180.161.96.95 - - [17/Oct/2020:09:09:41 +0800] "POST /xingrg/all/common/load_tree.html?tree=area_rest_tree_json&manage=1 HTTP/1.1" 200 342
180.161.96.95 - - [17/Oct/2020:09:09:41 +0800] "GET /xingrg/all/function/internal_message.html?_=1602897198690&CODE_STATE=count HTTP/1.1" 200 11
180.161.96.95 - - [17/Oct/2020:09:09:41 +0800] "GET /xingrg/check_reg.html?_=1602897198691 HTTP/1.1" 200 22
222.69.137.220 - - [17/Oct/2020:09:09:42 +0800] "GET /xingrg/all/function/internal_message.html?_=1602896973214&CODE_STATE=getMsg HTTP/1.1" 200 27
180.161.96.95 - - [17/Oct/2020:09:09:42 +0800] "POST /xingrg/load_menu.html HTTP/1.1" 200 5138
180.161.96.95 - - [17/Oct/2020:09:09:44 +0800] "GET /xingrg/css/base.css HTTP/1.1" 304 -
180.161.96.95 - - [17/Oct/2020:09:09:44 +0800] "GET /xingrg/css/site.css HTTP/1.1" 304 -
180.161.96.95 - - [17/Oct/2020:09:09:44 +0800] "GET /xingrg/javascript/jquery_tools/datebox.css HTTP/1.1" 304 -
180.161.96.95 - - [17/Oct/2020:09:09:44 +0800] "GET /xingrg/javascript/easyui/themes/default/easyui.css HTTP/1.1" 304 -
180.161.96.95 - - [17/Oct/2020:09:09:44 +0800] "GET /xingrg/javascript/easyui/themes/icon.css HTTP/1.1" 304 -
180.161.96.95 - - [17/Oct/2020:09:09:44 +0800] "GET /xingrg/javascript/jquery_tools/fix.css HTTP/1.1" 304 -
180.161.96.95 - - [17/Oct/2020:09:09:44 +0800] "GET /xingrg/javascript/jquery_tools/table.css HTTP/1.1" 304 -
180.161.96.95 - - [17/Oct/2020:09:09:44 +0800] "GET /xingrg/javascript/auto/jquery.autocomplete.css HTTP/1.1" 304 -
180.161.96.95 - - [17/Oct/2020:09:09:44 +0800] "GET /xingrg/javascript/jquery_tools/jquery.tools.min.js HTTP/1.1" 304 -
180.161.96.95 - - [17/Oct/2020:09:09:44 +0800] "GET /xingrg/javascript/jquery_tools/jquery.tools.hotkey.js HTTP/1.1" 304 -
180.161.96.95 - - [17/Oct/2020:09:09:44 +0800] "GET /xingrg/javascript/jquery_tools/jquery.tools.extend.js HTTP/1.1" 304 -
180.161.96.95 - - [17/Oct/2020:09:09:44 +0800] "GET /xingrg/javascript/jquery_tools/jquery.tools.table.js HTTP/1.1" 304 -
180.161.96.95 - - [17/Oct/2020:09:09:44 +0800] "GET /xingrg/javascript/jquery_tools/list_manager.js HTTP/1.1" 304 -
180.161.96.95 - - [17/Oct/2020:09:09:44 +0800] "GET /xingrg/javascript/easyui/easyloader.js HTTP/1.1" 304 -
180.161.96.95 - - [17/Oct/2020:09:09:44 +0800] "GET /xingrg/javascript/auto/jquery.autocomplete.js HTTP/1.1" 304 -
180.161.96.95 - - [17/Oct/2020:09:09:44 +0800] "GET /xingrg/javascript/jquery.cookie.js HTTP/1.1" 304 -
180.161.96.95 - - [17/Oct/2020:09:09:44 +0800] "GET /xingrg/javascript/print/LodopFuncs.js HTTP/1.1" 304 -
180.161.96.95 - - [17/Oct/2020:09:09:44 +0800] "GET /xingrg/kc/buy/cgsh_order_list.html HTTP/1.1" 200 44262
180.161.96.95 - - [17/Oct/2020:09:09:45 +0800] "GET /xingrg/javascript/easyui/plugins/jquery.parser.js HTTP/1.1" 304 -
114.88.166.242 - - [17/Oct/2020:09:09:46 +0800] "GET /xingrg/all/function/internal_message.html?_=1602897070160&CODE_STATE=getMsg HTTP/1.1" 200 27
180.161.96.95 - - [17/Oct/2020:09:09:46 +0800] "POST /xingrg/kc/buy/cgsh_list_operate.html HTTP/1.1" 200 876
180.174.56.115 - - [17/Oct/2020:09:09:59 +0800] "GET /xingrg/all/function/internal_message.html?_=1602896962956&CODE_STATE=getMsg HTTP/1.1" 200 27
180.174.56.115 - - [17/Oct/2020:09:10:02 +0800] "GET /xingrg/check_reg.html?_=1602896999147 HTTP/1.1" 200 22
180.174.56.115 - - [17/Oct/2020:09:10:02 +0800] "GET /xingrg/all/function/internal_message.html?_=1602896999142&CODE_STATE=getMsg HTTP/1.1" 200 27
58.221.95.50 - - [17/Oct/2020:09:10:03 +0800] "GET /xingrg/all/function/internal_message.html?_=1602897174294&CODE_STATE=getMsg HTTP/1.1" 302 -
120.253.135.82 - - [17/Oct/2020:09:10:03 +0800] "GET /xingrg/all/function/internal_message.html?_=1602896749552&CODE_STATE=getMsg HTTP/1.1" 200 27
180.162.245.190 - - [17/Oct/2020:09:10:06 +0800] "GET /xingrg/all/function/internal_message.html?_=1602897005966&CODE_STATE=getMsg HTTP/1.1" 200 27
61.151.178.175 - - [17/Oct/2020:09:10:11 +0800] "GET /xingrg/all/function/internal_message.html?_=1602896499919&CODE_STATE=getMsg HTTP/1.1" 302 -
61.151.178.175 - - [17/Oct/2020:09:10:17 +0800] "GET /xingrg/login.html HTTP/1.1" 200 7641
172.17.0.115 - - [17/Oct/2020:09:10:18 +0800] "GET /xingrg/all/function/internal_message.html?_=1602897036745&CODE_STATE=getMsg HTTP/1.1" 302 -
172.17.0.185 - - [17/Oct/2020:09:10:34 +0800] "GET /xingrg/all/function/internal_message.html?_=1602897030327&CODE_STATE=getMsg HTTP/1.1" 200 27
124.77.70.31 - - [17/Oct/2020:09:10:37 +0800] "GET /xingrg/all/function/internal_message.html?_=1602897023088&CODE_STATE=getMsg HTTP/1.1" 200 27
58.37.8.227 - - [17/Oct/2020:09:10:38 +0800] "GET /xingrg/all/function/internal_message.html?_=1602896640607&CODE_STATE=getMsg HTTP/1.1" 200 27
172.17.0.105 - - [17/Oct/2020:09:10:40 +0800] "GET /xingrg/check_reg.html?_=1602897051508 HTTP/1.1" 200 22
172.17.0.105 - - [17/Oct/2020:09:10:40 +0800] "GET /xingrg/all/function/internal_message.html?_=1602897051511&CODE_STATE=getMsg HTTP/1.1" 200 27
58.37.8.227 - - [17/Oct/2020:09:10:41 +0800] "GET /xingrg/all/function/internal_message.html?_=1602897039951&CODE_STATE=getMsg HTTP/1.1" 200 27
180.161.96.95 - - [17/Oct/2020:09:10:41 +0800] "GET /xingrg/javascript/pic_change.js HTTP/1.1" 304 -
180.161.96.95 - - [17/Oct/2020:09:10:41 +0800] "GET /xingrg/javascript/json2.js HTTP/1.1" 304 -
180.161.96.95 - - [17/Oct/2020:09:10:41 +0800] "GET /xingrg/javascript/jquery_tools/order_manager.js HTTP/1.1" 304 -
180.161.96.95 - - [17/Oct/2020:09:10:41 +0800] "GET /xingrg/javascript/convert.js HTTP/1.1" 304 -
180.161.96.95 - - [17/Oct/2020:09:10:41 +0800] "GET /xingrg/javascript/print/kc_print.js HTTP/1.1" 304 -
180.161.96.95 - - [17/Oct/2020:09:10:41 +0800] "GET /xingrg/all/function/internal_message.html?_=1602897258736&CODE_STATE=getMsg HTTP/1.1" 200 27
180.161.96.95 - - [17/Oct/2020:09:10:42 +0800] "GET /xingrg/kc/buy/cgsh_order_add.html HTTP/1.1" 200 59959
180.161.96.95 - - [17/Oct/2020:09:10:42 +0800] "GET /xingrg/words/20201016171733_words.js HTTP/1.1" 304 -
222.69.137.220 - - [17/Oct/2020:09:10:42 +0800] "GET /xingrg/check_reg.html?_=1602897033216 HTTP/1.1" 200 22
222.69.137.220 - - [17/Oct/2020:09:10:42 +0800] "GET /xingrg/all/function/internal_message.html?_=1602897033221&CODE_STATE=getMsg HTTP/1.1" 200 27
180.161.96.95 - - [17/Oct/2020:09:10:42 +0800] "POST /xingrg/kc/buy/cgsh_order_operate.html HTTP/1.1" 200 8245
180.161.96.95 - - [17/Oct/2020:09:10:42 +0800] "GET /xingrg/all/common/auto_word.html?type=employee&rest_code=00102 HTTP/1.1" 200 189
180.161.96.95 - - [17/Oct/2020:09:10:42 +0800] "GET /xingrg/all/common/auto_word.html?type=employee&rest_code=00102 HTTP/1.1" 200 189
180.161.96.95 - - [17/Oct/2020:09:10:42 +0800] "GET /xingrg/javascript/easyui/themes/default/validatebox.css HTTP/1.1" 404 1104
180.161.96.95 - - [17/Oct/2020:09:10:42 +0800] "GET /xingrg/javascript/easyui/plugins/jquery.validatebox.js HTTP/1.1" 304 -
180.161.96.95 - - [17/Oct/2020:09:10:42 +0800] "GET /xingrg/javascript/easyui/plugins/jquery.numberbox.js HTTP/1.1" 304 -
114.88.166.242 - - [17/Oct/2020:09:10:46 +0800] "GET /xingrg/all/function/internal_message.html?_=1602897130161&CODE_STATE=getMsg HTTP/1.1" 200 27
222.69.137.220 - - [17/Oct/2020:09:10:51 +0800] "GET /xingrg/kc/buy/cgsh_order_operate.html?command=get_materiel&rest_code=00149&code=00101008357&supplier_code=00100005&order_time=2020-10-17 HTTP/1.1" 200 428
180.174.56.115 - - [17/Oct/2020:09:10:59 +0800] "GET /xingrg/check_reg.html?_=1602897022457 HTTP/1.1" 200 22
180.174.56.115 - - [17/Oct/2020:09:10:59 +0800] "GET /xingrg/all/function/internal_message.html?_=1602897022970&CODE_STATE=getMsg HTTP/1.1" 200 27
180.174.56.115 - - [17/Oct/2020:09:11:02 +0800] "GET /xingrg/all/function/internal_message.html?_=1602897059195&CODE_STATE=getMsg HTTP/1.1" 200 27
58.37.8.227 - - [17/Oct/2020:09:11:02 +0800] "GET /xingrg/check_reg.html?_=1602896664094 HTTP/1.1" 200 22
120.253.135.82 - - [17/Oct/2020:09:11:02 +0800] "GET /xingrg/check_reg.html?_=1602896808408 HTTP/1.1" 200 22
58.221.95.50 - - [17/Oct/2020:09:11:03 +0800] "GET /xingrg/all/function/internal_message.html?_=1602897234276&CODE_STATE=getMsg HTTP/1.1" 302 -
120.253.135.82 - - [17/Oct/2020:09:11:03 +0800] "GET /xingrg/all/function/internal_message.html?_=1602896809566&CODE_STATE=getMsg HTTP/1.1" 200 27
222.69.137.220 - - [17/Oct/2020:09:11:05 +0800] "GET /xingrg/kc/buy/cgsh_order_operate.html?command=get_materiel&rest_code=00149&code=00101008286&supplier_code=00100005&order_time=2020-10-17 HTTP/1.1" 200 408
180.162.245.190 - - [17/Oct/2020:09:11:06 +0800] "GET /xingrg/all/function/internal_message.html?_=1602897065964&CODE_STATE=getMsg HTTP/1.1" 200 27
180.157.253.48 - - [17/Oct/2020:09:11:11 +0800] "GET /xingrg/login.html HTTP/1.1" 200 7641
180.157.253.48 - - [17/Oct/2020:09:11:11 +0800] "GET /xingrg/images/blue/login_bg.png HTTP/1.1" 304 -
180.157.253.48 - - [17/Oct/2020:09:11:11 +0800] "GET /xingrg/images/blue/jxLogo.png HTTP/1.1" 304 -
180.157.253.48 - - [17/Oct/2020:09:11:11 +0800] "GET /xingrg/images/blue/hj.png HTTP/1.1" 304 -
180.157.253.48 - - [17/Oct/2020:09:11:11 +0800] "GET /xingrg/images/blue/srbg.png HTTP/1.1" 304 -
180.157.253.48 - - [17/Oct/2020:09:11:11 +0800] "GET /favicon.ico HTTP/1.1" 404 -
180.157.253.48 - - [17/Oct/2020:09:11:17 +0800] "POST /xingrg/login.do HTTP/1.1" 302 -
180.157.253.48 - - [17/Oct/2020:09:11:17 +0800] "GET /xingrg/index.html?sysBaseUrl=http%3A%2F%2F180.169.147.146%3A18081%2Fxingrg%2F&costTime=86×tamp=1602897077082 HTTP/1.1" 200 16418
180.157.253.48 - - [17/Oct/2020:09:11:17 +0800] "POST /xingrg/login.do HTTP/1.1" 302 -
180.157.253.48 - - [17/Oct/2020:09:11:17 +0800] "GET /xingrg/index.html?sysBaseUrl=http%3A%2F%2F180.169.147.146%3A18081%2Fxingrg%2F&costTime=103×tamp=1602897077233 HTTP/1.1" 200 17179
180.157.253.48 - - [17/Oct/2020:09:11:17 +0800] "GET /xingrg/css/form.css HTTP/1.1" 304 -
180.157.253.48 - - [17/Oct/2020:09:11:17 +0800] "GET /xingrg/javascript/jquery_easy_ui/themes/icon.css HTTP/1.1" 304 -
180.157.253.48 - - [17/Oct/2020:09:11:17 +0800] "GET /xingrg/javascript/jquery_easy_ui/themes/default/easyui.css HTTP/1.1" 304 -
180.157.253.48 - - [17/Oct/2020:09:11:17 +0800] "GET /xingrg/javascript/jquery-1.4.2.min.js HTTP/1.1" 304 -
180.157.253.48 - - [17/Oct/2020:09:11:17 +0800] "GET /xingrg/javascript/jquery.form.js HTTP/1.1" 304 -
180.157.253.48 - - [17/Oct/2020:09:11:17 +0800] "GET /xingrg/javascript/jquery_easy_ui/jquery.easyui.min.js HTTP/1.1" 304 -
180.157.253.48 - - [17/Oct/2020:09:11:17 +0800] "GET /xingrg/javascript/jquery_easy_ui/easyui-lang-zh_CN.js HTTP/1.1" 304 -
180.157.253.48 - - [17/Oct/2020:09:11:17 +0800] "GET /xingrg/javascript/jquery.utils.js HTTP/1.1" 304 -
180.157.253.48 - - [17/Oct/2020:09:11:17 +0800] "GET /xingrg/javascript/jquery.timers.js HTTP/1.1" 304 -
180.157.253.48 - - [17/Oct/2020:09:11:17 +0800] "GET /favicon.ico HTTP/1.1" 404 -
180.157.253.48 - - [17/Oct/2020:09:11:17 +0800] "GET /xingrg/images/blue/jxLogo.png HTTP/1.1" 304 -
180.157.253.48 - - [17/Oct/2020:09:11:17 +0800] "GET /xingrg/images/blue/navBackgound.jpg HTTP/1.1" 304 -
180.157.253.48 - - [17/Oct/2020:09:11:17 +0800] "GET /xingrg/javascript/jquery_easy_ui/themes/icons/settle_new.png HTTP/1.1" 304 -
180.157.253.48 - - [17/Oct/2020:09:11:17 +0800] "POST /xingrg/all/common/load_tree.html?tree=area_rest_tree_json&manage=1 HTTP/1.1" 200 351
180.157.253.48 - - [17/Oct/2020:09:11:17 +0800] "GET /xingrg/images/blue/pingpu.png HTTP/1.1" 304 -
180.157.253.48 - - [17/Oct/2020:09:11:17 +0800] "GET /xingrg/javascript/jquery_easy_ui/themes/default/images/tabs_leftarrow.png HTTP/1.1" 304 -
180.157.253.48 - - [17/Oct/2020:09:11:17 +0800] "GET /xingrg/javascript/jquery_easy_ui/themes/default/images/tabs_rightarrow.png HTTP/1.1" 304 -
180.157.253.48 - - [17/Oct/2020:09:11:17 +0800] "GET /xingrg/javascript/jquery_easy_ui/themes/default/images/panel_tool_collapse.gif HTTP/1.1" 304 -
180.157.253.48 - - [17/Oct/2020:09:11:17 +0800] "GET /xingrg/check_reg.html?_=1602897083079 HTTP/1.1" 200 22
180.157.253.48 - - [17/Oct/2020:09:11:17 +0800] "GET /xingrg/all/function/internal_message.html?_=1602897083079&CODE_STATE=count HTTP/1.1" 200 11
180.157.253.48 - - [17/Oct/2020:09:11:17 +0800] "POST /xingrg/load_menu.html HTTP/1.1" 200 5138
180.157.253.48 - - [17/Oct/2020:09:11:17 +0800] "GET /xingrg/javascript/jquery_easy_ui/themes/default/images/tree_arrows.gif HTTP/1.1" 304 -
180.157.253.48 - - [17/Oct/2020:09:11:18 +0800] "GET /xingrg/javascript/jquery_easy_ui/themes/default/images/tree_folder_open.gif HTTP/1.1" 304 -
180.157.253.48 - - [17/Oct/2020:09:11:18 +0800] "GET /xingrg/javascript/jquery_easy_ui/themes/icons/search_new.png HTTP/1.1" 304 -
180.157.253.48 - - [17/Oct/2020:09:11:18 +0800] "GET /xingrg/javascript/jquery_easy_ui/themes/default/images/tree_folder.gif HTTP/1.1" 304 -
180.157.253.48 - - [17/Oct/2020:09:11:18 +0800] "GET /xingrg/javascript/jquery_easy_ui/themes/icons/storage_new.png HTTP/1.1" 304 -
180.157.253.48 - - [17/Oct/2020:09:11:18 +0800] "GET /xingrg/javascript/jquery_easy_ui/themes/icons/forms_new.png HTTP/1.1" 304 -
180.157.253.48 - - [17/Oct/2020:09:11:18 +0800] "GET /xingrg/javascript/jquery_easy_ui/themes/default/images/tree_file.gif HTTP/1.1" 304 -
172.17.0.115 - - [17/Oct/2020:09:11:18 +0800] "GET /xingrg/all/function/internal_message.html?_=1602897096753&CODE_STATE=getMsg HTTP/1.1" 302 -
222.69.137.220 - - [17/Oct/2020:09:11:19 +0800] "GET /xingrg/kc/buy/cgsh_order_operate.html?command=get_materiel&rest_code=00149&code=00101008036&supplier_code=00100005&order_time=2020-10-17 HTTP/1.1" 200 408
180.157.253.48 - - [17/Oct/2020:09:11:27 +0800] "GET /xingrg/javascript/jquery_easy_ui/themes/icons/area.png HTTP/1.1" 304 -
180.157.253.48 - - [17/Oct/2020:09:11:27 +0800] "GET /xingrg/javascript/jquery_easy_ui/themes/icons/rest.png HTTP/1.1" 304 -
180.157.253.48 - - [17/Oct/2020:09:11:28 +0800] "GET /xingrg/javascript/jquery_easy_ui/themes/default/images/tabs_close.gif HTTP/1.1" 304 -
180.157.253.48 - - [17/Oct/2020:09:11:28 +0800] "GET /xingrg/kc/buy/cgsh_order_list.html HTTP/1.1" 200 44268
180.157.253.48 - - [17/Oct/2020:09:11:28 +0800] "GET /xingrg/css/base.css HTTP/1.1" 304 -
180.157.253.48 - - [17/Oct/2020:09:11:28 +0800] "GET /xingrg/css/site.css HTTP/1.1" 304 -
180.157.253.48 - - [17/Oct/2020:09:11:28 +0800] "GET /xingrg/javascript/jquery_tools/datebox.css HTTP/1.1" 304 -
180.157.253.48 - - [17/Oct/2020:09:11:28 +0800] "GET /xingrg/javascript/easyui/themes/default/easyui.css HTTP/1.1" 304 -
180.157.253.48 - - [17/Oct/2020:09:11:28 +0800] "GET /xingrg/javascript/easyui/themes/icon.css HTTP/1.1" 304 -
180.157.253.48 - - [17/Oct/2020:09:11:28 +0800] "GET /xingrg/javascript/auto/jquery.autocomplete.css HTTP/1.1" 304 -
180.157.253.48 - - [17/Oct/2020:09:11:28 +0800] "GET /xingrg/javascript/jquery_tools/fix.css HTTP/1.1" 304 -
180.157.253.48 - - [17/Oct/2020:09:11:28 +0800] "GET /xingrg/javascript/jquery_tools/table.css HTTP/1.1" 304 -
180.157.253.48 - - [17/Oct/2020:09:11:28 +0800] "GET /xingrg/javascript/jquery_tools/jquery.tools.min.js HTTP/1.1" 304 -
180.157.253.48 - - [17/Oct/2020:09:11:28 +0800] "GET /xingrg/javascript/jquery_tools/jquery.tools.extend.js HTTP/1.1" 304 -
180.157.253.48 - - [17/Oct/2020:09:11:28 +0800] "GET /xingrg/javascript/jquery_tools/jquery.tools.hotkey.js HTTP/1.1" 304 -
180.157.253.48 - - [17/Oct/2020:09:11:28 +0800] "GET /xingrg/javascript/jquery_tools/jquery.tools.table.js HTTP/1.1" 304 -
180.157.253.48 - - [17/Oct/2020:09:11:28 +0800] "GET /xingrg/javascript/jquery_tools/list_manager.js HTTP/1.1" 304 -
180.157.253.48 - - [17/Oct/2020:09:11:28 +0800] "GET /xingrg/javascript/jquery.utils.js HTTP/1.1" 304 -
180.157.253.48 - - [17/Oct/2020:09:11:28 +0800] "GET /xingrg/javascript/auto/jquery.autocomplete.js HTTP/1.1" 304 -
180.157.253.48 - - [17/Oct/2020:09:11:28 +0800] "GET /xingrg/javascript/jquery.cookie.js HTTP/1.1" 304 -
180.157.253.48 - - [17/Oct/2020:09:11:28 +0800] "GET /xingrg/javascript/print/LodopFuncs.js HTTP/1.1" 304 -
180.157.253.48 - - [17/Oct/2020:09:11:28 +0800] "GET /xingrg/javascript/easyui/easyloader.js HTTP/1.1" 304 -
180.157.253.48 - - [17/Oct/2020:09:11:29 +0800] "GET /xingrg/javascript/easyui/themes/icons/edit_add_new.png HTTP/1.1" 304 -
180.157.253.48 - - [17/Oct/2020:09:11:29 +0800] "GET /xingrg/javascript/easyui/themes/icons/cance_new.png HTTP/1.1" 304 -
180.157.253.48 - - [17/Oct/2020:09:11:29 +0800] "GET /xingrg/javascript/easyui/themes/icons/check_new.png HTTP/1.1" 304 -
180.157.253.48 - - [17/Oct/2020:09:11:29 +0800] "GET /xingrg/javascript/easyui/themes/icons/field_new.png HTTP/1.1" 304 -
180.157.253.48 - - [17/Oct/2020:09:11:29 +0800] "GET /xingrg/javascript/easyui/themes/icons/import_new.png HTTP/1.1" 304 -
180.157.253.48 - - [17/Oct/2020:09:11:29 +0800] "GET /xingrg/javascript/easyui/plugins/jquery.parser.js HTTP/1.1" 304 -
180.157.253.48 - - [17/Oct/2020:09:11:29 +0800] "GET /xingrg/images/control/ajaxLoader.gif HTTP/1.1" 304 -
180.157.253.48 - - [17/Oct/2020:09:11:30 +0800] "POST /xingrg/kc/buy/cgsh_list_operate.html HTTP/1.1" 200 876
172.17.0.185 - - [17/Oct/2020:09:11:34 +0800] "GET /xingrg/check_reg.html?_=1602897090313 HTTP/1.1" 200 22
172.17.0.185 - - [17/Oct/2020:09:11:34 +0800] "GET /xingrg/all/function/internal_message.html?_=1602897090317&CODE_STATE=getMsg HTTP/1.1" 200 27
124.77.70.31 - - [17/Oct/2020:09:11:37 +0800] "GET /xingrg/check_reg.html?_=1602897083087 HTTP/1.1" 200 22
124.77.70.31 - - [17/Oct/2020:09:11:37 +0800] "GET /xingrg/all/function/internal_message.html?_=1602897083089&CODE_STATE=getMsg HTTP/1.1" 200 27
58.37.8.227 - - [17/Oct/2020:09:11:38 +0800] "GET /xingrg/all/function/internal_message.html?_=1602896700576&CODE_STATE=getMsg HTTP/1.1" 200 27
180.157.253.48 - - [17/Oct/2020:09:11:39 +0800] "GET /xingrg/javascript/auto/indicator.gif HTTP/1.1" 404 1066
172.17.0.105 - - [17/Oct/2020:09:11:40 +0800] "GET /xingrg/all/function/internal_message.html?_=1602897111495&CODE_STATE=getMsg HTTP/1.1" 200 27
58.37.8.227 - - [17/Oct/2020:09:11:41 +0800] "GET /xingrg/all/function/internal_message.html?_=1602897099949&CODE_STATE=getMsg HTTP/1.1" 200 27
222.69.137.220 - - [17/Oct/2020:09:11:41 +0800] "POST /xingrg/kc/buy/cgsh_order_operate.html HTTP/1.1" 200 2065
180.161.96.95 - - [17/Oct/2020:09:11:41 +0800] "GET /xingrg/all/function/internal_message.html?_=1602897318751&CODE_STATE=getMsg HTTP/1.1" 200 27
222.69.137.220 - - [17/Oct/2020:09:11:42 +0800] "GET /xingrg/all/function/internal_message.html?_=1602897093228&CODE_STATE=getMsg HTTP/1.1" 200 27
114.88.166.242 - - [17/Oct/2020:09:11:46 +0800] "GET /xingrg/all/function/internal_message.html?_=1602897190163&CODE_STATE=getMsg HTTP/1.1" 200 27
114.88.166.242 - - [17/Oct/2020:09:11:46 +0800] "GET /xingrg/check_reg.html?_=1602897190160 HTTP/1.1" 200 22
114.84.37.38 - - [17/Oct/2020:09:11:47 +0800] "GET /xingrg/check_reg.html?_=1602897107204 HTTP/1.1" 200 22
180.157.253.48 - - [17/Oct/2020:09:11:48 +0800] "POST /xingrg/kc/buy/cgsh_list_operate.html HTTP/1.1" 200 5346
222.69.137.220 - - [17/Oct/2020:09:11:49 +0800] "GET /xingrg/kc/buy/cgsh_order_operate.html?command=get_materiel&rest_code=00149&code=00101008131&supplier_code=00100005&order_time=2020-10-17 HTTP/1.1" 200 409
180.157.253.48 - - [17/Oct/2020:09:11:57 +0800] "GET /xingrg/javascript/jquery_easy_ui/themes/default/images/tabs_active.png HTTP/1.1" 304 -
180.174.56.115 - - [17/Oct/2020:09:11:59 +0800] "GET /xingrg/all/function/internal_message.html?_=1602897082983&CODE_STATE=getMsg HTTP/1.1" 200 27
222.69.137.220 - - [17/Oct/2020:09:12:00 +0800] "GET /xingrg/kc/buy/cgsh_order_operate.html?command=get_materiel&rest_code=00149&code=00101008169&supplier_code=00100005&order_time=2020-10-17 HTTP/1.1" 200 412
222.69.137.220 - - [17/Oct/2020:09:12:00 +0800] "POST /xingrg/services/DataTransmitService HTTP/1.1" 401 565
222.69.137.220 - - [17/Oct/2020:09:12:00 +0800] "POST /xingrg/services/DataTransmitService HTTP/1.1" 200 478
222.69.137.220 - - [17/Oct/2020:09:12:00 +0800] "POST /xingrg/services/DataTransmitService HTTP/1.1" 200 1320
222.69.137.220 - - [17/Oct/2020:09:12:00 +0800] "POST /xingrg/services/DataTransmitService HTTP/1.1" 200 478
222.69.137.220 - - [17/Oct/2020:09:12:00 +0800] "POST /xingrg/services/DataTransmitService HTTP/1.1" 200 1320
222.69.137.220 - - [17/Oct/2020:09:12:00 +0800] "POST /xingrg/services/DataTransmitService HTTP/1.1" 200 524
222.69.137.220 - - [17/Oct/2020:09:12:01 +0800] "POST /xingrg/services/DataTransmitService HTTP/1.1" 200 1759
222.69.137.220 - - [17/Oct/2020:09:12:01 +0800] "POST /xingrg/services/DataTransmitService HTTP/1.1" 200 144424
180.174.56.115 - - [17/Oct/2020:09:12:02 +0800] "GET /xingrg/all/function/internal_message.html?_=1602897119250&CODE_STATE=getMsg HTTP/1.1" 200 27
58.221.95.50 - - [17/Oct/2020:09:12:03 +0800] "GET /xingrg/all/function/internal_message.html?_=1602897294254&CODE_STATE=getMsg HTTP/1.1" 302 -
120.253.135.82 - - [17/Oct/2020:09:12:03 +0800] "GET /xingrg/all/function/internal_message.html?_=1602896869581&CODE_STATE=getMsg HTTP/1.1" 200 27
180.162.245.190 - - [17/Oct/2020:09:12:06 +0800] "GET /xingrg/all/function/internal_message.html?_=1602897125961&CODE_STATE=getMsg HTTP/1.1" 200 27
222.69.137.220 - - [17/Oct/2020:09:12:14 +0800] "GET /xingrg/kc/buy/cgsh_order_operate.html?command=get_materiel&rest_code=00149&code=00101008352&supplier_code=00100005&order_time=2020-10-17 HTTP/1.1" 200 412
180.161.96.95 - - [17/Oct/2020:09:12:15 +0800] "POST /xingrg/services/DataTransmitService HTTP/1.1" 200 524
180.161.96.95 - - [17/Oct/2020:09:12:16 +0800] "POST /xingrg/services/DataTransmitService HTTP/1.1" 200 501
222.69.137.220 - - [17/Oct/2020:09:12:17 +0800] "POST /xingrg/services/DataTransmitService HTTP/1.1" 200 45454
222.69.137.220 - - [17/Oct/2020:09:12:17 +0800] "POST /xingrg/services/DataTransmitService HTTP/1.1" 200 19237
180.157.253.48 - - [17/Oct/2020:09:12:17 +0800] "GET /xingrg/all/function/internal_message.html?_=1602897143088&CODE_STATE=getMsg HTTP/1.1" 200 27
172.17.0.115 - - [17/Oct/2020:09:12:19 +0800] "GET /xingrg/all/function/internal_message.html?_=1602897156772&CODE_STATE=getMsg HTTP/1.1" 302 -
180.157.253.48 - - [17/Oct/2020:09:12:21 +0800] "GET /xingrg/kc/buy/cgsh_order_list.html HTTP/1.1" 200 44268
180.157.253.48 - - [17/Oct/2020:09:12:21 +0800] "GET /xingrg/css/base.css HTTP/1.1" 304 -
180.157.253.48 - - [17/Oct/2020:09:12:21 +0800] "GET /xingrg/css/site.css HTTP/1.1" 304 -
180.157.253.48 - - [17/Oct/2020:09:12:21 +0800] "GET /xingrg/javascript/jquery_tools/datebox.css HTTP/1.1" 304 -
180.157.253.48 - - [17/Oct/2020:09:12:21 +0800] "GET /xingrg/javascript/easyui/themes/icon.css HTTP/1.1" 304 -
180.157.253.48 - - [17/Oct/2020:09:12:21 +0800] "GET /xingrg/javascript/easyui/themes/default/easyui.css HTTP/1.1" 304 -
180.157.253.48 - - [17/Oct/2020:09:12:21 +0800] "GET /xingrg/javascript/auto/jquery.autocomplete.css HTTP/1.1" 304 -
180.157.253.48 - - [17/Oct/2020:09:12:21 +0800] "GET /xingrg/javascript/jquery_tools/table.css HTTP/1.1" 304 -
180.157.253.48 - - [17/Oct/2020:09:12:21 +0800] "GET /xingrg/javascript/jquery_tools/jquery.tools.min.js HTTP/1.1" 304 -
180.157.253.48 - - [17/Oct/2020:09:12:21 +0800] "GET /xingrg/javascript/auto/jquery.autocomplete.js HTTP/1.1" 304 -
180.157.253.48 - - [17/Oct/2020:09:12:21 +0800] "GET /xingrg/javascript/jquery_tools/jquery.tools.table.js HTTP/1.1" 304 -
180.157.253.48 - - [17/Oct/2020:09:12:21 +0800] "GET /xingrg/javascript/jquery_tools/jquery.tools.hotkey.js HTTP/1.1" 304 -
180.157.253.48 - - [17/Oct/2020:09:12:21 +0800] "GET /xingrg/javascript/jquery_tools/list_manager.js HTTP/1.1" 304 -
180.157.253.48 - - [17/Oct/2020:09:12:21 +0800] "GET /xingrg/javascript/jquery_tools/fix.css HTTP/1.1" 304 -
180.157.253.48 - - [17/Oct/2020:09:12:21 +0800] "GET /xingrg/javascript/jquery_tools/jquery.tools.extend.js HTTP/1.1" 304 -
180.157.253.48 - - [17/Oct/2020:09:12:21 +0800] "GET /xingrg/javascript/print/LodopFuncs.js HTTP/1.1" 304 -
180.157.253.48 - - [17/Oct/2020:09:12:21 +0800] "GET /xingrg/javascript/jquery.cookie.js HTTP/1.1" 304 -
180.157.253.48 - - [17/Oct/2020:09:12:21 +0800] "GET /xingrg/javascript/jquery.utils.js HTTP/1.1" 304 -
180.157.253.48 - - [17/Oct/2020:09:12:21 +0800] "GET /xingrg/javascript/easyui/easyloader.js HTTP/1.1" 304 -
180.157.253.48 - - [17/Oct/2020:09:12:22 +0800] "GET /xingrg/javascript/easyui/plugins/jquery.parser.js HTTP/1.1" 304 -
180.157.253.48 - - [17/Oct/2020:09:12:23 +0800] "POST /xingrg/kc/buy/cgsh_list_operate.html HTTP/1.1" 200 876
222.69.137.220 - - [17/Oct/2020:09:12:24 +0800] "POST /xingrg/services/DataTransmitService HTTP/1.1" 200 524
222.69.137.220 - - [17/Oct/2020:09:12:24 +0800] "POST /xingrg/services/DataTransmitService HTTP/1.1" 200 1759
222.69.137.220 - - [17/Oct/2020:09:12:32 +0800] "POST /xingrg/services/DataTransmitService HTTP/1.1" 200 524
172.17.0.185 - - [17/Oct/2020:09:12:34 +0800] "GET /xingrg/all/function/internal_message.html?_=1602897150319&CODE_STATE=getMsg HTTP/1.1" 200 27
222.69.137.220 - - [17/Oct/2020:09:12:34 +0800] "POST /xingrg/services/DataTransmitService HTTP/1.1" 200 501
124.77.70.31 - - [17/Oct/2020:09:12:37 +0800] "GET /xingrg/all/function/internal_message.html?_=1602897143087&CODE_STATE=getMsg HTTP/1.1" 200 27
58.37.8.227 - - [17/Oct/2020:09:12:38 +0800] "GET /xingrg/all/function/internal_message.html?_=1602896760549&CODE_STATE=getMsg HTTP/1.1" 200 27
222.69.137.220 - - [17/Oct/2020:09:12:40 +0800] "GET /xingrg/kc/buy/cgsh_order_operate.html?command=get_materiel&rest_code=00149&code=00101008005&supplier_code=00100005&order_time=2020-10-17 HTTP/1.1" 200 412
172.17.0.105 - - [17/Oct/2020:09:12:40 +0800] "GET /xingrg/all/function/internal_message.html?_=1602897171507&CODE_STATE=getMsg HTTP/1.1" 200 27
58.37.8.227 - - [17/Oct/2020:09:12:41 +0800] "GET /xingrg/all/function/internal_message.html?_=1602897159948&CODE_STATE=getMsg HTTP/1.1" 200 27
180.161.96.95 - - [17/Oct/2020:09:12:41 +0800] "GET /xingrg/all/function/internal_message.html?_=1602897378763&CODE_STATE=getMsg HTTP/1.1" 200 27
222.69.137.220 - - [17/Oct/2020:09:12:42 +0800] "GET /xingrg/all/function/internal_message.html?_=1602897153234&CODE_STATE=getMsg HTTP/1.1" 200 27
222.69.137.220 - - [17/Oct/2020:09:12:43 +0800] "POST /xingrg/services/DataTransmitService HTTP/1.1" 200 524
114.88.166.242 - - [17/Oct/2020:09:12:46 +0800] "GET /xingrg/all/function/internal_message.html?_=1602897250149&CODE_STATE=getMsg HTTP/1.1" 200 27
222.69.137.220 - - [17/Oct/2020:09:12:57 +0800] "POST /xingrg/kc/buy/cgsh_order_operate.html HTTP/1.1" 200 2065
180.174.56.115 - - [17/Oct/2020:09:12:59 +0800] "GET /xingrg/all/function/internal_message.html?_=1602897142996&CODE_STATE=getMsg HTTP/1.1" 200 27
172.17.0.115 - - [17/Oct/2020:09:13:02 +0800] "GET /xingrg/check_reg.html?_=1602897200058 HTTP/1.1" 302 -
180.174.56.115 - - [17/Oct/2020:09:13:02 +0800] "GET /xingrg/all/function/internal_message.html?_=1602897179297&CODE_STATE=getMsg HTTP/1.1" 200 27
58.221.95.50 - - [17/Oct/2020:09:13:03 +0800] "GET /xingrg/all/function/internal_message.html?_=1602897354225&CODE_STATE=getMsg HTTP/1.1" 302 -
120.253.135.82 - - [17/Oct/2020:09:13:03 +0800] "GET /xingrg/all/function/internal_message.html?_=1602896929593&CODE_STATE=getMsg HTTP/1.1" 200 27
180.162.245.190 - - [17/Oct/2020:09:13:04 +0800] "POST /xingrg/kc/buy/cgsh_order_operate.html HTTP/1.1" 200 37
180.162.245.190 - - [17/Oct/2020:09:13:05 +0800] "POST /xingrg/kc/buy/cgsh_order_operate.html HTTP/1.1" 200 4430
180.162.245.190 - - [17/Oct/2020:09:13:06 +0800] "GET /xingrg/all/function/internal_message.html?_=1602897185959&CODE_STATE=getMsg HTTP/1.1" 200 27
180.162.245.190 - - [17/Oct/2020:09:13:07 +0800] "GET /xingrg/kc/print/load_data.html?order_code=212020101706833&kc_code=cgsh&condition= HTTP/1.1" 200 1346
180.162.245.190 - - [17/Oct/2020:09:13:07 +0800] "GET /xingrg/check_reg.html?_=1602897186516 HTTP/1.1" 200 22
180.162.245.190 - - [17/Oct/2020:09:13:10 +0800] "GET /xingrg/kc/buy/cgsh_order_add.html HTTP/1.1" 200 60047
180.162.245.190 - - [17/Oct/2020:09:13:11 +0800] "POST /xingrg/kc/buy/cgsh_order_operate.html HTTP/1.1" 200 8245
180.162.245.190 - - [17/Oct/2020:09:13:11 +0800] "GET /xingrg/javascript/easyui/themes/default/validatebox.css HTTP/1.1" 404 1104
180.157.253.48 - - [17/Oct/2020:09:13:17 +0800] "GET /xingrg/all/function/internal_message.html?_=1602897203096&CODE_STATE=getMsg HTTP/1.1" 200 27
172.17.0.115 - - [17/Oct/2020:09:13:19 +0800] "GET /xingrg/all/function/internal_message.html?_=1602897216780&CODE_STATE=getMsg HTTP/1.1" 302 -
180.162.245.190 - - [17/Oct/2020:09:13:20 +0800] "GET /xingrg/kc/buy/cgsh_order_operate.html?command=get_materiel&rest_code=00105&code=00101007024&supplier_code=00100002&order_time=2020-10-17 HTTP/1.1" 200 415
114.88.166.242 - - [17/Oct/2020:09:13:23 +0800] "GET /xingrg/kc/buy/cgsh_order_add.html HTTP/1.1" 200 60000
114.88.166.242 - - [17/Oct/2020:09:13:23 +0800] "POST /xingrg/kc/buy/cgsh_order_operate.html HTTP/1.1" 200 8245
114.88.166.242 - - [17/Oct/2020:09:13:23 +0800] "GET /xingrg/javascript/easyui/themes/default/validatebox.css HTTP/1.1" 404 1104
124.77.70.31 - - [17/Oct/2020:09:13:25 +0800] "GET /xingrg/kc/buy/buy_main.html HTTP/1.1" 200 12412
124.77.70.31 - - [17/Oct/2020:09:13:25 +0800] "GET /xingrg/css/new_ie.css HTTP/1.1" 404 1036
124.77.70.31 - - [17/Oct/2020:09:13:27 +0800] "GET /xingrg/images/yd/bt.gif HTTP/1.1" 404 1040
124.77.70.31 - - [17/Oct/2020:09:13:27 +0800] "GET /xingrg/kc/buy/cgyd_order_list.html HTTP/1.1" 200 43735
124.77.70.31 - - [17/Oct/2020:09:13:30 +0800] "POST /xingrg/kc/buy/cgyd_list_operate.html HTTP/1.1" 200 976
222.69.137.220 - - [17/Oct/2020:09:13:30 +0800] "GET /xingrg/kc/buy/cgsh_order_operate.html?command=get_materiel&rest_code=00149&code=00101008271&supplier_code=00100005&order_time=2020-10-17 HTTP/1.1" 200 408
114.88.166.242 - - [17/Oct/2020:09:13:31 +0800] "GET /xingrg/kc/buy/cgsh_order_operate.html?command=get_materiel&rest_code=00111&code=00101007061&supplier_code=00100004&order_time=2020-10-17 HTTP/1.1" 200 409
124.77.70.31 - - [17/Oct/2020:09:13:32 +0800] "POST /xingrg/kc/buy/cgyd_list_operate.html HTTP/1.1" 200 976
172.17.0.185 - - [17/Oct/2020:09:13:34 +0800] "GET /xingrg/all/function/internal_message.html?_=1602897210323&CODE_STATE=getMsg HTTP/1.1" 200 27
124.77.70.31 - - [17/Oct/2020:09:13:35 +0800] "POST /xingrg/kc/buy/cgyd_list_operate.html HTTP/1.1" 200 976
124.77.70.31 - - [17/Oct/2020:09:13:37 +0800] "GET /xingrg/all/function/internal_message.html?_=1602897203106&CODE_STATE=getMsg HTTP/1.1" 200 27
58.37.8.227 - - [17/Oct/2020:09:13:38 +0800] "GET /xingrg/all/function/internal_message.html?_=1602896820544&CODE_STATE=getMsg HTTP/1.1" 200 27
124.77.70.31 - - [17/Oct/2020:09:13:39 +0800] "POST /xingrg/kc/buy/cgyd_list_operate.html HTTP/1.1" 200 976
114.88.166.242 - - [17/Oct/2020:09:13:39 +0800] "POST /xingrg/kc/buy/cgsh_order_operate.html HTTP/1.1" 200 37
172.17.0.105 - - [17/Oct/2020:09:13:40 +0800] "GET /xingrg/all/function/internal_message.html?_=1602897231507&CODE_STATE=getMsg HTTP/1.1" 200 27
58.37.8.227 - - [17/Oct/2020:09:13:41 +0800] "GET /xingrg/all/function/internal_message.html?_=1602897219949&CODE_STATE=getMsg HTTP/1.1" 200 27
58.37.8.227 - - [17/Oct/2020:09:13:41 +0800] "GET /xingrg/check_reg.html?_=1602897219947 HTTP/1.1" 200 22
124.77.70.31 - - [17/Oct/2020:09:13:41 +0800] "POST /xingrg/kc/buy/cgyd_list_operate.html HTTP/1.1" 200 976
114.88.166.242 - - [17/Oct/2020:09:13:41 +0800] "POST /xingrg/kc/buy/cgsh_order_operate.html HTTP/1.1" 200 2654
180.162.245.190 - - [17/Oct/2020:09:13:41 +0800] "GET /xingrg/kc/buy/cgsh_order_operate.html?command=get_materiel&rest_code=00105&code=00101007061&supplier_code=00100002&order_time=2020-10-17 HTTP/1.1" 200 409
180.161.96.95 - - [17/Oct/2020:09:13:41 +0800] "GET /xingrg/all/function/internal_message.html?_=1602897438789&CODE_STATE=getMsg HTTP/1.1" 200 27
222.69.137.220 - - [17/Oct/2020:09:13:42 +0800] "GET /xingrg/all/function/internal_message.html?_=1602897213218&CODE_STATE=getMsg HTTP/1.1" 200 27
114.88.166.242 - - [17/Oct/2020:09:13:42 +0800] "GET /xingrg/kc/print/load_data.html?order_code=212020101706834&kc_code=cgsh&condition= HTTP/1.1" 200 715
222.69.137.220 - - [17/Oct/2020:09:13:45 +0800] "GET /xingrg/kc/buy/cgsh_order_operate.html?command=get_materiel&rest_code=00149&code=00101008353&supplier_code=00100005&order_time=2020-10-17 HTTP/1.1" 200 408
124.77.70.31 - - [17/Oct/2020:09:13:45 +0800] "POST /xingrg/kc/buy/cgyd_list_operate.html HTTP/1.1" 200 976
114.88.166.242 - - [17/Oct/2020:09:13:46 +0800] "GET /xingrg/all/function/internal_message.html?_=1602897310199&CODE_STATE=getMsg HTTP/1.1" 200 27
114.88.166.242 - - [17/Oct/2020:09:13:47 +0800] "GET /xingrg/kc/buy/cgsh_order_add.html HTTP/1.1" 200 60000
114.88.166.242 - - [17/Oct/2020:09:13:47 +0800] "POST /xingrg/kc/buy/cgsh_order_operate.html HTTP/1.1" 200 8245
114.88.166.242 - - [17/Oct/2020:09:13:48 +0800] "GET /xingrg/javascript/easyui/themes/default/validatebox.css HTTP/1.1" 404 1104
124.77.70.31 - - [17/Oct/2020:09:13:54 +0800] "GET /xingrg/kc/buy/buy_main.html HTTP/1.1" 200 12412
124.77.70.31 - - [17/Oct/2020:09:13:54 +0800] "GET /xingrg/css/new_ie.css HTTP/1.1" 404 1036
222.69.137.220 - - [17/Oct/2020:09:13:55 +0800] "GET /xingrg/kc/buy/cgsh_order_operate.html?command=get_materiel&rest_code=00149&code=00101008213&supplier_code=00100005&order_time=2020-10-17 HTTP/1.1" 200 432
124.77.70.31 - - [17/Oct/2020:09:13:56 +0800] "GET /xingrg/images/yd/bt.gif HTTP/1.1" 404 1040
124.77.70.31 - - [17/Oct/2020:09:13:57 +0800] "GET /xingrg/kc/buy/cgsh_order_list.html HTTP/1.1" 200 44268
180.174.56.115 - - [17/Oct/2020:09:13:59 +0800] "GET /xingrg/all/function/internal_message.html?_=1602897203022&CODE_STATE=getMsg HTTP/1.1" 200 27
124.77.70.31 - - [17/Oct/2020:09:14:00 +0800] "POST /xingrg/kc/buy/cgsh_list_operate.html HTTP/1.1" 200 1681
114.88.166.242 - - [17/Oct/2020:09:14:01 +0800] "GET /xingrg/kc/buy/cgsh_order_operate.html?command=get_materiel&rest_code=00111&code=00101006136&supplier_code=00100012&order_time=2020-10-17 HTTP/1.1" 200 417
180.174.56.115 - - [17/Oct/2020:09:14:02 +0800] "GET /xingrg/all/function/internal_message.html?_=1602897239345&CODE_STATE=getMsg HTTP/1.1" 200 27
58.221.95.50 - - [17/Oct/2020:09:14:02 +0800] "GET /xingrg/all/function/internal_message.html?_=1602897414203&CODE_STATE=getMsg HTTP/1.1" 302 -
124.77.70.31 - - [17/Oct/2020:09:14:03 +0800] "POST /xingrg/kc/buy/cgsh_list_operate.html HTTP/1.1" 200 561
58.221.95.50 - - [17/Oct/2020:09:14:03 +0800] "GET /xingrg/check_reg.html?_=1602897414728 HTTP/1.1" 302 -
120.253.135.82 - - [17/Oct/2020:09:14:03 +0800] "GET /xingrg/all/function/internal_message.html?_=1602896989630&CODE_STATE=getMsg HTTP/1.1" 200 27
180.162.245.190 - - [17/Oct/2020:09:14:06 +0800] "GET /xingrg/kc/buy/cgsh_order_operate.html?command=get_materiel&rest_code=00105&code=00101006152&supplier_code=00100002&order_time=2020-10-17 HTTP/1.1" 200 409
180.162.245.190 - - [17/Oct/2020:09:14:06 +0800] "GET /xingrg/all/function/internal_message.html?_=1602897245980&CODE_STATE=getMsg HTTP/1.1" 200 27
222.69.137.220 - - [17/Oct/2020:09:14:07 +0800] "GET /xingrg/kc/buy/cgsh_order_operate.html?command=get_materiel&rest_code=00149&code=00101008305&supplier_code=00100005&order_time=2020-10-17 HTTP/1.1" 200 412
114.88.166.242 - - [17/Oct/2020:09:14:10 +0800] "GET /xingrg/kc/buy/cgsh_order_operate.html?command=get_materiel&rest_code=00111&code=00101006174&supplier_code=00100012&order_time=2020-10-17 HTTP/1.1" 200 415
124.77.70.31 - - [17/Oct/2020:09:14:14 +0800] "GET /xingrg/kc/buy/cgsh_order_info.html?code=212020101706831 HTTP/1.1" 200 60097
222.69.137.220 - - [17/Oct/2020:09:14:15 +0800] "POST /xingrg/services/DataTransmitService HTTP/1.1" 200 501
124.77.70.31 - - [17/Oct/2020:09:14:15 +0800] "GET /xingrg/all/common/auto_word.html?type=employee&rest_code=00107 HTTP/1.1" 200 147
124.77.70.31 - - [17/Oct/2020:09:14:15 +0800] "GET /xingrg/javascript/easyui/themes/default/validatebox.css HTTP/1.1" 404 1104
124.77.70.31 - - [17/Oct/2020:09:14:15 +0800] "GET /xingrg/all/common/auto_word.html?type=employee&rest_code=00107 HTTP/1.1" 200 147
124.77.70.31 - - [17/Oct/2020:09:14:16 +0800] "POST /xingrg/kc/buy/cgsh_order_operate.html HTTP/1.1" 200 6195
180.157.253.48 - - [17/Oct/2020:09:14:17 +0800] "GET /xingrg/all/function/internal_message.html?_=1602897263108&CODE_STATE=getMsg HTTP/1.1" 200 27
222.69.137.220 - - [17/Oct/2020:09:14:17 +0800] "POST /xingrg/services/DataTransmitService HTTP/1.1" 200 501
114.88.166.242 - - [17/Oct/2020:09:14:18 +0800] "GET /xingrg/kc/buy/cgsh_order_operate.html?command=get_materiel&rest_code=00111&code=00101006038&supplier_code=00100012&order_time=2020-10-17 HTTP/1.1" 200 442
124.77.70.31 - - [17/Oct/2020:09:14:18 +0800] "GET /xingrg/kc/print/load_config.html?kc_code=cgsh HTTP/1.1" 200 1845
172.17.0.115 - - [17/Oct/2020:09:14:19 +0800] "GET /xingrg/all/function/internal_message.html?_=1602897276800&CODE_STATE=getMsg HTTP/1.1" 302 -
124.77.70.31 - - [17/Oct/2020:09:14:19 +0800] "GET /xingrg/kc/print/load_data.html?order_code=212020101706831&kc_code=cgsh&condition= HTTP/1.1" 200 2069
222.69.137.220 - - [17/Oct/2020:09:14:19 +0800] "GET /xingrg/kc/buy/cgsh_order_operate.html?command=get_materiel&rest_code=00149&code=00101008330&supplier_code=00100005&order_time=2020-10-17 HTTP/1.1" 200 408
222.69.137.220 - - [17/Oct/2020:09:14:22 +0800] "POST /xingrg/kc/buy/cgsh_order_operate.html HTTP/1.1" 200 2065
222.69.137.220 - - [17/Oct/2020:09:14:28 +0800] "GET /xingrg/kc/buy/cgsh_order_operate.html?command=get_materiel&rest_code=00149&code=00101008114&supplier_code=00100005&order_time=2020-10-17 HTTP/1.1" 200 412
172.17.0.185 - - [17/Oct/2020:09:14:34 +0800] "GET /xingrg/all/function/internal_message.html?_=1602897270325&CODE_STATE=getMsg HTTP/1.1" 200 27
114.88.166.242 - - [17/Oct/2020:09:14:35 +0800] "GET /xingrg/kc/buy/cgsh_order_operate.html?command=get_materiel&rest_code=00111&code=00101006113&supplier_code=00100012&order_time=2020-10-17 HTTP/1.1" 200 413
124.77.70.31 - - [17/Oct/2020:09:14:37 +0800] "GET /xingrg/all/function/internal_message.html?_=1602897263105&CODE_STATE=getMsg HTTP/1.1" 200 27
58.37.8.227 - - [17/Oct/2020:09:14:38 +0800] "GET /xingrg/all/function/internal_message.html?_=1602896880511&CODE_STATE=getMsg HTTP/1.1" 200 27
180.162.245.190 - - [17/Oct/2020:09:14:40 +0800] "GET /xingrg/kc/buy/cgsh_order_operate.html?command=get_materiel&rest_code=00105&code=00101007081&supplier_code=00100002&order_time=2020-10-17 HTTP/1.1" 200 413
172.17.0.105 - - [17/Oct/2020:09:14:40 +0800] "GET /xingrg/all/function/internal_message.html?_=1602897291507&CODE_STATE=getMsg HTTP/1.1" 200 27
58.37.8.227 - - [17/Oct/2020:09:14:41 +0800] "GET /xingrg/all/function/internal_message.html?_=1602897279948&CODE_STATE=getMsg HTTP/1.1" 200 27
180.161.96.95 - - [17/Oct/2020:09:14:41 +0800] "GET /xingrg/check_reg.html?_=1602897498705 HTTP/1.1" 200 22
180.161.96.95 - - [17/Oct/2020:09:14:42 +0800] "GET /xingrg/all/function/internal_message.html?_=1602897498817&CODE_STATE=getMsg HTTP/1.1" 200 27
222.69.137.220 - - [17/Oct/2020:09:14:42 +0800] "GET /xingrg/all/function/internal_message.html?_=1602897273222&CODE_STATE=getMsg HTTP/1.1" 200 27
114.88.166.242 - - [17/Oct/2020:09:14:43 +0800] "GET /xingrg/kc/buy/cgsh_order_operate.html?command=get_materiel&rest_code=00111&code=00101006109&supplier_code=00100012&order_time=2020-10-17 HTTP/1.1" 200 409
114.88.166.242 - - [17/Oct/2020:09:14:46 +0800] "GET /xingrg/all/function/internal_message.html?_=1602897370195&CODE_STATE=getMsg HTTP/1.1" 200 27
222.69.137.220 - - [17/Oct/2020:09:14:46 +0800] "GET /xingrg/kc/buy/cgsh_order_operate.html?command=get_materiel&rest_code=00149&code=00101008314&supplier_code=00100005&order_time=2020-10-17 HTTP/1.1" 200 413
114.88.166.242 - - [17/Oct/2020:09:14:52 +0800] "GET /xingrg/kc/buy/cgsh_order_operate.html?command=get_materiel&rest_code=00111&code=00101006111&supplier_code=00100012&order_time=2020-10-17 HTTP/1.1" 200 409
180.174.56.115 - - [17/Oct/2020:09:14:59 +0800] "GET /xingrg/all/function/internal_message.html?_=1602897263039&CODE_STATE=getMsg HTTP/1.1" 200 27
61.129.6.151 - - [17/Oct/2020:09:15:00 +0800] "GET /xingrg/all/function/internal_message.html?_=1602896739915&CODE_STATE=getMsg HTTP/1.1" 302 -
180.162.245.190 - - [17/Oct/2020:09:15:01 +0800] "POST /xingrg/kc/buy/cgsh_order_operate.html HTTP/1.1" 200 37
114.88.166.242 - - [17/Oct/2020:09:15:02 +0800] "GET /xingrg/kc/buy/cgsh_order_operate.html?command=get_materiel&rest_code=00111&code=00101006065&supplier_code=00100012&order_time=2020-10-17 HTTP/1.1" 200 409
180.174.56.115 - - [17/Oct/2020:09:15:02 +0800] "GET /xingrg/check_reg.html?_=1602897299395 HTTP/1.1" 200 22
180.174.56.115 - - [17/Oct/2020:09:15:02 +0800] "GET /xingrg/all/function/internal_message.html?_=1602897299397&CODE_STATE=getMsg HTTP/1.1" 200 27
58.221.95.50 - - [17/Oct/2020:09:15:02 +0800] "GET /xingrg/all/function/internal_message.html?_=1602897474181&CODE_STATE=getMsg HTTP/1.1" 302 -
180.162.245.190 - - [17/Oct/2020:09:15:03 +0800] "POST /xingrg/kc/buy/cgsh_order_operate.html HTTP/1.1" 200 4428
120.253.135.82 - - [17/Oct/2020:09:15:03 +0800] "GET /xingrg/all/function/internal_message.html?_=1602897049636&CODE_STATE=getMsg HTTP/1.1" 200 27
180.162.245.190 - - [17/Oct/2020:09:15:06 +0800] "GET /xingrg/all/function/internal_message.html?_=1602897305994&CODE_STATE=getMsg HTTP/1.1" 200 27
61.129.6.151 - - [17/Oct/2020:09:15:09 +0800] "GET /xingrg/login.html HTTP/1.1" 200 7641
222.69.137.220 - - [17/Oct/2020:09:15:15 +0800] "GET /xingrg/kc/buy/cgsh_order_operate.html?command=get_materiel&rest_code=00149&code=00101008236&supplier_code=00100005&order_time=2020-10-17 HTTP/1.1" 200 436
114.88.166.242 - - [17/Oct/2020:09:15:17 +0800] "GET /xingrg/kc/buy/cgsh_order_operate.html?command=get_materiel&rest_code=00111&code=00101006055&supplier_code=00100012&order_time=2020-10-17 HTTP/1.1" 200 409
180.157.253.48 - - [17/Oct/2020:09:15:17 +0800] "GET /xingrg/all/function/internal_message.html?_=1602897323128&CODE_STATE=getMsg HTTP/1.1" 200 27
172.17.0.115 - - [17/Oct/2020:09:15:19 +0800] "GET /xingrg/all/function/internal_message.html?_=1602897336806&CODE_STATE=getMsg HTTP/1.1" 302 -
180.162.245.190 - - [17/Oct/2020:09:15:21 +0800] "GET /xingrg/kc/buy/cgsh_order_add.html HTTP/1.1" 200 60047
180.162.245.190 - - [17/Oct/2020:09:15:21 +0800] "POST /xingrg/kc/buy/cgsh_order_operate.html HTTP/1.1" 200 8245
180.162.245.190 - - [17/Oct/2020:09:15:21 +0800] "GET /xingrg/javascript/easyui/themes/default/validatebox.css HTTP/1.1" 404 1104
114.88.166.242 - - [17/Oct/2020:09:15:26 +0800] "GET /xingrg/kc/buy/cgsh_order_operate.html?command=get_materiel&rest_code=00111&code=00101006056&supplier_code=00100012&order_time=2020-10-17 HTTP/1.1" 200 413
222.69.137.220 - - [17/Oct/2020:09:15:27 +0800] "GET /xingrg/kc/buy/cgsh_order_operate.html?command=get_materiel&rest_code=00149&code=00101015024&supplier_code=00100005&order_time=2020-10-17 HTTP/1.1" 200 413
222.69.137.220 - - [17/Oct/2020:09:15:33 +0800] "POST /xingrg/services/DataTransmitService HTTP/1.1" 200 501
172.17.0.185 - - [17/Oct/2020:09:15:34 +0800] "GET /xingrg/all/function/internal_message.html?_=1602897330329&CODE_STATE=getMsg HTTP/1.1" 200 27
180.162.245.190 - - [17/Oct/2020:09:15:36 +0800] "GET /xingrg/kc/buy/cgsh_order_operate.html?command=get_materiel&rest_code=00105&code=00101012033&supplier_code=00100034&order_time=2020-10-17 HTTP/1.1" 200 426
222.69.137.220 - - [17/Oct/2020:09:15:36 +0800] "GET /xingrg/kc/buy/cgsh_order_operate.html?command=get_materiel&rest_code=00149&code=00101015006&supplier_code=00100005&order_time=2020-10-17 HTTP/1.1" 200 413
124.77.70.31 - - [17/Oct/2020:09:15:37 +0800] "GET /xingrg/all/function/internal_message.html?_=1602897323101&CODE_STATE=getMsg HTTP/1.1" 200 27
58.37.8.227 - - [17/Oct/2020:09:15:38 +0800] "GET /xingrg/all/function/internal_message.html?_=1602896940480&CODE_STATE=getMsg HTTP/1.1" 200 27
172.17.0.105 - - [17/Oct/2020:09:15:40 +0800] "GET /xingrg/all/function/internal_message.html?_=1602897351507&CODE_STATE=getMsg HTTP/1.1" 200 27
172.17.0.105 - - [17/Oct/2020:09:15:40 +0800] "GET /xingrg/check_reg.html?_=1602897351509 HTTP/1.1" 200 22
58.37.8.227 - - [17/Oct/2020:09:15:41 +0800] "GET /xingrg/all/function/internal_message.html?_=1602897339952&CODE_STATE=getMsg HTTP/1.1" 200 27
222.69.137.220 - - [17/Oct/2020:09:15:41 +0800] "POST /xingrg/kc/buy/cgsh_order_operate.html HTTP/1.1" 200 2065
180.161.96.95 - - [17/Oct/2020:09:15:42 +0800] "GET /xingrg/all/function/internal_message.html?_=1602897558821&CODE_STATE=getMsg HTTP/1.1" 200 27
222.69.137.220 - - [17/Oct/2020:09:15:42 +0800] "GET /xingrg/check_reg.html?_=1602897333226 HTTP/1.1" 200 22
222.69.137.220 - - [17/Oct/2020:09:15:42 +0800] "GET /xingrg/all/function/internal_message.html?_=1602897333229&CODE_STATE=getMsg HTTP/1.1" 200 27
114.88.166.242 - - [17/Oct/2020:09:15:43 +0800] "GET /xingrg/kc/buy/cgsh_order_operate.html?command=get_materiel&rest_code=00111&code=00101006006&supplier_code=00100012&order_time=2020-10-17 HTTP/1.1" 200 409
114.88.166.242 - - [17/Oct/2020:09:15:46 +0800] "GET /xingrg/all/function/internal_message.html?_=1602897430205&CODE_STATE=getMsg HTTP/1.1" 200 27
114.88.166.242 - - [17/Oct/2020:09:15:49 +0800] "GET /xingrg/kc/buy/cgsh_order_operate.html?command=get_materiel&rest_code=00111&code=00101006027&supplier_code=00100012&order_time=2020-10-17 HTTP/1.1" 200 409
222.69.137.220 - - [17/Oct/2020:09:15:50 +0800] "GET /xingrg/kc/buy/cgsh_order_operate.html?command=get_materiel&rest_code=00149&code=00101008183&supplier_code=00100005&order_time=2020-10-17 HTTP/1.1" 200 413
180.162.245.190 - - [17/Oct/2020:09:15:53 +0800] "GET /xingrg/kc/buy/cgsh_order_operate.html?command=get_materiel&rest_code=00105&code=00101016030&supplier_code=00100034&order_time=2020-10-17 HTTP/1.1" 200 412
114.88.166.242 - - [17/Oct/2020:09:15:55 +0800] "GET /xingrg/kc/buy/cgsh_order_operate.html?command=get_materiel&rest_code=00111&code=00101011005&supplier_code=00100012&order_time=2020-10-17 HTTP/1.1" 200 428
180.174.56.115 - - [17/Oct/2020:09:15:59 +0800] "GET /xingrg/check_reg.html?_=1602897322474 HTTP/1.1" 200 22
180.174.56.115 - - [17/Oct/2020:09:15:59 +0800] "GET /xingrg/all/function/internal_message.html?_=1602897323052&CODE_STATE=getMsg HTTP/1.1" 200 27
58.37.8.227 - - [17/Oct/2020:09:16:02 +0800] "GET /xingrg/check_reg.html?_=1602896964119 HTTP/1.1" 200 22
180.174.56.115 - - [17/Oct/2020:09:16:02 +0800] "GET /xingrg/all/function/internal_message.html?_=1602897359430&CODE_STATE=getMsg HTTP/1.1" 200 27
120.253.135.82 - - [17/Oct/2020:09:16:02 +0800] "GET /xingrg/check_reg.html?_=1602897108427 HTTP/1.1" 200 22
58.221.95.50 - - [17/Oct/2020:09:16:02 +0800] "GET /xingrg/all/function/internal_message.html?_=1602897534159&CODE_STATE=getMsg HTTP/1.1" 302 -
180.162.245.190 - - [17/Oct/2020:09:16:03 +0800] "POST /xingrg/kc/buy/cgsh_order_operate.html HTTP/1.1" 200 37
120.253.135.82 - - [17/Oct/2020:09:16:03 +0800] "GET /xingrg/all/function/internal_message.html?_=1602897109649&CODE_STATE=getMsg HTTP/1.1" 200 27
180.162.245.190 - - [17/Oct/2020:09:16:05 +0800] "POST /xingrg/kc/buy/cgsh_order_operate.html HTTP/1.1" 200 3254
222.69.137.220 - - [17/Oct/2020:09:16:06 +0800] "GET /xingrg/kc/buy/cgsh_order_operate.html?command=get_materiel&rest_code=00149&code=00101008304&supplier_code=00100005&order_time=2020-10-17 HTTP/1.1" 200 412
180.162.245.190 - - [17/Oct/2020:09:16:06 +0800] "GET /xingrg/kc/print/load_data.html?order_code=212020101706836&kc_code=cgsh&condition= HTTP/1.1" 200 939
180.162.245.190 - - [17/Oct/2020:09:16:06 +0800] "GET /xingrg/all/function/internal_message.html?_=1602897365987&CODE_STATE=getMsg HTTP/1.1" 200 27
180.162.245.190 - - [17/Oct/2020:09:16:13 +0800] "GET /xingrg/kc/buy/cgsh_order_list.html HTTP/1.1" 200 44262
180.162.245.190 - - [17/Oct/2020:09:16:14 +0800] "POST /xingrg/kc/buy/cgsh_list_operate.html HTTP/1.1" 200 3132
180.157.253.48 - - [17/Oct/2020:09:16:17 +0800] "GET /xingrg/check_reg.html?_=1602897383074 HTTP/1.1" 200 22
180.157.253.48 - - [17/Oct/2020:09:16:17 +0800] "GET /xingrg/all/function/internal_message.html?_=1602897383138&CODE_STATE=getMsg HTTP/1.1" 200 27
172.17.0.115 - - [17/Oct/2020:09:16:19 +0800] "GET /xingrg/all/function/internal_message.html?_=1602897396827&CODE_STATE=getMsg HTTP/1.1" 302 -
222.69.137.220 - - [17/Oct/2020:09:16:21 +0800] "GET /xingrg/kc/buy/cgsh_order_operate.html?command=get_materiel&rest_code=00149&code=00101008010&supplier_code=00100005&order_time=2020-10-17 HTTP/1.1" 200 412
222.69.137.220 - - [17/Oct/2020:09:16:22 +0800] "POST /xingrg/services/DataTransmitService HTTP/1.1" 200 501
114.88.166.242 - - [17/Oct/2020:09:16:25 +0800] "POST /xingrg/kc/buy/cgsh_order_operate.html HTTP/1.1" 200 37
114.88.166.242 - - [17/Oct/2020:09:16:27 +0800] "POST /xingrg/kc/buy/cgsh_order_operate.html HTTP/1.1" 200 9785
222.69.137.220 - - [17/Oct/2020:09:16:27 +0800] "POST /xingrg/services/DataTransmitService HTTP/1.1" 200 501
114.88.166.242 - - [17/Oct/2020:09:16:27 +0800] "GET /xingrg/kc/print/load_data.html?order_code=212020101706837&kc_code=cgsh&condition= HTTP/1.1" 200 3467
222.69.137.220 - - [17/Oct/2020:09:16:28 +0800] "POST /xingrg/services/DataTransmitService HTTP/1.1" 200 501
222.69.137.220 - - [17/Oct/2020:09:16:33 +0800] "GET /xingrg/kc/buy/cgsh_order_operate.html?command=get_materiel&rest_code=00149&code=00101008345&supplier_code=00100005&order_time=2020-10-17 HTTP/1.1" 200 413
172.17.0.185 - - [17/Oct/2020:09:16:34 +0800] "GET /xingrg/check_reg.html?_=1602897390317 HTTP/1.1" 200 22
172.17.0.185 - - [17/Oct/2020:09:16:34 +0800] "GET /xingrg/all/function/internal_message.html?_=1602897390319&CODE_STATE=getMsg HTTP/1.1" 200 27
61.129.6.151 - - [17/Oct/2020:09:16:35 +0800] "GET /xingrg/all/function/internal_message.html?_=1602896559918&CODE_STATE=getMsg HTTP/1.1" 302 -
124.77.70.31 - - [17/Oct/2020:09:16:37 +0800] "GET /xingrg/check_reg.html?_=1602897383096 HTTP/1.1" 200 22
124.77.70.31 - - [17/Oct/2020:09:16:37 +0800] "GET /xingrg/all/function/internal_message.html?_=1602897383098&CODE_STATE=getMsg HTTP/1.1" 200 27
58.37.8.227 - - [17/Oct/2020:09:16:38 +0800] "GET /xingrg/all/function/internal_message.html?_=1602897000449&CODE_STATE=getMsg HTTP/1.1" 200 27
