172.17.0.185 - - [17/Oct/2020:10:57:34 +0800] "GET /xingrg/all/function/internal_message.html?_=1602903450317&CODE_STATE=getMsg HTTP/1.1" 200 27
117.185.32.26 - - [17/Oct/2020:10:57:34 +0800] "GET /xingrg/login.html HTTP/1.1" 200 7641
180.162.245.190 - - [17/Oct/2020:10:57:35 +0800] "GET /xingrg/all/function/internal_message.html?_=1602903454912&CODE_STATE=getMsg HTTP/1.1" 200 27
58.37.8.227 - - [17/Oct/2020:10:57:36 +0800] "GET /xingrg/all/function/internal_message.html?_=1602903058182&CODE_STATE=getMsg HTTP/1.1" 200 27
114.84.37.38 - - [17/Oct/2020:10:57:36 +0800] "GET /xingrg/kc/buy/cgsh_order_add.html HTTP/1.1" 200 60006
180.162.245.190 - - [17/Oct/2020:10:57:37 +0800] "GET /xingrg/kc/buy/cgsh_order_operate.html?command=get_materiel&rest_code=00105&code=00101005027&supplier_code=00100322&order_time=2020-10-17 HTTP/1.1" 200 421
124.77.70.31 - - [17/Oct/2020:10:57:37 +0800] "GET /xingrg/all/function/internal_message.html?_=1602903443185&CODE_STATE=getMsg HTTP/1.1" 200 27
114.84.37.38 - - [17/Oct/2020:10:57:38 +0800] "POST /xingrg/kc/buy/cgsh_order_operate.html HTTP/1.1" 200 8245
114.84.37.38 - - [17/Oct/2020:10:57:38 +0800] "GET /xingrg/javascript/easyui/themes/default/validatebox.css HTTP/1.1" 404 1104
172.17.0.105 - - [17/Oct/2020:10:57:40 +0800] "GET /xingrg/all/function/internal_message.html?_=1602903471815&CODE_STATE=getMsg HTTP/1.1" 200 27
58.37.8.227 - - [17/Oct/2020:10:57:41 +0800] "GET /xingrg/all/function/internal_message.html?_=1602903460131&CODE_STATE=getMsg HTTP/1.1" 200 27
117.185.32.26 - - [17/Oct/2020:10:57:41 +0800] "GET /favicon.ico HTTP/1.1" 404 -
222.69.137.220 - - [17/Oct/2020:10:57:42 +0800] "GET /xingrg/all/function/internal_message.html?_=1602903453377&CODE_STATE=getMsg HTTP/1.1" 200 27
117.185.32.26 - - [17/Oct/2020:10:57:42 +0800] "POST /xingrg/login.do HTTP/1.1" 302 -
117.185.32.26 - - [17/Oct/2020:10:57:42 +0800] "GET /xingrg/index.html?sysBaseUrl=http%3A%2F%2F180.169.147.146%3A18081%2Fxingrg%2F&costTime=39×tamp=1602903462775 HTTP/1.1" 200 17173
117.185.32.26 - - [17/Oct/2020:10:57:45 +0800] "POST /xingrg/all/common/load_tree.html?tree=area_rest_tree_json&manage=1 HTTP/1.1" 200 342
117.185.32.26 - - [17/Oct/2020:10:57:46 +0800] "GET /xingrg/all/function/internal_message.html?_=1602903459303&CODE_STATE=count HTTP/1.1" 200 11
117.185.32.26 - - [17/Oct/2020:10:57:46 +0800] "GET /xingrg/check_reg.html?_=1602903459305 HTTP/1.1" 200 22
117.131.5.26 - - [17/Oct/2020:10:57:47 +0800] "GET /xingrg/all/function/internal_message.html?_=1602903489495&CODE_STATE=getMsg HTTP/1.1" 200 27
117.185.32.26 - - [17/Oct/2020:10:57:47 +0800] "GET /favicon.ico HTTP/1.1" 404 -
117.185.32.26 - - [17/Oct/2020:10:57:47 +0800] "POST /xingrg/load_menu.html HTTP/1.1" 200 5138
117.185.32.26 - - [17/Oct/2020:10:57:50 +0800] "GET /xingrg/kc/buy/buy_main.html HTTP/1.1" 200 12412
117.185.32.26 - - [17/Oct/2020:10:57:50 +0800] "GET /xingrg/css/new_ie.css HTTP/1.1" 404 1036
180.161.96.95 - - [17/Oct/2020:10:57:50 +0800] "GET /xingrg/all/function/internal_message.html?_=1602903687851&CODE_STATE=getMsg HTTP/1.1" 200 27
117.185.32.26 - - [17/Oct/2020:10:57:53 +0800] "GET /xingrg/kc/buy/cgsh_order_list.html HTTP/1.1" 200 8212
117.185.32.26 - - [17/Oct/2020:10:57:53 +0800] "GET /xingrg/kc/buy/cgsh_order_list.html HTTP/1.1" 200 44262
180.162.245.190 - - [17/Oct/2020:10:57:56 +0800] "GET /xingrg/all/function/internal_message.html?_=1602903456473&CODE_STATE=getMsg HTTP/1.1" 200 27
117.185.32.26 - - [17/Oct/2020:10:57:57 +0800] "POST /xingrg/kc/buy/cgsh_list_operate.html HTTP/1.1" 200 876
117.185.32.26 - - [17/Oct/2020:10:57:58 +0800] "GET /xingrg/kc/buy/cgsh_order_add.html HTTP/1.1" 200 60006
117.185.32.26 - - [17/Oct/2020:10:57:58 +0800] "GET /xingrg/words/20201016171733_words.js HTTP/1.1" 304 -
117.185.32.26 - - [17/Oct/2020:10:57:59 +0800] "GET /xingrg/all/common/auto_word.html?type=employee&rest_code=00106 HTTP/1.1" 200 205
117.185.32.26 - - [17/Oct/2020:10:57:59 +0800] "GET /xingrg/all/common/auto_word.html?type=employee&rest_code=00106 HTTP/1.1" 200 205
117.185.32.26 - - [17/Oct/2020:10:57:59 +0800] "GET /xingrg/javascript/easyui/themes/default/validatebox.css HTTP/1.1" 404 1104
114.88.166.242 - - [17/Oct/2020:10:57:59 +0800] "GET /xingrg/all/function/internal_message.html?_=1602903474179&CODE_STATE=getMsg HTTP/1.1" 200 27
117.185.32.26 - - [17/Oct/2020:10:57:59 +0800] "POST /xingrg/kc/buy/cgsh_order_operate.html HTTP/1.1" 200 8245
180.162.245.190 - - [17/Oct/2020:10:58:00 +0800] "POST /xingrg/kc/buy/cgsh_order_operate.html HTTP/1.1" 200 37
117.131.5.26 - - [17/Oct/2020:10:58:00 +0800] "GET /xingrg/all/function/internal_message.html?_=1602903773782&CODE_STATE=getMsg HTTP/1.1" 200 27
58.221.95.50 - - [17/Oct/2020:10:58:00 +0800] "GET /xingrg/all/function/internal_message.html?_=1602903651749&CODE_STATE=getMsg HTTP/1.1" 302 -
117.185.32.26 - - [17/Oct/2020:10:58:00 +0800] "GET /xingrg/javascript/easyui/themes/default/tree.css HTTP/1.1" 404 1090
117.185.32.26 - - [17/Oct/2020:10:58:00 +0800] "POST /xingrg/all/common/load_tree.html?tree=supplier_tree_json&isDelete=1 HTTP/1.1" 200 50666
114.84.37.38 - - [17/Oct/2020:10:58:00 +0800] "GET /xingrg/kc/buy/cgsh_order_operate.html?command=get_materiel&rest_code=00146&code=00101006166&supplier_code=00100344&order_time=2020-10-17 HTTP/1.1" 200 423
180.162.245.190 - - [17/Oct/2020:10:58:01 +0800] "POST /xingrg/kc/buy/cgsh_order_operate.html HTTP/1.1" 200 3284
172.17.0.115 - - [17/Oct/2020:10:58:02 +0800] "GET /xingrg/check_reg.html?_=1602903500196 HTTP/1.1" 302 -
180.162.245.190 - - [17/Oct/2020:10:58:02 +0800] "GET /xingrg/kc/print/load_data.html?order_code=212020101706898&kc_code=cgsh&condition= HTTP/1.1" 200 925
172.17.0.120 - - [17/Oct/2020:10:58:03 +0800] "GET /xingrg/all/function/internal_message.html?_=1602903479474&CODE_STATE=getMsg HTTP/1.1" 200 27
180.162.245.190 - - [17/Oct/2020:10:58:05 +0800] "GET /xingrg/kc/buy/cgsh_order_add.html HTTP/1.1" 200 60047
120.253.135.82 - - [17/Oct/2020:10:58:05 +0800] "GET /xingrg/all/function/internal_message.html?_=1602903231472&CODE_STATE=getMsg HTTP/1.1" 200 27
180.162.245.190 - - [17/Oct/2020:10:58:05 +0800] "GET /xingrg/javascript/easyui/themes/default/validatebox.css HTTP/1.1" 404 1104
180.162.245.190 - - [17/Oct/2020:10:58:05 +0800] "POST /xingrg/kc/buy/cgsh_order_operate.html HTTP/1.1" 200 8245
114.88.166.242 - - [17/Oct/2020:10:58:08 +0800] "GET /xingrg/all/function/internal_message.html?_=1602903572162&CODE_STATE=getMsg HTTP/1.1" 200 27
117.185.32.26 - - [17/Oct/2020:10:58:14 +0800] "GET /xingrg/all/function/internal_message.html?_=1602903931917&CODE_STATE=getMsg HTTP/1.1" 200 27
180.162.245.190 - - [17/Oct/2020:10:58:15 +0800] "GET /xingrg/kc/buy/cgsh_order_operate.html?command=get_materiel&rest_code=00105&code=00101007016&supplier_code=00100323&order_time=2020-10-17 HTTP/1.1" 200 409
180.157.253.48 - - [17/Oct/2020:10:58:18 +0800] "GET /xingrg/check_reg.html?_=1602903503407 HTTP/1.1" 200 22
180.157.253.48 - - [17/Oct/2020:10:58:18 +0800] "GET /xingrg/all/function/internal_message.html?_=1602903503680&CODE_STATE=getMsg HTTP/1.1" 200 27
172.17.0.115 - - [17/Oct/2020:10:58:20 +0800] "GET /xingrg/all/function/internal_message.html?_=1602903518211&CODE_STATE=getMsg HTTP/1.1" 302 -
114.88.166.242 - - [17/Oct/2020:10:58:25 +0800] "GET /xingrg/all/function/internal_message.html?_=1602903499887&CODE_STATE=getMsg HTTP/1.1" 200 27
117.185.32.26 - - [17/Oct/2020:10:58:25 +0800] "GET /xingrg/javascript/auto/indicator.gif HTTP/1.1" 404 1066
180.174.56.115 - - [17/Oct/2020:10:58:27 +0800] "GET /xingrg/all/function/internal_message.html?_=1602903470849&CODE_STATE=getMsg HTTP/1.1" 200 27
117.185.32.26 - - [17/Oct/2020:10:58:28 +0800] "GET /xingrg/kc/buy/cgsh_order_operate.html?command=get_materiel&rest_code=00106&code=00101006084&supplier_code=00100016&order_time=2020-10-17 HTTP/1.1" 200 415
114.84.37.38 - - [17/Oct/2020:10:58:30 +0800] "GET /xingrg/kc/buy/cgsh_order_operate.html?command=get_materiel&rest_code=00146&code=00101006152&supplier_code=00100344&order_time=2020-10-17 HTTP/1.1" 200 411
172.17.0.185 - - [17/Oct/2020:10:58:34 +0800] "GET /xingrg/all/function/internal_message.html?_=1602903510325&CODE_STATE=getMsg HTTP/1.1" 200 27
180.162.245.190 - - [17/Oct/2020:10:58:35 +0800] "GET /xingrg/kc/buy/cgsh_order_operate.html?command=get_materiel&rest_code=00105&code=00101010110&supplier_code=00100323&order_time=2020-10-17 HTTP/1.1" 200 418
180.162.245.190 - - [17/Oct/2020:10:58:35 +0800] "GET /xingrg/all/function/internal_message.html?_=1602903514935&CODE_STATE=getMsg HTTP/1.1" 200 27
58.37.8.227 - - [17/Oct/2020:10:58:36 +0800] "GET /xingrg/all/function/internal_message.html?_=1602903118185&CODE_STATE=getMsg HTTP/1.1" 200 27
124.77.70.31 - - [17/Oct/2020:10:58:37 +0800] "GET /xingrg/all/function/internal_message.html?_=1602903503182&CODE_STATE=getMsg HTTP/1.1" 200 27
172.17.0.105 - - [17/Oct/2020:10:58:40 +0800] "GET /xingrg/all/function/internal_message.html?_=1602903531815&CODE_STATE=getMsg HTTP/1.1" 200 27
58.37.8.227 - - [17/Oct/2020:10:58:41 +0800] "GET /xingrg/check_reg.html?_=1602903520155 HTTP/1.1" 200 22
58.37.8.227 - - [17/Oct/2020:10:58:41 +0800] "GET /xingrg/all/function/internal_message.html?_=1602903520156&CODE_STATE=getMsg HTTP/1.1" 200 27
222.69.137.220 - - [17/Oct/2020:10:58:42 +0800] "GET /xingrg/all/function/internal_message.html?_=1602903513376&CODE_STATE=getMsg HTTP/1.1" 200 27
180.162.245.190 - - [17/Oct/2020:10:58:43 +0800] "GET /xingrg/kc/buy/cgsh_order_operate.html?command=get_materiel&rest_code=00105&code=00101012010&supplier_code=00100323&order_time=2020-10-17 HTTP/1.1" 200 409
117.185.32.26 - - [17/Oct/2020:10:58:44 +0800] "POST /xingrg/kc/buy/cgsh_order_operate.html HTTP/1.1" 200 37
117.185.32.26 - - [17/Oct/2020:10:58:46 +0800] "POST /xingrg/kc/buy/cgsh_order_operate.html HTTP/1.1" 200 12
117.131.5.26 - - [17/Oct/2020:10:58:47 +0800] "GET /xingrg/all/function/internal_message.html?_=1602903549494&CODE_STATE=getMsg HTTP/1.1" 200 27
180.161.96.95 - - [17/Oct/2020:10:58:51 +0800] "GET /xingrg/all/function/internal_message.html?_=1602903748220&CODE_STATE=getMsg HTTP/1.1" 200 27
117.185.32.26 - - [17/Oct/2020:10:58:52 +0800] "GET /xingrg/all/function/internal_message.html?_=1602903525294&CODE_STATE=getMsg HTTP/1.1" 200 27
117.185.32.26 - - [17/Oct/2020:10:58:53 +0800] "GET /xingrg/kc/buy/cgsh_order_info.html?code=212020101706899 HTTP/1.1" 200 54911
117.185.32.26 - - [17/Oct/2020:10:58:54 +0800] "GET /xingrg/javascript/easyui/themes/default/validatebox.css HTTP/1.1" 404 1104
61.151.178.175 - - [17/Oct/2020:10:58:54 +0800] "GET /xingrg/all/function/internal_message.html?_=1602902740132&CODE_STATE=getMsg HTTP/1.1" 302 -
117.185.32.26 - - [17/Oct/2020:10:58:54 +0800] "POST /xingrg/kc/buy/cgsh_order_operate.html HTTP/1.1" 200 611
180.162.245.190 - - [17/Oct/2020:10:58:56 +0800] "GET /xingrg/check_reg.html?_=1602903516474 HTTP/1.1" 200 22
180.162.245.190 - - [17/Oct/2020:10:58:56 +0800] "GET /xingrg/all/function/internal_message.html?_=1602903516477&CODE_STATE=getMsg HTTP/1.1" 200 27
114.84.37.38 - - [17/Oct/2020:10:58:58 +0800] "POST /xingrg/kc/buy/cgsh_order_operate.html HTTP/1.1" 200 37
114.88.166.242 - - [17/Oct/2020:10:58:59 +0800] "GET /xingrg/check_reg.html?_=1602903534178 HTTP/1.1" 200 22
114.88.166.242 - - [17/Oct/2020:10:58:59 +0800] "GET /xingrg/all/function/internal_message.html?_=1602903534178&CODE_STATE=getMsg HTTP/1.1" 200 27
114.84.37.38 - - [17/Oct/2020:10:59:00 +0800] "POST /xingrg/kc/buy/cgsh_order_operate.html HTTP/1.1" 200 3258
117.131.5.26 - - [17/Oct/2020:10:59:00 +0800] "GET /xingrg/all/function/internal_message.html?_=1602903833796&CODE_STATE=getMsg HTTP/1.1" 200 27
58.221.95.50 - - [17/Oct/2020:10:59:00 +0800] "GET /xingrg/all/function/internal_message.html?_=1602903711727&CODE_STATE=getMsg HTTP/1.1" 302 -
114.84.37.38 - - [17/Oct/2020:10:59:02 +0800] "GET /xingrg/kc/print/load_data.html?order_code=212020101706900&kc_code=cgsh&condition= HTTP/1.1" 200 922
46.101.6.43 - - [17/Oct/2020:10:59:02 +0800] "POST /json_rpc HTTP/1.0" 404 -
58.221.95.50 - - [17/Oct/2020:10:59:03 +0800] "GET /xingrg/check_reg.html?_=1602903714270 HTTP/1.1" 302 -
172.17.0.120 - - [17/Oct/2020:10:59:03 +0800] "GET /xingrg/all/function/internal_message.html?_=1602903539462&CODE_STATE=getMsg HTTP/1.1" 200 27
61.151.178.175 - - [17/Oct/2020:10:59:04 +0800] "GET /xingrg/login.html HTTP/1.1" 200 7641
180.162.245.190 - - [17/Oct/2020:10:59:04 +0800] "GET /xingrg/kc/buy/cgsh_order_operate.html?command=get_materiel&rest_code=00105&code=00101006150&supplier_code=00100323&order_time=2020-10-17 HTTP/1.1" 200 413
117.185.32.26 - - [17/Oct/2020:10:59:05 +0800] "GET /xingrg/kc/print/load_config.html?kc_code=cgsh HTTP/1.1" 200 1845
117.185.32.26 - - [17/Oct/2020:10:59:05 +0800] "GET /xingrg/kc/print/load_data.html?order_code=212020101706899&kc_code=cgsh&condition= HTTP/1.1" 200 765
120.253.135.82 - - [17/Oct/2020:10:59:05 +0800] "GET /xingrg/all/function/internal_message.html?_=1602903291486&CODE_STATE=getMsg HTTP/1.1" 200 27
114.88.166.242 - - [17/Oct/2020:10:59:08 +0800] "GET /xingrg/all/function/internal_message.html?_=1602903632161&CODE_STATE=getMsg HTTP/1.1" 200 27
120.253.135.82 - - [17/Oct/2020:10:59:08 +0800] "GET /xingrg/kc/pszx/mdqp_order_list.html?state=10 HTTP/1.1" 200 13389
120.253.135.82 - - [17/Oct/2020:10:59:08 +0800] "GET /xingrg/dwr/interface/AjaxReportQueryService.js HTTP/1.1" 200 13203
120.253.135.82 - - [17/Oct/2020:10:59:08 +0800] "GET /xingrg/dwr/interface/AjaxQqpsService.js HTTP/1.1" 200 16326
120.253.135.82 - - [17/Oct/2020:10:59:08 +0800] "GET /xingrg/dwr/engine.js HTTP/1.1" 200 43631
180.162.245.190 - - [17/Oct/2020:10:59:13 +0800] "GET /xingrg/kc/buy/cgsh_order_operate.html?command=get_materiel&rest_code=00105&code=00101008025&supplier_code=00100323&order_time=2020-10-17 HTTP/1.1" 200 409
117.185.32.26 - - [17/Oct/2020:10:59:14 +0800] "GET /xingrg/check_reg.html?_=1602903991915 HTTP/1.1" 200 22
117.185.32.26 - - [17/Oct/2020:10:59:14 +0800] "GET /xingrg/all/function/internal_message.html?_=1602903991918&CODE_STATE=getMsg HTTP/1.1" 200 27
114.88.166.242 - - [17/Oct/2020:10:59:14 +0800] "GET /xingrg/check_reg.html?_=1602903549072 HTTP/1.1" 200 22
117.185.32.26 - - [17/Oct/2020:10:59:15 +0800] "GET /xingrg/kc/buy/cgsh_order_add.html HTTP/1.1" 200 60006
117.185.32.26 - - [17/Oct/2020:10:59:16 +0800] "GET /xingrg/javascript/easyui/themes/default/validatebox.css HTTP/1.1" 404 1104
117.185.32.26 - - [17/Oct/2020:10:59:16 +0800] "POST /xingrg/kc/buy/cgsh_order_operate.html HTTP/1.1" 200 8245
120.253.135.82 - - [17/Oct/2020:10:59:17 +0800] "GET /xingrg/kc/pszx/mdqp_order_info.html?code=302020101700379 HTTP/1.1" 200 13350
120.253.135.82 - - [17/Oct/2020:10:59:17 +0800] "GET /xingrg/javascript/tools/jquery.qtip-1.0.0-rc3.min.js HTTP/1.1" 304 -
120.253.135.82 - - [17/Oct/2020:10:59:17 +0800] "GET /xingrg/javascript/checkform.js HTTP/1.1" 304 -
120.253.135.82 - - [17/Oct/2020:10:59:17 +0800] "GET /xingrg/dwr/interface/AjaxQqpsService.js HTTP/1.1" 200 16326
120.253.135.82 - - [17/Oct/2020:10:59:17 +0800] "GET /xingrg/javascript/AjaxInfoList.js HTTP/1.1" 304 -
120.253.135.82 - - [17/Oct/2020:10:59:17 +0800] "GET /xingrg/javascript/Grid.js HTTP/1.1" 304 -
120.253.135.82 - - [17/Oct/2020:10:59:17 +0800] "GET /xingrg/dwr/interface/AjaxComOrderService.js HTTP/1.1" 200 18264
120.253.135.82 - - [17/Oct/2020:10:59:17 +0800] "GET /xingrg/javascript/ToolTips.js HTTP/1.1" 304 -
120.253.135.82 - - [17/Oct/2020:10:59:17 +0800] "GET /xingrg/dwr/engine.js HTTP/1.1" 200 43631
120.253.135.82 - - [17/Oct/2020:10:59:17 +0800] "GET /xingrg/javascript/jquery_easy_ui/themes/icons/print.png HTTP/1.1" 304 -
120.253.135.82 - - [17/Oct/2020:10:59:17 +0800] "GET /xingrg/javascript/jquery_easy_ui/themes/default/images/menu_downarrow.png HTTP/1.1" 304 -
120.253.135.82 - - [17/Oct/2020:10:59:17 +0800] "GET /xingrg/images/blue/button/kc_tab_edit.gif HTTP/1.1" 304 -
120.253.135.82 - - [17/Oct/2020:10:59:17 +0800] "GET /xingrg/images/blue/button/kc_tab_save.gif HTTP/1.1" 304 -
120.253.135.82 - - [17/Oct/2020:10:59:17 +0800] "GET /xingrg/images/blue/kc_tab_left.gif HTTP/1.1" 304 -
120.253.135.82 - - [17/Oct/2020:10:59:17 +0800] "GET /xingrg/images/blue/wait.gif HTTP/1.1" 304 -
120.253.135.82 - - [17/Oct/2020:10:59:17 +0800] "GET /xingrg/images/blue/kc_tab_mid.gif HTTP/1.1" 304 -
120.253.135.82 - - [17/Oct/2020:10:59:17 +0800] "GET /xingrg/images/blue/kc_tab2_left.gif HTTP/1.1" 304 -
120.253.135.82 - - [17/Oct/2020:10:59:17 +0800] "GET /xingrg/images/blue/kc_tab2_right.gif HTTP/1.1" 304 -
120.253.135.82 - - [17/Oct/2020:10:59:17 +0800] "GET /xingrg/images/blue/kc_tab_right.gif HTTP/1.1" 304 -
120.253.135.82 - - [17/Oct/2020:10:59:17 +0800] "POST /xingrg/dwr/call/plaincall/AjaxQqpsService.loadMaterielItems.dwr HTTP/1.1" 200 710
117.185.32.26 - - [17/Oct/2020:10:59:18 +0800] "GET /xingrg/javascript/easyui/themes/default/tree.css HTTP/1.1" 404 1090
117.185.32.26 - - [17/Oct/2020:10:59:18 +0800] "POST /xingrg/all/common/load_tree.html?tree=supplier_tree_json&isDelete=1 HTTP/1.1" 200 50666
180.157.253.48 - - [17/Oct/2020:10:59:18 +0800] "GET /xingrg/all/function/internal_message.html?_=1602903563693&CODE_STATE=getMsg HTTP/1.1" 200 27
180.162.245.190 - - [17/Oct/2020:10:59:19 +0800] "GET /xingrg/kc/buy/cgsh_order_operate.html?command=get_materiel&rest_code=00105&code=00101008187&supplier_code=00100323&order_time=2020-10-17 HTTP/1.1" 200 413
172.17.0.115 - - [17/Oct/2020:10:59:20 +0800] "GET /xingrg/all/function/internal_message.html?_=1602903578220&CODE_STATE=getMsg HTTP/1.1" 302 -
120.253.135.82 - - [17/Oct/2020:10:59:20 +0800] "GET /xingrg/javascript/jquery_easy_ui/themes/default/images/button_plain_hover.png HTTP/1.1" 304 -
120.253.135.82 - - [17/Oct/2020:10:59:20 +0800] "GET /xingrg/kc/pszx/mdqp_order_list.html?isBack=1 HTTP/1.1" 302 -
120.253.135.82 - - [17/Oct/2020:10:59:20 +0800] "GET /xingrg/kc/pszx/mdqp_order_list.html?state=10 HTTP/1.1" 200 13389
120.253.135.82 - - [17/Oct/2020:10:59:20 +0800] "GET /xingrg/dwr/interface/AjaxReportQueryService.js HTTP/1.1" 200 13203
120.253.135.82 - - [17/Oct/2020:10:59:20 +0800] "GET /xingrg/dwr/interface/AjaxQqpsService.js HTTP/1.1" 200 16326
120.253.135.82 - - [17/Oct/2020:10:59:20 +0800] "GET /xingrg/dwr/engine.js HTTP/1.1" 200 43631
120.253.135.82 - - [17/Oct/2020:10:59:22 +0800] "GET /xingrg/kc/pszx/mdqp_order_info.html?code=302020101700378 HTTP/1.1" 200 13350
120.253.135.82 - - [17/Oct/2020:10:59:22 +0800] "GET /xingrg/dwr/interface/AjaxComOrderService.js HTTP/1.1" 200 18264
120.253.135.82 - - [17/Oct/2020:10:59:22 +0800] "GET /xingrg/dwr/interface/AjaxQqpsService.js HTTP/1.1" 200 16326
120.253.135.82 - - [17/Oct/2020:10:59:22 +0800] "GET /xingrg/dwr/engine.js HTTP/1.1" 200 43631
120.253.135.82 - - [17/Oct/2020:10:59:22 +0800] "POST /xingrg/dwr/call/plaincall/AjaxQqpsService.loadMaterielItems.dwr HTTP/1.1" 200 406
114.84.37.38 - - [17/Oct/2020:10:59:23 +0800] "GET /xingrg/kc/buy/cgsh_order_add.html HTTP/1.1" 200 60006
120.253.135.82 - - [17/Oct/2020:10:59:24 +0800] "GET /xingrg/kc/pszx/mdqp_order_list.html?isBack=1 HTTP/1.1" 302 -
120.253.135.82 - - [17/Oct/2020:10:59:24 +0800] "GET /xingrg/kc/pszx/mdqp_order_list.html?state=10 HTTP/1.1" 200 13389
120.253.135.82 - - [17/Oct/2020:10:59:24 +0800] "GET /xingrg/dwr/interface/AjaxQqpsService.js HTTP/1.1" 200 16326
120.253.135.82 - - [17/Oct/2020:10:59:24 +0800] "GET /xingrg/dwr/interface/AjaxReportQueryService.js HTTP/1.1" 200 13203
120.253.135.82 - - [17/Oct/2020:10:59:24 +0800] "GET /xingrg/dwr/engine.js HTTP/1.1" 200 43631
114.88.166.242 - - [17/Oct/2020:10:59:25 +0800] "GET /xingrg/all/function/internal_message.html?_=1602903559900&CODE_STATE=getMsg HTTP/1.1" 200 27
114.84.37.38 - - [17/Oct/2020:10:59:25 +0800] "POST /xingrg/kc/buy/cgsh_order_operate.html HTTP/1.1" 200 8245
114.84.37.38 - - [17/Oct/2020:10:59:25 +0800] "GET /xingrg/javascript/easyui/themes/default/validatebox.css HTTP/1.1" 404 1104
120.253.135.82 - - [17/Oct/2020:10:59:26 +0800] "GET /xingrg/kc/pszx/mdqp_order_info.html?code=302020101700377 HTTP/1.1" 200 13350
120.253.135.82 - - [17/Oct/2020:10:59:26 +0800] "GET /xingrg/dwr/interface/AjaxComOrderService.js HTTP/1.1" 200 18264
120.253.135.82 - - [17/Oct/2020:10:59:26 +0800] "GET /xingrg/dwr/interface/AjaxQqpsService.js HTTP/1.1" 200 16326
120.253.135.82 - - [17/Oct/2020:10:59:26 +0800] "GET /xingrg/dwr/engine.js HTTP/1.1" 200 43631
120.253.135.82 - - [17/Oct/2020:10:59:26 +0800] "POST /xingrg/dwr/call/plaincall/AjaxQqpsService.loadMaterielItems.dwr HTTP/1.1" 200 365
180.174.56.115 - - [17/Oct/2020:10:59:26 +0800] "GET /xingrg/check_reg.html?_=1602903529814 HTTP/1.1" 200 22
120.253.135.82 - - [17/Oct/2020:10:59:27 +0800] "GET /xingrg/images/yd/bt.gif HTTP/1.1" 404 1040
180.174.56.115 - - [17/Oct/2020:10:59:27 +0800] "GET /xingrg/all/function/internal_message.html?_=1602903530862&CODE_STATE=getMsg HTTP/1.1" 200 27
120.253.135.82 - - [17/Oct/2020:10:59:28 +0800] "GET /xingrg/kc/pszx/mdqp_order_list.html?isBack=1 HTTP/1.1" 302 -
120.253.135.82 - - [17/Oct/2020:10:59:28 +0800] "GET /xingrg/kc/pszx/mdqp_order_list.html?state=10 HTTP/1.1" 200 13389
120.253.135.82 - - [17/Oct/2020:10:59:28 +0800] "GET /xingrg/dwr/interface/AjaxQqpsService.js HTTP/1.1" 200 16326
120.253.135.82 - - [17/Oct/2020:10:59:28 +0800] "GET /xingrg/dwr/engine.js HTTP/1.1" 200 43631
120.253.135.82 - - [17/Oct/2020:10:59:29 +0800] "GET /xingrg/dwr/interface/AjaxReportQueryService.js HTTP/1.1" 200 13203
180.162.245.190 - - [17/Oct/2020:10:59:29 +0800] "GET /xingrg/kc/buy/cgsh_order_operate.html?command=get_materiel&rest_code=00105&code=00101010338&supplier_code=00100323&order_time=2020-10-17 HTTP/1.1" 200 428
117.185.32.26 - - [17/Oct/2020:10:59:29 +0800] "GET /xingrg/kc/buy/cgsh_order_operate.html?command=get_materiel&rest_code=00106&code=00101008146&supplier_code=00100009&order_time=2020-10-17 HTTP/1.1" 200 416
120.253.135.82 - - [17/Oct/2020:10:59:31 +0800] "GET /xingrg/kc/pszx/mdqp_order_info.html?code=302020101700376 HTTP/1.1" 200 13350
120.253.135.82 - - [17/Oct/2020:10:59:31 +0800] "GET /xingrg/dwr/interface/AjaxComOrderService.js HTTP/1.1" 200 18264
120.253.135.82 - - [17/Oct/2020:10:59:31 +0800] "GET /xingrg/dwr/interface/AjaxQqpsService.js HTTP/1.1" 200 16326
120.253.135.82 - - [17/Oct/2020:10:59:31 +0800] "GET /xingrg/dwr/engine.js HTTP/1.1" 200 43631
120.253.135.82 - - [17/Oct/2020:10:59:31 +0800] "POST /xingrg/dwr/call/plaincall/AjaxQqpsService.loadMaterielItems.dwr HTTP/1.1" 200 2646
172.17.0.185 - - [17/Oct/2020:10:59:34 +0800] "GET /xingrg/all/function/internal_message.html?_=1602903570313&CODE_STATE=getMsg HTTP/1.1" 200 27
120.253.135.82 - - [17/Oct/2020:10:59:35 +0800] "GET /xingrg/kc/pszx/mdqp_order_list.html?isBack=1 HTTP/1.1" 302 -
120.253.135.82 - - [17/Oct/2020:10:59:35 +0800] "GET /xingrg/kc/pszx/mdqp_order_list.html?state=10 HTTP/1.1" 200 13389
120.253.135.82 - - [17/Oct/2020:10:59:35 +0800] "GET /xingrg/dwr/interface/AjaxQqpsService.js HTTP/1.1" 200 16326
120.253.135.82 - - [17/Oct/2020:10:59:35 +0800] "GET /xingrg/dwr/interface/AjaxReportQueryService.js HTTP/1.1" 200 13203
120.253.135.82 - - [17/Oct/2020:10:59:35 +0800] "GET /xingrg/dwr/engine.js HTTP/1.1" 200 43631
180.162.245.190 - - [17/Oct/2020:10:59:35 +0800] "GET /xingrg/check_reg.html?_=1602903574956 HTTP/1.1" 200 22
180.162.245.190 - - [17/Oct/2020:10:59:35 +0800] "GET /xingrg/all/function/internal_message.html?_=1602903574955&CODE_STATE=getMsg HTTP/1.1" 200 27
58.37.8.227 - - [17/Oct/2020:10:59:36 +0800] "GET /xingrg/all/function/internal_message.html?_=1602903178161&CODE_STATE=getMsg HTTP/1.1" 200 27
180.162.245.190 - - [17/Oct/2020:10:59:36 +0800] "GET /xingrg/kc/buy/cgsh_order_operate.html?command=get_materiel&rest_code=00105&code=00101010247&supplier_code=00100323&order_time=2020-10-17 HTTP/1.1" 200 410
120.253.135.82 - - [17/Oct/2020:10:59:37 +0800] "GET /xingrg/kc/pszx/mdqp_order_info.html?code=302020101700380 HTTP/1.1" 200 13350
120.253.135.82 - - [17/Oct/2020:10:59:37 +0800] "GET /xingrg/dwr/interface/AjaxComOrderService.js HTTP/1.1" 200 18264
120.253.135.82 - - [17/Oct/2020:10:59:37 +0800] "GET /xingrg/dwr/interface/AjaxQqpsService.js HTTP/1.1" 200 16326
120.253.135.82 - - [17/Oct/2020:10:59:37 +0800] "GET /xingrg/dwr/engine.js HTTP/1.1" 200 43631
124.77.70.31 - - [17/Oct/2020:10:59:37 +0800] "GET /xingrg/all/function/internal_message.html?_=1602903563194&CODE_STATE=getMsg HTTP/1.1" 200 27
120.253.135.82 - - [17/Oct/2020:10:59:37 +0800] "POST /xingrg/dwr/call/plaincall/AjaxQqpsService.loadMaterielItems.dwr HTTP/1.1" 200 385
114.84.37.38 - - [17/Oct/2020:10:59:39 +0800] "GET /xingrg/kc/buy/cgsh_order_operate.html?command=get_materiel&rest_code=00146&code=00101010079&supplier_code=00100336&order_time=2020-10-17 HTTP/1.1" 200 413
120.253.135.82 - - [17/Oct/2020:10:59:39 +0800] "GET /xingrg/kc/pszx/mdqp_order_list.html?isBack=1 HTTP/1.1" 302 -
120.253.135.82 - - [17/Oct/2020:10:59:39 +0800] "GET /xingrg/kc/pszx/mdqp_order_list.html?state=10 HTTP/1.1" 200 13389
120.253.135.82 - - [17/Oct/2020:10:59:39 +0800] "GET /xingrg/dwr/interface/AjaxReportQueryService.js HTTP/1.1" 200 13203
120.253.135.82 - - [17/Oct/2020:10:59:39 +0800] "GET /xingrg/dwr/interface/AjaxQqpsService.js HTTP/1.1" 200 16326
120.253.135.82 - - [17/Oct/2020:10:59:39 +0800] "GET /xingrg/dwr/engine.js HTTP/1.1" 200 43631
117.185.32.26 - - [17/Oct/2020:10:59:40 +0800] "GET /xingrg/kc/buy/cgsh_order_operate.html?command=get_materiel&rest_code=00106&code=00101008134&supplier_code=00100009&order_time=2020-10-17 HTTP/1.1" 200 413
172.17.0.105 - - [17/Oct/2020:10:59:40 +0800] "GET /xingrg/all/function/internal_message.html?_=1602903591817&CODE_STATE=getMsg HTTP/1.1" 200 27
58.37.8.227 - - [17/Oct/2020:10:59:41 +0800] "GET /xingrg/all/function/internal_message.html?_=1602903580154&CODE_STATE=getMsg HTTP/1.1" 200 27
222.69.137.220 - - [17/Oct/2020:10:59:42 +0800] "GET /xingrg/all/function/internal_message.html?_=1602903573377&CODE_STATE=getMsg HTTP/1.1" 200 27
180.161.96.95 - - [17/Oct/2020:10:59:43 +0800] "GET /xingrg/check_reg.html?_=1602903800576 HTTP/1.1" 200 22
120.253.135.82 - - [17/Oct/2020:10:59:44 +0800] "GET /xingrg/kc/buy/cgsh_order_list.html HTTP/1.1" 200 44517
120.253.135.82 - - [17/Oct/2020:10:59:45 +0800] "POST /xingrg/kc/buy/cgsh_list_operate.html HTTP/1.1" 200 876
117.131.5.26 - - [17/Oct/2020:10:59:47 +0800] "GET /xingrg/all/function/internal_message.html?_=1602903609491&CODE_STATE=getMsg HTTP/1.1" 200 27
117.185.32.26 - - [17/Oct/2020:10:59:48 +0800] "GET /xingrg/kc/buy/cgsh_order_operate.html?command=get_materiel&rest_code=00106&code=00101008530&supplier_code=00100009&order_time=2020-10-17 HTTP/1.1" 200 422
180.161.96.95 - - [17/Oct/2020:10:59:51 +0800] "GET /xingrg/all/function/internal_message.html?_=1602903808220&CODE_STATE=getMsg HTTP/1.1" 200 27
117.185.32.26 - - [17/Oct/2020:10:59:52 +0800] "GET /xingrg/all/function/internal_message.html?_=1602903585265&CODE_STATE=getMsg HTTP/1.1" 200 27
180.162.245.190 - - [17/Oct/2020:10:59:54 +0800] "GET /xingrg/kc/buy/cgsh_order_operate.html?command=get_materiel&rest_code=00105&code=00101002020&supplier_code=00100323&order_time=2020-10-17 HTTP/1.1" 200 435
180.162.245.190 - - [17/Oct/2020:10:59:56 +0800] "GET /xingrg/all/function/internal_message.html?_=1602903576462&CODE_STATE=getMsg HTTP/1.1" 200 27
180.162.245.190 - - [17/Oct/2020:10:59:57 +0800] "POST /xingrg/all/common/load_select.html HTTP/1.1" 200 25
114.84.37.38 - - [17/Oct/2020:10:59:57 +0800] "POST /xingrg/kc/buy/cgsh_order_operate.html HTTP/1.1" 200 64
117.185.32.26 - - [17/Oct/2020:10:59:58 +0800] "POST /xingrg/kc/buy/cgsh_order_operate.html HTTP/1.1" 200 37
117.131.5.26 - - [17/Oct/2020:10:59:59 +0800] "GET /xingrg/check_reg.html?_=1602903893124 HTTP/1.1" 200 22
114.88.166.242 - - [17/Oct/2020:10:59:59 +0800] "GET /xingrg/all/function/internal_message.html?_=1602903594176&CODE_STATE=getMsg HTTP/1.1" 200 27
180.162.245.190 - - [17/Oct/2020:10:59:59 +0800] "GET /xingrg/kc/buy/cgsh_order_operate.html?command=get_materiel_price&rest_code=00105&code=00101002020&unit_code=00100009&supplier_code=00100323&order_time=2020-10-17 HTTP/1.1" 200 31
117.131.5.26 - - [17/Oct/2020:11:00:00 +0800] "GET /xingrg/all/function/internal_message.html?_=1602903893811&CODE_STATE=getMsg HTTP/1.1" 200 27
58.221.95.50 - - [17/Oct/2020:11:00:00 +0800] "GET /xingrg/all/function/internal_message.html?_=1602903771705&CODE_STATE=getMsg HTTP/1.1" 302 -
117.185.32.26 - - [17/Oct/2020:11:00:00 +0800] "POST /xingrg/kc/buy/cgsh_order_operate.html HTTP/1.1" 200 12
117.185.32.26 - - [17/Oct/2020:11:00:01 +0800] "GET /xingrg/kc/buy/cgsh_order_info.html?code=212020101706901 HTTP/1.1" 200 54915
117.185.32.26 - - [17/Oct/2020:11:00:02 +0800] "GET /xingrg/javascript/easyui/themes/default/validatebox.css HTTP/1.1" 404 1104
114.84.37.38 - - [17/Oct/2020:11:00:02 +0800] "POST /xingrg/kc/buy/cgsh_order_operate.html HTTP/1.1" 200 37
117.185.32.26 - - [17/Oct/2020:11:00:02 +0800] "POST /xingrg/kc/buy/cgsh_order_operate.html HTTP/1.1" 200 1812
172.17.0.120 - - [17/Oct/2020:11:00:03 +0800] "GET /xingrg/all/function/internal_message.html?_=1602903599467&CODE_STATE=getMsg HTTP/1.1" 200 27
117.185.32.26 - - [17/Oct/2020:11:00:04 +0800] "GET /xingrg/kc/print/load_data.html?order_code=212020101706901&kc_code=cgsh&condition= HTTP/1.1" 200 1248
114.84.37.38 - - [17/Oct/2020:11:00:04 +0800] "POST /xingrg/kc/buy/cgsh_order_operate.html HTTP/1.1" 200 2658
120.253.135.82 - - [17/Oct/2020:11:00:05 +0800] "GET /xingrg/all/function/internal_message.html?_=1602903351500&CODE_STATE=getMsg HTTP/1.1" 200 27
114.88.166.242 - - [17/Oct/2020:11:00:08 +0800] "GET /xingrg/all/function/internal_message.html?_=1602903692161&CODE_STATE=getMsg HTTP/1.1" 200 27
114.84.37.38 - - [17/Oct/2020:11:00:08 +0800] "GET /xingrg/kc/print/load_data.html?order_code=212020101706903&kc_code=cgsh&condition= HTTP/1.1" 200 680
117.185.32.26 - - [17/Oct/2020:11:00:10 +0800] "GET /xingrg/kc/print/load_data.html?order_code=212020101706901&kc_code=cgsh HTTP/1.1" 200 1248
117.185.32.26 - - [17/Oct/2020:11:00:14 +0800] "GET /xingrg/all/function/internal_message.html?_=1602904051946&CODE_STATE=getMsg HTTP/1.1" 200 27
180.157.253.48 - - [17/Oct/2020:11:00:18 +0800] "GET /xingrg/all/function/internal_message.html?_=1602903623707&CODE_STATE=getMsg HTTP/1.1" 200 27
180.162.245.190 - - [17/Oct/2020:11:00:19 +0800] "GET /xingrg/kc/buy/cgsh_order_operate.html?command=get_materiel&rest_code=00105&code=00101004017&supplier_code=00100323&order_time=2020-10-17 HTTP/1.1" 200 413
172.17.0.115 - - [17/Oct/2020:11:00:20 +0800] "GET /xingrg/all/function/internal_message.html?_=1602903638239&CODE_STATE=getMsg HTTP/1.1" 302 -
114.88.166.242 - - [17/Oct/2020:11:00:25 +0800] "GET /xingrg/all/function/internal_message.html?_=1602903619913&CODE_STATE=getMsg HTTP/1.1" 200 27
180.162.245.190 - - [17/Oct/2020:11:00:26 +0800] "POST /xingrg/kc/buy/cgsh_order_operate.html HTTP/1.1" 200 37
180.162.245.190 - - [17/Oct/2020:11:00:26 +0800] "POST /xingrg/kc/buy/cgsh_order_operate.html HTTP/1.1" 200 8023
180.174.56.115 - - [17/Oct/2020:11:00:27 +0800] "GET /xingrg/all/function/internal_message.html?_=1602903590877&CODE_STATE=getMsg HTTP/1.1" 200 27
180.162.245.190 - - [17/Oct/2020:11:00:27 +0800] "GET /xingrg/kc/print/load_data.html?order_code=212020101706904&kc_code=cgsh&condition= HTTP/1.1" 200 2740
180.162.245.190 - - [17/Oct/2020:11:00:31 +0800] "GET /xingrg/kc/buy/cgsh_order_add.html HTTP/1.1" 200 60047
180.162.245.190 - - [17/Oct/2020:11:00:31 +0800] "POST /xingrg/kc/buy/cgsh_order_operate.html HTTP/1.1" 200 8245
180.162.245.190 - - [17/Oct/2020:11:00:31 +0800] "GET /xingrg/javascript/easyui/themes/default/validatebox.css HTTP/1.1" 404 1104
172.17.0.185 - - [17/Oct/2020:11:00:34 +0800] "GET /xingrg/all/function/internal_message.html?_=1602903630317&CODE_STATE=getMsg HTTP/1.1" 200 27
180.162.245.190 - - [17/Oct/2020:11:00:35 +0800] "GET /xingrg/all/function/internal_message.html?_=1602903634902&CODE_STATE=getMsg HTTP/1.1" 200 27
58.37.8.227 - - [17/Oct/2020:11:00:36 +0800] "GET /xingrg/all/function/internal_message.html?_=1602903238142&CODE_STATE=getMsg HTTP/1.1" 200 27
124.77.70.31 - - [17/Oct/2020:11:00:37 +0800] "GET /xingrg/all/function/internal_message.html?_=1602903623188&CODE_STATE=getMsg HTTP/1.1" 200 27
114.84.37.38 - - [17/Oct/2020:11:00:37 +0800] "GET /xingrg/kc/buy/cgsh_order_add.html HTTP/1.1" 200 60006
114.84.37.38 - - [17/Oct/2020:11:00:39 +0800] "POST /xingrg/kc/buy/cgsh_order_operate.html HTTP/1.1" 200 8245
114.84.37.38 - - [17/Oct/2020:11:00:39 +0800] "GET /xingrg/javascript/easyui/themes/default/validatebox.css HTTP/1.1" 404 1104
172.17.0.105 - - [17/Oct/2020:11:00:40 +0800] "GET /xingrg/check_reg.html?_=1602903651823 HTTP/1.1" 200 22
172.17.0.105 - - [17/Oct/2020:11:00:40 +0800] "GET /xingrg/all/function/internal_message.html?_=1602903651829&CODE_STATE=getMsg HTTP/1.1" 200 27
58.37.8.227 - - [17/Oct/2020:11:00:41 +0800] "GET /xingrg/all/function/internal_message.html?_=1602903640152&CODE_STATE=getMsg HTTP/1.1" 200 27
222.69.137.220 - - [17/Oct/2020:11:00:42 +0800] "GET /xingrg/check_reg.html?_=1602903633379 HTTP/1.1" 200 22
222.69.137.220 - - [17/Oct/2020:11:00:42 +0800] "GET /xingrg/all/function/internal_message.html?_=1602903633376&CODE_STATE=getMsg HTTP/1.1" 200 27
180.162.245.190 - - [17/Oct/2020:11:00:42 +0800] "GET /xingrg/kc/buy/cgsh_order_operate.html?command=get_materiel&rest_code=00105&code=00101001033&supplier_code=00100313&order_time=2020-10-17 HTTP/1.1" 200 417
117.184.7.30 - - [17/Oct/2020:11:00:46 +0800] "GET /xingrg/login.html HTTP/1.1" 200 7641
117.131.5.26 - - [17/Oct/2020:11:00:47 +0800] "GET /xingrg/all/function/internal_message.html?_=1602903669503&CODE_STATE=getMsg HTTP/1.1" 200 27
117.131.5.26 - - [17/Oct/2020:11:00:47 +0800] "GET /xingrg/check_reg.html?_=1602903669504 HTTP/1.1" 200 22
117.185.32.26 - - [17/Oct/2020:11:00:47 +0800] "GET /xingrg/kc/buy/cgsh_order_add.html HTTP/1.1" 200 60006
117.184.7.30 - - [17/Oct/2020:11:00:48 +0800] "GET /favicon.ico HTTP/1.1" 404 -
117.185.32.26 - - [17/Oct/2020:11:00:49 +0800] "GET /xingrg/javascript/easyui/themes/default/validatebox.css HTTP/1.1" 404 1104
117.185.32.26 - - [17/Oct/2020:11:00:49 +0800] "POST /xingrg/kc/buy/cgsh_order_operate.html HTTP/1.1" 200 8245
117.185.32.26 - - [17/Oct/2020:11:00:49 +0800] "GET /xingrg/javascript/easyui/themes/default/tree.css HTTP/1.1" 404 1090
117.185.32.26 - - [17/Oct/2020:11:00:49 +0800] "POST /xingrg/all/common/load_tree.html?tree=supplier_tree_json&isDelete=1 HTTP/1.1" 200 50666
180.161.96.95 - - [17/Oct/2020:11:00:51 +0800] "GET /xingrg/all/function/internal_message.html?_=1602903868235&CODE_STATE=getMsg HTTP/1.1" 200 27
117.184.7.30 - - [17/Oct/2020:11:00:52 +0800] "POST /xingrg/login.do HTTP/1.1" 302 -
117.184.7.30 - - [17/Oct/2020:11:00:52 +0800] "GET /xingrg/index.html?sysBaseUrl=http%3A%2F%2F180.169.147.146%3A18081%2Fxingrg%2F&costTime=93×tamp=1602903652148 HTTP/1.1" 200 17179
117.185.32.26 - - [17/Oct/2020:11:00:52 +0800] "GET /xingrg/all/function/internal_message.html?_=1602903645256&CODE_STATE=getMsg HTTP/1.1" 200 27
117.184.7.30 - - [17/Oct/2020:11:00:53 +0800] "GET /favicon.ico HTTP/1.1" 404 -
180.162.245.190 - - [17/Oct/2020:11:00:53 +0800] "GET /xingrg/kc/buy/cgsh_order_operate.html?command=get_materiel&rest_code=00105&code=00101001106&supplier_code=00100313&order_time=2020-10-17 HTTP/1.1" 200 419
117.184.7.30 - - [17/Oct/2020:11:00:53 +0800] "POST /xingrg/all/common/load_tree.html?tree=area_rest_tree_json&manage=1 HTTP/1.1" 200 470
117.184.7.26 - - [17/Oct/2020:11:00:54 +0800] "GET /xingrg/check_reg.html?_=1602903646042 HTTP/1.1" 200 22
117.184.7.26 - - [17/Oct/2020:11:00:54 +0800] "GET /xingrg/all/function/internal_message.html?_=1602903646039&CODE_STATE=count HTTP/1.1" 200 11
117.184.7.30 - - [17/Oct/2020:11:00:54 +0800] "POST /xingrg/load_menu.html HTTP/1.1" 200 5138
114.84.37.38 - - [17/Oct/2020:11:00:55 +0800] "GET /xingrg/kc/buy/cgsh_order_operate.html?command=get_materiel&rest_code=00146&code=00101008314&supplier_code=00100339&order_time=2020-10-17 HTTP/1.1" 200 413
180.162.245.190 - - [17/Oct/2020:11:00:56 +0800] "GET /xingrg/all/function/internal_message.html?_=1602903636462&CODE_STATE=getMsg HTTP/1.1" 200 27
117.184.7.30 - - [17/Oct/2020:11:00:58 +0800] "POST /xingrg/all/user/operate.html HTTP/1.1" 200 36
117.184.7.30 - - [17/Oct/2020:11:00:58 +0800] "GET /xingrg/index.html?sysBaseUrl=http%3A%2F%2F180.169.147.146%3A18081%2Fxingrg%2F&costTime=93×tamp=1602903652148 HTTP/1.1" 200 17173
117.184.7.30 - - [17/Oct/2020:11:00:58 +0800] "GET /xingrg/javascript/jquery_easy_ui/themes/default/easyui.css HTTP/1.1" 304 -
117.184.7.30 - - [17/Oct/2020:11:00:58 +0800] "GET /xingrg/javascript/jquery_easy_ui/themes/icon.css HTTP/1.1" 304 -
117.184.7.30 - - [17/Oct/2020:11:00:58 +0800] "GET /xingrg/css/form.css HTTP/1.1" 304 -
117.184.7.30 - - [17/Oct/2020:11:00:58 +0800] "GET /xingrg/javascript/jquery-1.4.2.min.js HTTP/1.1" 304 -
117.184.7.30 - - [17/Oct/2020:11:00:58 +0800] "GET /xingrg/javascript/jquery_easy_ui/jquery.easyui.min.js HTTP/1.1" 304 -
117.184.7.30 - - [17/Oct/2020:11:00:58 +0800] "GET /xingrg/javascript/jquery_easy_ui/easyui-lang-zh_CN.js HTTP/1.1" 304 -
117.184.7.30 - - [17/Oct/2020:11:00:58 +0800] "GET /xingrg/javascript/jquery.form.js HTTP/1.1" 304 -
117.184.7.30 - - [17/Oct/2020:11:00:58 +0800] "GET /xingrg/javascript/jquery.utils.js HTTP/1.1" 304 -
117.184.7.30 - - [17/Oct/2020:11:00:58 +0800] "GET /xingrg/javascript/jquery.timers.js HTTP/1.1" 304 -
117.184.7.30 - - [17/Oct/2020:11:00:58 +0800] "GET /xingrg/images/blue/jxLogo.png HTTP/1.1" 304 -
117.184.7.26 - - [17/Oct/2020:11:00:58 +0800] "GET /xingrg/javascript/jquery_easy_ui/themes/icons/settle_new.png HTTP/1.1" 304 -
117.184.7.26 - - [17/Oct/2020:11:00:58 +0800] "GET /xingrg/images/blue/navBackgound.jpg HTTP/1.1" 304 -
117.184.7.26 - - [17/Oct/2020:11:00:58 +0800] "POST /xingrg/all/common/load_tree.html?tree=area_rest_tree_json&manage=1 HTTP/1.1" 200 470
117.184.7.26 - - [17/Oct/2020:11:00:58 +0800] "GET /xingrg/all/function/internal_message.html?_=1602903650812&CODE_STATE=count HTTP/1.1" 200 11
117.184.7.30 - - [17/Oct/2020:11:00:58 +0800] "GET /xingrg/check_reg.html?_=1602903650813 HTTP/1.1" 200 22
117.184.7.26 - - [17/Oct/2020:11:00:58 +0800] "GET /xingrg/javascript/jquery_easy_ui/themes/default/images/tabs_leftarrow.png HTTP/1.1" 304 -
117.184.7.26 - - [17/Oct/2020:11:00:58 +0800] "GET /xingrg/javascript/jquery_easy_ui/themes/default/images/tabs_rightarrow.png HTTP/1.1" 304 -
117.184.7.26 - - [17/Oct/2020:11:00:58 +0800] "POST /xingrg/load_menu.html HTTP/1.1" 200 5138
117.184.7.26 - - [17/Oct/2020:11:00:58 +0800] "GET /xingrg/images/blue/pingpu.png HTTP/1.1" 304 -
117.184.7.26 - - [17/Oct/2020:11:00:58 +0800] "GET /xingrg/javascript/jquery_easy_ui/themes/default/images/panel_tool_collapse.gif HTTP/1.1" 304 -
117.185.32.26 - - [17/Oct/2020:11:00:59 +0800] "GET /xingrg/kc/buy/cgsh_order_operate.html?command=get_materiel&rest_code=00106&code=00101006109&supplier_code=00100015&order_time=2020-10-17 HTTP/1.1" 200 409
114.88.166.242 - - [17/Oct/2020:11:00:59 +0800] "GET /xingrg/all/function/internal_message.html?_=1602903654174&CODE_STATE=getMsg HTTP/1.1" 200 27
58.221.95.50 - - [17/Oct/2020:11:01:00 +0800] "GET /xingrg/all/function/internal_message.html?_=1602903831678&CODE_STATE=getMsg HTTP/1.1" 302 -
58.37.8.227 - - [17/Oct/2020:11:01:02 +0800] "GET /xingrg/check_reg.html?_=1602903264413 HTTP/1.1" 200 22
117.184.7.26 - - [17/Oct/2020:11:01:03 +0800] "GET /xingrg/kc/buy/buy_main.html HTTP/1.1" 200 12412
117.184.7.26 - - [17/Oct/2020:11:01:03 +0800] "GET /xingrg/css/new_ie.css HTTP/1.1" 404 1036
120.253.135.82 - - [17/Oct/2020:11:01:03 +0800] "GET /xingrg/check_reg.html?_=1602903408949 HTTP/1.1" 200 22
172.17.0.120 - - [17/Oct/2020:11:01:03 +0800] "GET /xingrg/all/function/internal_message.html?_=1602903659474&CODE_STATE=getMsg HTTP/1.1" 200 27
117.184.7.26 - - [17/Oct/2020:11:01:04 +0800] "GET /xingrg/kc/buy/cgsh_order_list.html HTTP/1.1" 200 44262
120.253.135.82 - - [17/Oct/2020:11:01:05 +0800] "GET /xingrg/all/function/internal_message.html?_=1602903411513&CODE_STATE=getMsg HTTP/1.1" 200 27
114.84.37.38 - - [17/Oct/2020:11:01:06 +0800] "POST /xingrg/kc/buy/cgsh_order_operate.html HTTP/1.1" 200 37
117.184.7.26 - - [17/Oct/2020:11:01:06 +0800] "POST /xingrg/kc/buy/cgsh_list_operate.html HTTP/1.1" 200 876
117.184.7.26 - - [17/Oct/2020:11:01:07 +0800] "GET /xingrg/kc/buy/cgsh_order_add.html HTTP/1.1" 200 59959
117.184.7.26 - - [17/Oct/2020:11:01:07 +0800] "GET /xingrg/words/20201016171733_words.js HTTP/1.1" 304 -
117.184.7.26 - - [17/Oct/2020:11:01:07 +0800] "POST /xingrg/kc/buy/cgsh_order_operate.html HTTP/1.1" 200 8245
117.184.7.26 - - [17/Oct/2020:11:01:07 +0800] "GET /xingrg/all/common/auto_word.html?type=employee&rest_code=00108 HTTP/1.1" 200 147
117.184.7.26 - - [17/Oct/2020:11:01:07 +0800] "GET /xingrg/all/common/auto_word.html?type=employee&rest_code=00108 HTTP/1.1" 200 147
117.184.7.26 - - [17/Oct/2020:11:01:07 +0800] "GET /xingrg/javascript/easyui/themes/default/validatebox.css HTTP/1.1" 404 1104
114.84.37.38 - - [17/Oct/2020:11:01:07 +0800] "POST /xingrg/kc/buy/cgsh_order_operate.html HTTP/1.1" 200 2656
114.88.166.242 - - [17/Oct/2020:11:01:08 +0800] "GET /xingrg/all/function/internal_message.html?_=1602903752161&CODE_STATE=getMsg HTTP/1.1" 200 27
117.185.32.26 - - [17/Oct/2020:11:01:08 +0800] "GET /xingrg/kc/buy/cgsh_order_operate.html?command=get_materiel&rest_code=00106&code=00101006055&supplier_code=00100015&order_time=2020-10-17 HTTP/1.1" 200 409
117.184.7.26 - - [17/Oct/2020:11:01:09 +0800] "GET /xingrg/javascript/auto/indicator.gif HTTP/1.1" 404 1066
117.184.7.26 - - [17/Oct/2020:11:01:09 +0800] "GET /xingrg/javascript/jquery_tools/images/prev.gif HTTP/1.1" 404 1086
117.184.7.26 - - [17/Oct/2020:11:01:09 +0800] "GET /xingrg/javascript/jquery_tools/images/next.gif HTTP/1.1" 404 1086
114.84.37.38 - - [17/Oct/2020:11:01:11 +0800] "GET /xingrg/kc/print/load_data.html?order_code=212020101706905&kc_code=cgsh&condition= HTTP/1.1" 200 675
117.185.32.26 - - [17/Oct/2020:11:01:14 +0800] "GET /xingrg/all/function/internal_message.html?_=1602904111945&CODE_STATE=getMsg HTTP/1.1" 200 27
117.185.32.26 - - [17/Oct/2020:11:01:15 +0800] "GET /xingrg/kc/buy/cgsh_order_operate.html?command=get_materiel&rest_code=00106&code=00101006133&supplier_code=00100015&order_time=2020-10-17 HTTP/1.1" 200 413
180.157.253.48 - - [17/Oct/2020:11:01:18 +0800] "GET /xingrg/all/function/internal_message.html?_=1602903683780&CODE_STATE=getMsg HTTP/1.1" 200 27
172.17.0.115 - - [17/Oct/2020:11:01:20 +0800] "GET /xingrg/all/function/internal_message.html?_=1602903698246&CODE_STATE=getMsg HTTP/1.1" 302 -
180.162.245.190 - - [17/Oct/2020:11:01:22 +0800] "GET /xingrg/system/info/materiel_import.html?isSelect=1&singleSelect=false HTTP/1.1" 200 5600
180.162.245.190 - - [17/Oct/2020:11:01:23 +0800] "POST /xingrg/all/common/load_tree.html?tree=materiel_sort_tree_json HTTP/1.1" 200 8666
180.162.245.190 - - [17/Oct/2020:11:01:23 +0800] "GET /favicon.ico HTTP/1.1" 404 -
117.185.32.26 - - [17/Oct/2020:11:01:24 +0800] "POST /xingrg/kc/buy/cgsh_order_operate.html HTTP/1.1" 200 37
114.88.166.242 - - [17/Oct/2020:11:01:25 +0800] "GET /xingrg/all/function/internal_message.html?_=1602903679946&CODE_STATE=getMsg HTTP/1.1" 200 27
117.185.32.26 - - [17/Oct/2020:11:01:26 +0800] "POST /xingrg/kc/buy/cgsh_order_operate.html HTTP/1.1" 200 12
117.185.32.26 - - [17/Oct/2020:11:01:27 +0800] "GET /xingrg/kc/buy/cgsh_order_info.html?code=212020101706906 HTTP/1.1" 200 54911
180.162.245.190 - - [17/Oct/2020:11:01:27 +0800] "GET /xingrg/kc/buy/cgsh_order_operate.html?command=get_materiel&rest_code=00105&code=00101001162&supplier_code=00100313&order_time=2020-10-17 HTTP/1.1" 200 413
180.174.56.115 - - [17/Oct/2020:11:01:27 +0800] "GET /xingrg/all/function/internal_message.html?_=1602903650889&CODE_STATE=getMsg HTTP/1.1" 200 27
117.185.32.26 - - [17/Oct/2020:11:01:28 +0800] "GET /xingrg/javascript/easyui/themes/default/validatebox.css HTTP/1.1" 404 1104
117.184.7.26 - - [17/Oct/2020:11:01:28 +0800] "GET /xingrg/kc/buy/cgsh_order_operate.html?command=get_materiel&rest_code=00108&code=00101008256&supplier_code=00100008&order_time=2020-10-17 HTTP/1.1" 200 432
117.185.32.26 - - [17/Oct/2020:11:01:29 +0800] "POST /xingrg/kc/buy/cgsh_order_operate.html HTTP/1.1" 200 1782
117.185.32.26 - - [17/Oct/2020:11:01:29 +0800] "GET /xingrg/kc/print/load_data.html?order_code=212020101706906&kc_code=cgsh&condition= HTTP/1.1" 200 1237
172.17.0.185 - - [17/Oct/2020:11:01:34 +0800] "GET /xingrg/all/function/internal_message.html?_=1602903690319&CODE_STATE=getMsg HTTP/1.1" 200 27
172.17.0.185 - - [17/Oct/2020:11:01:34 +0800] "GET /xingrg/check_reg.html?_=1602903690323 HTTP/1.1" 200 22
180.162.245.190 - - [17/Oct/2020:11:01:35 +0800] "GET /xingrg/all/function/internal_message.html?_=1602903694871&CODE_STATE=getMsg HTTP/1.1" 200 27
117.184.7.26 - - [17/Oct/2020:11:01:36 +0800] "GET /xingrg/kc/buy/cgsh_order_operate.html?command=get_materiel&rest_code=00108&code=00101008027&supplier_code=00100008&order_time=2020-10-17 HTTP/1.1" 200 408
58.37.8.227 - - [17/Oct/2020:11:01:36 +0800] "GET /xingrg/all/function/internal_message.html?_=1602903298112&CODE_STATE=getMsg HTTP/1.1" 200 27
117.185.32.26 - - [17/Oct/2020:11:01:36 +0800] "GET /xingrg/kc/print/load_data.html?order_code=212020101706906&kc_code=cgsh HTTP/1.1" 200 1237
124.77.70.31 - - [17/Oct/2020:11:01:37 +0800] "GET /xingrg/check_reg.html?_=1602903683263 HTTP/1.1" 200 22
124.77.70.31 - - [17/Oct/2020:11:01:37 +0800] "GET /xingrg/all/function/internal_message.html?_=1602903683216&CODE_STATE=getMsg HTTP/1.1" 200 27
114.84.37.38 - - [17/Oct/2020:11:01:37 +0800] "GET /xingrg/kc/buy/cgsh_order_add.html HTTP/1.1" 200 60006
61.129.6.251 - - [17/Oct/2020:11:01:37 +0800] "GET /xingrg/all/function/internal_message.html?_=1602902980125&CODE_STATE=getMsg HTTP/1.1" 302 -
180.162.245.190 - - [17/Oct/2020:11:01:38 +0800] "GET /xingrg/kc/buy/cgsh_order_operate.html?command=get_materiel&rest_code=00105&code=00101001096&supplier_code=00100313&order_time=2020-10-17 HTTP/1.1" 200 413
114.84.37.38 - - [17/Oct/2020:11:01:39 +0800] "POST /xingrg/kc/buy/cgsh_order_operate.html HTTP/1.1" 200 8245
114.84.37.38 - - [17/Oct/2020:11:01:39 +0800] "GET /xingrg/javascript/easyui/themes/default/validatebox.css HTTP/1.1" 404 1104
172.17.0.105 - - [17/Oct/2020:11:01:40 +0800] "GET /xingrg/all/function/internal_message.html?_=1602903711828&CODE_STATE=getMsg HTTP/1.1" 200 27
58.37.8.227 - - [17/Oct/2020:11:01:41 +0800] "GET /xingrg/all/function/internal_message.html?_=1602903700149&CODE_STATE=getMsg HTTP/1.1" 200 27
180.162.245.190 - - [17/Oct/2020:11:01:41 +0800] "GET /xingrg/kc/base/wldb_order_add.html HTTP/1.1" 200 30489
180.162.245.190 - - [17/Oct/2020:11:01:42 +0800] "POST /xingrg/kc/base/wldb_order_operate.html HTTP/1.1" 200 6806
180.162.245.190 - - [17/Oct/2020:11:01:42 +0800] "GET /xingrg/javascript/easyui/themes/default/validatebox.css HTTP/1.1" 404 1104
222.69.137.220 - - [17/Oct/2020:11:01:42 +0800] "GET /xingrg/all/function/internal_message.html?_=1602903693384&CODE_STATE=getMsg HTTP/1.1" 200 27
117.184.7.26 - - [17/Oct/2020:11:01:42 +0800] "GET /xingrg/kc/buy/cgsh_order_operate.html?command=get_materiel&rest_code=00108&code=00101008155&supplier_code=00100008&order_time=2020-10-17 HTTP/1.1" 200 408
180.171.130.158 - - [17/Oct/2020:11:01:42 +0800] "POST /xingrg/services/DataTransmitService HTTP/1.1" 200 524
180.171.130.158 - - [17/Oct/2020:11:01:42 +0800] "POST /xingrg/services/DataTransmitService HTTP/1.1" 200 1767
180.171.130.158 - - [17/Oct/2020:11:01:43 +0800] "POST /xingrg/services/DataTransmitService HTTP/1.1" 200 161536
180.162.245.190 - - [17/Oct/2020:11:01:43 +0800] "POST /xingrg/all/common/load_combo.html?type=base HTTP/1.1" 200 3236
61.129.6.251 - - [17/Oct/2020:11:01:43 +0800] "GET /xingrg/login.html HTTP/1.1" 200 7641
180.162.245.190 - - [17/Oct/2020:11:01:45 +0800] "GET /xingrg/kc/buy/cgsh_order_operate.html?command=get_materiel&rest_code=00105&code=00101014083&supplier_code=00100313&order_time=2020-10-17 HTTP/1.1" 200 410
180.162.245.190 - - [17/Oct/2020:11:01:47 +0800] "POST /xingrg/all/common/load_combo.html?type=base HTTP/1.1" 200 3236
114.84.37.38 - - [17/Oct/2020:11:01:47 +0800] "GET /xingrg/check_reg.html?_=1602903707376 HTTP/1.1" 200 22
117.131.5.26 - - [17/Oct/2020:11:01:47 +0800] "GET /xingrg/all/function/internal_message.html?_=1602903729492&CODE_STATE=getMsg HTTP/1.1" 200 27
117.184.7.26 - - [17/Oct/2020:11:01:48 +0800] "GET /xingrg/kc/buy/cgsh_order_operate.html?command=get_materiel&rest_code=00108&code=00101008350&supplier_code=00100008&order_time=2020-10-17 HTTP/1.1" 200 408
180.161.96.95 - - [17/Oct/2020:11:01:51 +0800] "GET /xingrg/all/function/internal_message.html?_=1602903928609&CODE_STATE=getMsg HTTP/1.1" 200 27
117.185.32.26 - - [17/Oct/2020:11:01:52 +0800] "GET /xingrg/all/function/internal_message.html?_=1602903705232&CODE_STATE=getMsg HTTP/1.1" 200 27
180.162.245.190 - - [17/Oct/2020:11:01:52 +0800] "GET /xingrg/kc/buy/cgsh_order_operate.html?command=get_materiel&rest_code=00105&code=00101001161&supplier_code=00100313&order_time=2020-10-17 HTTP/1.1" 200 409
117.184.7.26 - - [17/Oct/2020:11:01:54 +0800] "GET /xingrg/kc/buy/cgsh_order_operate.html?command=get_materiel&rest_code=00108&code=00101008185&supplier_code=00100008&order_time=2020-10-17 HTTP/1.1" 200 408
61.151.178.197 - - [17/Oct/2020:11:01:55 +0800] "GET /xingrg/check_reg.html?_=1602902920127 HTTP/1.1" 302 -
180.162.245.190 - - [17/Oct/2020:11:01:56 +0800] "GET /xingrg/all/function/internal_message.html?_=1602903696473&CODE_STATE=getMsg HTTP/1.1" 200 27
117.185.32.26 - - [17/Oct/2020:11:01:57 +0800] "GET /xingrg/kc/buy/cgsh_order_add.html HTTP/1.1" 200 60006
117.185.32.26 - - [17/Oct/2020:11:01:58 +0800] "GET /xingrg/javascript/easyui/themes/default/validatebox.css HTTP/1.1" 404 1104
117.185.32.26 - - [17/Oct/2020:11:01:58 +0800] "POST /xingrg/kc/buy/cgsh_order_operate.html HTTP/1.1" 200 8245
117.184.7.26 - - [17/Oct/2020:11:01:58 +0800] "GET /xingrg/all/function/internal_message.html?_=1602903710820&CODE_STATE=getMsg HTTP/1.1" 200 27
