180.161.96.95 - - [17/Oct/2020:09:25:29 +0800] "GET /xingrg/kc/buy/cgsh_order_operate.html?command=get_materiel&rest_code=00102&code=00101006019&supplier_code=00100011&order_time=2020-10-17 HTTP/1.1" 200 417
114.88.166.242 - - [17/Oct/2020:09:25:33 +0800] "GET /xingrg/kc/buy/cgsh_order_operate.html?command=get_materiel&rest_code=00111&code=00101008005&supplier_code=00100005&order_time=2020-10-17 HTTP/1.1" 200 412
172.17.0.185 - - [17/Oct/2020:09:25:34 +0800] "GET /xingrg/all/function/internal_message.html?_=1602897930314&CODE_STATE=getMsg HTTP/1.1" 200 27
124.77.70.31 - - [17/Oct/2020:09:25:37 +0800] "GET /xingrg/all/function/internal_message.html?_=1602897923115&CODE_STATE=getMsg HTTP/1.1" 200 27
58.37.8.227 - - [17/Oct/2020:09:25:38 +0800] "GET /xingrg/all/function/internal_message.html?_=1602897540258&CODE_STATE=getMsg HTTP/1.1" 200 27
172.17.0.105 - - [17/Oct/2020:09:25:40 +0800] "GET /xingrg/all/function/internal_message.html?_=1602897951543&CODE_STATE=getMsg HTTP/1.1" 200 27
172.17.0.105 - - [17/Oct/2020:09:25:40 +0800] "GET /xingrg/check_reg.html?_=1602897951546 HTTP/1.1" 200 22
58.37.8.227 - - [17/Oct/2020:09:25:41 +0800] "GET /xingrg/all/function/internal_message.html?_=1602897939966&CODE_STATE=getMsg HTTP/1.1" 200 27
114.88.166.242 - - [17/Oct/2020:09:25:41 +0800] "GET /xingrg/kc/buy/cgsh_order_operate.html?command=get_materiel&rest_code=00111&code=00101008353&supplier_code=00100005&order_time=2020-10-17 HTTP/1.1" 200 408
222.69.137.220 - - [17/Oct/2020:09:25:42 +0800] "GET /xingrg/all/function/internal_message.html?_=1602897933230&CODE_STATE=getMsg HTTP/1.1" 200 27
222.69.137.220 - - [17/Oct/2020:09:25:42 +0800] "GET /xingrg/check_reg.html?_=1602897933234 HTTP/1.1" 200 22
180.161.96.95 - - [17/Oct/2020:09:25:42 +0800] "GET /xingrg/all/function/internal_message.html?_=1602898158972&CODE_STATE=getMsg HTTP/1.1" 200 27
124.77.70.31 - - [17/Oct/2020:09:25:42 +0800] "GET /xingrg/kc/buy/cgsh_order_operate.html?command=get_materiel&rest_code=00107&code=00101008163&supplier_code=00100006&order_time=2020-10-17 HTTP/1.1" 200 409
114.88.166.242 - - [17/Oct/2020:09:25:46 +0800] "GET /xingrg/all/function/internal_message.html?_=1602898030181&CODE_STATE=getMsg HTTP/1.1" 200 27
222.69.137.220 - - [17/Oct/2020:09:25:47 +0800] "GET /xingrg/kc/buy/cgsh_order_add.html HTTP/1.1" 200 60053
222.69.137.220 - - [17/Oct/2020:09:25:48 +0800] "POST /xingrg/kc/buy/cgsh_order_operate.html HTTP/1.1" 200 8245
222.69.137.220 - - [17/Oct/2020:09:25:48 +0800] "GET /xingrg/javascript/easyui/themes/default/validatebox.css HTTP/1.1" 404 1104
101.89.239.216 - - [17/Oct/2020:09:25:50 +0800] "GET /xingrg/check_reg.html?_=1602897219947 HTTP/1.1" 302 -
116.232.50.83 - - [17/Oct/2020:09:25:51 +0800] "GET /xingrg/all/function/internal_message.html?_=1602897965843&CODE_STATE=getMsg HTTP/1.1" 200 27
114.88.166.242 - - [17/Oct/2020:09:25:52 +0800] "GET /xingrg/kc/buy/cgsh_order_operate.html?command=get_materiel&rest_code=00111&code=00101008328&supplier_code=00100005&order_time=2020-10-17 HTTP/1.1" 200 429
222.69.137.220 - - [17/Oct/2020:09:25:53 +0800] "POST /xingrg/kc/buy/cgsh_list_operate.html HTTP/1.1" 200 1690
114.88.166.242 - - [17/Oct/2020:09:25:55 +0800] "POST /xingrg/kc/buy/cgsh_order_operate.html HTTP/1.1" 200 2065
222.69.137.220 - - [17/Oct/2020:09:25:55 +0800] "POST /xingrg/kc/buy/cgsh_list_operate.html HTTP/1.1" 200 570
101.89.239.216 - - [17/Oct/2020:09:25:56 +0800] "GET /xingrg/login.html HTTP/1.1" 200 7641
180.174.56.115 - - [17/Oct/2020:09:25:59 +0800] "GET /xingrg/check_reg.html?_=1602897922501 HTTP/1.1" 200 22
222.69.137.220 - - [17/Oct/2020:09:25:59 +0800] "POST /xingrg/kc/buy/cgsh_list_operate.html HTTP/1.1" 200 4
114.88.166.242 - - [17/Oct/2020:09:25:59 +0800] "GET /xingrg/kc/buy/cgsh_order_operate.html?command=get_materiel&rest_code=00111&code=00101008085&supplier_code=00100005&order_time=2020-10-17 HTTP/1.1" 200 412
180.174.56.115 - - [17/Oct/2020:09:26:00 +0800] "GET /xingrg/all/function/internal_message.html?_=1602897923219&CODE_STATE=getMsg HTTP/1.1" 200 27
58.37.8.227 - - [17/Oct/2020:09:26:02 +0800] "GET /xingrg/check_reg.html?_=1602897564157 HTTP/1.1" 200 22
58.221.95.50 - - [17/Oct/2020:09:26:02 +0800] "GET /xingrg/all/function/internal_message.html?_=1602898133915&CODE_STATE=getMsg HTTP/1.1" 302 -
120.253.135.82 - - [17/Oct/2020:09:26:02 +0800] "GET /xingrg/check_reg.html?_=1602897708468 HTTP/1.1" 200 22
180.174.56.115 - - [17/Oct/2020:09:26:02 +0800] "GET /xingrg/all/function/internal_message.html?_=1602897959924&CODE_STATE=getMsg HTTP/1.1" 200 27
120.253.135.82 - - [17/Oct/2020:09:26:04 +0800] "GET /xingrg/all/function/internal_message.html?_=1602897709817&CODE_STATE=getMsg HTTP/1.1" 200 27
114.88.166.242 - - [17/Oct/2020:09:26:05 +0800] "GET /xingrg/kc/buy/cgsh_order_operate.html?command=get_materiel&rest_code=00111&code=00101008114&supplier_code=00100005&order_time=2020-10-17 HTTP/1.1" 200 412
124.77.70.31 - - [17/Oct/2020:09:26:06 +0800] "GET /xingrg/kc/buy/cgsh_order_operate.html?command=get_materiel&rest_code=00107&code=00101008360&supplier_code=00100006&order_time=2020-10-17 HTTP/1.1" 200 413
180.162.245.190 - - [17/Oct/2020:09:26:06 +0800] "GET /xingrg/all/function/internal_message.html?_=1602897965988&CODE_STATE=getMsg HTTP/1.1" 200 27
114.88.166.242 - - [17/Oct/2020:09:26:11 +0800] "GET /xingrg/kc/buy/cgsh_order_operate.html?command=get_materiel&rest_code=00111&code=00101008131&supplier_code=00100005&order_time=2020-10-17 HTTP/1.1" 200 408
180.161.96.95 - - [17/Oct/2020:09:26:14 +0800] "GET /xingrg/kc/buy/cgsh_order_operate.html?command=get_materiel&rest_code=00102&code=00101006109&supplier_code=00100011&order_time=2020-10-17 HTTP/1.1" 200 409
114.88.166.242 - - [17/Oct/2020:09:26:17 +0800] "GET /xingrg/kc/buy/cgsh_order_operate.html?command=get_materiel&rest_code=00111&code=00101008091&supplier_code=00100005&order_time=2020-10-17 HTTP/1.1" 200 432
180.157.253.48 - - [17/Oct/2020:09:26:17 +0800] "GET /xingrg/check_reg.html?_=1602897983088 HTTP/1.1" 200 22
180.157.253.48 - - [17/Oct/2020:09:26:18 +0800] "GET /xingrg/all/function/internal_message.html?_=1602897983271&CODE_STATE=getMsg HTTP/1.1" 200 27
172.17.0.115 - - [17/Oct/2020:09:26:19 +0800] "GET /xingrg/all/function/internal_message.html?_=1602897996963&CODE_STATE=getMsg HTTP/1.1" 302 -
124.77.70.31 - - [17/Oct/2020:09:26:19 +0800] "GET /xingrg/kc/buy/cgsh_order_operate.html?command=get_materiel&rest_code=00107&code=00101008196&supplier_code=00100006&order_time=2020-10-17 HTTP/1.1" 200 416
101.91.60.11 - - [17/Oct/2020:09:26:22 +0800] "GET /xingrg/all/function/internal_message.html?_=1602897159948&CODE_STATE=getMsg HTTP/1.1" 302 -
180.161.96.95 - - [17/Oct/2020:09:26:26 +0800] "GET /xingrg/kc/buy/cgsh_order_operate.html?command=get_materiel&rest_code=00102&code=00101006195&supplier_code=00100011&order_time=2020-10-17 HTTP/1.1" 200 409
114.88.166.242 - - [17/Oct/2020:09:26:31 +0800] "GET /xingrg/kc/buy/cgsh_order_operate.html?command=get_materiel&rest_code=00111&code=00101008055&supplier_code=00100005&order_time=2020-10-17 HTTP/1.1" 200 409
101.91.60.11 - - [17/Oct/2020:09:26:31 +0800] "GET /xingrg/login.html HTTP/1.1" 200 7641
124.77.70.31 - - [17/Oct/2020:09:26:31 +0800] "GET /xingrg/kc/buy/cgsh_order_operate.html?command=get_materiel&rest_code=00107&code=00101008223&supplier_code=00100006&order_time=2020-10-17 HTTP/1.1" 200 431
114.88.166.242 - - [17/Oct/2020:09:26:32 +0800] "POST /xingrg/kc/buy/cgsh_order_operate.html HTTP/1.1" 200 2065
172.17.0.185 - - [17/Oct/2020:09:26:34 +0800] "GET /xingrg/all/function/internal_message.html?_=1602897990317&CODE_STATE=getMsg HTTP/1.1" 200 27
172.17.0.185 - - [17/Oct/2020:09:26:34 +0800] "GET /xingrg/check_reg.html?_=1602897990329 HTTP/1.1" 200 22
222.69.137.220 - - [17/Oct/2020:09:26:36 +0800] "POST /xingrg/kc/buy/cgsh_list_operate.html HTTP/1.1" 200 876
124.77.70.31 - - [17/Oct/2020:09:26:37 +0800] "GET /xingrg/check_reg.html?_=1602897983104 HTTP/1.1" 200 22
124.77.70.31 - - [17/Oct/2020:09:26:37 +0800] "GET /xingrg/all/function/internal_message.html?_=1602897983106&CODE_STATE=getMsg HTTP/1.1" 200 27
58.37.8.227 - - [17/Oct/2020:09:26:38 +0800] "GET /xingrg/all/function/internal_message.html?_=1602897600231&CODE_STATE=getMsg HTTP/1.1" 200 27
172.17.0.105 - - [17/Oct/2020:09:26:40 +0800] "GET /xingrg/all/function/internal_message.html?_=1602898011545&CODE_STATE=getMsg HTTP/1.1" 200 27
222.69.137.220 - - [17/Oct/2020:09:26:40 +0800] "GET /xingrg/kc/buy/cgsh_order_add.html HTTP/1.1" 200 60053
222.69.137.220 - - [17/Oct/2020:09:26:40 +0800] "POST /xingrg/kc/buy/cgsh_order_operate.html HTTP/1.1" 200 8245
222.69.137.220 - - [17/Oct/2020:09:26:40 +0800] "GET /xingrg/javascript/easyui/themes/default/validatebox.css HTTP/1.1" 404 1104
222.69.137.220 - - [17/Oct/2020:09:26:40 +0800] "POST /xingrg/kc/buy/cgsh_list_operate.html HTTP/1.1" 200 876
58.37.8.227 - - [17/Oct/2020:09:26:41 +0800] "GET /xingrg/all/function/internal_message.html?_=1602897999965&CODE_STATE=getMsg HTTP/1.1" 200 27
222.69.137.220 - - [17/Oct/2020:09:26:42 +0800] "GET /xingrg/all/function/internal_message.html?_=1602897993240&CODE_STATE=getMsg HTTP/1.1" 200 27
180.161.96.95 - - [17/Oct/2020:09:26:42 +0800] "GET /xingrg/all/function/internal_message.html?_=1602898218985&CODE_STATE=getMsg HTTP/1.1" 200 27
124.77.70.31 - - [17/Oct/2020:09:26:42 +0800] "GET /xingrg/kc/buy/cgsh_order_operate.html?command=get_materiel&rest_code=00107&code=00101008357&supplier_code=00100006&order_time=2020-10-17 HTTP/1.1" 200 428
114.88.166.242 - - [17/Oct/2020:09:26:43 +0800] "GET /xingrg/kc/buy/cgsh_order_operate.html?command=get_materiel&rest_code=00111&code=00101019254&supplier_code=00100005&order_time=2020-10-17 HTTP/1.1" 200 447
114.88.166.242 - - [17/Oct/2020:09:26:45 +0800] "POST /xingrg/all/common/load_select.html HTTP/1.1" 200 25
114.88.166.242 - - [17/Oct/2020:09:26:46 +0800] "GET /xingrg/check_reg.html?_=1602898090186 HTTP/1.1" 200 22
114.88.166.242 - - [17/Oct/2020:09:26:46 +0800] "GET /xingrg/all/function/internal_message.html?_=1602898090187&CODE_STATE=getMsg HTTP/1.1" 200 27
114.84.37.38 - - [17/Oct/2020:09:26:47 +0800] "GET /xingrg/check_reg.html?_=1602898007220 HTTP/1.1" 200 22
61.129.7.236 - - [17/Oct/2020:09:26:48 +0800] "GET /xingrg/all/function/internal_message.html?_=1602897279948&CODE_STATE=getMsg HTTP/1.1" 302 -
114.88.166.242 - - [17/Oct/2020:09:26:49 +0800] "GET /xingrg/kc/buy/cgsh_order_operate.html?command=get_materiel_price&rest_code=00111&code=00101019254&unit_code=00100040&supplier_code=00100005&order_time=2020-10-17 HTTP/1.1" 200 27
116.232.50.83 - - [17/Oct/2020:09:26:50 +0800] "GET /xingrg/all/function/internal_message.html?_=1602898025859&CODE_STATE=getMsg HTTP/1.1" 200 27
124.77.70.31 - - [17/Oct/2020:09:26:50 +0800] "GET /xingrg/kc/buy/cgsh_order_operate.html?command=get_materiel&rest_code=00107&code=00101008005&supplier_code=00100006&order_time=2020-10-17 HTTP/1.1" 200 412
172.17.0.120 - - [17/Oct/2020:09:26:51 +0800] "GET /xingrg/index.html HTTP/1.1" 302 -
172.17.0.120 - - [17/Oct/2020:09:26:51 +0800] "GET /xingrg/login.html HTTP/1.1" 200 7636
172.17.0.120 - - [17/Oct/2020:09:26:52 +0800] "GET /xingrg/images/blue/login_bg.png HTTP/1.1" 200 22101
172.17.0.120 - - [17/Oct/2020:09:26:52 +0800] "GET /xingrg/images/blue/hj.png HTTP/1.1" 200 1014
172.17.0.120 - - [17/Oct/2020:09:26:52 +0800] "GET /xingrg/images/blue/srbg.png HTTP/1.1" 200 138
172.17.0.120 - - [17/Oct/2020:09:26:52 +0800] "GET /favicon.ico HTTP/1.1" 404 -
61.129.7.236 - - [17/Oct/2020:09:26:56 +0800] "GET /xingrg/login.html HTTP/1.1" 200 7641
114.88.166.242 - - [17/Oct/2020:09:26:57 +0800] "GET /xingrg/kc/buy/cgsh_order_operate.html?command=get_materiel&rest_code=00111&code=00101008003&supplier_code=00100005&order_time=2020-10-17 HTTP/1.1" 200 408
222.69.137.220 - - [17/Oct/2020:09:26:57 +0800] "GET /xingrg/kc/buy/cgsh_order_operate.html?command=get_materiel&rest_code=00149&code=00101009109&supplier_code=00100201&order_time=2020-10-17 HTTP/1.1" 200 421
172.17.0.120 - - [17/Oct/2020:09:26:59 +0800] "POST /xingrg/login.do HTTP/1.1" 302 -
172.17.0.120 - - [17/Oct/2020:09:26:59 +0800] "GET /xingrg/index.html?sysBaseUrl=http%3A%2F%2F172.17.0.8%3A18081%2Fxingrg%2F&costTime=40×tamp=1602898019440 HTTP/1.1" 200 17448
172.17.0.120 - - [17/Oct/2020:09:26:59 +0800] "GET /favicon.ico HTTP/1.1" 404 -
172.17.0.120 - - [17/Oct/2020:09:26:59 +0800] "POST /xingrg/all/common/load_tree.html?tree=area_rest_tree_json&manage=1 HTTP/1.1" 200 3216
172.17.0.120 - - [17/Oct/2020:09:26:59 +0800] "GET /xingrg/all/function/internal_message.html?_=1602898015411&CODE_STATE=count HTTP/1.1" 200 11
172.17.0.120 - - [17/Oct/2020:09:26:59 +0800] "GET /xingrg/check_reg.html?_=1602898015412 HTTP/1.1" 200 22
172.17.0.120 - - [17/Oct/2020:09:26:59 +0800] "GET /xingrg/images/blue/pingpu.png HTTP/1.1" 304 -
172.17.0.120 - - [17/Oct/2020:09:26:59 +0800] "GET /xingrg/javascript/jquery_easy_ui/themes/default/images/panel_tool_expand.gif HTTP/1.1" 304 -
172.17.0.120 - - [17/Oct/2020:09:26:59 +0800] "GET /xingrg/javascript/jquery_easy_ui/themes/default/images/panel_tool_collapse.gif HTTP/1.1" 304 -
172.17.0.120 - - [17/Oct/2020:09:26:59 +0800] "POST /xingrg/load_menu.html HTTP/1.1" 200 11408
180.174.56.115 - - [17/Oct/2020:09:27:00 +0800] "GET /xingrg/all/function/internal_message.html?_=1602897983233&CODE_STATE=getMsg HTTP/1.1" 200 27
124.77.70.31 - - [17/Oct/2020:09:27:00 +0800] "GET /xingrg/kc/buy/cgsh_order_operate.html?command=get_materiel&rest_code=00107&code=00101008264&supplier_code=00100006&order_time=2020-10-17 HTTP/1.1" 200 412
58.221.95.50 - - [17/Oct/2020:09:27:02 +0800] "GET /xingrg/all/function/internal_message.html?_=1602898193893&CODE_STATE=getMsg HTTP/1.1" 302 -
180.174.56.115 - - [17/Oct/2020:09:27:03 +0800] "GET /xingrg/all/function/internal_message.html?_=1602898019973&CODE_STATE=getMsg HTTP/1.1" 200 27
114.88.166.242 - - [17/Oct/2020:09:27:03 +0800] "GET /xingrg/kc/buy/cgsh_order_operate.html?command=get_materiel&rest_code=00111&code=00101008361&supplier_code=00100005&order_time=2020-10-17 HTTP/1.1" 200 408
172.17.0.120 - - [17/Oct/2020:09:27:03 +0800] "POST /xingrg/all/user/operate.html HTTP/1.1" 200 36
172.17.0.120 - - [17/Oct/2020:09:27:03 +0800] "GET /xingrg/index.html?sysBaseUrl=http%3A%2F%2F172.17.0.8%3A18081%2Fxingrg%2F&costTime=40×tamp=1602898019440 HTTP/1.1" 200 17448
172.17.0.120 - - [17/Oct/2020:09:27:03 +0800] "GET /xingrg/javascript/jquery_easy_ui/themes/default/easyui.css HTTP/1.1" 304 -
172.17.0.120 - - [17/Oct/2020:09:27:03 +0800] "GET /xingrg/javascript/jquery_easy_ui/themes/icon.css HTTP/1.1" 304 -
172.17.0.120 - - [17/Oct/2020:09:27:03 +0800] "GET /xingrg/css/form.css HTTP/1.1" 304 -
172.17.0.120 - - [17/Oct/2020:09:27:03 +0800] "GET /xingrg/javascript/jquery-1.4.2.min.js HTTP/1.1" 304 -
172.17.0.120 - - [17/Oct/2020:09:27:03 +0800] "GET /xingrg/javascript/jquery_easy_ui/jquery.easyui.min.js HTTP/1.1" 304 -
172.17.0.120 - - [17/Oct/2020:09:27:03 +0800] "GET /xingrg/javascript/jquery_easy_ui/easyui-lang-zh_CN.js HTTP/1.1" 304 -
172.17.0.120 - - [17/Oct/2020:09:27:03 +0800] "GET /xingrg/javascript/jquery.form.js HTTP/1.1" 304 -
172.17.0.120 - - [17/Oct/2020:09:27:03 +0800] "GET /xingrg/javascript/jquery.utils.js HTTP/1.1" 304 -
172.17.0.120 - - [17/Oct/2020:09:27:03 +0800] "GET /xingrg/javascript/jquery.timers.js HTTP/1.1" 304 -
172.17.0.120 - - [17/Oct/2020:09:27:03 +0800] "GET /xingrg/images/blue/jxLogo.png HTTP/1.1" 304 -
172.17.0.120 - - [17/Oct/2020:09:27:03 +0800] "GET /xingrg/images/blue/navBackgound.jpg HTTP/1.1" 304 -
172.17.0.120 - - [17/Oct/2020:09:27:03 +0800] "GET /xingrg/javascript/jquery_easy_ui/themes/icons/settle_new.png HTTP/1.1" 304 -
172.17.0.120 - - [17/Oct/2020:09:27:03 +0800] "POST /xingrg/all/common/load_tree.html?tree=area_rest_tree_json&manage=1 HTTP/1.1" 200 3216
172.17.0.120 - - [17/Oct/2020:09:27:03 +0800] "GET /xingrg/all/function/internal_message.html?_=1602898019458&CODE_STATE=count HTTP/1.1" 200 11
172.17.0.120 - - [17/Oct/2020:09:27:03 +0800] "GET /xingrg/check_reg.html?_=1602898019459 HTTP/1.1" 200 22
172.17.0.120 - - [17/Oct/2020:09:27:03 +0800] "GET /xingrg/javascript/jquery_easy_ui/themes/default/images/tabs_leftarrow.png HTTP/1.1" 304 -
172.17.0.120 - - [17/Oct/2020:09:27:03 +0800] "GET /xingrg/javascript/jquery_easy_ui/themes/default/images/panel_tool_expand.gif HTTP/1.1" 304 -
172.17.0.120 - - [17/Oct/2020:09:27:03 +0800] "GET /xingrg/javascript/jquery_easy_ui/themes/default/images/panel_tool_collapse.gif HTTP/1.1" 304 -
172.17.0.120 - - [17/Oct/2020:09:27:03 +0800] "GET /xingrg/javascript/jquery_easy_ui/themes/default/images/tabs_rightarrow.png HTTP/1.1" 304 -
172.17.0.120 - - [17/Oct/2020:09:27:03 +0800] "GET /xingrg/images/blue/pingpu.png HTTP/1.1" 304 -
172.17.0.120 - - [17/Oct/2020:09:27:03 +0800] "POST /xingrg/load_menu.html HTTP/1.1" 200 9924
120.253.135.82 - - [17/Oct/2020:09:27:04 +0800] "GET /xingrg/all/function/internal_message.html?_=1602897769830&CODE_STATE=getMsg HTTP/1.1" 200 27
172.17.0.120 - - [17/Oct/2020:09:27:04 +0800] "GET /xingrg/kc/buy/buy_main.html HTTP/1.1" 200 12377
172.17.0.120 - - [17/Oct/2020:09:27:04 +0800] "GET /xingrg/css/new_ie.css HTTP/1.1" 404 1036
172.17.0.120 - - [17/Oct/2020:09:27:05 +0800] "GET /xingrg/images/yd/bt.gif HTTP/1.1" 404 1040
172.17.0.120 - - [17/Oct/2020:09:27:05 +0800] "GET /xingrg/kc/buy/cgsh_order_list.html HTTP/1.1" 200 44497
172.17.0.120 - - [17/Oct/2020:09:27:06 +0800] "POST /xingrg/kc/buy/cgsh_list_operate.html HTTP/1.1" 200 876
180.162.245.190 - - [17/Oct/2020:09:27:06 +0800] "GET /xingrg/all/function/internal_message.html?_=1602898025986&CODE_STATE=getMsg HTTP/1.1" 200 27
180.161.96.95 - - [17/Oct/2020:09:27:07 +0800] "GET /xingrg/kc/buy/cgsh_order_operate.html?command=get_materiel&rest_code=00102&code=00101006063&supplier_code=00100011&order_time=2020-10-17 HTTP/1.1" 200 413
172.17.0.120 - - [17/Oct/2020:09:27:08 +0800] "GET /xingrg/javascript/jquery_tools/images/next.gif HTTP/1.1" 404 1086
172.17.0.120 - - [17/Oct/2020:09:27:08 +0800] "GET /xingrg/javascript/jquery_tools/images/prev.gif HTTP/1.1" 404 1086
114.88.166.242 - - [17/Oct/2020:09:27:12 +0800] "GET /xingrg/kc/buy/cgsh_order_operate.html?command=get_materiel&rest_code=00111&code=00101008356&supplier_code=00100005&order_time=2020-10-17 HTTP/1.1" 200 408
172.17.0.120 - - [17/Oct/2020:09:27:12 +0800] "POST /xingrg/kc/buy/cgsh_list_operate.html HTTP/1.1" 200 876
124.77.70.31 - - [17/Oct/2020:09:27:12 +0800] "GET /xingrg/kc/buy/cgsh_order_operate.html?command=get_materiel&rest_code=00107&code=00101008062&supplier_code=00100006&order_time=2020-10-17 HTTP/1.1" 200 408
114.88.166.242 - - [17/Oct/2020:09:27:15 +0800] "POST /xingrg/kc/buy/cgsh_order_operate.html HTTP/1.1" 200 2065
180.157.253.48 - - [17/Oct/2020:09:27:18 +0800] "GET /xingrg/all/function/internal_message.html?_=1602898043286&CODE_STATE=getMsg HTTP/1.1" 200 27
114.88.166.242 - - [17/Oct/2020:09:27:18 +0800] "GET /xingrg/kc/buy/cgsh_order_operate.html?command=get_materiel&rest_code=00111&code=00101008295&supplier_code=00100005&order_time=2020-10-17 HTTP/1.1" 200 432
172.17.0.115 - - [17/Oct/2020:09:27:19 +0800] "GET /xingrg/all/function/internal_message.html?_=1602898056970&CODE_STATE=getMsg HTTP/1.1" 302 -
180.161.96.95 - - [17/Oct/2020:09:27:19 +0800] "GET /xingrg/kc/buy/cgsh_order_operate.html?command=get_materiel&rest_code=00102&code=00101006193&supplier_code=00100011&order_time=2020-10-17 HTTP/1.1" 200 409
61.151.178.165 - - [17/Oct/2020:09:27:21 +0800] "GET /xingrg/all/function/internal_message.html?_=1602897219949&CODE_STATE=getMsg HTTP/1.1" 302 -
180.161.96.95 - - [17/Oct/2020:09:27:28 +0800] "GET /xingrg/kc/buy/cgsh_order_operate.html?command=get_materiel&rest_code=00102&code=00101006065&supplier_code=00100011&order_time=2020-10-17 HTTP/1.1" 200 409
124.77.70.31 - - [17/Oct/2020:09:27:28 +0800] "GET /xingrg/kc/buy/cgsh_order_operate.html?command=get_materiel&rest_code=00107&code=00101008318&supplier_code=00100006&order_time=2020-10-17 HTTP/1.1" 200 427
114.88.166.242 - - [17/Oct/2020:09:27:29 +0800] "GET /xingrg/kc/buy/cgsh_order_operate.html?command=get_materiel&rest_code=00111&code=00101008305&supplier_code=00100005&order_time=2020-10-17 HTTP/1.1" 200 412
116.232.50.83 - - [17/Oct/2020:09:27:30 +0800] "GET /xingrg/javascript/jquery_easy_ui/themes/default/images/button_plain_hover.png HTTP/1.1" 304 -
61.151.178.165 - - [17/Oct/2020:09:27:31 +0800] "GET /xingrg/login.html HTTP/1.1" 200 7641
116.232.50.83 - - [17/Oct/2020:09:27:31 +0800] "GET /xingrg/javascript/jquery_easy_ui/themes/icons/rest.png HTTP/1.1" 304 -
116.232.50.83 - - [17/Oct/2020:09:27:31 +0800] "GET /xingrg/javascript/jquery_easy_ui/themes/icons/area.png HTTP/1.1" 304 -
172.17.0.185 - - [17/Oct/2020:09:27:34 +0800] "GET /xingrg/all/function/internal_message.html?_=1602898050317&CODE_STATE=getMsg HTTP/1.1" 200 27
124.77.70.31 - - [17/Oct/2020:09:27:37 +0800] "GET /xingrg/all/function/internal_message.html?_=1602898043103&CODE_STATE=getMsg HTTP/1.1" 200 27
180.161.96.95 - - [17/Oct/2020:09:27:37 +0800] "GET /xingrg/kc/buy/cgsh_order_operate.html?command=get_materiel&rest_code=00102&code=00101006133&supplier_code=00100011&order_time=2020-10-17 HTTP/1.1" 200 413
58.37.8.227 - - [17/Oct/2020:09:27:38 +0800] "GET /xingrg/all/function/internal_message.html?_=1602897660205&CODE_STATE=getMsg HTTP/1.1" 200 27
124.77.70.31 - - [17/Oct/2020:09:27:40 +0800] "GET /xingrg/kc/buy/cgsh_order_operate.html?command=get_materiel&rest_code=00107&code=00101008323&supplier_code=00100006&order_time=2020-10-17 HTTP/1.1" 200 408
172.17.0.105 - - [17/Oct/2020:09:27:40 +0800] "GET /xingrg/all/function/internal_message.html?_=1602898071555&CODE_STATE=getMsg HTTP/1.1" 200 27
58.37.8.227 - - [17/Oct/2020:09:27:41 +0800] "GET /xingrg/all/function/internal_message.html?_=1602898059962&CODE_STATE=getMsg HTTP/1.1" 200 27
222.69.137.220 - - [17/Oct/2020:09:27:42 +0800] "GET /xingrg/all/function/internal_message.html?_=1602898053240&CODE_STATE=getMsg HTTP/1.1" 200 27
180.161.96.95 - - [17/Oct/2020:09:27:42 +0800] "GET /xingrg/all/function/internal_message.html?_=1602898279000&CODE_STATE=getMsg HTTP/1.1" 200 27
114.88.166.242 - - [17/Oct/2020:09:27:46 +0800] "GET /xingrg/all/function/internal_message.html?_=1602898150167&CODE_STATE=getMsg HTTP/1.1" 200 27
114.88.166.242 - - [17/Oct/2020:09:27:46 +0800] "POST /xingrg/kc/buy/cgsh_order_operate.html HTTP/1.1" 200 2065
124.77.70.31 - - [17/Oct/2020:09:27:49 +0800] "GET /xingrg/kc/buy/cgsh_order_operate.html?command=get_materiel&rest_code=00107&code=00101008175&supplier_code=00100006&order_time=2020-10-17 HTTP/1.1" 200 412
114.88.166.242 - - [17/Oct/2020:09:27:50 +0800] "GET /xingrg/kc/buy/cgsh_order_operate.html?command=get_materiel&rest_code=00111&code=00101008276&supplier_code=00100005&order_time=2020-10-17 HTTP/1.1" 200 412
124.77.70.31 - - [17/Oct/2020:09:27:56 +0800] "GET /xingrg/kc/buy/cgsh_order_operate.html?command=get_materiel&rest_code=00107&code=00101008302&supplier_code=00100006&order_time=2020-10-17 HTTP/1.1" 200 412
180.174.56.115 - - [17/Oct/2020:09:28:00 +0800] "GET /xingrg/all/function/internal_message.html?_=1602898043247&CODE_STATE=getMsg HTTP/1.1" 200 27
114.88.166.242 - - [17/Oct/2020:09:28:01 +0800] "GET /xingrg/kc/buy/cgsh_order_operate.html?command=get_materiel&rest_code=00111&code=00101008277&supplier_code=00100005&order_time=2020-10-17 HTTP/1.1" 200 412
172.17.0.115 - - [17/Oct/2020:09:28:02 +0800] "GET /xingrg/check_reg.html?_=1602898100079 HTTP/1.1" 302 -
58.221.95.50 - - [17/Oct/2020:09:28:02 +0800] "GET /xingrg/all/function/internal_message.html?_=1602898253861&CODE_STATE=getMsg HTTP/1.1" 302 -
180.174.56.115 - - [17/Oct/2020:09:28:03 +0800] "GET /xingrg/all/function/internal_message.html?_=1602898080022&CODE_STATE=getMsg HTTP/1.1" 200 27
172.17.0.120 - - [17/Oct/2020:09:28:03 +0800] "GET /xingrg/all/function/internal_message.html?_=1602898079478&CODE_STATE=getMsg HTTP/1.1" 200 27
120.253.135.82 - - [17/Oct/2020:09:28:04 +0800] "GET /xingrg/all/function/internal_message.html?_=1602897829843&CODE_STATE=getMsg HTTP/1.1" 200 27
124.77.70.31 - - [17/Oct/2020:09:28:04 +0800] "GET /xingrg/kc/buy/cgsh_order_operate.html?command=get_materiel&rest_code=00107&code=00101008027&supplier_code=00100006&order_time=2020-10-17 HTTP/1.1" 200 410
180.162.245.190 - - [17/Oct/2020:09:28:06 +0800] "GET /xingrg/all/function/internal_message.html?_=1602898085986&CODE_STATE=getMsg HTTP/1.1" 200 27
180.162.245.190 - - [17/Oct/2020:09:28:07 +0800] "GET /xingrg/check_reg.html?_=1602898086437 HTTP/1.1" 200 22
180.161.96.95 - - [17/Oct/2020:09:28:18 +0800] "GET /xingrg/kc/buy/cgsh_order_operate.html?command=get_materiel&rest_code=00102&code=00101006017&supplier_code=00100011&order_time=2020-10-17 HTTP/1.1" 200 417
180.157.253.48 - - [17/Oct/2020:09:28:18 +0800] "GET /xingrg/all/function/internal_message.html?_=1602898103299&CODE_STATE=getMsg HTTP/1.1" 200 27
172.17.0.115 - - [17/Oct/2020:09:28:19 +0800] "GET /xingrg/all/function/internal_message.html?_=1602898116990&CODE_STATE=getMsg HTTP/1.1" 302 -
124.77.70.31 - - [17/Oct/2020:09:28:20 +0800] "GET /xingrg/kc/buy/cgsh_order_operate.html?command=get_materiel&rest_code=00107&code=00101008257&supplier_code=00100006&order_time=2020-10-17 HTTP/1.1" 200 416
114.88.166.242 - - [17/Oct/2020:09:28:28 +0800] "GET /xingrg/kc/buy/cgsh_order_operate.html?command=get_materiel&rest_code=00111&code=00101008350&supplier_code=00100005&order_time=2020-10-17 HTTP/1.1" 200 408
114.88.166.242 - - [17/Oct/2020:09:28:31 +0800] "POST /xingrg/kc/buy/cgsh_order_operate.html HTTP/1.1" 200 2065
124.77.70.31 - - [17/Oct/2020:09:28:32 +0800] "GET /xingrg/kc/buy/cgsh_order_operate.html?command=get_materiel&rest_code=00107&code=00101008354&supplier_code=00100006&order_time=2020-10-17 HTTP/1.1" 200 432
172.17.0.185 - - [17/Oct/2020:09:28:34 +0800] "GET /xingrg/all/function/internal_message.html?_=1602898110322&CODE_STATE=getMsg HTTP/1.1" 200 27
124.77.70.31 - - [17/Oct/2020:09:28:37 +0800] "GET /xingrg/all/function/internal_message.html?_=1602898103223&CODE_STATE=getMsg HTTP/1.1" 200 27
222.69.137.220 - - [17/Oct/2020:09:28:38 +0800] "GET /xingrg/kc/buy/cgsh_order_operate.html?command=get_materiel&rest_code=00149&code=00101009062&supplier_code=00100201&order_time=2020-10-17 HTTP/1.1" 200 434
58.37.8.227 - - [17/Oct/2020:09:28:38 +0800] "GET /xingrg/all/function/internal_message.html?_=1602897720182&CODE_STATE=getMsg HTTP/1.1" 200 27
172.17.0.105 - - [17/Oct/2020:09:28:40 +0800] "GET /xingrg/all/function/internal_message.html?_=1602898131559&CODE_STATE=getMsg HTTP/1.1" 200 27
114.88.166.242 - - [17/Oct/2020:09:28:40 +0800] "GET /xingrg/kc/buy/cgsh_order_operate.html?command=get_materiel&rest_code=00111&code=00101008112&supplier_code=00100005&order_time=2020-10-17 HTTP/1.1" 200 414
58.37.8.227 - - [17/Oct/2020:09:28:41 +0800] "GET /xingrg/check_reg.html?_=1602898119966 HTTP/1.1" 200 22
58.37.8.227 - - [17/Oct/2020:09:28:41 +0800] "GET /xingrg/all/function/internal_message.html?_=1602898119965&CODE_STATE=getMsg HTTP/1.1" 200 27
222.69.137.220 - - [17/Oct/2020:09:28:42 +0800] "GET /xingrg/all/function/internal_message.html?_=1602898113249&CODE_STATE=getMsg HTTP/1.1" 200 27
180.161.96.95 - - [17/Oct/2020:09:28:42 +0800] "GET /xingrg/all/function/internal_message.html?_=1602898339013&CODE_STATE=getMsg HTTP/1.1" 200 27
124.77.70.31 - - [17/Oct/2020:09:28:43 +0800] "GET /xingrg/kc/buy/cgsh_order_operate.html?command=get_materiel&rest_code=00107&code=00101008351&supplier_code=00100006&order_time=2020-10-17 HTTP/1.1" 200 427
114.88.166.242 - - [17/Oct/2020:09:28:46 +0800] "GET /xingrg/all/function/internal_message.html?_=1602898210168&CODE_STATE=getMsg HTTP/1.1" 200 27
114.88.166.242 - - [17/Oct/2020:09:28:52 +0800] "GET /xingrg/kc/buy/cgsh_order_operate.html?command=get_materiel&rest_code=00111&code=00101008010&supplier_code=00100005&order_time=2020-10-17 HTTP/1.1" 200 412
124.77.70.31 - - [17/Oct/2020:09:28:53 +0800] "GET /xingrg/kc/buy/cgsh_order_operate.html?command=get_materiel&rest_code=00107&code=00101008298&supplier_code=00100006&order_time=2020-10-17 HTTP/1.1" 200 431
180.161.96.95 - - [17/Oct/2020:09:28:54 +0800] "POST /xingrg/kc/buy/cgsh_order_operate.html HTTP/1.1" 200 37
180.161.96.95 - - [17/Oct/2020:09:28:57 +0800] "POST /xingrg/kc/buy/cgsh_order_operate.html HTTP/1.1" 200 12
180.161.96.95 - - [17/Oct/2020:09:28:58 +0800] "GET /xingrg/kc/buy/cgsh_order_info.html?code=212020101706838 HTTP/1.1" 200 54860
180.161.96.95 - - [17/Oct/2020:09:28:58 +0800] "GET /xingrg/javascript/easyui/themes/default/validatebox.css HTTP/1.1" 404 1104
180.161.96.95 - - [17/Oct/2020:09:28:59 +0800] "POST /xingrg/kc/buy/cgsh_order_operate.html HTTP/1.1" 200 5335
180.174.56.115 - - [17/Oct/2020:09:29:00 +0800] "GET /xingrg/all/function/internal_message.html?_=1602898103275&CODE_STATE=getMsg HTTP/1.1" 200 27
58.221.95.50 - - [17/Oct/2020:09:29:02 +0800] "GET /xingrg/all/function/internal_message.html?_=1602898313830&CODE_STATE=getMsg HTTP/1.1" 302 -
180.161.96.95 - - [17/Oct/2020:09:29:03 +0800] "GET /xingrg/kc/print/load_config.html?kc_code=cgsh HTTP/1.1" 200 1845
180.174.56.115 - - [17/Oct/2020:09:29:03 +0800] "GET /xingrg/all/function/internal_message.html?_=1602898140071&CODE_STATE=getMsg HTTP/1.1" 200 27
180.161.96.95 - - [17/Oct/2020:09:29:03 +0800] "GET /xingrg/kc/print/load_data.html?order_code=212020101706838&kc_code=cgsh&condition= HTTP/1.1" 200 2559
58.221.95.50 - - [17/Oct/2020:09:29:03 +0800] "GET /xingrg/check_reg.html?_=1602898314652 HTTP/1.1" 302 -
172.17.0.120 - - [17/Oct/2020:09:29:03 +0800] "GET /xingrg/all/function/internal_message.html?_=1602898139469&CODE_STATE=getMsg HTTP/1.1" 200 27
120.253.135.82 - - [17/Oct/2020:09:29:04 +0800] "GET /xingrg/all/function/internal_message.html?_=1602897889885&CODE_STATE=getMsg HTTP/1.1" 200 27
114.88.166.242 - - [17/Oct/2020:09:29:06 +0800] "GET /xingrg/kc/buy/cgsh_order_operate.html?command=get_materiel&rest_code=00111&code=00101008168&supplier_code=00100005&order_time=2020-10-17 HTTP/1.1" 200 413
180.162.245.190 - - [17/Oct/2020:09:29:06 +0800] "GET /xingrg/all/function/internal_message.html?_=1602898145984&CODE_STATE=getMsg HTTP/1.1" 200 27
222.69.137.220 - - [17/Oct/2020:09:29:07 +0800] "GET /xingrg/kc/buy/cgsh_order_operate.html?command=get_materiel&rest_code=00149&code=00101009011&supplier_code=00100201&order_time=2020-10-17 HTTP/1.1" 200 416
101.89.19.149 - - [17/Oct/2020:09:29:09 +0800] "GET /xingrg/all/function/internal_message.html?_=1602897399936&CODE_STATE=getMsg HTTP/1.1" 302 -
180.161.96.95 - - [17/Oct/2020:09:29:10 +0800] "GET /xingrg/kc/buy/cgsh_order_add.html HTTP/1.1" 200 59959
180.161.96.95 - - [17/Oct/2020:09:29:11 +0800] "POST /xingrg/kc/buy/cgsh_order_operate.html HTTP/1.1" 200 8245
180.161.96.95 - - [17/Oct/2020:09:29:11 +0800] "GET /xingrg/javascript/easyui/themes/default/validatebox.css HTTP/1.1" 404 1104
114.88.166.242 - - [17/Oct/2020:09:29:13 +0800] "GET /xingrg/kc/buy/cgsh_order_operate.html?command=get_materiel&rest_code=00111&code=00101008165&supplier_code=00100005&order_time=2020-10-17 HTTP/1.1" 200 417
101.89.19.149 - - [17/Oct/2020:09:29:17 +0800] "GET /xingrg/login.html HTTP/1.1" 200 7641
180.157.253.48 - - [17/Oct/2020:09:29:18 +0800] "GET /xingrg/all/function/internal_message.html?_=1602898163314&CODE_STATE=getMsg HTTP/1.1" 200 27
172.17.0.115 - - [17/Oct/2020:09:29:19 +0800] "GET /xingrg/all/function/internal_message.html?_=1602898176996&CODE_STATE=getMsg HTTP/1.1" 302 -
114.88.166.242 - - [17/Oct/2020:09:29:20 +0800] "GET /xingrg/kc/buy/cgsh_order_operate.html?command=get_materiel&rest_code=00111&code=00101020152&supplier_code=00100005&order_time=2020-10-17 HTTP/1.1" 200 416
180.161.96.95 - - [17/Oct/2020:09:29:23 +0800] "GET /xingrg/javascript/easyui/themes/default/tree.css HTTP/1.1" 404 1090
180.161.96.95 - - [17/Oct/2020:09:29:23 +0800] "POST /xingrg/all/common/load_tree.html?tree=supplier_tree_json&isDelete=1 HTTP/1.1" 200 50666
114.88.166.242 - - [17/Oct/2020:09:29:26 +0800] "POST /xingrg/kc/buy/cgsh_order_operate.html HTTP/1.1" 200 2065
124.77.70.31 - - [17/Oct/2020:09:29:29 +0800] "GET /xingrg/kc/buy/cgsh_order_operate.html?command=get_materiel&rest_code=00107&code=00101008290&supplier_code=00100006&order_time=2020-10-17 HTTP/1.1" 200 416
172.17.0.185 - - [17/Oct/2020:09:29:34 +0800] "GET /xingrg/all/function/internal_message.html?_=1602898170324&CODE_STATE=getMsg HTTP/1.1" 200 27
222.69.137.220 - - [17/Oct/2020:09:29:34 +0800] "GET /xingrg/kc/buy/cgsh_order_operate.html?command=get_materiel&rest_code=00149&code=00101009019&supplier_code=00100201&order_time=2020-10-17 HTTP/1.1" 200 433
180.161.96.95 - - [17/Oct/2020:09:29:34 +0800] "GET /xingrg/kc/buy/cgsh_order_operate.html?command=get_materiel&rest_code=00102&code=00101012030&supplier_code=00100031&order_time=2020-10-17 HTTP/1.1" 200 416
114.88.166.242 - - [17/Oct/2020:09:29:35 +0800] "GET /xingrg/kc/buy/cgsh_order_operate.html?command=get_materiel&rest_code=00111&code=00101008236&supplier_code=00100005&order_time=2020-10-17 HTTP/1.1" 200 436
124.77.70.31 - - [17/Oct/2020:09:29:37 +0800] "GET /xingrg/all/function/internal_message.html?_=1602898163407&CODE_STATE=getMsg HTTP/1.1" 200 27
58.37.8.227 - - [17/Oct/2020:09:29:38 +0800] "GET /xingrg/all/function/internal_message.html?_=1602897780149&CODE_STATE=getMsg HTTP/1.1" 200 27
124.77.70.31 - - [17/Oct/2020:09:29:40 +0800] "GET /xingrg/kc/buy/cgsh_order_operate.html?command=get_materiel&rest_code=00107&code=00101008370&supplier_code=00100006&order_time=2020-10-17 HTTP/1.1" 200 414
172.17.0.105 - - [17/Oct/2020:09:29:40 +0800] "GET /xingrg/all/function/internal_message.html?_=1602898191559&CODE_STATE=getMsg HTTP/1.1" 200 27
58.37.8.227 - - [17/Oct/2020:09:29:41 +0800] "GET /xingrg/all/function/internal_message.html?_=1602898179965&CODE_STATE=getMsg HTTP/1.1" 200 27
180.161.96.95 - - [17/Oct/2020:09:29:41 +0800] "GET /xingrg/check_reg.html?_=1602898398736 HTTP/1.1" 200 22
222.69.137.220 - - [17/Oct/2020:09:29:42 +0800] "GET /xingrg/all/function/internal_message.html?_=1602898173252&CODE_STATE=getMsg HTTP/1.1" 200 27
180.161.96.95 - - [17/Oct/2020:09:29:42 +0800] "GET /xingrg/all/function/internal_message.html?_=1602898399057&CODE_STATE=getMsg HTTP/1.1" 200 27
180.161.96.95 - - [17/Oct/2020:09:29:46 +0800] "GET /xingrg/kc/buy/cgsh_order_operate.html?command=get_materiel&rest_code=00102&code=00101005037&supplier_code=00100031&order_time=2020-10-17 HTTP/1.1" 200 409
114.88.166.242 - - [17/Oct/2020:09:29:46 +0800] "GET /xingrg/all/function/internal_message.html?_=1602898270178&CODE_STATE=getMsg HTTP/1.1" 200 27
124.77.70.31 - - [17/Oct/2020:09:29:46 +0800] "POST /xingrg/kc/buy/cgsh_order_operate.html HTTP/1.1" 200 2065
124.77.70.31 - - [17/Oct/2020:09:29:51 +0800] "GET /xingrg/kc/buy/cgsh_order_operate.html?command=get_materiel&rest_code=00107&code=00101008126&supplier_code=00100006&order_time=2020-10-17 HTTP/1.1" 200 412
114.88.166.242 - - [17/Oct/2020:09:29:51 +0800] "GET /xingrg/kc/buy/cgsh_order_operate.html?command=get_materiel&rest_code=00111&code=00101008095&supplier_code=00100005&order_time=2020-10-17 HTTP/1.1" 200 412
180.161.96.95 - - [17/Oct/2020:09:29:52 +0800] "GET /xingrg/kc/buy/cgsh_order_operate.html?command=get_materiel&rest_code=00102&code=00101016038&supplier_code=00100031&order_time=2020-10-17 HTTP/1.1" 200 408
222.69.137.220 - - [17/Oct/2020:09:29:55 +0800] "GET /xingrg/kc/buy/cgsh_order_operate.html?command=get_materiel&rest_code=00149&code=00101009039&supplier_code=00100201&order_time=2020-10-17 HTTP/1.1" 200 428
58.221.95.50 - - [17/Oct/2020:09:30:02 +0800] "GET /xingrg/all/function/internal_message.html?_=1602898373805&CODE_STATE=getMsg HTTP/1.1" 302 -
180.174.56.115 - - [17/Oct/2020:09:30:03 +0800] "GET /xingrg/check_reg.html?_=1602898200119 HTTP/1.1" 200 22
180.174.56.115 - - [17/Oct/2020:09:30:03 +0800] "GET /xingrg/all/function/internal_message.html?_=1602898200120&CODE_STATE=getMsg HTTP/1.1" 200 27
172.17.0.120 - - [17/Oct/2020:09:30:03 +0800] "GET /xingrg/all/function/internal_message.html?_=1602898199473&CODE_STATE=getMsg HTTP/1.1" 200 27
120.253.135.82 - - [17/Oct/2020:09:30:04 +0800] "GET /xingrg/all/function/internal_message.html?_=1602897949886&CODE_STATE=getMsg HTTP/1.1" 200 27
124.77.70.31 - - [17/Oct/2020:09:30:04 +0800] "GET /xingrg/kc/buy/cgsh_order_operate.html?command=get_materiel&rest_code=00107&code=00101008209&supplier_code=00100006&order_time=2020-10-17 HTTP/1.1" 200 409
180.162.245.190 - - [17/Oct/2020:09:30:06 +0800] "GET /xingrg/all/function/internal_message.html?_=1602898205984&CODE_STATE=getMsg HTTP/1.1" 200 27
114.88.166.242 - - [17/Oct/2020:09:30:07 +0800] "GET /xingrg/kc/buy/cgsh_order_operate.html?command=get_materiel&rest_code=00111&code=00101008061&supplier_code=00100005&order_time=2020-10-17 HTTP/1.1" 200 422
180.161.96.95 - - [17/Oct/2020:09:30:07 +0800] "GET /xingrg/kc/buy/cgsh_order_operate.html?command=get_materiel&rest_code=00102&code=00101018014&supplier_code=00100031&order_time=2020-10-17 HTTP/1.1" 200 439
124.77.70.31 - - [17/Oct/2020:09:30:15 +0800] "GET /xingrg/kc/buy/cgsh_order_operate.html?command=get_materiel&rest_code=00107&code=00101008300&supplier_code=00100006&order_time=2020-10-17 HTTP/1.1" 200 412
180.157.253.48 - - [17/Oct/2020:09:30:18 +0800] "GET /xingrg/all/function/internal_message.html?_=1602898223326&CODE_STATE=getMsg HTTP/1.1" 200 27
172.17.0.115 - - [17/Oct/2020:09:30:19 +0800] "GET /xingrg/all/function/internal_message.html?_=1602898237019&CODE_STATE=getMsg HTTP/1.1" 302 -
114.88.166.242 - - [17/Oct/2020:09:30:20 +0800] "GET /xingrg/kc/buy/cgsh_order_operate.html?command=get_materiel&rest_code=00111&code=00101015038&supplier_code=00100005&order_time=2020-10-17 HTTP/1.1" 200 418
180.161.96.95 - - [17/Oct/2020:09:30:21 +0800] "GET /xingrg/kc/buy/cgsh_order_operate.html?command=get_materiel&rest_code=00102&code=00101016105&supplier_code=00100031&order_time=2020-10-17 HTTP/1.1" 200 409
114.88.166.242 - - [17/Oct/2020:09:30:22 +0800] "POST /xingrg/kc/buy/cgsh_order_operate.html HTTP/1.1" 200 2065
114.88.166.242 - - [17/Oct/2020:09:30:25 +0800] "GET /xingrg/kc/buy/cgsh_order_operate.html?command=get_materiel&rest_code=00111&code=00101008223&supplier_code=00100005&order_time=2020-10-17 HTTP/1.1" 200 433
124.77.70.31 - - [17/Oct/2020:09:30:25 +0800] "GET /xingrg/kc/buy/cgsh_order_operate.html?command=get_materiel&rest_code=00107&code=00101008251&supplier_code=00100006&order_time=2020-10-17 HTTP/1.1" 200 408
172.17.0.185 - - [17/Oct/2020:09:30:34 +0800] "GET /xingrg/all/function/internal_message.html?_=1602898230326&CODE_STATE=getMsg HTTP/1.1" 200 27
124.77.70.31 - - [17/Oct/2020:09:30:37 +0800] "GET /xingrg/all/function/internal_message.html?_=1602898223382&CODE_STATE=getMsg HTTP/1.1" 200 27
58.37.8.227 - - [17/Oct/2020:09:30:38 +0800] "GET /xingrg/all/function/internal_message.html?_=1602897840131&CODE_STATE=getMsg HTTP/1.1" 200 27
172.17.0.105 - - [17/Oct/2020:09:30:40 +0800] "GET /xingrg/all/function/internal_message.html?_=1602898251559&CODE_STATE=getMsg HTTP/1.1" 200 27
172.17.0.105 - - [17/Oct/2020:09:30:40 +0800] "GET /xingrg/check_reg.html?_=1602898251561 HTTP/1.1" 200 22
222.69.137.220 - - [17/Oct/2020:09:30:40 +0800] "GET /xingrg/kc/buy/cgsh_order_operate.html?command=get_materiel&rest_code=00149&code=00101009021&supplier_code=00100201&order_time=2020-10-17 HTTP/1.1" 200 416
58.37.8.227 - - [17/Oct/2020:09:30:41 +0800] "GET /xingrg/all/function/internal_message.html?_=1602898239962&CODE_STATE=getMsg HTTP/1.1" 200 27
222.69.137.220 - - [17/Oct/2020:09:30:42 +0800] "GET /xingrg/check_reg.html?_=1602898233246 HTTP/1.1" 200 22
222.69.137.220 - - [17/Oct/2020:09:30:42 +0800] "GET /xingrg/all/function/internal_message.html?_=1602898233250&CODE_STATE=getMsg HTTP/1.1" 200 27
180.161.96.95 - - [17/Oct/2020:09:30:42 +0800] "GET /xingrg/all/function/internal_message.html?_=1602898459070&CODE_STATE=getMsg HTTP/1.1" 200 27
124.77.70.31 - - [17/Oct/2020:09:30:44 +0800] "GET /xingrg/kc/buy/cgsh_order_operate.html?command=get_materiel&rest_code=00107&code=00101008225&supplier_code=00100006&order_time=2020-10-17 HTTP/1.1" 200 416
180.161.96.95 - - [17/Oct/2020:09:30:45 +0800] "POST /xingrg/kc/buy/cgsh_order_operate.html HTTP/1.1" 200 37
114.88.166.242 - - [17/Oct/2020:09:30:46 +0800] "GET /xingrg/all/function/internal_message.html?_=1602898330200&CODE_STATE=getMsg HTTP/1.1" 200 27
180.161.96.95 - - [17/Oct/2020:09:30:49 +0800] "POST /xingrg/kc/buy/cgsh_order_operate.html HTTP/1.1" 200 12
124.77.70.31 - - [17/Oct/2020:09:30:49 +0800] "POST /xingrg/kc/buy/cgsh_order_operate.html HTTP/1.1" 200 2065
180.161.96.95 - - [17/Oct/2020:09:30:50 +0800] "GET /xingrg/kc/buy/cgsh_order_info.html?code=212020101706839 HTTP/1.1" 200 54862
180.161.96.95 - - [17/Oct/2020:09:30:50 +0800] "GET /xingrg/javascript/easyui/themes/default/validatebox.css HTTP/1.1" 404 1104
180.161.96.95 - - [17/Oct/2020:09:30:51 +0800] "POST /xingrg/kc/buy/cgsh_order_operate.html HTTP/1.1" 200 2983
180.161.96.95 - - [17/Oct/2020:09:30:53 +0800] "GET /xingrg/kc/print/load_data.html?order_code=212020101706839&kc_code=cgsh&condition= HTTP/1.1" 200 1621
180.161.96.95 - - [17/Oct/2020:09:30:59 +0800] "GET /xingrg/kc/buy/cgsh_order_add.html HTTP/1.1" 200 59959
180.161.96.95 - - [17/Oct/2020:09:30:59 +0800] "POST /xingrg/kc/buy/cgsh_order_operate.html HTTP/1.1" 200 8245
180.161.96.95 - - [17/Oct/2020:09:31:00 +0800] "GET /xingrg/javascript/easyui/themes/default/validatebox.css HTTP/1.1" 404 1104
58.37.8.227 - - [17/Oct/2020:09:31:02 +0800] "GET /xingrg/check_reg.html?_=1602897864150 HTTP/1.1" 200 22
114.88.166.242 - - [17/Oct/2020:09:31:02 +0800] "POST /xingrg/kc/buy/cgsh_order_operate.html HTTP/1.1" 200 2065
58.221.95.50 - - [17/Oct/2020:09:31:02 +0800] "GET /xingrg/all/function/internal_message.html?_=1602898433805&CODE_STATE=getMsg HTTP/1.1" 302 -
120.253.135.82 - - [17/Oct/2020:09:31:02 +0800] "GET /xingrg/check_reg.html?_=1602898008487 HTTP/1.1" 200 22
61.151.178.197 - - [17/Oct/2020:09:31:02 +0800] "GET /xingrg/check_reg.html?_=1602897519949 HTTP/1.1" 302 -
180.174.56.115 - - [17/Oct/2020:09:31:03 +0800] "GET /xingrg/all/function/internal_message.html?_=1602898260169&CODE_STATE=getMsg HTTP/1.1" 200 27
172.17.0.120 - - [17/Oct/2020:09:31:03 +0800] "GET /xingrg/all/function/internal_message.html?_=1602898259461&CODE_STATE=getMsg HTTP/1.1" 200 27
120.253.135.82 - - [17/Oct/2020:09:31:04 +0800] "GET /xingrg/all/function/internal_message.html?_=1602898009900&CODE_STATE=getMsg HTTP/1.1" 200 27
124.77.70.31 - - [17/Oct/2020:09:31:05 +0800] "GET /xingrg/kc/buy/cgsh_order_operate.html?command=get_materiel&rest_code=00107&code=00101008286&supplier_code=00100006&order_time=2020-10-17 HTTP/1.1" 200 408
61.151.178.197 - - [17/Oct/2020:09:31:06 +0800] "GET /xingrg/all/function/internal_message.html?_=1602897519951&CODE_STATE=getMsg HTTP/1.1" 302 -
180.162.245.190 - - [17/Oct/2020:09:31:06 +0800] "GET /xingrg/all/function/internal_message.html?_=1602898265983&CODE_STATE=getMsg HTTP/1.1" 200 27
61.151.178.197 - - [17/Oct/2020:09:31:08 +0800] "GET /xingrg/login.html HTTP/1.1" 200 7641
61.151.178.197 - - [17/Oct/2020:09:31:13 +0800] "GET /xingrg/login.html HTTP/1.1" 200 7641
124.77.70.31 - - [17/Oct/2020:09:31:14 +0800] "GET /xingrg/kc/buy/cgsh_order_operate.html?command=get_materiel&rest_code=00107&code=00101008368&supplier_code=00100006&order_time=2020-10-17 HTTP/1.1" 200 408
180.157.253.48 - - [17/Oct/2020:09:31:17 +0800] "GET /xingrg/check_reg.html?_=1602898283092 HTTP/1.1" 200 22
180.157.253.48 - - [17/Oct/2020:09:31:18 +0800] "GET /xingrg/all/function/internal_message.html?_=1602898283339&CODE_STATE=getMsg HTTP/1.1" 200 27
172.17.0.115 - - [17/Oct/2020:09:31:19 +0800] "GET /xingrg/all/function/internal_message.html?_=1602898297023&CODE_STATE=getMsg HTTP/1.1" 302 -
124.77.70.31 - - [17/Oct/2020:09:31:26 +0800] "GET /xingrg/kc/buy/cgsh_order_operate.html?command=get_materiel&rest_code=00107&code=00101008131&supplier_code=00100006&order_time=2020-10-17 HTTP/1.1" 200 409
114.88.166.242 - - [17/Oct/2020:09:31:29 +0800] "POST /xingrg/kc/buy/cgsh_order_operate.html HTTP/1.1" 200 2065
180.174.56.115 - - [17/Oct/2020:09:31:33 +0800] "GET /xingrg/login.html HTTP/1.1" 200 7641
180.174.56.115 - - [17/Oct/2020:09:31:34 +0800] "GET /favicon.ico HTTP/1.1" 404 -
172.17.0.185 - - [17/Oct/2020:09:31:34 +0800] "GET /xingrg/all/function/internal_message.html?_=1602898290328&CODE_STATE=getMsg HTTP/1.1" 200 27
172.17.0.185 - - [17/Oct/2020:09:31:34 +0800] "GET /xingrg/check_reg.html?_=1602898290333 HTTP/1.1" 200 22
114.88.166.242 - - [17/Oct/2020:09:31:34 +0800] "POST /xingrg/kc/buy/cgsh_order_operate.html HTTP/1.1" 200 37
180.171.130.158 - - [17/Oct/2020:09:31:35 +0800] "POST /xingrg/services/DataTransmitService HTTP/1.1" 200 524
180.174.56.115 - - [17/Oct/2020:09:31:35 +0800] "POST /xingrg/login.do HTTP/1.1" 302 -
180.174.56.115 - - [17/Oct/2020:09:31:35 +0800] "GET /xingrg/index.html?sysBaseUrl=http%3A%2F%2F180.169.147.146%3A18081%2Fxingrg%2F&costTime=39×tamp=1602898295767 HTTP/1.1" 200 17179
180.174.56.115 - - [17/Oct/2020:09:31:35 +0800] "GET /xingrg/css/form.css HTTP/1.1" 304 -
180.174.56.115 - - [17/Oct/2020:09:31:35 +0800] "GET /xingrg/javascript/jquery_easy_ui/themes/icon.css HTTP/1.1" 304 -
180.174.56.115 - - [17/Oct/2020:09:31:35 +0800] "GET /xingrg/javascript/jquery-1.4.2.min.js HTTP/1.1" 304 -
180.174.56.115 - - [17/Oct/2020:09:31:35 +0800] "GET /xingrg/javascript/jquery_easy_ui/themes/default/easyui.css HTTP/1.1" 304 -
180.174.56.115 - - [17/Oct/2020:09:31:35 +0800] "GET /xingrg/javascript/jquery.utils.js HTTP/1.1" 304 -
180.174.56.115 - - [17/Oct/2020:09:31:35 +0800] "GET /xingrg/javascript/jquery.form.js HTTP/1.1" 304 -
180.174.56.115 - - [17/Oct/2020:09:31:35 +0800] "GET /xingrg/javascript/jquery_easy_ui/jquery.easyui.min.js HTTP/1.1" 304 -
180.174.56.115 - - [17/Oct/2020:09:31:35 +0800] "GET /xingrg/javascript/jquery.timers.js HTTP/1.1" 304 -
180.174.56.115 - - [17/Oct/2020:09:31:35 +0800] "GET /xingrg/javascript/jquery_easy_ui/easyui-lang-zh_CN.js HTTP/1.1" 304 -
180.174.56.115 - - [17/Oct/2020:09:31:35 +0800] "POST /xingrg/all/common/load_tree.html?tree=area_rest_tree_json&manage=1 HTTP/1.1" 200 476
180.174.56.115 - - [17/Oct/2020:09:31:36 +0800] "GET /xingrg/all/function/internal_message.html?_=1602898259088&CODE_STATE=count HTTP/1.1" 200 11
180.174.56.115 - - [17/Oct/2020:09:31:36 +0800] "GET /xingrg/check_reg.html?_=1602898259089 HTTP/1.1" 200 22
180.174.56.115 - - [17/Oct/2020:09:31:36 +0800] "GET /favicon.ico HTTP/1.1" 404 -
114.88.166.242 - - [17/Oct/2020:09:31:36 +0800] "POST /xingrg/kc/buy/cgsh_order_operate.html HTTP/1.1" 200 45853
180.174.56.115 - - [17/Oct/2020:09:31:36 +0800] "POST /xingrg/load_menu.html HTTP/1.1" 200 5138
180.171.130.158 - - [17/Oct/2020:09:31:36 +0800] "POST /xingrg/services/DataTransmitService HTTP/1.1" 200 501
180.171.130.158 - - [17/Oct/2020:09:31:36 +0800] "POST /xingrg/services/DataTransmitService HTTP/1.1" 200 501
124.77.70.31 - - [17/Oct/2020:09:31:37 +0800] "GET /xingrg/check_reg.html?_=1602898283227 HTTP/1.1" 200 22
124.77.70.31 - - [17/Oct/2020:09:31:37 +0800] "GET /xingrg/all/function/internal_message.html?_=1602898283416&CODE_STATE=getMsg HTTP/1.1" 200 27
180.171.130.158 - - [17/Oct/2020:09:31:37 +0800] "POST /xingrg/services/DataTransmitService HTTP/1.1" 200 501
58.37.8.227 - - [17/Oct/2020:09:31:38 +0800] "GET /xingrg/all/function/internal_message.html?_=1602897900104&CODE_STATE=getMsg HTTP/1.1" 200 27
180.171.130.158 - - [17/Oct/2020:09:31:39 +0800] "POST /xingrg/services/DataTransmitService HTTP/1.1" 200 501
180.171.130.158 - - [17/Oct/2020:09:31:39 +0800] "POST /xingrg/services/DataTransmitService HTTP/1.1" 200 501
180.171.130.158 - - [17/Oct/2020:09:31:39 +0800] "POST /xingrg/services/DataTransmitService HTTP/1.1" 200 501
180.171.130.158 - - [17/Oct/2020:09:31:39 +0800] "POST /xingrg/services/DataTransmitService HTTP/1.1" 200 501
180.171.130.158 - - [17/Oct/2020:09:31:39 +0800] "POST /xingrg/services/DataTransmitService HTTP/1.1" 200 501
180.171.130.158 - - [17/Oct/2020:09:31:40 +0800] "POST /xingrg/services/DataTransmitService HTTP/1.1" 200 501
172.17.0.105 - - [17/Oct/2020:09:31:40 +0800] "GET /xingrg/all/function/internal_message.html?_=1602898311570&CODE_STATE=getMsg HTTP/1.1" 200 27
180.171.130.158 - - [17/Oct/2020:09:31:40 +0800] "POST /xingrg/services/DataTransmitService HTTP/1.1" 200 501
114.88.166.242 - - [17/Oct/2020:09:31:40 +0800] "GET /xingrg/kc/print/load_data.html?order_code=212020101706840&kc_code=cgsh&condition= HTTP/1.1" 200 17042
58.37.8.227 - - [17/Oct/2020:09:31:41 +0800] "GET /xingrg/all/function/internal_message.html?_=1602898299969&CODE_STATE=getMsg HTTP/1.1" 200 27
124.77.70.31 - - [17/Oct/2020:09:31:41 +0800] "GET /xingrg/kc/buy/cgsh_order_operate.html?command=get_materiel&rest_code=00107&code=00101008296&supplier_code=00100006&order_time=2020-10-17 HTTP/1.1" 200 435
222.69.137.220 - - [17/Oct/2020:09:31:42 +0800] "GET /xingrg/all/function/internal_message.html?_=1602898293252&CODE_STATE=getMsg HTTP/1.1" 200 27
180.161.96.95 - - [17/Oct/2020:09:31:42 +0800] "GET /xingrg/all/function/internal_message.html?_=1602898519085&CODE_STATE=getMsg HTTP/1.1" 200 27
180.171.130.158 - - [17/Oct/2020:09:31:42 +0800] "POST /xingrg/services/DataTransmitService HTTP/1.1" 200 412
114.88.166.242 - - [17/Oct/2020:09:31:46 +0800] "GET /xingrg/check_reg.html?_=1602898390336 HTTP/1.1" 200 22
114.88.166.242 - - [17/Oct/2020:09:31:46 +0800] "GET /xingrg/all/function/internal_message.html?_=1602898390337&CODE_STATE=getMsg HTTP/1.1" 200 27
124.77.70.31 - - [17/Oct/2020:09:31:46 +0800] "POST /xingrg/kc/buy/cgsh_order_operate.html HTTP/1.1" 200 2065
180.174.56.115 - - [17/Oct/2020:09:31:47 +0800] "GET /xingrg/css/site.css HTTP/1.1" 304 -
180.174.56.115 - - [17/Oct/2020:09:31:47 +0800] "GET /xingrg/javascript/auto/jquery.autocomplete.css HTTP/1.1" 304 -
180.174.56.115 - - [17/Oct/2020:09:31:47 +0800] "GET /xingrg/javascript/jquery_tools/table.css HTTP/1.1" 304 -
180.174.56.115 - - [17/Oct/2020:09:31:47 +0800] "GET /xingrg/javascript/easyui/themes/icon.css HTTP/1.1" 304 -
180.174.56.115 - - [17/Oct/2020:09:31:47 +0800] "GET /xingrg/javascript/jquery_tools/datebox.css HTTP/1.1" 304 -
