180.162.245.190 - - [17/Oct/2020:09:41:16 +0800] "POST /xingrg/kc/buy/cgsh_order_operate.html HTTP/1.1" 200 8245
180.157.253.48 - - [17/Oct/2020:09:41:17 +0800] "GET /xingrg/check_reg.html?_=1602898883104 HTTP/1.1" 200 22
180.157.253.48 - - [17/Oct/2020:09:41:18 +0800] "GET /xingrg/all/function/internal_message.html?_=1602898883476&CODE_STATE=getMsg HTTP/1.1" 200 27
172.17.0.115 - - [17/Oct/2020:09:41:19 +0800] "GET /xingrg/all/function/internal_message.html?_=1602898897159&CODE_STATE=getMsg HTTP/1.1" 302 -
172.17.0.185 - - [17/Oct/2020:09:41:34 +0800] "GET /xingrg/all/function/internal_message.html?_=1602898890324&CODE_STATE=getMsg HTTP/1.1" 200 27
172.17.0.185 - - [17/Oct/2020:09:41:34 +0800] "GET /xingrg/check_reg.html?_=1602898890328 HTTP/1.1" 200 22
180.174.56.115 - - [17/Oct/2020:09:41:36 +0800] "GET /xingrg/check_reg.html?_=1602898859112 HTTP/1.1" 200 22
124.77.70.31 - - [17/Oct/2020:09:41:37 +0800] "GET /xingrg/check_reg.html?_=1602898883302 HTTP/1.1" 200 22
58.37.8.227 - - [17/Oct/2020:09:41:38 +0800] "GET /xingrg/all/function/internal_message.html?_=1602898499879&CODE_STATE=getMsg HTTP/1.1" 200 27
124.77.70.31 - - [17/Oct/2020:09:41:38 +0800] "GET /xingrg/all/function/internal_message.html?_=1602898884165&CODE_STATE=getMsg HTTP/1.1" 200 27
180.174.56.115 - - [17/Oct/2020:09:41:39 +0800] "GET /xingrg/all/function/internal_message.html?_=1602898862376&CODE_STATE=getMsg HTTP/1.1" 200 27
172.17.0.105 - - [17/Oct/2020:09:41:40 +0800] "GET /xingrg/all/function/internal_message.html?_=1602898911591&CODE_STATE=getMsg HTTP/1.1" 200 27
58.37.8.227 - - [17/Oct/2020:09:41:41 +0800] "GET /xingrg/all/function/internal_message.html?_=1602898900001&CODE_STATE=getMsg HTTP/1.1" 200 27
222.69.137.220 - - [17/Oct/2020:09:41:42 +0800] "GET /xingrg/all/function/internal_message.html?_=1602898893259&CODE_STATE=getMsg HTTP/1.1" 200 27
180.161.96.95 - - [17/Oct/2020:09:41:42 +0800] "GET /xingrg/all/function/internal_message.html?_=1602899119735&CODE_STATE=getMsg HTTP/1.1" 200 27
117.131.5.26 - - [17/Oct/2020:09:41:47 +0800] "GET /xingrg/all/function/internal_message.html?_=1602898929401&CODE_STATE=getMsg HTTP/1.1" 200 27
114.84.37.38 - - [17/Oct/2020:09:41:47 +0800] "GET /xingrg/check_reg.html?_=1602898907238 HTTP/1.1" 200 22
180.174.56.115 - - [17/Oct/2020:09:41:54 +0800] "POST /xingrg/kc/buy/cgsh_order_operate.html HTTP/1.1" 200 37
180.174.56.115 - - [17/Oct/2020:09:41:56 +0800] "POST /xingrg/kc/buy/cgsh_order_operate.html HTTP/1.1" 200 32839
58.221.95.50 - - [17/Oct/2020:09:42:02 +0800] "GET /xingrg/all/function/internal_message.html?_=1602899093544&CODE_STATE=getMsg HTTP/1.1" 302 -
180.174.56.115 - - [17/Oct/2020:09:42:03 +0800] "GET /xingrg/all/function/internal_message.html?_=1602898920693&CODE_STATE=getMsg HTTP/1.1" 200 27
172.17.0.120 - - [17/Oct/2020:09:42:03 +0800] "GET /xingrg/all/function/internal_message.html?_=1602898919472&CODE_STATE=getMsg HTTP/1.1" 200 27
172.17.0.120 - - [17/Oct/2020:09:42:03 +0800] "GET /xingrg/check_reg.html?_=1602898919476 HTTP/1.1" 200 22
120.253.135.82 - - [17/Oct/2020:09:42:04 +0800] "GET /xingrg/all/function/internal_message.html?_=1602898670081&CODE_STATE=getMsg HTTP/1.1" 200 27
180.162.245.190 - - [17/Oct/2020:09:42:07 +0800] "GET /xingrg/all/function/internal_message.html?_=1602898926006&CODE_STATE=getMsg HTTP/1.1" 200 27
114.88.166.242 - - [17/Oct/2020:09:42:08 +0800] "GET /xingrg/all/function/internal_message.html?_=1602899012103&CODE_STATE=getMsg HTTP/1.1" 200 27
114.88.166.242 - - [17/Oct/2020:09:42:08 +0800] "GET /xingrg/check_reg.html?_=1602899012104 HTTP/1.1" 200 22
180.157.253.48 - - [17/Oct/2020:09:42:18 +0800] "GET /xingrg/all/function/internal_message.html?_=1602898943489&CODE_STATE=getMsg HTTP/1.1" 200 27
180.162.245.190 - - [17/Oct/2020:09:42:18 +0800] "GET /xingrg/kc/buy/cgsh_order_operate.html?command=get_materiel&rest_code=00105&code=00101009049&supplier_code=00100024&order_time=2020-10-17 HTTP/1.1" 200 416
172.17.0.115 - - [17/Oct/2020:09:42:19 +0800] "GET /xingrg/all/function/internal_message.html?_=1602898957181&CODE_STATE=getMsg HTTP/1.1" 302 -
172.17.0.185 - - [17/Oct/2020:09:42:34 +0800] "GET /xingrg/all/function/internal_message.html?_=1602898950316&CODE_STATE=getMsg HTTP/1.1" 200 27
58.37.8.227 - - [17/Oct/2020:09:42:38 +0800] "GET /xingrg/all/function/internal_message.html?_=1602898559882&CODE_STATE=getMsg HTTP/1.1" 200 27
124.77.70.31 - - [17/Oct/2020:09:42:38 +0800] "GET /xingrg/all/function/internal_message.html?_=1602898944146&CODE_STATE=getMsg HTTP/1.1" 200 27
180.174.56.115 - - [17/Oct/2020:09:42:39 +0800] "GET /xingrg/all/function/internal_message.html?_=1602898922390&CODE_STATE=getMsg HTTP/1.1" 200 27
172.17.0.105 - - [17/Oct/2020:09:42:40 +0800] "GET /xingrg/all/function/internal_message.html?_=1602898971591&CODE_STATE=getMsg HTTP/1.1" 200 27
58.37.8.227 - - [17/Oct/2020:09:42:41 +0800] "GET /xingrg/all/function/internal_message.html?_=1602898959999&CODE_STATE=getMsg HTTP/1.1" 200 27
222.69.137.220 - - [17/Oct/2020:09:42:42 +0800] "GET /xingrg/all/function/internal_message.html?_=1602898953258&CODE_STATE=getMsg HTTP/1.1" 200 27
180.161.96.95 - - [17/Oct/2020:09:42:43 +0800] "GET /xingrg/all/function/internal_message.html?_=1602899179936&CODE_STATE=getMsg HTTP/1.1" 200 27
180.174.56.115 - - [17/Oct/2020:09:42:43 +0800] "GET /xingrg/kc/buy/cgsh_order_operate.html?command=get_materiel&rest_code=00150&code=00101008254&supplier_code=00100007&order_time=2020-10-17 HTTP/1.1" 200 412
180.162.245.190 - - [17/Oct/2020:09:42:44 +0800] "GET /xingrg/kc/buy/cgsh_order_operate.html?command=get_materiel&rest_code=00105&code=00101009016&supplier_code=00100024&order_time=2020-10-17 HTTP/1.1" 200 433
117.131.5.26 - - [17/Oct/2020:09:42:47 +0800] "GET /xingrg/all/function/internal_message.html?_=1602898989383&CODE_STATE=getMsg HTTP/1.1" 200 27
172.17.0.115 - - [17/Oct/2020:09:43:02 +0800] "GET /xingrg/check_reg.html?_=1602899000090 HTTP/1.1" 302 -
58.221.95.50 - - [17/Oct/2020:09:43:02 +0800] "GET /xingrg/all/function/internal_message.html?_=1602899153516&CODE_STATE=getMsg HTTP/1.1" 302 -
180.162.245.190 - - [17/Oct/2020:09:43:02 +0800] "GET /xingrg/kc/buy/cgsh_order_operate.html?command=get_materiel&rest_code=00105&code=00101009062&supplier_code=00100024&order_time=2020-10-17 HTTP/1.1" 200 434
180.174.56.115 - - [17/Oct/2020:09:43:03 +0800] "GET /xingrg/all/function/internal_message.html?_=1602898980740&CODE_STATE=getMsg HTTP/1.1" 200 27
172.17.0.120 - - [17/Oct/2020:09:43:03 +0800] "GET /xingrg/all/function/internal_message.html?_=1602898979465&CODE_STATE=getMsg HTTP/1.1" 200 27
120.253.135.82 - - [17/Oct/2020:09:43:04 +0800] "GET /xingrg/all/function/internal_message.html?_=1602898730094&CODE_STATE=getMsg HTTP/1.1" 200 27
180.162.245.190 - - [17/Oct/2020:09:43:06 +0800] "GET /xingrg/all/function/internal_message.html?_=1602898985996&CODE_STATE=getMsg HTTP/1.1" 200 27
180.162.245.190 - - [17/Oct/2020:09:43:07 +0800] "GET /xingrg/check_reg.html?_=1602898986384 HTTP/1.1" 200 22
114.88.166.242 - - [17/Oct/2020:09:43:08 +0800] "GET /xingrg/all/function/internal_message.html?_=1602899072108&CODE_STATE=getMsg HTTP/1.1" 200 27
180.157.253.48 - - [17/Oct/2020:09:43:18 +0800] "GET /xingrg/all/function/internal_message.html?_=1602899003502&CODE_STATE=getMsg HTTP/1.1" 200 27
172.17.0.115 - - [17/Oct/2020:09:43:19 +0800] "GET /xingrg/all/function/internal_message.html?_=1602899017186&CODE_STATE=getMsg HTTP/1.1" 302 -
180.162.245.190 - - [17/Oct/2020:09:43:23 +0800] "GET /xingrg/kc/buy/cgsh_order_operate.html?command=get_materiel&rest_code=00105&code=00101008507&supplier_code=00100024&order_time=2020-10-17 HTTP/1.1" 200 396
172.17.0.185 - - [17/Oct/2020:09:43:34 +0800] "GET /xingrg/all/function/internal_message.html?_=1602899010323&CODE_STATE=getMsg HTTP/1.1" 200 27
58.37.8.227 - - [17/Oct/2020:09:43:38 +0800] "GET /xingrg/all/function/internal_message.html?_=1602898619859&CODE_STATE=getMsg HTTP/1.1" 200 27
124.77.70.31 - - [17/Oct/2020:09:43:38 +0800] "GET /xingrg/all/function/internal_message.html?_=1602899004117&CODE_STATE=getMsg HTTP/1.1" 200 27
180.174.56.115 - - [17/Oct/2020:09:43:39 +0800] "GET /xingrg/all/function/internal_message.html?_=1602898982494&CODE_STATE=getMsg HTTP/1.1" 200 27
172.17.0.105 - - [17/Oct/2020:09:43:40 +0800] "GET /xingrg/all/function/internal_message.html?_=1602899031592&CODE_STATE=getMsg HTTP/1.1" 200 27
58.37.8.227 - - [17/Oct/2020:09:43:41 +0800] "GET /xingrg/check_reg.html?_=1602899019999 HTTP/1.1" 200 22
58.37.8.227 - - [17/Oct/2020:09:43:41 +0800] "GET /xingrg/all/function/internal_message.html?_=1602899020000&CODE_STATE=getMsg HTTP/1.1" 200 27
222.69.137.220 - - [17/Oct/2020:09:43:42 +0800] "GET /xingrg/all/function/internal_message.html?_=1602899013260&CODE_STATE=getMsg HTTP/1.1" 200 27
180.161.96.95 - - [17/Oct/2020:09:43:43 +0800] "GET /xingrg/all/function/internal_message.html?_=1602899239949&CODE_STATE=getMsg HTTP/1.1" 200 27
117.131.5.26 - - [17/Oct/2020:09:43:47 +0800] "GET /xingrg/all/function/internal_message.html?_=1602899049398&CODE_STATE=getMsg HTTP/1.1" 200 27
180.162.245.190 - - [17/Oct/2020:09:43:54 +0800] "GET /xingrg/kc/buy/cgsh_order_operate.html?command=get_materiel&rest_code=00105&code=00101009019&supplier_code=00100024&order_time=2020-10-17 HTTP/1.1" 200 435
58.221.95.50 - - [17/Oct/2020:09:44:02 +0800] "GET /xingrg/all/function/internal_message.html?_=1602899213498&CODE_STATE=getMsg HTTP/1.1" 302 -
58.221.95.50 - - [17/Oct/2020:09:44:03 +0800] "GET /xingrg/check_reg.html?_=1602899214593 HTTP/1.1" 302 -
180.174.56.115 - - [17/Oct/2020:09:44:03 +0800] "GET /xingrg/all/function/internal_message.html?_=1602899040787&CODE_STATE=getMsg HTTP/1.1" 200 27
172.17.0.120 - - [17/Oct/2020:09:44:03 +0800] "GET /xingrg/all/function/internal_message.html?_=1602899039470&CODE_STATE=getMsg HTTP/1.1" 200 27
120.253.135.82 - - [17/Oct/2020:09:44:04 +0800] "GET /xingrg/all/function/internal_message.html?_=1602898790129&CODE_STATE=getMsg HTTP/1.1" 200 27
180.162.245.190 - - [17/Oct/2020:09:44:06 +0800] "GET /xingrg/all/function/internal_message.html?_=1602899045995&CODE_STATE=getMsg HTTP/1.1" 200 27
114.88.166.242 - - [17/Oct/2020:09:44:08 +0800] "GET /xingrg/all/function/internal_message.html?_=1602899132107&CODE_STATE=getMsg HTTP/1.1" 200 27
180.162.245.190 - - [17/Oct/2020:09:44:16 +0800] "GET /xingrg/kc/buy/cgsh_order_operate.html?command=get_materiel&rest_code=00105&code=00101009011&supplier_code=00100024&order_time=2020-10-17 HTTP/1.1" 200 416
180.157.253.48 - - [17/Oct/2020:09:44:18 +0800] "GET /xingrg/all/function/internal_message.html?_=1602899063522&CODE_STATE=getMsg HTTP/1.1" 200 27
172.17.0.115 - - [17/Oct/2020:09:44:19 +0800] "GET /xingrg/all/function/internal_message.html?_=1602899077208&CODE_STATE=getMsg HTTP/1.1" 302 -
180.174.56.115 - - [17/Oct/2020:09:44:28 +0800] "POST /xingrg/kc/buy/cgsh_order_operate.html HTTP/1.1" 200 37
180.174.56.115 - - [17/Oct/2020:09:44:30 +0800] "POST /xingrg/kc/buy/cgsh_order_operate.html HTTP/1.1" 200 12
180.174.56.115 - - [17/Oct/2020:09:44:31 +0800] "GET /xingrg/kc/buy/cgsh_order_info.html?code=212020101706821 HTTP/1.1" 200 54843
180.174.56.115 - - [17/Oct/2020:09:44:31 +0800] "GET /xingrg/javascript/easyui/themes/default/validatebox.css HTTP/1.1" 404 1104
180.174.56.115 - - [17/Oct/2020:09:44:32 +0800] "POST /xingrg/kc/buy/cgsh_order_operate.html HTTP/1.1" 200 30778
180.174.56.115 - - [17/Oct/2020:09:44:33 +0800] "GET /xingrg/kc/print/load_data.html?order_code=212020101706821&kc_code=cgsh&condition= HTTP/1.1" 200 12197
172.17.0.185 - - [17/Oct/2020:09:44:34 +0800] "GET /xingrg/all/function/internal_message.html?_=1602899070326&CODE_STATE=getMsg HTTP/1.1" 200 27
58.37.8.227 - - [17/Oct/2020:09:44:38 +0800] "GET /xingrg/all/function/internal_message.html?_=1602898679832&CODE_STATE=getMsg HTTP/1.1" 200 27
124.77.70.31 - - [17/Oct/2020:09:44:38 +0800] "GET /xingrg/all/function/internal_message.html?_=1602899064088&CODE_STATE=getMsg HTTP/1.1" 200 27
180.174.56.115 - - [17/Oct/2020:09:44:39 +0800] "GET /xingrg/all/function/internal_message.html?_=1602899042495&CODE_STATE=getMsg HTTP/1.1" 200 27
172.17.0.105 - - [17/Oct/2020:09:44:40 +0800] "GET /xingrg/all/function/internal_message.html?_=1602899091604&CODE_STATE=getMsg HTTP/1.1" 200 27
58.37.8.227 - - [17/Oct/2020:09:44:41 +0800] "GET /xingrg/all/function/internal_message.html?_=1602899079997&CODE_STATE=getMsg HTTP/1.1" 200 27
222.69.137.220 - - [17/Oct/2020:09:44:42 +0800] "GET /xingrg/all/function/internal_message.html?_=1602899073264&CODE_STATE=getMsg HTTP/1.1" 200 27
180.161.96.95 - - [17/Oct/2020:09:44:42 +0800] "GET /xingrg/check_reg.html?_=1602899299123 HTTP/1.1" 200 22
180.161.96.95 - - [17/Oct/2020:09:44:43 +0800] "GET /xingrg/all/function/internal_message.html?_=1602899299963&CODE_STATE=getMsg HTTP/1.1" 200 27
117.131.5.26 - - [17/Oct/2020:09:44:47 +0800] "GET /xingrg/all/function/internal_message.html?_=1602899109396&CODE_STATE=getMsg HTTP/1.1" 200 27
114.88.166.242 - - [17/Oct/2020:09:44:48 +0800] "GET /xingrg/kc/buy/cgsh_order_list.html HTTP/1.1" 200 44262
114.88.166.242 - - [17/Oct/2020:09:44:49 +0800] "POST /xingrg/kc/buy/cgsh_list_operate.html HTTP/1.1" 200 3129
114.88.166.242 - - [17/Oct/2020:09:44:50 +0800] "GET /xingrg/kc/buy/cgsh_order_add.html HTTP/1.1" 200 60000
114.88.166.242 - - [17/Oct/2020:09:44:50 +0800] "POST /xingrg/kc/buy/cgsh_order_operate.html HTTP/1.1" 200 8245
114.88.166.242 - - [17/Oct/2020:09:44:50 +0800] "GET /xingrg/javascript/easyui/themes/default/validatebox.css HTTP/1.1" 404 1104
114.88.166.242 - - [17/Oct/2020:09:44:51 +0800] "GET /xingrg/javascript/auto/indicator.gif HTTP/1.1" 404 1066
114.88.166.242 - - [17/Oct/2020:09:44:53 +0800] "GET /xingrg/javascript/jquery_tools/images/prev.gif HTTP/1.1" 404 1086
114.88.166.242 - - [17/Oct/2020:09:44:53 +0800] "GET /xingrg/javascript/jquery_tools/images/next.gif HTTP/1.1" 404 1086
180.162.245.190 - - [17/Oct/2020:09:44:58 +0800] "GET /xingrg/kc/buy/cgsh_order_operate.html?command=get_materiel&rest_code=00105&code=00101009013&supplier_code=00100024&order_time=2020-10-17 HTTP/1.1" 200 420
114.88.166.242 - - [17/Oct/2020:09:45:01 +0800] "GET /xingrg/kc/buy/cgsh_order_operate.html?command=get_materiel&rest_code=00111&code=00101009063&supplier_code=00100037&order_time=2020-10-17 HTTP/1.1" 200 409
58.221.95.50 - - [17/Oct/2020:09:45:02 +0800] "GET /xingrg/all/function/internal_message.html?_=1602899273476&CODE_STATE=getMsg HTTP/1.1" 302 -
172.17.0.120 - - [17/Oct/2020:09:45:03 +0800] "GET /xingrg/all/function/internal_message.html?_=1602899099474&CODE_STATE=getMsg HTTP/1.1" 200 27
180.174.56.115 - - [17/Oct/2020:09:45:03 +0800] "GET /xingrg/all/function/internal_message.html?_=1602899100834&CODE_STATE=getMsg HTTP/1.1" 200 27
180.174.56.115 - - [17/Oct/2020:09:45:03 +0800] "GET /xingrg/check_reg.html?_=1602899100835 HTTP/1.1" 200 22
120.253.135.82 - - [17/Oct/2020:09:45:04 +0800] "GET /xingrg/all/function/internal_message.html?_=1602898850137&CODE_STATE=getMsg HTTP/1.1" 200 27
61.129.8.179 - - [17/Oct/2020:09:45:06 +0800] "GET /xingrg/all/function/internal_message.html?_=1602898359968&CODE_STATE=getMsg HTTP/1.1" 302 -
180.162.245.190 - - [17/Oct/2020:09:45:06 +0800] "GET /xingrg/all/function/internal_message.html?_=1602899105996&CODE_STATE=getMsg HTTP/1.1" 200 27
114.88.166.242 - - [17/Oct/2020:09:45:08 +0800] "GET /xingrg/all/function/internal_message.html?_=1602899192103&CODE_STATE=getMsg HTTP/1.1" 200 27
61.129.8.179 - - [17/Oct/2020:09:45:16 +0800] "GET /xingrg/login.html HTTP/1.1" 200 7641
180.157.253.48 - - [17/Oct/2020:09:45:18 +0800] "GET /xingrg/all/function/internal_message.html?_=1602899123530&CODE_STATE=getMsg HTTP/1.1" 200 27
172.17.0.115 - - [17/Oct/2020:09:45:19 +0800] "GET /xingrg/all/function/internal_message.html?_=1602899137214&CODE_STATE=getMsg HTTP/1.1" 302 -
180.161.96.95 - - [17/Oct/2020:09:45:19 +0800] "GET /xingrg/javascript/easyui/themes/default/tree.css HTTP/1.1" 404 1090
180.161.96.95 - - [17/Oct/2020:09:45:19 +0800] "POST /xingrg/all/common/load_tree.html?tree=supplier_tree_json&isDelete=1 HTTP/1.1" 200 50666
114.88.166.242 - - [17/Oct/2020:09:45:28 +0800] "GET /xingrg/kc/buy/cgsh_order_operate.html?command=get_materiel&rest_code=00111&code=00101016105&supplier_code=00100037&order_time=2020-10-17 HTTP/1.1" 200 409
101.89.29.78 - - [17/Oct/2020:09:45:29 +0800] "GET /xingrg/all/function/internal_message.html?_=1602898299969&CODE_STATE=getMsg HTTP/1.1" 302 -
172.17.0.185 - - [17/Oct/2020:09:45:34 +0800] "GET /xingrg/all/function/internal_message.html?_=1602899130314&CODE_STATE=getMsg HTTP/1.1" 200 27
101.89.29.78 - - [17/Oct/2020:09:45:34 +0800] "GET /xingrg/login.html HTTP/1.1" 200 7641
58.37.8.227 - - [17/Oct/2020:09:45:38 +0800] "GET /xingrg/all/function/internal_message.html?_=1602898739809&CODE_STATE=getMsg HTTP/1.1" 200 27
124.77.70.31 - - [17/Oct/2020:09:45:38 +0800] "GET /xingrg/all/function/internal_message.html?_=1602899124072&CODE_STATE=getMsg HTTP/1.1" 200 27
180.174.56.115 - - [17/Oct/2020:09:45:39 +0800] "GET /xingrg/all/function/internal_message.html?_=1602899102508&CODE_STATE=getMsg HTTP/1.1" 200 27
172.17.0.105 - - [17/Oct/2020:09:45:40 +0800] "GET /xingrg/check_reg.html?_=1602899151604 HTTP/1.1" 200 22
172.17.0.105 - - [17/Oct/2020:09:45:40 +0800] "GET /xingrg/all/function/internal_message.html?_=1602899151613&CODE_STATE=getMsg HTTP/1.1" 200 27
58.37.8.227 - - [17/Oct/2020:09:45:41 +0800] "GET /xingrg/all/function/internal_message.html?_=1602899139996&CODE_STATE=getMsg HTTP/1.1" 200 27
222.69.137.220 - - [17/Oct/2020:09:45:42 +0800] "GET /xingrg/all/function/internal_message.html?_=1602899133268&CODE_STATE=getMsg HTTP/1.1" 200 27
222.69.137.220 - - [17/Oct/2020:09:45:42 +0800] "GET /xingrg/check_reg.html?_=1602899133269 HTTP/1.1" 200 22
180.161.96.95 - - [17/Oct/2020:09:45:43 +0800] "GET /xingrg/all/function/internal_message.html?_=1602899359978&CODE_STATE=getMsg HTTP/1.1" 200 27
114.88.166.242 - - [17/Oct/2020:09:45:46 +0800] "GET /xingrg/kc/buy/cgsh_order_operate.html?command=get_materiel&rest_code=00111&code=00101013014&supplier_code=00100037&order_time=2020-10-17 HTTP/1.1" 200 432
117.131.5.26 - - [17/Oct/2020:09:45:47 +0800] "GET /xingrg/check_reg.html?_=1602899169395 HTTP/1.1" 200 22
117.131.5.26 - - [17/Oct/2020:09:45:47 +0800] "GET /xingrg/all/function/internal_message.html?_=1602899169396&CODE_STATE=getMsg HTTP/1.1" 200 27
180.162.245.190 - - [17/Oct/2020:09:46:00 +0800] "GET /xingrg/kc/buy/cgsh_order_operate.html?command=get_materiel&rest_code=00105&code=00101009112&supplier_code=00100024&order_time=2020-10-17 HTTP/1.1" 200 411
58.221.95.50 - - [17/Oct/2020:09:46:02 +0800] "GET /xingrg/all/function/internal_message.html?_=1602899333454&CODE_STATE=getMsg HTTP/1.1" 302 -
58.37.8.227 - - [17/Oct/2020:09:46:02 +0800] "GET /xingrg/check_reg.html?_=1602898764204 HTTP/1.1" 200 22
120.253.135.82 - - [17/Oct/2020:09:46:02 +0800] "GET /xingrg/check_reg.html?_=1602898908569 HTTP/1.1" 200 22
172.17.0.120 - - [17/Oct/2020:09:46:03 +0800] "GET /xingrg/all/function/internal_message.html?_=1602899159463&CODE_STATE=getMsg HTTP/1.1" 200 27
180.174.56.115 - - [17/Oct/2020:09:46:03 +0800] "GET /xingrg/all/function/internal_message.html?_=1602899160885&CODE_STATE=getMsg HTTP/1.1" 200 27
120.253.135.82 - - [17/Oct/2020:09:46:04 +0800] "GET /xingrg/all/function/internal_message.html?_=1602898910150&CODE_STATE=getMsg HTTP/1.1" 200 27
180.162.245.190 - - [17/Oct/2020:09:46:07 +0800] "GET /xingrg/all/function/internal_message.html?_=1602899166007&CODE_STATE=getMsg HTTP/1.1" 200 27
114.88.166.242 - - [17/Oct/2020:09:46:08 +0800] "GET /xingrg/all/function/internal_message.html?_=1602899252101&CODE_STATE=getMsg HTTP/1.1" 200 27
180.157.253.48 - - [17/Oct/2020:09:46:17 +0800] "GET /xingrg/check_reg.html?_=1602899183109 HTTP/1.1" 200 22
180.157.253.48 - - [17/Oct/2020:09:46:18 +0800] "GET /xingrg/all/function/internal_message.html?_=1602899183544&CODE_STATE=getMsg HTTP/1.1" 200 27
172.17.0.115 - - [17/Oct/2020:09:46:19 +0800] "GET /xingrg/all/function/internal_message.html?_=1602899197234&CODE_STATE=getMsg HTTP/1.1" 302 -
114.88.166.242 - - [17/Oct/2020:09:46:25 +0800] "GET /xingrg/kc/buy/cgsh_order_operate.html?command=get_materiel&rest_code=00111&code=00101019238&supplier_code=00100037&order_time=2020-10-17 HTTP/1.1" 200 467
172.17.0.185 - - [17/Oct/2020:09:46:34 +0800] "GET /xingrg/all/function/internal_message.html?_=1602899190317&CODE_STATE=getMsg HTTP/1.1" 200 27
172.17.0.185 - - [17/Oct/2020:09:46:34 +0800] "GET /xingrg/check_reg.html?_=1602899190320 HTTP/1.1" 200 22
180.162.245.190 - - [17/Oct/2020:09:46:35 +0800] "POST /xingrg/kc/buy/cgsh_order_operate.html HTTP/1.1" 200 37
180.174.56.115 - - [17/Oct/2020:09:46:36 +0800] "GET /xingrg/check_reg.html?_=1602899159181 HTTP/1.1" 200 22
180.162.245.190 - - [17/Oct/2020:09:46:36 +0800] "POST /xingrg/kc/buy/cgsh_order_operate.html HTTP/1.1" 200 7422
124.77.70.31 - - [17/Oct/2020:09:46:37 +0800] "GET /xingrg/check_reg.html?_=1602899183278 HTTP/1.1" 200 22
58.37.8.227 - - [17/Oct/2020:09:46:38 +0800] "GET /xingrg/all/function/internal_message.html?_=1602898799788&CODE_STATE=getMsg HTTP/1.1" 200 27
124.77.70.31 - - [17/Oct/2020:09:46:38 +0800] "GET /xingrg/all/function/internal_message.html?_=1602899184047&CODE_STATE=getMsg HTTP/1.1" 200 27
114.88.166.242 - - [17/Oct/2020:09:46:38 +0800] "GET /xingrg/kc/buy/cgsh_order_operate.html?command=get_materiel&rest_code=00111&code=00101007109&supplier_code=00100037&order_time=2020-10-17 HTTP/1.1" 200 428
180.162.245.190 - - [17/Oct/2020:09:46:38 +0800] "GET /xingrg/kc/print/load_data.html?order_code=212020101706848&kc_code=cgsh&condition= HTTP/1.1" 200 2502
180.174.56.115 - - [17/Oct/2020:09:46:39 +0800] "GET /xingrg/all/function/internal_message.html?_=1602899162523&CODE_STATE=getMsg HTTP/1.1" 200 27
172.17.0.105 - - [17/Oct/2020:09:46:40 +0800] "GET /xingrg/all/function/internal_message.html?_=1602899211612&CODE_STATE=getMsg HTTP/1.1" 200 27
58.37.8.227 - - [17/Oct/2020:09:46:41 +0800] "GET /xingrg/all/function/internal_message.html?_=1602899199996&CODE_STATE=getMsg HTTP/1.1" 200 27
222.69.137.220 - - [17/Oct/2020:09:46:42 +0800] "GET /xingrg/all/function/internal_message.html?_=1602899193267&CODE_STATE=getMsg HTTP/1.1" 200 27
180.161.96.95 - - [17/Oct/2020:09:46:43 +0800] "GET /xingrg/all/function/internal_message.html?_=1602899419990&CODE_STATE=getMsg HTTP/1.1" 200 27
117.131.5.26 - - [17/Oct/2020:09:46:47 +0800] "GET /xingrg/all/function/internal_message.html?_=1602899229395&CODE_STATE=getMsg HTTP/1.1" 200 27
114.84.37.38 - - [17/Oct/2020:09:46:47 +0800] "GET /xingrg/check_reg.html?_=1602899207243 HTTP/1.1" 200 22
180.162.245.190 - - [17/Oct/2020:09:46:48 +0800] "GET /xingrg/kc/buy/cgsh_order_list.html HTTP/1.1" 200 44262
114.88.166.242 - - [17/Oct/2020:09:46:49 +0800] "GET /xingrg/kc/buy/cgsh_order_operate.html?command=get_materiel&rest_code=00111&code=00101016025&supplier_code=00100037&order_time=2020-10-17 HTTP/1.1" 200 408
180.162.245.190 - - [17/Oct/2020:09:46:49 +0800] "POST /xingrg/kc/buy/cgsh_list_operate.html HTTP/1.1" 200 3493
180.162.245.190 - - [17/Oct/2020:09:46:52 +0800] "POST /xingrg/kc/buy/cgsh_list_operate.html HTTP/1.1" 200 564
180.162.245.190 - - [17/Oct/2020:09:46:53 +0800] "GET /xingrg/kc/buy/cgsh_order_info.html?code=212020101706827 HTTP/1.1" 200 60050
180.162.245.190 - - [17/Oct/2020:09:46:53 +0800] "GET /xingrg/javascript/easyui/themes/default/validatebox.css HTTP/1.1" 404 1104
180.162.245.190 - - [17/Oct/2020:09:46:54 +0800] "POST /xingrg/kc/buy/cgsh_order_operate.html HTTP/1.1" 200 49942
58.221.95.50 - - [17/Oct/2020:09:47:02 +0800] "GET /xingrg/all/function/internal_message.html?_=1602899393429&CODE_STATE=getMsg HTTP/1.1" 302 -
172.17.0.120 - - [17/Oct/2020:09:47:03 +0800] "GET /xingrg/all/function/internal_message.html?_=1602899219468&CODE_STATE=getMsg HTTP/1.1" 200 27
172.17.0.120 - - [17/Oct/2020:09:47:03 +0800] "GET /xingrg/check_reg.html?_=1602899219472 HTTP/1.1" 200 22
180.174.56.115 - - [17/Oct/2020:09:47:03 +0800] "GET /xingrg/all/function/internal_message.html?_=1602899220938&CODE_STATE=getMsg HTTP/1.1" 200 27
120.253.135.82 - - [17/Oct/2020:09:47:04 +0800] "GET /xingrg/all/function/internal_message.html?_=1602898970164&CODE_STATE=getMsg HTTP/1.1" 200 27
114.88.166.242 - - [17/Oct/2020:09:47:04 +0800] "GET /xingrg/kc/buy/cgsh_order_operate.html?command=get_materiel&rest_code=00111&code=00101020153&supplier_code=00100037&order_time=2020-10-17 HTTP/1.1" 200 408
180.162.245.190 - - [17/Oct/2020:09:47:07 +0800] "GET /xingrg/all/function/internal_message.html?_=1602899226002&CODE_STATE=getMsg HTTP/1.1" 200 27
114.88.166.242 - - [17/Oct/2020:09:47:08 +0800] "GET /xingrg/all/function/internal_message.html?_=1602899312160&CODE_STATE=getMsg HTTP/1.1" 200 27
114.88.166.242 - - [17/Oct/2020:09:47:08 +0800] "GET /xingrg/check_reg.html?_=1602899312161 HTTP/1.1" 200 22
114.88.166.242 - - [17/Oct/2020:09:47:16 +0800] "GET /xingrg/kc/buy/cgsh_order_operate.html?command=get_materiel&rest_code=00111&code=00101012029&supplier_code=00100037&order_time=2020-10-17 HTTP/1.1" 200 412
180.157.253.48 - - [17/Oct/2020:09:47:18 +0800] "GET /xingrg/all/function/internal_message.html?_=1602899243557&CODE_STATE=getMsg HTTP/1.1" 200 27
172.17.0.115 - - [17/Oct/2020:09:47:19 +0800] "GET /xingrg/all/function/internal_message.html?_=1602899257241&CODE_STATE=getMsg HTTP/1.1" 302 -
114.88.166.242 - - [17/Oct/2020:09:47:28 +0800] "GET /xingrg/kc/buy/cgsh_order_operate.html?command=get_materiel&rest_code=00111&code=00101016030&supplier_code=00100037&order_time=2020-10-17 HTTP/1.1" 200 412
172.17.0.185 - - [17/Oct/2020:09:47:34 +0800] "GET /xingrg/all/function/internal_message.html?_=1602899250324&CODE_STATE=getMsg HTTP/1.1" 200 27
114.88.166.242 - - [17/Oct/2020:09:47:37 +0800] "GET /xingrg/kc/buy/cgsh_order_operate.html?command=get_materiel&rest_code=00111&code=00101008126&supplier_code=00100037&order_time=2020-10-17 HTTP/1.1" 200 412
58.37.8.227 - - [17/Oct/2020:09:47:38 +0800] "GET /xingrg/all/function/internal_message.html?_=1602898859763&CODE_STATE=getMsg HTTP/1.1" 200 27
124.77.70.31 - - [17/Oct/2020:09:47:38 +0800] "GET /xingrg/all/function/internal_message.html?_=1602899244029&CODE_STATE=getMsg HTTP/1.1" 200 27
180.174.56.115 - - [17/Oct/2020:09:47:39 +0800] "GET /xingrg/all/function/internal_message.html?_=1602899222536&CODE_STATE=getMsg HTTP/1.1" 200 27
172.17.0.105 - - [17/Oct/2020:09:47:40 +0800] "GET /xingrg/all/function/internal_message.html?_=1602899271615&CODE_STATE=getMsg HTTP/1.1" 200 27
58.37.8.227 - - [17/Oct/2020:09:47:41 +0800] "GET /xingrg/all/function/internal_message.html?_=1602899259994&CODE_STATE=getMsg HTTP/1.1" 200 27
222.69.137.220 - - [17/Oct/2020:09:47:42 +0800] "GET /xingrg/all/function/internal_message.html?_=1602899253266&CODE_STATE=getMsg HTTP/1.1" 200 27
180.161.96.95 - - [17/Oct/2020:09:47:43 +0800] "GET /xingrg/all/function/internal_message.html?_=1602899480157&CODE_STATE=getMsg HTTP/1.1" 200 27
117.131.5.26 - - [17/Oct/2020:09:47:47 +0800] "GET /xingrg/all/function/internal_message.html?_=1602899289395&CODE_STATE=getMsg HTTP/1.1" 200 27
58.221.95.50 - - [17/Oct/2020:09:48:02 +0800] "GET /xingrg/all/function/internal_message.html?_=1602899453395&CODE_STATE=getMsg HTTP/1.1" 302 -
172.17.0.115 - - [17/Oct/2020:09:48:02 +0800] "GET /xingrg/check_reg.html?_=1602899300102 HTTP/1.1" 302 -
172.17.0.120 - - [17/Oct/2020:09:48:03 +0800] "GET /xingrg/all/function/internal_message.html?_=1602899279477&CODE_STATE=getMsg HTTP/1.1" 200 27
180.174.56.115 - - [17/Oct/2020:09:48:04 +0800] "GET /xingrg/all/function/internal_message.html?_=1602899280989&CODE_STATE=getMsg HTTP/1.1" 200 27
120.253.135.82 - - [17/Oct/2020:09:48:04 +0800] "GET /xingrg/all/function/internal_message.html?_=1602899030178&CODE_STATE=getMsg HTTP/1.1" 200 27
180.162.245.190 - - [17/Oct/2020:09:48:07 +0800] "GET /xingrg/all/function/internal_message.html?_=1602899286015&CODE_STATE=getMsg HTTP/1.1" 200 27
180.162.245.190 - - [17/Oct/2020:09:48:07 +0800] "GET /xingrg/check_reg.html?_=1602899286365 HTTP/1.1" 200 22
114.88.166.242 - - [17/Oct/2020:09:48:08 +0800] "GET /xingrg/all/function/internal_message.html?_=1602899372103&CODE_STATE=getMsg HTTP/1.1" 200 27
180.157.253.48 - - [17/Oct/2020:09:48:18 +0800] "GET /xingrg/all/function/internal_message.html?_=1602899303570&CODE_STATE=getMsg HTTP/1.1" 200 27
172.17.0.115 - - [17/Oct/2020:09:48:19 +0800] "GET /xingrg/all/function/internal_message.html?_=1602899317262&CODE_STATE=getMsg HTTP/1.1" 302 -
172.17.0.185 - - [17/Oct/2020:09:48:34 +0800] "GET /xingrg/all/function/internal_message.html?_=1602899310327&CODE_STATE=getMsg HTTP/1.1" 200 27
114.88.166.242 - - [17/Oct/2020:09:48:36 +0800] "GET /xingrg/kc/buy/cgsh_order_operate.html?command=get_materiel&rest_code=00111&code=00101008290&supplier_code=00100037&order_time=2020-10-17 HTTP/1.1" 200 416
58.37.8.227 - - [17/Oct/2020:09:48:38 +0800] "GET /xingrg/all/function/internal_message.html?_=1602898919738&CODE_STATE=getMsg HTTP/1.1" 200 27
124.77.70.31 - - [17/Oct/2020:09:48:38 +0800] "GET /xingrg/all/function/internal_message.html?_=1602899304015&CODE_STATE=getMsg HTTP/1.1" 200 27
180.174.56.115 - - [17/Oct/2020:09:48:39 +0800] "GET /xingrg/all/function/internal_message.html?_=1602899282625&CODE_STATE=getMsg HTTP/1.1" 200 27
172.17.0.105 - - [17/Oct/2020:09:48:40 +0800] "GET /xingrg/all/function/internal_message.html?_=1602899331619&CODE_STATE=getMsg HTTP/1.1" 200 27
58.37.8.227 - - [17/Oct/2020:09:48:41 +0800] "GET /xingrg/all/function/internal_message.html?_=1602899320019&CODE_STATE=getMsg HTTP/1.1" 200 27
58.37.8.227 - - [17/Oct/2020:09:48:41 +0800] "GET /xingrg/check_reg.html?_=1602899320019 HTTP/1.1" 200 22
222.69.137.220 - - [17/Oct/2020:09:48:42 +0800] "GET /xingrg/all/function/internal_message.html?_=1602899313268&CODE_STATE=getMsg HTTP/1.1" 200 27
180.161.96.95 - - [17/Oct/2020:09:48:43 +0800] "GET /xingrg/all/function/internal_message.html?_=1602899540320&CODE_STATE=getMsg HTTP/1.1" 200 27
117.131.5.26 - - [17/Oct/2020:09:48:47 +0800] "GET /xingrg/all/function/internal_message.html?_=1602899349394&CODE_STATE=getMsg HTTP/1.1" 200 27
58.247.206.158 - - [17/Oct/2020:09:49:00 +0800] "GET /xingrg/all/function/internal_message.html?_=1602898599990&CODE_STATE=getMsg HTTP/1.1" 302 -
58.221.95.50 - - [17/Oct/2020:09:49:02 +0800] "GET /xingrg/all/function/internal_message.html?_=1602899513374&CODE_STATE=getMsg HTTP/1.1" 302 -
58.221.95.50 - - [17/Oct/2020:09:49:03 +0800] "GET /xingrg/check_reg.html?_=1602899514573 HTTP/1.1" 302 -
172.17.0.120 - - [17/Oct/2020:09:49:03 +0800] "GET /xingrg/all/function/internal_message.html?_=1602899339472&CODE_STATE=getMsg HTTP/1.1" 200 27
180.174.56.115 - - [17/Oct/2020:09:49:04 +0800] "GET /xingrg/all/function/internal_message.html?_=1602899341037&CODE_STATE=getMsg HTTP/1.1" 200 27
120.253.135.82 - - [17/Oct/2020:09:49:04 +0800] "GET /xingrg/all/function/internal_message.html?_=1602899090219&CODE_STATE=getMsg HTTP/1.1" 200 27
58.247.206.158 - - [17/Oct/2020:09:49:05 +0800] "GET /xingrg/login.html HTTP/1.1" 200 7641
180.162.245.190 - - [17/Oct/2020:09:49:07 +0800] "GET /xingrg/all/function/internal_message.html?_=1602899346013&CODE_STATE=getMsg HTTP/1.1" 200 27
114.88.166.242 - - [17/Oct/2020:09:49:08 +0800] "GET /xingrg/all/function/internal_message.html?_=1602899432106&CODE_STATE=getMsg HTTP/1.1" 200 27
180.161.96.95 - - [17/Oct/2020:09:49:11 +0800] "GET /xingrg/kc/buy/cgsh_order_operate.html?command=get_materiel&rest_code=00102&code=00101007031&supplier_code=00100002&order_time=2020-10-17 HTTP/1.1" 200 413
180.157.253.48 - - [17/Oct/2020:09:49:18 +0800] "GET /xingrg/all/function/internal_message.html?_=1602899363587&CODE_STATE=getMsg HTTP/1.1" 200 27
172.17.0.115 - - [17/Oct/2020:09:49:19 +0800] "GET /xingrg/all/function/internal_message.html?_=1602899377268&CODE_STATE=getMsg HTTP/1.1" 302 -
114.88.166.242 - - [17/Oct/2020:09:49:19 +0800] "GET /xingrg/kc/buy/cgsh_order_operate.html?command=get_materiel&rest_code=00111&code=00101012025&supplier_code=00100037&order_time=2020-10-17 HTTP/1.1" 200 412
180.161.96.95 - - [17/Oct/2020:09:49:20 +0800] "GET /xingrg/kc/buy/cgsh_order_operate.html?command=get_materiel&rest_code=00102&code=00101007085&supplier_code=00100002&order_time=2020-10-17 HTTP/1.1" 200 413
180.174.56.115 - - [17/Oct/2020:09:49:25 +0800] "POST /xingrg/all/user/operate.html HTTP/1.1" 200 36
180.174.56.115 - - [17/Oct/2020:09:49:25 +0800] "GET /xingrg/javascript/jquery_easy_ui/themes/default/easyui.css HTTP/1.1" 304 -
180.174.56.115 - - [17/Oct/2020:09:49:26 +0800] "GET /xingrg/index.html?sysBaseUrl=http%3A%2F%2F180.169.147.146%3A18081%2Fxingrg%2F&costTime=39×tamp=1602898295767 HTTP/1.1" 200 17177
180.174.56.115 - - [17/Oct/2020:09:49:26 +0800] "GET /xingrg/javascript/jquery_easy_ui/themes/icon.css HTTP/1.1" 304 -
180.174.56.115 - - [17/Oct/2020:09:49:26 +0800] "GET /xingrg/css/form.css HTTP/1.1" 304 -
180.174.56.115 - - [17/Oct/2020:09:49:26 +0800] "GET /xingrg/javascript/jquery-1.4.2.min.js HTTP/1.1" 304 -
180.174.56.115 - - [17/Oct/2020:09:49:26 +0800] "GET /xingrg/javascript/jquery_easy_ui/jquery.easyui.min.js HTTP/1.1" 304 -
180.174.56.115 - - [17/Oct/2020:09:49:26 +0800] "GET /xingrg/javascript/jquery_easy_ui/easyui-lang-zh_CN.js HTTP/1.1" 304 -
180.174.56.115 - - [17/Oct/2020:09:49:26 +0800] "GET /xingrg/javascript/jquery.form.js HTTP/1.1" 304 -
180.174.56.115 - - [17/Oct/2020:09:49:26 +0800] "GET /xingrg/javascript/jquery.utils.js HTTP/1.1" 304 -
180.174.56.115 - - [17/Oct/2020:09:49:26 +0800] "GET /xingrg/javascript/jquery.timers.js HTTP/1.1" 304 -
180.174.56.115 - - [17/Oct/2020:09:49:26 +0800] "GET /xingrg/images/blue/jxLogo.png HTTP/1.1" 304 -
180.174.56.115 - - [17/Oct/2020:09:49:26 +0800] "GET /xingrg/images/blue/navBackgound.jpg HTTP/1.1" 304 -
180.174.56.115 - - [17/Oct/2020:09:49:26 +0800] "GET /xingrg/javascript/jquery_easy_ui/themes/icons/settle_new.png HTTP/1.1" 304 -
180.174.56.115 - - [17/Oct/2020:09:49:26 +0800] "POST /xingrg/all/common/load_tree.html?tree=area_rest_tree_json&manage=1 HTTP/1.1" 200 476
180.174.56.115 - - [17/Oct/2020:09:49:26 +0800] "GET /xingrg/images/blue/pingpu.png HTTP/1.1" 304 -
180.174.56.115 - - [17/Oct/2020:09:49:26 +0800] "GET /xingrg/javascript/jquery_easy_ui/themes/default/images/tabs_leftarrow.png HTTP/1.1" 304 -
180.174.56.115 - - [17/Oct/2020:09:49:26 +0800] "GET /xingrg/javascript/jquery_easy_ui/themes/default/images/tabs_rightarrow.png HTTP/1.1" 304 -
180.174.56.115 - - [17/Oct/2020:09:49:26 +0800] "GET /xingrg/javascript/jquery_easy_ui/themes/default/images/panel_tool_collapse.gif HTTP/1.1" 304 -
180.174.56.115 - - [17/Oct/2020:09:49:26 +0800] "GET /xingrg/all/function/internal_message.html?_=1602899329218&CODE_STATE=count HTTP/1.1" 200 11
180.174.56.115 - - [17/Oct/2020:09:49:26 +0800] "GET /xingrg/check_reg.html?_=1602899329219 HTTP/1.1" 200 22
180.174.56.115 - - [17/Oct/2020:09:49:26 +0800] "POST /xingrg/load_menu.html HTTP/1.1" 200 5138
180.161.96.95 - - [17/Oct/2020:09:49:31 +0800] "GET /xingrg/kc/buy/cgsh_order_operate.html?command=get_materiel&rest_code=00102&code=00101007001&supplier_code=00100002&order_time=2020-10-17 HTTP/1.1" 200 409
172.17.0.185 - - [17/Oct/2020:09:49:34 +0800] "GET /xingrg/all/function/internal_message.html?_=1602899370316&CODE_STATE=getMsg HTTP/1.1" 200 27
58.37.8.227 - - [17/Oct/2020:09:49:37 +0800] "GET /xingrg/all/function/internal_message.html?_=1602898979718&CODE_STATE=getMsg HTTP/1.1" 200 27
124.77.70.31 - - [17/Oct/2020:09:49:38 +0800] "GET /xingrg/all/function/internal_message.html?_=1602899363998&CODE_STATE=getMsg HTTP/1.1" 200 27
172.17.0.105 - - [17/Oct/2020:09:49:40 +0800] "GET /xingrg/all/function/internal_message.html?_=1602899391619&CODE_STATE=getMsg HTTP/1.1" 200 27
58.37.8.227 - - [17/Oct/2020:09:49:41 +0800] "GET /xingrg/all/function/internal_message.html?_=1602899380018&CODE_STATE=getMsg HTTP/1.1" 200 27
222.69.137.220 - - [17/Oct/2020:09:49:42 +0800] "GET /xingrg/all/function/internal_message.html?_=1602899373276&CODE_STATE=getMsg HTTP/1.1" 200 27
180.161.96.95 - - [17/Oct/2020:09:49:42 +0800] "GET /xingrg/check_reg.html?_=1602899599127 HTTP/1.1" 200 22
180.161.96.95 - - [17/Oct/2020:09:49:43 +0800] "GET /xingrg/all/function/internal_message.html?_=1602899600328&CODE_STATE=getMsg HTTP/1.1" 200 27
180.161.96.95 - - [17/Oct/2020:09:49:46 +0800] "GET /xingrg/kc/buy/cgsh_order_operate.html?command=get_materiel&rest_code=00102&code=00101007059&supplier_code=00100002&order_time=2020-10-17 HTTP/1.1" 200 428
117.131.5.26 - - [17/Oct/2020:09:49:47 +0800] "GET /xingrg/all/function/internal_message.html?_=1602899409393&CODE_STATE=getMsg HTTP/1.1" 200 27
180.161.96.95 - - [17/Oct/2020:09:49:58 +0800] "GET /xingrg/kc/buy/cgsh_order_operate.html?command=get_materiel&rest_code=00102&code=00101007061&supplier_code=00100002&order_time=2020-10-17 HTTP/1.1" 200 409
58.221.95.50 - - [17/Oct/2020:09:50:02 +0800] "GET /xingrg/all/function/internal_message.html?_=1602899573356&CODE_STATE=getMsg HTTP/1.1" 302 -
172.17.0.120 - - [17/Oct/2020:09:50:03 +0800] "GET /xingrg/all/function/internal_message.html?_=1602899399469&CODE_STATE=getMsg HTTP/1.1" 200 27
180.174.56.115 - - [17/Oct/2020:09:50:04 +0800] "GET /xingrg/check_reg.html?_=1602899401085 HTTP/1.1" 200 22
180.174.56.115 - - [17/Oct/2020:09:50:04 +0800] "GET /xingrg/all/function/internal_message.html?_=1602899401087&CODE_STATE=getMsg HTTP/1.1" 200 27
120.253.135.82 - - [17/Oct/2020:09:50:04 +0800] "GET /xingrg/all/function/internal_message.html?_=1602899150221&CODE_STATE=getMsg HTTP/1.1" 200 27
180.161.96.95 - - [17/Oct/2020:09:50:06 +0800] "GET /xingrg/kc/buy/cgsh_order_operate.html?command=get_materiel&rest_code=00102&code=00101007081&supplier_code=00100002&order_time=2020-10-17 HTTP/1.1" 200 413
180.162.245.190 - - [17/Oct/2020:09:50:07 +0800] "GET /xingrg/all/function/internal_message.html?_=1602899406006&CODE_STATE=getMsg HTTP/1.1" 200 27
114.88.166.242 - - [17/Oct/2020:09:50:08 +0800] "GET /xingrg/all/function/internal_message.html?_=1602899492099&CODE_STATE=getMsg HTTP/1.1" 200 27
180.157.253.48 - - [17/Oct/2020:09:50:18 +0800] "GET /xingrg/all/function/internal_message.html?_=1602899423598&CODE_STATE=getMsg HTTP/1.1" 200 27
172.17.0.115 - - [17/Oct/2020:09:50:19 +0800] "GET /xingrg/all/function/internal_message.html?_=1602899437290&CODE_STATE=getMsg HTTP/1.1" 302 -
180.174.56.115 - - [17/Oct/2020:09:50:26 +0800] "GET /xingrg/all/function/internal_message.html?_=1602899389224&CODE_STATE=getMsg HTTP/1.1" 200 27
180.161.96.95 - - [17/Oct/2020:09:50:28 +0800] "GET /xingrg/kc/buy/cgsh_order_operate.html?command=get_materiel&rest_code=00102&code=00101007044&supplier_code=00100002&order_time=2020-10-17 HTTP/1.1" 200 424
172.17.0.185 - - [17/Oct/2020:09:50:34 +0800] "GET /xingrg/all/function/internal_message.html?_=1602899430319&CODE_STATE=getMsg HTTP/1.1" 200 27
58.37.8.227 - - [17/Oct/2020:09:50:37 +0800] "GET /xingrg/all/function/internal_message.html?_=1602899039697&CODE_STATE=getMsg HTTP/1.1" 200 27
124.77.70.31 - - [17/Oct/2020:09:50:38 +0800] "GET /xingrg/all/function/internal_message.html?_=1602899423984&CODE_STATE=getMsg HTTP/1.1" 200 27
172.17.0.105 - - [17/Oct/2020:09:50:40 +0800] "GET /xingrg/check_reg.html?_=1602899451619 HTTP/1.1" 200 22
172.17.0.105 - - [17/Oct/2020:09:50:40 +0800] "GET /xingrg/all/function/internal_message.html?_=1602899451622&CODE_STATE=getMsg HTTP/1.1" 200 27
58.37.8.227 - - [17/Oct/2020:09:50:41 +0800] "GET /xingrg/all/function/internal_message.html?_=1602899440017&CODE_STATE=getMsg HTTP/1.1" 200 27
222.69.137.220 - - [17/Oct/2020:09:50:42 +0800] "GET /xingrg/check_reg.html?_=1602899433284 HTTP/1.1" 200 22
222.69.137.220 - - [17/Oct/2020:09:50:42 +0800] "GET /xingrg/all/function/internal_message.html?_=1602899433291&CODE_STATE=getMsg HTTP/1.1" 200 27
114.88.166.242 - - [17/Oct/2020:09:50:42 +0800] "GET /xingrg/kc/buy/cgsh_order_operate.html?command=get_materiel&rest_code=00111&code=00101009011&supplier_code=00100037&order_time=2020-10-17 HTTP/1.1" 200 416
180.161.96.95 - - [17/Oct/2020:09:50:43 +0800] "GET /xingrg/all/function/internal_message.html?_=1602899660341&CODE_STATE=getMsg HTTP/1.1" 200 27
117.131.5.26 - - [17/Oct/2020:09:50:47 +0800] "GET /xingrg/check_reg.html?_=1602899469393 HTTP/1.1" 200 22
117.131.5.26 - - [17/Oct/2020:09:50:47 +0800] "GET /xingrg/all/function/internal_message.html?_=1602899469392&CODE_STATE=getMsg HTTP/1.1" 200 27
58.221.95.50 - - [17/Oct/2020:09:51:02 +0800] "GET /xingrg/all/function/internal_message.html?_=1602899633325&CODE_STATE=getMsg HTTP/1.1" 302 -
58.37.8.227 - - [17/Oct/2020:09:51:02 +0800] "GET /xingrg/check_reg.html?_=1602899064201 HTTP/1.1" 200 22
120.253.135.82 - - [17/Oct/2020:09:51:02 +0800] "GET /xingrg/check_reg.html?_=1602899208591 HTTP/1.1" 200 22
172.17.0.120 - - [17/Oct/2020:09:51:03 +0800] "GET /xingrg/all/function/internal_message.html?_=1602899459473&CODE_STATE=getMsg HTTP/1.1" 200 27
180.174.56.115 - - [17/Oct/2020:09:51:04 +0800] "GET /xingrg/all/function/internal_message.html?_=1602899461135&CODE_STATE=getMsg HTTP/1.1" 200 27
120.253.135.82 - - [17/Oct/2020:09:51:04 +0800] "GET /xingrg/all/function/internal_message.html?_=1602899210234&CODE_STATE=getMsg HTTP/1.1" 200 27
180.162.245.190 - - [17/Oct/2020:09:51:07 +0800] "GET /xingrg/all/function/internal_message.html?_=1602899466010&CODE_STATE=getMsg HTTP/1.1" 200 27
114.88.166.242 - - [17/Oct/2020:09:51:08 +0800] "GET /xingrg/all/function/internal_message.html?_=1602899552157&CODE_STATE=getMsg HTTP/1.1" 200 27
180.157.253.48 - - [17/Oct/2020:09:51:17 +0800] "GET /xingrg/check_reg.html?_=1602899483119 HTTP/1.1" 200 22
180.157.253.48 - - [17/Oct/2020:09:51:18 +0800] "GET /xingrg/all/function/internal_message.html?_=1602899483612&CODE_STATE=getMsg HTTP/1.1" 200 27
172.17.0.115 - - [17/Oct/2020:09:51:19 +0800] "GET /xingrg/all/function/internal_message.html?_=1602899497295&CODE_STATE=getMsg HTTP/1.1" 302 -
180.174.56.115 - - [17/Oct/2020:09:51:26 +0800] "GET /xingrg/all/function/internal_message.html?_=1602899449236&CODE_STATE=getMsg HTTP/1.1" 200 27
172.17.0.185 - - [17/Oct/2020:09:51:34 +0800] "GET /xingrg/all/function/internal_message.html?_=1602899490323&CODE_STATE=getMsg HTTP/1.1" 200 27
172.17.0.185 - - [17/Oct/2020:09:51:34 +0800] "GET /xingrg/check_reg.html?_=1602899490327 HTTP/1.1" 200 22
180.174.56.115 - - [17/Oct/2020:09:51:34 +0800] "GET /xingrg/kc/buy/cgsh_order_list.html HTTP/1.1" 200 44266
180.174.56.115 - - [17/Oct/2020:09:51:35 +0800] "POST /xingrg/kc/buy/cgsh_list_operate.html HTTP/1.1" 200 1708
124.77.70.31 - - [17/Oct/2020:09:51:37 +0800] "GET /xingrg/check_reg.html?_=1602899483270 HTTP/1.1" 200 22
58.37.8.227 - - [17/Oct/2020:09:51:37 +0800] "GET /xingrg/all/function/internal_message.html?_=1602899099698&CODE_STATE=getMsg HTTP/1.1" 200 27
124.77.70.31 - - [17/Oct/2020:09:51:38 +0800] "GET /xingrg/all/function/internal_message.html?_=1602899483956&CODE_STATE=getMsg HTTP/1.1" 200 27
180.174.56.115 - - [17/Oct/2020:09:51:39 +0800] "POST /xingrg/kc/buy/cgsh_list_operate.html HTTP/1.1" 200 564
172.17.0.105 - - [17/Oct/2020:09:51:40 +0800] "GET /xingrg/all/function/internal_message.html?_=1602899511630&CODE_STATE=getMsg HTTP/1.1" 200 27
58.37.8.227 - - [17/Oct/2020:09:51:41 +0800] "GET /xingrg/all/function/internal_message.html?_=1602899500014&CODE_STATE=getMsg HTTP/1.1" 200 27
180.174.56.115 - - [17/Oct/2020:09:51:41 +0800] "GET /xingrg/kc/buy/cgsh_order_info.html?code=212020101706822 HTTP/1.1" 200 59663
222.69.137.220 - - [17/Oct/2020:09:51:42 +0800] "GET /xingrg/all/function/internal_message.html?_=1602899493277&CODE_STATE=getMsg HTTP/1.1" 200 27
180.174.56.115 - - [17/Oct/2020:09:51:42 +0800] "GET /xingrg/all/common/auto_word.html?type=employee&rest_code=00151 HTTP/1.1" 200 243
180.174.56.115 - - [17/Oct/2020:09:51:42 +0800] "GET /xingrg/all/common/auto_word.html?type=employee&rest_code=00151 HTTP/1.1" 200 243
180.174.56.115 - - [17/Oct/2020:09:51:42 +0800] "GET /xingrg/javascript/easyui/themes/default/validatebox.css HTTP/1.1" 404 1104
180.174.56.115 - - [17/Oct/2020:09:51:42 +0800] "POST /xingrg/kc/buy/cgsh_order_operate.html HTTP/1.1" 200 34337
180.161.96.95 - - [17/Oct/2020:09:51:43 +0800] "GET /xingrg/all/function/internal_message.html?_=1602899720355&CODE_STATE=getMsg HTTP/1.1" 200 27
117.131.5.26 - - [17/Oct/2020:09:51:47 +0800] "GET /xingrg/all/function/internal_message.html?_=1602899529391&CODE_STATE=getMsg HTTP/1.1" 200 27
114.84.37.38 - - [17/Oct/2020:09:51:47 +0800] "GET /xingrg/check_reg.html?_=1602899507246 HTTP/1.1" 200 22
114.88.166.242 - - [17/Oct/2020:09:51:52 +0800] "GET /xingrg/kc/buy/cgsh_order_operate.html?command=get_materiel&rest_code=00111&code=00101009112&supplier_code=00100037&order_time=2020-10-17 HTTP/1.1" 200 411
58.221.95.50 - - [17/Oct/2020:09:52:02 +0800] "GET /xingrg/all/function/internal_message.html?_=1602899693305&CODE_STATE=getMsg HTTP/1.1" 302 -
114.88.166.242 - - [17/Oct/2020:09:52:03 +0800] "GET /xingrg/kc/buy/cgsh_order_operate.html?command=get_materiel&rest_code=00111&code=00101012002&supplier_code=00100037&order_time=2020-10-17 HTTP/1.1" 200 438
172.17.0.120 - - [17/Oct/2020:09:52:03 +0800] "GET /xingrg/check_reg.html?_=1602899519462 HTTP/1.1" 200 22
172.17.0.120 - - [17/Oct/2020:09:52:03 +0800] "GET /xingrg/all/function/internal_message.html?_=1602899519465&CODE_STATE=getMsg HTTP/1.1" 200 27
180.174.56.115 - - [17/Oct/2020:09:52:04 +0800] "GET /xingrg/all/function/internal_message.html?_=1602899521182&CODE_STATE=getMsg HTTP/1.1" 200 27
120.253.135.82 - - [17/Oct/2020:09:52:04 +0800] "GET /xingrg/all/function/internal_message.html?_=1602899270248&CODE_STATE=getMsg HTTP/1.1" 200 27
180.162.245.190 - - [17/Oct/2020:09:52:07 +0800] "GET /xingrg/all/function/internal_message.html?_=1602899526009&CODE_STATE=getMsg HTTP/1.1" 200 27
114.88.166.242 - - [17/Oct/2020:09:52:08 +0800] "GET /xingrg/all/function/internal_message.html?_=1602899612115&CODE_STATE=getMsg HTTP/1.1" 200 27
114.88.166.242 - - [17/Oct/2020:09:52:08 +0800] "GET /xingrg/check_reg.html?_=1602899612133 HTTP/1.1" 200 22
114.88.166.242 - - [17/Oct/2020:09:52:12 +0800] "GET /xingrg/kc/buy/cgsh_order_operate.html?command=get_materiel&rest_code=00111&code=00101009013&supplier_code=00100037&order_time=2020-10-17 HTTP/1.1" 200 422
180.161.96.95 - - [17/Oct/2020:09:52:17 +0800] "POST /xingrg/kc/buy/cgsh_order_operate.html HTTP/1.1" 200 37
180.157.253.48 - - [17/Oct/2020:09:52:18 +0800] "GET /xingrg/all/function/internal_message.html?_=1602899543624&CODE_STATE=getMsg HTTP/1.1" 200 27
172.17.0.115 - - [17/Oct/2020:09:52:19 +0800] "GET /xingrg/all/function/internal_message.html?_=1602899557316&CODE_STATE=getMsg HTTP/1.1" 302 -
180.161.96.95 - - [17/Oct/2020:09:52:19 +0800] "POST /xingrg/kc/buy/cgsh_order_operate.html HTTP/1.1" 200 6807
180.162.137.114 - - [17/Oct/2020:09:52:19 +0800] "GET /xingrg/check_reg.html?_=1602899547325 HTTP/1.1" 302 -
180.162.137.114 - - [17/Oct/2020:09:52:19 +0800] "GET /xingrg/login.html HTTP/1.1" 200 7641
180.161.96.95 - - [17/Oct/2020:09:52:22 +0800] "GET /xingrg/kc/buy/cgsh_order_add.html HTTP/1.1" 200 59959
114.88.166.242 - - [17/Oct/2020:09:52:23 +0800] "GET /xingrg/kc/buy/cgsh_order_operate.html?command=get_materiel&rest_code=00111&code=00101009016&supplier_code=00100037&order_time=2020-10-17 HTTP/1.1" 200 433
180.161.96.95 - - [17/Oct/2020:09:52:23 +0800] "POST /xingrg/kc/buy/cgsh_order_operate.html HTTP/1.1" 200 8245
180.161.96.95 - - [17/Oct/2020:09:52:23 +0800] "GET /xingrg/javascript/easyui/themes/default/validatebox.css HTTP/1.1" 404 1104
180.161.96.95 - - [17/Oct/2020:09:52:24 +0800] "GET /xingrg/javascript/easyui/themes/default/tree.css HTTP/1.1" 404 1090
180.161.96.95 - - [17/Oct/2020:09:52:24 +0800] "POST /xingrg/all/common/load_tree.html?tree=supplier_tree_json&isDelete=1 HTTP/1.1" 200 50666
180.174.56.115 - - [17/Oct/2020:09:52:26 +0800] "GET /xingrg/all/function/internal_message.html?_=1602899509251&CODE_STATE=getMsg HTTP/1.1" 200 27
114.88.166.242 - - [17/Oct/2020:09:52:30 +0800] "GET /xingrg/kc/buy/cgsh_order_operate.html?command=get_materiel&rest_code=00111&code=00101009007&supplier_code=00100037&order_time=2020-10-17 HTTP/1.1" 200 408
180.174.56.115 - - [17/Oct/2020:09:52:33 +0800] "POST /xingrg/kc/buy/cgsh_order_operate.html HTTP/1.1" 200 37
172.17.0.185 - - [17/Oct/2020:09:52:34 +0800] "GET /xingrg/all/function/internal_message.html?_=1602899550314&CODE_STATE=getMsg HTTP/1.1" 200 27
180.174.56.115 - - [17/Oct/2020:09:52:36 +0800] "POST /xingrg/kc/buy/cgsh_order_operate.html HTTP/1.1" 200 12
114.88.166.242 - - [17/Oct/2020:09:52:36 +0800] "POST /xingrg/kc/buy/cgsh_order_operate.html HTTP/1.1" 200 2065
58.37.8.227 - - [17/Oct/2020:09:52:37 +0800] "GET /xingrg/all/function/internal_message.html?_=1602899159672&CODE_STATE=getMsg HTTP/1.1" 200 27
124.77.70.31 - - [17/Oct/2020:09:52:38 +0800] "GET /xingrg/all/function/internal_message.html?_=1602899543931&CODE_STATE=getMsg HTTP/1.1" 200 27
180.174.56.115 - - [17/Oct/2020:09:52:38 +0800] "GET /xingrg/kc/buy/cgsh_order_info.html?code=212020101706822 HTTP/1.1" 200 54561
180.174.56.115 - - [17/Oct/2020:09:52:38 +0800] "GET /xingrg/javascript/easyui/themes/default/validatebox.css HTTP/1.1" 404 1104
180.174.56.115 - - [17/Oct/2020:09:52:38 +0800] "POST /xingrg/kc/buy/cgsh_order_operate.html HTTP/1.1" 200 32275
172.17.0.105 - - [17/Oct/2020:09:52:40 +0800] "GET /xingrg/all/function/internal_message.html?_=1602899571630&CODE_STATE=getMsg HTTP/1.1" 200 27
58.37.8.227 - - [17/Oct/2020:09:52:41 +0800] "GET /xingrg/all/function/internal_message.html?_=1602899560013&CODE_STATE=getMsg HTTP/1.1" 200 27
114.88.166.242 - - [17/Oct/2020:09:52:41 +0800] "POST /xingrg/kc/buy/cgsh_order_operate.html HTTP/1.1" 200 37
180.174.56.115 - - [17/Oct/2020:09:52:41 +0800] "GET /xingrg/kc/print/load_data.html?order_code=212020101706822&kc_code=cgsh&condition= HTTP/1.1" 200 12960
222.69.137.220 - - [17/Oct/2020:09:52:42 +0800] "GET /xingrg/all/function/internal_message.html?_=1602899553280&CODE_STATE=getMsg HTTP/1.1" 200 27
180.161.96.95 - - [17/Oct/2020:09:52:42 +0800] "GET /xingrg/kc/buy/cgsh_order_operate.html?command=get_materiel&rest_code=00102&code=00101015057&supplier_code=00100054&order_time=2020-10-17 HTTP/1.1" 200 408
