114.88.166.242 - - [16/Oct/2020:09:27:08 +0800] "GET /xingrg/all/function/internal_message.html?_=1602811623501&CODE_STATE=getMsg HTTP/1.1" 200 27
117.185.32.26 - - [16/Oct/2020:09:27:09 +0800] "GET /xingrg/all/function/internal_message.html?_=1602811623613&CODE_STATE=getMsg HTTP/1.1" 200 27
180.174.56.115 - - [16/Oct/2020:09:27:10 +0800] "GET /xingrg/kc/buy/cgsh_order_operate.html?command=get_materiel&rest_code=00150&code=00101008223&supplier_code=00100007&order_time=2020-10-16 HTTP/1.1" 200 431
101.88.151.31 - - [16/Oct/2020:09:27:17 +0800] "GET /xingrg/all/function/internal_message.html?_=1602811630206&CODE_STATE=getMsg HTTP/1.1" 200 27
218.81.217.115 - - [16/Oct/2020:09:27:18 +0800] "GET /xingrg/all/function/internal_message.html?_=1602811650835&CODE_STATE=getMsg HTTP/1.1" 200 27
180.157.253.48 - - [16/Oct/2020:09:27:20 +0800] "GET /xingrg/check_reg.html?_=1602811644307 HTTP/1.1" 200 22
114.88.166.242 - - [16/Oct/2020:09:27:20 +0800] "GET /xingrg/all/function/internal_message.html?_=1602811724286&CODE_STATE=getMsg HTTP/1.1" 200 27
180.174.56.115 - - [16/Oct/2020:09:27:20 +0800] "GET /xingrg/kc/buy/cgsh_order_operate.html?command=get_materiel&rest_code=00150&code=00101008307&supplier_code=00100007&order_time=2020-10-16 HTTP/1.1" 200 439
114.88.166.242 - - [16/Oct/2020:09:27:21 +0800] "POST /xingrg/kc/buy/cgsh_list_operate.html HTTP/1.1" 200 2772
180.162.245.190 - - [16/Oct/2020:09:27:27 +0800] "GET /xingrg/all/function/internal_message.html?_=1602811627547&CODE_STATE=getMsg HTTP/1.1" 200 27
180.174.56.115 - - [16/Oct/2020:09:27:27 +0800] "GET /xingrg/kc/buy/cgsh_order_operate.html?command=get_materiel&rest_code=00150&code=00101009015&supplier_code=00100007&order_time=2020-10-16 HTTP/1.1" 200 416
222.69.136.129 - - [16/Oct/2020:09:27:29 +0800] "GET /xingrg/all/function/internal_message.html?_=1602811643307&CODE_STATE=getMsg HTTP/1.1" 200 27
180.157.253.48 - - [16/Oct/2020:09:27:30 +0800] "GET /xingrg/all/function/internal_message.html?_=1602811654243&CODE_STATE=getMsg HTTP/1.1" 200 27
180.174.56.115 - - [16/Oct/2020:09:27:32 +0800] "GET /xingrg/kc/buy/cgsh_order_operate.html?command=get_materiel&rest_code=00150&code=00101008402&supplier_code=00100007&order_time=2020-10-16 HTTP/1.1" 200 410
180.162.245.190 - - [16/Oct/2020:09:27:33 +0800] "GET /xingrg/all/function/internal_message.html?_=1602811651508&CODE_STATE=getMsg HTTP/1.1" 200 27
180.174.56.115 - - [16/Oct/2020:09:27:38 +0800] "GET /xingrg/kc/buy/cgsh_order_operate.html?command=get_materiel&rest_code=00150&code=00101008236&supplier_code=00100007&order_time=2020-10-16 HTTP/1.1" 200 436
180.174.56.115 - - [16/Oct/2020:09:27:39 +0800] "POST /xingrg/kc/buy/cgsh_order_operate.html HTTP/1.1" 200 2065
172.17.200.101 - - [16/Oct/2020:09:27:40 +0800] "GET /xingrg/all/function/internal_message.html?_=1602811660049&CODE_STATE=getMsg HTTP/1.1" 200 27
101.85.95.39 - - [16/Oct/2020:09:27:44 +0800] "GET /xingrg/all/function/internal_message.html?_=1602811445504&CODE_STATE=getMsg HTTP/1.1" 200 27
218.81.217.115 - - [16/Oct/2020:09:27:52 +0800] "GET /xingrg/all/function/internal_message.html?_=1602811668326&CODE_STATE=getMsg HTTP/1.1" 200 27
180.174.56.115 - - [16/Oct/2020:09:27:53 +0800] "GET /xingrg/kc/buy/cgsh_order_operate.html?command=get_materiel&rest_code=00150&code=00101008134&supplier_code=00100007&order_time=2020-10-16 HTTP/1.1" 200 412
180.174.56.115 - - [16/Oct/2020:09:27:54 +0800] "GET /xingrg/check_reg.html?_=1602811671886 HTTP/1.1" 200 22
180.174.56.115 - - [16/Oct/2020:09:27:54 +0800] "GET /xingrg/all/function/internal_message.html?_=1602811671888&CODE_STATE=getMsg HTTP/1.1" 200 27
58.40.7.146 - - [16/Oct/2020:09:27:56 +0800] "GET /xingrg/all/function/internal_message.html?_=1602811673764&CODE_STATE=getMsg HTTP/1.1" 200 27
180.174.56.115 - - [16/Oct/2020:09:27:57 +0800] "GET /xingrg/kc/buy/cgsh_order_operate.html?command=get_materiel&rest_code=00150&code=00101008114&supplier_code=00100007&order_time=2020-10-16 HTTP/1.1" 200 412
172.17.0.120 - - [16/Oct/2020:09:28:00 +0800] "GET /xingrg/all/function/internal_message.html?_=1602811704987&CODE_STATE=getMsg HTTP/1.1" 200 27
58.37.8.227 - - [16/Oct/2020:09:28:00 +0800] "GET /xingrg/all/function/internal_message.html?_=1602811677349&CODE_STATE=getMsg HTTP/1.1" 200 27
117.184.7.26 - - [16/Oct/2020:09:28:01 +0800] "GET /xingrg/all/function/internal_message.html?_=1602811675133&CODE_STATE=getMsg HTTP/1.1" 200 27
180.174.56.115 - - [16/Oct/2020:09:28:02 +0800] "GET /xingrg/kc/buy/cgsh_order_operate.html?command=get_materiel&rest_code=00150&code=00101008061&supplier_code=00100007&order_time=2020-10-16 HTTP/1.1" 200 422
124.77.70.31 - - [16/Oct/2020:09:28:08 +0800] "GET /xingrg/all/function/internal_message.html?_=1602811676327&CODE_STATE=getMsg HTTP/1.1" 200 27
114.88.166.242 - - [16/Oct/2020:09:28:08 +0800] "GET /xingrg/all/function/internal_message.html?_=1602811683517&CODE_STATE=getMsg HTTP/1.1" 200 27
180.174.56.115 - - [16/Oct/2020:09:28:08 +0800] "GET /xingrg/kc/buy/cgsh_order_operate.html?command=get_materiel&rest_code=00150&code=00101008095&supplier_code=00100007&order_time=2020-10-16 HTTP/1.1" 200 412
117.185.32.26 - - [16/Oct/2020:09:28:09 +0800] "GET /xingrg/all/function/internal_message.html?_=1602811683611&CODE_STATE=getMsg HTTP/1.1" 200 27
180.174.56.115 - - [16/Oct/2020:09:28:10 +0800] "POST /xingrg/kc/buy/cgsh_order_operate.html HTTP/1.1" 200 2065
58.37.8.227 - - [16/Oct/2020:09:28:13 +0800] "GET /xingrg/check_reg.html?_=1602811689514 HTTP/1.1" 200 22
180.174.56.115 - - [16/Oct/2020:09:28:14 +0800] "GET /xingrg/kc/buy/cgsh_order_operate.html?command=get_materiel&rest_code=00150&code=00101008110&supplier_code=00100007&order_time=2020-10-16 HTTP/1.1" 200 408
218.81.217.115 - - [16/Oct/2020:09:28:17 +0800] "GET /xingrg/check_reg.html?_=1602811709141 HTTP/1.1" 200 22
101.88.151.31 - - [16/Oct/2020:09:28:17 +0800] "GET /xingrg/check_reg.html?_=1602811690214 HTTP/1.1" 200 22
101.88.151.31 - - [16/Oct/2020:09:28:17 +0800] "GET /xingrg/all/function/internal_message.html?_=1602811690223&CODE_STATE=getMsg HTTP/1.1" 200 27
218.81.217.115 - - [16/Oct/2020:09:28:18 +0800] "GET /xingrg/all/function/internal_message.html?_=1602811710837&CODE_STATE=getMsg HTTP/1.1" 200 27
116.233.76.41 - - [16/Oct/2020:09:28:18 +0800] "GET /xingrg/login.html HTTP/1.1" 200 7641
116.233.76.41 - - [16/Oct/2020:09:28:19 +0800] "GET /xingrg/images/blue/jxLogo.png HTTP/1.1" 304 -
116.233.76.41 - - [16/Oct/2020:09:28:19 +0800] "GET /xingrg/images/blue/login_bg.png HTTP/1.1" 304 -
116.233.76.41 - - [16/Oct/2020:09:28:19 +0800] "GET /xingrg/images/blue/hj.png HTTP/1.1" 304 -
116.233.76.41 - - [16/Oct/2020:09:28:19 +0800] "GET /xingrg/images/blue/srbg.png HTTP/1.1" 304 -
116.233.76.41 - - [16/Oct/2020:09:28:19 +0800] "GET /favicon.ico HTTP/1.1" 404 -
116.233.76.41 - - [16/Oct/2020:09:28:20 +0800] "POST /xingrg/login.do HTTP/1.1" 302 -
114.88.166.242 - - [16/Oct/2020:09:28:20 +0800] "GET /xingrg/check_reg.html?_=1602811784289 HTTP/1.1" 200 22
114.88.166.242 - - [16/Oct/2020:09:28:20 +0800] "GET /xingrg/all/function/internal_message.html?_=1602811784291&CODE_STATE=getMsg HTTP/1.1" 200 27
116.233.76.41 - - [16/Oct/2020:09:28:20 +0800] "GET /xingrg/index.html?sysBaseUrl=http%3A%2F%2F180.169.147.146%3A18081%2Fxingrg%2F&costTime=52×tamp=1602811700497 HTTP/1.1" 200 17173
116.233.76.41 - - [16/Oct/2020:09:28:20 +0800] "GET /xingrg/javascript/jquery_easy_ui/themes/default/easyui.css HTTP/1.1" 304 -
116.233.76.41 - - [16/Oct/2020:09:28:20 +0800] "GET /xingrg/javascript/jquery_easy_ui/themes/icon.css HTTP/1.1" 304 -
116.233.76.41 - - [16/Oct/2020:09:28:20 +0800] "GET /xingrg/css/form.css HTTP/1.1" 304 -
116.233.76.41 - - [16/Oct/2020:09:28:20 +0800] "GET /xingrg/javascript/jquery-1.4.2.min.js HTTP/1.1" 304 -
116.233.76.41 - - [16/Oct/2020:09:28:20 +0800] "GET /xingrg/javascript/jquery_easy_ui/easyui-lang-zh_CN.js HTTP/1.1" 304 -
116.233.76.41 - - [16/Oct/2020:09:28:20 +0800] "GET /xingrg/javascript/jquery_easy_ui/jquery.easyui.min.js HTTP/1.1" 304 -
116.233.76.41 - - [16/Oct/2020:09:28:20 +0800] "GET /xingrg/javascript/jquery.form.js HTTP/1.1" 304 -
116.233.76.41 - - [16/Oct/2020:09:28:20 +0800] "GET /xingrg/javascript/jquery.utils.js HTTP/1.1" 304 -
116.233.76.41 - - [16/Oct/2020:09:28:20 +0800] "GET /xingrg/javascript/jquery.timers.js HTTP/1.1" 304 -
116.233.76.41 - - [16/Oct/2020:09:28:21 +0800] "GET /favicon.ico HTTP/1.1" 404 -
116.233.76.41 - - [16/Oct/2020:09:28:21 +0800] "GET /xingrg/images/blue/navBackgound.jpg HTTP/1.1" 304 -
116.233.76.41 - - [16/Oct/2020:09:28:21 +0800] "GET /xingrg/javascript/jquery_easy_ui/themes/icons/settle_new.png HTTP/1.1" 304 -
116.233.76.41 - - [16/Oct/2020:09:28:21 +0800] "POST /xingrg/all/common/load_tree.html?tree=area_rest_tree_json&manage=1 HTTP/1.1" 200 342
116.233.76.41 - - [16/Oct/2020:09:28:21 +0800] "GET /xingrg/images/blue/pingpu.png HTTP/1.1" 304 -
116.233.76.41 - - [16/Oct/2020:09:28:21 +0800] "GET /xingrg/javascript/jquery_easy_ui/themes/default/images/tabs_leftarrow.png HTTP/1.1" 304 -
116.233.76.41 - - [16/Oct/2020:09:28:21 +0800] "GET /xingrg/javascript/jquery_easy_ui/themes/default/images/tabs_rightarrow.png HTTP/1.1" 304 -
116.233.76.41 - - [16/Oct/2020:09:28:21 +0800] "GET /xingrg/javascript/jquery_easy_ui/themes/default/images/panel_tool_collapse.gif HTTP/1.1" 304 -
116.233.76.41 - - [16/Oct/2020:09:28:21 +0800] "GET /xingrg/all/function/internal_message.html?_=1602811710015&CODE_STATE=count HTTP/1.1" 200 11
116.233.76.41 - - [16/Oct/2020:09:28:21 +0800] "GET /xingrg/check_reg.html?_=1602811710031 HTTP/1.1" 200 22
116.233.76.41 - - [16/Oct/2020:09:28:21 +0800] "POST /xingrg/load_menu.html HTTP/1.1" 200 5138
116.233.76.41 - - [16/Oct/2020:09:28:21 +0800] "GET /xingrg/javascript/jquery_easy_ui/themes/default/images/tree_arrows.gif HTTP/1.1" 304 -
116.233.76.41 - - [16/Oct/2020:09:28:22 +0800] "GET /xingrg/javascript/jquery_easy_ui/themes/default/images/tree_folder_open.gif HTTP/1.1" 304 -
116.233.76.41 - - [16/Oct/2020:09:28:22 +0800] "GET /xingrg/javascript/jquery_easy_ui/themes/icons/search_new.png HTTP/1.1" 304 -
116.233.76.41 - - [16/Oct/2020:09:28:22 +0800] "GET /xingrg/javascript/jquery_easy_ui/themes/default/images/tree_folder.gif HTTP/1.1" 304 -
116.233.76.41 - - [16/Oct/2020:09:28:22 +0800] "GET /xingrg/javascript/jquery_easy_ui/themes/icons/storage_new.png HTTP/1.1" 304 -
116.233.76.41 - - [16/Oct/2020:09:28:22 +0800] "GET /xingrg/javascript/jquery_easy_ui/themes/icons/forms_new.png HTTP/1.1" 304 -
116.233.76.41 - - [16/Oct/2020:09:28:22 +0800] "GET /xingrg/javascript/jquery_easy_ui/themes/default/images/tree_file.gif HTTP/1.1" 304 -
116.233.76.41 - - [16/Oct/2020:09:28:23 +0800] "GET /xingrg/kc/buy/buy_main.html HTTP/1.1" 200 12412
116.233.76.41 - - [16/Oct/2020:09:28:23 +0800] "GET /xingrg/javascript/jquery_easy_ui/themes/default/images/tabs_close.gif HTTP/1.1" 304 -
116.233.76.41 - - [16/Oct/2020:09:28:23 +0800] "GET /xingrg/css/new_ie.css HTTP/1.1" 404 1036
116.233.76.41 - - [16/Oct/2020:09:28:23 +0800] "GET /xingrg/css/blue.css HTTP/1.1" 304 -
116.233.76.41 - - [16/Oct/2020:09:28:23 +0800] "GET /xingrg/javascript/jquery_ui/themes/humanity/humanity.css HTTP/1.1" 304 -
116.233.76.41 - - [16/Oct/2020:09:28:23 +0800] "GET /xingrg/javascript/pic_change.js HTTP/1.1" 304 -
116.233.76.41 - - [16/Oct/2020:09:28:23 +0800] "GET /xingrg/javascript/ToolTips.js HTTP/1.1" 304 -
116.233.76.41 - - [16/Oct/2020:09:28:23 +0800] "GET /xingrg/javascript/myfunction.js HTTP/1.1" 304 -
116.233.76.41 - - [16/Oct/2020:09:28:23 +0800] "GET /xingrg/javascript/jquery_ui/jquery-ui.min.js HTTP/1.1" 304 -
116.233.76.41 - - [16/Oct/2020:09:28:23 +0800] "GET /xingrg/images/blue/button/cgxqd.gif HTTP/1.1" 304 -
116.233.76.41 - - [16/Oct/2020:09:28:23 +0800] "GET /xingrg/images/blue/button/cgydd.gif HTTP/1.1" 304 -
116.233.76.41 - - [16/Oct/2020:09:28:23 +0800] "GET /xingrg/images/blue/button/cgshd.gif HTTP/1.1" 304 -
116.233.76.41 - - [16/Oct/2020:09:28:23 +0800] "GET /xingrg/images/blue/button/cgfkd.gif HTTP/1.1" 304 -
116.233.76.41 - - [16/Oct/2020:09:28:23 +0800] "GET /xingrg/images/blue/button/kc.gif HTTP/1.1" 304 -
116.233.76.41 - - [16/Oct/2020:09:28:23 +0800] "GET /xingrg/images/blue/pic_form2.gif HTTP/1.1" 304 -
116.233.76.41 - - [16/Oct/2020:09:28:23 +0800] "GET /xingrg/images/blue/button/ckthd.gif HTTP/1.1" 304 -
116.233.76.41 - - [16/Oct/2020:09:28:23 +0800] "GET /xingrg/javascript/jquery_ui/themes/humanity/images/ui-bg_inset-soft_100_f4f0ec_1x100.png HTTP/1.1" 304 -
116.233.76.41 - - [16/Oct/2020:09:28:23 +0800] "GET /xingrg/images/blue/bg_dotted.jpg HTTP/1.1" 304 -
116.233.76.41 - - [16/Oct/2020:09:28:23 +0800] "GET /xingrg/images/blue/button/right_ah.jpg HTTP/1.1" 304 -
116.233.76.41 - - [16/Oct/2020:09:28:23 +0800] "GET /xingrg/images/blue/button/down_ah.jpg HTTP/1.1" 304 -
116.233.76.41 - - [16/Oct/2020:09:28:23 +0800] "GET /xingrg/javascript/jquery_ui/themes/humanity/images/ui-iconsnew.jpg HTTP/1.1" 304 -
116.233.76.41 - - [16/Oct/2020:09:28:23 +0800] "GET /xingrg/javascript/jquery_ui/themes/humanity/images/ui-icons_ffffff_256x240.png HTTP/1.1" 304 -
116.233.76.41 - - [16/Oct/2020:09:28:23 +0800] "GET /xingrg/javascript/jquery_ui/themes/humanity/images/ui-icons_c47a23_256x240.png HTTP/1.1" 304 -
116.233.76.41 - - [16/Oct/2020:09:28:23 +0800] "GET /xingrg/javascript/jquery_ui/themes/humanity/images/ui-bg_glass_70_ede4d4_1x400.png HTTP/1.1" 304 -
116.233.76.41 - - [16/Oct/2020:09:28:24 +0800] "GET /xingrg/images/yd/bt.gif HTTP/1.1" 404 1040
180.162.245.190 - - [16/Oct/2020:09:28:27 +0800] "GET /xingrg/all/function/internal_message.html?_=1602811687547&CODE_STATE=getMsg HTTP/1.1" 200 27
116.233.76.41 - - [16/Oct/2020:09:28:28 +0800] "GET /xingrg/javascript/jquery_easy_ui/themes/icons/area.png HTTP/1.1" 304 -
116.233.76.41 - - [16/Oct/2020:09:28:28 +0800] "GET /xingrg/javascript/jquery_easy_ui/themes/icons/rest.png HTTP/1.1" 304 -
222.69.136.129 - - [16/Oct/2020:09:28:29 +0800] "GET /xingrg/all/function/internal_message.html?_=1602811703310&CODE_STATE=getMsg HTTP/1.1" 200 27
116.233.76.41 - - [16/Oct/2020:09:28:30 +0800] "GET /xingrg/kc/report/report_main.html HTTP/1.1" 200 7345
116.233.76.41 - - [16/Oct/2020:09:28:30 +0800] "GET /xingrg/javascript/json2.js HTTP/1.1" 304 -
116.233.76.41 - - [16/Oct/2020:09:28:30 +0800] "GET /xingrg/javascript/jquery_easy_ui/themes/icons/back_new.png HTTP/1.1" 304 -
58.40.7.146 - - [16/Oct/2020:09:28:30 +0800] "GET /xingrg/check_reg.html?_=1602811707485 HTTP/1.1" 200 22
180.157.253.48 - - [16/Oct/2020:09:28:30 +0800] "GET /xingrg/all/function/internal_message.html?_=1602811714257&CODE_STATE=getMsg HTTP/1.1" 200 27
180.162.245.190 - - [16/Oct/2020:09:28:33 +0800] "GET /xingrg/all/function/internal_message.html?_=1602811711480&CODE_STATE=getMsg HTTP/1.1" 200 27
116.233.76.41 - - [16/Oct/2020:09:28:34 +0800] "GET /xingrg/all/report/report_query.html?fileName=kc/base/rk_by_base.xml&rh=9999 HTTP/1.1" 200 51953
116.233.76.41 - - [16/Oct/2020:09:28:34 +0800] "GET /xingrg/javascript/multi_select/jqueryMultiSelect.css HTTP/1.1" 304 -
116.233.76.41 - - [16/Oct/2020:09:28:34 +0800] "GET /xingrg/javascript/calendar/timePicker.css HTTP/1.1" 304 -
116.233.76.41 - - [16/Oct/2020:09:28:34 +0800] "GET /xingrg/javascript/bigrid/fix.css HTTP/1.1" 304 -
116.233.76.41 - - [16/Oct/2020:09:28:34 +0800] "GET /xingrg/dwr/util.js HTTP/1.1" 304 -
116.233.76.41 - - [16/Oct/2020:09:28:34 +0800] "GET /xingrg/dwr/interface/AjaxReportQueryService.js HTTP/1.1" 200 13203
116.233.76.41 - - [16/Oct/2020:09:28:34 +0800] "GET /xingrg/javascript/jqueryMultiSelect.js HTTP/1.1" 304 -
116.233.76.41 - - [16/Oct/2020:09:28:34 +0800] "GET /xingrg/javascript/Calendar.js HTTP/1.1" 304 -
116.233.76.41 - - [16/Oct/2020:09:28:34 +0800] "GET /xingrg/javascript/calendar/jquery.timePicker.min.js HTTP/1.1" 304 -
116.233.76.41 - - [16/Oct/2020:09:28:34 +0800] "GET /xingrg/javascript/bigrid/fix.js HTTP/1.1" 304 -
116.233.76.41 - - [16/Oct/2020:09:28:34 +0800] "GET /xingrg/dwr/engine.js HTTP/1.1" 200 43631
116.233.76.41 - - [16/Oct/2020:09:28:34 +0800] "GET /xingrg/images/control/loading.gif HTTP/1.1" 304 -
116.233.76.41 - - [16/Oct/2020:09:28:34 +0800] "GET /xingrg/images/blue/button/advanceover.gif HTTP/1.1" 304 -
116.233.76.41 - - [16/Oct/2020:09:28:34 +0800] "GET /xingrg/images/blue/button/back2over.gif HTTP/1.1" 304 -
116.233.76.41 - - [16/Oct/2020:09:28:34 +0800] "GET /xingrg/images/blue/button/backover.gif HTTP/1.1" 304 -
116.233.76.41 - - [16/Oct/2020:09:28:34 +0800] "GET /xingrg/images/blue/button/advance2over.gif HTTP/1.1" 304 -
116.233.76.41 - - [16/Oct/2020:09:28:34 +0800] "GET /xingrg/javascript/jquery_easy_ui/themes/icons/help.png HTTP/1.1" 304 -
116.233.76.41 - - [16/Oct/2020:09:28:34 +0800] "GET /xingrg/javascript/jquery_easy_ui/themes/default/images/menu_downarrow.png HTTP/1.1" 304 -
116.233.76.41 - - [16/Oct/2020:09:28:34 +0800] "GET /xingrg/javascript/jquery_easy_ui/themes/default/images/menu.gif HTTP/1.1" 304 -
116.233.76.41 - - [16/Oct/2020:09:28:34 +0800] "GET /xingrg/javascript/jquery_easy_ui/themes/icons/print.png HTTP/1.1" 304 -
116.233.76.41 - - [16/Oct/2020:09:28:34 +0800] "GET /xingrg/javascript/jquery_easy_ui/themes/icons/pencil.png HTTP/1.1" 304 -
116.233.76.41 - - [16/Oct/2020:09:28:34 +0800] "GET /xingrg/javascript/jquery_easy_ui/themes/default/images/menu_rightarrow.png HTTP/1.1" 304 -
116.233.76.41 - - [16/Oct/2020:09:28:34 +0800] "POST /xingrg/dwr/call/plaincall/AjaxReportQueryService.getFixDate.dwr HTTP/1.1" 200 111
116.233.76.41 - - [16/Oct/2020:09:28:34 +0800] "GET /xingrg/javascript/jquery_easy_ui/themes/default/images/combo_arrow_dot.gif HTTP/1.1" 304 -
116.233.76.41 - - [16/Oct/2020:09:28:34 +0800] "POST /xingrg/all/common/load_tree.html?tree=materiel_sort_tree_json HTTP/1.1" 200 8666
116.233.76.41 - - [16/Oct/2020:09:28:34 +0800] "GET /xingrg/javascript/jquery_easy_ui/themes/default/images/tree_checkbox_0.gif HTTP/1.1" 304 -
116.233.76.41 - - [16/Oct/2020:09:28:35 +0800] "POST /xingrg/dwr/call/plaincall/AjaxReportQueryService.getInitString.dwr HTTP/1.1" 200 1014
116.233.76.41 - - [16/Oct/2020:09:28:35 +0800] "GET /xingrg/javascript/multi_select/dropdown.gif HTTP/1.1" 304 -
120.253.135.82 - - [16/Oct/2020:09:28:38 +0800] "GET /favicon.ico HTTP/1.1" 404 -
116.233.76.41 - - [16/Oct/2020:09:28:39 +0800] "GET /xingrg/javascript/multi_select/dropdown_hover.gif HTTP/1.1" 304 -
172.17.200.101 - - [16/Oct/2020:09:28:40 +0800] "GET /xingrg/all/function/internal_message.html?_=1602811720050&CODE_STATE=getMsg HTTP/1.1" 200 27
116.233.76.41 - - [16/Oct/2020:09:28:42 +0800] "GET /xingrg/login.html HTTP/1.1" 200 7641
116.233.76.41 - - [16/Oct/2020:09:28:42 +0800] "GET /favicon.ico HTTP/1.1" 404 -
116.233.76.41 - - [16/Oct/2020:09:28:43 +0800] "GET /xingrg/javascript/multi_select/dropdown_active.gif HTTP/1.1" 304 -
101.85.95.39 - - [16/Oct/2020:09:28:44 +0800] "GET /xingrg/all/function/internal_message.html?_=1602811505499&CODE_STATE=getMsg HTTP/1.1" 200 27
116.233.76.41 - - [16/Oct/2020:09:28:46 +0800] "GET /xingrg/javascript/jquery_easy_ui/themes/default/images/tree_checkbox_1.gif HTTP/1.1" 304 -
116.233.76.41 - - [16/Oct/2020:09:28:46 +0800] "GET /xingrg/javascript/jquery_easy_ui/themes/default/images/tree_checkbox_2.gif HTTP/1.1" 304 -
218.81.217.115 - - [16/Oct/2020:09:28:47 +0800] "GET /xingrg/check_reg.html?_=1602811723877 HTTP/1.1" 200 22
116.233.76.41 - - [16/Oct/2020:09:28:49 +0800] "POST /xingrg/login.do HTTP/1.1" 302 -
116.233.76.41 - - [16/Oct/2020:09:28:49 +0800] "GET /xingrg/index.html?sysBaseUrl=http%3A%2F%2F180.169.147.146%3A18081%2Fxingrg%2F&costTime=52×tamp=1602811729425 HTTP/1.1" 200 17173
116.233.76.41 - - [16/Oct/2020:09:28:49 +0800] "GET /favicon.ico HTTP/1.1" 404 -
116.233.76.41 - - [16/Oct/2020:09:28:49 +0800] "POST /xingrg/all/common/load_tree.html?tree=area_rest_tree_json&manage=1 HTTP/1.1" 200 342
116.233.76.41 - - [16/Oct/2020:09:28:49 +0800] "GET /xingrg/all/function/internal_message.html?_=1602811735320&CODE_STATE=count HTTP/1.1" 200 11
116.233.76.41 - - [16/Oct/2020:09:28:49 +0800] "GET /xingrg/check_reg.html?_=1602811735321 HTTP/1.1" 200 22
116.233.76.41 - - [16/Oct/2020:09:28:49 +0800] "POST /xingrg/load_menu.html HTTP/1.1" 200 5138
218.81.217.115 - - [16/Oct/2020:09:28:52 +0800] "GET /xingrg/all/function/internal_message.html?_=1602811728339&CODE_STATE=getMsg HTTP/1.1" 200 27
116.233.76.41 - - [16/Oct/2020:09:28:53 +0800] "GET /xingrg/kc/buy/buy_main.html HTTP/1.1" 200 12412
116.233.76.41 - - [16/Oct/2020:09:28:53 +0800] "GET /xingrg/css/new_ie.css HTTP/1.1" 404 1036
116.233.76.41 - - [16/Oct/2020:09:28:54 +0800] "GET /xingrg/images/yd/bt.gif HTTP/1.1" 404 1040
180.174.56.115 - - [16/Oct/2020:09:28:54 +0800] "GET /xingrg/all/function/internal_message.html?_=1602811731912&CODE_STATE=getMsg HTTP/1.1" 200 27
116.233.76.41 - - [16/Oct/2020:09:28:54 +0800] "GET /xingrg/kc/buy/cgsh_order_list.html HTTP/1.1" 200 44199
116.233.76.41 - - [16/Oct/2020:09:28:55 +0800] "POST /xingrg/kc/buy/cgsh_list_operate.html HTTP/1.1" 200 876
58.40.7.146 - - [16/Oct/2020:09:28:56 +0800] "GET /xingrg/all/function/internal_message.html?_=1602811733738&CODE_STATE=getMsg HTTP/1.1" 200 27
116.233.76.41 - - [16/Oct/2020:09:28:59 +0800] "GET /xingrg/kc/buy/cgsh_order_add.html HTTP/1.1" 200 59984
116.233.76.41 - - [16/Oct/2020:09:28:59 +0800] "GET /xingrg/words/20201016092016_words.js HTTP/1.1" 200 769084
116.233.76.41 - - [16/Oct/2020:09:28:59 +0800] "POST /xingrg/dwr/call/plaincall/AjaxReportQueryService.refreshCache.dwr HTTP/1.1" 200 78
116.233.76.41 - - [16/Oct/2020:09:28:59 +0800] "GET /xingrg/all/common/auto_word.html?type=employee&rest_code=00109 HTTP/1.1" 200 255
116.233.76.41 - - [16/Oct/2020:09:28:59 +0800] "GET /xingrg/javascript/easyui/themes/default/validatebox.css HTTP/1.1" 404 1104
116.233.76.41 - - [16/Oct/2020:09:28:59 +0800] "GET /xingrg/all/common/auto_word.html?type=employee&rest_code=00109 HTTP/1.1" 200 255
116.233.76.41 - - [16/Oct/2020:09:28:59 +0800] "POST /xingrg/kc/buy/cgsh_order_operate.html HTTP/1.1" 200 8245
116.233.76.41 - - [16/Oct/2020:09:28:59 +0800] "POST /xingrg/all/report/load_report_page.html HTTP/1.1" 200 20626
116.233.76.41 - - [16/Oct/2020:09:29:00 +0800] "GET /xingrg/servlets/image?cache=0.981383626117364&image=px HTTP/1.1" 200 807
172.17.0.120 - - [16/Oct/2020:09:29:00 +0800] "GET /xingrg/check_reg.html?_=1602811764983 HTTP/1.1" 200 22
172.17.0.120 - - [16/Oct/2020:09:29:00 +0800] "GET /xingrg/all/function/internal_message.html?_=1602811764988&CODE_STATE=getMsg HTTP/1.1" 200 27
117.184.7.26 - - [16/Oct/2020:09:29:00 +0800] "GET /xingrg/all/function/internal_message.html?_=1602811735104&CODE_STATE=getMsg HTTP/1.1" 200 27
58.37.8.227 - - [16/Oct/2020:09:29:00 +0800] "GET /xingrg/all/function/internal_message.html?_=1602811737346&CODE_STATE=getMsg HTTP/1.1" 200 27
124.77.70.31 - - [16/Oct/2020:09:29:08 +0800] "GET /xingrg/all/function/internal_message.html?_=1602811736320&CODE_STATE=getMsg HTTP/1.1" 200 27
114.88.166.242 - - [16/Oct/2020:09:29:08 +0800] "GET /xingrg/all/function/internal_message.html?_=1602811743519&CODE_STATE=getMsg HTTP/1.1" 200 27
117.185.32.26 - - [16/Oct/2020:09:29:09 +0800] "GET /xingrg/all/function/internal_message.html?_=1602811743626&CODE_STATE=getMsg HTTP/1.1" 200 27
117.185.32.26 - - [16/Oct/2020:09:29:09 +0800] "GET /xingrg/check_reg.html?_=1602811743745 HTTP/1.1" 200 22
101.88.151.31 - - [16/Oct/2020:09:29:17 +0800] "GET /xingrg/all/function/internal_message.html?_=1602811750216&CODE_STATE=getMsg HTTP/1.1" 200 27
218.81.217.115 - - [16/Oct/2020:09:29:18 +0800] "GET /xingrg/all/function/internal_message.html?_=1602811770851&CODE_STATE=getMsg HTTP/1.1" 200 27
116.233.76.41 - - [16/Oct/2020:09:29:20 +0800] "GET /xingrg/all/function/internal_message.html?_=1602811770031&CODE_STATE=getMsg HTTP/1.1" 200 27
114.88.166.242 - - [16/Oct/2020:09:29:20 +0800] "GET /xingrg/all/function/internal_message.html?_=1602811844275&CODE_STATE=getMsg HTTP/1.1" 200 27
180.162.245.190 - - [16/Oct/2020:09:29:27 +0800] "GET /xingrg/all/function/internal_message.html?_=1602811747547&CODE_STATE=getMsg HTTP/1.1" 200 27
222.69.136.129 - - [16/Oct/2020:09:29:29 +0800] "GET /xingrg/all/function/internal_message.html?_=1602811763310&CODE_STATE=getMsg HTTP/1.1" 200 27
180.157.253.48 - - [16/Oct/2020:09:29:30 +0800] "GET /xingrg/all/function/internal_message.html?_=1602811774435&CODE_STATE=getMsg HTTP/1.1" 200 27
180.162.245.190 - - [16/Oct/2020:09:29:33 +0800] "GET /xingrg/all/function/internal_message.html?_=1602811771448&CODE_STATE=getMsg HTTP/1.1" 200 27
172.17.200.101 - - [16/Oct/2020:09:29:40 +0800] "GET /xingrg/check_reg.html?_=1602811780051 HTTP/1.1" 200 22
172.17.200.101 - - [16/Oct/2020:09:29:40 +0800] "GET /xingrg/all/function/internal_message.html?_=1602811780055&CODE_STATE=getMsg HTTP/1.1" 200 27
101.85.95.39 - - [16/Oct/2020:09:29:44 +0800] "GET /xingrg/all/function/internal_message.html?_=1602811565506&CODE_STATE=getMsg HTTP/1.1" 200 27
116.233.76.41 - - [16/Oct/2020:09:29:49 +0800] "GET /xingrg/all/function/internal_message.html?_=1602811795331&CODE_STATE=getMsg HTTP/1.1" 200 27
218.81.217.115 - - [16/Oct/2020:09:29:52 +0800] "GET /xingrg/all/function/internal_message.html?_=1602811788353&CODE_STATE=getMsg HTTP/1.1" 200 27
180.174.56.115 - - [16/Oct/2020:09:29:54 +0800] "GET /xingrg/all/function/internal_message.html?_=1602811791949&CODE_STATE=getMsg HTTP/1.1" 200 27
180.161.96.95 - - [16/Oct/2020:09:29:55 +0800] "GET /xingrg/check_reg.html?_=1602812013542 HTTP/1.1" 200 22
58.40.7.146 - - [16/Oct/2020:09:29:56 +0800] "GET /xingrg/all/function/internal_message.html?_=1602811793709&CODE_STATE=getMsg HTTP/1.1" 200 27
172.17.0.120 - - [16/Oct/2020:09:30:00 +0800] "GET /xingrg/all/function/internal_message.html?_=1602811824977&CODE_STATE=getMsg HTTP/1.1" 200 27
58.37.8.227 - - [16/Oct/2020:09:30:00 +0800] "GET /xingrg/all/function/internal_message.html?_=1602811797319&CODE_STATE=getMsg HTTP/1.1" 200 27
117.184.7.26 - - [16/Oct/2020:09:30:00 +0800] "GET /xingrg/all/function/internal_message.html?_=1602811795091&CODE_STATE=getMsg HTTP/1.1" 200 27
124.77.70.31 - - [16/Oct/2020:09:30:07 +0800] "GET /xingrg/check_reg.html?_=1602811796123 HTTP/1.1" 200 22
124.77.70.31 - - [16/Oct/2020:09:30:08 +0800] "GET /xingrg/all/function/internal_message.html?_=1602811796323&CODE_STATE=getMsg HTTP/1.1" 200 27
114.88.166.242 - - [16/Oct/2020:09:30:08 +0800] "GET /xingrg/all/function/internal_message.html?_=1602811803579&CODE_STATE=getMsg HTTP/1.1" 200 27
117.185.32.26 - - [16/Oct/2020:09:30:09 +0800] "GET /xingrg/all/function/internal_message.html?_=1602811803646&CODE_STATE=getMsg HTTP/1.1" 200 27
101.88.151.31 - - [16/Oct/2020:09:30:17 +0800] "GET /xingrg/all/function/internal_message.html?_=1602811810226&CODE_STATE=getMsg HTTP/1.1" 200 27
218.81.217.115 - - [16/Oct/2020:09:30:18 +0800] "GET /xingrg/all/function/internal_message.html?_=1602811830864&CODE_STATE=getMsg HTTP/1.1" 200 27
116.233.76.41 - - [16/Oct/2020:09:30:19 +0800] "GET /xingrg/all/function/internal_message.html?_=1602811830031&CODE_STATE=getMsg HTTP/1.1" 200 27
114.88.166.242 - - [16/Oct/2020:09:30:20 +0800] "GET /xingrg/all/function/internal_message.html?_=1602811904274&CODE_STATE=getMsg HTTP/1.1" 200 27
180.162.245.190 - - [16/Oct/2020:09:30:27 +0800] "GET /xingrg/check_reg.html?_=1602811807548 HTTP/1.1" 200 22
180.162.245.190 - - [16/Oct/2020:09:30:27 +0800] "GET /xingrg/all/function/internal_message.html?_=1602811807551&CODE_STATE=getMsg HTTP/1.1" 200 27
222.69.136.129 - - [16/Oct/2020:09:30:29 +0800] "GET /xingrg/kc/buy/cgsh_order_operate.html?command=get_materiel&rest_code=00149&code=00101008357&supplier_code=00100005&order_time=2020-10-16 HTTP/1.1" 200 428
222.69.136.129 - - [16/Oct/2020:09:30:29 +0800] "GET /xingrg/all/function/internal_message.html?_=1602811823376&CODE_STATE=getMsg HTTP/1.1" 200 27
180.157.253.48 - - [16/Oct/2020:09:30:30 +0800] "GET /xingrg/all/function/internal_message.html?_=1602811834585&CODE_STATE=getMsg HTTP/1.1" 200 27
180.162.245.190 - - [16/Oct/2020:09:30:33 +0800] "GET /xingrg/all/function/internal_message.html?_=1602811831423&CODE_STATE=getMsg HTTP/1.1" 200 27
172.17.200.101 - - [16/Oct/2020:09:30:40 +0800] "GET /xingrg/all/function/internal_message.html?_=1602811840041&CODE_STATE=getMsg HTTP/1.1" 200 27
222.69.136.129 - - [16/Oct/2020:09:30:42 +0800] "GET /xingrg/kc/buy/cgsh_order_operate.html?command=get_materiel&rest_code=00149&code=00101008069&supplier_code=00100005&order_time=2020-10-16 HTTP/1.1" 200 431
101.85.95.39 - - [16/Oct/2020:09:30:44 +0800] "GET /xingrg/all/function/internal_message.html?_=1602811625491&CODE_STATE=getMsg HTTP/1.1" 200 27
116.233.76.41 - - [16/Oct/2020:09:30:49 +0800] "GET /xingrg/all/function/internal_message.html?_=1602811855337&CODE_STATE=getMsg HTTP/1.1" 200 27
222.69.136.129 - - [16/Oct/2020:09:30:51 +0800] "GET /xingrg/kc/buy/cgsh_order_operate.html?command=get_materiel&rest_code=00149&code=00101008286&supplier_code=00100005&order_time=2020-10-16 HTTP/1.1" 200 408
218.81.217.115 - - [16/Oct/2020:09:30:52 +0800] "GET /xingrg/all/function/internal_message.html?_=1602811848570&CODE_STATE=getMsg HTTP/1.1" 200 27
180.174.56.115 - - [16/Oct/2020:09:30:54 +0800] "GET /xingrg/all/function/internal_message.html?_=1602811852115&CODE_STATE=getMsg HTTP/1.1" 200 27
58.40.7.146 - - [16/Oct/2020:09:30:56 +0800] "GET /xingrg/all/function/internal_message.html?_=1602811853696&CODE_STATE=getMsg HTTP/1.1" 200 27
58.37.8.227 - - [16/Oct/2020:09:31:00 +0800] "GET /xingrg/all/function/internal_message.html?_=1602811857295&CODE_STATE=getMsg HTTP/1.1" 200 27
172.17.0.120 - - [16/Oct/2020:09:31:00 +0800] "GET /xingrg/all/function/internal_message.html?_=1602811858135&CODE_STATE=getMsg HTTP/1.1" 200 27
117.184.7.26 - - [16/Oct/2020:09:31:00 +0800] "GET /xingrg/all/function/internal_message.html?_=1602811855094&CODE_STATE=getMsg HTTP/1.1" 200 27
124.77.70.31 - - [16/Oct/2020:09:31:08 +0800] "GET /xingrg/all/function/internal_message.html?_=1602811856321&CODE_STATE=getMsg HTTP/1.1" 200 27
114.88.166.242 - - [16/Oct/2020:09:31:08 +0800] "GET /xingrg/all/function/internal_message.html?_=1602811863602&CODE_STATE=getMsg HTTP/1.1" 200 27
117.185.32.26 - - [16/Oct/2020:09:31:09 +0800] "GET /xingrg/all/function/internal_message.html?_=1602811863644&CODE_STATE=getMsg HTTP/1.1" 200 27
101.88.151.31 - - [16/Oct/2020:09:31:17 +0800] "GET /xingrg/all/function/internal_message.html?_=1602811870218&CODE_STATE=getMsg HTTP/1.1" 200 27
116.233.76.41 - - [16/Oct/2020:09:31:18 +0800] "GET /xingrg/all/function/internal_message.html?_=1602811890031&CODE_STATE=getMsg HTTP/1.1" 200 27
218.81.217.115 - - [16/Oct/2020:09:31:19 +0800] "GET /xingrg/all/function/internal_message.html?_=1602811891071&CODE_STATE=getMsg HTTP/1.1" 200 27
114.88.166.242 - - [16/Oct/2020:09:31:20 +0800] "GET /xingrg/all/function/internal_message.html?_=1602811964275&CODE_STATE=getMsg HTTP/1.1" 200 27
180.162.245.190 - - [16/Oct/2020:09:31:27 +0800] "GET /xingrg/all/function/internal_message.html?_=1602811867551&CODE_STATE=getMsg HTTP/1.1" 200 27
180.171.130.158 - - [16/Oct/2020:09:31:28 +0800] "POST /xingrg/services/DataTransmitService HTTP/1.1" 200 524
222.69.136.129 - - [16/Oct/2020:09:31:29 +0800] "GET /xingrg/kc/buy/cgsh_order_operate.html?command=get_materiel&rest_code=00149&code=00101008036&supplier_code=00100005&order_time=2020-10-16 HTTP/1.1" 200 408
222.69.136.129 - - [16/Oct/2020:09:31:29 +0800] "GET /xingrg/check_reg.html?_=1602811883342 HTTP/1.1" 200 22
222.69.136.129 - - [16/Oct/2020:09:31:29 +0800] "GET /xingrg/all/function/internal_message.html?_=1602811883358&CODE_STATE=getMsg HTTP/1.1" 200 27
180.171.130.158 - - [16/Oct/2020:09:31:29 +0800] "POST /xingrg/services/DataTransmitService HTTP/1.1" 200 501
180.157.253.48 - - [16/Oct/2020:09:31:30 +0800] "GET /xingrg/all/function/internal_message.html?_=1602811894594&CODE_STATE=getMsg HTTP/1.1" 200 27
180.162.245.190 - - [16/Oct/2020:09:31:32 +0800] "GET /xingrg/all/function/internal_message.html?_=1602811891395&CODE_STATE=getMsg HTTP/1.1" 200 27
180.162.245.190 - - [16/Oct/2020:09:31:33 +0800] "GET /xingrg/check_reg.html?_=1602811891789 HTTP/1.1" 200 22
222.69.136.129 - - [16/Oct/2020:09:31:34 +0800] "POST /xingrg/kc/buy/cgsh_order_operate.html HTTP/1.1" 200 2065
172.17.200.101 - - [16/Oct/2020:09:31:40 +0800] "GET /xingrg/all/function/internal_message.html?_=1602811900077&CODE_STATE=getMsg HTTP/1.1" 200 27
101.85.95.39 - - [16/Oct/2020:09:31:44 +0800] "GET /xingrg/check_reg.html?_=1602811685492 HTTP/1.1" 200 22
101.85.95.39 - - [16/Oct/2020:09:31:44 +0800] "GET /xingrg/all/function/internal_message.html?_=1602811685495&CODE_STATE=getMsg HTTP/1.1" 200 27
116.233.76.41 - - [16/Oct/2020:09:31:49 +0800] "GET /xingrg/all/function/internal_message.html?_=1602811915331&CODE_STATE=getMsg HTTP/1.1" 200 27
218.81.217.115 - - [16/Oct/2020:09:31:52 +0800] "GET /xingrg/all/function/internal_message.html?_=1602811908582&CODE_STATE=getMsg HTTP/1.1" 200 27
180.174.56.115 - - [16/Oct/2020:09:31:54 +0800] "GET /xingrg/all/function/internal_message.html?_=1602811912146&CODE_STATE=getMsg HTTP/1.1" 200 27
58.40.7.146 - - [16/Oct/2020:09:31:56 +0800] "GET /xingrg/all/function/internal_message.html?_=1602811913666&CODE_STATE=getMsg HTTP/1.1" 200 27
222.69.136.129 - - [16/Oct/2020:09:31:58 +0800] "GET /xingrg/kc/buy/cgsh_order_operate.html?command=get_materiel&rest_code=00149&code=00101008352&supplier_code=00100005&order_time=2020-10-16 HTTP/1.1" 200 412
172.17.0.120 - - [16/Oct/2020:09:32:00 +0800] "GET /xingrg/all/function/internal_message.html?_=1602811918143&CODE_STATE=getMsg HTTP/1.1" 200 27
117.184.7.26 - - [16/Oct/2020:09:32:01 +0800] "GET /xingrg/all/function/internal_message.html?_=1602811915106&CODE_STATE=getMsg HTTP/1.1" 200 27
117.184.7.26 - - [16/Oct/2020:09:32:01 +0800] "GET /xingrg/check_reg.html?_=1602811915108 HTTP/1.1" 200 22
58.37.8.227 - - [16/Oct/2020:09:32:01 +0800] "GET /xingrg/all/function/internal_message.html?_=1602811917275&CODE_STATE=getMsg HTTP/1.1" 200 27
114.88.166.242 - - [16/Oct/2020:09:32:02 +0800] "GET /xingrg/check_reg.html?_=1602811917854 HTTP/1.1" 200 22
114.88.166.242 - - [16/Oct/2020:09:32:08 +0800] "GET /xingrg/all/function/internal_message.html?_=1602811923612&CODE_STATE=getMsg HTTP/1.1" 200 27
124.77.70.31 - - [16/Oct/2020:09:32:08 +0800] "GET /xingrg/all/function/internal_message.html?_=1602811916327&CODE_STATE=getMsg HTTP/1.1" 200 27
117.185.32.26 - - [16/Oct/2020:09:32:09 +0800] "GET /xingrg/all/function/internal_message.html?_=1602811923642&CODE_STATE=getMsg HTTP/1.1" 200 27
222.69.136.129 - - [16/Oct/2020:09:32:11 +0800] "GET /xingrg/kc/buy/cgsh_order_operate.html?command=get_materiel&rest_code=00149&code=00101008271&supplier_code=00100005&order_time=2020-10-16 HTTP/1.1" 200 408
180.174.56.115 - - [16/Oct/2020:09:32:11 +0800] "GET /xingrg/kc/buy/cgsh_order_operate.html?command=get_materiel&rest_code=00150&code=00101008323&supplier_code=00100007&order_time=2020-10-16 HTTP/1.1" 200 408
101.88.151.31 - - [16/Oct/2020:09:32:17 +0800] "GET /xingrg/all/function/internal_message.html?_=1602811930236&CODE_STATE=getMsg HTTP/1.1" 200 27
116.233.76.41 - - [16/Oct/2020:09:32:17 +0800] "GET /xingrg/all/function/internal_message.html?_=1602811950031&CODE_STATE=getMsg HTTP/1.1" 200 27
222.69.136.129 - - [16/Oct/2020:09:32:18 +0800] "GET /xingrg/kc/buy/cgsh_order_operate.html?command=get_materiel&rest_code=00149&code=00101008353&supplier_code=00100005&order_time=2020-10-16 HTTP/1.1" 200 408
218.81.217.115 - - [16/Oct/2020:09:32:19 +0800] "GET /xingrg/all/function/internal_message.html?_=1602811951079&CODE_STATE=getMsg HTTP/1.1" 200 27
180.157.253.48 - - [16/Oct/2020:09:32:20 +0800] "GET /xingrg/check_reg.html?_=1602811944311 HTTP/1.1" 200 22
114.88.166.242 - - [16/Oct/2020:09:32:20 +0800] "GET /xingrg/all/function/internal_message.html?_=1602812024289&CODE_STATE=getMsg HTTP/1.1" 200 27
180.162.245.190 - - [16/Oct/2020:09:32:27 +0800] "GET /xingrg/all/function/internal_message.html?_=1602811927537&CODE_STATE=getMsg HTTP/1.1" 200 27
222.69.136.129 - - [16/Oct/2020:09:32:29 +0800] "GET /xingrg/all/function/internal_message.html?_=1602811943332&CODE_STATE=getMsg HTTP/1.1" 200 27
180.157.253.48 - - [16/Oct/2020:09:32:30 +0800] "GET /xingrg/all/function/internal_message.html?_=1602811954608&CODE_STATE=getMsg HTTP/1.1" 200 27
180.162.245.190 - - [16/Oct/2020:09:32:32 +0800] "GET /xingrg/all/function/internal_message.html?_=1602811951368&CODE_STATE=getMsg HTTP/1.1" 200 27
222.69.136.129 - - [16/Oct/2020:09:32:38 +0800] "GET /xingrg/kc/buy/cgsh_order_operate.html?command=get_materiel&rest_code=00149&code=00101008213&supplier_code=00100005&order_time=2020-10-16 HTTP/1.1" 200 432
172.17.0.105 - - [16/Oct/2020:09:32:40 +0800] "GET /favicon.ico HTTP/1.1" 404 -
172.17.200.101 - - [16/Oct/2020:09:32:40 +0800] "GET /xingrg/all/function/internal_message.html?_=1602811960076&CODE_STATE=getMsg HTTP/1.1" 200 27
101.85.95.39 - - [16/Oct/2020:09:32:44 +0800] "GET /xingrg/all/function/internal_message.html?_=1602811745494&CODE_STATE=getMsg HTTP/1.1" 200 27
222.69.136.129 - - [16/Oct/2020:09:32:47 +0800] "POST /xingrg/kc/buy/cgsh_order_operate.html HTTP/1.1" 200 2065
116.233.76.41 - - [16/Oct/2020:09:32:49 +0800] "GET /xingrg/all/function/internal_message.html?_=1602811975332&CODE_STATE=getMsg HTTP/1.1" 200 27
218.81.217.115 - - [16/Oct/2020:09:32:52 +0800] "GET /xingrg/all/function/internal_message.html?_=1602811968791&CODE_STATE=getMsg HTTP/1.1" 200 27
180.174.56.115 - - [16/Oct/2020:09:32:54 +0800] "GET /xingrg/check_reg.html?_=1602811972105 HTTP/1.1" 200 22
180.174.56.115 - - [16/Oct/2020:09:32:54 +0800] "GET /xingrg/all/function/internal_message.html?_=1602811972142&CODE_STATE=getMsg HTTP/1.1" 200 27
58.40.7.146 - - [16/Oct/2020:09:32:56 +0800] "GET /xingrg/all/function/internal_message.html?_=1602811973637&CODE_STATE=getMsg HTTP/1.1" 200 27
58.37.8.227 - - [16/Oct/2020:09:33:00 +0800] "GET /xingrg/all/function/internal_message.html?_=1602811977252&CODE_STATE=getMsg HTTP/1.1" 200 27
172.17.0.120 - - [16/Oct/2020:09:33:00 +0800] "GET /xingrg/all/function/internal_message.html?_=1602811978135&CODE_STATE=getMsg HTTP/1.1" 200 27
117.184.7.26 - - [16/Oct/2020:09:33:00 +0800] "GET /xingrg/all/function/internal_message.html?_=1602811975096&CODE_STATE=getMsg HTTP/1.1" 200 27
222.69.136.129 - - [16/Oct/2020:09:33:07 +0800] "GET /xingrg/kc/buy/cgsh_order_operate.html?command=get_materiel&rest_code=00149&code=00101008459&supplier_code=00100005&order_time=2020-10-16 HTTP/1.1" 200 395
124.77.70.31 - - [16/Oct/2020:09:33:08 +0800] "GET /xingrg/all/function/internal_message.html?_=1602811976330&CODE_STATE=getMsg HTTP/1.1" 200 27
114.88.166.242 - - [16/Oct/2020:09:33:08 +0800] "GET /xingrg/all/function/internal_message.html?_=1602811983632&CODE_STATE=getMsg HTTP/1.1" 200 27
117.185.32.26 - - [16/Oct/2020:09:33:09 +0800] "GET /xingrg/all/function/internal_message.html?_=1602811983641&CODE_STATE=getMsg HTTP/1.1" 200 27
222.69.136.129 - - [16/Oct/2020:09:33:13 +0800] "GET /xingrg/kc/buy/cgsh_order_operate.html?command=get_materiel&rest_code=00149&code=00101008312&supplier_code=00100005&order_time=2020-10-16 HTTP/1.1" 200 432
58.37.8.227 - - [16/Oct/2020:09:33:13 +0800] "GET /xingrg/check_reg.html?_=1602811989522 HTTP/1.1" 200 22
116.233.76.41 - - [16/Oct/2020:09:33:17 +0800] "GET /xingrg/check_reg.html?_=1602812010031 HTTP/1.1" 200 22
116.233.76.41 - - [16/Oct/2020:09:33:17 +0800] "GET /xingrg/all/function/internal_message.html?_=1602812010031&CODE_STATE=getMsg HTTP/1.1" 200 27
218.81.217.115 - - [16/Oct/2020:09:33:17 +0800] "GET /xingrg/check_reg.html?_=1602812009506 HTTP/1.1" 200 22
101.88.151.31 - - [16/Oct/2020:09:33:17 +0800] "GET /xingrg/check_reg.html?_=1602811990242 HTTP/1.1" 200 22
101.88.151.31 - - [16/Oct/2020:09:33:17 +0800] "GET /xingrg/all/function/internal_message.html?_=1602811990244&CODE_STATE=getMsg HTTP/1.1" 200 27
218.81.217.115 - - [16/Oct/2020:09:33:19 +0800] "GET /xingrg/all/function/internal_message.html?_=1602812011092&CODE_STATE=getMsg HTTP/1.1" 200 27
114.88.166.242 - - [16/Oct/2020:09:33:20 +0800] "GET /xingrg/check_reg.html?_=1602812084275 HTTP/1.1" 200 22
114.88.166.242 - - [16/Oct/2020:09:33:20 +0800] "GET /xingrg/all/function/internal_message.html?_=1602812084277&CODE_STATE=getMsg HTTP/1.1" 200 27
222.69.136.129 - - [16/Oct/2020:09:33:26 +0800] "GET /xingrg/kc/buy/cgsh_order_operate.html?command=get_materiel&rest_code=00149&code=00101008010&supplier_code=00100005&order_time=2020-10-16 HTTP/1.1" 200 412
180.162.245.190 - - [16/Oct/2020:09:33:27 +0800] "GET /xingrg/all/function/internal_message.html?_=1602811987538&CODE_STATE=getMsg HTTP/1.1" 200 27
222.69.136.129 - - [16/Oct/2020:09:33:29 +0800] "GET /xingrg/all/function/internal_message.html?_=1602812003308&CODE_STATE=getMsg HTTP/1.1" 200 27
58.40.7.146 - - [16/Oct/2020:09:33:30 +0800] "GET /xingrg/check_reg.html?_=1602812007482 HTTP/1.1" 200 22
180.157.253.48 - - [16/Oct/2020:09:33:30 +0800] "GET /xingrg/all/function/internal_message.html?_=1602812014621&CODE_STATE=getMsg HTTP/1.1" 200 27
180.174.56.115 - - [16/Oct/2020:09:33:32 +0800] "POST /xingrg/kc/buy/cgsh_order_operate.html HTTP/1.1" 200 37
180.162.245.190 - - [16/Oct/2020:09:33:32 +0800] "GET /xingrg/all/function/internal_message.html?_=1602812011337&CODE_STATE=getMsg HTTP/1.1" 200 27
180.174.56.115 - - [16/Oct/2020:09:33:34 +0800] "POST /xingrg/kc/buy/cgsh_order_operate.html HTTP/1.1" 200 32222
172.17.200.101 - - [16/Oct/2020:09:33:40 +0800] "GET /xingrg/all/function/internal_message.html?_=1602812020063&CODE_STATE=getMsg HTTP/1.1" 200 27
222.69.136.129 - - [16/Oct/2020:09:33:42 +0800] "GET /xingrg/kc/buy/cgsh_order_operate.html?command=get_materiel&rest_code=00149&code=00101008125&supplier_code=00100005&order_time=2020-10-16 HTTP/1.1" 200 413
101.85.95.39 - - [16/Oct/2020:09:33:44 +0800] "GET /xingrg/all/function/internal_message.html?_=1602811805493&CODE_STATE=getMsg HTTP/1.1" 200 27
180.174.56.115 - - [16/Oct/2020:09:33:47 +0800] "POST /xingrg/kc/buy/cgsh_order_operate.html HTTP/1.1" 200 37
218.81.217.115 - - [16/Oct/2020:09:33:47 +0800] "GET /xingrg/check_reg.html?_=1602812023886 HTTP/1.1" 200 22
180.174.56.115 - - [16/Oct/2020:09:33:48 +0800] "POST /xingrg/kc/buy/cgsh_order_operate.html HTTP/1.1" 200 32222
116.233.76.41 - - [16/Oct/2020:09:33:49 +0800] "GET /xingrg/check_reg.html?_=1602812035329 HTTP/1.1" 200 22
116.233.76.41 - - [16/Oct/2020:09:33:49 +0800] "GET /xingrg/all/function/internal_message.html?_=1602812035330&CODE_STATE=getMsg HTTP/1.1" 200 27
222.69.136.129 - - [16/Oct/2020:09:33:52 +0800] "GET /xingrg/kc/buy/cgsh_order_operate.html?command=get_materiel&rest_code=00149&code=00101013179&supplier_code=00100005&order_time=2020-10-16 HTTP/1.1" 200 431
218.81.217.115 - - [16/Oct/2020:09:33:52 +0800] "GET /xingrg/all/function/internal_message.html?_=1602812028796&CODE_STATE=getMsg HTTP/1.1" 200 27
180.174.56.115 - - [16/Oct/2020:09:33:52 +0800] "POST /xingrg/all/user/operate.html HTTP/1.1" 200 36
180.174.56.115 - - [16/Oct/2020:09:33:53 +0800] "GET /xingrg/index.html?sysBaseUrl=http%3A%2F%2F180.169.147.146%3A18081%2Fxingrg%2F&costTime=175×tamp=1602810740023 HTTP/1.1" 200 17177
180.174.56.115 - - [16/Oct/2020:09:33:53 +0800] "GET /xingrg/javascript/jquery_easy_ui/themes/default/easyui.css HTTP/1.1" 304 -
180.174.56.115 - - [16/Oct/2020:09:33:53 +0800] "GET /xingrg/javascript/jquery_easy_ui/themes/icon.css HTTP/1.1" 304 -
180.174.56.115 - - [16/Oct/2020:09:33:53 +0800] "GET /xingrg/css/form.css HTTP/1.1" 304 -
180.174.56.115 - - [16/Oct/2020:09:33:53 +0800] "GET /xingrg/javascript/jquery-1.4.2.min.js HTTP/1.1" 304 -
180.174.56.115 - - [16/Oct/2020:09:33:53 +0800] "GET /xingrg/javascript/jquery_easy_ui/jquery.easyui.min.js HTTP/1.1" 304 -
180.174.56.115 - - [16/Oct/2020:09:33:53 +0800] "GET /xingrg/javascript/jquery_easy_ui/easyui-lang-zh_CN.js HTTP/1.1" 304 -
180.174.56.115 - - [16/Oct/2020:09:33:53 +0800] "GET /xingrg/javascript/jquery.form.js HTTP/1.1" 304 -
180.174.56.115 - - [16/Oct/2020:09:33:53 +0800] "GET /xingrg/javascript/jquery.utils.js HTTP/1.1" 304 -
180.174.56.115 - - [16/Oct/2020:09:33:53 +0800] "GET /xingrg/javascript/jquery.timers.js HTTP/1.1" 304 -
180.174.56.115 - - [16/Oct/2020:09:33:53 +0800] "GET /xingrg/images/blue/jxLogo.png HTTP/1.1" 304 -
180.174.56.115 - - [16/Oct/2020:09:33:53 +0800] "GET /xingrg/javascript/jquery_easy_ui/themes/icons/settle_new.png HTTP/1.1" 304 -
180.174.56.115 - - [16/Oct/2020:09:33:53 +0800] "GET /xingrg/images/blue/navBackgound.jpg HTTP/1.1" 304 -
180.174.56.115 - - [16/Oct/2020:09:33:53 +0800] "POST /xingrg/all/common/load_tree.html?tree=area_rest_tree_json&manage=1 HTTP/1.1" 200 476
180.174.56.115 - - [16/Oct/2020:09:33:53 +0800] "GET /xingrg/javascript/jquery_easy_ui/themes/default/images/tabs_leftarrow.png HTTP/1.1" 304 -
180.174.56.115 - - [16/Oct/2020:09:33:53 +0800] "GET /xingrg/all/function/internal_message.html?_=1602812030922&CODE_STATE=count HTTP/1.1" 200 11
180.174.56.115 - - [16/Oct/2020:09:33:53 +0800] "GET /xingrg/check_reg.html?_=1602812030923 HTTP/1.1" 200 22
180.174.56.115 - - [16/Oct/2020:09:33:53 +0800] "GET /xingrg/javascript/jquery_easy_ui/themes/default/images/tabs_rightarrow.png HTTP/1.1" 304 -
180.174.56.115 - - [16/Oct/2020:09:33:53 +0800] "GET /xingrg/javascript/jquery_easy_ui/themes/default/images/panel_tool_collapse.gif HTTP/1.1" 304 -
180.174.56.115 - - [16/Oct/2020:09:33:53 +0800] "GET /xingrg/images/blue/pingpu.png HTTP/1.1" 304 -
180.174.56.115 - - [16/Oct/2020:09:33:53 +0800] "POST /xingrg/load_menu.html HTTP/1.1" 200 5138
180.174.56.115 - - [16/Oct/2020:09:33:55 +0800] "GET /xingrg/kc/buy/cgsh_order_list.html HTTP/1.1" 200 44203
58.40.7.146 - - [16/Oct/2020:09:33:56 +0800] "GET /xingrg/all/function/internal_message.html?_=1602812033610&CODE_STATE=getMsg HTTP/1.1" 200 27
180.174.56.115 - - [16/Oct/2020:09:33:56 +0800] "POST /xingrg/kc/buy/cgsh_list_operate.html HTTP/1.1" 200 1688
180.174.56.115 - - [16/Oct/2020:09:33:57 +0800] "POST /xingrg/kc/buy/cgsh_list_operate.html HTTP/1.1" 200 270
180.174.56.115 - - [16/Oct/2020:09:33:58 +0800] "GET /xingrg/kc/buy/cgsh_order_info.html?code=212020101606369 HTTP/1.1" 200 59588
180.174.56.115 - - [16/Oct/2020:09:33:58 +0800] "GET /xingrg/words/20201016092016_words.js HTTP/1.1" 304 -
180.174.56.115 - - [16/Oct/2020:09:33:59 +0800] "GET /xingrg/all/common/auto_word.html?type=employee&rest_code=00151 HTTP/1.1" 200 243
180.174.56.115 - - [16/Oct/2020:09:33:59 +0800] "GET /xingrg/all/common/auto_word.html?type=employee&rest_code=00151 HTTP/1.1" 200 243
180.174.56.115 - - [16/Oct/2020:09:33:59 +0800] "GET /xingrg/javascript/easyui/themes/default/validatebox.css HTTP/1.1" 404 1104
180.174.56.115 - - [16/Oct/2020:09:33:59 +0800] "POST /xingrg/kc/buy/cgsh_order_operate.html HTTP/1.1" 200 3253
58.37.8.227 - - [16/Oct/2020:09:34:00 +0800] "GET /xingrg/all/function/internal_message.html?_=1602812037227&CODE_STATE=getMsg HTTP/1.1" 200 27
172.17.0.120 - - [16/Oct/2020:09:34:00 +0800] "GET /xingrg/all/function/internal_message.html?_=1602812038146&CODE_STATE=getMsg HTTP/1.1" 200 27
172.17.0.120 - - [16/Oct/2020:09:34:00 +0800] "GET /xingrg/check_reg.html?_=1602812038150 HTTP/1.1" 200 22
117.184.7.26 - - [16/Oct/2020:09:34:01 +0800] "GET /xingrg/all/function/internal_message.html?_=1602812035116&CODE_STATE=getMsg HTTP/1.1" 200 27
124.77.70.31 - - [16/Oct/2020:09:34:08 +0800] "GET /xingrg/all/function/internal_message.html?_=1602812036327&CODE_STATE=getMsg HTTP/1.1" 200 27
114.88.166.242 - - [16/Oct/2020:09:34:08 +0800] "GET /xingrg/all/function/internal_message.html?_=1602812043703&CODE_STATE=getMsg HTTP/1.1" 200 27
222.69.136.129 - - [16/Oct/2020:09:34:09 +0800] "POST /xingrg/kc/buy/cgsh_order_operate.html HTTP/1.1" 200 2065
117.185.32.26 - - [16/Oct/2020:09:34:09 +0800] "GET /xingrg/all/function/internal_message.html?_=1602812043650&CODE_STATE=getMsg HTTP/1.1" 200 27
117.185.32.26 - - [16/Oct/2020:09:34:09 +0800] "GET /xingrg/check_reg.html?_=1602812043741 HTTP/1.1" 200 22
180.174.56.115 - - [16/Oct/2020:09:34:09 +0800] "POST /xingrg/kc/buy/cgsh_order_operate.html HTTP/1.1" 200 37
180.174.56.115 - - [16/Oct/2020:09:34:10 +0800] "POST /xingrg/kc/buy/cgsh_order_operate.html HTTP/1.1" 200 2662
180.174.56.115 - - [16/Oct/2020:09:34:13 +0800] "GET /xingrg/kc/buy/cgsh_order_list.html HTTP/1.1" 200 44203
222.69.136.129 - - [16/Oct/2020:09:34:14 +0800] "GET /xingrg/kc/buy/cgsh_order_operate.html?command=get_materiel&rest_code=00149&code=00101008345&supplier_code=00100005&order_time=2020-10-16 HTTP/1.1" 200 413
180.174.56.115 - - [16/Oct/2020:09:34:14 +0800] "POST /xingrg/kc/buy/cgsh_list_operate.html HTTP/1.1" 200 1688
116.233.76.41 - - [16/Oct/2020:09:34:15 +0800] "GET /xingrg/all/function/internal_message.html?_=1602812070031&CODE_STATE=getMsg HTTP/1.1" 200 27
180.174.56.115 - - [16/Oct/2020:09:34:16 +0800] "POST /xingrg/kc/buy/cgsh_list_operate.html HTTP/1.1" 200 198
180.174.56.115 - - [16/Oct/2020:09:34:17 +0800] "GET /xingrg/kc/buy/cgsh_order_info.html?code=212020101606369 HTTP/1.1" 200 59588
180.174.56.115 - - [16/Oct/2020:09:34:17 +0800] "GET /xingrg/javascript/easyui/themes/default/validatebox.css HTTP/1.1" 404 1104
101.88.151.31 - - [16/Oct/2020:09:34:17 +0800] "GET /xingrg/all/function/internal_message.html?_=1602812050231&CODE_STATE=getMsg HTTP/1.1" 200 27
180.174.56.115 - - [16/Oct/2020:09:34:17 +0800] "POST /xingrg/kc/buy/cgsh_order_operate.html HTTP/1.1" 200 2662
218.81.217.115 - - [16/Oct/2020:09:34:19 +0800] "GET /xingrg/all/function/internal_message.html?_=1602812071106&CODE_STATE=getMsg HTTP/1.1" 200 27
114.88.166.242 - - [16/Oct/2020:09:34:20 +0800] "GET /xingrg/all/function/internal_message.html?_=1602812144281&CODE_STATE=getMsg HTTP/1.1" 200 27
180.174.56.115 - - [16/Oct/2020:09:34:20 +0800] "POST /xingrg/kc/buy/cgsh_order_operate.html HTTP/1.1" 200 37
180.174.56.115 - - [16/Oct/2020:09:34:22 +0800] "POST /xingrg/kc/buy/cgsh_order_operate.html HTTP/1.1" 200 12
180.174.56.115 - - [16/Oct/2020:09:34:23 +0800] "GET /xingrg/kc/buy/cgsh_order_info.html?code=212020101606369 HTTP/1.1" 200 54482
180.174.56.115 - - [16/Oct/2020:09:34:24 +0800] "GET /xingrg/javascript/easyui/themes/default/validatebox.css HTTP/1.1" 404 1104
180.174.56.115 - - [16/Oct/2020:09:34:24 +0800] "POST /xingrg/kc/buy/cgsh_order_operate.html HTTP/1.1" 200 612
