180.174.56.115 - - [16/Oct/2020:10:50:45 +0800] "POST /xingrg/kc/buy/cgsh_order_operate.html HTTP/1.1" 200 612
114.88.166.242 - - [16/Oct/2020:10:50:46 +0800] "GET /xingrg/kc/buy/cgsh_order_add.html HTTP/1.1" 200 59937
117.184.7.26 - - [16/Oct/2020:10:50:46 +0800] "POST /xingrg/dwr/call/plaincall/AjaxQqpsService.getMaterielByCode.dwr HTTP/1.1" 200 2642
180.174.56.115 - - [16/Oct/2020:10:50:46 +0800] "GET /xingrg/kc/print/load_data.html?order_code=212020101606491&kc_code=cgsh&condition= HTTP/1.1" 200 710
114.88.166.242 - - [16/Oct/2020:10:50:46 +0800] "POST /xingrg/kc/buy/cgsh_order_operate.html HTTP/1.1" 200 8245
114.88.166.242 - - [16/Oct/2020:10:50:46 +0800] "GET /xingrg/javascript/easyui/themes/default/validatebox.css HTTP/1.1" 404 1104
117.184.7.26 - - [16/Oct/2020:10:50:47 +0800] "POST /xingrg/dwr/call/plaincall/AjaxQqpsService.saveMaterielItem.dwr HTTP/1.1" 200 78
117.184.7.26 - - [16/Oct/2020:10:50:48 +0800] "GET /xingrg/all/function/internal_message.html?_=1602816642301&CODE_STATE=getMsg HTTP/1.1" 200 27
116.233.76.41 - - [16/Oct/2020:10:50:49 +0800] "GET /xingrg/all/function/internal_message.html?_=1602816655479&CODE_STATE=getMsg HTTP/1.1" 200 27
117.184.7.26 - - [16/Oct/2020:10:50:51 +0800] "POST /xingrg/dwr/call/plaincall/AjaxQqpsService.getMaterielByCode.dwr HTTP/1.1" 200 2676
124.77.70.31 - - [16/Oct/2020:10:50:51 +0800] "GET /xingrg/kc/base/wldb_order_operate.html?command=get_materiel&rest_code=00107&base_code=0010151&code=00101019297 HTTP/1.1" 200 464
114.88.166.242 - - [16/Oct/2020:10:50:52 +0800] "GET /xingrg/kc/buy/cgsh_order_operate.html?command=get_materiel&rest_code=00111&code=00101004067&supplier_code=00100312&order_time=2020-10-16 HTTP/1.1" 200 413
117.184.7.26 - - [16/Oct/2020:10:50:53 +0800] "POST /xingrg/dwr/call/plaincall/AjaxQqpsService.saveMaterielItem.dwr HTTP/1.1" 200 79
180.174.56.115 - - [16/Oct/2020:10:50:54 +0800] "GET /xingrg/kc/buy/cgsh_order_add.html HTTP/1.1" 200 59861
58.40.7.146 - - [16/Oct/2020:10:50:54 +0800] "GET /xingrg/all/function/internal_message.html?_=1602816651773&CODE_STATE=getMsg HTTP/1.1" 200 27
180.174.56.115 - - [16/Oct/2020:10:50:54 +0800] "GET /xingrg/javascript/easyui/themes/default/validatebox.css HTTP/1.1" 404 1104
180.174.56.115 - - [16/Oct/2020:10:50:55 +0800] "POST /xingrg/kc/buy/cgsh_order_operate.html HTTP/1.1" 200 8245
58.37.8.227 - - [16/Oct/2020:10:50:58 +0800] "GET /xingrg/all/function/internal_message.html?_=1602816655428&CODE_STATE=getMsg HTTP/1.1" 200 27
218.81.217.115 - - [16/Oct/2020:10:50:59 +0800] "GET /xingrg/all/function/internal_message.html?_=1602816655411&CODE_STATE=getMsg HTTP/1.1" 200 27
117.184.7.26 - - [16/Oct/2020:10:50:59 +0800] "POST /xingrg/dwr/call/plaincall/AjaxQqpsService.getMaterielByCode.dwr HTTP/1.1" 200 2711
124.77.70.31 - - [16/Oct/2020:10:51:00 +0800] "GET /xingrg/kc/base/wldb_order_operate.html?command=get_materiel&rest_code=00107&base_code=0010151&code=00101013011 HTTP/1.1" 200 452
114.88.166.242 - - [16/Oct/2020:10:51:00 +0800] "GET /xingrg/kc/buy/cgsh_order_operate.html?command=get_materiel&rest_code=00111&code=00101004030&supplier_code=00100312&order_time=2020-10-16 HTTP/1.1" 200 408
172.17.0.120 - - [16/Oct/2020:10:51:01 +0800] "GET /xingrg/all/function/internal_message.html?_=1602816658137&CODE_STATE=getMsg HTTP/1.1" 200 27
117.184.7.26 - - [16/Oct/2020:10:51:02 +0800] "POST /xingrg/dwr/call/plaincall/AjaxQqpsService.saveMaterielItem.dwr HTTP/1.1" 200 79
180.174.56.115 - - [16/Oct/2020:10:51:03 +0800] "GET /xingrg/kc/buy/cgsh_order_operate.html?command=get_materiel&rest_code=00150&code=00101001125&supplier_code=00100090&order_time=2020-10-16 HTTP/1.1" 200 415
172.17.0.104 - - [16/Oct/2020:10:51:05 +0800] "GET /xingrg/all/function/internal_message.html?_=1602816661224&CODE_STATE=getMsg HTTP/1.1" 200 27
114.88.166.242 - - [16/Oct/2020:10:51:06 +0800] "GET /xingrg/kc/buy/cgsh_order_operate.html?command=get_materiel&rest_code=00111&code=00101001096&supplier_code=00100312&order_time=2020-10-16 HTTP/1.1" 200 412
117.184.7.26 - - [16/Oct/2020:10:51:06 +0800] "POST /xingrg/dwr/call/plaincall/AjaxQqpsService.getMaterielByCode.dwr HTTP/1.1" 200 2671
117.184.7.26 - - [16/Oct/2020:10:51:07 +0800] "POST /xingrg/dwr/call/plaincall/AjaxQqpsService.saveMaterielItem.dwr HTTP/1.1" 200 79
124.77.70.31 - - [16/Oct/2020:10:51:07 +0800] "GET /xingrg/all/function/internal_message.html?_=1602816656090&CODE_STATE=getMsg HTTP/1.1" 200 27
180.174.56.115 - - [16/Oct/2020:10:51:09 +0800] "GET /xingrg/all/function/internal_message.html?_=1602816634484&CODE_STATE=getMsg HTTP/1.1" 200 27
114.88.166.242 - - [16/Oct/2020:10:51:11 +0800] "GET /xingrg/all/function/internal_message.html?_=1602816666446&CODE_STATE=getMsg HTTP/1.1" 200 27
117.184.7.26 - - [16/Oct/2020:10:51:13 +0800] "POST /xingrg/dwr/call/plaincall/AjaxQqpsService.getMaterielByCode.dwr HTTP/1.1" 200 2635
117.184.7.26 - - [16/Oct/2020:10:51:14 +0800] "POST /xingrg/dwr/call/plaincall/AjaxQqpsService.saveMaterielItem.dwr HTTP/1.1" 200 79
180.161.96.95 - - [16/Oct/2020:10:51:14 +0800] "GET /xingrg/check_reg.html?_=1602816892476 HTTP/1.1" 200 22
117.185.32.26 - - [16/Oct/2020:10:51:14 +0800] "GET /xingrg/all/function/internal_message.html?_=1602816668789&CODE_STATE=getMsg HTTP/1.1" 200 27
124.76.236.61 - - [16/Oct/2020:10:51:14 +0800] "GET /xingrg HTTP/1.1" 302 -
124.76.236.61 - - [16/Oct/2020:10:51:14 +0800] "GET /xingrg/ HTTP/1.1" 200 292
180.161.96.95 - - [16/Oct/2020:10:51:15 +0800] "GET /xingrg/all/function/internal_message.html?_=1602816893032&CODE_STATE=getMsg HTTP/1.1" 200 27
114.88.166.242 - - [16/Oct/2020:10:51:15 +0800] "GET /xingrg/kc/buy/cgsh_order_operate.html?command=get_materiel&rest_code=00111&code=00101001138&supplier_code=00100312&order_time=2020-10-16 HTTP/1.1" 200 433
124.76.236.61 - - [16/Oct/2020:10:51:16 +0800] "GET /favicon.ico HTTP/1.1" 404 -
124.76.236.61 - - [16/Oct/2020:10:51:16 +0800] "GET /xingrg/index.html HTTP/1.1" 302 -
124.76.236.61 - - [16/Oct/2020:10:51:16 +0800] "GET /xingrg/login.html HTTP/1.1" 200 7641
124.76.236.61 - - [16/Oct/2020:10:51:16 +0800] "GET /xingrg/images/blue/jxLogo.png HTTP/1.1" 200 6156
180.174.56.115 - - [16/Oct/2020:10:51:17 +0800] "GET /xingrg/kc/buy/cgsh_order_operate.html?command=get_materiel&rest_code=00150&code=00101001140&supplier_code=00100090&order_time=2020-10-16 HTTP/1.1" 200 415
124.76.236.61 - - [16/Oct/2020:10:51:20 +0800] "GET /xingrg/images/blue/login_bg.png HTTP/1.1" 200 22101
124.76.236.61 - - [16/Oct/2020:10:51:20 +0800] "GET /xingrg/images/blue/hj.png HTTP/1.1" 200 1014
124.76.236.61 - - [16/Oct/2020:10:51:20 +0800] "GET /xingrg/images/blue/srbg.png HTTP/1.1" 200 138
114.88.166.242 - - [16/Oct/2020:10:51:20 +0800] "GET /xingrg/all/function/internal_message.html?_=1602816764386&CODE_STATE=getMsg HTTP/1.1" 200 27
124.76.236.61 - - [16/Oct/2020:10:51:20 +0800] "GET /favicon.ico HTTP/1.1" 404 -
114.88.166.242 - - [16/Oct/2020:10:51:21 +0800] "POST /xingrg/kc/buy/cgsh_order_operate.html HTTP/1.1" 200 37
101.85.52.2 - - [16/Oct/2020:10:51:21 +0800] "GET /xingrg/all/function/internal_message.html?_=1602816668372&CODE_STATE=getMsg HTTP/1.1" 200 27
114.88.166.242 - - [16/Oct/2020:10:51:21 +0800] "POST /xingrg/kc/buy/cgsh_order_operate.html HTTP/1.1" 200 4437
114.88.166.242 - - [16/Oct/2020:10:51:22 +0800] "GET /xingrg/kc/print/load_data.html?order_code=212020101606492&kc_code=cgsh&condition= HTTP/1.1" 200 1355
117.184.7.26 - - [16/Oct/2020:10:51:23 +0800] "POST /xingrg/dwr/call/plaincall/AjaxQqpsService.getMaterielByCode.dwr HTTP/1.1" 200 2696
218.81.217.115 - - [16/Oct/2020:10:51:23 +0800] "GET /xingrg/all/function/internal_message.html?_=1602816695475&CODE_STATE=getMsg HTTP/1.1" 200 27
114.88.166.242 - - [16/Oct/2020:10:51:26 +0800] "GET /xingrg/kc/buy/cgsh_order_add.html HTTP/1.1" 200 59937
180.174.56.115 - - [16/Oct/2020:10:51:26 +0800] "POST /xingrg/kc/buy/cgsh_order_operate.html HTTP/1.1" 200 37
114.88.166.242 - - [16/Oct/2020:10:51:27 +0800] "POST /xingrg/kc/buy/cgsh_order_operate.html HTTP/1.1" 200 8245
114.88.166.242 - - [16/Oct/2020:10:51:27 +0800] "GET /xingrg/javascript/easyui/themes/default/validatebox.css HTTP/1.1" 404 1104
222.69.136.129 - - [16/Oct/2020:10:51:28 +0800] "GET /xingrg/all/function/internal_message.html?_=1602816682438&CODE_STATE=getMsg HTTP/1.1" 200 27
180.174.56.115 - - [16/Oct/2020:10:51:28 +0800] "POST /xingrg/kc/buy/cgsh_order_operate.html HTTP/1.1" 200 12
180.174.56.115 - - [16/Oct/2020:10:51:29 +0800] "GET /xingrg/kc/buy/cgsh_order_info.html?code=212020101606493 HTTP/1.1" 200 54768
222.69.136.129 - - [16/Oct/2020:10:51:29 +0800] "GET /xingrg/check_reg.html?_=1602816683423 HTTP/1.1" 200 22
180.174.56.115 - - [16/Oct/2020:10:51:30 +0800] "GET /xingrg/javascript/easyui/themes/default/validatebox.css HTTP/1.1" 404 1104
180.174.56.115 - - [16/Oct/2020:10:51:30 +0800] "POST /xingrg/kc/buy/cgsh_order_operate.html HTTP/1.1" 200 1213
180.174.56.115 - - [16/Oct/2020:10:51:30 +0800] "GET /xingrg/check_reg.html?_=1602816688256 HTTP/1.1" 200 22
180.174.56.115 - - [16/Oct/2020:10:51:30 +0800] "GET /xingrg/all/function/internal_message.html?_=1602816688261&CODE_STATE=getMsg HTTP/1.1" 200 27
180.162.245.190 - - [16/Oct/2020:10:51:31 +0800] "GET /xingrg/all/function/internal_message.html?_=1602816689689&CODE_STATE=getMsg HTTP/1.1" 200 27
180.174.56.115 - - [16/Oct/2020:10:51:31 +0800] "GET /xingrg/kc/print/load_data.html?order_code=212020101606493&kc_code=cgsh&condition= HTTP/1.1" 200 1019
114.88.166.242 - - [16/Oct/2020:10:51:32 +0800] "GET /xingrg/kc/buy/cgsh_order_operate.html?command=get_materiel&rest_code=00111&code=00101012046&supplier_code=00100347&order_time=2020-10-16 HTTP/1.1" 200 436
172.17.0.185 - - [16/Oct/2020:10:51:33 +0800] "GET /xingrg/all/function/internal_message.html?_=1602816689168&CODE_STATE=getMsg HTTP/1.1" 200 27
172.17.0.185 - - [16/Oct/2020:10:51:33 +0800] "GET /xingrg/check_reg.html?_=1602816689171 HTTP/1.1" 200 22
180.162.245.190 - - [16/Oct/2020:10:51:33 +0800] "GET /xingrg/check_reg.html?_=1602816691926 HTTP/1.1" 200 22
180.174.56.115 - - [16/Oct/2020:10:51:35 +0800] "GET /xingrg/kc/buy/cgsh_order_add.html HTTP/1.1" 200 59861
180.174.56.115 - - [16/Oct/2020:10:51:35 +0800] "POST /xingrg/kc/buy/cgsh_order_operate.html HTTP/1.1" 200 8245
180.174.56.115 - - [16/Oct/2020:10:51:35 +0800] "GET /xingrg/javascript/easyui/themes/default/validatebox.css HTTP/1.1" 404 1104
124.77.70.31 - - [16/Oct/2020:10:51:37 +0800] "GET /xingrg/kc/base/wldb_order_operate.html?command=get_materiel&rest_code=00107&base_code=0010151&code=00101019071 HTTP/1.1" 200 455
180.157.253.48 - - [16/Oct/2020:10:51:38 +0800] "GET /xingrg/all/function/internal_message.html?_=1602816702264&CODE_STATE=getMsg HTTP/1.1" 200 27
101.91.60.104 - - [16/Oct/2020:10:51:38 +0800] "GET /xingrg/all/function/internal_message.html?_=1602815995681&CODE_STATE=getMsg HTTP/1.1" 302 -
114.88.166.242 - - [16/Oct/2020:10:51:40 +0800] "GET /xingrg/kc/buy/cgsh_order_operate.html?command=get_materiel&rest_code=00111&code=00101007161&supplier_code=00100347&order_time=2020-10-16 HTTP/1.1" 200 403
117.184.7.26 - - [16/Oct/2020:10:51:40 +0800] "POST /xingrg/dwr/call/plaincall/AjaxQqpsService.saveMaterielItem.dwr HTTP/1.1" 200 79
172.17.200.101 - - [16/Oct/2020:10:51:40 +0800] "GET /xingrg/all/function/internal_message.html?_=1602816700235&CODE_STATE=getMsg HTTP/1.1" 200 27
117.184.7.26 - - [16/Oct/2020:10:51:42 +0800] "POST /xingrg/dwr/call/plaincall/AjaxQqpsService.checkOrder.dwr HTTP/1.1" 200 79
180.174.56.115 - - [16/Oct/2020:10:51:42 +0800] "GET /xingrg/kc/buy/cgsh_order_operate.html?command=get_materiel&rest_code=00150&code=00101006001&supplier_code=00100404&order_time=2020-10-16 HTTP/1.1" 200 428
124.77.70.31 - - [16/Oct/2020:10:51:43 +0800] "GET /xingrg/kc/base/wldb_order_operate.html?command=get_materiel&rest_code=00107&base_code=0010151&code=00101019438 HTTP/1.1" 200 445
117.184.7.26 - - [16/Oct/2020:10:51:43 +0800] "GET /xingrg/kc/mdqp/qqps_order_info.html?code=302020101500337 HTTP/1.1" 200 26397
117.184.7.26 - - [16/Oct/2020:10:51:44 +0800] "GET /xingrg/dwr/interface/AjaxComOrderService.js HTTP/1.1" 200 18264
117.184.7.26 - - [16/Oct/2020:10:51:44 +0800] "GET /xingrg/dwr/interface/AjaxQqpsService.js HTTP/1.1" 200 16326
117.184.7.26 - - [16/Oct/2020:10:51:44 +0800] "GET /xingrg/dwr/engine.js HTTP/1.1" 200 43631
117.184.7.26 - - [16/Oct/2020:10:51:44 +0800] "POST /xingrg/dwr/call/plaincall/AjaxQqpsService.loadMaterielItems.dwr HTTP/1.1" 200 3013
101.91.60.104 - - [16/Oct/2020:10:51:46 +0800] "GET /xingrg/login.html HTTP/1.1" 200 7641
117.184.7.26 - - [16/Oct/2020:10:51:48 +0800] "GET /xingrg/all/function/internal_message.html?_=1602816702271&CODE_STATE=getMsg HTTP/1.1" 200 27
116.233.76.41 - - [16/Oct/2020:10:51:50 +0800] "GET /xingrg/all/function/internal_message.html?_=1602816715479&CODE_STATE=getMsg HTTP/1.1" 200 27
180.174.56.115 - - [16/Oct/2020:10:51:52 +0800] "POST /xingrg/kc/buy/cgsh_order_operate.html HTTP/1.1" 200 37
114.88.166.242 - - [16/Oct/2020:10:51:52 +0800] "GET /xingrg/kc/buy/cgsh_order_operate.html?command=get_materiel&rest_code=00111&code=00102002167&supplier_code=00100347&order_time=2020-10-16 HTTP/1.1" 200 409
58.40.7.146 - - [16/Oct/2020:10:51:54 +0800] "GET /xingrg/all/function/internal_message.html?_=1602816711761&CODE_STATE=getMsg HTTP/1.1" 200 27
180.174.56.115 - - [16/Oct/2020:10:51:54 +0800] "POST /xingrg/kc/buy/cgsh_order_operate.html HTTP/1.1" 200 12
180.174.56.115 - - [16/Oct/2020:10:51:55 +0800] "GET /xingrg/kc/buy/cgsh_order_info.html?code=212020101606494 HTTP/1.1" 200 54770
180.174.56.115 - - [16/Oct/2020:10:51:56 +0800] "GET /xingrg/javascript/easyui/themes/default/validatebox.css HTTP/1.1" 404 1104
180.174.56.115 - - [16/Oct/2020:10:51:56 +0800] "POST /xingrg/kc/buy/cgsh_order_operate.html HTTP/1.1" 200 625
124.77.70.31 - - [16/Oct/2020:10:51:57 +0800] "GET /xingrg/kc/base/wldb_order_operate.html?command=get_materiel&rest_code=00107&base_code=0010151&code=00101016076 HTTP/1.1" 200 475
180.174.56.115 - - [16/Oct/2020:10:51:58 +0800] "GET /xingrg/kc/print/load_data.html?order_code=212020101606494&kc_code=cgsh&condition= HTTP/1.1" 200 744
58.37.8.227 - - [16/Oct/2020:10:51:58 +0800] "GET /xingrg/all/function/internal_message.html?_=1602816715402&CODE_STATE=getMsg HTTP/1.1" 200 27
218.81.217.115 - - [16/Oct/2020:10:51:59 +0800] "GET /xingrg/all/function/internal_message.html?_=1602816715426&CODE_STATE=getMsg HTTP/1.1" 200 27
114.88.166.242 - - [16/Oct/2020:10:51:59 +0800] "GET /xingrg/kc/buy/cgsh_order_operate.html?command=get_materiel&rest_code=00111&code=00101005022&supplier_code=00100347&order_time=2020-10-16 HTTP/1.1" 200 417
172.17.0.120 - - [16/Oct/2020:10:52:01 +0800] "GET /xingrg/all/function/internal_message.html?_=1602816718140&CODE_STATE=getMsg HTTP/1.1" 200 27
114.88.166.242 - - [16/Oct/2020:10:52:02 +0800] "GET /xingrg/check_reg.html?_=1602816717944 HTTP/1.1" 200 22
172.17.0.104 - - [16/Oct/2020:10:52:05 +0800] "GET /xingrg/all/function/internal_message.html?_=1602816721224&CODE_STATE=getMsg HTTP/1.1" 200 27
172.17.0.104 - - [16/Oct/2020:10:52:05 +0800] "GET /xingrg/check_reg.html?_=1602816721226 HTTP/1.1" 200 22
114.88.166.242 - - [16/Oct/2020:10:52:06 +0800] "GET /xingrg/kc/buy/cgsh_order_operate.html?command=get_materiel&rest_code=00111&code=00101008147&supplier_code=00100347&order_time=2020-10-16 HTTP/1.1" 200 416
124.77.70.31 - - [16/Oct/2020:10:52:07 +0800] "GET /xingrg/kc/base/wldb_order_operate.html?command=get_materiel&rest_code=00107&base_code=0010151&code=00101019079 HTTP/1.1" 200 465
124.77.70.31 - - [16/Oct/2020:10:52:07 +0800] "GET /xingrg/all/function/internal_message.html?_=1602816716093&CODE_STATE=getMsg HTTP/1.1" 200 27
180.174.56.115 - - [16/Oct/2020:10:52:09 +0800] "GET /xingrg/check_reg.html?_=1602816694334 HTTP/1.1" 200 22
180.174.56.115 - - [16/Oct/2020:10:52:09 +0800] "GET /xingrg/all/function/internal_message.html?_=1602816694498&CODE_STATE=getMsg HTTP/1.1" 200 27
180.174.56.115 - - [16/Oct/2020:10:52:10 +0800] "GET /xingrg/kc/buy/cgsh_order_add.html HTTP/1.1" 200 59861
114.88.166.242 - - [16/Oct/2020:10:52:11 +0800] "GET /xingrg/all/function/internal_message.html?_=1602816726463&CODE_STATE=getMsg HTTP/1.1" 200 27
180.174.56.115 - - [16/Oct/2020:10:52:11 +0800] "POST /xingrg/kc/buy/cgsh_order_operate.html HTTP/1.1" 200 8245
180.174.56.115 - - [16/Oct/2020:10:52:11 +0800] "GET /xingrg/javascript/easyui/themes/default/validatebox.css HTTP/1.1" 404 1104
117.185.32.26 - - [16/Oct/2020:10:52:14 +0800] "GET /xingrg/all/function/internal_message.html?_=1602816728767&CODE_STATE=getMsg HTTP/1.1" 200 27
180.161.96.95 - - [16/Oct/2020:10:52:15 +0800] "GET /xingrg/all/function/internal_message.html?_=1602816953046&CODE_STATE=getMsg HTTP/1.1" 200 27
124.77.70.31 - - [16/Oct/2020:10:52:15 +0800] "GET /xingrg/kc/base/wldb_order_operate.html?command=get_materiel&rest_code=00107&base_code=0010151&code=00101019448 HTTP/1.1" 200 470
180.174.56.115 - - [16/Oct/2020:10:52:19 +0800] "GET /xingrg/kc/buy/cgsh_order_operate.html?command=get_materiel&rest_code=00150&code=00101007085&supplier_code=00100328&order_time=2020-10-16 HTTP/1.1" 200 413
114.88.166.242 - - [16/Oct/2020:10:52:20 +0800] "GET /xingrg/all/function/internal_message.html?_=1602816824411&CODE_STATE=getMsg HTTP/1.1" 200 27
180.157.253.48 - - [16/Oct/2020:10:52:21 +0800] "GET /xingrg/check_reg.html?_=1602816745026 HTTP/1.1" 200 22
101.85.52.2 - - [16/Oct/2020:10:52:21 +0800] "GET /xingrg/all/function/internal_message.html?_=1602816728372&CODE_STATE=getMsg HTTP/1.1" 200 27
114.88.166.242 - - [16/Oct/2020:10:52:22 +0800] "GET /xingrg/kc/buy/cgsh_order_operate.html?command=get_materiel&rest_code=00111&code=00101020225&supplier_code=00100347&order_time=2020-10-16 HTTP/1.1" 200 403
124.77.70.31 - - [16/Oct/2020:10:52:23 +0800] "GET /xingrg/kc/base/wldb_order_operate.html?command=get_materiel&rest_code=00107&base_code=0010151&code=00101019283 HTTP/1.1" 200 450
218.81.217.115 - - [16/Oct/2020:10:52:23 +0800] "GET /xingrg/all/function/internal_message.html?_=1602816755707&CODE_STATE=getMsg HTTP/1.1" 200 27
124.76.236.61 - - [16/Oct/2020:10:52:23 +0800] "GET /xingrg HTTP/1.1" 302 -
124.76.236.61 - - [16/Oct/2020:10:52:23 +0800] "GET /xingrg/ HTTP/1.1" 200 292
124.76.236.61 - - [16/Oct/2020:10:52:24 +0800] "GET /favicon.ico HTTP/1.1" 404 -
124.76.236.61 - - [16/Oct/2020:10:52:24 +0800] "GET /xingrg/index.html HTTP/1.1" 302 -
124.76.236.61 - - [16/Oct/2020:10:52:24 +0800] "GET /xingrg/login.html HTTP/1.1" 200 7641
124.76.236.61 - - [16/Oct/2020:10:52:24 +0800] "GET /xingrg/images/blue/jxLogo.png HTTP/1.1" 200 6156
124.76.236.61 - - [16/Oct/2020:10:52:24 +0800] "GET /xingrg/images/blue/login_bg.png HTTP/1.1" 200 22101
124.76.236.61 - - [16/Oct/2020:10:52:24 +0800] "GET /xingrg/images/blue/hj.png HTTP/1.1" 200 1014
124.76.236.61 - - [16/Oct/2020:10:52:24 +0800] "GET /xingrg/images/blue/srbg.png HTTP/1.1" 200 138
124.76.236.61 - - [16/Oct/2020:10:52:24 +0800] "GET /favicon.ico HTTP/1.1" 404 -
222.69.136.129 - - [16/Oct/2020:10:52:28 +0800] "GET /xingrg/all/function/internal_message.html?_=1602816742409&CODE_STATE=getMsg HTTP/1.1" 200 27
114.88.166.242 - - [16/Oct/2020:10:52:29 +0800] "GET /xingrg/kc/buy/cgsh_order_operate.html?command=get_materiel&rest_code=00111&code=00101010549&supplier_code=00100347&order_time=2020-10-16 HTTP/1.1" 200 403
180.174.56.115 - - [16/Oct/2020:10:52:30 +0800] "GET /xingrg/all/function/internal_message.html?_=1602816748286&CODE_STATE=getMsg HTTP/1.1" 200 27
180.162.245.190 - - [16/Oct/2020:10:52:31 +0800] "GET /xingrg/all/function/internal_message.html?_=1602816749663&CODE_STATE=getMsg HTTP/1.1" 200 27
172.17.0.185 - - [16/Oct/2020:10:52:33 +0800] "GET /xingrg/all/function/internal_message.html?_=1602816749173&CODE_STATE=getMsg HTTP/1.1" 200 27
124.77.70.31 - - [16/Oct/2020:10:52:35 +0800] "GET /xingrg/kc/base/wldb_order_operate.html?command=get_materiel&rest_code=00107&base_code=0010151&code=00101019536 HTTP/1.1" 200 470
114.88.166.242 - - [16/Oct/2020:10:52:37 +0800] "GET /xingrg/kc/buy/cgsh_order_operate.html?command=get_materiel&rest_code=00111&code=00101010050&supplier_code=00100347&order_time=2020-10-16 HTTP/1.1" 200 417
180.157.253.48 - - [16/Oct/2020:10:52:38 +0800] "GET /xingrg/all/function/internal_message.html?_=1602816762278&CODE_STATE=getMsg HTTP/1.1" 200 27
124.76.236.61 - - [16/Oct/2020:10:52:38 +0800] "POST /xingrg/login.do HTTP/1.1" 302 -
124.76.236.61 - - [16/Oct/2020:10:52:38 +0800] "GET /xingrg/index.html?sysBaseUrl=http%3A%2F%2F180.169.147.146%3A18081%2Fxingrg%2F&costTime=40×tamp=1602816758527 HTTP/1.1" 200 17179
124.76.236.61 - - [16/Oct/2020:10:52:38 +0800] "GET /xingrg/javascript/jquery_easy_ui/themes/icon.css HTTP/1.1" 200 3949
124.76.236.61 - - [16/Oct/2020:10:52:38 +0800] "GET /xingrg/css/form.css HTTP/1.1" 200 893
124.76.236.61 - - [16/Oct/2020:10:52:38 +0800] "GET /xingrg/javascript/jquery-1.4.2.min.js HTTP/1.1" 200 72205
124.76.236.61 - - [16/Oct/2020:10:52:38 +0800] "GET /xingrg/javascript/jquery_easy_ui/easyui-lang-zh_CN.js HTTP/1.1" 200 1900
124.76.236.61 - - [16/Oct/2020:10:52:38 +0800] "GET /xingrg/javascript/jquery_easy_ui/jquery.easyui.min.js HTTP/1.1" 200 213662
124.76.236.61 - - [16/Oct/2020:10:52:38 +0800] "GET /xingrg/javascript/jquery.timers.js HTTP/1.1" 200 3532
124.76.236.61 - - [16/Oct/2020:10:52:38 +0800] "GET /xingrg/javascript/jquery.utils.js HTTP/1.1" 200 11805
124.76.236.61 - - [16/Oct/2020:10:52:38 +0800] "GET /xingrg/javascript/jquery.form.js HTTP/1.1" 200 23110
124.76.236.61 - - [16/Oct/2020:10:52:38 +0800] "GET /xingrg/javascript/jquery_easy_ui/themes/default/easyui.css HTTP/1.1" 200 26500
124.76.236.61 - - [16/Oct/2020:10:52:38 +0800] "GET /favicon.ico HTTP/1.1" 404 -
124.76.236.61 - - [16/Oct/2020:10:52:38 +0800] "GET /xingrg/javascript/jquery_easy_ui/themes/icons/settle_new.png HTTP/1.1" 200 826
124.76.236.61 - - [16/Oct/2020:10:52:38 +0800] "GET /xingrg/images/blue/navBackgound.jpg HTTP/1.1" 200 12378
124.76.236.61 - - [16/Oct/2020:10:52:38 +0800] "POST /xingrg/all/common/load_tree.html?tree=area_rest_tree_json&manage=1 HTTP/1.1" 200 351
124.76.236.61 - - [16/Oct/2020:10:52:38 +0800] "GET /xingrg/all/function/internal_message.html?_=1602816727727&CODE_STATE=count HTTP/1.1" 200 11
124.76.236.61 - - [16/Oct/2020:10:52:38 +0800] "GET /xingrg/images/blue/pingpu.png HTTP/1.1" 200 231
124.76.236.61 - - [16/Oct/2020:10:52:38 +0800] "GET /xingrg/check_reg.html?_=1602816727728 HTTP/1.1" 200 22
124.76.236.61 - - [16/Oct/2020:10:52:38 +0800] "GET /xingrg/javascript/jquery_easy_ui/themes/default/images/tabs_rightarrow.png HTTP/1.1" 200 395
124.76.236.61 - - [16/Oct/2020:10:52:38 +0800] "GET /xingrg/javascript/jquery_easy_ui/themes/default/images/tabs_leftarrow.png HTTP/1.1" 200 389
124.76.236.61 - - [16/Oct/2020:10:52:38 +0800] "GET /xingrg/javascript/jquery_easy_ui/themes/default/images/panel_tool_collapse.gif HTTP/1.1" 200 246
124.76.236.61 - - [16/Oct/2020:10:52:39 +0800] "POST /xingrg/load_menu.html HTTP/1.1" 200 5138
124.76.236.61 - - [16/Oct/2020:10:52:39 +0800] "GET /xingrg/javascript/jquery_easy_ui/themes/default/images/tree_folder_open.gif HTTP/1.1" 200 956
124.76.236.61 - - [16/Oct/2020:10:52:39 +0800] "GET /xingrg/javascript/jquery_easy_ui/themes/default/images/tree_arrows.gif HTTP/1.1" 200 1043
124.76.236.61 - - [16/Oct/2020:10:52:39 +0800] "GET /xingrg/javascript/jquery_easy_ui/themes/icons/search_new.png HTTP/1.1" 200 586
124.76.236.61 - - [16/Oct/2020:10:52:39 +0800] "GET /xingrg/javascript/jquery_easy_ui/themes/default/images/tree_folder.gif HTTP/1.1" 200 952
124.76.236.61 - - [16/Oct/2020:10:52:39 +0800] "GET /xingrg/javascript/jquery_easy_ui/themes/icons/storage_new.png HTTP/1.1" 200 853
124.76.236.61 - - [16/Oct/2020:10:52:39 +0800] "GET /xingrg/javascript/jquery_easy_ui/themes/icons/forms_new.png HTTP/1.1" 200 350
124.76.236.61 - - [16/Oct/2020:10:52:39 +0800] "GET /xingrg/javascript/jquery_easy_ui/themes/default/images/tree_file.gif HTTP/1.1" 200 118
172.17.200.101 - - [16/Oct/2020:10:52:40 +0800] "GET /xingrg/all/function/internal_message.html?_=1602816760235&CODE_STATE=getMsg HTTP/1.1" 200 27
124.76.236.61 - - [16/Oct/2020:10:52:43 +0800] "GET /xingrg/kc/buy/buy_main.html HTTP/1.1" 200 12412
124.76.236.61 - - [16/Oct/2020:10:52:43 +0800] "GET /xingrg/javascript/jquery_easy_ui/themes/default/images/tabs_close.gif HTTP/1.1" 200 829
124.76.236.61 - - [16/Oct/2020:10:52:43 +0800] "GET /xingrg/css/new_ie.css HTTP/1.1" 404 1036
124.76.236.61 - - [16/Oct/2020:10:52:43 +0800] "GET /xingrg/css/blue.css HTTP/1.1" 200 15949
124.76.236.61 - - [16/Oct/2020:10:52:43 +0800] "GET /xingrg/javascript/pic_change.js HTTP/1.1" 200 4739
124.76.236.61 - - [16/Oct/2020:10:52:43 +0800] "GET /xingrg/javascript/ToolTips.js HTTP/1.1" 200 5615
124.76.236.61 - - [16/Oct/2020:10:52:43 +0800] "GET /xingrg/javascript/jquery_ui/themes/humanity/humanity.css HTTP/1.1" 200 27801
124.76.236.61 - - [16/Oct/2020:10:52:43 +0800] "GET /xingrg/javascript/jquery_ui/jquery-ui.min.js HTTP/1.1" 200 186181
124.76.236.61 - - [16/Oct/2020:10:52:43 +0800] "GET /xingrg/images/blue/button/cgxqd.gif HTTP/1.1" 200 2619
124.76.236.61 - - [16/Oct/2020:10:52:43 +0800] "GET /xingrg/javascript/myfunction.js HTTP/1.1" 200 24559
124.76.236.61 - - [16/Oct/2020:10:52:43 +0800] "GET /xingrg/images/blue/button/cgydd.gif HTTP/1.1" 200 2712
124.76.236.61 - - [16/Oct/2020:10:52:43 +0800] "GET /xingrg/images/blue/button/cgfkd.gif HTTP/1.1" 200 2075
124.76.236.61 - - [16/Oct/2020:10:52:43 +0800] "GET /xingrg/images/blue/button/kc.gif HTTP/1.1" 200 2160
124.76.236.61 - - [16/Oct/2020:10:52:43 +0800] "GET /xingrg/images/blue/button/cgshd.gif HTTP/1.1" 200 2618
124.76.236.61 - - [16/Oct/2020:10:52:43 +0800] "GET /xingrg/images/blue/button/ckthd.gif HTTP/1.1" 200 2045
124.76.236.61 - - [16/Oct/2020:10:52:43 +0800] "GET /xingrg/images/blue/pic_form2.gif HTTP/1.1" 200 1853
124.76.236.61 - - [16/Oct/2020:10:52:43 +0800] "GET /xingrg/images/blue/bg_dotted.jpg HTTP/1.1" 200 319
124.76.236.61 - - [16/Oct/2020:10:52:43 +0800] "GET /xingrg/javascript/jquery_ui/themes/humanity/images/ui-bg_inset-soft_100_f4f0ec_1x100.png HTTP/1.1" 200 141
124.76.236.61 - - [16/Oct/2020:10:52:43 +0800] "GET /xingrg/images/blue/button/right_ah.jpg HTTP/1.1" 200 1744
124.76.236.61 - - [16/Oct/2020:10:52:43 +0800] "GET /xingrg/images/blue/button/down_ah.jpg HTTP/1.1" 200 1732
124.76.236.61 - - [16/Oct/2020:10:52:43 +0800] "GET /xingrg/javascript/jquery_ui/themes/humanity/images/ui-iconsnew.jpg HTTP/1.1" 200 337
124.76.236.61 - - [16/Oct/2020:10:52:43 +0800] "GET /xingrg/javascript/jquery_ui/themes/humanity/images/ui-icons_ffffff_256x240.png HTTP/1.1" 200 4369
124.76.236.61 - - [16/Oct/2020:10:52:43 +0800] "GET /xingrg/javascript/jquery_ui/themes/humanity/images/ui-icons_c47a23_256x240.png HTTP/1.1" 200 5355
124.76.236.61 - - [16/Oct/2020:10:52:43 +0800] "GET /xingrg/javascript/jquery_ui/themes/humanity/images/ui-bg_glass_70_ede4d4_1x400.png HTTP/1.1" 200 161
117.184.7.26 - - [16/Oct/2020:10:52:43 +0800] "POST /xingrg/services/DataTransmitService HTTP/1.1" 200 524
124.76.236.61 - - [16/Oct/2020:10:52:44 +0800] "GET /xingrg/images/yd/bt.gif HTTP/1.1" 404 1040
124.76.236.61 - - [16/Oct/2020:10:52:46 +0800] "GET /xingrg/css/site.css HTTP/1.1" 200 7541
124.76.236.61 - - [16/Oct/2020:10:52:46 +0800] "GET /xingrg/css/base.css HTTP/1.1" 200 2811
124.76.236.61 - - [16/Oct/2020:10:52:46 +0800] "GET /xingrg/javascript/jquery_tools/datebox.css HTTP/1.1" 200 2597
124.76.236.61 - - [16/Oct/2020:10:52:46 +0800] "GET /xingrg/javascript/easyui/themes/icon.css HTTP/1.1" 200 4483
124.76.236.61 - - [16/Oct/2020:10:52:46 +0800] "GET /xingrg/javascript/jquery_tools/fix.css HTTP/1.1" 200 1702
124.76.236.61 - - [16/Oct/2020:10:52:46 +0800] "GET /xingrg/javascript/auto/jquery.autocomplete.css HTTP/1.1" 200 587
124.76.236.61 - - [16/Oct/2020:10:52:46 +0800] "GET /xingrg/kc/buy/cgsh_order_list.html HTTP/1.1" 200 44205
124.76.236.61 - - [16/Oct/2020:10:52:46 +0800] "GET /xingrg/javascript/jquery_tools/table.css HTTP/1.1" 200 1032
124.76.236.61 - - [16/Oct/2020:10:52:46 +0800] "GET /xingrg/javascript/easyui/themes/default/easyui.css HTTP/1.1" 200 30432
124.76.236.61 - - [16/Oct/2020:10:52:46 +0800] "GET /xingrg/javascript/jquery_tools/jquery.tools.table.js HTTP/1.1" 200 6994
124.76.236.61 - - [16/Oct/2020:10:52:46 +0800] "GET /xingrg/javascript/jquery_tools/jquery.tools.min.js HTTP/1.1" 200 138801
124.76.236.61 - - [16/Oct/2020:10:52:46 +0800] "GET /xingrg/javascript/jquery_tools/list_manager.js HTTP/1.1" 200 3652
124.76.236.61 - - [16/Oct/2020:10:52:46 +0800] "GET /xingrg/javascript/jquery_tools/jquery.tools.hotkey.js HTTP/1.1" 200 3242
124.76.236.61 - - [16/Oct/2020:10:52:46 +0800] "GET /xingrg/javascript/easyui/easyloader.js HTTP/1.1" 200 5975
124.76.236.61 - - [16/Oct/2020:10:52:46 +0800] "GET /xingrg/javascript/jquery_tools/jquery.tools.extend.js HTTP/1.1" 200 15385
124.76.236.61 - - [16/Oct/2020:10:52:46 +0800] "GET /xingrg/javascript/auto/jquery.autocomplete.js HTTP/1.1" 200 21624
124.76.236.61 - - [16/Oct/2020:10:52:46 +0800] "GET /xingrg/javascript/jquery.cookie.js HTTP/1.1" 200 5513
124.76.236.61 - - [16/Oct/2020:10:52:46 +0800] "GET /xingrg/javascript/print/LodopFuncs.js HTTP/1.1" 200 5121
124.76.236.61 - - [16/Oct/2020:10:52:46 +0800] "GET /xingrg/javascript/easyui/themes/icons/check_new.png HTTP/1.1" 200 3224
124.76.236.61 - - [16/Oct/2020:10:52:46 +0800] "GET /xingrg/javascript/easyui/themes/icons/edit_add_new.png HTTP/1.1" 200 2997
124.76.236.61 - - [16/Oct/2020:10:52:46 +0800] "GET /xingrg/javascript/easyui/themes/icons/cance_new.png HTTP/1.1" 200 3986
124.76.236.61 - - [16/Oct/2020:10:52:46 +0800] "GET /xingrg/javascript/easyui/themes/icons/field_new.png HTTP/1.1" 200 1097
124.76.236.61 - - [16/Oct/2020:10:52:46 +0800] "GET /xingrg/javascript/easyui/themes/icons/import_new.png HTTP/1.1" 200 1247
124.77.70.31 - - [16/Oct/2020:10:52:46 +0800] "GET /xingrg/kc/base/wldb_order_operate.html?command=get_materiel&rest_code=00107&base_code=0010151&code=00101019184 HTTP/1.1" 200 443
124.76.236.61 - - [16/Oct/2020:10:52:46 +0800] "GET /xingrg/javascript/easyui/plugins/jquery.parser.js HTTP/1.1" 200 1142
124.76.236.61 - - [16/Oct/2020:10:52:46 +0800] "GET /xingrg/images/control/ajaxLoader.gif HTTP/1.1" 200 4659
124.76.236.61 - - [16/Oct/2020:10:52:47 +0800] "POST /xingrg/kc/buy/cgsh_list_operate.html HTTP/1.1" 200 876
117.184.7.26 - - [16/Oct/2020:10:52:48 +0800] "GET /xingrg/all/function/internal_message.html?_=1602816762270&CODE_STATE=getMsg HTTP/1.1" 200 27
117.184.7.26 - - [16/Oct/2020:10:52:48 +0800] "GET /xingrg/check_reg.html?_=1602816762336 HTTP/1.1" 200 22
124.76.236.61 - - [16/Oct/2020:10:52:48 +0800] "GET /xingrg/javascript/easyui/themes/default/images/button_plain_hover.png HTTP/1.1" 200 144
124.76.236.61 - - [16/Oct/2020:10:52:49 +0800] "GET /xingrg/kc/buy/cgsh_order_add.html HTTP/1.1" 200 59018
124.76.236.61 - - [16/Oct/2020:10:52:49 +0800] "GET /xingrg/javascript/convert.js HTTP/1.1" 200 1239
124.76.236.61 - - [16/Oct/2020:10:52:49 +0800] "GET /xingrg/javascript/jquery_tools/order_manager.js HTTP/1.1" 200 11183
124.76.236.61 - - [16/Oct/2020:10:52:49 +0800] "GET /xingrg/javascript/json2.js HTTP/1.1" 200 11259
124.76.236.61 - - [16/Oct/2020:10:52:49 +0800] "GET /xingrg/javascript/print/kc_print.js HTTP/1.1" 200 11415
124.76.236.61 - - [16/Oct/2020:10:52:49 +0800] "GET /xingrg/words/20201016092016_words.js HTTP/1.1" 200 769084
124.76.236.61 - - [16/Oct/2020:10:52:49 +0800] "GET /xingrg/javascript/easyui/themes/icons/cancel.png HTTP/1.1" 200 1133
124.76.236.61 - - [16/Oct/2020:10:52:49 +0800] "GET /xingrg/javascript/easyui/themes/default/images/menu_downarrow.png HTTP/1.1" 200 173
124.76.236.61 - - [16/Oct/2020:10:52:49 +0800] "GET /xingrg/javascript/easyui/themes/icons/print.png HTTP/1.1" 200 1057
124.76.236.61 - - [16/Oct/2020:10:52:49 +0800] "GET /xingrg/javascript/easyui/themes/icons/ok.png HTTP/1.1" 200 883
124.76.236.61 - - [16/Oct/2020:10:52:49 +0800] "GET /xingrg/javascript/easyui/themes/icons/template_new.png HTTP/1.1" 200 3956
124.76.236.61 - - [16/Oct/2020:10:52:49 +0800] "GET /xingrg/javascript/easyui/themes/icons/copy_new.png HTTP/1.1" 200 815
116.233.76.41 - - [16/Oct/2020:10:52:49 +0800] "GET /xingrg/all/function/internal_message.html?_=1602816775504&CODE_STATE=getMsg HTTP/1.1" 200 27
124.76.236.61 - - [16/Oct/2020:10:52:50 +0800] "GET /xingrg/all/common/auto_word.html?type=employee&rest_code=00143 HTTP/1.1" 200 55
124.76.236.61 - - [16/Oct/2020:10:52:50 +0800] "GET /xingrg/javascript/easyui/themes/default/validatebox.css HTTP/1.1" 404 1104
124.76.236.61 - - [16/Oct/2020:10:52:50 +0800] "GET /xingrg/all/common/auto_word.html?type=employee&rest_code=00143 HTTP/1.1" 200 55
124.76.236.61 - - [16/Oct/2020:10:52:50 +0800] "GET /xingrg/javascript/easyui/plugins/jquery.validatebox.js HTTP/1.1" 200 6103
124.76.236.61 - - [16/Oct/2020:10:52:50 +0800] "POST /xingrg/kc/buy/cgsh_order_operate.html HTTP/1.1" 200 8245
124.76.236.61 - - [16/Oct/2020:10:52:50 +0800] "GET /xingrg/javascript/easyui/plugins/jquery.numberbox.js HTTP/1.1" 200 5213
124.76.236.61 - - [16/Oct/2020:10:52:50 +0800] "GET /xingrg/javascript/easyui/themes/icons/edit_remove.png HTTP/1.1" 200 625
124.76.236.61 - - [16/Oct/2020:10:52:51 +0800] "GET /xingrg/javascript/easyui/plugins/jquery.draggable.js HTTP/1.1" 200 6121
124.76.236.61 - - [16/Oct/2020:10:52:51 +0800] "GET /xingrg/css/images/panel_loading.gif HTTP/1.1" 200 1737
124.76.236.61 - - [16/Oct/2020:10:52:51 +0800] "GET /xingrg/javascript/easyui/plugins/jquery.droppable.js HTTP/1.1" 200 1167
124.76.236.61 - - [16/Oct/2020:10:52:51 +0800] "GET /xingrg/javascript/easyui/themes/default/tree.css HTTP/1.1" 404 1090
124.76.236.61 - - [16/Oct/2020:10:52:51 +0800] "GET /xingrg/javascript/easyui/plugins/jquery.tree.js HTTP/1.1" 200 20874
124.76.236.61 - - [16/Oct/2020:10:52:51 +0800] "POST /xingrg/all/common/load_tree.html?tree=supplier_tree_json&isDelete=1 HTTP/1.1" 200 50541
124.76.236.61 - - [16/Oct/2020:10:52:52 +0800] "GET /xingrg/javascript/easyui/themes/default/images/tree_arrows.gif HTTP/1.1" 200 617
124.76.236.61 - - [16/Oct/2020:10:52:52 +0800] "GET /xingrg/javascript/easyui/themes/default/images/tree_folder_open.gif HTTP/1.1" 200 956
124.76.236.61 - - [16/Oct/2020:10:52:52 +0800] "GET /xingrg/javascript/easyui/themes/default/images/tree_folder.gif HTTP/1.1" 200 952
124.76.236.61 - - [16/Oct/2020:10:52:52 +0800] "GET /xingrg/javascript/easyui/themes/default/images/tree_file.gif HTTP/1.1" 200 118
180.162.245.190 - - [16/Oct/2020:10:52:53 +0800] "GET /xingrg/check_reg.html?_=1602816753511 HTTP/1.1" 200 22
58.40.7.146 - - [16/Oct/2020:10:52:54 +0800] "GET /xingrg/all/function/internal_message.html?_=1602816771731&CODE_STATE=getMsg HTTP/1.1" 200 27
124.77.70.31 - - [16/Oct/2020:10:52:54 +0800] "GET /xingrg/kc/base/wldb_order_operate.html?command=get_materiel&rest_code=00107&base_code=0010151&code=00101019400 HTTP/1.1" 200 451
218.81.217.115 - - [16/Oct/2020:10:52:58 +0800] "POST /xingrg/kc/buy/cgsh_order_operate.html HTTP/1.1" 200 37
58.37.8.227 - - [16/Oct/2020:10:52:58 +0800] "GET /xingrg/all/function/internal_message.html?_=1602816775374&CODE_STATE=getMsg HTTP/1.1" 200 27
218.81.217.115 - - [16/Oct/2020:10:52:59 +0800] "POST /xingrg/kc/buy/cgsh_order_operate.html HTTP/1.1" 200 2671
172.17.0.120 - - [16/Oct/2020:10:53:01 +0800] "GET /xingrg/all/function/internal_message.html?_=1602816778143&CODE_STATE=getMsg HTTP/1.1" 200 27
218.81.217.115 - - [16/Oct/2020:10:53:01 +0800] "GET /xingrg/all/function/internal_message.html?_=1602816778028&CODE_STATE=getMsg HTTP/1.1" 200 27
218.81.217.115 - - [16/Oct/2020:10:53:02 +0800] "GET /xingrg/kc/print/load_data.html?order_code=212020101606495&kc_code=cgsh&condition= HTTP/1.1" 200 752
114.88.166.242 - - [16/Oct/2020:10:53:04 +0800] "GET /xingrg/kc/buy/cgsh_order_operate.html?command=get_materiel&rest_code=00111&code=00101010646&supplier_code=00100347&order_time=2020-10-16 HTTP/1.1" 200 410
124.77.70.31 - - [16/Oct/2020:10:53:04 +0800] "GET /xingrg/kc/base/wldb_order_operate.html?command=get_materiel&rest_code=00107&base_code=0010151&code=00101019249 HTTP/1.1" 200 470
172.17.0.104 - - [16/Oct/2020:10:53:05 +0800] "GET /xingrg/all/function/internal_message.html?_=1602816781225&CODE_STATE=getMsg HTTP/1.1" 200 27
124.76.236.61 - - [16/Oct/2020:10:53:05 +0800] "GET /xingrg/javascript/auto/indicator.gif HTTP/1.1" 404 1066
124.77.70.31 - - [16/Oct/2020:10:53:07 +0800] "GET /xingrg/all/function/internal_message.html?_=1602816776261&CODE_STATE=getMsg HTTP/1.1" 200 27
180.174.56.115 - - [16/Oct/2020:10:53:09 +0800] "GET /xingrg/all/function/internal_message.html?_=1602816754510&CODE_STATE=getMsg HTTP/1.1" 200 27
180.174.56.115 - - [16/Oct/2020:10:53:11 +0800] "POST /xingrg/kc/buy/cgsh_order_operate.html HTTP/1.1" 200 37
114.88.166.242 - - [16/Oct/2020:10:53:11 +0800] "GET /xingrg/all/function/internal_message.html?_=1602816786474&CODE_STATE=getMsg HTTP/1.1" 200 27
124.76.236.61 - - [16/Oct/2020:10:53:11 +0800] "GET /xingrg/kc/buy/cgsh_order_operate.html?command=get_materiel&rest_code=00143&code=00101008352&supplier_code=00100161&order_time=2020-10-16 HTTP/1.1" 200 412
117.184.7.26 - - [16/Oct/2020:10:53:12 +0800] "POST /xingrg/services/DataTransmitService HTTP/1.1" 200 524
58.37.8.227 - - [16/Oct/2020:10:53:12 +0800] "GET /xingrg/check_reg.html?_=1602816789279 HTTP/1.1" 200 22
117.184.7.26 - - [16/Oct/2020:10:53:12 +0800] "POST /xingrg/services/DataTransmitService HTTP/1.1" 200 497
180.174.56.115 - - [16/Oct/2020:10:53:13 +0800] "POST /xingrg/kc/buy/cgsh_order_operate.html HTTP/1.1" 200 12
218.81.217.115 - - [16/Oct/2020:10:53:13 +0800] "GET /xingrg/kc/buy/cgsh_order_add.html HTTP/1.1" 200 59943
218.81.217.115 - - [16/Oct/2020:10:53:13 +0800] "POST /xingrg/kc/buy/cgsh_order_operate.html HTTP/1.1" 200 8245
218.81.217.115 - - [16/Oct/2020:10:53:13 +0800] "GET /xingrg/javascript/easyui/themes/default/validatebox.css HTTP/1.1" 404 1104
180.174.56.115 - - [16/Oct/2020:10:53:14 +0800] "GET /xingrg/kc/buy/cgsh_order_info.html?code=212020101606496 HTTP/1.1" 200 54768
117.185.32.26 - - [16/Oct/2020:10:53:14 +0800] "GET /xingrg/all/function/internal_message.html?_=1602816788743&CODE_STATE=getMsg HTTP/1.1" 200 27
180.174.56.115 - - [16/Oct/2020:10:53:14 +0800] "GET /xingrg/javascript/easyui/themes/default/validatebox.css HTTP/1.1" 404 1104
180.161.96.95 - - [16/Oct/2020:10:53:15 +0800] "GET /xingrg/all/function/internal_message.html?_=1602817013059&CODE_STATE=getMsg HTTP/1.1" 200 27
180.174.56.115 - - [16/Oct/2020:10:53:15 +0800] "POST /xingrg/kc/buy/cgsh_order_operate.html HTTP/1.1" 200 1202
124.77.70.31 - - [16/Oct/2020:10:53:15 +0800] "GET /xingrg/kc/base/wldb_order_operate.html?command=get_materiel&rest_code=00107&base_code=0010151&code=00101019339 HTTP/1.1" 200 455
180.174.56.115 - - [16/Oct/2020:10:53:16 +0800] "GET /xingrg/kc/print/load_data.html?order_code=212020101606496&kc_code=cgsh&condition= HTTP/1.1" 200 943
218.81.217.115 - - [16/Oct/2020:10:53:19 +0800] "GET /xingrg/check_reg.html?_=1602816811869 HTTP/1.1" 200 22
180.174.56.115 - - [16/Oct/2020:10:53:20 +0800] "GET /xingrg/kc/buy/cgsh_order_add.html HTTP/1.1" 200 59861
114.88.166.242 - - [16/Oct/2020:10:53:20 +0800] "GET /xingrg/check_reg.html?_=1602816884409 HTTP/1.1" 200 22
114.88.166.242 - - [16/Oct/2020:10:53:20 +0800] "GET /xingrg/all/function/internal_message.html?_=1602816884412&CODE_STATE=getMsg HTTP/1.1" 200 27
180.174.56.115 - - [16/Oct/2020:10:53:21 +0800] "GET /xingrg/javascript/easyui/themes/default/validatebox.css HTTP/1.1" 404 1104
180.174.56.115 - - [16/Oct/2020:10:53:21 +0800] "POST /xingrg/kc/buy/cgsh_order_operate.html HTTP/1.1" 200 8245
101.85.52.2 - - [16/Oct/2020:10:53:21 +0800] "GET /xingrg/all/function/internal_message.html?_=1602816788378&CODE_STATE=getMsg HTTP/1.1" 200 27
117.184.7.26 - - [16/Oct/2020:10:53:21 +0800] "GET /xingrg/kc/buy/buy_main.html HTTP/1.1" 200 12412
117.184.7.26 - - [16/Oct/2020:10:53:21 +0800] "GET /xingrg/css/new_ie.css HTTP/1.1" 404 1036
114.88.166.242 - - [16/Oct/2020:10:53:22 +0800] "GET /xingrg/kc/buy/cgsh_order_operate.html?command=get_materiel&rest_code=00111&code=00101001023&supplier_code=00100347&order_time=2020-10-16 HTTP/1.1" 200 415
218.81.217.115 - - [16/Oct/2020:10:53:23 +0800] "GET /xingrg/all/function/internal_message.html?_=1602816815720&CODE_STATE=getMsg HTTP/1.1" 200 27
117.184.7.30 - - [16/Oct/2020:10:53:24 +0800] "GET /xingrg/kc/buy/cgsh_order_list.html HTTP/1.1" 200 44199
124.76.236.61 - - [16/Oct/2020:10:53:24 +0800] "GET /xingrg/kc/buy/cgsh_order_operate.html?command=get_materiel&rest_code=00143&code=00101008126&supplier_code=00100161&order_time=2020-10-16 HTTP/1.1" 200 412
117.184.7.30 - - [16/Oct/2020:10:53:25 +0800] "POST /xingrg/kc/buy/cgsh_list_operate.html HTTP/1.1" 200 1681
124.77.70.31 - - [16/Oct/2020:10:53:26 +0800] "GET /xingrg/kc/base/wldb_order_operate.html?command=get_materiel&rest_code=00107&base_code=0010151&code=00101019306 HTTP/1.1" 200 465
218.81.217.115 - - [16/Oct/2020:10:53:28 +0800] "GET /xingrg/kc/buy/cgsh_order_operate.html?command=get_materiel&rest_code=00146&code=00101001049&supplier_code=00100090&order_time=2020-10-16 HTTP/1.1" 200 412
116.233.76.41 - - [16/Oct/2020:10:53:28 +0800] "POST /xingrg/kc/buy/cgsh_order_operate.html HTTP/1.1" 200 37
180.174.56.115 - - [16/Oct/2020:10:53:28 +0800] "GET /xingrg/kc/buy/cgsh_order_operate.html?command=get_materiel&rest_code=00150&code=00101003035&supplier_code=00100092&order_time=2020-10-16 HTTP/1.1" 200 23
222.69.136.129 - - [16/Oct/2020:10:53:28 +0800] "GET /xingrg/all/function/internal_message.html?_=1602816802380&CODE_STATE=getMsg HTTP/1.1" 200 27
116.233.76.41 - - [16/Oct/2020:10:53:30 +0800] "POST /xingrg/kc/buy/cgsh_order_operate.html HTTP/1.1" 200 18627
58.40.7.146 - - [16/Oct/2020:10:53:30 +0800] "GET /xingrg/check_reg.html?_=1602816807546 HTTP/1.1" 200 22
180.174.56.115 - - [16/Oct/2020:10:53:30 +0800] "GET /xingrg/all/function/internal_message.html?_=1602816808339&CODE_STATE=getMsg HTTP/1.1" 200 27
180.162.245.190 - - [16/Oct/2020:10:53:31 +0800] "GET /xingrg/all/function/internal_message.html?_=1602816809634&CODE_STATE=getMsg HTTP/1.1" 200 27
172.17.0.185 - - [16/Oct/2020:10:53:33 +0800] "GET /xingrg/all/function/internal_message.html?_=1602816809176&CODE_STATE=getMsg HTTP/1.1" 200 27
114.88.166.242 - - [16/Oct/2020:10:53:35 +0800] "POST /xingrg/kc/buy/cgsh_order_operate.html HTTP/1.1" 200 37
114.88.166.242 - - [16/Oct/2020:10:53:35 +0800] "POST /xingrg/kc/buy/cgsh_order_operate.html HTTP/1.1" 200 7430
124.77.70.31 - - [16/Oct/2020:10:53:36 +0800] "GET /xingrg/kc/base/wldb_order_operate.html?command=get_materiel&rest_code=00107&base_code=0010151&code=00101019183 HTTP/1.1" 200 433
114.88.166.242 - - [16/Oct/2020:10:53:36 +0800] "GET /xingrg/kc/print/load_data.html?order_code=212020101606497&kc_code=cgsh&condition= HTTP/1.1" 200 2493
180.157.253.48 - - [16/Oct/2020:10:53:38 +0800] "GET /xingrg/all/function/internal_message.html?_=1602816822292&CODE_STATE=getMsg HTTP/1.1" 200 27
180.174.56.115 - - [16/Oct/2020:10:53:38 +0800] "GET /xingrg/login.html HTTP/1.1" 200 7641
124.76.236.61 - - [16/Oct/2020:10:53:39 +0800] "GET /xingrg/all/function/internal_message.html?_=1602816787733&CODE_STATE=getMsg HTTP/1.1" 200 27
180.174.56.115 - - [16/Oct/2020:10:53:39 +0800] "GET /favicon.ico HTTP/1.1" 404 -
172.17.200.101 - - [16/Oct/2020:10:53:40 +0800] "GET /xingrg/all/function/internal_message.html?_=1602816820238&CODE_STATE=getMsg HTTP/1.1" 200 27
116.233.76.41 - - [16/Oct/2020:10:53:41 +0800] "GET /xingrg/kc/buy/cgsh_order_operate.html?command=get_materiel&rest_code=00109&code=00101008353&supplier_code=00100005&order_time=2020-10-16 HTTP/1.1" 200 408
124.76.236.61 - - [16/Oct/2020:10:53:44 +0800] "GET /xingrg/kc/buy/cgsh_order_operate.html?command=get_materiel&rest_code=00143&code=00101008108&supplier_code=00100161&order_time=2020-10-16 HTTP/1.1" 200 412
124.77.70.31 - - [16/Oct/2020:10:53:46 +0800] "GET /xingrg/kc/base/wldb_order_operate.html?command=get_materiel&rest_code=00107&base_code=0010151&code=00101019204 HTTP/1.1" 200 438
180.174.56.115 - - [16/Oct/2020:10:53:47 +0800] "POST /xingrg/login.do HTTP/1.1" 302 -
180.174.56.115 - - [16/Oct/2020:10:53:47 +0800] "GET /xingrg/index.html?sysBaseUrl=http%3A%2F%2F180.169.147.146%3A18081%2Fxingrg%2F&costTime=202×tamp=1602816827183 HTTP/1.1" 200 17177
180.174.56.115 - - [16/Oct/2020:10:53:47 +0800] "GET /favicon.ico HTTP/1.1" 404 -
180.174.56.115 - - [16/Oct/2020:10:53:47 +0800] "POST /xingrg/all/common/load_tree.html?tree=area_rest_tree_json&manage=1 HTTP/1.1" 200 476
180.174.56.115 - - [16/Oct/2020:10:53:47 +0800] "GET /xingrg/all/function/internal_message.html?_=1602816825197&CODE_STATE=count HTTP/1.1" 200 11
180.174.56.115 - - [16/Oct/2020:10:53:47 +0800] "GET /xingrg/check_reg.html?_=1602816825200 HTTP/1.1" 200 22
180.174.56.115 - - [16/Oct/2020:10:53:47 +0800] "POST /xingrg/load_menu.html HTTP/1.1" 200 5138
218.81.217.115 - - [16/Oct/2020:10:53:47 +0800] "GET /xingrg/check_reg.html?_=1602816823975 HTTP/1.1" 200 22
117.184.7.30 - - [16/Oct/2020:10:53:48 +0800] "GET /xingrg/all/function/internal_message.html?_=1602816822258&CODE_STATE=getMsg HTTP/1.1" 200 27
116.233.76.41 - - [16/Oct/2020:10:53:49 +0800] "GET /xingrg/all/function/internal_message.html?_=1602816835506&CODE_STATE=getMsg HTTP/1.1" 200 27
116.233.76.41 - - [16/Oct/2020:10:53:49 +0800] "GET /xingrg/check_reg.html?_=1602816835507 HTTP/1.1" 200 22
180.174.56.115 - - [16/Oct/2020:10:53:50 +0800] "POST /xingrg/all/user/operate.html HTTP/1.1" 200 36
180.174.56.115 - - [16/Oct/2020:10:53:50 +0800] "GET /xingrg/index.html?sysBaseUrl=http%3A%2F%2F180.169.147.146%3A18081%2Fxingrg%2F&costTime=202×tamp=1602816827183 HTTP/1.1" 200 17179
180.174.56.115 - - [16/Oct/2020:10:53:50 +0800] "GET /xingrg/javascript/jquery_easy_ui/themes/default/easyui.css HTTP/1.1" 304 -
180.174.56.115 - - [16/Oct/2020:10:53:50 +0800] "GET /xingrg/javascript/jquery_easy_ui/themes/icon.css HTTP/1.1" 304 -
180.174.56.115 - - [16/Oct/2020:10:53:50 +0800] "GET /xingrg/css/form.css HTTP/1.1" 304 -
180.174.56.115 - - [16/Oct/2020:10:53:50 +0800] "GET /xingrg/javascript/jquery-1.4.2.min.js HTTP/1.1" 304 -
180.174.56.115 - - [16/Oct/2020:10:53:50 +0800] "GET /xingrg/javascript/jquery_easy_ui/jquery.easyui.min.js HTTP/1.1" 304 -
180.174.56.115 - - [16/Oct/2020:10:53:50 +0800] "GET /xingrg/javascript/jquery_easy_ui/easyui-lang-zh_CN.js HTTP/1.1" 304 -
180.174.56.115 - - [16/Oct/2020:10:53:50 +0800] "GET /xingrg/javascript/jquery.form.js HTTP/1.1" 304 -
180.174.56.115 - - [16/Oct/2020:10:53:50 +0800] "GET /xingrg/javascript/jquery.utils.js HTTP/1.1" 304 -
180.174.56.115 - - [16/Oct/2020:10:53:50 +0800] "GET /xingrg/javascript/jquery.timers.js HTTP/1.1" 304 -
180.174.56.115 - - [16/Oct/2020:10:53:50 +0800] "GET /xingrg/images/blue/jxLogo.png HTTP/1.1" 304 -
180.174.56.115 - - [16/Oct/2020:10:53:50 +0800] "GET /xingrg/images/blue/navBackgound.jpg HTTP/1.1" 304 -
180.174.56.115 - - [16/Oct/2020:10:53:50 +0800] "GET /xingrg/javascript/jquery_easy_ui/themes/icons/settle_new.png HTTP/1.1" 304 -
180.174.56.115 - - [16/Oct/2020:10:53:50 +0800] "POST /xingrg/all/common/load_tree.html?tree=area_rest_tree_json&manage=1 HTTP/1.1" 200 476
180.174.56.115 - - [16/Oct/2020:10:53:50 +0800] "GET /xingrg/all/function/internal_message.html?_=1602816828129&CODE_STATE=count HTTP/1.1" 200 11
180.174.56.115 - - [16/Oct/2020:10:53:50 +0800] "GET /xingrg/check_reg.html?_=1602816828130 HTTP/1.1" 200 22
180.174.56.115 - - [16/Oct/2020:10:53:50 +0800] "GET /xingrg/images/blue/pingpu.png HTTP/1.1" 304 -
180.174.56.115 - - [16/Oct/2020:10:53:50 +0800] "GET /xingrg/javascript/jquery_easy_ui/themes/default/images/tabs_rightarrow.png HTTP/1.1" 304 -
180.174.56.115 - - [16/Oct/2020:10:53:50 +0800] "GET /xingrg/javascript/jquery_easy_ui/themes/default/images/tabs_leftarrow.png HTTP/1.1" 304 -
180.174.56.115 - - [16/Oct/2020:10:53:50 +0800] "GET /xingrg/javascript/jquery_easy_ui/themes/default/images/panel_tool_collapse.gif HTTP/1.1" 304 -
180.174.56.115 - - [16/Oct/2020:10:53:50 +0800] "POST /xingrg/load_menu.html HTTP/1.1" 200 5138
180.174.56.115 - - [16/Oct/2020:10:53:52 +0800] "GET /xingrg/kc/buy/cgsh_order_list.html HTTP/1.1" 200 44205
116.233.76.41 - - [16/Oct/2020:10:53:52 +0800] "GET /xingrg/kc/buy/cgsh_order_operate.html?command=get_materiel&rest_code=00109&code=00101008312&supplier_code=00100005&order_time=2020-10-16 HTTP/1.1" 200 432
180.174.56.115 - - [16/Oct/2020:10:53:53 +0800] "POST /xingrg/kc/buy/cgsh_list_operate.html HTTP/1.1" 200 876
180.174.56.115 - - [16/Oct/2020:10:53:54 +0800] "GET /xingrg/kc/buy/cgsh_order_add.html HTTP/1.1" 200 59861
58.40.7.146 - - [16/Oct/2020:10:53:54 +0800] "GET /xingrg/all/function/internal_message.html?_=1602816831705&CODE_STATE=getMsg HTTP/1.1" 200 27
180.174.56.115 - - [16/Oct/2020:10:53:54 +0800] "POST /xingrg/kc/buy/cgsh_order_operate.html HTTP/1.1" 200 8245
180.174.56.115 - - [16/Oct/2020:10:53:54 +0800] "GET /xingrg/javascript/easyui/themes/default/validatebox.css HTTP/1.1" 404 1104
180.174.56.115 - - [16/Oct/2020:10:53:54 +0800] "GET /xingrg/all/common/auto_word.html?type=employee&rest_code=00150 HTTP/1.1" 200 205
180.174.56.115 - - [16/Oct/2020:10:53:54 +0800] "GET /xingrg/all/common/auto_word.html?type=employee&rest_code=00150 HTTP/1.1" 200 205
124.76.236.61 - - [16/Oct/2020:10:53:55 +0800] "GET /xingrg/kc/buy/cgsh_order_operate.html?command=get_materiel&rest_code=00143&code=00101008036&supplier_code=00100161&order_time=2020-10-16 HTTP/1.1" 200 408
180.174.56.115 - - [16/Oct/2020:10:53:55 +0800] "GET /xingrg/javascript/auto/indicator.gif HTTP/1.1" 404 1066
218.81.217.115 - - [16/Oct/2020:10:53:55 +0800] "GET /xingrg/kc/buy/cgsh_order_operate.html?command=get_materiel&rest_code=00146&code=00101001093&supplier_code=00100090&order_time=2020-10-16 HTTP/1.1" 200 409
124.77.70.31 - - [16/Oct/2020:10:53:56 +0800] "GET /xingrg/kc/base/wldb_order_operate.html?command=get_materiel&rest_code=00107&base_code=0010151&code=00101019398 HTTP/1.1" 200 471
58.37.8.227 - - [16/Oct/2020:10:53:58 +0800] "GET /xingrg/all/function/internal_message.html?_=1602816835353&CODE_STATE=getMsg HTTP/1.1" 200 27
218.81.217.115 - - [16/Oct/2020:10:53:59 +0800] "GET /xingrg/kc/buy/buy_main.html HTTP/1.1" 200 12412
