180.162.245.190 - - [16/Oct/2020:10:32:53 +0800] "GET /xingrg/kc/buy/cgsh_order_operate.html?command=get_materiel&rest_code=00105&code=00101003011&supplier_code=00100093&order_time=2020-10-16 HTTP/1.1" 200 447
58.40.7.146 - - [16/Oct/2020:10:32:55 +0800] "GET /xingrg/all/function/internal_message.html?_=1602815572203&CODE_STATE=getMsg HTTP/1.1" 200 27
218.81.217.115 - - [16/Oct/2020:10:32:57 +0800] "GET /xingrg/all/function/internal_message.html?_=1602815574047&CODE_STATE=getMsg HTTP/1.1" 200 27
58.37.8.227 - - [16/Oct/2020:10:32:59 +0800] "GET /xingrg/all/function/internal_message.html?_=1602815575825&CODE_STATE=getMsg HTTP/1.1" 200 27
172.17.0.120 - - [16/Oct/2020:10:33:01 +0800] "GET /xingrg/all/function/internal_message.html?_=1602815578147&CODE_STATE=getMsg HTTP/1.1" 200 27
180.162.245.190 - - [16/Oct/2020:10:33:02 +0800] "POST /xingrg/kc/buy/cgsh_order_operate.html HTTP/1.1" 200 37
180.162.245.190 - - [16/Oct/2020:10:33:03 +0800] "POST /xingrg/kc/buy/cgsh_order_operate.html HTTP/1.1" 200 3282
180.162.245.190 - - [16/Oct/2020:10:33:05 +0800] "GET /xingrg/kc/print/load_data.html?order_code=212020101606450&kc_code=cgsh&condition= HTTP/1.1" 200 973
124.77.70.31 - - [16/Oct/2020:10:33:07 +0800] "GET /xingrg/all/function/internal_message.html?_=1602815576079&CODE_STATE=getMsg HTTP/1.1" 200 27
180.162.245.190 - - [16/Oct/2020:10:33:10 +0800] "GET /xingrg/kc/buy/cgsh_order_add.html HTTP/1.1" 200 59984
114.88.166.242 - - [16/Oct/2020:10:33:10 +0800] "GET /xingrg/all/function/internal_message.html?_=1602815585805&CODE_STATE=getMsg HTTP/1.1" 200 27
180.162.245.190 - - [16/Oct/2020:10:33:10 +0800] "GET /xingrg/javascript/easyui/themes/default/validatebox.css HTTP/1.1" 404 1104
180.162.245.190 - - [16/Oct/2020:10:33:10 +0800] "POST /xingrg/kc/buy/cgsh_order_operate.html HTTP/1.1" 200 8245
58.37.8.227 - - [16/Oct/2020:10:33:12 +0800] "GET /xingrg/check_reg.html?_=1602815589337 HTTP/1.1" 200 22
180.162.245.190 - - [16/Oct/2020:10:33:14 +0800] "GET /xingrg/javascript/auto/indicator.gif HTTP/1.1" 404 1066
180.161.96.95 - - [16/Oct/2020:10:33:14 +0800] "GET /xingrg/all/function/internal_message.html?_=1602815812537&CODE_STATE=getMsg HTTP/1.1" 200 27
117.185.32.26 - - [16/Oct/2020:10:33:15 +0800] "GET /xingrg/all/function/internal_message.html?_=1602815589201&CODE_STATE=getMsg HTTP/1.1" 200 27
218.81.217.115 - - [16/Oct/2020:10:33:19 +0800] "GET /xingrg/check_reg.html?_=1602815611661 HTTP/1.1" 200 22
114.88.166.242 - - [16/Oct/2020:10:33:20 +0800] "GET /xingrg/check_reg.html?_=1602815684360 HTTP/1.1" 200 22
114.88.166.242 - - [16/Oct/2020:10:33:20 +0800] "GET /xingrg/all/function/internal_message.html?_=1602815684361&CODE_STATE=getMsg HTTP/1.1" 200 27
101.85.52.2 - - [16/Oct/2020:10:33:21 +0800] "GET /xingrg/all/function/internal_message.html?_=1602815588347&CODE_STATE=getMsg HTTP/1.1" 200 27
218.81.217.115 - - [16/Oct/2020:10:33:22 +0800] "GET /xingrg/all/function/internal_message.html?_=1602815614450&CODE_STATE=getMsg HTTP/1.1" 200 27
180.162.245.190 - - [16/Oct/2020:10:33:22 +0800] "GET /xingrg/kc/buy/cgsh_order_operate.html?command=get_materiel&rest_code=00105&code=00101010161&supplier_code=00100334&order_time=2020-10-16 HTTP/1.1" 200 408
222.69.136.129 - - [16/Oct/2020:10:33:29 +0800] "GET /xingrg/all/function/internal_message.html?_=1602815602776&CODE_STATE=getMsg HTTP/1.1" 200 27
180.174.56.115 - - [16/Oct/2020:10:33:29 +0800] "GET /xingrg/all/function/internal_message.html?_=1602815607412&CODE_STATE=getMsg HTTP/1.1" 200 27
58.40.7.146 - - [16/Oct/2020:10:33:30 +0800] "GET /xingrg/check_reg.html?_=1602815607534 HTTP/1.1" 200 22
180.162.245.190 - - [16/Oct/2020:10:33:31 +0800] "GET /xingrg/all/function/internal_message.html?_=1602815610097&CODE_STATE=getMsg HTTP/1.1" 200 27
172.17.0.185 - - [16/Oct/2020:10:33:33 +0800] "GET /xingrg/all/function/internal_message.html?_=1602815609167&CODE_STATE=getMsg HTTP/1.1" 200 27
58.37.8.227 - - [16/Oct/2020:10:33:35 +0800] "GET /xingrg/kc/buy/cgsh_order_list.html HTTP/1.1" 200 44205
180.157.253.48 - - [16/Oct/2020:10:33:36 +0800] "GET /xingrg/all/function/internal_message.html?_=1602815620304&CODE_STATE=getMsg HTTP/1.1" 200 27
58.37.8.227 - - [16/Oct/2020:10:33:36 +0800] "POST /xingrg/kc/buy/cgsh_list_operate.html HTTP/1.1" 200 876
58.37.8.227 - - [16/Oct/2020:10:33:37 +0800] "GET /xingrg/kc/buy/cgsh_order_add.html HTTP/1.1" 200 59943
58.37.8.227 - - [16/Oct/2020:10:33:37 +0800] "GET /xingrg/words/20201016092016_words.js HTTP/1.1" 200 769084
58.37.8.227 - - [16/Oct/2020:10:33:38 +0800] "GET /xingrg/all/common/auto_word.html?type=employee&rest_code=00141 HTTP/1.1" 200 201
58.37.8.227 - - [16/Oct/2020:10:33:38 +0800] "GET /xingrg/all/common/auto_word.html?type=employee&rest_code=00141 HTTP/1.1" 200 201
58.37.8.227 - - [16/Oct/2020:10:33:38 +0800] "GET /xingrg/javascript/easyui/themes/default/validatebox.css HTTP/1.1" 404 1104
58.37.8.227 - - [16/Oct/2020:10:33:38 +0800] "POST /xingrg/kc/buy/cgsh_order_operate.html HTTP/1.1" 200 8245
172.17.200.101 - - [16/Oct/2020:10:33:40 +0800] "GET /xingrg/all/function/internal_message.html?_=1602815620191&CODE_STATE=getMsg HTTP/1.1" 200 27
180.162.245.190 - - [16/Oct/2020:10:33:43 +0800] "GET /xingrg/kc/buy/cgsh_order_operate.html?command=get_materiel&rest_code=00105&code=00101005036&supplier_code=00100334&order_time=2020-10-16 HTTP/1.1" 200 409
101.85.95.39 - - [16/Oct/2020:10:33:44 +0800] "GET /xingrg/all/function/internal_message.html?_=1602815405541&CODE_STATE=getMsg HTTP/1.1" 200 27
218.81.217.115 - - [16/Oct/2020:10:33:47 +0800] "GET /xingrg/check_reg.html?_=1602815623951 HTTP/1.1" 200 22
116.233.76.41 - - [16/Oct/2020:10:33:49 +0800] "GET /xingrg/all/function/internal_message.html?_=1602815635443&CODE_STATE=getMsg HTTP/1.1" 200 27
116.233.76.41 - - [16/Oct/2020:10:33:49 +0800] "GET /xingrg/check_reg.html?_=1602815635444 HTTP/1.1" 200 22
180.162.245.190 - - [16/Oct/2020:10:33:51 +0800] "POST /xingrg/kc/buy/cgsh_order_operate.html HTTP/1.1" 200 37
180.162.245.190 - - [16/Oct/2020:10:33:53 +0800] "POST /xingrg/kc/buy/cgsh_order_operate.html HTTP/1.1" 200 3240
180.162.245.190 - - [16/Oct/2020:10:33:54 +0800] "GET /xingrg/kc/print/load_data.html?order_code=212020101606451&kc_code=cgsh&condition= HTTP/1.1" 200 890
58.40.7.146 - - [16/Oct/2020:10:33:55 +0800] "GET /xingrg/all/function/internal_message.html?_=1602815632176&CODE_STATE=getMsg HTTP/1.1" 200 27
218.81.217.115 - - [16/Oct/2020:10:33:57 +0800] "GET /xingrg/all/function/internal_message.html?_=1602815634058&CODE_STATE=getMsg HTTP/1.1" 200 27
180.162.245.190 - - [16/Oct/2020:10:33:58 +0800] "GET /xingrg/kc/buy/cgsh_order_add.html HTTP/1.1" 200 59984
180.162.245.190 - - [16/Oct/2020:10:33:58 +0800] "GET /xingrg/javascript/easyui/themes/default/validatebox.css HTTP/1.1" 404 1104
180.162.245.190 - - [16/Oct/2020:10:33:58 +0800] "POST /xingrg/kc/buy/cgsh_order_operate.html HTTP/1.1" 200 8245
58.37.8.227 - - [16/Oct/2020:10:33:59 +0800] "GET /xingrg/all/function/internal_message.html?_=1602815635823&CODE_STATE=getMsg HTTP/1.1" 200 27
180.162.245.190 - - [16/Oct/2020:10:34:00 +0800] "GET /xingrg/javascript/auto/indicator.gif HTTP/1.1" 404 1066
172.17.0.120 - - [16/Oct/2020:10:34:01 +0800] "GET /xingrg/check_reg.html?_=1602815638133 HTTP/1.1" 200 22
172.17.0.120 - - [16/Oct/2020:10:34:01 +0800] "GET /xingrg/all/function/internal_message.html?_=1602815638135&CODE_STATE=getMsg HTTP/1.1" 200 27
58.37.8.227 - - [16/Oct/2020:10:34:02 +0800] "GET /xingrg/check_reg.html?_=1602815243467 HTTP/1.1" 302 -
124.77.70.31 - - [16/Oct/2020:10:34:07 +0800] "GET /xingrg/all/function/internal_message.html?_=1602815636078&CODE_STATE=getMsg HTTP/1.1" 200 27
180.162.245.190 - - [16/Oct/2020:10:34:09 +0800] "GET /xingrg/kc/buy/cgsh_order_operate.html?command=get_materiel&rest_code=00105&code=00101002006&supplier_code=00100091&order_time=2020-10-16 HTTP/1.1" 200 414
114.88.166.242 - - [16/Oct/2020:10:34:10 +0800] "GET /xingrg/all/function/internal_message.html?_=1602815645847&CODE_STATE=getMsg HTTP/1.1" 200 27
180.161.96.95 - - [16/Oct/2020:10:34:14 +0800] "GET /xingrg/all/function/internal_message.html?_=1602815872579&CODE_STATE=getMsg HTTP/1.1" 200 27
117.185.32.26 - - [16/Oct/2020:10:34:14 +0800] "GET /xingrg/check_reg.html?_=1602815648909 HTTP/1.1" 200 22
117.185.32.26 - - [16/Oct/2020:10:34:15 +0800] "GET /xingrg/all/function/internal_message.html?_=1602815649182&CODE_STATE=getMsg HTTP/1.1" 200 27
114.88.166.242 - - [16/Oct/2020:10:34:20 +0800] "GET /xingrg/all/function/internal_message.html?_=1602815744360&CODE_STATE=getMsg HTTP/1.1" 200 27
101.85.52.2 - - [16/Oct/2020:10:34:21 +0800] "GET /xingrg/check_reg.html?_=1602815648353 HTTP/1.1" 200 22
101.85.52.2 - - [16/Oct/2020:10:34:21 +0800] "GET /xingrg/all/function/internal_message.html?_=1602815648356&CODE_STATE=getMsg HTTP/1.1" 200 27
218.81.217.115 - - [16/Oct/2020:10:34:22 +0800] "GET /xingrg/all/function/internal_message.html?_=1602815674464&CODE_STATE=getMsg HTTP/1.1" 200 27
222.69.136.129 - - [16/Oct/2020:10:34:29 +0800] "GET /xingrg/all/function/internal_message.html?_=1602815662761&CODE_STATE=getMsg HTTP/1.1" 200 27
180.174.56.115 - - [16/Oct/2020:10:34:29 +0800] "GET /xingrg/all/function/internal_message.html?_=1602815667431&CODE_STATE=getMsg HTTP/1.1" 200 27
180.162.245.190 - - [16/Oct/2020:10:34:31 +0800] "GET /xingrg/all/function/internal_message.html?_=1602815670055&CODE_STATE=getMsg HTTP/1.1" 200 27
180.162.245.190 - - [16/Oct/2020:10:34:31 +0800] "GET /xingrg/kc/buy/cgsh_order_operate.html?command=get_materiel&rest_code=00105&code=00101002034&supplier_code=00100091&order_time=2020-10-16 HTTP/1.1" 200 409
172.17.0.185 - - [16/Oct/2020:10:34:33 +0800] "GET /xingrg/all/function/internal_message.html?_=1602815669170&CODE_STATE=getMsg HTTP/1.1" 200 27
180.157.253.48 - - [16/Oct/2020:10:34:36 +0800] "GET /xingrg/all/function/internal_message.html?_=1602815680558&CODE_STATE=getMsg HTTP/1.1" 200 27
172.17.200.101 - - [16/Oct/2020:10:34:40 +0800] "GET /xingrg/check_reg.html?_=1602815680202 HTTP/1.1" 200 22
172.17.200.101 - - [16/Oct/2020:10:34:40 +0800] "GET /xingrg/all/function/internal_message.html?_=1602815680205&CODE_STATE=getMsg HTTP/1.1" 200 27
180.162.245.190 - - [16/Oct/2020:10:34:41 +0800] "GET /xingrg/kc/buy/cgsh_order_operate.html?command=get_materiel&rest_code=00105&code=00101003062&supplier_code=00100091&order_time=2020-10-16 HTTP/1.1" 200 401
101.85.95.39 - - [16/Oct/2020:10:34:44 +0800] "GET /xingrg/all/function/internal_message.html?_=1602815465541&CODE_STATE=getMsg HTTP/1.1" 200 27
116.233.76.41 - - [16/Oct/2020:10:34:49 +0800] "GET /xingrg/all/function/internal_message.html?_=1602815695459&CODE_STATE=getMsg HTTP/1.1" 200 27
180.162.245.190 - - [16/Oct/2020:10:34:52 +0800] "GET /xingrg/kc/buy/cgsh_order_operate.html?command=get_materiel&rest_code=00105&code=00101003066&supplier_code=00100091&order_time=2020-10-16 HTTP/1.1" 200 414
58.40.7.146 - - [16/Oct/2020:10:34:55 +0800] "GET /xingrg/all/function/internal_message.html?_=1602815692148&CODE_STATE=getMsg HTTP/1.1" 200 27
218.81.217.115 - - [16/Oct/2020:10:34:57 +0800] "GET /xingrg/all/function/internal_message.html?_=1602815694071&CODE_STATE=getMsg HTTP/1.1" 200 27
58.37.8.227 - - [16/Oct/2020:10:34:59 +0800] "GET /xingrg/all/function/internal_message.html?_=1602815695792&CODE_STATE=getMsg HTTP/1.1" 200 27
172.17.0.120 - - [16/Oct/2020:10:35:01 +0800] "GET /xingrg/all/function/internal_message.html?_=1602815698138&CODE_STATE=getMsg HTTP/1.1" 200 27
124.77.70.31 - - [16/Oct/2020:10:35:07 +0800] "GET /xingrg/all/function/internal_message.html?_=1602815696077&CODE_STATE=getMsg HTTP/1.1" 200 27
124.77.70.31 - - [16/Oct/2020:10:35:07 +0800] "GET /xingrg/check_reg.html?_=1602815696141 HTTP/1.1" 200 22
114.88.166.242 - - [16/Oct/2020:10:35:10 +0800] "GET /xingrg/all/function/internal_message.html?_=1602815705853&CODE_STATE=getMsg HTTP/1.1" 200 27
180.161.96.95 - - [16/Oct/2020:10:35:14 +0800] "GET /xingrg/all/function/internal_message.html?_=1602815932580&CODE_STATE=getMsg HTTP/1.1" 200 27
117.185.32.26 - - [16/Oct/2020:10:35:15 +0800] "GET /xingrg/all/function/internal_message.html?_=1602815709154&CODE_STATE=getMsg HTTP/1.1" 200 27
180.162.245.190 - - [16/Oct/2020:10:35:15 +0800] "POST /xingrg/kc/buy/cgsh_order_operate.html HTTP/1.1" 200 37
180.162.245.190 - - [16/Oct/2020:10:35:16 +0800] "POST /xingrg/kc/buy/cgsh_order_operate.html HTTP/1.1" 200 4461
180.162.245.190 - - [16/Oct/2020:10:35:17 +0800] "GET /xingrg/kc/print/load_data.html?order_code=212020101606452&kc_code=cgsh&condition= HTTP/1.1" 200 1442
114.88.166.242 - - [16/Oct/2020:10:35:20 +0800] "GET /xingrg/all/function/internal_message.html?_=1602815804360&CODE_STATE=getMsg HTTP/1.1" 200 27
180.162.245.190 - - [16/Oct/2020:10:35:20 +0800] "GET /xingrg/kc/buy/cgsh_order_add.html HTTP/1.1" 200 59984
58.37.8.227 - - [16/Oct/2020:10:35:21 +0800] "GET /xingrg/kc/buy/cgsh_order_operate.html?command=get_materiel&rest_code=00141&code=00101008091&supplier_code=00100007&order_time=2020-10-16 HTTP/1.1" 200 432
180.162.245.190 - - [16/Oct/2020:10:35:21 +0800] "GET /xingrg/javascript/easyui/themes/default/validatebox.css HTTP/1.1" 404 1104
180.162.245.190 - - [16/Oct/2020:10:35:21 +0800] "POST /xingrg/kc/buy/cgsh_order_operate.html HTTP/1.1" 200 8245
101.85.52.2 - - [16/Oct/2020:10:35:21 +0800] "GET /xingrg/all/function/internal_message.html?_=1602815708359&CODE_STATE=getMsg HTTP/1.1" 200 27
120.253.135.82 - - [16/Oct/2020:10:35:21 +0800] "GET /xingrg/check_reg.html?_=1602815467947 HTTP/1.1" 200 22
218.81.217.115 - - [16/Oct/2020:10:35:22 +0800] "GET /xingrg/all/function/internal_message.html?_=1602815734477&CODE_STATE=getMsg HTTP/1.1" 200 27
180.162.245.190 - - [16/Oct/2020:10:35:25 +0800] "GET /xingrg/javascript/auto/indicator.gif HTTP/1.1" 404 1066
117.185.32.26 - - [16/Oct/2020:10:35:26 +0800] "GET /xingrg/kc/buy/cgsh_order_add.html HTTP/1.1" 200 59943
117.185.32.26 - - [16/Oct/2020:10:35:27 +0800] "GET /xingrg/javascript/easyui/themes/default/validatebox.css HTTP/1.1" 404 1104
117.185.32.26 - - [16/Oct/2020:10:35:27 +0800] "POST /xingrg/kc/buy/cgsh_order_operate.html HTTP/1.1" 200 8245
117.185.32.26 - - [16/Oct/2020:10:35:28 +0800] "GET /xingrg/javascript/easyui/themes/default/tree.css HTTP/1.1" 404 1090
117.185.32.26 - - [16/Oct/2020:10:35:28 +0800] "POST /xingrg/all/common/load_tree.html?tree=supplier_tree_json&isDelete=1 HTTP/1.1" 200 50541
222.69.136.129 - - [16/Oct/2020:10:35:29 +0800] "GET /xingrg/all/function/internal_message.html?_=1602815722747&CODE_STATE=getMsg HTTP/1.1" 200 27
180.174.56.115 - - [16/Oct/2020:10:35:29 +0800] "GET /xingrg/all/function/internal_message.html?_=1602815727480&CODE_STATE=getMsg HTTP/1.1" 200 27
180.162.245.190 - - [16/Oct/2020:10:35:30 +0800] "GET /xingrg/system/info/materiel_import.html?isSelect=1&singleSelect=false HTTP/1.1" 200 5600
180.162.245.190 - - [16/Oct/2020:10:35:30 +0800] "POST /xingrg/all/common/load_tree.html?tree=materiel_sort_tree_json HTTP/1.1" 200 8666
180.162.245.190 - - [16/Oct/2020:10:35:30 +0800] "GET /favicon.ico HTTP/1.1" 404 -
180.162.245.190 - - [16/Oct/2020:10:35:31 +0800] "GET /xingrg/all/function/internal_message.html?_=1602815730026&CODE_STATE=getMsg HTTP/1.1" 200 27
172.17.0.185 - - [16/Oct/2020:10:35:33 +0800] "GET /xingrg/all/function/internal_message.html?_=1602815729174&CODE_STATE=getMsg HTTP/1.1" 200 27
180.157.253.48 - - [16/Oct/2020:10:35:36 +0800] "GET /xingrg/all/function/internal_message.html?_=1602815740565&CODE_STATE=getMsg HTTP/1.1" 200 27
180.162.245.190 - - [16/Oct/2020:10:35:38 +0800] "GET /xingrg/kc/buy/cgsh_order_operate.html?command=get_materiel&rest_code=00105&code=00101002002&supplier_code=00100087&order_time=2020-10-16 HTTP/1.1" 200 420
117.185.32.26 - - [16/Oct/2020:10:35:39 +0800] "GET /xingrg/kc/buy/cgsh_order_operate.html?command=get_materiel&rest_code=00106&code=00101007061&supplier_code=00100002&order_time=2020-10-16 HTTP/1.1" 200 411
172.17.200.101 - - [16/Oct/2020:10:35:40 +0800] "GET /xingrg/all/function/internal_message.html?_=1602815740209&CODE_STATE=getMsg HTTP/1.1" 200 27
58.37.8.227 - - [16/Oct/2020:10:35:40 +0800] "GET /xingrg/kc/buy/cgsh_order_operate.html?command=get_materiel&rest_code=00141&code=00101008257&supplier_code=00100007&order_time=2020-10-16 HTTP/1.1" 200 416
101.85.95.39 - - [16/Oct/2020:10:35:44 +0800] "GET /xingrg/all/function/internal_message.html?_=1602815525555&CODE_STATE=getMsg HTTP/1.1" 200 27
117.185.32.26 - - [16/Oct/2020:10:35:47 +0800] "GET /xingrg/kc/buy/cgsh_order_operate.html?command=get_materiel&rest_code=00106&code=00101007125&supplier_code=00100002&order_time=2020-10-16 HTTP/1.1" 200 428
58.37.8.227 - - [16/Oct/2020:10:35:48 +0800] "GET /xingrg/kc/buy/cgsh_order_operate.html?command=get_materiel&rest_code=00141&code=00101008149&supplier_code=00100007&order_time=2020-10-16 HTTP/1.1" 200 408
116.233.76.41 - - [16/Oct/2020:10:35:49 +0800] "GET /xingrg/all/function/internal_message.html?_=1602815755443&CODE_STATE=getMsg HTTP/1.1" 200 27
58.37.8.227 - - [16/Oct/2020:10:35:53 +0800] "GET /xingrg/kc/buy/cgsh_order_operate.html?command=get_materiel&rest_code=00141&code=00101008354&supplier_code=00100007&order_time=2020-10-16 HTTP/1.1" 200 432
58.40.7.146 - - [16/Oct/2020:10:35:54 +0800] "GET /xingrg/all/function/internal_message.html?_=1602815752119&CODE_STATE=getMsg HTTP/1.1" 200 27
218.81.217.115 - - [16/Oct/2020:10:35:58 +0800] "GET /xingrg/all/function/internal_message.html?_=1602815754280&CODE_STATE=getMsg HTTP/1.1" 200 27
58.37.8.227 - - [16/Oct/2020:10:35:59 +0800] "GET /xingrg/all/function/internal_message.html?_=1602815755795&CODE_STATE=getMsg HTTP/1.1" 200 27
58.37.8.227 - - [16/Oct/2020:10:35:59 +0800] "GET /xingrg/kc/buy/cgsh_order_operate.html?command=get_materiel&rest_code=00141&code=00101008096&supplier_code=00100007&order_time=2020-10-16 HTTP/1.1" 200 412
172.17.0.120 - - [16/Oct/2020:10:36:01 +0800] "GET /xingrg/all/function/internal_message.html?_=1602815758142&CODE_STATE=getMsg HTTP/1.1" 200 27
180.162.245.190 - - [16/Oct/2020:10:36:04 +0800] "POST /xingrg/kc/buy/cgsh_order_operate.html HTTP/1.1" 200 37
180.162.245.190 - - [16/Oct/2020:10:36:05 +0800] "POST /xingrg/kc/buy/cgsh_order_operate.html HTTP/1.1" 200 2669
180.162.245.190 - - [16/Oct/2020:10:36:06 +0800] "GET /xingrg/kc/print/load_data.html?order_code=212020101606453&kc_code=cgsh&condition= HTTP/1.1" 200 732
58.37.8.227 - - [16/Oct/2020:10:36:07 +0800] "GET /xingrg/kc/buy/cgsh_order_operate.html?command=get_materiel&rest_code=00141&code=00101008038&supplier_code=00100007&order_time=2020-10-16 HTTP/1.1" 200 412
124.77.70.31 - - [16/Oct/2020:10:36:07 +0800] "GET /xingrg/all/function/internal_message.html?_=1602815756074&CODE_STATE=getMsg HTTP/1.1" 200 27
180.162.245.190 - - [16/Oct/2020:10:36:10 +0800] "GET /xingrg/kc/buy/cgsh_order_add.html HTTP/1.1" 200 59984
114.88.166.242 - - [16/Oct/2020:10:36:10 +0800] "GET /xingrg/all/function/internal_message.html?_=1602815765920&CODE_STATE=getMsg HTTP/1.1" 200 27
180.162.245.190 - - [16/Oct/2020:10:36:10 +0800] "GET /xingrg/javascript/easyui/themes/default/validatebox.css HTTP/1.1" 404 1104
180.162.245.190 - - [16/Oct/2020:10:36:10 +0800] "POST /xingrg/kc/buy/cgsh_order_operate.html HTTP/1.1" 200 8245
58.37.8.227 - - [16/Oct/2020:10:36:13 +0800] "GET /xingrg/kc/buy/cgsh_order_operate.html?command=get_materiel&rest_code=00141&code=00101008163&supplier_code=00100007&order_time=2020-10-16 HTTP/1.1" 200 409
180.162.245.190 - - [16/Oct/2020:10:36:13 +0800] "GET /xingrg/javascript/auto/indicator.gif HTTP/1.1" 404 1066
180.161.96.95 - - [16/Oct/2020:10:36:14 +0800] "GET /xingrg/check_reg.html?_=1602815992425 HTTP/1.1" 200 22
180.161.96.95 - - [16/Oct/2020:10:36:14 +0800] "GET /xingrg/all/function/internal_message.html?_=1602815992594&CODE_STATE=getMsg HTTP/1.1" 200 27
117.185.32.26 - - [16/Oct/2020:10:36:15 +0800] "GET /xingrg/all/function/internal_message.html?_=1602815769144&CODE_STATE=getMsg HTTP/1.1" 200 27
58.37.8.227 - - [16/Oct/2020:10:36:20 +0800] "GET /xingrg/kc/buy/cgsh_order_operate.html?command=get_materiel&rest_code=00141&code=00101008355&supplier_code=00100007&order_time=2020-10-16 HTTP/1.1" 200 408
114.88.166.242 - - [16/Oct/2020:10:36:20 +0800] "GET /xingrg/all/function/internal_message.html?_=1602815864360&CODE_STATE=getMsg HTTP/1.1" 200 27
101.85.52.2 - - [16/Oct/2020:10:36:21 +0800] "GET /xingrg/all/function/internal_message.html?_=1602815768360&CODE_STATE=getMsg HTTP/1.1" 200 27
218.81.217.115 - - [16/Oct/2020:10:36:22 +0800] "GET /xingrg/all/function/internal_message.html?_=1602815794693&CODE_STATE=getMsg HTTP/1.1" 200 27
180.162.245.190 - - [16/Oct/2020:10:36:23 +0800] "GET /xingrg/kc/buy/cgsh_order_operate.html?command=get_materiel&rest_code=00105&code=00101008061&supplier_code=00100339&order_time=2020-10-16 HTTP/1.1" 200 423
117.185.32.26 - - [16/Oct/2020:10:36:26 +0800] "GET /xingrg/kc/buy/cgsh_order_operate.html?command=get_materiel&rest_code=00106&code=00101007049&supplier_code=00100002&order_time=2020-10-16 HTTP/1.1" 200 409
222.69.136.129 - - [16/Oct/2020:10:36:29 +0800] "GET /xingrg/all/function/internal_message.html?_=1602815782734&CODE_STATE=getMsg HTTP/1.1" 200 27
222.69.136.129 - - [16/Oct/2020:10:36:29 +0800] "GET /xingrg/check_reg.html?_=1602815783406 HTTP/1.1" 200 22
180.174.56.115 - - [16/Oct/2020:10:36:29 +0800] "GET /xingrg/check_reg.html?_=1602815787528 HTTP/1.1" 200 22
180.174.56.115 - - [16/Oct/2020:10:36:29 +0800] "GET /xingrg/all/function/internal_message.html?_=1602815787529&CODE_STATE=getMsg HTTP/1.1" 200 27
180.162.245.190 - - [16/Oct/2020:10:36:31 +0800] "GET /xingrg/all/function/internal_message.html?_=1602815790005&CODE_STATE=getMsg HTTP/1.1" 200 27
172.17.0.185 - - [16/Oct/2020:10:36:33 +0800] "GET /xingrg/check_reg.html?_=1602815789167 HTTP/1.1" 200 22
172.17.0.185 - - [16/Oct/2020:10:36:33 +0800] "GET /xingrg/all/function/internal_message.html?_=1602815789179&CODE_STATE=getMsg HTTP/1.1" 200 27
180.162.245.190 - - [16/Oct/2020:10:36:33 +0800] "GET /xingrg/check_reg.html?_=1602815791920 HTTP/1.1" 200 22
180.162.245.190 - - [16/Oct/2020:10:36:33 +0800] "POST /xingrg/kc/buy/cgsh_order_operate.html HTTP/1.1" 200 37
117.185.32.26 - - [16/Oct/2020:10:36:34 +0800] "GET /xingrg/kc/buy/cgsh_order_operate.html?command=get_materiel&rest_code=00106&code=00101007059&supplier_code=00100002&order_time=2020-10-16 HTTP/1.1" 200 428
180.157.253.48 - - [16/Oct/2020:10:36:36 +0800] "GET /xingrg/all/function/internal_message.html?_=1602815800787&CODE_STATE=getMsg HTTP/1.1" 200 27
172.17.200.101 - - [16/Oct/2020:10:36:40 +0800] "GET /xingrg/all/function/internal_message.html?_=1602815800196&CODE_STATE=getMsg HTTP/1.1" 200 27
180.157.253.48 - - [16/Oct/2020:10:36:41 +0800] "POST /xingrg/services/DataTransmitService HTTP/1.1" 200 524
180.157.253.48 - - [16/Oct/2020:10:36:42 +0800] "POST /xingrg/services/DataTransmitService HTTP/1.1" 200 501
180.157.253.48 - - [16/Oct/2020:10:36:42 +0800] "POST /xingrg/services/DataTransmitService HTTP/1.1" 200 501
180.157.253.48 - - [16/Oct/2020:10:36:42 +0800] "POST /xingrg/services/DataTransmitService HTTP/1.1" 200 501
180.157.253.48 - - [16/Oct/2020:10:36:42 +0800] "POST /xingrg/services/DataTransmitService HTTP/1.1" 200 501
180.157.253.48 - - [16/Oct/2020:10:36:43 +0800] "POST /xingrg/services/DataTransmitService HTTP/1.1" 200 412
101.85.95.39 - - [16/Oct/2020:10:36:44 +0800] "GET /xingrg/check_reg.html?_=1602815585555 HTTP/1.1" 200 22
101.85.95.39 - - [16/Oct/2020:10:36:44 +0800] "GET /xingrg/all/function/internal_message.html?_=1602815585557&CODE_STATE=getMsg HTTP/1.1" 200 27
116.233.76.41 - - [16/Oct/2020:10:36:49 +0800] "GET /xingrg/all/function/internal_message.html?_=1602815815457&CODE_STATE=getMsg HTTP/1.1" 200 27
180.162.245.190 - - [16/Oct/2020:10:36:53 +0800] "POST /xingrg/kc/buy/cgsh_order_operate.html HTTP/1.1" 200 2666
117.185.32.26 - - [16/Oct/2020:10:36:54 +0800] "GET /xingrg/kc/buy/cgsh_order_operate.html?command=get_materiel&rest_code=00106&code=00101007077&supplier_code=00100002&order_time=2020-10-16 HTTP/1.1" 200 415
58.40.7.146 - - [16/Oct/2020:10:36:54 +0800] "GET /xingrg/all/function/internal_message.html?_=1602815812104&CODE_STATE=getMsg HTTP/1.1" 200 27
218.81.217.115 - - [16/Oct/2020:10:36:58 +0800] "GET /xingrg/all/function/internal_message.html?_=1602815814286&CODE_STATE=getMsg HTTP/1.1" 200 27
180.162.245.190 - - [16/Oct/2020:10:36:58 +0800] "POST /xingrg/kc/buy/cgsh_order_operate.html HTTP/1.1" 200 37
58.37.8.227 - - [16/Oct/2020:10:36:59 +0800] "GET /xingrg/all/function/internal_message.html?_=1602815815774&CODE_STATE=getMsg HTTP/1.1" 200 27
180.162.245.190 - - [16/Oct/2020:10:36:59 +0800] "POST /xingrg/kc/buy/cgsh_order_operate.html HTTP/1.1" 200 2666
180.162.245.190 - - [16/Oct/2020:10:37:00 +0800] "GET /xingrg/kc/print/load_data.html?order_code=212020101606454&kc_code=cgsh&condition= HTTP/1.1" 200 676
172.17.0.120 - - [16/Oct/2020:10:37:01 +0800] "GET /xingrg/all/function/internal_message.html?_=1602815818145&CODE_STATE=getMsg HTTP/1.1" 200 27
114.88.166.242 - - [16/Oct/2020:10:37:02 +0800] "GET /xingrg/check_reg.html?_=1602815817933 HTTP/1.1" 200 22
58.37.8.227 - - [16/Oct/2020:10:37:03 +0800] "POST /xingrg/services/DataTransmitService HTTP/1.1" 200 524
117.185.32.26 - - [16/Oct/2020:10:37:04 +0800] "POST /xingrg/kc/buy/cgsh_order_operate.html HTTP/1.1" 200 37
180.162.245.190 - - [16/Oct/2020:10:37:05 +0800] "GET /xingrg/kc/buy/cgsh_order_add.html HTTP/1.1" 200 59984
180.162.245.190 - - [16/Oct/2020:10:37:05 +0800] "GET /xingrg/javascript/easyui/themes/default/validatebox.css HTTP/1.1" 404 1104
180.162.245.190 - - [16/Oct/2020:10:37:05 +0800] "POST /xingrg/kc/buy/cgsh_order_operate.html HTTP/1.1" 200 8245
180.174.56.115 - - [16/Oct/2020:10:37:06 +0800] "GET /xingrg/login.html HTTP/1.1" 200 7641
58.37.8.227 - - [16/Oct/2020:10:37:06 +0800] "POST /xingrg/services/DataTransmitService HTTP/1.1" 200 501
180.174.56.115 - - [16/Oct/2020:10:37:07 +0800] "GET /favicon.ico HTTP/1.1" 404 -
180.174.56.115 - - [16/Oct/2020:10:37:07 +0800] "GET /xingrg/login.html HTTP/1.1" 200 7641
180.162.245.190 - - [16/Oct/2020:10:37:07 +0800] "GET /xingrg/javascript/auto/indicator.gif HTTP/1.1" 404 1066
124.77.70.31 - - [16/Oct/2020:10:37:07 +0800] "GET /xingrg/all/function/internal_message.html?_=1602815816075&CODE_STATE=getMsg HTTP/1.1" 200 27
180.174.56.115 - - [16/Oct/2020:10:37:07 +0800] "GET /favicon.ico HTTP/1.1" 404 -
180.174.56.115 - - [16/Oct/2020:10:37:09 +0800] "POST /xingrg/login.do HTTP/1.1" 302 -
180.174.56.115 - - [16/Oct/2020:10:37:09 +0800] "GET /xingrg/index.html?sysBaseUrl=http%3A%2F%2F180.169.147.146%3A18081%2Fxingrg%2F&costTime=40×tamp=1602815829515 HTTP/1.1" 200 17179
180.174.56.115 - - [16/Oct/2020:10:37:09 +0800] "GET /xingrg/javascript/jquery_easy_ui/themes/default/easyui.css HTTP/1.1" 304 -
180.174.56.115 - - [16/Oct/2020:10:37:09 +0800] "GET /xingrg/css/form.css HTTP/1.1" 304 -
180.174.56.115 - - [16/Oct/2020:10:37:09 +0800] "GET /xingrg/javascript/jquery-1.4.2.min.js HTTP/1.1" 304 -
180.174.56.115 - - [16/Oct/2020:10:37:09 +0800] "GET /xingrg/javascript/jquery_easy_ui/jquery.easyui.min.js HTTP/1.1" 304 -
180.174.56.115 - - [16/Oct/2020:10:37:09 +0800] "GET /xingrg/javascript/jquery_easy_ui/easyui-lang-zh_CN.js HTTP/1.1" 304 -
180.174.56.115 - - [16/Oct/2020:10:37:09 +0800] "GET /xingrg/javascript/jquery_easy_ui/themes/icon.css HTTP/1.1" 304 -
180.174.56.115 - - [16/Oct/2020:10:37:09 +0800] "GET /xingrg/javascript/jquery.timers.js HTTP/1.1" 304 -
180.174.56.115 - - [16/Oct/2020:10:37:09 +0800] "GET /xingrg/javascript/jquery.form.js HTTP/1.1" 304 -
180.174.56.115 - - [16/Oct/2020:10:37:09 +0800] "GET /xingrg/javascript/jquery.utils.js HTTP/1.1" 304 -
180.174.56.115 - - [16/Oct/2020:10:37:09 +0800] "POST /xingrg/all/common/load_tree.html?tree=area_rest_tree_json&manage=1 HTTP/1.1" 200 476
180.174.56.115 - - [16/Oct/2020:10:37:09 +0800] "GET /xingrg/all/function/internal_message.html?_=1602815794297&CODE_STATE=count HTTP/1.1" 200 11
180.174.56.115 - - [16/Oct/2020:10:37:09 +0800] "GET /xingrg/check_reg.html?_=1602815794298 HTTP/1.1" 200 22
180.174.56.115 - - [16/Oct/2020:10:37:09 +0800] "POST /xingrg/load_menu.html HTTP/1.1" 200 5138
180.174.56.115 - - [16/Oct/2020:10:37:09 +0800] "GET /favicon.ico HTTP/1.1" 404 -
114.88.166.242 - - [16/Oct/2020:10:37:10 +0800] "GET /xingrg/all/function/internal_message.html?_=1602815825936&CODE_STATE=getMsg HTTP/1.1" 200 27
180.161.96.95 - - [16/Oct/2020:10:37:14 +0800] "GET /xingrg/all/function/internal_message.html?_=1602816052607&CODE_STATE=getMsg HTTP/1.1" 200 27
117.185.32.26 - - [16/Oct/2020:10:37:15 +0800] "GET /xingrg/all/function/internal_message.html?_=1602815829108&CODE_STATE=getMsg HTTP/1.1" 200 27
117.185.32.26 - - [16/Oct/2020:10:37:15 +0800] "POST /xingrg/kc/buy/cgsh_order_operate.html HTTP/1.1" 200 12
180.162.245.190 - - [16/Oct/2020:10:37:17 +0800] "GET /xingrg/kc/buy/cgsh_order_operate.html?command=get_materiel&rest_code=00105&code=00101004067&supplier_code=00100312&order_time=2020-10-16 HTTP/1.1" 200 413
117.185.32.26 - - [16/Oct/2020:10:37:18 +0800] "GET /xingrg/kc/buy/cgsh_order_info.html?code=212020101606455 HTTP/1.1" 200 54848
117.185.32.26 - - [16/Oct/2020:10:37:19 +0800] "GET /xingrg/javascript/easyui/themes/default/validatebox.css HTTP/1.1" 404 1104
117.185.32.26 - - [16/Oct/2020:10:37:19 +0800] "POST /xingrg/kc/buy/cgsh_order_operate.html HTTP/1.1" 200 3553
114.88.166.242 - - [16/Oct/2020:10:37:20 +0800] "GET /xingrg/all/function/internal_message.html?_=1602815924360&CODE_STATE=getMsg HTTP/1.1" 200 27
117.185.32.26 - - [16/Oct/2020:10:37:21 +0800] "GET /xingrg/kc/print/load_data.html?order_code=212020101606455&kc_code=cgsh&condition= HTTP/1.1" 200 1892
180.157.253.48 - - [16/Oct/2020:10:37:21 +0800] "GET /xingrg/check_reg.html?_=1602815845012 HTTP/1.1" 200 22
101.85.52.2 - - [16/Oct/2020:10:37:21 +0800] "GET /xingrg/all/function/internal_message.html?_=1602815828362&CODE_STATE=getMsg HTTP/1.1" 200 27
218.81.217.115 - - [16/Oct/2020:10:37:22 +0800] "GET /xingrg/all/function/internal_message.html?_=1602815854707&CODE_STATE=getMsg HTTP/1.1" 200 27
180.174.56.115 - - [16/Oct/2020:10:37:23 +0800] "GET /xingrg/kc/base/wldb_order_list.html HTTP/1.1" 200 19383
180.174.56.115 - - [16/Oct/2020:10:37:23 +0800] "GET /xingrg/css/site.css HTTP/1.1" 304 -
180.174.56.115 - - [16/Oct/2020:10:37:23 +0800] "GET /xingrg/javascript/easyui/themes/icon.css HTTP/1.1" 304 -
180.174.56.115 - - [16/Oct/2020:10:37:23 +0800] "GET /xingrg/javascript/auto/jquery.autocomplete.css HTTP/1.1" 304 -
180.174.56.115 - - [16/Oct/2020:10:37:23 +0800] "GET /xingrg/css/base.css HTTP/1.1" 304 -
180.174.56.115 - - [16/Oct/2020:10:37:23 +0800] "GET /xingrg/javascript/easyui/themes/default/easyui.css HTTP/1.1" 304 -
180.174.56.115 - - [16/Oct/2020:10:37:23 +0800] "GET /xingrg/javascript/jquery_tools/datebox.css HTTP/1.1" 304 -
180.174.56.115 - - [16/Oct/2020:10:37:23 +0800] "GET /xingrg/javascript/jquery_tools/fix.css HTTP/1.1" 304 -
180.174.56.115 - - [16/Oct/2020:10:37:23 +0800] "GET /xingrg/javascript/jquery_tools/table.css HTTP/1.1" 304 -
180.174.56.115 - - [16/Oct/2020:10:37:23 +0800] "GET /xingrg/javascript/jquery_tools/jquery.tools.min.js HTTP/1.1" 304 -
180.174.56.115 - - [16/Oct/2020:10:37:23 +0800] "GET /xingrg/javascript/jquery_tools/jquery.tools.hotkey.js HTTP/1.1" 304 -
180.174.56.115 - - [16/Oct/2020:10:37:23 +0800] "GET /xingrg/javascript/jquery_tools/jquery.tools.extend.js HTTP/1.1" 304 -
180.174.56.115 - - [16/Oct/2020:10:37:23 +0800] "GET /xingrg/javascript/auto/jquery.autocomplete.js HTTP/1.1" 304 -
180.174.56.115 - - [16/Oct/2020:10:37:23 +0800] "GET /xingrg/javascript/jquery_tools/jquery.tools.table.js HTTP/1.1" 304 -
180.174.56.115 - - [16/Oct/2020:10:37:23 +0800] "GET /xingrg/javascript/jquery.cookie.js HTTP/1.1" 304 -
180.174.56.115 - - [16/Oct/2020:10:37:23 +0800] "GET /xingrg/javascript/easyui/easyloader.js HTTP/1.1" 304 -
180.174.56.115 - - [16/Oct/2020:10:37:23 +0800] "GET /xingrg/javascript/print/LodopFuncs.js HTTP/1.1" 304 -
180.174.56.115 - - [16/Oct/2020:10:37:23 +0800] "GET /xingrg/javascript/jquery_tools/list_manager.js HTTP/1.1" 304 -
180.174.56.115 - - [16/Oct/2020:10:37:24 +0800] "GET /xingrg/javascript/easyui/plugins/jquery.parser.js HTTP/1.1" 304 -
180.174.56.115 - - [16/Oct/2020:10:37:24 +0800] "POST /xingrg/kc/base/wldb_list_operate.html HTTP/1.1" 200 928
180.174.56.115 - - [16/Oct/2020:10:37:25 +0800] "GET /xingrg/kc/base/wldb_order_add.html HTTP/1.1" 200 30503
180.174.56.115 - - [16/Oct/2020:10:37:25 +0800] "GET /xingrg/javascript/pic_change.js HTTP/1.1" 304 -
180.174.56.115 - - [16/Oct/2020:10:37:25 +0800] "GET /xingrg/javascript/convert.js HTTP/1.1" 304 -
180.174.56.115 - - [16/Oct/2020:10:37:25 +0800] "GET /xingrg/javascript/jquery_tools/order_manager.js HTTP/1.1" 304 -
180.174.56.115 - - [16/Oct/2020:10:37:25 +0800] "GET /xingrg/javascript/print/kc_print.js HTTP/1.1" 304 -
180.174.56.115 - - [16/Oct/2020:10:37:25 +0800] "GET /xingrg/javascript/json2.js HTTP/1.1" 304 -
180.174.56.115 - - [16/Oct/2020:10:37:26 +0800] "GET /xingrg/words/20201016092016_words.js HTTP/1.1" 304 -
180.174.56.115 - - [16/Oct/2020:10:37:26 +0800] "GET /xingrg/all/common/auto_word.html?type=base&rest_code=00150 HTTP/1.1" 200 1653
180.174.56.115 - - [16/Oct/2020:10:37:26 +0800] "GET /xingrg/all/common/auto_word.html?type=base&rest_code=00150 HTTP/1.1" 200 1653
180.174.56.115 - - [16/Oct/2020:10:37:26 +0800] "POST /xingrg/kc/base/wldb_order_operate.html HTTP/1.1" 200 6806
180.174.56.115 - - [16/Oct/2020:10:37:26 +0800] "GET /xingrg/javascript/easyui/themes/default/validatebox.css HTTP/1.1" 404 1104
180.174.56.115 - - [16/Oct/2020:10:37:26 +0800] "GET /xingrg/javascript/easyui/plugins/jquery.validatebox.js HTTP/1.1" 304 -
180.174.56.115 - - [16/Oct/2020:10:37:26 +0800] "GET /xingrg/javascript/easyui/plugins/jquery.numberbox.js HTTP/1.1" 304 -
180.174.56.115 - - [16/Oct/2020:10:37:27 +0800] "POST /xingrg/all/common/load_combo.html?type=base HTTP/1.1" 200 2966
117.185.32.26 - - [16/Oct/2020:10:37:28 +0800] "GET /xingrg/kc/print/load_data.html?order_code=212020101606455&kc_code=cgsh HTTP/1.1" 200 1892
222.69.136.129 - - [16/Oct/2020:10:37:29 +0800] "GET /xingrg/all/function/internal_message.html?_=1602815842720&CODE_STATE=getMsg HTTP/1.1" 200 27
180.174.56.115 - - [16/Oct/2020:10:37:30 +0800] "GET /xingrg/all/function/internal_message.html?_=1602815847579&CODE_STATE=getMsg HTTP/1.1" 200 27
180.174.56.115 - - [16/Oct/2020:10:37:31 +0800] "GET /xingrg/javascript/auto/indicator.gif HTTP/1.1" 404 1066
180.162.245.190 - - [16/Oct/2020:10:37:31 +0800] "GET /xingrg/all/function/internal_message.html?_=1602815849986&CODE_STATE=getMsg HTTP/1.1" 200 27
172.17.0.185 - - [16/Oct/2020:10:37:33 +0800] "GET /xingrg/all/function/internal_message.html?_=1602815849165&CODE_STATE=getMsg HTTP/1.1" 200 27
180.157.253.48 - - [16/Oct/2020:10:37:36 +0800] "GET /xingrg/all/function/internal_message.html?_=1602815860796&CODE_STATE=getMsg HTTP/1.1" 200 27
180.162.245.190 - - [16/Oct/2020:10:37:37 +0800] "GET /xingrg/kc/buy/cgsh_order_operate.html?command=get_materiel&rest_code=00105&code=00101004027&supplier_code=00100312&order_time=2020-10-16 HTTP/1.1" 200 409
180.174.56.115 - - [16/Oct/2020:10:37:37 +0800] "GET /xingrg/kc/base/wldb_order_operate.html?command=get_materiel&rest_code=00150&base_code=0010445&code=00101019306 HTTP/1.1" 200 463
172.17.200.101 - - [16/Oct/2020:10:37:40 +0800] "GET /xingrg/all/function/internal_message.html?_=1602815860209&CODE_STATE=getMsg HTTP/1.1" 200 27
222.69.136.129 - - [16/Oct/2020:10:37:43 +0800] "GET /xingrg/kc/buy/cgsh_order_add.html HTTP/1.1" 200 59990
222.69.136.129 - - [16/Oct/2020:10:37:44 +0800] "GET /xingrg/words/20201016092016_words.js HTTP/1.1" 304 -
222.69.136.129 - - [16/Oct/2020:10:37:44 +0800] "POST /xingrg/kc/buy/cgsh_order_operate.html HTTP/1.1" 200 8245
222.69.136.129 - - [16/Oct/2020:10:37:44 +0800] "GET /xingrg/javascript/easyui/themes/default/validatebox.css HTTP/1.1" 404 1104
101.85.95.39 - - [16/Oct/2020:10:37:44 +0800] "GET /xingrg/all/function/internal_message.html?_=1602815645541&CODE_STATE=getMsg HTTP/1.1" 200 27
180.162.245.190 - - [16/Oct/2020:10:37:48 +0800] "GET /xingrg/kc/buy/cgsh_order_operate.html?command=get_materiel&rest_code=00105&code=00101004030&supplier_code=00100312&order_time=2020-10-16 HTTP/1.1" 200 408
116.233.76.41 - - [16/Oct/2020:10:37:49 +0800] "GET /xingrg/all/function/internal_message.html?_=1602815875455&CODE_STATE=getMsg HTTP/1.1" 200 27
180.162.245.190 - - [16/Oct/2020:10:37:53 +0800] "GET /xingrg/check_reg.html?_=1602815853553 HTTP/1.1" 200 22
180.162.245.190 - - [16/Oct/2020:10:37:54 +0800] "GET /xingrg/kc/buy/cgsh_order_operate.html?command=get_materiel&rest_code=00105&code=00101004020&supplier_code=00100312&order_time=2020-10-16 HTTP/1.1" 200 409
58.40.7.146 - - [16/Oct/2020:10:37:54 +0800] "GET /xingrg/all/function/internal_message.html?_=1602815872077&CODE_STATE=getMsg HTTP/1.1" 200 27
218.81.217.115 - - [16/Oct/2020:10:37:58 +0800] "GET /xingrg/all/function/internal_message.html?_=1602815874506&CODE_STATE=getMsg HTTP/1.1" 200 27
58.37.8.227 - - [16/Oct/2020:10:37:59 +0800] "GET /xingrg/all/function/internal_message.html?_=1602815875730&CODE_STATE=getMsg HTTP/1.1" 200 27
172.17.0.120 - - [16/Oct/2020:10:38:01 +0800] "GET /xingrg/all/function/internal_message.html?_=1602815878133&CODE_STATE=getMsg HTTP/1.1" 200 27
180.162.245.190 - - [16/Oct/2020:10:38:03 +0800] "GET /xingrg/kc/buy/cgsh_order_operate.html?command=get_materiel&rest_code=00105&code=00101004004&supplier_code=00100312&order_time=2020-10-16 HTTP/1.1" 200 413
124.77.70.31 - - [16/Oct/2020:10:38:07 +0800] "GET /xingrg/all/function/internal_message.html?_=1602815876088&CODE_STATE=getMsg HTTP/1.1" 200 27
180.174.56.115 - - [16/Oct/2020:10:38:09 +0800] "GET /xingrg/all/function/internal_message.html?_=1602815854316&CODE_STATE=getMsg HTTP/1.1" 200 27
114.88.166.242 - - [16/Oct/2020:10:38:10 +0800] "GET /xingrg/all/function/internal_message.html?_=1602815885939&CODE_STATE=getMsg HTTP/1.1" 200 27
180.162.245.190 - - [16/Oct/2020:10:38:10 +0800] "GET /xingrg/kc/buy/cgsh_order_operate.html?command=get_materiel&rest_code=00105&code=00101001138&supplier_code=00100312&order_time=2020-10-16 HTTP/1.1" 200 433
58.37.8.227 - - [16/Oct/2020:10:38:12 +0800] "GET /xingrg/check_reg.html?_=1602815889331 HTTP/1.1" 200 22
180.161.96.95 - - [16/Oct/2020:10:38:14 +0800] "GET /xingrg/all/function/internal_message.html?_=1602816112621&CODE_STATE=getMsg HTTP/1.1" 200 27
117.185.32.26 - - [16/Oct/2020:10:38:15 +0800] "GET /xingrg/all/function/internal_message.html?_=1602815889095&CODE_STATE=getMsg HTTP/1.1" 200 27
180.162.245.190 - - [16/Oct/2020:10:38:19 +0800] "GET /xingrg/kc/buy/cgsh_order_operate.html?command=get_materiel&rest_code=00105&code=00101001029&supplier_code=00100312&order_time=2020-10-16 HTTP/1.1" 200 415
218.81.217.115 - - [16/Oct/2020:10:38:19 +0800] "GET /xingrg/check_reg.html?_=1602815911863 HTTP/1.1" 200 22
114.88.166.242 - - [16/Oct/2020:10:38:20 +0800] "GET /xingrg/check_reg.html?_=1602815984359 HTTP/1.1" 200 22
114.88.166.242 - - [16/Oct/2020:10:38:20 +0800] "GET /xingrg/all/function/internal_message.html?_=1602815984362&CODE_STATE=getMsg HTTP/1.1" 200 27
101.85.52.2 - - [16/Oct/2020:10:38:21 +0800] "GET /xingrg/all/function/internal_message.html?_=1602815888368&CODE_STATE=getMsg HTTP/1.1" 200 27
218.81.217.115 - - [16/Oct/2020:10:38:22 +0800] "GET /xingrg/all/function/internal_message.html?_=1602815914721&CODE_STATE=getMsg HTTP/1.1" 200 27
222.69.136.129 - - [16/Oct/2020:10:38:27 +0800] "GET /xingrg/kc/buy/cgsh_order_operate.html?command=get_materiel&rest_code=00149&code=00101006130&supplier_code=00100012&order_time=2020-10-16 HTTP/1.1" 200 427
222.69.136.129 - - [16/Oct/2020:10:38:29 +0800] "GET /xingrg/all/function/internal_message.html?_=1602815902703&CODE_STATE=getMsg HTTP/1.1" 200 27
180.174.56.115 - - [16/Oct/2020:10:38:30 +0800] "GET /xingrg/all/function/internal_message.html?_=1602815907627&CODE_STATE=getMsg HTTP/1.1" 200 27
58.40.7.146 - - [16/Oct/2020:10:38:30 +0800] "GET /xingrg/check_reg.html?_=1602815907531 HTTP/1.1" 200 22
172.17.0.185 - - [16/Oct/2020:10:38:33 +0800] "GET /xingrg/all/function/internal_message.html?_=1602815909168&CODE_STATE=getMsg HTTP/1.1" 200 27
180.162.245.190 - - [16/Oct/2020:10:38:33 +0800] "POST /xingrg/kc/buy/cgsh_order_operate.html HTTP/1.1" 200 37
180.162.245.190 - - [16/Oct/2020:10:38:34 +0800] "POST /xingrg/kc/buy/cgsh_order_operate.html HTTP/1.1" 200 6218
180.162.245.190 - - [16/Oct/2020:10:38:35 +0800] "GET /xingrg/kc/print/load_data.html?order_code=212020101606456&kc_code=cgsh&condition= HTTP/1.1" 200 2033
180.157.253.48 - - [16/Oct/2020:10:38:37 +0800] "GET /xingrg/all/function/internal_message.html?_=1602815920808&CODE_STATE=getMsg HTTP/1.1" 200 27
180.162.245.190 - - [16/Oct/2020:10:38:39 +0800] "GET /xingrg/kc/buy/cgsh_order_add.html HTTP/1.1" 200 59984
180.162.245.190 - - [16/Oct/2020:10:38:39 +0800] "GET /xingrg/javascript/easyui/themes/default/validatebox.css HTTP/1.1" 404 1104
180.162.245.190 - - [16/Oct/2020:10:38:39 +0800] "POST /xingrg/kc/buy/cgsh_order_operate.html HTTP/1.1" 200 8245
172.17.200.101 - - [16/Oct/2020:10:38:40 +0800] "GET /xingrg/all/function/internal_message.html?_=1602815920202&CODE_STATE=getMsg HTTP/1.1" 200 27
180.162.245.190 - - [16/Oct/2020:10:38:42 +0800] "GET /xingrg/javascript/auto/indicator.gif HTTP/1.1" 404 1066
218.81.217.115 - - [16/Oct/2020:10:38:47 +0800] "GET /xingrg/check_reg.html?_=1602815923956 HTTP/1.1" 200 22
116.233.76.41 - - [16/Oct/2020:10:38:49 +0800] "GET /xingrg/check_reg.html?_=1602815935447 HTTP/1.1" 200 22
116.233.76.41 - - [16/Oct/2020:10:38:49 +0800] "GET /xingrg/all/function/internal_message.html?_=1602815935448&CODE_STATE=getMsg HTTP/1.1" 200 27
180.162.245.190 - - [16/Oct/2020:10:38:50 +0800] "GET /xingrg/kc/buy/cgsh_order_operate.html?command=get_materiel&rest_code=00105&code=00101004011&supplier_code=00100086&order_time=2020-10-16 HTTP/1.1" 200 433
58.40.7.146 - - [16/Oct/2020:10:38:54 +0800] "GET /xingrg/all/function/internal_message.html?_=1602815932049&CODE_STATE=getMsg HTTP/1.1" 200 27
222.69.136.129 - - [16/Oct/2020:10:38:54 +0800] "POST /xingrg/kc/buy/cgsh_order_operate.html HTTP/1.1" 200 37
218.81.217.115 - - [16/Oct/2020:10:38:58 +0800] "GET /xingrg/all/function/internal_message.html?_=1602815934516&CODE_STATE=getMsg HTTP/1.1" 200 27
222.69.136.129 - - [16/Oct/2020:10:38:58 +0800] "POST /xingrg/kc/buy/cgsh_order_operate.html HTTP/1.1" 200 12
58.37.8.227 - - [16/Oct/2020:10:38:59 +0800] "GET /xingrg/all/function/internal_message.html?_=1602815935703&CODE_STATE=getMsg HTTP/1.1" 200 27
116.233.76.41 - - [16/Oct/2020:10:38:59 +0800] "GET /xingrg/kc/buy/cgsh_order_operate.html?command=get_materiel&rest_code=00109&code=00101008323&supplier_code=00100005&order_time=2020-10-16 HTTP/1.1" 200 408
172.17.0.120 - - [16/Oct/2020:10:39:01 +0800] "GET /xingrg/check_reg.html?_=1602815938137 HTTP/1.1" 200 22
172.17.0.120 - - [16/Oct/2020:10:39:01 +0800] "GET /xingrg/all/function/internal_message.html?_=1602815938140&CODE_STATE=getMsg HTTP/1.1" 200 27
180.162.245.190 - - [16/Oct/2020:10:39:01 +0800] "GET /xingrg/kc/buy/cgsh_order_operate.html?command=get_materiel&rest_code=00105&code=00101004065&supplier_code=00100086&order_time=2020-10-16 HTTP/1.1" 200 434
58.37.8.227 - - [16/Oct/2020:10:39:02 +0800] "GET /xingrg/check_reg.html?_=1602815543436 HTTP/1.1" 302 -
222.69.136.129 - - [16/Oct/2020:10:39:02 +0800] "GET /xingrg/kc/buy/cgsh_order_info.html?code=212020101606457 HTTP/1.1" 200 54893
222.69.136.129 - - [16/Oct/2020:10:39:03 +0800] "GET /xingrg/javascript/easyui/themes/default/validatebox.css HTTP/1.1" 404 1104
222.69.136.129 - - [16/Oct/2020:10:39:03 +0800] "POST /xingrg/kc/buy/cgsh_order_operate.html HTTP/1.1" 200 622
222.69.136.129 - - [16/Oct/2020:10:39:05 +0800] "GET /xingrg/kc/print/load_data.html?order_code=212020101606457&kc_code=cgsh&condition= HTTP/1.1" 200 817
116.233.76.41 - - [16/Oct/2020:10:39:06 +0800] "GET /xingrg/kc/buy/cgsh_order_operate.html?command=get_materiel&rest_code=00109&code=00101008072&supplier_code=00100005&order_time=2020-10-16 HTTP/1.1" 200 408
124.77.70.31 - - [16/Oct/2020:10:39:07 +0800] "GET /xingrg/all/function/internal_message.html?_=1602815936081&CODE_STATE=getMsg HTTP/1.1" 200 27
180.162.245.190 - - [16/Oct/2020:10:39:08 +0800] "POST /xingrg/kc/buy/cgsh_order_operate.html HTTP/1.1" 200 37
222.69.136.129 - - [16/Oct/2020:10:39:09 +0800] "GET /xingrg/kc/buy/cgsh_order_add.html HTTP/1.1" 200 59990
180.174.56.115 - - [16/Oct/2020:10:39:09 +0800] "GET /xingrg/all/function/internal_message.html?_=1602815914320&CODE_STATE=getMsg HTTP/1.1" 200 27
222.69.136.129 - - [16/Oct/2020:10:39:09 +0800] "POST /xingrg/kc/buy/cgsh_order_operate.html HTTP/1.1" 200 8245
222.69.136.129 - - [16/Oct/2020:10:39:09 +0800] "GET /xingrg/javascript/easyui/themes/default/validatebox.css HTTP/1.1" 404 1104
114.88.166.242 - - [16/Oct/2020:10:39:10 +0800] "GET /xingrg/all/function/internal_message.html?_=1602815946007&CODE_STATE=getMsg HTTP/1.1" 200 27
117.185.32.26 - - [16/Oct/2020:10:39:14 +0800] "GET /xingrg/check_reg.html?_=1602815948883 HTTP/1.1" 200 22
180.161.96.95 - - [16/Oct/2020:10:39:14 +0800] "GET /xingrg/all/function/internal_message.html?_=1602816172695&CODE_STATE=getMsg HTTP/1.1" 200 27
117.185.32.26 - - [16/Oct/2020:10:39:14 +0800] "GET /xingrg/all/function/internal_message.html?_=1602815949077&CODE_STATE=getMsg HTTP/1.1" 200 27
116.233.76.41 - - [16/Oct/2020:10:39:15 +0800] "GET /xingrg/kc/buy/cgsh_order_operate.html?command=get_materiel&rest_code=00109&code=00101008210&supplier_code=00100005&order_time=2020-10-16 HTTP/1.1" 200 408
180.162.245.190 - - [16/Oct/2020:10:39:19 +0800] "POST /xingrg/kc/buy/cgsh_order_operate.html HTTP/1.1" 200 3255
180.162.245.190 - - [16/Oct/2020:10:39:20 +0800] "GET /xingrg/kc/print/load_data.html?order_code=212020101606458&kc_code=cgsh&condition= HTTP/1.1" 200 964
114.88.166.242 - - [16/Oct/2020:10:39:20 +0800] "GET /xingrg/all/function/internal_message.html?_=1602816044359&CODE_STATE=getMsg HTTP/1.1" 200 27
101.85.52.2 - - [16/Oct/2020:10:39:21 +0800] "GET /xingrg/check_reg.html?_=1602815948369 HTTP/1.1" 200 22
101.85.52.2 - - [16/Oct/2020:10:39:21 +0800] "GET /xingrg/all/function/internal_message.html?_=1602815948372&CODE_STATE=getMsg HTTP/1.1" 200 27
114.88.166.242 - - [16/Oct/2020:10:39:22 +0800] "GET /xingrg/kc/buy/cgsh_order_add.html HTTP/1.1" 200 59937
218.81.217.115 - - [16/Oct/2020:10:39:22 +0800] "GET /xingrg/all/function/internal_message.html?_=1602815974735&CODE_STATE=getMsg HTTP/1.1" 200 27
116.233.76.41 - - [16/Oct/2020:10:39:22 +0800] "GET /xingrg/kc/buy/cgsh_order_operate.html?command=get_materiel&rest_code=00109&code=00101008049&supplier_code=00100005&order_time=2020-10-16 HTTP/1.1" 200 408
114.88.166.242 - - [16/Oct/2020:10:39:22 +0800] "GET /xingrg/javascript/easyui/themes/default/validatebox.css HTTP/1.1" 404 1104
114.88.166.242 - - [16/Oct/2020:10:39:22 +0800] "POST /xingrg/kc/buy/cgsh_order_operate.html HTTP/1.1" 200 8245
180.162.245.190 - - [16/Oct/2020:10:39:23 +0800] "GET /xingrg/kc/buy/cgsh_order_add.html HTTP/1.1" 200 59984
180.162.245.190 - - [16/Oct/2020:10:39:23 +0800] "POST /xingrg/kc/buy/cgsh_order_operate.html HTTP/1.1" 200 8245
180.162.245.190 - - [16/Oct/2020:10:39:23 +0800] "GET /xingrg/javascript/easyui/themes/default/validatebox.css HTTP/1.1" 404 1104
114.88.166.242 - - [16/Oct/2020:10:39:24 +0800] "GET /xingrg/javascript/auto/indicator.gif HTTP/1.1" 404 1066
114.88.166.242 - - [16/Oct/2020:10:39:24 +0800] "GET /xingrg/javascript/jquery_tools/images/next.gif HTTP/1.1" 404 1086
114.88.166.242 - - [16/Oct/2020:10:39:24 +0800] "GET /xingrg/javascript/jquery_tools/images/prev.gif HTTP/1.1" 404 1086
180.162.245.190 - - [16/Oct/2020:10:39:25 +0800] "GET /xingrg/javascript/auto/indicator.gif HTTP/1.1" 404 1066
222.69.136.129 - - [16/Oct/2020:10:39:25 +0800] "GET /xingrg/kc/buy/cgsh_order_operate.html?command=get_materiel&rest_code=00149&code=00101010092&supplier_code=00100036&order_time=2020-10-16 HTTP/1.1" 200 451
114.88.166.242 - - [16/Oct/2020:10:39:28 +0800] "GET /xingrg/kc/buy/cgsh_order_operate.html?command=get_materiel&rest_code=00111&code=00102009750&supplier_code=00100094&order_time=2020-10-16 HTTP/1.1" 200 412
222.69.136.129 - - [16/Oct/2020:10:39:28 +0800] "GET /xingrg/all/function/internal_message.html?_=1602815962690&CODE_STATE=getMsg HTTP/1.1" 200 27
180.174.56.115 - - [16/Oct/2020:10:39:30 +0800] "GET /xingrg/all/function/internal_message.html?_=1602815967676&CODE_STATE=getMsg HTTP/1.1" 200 27
180.162.245.190 - - [16/Oct/2020:10:39:31 +0800] "GET /xingrg/all/function/internal_message.html?_=1602815970019&CODE_STATE=getMsg HTTP/1.1" 200 27
114.88.166.242 - - [16/Oct/2020:10:39:31 +0800] "GET /xingrg/kc/buy/cgsh_order_operate.html?command=get_materiel&rest_code=00111&code=00101003003&supplier_code=00100094&order_time=2020-10-16 HTTP/1.1" 200 416
172.17.0.185 - - [16/Oct/2020:10:39:33 +0800] "GET /xingrg/all/function/internal_message.html?_=1602815969172&CODE_STATE=getMsg HTTP/1.1" 200 27
222.69.136.129 - - [16/Oct/2020:10:39:33 +0800] "GET /xingrg/kc/buy/cgsh_order_operate.html?command=get_materiel&rest_code=00149&code=00101012026&supplier_code=00100036&order_time=2020-10-16 HTTP/1.1" 200 408
180.162.245.190 - - [16/Oct/2020:10:39:35 +0800] "GET /xingrg/kc/buy/cgsh_order_operate.html?command=get_materiel&rest_code=00105&code=00101019574&supplier_code=00100329&order_time=2020-10-16 HTTP/1.1" 200 452
180.157.253.48 - - [16/Oct/2020:10:39:37 +0800] "GET /xingrg/all/function/internal_message.html?_=1602815981049&CODE_STATE=getMsg HTTP/1.1" 200 27
172.17.200.101 - - [16/Oct/2020:10:39:40 +0800] "GET /xingrg/all/function/internal_message.html?_=1602815980202&CODE_STATE=getMsg HTTP/1.1" 200 27
172.17.200.101 - - [16/Oct/2020:10:39:40 +0800] "GET /xingrg/check_reg.html?_=1602815980208 HTTP/1.1" 200 22
222.69.136.129 - - [16/Oct/2020:10:39:43 +0800] "POST /xingrg/kc/buy/cgsh_order_operate.html HTTP/1.1" 200 37
180.162.245.190 - - [16/Oct/2020:10:39:48 +0800] "POST /xingrg/kc/buy/cgsh_order_operate.html HTTP/1.1" 200 64
114.88.166.242 - - [16/Oct/2020:10:39:48 +0800] "POST /xingrg/kc/buy/cgsh_order_operate.html HTTP/1.1" 200 37
