58.37.8.227 - - [16/Oct/2020:09:47:00 +0800] "GET /xingrg/all/function/internal_message.html?_=1602812816933&CODE_STATE=getMsg HTTP/1.1" 200 27
172.17.0.120 - - [16/Oct/2020:09:47:00 +0800] "GET /xingrg/all/function/internal_message.html?_=1602812818140&CODE_STATE=getMsg HTTP/1.1" 200 27
117.184.7.26 - - [16/Oct/2020:09:47:01 +0800] "GET /xingrg/all/function/internal_message.html?_=1602812815123&CODE_STATE=getMsg HTTP/1.1" 200 27
117.184.7.26 - - [16/Oct/2020:09:47:01 +0800] "GET /xingrg/check_reg.html?_=1602812815140 HTTP/1.1" 200 22
114.88.166.242 - - [16/Oct/2020:09:47:02 +0800] "GET /xingrg/check_reg.html?_=1602812817873 HTTP/1.1" 200 22
180.174.56.115 - - [16/Oct/2020:09:47:04 +0800] "GET /xingrg/kc/buy/cgsh_order_operate.html?command=get_materiel&rest_code=00151&code=00101016025&supplier_code=00100007&order_time=2020-10-16 HTTP/1.1" 200 408
116.233.76.41 - - [16/Oct/2020:09:47:04 +0800] "GET /xingrg/all/function/internal_message.html?_=1602812850031&CODE_STATE=getMsg HTTP/1.1" 200 27
180.174.56.115 - - [16/Oct/2020:09:47:05 +0800] "POST /xingrg/kc/buy/cgsh_order_operate.html HTTP/1.1" 200 75
124.77.70.31 - - [16/Oct/2020:09:47:07 +0800] "GET /xingrg/all/function/internal_message.html?_=1602812816167&CODE_STATE=getMsg HTTP/1.1" 200 27
114.88.166.242 - - [16/Oct/2020:09:47:08 +0800] "GET /xingrg/all/function/internal_message.html?_=1602812824191&CODE_STATE=getMsg HTTP/1.1" 200 27
117.185.32.26 - - [16/Oct/2020:09:47:09 +0800] "GET /xingrg/all/function/internal_message.html?_=1602812823649&CODE_STATE=getMsg HTTP/1.1" 200 27
180.174.56.115 - - [16/Oct/2020:09:47:10 +0800] "GET /xingrg/all/function/internal_message.html?_=1602812795159&CODE_STATE=getMsg HTTP/1.1" 200 27
180.174.56.115 - - [16/Oct/2020:09:47:11 +0800] "GET /xingrg/kc/buy/cgsh_order_operate.html?command=get_materiel&rest_code=00151&code=00101008137&supplier_code=00100007&order_time=2020-10-16 HTTP/1.1" 200 408
180.174.56.115 - - [16/Oct/2020:09:47:15 +0800] "GET /xingrg/kc/buy/cgsh_order_operate.html?command=get_materiel&rest_code=00151&code=00101008234&supplier_code=00100007&order_time=2020-10-16 HTTP/1.1" 200 408
101.88.151.31 - - [16/Oct/2020:09:47:17 +0800] "GET /xingrg/all/function/internal_message.html?_=1602812830312&CODE_STATE=getMsg HTTP/1.1" 200 27
180.162.245.190 - - [16/Oct/2020:09:47:17 +0800] "POST /xingrg/kc/buy/cgsh_order_operate.html HTTP/1.1" 200 37
180.162.245.190 - - [16/Oct/2020:09:47:18 +0800] "POST /xingrg/kc/buy/cgsh_order_operate.html HTTP/1.1" 200 44628
218.81.217.115 - - [16/Oct/2020:09:47:19 +0800] "GET /xingrg/all/function/internal_message.html?_=1602812851844&CODE_STATE=getMsg HTTP/1.1" 200 27
114.88.166.242 - - [16/Oct/2020:09:47:20 +0800] "GET /xingrg/all/function/internal_message.html?_=1602812924301&CODE_STATE=getMsg HTTP/1.1" 200 27
180.157.253.48 - - [16/Oct/2020:09:47:20 +0800] "GET /xingrg/check_reg.html?_=1602812844546 HTTP/1.1" 200 22
180.174.56.115 - - [16/Oct/2020:09:47:21 +0800] "POST /xingrg/kc/buy/cgsh_order_operate.html HTTP/1.1" 200 37
180.162.245.190 - - [16/Oct/2020:09:47:21 +0800] "GET /xingrg/kc/print/load_data.html?order_code=212020101606372&kc_code=cgsh&condition= HTTP/1.1" 200 16490
180.174.56.115 - - [16/Oct/2020:09:47:23 +0800] "GET /xingrg/kc/buy/cgsh_order_operate.html?command=get_materiel&rest_code=00151&code=00101008352&supplier_code=00100007&order_time=2020-10-16 HTTP/1.1" 200 412
180.174.56.115 - - [16/Oct/2020:09:47:23 +0800] "POST /xingrg/kc/buy/cgsh_order_operate.html HTTP/1.1" 200 12
180.174.56.115 - - [16/Oct/2020:09:47:24 +0800] "GET /xingrg/kc/buy/cgsh_order_info.html?code=212020101606401 HTTP/1.1" 200 54780
180.174.56.115 - - [16/Oct/2020:09:47:24 +0800] "GET /xingrg/javascript/easyui/themes/default/validatebox.css HTTP/1.1" 404 1104
180.174.56.115 - - [16/Oct/2020:09:47:25 +0800] "POST /xingrg/kc/buy/cgsh_order_operate.html HTTP/1.1" 200 6536
180.174.56.115 - - [16/Oct/2020:09:47:26 +0800] "GET /xingrg/kc/print/load_config.html?kc_code=cgsh HTTP/1.1" 200 1845
180.174.56.115 - - [16/Oct/2020:09:47:26 +0800] "GET /xingrg/kc/print/load_data.html?order_code=212020101606401&kc_code=cgsh&condition= HTTP/1.1" 200 3091
222.69.136.129 - - [16/Oct/2020:09:47:29 +0800] "GET /xingrg/all/function/internal_message.html?_=1602812843595&CODE_STATE=getMsg HTTP/1.1" 200 27
180.174.56.115 - - [16/Oct/2020:09:47:31 +0800] "GET /xingrg/kc/buy/cgsh_order_operate.html?command=get_materiel&rest_code=00151&code=00101008248&supplier_code=00100007&order_time=2020-10-16 HTTP/1.1" 200 412
180.157.253.48 - - [16/Oct/2020:09:47:32 +0800] "GET /xingrg/all/function/internal_message.html?_=1602812855920&CODE_STATE=getMsg HTTP/1.1" 200 27
180.162.245.190 - - [16/Oct/2020:09:47:32 +0800] "GET /xingrg/all/function/internal_message.html?_=1602812851160&CODE_STATE=getMsg HTTP/1.1" 200 27
180.174.56.115 - - [16/Oct/2020:09:47:33 +0800] "POST /xingrg/kc/buy/cgsh_order_operate.html HTTP/1.1" 200 2065
180.174.56.115 - - [16/Oct/2020:09:47:37 +0800] "GET /xingrg/kc/buy/cgsh_order_add.html HTTP/1.1" 200 59873
180.174.56.115 - - [16/Oct/2020:09:47:37 +0800] "POST /xingrg/kc/buy/cgsh_order_operate.html HTTP/1.1" 200 8245
180.174.56.115 - - [16/Oct/2020:09:47:38 +0800] "GET /xingrg/javascript/easyui/themes/default/validatebox.css HTTP/1.1" 404 1104
180.174.56.115 - - [16/Oct/2020:09:47:38 +0800] "GET /xingrg/kc/buy/cgsh_order_operate.html?command=get_materiel&rest_code=00151&code=00101008521&supplier_code=00100007&order_time=2020-10-16 HTTP/1.1" 200 395
172.17.200.101 - - [16/Oct/2020:09:47:40 +0800] "GET /xingrg/all/function/internal_message.html?_=1602812860091&CODE_STATE=getMsg HTTP/1.1" 200 27
101.85.95.39 - - [16/Oct/2020:09:47:44 +0800] "GET /xingrg/all/function/internal_message.html?_=1602812645495&CODE_STATE=getMsg HTTP/1.1" 200 27
180.174.56.115 - - [16/Oct/2020:09:47:47 +0800] "GET /xingrg/kc/buy/cgsh_order_operate.html?command=get_materiel&rest_code=00150&code=00101012039&supplier_code=00100036&order_time=2020-10-16 HTTP/1.1" 200 408
116.233.76.41 - - [16/Oct/2020:09:47:49 +0800] "GET /xingrg/all/function/internal_message.html?_=1602812875348&CODE_STATE=getMsg HTTP/1.1" 200 27
180.174.56.115 - - [16/Oct/2020:09:47:53 +0800] "GET /xingrg/all/function/internal_message.html?_=1602812871282&CODE_STATE=getMsg HTTP/1.1" 200 27
180.174.56.115 - - [16/Oct/2020:09:47:53 +0800] "GET /xingrg/kc/buy/cgsh_order_operate.html?command=get_materiel&rest_code=00151&code=00101008270&supplier_code=00100007&order_time=2020-10-16 HTTP/1.1" 200 431
218.81.217.115 - - [16/Oct/2020:09:47:54 +0800] "GET /xingrg/all/function/internal_message.html?_=1602812870073&CODE_STATE=getMsg HTTP/1.1" 200 27
58.40.7.146 - - [16/Oct/2020:09:47:56 +0800] "GET /xingrg/all/function/internal_message.html?_=1602812873246&CODE_STATE=getMsg HTTP/1.1" 200 27
180.174.56.115 - - [16/Oct/2020:09:47:58 +0800] "GET /xingrg/kc/buy/cgsh_order_operate.html?command=get_materiel&rest_code=00150&code=00101016025&supplier_code=00100036&order_time=2020-10-16 HTTP/1.1" 200 408
58.37.8.227 - - [16/Oct/2020:09:48:00 +0800] "GET /xingrg/all/function/internal_message.html?_=1602812876902&CODE_STATE=getMsg HTTP/1.1" 200 27
172.17.0.120 - - [16/Oct/2020:09:48:00 +0800] "GET /xingrg/all/function/internal_message.html?_=1602812878148&CODE_STATE=getMsg HTTP/1.1" 200 27
117.184.7.26 - - [16/Oct/2020:09:48:01 +0800] "GET /xingrg/all/function/internal_message.html?_=1602812875123&CODE_STATE=getMsg HTTP/1.1" 200 27
116.233.76.41 - - [16/Oct/2020:09:48:03 +0800] "GET /xingrg/check_reg.html?_=1602812910031 HTTP/1.1" 200 22
116.233.76.41 - - [16/Oct/2020:09:48:03 +0800] "GET /xingrg/all/function/internal_message.html?_=1602812910031&CODE_STATE=getMsg HTTP/1.1" 200 27
180.174.56.115 - - [16/Oct/2020:09:48:04 +0800] "GET /xingrg/kc/buy/cgsh_order_operate.html?command=get_materiel&rest_code=00151&code=00101009030&supplier_code=00100007&order_time=2020-10-16 HTTP/1.1" 200 412
124.77.70.31 - - [16/Oct/2020:09:48:07 +0800] "GET /xingrg/all/function/internal_message.html?_=1602812876154&CODE_STATE=getMsg HTTP/1.1" 200 27
180.174.56.115 - - [16/Oct/2020:09:48:08 +0800] "POST /xingrg/kc/buy/cgsh_order_operate.html HTTP/1.1" 200 37
114.88.166.242 - - [16/Oct/2020:09:48:08 +0800] "GET /xingrg/all/function/internal_message.html?_=1602812884203&CODE_STATE=getMsg HTTP/1.1" 200 27
117.185.32.26 - - [16/Oct/2020:09:48:09 +0800] "GET /xingrg/all/function/internal_message.html?_=1602812883649&CODE_STATE=getMsg HTTP/1.1" 200 27
180.174.56.115 - - [16/Oct/2020:09:48:10 +0800] "GET /xingrg/all/function/internal_message.html?_=1602812855173&CODE_STATE=getMsg HTTP/1.1" 200 27
180.174.56.115 - - [16/Oct/2020:09:48:10 +0800] "POST /xingrg/kc/buy/cgsh_order_operate.html HTTP/1.1" 200 12
180.174.56.115 - - [16/Oct/2020:09:48:12 +0800] "GET /xingrg/kc/buy/cgsh_order_info.html?code=212020101606402 HTTP/1.1" 200 54782
180.174.56.115 - - [16/Oct/2020:09:48:12 +0800] "GET /xingrg/javascript/easyui/themes/default/validatebox.css HTTP/1.1" 404 1104
58.37.8.227 - - [16/Oct/2020:09:48:13 +0800] "GET /xingrg/check_reg.html?_=1602812889484 HTTP/1.1" 200 22
180.174.56.115 - - [16/Oct/2020:09:48:13 +0800] "POST /xingrg/kc/buy/cgsh_order_operate.html HTTP/1.1" 200 1187
180.174.56.115 - - [16/Oct/2020:09:48:15 +0800] "GET /xingrg/kc/print/load_data.html?order_code=212020101606402&kc_code=cgsh&condition= HTTP/1.1" 200 1021
101.88.151.31 - - [16/Oct/2020:09:48:17 +0800] "GET /xingrg/all/function/internal_message.html?_=1602812890312&CODE_STATE=getMsg HTTP/1.1" 200 27
101.88.151.31 - - [16/Oct/2020:09:48:17 +0800] "GET /xingrg/check_reg.html?_=1602812890312 HTTP/1.1" 200 22
218.81.217.115 - - [16/Oct/2020:09:48:17 +0800] "GET /xingrg/check_reg.html?_=1602812910082 HTTP/1.1" 200 22
218.81.217.115 - - [16/Oct/2020:09:48:19 +0800] "GET /xingrg/all/function/internal_message.html?_=1602812911858&CODE_STATE=getMsg HTTP/1.1" 200 27
114.88.166.242 - - [16/Oct/2020:09:48:20 +0800] "GET /xingrg/check_reg.html?_=1602812984302 HTTP/1.1" 200 22
114.88.166.242 - - [16/Oct/2020:09:48:20 +0800] "GET /xingrg/all/function/internal_message.html?_=1602812984303&CODE_STATE=getMsg HTTP/1.1" 200 27
180.174.56.115 - - [16/Oct/2020:09:48:21 +0800] "GET /xingrg/kc/buy/cgsh_order_add.html HTTP/1.1" 200 59873
180.174.56.115 - - [16/Oct/2020:09:48:21 +0800] "POST /xingrg/kc/buy/cgsh_order_operate.html HTTP/1.1" 200 8245
180.174.56.115 - - [16/Oct/2020:09:48:21 +0800] "GET /xingrg/javascript/easyui/themes/default/validatebox.css HTTP/1.1" 404 1104
180.174.56.115 - - [16/Oct/2020:09:48:25 +0800] "POST /xingrg/kc/buy/cgsh_order_operate.html HTTP/1.1" 200 2065
222.69.136.129 - - [16/Oct/2020:09:48:29 +0800] "GET /xingrg/all/function/internal_message.html?_=1602812903565&CODE_STATE=getMsg HTTP/1.1" 200 27
180.174.56.115 - - [16/Oct/2020:09:48:30 +0800] "GET /xingrg/kc/buy/cgsh_order_operate.html?command=get_materiel&rest_code=00151&code=00101008069&supplier_code=00100007&order_time=2020-10-16 HTTP/1.1" 200 431
58.40.7.146 - - [16/Oct/2020:09:48:30 +0800] "GET /xingrg/check_reg.html?_=1602812907497 HTTP/1.1" 200 22
180.157.253.48 - - [16/Oct/2020:09:48:32 +0800] "GET /xingrg/all/function/internal_message.html?_=1602812915933&CODE_STATE=getMsg HTTP/1.1" 200 27
180.162.245.190 - - [16/Oct/2020:09:48:32 +0800] "GET /xingrg/all/function/internal_message.html?_=1602812911140&CODE_STATE=getMsg HTTP/1.1" 200 27
180.174.56.115 - - [16/Oct/2020:09:48:32 +0800] "GET /xingrg/kc/buy/cgsh_order_operate.html?command=get_materiel&rest_code=00150&code=00101001010&supplier_code=00100040&order_time=2020-10-16 HTTP/1.1" 200 408
172.17.200.101 - - [16/Oct/2020:09:48:40 +0800] "GET /xingrg/all/function/internal_message.html?_=1602812920100&CODE_STATE=getMsg HTTP/1.1" 200 27
180.174.56.115 - - [16/Oct/2020:09:48:44 +0800] "GET /xingrg/kc/buy/cgsh_order_operate.html?command=get_materiel&rest_code=00150&code=00101001075&supplier_code=00100040&order_time=2020-10-16 HTTP/1.1" 200 409
101.85.95.39 - - [16/Oct/2020:09:48:44 +0800] "GET /xingrg/all/function/internal_message.html?_=1602812705493&CODE_STATE=getMsg HTTP/1.1" 200 27
218.81.217.115 - - [16/Oct/2020:09:48:47 +0800] "GET /xingrg/check_reg.html?_=1602812923899 HTTP/1.1" 200 22
116.233.76.41 - - [16/Oct/2020:09:48:49 +0800] "GET /xingrg/all/function/internal_message.html?_=1602812935363&CODE_STATE=getMsg HTTP/1.1" 200 27
116.233.76.41 - - [16/Oct/2020:09:48:49 +0800] "GET /xingrg/check_reg.html?_=1602812935364 HTTP/1.1" 200 22
180.174.56.115 - - [16/Oct/2020:09:48:53 +0800] "GET /xingrg/all/function/internal_message.html?_=1602812931323&CODE_STATE=getMsg HTTP/1.1" 200 27
180.174.56.115 - - [16/Oct/2020:09:48:53 +0800] "GET /xingrg/kc/buy/cgsh_order_operate.html?command=get_materiel&rest_code=00150&code=00101001084&supplier_code=00100040&order_time=2020-10-16 HTTP/1.1" 200 413
218.81.217.115 - - [16/Oct/2020:09:48:54 +0800] "GET /xingrg/all/function/internal_message.html?_=1602812930077&CODE_STATE=getMsg HTTP/1.1" 200 27
58.40.7.146 - - [16/Oct/2020:09:48:56 +0800] "GET /xingrg/all/function/internal_message.html?_=1602812933217&CODE_STATE=getMsg HTTP/1.1" 200 27
58.37.8.227 - - [16/Oct/2020:09:49:00 +0800] "GET /xingrg/all/function/internal_message.html?_=1602812936882&CODE_STATE=getMsg HTTP/1.1" 200 27
172.17.0.120 - - [16/Oct/2020:09:49:00 +0800] "GET /xingrg/check_reg.html?_=1602812938141 HTTP/1.1" 200 22
172.17.0.120 - - [16/Oct/2020:09:49:00 +0800] "GET /xingrg/all/function/internal_message.html?_=1602812938147&CODE_STATE=getMsg HTTP/1.1" 200 27
117.184.7.26 - - [16/Oct/2020:09:49:01 +0800] "GET /xingrg/all/function/internal_message.html?_=1602812935123&CODE_STATE=getMsg HTTP/1.1" 200 27
180.174.56.115 - - [16/Oct/2020:09:49:02 +0800] "POST /xingrg/kc/buy/cgsh_order_operate.html HTTP/1.1" 200 37
116.233.76.41 - - [16/Oct/2020:09:49:03 +0800] "GET /xingrg/all/function/internal_message.html?_=1602812970031&CODE_STATE=getMsg HTTP/1.1" 200 27
180.174.56.115 - - [16/Oct/2020:09:49:04 +0800] "POST /xingrg/kc/buy/cgsh_order_operate.html HTTP/1.1" 200 12
180.174.56.115 - - [16/Oct/2020:09:49:05 +0800] "GET /xingrg/kc/buy/cgsh_order_info.html?code=212020101606403 HTTP/1.1" 200 54780
180.174.56.115 - - [16/Oct/2020:09:49:05 +0800] "GET /xingrg/javascript/easyui/themes/default/validatebox.css HTTP/1.1" 404 1104
180.174.56.115 - - [16/Oct/2020:09:49:06 +0800] "POST /xingrg/kc/buy/cgsh_order_operate.html HTTP/1.1" 200 1783
114.88.166.242 - - [16/Oct/2020:09:49:06 +0800] "GET /xingrg/kc/buy/cgsh_order_add.html HTTP/1.1" 200 59937
114.88.166.242 - - [16/Oct/2020:09:49:06 +0800] "GET /xingrg/words/20201016092016_words.js HTTP/1.1" 200 769084
114.88.166.242 - - [16/Oct/2020:09:49:07 +0800] "POST /xingrg/kc/buy/cgsh_order_operate.html HTTP/1.1" 200 8245
114.88.166.242 - - [16/Oct/2020:09:49:07 +0800] "GET /xingrg/all/common/auto_word.html?type=employee&rest_code=00111 HTTP/1.1" 200 205
114.88.166.242 - - [16/Oct/2020:09:49:07 +0800] "GET /xingrg/javascript/easyui/themes/default/validatebox.css HTTP/1.1" 404 1104
114.88.166.242 - - [16/Oct/2020:09:49:07 +0800] "GET /xingrg/all/common/auto_word.html?type=employee&rest_code=00111 HTTP/1.1" 200 205
124.77.70.31 - - [16/Oct/2020:09:49:07 +0800] "GET /xingrg/all/function/internal_message.html?_=1602812936137&CODE_STATE=getMsg HTTP/1.1" 200 27
180.174.56.115 - - [16/Oct/2020:09:49:07 +0800] "GET /xingrg/kc/print/load_data.html?order_code=212020101606403&kc_code=cgsh&condition= HTTP/1.1" 200 1254
114.88.166.242 - - [16/Oct/2020:09:49:08 +0800] "GET /xingrg/all/function/internal_message.html?_=1602812944277&CODE_STATE=getMsg HTTP/1.1" 200 27
117.185.32.26 - - [16/Oct/2020:09:49:09 +0800] "GET /xingrg/all/function/internal_message.html?_=1602812943648&CODE_STATE=getMsg HTTP/1.1" 200 27
117.185.32.26 - - [16/Oct/2020:09:49:09 +0800] "GET /xingrg/check_reg.html?_=1602812943673 HTTP/1.1" 200 22
180.174.56.115 - - [16/Oct/2020:09:49:10 +0800] "GET /xingrg/all/function/internal_message.html?_=1602812915186&CODE_STATE=getMsg HTTP/1.1" 200 27
101.88.151.31 - - [16/Oct/2020:09:49:17 +0800] "GET /xingrg/all/function/internal_message.html?_=1602812950312&CODE_STATE=getMsg HTTP/1.1" 200 27
218.81.217.115 - - [16/Oct/2020:09:49:19 +0800] "GET /xingrg/all/function/internal_message.html?_=1602812971871&CODE_STATE=getMsg HTTP/1.1" 200 27
114.88.166.242 - - [16/Oct/2020:09:49:20 +0800] "GET /xingrg/all/function/internal_message.html?_=1602813044315&CODE_STATE=getMsg HTTP/1.1" 200 27
180.174.56.115 - - [16/Oct/2020:09:49:27 +0800] "GET /xingrg/javascript/jquery_tools/images/prev.gif HTTP/1.1" 404 1086
180.174.56.115 - - [16/Oct/2020:09:49:27 +0800] "GET /xingrg/javascript/jquery_tools/images/next.gif HTTP/1.1" 404 1086
222.69.136.129 - - [16/Oct/2020:09:49:29 +0800] "GET /xingrg/all/function/internal_message.html?_=1602812963542&CODE_STATE=getMsg HTTP/1.1" 200 27
114.88.166.242 - - [16/Oct/2020:09:49:30 +0800] "GET /xingrg/javascript/auto/indicator.gif HTTP/1.1" 404 1066
180.157.253.48 - - [16/Oct/2020:09:49:32 +0800] "GET /xingrg/all/function/internal_message.html?_=1602812976158&CODE_STATE=getMsg HTTP/1.1" 200 27
180.162.245.190 - - [16/Oct/2020:09:49:32 +0800] "GET /xingrg/all/function/internal_message.html?_=1602812971123&CODE_STATE=getMsg HTTP/1.1" 200 27
180.174.56.115 - - [16/Oct/2020:09:49:33 +0800] "POST /xingrg/kc/buy/cgsh_list_operate.html HTTP/1.1" 200 3319
172.17.200.101 - - [16/Oct/2020:09:49:40 +0800] "GET /xingrg/check_reg.html?_=1602812980102 HTTP/1.1" 200 22
172.17.200.101 - - [16/Oct/2020:09:49:40 +0800] "GET /xingrg/all/function/internal_message.html?_=1602812980097&CODE_STATE=getMsg HTTP/1.1" 200 27
114.88.166.242 - - [16/Oct/2020:09:49:43 +0800] "GET /xingrg/kc/buy/cgsh_order_operate.html?command=get_materiel&rest_code=00111&code=00101012073&supplier_code=&order_time=2020-10-16 HTTP/1.1" 200 416
101.85.95.39 - - [16/Oct/2020:09:49:44 +0800] "GET /xingrg/all/function/internal_message.html?_=1602812765492&CODE_STATE=getMsg HTTP/1.1" 200 27
114.88.166.242 - - [16/Oct/2020:09:49:48 +0800] "GET /xingrg/kc/buy/cgsh_order_operate.html?command=get_materiel&rest_code=00111&code=00101012002&supplier_code=&order_time=2020-10-16 HTTP/1.1" 200 438
116.233.76.41 - - [16/Oct/2020:09:49:49 +0800] "GET /xingrg/all/function/internal_message.html?_=1602812995347&CODE_STATE=getMsg HTTP/1.1" 200 27
180.174.56.115 - - [16/Oct/2020:09:49:53 +0800] "GET /xingrg/kc/buy/cgsh_order_add.html HTTP/1.1" 200 59873
180.174.56.115 - - [16/Oct/2020:09:49:53 +0800] "POST /xingrg/kc/buy/cgsh_order_operate.html HTTP/1.1" 200 8245
180.174.56.115 - - [16/Oct/2020:09:49:53 +0800] "GET /xingrg/javascript/easyui/themes/default/validatebox.css HTTP/1.1" 404 1104
180.174.56.115 - - [16/Oct/2020:09:49:53 +0800] "GET /xingrg/all/function/internal_message.html?_=1602812991352&CODE_STATE=getMsg HTTP/1.1" 200 27
218.81.217.115 - - [16/Oct/2020:09:49:54 +0800] "GET /xingrg/all/function/internal_message.html?_=1602812990091&CODE_STATE=getMsg HTTP/1.1" 200 27
180.161.96.95 - - [16/Oct/2020:09:49:55 +0800] "GET /xingrg/check_reg.html?_=1602813213564 HTTP/1.1" 200 22
58.40.7.146 - - [16/Oct/2020:09:49:56 +0800] "GET /xingrg/all/function/internal_message.html?_=1602812993188&CODE_STATE=getMsg HTTP/1.1" 200 27
58.37.8.227 - - [16/Oct/2020:09:50:00 +0800] "GET /xingrg/all/function/internal_message.html?_=1602812996852&CODE_STATE=getMsg HTTP/1.1" 200 27
172.17.0.120 - - [16/Oct/2020:09:50:00 +0800] "GET /xingrg/all/function/internal_message.html?_=1602812998134&CODE_STATE=getMsg HTTP/1.1" 200 27
117.184.7.26 - - [16/Oct/2020:09:50:01 +0800] "GET /xingrg/all/function/internal_message.html?_=1602812995131&CODE_STATE=getMsg HTTP/1.1" 200 27
116.233.76.41 - - [16/Oct/2020:09:50:02 +0800] "GET /xingrg/all/function/internal_message.html?_=1602813030031&CODE_STATE=getMsg HTTP/1.1" 200 27
180.174.56.115 - - [16/Oct/2020:09:50:06 +0800] "GET /xingrg/kc/buy/cgsh_order_operate.html?command=get_materiel&rest_code=00150&code=00101007061&supplier_code=00100002&order_time=2020-10-16 HTTP/1.1" 200 409
124.77.70.31 - - [16/Oct/2020:09:50:07 +0800] "GET /xingrg/check_reg.html?_=1602812996089 HTTP/1.1" 200 22
124.77.70.31 - - [16/Oct/2020:09:50:07 +0800] "GET /xingrg/all/function/internal_message.html?_=1602812996121&CODE_STATE=getMsg HTTP/1.1" 200 27
114.88.166.242 - - [16/Oct/2020:09:50:08 +0800] "GET /xingrg/all/function/internal_message.html?_=1602813004295&CODE_STATE=getMsg HTTP/1.1" 200 27
117.185.32.26 - - [16/Oct/2020:09:50:09 +0800] "GET /xingrg/all/function/internal_message.html?_=1602813003641&CODE_STATE=getMsg HTTP/1.1" 200 27
180.174.56.115 - - [16/Oct/2020:09:50:10 +0800] "GET /xingrg/all/function/internal_message.html?_=1602812975199&CODE_STATE=getMsg HTTP/1.1" 200 27
180.174.56.115 - - [16/Oct/2020:09:50:17 +0800] "GET /xingrg/kc/buy/cgsh_order_operate.html?command=get_materiel&rest_code=00150&code=00101007049&supplier_code=00100002&order_time=2020-10-16 HTTP/1.1" 200 409
101.88.151.31 - - [16/Oct/2020:09:50:17 +0800] "GET /xingrg/all/function/internal_message.html?_=1602813010332&CODE_STATE=getMsg HTTP/1.1" 200 27
218.81.217.115 - - [16/Oct/2020:09:50:19 +0800] "GET /xingrg/all/function/internal_message.html?_=1602813031885&CODE_STATE=getMsg HTTP/1.1" 200 27
114.88.166.242 - - [16/Oct/2020:09:50:20 +0800] "GET /xingrg/all/function/internal_message.html?_=1602813104309&CODE_STATE=getMsg HTTP/1.1" 200 27
180.174.56.115 - - [16/Oct/2020:09:50:25 +0800] "GET /xingrg/kc/buy/cgsh_order_operate.html?command=get_materiel&rest_code=00150&code=00101007048&supplier_code=00100002&order_time=2020-10-16 HTTP/1.1" 200 408
222.69.136.129 - - [16/Oct/2020:09:50:29 +0800] "GET /xingrg/all/function/internal_message.html?_=1602813023514&CODE_STATE=getMsg HTTP/1.1" 200 27
180.157.253.48 - - [16/Oct/2020:09:50:32 +0800] "GET /xingrg/all/function/internal_message.html?_=1602813036162&CODE_STATE=getMsg HTTP/1.1" 200 27
180.162.245.190 - - [16/Oct/2020:09:50:32 +0800] "GET /xingrg/all/function/internal_message.html?_=1602813031093&CODE_STATE=getMsg HTTP/1.1" 200 27
180.174.56.115 - - [16/Oct/2020:09:50:32 +0800] "GET /xingrg/kc/buy/cgsh_order_operate.html?command=get_materiel&rest_code=00150&code=00101007083&supplier_code=00100002&order_time=2020-10-16 HTTP/1.1" 200 421
172.17.200.101 - - [16/Oct/2020:09:50:40 +0800] "GET /xingrg/all/function/internal_message.html?_=1602813040095&CODE_STATE=getMsg HTTP/1.1" 200 27
180.174.56.115 - - [16/Oct/2020:09:50:41 +0800] "GET /xingrg/kc/buy/cgsh_order_operate.html?command=get_materiel&rest_code=00150&code=00101007077&supplier_code=00100002&order_time=2020-10-16 HTTP/1.1" 200 415
101.85.95.39 - - [16/Oct/2020:09:50:44 +0800] "GET /xingrg/all/function/internal_message.html?_=1602812825490&CODE_STATE=getMsg HTTP/1.1" 200 27
116.233.76.41 - - [16/Oct/2020:09:50:49 +0800] "GET /xingrg/all/function/internal_message.html?_=1602813055361&CODE_STATE=getMsg HTTP/1.1" 200 27
180.174.56.115 - - [16/Oct/2020:09:50:53 +0800] "GET /xingrg/check_reg.html?_=1602813051418 HTTP/1.1" 200 22
180.174.56.115 - - [16/Oct/2020:09:50:53 +0800] "GET /xingrg/all/function/internal_message.html?_=1602813051421&CODE_STATE=getMsg HTTP/1.1" 200 27
218.81.217.115 - - [16/Oct/2020:09:50:54 +0800] "GET /xingrg/all/function/internal_message.html?_=1602813050298&CODE_STATE=getMsg HTTP/1.1" 200 27
180.174.56.115 - - [16/Oct/2020:09:50:54 +0800] "GET /xingrg/kc/buy/cgsh_order_operate.html?command=get_materiel&rest_code=00150&code=00101007031&supplier_code=00100002&order_time=2020-10-16 HTTP/1.1" 200 413
58.40.7.146 - - [16/Oct/2020:09:50:56 +0800] "GET /xingrg/all/function/internal_message.html?_=1602813053174&CODE_STATE=getMsg HTTP/1.1" 200 27
58.37.8.227 - - [16/Oct/2020:09:51:00 +0800] "GET /xingrg/all/function/internal_message.html?_=1602813056825&CODE_STATE=getMsg HTTP/1.1" 200 27
172.17.0.120 - - [16/Oct/2020:09:51:00 +0800] "GET /xingrg/all/function/internal_message.html?_=1602813058140&CODE_STATE=getMsg HTTP/1.1" 200 27
117.184.7.26 - - [16/Oct/2020:09:51:01 +0800] "GET /xingrg/all/function/internal_message.html?_=1602813055131&CODE_STATE=getMsg HTTP/1.1" 200 27
116.233.76.41 - - [16/Oct/2020:09:51:02 +0800] "GET /xingrg/all/function/internal_message.html?_=1602813090031&CODE_STATE=getMsg HTTP/1.1" 200 27
114.88.166.242 - - [16/Oct/2020:09:51:06 +0800] "GET /xingrg/javascript/jquery_tools/images/next.gif HTTP/1.1" 404 1086
114.88.166.242 - - [16/Oct/2020:09:51:06 +0800] "GET /xingrg/javascript/jquery_tools/images/prev.gif HTTP/1.1" 404 1086
124.77.70.31 - - [16/Oct/2020:09:51:07 +0800] "GET /xingrg/all/function/internal_message.html?_=1602813056096&CODE_STATE=getMsg HTTP/1.1" 200 27
180.174.56.115 - - [16/Oct/2020:09:51:08 +0800] "GET /xingrg/kc/buy/cgsh_order_operate.html?command=get_materiel&rest_code=00150&code=00101007059&supplier_code=00100002&order_time=2020-10-16 HTTP/1.1" 200 428
114.88.166.242 - - [16/Oct/2020:09:51:08 +0800] "GET /xingrg/all/function/internal_message.html?_=1602813064369&CODE_STATE=getMsg HTTP/1.1" 200 27
117.185.32.26 - - [16/Oct/2020:09:51:09 +0800] "GET /xingrg/all/function/internal_message.html?_=1602813063641&CODE_STATE=getMsg HTTP/1.1" 200 27
180.174.56.115 - - [16/Oct/2020:09:51:10 +0800] "GET /xingrg/check_reg.html?_=1602813035056 HTTP/1.1" 200 22
180.174.56.115 - - [16/Oct/2020:09:51:10 +0800] "GET /xingrg/all/function/internal_message.html?_=1602813035213&CODE_STATE=getMsg HTTP/1.1" 200 27
114.88.166.242 - - [16/Oct/2020:09:51:14 +0800] "GET /xingrg/kc/buy/cgsh_order_operate.html?command=get_materiel&rest_code=00111&code=00101007048&supplier_code=00100037&order_time=2020-10-16 HTTP/1.1" 200 408
101.88.151.31 - - [16/Oct/2020:09:51:17 +0800] "GET /xingrg/all/function/internal_message.html?_=1602813070344&CODE_STATE=getMsg HTTP/1.1" 200 27
218.81.217.115 - - [16/Oct/2020:09:51:19 +0800] "GET /xingrg/all/function/internal_message.html?_=1602813092091&CODE_STATE=getMsg HTTP/1.1" 200 27
114.88.166.242 - - [16/Oct/2020:09:51:20 +0800] "GET /xingrg/all/function/internal_message.html?_=1602813164303&CODE_STATE=getMsg HTTP/1.1" 200 27
114.88.166.242 - - [16/Oct/2020:09:51:21 +0800] "GET /xingrg/kc/buy/cgsh_order_operate.html?command=get_materiel&rest_code=00111&code=00101010581&supplier_code=00100037&order_time=2020-10-16 HTTP/1.1" 200 416
180.174.56.115 - - [16/Oct/2020:09:51:22 +0800] "GET /xingrg/kc/buy/cgsh_order_operate.html?command=get_materiel&rest_code=00150&code=00101007071&supplier_code=00100002&order_time=2020-10-16 HTTP/1.1" 200 417
222.69.136.129 - - [16/Oct/2020:09:51:29 +0800] "GET /xingrg/check_reg.html?_=1602813083342 HTTP/1.1" 200 22
222.69.136.129 - - [16/Oct/2020:09:51:29 +0800] "GET /xingrg/all/function/internal_message.html?_=1602813083491&CODE_STATE=getMsg HTTP/1.1" 200 27
180.157.253.48 - - [16/Oct/2020:09:51:32 +0800] "GET /xingrg/all/function/internal_message.html?_=1602813096389&CODE_STATE=getMsg HTTP/1.1" 200 27
180.162.245.190 - - [16/Oct/2020:09:51:32 +0800] "GET /xingrg/all/function/internal_message.html?_=1602813091064&CODE_STATE=getMsg HTTP/1.1" 200 27
180.162.245.190 - - [16/Oct/2020:09:51:33 +0800] "GET /xingrg/check_reg.html?_=1602813091831 HTTP/1.1" 200 22
114.88.166.242 - - [16/Oct/2020:09:51:36 +0800] "GET /xingrg/kc/buy/cgsh_order_operate.html?command=get_materiel&rest_code=00111&code=00101008257&supplier_code=00100037&order_time=2020-10-16 HTTP/1.1" 200 416
172.17.200.101 - - [16/Oct/2020:09:51:40 +0800] "GET /xingrg/all/function/internal_message.html?_=1602813100098&CODE_STATE=getMsg HTTP/1.1" 200 27
180.161.96.95 - - [16/Oct/2020:09:51:42 +0800] "GET /xingrg/javascript/easyui/themes/default/tree.css HTTP/1.1" 404 1090
180.161.96.95 - - [16/Oct/2020:09:51:42 +0800] "POST /xingrg/all/common/load_tree.html?tree=supplier_tree_json&isDelete=1 HTTP/1.1" 200 50541
114.88.166.242 - - [16/Oct/2020:09:51:43 +0800] "GET /xingrg/kc/buy/cgsh_order_operate.html?command=get_materiel&rest_code=00111&code=00101007109&supplier_code=00100037&order_time=2020-10-16 HTTP/1.1" 200 428
101.85.95.39 - - [16/Oct/2020:09:51:44 +0800] "GET /xingrg/check_reg.html?_=1602812885507 HTTP/1.1" 200 22
101.85.95.39 - - [16/Oct/2020:09:51:44 +0800] "GET /xingrg/all/function/internal_message.html?_=1602812885505&CODE_STATE=getMsg HTTP/1.1" 200 27
180.174.56.115 - - [16/Oct/2020:09:51:45 +0800] "POST /xingrg/kc/buy/cgsh_order_operate.html HTTP/1.1" 200 37
180.174.56.115 - - [16/Oct/2020:09:51:47 +0800] "POST /xingrg/kc/buy/cgsh_order_operate.html HTTP/1.1" 200 12
180.174.56.115 - - [16/Oct/2020:09:51:48 +0800] "GET /xingrg/kc/buy/cgsh_order_info.html?code=212020101606404 HTTP/1.1" 200 54780
180.174.56.115 - - [16/Oct/2020:09:51:49 +0800] "GET /xingrg/javascript/easyui/themes/default/validatebox.css HTTP/1.1" 404 1104
180.174.56.115 - - [16/Oct/2020:09:51:49 +0800] "POST /xingrg/kc/buy/cgsh_order_operate.html HTTP/1.1" 200 4752
116.233.76.41 - - [16/Oct/2020:09:51:49 +0800] "GET /xingrg/all/function/internal_message.html?_=1602813115359&CODE_STATE=getMsg HTTP/1.1" 200 27
114.88.166.242 - - [16/Oct/2020:09:51:50 +0800] "GET /xingrg/kc/buy/cgsh_order_operate.html?command=get_materiel&rest_code=00111&code=00101012025&supplier_code=00100037&order_time=2020-10-16 HTTP/1.1" 200 412
180.174.56.115 - - [16/Oct/2020:09:51:50 +0800] "GET /xingrg/kc/print/load_data.html?order_code=212020101606404&kc_code=cgsh&condition= HTTP/1.1" 200 2388
180.174.56.115 - - [16/Oct/2020:09:51:53 +0800] "GET /xingrg/all/function/internal_message.html?_=1602813111457&CODE_STATE=getMsg HTTP/1.1" 200 27
218.81.217.115 - - [16/Oct/2020:09:51:54 +0800] "GET /xingrg/all/function/internal_message.html?_=1602813110304&CODE_STATE=getMsg HTTP/1.1" 200 27
58.40.7.146 - - [16/Oct/2020:09:51:55 +0800] "GET /xingrg/all/function/internal_message.html?_=1602813113160&CODE_STATE=getMsg HTTP/1.1" 200 27
180.161.96.95 - - [16/Oct/2020:09:51:57 +0800] "GET /xingrg/kc/buy/cgsh_order_operate.html?command=get_materiel&rest_code=00102&code=00101007059&supplier_code=00100002&order_time=2020-10-16 HTTP/1.1" 200 428
114.88.166.242 - - [16/Oct/2020:09:51:57 +0800] "GET /xingrg/kc/buy/cgsh_order_operate.html?command=get_materiel&rest_code=00111&code=00101011010&supplier_code=00100037&order_time=2020-10-16 HTTP/1.1" 200 418
58.37.8.227 - - [16/Oct/2020:09:52:00 +0800] "GET /xingrg/all/function/internal_message.html?_=1602813116810&CODE_STATE=getMsg HTTP/1.1" 200 27
172.17.0.120 - - [16/Oct/2020:09:52:00 +0800] "GET /xingrg/all/function/internal_message.html?_=1602813118134&CODE_STATE=getMsg HTTP/1.1" 200 27
117.184.7.26 - - [16/Oct/2020:09:52:01 +0800] "GET /xingrg/all/function/internal_message.html?_=1602813115157&CODE_STATE=getMsg HTTP/1.1" 200 27
117.184.7.26 - - [16/Oct/2020:09:52:01 +0800] "GET /xingrg/check_reg.html?_=1602813115160 HTTP/1.1" 200 22
116.233.76.41 - - [16/Oct/2020:09:52:01 +0800] "GET /xingrg/all/function/internal_message.html?_=1602813150031&CODE_STATE=getMsg HTTP/1.1" 200 27
114.88.166.242 - - [16/Oct/2020:09:52:02 +0800] "GET /xingrg/check_reg.html?_=1602813117878 HTTP/1.1" 200 22
114.88.166.242 - - [16/Oct/2020:09:52:06 +0800] "GET /xingrg/kc/buy/cgsh_order_operate.html?command=get_materiel&rest_code=00111&code=00101008284&supplier_code=00100037&order_time=2020-10-16 HTTP/1.1" 200 412
124.77.70.31 - - [16/Oct/2020:09:52:07 +0800] "GET /xingrg/all/function/internal_message.html?_=1602813116076&CODE_STATE=getMsg HTTP/1.1" 200 27
180.161.96.95 - - [16/Oct/2020:09:52:08 +0800] "GET /xingrg/kc/buy/cgsh_order_operate.html?command=get_materiel&rest_code=00102&code=00101007001&supplier_code=00100002&order_time=2020-10-16 HTTP/1.1" 200 409
114.88.166.242 - - [16/Oct/2020:09:52:09 +0800] "GET /xingrg/all/function/internal_message.html?_=1602813124383&CODE_STATE=getMsg HTTP/1.1" 200 27
117.185.32.26 - - [16/Oct/2020:09:52:09 +0800] "GET /xingrg/all/function/internal_message.html?_=1602813123642&CODE_STATE=getMsg HTTP/1.1" 200 27
180.174.56.115 - - [16/Oct/2020:09:52:10 +0800] "GET /xingrg/all/function/internal_message.html?_=1602813095226&CODE_STATE=getMsg HTTP/1.1" 200 27
114.88.166.242 - - [16/Oct/2020:09:52:17 +0800] "GET /xingrg/kc/buy/cgsh_order_operate.html?command=get_materiel&rest_code=00111&code=00101015097&supplier_code=00100037&order_time=2020-10-16 HTTP/1.1" 200 402
101.88.151.31 - - [16/Oct/2020:09:52:17 +0800] "GET /xingrg/all/function/internal_message.html?_=1602813130339&CODE_STATE=getMsg HTTP/1.1" 200 27
218.81.217.115 - - [16/Oct/2020:09:52:19 +0800] "GET /xingrg/all/function/internal_message.html?_=1602813152099&CODE_STATE=getMsg HTTP/1.1" 200 27
114.88.166.242 - - [16/Oct/2020:09:52:20 +0800] "GET /xingrg/all/function/internal_message.html?_=1602813224341&CODE_STATE=getMsg HTTP/1.1" 200 27
180.157.253.48 - - [16/Oct/2020:09:52:20 +0800] "GET /xingrg/check_reg.html?_=1602813144557 HTTP/1.1" 200 22
180.161.96.95 - - [16/Oct/2020:09:52:27 +0800] "GET /xingrg/kc/buy/cgsh_order_operate.html?command=get_materiel&rest_code=00102&code=00101007085&supplier_code=00100002&order_time=2020-10-16 HTTP/1.1" 200 413
114.88.166.242 - - [16/Oct/2020:09:52:29 +0800] "GET /xingrg/kc/buy/cgsh_order_operate.html?command=get_materiel&rest_code=00111&code=00101009013&supplier_code=00100037&order_time=2020-10-16 HTTP/1.1" 200 420
222.69.136.129 - - [16/Oct/2020:09:52:29 +0800] "GET /xingrg/all/function/internal_message.html?_=1602813143474&CODE_STATE=getMsg HTTP/1.1" 200 27
180.157.253.48 - - [16/Oct/2020:09:52:32 +0800] "GET /xingrg/all/function/internal_message.html?_=1602813156393&CODE_STATE=getMsg HTTP/1.1" 200 27
180.162.245.190 - - [16/Oct/2020:09:52:32 +0800] "GET /xingrg/all/function/internal_message.html?_=1602813151034&CODE_STATE=getMsg HTTP/1.1" 200 27
180.161.96.95 - - [16/Oct/2020:09:52:36 +0800] "GET /xingrg/kc/buy/cgsh_order_operate.html?command=get_materiel&rest_code=00102&code=00101007082&supplier_code=00100002&order_time=2020-10-16 HTTP/1.1" 200 427
172.17.200.101 - - [16/Oct/2020:09:52:40 +0800] "GET /xingrg/all/function/internal_message.html?_=1602813160110&CODE_STATE=getMsg HTTP/1.1" 200 27
114.88.166.242 - - [16/Oct/2020:09:52:41 +0800] "GET /xingrg/kc/buy/cgsh_order_operate.html?command=get_materiel&rest_code=00111&code=00101012026&supplier_code=00100037&order_time=2020-10-16 HTTP/1.1" 200 408
180.174.56.115 - - [16/Oct/2020:09:52:42 +0800] "POST /xingrg/all/user/operate.html HTTP/1.1" 200 36
180.174.56.115 - - [16/Oct/2020:09:52:43 +0800] "GET /xingrg/javascript/jquery_easy_ui/themes/default/easyui.css HTTP/1.1" 304 -
180.174.56.115 - - [16/Oct/2020:09:52:43 +0800] "GET /xingrg/index.html?sysBaseUrl=http%3A%2F%2F180.169.147.146%3A18081%2Fxingrg%2F&costTime=41×tamp=1602812468598 HTTP/1.1" 200 17177
180.174.56.115 - - [16/Oct/2020:09:52:43 +0800] "GET /xingrg/javascript/jquery_easy_ui/themes/icon.css HTTP/1.1" 304 -
180.174.56.115 - - [16/Oct/2020:09:52:43 +0800] "GET /xingrg/css/form.css HTTP/1.1" 304 -
180.174.56.115 - - [16/Oct/2020:09:52:43 +0800] "GET /xingrg/javascript/jquery-1.4.2.min.js HTTP/1.1" 304 -
180.174.56.115 - - [16/Oct/2020:09:52:43 +0800] "GET /xingrg/javascript/jquery_easy_ui/jquery.easyui.min.js HTTP/1.1" 304 -
180.174.56.115 - - [16/Oct/2020:09:52:43 +0800] "GET /xingrg/javascript/jquery_easy_ui/easyui-lang-zh_CN.js HTTP/1.1" 304 -
180.174.56.115 - - [16/Oct/2020:09:52:43 +0800] "GET /xingrg/javascript/jquery.form.js HTTP/1.1" 304 -
180.174.56.115 - - [16/Oct/2020:09:52:43 +0800] "GET /xingrg/javascript/jquery.utils.js HTTP/1.1" 304 -
180.174.56.115 - - [16/Oct/2020:09:52:43 +0800] "GET /xingrg/javascript/jquery.timers.js HTTP/1.1" 304 -
180.174.56.115 - - [16/Oct/2020:09:52:43 +0800] "GET /xingrg/images/blue/jxLogo.png HTTP/1.1" 304 -
180.174.56.115 - - [16/Oct/2020:09:52:43 +0800] "GET /xingrg/images/blue/navBackgound.jpg HTTP/1.1" 304 -
180.174.56.115 - - [16/Oct/2020:09:52:43 +0800] "GET /xingrg/javascript/jquery_easy_ui/themes/icons/settle_new.png HTTP/1.1" 304 -
180.174.56.115 - - [16/Oct/2020:09:52:43 +0800] "GET /xingrg/images/blue/pingpu.png HTTP/1.1" 304 -
180.174.56.115 - - [16/Oct/2020:09:52:43 +0800] "POST /xingrg/all/common/load_tree.html?tree=area_rest_tree_json&manage=1 HTTP/1.1" 200 476
180.174.56.115 - - [16/Oct/2020:09:52:43 +0800] "GET /xingrg/javascript/jquery_easy_ui/themes/default/images/tabs_leftarrow.png HTTP/1.1" 304 -
180.174.56.115 - - [16/Oct/2020:09:52:43 +0800] "GET /xingrg/javascript/jquery_easy_ui/themes/default/images/tabs_rightarrow.png HTTP/1.1" 304 -
180.174.56.115 - - [16/Oct/2020:09:52:43 +0800] "GET /xingrg/javascript/jquery_easy_ui/themes/default/images/panel_tool_collapse.gif HTTP/1.1" 304 -
180.174.56.115 - - [16/Oct/2020:09:52:43 +0800] "GET /xingrg/all/function/internal_message.html?_=1602813128192&CODE_STATE=count HTTP/1.1" 200 11
180.174.56.115 - - [16/Oct/2020:09:52:43 +0800] "GET /xingrg/check_reg.html?_=1602813128192 HTTP/1.1" 200 22
180.174.56.115 - - [16/Oct/2020:09:52:43 +0800] "POST /xingrg/load_menu.html HTTP/1.1" 200 5138
101.85.95.39 - - [16/Oct/2020:09:52:44 +0800] "GET /xingrg/all/function/internal_message.html?_=1602812945491&CODE_STATE=getMsg HTTP/1.1" 200 27
180.174.56.115 - - [16/Oct/2020:09:52:46 +0800] "GET /xingrg/kc/buy/cgsh_order_list.html HTTP/1.1" 200 44203
180.174.56.115 - - [16/Oct/2020:09:52:47 +0800] "POST /xingrg/kc/buy/cgsh_list_operate.html HTTP/1.1" 200 1688
180.161.96.95 - - [16/Oct/2020:09:52:48 +0800] "GET /xingrg/kc/buy/cgsh_order_operate.html?command=get_materiel&rest_code=00102&code=00101007061&supplier_code=00100002&order_time=2020-10-16 HTTP/1.1" 200 409
116.233.76.41 - - [16/Oct/2020:09:52:49 +0800] "GET /xingrg/all/function/internal_message.html?_=1602813175357&CODE_STATE=getMsg HTTP/1.1" 200 27
180.174.56.115 - - [16/Oct/2020:09:52:51 +0800] "GET /xingrg/kc/buy/cgsh_order_add.html HTTP/1.1" 200 59591
180.174.56.115 - - [16/Oct/2020:09:52:52 +0800] "POST /xingrg/kc/buy/cgsh_order_operate.html HTTP/1.1" 200 8245
180.174.56.115 - - [16/Oct/2020:09:52:52 +0800] "GET /xingrg/all/common/auto_word.html?type=employee&rest_code=00151 HTTP/1.1" 200 243
180.174.56.115 - - [16/Oct/2020:09:52:52 +0800] "GET /xingrg/all/common/auto_word.html?type=employee&rest_code=00151 HTTP/1.1" 200 243
180.174.56.115 - - [16/Oct/2020:09:52:52 +0800] "GET /xingrg/javascript/easyui/themes/default/validatebox.css HTTP/1.1" 404 1104
180.174.56.115 - - [16/Oct/2020:09:52:53 +0800] "GET /xingrg/javascript/auto/indicator.gif HTTP/1.1" 404 1066
180.174.56.115 - - [16/Oct/2020:09:52:53 +0800] "GET /xingrg/all/function/internal_message.html?_=1602813171505&CODE_STATE=getMsg HTTP/1.1" 200 27
218.81.217.115 - - [16/Oct/2020:09:52:54 +0800] "GET /xingrg/all/function/internal_message.html?_=1602813170500&CODE_STATE=getMsg HTTP/1.1" 200 27
58.40.7.146 - - [16/Oct/2020:09:52:55 +0800] "GET /xingrg/all/function/internal_message.html?_=1602813173131&CODE_STATE=getMsg HTTP/1.1" 200 27
58.37.8.227 - - [16/Oct/2020:09:53:00 +0800] "GET /xingrg/all/function/internal_message.html?_=1602813176767&CODE_STATE=getMsg HTTP/1.1" 200 27
172.17.0.120 - - [16/Oct/2020:09:53:00 +0800] "GET /xingrg/all/function/internal_message.html?_=1602813178147&CODE_STATE=getMsg HTTP/1.1" 200 27
117.184.7.26 - - [16/Oct/2020:09:53:01 +0800] "GET /xingrg/all/function/internal_message.html?_=1602813175152&CODE_STATE=getMsg HTTP/1.1" 200 27
116.233.76.41 - - [16/Oct/2020:09:53:01 +0800] "GET /xingrg/check_reg.html?_=1602813210031 HTTP/1.1" 200 22
116.233.76.41 - - [16/Oct/2020:09:53:01 +0800] "GET /xingrg/all/function/internal_message.html?_=1602813210031&CODE_STATE=getMsg HTTP/1.1" 200 27
180.161.96.95 - - [16/Oct/2020:09:53:05 +0800] "POST /xingrg/kc/buy/cgsh_order_operate.html HTTP/1.1" 200 37
124.77.70.31 - - [16/Oct/2020:09:53:07 +0800] "GET /xingrg/all/function/internal_message.html?_=1602813176053&CODE_STATE=getMsg HTTP/1.1" 200 27
114.88.166.242 - - [16/Oct/2020:09:53:09 +0800] "GET /xingrg/all/function/internal_message.html?_=1602813184402&CODE_STATE=getMsg HTTP/1.1" 200 27
114.88.166.242 - - [16/Oct/2020:09:53:09 +0800] "GET /xingrg/kc/buy/cgsh_order_operate.html?command=get_materiel&rest_code=00111&code=00101009063&supplier_code=00100037&order_time=2020-10-16 HTTP/1.1" 200 409
117.185.32.26 - - [16/Oct/2020:09:53:09 +0800] "GET /xingrg/all/function/internal_message.html?_=1602813183641&CODE_STATE=getMsg HTTP/1.1" 200 27
180.174.56.115 - - [16/Oct/2020:09:53:10 +0800] "GET /xingrg/kc/buy/cgsh_order_operate.html?command=get_materiel&rest_code=00151&code=00101006038&supplier_code=00100012&order_time=2020-10-16 HTTP/1.1" 200 442
180.161.96.95 - - [16/Oct/2020:09:53:13 +0800] "POST /xingrg/kc/buy/cgsh_order_operate.html HTTP/1.1" 200 12
58.37.8.227 - - [16/Oct/2020:09:53:13 +0800] "GET /xingrg/check_reg.html?_=1602813189459 HTTP/1.1" 200 22
180.161.96.95 - - [16/Oct/2020:09:53:14 +0800] "GET /xingrg/kc/buy/cgsh_order_info.html?code=212020101606405 HTTP/1.1" 200 54797
180.161.96.95 - - [16/Oct/2020:09:53:15 +0800] "GET /xingrg/javascript/easyui/themes/default/validatebox.css HTTP/1.1" 404 1104
180.161.96.95 - - [16/Oct/2020:09:53:15 +0800] "POST /xingrg/kc/buy/cgsh_order_operate.html HTTP/1.1" 200 3574
180.161.96.95 - - [16/Oct/2020:09:53:17 +0800] "GET /xingrg/kc/print/load_data.html?order_code=212020101606405&kc_code=cgsh&condition= HTTP/1.1" 200 1904
101.88.151.31 - - [16/Oct/2020:09:53:17 +0800] "GET /xingrg/check_reg.html?_=1602813190338 HTTP/1.1" 200 22
101.88.151.31 - - [16/Oct/2020:09:53:17 +0800] "GET /xingrg/all/function/internal_message.html?_=1602813190359&CODE_STATE=getMsg HTTP/1.1" 200 27
218.81.217.115 - - [16/Oct/2020:09:53:18 +0800] "GET /xingrg/check_reg.html?_=1602813210277 HTTP/1.1" 200 22
218.81.217.115 - - [16/Oct/2020:09:53:20 +0800] "GET /xingrg/all/function/internal_message.html?_=1602813212113&CODE_STATE=getMsg HTTP/1.1" 200 27
114.88.166.242 - - [16/Oct/2020:09:53:20 +0800] "GET /xingrg/check_reg.html?_=1602813284339 HTTP/1.1" 200 22
114.88.166.242 - - [16/Oct/2020:09:53:20 +0800] "GET /xingrg/all/function/internal_message.html?_=1602813284341&CODE_STATE=getMsg HTTP/1.1" 200 27
180.161.96.95 - - [16/Oct/2020:09:53:22 +0800] "GET /xingrg/kc/buy/cgsh_order_add.html HTTP/1.1" 200 59896
180.161.96.95 - - [16/Oct/2020:09:53:24 +0800] "POST /xingrg/kc/buy/cgsh_order_operate.html HTTP/1.1" 200 8245
180.161.96.95 - - [16/Oct/2020:09:53:24 +0800] "GET /xingrg/javascript/easyui/themes/default/validatebox.css HTTP/1.1" 404 1104
180.161.96.95 - - [16/Oct/2020:09:53:24 +0800] "GET /xingrg/javascript/easyui/themes/default/tree.css HTTP/1.1" 404 1090
180.161.96.95 - - [16/Oct/2020:09:53:25 +0800] "POST /xingrg/all/common/load_tree.html?tree=supplier_tree_json&isDelete=1 HTTP/1.1" 200 50541
222.69.136.129 - - [16/Oct/2020:09:53:29 +0800] "GET /xingrg/all/function/internal_message.html?_=1602813203459&CODE_STATE=getMsg HTTP/1.1" 200 27
58.40.7.146 - - [16/Oct/2020:09:53:30 +0800] "GET /xingrg/check_reg.html?_=1602813207509 HTTP/1.1" 200 22
180.162.245.190 - - [16/Oct/2020:09:53:32 +0800] "GET /xingrg/all/function/internal_message.html?_=1602813211007&CODE_STATE=getMsg HTTP/1.1" 200 27
180.157.253.48 - - [16/Oct/2020:09:53:32 +0800] "GET /xingrg/all/function/internal_message.html?_=1602813216407&CODE_STATE=getMsg HTTP/1.1" 200 27
114.88.166.242 - - [16/Oct/2020:09:53:32 +0800] "GET /xingrg/kc/buy/cgsh_order_operate.html?command=get_materiel&rest_code=00111&code=00101012002&supplier_code=00100037&order_time=2020-10-16 HTTP/1.1" 200 438
180.161.96.95 - - [16/Oct/2020:09:53:35 +0800] "GET /xingrg/kc/buy/cgsh_order_operate.html?command=get_materiel&rest_code=00102&code=00101016038&supplier_code=00100031&order_time=2020-10-16 HTTP/1.1" 200 408
172.17.200.101 - - [16/Oct/2020:09:53:40 +0800] "GET /xingrg/all/function/internal_message.html?_=1602813220105&CODE_STATE=getMsg HTTP/1.1" 200 27
180.161.96.95 - - [16/Oct/2020:09:53:43 +0800] "GET /xingrg/kc/buy/cgsh_order_operate.html?command=get_materiel&rest_code=00102&code=00101005037&supplier_code=00100031&order_time=2020-10-16 HTTP/1.1" 200 409
180.174.56.115 - - [16/Oct/2020:09:53:43 +0800] "GET /xingrg/all/function/internal_message.html?_=1602813188203&CODE_STATE=getMsg HTTP/1.1" 200 27
101.85.95.39 - - [16/Oct/2020:09:53:44 +0800] "GET /xingrg/all/function/internal_message.html?_=1602813005505&CODE_STATE=getMsg HTTP/1.1" 200 27
218.81.217.115 - - [16/Oct/2020:09:53:47 +0800] "GET /xingrg/check_reg.html?_=1602813223907 HTTP/1.1" 200 22
116.233.76.41 - - [16/Oct/2020:09:53:49 +0800] "GET /xingrg/all/function/internal_message.html?_=1602813235385&CODE_STATE=getMsg HTTP/1.1" 200 27
116.233.76.41 - - [16/Oct/2020:09:53:49 +0800] "GET /xingrg/check_reg.html?_=1602813235385 HTTP/1.1" 200 22
114.88.166.242 - - [16/Oct/2020:09:53:52 +0800] "GET /xingrg/kc/buy/cgsh_order_operate.html?command=get_materiel&rest_code=00111&code=00101011003&supplier_code=00100037&order_time=2020-10-16 HTTP/1.1" 200 412
180.174.56.115 - - [16/Oct/2020:09:53:53 +0800] "GET /xingrg/all/function/internal_message.html?_=1602813231557&CODE_STATE=getMsg HTTP/1.1" 200 27
218.81.217.115 - - [16/Oct/2020:09:53:54 +0800] "GET /xingrg/all/function/internal_message.html?_=1602813230503&CODE_STATE=getMsg HTTP/1.1" 200 27
58.40.7.146 - - [16/Oct/2020:09:53:55 +0800] "GET /xingrg/all/function/internal_message.html?_=1602813233103&CODE_STATE=getMsg HTTP/1.1" 200 27
58.37.8.227 - - [16/Oct/2020:09:54:00 +0800] "GET /xingrg/all/function/internal_message.html?_=1602813236741&CODE_STATE=getMsg HTTP/1.1" 200 27
116.233.76.41 - - [16/Oct/2020:09:54:00 +0800] "GET /xingrg/all/function/internal_message.html?_=1602813270031&CODE_STATE=getMsg HTTP/1.1" 200 27
172.17.0.120 - - [16/Oct/2020:09:54:00 +0800] "GET /xingrg/check_reg.html?_=1602813238143 HTTP/1.1" 200 22
172.17.0.120 - - [16/Oct/2020:09:54:00 +0800] "GET /xingrg/all/function/internal_message.html?_=1602813238147&CODE_STATE=getMsg HTTP/1.1" 200 27
117.184.7.26 - - [16/Oct/2020:09:54:01 +0800] "GET /xingrg/all/function/internal_message.html?_=1602813235158&CODE_STATE=getMsg HTTP/1.1" 200 27
124.77.70.31 - - [16/Oct/2020:09:54:07 +0800] "GET /xingrg/all/function/internal_message.html?_=1602813236041&CODE_STATE=getMsg HTTP/1.1" 200 27
114.88.166.242 - - [16/Oct/2020:09:54:09 +0800] "GET /xingrg/all/function/internal_message.html?_=1602813244458&CODE_STATE=getMsg HTTP/1.1" 200 27
117.185.32.26 - - [16/Oct/2020:09:54:09 +0800] "GET /xingrg/check_reg.html?_=1602813243643 HTTP/1.1" 200 22
117.185.32.26 - - [16/Oct/2020:09:54:09 +0800] "GET /xingrg/all/function/internal_message.html?_=1602813243641&CODE_STATE=getMsg HTTP/1.1" 200 27
101.88.151.31 - - [16/Oct/2020:09:54:17 +0800] "GET /xingrg/all/function/internal_message.html?_=1602813250346&CODE_STATE=getMsg HTTP/1.1" 200 27
218.81.217.115 - - [16/Oct/2020:09:54:20 +0800] "GET /xingrg/all/function/internal_message.html?_=1602813272126&CODE_STATE=getMsg HTTP/1.1" 200 27
114.88.166.242 - - [16/Oct/2020:09:54:20 +0800] "GET /xingrg/all/function/internal_message.html?_=1602813344314&CODE_STATE=getMsg HTTP/1.1" 200 27
180.174.56.115 - - [16/Oct/2020:09:54:23 +0800] "GET /xingrg/kc/buy/cgsh_order_operate.html?command=get_materiel&rest_code=00151&code=00101008331&supplier_code=00100007&order_time=2020-10-16 HTTP/1.1" 200 416
222.69.136.129 - - [16/Oct/2020:09:54:29 +0800] "GET /xingrg/all/function/internal_message.html?_=1602813263452&CODE_STATE=getMsg HTTP/1.1" 200 27
180.162.245.190 - - [16/Oct/2020:09:54:32 +0800] "GET /xingrg/all/function/internal_message.html?_=1602813270988&CODE_STATE=getMsg HTTP/1.1" 200 27
180.157.253.48 - - [16/Oct/2020:09:54:32 +0800] "GET /xingrg/all/function/internal_message.html?_=1602813276634&CODE_STATE=getMsg HTTP/1.1" 200 27
172.17.200.101 - - [16/Oct/2020:09:54:40 +0800] "GET /xingrg/all/function/internal_message.html?_=1602813280107&CODE_STATE=getMsg HTTP/1.1" 200 27
172.17.200.101 - - [16/Oct/2020:09:54:40 +0800] "GET /xingrg/check_reg.html?_=1602813280111 HTTP/1.1" 200 22
180.174.56.115 - - [16/Oct/2020:09:54:43 +0800] "GET /xingrg/all/function/internal_message.html?_=1602813248216&CODE_STATE=getMsg HTTP/1.1" 200 27
101.85.95.39 - - [16/Oct/2020:09:54:44 +0800] "GET /xingrg/all/function/internal_message.html?_=1602813065505&CODE_STATE=getMsg HTTP/1.1" 200 27
116.233.76.41 - - [16/Oct/2020:09:54:49 +0800] "GET /xingrg/all/function/internal_message.html?_=1602813295382&CODE_STATE=getMsg HTTP/1.1" 200 27
180.174.56.115 - - [16/Oct/2020:09:54:54 +0800] "GET /xingrg/all/function/internal_message.html?_=1602813291591&CODE_STATE=getMsg HTTP/1.1" 200 27
218.81.217.115 - - [16/Oct/2020:09:54:54 +0800] "GET /xingrg/all/function/internal_message.html?_=1602813290518&CODE_STATE=getMsg HTTP/1.1" 200 27
180.161.96.95 - - [16/Oct/2020:09:54:55 +0800] "GET /xingrg/check_reg.html?_=1602813513567 HTTP/1.1" 200 22
58.40.7.146 - - [16/Oct/2020:09:54:55 +0800] "GET /xingrg/all/function/internal_message.html?_=1602813293074&CODE_STATE=getMsg HTTP/1.1" 200 27
58.37.8.227 - - [16/Oct/2020:09:55:00 +0800] "GET /xingrg/all/function/internal_message.html?_=1602813296716&CODE_STATE=getMsg HTTP/1.1" 200 27
116.233.76.41 - - [16/Oct/2020:09:55:00 +0800] "GET /xingrg/all/function/internal_message.html?_=1602813330031&CODE_STATE=getMsg HTTP/1.1" 200 27
172.17.0.120 - - [16/Oct/2020:09:55:00 +0800] "GET /xingrg/all/function/internal_message.html?_=1602813298135&CODE_STATE=getMsg HTTP/1.1" 200 27
117.184.7.26 - - [16/Oct/2020:09:55:01 +0800] "GET /xingrg/all/function/internal_message.html?_=1602813295146&CODE_STATE=getMsg HTTP/1.1" 200 27
124.77.70.31 - - [16/Oct/2020:09:55:07 +0800] "GET /xingrg/all/function/internal_message.html?_=1602813296053&CODE_STATE=getMsg HTTP/1.1" 200 27
124.77.70.31 - - [16/Oct/2020:09:55:07 +0800] "GET /xingrg/check_reg.html?_=1602813296103 HTTP/1.1" 200 22
114.88.166.242 - - [16/Oct/2020:09:55:08 +0800] "GET /xingrg/kc/buy/cgsh_order_operate.html?command=get_materiel&rest_code=00111&code=00101015053&supplier_code=00100037&order_time=2020-10-16 HTTP/1.1" 200 412
114.88.166.242 - - [16/Oct/2020:09:55:09 +0800] "GET /xingrg/all/function/internal_message.html?_=1602813304473&CODE_STATE=getMsg HTTP/1.1" 200 27
117.185.32.26 - - [16/Oct/2020:09:55:09 +0800] "GET /xingrg/all/function/internal_message.html?_=1602813303641&CODE_STATE=getMsg HTTP/1.1" 200 27
101.88.151.31 - - [16/Oct/2020:09:55:17 +0800] "GET /xingrg/all/function/internal_message.html?_=1602813310359&CODE_STATE=getMsg HTTP/1.1" 200 27
