180.157.253.48 - - [16/Oct/2020:10:13:34 +0800] "GET /xingrg/all/function/internal_message.html?_=1602814418161&CODE_STATE=getMsg HTTP/1.1" 200 27
124.77.70.31 - - [16/Oct/2020:10:13:35 +0800] "GET /xingrg/kc/buy/cgsh_order_operate.html?command=get_materiel&rest_code=00107&code=00101001125&supplier_code=00100090&order_time=2020-10-16 HTTP/1.1" 200 415
120.253.135.82 - - [16/Oct/2020:10:13:36 +0800] "GET /xingrg/kc/pszx/mdps_order_info.html?code=312020101200325 HTTP/1.1" 200 23887
120.253.135.82 - - [16/Oct/2020:10:13:36 +0800] "POST /xingrg/kc/pszx/mdps_order_operate.html HTTP/1.1" 200 2278
120.253.135.82 - - [16/Oct/2020:10:13:36 +0800] "GET /xingrg/javascript/easyui/themes/default/validatebox.css HTTP/1.1" 404 1104
180.174.56.115 - - [16/Oct/2020:10:13:37 +0800] "POST /xingrg/services/DataTransmitService HTTP/1.1" 200 524
120.253.135.82 - - [16/Oct/2020:10:13:38 +0800] "POST /xingrg/kc/pszx/mdps_list_operate.html HTTP/1.1" 200 2065
120.253.135.82 - - [16/Oct/2020:10:13:39 +0800] "POST /xingrg/kc/pszx/mdps_list_operate.html HTTP/1.1" 200 371
120.253.135.82 - - [16/Oct/2020:10:13:40 +0800] "GET /xingrg/kc/pszx/mdps_order_info.html?code=312020100700200 HTTP/1.1" 200 23887
172.17.200.101 - - [16/Oct/2020:10:13:40 +0800] "GET /xingrg/all/function/internal_message.html?_=1602814420141&CODE_STATE=getMsg HTTP/1.1" 200 27
120.253.135.82 - - [16/Oct/2020:10:13:40 +0800] "POST /xingrg/kc/pszx/mdps_order_operate.html HTTP/1.1" 200 3269
120.253.135.82 - - [16/Oct/2020:10:13:40 +0800] "GET /xingrg/javascript/easyui/themes/default/validatebox.css HTTP/1.1" 404 1104
101.85.95.39 - - [16/Oct/2020:10:13:44 +0800] "GET /xingrg/all/function/internal_message.html?_=1602814205525&CODE_STATE=getMsg HTTP/1.1" 200 27
180.157.253.48 - - [16/Oct/2020:10:13:44 +0800] "POST /xingrg/services/DataTransmitService HTTP/1.1" 200 524
120.253.135.82 - - [16/Oct/2020:10:13:46 +0800] "POST /xingrg/kc/pszx/mdps_order_operate.html HTTP/1.1" 200 12
120.253.135.82 - - [16/Oct/2020:10:13:46 +0800] "POST /xingrg/kc/pszx/mdps_list_operate.html HTTP/1.1" 200 1692
218.81.217.115 - - [16/Oct/2020:10:13:47 +0800] "GET /xingrg/check_reg.html?_=1602814423926 HTTP/1.1" 200 22
120.253.135.82 - - [16/Oct/2020:10:13:48 +0800] "GET /xingrg/kc/pszx/mdps_order_add.html HTTP/1.1" 200 29118
120.253.135.82 - - [16/Oct/2020:10:13:48 +0800] "POST /xingrg/kc/pszx/mdps_order_operate.html HTTP/1.1" 200 7126
120.253.135.82 - - [16/Oct/2020:10:13:48 +0800] "GET /xingrg/javascript/easyui/themes/default/validatebox.css HTTP/1.1" 404 1104
117.184.7.30 - - [16/Oct/2020:10:13:48 +0800] "GET /xingrg/kc/buy/cgsh_order_operate.html?command=get_materiel&rest_code=00108&code=00101008264&supplier_code=00100008&order_time=2020-10-16 HTTP/1.1" 200 412
116.233.76.41 - - [16/Oct/2020:10:13:49 +0800] "GET /xingrg/all/function/internal_message.html?_=1602814435413&CODE_STATE=getMsg HTTP/1.1" 200 27
116.233.76.41 - - [16/Oct/2020:10:13:49 +0800] "GET /xingrg/check_reg.html?_=1602814435414 HTTP/1.1" 200 22
124.77.70.31 - - [16/Oct/2020:10:13:51 +0800] "POST /xingrg/kc/buy/cgsh_order_operate.html HTTP/1.1" 200 37
124.77.70.31 - - [16/Oct/2020:10:13:52 +0800] "POST /xingrg/kc/buy/cgsh_order_operate.html HTTP/1.1" 200 3852
116.233.76.41 - - [16/Oct/2020:10:13:52 +0800] "GET /xingrg/all/function/internal_message.html?_=1602814470062&CODE_STATE=getMsg HTTP/1.1" 200 27
124.77.70.31 - - [16/Oct/2020:10:13:53 +0800] "GET /xingrg/kc/print/load_data.html?order_code=212020101606416&kc_code=cgsh&condition= HTTP/1.1" 200 1200
218.81.217.115 - - [16/Oct/2020:10:13:54 +0800] "POST /xingrg/services/DataTransmitService HTTP/1.1" 200 524
180.174.56.115 - - [16/Oct/2020:10:13:54 +0800] "GET /xingrg/all/function/internal_message.html?_=1602814432532&CODE_STATE=getMsg HTTP/1.1" 200 27
218.81.217.115 - - [16/Oct/2020:10:13:55 +0800] "POST /xingrg/services/DataTransmitService HTTP/1.1" 200 1863
218.81.217.115 - - [16/Oct/2020:10:13:55 +0800] "POST /xingrg/services/DataTransmitService HTTP/1.1" 200 524
58.40.7.146 - - [16/Oct/2020:10:13:55 +0800] "GET /xingrg/all/function/internal_message.html?_=1602814432659&CODE_STATE=getMsg HTTP/1.1" 200 27
218.81.217.115 - - [16/Oct/2020:10:13:56 +0800] "GET /xingrg/all/function/internal_message.html?_=1602814432226&CODE_STATE=getMsg HTTP/1.1" 200 27
218.81.217.115 - - [16/Oct/2020:10:13:56 +0800] "POST /xingrg/services/DataTransmitService HTTP/1.1" 200 1863
120.253.135.82 - - [16/Oct/2020:10:13:57 +0800] "POST /xingrg/all/common/load_combo.html?type=base HTTP/1.1" 200 984
124.77.70.31 - - [16/Oct/2020:10:13:58 +0800] "GET /xingrg/kc/buy/cgsh_order_add.html HTTP/1.1" 200 60025
124.77.70.31 - - [16/Oct/2020:10:13:58 +0800] "GET /xingrg/javascript/easyui/themes/default/validatebox.css HTTP/1.1" 404 1104
124.77.70.31 - - [16/Oct/2020:10:13:58 +0800] "POST /xingrg/kc/buy/cgsh_order_operate.html HTTP/1.1" 200 8245
124.77.70.31 - - [16/Oct/2020:10:13:59 +0800] "GET /xingrg/javascript/easyui/themes/default/tree.css HTTP/1.1" 404 1090
58.37.8.227 - - [16/Oct/2020:10:13:59 +0800] "GET /xingrg/all/function/internal_message.html?_=1602814436260&CODE_STATE=getMsg HTTP/1.1" 200 27
124.77.70.31 - - [16/Oct/2020:10:13:59 +0800] "POST /xingrg/all/common/load_tree.html?tree=supplier_tree_json&isDelete=1 HTTP/1.1" 200 50541
218.81.217.115 - - [16/Oct/2020:10:14:00 +0800] "POST /xingrg/services/DataTransmitService HTTP/1.1" 200 524
218.81.217.115 - - [16/Oct/2020:10:14:00 +0800] "POST /xingrg/services/DataTransmitService HTTP/1.1" 200 1863
172.17.0.120 - - [16/Oct/2020:10:14:01 +0800] "GET /xingrg/all/function/internal_message.html?_=1602814438143&CODE_STATE=getMsg HTTP/1.1" 200 27
172.17.0.120 - - [16/Oct/2020:10:14:01 +0800] "GET /xingrg/check_reg.html?_=1602814438154 HTTP/1.1" 200 22
117.184.7.30 - - [16/Oct/2020:10:14:01 +0800] "GET /xingrg/all/function/internal_message.html?_=1602814435212&CODE_STATE=getMsg HTTP/1.1" 200 27
58.37.8.227 - - [16/Oct/2020:10:14:02 +0800] "GET /xingrg/check_reg.html?_=1602814043504 HTTP/1.1" 302 -
218.81.217.115 - - [16/Oct/2020:10:14:04 +0800] "POST /xingrg/services/DataTransmitService HTTP/1.1" 200 524
218.81.217.115 - - [16/Oct/2020:10:14:05 +0800] "POST /xingrg/services/DataTransmitService HTTP/1.1" 200 1863
124.77.70.31 - - [16/Oct/2020:10:14:07 +0800] "GET /xingrg/all/function/internal_message.html?_=1602814436120&CODE_STATE=getMsg HTTP/1.1" 200 27
120.253.135.82 - - [16/Oct/2020:10:14:08 +0800] "GET /xingrg/kc/pszx/mdps_order_operate.html?command=get_materiel&pszx_code=00101&rest_code=00147&base_code=0010246&code=00101006002 HTTP/1.1" 200 440
117.185.32.26 - - [16/Oct/2020:10:14:09 +0800] "GET /xingrg/check_reg.html?_=1602814443675 HTTP/1.1" 200 22
117.185.32.26 - - [16/Oct/2020:10:14:09 +0800] "GET /xingrg/all/function/internal_message.html?_=1602814443676&CODE_STATE=getMsg HTTP/1.1" 200 27
114.88.166.242 - - [16/Oct/2020:10:14:09 +0800] "GET /xingrg/all/function/internal_message.html?_=1602814445144&CODE_STATE=getMsg HTTP/1.1" 200 27
101.88.151.31 - - [16/Oct/2020:10:14:17 +0800] "GET /xingrg/all/function/internal_message.html?_=1602814450446&CODE_STATE=getMsg HTTP/1.1" 200 27
114.88.166.242 - - [16/Oct/2020:10:14:20 +0800] "GET /xingrg/all/function/internal_message.html?_=1602814544328&CODE_STATE=getMsg HTTP/1.1" 200 27
124.77.70.31 - - [16/Oct/2020:10:14:20 +0800] "GET /xingrg/kc/buy/cgsh_order_operate.html?command=get_materiel&rest_code=00107&code=00101006101&supplier_code=00100324&order_time=2020-10-16 HTTP/1.1" 200 421
218.81.217.115 - - [16/Oct/2020:10:14:21 +0800] "GET /xingrg/all/function/internal_message.html?_=1602814473350&CODE_STATE=getMsg HTTP/1.1" 200 27
180.174.56.115 - - [16/Oct/2020:10:14:27 +0800] "GET /xingrg/check_reg.html?_=1602814431682 HTTP/1.1" 200 22
180.174.56.115 - - [16/Oct/2020:10:14:27 +0800] "GET /xingrg/all/function/internal_message.html?_=1602814431811&CODE_STATE=getMsg HTTP/1.1" 200 27
222.69.136.129 - - [16/Oct/2020:10:14:29 +0800] "GET /xingrg/all/function/internal_message.html?_=1602814463105&CODE_STATE=getMsg HTTP/1.1" 200 27
180.162.245.190 - - [16/Oct/2020:10:14:32 +0800] "GET /xingrg/all/function/internal_message.html?_=1602814470523&CODE_STATE=getMsg HTTP/1.1" 200 27
180.157.253.48 - - [16/Oct/2020:10:14:34 +0800] "GET /xingrg/all/function/internal_message.html?_=1602814478394&CODE_STATE=getMsg HTTP/1.1" 200 27
120.253.135.82 - - [16/Oct/2020:10:14:39 +0800] "POST /xingrg/kc/pszx/mdps_order_operate.html HTTP/1.1" 200 37
172.17.200.101 - - [16/Oct/2020:10:14:40 +0800] "GET /xingrg/all/function/internal_message.html?_=1602814480142&CODE_STATE=getMsg HTTP/1.1" 200 27
172.17.200.101 - - [16/Oct/2020:10:14:40 +0800] "GET /xingrg/check_reg.html?_=1602814480146 HTTP/1.1" 200 22
120.253.135.82 - - [16/Oct/2020:10:14:40 +0800] "GET /xingrg/kc/pszx/mdps_order_info.html?code=312020101600409 HTTP/1.1" 200 23893
120.253.135.82 - - [16/Oct/2020:10:14:41 +0800] "POST /xingrg/kc/pszx/mdps_order_operate.html HTTP/1.1" 200 2281
120.253.135.82 - - [16/Oct/2020:10:14:41 +0800] "GET /xingrg/javascript/easyui/themes/default/validatebox.css HTTP/1.1" 404 1104
101.85.95.39 - - [16/Oct/2020:10:14:44 +0800] "GET /xingrg/all/function/internal_message.html?_=1602814265526&CODE_STATE=getMsg HTTP/1.1" 200 27
120.253.135.82 - - [16/Oct/2020:10:14:47 +0800] "POST /xingrg/kc/pszx/mdps_order_operate.html HTTP/1.1" 200 37
120.253.135.82 - - [16/Oct/2020:10:14:48 +0800] "GET /xingrg/kc/pszx/mdps_order_info.html?code=312020101600409 HTTP/1.1" 200 23893
120.253.135.82 - - [16/Oct/2020:10:14:49 +0800] "GET /xingrg/javascript/easyui/themes/default/validatebox.css HTTP/1.1" 404 1104
120.253.135.82 - - [16/Oct/2020:10:14:49 +0800] "POST /xingrg/kc/pszx/mdps_order_operate.html HTTP/1.1" 200 2281
116.233.76.41 - - [16/Oct/2020:10:14:49 +0800] "GET /xingrg/all/function/internal_message.html?_=1602814495409&CODE_STATE=getMsg HTTP/1.1" 200 27
120.253.135.82 - - [16/Oct/2020:10:14:50 +0800] "POST /xingrg/kc/pszx/mdps_list_operate.html HTTP/1.1" 200 2073
124.77.70.31 - - [16/Oct/2020:10:14:51 +0800] "POST /xingrg/kc/buy/cgsh_order_operate.html HTTP/1.1" 200 37
116.233.76.41 - - [16/Oct/2020:10:14:52 +0800] "GET /xingrg/all/function/internal_message.html?_=1602814530062&CODE_STATE=getMsg HTTP/1.1" 200 27
124.77.70.31 - - [16/Oct/2020:10:14:53 +0800] "POST /xingrg/kc/buy/cgsh_order_operate.html HTTP/1.1" 200 2666
180.174.56.115 - - [16/Oct/2020:10:14:55 +0800] "GET /xingrg/all/function/internal_message.html?_=1602814492580&CODE_STATE=getMsg HTTP/1.1" 200 27
124.77.70.31 - - [16/Oct/2020:10:14:55 +0800] "GET /xingrg/kc/print/load_data.html?order_code=212020101606417&kc_code=cgsh&condition= HTTP/1.1" 200 686
58.40.7.146 - - [16/Oct/2020:10:14:55 +0800] "GET /xingrg/all/function/internal_message.html?_=1602814492646&CODE_STATE=getMsg HTTP/1.1" 200 27
180.161.96.95 - - [16/Oct/2020:10:14:55 +0800] "GET /xingrg/check_reg.html?_=1602814713590 HTTP/1.1" 200 22
218.81.217.115 - - [16/Oct/2020:10:14:56 +0800] "GET /xingrg/all/function/internal_message.html?_=1602814492240&CODE_STATE=getMsg HTTP/1.1" 200 27
117.184.7.30 - - [16/Oct/2020:10:14:56 +0800] "GET /xingrg/kc/buy/cgsh_order_operate.html?command=get_materiel&rest_code=00108&code=00101008033&supplier_code=00100008&order_time=2020-10-16 HTTP/1.1" 200 408
124.77.70.31 - - [16/Oct/2020:10:14:59 +0800] "GET /xingrg/kc/buy/cgsh_order_add.html HTTP/1.1" 200 60025
124.77.70.31 - - [16/Oct/2020:10:14:59 +0800] "POST /xingrg/kc/buy/cgsh_order_operate.html HTTP/1.1" 200 8245
58.37.8.227 - - [16/Oct/2020:10:14:59 +0800] "GET /xingrg/all/function/internal_message.html?_=1602814496243&CODE_STATE=getMsg HTTP/1.1" 200 27
124.77.70.31 - - [16/Oct/2020:10:14:59 +0800] "GET /xingrg/javascript/easyui/themes/default/validatebox.css HTTP/1.1" 404 1104
124.77.70.31 - - [16/Oct/2020:10:15:00 +0800] "GET /xingrg/javascript/easyui/themes/default/tree.css HTTP/1.1" 404 1090
172.17.0.120 - - [16/Oct/2020:10:15:01 +0800] "GET /xingrg/all/function/internal_message.html?_=1602814498142&CODE_STATE=getMsg HTTP/1.1" 200 27
124.77.70.31 - - [16/Oct/2020:10:15:01 +0800] "POST /xingrg/all/common/load_tree.html?tree=supplier_tree_json&isDelete=1 HTTP/1.1" 200 50541
117.184.7.30 - - [16/Oct/2020:10:15:01 +0800] "GET /xingrg/all/function/internal_message.html?_=1602814495193&CODE_STATE=getMsg HTTP/1.1" 200 27
117.184.7.30 - - [16/Oct/2020:10:15:02 +0800] "GET /xingrg/kc/buy/cgsh_order_operate.html?command=get_materiel&rest_code=00108&code=00101008059&supplier_code=00100008&order_time=2020-10-16 HTTP/1.1" 200 408
124.77.70.31 - - [16/Oct/2020:10:15:07 +0800] "GET /xingrg/all/function/internal_message.html?_=1602814496207&CODE_STATE=getMsg HTTP/1.1" 200 27
124.77.70.31 - - [16/Oct/2020:10:15:07 +0800] "GET /xingrg/check_reg.html?_=1602814496212 HTTP/1.1" 200 22
117.185.32.26 - - [16/Oct/2020:10:15:09 +0800] "GET /xingrg/all/function/internal_message.html?_=1602814503674&CODE_STATE=getMsg HTTP/1.1" 200 27
114.88.166.242 - - [16/Oct/2020:10:15:09 +0800] "GET /xingrg/all/function/internal_message.html?_=1602814505161&CODE_STATE=getMsg HTTP/1.1" 200 27
180.161.96.95 - - [16/Oct/2020:10:15:12 +0800] "GET /xingrg/kc/buy/cgsh_order_operate.html?command=get_materiel&rest_code=00102&code=00102012036&supplier_code=00100054&order_time=2020-10-16 HTTP/1.1" 200 409
117.184.7.30 - - [16/Oct/2020:10:15:14 +0800] "GET /xingrg/kc/buy/cgsh_order_operate.html?command=get_materiel&rest_code=00108&code=00101008357&supplier_code=00100008&order_time=2020-10-16 HTTP/1.1" 200 428
180.161.96.95 - - [16/Oct/2020:10:15:17 +0800] "POST /xingrg/services/DataTransmitService HTTP/1.1" 200 524
101.88.151.31 - - [16/Oct/2020:10:15:17 +0800] "GET /xingrg/all/function/internal_message.html?_=1602814510442&CODE_STATE=getMsg HTTP/1.1" 200 27
124.77.70.31 - - [16/Oct/2020:10:15:18 +0800] "GET /xingrg/kc/buy/cgsh_order_operate.html?command=get_materiel&rest_code=00107&code=00101002006&supplier_code=00100091&order_time=2020-10-16 HTTP/1.1" 200 414
117.184.7.30 - - [16/Oct/2020:10:15:20 +0800] "GET /xingrg/kc/buy/cgsh_order_operate.html?command=get_materiel&rest_code=00108&code=00101008069&supplier_code=00100008&order_time=2020-10-16 HTTP/1.1" 200 431
114.88.166.242 - - [16/Oct/2020:10:15:20 +0800] "GET /xingrg/all/function/internal_message.html?_=1602814604331&CODE_STATE=getMsg HTTP/1.1" 200 27
120.253.135.82 - - [16/Oct/2020:10:15:20 +0800] "POST /xingrg/kc/pszx/mdps_list_operate.html HTTP/1.1" 200 868
218.81.217.115 - - [16/Oct/2020:10:15:21 +0800] "GET /xingrg/all/function/internal_message.html?_=1602814533363&CODE_STATE=getMsg HTTP/1.1" 200 27
120.253.135.82 - - [16/Oct/2020:10:15:21 +0800] "GET /xingrg/check_reg.html?_=1602814267752 HTTP/1.1" 200 22
120.253.135.82 - - [16/Oct/2020:10:15:22 +0800] "GET /xingrg/kc/pszx/mdps_order_add.html HTTP/1.1" 200 29118
120.253.135.82 - - [16/Oct/2020:10:15:22 +0800] "POST /xingrg/kc/pszx/mdps_order_operate.html HTTP/1.1" 200 7126
120.253.135.82 - - [16/Oct/2020:10:15:23 +0800] "GET /xingrg/javascript/easyui/themes/default/validatebox.css HTTP/1.1" 404 1104
180.161.96.95 - - [16/Oct/2020:10:15:27 +0800] "POST /xingrg/kc/buy/cgsh_order_operate.html HTTP/1.1" 200 37
180.174.56.115 - - [16/Oct/2020:10:15:27 +0800] "GET /xingrg/all/function/internal_message.html?_=1602814491826&CODE_STATE=getMsg HTTP/1.1" 200 27
180.161.96.95 - - [16/Oct/2020:10:15:28 +0800] "POST /xingrg/kc/buy/cgsh_order_operate.html HTTP/1.1" 200 12
222.69.136.129 - - [16/Oct/2020:10:15:29 +0800] "GET /xingrg/all/function/internal_message.html?_=1602814523091&CODE_STATE=getMsg HTTP/1.1" 200 27
180.161.96.95 - - [16/Oct/2020:10:15:29 +0800] "GET /xingrg/kc/buy/cgsh_order_info.html?code=212020101606418 HTTP/1.1" 200 54795
180.161.96.95 - - [16/Oct/2020:10:15:30 +0800] "GET /xingrg/javascript/easyui/themes/default/validatebox.css HTTP/1.1" 404 1104
180.161.96.95 - - [16/Oct/2020:10:15:31 +0800] "POST /xingrg/kc/buy/cgsh_order_operate.html HTTP/1.1" 200 1189
180.162.245.190 - - [16/Oct/2020:10:15:32 +0800] "GET /xingrg/all/function/internal_message.html?_=1602814530493&CODE_STATE=getMsg HTTP/1.1" 200 27
120.253.135.82 - - [16/Oct/2020:10:15:33 +0800] "POST /xingrg/all/common/load_combo.html?type=base HTTP/1.1" 200 984
180.161.96.95 - - [16/Oct/2020:10:15:33 +0800] "GET /xingrg/kc/print/load_data.html?order_code=212020101606418&kc_code=cgsh&condition= HTTP/1.1" 200 899
124.77.70.31 - - [16/Oct/2020:10:15:33 +0800] "GET /xingrg/kc/buy/cgsh_order_operate.html?command=get_materiel&rest_code=00107&code=00101003037&supplier_code=00100091&order_time=2020-10-16 HTTP/1.1" 200 436
180.157.253.48 - - [16/Oct/2020:10:15:34 +0800] "GET /xingrg/all/function/internal_message.html?_=1602814538405&CODE_STATE=getMsg HTTP/1.1" 200 27
117.184.7.30 - - [16/Oct/2020:10:15:39 +0800] "GET /xingrg/kc/buy/cgsh_order_operate.html?command=get_materiel&rest_code=00108&code=00101008286&supplier_code=00100008&order_time=2020-10-16 HTTP/1.1" 200 408
172.17.200.101 - - [16/Oct/2020:10:15:40 +0800] "GET /xingrg/all/function/internal_message.html?_=1602814540160&CODE_STATE=getMsg HTTP/1.1" 200 27
120.253.135.82 - - [16/Oct/2020:10:15:40 +0800] "GET /xingrg/kc/pszx/mdps_order_operate.html?command=get_materiel&pszx_code=00101&rest_code=00148&base_code=0010246&code=00101025075 HTTP/1.1" 200 405
117.184.7.30 - - [16/Oct/2020:10:15:42 +0800] "POST /xingrg/kc/buy/cgsh_order_operate.html HTTP/1.1" 200 2065
124.77.70.31 - - [16/Oct/2020:10:15:43 +0800] "POST /xingrg/kc/buy/cgsh_order_operate.html HTTP/1.1" 200 37
101.85.95.39 - - [16/Oct/2020:10:15:44 +0800] "GET /xingrg/all/function/internal_message.html?_=1602814325526&CODE_STATE=getMsg HTTP/1.1" 200 27
124.77.70.31 - - [16/Oct/2020:10:15:45 +0800] "POST /xingrg/kc/buy/cgsh_order_operate.html HTTP/1.1" 200 3258
124.77.70.31 - - [16/Oct/2020:10:15:46 +0800] "GET /xingrg/kc/print/load_data.html?order_code=212020101606419&kc_code=cgsh&condition= HTTP/1.1" 200 977
120.253.135.82 - - [16/Oct/2020:10:15:49 +0800] "POST /xingrg/kc/pszx/mdps_order_operate.html HTTP/1.1" 200 37
116.233.76.41 - - [16/Oct/2020:10:15:49 +0800] "GET /xingrg/all/function/internal_message.html?_=1602814555405&CODE_STATE=getMsg HTTP/1.1" 200 27
120.253.135.82 - - [16/Oct/2020:10:15:50 +0800] "GET /xingrg/kc/pszx/mdps_order_info.html?code=312020101600410 HTTP/1.1" 200 23887
124.77.70.31 - - [16/Oct/2020:10:15:50 +0800] "GET /xingrg/kc/buy/cgsh_order_add.html HTTP/1.1" 200 60025
120.253.135.82 - - [16/Oct/2020:10:15:50 +0800] "POST /xingrg/kc/pszx/mdps_order_operate.html HTTP/1.1" 200 2275
120.253.135.82 - - [16/Oct/2020:10:15:50 +0800] "GET /xingrg/javascript/easyui/themes/default/validatebox.css HTTP/1.1" 404 1104
124.77.70.31 - - [16/Oct/2020:10:15:51 +0800] "GET /xingrg/javascript/easyui/themes/default/validatebox.css HTTP/1.1" 404 1104
124.77.70.31 - - [16/Oct/2020:10:15:51 +0800] "POST /xingrg/kc/buy/cgsh_order_operate.html HTTP/1.1" 200 8245
116.233.76.41 - - [16/Oct/2020:10:15:51 +0800] "GET /xingrg/all/function/internal_message.html?_=1602814590062&CODE_STATE=getMsg HTTP/1.1" 200 27
124.77.70.31 - - [16/Oct/2020:10:15:52 +0800] "GET /xingrg/javascript/easyui/themes/default/tree.css HTTP/1.1" 404 1090
124.77.70.31 - - [16/Oct/2020:10:15:52 +0800] "POST /xingrg/all/common/load_tree.html?tree=supplier_tree_json&isDelete=1 HTTP/1.1" 200 50541
180.161.96.95 - - [16/Oct/2020:10:15:52 +0800] "POST /xingrg/kc/buy/cgsh_list_operate.html HTTP/1.1" 200 5730
180.174.56.115 - - [16/Oct/2020:10:15:55 +0800] "GET /xingrg/check_reg.html?_=1602814552638 HTTP/1.1" 200 22
180.174.56.115 - - [16/Oct/2020:10:15:55 +0800] "GET /xingrg/all/function/internal_message.html?_=1602814552630&CODE_STATE=getMsg HTTP/1.1" 200 27
58.40.7.146 - - [16/Oct/2020:10:15:55 +0800] "GET /xingrg/all/function/internal_message.html?_=1602814552632&CODE_STATE=getMsg HTTP/1.1" 200 27
218.81.217.115 - - [16/Oct/2020:10:15:56 +0800] "GET /xingrg/all/function/internal_message.html?_=1602814552461&CODE_STATE=getMsg HTTP/1.1" 200 27
58.37.8.227 - - [16/Oct/2020:10:15:59 +0800] "GET /xingrg/all/function/internal_message.html?_=1602814556215&CODE_STATE=getMsg HTTP/1.1" 200 27
172.17.0.120 - - [16/Oct/2020:10:16:01 +0800] "GET /xingrg/all/function/internal_message.html?_=1602814558146&CODE_STATE=getMsg HTTP/1.1" 200 27
117.184.7.30 - - [16/Oct/2020:10:16:01 +0800] "GET /xingrg/all/function/internal_message.html?_=1602814555180&CODE_STATE=getMsg HTTP/1.1" 200 27
117.184.7.30 - - [16/Oct/2020:10:16:02 +0800] "GET /xingrg/kc/buy/cgsh_order_operate.html?command=get_materiel&rest_code=00108&code=00101008352&supplier_code=00100008&order_time=2020-10-16 HTTP/1.1" 200 412
124.77.70.31 - - [16/Oct/2020:10:16:07 +0800] "GET /xingrg/all/function/internal_message.html?_=1602814556179&CODE_STATE=getMsg HTTP/1.1" 200 27
120.253.135.82 - - [16/Oct/2020:10:16:08 +0800] "POST /xingrg/kc/pszx/mdps_order_operate.html HTTP/1.1" 200 37
117.185.32.26 - - [16/Oct/2020:10:16:09 +0800] "GET /xingrg/all/function/internal_message.html?_=1602814563672&CODE_STATE=getMsg HTTP/1.1" 200 27
120.253.135.82 - - [16/Oct/2020:10:16:09 +0800] "GET /xingrg/kc/pszx/mdps_order_info.html?code=312020101600410 HTTP/1.1" 200 23893
114.88.166.242 - - [16/Oct/2020:10:16:09 +0800] "GET /xingrg/all/function/internal_message.html?_=1602814565239&CODE_STATE=getMsg HTTP/1.1" 200 27
120.253.135.82 - - [16/Oct/2020:10:16:10 +0800] "POST /xingrg/kc/pszx/mdps_order_operate.html HTTP/1.1" 200 2275
120.253.135.82 - - [16/Oct/2020:10:16:10 +0800] "GET /xingrg/javascript/easyui/themes/default/validatebox.css HTTP/1.1" 404 1104
124.77.70.31 - - [16/Oct/2020:10:16:12 +0800] "GET /xingrg/kc/buy/cgsh_order_operate.html?command=get_materiel&rest_code=00107&code=00101003031&supplier_code=00100093&order_time=2020-10-16 HTTP/1.1" 200 446
120.253.135.82 - - [16/Oct/2020:10:16:13 +0800] "POST /xingrg/kc/pszx/mdps_list_operate.html HTTP/1.1" 200 1699
120.253.135.82 - - [16/Oct/2020:10:16:14 +0800] "POST /xingrg/kc/pszx/mdps_list_operate.html HTTP/1.1" 200 202
101.88.151.31 - - [16/Oct/2020:10:16:17 +0800] "GET /xingrg/all/function/internal_message.html?_=1602814570458&CODE_STATE=getMsg HTTP/1.1" 200 27
117.184.7.30 - - [16/Oct/2020:10:16:18 +0800] "GET /xingrg/kc/buy/cgsh_order_operate.html?command=get_materiel&rest_code=00108&code=00101008098&supplier_code=00100008&order_time=2020-10-16 HTTP/1.1" 200 412
180.174.56.115 - - [16/Oct/2020:10:16:19 +0800] "POST /xingrg/services/DataTransmitService HTTP/1.1" 200 524
180.174.56.115 - - [16/Oct/2020:10:16:20 +0800] "POST /xingrg/services/DataTransmitService HTTP/1.1" 200 501
180.174.56.115 - - [16/Oct/2020:10:16:20 +0800] "POST /xingrg/services/DataTransmitService HTTP/1.1" 200 501
180.174.56.115 - - [16/Oct/2020:10:16:20 +0800] "POST /xingrg/services/DataTransmitService HTTP/1.1" 200 501
180.174.56.115 - - [16/Oct/2020:10:16:20 +0800] "POST /xingrg/services/DataTransmitService HTTP/1.1" 200 501
114.88.166.242 - - [16/Oct/2020:10:16:20 +0800] "GET /xingrg/all/function/internal_message.html?_=1602814664330&CODE_STATE=getMsg HTTP/1.1" 200 27
124.77.70.31 - - [16/Oct/2020:10:16:21 +0800] "POST /xingrg/kc/buy/cgsh_order_operate.html HTTP/1.1" 200 37
218.81.217.115 - - [16/Oct/2020:10:16:21 +0800] "GET /xingrg/all/function/internal_message.html?_=1602814593595&CODE_STATE=getMsg HTTP/1.1" 200 27
180.174.56.115 - - [16/Oct/2020:10:16:22 +0800] "POST /xingrg/services/DataTransmitService HTTP/1.1" 200 412
124.77.70.31 - - [16/Oct/2020:10:16:22 +0800] "POST /xingrg/kc/buy/cgsh_order_operate.html HTTP/1.1" 200 2673
124.77.70.31 - - [16/Oct/2020:10:16:24 +0800] "GET /xingrg/kc/print/load_data.html?order_code=212020101606420&kc_code=cgsh&condition= HTTP/1.1" 200 733
117.184.7.30 - - [16/Oct/2020:10:16:26 +0800] "GET /xingrg/kc/buy/cgsh_order_operate.html?command=get_materiel&rest_code=00108&code=00101008005&supplier_code=00100008&order_time=2020-10-16 HTTP/1.1" 200 412
180.174.56.115 - - [16/Oct/2020:10:16:27 +0800] "GET /xingrg/all/function/internal_message.html?_=1602814551840&CODE_STATE=getMsg HTTP/1.1" 200 27
124.77.70.31 - - [16/Oct/2020:10:16:27 +0800] "GET /xingrg/kc/buy/cgsh_order_add.html HTTP/1.1" 200 60025
124.77.70.31 - - [16/Oct/2020:10:16:28 +0800] "GET /xingrg/javascript/easyui/themes/default/validatebox.css HTTP/1.1" 404 1104
124.77.70.31 - - [16/Oct/2020:10:16:28 +0800] "POST /xingrg/kc/buy/cgsh_order_operate.html HTTP/1.1" 200 8245
222.69.136.129 - - [16/Oct/2020:10:16:29 +0800] "GET /xingrg/all/function/internal_message.html?_=1602814583066&CODE_STATE=getMsg HTTP/1.1" 200 27
124.77.70.31 - - [16/Oct/2020:10:16:29 +0800] "GET /xingrg/javascript/easyui/themes/default/tree.css HTTP/1.1" 404 1090
222.69.136.129 - - [16/Oct/2020:10:16:29 +0800] "GET /xingrg/check_reg.html?_=1602814583385 HTTP/1.1" 200 22
124.77.70.31 - - [16/Oct/2020:10:16:29 +0800] "POST /xingrg/all/common/load_tree.html?tree=supplier_tree_json&isDelete=1 HTTP/1.1" 200 50541
180.162.245.190 - - [16/Oct/2020:10:16:32 +0800] "GET /xingrg/all/function/internal_message.html?_=1602814590463&CODE_STATE=getMsg HTTP/1.1" 200 27
180.162.245.190 - - [16/Oct/2020:10:16:33 +0800] "GET /xingrg/check_reg.html?_=1602814591853 HTTP/1.1" 200 22
120.253.135.82 - - [16/Oct/2020:10:16:34 +0800] "GET /xingrg/kc/buy/cgsh_order_list.html HTTP/1.1" 200 44454
120.253.135.82 - - [16/Oct/2020:10:16:34 +0800] "POST /xingrg/kc/buy/cgsh_list_operate.html HTTP/1.1" 200 876
180.157.253.48 - - [16/Oct/2020:10:16:34 +0800] "GET /xingrg/all/function/internal_message.html?_=1602814598647&CODE_STATE=getMsg HTTP/1.1" 200 27
120.253.135.82 - - [16/Oct/2020:10:16:35 +0800] "GET /xingrg/kc/buy/cgsh_order_add.html HTTP/1.1" 200 58954
120.253.135.82 - - [16/Oct/2020:10:16:35 +0800] "GET /xingrg/javascript/easyui/themes/icons/template_new.png HTTP/1.1" 200 3956
120.253.135.82 - - [16/Oct/2020:10:16:35 +0800] "POST /xingrg/kc/buy/cgsh_order_operate.html HTTP/1.1" 200 8245
120.253.135.82 - - [16/Oct/2020:10:16:35 +0800] "GET /xingrg/all/common/auto_word.html?type=employee&rest_code=00101 HTTP/1.1" 200 1173
120.253.135.82 - - [16/Oct/2020:10:16:35 +0800] "GET /xingrg/all/common/auto_word.html?type=employee&rest_code=00101 HTTP/1.1" 200 1173
120.253.135.82 - - [16/Oct/2020:10:16:36 +0800] "GET /xingrg/javascript/easyui/themes/default/validatebox.css HTTP/1.1" 404 1104
172.17.200.101 - - [16/Oct/2020:10:16:40 +0800] "GET /xingrg/all/function/internal_message.html?_=1602814600162&CODE_STATE=getMsg HTTP/1.1" 200 27
180.161.96.95 - - [16/Oct/2020:10:16:42 +0800] "POST /xingrg/kc/buy/cgsh_list_operate.html HTTP/1.1" 200 281
124.77.70.31 - - [16/Oct/2020:10:16:42 +0800] "GET /xingrg/kc/buy/cgsh_order_operate.html?command=get_materiel&rest_code=00107&code=00101001115&supplier_code=00100089&order_time=2020-10-16 HTTP/1.1" 200 415
180.162.245.190 - - [16/Oct/2020:10:16:42 +0800] "GET /xingrg/kc/buy/cgsh_order_add.html HTTP/1.1" 200 59984
180.162.245.190 - - [16/Oct/2020:10:16:43 +0800] "GET /xingrg/words/20201016092016_words.js HTTP/1.1" 200 769084
180.162.245.190 - - [16/Oct/2020:10:16:43 +0800] "POST /xingrg/kc/buy/cgsh_order_operate.html HTTP/1.1" 200 8245
180.162.245.190 - - [16/Oct/2020:10:16:43 +0800] "GET /xingrg/javascript/easyui/themes/default/validatebox.css HTTP/1.1" 404 1104
120.253.135.82 - - [16/Oct/2020:10:16:43 +0800] "POST /xingrg/all/common/load_combo.html?type=employee HTTP/1.1" 200 2101
180.161.96.95 - - [16/Oct/2020:10:16:44 +0800] "GET /xingrg/kc/buy/cgsh_order_info.html?code=212020101606386 HTTP/1.1" 200 54795
101.85.95.39 - - [16/Oct/2020:10:16:44 +0800] "GET /xingrg/check_reg.html?_=1602814385526 HTTP/1.1" 200 22
101.85.95.39 - - [16/Oct/2020:10:16:44 +0800] "GET /xingrg/all/function/internal_message.html?_=1602814385529&CODE_STATE=getMsg HTTP/1.1" 200 27
180.161.96.95 - - [16/Oct/2020:10:16:44 +0800] "GET /xingrg/javascript/easyui/themes/default/validatebox.css HTTP/1.1" 404 1104
180.161.96.95 - - [16/Oct/2020:10:16:44 +0800] "POST /xingrg/kc/buy/cgsh_order_operate.html HTTP/1.1" 200 1208
117.184.7.30 - - [16/Oct/2020:10:16:46 +0800] "GET /xingrg/kc/buy/cgsh_order_operate.html?command=get_materiel&rest_code=00108&code=00101008271&supplier_code=00100008&order_time=2020-10-16 HTTP/1.1" 200 408
116.233.76.41 - - [16/Oct/2020:10:16:49 +0800] "GET /xingrg/all/function/internal_message.html?_=1602814615400&CODE_STATE=getMsg HTTP/1.1" 200 27
116.233.76.41 - - [16/Oct/2020:10:16:51 +0800] "GET /xingrg/javascript/auto/indicator.gif HTTP/1.1" 404 1066
116.233.76.41 - - [16/Oct/2020:10:16:51 +0800] "GET /xingrg/all/function/internal_message.html?_=1602814650062&CODE_STATE=getMsg HTTP/1.1" 200 27
124.77.70.31 - - [16/Oct/2020:10:16:52 +0800] "POST /xingrg/kc/buy/cgsh_order_operate.html HTTP/1.1" 200 37
124.77.70.31 - - [16/Oct/2020:10:16:53 +0800] "POST /xingrg/kc/buy/cgsh_order_operate.html HTTP/1.1" 200 2659
120.253.135.82 - - [16/Oct/2020:10:16:54 +0800] "GET /xingrg/kc/buy/cgsh_order_operate.html?command=get_materiel&rest_code=00101&code=00101006002&supplier_code=00100139&order_time=2020-10-16 HTTP/1.1" 200 438
116.233.76.41 - - [16/Oct/2020:10:16:54 +0800] "GET /xingrg/javascript/jquery_tools/images/prev.gif HTTP/1.1" 404 1086
116.233.76.41 - - [16/Oct/2020:10:16:54 +0800] "GET /xingrg/javascript/jquery_tools/images/next.gif HTTP/1.1" 404 1086
124.77.70.31 - - [16/Oct/2020:10:16:54 +0800] "GET /xingrg/kc/print/load_data.html?order_code=212020101606421&kc_code=cgsh&condition= HTTP/1.1" 200 745
180.162.245.190 - - [16/Oct/2020:10:16:54 +0800] "GET /xingrg/kc/buy/cgsh_order_operate.html?command=get_materiel&rest_code=00105&code=00101009013&supplier_code=00100024&order_time=2020-10-16 HTTP/1.1" 200 420
180.174.56.115 - - [16/Oct/2020:10:16:55 +0800] "GET /xingrg/all/function/internal_message.html?_=1602814612675&CODE_STATE=getMsg HTTP/1.1" 200 27
58.40.7.146 - - [16/Oct/2020:10:16:55 +0800] "GET /xingrg/all/function/internal_message.html?_=1602814612614&CODE_STATE=getMsg HTTP/1.1" 200 27
218.81.217.115 - - [16/Oct/2020:10:16:56 +0800] "GET /xingrg/all/function/internal_message.html?_=1602814612469&CODE_STATE=getMsg HTTP/1.1" 200 27
117.184.7.30 - - [16/Oct/2020:10:16:57 +0800] "GET /xingrg/kc/buy/cgsh_order_operate.html?command=get_materiel&rest_code=00108&code=00101008353&supplier_code=00100008&order_time=2020-10-16 HTTP/1.1" 200 408
124.77.70.31 - - [16/Oct/2020:10:16:58 +0800] "GET /xingrg/kc/buy/cgsh_order_add.html HTTP/1.1" 200 60025
124.77.70.31 - - [16/Oct/2020:10:16:58 +0800] "GET /xingrg/words/20201016092016_words.js HTTP/1.1" 304 -
124.77.70.31 - - [16/Oct/2020:10:16:59 +0800] "GET /xingrg/javascript/easyui/themes/default/validatebox.css HTTP/1.1" 404 1104
124.77.70.31 - - [16/Oct/2020:10:16:59 +0800] "POST /xingrg/kc/buy/cgsh_order_operate.html HTTP/1.1" 200 8245
180.162.245.190 - - [16/Oct/2020:10:16:59 +0800] "GET /xingrg/kc/buy/buy_main.html HTTP/1.1" 200 12412
180.162.245.190 - - [16/Oct/2020:10:16:59 +0800] "GET /xingrg/css/new_ie.css HTTP/1.1" 404 1036
58.37.8.227 - - [16/Oct/2020:10:16:59 +0800] "GET /xingrg/all/function/internal_message.html?_=1602814616193&CODE_STATE=getMsg HTTP/1.1" 200 27
124.77.70.31 - - [16/Oct/2020:10:16:59 +0800] "GET /xingrg/javascript/easyui/themes/default/tree.css HTTP/1.1" 404 1090
117.184.7.30 - - [16/Oct/2020:10:16:59 +0800] "POST /xingrg/kc/buy/cgsh_order_operate.html HTTP/1.1" 200 2065
180.162.245.190 - - [16/Oct/2020:10:17:00 +0800] "GET /xingrg/images/yd/bt.gif HTTP/1.1" 404 1040
124.77.70.31 - - [16/Oct/2020:10:17:00 +0800] "POST /xingrg/all/common/load_tree.html?tree=supplier_tree_json&isDelete=1 HTTP/1.1" 200 50541
116.233.76.41 - - [16/Oct/2020:10:17:00 +0800] "GET /xingrg/kc/buy/cgsh_order_operate.html?command=get_materiel&rest_code=00109&code=00101016025&supplier_code=00100035&order_time=2020-10-16 HTTP/1.1" 200 408
180.162.245.190 - - [16/Oct/2020:10:17:00 +0800] "GET /xingrg/kc/buy/cgsh_order_list.html HTTP/1.1" 200 44199
172.17.0.120 - - [16/Oct/2020:10:17:01 +0800] "GET /xingrg/all/function/internal_message.html?_=1602814618144&CODE_STATE=getMsg HTTP/1.1" 200 27
117.184.7.30 - - [16/Oct/2020:10:17:01 +0800] "GET /xingrg/all/function/internal_message.html?_=1602814615182&CODE_STATE=getMsg HTTP/1.1" 200 27
117.184.7.30 - - [16/Oct/2020:10:17:01 +0800] "GET /xingrg/check_reg.html?_=1602814615217 HTTP/1.1" 200 22
180.162.245.190 - - [16/Oct/2020:10:17:02 +0800] "POST /xingrg/kc/buy/cgsh_list_operate.html HTTP/1.1" 200 3488
114.88.166.242 - - [16/Oct/2020:10:17:02 +0800] "GET /xingrg/check_reg.html?_=1602814617900 HTTP/1.1" 200 22
117.184.7.30 - - [16/Oct/2020:10:17:04 +0800] "GET /xingrg/kc/buy/cgsh_order_operate.html?command=get_materiel&rest_code=00108&code=00101008213&supplier_code=00100008&order_time=2020-10-16 HTTP/1.1" 200 432
180.162.245.190 - - [16/Oct/2020:10:17:06 +0800] "POST /xingrg/kc/buy/cgsh_list_operate.html HTTP/1.1" 200 564
124.77.70.31 - - [16/Oct/2020:10:17:07 +0800] "GET /xingrg/all/function/internal_message.html?_=1602814616158&CODE_STATE=getMsg HTTP/1.1" 200 27
180.162.245.190 - - [16/Oct/2020:10:17:08 +0800] "GET /xingrg/kc/buy/cgsh_order_info.html?code=212020101606372 HTTP/1.1" 200 59987
180.162.245.190 - - [16/Oct/2020:10:17:08 +0800] "GET /xingrg/words/20201016092016_words.js HTTP/1.1" 200 769084
180.162.245.190 - - [16/Oct/2020:10:17:08 +0800] "GET /xingrg/javascript/easyui/themes/default/validatebox.css HTTP/1.1" 404 1104
180.162.245.190 - - [16/Oct/2020:10:17:09 +0800] "POST /xingrg/kc/buy/cgsh_order_operate.html HTTP/1.1" 200 44628
117.185.32.26 - - [16/Oct/2020:10:17:09 +0800] "GET /xingrg/all/function/internal_message.html?_=1602814623672&CODE_STATE=getMsg HTTP/1.1" 200 27
116.233.76.41 - - [16/Oct/2020:10:17:09 +0800] "GET /xingrg/kc/buy/cgsh_order_operate.html?command=get_materiel&rest_code=00109&code=00101016051&supplier_code=00100035&order_time=2020-10-16 HTTP/1.1" 200 408
114.88.166.242 - - [16/Oct/2020:10:17:09 +0800] "GET /xingrg/all/function/internal_message.html?_=1602814625248&CODE_STATE=getMsg HTTP/1.1" 200 27
117.184.7.30 - - [16/Oct/2020:10:17:11 +0800] "GET /xingrg/kc/buy/cgsh_order_operate.html?command=get_materiel&rest_code=00108&code=00101016071&supplier_code=00100008&order_time=2020-10-16 HTTP/1.1" 200 416
117.184.7.30 - - [16/Oct/2020:10:17:17 +0800] "GET /xingrg/kc/buy/cgsh_order_operate.html?command=get_materiel&rest_code=00108&code=00101008125&supplier_code=00100008&order_time=2020-10-16 HTTP/1.1" 200 413
180.162.245.190 - - [16/Oct/2020:10:17:17 +0800] "GET /xingrg/kc/buy/cgsh_order_operate.html?command=get_materiel&rest_code=00105&code=00101009049&supplier_code=00100024&order_time=2020-10-16 HTTP/1.1" 200 416
101.88.151.31 - - [16/Oct/2020:10:17:17 +0800] "GET /xingrg/all/function/internal_message.html?_=1602814630442&CODE_STATE=getMsg HTTP/1.1" 200 27
124.77.70.31 - - [16/Oct/2020:10:17:19 +0800] "GET /xingrg/kc/buy/cgsh_order_operate.html?command=get_materiel&rest_code=00107&code=00101008316&supplier_code=00100337&order_time=2020-10-16 HTTP/1.1" 200 433
114.88.166.242 - - [16/Oct/2020:10:17:20 +0800] "GET /xingrg/all/function/internal_message.html?_=1602814724331&CODE_STATE=getMsg HTTP/1.1" 200 27
180.157.253.48 - - [16/Oct/2020:10:17:21 +0800] "GET /xingrg/check_reg.html?_=1602814644986 HTTP/1.1" 200 22
218.81.217.115 - - [16/Oct/2020:10:17:21 +0800] "GET /xingrg/all/function/internal_message.html?_=1602814653608&CODE_STATE=getMsg HTTP/1.1" 200 27
117.184.7.30 - - [16/Oct/2020:10:17:23 +0800] "GET /xingrg/kc/buy/cgsh_order_operate.html?command=get_materiel&rest_code=00108&code=00101008275&supplier_code=00100008&order_time=2020-10-16 HTTP/1.1" 200 417
116.233.76.41 - - [16/Oct/2020:10:17:23 +0800] "GET /xingrg/kc/buy/cgsh_order_operate.html?command=get_materiel&rest_code=00109&code=00101012030&supplier_code=00100035&order_time=2020-10-16 HTTP/1.1" 200 416
180.162.245.190 - - [16/Oct/2020:10:17:24 +0800] "GET /xingrg/kc/buy/cgsh_order_operate.html?command=get_materiel&rest_code=00105&code=00101009062&supplier_code=00100024&order_time=2020-10-16 HTTP/1.1" 200 436
120.253.135.82 - - [16/Oct/2020:10:17:26 +0800] "POST /xingrg/kc/buy/cgsh_order_operate.html HTTP/1.1" 200 37
120.253.135.82 - - [16/Oct/2020:10:17:27 +0800] "POST /xingrg/kc/buy/cgsh_order_operate.html HTTP/1.1" 200 2671
180.174.56.115 - - [16/Oct/2020:10:17:27 +0800] "GET /xingrg/all/function/internal_message.html?_=1602814611864&CODE_STATE=getMsg HTTP/1.1" 200 27
222.69.136.129 - - [16/Oct/2020:10:17:29 +0800] "GET /xingrg/all/function/internal_message.html?_=1602814643041&CODE_STATE=getMsg HTTP/1.1" 200 27
124.77.70.31 - - [16/Oct/2020:10:17:30 +0800] "POST /xingrg/kc/buy/cgsh_order_operate.html HTTP/1.1" 200 37
117.184.7.30 - - [16/Oct/2020:10:17:31 +0800] "GET /xingrg/kc/buy/cgsh_order_operate.html?command=get_materiel&rest_code=00108&code=00101008519&supplier_code=00100008&order_time=2020-10-16 HTTP/1.1" 200 394
120.253.135.82 - - [16/Oct/2020:10:17:31 +0800] "POST /xingrg/kc/buy/cgsh_order_operate.html HTTP/1.1" 200 37
180.162.245.190 - - [16/Oct/2020:10:17:32 +0800] "GET /xingrg/all/function/internal_message.html?_=1602814650460&CODE_STATE=getMsg HTTP/1.1" 200 27
124.77.70.31 - - [16/Oct/2020:10:17:32 +0800] "POST /xingrg/kc/buy/cgsh_order_operate.html HTTP/1.1" 200 2658
120.253.135.82 - - [16/Oct/2020:10:17:32 +0800] "POST /xingrg/kc/buy/cgsh_order_operate.html HTTP/1.1" 200 2671
116.233.76.41 - - [16/Oct/2020:10:17:33 +0800] "GET /xingrg/kc/buy/cgsh_order_operate.html?command=get_materiel&rest_code=00109&code=00101012026&supplier_code=00100035&order_time=2020-10-16 HTTP/1.1" 200 408
124.77.70.31 - - [16/Oct/2020:10:17:33 +0800] "GET /xingrg/kc/print/load_data.html?order_code=212020101606423&kc_code=cgsh&condition= HTTP/1.1" 200 668
180.157.253.48 - - [16/Oct/2020:10:17:34 +0800] "GET /xingrg/all/function/internal_message.html?_=1602814658652&CODE_STATE=getMsg HTTP/1.1" 200 27
120.253.135.82 - - [16/Oct/2020:10:17:34 +0800] "GET /xingrg/kc/print/load_config.html?kc_code=cgsh HTTP/1.1" 200 1845
120.253.135.82 - - [16/Oct/2020:10:17:35 +0800] "GET /xingrg/kc/print/load_data.html?order_code=212020101606422&kc_code=cgsh&condition= HTTP/1.1" 200 738
117.184.7.30 - - [16/Oct/2020:10:17:35 +0800] "POST /xingrg/kc/buy/cgsh_order_operate.html HTTP/1.1" 200 2065
124.77.70.31 - - [16/Oct/2020:10:17:38 +0800] "GET /xingrg/kc/buy/cgsh_order_add.html HTTP/1.1" 200 60025
124.77.70.31 - - [16/Oct/2020:10:17:38 +0800] "GET /xingrg/javascript/easyui/themes/default/validatebox.css HTTP/1.1" 404 1104
124.77.70.31 - - [16/Oct/2020:10:17:38 +0800] "POST /xingrg/kc/buy/cgsh_order_operate.html HTTP/1.1" 200 8245
124.77.70.31 - - [16/Oct/2020:10:17:39 +0800] "GET /xingrg/javascript/easyui/themes/default/tree.css HTTP/1.1" 404 1090
124.77.70.31 - - [16/Oct/2020:10:17:39 +0800] "POST /xingrg/all/common/load_tree.html?tree=supplier_tree_json&isDelete=1 HTTP/1.1" 200 50541
172.17.200.101 - - [16/Oct/2020:10:17:40 +0800] "GET /xingrg/all/function/internal_message.html?_=1602814660167&CODE_STATE=getMsg HTTP/1.1" 200 27
116.233.76.41 - - [16/Oct/2020:10:17:40 +0800] "GET /xingrg/kc/buy/cgsh_order_operate.html?command=get_materiel&rest_code=00109&code=00101016071&supplier_code=00100035&order_time=2020-10-16 HTTP/1.1" 200 416
180.162.245.190 - - [16/Oct/2020:10:17:41 +0800] "GET /xingrg/kc/buy/cgsh_order_operate.html?command=get_materiel&rest_code=00105&code=00101009021&supplier_code=00100024&order_time=2020-10-16 HTTP/1.1" 200 416
117.184.7.30 - - [16/Oct/2020:10:17:42 +0800] "GET /xingrg/kc/buy/cgsh_order_operate.html?command=get_materiel&rest_code=00108&code=00101008243&supplier_code=00100008&order_time=2020-10-16 HTTP/1.1" 200 408
101.85.95.39 - - [16/Oct/2020:10:17:44 +0800] "GET /xingrg/all/function/internal_message.html?_=1602814445530&CODE_STATE=getMsg HTTP/1.1" 200 27
180.161.96.95 - - [16/Oct/2020:10:17:46 +0800] "POST /xingrg/kc/buy/cgsh_list_operate.html HTTP/1.1" 200 5730
116.233.76.41 - - [16/Oct/2020:10:17:48 +0800] "GET /xingrg/kc/buy/cgsh_order_operate.html?command=get_materiel&rest_code=00109&code=00101012010&supplier_code=00100035&order_time=2020-10-16 HTTP/1.1" 200 409
116.233.76.41 - - [16/Oct/2020:10:17:49 +0800] "GET /xingrg/all/function/internal_message.html?_=1602814675408&CODE_STATE=getMsg HTTP/1.1" 200 27
116.233.76.41 - - [16/Oct/2020:10:17:51 +0800] "GET /xingrg/check_reg.html?_=1602814710046 HTTP/1.1" 200 22
116.233.76.41 - - [16/Oct/2020:10:17:51 +0800] "GET /xingrg/all/function/internal_message.html?_=1602814710062&CODE_STATE=getMsg HTTP/1.1" 200 27
120.253.135.82 - - [16/Oct/2020:10:17:51 +0800] "POST /xingrg/kc/buy/cgsh_order_operate.html HTTP/1.1" 200 37
180.162.245.190 - - [16/Oct/2020:10:17:53 +0800] "GET /xingrg/check_reg.html?_=1602814653643 HTTP/1.1" 200 22
180.162.245.190 - - [16/Oct/2020:10:17:53 +0800] "GET /xingrg/kc/buy/cgsh_order_operate.html?command=get_materiel&rest_code=00105&code=00101009011&supplier_code=00100024&order_time=2020-10-16 HTTP/1.1" 200 416
120.253.135.82 - - [16/Oct/2020:10:17:53 +0800] "POST /xingrg/kc/buy/cgsh_order_operate.html HTTP/1.1" 200 12
180.174.56.115 - - [16/Oct/2020:10:17:55 +0800] "GET /xingrg/all/function/internal_message.html?_=1602814672723&CODE_STATE=getMsg HTTP/1.1" 200 27
120.253.135.82 - - [16/Oct/2020:10:17:55 +0800] "GET /xingrg/kc/buy/cgsh_order_info.html?code=212020101606422 HTTP/1.1" 200 54114
58.40.7.146 - - [16/Oct/2020:10:17:55 +0800] "GET /xingrg/all/function/internal_message.html?_=1602814672585&CODE_STATE=getMsg HTTP/1.1" 200 27
120.253.135.82 - - [16/Oct/2020:10:17:56 +0800] "GET /xingrg/javascript/easyui/themes/default/validatebox.css HTTP/1.1" 404 1104
218.81.217.115 - - [16/Oct/2020:10:17:56 +0800] "GET /xingrg/all/function/internal_message.html?_=1602814672662&CODE_STATE=getMsg HTTP/1.1" 200 27
124.77.70.31 - - [16/Oct/2020:10:17:56 +0800] "GET /xingrg/kc/buy/cgsh_order_operate.html?command=get_materiel&rest_code=00107&code=00101004046&supplier_code=00100312&order_time=2020-10-16 HTTP/1.1" 200 417
120.253.135.82 - - [16/Oct/2020:10:17:56 +0800] "POST /xingrg/kc/buy/cgsh_order_operate.html HTTP/1.1" 200 621
58.37.8.227 - - [16/Oct/2020:10:17:59 +0800] "GET /xingrg/all/function/internal_message.html?_=1602814676174&CODE_STATE=getMsg HTTP/1.1" 200 27
116.233.76.41 - - [16/Oct/2020:10:18:00 +0800] "GET /xingrg/kc/buy/cgsh_order_operate.html?command=get_materiel&rest_code=00109&code=00101016105&supplier_code=00100035&order_time=2020-10-16 HTTP/1.1" 200 409
172.17.0.120 - - [16/Oct/2020:10:18:01 +0800] "GET /xingrg/all/function/internal_message.html?_=1602814678139&CODE_STATE=getMsg HTTP/1.1" 200 27
117.184.7.30 - - [16/Oct/2020:10:18:01 +0800] "GET /xingrg/all/function/internal_message.html?_=1602814675180&CODE_STATE=getMsg HTTP/1.1" 200 27
180.161.96.95 - - [16/Oct/2020:10:18:02 +0800] "POST /xingrg/kc/buy/cgsh_list_operate.html HTTP/1.1" 200 420
180.162.245.190 - - [16/Oct/2020:10:18:03 +0800] "GET /xingrg/system/info/materiel_import.html?isSelect=1&singleSelect=false HTTP/1.1" 200 5600
180.162.245.190 - - [16/Oct/2020:10:18:04 +0800] "POST /xingrg/all/common/load_tree.html?tree=materiel_sort_tree_json HTTP/1.1" 200 8666
180.162.245.190 - - [16/Oct/2020:10:18:04 +0800] "GET /favicon.ico HTTP/1.1" 404 -
180.162.245.190 - - [16/Oct/2020:10:18:07 +0800] "GET /xingrg/system/info/materiel_import.html?isSelect=1&singleSelect=false HTTP/1.1" 200 5600
124.77.70.31 - - [16/Oct/2020:10:18:07 +0800] "GET /xingrg/all/function/internal_message.html?_=1602814676149&CODE_STATE=getMsg HTTP/1.1" 200 27
180.162.245.190 - - [16/Oct/2020:10:18:07 +0800] "POST /xingrg/all/common/load_tree.html?tree=materiel_sort_tree_json HTTP/1.1" 200 8666
180.162.245.190 - - [16/Oct/2020:10:18:07 +0800] "GET /favicon.ico HTTP/1.1" 404 -
172.17.0.120 - - [16/Oct/2020:10:18:08 +0800] "GET /xingrg/javascript/jquery_easy_ui/themes/default/images/button_plain_hover.png HTTP/1.1" 200 252
172.17.0.120 - - [16/Oct/2020:10:18:09 +0800] "GET /xingrg/kc/buy/buy_main.html HTTP/1.1" 200 12377
172.17.0.120 - - [16/Oct/2020:10:18:09 +0800] "GET /xingrg/css/blue.css HTTP/1.1" 200 15949
172.17.0.120 - - [16/Oct/2020:10:18:09 +0800] "GET /xingrg/css/new_ie.css HTTP/1.1" 404 1036
172.17.0.120 - - [16/Oct/2020:10:18:09 +0800] "GET /xingrg/javascript/pic_change.js HTTP/1.1" 200 4739
172.17.0.120 - - [16/Oct/2020:10:18:09 +0800] "GET /xingrg/javascript/jquery_ui/themes/humanity/humanity.css HTTP/1.1" 200 27801
172.17.0.120 - - [16/Oct/2020:10:18:09 +0800] "GET /xingrg/javascript/ToolTips.js HTTP/1.1" 200 5615
172.17.0.120 - - [16/Oct/2020:10:18:09 +0800] "GET /xingrg/javascript/myfunction.js HTTP/1.1" 200 24559
172.17.0.120 - - [16/Oct/2020:10:18:09 +0800] "GET /xingrg/javascript/jquery-1.4.2.min.js HTTP/1.1" 200 72205
172.17.0.120 - - [16/Oct/2020:10:18:09 +0800] "GET /xingrg/javascript/jquery_ui/jquery-ui.min.js HTTP/1.1" 200 186181
172.17.0.120 - - [16/Oct/2020:10:18:09 +0800] "GET /xingrg/javascript/jquery.utils.js HTTP/1.1" 200 11805
172.17.0.120 - - [16/Oct/2020:10:18:09 +0800] "GET /xingrg/javascript/jquery_easy_ui/themes/default/easyui.css HTTP/1.1" 200 26500
172.17.0.120 - - [16/Oct/2020:10:18:09 +0800] "GET /xingrg/javascript/jquery_easy_ui/themes/icon.css HTTP/1.1" 200 3949
172.17.0.120 - - [16/Oct/2020:10:18:09 +0800] "GET /xingrg/images/blue/button/cgxqd.gif HTTP/1.1" 200 2619
172.17.0.120 - - [16/Oct/2020:10:18:09 +0800] "GET /xingrg/images/blue/button/cgydd.gif HTTP/1.1" 200 2712
172.17.0.120 - - [16/Oct/2020:10:18:09 +0800] "GET /xingrg/images/blue/button/cgshd.gif HTTP/1.1" 200 2618
172.17.0.120 - - [16/Oct/2020:10:18:09 +0800] "GET /xingrg/images/blue/button/cgfkd.gif HTTP/1.1" 200 2075
172.17.0.120 - - [16/Oct/2020:10:18:09 +0800] "GET /xingrg/images/blue/button/kc.gif HTTP/1.1" 200 2160
172.17.0.120 - - [16/Oct/2020:10:18:09 +0800] "GET /xingrg/images/blue/button/ckthd.gif HTTP/1.1" 200 2045
172.17.0.120 - - [16/Oct/2020:10:18:09 +0800] "GET /xingrg/images/blue/pic_form2.gif HTTP/1.1" 200 1853
172.17.0.120 - - [16/Oct/2020:10:18:09 +0800] "GET /xingrg/images/blue/bg_dotted.jpg HTTP/1.1" 200 319
172.17.0.120 - - [16/Oct/2020:10:18:09 +0800] "GET /xingrg/javascript/jquery_ui/themes/humanity/images/ui-bg_inset-soft_100_f4f0ec_1x100.png HTTP/1.1" 200 141
172.17.0.120 - - [16/Oct/2020:10:18:09 +0800] "GET /xingrg/images/blue/button/right_ah.jpg HTTP/1.1" 200 1744
172.17.0.120 - - [16/Oct/2020:10:18:09 +0800] "GET /xingrg/images/blue/button/down_ah.jpg HTTP/1.1" 200 1732
172.17.0.120 - - [16/Oct/2020:10:18:09 +0800] "GET /xingrg/javascript/jquery_ui/themes/humanity/images/ui-iconsnew.jpg HTTP/1.1" 200 337
172.17.0.120 - - [16/Oct/2020:10:18:09 +0800] "GET /xingrg/javascript/jquery_ui/themes/humanity/images/ui-icons_ffffff_256x240.png HTTP/1.1" 200 4369
172.17.0.120 - - [16/Oct/2020:10:18:09 +0800] "GET /xingrg/javascript/jquery_ui/themes/humanity/images/ui-icons_c47a23_256x240.png HTTP/1.1" 200 5355
172.17.0.120 - - [16/Oct/2020:10:18:09 +0800] "GET /xingrg/javascript/jquery_ui/themes/humanity/images/ui-bg_glass_70_ede4d4_1x400.png HTTP/1.1" 200 161
117.185.32.26 - - [16/Oct/2020:10:18:09 +0800] "GET /xingrg/all/function/internal_message.html?_=1602814683672&CODE_STATE=getMsg HTTP/1.1" 200 27
172.17.0.120 - - [16/Oct/2020:10:18:09 +0800] "GET /xingrg/images/yd/bt.gif HTTP/1.1" 404 1040
114.88.166.242 - - [16/Oct/2020:10:18:09 +0800] "GET /xingrg/all/function/internal_message.html?_=1602814685266&CODE_STATE=getMsg HTTP/1.1" 200 27
172.17.0.120 - - [16/Oct/2020:10:18:10 +0800] "GET /xingrg/kc/buy/cgsh_order_list.html HTTP/1.1" 200 44434
172.17.0.120 - - [16/Oct/2020:10:18:10 +0800] "GET /xingrg/css/base.css HTTP/1.1" 200 2811
172.17.0.120 - - [16/Oct/2020:10:18:10 +0800] "GET /xingrg/css/site.css HTTP/1.1" 200 7541
172.17.0.120 - - [16/Oct/2020:10:18:10 +0800] "GET /xingrg/javascript/jquery_tools/datebox.css HTTP/1.1" 200 2597
172.17.0.120 - - [16/Oct/2020:10:18:10 +0800] "GET /xingrg/javascript/easyui/themes/default/easyui.css HTTP/1.1" 200 30432
172.17.0.120 - - [16/Oct/2020:10:18:10 +0800] "GET /xingrg/javascript/easyui/themes/icon.css HTTP/1.1" 200 4483
172.17.0.120 - - [16/Oct/2020:10:18:10 +0800] "GET /xingrg/javascript/auto/jquery.autocomplete.css HTTP/1.1" 200 587
172.17.0.120 - - [16/Oct/2020:10:18:10 +0800] "GET /xingrg/javascript/jquery_tools/fix.css HTTP/1.1" 200 1702
172.17.0.120 - - [16/Oct/2020:10:18:10 +0800] "GET /xingrg/javascript/jquery_tools/table.css HTTP/1.1" 200 1032
172.17.0.120 - - [16/Oct/2020:10:18:10 +0800] "GET /xingrg/javascript/jquery_tools/jquery.tools.min.js HTTP/1.1" 200 138801
172.17.0.120 - - [16/Oct/2020:10:18:10 +0800] "GET /xingrg/javascript/jquery_tools/jquery.tools.extend.js HTTP/1.1" 200 15385
172.17.0.120 - - [16/Oct/2020:10:18:10 +0800] "GET /xingrg/javascript/jquery_tools/jquery.tools.hotkey.js HTTP/1.1" 200 3242
172.17.0.120 - - [16/Oct/2020:10:18:10 +0800] "GET /xingrg/javascript/jquery_tools/jquery.tools.table.js HTTP/1.1" 200 6994
172.17.0.120 - - [16/Oct/2020:10:18:10 +0800] "GET /xingrg/javascript/jquery_tools/list_manager.js HTTP/1.1" 200 3652
172.17.0.120 - - [16/Oct/2020:10:18:10 +0800] "GET /xingrg/javascript/auto/jquery.autocomplete.js HTTP/1.1" 200 21624
172.17.0.120 - - [16/Oct/2020:10:18:10 +0800] "GET /xingrg/javascript/easyui/easyloader.js HTTP/1.1" 200 5975
172.17.0.120 - - [16/Oct/2020:10:18:10 +0800] "GET /xingrg/javascript/jquery.cookie.js HTTP/1.1" 200 5513
172.17.0.120 - - [16/Oct/2020:10:18:10 +0800] "GET /xingrg/javascript/print/LodopFuncs.js HTTP/1.1" 200 5121
172.17.0.120 - - [16/Oct/2020:10:18:10 +0800] "GET /xingrg/javascript/easyui/themes/icons/edit_add_new.png HTTP/1.1" 200 2997
172.17.0.120 - - [16/Oct/2020:10:18:10 +0800] "GET /xingrg/javascript/easyui/themes/icons/cance_new.png HTTP/1.1" 200 3986
172.17.0.120 - - [16/Oct/2020:10:18:10 +0800] "GET /xingrg/javascript/easyui/themes/icons/check_new.png HTTP/1.1" 200 3224
172.17.0.120 - - [16/Oct/2020:10:18:10 +0800] "GET /xingrg/javascript/easyui/themes/icons/uncheck_new.png HTTP/1.1" 200 3197
172.17.0.120 - - [16/Oct/2020:10:18:10 +0800] "GET /xingrg/javascript/easyui/themes/icons/field_new.png HTTP/1.1" 200 1097
172.17.0.120 - - [16/Oct/2020:10:18:10 +0800] "GET /xingrg/javascript/easyui/themes/icons/import_new.png HTTP/1.1" 200 1247
172.17.0.120 - - [16/Oct/2020:10:18:10 +0800] "GET /xingrg/javascript/easyui/plugins/jquery.parser.js HTTP/1.1" 200 1142
172.17.0.120 - - [16/Oct/2020:10:18:10 +0800] "GET /xingrg/images/control/ajaxLoader.gif HTTP/1.1" 200 4659
