120.253.135.82 - - [13/Oct/2020:06:23:44 +0800] "GET /xingrg/kc/pszx/mdps_order_operate.html?command=get_materiel&pszx_code=00101&rest_code=00148&base_code=0010246&code=00101019599 HTTP/1.1" 200 423
114.88.166.242 - - [13/Oct/2020:06:23:51 +0800] "GET /xingrg/all/function/internal_message.html?_=1602541429450&CODE_STATE=getMsg HTTP/1.1" 200 27
120.253.135.82 - - [13/Oct/2020:06:23:53 +0800] "GET /xingrg/javascript/jquery_easy_ui/themes/default/images/tabs_active.png HTTP/1.1" 200 2894
120.253.135.82 - - [13/Oct/2020:06:23:53 +0800] "GET /xingrg/javascript/jquery_easy_ui/themes/default/images/tabs_active.png HTTP/1.1" 200 2894
120.253.135.82 - - [13/Oct/2020:06:23:55 +0800] "POST /xingrg/kc/pszx/mdps_order_operate.html HTTP/1.1" 200 37
120.253.135.82 - - [13/Oct/2020:06:23:56 +0800] "GET /xingrg/kc/pszx/mdps_order_info.html?code=312020101300350 HTTP/1.1" 200 23887
120.253.135.82 - - [13/Oct/2020:06:23:57 +0800] "POST /xingrg/kc/pszx/mdps_order_operate.html HTTP/1.1" 200 9320
120.253.135.82 - - [13/Oct/2020:06:23:57 +0800] "GET /xingrg/javascript/easyui/themes/default/validatebox.css HTTP/1.1" 404 1104
120.253.135.82 - - [13/Oct/2020:06:24:00 +0800] "POST /xingrg/kc/pszx/mdps_list_operate.html HTTP/1.1" 200 3180
120.253.135.82 - - [13/Oct/2020:06:24:04 +0800] "POST /xingrg/kc/pszx/mdps_list_operate.html HTTP/1.1" 200 604
120.253.135.82 - - [13/Oct/2020:06:24:05 +0800] "GET /xingrg/kc/pszx/mdps_order_info.html?code=312020101300351 HTTP/1.1" 200 23887
120.253.135.82 - - [13/Oct/2020:06:24:05 +0800] "POST /xingrg/kc/pszx/mdps_order_operate.html HTTP/1.1" 200 4745
120.253.135.82 - - [13/Oct/2020:06:24:06 +0800] "GET /xingrg/javascript/easyui/themes/default/validatebox.css HTTP/1.1" 404 1104
120.253.135.82 - - [13/Oct/2020:06:24:08 +0800] "POST /xingrg/kc/pszx/mdps_order_operate.html HTTP/1.1" 200 37
120.253.135.82 - - [13/Oct/2020:06:24:09 +0800] "GET /xingrg/kc/pszx/mdps_order_info.html?code=312020101300351 HTTP/1.1" 200 23887
120.253.135.82 - - [13/Oct/2020:06:24:10 +0800] "POST /xingrg/kc/pszx/mdps_order_operate.html HTTP/1.1" 200 4792
120.253.135.82 - - [13/Oct/2020:06:24:10 +0800] "GET /xingrg/javascript/easyui/themes/default/validatebox.css HTTP/1.1" 404 1104
58.37.8.227 - - [13/Oct/2020:06:24:13 +0800] "GET /xingrg/all/function/internal_message.html?_=1602541456029&CODE_STATE=getMsg HTTP/1.1" 200 27
180.174.56.115 - - [13/Oct/2020:06:24:23 +0800] "GET /xingrg/all/function/internal_message.html?_=1602541463269&CODE_STATE=getMsg HTTP/1.1" 200 27
120.253.135.82 - - [13/Oct/2020:06:24:37 +0800] "POST /xingrg/kc/pszx/mdps_order_operate.html HTTP/1.1" 200 37
120.253.135.82 - - [13/Oct/2020:06:24:38 +0800] "GET /xingrg/kc/pszx/mdps_order_info.html?code=312020101300351 HTTP/1.1" 200 23887
120.253.135.82 - - [13/Oct/2020:06:24:38 +0800] "POST /xingrg/kc/pszx/mdps_order_operate.html HTTP/1.1" 200 4792
120.253.135.82 - - [13/Oct/2020:06:24:38 +0800] "GET /xingrg/javascript/easyui/themes/default/validatebox.css HTTP/1.1" 404 1104
124.77.70.31 - - [13/Oct/2020:06:24:44 +0800] "GET /xingrg/check_reg.html?_=1602541485169 HTTP/1.1" 200 22
124.77.70.31 - - [13/Oct/2020:06:24:44 +0800] "GET /xingrg/all/function/internal_message.html?_=1602541485171&CODE_STATE=getMsg HTTP/1.1" 200 27
114.88.166.242 - - [13/Oct/2020:06:24:51 +0800] "GET /xingrg/all/function/internal_message.html?_=1602541489503&CODE_STATE=getMsg HTTP/1.1" 200 27
120.253.135.82 - - [13/Oct/2020:06:25:06 +0800] "GET /xingrg/check_reg.html?_=1602541254789 HTTP/1.1" 200 22
120.253.135.82 - - [13/Oct/2020:06:25:10 +0800] "POST /xingrg/kc/pszx/mdps_order_operate.html HTTP/1.1" 200 37
120.253.135.82 - - [13/Oct/2020:06:25:11 +0800] "GET /xingrg/kc/pszx/mdps_order_info.html?code=312020101300351 HTTP/1.1" 200 23887
120.253.135.82 - - [13/Oct/2020:06:25:11 +0800] "POST /xingrg/kc/pszx/mdps_order_operate.html HTTP/1.1" 200 4792
120.253.135.82 - - [13/Oct/2020:06:25:11 +0800] "GET /xingrg/javascript/easyui/themes/default/validatebox.css HTTP/1.1" 404 1104
58.37.8.227 - - [13/Oct/2020:06:25:13 +0800] "GET /xingrg/all/function/internal_message.html?_=1602541516028&CODE_STATE=getMsg HTTP/1.1" 200 27
120.253.135.82 - - [13/Oct/2020:06:25:13 +0800] "POST /xingrg/kc/pszx/mdps_list_operate.html HTTP/1.1" 200 3180
120.253.135.82 - - [13/Oct/2020:06:25:15 +0800] "POST /xingrg/kc/pszx/mdps_list_operate.html HTTP/1.1" 200 614
120.253.135.82 - - [13/Oct/2020:06:25:16 +0800] "GET /xingrg/kc/pszx/mdps_order_info.html?code=312020101300352 HTTP/1.1" 200 23887
120.253.135.82 - - [13/Oct/2020:06:25:16 +0800] "POST /xingrg/kc/pszx/mdps_order_operate.html HTTP/1.1" 200 6222
120.253.135.82 - - [13/Oct/2020:06:25:16 +0800] "GET /xingrg/javascript/easyui/themes/default/validatebox.css HTTP/1.1" 404 1104
120.253.135.82 - - [13/Oct/2020:06:25:17 +0800] "POST /xingrg/all/common/load_combo.html?type=base HTTP/1.1" 200 984
120.253.135.82 - - [13/Oct/2020:06:25:21 +0800] "POST /xingrg/kc/pszx/mdps_order_operate.html HTTP/1.1" 200 37
120.253.135.82 - - [13/Oct/2020:06:25:22 +0800] "GET /xingrg/kc/pszx/mdps_order_info.html?code=312020101300352 HTTP/1.1" 200 23887
120.253.135.82 - - [13/Oct/2020:06:25:23 +0800] "GET /xingrg/javascript/easyui/themes/default/validatebox.css HTTP/1.1" 404 1104
120.253.135.82 - - [13/Oct/2020:06:25:23 +0800] "POST /xingrg/kc/pszx/mdps_order_operate.html HTTP/1.1" 200 6296
180.174.56.115 - - [13/Oct/2020:06:25:23 +0800] "GET /xingrg/all/function/internal_message.html?_=1602541523317&CODE_STATE=getMsg HTTP/1.1" 200 27
120.253.135.82 - - [13/Oct/2020:06:25:42 +0800] "POST /xingrg/kc/pszx/mdps_order_operate.html HTTP/1.1" 200 37
120.253.135.82 - - [13/Oct/2020:06:25:43 +0800] "GET /xingrg/kc/pszx/mdps_order_info.html?code=312020101300352 HTTP/1.1" 200 23887
120.253.135.82 - - [13/Oct/2020:06:25:44 +0800] "POST /xingrg/kc/pszx/mdps_order_operate.html HTTP/1.1" 200 6296
120.253.135.82 - - [13/Oct/2020:06:25:44 +0800] "GET /xingrg/javascript/easyui/themes/default/validatebox.css HTTP/1.1" 404 1104
124.77.70.31 - - [13/Oct/2020:06:25:44 +0800] "GET /xingrg/all/function/internal_message.html?_=1602541545157&CODE_STATE=getMsg HTTP/1.1" 200 27
120.253.135.82 - - [13/Oct/2020:06:25:46 +0800] "POST /xingrg/kc/pszx/mdps_list_operate.html HTTP/1.1" 200 3180
120.253.135.82 - - [13/Oct/2020:06:25:47 +0800] "POST /xingrg/kc/pszx/mdps_list_operate.html HTTP/1.1" 200 296
120.253.135.82 - - [13/Oct/2020:06:25:48 +0800] "GET /xingrg/kc/pszx/mdps_order_info.html?code=312020101300353 HTTP/1.1" 200 23887
120.253.135.82 - - [13/Oct/2020:06:25:48 +0800] "POST /xingrg/kc/pszx/mdps_order_operate.html HTTP/1.1" 200 2792
120.253.135.82 - - [13/Oct/2020:06:25:48 +0800] "GET /xingrg/javascript/easyui/themes/default/validatebox.css HTTP/1.1" 404 1104
114.88.166.242 - - [13/Oct/2020:06:25:51 +0800] "GET /xingrg/all/function/internal_message.html?_=1602541549510&CODE_STATE=getMsg HTTP/1.1" 200 27
120.253.135.82 - - [13/Oct/2020:06:25:51 +0800] "POST /xingrg/all/common/load_combo.html?type=base HTTP/1.1" 200 984
120.253.135.82 - - [13/Oct/2020:06:25:57 +0800] "POST /xingrg/kc/pszx/mdps_order_operate.html HTTP/1.1" 200 37
120.253.135.82 - - [13/Oct/2020:06:25:58 +0800] "GET /xingrg/kc/pszx/mdps_order_info.html?code=312020101300353 HTTP/1.1" 200 23885
120.253.135.82 - - [13/Oct/2020:06:25:58 +0800] "POST /xingrg/kc/pszx/mdps_order_operate.html HTTP/1.1" 200 2809
120.253.135.82 - - [13/Oct/2020:06:25:58 +0800] "GET /xingrg/javascript/easyui/themes/default/validatebox.css HTTP/1.1" 404 1104
218.81.217.115 - - [13/Oct/2020:06:26:06 +0800] "GET /xingrg/check_reg.html?_=1602541570882 HTTP/1.1" 200 22
120.253.135.82 - - [13/Oct/2020:06:26:08 +0800] "POST /xingrg/kc/pszx/mdps_list_operate.html HTTP/1.1" 200 3177
58.37.8.227 - - [13/Oct/2020:06:26:13 +0800] "GET /xingrg/all/function/internal_message.html?_=1602541576026&CODE_STATE=getMsg HTTP/1.1" 200 27
180.174.56.115 - - [13/Oct/2020:06:26:23 +0800] "GET /xingrg/all/function/internal_message.html?_=1602541583376&CODE_STATE=getMsg HTTP/1.1" 200 27
180.174.56.115 - - [13/Oct/2020:06:26:23 +0800] "GET /xingrg/check_reg.html?_=1602541583364 HTTP/1.1" 200 22
120.253.135.82 - - [13/Oct/2020:06:26:24 +0800] "POST /xingrg/kc/pszx/mdps_list_operate.html HTTP/1.1" 200 296
120.253.135.82 - - [13/Oct/2020:06:26:26 +0800] "POST /xingrg/kc/pszx/mdps_list_operate.html HTTP/1.1" 200 202
120.253.135.82 - - [13/Oct/2020:06:26:27 +0800] "POST /xingrg/kc/pszx/mdps_list_operate.html HTTP/1.1" 200 614
120.253.135.82 - - [13/Oct/2020:06:26:29 +0800] "POST /xingrg/kc/pszx/mdps_list_operate.html HTTP/1.1" 200 604
120.253.135.82 - - [13/Oct/2020:06:26:30 +0800] "GET /xingrg/kc/pszx/mdps_order_info.html?code=312020101300351 HTTP/1.1" 200 23887
120.253.135.82 - - [13/Oct/2020:06:26:30 +0800] "POST /xingrg/kc/pszx/mdps_order_operate.html HTTP/1.1" 200 4792
120.253.135.82 - - [13/Oct/2020:06:26:30 +0800] "GET /xingrg/javascript/easyui/themes/default/validatebox.css HTTP/1.1" 404 1104
120.253.135.82 - - [13/Oct/2020:06:26:39 +0800] "POST /xingrg/kc/pszx/mdps_list_operate.html HTTP/1.1" 200 3177
120.253.135.82 - - [13/Oct/2020:06:26:40 +0800] "POST /xingrg/kc/pszx/mdps_list_operate.html HTTP/1.1" 200 590
120.253.135.82 - - [13/Oct/2020:06:26:42 +0800] "GET /xingrg/kc/pszx/mdps_order_info.html?code=312020101300350 HTTP/1.1" 200 23887
120.253.135.82 - - [13/Oct/2020:06:26:43 +0800] "POST /xingrg/kc/pszx/mdps_order_operate.html HTTP/1.1" 200 9320
120.253.135.82 - - [13/Oct/2020:06:26:43 +0800] "GET /xingrg/javascript/easyui/themes/default/validatebox.css HTTP/1.1" 404 1104
124.77.70.31 - - [13/Oct/2020:06:26:44 +0800] "GET /xingrg/all/function/internal_message.html?_=1602541605160&CODE_STATE=getMsg HTTP/1.1" 200 27
114.88.166.242 - - [13/Oct/2020:06:26:51 +0800] "GET /xingrg/all/function/internal_message.html?_=1602541609561&CODE_STATE=getMsg HTTP/1.1" 200 27
101.227.139.171 - - [13/Oct/2020:06:27:12 +0800] "GET /xingrg/all/function/internal_message.html?_=1602541576026&CODE_STATE=getMsg HTTP/1.1" 302 -
58.37.8.227 - - [13/Oct/2020:06:27:13 +0800] "GET /xingrg/all/function/internal_message.html?_=1602541636051&CODE_STATE=getMsg HTTP/1.1" 200 27
58.37.8.227 - - [13/Oct/2020:06:27:13 +0800] "GET /xingrg/check_reg.html?_=1602541636051 HTTP/1.1" 200 22
101.227.139.171 - - [13/Oct/2020:06:27:13 +0800] "GET /xingrg/login.html HTTP/1.1" 200 7641
120.253.135.82 - - [13/Oct/2020:06:27:23 +0800] "POST /xingrg/kc/pszx/mdps_list_operate.html HTTP/1.1" 200 3177
180.174.56.115 - - [13/Oct/2020:06:27:23 +0800] "GET /xingrg/all/function/internal_message.html?_=1602541643423&CODE_STATE=getMsg HTTP/1.1" 200 27
114.88.166.242 - - [13/Oct/2020:06:27:23 +0800] "GET /xingrg/check_reg.html?_=1602541642208 HTTP/1.1" 200 22
120.253.135.82 - - [13/Oct/2020:06:27:30 +0800] "GET /xingrg/kc/report/report_main.html HTTP/1.1" 200 9370
120.253.135.82 - - [13/Oct/2020:06:27:31 +0800] "POST /xingrg/kc/pszx/mdps_list_operate.html HTTP/1.1" 200 3177
120.253.135.82 - - [13/Oct/2020:06:27:31 +0800] "GET /xingrg/javascript/jquery_easy_ui/themes/icons/settle_new.png HTTP/1.1" 200 826
120.253.135.82 - - [13/Oct/2020:06:27:33 +0800] "GET /xingrg/kc/base/kc_stocks.html HTTP/1.1" 200 16329
120.253.135.82 - - [13/Oct/2020:06:27:33 +0800] "GET /xingrg/javascript/easyui/themes/sunny/easyui.css HTTP/1.1" 200 34304
120.253.135.82 - - [13/Oct/2020:06:27:33 +0800] "GET /xingrg/javascript/easyui/themes/icons/print_new.png HTTP/1.1" 200 3580
120.253.135.82 - - [13/Oct/2020:06:27:33 +0800] "GET /xingrg/javascript/easyui/themes/icons/filter_new.png HTTP/1.1" 200 795
120.253.135.82 - - [13/Oct/2020:06:27:33 +0800] "GET /xingrg/javascript/easyui/themes/icons/refresh_new.png HTTP/1.1" 200 685
120.253.135.82 - - [13/Oct/2020:06:27:33 +0800] "GET /xingrg/javascript/easyui/plugins/jquery.draggable.js HTTP/1.1" 200 6121
120.253.135.82 - - [13/Oct/2020:06:27:33 +0800] "GET /xingrg/javascript/easyui/plugins/jquery.droppable.js HTTP/1.1" 200 1167
120.253.135.82 - - [13/Oct/2020:06:27:33 +0800] "GET /xingrg/javascript/easyui/themes/default/tree.css HTTP/1.1" 404 1090
120.253.135.82 - - [13/Oct/2020:06:27:33 +0800] "GET /xingrg/javascript/easyui/plugins/jquery.tree.js HTTP/1.1" 200 20874
120.253.135.82 - - [13/Oct/2020:06:27:33 +0800] "POST /xingrg/all/common/load_tree.html?tree=materiel_sort_tree_json HTTP/1.1" 200 8666
120.253.135.82 - - [13/Oct/2020:06:27:33 +0800] "GET /xingrg/javascript/easyui/themes/sunny/images/tree_arrows.gif HTTP/1.1" 200 617
120.253.135.82 - - [13/Oct/2020:06:27:33 +0800] "GET /xingrg/javascript/easyui/themes/sunny/images/tree_folder_open.gif HTTP/1.1" 200 956
120.253.135.82 - - [13/Oct/2020:06:27:33 +0800] "GET /xingrg/javascript/easyui/themes/sunny/images/tree_folder.gif HTTP/1.1" 200 952
120.253.135.82 - - [13/Oct/2020:06:27:33 +0800] "GET /xingrg/javascript/easyui/themes/sunny/images/tree_file.gif HTTP/1.1" 200 118
120.253.135.82 - - [13/Oct/2020:06:27:35 +0800] "POST /xingrg/all/common/load_combo.html?type=base HTTP/1.1" 200 984
124.77.70.31 - - [13/Oct/2020:06:27:44 +0800] "GET /xingrg/all/function/internal_message.html?_=1602541665165&CODE_STATE=getMsg HTTP/1.1" 200 27
114.88.166.242 - - [13/Oct/2020:06:27:51 +0800] "GET /xingrg/all/function/internal_message.html?_=1602541669567&CODE_STATE=getMsg HTTP/1.1" 200 27
120.253.135.82 - - [13/Oct/2020:06:28:04 +0800] "POST /xingrg/kc/base/stock_operate.html HTTP/1.1" 200 1740
120.253.135.82 - - [13/Oct/2020:06:28:05 +0800] "GET /xingrg/javascript/jquery_tools/fix_table.js HTTP/1.1" 200 6528
61.129.6.251 - - [13/Oct/2020:06:28:12 +0800] "GET /xingrg/check_reg.html?_=1602541636051 HTTP/1.1" 302 -
58.37.8.227 - - [13/Oct/2020:06:28:13 +0800] "GET /xingrg/all/function/internal_message.html?_=1602541696049&CODE_STATE=getMsg HTTP/1.1" 200 27
61.129.6.251 - - [13/Oct/2020:06:28:13 +0800] "GET /xingrg/login.html HTTP/1.1" 200 7641
180.174.56.115 - - [13/Oct/2020:06:28:23 +0800] "GET /xingrg/all/function/internal_message.html?_=1602541703470&CODE_STATE=getMsg HTTP/1.1" 200 27
124.77.70.31 - - [13/Oct/2020:06:28:44 +0800] "GET /xingrg/all/function/internal_message.html?_=1602541725168&CODE_STATE=getMsg HTTP/1.1" 200 27
114.88.166.242 - - [13/Oct/2020:06:28:51 +0800] "GET /xingrg/all/function/internal_message.html?_=1602541729580&CODE_STATE=getMsg HTTP/1.1" 200 27
120.253.135.82 - - [13/Oct/2020:06:29:02 +0800] "POST /xingrg/kc/base/stock_operate.html HTTP/1.1" 200 1470
61.129.6.174 - - [13/Oct/2020:06:29:12 +0800] "GET /xingrg/all/function/internal_message.html?_=1602541696049&CODE_STATE=getMsg HTTP/1.1" 302 -
58.37.8.227 - - [13/Oct/2020:06:29:13 +0800] "GET /xingrg/all/function/internal_message.html?_=1602541756064&CODE_STATE=getMsg HTTP/1.1" 200 27
61.129.6.174 - - [13/Oct/2020:06:29:13 +0800] "GET /xingrg/login.html HTTP/1.1" 200 7641
120.253.135.82 - - [13/Oct/2020:06:29:14 +0800] "POST /xingrg/kc/base/stock_operate.html HTTP/1.1" 200 1467
180.174.56.115 - - [13/Oct/2020:06:29:23 +0800] "GET /xingrg/all/function/internal_message.html?_=1602541763518&CODE_STATE=getMsg HTTP/1.1" 200 27
120.253.135.82 - - [13/Oct/2020:06:29:36 +0800] "POST /xingrg/kc/base/stock_operate.html HTTP/1.1" 200 1480
120.253.135.82 - - [13/Oct/2020:06:29:43 +0800] "POST /xingrg/kc/base/stock_operate.html HTTP/1.1" 200 1473
124.77.70.31 - - [13/Oct/2020:06:29:44 +0800] "GET /xingrg/all/function/internal_message.html?_=1602541785155&CODE_STATE=getMsg HTTP/1.1" 200 27
124.77.70.31 - - [13/Oct/2020:06:29:44 +0800] "GET /xingrg/check_reg.html?_=1602541785158 HTTP/1.1" 200 22
114.88.166.242 - - [13/Oct/2020:06:29:51 +0800] "GET /xingrg/all/function/internal_message.html?_=1602541789632&CODE_STATE=getMsg HTTP/1.1" 200 27
120.253.135.82 - - [13/Oct/2020:06:30:06 +0800] "GET /xingrg/check_reg.html?_=1602541554790 HTTP/1.1" 200 22
58.37.8.227 - - [13/Oct/2020:06:30:13 +0800] "GET /xingrg/all/function/internal_message.html?_=1602541816062&CODE_STATE=getMsg HTTP/1.1" 200 27
180.174.56.115 - - [13/Oct/2020:06:30:24 +0800] "GET /xingrg/all/function/internal_message.html?_=1602541823565&CODE_STATE=getMsg HTTP/1.1" 200 27
120.253.135.82 - - [13/Oct/2020:06:30:33 +0800] "GET /xingrg/javascript/easyui/themes/sunny/images/ui-bg_gloss-wave_60_fece2f_500x100.png HTTP/1.1" 200 3512
120.253.135.82 - - [13/Oct/2020:06:30:40 +0800] "POST /xingrg/kc/base/stock_operate.html HTTP/1.1" 200 1456
124.77.70.31 - - [13/Oct/2020:06:30:44 +0800] "GET /xingrg/all/function/internal_message.html?_=1602541845158&CODE_STATE=getMsg HTTP/1.1" 200 27
114.88.166.242 - - [13/Oct/2020:06:30:51 +0800] "GET /xingrg/all/function/internal_message.html?_=1602541849638&CODE_STATE=getMsg HTTP/1.1" 200 27
218.81.217.115 - - [13/Oct/2020:06:31:06 +0800] "GET /xingrg/check_reg.html?_=1602541870892 HTTP/1.1" 200 22
61.151.178.197 - - [13/Oct/2020:06:31:12 +0800] "GET /xingrg/all/function/internal_message.html?_=1602541816062&CODE_STATE=getMsg HTTP/1.1" 302 -
58.37.8.227 - - [13/Oct/2020:06:31:13 +0800] "GET /xingrg/all/function/internal_message.html?_=1602541876060&CODE_STATE=getMsg HTTP/1.1" 200 27
61.151.178.197 - - [13/Oct/2020:06:31:13 +0800] "GET /xingrg/login.html HTTP/1.1" 200 7641
180.174.56.115 - - [13/Oct/2020:06:31:24 +0800] "GET /xingrg/all/function/internal_message.html?_=1602541883620&CODE_STATE=getMsg HTTP/1.1" 200 27
180.174.56.115 - - [13/Oct/2020:06:31:24 +0800] "GET /xingrg/check_reg.html?_=1602541883612 HTTP/1.1" 200 22
124.77.70.31 - - [13/Oct/2020:06:31:44 +0800] "GET /xingrg/all/function/internal_message.html?_=1602541905160&CODE_STATE=getMsg HTTP/1.1" 200 27
114.88.166.242 - - [13/Oct/2020:06:31:51 +0800] "GET /xingrg/all/function/internal_message.html?_=1602541909685&CODE_STATE=getMsg HTTP/1.1" 200 27
120.253.135.82 - - [13/Oct/2020:06:32:01 +0800] "POST /xingrg/kc/base/stock_operate.html HTTP/1.1" 200 1691
61.151.207.205 - - [13/Oct/2020:06:32:12 +0800] "GET /xingrg/all/function/internal_message.html?_=1602541876060&CODE_STATE=getMsg HTTP/1.1" 302 -
58.37.8.227 - - [13/Oct/2020:06:32:13 +0800] "GET /xingrg/check_reg.html?_=1602541936058 HTTP/1.1" 200 22
58.37.8.227 - - [13/Oct/2020:06:32:13 +0800] "GET /xingrg/all/function/internal_message.html?_=1602541936059&CODE_STATE=getMsg HTTP/1.1" 200 27
61.151.207.205 - - [13/Oct/2020:06:32:13 +0800] "GET /xingrg/login.html HTTP/1.1" 200 7641
114.88.166.242 - - [13/Oct/2020:06:32:23 +0800] "GET /xingrg/check_reg.html?_=1602541942212 HTTP/1.1" 200 22
180.174.56.115 - - [13/Oct/2020:06:32:24 +0800] "GET /xingrg/all/function/internal_message.html?_=1602541943655&CODE_STATE=getMsg HTTP/1.1" 200 27
124.77.70.31 - - [13/Oct/2020:06:32:44 +0800] "GET /xingrg/all/function/internal_message.html?_=1602541965162&CODE_STATE=getMsg HTTP/1.1" 200 27
114.88.166.242 - - [13/Oct/2020:06:32:51 +0800] "GET /xingrg/all/function/internal_message.html?_=1602541969697&CODE_STATE=getMsg HTTP/1.1" 200 27
58.37.8.227 - - [13/Oct/2020:06:33:13 +0800] "GET /xingrg/all/function/internal_message.html?_=1602541996058&CODE_STATE=getMsg HTTP/1.1" 200 27
180.174.56.115 - - [13/Oct/2020:06:33:24 +0800] "GET /xingrg/all/function/internal_message.html?_=1602542003702&CODE_STATE=getMsg HTTP/1.1" 200 27
124.77.70.31 - - [13/Oct/2020:06:33:44 +0800] "GET /xingrg/all/function/internal_message.html?_=1602542025164&CODE_STATE=getMsg HTTP/1.1" 200 27
120.253.135.82 - - [13/Oct/2020:06:33:47 +0800] "POST /xingrg/kc/base/stock_operate.html HTTP/1.1" 200 1474
114.88.166.242 - - [13/Oct/2020:06:33:51 +0800] "GET /xingrg/all/function/internal_message.html?_=1602542029711&CODE_STATE=getMsg HTTP/1.1" 200 27
61.129.7.235 - - [13/Oct/2020:06:34:12 +0800] "GET /xingrg/all/function/internal_message.html?_=1602541996058&CODE_STATE=getMsg HTTP/1.1" 302 -
58.37.8.227 - - [13/Oct/2020:06:34:13 +0800] "GET /xingrg/all/function/internal_message.html?_=1602542056058&CODE_STATE=getMsg HTTP/1.1" 200 27
61.129.7.235 - - [13/Oct/2020:06:34:13 +0800] "GET /xingrg/login.html HTTP/1.1" 200 7641
120.253.135.82 - - [13/Oct/2020:06:34:18 +0800] "POST /xingrg/kc/base/stock_operate.html HTTP/1.1" 200 1491
180.174.56.115 - - [13/Oct/2020:06:34:24 +0800] "GET /xingrg/all/function/internal_message.html?_=1602542063752&CODE_STATE=getMsg HTTP/1.1" 200 27
124.77.70.31 - - [13/Oct/2020:06:34:44 +0800] "GET /xingrg/check_reg.html?_=1602542085168 HTTP/1.1" 200 22
124.77.70.31 - - [13/Oct/2020:06:34:44 +0800] "GET /xingrg/all/function/internal_message.html?_=1602542085170&CODE_STATE=getMsg HTTP/1.1" 200 27
114.88.166.242 - - [13/Oct/2020:06:34:51 +0800] "GET /xingrg/all/function/internal_message.html?_=1602542089758&CODE_STATE=getMsg HTTP/1.1" 200 27
120.253.135.82 - - [13/Oct/2020:06:35:06 +0800] "GET /xingrg/check_reg.html?_=1602541854800 HTTP/1.1" 200 22
58.37.8.227 - - [13/Oct/2020:06:35:13 +0800] "GET /xingrg/all/function/internal_message.html?_=1602542116056&CODE_STATE=getMsg HTTP/1.1" 200 27
180.174.56.115 - - [13/Oct/2020:06:35:24 +0800] "GET /xingrg/all/function/internal_message.html?_=1602542123799&CODE_STATE=getMsg HTTP/1.1" 200 27
120.253.135.82 - - [13/Oct/2020:06:35:31 +0800] "POST /xingrg/kc/base/stock_operate.html HTTP/1.1" 200 1730
120.253.135.82 - - [13/Oct/2020:06:35:43 +0800] "POST /xingrg/kc/base/stock_operate.html HTTP/1.1" 200 1756
124.77.70.31 - - [13/Oct/2020:06:35:44 +0800] "GET /xingrg/all/function/internal_message.html?_=1602542145154&CODE_STATE=getMsg HTTP/1.1" 200 27
114.88.166.242 - - [13/Oct/2020:06:35:51 +0800] "GET /xingrg/all/function/internal_message.html?_=1602542149769&CODE_STATE=getMsg HTTP/1.1" 200 27
218.81.217.115 - - [13/Oct/2020:06:36:06 +0800] "GET /xingrg/check_reg.html?_=1602542170897 HTTP/1.1" 200 22
58.37.8.227 - - [13/Oct/2020:06:36:13 +0800] "GET /xingrg/all/function/internal_message.html?_=1602542176058&CODE_STATE=getMsg HTTP/1.1" 200 27
120.253.135.82 - - [13/Oct/2020:06:36:13 +0800] "POST /xingrg/kc/base/stock_operate.html HTTP/1.1" 200 1480
180.174.56.115 - - [13/Oct/2020:06:36:24 +0800] "GET /xingrg/check_reg.html?_=1602542183848 HTTP/1.1" 200 22
180.174.56.115 - - [13/Oct/2020:06:36:24 +0800] "GET /xingrg/all/function/internal_message.html?_=1602542183846&CODE_STATE=getMsg HTTP/1.1" 200 27
124.77.70.31 - - [13/Oct/2020:06:36:37 +0800] "POST /xingrg/services/DataTransmitService HTTP/1.1" 200 524
124.77.70.31 - - [13/Oct/2020:06:36:45 +0800] "GET /xingrg/all/function/internal_message.html?_=1602542205156&CODE_STATE=getMsg HTTP/1.1" 200 27
114.88.166.242 - - [13/Oct/2020:06:36:51 +0800] "GET /xingrg/all/function/internal_message.html?_=1602542209804&CODE_STATE=getMsg HTTP/1.1" 200 27
58.37.8.227 - - [13/Oct/2020:06:37:13 +0800] "GET /xingrg/check_reg.html?_=1602542236056 HTTP/1.1" 200 22
58.37.8.227 - - [13/Oct/2020:06:37:13 +0800] "GET /xingrg/all/function/internal_message.html?_=1602542236058&CODE_STATE=getMsg HTTP/1.1" 200 27
120.253.135.82 - - [13/Oct/2020:06:37:13 +0800] "POST /xingrg/kc/base/stock_operate.html HTTP/1.1" 200 1746
114.88.166.242 - - [13/Oct/2020:06:37:23 +0800] "GET /xingrg/check_reg.html?_=1602542242214 HTTP/1.1" 200 22
180.174.56.115 - - [13/Oct/2020:06:37:24 +0800] "GET /xingrg/all/function/internal_message.html?_=1602542243907&CODE_STATE=getMsg HTTP/1.1" 200 27
124.77.70.31 - - [13/Oct/2020:06:37:44 +0800] "GET /xingrg/all/function/internal_message.html?_=1602542265158&CODE_STATE=getMsg HTTP/1.1" 200 27
114.88.166.242 - - [13/Oct/2020:06:37:51 +0800] "GET /xingrg/all/function/internal_message.html?_=1602542269812&CODE_STATE=getMsg HTTP/1.1" 200 27
101.89.239.238 - - [13/Oct/2020:06:38:12 +0800] "GET /xingrg/check_reg.html?_=1602542236056 HTTP/1.1" 302 -
58.37.8.227 - - [13/Oct/2020:06:38:13 +0800] "GET /xingrg/all/function/internal_message.html?_=1602542296055&CODE_STATE=getMsg HTTP/1.1" 200 27
101.89.239.238 - - [13/Oct/2020:06:38:13 +0800] "GET /xingrg/login.html HTTP/1.1" 200 7641
180.174.56.115 - - [13/Oct/2020:06:38:24 +0800] "GET /xingrg/all/function/internal_message.html?_=1602542303954&CODE_STATE=getMsg HTTP/1.1" 200 27
124.77.70.31 - - [13/Oct/2020:06:38:44 +0800] "GET /xingrg/all/function/internal_message.html?_=1602542325159&CODE_STATE=getMsg HTTP/1.1" 200 27
120.253.135.82 - - [13/Oct/2020:06:38:49 +0800] "POST /xingrg/kc/base/stock_operate.html HTTP/1.1" 200 1461
114.88.166.242 - - [13/Oct/2020:06:38:51 +0800] "GET /xingrg/all/function/internal_message.html?_=1602542329825&CODE_STATE=getMsg HTTP/1.1" 200 27
120.253.135.82 - - [13/Oct/2020:06:39:12 +0800] "POST /xingrg/kc/base/stock_operate.html HTTP/1.1" 200 2529
101.89.239.230 - - [13/Oct/2020:06:39:12 +0800] "GET /xingrg/all/function/internal_message.html?_=1602542296055&CODE_STATE=getMsg HTTP/1.1" 302 -
58.37.8.227 - - [13/Oct/2020:06:39:13 +0800] "GET /xingrg/all/function/internal_message.html?_=1602542356053&CODE_STATE=getMsg HTTP/1.1" 200 27
101.89.239.230 - - [13/Oct/2020:06:39:13 +0800] "GET /xingrg/login.html HTTP/1.1" 200 7641
180.174.56.115 - - [13/Oct/2020:06:39:24 +0800] "GET /xingrg/all/function/internal_message.html?_=1602542364002&CODE_STATE=getMsg HTTP/1.1" 200 27
124.77.70.31 - - [13/Oct/2020:06:39:44 +0800] "GET /xingrg/all/function/internal_message.html?_=1602542385161&CODE_STATE=getMsg HTTP/1.1" 200 27
124.77.70.31 - - [13/Oct/2020:06:39:44 +0800] "GET /xingrg/check_reg.html?_=1602542385162 HTTP/1.1" 200 22
114.88.166.242 - - [13/Oct/2020:06:39:51 +0800] "GET /xingrg/all/function/internal_message.html?_=1602542389876&CODE_STATE=getMsg HTTP/1.1" 200 27
120.253.135.82 - - [13/Oct/2020:06:40:06 +0800] "GET /xingrg/check_reg.html?_=1602542154802 HTTP/1.1" 200 22
58.37.8.227 - - [13/Oct/2020:06:40:13 +0800] "GET /xingrg/all/function/internal_message.html?_=1602542416051&CODE_STATE=getMsg HTTP/1.1" 200 27
180.174.56.115 - - [13/Oct/2020:06:40:24 +0800] "GET /xingrg/all/function/internal_message.html?_=1602542424049&CODE_STATE=getMsg HTTP/1.1" 200 27
124.77.70.31 - - [13/Oct/2020:06:40:44 +0800] "GET /xingrg/all/function/internal_message.html?_=1602542445163&CODE_STATE=getMsg HTTP/1.1" 200 27
114.88.166.242 - - [13/Oct/2020:06:40:51 +0800] "GET /xingrg/all/function/internal_message.html?_=1602542449884&CODE_STATE=getMsg HTTP/1.1" 200 27
120.253.135.82 - - [13/Oct/2020:06:40:52 +0800] "POST /xingrg/kc/base/stock_operate.html HTTP/1.1" 200 1468
218.81.217.115 - - [13/Oct/2020:06:41:06 +0800] "GET /xingrg/check_reg.html?_=1602542470900 HTTP/1.1" 200 22
58.37.8.227 - - [13/Oct/2020:06:41:13 +0800] "GET /xingrg/all/function/internal_message.html?_=1602542476077&CODE_STATE=getMsg HTTP/1.1" 200 27
58.40.7.146 - - [13/Oct/2020:06:41:20 +0800] "POST /xingrg/services/DataTransmitService HTTP/1.1" 200 524
58.40.7.146 - - [13/Oct/2020:06:41:21 +0800] "POST /xingrg/services/DataTransmitService HTTP/1.1" 200 501
180.174.56.115 - - [13/Oct/2020:06:41:24 +0800] "GET /xingrg/all/function/internal_message.html?_=1602542484097&CODE_STATE=getMsg HTTP/1.1" 200 27
180.174.56.115 - - [13/Oct/2020:06:41:24 +0800] "GET /xingrg/check_reg.html?_=1602542484096 HTTP/1.1" 200 22
124.77.70.31 - - [13/Oct/2020:06:41:44 +0800] "GET /xingrg/all/function/internal_message.html?_=1602542505167&CODE_STATE=getMsg HTTP/1.1" 200 27
120.253.135.82 - - [13/Oct/2020:06:41:48 +0800] "POST /xingrg/kc/base/stock_operate.html HTTP/1.1" 200 1474
114.88.166.242 - - [13/Oct/2020:06:41:51 +0800] "GET /xingrg/all/function/internal_message.html?_=1602542509933&CODE_STATE=getMsg HTTP/1.1" 200 27
120.253.135.82 - - [13/Oct/2020:06:41:56 +0800] "POST /xingrg/kc/base/stock_operate.html HTTP/1.1" 200 1480
58.37.8.227 - - [13/Oct/2020:06:42:13 +0800] "GET /xingrg/check_reg.html?_=1602542536094 HTTP/1.1" 200 22
58.37.8.227 - - [13/Oct/2020:06:42:13 +0800] "GET /xingrg/all/function/internal_message.html?_=1602542536090&CODE_STATE=getMsg HTTP/1.1" 200 27
114.88.166.242 - - [13/Oct/2020:06:42:23 +0800] "GET /xingrg/check_reg.html?_=1602542542223 HTTP/1.1" 200 22
180.174.56.115 - - [13/Oct/2020:06:42:24 +0800] "GET /xingrg/all/function/internal_message.html?_=1602542544145&CODE_STATE=getMsg HTTP/1.1" 200 27
124.77.70.31 - - [13/Oct/2020:06:42:44 +0800] "GET /xingrg/all/function/internal_message.html?_=1602542565156&CODE_STATE=getMsg HTTP/1.1" 200 27
114.88.166.242 - - [13/Oct/2020:06:42:51 +0800] "GET /xingrg/all/function/internal_message.html?_=1602542569942&CODE_STATE=getMsg HTTP/1.1" 200 27
58.37.8.227 - - [13/Oct/2020:06:43:13 +0800] "GET /xingrg/all/function/internal_message.html?_=1602542596077&CODE_STATE=getMsg HTTP/1.1" 200 27
180.174.56.115 - - [13/Oct/2020:06:43:24 +0800] "GET /xingrg/all/function/internal_message.html?_=1602542604194&CODE_STATE=getMsg HTTP/1.1" 200 27
124.77.70.31 - - [13/Oct/2020:06:43:44 +0800] "GET /xingrg/all/function/internal_message.html?_=1602542625158&CODE_STATE=getMsg HTTP/1.1" 200 27
114.88.166.242 - - [13/Oct/2020:06:43:51 +0800] "GET /xingrg/all/function/internal_message.html?_=1602542629957&CODE_STATE=getMsg HTTP/1.1" 200 27
58.37.8.227 - - [13/Oct/2020:06:44:13 +0800] "GET /xingrg/all/function/internal_message.html?_=1602542656090&CODE_STATE=getMsg HTTP/1.1" 200 27
180.174.56.115 - - [13/Oct/2020:06:44:24 +0800] "GET /xingrg/all/function/internal_message.html?_=1602542664243&CODE_STATE=getMsg HTTP/1.1" 200 27
120.253.135.82 - - [13/Oct/2020:06:44:27 +0800] "POST /xingrg/kc/base/stock_operate.html HTTP/1.1" 200 1478
124.77.70.31 - - [13/Oct/2020:06:44:44 +0800] "GET /xingrg/all/function/internal_message.html?_=1602542685161&CODE_STATE=getMsg HTTP/1.1" 200 27
124.77.70.31 - - [13/Oct/2020:06:44:44 +0800] "GET /xingrg/check_reg.html?_=1602542685164 HTTP/1.1" 200 22
114.88.166.242 - - [13/Oct/2020:06:44:51 +0800] "GET /xingrg/all/function/internal_message.html?_=1602542690004&CODE_STATE=getMsg HTTP/1.1" 200 27
120.253.135.82 - - [13/Oct/2020:06:44:56 +0800] "POST /xingrg/kc/base/stock_operate.html HTTP/1.1" 200 1489
120.253.135.82 - - [13/Oct/2020:06:45:06 +0800] "GET /xingrg/check_reg.html?_=1602542454812 HTTP/1.1" 200 22
58.37.8.227 - - [13/Oct/2020:06:45:13 +0800] "GET /xingrg/all/function/internal_message.html?_=1602542716089&CODE_STATE=getMsg HTTP/1.1" 200 27
180.174.56.115 - - [13/Oct/2020:06:45:24 +0800] "GET /xingrg/all/function/internal_message.html?_=1602542724290&CODE_STATE=getMsg HTTP/1.1" 200 27
120.253.135.82 - - [13/Oct/2020:06:45:27 +0800] "POST /xingrg/kc/base/stock_operate.html HTTP/1.1" 200 1490
124.77.70.31 - - [13/Oct/2020:06:45:44 +0800] "GET /xingrg/all/function/internal_message.html?_=1602542745167&CODE_STATE=getMsg HTTP/1.1" 200 27
114.88.166.242 - - [13/Oct/2020:06:45:51 +0800] "GET /xingrg/all/function/internal_message.html?_=1602542750013&CODE_STATE=getMsg HTTP/1.1" 200 27
218.81.217.115 - - [13/Oct/2020:06:46:06 +0800] "GET /xingrg/check_reg.html?_=1602542770905 HTTP/1.1" 200 22
120.253.135.82 - - [13/Oct/2020:06:46:08 +0800] "POST /xingrg/kc/base/stock_operate.html HTTP/1.1" 200 1489
58.37.8.227 - - [13/Oct/2020:06:46:13 +0800] "GET /xingrg/all/function/internal_message.html?_=1602542776087&CODE_STATE=getMsg HTTP/1.1" 200 27
61.151.207.141 - - [13/Oct/2020:06:46:13 +0800] "GET /xingrg/all/function/internal_message.html?_=1602542716089&CODE_STATE=getMsg HTTP/1.1" 302 -
61.151.207.141 - - [13/Oct/2020:06:46:15 +0800] "GET /xingrg/login.html HTTP/1.1" 200 7641
180.174.56.115 - - [13/Oct/2020:06:46:24 +0800] "GET /xingrg/check_reg.html?_=1602542784337 HTTP/1.1" 200 22
180.174.56.115 - - [13/Oct/2020:06:46:24 +0800] "GET /xingrg/all/function/internal_message.html?_=1602542784348&CODE_STATE=getMsg HTTP/1.1" 200 27
120.253.135.82 - - [13/Oct/2020:06:46:36 +0800] "POST /xingrg/kc/base/stock_operate.html HTTP/1.1" 200 3080
124.77.70.31 - - [13/Oct/2020:06:46:44 +0800] "GET /xingrg/all/function/internal_message.html?_=1602542805154&CODE_STATE=getMsg HTTP/1.1" 200 27
114.88.166.242 - - [13/Oct/2020:06:46:51 +0800] "GET /xingrg/all/function/internal_message.html?_=1602542810060&CODE_STATE=getMsg HTTP/1.1" 200 27
120.253.135.82 - - [13/Oct/2020:06:46:54 +0800] "POST /xingrg/kc/base/stock_operate.html HTTP/1.1" 200 2020
218.81.217.115 - - [13/Oct/2020:06:47:09 +0800] "GET /xingrg/kc/buy/cgsh_order_list.html HTTP/1.1" 200 44205
218.81.217.115 - - [13/Oct/2020:06:47:09 +0800] "GET /xingrg/css/base.css HTTP/1.1" 304 -
218.81.217.115 - - [13/Oct/2020:06:47:09 +0800] "GET /xingrg/css/site.css HTTP/1.1" 304 -
218.81.217.115 - - [13/Oct/2020:06:47:09 +0800] "GET /xingrg/javascript/jquery_tools/datebox.css HTTP/1.1" 304 -
218.81.217.115 - - [13/Oct/2020:06:47:09 +0800] "GET /xingrg/javascript/easyui/themes/default/easyui.css HTTP/1.1" 304 -
218.81.217.115 - - [13/Oct/2020:06:47:09 +0800] "GET /xingrg/javascript/easyui/themes/icon.css HTTP/1.1" 304 -
218.81.217.115 - - [13/Oct/2020:06:47:09 +0800] "GET /xingrg/javascript/auto/jquery.autocomplete.css HTTP/1.1" 304 -
218.81.217.115 - - [13/Oct/2020:06:47:09 +0800] "GET /xingrg/javascript/jquery_tools/fix.css HTTP/1.1" 304 -
218.81.217.115 - - [13/Oct/2020:06:47:09 +0800] "GET /xingrg/javascript/jquery_tools/table.css HTTP/1.1" 304 -
218.81.217.115 - - [13/Oct/2020:06:47:09 +0800] "GET /xingrg/javascript/jquery_tools/jquery.tools.min.js HTTP/1.1" 304 -
218.81.217.115 - - [13/Oct/2020:06:47:09 +0800] "GET /xingrg/javascript/jquery_tools/jquery.tools.extend.js HTTP/1.1" 304 -
218.81.217.115 - - [13/Oct/2020:06:47:09 +0800] "GET /xingrg/javascript/jquery_tools/jquery.tools.hotkey.js HTTP/1.1" 304 -
218.81.217.115 - - [13/Oct/2020:06:47:09 +0800] "GET /xingrg/javascript/jquery_tools/jquery.tools.table.js HTTP/1.1" 304 -
218.81.217.115 - - [13/Oct/2020:06:47:09 +0800] "GET /xingrg/javascript/jquery_tools/list_manager.js HTTP/1.1" 304 -
218.81.217.115 - - [13/Oct/2020:06:47:09 +0800] "GET /xingrg/javascript/auto/jquery.autocomplete.js HTTP/1.1" 304 -
218.81.217.115 - - [13/Oct/2020:06:47:09 +0800] "GET /xingrg/javascript/jquery.cookie.js HTTP/1.1" 304 -
218.81.217.115 - - [13/Oct/2020:06:47:09 +0800] "GET /xingrg/javascript/print/LodopFuncs.js HTTP/1.1" 304 -
218.81.217.115 - - [13/Oct/2020:06:47:09 +0800] "GET /xingrg/javascript/jquery.utils.js HTTP/1.1" 304 -
218.81.217.115 - - [13/Oct/2020:06:47:09 +0800] "GET /xingrg/javascript/easyui/easyloader.js HTTP/1.1" 304 -
218.81.217.115 - - [13/Oct/2020:06:47:11 +0800] "GET /xingrg/javascript/easyui/plugins/jquery.parser.js HTTP/1.1" 304 -
218.81.217.115 - - [13/Oct/2020:06:47:12 +0800] "POST /xingrg/kc/buy/cgsh_list_operate.html HTTP/1.1" 200 5158
58.37.8.227 - - [13/Oct/2020:06:47:13 +0800] "GET /xingrg/all/function/internal_message.html?_=1602542836085&CODE_STATE=getMsg HTTP/1.1" 200 27
58.37.8.227 - - [13/Oct/2020:06:47:13 +0800] "GET /xingrg/check_reg.html?_=1602542836086 HTTP/1.1" 200 22
114.88.166.242 - - [13/Oct/2020:06:47:23 +0800] "GET /xingrg/check_reg.html?_=1602542842233 HTTP/1.1" 200 22
180.174.56.115 - - [13/Oct/2020:06:47:24 +0800] "GET /xingrg/all/function/internal_message.html?_=1602542844383&CODE_STATE=getMsg HTTP/1.1" 200 27
120.253.135.82 - - [13/Oct/2020:06:47:28 +0800] "POST /xingrg/kc/base/stock_operate.html HTTP/1.1" 200 1480
218.81.217.115 - - [13/Oct/2020:06:47:35 +0800] "POST /xingrg/kc/buy/cgsh_list_operate.html HTTP/1.1" 200 4
124.77.70.31 - - [13/Oct/2020:06:47:44 +0800] "GET /xingrg/all/function/internal_message.html?_=1602542865156&CODE_STATE=getMsg HTTP/1.1" 200 27
114.88.166.242 - - [13/Oct/2020:06:47:51 +0800] "GET /xingrg/all/function/internal_message.html?_=1602542870073&CODE_STATE=getMsg HTTP/1.1" 200 27
218.81.217.115 - - [13/Oct/2020:06:47:55 +0800] "POST /xingrg/kc/buy/cgsh_list_operate.html HTTP/1.1" 200 3865
101.89.239.230 - - [13/Oct/2020:06:48:12 +0800] "GET /xingrg/all/function/internal_message.html?_=1602542836085&CODE_STATE=getMsg HTTP/1.1" 302 -
58.37.8.227 - - [13/Oct/2020:06:48:13 +0800] "GET /xingrg/all/function/internal_message.html?_=1602542896085&CODE_STATE=getMsg HTTP/1.1" 200 27
101.89.239.230 - - [13/Oct/2020:06:48:13 +0800] "GET /xingrg/login.html HTTP/1.1" 200 7641
218.81.217.115 - - [13/Oct/2020:06:48:14 +0800] "POST /xingrg/kc/buy/cgsh_list_operate.html HTTP/1.1" 200 4
218.81.217.115 - - [13/Oct/2020:06:48:23 +0800] "POST /xingrg/kc/buy/cgsh_list_operate.html HTTP/1.1" 200 876
180.174.56.115 - - [13/Oct/2020:06:48:24 +0800] "GET /xingrg/all/function/internal_message.html?_=1602542904430&CODE_STATE=getMsg HTTP/1.1" 200 27
218.81.217.115 - - [13/Oct/2020:06:48:26 +0800] "GET /xingrg/kc/base/wldb_order_list.html HTTP/1.1" 200 19383
218.81.217.115 - - [13/Oct/2020:06:48:28 +0800] "GET /xingrg/javascript/easyui/themes/icons/edit_add_new.png HTTP/1.1" 304 -
218.81.217.115 - - [13/Oct/2020:06:48:28 +0800] "GET /xingrg/javascript/easyui/themes/icons/cance_new.png HTTP/1.1" 304 -
218.81.217.115 - - [13/Oct/2020:06:48:28 +0800] "GET /xingrg/javascript/easyui/themes/icons/check_new.png HTTP/1.1" 304 -
218.81.217.115 - - [13/Oct/2020:06:48:28 +0800] "GET /xingrg/javascript/easyui/themes/icons/field_new.png HTTP/1.1" 304 -
218.81.217.115 - - [13/Oct/2020:06:48:28 +0800] "GET /xingrg/javascript/easyui/themes/icons/import_new.png HTTP/1.1" 304 -
218.81.217.115 - - [13/Oct/2020:06:48:28 +0800] "GET /xingrg/images/control/ajaxLoader.gif HTTP/1.1" 304 -
218.81.217.115 - - [13/Oct/2020:06:48:28 +0800] "POST /xingrg/kc/base/wldb_list_operate.html HTTP/1.1" 200 928
124.77.70.31 - - [13/Oct/2020:06:48:44 +0800] "GET /xingrg/all/function/internal_message.html?_=1602542925158&CODE_STATE=getMsg HTTP/1.1" 200 27
114.88.166.242 - - [13/Oct/2020:06:48:51 +0800] "GET /xingrg/all/function/internal_message.html?_=1602542930088&CODE_STATE=getMsg HTTP/1.1" 200 27
61.129.7.235 - - [13/Oct/2020:06:49:12 +0800] "GET /xingrg/all/function/internal_message.html?_=1602542896085&CODE_STATE=getMsg HTTP/1.1" 302 -
58.37.8.227 - - [13/Oct/2020:06:49:13 +0800] "GET /xingrg/all/function/internal_message.html?_=1602542956084&CODE_STATE=getMsg HTTP/1.1" 200 27
61.129.7.235 - - [13/Oct/2020:06:49:13 +0800] "GET /xingrg/login.html HTTP/1.1" 200 7641
180.174.56.115 - - [13/Oct/2020:06:49:24 +0800] "GET /xingrg/all/function/internal_message.html?_=1602542964480&CODE_STATE=getMsg HTTP/1.1" 200 27
124.77.70.31 - - [13/Oct/2020:06:49:44 +0800] "GET /xingrg/all/function/internal_message.html?_=1602542985161&CODE_STATE=getMsg HTTP/1.1" 200 27
124.77.70.31 - - [13/Oct/2020:06:49:44 +0800] "GET /xingrg/check_reg.html?_=1602542985164 HTTP/1.1" 200 22
114.88.166.242 - - [13/Oct/2020:06:49:51 +0800] "GET /xingrg/all/function/internal_message.html?_=1602542990139&CODE_STATE=getMsg HTTP/1.1" 200 27
120.253.135.82 - - [13/Oct/2020:06:50:06 +0800] "GET /xingrg/check_reg.html?_=1602542754813 HTTP/1.1" 200 22
120.253.135.82 - - [13/Oct/2020:06:50:11 +0800] "GET /xingrg/javascript/easyui/themes/sunny/images/ui-bg_gloss-wave_70_ffdd57_500x100.png HTTP/1.1" 200 3830
58.37.8.227 - - [13/Oct/2020:06:50:13 +0800] "GET /xingrg/all/function/internal_message.html?_=1602543016083&CODE_STATE=getMsg HTTP/1.1" 200 27
120.253.135.82 - - [13/Oct/2020:06:50:19 +0800] "GET /xingrg/kc/buy/cgth_order_list.html HTTP/1.1" 200 43857
120.253.135.82 - - [13/Oct/2020:06:50:20 +0800] "POST /xingrg/kc/buy/cgth_list_operate.html HTTP/1.1" 200 1035
120.253.135.82 - - [13/Oct/2020:06:50:23 +0800] "GET /xingrg/kc/buy/cgth_order_add.html HTTP/1.1" 200 61378
120.253.135.82 - - [13/Oct/2020:06:50:23 +0800] "GET /xingrg/javascript/Grid.js HTTP/1.1" 200 58908
120.253.135.82 - - [13/Oct/2020:06:50:23 +0800] "GET /xingrg/javascript/AjaxInfoList.js HTTP/1.1" 200 3774
120.253.135.82 - - [13/Oct/2020:06:50:23 +0800] "GET /xingrg/dwr/interface/AjaxCgthService.js HTTP/1.1" 200 14519
120.253.135.82 - - [13/Oct/2020:06:50:23 +0800] "GET /xingrg/dwr/interface/AjaxComOrderService.js HTTP/1.1" 200 18264
120.253.135.82 - - [13/Oct/2020:06:50:23 +0800] "GET /xingrg/dwr/engine.js HTTP/1.1" 200 43631
120.253.135.82 - - [13/Oct/2020:06:50:23 +0800] "GET /xingrg/javascript/jquery_easy_ui/themes/icons/edit_add_new.png HTTP/1.1" 200 2997
120.253.135.82 - - [13/Oct/2020:06:50:23 +0800] "GET /xingrg/javascript/jquery_easy_ui/themes/icons/ok.png HTTP/1.1" 200 883
120.253.135.82 - - [13/Oct/2020:06:50:23 +0800] "GET /xingrg/javascript/jquery_easy_ui/themes/icons/cance_new.png HTTP/1.1" 200 3986
120.253.135.82 - - [13/Oct/2020:06:50:23 +0800] "GET /xingrg/javascript/jquery_easy_ui/themes/icons/print.png HTTP/1.1" 200 1057
120.253.135.82 - - [13/Oct/2020:06:50:23 +0800] "GET /xingrg/javascript/jquery_easy_ui/themes/default/images/menu_downarrow.png HTTP/1.1" 200 173
120.253.135.82 - - [13/Oct/2020:06:50:23 +0800] "GET /xingrg/javascript/jquery_easy_ui/themes/default/images/validatebox_warning.png HTTP/1.1" 200 921
120.253.135.82 - - [13/Oct/2020:06:50:23 +0800] "GET /xingrg/javascript/jquery_easy_ui/themes/default/images/validatebox_pointer.gif HTTP/1.1" 200 82
120.253.135.82 - - [13/Oct/2020:06:50:23 +0800] "POST /xingrg/all/common/load_tree.html?tree=supplier_tree_json&isDelete=1 HTTP/1.1" 200 50541
120.253.135.82 - - [13/Oct/2020:06:50:23 +0800] "GET /xingrg/images/blue/button/kc_tab_add.gif HTTP/1.1" 200 375
120.253.135.82 - - [13/Oct/2020:06:50:23 +0800] "GET /xingrg/images/blue/button/kc_tab_del.gif HTTP/1.1" 200 383
120.253.135.82 - - [13/Oct/2020:06:50:23 +0800] "GET /xingrg/images/blue/button/kc_tab_save.gif HTTP/1.1" 200 777
120.253.135.82 - - [13/Oct/2020:06:50:23 +0800] "GET /xingrg/images/blue/button/kc_tab_edit.gif HTTP/1.1" 200 551
120.253.135.82 - - [13/Oct/2020:06:50:23 +0800] "GET /xingrg/images/blue/kc_tab_left.gif HTTP/1.1" 200 188
120.253.135.82 - - [13/Oct/2020:06:50:23 +0800] "GET /xingrg/images/blue/kc_tab2_left.gif HTTP/1.1" 200 625
120.253.135.82 - - [13/Oct/2020:06:50:23 +0800] "GET /xingrg/images/blue/kc_tab_right.gif HTTP/1.1" 200 643
120.253.135.82 - - [13/Oct/2020:06:50:23 +0800] "GET /xingrg/images/blue/kc_tab_mid.gif HTTP/1.1" 200 44
120.253.135.82 - - [13/Oct/2020:06:50:23 +0800] "GET /xingrg/images/blue/kc_tab2_right.gif HTTP/1.1" 200 192
180.174.56.115 - - [13/Oct/2020:06:50:25 +0800] "GET /xingrg/all/function/internal_message.html?_=1602543024526&CODE_STATE=getMsg HTTP/1.1" 200 27
124.77.70.31 - - [13/Oct/2020:06:50:44 +0800] "GET /xingrg/all/function/internal_message.html?_=1602543045160&CODE_STATE=getMsg HTTP/1.1" 200 27
120.253.135.82 - - [13/Oct/2020:06:50:49 +0800] "GET /xingrg/images/blue/wait.gif HTTP/1.1" 200 1100
120.253.135.82 - - [13/Oct/2020:06:50:49 +0800] "POST /xingrg/dwr/call/plaincall/AjaxCgthService.saveOrder.dwr HTTP/1.1" 200 78
120.253.135.82 - - [13/Oct/2020:06:50:51 +0800] "GET /xingrg/images/yd/bt.gif HTTP/1.1" 404 1040
114.88.166.242 - - [13/Oct/2020:06:50:51 +0800] "GET /xingrg/all/function/internal_message.html?_=1602543050144&CODE_STATE=getMsg HTTP/1.1" 200 27
120.253.135.82 - - [13/Oct/2020:06:50:53 +0800] "POST /xingrg/dwr/call/plaincall/AjaxComOrderService.getMaterielSearchList.dwr HTTP/1.1" 200 27832
120.253.135.82 - - [13/Oct/2020:06:50:54 +0800] "POST /xingrg/dwr/call/plaincall/AjaxComOrderService.getMaterielSearchList.dwr HTTP/1.1" 200 27832
120.253.135.82 - - [13/Oct/2020:06:50:55 +0800] "POST /xingrg/dwr/call/plaincall/AjaxComOrderService.getMaterielSearchList.dwr HTTP/1.1" 200 424
120.253.135.82 - - [13/Oct/2020:06:50:55 +0800] "POST /xingrg/dwr/call/plaincall/AjaxComOrderService.getMaterielSearchList.dwr HTTP/1.1" 200 424
120.253.135.82 - - [13/Oct/2020:06:51:00 +0800] "POST /xingrg/dwr/call/plaincall/AjaxCgthService.getMaterielByMap.dwr HTTP/1.1" 200 1530
120.253.135.82 - - [13/Oct/2020:06:51:04 +0800] "POST /xingrg/dwr/call/plaincall/AjaxCgthService.saveMaterielItem.dwr HTTP/1.1" 200 78
120.253.135.82 - - [13/Oct/2020:06:51:06 +0800] "GET /xingrg/javascript/jquery_easy_ui/themes/default/images/button_plain_hover.png HTTP/1.1" 200 252
218.81.217.115 - - [13/Oct/2020:06:51:06 +0800] "GET /xingrg/check_reg.html?_=1602543070924 HTTP/1.1" 200 22
120.253.135.82 - - [13/Oct/2020:06:51:07 +0800] "POST /xingrg/dwr/call/plaincall/AjaxCgthService.saveOrder.dwr HTTP/1.1" 200 78
58.37.8.227 - - [13/Oct/2020:06:51:13 +0800] "GET /xingrg/all/function/internal_message.html?_=1602543076080&CODE_STATE=getMsg HTTP/1.1" 200 27
120.253.135.82 - - [13/Oct/2020:06:51:15 +0800] "POST /xingrg/dwr/call/plaincall/AjaxCgthService.checkOrder.dwr HTTP/1.1" 200 78
120.253.135.82 - - [13/Oct/2020:06:51:16 +0800] "GET /xingrg/kc/buy/cgth_order_info.html?code=232020101300014&part=buyck HTTP/1.1" 200 59545
120.253.135.82 - - [13/Oct/2020:06:51:16 +0800] "GET /xingrg/dwr/interface/AjaxCgthService.js HTTP/1.1" 200 14519
120.253.135.82 - - [13/Oct/2020:06:51:16 +0800] "GET /xingrg/dwr/interface/AjaxComOrderService.js HTTP/1.1" 200 18264
120.253.135.82 - - [13/Oct/2020:06:51:16 +0800] "GET /xingrg/dwr/engine.js HTTP/1.1" 200 43631
120.253.135.82 - - [13/Oct/2020:06:51:18 +0800] "POST /xingrg/all/common/load_tree.html?tree=supplier_tree_json&isDelete=1 HTTP/1.1" 200 50541
120.253.135.82 - - [13/Oct/2020:06:51:18 +0800] "POST /xingrg/dwr/call/plaincall/AjaxCgthService.loadMaterielItems.dwr HTTP/1.1" 200 691
120.253.135.82 - - [13/Oct/2020:06:51:21 +0800] "GET /xingrg/kc/print/load_config.html?_=1602542829830&kc_code=cgth HTTP/1.1" 200 2458
120.253.135.82 - - [13/Oct/2020:06:51:21 +0800] "GET /xingrg/kc/print/load_data.html?_=1602542829857&order_code=232020101300014&kc_code=cgth&condition= HTTP/1.1" 200 593
180.174.56.115 - - [13/Oct/2020:06:51:25 +0800] "GET /xingrg/check_reg.html?_=1602543084576 HTTP/1.1" 200 22
180.174.56.115 - - [13/Oct/2020:06:51:25 +0800] "GET /xingrg/all/function/internal_message.html?_=1602543084575&CODE_STATE=getMsg HTTP/1.1" 200 27
124.77.70.31 - - [13/Oct/2020:06:51:44 +0800] "GET /xingrg/all/function/internal_message.html?_=1602543105156&CODE_STATE=getMsg HTTP/1.1" 200 27
114.88.166.242 - - [13/Oct/2020:06:51:51 +0800] "GET /xingrg/all/function/internal_message.html?_=1602543110182&CODE_STATE=getMsg HTTP/1.1" 200 27
58.37.8.227 - - [13/Oct/2020:06:52:13 +0800] "GET /xingrg/check_reg.html?_=1602543136080 HTTP/1.1" 200 22
58.37.8.227 - - [13/Oct/2020:06:52:13 +0800] "GET /xingrg/all/function/internal_message.html?_=1602543136079&CODE_STATE=getMsg HTTP/1.1" 200 27
114.88.166.242 - - [13/Oct/2020:06:52:23 +0800] "GET /xingrg/check_reg.html?_=1602543142236 HTTP/1.1" 200 22
180.174.56.115 - - [13/Oct/2020:06:52:25 +0800] "GET /xingrg/all/function/internal_message.html?_=1602543144623&CODE_STATE=getMsg HTTP/1.1" 200 27
218.81.217.115 - - [13/Oct/2020:06:52:31 +0800] "GET /xingrg/kc/base/wldb_order_list.html HTTP/1.1" 200 19383
218.81.217.115 - - [13/Oct/2020:06:52:32 +0800] "POST /xingrg/kc/base/wldb_list_operate.html HTTP/1.1" 200 928
124.77.70.31 - - [13/Oct/2020:06:52:44 +0800] "GET /xingrg/all/function/internal_message.html?_=1602543165162&CODE_STATE=getMsg HTTP/1.1" 200 27
114.88.166.242 - - [13/Oct/2020:06:52:51 +0800] "GET /xingrg/all/function/internal_message.html?_=1602543170188&CODE_STATE=getMsg HTTP/1.1" 200 27
120.253.135.82 - - [13/Oct/2020:06:52:53 +0800] "GET /xingrg/kc/buy/cgth_order_list.html?isBack=1 HTTP/1.1" 200 43857
120.253.135.82 - - [13/Oct/2020:06:52:54 +0800] "POST /xingrg/kc/buy/cgth_list_operate.html HTTP/1.1" 200 1035
120.253.135.82 - - [13/Oct/2020:06:52:56 +0800] "GET /xingrg/kc/buy/cgsh_order_list.html HTTP/1.1" 200 44454
120.253.135.82 - - [13/Oct/2020:06:52:56 +0800] "POST /xingrg/kc/buy/cgsh_list_operate.html HTTP/1.1" 200 876
120.253.135.82 - - [13/Oct/2020:06:52:58 +0800] "GET /xingrg/kc/buy/cgsh_order_add.html HTTP/1.1" 200 58954
120.253.135.82 - - [13/Oct/2020:06:52:58 +0800] "POST /xingrg/kc/buy/cgsh_order_operate.html HTTP/1.1" 200 8245
120.253.135.82 - - [13/Oct/2020:06:52:58 +0800] "GET /xingrg/javascript/easyui/themes/default/validatebox.css HTTP/1.1" 404 1104
120.253.135.82 - - [13/Oct/2020:06:53:08 +0800] "POST /xingrg/all/common/load_combo.html?type=employee HTTP/1.1" 200 2101
61.151.207.205 - - [13/Oct/2020:06:53:12 +0800] "GET /xingrg/all/function/internal_message.html?_=1602543136079&CODE_STATE=getMsg HTTP/1.1" 302 -
61.151.207.205 - - [13/Oct/2020:06:53:12 +0800] "GET /xingrg/login.html HTTP/1.1" 200 7641
58.37.8.227 - - [13/Oct/2020:06:53:13 +0800] "GET /xingrg/all/function/internal_message.html?_=1602543196077&CODE_STATE=getMsg HTTP/1.1" 200 27
120.253.135.82 - - [13/Oct/2020:06:53:18 +0800] "GET /xingrg/kc/buy/cgsh_order_operate.html?command=get_materiel&rest_code=00101&code=00101013067&supplier_code=00100231&order_time=2020-10-13 HTTP/1.1" 200 445
180.174.56.115 - - [13/Oct/2020:06:53:25 +0800] "GET /xingrg/all/function/internal_message.html?_=1602543204673&CODE_STATE=getMsg HTTP/1.1" 200 27
120.253.135.82 - - [13/Oct/2020:06:53:38 +0800] "POST /xingrg/kc/buy/cgsh_order_operate.html HTTP/1.1" 200 37
120.253.135.82 - - [13/Oct/2020:06:53:39 +0800] "POST /xingrg/kc/buy/cgsh_order_operate.html HTTP/1.1" 200 2672
124.77.70.31 - - [13/Oct/2020:06:53:44 +0800] "GET /xingrg/all/function/internal_message.html?_=1602543225164&CODE_STATE=getMsg HTTP/1.1" 200 27
120.253.135.82 - - [13/Oct/2020:06:53:50 +0800] "POST /xingrg/kc/buy/cgsh_order_operate.html HTTP/1.1" 200 37
114.88.166.242 - - [13/Oct/2020:06:53:51 +0800] "GET /xingrg/all/function/internal_message.html?_=1602543230200&CODE_STATE=getMsg HTTP/1.1" 200 27
120.253.135.82 - - [13/Oct/2020:06:53:52 +0800] "POST /xingrg/kc/buy/cgsh_order_operate.html HTTP/1.1" 200 12
120.253.135.82 - - [13/Oct/2020:06:53:53 +0800] "GET /xingrg/kc/buy/cgsh_order_info.html?code=212020101305240 HTTP/1.1" 200 54124
120.253.135.82 - - [13/Oct/2020:06:53:54 +0800] "GET /xingrg/javascript/easyui/themes/default/validatebox.css HTTP/1.1" 404 1104
120.253.135.82 - - [13/Oct/2020:06:53:54 +0800] "POST /xingrg/kc/buy/cgsh_order_operate.html HTTP/1.1" 200 622
120.253.135.82 - - [13/Oct/2020:06:53:56 +0800] "GET /xingrg/kc/print/load_config.html?kc_code=cgsh HTTP/1.1" 200 1845
120.253.135.82 - - [13/Oct/2020:06:53:56 +0800] "GET /xingrg/kc/print/load_data.html?order_code=212020101305240&kc_code=cgsh&condition= HTTP/1.1" 200 715
58.37.8.227 - - [13/Oct/2020:06:54:13 +0800] "GET /xingrg/all/function/internal_message.html?_=1602543256091&CODE_STATE=getMsg HTTP/1.1" 200 27
180.174.56.115 - - [13/Oct/2020:06:54:25 +0800] "GET /xingrg/all/function/internal_message.html?_=1602543264721&CODE_STATE=getMsg HTTP/1.1" 200 27
124.77.70.31 - - [13/Oct/2020:06:54:44 +0800] "GET /xingrg/all/function/internal_message.html?_=1602543285156&CODE_STATE=getMsg HTTP/1.1" 200 27
124.77.70.31 - - [13/Oct/2020:06:54:44 +0800] "GET /xingrg/check_reg.html?_=1602543285157 HTTP/1.1" 200 22
114.88.166.242 - - [13/Oct/2020:06:54:51 +0800] "GET /xingrg/all/function/internal_message.html?_=1602543290255&CODE_STATE=getMsg HTTP/1.1" 200 27
