180.161.96.95 - - [13/Oct/2020:10:12:15 +0800] "GET /xingrg/all/function/internal_message.html?_=1602555354747&CODE_STATE=getMsg HTTP/1.1" 200 27
180.162.245.190 - - [13/Oct/2020:10:12:18 +0800] "GET /xingrg/kc/base/wldb_order_operate.html?command=get_materiel&rest_code=00105&base_code=0010508&code=00102003330 HTTP/1.1" 200 441
114.88.166.242 - - [13/Oct/2020:10:12:24 +0800] "GET /xingrg/check_reg.html?_=1602555142464 HTTP/1.1" 200 22
114.88.166.242 - - [13/Oct/2020:10:12:28 +0800] "GET /xingrg/all/function/internal_message.html?_=1602555232535&CODE_STATE=getMsg HTTP/1.1" 200 27
222.69.137.251 - - [13/Oct/2020:10:12:28 +0800] "GET /xingrg/kc/buy/cgsh_order_operate.html?command=get_materiel&rest_code=00149&code=00101008118&supplier_code=00100005&order_time=2020-10-12 HTTP/1.1" 200 418
180.162.245.190 - - [13/Oct/2020:10:12:29 +0800] "GET /xingrg/kc/base/wldb_order_operate.html?command=get_materiel&rest_code=00105&base_code=0010508&code=00102003557 HTTP/1.1" 200 424
172.17.200.101 - - [13/Oct/2020:10:12:32 +0800] "GET /xingrg/all/function/internal_message.html?_=1602555152905&CODE_STATE=getMsg HTTP/1.1" 200 27
218.81.217.115 - - [13/Oct/2020:10:12:34 +0800] "GET /xingrg/all/function/internal_message.html?_=1602555158285&CODE_STATE=getMsg HTTP/1.1" 200 27
180.162.245.190 - - [13/Oct/2020:10:12:34 +0800] "POST /xingrg/kc/base/wldb_order_operate.html HTTP/1.1" 200 37
180.174.56.115 - - [13/Oct/2020:10:12:34 +0800] "GET /xingrg/all/function/internal_message.html?_=1602555154297&CODE_STATE=getMsg HTTP/1.1" 200 27
180.162.245.190 - - [13/Oct/2020:10:12:34 +0800] "POST /xingrg/kc/base/wldb_order_operate.html HTTP/1.1" 200 2666
180.162.245.190 - - [13/Oct/2020:10:12:35 +0800] "GET /xingrg/kc/base/wldb_order_info.html?code=422020101301550 HTTP/1.1" 200 30503
180.162.245.190 - - [13/Oct/2020:10:12:35 +0800] "GET /xingrg/javascript/easyui/themes/default/validatebox.css HTTP/1.1" 404 1104
180.162.245.190 - - [13/Oct/2020:10:12:35 +0800] "POST /xingrg/kc/base/wldb_order_operate.html HTTP/1.1" 200 2666
180.162.245.190 - - [13/Oct/2020:10:12:38 +0800] "GET /xingrg/kc/base/wldb_order_list.html HTTP/1.1" 200 19377
180.162.245.190 - - [13/Oct/2020:10:12:39 +0800] "POST /xingrg/kc/base/wldb_list_operate.html HTTP/1.1" 200 2563
222.69.137.251 - - [13/Oct/2020:10:12:39 +0800] "GET /xingrg/kc/buy/cgsh_order_operate.html?command=get_materiel&rest_code=00149&code=00101015004&supplier_code=00100005&order_time=2020-10-12 HTTP/1.1" 200 408
222.69.139.234 - - [13/Oct/2020:10:12:39 +0800] "GET /xingrg/all/function/internal_message.html?_=1602555159886&CODE_STATE=getMsg HTTP/1.1" 200 27
180.162.245.190 - - [13/Oct/2020:10:12:40 +0800] "GET /xingrg/kc/base/wldb_order_list.html HTTP/1.1" 200 19377
180.162.245.190 - - [13/Oct/2020:10:12:40 +0800] "POST /xingrg/kc/base/wldb_list_operate.html HTTP/1.1" 200 2563
58.221.95.50 - - [13/Oct/2020:10:12:41 +0800] "GET /xingrg/all/function/internal_message.html?_=1602555330367&CODE_STATE=getMsg HTTP/1.1" 302 -
172.17.0.100 - - [13/Oct/2020:10:12:41 +0800] "GET /xingrg/all/function/internal_message.html?_=1602555158954&CODE_STATE=getMsg HTTP/1.1" 200 27
222.69.160.252 - - [13/Oct/2020:10:12:41 +0800] "GET /xingrg/all/function/internal_message.html?_=1602554948482&CODE_STATE=getMsg HTTP/1.1" 200 27
180.162.245.190 - - [13/Oct/2020:10:12:41 +0800] "GET /xingrg/kc/base/wldb_order_list.html HTTP/1.1" 200 19377
180.162.245.190 - - [13/Oct/2020:10:12:41 +0800] "POST /xingrg/kc/base/wldb_list_operate.html HTTP/1.1" 200 2563
172.17.0.123 - - [13/Oct/2020:10:12:42 +0800] "GET /xingrg/kc/base/stock_operate.html?_=1602555136742&command=get_report_file&start_day=20200901 HTTP/1.1" 200 21
172.17.0.123 - - [13/Oct/2020:10:12:42 +0800] "GET /xingrg/all/report/report_query.html?isQuery=1&onlyBody=1&rh=2000&fileName=kc/base/kc_stock_detail.xml&queryString=(1=1)&queryText=&tableQueryString=init_table$sp1$base_code='0010726'$sp$crk_table$sp1$order_day%20between%2020200901%20and%2020201031%20and%20base_code='0010726'&varString=start_day:20200901,materiel_code:00101028012,cost_id:undefined,end_date:undefined HTTP/1.1" 200 48667
172.17.0.123 - - [13/Oct/2020:10:12:42 +0800] "GET /xingrg/dwr/interface/AjaxReportQueryService.js HTTP/1.1" 200 13203
172.17.0.123 - - [13/Oct/2020:10:12:42 +0800] "GET /xingrg/dwr/engine.js HTTP/1.1" 200 43631
172.17.0.123 - - [13/Oct/2020:10:12:43 +0800] "POST /xingrg/all/report/load_report_page.html HTTP/1.1" 200 49692
172.17.0.123 - - [13/Oct/2020:10:12:43 +0800] "GET /xingrg/servlets/image?cache=0.015443066110890746&image=px HTTP/1.1" 200 807
180.174.56.115 - - [13/Oct/2020:10:12:45 +0800] "GET /xingrg/check_reg.html?_=1602555135139 HTTP/1.1" 200 22
116.233.76.29 - - [13/Oct/2020:10:12:45 +0800] "GET /xingrg/all/function/internal_message.html?_=1602555181136&CODE_STATE=getMsg HTTP/1.1" 200 27
180.174.56.115 - - [13/Oct/2020:10:12:45 +0800] "GET /xingrg/all/function/internal_message.html?_=1602555135451&CODE_STATE=getMsg HTTP/1.1" 200 27
172.17.0.123 - - [13/Oct/2020:10:12:47 +0800] "GET /xingrg/kc/base/stock_detail.html?m=00101028012 HTTP/1.1" 200 6399
172.17.0.123 - - [13/Oct/2020:10:12:49 +0800] "GET /xingrg/kc/base/stock_operate.html?_=1602555143902&command=get_report_file&start_day=20200901 HTTP/1.1" 200 21
172.17.0.123 - - [13/Oct/2020:10:12:49 +0800] "GET /xingrg/all/report/report_query.html?isQuery=1&onlyBody=1&rh=2000&fileName=kc/base/kc_stock_detail.xml&queryString=(1=1)&queryText=&tableQueryString=init_table$sp1$$sp$crk_table$sp1$order_day%20between%2020200901%20and%2020201031&varString=start_day:20200901,materiel_code:00101028012,cost_id:undefined,end_date:undefined HTTP/1.1" 200 48624
172.17.0.123 - - [13/Oct/2020:10:12:49 +0800] "GET /xingrg/dwr/interface/AjaxReportQueryService.js HTTP/1.1" 200 13203
172.17.0.123 - - [13/Oct/2020:10:12:49 +0800] "GET /xingrg/dwr/engine.js HTTP/1.1" 200 43631
172.17.0.123 - - [13/Oct/2020:10:12:50 +0800] "POST /xingrg/all/report/load_report_page.html HTTP/1.1" 200 79078
172.17.0.123 - - [13/Oct/2020:10:12:50 +0800] "GET /xingrg/servlets/image?cache=0.12384915364613891&image=px HTTP/1.1" 200 807
172.17.0.120 - - [13/Oct/2020:10:12:52 +0800] "GET /xingrg/check_reg.html?_=1602555171255 HTTP/1.1" 200 22
172.17.0.120 - - [13/Oct/2020:10:12:52 +0800] "GET /xingrg/all/function/internal_message.html?_=1602555171257&CODE_STATE=getMsg HTTP/1.1" 200 27
172.17.0.240 - - [13/Oct/2020:10:12:52 +0800] "GET /xingrg/all/function/internal_message.html?_=1602555171862&CODE_STATE=getMsg HTTP/1.1" 200 27
180.162.245.190 - - [13/Oct/2020:10:12:55 +0800] "GET /xingrg/all/function/internal_message.html?_=1602555174829&CODE_STATE=getMsg HTTP/1.1" 200 27
117.131.5.26 - - [13/Oct/2020:10:12:57 +0800] "GET /xingrg/check_reg.html?_=1602555200111 HTTP/1.1" 200 22
117.131.5.26 - - [13/Oct/2020:10:12:57 +0800] "GET /xingrg/all/function/internal_message.html?_=1602555200112&CODE_STATE=getMsg HTTP/1.1" 200 27
114.88.166.242 - - [13/Oct/2020:10:12:57 +0800] "GET /xingrg/all/function/internal_message.html?_=1602555175339&CODE_STATE=getMsg HTTP/1.1" 200 27
222.69.137.251 - - [13/Oct/2020:10:12:58 +0800] "GET /xingrg/all/function/internal_message.html?_=1602555178084&CODE_STATE=getMsg HTTP/1.1" 200 27
124.77.70.31 - - [13/Oct/2020:10:12:59 +0800] "GET /xingrg/all/function/internal_message.html?_=1602555174644&CODE_STATE=getMsg HTTP/1.1" 200 27
180.162.245.190 - - [13/Oct/2020:10:13:02 +0800] "GET /xingrg/kc/mdqp/pssh_order_list.html HTTP/1.1" 200 17958
180.162.245.190 - - [13/Oct/2020:10:13:03 +0800] "POST /xingrg/kc/mdqp/pssh_list_operate.html HTTP/1.1" 200 5371
172.17.0.123 - - [13/Oct/2020:10:13:04 +0800] "GET /xingrg/kc/base/stock_operate.html?_=1602555158529&command=get_report_file&start_day=20200901 HTTP/1.1" 200 21
172.17.0.123 - - [13/Oct/2020:10:13:04 +0800] "GET /xingrg/all/report/report_query.html?isQuery=1&onlyBody=1&rh=2000&fileName=kc/base/kc_stock_detail.xml&queryString=(1=1)&queryText=&tableQueryString=init_table$sp1$base_code='0010726'$sp$crk_table$sp1$order_day%20between%2020200901%20and%2020201031%20and%20base_code='0010726'&varString=start_day:20200901,materiel_code:00101028012,cost_id:undefined,end_date:undefined HTTP/1.1" 200 48667
172.17.0.123 - - [13/Oct/2020:10:13:04 +0800] "GET /xingrg/dwr/interface/AjaxReportQueryService.js HTTP/1.1" 200 13203
172.17.0.123 - - [13/Oct/2020:10:13:04 +0800] "GET /xingrg/dwr/engine.js HTTP/1.1" 200 43631
222.69.137.251 - - [13/Oct/2020:10:13:04 +0800] "GET /xingrg/kc/buy/cgsh_order_operate.html?command=get_materiel&rest_code=00149&code=00101008360&supplier_code=00100005&order_time=2020-10-12 HTTP/1.1" 200 413
172.17.0.123 - - [13/Oct/2020:10:13:05 +0800] "POST /xingrg/all/report/load_report_page.html HTTP/1.1" 200 49608
172.17.0.123 - - [13/Oct/2020:10:13:05 +0800] "GET /xingrg/servlets/image?cache=0.9551305600658776&image=px HTTP/1.1" 200 807
180.162.245.190 - - [13/Oct/2020:10:13:05 +0800] "POST /xingrg/kc/mdqp/pssh_list_operate.html HTTP/1.1" 200 813
180.162.245.190 - - [13/Oct/2020:10:13:05 +0800] "GET /xingrg/kc/mdqp/pssh_order_info.html?code=312020101100268 HTTP/1.1" 200 17297
180.162.245.190 - - [13/Oct/2020:10:13:05 +0800] "GET /xingrg/javascript/jquery_tools/jquery-1.4.2.min.js HTTP/1.1" 404 1094
180.162.245.190 - - [13/Oct/2020:10:13:05 +0800] "GET /xingrg/javascript/easyui/themes/default/validatebox.css HTTP/1.1" 404 1104
180.162.245.190 - - [13/Oct/2020:10:13:05 +0800] "POST /xingrg/kc/mdqp/pssh_order_operate.html HTTP/1.1" 200 13871
222.69.137.251 - - [13/Oct/2020:10:13:07 +0800] "POST /xingrg/kc/buy/cgsh_order_operate.html HTTP/1.1" 200 2065
172.17.0.123 - - [13/Oct/2020:10:13:10 +0800] "GET /xingrg/all/function/internal_message.html?_=1602555164213&CODE_STATE=getMsg HTTP/1.1" 200 27
180.162.245.190 - - [13/Oct/2020:10:13:12 +0800] "GET /xingrg/kc/mdqp/pssh_order_list.html HTTP/1.1" 200 17958
180.162.245.190 - - [13/Oct/2020:10:13:12 +0800] "POST /xingrg/kc/mdqp/pssh_list_operate.html HTTP/1.1" 200 5371
58.37.8.227 - - [13/Oct/2020:10:13:13 +0800] "GET /xingrg/all/function/internal_message.html?_=1602555196460&CODE_STATE=getMsg HTTP/1.1" 200 27
180.161.96.95 - - [13/Oct/2020:10:13:15 +0800] "GET /xingrg/check_reg.html?_=1602555414511 HTTP/1.1" 200 22
180.161.96.95 - - [13/Oct/2020:10:13:15 +0800] "GET /xingrg/all/function/internal_message.html?_=1602555414759&CODE_STATE=getMsg HTTP/1.1" 200 27
180.162.245.190 - - [13/Oct/2020:10:13:17 +0800] "POST /xingrg/kc/mdqp/pssh_list_operate.html HTTP/1.1" 200 771
180.162.245.190 - - [13/Oct/2020:10:13:17 +0800] "GET /xingrg/kc/mdqp/pssh_order_info.html?code=312020101100269 HTTP/1.1" 200 17297
180.162.245.190 - - [13/Oct/2020:10:13:17 +0800] "GET /xingrg/javascript/jquery_tools/jquery-1.4.2.min.js HTTP/1.1" 404 1094
180.162.245.190 - - [13/Oct/2020:10:13:18 +0800] "GET /xingrg/javascript/easyui/themes/default/validatebox.css HTTP/1.1" 404 1104
180.162.245.190 - - [13/Oct/2020:10:13:18 +0800] "POST /xingrg/kc/mdqp/pssh_order_operate.html HTTP/1.1" 200 5246
222.69.137.251 - - [13/Oct/2020:10:13:21 +0800] "GET /xingrg/kc/buy/cgsh_order_operate.html?command=get_materiel&rest_code=00149&code=00101008137&supplier_code=00100005&order_time=2020-10-12 HTTP/1.1" 200 408
180.162.245.190 - - [13/Oct/2020:10:13:23 +0800] "POST /xingrg/all/common/load_combo.html?type=employee HTTP/1.1" 200 356
114.88.166.242 - - [13/Oct/2020:10:13:28 +0800] "GET /xingrg/all/function/internal_message.html?_=1602555292532&CODE_STATE=getMsg HTTP/1.1" 200 27
114.88.166.242 - - [13/Oct/2020:10:13:28 +0800] "GET /xingrg/check_reg.html?_=1602555292549 HTTP/1.1" 200 22
180.162.245.190 - - [13/Oct/2020:10:13:31 +0800] "POST /xingrg/kc/mdqp/pssh_order_operate.html HTTP/1.1" 200 37
180.162.245.190 - - [13/Oct/2020:10:13:32 +0800] "POST /xingrg/kc/mdqp/pssh_order_operate.html HTTP/1.1" 200 5246
218.81.217.115 - - [13/Oct/2020:10:13:32 +0800] "GET /xingrg/check_reg.html?_=1602555216372 HTTP/1.1" 200 22
172.17.200.101 - - [13/Oct/2020:10:13:32 +0800] "GET /xingrg/all/function/internal_message.html?_=1602555212908&CODE_STATE=getMsg HTTP/1.1" 200 27
218.81.217.115 - - [13/Oct/2020:10:13:34 +0800] "GET /xingrg/all/function/internal_message.html?_=1602555218299&CODE_STATE=getMsg HTTP/1.1" 200 27
180.174.56.115 - - [13/Oct/2020:10:13:34 +0800] "GET /xingrg/all/function/internal_message.html?_=1602555214345&CODE_STATE=getMsg HTTP/1.1" 200 27
222.69.137.251 - - [13/Oct/2020:10:13:35 +0800] "GET /xingrg/kc/buy/cgsh_order_operate.html?command=get_materiel&rest_code=00149&code=00101008059&supplier_code=00100005&order_time=2020-10-12 HTTP/1.1" 200 408
180.162.245.190 - - [13/Oct/2020:10:13:35 +0800] "POST /xingrg/kc/mdqp/pssh_order_operate.html HTTP/1.1" 200 37
180.162.245.190 - - [13/Oct/2020:10:13:35 +0800] "POST /xingrg/kc/mdqp/pssh_order_operate.html HTTP/1.1" 200 12
180.162.245.190 - - [13/Oct/2020:10:13:36 +0800] "GET /xingrg/kc/mdqp/pssh_order_info.html?code=312020101100269 HTTP/1.1" 200 14386
180.162.245.190 - - [13/Oct/2020:10:13:36 +0800] "GET /xingrg/javascript/jquery_tools/jquery-1.4.2.min.js HTTP/1.1" 404 1094
180.162.245.190 - - [13/Oct/2020:10:13:36 +0800] "POST /xingrg/kc/mdqp/pssh_order_operate.html HTTP/1.1" 200 5246
180.162.245.190 - - [13/Oct/2020:10:13:36 +0800] "GET /xingrg/javascript/easyui/themes/default/validatebox.css HTTP/1.1" 404 1104
180.162.245.190 - - [13/Oct/2020:10:13:38 +0800] "GET /xingrg/kc/print/load_data.html?order_code=312020101100269&kc_code=pssh&condition= HTTP/1.1" 200 2259
222.69.139.234 - - [13/Oct/2020:10:13:39 +0800] "GET /xingrg/all/function/internal_message.html?_=1602555219888&CODE_STATE=getMsg HTTP/1.1" 200 27
58.221.95.50 - - [13/Oct/2020:10:13:41 +0800] "GET /xingrg/all/function/internal_message.html?_=1602555390348&CODE_STATE=getMsg HTTP/1.1" 302 -
172.17.0.100 - - [13/Oct/2020:10:13:41 +0800] "GET /xingrg/all/function/internal_message.html?_=1602555218982&CODE_STATE=getMsg HTTP/1.1" 200 27
172.17.0.100 - - [13/Oct/2020:10:13:41 +0800] "GET /xingrg/check_reg.html?_=1602555218985 HTTP/1.1" 200 22
222.69.160.252 - - [13/Oct/2020:10:13:41 +0800] "GET /xingrg/all/function/internal_message.html?_=1602555008496&CODE_STATE=getMsg HTTP/1.1" 200 27
116.233.76.29 - - [13/Oct/2020:10:13:45 +0800] "GET /xingrg/all/function/internal_message.html?_=1602555241148&CODE_STATE=getMsg HTTP/1.1" 200 27
180.174.56.115 - - [13/Oct/2020:10:13:45 +0800] "GET /xingrg/all/function/internal_message.html?_=1602555195465&CODE_STATE=getMsg HTTP/1.1" 200 27
180.162.245.190 - - [13/Oct/2020:10:13:51 +0800] "GET /xingrg/kc/base/wldb_order_list.html HTTP/1.1" 200 19377
180.162.245.190 - - [13/Oct/2020:10:13:51 +0800] "POST /xingrg/kc/base/wldb_list_operate.html HTTP/1.1" 200 2563
172.17.0.120 - - [13/Oct/2020:10:13:52 +0800] "GET /xingrg/all/function/internal_message.html?_=1602555231259&CODE_STATE=getMsg HTTP/1.1" 200 27
172.17.0.240 - - [13/Oct/2020:10:13:52 +0800] "GET /xingrg/all/function/internal_message.html?_=1602555231867&CODE_STATE=getMsg HTTP/1.1" 200 27
180.162.245.190 - - [13/Oct/2020:10:13:55 +0800] "GET /xingrg/all/function/internal_message.html?_=1602555234825&CODE_STATE=getMsg HTTP/1.1" 200 27
117.131.5.26 - - [13/Oct/2020:10:13:57 +0800] "GET /xingrg/all/function/internal_message.html?_=1602555260110&CODE_STATE=getMsg HTTP/1.1" 200 27
114.88.166.242 - - [13/Oct/2020:10:13:57 +0800] "GET /xingrg/all/function/internal_message.html?_=1602555235357&CODE_STATE=getMsg HTTP/1.1" 200 27
222.69.137.251 - - [13/Oct/2020:10:13:58 +0800] "GET /xingrg/all/function/internal_message.html?_=1602555238080&CODE_STATE=getMsg HTTP/1.1" 200 27
124.77.70.31 - - [13/Oct/2020:10:13:59 +0800] "GET /xingrg/all/function/internal_message.html?_=1602555234628&CODE_STATE=getMsg HTTP/1.1" 200 27
172.17.0.123 - - [13/Oct/2020:10:13:59 +0800] "GET /xingrg/kc/guide/show_order.html?code=212020100301449&type=21 HTTP/1.1" 302 -
172.17.0.123 - - [13/Oct/2020:10:13:59 +0800] "GET /xingrg/kc/buy/cgsh_order_info.html?code=212020100301449&sysBaseUrl=http%3A%2F%2F172.17.0.8%3A18081%2Fxingrg%2F&costTime=12×tamp=1602555239597 HTTP/1.1" 200 54187
172.17.0.123 - - [13/Oct/2020:10:14:00 +0800] "GET /xingrg/words/20201013090337_words.js HTTP/1.1" 200 768695
172.17.0.123 - - [13/Oct/2020:10:14:00 +0800] "GET /xingrg/javascript/easyui/themes/default/validatebox.css HTTP/1.1" 404 1104
172.17.0.123 - - [13/Oct/2020:10:14:00 +0800] "POST /xingrg/kc/buy/cgsh_order_operate.html HTTP/1.1" 200 11321
172.17.0.123 - - [13/Oct/2020:10:14:10 +0800] "GET /xingrg/all/function/internal_message.html?_=1602555224218&CODE_STATE=getMsg HTTP/1.1" 200 27
58.37.8.227 - - [13/Oct/2020:10:14:13 +0800] "GET /xingrg/all/function/internal_message.html?_=1602555256467&CODE_STATE=getMsg HTTP/1.1" 200 27
180.161.96.95 - - [13/Oct/2020:10:14:15 +0800] "GET /xingrg/all/function/internal_message.html?_=1602555474773&CODE_STATE=getMsg HTTP/1.1" 200 27
117.185.32.26 - - [13/Oct/2020:10:14:22 +0800] "GET /xingrg/login.html HTTP/1.1" 200 7641
117.185.32.26 - - [13/Oct/2020:10:14:25 +0800] "GET /favicon.ico HTTP/1.1" 404 -
117.185.32.26 - - [13/Oct/2020:10:14:27 +0800] "POST /xingrg/login.do HTTP/1.1" 302 -
117.185.32.26 - - [13/Oct/2020:10:14:27 +0800] "GET /xingrg/index.html?sysBaseUrl=http%3A%2F%2F180.169.147.146%3A18081%2Fxingrg%2F&costTime=40×tamp=1602555267320 HTTP/1.1" 200 17173
117.185.32.26 - - [13/Oct/2020:10:14:28 +0800] "GET /favicon.ico HTTP/1.1" 404 -
114.88.166.242 - - [13/Oct/2020:10:14:28 +0800] "GET /xingrg/all/function/internal_message.html?_=1602555352530&CODE_STATE=getMsg HTTP/1.1" 200 27
117.185.32.26 - - [13/Oct/2020:10:14:28 +0800] "POST /xingrg/all/common/load_tree.html?tree=area_rest_tree_json&manage=1 HTTP/1.1" 200 342
117.185.32.26 - - [13/Oct/2020:10:14:28 +0800] "GET /xingrg/all/function/internal_message.html?_=1602555703472&CODE_STATE=count HTTP/1.1" 200 11
117.185.32.26 - - [13/Oct/2020:10:14:28 +0800] "GET /xingrg/check_reg.html?_=1602555703477 HTTP/1.1" 200 22
117.185.32.26 - - [13/Oct/2020:10:14:28 +0800] "POST /xingrg/load_menu.html HTTP/1.1" 200 5138
117.185.32.26 - - [13/Oct/2020:10:14:31 +0800] "GET /xingrg/kc/buy/buy_main.html HTTP/1.1" 200 12412
117.185.32.26 - - [13/Oct/2020:10:14:31 +0800] "GET /xingrg/css/new_ie.css HTTP/1.1" 404 1036
172.17.200.101 - - [13/Oct/2020:10:14:32 +0800] "GET /xingrg/all/function/internal_message.html?_=1602555272908&CODE_STATE=getMsg HTTP/1.1" 200 27
117.185.32.26 - - [13/Oct/2020:10:14:32 +0800] "GET /xingrg/images/yd/bt.gif HTTP/1.1" 404 1040
117.185.32.26 - - [13/Oct/2020:10:14:33 +0800] "GET /xingrg/kc/buy/cgsh_order_list.html HTTP/1.1" 200 44199
218.81.217.115 - - [13/Oct/2020:10:14:34 +0800] "GET /xingrg/all/function/internal_message.html?_=1602555278313&CODE_STATE=getMsg HTTP/1.1" 200 27
180.174.56.115 - - [13/Oct/2020:10:14:34 +0800] "GET /xingrg/all/function/internal_message.html?_=1602555274392&CODE_STATE=getMsg HTTP/1.1" 200 27
117.185.32.26 - - [13/Oct/2020:10:14:36 +0800] "POST /xingrg/kc/buy/cgsh_list_operate.html HTTP/1.1" 200 876
222.69.137.251 - - [13/Oct/2020:10:14:38 +0800] "GET /xingrg/kc/buy/cgsh_order_operate.html?command=get_materiel&rest_code=00149&code=00101008223&supplier_code=00100005&order_time=2020-10-12 HTTP/1.1" 200 431
117.185.32.26 - - [13/Oct/2020:10:14:39 +0800] "GET /xingrg/kc/buy/cgsh_order_add.html HTTP/1.1" 200 59937
117.185.32.26 - - [13/Oct/2020:10:14:39 +0800] "GET /xingrg/words/20201013090337_words.js HTTP/1.1" 200 768695
222.69.139.234 - - [13/Oct/2020:10:14:39 +0800] "GET /xingrg/all/function/internal_message.html?_=1602555279892&CODE_STATE=getMsg HTTP/1.1" 200 27
222.69.139.234 - - [13/Oct/2020:10:14:39 +0800] "GET /xingrg/check_reg.html?_=1602555279897 HTTP/1.1" 200 22
117.185.32.26 - - [13/Oct/2020:10:14:40 +0800] "POST /xingrg/kc/buy/cgsh_order_operate.html HTTP/1.1" 200 8245
117.185.32.26 - - [13/Oct/2020:10:14:40 +0800] "GET /xingrg/javascript/easyui/themes/default/validatebox.css HTTP/1.1" 404 1104
117.185.32.26 - - [13/Oct/2020:10:14:40 +0800] "GET /xingrg/all/common/auto_word.html?type=employee&rest_code=00106 HTTP/1.1" 200 205
117.185.32.26 - - [13/Oct/2020:10:14:40 +0800] "GET /xingrg/all/common/auto_word.html?type=employee&rest_code=00106 HTTP/1.1" 200 205
58.221.95.50 - - [13/Oct/2020:10:14:41 +0800] "GET /xingrg/all/function/internal_message.html?_=1602555450327&CODE_STATE=getMsg HTTP/1.1" 302 -
172.17.0.100 - - [13/Oct/2020:10:14:41 +0800] "GET /xingrg/all/function/internal_message.html?_=1602555278997&CODE_STATE=getMsg HTTP/1.1" 200 27
222.69.160.252 - - [13/Oct/2020:10:14:41 +0800] "GET /xingrg/all/function/internal_message.html?_=1602555068510&CODE_STATE=getMsg HTTP/1.1" 200 27
117.185.32.26 - - [13/Oct/2020:10:14:42 +0800] "GET /xingrg/javascript/easyui/themes/default/tree.css HTTP/1.1" 404 1090
117.185.32.26 - - [13/Oct/2020:10:14:42 +0800] "POST /xingrg/all/common/load_tree.html?tree=supplier_tree_json&isDelete=1 HTTP/1.1" 200 50541
180.161.96.95 - - [13/Oct/2020:10:14:43 +0800] "POST /xingrg/services/DataTransmitService HTTP/1.1" 200 524
180.161.96.95 - - [13/Oct/2020:10:14:43 +0800] "POST /xingrg/services/DataTransmitService HTTP/1.1" 200 501
116.233.76.29 - - [13/Oct/2020:10:14:45 +0800] "GET /xingrg/all/function/internal_message.html?_=1602555301140&CODE_STATE=getMsg HTTP/1.1" 200 27
180.174.56.115 - - [13/Oct/2020:10:14:45 +0800] "GET /xingrg/all/function/internal_message.html?_=1602555255479&CODE_STATE=getMsg HTTP/1.1" 200 27
180.162.245.190 - - [13/Oct/2020:10:14:47 +0800] "GET /xingrg/kc/mdqp/pssh_order_list.html HTTP/1.1" 200 17958
180.162.245.190 - - [13/Oct/2020:10:14:48 +0800] "POST /xingrg/kc/mdqp/pssh_list_operate.html HTTP/1.1" 200 5396
117.185.32.26 - - [13/Oct/2020:10:14:50 +0800] "GET /xingrg/javascript/jquery_tools/images/prev.gif HTTP/1.1" 404 1086
117.185.32.26 - - [13/Oct/2020:10:14:50 +0800] "GET /xingrg/javascript/jquery_tools/images/next.gif HTTP/1.1" 404 1086
172.17.0.120 - - [13/Oct/2020:10:14:52 +0800] "GET /xingrg/all/function/internal_message.html?_=1602555291261&CODE_STATE=getMsg HTTP/1.1" 200 27
172.17.0.240 - - [13/Oct/2020:10:14:52 +0800] "GET /xingrg/all/function/internal_message.html?_=1602555291854&CODE_STATE=getMsg HTTP/1.1" 200 27
172.17.0.240 - - [13/Oct/2020:10:14:52 +0800] "GET /xingrg/check_reg.html?_=1602555291855 HTTP/1.1" 200 22
180.162.245.190 - - [13/Oct/2020:10:14:53 +0800] "POST /xingrg/kc/mdqp/pssh_list_operate.html HTTP/1.1" 200 368
117.185.32.26 - - [13/Oct/2020:10:14:54 +0800] "GET /xingrg/javascript/auto/indicator.gif HTTP/1.1" 404 1066
180.162.245.190 - - [13/Oct/2020:10:14:55 +0800] "GET /xingrg/all/function/internal_message.html?_=1602555294819&CODE_STATE=getMsg HTTP/1.1" 200 27
117.131.5.26 - - [13/Oct/2020:10:14:57 +0800] "GET /xingrg/all/function/internal_message.html?_=1602555320108&CODE_STATE=getMsg HTTP/1.1" 200 27
114.88.166.242 - - [13/Oct/2020:10:14:57 +0800] "GET /xingrg/all/function/internal_message.html?_=1602555295424&CODE_STATE=getMsg HTTP/1.1" 200 27
117.185.32.26 - - [13/Oct/2020:10:14:57 +0800] "GET /xingrg/kc/buy/cgsh_order_operate.html?command=get_materiel&rest_code=00106&code=00101002006&supplier_code=00100091&order_time=2020-10-13 HTTP/1.1" 200 414
180.162.245.190 - - [13/Oct/2020:10:14:58 +0800] "GET /xingrg/kc/mdqp/pssh_order_info.html?code=312020101200336 HTTP/1.1" 200 17244
180.162.245.190 - - [13/Oct/2020:10:14:58 +0800] "GET /xingrg/javascript/jquery_tools/jquery-1.4.2.min.js HTTP/1.1" 404 1094
180.162.245.190 - - [13/Oct/2020:10:14:58 +0800] "POST /xingrg/kc/mdqp/pssh_order_operate.html HTTP/1.1" 200 1046
180.162.245.190 - - [13/Oct/2020:10:14:58 +0800] "GET /xingrg/javascript/easyui/themes/default/validatebox.css HTTP/1.1" 404 1104
222.69.137.251 - - [13/Oct/2020:10:14:58 +0800] "GET /xingrg/all/function/internal_message.html?_=1602555298088&CODE_STATE=getMsg HTTP/1.1" 200 27
124.77.70.31 - - [13/Oct/2020:10:14:59 +0800] "GET /xingrg/all/function/internal_message.html?_=1602555294614&CODE_STATE=getMsg HTTP/1.1" 200 27
172.17.0.123 - - [13/Oct/2020:10:15:10 +0800] "GET /xingrg/all/function/internal_message.html?_=1602555284216&CODE_STATE=getMsg HTTP/1.1" 200 27
58.37.8.227 - - [13/Oct/2020:10:15:13 +0800] "GET /xingrg/all/function/internal_message.html?_=1602555316467&CODE_STATE=getMsg HTTP/1.1" 200 27
117.185.32.26 - - [13/Oct/2020:10:15:14 +0800] "POST /xingrg/kc/buy/cgsh_order_operate.html HTTP/1.1" 200 37
222.69.137.251 - - [13/Oct/2020:10:15:15 +0800] "GET /xingrg/kc/buy/cgsh_order_operate.html?command=get_materiel&rest_code=00149&code=00101008357&supplier_code=00100005&order_time=2020-10-12 HTTP/1.1" 200 428
180.161.96.95 - - [13/Oct/2020:10:15:15 +0800] "GET /xingrg/all/function/internal_message.html?_=1602555534786&CODE_STATE=getMsg HTTP/1.1" 200 27
117.185.32.26 - - [13/Oct/2020:10:15:18 +0800] "POST /xingrg/kc/buy/cgsh_order_operate.html HTTP/1.1" 200 12
117.185.32.26 - - [13/Oct/2020:10:15:19 +0800] "GET /xingrg/kc/buy/cgsh_order_info.html?code=212020101305314 HTTP/1.1" 200 54844
117.185.32.26 - - [13/Oct/2020:10:15:20 +0800] "GET /xingrg/javascript/easyui/themes/default/validatebox.css HTTP/1.1" 404 1104
117.185.32.26 - - [13/Oct/2020:10:15:20 +0800] "POST /xingrg/kc/buy/cgsh_order_operate.html HTTP/1.1" 200 611
117.185.32.26 - - [13/Oct/2020:10:15:23 +0800] "GET /xingrg/kc/print/load_config.html?kc_code=cgsh HTTP/1.1" 200 1845
117.185.32.26 - - [13/Oct/2020:10:15:23 +0800] "GET /xingrg/kc/print/load_data.html?order_code=212020101305314&kc_code=cgsh&condition= HTTP/1.1" 200 772
114.88.166.242 - - [13/Oct/2020:10:15:28 +0800] "GET /xingrg/all/function/internal_message.html?_=1602555412526&CODE_STATE=getMsg HTTP/1.1" 200 27
117.185.32.26 - - [13/Oct/2020:10:15:28 +0800] "GET /xingrg/all/function/internal_message.html?_=1602555763482&CODE_STATE=getMsg HTTP/1.1" 200 27
172.17.200.101 - - [13/Oct/2020:10:15:32 +0800] "GET /xingrg/all/function/internal_message.html?_=1602555332910&CODE_STATE=getMsg HTTP/1.1" 200 27
172.17.200.101 - - [13/Oct/2020:10:15:32 +0800] "GET /xingrg/check_reg.html?_=1602555332913 HTTP/1.1" 200 22
172.17.0.185 - - [13/Oct/2020:10:15:33 +0800] "GET /xingrg/check_reg.html?_=1602555332819 HTTP/1.1" 200 22
218.81.217.115 - - [13/Oct/2020:10:15:34 +0800] "GET /xingrg/all/function/internal_message.html?_=1602555338326&CODE_STATE=getMsg HTTP/1.1" 200 27
180.174.56.115 - - [13/Oct/2020:10:15:35 +0800] "GET /xingrg/all/function/internal_message.html?_=1602555334439&CODE_STATE=getMsg HTTP/1.1" 200 27
117.185.32.26 - - [13/Oct/2020:10:15:39 +0800] "GET /xingrg/kc/buy/cgsh_order_add.html HTTP/1.1" 200 59937
117.185.32.26 - - [13/Oct/2020:10:15:39 +0800] "POST /xingrg/kc/buy/cgsh_order_operate.html HTTP/1.1" 200 8245
117.185.32.26 - - [13/Oct/2020:10:15:39 +0800] "GET /xingrg/javascript/easyui/themes/default/validatebox.css HTTP/1.1" 404 1104
222.69.139.234 - - [13/Oct/2020:10:15:39 +0800] "GET /xingrg/all/function/internal_message.html?_=1602555339898&CODE_STATE=getMsg HTTP/1.1" 200 27
58.221.95.50 - - [13/Oct/2020:10:15:41 +0800] "GET /xingrg/all/function/internal_message.html?_=1602555510304&CODE_STATE=getMsg HTTP/1.1" 302 -
222.69.137.251 - - [13/Oct/2020:10:15:41 +0800] "GET /xingrg/kc/buy/cgsh_order_operate.html?command=get_materiel&rest_code=00149&code=00101008069&supplier_code=00100005&order_time=2020-10-12 HTTP/1.1" 200 431
117.185.32.26 - - [13/Oct/2020:10:15:41 +0800] "GET /xingrg/javascript/easyui/themes/default/tree.css HTTP/1.1" 404 1090
117.185.32.26 - - [13/Oct/2020:10:15:41 +0800] "POST /xingrg/all/common/load_tree.html?tree=supplier_tree_json&isDelete=1 HTTP/1.1" 200 50541
172.17.0.100 - - [13/Oct/2020:10:15:41 +0800] "GET /xingrg/all/function/internal_message.html?_=1602555338983&CODE_STATE=getMsg HTTP/1.1" 200 27
222.69.160.252 - - [13/Oct/2020:10:15:41 +0800] "GET /xingrg/check_reg.html?_=1602555128508 HTTP/1.1" 200 22
222.69.160.252 - - [13/Oct/2020:10:15:41 +0800] "GET /xingrg/all/function/internal_message.html?_=1602555128510&CODE_STATE=getMsg HTTP/1.1" 200 27
116.233.76.29 - - [13/Oct/2020:10:15:45 +0800] "GET /xingrg/check_reg.html?_=1602555361140 HTTP/1.1" 200 22
116.233.76.29 - - [13/Oct/2020:10:15:45 +0800] "GET /xingrg/all/function/internal_message.html?_=1602555361140&CODE_STATE=getMsg HTTP/1.1" 200 27
180.174.56.115 - - [13/Oct/2020:10:15:45 +0800] "GET /xingrg/all/function/internal_message.html?_=1602555315499&CODE_STATE=getMsg HTTP/1.1" 200 27
172.17.0.120 - - [13/Oct/2020:10:15:52 +0800] "GET /xingrg/all/function/internal_message.html?_=1602555351247&CODE_STATE=getMsg HTTP/1.1" 200 27
172.17.0.240 - - [13/Oct/2020:10:15:52 +0800] "GET /xingrg/all/function/internal_message.html?_=1602555351861&CODE_STATE=getMsg HTTP/1.1" 200 27
180.174.56.115 - - [13/Oct/2020:10:15:54 +0800] "POST /xingrg/services/DataTransmitService HTTP/1.1" 200 524
180.174.56.115 - - [13/Oct/2020:10:15:55 +0800] "POST /xingrg/services/DataTransmitService HTTP/1.1" 200 501
180.174.56.115 - - [13/Oct/2020:10:15:55 +0800] "POST /xingrg/services/DataTransmitService HTTP/1.1" 200 501
58.40.7.146 - - [13/Oct/2020:10:15:55 +0800] "GET /favicon.ico HTTP/1.1" 404 -
180.162.245.190 - - [13/Oct/2020:10:15:55 +0800] "GET /xingrg/check_reg.html?_=1602555354825 HTTP/1.1" 200 22
180.162.245.190 - - [13/Oct/2020:10:15:55 +0800] "GET /xingrg/all/function/internal_message.html?_=1602555354831&CODE_STATE=getMsg HTTP/1.1" 200 27
180.174.56.115 - - [13/Oct/2020:10:15:55 +0800] "POST /xingrg/services/DataTransmitService HTTP/1.1" 200 501
180.174.56.115 - - [13/Oct/2020:10:15:56 +0800] "POST /xingrg/services/DataTransmitService HTTP/1.1" 200 501
180.174.56.115 - - [13/Oct/2020:10:15:56 +0800] "POST /xingrg/services/DataTransmitService HTTP/1.1" 200 501
180.174.56.115 - - [13/Oct/2020:10:15:56 +0800] "POST /xingrg/services/DataTransmitService HTTP/1.1" 200 501
180.174.56.115 - - [13/Oct/2020:10:15:56 +0800] "POST /xingrg/services/DataTransmitService HTTP/1.1" 200 501
180.174.56.115 - - [13/Oct/2020:10:15:56 +0800] "POST /xingrg/services/DataTransmitService HTTP/1.1" 200 501
117.131.5.26 - - [13/Oct/2020:10:15:57 +0800] "GET /xingrg/all/function/internal_message.html?_=1602555380117&CODE_STATE=getMsg HTTP/1.1" 200 27
114.88.166.242 - - [13/Oct/2020:10:15:57 +0800] "GET /xingrg/all/function/internal_message.html?_=1602555355429&CODE_STATE=getMsg HTTP/1.1" 200 27
117.185.32.26 - - [13/Oct/2020:10:15:57 +0800] "GET /xingrg/kc/buy/cgsh_order_operate.html?command=get_materiel&rest_code=00106&code=00101005022&supplier_code=00100347&order_time=2020-10-13 HTTP/1.1" 200 417
180.174.56.115 - - [13/Oct/2020:10:15:57 +0800] "POST /xingrg/services/DataTransmitService HTTP/1.1" 200 412
222.69.137.251 - - [13/Oct/2020:10:15:58 +0800] "GET /xingrg/all/function/internal_message.html?_=1602555358088&CODE_STATE=getMsg HTTP/1.1" 200 27
222.69.137.251 - - [13/Oct/2020:10:15:58 +0800] "GET /xingrg/check_reg.html?_=1602555358104 HTTP/1.1" 200 22
124.77.70.31 - - [13/Oct/2020:10:15:59 +0800] "GET /xingrg/all/function/internal_message.html?_=1602555354599&CODE_STATE=getMsg HTTP/1.1" 200 27
124.77.70.31 - - [13/Oct/2020:10:16:00 +0800] "GET /xingrg/check_reg.html?_=1602555355584 HTTP/1.1" 200 22
172.17.0.123 - - [13/Oct/2020:10:16:00 +0800] "GET /xingrg/kc/base/stock_detail.html?m=00101028011 HTTP/1.1" 200 6398
222.69.137.251 - - [13/Oct/2020:10:16:02 +0800] "GET /xingrg/kc/buy/cgsh_order_operate.html?command=get_materiel&rest_code=00149&code=00101008286&supplier_code=00100005&order_time=2020-10-12 HTTP/1.1" 200 408
172.17.0.123 - - [13/Oct/2020:10:16:02 +0800] "GET /xingrg/kc/base/stock_operate.html?_=1602555336510&command=get_report_file&start_day=20201001 HTTP/1.1" 200 21
172.17.0.123 - - [13/Oct/2020:10:16:02 +0800] "GET /xingrg/all/report/report_query.html?isQuery=1&onlyBody=1&rh=2000&fileName=kc/base/kc_stock_detail.xml&queryString=(1=1)&queryText=&tableQueryString=init_table$sp1$base_code='0010726'$sp$crk_table$sp1$order_day%20between%2020201001%20and%2020201031%20and%20base_code='0010726'&varString=start_day:20201001,materiel_code:00101028011,cost_id:undefined,end_date:undefined HTTP/1.1" 200 48667
172.17.0.123 - - [13/Oct/2020:10:16:02 +0800] "GET /xingrg/dwr/interface/AjaxReportQueryService.js HTTP/1.1" 200 13203
172.17.0.123 - - [13/Oct/2020:10:16:02 +0800] "GET /xingrg/dwr/engine.js HTTP/1.1" 200 43631
172.17.0.123 - - [13/Oct/2020:10:16:03 +0800] "POST /xingrg/all/report/load_report_page.html HTTP/1.1" 200 20362
172.17.0.123 - - [13/Oct/2020:10:16:03 +0800] "GET /xingrg/servlets/image?cache=0.41539213328628233&image=px HTTP/1.1" 200 807
222.69.137.251 - - [13/Oct/2020:10:16:04 +0800] "POST /xingrg/kc/buy/cgsh_order_operate.html HTTP/1.1" 200 2065
218.81.217.115 - - [13/Oct/2020:10:16:07 +0800] "GET /xingrg/check_reg.html?_=1602555371639 HTTP/1.1" 200 22
172.17.0.123 - - [13/Oct/2020:10:16:10 +0800] "GET /xingrg/all/function/internal_message.html?_=1602555344221&CODE_STATE=getMsg HTTP/1.1" 200 27
58.37.8.227 - - [13/Oct/2020:10:16:13 +0800] "GET /xingrg/all/function/internal_message.html?_=1602555376461&CODE_STATE=getMsg HTTP/1.1" 200 27
180.161.96.95 - - [13/Oct/2020:10:16:15 +0800] "GET /xingrg/all/function/internal_message.html?_=1602555594802&CODE_STATE=getMsg HTTP/1.1" 200 27
114.88.166.242 - - [13/Oct/2020:10:16:16 +0800] "GET /xingrg/kc/buy/cgsh_order_list.html HTTP/1.1" 200 44199
114.88.166.242 - - [13/Oct/2020:10:16:18 +0800] "POST /xingrg/kc/buy/cgsh_list_operate.html HTTP/1.1" 200 3135
114.88.166.242 - - [13/Oct/2020:10:16:18 +0800] "GET /xingrg/kc/buy/cgsh_order_add.html HTTP/1.1" 200 59937
114.88.166.242 - - [13/Oct/2020:10:16:19 +0800] "GET /xingrg/javascript/easyui/themes/default/validatebox.css HTTP/1.1" 404 1104
114.88.166.242 - - [13/Oct/2020:10:16:19 +0800] "POST /xingrg/kc/buy/cgsh_order_operate.html HTTP/1.1" 200 8245
172.17.0.123 - - [13/Oct/2020:10:16:22 +0800] "GET /xingrg/kc/base/stock_detail.html?m=00101028011 HTTP/1.1" 200 6398
172.17.0.123 - - [13/Oct/2020:10:16:24 +0800] "GET /xingrg/kc/base/stock_operate.html?_=1602555358757&command=get_report_file&start_day=20201001 HTTP/1.1" 200 21
172.17.0.123 - - [13/Oct/2020:10:16:24 +0800] "GET /xingrg/all/report/report_query.html?isQuery=1&onlyBody=1&rh=2000&fileName=kc/base/kc_stock_detail.xml&queryString=(1=1)&queryText=&tableQueryString=init_table$sp1$$sp$crk_table$sp1$order_day%20between%2020201001%20and%2020201031&varString=start_day:20201001,materiel_code:00101028011,cost_id:undefined,end_date:undefined HTTP/1.1" 200 48624
172.17.0.123 - - [13/Oct/2020:10:16:24 +0800] "GET /xingrg/dwr/interface/AjaxReportQueryService.js HTTP/1.1" 200 13203
172.17.0.123 - - [13/Oct/2020:10:16:24 +0800] "GET /xingrg/dwr/engine.js HTTP/1.1" 200 43631
172.17.0.123 - - [13/Oct/2020:10:16:25 +0800] "POST /xingrg/all/report/load_report_page.html HTTP/1.1" 200 20362
172.17.0.123 - - [13/Oct/2020:10:16:25 +0800] "GET /xingrg/servlets/image?cache=0.09038297000815032&image=px HTTP/1.1" 200 807
114.88.166.242 - - [13/Oct/2020:10:16:25 +0800] "GET /xingrg/kc/buy/cgsh_order_operate.html?command=get_materiel&rest_code=00111&code=00101006001&supplier_code=00100404&order_time=2020-10-13 HTTP/1.1" 200 428
114.88.166.242 - - [13/Oct/2020:10:16:28 +0800] "GET /xingrg/all/function/internal_message.html?_=1602555472548&CODE_STATE=getMsg HTTP/1.1" 200 27
117.185.32.26 - - [13/Oct/2020:10:16:28 +0800] "GET /xingrg/all/function/internal_message.html?_=1602555823484&CODE_STATE=getMsg HTTP/1.1" 200 27
117.185.32.26 - - [13/Oct/2020:10:16:31 +0800] "GET /xingrg/kc/buy/cgsh_order_operate.html?command=get_materiel&rest_code=00106&code=00101002007&supplier_code=00100347&order_time=2020-10-13 HTTP/1.1" 200 428
172.17.200.101 - - [13/Oct/2020:10:16:32 +0800] "GET /xingrg/all/function/internal_message.html?_=1602555392915&CODE_STATE=getMsg HTTP/1.1" 200 27
114.88.166.242 - - [13/Oct/2020:10:16:34 +0800] "POST /xingrg/kc/buy/cgsh_order_operate.html HTTP/1.1" 200 37
218.81.217.115 - - [13/Oct/2020:10:16:34 +0800] "GET /xingrg/all/function/internal_message.html?_=1602555398498&CODE_STATE=getMsg HTTP/1.1" 200 27
180.174.56.115 - - [13/Oct/2020:10:16:35 +0800] "GET /xingrg/all/function/internal_message.html?_=1602555394487&CODE_STATE=getMsg HTTP/1.1" 200 27
180.174.56.115 - - [13/Oct/2020:10:16:35 +0800] "GET /xingrg/check_reg.html?_=1602555394488 HTTP/1.1" 200 22
114.88.166.242 - - [13/Oct/2020:10:16:35 +0800] "POST /xingrg/kc/buy/cgsh_order_operate.html HTTP/1.1" 200 2670
114.88.166.242 - - [13/Oct/2020:10:16:36 +0800] "GET /xingrg/kc/print/load_data.html?order_code=212020101305315&kc_code=cgsh&condition= HTTP/1.1" 200 697
114.88.166.242 - - [13/Oct/2020:10:16:39 +0800] "GET /xingrg/kc/buy/cgsh_order_add.html HTTP/1.1" 200 59937
114.88.166.242 - - [13/Oct/2020:10:16:39 +0800] "POST /xingrg/kc/buy/cgsh_order_operate.html HTTP/1.1" 200 8245
114.88.166.242 - - [13/Oct/2020:10:16:39 +0800] "GET /xingrg/javascript/easyui/themes/default/validatebox.css HTTP/1.1" 404 1104
222.69.139.234 - - [13/Oct/2020:10:16:39 +0800] "GET /xingrg/all/function/internal_message.html?_=1602555399884&CODE_STATE=getMsg HTTP/1.1" 200 27
58.221.95.50 - - [13/Oct/2020:10:16:41 +0800] "GET /xingrg/all/function/internal_message.html?_=1602555570282&CODE_STATE=getMsg HTTP/1.1" 302 -
172.17.0.100 - - [13/Oct/2020:10:16:41 +0800] "GET /xingrg/all/function/internal_message.html?_=1602555398983&CODE_STATE=getMsg HTTP/1.1" 200 27
222.69.160.252 - - [13/Oct/2020:10:16:41 +0800] "GET /xingrg/all/function/internal_message.html?_=1602555188512&CODE_STATE=getMsg HTTP/1.1" 200 27
58.221.95.50 - - [13/Oct/2020:10:16:41 +0800] "GET /xingrg/check_reg.html?_=1602555570672 HTTP/1.1" 302 -
116.233.76.29 - - [13/Oct/2020:10:16:45 +0800] "GET /xingrg/all/function/internal_message.html?_=1602555421135&CODE_STATE=getMsg HTTP/1.1" 200 27
180.174.56.115 - - [13/Oct/2020:10:16:45 +0800] "GET /xingrg/all/function/internal_message.html?_=1602555375506&CODE_STATE=getMsg HTTP/1.1" 200 27
172.17.0.123 - - [13/Oct/2020:10:16:48 +0800] "GET /xingrg/kc/guide/show_order.html?code=212020101004464&type=21 HTTP/1.1" 302 -
172.17.0.123 - - [13/Oct/2020:10:16:48 +0800] "GET /xingrg/kc/buy/cgsh_order_info.html?code=212020101004464&sysBaseUrl=http%3A%2F%2F172.17.0.8%3A18081%2Fxingrg%2F&costTime=0×tamp=1602555408514 HTTP/1.1" 200 54177
172.17.0.123 - - [13/Oct/2020:10:16:49 +0800] "GET /xingrg/javascript/easyui/themes/default/validatebox.css HTTP/1.1" 404 1104
172.17.0.123 - - [13/Oct/2020:10:16:49 +0800] "POST /xingrg/kc/buy/cgsh_order_operate.html HTTP/1.1" 200 646
114.88.166.242 - - [13/Oct/2020:10:16:49 +0800] "GET /xingrg/kc/buy/cgsh_order_operate.html?command=get_materiel&rest_code=00111&code=00101010571&supplier_code=00100329&order_time=2020-10-13 HTTP/1.1" 200 430
172.17.0.120 - - [13/Oct/2020:10:16:52 +0800] "GET /xingrg/all/function/internal_message.html?_=1602555411247&CODE_STATE=getMsg HTTP/1.1" 200 27
172.17.0.240 - - [13/Oct/2020:10:16:52 +0800] "GET /xingrg/all/function/internal_message.html?_=1602555411863&CODE_STATE=getMsg HTTP/1.1" 200 27
180.162.245.190 - - [13/Oct/2020:10:16:55 +0800] "GET /xingrg/all/function/internal_message.html?_=1602555414816&CODE_STATE=getMsg HTTP/1.1" 200 27
117.131.5.26 - - [13/Oct/2020:10:16:57 +0800] "GET /xingrg/all/function/internal_message.html?_=1602555440115&CODE_STATE=getMsg HTTP/1.1" 200 27
114.88.166.242 - - [13/Oct/2020:10:16:57 +0800] "GET /xingrg/all/function/internal_message.html?_=1602555415493&CODE_STATE=getMsg HTTP/1.1" 200 27
222.69.137.251 - - [13/Oct/2020:10:16:58 +0800] "GET /xingrg/all/function/internal_message.html?_=1602555418078&CODE_STATE=getMsg HTTP/1.1" 200 27
124.77.70.31 - - [13/Oct/2020:10:16:59 +0800] "GET /xingrg/all/function/internal_message.html?_=1602555414568&CODE_STATE=getMsg HTTP/1.1" 200 27
114.88.166.242 - - [13/Oct/2020:10:17:01 +0800] "GET /xingrg/kc/buy/cgsh_order_operate.html?command=get_materiel&rest_code=00111&code=00101010030&supplier_code=00100329&order_time=2020-10-13 HTTP/1.1" 200 413
172.17.0.123 - - [13/Oct/2020:10:17:07 +0800] "GET /xingrg/kc/guide/show_order.html?code=212020101004464&type=21 HTTP/1.1" 302 -
172.17.0.123 - - [13/Oct/2020:10:17:07 +0800] "GET /xingrg/kc/buy/cgsh_order_info.html?code=212020101004464&sysBaseUrl=http%3A%2F%2F172.17.0.8%3A18081%2Fxingrg%2F&costTime=0×tamp=1602555427405 HTTP/1.1" 200 54177
172.17.0.123 - - [13/Oct/2020:10:17:07 +0800] "GET /xingrg/javascript/easyui/themes/default/validatebox.css HTTP/1.1" 404 1104
172.17.0.123 - - [13/Oct/2020:10:17:08 +0800] "POST /xingrg/kc/buy/cgsh_order_operate.html HTTP/1.1" 200 646
180.162.245.190 - - [13/Oct/2020:10:17:09 +0800] "GET /xingrg/kc/buy/cgsh_order_list.html HTTP/1.1" 200 44199
172.17.0.123 - - [13/Oct/2020:10:17:10 +0800] "GET /xingrg/check_reg.html?_=1602555404216 HTTP/1.1" 200 22
172.17.0.123 - - [13/Oct/2020:10:17:10 +0800] "GET /xingrg/all/function/internal_message.html?_=1602555404218&CODE_STATE=getMsg HTTP/1.1" 200 27
180.162.245.190 - - [13/Oct/2020:10:17:11 +0800] "POST /xingrg/kc/buy/cgsh_list_operate.html HTTP/1.1" 200 3492
58.37.8.227 - - [13/Oct/2020:10:17:13 +0800] "GET /xingrg/check_reg.html?_=1602555436471 HTTP/1.1" 200 22
58.37.8.227 - - [13/Oct/2020:10:17:13 +0800] "GET /xingrg/all/function/internal_message.html?_=1602555436470&CODE_STATE=getMsg HTTP/1.1" 200 27
180.161.96.95 - - [13/Oct/2020:10:17:15 +0800] "GET /xingrg/all/function/internal_message.html?_=1602555654813&CODE_STATE=getMsg HTTP/1.1" 200 27
114.88.166.242 - - [13/Oct/2020:10:17:24 +0800] "GET /xingrg/check_reg.html?_=1602555442469 HTTP/1.1" 200 22
114.88.166.242 - - [13/Oct/2020:10:17:28 +0800] "GET /xingrg/all/function/internal_message.html?_=1602555532544&CODE_STATE=getMsg HTTP/1.1" 200 27
117.185.32.26 - - [13/Oct/2020:10:17:28 +0800] "GET /xingrg/all/function/internal_message.html?_=1602555883496&CODE_STATE=getMsg HTTP/1.1" 200 27
117.185.32.26 - - [13/Oct/2020:10:17:31 +0800] "GET /xingrg/kc/buy/cgsh_order_operate.html?command=get_materiel&rest_code=00106&code=00101002027&supplier_code=00100347&order_time=2020-10-13 HTTP/1.1" 200 413
114.88.166.242 - - [13/Oct/2020:10:17:32 +0800] "GET /xingrg/kc/buy/cgsh_order_operate.html?command=get_materiel&rest_code=00111&code=00101010080&supplier_code=00100329&order_time=2020-10-13 HTTP/1.1" 200 420
172.17.200.101 - - [13/Oct/2020:10:17:32 +0800] "GET /xingrg/all/function/internal_message.html?_=1602555452917&CODE_STATE=getMsg HTTP/1.1" 200 27
218.81.217.115 - - [13/Oct/2020:10:17:34 +0800] "GET /xingrg/all/function/internal_message.html?_=1602555458509&CODE_STATE=getMsg HTTP/1.1" 200 27
180.174.56.115 - - [13/Oct/2020:10:17:35 +0800] "GET /xingrg/all/function/internal_message.html?_=1602555454535&CODE_STATE=getMsg HTTP/1.1" 200 27
172.17.0.123 - - [13/Oct/2020:10:17:35 +0800] "GET /xingrg/kc/base/stock_detail.html?m=00101028011 HTTP/1.1" 200 6398
222.69.139.234 - - [13/Oct/2020:10:17:39 +0800] "GET /xingrg/all/function/internal_message.html?_=1602555459885&CODE_STATE=getMsg HTTP/1.1" 200 27
58.221.95.50 - - [13/Oct/2020:10:17:41 +0800] "GET /xingrg/all/function/internal_message.html?_=1602555630259&CODE_STATE=getMsg HTTP/1.1" 302 -
172.17.0.100 - - [13/Oct/2020:10:17:41 +0800] "GET /xingrg/all/function/internal_message.html?_=1602555458983&CODE_STATE=getMsg HTTP/1.1" 200 27
222.69.160.252 - - [13/Oct/2020:10:17:41 +0800] "GET /xingrg/all/function/internal_message.html?_=1602555248510&CODE_STATE=getMsg HTTP/1.1" 200 27
180.174.56.115 - - [13/Oct/2020:10:17:45 +0800] "GET /xingrg/check_reg.html?_=1602555435153 HTTP/1.1" 200 22
116.233.76.29 - - [13/Oct/2020:10:17:45 +0800] "GET /xingrg/all/function/internal_message.html?_=1602555481136&CODE_STATE=getMsg HTTP/1.1" 200 27
180.174.56.115 - - [13/Oct/2020:10:17:45 +0800] "GET /xingrg/all/function/internal_message.html?_=1602555435519&CODE_STATE=getMsg HTTP/1.1" 200 27
114.88.166.242 - - [13/Oct/2020:10:17:49 +0800] "POST /xingrg/kc/buy/cgsh_order_operate.html HTTP/1.1" 200 37
114.88.166.242 - - [13/Oct/2020:10:17:50 +0800] "POST /xingrg/kc/buy/cgsh_order_operate.html HTTP/1.1" 200 3871
114.88.166.242 - - [13/Oct/2020:10:17:51 +0800] "GET /xingrg/kc/print/load_data.html?order_code=212020101305316&kc_code=cgsh&condition= HTTP/1.1" 200 1162
172.17.0.120 - - [13/Oct/2020:10:17:52 +0800] "GET /xingrg/check_reg.html?_=1602555471251 HTTP/1.1" 200 22
172.17.0.120 - - [13/Oct/2020:10:17:52 +0800] "GET /xingrg/all/function/internal_message.html?_=1602555471250&CODE_STATE=getMsg HTTP/1.1" 200 27
172.17.0.240 - - [13/Oct/2020:10:17:52 +0800] "GET /xingrg/all/function/internal_message.html?_=1602555471865&CODE_STATE=getMsg HTTP/1.1" 200 27
222.69.137.251 - - [13/Oct/2020:10:17:53 +0800] "GET /xingrg/kc/buy/cgsh_order_operate.html?command=get_materiel&rest_code=00149&code=00101008036&supplier_code=00100005&order_time=2020-10-12 HTTP/1.1" 200 408
180.162.245.190 - - [13/Oct/2020:10:17:55 +0800] "GET /xingrg/all/function/internal_message.html?_=1602555474833&CODE_STATE=getMsg HTTP/1.1" 200 27
117.131.5.26 - - [13/Oct/2020:10:17:57 +0800] "GET /xingrg/check_reg.html?_=1602555500113 HTTP/1.1" 200 22
117.131.5.26 - - [13/Oct/2020:10:17:57 +0800] "GET /xingrg/all/function/internal_message.html?_=1602555500115&CODE_STATE=getMsg HTTP/1.1" 200 27
114.88.166.242 - - [13/Oct/2020:10:17:57 +0800] "GET /xingrg/all/function/internal_message.html?_=1602555475502&CODE_STATE=getMsg HTTP/1.1" 200 27
114.88.166.242 - - [13/Oct/2020:10:17:57 +0800] "GET /xingrg/kc/buy/cgsh_order_add.html HTTP/1.1" 200 59937
114.88.166.242 - - [13/Oct/2020:10:17:58 +0800] "POST /xingrg/kc/buy/cgsh_order_operate.html HTTP/1.1" 200 8245
114.88.166.242 - - [13/Oct/2020:10:17:58 +0800] "GET /xingrg/javascript/easyui/themes/default/validatebox.css HTTP/1.1" 404 1104
222.69.137.251 - - [13/Oct/2020:10:17:58 +0800] "GET /xingrg/all/function/internal_message.html?_=1602555478086&CODE_STATE=getMsg HTTP/1.1" 200 27
124.77.70.31 - - [13/Oct/2020:10:17:59 +0800] "GET /xingrg/all/function/internal_message.html?_=1602555474555&CODE_STATE=getMsg HTTP/1.1" 200 27
222.69.137.251 - - [13/Oct/2020:10:18:01 +0800] "GET /xingrg/kc/buy/cgsh_order_operate.html?command=get_materiel&rest_code=00149&code=00101019408&supplier_code=00100005&order_time=2020-10-12 HTTP/1.1" 200 412
114.88.166.242 - - [13/Oct/2020:10:18:04 +0800] "GET /xingrg/kc/buy/cgsh_order_operate.html?command=get_materiel&rest_code=00111&code=00101001125&supplier_code=00100090&order_time=2020-10-13 HTTP/1.1" 200 415
117.185.32.26 - - [13/Oct/2020:10:18:06 +0800] "GET /xingrg/kc/buy/cgsh_order_operate.html?command=get_materiel&rest_code=00106&code=00101008037&supplier_code=00100347&order_time=2020-10-13 HTTP/1.1" 200 413
172.17.0.123 - - [13/Oct/2020:10:18:10 +0800] "GET /xingrg/all/function/internal_message.html?_=1602555464212&CODE_STATE=getMsg HTTP/1.1" 200 27
222.69.137.251 - - [13/Oct/2020:10:18:10 +0800] "GET /xingrg/kc/buy/cgsh_order_operate.html?command=get_materiel&rest_code=00149&code=00101008353&supplier_code=00100005&order_time=2020-10-12 HTTP/1.1" 200 408
114.88.166.242 - - [13/Oct/2020:10:18:12 +0800] "GET /xingrg/kc/buy/cgsh_order_operate.html?command=get_materiel&rest_code=00111&code=00101001140&supplier_code=00100090&order_time=2020-10-13 HTTP/1.1" 200 415
58.37.8.227 - - [13/Oct/2020:10:18:13 +0800] "GET /xingrg/all/function/internal_message.html?_=1602555496467&CODE_STATE=getMsg HTTP/1.1" 200 27
180.161.96.95 - - [13/Oct/2020:10:18:15 +0800] "GET /xingrg/check_reg.html?_=1602555714523 HTTP/1.1" 200 22
180.161.96.95 - - [13/Oct/2020:10:18:15 +0800] "GET /xingrg/all/function/internal_message.html?_=1602555714827&CODE_STATE=getMsg HTTP/1.1" 200 27
114.88.166.242 - - [13/Oct/2020:10:18:21 +0800] "POST /xingrg/kc/buy/cgsh_order_operate.html HTTP/1.1" 200 37
114.88.166.242 - - [13/Oct/2020:10:18:23 +0800] "POST /xingrg/kc/buy/cgsh_order_operate.html HTTP/1.1" 200 3257
114.88.166.242 - - [13/Oct/2020:10:18:24 +0800] "GET /xingrg/kc/print/load_data.html?order_code=212020101305317&kc_code=cgsh&condition= HTTP/1.1" 200 967
114.88.166.242 - - [13/Oct/2020:10:18:28 +0800] "GET /xingrg/all/function/internal_message.html?_=1602555592537&CODE_STATE=getMsg HTTP/1.1" 200 27
114.88.166.242 - - [13/Oct/2020:10:18:28 +0800] "GET /xingrg/check_reg.html?_=1602555592538 HTTP/1.1" 200 22
117.185.32.26 - - [13/Oct/2020:10:18:28 +0800] "GET /xingrg/all/function/internal_message.html?_=1602555943493&CODE_STATE=getMsg HTTP/1.1" 200 27
117.185.32.26 - - [13/Oct/2020:10:18:29 +0800] "GET /xingrg/kc/buy/cgsh_order_operate.html?command=get_materiel&rest_code=00106&code=00101010348&supplier_code=00100347&order_time=2020-10-13 HTTP/1.1" 200 417
114.88.166.242 - - [13/Oct/2020:10:18:30 +0800] "GET /xingrg/kc/buy/cgsh_order_add.html HTTP/1.1" 200 59937
114.88.166.242 - - [13/Oct/2020:10:18:30 +0800] "POST /xingrg/kc/buy/cgsh_order_operate.html HTTP/1.1" 200 8245
114.88.166.242 - - [13/Oct/2020:10:18:30 +0800] "GET /xingrg/javascript/easyui/themes/default/validatebox.css HTTP/1.1" 404 1104
218.81.217.115 - - [13/Oct/2020:10:18:32 +0800] "GET /xingrg/check_reg.html?_=1602555516518 HTTP/1.1" 200 22
172.17.200.101 - - [13/Oct/2020:10:18:32 +0800] "GET /xingrg/all/function/internal_message.html?_=1602555512920&CODE_STATE=getMsg HTTP/1.1" 200 27
218.81.217.115 - - [13/Oct/2020:10:18:34 +0800] "GET /xingrg/all/function/internal_message.html?_=1602555518523&CODE_STATE=getMsg HTTP/1.1" 200 27
180.161.96.95 - - [13/Oct/2020:10:18:34 +0800] "GET /xingrg/javascript/jquery_easy_ui/themes/default/images/tabs_close.gif HTTP/1.1" 304 -
180.161.96.95 - - [13/Oct/2020:10:18:34 +0800] "GET /xingrg/css/base.css HTTP/1.1" 304 -
180.161.96.95 - - [13/Oct/2020:10:18:34 +0800] "GET /xingrg/css/site.css HTTP/1.1" 304 -
180.161.96.95 - - [13/Oct/2020:10:18:34 +0800] "GET /xingrg/kc/buy/cgsh_order_list.html HTTP/1.1" 200 44199
180.161.96.95 - - [13/Oct/2020:10:18:34 +0800] "GET /xingrg/javascript/jquery_tools/datebox.css HTTP/1.1" 304 -
180.161.96.95 - - [13/Oct/2020:10:18:34 +0800] "GET /xingrg/javascript/easyui/themes/default/easyui.css HTTP/1.1" 304 -
180.161.96.95 - - [13/Oct/2020:10:18:34 +0800] "GET /xingrg/javascript/auto/jquery.autocomplete.css HTTP/1.1" 304 -
180.161.96.95 - - [13/Oct/2020:10:18:34 +0800] "GET /xingrg/javascript/easyui/themes/icon.css HTTP/1.1" 304 -
180.161.96.95 - - [13/Oct/2020:10:18:34 +0800] "GET /xingrg/javascript/jquery_tools/fix.css HTTP/1.1" 304 -
180.161.96.95 - - [13/Oct/2020:10:18:34 +0800] "GET /xingrg/javascript/jquery_tools/jquery.tools.min.js HTTP/1.1" 304 -
