114.88.166.242 - - [13/Oct/2020:09:57:20 +0800] "GET /xingrg/javascript/easyui/themes/default/validatebox.css HTTP/1.1" 404 1104
114.88.166.242 - - [13/Oct/2020:09:57:20 +0800] "POST /xingrg/kc/mdqp/pssh_order_operate.html HTTP/1.1" 200 18153
120.253.135.82 - - [13/Oct/2020:09:57:22 +0800] "GET /xingrg/check_reg.html?_=1602553990727 HTTP/1.1" 200 22
120.253.135.82 - - [13/Oct/2020:09:57:22 +0800] "GET /xingrg/all/function/internal_message.html?_=1602553991096&CODE_STATE=getMsg HTTP/1.1" 200 27
222.69.137.251 - - [13/Oct/2020:09:57:22 +0800] "GET /xingrg/kc/buy/cgsh_order_add.html HTTP/1.1" 200 59990
222.69.137.251 - - [13/Oct/2020:09:57:23 +0800] "POST /xingrg/kc/buy/cgsh_order_operate.html HTTP/1.1" 200 8245
222.69.137.251 - - [13/Oct/2020:09:57:23 +0800] "GET /xingrg/javascript/easyui/themes/default/validatebox.css HTTP/1.1" 404 1104
114.88.166.242 - - [13/Oct/2020:09:57:24 +0800] "GET /xingrg/check_reg.html?_=1602554242438 HTTP/1.1" 200 22
114.88.166.242 - - [13/Oct/2020:09:57:28 +0800] "GET /xingrg/all/function/internal_message.html?_=1602554332520&CODE_STATE=getMsg HTTP/1.1" 200 27
172.17.200.101 - - [13/Oct/2020:09:57:32 +0800] "GET /xingrg/all/function/internal_message.html?_=1602554252903&CODE_STATE=getMsg HTTP/1.1" 200 27
218.81.217.115 - - [13/Oct/2020:09:57:33 +0800] "GET /xingrg/all/function/internal_message.html?_=1602554257348&CODE_STATE=getMsg HTTP/1.1" 200 27
180.174.56.115 - - [13/Oct/2020:09:57:34 +0800] "GET /xingrg/all/function/internal_message.html?_=1602554253566&CODE_STATE=getMsg HTTP/1.1" 200 27
222.69.137.251 - - [13/Oct/2020:09:57:35 +0800] "GET /xingrg/kc/buy/cgsh_order_operate.html?command=get_materiel&rest_code=00149&code=00101011003&supplier_code=00100051&order_time=2020-10-13 HTTP/1.1" 200 413
222.69.139.234 - - [13/Oct/2020:09:57:39 +0800] "GET /xingrg/all/function/internal_message.html?_=1602554259868&CODE_STATE=getMsg HTTP/1.1" 200 27
172.17.0.100 - - [13/Oct/2020:09:57:41 +0800] "GET /xingrg/all/function/internal_message.html?_=1602554258906&CODE_STATE=getMsg HTTP/1.1" 200 27
222.69.160.252 - - [13/Oct/2020:09:57:41 +0800] "GET /xingrg/all/function/internal_message.html?_=1602554048468&CODE_STATE=getMsg HTTP/1.1" 200 27
222.69.137.251 - - [13/Oct/2020:09:57:42 +0800] "POST /xingrg/kc/buy/cgsh_order_operate.html HTTP/1.1" 200 37
124.77.70.31 - - [13/Oct/2020:09:57:44 +0800] "GET /xingrg/all/function/internal_message.html?_=1602554265156&CODE_STATE=getMsg HTTP/1.1" 200 27
222.69.137.251 - - [13/Oct/2020:09:57:45 +0800] "POST /xingrg/kc/buy/cgsh_order_operate.html HTTP/1.1" 200 12
180.174.56.115 - - [13/Oct/2020:09:57:45 +0800] "GET /xingrg/check_reg.html?_=1602554235130 HTTP/1.1" 200 22
180.174.56.115 - - [13/Oct/2020:09:57:45 +0800] "GET /xingrg/all/function/internal_message.html?_=1602554235248&CODE_STATE=getMsg HTTP/1.1" 200 27
116.233.76.29 - - [13/Oct/2020:09:57:45 +0800] "GET /xingrg/all/function/internal_message.html?_=1602554281137&CODE_STATE=getMsg HTTP/1.1" 200 27
222.69.137.251 - - [13/Oct/2020:09:57:46 +0800] "GET /xingrg/kc/buy/cgsh_order_info.html?code=212020101305309 HTTP/1.1" 200 54893
222.69.137.251 - - [13/Oct/2020:09:57:46 +0800] "GET /xingrg/javascript/easyui/themes/default/validatebox.css HTTP/1.1" 404 1104
222.69.137.251 - - [13/Oct/2020:09:57:46 +0800] "POST /xingrg/kc/buy/cgsh_order_operate.html HTTP/1.1" 200 606
222.69.137.251 - - [13/Oct/2020:09:57:48 +0800] "GET /xingrg/kc/print/load_data.html?order_code=212020101305309&kc_code=cgsh&condition= HTTP/1.1" 200 717
114.88.166.242 - - [13/Oct/2020:09:57:52 +0800] "GET /xingrg/kc/buy/cgsh_order_list.html HTTP/1.1" 200 44199
172.17.0.120 - - [13/Oct/2020:09:57:52 +0800] "GET /xingrg/check_reg.html?_=1602554271250 HTTP/1.1" 200 22
172.17.0.120 - - [13/Oct/2020:09:57:52 +0800] "GET /xingrg/all/function/internal_message.html?_=1602554271255&CODE_STATE=getMsg HTTP/1.1" 200 27
172.17.0.240 - - [13/Oct/2020:09:57:52 +0800] "GET /xingrg/all/function/internal_message.html?_=1602554271861&CODE_STATE=getMsg HTTP/1.1" 200 27
222.69.137.251 - - [13/Oct/2020:09:57:53 +0800] "GET /xingrg/kc/buy/cgsh_order_add.html HTTP/1.1" 200 59990
222.69.137.251 - - [13/Oct/2020:09:57:53 +0800] "POST /xingrg/kc/buy/cgsh_order_operate.html HTTP/1.1" 200 8245
222.69.137.251 - - [13/Oct/2020:09:57:53 +0800] "GET /xingrg/javascript/easyui/themes/default/validatebox.css HTTP/1.1" 404 1104
114.88.166.242 - - [13/Oct/2020:09:57:54 +0800] "POST /xingrg/kc/buy/cgsh_list_operate.html HTTP/1.1" 200 3135
180.162.245.190 - - [13/Oct/2020:09:57:55 +0800] "GET /xingrg/all/function/internal_message.html?_=1602554274791&CODE_STATE=getMsg HTTP/1.1" 200 27
114.88.166.242 - - [13/Oct/2020:09:57:55 +0800] "GET /xingrg/kc/base/wldb_order_list.html HTTP/1.1" 200 19377
114.88.166.242 - - [13/Oct/2020:09:57:56 +0800] "POST /xingrg/kc/base/wldb_list_operate.html HTTP/1.1" 200 928
114.88.166.242 - - [13/Oct/2020:09:57:56 +0800] "GET /xingrg/all/function/internal_message.html?_=1602554274927&CODE_STATE=getMsg HTTP/1.1" 200 27
114.88.166.242 - - [13/Oct/2020:09:57:56 +0800] "GET /xingrg/kc/base/wldb_order_add.html HTTP/1.1" 200 30489
114.88.166.242 - - [13/Oct/2020:09:57:57 +0800] "GET /xingrg/all/common/auto_word.html?type=base&rest_code=00111 HTTP/1.1" 200 1753
114.88.166.242 - - [13/Oct/2020:09:57:57 +0800] "GET /xingrg/all/common/auto_word.html?type=base&rest_code=00111 HTTP/1.1" 200 1753
114.88.166.242 - - [13/Oct/2020:09:57:57 +0800] "GET /xingrg/javascript/easyui/themes/default/validatebox.css HTTP/1.1" 404 1104
114.88.166.242 - - [13/Oct/2020:09:57:57 +0800] "POST /xingrg/kc/base/wldb_order_operate.html HTTP/1.1" 200 6806
222.69.137.251 - - [13/Oct/2020:09:57:58 +0800] "GET /xingrg/all/function/internal_message.html?_=1602554278072&CODE_STATE=getMsg HTTP/1.1" 200 27
124.77.70.31 - - [13/Oct/2020:09:57:59 +0800] "GET /xingrg/all/function/internal_message.html?_=1602554274895&CODE_STATE=getMsg HTTP/1.1" 200 27
117.131.5.26 - - [13/Oct/2020:09:58:04 +0800] "GET /xingrg/check_reg.html?_=1602554307667 HTTP/1.1" 200 22
117.131.5.26 - - [13/Oct/2020:09:58:04 +0800] "GET /xingrg/all/function/internal_message.html?_=1602554307666&CODE_STATE=getMsg HTTP/1.1" 200 27
222.69.137.251 - - [13/Oct/2020:09:58:07 +0800] "GET /xingrg/kc/buy/cgsh_order_operate.html?command=get_materiel&rest_code=00149&code=00101010092&supplier_code=00100036&order_time=2020-10-13 HTTP/1.1" 200 451
114.88.166.242 - - [13/Oct/2020:09:58:07 +0800] "GET /xingrg/kc/base/wldb_order_operate.html?command=get_materiel&rest_code=00111&base_code=0010283&code=00101019313 HTTP/1.1" 200 443
172.17.0.123 - - [13/Oct/2020:09:58:10 +0800] "GET /xingrg/all/function/internal_message.html?_=1602554264215&CODE_STATE=getMsg HTTP/1.1" 200 27
114.88.166.242 - - [13/Oct/2020:09:58:10 +0800] "GET /xingrg/kc/base/wldb_order_operate.html?command=get_materiel&rest_code=00111&base_code=0010283&code=00101019015 HTTP/1.1" 200 437
58.37.8.227 - - [13/Oct/2020:09:58:13 +0800] "GET /xingrg/all/function/internal_message.html?_=1602554296439&CODE_STATE=getMsg HTTP/1.1" 200 27
180.161.96.95 - - [13/Oct/2020:09:58:15 +0800] "GET /xingrg/check_reg.html?_=1602554514494 HTTP/1.1" 200 22
180.161.96.95 - - [13/Oct/2020:09:58:15 +0800] "GET /xingrg/all/function/internal_message.html?_=1602554514556&CODE_STATE=getMsg HTTP/1.1" 200 27
222.69.137.251 - - [13/Oct/2020:09:58:16 +0800] "POST /xingrg/kc/buy/cgsh_order_operate.html HTTP/1.1" 200 37
114.88.166.242 - - [13/Oct/2020:09:58:19 +0800] "GET /xingrg/kc/base/wldb_order_operate.html?command=get_materiel&rest_code=00111&base_code=0010283&code=00101019066 HTTP/1.1" 200 441
222.69.137.251 - - [13/Oct/2020:09:58:20 +0800] "POST /xingrg/kc/buy/cgsh_order_operate.html HTTP/1.1" 200 12
222.69.137.251 - - [13/Oct/2020:09:58:21 +0800] "GET /xingrg/kc/buy/cgsh_order_info.html?code=212020101305310 HTTP/1.1" 200 54895
222.69.137.251 - - [13/Oct/2020:09:58:22 +0800] "GET /xingrg/javascript/easyui/themes/default/validatebox.css HTTP/1.1" 404 1104
222.69.137.251 - - [13/Oct/2020:09:58:22 +0800] "POST /xingrg/kc/buy/cgsh_order_operate.html HTTP/1.1" 200 617
222.69.137.251 - - [13/Oct/2020:09:58:24 +0800] "GET /xingrg/kc/print/load_data.html?order_code=212020101305310&kc_code=cgsh&condition= HTTP/1.1" 200 784
114.88.166.242 - - [13/Oct/2020:09:58:28 +0800] "GET /xingrg/check_reg.html?_=1602554392562 HTTP/1.1" 200 22
114.88.166.242 - - [13/Oct/2020:09:58:28 +0800] "GET /xingrg/all/function/internal_message.html?_=1602554392561&CODE_STATE=getMsg HTTP/1.1" 200 27
222.69.137.251 - - [13/Oct/2020:09:58:29 +0800] "GET /xingrg/kc/buy/cgsh_order_add.html HTTP/1.1" 200 59990
222.69.137.251 - - [13/Oct/2020:09:58:29 +0800] "POST /xingrg/kc/buy/cgsh_order_operate.html HTTP/1.1" 200 8245
222.69.137.251 - - [13/Oct/2020:09:58:29 +0800] "GET /xingrg/javascript/easyui/themes/default/validatebox.css HTTP/1.1" 404 1104
218.81.217.115 - - [13/Oct/2020:09:58:32 +0800] "GET /xingrg/check_reg.html?_=1602554315832 HTTP/1.1" 200 22
172.17.200.101 - - [13/Oct/2020:09:58:32 +0800] "GET /xingrg/all/function/internal_message.html?_=1602554312906&CODE_STATE=getMsg HTTP/1.1" 200 27
218.81.217.115 - - [13/Oct/2020:09:58:33 +0800] "GET /xingrg/all/function/internal_message.html?_=1602554317518&CODE_STATE=getMsg HTTP/1.1" 200 27
180.174.56.115 - - [13/Oct/2020:09:58:34 +0800] "GET /xingrg/all/function/internal_message.html?_=1602554313614&CODE_STATE=getMsg HTTP/1.1" 200 27
222.69.139.234 - - [13/Oct/2020:09:58:39 +0800] "GET /xingrg/all/function/internal_message.html?_=1602554319870&CODE_STATE=getMsg HTTP/1.1" 200 27
172.17.0.100 - - [13/Oct/2020:09:58:41 +0800] "GET /xingrg/check_reg.html?_=1602554318906 HTTP/1.1" 200 22
172.17.0.100 - - [13/Oct/2020:09:58:41 +0800] "GET /xingrg/all/function/internal_message.html?_=1602554318908&CODE_STATE=getMsg HTTP/1.1" 200 27
222.69.160.252 - - [13/Oct/2020:09:58:41 +0800] "GET /xingrg/all/function/internal_message.html?_=1602554108466&CODE_STATE=getMsg HTTP/1.1" 200 27
124.77.70.31 - - [13/Oct/2020:09:58:44 +0800] "GET /xingrg/all/function/internal_message.html?_=1602554325157&CODE_STATE=getMsg HTTP/1.1" 200 27
180.174.56.115 - - [13/Oct/2020:09:58:45 +0800] "GET /xingrg/all/function/internal_message.html?_=1602554295261&CODE_STATE=getMsg HTTP/1.1" 200 27
116.233.76.29 - - [13/Oct/2020:09:58:45 +0800] "GET /xingrg/all/function/internal_message.html?_=1602554341144&CODE_STATE=getMsg HTTP/1.1" 200 27
222.69.137.251 - - [13/Oct/2020:09:58:46 +0800] "GET /xingrg/kc/buy/cgsh_order_operate.html?command=get_materiel&rest_code=00149&code=00101006057&supplier_code=00100012&order_time=2020-10-13 HTTP/1.1" 200 413
114.88.166.242 - - [13/Oct/2020:09:58:47 +0800] "GET /xingrg/kc/buy/cgsh_order_list.html HTTP/1.1" 200 44199
114.88.166.242 - - [13/Oct/2020:09:58:48 +0800] "POST /xingrg/kc/buy/cgsh_list_operate.html HTTP/1.1" 200 3135
172.17.0.120 - - [13/Oct/2020:09:58:52 +0800] "GET /xingrg/all/function/internal_message.html?_=1602554331256&CODE_STATE=getMsg HTTP/1.1" 200 27
172.17.0.240 - - [13/Oct/2020:09:58:52 +0800] "GET /xingrg/all/function/internal_message.html?_=1602554331848&CODE_STATE=getMsg HTTP/1.1" 200 27
180.162.245.190 - - [13/Oct/2020:09:58:55 +0800] "GET /xingrg/all/function/internal_message.html?_=1602554334781&CODE_STATE=getMsg HTTP/1.1" 200 27
114.88.166.242 - - [13/Oct/2020:09:58:56 +0800] "GET /xingrg/all/function/internal_message.html?_=1602554334938&CODE_STATE=getMsg HTTP/1.1" 200 27
222.69.137.251 - - [13/Oct/2020:09:58:57 +0800] "GET /xingrg/kc/buy/cgsh_order_operate.html?command=get_materiel&rest_code=00149&code=00101006184&supplier_code=00100012&order_time=2020-10-13 HTTP/1.1" 200 408
222.69.137.251 - - [13/Oct/2020:09:58:58 +0800] "GET /xingrg/all/function/internal_message.html?_=1602554338082&CODE_STATE=getMsg HTTP/1.1" 200 27
124.77.70.31 - - [13/Oct/2020:09:58:59 +0800] "GET /xingrg/all/function/internal_message.html?_=1602554334879&CODE_STATE=getMsg HTTP/1.1" 200 27
114.88.166.242 - - [13/Oct/2020:09:58:59 +0800] "POST /xingrg/kc/buy/cgsh_list_operate.html HTTP/1.1" 200 9209
117.131.5.26 - - [13/Oct/2020:09:59:04 +0800] "GET /xingrg/all/function/internal_message.html?_=1602554367650&CODE_STATE=getMsg HTTP/1.1" 200 27
222.69.137.251 - - [13/Oct/2020:09:59:04 +0800] "GET /xingrg/kc/buy/cgsh_order_operate.html?command=get_materiel&rest_code=00149&code=00101006056&supplier_code=00100012&order_time=2020-10-13 HTTP/1.1" 200 413
172.17.0.123 - - [13/Oct/2020:09:59:10 +0800] "GET /xingrg/all/function/internal_message.html?_=1602554324211&CODE_STATE=getMsg HTTP/1.1" 200 27
58.37.8.227 - - [13/Oct/2020:09:59:13 +0800] "GET /xingrg/all/function/internal_message.html?_=1602554356438&CODE_STATE=getMsg HTTP/1.1" 200 27
180.161.96.95 - - [13/Oct/2020:09:59:15 +0800] "GET /xingrg/all/function/internal_message.html?_=1602554574570&CODE_STATE=getMsg HTTP/1.1" 200 27
222.69.137.251 - - [13/Oct/2020:09:59:17 +0800] "POST /xingrg/kc/buy/cgsh_order_operate.html HTTP/1.1" 200 37
222.69.137.251 - - [13/Oct/2020:09:59:22 +0800] "POST /xingrg/kc/buy/cgsh_order_operate.html HTTP/1.1" 200 12
222.69.137.251 - - [13/Oct/2020:09:59:24 +0800] "GET /xingrg/kc/buy/cgsh_order_info.html?code=212020101305311 HTTP/1.1" 200 54893
222.69.137.251 - - [13/Oct/2020:09:59:24 +0800] "GET /xingrg/javascript/easyui/themes/default/validatebox.css HTTP/1.1" 404 1104
222.69.137.251 - - [13/Oct/2020:09:59:24 +0800] "POST /xingrg/kc/buy/cgsh_order_operate.html HTTP/1.1" 200 1790
222.69.137.251 - - [13/Oct/2020:09:59:26 +0800] "GET /xingrg/kc/print/load_data.html?order_code=212020101305311&kc_code=cgsh&condition= HTTP/1.1" 200 1245
114.88.166.242 - - [13/Oct/2020:09:59:28 +0800] "GET /xingrg/all/function/internal_message.html?_=1602554452526&CODE_STATE=getMsg HTTP/1.1" 200 27
172.17.200.101 - - [13/Oct/2020:09:59:32 +0800] "GET /xingrg/all/function/internal_message.html?_=1602554372909&CODE_STATE=getMsg HTTP/1.1" 200 27
218.81.217.115 - - [13/Oct/2020:09:59:33 +0800] "GET /xingrg/all/function/internal_message.html?_=1602554377672&CODE_STATE=getMsg HTTP/1.1" 200 27
180.174.56.115 - - [13/Oct/2020:09:59:34 +0800] "GET /xingrg/all/function/internal_message.html?_=1602554373664&CODE_STATE=getMsg HTTP/1.1" 200 27
222.69.139.234 - - [13/Oct/2020:09:59:39 +0800] "GET /xingrg/all/function/internal_message.html?_=1602554379872&CODE_STATE=getMsg HTTP/1.1" 200 27
222.69.139.234 - - [13/Oct/2020:09:59:39 +0800] "GET /xingrg/check_reg.html?_=1602554379876 HTTP/1.1" 200 22
172.17.0.100 - - [13/Oct/2020:09:59:41 +0800] "GET /xingrg/all/function/internal_message.html?_=1602554378908&CODE_STATE=getMsg HTTP/1.1" 200 27
222.69.160.252 - - [13/Oct/2020:09:59:41 +0800] "GET /xingrg/all/function/internal_message.html?_=1602554168490&CODE_STATE=getMsg HTTP/1.1" 200 27
124.77.70.31 - - [13/Oct/2020:09:59:44 +0800] "GET /xingrg/all/function/internal_message.html?_=1602554385160&CODE_STATE=getMsg HTTP/1.1" 200 27
124.77.70.31 - - [13/Oct/2020:09:59:44 +0800] "GET /xingrg/check_reg.html?_=1602554385164 HTTP/1.1" 200 22
180.174.56.115 - - [13/Oct/2020:09:59:45 +0800] "GET /xingrg/all/function/internal_message.html?_=1602554355275&CODE_STATE=getMsg HTTP/1.1" 200 27
116.233.76.29 - - [13/Oct/2020:09:59:45 +0800] "GET /xingrg/all/function/internal_message.html?_=1602554401140&CODE_STATE=getMsg HTTP/1.1" 200 27
114.88.166.242 - - [13/Oct/2020:09:59:46 +0800] "POST /xingrg/kc/buy/cgsh_list_operate.html HTTP/1.1" 200 466
114.88.166.242 - - [13/Oct/2020:09:59:48 +0800] "POST /xingrg/kc/buy/cgsh_list_operate.html HTTP/1.1" 200 1902
172.17.0.120 - - [13/Oct/2020:09:59:52 +0800] "GET /xingrg/all/function/internal_message.html?_=1602554391258&CODE_STATE=getMsg HTTP/1.1" 200 27
172.17.0.240 - - [13/Oct/2020:09:59:52 +0800] "GET /xingrg/all/function/internal_message.html?_=1602554391850&CODE_STATE=getMsg HTTP/1.1" 200 27
172.17.0.240 - - [13/Oct/2020:09:59:52 +0800] "GET /xingrg/check_reg.html?_=1602554391855 HTTP/1.1" 200 22
180.162.245.190 - - [13/Oct/2020:09:59:55 +0800] "GET /xingrg/all/function/internal_message.html?_=1602554394780&CODE_STATE=getMsg HTTP/1.1" 200 27
222.69.137.251 - - [13/Oct/2020:09:59:55 +0800] "GET /xingrg/kc/buy/cgsh_order_add.html HTTP/1.1" 200 59990
222.69.137.251 - - [13/Oct/2020:09:59:56 +0800] "GET /xingrg/words/20201013090337_words.js HTTP/1.1" 304 -
222.69.137.251 - - [13/Oct/2020:09:59:56 +0800] "POST /xingrg/kc/buy/cgsh_order_operate.html HTTP/1.1" 200 8245
222.69.137.251 - - [13/Oct/2020:09:59:56 +0800] "GET /xingrg/javascript/easyui/themes/default/validatebox.css HTTP/1.1" 404 1104
114.88.166.242 - - [13/Oct/2020:09:59:56 +0800] "GET /xingrg/all/function/internal_message.html?_=1602554394976&CODE_STATE=getMsg HTTP/1.1" 200 27
222.69.137.251 - - [13/Oct/2020:09:59:58 +0800] "GET /xingrg/all/function/internal_message.html?_=1602554398062&CODE_STATE=getMsg HTTP/1.1" 200 27
124.77.70.31 - - [13/Oct/2020:09:59:59 +0800] "GET /xingrg/all/function/internal_message.html?_=1602554394863&CODE_STATE=getMsg HTTP/1.1" 200 27
117.131.5.26 - - [13/Oct/2020:10:00:04 +0800] "GET /xingrg/all/function/internal_message.html?_=1602554427666&CODE_STATE=getMsg HTTP/1.1" 200 27
172.17.0.123 - - [13/Oct/2020:10:00:10 +0800] "GET /xingrg/all/function/internal_message.html?_=1602554384219&CODE_STATE=getMsg HTTP/1.1" 200 27
222.69.137.251 - - [13/Oct/2020:10:00:11 +0800] "GET /xingrg/kc/buy/cgsh_order_operate.html?command=get_materiel&rest_code=00149&code=00101002027&supplier_code=00100039&order_time=2020-10-13 HTTP/1.1" 200 413
58.37.8.227 - - [13/Oct/2020:10:00:13 +0800] "GET /xingrg/all/function/internal_message.html?_=1602554416447&CODE_STATE=getMsg HTTP/1.1" 200 27
180.161.96.95 - - [13/Oct/2020:10:00:15 +0800] "GET /xingrg/all/function/internal_message.html?_=1602554634583&CODE_STATE=getMsg HTTP/1.1" 200 27
222.69.137.251 - - [13/Oct/2020:10:00:26 +0800] "GET /xingrg/kc/buy/cgsh_order_operate.html?command=get_materiel&rest_code=00149&code=00101002022&supplier_code=00100039&order_time=2020-10-13 HTTP/1.1" 200 411
114.88.166.242 - - [13/Oct/2020:10:00:28 +0800] "GET /xingrg/all/function/internal_message.html?_=1602554512522&CODE_STATE=getMsg HTTP/1.1" 200 27
114.88.166.242 - - [13/Oct/2020:10:00:29 +0800] "GET /xingrg/kc/base/wldb_order_list.html HTTP/1.1" 200 19377
114.88.166.242 - - [13/Oct/2020:10:00:30 +0800] "POST /xingrg/kc/base/wldb_list_operate.html HTTP/1.1" 200 928
114.88.166.242 - - [13/Oct/2020:10:00:30 +0800] "GET /xingrg/kc/base/wldb_order_add.html HTTP/1.1" 200 30489
114.88.166.242 - - [13/Oct/2020:10:00:31 +0800] "POST /xingrg/kc/base/wldb_order_operate.html HTTP/1.1" 200 6806
114.88.166.242 - - [13/Oct/2020:10:00:31 +0800] "GET /xingrg/javascript/easyui/themes/default/validatebox.css HTTP/1.1" 404 1104
172.17.200.101 - - [13/Oct/2020:10:00:32 +0800] "GET /xingrg/check_reg.html?_=1602554432910 HTTP/1.1" 200 22
172.17.200.101 - - [13/Oct/2020:10:00:32 +0800] "GET /xingrg/all/function/internal_message.html?_=1602554432914&CODE_STATE=getMsg HTTP/1.1" 200 27
218.81.217.115 - - [13/Oct/2020:10:00:33 +0800] "GET /xingrg/all/function/internal_message.html?_=1602554437686&CODE_STATE=getMsg HTTP/1.1" 200 27
172.17.0.185 - - [13/Oct/2020:10:00:34 +0800] "GET /xingrg/check_reg.html?_=1602554432907 HTTP/1.1" 200 22
180.174.56.115 - - [13/Oct/2020:10:00:34 +0800] "GET /xingrg/all/function/internal_message.html?_=1602554433713&CODE_STATE=getMsg HTTP/1.1" 200 27
222.69.139.234 - - [13/Oct/2020:10:00:39 +0800] "GET /xingrg/all/function/internal_message.html?_=1602554439862&CODE_STATE=getMsg HTTP/1.1" 200 27
222.69.137.251 - - [13/Oct/2020:10:00:39 +0800] "GET /xingrg/kc/buy/cgsh_order_operate.html?command=get_materiel&rest_code=00149&code=00101001060&supplier_code=00100039&order_time=2020-10-13 HTTP/1.1" 200 421
172.17.0.100 - - [13/Oct/2020:10:00:41 +0800] "GET /xingrg/all/function/internal_message.html?_=1602554438908&CODE_STATE=getMsg HTTP/1.1" 200 27
222.69.160.252 - - [13/Oct/2020:10:00:41 +0800] "GET /xingrg/all/function/internal_message.html?_=1602554228488&CODE_STATE=getMsg HTTP/1.1" 200 27
222.69.160.252 - - [13/Oct/2020:10:00:41 +0800] "GET /xingrg/check_reg.html?_=1602554228489 HTTP/1.1" 200 22
124.77.70.31 - - [13/Oct/2020:10:00:44 +0800] "GET /xingrg/all/function/internal_message.html?_=1602554445166&CODE_STATE=getMsg HTTP/1.1" 200 27
180.174.56.115 - - [13/Oct/2020:10:00:45 +0800] "GET /xingrg/all/function/internal_message.html?_=1602554415295&CODE_STATE=getMsg HTTP/1.1" 200 27
116.233.76.29 - - [13/Oct/2020:10:00:45 +0800] "GET /xingrg/check_reg.html?_=1602554461140 HTTP/1.1" 200 22
116.233.76.29 - - [13/Oct/2020:10:00:45 +0800] "GET /xingrg/all/function/internal_message.html?_=1602554461140&CODE_STATE=getMsg HTTP/1.1" 200 27
114.88.166.242 - - [13/Oct/2020:10:00:50 +0800] "GET /xingrg/kc/base/wldb_order_operate.html?command=get_materiel&rest_code=00111&base_code=0010283&code=00101019079 HTTP/1.1" 200 465
222.69.137.251 - - [13/Oct/2020:10:00:51 +0800] "GET /xingrg/kc/buy/cgsh_order_operate.html?command=get_materiel&rest_code=00149&code=00101010161&supplier_code=00100039&order_time=2020-10-13 HTTP/1.1" 200 409
172.17.0.120 - - [13/Oct/2020:10:00:52 +0800] "GET /xingrg/all/function/internal_message.html?_=1602554451260&CODE_STATE=getMsg HTTP/1.1" 200 27
172.17.0.240 - - [13/Oct/2020:10:00:52 +0800] "GET /xingrg/all/function/internal_message.html?_=1602554451856&CODE_STATE=getMsg HTTP/1.1" 200 27
114.88.166.242 - - [13/Oct/2020:10:00:54 +0800] "GET /xingrg/kc/base/wldb_order_operate.html?command=get_materiel&rest_code=00111&base_code=0010283&code=00101016092 HTTP/1.1" 200 452
180.162.245.190 - - [13/Oct/2020:10:00:55 +0800] "GET /xingrg/check_reg.html?_=1602554454800 HTTP/1.1" 200 22
180.162.245.190 - - [13/Oct/2020:10:00:55 +0800] "GET /xingrg/all/function/internal_message.html?_=1602554454798&CODE_STATE=getMsg HTTP/1.1" 200 27
114.88.166.242 - - [13/Oct/2020:10:00:56 +0800] "GET /xingrg/all/function/internal_message.html?_=1602554454988&CODE_STATE=getMsg HTTP/1.1" 200 27
114.88.166.242 - - [13/Oct/2020:10:00:58 +0800] "GET /xingrg/kc/base/wldb_order_operate.html?command=get_materiel&rest_code=00111&base_code=0010283&code=00101016083 HTTP/1.1" 200 448
222.69.137.251 - - [13/Oct/2020:10:00:58 +0800] "GET /xingrg/all/function/internal_message.html?_=1602554458064&CODE_STATE=getMsg HTTP/1.1" 200 27
222.69.137.251 - - [13/Oct/2020:10:00:58 +0800] "GET /xingrg/check_reg.html?_=1602554458071 HTTP/1.1" 200 22
124.77.70.31 - - [13/Oct/2020:10:00:59 +0800] "GET /xingrg/all/function/internal_message.html?_=1602554454847&CODE_STATE=getMsg HTTP/1.1" 200 27
124.77.70.31 - - [13/Oct/2020:10:01:00 +0800] "GET /xingrg/check_reg.html?_=1602554455565 HTTP/1.1" 200 22
114.88.166.242 - - [13/Oct/2020:10:01:01 +0800] "GET /xingrg/kc/base/wldb_order_operate.html?command=get_materiel&rest_code=00111&base_code=0010283&code=00101019133 HTTP/1.1" 200 464
114.88.166.242 - - [13/Oct/2020:10:01:04 +0800] "GET /xingrg/kc/base/wldb_order_operate.html?command=get_materiel&rest_code=00111&base_code=0010283&code=00101019204 HTTP/1.1" 200 438
117.131.5.26 - - [13/Oct/2020:10:01:04 +0800] "GET /xingrg/all/function/internal_message.html?_=1602554487664&CODE_STATE=getMsg HTTP/1.1" 200 27
222.69.137.251 - - [13/Oct/2020:10:01:04 +0800] "POST /xingrg/kc/buy/cgsh_order_operate.html HTTP/1.1" 200 37
218.81.217.115 - - [13/Oct/2020:10:01:07 +0800] "GET /xingrg/check_reg.html?_=1602554471621 HTTP/1.1" 200 22
114.88.166.242 - - [13/Oct/2020:10:01:07 +0800] "GET /xingrg/kc/base/wldb_order_operate.html?command=get_materiel&rest_code=00111&base_code=0010283&code=00101019295 HTTP/1.1" 200 463
222.69.137.251 - - [13/Oct/2020:10:01:09 +0800] "POST /xingrg/kc/buy/cgsh_order_operate.html HTTP/1.1" 200 12
172.17.0.123 - - [13/Oct/2020:10:01:10 +0800] "GET /xingrg/all/function/internal_message.html?_=1602554444213&CODE_STATE=getMsg HTTP/1.1" 200 27
222.69.137.251 - - [13/Oct/2020:10:01:12 +0800] "GET /xingrg/kc/buy/cgsh_order_info.html?code=212020101305312 HTTP/1.1" 200 54893
222.69.137.251 - - [13/Oct/2020:10:01:12 +0800] "GET /xingrg/javascript/easyui/themes/default/validatebox.css HTTP/1.1" 404 1104
222.69.137.251 - - [13/Oct/2020:10:01:12 +0800] "POST /xingrg/kc/buy/cgsh_order_operate.html HTTP/1.1" 200 2392
58.37.8.227 - - [13/Oct/2020:10:01:13 +0800] "GET /xingrg/all/function/internal_message.html?_=1602554476448&CODE_STATE=getMsg HTTP/1.1" 200 27
180.161.96.95 - - [13/Oct/2020:10:01:15 +0800] "GET /xingrg/all/function/internal_message.html?_=1602554694598&CODE_STATE=getMsg HTTP/1.1" 200 27
114.88.166.242 - - [13/Oct/2020:10:01:19 +0800] "GET /xingrg/kc/base/wldb_order_operate.html?command=get_materiel&rest_code=00111&base_code=0010283&code=00101019365 HTTP/1.1" 200 453
222.69.137.251 - - [13/Oct/2020:10:01:20 +0800] "GET /xingrg/kc/print/load_data.html?order_code=212020101305312&kc_code=cgsh&condition= HTTP/1.1" 200 1405
114.88.166.242 - - [13/Oct/2020:10:01:21 +0800] "GET /xingrg/kc/base/wldb_order_operate.html?command=get_materiel&rest_code=00111&base_code=0010283&code=00101019366 HTTP/1.1" 200 457
222.69.137.251 - - [13/Oct/2020:10:01:24 +0800] "GET /xingrg/kc/buy/cgsh_order_add.html HTTP/1.1" 200 59990
222.69.137.251 - - [13/Oct/2020:10:01:24 +0800] "POST /xingrg/kc/buy/cgsh_order_operate.html HTTP/1.1" 200 8245
222.69.137.251 - - [13/Oct/2020:10:01:24 +0800] "GET /xingrg/javascript/easyui/themes/default/validatebox.css HTTP/1.1" 404 1104
114.88.166.242 - - [13/Oct/2020:10:01:25 +0800] "GET /xingrg/kc/base/wldb_order_operate.html?command=get_materiel&rest_code=00111&base_code=0010283&code=00101019534 HTTP/1.1" 200 491
114.88.166.242 - - [13/Oct/2020:10:01:28 +0800] "GET /xingrg/all/function/internal_message.html?_=1602554572540&CODE_STATE=getMsg HTTP/1.1" 200 27
114.88.166.242 - - [13/Oct/2020:10:01:28 +0800] "GET /xingrg/kc/base/wldb_order_operate.html?command=get_materiel&rest_code=00111&base_code=0010283&code=00101019306 HTTP/1.1" 200 464
114.88.166.242 - - [13/Oct/2020:10:01:32 +0800] "GET /xingrg/kc/base/wldb_order_operate.html?command=get_materiel&rest_code=00111&base_code=0010283&code=00101019384 HTTP/1.1" 200 457
172.17.200.101 - - [13/Oct/2020:10:01:32 +0800] "GET /xingrg/all/function/internal_message.html?_=1602554492904&CODE_STATE=getMsg HTTP/1.1" 200 27
218.81.217.115 - - [13/Oct/2020:10:01:34 +0800] "GET /xingrg/all/function/internal_message.html?_=1602554497830&CODE_STATE=getMsg HTTP/1.1" 200 27
180.174.56.115 - - [13/Oct/2020:10:01:34 +0800] "GET /xingrg/check_reg.html?_=1602554493760 HTTP/1.1" 200 22
180.174.56.115 - - [13/Oct/2020:10:01:34 +0800] "GET /xingrg/all/function/internal_message.html?_=1602554493762&CODE_STATE=getMsg HTTP/1.1" 200 27
117.131.5.26 - - [13/Oct/2020:10:01:34 +0800] "GET /xingrg/kc/base/wldb_order_list.html HTTP/1.1" 200 19383
117.131.5.26 - - [13/Oct/2020:10:01:35 +0800] "POST /xingrg/kc/base/wldb_list_operate.html HTTP/1.1" 200 928
114.88.166.242 - - [13/Oct/2020:10:01:36 +0800] "GET /xingrg/kc/base/wldb_order_operate.html?command=get_materiel&rest_code=00111&base_code=0010283&code=00101016028 HTTP/1.1" 200 431
222.69.139.234 - - [13/Oct/2020:10:01:39 +0800] "GET /xingrg/all/function/internal_message.html?_=1602554499864&CODE_STATE=getMsg HTTP/1.1" 200 27
117.131.5.26 - - [13/Oct/2020:10:01:40 +0800] "GET /xingrg/kc/base/wldb_order_add.html HTTP/1.1" 200 30495
117.131.5.26 - - [13/Oct/2020:10:01:40 +0800] "GET /xingrg/words/20201013090337_words.js HTTP/1.1" 200 768695
117.131.5.26 - - [13/Oct/2020:10:01:41 +0800] "GET /xingrg/all/common/auto_word.html?type=base&rest_code=00104 HTTP/1.1" 200 1753
117.131.5.26 - - [13/Oct/2020:10:01:41 +0800] "GET /xingrg/all/common/auto_word.html?type=base&rest_code=00104 HTTP/1.1" 200 1753
117.131.5.26 - - [13/Oct/2020:10:01:41 +0800] "GET /xingrg/javascript/easyui/themes/default/validatebox.css HTTP/1.1" 404 1104
117.131.5.26 - - [13/Oct/2020:10:01:41 +0800] "POST /xingrg/kc/base/wldb_order_operate.html HTTP/1.1" 200 6806
114.88.166.242 - - [13/Oct/2020:10:01:41 +0800] "GET /xingrg/kc/base/wldb_order_operate.html?command=get_materiel&rest_code=00111&base_code=0010283&code=00101016086 HTTP/1.1" 200 466
172.17.0.100 - - [13/Oct/2020:10:01:41 +0800] "GET /xingrg/all/function/internal_message.html?_=1602554498936&CODE_STATE=getMsg HTTP/1.1" 200 27
222.69.160.252 - - [13/Oct/2020:10:01:41 +0800] "GET /xingrg/all/function/internal_message.html?_=1602554288488&CODE_STATE=getMsg HTTP/1.1" 200 27
117.131.5.26 - - [13/Oct/2020:10:01:42 +0800] "POST /xingrg/all/common/load_combo.html?type=base HTTP/1.1" 200 3142
222.69.137.251 - - [13/Oct/2020:10:01:43 +0800] "GET /xingrg/kc/buy/cgsh_order_operate.html?command=get_materiel&rest_code=00149&code=00102002478&supplier_code=00100073&order_time=2020-10-13 HTTP/1.1" 200 410
124.77.70.31 - - [13/Oct/2020:10:01:44 +0800] "GET /xingrg/all/function/internal_message.html?_=1602554505168&CODE_STATE=getMsg HTTP/1.1" 200 27
180.174.56.115 - - [13/Oct/2020:10:01:45 +0800] "GET /xingrg/all/function/internal_message.html?_=1602554475303&CODE_STATE=getMsg HTTP/1.1" 200 27
116.233.76.29 - - [13/Oct/2020:10:01:45 +0800] "GET /xingrg/all/function/internal_message.html?_=1602554521140&CODE_STATE=getMsg HTTP/1.1" 200 27
114.88.166.242 - - [13/Oct/2020:10:01:46 +0800] "GET /xingrg/kc/base/wldb_order_operate.html?command=get_materiel&rest_code=00111&base_code=0010283&code=00101019241 HTTP/1.1" 200 460
114.88.166.242 - - [13/Oct/2020:10:01:51 +0800] "GET /xingrg/kc/base/wldb_order_operate.html?command=get_materiel&rest_code=00111&base_code=0010283&code=00101019391 HTTP/1.1" 200 471
172.17.0.120 - - [13/Oct/2020:10:01:52 +0800] "GET /xingrg/all/function/internal_message.html?_=1602554511261&CODE_STATE=getMsg HTTP/1.1" 200 27
172.17.0.240 - - [13/Oct/2020:10:01:52 +0800] "GET /xingrg/all/function/internal_message.html?_=1602554511859&CODE_STATE=getMsg HTTP/1.1" 200 27
114.88.166.242 - - [13/Oct/2020:10:01:55 +0800] "GET /xingrg/kc/base/wldb_order_operate.html?command=get_materiel&rest_code=00111&base_code=0010283&code=00101013093 HTTP/1.1" 200 447
180.162.245.190 - - [13/Oct/2020:10:01:55 +0800] "GET /xingrg/all/function/internal_message.html?_=1602554514785&CODE_STATE=getMsg HTTP/1.1" 200 27
114.88.166.242 - - [13/Oct/2020:10:01:56 +0800] "GET /xingrg/all/function/internal_message.html?_=1602554515037&CODE_STATE=getMsg HTTP/1.1" 200 27
218.81.217.115 - - [13/Oct/2020:10:01:58 +0800] "POST /xingrg/services/DataTransmitService HTTP/1.1" 200 524
222.69.137.251 - - [13/Oct/2020:10:01:58 +0800] "GET /xingrg/all/function/internal_message.html?_=1602554518065&CODE_STATE=getMsg HTTP/1.1" 200 27
124.77.70.31 - - [13/Oct/2020:10:01:59 +0800] "GET /xingrg/all/function/internal_message.html?_=1602554514823&CODE_STATE=getMsg HTTP/1.1" 200 27
114.88.166.242 - - [13/Oct/2020:10:01:59 +0800] "GET /xingrg/kc/base/wldb_order_operate.html?command=get_materiel&rest_code=00111&base_code=0010283&code=00101013011 HTTP/1.1" 200 451
218.81.217.115 - - [13/Oct/2020:10:02:00 +0800] "POST /xingrg/services/DataTransmitService HTTP/1.1" 200 501
218.81.217.115 - - [13/Oct/2020:10:02:01 +0800] "POST /xingrg/services/DataTransmitService HTTP/1.1" 200 501
114.88.166.242 - - [13/Oct/2020:10:02:01 +0800] "POST /xingrg/kc/base/wldb_order_operate.html HTTP/1.1" 200 1710
218.81.217.115 - - [13/Oct/2020:10:02:02 +0800] "POST /xingrg/services/DataTransmitService HTTP/1.1" 200 501
218.81.217.115 - - [13/Oct/2020:10:02:03 +0800] "POST /xingrg/services/DataTransmitService HTTP/1.1" 200 501
218.81.217.115 - - [13/Oct/2020:10:02:03 +0800] "POST /xingrg/services/DataTransmitService HTTP/1.1" 200 501
218.81.217.115 - - [13/Oct/2020:10:02:04 +0800] "POST /xingrg/services/DataTransmitService HTTP/1.1" 200 501
218.81.217.115 - - [13/Oct/2020:10:02:04 +0800] "POST /xingrg/services/DataTransmitService HTTP/1.1" 200 501
218.81.217.115 - - [13/Oct/2020:10:02:04 +0800] "POST /xingrg/services/DataTransmitService HTTP/1.1" 200 501
117.131.5.26 - - [13/Oct/2020:10:02:04 +0800] "GET /xingrg/all/function/internal_message.html?_=1602554547670&CODE_STATE=getMsg HTTP/1.1" 200 27
58.221.95.50 - - [13/Oct/2020:10:02:06 +0800] "GET /xingrg/check_reg.html?_=1602554670744 HTTP/1.1" 302 -
58.221.95.50 - - [13/Oct/2020:10:02:06 +0800] "GET /xingrg/all/function/internal_message.html?_=1602554670630&CODE_STATE=getMsg HTTP/1.1" 302 -
218.81.217.115 - - [13/Oct/2020:10:02:06 +0800] "POST /xingrg/services/DataTransmitService HTTP/1.1" 200 412
58.221.95.50 - - [13/Oct/2020:10:02:06 +0800] "GET /xingrg/login.html HTTP/1.1" 200 7641
58.221.95.50 - - [13/Oct/2020:10:02:06 +0800] "GET /xingrg/login.html HTTP/1.1" 200 7641
117.131.5.26 - - [13/Oct/2020:10:02:08 +0800] "GET /xingrg/login.html HTTP/1.1" 200 7641
117.131.5.26 - - [13/Oct/2020:10:02:08 +0800] "GET /favicon.ico HTTP/1.1" 404 -
114.88.166.242 - - [13/Oct/2020:10:02:09 +0800] "GET /xingrg/kc/base/wldb_order_operate.html?command=get_materiel&rest_code=00111&base_code=0010283&code=00101019357 HTTP/1.1" 200 452
222.69.137.251 - - [13/Oct/2020:10:02:09 +0800] "GET /xingrg/kc/buy/cgsh_order_operate.html?command=get_materiel&rest_code=00149&code=00102002479&supplier_code=00100073&order_time=2020-10-13 HTTP/1.1" 200 416
172.17.0.123 - - [13/Oct/2020:10:02:10 +0800] "GET /xingrg/check_reg.html?_=1602554504221 HTTP/1.1" 200 22
172.17.0.123 - - [13/Oct/2020:10:02:10 +0800] "GET /xingrg/all/function/internal_message.html?_=1602554504221&CODE_STATE=getMsg HTTP/1.1" 200 27
58.37.8.227 - - [13/Oct/2020:10:02:13 +0800] "GET /xingrg/all/function/internal_message.html?_=1602554536444&CODE_STATE=getMsg HTTP/1.1" 200 27
58.37.8.227 - - [13/Oct/2020:10:02:13 +0800] "GET /xingrg/check_reg.html?_=1602554536444 HTTP/1.1" 200 22
114.88.166.242 - - [13/Oct/2020:10:02:13 +0800] "POST /xingrg/kc/base/wldb_order_operate.html HTTP/1.1" 200 37
114.88.166.242 - - [13/Oct/2020:10:02:13 +0800] "POST /xingrg/kc/base/wldb_order_operate.html HTTP/1.1" 200 11683
114.88.166.242 - - [13/Oct/2020:10:02:14 +0800] "GET /xingrg/kc/base/wldb_order_info.html?code=422020101301545 HTTP/1.1" 200 30504
117.131.5.26 - - [13/Oct/2020:10:02:14 +0800] "POST /xingrg/login.do HTTP/1.1" 302 -
117.131.5.26 - - [13/Oct/2020:10:02:14 +0800] "GET /xingrg/index.html?sysBaseUrl=http%3A%2F%2F180.169.147.146%3A18081%2Fxingrg%2F&costTime=39×tamp=1602554534883 HTTP/1.1" 200 17503
114.88.166.242 - - [13/Oct/2020:10:02:15 +0800] "GET /xingrg/javascript/easyui/themes/default/validatebox.css HTTP/1.1" 404 1104
117.131.5.26 - - [13/Oct/2020:10:02:15 +0800] "POST /xingrg/all/common/load_tree.html?tree=area_rest_tree_json&manage=1 HTTP/1.1" 200 3216
117.131.5.26 - - [13/Oct/2020:10:02:15 +0800] "GET /xingrg/all/function/internal_message.html?_=1602554558042&CODE_STATE=count HTTP/1.1" 200 11
117.131.5.26 - - [13/Oct/2020:10:02:15 +0800] "GET /xingrg/check_reg.html?_=1602554558043 HTTP/1.1" 200 22
117.131.5.26 - - [13/Oct/2020:10:02:15 +0800] "GET /xingrg/javascript/jquery_easy_ui/themes/default/images/panel_tool_expand.gif HTTP/1.1" 200 247
117.131.5.26 - - [13/Oct/2020:10:02:15 +0800] "GET /favicon.ico HTTP/1.1" 404 -
117.131.5.26 - - [13/Oct/2020:10:02:15 +0800] "POST /xingrg/load_menu.html HTTP/1.1" 200 11564
114.88.166.242 - - [13/Oct/2020:10:02:15 +0800] "POST /xingrg/kc/base/wldb_order_operate.html HTTP/1.1" 200 11683
117.131.5.26 - - [13/Oct/2020:10:02:15 +0800] "GET /xingrg/javascript/jquery_easy_ui/themes/icons/checkout_new.png HTTP/1.1" 200 744
117.131.5.26 - - [13/Oct/2020:10:02:15 +0800] "GET /xingrg/javascript/jquery_easy_ui/themes/icons/delivery_new.png HTTP/1.1" 200 700
117.131.5.26 - - [13/Oct/2020:10:02:15 +0800] "GET /xingrg/javascript/jquery_easy_ui/themes/icons/systemset_new.png HTTP/1.1" 200 606
117.131.5.26 - - [13/Oct/2020:10:02:15 +0800] "GET /xingrg/javascript/jquery_easy_ui/themes/icons/setting_new.png HTTP/1.1" 200 450
180.161.96.95 - - [13/Oct/2020:10:02:15 +0800] "GET /xingrg/all/function/internal_message.html?_=1602554754611&CODE_STATE=getMsg HTTP/1.1" 200 27
117.131.5.26 - - [13/Oct/2020:10:02:17 +0800] "GET /xingrg/javascript/jquery_easy_ui/themes/icons/manage.png HTTP/1.1" 200 696
117.131.5.26 - - [13/Oct/2020:10:02:17 +0800] "GET /xingrg/javascript/jquery_easy_ui/themes/icons/rest.png HTTP/1.1" 200 695
117.131.5.26 - - [13/Oct/2020:10:02:17 +0800] "GET /xingrg/javascript/jquery_easy_ui/themes/icons/area.png HTTP/1.1" 200 262
117.131.5.26 - - [13/Oct/2020:10:02:17 +0800] "GET /xingrg/javascript/jquery_easy_ui/themes/icons/ok.png HTTP/1.1" 200 883
117.131.5.26 - - [13/Oct/2020:10:02:17 +0800] "GET /xingrg/javascript/jquery_easy_ui/themes/default/images/panel_tools.gif HTTP/1.1" 200 737
117.131.5.26 - - [13/Oct/2020:10:02:17 +0800] "GET /xingrg/javascript/jquery_easy_ui/themes/default/images/button_span_bg.gif HTTP/1.1" 200 2061
117.131.5.26 - - [13/Oct/2020:10:02:17 +0800] "GET /xingrg/javascript/jquery_easy_ui/themes/default/images/panel_title.png HTTP/1.1" 200 266
117.131.5.26 - - [13/Oct/2020:10:02:20 +0800] "POST /xingrg/all/user/operate.html HTTP/1.1" 200 36
117.131.5.26 - - [13/Oct/2020:10:02:20 +0800] "GET /xingrg/javascript/jquery_easy_ui/themes/default/easyui.css HTTP/1.1" 304 -
117.131.5.26 - - [13/Oct/2020:10:02:20 +0800] "GET /xingrg/javascript/jquery_easy_ui/themes/icon.css HTTP/1.1" 304 -
117.131.5.26 - - [13/Oct/2020:10:02:20 +0800] "GET /xingrg/index.html?sysBaseUrl=http%3A%2F%2F180.169.147.146%3A18081%2Fxingrg%2F&costTime=39×tamp=1602554534883 HTTP/1.1" 200 17509
117.131.5.26 - - [13/Oct/2020:10:02:20 +0800] "GET /xingrg/css/form.css HTTP/1.1" 304 -
117.131.5.26 - - [13/Oct/2020:10:02:20 +0800] "GET /xingrg/javascript/jquery-1.4.2.min.js HTTP/1.1" 304 -
117.131.5.26 - - [13/Oct/2020:10:02:20 +0800] "GET /xingrg/javascript/jquery_easy_ui/jquery.easyui.min.js HTTP/1.1" 304 -
117.131.5.26 - - [13/Oct/2020:10:02:20 +0800] "GET /xingrg/javascript/jquery_easy_ui/easyui-lang-zh_CN.js HTTP/1.1" 304 -
117.131.5.26 - - [13/Oct/2020:10:02:20 +0800] "GET /xingrg/javascript/jquery.form.js HTTP/1.1" 304 -
117.131.5.26 - - [13/Oct/2020:10:02:20 +0800] "GET /xingrg/javascript/jquery.utils.js HTTP/1.1" 304 -
117.131.5.26 - - [13/Oct/2020:10:02:20 +0800] "GET /xingrg/javascript/jquery.timers.js HTTP/1.1" 304 -
117.131.5.26 - - [13/Oct/2020:10:02:20 +0800] "GET /xingrg/images/blue/jxLogo.png HTTP/1.1" 304 -
117.131.5.26 - - [13/Oct/2020:10:02:20 +0800] "GET /xingrg/javascript/jquery_easy_ui/themes/icons/settle_new.png HTTP/1.1" 304 -
117.131.5.26 - - [13/Oct/2020:10:02:20 +0800] "GET /xingrg/images/blue/navBackgound.jpg HTTP/1.1" 304 -
117.131.5.26 - - [13/Oct/2020:10:02:20 +0800] "POST /xingrg/all/common/load_tree.html?tree=area_rest_tree_json&manage=1 HTTP/1.1" 200 3216
117.131.5.26 - - [13/Oct/2020:10:02:20 +0800] "GET /xingrg/check_reg.html?_=1602554563582 HTTP/1.1" 200 22
117.131.5.26 - - [13/Oct/2020:10:02:20 +0800] "GET /xingrg/all/function/internal_message.html?_=1602554563581&CODE_STATE=count HTTP/1.1" 200 11
117.131.5.26 - - [13/Oct/2020:10:02:20 +0800] "GET /xingrg/javascript/jquery_easy_ui/themes/default/images/panel_tool_expand.gif HTTP/1.1" 304 -
117.131.5.26 - - [13/Oct/2020:10:02:20 +0800] "GET /xingrg/javascript/jquery_easy_ui/themes/default/images/panel_tool_collapse.gif HTTP/1.1" 304 -
117.131.5.26 - - [13/Oct/2020:10:02:20 +0800] "GET /xingrg/javascript/jquery_easy_ui/themes/default/images/tabs_rightarrow.png HTTP/1.1" 304 -
117.131.5.26 - - [13/Oct/2020:10:02:20 +0800] "GET /xingrg/images/blue/pingpu.png HTTP/1.1" 304 -
117.131.5.26 - - [13/Oct/2020:10:02:20 +0800] "GET /xingrg/javascript/jquery_easy_ui/themes/default/images/tabs_leftarrow.png HTTP/1.1" 304 -
117.131.5.26 - - [13/Oct/2020:10:02:20 +0800] "POST /xingrg/load_menu.html HTTP/1.1" 200 9959
117.131.5.26 - - [13/Oct/2020:10:02:20 +0800] "GET /xingrg/javascript/jquery_easy_ui/themes/default/images/tree_arrows.gif HTTP/1.1" 304 -
117.131.5.26 - - [13/Oct/2020:10:02:20 +0800] "GET /xingrg/javascript/jquery_easy_ui/themes/default/images/tree_file.gif HTTP/1.1" 304 -
117.131.5.26 - - [13/Oct/2020:10:02:20 +0800] "GET /xingrg/javascript/jquery_easy_ui/themes/icons/systemset_new.png HTTP/1.1" 304 -
117.131.5.26 - - [13/Oct/2020:10:02:20 +0800] "GET /xingrg/javascript/jquery_easy_ui/themes/icons/setting_new.png HTTP/1.1" 304 -
117.131.5.26 - - [13/Oct/2020:10:02:20 +0800] "GET /xingrg/javascript/jquery_easy_ui/themes/icons/forms_new.png HTTP/1.1" 304 -
117.131.5.26 - - [13/Oct/2020:10:02:20 +0800] "GET /xingrg/javascript/jquery_easy_ui/themes/icons/checkout_new.png HTTP/1.1" 304 -
117.131.5.26 - - [13/Oct/2020:10:02:20 +0800] "GET /xingrg/javascript/jquery_easy_ui/themes/icons/storage_new.png HTTP/1.1" 304 -
117.131.5.26 - - [13/Oct/2020:10:02:20 +0800] "GET /xingrg/javascript/jquery_easy_ui/themes/default/images/tree_folder.gif HTTP/1.1" 304 -
117.131.5.26 - - [13/Oct/2020:10:02:20 +0800] "GET /xingrg/javascript/jquery_easy_ui/themes/icons/search_new.png HTTP/1.1" 304 -
117.131.5.26 - - [13/Oct/2020:10:02:20 +0800] "GET /xingrg/javascript/jquery_easy_ui/themes/default/images/tree_folder_open.gif HTTP/1.1" 304 -
114.88.166.242 - - [13/Oct/2020:10:02:22 +0800] "GET /xingrg/kc/base/wldb_order_add.html HTTP/1.1" 200 30489
114.88.166.242 - - [13/Oct/2020:10:02:23 +0800] "GET /xingrg/javascript/easyui/themes/default/validatebox.css HTTP/1.1" 404 1104
114.88.166.242 - - [13/Oct/2020:10:02:23 +0800] "POST /xingrg/kc/base/wldb_order_operate.html HTTP/1.1" 200 6806
117.131.5.26 - - [13/Oct/2020:10:02:23 +0800] "GET /xingrg/kc/base/wldb_order_list.html HTTP/1.1" 200 19638
117.131.5.26 - - [13/Oct/2020:10:02:23 +0800] "POST /xingrg/kc/base/wldb_list_operate.html HTTP/1.1" 200 928
114.88.166.242 - - [13/Oct/2020:10:02:24 +0800] "GET /xingrg/check_reg.html?_=1602554542449 HTTP/1.1" 200 22
117.131.5.26 - - [13/Oct/2020:10:02:27 +0800] "POST /xingrg/kc/base/wldb_list_operate.html HTTP/1.1" 200 6185
114.88.166.242 - - [13/Oct/2020:10:02:28 +0800] "GET /xingrg/all/function/internal_message.html?_=1602554632532&CODE_STATE=getMsg HTTP/1.1" 200 27
117.131.5.26 - - [13/Oct/2020:10:02:31 +0800] "POST /xingrg/kc/base/wldb_list_operate.html HTTP/1.1" 200 277
114.88.166.242 - - [13/Oct/2020:10:02:32 +0800] "GET /xingrg/kc/base/wldb_order_operate.html?command=get_materiel&rest_code=00111&base_code=0010306&code=00102002022 HTTP/1.1" 200 458
172.17.200.101 - - [13/Oct/2020:10:02:32 +0800] "GET /xingrg/all/function/internal_message.html?_=1602554552904&CODE_STATE=getMsg HTTP/1.1" 200 27
117.131.5.26 - - [13/Oct/2020:10:02:33 +0800] "GET /xingrg/kc/base/wldb_order_info.html?code=422020101201535 HTTP/1.1" 200 26630
117.131.5.26 - - [13/Oct/2020:10:02:33 +0800] "GET /xingrg/javascript/easyui/themes/default/validatebox.css HTTP/1.1" 404 1104
117.131.5.26 - - [13/Oct/2020:10:02:33 +0800] "POST /xingrg/kc/base/wldb_order_operate.html HTTP/1.1" 200 950
218.81.217.115 - - [13/Oct/2020:10:02:34 +0800] "GET /xingrg/all/function/internal_message.html?_=1602554557837&CODE_STATE=getMsg HTTP/1.1" 200 27
180.174.56.115 - - [13/Oct/2020:10:02:34 +0800] "GET /xingrg/all/function/internal_message.html?_=1602554553811&CODE_STATE=getMsg HTTP/1.1" 200 27
114.88.166.242 - - [13/Oct/2020:10:02:35 +0800] "GET /xingrg/kc/base/wldb_order_operate.html?command=get_materiel&rest_code=00111&base_code=0010306&code=00102002204 HTTP/1.1" 200 434
117.131.5.26 - - [13/Oct/2020:10:02:38 +0800] "POST /xingrg/kc/base/wldb_order_operate.html HTTP/1.1" 200 12
114.88.166.242 - - [13/Oct/2020:10:02:38 +0800] "POST /xingrg/kc/base/wldb_order_operate.html HTTP/1.1" 200 37
114.88.166.242 - - [13/Oct/2020:10:02:39 +0800] "POST /xingrg/kc/base/wldb_order_operate.html HTTP/1.1" 200 2703
114.88.166.242 - - [13/Oct/2020:10:02:39 +0800] "GET /xingrg/kc/base/wldb_order_info.html?code=422020101301546 HTTP/1.1" 200 30503
117.131.5.26 - - [13/Oct/2020:10:02:39 +0800] "GET /xingrg/kc/base/wldb_order_info.html?code=422020101201535 HTTP/1.1" 200 30509
117.131.5.26 - - [13/Oct/2020:10:02:39 +0800] "GET /xingrg/all/common/auto_word.html?type=base&rest_code=00104 HTTP/1.1" 200 1753
117.131.5.26 - - [13/Oct/2020:10:02:39 +0800] "GET /xingrg/all/common/auto_word.html?type=base&rest_code=00104 HTTP/1.1" 200 1753
117.131.5.26 - - [13/Oct/2020:10:02:39 +0800] "GET /xingrg/javascript/easyui/themes/default/validatebox.css HTTP/1.1" 404 1104
222.69.139.234 - - [13/Oct/2020:10:02:39 +0800] "GET /xingrg/all/function/internal_message.html?_=1602554559866&CODE_STATE=getMsg HTTP/1.1" 200 27
114.88.166.242 - - [13/Oct/2020:10:02:39 +0800] "GET /xingrg/javascript/easyui/themes/default/validatebox.css HTTP/1.1" 404 1104
117.131.5.26 - - [13/Oct/2020:10:02:40 +0800] "POST /xingrg/kc/base/wldb_order_operate.html HTTP/1.1" 200 2666
114.88.166.242 - - [13/Oct/2020:10:02:40 +0800] "POST /xingrg/kc/base/wldb_order_operate.html HTTP/1.1" 200 2703
222.69.137.251 - - [13/Oct/2020:10:02:41 +0800] "GET /xingrg/kc/buy/cgsh_order_operate.html?command=get_materiel&rest_code=00149&code=00102001014&supplier_code=00100073&order_time=2020-10-13 HTTP/1.1" 200 460
117.131.5.26 - - [13/Oct/2020:10:02:41 +0800] "POST /xingrg/all/common/load_combo.html?type=base HTTP/1.1" 200 3142
172.17.0.100 - - [13/Oct/2020:10:02:41 +0800] "GET /xingrg/all/function/internal_message.html?_=1602554558935&CODE_STATE=getMsg HTTP/1.1" 200 27
58.221.95.50 - - [13/Oct/2020:10:02:41 +0800] "GET /xingrg/all/function/internal_message.html?_=1602554730597&CODE_STATE=getMsg HTTP/1.1" 302 -
222.69.160.252 - - [13/Oct/2020:10:02:41 +0800] "GET /xingrg/all/function/internal_message.html?_=1602554348487&CODE_STATE=getMsg HTTP/1.1" 200 27
124.77.70.31 - - [13/Oct/2020:10:02:44 +0800] "GET /xingrg/all/function/internal_message.html?_=1602554565153&CODE_STATE=getMsg HTTP/1.1" 200 27
114.88.166.242 - - [13/Oct/2020:10:02:45 +0800] "GET /xingrg/kc/base/wldb_order_add.html HTTP/1.1" 200 30489
180.174.56.115 - - [13/Oct/2020:10:02:45 +0800] "GET /xingrg/check_reg.html?_=1602554535140 HTTP/1.1" 200 22
114.88.166.242 - - [13/Oct/2020:10:02:45 +0800] "POST /xingrg/kc/base/wldb_order_operate.html HTTP/1.1" 200 6806
114.88.166.242 - - [13/Oct/2020:10:02:45 +0800] "GET /xingrg/javascript/easyui/themes/default/validatebox.css HTTP/1.1" 404 1104
180.174.56.115 - - [13/Oct/2020:10:02:45 +0800] "GET /xingrg/all/function/internal_message.html?_=1602554535316&CODE_STATE=getMsg HTTP/1.1" 200 27
116.233.76.29 - - [13/Oct/2020:10:02:45 +0800] "GET /xingrg/all/function/internal_message.html?_=1602554581136&CODE_STATE=getMsg HTTP/1.1" 200 27
117.131.5.26 - - [13/Oct/2020:10:02:50 +0800] "GET /xingrg/login.html HTTP/1.1" 200 7641
117.131.5.26 - - [13/Oct/2020:10:02:51 +0800] "GET /favicon.ico HTTP/1.1" 404 -
172.17.0.120 - - [13/Oct/2020:10:02:52 +0800] "GET /xingrg/check_reg.html?_=1602554571248 HTTP/1.1" 200 22
172.17.0.120 - - [13/Oct/2020:10:02:52 +0800] "GET /xingrg/all/function/internal_message.html?_=1602554571251&CODE_STATE=getMsg HTTP/1.1" 200 27
172.17.0.240 - - [13/Oct/2020:10:02:52 +0800] "GET /xingrg/all/function/internal_message.html?_=1602554571862&CODE_STATE=getMsg HTTP/1.1" 200 27
222.69.137.251 - - [13/Oct/2020:10:02:55 +0800] "GET /xingrg/kc/buy/cgsh_order_operate.html?command=get_materiel&rest_code=00149&code=00102001118&supplier_code=00100073&order_time=2020-10-13 HTTP/1.1" 200 431
180.162.245.190 - - [13/Oct/2020:10:02:55 +0800] "GET /xingrg/all/function/internal_message.html?_=1602554574785&CODE_STATE=getMsg HTTP/1.1" 200 27
114.88.166.242 - - [13/Oct/2020:10:02:56 +0800] "GET /xingrg/all/function/internal_message.html?_=1602554575059&CODE_STATE=getMsg HTTP/1.1" 200 27
117.131.5.26 - - [13/Oct/2020:10:02:56 +0800] "POST /xingrg/login.do HTTP/1.1" 302 -
117.131.5.26 - - [13/Oct/2020:10:02:57 +0800] "GET /xingrg/index.html?sysBaseUrl=http%3A%2F%2F180.169.147.146%3A18081%2Fxingrg%2F&costTime=39×tamp=1602554576966 HTTP/1.1" 200 17179
117.131.5.26 - - [13/Oct/2020:10:02:57 +0800] "POST /xingrg/all/common/load_tree.html?tree=area_rest_tree_json&manage=1 HTTP/1.1" 200 351
117.131.5.26 - - [13/Oct/2020:10:02:57 +0800] "GET /xingrg/all/function/internal_message.html?_=1602554600110&CODE_STATE=count HTTP/1.1" 200 11
117.131.5.26 - - [13/Oct/2020:10:02:57 +0800] "GET /xingrg/check_reg.html?_=1602554600111 HTTP/1.1" 200 22
117.131.5.26 - - [13/Oct/2020:10:02:57 +0800] "GET /favicon.ico HTTP/1.1" 404 -
117.131.5.26 - - [13/Oct/2020:10:02:57 +0800] "POST /xingrg/load_menu.html HTTP/1.1" 200 5138
114.88.166.242 - - [13/Oct/2020:10:02:57 +0800] "GET /xingrg/kc/base/wldb_order_operate.html?command=get_materiel&rest_code=00111&base_code=0010283&code=00101016001 HTTP/1.1" 200 457
222.69.137.251 - - [13/Oct/2020:10:02:58 +0800] "GET /xingrg/all/function/internal_message.html?_=1602554578063&CODE_STATE=getMsg HTTP/1.1" 200 27
124.77.70.31 - - [13/Oct/2020:10:02:59 +0800] "GET /xingrg/all/function/internal_message.html?_=1602554574809&CODE_STATE=getMsg HTTP/1.1" 200 27
114.88.166.242 - - [13/Oct/2020:10:03:01 +0800] "GET /xingrg/kc/base/wldb_order_operate.html?command=get_materiel&rest_code=00111&base_code=0010283&code=00101019371 HTTP/1.1" 200 477
222.69.137.251 - - [13/Oct/2020:10:03:08 +0800] "GET /xingrg/kc/buy/cgsh_order_operate.html?command=get_materiel&rest_code=00149&code=00102001074&supplier_code=00100073&order_time=2020-10-13 HTTP/1.1" 200 432
117.131.5.26 - - [13/Oct/2020:10:03:09 +0800] "GET /xingrg/kc/base/wldb_order_list.html HTTP/1.1" 200 19383
117.131.5.26 - - [13/Oct/2020:10:03:10 +0800] "POST /xingrg/kc/base/wldb_list_operate.html HTTP/1.1" 200 1780
172.17.0.123 - - [13/Oct/2020:10:03:10 +0800] "GET /xingrg/all/function/internal_message.html?_=1602554564215&CODE_STATE=getMsg HTTP/1.1" 200 27
114.88.166.242 - - [13/Oct/2020:10:03:10 +0800] "GET /xingrg/kc/base/wldb_order_operate.html?command=get_materiel&rest_code=00111&base_code=0010283&code=00101019216 HTTP/1.1" 200 463
58.221.95.50 - - [13/Oct/2020:10:03:11 +0800] "POST /xingrg/kc/buy/cgsh_list_operate.html HTTP/1.1" 302 -
117.131.5.26 - - [13/Oct/2020:10:03:12 +0800] "POST /xingrg/kc/base/wldb_list_operate.html HTTP/1.1" 200 277
117.131.5.26 - - [13/Oct/2020:10:03:12 +0800] "GET /xingrg/kc/base/wldb_order_info.html?code=422020101201535 HTTP/1.1" 200 30509
117.131.5.26 - - [13/Oct/2020:10:03:12 +0800] "GET /xingrg/all/common/auto_word.html?type=base&rest_code=00104 HTTP/1.1" 200 1753
117.131.5.26 - - [13/Oct/2020:10:03:12 +0800] "GET /xingrg/all/common/auto_word.html?type=base&rest_code=00104 HTTP/1.1" 200 1753
