180.174.56.115 - - [13/Oct/2020:09:31:10 +0800] "POST /xingrg/kc/buy/cgsh_order_operate.html HTTP/1.1" 200 8245
180.174.56.115 - - [13/Oct/2020:09:31:10 +0800] "GET /xingrg/javascript/easyui/themes/default/validatebox.css HTTP/1.1" 404 1104
114.88.166.242 - - [13/Oct/2020:09:31:11 +0800] "GET /xingrg/kc/buy/cgsh_order_list.html HTTP/1.1" 200 44199
114.88.166.242 - - [13/Oct/2020:09:31:12 +0800] "POST /xingrg/kc/buy/cgsh_list_operate.html HTTP/1.1" 200 2771
58.37.8.227 - - [13/Oct/2020:09:31:13 +0800] "GET /xingrg/all/function/internal_message.html?_=1602552676391&CODE_STATE=getMsg HTTP/1.1" 200 27
116.233.76.29 - - [13/Oct/2020:09:31:15 +0800] "GET /xingrg/kc/buy/cgsh_order_operate.html?command=get_materiel&rest_code=00109&code=00101008003&supplier_code=00100005&order_time=2020-10-13 HTTP/1.1" 200 408
116.233.76.29 - - [13/Oct/2020:09:31:21 +0800] "GET /xingrg/kc/buy/cgsh_order_operate.html?command=get_materiel&rest_code=00109&code=00101008264&supplier_code=00100005&order_time=2020-10-13 HTTP/1.1" 200 412
120.253.135.82 - - [13/Oct/2020:09:31:22 +0800] "GET /xingrg/all/function/internal_message.html?_=1602552430743&CODE_STATE=getMsg HTTP/1.1" 200 27
114.88.166.242 - - [13/Oct/2020:09:31:23 +0800] "POST /xingrg/kc/buy/cgsh_list_operate.html HTTP/1.1" 200 5413
180.174.56.115 - - [13/Oct/2020:09:31:24 +0800] "GET /xingrg/kc/buy/cgsh_order_operate.html?command=get_materiel&rest_code=00151&code=00101012039&supplier_code=00100007&order_time=2020-10-13 HTTP/1.1" 200 408
114.88.166.242 - - [13/Oct/2020:09:31:28 +0800] "GET /xingrg/all/function/internal_message.html?_=1602552772503&CODE_STATE=getMsg HTTP/1.1" 200 27
114.88.166.242 - - [13/Oct/2020:09:31:29 +0800] "POST /xingrg/kc/buy/cgsh_list_operate.html HTTP/1.1" 200 9209
172.17.0.123 - - [13/Oct/2020:09:31:29 +0800] "GET /xingrg/all/function/internal_message.html?_=1602552663655&CODE_STATE=getMsg HTTP/1.1" 200 27
222.69.137.251 - - [13/Oct/2020:09:31:30 +0800] "GET /xingrg/kc/buy/cgsh_order_add.html HTTP/1.1" 200 59990
222.69.137.251 - - [13/Oct/2020:09:31:30 +0800] "POST /xingrg/kc/buy/cgsh_order_operate.html HTTP/1.1" 200 8245
222.69.137.251 - - [13/Oct/2020:09:31:30 +0800] "GET /xingrg/javascript/easyui/themes/default/validatebox.css HTTP/1.1" 404 1104
180.174.56.115 - - [13/Oct/2020:09:31:32 +0800] "GET /xingrg/kc/buy/cgsh_order_operate.html?command=get_materiel&rest_code=00151&code=00101016038&supplier_code=00100007&order_time=2020-10-13 HTTP/1.1" 200 408
218.81.217.115 - - [13/Oct/2020:09:31:32 +0800] "GET /xingrg/all/function/internal_message.html?_=1602552696262&CODE_STATE=getMsg HTTP/1.1" 200 27
172.17.200.101 - - [13/Oct/2020:09:31:32 +0800] "GET /xingrg/all/function/internal_message.html?_=1602552692886&CODE_STATE=getMsg HTTP/1.1" 200 27
180.174.56.115 - - [13/Oct/2020:09:31:32 +0800] "GET /xingrg/all/function/internal_message.html?_=1602552692316&CODE_STATE=getMsg HTTP/1.1" 200 27
180.174.56.115 - - [13/Oct/2020:09:31:32 +0800] "GET /xingrg/check_reg.html?_=1602552692312 HTTP/1.1" 200 22
116.233.76.29 - - [13/Oct/2020:09:31:32 +0800] "GET /xingrg/check_reg.html?_=1602552765196 HTTP/1.1" 200 22
116.233.76.29 - - [13/Oct/2020:09:31:32 +0800] "GET /xingrg/all/function/internal_message.html?_=1602552765196&CODE_STATE=getMsg HTTP/1.1" 200 27
180.174.56.115 - - [13/Oct/2020:09:31:38 +0800] "GET /xingrg/kc/buy/cgsh_order_operate.html?command=get_materiel&rest_code=00151&code=00101008323&supplier_code=00100007&order_time=2020-10-13 HTTP/1.1" 200 408
180.174.56.115 - - [13/Oct/2020:09:31:38 +0800] "GET /xingrg/all/function/internal_message.html?_=1602552668514&CODE_STATE=getMsg HTTP/1.1" 200 27
114.88.166.242 - - [13/Oct/2020:09:31:39 +0800] "POST /xingrg/kc/buy/cgsh_list_operate.html HTTP/1.1" 200 649
172.17.0.100 - - [13/Oct/2020:09:31:41 +0800] "GET /xingrg/all/function/internal_message.html?_=1602552698793&CODE_STATE=getMsg HTTP/1.1" 200 27
222.69.160.252 - - [13/Oct/2020:09:31:41 +0800] "GET /xingrg/all/function/internal_message.html?_=1602552488431&CODE_STATE=getMsg HTTP/1.1" 200 27
222.69.137.251 - - [13/Oct/2020:09:31:42 +0800] "GET /xingrg/all/function/internal_message.html?_=1602552701269&CODE_STATE=getMsg HTTP/1.1" 200 27
222.69.137.251 - - [13/Oct/2020:09:31:43 +0800] "GET /xingrg/kc/buy/cgsh_order_operate.html?command=get_materiel&rest_code=00149&code=00101003013&supplier_code=00100093&order_time=2020-10-13 HTTP/1.1" 200 446
180.174.56.115 - - [13/Oct/2020:09:31:44 +0800] "GET /xingrg/kc/buy/cgsh_order_operate.html?command=get_materiel&rest_code=00151&code=00101008344&supplier_code=00100007&order_time=2020-10-13 HTTP/1.1" 200 412
124.77.70.31 - - [13/Oct/2020:09:31:44 +0800] "GET /xingrg/all/function/internal_message.html?_=1602552705161&CODE_STATE=getMsg HTTP/1.1" 200 27
114.88.166.242 - - [13/Oct/2020:09:31:49 +0800] "POST /xingrg/kc/buy/cgsh_list_operate.html HTTP/1.1" 200 625
114.88.166.242 - - [13/Oct/2020:09:31:50 +0800] "POST /xingrg/kc/buy/cgsh_list_operate.html HTTP/1.1" 200 461
172.17.0.240 - - [13/Oct/2020:09:31:52 +0800] "GET /xingrg/all/function/internal_message.html?_=1602552711847&CODE_STATE=getMsg HTTP/1.1" 200 27
180.174.56.115 - - [13/Oct/2020:09:31:53 +0800] "GET /xingrg/kc/buy/cgsh_order_operate.html?command=get_materiel&rest_code=00151&code=00101008067&supplier_code=00100007&order_time=2020-10-13 HTTP/1.1" 200 416
180.162.245.190 - - [13/Oct/2020:09:31:55 +0800] "GET /xingrg/all/function/internal_message.html?_=1602552714812&CODE_STATE=getMsg HTTP/1.1" 200 27
114.88.166.242 - - [13/Oct/2020:09:31:56 +0800] "GET /xingrg/all/function/internal_message.html?_=1602552714300&CODE_STATE=getMsg HTTP/1.1" 200 27
114.88.166.242 - - [13/Oct/2020:09:31:56 +0800] "POST /xingrg/kc/buy/cgsh_list_operate.html HTTP/1.1" 200 213
124.77.70.31 - - [13/Oct/2020:09:32:00 +0800] "GET /xingrg/all/function/internal_message.html?_=1602552715332&CODE_STATE=getMsg HTTP/1.1" 200 27
180.174.56.115 - - [13/Oct/2020:09:32:00 +0800] "GET /xingrg/kc/buy/cgsh_order_operate.html?command=get_materiel&rest_code=00151&code=00101008083&supplier_code=00100007&order_time=2020-10-13 HTTP/1.1" 200 427
180.174.56.115 - - [13/Oct/2020:09:32:01 +0800] "POST /xingrg/all/common/load_select.html HTTP/1.1" 200 25
114.88.166.242 - - [13/Oct/2020:09:32:02 +0800] "POST /xingrg/kc/buy/cgsh_list_operate.html HTTP/1.1" 200 398
114.88.166.242 - - [13/Oct/2020:09:32:03 +0800] "POST /xingrg/kc/buy/cgsh_list_operate.html HTTP/1.1" 200 639
180.174.56.115 - - [13/Oct/2020:09:32:04 +0800] "GET /xingrg/kc/buy/cgsh_order_operate.html?command=get_materiel_price&rest_code=00151&code=00101008083&unit_code=00100026&supplier_code=00100007&order_time=2020-10-13 HTTP/1.1" 200 27
114.88.166.242 - - [13/Oct/2020:09:32:04 +0800] "POST /xingrg/kc/buy/cgsh_list_operate.html HTTP/1.1" 200 213
58.37.8.227 - - [13/Oct/2020:09:32:07 +0800] "POST /xingrg/kc/buy/cgsh_order_operate.html HTTP/1.1" 200 37
222.69.137.251 - - [13/Oct/2020:09:32:07 +0800] "GET /xingrg/kc/buy/cgsh_order_operate.html?command=get_materiel&rest_code=00149&code=00101003031&supplier_code=00100093&order_time=2020-10-13 HTTP/1.1" 200 446
114.88.166.242 - - [13/Oct/2020:09:32:09 +0800] "POST /xingrg/kc/buy/cgsh_list_operate.html HTTP/1.1" 200 461
114.88.166.242 - - [13/Oct/2020:09:32:11 +0800] "POST /xingrg/kc/buy/cgsh_list_operate.html HTTP/1.1" 200 213
58.37.8.227 - - [13/Oct/2020:09:32:13 +0800] "GET /xingrg/check_reg.html?_=1602552736412 HTTP/1.1" 200 22
58.37.8.227 - - [13/Oct/2020:09:32:13 +0800] "GET /xingrg/all/function/internal_message.html?_=1602552736412&CODE_STATE=getMsg HTTP/1.1" 200 27
180.174.56.115 - - [13/Oct/2020:09:32:14 +0800] "GET /xingrg/kc/buy/cgsh_order_operate.html?command=get_materiel&rest_code=00151&code=00101008318&supplier_code=00100007&order_time=2020-10-13 HTTP/1.1" 200 427
58.37.8.227 - - [13/Oct/2020:09:32:14 +0800] "POST /xingrg/kc/buy/cgsh_order_operate.html HTTP/1.1" 200 12
58.37.8.227 - - [13/Oct/2020:09:32:15 +0800] "GET /xingrg/kc/buy/cgsh_order_info.html?code=212020101305292 HTTP/1.1" 200 54848
58.37.8.227 - - [13/Oct/2020:09:32:15 +0800] "GET /xingrg/javascript/easyui/themes/default/validatebox.css HTTP/1.1" 404 1104
58.37.8.227 - - [13/Oct/2020:09:32:15 +0800] "POST /xingrg/kc/buy/cgsh_order_operate.html HTTP/1.1" 200 5328
114.88.166.242 - - [13/Oct/2020:09:32:16 +0800] "POST /xingrg/kc/buy/cgsh_list_operate.html HTTP/1.1" 200 213
58.37.8.227 - - [13/Oct/2020:09:32:16 +0800] "GET /xingrg/kc/print/load_data.html?order_code=212020101305292&kc_code=cgsh&condition= HTTP/1.1" 200 2576
114.88.166.242 - - [13/Oct/2020:09:32:19 +0800] "POST /xingrg/kc/buy/cgsh_list_operate.html HTTP/1.1" 200 466
114.88.166.242 - - [13/Oct/2020:09:32:21 +0800] "POST /xingrg/kc/buy/cgsh_list_operate.html HTTP/1.1" 200 623
180.174.56.115 - - [13/Oct/2020:09:32:21 +0800] "GET /xingrg/kc/buy/cgsh_order_operate.html?command=get_materiel&rest_code=00151&code=00101016051&supplier_code=00100007&order_time=2020-10-13 HTTP/1.1" 200 408
120.253.135.82 - - [13/Oct/2020:09:32:22 +0800] "GET /xingrg/check_reg.html?_=1602552490700 HTTP/1.1" 200 22
120.253.135.82 - - [13/Oct/2020:09:32:22 +0800] "GET /xingrg/all/function/internal_message.html?_=1602552490758&CODE_STATE=getMsg HTTP/1.1" 200 27
222.69.137.251 - - [13/Oct/2020:09:32:23 +0800] "POST /xingrg/kc/buy/cgsh_order_operate.html HTTP/1.1" 200 37
114.88.166.242 - - [13/Oct/2020:09:32:23 +0800] "POST /xingrg/kc/buy/cgsh_list_operate.html HTTP/1.1" 200 213
114.88.166.242 - - [13/Oct/2020:09:32:24 +0800] "GET /xingrg/check_reg.html?_=1602552742410 HTTP/1.1" 200 22
58.37.8.227 - - [13/Oct/2020:09:32:24 +0800] "GET /xingrg/kc/buy/cgsh_order_add.html HTTP/1.1" 200 59943
58.37.8.227 - - [13/Oct/2020:09:32:24 +0800] "POST /xingrg/kc/buy/cgsh_order_operate.html HTTP/1.1" 200 8245
58.37.8.227 - - [13/Oct/2020:09:32:24 +0800] "GET /xingrg/javascript/easyui/themes/default/validatebox.css HTTP/1.1" 404 1104
114.88.166.242 - - [13/Oct/2020:09:32:27 +0800] "POST /xingrg/kc/buy/cgsh_list_operate.html HTTP/1.1" 200 642
114.88.166.242 - - [13/Oct/2020:09:32:28 +0800] "GET /xingrg/all/function/internal_message.html?_=1602552832502&CODE_STATE=getMsg HTTP/1.1" 200 27
114.88.166.242 - - [13/Oct/2020:09:32:28 +0800] "POST /xingrg/kc/buy/cgsh_list_operate.html HTTP/1.1" 200 213
222.69.137.251 - - [13/Oct/2020:09:32:29 +0800] "POST /xingrg/kc/buy/cgsh_order_operate.html HTTP/1.1" 200 12
180.174.56.115 - - [13/Oct/2020:09:32:29 +0800] "GET /xingrg/kc/buy/cgsh_order_operate.html?command=get_materiel&rest_code=00151&code=00101008354&supplier_code=00100007&order_time=2020-10-13 HTTP/1.1" 200 432
180.162.245.190 - - [13/Oct/2020:09:32:29 +0800] "GET /xingrg/kc/buy/cgsh_order_operate.html?command=get_materiel&rest_code=00105&code=00101008041&supplier_code=00100203&order_time=2020-10-13 HTTP/1.1" 200 427
172.17.0.123 - - [13/Oct/2020:09:32:29 +0800] "GET /xingrg/all/function/internal_message.html?_=1602552723657&CODE_STATE=getMsg HTTP/1.1" 200 27
172.17.0.123 - - [13/Oct/2020:09:32:29 +0800] "GET /xingrg/check_reg.html?_=1602552723658 HTTP/1.1" 200 22
222.69.137.251 - - [13/Oct/2020:09:32:30 +0800] "GET /xingrg/kc/buy/cgsh_order_info.html?code=212020101305293 HTTP/1.1" 200 54895
116.233.76.29 - - [13/Oct/2020:09:32:30 +0800] "GET /xingrg/all/function/internal_message.html?_=1602552825176&CODE_STATE=getMsg HTTP/1.1" 200 27
222.69.137.251 - - [13/Oct/2020:09:32:30 +0800] "GET /xingrg/javascript/easyui/themes/default/validatebox.css HTTP/1.1" 404 1104
222.69.137.251 - - [13/Oct/2020:09:32:31 +0800] "POST /xingrg/kc/buy/cgsh_order_operate.html HTTP/1.1" 200 1232
117.131.5.26 - - [13/Oct/2020:09:32:31 +0800] "GET /xingrg/login.html HTTP/1.1" 200 7641
116.233.76.29 - - [13/Oct/2020:09:32:31 +0800] "POST /xingrg/kc/buy/cgsh_order_operate.html HTTP/1.1" 200 2065
117.131.5.26 - - [13/Oct/2020:09:32:31 +0800] "GET /favicon.ico HTTP/1.1" 404 -
218.81.217.115 - - [13/Oct/2020:09:32:32 +0800] "GET /xingrg/all/function/internal_message.html?_=1602552756276&CODE_STATE=getMsg HTTP/1.1" 200 27
172.17.200.101 - - [13/Oct/2020:09:32:32 +0800] "GET /xingrg/all/function/internal_message.html?_=1602552752888&CODE_STATE=getMsg HTTP/1.1" 200 27
180.174.56.115 - - [13/Oct/2020:09:32:32 +0800] "GET /xingrg/all/function/internal_message.html?_=1602552752364&CODE_STATE=getMsg HTTP/1.1" 200 27
222.69.137.251 - - [13/Oct/2020:09:32:33 +0800] "GET /xingrg/kc/print/load_data.html?order_code=212020101305293&kc_code=cgsh&condition= HTTP/1.1" 200 1018
116.233.76.29 - - [13/Oct/2020:09:32:34 +0800] "GET /xingrg/kc/buy/cgsh_order_operate.html?command=get_materiel&rest_code=00109&code=00101008069&supplier_code=00100005&order_time=2020-10-13 HTTP/1.1" 200 431
58.37.8.227 - - [13/Oct/2020:09:32:36 +0800] "GET /xingrg/kc/buy/cgsh_order_operate.html?command=get_materiel&rest_code=00141&code=00101006161&supplier_code=00100040&order_time=2020-10-13 HTTP/1.1" 200 409
180.174.56.115 - - [13/Oct/2020:09:32:38 +0800] "GET /xingrg/kc/buy/cgsh_order_operate.html?command=get_materiel&rest_code=00151&code=00101008300&supplier_code=00100007&order_time=2020-10-13 HTTP/1.1" 200 412
180.174.56.115 - - [13/Oct/2020:09:32:38 +0800] "GET /xingrg/all/function/internal_message.html?_=1602552728527&CODE_STATE=getMsg HTTP/1.1" 200 27
116.233.76.29 - - [13/Oct/2020:09:32:39 +0800] "GET /xingrg/kc/buy/cgsh_order_operate.html?command=get_materiel&rest_code=00109&code=00101008006&supplier_code=00100005&order_time=2020-10-13 HTTP/1.1" 200 416
172.17.0.100 - - [13/Oct/2020:09:32:41 +0800] "GET /xingrg/all/function/internal_message.html?_=1602552758793&CODE_STATE=getMsg HTTP/1.1" 200 27
222.69.160.252 - - [13/Oct/2020:09:32:41 +0800] "GET /xingrg/all/function/internal_message.html?_=1602552548434&CODE_STATE=getMsg HTTP/1.1" 200 27
222.69.137.251 - - [13/Oct/2020:09:32:42 +0800] "GET /xingrg/all/function/internal_message.html?_=1602552761247&CODE_STATE=getMsg HTTP/1.1" 200 27
116.233.76.29 - - [13/Oct/2020:09:32:44 +0800] "GET /xingrg/kc/buy/cgsh_order_operate.html?command=get_materiel&rest_code=00109&code=00101008296&supplier_code=00100005&order_time=2020-10-13 HTTP/1.1" 200 435
180.174.56.115 - - [13/Oct/2020:09:32:44 +0800] "GET /xingrg/kc/buy/cgsh_order_operate.html?command=get_materiel&rest_code=00151&code=00101008077&supplier_code=00100007&order_time=2020-10-13 HTTP/1.1" 200 416
124.77.70.31 - - [13/Oct/2020:09:32:44 +0800] "GET /xingrg/all/function/internal_message.html?_=1602552765164&CODE_STATE=getMsg HTTP/1.1" 200 27
116.233.76.29 - - [13/Oct/2020:09:32:49 +0800] "GET /xingrg/kc/buy/cgsh_order_operate.html?command=get_materiel&rest_code=00109&code=00101008213&supplier_code=00100005&order_time=2020-10-13 HTTP/1.1" 200 432
180.174.56.115 - - [13/Oct/2020:09:32:49 +0800] "GET /xingrg/kc/buy/cgsh_order_operate.html?command=get_materiel&rest_code=00151&code=00101008095&supplier_code=00100007&order_time=2020-10-13 HTTP/1.1" 200 412
58.37.8.227 - - [13/Oct/2020:09:32:52 +0800] "GET /xingrg/kc/buy/cgsh_order_operate.html?command=get_materiel&rest_code=00141&code=00101001010&supplier_code=00100040&order_time=2020-10-13 HTTP/1.1" 200 408
172.17.0.240 - - [13/Oct/2020:09:32:52 +0800] "GET /xingrg/all/function/internal_message.html?_=1602552771849&CODE_STATE=getMsg HTTP/1.1" 200 27
180.162.245.190 - - [13/Oct/2020:09:32:55 +0800] "GET /xingrg/all/function/internal_message.html?_=1602552774785&CODE_STATE=getMsg HTTP/1.1" 200 27
180.174.56.115 - - [13/Oct/2020:09:32:56 +0800] "GET /xingrg/kc/buy/cgsh_order_operate.html?command=get_materiel&rest_code=00151&code=00101008221&supplier_code=00100007&order_time=2020-10-13 HTTP/1.1" 200 412
114.88.166.242 - - [13/Oct/2020:09:32:56 +0800] "GET /xingrg/all/function/internal_message.html?_=1602552774310&CODE_STATE=getMsg HTTP/1.1" 200 27
124.77.70.31 - - [13/Oct/2020:09:33:00 +0800] "GET /xingrg/all/function/internal_message.html?_=1602552775305&CODE_STATE=getMsg HTTP/1.1" 200 27
180.174.56.115 - - [13/Oct/2020:09:33:00 +0800] "GET /xingrg/kc/buy/cgsh_order_operate.html?command=get_materiel&rest_code=00151&code=00101008264&supplier_code=00100007&order_time=2020-10-13 HTTP/1.1" 200 412
58.37.8.227 - - [13/Oct/2020:09:33:02 +0800] "POST /xingrg/kc/buy/cgsh_order_operate.html HTTP/1.1" 200 37
116.233.76.29 - - [13/Oct/2020:09:33:02 +0800] "GET /xingrg/kc/buy/cgsh_order_operate.html?command=get_materiel&rest_code=00109&code=00101008210&supplier_code=00100005&order_time=2020-10-13 HTTP/1.1" 200 408
114.88.166.242 - - [13/Oct/2020:09:33:03 +0800] "POST /xingrg/kc/buy/cgsh_list_operate.html HTTP/1.1" 200 536
58.37.8.227 - - [13/Oct/2020:09:33:04 +0800] "POST /xingrg/kc/buy/cgsh_order_operate.html HTTP/1.1" 200 12
117.131.5.26 - - [13/Oct/2020:09:33:04 +0800] "POST /xingrg/login.do HTTP/1.1" 302 -
117.131.5.26 - - [13/Oct/2020:09:33:04 +0800] "GET /xingrg/index.html?sysBaseUrl=http%3A%2F%2F180.169.147.146%3A18081%2Fxingrg%2F&costTime=39×tamp=1602552784374 HTTP/1.1" 200 17179
114.88.166.242 - - [13/Oct/2020:09:33:04 +0800] "POST /xingrg/kc/buy/cgsh_list_operate.html HTTP/1.1" 200 547
117.131.5.26 - - [13/Oct/2020:09:33:04 +0800] "POST /xingrg/all/common/load_tree.html?tree=area_rest_tree_json&manage=1 HTTP/1.1" 200 351
117.131.5.26 - - [13/Oct/2020:09:33:04 +0800] "GET /favicon.ico HTTP/1.1" 404 -
117.131.5.26 - - [13/Oct/2020:09:33:04 +0800] "GET /xingrg/all/function/internal_message.html?_=1602552807640&CODE_STATE=count HTTP/1.1" 200 11
117.131.5.26 - - [13/Oct/2020:09:33:04 +0800] "GET /xingrg/check_reg.html?_=1602552807641 HTTP/1.1" 200 22
117.131.5.26 - - [13/Oct/2020:09:33:04 +0800] "POST /xingrg/load_menu.html HTTP/1.1" 200 5138
58.37.8.227 - - [13/Oct/2020:09:33:04 +0800] "GET /xingrg/kc/buy/cgsh_order_info.html?code=212020101305294 HTTP/1.1" 200 54846
58.37.8.227 - - [13/Oct/2020:09:33:05 +0800] "GET /xingrg/javascript/easyui/themes/default/validatebox.css HTTP/1.1" 404 1104
58.37.8.227 - - [13/Oct/2020:09:33:05 +0800] "POST /xingrg/kc/buy/cgsh_order_operate.html HTTP/1.1" 200 1190
114.88.166.242 - - [13/Oct/2020:09:33:06 +0800] "POST /xingrg/kc/buy/cgsh_list_operate.html HTTP/1.1" 200 213
116.233.76.29 - - [13/Oct/2020:09:33:06 +0800] "GET /xingrg/kc/buy/cgsh_order_operate.html?command=get_materiel&rest_code=00109&code=00101008219&supplier_code=00100005&order_time=2020-10-13 HTTP/1.1" 200 412
58.37.8.227 - - [13/Oct/2020:09:33:06 +0800] "GET /xingrg/kc/print/load_data.html?order_code=212020101305294&kc_code=cgsh&condition= HTTP/1.1" 200 1001
180.174.56.115 - - [13/Oct/2020:09:33:06 +0800] "GET /xingrg/kc/buy/cgsh_order_operate.html?command=get_materiel&rest_code=00151&code=00101008343&supplier_code=00100007&order_time=2020-10-13 HTTP/1.1" 200 412
116.233.76.29 - - [13/Oct/2020:09:33:08 +0800] "POST /xingrg/kc/buy/cgsh_order_operate.html HTTP/1.1" 200 2065
114.88.166.242 - - [13/Oct/2020:09:33:09 +0800] "POST /xingrg/kc/buy/cgsh_list_operate.html HTTP/1.1" 200 382
116.233.76.29 - - [13/Oct/2020:09:33:11 +0800] "GET /xingrg/kc/buy/cgsh_order_operate.html?command=get_materiel&rest_code=00109&code=00101015012&supplier_code=00100005&order_time=2020-10-13 HTTP/1.1" 200 413
58.37.8.227 - - [13/Oct/2020:09:33:13 +0800] "GET /xingrg/all/function/internal_message.html?_=1602552796398&CODE_STATE=getMsg HTTP/1.1" 200 27
58.37.8.227 - - [13/Oct/2020:09:33:13 +0800] "GET /xingrg/kc/buy/cgsh_order_add.html HTTP/1.1" 200 59943
58.37.8.227 - - [13/Oct/2020:09:33:14 +0800] "POST /xingrg/kc/buy/cgsh_order_operate.html HTTP/1.1" 200 8245
58.37.8.227 - - [13/Oct/2020:09:33:14 +0800] "GET /xingrg/javascript/easyui/themes/default/validatebox.css HTTP/1.1" 404 1104
180.174.56.115 - - [13/Oct/2020:09:33:14 +0800] "GET /xingrg/kc/buy/cgsh_order_operate.html?command=get_materiel&rest_code=00151&code=00101008261&supplier_code=00100007&order_time=2020-10-13 HTTP/1.1" 200 427
114.88.166.242 - - [13/Oct/2020:09:33:15 +0800] "POST /xingrg/kc/buy/cgsh_list_operate.html HTTP/1.1" 200 213
116.233.76.29 - - [13/Oct/2020:09:33:21 +0800] "GET /xingrg/kc/buy/cgsh_order_operate.html?command=get_materiel&rest_code=00109&code=00101015068&supplier_code=00100005&order_time=2020-10-13 HTTP/1.1" 200 412
120.253.135.82 - - [13/Oct/2020:09:33:22 +0800] "GET /xingrg/all/function/internal_message.html?_=1602552550772&CODE_STATE=getMsg HTTP/1.1" 200 27
114.88.166.242 - - [13/Oct/2020:09:33:22 +0800] "POST /xingrg/kc/buy/cgsh_list_operate.html HTTP/1.1" 200 1902
114.88.166.242 - - [13/Oct/2020:09:33:23 +0800] "POST /xingrg/kc/buy/cgsh_list_operate.html HTTP/1.1" 200 606
180.174.56.115 - - [13/Oct/2020:09:33:24 +0800] "GET /xingrg/kc/buy/cgsh_order_operate.html?command=get_materiel&rest_code=00151&code=00101008361&supplier_code=00100007&order_time=2020-10-13 HTTP/1.1" 200 408
116.233.76.29 - - [13/Oct/2020:09:33:26 +0800] "GET /xingrg/kc/buy/cgsh_order_operate.html?command=get_materiel&rest_code=00109&code=00101008298&supplier_code=00100005&order_time=2020-10-13 HTTP/1.1" 200 431
116.233.76.29 - - [13/Oct/2020:09:33:26 +0800] "GET /xingrg/all/function/internal_message.html?_=1602552885184&CODE_STATE=getMsg HTTP/1.1" 200 27
58.37.8.227 - - [13/Oct/2020:09:33:27 +0800] "GET /xingrg/kc/buy/cgsh_order_operate.html?command=get_materiel&rest_code=00141&code=00101006110&supplier_code=00100012&order_time=2020-10-13 HTTP/1.1" 200 427
114.88.166.242 - - [13/Oct/2020:09:33:28 +0800] "GET /xingrg/all/function/internal_message.html?_=1602552892528&CODE_STATE=getMsg HTTP/1.1" 200 27
114.88.166.242 - - [13/Oct/2020:09:33:28 +0800] "GET /xingrg/check_reg.html?_=1602552892530 HTTP/1.1" 200 22
172.17.0.123 - - [13/Oct/2020:09:33:29 +0800] "GET /xingrg/all/function/internal_message.html?_=1602552783659&CODE_STATE=getMsg HTTP/1.1" 200 27
180.174.56.115 - - [13/Oct/2020:09:33:29 +0800] "GET /xingrg/kc/buy/cgsh_order_operate.html?command=get_materiel&rest_code=00151&code=00101008312&supplier_code=00100007&order_time=2020-10-13 HTTP/1.1" 200 432
58.37.8.227 - - [13/Oct/2020:09:33:31 +0800] "GET /xingrg/kc/buy/cgsh_order_operate.html?command=get_materiel&rest_code=00141&code=00101006111&supplier_code=00100012&order_time=2020-10-13 HTTP/1.1" 200 409
218.81.217.115 - - [13/Oct/2020:09:33:31 +0800] "GET /xingrg/check_reg.html?_=1602552815434 HTTP/1.1" 200 22
116.233.76.29 - - [13/Oct/2020:09:33:31 +0800] "GET /xingrg/kc/buy/cgsh_order_operate.html?command=get_materiel&rest_code=00109&code=00101008225&supplier_code=00100005&order_time=2020-10-13 HTTP/1.1" 200 416
218.81.217.115 - - [13/Oct/2020:09:33:32 +0800] "GET /xingrg/all/function/internal_message.html?_=1602552816382&CODE_STATE=getMsg HTTP/1.1" 200 27
172.17.200.101 - - [13/Oct/2020:09:33:32 +0800] "GET /xingrg/all/function/internal_message.html?_=1602552812883&CODE_STATE=getMsg HTTP/1.1" 200 27
222.69.137.251 - - [13/Oct/2020:09:33:32 +0800] "GET /xingrg/kc/buy/cgsh_order_add.html HTTP/1.1" 200 59990
180.174.56.115 - - [13/Oct/2020:09:33:32 +0800] "GET /xingrg/all/function/internal_message.html?_=1602552812400&CODE_STATE=getMsg HTTP/1.1" 200 27
222.69.137.251 - - [13/Oct/2020:09:33:33 +0800] "POST /xingrg/kc/buy/cgsh_order_operate.html HTTP/1.1" 200 8245
222.69.137.251 - - [13/Oct/2020:09:33:33 +0800] "GET /xingrg/javascript/easyui/themes/default/validatebox.css HTTP/1.1" 404 1104
180.174.56.115 - - [13/Oct/2020:09:33:35 +0800] "GET /xingrg/kc/buy/cgsh_order_operate.html?command=get_materiel&rest_code=00151&code=00101008033&supplier_code=00100007&order_time=2020-10-13 HTTP/1.1" 200 408
116.233.76.29 - - [13/Oct/2020:09:33:37 +0800] "GET /xingrg/kc/buy/cgsh_order_operate.html?command=get_materiel&rest_code=00109&code=00101008283&supplier_code=00100005&order_time=2020-10-13 HTTP/1.1" 200 408
180.174.56.115 - - [13/Oct/2020:09:33:38 +0800] "GET /xingrg/all/function/internal_message.html?_=1602552788541&CODE_STATE=getMsg HTTP/1.1" 200 27
116.233.76.29 - - [13/Oct/2020:09:33:39 +0800] "POST /xingrg/kc/buy/cgsh_order_operate.html HTTP/1.1" 200 2065
172.17.0.100 - - [13/Oct/2020:09:33:41 +0800] "GET /xingrg/check_reg.html?_=1602552818806 HTTP/1.1" 200 22
172.17.0.100 - - [13/Oct/2020:09:33:41 +0800] "GET /xingrg/all/function/internal_message.html?_=1602552818809&CODE_STATE=getMsg HTTP/1.1" 200 27
222.69.160.252 - - [13/Oct/2020:09:33:41 +0800] "GET /xingrg/all/function/internal_message.html?_=1602552608436&CODE_STATE=getMsg HTTP/1.1" 200 27
116.233.76.29 - - [13/Oct/2020:09:33:41 +0800] "GET /xingrg/kc/buy/cgsh_order_operate.html?command=get_materiel&rest_code=00109&code=00101008306&supplier_code=00100005&order_time=2020-10-13 HTTP/1.1" 200 412
222.69.137.251 - - [13/Oct/2020:09:33:42 +0800] "GET /xingrg/all/function/internal_message.html?_=1602552821261&CODE_STATE=getMsg HTTP/1.1" 200 27
180.174.56.115 - - [13/Oct/2020:09:33:44 +0800] "GET /xingrg/kc/buy/cgsh_order_operate.html?command=get_materiel&rest_code=00151&code=00101008088&supplier_code=00100007&order_time=2020-10-13 HTTP/1.1" 200 408
124.77.70.31 - - [13/Oct/2020:09:33:44 +0800] "GET /xingrg/all/function/internal_message.html?_=1602552825157&CODE_STATE=getMsg HTTP/1.1" 200 27
116.233.76.29 - - [13/Oct/2020:09:33:46 +0800] "GET /xingrg/kc/buy/cgsh_order_operate.html?command=get_materiel&rest_code=00109&code=00101008010&supplier_code=00100005&order_time=2020-10-13 HTTP/1.1" 200 412
180.174.56.115 - - [13/Oct/2020:09:33:49 +0800] "POST /xingrg/kc/buy/cgsh_order_operate.html HTTP/1.1" 200 37
58.37.8.227 - - [13/Oct/2020:09:33:49 +0800] "GET /xingrg/kc/buy/cgsh_order_operate.html?command=get_materiel&rest_code=00141&code=00101006130&supplier_code=00100012&order_time=2020-10-13 HTTP/1.1" 200 427
222.69.137.251 - - [13/Oct/2020:09:33:50 +0800] "GET /xingrg/kc/buy/cgsh_order_operate.html?command=get_materiel&rest_code=00149&code=00101007061&supplier_code=00100205&order_time=2020-10-13 HTTP/1.1" 200 409
180.174.56.115 - - [13/Oct/2020:09:33:50 +0800] "POST /xingrg/kc/buy/cgsh_order_operate.html HTTP/1.1" 200 14062
116.233.76.29 - - [13/Oct/2020:09:33:52 +0800] "GET /xingrg/kc/buy/cgsh_order_operate.html?command=get_materiel&rest_code=00109&code=00101008350&supplier_code=00100005&order_time=2020-10-13 HTTP/1.1" 200 408
172.17.0.240 - - [13/Oct/2020:09:33:52 +0800] "GET /xingrg/all/function/internal_message.html?_=1602552831850&CODE_STATE=getMsg HTTP/1.1" 200 27
180.162.245.190 - - [13/Oct/2020:09:33:55 +0800] "GET /xingrg/all/function/internal_message.html?_=1602552834771&CODE_STATE=getMsg HTTP/1.1" 200 27
114.88.166.242 - - [13/Oct/2020:09:33:56 +0800] "GET /xingrg/all/function/internal_message.html?_=1602552834325&CODE_STATE=getMsg HTTP/1.1" 200 27
116.233.76.29 - - [13/Oct/2020:09:33:57 +0800] "GET /xingrg/kc/buy/cgsh_order_operate.html?command=get_materiel&rest_code=00109&code=00101008353&supplier_code=00100005&order_time=2020-10-13 HTTP/1.1" 200 408
124.77.70.31 - - [13/Oct/2020:09:33:59 +0800] "GET /xingrg/all/function/internal_message.html?_=1602552835291&CODE_STATE=getMsg HTTP/1.1" 200 27
116.233.76.29 - - [13/Oct/2020:09:34:01 +0800] "GET /xingrg/kc/buy/cgsh_order_operate.html?command=get_materiel&rest_code=00109&code=00101008168&supplier_code=00100005&order_time=2020-10-13 HTTP/1.1" 200 413
58.37.8.227 - - [13/Oct/2020:09:34:01 +0800] "GET /xingrg/kc/buy/cgsh_order_operate.html?command=get_materiel&rest_code=00141&code=00101006109&supplier_code=00100012&order_time=2020-10-13 HTTP/1.1" 200 409
116.233.76.29 - - [13/Oct/2020:09:34:03 +0800] "POST /xingrg/kc/buy/cgsh_order_operate.html HTTP/1.1" 200 2065
180.174.56.115 - - [13/Oct/2020:09:34:04 +0800] "GET /xingrg/kc/buy/cgsh_order_operate.html?command=get_materiel&rest_code=00151&code=00101016030&supplier_code=00100007&order_time=2020-10-13 HTTP/1.1" 200 412
117.131.5.26 - - [13/Oct/2020:09:34:04 +0800] "GET /xingrg/all/function/internal_message.html?_=1602552867661&CODE_STATE=getMsg HTTP/1.1" 200 27
116.233.76.29 - - [13/Oct/2020:09:34:05 +0800] "GET /xingrg/kc/buy/cgsh_order_operate.html?command=get_materiel&rest_code=00109&code=00101008114&supplier_code=00100005&order_time=2020-10-13 HTTP/1.1" 200 412
114.88.166.242 - - [13/Oct/2020:09:34:08 +0800] "POST /xingrg/kc/buy/cgsh_list_operate.html HTTP/1.1" 200 1902
222.69.137.251 - - [13/Oct/2020:09:34:09 +0800] "GET /xingrg/kc/buy/cgsh_order_operate.html?command=get_materiel&rest_code=00149&code=00101007059&supplier_code=00100205&order_time=2020-10-13 HTTP/1.1" 200 428
58.37.8.227 - - [13/Oct/2020:09:34:11 +0800] "GET /xingrg/kc/buy/cgsh_order_operate.html?command=get_materiel&rest_code=00141&code=00101006113&supplier_code=00100012&order_time=2020-10-13 HTTP/1.1" 200 413
116.233.76.29 - - [13/Oct/2020:09:34:11 +0800] "GET /xingrg/kc/buy/cgsh_order_operate.html?command=get_materiel&rest_code=00109&code=00101008061&supplier_code=00100005&order_time=2020-10-13 HTTP/1.1" 200 422
180.174.56.115 - - [13/Oct/2020:09:34:11 +0800] "GET /xingrg/kc/buy/cgsh_order_operate.html?command=get_materiel&rest_code=00151&code=00101015025&supplier_code=00100007&order_time=2020-10-13 HTTP/1.1" 200 419
58.37.8.227 - - [13/Oct/2020:09:34:13 +0800] "GET /xingrg/all/function/internal_message.html?_=1602552856406&CODE_STATE=getMsg HTTP/1.1" 200 27
116.233.76.29 - - [13/Oct/2020:09:34:16 +0800] "GET /xingrg/kc/buy/cgsh_order_operate.html?command=get_materiel&rest_code=00109&code=00101015038&supplier_code=00100005&order_time=2020-10-13 HTTP/1.1" 200 418
180.174.56.115 - - [13/Oct/2020:09:34:17 +0800] "GET /xingrg/kc/buy/cgsh_order_operate.html?command=get_materiel&rest_code=00151&code=00101008357&supplier_code=00100007&order_time=2020-10-13 HTTP/1.1" 200 428
180.162.245.190 - - [13/Oct/2020:09:34:20 +0800] "GET /xingrg/kc/buy/cgsh_order_operate.html?command=get_materiel&rest_code=00105&code=00101009087&supplier_code=00100203&order_time=2020-10-13 HTTP/1.1" 200 394
58.37.8.227 - - [13/Oct/2020:09:34:20 +0800] "GET /xingrg/kc/buy/cgsh_order_operate.html?command=get_materiel&rest_code=00141&code=00101018007&supplier_code=00100012&order_time=2020-10-13 HTTP/1.1" 200 428
116.233.76.29 - - [13/Oct/2020:09:34:21 +0800] "GET /xingrg/all/function/internal_message.html?_=1602552945175&CODE_STATE=getMsg HTTP/1.1" 200 27
120.253.135.82 - - [13/Oct/2020:09:34:22 +0800] "GET /xingrg/all/function/internal_message.html?_=1602552610785&CODE_STATE=getMsg HTTP/1.1" 200 27
61.129.8.179 - - [13/Oct/2020:09:34:22 +0800] "GET /xingrg/all/function/internal_message.html?_=1602552136361&CODE_STATE=getMsg HTTP/1.1" 302 -
222.69.137.251 - - [13/Oct/2020:09:34:22 +0800] "POST /xingrg/kc/buy/cgsh_order_operate.html HTTP/1.1" 200 37
116.233.76.29 - - [13/Oct/2020:09:34:24 +0800] "GET /xingrg/kc/buy/cgsh_order_operate.html?command=get_materiel&rest_code=00109&code=00101015066&supplier_code=00100005&order_time=2020-10-13 HTTP/1.1" 200 413
222.69.137.251 - - [13/Oct/2020:09:34:24 +0800] "POST /xingrg/kc/buy/cgsh_order_operate.html HTTP/1.1" 200 12
58.37.8.227 - - [13/Oct/2020:09:34:26 +0800] "GET /xingrg/kc/buy/cgsh_order_operate.html?command=get_materiel&rest_code=00141&code=00101006062&supplier_code=00100012&order_time=2020-10-13 HTTP/1.1" 200 409
114.88.166.242 - - [13/Oct/2020:09:34:28 +0800] "GET /xingrg/all/function/internal_message.html?_=1602552952505&CODE_STATE=getMsg HTTP/1.1" 200 27
61.129.8.179 - - [13/Oct/2020:09:34:29 +0800] "GET /xingrg/login.html HTTP/1.1" 200 7641
222.69.137.251 - - [13/Oct/2020:09:34:29 +0800] "GET /xingrg/kc/buy/cgsh_order_info.html?code=212020101305296 HTTP/1.1" 200 54891
172.17.0.123 - - [13/Oct/2020:09:34:29 +0800] "GET /xingrg/all/function/internal_message.html?_=1602552843663&CODE_STATE=getMsg HTTP/1.1" 200 27
222.69.137.251 - - [13/Oct/2020:09:34:29 +0800] "GET /xingrg/words/20201013090337_words.js HTTP/1.1" 304 -
222.69.137.251 - - [13/Oct/2020:09:34:29 +0800] "GET /xingrg/javascript/easyui/themes/default/validatebox.css HTTP/1.1" 404 1104
116.233.76.29 - - [13/Oct/2020:09:34:29 +0800] "GET /xingrg/kc/buy/cgsh_order_operate.html?command=get_materiel&rest_code=00109&code=00101015044&supplier_code=00100005&order_time=2020-10-13 HTTP/1.1" 200 408
222.69.137.251 - - [13/Oct/2020:09:34:30 +0800] "POST /xingrg/kc/buy/cgsh_order_operate.html HTTP/1.1" 200 1194
116.233.76.29 - - [13/Oct/2020:09:34:31 +0800] "POST /xingrg/kc/buy/cgsh_order_operate.html HTTP/1.1" 200 2065
222.69.137.251 - - [13/Oct/2020:09:34:32 +0800] "GET /xingrg/kc/print/load_data.html?order_code=212020101305296&kc_code=cgsh&condition= HTTP/1.1" 200 915
218.81.217.115 - - [13/Oct/2020:09:34:32 +0800] "GET /xingrg/all/function/internal_message.html?_=1602552876396&CODE_STATE=getMsg HTTP/1.1" 200 27
172.17.200.101 - - [13/Oct/2020:09:34:32 +0800] "GET /xingrg/all/function/internal_message.html?_=1602552872881&CODE_STATE=getMsg HTTP/1.1" 200 27
180.174.56.115 - - [13/Oct/2020:09:34:33 +0800] "GET /xingrg/all/function/internal_message.html?_=1602552872449&CODE_STATE=getMsg HTTP/1.1" 200 27
58.37.8.227 - - [13/Oct/2020:09:34:36 +0800] "POST /xingrg/kc/buy/cgsh_order_operate.html HTTP/1.1" 200 37
116.233.76.29 - - [13/Oct/2020:09:34:36 +0800] "GET /xingrg/kc/buy/cgsh_order_operate.html?command=get_materiel&rest_code=00109&code=00101015060&supplier_code=00100005&order_time=2020-10-13 HTTP/1.1" 200 412
114.88.166.242 - - [13/Oct/2020:09:34:37 +0800] "GET /xingrg/kc/buy/cgsh_order_list.html HTTP/1.1" 200 44199
58.37.8.227 - - [13/Oct/2020:09:34:37 +0800] "POST /xingrg/kc/buy/cgsh_order_operate.html HTTP/1.1" 200 12
114.88.166.242 - - [13/Oct/2020:09:34:38 +0800] "POST /xingrg/kc/buy/cgsh_list_operate.html HTTP/1.1" 200 2771
180.174.56.115 - - [13/Oct/2020:09:34:38 +0800] "GET /xingrg/kc/buy/cgsh_order_operate.html?command=get_materiel&rest_code=00151&code=00101008084&supplier_code=00100007&order_time=2020-10-13 HTTP/1.1" 200 412
180.174.56.115 - - [13/Oct/2020:09:34:38 +0800] "GET /xingrg/all/function/internal_message.html?_=1602552848555&CODE_STATE=getMsg HTTP/1.1" 200 27
58.37.8.227 - - [13/Oct/2020:09:34:39 +0800] "GET /xingrg/kc/buy/cgsh_order_info.html?code=212020101305297 HTTP/1.1" 200 54846
58.37.8.227 - - [13/Oct/2020:09:34:39 +0800] "GET /xingrg/javascript/easyui/themes/default/validatebox.css HTTP/1.1" 404 1104
58.37.8.227 - - [13/Oct/2020:09:34:40 +0800] "POST /xingrg/kc/buy/cgsh_order_operate.html HTTP/1.1" 200 3568
172.17.0.100 - - [13/Oct/2020:09:34:41 +0800] "GET /xingrg/all/function/internal_message.html?_=1602552878794&CODE_STATE=getMsg HTTP/1.1" 200 27
116.233.76.29 - - [13/Oct/2020:09:34:41 +0800] "GET /xingrg/kc/buy/cgsh_order_operate.html?command=get_materiel&rest_code=00109&code=00101013019&supplier_code=00100005&order_time=2020-10-13 HTTP/1.1" 200 412
222.69.137.251 - - [13/Oct/2020:09:34:41 +0800] "GET /xingrg/kc/buy/cgsh_order_add.html HTTP/1.1" 200 59990
222.69.160.252 - - [13/Oct/2020:09:34:41 +0800] "GET /xingrg/all/function/internal_message.html?_=1602552668435&CODE_STATE=getMsg HTTP/1.1" 200 27
222.69.137.251 - - [13/Oct/2020:09:34:41 +0800] "POST /xingrg/kc/buy/cgsh_order_operate.html HTTP/1.1" 200 8245
222.69.137.251 - - [13/Oct/2020:09:34:41 +0800] "GET /xingrg/javascript/easyui/themes/default/validatebox.css HTTP/1.1" 404 1104
222.69.137.251 - - [13/Oct/2020:09:34:42 +0800] "GET /xingrg/all/function/internal_message.html?_=1602552881252&CODE_STATE=getMsg HTTP/1.1" 200 27
58.37.8.227 - - [13/Oct/2020:09:34:43 +0800] "GET /xingrg/kc/print/load_data.html?order_code=212020101305297&kc_code=cgsh&condition= HTTP/1.1" 200 1928
124.77.70.31 - - [13/Oct/2020:09:34:44 +0800] "GET /xingrg/all/function/internal_message.html?_=1602552885159&CODE_STATE=getMsg HTTP/1.1" 200 27
124.77.70.31 - - [13/Oct/2020:09:34:44 +0800] "GET /xingrg/check_reg.html?_=1602552885161 HTTP/1.1" 200 22
180.174.56.115 - - [13/Oct/2020:09:34:49 +0800] "GET /xingrg/kc/buy/cgsh_order_operate.html?command=get_materiel&rest_code=00151&code=00101008286&supplier_code=00100007&order_time=2020-10-13 HTTP/1.1" 200 408
116.233.76.29 - - [13/Oct/2020:09:34:50 +0800] "GET /xingrg/kc/buy/cgsh_order_operate.html?command=get_materiel&rest_code=00109&code=00101008014&supplier_code=00100005&order_time=2020-10-13 HTTP/1.1" 200 423
114.88.166.242 - - [13/Oct/2020:09:34:51 +0800] "POST /xingrg/kc/buy/cgsh_list_operate.html HTTP/1.1" 200 9209
172.17.0.240 - - [13/Oct/2020:09:34:52 +0800] "GET /xingrg/check_reg.html?_=1602552891837 HTTP/1.1" 200 22
172.17.0.240 - - [13/Oct/2020:09:34:52 +0800] "GET /xingrg/all/function/internal_message.html?_=1602552891839&CODE_STATE=getMsg HTTP/1.1" 200 27
180.162.245.190 - - [13/Oct/2020:09:34:55 +0800] "GET /xingrg/all/function/internal_message.html?_=1602552894775&CODE_STATE=getMsg HTTP/1.1" 200 27
114.88.166.242 - - [13/Oct/2020:09:34:55 +0800] "POST /xingrg/kc/buy/cgsh_list_operate.html HTTP/1.1" 200 213
114.88.166.242 - - [13/Oct/2020:09:34:56 +0800] "GET /xingrg/all/function/internal_message.html?_=1602552894374&CODE_STATE=getMsg HTTP/1.1" 200 27
180.174.56.115 - - [13/Oct/2020:09:34:59 +0800] "POST /xingrg/kc/buy/cgsh_order_operate.html HTTP/1.1" 200 37
124.77.70.31 - - [13/Oct/2020:09:34:59 +0800] "GET /xingrg/all/function/internal_message.html?_=1602552895275&CODE_STATE=getMsg HTTP/1.1" 200 27
116.233.76.29 - - [13/Oct/2020:09:35:00 +0800] "GET /xingrg/kc/buy/cgsh_order_operate.html?command=get_materiel&rest_code=00109&code=00101008248&supplier_code=00100005&order_time=2020-10-13 HTTP/1.1" 200 23
180.174.56.115 - - [13/Oct/2020:09:35:00 +0800] "POST /xingrg/kc/buy/cgsh_order_operate.html HTTP/1.1" 200 17061
117.131.5.26 - - [13/Oct/2020:09:35:04 +0800] "GET /xingrg/all/function/internal_message.html?_=1602552927647&CODE_STATE=getMsg HTTP/1.1" 200 27
116.233.76.29 - - [13/Oct/2020:09:35:04 +0800] "GET /xingrg/kc/buy/cgsh_order_operate.html?command=get_materiel&rest_code=00109&code=00102013037&supplier_code=00100005&order_time=2020-10-13 HTTP/1.1" 200 395
180.174.56.115 - - [13/Oct/2020:09:35:06 +0800] "GET /xingrg/kc/buy/cgsh_order_operate.html?command=get_materiel&rest_code=00151&code=00101008362&supplier_code=00100007&order_time=2020-10-13 HTTP/1.1" 200 408
116.233.76.29 - - [13/Oct/2020:09:35:09 +0800] "GET /xingrg/kc/buy/cgsh_order_operate.html?command=get_materiel&rest_code=00109&code=00101008248&supplier_code=00100005&order_time=2020-10-13 HTTP/1.1" 200 412
114.88.166.242 - - [13/Oct/2020:09:35:11 +0800] "POST /xingrg/kc/buy/cgsh_list_operate.html HTTP/1.1" 200 213
58.37.8.227 - - [13/Oct/2020:09:35:13 +0800] "GET /xingrg/all/function/internal_message.html?_=1602552916408&CODE_STATE=getMsg HTTP/1.1" 200 27
180.174.56.115 - - [13/Oct/2020:09:35:15 +0800] "GET /xingrg/kc/buy/cgsh_order_operate.html?command=get_materiel&rest_code=00151&code=00101008353&supplier_code=00100007&order_time=2020-10-13 HTTP/1.1" 200 408
114.88.166.242 - - [13/Oct/2020:09:35:16 +0800] "POST /xingrg/kc/buy/cgsh_list_operate.html HTTP/1.1" 200 213
116.233.76.29 - - [13/Oct/2020:09:35:19 +0800] "GET /xingrg/all/function/internal_message.html?_=1602553007526&CODE_STATE=getMsg HTTP/1.1" 200 27
116.233.76.29 - - [13/Oct/2020:09:35:20 +0800] "GET /xingrg/kc/buy/cgsh_order_operate.html?command=get_materiel&rest_code=00109&code=00101008350&supplier_code=00100005&order_time=2020-10-13 HTTP/1.1" 200 408
114.88.166.242 - - [13/Oct/2020:09:35:21 +0800] "POST /xingrg/kc/buy/cgsh_list_operate.html HTTP/1.1" 200 213
120.253.135.82 - - [13/Oct/2020:09:35:22 +0800] "GET /xingrg/all/function/internal_message.html?_=1602552670801&CODE_STATE=getMsg HTTP/1.1" 200 27
180.174.56.115 - - [13/Oct/2020:09:35:23 +0800] "GET /xingrg/kc/buy/cgsh_order_operate.html?command=get_materiel&rest_code=00151&code=00101008017&supplier_code=00100007&order_time=2020-10-13 HTTP/1.1" 200 416
114.88.166.242 - - [13/Oct/2020:09:35:26 +0800] "POST /xingrg/kc/buy/cgsh_list_operate.html HTTP/1.1" 200 213
114.88.166.242 - - [13/Oct/2020:09:35:28 +0800] "GET /xingrg/all/function/internal_message.html?_=1602553012503&CODE_STATE=getMsg HTTP/1.1" 200 27
172.17.0.123 - - [13/Oct/2020:09:35:29 +0800] "GET /xingrg/all/function/internal_message.html?_=1602552903665&CODE_STATE=getMsg HTTP/1.1" 200 27
114.88.166.242 - - [13/Oct/2020:09:35:30 +0800] "POST /xingrg/kc/buy/cgsh_list_operate.html HTTP/1.1" 200 213
180.174.56.115 - - [13/Oct/2020:09:35:32 +0800] "GET /xingrg/kc/buy/cgsh_order_operate.html?command=get_materiel&rest_code=00151&code=00101016025&supplier_code=00100007&order_time=2020-10-13 HTTP/1.1" 200 408
218.81.217.115 - - [13/Oct/2020:09:35:32 +0800] "GET /xingrg/all/function/internal_message.html?_=1602552936410&CODE_STATE=getMsg HTTP/1.1" 200 27
172.17.200.101 - - [13/Oct/2020:09:35:32 +0800] "GET /xingrg/all/function/internal_message.html?_=1602552932884&CODE_STATE=getMsg HTTP/1.1" 200 27
172.17.200.101 - - [13/Oct/2020:09:35:32 +0800] "GET /xingrg/check_reg.html?_=1602552932887 HTTP/1.1" 200 22
180.174.56.115 - - [13/Oct/2020:09:35:33 +0800] "GET /xingrg/all/function/internal_message.html?_=1602552932496&CODE_STATE=getMsg HTTP/1.1" 200 27
172.17.0.185 - - [13/Oct/2020:09:35:34 +0800] "GET /xingrg/check_reg.html?_=1602552933015 HTTP/1.1" 200 22
114.88.166.242 - - [13/Oct/2020:09:35:37 +0800] "POST /xingrg/kc/buy/cgsh_list_operate.html HTTP/1.1" 200 213
180.174.56.115 - - [13/Oct/2020:09:35:38 +0800] "GET /xingrg/check_reg.html?_=1602552908451 HTTP/1.1" 200 22
180.174.56.115 - - [13/Oct/2020:09:35:38 +0800] "GET /xingrg/all/function/internal_message.html?_=1602552908569&CODE_STATE=getMsg HTTP/1.1" 200 27
180.174.56.115 - - [13/Oct/2020:09:35:39 +0800] "GET /xingrg/kc/buy/cgsh_order_operate.html?command=get_materiel&rest_code=00151&code=00101008096&supplier_code=00100007&order_time=2020-10-13 HTTP/1.1" 200 412
218.81.217.115 - - [13/Oct/2020:09:35:41 +0800] "GET /xingrg/kc/buy/buy_main.html HTTP/1.1" 200 12412
218.81.217.115 - - [13/Oct/2020:09:35:41 +0800] "GET /xingrg/css/new_ie.css HTTP/1.1" 404 1036
172.17.0.100 - - [13/Oct/2020:09:35:41 +0800] "GET /xingrg/all/function/internal_message.html?_=1602552938792&CODE_STATE=getMsg HTTP/1.1" 200 27
222.69.160.252 - - [13/Oct/2020:09:35:41 +0800] "GET /xingrg/check_reg.html?_=1602552728434 HTTP/1.1" 200 22
222.69.160.252 - - [13/Oct/2020:09:35:41 +0800] "GET /xingrg/all/function/internal_message.html?_=1602552728435&CODE_STATE=getMsg HTTP/1.1" 200 27
218.81.217.115 - - [13/Oct/2020:09:35:41 +0800] "GET /xingrg/images/yd/bt.gif HTTP/1.1" 404 1040
222.69.137.251 - - [13/Oct/2020:09:35:42 +0800] "GET /xingrg/check_reg.html?_=1602552941185 HTTP/1.1" 200 22
222.69.137.251 - - [13/Oct/2020:09:35:42 +0800] "GET /xingrg/all/function/internal_message.html?_=1602552941234&CODE_STATE=getMsg HTTP/1.1" 200 27
114.88.166.242 - - [13/Oct/2020:09:35:42 +0800] "POST /xingrg/kc/buy/cgsh_list_operate.html HTTP/1.1" 200 382
218.81.217.115 - - [13/Oct/2020:09:35:42 +0800] "GET /xingrg/kc/buy/cgsh_order_list.html HTTP/1.1" 200 44205
114.88.166.242 - - [13/Oct/2020:09:35:43 +0800] "POST /xingrg/kc/buy/cgsh_list_operate.html HTTP/1.1" 200 213
218.81.217.115 - - [13/Oct/2020:09:35:43 +0800] "POST /xingrg/kc/buy/cgsh_list_operate.html HTTP/1.1" 200 2051
124.77.70.31 - - [13/Oct/2020:09:35:44 +0800] "GET /xingrg/all/function/internal_message.html?_=1602552945170&CODE_STATE=getMsg HTTP/1.1" 200 27
180.174.56.115 - - [13/Oct/2020:09:35:47 +0800] "POST /xingrg/kc/buy/cgsh_order_operate.html HTTP/1.1" 200 37
222.69.137.251 - - [13/Oct/2020:09:35:47 +0800] "GET /xingrg/kc/buy/cgsh_order_operate.html?command=get_materiel&rest_code=00149&code=00101009109&supplier_code=00100201&order_time=2020-10-13 HTTP/1.1" 200 23
180.174.56.115 - - [13/Oct/2020:09:35:49 +0800] "POST /xingrg/kc/buy/cgsh_order_operate.html HTTP/1.1" 200 20054
116.233.76.29 - - [13/Oct/2020:09:35:49 +0800] "GET /xingrg/kc/buy/cgsh_order_operate.html?command=get_materiel&rest_code=00109&code=00101008357&supplier_code=00100005&order_time=2020-10-13 HTTP/1.1" 200 428
116.233.76.29 - - [13/Oct/2020:09:35:51 +0800] "POST /xingrg/kc/buy/cgsh_order_operate.html HTTP/1.1" 200 2065
172.17.0.240 - - [13/Oct/2020:09:35:52 +0800] "GET /xingrg/all/function/internal_message.html?_=1602552951839&CODE_STATE=getMsg HTTP/1.1" 200 27
58.37.8.227 - - [13/Oct/2020:09:35:54 +0800] "GET /xingrg/kc/buy/cgsh_order_add.html HTTP/1.1" 200 59943
58.37.8.227 - - [13/Oct/2020:09:35:54 +0800] "POST /xingrg/kc/buy/cgsh_order_operate.html HTTP/1.1" 200 8245
58.37.8.227 - - [13/Oct/2020:09:35:54 +0800] "GET /xingrg/javascript/easyui/themes/default/validatebox.css HTTP/1.1" 404 1104
180.162.245.190 - - [13/Oct/2020:09:35:55 +0800] "GET /xingrg/check_reg.html?_=1602552954776 HTTP/1.1" 200 22
180.162.245.190 - - [13/Oct/2020:09:35:55 +0800] "GET /xingrg/all/function/internal_message.html?_=1602552954781&CODE_STATE=getMsg HTTP/1.1" 200 27
180.174.56.115 - - [13/Oct/2020:09:35:56 +0800] "GET /xingrg/kc/buy/cgsh_order_operate.html?command=get_materiel&rest_code=00151&code=00101008355&supplier_code=00100007&order_time=2020-10-13 HTTP/1.1" 200 408
114.88.166.242 - - [13/Oct/2020:09:35:56 +0800] "GET /xingrg/all/function/internal_message.html?_=1602552954383&CODE_STATE=getMsg HTTP/1.1" 200 27
222.69.137.251 - - [13/Oct/2020:09:35:58 +0800] "GET /xingrg/index.html?sysBaseUrl=http%3A%2F%2F180.169.147.146%3A18081%2Fxingrg%2F&costTime=52×tamp=1591679117969 HTTP/1.1" 200 17179
116.233.76.29 - - [13/Oct/2020:09:35:58 +0800] "GET /xingrg/kc/buy/cgsh_order_operate.html?command=get_materiel&rest_code=00109&code=00101008067&supplier_code=00100005&order_time=2020-10-13 HTTP/1.1" 200 416
222.69.137.251 - - [13/Oct/2020:09:35:58 +0800] "GET /favicon.ico HTTP/1.1" 404 -
222.69.137.251 - - [13/Oct/2020:09:35:58 +0800] "POST /xingrg/all/common/load_tree.html?tree=area_rest_tree_json&manage=1 HTTP/1.1" 200 351
222.69.137.251 - - [13/Oct/2020:09:35:58 +0800] "GET /xingrg/check_reg.html?_=1602552958022 HTTP/1.1" 200 22
222.69.137.251 - - [13/Oct/2020:09:35:58 +0800] "GET /xingrg/all/function/internal_message.html?_=1602552958021&CODE_STATE=count HTTP/1.1" 200 11
222.69.137.251 - - [13/Oct/2020:09:35:58 +0800] "POST /xingrg/load_menu.html HTTP/1.1" 200 5138
124.77.70.31 - - [13/Oct/2020:09:35:59 +0800] "GET /xingrg/all/function/internal_message.html?_=1602552955262&CODE_STATE=getMsg HTTP/1.1" 200 27
124.77.70.31 - - [13/Oct/2020:09:36:00 +0800] "GET /xingrg/check_reg.html?_=1602552955552 HTTP/1.1" 200 22
222.69.137.251 - - [13/Oct/2020:09:36:02 +0800] "GET /xingrg/kc/buy/cgsh_order_list.html HTTP/1.1" 200 44205
222.69.137.251 - - [13/Oct/2020:09:36:03 +0800] "POST /xingrg/kc/buy/cgsh_list_operate.html HTTP/1.1" 200 876
222.69.137.251 - - [13/Oct/2020:09:36:04 +0800] "GET /xingrg/kc/buy/cgsh_order_add.html HTTP/1.1" 200 59990
117.131.5.26 - - [13/Oct/2020:09:36:04 +0800] "GET /xingrg/all/function/internal_message.html?_=1602552987648&CODE_STATE=getMsg HTTP/1.1" 200 27
180.174.56.115 - - [13/Oct/2020:09:36:04 +0800] "GET /xingrg/kc/buy/cgsh_order_operate.html?command=get_materiel&rest_code=00151&code=00101008024&supplier_code=00100007&order_time=2020-10-13 HTTP/1.1" 200 427
222.69.137.251 - - [13/Oct/2020:09:36:05 +0800] "POST /xingrg/kc/buy/cgsh_order_operate.html HTTP/1.1" 200 8245
222.69.137.251 - - [13/Oct/2020:09:36:05 +0800] "GET /xingrg/all/common/auto_word.html?type=employee&rest_code=00149 HTTP/1.1" 200 197
222.69.137.251 - - [13/Oct/2020:09:36:05 +0800] "GET /xingrg/all/common/auto_word.html?type=employee&rest_code=00149 HTTP/1.1" 200 197
222.69.137.251 - - [13/Oct/2020:09:36:05 +0800] "GET /xingrg/javascript/easyui/themes/default/validatebox.css HTTP/1.1" 404 1104
58.37.8.227 - - [13/Oct/2020:09:36:05 +0800] "GET /xingrg/kc/buy/cgsh_order_operate.html?command=get_materiel&rest_code=00141&code=00101007022&supplier_code=00100004&order_time=2020-10-13 HTTP/1.1" 200 433
218.81.217.115 - - [13/Oct/2020:09:36:07 +0800] "GET /xingrg/check_reg.html?_=1602552971548 HTTP/1.1" 200 22
116.233.76.29 - - [13/Oct/2020:09:36:07 +0800] "GET /xingrg/kc/buy/cgsh_order_operate.html?command=get_materiel&rest_code=00109&code=00101008087&supplier_code=00100005&order_time=2020-10-13 HTTP/1.1" 200 412
222.69.137.251 - - [13/Oct/2020:09:36:07 +0800] "GET /xingrg/javascript/auto/indicator.gif HTTP/1.1" 404 1066
222.69.137.251 - - [13/Oct/2020:09:36:08 +0800] "GET /xingrg/javascript/jquery_tools/images/prev.gif HTTP/1.1" 404 1086
222.69.137.251 - - [13/Oct/2020:09:36:08 +0800] "GET /xingrg/javascript/jquery_tools/images/next.gif HTTP/1.1" 404 1086
180.162.245.190 - - [13/Oct/2020:09:36:10 +0800] "GET /xingrg/kc/buy/cgsh_order_operate.html?command=get_materiel&rest_code=00105&code=00101008357&supplier_code=00100203&order_time=2020-10-13 HTTP/1.1" 200 428
58.37.8.227 - - [13/Oct/2020:09:36:13 +0800] "GET /xingrg/all/function/internal_message.html?_=1602552976423&CODE_STATE=getMsg HTTP/1.1" 200 27
116.233.76.29 - - [13/Oct/2020:09:36:13 +0800] "GET /xingrg/kc/buy/cgsh_order_operate.html?command=get_materiel&rest_code=00109&code=00101010194&supplier_code=00100005&order_time=2020-10-13 HTTP/1.1" 200 416
180.174.56.115 - - [13/Oct/2020:09:36:13 +0800] "GET /xingrg/kc/buy/cgsh_order_operate.html?command=get_materiel&rest_code=00151&code=00101008224&supplier_code=00100007&order_time=2020-10-13 HTTP/1.1" 200 416
116.233.76.29 - - [13/Oct/2020:09:36:15 +0800] "GET /xingrg/check_reg.html?_=1602553067503 HTTP/1.1" 200 22
116.233.76.29 - - [13/Oct/2020:09:36:15 +0800] "GET /xingrg/all/function/internal_message.html?_=1602553067503&CODE_STATE=getMsg HTTP/1.1" 200 27
222.69.137.251 - - [13/Oct/2020:09:36:21 +0800] "GET /xingrg/kc/buy/cgsh_order_operate.html?command=get_materiel&rest_code=00149&code=00101009109&supplier_code=00100201&order_time=2020-10-13 HTTP/1.1" 200 421
120.253.135.82 - - [13/Oct/2020:09:36:22 +0800] "GET /xingrg/all/function/internal_message.html?_=1602552730811&CODE_STATE=getMsg HTTP/1.1" 200 27
58.37.8.227 - - [13/Oct/2020:09:36:23 +0800] "GET /xingrg/kc/buy/cgsh_order_operate.html?command=get_materiel&rest_code=00141&code=00101007125&supplier_code=00100004&order_time=2020-10-13 HTTP/1.1" 200 426
114.88.166.242 - - [13/Oct/2020:09:36:28 +0800] "GET /xingrg/all/function/internal_message.html?_=1602553072510&CODE_STATE=getMsg HTTP/1.1" 200 27
180.174.56.115 - - [13/Oct/2020:09:36:29 +0800] "GET /xingrg/kc/buy/cgsh_order_operate.html?command=get_materiel&rest_code=00151&code=00101008049&supplier_code=00100007&order_time=2020-10-13 HTTP/1.1" 200 408
172.17.0.123 - - [13/Oct/2020:09:36:29 +0800] "GET /xingrg/all/function/internal_message.html?_=1602552963667&CODE_STATE=getMsg HTTP/1.1" 200 27
