222.69.137.251 - - [13/Oct/2020:08:35:41 +0800] "GET /xingrg/index.html?sysBaseUrl=http%3A%2F%2F180.169.147.146%3A18081%2Fxingrg%2F&costTime=51×tamp=1602549341533 HTTP/1.1" 200 17179
222.69.137.251 - - [13/Oct/2020:08:35:41 +0800] "GET /xingrg/css/form.css HTTP/1.1" 304 -
222.69.137.251 - - [13/Oct/2020:08:35:41 +0800] "GET /xingrg/javascript/jquery.form.js HTTP/1.1" 304 -
222.69.137.251 - - [13/Oct/2020:08:35:41 +0800] "GET /xingrg/javascript/jquery.timers.js HTTP/1.1" 304 -
222.69.137.251 - - [13/Oct/2020:08:35:41 +0800] "GET /favicon.ico HTTP/1.1" 404 -
222.69.137.251 - - [13/Oct/2020:08:35:41 +0800] "GET /xingrg/javascript/jquery_easy_ui/themes/icons/settle_new.png HTTP/1.1" 304 -
222.69.137.251 - - [13/Oct/2020:08:35:41 +0800] "GET /xingrg/images/blue/navBackgound.jpg HTTP/1.1" 304 -
222.69.137.251 - - [13/Oct/2020:08:35:41 +0800] "POST /xingrg/all/common/load_tree.html?tree=area_rest_tree_json&manage=1 HTTP/1.1" 200 351
222.69.137.251 - - [13/Oct/2020:08:35:41 +0800] "GET /xingrg/all/function/internal_message.html?_=1602549341099&CODE_STATE=count HTTP/1.1" 200 11
222.69.137.251 - - [13/Oct/2020:08:35:41 +0800] "GET /xingrg/check_reg.html?_=1602549341099 HTTP/1.1" 200 22
222.69.137.251 - - [13/Oct/2020:08:35:41 +0800] "GET /xingrg/images/blue/pingpu.png HTTP/1.1" 304 -
222.69.137.251 - - [13/Oct/2020:08:35:41 +0800] "GET /xingrg/javascript/jquery_easy_ui/themes/default/images/tabs_leftarrow.png HTTP/1.1" 304 -
222.69.137.251 - - [13/Oct/2020:08:35:41 +0800] "GET /xingrg/javascript/jquery_easy_ui/themes/default/images/panel_tool_collapse.gif HTTP/1.1" 304 -
222.69.137.251 - - [13/Oct/2020:08:35:41 +0800] "GET /xingrg/javascript/jquery_easy_ui/themes/default/images/tabs_rightarrow.png HTTP/1.1" 304 -
222.69.137.251 - - [13/Oct/2020:08:35:41 +0800] "POST /xingrg/load_menu.html HTTP/1.1" 200 5138
124.77.70.31 - - [13/Oct/2020:08:35:44 +0800] "GET /xingrg/all/function/internal_message.html?_=1602549345161&CODE_STATE=getMsg HTTP/1.1" 200 27
101.91.60.105 - - [13/Oct/2020:08:35:44 +0800] "GET /xingrg/login.html HTTP/1.1" 200 7641
180.162.245.190 - - [13/Oct/2020:08:35:47 +0800] "GET /favicon.ico HTTP/1.1" 404 -
180.162.245.190 - - [13/Oct/2020:08:35:48 +0800] "GET /xingrg/index.html?sysBaseUrl=http%3A%2F%2F180.169.147.146%3A18081%2Fxingrg%2F&costTime=36×tamp=1585223203754 HTTP/1.1" 302 -
180.162.245.190 - - [13/Oct/2020:08:35:48 +0800] "GET /xingrg/login.html HTTP/1.1" 200 7641
180.162.245.190 - - [13/Oct/2020:08:35:48 +0800] "GET /favicon.ico HTTP/1.1" 404 -
180.162.245.190 - - [13/Oct/2020:08:35:52 +0800] "POST /xingrg/login.do HTTP/1.1" 200 2421
180.162.245.190 - - [13/Oct/2020:08:35:52 +0800] "GET /favicon.ico HTTP/1.1" 404 -
180.162.245.190 - - [13/Oct/2020:08:35:54 +0800] "GET /xingrg/login.html HTTP/1.1" 200 7641
180.162.245.190 - - [13/Oct/2020:08:35:54 +0800] "GET /favicon.ico HTTP/1.1" 404 -
114.88.166.242 - - [13/Oct/2020:08:35:54 +0800] "GET /xingrg/all/function/internal_message.html?_=1602549352913&CODE_STATE=getMsg HTTP/1.1" 200 27
180.162.245.190 - - [13/Oct/2020:08:35:55 +0800] "POST /xingrg/login.do HTTP/1.1" 302 -
180.162.245.190 - - [13/Oct/2020:08:35:55 +0800] "POST /xingrg/login.do HTTP/1.1" 302 -
180.162.245.190 - - [13/Oct/2020:08:35:55 +0800] "GET /xingrg/index.html?sysBaseUrl=http%3A%2F%2F180.169.147.146%3A18081%2Fxingrg%2F&costTime=53×tamp=1602549355020 HTTP/1.1" 200 17173
180.162.245.190 - - [13/Oct/2020:08:35:55 +0800] "GET /favicon.ico HTTP/1.1" 404 -
180.162.245.190 - - [13/Oct/2020:08:35:55 +0800] "POST /xingrg/all/common/load_tree.html?tree=area_rest_tree_json&manage=1 HTTP/1.1" 200 3216
180.162.245.190 - - [13/Oct/2020:08:35:55 +0800] "GET /xingrg/all/function/internal_message.html?_=1602549354727&CODE_STATE=count HTTP/1.1" 200 11
180.162.245.190 - - [13/Oct/2020:08:35:55 +0800] "GET /xingrg/check_reg.html?_=1602549354728 HTTP/1.1" 200 22
180.162.245.190 - - [13/Oct/2020:08:35:55 +0800] "POST /xingrg/load_menu.html HTTP/1.1" 200 5138
180.162.245.190 - - [13/Oct/2020:08:36:00 +0800] "GET /xingrg/kc/buy/cgsh_order_list.html HTTP/1.1" 200 44199
180.162.245.190 - - [13/Oct/2020:08:36:01 +0800] "POST /xingrg/kc/buy/cgsh_list_operate.html HTTP/1.1" 200 876
180.162.245.190 - - [13/Oct/2020:08:36:02 +0800] "GET /xingrg/kc/buy/cgsh_order_add.html HTTP/1.1" 200 59984
180.162.245.190 - - [13/Oct/2020:08:36:02 +0800] "GET /xingrg/words/20201013070809_words.js HTTP/1.1" 200 768557
180.162.245.190 - - [13/Oct/2020:08:36:02 +0800] "GET /xingrg/all/common/auto_word.html?type=employee&rest_code=00105 HTTP/1.1" 200 193
180.162.245.190 - - [13/Oct/2020:08:36:02 +0800] "GET /xingrg/javascript/easyui/themes/default/validatebox.css HTTP/1.1" 404 1104
180.162.245.190 - - [13/Oct/2020:08:36:02 +0800] "GET /xingrg/all/common/auto_word.html?type=employee&rest_code=00105 HTTP/1.1" 200 193
180.162.245.190 - - [13/Oct/2020:08:36:02 +0800] "POST /xingrg/kc/buy/cgsh_order_operate.html HTTP/1.1" 200 8245
218.81.217.115 - - [13/Oct/2020:08:36:07 +0800] "GET /xingrg/check_reg.html?_=1602549371388 HTTP/1.1" 200 22
180.162.245.190 - - [13/Oct/2020:08:36:08 +0800] "GET /xingrg/javascript/auto/indicator.gif HTTP/1.1" 404 1066
58.37.8.227 - - [13/Oct/2020:08:36:13 +0800] "GET /xingrg/all/function/internal_message.html?_=1602549376309&CODE_STATE=getMsg HTTP/1.1" 200 27
180.162.245.190 - - [13/Oct/2020:08:36:20 +0800] "GET /xingrg/kc/buy/cgsh_order_operate.html?command=get_materiel&rest_code=00105&code=00101006038&supplier_code=00100013&order_time=2020-10-13 HTTP/1.1" 200 442
180.174.56.115 - - [13/Oct/2020:08:36:30 +0800] "GET /xingrg/check_reg.html?_=1602549389653 HTTP/1.1" 200 22
180.174.56.115 - - [13/Oct/2020:08:36:30 +0800] "GET /xingrg/all/function/internal_message.html?_=1602549389651&CODE_STATE=getMsg HTTP/1.1" 200 27
180.162.245.190 - - [13/Oct/2020:08:36:32 +0800] "GET /xingrg/kc/buy/cgsh_order_operate.html?command=get_materiel&rest_code=00105&code=00101006109&supplier_code=00100013&order_time=2020-10-13 HTTP/1.1" 200 409
180.162.245.190 - - [13/Oct/2020:08:36:39 +0800] "GET /xingrg/kc/buy/cgsh_order_operate.html?command=get_materiel&rest_code=00105&code=00101010248&supplier_code=00100013&order_time=2020-10-13 HTTP/1.1" 200 430
180.162.245.190 - - [13/Oct/2020:08:36:40 +0800] "POST /xingrg/all/common/load_select.html HTTP/1.1" 200 25
114.88.166.242 - - [13/Oct/2020:08:36:40 +0800] "GET /xingrg/all/function/internal_message.html?_=1602549485296&CODE_STATE=getMsg HTTP/1.1" 200 27
222.69.137.251 - - [13/Oct/2020:08:36:41 +0800] "GET /xingrg/all/function/internal_message.html?_=1602549401112&CODE_STATE=getMsg HTTP/1.1" 200 27
180.162.245.190 - - [13/Oct/2020:08:36:42 +0800] "GET /xingrg/kc/buy/cgsh_order_operate.html?command=get_materiel_price&rest_code=00105&code=00101010248&unit_code=00100043&supplier_code=00100013&order_time=2020-10-13 HTTP/1.1" 200 29
124.77.70.31 - - [13/Oct/2020:08:36:44 +0800] "GET /xingrg/all/function/internal_message.html?_=1602549405164&CODE_STATE=getMsg HTTP/1.1" 200 27
180.162.245.190 - - [13/Oct/2020:08:36:49 +0800] "GET /xingrg/kc/buy/cgsh_order_operate.html?command=get_materiel&rest_code=00105&code=00101006106&supplier_code=00100013&order_time=2020-10-13 HTTP/1.1" 200 421
114.88.166.242 - - [13/Oct/2020:08:36:54 +0800] "GET /xingrg/all/function/internal_message.html?_=1602549412963&CODE_STATE=getMsg HTTP/1.1" 200 27
180.162.245.190 - - [13/Oct/2020:08:36:55 +0800] "GET /xingrg/all/function/internal_message.html?_=1602549414734&CODE_STATE=getMsg HTTP/1.1" 200 27
180.162.245.190 - - [13/Oct/2020:08:37:06 +0800] "GET /xingrg/kc/buy/cgsh_order_operate.html?command=get_materiel&rest_code=00105&code=00101010136&supplier_code=00100013&order_time=2020-10-13 HTTP/1.1" 200 408
180.162.245.190 - - [13/Oct/2020:08:37:12 +0800] "GET /xingrg/kc/buy/cgsh_order_operate.html?command=get_materiel&rest_code=00105&code=00101006112&supplier_code=00100013&order_time=2020-10-13 HTTP/1.1" 200 409
58.37.8.227 - - [13/Oct/2020:08:37:13 +0800] "GET /xingrg/check_reg.html?_=1602549436292 HTTP/1.1" 200 22
58.37.8.227 - - [13/Oct/2020:08:37:13 +0800] "GET /xingrg/all/function/internal_message.html?_=1602549436294&CODE_STATE=getMsg HTTP/1.1" 200 27
180.162.245.190 - - [13/Oct/2020:08:37:17 +0800] "POST /xingrg/kc/buy/cgsh_order_operate.html HTTP/1.1" 200 37
180.162.245.190 - - [13/Oct/2020:08:37:17 +0800] "POST /xingrg/kc/buy/cgsh_order_operate.html HTTP/1.1" 200 5644
114.88.166.242 - - [13/Oct/2020:08:37:24 +0800] "GET /xingrg/check_reg.html?_=1602549442349 HTTP/1.1" 200 22
180.174.56.115 - - [13/Oct/2020:08:37:30 +0800] "GET /xingrg/all/function/internal_message.html?_=1602549449701&CODE_STATE=getMsg HTTP/1.1" 200 27
114.88.166.242 - - [13/Oct/2020:08:37:40 +0800] "GET /xingrg/all/function/internal_message.html?_=1602549545283&CODE_STATE=getMsg HTTP/1.1" 200 27
222.69.137.251 - - [13/Oct/2020:08:37:41 +0800] "GET /xingrg/all/function/internal_message.html?_=1602549461108&CODE_STATE=getMsg HTTP/1.1" 200 27
124.77.70.31 - - [13/Oct/2020:08:37:45 +0800] "GET /xingrg/all/function/internal_message.html?_=1602549465168&CODE_STATE=getMsg HTTP/1.1" 200 27
114.88.166.242 - - [13/Oct/2020:08:37:54 +0800] "GET /xingrg/all/function/internal_message.html?_=1602549472970&CODE_STATE=getMsg HTTP/1.1" 200 27
180.162.245.190 - - [13/Oct/2020:08:37:55 +0800] "GET /xingrg/all/function/internal_message.html?_=1602549474758&CODE_STATE=getMsg HTTP/1.1" 200 27
58.37.8.227 - - [13/Oct/2020:08:38:13 +0800] "GET /xingrg/all/function/internal_message.html?_=1602549496292&CODE_STATE=getMsg HTTP/1.1" 200 27
180.174.56.115 - - [13/Oct/2020:08:38:30 +0800] "GET /xingrg/all/function/internal_message.html?_=1602549509751&CODE_STATE=getMsg HTTP/1.1" 200 27
114.88.166.242 - - [13/Oct/2020:08:38:40 +0800] "GET /xingrg/all/function/internal_message.html?_=1602549605284&CODE_STATE=getMsg HTTP/1.1" 200 27
222.69.137.251 - - [13/Oct/2020:08:38:41 +0800] "GET /xingrg/all/function/internal_message.html?_=1602549521109&CODE_STATE=getMsg HTTP/1.1" 200 27
124.77.70.31 - - [13/Oct/2020:08:38:44 +0800] "GET /xingrg/all/function/internal_message.html?_=1602549525153&CODE_STATE=getMsg HTTP/1.1" 200 27
222.69.137.251 - - [13/Oct/2020:08:38:53 +0800] "GET /xingrg/kc/buy/cgsh_order_list.html HTTP/1.1" 200 44205
222.69.137.251 - - [13/Oct/2020:08:38:54 +0800] "POST /xingrg/kc/buy/cgsh_list_operate.html HTTP/1.1" 200 876
114.88.166.242 - - [13/Oct/2020:08:38:54 +0800] "GET /xingrg/all/function/internal_message.html?_=1602549532983&CODE_STATE=getMsg HTTP/1.1" 200 27
180.162.245.190 - - [13/Oct/2020:08:38:55 +0800] "GET /xingrg/all/function/internal_message.html?_=1602549534736&CODE_STATE=getMsg HTTP/1.1" 200 27
222.69.137.251 - - [13/Oct/2020:08:39:03 +0800] "GET /xingrg/kc/buy/cgsh_order_add.html HTTP/1.1" 200 59990
222.69.137.251 - - [13/Oct/2020:08:39:03 +0800] "GET /xingrg/words/20201013070809_words.js HTTP/1.1" 200 768557
222.69.137.251 - - [13/Oct/2020:08:39:03 +0800] "POST /xingrg/kc/buy/cgsh_order_operate.html HTTP/1.1" 200 8245
222.69.137.251 - - [13/Oct/2020:08:39:03 +0800] "GET /xingrg/all/common/auto_word.html?type=employee&rest_code=00149 HTTP/1.1" 200 197
222.69.137.251 - - [13/Oct/2020:08:39:03 +0800] "GET /xingrg/javascript/easyui/themes/default/validatebox.css HTTP/1.1" 404 1104
222.69.137.251 - - [13/Oct/2020:08:39:03 +0800] "GET /xingrg/all/common/auto_word.html?type=employee&rest_code=00149 HTTP/1.1" 200 197
222.69.137.251 - - [13/Oct/2020:08:39:07 +0800] "GET /xingrg/javascript/auto/indicator.gif HTTP/1.1" 404 1066
222.69.137.251 - - [13/Oct/2020:08:39:08 +0800] "GET /xingrg/javascript/jquery_tools/images/prev.gif HTTP/1.1" 404 1086
222.69.137.251 - - [13/Oct/2020:08:39:08 +0800] "GET /xingrg/javascript/jquery_tools/images/next.gif HTTP/1.1" 404 1086
58.37.8.227 - - [13/Oct/2020:08:39:13 +0800] "GET /xingrg/all/function/internal_message.html?_=1602549556289&CODE_STATE=getMsg HTTP/1.1" 200 27
222.69.137.251 - - [13/Oct/2020:08:39:17 +0800] "GET /xingrg/kc/buy/cgsh_order_operate.html?command=get_materiel&rest_code=00149&code=00101011003&supplier_code=00100051&order_time=2020-10-13 HTTP/1.1" 200 413
222.69.137.251 - - [13/Oct/2020:08:39:27 +0800] "GET /xingrg/kc/buy/cgsh_order_operate.html?command=get_materiel&rest_code=00149&code=00101011010&supplier_code=00100051&order_time=2020-10-13 HTTP/1.1" 200 418
180.174.56.115 - - [13/Oct/2020:08:39:30 +0800] "GET /xingrg/all/function/internal_message.html?_=1602549569799&CODE_STATE=getMsg HTTP/1.1" 200 27
222.69.137.251 - - [13/Oct/2020:08:39:37 +0800] "GET /xingrg/kc/buy/cgsh_order_operate.html?command=get_materiel&rest_code=00149&code=00101011005&supplier_code=00100051&order_time=2020-10-13 HTTP/1.1" 200 428
114.88.166.242 - - [13/Oct/2020:08:39:40 +0800] "GET /xingrg/all/function/internal_message.html?_=1602549665284&CODE_STATE=getMsg HTTP/1.1" 200 27
222.69.137.251 - - [13/Oct/2020:08:39:41 +0800] "GET /xingrg/all/function/internal_message.html?_=1602549581106&CODE_STATE=getMsg HTTP/1.1" 200 27
124.77.70.31 - - [13/Oct/2020:08:39:44 +0800] "GET /xingrg/all/function/internal_message.html?_=1602549585155&CODE_STATE=getMsg HTTP/1.1" 200 27
124.77.70.31 - - [13/Oct/2020:08:39:44 +0800] "GET /xingrg/check_reg.html?_=1602549585156 HTTP/1.1" 200 22
114.88.166.242 - - [13/Oct/2020:08:39:54 +0800] "GET /xingrg/all/function/internal_message.html?_=1602549593031&CODE_STATE=getMsg HTTP/1.1" 200 27
180.162.245.190 - - [13/Oct/2020:08:39:55 +0800] "GET /xingrg/all/function/internal_message.html?_=1602549594742&CODE_STATE=getMsg HTTP/1.1" 200 27
58.37.8.227 - - [13/Oct/2020:08:40:13 +0800] "GET /xingrg/all/function/internal_message.html?_=1602549616288&CODE_STATE=getMsg HTTP/1.1" 200 27
120.253.135.82 - - [13/Oct/2020:08:40:17 +0800] "GET /favicon.ico HTTP/1.1" 404 -
222.69.137.251 - - [13/Oct/2020:08:40:23 +0800] "POST /xingrg/kc/buy/cgsh_order_operate.html HTTP/1.1" 200 37
222.69.137.251 - - [13/Oct/2020:08:40:30 +0800] "POST /xingrg/kc/buy/cgsh_order_operate.html HTTP/1.1" 200 12
180.174.56.115 - - [13/Oct/2020:08:40:30 +0800] "GET /xingrg/all/function/internal_message.html?_=1602549629846&CODE_STATE=getMsg HTTP/1.1" 200 27
222.69.137.251 - - [13/Oct/2020:08:40:32 +0800] "GET /xingrg/kc/buy/cgsh_order_info.html?code=212020101305243 HTTP/1.1" 200 54893
222.69.137.251 - - [13/Oct/2020:08:40:32 +0800] "GET /xingrg/javascript/easyui/themes/default/validatebox.css HTTP/1.1" 404 1104
124.77.70.31 - - [13/Oct/2020:08:40:33 +0800] "GET /xingrg/index.html?sysBaseUrl=http%3A%2F%2F180.169.147.146%3A18081%2Fxingrg%2F&costTime=33×tamp=1585306063269 HTTP/1.1" 302 -
124.77.70.31 - - [13/Oct/2020:08:40:33 +0800] "GET /xingrg/login.html HTTP/1.1" 200 7641
222.69.137.251 - - [13/Oct/2020:08:40:33 +0800] "POST /xingrg/kc/buy/cgsh_order_operate.html HTTP/1.1" 200 1796
180.162.245.190 - - [13/Oct/2020:08:40:36 +0800] "GET /xingrg/kc/print/load_config.html?kc_code=cgsh HTTP/1.1" 200 1845
180.162.245.190 - - [13/Oct/2020:08:40:37 +0800] "GET /xingrg/kc/print/load_data.html?order_code=212020101305242&kc_code=cgsh&condition= HTTP/1.1" 200 1881
222.69.137.251 - - [13/Oct/2020:08:40:38 +0800] "GET /xingrg/kc/print/load_config.html?kc_code=cgsh HTTP/1.1" 200 1845
222.69.137.251 - - [13/Oct/2020:08:40:39 +0800] "GET /xingrg/kc/print/load_data.html?order_code=212020101305243&kc_code=cgsh&condition= HTTP/1.1" 200 1180
114.88.166.242 - - [13/Oct/2020:08:40:40 +0800] "GET /xingrg/all/function/internal_message.html?_=1602549725284&CODE_STATE=getMsg HTTP/1.1" 200 27
114.88.166.242 - - [13/Oct/2020:08:40:40 +0800] "GET /xingrg/check_reg.html?_=1602549725287 HTTP/1.1" 200 22
180.162.245.190 - - [13/Oct/2020:08:40:40 +0800] "GET /xingrg/kc/buy/cgsh_order_add.html HTTP/1.1" 200 59984
180.162.245.190 - - [13/Oct/2020:08:40:41 +0800] "POST /xingrg/kc/buy/cgsh_order_operate.html HTTP/1.1" 200 8245
180.162.245.190 - - [13/Oct/2020:08:40:41 +0800] "GET /xingrg/javascript/easyui/themes/default/validatebox.css HTTP/1.1" 404 1104
222.69.137.251 - - [13/Oct/2020:08:40:41 +0800] "GET /xingrg/check_reg.html?_=1602549641130 HTTP/1.1" 200 22
222.69.137.251 - - [13/Oct/2020:08:40:41 +0800] "GET /xingrg/all/function/internal_message.html?_=1602549641135&CODE_STATE=getMsg HTTP/1.1" 200 27
124.77.70.31 - - [13/Oct/2020:08:40:44 +0800] "GET /xingrg/all/function/internal_message.html?_=1602549645158&CODE_STATE=getMsg HTTP/1.1" 200 27
222.69.137.251 - - [13/Oct/2020:08:40:50 +0800] "GET /xingrg/kc/buy/cgsh_order_add.html HTTP/1.1" 200 59990
222.69.137.251 - - [13/Oct/2020:08:40:50 +0800] "POST /xingrg/kc/buy/cgsh_order_operate.html HTTP/1.1" 200 8245
222.69.137.251 - - [13/Oct/2020:08:40:50 +0800] "GET /xingrg/javascript/easyui/themes/default/validatebox.css HTTP/1.1" 404 1104
180.162.245.190 - - [13/Oct/2020:08:40:53 +0800] "GET /xingrg/kc/buy/cgsh_order_operate.html?command=get_materiel&rest_code=00105&code=00101016030&supplier_code=00100034&order_time=2020-10-13 HTTP/1.1" 200 412
114.88.166.242 - - [13/Oct/2020:08:40:54 +0800] "GET /xingrg/all/function/internal_message.html?_=1602549653042&CODE_STATE=getMsg HTTP/1.1" 200 27
180.162.245.190 - - [13/Oct/2020:08:40:55 +0800] "GET /xingrg/check_reg.html?_=1602549654736 HTTP/1.1" 200 22
180.162.245.190 - - [13/Oct/2020:08:40:55 +0800] "GET /xingrg/all/function/internal_message.html?_=1602549654740&CODE_STATE=getMsg HTTP/1.1" 200 27
218.81.217.115 - - [13/Oct/2020:08:41:07 +0800] "GET /xingrg/check_reg.html?_=1602549671423 HTTP/1.1" 200 22
222.69.137.251 - - [13/Oct/2020:08:41:12 +0800] "GET /xingrg/kc/buy/cgsh_order_operate.html?command=get_materiel&rest_code=00149&code=00101001052&supplier_code=00100039&order_time=2020-10-13 HTTP/1.1" 200 411
58.37.8.227 - - [13/Oct/2020:08:41:13 +0800] "GET /xingrg/all/function/internal_message.html?_=1602549676286&CODE_STATE=getMsg HTTP/1.1" 200 27
180.162.245.190 - - [13/Oct/2020:08:41:21 +0800] "GET /xingrg/kc/buy/cgsh_order_operate.html?command=get_materiel&rest_code=00105&code=00101012029&supplier_code=00100034&order_time=2020-10-13 HTTP/1.1" 200 412
222.69.137.251 - - [13/Oct/2020:08:41:29 +0800] "GET /xingrg/kc/buy/cgsh_order_operate.html?command=get_materiel&rest_code=00149&code=00101001060&supplier_code=00100039&order_time=2020-10-13 HTTP/1.1" 200 419
180.174.56.115 - - [13/Oct/2020:08:41:30 +0800] "GET /xingrg/all/function/internal_message.html?_=1602549689899&CODE_STATE=getMsg HTTP/1.1" 200 27
180.174.56.115 - - [13/Oct/2020:08:41:30 +0800] "GET /xingrg/check_reg.html?_=1602549689894 HTTP/1.1" 200 22
180.162.245.190 - - [13/Oct/2020:08:41:32 +0800] "GET /xingrg/kc/buy/cgsh_order_operate.html?command=get_materiel&rest_code=00105&code=00101012039&supplier_code=00100034&order_time=2020-10-13 HTTP/1.1" 200 408
180.162.245.190 - - [13/Oct/2020:08:41:37 +0800] "POST /xingrg/kc/buy/cgsh_order_operate.html HTTP/1.1" 200 37
180.162.245.190 - - [13/Oct/2020:08:41:38 +0800] "POST /xingrg/kc/buy/cgsh_order_operate.html HTTP/1.1" 200 3838
180.162.245.190 - - [13/Oct/2020:08:41:39 +0800] "GET /xingrg/kc/print/load_data.html?order_code=212020101305244&kc_code=cgsh&condition= HTTP/1.1" 200 1162
114.88.166.242 - - [13/Oct/2020:08:41:40 +0800] "GET /xingrg/all/function/internal_message.html?_=1602549785287&CODE_STATE=getMsg HTTP/1.1" 200 27
222.69.137.251 - - [13/Oct/2020:08:41:41 +0800] "GET /xingrg/all/function/internal_message.html?_=1602549701119&CODE_STATE=getMsg HTTP/1.1" 200 27
124.77.70.31 - - [13/Oct/2020:08:41:44 +0800] "GET /xingrg/all/function/internal_message.html?_=1602549705161&CODE_STATE=getMsg HTTP/1.1" 200 27
114.88.166.242 - - [13/Oct/2020:08:41:54 +0800] "GET /xingrg/all/function/internal_message.html?_=1602549713090&CODE_STATE=getMsg HTTP/1.1" 200 27
180.162.245.190 - - [13/Oct/2020:08:41:55 +0800] "GET /xingrg/all/function/internal_message.html?_=1602549714742&CODE_STATE=getMsg HTTP/1.1" 200 27
58.37.8.227 - - [13/Oct/2020:08:42:13 +0800] "GET /xingrg/all/function/internal_message.html?_=1602549736285&CODE_STATE=getMsg HTTP/1.1" 200 27
58.37.8.227 - - [13/Oct/2020:08:42:13 +0800] "GET /xingrg/check_reg.html?_=1602549736287 HTTP/1.1" 200 22
114.88.166.242 - - [13/Oct/2020:08:42:24 +0800] "GET /xingrg/check_reg.html?_=1602549742352 HTTP/1.1" 200 22
180.174.56.115 - - [13/Oct/2020:08:42:30 +0800] "GET /xingrg/all/function/internal_message.html?_=1602549749947&CODE_STATE=getMsg HTTP/1.1" 200 27
114.88.166.242 - - [13/Oct/2020:08:42:40 +0800] "GET /xingrg/all/function/internal_message.html?_=1602549845287&CODE_STATE=getMsg HTTP/1.1" 200 27
222.69.137.251 - - [13/Oct/2020:08:42:41 +0800] "GET /xingrg/all/function/internal_message.html?_=1602549761114&CODE_STATE=getMsg HTTP/1.1" 200 27
124.77.70.31 - - [13/Oct/2020:08:42:44 +0800] "GET /xingrg/all/function/internal_message.html?_=1602549765166&CODE_STATE=getMsg HTTP/1.1" 200 27
114.88.166.242 - - [13/Oct/2020:08:42:54 +0800] "GET /xingrg/all/function/internal_message.html?_=1602549773100&CODE_STATE=getMsg HTTP/1.1" 200 27
180.162.245.190 - - [13/Oct/2020:08:42:55 +0800] "GET /xingrg/all/function/internal_message.html?_=1602549774744&CODE_STATE=getMsg HTTP/1.1" 200 27
58.37.8.227 - - [13/Oct/2020:08:43:13 +0800] "GET /xingrg/all/function/internal_message.html?_=1602549796286&CODE_STATE=getMsg HTTP/1.1" 200 27
180.174.56.115 - - [13/Oct/2020:08:43:30 +0800] "GET /xingrg/all/function/internal_message.html?_=1602549809996&CODE_STATE=getMsg HTTP/1.1" 200 27
172.17.0.100 - - [13/Oct/2020:08:43:35 +0800] "GET /xingrg/index.html?sysBaseUrl=http%3A%2F%2F172.17.0.8%3A18081%2Fxingrg%2F&costTime=32×tamp=1585227824564 HTTP/1.1" 302 -
172.17.0.100 - - [13/Oct/2020:08:43:35 +0800] "GET /xingrg/login.html HTTP/1.1" 200 7636
172.17.0.100 - - [13/Oct/2020:08:43:35 +0800] "GET /favicon.ico HTTP/1.1" 404 -
172.17.0.100 - - [13/Oct/2020:08:43:40 +0800] "POST /xingrg/login.do HTTP/1.1" 302 -
172.17.0.100 - - [13/Oct/2020:08:43:40 +0800] "GET /xingrg/index.html?sysBaseUrl=http%3A%2F%2F172.17.0.8%3A18081%2Fxingrg%2F&costTime=40×tamp=1602549820637 HTTP/1.1" 200 17124
172.17.0.100 - - [13/Oct/2020:08:43:40 +0800] "GET /favicon.ico HTTP/1.1" 404 -
172.17.0.100 - - [13/Oct/2020:08:43:40 +0800] "POST /xingrg/all/common/load_tree.html?tree=area_rest_tree_json&manage=1 HTTP/1.1" 200 604
114.88.166.242 - - [13/Oct/2020:08:43:40 +0800] "GET /xingrg/all/function/internal_message.html?_=1602549905288&CODE_STATE=getMsg HTTP/1.1" 200 27
172.17.0.100 - - [13/Oct/2020:08:43:40 +0800] "GET /xingrg/all/function/internal_message.html?_=1602549818567&CODE_STATE=count HTTP/1.1" 200 11
172.17.0.100 - - [13/Oct/2020:08:43:40 +0800] "POST /xingrg/load_menu.html HTTP/1.1" 200 5103
172.17.0.100 - - [13/Oct/2020:08:43:40 +0800] "GET /xingrg/check_reg.html?_=1602549818568 HTTP/1.1" 200 22
222.69.137.251 - - [13/Oct/2020:08:43:41 +0800] "GET /xingrg/all/function/internal_message.html?_=1602549821113&CODE_STATE=getMsg HTTP/1.1" 200 27
172.17.0.100 - - [13/Oct/2020:08:43:44 +0800] "GET /xingrg/kc/base/wldb_order_list.html HTTP/1.1" 200 19363
124.77.70.31 - - [13/Oct/2020:08:43:44 +0800] "GET /xingrg/all/function/internal_message.html?_=1602549825155&CODE_STATE=getMsg HTTP/1.1" 200 27
172.17.0.100 - - [13/Oct/2020:08:43:45 +0800] "POST /xingrg/kc/base/wldb_list_operate.html HTTP/1.1" 200 1782
172.17.0.100 - - [13/Oct/2020:08:43:49 +0800] "POST /xingrg/kc/base/wldb_list_operate.html HTTP/1.1" 200 4
172.17.0.100 - - [13/Oct/2020:08:43:50 +0800] "POST /xingrg/kc/base/wldb_list_operate.html HTTP/1.1" 200 928
172.17.0.100 - - [13/Oct/2020:08:43:53 +0800] "GET /xingrg/kc/buy/cgsh_order_list.html HTTP/1.1" 200 44185
172.17.0.100 - - [13/Oct/2020:08:43:54 +0800] "POST /xingrg/kc/buy/cgsh_list_operate.html HTTP/1.1" 200 5211
114.88.166.242 - - [13/Oct/2020:08:43:54 +0800] "GET /xingrg/all/function/internal_message.html?_=1602549833115&CODE_STATE=getMsg HTTP/1.1" 200 27
180.162.245.190 - - [13/Oct/2020:08:43:55 +0800] "GET /xingrg/all/function/internal_message.html?_=1602549834745&CODE_STATE=getMsg HTTP/1.1" 200 27
58.37.8.227 - - [13/Oct/2020:08:44:13 +0800] "GET /xingrg/all/function/internal_message.html?_=1602549856284&CODE_STATE=getMsg HTTP/1.1" 200 27
101.89.239.120 - - [13/Oct/2020:08:44:13 +0800] "GET /xingrg/all/function/internal_message.html?_=1602549316286&CODE_STATE=getMsg HTTP/1.1" 302 -
172.17.0.100 - - [13/Oct/2020:08:44:16 +0800] "POST /xingrg/kc/buy/cgsh_list_operate.html HTTP/1.1" 200 4
101.89.239.120 - - [13/Oct/2020:08:44:19 +0800] "GET /xingrg/login.html HTTP/1.1" 200 7641
172.17.0.100 - - [13/Oct/2020:08:44:21 +0800] "POST /xingrg/kc/buy/cgsh_list_operate.html HTTP/1.1" 200 5119
180.174.56.115 - - [13/Oct/2020:08:44:30 +0800] "GET /xingrg/all/function/internal_message.html?_=1602549870043&CODE_STATE=getMsg HTTP/1.1" 200 27
101.91.60.104 - - [13/Oct/2020:08:44:39 +0800] "GET /xingrg/all/function/internal_message.html?_=1602549196289&CODE_STATE=getMsg HTTP/1.1" 302 -
114.88.166.242 - - [13/Oct/2020:08:44:40 +0800] "GET /xingrg/all/function/internal_message.html?_=1602549965289&CODE_STATE=getMsg HTTP/1.1" 200 27
172.17.0.100 - - [13/Oct/2020:08:44:40 +0800] "GET /xingrg/all/function/internal_message.html?_=1602549878575&CODE_STATE=getMsg HTTP/1.1" 200 27
172.17.0.100 - - [13/Oct/2020:08:44:41 +0800] "POST /xingrg/kc/buy/cgsh_list_operate.html HTTP/1.1" 200 4
222.69.137.251 - - [13/Oct/2020:08:44:41 +0800] "GET /xingrg/all/function/internal_message.html?_=1602549881112&CODE_STATE=getMsg HTTP/1.1" 200 27
172.17.0.100 - - [13/Oct/2020:08:44:43 +0800] "POST /xingrg/kc/buy/cgsh_list_operate.html HTTP/1.1" 200 3877
124.77.70.31 - - [13/Oct/2020:08:44:44 +0800] "GET /xingrg/all/function/internal_message.html?_=1602549885159&CODE_STATE=getMsg HTTP/1.1" 200 27
124.77.70.31 - - [13/Oct/2020:08:44:44 +0800] "GET /xingrg/check_reg.html?_=1602549885161 HTTP/1.1" 200 22
222.69.137.251 - - [13/Oct/2020:08:44:45 +0800] "GET /xingrg/kc/buy/cgsh_order_operate.html?command=get_materiel&rest_code=00149&code=00101003025&supplier_code=00100039&order_time=2020-10-13 HTTP/1.1" 200 428
101.91.60.104 - - [13/Oct/2020:08:44:46 +0800] "GET /xingrg/login.html HTTP/1.1" 200 7641
114.88.166.242 - - [13/Oct/2020:08:44:54 +0800] "GET /xingrg/all/function/internal_message.html?_=1602549893169&CODE_STATE=getMsg HTTP/1.1" 200 27
180.162.245.190 - - [13/Oct/2020:08:44:55 +0800] "GET /xingrg/all/function/internal_message.html?_=1602549894746&CODE_STATE=getMsg HTTP/1.1" 200 27
172.17.0.100 - - [13/Oct/2020:08:44:59 +0800] "POST /xingrg/kc/buy/cgsh_list_operate.html HTTP/1.1" 200 4
172.17.0.100 - - [13/Oct/2020:08:45:01 +0800] "POST /xingrg/kc/buy/cgsh_list_operate.html HTTP/1.1" 200 876
58.37.8.227 - - [13/Oct/2020:08:45:13 +0800] "GET /xingrg/all/function/internal_message.html?_=1602549916284&CODE_STATE=getMsg HTTP/1.1" 200 27
180.157.253.48 - - [13/Oct/2020:08:45:28 +0800] "GET /xingrg/login.html HTTP/1.1" 200 7641
180.157.253.48 - - [13/Oct/2020:08:45:28 +0800] "GET /xingrg/images/blue/jxLogo.png HTTP/1.1" 304 -
180.157.253.48 - - [13/Oct/2020:08:45:28 +0800] "GET /xingrg/images/blue/login_bg.png HTTP/1.1" 304 -
180.157.253.48 - - [13/Oct/2020:08:45:28 +0800] "GET /xingrg/images/blue/hj.png HTTP/1.1" 304 -
180.157.253.48 - - [13/Oct/2020:08:45:28 +0800] "GET /xingrg/images/blue/srbg.png HTTP/1.1" 304 -
180.157.253.48 - - [13/Oct/2020:08:45:28 +0800] "GET /favicon.ico HTTP/1.1" 404 -
180.174.56.115 - - [13/Oct/2020:08:45:30 +0800] "GET /xingrg/all/function/internal_message.html?_=1602549930091&CODE_STATE=getMsg HTTP/1.1" 200 27
180.157.253.48 - - [13/Oct/2020:08:45:40 +0800] "POST /xingrg/login.do HTTP/1.1" 302 -
180.157.253.48 - - [13/Oct/2020:08:45:40 +0800] "GET /xingrg/javascript/jquery_easy_ui/themes/default/easyui.css HTTP/1.1" 304 -
180.157.253.48 - - [13/Oct/2020:08:45:40 +0800] "GET /xingrg/javascript/jquery_easy_ui/themes/icon.css HTTP/1.1" 304 -
180.157.253.48 - - [13/Oct/2020:08:45:40 +0800] "GET /xingrg/index.html?sysBaseUrl=http%3A%2F%2F180.169.147.146%3A18081%2Fxingrg%2F&costTime=40×tamp=1602549940163 HTTP/1.1" 200 17179
180.157.253.48 - - [13/Oct/2020:08:45:40 +0800] "GET /xingrg/javascript/jquery-1.4.2.min.js HTTP/1.1" 304 -
180.157.253.48 - - [13/Oct/2020:08:45:40 +0800] "GET /xingrg/css/form.css HTTP/1.1" 304 -
180.157.253.48 - - [13/Oct/2020:08:45:40 +0800] "GET /xingrg/javascript/jquery_easy_ui/easyui-lang-zh_CN.js HTTP/1.1" 304 -
180.157.253.48 - - [13/Oct/2020:08:45:40 +0800] "GET /xingrg/javascript/jquery.form.js HTTP/1.1" 304 -
180.157.253.48 - - [13/Oct/2020:08:45:40 +0800] "GET /xingrg/javascript/jquery_easy_ui/jquery.easyui.min.js HTTP/1.1" 304 -
180.157.253.48 - - [13/Oct/2020:08:45:40 +0800] "GET /xingrg/javascript/jquery.utils.js HTTP/1.1" 304 -
180.157.253.48 - - [13/Oct/2020:08:45:40 +0800] "GET /xingrg/javascript/jquery.timers.js HTTP/1.1" 304 -
180.157.253.48 - - [13/Oct/2020:08:45:40 +0800] "GET /xingrg/images/blue/navBackgound.jpg HTTP/1.1" 304 -
180.157.253.48 - - [13/Oct/2020:08:45:40 +0800] "GET /xingrg/images/blue/jxLogo.png HTTP/1.1" 304 -
180.157.253.48 - - [13/Oct/2020:08:45:40 +0800] "GET /xingrg/javascript/jquery_easy_ui/themes/icons/settle_new.png HTTP/1.1" 304 -
180.157.253.48 - - [13/Oct/2020:08:45:40 +0800] "GET /xingrg/images/blue/pingpu.png HTTP/1.1" 304 -
180.157.253.48 - - [13/Oct/2020:08:45:40 +0800] "GET /favicon.ico HTTP/1.1" 404 -
180.157.253.48 - - [13/Oct/2020:08:45:40 +0800] "POST /xingrg/all/common/load_tree.html?tree=area_rest_tree_json&manage=1 HTTP/1.1" 200 351
180.157.253.48 - - [13/Oct/2020:08:45:40 +0800] "GET /xingrg/javascript/jquery_easy_ui/themes/default/images/tabs_rightarrow.png HTTP/1.1" 304 -
180.157.253.48 - - [13/Oct/2020:08:45:40 +0800] "GET /xingrg/javascript/jquery_easy_ui/themes/default/images/tabs_leftarrow.png HTTP/1.1" 304 -
180.157.253.48 - - [13/Oct/2020:08:45:40 +0800] "GET /xingrg/javascript/jquery_easy_ui/themes/default/images/panel_tool_collapse.gif HTTP/1.1" 304 -
180.157.253.48 - - [13/Oct/2020:08:45:40 +0800] "GET /xingrg/check_reg.html?_=1602549940290 HTTP/1.1" 200 22
180.157.253.48 - - [13/Oct/2020:08:45:40 +0800] "GET /xingrg/all/function/internal_message.html?_=1602549940289&CODE_STATE=count HTTP/1.1" 200 11
180.157.253.48 - - [13/Oct/2020:08:45:40 +0800] "POST /xingrg/load_menu.html HTTP/1.1" 200 5138
180.157.253.48 - - [13/Oct/2020:08:45:40 +0800] "GET /xingrg/javascript/jquery_easy_ui/themes/default/images/tree_arrows.gif HTTP/1.1" 304 -
180.157.253.48 - - [13/Oct/2020:08:45:40 +0800] "GET /xingrg/javascript/jquery_easy_ui/themes/default/images/tree_folder_open.gif HTTP/1.1" 304 -
180.157.253.48 - - [13/Oct/2020:08:45:40 +0800] "GET /xingrg/javascript/jquery_easy_ui/themes/icons/search_new.png HTTP/1.1" 304 -
180.157.253.48 - - [13/Oct/2020:08:45:40 +0800] "GET /xingrg/javascript/jquery_easy_ui/themes/icons/storage_new.png HTTP/1.1" 304 -
180.157.253.48 - - [13/Oct/2020:08:45:40 +0800] "GET /xingrg/javascript/jquery_easy_ui/themes/default/images/tree_folder.gif HTTP/1.1" 304 -
180.157.253.48 - - [13/Oct/2020:08:45:40 +0800] "GET /xingrg/javascript/jquery_easy_ui/themes/icons/forms_new.png HTTP/1.1" 304 -
180.157.253.48 - - [13/Oct/2020:08:45:40 +0800] "GET /xingrg/javascript/jquery_easy_ui/themes/default/images/tree_file.gif HTTP/1.1" 304 -
114.88.166.242 - - [13/Oct/2020:08:45:40 +0800] "GET /xingrg/check_reg.html?_=1602550025290 HTTP/1.1" 200 22
172.17.0.100 - - [13/Oct/2020:08:45:40 +0800] "GET /xingrg/all/function/internal_message.html?_=1602549938569&CODE_STATE=getMsg HTTP/1.1" 200 27
114.88.166.242 - - [13/Oct/2020:08:45:40 +0800] "GET /xingrg/all/function/internal_message.html?_=1602550025296&CODE_STATE=getMsg HTTP/1.1" 200 27
222.69.137.251 - - [13/Oct/2020:08:45:41 +0800] "GET /xingrg/all/function/internal_message.html?_=1602549941121&CODE_STATE=getMsg HTTP/1.1" 200 27
222.69.137.251 - - [13/Oct/2020:08:45:41 +0800] "GET /xingrg/check_reg.html?_=1602549941125 HTTP/1.1" 200 22
222.69.137.251 - - [13/Oct/2020:08:45:42 +0800] "POST /xingrg/kc/buy/cgsh_order_operate.html HTTP/1.1" 200 37
124.77.70.31 - - [13/Oct/2020:08:45:44 +0800] "GET /xingrg/all/function/internal_message.html?_=1602549945167&CODE_STATE=getMsg HTTP/1.1" 200 27
222.69.137.251 - - [13/Oct/2020:08:45:45 +0800] "POST /xingrg/kc/buy/cgsh_order_operate.html HTTP/1.1" 200 12
180.157.253.48 - - [13/Oct/2020:08:45:50 +0800] "GET /xingrg/javascript/jquery_easy_ui/themes/default/images/tabs_close.gif HTTP/1.1" 304 -
180.157.253.48 - - [13/Oct/2020:08:45:50 +0800] "GET /xingrg/css/base.css HTTP/1.1" 304 -
180.157.253.48 - - [13/Oct/2020:08:45:50 +0800] "GET /xingrg/css/site.css HTTP/1.1" 304 -
180.157.253.48 - - [13/Oct/2020:08:45:50 +0800] "GET /xingrg/javascript/jquery_tools/datebox.css HTTP/1.1" 304 -
180.157.253.48 - - [13/Oct/2020:08:45:50 +0800] "GET /xingrg/javascript/easyui/themes/default/easyui.css HTTP/1.1" 304 -
180.157.253.48 - - [13/Oct/2020:08:45:50 +0800] "GET /xingrg/javascript/easyui/themes/icon.css HTTP/1.1" 304 -
180.157.253.48 - - [13/Oct/2020:08:45:50 +0800] "GET /xingrg/javascript/auto/jquery.autocomplete.css HTTP/1.1" 304 -
180.157.253.48 - - [13/Oct/2020:08:45:50 +0800] "GET /xingrg/javascript/jquery_tools/fix.css HTTP/1.1" 304 -
180.157.253.48 - - [13/Oct/2020:08:45:50 +0800] "GET /xingrg/javascript/jquery_tools/table.css HTTP/1.1" 304 -
180.157.253.48 - - [13/Oct/2020:08:45:50 +0800] "GET /xingrg/javascript/jquery_tools/jquery.tools.min.js HTTP/1.1" 304 -
180.157.253.48 - - [13/Oct/2020:08:45:50 +0800] "GET /xingrg/javascript/jquery_tools/jquery.tools.extend.js HTTP/1.1" 304 -
180.157.253.48 - - [13/Oct/2020:08:45:50 +0800] "GET /xingrg/javascript/jquery_tools/jquery.tools.hotkey.js HTTP/1.1" 304 -
180.157.253.48 - - [13/Oct/2020:08:45:50 +0800] "GET /xingrg/kc/buy/cgsh_order_list.html HTTP/1.1" 200 44205
180.157.253.48 - - [13/Oct/2020:08:45:50 +0800] "GET /xingrg/javascript/jquery_tools/jquery.tools.table.js HTTP/1.1" 304 -
180.157.253.48 - - [13/Oct/2020:08:45:50 +0800] "GET /xingrg/javascript/auto/jquery.autocomplete.js HTTP/1.1" 304 -
180.157.253.48 - - [13/Oct/2020:08:45:50 +0800] "GET /xingrg/javascript/jquery_tools/list_manager.js HTTP/1.1" 304 -
180.157.253.48 - - [13/Oct/2020:08:45:50 +0800] "GET /xingrg/javascript/easyui/easyloader.js HTTP/1.1" 304 -
180.157.253.48 - - [13/Oct/2020:08:45:50 +0800] "GET /xingrg/javascript/jquery.cookie.js HTTP/1.1" 304 -
180.157.253.48 - - [13/Oct/2020:08:45:50 +0800] "GET /xingrg/javascript/jquery.utils.js HTTP/1.1" 304 -
180.157.253.48 - - [13/Oct/2020:08:45:50 +0800] "GET /xingrg/javascript/print/LodopFuncs.js HTTP/1.1" 304 -
180.157.253.48 - - [13/Oct/2020:08:45:51 +0800] "GET /xingrg/javascript/easyui/themes/icons/cance_new.png HTTP/1.1" 304 -
180.157.253.48 - - [13/Oct/2020:08:45:51 +0800] "GET /xingrg/javascript/easyui/themes/icons/edit_add_new.png HTTP/1.1" 304 -
180.157.253.48 - - [13/Oct/2020:08:45:51 +0800] "GET /xingrg/javascript/easyui/themes/icons/check_new.png HTTP/1.1" 304 -
180.157.253.48 - - [13/Oct/2020:08:45:51 +0800] "GET /xingrg/javascript/easyui/themes/icons/field_new.png HTTP/1.1" 304 -
180.157.253.48 - - [13/Oct/2020:08:45:51 +0800] "GET /xingrg/javascript/easyui/themes/icons/import_new.png HTTP/1.1" 304 -
180.157.253.48 - - [13/Oct/2020:08:45:51 +0800] "GET /xingrg/javascript/easyui/plugins/jquery.parser.js HTTP/1.1" 304 -
180.157.253.48 - - [13/Oct/2020:08:45:51 +0800] "GET /xingrg/images/control/ajaxLoader.gif HTTP/1.1" 304 -
180.157.253.48 - - [13/Oct/2020:08:45:51 +0800] "GET /xingrg/javascript/jquery_easy_ui/themes/icons/area.png HTTP/1.1" 304 -
180.157.253.48 - - [13/Oct/2020:08:45:51 +0800] "GET /xingrg/javascript/jquery_easy_ui/themes/icons/rest.png HTTP/1.1" 304 -
222.69.137.251 - - [13/Oct/2020:08:45:51 +0800] "GET /xingrg/kc/buy/cgsh_order_info.html?code=212020101305245 HTTP/1.1" 200 54893
180.157.253.48 - - [13/Oct/2020:08:45:51 +0800] "POST /xingrg/kc/buy/cgsh_list_operate.html HTTP/1.1" 200 876
222.69.137.251 - - [13/Oct/2020:08:45:51 +0800] "GET /xingrg/javascript/easyui/themes/default/validatebox.css HTTP/1.1" 404 1104
222.69.137.251 - - [13/Oct/2020:08:45:52 +0800] "POST /xingrg/kc/buy/cgsh_order_operate.html HTTP/1.1" 200 1795
180.157.253.48 - - [13/Oct/2020:08:45:52 +0800] "GET /xingrg/javascript/easyui/themes/default/images/button_plain_hover.png HTTP/1.1" 304 -
180.157.253.48 - - [13/Oct/2020:08:45:52 +0800] "GET /xingrg/javascript/easyui/themes/default/images/button_plain_hover.png HTTP/1.1" 304 -
180.157.253.48 - - [13/Oct/2020:08:45:52 +0800] "GET /xingrg/javascript/easyui/themes/default/images/button_plain_hover.png HTTP/1.1" 304 -
180.157.253.48 - - [13/Oct/2020:08:45:53 +0800] "GET /xingrg/css/base.css HTTP/1.1" 304 -
180.157.253.48 - - [13/Oct/2020:08:45:53 +0800] "GET /xingrg/css/site.css HTTP/1.1" 304 -
180.157.253.48 - - [13/Oct/2020:08:45:53 +0800] "GET /xingrg/javascript/auto/jquery.autocomplete.css HTTP/1.1" 304 -
180.157.253.48 - - [13/Oct/2020:08:45:53 +0800] "GET /xingrg/javascript/jquery_tools/datebox.css HTTP/1.1" 304 -
180.157.253.48 - - [13/Oct/2020:08:45:53 +0800] "GET /xingrg/javascript/pic_change.js HTTP/1.1" 304 -
180.157.253.48 - - [13/Oct/2020:08:45:53 +0800] "GET /xingrg/javascript/easyui/themes/icon.css HTTP/1.1" 304 -
180.157.253.48 - - [13/Oct/2020:08:45:53 +0800] "GET /xingrg/javascript/jquery_tools/table.css HTTP/1.1" 304 -
180.157.253.48 - - [13/Oct/2020:08:45:53 +0800] "GET /xingrg/javascript/easyui/themes/default/easyui.css HTTP/1.1" 304 -
180.157.253.48 - - [13/Oct/2020:08:45:53 +0800] "GET /xingrg/kc/buy/cgsh_order_add.html HTTP/1.1" 200 59937
180.157.253.48 - - [13/Oct/2020:08:45:53 +0800] "GET /xingrg/javascript/jquery_tools/jquery.tools.table.js HTTP/1.1" 304 -
180.157.253.48 - - [13/Oct/2020:08:45:53 +0800] "GET /xingrg/javascript/jquery_tools/fix.css HTTP/1.1" 304 -
180.157.253.48 - - [13/Oct/2020:08:45:53 +0800] "GET /xingrg/javascript/jquery_tools/jquery.tools.hotkey.js HTTP/1.1" 304 -
180.157.253.48 - - [13/Oct/2020:08:45:53 +0800] "GET /xingrg/javascript/jquery_tools/jquery.tools.extend.js HTTP/1.1" 304 -
180.157.253.48 - - [13/Oct/2020:08:45:53 +0800] "GET /xingrg/javascript/easyui/easyloader.js HTTP/1.1" 304 -
180.157.253.48 - - [13/Oct/2020:08:45:53 +0800] "GET /xingrg/javascript/auto/jquery.autocomplete.js HTTP/1.1" 304 -
180.157.253.48 - - [13/Oct/2020:08:45:53 +0800] "GET /xingrg/javascript/jquery_tools/order_manager.js HTTP/1.1" 304 -
180.157.253.48 - - [13/Oct/2020:08:45:53 +0800] "GET /xingrg/javascript/convert.js HTTP/1.1" 304 -
180.157.253.48 - - [13/Oct/2020:08:45:53 +0800] "GET /xingrg/javascript/jquery.utils.js HTTP/1.1" 304 -
180.157.253.48 - - [13/Oct/2020:08:45:53 +0800] "GET /xingrg/javascript/print/LodopFuncs.js HTTP/1.1" 304 -
180.157.253.48 - - [13/Oct/2020:08:45:53 +0800] "GET /xingrg/javascript/print/kc_print.js HTTP/1.1" 304 -
180.157.253.48 - - [13/Oct/2020:08:45:53 +0800] "GET /xingrg/javascript/json2.js HTTP/1.1" 304 -
180.157.253.48 - - [13/Oct/2020:08:45:53 +0800] "GET /xingrg/javascript/jquery.cookie.js HTTP/1.1" 304 -
180.157.253.48 - - [13/Oct/2020:08:45:53 +0800] "GET /xingrg/javascript/jquery_tools/jquery.tools.min.js HTTP/1.1" 304 -
180.157.253.48 - - [13/Oct/2020:08:45:53 +0800] "GET /xingrg/words/20201013070809_words.js HTTP/1.1" 200 768557
180.157.253.48 - - [13/Oct/2020:08:45:53 +0800] "GET /xingrg/javascript/easyui/themes/icons/copy_new.png HTTP/1.1" 304 -
180.157.253.48 - - [13/Oct/2020:08:45:53 +0800] "GET /xingrg/javascript/easyui/themes/icons/template_new.png HTTP/1.1" 304 -
180.157.253.48 - - [13/Oct/2020:08:45:53 +0800] "GET /xingrg/javascript/easyui/themes/icons/ok.png HTTP/1.1" 304 -
180.157.253.48 - - [13/Oct/2020:08:45:53 +0800] "GET /xingrg/javascript/easyui/themes/icons/print.png HTTP/1.1" 304 -
180.157.253.48 - - [13/Oct/2020:08:45:53 +0800] "GET /xingrg/javascript/easyui/themes/default/images/menu_downarrow.png HTTP/1.1" 304 -
180.157.253.48 - - [13/Oct/2020:08:45:53 +0800] "GET /xingrg/javascript/easyui/themes/icons/cancel.png HTTP/1.1" 304 -
124.77.70.31 - - [13/Oct/2020:08:45:53 +0800] "GET /xingrg/login.html HTTP/1.1" 200 7641
180.157.253.48 - - [13/Oct/2020:08:45:53 +0800] "GET /xingrg/javascript/easyui/plugins/jquery.parser.js HTTP/1.1" 304 -
180.157.253.48 - - [13/Oct/2020:08:45:53 +0800] "POST /xingrg/kc/buy/cgsh_order_operate.html HTTP/1.1" 200 8245
180.157.253.48 - - [13/Oct/2020:08:45:53 +0800] "GET /xingrg/javascript/easyui/themes/icons/edit_remove.png HTTP/1.1" 304 -
180.157.253.48 - - [13/Oct/2020:08:45:53 +0800] "GET /xingrg/all/common/auto_word.html?type=employee&rest_code=00148 HTTP/1.1" 200 147
180.157.253.48 - - [13/Oct/2020:08:45:53 +0800] "GET /xingrg/all/common/auto_word.html?type=employee&rest_code=00148 HTTP/1.1" 200 147
180.157.253.48 - - [13/Oct/2020:08:45:53 +0800] "GET /xingrg/javascript/easyui/themes/default/validatebox.css HTTP/1.1" 404 1104
180.157.253.48 - - [13/Oct/2020:08:45:53 +0800] "GET /xingrg/javascript/easyui/plugins/jquery.validatebox.js HTTP/1.1" 304 -
180.157.253.48 - - [13/Oct/2020:08:45:53 +0800] "GET /xingrg/javascript/easyui/plugins/jquery.numberbox.js HTTP/1.1" 304 -
114.88.166.242 - - [13/Oct/2020:08:45:55 +0800] "GET /xingrg/all/function/internal_message.html?_=1602549953173&CODE_STATE=getMsg HTTP/1.1" 200 27
180.162.245.190 - - [13/Oct/2020:08:45:55 +0800] "GET /xingrg/all/function/internal_message.html?_=1602549954745&CODE_STATE=getMsg HTTP/1.1" 200 27
180.162.245.190 - - [13/Oct/2020:08:45:55 +0800] "GET /xingrg/check_reg.html?_=1602549954744 HTTP/1.1" 200 22
124.77.70.31 - - [13/Oct/2020:08:45:55 +0800] "GET /favicon.ico HTTP/1.1" 404 -
222.69.137.251 - - [13/Oct/2020:08:45:56 +0800] "GET /xingrg/kc/print/load_data.html?order_code=212020101305245&kc_code=cgsh&condition= HTTP/1.1" 200 1182
124.77.70.31 - - [13/Oct/2020:08:45:58 +0800] "POST /xingrg/login.do HTTP/1.1" 302 -
124.77.70.31 - - [13/Oct/2020:08:45:58 +0800] "GET /xingrg/index.html?sysBaseUrl=http%3A%2F%2F180.169.147.146%3A18081%2Fxingrg%2F&costTime=40×tamp=1602549958100 HTTP/1.1" 200 17179
124.77.70.31 - - [13/Oct/2020:08:45:59 +0800] "GET /favicon.ico HTTP/1.1" 404 -
124.77.70.31 - - [13/Oct/2020:08:45:59 +0800] "POST /xingrg/all/common/load_tree.html?tree=area_rest_tree_json&manage=1 HTTP/1.1" 200 476
124.77.70.31 - - [13/Oct/2020:08:46:00 +0800] "GET /xingrg/all/function/internal_message.html?_=1602549955447&CODE_STATE=count HTTP/1.1" 200 11
124.77.70.31 - - [13/Oct/2020:08:46:00 +0800] "GET /xingrg/check_reg.html?_=1602549955491 HTTP/1.1" 200 22
124.77.70.31 - - [13/Oct/2020:08:46:00 +0800] "POST /xingrg/load_menu.html HTTP/1.1" 200 5138
180.157.253.48 - - [13/Oct/2020:08:46:04 +0800] "GET /xingrg/javascript/auto/indicator.gif HTTP/1.1" 404 1066
222.69.137.251 - - [13/Oct/2020:08:46:04 +0800] "GET /xingrg/kc/buy/cgsh_order_add.html HTTP/1.1" 200 59990
222.69.137.251 - - [13/Oct/2020:08:46:04 +0800] "POST /xingrg/kc/buy/cgsh_order_operate.html HTTP/1.1" 200 8245
222.69.137.251 - - [13/Oct/2020:08:46:04 +0800] "GET /xingrg/javascript/easyui/themes/default/validatebox.css HTTP/1.1" 404 1104
180.157.253.48 - - [13/Oct/2020:08:46:05 +0800] "GET /xingrg/javascript/jquery_tools/images/next.gif HTTP/1.1" 404 1086
180.157.253.48 - - [13/Oct/2020:08:46:05 +0800] "GET /xingrg/javascript/jquery_tools/images/prev.gif HTTP/1.1" 404 1086
180.157.253.48 - - [13/Oct/2020:08:46:05 +0800] "GET /xingrg/javascript/pic_change.js HTTP/1.1" 304 -
180.157.253.48 - - [13/Oct/2020:08:46:05 +0800] "GET /xingrg/javascript/jquery_tools/jquery.tools.hotkey.js HTTP/1.1" 304 -
180.157.253.48 - - [13/Oct/2020:08:46:05 +0800] "GET /xingrg/javascript/easyui/easyloader.js HTTP/1.1" 304 -
180.157.253.48 - - [13/Oct/2020:08:46:05 +0800] "GET /xingrg/javascript/jquery_tools/jquery.tools.min.js HTTP/1.1" 304 -
180.157.253.48 - - [13/Oct/2020:08:46:05 +0800] "GET /xingrg/javascript/jquery_tools/jquery.tools.table.js HTTP/1.1" 304 -
180.157.253.48 - - [13/Oct/2020:08:46:05 +0800] "GET /xingrg/javascript/jquery_tools/jquery.tools.extend.js HTTP/1.1" 304 -
180.157.253.48 - - [13/Oct/2020:08:46:05 +0800] "GET /xingrg/javascript/auto/jquery.autocomplete.js HTTP/1.1" 304 -
180.157.253.48 - - [13/Oct/2020:08:46:05 +0800] "GET /xingrg/javascript/convert.js HTTP/1.1" 304 -
180.157.253.48 - - [13/Oct/2020:08:46:05 +0800] "GET /xingrg/javascript/jquery_tools/order_manager.js HTTP/1.1" 304 -
180.157.253.48 - - [13/Oct/2020:08:46:05 +0800] "GET /xingrg/javascript/json2.js HTTP/1.1" 304 -
180.157.253.48 - - [13/Oct/2020:08:46:05 +0800] "GET /xingrg/javascript/print/LodopFuncs.js HTTP/1.1" 304 -
180.157.253.48 - - [13/Oct/2020:08:46:05 +0800] "GET /xingrg/javascript/easyui/plugins/jquery.parser.js HTTP/1.1" 304 -
180.157.253.48 - - [13/Oct/2020:08:46:05 +0800] "GET /xingrg/javascript/print/kc_print.js HTTP/1.1" 304 -
180.157.253.48 - - [13/Oct/2020:08:46:05 +0800] "GET /xingrg/javascript/jquery.cookie.js HTTP/1.1" 304 -
180.157.253.48 - - [13/Oct/2020:08:46:05 +0800] "GET /xingrg/javascript/easyui/plugins/jquery.validatebox.js HTTP/1.1" 304 -
180.157.253.48 - - [13/Oct/2020:08:46:05 +0800] "GET /xingrg/words/20201013070809_words.js HTTP/1.1" 304 -
180.157.253.48 - - [13/Oct/2020:08:46:05 +0800] "GET /xingrg/javascript/easyui/plugins/jquery.numberbox.js HTTP/1.1" 304 -
180.157.253.48 - - [13/Oct/2020:08:46:05 +0800] "GET /xingrg/javascript/jquery.utils.js HTTP/1.1" 304 -
218.81.217.115 - - [13/Oct/2020:08:46:07 +0800] "GET /xingrg/check_reg.html?_=1602549971445 HTTP/1.1" 200 22
101.89.239.245 - - [13/Oct/2020:08:46:09 +0800] "GET /xingrg/all/function/internal_message.html?_=1602549256288&CODE_STATE=getMsg HTTP/1.1" 302 -
180.157.253.48 - - [13/Oct/2020:08:46:09 +0800] "GET /xingrg/kc/buy/cgsh_order_operate.html?command=get_materiel&rest_code=00148&code=00101009019&supplier_code=00100022&order_time=2020-10-13 HTTP/1.1" 200 433
58.37.8.227 - - [13/Oct/2020:08:46:13 +0800] "GET /xingrg/all/function/internal_message.html?_=1602549976323&CODE_STATE=getMsg HTTP/1.1" 200 27
101.89.239.245 - - [13/Oct/2020:08:46:18 +0800] "GET /xingrg/login.html HTTP/1.1" 200 7641
222.69.137.251 - - [13/Oct/2020:08:46:18 +0800] "POST /xingrg/kc/buy/cgsh_list_operate.html HTTP/1.1" 200 5893
180.157.253.48 - - [13/Oct/2020:08:46:22 +0800] "GET /xingrg/kc/buy/cgsh_order_operate.html?command=get_materiel&rest_code=00148&code=00101009057&supplier_code=00100022&order_time=2020-10-13 HTTP/1.1" 200 408
180.174.56.115 - - [13/Oct/2020:08:46:30 +0800] "GET /xingrg/check_reg.html?_=1602549990138 HTTP/1.1" 200 22
180.174.56.115 - - [13/Oct/2020:08:46:30 +0800] "GET /xingrg/all/function/internal_message.html?_=1602549990142&CODE_STATE=getMsg HTTP/1.1" 200 27
180.157.253.48 - - [13/Oct/2020:08:46:40 +0800] "GET /xingrg/all/function/internal_message.html?_=1602550000304&CODE_STATE=getMsg HTTP/1.1" 200 27
114.88.166.242 - - [13/Oct/2020:08:46:40 +0800] "GET /xingrg/all/function/internal_message.html?_=1602550085286&CODE_STATE=getMsg HTTP/1.1" 200 27
172.17.0.100 - - [13/Oct/2020:08:46:40 +0800] "GET /xingrg/all/function/internal_message.html?_=1602549998571&CODE_STATE=getMsg HTTP/1.1" 200 27
222.69.137.251 - - [13/Oct/2020:08:46:41 +0800] "GET /xingrg/all/function/internal_message.html?_=1602550001117&CODE_STATE=getMsg HTTP/1.1" 200 27
124.77.70.31 - - [13/Oct/2020:08:46:44 +0800] "GET /xingrg/all/function/internal_message.html?_=1602550005155&CODE_STATE=getMsg HTTP/1.1" 200 27
114.88.166.242 - - [13/Oct/2020:08:46:55 +0800] "GET /xingrg/all/function/internal_message.html?_=1602550013226&CODE_STATE=getMsg HTTP/1.1" 200 27
180.162.245.190 - - [13/Oct/2020:08:46:55 +0800] "GET /xingrg/all/function/internal_message.html?_=1602550014744&CODE_STATE=getMsg HTTP/1.1" 200 27
180.157.253.48 - - [13/Oct/2020:08:46:57 +0800] "GET /xingrg/javascript/easyui/themes/default/images/button_plain_hover.png HTTP/1.1" 304 -
180.157.253.48 - - [13/Oct/2020:08:46:57 +0800] "GET /xingrg/javascript/easyui/themes/default/images/button_plain_hover.png HTTP/1.1" 304 -
180.157.253.48 - - [13/Oct/2020:08:46:57 +0800] "GET /xingrg/javascript/easyui/themes/default/images/button_plain_hover.png HTTP/1.1" 304 -
180.157.253.48 - - [13/Oct/2020:08:46:57 +0800] "GET /xingrg/javascript/easyui/themes/default/images/button_plain_hover.png HTTP/1.1" 304 -
180.157.253.48 - - [13/Oct/2020:08:46:57 +0800] "GET /xingrg/javascript/easyui/themes/default/images/button_plain_hover.png HTTP/1.1" 304 -
180.157.253.48 - - [13/Oct/2020:08:46:57 +0800] "GET /xingrg/javascript/easyui/themes/default/images/button_plain_hover.png HTTP/1.1" 304 -
180.157.253.48 - - [13/Oct/2020:08:46:57 +0800] "GET /xingrg/javascript/easyui/themes/default/images/button_plain_hover.png HTTP/1.1" 304 -
180.157.253.48 - - [13/Oct/2020:08:47:00 +0800] "POST /xingrg/kc/buy/cgsh_order_operate.html HTTP/1.1" 200 37
124.77.70.31 - - [13/Oct/2020:08:47:00 +0800] "GET /xingrg/all/function/internal_message.html?_=1602550015508&CODE_STATE=getMsg HTTP/1.1" 200 27
180.157.253.48 - - [13/Oct/2020:08:47:01 +0800] "POST /xingrg/kc/buy/cgsh_order_operate.html HTTP/1.1" 200 3246
180.157.253.48 - - [13/Oct/2020:08:47:01 +0800] "GET /xingrg/javascript/easyui/themes/default/images/button_plain_hover.png HTTP/1.1" 304 -
180.157.253.48 - - [13/Oct/2020:08:47:01 +0800] "GET /xingrg/javascript/easyui/themes/default/images/button_plain_hover.png HTTP/1.1" 304 -
180.157.253.48 - - [13/Oct/2020:08:47:01 +0800] "GET /xingrg/javascript/easyui/themes/default/images/button_plain_hover.png HTTP/1.1" 304 -
180.157.253.48 - - [13/Oct/2020:08:47:01 +0800] "GET /xingrg/css/base.css HTTP/1.1" 304 -
180.157.253.48 - - [13/Oct/2020:08:47:01 +0800] "GET /xingrg/css/site.css HTTP/1.1" 304 -
180.157.253.48 - - [13/Oct/2020:08:47:01 +0800] "GET /xingrg/javascript/jquery_tools/datebox.css HTTP/1.1" 304 -
180.157.253.48 - - [13/Oct/2020:08:47:01 +0800] "GET /xingrg/javascript/easyui/themes/default/easyui.css HTTP/1.1" 304 -
180.157.253.48 - - [13/Oct/2020:08:47:01 +0800] "GET /xingrg/javascript/easyui/themes/icon.css HTTP/1.1" 304 -
180.157.253.48 - - [13/Oct/2020:08:47:01 +0800] "GET /xingrg/javascript/jquery_tools/fix.css HTTP/1.1" 304 -
180.157.253.48 - - [13/Oct/2020:08:47:01 +0800] "GET /xingrg/javascript/auto/jquery.autocomplete.css HTTP/1.1" 304 -
180.157.253.48 - - [13/Oct/2020:08:47:01 +0800] "GET /xingrg/javascript/jquery_tools/table.css HTTP/1.1" 304 -
180.157.253.48 - - [13/Oct/2020:08:47:01 +0800] "GET /xingrg/javascript/jquery_tools/jquery.tools.extend.js HTTP/1.1" 304 -
180.157.253.48 - - [13/Oct/2020:08:47:01 +0800] "GET /xingrg/javascript/jquery_tools/jquery.tools.min.js HTTP/1.1" 304 -
