180.174.56.115 - - [11/Oct/2020:10:07:34 +0800] "GET /xingrg/all/function/internal_message.html?_=1602382021325&CODE_STATE=getMsg HTTP/1.1" 200 27
172.17.0.119 - - [11/Oct/2020:10:07:37 +0800] "GET /xingrg/all/function/internal_message.html?_=1602382053221&CODE_STATE=getMsg HTTP/1.1" 200 27
172.17.0.100 - - [11/Oct/2020:10:07:38 +0800] "GET /xingrg/all/function/internal_message.html?_=1602382050716&CODE_STATE=getMsg HTTP/1.1" 200 27
58.221.95.50 - - [11/Oct/2020:10:07:40 +0800] "GET /xingrg/all/function/internal_message.html?_=1602382222163&CODE_STATE=getMsg HTTP/1.1" 302 -
172.17.0.115 - - [11/Oct/2020:10:07:40 +0800] "GET /xingrg/check_reg.html?_=1602382077425 HTTP/1.1" 200 22
58.221.95.50 - - [11/Oct/2020:10:07:41 +0800] "GET /xingrg/check_reg.html?_=1602382223393 HTTP/1.1" 302 -
120.253.135.82 - - [11/Oct/2020:10:07:44 +0800] "GET /xingrg/all/function/internal_message.html?_=1602381807614&CODE_STATE=getMsg HTTP/1.1" 200 27
222.69.139.234 - - [11/Oct/2020:10:07:44 +0800] "GET /xingrg/all/function/internal_message.html?_=1602382059980&CODE_STATE=getMsg HTTP/1.1" 200 27
114.88.166.242 - - [11/Oct/2020:10:07:49 +0800] "GET /xingrg/all/function/internal_message.html?_=1602382059948&CODE_STATE=getMsg HTTP/1.1" 200 27
218.81.217.115 - - [11/Oct/2020:10:07:51 +0800] "GET /xingrg/all/function/internal_message.html?_=1602382067456&CODE_STATE=getMsg HTTP/1.1" 200 27
180.174.56.115 - - [11/Oct/2020:10:07:55 +0800] "GET /xingrg/all/function/internal_message.html?_=1602382069733&CODE_STATE=getMsg HTTP/1.1" 200 27
172.17.0.115 - - [11/Oct/2020:10:07:56 +0800] "GET /xingrg/all/function/internal_message.html?_=1602382093132&CODE_STATE=getMsg HTTP/1.1" 200 27
172.17.0.240 - - [11/Oct/2020:10:07:57 +0800] "GET /xingrg/all/function/internal_message.html?_=1602382071322&CODE_STATE=getMsg HTTP/1.1" 200 27
222.69.134.80 - - [11/Oct/2020:10:08:09 +0800] "GET /xingrg/all/function/internal_message.html?_=1602382084194&CODE_STATE=getMsg HTTP/1.1" 200 27
180.162.245.190 - - [11/Oct/2020:10:08:10 +0800] "GET /xingrg/all/function/internal_message.html?_=1602382084610&CODE_STATE=getMsg HTTP/1.1" 200 27
180.157.253.48 - - [11/Oct/2020:10:08:10 +0800] "GET /xingrg/all/function/internal_message.html?_=1602382084606&CODE_STATE=getMsg HTTP/1.1" 200 27
116.232.48.169 - - [11/Oct/2020:10:08:11 +0800] "GET /xingrg/all/function/internal_message.html?_=1602382180656&CODE_STATE=getMsg HTTP/1.1" 200 27
114.88.166.242 - - [11/Oct/2020:10:08:14 +0800] "GET /xingrg/all/function/internal_message.html?_=1602382170823&CODE_STATE=getMsg HTTP/1.1" 200 27
117.185.32.26 - - [11/Oct/2020:10:08:21 +0800] "GET /xingrg/all/function/internal_message.html?_=1602382533681&CODE_STATE=getMsg HTTP/1.1" 200 27
172.17.0.123 - - [11/Oct/2020:10:08:22 +0800] "GET /xingrg/all/function/internal_message.html?_=1602382073338&CODE_STATE=getMsg HTTP/1.1" 200 27
180.162.245.190 - - [11/Oct/2020:10:08:23 +0800] "GET /xingrg/kc/buy/cgsh_order_list.html HTTP/1.1" 200 44199
180.162.245.190 - - [11/Oct/2020:10:08:24 +0800] "POST /xingrg/kc/buy/cgsh_list_operate.html HTTP/1.1" 200 2771
180.162.245.190 - - [11/Oct/2020:10:08:29 +0800] "GET /xingrg/kc/buy/cgsh_order_add.html HTTP/1.1" 200 59984
180.162.245.190 - - [11/Oct/2020:10:08:29 +0800] "POST /xingrg/kc/buy/cgsh_order_operate.html HTTP/1.1" 200 8245
180.162.245.190 - - [11/Oct/2020:10:08:29 +0800] "GET /xingrg/javascript/easyui/themes/default/validatebox.css HTTP/1.1" 404 1104
172.17.200.101 - - [11/Oct/2020:10:08:30 +0800] "GET /xingrg/all/function/internal_message.html?_=1602382107152&CODE_STATE=getMsg HTTP/1.1" 200 27
58.37.8.227 - - [11/Oct/2020:10:08:30 +0800] "GET /xingrg/all/function/internal_message.html?_=1602382124325&CODE_STATE=getMsg HTTP/1.1" 200 27
172.17.0.120 - - [11/Oct/2020:10:08:34 +0800] "GET /xingrg/all/function/internal_message.html?_=1602382107790&CODE_STATE=getMsg HTTP/1.1" 200 27
180.174.56.115 - - [11/Oct/2020:10:08:34 +0800] "GET /xingrg/all/function/internal_message.html?_=1602382081327&CODE_STATE=getMsg HTTP/1.1" 200 27
172.17.0.119 - - [11/Oct/2020:10:08:37 +0800] "GET /xingrg/all/function/internal_message.html?_=1602382113225&CODE_STATE=getMsg HTTP/1.1" 200 27
172.17.0.100 - - [11/Oct/2020:10:08:38 +0800] "GET /xingrg/all/function/internal_message.html?_=1602382110715&CODE_STATE=getMsg HTTP/1.1" 200 27
58.221.95.50 - - [11/Oct/2020:10:08:40 +0800] "GET /xingrg/all/function/internal_message.html?_=1602382282135&CODE_STATE=getMsg HTTP/1.1" 302 -
120.253.135.82 - - [11/Oct/2020:10:08:44 +0800] "GET /xingrg/all/function/internal_message.html?_=1602381867655&CODE_STATE=getMsg HTTP/1.1" 200 27
222.69.139.234 - - [11/Oct/2020:10:08:44 +0800] "GET /xingrg/all/function/internal_message.html?_=1602382119983&CODE_STATE=getMsg HTTP/1.1" 200 27
114.88.166.242 - - [11/Oct/2020:10:08:50 +0800] "GET /xingrg/all/function/internal_message.html?_=1602382119984&CODE_STATE=getMsg HTTP/1.1" 200 27
218.81.217.115 - - [11/Oct/2020:10:08:52 +0800] "GET /xingrg/all/function/internal_message.html?_=1602382127620&CODE_STATE=getMsg HTTP/1.1" 200 27
180.162.245.190 - - [11/Oct/2020:10:08:52 +0800] "GET /xingrg/kc/buy/cgsh_order_operate.html?command=get_materiel&rest_code=00105&code=00101001037&supplier_code=00100090&order_time=2020-10-11 HTTP/1.1" 200 416
180.174.56.115 - - [11/Oct/2020:10:08:55 +0800] "GET /xingrg/all/function/internal_message.html?_=1602382129777&CODE_STATE=getMsg HTTP/1.1" 200 27
172.17.0.115 - - [11/Oct/2020:10:08:56 +0800] "GET /xingrg/all/function/internal_message.html?_=1602382153147&CODE_STATE=getMsg HTTP/1.1" 200 27
218.81.217.115 - - [11/Oct/2020:10:08:56 +0800] "POST /xingrg/services/DataTransmitService HTTP/1.1" 200 524
172.17.0.240 - - [11/Oct/2020:10:08:57 +0800] "GET /xingrg/all/function/internal_message.html?_=1602382131325&CODE_STATE=getMsg HTTP/1.1" 200 27
218.81.217.115 - - [11/Oct/2020:10:08:57 +0800] "POST /xingrg/services/DataTransmitService HTTP/1.1" 200 1863
218.81.217.115 - - [11/Oct/2020:10:08:57 +0800] "POST /xingrg/services/DataTransmitService HTTP/1.1" 200 147576
114.88.166.242 - - [11/Oct/2020:10:08:58 +0800] "GET /xingrg/check_reg.html?_=1602382132930 HTTP/1.1" 200 22
180.162.245.190 - - [11/Oct/2020:10:09:01 +0800] "POST /xingrg/kc/buy/cgsh_order_operate.html HTTP/1.1" 200 37
180.162.245.190 - - [11/Oct/2020:10:09:02 +0800] "POST /xingrg/kc/buy/cgsh_order_operate.html HTTP/1.1" 200 2663
180.162.245.190 - - [11/Oct/2020:10:09:03 +0800] "GET /xingrg/kc/print/load_data.html?order_code=212020101104513&kc_code=cgsh&condition= HTTP/1.1" 200 740
180.162.245.190 - - [11/Oct/2020:10:09:07 +0800] "GET /xingrg/kc/buy/cgsh_order_add.html HTTP/1.1" 200 59984
180.162.245.190 - - [11/Oct/2020:10:09:07 +0800] "POST /xingrg/kc/buy/cgsh_order_operate.html HTTP/1.1" 200 8245
180.162.245.190 - - [11/Oct/2020:10:09:08 +0800] "GET /xingrg/javascript/easyui/themes/default/validatebox.css HTTP/1.1" 404 1104
116.232.48.169 - - [11/Oct/2020:10:09:08 +0800] "GET /xingrg/all/function/internal_message.html?_=1602382240656&CODE_STATE=getMsg HTTP/1.1" 200 27
222.69.134.80 - - [11/Oct/2020:10:09:09 +0800] "GET /xingrg/all/function/internal_message.html?_=1602382144178&CODE_STATE=getMsg HTTP/1.1" 200 27
180.157.253.48 - - [11/Oct/2020:10:09:09 +0800] "GET /xingrg/check_reg.html?_=1602382144128 HTTP/1.1" 200 22
180.162.245.190 - - [11/Oct/2020:10:09:10 +0800] "GET /xingrg/all/function/internal_message.html?_=1602382144612&CODE_STATE=getMsg HTTP/1.1" 200 27
180.157.253.48 - - [11/Oct/2020:10:09:10 +0800] "GET /xingrg/all/function/internal_message.html?_=1602382144619&CODE_STATE=getMsg HTTP/1.1" 200 27
114.88.166.242 - - [11/Oct/2020:10:09:14 +0800] "GET /xingrg/all/function/internal_message.html?_=1602382230823&CODE_STATE=getMsg HTTP/1.1" 200 27
180.162.245.190 - - [11/Oct/2020:10:09:18 +0800] "GET /xingrg/kc/buy/cgsh_order_operate.html?command=get_materiel&rest_code=00105&code=00101018018&supplier_code=00100330&order_time=2020-10-11 HTTP/1.1" 200 417
117.185.32.26 - - [11/Oct/2020:10:09:21 +0800] "GET /xingrg/all/function/internal_message.html?_=1602382593679&CODE_STATE=getMsg HTTP/1.1" 200 27
117.185.32.26 - - [11/Oct/2020:10:09:21 +0800] "GET /xingrg/check_reg.html?_=1602382593681 HTTP/1.1" 200 22
172.17.0.123 - - [11/Oct/2020:10:09:22 +0800] "GET /xingrg/all/function/internal_message.html?_=1602382133340&CODE_STATE=getMsg HTTP/1.1" 200 27
172.17.200.101 - - [11/Oct/2020:10:09:30 +0800] "GET /xingrg/all/function/internal_message.html?_=1602382167153&CODE_STATE=getMsg HTTP/1.1" 200 27
58.37.8.227 - - [11/Oct/2020:10:09:30 +0800] "GET /xingrg/check_reg.html?_=1602382184325 HTTP/1.1" 200 22
58.37.8.227 - - [11/Oct/2020:10:09:30 +0800] "GET /xingrg/all/function/internal_message.html?_=1602382184326&CODE_STATE=getMsg HTTP/1.1" 200 27
172.17.0.120 - - [11/Oct/2020:10:09:34 +0800] "GET /xingrg/all/function/internal_message.html?_=1602382167792&CODE_STATE=getMsg HTTP/1.1" 200 27
180.174.56.115 - - [11/Oct/2020:10:09:34 +0800] "GET /xingrg/all/function/internal_message.html?_=1602382141351&CODE_STATE=getMsg HTTP/1.1" 200 27
172.17.0.119 - - [11/Oct/2020:10:09:37 +0800] "GET /xingrg/all/function/internal_message.html?_=1602382173228&CODE_STATE=getMsg HTTP/1.1" 200 27
172.17.0.100 - - [11/Oct/2020:10:09:38 +0800] "GET /xingrg/all/function/internal_message.html?_=1602382170714&CODE_STATE=getMsg HTTP/1.1" 200 27
58.221.95.50 - - [11/Oct/2020:10:09:40 +0800] "GET /xingrg/all/function/internal_message.html?_=1602382342108&CODE_STATE=getMsg HTTP/1.1" 302 -
120.253.135.82 - - [11/Oct/2020:10:09:44 +0800] "GET /xingrg/all/function/internal_message.html?_=1602381927656&CODE_STATE=getMsg HTTP/1.1" 200 27
222.69.139.234 - - [11/Oct/2020:10:09:44 +0800] "GET /xingrg/all/function/internal_message.html?_=1602382179983&CODE_STATE=getMsg HTTP/1.1" 200 27
114.88.166.242 - - [11/Oct/2020:10:09:50 +0800] "GET /xingrg/all/function/internal_message.html?_=1602382179990&CODE_STATE=getMsg HTTP/1.1" 200 27
218.81.217.115 - - [11/Oct/2020:10:09:52 +0800] "GET /xingrg/all/function/internal_message.html?_=1602382187624&CODE_STATE=getMsg HTTP/1.1" 200 27
180.162.245.190 - - [11/Oct/2020:10:09:54 +0800] "GET /xingrg/kc/buy/cgsh_order_operate.html?command=get_materiel&rest_code=00105&code=00101018019&supplier_code=00100330&order_time=2020-10-11 HTTP/1.1" 200 440
180.174.56.115 - - [11/Oct/2020:10:09:55 +0800] "GET /xingrg/all/function/internal_message.html?_=1602382189823&CODE_STATE=getMsg HTTP/1.1" 200 27
172.17.0.115 - - [11/Oct/2020:10:09:56 +0800] "GET /xingrg/all/function/internal_message.html?_=1602382213166&CODE_STATE=getMsg HTTP/1.1" 200 27
172.17.0.240 - - [11/Oct/2020:10:09:57 +0800] "GET /xingrg/all/function/internal_message.html?_=1602382191330&CODE_STATE=getMsg HTTP/1.1" 200 27
172.17.0.240 - - [11/Oct/2020:10:09:57 +0800] "GET /xingrg/check_reg.html?_=1602382191331 HTTP/1.1" 200 22
180.162.245.190 - - [11/Oct/2020:10:10:04 +0800] "POST /xingrg/kc/buy/cgsh_order_operate.html HTTP/1.1" 200 37
180.162.245.190 - - [11/Oct/2020:10:10:05 +0800] "POST /xingrg/kc/buy/cgsh_order_operate.html HTTP/1.1" 200 3259
116.232.48.169 - - [11/Oct/2020:10:10:06 +0800] "GET /xingrg/all/function/internal_message.html?_=1602382300656&CODE_STATE=getMsg HTTP/1.1" 200 27
180.162.245.190 - - [11/Oct/2020:10:10:06 +0800] "GET /xingrg/kc/print/load_data.html?order_code=212020101104514&kc_code=cgsh&condition= HTTP/1.1" 200 910
180.162.245.190 - - [11/Oct/2020:10:10:09 +0800] "GET /xingrg/kc/buy/cgsh_order_add.html HTTP/1.1" 200 59984
180.162.245.190 - - [11/Oct/2020:10:10:09 +0800] "POST /xingrg/kc/buy/cgsh_order_operate.html HTTP/1.1" 200 8245
180.162.245.190 - - [11/Oct/2020:10:10:09 +0800] "GET /xingrg/javascript/easyui/themes/default/validatebox.css HTTP/1.1" 404 1104
222.69.134.80 - - [11/Oct/2020:10:10:09 +0800] "GET /xingrg/all/function/internal_message.html?_=1602382204161&CODE_STATE=getMsg HTTP/1.1" 200 27
222.69.134.80 - - [11/Oct/2020:10:10:09 +0800] "GET /xingrg/check_reg.html?_=1602382204177 HTTP/1.1" 200 22
180.162.245.190 - - [11/Oct/2020:10:10:10 +0800] "GET /xingrg/all/function/internal_message.html?_=1602382204662&CODE_STATE=getMsg HTTP/1.1" 200 27
180.157.253.48 - - [11/Oct/2020:10:10:10 +0800] "GET /xingrg/all/function/internal_message.html?_=1602382204633&CODE_STATE=getMsg HTTP/1.1" 200 27
114.88.166.242 - - [11/Oct/2020:10:10:14 +0800] "GET /xingrg/all/function/internal_message.html?_=1602382290825&CODE_STATE=getMsg HTTP/1.1" 200 27
180.161.96.95 - - [11/Oct/2020:10:10:16 +0800] "GET /xingrg/kc/buy/cgsh_order_add.html HTTP/1.1" 200 59849
180.161.96.95 - - [11/Oct/2020:10:10:18 +0800] "POST /xingrg/kc/buy/cgsh_order_operate.html HTTP/1.1" 200 8245
180.161.96.95 - - [11/Oct/2020:10:10:18 +0800] "GET /xingrg/javascript/easyui/themes/default/validatebox.css HTTP/1.1" 404 1104
180.174.56.115 - - [11/Oct/2020:10:10:21 +0800] "GET /xingrg/check_reg.html?_=1602382188285 HTTP/1.1" 200 22
117.185.32.26 - - [11/Oct/2020:10:10:21 +0800] "GET /xingrg/all/function/internal_message.html?_=1602382653679&CODE_STATE=getMsg HTTP/1.1" 200 27
172.17.0.123 - - [11/Oct/2020:10:10:22 +0800] "GET /xingrg/check_reg.html?_=1602382193341 HTTP/1.1" 200 22
172.17.0.123 - - [11/Oct/2020:10:10:22 +0800] "GET /xingrg/all/function/internal_message.html?_=1602382193343&CODE_STATE=getMsg HTTP/1.1" 200 27
172.17.200.101 - - [11/Oct/2020:10:10:30 +0800] "GET /xingrg/all/function/internal_message.html?_=1602382227156&CODE_STATE=getMsg HTTP/1.1" 200 27
58.37.8.227 - - [11/Oct/2020:10:10:30 +0800] "GET /xingrg/all/function/internal_message.html?_=1602382244351&CODE_STATE=getMsg HTTP/1.1" 200 27
172.17.0.120 - - [11/Oct/2020:10:10:34 +0800] "GET /xingrg/all/function/internal_message.html?_=1602382227793&CODE_STATE=getMsg HTTP/1.1" 200 27
172.17.0.120 - - [11/Oct/2020:10:10:34 +0800] "GET /xingrg/check_reg.html?_=1602382227794 HTTP/1.1" 200 22
180.174.56.115 - - [11/Oct/2020:10:10:34 +0800] "GET /xingrg/all/function/internal_message.html?_=1602382201354&CODE_STATE=getMsg HTTP/1.1" 200 27
172.17.0.119 - - [11/Oct/2020:10:10:37 +0800] "GET /xingrg/all/function/internal_message.html?_=1602382233231&CODE_STATE=getMsg HTTP/1.1" 200 27
172.17.0.100 - - [11/Oct/2020:10:10:38 +0800] "GET /xingrg/all/function/internal_message.html?_=1602382230714&CODE_STATE=getMsg HTTP/1.1" 200 27
58.221.95.50 - - [11/Oct/2020:10:10:40 +0800] "GET /xingrg/all/function/internal_message.html?_=1602382402112&CODE_STATE=getMsg HTTP/1.1" 302 -
180.162.245.190 - - [11/Oct/2020:10:10:43 +0800] "GET /xingrg/kc/buy/cgsh_order_operate.html?command=get_materiel&rest_code=00105&code=00101010569&supplier_code=00100327&order_time=2020-10-11 HTTP/1.1" 200 399
120.253.135.82 - - [11/Oct/2020:10:10:44 +0800] "GET /xingrg/check_reg.html?_=1602381987553 HTTP/1.1" 200 22
120.253.135.82 - - [11/Oct/2020:10:10:44 +0800] "GET /xingrg/all/function/internal_message.html?_=1602381987671&CODE_STATE=getMsg HTTP/1.1" 200 27
222.69.139.234 - - [11/Oct/2020:10:10:44 +0800] "GET /xingrg/all/function/internal_message.html?_=1602382239983&CODE_STATE=getMsg HTTP/1.1" 200 27
114.88.166.242 - - [11/Oct/2020:10:10:50 +0800] "GET /xingrg/all/function/internal_message.html?_=1602382240027&CODE_STATE=getMsg HTTP/1.1" 200 27
218.81.217.115 - - [11/Oct/2020:10:10:50 +0800] "GET /xingrg/check_reg.html?_=1602382246114 HTTP/1.1" 200 22
218.81.217.115 - - [11/Oct/2020:10:10:52 +0800] "GET /xingrg/all/function/internal_message.html?_=1602382247637&CODE_STATE=getMsg HTTP/1.1" 200 27
180.174.56.115 - - [11/Oct/2020:10:10:55 +0800] "GET /xingrg/all/function/internal_message.html?_=1602382249870&CODE_STATE=getMsg HTTP/1.1" 200 27
180.174.56.115 - - [11/Oct/2020:10:10:55 +0800] "GET /xingrg/check_reg.html?_=1602382249873 HTTP/1.1" 200 22
172.17.0.115 - - [11/Oct/2020:10:10:56 +0800] "GET /xingrg/all/function/internal_message.html?_=1602382273172&CODE_STATE=getMsg HTTP/1.1" 200 27
180.162.245.190 - - [11/Oct/2020:10:10:56 +0800] "POST /xingrg/kc/buy/cgsh_order_operate.html HTTP/1.1" 200 37
180.162.245.190 - - [11/Oct/2020:10:10:57 +0800] "POST /xingrg/kc/buy/cgsh_order_operate.html HTTP/1.1" 200 2658
172.17.0.240 - - [11/Oct/2020:10:10:57 +0800] "GET /xingrg/all/function/internal_message.html?_=1602382251336&CODE_STATE=getMsg HTTP/1.1" 200 27
180.162.245.190 - - [11/Oct/2020:10:10:58 +0800] "GET /xingrg/kc/print/load_data.html?order_code=212020101104515&kc_code=cgsh&condition= HTTP/1.1" 200 666
180.162.245.190 - - [11/Oct/2020:10:11:01 +0800] "GET /xingrg/kc/buy/cgsh_order_add.html HTTP/1.1" 200 59984
180.162.245.190 - - [11/Oct/2020:10:11:01 +0800] "GET /xingrg/javascript/easyui/themes/default/validatebox.css HTTP/1.1" 404 1104
180.162.245.190 - - [11/Oct/2020:10:11:01 +0800] "POST /xingrg/kc/buy/cgsh_order_operate.html HTTP/1.1" 200 8245
116.232.48.169 - - [11/Oct/2020:10:11:03 +0800] "GET /xingrg/check_reg.html?_=1602382360654 HTTP/1.1" 200 22
116.232.48.169 - - [11/Oct/2020:10:11:03 +0800] "GET /xingrg/all/function/internal_message.html?_=1602382360654&CODE_STATE=getMsg HTTP/1.1" 200 27
114.88.166.242 - - [11/Oct/2020:10:11:04 +0800] "GET /xingrg/check_reg.html?_=1602382254184 HTTP/1.1" 200 22
222.69.134.80 - - [11/Oct/2020:10:11:09 +0800] "GET /xingrg/all/function/internal_message.html?_=1602382264145&CODE_STATE=getMsg HTTP/1.1" 200 27
180.162.245.190 - - [11/Oct/2020:10:11:10 +0800] "GET /xingrg/kc/buy/cgsh_order_operate.html?command=get_materiel&rest_code=00105&code=00101014031&supplier_code=00100340&order_time=2020-10-11 HTTP/1.1" 200 413
180.162.245.190 - - [11/Oct/2020:10:11:10 +0800] "GET /xingrg/check_reg.html?_=1602382264629 HTTP/1.1" 200 22
180.162.245.190 - - [11/Oct/2020:10:11:10 +0800] "GET /xingrg/all/function/internal_message.html?_=1602382264633&CODE_STATE=getMsg HTTP/1.1" 200 27
180.157.253.48 - - [11/Oct/2020:10:11:10 +0800] "GET /xingrg/all/function/internal_message.html?_=1602382264645&CODE_STATE=getMsg HTTP/1.1" 200 27
218.81.217.115 - - [11/Oct/2020:10:11:11 +0800] "GET /xingrg/check_reg.html?_=1602382295450 HTTP/1.1" 200 22
114.88.166.242 - - [11/Oct/2020:10:11:14 +0800] "GET /xingrg/all/function/internal_message.html?_=1602382350825&CODE_STATE=getMsg HTTP/1.1" 200 27
218.81.217.115 - - [11/Oct/2020:10:11:18 +0800] "POST /xingrg/services/DataTransmitService HTTP/1.1" 200 524
218.81.217.115 - - [11/Oct/2020:10:11:18 +0800] "POST /xingrg/services/DataTransmitService HTTP/1.1" 200 1863
180.162.245.190 - - [11/Oct/2020:10:11:21 +0800] "GET /xingrg/kc/buy/cgsh_order_operate.html?command=get_materiel&rest_code=00105&code=00101010056&supplier_code=00100340&order_time=2020-10-11 HTTP/1.1" 200 417
117.185.32.26 - - [11/Oct/2020:10:11:21 +0800] "GET /xingrg/all/function/internal_message.html?_=1602382713678&CODE_STATE=getMsg HTTP/1.1" 200 27
172.17.0.123 - - [11/Oct/2020:10:11:22 +0800] "GET /xingrg/all/function/internal_message.html?_=1602382253328&CODE_STATE=getMsg HTTP/1.1" 200 27
172.17.200.101 - - [11/Oct/2020:10:11:30 +0800] "GET /xingrg/all/function/internal_message.html?_=1602382287148&CODE_STATE=getMsg HTTP/1.1" 200 27
58.37.8.227 - - [11/Oct/2020:10:11:30 +0800] "GET /xingrg/all/function/internal_message.html?_=1602382304349&CODE_STATE=getMsg HTTP/1.1" 200 27
172.17.0.120 - - [11/Oct/2020:10:11:34 +0800] "GET /xingrg/all/function/internal_message.html?_=1602382287795&CODE_STATE=getMsg HTTP/1.1" 200 27
180.174.56.115 - - [11/Oct/2020:10:11:34 +0800] "GET /xingrg/all/function/internal_message.html?_=1602382261368&CODE_STATE=getMsg HTTP/1.1" 200 27
172.17.0.119 - - [11/Oct/2020:10:11:37 +0800] "GET /xingrg/all/function/internal_message.html?_=1602382293234&CODE_STATE=getMsg HTTP/1.1" 200 27
172.17.0.119 - - [11/Oct/2020:10:11:37 +0800] "GET /xingrg/check_reg.html?_=1602382293236 HTTP/1.1" 200 22
172.17.0.100 - - [11/Oct/2020:10:11:38 +0800] "GET /xingrg/check_reg.html?_=1602382290715 HTTP/1.1" 200 22
172.17.0.100 - - [11/Oct/2020:10:11:38 +0800] "GET /xingrg/all/function/internal_message.html?_=1602382290718&CODE_STATE=getMsg HTTP/1.1" 200 27
58.221.95.50 - - [11/Oct/2020:10:11:40 +0800] "GET /xingrg/all/function/internal_message.html?_=1602382462086&CODE_STATE=getMsg HTTP/1.1" 302 -
180.162.245.190 - - [11/Oct/2020:10:11:42 +0800] "POST /xingrg/kc/buy/cgsh_order_operate.html HTTP/1.1" 200 37
180.162.245.190 - - [11/Oct/2020:10:11:44 +0800] "POST /xingrg/kc/buy/cgsh_order_operate.html HTTP/1.1" 200 3256
120.253.135.82 - - [11/Oct/2020:10:11:44 +0800] "GET /xingrg/all/function/internal_message.html?_=1602382047684&CODE_STATE=getMsg HTTP/1.1" 200 27
222.69.139.234 - - [11/Oct/2020:10:11:44 +0800] "GET /xingrg/check_reg.html?_=1602382299986 HTTP/1.1" 200 22
222.69.139.234 - - [11/Oct/2020:10:11:44 +0800] "GET /xingrg/all/function/internal_message.html?_=1602382299989&CODE_STATE=getMsg HTTP/1.1" 200 27
180.162.245.190 - - [11/Oct/2020:10:11:45 +0800] "GET /xingrg/kc/print/load_data.html?order_code=212020101104516&kc_code=cgsh&condition= HTTP/1.1" 200 909
114.88.166.242 - - [11/Oct/2020:10:11:50 +0800] "GET /xingrg/all/function/internal_message.html?_=1602382300033&CODE_STATE=getMsg HTTP/1.1" 200 27
218.81.217.115 - - [11/Oct/2020:10:11:52 +0800] "GET /xingrg/kc/mdqp/qqps_order_list.html HTTP/1.1" 200 9222
218.81.217.115 - - [11/Oct/2020:10:11:52 +0800] "GET /xingrg/css/blue.css HTTP/1.1" 304 -
218.81.217.115 - - [11/Oct/2020:10:11:52 +0800] "GET /xingrg/dwr/util.js HTTP/1.1" 304 -
218.81.217.115 - - [11/Oct/2020:10:11:52 +0800] "GET /xingrg/javascript/myfunction.js HTTP/1.1" 304 -
218.81.217.115 - - [11/Oct/2020:10:11:52 +0800] "GET /xingrg/javascript/Calendar.js HTTP/1.1" 304 -
218.81.217.115 - - [11/Oct/2020:10:11:52 +0800] "GET /xingrg/javascript/ToolTips.js HTTP/1.1" 304 -
218.81.217.115 - - [11/Oct/2020:10:11:52 +0800] "GET /xingrg/javascript/jquery_easy_ui/themes/icon.css HTTP/1.1" 304 -
218.81.217.115 - - [11/Oct/2020:10:11:52 +0800] "GET /xingrg/javascript/jquery_easy_ui/themes/default/easyui.css HTTP/1.1" 304 -
218.81.217.115 - - [11/Oct/2020:10:11:52 +0800] "GET /xingrg/all/function/internal_message.html?_=1602382307651&CODE_STATE=getMsg HTTP/1.1" 200 27
218.81.217.115 - - [11/Oct/2020:10:11:52 +0800] "GET /xingrg/dwr/interface/AjaxReportQueryService.js HTTP/1.1" 200 13203
218.81.217.115 - - [11/Oct/2020:10:11:52 +0800] "GET /xingrg/dwr/interface/AjaxQqpsService.js HTTP/1.1" 200 16326
218.81.217.115 - - [11/Oct/2020:10:11:52 +0800] "GET /xingrg/dwr/engine.js HTTP/1.1" 200 43631
218.81.217.115 - - [11/Oct/2020:10:11:52 +0800] "GET /xingrg/javascript/jquery_easy_ui/themes/icons/edit_add_new.png HTTP/1.1" 304 -
218.81.217.115 - - [11/Oct/2020:10:11:52 +0800] "GET /xingrg/javascript/jquery_easy_ui/themes/icons/check_new.png HTTP/1.1" 304 -
218.81.217.115 - - [11/Oct/2020:10:11:52 +0800] "GET /xingrg/javascript/jquery_easy_ui/themes/icons/cance_new.png HTTP/1.1" 304 -
180.174.56.115 - - [11/Oct/2020:10:11:55 +0800] "GET /xingrg/all/function/internal_message.html?_=1602382309927&CODE_STATE=getMsg HTTP/1.1" 200 27
218.81.217.115 - - [11/Oct/2020:10:11:56 +0800] "GET /xingrg/kc/mdqp/qqps_order_add.html HTTP/1.1" 200 28150
218.81.217.115 - - [11/Oct/2020:10:11:56 +0800] "GET /xingrg/javascript/jquery-1.4.2.min.js HTTP/1.1" 304 -
218.81.217.115 - - [11/Oct/2020:10:11:56 +0800] "GET /xingrg/javascript/jquery_easy_ui/jquery.easyui.min.js HTTP/1.1" 304 -
218.81.217.115 - - [11/Oct/2020:10:11:56 +0800] "GET /xingrg/javascript/jquery_easy_ui/easyui-lang-zh_CN.js HTTP/1.1" 304 -
218.81.217.115 - - [11/Oct/2020:10:11:56 +0800] "GET /xingrg/javascript/tools/jquery.qtip-1.0.0-rc3.min.js HTTP/1.1" 304 -
218.81.217.115 - - [11/Oct/2020:10:11:56 +0800] "GET /xingrg/javascript/AjaxInfoList.js HTTP/1.1" 304 -
218.81.217.115 - - [11/Oct/2020:10:11:56 +0800] "GET /xingrg/javascript/Grid.js HTTP/1.1" 304 -
218.81.217.115 - - [11/Oct/2020:10:11:56 +0800] "GET /xingrg/dwr/interface/AjaxComOrderService.js HTTP/1.1" 200 18264
218.81.217.115 - - [11/Oct/2020:10:11:56 +0800] "GET /xingrg/dwr/interface/AjaxQqpsService.js HTTP/1.1" 200 16326
218.81.217.115 - - [11/Oct/2020:10:11:56 +0800] "GET /xingrg/dwr/engine.js HTTP/1.1" 200 43631
172.17.0.115 - - [11/Oct/2020:10:11:56 +0800] "GET /xingrg/all/function/internal_message.html?_=1602382333198&CODE_STATE=getMsg HTTP/1.1" 200 27
218.81.217.115 - - [11/Oct/2020:10:11:57 +0800] "GET /xingrg/javascript/jquery_easy_ui/themes/icons/ok.png HTTP/1.1" 304 -
218.81.217.115 - - [11/Oct/2020:10:11:57 +0800] "GET /xingrg/javascript/jquery_easy_ui/themes/icons/print.png HTTP/1.1" 304 -
218.81.217.115 - - [11/Oct/2020:10:11:57 +0800] "GET /xingrg/javascript/jquery_easy_ui/themes/default/images/menu_downarrow.png HTTP/1.1" 304 -
218.81.217.115 - - [11/Oct/2020:10:11:57 +0800] "GET /xingrg/javascript/jquery_easy_ui/themes/icons/back_new.png HTTP/1.1" 304 -
218.81.217.115 - - [11/Oct/2020:10:11:57 +0800] "GET /xingrg/images/blue/kc_tab_left.gif HTTP/1.1" 304 -
218.81.217.115 - - [11/Oct/2020:10:11:57 +0800] "GET /xingrg/images/blue/kc_tab_mid.gif HTTP/1.1" 304 -
218.81.217.115 - - [11/Oct/2020:10:11:57 +0800] "GET /xingrg/images/blue/kc_tab_right.gif HTTP/1.1" 304 -
172.17.0.240 - - [11/Oct/2020:10:11:57 +0800] "GET /xingrg/all/function/internal_message.html?_=1602382311341&CODE_STATE=getMsg HTTP/1.1" 200 27
116.232.48.169 - - [11/Oct/2020:10:12:00 +0800] "GET /xingrg/all/function/internal_message.html?_=1602382420640&CODE_STATE=getMsg HTTP/1.1" 200 27
180.161.96.95 - - [11/Oct/2020:10:12:06 +0800] "GET /xingrg/check_reg.html?_=1602382538213 HTTP/1.1" 200 22
222.69.134.80 - - [11/Oct/2020:10:12:09 +0800] "GET /xingrg/all/function/internal_message.html?_=1602382324128&CODE_STATE=getMsg HTTP/1.1" 200 27
180.162.245.190 - - [11/Oct/2020:10:12:10 +0800] "GET /xingrg/all/function/internal_message.html?_=1602382324627&CODE_STATE=getMsg HTTP/1.1" 200 27
180.157.253.48 - - [11/Oct/2020:10:12:10 +0800] "GET /xingrg/all/function/internal_message.html?_=1602382324664&CODE_STATE=getMsg HTTP/1.1" 200 27
117.131.5.26 - - [11/Oct/2020:10:12:10 +0800] "GET /xingrg/check_reg.html?_=1602382621036 HTTP/1.1" 302 -
117.131.5.26 - - [11/Oct/2020:10:12:10 +0800] "GET /xingrg/login.html HTTP/1.1" 200 7641
114.88.166.242 - - [11/Oct/2020:10:12:14 +0800] "GET /xingrg/all/function/internal_message.html?_=1602382410827&CODE_STATE=getMsg HTTP/1.1" 200 27
114.88.166.242 - - [11/Oct/2020:10:12:14 +0800] "GET /xingrg/check_reg.html?_=1602382410824 HTTP/1.1" 200 22
180.162.245.190 - - [11/Oct/2020:10:12:20 +0800] "GET /xingrg/kc/buy/cgsh_order_add.html HTTP/1.1" 200 59984
180.162.245.190 - - [11/Oct/2020:10:12:21 +0800] "POST /xingrg/kc/buy/cgsh_order_operate.html HTTP/1.1" 200 8245
180.162.245.190 - - [11/Oct/2020:10:12:21 +0800] "GET /xingrg/javascript/easyui/themes/default/validatebox.css HTTP/1.1" 404 1104
117.185.32.26 - - [11/Oct/2020:10:12:21 +0800] "GET /xingrg/all/function/internal_message.html?_=1602382773677&CODE_STATE=getMsg HTTP/1.1" 200 27
172.17.0.123 - - [11/Oct/2020:10:12:22 +0800] "GET /xingrg/all/function/internal_message.html?_=1602382313330&CODE_STATE=getMsg HTTP/1.1" 200 27
172.17.200.101 - - [11/Oct/2020:10:12:30 +0800] "GET /xingrg/all/function/internal_message.html?_=1602382347151&CODE_STATE=getMsg HTTP/1.1" 200 27
172.17.200.101 - - [11/Oct/2020:10:12:30 +0800] "GET /xingrg/check_reg.html?_=1602382347155 HTTP/1.1" 200 22
58.37.8.227 - - [11/Oct/2020:10:12:30 +0800] "GET /xingrg/all/function/internal_message.html?_=1602382364348&CODE_STATE=getMsg HTTP/1.1" 200 27
180.162.245.190 - - [11/Oct/2020:10:12:31 +0800] "GET /xingrg/kc/buy/cgsh_order_operate.html?command=get_materiel&rest_code=00105&code=00101001040&supplier_code=00100319&order_time=2020-10-11 HTTP/1.1" 200 413
172.17.0.120 - - [11/Oct/2020:10:12:34 +0800] "GET /xingrg/all/function/internal_message.html?_=1602382347781&CODE_STATE=getMsg HTTP/1.1" 200 27
180.174.56.115 - - [11/Oct/2020:10:12:34 +0800] "GET /xingrg/all/function/internal_message.html?_=1602382321392&CODE_STATE=getMsg HTTP/1.1" 200 27
218.81.217.115 - - [11/Oct/2020:10:12:34 +0800] "GET /xingrg/images/blue/wait.gif HTTP/1.1" 304 -
218.81.217.115 - - [11/Oct/2020:10:12:34 +0800] "POST /xingrg/dwr/call/plaincall/AjaxQqpsService.saveOrder.dwr HTTP/1.1" 200 78
172.17.0.119 - - [11/Oct/2020:10:12:37 +0800] "GET /xingrg/all/function/internal_message.html?_=1602382353222&CODE_STATE=getMsg HTTP/1.1" 200 27
172.17.0.100 - - [11/Oct/2020:10:12:38 +0800] "GET /xingrg/all/function/internal_message.html?_=1602382350717&CODE_STATE=getMsg HTTP/1.1" 200 27
58.221.95.50 - - [11/Oct/2020:10:12:40 +0800] "GET /xingrg/all/function/internal_message.html?_=1602382522055&CODE_STATE=getMsg HTTP/1.1" 302 -
172.17.0.115 - - [11/Oct/2020:10:12:40 +0800] "GET /xingrg/check_reg.html?_=1602382377430 HTTP/1.1" 200 22
58.221.95.50 - - [11/Oct/2020:10:12:41 +0800] "GET /xingrg/check_reg.html?_=1602382523388 HTTP/1.1" 302 -
120.253.135.82 - - [11/Oct/2020:10:12:44 +0800] "GET /xingrg/all/function/internal_message.html?_=1602382107699&CODE_STATE=getMsg HTTP/1.1" 200 27
222.69.139.234 - - [11/Oct/2020:10:12:44 +0800] "GET /xingrg/all/function/internal_message.html?_=1602382359974&CODE_STATE=getMsg HTTP/1.1" 200 27
218.81.217.115 - - [11/Oct/2020:10:12:49 +0800] "POST /xingrg/dwr/call/plaincall/AjaxQqpsService.getMaterielByCode.dwr HTTP/1.1" 200 2597
114.88.166.242 - - [11/Oct/2020:10:12:50 +0800] "GET /xingrg/all/function/internal_message.html?_=1602382360047&CODE_STATE=getMsg HTTP/1.1" 200 27
218.81.217.115 - - [11/Oct/2020:10:12:52 +0800] "GET /xingrg/all/function/internal_message.html?_=1602382367664&CODE_STATE=getMsg HTTP/1.1" 200 27
180.174.56.115 - - [11/Oct/2020:10:12:55 +0800] "GET /xingrg/all/function/internal_message.html?_=1602382369975&CODE_STATE=getMsg HTTP/1.1" 200 27
218.81.217.115 - - [11/Oct/2020:10:12:55 +0800] "POST /xingrg/dwr/call/plaincall/AjaxQqpsService.removeMaterielItem.dwr HTTP/1.1" 200 78
172.17.0.115 - - [11/Oct/2020:10:12:56 +0800] "GET /xingrg/all/function/internal_message.html?_=1602382393200&CODE_STATE=getMsg HTTP/1.1" 200 27
172.17.0.240 - - [11/Oct/2020:10:12:57 +0800] "GET /xingrg/all/function/internal_message.html?_=1602382371331&CODE_STATE=getMsg HTTP/1.1" 200 27
101.89.29.78 - - [11/Oct/2020:10:12:57 +0800] "GET /xingrg/all/function/internal_message.html?_=1602381644320&CODE_STATE=getMsg HTTP/1.1" 302 -
116.232.48.169 - - [11/Oct/2020:10:12:58 +0800] "GET /xingrg/all/function/internal_message.html?_=1602382480640&CODE_STATE=getMsg HTTP/1.1" 200 27
101.89.29.78 - - [11/Oct/2020:10:13:04 +0800] "GET /xingrg/login.html HTTP/1.1" 200 7641
180.162.245.190 - - [11/Oct/2020:10:13:05 +0800] "POST /xingrg/kc/buy/cgsh_order_operate.html HTTP/1.1" 200 37
180.162.245.190 - - [11/Oct/2020:10:13:05 +0800] "POST /xingrg/kc/buy/cgsh_order_operate.html HTTP/1.1" 200 2663
180.162.245.190 - - [11/Oct/2020:10:13:07 +0800] "GET /xingrg/kc/print/load_data.html?order_code=212020101104517&kc_code=cgsh&condition= HTTP/1.1" 200 680
222.69.134.80 - - [11/Oct/2020:10:13:09 +0800] "GET /xingrg/all/function/internal_message.html?_=1602382384098&CODE_STATE=getMsg HTTP/1.1" 200 27
180.162.245.190 - - [11/Oct/2020:10:13:10 +0800] "GET /xingrg/all/function/internal_message.html?_=1602382384615&CODE_STATE=getMsg HTTP/1.1" 200 27
180.157.253.48 - - [11/Oct/2020:10:13:10 +0800] "GET /xingrg/all/function/internal_message.html?_=1602382384673&CODE_STATE=getMsg HTTP/1.1" 200 27
180.162.245.190 - - [11/Oct/2020:10:13:11 +0800] "GET /xingrg/kc/buy/cgsh_order_add.html HTTP/1.1" 200 59984
180.162.245.190 - - [11/Oct/2020:10:13:11 +0800] "POST /xingrg/kc/buy/cgsh_order_operate.html HTTP/1.1" 200 8245
180.162.245.190 - - [11/Oct/2020:10:13:11 +0800] "GET /xingrg/javascript/easyui/themes/default/validatebox.css HTTP/1.1" 404 1104
114.88.166.242 - - [11/Oct/2020:10:13:14 +0800] "GET /xingrg/all/function/internal_message.html?_=1602382470828&CODE_STATE=getMsg HTTP/1.1" 200 27
117.185.32.26 - - [11/Oct/2020:10:13:21 +0800] "GET /xingrg/all/function/internal_message.html?_=1602382833676&CODE_STATE=getMsg HTTP/1.1" 200 27
172.17.0.123 - - [11/Oct/2020:10:13:22 +0800] "GET /xingrg/all/function/internal_message.html?_=1602382373331&CODE_STATE=getMsg HTTP/1.1" 200 27
180.162.245.190 - - [11/Oct/2020:10:13:23 +0800] "GET /xingrg/kc/buy/cgsh_order_operate.html?command=get_materiel&rest_code=00105&code=00101001125&supplier_code=00100319&order_time=2020-10-11 HTTP/1.1" 200 415
180.161.96.95 - - [11/Oct/2020:10:13:27 +0800] "GET /favicon.ico HTTP/1.1" 404 -
172.17.200.101 - - [11/Oct/2020:10:13:30 +0800] "GET /xingrg/all/function/internal_message.html?_=1602382407154&CODE_STATE=getMsg HTTP/1.1" 200 27
58.37.8.227 - - [11/Oct/2020:10:13:30 +0800] "GET /xingrg/all/function/internal_message.html?_=1602382424346&CODE_STATE=getMsg HTTP/1.1" 200 27
114.88.166.242 - - [11/Oct/2020:10:13:33 +0800] "GET /xingrg/kc/buy/cgsh_order_add.html HTTP/1.1" 200 59937
114.88.166.242 - - [11/Oct/2020:10:13:33 +0800] "POST /xingrg/kc/buy/cgsh_order_operate.html HTTP/1.1" 200 8245
114.88.166.242 - - [11/Oct/2020:10:13:33 +0800] "GET /xingrg/javascript/easyui/themes/default/validatebox.css HTTP/1.1" 404 1104
172.17.0.120 - - [11/Oct/2020:10:13:34 +0800] "GET /xingrg/all/function/internal_message.html?_=1602382407782&CODE_STATE=getMsg HTTP/1.1" 200 27
180.174.56.115 - - [11/Oct/2020:10:13:34 +0800] "GET /xingrg/all/function/internal_message.html?_=1602382381395&CODE_STATE=getMsg HTTP/1.1" 200 27
180.174.56.115 - - [11/Oct/2020:10:13:35 +0800] "POST /xingrg/services/DataTransmitService HTTP/1.1" 200 524
172.17.0.119 - - [11/Oct/2020:10:13:37 +0800] "GET /xingrg/all/function/internal_message.html?_=1602382413225&CODE_STATE=getMsg HTTP/1.1" 200 27
172.17.0.100 - - [11/Oct/2020:10:13:38 +0800] "GET /xingrg/all/function/internal_message.html?_=1602382410743&CODE_STATE=getMsg HTTP/1.1" 200 27
58.221.95.50 - - [11/Oct/2020:10:13:40 +0800] "GET /xingrg/all/function/internal_message.html?_=1602382582034&CODE_STATE=getMsg HTTP/1.1" 302 -
114.88.166.242 - - [11/Oct/2020:10:13:41 +0800] "GET /xingrg/kc/buy/cgsh_order_operate.html?command=get_materiel&rest_code=00111&code=00101006001&supplier_code=00100404&order_time=2020-10-11 HTTP/1.1" 200 426
180.157.253.48 - - [11/Oct/2020:10:13:42 +0800] "POST /xingrg/services/DataTransmitService HTTP/1.1" 200 524
180.162.245.190 - - [11/Oct/2020:10:13:43 +0800] "POST /xingrg/kc/buy/cgsh_order_operate.html HTTP/1.1" 200 37
120.253.135.82 - - [11/Oct/2020:10:13:44 +0800] "GET /xingrg/all/function/internal_message.html?_=1602382167739&CODE_STATE=getMsg HTTP/1.1" 200 27
222.69.139.234 - - [11/Oct/2020:10:13:44 +0800] "GET /xingrg/all/function/internal_message.html?_=1602382419974&CODE_STATE=getMsg HTTP/1.1" 200 27
114.88.166.242 - - [11/Oct/2020:10:13:48 +0800] "POST /xingrg/kc/buy/cgsh_order_operate.html HTTP/1.1" 200 37
114.88.166.242 - - [11/Oct/2020:10:13:49 +0800] "POST /xingrg/kc/buy/cgsh_order_operate.html HTTP/1.1" 200 2675
114.88.166.242 - - [11/Oct/2020:10:13:49 +0800] "GET /xingrg/kc/print/load_data.html?order_code=212020101104519&kc_code=cgsh&condition= HTTP/1.1" 200 706
114.88.166.242 - - [11/Oct/2020:10:13:50 +0800] "GET /xingrg/all/function/internal_message.html?_=1602382420083&CODE_STATE=getMsg HTTP/1.1" 200 27
180.162.245.190 - - [11/Oct/2020:10:13:50 +0800] "POST /xingrg/kc/buy/cgsh_order_operate.html HTTP/1.1" 200 3257
218.81.217.115 - - [11/Oct/2020:10:13:52 +0800] "GET /xingrg/all/function/internal_message.html?_=1602382427827&CODE_STATE=getMsg HTTP/1.1" 200 27
180.162.245.190 - - [11/Oct/2020:10:13:53 +0800] "GET /xingrg/kc/print/load_data.html?order_code=212020101104518&kc_code=cgsh&condition= HTTP/1.1" 200 907
116.232.48.169 - - [11/Oct/2020:10:13:55 +0800] "GET /xingrg/all/function/internal_message.html?_=1602382540646&CODE_STATE=getMsg HTTP/1.1" 200 27
180.174.56.115 - - [11/Oct/2020:10:13:55 +0800] "GET /xingrg/all/function/internal_message.html?_=1602382430020&CODE_STATE=getMsg HTTP/1.1" 200 27
172.17.0.115 - - [11/Oct/2020:10:13:56 +0800] "GET /xingrg/all/function/internal_message.html?_=1602382453213&CODE_STATE=getMsg HTTP/1.1" 200 27
172.17.0.240 - - [11/Oct/2020:10:13:57 +0800] "GET /xingrg/all/function/internal_message.html?_=1602382431336&CODE_STATE=getMsg HTTP/1.1" 200 27
114.88.166.242 - - [11/Oct/2020:10:13:58 +0800] "GET /xingrg/check_reg.html?_=1602382432940 HTTP/1.1" 200 22
114.88.166.242 - - [11/Oct/2020:10:13:59 +0800] "GET /xingrg/kc/buy/cgsh_order_add.html HTTP/1.1" 200 59937
114.88.166.242 - - [11/Oct/2020:10:13:59 +0800] "POST /xingrg/kc/buy/cgsh_order_operate.html HTTP/1.1" 200 8245
114.88.166.242 - - [11/Oct/2020:10:13:59 +0800] "GET /xingrg/javascript/easyui/themes/default/validatebox.css HTTP/1.1" 404 1104
114.88.166.242 - - [11/Oct/2020:10:14:05 +0800] "GET /xingrg/kc/buy/cgsh_order_operate.html?command=get_materiel&rest_code=00111&code=00101005023&supplier_code=00100091&order_time=2020-10-11 HTTP/1.1" 200 414
222.69.134.80 - - [11/Oct/2020:10:14:09 +0800] "GET /xingrg/all/function/internal_message.html?_=1602382444083&CODE_STATE=getMsg HTTP/1.1" 200 27
114.88.166.242 - - [11/Oct/2020:10:14:09 +0800] "POST /xingrg/kc/buy/cgsh_order_operate.html HTTP/1.1" 200 37
180.157.253.48 - - [11/Oct/2020:10:14:09 +0800] "GET /xingrg/check_reg.html?_=1602382444128 HTTP/1.1" 200 22
180.162.245.190 - - [11/Oct/2020:10:14:10 +0800] "GET /xingrg/all/function/internal_message.html?_=1602382444621&CODE_STATE=getMsg HTTP/1.1" 200 27
180.157.253.48 - - [11/Oct/2020:10:14:10 +0800] "GET /xingrg/all/function/internal_message.html?_=1602382444686&CODE_STATE=getMsg HTTP/1.1" 200 27
114.88.166.242 - - [11/Oct/2020:10:14:10 +0800] "POST /xingrg/kc/buy/cgsh_order_operate.html HTTP/1.1" 200 2658
114.88.166.242 - - [11/Oct/2020:10:14:11 +0800] "GET /xingrg/kc/print/load_data.html?order_code=212020101104520&kc_code=cgsh&condition= HTTP/1.1" 200 740
114.88.166.242 - - [11/Oct/2020:10:14:14 +0800] "GET /xingrg/all/function/internal_message.html?_=1602382530856&CODE_STATE=getMsg HTTP/1.1" 200 27
114.88.166.242 - - [11/Oct/2020:10:14:18 +0800] "GET /xingrg/kc/buy/cgsh_order_add.html HTTP/1.1" 200 59937
114.88.166.242 - - [11/Oct/2020:10:14:18 +0800] "GET /xingrg/javascript/easyui/themes/default/validatebox.css HTTP/1.1" 404 1104
114.88.166.242 - - [11/Oct/2020:10:14:18 +0800] "POST /xingrg/kc/buy/cgsh_order_operate.html HTTP/1.1" 200 8245
117.185.32.26 - - [11/Oct/2020:10:14:21 +0800] "GET /xingrg/all/function/internal_message.html?_=1602382893700&CODE_STATE=getMsg HTTP/1.1" 200 27
117.185.32.26 - - [11/Oct/2020:10:14:21 +0800] "GET /xingrg/check_reg.html?_=1602382893702 HTTP/1.1" 200 22
172.17.0.123 - - [11/Oct/2020:10:14:22 +0800] "GET /xingrg/all/function/internal_message.html?_=1602382433475&CODE_STATE=getMsg HTTP/1.1" 200 27
114.88.166.242 - - [11/Oct/2020:10:14:23 +0800] "GET /xingrg/kc/buy/cgsh_order_operate.html?command=get_materiel&rest_code=00111&code=00101001140&supplier_code=00100090&order_time=2020-10-11 HTTP/1.1" 200 413
180.161.96.95 - - [11/Oct/2020:10:14:24 +0800] "POST /xingrg/services/DataTransmitService HTTP/1.1" 200 524
180.161.96.95 - - [11/Oct/2020:10:14:24 +0800] "POST /xingrg/services/DataTransmitService HTTP/1.1" 200 501
222.69.134.80 - - [11/Oct/2020:10:14:25 +0800] "GET /xingrg/kc/buy/cgsh_order_add.html HTTP/1.1" 200 59990
222.69.134.80 - - [11/Oct/2020:10:14:25 +0800] "POST /xingrg/kc/buy/cgsh_order_operate.html HTTP/1.1" 200 8245
222.69.134.80 - - [11/Oct/2020:10:14:26 +0800] "GET /xingrg/javascript/easyui/themes/default/validatebox.css HTTP/1.1" 404 1104
172.17.200.101 - - [11/Oct/2020:10:14:30 +0800] "GET /xingrg/all/function/internal_message.html?_=1602382467164&CODE_STATE=getMsg HTTP/1.1" 200 27
58.37.8.227 - - [11/Oct/2020:10:14:30 +0800] "GET /xingrg/all/function/internal_message.html?_=1602382484345&CODE_STATE=getMsg HTTP/1.1" 200 27
58.37.8.227 - - [11/Oct/2020:10:14:30 +0800] "GET /xingrg/check_reg.html?_=1602382484347 HTTP/1.1" 200 22
180.162.245.190 - - [11/Oct/2020:10:14:32 +0800] "POST /xingrg/kc/buy/cgsh_order_operate.html HTTP/1.1" 200 37
180.162.245.190 - - [11/Oct/2020:10:14:33 +0800] "POST /xingrg/kc/buy/cgsh_order_operate.html HTTP/1.1" 200 3257
114.88.166.242 - - [11/Oct/2020:10:14:34 +0800] "GET /xingrg/kc/buy/cgsh_order_operate.html?command=get_materiel&rest_code=00111&code=00101001125&supplier_code=00100090&order_time=2020-10-11 HTTP/1.1" 200 415
172.17.0.120 - - [11/Oct/2020:10:14:34 +0800] "GET /xingrg/all/function/internal_message.html?_=1602382467784&CODE_STATE=getMsg HTTP/1.1" 200 27
180.174.56.115 - - [11/Oct/2020:10:14:34 +0800] "GET /xingrg/all/function/internal_message.html?_=1602382441419&CODE_STATE=getMsg HTTP/1.1" 200 27
172.17.0.119 - - [11/Oct/2020:10:14:37 +0800] "GET /xingrg/all/function/internal_message.html?_=1602382473227&CODE_STATE=getMsg HTTP/1.1" 200 27
172.17.0.100 - - [11/Oct/2020:10:14:38 +0800] "GET /xingrg/all/function/internal_message.html?_=1602382470743&CODE_STATE=getMsg HTTP/1.1" 200 27
58.221.95.50 - - [11/Oct/2020:10:14:40 +0800] "GET /xingrg/all/function/internal_message.html?_=1602382642007&CODE_STATE=getMsg HTTP/1.1" 302 -
180.162.245.190 - - [11/Oct/2020:10:14:41 +0800] "GET /xingrg/kc/buy/cgsh_order_add.html HTTP/1.1" 200 59984
180.162.245.190 - - [11/Oct/2020:10:14:42 +0800] "POST /xingrg/kc/buy/cgsh_order_operate.html HTTP/1.1" 200 8245
180.162.245.190 - - [11/Oct/2020:10:14:42 +0800] "GET /xingrg/javascript/easyui/themes/default/validatebox.css HTTP/1.1" 404 1104
120.253.135.82 - - [11/Oct/2020:10:14:44 +0800] "GET /xingrg/all/function/internal_message.html?_=1602382227740&CODE_STATE=getMsg HTTP/1.1" 200 27
222.69.139.234 - - [11/Oct/2020:10:14:44 +0800] "GET /xingrg/all/function/internal_message.html?_=1602382479976&CODE_STATE=getMsg HTTP/1.1" 200 27
114.88.166.242 - - [11/Oct/2020:10:14:47 +0800] "GET /xingrg/kc/buy/cgsh_order_operate.html?command=get_materiel&rest_code=00111&code=00101001093&supplier_code=00100090&order_time=2020-10-11 HTTP/1.1" 200 409
114.88.166.242 - - [11/Oct/2020:10:14:50 +0800] "GET /xingrg/all/function/internal_message.html?_=1602382480089&CODE_STATE=getMsg HTTP/1.1" 200 27
218.81.217.115 - - [11/Oct/2020:10:14:52 +0800] "GET /xingrg/all/function/internal_message.html?_=1602382487832&CODE_STATE=getMsg HTTP/1.1" 200 27
116.232.48.169 - - [11/Oct/2020:10:14:52 +0800] "GET /xingrg/all/function/internal_message.html?_=1602382600645&CODE_STATE=getMsg HTTP/1.1" 200 27
114.88.166.242 - - [11/Oct/2020:10:14:53 +0800] "POST /xingrg/kc/buy/cgsh_order_operate.html HTTP/1.1" 200 37
114.88.166.242 - - [11/Oct/2020:10:14:54 +0800] "POST /xingrg/kc/buy/cgsh_order_operate.html HTTP/1.1" 200 3850
114.88.166.242 - - [11/Oct/2020:10:14:55 +0800] "GET /xingrg/kc/print/load_data.html?order_code=212020101104521&kc_code=cgsh&condition= HTTP/1.1" 200 1202
180.174.56.115 - - [11/Oct/2020:10:14:55 +0800] "GET /xingrg/all/function/internal_message.html?_=1602382490062&CODE_STATE=getMsg HTTP/1.1" 200 27
172.17.0.115 - - [11/Oct/2020:10:14:56 +0800] "GET /xingrg/all/function/internal_message.html?_=1602382513233&CODE_STATE=getMsg HTTP/1.1" 200 27
172.17.0.240 - - [11/Oct/2020:10:14:57 +0800] "GET /xingrg/all/function/internal_message.html?_=1602382491339&CODE_STATE=getMsg HTTP/1.1" 200 27
172.17.0.240 - - [11/Oct/2020:10:14:57 +0800] "GET /xingrg/check_reg.html?_=1602382491341 HTTP/1.1" 200 22
114.88.166.242 - - [11/Oct/2020:10:15:01 +0800] "GET /xingrg/kc/buy/cgsh_order_add.html HTTP/1.1" 200 59937
114.88.166.242 - - [11/Oct/2020:10:15:01 +0800] "POST /xingrg/kc/buy/cgsh_order_operate.html HTTP/1.1" 200 8245
114.88.166.242 - - [11/Oct/2020:10:15:01 +0800] "GET /xingrg/javascript/easyui/themes/default/validatebox.css HTTP/1.1" 404 1104
61.129.6.203 - - [11/Oct/2020:10:15:04 +0800] "GET /xingrg/all/function/internal_message.html?_=1602381704318&CODE_STATE=getMsg HTTP/1.1" 302 -
114.88.166.242 - - [11/Oct/2020:10:15:07 +0800] "GET /xingrg/kc/buy/cgsh_order_operate.html?command=get_materiel&rest_code=00111&code=00101003037&supplier_code=00100088&order_time=2020-10-11 HTTP/1.1" 200 435
222.69.134.80 - - [11/Oct/2020:10:15:09 +0800] "GET /xingrg/all/function/internal_message.html?_=1602382504061&CODE_STATE=getMsg HTTP/1.1" 200 27
222.69.134.80 - - [11/Oct/2020:10:15:09 +0800] "GET /xingrg/check_reg.html?_=1602382504186 HTTP/1.1" 200 22
180.162.245.190 - - [11/Oct/2020:10:15:10 +0800] "GET /xingrg/all/function/internal_message.html?_=1602382504632&CODE_STATE=getMsg HTTP/1.1" 200 27
180.157.253.48 - - [11/Oct/2020:10:15:10 +0800] "GET /xingrg/all/function/internal_message.html?_=1602382504700&CODE_STATE=getMsg HTTP/1.1" 200 27
61.129.6.203 - - [11/Oct/2020:10:15:11 +0800] "GET /xingrg/login.html HTTP/1.1" 200 7641
114.88.166.242 - - [11/Oct/2020:10:15:14 +0800] "GET /xingrg/all/function/internal_message.html?_=1602382590830&CODE_STATE=getMsg HTTP/1.1" 200 27
114.88.166.242 - - [11/Oct/2020:10:15:15 +0800] "GET /xingrg/kc/buy/cgsh_order_operate.html?command=get_materiel&rest_code=00111&code=00101004011&supplier_code=00100088&order_time=2020-10-11 HTTP/1.1" 200 433
180.174.56.115 - - [11/Oct/2020:10:15:21 +0800] "GET /xingrg/check_reg.html?_=1602382488290 HTTP/1.1" 200 22
117.185.32.26 - - [11/Oct/2020:10:15:21 +0800] "GET /xingrg/all/function/internal_message.html?_=1602382953700&CODE_STATE=getMsg HTTP/1.1" 200 27
172.17.0.123 - - [11/Oct/2020:10:15:22 +0800] "GET /xingrg/check_reg.html?_=1602382493330 HTTP/1.1" 200 22
172.17.0.123 - - [11/Oct/2020:10:15:22 +0800] "GET /xingrg/all/function/internal_message.html?_=1602382493463&CODE_STATE=getMsg HTTP/1.1" 200 27
114.88.166.242 - - [11/Oct/2020:10:15:23 +0800] "GET /xingrg/kc/buy/cgsh_order_operate.html?command=get_materiel&rest_code=00111&code=00101004065&supplier_code=00100088&order_time=2020-10-11 HTTP/1.1" 200 433
180.162.245.190 - - [11/Oct/2020:10:15:24 +0800] "GET /xingrg/kc/buy/cgsh_order_operate.html?command=get_materiel&rest_code=00105&code=00101002002&supplier_code=00100087&order_time=2020-10-11 HTTP/1.1" 200 420
120.253.135.82 - - [11/Oct/2020:10:15:28 +0800] "GET /xingrg/kc/pszx/mdqp_order_list.html?state=10 HTTP/1.1" 200 11778
120.253.135.82 - - [11/Oct/2020:10:15:28 +0800] "GET /xingrg/dwr/interface/AjaxReportQueryService.js HTTP/1.1" 200 13203
120.253.135.82 - - [11/Oct/2020:10:15:28 +0800] "GET /xingrg/dwr/interface/AjaxQqpsService.js HTTP/1.1" 200 16326
120.253.135.82 - - [11/Oct/2020:10:15:28 +0800] "GET /xingrg/dwr/engine.js HTTP/1.1" 200 43631
114.88.166.242 - - [11/Oct/2020:10:15:28 +0800] "POST /xingrg/kc/buy/cgsh_order_operate.html HTTP/1.1" 200 37
172.17.200.101 - - [11/Oct/2020:10:15:30 +0800] "GET /xingrg/all/function/internal_message.html?_=1602382527167&CODE_STATE=getMsg HTTP/1.1" 200 27
114.88.166.242 - - [11/Oct/2020:10:15:30 +0800] "POST /xingrg/kc/buy/cgsh_order_operate.html HTTP/1.1" 200 3854
58.37.8.227 - - [11/Oct/2020:10:15:30 +0800] "GET /xingrg/all/function/internal_message.html?_=1602382544345&CODE_STATE=getMsg HTTP/1.1" 200 27
114.88.166.242 - - [11/Oct/2020:10:15:31 +0800] "GET /xingrg/kc/print/load_data.html?order_code=212020101104522&kc_code=cgsh&condition= HTTP/1.1" 200 1211
120.253.135.82 - - [11/Oct/2020:10:15:32 +0800] "GET /xingrg/kc/pszx/mdps_order_list.html?orderType=0 HTTP/1.1" 200 21140
120.253.135.82 - - [11/Oct/2020:10:15:32 +0800] "POST /xingrg/kc/pszx/mdps_list_operate.html HTTP/1.1" 200 5316
172.17.0.120 - - [11/Oct/2020:10:15:34 +0800] "GET /xingrg/all/function/internal_message.html?_=1602382527786&CODE_STATE=getMsg HTTP/1.1" 200 27
172.17.0.120 - - [11/Oct/2020:10:15:34 +0800] "GET /xingrg/check_reg.html?_=1602382527792 HTTP/1.1" 200 22
180.174.56.115 - - [11/Oct/2020:10:15:34 +0800] "GET /xingrg/all/function/internal_message.html?_=1602382501423&CODE_STATE=getMsg HTTP/1.1" 200 27
114.88.166.242 - - [11/Oct/2020:10:15:37 +0800] "GET /xingrg/kc/buy/cgsh_order_add.html HTTP/1.1" 200 59937
172.17.0.119 - - [11/Oct/2020:10:15:37 +0800] "GET /xingrg/all/function/internal_message.html?_=1602382533229&CODE_STATE=getMsg HTTP/1.1" 200 27
114.88.166.242 - - [11/Oct/2020:10:15:37 +0800] "GET /xingrg/javascript/easyui/themes/default/validatebox.css HTTP/1.1" 404 1104
114.88.166.242 - - [11/Oct/2020:10:15:38 +0800] "POST /xingrg/kc/buy/cgsh_order_operate.html HTTP/1.1" 200 8245
172.17.0.100 - - [11/Oct/2020:10:15:38 +0800] "GET /xingrg/all/function/internal_message.html?_=1602382530743&CODE_STATE=getMsg HTTP/1.1" 200 27
180.162.245.190 - - [11/Oct/2020:10:15:38 +0800] "POST /xingrg/kc/buy/cgsh_order_operate.html HTTP/1.1" 200 37
180.162.245.190 - - [11/Oct/2020:10:15:40 +0800] "POST /xingrg/kc/buy/cgsh_order_operate.html HTTP/1.1" 200 2669
58.221.95.50 - - [11/Oct/2020:10:15:40 +0800] "GET /xingrg/all/function/internal_message.html?_=1602382701988&CODE_STATE=getMsg HTTP/1.1" 302 -
120.253.135.82 - - [11/Oct/2020:10:15:40 +0800] "POST /xingrg/kc/pszx/mdps_list_operate.html HTTP/1.1" 200 1692
180.162.245.190 - - [11/Oct/2020:10:15:41 +0800] "GET /xingrg/kc/print/load_data.html?order_code=212020101104523&kc_code=cgsh&condition= HTTP/1.1" 200 729
120.253.135.82 - - [11/Oct/2020:10:15:41 +0800] "POST /xingrg/kc/pszx/mdps_list_operate.html HTTP/1.1" 200 608
120.253.135.82 - - [11/Oct/2020:10:15:42 +0800] "GET /xingrg/kc/pszx/mdps_order_info.html?code=312020101100265 HTTP/1.1" 200 23887
120.253.135.82 - - [11/Oct/2020:10:15:42 +0800] "GET /xingrg/javascript/easyui/themes/default/validatebox.css HTTP/1.1" 404 1104
120.253.135.82 - - [11/Oct/2020:10:15:42 +0800] "POST /xingrg/kc/pszx/mdps_order_operate.html HTTP/1.1" 200 4805
114.88.166.242 - - [11/Oct/2020:10:15:44 +0800] "GET /xingrg/kc/buy/cgsh_order_operate.html?command=get_materiel&rest_code=00111&code=00101003016&supplier_code=00100093&order_time=2020-10-11 HTTP/1.1" 200 420
120.253.135.82 - - [11/Oct/2020:10:15:44 +0800] "GET /xingrg/check_reg.html?_=1602382287555 HTTP/1.1" 200 22
120.253.135.82 - - [11/Oct/2020:10:15:44 +0800] "GET /xingrg/all/function/internal_message.html?_=1602382287754&CODE_STATE=getMsg HTTP/1.1" 200 27
180.162.245.190 - - [11/Oct/2020:10:15:44 +0800] "GET /xingrg/kc/buy/cgsh_order_add.html HTTP/1.1" 200 59984
222.69.139.234 - - [11/Oct/2020:10:15:44 +0800] "GET /xingrg/all/function/internal_message.html?_=1602382540003&CODE_STATE=getMsg HTTP/1.1" 200 27
180.162.245.190 - - [11/Oct/2020:10:15:45 +0800] "GET /xingrg/javascript/easyui/themes/default/validatebox.css HTTP/1.1" 404 1104
180.162.245.190 - - [11/Oct/2020:10:15:45 +0800] "POST /xingrg/kc/buy/cgsh_order_operate.html HTTP/1.1" 200 8245
