117.131.5.26 - - [11/Oct/2020:10:32:06 +0800] "GET /xingrg/javascript/easyui/plugins/jquery.numberbox.js HTTP/1.1" 304 -
117.131.5.26 - - [11/Oct/2020:10:32:06 +0800] "POST /xingrg/kc/buy/cgsh_order_operate.html HTTP/1.1" 200 3001
117.131.5.26 - - [11/Oct/2020:10:32:06 +0800] "GET /xingrg/javascript/easyui/themes/icons/edit_remove.png HTTP/1.1" 304 -
180.161.96.95 - - [11/Oct/2020:10:32:07 +0800] "GET /xingrg/check_reg.html?_=1602383738438 HTTP/1.1" 200 22
116.232.48.169 - - [11/Oct/2020:10:32:07 +0800] "GET /xingrg/all/function/internal_message.html?_=1602383680654&CODE_STATE=getMsg HTTP/1.1" 200 27
117.131.5.26 - - [11/Oct/2020:10:32:08 +0800] "GET /xingrg/javascript/easyui/themes/default/images/button_plain_hover.png HTTP/1.1" 304 -
117.131.5.26 - - [11/Oct/2020:10:32:08 +0800] "GET /xingrg/javascript/easyui/themes/default/images/button_plain_hover.png HTTP/1.1" 304 -
117.131.5.26 - - [11/Oct/2020:10:32:08 +0800] "GET /xingrg/javascript/easyui/themes/default/images/button_plain_hover.png HTTP/1.1" 304 -
222.69.134.80 - - [11/Oct/2020:10:32:09 +0800] "GET /xingrg/all/function/internal_message.html?_=1602383523760&CODE_STATE=getMsg HTTP/1.1" 200 27
117.131.5.26 - - [11/Oct/2020:10:32:09 +0800] "POST /xingrg/kc/buy/cgsh_list_operate.html HTTP/1.1" 200 5124
180.162.245.190 - - [11/Oct/2020:10:32:10 +0800] "GET /xingrg/all/function/internal_message.html?_=1602383524331&CODE_STATE=getMsg HTTP/1.1" 200 27
117.131.5.26 - - [11/Oct/2020:10:32:10 +0800] "POST /xingrg/kc/buy/cgsh_list_operate.html HTTP/1.1" 200 573
117.131.5.26 - - [11/Oct/2020:10:32:12 +0800] "POST /xingrg/kc/buy/cgsh_list_operate.html HTTP/1.1" 200 560
117.131.5.26 - - [11/Oct/2020:10:32:14 +0800] "GET /xingrg/kc/buy/cgsh_order_info.html?code=212020092209628 HTTP/1.1" 200 54828
114.88.166.242 - - [11/Oct/2020:10:32:14 +0800] "GET /xingrg/check_reg.html?_=1602383610848 HTTP/1.1" 200 22
114.88.166.242 - - [11/Oct/2020:10:32:14 +0800] "GET /xingrg/all/function/internal_message.html?_=1602383610845&CODE_STATE=getMsg HTTP/1.1" 200 27
117.131.5.26 - - [11/Oct/2020:10:32:14 +0800] "GET /xingrg/css/base.css HTTP/1.1" 304 -
117.131.5.26 - - [11/Oct/2020:10:32:14 +0800] "GET /xingrg/javascript/easyui/themes/default/easyui.css HTTP/1.1" 304 -
117.131.5.26 - - [11/Oct/2020:10:32:14 +0800] "GET /xingrg/javascript/easyui/themes/icon.css HTTP/1.1" 304 -
117.131.5.26 - - [11/Oct/2020:10:32:14 +0800] "GET /xingrg/javascript/jquery_tools/fix.css HTTP/1.1" 304 -
117.131.5.26 - - [11/Oct/2020:10:32:14 +0800] "GET /xingrg/css/site.css HTTP/1.1" 304 -
117.131.5.26 - - [11/Oct/2020:10:32:14 +0800] "GET /xingrg/javascript/auto/jquery.autocomplete.css HTTP/1.1" 304 -
117.131.5.26 - - [11/Oct/2020:10:32:14 +0800] "GET /xingrg/javascript/jquery_tools/datebox.css HTTP/1.1" 304 -
117.131.5.26 - - [11/Oct/2020:10:32:14 +0800] "GET /xingrg/javascript/jquery_tools/table.css HTTP/1.1" 304 -
117.131.5.26 - - [11/Oct/2020:10:32:14 +0800] "GET /xingrg/javascript/pic_change.js HTTP/1.1" 304 -
117.131.5.26 - - [11/Oct/2020:10:32:14 +0800] "GET /xingrg/javascript/jquery_tools/jquery.tools.hotkey.js HTTP/1.1" 304 -
117.131.5.26 - - [11/Oct/2020:10:32:14 +0800] "GET /xingrg/javascript/jquery_tools/jquery.tools.table.js HTTP/1.1" 304 -
117.131.5.26 - - [11/Oct/2020:10:32:14 +0800] "GET /xingrg/javascript/jquery.cookie.js HTTP/1.1" 304 -
117.131.5.26 - - [11/Oct/2020:10:32:14 +0800] "GET /xingrg/javascript/auto/jquery.autocomplete.js HTTP/1.1" 304 -
117.131.5.26 - - [11/Oct/2020:10:32:14 +0800] "GET /xingrg/javascript/easyui/easyloader.js HTTP/1.1" 304 -
117.131.5.26 - - [11/Oct/2020:10:32:14 +0800] "GET /xingrg/javascript/jquery.utils.js HTTP/1.1" 304 -
117.131.5.26 - - [11/Oct/2020:10:32:14 +0800] "GET /xingrg/javascript/convert.js HTTP/1.1" 304 -
117.131.5.26 - - [11/Oct/2020:10:32:14 +0800] "GET /xingrg/javascript/jquery_tools/jquery.tools.extend.js HTTP/1.1" 304 -
117.131.5.26 - - [11/Oct/2020:10:32:14 +0800] "GET /xingrg/javascript/jquery_tools/order_manager.js HTTP/1.1" 304 -
117.131.5.26 - - [11/Oct/2020:10:32:14 +0800] "GET /xingrg/javascript/jquery_tools/jquery.tools.min.js HTTP/1.1" 304 -
117.131.5.26 - - [11/Oct/2020:10:32:14 +0800] "GET /xingrg/javascript/print/LodopFuncs.js HTTP/1.1" 304 -
117.131.5.26 - - [11/Oct/2020:10:32:14 +0800] "GET /xingrg/javascript/print/kc_print.js HTTP/1.1" 304 -
117.131.5.26 - - [11/Oct/2020:10:32:14 +0800] "GET /xingrg/javascript/json2.js HTTP/1.1" 304 -
117.131.5.26 - - [11/Oct/2020:10:32:14 +0800] "GET /xingrg/words/20201009092426_words.js HTTP/1.1" 304 -
117.131.5.26 - - [11/Oct/2020:10:32:14 +0800] "GET /xingrg/javascript/easyui/themes/icons/copy_new.png HTTP/1.1" 304 -
117.131.5.26 - - [11/Oct/2020:10:32:14 +0800] "GET /xingrg/javascript/easyui/themes/icons/print.png HTTP/1.1" 304 -
117.131.5.26 - - [11/Oct/2020:10:32:14 +0800] "GET /xingrg/javascript/easyui/themes/default/images/menu_downarrow.png HTTP/1.1" 304 -
117.131.5.26 - - [11/Oct/2020:10:32:14 +0800] "GET /xingrg/javascript/easyui/themes/icons/cancel.png HTTP/1.1" 304 -
117.131.5.26 - - [11/Oct/2020:10:32:14 +0800] "GET /xingrg/javascript/easyui/plugins/jquery.parser.js HTTP/1.1" 304 -
117.131.5.26 - - [11/Oct/2020:10:32:14 +0800] "GET /xingrg/javascript/easyui/themes/default/validatebox.css HTTP/1.1" 404 1104
117.131.5.26 - - [11/Oct/2020:10:32:14 +0800] "GET /xingrg/javascript/easyui/plugins/jquery.validatebox.js HTTP/1.1" 304 -
117.131.5.26 - - [11/Oct/2020:10:32:15 +0800] "GET /xingrg/javascript/easyui/plugins/jquery.numberbox.js HTTP/1.1" 304 -
117.131.5.26 - - [11/Oct/2020:10:32:15 +0800] "POST /xingrg/kc/buy/cgsh_order_operate.html HTTP/1.1" 200 8328
117.131.5.26 - - [11/Oct/2020:10:32:15 +0800] "GET /xingrg/javascript/easyui/themes/icons/edit_remove.png HTTP/1.1" 304 -
117.131.5.26 - - [11/Oct/2020:10:32:15 +0800] "GET /xingrg/javascript/easyui/themes/default/images/button_plain_hover.png HTTP/1.1" 304 -
180.161.96.95 - - [11/Oct/2020:10:32:15 +0800] "GET /xingrg/all/function/internal_message.html?_=1602383531880&CODE_STATE=getMsg HTTP/1.1" 200 27
218.81.217.115 - - [11/Oct/2020:10:32:16 +0800] "GET /xingrg/kc/buy/cgsh_order_list.html HTTP/1.1" 200 44205
218.81.217.115 - - [11/Oct/2020:10:32:17 +0800] "POST /xingrg/kc/buy/cgsh_list_operate.html HTTP/1.1" 200 3134
117.131.5.26 - - [11/Oct/2020:10:32:17 +0800] "POST /xingrg/kc/buy/cgsh_list_operate.html HTTP/1.1" 200 5124
218.81.217.115 - - [11/Oct/2020:10:32:19 +0800] "GET /xingrg/kc/buy/cgsh_order_add.html HTTP/1.1" 200 59943
218.81.217.115 - - [11/Oct/2020:10:32:19 +0800] "POST /xingrg/kc/buy/cgsh_order_operate.html HTTP/1.1" 200 8245
218.81.217.115 - - [11/Oct/2020:10:32:19 +0800] "GET /xingrg/all/common/auto_word.html?type=employee&rest_code=00146 HTTP/1.1" 200 197
218.81.217.115 - - [11/Oct/2020:10:32:19 +0800] "GET /xingrg/all/common/auto_word.html?type=employee&rest_code=00146 HTTP/1.1" 200 197
218.81.217.115 - - [11/Oct/2020:10:32:19 +0800] "GET /xingrg/javascript/easyui/themes/default/validatebox.css HTTP/1.1" 404 1104
117.131.5.26 - - [11/Oct/2020:10:32:20 +0800] "POST /xingrg/kc/buy/cgsh_list_operate.html HTTP/1.1" 200 201
117.185.32.26 - - [11/Oct/2020:10:32:21 +0800] "GET /xingrg/all/function/internal_message.html?_=1602383973756&CODE_STATE=getMsg HTTP/1.1" 200 27
180.162.245.190 - - [11/Oct/2020:10:32:21 +0800] "GET /xingrg/kc/base/wldb_order_list.html HTTP/1.1" 200 19377
180.162.245.190 - - [11/Oct/2020:10:32:22 +0800] "POST /xingrg/kc/base/wldb_list_operate.html HTTP/1.1" 200 928
180.162.245.190 - - [11/Oct/2020:10:32:25 +0800] "GET /xingrg/kc/base/wldb_order_add.html HTTP/1.1" 200 30489
180.162.245.190 - - [11/Oct/2020:10:32:25 +0800] "POST /xingrg/kc/base/wldb_order_operate.html HTTP/1.1" 200 6806
180.162.245.190 - - [11/Oct/2020:10:32:25 +0800] "GET /xingrg/javascript/easyui/themes/default/validatebox.css HTTP/1.1" 404 1104
180.162.245.190 - - [11/Oct/2020:10:32:26 +0800] "POST /xingrg/all/common/load_combo.html?type=base HTTP/1.1" 200 3236
117.131.5.26 - - [11/Oct/2020:10:32:26 +0800] "POST /xingrg/kc/buy/cgsh_list_operate.html HTTP/1.1" 200 4454
117.131.5.26 - - [11/Oct/2020:10:32:27 +0800] "POST /xingrg/kc/buy/cgsh_list_operate.html HTTP/1.1" 200 597
114.88.166.242 - - [11/Oct/2020:10:32:28 +0800] "GET /xingrg/kc/buy/cgsh_order_add.html HTTP/1.1" 200 59937
114.88.166.242 - - [11/Oct/2020:10:32:28 +0800] "GET /xingrg/javascript/easyui/themes/default/validatebox.css HTTP/1.1" 404 1104
114.88.166.242 - - [11/Oct/2020:10:32:28 +0800] "POST /xingrg/kc/buy/cgsh_order_operate.html HTTP/1.1" 200 8245
117.131.5.26 - - [11/Oct/2020:10:32:28 +0800] "POST /xingrg/kc/buy/cgsh_list_operate.html HTTP/1.1" 200 438
172.17.200.101 - - [11/Oct/2020:10:32:30 +0800] "GET /xingrg/check_reg.html?_=1602383547189 HTTP/1.1" 200 22
172.17.200.101 - - [11/Oct/2020:10:32:30 +0800] "GET /xingrg/all/function/internal_message.html?_=1602383547186&CODE_STATE=getMsg HTTP/1.1" 200 27
58.37.8.227 - - [11/Oct/2020:10:32:30 +0800] "GET /xingrg/all/function/internal_message.html?_=1602383564371&CODE_STATE=getMsg HTTP/1.1" 200 27
117.131.5.26 - - [11/Oct/2020:10:32:31 +0800] "POST /xingrg/kc/buy/cgsh_list_operate.html HTTP/1.1" 200 438
117.131.5.26 - - [11/Oct/2020:10:32:33 +0800] "POST /xingrg/kc/buy/cgsh_list_operate.html HTTP/1.1" 200 202
172.17.0.120 - - [11/Oct/2020:10:32:34 +0800] "GET /xingrg/all/function/internal_message.html?_=1602383547797&CODE_STATE=getMsg HTTP/1.1" 200 27
117.131.5.26 - - [11/Oct/2020:10:32:34 +0800] "POST /xingrg/kc/buy/cgsh_list_operate.html HTTP/1.1" 200 202
180.174.56.115 - - [11/Oct/2020:10:32:34 +0800] "GET /xingrg/all/function/internal_message.html?_=1602383521695&CODE_STATE=getMsg HTTP/1.1" 200 27
114.88.166.242 - - [11/Oct/2020:10:32:35 +0800] "GET /xingrg/kc/buy/cgsh_order_operate.html?command=get_materiel&rest_code=00111&code=00101001060&supplier_code=00100042&order_time=2020-10-11 HTTP/1.1" 200 419
117.131.5.26 - - [11/Oct/2020:10:32:36 +0800] "GET /xingrg/css/base.css HTTP/1.1" 304 -
117.131.5.26 - - [11/Oct/2020:10:32:36 +0800] "GET /xingrg/css/site.css HTTP/1.1" 304 -
117.131.5.26 - - [11/Oct/2020:10:32:36 +0800] "GET /xingrg/javascript/easyui/themes/default/easyui.css HTTP/1.1" 304 -
117.131.5.26 - - [11/Oct/2020:10:32:36 +0800] "GET /xingrg/javascript/jquery_tools/datebox.css HTTP/1.1" 304 -
117.131.5.26 - - [11/Oct/2020:10:32:36 +0800] "GET /xingrg/javascript/easyui/themes/icon.css HTTP/1.1" 304 -
117.131.5.26 - - [11/Oct/2020:10:32:36 +0800] "GET /xingrg/javascript/auto/jquery.autocomplete.css HTTP/1.1" 304 -
117.131.5.26 - - [11/Oct/2020:10:32:36 +0800] "GET /xingrg/javascript/pic_change.js HTTP/1.1" 304 -
117.131.5.26 - - [11/Oct/2020:10:32:36 +0800] "GET /xingrg/javascript/jquery_tools/jquery.tools.min.js HTTP/1.1" 304 -
117.131.5.26 - - [11/Oct/2020:10:32:36 +0800] "GET /xingrg/javascript/jquery.utils.js HTTP/1.1" 304 -
117.131.5.26 - - [11/Oct/2020:10:32:36 +0800] "GET /xingrg/javascript/easyui/easyloader.js HTTP/1.1" 304 -
117.131.5.26 - - [11/Oct/2020:10:32:36 +0800] "GET /xingrg/javascript/jquery_tools/fix.css HTTP/1.1" 304 -
117.131.5.26 - - [11/Oct/2020:10:32:36 +0800] "GET /xingrg/javascript/jquery_tools/jquery.tools.table.js HTTP/1.1" 304 -
117.131.5.26 - - [11/Oct/2020:10:32:36 +0800] "GET /xingrg/javascript/jquery_tools/jquery.tools.extend.js HTTP/1.1" 304 -
117.131.5.26 - - [11/Oct/2020:10:32:36 +0800] "GET /xingrg/javascript/convert.js HTTP/1.1" 304 -
117.131.5.26 - - [11/Oct/2020:10:32:36 +0800] "GET /xingrg/javascript/jquery_tools/jquery.tools.hotkey.js HTTP/1.1" 304 -
117.131.5.26 - - [11/Oct/2020:10:32:36 +0800] "GET /xingrg/javascript/jquery_tools/table.css HTTP/1.1" 304 -
117.131.5.26 - - [11/Oct/2020:10:32:36 +0800] "GET /xingrg/javascript/json2.js HTTP/1.1" 304 -
117.131.5.26 - - [11/Oct/2020:10:32:36 +0800] "GET /xingrg/javascript/jquery_tools/order_manager.js HTTP/1.1" 304 -
117.131.5.26 - - [11/Oct/2020:10:32:36 +0800] "GET /xingrg/kc/buy/cgsh_order_info.html?code=212020091305828 HTTP/1.1" 200 54836
117.131.5.26 - - [11/Oct/2020:10:32:36 +0800] "GET /xingrg/javascript/jquery.cookie.js HTTP/1.1" 304 -
117.131.5.26 - - [11/Oct/2020:10:32:36 +0800] "GET /xingrg/javascript/print/LodopFuncs.js HTTP/1.1" 304 -
117.131.5.26 - - [11/Oct/2020:10:32:36 +0800] "GET /xingrg/javascript/auto/jquery.autocomplete.js HTTP/1.1" 304 -
117.131.5.26 - - [11/Oct/2020:10:32:36 +0800] "GET /xingrg/javascript/print/kc_print.js HTTP/1.1" 304 -
117.131.5.26 - - [11/Oct/2020:10:32:36 +0800] "GET /xingrg/words/20201009092426_words.js HTTP/1.1" 304 -
117.131.5.26 - - [11/Oct/2020:10:32:36 +0800] "GET /xingrg/javascript/easyui/themes/icons/copy_new.png HTTP/1.1" 304 -
117.131.5.26 - - [11/Oct/2020:10:32:36 +0800] "GET /xingrg/javascript/easyui/themes/icons/print.png HTTP/1.1" 304 -
117.131.5.26 - - [11/Oct/2020:10:32:36 +0800] "GET /xingrg/javascript/easyui/themes/icons/cancel.png HTTP/1.1" 304 -
117.131.5.26 - - [11/Oct/2020:10:32:36 +0800] "GET /xingrg/javascript/easyui/themes/default/images/menu_downarrow.png HTTP/1.1" 304 -
117.131.5.26 - - [11/Oct/2020:10:32:36 +0800] "GET /xingrg/javascript/easyui/plugins/jquery.parser.js HTTP/1.1" 304 -
117.131.5.26 - - [11/Oct/2020:10:32:37 +0800] "GET /xingrg/javascript/easyui/themes/default/validatebox.css HTTP/1.1" 404 1104
117.131.5.26 - - [11/Oct/2020:10:32:37 +0800] "GET /xingrg/javascript/easyui/plugins/jquery.validatebox.js HTTP/1.1" 304 -
117.131.5.26 - - [11/Oct/2020:10:32:37 +0800] "GET /xingrg/javascript/easyui/plugins/jquery.numberbox.js HTTP/1.1" 304 -
117.131.5.26 - - [11/Oct/2020:10:32:37 +0800] "POST /xingrg/kc/buy/cgsh_order_operate.html HTTP/1.1" 200 606
117.131.5.26 - - [11/Oct/2020:10:32:37 +0800] "GET /xingrg/javascript/easyui/themes/icons/edit_remove.png HTTP/1.1" 304 -
172.17.0.119 - - [11/Oct/2020:10:32:37 +0800] "GET /xingrg/all/function/internal_message.html?_=1602383553235&CODE_STATE=getMsg HTTP/1.1" 200 27
172.17.0.100 - - [11/Oct/2020:10:32:38 +0800] "GET /xingrg/all/function/internal_message.html?_=1602383550818&CODE_STATE=getMsg HTTP/1.1" 200 27
117.131.5.26 - - [11/Oct/2020:10:32:39 +0800] "GET /xingrg/javascript/easyui/themes/default/images/button_plain_hover.png HTTP/1.1" 304 -
117.131.5.26 - - [11/Oct/2020:10:32:39 +0800] "GET /xingrg/javascript/easyui/themes/default/images/button_plain_hover.png HTTP/1.1" 304 -
117.131.5.26 - - [11/Oct/2020:10:32:39 +0800] "GET /xingrg/javascript/easyui/themes/default/images/button_plain_hover.png HTTP/1.1" 304 -
58.221.95.50 - - [11/Oct/2020:10:32:39 +0800] "GET /xingrg/all/function/internal_message.html?_=1602383721585&CODE_STATE=getMsg HTTP/1.1" 302 -
172.17.0.123 - - [11/Oct/2020:10:32:40 +0800] "GET /xingrg/check_reg.html?_=1602383531058 HTTP/1.1" 200 22
172.17.0.123 - - [11/Oct/2020:10:32:40 +0800] "GET /xingrg/all/function/internal_message.html?_=1602383531060&CODE_STATE=getMsg HTTP/1.1" 200 27
172.17.0.115 - - [11/Oct/2020:10:32:40 +0800] "GET /xingrg/check_reg.html?_=1602383577450 HTTP/1.1" 200 22
58.221.95.50 - - [11/Oct/2020:10:32:41 +0800] "GET /xingrg/check_reg.html?_=1602383723295 HTTP/1.1" 302 -
117.131.5.26 - - [11/Oct/2020:10:32:42 +0800] "POST /xingrg/kc/buy/cgsh_list_operate.html HTTP/1.1" 200 4454
114.88.166.242 - - [11/Oct/2020:10:32:42 +0800] "GET /xingrg/kc/buy/cgsh_order_operate.html?command=get_materiel&rest_code=00111&code=00101001053&supplier_code=00100042&order_time=2020-10-11 HTTP/1.1" 200 409
172.17.0.123 - - [11/Oct/2020:10:32:43 +0800] "GET /xingrg/kc/guide/show_order.html?code=422020090200178&type=42 HTTP/1.1" 302 -
172.17.0.123 - - [11/Oct/2020:10:32:43 +0800] "GET /xingrg/kc/base/wldb_order_info.html?code=422020090200178&sysBaseUrl=http%3A%2F%2F172.17.0.8%3A18081%2Fxingrg%2F&costTime=1×tamp=1602383563291 HTTP/1.1" 200 26608
172.17.0.123 - - [11/Oct/2020:10:32:43 +0800] "GET /xingrg/javascript/easyui/themes/default/validatebox.css HTTP/1.1" 404 1104
172.17.0.123 - - [11/Oct/2020:10:32:43 +0800] "POST /xingrg/kc/base/wldb_order_operate.html HTTP/1.1" 200 20378
117.131.5.26 - - [11/Oct/2020:10:32:44 +0800] "POST /xingrg/kc/buy/cgsh_list_operate.html HTTP/1.1" 200 202
218.81.217.115 - - [11/Oct/2020:10:32:44 +0800] "GET /xingrg/kc/buy/cgsh_order_operate.html?command=get_materiel&rest_code=00146&code=00101008486&supplier_code=00100327&order_time=2020-10-11 HTTP/1.1" 200 400
120.253.135.82 - - [11/Oct/2020:10:32:45 +0800] "GET /xingrg/all/function/internal_message.html?_=1602383308234&CODE_STATE=getMsg HTTP/1.1" 200 27
180.171.130.158 - - [11/Oct/2020:10:32:45 +0800] "POST /xingrg/services/DataTransmitService HTTP/1.1" 200 524
180.171.130.158 - - [11/Oct/2020:10:32:45 +0800] "POST /xingrg/services/DataTransmitService HTTP/1.1" 200 1759
180.171.130.158 - - [11/Oct/2020:10:32:45 +0800] "POST /xingrg/services/DataTransmitService HTTP/1.1" 200 161332
117.131.5.26 - - [11/Oct/2020:10:32:45 +0800] "POST /xingrg/kc/buy/cgsh_list_operate.html HTTP/1.1" 200 212
117.131.5.26 - - [11/Oct/2020:10:32:47 +0800] "POST /xingrg/kc/buy/cgsh_list_operate.html HTTP/1.1" 200 569
114.88.166.242 - - [11/Oct/2020:10:32:47 +0800] "POST /xingrg/kc/buy/cgsh_order_operate.html HTTP/1.1" 200 37
114.88.166.242 - - [11/Oct/2020:10:32:48 +0800] "POST /xingrg/kc/buy/cgsh_order_operate.html HTTP/1.1" 200 3253
124.76.236.61 - - [11/Oct/2020:10:32:49 +0800] "GET /xingrg/all/function/internal_message.html?_=1602383540802&CODE_STATE=getMsg HTTP/1.1" 200 27
124.76.236.61 - - [11/Oct/2020:10:32:49 +0800] "GET /xingrg/check_reg.html?_=1602383540799 HTTP/1.1" 200 22
114.88.166.242 - - [11/Oct/2020:10:32:49 +0800] "GET /xingrg/kc/print/load_data.html?order_code=212020101104553&kc_code=cgsh&condition= HTTP/1.1" 200 935
114.88.166.242 - - [11/Oct/2020:10:32:50 +0800] "GET /xingrg/all/function/internal_message.html?_=1602383560443&CODE_STATE=getMsg HTTP/1.1" 200 27
218.81.217.115 - - [11/Oct/2020:10:32:53 +0800] "GET /xingrg/all/function/internal_message.html?_=1602383568779&CODE_STATE=getMsg HTTP/1.1" 200 27
180.174.56.115 - - [11/Oct/2020:10:32:56 +0800] "GET /xingrg/all/function/internal_message.html?_=1602383570938&CODE_STATE=getMsg HTTP/1.1" 200 27
172.17.0.115 - - [11/Oct/2020:10:32:56 +0800] "GET /xingrg/all/function/internal_message.html?_=1602383593487&CODE_STATE=getMsg HTTP/1.1" 200 27
117.131.5.26 - - [11/Oct/2020:10:32:57 +0800] "GET /xingrg/all/function/internal_message.html?_=1602383867659&CODE_STATE=getMsg HTTP/1.1" 200 27
218.81.217.115 - - [11/Oct/2020:10:32:59 +0800] "POST /xingrg/kc/buy/cgsh_order_operate.html HTTP/1.1" 200 37
218.81.217.115 - - [11/Oct/2020:10:33:00 +0800] "POST /xingrg/kc/buy/cgsh_order_operate.html HTTP/1.1" 200 2659
222.69.139.234 - - [11/Oct/2020:10:33:02 +0800] "GET /xingrg/all/function/internal_message.html?_=1602383577842&CODE_STATE=getMsg HTTP/1.1" 200 27
218.81.217.115 - - [11/Oct/2020:10:33:03 +0800] "GET /xingrg/kc/print/load_config.html?kc_code=cgsh HTTP/1.1" 200 1845
218.81.217.115 - - [11/Oct/2020:10:33:03 +0800] "GET /xingrg/kc/print/load_data.html?order_code=212020101104554&kc_code=cgsh&condition= HTTP/1.1" 200 678
116.232.48.169 - - [11/Oct/2020:10:33:05 +0800] "GET /xingrg/all/function/internal_message.html?_=1602383740656&CODE_STATE=getMsg HTTP/1.1" 200 27
172.17.0.105 - - [11/Oct/2020:10:33:07 +0800] "GET /xingrg/login.html HTTP/1.1" 200 7636
172.17.0.105 - - [11/Oct/2020:10:33:08 +0800] "GET /favicon.ico HTTP/1.1" 404 -
222.69.134.80 - - [11/Oct/2020:10:33:09 +0800] "GET /xingrg/all/function/internal_message.html?_=1602383583733&CODE_STATE=getMsg HTTP/1.1" 200 27
172.17.0.105 - - [11/Oct/2020:10:33:09 +0800] "POST /xingrg/login.do HTTP/1.1" 302 -
172.17.0.105 - - [11/Oct/2020:10:33:09 +0800] "GET /xingrg/index.html?sysBaseUrl=http%3A%2F%2F172.17.0.8%3A18081%2Fxingrg%2F&costTime=41×tamp=1602383589651 HTTP/1.1" 200 17448
180.162.245.190 - - [11/Oct/2020:10:33:10 +0800] "GET /xingrg/all/function/internal_message.html?_=1602383584325&CODE_STATE=getMsg HTTP/1.1" 200 27
172.17.0.105 - - [11/Oct/2020:10:33:10 +0800] "GET /favicon.ico HTTP/1.1" 404 -
172.17.0.105 - - [11/Oct/2020:10:33:10 +0800] "POST /xingrg/all/common/load_tree.html?tree=area_rest_tree_json&manage=1 HTTP/1.1" 200 3216
172.17.0.105 - - [11/Oct/2020:10:33:10 +0800] "GET /xingrg/all/function/internal_message.html?_=1602383590235&CODE_STATE=count HTTP/1.1" 200 11
172.17.0.105 - - [11/Oct/2020:10:33:10 +0800] "GET /xingrg/check_reg.html?_=1602383590235 HTTP/1.1" 200 22
172.17.0.105 - - [11/Oct/2020:10:33:10 +0800] "POST /xingrg/load_menu.html HTTP/1.1" 200 11408
172.17.0.105 - - [11/Oct/2020:10:33:11 +0800] "GET /xingrg/kc/report/report_main.html HTTP/1.1" 200 9350
114.88.166.242 - - [11/Oct/2020:10:33:14 +0800] "GET /xingrg/all/function/internal_message.html?_=1602383670876&CODE_STATE=getMsg HTTP/1.1" 200 27
180.161.96.95 - - [11/Oct/2020:10:33:15 +0800] "GET /xingrg/check_reg.html?_=1602383591722 HTTP/1.1" 200 22
180.161.96.95 - - [11/Oct/2020:10:33:15 +0800] "GET /xingrg/all/function/internal_message.html?_=1602383591893&CODE_STATE=getMsg HTTP/1.1" 200 27
172.17.0.105 - - [11/Oct/2020:10:33:16 +0800] "POST /xingrg/all/user/operate.html HTTP/1.1" 200 36
172.17.0.105 - - [11/Oct/2020:10:33:16 +0800] "GET /xingrg/javascript/jquery_easy_ui/themes/default/easyui.css HTTP/1.1" 304 -
172.17.0.105 - - [11/Oct/2020:10:33:16 +0800] "GET /xingrg/index.html?sysBaseUrl=http%3A%2F%2F172.17.0.8%3A18081%2Fxingrg%2F&costTime=41×tamp=1602383589651 HTTP/1.1" 200 17454
172.17.0.105 - - [11/Oct/2020:10:33:16 +0800] "GET /xingrg/javascript/jquery_easy_ui/themes/icon.css HTTP/1.1" 304 -
172.17.0.105 - - [11/Oct/2020:10:33:16 +0800] "GET /xingrg/css/form.css HTTP/1.1" 304 -
172.17.0.105 - - [11/Oct/2020:10:33:16 +0800] "GET /xingrg/javascript/jquery-1.4.2.min.js HTTP/1.1" 304 -
172.17.0.105 - - [11/Oct/2020:10:33:16 +0800] "GET /xingrg/javascript/jquery_easy_ui/jquery.easyui.min.js HTTP/1.1" 304 -
172.17.0.105 - - [11/Oct/2020:10:33:16 +0800] "GET /xingrg/javascript/jquery_easy_ui/easyui-lang-zh_CN.js HTTP/1.1" 304 -
172.17.0.105 - - [11/Oct/2020:10:33:16 +0800] "GET /xingrg/javascript/jquery.form.js HTTP/1.1" 304 -
172.17.0.105 - - [11/Oct/2020:10:33:16 +0800] "GET /xingrg/javascript/jquery.utils.js HTTP/1.1" 304 -
172.17.0.105 - - [11/Oct/2020:10:33:16 +0800] "GET /xingrg/javascript/jquery.timers.js HTTP/1.1" 304 -
172.17.0.105 - - [11/Oct/2020:10:33:16 +0800] "GET /xingrg/images/blue/jxLogo.png HTTP/1.1" 304 -
172.17.0.105 - - [11/Oct/2020:10:33:16 +0800] "GET /xingrg/images/blue/navBackgound.jpg HTTP/1.1" 304 -
172.17.0.105 - - [11/Oct/2020:10:33:16 +0800] "GET /xingrg/javascript/jquery_easy_ui/themes/icons/settle_new.png HTTP/1.1" 304 -
172.17.0.105 - - [11/Oct/2020:10:33:16 +0800] "POST /xingrg/all/common/load_tree.html?tree=area_rest_tree_json&manage=1 HTTP/1.1" 200 3216
172.17.0.105 - - [11/Oct/2020:10:33:16 +0800] "GET /xingrg/all/function/internal_message.html?_=1602383596580&CODE_STATE=count HTTP/1.1" 200 11
172.17.0.105 - - [11/Oct/2020:10:33:16 +0800] "GET /xingrg/check_reg.html?_=1602383596581 HTTP/1.1" 200 22
172.17.0.105 - - [11/Oct/2020:10:33:16 +0800] "GET /xingrg/javascript/jquery_easy_ui/themes/default/images/panel_tool_expand.gif HTTP/1.1" 304 -
172.17.0.105 - - [11/Oct/2020:10:33:16 +0800] "GET /xingrg/javascript/jquery_easy_ui/themes/default/images/panel_tool_collapse.gif HTTP/1.1" 304 -
172.17.0.105 - - [11/Oct/2020:10:33:16 +0800] "GET /xingrg/javascript/jquery_easy_ui/themes/default/images/tabs_rightarrow.png HTTP/1.1" 304 -
172.17.0.105 - - [11/Oct/2020:10:33:16 +0800] "GET /xingrg/javascript/jquery_easy_ui/themes/default/images/tabs_leftarrow.png HTTP/1.1" 304 -
172.17.0.105 - - [11/Oct/2020:10:33:16 +0800] "GET /xingrg/images/blue/pingpu.png HTTP/1.1" 304 -
172.17.0.105 - - [11/Oct/2020:10:33:16 +0800] "POST /xingrg/load_menu.html HTTP/1.1" 200 9924
172.17.0.123 - - [11/Oct/2020:10:33:16 +0800] "GET /xingrg/kc/base/stock_operate.html?_=1602383567350&command=get_report_file&start_day=20200901 HTTP/1.1" 200 53
172.17.0.123 - - [11/Oct/2020:10:33:16 +0800] "GET /xingrg/all/report/report_query.html?isQuery=1&onlyBody=1&rh=2000&fileName=kc/base/kc_stock_detail_new.xml&queryString=(1=1)&queryText=&tableQueryString=init_table$sp1$base_code='0010296'$sp$crk_table$sp1$order_day%20between%2020200901%20and%2020200930%20and%20base_code='0010296'&varString=start_day:20200901,materiel_code:00101022099,cost_id:2837,end_date:20200831 HTTP/1.1" 200 48669
172.17.0.123 - - [11/Oct/2020:10:33:16 +0800] "GET /xingrg/dwr/interface/AjaxReportQueryService.js HTTP/1.1" 200 13203
172.17.0.123 - - [11/Oct/2020:10:33:16 +0800] "GET /xingrg/dwr/engine.js HTTP/1.1" 200 43631
172.17.0.123 - - [11/Oct/2020:10:33:17 +0800] "POST /xingrg/all/report/load_report_page.html HTTP/1.1" 200 29986
172.17.0.123 - - [11/Oct/2020:10:33:17 +0800] "GET /xingrg/servlets/image?cache=0.47946445168204643&image=px HTTP/1.1" 200 807
172.17.0.105 - - [11/Oct/2020:10:33:18 +0800] "GET /xingrg/kc/report/report_main.html HTTP/1.1" 200 7325
117.185.32.26 - - [11/Oct/2020:10:33:21 +0800] "GET /xingrg/all/function/internal_message.html?_=1602384033784&CODE_STATE=getMsg HTTP/1.1" 200 27
172.17.0.105 - - [11/Oct/2020:10:33:22 +0800] "GET /xingrg/kc/base/kc_stocks.html HTTP/1.1" 200 16310
172.17.0.105 - - [11/Oct/2020:10:33:23 +0800] "GET /xingrg/javascript/easyui/themes/sunny/easyui.css HTTP/1.1" 200 34304
172.17.0.105 - - [11/Oct/2020:10:33:24 +0800] "GET /xingrg/javascript/easyui/themes/icons/filter_new.png HTTP/1.1" 200 795
172.17.0.105 - - [11/Oct/2020:10:33:24 +0800] "GET /xingrg/javascript/easyui/themes/icons/print_new.png HTTP/1.1" 200 3580
172.17.0.105 - - [11/Oct/2020:10:33:24 +0800] "GET /xingrg/javascript/easyui/themes/icons/refresh_new.png HTTP/1.1" 200 685
172.17.0.105 - - [11/Oct/2020:10:33:24 +0800] "GET /xingrg/javascript/easyui/plugins/jquery.draggable.js HTTP/1.1" 200 6121
172.17.0.105 - - [11/Oct/2020:10:33:25 +0800] "GET /xingrg/all/common/auto_word.html?type=base&rest_code=00144 HTTP/1.1" 200 569
172.17.0.105 - - [11/Oct/2020:10:33:25 +0800] "GET /xingrg/javascript/easyui/plugins/jquery.droppable.js HTTP/1.1" 200 1167
172.17.0.105 - - [11/Oct/2020:10:33:25 +0800] "GET /xingrg/javascript/easyui/themes/default/tree.css HTTP/1.1" 404 1090
172.17.0.105 - - [11/Oct/2020:10:33:25 +0800] "GET /xingrg/javascript/easyui/plugins/jquery.tree.js HTTP/1.1" 200 20874
172.17.0.105 - - [11/Oct/2020:10:33:25 +0800] "POST /xingrg/all/common/load_tree.html?tree=materiel_sort_tree_json HTTP/1.1" 200 8666
172.17.0.105 - - [11/Oct/2020:10:33:25 +0800] "GET /xingrg/javascript/easyui/themes/sunny/images/tree_arrows.gif HTTP/1.1" 200 617
172.17.0.105 - - [11/Oct/2020:10:33:25 +0800] "GET /xingrg/javascript/easyui/themes/sunny/images/tree_folder_open.gif HTTP/1.1" 200 956
172.17.0.105 - - [11/Oct/2020:10:33:25 +0800] "GET /xingrg/javascript/easyui/themes/sunny/images/tree_folder.gif HTTP/1.1" 200 952
172.17.0.105 - - [11/Oct/2020:10:33:25 +0800] "GET /xingrg/javascript/easyui/themes/sunny/images/tree_file.gif HTTP/1.1" 200 118
172.17.0.105 - - [11/Oct/2020:10:33:29 +0800] "GET /xingrg/kc/base/wldb_order_list.html HTTP/1.1" 200 19618
172.17.200.101 - - [11/Oct/2020:10:33:30 +0800] "GET /xingrg/all/function/internal_message.html?_=1602383607192&CODE_STATE=getMsg HTTP/1.1" 200 27
172.17.0.105 - - [11/Oct/2020:10:33:30 +0800] "POST /xingrg/kc/base/wldb_list_operate.html HTTP/1.1" 200 928
58.37.8.227 - - [11/Oct/2020:10:33:30 +0800] "GET /xingrg/all/function/internal_message.html?_=1602383624370&CODE_STATE=getMsg HTTP/1.1" 200 27
218.81.217.115 - - [11/Oct/2020:10:33:31 +0800] "GET /xingrg/kc/buy/cgsh_order_add.html HTTP/1.1" 200 59943
172.17.0.105 - - [11/Oct/2020:10:33:32 +0800] "POST /xingrg/kc/base/wldb_list_operate.html HTTP/1.1" 200 6204
218.81.217.115 - - [11/Oct/2020:10:33:32 +0800] "POST /xingrg/kc/buy/cgsh_order_operate.html HTTP/1.1" 200 8245
218.81.217.115 - - [11/Oct/2020:10:33:32 +0800] "GET /xingrg/javascript/easyui/themes/default/validatebox.css HTTP/1.1" 404 1104
172.17.0.120 - - [11/Oct/2020:10:33:34 +0800] "GET /xingrg/all/function/internal_message.html?_=1602383607786&CODE_STATE=getMsg HTTP/1.1" 200 27
172.17.0.105 - - [11/Oct/2020:10:33:34 +0800] "POST /xingrg/kc/base/wldb_list_operate.html HTTP/1.1" 200 211
180.174.56.115 - - [11/Oct/2020:10:33:34 +0800] "GET /xingrg/all/function/internal_message.html?_=1602383581698&CODE_STATE=getMsg HTTP/1.1" 200 27
172.17.0.105 - - [11/Oct/2020:10:33:35 +0800] "POST /xingrg/kc/base/wldb_list_operate.html HTTP/1.1" 200 215
172.17.0.105 - - [11/Oct/2020:10:33:35 +0800] "POST /xingrg/kc/base/wldb_list_operate.html HTTP/1.1" 200 300
172.17.0.105 - - [11/Oct/2020:10:33:37 +0800] "POST /xingrg/kc/base/wldb_list_operate.html HTTP/1.1" 200 211
172.17.0.119 - - [11/Oct/2020:10:33:37 +0800] "GET /xingrg/all/function/internal_message.html?_=1602383613222&CODE_STATE=getMsg HTTP/1.1" 200 27
172.17.0.100 - - [11/Oct/2020:10:33:38 +0800] "GET /xingrg/all/function/internal_message.html?_=1602383610818&CODE_STATE=getMsg HTTP/1.1" 200 27
58.221.95.50 - - [11/Oct/2020:10:33:39 +0800] "GET /xingrg/all/function/internal_message.html?_=1602383781569&CODE_STATE=getMsg HTTP/1.1" 302 -
172.17.0.123 - - [11/Oct/2020:10:33:40 +0800] "GET /xingrg/all/function/internal_message.html?_=1602383591066&CODE_STATE=getMsg HTTP/1.1" 200 27
172.17.0.105 - - [11/Oct/2020:10:33:42 +0800] "POST /xingrg/kc/base/wldb_list_operate.html HTTP/1.1" 200 620
120.253.135.82 - - [11/Oct/2020:10:33:45 +0800] "GET /xingrg/all/function/internal_message.html?_=1602383368298&CODE_STATE=getMsg HTTP/1.1" 200 27
172.17.0.105 - - [11/Oct/2020:10:33:45 +0800] "POST /xingrg/kc/base/wldb_list_operate.html HTTP/1.1" 200 461
172.17.0.105 - - [11/Oct/2020:10:33:46 +0800] "POST /xingrg/kc/base/wldb_list_operate.html HTTP/1.1" 200 631
218.81.217.115 - - [11/Oct/2020:10:33:47 +0800] "GET /xingrg/kc/buy/cgsh_order_operate.html?command=get_materiel&rest_code=00146&code=00101001093&supplier_code=00100090&order_time=2020-10-11 HTTP/1.1" 200 409
124.76.236.61 - - [11/Oct/2020:10:33:49 +0800] "GET /xingrg/all/function/internal_message.html?_=1602383600787&CODE_STATE=getMsg HTTP/1.1" 200 27
172.17.0.105 - - [11/Oct/2020:10:33:49 +0800] "POST /xingrg/all/user/operate.html HTTP/1.1" 200 36
172.17.0.105 - - [11/Oct/2020:10:33:49 +0800] "GET /xingrg/javascript/jquery_easy_ui/themes/default/easyui.css HTTP/1.1" 304 -
172.17.0.105 - - [11/Oct/2020:10:33:49 +0800] "GET /xingrg/index.html?sysBaseUrl=http%3A%2F%2F172.17.0.8%3A18081%2Fxingrg%2F&costTime=41×tamp=1602383589651 HTTP/1.1" 200 17454
172.17.0.105 - - [11/Oct/2020:10:33:50 +0800] "GET /xingrg/javascript/jquery_easy_ui/themes/icon.css HTTP/1.1" 304 -
172.17.0.105 - - [11/Oct/2020:10:33:50 +0800] "GET /xingrg/css/form.css HTTP/1.1" 304 -
172.17.0.105 - - [11/Oct/2020:10:33:50 +0800] "GET /xingrg/javascript/jquery-1.4.2.min.js HTTP/1.1" 304 -
172.17.0.105 - - [11/Oct/2020:10:33:50 +0800] "GET /xingrg/javascript/jquery_easy_ui/jquery.easyui.min.js HTTP/1.1" 304 -
172.17.0.105 - - [11/Oct/2020:10:33:50 +0800] "GET /xingrg/javascript/jquery_easy_ui/easyui-lang-zh_CN.js HTTP/1.1" 304 -
172.17.0.105 - - [11/Oct/2020:10:33:50 +0800] "GET /xingrg/javascript/jquery.form.js HTTP/1.1" 304 -
172.17.0.105 - - [11/Oct/2020:10:33:50 +0800] "GET /xingrg/javascript/jquery.utils.js HTTP/1.1" 304 -
172.17.0.105 - - [11/Oct/2020:10:33:50 +0800] "GET /xingrg/javascript/jquery.timers.js HTTP/1.1" 304 -
172.17.0.105 - - [11/Oct/2020:10:33:50 +0800] "GET /xingrg/images/blue/jxLogo.png HTTP/1.1" 304 -
172.17.0.105 - - [11/Oct/2020:10:33:50 +0800] "GET /xingrg/javascript/jquery_easy_ui/themes/icons/settle_new.png HTTP/1.1" 304 -
172.17.0.105 - - [11/Oct/2020:10:33:50 +0800] "GET /xingrg/images/blue/navBackgound.jpg HTTP/1.1" 304 -
172.17.0.105 - - [11/Oct/2020:10:33:50 +0800] "POST /xingrg/all/common/load_tree.html?tree=area_rest_tree_json&manage=1 HTTP/1.1" 200 3216
172.17.0.105 - - [11/Oct/2020:10:33:50 +0800] "GET /xingrg/all/function/internal_message.html?_=1602383630037&CODE_STATE=count HTTP/1.1" 200 11
172.17.0.105 - - [11/Oct/2020:10:33:50 +0800] "GET /xingrg/check_reg.html?_=1602383630037 HTTP/1.1" 200 22
172.17.0.105 - - [11/Oct/2020:10:33:50 +0800] "GET /xingrg/javascript/jquery_easy_ui/themes/default/images/panel_tool_collapse.gif HTTP/1.1" 304 -
172.17.0.105 - - [11/Oct/2020:10:33:50 +0800] "GET /xingrg/images/blue/pingpu.png HTTP/1.1" 304 -
172.17.0.105 - - [11/Oct/2020:10:33:50 +0800] "GET /xingrg/javascript/jquery_easy_ui/themes/default/images/tabs_leftarrow.png HTTP/1.1" 304 -
172.17.0.105 - - [11/Oct/2020:10:33:50 +0800] "GET /xingrg/javascript/jquery_easy_ui/themes/default/images/tabs_rightarrow.png HTTP/1.1" 304 -
172.17.0.105 - - [11/Oct/2020:10:33:50 +0800] "GET /xingrg/javascript/jquery_easy_ui/themes/default/images/panel_tool_expand.gif HTTP/1.1" 304 -
172.17.0.105 - - [11/Oct/2020:10:33:50 +0800] "POST /xingrg/load_menu.html HTTP/1.1" 200 9924
114.88.166.242 - - [11/Oct/2020:10:33:50 +0800] "GET /xingrg/all/function/internal_message.html?_=1602383620479&CODE_STATE=getMsg HTTP/1.1" 200 27
172.17.0.105 - - [11/Oct/2020:10:33:51 +0800] "GET /xingrg/kc/report/report_main.html HTTP/1.1" 200 7325
172.17.0.105 - - [11/Oct/2020:10:33:54 +0800] "GET /xingrg/kc/base/wldb_order_list.html HTTP/1.1" 200 19618
172.17.0.105 - - [11/Oct/2020:10:33:54 +0800] "POST /xingrg/kc/base/wldb_list_operate.html HTTP/1.1" 200 928
180.174.56.115 - - [11/Oct/2020:10:33:56 +0800] "GET /xingrg/all/function/internal_message.html?_=1602383630988&CODE_STATE=getMsg HTTP/1.1" 200 27
172.17.0.115 - - [11/Oct/2020:10:33:56 +0800] "GET /xingrg/all/function/internal_message.html?_=1602383653500&CODE_STATE=getMsg HTTP/1.1" 200 27
172.17.0.105 - - [11/Oct/2020:10:33:56 +0800] "POST /xingrg/kc/base/wldb_list_operate.html HTTP/1.1" 200 6205
117.131.5.26 - - [11/Oct/2020:10:33:57 +0800] "GET /xingrg/all/function/internal_message.html?_=1602383927675&CODE_STATE=getMsg HTTP/1.1" 200 27
114.88.166.242 - - [11/Oct/2020:10:33:58 +0800] "GET /xingrg/check_reg.html?_=1602383632958 HTTP/1.1" 200 22
222.69.139.234 - - [11/Oct/2020:10:34:02 +0800] "GET /xingrg/all/function/internal_message.html?_=1602383637812&CODE_STATE=getMsg HTTP/1.1" 200 27
116.232.48.169 - - [11/Oct/2020:10:34:02 +0800] "GET /xingrg/all/function/internal_message.html?_=1602383800656&CODE_STATE=getMsg HTTP/1.1" 200 27
172.17.0.105 - - [11/Oct/2020:10:34:05 +0800] "POST /xingrg/kc/base/wldb_list_operate.html HTTP/1.1" 200 6381
218.81.217.115 - - [11/Oct/2020:10:34:05 +0800] "GET /xingrg/kc/buy/cgsh_order_operate.html?command=get_materiel&rest_code=00146&code=00101001140&supplier_code=00100090&order_time=2020-10-11 HTTP/1.1" 200 413
172.17.0.185 - - [11/Oct/2020:10:34:05 +0800] "GET /favicon.ico HTTP/1.1" 404 -
172.17.0.123 - - [11/Oct/2020:10:34:06 +0800] "GET /xingrg/kc/guide/show_order.html?code=422020093003876&type=42 HTTP/1.1" 302 -
172.17.0.123 - - [11/Oct/2020:10:34:06 +0800] "GET /xingrg/kc/base/wldb_order_info.html?code=422020093003876&sysBaseUrl=http%3A%2F%2F172.17.0.8%3A18081%2Fxingrg%2F&costTime=0×tamp=1602383646635 HTTP/1.1" 200 26602
172.17.0.123 - - [11/Oct/2020:10:34:07 +0800] "GET /xingrg/javascript/easyui/themes/default/validatebox.css HTTP/1.1" 404 1104
172.17.0.123 - - [11/Oct/2020:10:34:07 +0800] "POST /xingrg/kc/base/wldb_order_operate.html HTTP/1.1" 200 29028
222.69.134.80 - - [11/Oct/2020:10:34:09 +0800] "GET /xingrg/all/function/internal_message.html?_=1602383643720&CODE_STATE=getMsg HTTP/1.1" 200 27
180.162.245.190 - - [11/Oct/2020:10:34:10 +0800] "GET /xingrg/all/function/internal_message.html?_=1602383644291&CODE_STATE=getMsg HTTP/1.1" 200 27
172.17.0.105 - - [11/Oct/2020:10:34:12 +0800] "POST /xingrg/kc/base/wldb_list_operate.html HTTP/1.1" 200 608
172.17.0.105 - - [11/Oct/2020:10:34:13 +0800] "POST /xingrg/kc/base/wldb_list_operate.html HTTP/1.1" 200 454
114.88.166.242 - - [11/Oct/2020:10:34:14 +0800] "GET /xingrg/all/function/internal_message.html?_=1602383730849&CODE_STATE=getMsg HTTP/1.1" 200 27
172.17.0.105 - - [11/Oct/2020:10:34:14 +0800] "POST /xingrg/kc/base/wldb_list_operate.html HTTP/1.1" 200 595
172.17.0.105 - - [11/Oct/2020:10:34:15 +0800] "POST /xingrg/kc/base/wldb_list_operate.html HTTP/1.1" 200 619
172.17.0.105 - - [11/Oct/2020:10:34:15 +0800] "POST /xingrg/kc/base/wldb_list_operate.html HTTP/1.1" 200 205
180.161.96.95 - - [11/Oct/2020:10:34:15 +0800] "GET /xingrg/all/function/internal_message.html?_=1602383651918&CODE_STATE=getMsg HTTP/1.1" 200 27
58.37.8.227 - - [11/Oct/2020:10:34:15 +0800] "POST /xingrg/services/DataTransmitService HTTP/1.1" 200 524
172.17.0.105 - - [11/Oct/2020:10:34:16 +0800] "POST /xingrg/kc/base/wldb_list_operate.html HTTP/1.1" 200 366
172.17.0.105 - - [11/Oct/2020:10:34:18 +0800] "POST /xingrg/kc/base/wldb_list_operate.html HTTP/1.1" 200 6205
120.253.135.82 - - [11/Oct/2020:10:34:18 +0800] "GET /xingrg/index.html?sysBaseUrl=http%3A%2F%2F180.169.147.146%3A18081%2Fxingrg%2F&costTime=34×tamp=1585631483848 HTTP/1.1" 302 -
120.253.135.82 - - [11/Oct/2020:10:34:18 +0800] "GET /xingrg/login.html HTTP/1.1" 200 7641
120.253.135.82 - - [11/Oct/2020:10:34:18 +0800] "GET /xingrg/images/blue/login_bg.png HTTP/1.1" 304 -
120.253.135.82 - - [11/Oct/2020:10:34:19 +0800] "GET /xingrg/images/blue/hj.png HTTP/1.1" 304 -
120.253.135.82 - - [11/Oct/2020:10:34:19 +0800] "GET /xingrg/images/blue/jxLogo.png HTTP/1.1" 304 -
120.253.135.82 - - [11/Oct/2020:10:34:19 +0800] "GET /xingrg/images/blue/srbg.png HTTP/1.1" 304 -
172.17.0.105 - - [11/Oct/2020:10:34:19 +0800] "POST /xingrg/kc/base/wldb_list_operate.html HTTP/1.1" 200 610
120.253.135.82 - - [11/Oct/2020:10:34:19 +0800] "GET /favicon.ico HTTP/1.1" 404 -
172.17.0.105 - - [11/Oct/2020:10:34:20 +0800] "POST /xingrg/kc/base/wldb_list_operate.html HTTP/1.1" 200 201
172.17.0.105 - - [11/Oct/2020:10:34:20 +0800] "POST /xingrg/kc/base/wldb_list_operate.html HTTP/1.1" 200 208
120.253.135.82 - - [11/Oct/2020:10:34:21 +0800] "POST /xingrg/login.do HTTP/1.1" 302 -
120.253.135.82 - - [11/Oct/2020:10:34:21 +0800] "GET /xingrg/javascript/jquery_easy_ui/themes/default/easyui.css HTTP/1.1" 304 -
120.253.135.82 - - [11/Oct/2020:10:34:21 +0800] "GET /xingrg/javascript/jquery_easy_ui/themes/icon.css HTTP/1.1" 304 -
120.253.135.82 - - [11/Oct/2020:10:34:21 +0800] "GET /xingrg/javascript/jquery_easy_ui/easyui-lang-zh_CN.js HTTP/1.1" 304 -
120.253.135.82 - - [11/Oct/2020:10:34:21 +0800] "GET /xingrg/javascript/jquery.utils.js HTTP/1.1" 304 -
120.253.135.82 - - [11/Oct/2020:10:34:21 +0800] "GET /xingrg/javascript/jquery_easy_ui/jquery.easyui.min.js HTTP/1.1" 304 -
120.253.135.82 - - [11/Oct/2020:10:34:21 +0800] "GET /xingrg/javascript/jquery-1.4.2.min.js HTTP/1.1" 304 -
120.253.135.82 - - [11/Oct/2020:10:34:21 +0800] "GET /xingrg/css/form.css HTTP/1.1" 304 -
120.253.135.82 - - [11/Oct/2020:10:34:21 +0800] "GET /xingrg/index.html?sysBaseUrl=http%3A%2F%2F180.169.147.146%3A18081%2Fxingrg%2F&costTime=38×tamp=1602383661239 HTTP/1.1" 200 17173
120.253.135.82 - - [11/Oct/2020:10:34:21 +0800] "GET /xingrg/javascript/jquery.form.js HTTP/1.1" 304 -
120.253.135.82 - - [11/Oct/2020:10:34:21 +0800] "GET /xingrg/javascript/jquery.timers.js HTTP/1.1" 304 -
172.17.0.105 - - [11/Oct/2020:10:34:21 +0800] "POST /xingrg/kc/base/wldb_list_operate.html HTTP/1.1" 200 208
120.253.135.82 - - [11/Oct/2020:10:34:21 +0800] "GET /favicon.ico HTTP/1.1" 404 -
120.253.135.82 - - [11/Oct/2020:10:34:21 +0800] "GET /xingrg/images/blue/navBackgound.jpg HTTP/1.1" 304 -
120.253.135.82 - - [11/Oct/2020:10:34:21 +0800] "GET /xingrg/javascript/jquery_easy_ui/themes/icons/settle_new.png HTTP/1.1" 304 -
120.253.135.82 - - [11/Oct/2020:10:34:21 +0800] "POST /xingrg/all/common/load_tree.html?tree=area_rest_tree_json&manage=1 HTTP/1.1" 200 344
120.253.135.82 - - [11/Oct/2020:10:34:21 +0800] "GET /xingrg/javascript/jquery_easy_ui/themes/default/images/tabs_leftarrow.png HTTP/1.1" 304 -
120.253.135.82 - - [11/Oct/2020:10:34:21 +0800] "GET /xingrg/images/blue/pingpu.png HTTP/1.1" 304 -
120.253.135.82 - - [11/Oct/2020:10:34:21 +0800] "GET /xingrg/javascript/jquery_easy_ui/themes/default/images/tabs_rightarrow.png HTTP/1.1" 304 -
120.253.135.82 - - [11/Oct/2020:10:34:21 +0800] "GET /xingrg/javascript/jquery_easy_ui/themes/default/images/panel_tool_collapse.gif HTTP/1.1" 304 -
117.185.32.26 - - [11/Oct/2020:10:34:21 +0800] "GET /xingrg/all/function/internal_message.html?_=1602384093782&CODE_STATE=getMsg HTTP/1.1" 200 27
117.185.32.26 - - [11/Oct/2020:10:34:21 +0800] "GET /xingrg/check_reg.html?_=1602384093783 HTTP/1.1" 200 22
120.253.135.82 - - [11/Oct/2020:10:34:21 +0800] "GET /xingrg/all/function/internal_message.html?_=1602383690096&CODE_STATE=count HTTP/1.1" 200 11
120.253.135.82 - - [11/Oct/2020:10:34:21 +0800] "GET /xingrg/check_reg.html?_=1602383690101 HTTP/1.1" 200 22
120.253.135.82 - - [11/Oct/2020:10:34:21 +0800] "GET /xingrg/javascript/jquery_easy_ui/themes/default/images/tree_arrows.gif HTTP/1.1" 304 -
120.253.135.82 - - [11/Oct/2020:10:34:21 +0800] "POST /xingrg/load_menu.html HTTP/1.1" 200 6743
120.253.135.82 - - [11/Oct/2020:10:34:21 +0800] "GET /xingrg/javascript/jquery_easy_ui/themes/default/images/tree_folder_open.gif HTTP/1.1" 304 -
120.253.135.82 - - [11/Oct/2020:10:34:21 +0800] "GET /xingrg/javascript/jquery_easy_ui/themes/icons/search_new.png HTTP/1.1" 304 -
120.253.135.82 - - [11/Oct/2020:10:34:21 +0800] "GET /xingrg/javascript/jquery_easy_ui/themes/icons/delivery_new.png HTTP/1.1" 304 -
120.253.135.82 - - [11/Oct/2020:10:34:21 +0800] "GET /xingrg/javascript/jquery_easy_ui/themes/icons/storage_new.png HTTP/1.1" 304 -
120.253.135.82 - - [11/Oct/2020:10:34:21 +0800] "GET /xingrg/javascript/jquery_easy_ui/themes/icons/forms_new.png HTTP/1.1" 304 -
120.253.135.82 - - [11/Oct/2020:10:34:21 +0800] "GET /xingrg/javascript/jquery_easy_ui/themes/default/images/tree_file.gif HTTP/1.1" 304 -
120.253.135.82 - - [11/Oct/2020:10:34:21 +0800] "GET /xingrg/javascript/jquery_easy_ui/themes/default/images/tree_folder.gif HTTP/1.1" 304 -
172.17.0.105 - - [11/Oct/2020:10:34:22 +0800] "POST /xingrg/kc/base/wldb_list_operate.html HTTP/1.1" 200 600
172.17.0.105 - - [11/Oct/2020:10:34:22 +0800] "POST /xingrg/kc/base/wldb_list_operate.html HTTP/1.1" 200 619
172.17.0.105 - - [11/Oct/2020:10:34:23 +0800] "POST /xingrg/kc/base/wldb_list_operate.html HTTP/1.1" 200 640
172.17.0.105 - - [11/Oct/2020:10:34:23 +0800] "POST /xingrg/kc/base/wldb_list_operate.html HTTP/1.1" 200 214
172.17.0.105 - - [11/Oct/2020:10:34:24 +0800] "POST /xingrg/kc/base/wldb_list_operate.html HTTP/1.1" 200 206
218.81.217.115 - - [11/Oct/2020:10:34:26 +0800] "GET /xingrg/kc/buy/cgsh_order_operate.html?command=get_materiel&rest_code=00146&code=00101001208&supplier_code=00100090&order_time=2020-10-11 HTTP/1.1" 200 401
120.253.135.82 - - [11/Oct/2020:10:34:26 +0800] "GET /xingrg/javascript/jquery_easy_ui/themes/default/images/tabs_close.gif HTTP/1.1" 304 -
120.253.135.82 - - [11/Oct/2020:10:34:26 +0800] "GET /xingrg/kc/pszx/mdqp_order_list.html?state=10 HTTP/1.1" 200 10964
120.253.135.82 - - [11/Oct/2020:10:34:26 +0800] "GET /xingrg/css/blue.css HTTP/1.1" 304 -
120.253.135.82 - - [11/Oct/2020:10:34:26 +0800] "GET /xingrg/javascript/pic_change.js HTTP/1.1" 304 -
120.253.135.82 - - [11/Oct/2020:10:34:26 +0800] "GET /xingrg/dwr/interface/AjaxReportQueryService.js HTTP/1.1" 200 13203
120.253.135.82 - - [11/Oct/2020:10:34:26 +0800] "GET /xingrg/dwr/interface/AjaxQqpsService.js HTTP/1.1" 200 16326
120.253.135.82 - - [11/Oct/2020:10:34:26 +0800] "GET /xingrg/dwr/engine.js HTTP/1.1" 200 43631
120.253.135.82 - - [11/Oct/2020:10:34:26 +0800] "GET /xingrg/dwr/util.js HTTP/1.1" 304 -
120.253.135.82 - - [11/Oct/2020:10:34:26 +0800] "GET /xingrg/javascript/myfunction.js HTTP/1.1" 304 -
120.253.135.82 - - [11/Oct/2020:10:34:26 +0800] "GET /xingrg/javascript/Calendar.js HTTP/1.1" 304 -
120.253.135.82 - - [11/Oct/2020:10:34:26 +0800] "GET /xingrg/javascript/jquery_easy_ui/themes/icons/check_new.png HTTP/1.1" 304 -
120.253.135.82 - - [11/Oct/2020:10:34:26 +0800] "GET /xingrg/javascript/jquery_easy_ui/themes/icons/uncheck_new.png HTTP/1.1" 304 -
120.253.135.82 - - [11/Oct/2020:10:34:26 +0800] "GET /xingrg/javascript/jquery_easy_ui/themes/icons/back_new.png HTTP/1.1" 304 -
120.253.135.82 - - [11/Oct/2020:10:34:27 +0800] "GET /xingrg/kc/pszx/mdqp_order_info.html?code=302020101100238 HTTP/1.1" 200 13338
120.253.135.82 - - [11/Oct/2020:10:34:27 +0800] "GET /xingrg/javascript/auto/jquery.autocomplete.js HTTP/1.1" 304 -
120.253.135.82 - - [11/Oct/2020:10:34:27 +0800] "GET /xingrg/javascript/tools/jquery.qtip-1.0.0-rc3.min.js HTTP/1.1" 304 -
120.253.135.82 - - [11/Oct/2020:10:34:27 +0800] "GET /xingrg/dwr/interface/AjaxComOrderService.js HTTP/1.1" 200 18264
120.253.135.82 - - [11/Oct/2020:10:34:27 +0800] "GET /xingrg/javascript/checkform.js HTTP/1.1" 304 -
120.253.135.82 - - [11/Oct/2020:10:34:27 +0800] "GET /xingrg/dwr/interface/AjaxQqpsService.js HTTP/1.1" 200 16326
120.253.135.82 - - [11/Oct/2020:10:34:27 +0800] "GET /xingrg/javascript/AjaxInfoList.js HTTP/1.1" 304 -
120.253.135.82 - - [11/Oct/2020:10:34:27 +0800] "GET /xingrg/dwr/engine.js HTTP/1.1" 200 43631
120.253.135.82 - - [11/Oct/2020:10:34:27 +0800] "GET /xingrg/javascript/Grid.js HTTP/1.1" 304 -
120.253.135.82 - - [11/Oct/2020:10:34:27 +0800] "GET /xingrg/javascript/ToolTips.js HTTP/1.1" 304 -
120.253.135.82 - - [11/Oct/2020:10:34:27 +0800] "GET /xingrg/javascript/print/kc_print.js HTTP/1.1" 304 -
120.253.135.82 - - [11/Oct/2020:10:34:27 +0800] "GET /xingrg/javascript/print/LodopFuncs.js HTTP/1.1" 304 -
120.253.135.82 - - [11/Oct/2020:10:34:28 +0800] "GET /xingrg/javascript/jquery_easy_ui/themes/icons/print.png HTTP/1.1" 304 -
120.253.135.82 - - [11/Oct/2020:10:34:28 +0800] "GET /xingrg/javascript/jquery_easy_ui/themes/default/images/menu_downarrow.png HTTP/1.1" 304 -
120.253.135.82 - - [11/Oct/2020:10:34:28 +0800] "GET /xingrg/images/blue/button/kc_tab_edit.gif HTTP/1.1" 304 -
120.253.135.82 - - [11/Oct/2020:10:34:28 +0800] "GET /xingrg/images/blue/button/kc_tab_save.gif HTTP/1.1" 304 -
120.253.135.82 - - [11/Oct/2020:10:34:28 +0800] "GET /xingrg/images/blue/kc_tab_left.gif HTTP/1.1" 304 -
120.253.135.82 - - [11/Oct/2020:10:34:28 +0800] "GET /xingrg/images/blue/kc_tab_mid.gif HTTP/1.1" 304 -
120.253.135.82 - - [11/Oct/2020:10:34:28 +0800] "GET /xingrg/images/blue/kc_tab_right.gif HTTP/1.1" 304 -
120.253.135.82 - - [11/Oct/2020:10:34:28 +0800] "GET /xingrg/images/blue/kc_tab2_left.gif HTTP/1.1" 304 -
120.253.135.82 - - [11/Oct/2020:10:34:28 +0800] "GET /xingrg/images/blue/kc_tab2_right.gif HTTP/1.1" 304 -
120.253.135.82 - - [11/Oct/2020:10:34:28 +0800] "GET /xingrg/images/blue/wait.gif HTTP/1.1" 304 -
120.253.135.82 - - [11/Oct/2020:10:34:28 +0800] "POST /xingrg/dwr/call/plaincall/AjaxQqpsService.loadMaterielItems.dwr HTTP/1.1" 200 639
120.253.135.82 - - [11/Oct/2020:10:34:28 +0800] "GET /xingrg/javascript/jquery_easy_ui/themes/icons/area.png HTTP/1.1" 304 -
120.253.135.82 - - [11/Oct/2020:10:34:28 +0800] "GET /xingrg/javascript/jquery_easy_ui/themes/icons/manage.png HTTP/1.1" 304 -
172.17.200.101 - - [11/Oct/2020:10:34:30 +0800] "GET /xingrg/all/function/internal_message.html?_=1602383667195&CODE_STATE=getMsg HTTP/1.1" 200 27
120.253.135.82 - - [11/Oct/2020:10:34:30 +0800] "GET /xingrg/javascript/jquery_easy_ui/themes/default/images/button_plain_hover.png HTTP/1.1" 304 -
58.37.8.227 - - [11/Oct/2020:10:34:30 +0800] "GET /xingrg/check_reg.html?_=1602383684369 HTTP/1.1" 200 22
58.37.8.227 - - [11/Oct/2020:10:34:30 +0800] "GET /xingrg/all/function/internal_message.html?_=1602383684368&CODE_STATE=getMsg HTTP/1.1" 200 27
120.253.135.82 - - [11/Oct/2020:10:34:32 +0800] "POST /xingrg/dwr/call/plaincall/AjaxQqpsService.psCheckOrder.dwr HTTP/1.1" 200 78
120.253.135.82 - - [11/Oct/2020:10:34:33 +0800] "GET /xingrg/kc/pszx/mdqp_order_info.html?code=302020101100238 HTTP/1.1" 200 12901
120.253.135.82 - - [11/Oct/2020:10:34:33 +0800] "GET /xingrg/dwr/interface/AjaxComOrderService.js HTTP/1.1" 200 18264
120.253.135.82 - - [11/Oct/2020:10:34:33 +0800] "GET /xingrg/dwr/interface/AjaxQqpsService.js HTTP/1.1" 200 16326
120.253.135.82 - - [11/Oct/2020:10:34:33 +0800] "GET /xingrg/dwr/engine.js HTTP/1.1" 200 43631
120.253.135.82 - - [11/Oct/2020:10:34:33 +0800] "POST /xingrg/dwr/call/plaincall/AjaxQqpsService.loadMaterielItems.dwr HTTP/1.1" 200 639
172.17.0.120 - - [11/Oct/2020:10:34:34 +0800] "GET /xingrg/all/function/internal_message.html?_=1602383667791&CODE_STATE=getMsg HTTP/1.1" 200 27
180.174.56.115 - - [11/Oct/2020:10:34:34 +0800] "GET /xingrg/all/function/internal_message.html?_=1602383641723&CODE_STATE=getMsg HTTP/1.1" 200 27
120.253.135.82 - - [11/Oct/2020:10:34:35 +0800] "GET /xingrg/kc/pszx/jzcl_ps.html HTTP/1.1" 200 7683
120.253.135.82 - - [11/Oct/2020:10:34:35 +0800] "GET /xingrg/javascript/step/step.css HTTP/1.1" 304 -
120.253.135.82 - - [11/Oct/2020:10:34:35 +0800] "GET /xingrg/css/table.css HTTP/1.1" 304 -
120.253.135.82 - - [11/Oct/2020:10:34:35 +0800] "GET /xingrg/javascript/step/images/navCurrentBtn.gif HTTP/1.1" 304 -
120.253.135.82 - - [11/Oct/2020:10:34:35 +0800] "GET /xingrg/javascript/jquery_easy_ui/themes/default/images/button_a_bg.gif HTTP/1.1" 304 -
120.253.135.82 - - [11/Oct/2020:10:34:35 +0800] "GET /xingrg/javascript/jquery_easy_ui/themes/default/images/button_span_bg.gif HTTP/1.1" 304 -
120.253.135.82 - - [11/Oct/2020:10:34:35 +0800] "GET /xingrg/javascript/jquery_easy_ui/themes/icons/search.png HTTP/1.1" 304 -
120.253.135.82 - - [11/Oct/2020:10:34:35 +0800] "GET /xingrg/javascript/jquery_easy_ui/themes/default/images/combo_arrow_dot.gif HTTP/1.1" 304 -
120.253.135.82 - - [11/Oct/2020:10:34:35 +0800] "POST /xingrg/all/common/load_tree.html?tree=area_rest_tree_json HTTP/1.1" 200 3216
120.253.135.82 - - [11/Oct/2020:10:34:35 +0800] "GET /xingrg/javascript/jquery_easy_ui/themes/default/images/calendar_prevmonth.gif HTTP/1.1" 304 -
120.253.135.82 - - [11/Oct/2020:10:34:35 +0800] "GET /xingrg/javascript/jquery_easy_ui/themes/default/images/calendar_nextmonth.gif HTTP/1.1" 304 -
120.253.135.82 - - [11/Oct/2020:10:34:35 +0800] "GET /xingrg/javascript/jquery_easy_ui/themes/default/images/calendar_prevyear.gif HTTP/1.1" 304 -
120.253.135.82 - - [11/Oct/2020:10:34:35 +0800] "GET /xingrg/javascript/jquery_easy_ui/themes/default/images/calendar_nextyear.gif HTTP/1.1" 304 -
120.253.135.82 - - [11/Oct/2020:10:34:35 +0800] "GET /xingrg/images/control/ajaxLoader.gif HTTP/1.1" 304 -
