218.81.217.115 - - [11/Oct/2020:09:10:49 +0800] "GET /xingrg/all/function/internal_message.html?_=1602378644857&CODE_STATE=getMsg HTTP/1.1" 200 27
222.69.134.80 - - [11/Oct/2020:09:10:53 +0800] "GET /xingrg/kc/buy/cgsh_order_operate.html?command=get_materiel&rest_code=00149&code=00101008096&supplier_code=00100005&order_time=2020-10-11 HTTP/1.1" 200 412
172.17.0.115 - - [11/Oct/2020:09:10:55 +0800] "GET /xingrg/all/function/internal_message.html?_=1602378672326&CODE_STATE=getMsg HTTP/1.1" 200 27
172.17.0.240 - - [11/Oct/2020:09:10:57 +0800] "GET /xingrg/all/function/internal_message.html?_=1602378651218&CODE_STATE=getMsg HTTP/1.1" 200 27
222.69.134.80 - - [11/Oct/2020:09:10:57 +0800] "POST /xingrg/services/DataTransmitService HTTP/1.1" 200 501
222.69.134.80 - - [11/Oct/2020:09:10:59 +0800] "POST /xingrg/services/DataTransmitService HTTP/1.1" 200 501
172.17.0.185 - - [11/Oct/2020:09:11:00 +0800] "GET /xingrg/all/function/internal_message.html?_=1602378654022&CODE_STATE=getMsg HTTP/1.1" 200 27
58.37.8.227 - - [11/Oct/2020:09:11:00 +0800] "GET /xingrg/all/function/internal_message.html?_=1602378261476&CODE_STATE=getMsg HTTP/1.1" 200 27
172.17.0.123 - - [11/Oct/2020:09:11:00 +0800] "GET /xingrg/all/function/internal_message.html?_=1602378631497&CODE_STATE=getMsg HTTP/1.1" 200 27
218.81.217.115 - - [11/Oct/2020:09:11:00 +0800] "GET /xingrg/kc/buy/cgsh_order_operate.html?command=get_materiel&rest_code=00146&code=00101016105&supplier_code=00100033&order_time=2020-10-11 HTTP/1.1" 200 409
114.88.166.242 - - [11/Oct/2020:09:11:04 +0800] "GET /xingrg/check_reg.html?_=1602378654118 HTTP/1.1" 200 22
180.174.56.115 - - [11/Oct/2020:09:11:04 +0800] "GET /xingrg/all/function/internal_message.html?_=1602378658981&CODE_STATE=getMsg HTTP/1.1" 200 27
222.69.134.80 - - [11/Oct/2020:09:11:05 +0800] "GET /xingrg/kc/buy/cgsh_order_operate.html?command=get_materiel&rest_code=00149&code=00101008283&supplier_code=00100005&order_time=2020-10-11 HTTP/1.1" 200 408
222.69.134.80 - - [11/Oct/2020:09:11:09 +0800] "GET /xingrg/all/function/internal_message.html?_=1602378664159&CODE_STATE=getMsg HTTP/1.1" 200 27
180.162.245.190 - - [11/Oct/2020:09:11:10 +0800] "GET /xingrg/all/function/internal_message.html?_=1602378664559&CODE_STATE=getMsg HTTP/1.1" 200 27
180.162.245.190 - - [11/Oct/2020:09:11:10 +0800] "GET /xingrg/check_reg.html?_=1602378664560 HTTP/1.1" 200 22
218.81.217.115 - - [11/Oct/2020:09:11:11 +0800] "GET /xingrg/check_reg.html?_=1602378695388 HTTP/1.1" 200 22
222.69.134.80 - - [11/Oct/2020:09:11:13 +0800] "GET /xingrg/kc/buy/cgsh_order_operate.html?command=get_materiel&rest_code=00149&code=00101008358&supplier_code=00100005&order_time=2020-10-11 HTTP/1.1" 200 412
114.88.166.242 - - [11/Oct/2020:09:11:14 +0800] "GET /xingrg/all/function/internal_message.html?_=1602378750774&CODE_STATE=getMsg HTTP/1.1" 200 27
218.81.217.115 - - [11/Oct/2020:09:11:22 +0800] "POST /xingrg/kc/buy/cgsh_order_operate.html HTTP/1.1" 200 37
218.81.217.115 - - [11/Oct/2020:09:11:24 +0800] "POST /xingrg/kc/buy/cgsh_order_operate.html HTTP/1.1" 200 5596
218.81.217.115 - - [11/Oct/2020:09:11:25 +0800] "GET /xingrg/kc/print/load_data.html?order_code=212020101104491&kc_code=cgsh&condition= HTTP/1.1" 200 1829
222.69.134.80 - - [11/Oct/2020:09:11:26 +0800] "GET /xingrg/kc/buy/cgsh_order_operate.html?command=get_materiel&rest_code=00149&code=00101008126&supplier_code=00100005&order_time=2020-10-11 HTTP/1.1" 200 412
58.37.8.227 - - [11/Oct/2020:09:11:30 +0800] "GET /xingrg/all/function/internal_message.html?_=1602378704219&CODE_STATE=getMsg HTTP/1.1" 200 27
180.174.56.115 - - [11/Oct/2020:09:11:33 +0800] "GET /xingrg/all/function/internal_message.html?_=1602378660507&CODE_STATE=getMsg HTTP/1.1" 200 27
222.69.134.80 - - [11/Oct/2020:09:11:34 +0800] "GET /xingrg/kc/buy/cgsh_order_operate.html?command=get_materiel&rest_code=00149&code=00101008087&supplier_code=00100005&order_time=2020-10-11 HTTP/1.1" 200 412
218.81.217.115 - - [11/Oct/2020:09:11:36 +0800] "GET /xingrg/kc/buy/cgsh_order_add.html HTTP/1.1" 200 59943
218.81.217.115 - - [11/Oct/2020:09:11:37 +0800] "GET /xingrg/javascript/easyui/themes/default/validatebox.css HTTP/1.1" 404 1104
218.81.217.115 - - [11/Oct/2020:09:11:37 +0800] "POST /xingrg/kc/buy/cgsh_order_operate.html HTTP/1.1" 200 8245
172.17.0.100 - - [11/Oct/2020:09:11:37 +0800] "GET /xingrg/all/function/internal_message.html?_=1602378690436&CODE_STATE=getMsg HTTP/1.1" 200 27
172.17.0.100 - - [11/Oct/2020:09:11:37 +0800] "GET /xingrg/check_reg.html?_=1602378690437 HTTP/1.1" 200 22
58.221.95.50 - - [11/Oct/2020:09:11:41 +0800] "GET /xingrg/all/function/internal_message.html?_=1602378863541&CODE_STATE=getMsg HTTP/1.1" 302 -
222.69.134.80 - - [11/Oct/2020:09:11:45 +0800] "GET /xingrg/kc/buy/cgsh_order_operate.html?command=get_materiel&rest_code=00149&code=00101008355&supplier_code=00100005&order_time=2020-10-11 HTTP/1.1" 200 408
218.81.217.115 - - [11/Oct/2020:09:11:47 +0800] "GET /xingrg/kc/buy/cgsh_order_operate.html?command=get_materiel&rest_code=00146&code=00101002022&supplier_code=00100199&order_time=2020-10-11 HTTP/1.1" 200 409
114.88.166.242 - - [11/Oct/2020:09:11:48 +0800] "GET /xingrg/all/function/internal_message.html?_=1602378698844&CODE_STATE=getMsg HTTP/1.1" 200 27
218.81.217.115 - - [11/Oct/2020:09:11:49 +0800] "GET /xingrg/all/function/internal_message.html?_=1602378704871&CODE_STATE=getMsg HTTP/1.1" 200 27
222.69.134.80 - - [11/Oct/2020:09:11:51 +0800] "POST /xingrg/services/DataTransmitService HTTP/1.1" 200 501
180.174.56.115 - - [11/Oct/2020:09:11:51 +0800] "POST /xingrg/kc/buy/cgsh_order_operate.html HTTP/1.1" 200 37
180.174.56.115 - - [11/Oct/2020:09:11:53 +0800] "POST /xingrg/kc/buy/cgsh_order_operate.html HTTP/1.1" 200 26588
172.17.0.115 - - [11/Oct/2020:09:11:55 +0800] "GET /xingrg/all/function/internal_message.html?_=1602378732346&CODE_STATE=getMsg HTTP/1.1" 200 27
222.69.134.80 - - [11/Oct/2020:09:11:55 +0800] "GET /xingrg/kc/buy/cgsh_order_operate.html?command=get_materiel&rest_code=00149&code=00101008067&supplier_code=00100005&order_time=2020-10-11 HTTP/1.1" 200 416
172.17.0.240 - - [11/Oct/2020:09:11:57 +0800] "GET /xingrg/all/function/internal_message.html?_=1602378711224&CODE_STATE=getMsg HTTP/1.1" 200 27
172.17.0.185 - - [11/Oct/2020:09:12:00 +0800] "GET /xingrg/all/function/internal_message.html?_=1602378714027&CODE_STATE=getMsg HTTP/1.1" 200 27
180.174.56.115 - - [11/Oct/2020:09:12:00 +0800] "GET /xingrg/kc/buy/cgsh_order_list.html HTTP/1.1" 200 44203
58.37.8.227 - - [11/Oct/2020:09:12:00 +0800] "GET /xingrg/all/function/internal_message.html?_=1602378321476&CODE_STATE=getMsg HTTP/1.1" 200 27
218.81.217.115 - - [11/Oct/2020:09:12:00 +0800] "GET /xingrg/kc/buy/cgsh_order_operate.html?command=get_materiel&rest_code=00146&code=00101001069&supplier_code=00100199&order_time=2020-10-11 HTTP/1.1" 200 411
172.17.0.123 - - [11/Oct/2020:09:12:00 +0800] "GET /xingrg/all/function/internal_message.html?_=1602378691499&CODE_STATE=getMsg HTTP/1.1" 200 27
172.17.0.123 - - [11/Oct/2020:09:12:00 +0800] "GET /xingrg/check_reg.html?_=1602378691501 HTTP/1.1" 200 22
180.174.56.115 - - [11/Oct/2020:09:12:02 +0800] "POST /xingrg/kc/buy/cgsh_list_operate.html HTTP/1.1" 200 1690
180.174.56.115 - - [11/Oct/2020:09:12:04 +0800] "GET /xingrg/all/function/internal_message.html?_=1602378719059&CODE_STATE=getMsg HTTP/1.1" 200 27
180.174.56.115 - - [11/Oct/2020:09:12:05 +0800] "POST /xingrg/kc/buy/cgsh_list_operate.html HTTP/1.1" 200 556
180.174.56.115 - - [11/Oct/2020:09:12:05 +0800] "GET /xingrg/kc/buy/cgsh_order_info.html?code=212020101104474 HTTP/1.1" 200 59588
180.174.56.115 - - [11/Oct/2020:09:12:05 +0800] "GET /xingrg/javascript/easyui/themes/default/validatebox.css HTTP/1.1" 404 1104
180.174.56.115 - - [11/Oct/2020:09:12:06 +0800] "POST /xingrg/kc/buy/cgsh_order_operate.html HTTP/1.1" 200 26588
222.69.134.80 - - [11/Oct/2020:09:12:07 +0800] "GET /xingrg/kc/buy/cgsh_order_operate.html?command=get_materiel&rest_code=00149&code=00101008264&supplier_code=00100005&order_time=2020-10-11 HTTP/1.1" 200 412
222.69.134.80 - - [11/Oct/2020:09:12:09 +0800] "GET /xingrg/all/function/internal_message.html?_=1602378724148&CODE_STATE=getMsg HTTP/1.1" 200 27
180.162.245.190 - - [11/Oct/2020:09:12:10 +0800] "GET /xingrg/all/function/internal_message.html?_=1602378724559&CODE_STATE=getMsg HTTP/1.1" 200 27
114.88.166.242 - - [11/Oct/2020:09:12:14 +0800] "GET /xingrg/check_reg.html?_=1602378810772 HTTP/1.1" 200 22
114.88.166.242 - - [11/Oct/2020:09:12:14 +0800] "GET /xingrg/all/function/internal_message.html?_=1602378810775&CODE_STATE=getMsg HTTP/1.1" 200 27
218.81.217.115 - - [11/Oct/2020:09:12:15 +0800] "POST /xingrg/kc/buy/cgsh_order_operate.html HTTP/1.1" 200 37
218.81.217.115 - - [11/Oct/2020:09:12:17 +0800] "POST /xingrg/kc/buy/cgsh_order_operate.html HTTP/1.1" 200 3247
222.69.134.80 - - [11/Oct/2020:09:12:17 +0800] "GET /xingrg/kc/buy/cgsh_order_operate.html?command=get_materiel&rest_code=00149&code=00101008356&supplier_code=00100005&order_time=2020-10-11 HTTP/1.1" 200 408
218.81.217.115 - - [11/Oct/2020:09:12:19 +0800] "GET /xingrg/kc/print/load_data.html?order_code=212020101104492&kc_code=cgsh&condition= HTTP/1.1" 200 899
218.81.217.115 - - [11/Oct/2020:09:12:28 +0800] "GET /xingrg/kc/buy/cgsh_order_add.html HTTP/1.1" 200 59943
218.81.217.115 - - [11/Oct/2020:09:12:29 +0800] "POST /xingrg/kc/buy/cgsh_order_operate.html HTTP/1.1" 200 8245
218.81.217.115 - - [11/Oct/2020:09:12:29 +0800] "GET /xingrg/javascript/easyui/themes/default/validatebox.css HTTP/1.1" 404 1104
58.37.8.227 - - [11/Oct/2020:09:12:30 +0800] "GET /xingrg/all/function/internal_message.html?_=1602378764217&CODE_STATE=getMsg HTTP/1.1" 200 27
222.69.134.80 - - [11/Oct/2020:09:12:32 +0800] "GET /xingrg/kc/buy/cgsh_order_operate.html?command=get_materiel&rest_code=00149&code=00101008360&supplier_code=00100005&order_time=2020-10-11 HTTP/1.1" 200 413
180.174.56.115 - - [11/Oct/2020:09:12:33 +0800] "GET /xingrg/all/function/internal_message.html?_=1602378720531&CODE_STATE=getMsg HTTP/1.1" 200 27
172.17.0.100 - - [11/Oct/2020:09:12:37 +0800] "GET /xingrg/all/function/internal_message.html?_=1602378750463&CODE_STATE=getMsg HTTP/1.1" 200 27
172.17.0.115 - - [11/Oct/2020:09:12:40 +0800] "GET /xingrg/check_reg.html?_=1602378777349 HTTP/1.1" 200 22
222.69.134.80 - - [11/Oct/2020:09:12:41 +0800] "GET /xingrg/kc/buy/cgsh_order_operate.html?command=get_materiel&rest_code=00149&code=00101008137&supplier_code=00100005&order_time=2020-10-11 HTTP/1.1" 200 408
222.69.134.80 - - [11/Oct/2020:09:12:41 +0800] "POST /xingrg/services/DataTransmitService HTTP/1.1" 200 501
58.221.95.50 - - [11/Oct/2020:09:12:41 +0800] "GET /xingrg/all/function/internal_message.html?_=1602378923520&CODE_STATE=getMsg HTTP/1.1" 302 -
58.221.95.50 - - [11/Oct/2020:09:12:41 +0800] "GET /xingrg/check_reg.html?_=1602378923639 HTTP/1.1" 302 -
218.81.217.115 - - [11/Oct/2020:09:12:42 +0800] "GET /xingrg/kc/buy/cgsh_order_operate.html?command=get_materiel&rest_code=00146&code=00101007125&supplier_code=00100002&order_time=2020-10-11 HTTP/1.1" 200 426
180.174.56.115 - - [11/Oct/2020:09:12:43 +0800] "POST /xingrg/kc/buy/cgsh_order_operate.html HTTP/1.1" 200 37
101.89.239.238 - - [11/Oct/2020:09:12:43 +0800] "GET /xingrg/all/function/internal_message.html?_=1602378224210&CODE_STATE=getMsg HTTP/1.1" 302 -
180.174.56.115 - - [11/Oct/2020:09:12:47 +0800] "POST /xingrg/kc/buy/cgsh_order_operate.html HTTP/1.1" 200 12
180.174.56.115 - - [11/Oct/2020:09:12:48 +0800] "GET /xingrg/kc/buy/cgsh_order_info.html?code=212020101104474 HTTP/1.1" 200 54482
222.69.134.80 - - [11/Oct/2020:09:12:48 +0800] "POST /xingrg/services/DataTransmitService HTTP/1.1" 200 501
180.174.56.115 - - [11/Oct/2020:09:12:48 +0800] "GET /xingrg/javascript/easyui/themes/default/validatebox.css HTTP/1.1" 404 1104
114.88.166.242 - - [11/Oct/2020:09:12:48 +0800] "GET /xingrg/all/function/internal_message.html?_=1602378758857&CODE_STATE=getMsg HTTP/1.1" 200 27
222.69.134.80 - - [11/Oct/2020:09:12:48 +0800] "POST /xingrg/services/DataTransmitService HTTP/1.1" 200 501
180.174.56.115 - - [11/Oct/2020:09:12:49 +0800] "POST /xingrg/kc/buy/cgsh_order_operate.html HTTP/1.1" 200 24526
218.81.217.115 - - [11/Oct/2020:09:12:49 +0800] "GET /xingrg/all/function/internal_message.html?_=1602378764885&CODE_STATE=getMsg HTTP/1.1" 200 27
222.69.134.80 - - [11/Oct/2020:09:12:49 +0800] "GET /xingrg/kc/buy/cgsh_order_operate.html?command=get_materiel&rest_code=00149&code=00101008079&supplier_code=00100005&order_time=2020-10-11 HTTP/1.1" 200 416
180.174.56.115 - - [11/Oct/2020:09:12:50 +0800] "GET /xingrg/kc/print/load_data.html?order_code=212020101104474&kc_code=cgsh&condition= HTTP/1.1" 200 9976
101.89.239.238 - - [11/Oct/2020:09:12:53 +0800] "GET /xingrg/login.html HTTP/1.1" 200 7641
218.81.217.115 - - [11/Oct/2020:09:12:53 +0800] "GET /xingrg/kc/buy/cgsh_order_operate.html?command=get_materiel&rest_code=00146&code=00101007059&supplier_code=00100002&order_time=2020-10-11 HTTP/1.1" 200 409
172.17.0.115 - - [11/Oct/2020:09:12:55 +0800] "GET /xingrg/all/function/internal_message.html?_=1602378792354&CODE_STATE=getMsg HTTP/1.1" 200 27
222.69.134.80 - - [11/Oct/2020:09:12:56 +0800] "POST /xingrg/kc/buy/cgsh_order_operate.html HTTP/1.1" 200 2065
172.17.0.240 - - [11/Oct/2020:09:12:57 +0800] "GET /xingrg/all/function/internal_message.html?_=1602378771229&CODE_STATE=getMsg HTTP/1.1" 200 27
172.17.0.185 - - [11/Oct/2020:09:13:00 +0800] "GET /xingrg/all/function/internal_message.html?_=1602378774033&CODE_STATE=getMsg HTTP/1.1" 200 27
58.37.8.227 - - [11/Oct/2020:09:13:00 +0800] "GET /xingrg/all/function/internal_message.html?_=1602378381475&CODE_STATE=getMsg HTTP/1.1" 200 27
172.17.0.123 - - [11/Oct/2020:09:13:00 +0800] "GET /xingrg/all/function/internal_message.html?_=1602378751503&CODE_STATE=getMsg HTTP/1.1" 200 27
180.174.56.115 - - [11/Oct/2020:09:13:04 +0800] "GET /xingrg/all/function/internal_message.html?_=1602378779086&CODE_STATE=getMsg HTTP/1.1" 200 27
218.81.217.115 - - [11/Oct/2020:09:13:05 +0800] "GET /xingrg/kc/buy/cgsh_order_operate.html?command=get_materiel&rest_code=00146&code=00101007076&supplier_code=00100002&order_time=2020-10-11 HTTP/1.1" 200 410
222.69.134.80 - - [11/Oct/2020:09:13:09 +0800] "GET /xingrg/all/function/internal_message.html?_=1602378784140&CODE_STATE=getMsg HTTP/1.1" 200 27
180.162.245.190 - - [11/Oct/2020:09:13:10 +0800] "GET /xingrg/all/function/internal_message.html?_=1602378784558&CODE_STATE=getMsg HTTP/1.1" 200 27
222.69.134.80 - - [11/Oct/2020:09:13:12 +0800] "POST /xingrg/services/DataTransmitService HTTP/1.1" 200 501
222.69.134.80 - - [11/Oct/2020:09:13:14 +0800] "POST /xingrg/services/DataTransmitService HTTP/1.1" 200 501
114.88.166.242 - - [11/Oct/2020:09:13:14 +0800] "GET /xingrg/all/function/internal_message.html?_=1602378870775&CODE_STATE=getMsg HTTP/1.1" 200 27
222.69.134.80 - - [11/Oct/2020:09:13:16 +0800] "POST /xingrg/services/DataTransmitService HTTP/1.1" 200 501
222.69.134.80 - - [11/Oct/2020:09:13:21 +0800] "GET /xingrg/kc/buy/cgsh_order_operate.html?command=get_materiel&rest_code=00149&code=00101008357&supplier_code=00100005&order_time=2020-10-11 HTTP/1.1" 200 428
218.81.217.115 - - [11/Oct/2020:09:13:25 +0800] "GET /xingrg/kc/buy/cgsh_order_operate.html?command=get_materiel&rest_code=00146&code=00101007048&supplier_code=00100002&order_time=2020-10-11 HTTP/1.1" 200 410
222.69.134.80 - - [11/Oct/2020:09:13:26 +0800] "POST /xingrg/services/DataTransmitService HTTP/1.1" 200 412
58.37.8.227 - - [11/Oct/2020:09:13:30 +0800] "GET /xingrg/all/function/internal_message.html?_=1602378824216&CODE_STATE=getMsg HTTP/1.1" 200 27
180.162.245.190 - - [11/Oct/2020:09:13:32 +0800] "GET /xingrg/kc/print/load_data.html?order_code=212020101104485&kc_code=cgsh&condition= HTTP/1.1" 200 900
180.174.56.115 - - [11/Oct/2020:09:13:33 +0800] "GET /xingrg/all/function/internal_message.html?_=1602378780533&CODE_STATE=getMsg HTTP/1.1" 200 27
222.69.134.80 - - [11/Oct/2020:09:13:34 +0800] "GET /xingrg/kc/buy/cgsh_order_operate.html?command=get_materiel&rest_code=00149&code=00101008069&supplier_code=00100005&order_time=2020-10-11 HTTP/1.1" 200 431
180.162.245.190 - - [11/Oct/2020:09:13:36 +0800] "GET /xingrg/kc/buy/cgsh_order_list.html HTTP/1.1" 200 44199
172.17.0.100 - - [11/Oct/2020:09:13:37 +0800] "GET /xingrg/all/function/internal_message.html?_=1602378810462&CODE_STATE=getMsg HTTP/1.1" 200 27
180.162.245.190 - - [11/Oct/2020:09:13:38 +0800] "POST /xingrg/kc/buy/cgsh_list_operate.html HTTP/1.1" 200 2408
58.221.95.50 - - [11/Oct/2020:09:13:41 +0800] "GET /xingrg/all/function/internal_message.html?_=1602378983501&CODE_STATE=getMsg HTTP/1.1" 302 -
180.162.245.190 - - [11/Oct/2020:09:13:43 +0800] "POST /xingrg/kc/buy/cgsh_list_operate.html HTTP/1.1" 200 569
180.162.245.190 - - [11/Oct/2020:09:13:44 +0800] "GET /xingrg/kc/buy/cgsh_order_info.html?code=212020101104484 HTTP/1.1" 200 59987
222.69.134.80 - - [11/Oct/2020:09:13:44 +0800] "GET /xingrg/kc/buy/cgsh_order_operate.html?command=get_materiel&rest_code=00149&code=00101008286&supplier_code=00100005&order_time=2020-10-11 HTTP/1.1" 200 408
180.162.245.190 - - [11/Oct/2020:09:13:44 +0800] "GET /xingrg/javascript/easyui/themes/default/validatebox.css HTTP/1.1" 404 1104
180.162.245.190 - - [11/Oct/2020:09:13:45 +0800] "POST /xingrg/kc/buy/cgsh_order_operate.html HTTP/1.1" 200 40506
114.88.166.242 - - [11/Oct/2020:09:13:48 +0800] "GET /xingrg/all/function/internal_message.html?_=1602378818894&CODE_STATE=getMsg HTTP/1.1" 200 27
218.81.217.115 - - [11/Oct/2020:09:13:49 +0800] "GET /xingrg/all/function/internal_message.html?_=1602378824897&CODE_STATE=getMsg HTTP/1.1" 200 27
172.17.0.115 - - [11/Oct/2020:09:13:55 +0800] "GET /xingrg/all/function/internal_message.html?_=1602378852367&CODE_STATE=getMsg HTTP/1.1" 200 27
222.69.134.80 - - [11/Oct/2020:09:13:56 +0800] "GET /xingrg/kc/buy/cgsh_order_operate.html?command=get_materiel&rest_code=00149&code=00101008036&supplier_code=00100005&order_time=2020-10-11 HTTP/1.1" 200 408
172.17.0.240 - - [11/Oct/2020:09:13:57 +0800] "GET /xingrg/all/function/internal_message.html?_=1602378831236&CODE_STATE=getMsg HTTP/1.1" 200 27
114.88.166.242 - - [11/Oct/2020:09:13:58 +0800] "GET /xingrg/check_reg.html?_=1602378832872 HTTP/1.1" 200 22
172.17.0.185 - - [11/Oct/2020:09:14:00 +0800] "GET /xingrg/all/function/internal_message.html?_=1602378834022&CODE_STATE=getMsg HTTP/1.1" 200 27
58.37.8.227 - - [11/Oct/2020:09:14:00 +0800] "GET /xingrg/all/function/internal_message.html?_=1602378441501&CODE_STATE=getMsg HTTP/1.1" 200 27
58.37.8.227 - - [11/Oct/2020:09:14:00 +0800] "GET /xingrg/check_reg.html?_=1602378441503 HTTP/1.1" 200 22
172.17.0.123 - - [11/Oct/2020:09:14:00 +0800] "GET /xingrg/all/function/internal_message.html?_=1602378811503&CODE_STATE=getMsg HTTP/1.1" 200 27
218.81.217.115 - - [11/Oct/2020:09:14:02 +0800] "POST /xingrg/kc/buy/cgsh_order_operate.html HTTP/1.1" 200 37
218.81.217.115 - - [11/Oct/2020:09:14:04 +0800] "POST /xingrg/kc/buy/cgsh_order_operate.html HTTP/1.1" 200 4416
222.69.134.80 - - [11/Oct/2020:09:14:04 +0800] "POST /xingrg/kc/buy/cgsh_order_operate.html HTTP/1.1" 200 2065
180.174.56.115 - - [11/Oct/2020:09:14:04 +0800] "GET /xingrg/all/function/internal_message.html?_=1602378839156&CODE_STATE=getMsg HTTP/1.1" 200 27
218.81.217.115 - - [11/Oct/2020:09:14:06 +0800] "GET /xingrg/kc/print/load_data.html?order_code=212020101104493&kc_code=cgsh&condition= HTTP/1.1" 200 1404
222.69.134.80 - - [11/Oct/2020:09:14:09 +0800] "GET /xingrg/all/function/internal_message.html?_=1602378844165&CODE_STATE=getMsg HTTP/1.1" 200 27
180.162.245.190 - - [11/Oct/2020:09:14:10 +0800] "GET /xingrg/all/function/internal_message.html?_=1602378844573&CODE_STATE=getMsg HTTP/1.1" 200 27
222.69.134.80 - - [11/Oct/2020:09:14:10 +0800] "GET /xingrg/kc/buy/cgsh_order_operate.html?command=get_materiel&rest_code=00149&code=00101008131&supplier_code=00100005&order_time=2020-10-11 HTTP/1.1" 200 409
114.88.166.242 - - [11/Oct/2020:09:14:14 +0800] "GET /xingrg/all/function/internal_message.html?_=1602378930776&CODE_STATE=getMsg HTTP/1.1" 200 27
222.69.134.80 - - [11/Oct/2020:09:14:20 +0800] "GET /xingrg/kc/buy/cgsh_order_operate.html?command=get_materiel&rest_code=00149&code=00101008352&supplier_code=00100005&order_time=2020-10-11 HTTP/1.1" 200 412
222.69.134.80 - - [11/Oct/2020:09:14:28 +0800] "GET /xingrg/kc/buy/cgsh_order_operate.html?command=get_materiel&rest_code=00149&code=00101008098&supplier_code=00100005&order_time=2020-10-11 HTTP/1.1" 200 412
58.37.8.227 - - [11/Oct/2020:09:14:30 +0800] "GET /xingrg/all/function/internal_message.html?_=1602378884241&CODE_STATE=getMsg HTTP/1.1" 200 27
58.37.8.227 - - [11/Oct/2020:09:14:30 +0800] "GET /xingrg/check_reg.html?_=1602378884242 HTTP/1.1" 200 22
180.174.56.115 - - [11/Oct/2020:09:14:33 +0800] "GET /xingrg/all/function/internal_message.html?_=1602378840558&CODE_STATE=getMsg HTTP/1.1" 200 27
222.69.134.80 - - [11/Oct/2020:09:14:36 +0800] "GET /xingrg/kc/buy/cgsh_order_operate.html?command=get_materiel&rest_code=00149&code=00101008307&supplier_code=00100005&order_time=2020-10-11 HTTP/1.1" 200 439
172.17.0.100 - - [11/Oct/2020:09:14:37 +0800] "GET /xingrg/all/function/internal_message.html?_=1602378870463&CODE_STATE=getMsg HTTP/1.1" 200 27
58.221.95.50 - - [11/Oct/2020:09:14:41 +0800] "GET /xingrg/all/function/internal_message.html?_=1602379043475&CODE_STATE=getMsg HTTP/1.1" 302 -
180.162.245.190 - - [11/Oct/2020:09:14:43 +0800] "GET /xingrg/check_reg.html?_=1602378861002 HTTP/1.1" 302 -
222.69.134.80 - - [11/Oct/2020:09:14:48 +0800] "GET /xingrg/kc/buy/cgsh_order_operate.html?command=get_materiel&rest_code=00149&code=00101008271&supplier_code=00100005&order_time=2020-10-11 HTTP/1.1" 200 408
114.88.166.242 - - [11/Oct/2020:09:14:48 +0800] "GET /xingrg/all/function/internal_message.html?_=1602378878900&CODE_STATE=getMsg HTTP/1.1" 200 27
218.81.217.115 - - [11/Oct/2020:09:14:49 +0800] "GET /xingrg/all/function/internal_message.html?_=1602378885040&CODE_STATE=getMsg HTTP/1.1" 200 27
172.17.0.115 - - [11/Oct/2020:09:14:55 +0800] "GET /xingrg/all/function/internal_message.html?_=1602378912388&CODE_STATE=getMsg HTTP/1.1" 200 27
222.69.134.80 - - [11/Oct/2020:09:14:56 +0800] "POST /xingrg/kc/buy/cgsh_order_operate.html HTTP/1.1" 200 2065
172.17.0.240 - - [11/Oct/2020:09:14:57 +0800] "GET /xingrg/all/function/internal_message.html?_=1602378891242&CODE_STATE=getMsg HTTP/1.1" 200 27
172.17.0.240 - - [11/Oct/2020:09:14:57 +0800] "GET /xingrg/check_reg.html?_=1602378891244 HTTP/1.1" 200 22
172.17.0.185 - - [11/Oct/2020:09:15:00 +0800] "GET /xingrg/all/function/internal_message.html?_=1602378894022&CODE_STATE=getMsg HTTP/1.1" 200 27
172.17.0.185 - - [11/Oct/2020:09:15:00 +0800] "GET /xingrg/check_reg.html?_=1602378894026 HTTP/1.1" 200 22
58.37.8.227 - - [11/Oct/2020:09:15:00 +0800] "GET /xingrg/all/function/internal_message.html?_=1602378501501&CODE_STATE=getMsg HTTP/1.1" 200 27
172.17.0.123 - - [11/Oct/2020:09:15:00 +0800] "GET /xingrg/all/function/internal_message.html?_=1602378871491&CODE_STATE=getMsg HTTP/1.1" 200 27
222.69.134.80 - - [11/Oct/2020:09:15:04 +0800] "GET /xingrg/kc/buy/cgsh_order_operate.html?command=get_materiel&rest_code=00149&code=00101008353&supplier_code=00100005&order_time=2020-10-11 HTTP/1.1" 200 408
180.174.56.115 - - [11/Oct/2020:09:15:04 +0800] "GET /xingrg/check_reg.html?_=1602378899180 HTTP/1.1" 200 22
180.174.56.115 - - [11/Oct/2020:09:15:04 +0800] "GET /xingrg/all/function/internal_message.html?_=1602378899183&CODE_STATE=getMsg HTTP/1.1" 200 27
222.69.134.80 - - [11/Oct/2020:09:15:09 +0800] "GET /xingrg/check_reg.html?_=1602378904146 HTTP/1.1" 200 22
222.69.134.80 - - [11/Oct/2020:09:15:09 +0800] "GET /xingrg/all/function/internal_message.html?_=1602378904150&CODE_STATE=getMsg HTTP/1.1" 200 27
172.17.0.123 - - [11/Oct/2020:09:15:10 +0800] "GET /xingrg/login.html HTTP/1.1" 200 7636
180.162.245.190 - - [11/Oct/2020:09:15:10 +0800] "GET /xingrg/all/function/internal_message.html?_=1602378904574&CODE_STATE=getMsg HTTP/1.1" 200 27
114.88.166.242 - - [11/Oct/2020:09:15:12 +0800] "GET /xingrg/kc/buy/cgsh_order_add.html HTTP/1.1" 200 59937
114.88.166.242 - - [11/Oct/2020:09:15:12 +0800] "GET /xingrg/javascript/easyui/themes/default/validatebox.css HTTP/1.1" 404 1104
114.88.166.242 - - [11/Oct/2020:09:15:12 +0800] "POST /xingrg/kc/buy/cgsh_order_operate.html HTTP/1.1" 200 8245
114.88.166.242 - - [11/Oct/2020:09:15:14 +0800] "GET /xingrg/javascript/auto/indicator.gif HTTP/1.1" 404 1066
114.88.166.242 - - [11/Oct/2020:09:15:14 +0800] "GET /xingrg/all/function/internal_message.html?_=1602378990810&CODE_STATE=getMsg HTTP/1.1" 200 27
114.88.166.242 - - [11/Oct/2020:09:15:14 +0800] "GET /xingrg/javascript/jquery_tools/images/prev.gif HTTP/1.1" 404 1086
114.88.166.242 - - [11/Oct/2020:09:15:14 +0800] "GET /xingrg/javascript/jquery_tools/images/next.gif HTTP/1.1" 404 1086
172.17.0.123 - - [11/Oct/2020:09:15:15 +0800] "POST /xingrg/login.do HTTP/1.1" 302 -
172.17.0.123 - - [11/Oct/2020:09:15:15 +0800] "GET /xingrg/index.html?sysBaseUrl=http%3A%2F%2F172.17.0.8%3A18081%2Fxingrg%2F&costTime=42×tamp=1602378915532 HTTP/1.1" 200 17448
172.17.0.123 - - [11/Oct/2020:09:15:15 +0800] "POST /xingrg/all/common/load_tree.html?tree=area_rest_tree_json&manage=1 HTTP/1.1" 200 3216
172.17.0.123 - - [11/Oct/2020:09:15:15 +0800] "GET /xingrg/all/function/internal_message.html?_=1602378886569&CODE_STATE=count HTTP/1.1" 200 11
172.17.0.123 - - [11/Oct/2020:09:15:15 +0800] "GET /xingrg/check_reg.html?_=1602378886569 HTTP/1.1" 200 22
172.17.0.123 - - [11/Oct/2020:09:15:15 +0800] "POST /xingrg/load_menu.html HTTP/1.1" 200 11529
114.88.166.242 - - [11/Oct/2020:09:15:20 +0800] "GET /xingrg/kc/buy/cgsh_order_operate.html?command=get_materiel&rest_code=00111&code=00101007061&supplier_code=00100004&order_time=2020-10-11 HTTP/1.1" 200 409
180.174.56.115 - - [11/Oct/2020:09:15:21 +0800] "GET /xingrg/check_reg.html?_=1602378888220 HTTP/1.1" 200 22
172.17.0.123 - - [11/Oct/2020:09:15:22 +0800] "POST /xingrg/all/user/operate.html HTTP/1.1" 200 36
172.17.0.123 - - [11/Oct/2020:09:15:22 +0800] "GET /xingrg/index.html?sysBaseUrl=http%3A%2F%2F172.17.0.8%3A18081%2Fxingrg%2F&costTime=42×tamp=1602378915532 HTTP/1.1" 200 17454
172.17.0.123 - - [11/Oct/2020:09:15:22 +0800] "GET /xingrg/javascript/jquery_easy_ui/themes/default/easyui.css HTTP/1.1" 304 -
172.17.0.123 - - [11/Oct/2020:09:15:22 +0800] "GET /xingrg/javascript/jquery_easy_ui/themes/icon.css HTTP/1.1" 304 -
172.17.0.123 - - [11/Oct/2020:09:15:22 +0800] "GET /xingrg/css/form.css HTTP/1.1" 304 -
172.17.0.123 - - [11/Oct/2020:09:15:22 +0800] "GET /xingrg/javascript/jquery-1.4.2.min.js HTTP/1.1" 304 -
172.17.0.123 - - [11/Oct/2020:09:15:22 +0800] "GET /xingrg/javascript/jquery_easy_ui/jquery.easyui.min.js HTTP/1.1" 304 -
172.17.0.123 - - [11/Oct/2020:09:15:22 +0800] "GET /xingrg/javascript/jquery_easy_ui/easyui-lang-zh_CN.js HTTP/1.1" 304 -
172.17.0.123 - - [11/Oct/2020:09:15:22 +0800] "GET /xingrg/javascript/jquery.form.js HTTP/1.1" 304 -
172.17.0.123 - - [11/Oct/2020:09:15:22 +0800] "GET /xingrg/javascript/jquery.utils.js HTTP/1.1" 304 -
172.17.0.123 - - [11/Oct/2020:09:15:22 +0800] "GET /xingrg/javascript/jquery.timers.js HTTP/1.1" 304 -
172.17.0.123 - - [11/Oct/2020:09:15:22 +0800] "GET /xingrg/images/blue/navBackgound.jpg HTTP/1.1" 304 -
172.17.0.123 - - [11/Oct/2020:09:15:22 +0800] "GET /xingrg/images/blue/jxLogo.png HTTP/1.1" 304 -
172.17.0.123 - - [11/Oct/2020:09:15:22 +0800] "GET /xingrg/javascript/jquery_easy_ui/themes/icons/settle_new.png HTTP/1.1" 304 -
172.17.0.123 - - [11/Oct/2020:09:15:22 +0800] "POST /xingrg/all/common/load_tree.html?tree=area_rest_tree_json&manage=1 HTTP/1.1" 200 3216
172.17.0.123 - - [11/Oct/2020:09:15:22 +0800] "GET /xingrg/check_reg.html?_=1602378893326 HTTP/1.1" 200 22
172.17.0.123 - - [11/Oct/2020:09:15:22 +0800] "GET /xingrg/all/function/internal_message.html?_=1602378893326&CODE_STATE=count HTTP/1.1" 200 11
172.17.0.123 - - [11/Oct/2020:09:15:22 +0800] "GET /xingrg/javascript/jquery_easy_ui/themes/default/images/tabs_leftarrow.png HTTP/1.1" 304 -
172.17.0.123 - - [11/Oct/2020:09:15:22 +0800] "GET /xingrg/javascript/jquery_easy_ui/themes/default/images/tabs_rightarrow.png HTTP/1.1" 304 -
172.17.0.123 - - [11/Oct/2020:09:15:22 +0800] "GET /xingrg/images/blue/pingpu.png HTTP/1.1" 304 -
172.17.0.123 - - [11/Oct/2020:09:15:22 +0800] "GET /xingrg/javascript/jquery_easy_ui/themes/default/images/panel_tool_expand.gif HTTP/1.1" 304 -
172.17.0.123 - - [11/Oct/2020:09:15:22 +0800] "GET /xingrg/javascript/jquery_easy_ui/themes/default/images/panel_tool_collapse.gif HTTP/1.1" 304 -
172.17.0.123 - - [11/Oct/2020:09:15:22 +0800] "POST /xingrg/load_menu.html HTTP/1.1" 200 9924
172.17.0.123 - - [11/Oct/2020:09:15:23 +0800] "GET /xingrg/kc/report/report_main.html HTTP/1.1" 200 7325
172.17.0.123 - - [11/Oct/2020:09:15:24 +0800] "GET /xingrg/kc/base/crk_hz.html HTTP/1.1" 200 11227
172.17.0.123 - - [11/Oct/2020:09:15:24 +0800] "POST /xingrg/kc/cost/cost_operate.html?command=get_base_tree HTTP/1.1" 200 969
172.17.0.123 - - [11/Oct/2020:09:15:24 +0800] "POST /xingrg/all/common/load_tree.html?tree=materiel_sort_tree_json HTTP/1.1" 200 8666
172.17.0.123 - - [11/Oct/2020:09:15:26 +0800] "GET /xingrg/all/common/get_data_part.html?part=previousMonth&_=1602378896761 HTTP/1.1" 200 41
114.88.166.242 - - [11/Oct/2020:09:15:27 +0800] "GET /xingrg/kc/buy/cgsh_order_operate.html?command=get_materiel&rest_code=00111&code=00101007059&supplier_code=00100004&order_time=2020-10-11 HTTP/1.1" 200 409
172.17.0.123 - - [11/Oct/2020:09:15:28 +0800] "GET /xingrg/kc/base/crk_hz.html?_=1602378898923&command=get_cost_id&end_date=2020-09-30&start_date=2020-09-01 HTTP/1.1" 200 51
172.17.0.123 - - [11/Oct/2020:09:15:28 +0800] "GET /xingrg/all/report/report_query.html?isQuery=1&onlyBody=1&rh=99999&rw=1800&varString=start:20200901,cost_id:2837,mid:20200901&fileName=kc/base/crk_hz_type_by_base.xml&queryString=%20m.sort_code%20in%20('00101001','00101002','00101003','00101004','00101005','00101006','00101007','00101008','00101009','00101010','00101011','00101012','00101013','00101014','00101015','00101016','00101017','00101018','00101019','00101020','00101021','00101022','00101023','00101024','00101025','00101026','00101027','00101028','00101029','00101030','00101031','00101032','00101033','00101034','00101036','00101037','00101038','00101039')%20&queryText=ÈÕÆÚ£º2020-09-01ÖÁ2020-09-30&tableQueryString=materiel_table$sp1$$sp$before_table$sp1$$sp$crk_table$sp1$order_day%20between%2020200901%20and%2020200930 HTTP/1.1" 200 49725
172.17.0.123 - - [11/Oct/2020:09:15:28 +0800] "GET /xingrg/dwr/interface/AjaxReportQueryService.js HTTP/1.1" 200 13203
172.17.0.123 - - [11/Oct/2020:09:15:28 +0800] "GET /xingrg/dwr/engine.js HTTP/1.1" 200 43631
172.17.0.123 - - [11/Oct/2020:09:15:29 +0800] "POST /xingrg/all/report/load_report_page.html HTTP/1.1" 200 309529
172.17.0.123 - - [11/Oct/2020:09:15:29 +0800] "GET /xingrg/servlets/image?cache=0.7931440517032488&image=px HTTP/1.1" 200 807
58.37.8.227 - - [11/Oct/2020:09:15:30 +0800] "GET /xingrg/all/function/internal_message.html?_=1602378944240&CODE_STATE=getMsg HTTP/1.1" 200 27
117.185.32.26 - - [11/Oct/2020:09:15:33 +0800] "GET /xingrg/login.html HTTP/1.1" 200 7641
180.174.56.115 - - [11/Oct/2020:09:15:33 +0800] "GET /xingrg/all/function/internal_message.html?_=1602378900561&CODE_STATE=getMsg HTTP/1.1" 200 27
117.185.32.26 - - [11/Oct/2020:09:15:34 +0800] "GET /favicon.ico HTTP/1.1" 404 -
117.185.32.26 - - [11/Oct/2020:09:15:36 +0800] "POST /xingrg/login.do HTTP/1.1" 302 -
117.185.32.26 - - [11/Oct/2020:09:15:36 +0800] "GET /xingrg/index.html?sysBaseUrl=http%3A%2F%2F180.169.147.146%3A18081%2Fxingrg%2F&costTime=54×tamp=1602378936456 HTTP/1.1" 200 17173
117.185.32.26 - - [11/Oct/2020:09:15:37 +0800] "GET /favicon.ico HTTP/1.1" 404 -
117.185.32.26 - - [11/Oct/2020:09:15:37 +0800] "POST /xingrg/all/common/load_tree.html?tree=area_rest_tree_json&manage=1 HTTP/1.1" 200 342
114.88.166.242 - - [11/Oct/2020:09:15:37 +0800] "POST /xingrg/kc/buy/cgsh_order_operate.html HTTP/1.1" 200 37
117.185.32.26 - - [11/Oct/2020:09:15:37 +0800] "GET /xingrg/all/function/internal_message.html?_=1602379369900&CODE_STATE=count HTTP/1.1" 200 11
117.185.32.26 - - [11/Oct/2020:09:15:37 +0800] "GET /xingrg/check_reg.html?_=1602379369901 HTTP/1.1" 200 22
117.185.32.26 - - [11/Oct/2020:09:15:37 +0800] "POST /xingrg/load_menu.html HTTP/1.1" 200 5138
172.17.0.100 - - [11/Oct/2020:09:15:37 +0800] "GET /xingrg/all/function/internal_message.html?_=1602378930467&CODE_STATE=getMsg HTTP/1.1" 200 27
222.69.134.80 - - [11/Oct/2020:09:15:37 +0800] "GET /xingrg/kc/buy/cgsh_order_operate.html?command=get_materiel&rest_code=00149&code=00101008213&supplier_code=00100005&order_time=2020-10-11 HTTP/1.1" 200 432
114.88.166.242 - - [11/Oct/2020:09:15:38 +0800] "POST /xingrg/kc/buy/cgsh_order_operate.html HTTP/1.1" 200 3241
114.88.166.242 - - [11/Oct/2020:09:15:39 +0800] "GET /xingrg/kc/print/load_data.html?order_code=212020101104494&kc_code=cgsh&condition= HTTP/1.1" 200 944
58.221.95.50 - - [11/Oct/2020:09:15:41 +0800] "GET /xingrg/all/function/internal_message.html?_=1602379103451&CODE_STATE=getMsg HTTP/1.1" 302 -
222.69.134.80 - - [11/Oct/2020:09:15:46 +0800] "GET /xingrg/kc/buy/cgsh_order_operate.html?command=get_materiel&rest_code=00149&code=00101008304&supplier_code=00100005&order_time=2020-10-11 HTTP/1.1" 200 412
114.88.166.242 - - [11/Oct/2020:09:15:48 +0800] "GET /xingrg/all/function/internal_message.html?_=1602378938937&CODE_STATE=getMsg HTTP/1.1" 200 27
180.162.245.190 - - [11/Oct/2020:09:15:49 +0800] "GET /xingrg/kc/buy/cgsh_order_operate.html?command=get_materiel&rest_code=00105&code=00101008257&supplier_code=00100203&order_time=2020-10-11 HTTP/1.1" 200 416
218.81.217.115 - - [11/Oct/2020:09:15:49 +0800] "GET /xingrg/check_reg.html?_=1602378944503 HTTP/1.1" 200 22
218.81.217.115 - - [11/Oct/2020:09:15:49 +0800] "GET /xingrg/all/function/internal_message.html?_=1602378945049&CODE_STATE=getMsg HTTP/1.1" 200 27
172.17.0.115 - - [11/Oct/2020:09:15:55 +0800] "GET /xingrg/all/function/internal_message.html?_=1602378972394&CODE_STATE=getMsg HTTP/1.1" 200 27
172.17.0.123 - - [11/Oct/2020:09:15:56 +0800] "GET /xingrg/all/report/report_query.html?isQuery=1&fileName=kc/base/crk_detail_by_small.xml&rh=99999&queryString=&queryText=%25E3%2580%2590%25E4%25BB%2593%25E5%25BA%2593%25E5%2590%258D%25E7%25A7%25B0%253A%25E5%25A4%2596%25E5%258D%2596%25E3%2580%2591%25E3%2580%2590%25E4%25B8%259A%25E5%258A%25A1%25E7%25B1%25BB%25E5%259E%258B%25EF%25BC%259A%25E5%2586%2585%25E9%2583%25A8%25E8%25B0%2583%25E5%2585%25A5%25E3%2580%2591%2520%253F%253F%253F%253F%253F2020-09-01%253F%253F2020-09-30&tableQueryString=crk_table%2524sp1%2524order_day%2520between%252020200901%2520and%252020200930%2520and%2520(base_code%253D'0010587')%2520and%2520(src_order_type%2520in%2520(42))%2520and%2520(is_rk%2520in%2520(1)) HTTP/1.1" 200 53687
172.17.0.123 - - [11/Oct/2020:09:15:57 +0800] "GET /xingrg/dwr/interface/AjaxReportQueryService.js HTTP/1.1" 200 13203
172.17.0.123 - - [11/Oct/2020:09:15:57 +0800] "GET /xingrg/dwr/engine.js HTTP/1.1" 200 43631
172.17.0.240 - - [11/Oct/2020:09:15:57 +0800] "GET /xingrg/all/function/internal_message.html?_=1602378951231&CODE_STATE=getMsg HTTP/1.1" 200 27
172.17.0.123 - - [11/Oct/2020:09:15:57 +0800] "POST /xingrg/all/report/load_report_page.html HTTP/1.1" 200 13911
172.17.0.123 - - [11/Oct/2020:09:15:57 +0800] "GET /xingrg/servlets/image?cache=0.14444447212867662&image=px HTTP/1.1" 200 807
172.17.0.123 - - [11/Oct/2020:09:15:59 +0800] "POST /xingrg/all/report/load_report_page.html HTTP/1.1" 200 28926
172.17.0.123 - - [11/Oct/2020:09:15:59 +0800] "GET /xingrg/servlets/image?cache=0.6807574105293712&image=px HTTP/1.1" 200 807
172.17.0.185 - - [11/Oct/2020:09:16:00 +0800] "GET /xingrg/all/function/internal_message.html?_=1602378954023&CODE_STATE=getMsg HTTP/1.1" 200 27
58.37.8.227 - - [11/Oct/2020:09:16:00 +0800] "GET /xingrg/all/function/internal_message.html?_=1602378561500&CODE_STATE=getMsg HTTP/1.1" 200 27
61.151.178.174 - - [11/Oct/2020:09:16:02 +0800] "GET /xingrg/all/function/internal_message.html?_=1602378524224&CODE_STATE=getMsg HTTP/1.1" 302 -
222.69.134.80 - - [11/Oct/2020:09:16:02 +0800] "GET /xingrg/kc/buy/cgsh_order_operate.html?command=get_materiel&rest_code=00149&code=00101008041&supplier_code=00100005&order_time=2020-10-11 HTTP/1.1" 200 427
114.88.166.242 - - [11/Oct/2020:09:16:04 +0800] "GET /xingrg/check_reg.html?_=1602378954124 HTTP/1.1" 200 22
180.174.56.115 - - [11/Oct/2020:09:16:04 +0800] "GET /xingrg/all/function/internal_message.html?_=1602378959250&CODE_STATE=getMsg HTTP/1.1" 200 27
222.69.134.80 - - [11/Oct/2020:09:16:06 +0800] "POST /xingrg/kc/buy/cgsh_order_operate.html HTTP/1.1" 200 2065
61.151.178.174 - - [11/Oct/2020:09:16:08 +0800] "GET /xingrg/login.html HTTP/1.1" 200 7641
222.69.134.80 - - [11/Oct/2020:09:16:09 +0800] "GET /xingrg/all/function/internal_message.html?_=1602378964135&CODE_STATE=getMsg HTTP/1.1" 200 27
180.162.245.190 - - [11/Oct/2020:09:16:10 +0800] "GET /xingrg/all/function/internal_message.html?_=1602378964611&CODE_STATE=getMsg HTTP/1.1" 200 27
180.162.245.190 - - [11/Oct/2020:09:16:10 +0800] "GET /xingrg/check_reg.html?_=1602378964613 HTTP/1.1" 200 22
218.81.217.115 - - [11/Oct/2020:09:16:11 +0800] "GET /xingrg/check_reg.html?_=1602378995393 HTTP/1.1" 200 22
114.88.166.242 - - [11/Oct/2020:09:16:14 +0800] "GET /xingrg/all/function/internal_message.html?_=1602379050785&CODE_STATE=getMsg HTTP/1.1" 200 27
222.69.134.80 - - [11/Oct/2020:09:16:18 +0800] "GET /xingrg/kc/buy/cgsh_order_operate.html?command=get_materiel&rest_code=00149&code=00101010237&supplier_code=00100005&order_time=2020-10-11 HTTP/1.1" 200 412
172.17.0.123 - - [11/Oct/2020:09:16:23 +0800] "GET /xingrg/all/function/internal_message.html?_=1602378953887&CODE_STATE=getMsg HTTP/1.1" 200 27
172.17.0.123 - - [11/Oct/2020:09:16:28 +0800] "GET /xingrg/all/report/report_query.html?isQuery=1&fileName=kc/base/crk_detail_by_small.xml&rh=99999&queryString=&queryText=%25E3%2580%2590%25E4%25BB%2593%25E5%25BA%2593%25E5%2590%258D%25E7%25A7%25B0%253A%25E5%258E%25A8%25E6%2588%25BF%25E3%2580%2591%25E3%2580%2590%25E4%25B8%259A%25E5%258A%25A1%25E7%25B1%25BB%25E5%259E%258B%25EF%25BC%259A%25E9%2597%25A8%25E5%25BA%2597%25E9%2580%2580%25E8%25B4%25A7%25E3%2580%2591%2520%253F%253F%253F%253F%253F2020-09-01%253F%253F2020-09-30&tableQueryString=crk_table%2524sp1%2524order_day%2520between%252020200901%2520and%252020200930%2520and%2520(base_code%253D'0010296')%2520and%2520(src_order_type%2520in%2520(32))%2520and%2520(is_rk%2520in%2520(0)) HTTP/1.1" 200 53687
172.17.0.123 - - [11/Oct/2020:09:16:29 +0800] "GET /xingrg/dwr/interface/AjaxReportQueryService.js HTTP/1.1" 200 13203
172.17.0.123 - - [11/Oct/2020:09:16:29 +0800] "GET /xingrg/dwr/engine.js HTTP/1.1" 200 43631
172.17.0.123 - - [11/Oct/2020:09:16:29 +0800] "POST /xingrg/all/report/load_report_page.html HTTP/1.1" 200 13912
172.17.0.123 - - [11/Oct/2020:09:16:30 +0800] "GET /xingrg/servlets/image?cache=0.961706577151957&image=px HTTP/1.1" 200 807
58.37.8.227 - - [11/Oct/2020:09:16:30 +0800] "GET /xingrg/all/function/internal_message.html?_=1602379004238&CODE_STATE=getMsg HTTP/1.1" 200 27
172.17.0.123 - - [11/Oct/2020:09:16:30 +0800] "POST /xingrg/all/report/load_report_page.html HTTP/1.1" 200 25929
172.17.0.123 - - [11/Oct/2020:09:16:31 +0800] "GET /xingrg/servlets/image?cache=0.7443524935490589&image=px HTTP/1.1" 200 807
172.17.0.119 - - [11/Oct/2020:09:16:31 +0800] "GET /xingrg/login.html HTTP/1.1" 200 7636
172.17.0.119 - - [11/Oct/2020:09:16:31 +0800] "GET /favicon.ico HTTP/1.1" 404 -
222.69.134.80 - - [11/Oct/2020:09:16:32 +0800] "GET /xingrg/kc/buy/cgsh_order_operate.html?command=get_materiel&rest_code=00149&code=00101019224&supplier_code=00100005&order_time=2020-10-11 HTTP/1.1" 200 408
172.17.0.119 - - [11/Oct/2020:09:16:33 +0800] "POST /xingrg/login.do HTTP/1.1" 302 -
172.17.0.119 - - [11/Oct/2020:09:16:33 +0800] "GET /xingrg/index.html?sysBaseUrl=http%3A%2F%2F172.17.0.8%3A18081%2Fxingrg%2F&costTime=41×tamp=1602378993458 HTTP/1.1" 200 17448
172.17.0.119 - - [11/Oct/2020:09:16:33 +0800] "GET /xingrg/javascript/jquery_easy_ui/themes/default/easyui.css HTTP/1.1" 200 26500
172.17.0.119 - - [11/Oct/2020:09:16:33 +0800] "GET /xingrg/javascript/jquery_easy_ui/themes/icon.css HTTP/1.1" 200 3949
172.17.0.119 - - [11/Oct/2020:09:16:33 +0800] "GET /xingrg/css/form.css HTTP/1.1" 200 893
172.17.0.119 - - [11/Oct/2020:09:16:33 +0800] "GET /xingrg/javascript/jquery-1.4.2.min.js HTTP/1.1" 200 72205
172.17.0.119 - - [11/Oct/2020:09:16:33 +0800] "GET /xingrg/javascript/jquery_easy_ui/jquery.easyui.min.js HTTP/1.1" 200 213662
172.17.0.119 - - [11/Oct/2020:09:16:33 +0800] "GET /xingrg/javascript/jquery_easy_ui/easyui-lang-zh_CN.js HTTP/1.1" 200 1900
172.17.0.119 - - [11/Oct/2020:09:16:33 +0800] "GET /xingrg/javascript/jquery.form.js HTTP/1.1" 200 23110
172.17.0.119 - - [11/Oct/2020:09:16:33 +0800] "GET /xingrg/javascript/jquery.utils.js HTTP/1.1" 200 11805
172.17.0.119 - - [11/Oct/2020:09:16:33 +0800] "GET /xingrg/javascript/jquery.timers.js HTTP/1.1" 200 3532
172.17.0.119 - - [11/Oct/2020:09:16:33 +0800] "GET /favicon.ico HTTP/1.1" 404 -
172.17.0.119 - - [11/Oct/2020:09:16:33 +0800] "GET /xingrg/javascript/jquery_easy_ui/themes/icons/settle_new.png HTTP/1.1" 200 826
172.17.0.119 - - [11/Oct/2020:09:16:33 +0800] "GET /xingrg/images/blue/navBackgound.jpg HTTP/1.1" 200 12378
180.174.56.115 - - [11/Oct/2020:09:16:33 +0800] "GET /xingrg/all/function/internal_message.html?_=1602378960573&CODE_STATE=getMsg HTTP/1.1" 200 27
172.17.0.119 - - [11/Oct/2020:09:16:33 +0800] "POST /xingrg/all/common/load_tree.html?tree=area_rest_tree_json&manage=1 HTTP/1.1" 200 3216
172.17.0.119 - - [11/Oct/2020:09:16:33 +0800] "GET /xingrg/all/function/internal_message.html?_=1602378989144&CODE_STATE=count HTTP/1.1" 200 11
172.17.0.119 - - [11/Oct/2020:09:16:33 +0800] "GET /xingrg/check_reg.html?_=1602378989147 HTTP/1.1" 200 22
172.17.0.119 - - [11/Oct/2020:09:16:33 +0800] "GET /xingrg/images/blue/pingpu.png HTTP/1.1" 200 231
172.17.0.119 - - [11/Oct/2020:09:16:33 +0800] "GET /xingrg/javascript/jquery_easy_ui/themes/default/images/tabs_leftarrow.png HTTP/1.1" 200 389
172.17.0.119 - - [11/Oct/2020:09:16:33 +0800] "GET /xingrg/javascript/jquery_easy_ui/themes/default/images/tabs_rightarrow.png HTTP/1.1" 200 395
172.17.0.119 - - [11/Oct/2020:09:16:33 +0800] "GET /xingrg/javascript/jquery_easy_ui/themes/default/images/panel_tool_expand.gif HTTP/1.1" 200 247
172.17.0.119 - - [11/Oct/2020:09:16:33 +0800] "GET /xingrg/javascript/jquery_easy_ui/themes/default/images/panel_tool_collapse.gif HTTP/1.1" 200 246
172.17.0.119 - - [11/Oct/2020:09:16:33 +0800] "POST /xingrg/load_menu.html HTTP/1.1" 200 11529
172.17.0.119 - - [11/Oct/2020:09:16:34 +0800] "GET /xingrg/javascript/jquery_easy_ui/themes/default/images/tree_arrows.gif HTTP/1.1" 200 1043
172.17.0.119 - - [11/Oct/2020:09:16:34 +0800] "GET /xingrg/javascript/jquery_easy_ui/themes/default/images/tree_folder_open.gif HTTP/1.1" 200 956
172.17.0.119 - - [11/Oct/2020:09:16:34 +0800] "GET /xingrg/javascript/jquery_easy_ui/themes/icons/search_new.png HTTP/1.1" 200 586
172.17.0.119 - - [11/Oct/2020:09:16:34 +0800] "GET /xingrg/javascript/jquery_easy_ui/themes/icons/delivery_new.png HTTP/1.1" 200 700
172.17.0.119 - - [11/Oct/2020:09:16:34 +0800] "GET /xingrg/javascript/jquery_easy_ui/themes/icons/storage_new.png HTTP/1.1" 200 853
172.17.0.119 - - [11/Oct/2020:09:16:34 +0800] "GET /xingrg/javascript/jquery_easy_ui/themes/icons/checkout_new.png HTTP/1.1" 200 744
172.17.0.119 - - [11/Oct/2020:09:16:34 +0800] "GET /xingrg/javascript/jquery_easy_ui/themes/icons/forms_new.png HTTP/1.1" 200 350
172.17.0.119 - - [11/Oct/2020:09:16:34 +0800] "GET /xingrg/javascript/jquery_easy_ui/themes/icons/setting_new.png HTTP/1.1" 200 450
172.17.0.119 - - [11/Oct/2020:09:16:34 +0800] "GET /xingrg/javascript/jquery_easy_ui/themes/icons/systemset_new.png HTTP/1.1" 200 606
172.17.0.119 - - [11/Oct/2020:09:16:34 +0800] "GET /xingrg/javascript/jquery_easy_ui/themes/default/images/tree_file.gif HTTP/1.1" 200 118
172.17.0.119 - - [11/Oct/2020:09:16:34 +0800] "GET /xingrg/javascript/jquery_easy_ui/themes/default/images/tree_folder.gif HTTP/1.1" 200 952
172.17.0.123 - - [11/Oct/2020:09:16:35 +0800] "GET /xingrg/all/report/report_query.html?isQuery=1&fileName=kc/base/crk_detail_by_small.xml&rh=99999&queryString=&queryText=%25E3%2580%2590%25E4%25BB%2593%25E5%25BA%2593%25E5%2590%258D%25E7%25A7%25B0%253A%25E5%258E%25A8%25E6%2588%25BF%25E3%2580%2591%25E3%2580%2590%25E4%25B8%259A%25E5%258A%25A1%25E7%25B1%25BB%25E5%259E%258B%25EF%25BC%259A%25E5%2586%2585%25E9%2583%25A8%25E8%25B0%2583%25E5%2587%25BA%25E3%2580%2591%2520%253F%253F%253F%253F%253F2020-09-01%253F%253F2020-09-30&tableQueryString=crk_table%2524sp1%2524order_day%2520between%252020200901%2520and%252020200930%2520and%2520(base_code%253D'0010296')%2520and%2520(src_order_type%2520in%2520(42))%2520and%2520(is_rk%2520in%2520(0)) HTTP/1.1" 200 53687
172.17.0.119 - - [11/Oct/2020:09:16:35 +0800] "GET /xingrg/javascript/jquery_easy_ui/themes/icons/area.png HTTP/1.1" 200 262
172.17.0.119 - - [11/Oct/2020:09:16:35 +0800] "GET /xingrg/javascript/jquery_easy_ui/themes/icons/manage.png HTTP/1.1" 200 696
172.17.0.119 - - [11/Oct/2020:09:16:35 +0800] "GET /xingrg/javascript/jquery_easy_ui/themes/icons/rest.png HTTP/1.1" 200 695
172.17.0.119 - - [11/Oct/2020:09:16:35 +0800] "GET /xingrg/javascript/jquery_easy_ui/themes/default/images/button_a_bg.gif HTTP/1.1" 200 1194
172.17.0.119 - - [11/Oct/2020:09:16:35 +0800] "GET /xingrg/javascript/jquery_easy_ui/themes/default/images/button_span_bg.gif HTTP/1.1" 200 2061
172.17.0.119 - - [11/Oct/2020:09:16:35 +0800] "GET /xingrg/javascript/jquery_easy_ui/themes/icons/ok.png HTTP/1.1" 200 883
172.17.0.119 - - [11/Oct/2020:09:16:35 +0800] "GET /xingrg/javascript/jquery_easy_ui/themes/default/images/panel_title.png HTTP/1.1" 200 266
172.17.0.119 - - [11/Oct/2020:09:16:35 +0800] "GET /xingrg/javascript/jquery_easy_ui/themes/default/images/panel_tools.gif HTTP/1.1" 200 737
172.17.0.123 - - [11/Oct/2020:09:16:35 +0800] "GET /xingrg/dwr/interface/AjaxReportQueryService.js HTTP/1.1" 200 13203
172.17.0.123 - - [11/Oct/2020:09:16:35 +0800] "GET /xingrg/dwr/engine.js HTTP/1.1" 200 43631
172.17.0.123 - - [11/Oct/2020:09:16:36 +0800] "POST /xingrg/all/report/load_report_page.html HTTP/1.1" 200 11732
172.17.0.123 - - [11/Oct/2020:09:16:36 +0800] "GET /xingrg/servlets/image?cache=0.4331449247658439&image=px HTTP/1.1" 200 807
172.17.0.119 - - [11/Oct/2020:09:16:37 +0800] "GET /xingrg/images/control/ajaxLoader.gif HTTP/1.1" 200 4659
172.17.0.119 - - [11/Oct/2020:09:16:37 +0800] "POST /xingrg/all/user/operate.html HTTP/1.1" 200 36
172.17.0.119 - - [11/Oct/2020:09:16:37 +0800] "GET /xingrg/index.html?sysBaseUrl=http%3A%2F%2F172.17.0.8%3A18081%2Fxingrg%2F&costTime=41×tamp=1602378993458 HTTP/1.1" 200 17448
172.17.0.119 - - [11/Oct/2020:09:16:37 +0800] "GET /xingrg/javascript/jquery_easy_ui/themes/default/easyui.css HTTP/1.1" 304 -
117.185.32.26 - - [11/Oct/2020:09:16:37 +0800] "GET /xingrg/all/function/internal_message.html?_=1602379429916&CODE_STATE=getMsg HTTP/1.1" 200 27
172.17.0.119 - - [11/Oct/2020:09:16:37 +0800] "GET /xingrg/javascript/jquery_easy_ui/themes/icon.css HTTP/1.1" 304 -
172.17.0.119 - - [11/Oct/2020:09:16:37 +0800] "GET /xingrg/css/form.css HTTP/1.1" 304 -
172.17.0.119 - - [11/Oct/2020:09:16:37 +0800] "GET /xingrg/javascript/jquery-1.4.2.min.js HTTP/1.1" 304 -
172.17.0.119 - - [11/Oct/2020:09:16:37 +0800] "GET /xingrg/javascript/jquery_easy_ui/jquery.easyui.min.js HTTP/1.1" 304 -
172.17.0.119 - - [11/Oct/2020:09:16:37 +0800] "GET /xingrg/javascript/jquery_easy_ui/easyui-lang-zh_CN.js HTTP/1.1" 304 -
172.17.0.119 - - [11/Oct/2020:09:16:37 +0800] "GET /xingrg/javascript/jquery.form.js HTTP/1.1" 304 -
172.17.0.119 - - [11/Oct/2020:09:16:37 +0800] "GET /xingrg/javascript/jquery.utils.js HTTP/1.1" 304 -
172.17.0.119 - - [11/Oct/2020:09:16:37 +0800] "GET /xingrg/javascript/jquery.timers.js HTTP/1.1" 304 -
172.17.0.119 - - [11/Oct/2020:09:16:37 +0800] "GET /xingrg/images/blue/jxLogo.png HTTP/1.1" 304 -
172.17.0.119 - - [11/Oct/2020:09:16:37 +0800] "GET /xingrg/images/blue/navBackgound.jpg HTTP/1.1" 304 -
172.17.0.119 - - [11/Oct/2020:09:16:37 +0800] "GET /xingrg/javascript/jquery_easy_ui/themes/icons/settle_new.png HTTP/1.1" 304 -
172.17.0.100 - - [11/Oct/2020:09:16:37 +0800] "GET /xingrg/all/function/internal_message.html?_=1602378990468&CODE_STATE=getMsg HTTP/1.1" 200 27
172.17.0.100 - - [11/Oct/2020:09:16:37 +0800] "GET /xingrg/check_reg.html?_=1602378990467 HTTP/1.1" 200 22
172.17.0.119 - - [11/Oct/2020:09:16:37 +0800] "POST /xingrg/all/common/load_tree.html?tree=area_rest_tree_json&manage=1 HTTP/1.1" 200 3216
172.17.0.119 - - [11/Oct/2020:09:16:37 +0800] "GET /xingrg/all/function/internal_message.html?_=1602378993218&CODE_STATE=count HTTP/1.1" 200 11
172.17.0.119 - - [11/Oct/2020:09:16:37 +0800] "GET /xingrg/check_reg.html?_=1602378993219 HTTP/1.1" 200 22
172.17.0.119 - - [11/Oct/2020:09:16:37 +0800] "GET /xingrg/javascript/jquery_easy_ui/themes/default/images/tabs_leftarrow.png HTTP/1.1" 304 -
172.17.0.119 - - [11/Oct/2020:09:16:37 +0800] "GET /xingrg/javascript/jquery_easy_ui/themes/default/images/panel_tool_expand.gif HTTP/1.1" 304 -
172.17.0.119 - - [11/Oct/2020:09:16:37 +0800] "GET /xingrg/javascript/jquery_easy_ui/themes/default/images/panel_tool_collapse.gif HTTP/1.1" 304 -
172.17.0.119 - - [11/Oct/2020:09:16:37 +0800] "GET /xingrg/javascript/jquery_easy_ui/themes/default/images/tabs_rightarrow.png HTTP/1.1" 304 -
172.17.0.119 - - [11/Oct/2020:09:16:37 +0800] "GET /xingrg/images/blue/pingpu.png HTTP/1.1" 304 -
172.17.0.119 - - [11/Oct/2020:09:16:37 +0800] "POST /xingrg/load_menu.html HTTP/1.1" 200 9924
172.17.0.123 - - [11/Oct/2020:09:16:38 +0800] "POST /xingrg/all/report/load_report_page.html HTTP/1.1" 200 19082
172.17.0.123 - - [11/Oct/2020:09:16:38 +0800] "GET /xingrg/servlets/image?cache=0.4632234828725219&image=px HTTP/1.1" 200 807
172.17.0.119 - - [11/Oct/2020:09:16:40 +0800] "GET /xingrg/kc/cost/cost_list.html HTTP/1.1" 200 6073
