222.69.137.1 - - [10/Oct/2020:08:36:30 +0800] "GET /xingrg/kc/buy/cgsh_order_operate.html?command=get_materiel&rest_code=00149&code=00101008055&supplier_code=00100005&order_time=2020-10-10 HTTP/1.1" 200 409
172.17.0.115 - - [10/Oct/2020:08:36:31 +0800] "GET /xingrg/check_reg.html?_=1602290205750 HTTP/1.1" 200 22
172.17.0.115 - - [10/Oct/2020:08:36:34 +0800] "GET /xingrg/all/function/internal_message.html?_=1602290208278&CODE_STATE=getMsg HTTP/1.1" 200 27
222.69.137.1 - - [10/Oct/2020:08:36:39 +0800] "GET /xingrg/kc/buy/cgsh_order_operate.html?command=get_materiel&rest_code=00149&code=00101008234&supplier_code=00100005&order_time=2020-10-10 HTTP/1.1" 200 408
180.162.245.190 - - [10/Oct/2020:08:36:40 +0800] "GET /xingrg/kc/buy/cgsh_order_operate.html?command=get_materiel&rest_code=00105&code=00101010136&supplier_code=00100013&order_time=2020-10-10 HTTP/1.1" 200 408
180.162.245.190 - - [10/Oct/2020:08:36:41 +0800] "GET /xingrg/all/function/internal_message.html?_=1602290198442&CODE_STATE=getMsg HTTP/1.1" 200 27
222.69.137.1 - - [10/Oct/2020:08:36:42 +0800] "GET /xingrg/all/function/internal_message.html?_=1602290191170&CODE_STATE=getMsg HTTP/1.1" 200 27
124.77.70.31 - - [10/Oct/2020:08:36:43 +0800] "GET /xingrg/index.html?sysBaseUrl=http%3A%2F%2F180.169.147.146%3A18081%2Fxingrg%2F&costTime=33×tamp=1585306063269 HTTP/1.1" 302 -
124.77.70.31 - - [10/Oct/2020:08:36:43 +0800] "GET /xingrg/login.html HTTP/1.1" 200 7641
180.174.56.115 - - [10/Oct/2020:08:36:43 +0800] "GET /xingrg/all/function/internal_message.html?_=1602290199030&CODE_STATE=getMsg HTTP/1.1" 200 27
180.174.56.115 - - [10/Oct/2020:08:36:43 +0800] "GET /xingrg/check_reg.html?_=1602290199029 HTTP/1.1" 200 22
58.221.95.50 - - [10/Oct/2020:08:36:46 +0800] "GET /xingrg/kc/buy/cgsh_order_operate.html?command=get_materiel&rest_code=00152&code=00101029071&supplier_code=00100151&order_time=2020-10-10 HTTP/1.1" 200 403
58.221.95.50 - - [10/Oct/2020:08:36:47 +0800] "GET /xingrg/all/function/internal_message.html?_=1602290369431&CODE_STATE=getMsg HTTP/1.1" 200 27
114.88.166.242 - - [10/Oct/2020:08:36:52 +0800] "GET /xingrg/all/function/internal_message.html?_=1602290289726&CODE_STATE=getMsg HTTP/1.1" 200 27
101.89.239.238 - - [10/Oct/2020:08:36:53 +0800] "GET /xingrg/all/function/internal_message.html?_=1602290011059&CODE_STATE=getMsg HTTP/1.1" 302 -
58.40.7.146 - - [10/Oct/2020:08:36:58 +0800] "GET /xingrg/all/function/internal_message.html?_=1602290213469&CODE_STATE=getMsg HTTP/1.1" 200 27
172.17.0.185 - - [10/Oct/2020:08:36:58 +0800] "GET /xingrg/all/function/internal_message.html?_=1602290212641&CODE_STATE=getMsg HTTP/1.1" 200 27
180.174.56.115 - - [10/Oct/2020:08:37:00 +0800] "GET /xingrg/all/function/internal_message.html?_=1602290188860&CODE_STATE=getMsg HTTP/1.1" 200 27
101.89.239.238 - - [10/Oct/2020:08:37:02 +0800] "GET /xingrg/login.html HTTP/1.1" 200 7641
58.221.95.50 - - [10/Oct/2020:08:37:04 +0800] "GET /xingrg/kc/base/base_main.html HTTP/1.1" 200 12142
58.221.95.50 - - [10/Oct/2020:08:37:06 +0800] "GET /xingrg/kc/base/check_order_list.html HTTP/1.1" 200 16506
58.221.95.50 - - [10/Oct/2020:08:37:06 +0800] "POST /xingrg/kc/base/check_list_operate.html HTTP/1.1" 200 781
180.162.245.190 - - [10/Oct/2020:08:37:09 +0800] "POST /xingrg/kc/buy/cgsh_order_operate.html HTTP/1.1" 200 37
58.221.95.50 - - [10/Oct/2020:08:37:09 +0800] "POST /xingrg/kc/base/check_list_operate.html HTTP/1.1" 200 5143
180.162.245.190 - - [10/Oct/2020:08:37:10 +0800] "POST /xingrg/kc/buy/cgsh_order_operate.html HTTP/1.1" 200 6830
58.221.95.50 - - [10/Oct/2020:08:37:11 +0800] "GET /xingrg/kc/base/check_order_info.html?code=452020100700054 HTTP/1.1" 200 22864
58.221.95.50 - - [10/Oct/2020:08:37:11 +0800] "GET /xingrg/dwr/interface/AjaxComOrderService.js HTTP/1.1" 200 18264
58.221.95.50 - - [10/Oct/2020:08:37:11 +0800] "GET /xingrg/dwr/interface/AjaxCheckService.js HTTP/1.1" 200 14003
58.221.95.50 - - [10/Oct/2020:08:37:11 +0800] "GET /xingrg/dwr/engine.js HTTP/1.1" 200 43631
180.162.245.190 - - [10/Oct/2020:08:37:11 +0800] "GET /xingrg/kc/print/load_config.html?kc_code=cgsh HTTP/1.1" 200 1845
58.221.95.50 - - [10/Oct/2020:08:37:11 +0800] "POST /xingrg/dwr/call/plaincall/AjaxCheckService.loadOrderItems.dwr HTTP/1.1" 200 6366
180.162.245.190 - - [10/Oct/2020:08:37:11 +0800] "GET /xingrg/kc/print/load_data.html?order_code=212020101004084&kc_code=cgsh&condition= HTTP/1.1" 200 2337
180.157.253.48 - - [10/Oct/2020:08:37:16 +0800] "GET /xingrg/check_reg.html?_=1602290242448 HTTP/1.1" 200 22
180.157.253.48 - - [10/Oct/2020:08:37:16 +0800] "GET /xingrg/all/function/internal_message.html?_=1602290242582&CODE_STATE=getMsg HTTP/1.1" 200 27
114.88.166.242 - - [10/Oct/2020:08:37:18 +0800] "GET /xingrg/all/function/internal_message.html?_=1602290229647&CODE_STATE=getMsg HTTP/1.1" 200 27
58.37.8.227 - - [10/Oct/2020:08:37:20 +0800] "GET /xingrg/all/function/internal_message.html?_=1602290250957&CODE_STATE=getMsg HTTP/1.1" 200 27
172.17.0.115 - - [10/Oct/2020:08:37:34 +0800] "GET /xingrg/all/function/internal_message.html?_=1602290268292&CODE_STATE=getMsg HTTP/1.1" 200 27
114.88.166.242 - - [10/Oct/2020:08:37:36 +0800] "GET /xingrg/kc/buy/cgsh_order_add.html HTTP/1.1" 200 59937
114.88.166.242 - - [10/Oct/2020:08:37:36 +0800] "POST /xingrg/kc/buy/cgsh_order_operate.html HTTP/1.1" 200 8245
114.88.166.242 - - [10/Oct/2020:08:37:36 +0800] "GET /xingrg/javascript/easyui/themes/default/validatebox.css HTTP/1.1" 404 1104
180.162.245.190 - - [10/Oct/2020:08:37:41 +0800] "GET /xingrg/all/function/internal_message.html?_=1602290258455&CODE_STATE=getMsg HTTP/1.1" 200 27
222.69.137.1 - - [10/Oct/2020:08:37:42 +0800] "GET /xingrg/all/function/internal_message.html?_=1602290251187&CODE_STATE=getMsg HTTP/1.1" 200 27
180.174.56.115 - - [10/Oct/2020:08:37:43 +0800] "GET /xingrg/all/function/internal_message.html?_=1602290259078&CODE_STATE=getMsg HTTP/1.1" 200 27
218.81.217.115 - - [10/Oct/2020:08:37:45 +0800] "GET /xingrg/check_reg.html?_=1602290254010 HTTP/1.1" 200 22
114.88.166.242 - - [10/Oct/2020:08:37:46 +0800] "GET /xingrg/kc/buy/cgsh_order_operate.html?command=get_materiel&rest_code=00111&code=00101008350&supplier_code=00100005&order_time=2020-10-10 HTTP/1.1" 200 408
101.91.60.11 - - [10/Oct/2020:08:37:47 +0800] "GET /xingrg/all/function/internal_message.html?_=1602289951089&CODE_STATE=getMsg HTTP/1.1" 302 -
58.221.95.50 - - [10/Oct/2020:08:37:47 +0800] "GET /xingrg/check_reg.html?_=1602290429477 HTTP/1.1" 200 22
58.221.95.50 - - [10/Oct/2020:08:37:47 +0800] "GET /xingrg/all/function/internal_message.html?_=1602290429480&CODE_STATE=getMsg HTTP/1.1" 200 27
114.88.166.242 - - [10/Oct/2020:08:37:52 +0800] "GET /xingrg/all/function/internal_message.html?_=1602290349752&CODE_STATE=getMsg HTTP/1.1" 200 27
114.88.166.242 - - [10/Oct/2020:08:37:54 +0800] "GET /xingrg/kc/buy/cgsh_order_operate.html?command=get_materiel&rest_code=00111&code=00101008358&supplier_code=00100005&order_time=2020-10-10 HTTP/1.1" 200 412
101.91.60.11 - - [10/Oct/2020:08:37:57 +0800] "GET /xingrg/login.html HTTP/1.1" 200 7641
58.40.7.146 - - [10/Oct/2020:08:37:58 +0800] "GET /xingrg/all/function/internal_message.html?_=1602290273470&CODE_STATE=getMsg HTTP/1.1" 200 27
172.17.0.185 - - [10/Oct/2020:08:37:58 +0800] "GET /xingrg/all/function/internal_message.html?_=1602290272646&CODE_STATE=getMsg HTTP/1.1" 200 27
180.174.56.115 - - [10/Oct/2020:08:38:00 +0800] "GET /xingrg/all/function/internal_message.html?_=1602290248874&CODE_STATE=getMsg HTTP/1.1" 200 27
114.88.166.242 - - [10/Oct/2020:08:38:01 +0800] "GET /xingrg/kc/buy/cgsh_order_operate.html?command=get_materiel&rest_code=00111&code=00101008301&supplier_code=00100005&order_time=2020-10-10 HTTP/1.1" 200 422
114.88.166.242 - - [10/Oct/2020:08:38:08 +0800] "GET /xingrg/kc/buy/cgsh_order_operate.html?command=get_materiel&rest_code=00111&code=00101008261&supplier_code=00100005&order_time=2020-10-10 HTTP/1.1" 200 427
114.88.166.242 - - [10/Oct/2020:08:38:15 +0800] "GET /xingrg/kc/buy/cgsh_order_operate.html?command=get_materiel&rest_code=00111&code=00101008072&supplier_code=00100005&order_time=2020-10-10 HTTP/1.1" 200 408
180.157.253.48 - - [10/Oct/2020:08:38:16 +0800] "GET /xingrg/all/function/internal_message.html?_=1602290302596&CODE_STATE=getMsg HTTP/1.1" 200 27
114.88.166.242 - - [10/Oct/2020:08:38:18 +0800] "GET /xingrg/all/function/internal_message.html?_=1602290289674&CODE_STATE=getMsg HTTP/1.1" 200 27
58.37.8.227 - - [10/Oct/2020:08:38:20 +0800] "GET /xingrg/all/function/internal_message.html?_=1602290310931&CODE_STATE=getMsg HTTP/1.1" 200 27
114.88.166.242 - - [10/Oct/2020:08:38:22 +0800] "GET /xingrg/kc/buy/cgsh_order_operate.html?command=get_materiel&rest_code=00111&code=00101008003&supplier_code=00100005&order_time=2020-10-10 HTTP/1.1" 200 408
180.157.253.48 - - [10/Oct/2020:08:38:24 +0800] "GET /xingrg/javascript/jquery_easy_ui/themes/default/images/tabs_close.gif HTTP/1.1" 304 -
180.157.253.48 - - [10/Oct/2020:08:38:24 +0800] "GET /xingrg/kc/buy/cgsh_order_list.html HTTP/1.1" 200 44205
180.157.253.48 - - [10/Oct/2020:08:38:24 +0800] "GET /xingrg/css/site.css HTTP/1.1" 304 -
180.157.253.48 - - [10/Oct/2020:08:38:24 +0800] "GET /xingrg/javascript/jquery_tools/jquery.tools.min.js HTTP/1.1" 304 -
180.157.253.48 - - [10/Oct/2020:08:38:24 +0800] "GET /xingrg/javascript/jquery_tools/jquery.tools.table.js HTTP/1.1" 304 -
180.157.253.48 - - [10/Oct/2020:08:38:24 +0800] "GET /xingrg/javascript/jquery_tools/jquery.tools.hotkey.js HTTP/1.1" 304 -
180.157.253.48 - - [10/Oct/2020:08:38:24 +0800] "GET /xingrg/javascript/jquery_tools/list_manager.js HTTP/1.1" 304 -
180.157.253.48 - - [10/Oct/2020:08:38:24 +0800] "GET /xingrg/css/base.css HTTP/1.1" 304 -
180.157.253.48 - - [10/Oct/2020:08:38:24 +0800] "GET /xingrg/javascript/jquery_tools/datebox.css HTTP/1.1" 304 -
180.157.253.48 - - [10/Oct/2020:08:38:24 +0800] "GET /xingrg/javascript/easyui/themes/default/easyui.css HTTP/1.1" 304 -
180.157.253.48 - - [10/Oct/2020:08:38:24 +0800] "GET /xingrg/javascript/easyui/themes/icon.css HTTP/1.1" 304 -
180.157.253.48 - - [10/Oct/2020:08:38:24 +0800] "GET /xingrg/javascript/auto/jquery.autocomplete.css HTTP/1.1" 304 -
180.157.253.48 - - [10/Oct/2020:08:38:24 +0800] "GET /xingrg/javascript/jquery.utils.js HTTP/1.1" 304 -
180.157.253.48 - - [10/Oct/2020:08:38:24 +0800] "GET /xingrg/javascript/jquery_tools/fix.css HTTP/1.1" 304 -
180.157.253.48 - - [10/Oct/2020:08:38:24 +0800] "GET /xingrg/javascript/jquery_tools/table.css HTTP/1.1" 304 -
180.157.253.48 - - [10/Oct/2020:08:38:24 +0800] "GET /xingrg/javascript/jquery_tools/jquery.tools.extend.js HTTP/1.1" 304 -
180.157.253.48 - - [10/Oct/2020:08:38:24 +0800] "GET /xingrg/javascript/auto/jquery.autocomplete.js HTTP/1.1" 304 -
180.157.253.48 - - [10/Oct/2020:08:38:24 +0800] "GET /xingrg/javascript/easyui/easyloader.js HTTP/1.1" 304 -
180.157.253.48 - - [10/Oct/2020:08:38:24 +0800] "GET /xingrg/javascript/print/LodopFuncs.js HTTP/1.1" 304 -
180.157.253.48 - - [10/Oct/2020:08:38:24 +0800] "GET /xingrg/javascript/jquery.cookie.js HTTP/1.1" 304 -
180.157.253.48 - - [10/Oct/2020:08:38:24 +0800] "GET /xingrg/javascript/easyui/themes/icons/edit_add_new.png HTTP/1.1" 304 -
180.157.253.48 - - [10/Oct/2020:08:38:24 +0800] "GET /xingrg/javascript/easyui/themes/icons/check_new.png HTTP/1.1" 304 -
180.157.253.48 - - [10/Oct/2020:08:38:24 +0800] "GET /xingrg/javascript/easyui/themes/icons/cance_new.png HTTP/1.1" 304 -
180.157.253.48 - - [10/Oct/2020:08:38:24 +0800] "GET /xingrg/javascript/easyui/themes/icons/field_new.png HTTP/1.1" 304 -
180.157.253.48 - - [10/Oct/2020:08:38:24 +0800] "GET /xingrg/javascript/easyui/themes/icons/import_new.png HTTP/1.1" 304 -
180.157.253.48 - - [10/Oct/2020:08:38:24 +0800] "GET /xingrg/javascript/easyui/plugins/jquery.parser.js HTTP/1.1" 304 -
180.157.253.48 - - [10/Oct/2020:08:38:24 +0800] "GET /xingrg/images/control/ajaxLoader.gif HTTP/1.1" 304 -
180.157.253.48 - - [10/Oct/2020:08:38:24 +0800] "GET /xingrg/javascript/jquery_easy_ui/themes/icons/area.png HTTP/1.1" 304 -
180.157.253.48 - - [10/Oct/2020:08:38:24 +0800] "GET /xingrg/javascript/jquery_easy_ui/themes/icons/rest.png HTTP/1.1" 304 -
180.157.253.48 - - [10/Oct/2020:08:38:25 +0800] "POST /xingrg/kc/buy/cgsh_list_operate.html HTTP/1.1" 200 876
180.157.253.48 - - [10/Oct/2020:08:38:25 +0800] "GET /xingrg/javascript/easyui/themes/default/images/button_plain_hover.png HTTP/1.1" 304 -
180.157.253.48 - - [10/Oct/2020:08:38:25 +0800] "GET /xingrg/javascript/easyui/themes/default/images/button_plain_hover.png HTTP/1.1" 304 -
180.157.253.48 - - [10/Oct/2020:08:38:26 +0800] "GET /xingrg/css/base.css HTTP/1.1" 304 -
180.157.253.48 - - [10/Oct/2020:08:38:26 +0800] "GET /xingrg/css/site.css HTTP/1.1" 304 -
180.157.253.48 - - [10/Oct/2020:08:38:26 +0800] "GET /xingrg/javascript/jquery_tools/datebox.css HTTP/1.1" 304 -
180.157.253.48 - - [10/Oct/2020:08:38:26 +0800] "GET /xingrg/javascript/easyui/themes/default/easyui.css HTTP/1.1" 304 -
180.157.253.48 - - [10/Oct/2020:08:38:26 +0800] "GET /xingrg/javascript/auto/jquery.autocomplete.css HTTP/1.1" 304 -
180.157.253.48 - - [10/Oct/2020:08:38:26 +0800] "GET /xingrg/javascript/easyui/themes/icon.css HTTP/1.1" 304 -
180.157.253.48 - - [10/Oct/2020:08:38:26 +0800] "GET /xingrg/javascript/jquery_tools/table.css HTTP/1.1" 304 -
180.157.253.48 - - [10/Oct/2020:08:38:26 +0800] "GET /xingrg/javascript/jquery_tools/fix.css HTTP/1.1" 304 -
180.157.253.48 - - [10/Oct/2020:08:38:26 +0800] "GET /xingrg/javascript/pic_change.js HTTP/1.1" 304 -
180.157.253.48 - - [10/Oct/2020:08:38:26 +0800] "GET /xingrg/javascript/jquery_tools/jquery.tools.extend.js HTTP/1.1" 304 -
180.157.253.48 - - [10/Oct/2020:08:38:26 +0800] "GET /xingrg/javascript/jquery_tools/jquery.tools.min.js HTTP/1.1" 304 -
180.157.253.48 - - [10/Oct/2020:08:38:26 +0800] "GET /xingrg/javascript/jquery_tools/jquery.tools.table.js HTTP/1.1" 304 -
180.157.253.48 - - [10/Oct/2020:08:38:26 +0800] "GET /xingrg/javascript/auto/jquery.autocomplete.js HTTP/1.1" 304 -
180.157.253.48 - - [10/Oct/2020:08:38:26 +0800] "GET /xingrg/javascript/easyui/easyloader.js HTTP/1.1" 304 -
180.157.253.48 - - [10/Oct/2020:08:38:26 +0800] "GET /xingrg/javascript/jquery.utils.js HTTP/1.1" 304 -
180.157.253.48 - - [10/Oct/2020:08:38:26 +0800] "GET /xingrg/javascript/jquery_tools/order_manager.js HTTP/1.1" 304 -
180.157.253.48 - - [10/Oct/2020:08:38:26 +0800] "GET /xingrg/javascript/convert.js HTTP/1.1" 304 -
180.157.253.48 - - [10/Oct/2020:08:38:26 +0800] "GET /xingrg/javascript/jquery.cookie.js HTTP/1.1" 304 -
180.157.253.48 - - [10/Oct/2020:08:38:26 +0800] "GET /xingrg/javascript/jquery_tools/jquery.tools.hotkey.js HTTP/1.1" 304 -
180.157.253.48 - - [10/Oct/2020:08:38:26 +0800] "GET /xingrg/javascript/print/kc_print.js HTTP/1.1" 304 -
180.157.253.48 - - [10/Oct/2020:08:38:26 +0800] "GET /xingrg/javascript/print/LodopFuncs.js HTTP/1.1" 304 -
180.157.253.48 - - [10/Oct/2020:08:38:26 +0800] "GET /xingrg/javascript/json2.js HTTP/1.1" 304 -
180.157.253.48 - - [10/Oct/2020:08:38:26 +0800] "GET /xingrg/kc/buy/cgsh_order_add.html HTTP/1.1" 200 59937
180.157.253.48 - - [10/Oct/2020:08:38:26 +0800] "GET /xingrg/javascript/easyui/themes/icons/print.png HTTP/1.1" 304 -
180.157.253.48 - - [10/Oct/2020:08:38:26 +0800] "GET /xingrg/javascript/easyui/themes/icons/copy_new.png HTTP/1.1" 304 -
180.157.253.48 - - [10/Oct/2020:08:38:26 +0800] "GET /xingrg/javascript/easyui/themes/icons/template_new.png HTTP/1.1" 304 -
180.157.253.48 - - [10/Oct/2020:08:38:26 +0800] "GET /xingrg/javascript/easyui/themes/default/images/menu_downarrow.png HTTP/1.1" 304 -
180.157.253.48 - - [10/Oct/2020:08:38:26 +0800] "GET /xingrg/javascript/easyui/themes/icons/ok.png HTTP/1.1" 304 -
180.157.253.48 - - [10/Oct/2020:08:38:26 +0800] "GET /xingrg/javascript/easyui/themes/icons/cancel.png HTTP/1.1" 304 -
180.157.253.48 - - [10/Oct/2020:08:38:26 +0800] "GET /xingrg/words/20201009092426_words.js HTTP/1.1" 304 -
180.157.253.48 - - [10/Oct/2020:08:38:26 +0800] "GET /xingrg/javascript/easyui/themes/default/images/button_plain_hover.png HTTP/1.1" 304 -
180.157.253.48 - - [10/Oct/2020:08:38:26 +0800] "GET /xingrg/javascript/easyui/plugins/jquery.parser.js HTTP/1.1" 304 -
180.157.253.48 - - [10/Oct/2020:08:38:26 +0800] "POST /xingrg/kc/buy/cgsh_order_operate.html HTTP/1.1" 200 8245
180.157.253.48 - - [10/Oct/2020:08:38:26 +0800] "GET /xingrg/javascript/easyui/themes/icons/edit_remove.png HTTP/1.1" 304 -
180.157.253.48 - - [10/Oct/2020:08:38:26 +0800] "GET /xingrg/javascript/easyui/themes/default/images/button_plain_hover.png HTTP/1.1" 304 -
180.157.253.48 - - [10/Oct/2020:08:38:26 +0800] "GET /xingrg/all/common/auto_word.html?type=employee&rest_code=00148 HTTP/1.1" 200 147
180.157.253.48 - - [10/Oct/2020:08:38:26 +0800] "GET /xingrg/all/common/auto_word.html?type=employee&rest_code=00148 HTTP/1.1" 200 147
180.157.253.48 - - [10/Oct/2020:08:38:26 +0800] "GET /xingrg/javascript/easyui/themes/default/images/button_plain_hover.png HTTP/1.1" 304 -
180.157.253.48 - - [10/Oct/2020:08:38:26 +0800] "GET /xingrg/javascript/easyui/themes/default/validatebox.css HTTP/1.1" 404 1104
180.157.253.48 - - [10/Oct/2020:08:38:26 +0800] "GET /xingrg/javascript/easyui/plugins/jquery.validatebox.js HTTP/1.1" 304 -
180.157.253.48 - - [10/Oct/2020:08:38:26 +0800] "GET /xingrg/javascript/easyui/plugins/jquery.numberbox.js HTTP/1.1" 304 -
180.157.253.48 - - [10/Oct/2020:08:38:28 +0800] "GET /xingrg/javascript/auto/indicator.gif HTTP/1.1" 404 1066
180.157.253.48 - - [10/Oct/2020:08:38:30 +0800] "GET /xingrg/javascript/jquery_tools/images/prev.gif HTTP/1.1" 404 1086
180.157.253.48 - - [10/Oct/2020:08:38:30 +0800] "GET /xingrg/javascript/jquery_tools/images/next.gif HTTP/1.1" 404 1086
180.157.253.48 - - [10/Oct/2020:08:38:30 +0800] "GET /xingrg/javascript/pic_change.js HTTP/1.1" 304 -
180.157.253.48 - - [10/Oct/2020:08:38:30 +0800] "GET /xingrg/javascript/jquery_tools/jquery.tools.min.js HTTP/1.1" 304 -
180.157.253.48 - - [10/Oct/2020:08:38:30 +0800] "GET /xingrg/javascript/jquery_tools/jquery.tools.extend.js HTTP/1.1" 304 -
180.157.253.48 - - [10/Oct/2020:08:38:30 +0800] "GET /xingrg/javascript/jquery_tools/jquery.tools.table.js HTTP/1.1" 304 -
180.157.253.48 - - [10/Oct/2020:08:38:30 +0800] "GET /xingrg/javascript/auto/jquery.autocomplete.js HTTP/1.1" 304 -
180.157.253.48 - - [10/Oct/2020:08:38:30 +0800] "GET /xingrg/javascript/easyui/easyloader.js HTTP/1.1" 304 -
180.157.253.48 - - [10/Oct/2020:08:38:30 +0800] "GET /xingrg/javascript/jquery_tools/jquery.tools.hotkey.js HTTP/1.1" 304 -
180.157.253.48 - - [10/Oct/2020:08:38:30 +0800] "GET /xingrg/javascript/jquery_tools/order_manager.js HTTP/1.1" 304 -
180.157.253.48 - - [10/Oct/2020:08:38:30 +0800] "GET /xingrg/javascript/jquery.utils.js HTTP/1.1" 304 -
180.157.253.48 - - [10/Oct/2020:08:38:30 +0800] "GET /xingrg/javascript/json2.js HTTP/1.1" 304 -
180.157.253.48 - - [10/Oct/2020:08:38:30 +0800] "GET /xingrg/javascript/print/kc_print.js HTTP/1.1" 304 -
180.157.253.48 - - [10/Oct/2020:08:38:30 +0800] "GET /xingrg/javascript/jquery.cookie.js HTTP/1.1" 304 -
180.157.253.48 - - [10/Oct/2020:08:38:30 +0800] "GET /xingrg/javascript/easyui/plugins/jquery.validatebox.js HTTP/1.1" 304 -
180.157.253.48 - - [10/Oct/2020:08:38:30 +0800] "GET /xingrg/javascript/easyui/plugins/jquery.parser.js HTTP/1.1" 304 -
180.157.253.48 - - [10/Oct/2020:08:38:30 +0800] "GET /xingrg/words/20201009092426_words.js HTTP/1.1" 304 -
180.157.253.48 - - [10/Oct/2020:08:38:30 +0800] "GET /xingrg/javascript/easyui/plugins/jquery.numberbox.js HTTP/1.1" 304 -
180.157.253.48 - - [10/Oct/2020:08:38:30 +0800] "GET /xingrg/javascript/print/LodopFuncs.js HTTP/1.1" 304 -
180.157.253.48 - - [10/Oct/2020:08:38:30 +0800] "GET /xingrg/javascript/convert.js HTTP/1.1" 304 -
114.88.166.242 - - [10/Oct/2020:08:38:30 +0800] "GET /xingrg/kc/buy/cgsh_order_operate.html?command=get_materiel&rest_code=00111&code=00101008355&supplier_code=00100005&order_time=2020-10-10 HTTP/1.1" 200 408
172.17.0.115 - - [10/Oct/2020:08:38:34 +0800] "GET /xingrg/all/function/internal_message.html?_=1602290328304&CODE_STATE=getMsg HTTP/1.1" 200 27
114.88.166.242 - - [10/Oct/2020:08:38:35 +0800] "GET /xingrg/kc/buy/cgsh_order_operate.html?command=get_materiel&rest_code=00111&code=00101008155&supplier_code=00100005&order_time=2020-10-10 HTTP/1.1" 200 408
180.157.253.48 - - [10/Oct/2020:08:38:35 +0800] "GET /xingrg/kc/buy/cgsh_order_operate.html?command=get_materiel&rest_code=00148&code=00101015044&supplier_code=00100059&order_time=2020-10-10 HTTP/1.1" 200 408
180.157.253.48 - - [10/Oct/2020:08:38:36 +0800] "GET /xingrg/javascript/easyui/themes/default/images/button_plain_hover.png HTTP/1.1" 304 -
218.81.217.115 - - [10/Oct/2020:08:38:37 +0800] "GET /favicon.ico HTTP/1.1" 404 -
180.162.245.190 - - [10/Oct/2020:08:38:41 +0800] "GET /xingrg/all/function/internal_message.html?_=1602290318455&CODE_STATE=getMsg HTTP/1.1" 200 27
218.81.217.115 - - [10/Oct/2020:08:38:42 +0800] "GET /xingrg/login.html HTTP/1.1" 200 7641
180.157.253.48 - - [10/Oct/2020:08:38:42 +0800] "GET /xingrg/kc/buy/cgsh_order_operate.html?command=get_materiel&rest_code=00148&code=00101008284&supplier_code=00100059&order_time=2020-10-10 HTTP/1.1" 200 413
180.157.253.48 - - [10/Oct/2020:08:38:42 +0800] "GET /xingrg/javascript/easyui/themes/default/images/button_plain_hover.png HTTP/1.1" 304 -
222.69.137.1 - - [10/Oct/2020:08:38:42 +0800] "GET /xingrg/all/function/internal_message.html?_=1602290311172&CODE_STATE=getMsg HTTP/1.1" 200 27
114.88.166.242 - - [10/Oct/2020:08:38:43 +0800] "GET /xingrg/kc/buy/cgsh_order_operate.html?command=get_materiel&rest_code=00111&code=00101008080&supplier_code=00100005&order_time=2020-10-10 HTTP/1.1" 200 416
218.81.217.115 - - [10/Oct/2020:08:38:43 +0800] "GET /favicon.ico HTTP/1.1" 404 -
180.174.56.115 - - [10/Oct/2020:08:38:43 +0800] "GET /xingrg/all/function/internal_message.html?_=1602290319126&CODE_STATE=getMsg HTTP/1.1" 200 27
180.157.253.48 - - [10/Oct/2020:08:38:45 +0800] "GET /xingrg/javascript/easyui/themes/default/images/button_plain_hover.png HTTP/1.1" 304 -
180.157.253.48 - - [10/Oct/2020:08:38:45 +0800] "GET /xingrg/javascript/easyui/themes/default/images/button_plain_hover.png HTTP/1.1" 304 -
180.157.253.48 - - [10/Oct/2020:08:38:45 +0800] "GET /xingrg/javascript/easyui/themes/default/images/button_plain_hover.png HTTP/1.1" 304 -
180.157.253.48 - - [10/Oct/2020:08:38:45 +0800] "GET /xingrg/javascript/easyui/themes/default/images/button_plain_hover.png HTTP/1.1" 304 -
180.157.253.48 - - [10/Oct/2020:08:38:45 +0800] "GET /xingrg/javascript/easyui/themes/default/images/button_plain_hover.png HTTP/1.1" 304 -
180.157.253.48 - - [10/Oct/2020:08:38:45 +0800] "GET /xingrg/javascript/easyui/themes/default/images/button_plain_hover.png HTTP/1.1" 304 -
180.157.253.48 - - [10/Oct/2020:08:38:45 +0800] "GET /xingrg/javascript/easyui/themes/default/images/button_plain_hover.png HTTP/1.1" 304 -
180.157.253.48 - - [10/Oct/2020:08:38:45 +0800] "GET /xingrg/javascript/easyui/themes/default/images/button_plain_hover.png HTTP/1.1" 304 -
218.81.217.115 - - [10/Oct/2020:08:38:46 +0800] "POST /xingrg/login.do HTTP/1.1" 302 -
218.81.217.115 - - [10/Oct/2020:08:38:46 +0800] "GET /xingrg/index.html?sysBaseUrl=http%3A%2F%2F180.169.147.146%3A18081%2Fxingrg%2F&costTime=41×tamp=1602290326858 HTTP/1.1" 200 17179
218.81.217.115 - - [10/Oct/2020:08:38:47 +0800] "GET /xingrg/javascript/jquery_easy_ui/themes/default/easyui.css HTTP/1.1" 304 -
218.81.217.115 - - [10/Oct/2020:08:38:47 +0800] "GET /xingrg/javascript/jquery_easy_ui/themes/icon.css HTTP/1.1" 304 -
218.81.217.115 - - [10/Oct/2020:08:38:47 +0800] "GET /xingrg/css/form.css HTTP/1.1" 304 -
218.81.217.115 - - [10/Oct/2020:08:38:47 +0800] "GET /xingrg/javascript/jquery-1.4.2.min.js HTTP/1.1" 304 -
218.81.217.115 - - [10/Oct/2020:08:38:47 +0800] "GET /xingrg/javascript/jquery_easy_ui/easyui-lang-zh_CN.js HTTP/1.1" 304 -
218.81.217.115 - - [10/Oct/2020:08:38:47 +0800] "GET /xingrg/javascript/jquery.form.js HTTP/1.1" 304 -
218.81.217.115 - - [10/Oct/2020:08:38:47 +0800] "GET /xingrg/javascript/jquery_easy_ui/jquery.easyui.min.js HTTP/1.1" 304 -
218.81.217.115 - - [10/Oct/2020:08:38:47 +0800] "GET /xingrg/javascript/jquery.utils.js HTTP/1.1" 304 -
218.81.217.115 - - [10/Oct/2020:08:38:47 +0800] "GET /xingrg/javascript/jquery.timers.js HTTP/1.1" 304 -
58.221.95.50 - - [10/Oct/2020:08:38:47 +0800] "GET /xingrg/all/function/internal_message.html?_=1602290489450&CODE_STATE=getMsg HTTP/1.1" 200 27
218.81.217.115 - - [10/Oct/2020:08:38:47 +0800] "GET /favicon.ico HTTP/1.1" 404 -
218.81.217.115 - - [10/Oct/2020:08:38:47 +0800] "POST /xingrg/all/common/load_tree.html?tree=area_rest_tree_json&manage=1 HTTP/1.1" 200 351
180.157.253.48 - - [10/Oct/2020:08:38:47 +0800] "POST /xingrg/kc/buy/cgsh_order_operate.html HTTP/1.1" 200 37
218.81.217.115 - - [10/Oct/2020:08:38:49 +0800] "GET /xingrg/all/function/internal_message.html?_=1602290317958&CODE_STATE=count HTTP/1.1" 200 11
218.81.217.115 - - [10/Oct/2020:08:38:49 +0800] "GET /xingrg/check_reg.html?_=1602290317959 HTTP/1.1" 200 22
218.81.217.115 - - [10/Oct/2020:08:38:49 +0800] "POST /xingrg/load_menu.html HTTP/1.1" 200 5138
180.157.253.48 - - [10/Oct/2020:08:38:49 +0800] "POST /xingrg/kc/buy/cgsh_order_operate.html HTTP/1.1" 200 3242
114.88.166.242 - - [10/Oct/2020:08:38:51 +0800] "GET /xingrg/kc/buy/cgsh_order_operate.html?command=get_materiel&rest_code=00111&code=00101008026&supplier_code=00100005&order_time=2020-10-10 HTTP/1.1" 200 409
114.88.166.242 - - [10/Oct/2020:08:38:52 +0800] "GET /xingrg/all/function/internal_message.html?_=1602290409724&CODE_STATE=getMsg HTTP/1.1" 200 27
180.157.253.48 - - [10/Oct/2020:08:38:54 +0800] "GET /xingrg/javascript/easyui/themes/default/images/button_plain_hover.png HTTP/1.1" 304 -
180.157.253.48 - - [10/Oct/2020:08:38:54 +0800] "GET /xingrg/javascript/easyui/themes/default/images/button_plain_hover.png HTTP/1.1" 304 -
180.157.253.48 - - [10/Oct/2020:08:38:54 +0800] "GET /xingrg/javascript/easyui/themes/default/images/button_plain_hover.png HTTP/1.1" 304 -
180.157.253.48 - - [10/Oct/2020:08:38:54 +0800] "GET /xingrg/css/site.css HTTP/1.1" 304 -
180.157.253.48 - - [10/Oct/2020:08:38:54 +0800] "GET /xingrg/css/base.css HTTP/1.1" 304 -
180.157.253.48 - - [10/Oct/2020:08:38:54 +0800] "GET /xingrg/javascript/jquery_tools/datebox.css HTTP/1.1" 304 -
180.157.253.48 - - [10/Oct/2020:08:38:54 +0800] "GET /xingrg/javascript/jquery_tools/fix.css HTTP/1.1" 304 -
180.157.253.48 - - [10/Oct/2020:08:38:54 +0800] "GET /xingrg/javascript/easyui/themes/default/easyui.css HTTP/1.1" 304 -
180.157.253.48 - - [10/Oct/2020:08:38:54 +0800] "GET /xingrg/javascript/auto/jquery.autocomplete.css HTTP/1.1" 304 -
180.157.253.48 - - [10/Oct/2020:08:38:54 +0800] "GET /xingrg/javascript/easyui/themes/icon.css HTTP/1.1" 304 -
180.157.253.48 - - [10/Oct/2020:08:38:54 +0800] "GET /xingrg/javascript/jquery_tools/jquery.tools.min.js HTTP/1.1" 304 -
180.157.253.48 - - [10/Oct/2020:08:38:54 +0800] "GET /xingrg/javascript/jquery_tools/jquery.tools.extend.js HTTP/1.1" 304 -
180.157.253.48 - - [10/Oct/2020:08:38:54 +0800] "GET /xingrg/javascript/easyui/easyloader.js HTTP/1.1" 304 -
180.157.253.48 - - [10/Oct/2020:08:38:54 +0800] "GET /xingrg/javascript/auto/jquery.autocomplete.js HTTP/1.1" 304 -
180.157.253.48 - - [10/Oct/2020:08:38:54 +0800] "GET /xingrg/javascript/jquery_tools/jquery.tools.hotkey.js HTTP/1.1" 304 -
180.157.253.48 - - [10/Oct/2020:08:38:54 +0800] "GET /xingrg/javascript/jquery_tools/order_manager.js HTTP/1.1" 304 -
180.157.253.48 - - [10/Oct/2020:08:38:54 +0800] "GET /xingrg/javascript/convert.js HTTP/1.1" 304 -
180.157.253.48 - - [10/Oct/2020:08:38:54 +0800] "GET /xingrg/javascript/jquery_tools/table.css HTTP/1.1" 304 -
180.157.253.48 - - [10/Oct/2020:08:38:54 +0800] "GET /xingrg/javascript/pic_change.js HTTP/1.1" 304 -
180.157.253.48 - - [10/Oct/2020:08:38:54 +0800] "GET /xingrg/javascript/json2.js HTTP/1.1" 304 -
180.157.253.48 - - [10/Oct/2020:08:38:54 +0800] "GET /xingrg/javascript/jquery.cookie.js HTTP/1.1" 304 -
180.157.253.48 - - [10/Oct/2020:08:38:54 +0800] "GET /xingrg/javascript/jquery_tools/jquery.tools.table.js HTTP/1.1" 304 -
180.157.253.48 - - [10/Oct/2020:08:38:54 +0800] "GET /xingrg/javascript/jquery.utils.js HTTP/1.1" 304 -
180.157.253.48 - - [10/Oct/2020:08:38:54 +0800] "GET /xingrg/javascript/print/kc_print.js HTTP/1.1" 304 -
180.157.253.48 - - [10/Oct/2020:08:38:54 +0800] "GET /xingrg/javascript/print/LodopFuncs.js HTTP/1.1" 304 -
180.157.253.48 - - [10/Oct/2020:08:38:54 +0800] "GET /xingrg/kc/buy/cgsh_order_add.html HTTP/1.1" 200 59937
180.157.253.48 - - [10/Oct/2020:08:38:54 +0800] "GET /xingrg/words/20201009092426_words.js HTTP/1.1" 304 -
180.157.253.48 - - [10/Oct/2020:08:38:55 +0800] "GET /xingrg/javascript/easyui/themes/icons/copy_new.png HTTP/1.1" 304 -
180.157.253.48 - - [10/Oct/2020:08:38:55 +0800] "GET /xingrg/javascript/easyui/themes/icons/template_new.png HTTP/1.1" 304 -
180.157.253.48 - - [10/Oct/2020:08:38:55 +0800] "GET /xingrg/javascript/easyui/themes/icons/ok.png HTTP/1.1" 304 -
180.157.253.48 - - [10/Oct/2020:08:38:55 +0800] "GET /xingrg/javascript/easyui/themes/icons/print.png HTTP/1.1" 304 -
180.157.253.48 - - [10/Oct/2020:08:38:55 +0800] "GET /xingrg/javascript/easyui/themes/default/images/menu_downarrow.png HTTP/1.1" 304 -
180.157.253.48 - - [10/Oct/2020:08:38:55 +0800] "GET /xingrg/javascript/easyui/themes/icons/cancel.png HTTP/1.1" 304 -
180.157.253.48 - - [10/Oct/2020:08:38:55 +0800] "GET /xingrg/javascript/easyui/plugins/jquery.parser.js HTTP/1.1" 304 -
180.157.253.48 - - [10/Oct/2020:08:38:55 +0800] "GET /xingrg/all/common/auto_word.html?type=employee&rest_code=00148 HTTP/1.1" 200 147
180.157.253.48 - - [10/Oct/2020:08:38:55 +0800] "GET /xingrg/all/common/auto_word.html?type=employee&rest_code=00148 HTTP/1.1" 200 147
180.157.253.48 - - [10/Oct/2020:08:38:55 +0800] "GET /xingrg/javascript/easyui/themes/default/validatebox.css HTTP/1.1" 404 1104
180.157.253.48 - - [10/Oct/2020:08:38:55 +0800] "GET /xingrg/javascript/easyui/plugins/jquery.validatebox.js HTTP/1.1" 304 -
180.157.253.48 - - [10/Oct/2020:08:38:55 +0800] "GET /xingrg/javascript/easyui/plugins/jquery.numberbox.js HTTP/1.1" 304 -
180.157.253.48 - - [10/Oct/2020:08:38:55 +0800] "POST /xingrg/kc/buy/cgsh_order_operate.html HTTP/1.1" 200 8245
218.81.217.115 - - [10/Oct/2020:08:38:55 +0800] "GET /xingrg/kc/buy/buy_main.html HTTP/1.1" 200 12412
114.88.166.242 - - [10/Oct/2020:08:38:55 +0800] "GET /xingrg/check_reg.html?_=1602290326959 HTTP/1.1" 200 22
218.81.217.115 - - [10/Oct/2020:08:38:55 +0800] "GET /xingrg/css/new_ie.css HTTP/1.1" 404 1036
218.81.217.115 - - [10/Oct/2020:08:38:55 +0800] "GET /xingrg/css/blue.css HTTP/1.1" 304 -
218.81.217.115 - - [10/Oct/2020:08:38:55 +0800] "GET /xingrg/javascript/pic_change.js HTTP/1.1" 304 -
218.81.217.115 - - [10/Oct/2020:08:38:55 +0800] "GET /xingrg/javascript/jquery_ui/themes/humanity/humanity.css HTTP/1.1" 304 -
218.81.217.115 - - [10/Oct/2020:08:38:55 +0800] "GET /xingrg/javascript/ToolTips.js HTTP/1.1" 304 -
218.81.217.115 - - [10/Oct/2020:08:38:55 +0800] "GET /xingrg/javascript/jquery_ui/jquery-ui.min.js HTTP/1.1" 304 -
218.81.217.115 - - [10/Oct/2020:08:38:55 +0800] "GET /xingrg/javascript/myfunction.js HTTP/1.1" 304 -
218.81.217.115 - - [10/Oct/2020:08:38:56 +0800] "GET /xingrg/images/yd/bt.gif HTTP/1.1" 404 1040
218.81.217.115 - - [10/Oct/2020:08:38:56 +0800] "GET /xingrg/css/base.css HTTP/1.1" 304 -
218.81.217.115 - - [10/Oct/2020:08:38:56 +0800] "GET /xingrg/css/site.css HTTP/1.1" 304 -
218.81.217.115 - - [10/Oct/2020:08:38:56 +0800] "GET /xingrg/javascript/jquery_tools/datebox.css HTTP/1.1" 304 -
218.81.217.115 - - [10/Oct/2020:08:38:56 +0800] "GET /xingrg/javascript/easyui/themes/default/easyui.css HTTP/1.1" 304 -
218.81.217.115 - - [10/Oct/2020:08:38:56 +0800] "GET /xingrg/javascript/jquery_tools/table.css HTTP/1.1" 304 -
218.81.217.115 - - [10/Oct/2020:08:38:56 +0800] "GET /xingrg/kc/buy/cgsh_order_list.html HTTP/1.1" 200 44205
218.81.217.115 - - [10/Oct/2020:08:38:56 +0800] "GET /xingrg/javascript/auto/jquery.autocomplete.css HTTP/1.1" 304 -
218.81.217.115 - - [10/Oct/2020:08:38:56 +0800] "GET /xingrg/javascript/easyui/themes/icon.css HTTP/1.1" 304 -
218.81.217.115 - - [10/Oct/2020:08:38:56 +0800] "GET /xingrg/javascript/jquery_tools/jquery.tools.min.js HTTP/1.1" 304 -
218.81.217.115 - - [10/Oct/2020:08:38:56 +0800] "GET /xingrg/javascript/jquery_tools/fix.css HTTP/1.1" 304 -
218.81.217.115 - - [10/Oct/2020:08:38:56 +0800] "GET /xingrg/javascript/jquery_tools/jquery.tools.extend.js HTTP/1.1" 304 -
218.81.217.115 - - [10/Oct/2020:08:38:56 +0800] "GET /xingrg/javascript/jquery_tools/jquery.tools.table.js HTTP/1.1" 304 -
218.81.217.115 - - [10/Oct/2020:08:38:56 +0800] "GET /xingrg/javascript/jquery_tools/jquery.tools.hotkey.js HTTP/1.1" 304 -
218.81.217.115 - - [10/Oct/2020:08:38:56 +0800] "GET /xingrg/javascript/jquery_tools/list_manager.js HTTP/1.1" 304 -
218.81.217.115 - - [10/Oct/2020:08:38:56 +0800] "GET /xingrg/javascript/auto/jquery.autocomplete.js HTTP/1.1" 304 -
218.81.217.115 - - [10/Oct/2020:08:38:56 +0800] "GET /xingrg/javascript/easyui/easyloader.js HTTP/1.1" 304 -
218.81.217.115 - - [10/Oct/2020:08:38:56 +0800] "GET /xingrg/javascript/jquery.cookie.js HTTP/1.1" 304 -
218.81.217.115 - - [10/Oct/2020:08:38:56 +0800] "GET /xingrg/javascript/print/LodopFuncs.js HTTP/1.1" 304 -
180.157.253.48 - - [10/Oct/2020:08:38:57 +0800] "GET /xingrg/javascript/jquery_tools/jquery.tools.hotkey.js HTTP/1.1" 304 -
180.157.253.48 - - [10/Oct/2020:08:38:57 +0800] "GET /xingrg/javascript/pic_change.js HTTP/1.1" 304 -
180.157.253.48 - - [10/Oct/2020:08:38:57 +0800] "GET /xingrg/javascript/jquery_tools/jquery.tools.extend.js HTTP/1.1" 304 -
180.157.253.48 - - [10/Oct/2020:08:38:57 +0800] "GET /xingrg/javascript/jquery_tools/jquery.tools.min.js HTTP/1.1" 304 -
180.157.253.48 - - [10/Oct/2020:08:38:57 +0800] "GET /xingrg/javascript/jquery_tools/jquery.tools.table.js HTTP/1.1" 304 -
180.157.253.48 - - [10/Oct/2020:08:38:57 +0800] "GET /xingrg/javascript/auto/jquery.autocomplete.js HTTP/1.1" 304 -
180.157.253.48 - - [10/Oct/2020:08:38:57 +0800] "GET /xingrg/javascript/jquery_tools/order_manager.js HTTP/1.1" 304 -
180.157.253.48 - - [10/Oct/2020:08:38:57 +0800] "GET /xingrg/javascript/easyui/easyloader.js HTTP/1.1" 304 -
180.157.253.48 - - [10/Oct/2020:08:38:57 +0800] "GET /xingrg/javascript/jquery.utils.js HTTP/1.1" 304 -
180.157.253.48 - - [10/Oct/2020:08:38:57 +0800] "GET /xingrg/javascript/json2.js HTTP/1.1" 304 -
180.157.253.48 - - [10/Oct/2020:08:38:57 +0800] "GET /xingrg/javascript/jquery.cookie.js HTTP/1.1" 304 -
180.157.253.48 - - [10/Oct/2020:08:38:57 +0800] "GET /xingrg/javascript/print/LodopFuncs.js HTTP/1.1" 304 -
180.157.253.48 - - [10/Oct/2020:08:38:57 +0800] "GET /xingrg/javascript/easyui/plugins/jquery.parser.js HTTP/1.1" 304 -
180.157.253.48 - - [10/Oct/2020:08:38:57 +0800] "GET /xingrg/javascript/easyui/plugins/jquery.numberbox.js HTTP/1.1" 304 -
180.157.253.48 - - [10/Oct/2020:08:38:57 +0800] "GET /xingrg/words/20201009092426_words.js HTTP/1.1" 304 -
180.157.253.48 - - [10/Oct/2020:08:38:57 +0800] "GET /xingrg/javascript/print/kc_print.js HTTP/1.1" 304 -
180.157.253.48 - - [10/Oct/2020:08:38:57 +0800] "GET /xingrg/javascript/easyui/plugins/jquery.validatebox.js HTTP/1.1" 304 -
180.157.253.48 - - [10/Oct/2020:08:38:57 +0800] "GET /xingrg/javascript/convert.js HTTP/1.1" 304 -
218.81.217.115 - - [10/Oct/2020:08:38:57 +0800] "GET /xingrg/javascript/easyui/plugins/jquery.parser.js HTTP/1.1" 304 -
218.81.217.115 - - [10/Oct/2020:08:38:58 +0800] "POST /xingrg/kc/buy/cgsh_list_operate.html HTTP/1.1" 200 876
114.88.166.242 - - [10/Oct/2020:08:38:58 +0800] "GET /xingrg/kc/buy/cgsh_order_operate.html?command=get_materiel&rest_code=00111&code=00102031068&supplier_code=00100005&order_time=2020-10-10 HTTP/1.1" 200 403
58.40.7.146 - - [10/Oct/2020:08:38:58 +0800] "GET /xingrg/all/function/internal_message.html?_=1602290333473&CODE_STATE=getMsg HTTP/1.1" 200 27
172.17.0.185 - - [10/Oct/2020:08:38:58 +0800] "GET /xingrg/all/function/internal_message.html?_=1602290332647&CODE_STATE=getMsg HTTP/1.1" 200 27
218.81.217.115 - - [10/Oct/2020:08:39:00 +0800] "GET /xingrg/kc/buy/cgsh_order_add.html HTTP/1.1" 200 59943
218.81.217.115 - - [10/Oct/2020:08:39:00 +0800] "GET /xingrg/javascript/jquery_tools/order_manager.js HTTP/1.1" 304 -
218.81.217.115 - - [10/Oct/2020:08:39:00 +0800] "GET /xingrg/javascript/convert.js HTTP/1.1" 304 -
218.81.217.115 - - [10/Oct/2020:08:39:00 +0800] "GET /xingrg/javascript/json2.js HTTP/1.1" 304 -
218.81.217.115 - - [10/Oct/2020:08:39:00 +0800] "GET /xingrg/javascript/print/kc_print.js HTTP/1.1" 304 -
218.81.217.115 - - [10/Oct/2020:08:39:00 +0800] "GET /xingrg/words/20201009092426_words.js HTTP/1.1" 304 -
180.174.56.115 - - [10/Oct/2020:08:39:00 +0800] "GET /xingrg/all/function/internal_message.html?_=1602290308968&CODE_STATE=getMsg HTTP/1.1" 200 27
218.81.217.115 - - [10/Oct/2020:08:39:00 +0800] "GET /xingrg/all/common/auto_word.html?type=employee&rest_code=00146 HTTP/1.1" 200 197
218.81.217.115 - - [10/Oct/2020:08:39:00 +0800] "GET /xingrg/all/common/auto_word.html?type=employee&rest_code=00146 HTTP/1.1" 200 197
218.81.217.115 - - [10/Oct/2020:08:39:00 +0800] "GET /xingrg/javascript/easyui/themes/default/validatebox.css HTTP/1.1" 404 1104
218.81.217.115 - - [10/Oct/2020:08:39:00 +0800] "GET /xingrg/javascript/easyui/plugins/jquery.validatebox.js HTTP/1.1" 304 -
218.81.217.115 - - [10/Oct/2020:08:39:00 +0800] "GET /xingrg/javascript/easyui/plugins/jquery.numberbox.js HTTP/1.1" 304 -
218.81.217.115 - - [10/Oct/2020:08:39:00 +0800] "POST /xingrg/kc/buy/cgsh_order_operate.html HTTP/1.1" 200 8245
180.157.253.48 - - [10/Oct/2020:08:39:01 +0800] "GET /xingrg/kc/buy/cgsh_order_operate.html?command=get_materiel&rest_code=00148&code=00101006130&supplier_code=00100010&order_time=2020-10-10 HTTP/1.1" 200 427
114.88.166.242 - - [10/Oct/2020:08:39:04 +0800] "GET /xingrg/kc/buy/cgsh_order_operate.html?command=get_materiel&rest_code=00111&code=00101008038&supplier_code=00100005&order_time=2020-10-10 HTTP/1.1" 200 412
218.81.217.115 - - [10/Oct/2020:08:39:07 +0800] "GET /xingrg/javascript/auto/indicator.gif HTTP/1.1" 404 1066
218.81.217.115 - - [10/Oct/2020:08:39:09 +0800] "GET /xingrg/javascript/jquery_tools/images/next.gif HTTP/1.1" 404 1086
218.81.217.115 - - [10/Oct/2020:08:39:09 +0800] "GET /xingrg/javascript/jquery_tools/images/prev.gif HTTP/1.1" 404 1086
218.81.217.115 - - [10/Oct/2020:08:39:14 +0800] "GET /xingrg/kc/buy/cgsh_order_operate.html?command=get_materiel&rest_code=00146&code=00101008072&supplier_code=00100005&order_time=2020-10-10 HTTP/1.1" 200 408
180.157.253.48 - - [10/Oct/2020:08:39:17 +0800] "GET /xingrg/all/function/internal_message.html?_=1602290362609&CODE_STATE=getMsg HTTP/1.1" 200 27
114.88.166.242 - - [10/Oct/2020:08:39:18 +0800] "GET /xingrg/all/function/internal_message.html?_=1602290349690&CODE_STATE=getMsg HTTP/1.1" 200 27
58.37.8.227 - - [10/Oct/2020:08:39:20 +0800] "GET /xingrg/all/function/internal_message.html?_=1602290370905&CODE_STATE=getMsg HTTP/1.1" 200 27
114.88.166.242 - - [10/Oct/2020:08:39:23 +0800] "GET /xingrg/kc/buy/cgsh_order_operate.html?command=get_materiel&rest_code=00111&code=00101008264&supplier_code=00100005&order_time=2020-10-10 HTTP/1.1" 200 412
101.89.19.197 - - [10/Oct/2020:08:39:25 +0800] "GET /xingrg/all/function/internal_message.html?_=1602290071037&CODE_STATE=getMsg HTTP/1.1" 302 -
218.81.217.115 - - [10/Oct/2020:08:39:25 +0800] "GET /xingrg/kc/buy/cgsh_order_operate.html?command=get_materiel&rest_code=00146&code=00101008049&supplier_code=00100005&order_time=2020-10-10 HTTP/1.1" 200 408
180.162.245.190 - - [10/Oct/2020:08:39:28 +0800] "GET /xingrg/index.html?sysBaseUrl=http%3A%2F%2F180.169.147.146%3A18081%2Fxingrg%2F&costTime=36×tamp=1585222720700 HTTP/1.1" 200 17173
222.69.137.1 - - [10/Oct/2020:08:39:29 +0800] "GET /xingrg/kc/buy/cgsh_order_operate.html?command=get_materiel&rest_code=00149&code=00101008155&supplier_code=00100005&order_time=2020-10-10 HTTP/1.1" 200 408
180.162.245.190 - - [10/Oct/2020:08:39:29 +0800] "POST /xingrg/all/common/load_tree.html?tree=area_rest_tree_json&manage=1 HTTP/1.1" 200 3216
180.162.245.190 - - [10/Oct/2020:08:39:29 +0800] "GET /xingrg/check_reg.html?_=1602290366071 HTTP/1.1" 200 22
180.162.245.190 - - [10/Oct/2020:08:39:29 +0800] "GET /xingrg/all/function/internal_message.html?_=1602290366071&CODE_STATE=count HTTP/1.1" 200 11
180.162.245.190 - - [10/Oct/2020:08:39:29 +0800] "POST /xingrg/load_menu.html HTTP/1.1" 200 5138
180.162.245.190 - - [10/Oct/2020:08:39:29 +0800] "GET /favicon.ico HTTP/1.1" 404 -
114.88.166.242 - - [10/Oct/2020:08:39:30 +0800] "GET /xingrg/kc/buy/cgsh_order_operate.html?command=get_materiel&rest_code=00111&code=00101008356&supplier_code=00100005&order_time=2020-10-10 HTTP/1.1" 200 408
117.185.32.26 - - [10/Oct/2020:08:39:31 +0800] "GET /xingrg/login.html HTTP/1.1" 200 7641
218.81.217.115 - - [10/Oct/2020:08:39:33 +0800] "GET /xingrg/kc/buy/cgsh_order_operate.html?command=get_materiel&rest_code=00146&code=00101008290&supplier_code=00100005&order_time=2020-10-10 HTTP/1.1" 200 416
172.17.0.115 - - [10/Oct/2020:08:39:34 +0800] "GET /xingrg/all/function/internal_message.html?_=1602290388339&CODE_STATE=getMsg HTTP/1.1" 200 27
101.89.19.197 - - [10/Oct/2020:08:39:34 +0800] "GET /xingrg/login.html HTTP/1.1" 200 7641
117.185.32.26 - - [10/Oct/2020:08:39:36 +0800] "GET /favicon.ico HTTP/1.1" 404 -
114.88.166.242 - - [10/Oct/2020:08:39:38 +0800] "GET /xingrg/kc/buy/cgsh_order_operate.html?command=get_materiel&rest_code=00111&code=00101008137&supplier_code=00100005&order_time=2020-10-10 HTTP/1.1" 200 408
117.185.32.26 - - [10/Oct/2020:08:39:38 +0800] "POST /xingrg/login.do HTTP/1.1" 302 -
117.185.32.26 - - [10/Oct/2020:08:39:38 +0800] "GET /xingrg/index.html?sysBaseUrl=http%3A%2F%2F180.169.147.146%3A18081%2Fxingrg%2F&costTime=39×tamp=1602290378040 HTTP/1.1" 200 17173
117.185.32.26 - - [10/Oct/2020:08:39:38 +0800] "POST /xingrg/all/common/load_tree.html?tree=area_rest_tree_json&manage=1 HTTP/1.1" 200 342
117.185.32.26 - - [10/Oct/2020:08:39:38 +0800] "GET /xingrg/all/function/internal_message.html?_=1602290370174&CODE_STATE=count HTTP/1.1" 200 11
117.185.32.26 - - [10/Oct/2020:08:39:38 +0800] "GET /xingrg/check_reg.html?_=1602290370175 HTTP/1.1" 200 22
117.185.32.26 - - [10/Oct/2020:08:39:39 +0800] "GET /favicon.ico HTTP/1.1" 404 -
117.185.32.26 - - [10/Oct/2020:08:39:39 +0800] "POST /xingrg/load_menu.html HTTP/1.1" 200 5138
218.81.217.115 - - [10/Oct/2020:08:39:40 +0800] "GET /xingrg/kc/buy/cgsh_order_operate.html?command=get_materiel&rest_code=00146&code=00101008003&supplier_code=00100005&order_time=2020-10-10 HTTP/1.1" 200 408
117.185.32.26 - - [10/Oct/2020:08:39:42 +0800] "GET /xingrg/kc/base/base_main.html HTTP/1.1" 200 12142
222.69.137.1 - - [10/Oct/2020:08:39:42 +0800] "GET /xingrg/all/function/internal_message.html?_=1602290371184&CODE_STATE=getMsg HTTP/1.1" 200 27
222.69.137.1 - - [10/Oct/2020:08:39:42 +0800] "GET /xingrg/check_reg.html?_=1602290371188 HTTP/1.1" 200 22
180.162.245.190 - - [10/Oct/2020:08:39:43 +0800] "GET /xingrg/kc/buy/cgsh_order_list.html HTTP/1.1" 200 44199
117.185.32.26 - - [10/Oct/2020:08:39:43 +0800] "GET /xingrg/kc/base/wldb_order_list.html HTTP/1.1" 200 19377
180.174.56.115 - - [10/Oct/2020:08:39:43 +0800] "GET /xingrg/all/function/internal_message.html?_=1602290379174&CODE_STATE=getMsg HTTP/1.1" 200 27
180.162.245.190 - - [10/Oct/2020:08:39:44 +0800] "POST /xingrg/kc/buy/cgsh_list_operate.html HTTP/1.1" 200 1690
114.88.166.242 - - [10/Oct/2020:08:39:45 +0800] "GET /xingrg/kc/buy/cgsh_order_operate.html?command=get_materiel&rest_code=00111&code=00101008360&supplier_code=00100005&order_time=2020-10-10 HTTP/1.1" 200 413
117.185.32.26 - - [10/Oct/2020:08:39:45 +0800] "POST /xingrg/kc/base/wldb_list_operate.html HTTP/1.1" 200 928
117.185.32.26 - - [10/Oct/2020:08:39:46 +0800] "GET /xingrg/kc/base/wldb_order_add.html HTTP/1.1" 200 30493
117.185.32.26 - - [10/Oct/2020:08:39:46 +0800] "GET /xingrg/words/20201009092426_words.js HTTP/1.1" 304 -
180.162.245.190 - - [10/Oct/2020:08:39:47 +0800] "GET /xingrg/kc/buy/cgsh_order_add.html HTTP/1.1" 200 59984
180.162.245.190 - - [10/Oct/2020:08:39:47 +0800] "POST /xingrg/kc/buy/cgsh_order_operate.html HTTP/1.1" 200 8245
180.162.245.190 - - [10/Oct/2020:08:39:47 +0800] "GET /xingrg/all/common/auto_word.html?type=employee&rest_code=00105 HTTP/1.1" 200 193
180.162.245.190 - - [10/Oct/2020:08:39:47 +0800] "GET /xingrg/all/common/auto_word.html?type=employee&rest_code=00105 HTTP/1.1" 200 193
180.162.245.190 - - [10/Oct/2020:08:39:47 +0800] "GET /xingrg/javascript/easyui/themes/default/validatebox.css HTTP/1.1" 404 1104
117.185.32.26 - - [10/Oct/2020:08:39:47 +0800] "GET /xingrg/all/common/auto_word.html?type=base&rest_code=00106 HTTP/1.1" 200 1753
58.221.95.50 - - [10/Oct/2020:08:39:47 +0800] "GET /xingrg/all/function/internal_message.html?_=1602290549499&CODE_STATE=getMsg HTTP/1.1" 200 27
117.185.32.26 - - [10/Oct/2020:08:39:47 +0800] "GET /xingrg/all/common/auto_word.html?type=base&rest_code=00106 HTTP/1.1" 200 1753
117.185.32.26 - - [10/Oct/2020:08:39:47 +0800] "GET /xingrg/javascript/easyui/themes/default/validatebox.css HTTP/1.1" 404 1104
117.185.32.26 - - [10/Oct/2020:08:39:47 +0800] "POST /xingrg/kc/base/wldb_order_operate.html HTTP/1.1" 200 6806
117.185.32.26 - - [10/Oct/2020:08:39:48 +0800] "POST /xingrg/all/common/load_combo.html?type=base HTTP/1.1" 200 3142
218.81.217.115 - - [10/Oct/2020:08:39:48 +0800] "GET /xingrg/kc/buy/cgsh_order_operate.html?command=get_materiel&rest_code=00146&code=00101008087&supplier_code=00100005&order_time=2020-10-10 HTTP/1.1" 200 412
180.162.245.190 - - [10/Oct/2020:08:39:49 +0800] "GET /xingrg/javascript/auto/indicator.gif HTTP/1.1" 404 1066
218.81.217.115 - - [10/Oct/2020:08:39:49 +0800] "GET /xingrg/all/function/internal_message.html?_=1602290377969&CODE_STATE=getMsg HTTP/1.1" 200 27
114.88.166.242 - - [10/Oct/2020:08:39:51 +0800] "GET /xingrg/kc/buy/cgsh_order_operate.html?command=get_materiel&rest_code=00111&code=00101008077&supplier_code=00100005&order_time=2020-10-10 HTTP/1.1" 200 416
114.88.166.242 - - [10/Oct/2020:08:39:52 +0800] "GET /xingrg/all/function/internal_message.html?_=1602290469732&CODE_STATE=getMsg HTTP/1.1" 200 27
117.185.32.26 - - [10/Oct/2020:08:39:54 +0800] "GET /xingrg/javascript/auto/indicator.gif HTTP/1.1" 404 1066
218.81.217.115 - - [10/Oct/2020:08:39:55 +0800] "GET /xingrg/kc/buy/cgsh_order_operate.html?command=get_materiel&rest_code=00146&code=00101008321&supplier_code=00100005&order_time=2020-10-10 HTTP/1.1" 200 412
114.88.166.242 - - [10/Oct/2020:08:39:56 +0800] "GET /xingrg/kc/buy/cgsh_order_operate.html?command=get_materiel&rest_code=00111&code=00101008136&supplier_code=00100005&order_time=2020-10-10 HTTP/1.1" 200 413
117.185.32.26 - - [10/Oct/2020:08:39:57 +0800] "GET /xingrg/kc/base/wldb_order_operate.html?command=get_materiel&rest_code=00106&base_code=0010397&code=00102021018 HTTP/1.1" 200 445
58.40.7.146 - - [10/Oct/2020:08:39:58 +0800] "GET /xingrg/check_reg.html?_=1602290393474 HTTP/1.1" 200 22
58.40.7.146 - - [10/Oct/2020:08:39:58 +0800] "GET /xingrg/all/function/internal_message.html?_=1602290393476&CODE_STATE=getMsg HTTP/1.1" 200 27
114.88.166.242 - - [10/Oct/2020:08:39:58 +0800] "POST /xingrg/kc/buy/cgsh_order_operate.html HTTP/1.1" 200 2065
172.17.0.185 - - [10/Oct/2020:08:39:58 +0800] "GET /xingrg/all/function/internal_message.html?_=1602290392652&CODE_STATE=getMsg HTTP/1.1" 200 27
172.17.0.185 - - [10/Oct/2020:08:39:58 +0800] "GET /xingrg/check_reg.html?_=1602290392656 HTTP/1.1" 200 22
180.174.56.115 - - [10/Oct/2020:08:40:00 +0800] "GET /xingrg/all/function/internal_message.html?_=1602290368978&CODE_STATE=getMsg HTTP/1.1" 200 27
218.81.217.115 - - [10/Oct/2020:08:40:02 +0800] "GET /xingrg/kc/buy/cgsh_order_operate.html?command=get_materiel&rest_code=00146&code=00101008175&supplier_code=00100005&order_time=2020-10-10 HTTP/1.1" 200 412
114.88.166.242 - - [10/Oct/2020:08:40:02 +0800] "GET /xingrg/kc/buy/cgsh_order_operate.html?command=get_materiel&rest_code=00111&code=00101008357&supplier_code=00100005&order_time=2020-10-10 HTTP/1.1" 200 428
117.185.32.26 - - [10/Oct/2020:08:40:04 +0800] "GET /xingrg/kc/mdqp/qp_main.html HTTP/1.1" 200 10633
117.185.32.26 - - [10/Oct/2020:08:40:05 +0800] "GET /xingrg/images/yd/bt.gif HTTP/1.1" 404 1040
117.185.32.26 - - [10/Oct/2020:08:40:05 +0800] "GET /xingrg/kc/mdqp/qqps_order_list.html HTTP/1.1" 200 9644
117.185.32.26 - - [10/Oct/2020:08:40:05 +0800] "GET /xingrg/dwr/interface/AjaxQqpsService.js HTTP/1.1" 200 16326
117.185.32.26 - - [10/Oct/2020:08:40:05 +0800] "GET /xingrg/dwr/interface/AjaxReportQueryService.js HTTP/1.1" 200 13203
117.185.32.26 - - [10/Oct/2020:08:40:05 +0800] "GET /xingrg/dwr/engine.js HTTP/1.1" 200 43631
180.162.245.190 - - [10/Oct/2020:08:40:06 +0800] "GET /xingrg/kc/buy/cgsh_order_operate.html?command=get_materiel&rest_code=00105&code=00101008256&supplier_code=00100203&order_time=2020-10-10 HTTP/1.1" 200 432
114.88.166.242 - - [10/Oct/2020:08:40:07 +0800] "GET /xingrg/kc/buy/cgsh_order_operate.html?command=get_materiel&rest_code=00111&code=00101008069&supplier_code=00100005&order_time=2020-10-10 HTTP/1.1" 200 431
117.185.32.26 - - [10/Oct/2020:08:40:09 +0800] "GET /xingrg/kc/mdqp/qqps_order_info.html?code=302020100900209 HTTP/1.1" 200 28324
117.185.32.26 - - [10/Oct/2020:08:40:09 +0800] "GET /xingrg/dwr/interface/AjaxComOrderService.js HTTP/1.1" 200 18264
117.185.32.26 - - [10/Oct/2020:08:40:09 +0800] "GET /xingrg/dwr/interface/AjaxQqpsService.js HTTP/1.1" 200 16326
117.185.32.26 - - [10/Oct/2020:08:40:09 +0800] "GET /xingrg/dwr/engine.js HTTP/1.1" 200 43631
218.81.217.115 - - [10/Oct/2020:08:40:10 +0800] "GET /xingrg/kc/buy/cgsh_order_operate.html?command=get_materiel&rest_code=00146&code=00101008257&supplier_code=00100005&order_time=2020-10-10 HTTP/1.1" 200 416
117.185.32.26 - - [10/Oct/2020:08:40:11 +0800] "POST /xingrg/dwr/call/plaincall/AjaxQqpsService.loadMaterielItems.dwr HTTP/1.1" 200 76
