172.17.0.115 - - [10/Oct/2020:09:59:35 +0800] "GET /xingrg/all/function/internal_message.html?_=1602295189873&CODE_STATE=getMsg HTTP/1.1" 200 27
117.185.32.26 - - [10/Oct/2020:09:59:39 +0800] "GET /xingrg/all/function/internal_message.html?_=1602295170267&CODE_STATE=getMsg HTTP/1.1" 200 27
117.185.32.26 - - [10/Oct/2020:09:59:39 +0800] "GET /xingrg/check_reg.html?_=1602295170269 HTTP/1.1" 200 22
172.17.200.101 - - [10/Oct/2020:09:59:41 +0800] "GET /xingrg/all/function/internal_message.html?_=1602295178086&CODE_STATE=getMsg HTTP/1.1" 200 27
172.17.0.120 - - [10/Oct/2020:09:59:41 +0800] "GET /xingrg/all/function/internal_message.html?_=1602295176213&CODE_STATE=getMsg HTTP/1.1" 200 27
222.69.137.1 - - [10/Oct/2020:09:59:43 +0800] "GET /xingrg/check_reg.html?_=1602295171296 HTTP/1.1" 200 22
222.69.137.1 - - [10/Oct/2020:09:59:43 +0800] "GET /xingrg/all/function/internal_message.html?_=1602295171303&CODE_STATE=getMsg HTTP/1.1" 200 27
172.17.0.100 - - [10/Oct/2020:09:59:43 +0800] "GET /xingrg/all/function/internal_message.html?_=1602295176675&CODE_STATE=getMsg HTTP/1.1" 200 27
172.17.0.100 - - [10/Oct/2020:09:59:43 +0800] "GET /xingrg/check_reg.html?_=1602295176678 HTTP/1.1" 200 22
180.161.96.95 - - [10/Oct/2020:09:59:49 +0800] "GET /xingrg/all/function/internal_message.html?_=1602295400237&CODE_STATE=getMsg HTTP/1.1" 200 27
114.88.166.242 - - [10/Oct/2020:09:59:52 +0800] "GET /xingrg/all/function/internal_message.html?_=1602295269782&CODE_STATE=getMsg HTTP/1.1" 200 27
218.81.217.115 - - [10/Oct/2020:09:59:53 +0800] "GET /xingrg/all/function/internal_message.html?_=1602295188301&CODE_STATE=getMsg HTTP/1.1" 200 27
180.174.56.115 - - [10/Oct/2020:09:59:55 +0800] "GET /xingrg/check_reg.html?_=1602295163643 HTTP/1.1" 200 22
180.162.245.190 - - [10/Oct/2020:09:59:55 +0800] "GET /xingrg/kc/buy/cgsh_order_list.html HTTP/1.1" 200 44199
180.174.56.115 - - [10/Oct/2020:09:59:55 +0800] "GET /xingrg/all/function/internal_message.html?_=1602295164387&CODE_STATE=getMsg HTTP/1.1" 200 27
180.162.245.190 - - [10/Oct/2020:09:59:56 +0800] "POST /xingrg/kc/buy/cgsh_list_operate.html HTTP/1.1" 200 3131
58.40.7.146 - - [10/Oct/2020:09:59:58 +0800] "GET /xingrg/check_reg.html?_=1602295193505 HTTP/1.1" 200 22
58.40.7.146 - - [10/Oct/2020:09:59:58 +0800] "GET /xingrg/all/function/internal_message.html?_=1602295193507&CODE_STATE=getMsg HTTP/1.1" 200 27
172.17.0.185 - - [10/Oct/2020:09:59:58 +0800] "GET /xingrg/all/function/internal_message.html?_=1602295192642&CODE_STATE=getMsg HTTP/1.1" 200 27
172.17.0.185 - - [10/Oct/2020:09:59:58 +0800] "GET /xingrg/check_reg.html?_=1602295192657 HTTP/1.1" 200 22
180.162.245.190 - - [10/Oct/2020:10:00:04 +0800] "GET /xingrg/all/function/internal_message.html?_=1602295200828&CODE_STATE=getMsg HTTP/1.1" 200 27
222.69.137.1 - - [10/Oct/2020:10:00:04 +0800] "GET /xingrg/kc/buy/cgsh_order_add.html HTTP/1.1" 200 59990
180.157.253.48 - - [10/Oct/2020:10:00:04 +0800] "GET /xingrg/check_reg.html?_=1602295209929 HTTP/1.1" 200 22
222.69.137.1 - - [10/Oct/2020:10:00:04 +0800] "POST /xingrg/kc/buy/cgsh_order_operate.html HTTP/1.1" 200 8245
222.69.137.1 - - [10/Oct/2020:10:00:04 +0800] "GET /xingrg/javascript/easyui/themes/default/validatebox.css HTTP/1.1" 404 1104
180.157.253.48 - - [10/Oct/2020:10:00:04 +0800] "GET /xingrg/all/function/internal_message.html?_=1602295210543&CODE_STATE=getMsg HTTP/1.1" 200 27
180.162.245.190 - - [10/Oct/2020:10:00:08 +0800] "POST /xingrg/kc/buy/cgsh_list_operate.html HTTP/1.1" 200 876
222.69.137.1 - - [10/Oct/2020:10:00:08 +0800] "GET /xingrg/kc/base/wldb_order_list.html HTTP/1.1" 200 19383
222.69.137.1 - - [10/Oct/2020:10:00:09 +0800] "POST /xingrg/kc/base/wldb_list_operate.html HTTP/1.1" 200 928
180.162.245.190 - - [10/Oct/2020:10:00:10 +0800] "POST /xingrg/kc/buy/cgsh_list_operate.html HTTP/1.1" 200 876
222.69.137.1 - - [10/Oct/2020:10:00:17 +0800] "GET /xingrg/kc/base/wldb_order_add.html HTTP/1.1" 200 30495
222.69.137.1 - - [10/Oct/2020:10:00:17 +0800] "POST /xingrg/kc/base/wldb_order_operate.html HTTP/1.1" 200 6806
222.69.137.1 - - [10/Oct/2020:10:00:17 +0800] "GET /xingrg/all/common/auto_word.html?type=base&rest_code=00149 HTTP/1.1" 200 1811
222.69.137.1 - - [10/Oct/2020:10:00:17 +0800] "GET /xingrg/all/common/auto_word.html?type=base&rest_code=00149 HTTP/1.1" 200 1811
222.69.137.1 - - [10/Oct/2020:10:00:17 +0800] "GET /xingrg/javascript/easyui/themes/default/validatebox.css HTTP/1.1" 404 1104
58.37.8.227 - - [10/Oct/2020:10:00:18 +0800] "GET /xingrg/all/function/internal_message.html?_=1602295229068&CODE_STATE=getMsg HTTP/1.1" 200 27
180.162.245.190 - - [10/Oct/2020:10:00:18 +0800] "GET /xingrg/all/function/internal_message.html?_=1602295196760&CODE_STATE=getMsg HTTP/1.1" 200 27
114.88.166.242 - - [10/Oct/2020:10:00:20 +0800] "GET /xingrg/all/function/internal_message.html?_=1602295211302&CODE_STATE=getMsg HTTP/1.1" 200 27
58.37.8.227 - - [10/Oct/2020:10:00:21 +0800] "GET /xingrg/check_reg.html?_=1602295232505 HTTP/1.1" 200 22
172.17.0.115 - - [10/Oct/2020:10:00:35 +0800] "GET /xingrg/all/function/internal_message.html?_=1602295249902&CODE_STATE=getMsg HTTP/1.1" 200 27
222.69.137.1 - - [10/Oct/2020:10:00:37 +0800] "GET /xingrg/kc/base/wldb_order_operate.html?command=get_materiel&rest_code=00149&base_code=0010400&code=00101010616 HTTP/1.1" 200 417
117.185.32.26 - - [10/Oct/2020:10:00:39 +0800] "GET /xingrg/all/function/internal_message.html?_=1602295230253&CODE_STATE=getMsg HTTP/1.1" 200 27
172.17.200.101 - - [10/Oct/2020:10:00:41 +0800] "GET /xingrg/check_reg.html?_=1602295238082 HTTP/1.1" 200 22
172.17.200.101 - - [10/Oct/2020:10:00:41 +0800] "GET /xingrg/all/function/internal_message.html?_=1602295238108&CODE_STATE=getMsg HTTP/1.1" 200 27
172.17.0.120 - - [10/Oct/2020:10:00:41 +0800] "GET /xingrg/all/function/internal_message.html?_=1602295236218&CODE_STATE=getMsg HTTP/1.1" 200 27
222.69.137.1 - - [10/Oct/2020:10:00:43 +0800] "GET /xingrg/all/function/internal_message.html?_=1602295231300&CODE_STATE=getMsg HTTP/1.1" 200 27
172.17.0.100 - - [10/Oct/2020:10:00:43 +0800] "GET /xingrg/all/function/internal_message.html?_=1602295236677&CODE_STATE=getMsg HTTP/1.1" 200 27
180.161.96.95 - - [10/Oct/2020:10:00:49 +0800] "GET /xingrg/all/function/internal_message.html?_=1602295460250&CODE_STATE=getMsg HTTP/1.1" 200 27
114.88.166.242 - - [10/Oct/2020:10:00:52 +0800] "GET /xingrg/all/function/internal_message.html?_=1602295329792&CODE_STATE=getMsg HTTP/1.1" 200 27
114.88.166.242 - - [10/Oct/2020:10:00:52 +0800] "GET /xingrg/check_reg.html?_=1602295329793 HTTP/1.1" 200 22
218.81.217.115 - - [10/Oct/2020:10:00:53 +0800] "GET /xingrg/all/function/internal_message.html?_=1602295248315&CODE_STATE=getMsg HTTP/1.1" 200 27
222.69.137.1 - - [10/Oct/2020:10:00:53 +0800] "GET /xingrg/kc/base/wldb_order_operate.html?command=get_materiel&rest_code=00149&base_code=0010400&code=00101003037 HTTP/1.1" 200 436
180.174.56.115 - - [10/Oct/2020:10:00:55 +0800] "GET /xingrg/all/function/internal_message.html?_=1602295224400&CODE_STATE=getMsg HTTP/1.1" 200 27
58.40.7.146 - - [10/Oct/2020:10:00:58 +0800] "GET /xingrg/all/function/internal_message.html?_=1602295253509&CODE_STATE=getMsg HTTP/1.1" 200 27
172.17.0.185 - - [10/Oct/2020:10:00:58 +0800] "GET /xingrg/all/function/internal_message.html?_=1602295252642&CODE_STATE=getMsg HTTP/1.1" 200 27
114.88.166.242 - - [10/Oct/2020:10:01:01 +0800] "GET /xingrg/check_reg.html?_=1602295252587 HTTP/1.1" 200 22
180.162.245.190 - - [10/Oct/2020:10:01:04 +0800] "GET /xingrg/all/function/internal_message.html?_=1602295260842&CODE_STATE=getMsg HTTP/1.1" 200 27
180.157.253.48 - - [10/Oct/2020:10:01:04 +0800] "GET /xingrg/all/function/internal_message.html?_=1602295270557&CODE_STATE=getMsg HTTP/1.1" 200 27
222.69.137.1 - - [10/Oct/2020:10:01:06 +0800] "GET /xingrg/kc/base/wldb_order_operate.html?command=get_materiel&rest_code=00149&base_code=0010400&code=00101002009 HTTP/1.1" 200 435
58.37.8.227 - - [10/Oct/2020:10:01:18 +0800] "GET /xingrg/all/function/internal_message.html?_=1602295289043&CODE_STATE=getMsg HTTP/1.1" 200 27
180.162.245.190 - - [10/Oct/2020:10:01:18 +0800] "GET /xingrg/all/function/internal_message.html?_=1602295256760&CODE_STATE=getMsg HTTP/1.1" 200 27
114.88.166.242 - - [10/Oct/2020:10:01:18 +0800] "GET /xingrg/check_reg.html?_=1602295264542 HTTP/1.1" 302 -
114.88.166.242 - - [10/Oct/2020:10:01:20 +0800] "GET /xingrg/all/function/internal_message.html?_=1602295271319&CODE_STATE=getMsg HTTP/1.1" 200 27
117.131.5.26 - - [10/Oct/2020:10:01:20 +0800] "POST /xingrg/services/DataTransmitService HTTP/1.1" 200 524
117.131.5.26 - - [10/Oct/2020:10:01:20 +0800] "POST /xingrg/services/DataTransmitService HTTP/1.1" 200 501
117.131.5.26 - - [10/Oct/2020:10:01:20 +0800] "POST /xingrg/services/DataTransmitService HTTP/1.1" 200 501
117.131.5.26 - - [10/Oct/2020:10:01:20 +0800] "POST /xingrg/services/DataTransmitService HTTP/1.1" 200 501
117.131.5.26 - - [10/Oct/2020:10:01:20 +0800] "POST /xingrg/services/DataTransmitService HTTP/1.1" 200 501
117.131.5.26 - - [10/Oct/2020:10:01:21 +0800] "POST /xingrg/services/DataTransmitService HTTP/1.1" 200 501
117.131.5.26 - - [10/Oct/2020:10:01:21 +0800] "POST /xingrg/services/DataTransmitService HTTP/1.1" 200 501
117.131.5.26 - - [10/Oct/2020:10:01:21 +0800] "POST /xingrg/services/DataTransmitService HTTP/1.1" 200 501
117.131.5.26 - - [10/Oct/2020:10:01:21 +0800] "POST /xingrg/services/DataTransmitService HTTP/1.1" 200 501
117.131.5.26 - - [10/Oct/2020:10:01:24 +0800] "POST /xingrg/services/DataTransmitService HTTP/1.1" 200 412
172.17.0.115 - - [10/Oct/2020:10:01:32 +0800] "GET /xingrg/check_reg.html?_=1602295306050 HTTP/1.1" 200 22
180.162.245.190 - - [10/Oct/2020:10:01:32 +0800] "GET /xingrg/kc/buy/cgsh_order_list.html HTTP/1.1" 200 44199
180.162.245.190 - - [10/Oct/2020:10:01:33 +0800] "POST /xingrg/kc/buy/cgsh_list_operate.html HTTP/1.1" 200 3131
180.162.245.190 - - [10/Oct/2020:10:01:34 +0800] "GET /xingrg/kc/buy/cgsh_order_add.html HTTP/1.1" 200 59984
180.162.245.190 - - [10/Oct/2020:10:01:34 +0800] "GET /xingrg/javascript/easyui/themes/default/validatebox.css HTTP/1.1" 404 1104
180.162.245.190 - - [10/Oct/2020:10:01:34 +0800] "POST /xingrg/kc/buy/cgsh_order_operate.html HTTP/1.1" 200 8245
172.17.0.115 - - [10/Oct/2020:10:01:35 +0800] "GET /xingrg/all/function/internal_message.html?_=1602295309916&CODE_STATE=getMsg HTTP/1.1" 200 27
117.185.32.26 - - [10/Oct/2020:10:01:39 +0800] "GET /xingrg/all/function/internal_message.html?_=1602295290253&CODE_STATE=getMsg HTTP/1.1" 200 27
172.17.200.101 - - [10/Oct/2020:10:01:41 +0800] "GET /xingrg/all/function/internal_message.html?_=1602295298092&CODE_STATE=getMsg HTTP/1.1" 200 27
172.17.0.120 - - [10/Oct/2020:10:01:41 +0800] "GET /xingrg/check_reg.html?_=1602295296206 HTTP/1.1" 200 22
172.17.0.120 - - [10/Oct/2020:10:01:41 +0800] "GET /xingrg/all/function/internal_message.html?_=1602295296210&CODE_STATE=getMsg HTTP/1.1" 200 27
222.69.137.1 - - [10/Oct/2020:10:01:43 +0800] "GET /xingrg/all/function/internal_message.html?_=1602295291299&CODE_STATE=getMsg HTTP/1.1" 200 27
172.17.0.100 - - [10/Oct/2020:10:01:43 +0800] "GET /xingrg/all/function/internal_message.html?_=1602295296676&CODE_STATE=getMsg HTTP/1.1" 200 27
180.161.96.95 - - [10/Oct/2020:10:01:49 +0800] "GET /xingrg/all/function/internal_message.html?_=1602295520265&CODE_STATE=getMsg HTTP/1.1" 200 27
114.88.166.242 - - [10/Oct/2020:10:01:52 +0800] "GET /xingrg/all/function/internal_message.html?_=1602295389794&CODE_STATE=getMsg HTTP/1.1" 200 27
218.81.217.115 - - [10/Oct/2020:10:01:53 +0800] "GET /xingrg/all/function/internal_message.html?_=1602295308529&CODE_STATE=getMsg HTTP/1.1" 200 27
180.174.56.115 - - [10/Oct/2020:10:01:55 +0800] "GET /xingrg/all/function/internal_message.html?_=1602295284414&CODE_STATE=getMsg HTTP/1.1" 200 27
180.162.245.190 - - [10/Oct/2020:10:01:57 +0800] "GET /xingrg/kc/buy/cgsh_order_operate.html?command=get_materiel&rest_code=00105&code=00101018018&supplier_code=00100330&order_time=2020-10-10 HTTP/1.1" 200 417
58.40.7.146 - - [10/Oct/2020:10:01:58 +0800] "GET /xingrg/all/function/internal_message.html?_=1602295313496&CODE_STATE=getMsg HTTP/1.1" 200 27
172.17.0.185 - - [10/Oct/2020:10:01:58 +0800] "GET /xingrg/all/function/internal_message.html?_=1602295312644&CODE_STATE=getMsg HTTP/1.1" 200 27
180.162.245.190 - - [10/Oct/2020:10:02:04 +0800] "GET /xingrg/all/function/internal_message.html?_=1602295320832&CODE_STATE=getMsg HTTP/1.1" 200 27
180.157.253.48 - - [10/Oct/2020:10:02:05 +0800] "GET /xingrg/all/function/internal_message.html?_=1602295330570&CODE_STATE=getMsg HTTP/1.1" 200 27
180.162.245.190 - - [10/Oct/2020:10:02:07 +0800] "GET /xingrg/kc/buy/cgsh_order_operate.html?command=get_materiel&rest_code=00105&code=00101018019&supplier_code=00100330&order_time=2020-10-10 HTTP/1.1" 200 440
180.162.245.190 - - [10/Oct/2020:10:02:17 +0800] "POST /xingrg/kc/buy/cgsh_order_operate.html HTTP/1.1" 200 37
58.37.8.227 - - [10/Oct/2020:10:02:18 +0800] "GET /xingrg/all/function/internal_message.html?_=1602295349025&CODE_STATE=getMsg HTTP/1.1" 200 27
180.162.245.190 - - [10/Oct/2020:10:02:18 +0800] "POST /xingrg/kc/buy/cgsh_order_operate.html HTTP/1.1" 200 3261
180.162.245.190 - - [10/Oct/2020:10:02:18 +0800] "GET /xingrg/all/function/internal_message.html?_=1602295316760&CODE_STATE=getMsg HTTP/1.1" 200 27
180.162.245.190 - - [10/Oct/2020:10:02:19 +0800] "GET /xingrg/kc/print/load_data.html?order_code=212020101004127&kc_code=cgsh&condition= HTTP/1.1" 200 916
114.88.166.242 - - [10/Oct/2020:10:02:20 +0800] "GET /xingrg/all/function/internal_message.html?_=1602295331332&CODE_STATE=getMsg HTTP/1.1" 200 27
180.162.245.190 - - [10/Oct/2020:10:02:22 +0800] "GET /xingrg/kc/buy/cgsh_order_add.html HTTP/1.1" 200 59984
180.162.245.190 - - [10/Oct/2020:10:02:22 +0800] "POST /xingrg/kc/buy/cgsh_order_operate.html HTTP/1.1" 200 8245
180.162.245.190 - - [10/Oct/2020:10:02:22 +0800] "GET /xingrg/javascript/easyui/themes/default/validatebox.css HTTP/1.1" 404 1104
180.162.245.190 - - [10/Oct/2020:10:02:31 +0800] "GET /xingrg/kc/buy/cgsh_order_operate.html?command=get_materiel&rest_code=00105&code=00101001141&supplier_code=00100327&order_time=2020-10-10 HTTP/1.1" 200 413
172.17.0.115 - - [10/Oct/2020:10:02:35 +0800] "GET /xingrg/all/function/internal_message.html?_=1602295369929&CODE_STATE=getMsg HTTP/1.1" 200 27
117.185.32.26 - - [10/Oct/2020:10:02:39 +0800] "GET /xingrg/all/function/internal_message.html?_=1602295350253&CODE_STATE=getMsg HTTP/1.1" 200 27
172.17.200.101 - - [10/Oct/2020:10:02:41 +0800] "GET /xingrg/all/function/internal_message.html?_=1602295358093&CODE_STATE=getMsg HTTP/1.1" 200 27
172.17.0.120 - - [10/Oct/2020:10:02:41 +0800] "GET /xingrg/all/function/internal_message.html?_=1602295356213&CODE_STATE=getMsg HTTP/1.1" 200 27
222.69.137.1 - - [10/Oct/2020:10:02:43 +0800] "GET /xingrg/all/function/internal_message.html?_=1602295351296&CODE_STATE=getMsg HTTP/1.1" 200 27
172.17.0.100 - - [10/Oct/2020:10:02:43 +0800] "GET /xingrg/all/function/internal_message.html?_=1602295356676&CODE_STATE=getMsg HTTP/1.1" 200 27
218.81.217.115 - - [10/Oct/2020:10:02:45 +0800] "GET /xingrg/check_reg.html?_=1602295353697 HTTP/1.1" 200 22
180.161.96.95 - - [10/Oct/2020:10:02:49 +0800] "GET /xingrg/all/function/internal_message.html?_=1602295580279&CODE_STATE=getMsg HTTP/1.1" 200 27
180.162.245.190 - - [10/Oct/2020:10:02:50 +0800] "GET /xingrg/kc/buy/cgsh_order_operate.html?command=get_materiel&rest_code=00105&code=00101010143&supplier_code=00100327&order_time=2020-10-10 HTTP/1.1" 200 413
114.88.166.242 - - [10/Oct/2020:10:02:52 +0800] "GET /xingrg/all/function/internal_message.html?_=1602295449786&CODE_STATE=getMsg HTTP/1.1" 200 27
218.81.217.115 - - [10/Oct/2020:10:02:53 +0800] "GET /xingrg/all/function/internal_message.html?_=1602295368529&CODE_STATE=getMsg HTTP/1.1" 200 27
180.174.56.115 - - [10/Oct/2020:10:02:55 +0800] "GET /xingrg/all/function/internal_message.html?_=1602295344478&CODE_STATE=getMsg HTTP/1.1" 200 27
58.40.7.146 - - [10/Oct/2020:10:02:58 +0800] "GET /xingrg/all/function/internal_message.html?_=1602295373498&CODE_STATE=getMsg HTTP/1.1" 200 27
172.17.0.185 - - [10/Oct/2020:10:02:58 +0800] "GET /xingrg/all/function/internal_message.html?_=1602295372646&CODE_STATE=getMsg HTTP/1.1" 200 27
180.162.245.190 - - [10/Oct/2020:10:03:04 +0800] "GET /xingrg/check_reg.html?_=1602295380835 HTTP/1.1" 200 22
180.162.245.190 - - [10/Oct/2020:10:03:04 +0800] "GET /xingrg/all/function/internal_message.html?_=1602295380836&CODE_STATE=getMsg HTTP/1.1" 200 27
180.157.253.48 - - [10/Oct/2020:10:03:05 +0800] "GET /xingrg/all/function/internal_message.html?_=1602295390789&CODE_STATE=getMsg HTTP/1.1" 200 27
180.162.245.190 - - [10/Oct/2020:10:03:09 +0800] "GET /xingrg/kc/buy/cgsh_order_operate.html?command=get_materiel&rest_code=00105&code=00101008402&supplier_code=00100327&order_time=2020-10-10 HTTP/1.1" 200 410
180.162.245.190 - - [10/Oct/2020:10:03:17 +0800] "GET /xingrg/kc/buy/cgsh_order_operate.html?command=get_materiel&rest_code=00105&code=00101010627&supplier_code=00100327&order_time=2020-10-10 HTTP/1.1" 200 400
58.37.8.227 - - [10/Oct/2020:10:03:18 +0800] "GET /xingrg/all/function/internal_message.html?_=1602295409006&CODE_STATE=getMsg HTTP/1.1" 200 27
180.162.245.190 - - [10/Oct/2020:10:03:18 +0800] "GET /xingrg/check_reg.html?_=1602295376760 HTTP/1.1" 200 22
180.162.245.190 - - [10/Oct/2020:10:03:18 +0800] "GET /xingrg/all/function/internal_message.html?_=1602295376763&CODE_STATE=getMsg HTTP/1.1" 200 27
114.88.166.242 - - [10/Oct/2020:10:03:20 +0800] "GET /xingrg/all/function/internal_message.html?_=1602295391359&CODE_STATE=getMsg HTTP/1.1" 200 27
180.162.245.190 - - [10/Oct/2020:10:03:21 +0800] "POST /xingrg/kc/buy/cgsh_order_operate.html HTTP/1.1" 200 37
180.162.245.190 - - [10/Oct/2020:10:03:22 +0800] "POST /xingrg/kc/buy/cgsh_order_operate.html HTTP/1.1" 200 4435
180.162.245.190 - - [10/Oct/2020:10:03:26 +0800] "GET /xingrg/kc/print/load_data.html?order_code=212020101004128&kc_code=cgsh&condition= HTTP/1.1" 200 1345
180.162.245.190 - - [10/Oct/2020:10:03:29 +0800] "GET /xingrg/kc/buy/cgsh_order_add.html HTTP/1.1" 200 59984
180.162.245.190 - - [10/Oct/2020:10:03:30 +0800] "GET /xingrg/javascript/easyui/themes/default/validatebox.css HTTP/1.1" 404 1104
180.162.245.190 - - [10/Oct/2020:10:03:30 +0800] "POST /xingrg/kc/buy/cgsh_order_operate.html HTTP/1.1" 200 8245
172.17.0.115 - - [10/Oct/2020:10:03:35 +0800] "GET /xingrg/all/function/internal_message.html?_=1602295429967&CODE_STATE=getMsg HTTP/1.1" 200 27
117.185.32.26 - - [10/Oct/2020:10:03:39 +0800] "GET /xingrg/all/function/internal_message.html?_=1602295410270&CODE_STATE=getMsg HTTP/1.1" 200 27
180.162.245.190 - - [10/Oct/2020:10:03:40 +0800] "GET /xingrg/kc/buy/cgsh_order_operate.html?command=get_materiel&rest_code=00105&code=00101006164&supplier_code=00100326&order_time=2020-10-10 HTTP/1.1" 200 415
172.17.200.101 - - [10/Oct/2020:10:03:41 +0800] "GET /xingrg/all/function/internal_message.html?_=1602295418088&CODE_STATE=getMsg HTTP/1.1" 200 27
172.17.0.120 - - [10/Oct/2020:10:03:41 +0800] "GET /xingrg/all/function/internal_message.html?_=1602295416220&CODE_STATE=getMsg HTTP/1.1" 200 27
222.69.137.1 - - [10/Oct/2020:10:03:43 +0800] "GET /xingrg/all/function/internal_message.html?_=1602295411310&CODE_STATE=getMsg HTTP/1.1" 200 27
172.17.0.100 - - [10/Oct/2020:10:03:43 +0800] "GET /xingrg/all/function/internal_message.html?_=1602295416677&CODE_STATE=getMsg HTTP/1.1" 200 27
180.161.96.95 - - [10/Oct/2020:10:03:49 +0800] "GET /xingrg/check_reg.html?_=1602295640137 HTTP/1.1" 200 22
180.161.96.95 - - [10/Oct/2020:10:03:49 +0800] "GET /xingrg/all/function/internal_message.html?_=1602295640292&CODE_STATE=getMsg HTTP/1.1" 200 27
218.81.217.115 - - [10/Oct/2020:10:03:51 +0800] "GET /xingrg/check_reg.html?_=1602295426066 HTTP/1.1" 200 22
114.88.166.242 - - [10/Oct/2020:10:03:52 +0800] "GET /xingrg/all/function/internal_message.html?_=1602295509793&CODE_STATE=getMsg HTTP/1.1" 200 27
218.81.217.115 - - [10/Oct/2020:10:03:53 +0800] "GET /xingrg/all/function/internal_message.html?_=1602295428543&CODE_STATE=getMsg HTTP/1.1" 200 27
114.88.166.242 - - [10/Oct/2020:10:03:55 +0800] "GET /xingrg/check_reg.html?_=1602295427081 HTTP/1.1" 200 22
180.174.56.115 - - [10/Oct/2020:10:03:55 +0800] "GET /xingrg/all/function/internal_message.html?_=1602295404489&CODE_STATE=getMsg HTTP/1.1" 200 27
180.162.245.190 - - [10/Oct/2020:10:03:56 +0800] "GET /xingrg/kc/buy/cgsh_order_operate.html?command=get_materiel&rest_code=00105&code=00101007111&supplier_code=00100326&order_time=2020-10-10 HTTP/1.1" 200 417
58.40.7.146 - - [10/Oct/2020:10:03:58 +0800] "GET /xingrg/all/function/internal_message.html?_=1602295433500&CODE_STATE=getMsg HTTP/1.1" 200 27
172.17.0.185 - - [10/Oct/2020:10:03:58 +0800] "GET /xingrg/all/function/internal_message.html?_=1602295432651&CODE_STATE=getMsg HTTP/1.1" 200 27
180.162.245.190 - - [10/Oct/2020:10:04:04 +0800] "GET /xingrg/all/function/internal_message.html?_=1602295440831&CODE_STATE=getMsg HTTP/1.1" 200 27
180.157.253.48 - - [10/Oct/2020:10:04:05 +0800] "GET /xingrg/all/function/internal_message.html?_=1602295450800&CODE_STATE=getMsg HTTP/1.1" 200 27
180.162.245.190 - - [10/Oct/2020:10:04:10 +0800] "GET /xingrg/kc/buy/cgsh_order_operate.html?command=get_materiel&rest_code=00105&code=00101010567&supplier_code=00100326&order_time=2020-10-10 HTTP/1.1" 200 399
114.88.166.242 - - [10/Oct/2020:10:04:13 +0800] "GET /xingrg/kc/buy/cgsh_order_list.html HTTP/1.1" 200 44199
114.88.166.242 - - [10/Oct/2020:10:04:13 +0800] "GET /xingrg/kc/buy/cgsh_order_list.html HTTP/1.1" 200 44199
180.162.245.190 - - [10/Oct/2020:10:04:14 +0800] "POST /xingrg/kc/buy/cgsh_order_operate.html HTTP/1.1" 200 37
61.129.6.203 - - [10/Oct/2020:10:04:14 +0800] "GET /xingrg/all/function/internal_message.html?_=1602294749244&CODE_STATE=getMsg HTTP/1.1" 302 -
180.162.245.190 - - [10/Oct/2020:10:04:15 +0800] "POST /xingrg/kc/buy/cgsh_order_operate.html HTTP/1.1" 200 3850
114.88.166.242 - - [10/Oct/2020:10:04:15 +0800] "POST /xingrg/kc/buy/cgsh_list_operate.html HTTP/1.1" 200 3134
114.88.166.242 - - [10/Oct/2020:10:04:15 +0800] "POST /xingrg/kc/buy/cgsh_list_operate.html HTTP/1.1" 200 3134
180.162.245.190 - - [10/Oct/2020:10:04:16 +0800] "GET /xingrg/kc/print/load_data.html?order_code=212020101004129&kc_code=cgsh&condition= HTTP/1.1" 200 1136
58.37.8.227 - - [10/Oct/2020:10:04:18 +0800] "GET /xingrg/all/function/internal_message.html?_=1602295468986&CODE_STATE=getMsg HTTP/1.1" 200 27
114.88.166.242 - - [10/Oct/2020:10:04:18 +0800] "POST /xingrg/kc/buy/cgsh_list_operate.html HTTP/1.1" 200 4416
180.162.245.190 - - [10/Oct/2020:10:04:18 +0800] "GET /xingrg/all/function/internal_message.html?_=1602295436763&CODE_STATE=getMsg HTTP/1.1" 200 27
180.162.245.190 - - [10/Oct/2020:10:04:19 +0800] "GET /xingrg/kc/buy/cgsh_order_add.html HTTP/1.1" 200 59984
180.162.245.190 - - [10/Oct/2020:10:04:20 +0800] "POST /xingrg/kc/buy/cgsh_order_operate.html HTTP/1.1" 200 8245
114.88.166.242 - - [10/Oct/2020:10:04:20 +0800] "GET /xingrg/all/function/internal_message.html?_=1602295451375&CODE_STATE=getMsg HTTP/1.1" 200 27
180.162.245.190 - - [10/Oct/2020:10:04:20 +0800] "GET /xingrg/javascript/easyui/themes/default/validatebox.css HTTP/1.1" 404 1104
61.129.6.203 - - [10/Oct/2020:10:04:24 +0800] "GET /xingrg/login.html HTTP/1.1" 200 7641
114.88.166.242 - - [10/Oct/2020:10:04:28 +0800] "GET /xingrg/kc/buy/cgsh_order_add.html HTTP/1.1" 200 59937
114.88.166.242 - - [10/Oct/2020:10:04:28 +0800] "POST /xingrg/kc/buy/cgsh_order_operate.html HTTP/1.1" 200 8245
114.88.166.242 - - [10/Oct/2020:10:04:29 +0800] "GET /xingrg/javascript/easyui/themes/default/validatebox.css HTTP/1.1" 404 1104
114.88.166.242 - - [10/Oct/2020:10:04:30 +0800] "GET /xingrg/javascript/auto/indicator.gif HTTP/1.1" 404 1066
114.88.166.242 - - [10/Oct/2020:10:04:30 +0800] "GET /xingrg/javascript/jquery_tools/images/next.gif HTTP/1.1" 404 1086
114.88.166.242 - - [10/Oct/2020:10:04:30 +0800] "GET /xingrg/javascript/jquery_tools/images/prev.gif HTTP/1.1" 404 1086
114.88.166.242 - - [10/Oct/2020:10:04:34 +0800] "GET /xingrg/kc/buy/cgsh_order_operate.html?command=get_materiel&rest_code=00111&code=00101004011&supplier_code=00100086&order_time=2020-10-10 HTTP/1.1" 200 433
172.17.0.115 - - [10/Oct/2020:10:04:35 +0800] "GET /xingrg/all/function/internal_message.html?_=1602295489971&CODE_STATE=getMsg HTTP/1.1" 200 27
180.162.245.190 - - [10/Oct/2020:10:04:38 +0800] "GET /xingrg/kc/buy/cgsh_order_operate.html?command=get_materiel&rest_code=00105&code=00101006159&supplier_code=00100344&order_time=2020-10-10 HTTP/1.1" 200 417
117.185.32.26 - - [10/Oct/2020:10:04:39 +0800] "GET /xingrg/check_reg.html?_=1602295470260 HTTP/1.1" 200 22
117.185.32.26 - - [10/Oct/2020:10:04:39 +0800] "GET /xingrg/all/function/internal_message.html?_=1602295470262&CODE_STATE=getMsg HTTP/1.1" 200 27
172.17.200.101 - - [10/Oct/2020:10:04:41 +0800] "GET /xingrg/all/function/internal_message.html?_=1602295478091&CODE_STATE=getMsg HTTP/1.1" 200 27
172.17.0.120 - - [10/Oct/2020:10:04:41 +0800] "GET /xingrg/all/function/internal_message.html?_=1602295476209&CODE_STATE=getMsg HTTP/1.1" 200 27
222.69.137.1 - - [10/Oct/2020:10:04:43 +0800] "GET /xingrg/check_reg.html?_=1602295471313 HTTP/1.1" 200 22
222.69.137.1 - - [10/Oct/2020:10:04:43 +0800] "GET /xingrg/all/function/internal_message.html?_=1602295471316&CODE_STATE=getMsg HTTP/1.1" 200 27
172.17.0.100 - - [10/Oct/2020:10:04:43 +0800] "GET /xingrg/check_reg.html?_=1602295476677 HTTP/1.1" 200 22
172.17.0.100 - - [10/Oct/2020:10:04:43 +0800] "GET /xingrg/all/function/internal_message.html?_=1602295476679&CODE_STATE=getMsg HTTP/1.1" 200 27
114.88.166.242 - - [10/Oct/2020:10:04:46 +0800] "POST /xingrg/kc/buy/cgsh_order_operate.html HTTP/1.1" 200 37
114.88.166.242 - - [10/Oct/2020:10:04:47 +0800] "POST /xingrg/kc/buy/cgsh_order_operate.html HTTP/1.1" 200 2660
180.161.96.95 - - [10/Oct/2020:10:04:49 +0800] "GET /xingrg/all/function/internal_message.html?_=1602295700305&CODE_STATE=getMsg HTTP/1.1" 200 27
114.88.166.242 - - [10/Oct/2020:10:04:52 +0800] "GET /xingrg/all/function/internal_message.html?_=1602295569792&CODE_STATE=getMsg HTTP/1.1" 200 27
218.81.217.115 - - [10/Oct/2020:10:04:53 +0800] "GET /xingrg/all/function/internal_message.html?_=1602295488556&CODE_STATE=getMsg HTTP/1.1" 200 27
180.174.56.115 - - [10/Oct/2020:10:04:55 +0800] "GET /xingrg/check_reg.html?_=1602295463711 HTTP/1.1" 200 22
180.174.56.115 - - [10/Oct/2020:10:04:55 +0800] "GET /xingrg/all/function/internal_message.html?_=1602295464502&CODE_STATE=getMsg HTTP/1.1" 200 27
58.40.7.146 - - [10/Oct/2020:10:04:58 +0800] "GET /xingrg/all/function/internal_message.html?_=1602295493502&CODE_STATE=getMsg HTTP/1.1" 200 27
58.40.7.146 - - [10/Oct/2020:10:04:58 +0800] "GET /xingrg/check_reg.html?_=1602295493504 HTTP/1.1" 200 22
114.88.166.242 - - [10/Oct/2020:10:04:58 +0800] "GET /xingrg/kc/print/load_data.html?order_code=212020101004130&kc_code=cgsh&condition= HTTP/1.1" 200 739
172.17.0.185 - - [10/Oct/2020:10:04:58 +0800] "GET /xingrg/all/function/internal_message.html?_=1602295492640&CODE_STATE=getMsg HTTP/1.1" 200 27
172.17.0.185 - - [10/Oct/2020:10:04:58 +0800] "GET /xingrg/check_reg.html?_=1602295492644 HTTP/1.1" 200 22
180.162.245.190 - - [10/Oct/2020:10:05:01 +0800] "GET /xingrg/kc/buy/cgsh_order_operate.html?command=get_materiel&rest_code=00105&code=00101006152&supplier_code=00100344&order_time=2020-10-10 HTTP/1.1" 200 411
180.162.245.190 - - [10/Oct/2020:10:05:04 +0800] "GET /xingrg/all/function/internal_message.html?_=1602295500833&CODE_STATE=getMsg HTTP/1.1" 200 27
180.157.253.48 - - [10/Oct/2020:10:05:04 +0800] "GET /xingrg/check_reg.html?_=1602295510103 HTTP/1.1" 200 22
180.157.253.48 - - [10/Oct/2020:10:05:05 +0800] "GET /xingrg/all/function/internal_message.html?_=1602295510813&CODE_STATE=getMsg HTTP/1.1" 200 27
180.162.245.190 - - [10/Oct/2020:10:05:08 +0800] "POST /xingrg/kc/buy/cgsh_order_operate.html HTTP/1.1" 200 37
180.162.245.190 - - [10/Oct/2020:10:05:09 +0800] "POST /xingrg/kc/buy/cgsh_order_operate.html HTTP/1.1" 200 3250
180.162.245.190 - - [10/Oct/2020:10:05:10 +0800] "GET /xingrg/kc/print/load_data.html?order_code=212020101004131&kc_code=cgsh&condition= HTTP/1.1" 200 909
114.88.166.242 - - [10/Oct/2020:10:05:10 +0800] "GET /xingrg/kc/buy/cgsh_order_add.html HTTP/1.1" 200 59937
114.88.166.242 - - [10/Oct/2020:10:05:11 +0800] "GET /xingrg/javascript/easyui/themes/default/validatebox.css HTTP/1.1" 404 1104
114.88.166.242 - - [10/Oct/2020:10:05:11 +0800] "POST /xingrg/kc/buy/cgsh_order_operate.html HTTP/1.1" 200 8245
180.162.245.190 - - [10/Oct/2020:10:05:13 +0800] "GET /xingrg/kc/buy/cgsh_order_add.html HTTP/1.1" 200 59984
180.162.245.190 - - [10/Oct/2020:10:05:13 +0800] "POST /xingrg/kc/buy/cgsh_order_operate.html HTTP/1.1" 200 8245
180.162.245.190 - - [10/Oct/2020:10:05:13 +0800] "GET /xingrg/javascript/easyui/themes/default/validatebox.css HTTP/1.1" 404 1104
58.37.8.227 - - [10/Oct/2020:10:05:18 +0800] "GET /xingrg/all/function/internal_message.html?_=1602295528967&CODE_STATE=getMsg HTTP/1.1" 200 27
114.88.166.242 - - [10/Oct/2020:10:05:18 +0800] "GET /xingrg/kc/buy/cgsh_order_operate.html?command=get_materiel&rest_code=00111&code=00101001037&supplier_code=00100090&order_time=2020-10-10 HTTP/1.1" 200 416
180.162.245.190 - - [10/Oct/2020:10:05:18 +0800] "GET /xingrg/all/function/internal_message.html?_=1602295496764&CODE_STATE=getMsg HTTP/1.1" 200 27
114.88.166.242 - - [10/Oct/2020:10:05:20 +0800] "GET /xingrg/all/function/internal_message.html?_=1602295511401&CODE_STATE=getMsg HTTP/1.1" 200 27
58.37.8.227 - - [10/Oct/2020:10:05:21 +0800] "GET /xingrg/check_reg.html?_=1602295532485 HTTP/1.1" 200 22
180.162.245.190 - - [10/Oct/2020:10:05:22 +0800] "GET /xingrg/kc/buy/cgsh_order_operate.html?command=get_materiel&rest_code=00105&code=00101001169&supplier_code=00100319&order_time=2020-10-10 HTTP/1.1" 200 415
172.17.0.115 - - [10/Oct/2020:10:05:35 +0800] "GET /xingrg/all/function/internal_message.html?_=1602295550006&CODE_STATE=getMsg HTTP/1.1" 200 27
114.88.166.242 - - [10/Oct/2020:10:05:36 +0800] "GET /xingrg/kc/buy/cgsh_order_operate.html?command=get_materiel&rest_code=00111&code=00101001140&supplier_code=00100090&order_time=2020-10-10 HTTP/1.1" 200 415
117.185.32.26 - - [10/Oct/2020:10:05:39 +0800] "GET /xingrg/all/function/internal_message.html?_=1602295530261&CODE_STATE=getMsg HTTP/1.1" 200 27
172.17.200.101 - - [10/Oct/2020:10:05:41 +0800] "GET /xingrg/all/function/internal_message.html?_=1602295538097&CODE_STATE=getMsg HTTP/1.1" 200 27
172.17.200.101 - - [10/Oct/2020:10:05:41 +0800] "GET /xingrg/check_reg.html?_=1602295538103 HTTP/1.1" 200 22
172.17.0.120 - - [10/Oct/2020:10:05:41 +0800] "GET /xingrg/all/function/internal_message.html?_=1602295536213&CODE_STATE=getMsg HTTP/1.1" 200 27
222.69.137.1 - - [10/Oct/2020:10:05:43 +0800] "GET /xingrg/all/function/internal_message.html?_=1602295531302&CODE_STATE=getMsg HTTP/1.1" 200 27
114.88.166.242 - - [10/Oct/2020:10:05:43 +0800] "GET /xingrg/kc/buy/cgsh_order_operate.html?command=get_materiel&rest_code=00111&code=00101001125&supplier_code=00100090&order_time=2020-10-10 HTTP/1.1" 200 415
180.162.245.190 - - [10/Oct/2020:10:05:43 +0800] "GET /xingrg/kc/buy/cgsh_order_operate.html?command=get_materiel&rest_code=00105&code=00101001044&supplier_code=00100319&order_time=2020-10-10 HTTP/1.1" 200 411
172.17.0.100 - - [10/Oct/2020:10:05:43 +0800] "GET /xingrg/all/function/internal_message.html?_=1602295536681&CODE_STATE=getMsg HTTP/1.1" 200 27
180.161.96.95 - - [10/Oct/2020:10:05:49 +0800] "GET /xingrg/all/function/internal_message.html?_=1602295760319&CODE_STATE=getMsg HTTP/1.1" 200 27
114.88.166.242 - - [10/Oct/2020:10:05:50 +0800] "POST /xingrg/kc/buy/cgsh_order_operate.html HTTP/1.1" 200 37
180.162.245.190 - - [10/Oct/2020:10:05:51 +0800] "GET /xingrg/kc/buy/cgsh_order_operate.html?command=get_materiel&rest_code=00105&code=00101001140&supplier_code=00100319&order_time=2020-10-10 HTTP/1.1" 200 415
218.81.217.115 - - [10/Oct/2020:10:05:53 +0800] "GET /xingrg/all/function/internal_message.html?_=1602295548570&CODE_STATE=getMsg HTTP/1.1" 200 27
114.88.166.242 - - [10/Oct/2020:10:05:53 +0800] "POST /xingrg/kc/buy/cgsh_order_operate.html HTTP/1.1" 200 3855
114.88.166.242 - - [10/Oct/2020:10:05:54 +0800] "GET /xingrg/kc/print/load_data.html?order_code=212020101004132&kc_code=cgsh&condition= HTTP/1.1" 200 1196
180.174.56.115 - - [10/Oct/2020:10:05:55 +0800] "GET /xingrg/all/function/internal_message.html?_=1602295524515&CODE_STATE=getMsg HTTP/1.1" 200 27
58.40.7.146 - - [10/Oct/2020:10:05:58 +0800] "GET /xingrg/all/function/internal_message.html?_=1602295553505&CODE_STATE=getMsg HTTP/1.1" 200 27
172.17.0.185 - - [10/Oct/2020:10:05:58 +0800] "GET /xingrg/all/function/internal_message.html?_=1602295552648&CODE_STATE=getMsg HTTP/1.1" 200 27
114.88.166.242 - - [10/Oct/2020:10:06:01 +0800] "GET /xingrg/check_reg.html?_=1602295552588 HTTP/1.1" 200 22
180.162.245.190 - - [10/Oct/2020:10:06:04 +0800] "GET /xingrg/all/function/internal_message.html?_=1602295560842&CODE_STATE=getMsg HTTP/1.1" 200 27
180.162.245.190 - - [10/Oct/2020:10:06:04 +0800] "POST /xingrg/kc/buy/cgsh_order_operate.html HTTP/1.1" 200 37
180.162.245.190 - - [10/Oct/2020:10:06:05 +0800] "POST /xingrg/kc/buy/cgsh_order_operate.html HTTP/1.1" 200 3850
180.157.253.48 - - [10/Oct/2020:10:06:05 +0800] "GET /xingrg/all/function/internal_message.html?_=1602295570827&CODE_STATE=getMsg HTTP/1.1" 200 27
180.162.245.190 - - [10/Oct/2020:10:06:06 +0800] "GET /xingrg/kc/print/load_data.html?order_code=212020101004133&kc_code=cgsh&condition= HTTP/1.1" 200 1125
58.40.7.146 - - [10/Oct/2020:10:06:09 +0800] "GET /xingrg/login.html HTTP/1.1" 200 7641
58.40.7.146 - - [10/Oct/2020:10:06:09 +0800] "GET /xingrg/images/blue/jxLogo.png HTTP/1.1" 200 6156
58.40.7.146 - - [10/Oct/2020:10:06:09 +0800] "GET /xingrg/images/blue/login_bg.png HTTP/1.1" 200 22101
58.40.7.146 - - [10/Oct/2020:10:06:09 +0800] "GET /xingrg/images/blue/hj.png HTTP/1.1" 200 1014
58.40.7.146 - - [10/Oct/2020:10:06:09 +0800] "GET /xingrg/images/blue/srbg.png HTTP/1.1" 200 138
58.40.7.146 - - [10/Oct/2020:10:06:09 +0800] "GET /favicon.ico HTTP/1.1" 404 -
180.162.245.190 - - [10/Oct/2020:10:06:12 +0800] "GET /xingrg/kc/buy/cgsh_order_add.html HTTP/1.1" 200 59984
180.162.245.190 - - [10/Oct/2020:10:06:13 +0800] "POST /xingrg/kc/buy/cgsh_order_operate.html HTTP/1.1" 200 8245
180.162.245.190 - - [10/Oct/2020:10:06:13 +0800] "GET /xingrg/javascript/easyui/themes/default/validatebox.css HTTP/1.1" 404 1104
58.40.7.146 - - [10/Oct/2020:10:06:13 +0800] "POST /xingrg/login.do HTTP/1.1" 302 -
58.40.7.146 - - [10/Oct/2020:10:06:13 +0800] "GET /xingrg/javascript/jquery_easy_ui/themes/icon.css HTTP/1.1" 200 3949
58.40.7.146 - - [10/Oct/2020:10:06:13 +0800] "GET /xingrg/css/form.css HTTP/1.1" 200 893
58.40.7.146 - - [10/Oct/2020:10:06:13 +0800] "GET /xingrg/index.html?sysBaseUrl=http%3A%2F%2F180.169.147.146%3A18081%2Fxingrg%2F&costTime=48×tamp=1602295573457 HTTP/1.1" 200 17507
58.40.7.146 - - [10/Oct/2020:10:06:13 +0800] "GET /xingrg/javascript/jquery-1.4.2.min.js HTTP/1.1" 200 72205
58.40.7.146 - - [10/Oct/2020:10:06:13 +0800] "GET /xingrg/javascript/jquery_easy_ui/jquery.easyui.min.js HTTP/1.1" 200 213662
58.40.7.146 - - [10/Oct/2020:10:06:13 +0800] "GET /xingrg/javascript/jquery_easy_ui/easyui-lang-zh_CN.js HTTP/1.1" 200 1900
58.40.7.146 - - [10/Oct/2020:10:06:13 +0800] "GET /xingrg/javascript/jquery_easy_ui/themes/default/easyui.css HTTP/1.1" 200 26500
58.40.7.146 - - [10/Oct/2020:10:06:13 +0800] "GET /xingrg/javascript/jquery.timers.js HTTP/1.1" 200 3532
58.40.7.146 - - [10/Oct/2020:10:06:13 +0800] "GET /xingrg/javascript/jquery.form.js HTTP/1.1" 200 23110
58.40.7.146 - - [10/Oct/2020:10:06:13 +0800] "GET /xingrg/javascript/jquery.utils.js HTTP/1.1" 200 11805
58.40.7.146 - - [10/Oct/2020:10:06:13 +0800] "GET /xingrg/javascript/jquery_easy_ui/themes/icons/settle_new.png HTTP/1.1" 200 826
58.40.7.146 - - [10/Oct/2020:10:06:13 +0800] "GET /xingrg/images/blue/navBackgound.jpg HTTP/1.1" 200 12378
58.40.7.146 - - [10/Oct/2020:10:06:13 +0800] "POST /xingrg/all/common/load_tree.html?tree=area_rest_tree_json&manage=1 HTTP/1.1" 200 348
58.40.7.146 - - [10/Oct/2020:10:06:13 +0800] "GET /xingrg/all/function/internal_message.html?_=1602295568747&CODE_STATE=count HTTP/1.1" 200 11
58.40.7.146 - - [10/Oct/2020:10:06:13 +0800] "GET /xingrg/check_reg.html?_=1602295568751 HTTP/1.1" 200 22
58.40.7.146 - - [10/Oct/2020:10:06:13 +0800] "GET /xingrg/images/blue/pingpu.png HTTP/1.1" 200 231
58.40.7.146 - - [10/Oct/2020:10:06:13 +0800] "GET /xingrg/javascript/jquery_easy_ui/themes/default/images/tabs_leftarrow.png HTTP/1.1" 200 389
58.40.7.146 - - [10/Oct/2020:10:06:13 +0800] "GET /xingrg/javascript/jquery_easy_ui/themes/default/images/tabs_rightarrow.png HTTP/1.1" 200 395
58.40.7.146 - - [10/Oct/2020:10:06:13 +0800] "GET /xingrg/javascript/jquery_easy_ui/themes/default/images/panel_tool_expand.gif HTTP/1.1" 200 247
58.40.7.146 - - [10/Oct/2020:10:06:13 +0800] "GET /xingrg/javascript/jquery_easy_ui/themes/default/images/panel_tool_collapse.gif HTTP/1.1" 200 246
58.40.7.146 - - [10/Oct/2020:10:06:13 +0800] "POST /xingrg/load_menu.html HTTP/1.1" 200 9959
58.40.7.146 - - [10/Oct/2020:10:06:13 +0800] "GET /favicon.ico HTTP/1.1" 404 -
58.40.7.146 - - [10/Oct/2020:10:06:14 +0800] "GET /xingrg/javascript/jquery_easy_ui/themes/default/images/tree_arrows.gif HTTP/1.1" 200 1043
58.40.7.146 - - [10/Oct/2020:10:06:14 +0800] "GET /xingrg/javascript/jquery_easy_ui/themes/default/images/tree_folder_open.gif HTTP/1.1" 200 956
58.40.7.146 - - [10/Oct/2020:10:06:14 +0800] "GET /xingrg/javascript/jquery_easy_ui/themes/icons/search_new.png HTTP/1.1" 200 586
58.40.7.146 - - [10/Oct/2020:10:06:14 +0800] "GET /xingrg/javascript/jquery_easy_ui/themes/default/images/tree_folder.gif HTTP/1.1" 200 952
58.40.7.146 - - [10/Oct/2020:10:06:14 +0800] "GET /xingrg/javascript/jquery_easy_ui/themes/icons/storage_new.png HTTP/1.1" 200 853
58.40.7.146 - - [10/Oct/2020:10:06:14 +0800] "GET /xingrg/javascript/jquery_easy_ui/themes/icons/checkout_new.png HTTP/1.1" 200 744
58.40.7.146 - - [10/Oct/2020:10:06:14 +0800] "GET /xingrg/javascript/jquery_easy_ui/themes/icons/forms_new.png HTTP/1.1" 200 350
58.40.7.146 - - [10/Oct/2020:10:06:14 +0800] "GET /xingrg/javascript/jquery_easy_ui/themes/icons/setting_new.png HTTP/1.1" 200 450
58.40.7.146 - - [10/Oct/2020:10:06:14 +0800] "GET /xingrg/javascript/jquery_easy_ui/themes/icons/systemset_new.png HTTP/1.1" 200 606
58.40.7.146 - - [10/Oct/2020:10:06:14 +0800] "GET /xingrg/javascript/jquery_easy_ui/themes/default/images/tree_file.gif HTTP/1.1" 200 118
114.88.166.242 - - [10/Oct/2020:10:06:15 +0800] "GET /xingrg/kc/buy/cgsh_order_add.html HTTP/1.1" 200 59937
58.40.7.146 - - [10/Oct/2020:10:06:15 +0800] "GET /xingrg/kc/report/report_main.html HTTP/1.1" 200 7345
58.40.7.146 - - [10/Oct/2020:10:06:15 +0800] "GET /xingrg/javascript/jquery_easy_ui/themes/default/images/tabs_close.gif HTTP/1.1" 200 829
58.40.7.146 - - [10/Oct/2020:10:06:15 +0800] "GET /xingrg/javascript/pic_change.js HTTP/1.1" 200 4739
58.40.7.146 - - [10/Oct/2020:10:06:15 +0800] "GET /xingrg/css/blue.css HTTP/1.1" 200 15949
58.40.7.146 - - [10/Oct/2020:10:06:15 +0800] "GET /xingrg/javascript/json2.js HTTP/1.1" 200 11259
58.40.7.146 - - [10/Oct/2020:10:06:15 +0800] "GET /xingrg/javascript/jquery_ui/themes/humanity/humanity.css HTTP/1.1" 200 27801
58.40.7.146 - - [10/Oct/2020:10:06:15 +0800] "GET /xingrg/javascript/myfunction.js HTTP/1.1" 200 24559
114.88.166.242 - - [10/Oct/2020:10:06:15 +0800] "GET /xingrg/javascript/easyui/themes/default/validatebox.css HTTP/1.1" 404 1104
58.40.7.146 - - [10/Oct/2020:10:06:15 +0800] "GET /xingrg/javascript/jquery_easy_ui/themes/icons/back_new.png HTTP/1.1" 200 3414
114.88.166.242 - - [10/Oct/2020:10:06:16 +0800] "POST /xingrg/kc/buy/cgsh_order_operate.html HTTP/1.1" 200 8245
58.37.8.227 - - [10/Oct/2020:10:06:17 +0800] "GET /xingrg/all/function/internal_message.html?_=1602295588941&CODE_STATE=getMsg HTTP/1.1" 200 27
180.162.245.190 - - [10/Oct/2020:10:06:18 +0800] "GET /xingrg/all/function/internal_message.html?_=1602295556764&CODE_STATE=getMsg HTTP/1.1" 200 27
114.88.166.242 - - [10/Oct/2020:10:06:18 +0800] "GET /xingrg/check_reg.html?_=1602295564514 HTTP/1.1" 302 -
58.40.7.146 - - [10/Oct/2020:10:06:18 +0800] "GET /xingrg/all/report/report_query.html?fileName=kc/buy/gys_amount.xml&rh=99999 HTTP/1.1" 200 52006
58.40.7.146 - - [10/Oct/2020:10:06:18 +0800] "GET /xingrg/javascript/multi_select/jqueryMultiSelect.css HTTP/1.1" 200 951
58.40.7.146 - - [10/Oct/2020:10:06:18 +0800] "GET /xingrg/javascript/calendar/timePicker.css HTTP/1.1" 200 523
58.40.7.146 - - [10/Oct/2020:10:06:18 +0800] "GET /xingrg/javascript/bigrid/fix.css HTTP/1.1" 200 1702
58.40.7.146 - - [10/Oct/2020:10:06:18 +0800] "GET /xingrg/dwr/interface/AjaxReportQueryService.js HTTP/1.1" 200 13203
58.40.7.146 - - [10/Oct/2020:10:06:18 +0800] "GET /xingrg/dwr/util.js HTTP/1.1" 200 35990
58.40.7.146 - - [10/Oct/2020:10:06:18 +0800] "GET /xingrg/javascript/calendar/jquery.timePicker.min.js HTTP/1.1" 200 2997
58.40.7.146 - - [10/Oct/2020:10:06:18 +0800] "GET /xingrg/javascript/bigrid/fix.js HTTP/1.1" 200 6439
58.40.7.146 - - [10/Oct/2020:10:06:18 +0800] "GET /xingrg/dwr/engine.js HTTP/1.1" 200 43631
58.40.7.146 - - [10/Oct/2020:10:06:18 +0800] "GET /xingrg/javascript/jqueryMultiSelect.js HTTP/1.1" 200 11866
58.40.7.146 - - [10/Oct/2020:10:06:18 +0800] "GET /xingrg/javascript/Calendar.js HTTP/1.1" 200 31561
58.40.7.146 - - [10/Oct/2020:10:06:18 +0800] "GET /xingrg/images/blue/button/advanceover.gif HTTP/1.1" 200 1347
58.40.7.146 - - [10/Oct/2020:10:06:18 +0800] "GET /xingrg/images/blue/button/advance2over.gif HTTP/1.1" 200 1336
58.40.7.146 - - [10/Oct/2020:10:06:18 +0800] "GET /xingrg/images/blue/button/back2over.gif HTTP/1.1" 200 1335
58.40.7.146 - - [10/Oct/2020:10:06:18 +0800] "GET /xingrg/images/blue/button/backover.gif HTTP/1.1" 200 1348
58.40.7.146 - - [10/Oct/2020:10:06:18 +0800] "GET /xingrg/images/control/loading.gif HTTP/1.1" 200 13463
58.40.7.146 - - [10/Oct/2020:10:06:19 +0800] "GET /xingrg/javascript/jquery_easy_ui/themes/icons/help.png HTTP/1.1" 200 1187
58.40.7.146 - - [10/Oct/2020:10:06:19 +0800] "GET /xingrg/javascript/jquery_easy_ui/themes/default/images/menu_downarrow.png HTTP/1.1" 200 173
58.40.7.146 - - [10/Oct/2020:10:06:19 +0800] "GET /xingrg/javascript/jquery_easy_ui/themes/default/images/button_a_bg.gif HTTP/1.1" 200 1194
58.40.7.146 - - [10/Oct/2020:10:06:19 +0800] "GET /xingrg/javascript/jquery_easy_ui/themes/default/images/menu.gif HTTP/1.1" 200 834
58.40.7.146 - - [10/Oct/2020:10:06:19 +0800] "GET /xingrg/javascript/jquery_easy_ui/themes/icons/print.png HTTP/1.1" 200 1057
58.40.7.146 - - [10/Oct/2020:10:06:19 +0800] "GET /xingrg/javascript/jquery_easy_ui/themes/icons/pencil.png HTTP/1.1" 200 713
58.40.7.146 - - [10/Oct/2020:10:06:19 +0800] "GET /xingrg/javascript/jquery_easy_ui/themes/default/images/menu_rightarrow.png HTTP/1.1" 200 3617
58.40.7.146 - - [10/Oct/2020:10:06:19 +0800] "POST /xingrg/dwr/call/plaincall/AjaxReportQueryService.getFixDate.dwr HTTP/1.1" 200 111
58.40.7.146 - - [10/Oct/2020:10:06:19 +0800] "GET /xingrg/javascript/jquery_easy_ui/themes/default/images/combo_arrow_dot.gif HTTP/1.1" 200 79
58.40.7.146 - - [10/Oct/2020:10:06:19 +0800] "POST /xingrg/all/common/load_tree.html?tree=supplier_tree_json&manage=1 HTTP/1.1" 200 51273
58.40.7.146 - - [10/Oct/2020:10:06:20 +0800] "GET /xingrg/javascript/jquery_easy_ui/themes/default/images/tree_checkbox_0.gif HTTP/1.1" 200 168
58.40.7.146 - - [10/Oct/2020:10:06:20 +0800] "POST /xingrg/all/common/load_tree.html?tree=materiel_sort_tree_json HTTP/1.1" 200 8666
58.40.7.146 - - [10/Oct/2020:10:06:20 +0800] "POST /xingrg/dwr/call/plaincall/AjaxReportQueryService.getInitString.dwr HTTP/1.1" 200 792
58.40.7.146 - - [10/Oct/2020:10:06:20 +0800] "GET /xingrg/javascript/multi_select/dropdown.gif HTTP/1.1" 200 61
114.88.166.242 - - [10/Oct/2020:10:06:21 +0800] "GET /xingrg/kc/buy/cgsh_order_operate.html?command=get_materiel&rest_code=00111&code=00101003037&supplier_code=00100088&order_time=2020-10-10 HTTP/1.1" 200 436
114.88.166.242 - - [10/Oct/2020:10:06:22 +0800] "GET /xingrg/all/function/internal_message.html?_=1602295571418&CODE_STATE=getMsg HTTP/1.1" 200 27
180.162.245.190 - - [10/Oct/2020:10:06:23 +0800] "GET /xingrg/kc/buy/cgsh_order_operate.html?command=get_materiel&rest_code=00105&code=00101004090&supplier_code=00100312&order_time=2020-10-10 HTTP/1.1" 200 414
58.40.7.146 - - [10/Oct/2020:10:06:29 +0800] "POST /xingrg/dwr/call/plaincall/AjaxReportQueryService.refreshCache.dwr HTTP/1.1" 200 78
114.88.166.242 - - [10/Oct/2020:10:06:30 +0800] "POST /xingrg/kc/buy/cgsh_order_operate.html HTTP/1.1" 200 37
114.88.166.242 - - [10/Oct/2020:10:06:31 +0800] "POST /xingrg/kc/buy/cgsh_order_operate.html HTTP/1.1" 200 2663
58.40.7.146 - - [10/Oct/2020:10:06:31 +0800] "POST /xingrg/all/report/load_report_page.html HTTP/1.1" 200 121254
58.40.7.146 - - [10/Oct/2020:10:06:31 +0800] "GET /xingrg/servlets/image?cache=0.2142959428183222&image=px HTTP/1.1" 200 807
172.17.0.115 - - [10/Oct/2020:10:06:32 +0800] "GET /xingrg/check_reg.html?_=1602295606052 HTTP/1.1" 200 22
58.40.7.146 - - [10/Oct/2020:10:06:35 +0800] "GET /xingrg/all/report/report_query.html?isQuery=1&fileName=kc/buy/wlcg_cate_hz.xml&queryString=(CONVERT(char(10)%252Ca.order_time%252C%2520120)%253E%253D'2020-08-01')%2520and%2520(CONVERT(char(10)%252Ca.order_time%252C%2520120)%253C%253D'2020-09-30')%2520and%2520(a.number%253E0%2520and%2520a.supplier_code%253D'00100219')&queryText=%25E3%2580%2590%25E9%2587%2587%25E8%25B4%25AD%25E6%2597%25A5%25E6%259C%259F%253A2020-08-01%2520%25E8%2587%25B3%25202020-09-30%25E3%2580%2591%2520%25E5%25B9%25B6%25E4%25B8%2594%2520%25E3%2580%2590%25E4%25BE%259B%25E5%25BA%2594%25E5%2595%2586%253D%25E5%25BB%25BA%25E5%2585%25B4%25E4%25BA%2594%25E9%2587%2591%25E3%2580%2591 HTTP/1.1" 200 54362
58.40.7.146 - - [10/Oct/2020:10:06:35 +0800] "GET /xingrg/dwr/interface/AjaxReportQueryService.js HTTP/1.1" 200 13203
58.40.7.146 - - [10/Oct/2020:10:06:35 +0800] "GET /xingrg/dwr/engine.js HTTP/1.1" 200 43631
180.162.245.190 - - [10/Oct/2020:10:06:35 +0800] "GET /xingrg/kc/buy/cgsh_order_operate.html?command=get_materiel&rest_code=00105&code=00101004067&supplier_code=00100312&order_time=2020-10-10 HTTP/1.1" 200 413
172.17.0.115 - - [10/Oct/2020:10:06:35 +0800] "GET /xingrg/all/function/internal_message.html?_=1602295610014&CODE_STATE=getMsg HTTP/1.1" 200 27
58.40.7.146 - - [10/Oct/2020:10:06:36 +0800] "POST /xingrg/all/report/load_report_page.html HTTP/1.1" 200 8732
58.40.7.146 - - [10/Oct/2020:10:06:36 +0800] "GET /xingrg/servlets/image?cache=0.029865849577270898&image=px HTTP/1.1" 200 807
117.185.32.26 - - [10/Oct/2020:10:06:39 +0800] "GET /xingrg/all/function/internal_message.html?_=1602295590259&CODE_STATE=getMsg HTTP/1.1" 200 27
58.40.7.146 - - [10/Oct/2020:10:06:39 +0800] "POST /xingrg/all/report/load_report_page.html HTTP/1.1" 200 120454
58.40.7.146 - - [10/Oct/2020:10:06:39 +0800] "GET /xingrg/images/blue/button/back2.gif HTTP/1.1" 200 1339
58.40.7.146 - - [10/Oct/2020:10:06:39 +0800] "GET /xingrg/images/blue/button/back.gif HTTP/1.1" 200 1352
58.40.7.146 - - [10/Oct/2020:10:06:39 +0800] "GET /xingrg/servlets/image?cache=0.056798634084378574&image=px HTTP/1.1" 200 807
58.40.7.146 - - [10/Oct/2020:10:06:40 +0800] "GET /xingrg/javascript/jquery_easy_ui/themes/default/images/button_plain_hover.png HTTP/1.1" 200 252
172.17.200.101 - - [10/Oct/2020:10:06:41 +0800] "GET /xingrg/all/function/internal_message.html?_=1602295598100&CODE_STATE=getMsg HTTP/1.1" 200 27
172.17.0.120 - - [10/Oct/2020:10:06:41 +0800] "GET /xingrg/check_reg.html?_=1602295596221 HTTP/1.1" 200 22
172.17.0.120 - - [10/Oct/2020:10:06:41 +0800] "GET /xingrg/all/function/internal_message.html?_=1602295596227&CODE_STATE=getMsg HTTP/1.1" 200 27
180.162.245.190 - - [10/Oct/2020:10:06:41 +0800] "GET /xingrg/kc/buy/cgsh_order_operate.html?command=get_materiel&rest_code=00105&code=00101004027&supplier_code=00100312&order_time=2020-10-10 HTTP/1.1" 200 409
58.40.7.146 - - [10/Oct/2020:10:06:42 +0800] "POST /xingrg/all/report/report_print.html HTTP/1.1" 200 17436
222.69.137.1 - - [10/Oct/2020:10:06:43 +0800] "GET /xingrg/all/function/internal_message.html?_=1602295591302&CODE_STATE=getMsg HTTP/1.1" 200 27
172.17.0.100 - - [10/Oct/2020:10:06:43 +0800] "GET /xingrg/all/function/internal_message.html?_=1602295596681&CODE_STATE=getMsg HTTP/1.1" 200 27
114.88.166.242 - - [10/Oct/2020:10:06:44 +0800] "GET /xingrg/kc/print/load_data.html?order_code=212020101004134&kc_code=cgsh&condition= HTTP/1.1" 200 748
180.161.96.95 - - [10/Oct/2020:10:06:49 +0800] "GET /xingrg/all/function/internal_message.html?_=1602295820333&CODE_STATE=getMsg HTTP/1.1" 200 27
114.88.166.242 - - [10/Oct/2020:10:06:52 +0800] "GET /xingrg/all/function/internal_message.html?_=1602295689807&CODE_STATE=getMsg HTTP/1.1" 200 27
218.81.217.115 - - [10/Oct/2020:10:06:53 +0800] "GET /xingrg/all/function/internal_message.html?_=1602295608781&CODE_STATE=getMsg HTTP/1.1" 200 27
180.174.56.115 - - [10/Oct/2020:10:06:55 +0800] "GET /xingrg/all/function/internal_message.html?_=1602295584530&CODE_STATE=getMsg HTTP/1.1" 200 27
180.157.253.48 - - [10/Oct/2020:10:06:56 +0800] "POST /xingrg/services/DataTransmitService HTTP/1.1" 200 524
180.157.253.48 - - [10/Oct/2020:10:06:56 +0800] "POST /xingrg/services/DataTransmitService HTTP/1.1" 200 501
180.157.253.48 - - [10/Oct/2020:10:06:56 +0800] "POST /xingrg/services/DataTransmitService HTTP/1.1" 200 501
180.157.253.48 - - [10/Oct/2020:10:06:56 +0800] "POST /xingrg/services/DataTransmitService HTTP/1.1" 200 501
180.157.253.48 - - [10/Oct/2020:10:06:56 +0800] "POST /xingrg/services/DataTransmitService HTTP/1.1" 200 501
180.157.253.48 - - [10/Oct/2020:10:06:56 +0800] "POST /xingrg/services/DataTransmitService HTTP/1.1" 200 501
180.157.253.48 - - [10/Oct/2020:10:06:56 +0800] "POST /xingrg/services/DataTransmitService HTTP/1.1" 200 501
180.157.253.48 - - [10/Oct/2020:10:06:57 +0800] "POST /xingrg/services/DataTransmitService HTTP/1.1" 200 501
