117.184.7.30 - - [10/Oct/2020:10:56:52 +0800] "GET /xingrg/all/function/internal_message.html?_=1602298596311&CODE_STATE=getMsg HTTP/1.1" 200 27
117.184.7.30 - - [10/Oct/2020:10:56:53 +0800] "POST /xingrg/kc/buy/cgsh_order_operate.html HTTP/1.1" 200 22720
124.77.70.31 - - [10/Oct/2020:10:56:53 +0800] "GET /xingrg/kc/buy/cgsh_order_operate.html?command=get_materiel&rest_code=00107&code=00101010162&supplier_code=00100347&order_time=2020-10-10 HTTP/1.1" 200 417
117.184.7.30 - - [10/Oct/2020:10:56:55 +0800] "GET /xingrg/kc/print/load_config.html?kc_code=cgsh HTTP/1.1" 200 1845
117.184.7.30 - - [10/Oct/2020:10:56:55 +0800] "GET /xingrg/kc/print/load_data.html?order_code=212020101004222&kc_code=cgsh&condition= HTTP/1.1" 200 8219
218.81.217.115 - - [10/Oct/2020:10:56:56 +0800] "GET /xingrg/all/function/internal_message.html?_=1602298611463&CODE_STATE=getMsg HTTP/1.1" 200 27
120.253.135.82 - - [10/Oct/2020:10:56:58 +0800] "GET /xingrg/check_reg.html?_=1602298362508 HTTP/1.1" 200 22
58.40.7.146 - - [10/Oct/2020:10:56:58 +0800] "GET /xingrg/all/function/internal_message.html?_=1602298613515&CODE_STATE=getMsg HTTP/1.1" 200 27
172.17.0.185 - - [10/Oct/2020:10:56:58 +0800] "GET /xingrg/all/function/internal_message.html?_=1602298612647&CODE_STATE=getMsg HTTP/1.1" 200 27
117.185.32.26 - - [10/Oct/2020:10:57:00 +0800] "POST /xingrg/kc/base/wldb_order_operate.html HTTP/1.1" 200 37
117.185.32.26 - - [10/Oct/2020:10:57:01 +0800] "POST /xingrg/kc/base/wldb_order_operate.html HTTP/1.1" 200 2185
117.185.32.26 - - [10/Oct/2020:10:57:01 +0800] "GET /xingrg/kc/base/wldb_order_info.html?code=422020101001218 HTTP/1.1" 200 30503
117.185.32.26 - - [10/Oct/2020:10:57:02 +0800] "GET /xingrg/javascript/easyui/themes/default/validatebox.css HTTP/1.1" 404 1104
117.185.32.26 - - [10/Oct/2020:10:57:02 +0800] "POST /xingrg/kc/base/wldb_order_operate.html HTTP/1.1" 200 2185
180.162.245.190 - - [10/Oct/2020:10:57:04 +0800] "GET /xingrg/all/function/internal_message.html?_=1602298620926&CODE_STATE=getMsg HTTP/1.1" 200 27
117.185.32.26 - - [10/Oct/2020:10:57:04 +0800] "GET /xingrg/kc/base/wldb_order_add.html HTTP/1.1" 200 30493
218.81.217.115 - - [10/Oct/2020:10:57:05 +0800] "GET /xingrg/all/function/internal_message.html?_=1602298646326&CODE_STATE=getMsg HTTP/1.1" 200 27
117.185.32.26 - - [10/Oct/2020:10:57:05 +0800] "GET /xingrg/javascript/easyui/themes/default/validatebox.css HTTP/1.1" 404 1104
117.185.32.26 - - [10/Oct/2020:10:57:05 +0800] "POST /xingrg/kc/base/wldb_order_operate.html HTTP/1.1" 200 6806
117.185.32.26 - - [10/Oct/2020:10:57:05 +0800] "GET /xingrg/all/function/internal_message.html?_=1602299059821&CODE_STATE=getMsg HTTP/1.1" 200 27
117.185.32.26 - - [10/Oct/2020:10:57:06 +0800] "POST /xingrg/all/common/load_combo.html?type=base HTTP/1.1" 200 3142
180.157.253.48 - - [10/Oct/2020:10:57:07 +0800] "GET /xingrg/all/function/internal_message.html?_=1602298633345&CODE_STATE=getMsg HTTP/1.1" 200 27
117.185.32.26 - - [10/Oct/2020:10:57:09 +0800] "POST /xingrg/all/common/load_combo.html?type=base HTTP/1.1" 200 3142
180.174.56.115 - - [10/Oct/2020:10:57:10 +0800] "GET /xingrg/check_reg.html?_=1602298599032 HTTP/1.1" 200 22
180.174.56.115 - - [10/Oct/2020:10:57:11 +0800] "GET /xingrg/all/function/internal_message.html?_=1602298599841&CODE_STATE=getMsg HTTP/1.1" 200 27
117.184.7.30 - - [10/Oct/2020:10:57:12 +0800] "GET /xingrg/kc/base/base_main.html HTTP/1.1" 200 12142
117.184.7.30 - - [10/Oct/2020:10:57:12 +0800] "GET /xingrg/images/blue/button/wlsy.gif HTTP/1.1" 304 -
117.184.7.30 - - [10/Oct/2020:10:57:13 +0800] "GET /xingrg/images/blue/button/ckpd.gif HTTP/1.1" 304 -
117.184.7.30 - - [10/Oct/2020:10:57:13 +0800] "GET /xingrg/images/blue/button/ckdb.gif HTTP/1.1" 304 -
117.184.7.30 - - [10/Oct/2020:10:57:13 +0800] "GET /xingrg/images/blue/button/yddb.gif HTTP/1.1" 304 -
117.184.7.30 - - [10/Oct/2020:10:57:13 +0800] "GET /xingrg/images/blue/button/top_left.jpg HTTP/1.1" 304 -
117.184.7.30 - - [10/Oct/2020:10:57:13 +0800] "GET /xingrg/images/blue/button/top_right.jpg HTTP/1.1" 304 -
117.184.7.30 - - [10/Oct/2020:10:57:13 +0800] "GET /xingrg/images/blue/button/down.jpg HTTP/1.1" 304 -
117.184.7.30 - - [10/Oct/2020:10:57:13 +0800] "GET /xingrg/images/blue/button/left_ah.jpg HTTP/1.1" 304 -
117.184.7.30 - - [10/Oct/2020:10:57:13 +0800] "GET /xingrg/images/blue/button/bottom_left.jpg HTTP/1.1" 304 -
117.184.7.30 - - [10/Oct/2020:10:57:13 +0800] "GET /xingrg/images/blue/button/bottom_right.jpg HTTP/1.1" 304 -
117.184.7.30 - - [10/Oct/2020:10:57:13 +0800] "GET /xingrg/kc/mdqp/qp_main.html HTTP/1.1" 200 10633
117.184.7.30 - - [10/Oct/2020:10:57:13 +0800] "GET /xingrg/images/blue/button/qqpsd.gif HTTP/1.1" 304 -
117.184.7.30 - - [10/Oct/2020:10:57:13 +0800] "GET /xingrg/images/blue/button/pszx.gif HTTP/1.1" 304 -
117.184.7.30 - - [10/Oct/2020:10:57:13 +0800] "GET /xingrg/images/blue/button/psshd.gif HTTP/1.1" 304 -
58.40.7.146 - - [10/Oct/2020:10:57:13 +0800] "GET /xingrg/all/function/internal_message.html?_=1602298628801&CODE_STATE=getMsg HTTP/1.1" 200 27
117.184.7.30 - - [10/Oct/2020:10:57:14 +0800] "GET /xingrg/images/yd/bt.gif HTTP/1.1" 404 1040
117.184.7.30 - - [10/Oct/2020:10:57:14 +0800] "GET /xingrg/kc/mdqp/qqps_order_list.html HTTP/1.1" 200 9222
117.184.7.30 - - [10/Oct/2020:10:57:14 +0800] "GET /xingrg/dwr/interface/AjaxQqpsService.js HTTP/1.1" 200 16326
117.184.7.30 - - [10/Oct/2020:10:57:14 +0800] "GET /xingrg/dwr/interface/AjaxReportQueryService.js HTTP/1.1" 200 13203
117.184.7.26 - - [10/Oct/2020:10:57:14 +0800] "GET /xingrg/dwr/util.js HTTP/1.1" 304 -
117.184.7.30 - - [10/Oct/2020:10:57:14 +0800] "GET /xingrg/dwr/engine.js HTTP/1.1" 200 43631
117.184.7.30 - - [10/Oct/2020:10:57:15 +0800] "GET /xingrg/javascript/jquery_easy_ui/themes/icons/cance_new.png HTTP/1.1" 304 -
117.184.7.30 - - [10/Oct/2020:10:57:15 +0800] "GET /xingrg/javascript/jquery_easy_ui/themes/default/images/button_plain_hover.png HTTP/1.1" 304 -
124.77.70.31 - - [10/Oct/2020:10:57:16 +0800] "GET /xingrg/kc/buy/cgsh_order_operate.html?command=get_materiel&rest_code=00107&code=00101005022&supplier_code=00100347&order_time=2020-10-10 HTTP/1.1" 200 417
117.184.7.30 - - [10/Oct/2020:10:57:16 +0800] "GET /xingrg/kc/mdqp/qqps_order_add.html HTTP/1.1" 200 27996
117.185.32.26 - - [10/Oct/2020:10:57:16 +0800] "GET /xingrg/kc/base/wldb_order_operate.html?command=get_materiel&rest_code=00106&base_code=0010397&code=00102002315 HTTP/1.1" 200 447
124.77.70.31 - - [10/Oct/2020:10:57:16 +0800] "GET /xingrg/all/function/internal_message.html?_=1602298622029&CODE_STATE=getMsg HTTP/1.1" 200 27
117.184.7.30 - - [10/Oct/2020:10:57:16 +0800] "GET /xingrg/dwr/interface/AjaxComOrderService.js HTTP/1.1" 200 18264
117.184.7.26 - - [10/Oct/2020:10:57:16 +0800] "GET /xingrg/dwr/interface/AjaxQqpsService.js HTTP/1.1" 200 16326
117.184.7.30 - - [10/Oct/2020:10:57:16 +0800] "GET /xingrg/dwr/engine.js HTTP/1.1" 200 43631
117.184.7.30 - - [10/Oct/2020:10:57:16 +0800] "GET /xingrg/javascript/jquery_easy_ui/themes/icons/back_new.png HTTP/1.1" 304 -
117.184.7.30 - - [10/Oct/2020:10:57:16 +0800] "GET /xingrg/javascript/jquery_easy_ui/themes/default/images/menu_downarrow.png HTTP/1.1" 304 -
117.184.7.30 - - [10/Oct/2020:10:57:16 +0800] "GET /xingrg/javascript/jquery_easy_ui/themes/icons/print.png HTTP/1.1" 304 -
124.77.70.31 - - [10/Oct/2020:10:57:16 +0800] "GET /xingrg/check_reg.html?_=1602298622507 HTTP/1.1" 200 22
58.37.8.227 - - [10/Oct/2020:10:57:16 +0800] "GET /xingrg/all/function/internal_message.html?_=1602298647801&CODE_STATE=getMsg HTTP/1.1" 200 27
117.185.32.26 - - [10/Oct/2020:10:57:16 +0800] "GET /xingrg/kc/buy/cgsh_order_operate.html?command=get_materiel&rest_code=00106&code=00101006101&supplier_code=00100324&order_time=2020-10-10 HTTP/1.1" 200 421
117.184.7.30 - - [10/Oct/2020:10:57:17 +0800] "GET /xingrg/javascript/jquery_easy_ui/themes/default/images/combo_arrow_dot.gif HTTP/1.1" 304 -
180.162.245.190 - - [10/Oct/2020:10:57:18 +0800] "GET /xingrg/all/function/internal_message.html?_=1602298616809&CODE_STATE=getMsg HTTP/1.1" 200 27
117.185.32.26 - - [10/Oct/2020:10:57:20 +0800] "POST /xingrg/kc/base/wldb_order_operate.html HTTP/1.1" 200 37
117.185.32.26 - - [10/Oct/2020:10:57:21 +0800] "POST /xingrg/kc/base/wldb_order_operate.html HTTP/1.1" 200 2211
114.88.166.242 - - [10/Oct/2020:10:57:21 +0800] "GET /xingrg/all/function/internal_message.html?_=1602298632422&CODE_STATE=getMsg HTTP/1.1" 200 27
117.185.32.26 - - [10/Oct/2020:10:57:21 +0800] "GET /xingrg/kc/base/wldb_order_info.html?code=422020101001219 HTTP/1.1" 200 30507
117.185.32.26 - - [10/Oct/2020:10:57:22 +0800] "GET /xingrg/javascript/easyui/themes/default/validatebox.css HTTP/1.1" 404 1104
117.185.32.26 - - [10/Oct/2020:10:57:22 +0800] "POST /xingrg/kc/base/wldb_order_operate.html HTTP/1.1" 200 2211
117.185.32.26 - - [10/Oct/2020:10:57:24 +0800] "POST /xingrg/kc/base/wldb_list_operate.html HTTP/1.1" 200 2572
117.131.5.26 - - [10/Oct/2020:10:57:27 +0800] "GET /xingrg/all/function/internal_message.html?_=1602298452639&CODE_STATE=getMsg HTTP/1.1" 200 27
117.184.7.30 - - [10/Oct/2020:10:57:30 +0800] "POST /xingrg/dwr/call/plaincall/AjaxQqpsService.saveOrder.dwr HTTP/1.1" 200 78
172.17.0.120 - - [10/Oct/2020:10:57:32 +0800] "GET /xingrg/all/function/internal_message.html?_=1602298647845&CODE_STATE=getMsg HTTP/1.1" 200 27
172.17.200.101 - - [10/Oct/2020:10:57:33 +0800] "GET /xingrg/all/function/internal_message.html?_=1602298650496&CODE_STATE=getMsg HTTP/1.1" 200 27
180.174.56.115 - - [10/Oct/2020:10:57:34 +0800] "GET /xingrg/kc/print/load_data.html?order_code=212020101004228&kc_code=cgsh&condition= HTTP/1.1" 200 725
180.157.253.48 - - [10/Oct/2020:10:57:37 +0800] "POST /xingrg/kc/buy/cgsh_list_operate.html HTTP/1.1" 200 2852
172.17.0.111 - - [10/Oct/2020:10:57:38 +0800] "GET /xingrg/all/function/internal_message.html?_=1602298653278&CODE_STATE=getMsg HTTP/1.1" 200 27
117.185.32.26 - - [10/Oct/2020:10:57:39 +0800] "GET /xingrg/all/function/internal_message.html?_=1602298650322&CODE_STATE=getMsg HTTP/1.1" 200 27
180.174.56.115 - - [10/Oct/2020:10:57:39 +0800] "GET /xingrg/kc/buy/cgsh_order_add.html HTTP/1.1" 200 59873
124.77.70.31 - - [10/Oct/2020:10:57:40 +0800] "POST /xingrg/kc/buy/cgsh_order_operate.html HTTP/1.1" 200 37
180.174.56.115 - - [10/Oct/2020:10:57:40 +0800] "POST /xingrg/kc/buy/cgsh_order_operate.html HTTP/1.1" 200 8245
180.174.56.115 - - [10/Oct/2020:10:57:40 +0800] "GET /xingrg/javascript/easyui/themes/default/validatebox.css HTTP/1.1" 404 1104
124.77.70.31 - - [10/Oct/2020:10:57:41 +0800] "POST /xingrg/kc/buy/cgsh_order_operate.html HTTP/1.1" 200 5064
180.157.253.48 - - [10/Oct/2020:10:57:41 +0800] "GET /xingrg/kc/buy/cgsh_order_list.html HTTP/1.1" 200 44205
180.157.253.48 - - [10/Oct/2020:10:57:41 +0800] "GET /xingrg/css/base.css HTTP/1.1" 304 -
180.157.253.48 - - [10/Oct/2020:10:57:41 +0800] "GET /xingrg/css/site.css HTTP/1.1" 304 -
180.157.253.48 - - [10/Oct/2020:10:57:41 +0800] "GET /xingrg/javascript/jquery_tools/datebox.css HTTP/1.1" 304 -
180.157.253.48 - - [10/Oct/2020:10:57:41 +0800] "GET /xingrg/javascript/jquery_tools/jquery.tools.hotkey.js HTTP/1.1" 304 -
180.157.253.48 - - [10/Oct/2020:10:57:41 +0800] "GET /xingrg/javascript/easyui/themes/default/easyui.css HTTP/1.1" 304 -
180.157.253.48 - - [10/Oct/2020:10:57:41 +0800] "GET /xingrg/javascript/easyui/themes/icon.css HTTP/1.1" 304 -
180.157.253.48 - - [10/Oct/2020:10:57:41 +0800] "GET /xingrg/javascript/auto/jquery.autocomplete.css HTTP/1.1" 304 -
180.157.253.48 - - [10/Oct/2020:10:57:41 +0800] "GET /xingrg/javascript/jquery_tools/fix.css HTTP/1.1" 304 -
180.157.253.48 - - [10/Oct/2020:10:57:41 +0800] "GET /xingrg/javascript/jquery_tools/table.css HTTP/1.1" 304 -
180.157.253.48 - - [10/Oct/2020:10:57:41 +0800] "GET /xingrg/javascript/jquery_tools/list_manager.js HTTP/1.1" 304 -
180.157.253.48 - - [10/Oct/2020:10:57:41 +0800] "GET /xingrg/javascript/jquery_tools/jquery.tools.min.js HTTP/1.1" 304 -
180.157.253.48 - - [10/Oct/2020:10:57:41 +0800] "GET /xingrg/javascript/jquery_tools/jquery.tools.extend.js HTTP/1.1" 304 -
180.157.253.48 - - [10/Oct/2020:10:57:41 +0800] "GET /xingrg/javascript/jquery_tools/jquery.tools.table.js HTTP/1.1" 304 -
180.157.253.48 - - [10/Oct/2020:10:57:41 +0800] "GET /xingrg/javascript/auto/jquery.autocomplete.js HTTP/1.1" 304 -
180.157.253.48 - - [10/Oct/2020:10:57:41 +0800] "GET /xingrg/javascript/easyui/easyloader.js HTTP/1.1" 304 -
180.157.253.48 - - [10/Oct/2020:10:57:41 +0800] "GET /xingrg/javascript/jquery.utils.js HTTP/1.1" 304 -
180.157.253.48 - - [10/Oct/2020:10:57:41 +0800] "GET /xingrg/javascript/jquery.cookie.js HTTP/1.1" 304 -
180.157.253.48 - - [10/Oct/2020:10:57:41 +0800] "GET /xingrg/javascript/print/LodopFuncs.js HTTP/1.1" 304 -
180.157.253.48 - - [10/Oct/2020:10:57:41 +0800] "GET /xingrg/javascript/easyui/plugins/jquery.parser.js HTTP/1.1" 304 -
124.77.70.31 - - [10/Oct/2020:10:57:42 +0800] "GET /xingrg/kc/print/load_data.html?order_code=212020101004229&kc_code=cgsh&condition= HTTP/1.1" 200 1597
222.69.137.1 - - [10/Oct/2020:10:57:42 +0800] "GET /xingrg/all/function/internal_message.html?_=1602298651098&CODE_STATE=getMsg HTTP/1.1" 200 27
180.157.253.48 - - [10/Oct/2020:10:57:43 +0800] "POST /xingrg/kc/buy/cgsh_list_operate.html HTTP/1.1" 200 3091
172.17.0.100 - - [10/Oct/2020:10:57:43 +0800] "GET /xingrg/all/function/internal_message.html?_=1602298656723&CODE_STATE=getMsg HTTP/1.1" 200 27
58.37.8.227 - - [10/Oct/2020:10:57:44 +0800] "GET /xingrg/all/function/internal_message.html?_=1602298266177&CODE_STATE=getMsg HTTP/1.1" 200 27
218.81.217.115 - - [10/Oct/2020:10:57:45 +0800] "GET /xingrg/check_reg.html?_=1602298653472 HTTP/1.1" 200 22
180.161.96.95 - - [10/Oct/2020:10:57:50 +0800] "GET /xingrg/all/function/internal_message.html?_=1602298881996&CODE_STATE=getMsg HTTP/1.1" 200 27
114.88.166.242 - - [10/Oct/2020:10:57:51 +0800] "GET /xingrg/all/function/internal_message.html?_=1602298748565&CODE_STATE=getMsg HTTP/1.1" 200 27
117.184.7.30 - - [10/Oct/2020:10:57:52 +0800] "GET /xingrg/all/function/internal_message.html?_=1602298656300&CODE_STATE=getMsg HTTP/1.1" 200 27
180.174.56.115 - - [10/Oct/2020:10:57:55 +0800] "GET /xingrg/kc/buy/cgsh_order_operate.html?command=get_materiel&rest_code=00150&code=00101002002&supplier_code=00100347&order_time=2020-10-10 HTTP/1.1" 200 418
218.81.217.115 - - [10/Oct/2020:10:57:56 +0800] "GET /xingrg/all/function/internal_message.html?_=1602298671673&CODE_STATE=getMsg HTTP/1.1" 200 27
58.40.7.146 - - [10/Oct/2020:10:57:58 +0800] "GET /xingrg/all/function/internal_message.html?_=1602298673518&CODE_STATE=getMsg HTTP/1.1" 200 27
172.17.0.185 - - [10/Oct/2020:10:57:58 +0800] "GET /xingrg/all/function/internal_message.html?_=1602298672650&CODE_STATE=getMsg HTTP/1.1" 200 27
117.185.32.26 - - [10/Oct/2020:10:58:01 +0800] "GET /xingrg/kc/mdqp/qp_main.html HTTP/1.1" 200 10633
117.185.32.26 - - [10/Oct/2020:10:58:02 +0800] "GET /xingrg/images/yd/bt.gif HTTP/1.1" 404 1040
117.184.7.30 - - [10/Oct/2020:10:58:03 +0800] "GET /xingrg/javascript/auto/indicator.gif HTTP/1.1" 404 1066
180.162.245.190 - - [10/Oct/2020:10:58:04 +0800] "GET /xingrg/check_reg.html?_=1602298680913 HTTP/1.1" 200 22
180.162.245.190 - - [10/Oct/2020:10:58:04 +0800] "GET /xingrg/all/function/internal_message.html?_=1602298680914&CODE_STATE=getMsg HTTP/1.1" 200 27
218.81.217.115 - - [10/Oct/2020:10:58:05 +0800] "GET /xingrg/all/function/internal_message.html?_=1602298706468&CODE_STATE=getMsg HTTP/1.1" 200 27
117.184.7.30 - - [10/Oct/2020:10:58:05 +0800] "POST /xingrg/dwr/call/plaincall/AjaxQqpsService.getMaterielByCode.dwr HTTP/1.1" 200 2599
124.77.70.31 - - [10/Oct/2020:10:58:07 +0800] "GET /favicon.ico HTTP/1.1" 404 -
117.185.32.26 - - [10/Oct/2020:10:58:07 +0800] "POST /xingrg/kc/buy/cgsh_order_operate.html HTTP/1.1" 200 37
180.157.253.48 - - [10/Oct/2020:10:58:07 +0800] "GET /xingrg/all/function/internal_message.html?_=1602298693534&CODE_STATE=getMsg HTTP/1.1" 200 27
117.185.32.26 - - [10/Oct/2020:10:58:08 +0800] "GET /xingrg/kc/mdqp/pssh_order_list.html HTTP/1.1" 200 17914
117.185.32.26 - - [10/Oct/2020:10:58:08 +0800] "POST /xingrg/kc/mdqp/pssh_list_operate.html HTTP/1.1" 200 5505
117.185.32.26 - - [10/Oct/2020:10:58:09 +0800] "POST /xingrg/kc/buy/cgsh_order_operate.html HTTP/1.1" 200 12
117.185.32.26 - - [10/Oct/2020:10:58:10 +0800] "GET /xingrg/kc/buy/cgsh_order_info.html?code=212020101004230 HTTP/1.1" 200 54844
117.185.32.26 - - [10/Oct/2020:10:58:10 +0800] "GET /xingrg/javascript/easyui/themes/default/validatebox.css HTTP/1.1" 404 1104
117.185.32.26 - - [10/Oct/2020:10:58:11 +0800] "POST /xingrg/kc/buy/cgsh_order_operate.html HTTP/1.1" 200 1212
180.174.56.115 - - [10/Oct/2020:10:58:11 +0800] "GET /xingrg/all/function/internal_message.html?_=1602298659854&CODE_STATE=getMsg HTTP/1.1" 200 27
117.185.32.26 - - [10/Oct/2020:10:58:11 +0800] "POST /xingrg/kc/mdqp/pssh_list_operate.html HTTP/1.1" 200 1899
117.184.7.30 - - [10/Oct/2020:10:58:12 +0800] "POST /xingrg/dwr/call/plaincall/AjaxQqpsService.saveMaterielItem.dwr HTTP/1.1" 200 78
117.185.32.26 - - [10/Oct/2020:10:58:13 +0800] "GET /xingrg/kc/print/load_data.html?order_code=212020101004230&kc_code=cgsh&condition= HTTP/1.1" 200 938
58.40.7.146 - - [10/Oct/2020:10:58:13 +0800] "GET /xingrg/all/function/internal_message.html?_=1602298688804&CODE_STATE=getMsg HTTP/1.1" 200 27
117.184.7.30 - - [10/Oct/2020:10:58:14 +0800] "GET /xingrg/kc/buy/buy_main.html HTTP/1.1" 200 12412
117.184.7.30 - - [10/Oct/2020:10:58:14 +0800] "GET /xingrg/css/new_ie.css HTTP/1.1" 404 1036
117.185.32.26 - - [10/Oct/2020:10:58:14 +0800] "GET /xingrg/kc/mdqp/qp_main.html HTTP/1.1" 200 10633
117.185.32.26 - - [10/Oct/2020:10:58:14 +0800] "GET /xingrg/images/yd/bt.gif HTTP/1.1" 404 1040
117.185.32.26 - - [10/Oct/2020:10:58:15 +0800] "GET /xingrg/kc/mdqp/qqps_order_list.html HTTP/1.1" 200 9644
117.184.7.26 - - [10/Oct/2020:10:58:15 +0800] "GET /xingrg/kc/buy/cgsh_order_list.html HTTP/1.1" 200 44199
117.185.32.26 - - [10/Oct/2020:10:58:15 +0800] "GET /xingrg/dwr/interface/AjaxQqpsService.js HTTP/1.1" 200 16326
117.185.32.26 - - [10/Oct/2020:10:58:15 +0800] "GET /xingrg/dwr/interface/AjaxReportQueryService.js HTTP/1.1" 200 13203
117.185.32.26 - - [10/Oct/2020:10:58:15 +0800] "GET /xingrg/dwr/engine.js HTTP/1.1" 200 43631
124.77.70.31 - - [10/Oct/2020:10:58:16 +0800] "GET /xingrg/all/function/internal_message.html?_=1602298682014&CODE_STATE=getMsg HTTP/1.1" 200 27
117.184.7.26 - - [10/Oct/2020:10:58:16 +0800] "POST /xingrg/kc/buy/cgsh_list_operate.html HTTP/1.1" 200 1679
58.37.8.227 - - [10/Oct/2020:10:58:16 +0800] "GET /xingrg/all/function/internal_message.html?_=1602298707770&CODE_STATE=getMsg HTTP/1.1" 200 27
117.185.32.26 - - [10/Oct/2020:10:58:16 +0800] "GET /xingrg/kc/mdqp/qqps_order_info.html?code=302020101000213 HTTP/1.1" 200 28324
117.185.32.26 - - [10/Oct/2020:10:58:16 +0800] "GET /xingrg/dwr/interface/AjaxQqpsService.js HTTP/1.1" 200 16326
117.185.32.26 - - [10/Oct/2020:10:58:16 +0800] "GET /xingrg/dwr/interface/AjaxComOrderService.js HTTP/1.1" 200 18264
117.185.32.26 - - [10/Oct/2020:10:58:16 +0800] "GET /xingrg/dwr/engine.js HTTP/1.1" 200 43631
180.174.56.115 - - [10/Oct/2020:10:58:17 +0800] "GET /xingrg/kc/buy/cgsh_order_operate.html?command=get_materiel&rest_code=00150&code=00101010312&supplier_code=00100347&order_time=2020-10-10 HTTP/1.1" 200 418
117.184.7.26 - - [10/Oct/2020:10:58:18 +0800] "GET /xingrg/kc/buy/cgsh_order_add.html HTTP/1.1" 200 59896
117.184.7.26 - - [10/Oct/2020:10:58:18 +0800] "POST /xingrg/kc/buy/cgsh_order_operate.html HTTP/1.1" 200 8245
180.162.245.190 - - [10/Oct/2020:10:58:18 +0800] "GET /xingrg/all/function/internal_message.html?_=1602298676814&CODE_STATE=getMsg HTTP/1.1" 200 27
117.185.32.26 - - [10/Oct/2020:10:58:18 +0800] "POST /xingrg/dwr/call/plaincall/AjaxQqpsService.loadMaterielItems.dwr HTTP/1.1" 200 4105
180.162.245.190 - - [10/Oct/2020:10:58:18 +0800] "GET /xingrg/check_reg.html?_=1602298676810 HTTP/1.1" 200 22
117.184.7.26 - - [10/Oct/2020:10:58:18 +0800] "GET /xingrg/javascript/easyui/themes/default/validatebox.css HTTP/1.1" 404 1104
114.88.166.242 - - [10/Oct/2020:10:58:21 +0800] "GET /xingrg/all/function/internal_message.html?_=1602298692449&CODE_STATE=getMsg HTTP/1.1" 200 27
117.184.7.26 - - [10/Oct/2020:10:58:23 +0800] "GET /xingrg/javascript/jquery_tools/images/prev.gif HTTP/1.1" 404 1086
117.184.7.26 - - [10/Oct/2020:10:58:23 +0800] "GET /xingrg/javascript/jquery_tools/images/next.gif HTTP/1.1" 404 1086
117.131.5.26 - - [10/Oct/2020:10:58:26 +0800] "GET /xingrg/check_reg.html?_=1602298512351 HTTP/1.1" 200 22
117.131.5.26 - - [10/Oct/2020:10:58:27 +0800] "GET /xingrg/all/function/internal_message.html?_=1602298512651&CODE_STATE=getMsg HTTP/1.1" 200 27
117.184.7.26 - - [10/Oct/2020:10:58:28 +0800] "GET /xingrg/kc/buy/cgsh_order_operate.html?command=get_materiel&rest_code=00108&code=00101006112&supplier_code=00100010&order_time=2020-10-10 HTTP/1.1" 200 409
180.174.56.115 - - [10/Oct/2020:10:58:28 +0800] "GET /xingrg/kc/buy/cgsh_order_operate.html?command=get_materiel&rest_code=00150&code=00101010313&supplier_code=00100347&order_time=2020-10-10 HTTP/1.1" 200 421
117.185.32.26 - - [10/Oct/2020:10:58:28 +0800] "GET /xingrg/kc/buy/cgsh_order_add.html HTTP/1.1" 200 59937
117.185.32.26 - - [10/Oct/2020:10:58:28 +0800] "POST /xingrg/kc/buy/cgsh_order_operate.html HTTP/1.1" 200 8245
117.185.32.26 - - [10/Oct/2020:10:58:28 +0800] "GET /xingrg/javascript/easyui/themes/default/validatebox.css HTTP/1.1" 404 1104
117.185.32.26 - - [10/Oct/2020:10:58:29 +0800] "GET /xingrg/javascript/easyui/themes/default/tree.css HTTP/1.1" 404 1090
117.185.32.26 - - [10/Oct/2020:10:58:30 +0800] "POST /xingrg/all/common/load_tree.html?tree=supplier_tree_json&isDelete=1 HTTP/1.1" 200 50541
117.185.32.26 - - [10/Oct/2020:10:58:30 +0800] "GET /xingrg/javascript/auto/indicator.gif HTTP/1.1" 404 1066
172.17.0.120 - - [10/Oct/2020:10:58:32 +0800] "GET /xingrg/all/function/internal_message.html?_=1602298707847&CODE_STATE=getMsg HTTP/1.1" 200 27
172.17.200.101 - - [10/Oct/2020:10:58:33 +0800] "GET /xingrg/all/function/internal_message.html?_=1602298710512&CODE_STATE=getMsg HTTP/1.1" 200 27
117.185.32.26 - - [10/Oct/2020:10:58:33 +0800] "POST /xingrg/dwr/call/plaincall/AjaxQqpsService.getMaterielByCode.dwr HTTP/1.1" 200 2568
117.185.32.26 - - [10/Oct/2020:10:58:36 +0800] "POST /xingrg/dwr/call/plaincall/AjaxQqpsService.saveMaterielItem.dwr HTTP/1.1" 200 78
180.174.56.115 - - [10/Oct/2020:10:58:38 +0800] "GET /xingrg/kc/buy/cgsh_order_operate.html?command=get_materiel&rest_code=00150&code=00102002167&supplier_code=00100347&order_time=2020-10-10 HTTP/1.1" 200 409
172.17.0.111 - - [10/Oct/2020:10:58:38 +0800] "GET /xingrg/all/function/internal_message.html?_=1602298713282&CODE_STATE=getMsg HTTP/1.1" 200 27
117.185.32.26 - - [10/Oct/2020:10:58:38 +0800] "GET /xingrg/images/yd/bt2.gif HTTP/1.1" 404 1042
117.185.32.26 - - [10/Oct/2020:10:58:39 +0800] "GET /xingrg/all/function/internal_message.html?_=1602298710317&CODE_STATE=getMsg HTTP/1.1" 200 27
117.184.7.26 - - [10/Oct/2020:10:58:39 +0800] "GET /xingrg/kc/buy/cgsh_order_operate.html?command=get_materiel&rest_code=00108&code=00101006111&supplier_code=00100010&order_time=2020-10-10 HTTP/1.1" 200 409
222.69.137.1 - - [10/Oct/2020:10:58:42 +0800] "GET /xingrg/all/function/internal_message.html?_=1602298711071&CODE_STATE=getMsg HTTP/1.1" 200 27
172.17.0.100 - - [10/Oct/2020:10:58:43 +0800] "GET /xingrg/all/function/internal_message.html?_=1602298716729&CODE_STATE=getMsg HTTP/1.1" 200 27
58.37.8.227 - - [10/Oct/2020:10:58:44 +0800] "GET /xingrg/all/function/internal_message.html?_=1602298326157&CODE_STATE=getMsg HTTP/1.1" 200 27
180.161.96.95 - - [10/Oct/2020:10:58:49 +0800] "GET /xingrg/check_reg.html?_=1602298940276 HTTP/1.1" 200 22
180.174.56.115 - - [10/Oct/2020:10:58:49 +0800] "GET /xingrg/kc/buy/cgsh_order_operate.html?command=get_materiel&rest_code=00150&code=00101008147&supplier_code=00100347&order_time=2020-10-10 HTTP/1.1" 200 416
180.161.96.95 - - [10/Oct/2020:10:58:51 +0800] "GET /xingrg/all/function/internal_message.html?_=1602298942146&CODE_STATE=getMsg HTTP/1.1" 200 27
114.88.166.242 - - [10/Oct/2020:10:58:51 +0800] "GET /xingrg/all/function/internal_message.html?_=1602298808545&CODE_STATE=getMsg HTTP/1.1" 200 27
117.184.7.26 - - [10/Oct/2020:10:58:52 +0800] "GET /xingrg/all/function/internal_message.html?_=1602298716274&CODE_STATE=getMsg HTTP/1.1" 200 27
218.81.217.115 - - [10/Oct/2020:10:58:52 +0800] "GET /xingrg/check_reg.html?_=1602298728066 HTTP/1.1" 200 22
117.185.32.26 - - [10/Oct/2020:10:58:54 +0800] "GET /xingrg/kc/buy/cgsh_order_operate.html?command=get_materiel&rest_code=00106&code=00101019502&supplier_code=00100344&order_time=2020-10-10 HTTP/1.1" 200 408
114.88.166.242 - - [10/Oct/2020:10:58:56 +0800] "GET /xingrg/check_reg.html?_=1602298727160 HTTP/1.1" 200 22
218.81.217.115 - - [10/Oct/2020:10:58:56 +0800] "GET /xingrg/all/function/internal_message.html?_=1602298731677&CODE_STATE=getMsg HTTP/1.1" 200 27
58.40.7.146 - - [10/Oct/2020:10:58:58 +0800] "GET /xingrg/all/function/internal_message.html?_=1602298733521&CODE_STATE=getMsg HTTP/1.1" 200 27
172.17.0.185 - - [10/Oct/2020:10:58:58 +0800] "GET /xingrg/all/function/internal_message.html?_=1602298732653&CODE_STATE=getMsg HTTP/1.1" 200 27
180.174.56.115 - - [10/Oct/2020:10:59:00 +0800] "GET /xingrg/kc/buy/cgsh_order_operate.html?command=get_materiel&rest_code=00150&code=00101008037&supplier_code=00100347&order_time=2020-10-10 HTTP/1.1" 200 415
180.162.245.190 - - [10/Oct/2020:10:59:04 +0800] "GET /xingrg/all/function/internal_message.html?_=1602298740912&CODE_STATE=getMsg HTTP/1.1" 200 27
218.81.217.115 - - [10/Oct/2020:10:59:05 +0800] "GET /xingrg/all/function/internal_message.html?_=1602298766478&CODE_STATE=getMsg HTTP/1.1" 200 27
117.185.32.26 - - [10/Oct/2020:10:59:05 +0800] "GET /xingrg/all/function/internal_message.html?_=1602299179838&CODE_STATE=getMsg HTTP/1.1" 200 27
117.185.32.26 - - [10/Oct/2020:10:59:06 +0800] "POST /xingrg/dwr/call/plaincall/AjaxQqpsService.saveOrder.dwr HTTP/1.1" 200 78
180.157.253.48 - - [10/Oct/2020:10:59:08 +0800] "GET /xingrg/all/function/internal_message.html?_=1602298753544&CODE_STATE=getMsg HTTP/1.1" 200 27
117.185.32.26 - - [10/Oct/2020:10:59:10 +0800] "POST /xingrg/kc/buy/cgsh_order_operate.html HTTP/1.1" 200 37
180.174.56.115 - - [10/Oct/2020:10:59:11 +0800] "GET /xingrg/all/function/internal_message.html?_=1602298719869&CODE_STATE=getMsg HTTP/1.1" 200 27
117.185.32.26 - - [10/Oct/2020:10:59:13 +0800] "POST /xingrg/kc/buy/cgsh_order_operate.html HTTP/1.1" 200 12
58.40.7.146 - - [10/Oct/2020:10:59:13 +0800] "GET /xingrg/all/function/internal_message.html?_=1602298748806&CODE_STATE=getMsg HTTP/1.1" 200 27
117.185.32.26 - - [10/Oct/2020:10:59:14 +0800] "GET /xingrg/kc/buy/cgsh_order_info.html?code=212020101004231 HTTP/1.1" 200 54844
117.185.32.26 - - [10/Oct/2020:10:59:14 +0800] "GET /xingrg/javascript/easyui/themes/default/validatebox.css HTTP/1.1" 404 1104
117.185.32.26 - - [10/Oct/2020:10:59:15 +0800] "POST /xingrg/kc/buy/cgsh_order_operate.html HTTP/1.1" 200 602
117.184.7.26 - - [10/Oct/2020:10:59:15 +0800] "GET /xingrg/kc/buy/cgsh_order_operate.html?command=get_materiel&rest_code=00108&code=00101006175&supplier_code=00100010&order_time=2020-10-10 HTTP/1.1" 200 415
124.77.70.31 - - [10/Oct/2020:10:59:16 +0800] "GET /xingrg/all/function/internal_message.html?_=1602298741996&CODE_STATE=getMsg HTTP/1.1" 200 27
58.37.8.227 - - [10/Oct/2020:10:59:16 +0800] "GET /xingrg/all/function/internal_message.html?_=1602298767747&CODE_STATE=getMsg HTTP/1.1" 200 27
117.185.32.26 - - [10/Oct/2020:10:59:17 +0800] "GET /xingrg/kc/print/load_data.html?order_code=212020101004231&kc_code=cgsh&condition= HTTP/1.1" 200 693
180.162.245.190 - - [10/Oct/2020:10:59:18 +0800] "GET /xingrg/all/function/internal_message.html?_=1602298736814&CODE_STATE=getMsg HTTP/1.1" 200 27
114.88.166.242 - - [10/Oct/2020:10:59:21 +0800] "GET /xingrg/all/function/internal_message.html?_=1602298752465&CODE_STATE=getMsg HTTP/1.1" 200 27
180.174.56.115 - - [10/Oct/2020:10:59:21 +0800] "POST /xingrg/kc/buy/cgsh_order_operate.html HTTP/1.1" 200 37
117.184.7.26 - - [10/Oct/2020:10:59:21 +0800] "POST /xingrg/kc/buy/cgsh_order_operate.html HTTP/1.1" 200 88
117.185.32.26 - - [10/Oct/2020:10:59:23 +0800] "GET /xingrg/kc/buy/cgsh_order_add.html HTTP/1.1" 200 59937
117.185.32.26 - - [10/Oct/2020:10:59:23 +0800] "POST /xingrg/kc/buy/cgsh_order_operate.html HTTP/1.1" 200 8245
117.185.32.26 - - [10/Oct/2020:10:59:23 +0800] "GET /xingrg/javascript/easyui/themes/default/validatebox.css HTTP/1.1" 404 1104
117.185.32.26 - - [10/Oct/2020:10:59:25 +0800] "GET /xingrg/javascript/easyui/themes/default/tree.css HTTP/1.1" 404 1090
117.185.32.26 - - [10/Oct/2020:10:59:25 +0800] "POST /xingrg/all/common/load_tree.html?tree=supplier_tree_json&isDelete=1 HTTP/1.1" 200 50541
117.185.32.26 - - [10/Oct/2020:10:59:25 +0800] "POST /xingrg/dwr/call/plaincall/AjaxQqpsService.checkOrder.dwr HTTP/1.1" 200 78
117.184.7.26 - - [10/Oct/2020:10:59:26 +0800] "POST /xingrg/kc/buy/cgsh_order_operate.html HTTP/1.1" 200 37
117.185.32.26 - - [10/Oct/2020:10:59:26 +0800] "GET /xingrg/kc/mdqp/qqps_order_info.html?code=302020101000213 HTTP/1.1" 200 26567
117.185.32.26 - - [10/Oct/2020:10:59:26 +0800] "GET /xingrg/dwr/interface/AjaxComOrderService.js HTTP/1.1" 200 18264
117.185.32.26 - - [10/Oct/2020:10:59:26 +0800] "GET /xingrg/dwr/interface/AjaxQqpsService.js HTTP/1.1" 200 16326
117.185.32.26 - - [10/Oct/2020:10:59:26 +0800] "GET /xingrg/dwr/engine.js HTTP/1.1" 200 43631
117.184.7.26 - - [10/Oct/2020:10:59:27 +0800] "POST /xingrg/kc/buy/cgsh_order_operate.html HTTP/1.1" 200 3838
117.131.5.26 - - [10/Oct/2020:10:59:27 +0800] "GET /xingrg/all/function/internal_message.html?_=1602298572665&CODE_STATE=getMsg HTTP/1.1" 200 27
117.185.32.26 - - [10/Oct/2020:10:59:28 +0800] "POST /xingrg/dwr/call/plaincall/AjaxQqpsService.loadMaterielItems.dwr HTTP/1.1" 200 4379
222.69.137.1 - - [10/Oct/2020:10:59:29 +0800] "POST /xingrg/kc/buy/cgsh_order_operate.html HTTP/1.1" 200 37
180.174.56.115 - - [10/Oct/2020:10:59:29 +0800] "POST /xingrg/kc/buy/cgsh_order_operate.html HTTP/1.1" 200 12
117.184.7.26 - - [10/Oct/2020:10:59:29 +0800] "GET /xingrg/kc/print/load_data.html?order_code=212020101004234&kc_code=cgsh&condition= HTTP/1.1" 200 1160
117.185.32.26 - - [10/Oct/2020:10:59:30 +0800] "GET /xingrg/kc/mdqp/qp_main.html HTTP/1.1" 200 10633
222.69.137.1 - - [10/Oct/2020:10:59:31 +0800] "POST /xingrg/kc/buy/cgsh_order_operate.html HTTP/1.1" 200 12
180.174.56.115 - - [10/Oct/2020:10:59:31 +0800] "GET /xingrg/kc/buy/cgsh_order_info.html?code=212020101004232 HTTP/1.1" 200 54772
117.185.32.26 - - [10/Oct/2020:10:59:31 +0800] "GET /xingrg/kc/mdqp/qqps_order_list.html HTTP/1.1" 200 9672
117.185.32.26 - - [10/Oct/2020:10:59:31 +0800] "GET /xingrg/dwr/interface/AjaxReportQueryService.js HTTP/1.1" 200 13203
117.185.32.26 - - [10/Oct/2020:10:59:31 +0800] "GET /xingrg/dwr/interface/AjaxQqpsService.js HTTP/1.1" 200 16326
117.185.32.26 - - [10/Oct/2020:10:59:31 +0800] "GET /xingrg/dwr/engine.js HTTP/1.1" 200 43631
180.174.56.115 - - [10/Oct/2020:10:59:32 +0800] "GET /xingrg/javascript/easyui/themes/default/validatebox.css HTTP/1.1" 404 1104
180.174.56.115 - - [10/Oct/2020:10:59:32 +0800] "POST /xingrg/kc/buy/cgsh_order_operate.html HTTP/1.1" 200 3597
222.69.137.1 - - [10/Oct/2020:10:59:32 +0800] "GET /xingrg/kc/buy/cgsh_order_info.html?code=212020101004235 HTTP/1.1" 200 54885
222.69.137.1 - - [10/Oct/2020:10:59:32 +0800] "GET /xingrg/words/20201009092426_words.js HTTP/1.1" 304 -
172.17.0.120 - - [10/Oct/2020:10:59:32 +0800] "GET /xingrg/all/function/internal_message.html?_=1602298767836&CODE_STATE=getMsg HTTP/1.1" 200 27
222.69.137.1 - - [10/Oct/2020:10:59:32 +0800] "GET /xingrg/javascript/easyui/themes/default/validatebox.css HTTP/1.1" 404 1104
222.69.137.1 - - [10/Oct/2020:10:59:33 +0800] "POST /xingrg/kc/buy/cgsh_order_operate.html HTTP/1.1" 200 3003
172.17.200.101 - - [10/Oct/2020:10:59:33 +0800] "GET /xingrg/check_reg.html?_=1602298770526 HTTP/1.1" 200 22
172.17.200.101 - - [10/Oct/2020:10:59:33 +0800] "GET /xingrg/all/function/internal_message.html?_=1602298770515&CODE_STATE=getMsg HTTP/1.1" 200 27
180.174.56.115 - - [10/Oct/2020:10:59:33 +0800] "GET /xingrg/kc/print/load_data.html?order_code=212020101004232&kc_code=cgsh&condition= HTTP/1.1" 200 1878
117.184.7.26 - - [10/Oct/2020:10:59:34 +0800] "GET /xingrg/kc/buy/cgsh_order_add.html HTTP/1.1" 200 59896
222.69.137.1 - - [10/Oct/2020:10:59:34 +0800] "GET /xingrg/kc/print/load_data.html?order_code=212020101004235&kc_code=cgsh&condition= HTTP/1.1" 200 1639
117.184.7.26 - - [10/Oct/2020:10:59:34 +0800] "POST /xingrg/kc/buy/cgsh_order_operate.html HTTP/1.1" 200 8245
117.184.7.26 - - [10/Oct/2020:10:59:34 +0800] "GET /xingrg/javascript/easyui/themes/default/validatebox.css HTTP/1.1" 404 1104
172.17.0.111 - - [10/Oct/2020:10:59:38 +0800] "GET /xingrg/all/function/internal_message.html?_=1602298773285&CODE_STATE=getMsg HTTP/1.1" 200 27
117.185.32.26 - - [10/Oct/2020:10:59:39 +0800] "GET /xingrg/check_reg.html?_=1602298770329 HTTP/1.1" 200 22
117.185.32.26 - - [10/Oct/2020:10:59:39 +0800] "GET /xingrg/all/function/internal_message.html?_=1602298770327&CODE_STATE=getMsg HTTP/1.1" 200 27
117.184.7.26 - - [10/Oct/2020:10:59:41 +0800] "GET /xingrg/kc/buy/cgsh_order_operate.html?command=get_materiel&rest_code=00108&code=00101001084&supplier_code=00100044&order_time=2020-10-10 HTTP/1.1" 200 413
222.69.137.1 - - [10/Oct/2020:10:59:42 +0800] "GET /xingrg/all/function/internal_message.html?_=1602298771052&CODE_STATE=getMsg HTTP/1.1" 200 27
222.69.137.1 - - [10/Oct/2020:10:59:43 +0800] "GET /xingrg/check_reg.html?_=1602298771382 HTTP/1.1" 200 22
172.17.0.100 - - [10/Oct/2020:10:59:43 +0800] "GET /xingrg/all/function/internal_message.html?_=1602298776731&CODE_STATE=getMsg HTTP/1.1" 200 27
172.17.0.100 - - [10/Oct/2020:10:59:43 +0800] "GET /xingrg/check_reg.html?_=1602298776728 HTTP/1.1" 200 22
58.37.8.227 - - [10/Oct/2020:10:59:44 +0800] "GET /xingrg/all/function/internal_message.html?_=1602298386126&CODE_STATE=getMsg HTTP/1.1" 200 27
180.174.56.115 - - [10/Oct/2020:10:59:44 +0800] "POST /xingrg/all/user/operate.html HTTP/1.1" 200 36
180.174.56.115 - - [10/Oct/2020:10:59:45 +0800] "GET /xingrg/javascript/jquery_easy_ui/themes/default/easyui.css HTTP/1.1" 304 -
180.174.56.115 - - [10/Oct/2020:10:59:45 +0800] "GET /xingrg/index.html?sysBaseUrl=http%3A%2F%2F180.169.147.146%3A18081%2Fxingrg%2F&costTime=40×tamp=1602288953540 HTTP/1.1" 200 17177
180.174.56.115 - - [10/Oct/2020:10:59:45 +0800] "GET /xingrg/javascript/jquery_easy_ui/themes/icon.css HTTP/1.1" 304 -
180.174.56.115 - - [10/Oct/2020:10:59:45 +0800] "GET /xingrg/css/form.css HTTP/1.1" 304 -
180.174.56.115 - - [10/Oct/2020:10:59:45 +0800] "GET /xingrg/javascript/jquery-1.4.2.min.js HTTP/1.1" 304 -
180.174.56.115 - - [10/Oct/2020:10:59:45 +0800] "GET /xingrg/javascript/jquery_easy_ui/jquery.easyui.min.js HTTP/1.1" 304 -
180.174.56.115 - - [10/Oct/2020:10:59:45 +0800] "GET /xingrg/javascript/jquery_easy_ui/easyui-lang-zh_CN.js HTTP/1.1" 304 -
180.174.56.115 - - [10/Oct/2020:10:59:45 +0800] "GET /xingrg/javascript/jquery.form.js HTTP/1.1" 304 -
180.174.56.115 - - [10/Oct/2020:10:59:45 +0800] "GET /xingrg/javascript/jquery.utils.js HTTP/1.1" 304 -
180.174.56.115 - - [10/Oct/2020:10:59:45 +0800] "GET /xingrg/javascript/jquery.timers.js HTTP/1.1" 304 -
180.174.56.115 - - [10/Oct/2020:10:59:45 +0800] "GET /xingrg/images/blue/jxLogo.png HTTP/1.1" 304 -
180.174.56.115 - - [10/Oct/2020:10:59:45 +0800] "GET /xingrg/images/blue/navBackgound.jpg HTTP/1.1" 304 -
180.174.56.115 - - [10/Oct/2020:10:59:45 +0800] "GET /xingrg/javascript/jquery_easy_ui/themes/icons/settle_new.png HTTP/1.1" 304 -
180.174.56.115 - - [10/Oct/2020:10:59:45 +0800] "POST /xingrg/all/common/load_tree.html?tree=area_rest_tree_json&manage=1 HTTP/1.1" 200 476
180.174.56.115 - - [10/Oct/2020:10:59:45 +0800] "GET /xingrg/images/blue/pingpu.png HTTP/1.1" 304 -
180.174.56.115 - - [10/Oct/2020:10:59:45 +0800] "GET /xingrg/javascript/jquery_easy_ui/themes/default/images/tabs_rightarrow.png HTTP/1.1" 304 -
180.174.56.115 - - [10/Oct/2020:10:59:45 +0800] "GET /xingrg/javascript/jquery_easy_ui/themes/default/images/tabs_leftarrow.png HTTP/1.1" 304 -
180.174.56.115 - - [10/Oct/2020:10:59:45 +0800] "GET /xingrg/javascript/jquery_easy_ui/themes/default/images/panel_tool_collapse.gif HTTP/1.1" 304 -
180.174.56.115 - - [10/Oct/2020:10:59:45 +0800] "GET /xingrg/check_reg.html?_=1602298754411 HTTP/1.1" 200 22
180.174.56.115 - - [10/Oct/2020:10:59:45 +0800] "GET /xingrg/all/function/internal_message.html?_=1602298754410&CODE_STATE=count HTTP/1.1" 200 11
180.174.56.115 - - [10/Oct/2020:10:59:45 +0800] "POST /xingrg/load_menu.html HTTP/1.1" 200 5138
114.88.166.242 - - [10/Oct/2020:10:59:51 +0800] "GET /xingrg/all/function/internal_message.html?_=1602298868514&CODE_STATE=getMsg HTTP/1.1" 200 27
180.161.96.95 - - [10/Oct/2020:10:59:51 +0800] "GET /xingrg/all/function/internal_message.html?_=1602299002160&CODE_STATE=getMsg HTTP/1.1" 200 27
117.184.7.26 - - [10/Oct/2020:10:59:52 +0800] "GET /xingrg/all/function/internal_message.html?_=1602298776257&CODE_STATE=getMsg HTTP/1.1" 200 27
218.81.217.115 - - [10/Oct/2020:10:59:56 +0800] "GET /xingrg/all/function/internal_message.html?_=1602298791690&CODE_STATE=getMsg HTTP/1.1" 200 27
117.184.7.26 - - [10/Oct/2020:10:59:56 +0800] "POST /xingrg/kc/buy/cgsh_order_operate.html HTTP/1.1" 200 37
117.185.32.26 - - [10/Oct/2020:10:59:57 +0800] "GET /xingrg/kc/buy/cgsh_order_operate.html?command=get_materiel&rest_code=00106&code=00101005057&supplier_code=00100344&order_time=2020-10-10 HTTP/1.1" 200 396
117.184.7.26 - - [10/Oct/2020:10:59:57 +0800] "POST /xingrg/kc/buy/cgsh_order_operate.html HTTP/1.1" 200 2656
58.40.7.146 - - [10/Oct/2020:10:59:58 +0800] "GET /xingrg/all/function/internal_message.html?_=1602298793525&CODE_STATE=getMsg HTTP/1.1" 200 27
58.40.7.146 - - [10/Oct/2020:10:59:58 +0800] "GET /xingrg/check_reg.html?_=1602298793529 HTTP/1.1" 200 22
172.17.0.185 - - [10/Oct/2020:10:59:58 +0800] "GET /xingrg/check_reg.html?_=1602298792640 HTTP/1.1" 200 22
172.17.0.185 - - [10/Oct/2020:10:59:58 +0800] "GET /xingrg/all/function/internal_message.html?_=1602298792642&CODE_STATE=getMsg HTTP/1.1" 200 27
180.174.56.115 - - [10/Oct/2020:10:59:59 +0800] "GET /xingrg/kc/buy/cgsh_order_list.html HTTP/1.1" 200 44203
180.174.56.115 - - [10/Oct/2020:10:59:59 +0800] "POST /xingrg/kc/buy/cgsh_list_operate.html HTTP/1.1" 200 876
180.174.56.115 - - [10/Oct/2020:11:00:02 +0800] "GET /xingrg/kc/buy/cgsh_order_add.html HTTP/1.1" 200 59591
180.174.56.115 - - [10/Oct/2020:11:00:02 +0800] "POST /xingrg/kc/buy/cgsh_order_operate.html HTTP/1.1" 200 8245
180.174.56.115 - - [10/Oct/2020:11:00:02 +0800] "GET /xingrg/javascript/easyui/themes/default/validatebox.css HTTP/1.1" 404 1104
180.174.56.115 - - [10/Oct/2020:11:00:03 +0800] "GET /xingrg/javascript/auto/indicator.gif HTTP/1.1" 404 1066
180.162.245.190 - - [10/Oct/2020:11:00:04 +0800] "GET /xingrg/all/function/internal_message.html?_=1602298800911&CODE_STATE=getMsg HTTP/1.1" 200 27
218.81.217.115 - - [10/Oct/2020:11:00:05 +0800] "GET /xingrg/check_reg.html?_=1602298825986 HTTP/1.1" 200 22
218.81.217.115 - - [10/Oct/2020:11:00:05 +0800] "GET /xingrg/all/function/internal_message.html?_=1602298826491&CODE_STATE=getMsg HTTP/1.1" 200 27
117.185.32.26 - - [10/Oct/2020:11:00:05 +0800] "GET /xingrg/all/function/internal_message.html?_=1602299239821&CODE_STATE=getMsg HTTP/1.1" 200 27
180.157.253.48 - - [10/Oct/2020:11:00:06 +0800] "GET /xingrg/check_reg.html?_=1602298812192 HTTP/1.1" 200 22
180.157.253.48 - - [10/Oct/2020:11:00:08 +0800] "GET /xingrg/all/function/internal_message.html?_=1602298813558&CODE_STATE=getMsg HTTP/1.1" 200 27
117.184.7.26 - - [10/Oct/2020:11:00:12 +0800] "GET /xingrg/kc/print/load_data.html?order_code=212020101004236&kc_code=cgsh&condition= HTTP/1.1" 200 691
180.174.56.115 - - [10/Oct/2020:11:00:13 +0800] "GET /xingrg/kc/buy/cgsh_order_operate.html?command=get_materiel&rest_code=00151&code=00101008147&supplier_code=00100347&order_time=2020-10-10 HTTP/1.1" 200 416
58.40.7.146 - - [10/Oct/2020:11:00:13 +0800] "GET /xingrg/all/function/internal_message.html?_=1602298808794&CODE_STATE=getMsg HTTP/1.1" 200 27
117.185.32.26 - - [10/Oct/2020:11:00:14 +0800] "POST /xingrg/kc/buy/cgsh_order_operate.html HTTP/1.1" 200 37
124.77.70.31 - - [10/Oct/2020:11:00:16 +0800] "GET /xingrg/all/function/internal_message.html?_=1602298801968&CODE_STATE=getMsg HTTP/1.1" 200 27
58.37.8.227 - - [10/Oct/2020:11:00:16 +0800] "GET /xingrg/all/function/internal_message.html?_=1602298827725&CODE_STATE=getMsg HTTP/1.1" 200 27
117.185.32.26 - - [10/Oct/2020:11:00:16 +0800] "POST /xingrg/kc/buy/cgsh_order_operate.html HTTP/1.1" 200 12
117.185.32.26 - - [10/Oct/2020:11:00:17 +0800] "GET /xingrg/kc/buy/cgsh_order_info.html?code=212020101004237 HTTP/1.1" 200 54844
117.185.32.26 - - [10/Oct/2020:11:00:18 +0800] "GET /xingrg/javascript/easyui/themes/default/validatebox.css HTTP/1.1" 404 1104
117.185.32.26 - - [10/Oct/2020:11:00:18 +0800] "POST /xingrg/kc/buy/cgsh_order_operate.html HTTP/1.1" 200 607
117.131.5.26 - - [10/Oct/2020:11:00:18 +0800] "POST /xingrg/services/DataTransmitService HTTP/1.1" 200 524
117.131.5.26 - - [10/Oct/2020:11:00:18 +0800] "POST /xingrg/services/DataTransmitService HTTP/1.1" 200 2003
180.162.245.190 - - [10/Oct/2020:11:00:18 +0800] "GET /xingrg/all/function/internal_message.html?_=1602298796814&CODE_STATE=getMsg HTTP/1.1" 200 27
117.185.32.26 - - [10/Oct/2020:11:00:20 +0800] "GET /xingrg/kc/print/load_data.html?order_code=212020101004237&kc_code=cgsh&condition= HTTP/1.1" 200 703
114.88.166.242 - - [10/Oct/2020:11:00:21 +0800] "GET /xingrg/all/function/internal_message.html?_=1602298812492&CODE_STATE=getMsg HTTP/1.1" 200 27
58.37.8.227 - - [10/Oct/2020:11:00:21 +0800] "GET /xingrg/check_reg.html?_=1602298832326 HTTP/1.1" 200 22
117.131.5.26 - - [10/Oct/2020:11:00:27 +0800] "GET /xingrg/all/function/internal_message.html?_=1602298632678&CODE_STATE=getMsg HTTP/1.1" 200 27
117.185.32.26 - - [10/Oct/2020:11:00:28 +0800] "GET /xingrg/kc/buy/cgsh_order_add.html HTTP/1.1" 200 59937
117.185.32.26 - - [10/Oct/2020:11:00:28 +0800] "POST /xingrg/kc/buy/cgsh_order_operate.html HTTP/1.1" 200 8245
117.185.32.26 - - [10/Oct/2020:11:00:28 +0800] "GET /xingrg/javascript/easyui/themes/default/validatebox.css HTTP/1.1" 404 1104
180.174.56.115 - - [10/Oct/2020:11:00:29 +0800] "GET /xingrg/kc/buy/cgsh_order_operate.html?command=get_materiel&rest_code=00151&code=00101010381&supplier_code=00100347&order_time=2020-10-10 HTTP/1.1" 200 407
117.185.32.26 - - [10/Oct/2020:11:00:30 +0800] "GET /xingrg/javascript/easyui/themes/default/tree.css HTTP/1.1" 404 1090
117.185.32.26 - - [10/Oct/2020:11:00:30 +0800] "POST /xingrg/all/common/load_tree.html?tree=supplier_tree_json&isDelete=1 HTTP/1.1" 200 50541
117.131.5.26 - - [10/Oct/2020:11:00:30 +0800] "POST /xingrg/services/DataTransmitService HTTP/1.1" 200 524
117.131.5.26 - - [10/Oct/2020:11:00:30 +0800] "POST /xingrg/services/DataTransmitService HTTP/1.1" 200 2003
172.17.0.120 - - [10/Oct/2020:11:00:32 +0800] "GET /xingrg/all/function/internal_message.html?_=1602298827840&CODE_STATE=getMsg HTTP/1.1" 200 27
172.17.0.120 - - [10/Oct/2020:11:00:32 +0800] "GET /xingrg/check_reg.html?_=1602298827845 HTTP/1.1" 200 22
172.17.200.101 - - [10/Oct/2020:11:00:33 +0800] "GET /xingrg/all/function/internal_message.html?_=1602298830526&CODE_STATE=getMsg HTTP/1.1" 200 27
117.184.7.26 - - [10/Oct/2020:11:00:35 +0800] "GET /xingrg/kc/buy/cgsh_order_add.html HTTP/1.1" 200 59896
117.184.7.26 - - [10/Oct/2020:11:00:36 +0800] "POST /xingrg/kc/buy/cgsh_order_operate.html HTTP/1.1" 200 8245
117.184.7.30 - - [10/Oct/2020:11:00:36 +0800] "GET /xingrg/javascript/easyui/themes/default/validatebox.css HTTP/1.1" 404 1104
180.174.56.115 - - [10/Oct/2020:11:00:37 +0800] "GET /xingrg/kc/buy/cgsh_order_operate.html?command=get_materiel&rest_code=00151&code=00101037066&supplier_code=00100347&order_time=2020-10-10 HTTP/1.1" 200 400
172.17.0.111 - - [10/Oct/2020:11:00:38 +0800] "GET /xingrg/all/function/internal_message.html?_=1602298833273&CODE_STATE=getMsg HTTP/1.1" 200 27
117.185.32.26 - - [10/Oct/2020:11:00:39 +0800] "GET /xingrg/all/function/internal_message.html?_=1602298830327&CODE_STATE=getMsg HTTP/1.1" 200 27
117.131.5.26 - - [10/Oct/2020:11:00:40 +0800] "POST /xingrg/services/DataTransmitService HTTP/1.1" 401 565
117.131.5.26 - - [10/Oct/2020:11:00:40 +0800] "POST /xingrg/services/DataTransmitService HTTP/1.1" 200 478
117.131.5.26 - - [10/Oct/2020:11:00:40 +0800] "POST /xingrg/services/DataTransmitService HTTP/1.1" 200 1320
117.131.5.26 - - [10/Oct/2020:11:00:40 +0800] "POST /xingrg/services/DataTransmitService HTTP/1.1" 200 478
117.131.5.26 - - [10/Oct/2020:11:00:40 +0800] "POST /xingrg/services/DataTransmitService HTTP/1.1" 200 1320
117.131.5.26 - - [10/Oct/2020:11:00:40 +0800] "POST /xingrg/services/DataTransmitService HTTP/1.1" 200 524
117.131.5.26 - - [10/Oct/2020:11:00:40 +0800] "POST /xingrg/services/DataTransmitService HTTP/1.1" 200 2003
117.131.5.26 - - [10/Oct/2020:11:00:41 +0800] "POST /xingrg/services/DataTransmitService HTTP/1.1" 200 45454
117.131.5.26 - - [10/Oct/2020:11:00:41 +0800] "POST /xingrg/services/DataTransmitService HTTP/1.1" 200 19237
222.69.137.1 - - [10/Oct/2020:11:00:42 +0800] "GET /xingrg/all/function/internal_message.html?_=1602298831027&CODE_STATE=getMsg HTTP/1.1" 200 27
117.184.7.26 - - [10/Oct/2020:11:00:43 +0800] "GET /xingrg/kc/buy/cgsh_order_operate.html?command=get_materiel&rest_code=00108&code=00101009050&supplier_code=00100096&order_time=2020-10-10 HTTP/1.1" 200 431
172.17.0.100 - - [10/Oct/2020:11:00:43 +0800] "GET /xingrg/all/function/internal_message.html?_=1602298836729&CODE_STATE=getMsg HTTP/1.1" 200 27
58.37.8.227 - - [10/Oct/2020:11:00:44 +0800] "GET /xingrg/all/function/internal_message.html?_=1602298446095&CODE_STATE=getMsg HTTP/1.1" 200 27
180.174.56.115 - - [10/Oct/2020:11:00:45 +0800] "GET /xingrg/kc/buy/cgsh_order_operate.html?command=get_materiel&rest_code=00151&code=00101037061&supplier_code=00100347&order_time=2020-10-10 HTTP/1.1" 200 403
180.174.56.115 - - [10/Oct/2020:11:00:45 +0800] "GET /xingrg/all/function/internal_message.html?_=1602298814420&CODE_STATE=getMsg HTTP/1.1" 200 27
117.185.32.26 - - [10/Oct/2020:11:00:46 +0800] "GET /xingrg/kc/buy/cgsh_order_operate.html?command=get_materiel&rest_code=00106&code=00101010079&supplier_code=00100336&order_time=2020-10-10 HTTP/1.1" 200 413
117.131.5.26 - - [10/Oct/2020:11:00:47 +0800] "POST /xingrg/services/DataTransmitService HTTP/1.1" 200 524
117.131.5.26 - - [10/Oct/2020:11:00:47 +0800] "POST /xingrg/services/DataTransmitService HTTP/1.1" 200 2003
222.69.137.1 - - [10/Oct/2020:11:00:47 +0800] "GET /xingrg/kc/buy/cgsh_order_add.html HTTP/1.1" 200 59990
222.69.137.1 - - [10/Oct/2020:11:00:47 +0800] "POST /xingrg/kc/buy/cgsh_order_operate.html HTTP/1.1" 200 8245
222.69.137.1 - - [10/Oct/2020:11:00:47 +0800] "GET /xingrg/javascript/easyui/themes/default/validatebox.css HTTP/1.1" 404 1104
114.88.166.242 - - [10/Oct/2020:11:00:51 +0800] "GET /xingrg/all/function/internal_message.html?_=1602298928490&CODE_STATE=getMsg HTTP/1.1" 200 27
180.161.96.95 - - [10/Oct/2020:11:00:51 +0800] "GET /xingrg/all/function/internal_message.html?_=1602299062174&CODE_STATE=getMsg HTTP/1.1" 200 27
114.88.166.242 - - [10/Oct/2020:11:00:52 +0800] "GET /xingrg/check_reg.html?_=1602298929600 HTTP/1.1" 200 22
117.184.7.26 - - [10/Oct/2020:11:00:53 +0800] "GET /xingrg/all/function/internal_message.html?_=1602298836833&CODE_STATE=getMsg HTTP/1.1" 200 27
222.69.137.1 - - [10/Oct/2020:11:00:56 +0800] "GET /xingrg/kc/buy/cgsh_order_operate.html?command=get_materiel&rest_code=00149&code=00101001125&supplier_code=00100090&order_time=2020-10-10 HTTP/1.1" 200 415
180.174.56.115 - - [10/Oct/2020:11:00:56 +0800] "GET /xingrg/kc/buy/cgsh_order_operate.html?command=get_materiel&rest_code=00151&code=00101010495&supplier_code=00100347&order_time=2020-10-10 HTTP/1.1" 200 404
117.184.7.26 - - [10/Oct/2020:11:00:56 +0800] "GET /xingrg/kc/buy/cgsh_order_operate.html?command=get_materiel&rest_code=00108&code=00101009016&supplier_code=00100096&order_time=2020-10-10 HTTP/1.1" 200 435
218.81.217.115 - - [10/Oct/2020:11:00:56 +0800] "GET /xingrg/all/function/internal_message.html?_=1602298851899&CODE_STATE=getMsg HTTP/1.1" 200 27
117.185.32.26 - - [10/Oct/2020:11:00:57 +0800] "POST /xingrg/kc/buy/cgsh_order_operate.html HTTP/1.1" 200 37
58.40.7.146 - - [10/Oct/2020:11:00:58 +0800] "GET /xingrg/all/function/internal_message.html?_=1602298853530&CODE_STATE=getMsg HTTP/1.1" 200 27
172.17.0.185 - - [10/Oct/2020:11:00:58 +0800] "GET /xingrg/all/function/internal_message.html?_=1602298852643&CODE_STATE=getMsg HTTP/1.1" 200 27
117.185.32.26 - - [10/Oct/2020:11:00:59 +0800] "POST /xingrg/kc/buy/cgsh_order_operate.html HTTP/1.1" 200 12
117.185.32.26 - - [10/Oct/2020:11:01:00 +0800] "GET /xingrg/kc/buy/cgsh_order_info.html?code=212020101004238 HTTP/1.1" 200 54840
117.185.32.26 - - [10/Oct/2020:11:01:00 +0800] "GET /xingrg/javascript/easyui/themes/default/validatebox.css HTTP/1.1" 404 1104
117.185.32.26 - - [10/Oct/2020:11:01:00 +0800] "POST /xingrg/kc/buy/cgsh_order_operate.html HTTP/1.1" 200 608
114.88.166.242 - - [10/Oct/2020:11:01:01 +0800] "GET /xingrg/check_reg.html?_=1602298852653 HTTP/1.1" 200 22
117.185.32.26 - - [10/Oct/2020:11:01:02 +0800] "GET /xingrg/kc/print/load_data.html?order_code=212020101004238&kc_code=cgsh&condition= HTTP/1.1" 200 694
117.184.7.26 - - [10/Oct/2020:11:01:03 +0800] "GET /xingrg/kc/buy/cgsh_order_operate.html?command=get_materiel&rest_code=00108&code=00101009010&supplier_code=00100096&order_time=2020-10-10 HTTP/1.1" 200 412
180.162.245.190 - - [10/Oct/2020:11:01:04 +0800] "GET /xingrg/all/function/internal_message.html?_=1602298860912&CODE_STATE=getMsg HTTP/1.1" 200 27
117.131.5.26 - - [10/Oct/2020:11:01:04 +0800] "POST /xingrg/services/DataTransmitService HTTP/1.1" 200 524
117.131.5.26 - - [10/Oct/2020:11:01:04 +0800] "POST /xingrg/services/DataTransmitService HTTP/1.1" 200 2003
