117.184.7.26 - - [10/Oct/2020:10:41:35 +0800] "GET /xingrg/kc/buy/buy_main.html HTTP/1.1" 200 12412
117.184.7.26 - - [10/Oct/2020:10:41:35 +0800] "GET /xingrg/css/new_ie.css HTTP/1.1" 404 1036
117.184.7.30 - - [10/Oct/2020:10:41:36 +0800] "GET /xingrg/images/yd/bt.gif HTTP/1.1" 404 1040
117.184.7.30 - - [10/Oct/2020:10:41:36 +0800] "GET /xingrg/kc/buy/cgsh_order_list.html HTTP/1.1" 200 44199
58.37.8.227 - - [10/Oct/2020:10:41:37 +0800] "POST /xingrg/kc/buy/cgsh_list_operate.html HTTP/1.1" 302 -
58.37.8.227 - - [10/Oct/2020:10:41:38 +0800] "GET /xingrg/login.html HTTP/1.1" 200 7641
117.184.7.30 - - [10/Oct/2020:10:41:38 +0800] "POST /xingrg/kc/buy/cgsh_list_operate.html HTTP/1.1" 200 876
117.185.32.26 - - [10/Oct/2020:10:41:39 +0800] "GET /xingrg/all/function/internal_message.html?_=1602297690291&CODE_STATE=getMsg HTTP/1.1" 200 27
172.17.0.120 - - [10/Oct/2020:10:41:41 +0800] "GET /xingrg/check_reg.html?_=1602297696207 HTTP/1.1" 200 22
172.17.0.120 - - [10/Oct/2020:10:41:41 +0800] "GET /xingrg/all/function/internal_message.html?_=1602297696210&CODE_STATE=getMsg HTTP/1.1" 200 27
58.37.8.227 - - [10/Oct/2020:10:41:42 +0800] "GET /xingrg/login.html HTTP/1.1" 200 7641
222.69.137.1 - - [10/Oct/2020:10:41:43 +0800] "GET /xingrg/all/function/internal_message.html?_=1602297691356&CODE_STATE=getMsg HTTP/1.1" 200 27
58.37.8.227 - - [10/Oct/2020:10:41:43 +0800] "GET /favicon.ico HTTP/1.1" 404 -
117.185.32.26 - - [10/Oct/2020:10:41:43 +0800] "GET /xingrg/javascript/auto/indicator.gif HTTP/1.1" 404 1066
172.17.0.100 - - [10/Oct/2020:10:41:43 +0800] "GET /xingrg/all/function/internal_message.html?_=1602297696703&CODE_STATE=getMsg HTTP/1.1" 200 27
58.37.8.227 - - [10/Oct/2020:10:41:44 +0800] "POST /xingrg/login.do HTTP/1.1" 302 -
58.37.8.227 - - [10/Oct/2020:10:41:44 +0800] "GET /xingrg/index.html?sysBaseUrl=http%3A%2F%2F180.169.147.146%3A18081%2Fxingrg%2F&costTime=40×tamp=1602297704051 HTTP/1.1" 200 17179
58.37.8.227 - - [10/Oct/2020:10:41:44 +0800] "GET /favicon.ico HTTP/1.1" 404 -
58.37.8.227 - - [10/Oct/2020:10:41:44 +0800] "POST /xingrg/all/common/load_tree.html?tree=area_rest_tree_json&manage=1 HTTP/1.1" 200 351
58.37.8.227 - - [10/Oct/2020:10:41:44 +0800] "GET /xingrg/check_reg.html?_=1602297306316 HTTP/1.1" 200 22
58.37.8.227 - - [10/Oct/2020:10:41:44 +0800] "GET /xingrg/all/function/internal_message.html?_=1602297306315&CODE_STATE=count HTTP/1.1" 200 11
58.37.8.227 - - [10/Oct/2020:10:41:44 +0800] "POST /xingrg/load_menu.html HTTP/1.1" 200 5138
222.69.137.1 - - [10/Oct/2020:10:41:45 +0800] "POST /xingrg/services/DataTransmitService HTTP/1.1" 200 524
58.37.8.227 - - [10/Oct/2020:10:41:45 +0800] "GET /xingrg/kc/buy/buy_main.html HTTP/1.1" 200 12412
58.37.8.227 - - [10/Oct/2020:10:41:45 +0800] "GET /xingrg/css/new_ie.css HTTP/1.1" 404 1036
222.69.137.1 - - [10/Oct/2020:10:41:45 +0800] "POST /xingrg/services/DataTransmitService HTTP/1.1" 200 1759
58.37.8.227 - - [10/Oct/2020:10:41:46 +0800] "GET /xingrg/images/yd/bt.gif HTTP/1.1" 404 1040
117.185.32.26 - - [10/Oct/2020:10:41:46 +0800] "GET /xingrg/kc/buy/cgsh_order_operate.html?command=get_materiel&rest_code=00106&code=00101003037&supplier_code=00100088&order_time=2020-10-10 HTTP/1.1" 200 434
58.37.8.227 - - [10/Oct/2020:10:41:46 +0800] "GET /xingrg/kc/buy/cgsh_order_list.html HTTP/1.1" 200 44205
222.69.137.1 - - [10/Oct/2020:10:41:47 +0800] "POST /xingrg/services/DataTransmitService HTTP/1.1" 200 524
124.77.70.31 - - [10/Oct/2020:10:41:47 +0800] "GET /xingrg/kc/buy/cgsh_order_operate.html?command=get_materiel&rest_code=00107&code=00101004065&supplier_code=00100088&order_time=2020-10-10 HTTP/1.1" 200 433
58.37.8.227 - - [10/Oct/2020:10:41:47 +0800] "POST /xingrg/kc/buy/cgsh_list_operate.html HTTP/1.1" 200 876
222.69.137.1 - - [10/Oct/2020:10:41:47 +0800] "POST /xingrg/services/DataTransmitService HTTP/1.1" 200 1759
58.37.8.227 - - [10/Oct/2020:10:41:49 +0800] "GET /xingrg/kc/buy/cgsh_order_add.html HTTP/1.1" 200 59943
180.161.96.95 - - [10/Oct/2020:10:41:49 +0800] "GET /xingrg/all/function/internal_message.html?_=1602297920870&CODE_STATE=getMsg HTTP/1.1" 200 27
58.37.8.227 - - [10/Oct/2020:10:41:49 +0800] "GET /xingrg/words/20201009092426_words.js HTTP/1.1" 304 -
58.37.8.227 - - [10/Oct/2020:10:41:50 +0800] "GET /xingrg/all/common/auto_word.html?type=employee&rest_code=00141 HTTP/1.1" 200 201
58.37.8.227 - - [10/Oct/2020:10:41:50 +0800] "GET /xingrg/all/common/auto_word.html?type=employee&rest_code=00141 HTTP/1.1" 200 201
58.37.8.227 - - [10/Oct/2020:10:41:50 +0800] "GET /xingrg/javascript/easyui/themes/default/validatebox.css HTTP/1.1" 404 1104
58.37.8.227 - - [10/Oct/2020:10:41:50 +0800] "POST /xingrg/kc/buy/cgsh_order_operate.html HTTP/1.1" 200 8245
114.88.166.242 - - [10/Oct/2020:10:41:51 +0800] "GET /xingrg/all/function/internal_message.html?_=1602297788953&CODE_STATE=getMsg HTTP/1.1" 200 27
58.37.8.227 - - [10/Oct/2020:10:41:51 +0800] "GET /xingrg/javascript/auto/indicator.gif HTTP/1.1" 404 1066
58.37.8.227 - - [10/Oct/2020:10:41:52 +0800] "GET /xingrg/javascript/jquery_tools/images/prev.gif HTTP/1.1" 404 1086
58.37.8.227 - - [10/Oct/2020:10:41:52 +0800] "GET /xingrg/javascript/jquery_tools/images/next.gif HTTP/1.1" 404 1086
124.77.70.31 - - [10/Oct/2020:10:41:54 +0800] "POST /xingrg/kc/buy/cgsh_order_operate.html HTTP/1.1" 200 37
218.81.217.115 - - [10/Oct/2020:10:41:55 +0800] "GET /xingrg/all/function/internal_message.html?_=1602297710570&CODE_STATE=getMsg HTTP/1.1" 200 27
124.77.70.31 - - [10/Oct/2020:10:41:56 +0800] "POST /xingrg/kc/buy/cgsh_order_operate.html HTTP/1.1" 200 3257
222.69.137.1 - - [10/Oct/2020:10:41:56 +0800] "POST /xingrg/services/DataTransmitService HTTP/1.1" 200 524
222.69.137.1 - - [10/Oct/2020:10:41:56 +0800] "POST /xingrg/services/DataTransmitService HTTP/1.1" 200 1759
172.17.0.119 - - [10/Oct/2020:10:41:56 +0800] "GET /xingrg/all/function/internal_message.html?_=1602297712145&CODE_STATE=getMsg HTTP/1.1" 200 27
124.77.70.31 - - [10/Oct/2020:10:41:58 +0800] "GET /xingrg/kc/print/load_data.html?order_code=212020101004181&kc_code=cgsh&condition= HTTP/1.1" 200 972
58.37.8.227 - - [10/Oct/2020:10:41:58 +0800] "GET /xingrg/kc/buy/cgsh_order_operate.html?command=get_materiel&rest_code=00141&code=00101018011&supplier_code=00100330&order_time=2020-10-10 HTTP/1.1" 200 432
58.40.7.146 - - [10/Oct/2020:10:41:58 +0800] "GET /xingrg/all/function/internal_message.html?_=1602297713521&CODE_STATE=getMsg HTTP/1.1" 200 27
172.17.0.185 - - [10/Oct/2020:10:41:58 +0800] "GET /xingrg/all/function/internal_message.html?_=1602297712651&CODE_STATE=getMsg HTTP/1.1" 200 27
124.77.70.31 - - [10/Oct/2020:10:42:02 +0800] "GET /xingrg/kc/buy/cgsh_order_add.html HTTP/1.1" 200 60025
124.77.70.31 - - [10/Oct/2020:10:42:03 +0800] "GET /xingrg/javascript/easyui/themes/default/validatebox.css HTTP/1.1" 404 1104
124.77.70.31 - - [10/Oct/2020:10:42:03 +0800] "POST /xingrg/kc/buy/cgsh_order_operate.html HTTP/1.1" 200 8245
180.162.245.190 - - [10/Oct/2020:10:42:04 +0800] "GET /xingrg/all/function/internal_message.html?_=1602297720872&CODE_STATE=getMsg HTTP/1.1" 200 27
124.77.70.31 - - [10/Oct/2020:10:42:04 +0800] "GET /xingrg/javascript/easyui/themes/default/tree.css HTTP/1.1" 404 1090
124.77.70.31 - - [10/Oct/2020:10:42:04 +0800] "POST /xingrg/all/common/load_tree.html?tree=supplier_tree_json&isDelete=1 HTTP/1.1" 200 50541
218.81.217.115 - - [10/Oct/2020:10:42:04 +0800] "GET /xingrg/all/function/internal_message.html?_=1602297745623&CODE_STATE=getMsg HTTP/1.1" 200 27
117.185.32.26 - - [10/Oct/2020:10:42:05 +0800] "GET /xingrg/all/function/internal_message.html?_=1602298159752&CODE_STATE=getMsg HTTP/1.1" 200 27
180.157.253.48 - - [10/Oct/2020:10:42:07 +0800] "GET /xingrg/all/function/internal_message.html?_=1602297732581&CODE_STATE=getMsg HTTP/1.1" 200 27
180.174.56.115 - - [10/Oct/2020:10:42:10 +0800] "GET /xingrg/check_reg.html?_=1602297698999 HTTP/1.1" 200 22
180.174.56.115 - - [10/Oct/2020:10:42:11 +0800] "GET /xingrg/all/function/internal_message.html?_=1602297699529&CODE_STATE=getMsg HTTP/1.1" 200 27
58.40.7.146 - - [10/Oct/2020:10:42:13 +0800] "GET /xingrg/all/function/internal_message.html?_=1602297728784&CODE_STATE=getMsg HTTP/1.1" 200 27
124.77.70.31 - - [10/Oct/2020:10:42:16 +0800] "GET /xingrg/all/function/internal_message.html?_=1602297722149&CODE_STATE=getMsg HTTP/1.1" 200 27
172.17.0.119 - - [10/Oct/2020:10:42:16 +0800] "POST /xingrg/all/user/operate.html HTTP/1.1" 200 36
172.17.0.119 - - [10/Oct/2020:10:42:16 +0800] "GET /xingrg/index.html?sysBaseUrl=http%3A%2F%2F172.17.0.8%3A18081%2Fxingrg%2F&costTime=40×tamp=1602296451457 HTTP/1.1" 200 17454
172.17.0.119 - - [10/Oct/2020:10:42:16 +0800] "GET /xingrg/javascript/jquery_easy_ui/themes/default/easyui.css HTTP/1.1" 304 -
172.17.0.119 - - [10/Oct/2020:10:42:16 +0800] "GET /xingrg/javascript/jquery_easy_ui/themes/icon.css HTTP/1.1" 304 -
124.77.70.31 - - [10/Oct/2020:10:42:16 +0800] "GET /xingrg/check_reg.html?_=1602297722560 HTTP/1.1" 200 22
172.17.0.119 - - [10/Oct/2020:10:42:16 +0800] "GET /xingrg/css/form.css HTTP/1.1" 304 -
172.17.0.119 - - [10/Oct/2020:10:42:16 +0800] "GET /xingrg/javascript/jquery-1.4.2.min.js HTTP/1.1" 304 -
172.17.0.119 - - [10/Oct/2020:10:42:16 +0800] "GET /xingrg/javascript/jquery_easy_ui/jquery.easyui.min.js HTTP/1.1" 304 -
172.17.0.119 - - [10/Oct/2020:10:42:16 +0800] "GET /xingrg/javascript/jquery_easy_ui/easyui-lang-zh_CN.js HTTP/1.1" 304 -
172.17.0.119 - - [10/Oct/2020:10:42:16 +0800] "GET /xingrg/javascript/jquery.form.js HTTP/1.1" 304 -
172.17.0.119 - - [10/Oct/2020:10:42:16 +0800] "GET /xingrg/javascript/jquery.utils.js HTTP/1.1" 304 -
172.17.0.119 - - [10/Oct/2020:10:42:16 +0800] "GET /xingrg/javascript/jquery.timers.js HTTP/1.1" 304 -
172.17.0.119 - - [10/Oct/2020:10:42:16 +0800] "GET /xingrg/images/blue/jxLogo.png HTTP/1.1" 304 -
172.17.0.119 - - [10/Oct/2020:10:42:16 +0800] "GET /xingrg/javascript/jquery_easy_ui/themes/icons/settle_new.png HTTP/1.1" 304 -
172.17.0.119 - - [10/Oct/2020:10:42:16 +0800] "GET /xingrg/images/blue/navBackgound.jpg HTTP/1.1" 304 -
172.17.0.119 - - [10/Oct/2020:10:42:17 +0800] "POST /xingrg/all/common/load_tree.html?tree=area_rest_tree_json&manage=1 HTTP/1.1" 200 3216
58.37.8.227 - - [10/Oct/2020:10:42:17 +0800] "GET /xingrg/all/function/internal_message.html?_=1602297748136&CODE_STATE=getMsg HTTP/1.1" 200 27
172.17.0.119 - - [10/Oct/2020:10:42:17 +0800] "GET /xingrg/all/function/internal_message.html?_=1602297732486&CODE_STATE=count HTTP/1.1" 200 11
172.17.0.119 - - [10/Oct/2020:10:42:17 +0800] "GET /xingrg/check_reg.html?_=1602297732488 HTTP/1.1" 200 22
172.17.0.119 - - [10/Oct/2020:10:42:17 +0800] "GET /xingrg/javascript/jquery_easy_ui/themes/default/images/tabs_rightarrow.png HTTP/1.1" 304 -
172.17.0.119 - - [10/Oct/2020:10:42:17 +0800] "GET /xingrg/images/blue/pingpu.png HTTP/1.1" 304 -
172.17.0.119 - - [10/Oct/2020:10:42:17 +0800] "GET /xingrg/javascript/jquery_easy_ui/themes/default/images/tabs_leftarrow.png HTTP/1.1" 304 -
172.17.0.119 - - [10/Oct/2020:10:42:17 +0800] "GET /xingrg/javascript/jquery_easy_ui/themes/default/images/panel_tool_collapse.gif HTTP/1.1" 304 -
172.17.0.119 - - [10/Oct/2020:10:42:17 +0800] "GET /xingrg/javascript/jquery_easy_ui/themes/default/images/panel_tool_expand.gif HTTP/1.1" 304 -
172.17.0.119 - - [10/Oct/2020:10:42:17 +0800] "POST /xingrg/load_menu.html HTTP/1.1" 200 9924
172.17.0.119 - - [10/Oct/2020:10:42:18 +0800] "GET /xingrg/kc/report/report_main.html HTTP/1.1" 200 7325
61.151.207.205 - - [10/Oct/2020:10:42:18 +0800] "GET /xingrg/check_reg.html?_=1602297032418 HTTP/1.1" 302 -
180.162.245.190 - - [10/Oct/2020:10:42:18 +0800] "GET /xingrg/all/function/internal_message.html?_=1602297716813&CODE_STATE=getMsg HTTP/1.1" 200 27
172.17.0.119 - - [10/Oct/2020:10:42:19 +0800] "GET /xingrg/kc/base/crk_hz.html HTTP/1.1" 200 11227
172.17.0.119 - - [10/Oct/2020:10:42:19 +0800] "POST /xingrg/kc/cost/cost_operate.html?command=get_base_tree HTTP/1.1" 200 3303
172.17.0.119 - - [10/Oct/2020:10:42:19 +0800] "POST /xingrg/all/common/load_tree.html?tree=materiel_sort_tree_json HTTP/1.1" 200 8666
58.37.8.227 - - [10/Oct/2020:10:42:20 +0800] "POST /xingrg/kc/buy/cgsh_order_operate.html HTTP/1.1" 200 37
114.88.166.242 - - [10/Oct/2020:10:42:20 +0800] "GET /xingrg/all/function/internal_message.html?_=1602297732125&CODE_STATE=getMsg HTTP/1.1" 200 27
117.185.32.26 - - [10/Oct/2020:10:42:23 +0800] "POST /xingrg/kc/buy/cgsh_order_operate.html HTTP/1.1" 200 37
61.151.207.205 - - [10/Oct/2020:10:42:24 +0800] "GET /xingrg/login.html HTTP/1.1" 200 7641
117.184.7.30 - - [10/Oct/2020:10:42:24 +0800] "GET /xingrg/all/function/internal_message.html?_=1602297728031&CODE_STATE=getMsg HTTP/1.1" 200 27
58.37.8.227 - - [10/Oct/2020:10:42:24 +0800] "POST /xingrg/kc/buy/cgsh_order_operate.html HTTP/1.1" 200 12
117.185.32.26 - - [10/Oct/2020:10:42:25 +0800] "POST /xingrg/kc/buy/cgsh_order_operate.html HTTP/1.1" 200 12
58.37.8.227 - - [10/Oct/2020:10:42:25 +0800] "GET /xingrg/kc/buy/cgsh_order_info.html?code=212020101004182 HTTP/1.1" 200 54852
172.17.0.119 - - [10/Oct/2020:10:42:25 +0800] "GET /xingrg/kc/base/crk_hz.html?_=1602297741298&command=get_cost_id&end_date=2020-10-31&start_date=2020-10-01 HTTP/1.1" 200 51
172.17.0.119 - - [10/Oct/2020:10:42:25 +0800] "GET /xingrg/all/report/report_query.html?isQuery=1&onlyBody=1&rh=99999&rw=1800&varString=start:20201001,cost_id:2856,mid:20201001&fileName=kc/base/crk_hz_type_by_base.xml&queryString=%20a.base_code%20in%20('0010703')%20&queryText=ÈÕÆÚ£º2020-10-01ÖÁ2020-10-31%20²Ö¿â£ºÔ±ý¿â&tableQueryString=materiel_table$sp1$$sp$before_table$sp1$$sp$crk_table$sp1$order_day%20between%2020201001%20and%2020201031 HTTP/1.1" 200 49326
172.17.0.119 - - [10/Oct/2020:10:42:25 +0800] "GET /xingrg/dwr/interface/AjaxReportQueryService.js HTTP/1.1" 200 13203
172.17.0.119 - - [10/Oct/2020:10:42:25 +0800] "GET /xingrg/dwr/engine.js HTTP/1.1" 200 43631
117.185.32.26 - - [10/Oct/2020:10:42:26 +0800] "GET /xingrg/kc/buy/cgsh_order_info.html?code=212020101004183 HTTP/1.1" 200 54842
58.37.8.227 - - [10/Oct/2020:10:42:26 +0800] "GET /xingrg/javascript/easyui/themes/default/validatebox.css HTTP/1.1" 404 1104
117.185.32.26 - - [10/Oct/2020:10:42:26 +0800] "GET /xingrg/javascript/easyui/themes/default/validatebox.css HTTP/1.1" 404 1104
58.37.8.227 - - [10/Oct/2020:10:42:26 +0800] "POST /xingrg/kc/buy/cgsh_order_operate.html HTTP/1.1" 200 608
117.185.32.26 - - [10/Oct/2020:10:42:26 +0800] "POST /xingrg/kc/buy/cgsh_order_operate.html HTTP/1.1" 200 613
172.17.0.119 - - [10/Oct/2020:10:42:26 +0800] "POST /xingrg/all/report/load_report_page.html HTTP/1.1" 200 91954
172.17.0.119 - - [10/Oct/2020:10:42:26 +0800] "GET /xingrg/servlets/image?cache=0.7081652921543551&image=px HTTP/1.1" 200 807
117.131.5.26 - - [10/Oct/2020:10:42:27 +0800] "GET /xingrg/all/function/internal_message.html?_=1602297552435&CODE_STATE=getMsg HTTP/1.1" 200 27
58.37.8.227 - - [10/Oct/2020:10:42:27 +0800] "GET /xingrg/kc/print/load_config.html?kc_code=cgsh HTTP/1.1" 200 1845
58.37.8.227 - - [10/Oct/2020:10:42:27 +0800] "GET /xingrg/kc/print/load_data.html?order_code=212020101004182&kc_code=cgsh&condition= HTTP/1.1" 200 709
117.185.32.26 - - [10/Oct/2020:10:42:28 +0800] "GET /xingrg/kc/print/load_config.html?kc_code=cgsh HTTP/1.1" 200 1845
117.185.32.26 - - [10/Oct/2020:10:42:28 +0800] "GET /xingrg/kc/print/load_data.html?order_code=212020101004183&kc_code=cgsh&condition= HTTP/1.1" 200 780
58.37.8.227 - - [10/Oct/2020:10:42:30 +0800] "GET /xingrg/kc/buy/cgsh_order_add.html HTTP/1.1" 200 59943
58.37.8.227 - - [10/Oct/2020:10:42:30 +0800] "POST /xingrg/kc/buy/cgsh_order_operate.html HTTP/1.1" 200 8245
58.37.8.227 - - [10/Oct/2020:10:42:30 +0800] "GET /xingrg/javascript/easyui/themes/default/validatebox.css HTTP/1.1" 404 1104
124.77.70.31 - - [10/Oct/2020:10:42:31 +0800] "GET /xingrg/kc/buy/cgsh_order_operate.html?command=get_materiel&rest_code=00107&code=00101002006&supplier_code=00100091&order_time=2020-10-10 HTTP/1.1" 200 414
172.17.0.119 - - [10/Oct/2020:10:42:32 +0800] "POST /xingrg/load_menu.html HTTP/1.1" 200 10512
172.17.200.101 - - [10/Oct/2020:10:42:33 +0800] "GET /xingrg/all/function/internal_message.html?_=1602297750449&CODE_STATE=getMsg HTTP/1.1" 200 27
172.17.0.119 - - [10/Oct/2020:10:42:33 +0800] "GET /xingrg/all/report/report_query.html?fileName=dma/new_5.0/menu/menu_category_hz.xml HTTP/1.1" 200 52989
172.17.0.119 - - [10/Oct/2020:10:42:34 +0800] "GET /xingrg/dwr/interface/AjaxReportQueryService.js HTTP/1.1" 200 13203
172.17.0.119 - - [10/Oct/2020:10:42:34 +0800] "GET /xingrg/dwr/engine.js HTTP/1.1" 200 43631
172.17.0.119 - - [10/Oct/2020:10:42:34 +0800] "POST /xingrg/dwr/call/plaincall/AjaxReportQueryService.getFixDate.dwr HTTP/1.1" 200 111
172.17.0.119 - - [10/Oct/2020:10:42:34 +0800] "POST /xingrg/all/common/load_tree.html?tree=area_station_tree_json&manage=1 HTTP/1.1" 200 3116
180.161.96.95 - - [10/Oct/2020:10:42:35 +0800] "POST /xingrg/all/common/load_combo.html?type=base HTTP/1.1" 200 2966
172.17.0.119 - - [10/Oct/2020:10:42:35 +0800] "GET /xingrg/all/report/report_query.html?fileName=dma/new_5.0/menu/menu_stca_hz.xml HTTP/1.1" 200 51343
172.17.0.119 - - [10/Oct/2020:10:42:36 +0800] "GET /xingrg/dwr/interface/AjaxReportQueryService.js HTTP/1.1" 200 13203
172.17.0.119 - - [10/Oct/2020:10:42:36 +0800] "GET /xingrg/dwr/engine.js HTTP/1.1" 200 43631
172.17.0.119 - - [10/Oct/2020:10:42:36 +0800] "POST /xingrg/dwr/call/plaincall/AjaxReportQueryService.getFixDate.dwr HTTP/1.1" 200 111
172.17.0.119 - - [10/Oct/2020:10:42:36 +0800] "POST /xingrg/all/common/load_tree.html?tree=area_station_tree_json&manage=1 HTTP/1.1" 200 3116
172.17.0.119 - - [10/Oct/2020:10:42:38 +0800] "POST /xingrg/dwr/call/plaincall/AjaxReportQueryService.getFixDate.dwr HTTP/1.1" 200 111
117.185.32.26 - - [10/Oct/2020:10:42:39 +0800] "GET /xingrg/all/function/internal_message.html?_=1602297750290&CODE_STATE=getMsg HTTP/1.1" 200 27
58.37.8.227 - - [10/Oct/2020:10:42:39 +0800] "GET /xingrg/kc/buy/cgsh_order_operate.html?command=get_materiel&rest_code=00141&code=00101008486&supplier_code=00100327&order_time=2020-10-10 HTTP/1.1" 200 400
180.161.96.95 - - [10/Oct/2020:10:42:40 +0800] "POST /xingrg/all/common/load_combo.html?type=base HTTP/1.1" 200 2966
172.17.0.120 - - [10/Oct/2020:10:42:41 +0800] "GET /xingrg/all/function/internal_message.html?_=1602297756211&CODE_STATE=getMsg HTTP/1.1" 200 27
222.69.137.1 - - [10/Oct/2020:10:42:43 +0800] "GET /xingrg/all/function/internal_message.html?_=1602297751359&CODE_STATE=getMsg HTTP/1.1" 200 27
172.17.0.119 - - [10/Oct/2020:10:42:43 +0800] "POST /xingrg/dwr/call/plaincall/AjaxReportQueryService.refreshCache.dwr HTTP/1.1" 200 78
172.17.0.100 - - [10/Oct/2020:10:42:43 +0800] "GET /xingrg/all/function/internal_message.html?_=1602297756702&CODE_STATE=getMsg HTTP/1.1" 200 27
172.17.0.119 - - [10/Oct/2020:10:42:44 +0800] "POST /xingrg/all/report/load_report_page.html HTTP/1.1" 200 58969
172.17.0.119 - - [10/Oct/2020:10:42:44 +0800] "GET /xingrg/servlets/image?cache=0.7467685362804876&image=px HTTP/1.1" 200 807
58.37.8.227 - - [10/Oct/2020:10:42:44 +0800] "GET /xingrg/all/function/internal_message.html?_=1602297366338&CODE_STATE=getMsg HTTP/1.1" 200 27
124.77.70.31 - - [10/Oct/2020:10:42:44 +0800] "GET /xingrg/kc/buy/cgsh_order_operate.html?command=get_materiel&rest_code=00107&code=00101003037&supplier_code=00100091&order_time=2020-10-10 HTTP/1.1" 200 434
101.89.239.216 - - [10/Oct/2020:10:42:44 +0800] "GET /xingrg/all/function/internal_message.html?_=1602296968425&CODE_STATE=getMsg HTTP/1.1" 302 -
218.81.217.115 - - [10/Oct/2020:10:42:45 +0800] "GET /xingrg/check_reg.html?_=1602297753533 HTTP/1.1" 200 22
172.17.0.119 - - [10/Oct/2020:10:42:46 +0800] "GET /xingrg/all/report/report_query.html?isQuery=1&fileName=dma/new_5.0/menu/menu_hz.xml&queryString=(a.sale_day%2520between%252020201001%2520and%252020201031)%2520and%2520(a.sid%2520in%2520(16))%2520and%2520(a.tj_code%253D10)&queryText=%25E3%2580%2590%25E8%2590%25A5%25E4%25B8%259A%25E6%2597%25A5%25E6%259C%259F%253A2020-10-01%2520%25E8%2587%25B3%25202020-10-31%25E3%2580%2591%2520%25E5%25B9%25B6%25E4%25B8%2594%2520%2520%25E3%2580%2590%25E9%2597%25A8%25E5%25BA%2597%25E5%2590%258D%25E7%25A7%25B0%2520%253D%2520%25E6%25A6%2595%25E6%25B8%25AF%25E5%2590%258D%25E8%25BD%25A9%25E6%259D%25BE%25E6%25B1%259F%25E5%25BA%2597%25E3%2580%2591%2520%25E5%25B9%25B6%25E4%25B8%2594%2520%25E3%2580%2590%25E7%25BB%259F%25E8%25AE%25A1%25E7%25B1%25BB%25E5%2588%25AB%2520%253D%2520%25E6%259C%2588%25E9%25A5%25BC%25E3%2580%2591 HTTP/1.1" 200 54041
172.17.0.119 - - [10/Oct/2020:10:42:46 +0800] "GET /xingrg/dwr/engine.js HTTP/1.1" 200 43631
172.17.0.119 - - [10/Oct/2020:10:42:47 +0800] "GET /favicon.ico HTTP/1.1" 404 -
180.161.96.95 - - [10/Oct/2020:10:42:47 +0800] "GET /xingrg/kc/base/wldb_order_operate.html?command=get_materiel&rest_code=00102&base_code=0010476&code=00101016029 HTTP/1.1" 200 459
172.17.0.119 - - [10/Oct/2020:10:42:47 +0800] "POST /xingrg/all/report/load_report_page.html HTTP/1.1" 200 17531
172.17.0.119 - - [10/Oct/2020:10:42:47 +0800] "GET /xingrg/servlets/image?cache=0.3243665024205701&image=px HTTP/1.1" 200 807
101.89.239.216 - - [10/Oct/2020:10:42:47 +0800] "GET /xingrg/login.html HTTP/1.1" 200 7641
180.161.96.95 - - [10/Oct/2020:10:42:49 +0800] "GET /xingrg/all/function/internal_message.html?_=1602297980884&CODE_STATE=getMsg HTTP/1.1" 200 27
114.88.166.242 - - [10/Oct/2020:10:42:51 +0800] "GET /xingrg/all/function/internal_message.html?_=1602297848931&CODE_STATE=getMsg HTTP/1.1" 200 27
218.81.217.115 - - [10/Oct/2020:10:42:55 +0800] "GET /xingrg/all/function/internal_message.html?_=1602297770570&CODE_STATE=getMsg HTTP/1.1" 200 27
124.77.70.31 - - [10/Oct/2020:10:42:56 +0800] "POST /xingrg/kc/buy/cgsh_order_operate.html HTTP/1.1" 200 37
58.37.8.227 - - [10/Oct/2020:10:42:57 +0800] "GET /xingrg/kc/buy/cgsh_order_operate.html?command=get_materiel&rest_code=00141&code=00101012086&supplier_code=00100327&order_time=2020-10-10 HTTP/1.1" 200 406
124.77.70.31 - - [10/Oct/2020:10:42:58 +0800] "POST /xingrg/kc/buy/cgsh_order_operate.html HTTP/1.1" 200 3261
58.40.7.146 - - [10/Oct/2020:10:42:58 +0800] "GET /xingrg/all/function/internal_message.html?_=1602297773523&CODE_STATE=getMsg HTTP/1.1" 200 27
172.17.0.185 - - [10/Oct/2020:10:42:58 +0800] "GET /xingrg/all/function/internal_message.html?_=1602297772638&CODE_STATE=getMsg HTTP/1.1" 200 27
222.69.137.1 - - [10/Oct/2020:10:42:58 +0800] "GET /xingrg/kc/mdqp/qqps_order_list.html HTTP/1.1" 200 9222
222.69.137.1 - - [10/Oct/2020:10:42:58 +0800] "GET /xingrg/dwr/interface/AjaxReportQueryService.js HTTP/1.1" 200 13203
222.69.137.1 - - [10/Oct/2020:10:42:58 +0800] "GET /xingrg/dwr/interface/AjaxQqpsService.js HTTP/1.1" 200 16326
222.69.137.1 - - [10/Oct/2020:10:42:58 +0800] "GET /xingrg/dwr/engine.js HTTP/1.1" 200 43631
124.77.70.31 - - [10/Oct/2020:10:42:59 +0800] "GET /xingrg/kc/print/load_data.html?order_code=212020101004184&kc_code=cgsh&condition= HTTP/1.1" 200 980
222.69.137.1 - - [10/Oct/2020:10:43:00 +0800] "GET /xingrg/kc/mdqp/qqps_order_add.html HTTP/1.1" 200 28241
222.69.137.1 - - [10/Oct/2020:10:43:00 +0800] "GET /xingrg/dwr/interface/AjaxComOrderService.js HTTP/1.1" 200 18264
222.69.137.1 - - [10/Oct/2020:10:43:00 +0800] "GET /xingrg/dwr/interface/AjaxQqpsService.js HTTP/1.1" 200 16326
222.69.137.1 - - [10/Oct/2020:10:43:00 +0800] "GET /xingrg/dwr/engine.js HTTP/1.1" 200 43631
58.37.8.227 - - [10/Oct/2020:10:43:03 +0800] "POST /xingrg/kc/buy/cgsh_order_operate.html HTTP/1.1" 200 37
180.162.245.190 - - [10/Oct/2020:10:43:04 +0800] "GET /xingrg/check_reg.html?_=1602297780876 HTTP/1.1" 200 22
180.162.245.190 - - [10/Oct/2020:10:43:04 +0800] "GET /xingrg/all/function/internal_message.html?_=1602297780873&CODE_STATE=getMsg HTTP/1.1" 200 27
124.77.70.31 - - [10/Oct/2020:10:43:04 +0800] "GET /xingrg/kc/buy/cgsh_order_add.html HTTP/1.1" 200 60025
218.81.217.115 - - [10/Oct/2020:10:43:05 +0800] "GET /xingrg/all/function/internal_message.html?_=1602297805766&CODE_STATE=getMsg HTTP/1.1" 200 27
124.77.70.31 - - [10/Oct/2020:10:43:05 +0800] "GET /xingrg/javascript/easyui/themes/default/validatebox.css HTTP/1.1" 404 1104
124.77.70.31 - - [10/Oct/2020:10:43:05 +0800] "POST /xingrg/kc/buy/cgsh_order_operate.html HTTP/1.1" 200 8245
117.185.32.26 - - [10/Oct/2020:10:43:05 +0800] "GET /xingrg/all/function/internal_message.html?_=1602298219767&CODE_STATE=getMsg HTTP/1.1" 200 27
117.185.32.26 - - [10/Oct/2020:10:43:06 +0800] "GET /xingrg/kc/buy/cgsh_order_add.html HTTP/1.1" 200 59937
117.185.32.26 - - [10/Oct/2020:10:43:06 +0800] "POST /xingrg/kc/buy/cgsh_order_operate.html HTTP/1.1" 200 8245
124.77.70.31 - - [10/Oct/2020:10:43:06 +0800] "GET /xingrg/javascript/easyui/themes/default/tree.css HTTP/1.1" 404 1090
117.185.32.26 - - [10/Oct/2020:10:43:06 +0800] "GET /xingrg/javascript/easyui/themes/default/validatebox.css HTTP/1.1" 404 1104
124.77.70.31 - - [10/Oct/2020:10:43:06 +0800] "POST /xingrg/all/common/load_tree.html?tree=supplier_tree_json&isDelete=1 HTTP/1.1" 200 50541
180.157.253.48 - - [10/Oct/2020:10:43:07 +0800] "GET /xingrg/all/function/internal_message.html?_=1602297792782&CODE_STATE=getMsg HTTP/1.1" 200 27
58.37.8.227 - - [10/Oct/2020:10:43:07 +0800] "POST /xingrg/kc/buy/cgsh_order_operate.html HTTP/1.1" 200 12
117.185.32.26 - - [10/Oct/2020:10:43:08 +0800] "GET /xingrg/javascript/easyui/themes/default/tree.css HTTP/1.1" 404 1090
117.185.32.26 - - [10/Oct/2020:10:43:08 +0800] "POST /xingrg/all/common/load_tree.html?tree=supplier_tree_json&isDelete=1 HTTP/1.1" 200 50541
58.37.8.227 - - [10/Oct/2020:10:43:08 +0800] "GET /xingrg/kc/buy/cgsh_order_info.html?code=212020101004185 HTTP/1.1" 200 54846
222.69.137.1 - - [10/Oct/2020:10:43:08 +0800] "POST /xingrg/dwr/call/plaincall/AjaxQqpsService.saveOrder.dwr HTTP/1.1" 200 78
58.37.8.227 - - [10/Oct/2020:10:43:08 +0800] "GET /xingrg/javascript/easyui/themes/default/validatebox.css HTTP/1.1" 404 1104
58.37.8.227 - - [10/Oct/2020:10:43:09 +0800] "POST /xingrg/kc/buy/cgsh_order_operate.html HTTP/1.1" 200 1196
58.37.8.227 - - [10/Oct/2020:10:43:10 +0800] "GET /xingrg/kc/print/load_data.html?order_code=212020101004185&kc_code=cgsh&condition= HTTP/1.1" 200 937
180.174.56.115 - - [10/Oct/2020:10:43:11 +0800] "GET /xingrg/all/function/internal_message.html?_=1602297759542&CODE_STATE=getMsg HTTP/1.1" 200 27
58.40.7.146 - - [10/Oct/2020:10:43:13 +0800] "GET /xingrg/all/function/internal_message.html?_=1602297788789&CODE_STATE=getMsg HTTP/1.1" 200 27
58.37.8.227 - - [10/Oct/2020:10:43:13 +0800] "GET /xingrg/kc/buy/cgsh_order_add.html HTTP/1.1" 200 59943
58.37.8.227 - - [10/Oct/2020:10:43:14 +0800] "POST /xingrg/kc/buy/cgsh_order_operate.html HTTP/1.1" 200 8245
58.37.8.227 - - [10/Oct/2020:10:43:14 +0800] "GET /xingrg/javascript/easyui/themes/default/validatebox.css HTTP/1.1" 404 1104
124.77.70.31 - - [10/Oct/2020:10:43:16 +0800] "GET /xingrg/all/function/internal_message.html?_=1602297782132&CODE_STATE=getMsg HTTP/1.1" 200 27
58.37.8.227 - - [10/Oct/2020:10:43:17 +0800] "GET /xingrg/all/function/internal_message.html?_=1602297808105&CODE_STATE=getMsg HTTP/1.1" 200 27
172.17.0.119 - - [10/Oct/2020:10:43:17 +0800] "GET /xingrg/all/function/internal_message.html?_=1602297792499&CODE_STATE=getMsg HTTP/1.1" 200 27
222.69.137.1 - - [10/Oct/2020:10:43:18 +0800] "POST /xingrg/dwr/call/plaincall/AjaxQqpsService.getMaterielByCode.dwr HTTP/1.1" 200 2737
180.162.245.190 - - [10/Oct/2020:10:43:18 +0800] "GET /xingrg/check_reg.html?_=1602297776813 HTTP/1.1" 200 22
180.162.245.190 - - [10/Oct/2020:10:43:18 +0800] "GET /xingrg/all/function/internal_message.html?_=1602297776816&CODE_STATE=getMsg HTTP/1.1" 200 27
114.88.166.242 - - [10/Oct/2020:10:43:20 +0800] "GET /xingrg/all/function/internal_message.html?_=1602297792153&CODE_STATE=getMsg HTTP/1.1" 200 27
117.184.7.30 - - [10/Oct/2020:10:43:24 +0800] "GET /xingrg/all/function/internal_message.html?_=1602297788030&CODE_STATE=getMsg HTTP/1.1" 200 27
117.185.32.26 - - [10/Oct/2020:10:43:25 +0800] "GET /xingrg/kc/buy/cgsh_order_operate.html?command=get_materiel&rest_code=00106&code=00101002006&supplier_code=00100091&order_time=2020-10-10 HTTP/1.1" 200 414
117.131.5.26 - - [10/Oct/2020:10:43:26 +0800] "GET /xingrg/check_reg.html?_=1602297612324 HTTP/1.1" 200 22
117.131.5.26 - - [10/Oct/2020:10:43:27 +0800] "GET /xingrg/all/function/internal_message.html?_=1602297612450&CODE_STATE=getMsg HTTP/1.1" 200 27
58.37.8.227 - - [10/Oct/2020:10:43:27 +0800] "GET /xingrg/kc/buy/cgsh_order_operate.html?command=get_materiel&rest_code=00141&code=00101010501&supplier_code=00100326&order_time=2020-10-10 HTTP/1.1" 200 396
124.77.70.31 - - [10/Oct/2020:10:43:28 +0800] "GET /xingrg/kc/buy/cgsh_order_operate.html?command=get_materiel&rest_code=00107&code=00101002003&supplier_code=00100087&order_time=2020-10-10 HTTP/1.1" 200 424
172.17.200.101 - - [10/Oct/2020:10:43:33 +0800] "GET /xingrg/all/function/internal_message.html?_=1602297810452&CODE_STATE=getMsg HTTP/1.1" 200 27
58.37.8.227 - - [10/Oct/2020:10:43:34 +0800] "POST /xingrg/kc/buy/cgsh_order_operate.html HTTP/1.1" 200 37
58.37.8.227 - - [10/Oct/2020:10:43:36 +0800] "POST /xingrg/kc/buy/cgsh_order_operate.html HTTP/1.1" 200 12
180.161.96.95 - - [10/Oct/2020:10:43:36 +0800] "GET /xingrg/kc/base/wldb_order_operate.html?command=get_materiel&rest_code=00102&base_code=0010476&code=00101016076 HTTP/1.1" 200 477
58.37.8.227 - - [10/Oct/2020:10:43:37 +0800] "GET /xingrg/kc/buy/cgsh_order_info.html?code=212020101004186 HTTP/1.1" 200 54850
58.37.8.227 - - [10/Oct/2020:10:43:37 +0800] "GET /xingrg/javascript/easyui/themes/default/validatebox.css HTTP/1.1" 404 1104
58.37.8.227 - - [10/Oct/2020:10:43:37 +0800] "POST /xingrg/kc/buy/cgsh_order_operate.html HTTP/1.1" 200 603
172.17.0.119 - - [10/Oct/2020:10:43:38 +0800] "POST /xingrg/all/user/operate.html HTTP/1.1" 200 36
172.17.0.119 - - [10/Oct/2020:10:43:38 +0800] "GET /xingrg/index.html?sysBaseUrl=http%3A%2F%2F172.17.0.8%3A18081%2Fxingrg%2F&costTime=40×tamp=1602296451457 HTTP/1.1" 200 17454
172.17.0.119 - - [10/Oct/2020:10:43:38 +0800] "GET /xingrg/javascript/jquery_easy_ui/themes/default/easyui.css HTTP/1.1" 304 -
172.17.0.119 - - [10/Oct/2020:10:43:38 +0800] "GET /xingrg/javascript/jquery_easy_ui/themes/icon.css HTTP/1.1" 304 -
172.17.0.119 - - [10/Oct/2020:10:43:38 +0800] "GET /xingrg/css/form.css HTTP/1.1" 304 -
172.17.0.119 - - [10/Oct/2020:10:43:38 +0800] "GET /xingrg/javascript/jquery-1.4.2.min.js HTTP/1.1" 304 -
172.17.0.119 - - [10/Oct/2020:10:43:38 +0800] "GET /xingrg/javascript/jquery_easy_ui/jquery.easyui.min.js HTTP/1.1" 304 -
172.17.0.119 - - [10/Oct/2020:10:43:38 +0800] "GET /xingrg/javascript/jquery_easy_ui/easyui-lang-zh_CN.js HTTP/1.1" 304 -
172.17.0.119 - - [10/Oct/2020:10:43:38 +0800] "GET /xingrg/javascript/jquery.form.js HTTP/1.1" 304 -
172.17.0.119 - - [10/Oct/2020:10:43:38 +0800] "GET /xingrg/javascript/jquery.utils.js HTTP/1.1" 304 -
172.17.0.119 - - [10/Oct/2020:10:43:38 +0800] "GET /xingrg/javascript/jquery.timers.js HTTP/1.1" 304 -
172.17.0.119 - - [10/Oct/2020:10:43:38 +0800] "GET /xingrg/images/blue/jxLogo.png HTTP/1.1" 304 -
172.17.0.119 - - [10/Oct/2020:10:43:38 +0800] "GET /xingrg/images/blue/navBackgound.jpg HTTP/1.1" 304 -
172.17.0.119 - - [10/Oct/2020:10:43:38 +0800] "GET /xingrg/javascript/jquery_easy_ui/themes/icons/settle_new.png HTTP/1.1" 304 -
172.17.0.119 - - [10/Oct/2020:10:43:38 +0800] "POST /xingrg/all/common/load_tree.html?tree=area_rest_tree_json&manage=1 HTTP/1.1" 200 3216
58.37.8.227 - - [10/Oct/2020:10:43:38 +0800] "GET /xingrg/kc/print/load_data.html?order_code=212020101004186&kc_code=cgsh&condition= HTTP/1.1" 200 703
172.17.0.119 - - [10/Oct/2020:10:43:38 +0800] "GET /xingrg/all/function/internal_message.html?_=1602297814187&CODE_STATE=count HTTP/1.1" 200 11
172.17.0.119 - - [10/Oct/2020:10:43:38 +0800] "GET /xingrg/check_reg.html?_=1602297814189 HTTP/1.1" 200 22
172.17.0.119 - - [10/Oct/2020:10:43:38 +0800] "GET /xingrg/javascript/jquery_easy_ui/themes/default/images/tabs_rightarrow.png HTTP/1.1" 304 -
172.17.0.119 - - [10/Oct/2020:10:43:38 +0800] "GET /xingrg/javascript/jquery_easy_ui/themes/default/images/panel_tool_collapse.gif HTTP/1.1" 304 -
172.17.0.119 - - [10/Oct/2020:10:43:38 +0800] "GET /xingrg/javascript/jquery_easy_ui/themes/default/images/tabs_leftarrow.png HTTP/1.1" 304 -
172.17.0.119 - - [10/Oct/2020:10:43:38 +0800] "GET /xingrg/images/blue/pingpu.png HTTP/1.1" 304 -
172.17.0.119 - - [10/Oct/2020:10:43:38 +0800] "GET /xingrg/javascript/jquery_easy_ui/themes/default/images/panel_tool_expand.gif HTTP/1.1" 304 -
172.17.0.119 - - [10/Oct/2020:10:43:38 +0800] "POST /xingrg/load_menu.html HTTP/1.1" 200 9924
117.185.32.26 - - [10/Oct/2020:10:43:39 +0800] "GET /xingrg/all/function/internal_message.html?_=1602297810280&CODE_STATE=getMsg HTTP/1.1" 200 27
222.69.137.1 - - [10/Oct/2020:10:43:39 +0800] "POST /xingrg/dwr/call/plaincall/AjaxQqpsService.saveMaterielItem.dwr HTTP/1.1" 200 78
172.17.0.119 - - [10/Oct/2020:10:43:40 +0800] "GET /xingrg/kc/report/report_main.html HTTP/1.1" 200 7325
124.77.70.31 - - [10/Oct/2020:10:43:40 +0800] "POST /xingrg/kc/buy/cgsh_order_operate.html HTTP/1.1" 200 37
172.17.0.119 - - [10/Oct/2020:10:43:41 +0800] "GET /xingrg/kc/base/crk_hz.html HTTP/1.1" 200 11227
172.17.0.120 - - [10/Oct/2020:10:43:41 +0800] "GET /xingrg/all/function/internal_message.html?_=1602297816217&CODE_STATE=getMsg HTTP/1.1" 200 27
172.17.0.119 - - [10/Oct/2020:10:43:41 +0800] "POST /xingrg/kc/cost/cost_operate.html?command=get_base_tree HTTP/1.1" 200 2450
172.17.0.119 - - [10/Oct/2020:10:43:41 +0800] "POST /xingrg/all/common/load_tree.html?tree=materiel_sort_tree_json HTTP/1.1" 200 8666
222.69.137.1 - - [10/Oct/2020:10:43:42 +0800] "POST /xingrg/dwr/call/plaincall/AjaxQqpsService.checkOrder.dwr HTTP/1.1" 200 78
222.69.137.1 - - [10/Oct/2020:10:43:43 +0800] "GET /xingrg/kc/mdqp/qqps_order_info.html?code=302020101000215 HTTP/1.1" 200 26644
222.69.137.1 - - [10/Oct/2020:10:43:43 +0800] "GET /xingrg/dwr/interface/AjaxComOrderService.js HTTP/1.1" 200 18264
222.69.137.1 - - [10/Oct/2020:10:43:43 +0800] "GET /xingrg/dwr/interface/AjaxQqpsService.js HTTP/1.1" 200 16326
222.69.137.1 - - [10/Oct/2020:10:43:43 +0800] "GET /xingrg/dwr/engine.js HTTP/1.1" 200 43631
124.77.70.31 - - [10/Oct/2020:10:43:43 +0800] "POST /xingrg/kc/buy/cgsh_order_operate.html HTTP/1.1" 200 2673
172.17.0.100 - - [10/Oct/2020:10:43:43 +0800] "GET /xingrg/all/function/internal_message.html?_=1602297816701&CODE_STATE=getMsg HTTP/1.1" 200 27
222.69.137.1 - - [10/Oct/2020:10:43:43 +0800] "POST /xingrg/dwr/call/plaincall/AjaxQqpsService.loadMaterielItems.dwr HTTP/1.1" 200 449
58.37.8.227 - - [10/Oct/2020:10:43:44 +0800] "GET /xingrg/all/function/internal_message.html?_=1602297426337&CODE_STATE=getMsg HTTP/1.1" 200 27
124.77.70.31 - - [10/Oct/2020:10:43:44 +0800] "GET /xingrg/kc/print/load_data.html?order_code=212020101004187&kc_code=cgsh&condition= HTTP/1.1" 200 741
222.69.137.1 - - [10/Oct/2020:10:43:46 +0800] "GET /xingrg/kc/mdqp/qqps_order_list.html?isBack=1 HTTP/1.1" 200 9677
222.69.137.1 - - [10/Oct/2020:10:43:46 +0800] "GET /xingrg/dwr/interface/AjaxQqpsService.js HTTP/1.1" 200 16326
222.69.137.1 - - [10/Oct/2020:10:43:46 +0800] "GET /xingrg/dwr/interface/AjaxReportQueryService.js HTTP/1.1" 200 13203
222.69.137.1 - - [10/Oct/2020:10:43:46 +0800] "GET /xingrg/dwr/engine.js HTTP/1.1" 200 43631
58.37.8.227 - - [10/Oct/2020:10:43:46 +0800] "GET /xingrg/kc/buy/cgsh_order_add.html HTTP/1.1" 200 59943
58.37.8.227 - - [10/Oct/2020:10:43:46 +0800] "POST /xingrg/kc/buy/cgsh_order_operate.html HTTP/1.1" 200 8245
58.37.8.227 - - [10/Oct/2020:10:43:47 +0800] "GET /xingrg/javascript/easyui/themes/default/validatebox.css HTTP/1.1" 404 1104
172.17.0.119 - - [10/Oct/2020:10:43:47 +0800] "GET /xingrg/kc/base/crk_hz.html?_=1602297823063&command=get_cost_id&end_date=2020-10-31&start_date=2020-10-01 HTTP/1.1" 200 51
172.17.0.119 - - [10/Oct/2020:10:43:47 +0800] "GET /xingrg/all/report/report_query.html?isQuery=1&onlyBody=1&rh=99999&rw=1800&varString=start:20201001,cost_id:2853,mid:20201001&fileName=kc/base/crk_hz_type_by_base.xml&queryString=%20a.base_code%20in%20('0010695')%20&queryText=ÈÕÆÚ£º2020-10-01ÖÁ2020-10-31%20²Ö¿â£ºÔ±ý¿â&tableQueryString=materiel_table$sp1$$sp$before_table$sp1$$sp$crk_table$sp1$order_day%20between%2020201001%20and%2020201031 HTTP/1.1" 200 49326
172.17.0.119 - - [10/Oct/2020:10:43:47 +0800] "GET /xingrg/dwr/interface/AjaxReportQueryService.js HTTP/1.1" 200 13203
172.17.0.119 - - [10/Oct/2020:10:43:47 +0800] "GET /xingrg/dwr/engine.js HTTP/1.1" 200 43631
172.17.0.119 - - [10/Oct/2020:10:43:48 +0800] "POST /xingrg/all/report/load_report_page.html HTTP/1.1" 200 91954
172.17.0.119 - - [10/Oct/2020:10:43:48 +0800] "GET /xingrg/servlets/image?cache=0.4374861910119763&image=px HTTP/1.1" 200 807
180.161.96.95 - - [10/Oct/2020:10:43:49 +0800] "GET /xingrg/check_reg.html?_=1602298040263 HTTP/1.1" 200 22
117.185.32.26 - - [10/Oct/2020:10:43:49 +0800] "POST /xingrg/dwr/call/plaincall/AjaxQqpsService.saveOrder.dwr HTTP/1.1" 200 78
180.161.96.95 - - [10/Oct/2020:10:43:49 +0800] "GET /xingrg/all/function/internal_message.html?_=1602298040988&CODE_STATE=getMsg HTTP/1.1" 200 27
124.77.70.31 - - [10/Oct/2020:10:43:49 +0800] "GET /xingrg/kc/buy/cgsh_order_add.html HTTP/1.1" 200 60025
117.185.32.26 - - [10/Oct/2020:10:43:50 +0800] "POST /xingrg/kc/buy/cgsh_order_operate.html HTTP/1.1" 200 37
124.77.70.31 - - [10/Oct/2020:10:43:50 +0800] "POST /xingrg/kc/buy/cgsh_order_operate.html HTTP/1.1" 200 8245
124.77.70.31 - - [10/Oct/2020:10:43:50 +0800] "GET /xingrg/javascript/easyui/themes/default/validatebox.css HTTP/1.1" 404 1104
114.88.166.242 - - [10/Oct/2020:10:43:51 +0800] "GET /xingrg/all/function/internal_message.html?_=1602297908909&CODE_STATE=getMsg HTTP/1.1" 200 27
117.185.32.26 - - [10/Oct/2020:10:43:51 +0800] "GET /xingrg/javascript/auto/indicator.gif HTTP/1.1" 404 1066
117.185.32.26 - - [10/Oct/2020:10:43:52 +0800] "POST /xingrg/kc/buy/cgsh_order_operate.html HTTP/1.1" 200 12
218.81.217.115 - - [10/Oct/2020:10:43:52 +0800] "GET /xingrg/check_reg.html?_=1602297827663 HTTP/1.1" 200 22
117.185.32.26 - - [10/Oct/2020:10:43:53 +0800] "GET /xingrg/kc/buy/cgsh_order_info.html?code=212020101004188 HTTP/1.1" 200 54844
117.185.32.26 - - [10/Oct/2020:10:43:53 +0800] "POST /xingrg/dwr/call/plaincall/AjaxQqpsService.getMaterielByCode.dwr HTTP/1.1" 200 2627
117.185.32.26 - - [10/Oct/2020:10:43:53 +0800] "GET /xingrg/javascript/easyui/themes/default/validatebox.css HTTP/1.1" 404 1104
117.185.32.26 - - [10/Oct/2020:10:43:53 +0800] "POST /xingrg/kc/buy/cgsh_order_operate.html HTTP/1.1" 200 611
58.37.8.227 - - [10/Oct/2020:10:43:54 +0800] "GET /xingrg/kc/buy/cgsh_order_operate.html?command=get_materiel&rest_code=00141&code=00101001125&supplier_code=00100090&order_time=2020-10-10 HTTP/1.1" 200 415
117.185.32.26 - - [10/Oct/2020:10:43:54 +0800] "POST /xingrg/dwr/call/plaincall/AjaxQqpsService.saveMaterielItem.dwr HTTP/1.1" 200 78
124.77.70.31 - - [10/Oct/2020:10:43:55 +0800] "GET /xingrg/javascript/easyui/themes/default/tree.css HTTP/1.1" 404 1090
124.77.70.31 - - [10/Oct/2020:10:43:55 +0800] "POST /xingrg/all/common/load_tree.html?tree=supplier_tree_json&isDelete=1 HTTP/1.1" 200 50541
218.81.217.115 - - [10/Oct/2020:10:43:55 +0800] "GET /xingrg/all/function/internal_message.html?_=1602297830584&CODE_STATE=getMsg HTTP/1.1" 200 27
114.88.166.242 - - [10/Oct/2020:10:43:55 +0800] "GET /xingrg/check_reg.html?_=1602297827140 HTTP/1.1" 200 22
117.185.32.26 - - [10/Oct/2020:10:43:56 +0800] "GET /xingrg/kc/print/load_data.html?order_code=212020101004188&kc_code=cgsh&condition= HTTP/1.1" 200 772
58.40.7.146 - - [10/Oct/2020:10:43:58 +0800] "GET /xingrg/all/function/internal_message.html?_=1602297833511&CODE_STATE=getMsg HTTP/1.1" 200 27
172.17.0.185 - - [10/Oct/2020:10:43:58 +0800] "GET /xingrg/all/function/internal_message.html?_=1602297832640&CODE_STATE=getMsg HTTP/1.1" 200 27
180.161.96.95 - - [10/Oct/2020:10:43:59 +0800] "GET /xingrg/kc/base/wldb_order_operate.html?command=get_materiel&rest_code=00102&base_code=0010476&code=00101019015 HTTP/1.1" 200 436
117.185.32.26 - - [10/Oct/2020:10:43:59 +0800] "POST /xingrg/dwr/call/plaincall/AjaxQqpsService.getMaterielByCode.dwr HTTP/1.1" 200 2570
180.174.56.115 - - [10/Oct/2020:10:44:00 +0800] "GET /xingrg/kc/buy/cgsh_order_add.html HTTP/1.1" 200 59873
180.174.56.115 - - [10/Oct/2020:10:44:00 +0800] "POST /xingrg/kc/buy/cgsh_order_operate.html HTTP/1.1" 200 8245
222.69.137.1 - - [10/Oct/2020:10:44:00 +0800] "GET /xingrg/kc/buy/cgsh_order_list.html HTTP/1.1" 200 44205
180.174.56.115 - - [10/Oct/2020:10:44:00 +0800] "GET /xingrg/javascript/easyui/themes/default/validatebox.css HTTP/1.1" 404 1104
222.69.137.1 - - [10/Oct/2020:10:44:01 +0800] "POST /xingrg/kc/buy/cgsh_list_operate.html HTTP/1.1" 200 876
222.69.137.1 - - [10/Oct/2020:10:44:02 +0800] "GET /xingrg/kc/buy/cgsh_order_add.html HTTP/1.1" 200 59990
222.69.137.1 - - [10/Oct/2020:10:44:02 +0800] "POST /xingrg/kc/buy/cgsh_order_operate.html HTTP/1.1" 200 8245
222.69.137.1 - - [10/Oct/2020:10:44:02 +0800] "GET /xingrg/javascript/easyui/themes/default/validatebox.css HTTP/1.1" 404 1104
117.185.32.26 - - [10/Oct/2020:10:44:03 +0800] "POST /xingrg/dwr/call/plaincall/AjaxQqpsService.saveMaterielItem.dwr HTTP/1.1" 200 78
58.37.8.227 - - [10/Oct/2020:10:44:03 +0800] "GET /xingrg/kc/buy/cgsh_order_operate.html?command=get_materiel&rest_code=00141&code=00101001093&supplier_code=00100090&order_time=2020-10-10 HTTP/1.1" 200 411
180.162.245.190 - - [10/Oct/2020:10:44:04 +0800] "GET /xingrg/all/function/internal_message.html?_=1602297840875&CODE_STATE=getMsg HTTP/1.1" 200 27
218.81.217.115 - - [10/Oct/2020:10:44:05 +0800] "GET /xingrg/all/function/internal_message.html?_=1602297865775&CODE_STATE=getMsg HTTP/1.1" 200 27
117.185.32.26 - - [10/Oct/2020:10:44:05 +0800] "GET /xingrg/all/function/internal_message.html?_=1602298279773&CODE_STATE=getMsg HTTP/1.1" 200 27
180.161.96.95 - - [10/Oct/2020:10:44:06 +0800] "GET /xingrg/kc/base/wldb_order_operate.html?command=get_materiel&rest_code=00102&base_code=0010476&code=00101019400 HTTP/1.1" 200 451
180.157.253.48 - - [10/Oct/2020:10:44:07 +0800] "GET /xingrg/all/function/internal_message.html?_=1602297852795&CODE_STATE=getMsg HTTP/1.1" 200 27
117.185.32.26 - - [10/Oct/2020:10:44:07 +0800] "POST /xingrg/dwr/call/plaincall/AjaxQqpsService.getMaterielByCode.dwr HTTP/1.1" 200 2618
180.174.56.115 - - [10/Oct/2020:10:44:08 +0800] "GET /xingrg/kc/buy/cgsh_order_operate.html?command=get_materiel&rest_code=00150&code=00101001145&supplier_code=00100314&order_time=2020-10-10 HTTP/1.1" 200 415
117.185.32.26 - - [10/Oct/2020:10:44:09 +0800] "GET /xingrg/kc/buy/cgsh_order_add.html HTTP/1.1" 200 59937
117.185.32.26 - - [10/Oct/2020:10:44:10 +0800] "POST /xingrg/kc/buy/cgsh_order_operate.html HTTP/1.1" 200 8245
117.185.32.26 - - [10/Oct/2020:10:44:10 +0800] "GET /xingrg/javascript/easyui/themes/default/validatebox.css HTTP/1.1" 404 1104
180.174.56.115 - - [10/Oct/2020:10:44:11 +0800] "GET /xingrg/all/function/internal_message.html?_=1602297819555&CODE_STATE=getMsg HTTP/1.1" 200 27
117.185.32.26 - - [10/Oct/2020:10:44:11 +0800] "GET /xingrg/javascript/easyui/themes/default/tree.css HTTP/1.1" 404 1090
117.185.32.26 - - [10/Oct/2020:10:44:11 +0800] "POST /xingrg/all/common/load_tree.html?tree=supplier_tree_json&isDelete=1 HTTP/1.1" 200 50541
117.185.32.26 - - [10/Oct/2020:10:44:12 +0800] "POST /xingrg/dwr/call/plaincall/AjaxQqpsService.saveMaterielItem.dwr HTTP/1.1" 200 78
180.161.96.95 - - [10/Oct/2020:10:44:13 +0800] "GET /xingrg/kc/base/wldb_order_operate.html?command=get_materiel&rest_code=00102&base_code=0010476&code=00101019503 HTTP/1.1" 200 466
58.40.7.146 - - [10/Oct/2020:10:44:13 +0800] "GET /xingrg/all/function/internal_message.html?_=1602297848792&CODE_STATE=getMsg HTTP/1.1" 200 27
124.77.70.31 - - [10/Oct/2020:10:44:16 +0800] "GET /xingrg/all/function/internal_message.html?_=1602297842106&CODE_STATE=getMsg HTTP/1.1" 200 27
58.37.8.227 - - [10/Oct/2020:10:44:17 +0800] "GET /xingrg/all/function/internal_message.html?_=1602297868084&CODE_STATE=getMsg HTTP/1.1" 200 27
58.37.8.227 - - [10/Oct/2020:10:44:17 +0800] "GET /xingrg/kc/buy/cgsh_order_operate.html?command=get_materiel&rest_code=00141&code=00101001049&supplier_code=00100090&order_time=2020-10-10 HTTP/1.1" 200 413
180.162.245.190 - - [10/Oct/2020:10:44:18 +0800] "GET /xingrg/all/function/internal_message.html?_=1602297836817&CODE_STATE=getMsg HTTP/1.1" 200 27
114.88.166.242 - - [10/Oct/2020:10:44:20 +0800] "GET /xingrg/all/function/internal_message.html?_=1602297852168&CODE_STATE=getMsg HTTP/1.1" 200 27
117.185.32.26 - - [10/Oct/2020:10:44:22 +0800] "POST /xingrg/dwr/call/plaincall/AjaxQqpsService.removeMaterielItem.dwr HTTP/1.1" 200 78
117.184.7.30 - - [10/Oct/2020:10:44:24 +0800] "GET /xingrg/all/function/internal_message.html?_=1602297848035&CODE_STATE=getMsg HTTP/1.1" 200 27
117.184.7.26 - - [10/Oct/2020:10:44:24 +0800] "GET /xingrg/check_reg.html?_=1602297848038 HTTP/1.1" 200 22
180.174.56.115 - - [10/Oct/2020:10:44:24 +0800] "POST /xingrg/kc/buy/cgsh_order_operate.html HTTP/1.1" 200 37
117.185.32.26 - - [10/Oct/2020:10:44:26 +0800] "POST /xingrg/dwr/call/plaincall/AjaxQqpsService.saveMaterielItem.dwr HTTP/1.1" 200 78
58.37.8.227 - - [10/Oct/2020:10:44:26 +0800] "GET /xingrg/kc/buy/cgsh_order_operate.html?command=get_materiel&rest_code=00141&code=00101001073&supplier_code=00100090&order_time=2020-10-10 HTTP/1.1" 200 419
180.174.56.115 - - [10/Oct/2020:10:44:26 +0800] "POST /xingrg/kc/buy/cgsh_order_operate.html HTTP/1.1" 200 12
117.131.5.26 - - [10/Oct/2020:10:44:27 +0800] "GET /xingrg/all/function/internal_message.html?_=1602297672460&CODE_STATE=getMsg HTTP/1.1" 200 27
180.174.56.115 - - [10/Oct/2020:10:44:27 +0800] "GET /xingrg/kc/buy/cgsh_order_info.html?code=212020101004189 HTTP/1.1" 200 54782
180.174.56.115 - - [10/Oct/2020:10:44:27 +0800] "GET /xingrg/javascript/easyui/themes/default/validatebox.css HTTP/1.1" 404 1104
180.174.56.115 - - [10/Oct/2020:10:44:28 +0800] "POST /xingrg/kc/buy/cgsh_order_operate.html HTTP/1.1" 200 612
172.17.200.101 - - [10/Oct/2020:10:44:33 +0800] "GET /xingrg/all/function/internal_message.html?_=1602297870466&CODE_STATE=getMsg HTTP/1.1" 200 27
172.17.200.101 - - [10/Oct/2020:10:44:33 +0800] "GET /xingrg/check_reg.html?_=1602297870472 HTTP/1.1" 200 22
58.37.8.227 - - [10/Oct/2020:10:44:35 +0800] "POST /xingrg/kc/buy/cgsh_order_operate.html HTTP/1.1" 200 37
222.69.137.1 - - [10/Oct/2020:10:44:37 +0800] "GET /xingrg/kc/buy/cgsh_order_operate.html?command=get_materiel&rest_code=00149&code=00102004016&supplier_code=00100212&order_time=2020-10-10 HTTP/1.1" 200 410
58.37.8.227 - - [10/Oct/2020:10:44:38 +0800] "POST /xingrg/kc/buy/cgsh_order_operate.html HTTP/1.1" 200 12
172.17.0.119 - - [10/Oct/2020:10:44:38 +0800] "GET /xingrg/all/function/internal_message.html?_=1602297874202&CODE_STATE=getMsg HTTP/1.1" 200 27
180.161.96.95 - - [10/Oct/2020:10:44:38 +0800] "POST /xingrg/kc/base/wldb_order_operate.html HTTP/1.1" 200 37
117.185.32.26 - - [10/Oct/2020:10:44:39 +0800] "GET /xingrg/check_reg.html?_=1602297870284 HTTP/1.1" 200 22
117.185.32.26 - - [10/Oct/2020:10:44:39 +0800] "GET /xingrg/all/function/internal_message.html?_=1602297870282&CODE_STATE=getMsg HTTP/1.1" 200 27
58.37.8.227 - - [10/Oct/2020:10:44:39 +0800] "GET /xingrg/kc/buy/cgsh_order_info.html?code=212020101004190 HTTP/1.1" 200 54850
58.37.8.227 - - [10/Oct/2020:10:44:39 +0800] "GET /xingrg/javascript/easyui/themes/default/validatebox.css HTTP/1.1" 404 1104
58.37.8.227 - - [10/Oct/2020:10:44:40 +0800] "POST /xingrg/kc/buy/cgsh_order_operate.html HTTP/1.1" 200 1804
180.161.96.95 - - [10/Oct/2020:10:44:40 +0800] "POST /xingrg/kc/base/wldb_order_operate.html HTTP/1.1" 200 12
180.161.96.95 - - [10/Oct/2020:10:44:40 +0800] "POST /xingrg/kc/base/wldb_order_operate.html HTTP/1.1" 200 4185
58.37.8.227 - - [10/Oct/2020:10:44:40 +0800] "GET /xingrg/kc/print/load_data.html?order_code=212020101004190&kc_code=cgsh&condition= HTTP/1.1" 200 1233
180.161.96.95 - - [10/Oct/2020:10:44:41 +0800] "GET /xingrg/kc/base/wldb_order_info.html?code=422020101001215 HTTP/1.1" 200 26362
172.17.0.120 - - [10/Oct/2020:10:44:41 +0800] "GET /xingrg/all/function/internal_message.html?_=1602297876222&CODE_STATE=getMsg HTTP/1.1" 200 27
180.161.96.95 - - [10/Oct/2020:10:44:41 +0800] "POST /xingrg/kc/base/wldb_order_operate.html HTTP/1.1" 200 2435
180.161.96.95 - - [10/Oct/2020:10:44:42 +0800] "GET /xingrg/javascript/easyui/themes/default/validatebox.css HTTP/1.1" 404 1104
222.69.137.1 - - [10/Oct/2020:10:44:43 +0800] "GET /xingrg/all/function/internal_message.html?_=1602297871370&CODE_STATE=getMsg HTTP/1.1" 200 27
222.69.137.1 - - [10/Oct/2020:10:44:43 +0800] "GET /xingrg/check_reg.html?_=1602297871376 HTTP/1.1" 200 22
172.17.0.100 - - [10/Oct/2020:10:44:43 +0800] "GET /xingrg/all/function/internal_message.html?_=1602297876703&CODE_STATE=getMsg HTTP/1.1" 200 27
172.17.0.100 - - [10/Oct/2020:10:44:43 +0800] "GET /xingrg/check_reg.html?_=1602297876701 HTTP/1.1" 200 22
58.37.8.227 - - [10/Oct/2020:10:44:44 +0800] "GET /xingrg/all/function/internal_message.html?_=1602297486338&CODE_STATE=getMsg HTTP/1.1" 200 27
58.37.8.227 - - [10/Oct/2020:10:44:44 +0800] "GET /xingrg/kc/buy/cgsh_order_add.html HTTP/1.1" 200 59943
58.37.8.227 - - [10/Oct/2020:10:44:45 +0800] "POST /xingrg/kc/buy/cgsh_order_operate.html HTTP/1.1" 200 8245
58.37.8.227 - - [10/Oct/2020:10:44:45 +0800] "GET /xingrg/javascript/easyui/themes/default/validatebox.css HTTP/1.1" 404 1104
180.161.96.95 - - [10/Oct/2020:10:44:46 +0800] "GET /xingrg/kc/base/wldb_order_add.html HTTP/1.1" 200 30485
180.161.96.95 - - [10/Oct/2020:10:44:47 +0800] "POST /xingrg/kc/base/wldb_order_operate.html HTTP/1.1" 200 6806
180.161.96.95 - - [10/Oct/2020:10:44:48 +0800] "GET /xingrg/javascript/easyui/themes/default/validatebox.css HTTP/1.1" 404 1104
180.161.96.95 - - [10/Oct/2020:10:44:48 +0800] "POST /xingrg/all/common/load_combo.html?type=base HTTP/1.1" 200 2966
180.161.96.95 - - [10/Oct/2020:10:44:49 +0800] "GET /xingrg/all/function/internal_message.html?_=1602298100988&CODE_STATE=getMsg HTTP/1.1" 200 27
