222.69.139.222 - - [09/Oct/2020:09:53:21 +0800] "GET /xingrg/all/function/internal_message.html?_=1602208391568&CODE_STATE=getMsg HTTP/1.1" 200 27
222.69.130.159 - - [09/Oct/2020:09:53:22 +0800] "GET /xingrg/login.html HTTP/1.1" 200 7641
222.69.130.159 - - [09/Oct/2020:09:53:23 +0800] "GET /favicon.ico HTTP/1.1" 404 -
180.174.56.115 - - [09/Oct/2020:09:53:23 +0800] "GET /xingrg/all/function/internal_message.html?_=1602208374151&CODE_STATE=getMsg HTTP/1.1" 200 27
180.174.56.115 - - [09/Oct/2020:09:53:25 +0800] "POST /xingrg/dwr/call/plaincall/AjaxQqpsService.getMaterielByCode.dwr HTTP/1.1" 200 3658
58.37.8.227 - - [09/Oct/2020:09:53:32 +0800] "GET /xingrg/kc/buy/cgsh_order_operate.html?command=get_materiel&rest_code=00141&code=00101008354&supplier_code=00100007&order_time=2020-10-09 HTTP/1.1" 200 432
222.69.130.159 - - [09/Oct/2020:09:53:33 +0800] "POST /xingrg/login.do HTTP/1.1" 302 -
222.69.130.159 - - [09/Oct/2020:09:53:33 +0800] "GET /xingrg/index.html?sysBaseUrl=http%3A%2F%2F180.169.147.146%3A18081%2Fxingrg%2F&costTime=39×tamp=1602208413473 HTTP/1.1" 200 17179
222.69.130.159 - - [09/Oct/2020:09:53:33 +0800] "GET /favicon.ico HTTP/1.1" 404 -
222.69.130.159 - - [09/Oct/2020:09:53:33 +0800] "POST /xingrg/all/common/load_tree.html?tree=area_rest_tree_json&manage=1 HTTP/1.1" 200 351
222.69.130.159 - - [09/Oct/2020:09:53:34 +0800] "GET /xingrg/all/function/internal_message.html?_=1602208412929&CODE_STATE=count HTTP/1.1" 200 11
222.69.130.159 - - [09/Oct/2020:09:53:34 +0800] "GET /xingrg/check_reg.html?_=1602208412933 HTTP/1.1" 200 22
222.69.130.159 - - [09/Oct/2020:09:53:34 +0800] "POST /xingrg/load_menu.html HTTP/1.1" 200 5138
124.77.70.31 - - [09/Oct/2020:09:53:35 +0800] "GET /xingrg/all/function/internal_message.html?_=1602208403091&CODE_STATE=getMsg HTTP/1.1" 200 27
124.77.70.31 - - [09/Oct/2020:09:53:35 +0800] "GET /xingrg/check_reg.html?_=1602208403233 HTTP/1.1" 200 22
61.129.6.225 - - [09/Oct/2020:09:53:37 +0800] "GET /xingrg/all/function/internal_message.html?_=1602207721993&CODE_STATE=getMsg HTTP/1.1" 302 -
172.17.0.120 - - [09/Oct/2020:09:53:38 +0800] "GET /xingrg/all/function/internal_message.html?_=1602208413382&CODE_STATE=getMsg HTTP/1.1" 200 27
180.162.245.190 - - [09/Oct/2020:09:53:38 +0800] "GET /xingrg/all/function/internal_message.html?_=1602208416222&CODE_STATE=getMsg HTTP/1.1" 200 27
58.37.8.227 - - [09/Oct/2020:09:53:40 +0800] "GET /xingrg/kc/buy/cgsh_order_operate.html?command=get_materiel&rest_code=00141&code=00101008038&supplier_code=00100007&order_time=2020-10-09 HTTP/1.1" 200 412
222.69.130.159 - - [09/Oct/2020:09:53:41 +0800] "GET /xingrg/kc/base/wldb_order_list.html HTTP/1.1" 200 19384
222.69.130.159 - - [09/Oct/2020:09:53:42 +0800] "POST /xingrg/kc/base/wldb_list_operate.html HTTP/1.1" 200 3775
114.86.230.151 - - [09/Oct/2020:09:53:43 +0800] "GET /xingrg/all/function/internal_message.html?_=1602208434562&CODE_STATE=getMsg HTTP/1.1" 200 27
218.81.217.115 - - [09/Oct/2020:09:53:44 +0800] "GET /xingrg/all/function/internal_message.html?_=1602208441182&CODE_STATE=getMsg HTTP/1.1" 200 27
61.129.6.225 - - [09/Oct/2020:09:53:44 +0800] "GET /xingrg/login.html HTTP/1.1" 200 7641
222.69.130.159 - - [09/Oct/2020:09:53:44 +0800] "POST /xingrg/kc/base/wldb_list_operate.html HTTP/1.1" 200 446
222.69.130.159 - - [09/Oct/2020:09:53:44 +0800] "GET /xingrg/kc/base/wldb_order_info.html?code=422020100901095 HTTP/1.1" 200 30509
222.69.130.159 - - [09/Oct/2020:09:53:45 +0800] "GET /xingrg/words/20201009092426_words.js HTTP/1.1" 200 768157
180.174.56.115 - - [09/Oct/2020:09:53:45 +0800] "GET /xingrg/check_reg.html?_=1602208421187 HTTP/1.1" 200 22
180.174.56.115 - - [09/Oct/2020:09:53:45 +0800] "GET /xingrg/all/function/internal_message.html?_=1602208421188&CODE_STATE=getMsg HTTP/1.1" 200 27
222.69.130.159 - - [09/Oct/2020:09:53:45 +0800] "GET /xingrg/all/common/auto_word.html?type=base&rest_code=00154 HTTP/1.1" 200 677
222.69.130.159 - - [09/Oct/2020:09:53:45 +0800] "GET /xingrg/all/common/auto_word.html?type=base&rest_code=00154 HTTP/1.1" 200 677
222.69.130.159 - - [09/Oct/2020:09:53:45 +0800] "GET /xingrg/javascript/easyui/themes/default/validatebox.css HTTP/1.1" 404 1104
222.69.130.159 - - [09/Oct/2020:09:53:45 +0800] "POST /xingrg/kc/base/wldb_order_operate.html HTTP/1.1" 200 3634
58.37.8.227 - - [09/Oct/2020:09:53:47 +0800] "GET /xingrg/kc/buy/cgsh_order_operate.html?command=get_materiel&rest_code=00141&code=00101008199&supplier_code=00100007&order_time=2020-10-09 HTTP/1.1" 200 408
114.88.166.242 - - [09/Oct/2020:09:53:52 +0800] "GET /xingrg/check_reg.html?_=1602208425136 HTTP/1.1" 200 22
114.88.166.242 - - [09/Oct/2020:09:53:52 +0800] "GET /xingrg/all/function/internal_message.html?_=1602208511077&CODE_STATE=getMsg HTTP/1.1" 200 27
58.37.8.227 - - [09/Oct/2020:09:53:53 +0800] "GET /xingrg/all/function/internal_message.html?_=1602208441741&CODE_STATE=getMsg HTTP/1.1" 200 27
124.77.70.31 - - [09/Oct/2020:09:53:55 +0800] "GET /xingrg/all/function/internal_message.html?_=1602208430599&CODE_STATE=getMsg HTTP/1.1" 200 27
58.37.8.227 - - [09/Oct/2020:09:53:55 +0800] "GET /xingrg/kc/buy/cgsh_order_operate.html?command=get_materiel&rest_code=00141&code=00101008361&supplier_code=00100007&order_time=2020-10-09 HTTP/1.1" 200 408
58.40.7.146 - - [09/Oct/2020:09:53:56 +0800] "GET /xingrg/all/function/internal_message.html?_=1602208432100&CODE_STATE=getMsg HTTP/1.1" 200 27
58.40.7.146 - - [09/Oct/2020:09:53:57 +0800] "GET /xingrg/all/function/internal_message.html?_=1602208432925&CODE_STATE=getMsg HTTP/1.1" 200 27
172.17.200.101 - - [09/Oct/2020:09:54:00 +0800] "GET /xingrg/all/function/internal_message.html?_=1602208437881&CODE_STATE=getMsg HTTP/1.1" 200 27
172.17.0.240 - - [09/Oct/2020:09:54:01 +0800] "GET /xingrg/all/function/internal_message.html?_=1602208435719&CODE_STATE=getMsg HTTP/1.1" 200 27
172.17.0.123 - - [09/Oct/2020:09:54:03 +0800] "GET /xingrg/all/function/internal_message.html?_=1602208417724&CODE_STATE=getMsg HTTP/1.1" 200 27
172.17.0.123 - - [09/Oct/2020:09:54:03 +0800] "GET /xingrg/check_reg.html?_=1602208417726 HTTP/1.1" 200 22
58.37.8.227 - - [09/Oct/2020:09:54:04 +0800] "GET /xingrg/kc/buy/cgsh_order_operate.html?command=get_materiel&rest_code=00141&code=00101008355&supplier_code=00100007&order_time=2020-10-09 HTTP/1.1" 200 408
101.85.228.253 - - [09/Oct/2020:09:54:04 +0800] "GET /xingrg/check_reg.html?_=1602208656673 HTTP/1.1" 200 22
101.85.228.253 - - [09/Oct/2020:09:54:05 +0800] "GET /xingrg/all/function/internal_message.html?_=1602208658185&CODE_STATE=getMsg HTTP/1.1" 200 27
172.17.0.115 - - [09/Oct/2020:09:54:06 +0800] "GET /xingrg/all/function/internal_message.html?_=1602208457604&CODE_STATE=getMsg HTTP/1.1" 200 27
58.37.8.227 - - [09/Oct/2020:09:54:09 +0800] "GET /xingrg/kc/buy/cgsh_order_operate.html?command=get_materiel&rest_code=00141&code=00101008264&supplier_code=00100007&order_time=2020-10-09 HTTP/1.1" 200 412
124.77.70.31 - - [09/Oct/2020:09:54:10 +0800] "POST /xingrg/kc/buy/cgsh_order_operate.html HTTP/1.1" 200 37
124.77.70.31 - - [09/Oct/2020:09:54:11 +0800] "POST /xingrg/kc/buy/cgsh_order_operate.html HTTP/1.1" 200 5632
58.37.8.227 - - [09/Oct/2020:09:54:14 +0800] "GET /xingrg/kc/buy/cgsh_order_operate.html?command=get_materiel&rest_code=00141&code=00101008024&supplier_code=00100007&order_time=2020-10-09 HTTP/1.1" 200 427
222.69.139.222 - - [09/Oct/2020:09:54:21 +0800] "GET /xingrg/all/function/internal_message.html?_=1602208451561&CODE_STATE=getMsg HTTP/1.1" 200 27
222.69.139.222 - - [09/Oct/2020:09:54:21 +0800] "GET /xingrg/check_reg.html?_=1602208451563 HTTP/1.1" 200 22
180.174.56.115 - - [09/Oct/2020:09:54:23 +0800] "GET /xingrg/all/function/internal_message.html?_=1602208434165&CODE_STATE=getMsg HTTP/1.1" 200 27
58.37.8.227 - - [09/Oct/2020:09:54:28 +0800] "GET /xingrg/kc/buy/cgsh_order_operate.html?command=get_materiel&rest_code=00141&code=00101008137&supplier_code=00100007&order_time=2020-10-09 HTTP/1.1" 200 408
222.69.130.159 - - [09/Oct/2020:09:54:34 +0800] "GET /xingrg/all/function/internal_message.html?_=1602208472950&CODE_STATE=getMsg HTTP/1.1" 200 27
124.77.70.31 - - [09/Oct/2020:09:54:35 +0800] "GET /xingrg/all/function/internal_message.html?_=1602208463123&CODE_STATE=getMsg HTTP/1.1" 200 27
172.17.0.120 - - [09/Oct/2020:09:54:38 +0800] "GET /xingrg/all/function/internal_message.html?_=1602208473387&CODE_STATE=getMsg HTTP/1.1" 200 27
180.162.245.190 - - [09/Oct/2020:09:54:38 +0800] "GET /xingrg/all/function/internal_message.html?_=1602208476208&CODE_STATE=getMsg HTTP/1.1" 200 27
114.86.230.151 - - [09/Oct/2020:09:54:39 +0800] "GET /xingrg/check_reg.html?_=1602208494328 HTTP/1.1" 200 22
114.86.230.151 - - [09/Oct/2020:09:54:39 +0800] "GET /xingrg/all/function/internal_message.html?_=1602208494562&CODE_STATE=getMsg HTTP/1.1" 200 27
124.77.70.31 - - [09/Oct/2020:09:54:44 +0800] "POST /xingrg/kc/buy/cgsh_order_operate.html HTTP/1.1" 200 37
218.81.217.115 - - [09/Oct/2020:09:54:44 +0800] "GET /xingrg/all/function/internal_message.html?_=1602208501694&CODE_STATE=getMsg HTTP/1.1" 200 27
124.77.70.31 - - [09/Oct/2020:09:54:45 +0800] "POST /xingrg/kc/buy/cgsh_order_operate.html HTTP/1.1" 200 5632
180.174.56.115 - - [09/Oct/2020:09:54:45 +0800] "GET /xingrg/all/function/internal_message.html?_=1602208481238&CODE_STATE=getMsg HTTP/1.1" 200 27
124.77.70.31 - - [09/Oct/2020:09:54:46 +0800] "GET /xingrg/kc/buy/cgsh_order_add.html HTTP/1.1" 200 60026
124.77.70.31 - - [09/Oct/2020:09:54:47 +0800] "POST /xingrg/kc/buy/cgsh_order_operate.html HTTP/1.1" 200 8245
124.77.70.31 - - [09/Oct/2020:09:54:47 +0800] "GET /xingrg/javascript/easyui/themes/default/validatebox.css HTTP/1.1" 404 1104
58.37.8.227 - - [09/Oct/2020:09:54:48 +0800] "GET /xingrg/kc/buy/cgsh_order_operate.html?command=get_materiel&rest_code=00141&code=00101008069&supplier_code=00100007&order_time=2020-10-09 HTTP/1.1" 200 431
124.77.70.31 - - [09/Oct/2020:09:54:49 +0800] "GET /xingrg/javascript/easyui/themes/default/tree.css HTTP/1.1" 404 1090
124.77.70.31 - - [09/Oct/2020:09:54:50 +0800] "POST /xingrg/all/common/load_tree.html?tree=supplier_tree_json&isDelete=1 HTTP/1.1" 200 50541
114.88.166.242 - - [09/Oct/2020:09:54:52 +0800] "GET /xingrg/all/function/internal_message.html?_=1602208571045&CODE_STATE=getMsg HTTP/1.1" 200 27
58.37.8.227 - - [09/Oct/2020:09:54:53 +0800] "GET /xingrg/all/function/internal_message.html?_=1602208501725&CODE_STATE=getMsg HTTP/1.1" 200 27
124.77.70.31 - - [09/Oct/2020:09:54:55 +0800] "GET /xingrg/check_reg.html?_=1602208490588 HTTP/1.1" 200 22
124.77.70.31 - - [09/Oct/2020:09:54:55 +0800] "GET /xingrg/all/function/internal_message.html?_=1602208490589&CODE_STATE=getMsg HTTP/1.1" 200 27
58.40.7.146 - - [09/Oct/2020:09:54:56 +0800] "GET /xingrg/all/function/internal_message.html?_=1602208492086&CODE_STATE=getMsg HTTP/1.1" 200 27
58.40.7.146 - - [09/Oct/2020:09:54:57 +0800] "GET /xingrg/check_reg.html?_=1602208492914 HTTP/1.1" 200 22
58.40.7.146 - - [09/Oct/2020:09:54:57 +0800] "GET /xingrg/all/function/internal_message.html?_=1602208492916&CODE_STATE=getMsg HTTP/1.1" 200 27
172.17.200.101 - - [09/Oct/2020:09:55:00 +0800] "GET /xingrg/all/function/internal_message.html?_=1602208497885&CODE_STATE=getMsg HTTP/1.1" 200 27
172.17.0.240 - - [09/Oct/2020:09:55:01 +0800] "GET /xingrg/all/function/internal_message.html?_=1602208495721&CODE_STATE=getMsg HTTP/1.1" 200 27
58.37.8.227 - - [09/Oct/2020:09:55:02 +0800] "GET /xingrg/kc/buy/cgsh_order_operate.html?command=get_materiel&rest_code=00141&code=00101008036&supplier_code=00100007&order_time=2020-10-09 HTTP/1.1" 200 408
172.17.0.123 - - [09/Oct/2020:09:55:03 +0800] "GET /xingrg/all/function/internal_message.html?_=1602208477728&CODE_STATE=getMsg HTTP/1.1" 200 27
124.77.70.31 - - [09/Oct/2020:09:55:05 +0800] "GET /xingrg/kc/buy/cgsh_order_operate.html?command=get_materiel&rest_code=00107&code=00101010536&supplier_code=00100313&order_time=2020-10-09 HTTP/1.1" 200 425
101.85.228.253 - - [09/Oct/2020:09:55:06 +0800] "GET /xingrg/all/function/internal_message.html?_=1602208718198&CODE_STATE=getMsg HTTP/1.1" 200 27
172.17.0.115 - - [09/Oct/2020:09:55:06 +0800] "GET /xingrg/all/function/internal_message.html?_=1602208517620&CODE_STATE=getMsg HTTP/1.1" 200 27
58.37.8.227 - - [09/Oct/2020:09:55:10 +0800] "GET /xingrg/kc/buy/cgsh_order_operate.html?command=get_materiel&rest_code=00141&code=00101008131&supplier_code=00100007&order_time=2020-10-09 HTTP/1.1" 200 409
180.174.56.115 - - [09/Oct/2020:09:55:15 +0800] "POST /xingrg/dwr/call/plaincall/AjaxQqpsService.saveMaterielItem.dwr HTTP/1.1" 200 79
58.37.8.227 - - [09/Oct/2020:09:55:17 +0800] "GET /xingrg/kc/buy/cgsh_order_operate.html?command=get_materiel&rest_code=00141&code=00101008318&supplier_code=00100007&order_time=2020-10-09 HTTP/1.1" 200 427
180.174.56.115 - - [09/Oct/2020:09:55:20 +0800] "POST /xingrg/dwr/call/plaincall/AjaxQqpsService.getMaterielByCode.dwr HTTP/1.1" 200 3632
222.69.139.222 - - [09/Oct/2020:09:55:21 +0800] "GET /xingrg/all/function/internal_message.html?_=1602208511564&CODE_STATE=getMsg HTTP/1.1" 200 27
180.174.56.115 - - [09/Oct/2020:09:55:23 +0800] "POST /xingrg/dwr/call/plaincall/AjaxQqpsService.saveMaterielItem.dwr HTTP/1.1" 200 79
180.174.56.115 - - [09/Oct/2020:09:55:24 +0800] "GET /xingrg/all/function/internal_message.html?_=1602208494179&CODE_STATE=getMsg HTTP/1.1" 200 27
58.37.8.227 - - [09/Oct/2020:09:55:26 +0800] "GET /xingrg/check_reg.html?_=1602208534662 HTTP/1.1" 200 22
180.174.56.115 - - [09/Oct/2020:09:55:27 +0800] "POST /xingrg/dwr/call/plaincall/AjaxQqpsService.getMaterielByCode.dwr HTTP/1.1" 200 3623
180.174.56.115 - - [09/Oct/2020:09:55:32 +0800] "POST /xingrg/dwr/call/plaincall/AjaxQqpsService.saveMaterielItem.dwr HTTP/1.1" 200 79
58.37.8.227 - - [09/Oct/2020:09:55:33 +0800] "GET /xingrg/kc/buy/cgsh_order_operate.html?command=get_materiel&rest_code=00141&code=00101008005&supplier_code=00100007&order_time=2020-10-09 HTTP/1.1" 200 412
222.69.130.159 - - [09/Oct/2020:09:55:34 +0800] "GET /xingrg/all/function/internal_message.html?_=1602208532938&CODE_STATE=getMsg HTTP/1.1" 200 27
124.77.70.31 - - [09/Oct/2020:09:55:35 +0800] "GET /xingrg/all/function/internal_message.html?_=1602208523095&CODE_STATE=getMsg HTTP/1.1" 200 27
114.86.230.151 - - [09/Oct/2020:09:55:36 +0800] "GET /xingrg/all/function/internal_message.html?_=1602208554562&CODE_STATE=getMsg HTTP/1.1" 200 27
180.174.56.115 - - [09/Oct/2020:09:55:36 +0800] "POST /xingrg/dwr/call/plaincall/AjaxQqpsService.getMaterielByCode.dwr HTTP/1.1" 200 3634
124.77.70.31 - - [09/Oct/2020:09:55:38 +0800] "POST /xingrg/kc/buy/cgsh_order_operate.html HTTP/1.1" 200 37
180.174.56.115 - - [09/Oct/2020:09:55:38 +0800] "POST /xingrg/dwr/call/plaincall/AjaxQqpsService.saveMaterielItem.dwr HTTP/1.1" 200 79
172.17.0.120 - - [09/Oct/2020:09:55:38 +0800] "GET /xingrg/all/function/internal_message.html?_=1602208533391&CODE_STATE=getMsg HTTP/1.1" 200 27
172.17.0.120 - - [09/Oct/2020:09:55:38 +0800] "GET /xingrg/check_reg.html?_=1602208533395 HTTP/1.1" 200 22
180.162.245.190 - - [09/Oct/2020:09:55:38 +0800] "GET /xingrg/all/function/internal_message.html?_=1602208536207&CODE_STATE=getMsg HTTP/1.1" 200 27
124.77.70.31 - - [09/Oct/2020:09:55:41 +0800] "POST /xingrg/kc/buy/cgsh_order_operate.html HTTP/1.1" 200 2671
124.77.70.31 - - [09/Oct/2020:09:55:43 +0800] "GET /xingrg/kc/print/load_data.html?order_code=212020100903763&kc_code=cgsh&condition= HTTP/1.1" 200 682
218.81.217.115 - - [09/Oct/2020:09:55:44 +0800] "GET /xingrg/all/function/internal_message.html?_=1602208561708&CODE_STATE=getMsg HTTP/1.1" 200 27
58.37.8.227 - - [09/Oct/2020:09:55:44 +0800] "GET /xingrg/kc/buy/cgsh_order_operate.html?command=get_materiel&rest_code=00141&code=00101008039&supplier_code=00100007&order_time=2020-10-09 HTTP/1.1" 200 431
180.174.56.115 - - [09/Oct/2020:09:55:45 +0800] "GET /xingrg/all/function/internal_message.html?_=1602208541288&CODE_STATE=getMsg HTTP/1.1" 200 27
124.77.70.31 - - [09/Oct/2020:09:55:47 +0800] "GET /xingrg/kc/buy/cgsh_order_add.html HTTP/1.1" 200 60026
124.77.70.31 - - [09/Oct/2020:09:55:47 +0800] "GET /xingrg/words/20201009092426_words.js HTTP/1.1" 304 -
124.77.70.31 - - [09/Oct/2020:09:55:47 +0800] "GET /xingrg/javascript/easyui/themes/default/validatebox.css HTTP/1.1" 404 1104
124.77.70.31 - - [09/Oct/2020:09:55:47 +0800] "POST /xingrg/kc/buy/cgsh_order_operate.html HTTP/1.1" 200 8245
180.174.56.115 - - [09/Oct/2020:09:55:49 +0800] "POST /xingrg/dwr/call/plaincall/AjaxQqpsService.getMaterielByCode.dwr HTTP/1.1" 200 3653
124.77.70.31 - - [09/Oct/2020:09:55:49 +0800] "GET /xingrg/javascript/easyui/themes/default/tree.css HTTP/1.1" 404 1090
124.77.70.31 - - [09/Oct/2020:09:55:49 +0800] "POST /xingrg/all/common/load_tree.html?tree=supplier_tree_json&isDelete=1 HTTP/1.1" 200 50541
114.88.166.242 - - [09/Oct/2020:09:55:52 +0800] "GET /xingrg/all/function/internal_message.html?_=1602208631025&CODE_STATE=getMsg HTTP/1.1" 200 27
58.37.8.227 - - [09/Oct/2020:09:55:53 +0800] "GET /xingrg/all/function/internal_message.html?_=1602208561680&CODE_STATE=getMsg HTTP/1.1" 200 27
124.77.70.31 - - [09/Oct/2020:09:55:55 +0800] "GET /xingrg/all/function/internal_message.html?_=1602208550589&CODE_STATE=getMsg HTTP/1.1" 200 27
58.40.7.146 - - [09/Oct/2020:09:55:56 +0800] "GET /xingrg/all/function/internal_message.html?_=1602208552056&CODE_STATE=getMsg HTTP/1.1" 200 27
180.174.56.115 - - [09/Oct/2020:09:55:57 +0800] "POST /xingrg/dwr/call/plaincall/AjaxQqpsService.saveMaterielItem.dwr HTTP/1.1" 200 79
58.40.7.146 - - [09/Oct/2020:09:55:57 +0800] "GET /xingrg/all/function/internal_message.html?_=1602208552917&CODE_STATE=getMsg HTTP/1.1" 200 27
172.17.200.101 - - [09/Oct/2020:09:56:00 +0800] "GET /xingrg/all/function/internal_message.html?_=1602208557888&CODE_STATE=getMsg HTTP/1.1" 200 27
172.17.0.240 - - [09/Oct/2020:09:56:01 +0800] "GET /xingrg/all/function/internal_message.html?_=1602208555723&CODE_STATE=getMsg HTTP/1.1" 200 27
172.17.0.123 - - [09/Oct/2020:09:56:03 +0800] "GET /xingrg/all/function/internal_message.html?_=1602208537730&CODE_STATE=getMsg HTTP/1.1" 200 27
101.85.228.253 - - [09/Oct/2020:09:56:06 +0800] "GET /xingrg/all/function/internal_message.html?_=1602208778213&CODE_STATE=getMsg HTTP/1.1" 200 27
172.17.0.115 - - [09/Oct/2020:09:56:06 +0800] "GET /xingrg/all/function/internal_message.html?_=1602208577645&CODE_STATE=getMsg HTTP/1.1" 200 27
180.174.56.115 - - [09/Oct/2020:09:56:08 +0800] "POST /xingrg/dwr/call/plaincall/AjaxQqpsService.getMaterielByCode.dwr HTTP/1.1" 200 3659
124.77.70.31 - - [09/Oct/2020:09:56:09 +0800] "GET /xingrg/kc/buy/cgsh_order_operate.html?command=get_materiel&rest_code=00107&code=00101010017&supplier_code=00100323&order_time=2020-10-09 HTTP/1.1" 200 423
222.69.139.222 - - [09/Oct/2020:09:56:21 +0800] "GET /xingrg/all/function/internal_message.html?_=1602208571582&CODE_STATE=getMsg HTTP/1.1" 200 27
180.174.56.115 - - [09/Oct/2020:09:56:23 +0800] "POST /xingrg/dwr/call/plaincall/AjaxQqpsService.saveMaterielItem.dwr HTTP/1.1" 200 79
180.174.56.115 - - [09/Oct/2020:09:56:24 +0800] "GET /xingrg/all/function/internal_message.html?_=1602208554193&CODE_STATE=getMsg HTTP/1.1" 200 27
114.88.166.242 - - [09/Oct/2020:09:56:24 +0800] "GET /xingrg/check_reg.html?_=1602208570279 HTTP/1.1" 302 -
124.77.70.31 - - [09/Oct/2020:09:56:25 +0800] "GET /xingrg/kc/buy/cgsh_order_operate.html?command=get_materiel&rest_code=00107&code=00101010214&supplier_code=00100323&order_time=2020-10-09 HTTP/1.1" 200 414
222.69.130.159 - - [09/Oct/2020:09:56:25 +0800] "GET /xingrg/javascript/auto/indicator.gif HTTP/1.1" 404 1066
222.69.130.159 - - [09/Oct/2020:09:56:29 +0800] "GET /xingrg/kc/report/report_main.html HTTP/1.1" 200 7345
180.174.56.115 - - [09/Oct/2020:09:56:29 +0800] "POST /xingrg/dwr/call/plaincall/AjaxQqpsService.getMaterielByCode.dwr HTTP/1.1" 200 3625
222.69.130.159 - - [09/Oct/2020:09:56:31 +0800] "GET /xingrg/kc/base/kc_stocks.html HTTP/1.1" 200 16335
172.17.0.115 - - [09/Oct/2020:09:56:31 +0800] "GET /xingrg/check_reg.html?_=1602208602924 HTTP/1.1" 200 22
222.69.130.159 - - [09/Oct/2020:09:56:32 +0800] "GET /xingrg/javascript/easyui/themes/default/tree.css HTTP/1.1" 404 1090
222.69.130.159 - - [09/Oct/2020:09:56:32 +0800] "POST /xingrg/all/common/load_tree.html?tree=materiel_sort_tree_json HTTP/1.1" 200 8666
180.174.56.115 - - [09/Oct/2020:09:56:32 +0800] "POST /xingrg/dwr/call/plaincall/AjaxQqpsService.saveMaterielItem.dwr HTTP/1.1" 200 79
114.86.230.151 - - [09/Oct/2020:09:56:33 +0800] "GET /xingrg/all/function/internal_message.html?_=1602208614578&CODE_STATE=getMsg HTTP/1.1" 200 27
222.69.130.159 - - [09/Oct/2020:09:56:34 +0800] "GET /xingrg/all/function/internal_message.html?_=1602208593063&CODE_STATE=getMsg HTTP/1.1" 200 27
124.77.70.31 - - [09/Oct/2020:09:56:35 +0800] "GET /xingrg/all/function/internal_message.html?_=1602208583082&CODE_STATE=getMsg HTTP/1.1" 200 27
180.174.56.115 - - [09/Oct/2020:09:56:38 +0800] "POST /xingrg/dwr/call/plaincall/AjaxQqpsService.getMaterielByCode.dwr HTTP/1.1" 200 3655
172.17.0.120 - - [09/Oct/2020:09:56:38 +0800] "GET /xingrg/all/function/internal_message.html?_=1602208593383&CODE_STATE=getMsg HTTP/1.1" 200 27
180.162.245.190 - - [09/Oct/2020:09:56:38 +0800] "GET /xingrg/all/function/internal_message.html?_=1602208596234&CODE_STATE=getMsg HTTP/1.1" 200 27
222.69.130.159 - - [09/Oct/2020:09:56:39 +0800] "POST /xingrg/kc/base/stock_operate.html HTTP/1.1" 200 4071
124.77.70.31 - - [09/Oct/2020:09:56:39 +0800] "GET /xingrg/kc/buy/cgsh_order_operate.html?command=get_materiel&rest_code=00107&code=00101001080&supplier_code=00100323&order_time=2020-10-09 HTTP/1.1" 200 419
180.174.56.115 - - [09/Oct/2020:09:56:41 +0800] "POST /xingrg/dwr/call/plaincall/AjaxQqpsService.saveMaterielItem.dwr HTTP/1.1" 200 79
61.151.178.180 - - [09/Oct/2020:09:56:43 +0800] "GET /xingrg/kc/buy/cgsh_order_operate.html?command=get_materiel&rest_code=00141&code=00101008213&supplier_code=00100007&order_time=2020-10-09 HTTP/1.1" 302 -
222.69.130.159 - - [09/Oct/2020:09:56:43 +0800] "POST /xingrg/kc/base/stock_operate.html HTTP/1.1" 200 4276
218.81.217.115 - - [09/Oct/2020:09:56:45 +0800] "GET /xingrg/all/function/internal_message.html?_=1602208622222&CODE_STATE=getMsg HTTP/1.1" 200 27
180.174.56.115 - - [09/Oct/2020:09:56:45 +0800] "GET /xingrg/all/function/internal_message.html?_=1602208601336&CODE_STATE=getMsg HTTP/1.1" 200 27
61.151.178.180 - - [09/Oct/2020:09:56:45 +0800] "GET /xingrg/login.html HTTP/1.1" 200 7641
222.69.130.159 - - [09/Oct/2020:09:56:48 +0800] "POST /xingrg/kc/base/stock_operate.html HTTP/1.1" 200 4353
180.174.56.115 - - [09/Oct/2020:09:56:49 +0800] "POST /xingrg/dwr/call/plaincall/AjaxQqpsService.getMaterielByCode.dwr HTTP/1.1" 200 3576
114.88.166.242 - - [09/Oct/2020:09:56:52 +0800] "GET /xingrg/all/function/internal_message.html?_=1602208691001&CODE_STATE=getMsg HTTP/1.1" 200 27
180.174.56.115 - - [09/Oct/2020:09:56:53 +0800] "POST /xingrg/dwr/call/plaincall/AjaxQqpsService.saveMaterielItem.dwr HTTP/1.1" 200 79
58.37.8.227 - - [09/Oct/2020:09:56:53 +0800] "GET /xingrg/all/function/internal_message.html?_=1602208621692&CODE_STATE=getMsg HTTP/1.1" 200 27
222.69.130.159 - - [09/Oct/2020:09:56:54 +0800] "POST /xingrg/kc/base/stock_operate.html HTTP/1.1" 200 4448
124.77.70.31 - - [09/Oct/2020:09:56:55 +0800] "GET /xingrg/all/function/internal_message.html?_=1602208610593&CODE_STATE=getMsg HTTP/1.1" 200 27
58.40.7.146 - - [09/Oct/2020:09:56:56 +0800] "GET /xingrg/all/function/internal_message.html?_=1602208612035&CODE_STATE=getMsg HTTP/1.1" 200 27
180.174.56.115 - - [09/Oct/2020:09:56:56 +0800] "POST /xingrg/dwr/call/plaincall/AjaxQqpsService.getMaterielByCode.dwr HTTP/1.1" 200 3585
58.40.7.146 - - [09/Oct/2020:09:56:57 +0800] "GET /xingrg/all/function/internal_message.html?_=1602208612919&CODE_STATE=getMsg HTTP/1.1" 200 27
61.129.6.145 - - [09/Oct/2020:09:56:57 +0800] "GET /xingrg/all/function/internal_message.html?_=1602207961883&CODE_STATE=getMsg HTTP/1.1" 302 -
222.69.130.159 - - [09/Oct/2020:09:56:58 +0800] "POST /xingrg/kc/base/stock_operate.html HTTP/1.1" 200 4326
172.17.200.101 - - [09/Oct/2020:09:57:00 +0800] "GET /xingrg/check_reg.html?_=1602208617890 HTTP/1.1" 200 22
172.17.200.101 - - [09/Oct/2020:09:57:00 +0800] "GET /xingrg/all/function/internal_message.html?_=1602208617894&CODE_STATE=getMsg HTTP/1.1" 200 27
218.81.217.115 - - [09/Oct/2020:09:57:01 +0800] "GET /xingrg/check_reg.html?_=1602208638169 HTTP/1.1" 200 22
172.17.0.240 - - [09/Oct/2020:09:57:01 +0800] "GET /xingrg/check_reg.html?_=1602208615712 HTTP/1.1" 200 22
172.17.0.240 - - [09/Oct/2020:09:57:01 +0800] "GET /xingrg/all/function/internal_message.html?_=1602208615714&CODE_STATE=getMsg HTTP/1.1" 200 27
124.77.70.31 - - [09/Oct/2020:09:57:02 +0800] "GET /xingrg/kc/buy/cgsh_order_operate.html?command=get_materiel&rest_code=00107&code=00101007095&supplier_code=00100323&order_time=2020-10-09 HTTP/1.1" 200 415
180.174.56.115 - - [09/Oct/2020:09:57:02 +0800] "POST /xingrg/dwr/call/plaincall/AjaxQqpsService.saveMaterielItem.dwr HTTP/1.1" 200 79
172.17.0.123 - - [09/Oct/2020:09:57:03 +0800] "GET /xingrg/all/function/internal_message.html?_=1602208597732&CODE_STATE=getMsg HTTP/1.1" 200 27
61.129.6.145 - - [09/Oct/2020:09:57:03 +0800] "GET /xingrg/login.html HTTP/1.1" 200 7641
101.85.228.253 - - [09/Oct/2020:09:57:06 +0800] "GET /xingrg/all/function/internal_message.html?_=1602208838402&CODE_STATE=getMsg HTTP/1.1" 200 27
172.17.0.115 - - [09/Oct/2020:09:57:06 +0800] "GET /xingrg/all/function/internal_message.html?_=1602208637648&CODE_STATE=getMsg HTTP/1.1" 200 27
58.40.7.146 - - [09/Oct/2020:09:57:06 +0800] "GET /xingrg/check_reg.html?_=1602208622100 HTTP/1.1" 200 22
180.174.56.115 - - [09/Oct/2020:09:57:07 +0800] "POST /xingrg/dwr/call/plaincall/AjaxQqpsService.getMaterielByCode.dwr HTTP/1.1" 200 3577
180.174.56.115 - - [09/Oct/2020:09:57:09 +0800] "POST /xingrg/dwr/call/plaincall/AjaxQqpsService.saveMaterielItem.dwr HTTP/1.1" 200 79
101.89.19.197 - - [09/Oct/2020:09:57:10 +0800] "GET /xingrg/kc/buy/cgsh_order_operate.html?command=get_materiel&rest_code=00141&code=00101008337&supplier_code=00100007&order_time=2020-10-09 HTTP/1.1" 302 -
61.151.178.236 - - [09/Oct/2020:09:57:15 +0800] "GET /xingrg/kc/buy/cgsh_order_operate.html?command=get_materiel&rest_code=00141&code=00101008098&supplier_code=00100007&order_time=2020-10-09 HTTP/1.1" 302 -
101.89.19.197 - - [09/Oct/2020:09:57:16 +0800] "GET /xingrg/login.html HTTP/1.1" 200 7641
61.151.178.236 - - [09/Oct/2020:09:57:17 +0800] "GET /xingrg/login.html HTTP/1.1" 200 7641
180.174.56.115 - - [09/Oct/2020:09:57:20 +0800] "POST /xingrg/dwr/call/plaincall/AjaxQqpsService.getMaterielByCode.dwr HTTP/1.1" 200 3584
222.69.139.222 - - [09/Oct/2020:09:57:21 +0800] "GET /xingrg/all/function/internal_message.html?_=1602208631583&CODE_STATE=getMsg HTTP/1.1" 200 27
180.174.56.115 - - [09/Oct/2020:09:57:23 +0800] "POST /xingrg/dwr/call/plaincall/AjaxQqpsService.saveMaterielItem.dwr HTTP/1.1" 200 79
180.174.56.115 - - [09/Oct/2020:09:57:23 +0800] "GET /xingrg/check_reg.html?_=1602208613817 HTTP/1.1" 200 22
180.174.56.115 - - [09/Oct/2020:09:57:24 +0800] "GET /xingrg/all/function/internal_message.html?_=1602208614206&CODE_STATE=getMsg HTTP/1.1" 200 27
180.174.56.115 - - [09/Oct/2020:09:57:27 +0800] "POST /xingrg/dwr/call/plaincall/AjaxQqpsService.getMaterielByCode.dwr HTTP/1.1" 200 3598
124.77.70.31 - - [09/Oct/2020:09:57:28 +0800] "GET /xingrg/kc/buy/cgsh_order_operate.html?command=get_materiel&rest_code=00107&code=00101010385&supplier_code=00100323&order_time=2020-10-09 HTTP/1.1" 200 401
114.86.230.151 - - [09/Oct/2020:09:57:30 +0800] "GET /xingrg/all/function/internal_message.html?_=1602208674593&CODE_STATE=getMsg HTTP/1.1" 200 27
222.69.130.159 - - [09/Oct/2020:09:57:34 +0800] "GET /xingrg/all/function/internal_message.html?_=1602208652941&CODE_STATE=getMsg HTTP/1.1" 200 27
222.69.130.159 - - [09/Oct/2020:09:57:34 +0800] "POST /xingrg/kc/base/stock_operate.html HTTP/1.1" 200 4320
180.174.56.115 - - [09/Oct/2020:09:57:34 +0800] "POST /xingrg/dwr/call/plaincall/AjaxQqpsService.saveMaterielItem.dwr HTTP/1.1" 200 79
124.77.70.31 - - [09/Oct/2020:09:57:35 +0800] "GET /xingrg/all/function/internal_message.html?_=1602208643052&CODE_STATE=getMsg HTTP/1.1" 200 27
172.17.0.120 - - [09/Oct/2020:09:57:38 +0800] "GET /xingrg/all/function/internal_message.html?_=1602208653388&CODE_STATE=getMsg HTTP/1.1" 200 27
180.162.245.190 - - [09/Oct/2020:09:57:38 +0800] "GET /xingrg/all/function/internal_message.html?_=1602208656236&CODE_STATE=getMsg HTTP/1.1" 200 27
180.162.245.190 - - [09/Oct/2020:09:57:38 +0800] "GET /xingrg/check_reg.html?_=1602208656238 HTTP/1.1" 200 22
124.77.70.31 - - [09/Oct/2020:09:57:39 +0800] "POST /xingrg/kc/buy/cgsh_order_operate.html HTTP/1.1" 200 37
101.91.60.108 - - [09/Oct/2020:09:57:40 +0800] "GET /xingrg/kc/buy/cgsh_order_operate.html?command=get_materiel&rest_code=00141&code=00101008298&supplier_code=00100007&order_time=2020-10-09 HTTP/1.1" 302 -
180.174.56.115 - - [09/Oct/2020:09:57:40 +0800] "POST /xingrg/dwr/call/plaincall/AjaxQqpsService.checkOrder.dwr HTTP/1.1" 200 79
180.174.56.115 - - [09/Oct/2020:09:57:41 +0800] "GET /xingrg/kc/mdqp/qqps_order_info.html?code=302020100900191 HTTP/1.1" 200 26409
180.174.56.115 - - [09/Oct/2020:09:57:41 +0800] "GET /xingrg/dwr/interface/AjaxComOrderService.js HTTP/1.1" 200 18264
180.174.56.115 - - [09/Oct/2020:09:57:41 +0800] "GET /xingrg/dwr/interface/AjaxQqpsService.js HTTP/1.1" 200 16326
180.174.56.115 - - [09/Oct/2020:09:57:41 +0800] "GET /xingrg/dwr/engine.js HTTP/1.1" 200 43631
124.77.70.31 - - [09/Oct/2020:09:57:42 +0800] "POST /xingrg/kc/buy/cgsh_order_operate.html HTTP/1.1" 200 5049
180.174.56.115 - - [09/Oct/2020:09:57:42 +0800] "POST /xingrg/dwr/call/plaincall/AjaxQqpsService.loadMaterielItems.dwr HTTP/1.1" 200 13952
101.91.60.108 - - [09/Oct/2020:09:57:42 +0800] "GET /xingrg/login.html HTTP/1.1" 200 7641
222.69.130.159 - - [09/Oct/2020:09:57:43 +0800] "POST /xingrg/kc/base/stock_operate.html HTTP/1.1" 200 4273
180.174.56.115 - - [09/Oct/2020:09:57:43 +0800] "GET /xingrg/images/yd/bt.gif HTTP/1.1" 404 1040
180.174.56.115 - - [09/Oct/2020:09:57:43 +0800] "GET /xingrg/images/yd/bt2.gif HTTP/1.1" 404 1042
124.77.70.31 - - [09/Oct/2020:09:57:43 +0800] "GET /xingrg/kc/print/load_data.html?order_code=212020100903764&kc_code=cgsh&condition= HTTP/1.1" 200 1599
218.81.217.115 - - [09/Oct/2020:09:57:45 +0800] "GET /xingrg/all/function/internal_message.html?_=1602208682234&CODE_STATE=getMsg HTTP/1.1" 200 27
222.69.130.159 - - [09/Oct/2020:09:57:45 +0800] "POST /xingrg/kc/base/stock_operate.html HTTP/1.1" 200 4342
180.174.56.115 - - [09/Oct/2020:09:57:45 +0800] "GET /xingrg/all/function/internal_message.html?_=1602208661368&CODE_STATE=getMsg HTTP/1.1" 200 27
180.174.56.115 - - [09/Oct/2020:09:57:46 +0800] "GET /xingrg/kc/mdqp/qqps_order_add.html HTTP/1.1" 200 28002
180.174.56.115 - - [09/Oct/2020:09:57:46 +0800] "GET /xingrg/dwr/interface/AjaxQqpsService.js HTTP/1.1" 200 16326
180.174.56.115 - - [09/Oct/2020:09:57:46 +0800] "GET /xingrg/dwr/interface/AjaxComOrderService.js HTTP/1.1" 200 18264
180.174.56.115 - - [09/Oct/2020:09:57:46 +0800] "GET /xingrg/dwr/engine.js HTTP/1.1" 200 43631
124.77.70.31 - - [09/Oct/2020:09:57:47 +0800] "GET /xingrg/kc/buy/cgsh_order_add.html HTTP/1.1" 200 60026
222.69.130.159 - - [09/Oct/2020:09:57:48 +0800] "POST /xingrg/kc/base/stock_operate.html HTTP/1.1" 200 3023
124.77.70.31 - - [09/Oct/2020:09:57:48 +0800] "POST /xingrg/kc/buy/cgsh_order_operate.html HTTP/1.1" 200 8245
180.174.56.115 - - [09/Oct/2020:09:57:48 +0800] "GET /xingrg/kc/base/wldb_order_list.html HTTP/1.1" 200 19384
124.77.70.31 - - [09/Oct/2020:09:57:48 +0800] "GET /xingrg/javascript/easyui/themes/default/validatebox.css HTTP/1.1" 404 1104
180.174.56.115 - - [09/Oct/2020:09:57:48 +0800] "POST /xingrg/kc/base/wldb_list_operate.html HTTP/1.1" 200 1792
180.174.56.115 - - [09/Oct/2020:09:57:49 +0800] "GET /xingrg/kc/base/wldb_order_add.html HTTP/1.1" 200 30496
180.174.56.115 - - [09/Oct/2020:09:57:49 +0800] "GET /xingrg/words/20201009092426_words.js HTTP/1.1" 304 -
180.174.56.115 - - [09/Oct/2020:09:57:50 +0800] "GET /xingrg/all/common/auto_word.html?type=base&rest_code=00150 HTTP/1.1" 200 1653
180.174.56.115 - - [09/Oct/2020:09:57:50 +0800] "GET /xingrg/all/common/auto_word.html?type=base&rest_code=00150 HTTP/1.1" 200 1653
180.174.56.115 - - [09/Oct/2020:09:57:50 +0800] "GET /xingrg/javascript/easyui/themes/default/validatebox.css HTTP/1.1" 404 1104
180.174.56.115 - - [09/Oct/2020:09:57:50 +0800] "POST /xingrg/kc/base/wldb_order_operate.html HTTP/1.1" 200 6806
124.77.70.31 - - [09/Oct/2020:09:57:50 +0800] "GET /xingrg/javascript/easyui/themes/default/tree.css HTTP/1.1" 404 1090
124.77.70.31 - - [09/Oct/2020:09:57:50 +0800] "POST /xingrg/all/common/load_tree.html?tree=supplier_tree_json&isDelete=1 HTTP/1.1" 200 50541
114.88.166.242 - - [09/Oct/2020:09:57:52 +0800] "GET /xingrg/all/function/internal_message.html?_=1602208750975&CODE_STATE=getMsg HTTP/1.1" 200 27
58.37.8.227 - - [09/Oct/2020:09:57:53 +0800] "GET /xingrg/all/function/internal_message.html?_=1602208681626&CODE_STATE=getMsg HTTP/1.1" 200 27
114.88.166.242 - - [09/Oct/2020:09:57:53 +0800] "GET /xingrg/check_reg.html?_=1602208752476 HTTP/1.1" 200 22
124.77.70.31 - - [09/Oct/2020:09:57:55 +0800] "GET /xingrg/all/function/internal_message.html?_=1602208670599&CODE_STATE=getMsg HTTP/1.1" 200 27
58.40.7.146 - - [09/Oct/2020:09:57:56 +0800] "GET /xingrg/all/function/internal_message.html?_=1602208672008&CODE_STATE=getMsg HTTP/1.1" 200 27
58.40.7.146 - - [09/Oct/2020:09:57:57 +0800] "GET /xingrg/all/function/internal_message.html?_=1602208672922&CODE_STATE=getMsg HTTP/1.1" 200 27
180.174.56.115 - - [09/Oct/2020:09:57:57 +0800] "POST /xingrg/dwr/call/plaincall/AjaxQqpsService.saveOrder.dwr HTTP/1.1" 200 78
180.174.56.115 - - [09/Oct/2020:09:57:58 +0800] "POST /xingrg/kc/base/wldb_list_operate.html HTTP/1.1" 200 200
180.174.56.115 - - [09/Oct/2020:09:57:58 +0800] "GET /xingrg/javascript/auto/indicator.gif HTTP/1.1" 404 1066
172.17.200.101 - - [09/Oct/2020:09:58:00 +0800] "GET /xingrg/all/function/internal_message.html?_=1602208677880&CODE_STATE=getMsg HTTP/1.1" 200 27
180.174.56.115 - - [09/Oct/2020:09:58:00 +0800] "POST /xingrg/dwr/call/plaincall/AjaxQqpsService.getMaterielByCode.dwr HTTP/1.1" 200 3583
172.17.0.240 - - [09/Oct/2020:09:58:01 +0800] "GET /xingrg/all/function/internal_message.html?_=1602208675715&CODE_STATE=getMsg HTTP/1.1" 200 27
180.174.56.115 - - [09/Oct/2020:09:58:02 +0800] "POST /xingrg/dwr/call/plaincall/AjaxQqpsService.saveMaterielItem.dwr HTTP/1.1" 200 78
172.17.0.123 - - [09/Oct/2020:09:58:03 +0800] "GET /xingrg/all/function/internal_message.html?_=1602208657718&CODE_STATE=getMsg HTTP/1.1" 200 27
101.85.228.253 - - [09/Oct/2020:09:58:06 +0800] "GET /xingrg/all/function/internal_message.html?_=1602208898411&CODE_STATE=getMsg HTTP/1.1" 200 27
172.17.0.115 - - [09/Oct/2020:09:58:06 +0800] "GET /xingrg/all/function/internal_message.html?_=1602208697661&CODE_STATE=getMsg HTTP/1.1" 200 27
180.174.56.115 - - [09/Oct/2020:09:58:07 +0800] "POST /xingrg/dwr/call/plaincall/AjaxQqpsService.getMaterielByCode.dwr HTTP/1.1" 200 3583
180.174.56.115 - - [09/Oct/2020:09:58:07 +0800] "GET /xingrg/kc/base/wldb_order_info.html?code=422020100801041 HTTP/1.1" 200 30518
180.174.56.115 - - [09/Oct/2020:09:58:08 +0800] "GET /xingrg/javascript/easyui/themes/default/validatebox.css HTTP/1.1" 404 1104
180.174.56.115 - - [09/Oct/2020:09:58:08 +0800] "POST /xingrg/kc/base/wldb_order_operate.html HTTP/1.1" 200 2182
180.174.56.115 - - [09/Oct/2020:09:58:11 +0800] "POST /xingrg/dwr/call/plaincall/AjaxQqpsService.saveMaterielItem.dwr HTTP/1.1" 200 78
180.174.56.115 - - [09/Oct/2020:09:58:12 +0800] "POST /xingrg/kc/base/wldb_order_operate.html HTTP/1.1" 200 12
180.174.56.115 - - [09/Oct/2020:09:58:13 +0800] "POST /xingrg/dwr/call/plaincall/AjaxQqpsService.checkOrder.dwr HTTP/1.1" 200 78
180.174.56.115 - - [09/Oct/2020:09:58:14 +0800] "POST /xingrg/kc/base/wldb_list_operate.html HTTP/1.1" 200 928
180.174.56.115 - - [09/Oct/2020:09:58:14 +0800] "GET /xingrg/kc/mdqp/qqps_order_info.html?code=302020100900192 HTTP/1.1" 200 26409
180.174.56.115 - - [09/Oct/2020:09:58:14 +0800] "GET /xingrg/dwr/interface/AjaxComOrderService.js HTTP/1.1" 200 18264
180.174.56.115 - - [09/Oct/2020:09:58:14 +0800] "GET /xingrg/dwr/interface/AjaxQqpsService.js HTTP/1.1" 200 16326
180.174.56.115 - - [09/Oct/2020:09:58:14 +0800] "GET /xingrg/kc/base/wldb_order_add.html HTTP/1.1" 200 30496
180.174.56.115 - - [09/Oct/2020:09:58:14 +0800] "GET /xingrg/dwr/engine.js HTTP/1.1" 200 43631
180.174.56.115 - - [09/Oct/2020:09:58:15 +0800] "POST /xingrg/kc/base/wldb_order_operate.html HTTP/1.1" 200 6806
180.174.56.115 - - [09/Oct/2020:09:58:15 +0800] "GET /xingrg/javascript/easyui/themes/default/validatebox.css HTTP/1.1" 404 1104
180.174.56.115 - - [09/Oct/2020:09:58:15 +0800] "POST /xingrg/dwr/call/plaincall/AjaxQqpsService.loadMaterielItems.dwr HTTP/1.1" 200 587
124.77.70.31 - - [09/Oct/2020:09:58:16 +0800] "GET /xingrg/kc/buy/cgsh_order_operate.html?command=get_materiel&rest_code=00107&code=00101002006&supplier_code=00100091&order_time=2020-10-09 HTTP/1.1" 200 414
222.69.139.222 - - [09/Oct/2020:09:58:21 +0800] "GET /xingrg/all/function/internal_message.html?_=1602208691585&CODE_STATE=getMsg HTTP/1.1" 200 27
180.174.56.115 - - [09/Oct/2020:09:58:24 +0800] "GET /xingrg/all/function/internal_message.html?_=1602208674219&CODE_STATE=getMsg HTTP/1.1" 200 27
180.174.56.115 - - [09/Oct/2020:09:58:24 +0800] "GET /xingrg/kc/base/wldb_order_operate.html?command=get_materiel&rest_code=00150&base_code=0010446&code=00102002321 HTTP/1.1" 200 447
180.174.56.115 - - [09/Oct/2020:09:58:25 +0800] "POST /xingrg/all/user/operate.html HTTP/1.1" 200 36
180.174.56.115 - - [09/Oct/2020:09:58:25 +0800] "GET /xingrg/index.html?sysBaseUrl=http%3A%2F%2F180.169.147.146%3A18081%2Fxingrg%2F&costTime=39×tamp=1602204939483 HTTP/1.1" 200 17177
180.174.56.115 - - [09/Oct/2020:09:58:25 +0800] "GET /xingrg/javascript/jquery_easy_ui/themes/default/easyui.css HTTP/1.1" 304 -
180.174.56.115 - - [09/Oct/2020:09:58:25 +0800] "GET /xingrg/javascript/jquery_easy_ui/themes/icon.css HTTP/1.1" 304 -
180.174.56.115 - - [09/Oct/2020:09:58:25 +0800] "GET /xingrg/css/form.css HTTP/1.1" 304 -
180.174.56.115 - - [09/Oct/2020:09:58:25 +0800] "GET /xingrg/javascript/jquery-1.4.2.min.js HTTP/1.1" 304 -
180.174.56.115 - - [09/Oct/2020:09:58:25 +0800] "GET /xingrg/javascript/jquery_easy_ui/jquery.easyui.min.js HTTP/1.1" 304 -
180.174.56.115 - - [09/Oct/2020:09:58:25 +0800] "GET /xingrg/javascript/jquery_easy_ui/easyui-lang-zh_CN.js HTTP/1.1" 304 -
180.174.56.115 - - [09/Oct/2020:09:58:25 +0800] "GET /xingrg/javascript/jquery.form.js HTTP/1.1" 304 -
180.174.56.115 - - [09/Oct/2020:09:58:25 +0800] "GET /xingrg/javascript/jquery.utils.js HTTP/1.1" 304 -
180.174.56.115 - - [09/Oct/2020:09:58:25 +0800] "GET /xingrg/javascript/jquery.timers.js HTTP/1.1" 304 -
180.174.56.115 - - [09/Oct/2020:09:58:25 +0800] "GET /xingrg/images/blue/jxLogo.png HTTP/1.1" 304 -
180.174.56.115 - - [09/Oct/2020:09:58:25 +0800] "GET /xingrg/images/blue/navBackgound.jpg HTTP/1.1" 304 -
180.174.56.115 - - [09/Oct/2020:09:58:25 +0800] "GET /xingrg/javascript/jquery_easy_ui/themes/icons/settle_new.png HTTP/1.1" 304 -
180.174.56.115 - - [09/Oct/2020:09:58:25 +0800] "POST /xingrg/all/common/load_tree.html?tree=area_rest_tree_json&manage=1 HTTP/1.1" 200 476
180.174.56.115 - - [09/Oct/2020:09:58:25 +0800] "GET /xingrg/images/blue/pingpu.png HTTP/1.1" 304 -
180.174.56.115 - - [09/Oct/2020:09:58:25 +0800] "GET /xingrg/javascript/jquery_easy_ui/themes/default/images/tabs_leftarrow.png HTTP/1.1" 304 -
180.174.56.115 - - [09/Oct/2020:09:58:25 +0800] "GET /xingrg/javascript/jquery_easy_ui/themes/default/images/tabs_rightarrow.png HTTP/1.1" 304 -
180.174.56.115 - - [09/Oct/2020:09:58:25 +0800] "GET /xingrg/javascript/jquery_easy_ui/themes/default/images/panel_tool_collapse.gif HTTP/1.1" 304 -
180.174.56.115 - - [09/Oct/2020:09:58:25 +0800] "GET /xingrg/all/function/internal_message.html?_=1602208675857&CODE_STATE=count HTTP/1.1" 200 11
180.174.56.115 - - [09/Oct/2020:09:58:25 +0800] "GET /xingrg/check_reg.html?_=1602208675858 HTTP/1.1" 200 22
180.174.56.115 - - [09/Oct/2020:09:58:25 +0800] "POST /xingrg/load_menu.html HTTP/1.1" 200 5138
124.77.70.31 - - [09/Oct/2020:09:58:26 +0800] "POST /xingrg/kc/buy/cgsh_order_operate.html HTTP/1.1" 200 37
114.86.230.151 - - [09/Oct/2020:09:58:27 +0800] "GET /xingrg/all/function/internal_message.html?_=1602208734609&CODE_STATE=getMsg HTTP/1.1" 200 27
124.77.70.31 - - [09/Oct/2020:09:58:28 +0800] "POST /xingrg/kc/buy/cgsh_order_operate.html HTTP/1.1" 200 2661
180.174.56.115 - - [09/Oct/2020:09:58:28 +0800] "GET /xingrg/kc/mdqp/qqps_order_list.html HTTP/1.1" 200 9222
180.174.56.115 - - [09/Oct/2020:09:58:28 +0800] "GET /xingrg/dwr/interface/AjaxReportQueryService.js HTTP/1.1" 200 13203
180.174.56.115 - - [09/Oct/2020:09:58:28 +0800] "GET /xingrg/dwr/interface/AjaxQqpsService.js HTTP/1.1" 200 16326
180.174.56.115 - - [09/Oct/2020:09:58:28 +0800] "GET /xingrg/dwr/engine.js HTTP/1.1" 200 43631
124.77.70.31 - - [09/Oct/2020:09:58:30 +0800] "GET /xingrg/kc/print/load_data.html?order_code=212020100903765&kc_code=cgsh&condition= HTTP/1.1" 200 743
180.174.56.115 - - [09/Oct/2020:09:58:30 +0800] "GET /xingrg/kc/mdqp/qqps_order_add.html HTTP/1.1" 200 27499
180.174.56.115 - - [09/Oct/2020:09:58:30 +0800] "GET /xingrg/dwr/interface/AjaxComOrderService.js HTTP/1.1" 200 18264
180.174.56.115 - - [09/Oct/2020:09:58:30 +0800] "GET /xingrg/dwr/interface/AjaxQqpsService.js HTTP/1.1" 200 16326
180.174.56.115 - - [09/Oct/2020:09:58:30 +0800] "GET /xingrg/dwr/engine.js HTTP/1.1" 200 43631
58.37.8.227 - - [09/Oct/2020:09:58:30 +0800] "GET /xingrg/check_reg.html?_=1602208313482 HTTP/1.1" 302 -
58.37.8.227 - - [09/Oct/2020:09:58:30 +0800] "GET /xingrg/login.html HTTP/1.1" 200 7641
222.69.130.159 - - [09/Oct/2020:09:58:34 +0800] "GET /xingrg/all/function/internal_message.html?_=1602208712947&CODE_STATE=getMsg HTTP/1.1" 200 27
222.69.130.159 - - [09/Oct/2020:09:58:34 +0800] "GET /xingrg/check_reg.html?_=1602208712955 HTTP/1.1" 200 22
124.77.70.31 - - [09/Oct/2020:09:58:35 +0800] "GET /xingrg/all/function/internal_message.html?_=1602208703025&CODE_STATE=getMsg HTTP/1.1" 200 27
124.77.70.31 - - [09/Oct/2020:09:58:35 +0800] "GET /xingrg/check_reg.html?_=1602208703208 HTTP/1.1" 200 22
124.77.70.31 - - [09/Oct/2020:09:58:36 +0800] "GET /xingrg/kc/buy/cgsh_order_add.html HTTP/1.1" 200 60026
124.77.70.31 - - [09/Oct/2020:09:58:37 +0800] "GET /xingrg/javascript/easyui/themes/default/validatebox.css HTTP/1.1" 404 1104
124.77.70.31 - - [09/Oct/2020:09:58:37 +0800] "POST /xingrg/kc/buy/cgsh_order_operate.html HTTP/1.1" 200 8245
124.77.70.31 - - [09/Oct/2020:09:58:38 +0800] "GET /xingrg/javascript/easyui/themes/default/tree.css HTTP/1.1" 404 1090
124.77.70.31 - - [09/Oct/2020:09:58:38 +0800] "POST /xingrg/all/common/load_tree.html?tree=supplier_tree_json&isDelete=1 HTTP/1.1" 200 50541
172.17.0.120 - - [09/Oct/2020:09:58:38 +0800] "GET /xingrg/all/function/internal_message.html?_=1602208713379&CODE_STATE=getMsg HTTP/1.1" 200 27
180.162.245.190 - - [09/Oct/2020:09:58:38 +0800] "GET /xingrg/all/function/internal_message.html?_=1602208716236&CODE_STATE=getMsg HTTP/1.1" 200 27
218.81.217.115 - - [09/Oct/2020:09:58:45 +0800] "GET /xingrg/all/function/internal_message.html?_=1602208742248&CODE_STATE=getMsg HTTP/1.1" 200 27
180.174.56.115 - - [09/Oct/2020:09:58:45 +0800] "GET /xingrg/all/function/internal_message.html?_=1602208721419&CODE_STATE=getMsg HTTP/1.1" 200 27
180.174.56.115 - - [09/Oct/2020:09:58:45 +0800] "GET /xingrg/check_reg.html?_=1602208721422 HTTP/1.1" 200 22
101.89.239.245 - - [09/Oct/2020:09:58:48 +0800] "GET /xingrg/kc/buy/cgsh_order_operate.html?command=get_materiel&rest_code=00141&code=00101008168&supplier_code=00100007&order_time=2020-10-09 HTTP/1.1" 302 -
114.88.166.242 - - [09/Oct/2020:09:58:52 +0800] "GET /xingrg/all/function/internal_message.html?_=1602208810954&CODE_STATE=getMsg HTTP/1.1" 200 27
114.88.166.242 - - [09/Oct/2020:09:58:52 +0800] "GET /xingrg/check_reg.html?_=1602208725147 HTTP/1.1" 200 22
58.37.8.227 - - [09/Oct/2020:09:58:53 +0800] "GET /xingrg/all/function/internal_message.html?_=1602208741600&CODE_STATE=getMsg HTTP/1.1" 200 27
101.89.239.245 - - [09/Oct/2020:09:58:53 +0800] "GET /xingrg/login.html HTTP/1.1" 200 7641
124.77.70.31 - - [09/Oct/2020:09:58:54 +0800] "GET /xingrg/all/function/internal_message.html?_=1602208730584&CODE_STATE=getMsg HTTP/1.1" 200 27
58.40.7.146 - - [09/Oct/2020:09:58:56 +0800] "GET /xingrg/all/function/internal_message.html?_=1602208731979&CODE_STATE=getMsg HTTP/1.1" 200 27
124.77.70.31 - - [09/Oct/2020:09:58:56 +0800] "GET /xingrg/kc/buy/cgsh_order_operate.html?command=get_materiel&rest_code=00107&code=00101010156&supplier_code=00100337&order_time=2020-10-09 HTTP/1.1" 200 413
58.40.7.146 - - [09/Oct/2020:09:58:57 +0800] "GET /xingrg/all/function/internal_message.html?_=1602208732925&CODE_STATE=getMsg HTTP/1.1" 200 27
172.17.200.101 - - [09/Oct/2020:09:59:00 +0800] "GET /xingrg/all/function/internal_message.html?_=1602208737878&CODE_STATE=getMsg HTTP/1.1" 200 27
172.17.0.240 - - [09/Oct/2020:09:59:01 +0800] "GET /xingrg/all/function/internal_message.html?_=1602208735717&CODE_STATE=getMsg HTTP/1.1" 200 27
172.17.0.123 - - [09/Oct/2020:09:59:03 +0800] "GET /xingrg/all/function/internal_message.html?_=1602208717720&CODE_STATE=getMsg HTTP/1.1" 200 27
172.17.0.123 - - [09/Oct/2020:09:59:03 +0800] "GET /xingrg/check_reg.html?_=1602208717722 HTTP/1.1" 200 22
124.77.70.31 - - [09/Oct/2020:09:59:03 +0800] "POST /xingrg/kc/buy/cgsh_order_operate.html HTTP/1.1" 200 37
101.85.228.253 - - [09/Oct/2020:09:59:04 +0800] "GET /xingrg/check_reg.html?_=1602208956882 HTTP/1.1" 200 22
124.77.70.31 - - [09/Oct/2020:09:59:05 +0800] "POST /xingrg/kc/buy/cgsh_order_operate.html HTTP/1.1" 200 2658
101.85.228.253 - - [09/Oct/2020:09:59:06 +0800] "GET /xingrg/all/function/internal_message.html?_=1602208958425&CODE_STATE=getMsg HTTP/1.1" 200 27
172.17.0.115 - - [09/Oct/2020:09:59:06 +0800] "GET /xingrg/all/function/internal_message.html?_=1602208757687&CODE_STATE=getMsg HTTP/1.1" 200 27
124.77.70.31 - - [09/Oct/2020:09:59:06 +0800] "GET /xingrg/kc/print/load_data.html?order_code=212020100903766&kc_code=cgsh&condition= HTTP/1.1" 200 674
124.77.70.31 - - [09/Oct/2020:09:59:11 +0800] "GET /xingrg/kc/buy/cgsh_order_add.html HTTP/1.1" 200 60026
124.77.70.31 - - [09/Oct/2020:09:59:11 +0800] "GET /xingrg/words/20201009092426_words.js HTTP/1.1" 304 -
124.77.70.31 - - [09/Oct/2020:09:59:12 +0800] "GET /xingrg/javascript/easyui/themes/default/validatebox.css HTTP/1.1" 404 1104
124.77.70.31 - - [09/Oct/2020:09:59:12 +0800] "POST /xingrg/kc/buy/cgsh_order_operate.html HTTP/1.1" 200 8245
124.77.70.31 - - [09/Oct/2020:09:59:13 +0800] "GET /xingrg/javascript/easyui/themes/default/tree.css HTTP/1.1" 404 1090
124.77.70.31 - - [09/Oct/2020:09:59:13 +0800] "POST /xingrg/all/common/load_tree.html?tree=supplier_tree_json&isDelete=1 HTTP/1.1" 200 50541
101.89.19.149 - - [09/Oct/2020:09:59:19 +0800] "GET /xingrg/kc/buy/cgsh_order_operate.html?command=get_materiel&rest_code=00141&code=00101015044&supplier_code=00100007&order_time=2020-10-09 HTTP/1.1" 302 -
222.69.139.222 - - [09/Oct/2020:09:59:21 +0800] "GET /xingrg/check_reg.html?_=1602208751588 HTTP/1.1" 200 22
222.69.139.222 - - [09/Oct/2020:09:59:21 +0800] "GET /xingrg/all/function/internal_message.html?_=1602208751588&CODE_STATE=getMsg HTTP/1.1" 200 27
114.86.230.151 - - [09/Oct/2020:09:59:24 +0800] "GET /xingrg/check_reg.html?_=1602208794343 HTTP/1.1" 200 22
101.89.19.149 - - [09/Oct/2020:09:59:24 +0800] "GET /xingrg/login.html HTTP/1.1" 200 7641
114.86.230.151 - - [09/Oct/2020:09:59:25 +0800] "GET /xingrg/all/function/internal_message.html?_=1602208794609&CODE_STATE=getMsg HTTP/1.1" 200 27
180.174.56.115 - - [09/Oct/2020:09:59:25 +0800] "GET /xingrg/all/function/internal_message.html?_=1602208735870&CODE_STATE=getMsg HTTP/1.1" 200 27
101.89.239.232 - - [09/Oct/2020:09:59:28 +0800] "GET /xingrg/kc/buy/cgsh_order_operate.html?command=get_materiel&rest_code=00141&code=00101008236&supplier_code=00100007&order_time=2020-10-09 HTTP/1.1" 302 -
124.77.70.31 - - [09/Oct/2020:09:59:32 +0800] "GET /xingrg/kc/buy/cgsh_order_operate.html?command=get_materiel&rest_code=00107&code=00101008061&supplier_code=00100339&order_time=2020-10-09 HTTP/1.1" 200 423
222.69.130.159 - - [09/Oct/2020:09:59:34 +0800] "GET /xingrg/all/function/internal_message.html?_=1602208772951&CODE_STATE=getMsg HTTP/1.1" 200 27
124.77.70.31 - - [09/Oct/2020:09:59:35 +0800] "GET /xingrg/all/function/internal_message.html?_=1602208763006&CODE_STATE=getMsg HTTP/1.1" 200 27
101.89.239.232 - - [09/Oct/2020:09:59:35 +0800] "GET /xingrg/login.html HTTP/1.1" 200 7641
172.17.0.120 - - [09/Oct/2020:09:59:38 +0800] "GET /xingrg/all/function/internal_message.html?_=1602208773391&CODE_STATE=getMsg HTTP/1.1" 200 27
180.162.245.190 - - [09/Oct/2020:09:59:38 +0800] "GET /xingrg/all/function/internal_message.html?_=1602208776235&CODE_STATE=getMsg HTTP/1.1" 200 27
124.77.70.31 - - [09/Oct/2020:09:59:39 +0800] "POST /xingrg/kc/buy/cgsh_order_operate.html HTTP/1.1" 200 37
124.77.70.31 - - [09/Oct/2020:09:59:41 +0800] "POST /xingrg/kc/buy/cgsh_order_operate.html HTTP/1.1" 200 2666
124.77.70.31 - - [09/Oct/2020:09:59:43 +0800] "GET /xingrg/kc/print/load_data.html?order_code=212020100903767&kc_code=cgsh&condition= HTTP/1.1" 200 679
222.69.130.159 - - [09/Oct/2020:09:59:43 +0800] "GET /xingrg/kc/base/wldb_order_list.html HTTP/1.1" 200 19384
222.69.130.159 - - [09/Oct/2020:09:59:44 +0800] "POST /xingrg/kc/base/wldb_list_operate.html HTTP/1.1" 200 3775
218.81.217.115 - - [09/Oct/2020:09:59:45 +0800] "GET /xingrg/all/function/internal_message.html?_=1602208802846&CODE_STATE=getMsg HTTP/1.1" 200 27
180.174.56.115 - - [09/Oct/2020:09:59:45 +0800] "GET /xingrg/all/function/internal_message.html?_=1602208781462&CODE_STATE=getMsg HTTP/1.1" 200 27
124.77.70.31 - - [09/Oct/2020:09:59:47 +0800] "GET /xingrg/kc/buy/cgsh_order_add.html HTTP/1.1" 200 60026
