180.171.125.150 - - [09/Oct/2020:10:36:36 +0800] "GET /xingrg/javascript/jquery_easy_ui/themes/default/images/panel_tool_expand.gif HTTP/1.1" 200 247
180.171.125.150 - - [09/Oct/2020:10:36:36 +0800] "GET /xingrg/javascript/jquery_easy_ui/themes/default/images/panel_tool_collapse.gif HTTP/1.1" 200 246
180.171.125.150 - - [09/Oct/2020:10:36:36 +0800] "GET /xingrg/check_reg.html?_=1602210988873 HTTP/1.1" 200 22
180.171.125.150 - - [09/Oct/2020:10:36:36 +0800] "GET /xingrg/all/function/internal_message.html?_=1602210988872&CODE_STATE=count HTTP/1.1" 200 11
180.171.125.150 - - [09/Oct/2020:10:36:36 +0800] "GET /xingrg/javascript/jquery_easy_ui/themes/default/images/tree_arrows.gif HTTP/1.1" 200 1043
180.171.125.150 - - [09/Oct/2020:10:36:36 +0800] "POST /xingrg/load_menu.html HTTP/1.1" 200 9959
180.171.125.150 - - [09/Oct/2020:10:36:36 +0800] "GET /xingrg/javascript/jquery_easy_ui/themes/icons/search_new.png HTTP/1.1" 200 586
180.171.125.150 - - [09/Oct/2020:10:36:36 +0800] "GET /xingrg/javascript/jquery_easy_ui/themes/default/images/tree_folder_open.gif HTTP/1.1" 200 956
180.171.125.150 - - [09/Oct/2020:10:36:36 +0800] "GET /xingrg/javascript/jquery_easy_ui/themes/default/images/tree_folder.gif HTTP/1.1" 200 952
180.171.125.150 - - [09/Oct/2020:10:36:36 +0800] "GET /xingrg/javascript/jquery_easy_ui/themes/icons/forms_new.png HTTP/1.1" 200 350
180.171.125.150 - - [09/Oct/2020:10:36:36 +0800] "GET /xingrg/javascript/jquery_easy_ui/themes/icons/storage_new.png HTTP/1.1" 200 853
180.171.125.150 - - [09/Oct/2020:10:36:36 +0800] "GET /xingrg/javascript/jquery_easy_ui/themes/icons/checkout_new.png HTTP/1.1" 200 744
180.171.125.150 - - [09/Oct/2020:10:36:36 +0800] "GET /xingrg/javascript/jquery_easy_ui/themes/icons/setting_new.png HTTP/1.1" 200 450
180.171.125.150 - - [09/Oct/2020:10:36:36 +0800] "GET /xingrg/javascript/jquery_easy_ui/themes/icons/systemset_new.png HTTP/1.1" 200 606
218.81.217.115 - - [09/Oct/2020:10:36:37 +0800] "GET /xingrg/kc/buy/cgsh_order_operate.html?command=get_materiel&rest_code=00146&code=00101001029&supplier_code=00100312&order_time=2020-10-09 HTTP/1.1" 200 413
180.162.245.190 - - [09/Oct/2020:10:36:38 +0800] "GET /xingrg/all/function/internal_message.html?_=1602210995503&CODE_STATE=getMsg HTTP/1.1" 200 27
180.171.125.150 - - [09/Oct/2020:10:36:38 +0800] "POST /xingrg/load_menu.html HTTP/1.1" 200 9242
172.17.0.120 - - [09/Oct/2020:10:36:38 +0800] "GET /xingrg/all/function/internal_message.html?_=1602210993385&CODE_STATE=getMsg HTTP/1.1" 200 27
180.171.125.150 - - [09/Oct/2020:10:36:38 +0800] "GET /xingrg/javascript/jquery_easy_ui/themes/default/images/tree_file.gif HTTP/1.1" 200 118
180.171.125.150 - - [09/Oct/2020:10:36:40 +0800] "GET /xingrg/javascript/jquery_easy_ui/themes/default/images/tabs_close.gif HTTP/1.1" 200 829
180.171.125.150 - - [09/Oct/2020:10:36:40 +0800] "GET /xingrg/all/report/report_query.html?fileName=dma/new_5.0/yingye/order_list.xml HTTP/1.1" 200 55281
180.171.125.150 - - [09/Oct/2020:10:36:40 +0800] "GET /xingrg/javascript/multi_select/jqueryMultiSelect.css HTTP/1.1" 200 951
180.171.125.150 - - [09/Oct/2020:10:36:40 +0800] "GET /xingrg/css/blue.css HTTP/1.1" 200 15949
180.171.125.150 - - [09/Oct/2020:10:36:40 +0800] "GET /xingrg/javascript/calendar/timePicker.css HTTP/1.1" 200 523
180.171.125.150 - - [09/Oct/2020:10:36:40 +0800] "GET /xingrg/javascript/bigrid/fix.css HTTP/1.1" 200 1702
180.171.125.150 - - [09/Oct/2020:10:36:40 +0800] "GET /xingrg/javascript/pic_change.js HTTP/1.1" 200 4739
180.171.125.150 - - [09/Oct/2020:10:36:40 +0800] "GET /xingrg/dwr/interface/AjaxReportQueryService.js HTTP/1.1" 200 13203
180.171.125.150 - - [09/Oct/2020:10:36:40 +0800] "GET /xingrg/dwr/util.js HTTP/1.1" 200 35990
180.171.125.150 - - [09/Oct/2020:10:36:40 +0800] "GET /xingrg/javascript/myfunction.js HTTP/1.1" 200 24559
180.171.125.150 - - [09/Oct/2020:10:36:40 +0800] "GET /xingrg/dwr/engine.js HTTP/1.1" 200 43631
180.171.125.150 - - [09/Oct/2020:10:36:40 +0800] "GET /xingrg/javascript/jqueryMultiSelect.js HTTP/1.1" 200 11866
180.171.125.150 - - [09/Oct/2020:10:36:40 +0800] "GET /xingrg/javascript/bigrid/fix.js HTTP/1.1" 200 6439
180.171.125.150 - - [09/Oct/2020:10:36:40 +0800] "GET /xingrg/javascript/calendar/jquery.timePicker.min.js HTTP/1.1" 200 2997
180.171.125.150 - - [09/Oct/2020:10:36:40 +0800] "GET /xingrg/javascript/Calendar.js HTTP/1.1" 200 31561
180.171.125.150 - - [09/Oct/2020:10:36:40 +0800] "GET /xingrg/images/blue/button/advanceover.gif HTTP/1.1" 200 1347
180.171.125.150 - - [09/Oct/2020:10:36:40 +0800] "GET /xingrg/images/blue/button/advance2over.gif HTTP/1.1" 200 1336
180.171.125.150 - - [09/Oct/2020:10:36:40 +0800] "GET /xingrg/images/blue/button/back2over.gif HTTP/1.1" 200 1335
180.171.125.150 - - [09/Oct/2020:10:36:40 +0800] "GET /xingrg/images/blue/button/backover.gif HTTP/1.1" 200 1348
180.171.125.150 - - [09/Oct/2020:10:36:40 +0800] "GET /xingrg/images/control/loading.gif HTTP/1.1" 200 13463
180.171.125.150 - - [09/Oct/2020:10:36:40 +0800] "GET /xingrg/javascript/jquery_easy_ui/themes/icons/help.png HTTP/1.1" 200 1187
180.171.125.150 - - [09/Oct/2020:10:36:40 +0800] "GET /xingrg/javascript/jquery_easy_ui/themes/default/images/menu_downarrow.png HTTP/1.1" 200 173
180.171.125.150 - - [09/Oct/2020:10:36:40 +0800] "GET /xingrg/javascript/jquery_easy_ui/themes/default/images/menu.gif HTTP/1.1" 200 834
180.171.125.150 - - [09/Oct/2020:10:36:40 +0800] "GET /xingrg/javascript/jquery_easy_ui/themes/default/images/menu_downarrow.png HTTP/1.1" 200 173
180.171.125.150 - - [09/Oct/2020:10:36:40 +0800] "GET /xingrg/javascript/jquery_easy_ui/themes/icons/print.png HTTP/1.1" 200 1057
180.171.125.150 - - [09/Oct/2020:10:36:40 +0800] "GET /xingrg/javascript/jquery_easy_ui/themes/icons/pencil.png HTTP/1.1" 200 713
180.171.125.150 - - [09/Oct/2020:10:36:40 +0800] "GET /xingrg/javascript/jquery_easy_ui/themes/default/images/menu_rightarrow.png HTTP/1.1" 200 3617
180.171.125.150 - - [09/Oct/2020:10:36:40 +0800] "GET /xingrg/javascript/jquery_easy_ui/themes/default/images/combo_arrow_dot.gif HTTP/1.1" 200 79
180.171.125.150 - - [09/Oct/2020:10:36:40 +0800] "POST /xingrg/all/common/load_tree.html?tree=area_station_tree_json&manage=1 HTTP/1.1" 200 338
180.171.125.150 - - [09/Oct/2020:10:36:40 +0800] "POST /xingrg/dwr/call/plaincall/AjaxReportQueryService.getFixDate.dwr HTTP/1.1" 200 111
180.171.125.150 - - [09/Oct/2020:10:36:40 +0800] "GET /xingrg/javascript/jquery_easy_ui/themes/default/images/tree_checkbox_0.gif HTTP/1.1" 200 168
180.171.125.150 - - [09/Oct/2020:10:36:40 +0800] "GET /xingrg/javascript/jquery_easy_ui/themes/icons/rest.png HTTP/1.1" 200 695
180.171.125.150 - - [09/Oct/2020:10:36:41 +0800] "POST /xingrg/dwr/call/plaincall/AjaxReportQueryService.getInitString.dwr HTTP/1.1" 200 76
180.171.125.150 - - [09/Oct/2020:10:36:41 +0800] "GET /xingrg/javascript/multi_select/dropdown.gif HTTP/1.1" 200 61
180.171.125.150 - - [09/Oct/2020:10:36:42 +0800] "GET /xingrg/javascript/jquery_easy_ui/themes/icons/area.png HTTP/1.1" 200 262
180.174.56.115 - - [09/Oct/2020:10:36:43 +0800] "GET /xingrg/all/function/internal_message.html?_=1602210973595&CODE_STATE=getMsg HTTP/1.1" 200 27
117.184.7.30 - - [09/Oct/2020:10:36:43 +0800] "GET /xingrg/all/function/internal_message.html?_=1602210989513&CODE_STATE=getMsg HTTP/1.1" 200 27
180.171.125.150 - - [09/Oct/2020:10:36:45 +0800] "POST /xingrg/dwr/call/plaincall/AjaxReportQueryService.getFixDate.dwr HTTP/1.1" 200 111
101.85.228.253 - - [09/Oct/2020:10:36:45 +0800] "GET /xingrg/all/function/internal_message.html?_=1602211002285&CODE_STATE=getMsg HTTP/1.1" 200 27
180.174.56.115 - - [09/Oct/2020:10:36:47 +0800] "GET /xingrg/all/function/internal_message.html?_=1602211003268&CODE_STATE=getMsg HTTP/1.1" 200 27
180.171.125.150 - - [09/Oct/2020:10:36:49 +0800] "POST /xingrg/dwr/call/plaincall/AjaxReportQueryService.getFixDate.dwr HTTP/1.1" 200 111
180.171.125.150 - - [09/Oct/2020:10:36:51 +0800] "GET /xingrg/javascript/jquery_easy_ui/themes/default/images/tree_checkbox_1.gif HTTP/1.1" 200 174
180.171.125.150 - - [09/Oct/2020:10:36:51 +0800] "POST /xingrg/dwr/call/plaincall/AjaxReportQueryService.queryInitializeString.dwr HTTP/1.1" 200 265
114.88.166.242 - - [09/Oct/2020:10:36:51 +0800] "GET /xingrg/all/function/internal_message.html?_=1602211090134&CODE_STATE=getMsg HTTP/1.1" 200 27
180.171.125.150 - - [09/Oct/2020:10:36:52 +0800] "POST /xingrg/dwr/call/plaincall/AjaxReportQueryService.refreshCache.dwr HTTP/1.1" 200 78
180.171.125.150 - - [09/Oct/2020:10:36:52 +0800] "POST /xingrg/all/report/load_report_page.html HTTP/1.1" 200 152647
180.171.125.150 - - [09/Oct/2020:10:36:52 +0800] "GET /xingrg/images/blue/button/back2.gif HTTP/1.1" 200 1339
180.171.125.150 - - [09/Oct/2020:10:36:52 +0800] "GET /xingrg/images/blue/button/back.gif HTTP/1.1" 200 1352
58.37.8.227 - - [09/Oct/2020:10:36:52 +0800] "GET /xingrg/all/function/internal_message.html?_=1602211021422&CODE_STATE=getMsg HTTP/1.1" 200 27
180.171.125.150 - - [09/Oct/2020:10:36:52 +0800] "GET /xingrg/servlets/image?cache=0.7447394907707889&image=px HTTP/1.1" 200 807
124.77.70.31 - - [09/Oct/2020:10:36:54 +0800] "GET /xingrg/all/function/internal_message.html?_=1602211010587&CODE_STATE=getMsg HTTP/1.1" 200 27
180.171.125.150 - - [09/Oct/2020:10:36:55 +0800] "POST /xingrg/all/report/load_report_page.html HTTP/1.1" 200 140955
180.171.125.150 - - [09/Oct/2020:10:36:55 +0800] "GET /xingrg/images/blue/button/advance.gif HTTP/1.1" 200 1354
180.171.125.150 - - [09/Oct/2020:10:36:55 +0800] "GET /xingrg/images/blue/button/advance2.gif HTTP/1.1" 200 1338
180.171.125.150 - - [09/Oct/2020:10:36:55 +0800] "GET /xingrg/servlets/image?cache=0.8309831547714847&image=px HTTP/1.1" 200 807
58.40.7.146 - - [09/Oct/2020:10:36:55 +0800] "GET /xingrg/all/function/internal_message.html?_=1602211010922&CODE_STATE=getMsg HTTP/1.1" 200 27
218.81.217.115 - - [09/Oct/2020:10:36:56 +0800] "GET /xingrg/kc/buy/cgsh_order_operate.html?command=get_materiel&rest_code=00146&code=00101001016&supplier_code=00100312&order_time=2020-10-09 HTTP/1.1" 200 413
180.171.125.150 - - [09/Oct/2020:10:36:57 +0800] "GET /xingrg/javascript/jquery_easy_ui/themes/default/images/button_plain_hover.png HTTP/1.1" 200 252
58.40.7.146 - - [09/Oct/2020:10:36:57 +0800] "GET /xingrg/all/function/internal_message.html?_=1602211012940&CODE_STATE=getMsg HTTP/1.1" 200 27
172.17.0.185 - - [09/Oct/2020:10:36:57 +0800] "GET /xingrg/all/function/internal_message.html?_=1602211012645&CODE_STATE=getMsg HTTP/1.1" 200 27
172.17.200.101 - - [09/Oct/2020:10:37:00 +0800] "GET /xingrg/check_reg.html?_=1602211017955 HTTP/1.1" 200 22
172.17.200.101 - - [09/Oct/2020:10:37:00 +0800] "GET /xingrg/all/function/internal_message.html?_=1602211017962&CODE_STATE=getMsg HTTP/1.1" 200 27
172.17.0.240 - - [09/Oct/2020:10:37:01 +0800] "GET /xingrg/check_reg.html?_=1602211015727 HTTP/1.1" 200 22
172.17.0.240 - - [09/Oct/2020:10:37:01 +0800] "GET /xingrg/all/function/internal_message.html?_=1602211015733&CODE_STATE=getMsg HTTP/1.1" 200 27
172.17.0.123 - - [09/Oct/2020:10:37:03 +0800] "GET /xingrg/all/function/internal_message.html?_=1602210997722&CODE_STATE=getMsg HTTP/1.1" 200 27
218.81.217.115 - - [09/Oct/2020:10:37:04 +0800] "GET /xingrg/all/function/internal_message.html?_=1602211042077&CODE_STATE=getMsg HTTP/1.1" 200 27
58.40.7.146 - - [09/Oct/2020:10:37:06 +0800] "GET /xingrg/check_reg.html?_=1602211021956 HTTP/1.1" 200 22
172.17.0.115 - - [09/Oct/2020:10:37:07 +0800] "GET /xingrg/all/function/internal_message.html?_=1602211038410&CODE_STATE=getMsg HTTP/1.1" 200 27
101.85.228.253 - - [09/Oct/2020:10:37:08 +0800] "GET /xingrg/all/function/internal_message.html?_=1602211240267&CODE_STATE=getMsg HTTP/1.1" 200 27
120.253.135.82 - - [09/Oct/2020:10:37:08 +0800] "GET /xingrg/all/function/internal_message.html?_=1602210773203&CODE_STATE=getMsg HTTP/1.1" 200 27
218.81.217.115 - - [09/Oct/2020:10:37:09 +0800] "GET /xingrg/kc/buy/cgsh_order_operate.html?command=get_materiel&rest_code=00146&code=00101001096&supplier_code=00100312&order_time=2020-10-09 HTTP/1.1" 200 413
218.81.217.115 - - [09/Oct/2020:10:37:18 +0800] "POST /xingrg/kc/buy/cgsh_order_operate.html HTTP/1.1" 200 37
218.81.217.115 - - [09/Oct/2020:10:37:19 +0800] "POST /xingrg/kc/buy/cgsh_order_operate.html HTTP/1.1" 200 6817
218.81.217.115 - - [09/Oct/2020:10:37:21 +0800] "GET /xingrg/kc/print/load_data.html?order_code=212020100903820&kc_code=cgsh&condition= HTTP/1.1" 200 2272
222.69.139.222 - - [09/Oct/2020:10:37:21 +0800] "GET /xingrg/all/function/internal_message.html?_=1602211031646&CODE_STATE=getMsg HTTP/1.1" 200 27
218.81.217.115 - - [09/Oct/2020:10:37:28 +0800] "GET /xingrg/kc/buy/cgsh_order_add.html HTTP/1.1" 200 59944
218.81.217.115 - - [09/Oct/2020:10:37:28 +0800] "POST /xingrg/kc/buy/cgsh_order_operate.html HTTP/1.1" 200 8245
218.81.217.115 - - [09/Oct/2020:10:37:28 +0800] "GET /xingrg/javascript/easyui/themes/default/validatebox.css HTTP/1.1" 404 1104
114.86.230.151 - - [09/Oct/2020:10:37:30 +0800] "GET /xingrg/check_reg.html?_=1602211194390 HTTP/1.1" 200 22
114.86.230.151 - - [09/Oct/2020:10:37:30 +0800] "GET /xingrg/all/function/internal_message.html?_=1602211194781&CODE_STATE=getMsg HTTP/1.1" 200 27
124.77.70.31 - - [09/Oct/2020:10:37:34 +0800] "GET /xingrg/all/function/internal_message.html?_=1602211042504&CODE_STATE=getMsg HTTP/1.1" 200 27
222.69.130.159 - - [09/Oct/2020:10:37:35 +0800] "GET /xingrg/all/function/internal_message.html?_=1602211053948&CODE_STATE=getMsg HTTP/1.1" 200 27
180.171.125.150 - - [09/Oct/2020:10:37:36 +0800] "GET /xingrg/all/function/internal_message.html?_=1602211048888&CODE_STATE=getMsg HTTP/1.1" 200 27
124.76.236.61 - - [09/Oct/2020:10:37:37 +0800] "GET /xingrg HTTP/1.1" 302 -
124.76.236.61 - - [09/Oct/2020:10:37:37 +0800] "GET /xingrg/ HTTP/1.1" 200 292
218.81.217.115 - - [09/Oct/2020:10:37:38 +0800] "GET /xingrg/kc/buy/cgsh_order_operate.html?command=get_materiel&rest_code=00146&code=00101007057&supplier_code=00100325&order_time=2020-10-09 HTTP/1.1" 200 413
180.162.245.190 - - [09/Oct/2020:10:37:38 +0800] "GET /xingrg/all/function/internal_message.html?_=1602211055503&CODE_STATE=getMsg HTTP/1.1" 200 27
172.17.0.120 - - [09/Oct/2020:10:37:38 +0800] "GET /xingrg/all/function/internal_message.html?_=1602211053390&CODE_STATE=getMsg HTTP/1.1" 200 27
124.76.236.61 - - [09/Oct/2020:10:37:40 +0800] "GET /xingrg/index.html HTTP/1.1" 302 -
124.76.236.61 - - [09/Oct/2020:10:37:40 +0800] "GET /favicon.ico HTTP/1.1" 404 -
124.76.236.61 - - [09/Oct/2020:10:37:40 +0800] "GET /xingrg/login.html HTTP/1.1" 200 7641
124.76.236.61 - - [09/Oct/2020:10:37:40 +0800] "GET /xingrg/images/blue/jxLogo.png HTTP/1.1" 200 6156
124.76.236.61 - - [09/Oct/2020:10:37:43 +0800] "GET /xingrg/images/blue/hj.png HTTP/1.1" 200 1014
124.76.236.61 - - [09/Oct/2020:10:37:43 +0800] "GET /xingrg/images/blue/srbg.png HTTP/1.1" 200 138
124.76.236.61 - - [09/Oct/2020:10:37:43 +0800] "GET /xingrg/images/blue/login_bg.png HTTP/1.1" 200 22101
180.174.56.115 - - [09/Oct/2020:10:37:43 +0800] "GET /xingrg/all/function/internal_message.html?_=1602211033609&CODE_STATE=getMsg HTTP/1.1" 200 27
124.76.236.61 - - [09/Oct/2020:10:37:43 +0800] "GET /favicon.ico HTTP/1.1" 404 -
117.184.7.30 - - [09/Oct/2020:10:37:43 +0800] "GET /xingrg/all/function/internal_message.html?_=1602211049481&CODE_STATE=getMsg HTTP/1.1" 200 27
101.85.228.253 - - [09/Oct/2020:10:37:45 +0800] "GET /xingrg/all/function/internal_message.html?_=1602211062639&CODE_STATE=getMsg HTTP/1.1" 200 27
180.174.56.115 - - [09/Oct/2020:10:37:47 +0800] "GET /xingrg/all/function/internal_message.html?_=1602211063318&CODE_STATE=getMsg HTTP/1.1" 200 27
114.88.166.242 - - [09/Oct/2020:10:37:51 +0800] "GET /xingrg/all/function/internal_message.html?_=1602211150106&CODE_STATE=getMsg HTTP/1.1" 200 27
58.37.8.227 - - [09/Oct/2020:10:37:52 +0800] "GET /xingrg/all/function/internal_message.html?_=1602211081391&CODE_STATE=getMsg HTTP/1.1" 200 27
114.88.166.242 - - [09/Oct/2020:10:37:53 +0800] "GET /xingrg/check_reg.html?_=1602211152510 HTTP/1.1" 200 22
124.76.236.61 - - [09/Oct/2020:10:37:55 +0800] "GET /xingrg HTTP/1.1" 302 -
58.40.7.146 - - [09/Oct/2020:10:37:55 +0800] "GET /xingrg/all/function/internal_message.html?_=1602211070903&CODE_STATE=getMsg HTTP/1.1" 200 27
124.76.236.61 - - [09/Oct/2020:10:37:55 +0800] "GET /favicon.ico HTTP/1.1" 404 -
124.76.236.61 - - [09/Oct/2020:10:37:55 +0800] "GET /xingrg/index.html HTTP/1.1" 302 -
124.76.236.61 - - [09/Oct/2020:10:37:55 +0800] "GET /xingrg/login.html HTTP/1.1" 200 7641
124.76.236.61 - - [09/Oct/2020:10:37:55 +0800] "GET /favicon.ico HTTP/1.1" 404 -
58.40.7.146 - - [09/Oct/2020:10:37:57 +0800] "GET /xingrg/all/function/internal_message.html?_=1602211072943&CODE_STATE=getMsg HTTP/1.1" 200 27
172.17.0.185 - - [09/Oct/2020:10:37:57 +0800] "GET /xingrg/all/function/internal_message.html?_=1602211072639&CODE_STATE=getMsg HTTP/1.1" 200 27
172.17.200.101 - - [09/Oct/2020:10:38:00 +0800] "GET /xingrg/all/function/internal_message.html?_=1602211077950&CODE_STATE=getMsg HTTP/1.1" 200 27
218.81.217.115 - - [09/Oct/2020:10:38:01 +0800] "GET /xingrg/kc/buy/cgsh_order_operate.html?command=get_materiel&rest_code=00146&code=00101010018&supplier_code=00100325&order_time=2020-10-09 HTTP/1.1" 200 417
172.17.0.240 - - [09/Oct/2020:10:38:01 +0800] "GET /xingrg/all/function/internal_message.html?_=1602211075719&CODE_STATE=getMsg HTTP/1.1" 200 27
172.17.0.123 - - [09/Oct/2020:10:38:03 +0800] "GET /xingrg/all/function/internal_message.html?_=1602211057724&CODE_STATE=getMsg HTTP/1.1" 200 27
218.81.217.115 - - [09/Oct/2020:10:38:04 +0800] "GET /xingrg/all/function/internal_message.html?_=1602211102091&CODE_STATE=getMsg HTTP/1.1" 200 27
172.17.0.115 - - [09/Oct/2020:10:38:07 +0800] "GET /xingrg/all/function/internal_message.html?_=1602211098422&CODE_STATE=getMsg HTTP/1.1" 200 27
101.85.228.253 - - [09/Oct/2020:10:38:08 +0800] "GET /xingrg/all/function/internal_message.html?_=1602211300281&CODE_STATE=getMsg HTTP/1.1" 200 27
120.253.135.82 - - [09/Oct/2020:10:38:09 +0800] "GET /xingrg/all/function/internal_message.html?_=1602210833243&CODE_STATE=getMsg HTTP/1.1" 200 27
218.81.217.115 - - [09/Oct/2020:10:38:10 +0800] "GET /xingrg/kc/buy/cgsh_order_operate.html?command=get_materiel&rest_code=00146&code=00101020133&supplier_code=00100325&order_time=2020-10-09 HTTP/1.1" 200 417
124.76.236.61 - - [09/Oct/2020:10:38:11 +0800] "POST /xingrg/login.do HTTP/1.1" 302 -
124.76.236.61 - - [09/Oct/2020:10:38:11 +0800] "GET /xingrg/javascript/jquery-1.4.2.min.js HTTP/1.1" 200 72205
124.76.236.61 - - [09/Oct/2020:10:38:11 +0800] "GET /xingrg/javascript/jquery_easy_ui/themes/icon.css HTTP/1.1" 200 3949
124.76.236.61 - - [09/Oct/2020:10:38:11 +0800] "GET /xingrg/css/form.css HTTP/1.1" 200 893
124.76.236.61 - - [09/Oct/2020:10:38:11 +0800] "GET /xingrg/index.html?sysBaseUrl=http%3A%2F%2F180.169.147.146%3A18081%2Fxingrg%2F&costTime=42×tamp=1602211091656 HTTP/1.1" 200 17179
124.76.236.61 - - [09/Oct/2020:10:38:11 +0800] "GET /xingrg/javascript/jquery_easy_ui/easyui-lang-zh_CN.js HTTP/1.1" 200 1900
124.76.236.61 - - [09/Oct/2020:10:38:11 +0800] "GET /xingrg/javascript/jquery.timers.js HTTP/1.1" 200 3532
124.76.236.61 - - [09/Oct/2020:10:38:11 +0800] "GET /xingrg/javascript/jquery_easy_ui/jquery.easyui.min.js HTTP/1.1" 200 213662
124.76.236.61 - - [09/Oct/2020:10:38:11 +0800] "GET /xingrg/javascript/jquery.utils.js HTTP/1.1" 200 11805
124.76.236.61 - - [09/Oct/2020:10:38:11 +0800] "GET /xingrg/javascript/jquery.form.js HTTP/1.1" 200 23110
124.76.236.61 - - [09/Oct/2020:10:38:11 +0800] "GET /xingrg/javascript/jquery_easy_ui/themes/default/easyui.css HTTP/1.1" 200 26500
124.76.236.61 - - [09/Oct/2020:10:38:11 +0800] "GET /favicon.ico HTTP/1.1" 404 -
124.76.236.61 - - [09/Oct/2020:10:38:12 +0800] "GET /xingrg/javascript/jquery_easy_ui/themes/icons/settle_new.png HTTP/1.1" 200 826
124.76.236.61 - - [09/Oct/2020:10:38:12 +0800] "GET /xingrg/images/blue/navBackgound.jpg HTTP/1.1" 200 12378
124.76.236.61 - - [09/Oct/2020:10:38:12 +0800] "POST /xingrg/all/common/load_tree.html?tree=area_rest_tree_json&manage=1 HTTP/1.1" 200 351
124.76.236.61 - - [09/Oct/2020:10:38:12 +0800] "GET /xingrg/check_reg.html?_=1602211068633 HTTP/1.1" 200 22
124.76.236.61 - - [09/Oct/2020:10:38:12 +0800] "GET /xingrg/all/function/internal_message.html?_=1602211068632&CODE_STATE=count HTTP/1.1" 200 11
124.76.236.61 - - [09/Oct/2020:10:38:12 +0800] "GET /xingrg/images/blue/pingpu.png HTTP/1.1" 200 231
124.76.236.61 - - [09/Oct/2020:10:38:12 +0800] "GET /xingrg/javascript/jquery_easy_ui/themes/default/images/tabs_rightarrow.png HTTP/1.1" 200 395
124.76.236.61 - - [09/Oct/2020:10:38:12 +0800] "GET /xingrg/javascript/jquery_easy_ui/themes/default/images/tabs_leftarrow.png HTTP/1.1" 200 389
124.76.236.61 - - [09/Oct/2020:10:38:12 +0800] "GET /xingrg/javascript/jquery_easy_ui/themes/default/images/panel_tool_collapse.gif HTTP/1.1" 200 246
124.76.236.61 - - [09/Oct/2020:10:38:12 +0800] "POST /xingrg/load_menu.html HTTP/1.1" 200 5138
124.76.236.61 - - [09/Oct/2020:10:38:12 +0800] "GET /xingrg/javascript/jquery_easy_ui/themes/default/images/tree_arrows.gif HTTP/1.1" 200 1043
124.76.236.61 - - [09/Oct/2020:10:38:12 +0800] "GET /xingrg/javascript/jquery_easy_ui/themes/icons/search_new.png HTTP/1.1" 200 586
124.76.236.61 - - [09/Oct/2020:10:38:12 +0800] "GET /xingrg/javascript/jquery_easy_ui/themes/icons/forms_new.png HTTP/1.1" 200 350
124.76.236.61 - - [09/Oct/2020:10:38:12 +0800] "GET /xingrg/javascript/jquery_easy_ui/themes/default/images/tree_folder.gif HTTP/1.1" 200 952
124.76.236.61 - - [09/Oct/2020:10:38:12 +0800] "GET /xingrg/javascript/jquery_easy_ui/themes/default/images/tree_folder_open.gif HTTP/1.1" 200 956
124.76.236.61 - - [09/Oct/2020:10:38:12 +0800] "GET /xingrg/javascript/jquery_easy_ui/themes/icons/storage_new.png HTTP/1.1" 200 853
124.76.236.61 - - [09/Oct/2020:10:38:12 +0800] "GET /xingrg/javascript/jquery_easy_ui/themes/default/images/tree_file.gif HTTP/1.1" 200 118
218.81.217.115 - - [09/Oct/2020:10:38:20 +0800] "GET /xingrg/kc/buy/cgsh_order_operate.html?command=get_materiel&rest_code=00146&code=00101010082&supplier_code=00100325&order_time=2020-10-09 HTTP/1.1" 200 425
124.76.236.61 - - [09/Oct/2020:10:38:20 +0800] "GET /xingrg/javascript/jquery_easy_ui/themes/default/images/tabs_close.gif HTTP/1.1" 200 829
124.76.236.61 - - [09/Oct/2020:10:38:20 +0800] "GET /xingrg/kc/buy/buy_main.html HTTP/1.1" 200 12412
124.76.236.61 - - [09/Oct/2020:10:38:20 +0800] "GET /xingrg/css/new_ie.css HTTP/1.1" 404 1036
124.76.236.61 - - [09/Oct/2020:10:38:20 +0800] "GET /xingrg/javascript/pic_change.js HTTP/1.1" 200 4739
124.76.236.61 - - [09/Oct/2020:10:38:20 +0800] "GET /xingrg/javascript/ToolTips.js HTTP/1.1" 200 5615
124.76.236.61 - - [09/Oct/2020:10:38:20 +0800] "GET /xingrg/javascript/jquery_ui/jquery-ui.min.js HTTP/1.1" 200 186181
124.76.236.61 - - [09/Oct/2020:10:38:20 +0800] "GET /xingrg/images/blue/button/cgxqd.gif HTTP/1.1" 200 2619
124.76.236.61 - - [09/Oct/2020:10:38:20 +0800] "GET /xingrg/images/blue/button/cgydd.gif HTTP/1.1" 200 2712
124.76.236.61 - - [09/Oct/2020:10:38:20 +0800] "GET /xingrg/images/blue/button/cgfkd.gif HTTP/1.1" 200 2075
124.76.236.61 - - [09/Oct/2020:10:38:20 +0800] "GET /xingrg/css/blue.css HTTP/1.1" 200 15949
124.76.236.61 - - [09/Oct/2020:10:38:20 +0800] "GET /xingrg/images/blue/button/ckthd.gif HTTP/1.1" 200 2045
124.76.236.61 - - [09/Oct/2020:10:38:20 +0800] "GET /xingrg/images/blue/pic_form2.gif HTTP/1.1" 200 1853
124.76.236.61 - - [09/Oct/2020:10:38:20 +0800] "GET /xingrg/images/blue/button/kc.gif HTTP/1.1" 200 2160
124.76.236.61 - - [09/Oct/2020:10:38:20 +0800] "GET /xingrg/javascript/jquery_ui/themes/humanity/humanity.css HTTP/1.1" 200 27801
124.76.236.61 - - [09/Oct/2020:10:38:20 +0800] "GET /xingrg/javascript/myfunction.js HTTP/1.1" 200 24559
124.76.236.61 - - [09/Oct/2020:10:38:20 +0800] "GET /xingrg/images/blue/button/cgshd.gif HTTP/1.1" 200 2618
124.76.236.61 - - [09/Oct/2020:10:38:21 +0800] "GET /xingrg/images/blue/bg_dotted.jpg HTTP/1.1" 200 319
124.76.236.61 - - [09/Oct/2020:10:38:21 +0800] "GET /xingrg/javascript/jquery_ui/themes/humanity/images/ui-bg_inset-soft_100_f4f0ec_1x100.png HTTP/1.1" 200 141
124.76.236.61 - - [09/Oct/2020:10:38:21 +0800] "GET /xingrg/images/blue/button/right_ah.jpg HTTP/1.1" 200 1744
124.76.236.61 - - [09/Oct/2020:10:38:21 +0800] "GET /xingrg/images/blue/button/down_ah.jpg HTTP/1.1" 200 1732
124.76.236.61 - - [09/Oct/2020:10:38:21 +0800] "GET /xingrg/javascript/jquery_ui/themes/humanity/images/ui-icons_ffffff_256x240.png HTTP/1.1" 200 4369
124.76.236.61 - - [09/Oct/2020:10:38:21 +0800] "GET /xingrg/javascript/jquery_ui/themes/humanity/images/ui-iconsnew.jpg HTTP/1.1" 200 337
124.76.236.61 - - [09/Oct/2020:10:38:21 +0800] "GET /xingrg/javascript/jquery_ui/themes/humanity/images/ui-bg_glass_70_ede4d4_1x400.png HTTP/1.1" 200 161
124.76.236.61 - - [09/Oct/2020:10:38:21 +0800] "GET /xingrg/javascript/jquery_ui/themes/humanity/images/ui-icons_c47a23_256x240.png HTTP/1.1" 200 5355
124.76.236.61 - - [09/Oct/2020:10:38:21 +0800] "GET /xingrg/images/yd/bt.gif HTTP/1.1" 404 1040
222.69.139.222 - - [09/Oct/2020:10:38:21 +0800] "GET /xingrg/all/function/internal_message.html?_=1602211091654&CODE_STATE=getMsg HTTP/1.1" 200 27
124.76.236.61 - - [09/Oct/2020:10:38:24 +0800] "GET /xingrg/kc/base/base_main.html HTTP/1.1" 200 12142
124.76.236.61 - - [09/Oct/2020:10:38:24 +0800] "GET /xingrg/images/blue/button/ckpd.gif HTTP/1.1" 200 2051
124.76.236.61 - - [09/Oct/2020:10:38:24 +0800] "GET /xingrg/images/blue/button/ckdb.gif HTTP/1.1" 200 1950
124.76.236.61 - - [09/Oct/2020:10:38:24 +0800] "GET /xingrg/images/blue/button/wlsy.gif HTTP/1.1" 200 2536
124.76.236.61 - - [09/Oct/2020:10:38:24 +0800] "GET /xingrg/images/blue/button/yddb.gif HTTP/1.1" 200 2040
124.76.236.61 - - [09/Oct/2020:10:38:24 +0800] "GET /xingrg/images/blue/button/top_right.jpg HTTP/1.1" 200 1708
124.76.236.61 - - [09/Oct/2020:10:38:24 +0800] "GET /xingrg/images/blue/button/top_left.jpg HTTP/1.1" 200 1632
124.76.236.61 - - [09/Oct/2020:10:38:24 +0800] "GET /xingrg/images/blue/button/down.jpg HTTP/1.1" 200 1560
124.76.236.61 - - [09/Oct/2020:10:38:24 +0800] "GET /xingrg/images/blue/button/left_ah.jpg HTTP/1.1" 200 1643
124.76.236.61 - - [09/Oct/2020:10:38:24 +0800] "GET /xingrg/images/blue/button/bottom_right.jpg HTTP/1.1" 200 1436
124.76.236.61 - - [09/Oct/2020:10:38:24 +0800] "GET /xingrg/images/blue/button/bottom_left.jpg HTTP/1.1" 200 1524
124.76.236.61 - - [09/Oct/2020:10:38:27 +0800] "GET /xingrg/kc/base/yddb_order_list.html HTTP/1.1" 200 16990
124.76.236.61 - - [09/Oct/2020:10:38:27 +0800] "GET /xingrg/css/base.css HTTP/1.1" 200 2811
124.76.236.61 - - [09/Oct/2020:10:38:27 +0800] "GET /xingrg/css/site.css HTTP/1.1" 200 7541
124.76.236.61 - - [09/Oct/2020:10:38:27 +0800] "GET /xingrg/javascript/jquery_tools/datebox.css HTTP/1.1" 200 2597
124.76.236.61 - - [09/Oct/2020:10:38:27 +0800] "GET /xingrg/javascript/auto/jquery.autocomplete.css HTTP/1.1" 200 587
124.76.236.61 - - [09/Oct/2020:10:38:27 +0800] "GET /xingrg/javascript/easyui/themes/icon.css HTTP/1.1" 200 4483
124.76.236.61 - - [09/Oct/2020:10:38:27 +0800] "GET /xingrg/javascript/jquery_tools/fix.css HTTP/1.1" 200 1702
124.76.236.61 - - [09/Oct/2020:10:38:27 +0800] "GET /xingrg/javascript/jquery_tools/jquery.tools.min.js HTTP/1.1" 200 138801
124.76.236.61 - - [09/Oct/2020:10:38:27 +0800] "GET /xingrg/javascript/jquery_tools/table.css HTTP/1.1" 200 1032
124.76.236.61 - - [09/Oct/2020:10:38:27 +0800] "GET /xingrg/javascript/jquery_tools/jquery.tools.hotkey.js HTTP/1.1" 200 3242
124.76.236.61 - - [09/Oct/2020:10:38:27 +0800] "GET /xingrg/javascript/jquery_tools/jquery.tools.table.js HTTP/1.1" 200 6994
124.76.236.61 - - [09/Oct/2020:10:38:27 +0800] "GET /xingrg/javascript/jquery_tools/list_manager.js HTTP/1.1" 200 3652
124.76.236.61 - - [09/Oct/2020:10:38:27 +0800] "GET /xingrg/javascript/easyui/easyloader.js HTTP/1.1" 200 5975
124.76.236.61 - - [09/Oct/2020:10:38:27 +0800] "GET /xingrg/javascript/jquery.cookie.js HTTP/1.1" 200 5513
124.76.236.61 - - [09/Oct/2020:10:38:27 +0800] "GET /xingrg/javascript/print/LodopFuncs.js HTTP/1.1" 200 5121
124.76.236.61 - - [09/Oct/2020:10:38:27 +0800] "GET /xingrg/javascript/easyui/themes/default/easyui.css HTTP/1.1" 200 30432
124.76.236.61 - - [09/Oct/2020:10:38:27 +0800] "GET /xingrg/javascript/jquery_tools/jquery.tools.extend.js HTTP/1.1" 200 15385
124.76.236.61 - - [09/Oct/2020:10:38:27 +0800] "GET /xingrg/javascript/auto/jquery.autocomplete.js HTTP/1.1" 200 21624
114.86.230.151 - - [09/Oct/2020:10:38:28 +0800] "GET /xingrg/all/function/internal_message.html?_=1602211254781&CODE_STATE=getMsg HTTP/1.1" 200 27
124.76.236.61 - - [09/Oct/2020:10:38:28 +0800] "GET /xingrg/javascript/easyui/themes/icons/edit_add_new.png HTTP/1.1" 200 2997
124.76.236.61 - - [09/Oct/2020:10:38:28 +0800] "GET /xingrg/javascript/easyui/themes/icons/field_new.png HTTP/1.1" 200 1097
124.76.236.61 - - [09/Oct/2020:10:38:28 +0800] "GET /xingrg/javascript/easyui/themes/icons/import_new.png HTTP/1.1" 200 1247
124.76.236.61 - - [09/Oct/2020:10:38:28 +0800] "GET /xingrg/javascript/easyui/plugins/jquery.parser.js HTTP/1.1" 200 1142
124.76.236.61 - - [09/Oct/2020:10:38:28 +0800] "GET /xingrg/images/control/ajaxLoader.gif HTTP/1.1" 200 4659
124.76.236.61 - - [09/Oct/2020:10:38:28 +0800] "POST /xingrg/kc/base/yddb_list_operate.html HTTP/1.1" 200 636
222.69.139.222 - - [09/Oct/2020:10:38:29 +0800] "GET /xingrg/kc/buy/cgsh_order_operate.html?command=get_materiel&rest_code=00149&code=00101007049&supplier_code=00100205&order_time=2020-10-09 HTTP/1.1" 200 409
218.81.217.115 - - [09/Oct/2020:10:38:31 +0800] "POST /xingrg/kc/buy/cgsh_order_operate.html HTTP/1.1" 200 37
124.76.236.61 - - [09/Oct/2020:10:38:32 +0800] "GET /xingrg/javascript/easyui/themes/default/images/button_plain_hover.png HTTP/1.1" 200 144
218.81.217.115 - - [09/Oct/2020:10:38:32 +0800] "POST /xingrg/kc/buy/cgsh_order_operate.html HTTP/1.1" 200 4454
222.69.130.159 - - [09/Oct/2020:10:38:34 +0800] "GET /xingrg/check_reg.html?_=1602211112999 HTTP/1.1" 200 22
124.77.70.31 - - [09/Oct/2020:10:38:34 +0800] "GET /xingrg/all/function/internal_message.html?_=1602211102486&CODE_STATE=getMsg HTTP/1.1" 200 27
222.69.130.159 - - [09/Oct/2020:10:38:35 +0800] "GET /xingrg/all/function/internal_message.html?_=1602211113924&CODE_STATE=getMsg HTTP/1.1" 200 27
124.77.70.31 - - [09/Oct/2020:10:38:35 +0800] "GET /xingrg/check_reg.html?_=1602211103079 HTTP/1.1" 200 22
218.81.217.115 - - [09/Oct/2020:10:38:35 +0800] "GET /xingrg/kc/print/load_data.html?order_code=212020100903821&kc_code=cgsh&condition= HTTP/1.1" 200 1381
180.171.125.150 - - [09/Oct/2020:10:38:36 +0800] "GET /xingrg/all/function/internal_message.html?_=1602211108898&CODE_STATE=getMsg HTTP/1.1" 200 27
222.69.139.222 - - [09/Oct/2020:10:38:36 +0800] "GET /xingrg/kc/buy/cgsh_order_operate.html?command=get_materiel&rest_code=00149&code=00101007048&supplier_code=00100205&order_time=2020-10-09 HTTP/1.1" 200 408
180.162.245.190 - - [09/Oct/2020:10:38:38 +0800] "GET /xingrg/all/function/internal_message.html?_=1602211115502&CODE_STATE=getMsg HTTP/1.1" 200 27
180.162.245.190 - - [09/Oct/2020:10:38:38 +0800] "GET /xingrg/check_reg.html?_=1602211115503 HTTP/1.1" 200 22
172.17.0.120 - - [09/Oct/2020:10:38:38 +0800] "GET /xingrg/all/function/internal_message.html?_=1602211113391&CODE_STATE=getMsg HTTP/1.1" 200 27
124.76.236.61 - - [09/Oct/2020:10:38:39 +0800] "POST /xingrg/kc/base/yddb_list_operate.html HTTP/1.1" 200 2136
101.91.60.105 - - [09/Oct/2020:10:38:40 +0800] "GET /xingrg/check_reg.html?_=1602210334670 HTTP/1.1" 302 -
124.76.236.61 - - [09/Oct/2020:10:38:41 +0800] "POST /xingrg/kc/base/yddb_list_operate.html HTTP/1.1" 200 595
124.76.236.61 - - [09/Oct/2020:10:38:41 +0800] "GET /xingrg/kc/base/yddb_order_info.html?code=482020100800071 HTTP/1.1" 200 29516
124.76.236.61 - - [09/Oct/2020:10:38:41 +0800] "GET /xingrg/javascript/AjaxInfoList.js HTTP/1.1" 200 3774
124.76.236.61 - - [09/Oct/2020:10:38:41 +0800] "GET /xingrg/javascript/Grid.js HTTP/1.1" 200 58908
124.76.236.61 - - [09/Oct/2020:10:38:41 +0800] "GET /xingrg/dwr/interface/AjaxComOrderService.js HTTP/1.1" 200 18264
124.76.236.61 - - [09/Oct/2020:10:38:41 +0800] "GET /xingrg/dwr/interface/AjaxYddbService.js HTTP/1.1" 200 13201
124.76.236.61 - - [09/Oct/2020:10:38:41 +0800] "GET /xingrg/javascript/checkform.js HTTP/1.1" 200 18351
124.76.236.61 - - [09/Oct/2020:10:38:41 +0800] "GET /xingrg/javascript/Calendar.js HTTP/1.1" 200 31561
124.76.236.61 - - [09/Oct/2020:10:38:41 +0800] "GET /xingrg/dwr/util.js HTTP/1.1" 200 35990
124.76.236.61 - - [09/Oct/2020:10:38:41 +0800] "GET /xingrg/dwr/engine.js HTTP/1.1" 200 43631
124.76.236.61 - - [09/Oct/2020:10:38:41 +0800] "GET /xingrg/javascript/jquery_easy_ui/themes/default/images/menu_downarrow.png HTTP/1.1" 200 173
124.76.236.61 - - [09/Oct/2020:10:38:41 +0800] "GET /xingrg/javascript/jquery_easy_ui/themes/icons/check_new.png HTTP/1.1" 200 3224
124.76.236.61 - - [09/Oct/2020:10:38:41 +0800] "GET /xingrg/javascript/jquery_easy_ui/themes/icons/print.png HTTP/1.1" 200 1057
124.76.236.61 - - [09/Oct/2020:10:38:41 +0800] "GET /xingrg/javascript/jquery_easy_ui/themes/icons/edit_add_new.png HTTP/1.1" 200 2997
124.76.236.61 - - [09/Oct/2020:10:38:41 +0800] "GET /xingrg/javascript/jquery_easy_ui/themes/icons/back_new.png HTTP/1.1" 200 3414
124.76.236.61 - - [09/Oct/2020:10:38:42 +0800] "GET /xingrg/images/blue/wait.gif HTTP/1.1" 200 1100
124.76.236.61 - - [09/Oct/2020:10:38:42 +0800] "GET /xingrg/images/blue/kc_tab_mid.gif HTTP/1.1" 200 44
124.76.236.61 - - [09/Oct/2020:10:38:42 +0800] "GET /xingrg/images/blue/kc_tab_right.gif HTTP/1.1" 200 643
124.76.236.61 - - [09/Oct/2020:10:38:42 +0800] "GET /xingrg/images/blue/kc_tab_left.gif HTTP/1.1" 200 188
124.76.236.61 - - [09/Oct/2020:10:38:42 +0800] "POST /xingrg/dwr/call/plaincall/AjaxYddbService.loadMaterielItems.dwr HTTP/1.1" 200 6260
180.174.56.115 - - [09/Oct/2020:10:38:43 +0800] "GET /xingrg/all/function/internal_message.html?_=1602211093628&CODE_STATE=getMsg HTTP/1.1" 200 27
117.184.7.30 - - [09/Oct/2020:10:38:43 +0800] "GET /xingrg/all/function/internal_message.html?_=1602211109456&CODE_STATE=getMsg HTTP/1.1" 200 27
101.85.228.253 - - [09/Oct/2020:10:38:45 +0800] "GET /xingrg/check_reg.html?_=1602211121704 HTTP/1.1" 200 22
101.91.60.105 - - [09/Oct/2020:10:38:45 +0800] "GET /xingrg/login.html HTTP/1.1" 200 7641
101.85.228.253 - - [09/Oct/2020:10:38:46 +0800] "GET /xingrg/all/function/internal_message.html?_=1602211122972&CODE_STATE=getMsg HTTP/1.1" 200 27
222.69.139.222 - - [09/Oct/2020:10:38:47 +0800] "GET /xingrg/kc/buy/cgsh_order_operate.html?command=get_materiel&rest_code=00149&code=00101007085&supplier_code=00100205&order_time=2020-10-09 HTTP/1.1" 200 413
180.174.56.115 - - [09/Oct/2020:10:38:47 +0800] "GET /xingrg/all/function/internal_message.html?_=1602211123366&CODE_STATE=getMsg HTTP/1.1" 200 27
180.174.56.115 - - [09/Oct/2020:10:38:47 +0800] "GET /xingrg/check_reg.html?_=1602211123368 HTTP/1.1" 200 22
218.81.217.115 - - [09/Oct/2020:10:38:48 +0800] "GET /xingrg/kc/buy/cgsh_order_add.html HTTP/1.1" 200 59944
218.81.217.115 - - [09/Oct/2020:10:38:48 +0800] "POST /xingrg/kc/buy/cgsh_order_operate.html HTTP/1.1" 200 8245
218.81.217.115 - - [09/Oct/2020:10:38:48 +0800] "GET /xingrg/javascript/easyui/themes/default/validatebox.css HTTP/1.1" 404 1104
114.88.166.242 - - [09/Oct/2020:10:38:51 +0800] "GET /xingrg/all/function/internal_message.html?_=1602211210086&CODE_STATE=getMsg HTTP/1.1" 200 27
114.88.166.242 - - [09/Oct/2020:10:38:52 +0800] "GET /xingrg/check_reg.html?_=1602211125219 HTTP/1.1" 200 22
58.37.8.227 - - [09/Oct/2020:10:38:52 +0800] "GET /xingrg/all/function/internal_message.html?_=1602211141367&CODE_STATE=getMsg HTTP/1.1" 200 27
58.40.7.146 - - [09/Oct/2020:10:38:55 +0800] "GET /xingrg/all/function/internal_message.html?_=1602211130875&CODE_STATE=getMsg HTTP/1.1" 200 27
61.151.178.177 - - [09/Oct/2020:10:38:56 +0800] "GET /xingrg/all/function/internal_message.html?_=1602210420925&CODE_STATE=getMsg HTTP/1.1" 302 -
222.69.139.222 - - [09/Oct/2020:10:38:56 +0800] "GET /xingrg/kc/buy/cgsh_order_operate.html?command=get_materiel&rest_code=00149&code=00101007023&supplier_code=00100205&order_time=2020-10-09 HTTP/1.1" 200 409
58.40.7.146 - - [09/Oct/2020:10:38:57 +0800] "GET /xingrg/all/function/internal_message.html?_=1602211132930&CODE_STATE=getMsg HTTP/1.1" 200 27
172.17.0.185 - - [09/Oct/2020:10:38:57 +0800] "GET /xingrg/all/function/internal_message.html?_=1602211132649&CODE_STATE=getMsg HTTP/1.1" 200 27
218.81.217.115 - - [09/Oct/2020:10:39:00 +0800] "GET /xingrg/kc/buy/cgsh_order_operate.html?command=get_materiel&rest_code=00146&code=00101010501&supplier_code=00100326&order_time=2020-10-09 HTTP/1.1" 200 396
172.17.200.101 - - [09/Oct/2020:10:39:00 +0800] "GET /xingrg/all/function/internal_message.html?_=1602211137958&CODE_STATE=getMsg HTTP/1.1" 200 27
172.17.0.240 - - [09/Oct/2020:10:39:01 +0800] "GET /xingrg/all/function/internal_message.html?_=1602211135722&CODE_STATE=getMsg HTTP/1.1" 200 27
172.17.0.123 - - [09/Oct/2020:10:39:03 +0800] "GET /xingrg/all/function/internal_message.html?_=1602211117726&CODE_STATE=getMsg HTTP/1.1" 200 27
172.17.0.123 - - [09/Oct/2020:10:39:03 +0800] "GET /xingrg/check_reg.html?_=1602211117728 HTTP/1.1" 200 22
218.81.217.115 - - [09/Oct/2020:10:39:04 +0800] "GET /xingrg/all/function/internal_message.html?_=1602211162105&CODE_STATE=getMsg HTTP/1.1" 200 27
101.85.228.253 - - [09/Oct/2020:10:39:05 +0800] "GET /xingrg/check_reg.html?_=1602211358019 HTTP/1.1" 200 22
61.151.178.177 - - [09/Oct/2020:10:39:06 +0800] "GET /xingrg/login.html HTTP/1.1" 200 7641
172.17.0.115 - - [09/Oct/2020:10:39:07 +0800] "GET /xingrg/all/function/internal_message.html?_=1602211158450&CODE_STATE=getMsg HTTP/1.1" 200 27
218.81.217.115 - - [09/Oct/2020:10:39:07 +0800] "POST /xingrg/kc/buy/cgsh_order_operate.html HTTP/1.1" 200 37
101.85.228.253 - - [09/Oct/2020:10:39:08 +0800] "GET /xingrg/all/function/internal_message.html?_=1602211360606&CODE_STATE=getMsg HTTP/1.1" 200 27
218.81.217.115 - - [09/Oct/2020:10:39:08 +0800] "POST /xingrg/kc/buy/cgsh_order_operate.html HTTP/1.1" 200 2655
120.253.135.82 - - [09/Oct/2020:10:39:09 +0800] "GET /xingrg/all/function/internal_message.html?_=1602210893246&CODE_STATE=getMsg HTTP/1.1" 200 27
222.69.139.222 - - [09/Oct/2020:10:39:10 +0800] "GET /xingrg/kc/buy/cgsh_order_operate.html?command=get_materiel&rest_code=00149&code=00101007059&supplier_code=00100205&order_time=2020-10-09 HTTP/1.1" 200 411
218.81.217.115 - - [09/Oct/2020:10:39:10 +0800] "GET /xingrg/kc/print/load_data.html?order_code=212020100903822&kc_code=cgsh&condition= HTTP/1.1" 200 683
124.76.236.61 - - [09/Oct/2020:10:39:12 +0800] "GET /xingrg/all/function/internal_message.html?_=1602211128646&CODE_STATE=getMsg HTTP/1.1" 200 27
222.69.139.222 - - [09/Oct/2020:10:39:21 +0800] "GET /xingrg/all/function/internal_message.html?_=1602211151650&CODE_STATE=getMsg HTTP/1.1" 200 27
222.69.139.222 - - [09/Oct/2020:10:39:21 +0800] "GET /xingrg/check_reg.html?_=1602211151654 HTTP/1.1" 200 22
218.81.217.115 - - [09/Oct/2020:10:39:22 +0800] "GET /xingrg/kc/buy/cgsh_order_add.html HTTP/1.1" 200 59944
218.81.217.115 - - [09/Oct/2020:10:39:22 +0800] "POST /xingrg/kc/buy/cgsh_order_operate.html HTTP/1.1" 200 8245
218.81.217.115 - - [09/Oct/2020:10:39:22 +0800] "GET /xingrg/javascript/easyui/themes/default/validatebox.css HTTP/1.1" 404 1104
114.86.230.151 - - [09/Oct/2020:10:39:25 +0800] "GET /xingrg/all/function/internal_message.html?_=1602211314781&CODE_STATE=getMsg HTTP/1.1" 200 27
222.69.139.222 - - [09/Oct/2020:10:39:33 +0800] "GET /xingrg/kc/buy/cgsh_order_operate.html?command=get_materiel&rest_code=00149&code=00101007031&supplier_code=00100205&order_time=2020-10-09 HTTP/1.1" 200 415
124.77.70.31 - - [09/Oct/2020:10:39:34 +0800] "GET /xingrg/all/function/internal_message.html?_=1602211162460&CODE_STATE=getMsg HTTP/1.1" 200 27
222.69.130.159 - - [09/Oct/2020:10:39:35 +0800] "GET /xingrg/all/function/internal_message.html?_=1602211173908&CODE_STATE=getMsg HTTP/1.1" 200 27
180.171.125.150 - - [09/Oct/2020:10:39:36 +0800] "GET /xingrg/all/function/internal_message.html?_=1602211171837&CODE_STATE=getMsg HTTP/1.1" 200 27
218.81.217.115 - - [09/Oct/2020:10:39:36 +0800] "GET /xingrg/kc/buy/cgsh_order_operate.html?command=get_materiel&rest_code=00146&code=00101010079&supplier_code=00100336&order_time=2020-10-09 HTTP/1.1" 200 413
180.162.245.190 - - [09/Oct/2020:10:39:38 +0800] "GET /xingrg/all/function/internal_message.html?_=1602211175502&CODE_STATE=getMsg HTTP/1.1" 200 27
172.17.0.120 - - [09/Oct/2020:10:39:38 +0800] "GET /xingrg/all/function/internal_message.html?_=1602211173395&CODE_STATE=getMsg HTTP/1.1" 200 27
117.184.7.30 - - [09/Oct/2020:10:39:43 +0800] "GET /xingrg/all/function/internal_message.html?_=1602211169435&CODE_STATE=getMsg HTTP/1.1" 200 27
180.174.56.115 - - [09/Oct/2020:10:39:43 +0800] "GET /xingrg/all/function/internal_message.html?_=1602211153637&CODE_STATE=getMsg HTTP/1.1" 200 27
117.184.7.30 - - [09/Oct/2020:10:39:43 +0800] "GET /xingrg/check_reg.html?_=1602211169690 HTTP/1.1" 200 22
101.85.228.253 - - [09/Oct/2020:10:39:46 +0800] "GET /xingrg/all/function/internal_message.html?_=1602211182980&CODE_STATE=getMsg HTTP/1.1" 200 27
218.81.217.115 - - [09/Oct/2020:10:39:47 +0800] "POST /xingrg/kc/buy/cgsh_order_operate.html HTTP/1.1" 200 37
180.174.56.115 - - [09/Oct/2020:10:39:47 +0800] "GET /xingrg/all/function/internal_message.html?_=1602211183418&CODE_STATE=getMsg HTTP/1.1" 200 27
218.81.217.115 - - [09/Oct/2020:10:39:48 +0800] "POST /xingrg/kc/buy/cgsh_order_operate.html HTTP/1.1" 200 2658
218.81.217.115 - - [09/Oct/2020:10:39:49 +0800] "GET /xingrg/kc/print/load_data.html?order_code=212020100903823&kc_code=cgsh&condition= HTTP/1.1" 200 674
114.88.166.242 - - [09/Oct/2020:10:39:51 +0800] "GET /xingrg/all/function/internal_message.html?_=1602211270056&CODE_STATE=getMsg HTTP/1.1" 200 27
58.37.8.227 - - [09/Oct/2020:10:39:52 +0800] "GET /xingrg/all/function/internal_message.html?_=1602211201350&CODE_STATE=getMsg HTTP/1.1" 200 27
58.40.7.146 - - [09/Oct/2020:10:39:55 +0800] "GET /xingrg/all/function/internal_message.html?_=1602211190848&CODE_STATE=getMsg HTTP/1.1" 200 27
58.40.7.146 - - [09/Oct/2020:10:39:57 +0800] "GET /xingrg/all/function/internal_message.html?_=1602211192935&CODE_STATE=getMsg HTTP/1.1" 200 27
58.40.7.146 - - [09/Oct/2020:10:39:57 +0800] "GET /xingrg/check_reg.html?_=1602211192935 HTTP/1.1" 200 22
172.17.0.185 - - [09/Oct/2020:10:39:57 +0800] "GET /xingrg/check_reg.html?_=1602211192653 HTTP/1.1" 200 22
172.17.0.185 - - [09/Oct/2020:10:39:57 +0800] "GET /xingrg/all/function/internal_message.html?_=1602211192657&CODE_STATE=getMsg HTTP/1.1" 200 27
172.17.200.101 - - [09/Oct/2020:10:40:00 +0800] "GET /xingrg/all/function/internal_message.html?_=1602211197961&CODE_STATE=getMsg HTTP/1.1" 200 27
172.17.0.240 - - [09/Oct/2020:10:40:01 +0800] "GET /xingrg/all/function/internal_message.html?_=1602211195719&CODE_STATE=getMsg HTTP/1.1" 200 27
218.81.217.115 - - [09/Oct/2020:10:40:02 +0800] "GET /xingrg/kc/buy/cgsh_order_add.html HTTP/1.1" 200 59944
218.81.217.115 - - [09/Oct/2020:10:40:02 +0800] "POST /xingrg/kc/buy/cgsh_order_operate.html HTTP/1.1" 200 8245
218.81.217.115 - - [09/Oct/2020:10:40:02 +0800] "GET /xingrg/javascript/easyui/themes/default/validatebox.css HTTP/1.1" 404 1104
172.17.0.123 - - [09/Oct/2020:10:40:03 +0800] "GET /xingrg/all/function/internal_message.html?_=1602211177730&CODE_STATE=getMsg HTTP/1.1" 200 27
218.81.217.115 - - [09/Oct/2020:10:40:04 +0800] "GET /xingrg/check_reg.html?_=1602211221651 HTTP/1.1" 200 22
218.81.217.115 - - [09/Oct/2020:10:40:04 +0800] "GET /xingrg/all/function/internal_message.html?_=1602211222117&CODE_STATE=getMsg HTTP/1.1" 200 27
172.17.0.115 - - [09/Oct/2020:10:40:07 +0800] "GET /xingrg/all/function/internal_message.html?_=1602211218451&CODE_STATE=getMsg HTTP/1.1" 200 27
120.253.135.82 - - [09/Oct/2020:10:40:08 +0800] "GET /xingrg/check_reg.html?_=1602210952858 HTTP/1.1" 200 22
101.85.228.253 - - [09/Oct/2020:10:40:08 +0800] "GET /xingrg/all/function/internal_message.html?_=1602211420932&CODE_STATE=getMsg HTTP/1.1" 200 27
120.253.135.82 - - [09/Oct/2020:10:40:08 +0800] "GET /xingrg/all/function/internal_message.html?_=1602210953260&CODE_STATE=getMsg HTTP/1.1" 200 27
58.40.7.146 - - [09/Oct/2020:10:40:09 +0800] "POST /xingrg/services/DataTransmitService HTTP/1.1" 200 524
124.76.236.61 - - [09/Oct/2020:10:40:12 +0800] "GET /xingrg/all/function/internal_message.html?_=1602211188645&CODE_STATE=getMsg HTTP/1.1" 200 27
114.88.166.242 - - [09/Oct/2020:10:40:14 +0800] "POST /xingrg/services/DataTransmitService HTTP/1.1" 200 524
114.88.166.242 - - [09/Oct/2020:10:40:14 +0800] "POST /xingrg/services/DataTransmitService HTTP/1.1" 200 501
114.88.166.242 - - [09/Oct/2020:10:40:14 +0800] "POST /xingrg/services/DataTransmitService HTTP/1.1" 200 501
114.88.166.242 - - [09/Oct/2020:10:40:14 +0800] "POST /xingrg/services/DataTransmitService HTTP/1.1" 200 501
114.88.166.242 - - [09/Oct/2020:10:40:15 +0800] "POST /xingrg/services/DataTransmitService HTTP/1.1" 200 501
114.88.166.242 - - [09/Oct/2020:10:40:16 +0800] "POST /xingrg/services/DataTransmitService HTTP/1.1" 200 412
222.69.139.222 - - [09/Oct/2020:10:40:21 +0800] "GET /xingrg/all/function/internal_message.html?_=1602211211646&CODE_STATE=getMsg HTTP/1.1" 200 27
114.86.230.151 - - [09/Oct/2020:10:40:23 +0800] "GET /xingrg/all/function/internal_message.html?_=1602211374812&CODE_STATE=getMsg HTTP/1.1" 200 27
58.37.8.227 - - [09/Oct/2020:10:40:26 +0800] "GET /xingrg/check_reg.html?_=1602211234723 HTTP/1.1" 200 22
218.81.217.115 - - [09/Oct/2020:10:40:27 +0800] "GET /xingrg/kc/buy/cgsh_order_operate.html?command=get_materiel&rest_code=00146&code=00101014031&supplier_code=00100340&order_time=2020-10-09 HTTP/1.1" 200 413
124.77.70.31 - - [09/Oct/2020:10:40:34 +0800] "GET /xingrg/all/function/internal_message.html?_=1602211222437&CODE_STATE=getMsg HTTP/1.1" 200 27
222.69.130.159 - - [09/Oct/2020:10:40:35 +0800] "GET /xingrg/all/function/internal_message.html?_=1602211233895&CODE_STATE=getMsg HTTP/1.1" 200 27
180.171.125.150 - - [09/Oct/2020:10:40:36 +0800] "GET /xingrg/all/function/internal_message.html?_=1602211231845&CODE_STATE=getMsg HTTP/1.1" 200 27
180.162.245.190 - - [09/Oct/2020:10:40:38 +0800] "GET /xingrg/all/function/internal_message.html?_=1602211235503&CODE_STATE=getMsg HTTP/1.1" 200 27
172.17.0.120 - - [09/Oct/2020:10:40:38 +0800] "GET /xingrg/all/function/internal_message.html?_=1602211233382&CODE_STATE=getMsg HTTP/1.1" 200 27
172.17.0.120 - - [09/Oct/2020:10:40:38 +0800] "GET /xingrg/check_reg.html?_=1602211233385 HTTP/1.1" 200 22
180.174.56.115 - - [09/Oct/2020:10:40:43 +0800] "GET /xingrg/check_reg.html?_=1602211213469 HTTP/1.1" 200 22
180.174.56.115 - - [09/Oct/2020:10:40:43 +0800] "GET /xingrg/all/function/internal_message.html?_=1602211213650&CODE_STATE=getMsg HTTP/1.1" 200 27
117.184.7.30 - - [09/Oct/2020:10:40:43 +0800] "GET /xingrg/all/function/internal_message.html?_=1602211229411&CODE_STATE=getMsg HTTP/1.1" 200 27
101.85.228.253 - - [09/Oct/2020:10:40:46 +0800] "GET /xingrg/all/function/internal_message.html?_=1602211243327&CODE_STATE=getMsg HTTP/1.1" 200 27
180.174.56.115 - - [09/Oct/2020:10:40:47 +0800] "GET /xingrg/all/function/internal_message.html?_=1602211243465&CODE_STATE=getMsg HTTP/1.1" 200 27
124.76.236.61 - - [09/Oct/2020:10:40:51 +0800] "POST /xingrg/dwr/call/plaincall/AjaxYddbService.saveOrder.dwr HTTP/1.1" 200 78
114.88.166.242 - - [09/Oct/2020:10:40:51 +0800] "GET /xingrg/all/function/internal_message.html?_=1602211330027&CODE_STATE=getMsg HTTP/1.1" 200 27
58.37.8.227 - - [09/Oct/2020:10:40:52 +0800] "GET /xingrg/all/function/internal_message.html?_=1602211261317&CODE_STATE=getMsg HTTP/1.1" 200 27
218.81.217.115 - - [09/Oct/2020:10:40:53 +0800] "POST /xingrg/kc/buy/cgsh_order_operate.html HTTP/1.1" 200 37
124.76.236.61 - - [09/Oct/2020:10:40:53 +0800] "GET /xingrg/javascript/jquery_easy_ui/themes/default/images/button_plain_hover.png HTTP/1.1" 200 252
218.81.217.115 - - [09/Oct/2020:10:40:54 +0800] "POST /xingrg/kc/buy/cgsh_order_operate.html HTTP/1.1" 200 2659
58.40.7.146 - - [09/Oct/2020:10:40:55 +0800] "GET /xingrg/all/function/internal_message.html?_=1602211250821&CODE_STATE=getMsg HTTP/1.1" 200 27
124.76.236.61 - - [09/Oct/2020:10:40:55 +0800] "POST /xingrg/dwr/call/plaincall/AjaxYddbService.objCheckOrder.dwr HTTP/1.1" 200 78
218.81.217.115 - - [09/Oct/2020:10:40:56 +0800] "GET /xingrg/kc/print/load_data.html?order_code=212020100903824&kc_code=cgsh&condition= HTTP/1.1" 200 688
124.76.236.61 - - [09/Oct/2020:10:40:57 +0800] "GET /xingrg/kc/base/yddb_order_info.html?code=482020100800071 HTTP/1.1" 200 29639
58.40.7.146 - - [09/Oct/2020:10:40:57 +0800] "GET /xingrg/all/function/internal_message.html?_=1602211252937&CODE_STATE=getMsg HTTP/1.1" 200 27
172.17.0.185 - - [09/Oct/2020:10:40:57 +0800] "GET /xingrg/all/function/internal_message.html?_=1602211252645&CODE_STATE=getMsg HTTP/1.1" 200 27
124.76.236.61 - - [09/Oct/2020:10:40:57 +0800] "GET /xingrg/dwr/interface/AjaxYddbService.js HTTP/1.1" 200 13201
124.76.236.61 - - [09/Oct/2020:10:40:57 +0800] "GET /xingrg/dwr/interface/AjaxComOrderService.js HTTP/1.1" 200 18264
124.76.236.61 - - [09/Oct/2020:10:40:57 +0800] "GET /xingrg/dwr/engine.js HTTP/1.1" 200 43631
124.76.236.61 - - [09/Oct/2020:10:40:57 +0800] "POST /xingrg/dwr/call/plaincall/AjaxYddbService.loadMaterielItems.dwr HTTP/1.1" 200 6260
172.17.200.101 - - [09/Oct/2020:10:41:00 +0800] "GET /xingrg/all/function/internal_message.html?_=1602211257960&CODE_STATE=getMsg HTTP/1.1" 200 27
172.17.0.240 - - [09/Oct/2020:10:41:01 +0800] "GET /xingrg/all/function/internal_message.html?_=1602211255743&CODE_STATE=getMsg HTTP/1.1" 200 27
124.76.236.61 - - [09/Oct/2020:10:41:01 +0800] "GET /xingrg/javascript/jquery_easy_ui/themes/default/images/tabs_active.png HTTP/1.1" 200 2894
222.69.139.222 - - [09/Oct/2020:10:41:02 +0800] "POST /xingrg/kc/buy/cgsh_order_operate.html HTTP/1.1" 200 37
