172.17.200.101 - - [09/Oct/2020:09:37:00 +0800] "GET /xingrg/all/function/internal_message.html?_=1602207417854&CODE_STATE=getMsg HTTP/1.1" 200 27
172.17.200.101 - - [09/Oct/2020:09:37:00 +0800] "GET /xingrg/check_reg.html?_=1602207417856 HTTP/1.1" 200 22
180.174.56.115 - - [09/Oct/2020:09:37:00 +0800] "GET /xingrg/all/function/internal_message.html?_=1602207416663&CODE_STATE=getMsg HTTP/1.1" 200 27
218.81.217.115 - - [09/Oct/2020:09:37:01 +0800] "GET /xingrg/check_reg.html?_=1602207438144 HTTP/1.1" 200 22
172.17.0.240 - - [09/Oct/2020:09:37:01 +0800] "GET /xingrg/all/function/internal_message.html?_=1602207415714&CODE_STATE=getMsg HTTP/1.1" 200 27
172.17.0.240 - - [09/Oct/2020:09:37:01 +0800] "GET /xingrg/check_reg.html?_=1602207415716 HTTP/1.1" 200 22
222.69.139.222 - - [09/Oct/2020:09:37:01 +0800] "GET /xingrg/kc/buy/cgsh_order_add.html HTTP/1.1" 200 59991
222.69.139.222 - - [09/Oct/2020:09:37:01 +0800] "GET /xingrg/words/20201009092426_words.js HTTP/1.1" 304 -
222.69.139.222 - - [09/Oct/2020:09:37:02 +0800] "POST /xingrg/kc/buy/cgsh_order_operate.html HTTP/1.1" 200 8245
222.69.139.222 - - [09/Oct/2020:09:37:02 +0800] "GET /xingrg/javascript/easyui/themes/default/validatebox.css HTTP/1.1" 404 1104
172.17.0.123 - - [09/Oct/2020:09:37:03 +0800] "GET /xingrg/all/function/internal_message.html?_=1602207397732&CODE_STATE=getMsg HTTP/1.1" 200 27
101.85.228.253 - - [09/Oct/2020:09:37:05 +0800] "GET /xingrg/all/function/internal_message.html?_=1602207637414&CODE_STATE=getMsg HTTP/1.1" 200 27
172.17.0.115 - - [09/Oct/2020:09:37:06 +0800] "GET /xingrg/all/function/internal_message.html?_=1602207437313&CODE_STATE=getMsg HTTP/1.1" 200 27
58.40.7.146 - - [09/Oct/2020:09:37:06 +0800] "GET /xingrg/check_reg.html?_=1602207422155 HTTP/1.1" 200 22
180.174.56.115 - - [09/Oct/2020:09:37:17 +0800] "GET /xingrg/kc/buy/cgsh_order_operate.html?command=get_materiel&rest_code=00151&code=00101008257&supplier_code=00100007&order_time=2020-10-09 HTTP/1.1" 200 416
222.69.139.222 - - [09/Oct/2020:09:37:19 +0800] "GET /xingrg/kc/buy/cgsh_order_operate.html?command=get_materiel&rest_code=00149&code=00101009019&supplier_code=00100201&order_time=2020-10-09 HTTP/1.1" 200 433
222.69.139.222 - - [09/Oct/2020:09:37:21 +0800] "GET /xingrg/all/function/internal_message.html?_=1602207431547&CODE_STATE=getMsg HTTP/1.1" 200 27
180.174.56.115 - - [09/Oct/2020:09:37:23 +0800] "GET /xingrg/check_reg.html?_=1602207413782 HTTP/1.1" 200 22
180.174.56.115 - - [09/Oct/2020:09:37:23 +0800] "GET /xingrg/all/function/internal_message.html?_=1602207413933&CODE_STATE=getMsg HTTP/1.1" 200 27
180.174.56.115 - - [09/Oct/2020:09:37:26 +0800] "GET /xingrg/kc/buy/cgsh_order_operate.html?command=get_materiel&rest_code=00151&code=00101016051&supplier_code=00100007&order_time=2020-10-09 HTTP/1.1" 200 408
222.69.139.222 - - [09/Oct/2020:09:37:27 +0800] "GET /xingrg/kc/buy/cgsh_order_operate.html?command=get_materiel&rest_code=00149&code=00101009062&supplier_code=00100201&order_time=2020-10-09 HTTP/1.1" 200 434
114.86.230.151 - - [09/Oct/2020:09:37:29 +0800] "GET /xingrg/all/function/internal_message.html?_=1602207566515&CODE_STATE=getMsg HTTP/1.1" 200 27
180.174.56.115 - - [09/Oct/2020:09:37:32 +0800] "GET /xingrg/kc/buy/cgsh_order_operate.html?command=get_materiel&rest_code=00151&code=00101008286&supplier_code=00100007&order_time=2020-10-09 HTTP/1.1" 200 408
124.77.70.31 - - [09/Oct/2020:09:37:34 +0800] "GET /xingrg/all/function/internal_message.html?_=1602207442231&CODE_STATE=getMsg HTTP/1.1" 200 27
172.17.0.120 - - [09/Oct/2020:09:37:38 +0800] "GET /xingrg/all/function/internal_message.html?_=1602207453387&CODE_STATE=getMsg HTTP/1.1" 200 27
180.162.245.190 - - [09/Oct/2020:09:37:38 +0800] "GET /xingrg/all/function/internal_message.html?_=1602207456211&CODE_STATE=getMsg HTTP/1.1" 200 27
180.162.245.190 - - [09/Oct/2020:09:37:38 +0800] "GET /xingrg/check_reg.html?_=1602207456220 HTTP/1.1" 200 22
218.81.217.115 - - [09/Oct/2020:09:37:40 +0800] "GET /xingrg/all/function/internal_message.html?_=1602207477907&CODE_STATE=getMsg HTTP/1.1" 200 27
114.88.166.242 - - [09/Oct/2020:09:37:52 +0800] "GET /xingrg/all/function/internal_message.html?_=1602207551432&CODE_STATE=getMsg HTTP/1.1" 200 27
58.37.8.227 - - [09/Oct/2020:09:37:53 +0800] "GET /xingrg/all/function/internal_message.html?_=1602207482090&CODE_STATE=getMsg HTTP/1.1" 200 27
114.88.166.242 - - [09/Oct/2020:09:37:53 +0800] "GET /xingrg/check_reg.html?_=1602207552447 HTTP/1.1" 200 22
124.77.70.31 - - [09/Oct/2020:09:37:55 +0800] "GET /xingrg/all/function/internal_message.html?_=1602207470584&CODE_STATE=getMsg HTTP/1.1" 200 27
58.40.7.146 - - [09/Oct/2020:09:37:57 +0800] "GET /xingrg/all/function/internal_message.html?_=1602207472533&CODE_STATE=getMsg HTTP/1.1" 200 27
58.40.7.146 - - [09/Oct/2020:09:37:57 +0800] "GET /xingrg/all/function/internal_message.html?_=1602207472915&CODE_STATE=getMsg HTTP/1.1" 200 27
222.69.139.222 - - [09/Oct/2020:09:38:00 +0800] "GET /xingrg/kc/buy/cgsh_order_operate.html?command=get_materiel&rest_code=00149&code=00101009016&supplier_code=00100201&order_time=2020-10-09 HTTP/1.1" 200 433
172.17.200.101 - - [09/Oct/2020:09:38:00 +0800] "GET /xingrg/all/function/internal_message.html?_=1602207477841&CODE_STATE=getMsg HTTP/1.1" 200 27
180.174.56.115 - - [09/Oct/2020:09:38:00 +0800] "GET /xingrg/all/function/internal_message.html?_=1602207476725&CODE_STATE=getMsg HTTP/1.1" 200 27
172.17.0.240 - - [09/Oct/2020:09:38:01 +0800] "GET /xingrg/all/function/internal_message.html?_=1602207475716&CODE_STATE=getMsg HTTP/1.1" 200 27
172.17.0.123 - - [09/Oct/2020:09:38:03 +0800] "GET /xingrg/all/function/internal_message.html?_=1602207457734&CODE_STATE=getMsg HTTP/1.1" 200 27
101.85.228.253 - - [09/Oct/2020:09:38:05 +0800] "GET /xingrg/all/function/internal_message.html?_=1602207697422&CODE_STATE=getMsg HTTP/1.1" 200 27
172.17.0.115 - - [09/Oct/2020:09:38:06 +0800] "GET /xingrg/all/function/internal_message.html?_=1602207497327&CODE_STATE=getMsg HTTP/1.1" 200 27
222.69.139.222 - - [09/Oct/2020:09:38:07 +0800] "POST /xingrg/kc/buy/cgsh_order_operate.html HTTP/1.1" 200 37
222.69.139.222 - - [09/Oct/2020:09:38:11 +0800] "POST /xingrg/kc/buy/cgsh_order_operate.html HTTP/1.1" 200 12
222.69.139.222 - - [09/Oct/2020:09:38:12 +0800] "GET /xingrg/kc/buy/cgsh_order_info.html?code=212020100903756 HTTP/1.1" 200 54894
222.69.139.222 - - [09/Oct/2020:09:38:13 +0800] "GET /xingrg/javascript/easyui/themes/default/validatebox.css HTTP/1.1" 404 1104
222.69.139.222 - - [09/Oct/2020:09:38:13 +0800] "POST /xingrg/kc/buy/cgsh_order_operate.html HTTP/1.1" 200 2379
222.69.139.222 - - [09/Oct/2020:09:38:19 +0800] "GET /xingrg/kc/print/load_data.html?order_code=212020100903756&kc_code=cgsh&condition= HTTP/1.1" 200 1387
222.69.139.222 - - [09/Oct/2020:09:38:21 +0800] "GET /xingrg/all/function/internal_message.html?_=1602207491597&CODE_STATE=getMsg HTTP/1.1" 200 27
180.174.56.115 - - [09/Oct/2020:09:38:23 +0800] "GET /xingrg/all/function/internal_message.html?_=1602207473947&CODE_STATE=getMsg HTTP/1.1" 200 27
114.86.230.151 - - [09/Oct/2020:09:38:25 +0800] "GET /xingrg/all/function/internal_message.html?_=1602207626515&CODE_STATE=getMsg HTTP/1.1" 200 27
124.77.70.31 - - [09/Oct/2020:09:38:34 +0800] "GET /xingrg/all/function/internal_message.html?_=1602207502243&CODE_STATE=getMsg HTTP/1.1" 200 27
124.77.70.31 - - [09/Oct/2020:09:38:34 +0800] "GET /xingrg/check_reg.html?_=1602207502245 HTTP/1.1" 200 22
222.69.139.222 - - [09/Oct/2020:09:38:35 +0800] "GET /xingrg/kc/buy/cgsh_order_add.html HTTP/1.1" 200 59991
222.69.139.222 - - [09/Oct/2020:09:38:35 +0800] "GET /xingrg/words/20201009092426_words.js HTTP/1.1" 304 -
222.69.139.222 - - [09/Oct/2020:09:38:35 +0800] "POST /xingrg/kc/buy/cgsh_order_operate.html HTTP/1.1" 200 8245
222.69.139.222 - - [09/Oct/2020:09:38:35 +0800] "GET /xingrg/javascript/easyui/themes/default/validatebox.css HTTP/1.1" 404 1104
172.17.0.120 - - [09/Oct/2020:09:38:38 +0800] "GET /xingrg/all/function/internal_message.html?_=1602207513392&CODE_STATE=getMsg HTTP/1.1" 200 27
180.162.245.190 - - [09/Oct/2020:09:38:38 +0800] "GET /xingrg/all/function/internal_message.html?_=1602207516221&CODE_STATE=getMsg HTTP/1.1" 200 27
218.81.217.115 - - [09/Oct/2020:09:38:40 +0800] "GET /xingrg/all/function/internal_message.html?_=1602207537919&CODE_STATE=getMsg HTTP/1.1" 200 27
180.174.56.115 - - [09/Oct/2020:09:38:45 +0800] "GET /xingrg/kc/buy/cgsh_order_operate.html?command=get_materiel&rest_code=00151&code=00101013044&supplier_code=00100007&order_time=2020-10-09 HTTP/1.1" 200 448
222.69.139.222 - - [09/Oct/2020:09:38:47 +0800] "GET /xingrg/kc/buy/cgsh_order_operate.html?command=get_materiel&rest_code=00149&code=00101002006&supplier_code=00100039&order_time=2020-10-09 HTTP/1.1" 200 414
114.88.166.242 - - [09/Oct/2020:09:38:52 +0800] "GET /xingrg/check_reg.html?_=1602207525122 HTTP/1.1" 200 22
114.88.166.242 - - [09/Oct/2020:09:38:52 +0800] "GET /xingrg/all/function/internal_message.html?_=1602207611414&CODE_STATE=getMsg HTTP/1.1" 200 27
58.37.8.227 - - [09/Oct/2020:09:38:53 +0800] "GET /xingrg/all/function/internal_message.html?_=1602207542063&CODE_STATE=getMsg HTTP/1.1" 200 27
180.174.56.115 - - [09/Oct/2020:09:38:54 +0800] "GET /xingrg/kc/buy/cgsh_order_operate.html?command=get_materiel&rest_code=00151&code=00101008049&supplier_code=00100007&order_time=2020-10-09 HTTP/1.1" 200 408
124.77.70.31 - - [09/Oct/2020:09:38:55 +0800] "GET /xingrg/all/function/internal_message.html?_=1602207530587&CODE_STATE=getMsg HTTP/1.1" 200 27
58.40.7.146 - - [09/Oct/2020:09:38:56 +0800] "GET /xingrg/all/function/internal_message.html?_=1602207532504&CODE_STATE=getMsg HTTP/1.1" 200 27
58.40.7.146 - - [09/Oct/2020:09:38:57 +0800] "GET /xingrg/all/function/internal_message.html?_=1602207532917&CODE_STATE=getMsg HTTP/1.1" 200 27
172.17.200.101 - - [09/Oct/2020:09:39:00 +0800] "GET /xingrg/all/function/internal_message.html?_=1602207537847&CODE_STATE=getMsg HTTP/1.1" 200 27
180.174.56.115 - - [09/Oct/2020:09:39:00 +0800] "GET /xingrg/all/function/internal_message.html?_=1602207536747&CODE_STATE=getMsg HTTP/1.1" 200 27
172.17.0.240 - - [09/Oct/2020:09:39:01 +0800] "GET /xingrg/all/function/internal_message.html?_=1602207535718&CODE_STATE=getMsg HTTP/1.1" 200 27
172.17.0.123 - - [09/Oct/2020:09:39:03 +0800] "GET /xingrg/check_reg.html?_=1602207517720 HTTP/1.1" 200 22
172.17.0.123 - - [09/Oct/2020:09:39:03 +0800] "GET /xingrg/all/function/internal_message.html?_=1602207517722&CODE_STATE=getMsg HTTP/1.1" 200 27
101.85.228.253 - - [09/Oct/2020:09:39:03 +0800] "GET /xingrg/check_reg.html?_=1602207756053 HTTP/1.1" 200 22
180.174.56.115 - - [09/Oct/2020:09:39:04 +0800] "GET /xingrg/kc/buy/cgsh_order_operate.html?command=get_materiel&rest_code=00151&code=00101008095&supplier_code=00100007&order_time=2020-10-09 HTTP/1.1" 200 412
101.85.228.253 - - [09/Oct/2020:09:39:05 +0800] "GET /xingrg/all/function/internal_message.html?_=1602207757435&CODE_STATE=getMsg HTTP/1.1" 200 27
172.17.0.115 - - [09/Oct/2020:09:39:06 +0800] "GET /xingrg/all/function/internal_message.html?_=1602207557354&CODE_STATE=getMsg HTTP/1.1" 200 27
180.174.56.115 - - [09/Oct/2020:09:39:10 +0800] "GET /xingrg/kc/buy/cgsh_order_operate.html?command=get_materiel&rest_code=00151&code=00101008355&supplier_code=00100007&order_time=2020-10-09 HTTP/1.1" 200 408
222.69.139.222 - - [09/Oct/2020:09:39:21 +0800] "GET /xingrg/check_reg.html?_=1602207551554 HTTP/1.1" 200 22
222.69.139.222 - - [09/Oct/2020:09:39:21 +0800] "GET /xingrg/all/function/internal_message.html?_=1602207551573&CODE_STATE=getMsg HTTP/1.1" 200 27
114.86.230.151 - - [09/Oct/2020:09:39:23 +0800] "GET /xingrg/all/function/internal_message.html?_=1602207686515&CODE_STATE=getMsg HTTP/1.1" 200 27
180.174.56.115 - - [09/Oct/2020:09:39:23 +0800] "GET /xingrg/all/function/internal_message.html?_=1602207533961&CODE_STATE=getMsg HTTP/1.1" 200 27
180.174.56.115 - - [09/Oct/2020:09:39:24 +0800] "GET /xingrg/kc/buy/cgsh_order_operate.html?command=get_materiel&rest_code=00151&code=00101008118&supplier_code=00100007&order_time=2020-10-09 HTTP/1.1" 200 418
180.174.56.115 - - [09/Oct/2020:09:39:30 +0800] "GET /xingrg/kc/buy/cgsh_order_operate.html?command=get_materiel&rest_code=00151&code=00101009030&supplier_code=00100007&order_time=2020-10-09 HTTP/1.1" 200 412
124.77.70.31 - - [09/Oct/2020:09:39:34 +0800] "GET /xingrg/all/function/internal_message.html?_=1602207562245&CODE_STATE=getMsg HTTP/1.1" 200 27
180.174.56.115 - - [09/Oct/2020:09:39:37 +0800] "GET /xingrg/kc/buy/cgsh_order_operate.html?command=get_materiel&rest_code=00151&code=00101015006&supplier_code=00100007&order_time=2020-10-09 HTTP/1.1" 200 413
172.17.0.120 - - [09/Oct/2020:09:39:38 +0800] "GET /xingrg/all/function/internal_message.html?_=1602207573380&CODE_STATE=getMsg HTTP/1.1" 200 27
180.162.245.190 - - [09/Oct/2020:09:39:38 +0800] "GET /xingrg/all/function/internal_message.html?_=1602207576220&CODE_STATE=getMsg HTTP/1.1" 200 27
218.81.217.115 - - [09/Oct/2020:09:39:41 +0800] "GET /xingrg/all/function/internal_message.html?_=1602207598455&CODE_STATE=getMsg HTTP/1.1" 200 27
114.88.166.242 - - [09/Oct/2020:09:39:52 +0800] "GET /xingrg/all/function/internal_message.html?_=1602207671389&CODE_STATE=getMsg HTTP/1.1" 200 27
58.37.8.227 - - [09/Oct/2020:09:39:53 +0800] "GET /xingrg/all/function/internal_message.html?_=1602207602036&CODE_STATE=getMsg HTTP/1.1" 200 27
124.77.70.31 - - [09/Oct/2020:09:39:55 +0800] "GET /xingrg/all/function/internal_message.html?_=1602207590587&CODE_STATE=getMsg HTTP/1.1" 200 27
124.77.70.31 - - [09/Oct/2020:09:39:55 +0800] "GET /xingrg/check_reg.html?_=1602207590589 HTTP/1.1" 200 22
58.40.7.146 - - [09/Oct/2020:09:39:56 +0800] "GET /xingrg/all/function/internal_message.html?_=1602207592475&CODE_STATE=getMsg HTTP/1.1" 200 27
58.40.7.146 - - [09/Oct/2020:09:39:57 +0800] "GET /xingrg/check_reg.html?_=1602207592921 HTTP/1.1" 200 22
58.40.7.146 - - [09/Oct/2020:09:39:57 +0800] "GET /xingrg/all/function/internal_message.html?_=1602207592923&CODE_STATE=getMsg HTTP/1.1" 200 27
172.17.200.101 - - [09/Oct/2020:09:40:00 +0800] "GET /xingrg/all/function/internal_message.html?_=1602207597848&CODE_STATE=getMsg HTTP/1.1" 200 27
180.174.56.115 - - [09/Oct/2020:09:40:01 +0800] "GET /xingrg/all/function/internal_message.html?_=1602207596795&CODE_STATE=getMsg HTTP/1.1" 200 27
180.174.56.115 - - [09/Oct/2020:09:40:01 +0800] "GET /xingrg/check_reg.html?_=1602207596799 HTTP/1.1" 200 22
172.17.0.240 - - [09/Oct/2020:09:40:01 +0800] "GET /xingrg/all/function/internal_message.html?_=1602207595720&CODE_STATE=getMsg HTTP/1.1" 200 27
180.174.56.115 - - [09/Oct/2020:09:40:02 +0800] "GET /xingrg/kc/buy/cgsh_order_operate.html?command=get_materiel&rest_code=00151&code=00101008270&supplier_code=00100007&order_time=2020-10-09 HTTP/1.1" 200 431
172.17.0.123 - - [09/Oct/2020:09:40:03 +0800] "GET /xingrg/all/function/internal_message.html?_=1602207577722&CODE_STATE=getMsg HTTP/1.1" 200 27
101.85.228.253 - - [09/Oct/2020:09:40:05 +0800] "GET /xingrg/all/function/internal_message.html?_=1602207817450&CODE_STATE=getMsg HTTP/1.1" 200 27
172.17.0.115 - - [09/Oct/2020:09:40:06 +0800] "GET /xingrg/all/function/internal_message.html?_=1602207617354&CODE_STATE=getMsg HTTP/1.1" 200 27
180.174.56.115 - - [09/Oct/2020:09:40:08 +0800] "GET /xingrg/kc/buy/cgsh_order_operate.html?command=get_materiel&rest_code=00151&code=00101008098&supplier_code=00100007&order_time=2020-10-09 HTTP/1.1" 200 412
180.174.56.115 - - [09/Oct/2020:09:40:15 +0800] "GET /xingrg/kc/buy/cgsh_order_operate.html?command=get_materiel&rest_code=00151&code=00101016030&supplier_code=00100007&order_time=2020-10-09 HTTP/1.1" 200 412
114.86.230.151 - - [09/Oct/2020:09:40:19 +0800] "GET /xingrg/check_reg.html?_=1602207746375 HTTP/1.1" 200 22
114.86.230.151 - - [09/Oct/2020:09:40:19 +0800] "GET /xingrg/all/function/internal_message.html?_=1602207746515&CODE_STATE=getMsg HTTP/1.1" 200 27
180.174.56.115 - - [09/Oct/2020:09:40:21 +0800] "GET /xingrg/kc/buy/cgsh_order_operate.html?command=get_materiel&rest_code=00151&code=00101008361&supplier_code=00100007&order_time=2020-10-09 HTTP/1.1" 200 408
222.69.139.222 - - [09/Oct/2020:09:40:21 +0800] "GET /xingrg/all/function/internal_message.html?_=1602207611545&CODE_STATE=getMsg HTTP/1.1" 200 27
222.69.139.222 - - [09/Oct/2020:09:40:22 +0800] "GET /xingrg/kc/buy/cgsh_order_operate.html?command=get_materiel&rest_code=00149&code=00101005037&supplier_code=00100039&order_time=2020-10-09 HTTP/1.1" 200 409
180.174.56.115 - - [09/Oct/2020:09:40:23 +0800] "GET /xingrg/all/function/internal_message.html?_=1602207593986&CODE_STATE=getMsg HTTP/1.1" 200 27
58.37.8.227 - - [09/Oct/2020:09:40:26 +0800] "GET /xingrg/check_reg.html?_=1602207634595 HTTP/1.1" 200 22
180.174.56.115 - - [09/Oct/2020:09:40:27 +0800] "GET /xingrg/kc/buy/cgsh_order_operate.html?command=get_materiel&rest_code=00151&code=00101008357&supplier_code=00100007&order_time=2020-10-09 HTTP/1.1" 200 428
180.174.56.115 - - [09/Oct/2020:09:40:28 +0800] "POST /xingrg/kc/buy/cgsh_order_operate.html HTTP/1.1" 200 2065
180.174.56.115 - - [09/Oct/2020:09:40:33 +0800] "GET /xingrg/kc/buy/cgsh_order_operate.html?command=get_materiel&rest_code=00151&code=00101016025&supplier_code=00100007&order_time=2020-10-09 HTTP/1.1" 200 408
124.77.70.31 - - [09/Oct/2020:09:40:34 +0800] "GET /xingrg/all/function/internal_message.html?_=1602207622233&CODE_STATE=getMsg HTTP/1.1" 200 27
172.17.0.120 - - [09/Oct/2020:09:40:38 +0800] "GET /xingrg/all/function/internal_message.html?_=1602207633385&CODE_STATE=getMsg HTTP/1.1" 200 27
172.17.0.120 - - [09/Oct/2020:09:40:38 +0800] "GET /xingrg/check_reg.html?_=1602207633392 HTTP/1.1" 200 22
180.162.245.190 - - [09/Oct/2020:09:40:38 +0800] "GET /xingrg/all/function/internal_message.html?_=1602207636220&CODE_STATE=getMsg HTTP/1.1" 200 27
180.174.56.115 - - [09/Oct/2020:09:40:39 +0800] "GET /xingrg/kc/buy/cgsh_order_operate.html?command=get_materiel&rest_code=00151&code=00101008114&supplier_code=00100007&order_time=2020-10-09 HTTP/1.1" 200 412
218.81.217.115 - - [09/Oct/2020:09:40:41 +0800] "GET /xingrg/all/function/internal_message.html?_=1602207658462&CODE_STATE=getMsg HTTP/1.1" 200 27
222.69.139.222 - - [09/Oct/2020:09:40:43 +0800] "GET /xingrg/kc/buy/cgsh_order_operate.html?command=get_materiel&rest_code=00149&code=00101010161&supplier_code=00100039&order_time=2020-10-09 HTTP/1.1" 200 409
180.174.56.115 - - [09/Oct/2020:09:40:47 +0800] "GET /xingrg/kc/buy/cgsh_order_operate.html?command=get_materiel&rest_code=00151&code=00101008144&supplier_code=00100007&order_time=2020-10-09 HTTP/1.1" 200 412
114.88.166.242 - - [09/Oct/2020:09:40:52 +0800] "GET /xingrg/all/function/internal_message.html?_=1602207731356&CODE_STATE=getMsg HTTP/1.1" 200 27
58.37.8.227 - - [09/Oct/2020:09:40:53 +0800] "GET /xingrg/all/function/internal_message.html?_=1602207662016&CODE_STATE=getMsg HTTP/1.1" 200 27
124.77.70.31 - - [09/Oct/2020:09:40:55 +0800] "GET /xingrg/all/function/internal_message.html?_=1602207650590&CODE_STATE=getMsg HTTP/1.1" 200 27
58.40.7.146 - - [09/Oct/2020:09:40:56 +0800] "GET /xingrg/all/function/internal_message.html?_=1602207652445&CODE_STATE=getMsg HTTP/1.1" 200 27
58.40.7.146 - - [09/Oct/2020:09:40:57 +0800] "GET /xingrg/all/function/internal_message.html?_=1602207652908&CODE_STATE=getMsg HTTP/1.1" 200 27
172.17.200.101 - - [09/Oct/2020:09:41:00 +0800] "GET /xingrg/all/function/internal_message.html?_=1602207657858&CODE_STATE=getMsg HTTP/1.1" 200 27
180.174.56.115 - - [09/Oct/2020:09:41:01 +0800] "GET /xingrg/all/function/internal_message.html?_=1602207656946&CODE_STATE=getMsg HTTP/1.1" 200 27
172.17.0.240 - - [09/Oct/2020:09:41:01 +0800] "GET /xingrg/all/function/internal_message.html?_=1602207655723&CODE_STATE=getMsg HTTP/1.1" 200 27
172.17.0.123 - - [09/Oct/2020:09:41:03 +0800] "GET /xingrg/all/function/internal_message.html?_=1602207637726&CODE_STATE=getMsg HTTP/1.1" 200 27
101.85.228.253 - - [09/Oct/2020:09:41:05 +0800] "GET /xingrg/all/function/internal_message.html?_=1602207877463&CODE_STATE=getMsg HTTP/1.1" 200 27
172.17.0.115 - - [09/Oct/2020:09:41:06 +0800] "GET /xingrg/all/function/internal_message.html?_=1602207677381&CODE_STATE=getMsg HTTP/1.1" 200 27
180.174.56.115 - - [09/Oct/2020:09:41:13 +0800] "GET /xingrg/kc/buy/cgsh_order_operate.html?command=get_materiel&rest_code=00151&code=00101008126&supplier_code=00100007&order_time=2020-10-09 HTTP/1.1" 200 412
180.174.56.115 - - [09/Oct/2020:09:41:16 +0800] "POST /xingrg/kc/buy/cgsh_order_operate.html HTTP/1.1" 200 2065
114.86.230.151 - - [09/Oct/2020:09:41:17 +0800] "GET /xingrg/all/function/internal_message.html?_=1602207806515&CODE_STATE=getMsg HTTP/1.1" 200 27
180.174.56.115 - - [09/Oct/2020:09:41:20 +0800] "GET /xingrg/kc/buy/cgsh_order_operate.html?command=get_materiel&rest_code=00151&code=00101008207&supplier_code=00100007&order_time=2020-10-09 HTTP/1.1" 200 408
222.69.139.222 - - [09/Oct/2020:09:41:21 +0800] "GET /xingrg/all/function/internal_message.html?_=1602207671560&CODE_STATE=getMsg HTTP/1.1" 200 27
180.174.56.115 - - [09/Oct/2020:09:41:23 +0800] "GET /xingrg/all/function/internal_message.html?_=1602207653988&CODE_STATE=getMsg HTTP/1.1" 200 27
114.88.166.242 - - [09/Oct/2020:09:41:24 +0800] "GET /xingrg/check_reg.html?_=1602207670355 HTTP/1.1" 302 -
180.174.56.115 - - [09/Oct/2020:09:41:25 +0800] "GET /xingrg/kc/buy/cgsh_order_operate.html?command=get_materiel&rest_code=00151&code=00101015038&supplier_code=00100007&order_time=2020-10-09 HTTP/1.1" 200 419
172.17.0.115 - - [09/Oct/2020:09:41:31 +0800] "GET /xingrg/check_reg.html?_=1602207702905 HTTP/1.1" 200 22
124.77.70.31 - - [09/Oct/2020:09:41:34 +0800] "GET /xingrg/all/function/internal_message.html?_=1602207682244&CODE_STATE=getMsg HTTP/1.1" 200 27
172.17.0.120 - - [09/Oct/2020:09:41:38 +0800] "GET /xingrg/all/function/internal_message.html?_=1602207693393&CODE_STATE=getMsg HTTP/1.1" 200 27
180.162.245.190 - - [09/Oct/2020:09:41:38 +0800] "GET /xingrg/all/function/internal_message.html?_=1602207696221&CODE_STATE=getMsg HTTP/1.1" 200 27
218.81.217.115 - - [09/Oct/2020:09:41:41 +0800] "GET /xingrg/all/function/internal_message.html?_=1602207718973&CODE_STATE=getMsg HTTP/1.1" 200 27
114.88.166.242 - - [09/Oct/2020:09:41:52 +0800] "GET /xingrg/all/function/internal_message.html?_=1602207791336&CODE_STATE=getMsg HTTP/1.1" 200 27
58.37.8.227 - - [09/Oct/2020:09:41:53 +0800] "GET /xingrg/all/function/internal_message.html?_=1602207721993&CODE_STATE=getMsg HTTP/1.1" 200 27
124.77.70.31 - - [09/Oct/2020:09:41:55 +0800] "GET /xingrg/all/function/internal_message.html?_=1602207710592&CODE_STATE=getMsg HTTP/1.1" 200 27
58.40.7.146 - - [09/Oct/2020:09:41:56 +0800] "GET /xingrg/all/function/internal_message.html?_=1602207712417&CODE_STATE=getMsg HTTP/1.1" 200 27
58.40.7.146 - - [09/Oct/2020:09:41:57 +0800] "GET /xingrg/all/function/internal_message.html?_=1602207712910&CODE_STATE=getMsg HTTP/1.1" 200 27
222.69.139.222 - - [09/Oct/2020:09:41:59 +0800] "GET /xingrg/kc/buy/cgsh_order_operate.html?command=get_materiel&rest_code=00149&code=00101001060&supplier_code=00100039&order_time=2020-10-09 HTTP/1.1" 200 419
172.17.200.101 - - [09/Oct/2020:09:42:00 +0800] "GET /xingrg/check_reg.html?_=1602207717867 HTTP/1.1" 200 22
172.17.200.101 - - [09/Oct/2020:09:42:00 +0800] "GET /xingrg/all/function/internal_message.html?_=1602207717863&CODE_STATE=getMsg HTTP/1.1" 200 27
218.81.217.115 - - [09/Oct/2020:09:42:01 +0800] "GET /xingrg/check_reg.html?_=1602207738154 HTTP/1.1" 200 22
180.174.56.115 - - [09/Oct/2020:09:42:01 +0800] "GET /xingrg/all/function/internal_message.html?_=1602207716965&CODE_STATE=getMsg HTTP/1.1" 200 27
172.17.0.240 - - [09/Oct/2020:09:42:01 +0800] "GET /xingrg/check_reg.html?_=1602207715712 HTTP/1.1" 200 22
172.17.0.240 - - [09/Oct/2020:09:42:01 +0800] "GET /xingrg/all/function/internal_message.html?_=1602207715712&CODE_STATE=getMsg HTTP/1.1" 200 27
172.17.0.123 - - [09/Oct/2020:09:42:03 +0800] "GET /xingrg/all/function/internal_message.html?_=1602207697732&CODE_STATE=getMsg HTTP/1.1" 200 27
101.85.228.253 - - [09/Oct/2020:09:42:05 +0800] "GET /xingrg/all/function/internal_message.html?_=1602207937655&CODE_STATE=getMsg HTTP/1.1" 200 27
172.17.0.115 - - [09/Oct/2020:09:42:06 +0800] "GET /xingrg/all/function/internal_message.html?_=1602207737398&CODE_STATE=getMsg HTTP/1.1" 200 27
58.40.7.146 - - [09/Oct/2020:09:42:06 +0800] "GET /xingrg/check_reg.html?_=1602207722138 HTTP/1.1" 200 22
222.69.139.222 - - [09/Oct/2020:09:42:12 +0800] "GET /xingrg/kc/buy/cgsh_order_operate.html?command=get_materiel&rest_code=00149&code=00101003025&supplier_code=00100039&order_time=2020-10-09 HTTP/1.1" 200 430
114.86.230.151 - - [09/Oct/2020:09:42:14 +0800] "GET /xingrg/all/function/internal_message.html?_=1602207866515&CODE_STATE=getMsg HTTP/1.1" 200 27
222.69.139.222 - - [09/Oct/2020:09:42:21 +0800] "GET /xingrg/all/function/internal_message.html?_=1602207731599&CODE_STATE=getMsg HTTP/1.1" 200 27
180.174.56.115 - - [09/Oct/2020:09:42:23 +0800] "GET /xingrg/check_reg.html?_=1602207713794 HTTP/1.1" 200 22
180.174.56.115 - - [09/Oct/2020:09:42:23 +0800] "GET /xingrg/all/function/internal_message.html?_=1602207714002&CODE_STATE=getMsg HTTP/1.1" 200 27
222.69.139.222 - - [09/Oct/2020:09:42:29 +0800] "GET /xingrg/kc/buy/cgsh_order_operate.html?command=get_materiel&rest_code=00149&code=00101001010&supplier_code=00100039&order_time=2020-10-09 HTTP/1.1" 200 409
124.77.70.31 - - [09/Oct/2020:09:42:34 +0800] "GET /xingrg/all/function/internal_message.html?_=1602207742247&CODE_STATE=getMsg HTTP/1.1" 200 27
172.17.0.120 - - [09/Oct/2020:09:42:38 +0800] "GET /xingrg/all/function/internal_message.html?_=1602207753386&CODE_STATE=getMsg HTTP/1.1" 200 27
180.162.245.190 - - [09/Oct/2020:09:42:38 +0800] "GET /xingrg/check_reg.html?_=1602207756221 HTTP/1.1" 200 22
180.162.245.190 - - [09/Oct/2020:09:42:38 +0800] "GET /xingrg/all/function/internal_message.html?_=1602207756225&CODE_STATE=getMsg HTTP/1.1" 200 27
61.129.6.174 - - [09/Oct/2020:09:42:40 +0800] "GET /xingrg/all/function/internal_message.html?_=1602207062234&CODE_STATE=getMsg HTTP/1.1" 302 -
180.174.56.115 - - [09/Oct/2020:09:42:41 +0800] "GET /xingrg/kc/buy/cgsh_order_operate.html?command=get_materiel&rest_code=00151&code=00101008318&supplier_code=00100007&order_time=2020-10-09 HTTP/1.1" 200 427
218.81.217.115 - - [09/Oct/2020:09:42:41 +0800] "GET /xingrg/all/function/internal_message.html?_=1602207778989&CODE_STATE=getMsg HTTP/1.1" 200 27
222.69.139.222 - - [09/Oct/2020:09:42:42 +0800] "POST /xingrg/kc/buy/cgsh_order_operate.html HTTP/1.1" 200 37
61.129.6.174 - - [09/Oct/2020:09:42:44 +0800] "GET /xingrg/login.html HTTP/1.1" 200 7641
222.69.139.222 - - [09/Oct/2020:09:42:44 +0800] "POST /xingrg/kc/buy/cgsh_order_operate.html HTTP/1.1" 200 12
222.69.139.222 - - [09/Oct/2020:09:42:45 +0800] "GET /xingrg/kc/buy/cgsh_order_info.html?code=212020100903757 HTTP/1.1" 200 54894
222.69.139.222 - - [09/Oct/2020:09:42:45 +0800] "GET /xingrg/words/20201009092426_words.js HTTP/1.1" 304 -
222.69.139.222 - - [09/Oct/2020:09:42:45 +0800] "GET /xingrg/javascript/easyui/themes/default/validatebox.css HTTP/1.1" 404 1104
222.69.139.222 - - [09/Oct/2020:09:42:46 +0800] "POST /xingrg/kc/buy/cgsh_order_operate.html HTTP/1.1" 200 3565
222.69.139.222 - - [09/Oct/2020:09:42:49 +0800] "GET /xingrg/kc/print/load_data.html?order_code=212020100903757&kc_code=cgsh&condition= HTTP/1.1" 200 1855
114.88.166.242 - - [09/Oct/2020:09:42:52 +0800] "GET /xingrg/all/function/internal_message.html?_=1602207851317&CODE_STATE=getMsg HTTP/1.1" 200 27
58.37.8.227 - - [09/Oct/2020:09:42:53 +0800] "GET /xingrg/all/function/internal_message.html?_=1602207781971&CODE_STATE=getMsg HTTP/1.1" 200 27
114.88.166.242 - - [09/Oct/2020:09:42:53 +0800] "GET /xingrg/check_reg.html?_=1602207852459 HTTP/1.1" 200 22
124.77.70.31 - - [09/Oct/2020:09:42:55 +0800] "GET /xingrg/all/function/internal_message.html?_=1602207770598&CODE_STATE=getMsg HTTP/1.1" 200 27
58.40.7.146 - - [09/Oct/2020:09:42:56 +0800] "GET /xingrg/all/function/internal_message.html?_=1602207772390&CODE_STATE=getMsg HTTP/1.1" 200 27
58.40.7.146 - - [09/Oct/2020:09:42:57 +0800] "GET /xingrg/all/function/internal_message.html?_=1602207772912&CODE_STATE=getMsg HTTP/1.1" 200 27
172.17.200.101 - - [09/Oct/2020:09:43:00 +0800] "GET /xingrg/all/function/internal_message.html?_=1602207777852&CODE_STATE=getMsg HTTP/1.1" 200 27
180.174.56.115 - - [09/Oct/2020:09:43:01 +0800] "GET /xingrg/all/function/internal_message.html?_=1602207776968&CODE_STATE=getMsg HTTP/1.1" 200 27
172.17.0.240 - - [09/Oct/2020:09:43:01 +0800] "GET /xingrg/all/function/internal_message.html?_=1602207775715&CODE_STATE=getMsg HTTP/1.1" 200 27
172.17.0.123 - - [09/Oct/2020:09:43:03 +0800] "GET /xingrg/all/function/internal_message.html?_=1602207757734&CODE_STATE=getMsg HTTP/1.1" 200 27
101.85.228.253 - - [09/Oct/2020:09:43:05 +0800] "GET /xingrg/all/function/internal_message.html?_=1602207997661&CODE_STATE=getMsg HTTP/1.1" 200 27
172.17.0.115 - - [09/Oct/2020:09:43:06 +0800] "GET /xingrg/all/function/internal_message.html?_=1602207797410&CODE_STATE=getMsg HTTP/1.1" 200 27
114.86.230.151 - - [09/Oct/2020:09:43:11 +0800] "GET /xingrg/all/function/internal_message.html?_=1602207926515&CODE_STATE=getMsg HTTP/1.1" 200 27
222.69.139.222 - - [09/Oct/2020:09:43:21 +0800] "GET /xingrg/all/function/internal_message.html?_=1602207791580&CODE_STATE=getMsg HTTP/1.1" 200 27
180.174.56.115 - - [09/Oct/2020:09:43:23 +0800] "GET /xingrg/all/function/internal_message.html?_=1602207774015&CODE_STATE=getMsg HTTP/1.1" 200 27
124.77.70.31 - - [09/Oct/2020:09:43:34 +0800] "GET /xingrg/all/function/internal_message.html?_=1602207802254&CODE_STATE=getMsg HTTP/1.1" 200 27
124.77.70.31 - - [09/Oct/2020:09:43:34 +0800] "GET /xingrg/check_reg.html?_=1602207802258 HTTP/1.1" 200 22
172.17.0.120 - - [09/Oct/2020:09:43:38 +0800] "GET /xingrg/all/function/internal_message.html?_=1602207813392&CODE_STATE=getMsg HTTP/1.1" 200 27
180.162.245.190 - - [09/Oct/2020:09:43:38 +0800] "GET /xingrg/all/function/internal_message.html?_=1602207816210&CODE_STATE=getMsg HTTP/1.1" 200 27
218.81.217.115 - - [09/Oct/2020:09:43:41 +0800] "GET /xingrg/all/function/internal_message.html?_=1602207839002&CODE_STATE=getMsg HTTP/1.1" 200 27
101.91.60.105 - - [09/Oct/2020:09:43:45 +0800] "GET /xingrg/all/function/internal_message.html?_=1602207122217&CODE_STATE=getMsg HTTP/1.1" 302 -
114.88.166.242 - - [09/Oct/2020:09:43:52 +0800] "GET /xingrg/check_reg.html?_=1602207825124 HTTP/1.1" 200 22
114.88.166.242 - - [09/Oct/2020:09:43:52 +0800] "GET /xingrg/all/function/internal_message.html?_=1602207911294&CODE_STATE=getMsg HTTP/1.1" 200 27
101.91.60.105 - - [09/Oct/2020:09:43:52 +0800] "GET /xingrg/login.html HTTP/1.1" 200 7641
58.37.8.227 - - [09/Oct/2020:09:43:53 +0800] "GET /xingrg/all/function/internal_message.html?_=1602207841937&CODE_STATE=getMsg HTTP/1.1" 200 27
124.77.70.31 - - [09/Oct/2020:09:43:55 +0800] "GET /xingrg/all/function/internal_message.html?_=1602207830587&CODE_STATE=getMsg HTTP/1.1" 200 27
58.40.7.146 - - [09/Oct/2020:09:43:56 +0800] "GET /xingrg/all/function/internal_message.html?_=1602207832361&CODE_STATE=getMsg HTTP/1.1" 200 27
58.40.7.146 - - [09/Oct/2020:09:43:57 +0800] "GET /xingrg/all/function/internal_message.html?_=1602207832915&CODE_STATE=getMsg HTTP/1.1" 200 27
172.17.200.101 - - [09/Oct/2020:09:44:00 +0800] "GET /xingrg/all/function/internal_message.html?_=1602207837857&CODE_STATE=getMsg HTTP/1.1" 200 27
180.174.56.115 - - [09/Oct/2020:09:44:01 +0800] "GET /xingrg/all/function/internal_message.html?_=1602207837002&CODE_STATE=getMsg HTTP/1.1" 200 27
172.17.0.240 - - [09/Oct/2020:09:44:01 +0800] "GET /xingrg/all/function/internal_message.html?_=1602207835717&CODE_STATE=getMsg HTTP/1.1" 200 27
172.17.0.123 - - [09/Oct/2020:09:44:03 +0800] "GET /xingrg/check_reg.html?_=1602207817720 HTTP/1.1" 200 22
172.17.0.123 - - [09/Oct/2020:09:44:03 +0800] "GET /xingrg/all/function/internal_message.html?_=1602207817722&CODE_STATE=getMsg HTTP/1.1" 200 27
101.85.228.253 - - [09/Oct/2020:09:44:04 +0800] "GET /xingrg/check_reg.html?_=1602208056246 HTTP/1.1" 200 22
101.85.228.253 - - [09/Oct/2020:09:44:05 +0800] "GET /xingrg/all/function/internal_message.html?_=1602208057674&CODE_STATE=getMsg HTTP/1.1" 200 27
172.17.0.115 - - [09/Oct/2020:09:44:06 +0800] "GET /xingrg/all/function/internal_message.html?_=1602207857436&CODE_STATE=getMsg HTTP/1.1" 200 27
114.86.230.151 - - [09/Oct/2020:09:44:09 +0800] "GET /xingrg/all/function/internal_message.html?_=1602207986531&CODE_STATE=getMsg HTTP/1.1" 200 27
222.69.139.222 - - [09/Oct/2020:09:44:21 +0800] "GET /xingrg/check_reg.html?_=1602207851564 HTTP/1.1" 200 22
222.69.139.222 - - [09/Oct/2020:09:44:21 +0800] "GET /xingrg/all/function/internal_message.html?_=1602207851566&CODE_STATE=getMsg HTTP/1.1" 200 27
180.174.56.115 - - [09/Oct/2020:09:44:23 +0800] "GET /xingrg/all/function/internal_message.html?_=1602207834030&CODE_STATE=getMsg HTTP/1.1" 200 27
58.37.8.227 - - [09/Oct/2020:09:44:24 +0800] "GET /xingrg/kc/buy/cgsh_order_operate.html?command=get_materiel&rest_code=00141&code=00101008300&supplier_code=00100007&order_time=2020-10-09 HTTP/1.1" 200 412
58.37.8.227 - - [09/Oct/2020:09:44:31 +0800] "GET /xingrg/kc/buy/cgsh_order_operate.html?command=get_materiel&rest_code=00141&code=00101008357&supplier_code=00100007&order_time=2020-10-09 HTTP/1.1" 200 428
124.77.70.31 - - [09/Oct/2020:09:44:34 +0800] "GET /xingrg/all/function/internal_message.html?_=1602207862250&CODE_STATE=getMsg HTTP/1.1" 200 27
58.37.8.227 - - [09/Oct/2020:09:44:37 +0800] "GET /xingrg/kc/buy/cgsh_order_operate.html?command=get_materiel&rest_code=00141&code=00101008108&supplier_code=00100007&order_time=2020-10-09 HTTP/1.1" 200 412
172.17.0.120 - - [09/Oct/2020:09:44:38 +0800] "GET /xingrg/all/function/internal_message.html?_=1602207873381&CODE_STATE=getMsg HTTP/1.1" 200 27
180.162.245.190 - - [09/Oct/2020:09:44:38 +0800] "GET /xingrg/all/function/internal_message.html?_=1602207876210&CODE_STATE=getMsg HTTP/1.1" 200 27
218.81.217.115 - - [09/Oct/2020:09:44:42 +0800] "GET /xingrg/all/function/internal_message.html?_=1602207899527&CODE_STATE=getMsg HTTP/1.1" 200 27
58.40.7.146 - - [09/Oct/2020:09:44:47 +0800] "POST /xingrg/services/DataTransmitService HTTP/1.1" 200 524
114.88.166.242 - - [09/Oct/2020:09:44:52 +0800] "GET /xingrg/all/function/internal_message.html?_=1602207971266&CODE_STATE=getMsg HTTP/1.1" 200 27
58.37.8.227 - - [09/Oct/2020:09:44:53 +0800] "GET /xingrg/all/function/internal_message.html?_=1602207901909&CODE_STATE=getMsg HTTP/1.1" 200 27
124.77.70.31 - - [09/Oct/2020:09:44:55 +0800] "GET /xingrg/all/function/internal_message.html?_=1602207890588&CODE_STATE=getMsg HTTP/1.1" 200 27
124.77.70.31 - - [09/Oct/2020:09:44:55 +0800] "GET /xingrg/check_reg.html?_=1602207890591 HTTP/1.1" 200 22
58.40.7.146 - - [09/Oct/2020:09:44:56 +0800] "GET /xingrg/all/function/internal_message.html?_=1602207892332&CODE_STATE=getMsg HTTP/1.1" 200 27
58.40.7.146 - - [09/Oct/2020:09:44:57 +0800] "GET /xingrg/all/function/internal_message.html?_=1602207892919&CODE_STATE=getMsg HTTP/1.1" 200 27
58.40.7.146 - - [09/Oct/2020:09:44:57 +0800] "GET /xingrg/check_reg.html?_=1602207892920 HTTP/1.1" 200 22
172.17.200.101 - - [09/Oct/2020:09:45:00 +0800] "GET /xingrg/all/function/internal_message.html?_=1602207897860&CODE_STATE=getMsg HTTP/1.1" 200 27
180.174.56.115 - - [09/Oct/2020:09:45:01 +0800] "GET /xingrg/all/function/internal_message.html?_=1602207897069&CODE_STATE=getMsg HTTP/1.1" 200 27
180.174.56.115 - - [09/Oct/2020:09:45:01 +0800] "GET /xingrg/check_reg.html?_=1602207897044 HTTP/1.1" 200 22
172.17.0.240 - - [09/Oct/2020:09:45:01 +0800] "GET /xingrg/all/function/internal_message.html?_=1602207895719&CODE_STATE=getMsg HTTP/1.1" 200 27
172.17.0.123 - - [09/Oct/2020:09:45:03 +0800] "GET /xingrg/all/function/internal_message.html?_=1602207877722&CODE_STATE=getMsg HTTP/1.1" 200 27
61.129.6.145 - - [09/Oct/2020:09:45:03 +0800] "GET /xingrg/all/function/internal_message.html?_=1602207242185&CODE_STATE=getMsg HTTP/1.1" 302 -
101.85.228.253 - - [09/Oct/2020:09:45:05 +0800] "GET /xingrg/all/function/internal_message.html?_=1602208117689&CODE_STATE=getMsg HTTP/1.1" 200 27
114.86.230.151 - - [09/Oct/2020:09:45:06 +0800] "GET /xingrg/check_reg.html?_=1602208046375 HTTP/1.1" 200 22
114.86.230.151 - - [09/Oct/2020:09:45:06 +0800] "GET /xingrg/all/function/internal_message.html?_=1602208046562&CODE_STATE=getMsg HTTP/1.1" 200 27
172.17.0.115 - - [09/Oct/2020:09:45:06 +0800] "GET /xingrg/all/function/internal_message.html?_=1602207917438&CODE_STATE=getMsg HTTP/1.1" 200 27
61.129.6.145 - - [09/Oct/2020:09:45:07 +0800] "GET /xingrg/login.html HTTP/1.1" 200 7641
180.174.56.115 - - [09/Oct/2020:09:45:18 +0800] "POST /xingrg/kc/buy/cgsh_order_operate.html HTTP/1.1" 200 37
180.174.56.115 - - [09/Oct/2020:09:45:19 +0800] "POST /xingrg/kc/buy/cgsh_order_operate.html HTTP/1.1" 200 12
180.174.56.115 - - [09/Oct/2020:09:45:20 +0800] "GET /xingrg/kc/buy/cgsh_order_info.html?code=212020100903758 HTTP/1.1" 200 54483
180.174.56.115 - - [09/Oct/2020:09:45:20 +0800] "GET /xingrg/words/20201009092426_words.js HTTP/1.1" 304 -
180.174.56.115 - - [09/Oct/2020:09:45:21 +0800] "GET /xingrg/javascript/easyui/themes/default/validatebox.css HTTP/1.1" 404 1104
180.174.56.115 - - [09/Oct/2020:09:45:21 +0800] "POST /xingrg/kc/buy/cgsh_order_operate.html HTTP/1.1" 200 16786
222.69.139.222 - - [09/Oct/2020:09:45:21 +0800] "GET /xingrg/all/function/internal_message.html?_=1602207911564&CODE_STATE=getMsg HTTP/1.1" 200 27
180.174.56.115 - - [09/Oct/2020:09:45:23 +0800] "GET /xingrg/all/function/internal_message.html?_=1602207894042&CODE_STATE=getMsg HTTP/1.1" 200 27
58.37.8.227 - - [09/Oct/2020:09:45:24 +0800] "GET /xingrg/kc/buy/cgsh_order_operate.html?command=get_materiel&rest_code=00141&code=00101008098&supplier_code=00100007&order_time=2020-10-09 HTTP/1.1" 200 412
58.37.8.227 - - [09/Oct/2020:09:45:26 +0800] "GET /xingrg/check_reg.html?_=1602207934589 HTTP/1.1" 200 22
180.174.56.115 - - [09/Oct/2020:09:45:29 +0800] "GET /xingrg/kc/mdqp/qqps_order_list.html HTTP/1.1" 200 9222
180.174.56.115 - - [09/Oct/2020:09:45:29 +0800] "GET /xingrg/dwr/util.js HTTP/1.1" 304 -
180.174.56.115 - - [09/Oct/2020:09:45:29 +0800] "GET /xingrg/javascript/ToolTips.js HTTP/1.1" 304 -
180.174.56.115 - - [09/Oct/2020:09:45:29 +0800] "GET /xingrg/javascript/Calendar.js HTTP/1.1" 304 -
180.174.56.115 - - [09/Oct/2020:09:45:29 +0800] "GET /xingrg/dwr/interface/AjaxQqpsService.js HTTP/1.1" 200 16326
180.174.56.115 - - [09/Oct/2020:09:45:29 +0800] "GET /xingrg/dwr/interface/AjaxReportQueryService.js HTTP/1.1" 200 13203
180.174.56.115 - - [09/Oct/2020:09:45:29 +0800] "GET /xingrg/dwr/engine.js HTTP/1.1" 200 43631
58.37.8.227 - - [09/Oct/2020:09:45:31 +0800] "GET /xingrg/kc/buy/cgsh_order_operate.html?command=get_materiel&rest_code=00141&code=00101008353&supplier_code=00100007&order_time=2020-10-09 HTTP/1.1" 200 408
124.77.70.31 - - [09/Oct/2020:09:45:34 +0800] "GET /xingrg/all/function/internal_message.html?_=1602207922249&CODE_STATE=getMsg HTTP/1.1" 200 27
180.174.56.115 - - [09/Oct/2020:09:45:35 +0800] "GET /xingrg/kc/mdqp/qqps_order_add.html HTTP/1.1" 200 28002
180.174.56.115 - - [09/Oct/2020:09:45:35 +0800] "GET /xingrg/javascript/AjaxInfoList.js HTTP/1.1" 304 -
180.174.56.115 - - [09/Oct/2020:09:45:35 +0800] "GET /xingrg/javascript/Grid.js HTTP/1.1" 304 -
180.174.56.115 - - [09/Oct/2020:09:45:35 +0800] "GET /xingrg/javascript/tools/jquery.qtip-1.0.0-rc3.min.js HTTP/1.1" 304 -
180.174.56.115 - - [09/Oct/2020:09:45:35 +0800] "GET /xingrg/dwr/interface/AjaxQqpsService.js HTTP/1.1" 200 16326
180.174.56.115 - - [09/Oct/2020:09:45:35 +0800] "GET /xingrg/dwr/interface/AjaxComOrderService.js HTTP/1.1" 200 18264
180.174.56.115 - - [09/Oct/2020:09:45:35 +0800] "GET /xingrg/dwr/engine.js HTTP/1.1" 200 43631
58.37.8.227 - - [09/Oct/2020:09:45:36 +0800] "GET /xingrg/kc/buy/cgsh_order_operate.html?command=get_materiel&rest_code=00141&code=00101008213&supplier_code=00100007&order_time=2020-10-09 HTTP/1.1" 200 432
172.17.0.120 - - [09/Oct/2020:09:45:38 +0800] "GET /xingrg/all/function/internal_message.html?_=1602207933387&CODE_STATE=getMsg HTTP/1.1" 200 27
172.17.0.120 - - [09/Oct/2020:09:45:38 +0800] "GET /xingrg/check_reg.html?_=1602207933391 HTTP/1.1" 200 22
180.162.245.190 - - [09/Oct/2020:09:45:38 +0800] "GET /xingrg/all/function/internal_message.html?_=1602207936210&CODE_STATE=getMsg HTTP/1.1" 200 27
58.37.8.227 - - [09/Oct/2020:09:45:41 +0800] "GET /xingrg/kc/buy/cgsh_order_operate.html?command=get_materiel&rest_code=00141&code=00101008298&supplier_code=00100007&order_time=2020-10-09 HTTP/1.1" 200 431
218.81.217.115 - - [09/Oct/2020:09:45:42 +0800] "GET /xingrg/all/function/internal_message.html?_=1602207959529&CODE_STATE=getMsg HTTP/1.1" 200 27
58.37.8.227 - - [09/Oct/2020:09:45:47 +0800] "GET /xingrg/kc/buy/cgsh_order_operate.html?command=get_materiel&rest_code=00141&code=00101008219&supplier_code=00100007&order_time=2020-10-09 HTTP/1.1" 200 412
114.88.166.242 - - [09/Oct/2020:09:45:52 +0800] "GET /xingrg/all/function/internal_message.html?_=1602208031247&CODE_STATE=getMsg HTTP/1.1" 200 27
58.37.8.227 - - [09/Oct/2020:09:45:53 +0800] "GET /xingrg/all/function/internal_message.html?_=1602207961883&CODE_STATE=getMsg HTTP/1.1" 200 27
58.37.8.227 - - [09/Oct/2020:09:45:54 +0800] "GET /xingrg/kc/buy/cgsh_order_operate.html?command=get_materiel&rest_code=00141&code=00101008306&supplier_code=00100007&order_time=2020-10-09 HTTP/1.1" 200 412
61.151.207.205 - - [09/Oct/2020:09:45:54 +0800] "GET /xingrg/kc/print/load_config.html?kc_code=cgsh HTTP/1.1" 302 -
124.77.70.31 - - [09/Oct/2020:09:45:55 +0800] "GET /xingrg/all/function/internal_message.html?_=1602207950597&CODE_STATE=getMsg HTTP/1.1" 200 27
61.151.207.205 - - [09/Oct/2020:09:45:56 +0800] "GET /xingrg/login.html HTTP/1.1" 200 7641
58.40.7.146 - - [09/Oct/2020:09:45:56 +0800] "GET /xingrg/all/function/internal_message.html?_=1602207952302&CODE_STATE=getMsg HTTP/1.1" 200 27
58.40.7.146 - - [09/Oct/2020:09:45:57 +0800] "GET /xingrg/all/function/internal_message.html?_=1602207952920&CODE_STATE=getMsg HTTP/1.1" 200 27
58.37.8.227 - - [09/Oct/2020:09:45:59 +0800] "GET /xingrg/kc/buy/cgsh_order_operate.html?command=get_materiel&rest_code=00141&code=00101008304&supplier_code=00100007&order_time=2020-10-09 HTTP/1.1" 200 412
172.17.200.101 - - [09/Oct/2020:09:46:00 +0800] "GET /xingrg/all/function/internal_message.html?_=1602207957858&CODE_STATE=getMsg HTTP/1.1" 200 27
180.174.56.115 - - [09/Oct/2020:09:46:01 +0800] "GET /xingrg/all/function/internal_message.html?_=1602207957116&CODE_STATE=getMsg HTTP/1.1" 200 27
172.17.0.240 - - [09/Oct/2020:09:46:01 +0800] "GET /xingrg/all/function/internal_message.html?_=1602207955721&CODE_STATE=getMsg HTTP/1.1" 200 27
172.17.0.123 - - [09/Oct/2020:09:46:03 +0800] "GET /xingrg/all/function/internal_message.html?_=1602207937728&CODE_STATE=getMsg HTTP/1.1" 200 27
114.86.230.151 - - [09/Oct/2020:09:46:03 +0800] "GET /xingrg/all/function/internal_message.html?_=1602208106562&CODE_STATE=getMsg HTTP/1.1" 200 27
101.85.228.253 - - [09/Oct/2020:09:46:05 +0800] "GET /xingrg/all/function/internal_message.html?_=1602208177703&CODE_STATE=getMsg HTTP/1.1" 200 27
172.17.0.115 - - [09/Oct/2020:09:46:06 +0800] "GET /xingrg/all/function/internal_message.html?_=1602207977466&CODE_STATE=getMsg HTTP/1.1" 200 27
58.37.8.227 - - [09/Oct/2020:09:46:07 +0800] "GET /xingrg/kc/buy/cgsh_order_operate.html?command=get_materiel&rest_code=00141&code=00101008337&supplier_code=00100007&order_time=2020-10-09 HTTP/1.1" 200 408
58.37.8.227 - - [09/Oct/2020:09:46:14 +0800] "GET /xingrg/kc/buy/cgsh_order_operate.html?command=get_materiel&rest_code=00141&code=00101008331&supplier_code=00100007&order_time=2020-10-09 HTTP/1.1" 200 416
222.69.139.222 - - [09/Oct/2020:09:46:21 +0800] "GET /xingrg/all/function/internal_message.html?_=1602207971568&CODE_STATE=getMsg HTTP/1.1" 200 27
58.37.8.227 - - [09/Oct/2020:09:46:22 +0800] "GET /xingrg/kc/buy/cgsh_order_operate.html?command=get_materiel&rest_code=00141&code=00101008349&supplier_code=00100007&order_time=2020-10-09 HTTP/1.1" 200 412
180.174.56.115 - - [09/Oct/2020:09:46:23 +0800] "GET /xingrg/all/function/internal_message.html?_=1602207954056&CODE_STATE=getMsg HTTP/1.1" 200 27
114.88.166.242 - - [09/Oct/2020:09:46:24 +0800] "GET /xingrg/check_reg.html?_=1602207970332 HTTP/1.1" 302 -
172.17.0.115 - - [09/Oct/2020:09:46:31 +0800] "GET /xingrg/check_reg.html?_=1602208002911 HTTP/1.1" 200 22
124.77.70.31 - - [09/Oct/2020:09:46:34 +0800] "GET /xingrg/all/function/internal_message.html?_=1602207982246&CODE_STATE=getMsg HTTP/1.1" 200 27
172.17.0.120 - - [09/Oct/2020:09:46:38 +0800] "GET /xingrg/all/function/internal_message.html?_=1602207993379&CODE_STATE=getMsg HTTP/1.1" 200 27
180.162.245.190 - - [09/Oct/2020:09:46:38 +0800] "GET /xingrg/all/function/internal_message.html?_=1602207996210&CODE_STATE=getMsg HTTP/1.1" 200 27
218.81.217.115 - - [09/Oct/2020:09:46:42 +0800] "GET /xingrg/all/function/internal_message.html?_=1602208020060&CODE_STATE=getMsg HTTP/1.1" 200 27
114.88.166.242 - - [09/Oct/2020:09:46:52 +0800] "GET /xingrg/all/function/internal_message.html?_=1602208091247&CODE_STATE=getMsg HTTP/1.1" 200 27
58.37.8.227 - - [09/Oct/2020:09:46:53 +0800] "GET /xingrg/kc/buy/cgsh_order_operate.html?command=get_materiel&rest_code=00141&code=00101008110&supplier_code=00100007&order_time=2020-10-09 HTTP/1.1" 200 408
58.37.8.227 - - [09/Oct/2020:09:46:53 +0800] "GET /xingrg/all/function/internal_message.html?_=1602208021895&CODE_STATE=getMsg HTTP/1.1" 200 27
124.77.70.31 - - [09/Oct/2020:09:46:55 +0800] "GET /xingrg/all/function/internal_message.html?_=1602208010585&CODE_STATE=getMsg HTTP/1.1" 200 27
58.40.7.146 - - [09/Oct/2020:09:46:56 +0800] "GET /xingrg/all/function/internal_message.html?_=1602208012298&CODE_STATE=getMsg HTTP/1.1" 200 27
58.40.7.146 - - [09/Oct/2020:09:46:57 +0800] "GET /xingrg/all/function/internal_message.html?_=1602208012923&CODE_STATE=getMsg HTTP/1.1" 200 27
172.17.200.101 - - [09/Oct/2020:09:47:00 +0800] "GET /xingrg/all/function/internal_message.html?_=1602208017858&CODE_STATE=getMsg HTTP/1.1" 200 27
172.17.200.101 - - [09/Oct/2020:09:47:00 +0800] "GET /xingrg/check_reg.html?_=1602208017860 HTTP/1.1" 200 22
114.86.230.151 - - [09/Oct/2020:09:47:01 +0800] "GET /xingrg/all/function/internal_message.html?_=1602208166562&CODE_STATE=getMsg HTTP/1.1" 200 27
218.81.217.115 - - [09/Oct/2020:09:47:01 +0800] "GET /xingrg/check_reg.html?_=1602208038153 HTTP/1.1" 200 22
172.17.0.240 - - [09/Oct/2020:09:47:01 +0800] "GET /xingrg/check_reg.html?_=1602208015723 HTTP/1.1" 200 22
172.17.0.240 - - [09/Oct/2020:09:47:01 +0800] "GET /xingrg/all/function/internal_message.html?_=1602208015730&CODE_STATE=getMsg HTTP/1.1" 200 27
180.174.56.115 - - [09/Oct/2020:09:47:01 +0800] "GET /xingrg/all/function/internal_message.html?_=1602208017158&CODE_STATE=getMsg HTTP/1.1" 200 27
172.17.0.123 - - [09/Oct/2020:09:47:03 +0800] "GET /xingrg/all/function/internal_message.html?_=1602207997732&CODE_STATE=getMsg HTTP/1.1" 200 27
58.37.8.227 - - [09/Oct/2020:09:47:03 +0800] "GET /xingrg/kc/buy/cgsh_order_operate.html?command=get_materiel&rest_code=00141&code=00101008286&supplier_code=00100007&order_time=2020-10-09 HTTP/1.1" 200 408
101.85.228.253 - - [09/Oct/2020:09:47:05 +0800] "GET /xingrg/all/function/internal_message.html?_=1602208237893&CODE_STATE=getMsg HTTP/1.1" 200 27
172.17.0.115 - - [09/Oct/2020:09:47:06 +0800] "GET /xingrg/all/function/internal_message.html?_=1602208037480&CODE_STATE=getMsg HTTP/1.1" 200 27
58.40.7.146 - - [09/Oct/2020:09:47:06 +0800] "GET /xingrg/check_reg.html?_=1602208022143 HTTP/1.1" 200 22
58.37.8.227 - - [09/Oct/2020:09:47:09 +0800] "GET /xingrg/kc/buy/cgsh_order_operate.html?command=get_materiel&rest_code=00141&code=00101008499&supplier_code=00100007&order_time=2020-10-09 HTTP/1.1" 200 403
58.37.8.227 - - [09/Oct/2020:09:47:15 +0800] "GET /xingrg/kc/buy/cgsh_order_operate.html?command=get_materiel&rest_code=00141&code=00101015046&supplier_code=00100007&order_time=2020-10-09 HTTP/1.1" 200 413
222.69.139.222 - - [09/Oct/2020:09:47:21 +0800] "GET /xingrg/all/function/internal_message.html?_=1602208031568&CODE_STATE=getMsg HTTP/1.1" 200 27
180.174.56.115 - - [09/Oct/2020:09:47:23 +0800] "GET /xingrg/check_reg.html?_=1602208013790 HTTP/1.1" 200 22
180.174.56.115 - - [09/Oct/2020:09:47:23 +0800] "GET /xingrg/all/function/internal_message.html?_=1602208014070&CODE_STATE=getMsg HTTP/1.1" 200 27
180.174.56.115 - - [09/Oct/2020:09:47:24 +0800] "POST /xingrg/dwr/call/plaincall/AjaxQqpsService.saveOrder.dwr HTTP/1.1" 200 78
180.174.56.115 - - [09/Oct/2020:09:47:25 +0800] "GET /xingrg/javascript/auto/indicator.gif HTTP/1.1" 404 1066
180.174.56.115 - - [09/Oct/2020:09:47:27 +0800] "GET /xingrg/kc/print/load_data.html?order_code=212020100903758&kc_code=cgsh&condition= HTTP/1.1" 200 6991
180.174.56.115 - - [09/Oct/2020:09:47:27 +0800] "POST /xingrg/dwr/call/plaincall/AjaxQqpsService.getMaterielByCode.dwr HTTP/1.1" 200 3657
101.85.228.253 - - [09/Oct/2020:09:47:28 +0800] "GET /xingrg/login.html HTTP/1.1" 200 7641
101.85.228.253 - - [09/Oct/2020:09:47:28 +0800] "GET /xingrg/images/blue/jxLogo.png HTTP/1.1" 304 -
101.85.228.253 - - [09/Oct/2020:09:47:28 +0800] "GET /xingrg/images/blue/login_bg.png HTTP/1.1" 304 -
101.85.228.253 - - [09/Oct/2020:09:47:28 +0800] "GET /xingrg/images/blue/srbg.png HTTP/1.1" 304 -
101.85.228.253 - - [09/Oct/2020:09:47:28 +0800] "GET /xingrg/images/blue/hj.png HTTP/1.1" 304 -
101.85.228.253 - - [09/Oct/2020:09:47:29 +0800] "GET /favicon.ico HTTP/1.1" 404 -
58.37.8.227 - - [09/Oct/2020:09:47:29 +0800] "GET /xingrg/kc/buy/cgsh_order_operate.html?command=get_materiel&rest_code=00141&code=00101015044&supplier_code=00100007&order_time=2020-10-09 HTTP/1.1" 200 409
180.174.56.115 - - [09/Oct/2020:09:47:29 +0800] "POST /xingrg/dwr/call/plaincall/AjaxQqpsService.saveMaterielItem.dwr HTTP/1.1" 200 78
101.85.228.253 - - [09/Oct/2020:09:47:30 +0800] "POST /xingrg/login.do HTTP/1.1" 302 -
