124.77.70.31 - - [09/Oct/2020:09:59:48 +0800] "GET /xingrg/javascript/easyui/themes/default/validatebox.css HTTP/1.1" 404 1104
124.77.70.31 - - [09/Oct/2020:09:59:48 +0800] "POST /xingrg/kc/buy/cgsh_order_operate.html HTTP/1.1" 200 8245
124.77.70.31 - - [09/Oct/2020:09:59:49 +0800] "GET /xingrg/javascript/easyui/themes/default/tree.css HTTP/1.1" 404 1090
124.77.70.31 - - [09/Oct/2020:09:59:49 +0800] "POST /xingrg/all/common/load_tree.html?tree=supplier_tree_json&isDelete=1 HTTP/1.1" 200 50541
114.88.166.242 - - [09/Oct/2020:09:59:52 +0800] "GET /xingrg/all/function/internal_message.html?_=1602208870927&CODE_STATE=getMsg HTTP/1.1" 200 27
58.37.8.227 - - [09/Oct/2020:09:59:53 +0800] "GET /xingrg/all/function/internal_message.html?_=1602208801575&CODE_STATE=getMsg HTTP/1.1" 200 27
124.77.70.31 - - [09/Oct/2020:09:59:55 +0800] "GET /xingrg/all/function/internal_message.html?_=1602208790586&CODE_STATE=getMsg HTTP/1.1" 200 27
124.77.70.31 - - [09/Oct/2020:09:59:55 +0800] "GET /xingrg/check_reg.html?_=1602208790587 HTTP/1.1" 200 22
58.40.7.146 - - [09/Oct/2020:09:59:56 +0800] "GET /xingrg/all/function/internal_message.html?_=1602208791952&CODE_STATE=getMsg HTTP/1.1" 200 27
58.40.7.146 - - [09/Oct/2020:09:59:57 +0800] "GET /xingrg/check_reg.html?_=1602208792928 HTTP/1.1" 200 22
58.40.7.146 - - [09/Oct/2020:09:59:57 +0800] "GET /xingrg/all/function/internal_message.html?_=1602208792929&CODE_STATE=getMsg HTTP/1.1" 200 27
172.17.200.101 - - [09/Oct/2020:10:00:00 +0800] "GET /xingrg/all/function/internal_message.html?_=1602208797880&CODE_STATE=getMsg HTTP/1.1" 200 27
172.17.0.240 - - [09/Oct/2020:10:00:01 +0800] "GET /xingrg/all/function/internal_message.html?_=1602208795719&CODE_STATE=getMsg HTTP/1.1" 200 27
101.89.19.149 - - [09/Oct/2020:10:00:01 +0800] "GET /xingrg/kc/buy/cgsh_order_operate.html?command=get_materiel&rest_code=00141&code=00101008041&supplier_code=00100007&order_time=2020-10-09 HTTP/1.1" 302 -
222.69.130.159 - - [09/Oct/2020:10:00:02 +0800] "POST /xingrg/kc/base/wldb_list_operate.html HTTP/1.1" 200 446
222.69.130.159 - - [09/Oct/2020:10:00:02 +0800] "GET /xingrg/kc/base/wldb_order_info.html?code=422020100901095 HTTP/1.1" 200 30509
222.69.130.159 - - [09/Oct/2020:10:00:03 +0800] "GET /xingrg/words/20201009092426_words.js HTTP/1.1" 304 -
172.17.0.123 - - [09/Oct/2020:10:00:03 +0800] "GET /xingrg/all/function/internal_message.html?_=1602208777724&CODE_STATE=getMsg HTTP/1.1" 200 27
222.69.130.159 - - [09/Oct/2020:10:00:03 +0800] "GET /xingrg/javascript/easyui/themes/default/validatebox.css HTTP/1.1" 404 1104
222.69.130.159 - - [09/Oct/2020:10:00:03 +0800] "POST /xingrg/kc/base/wldb_order_operate.html HTTP/1.1" 200 3634
101.85.228.253 - - [09/Oct/2020:10:00:06 +0800] "GET /xingrg/all/function/internal_message.html?_=1602209018438&CODE_STATE=getMsg HTTP/1.1" 200 27
172.17.0.115 - - [09/Oct/2020:10:00:06 +0800] "GET /xingrg/all/function/internal_message.html?_=1602208817688&CODE_STATE=getMsg HTTP/1.1" 200 27
101.89.19.149 - - [09/Oct/2020:10:00:09 +0800] "GET /xingrg/login.html HTTP/1.1" 200 7641
180.174.56.115 - - [09/Oct/2020:10:00:10 +0800] "POST /xingrg/kc/base/wldb_order_operate.html HTTP/1.1" 200 37
180.174.56.115 - - [09/Oct/2020:10:00:11 +0800] "POST /xingrg/kc/base/wldb_order_operate.html HTTP/1.1" 200 2195
124.77.70.31 - - [09/Oct/2020:10:00:12 +0800] "GET /xingrg/kc/buy/cgsh_order_operate.html?command=get_materiel&rest_code=00107&code=00101001044&supplier_code=00100319&order_time=2020-10-09 HTTP/1.1" 200 411
180.174.56.115 - - [09/Oct/2020:10:00:12 +0800] "GET /xingrg/kc/base/wldb_order_info.html?code=422020100901096 HTTP/1.1" 200 30509
180.174.56.115 - - [09/Oct/2020:10:00:13 +0800] "GET /xingrg/javascript/easyui/themes/default/validatebox.css HTTP/1.1" 404 1104
180.174.56.115 - - [09/Oct/2020:10:00:13 +0800] "POST /xingrg/kc/base/wldb_order_operate.html HTTP/1.1" 200 2195
180.174.56.115 - - [09/Oct/2020:10:00:16 +0800] "POST /xingrg/kc/base/wldb_order_operate.html HTTP/1.1" 200 37
180.174.56.115 - - [09/Oct/2020:10:00:17 +0800] "POST /xingrg/kc/base/wldb_order_operate.html HTTP/1.1" 200 12
180.174.56.115 - - [09/Oct/2020:10:00:17 +0800] "POST /xingrg/kc/base/wldb_order_operate.html HTTP/1.1" 200 2195
180.174.56.115 - - [09/Oct/2020:10:00:18 +0800] "GET /xingrg/kc/base/wldb_order_info.html?code=422020100901096 HTTP/1.1" 200 26373
180.174.56.115 - - [09/Oct/2020:10:00:18 +0800] "GET /xingrg/javascript/easyui/themes/default/validatebox.css HTTP/1.1" 404 1104
180.174.56.115 - - [09/Oct/2020:10:00:18 +0800] "POST /xingrg/kc/base/wldb_order_operate.html HTTP/1.1" 200 489
222.69.139.222 - - [09/Oct/2020:10:00:21 +0800] "GET /xingrg/all/function/internal_message.html?_=1602208811588&CODE_STATE=getMsg HTTP/1.1" 200 27
114.86.230.151 - - [09/Oct/2020:10:00:22 +0800] "GET /xingrg/all/function/internal_message.html?_=1602208854609&CODE_STATE=getMsg HTTP/1.1" 200 27
180.174.56.115 - - [09/Oct/2020:10:00:25 +0800] "GET /xingrg/all/function/internal_message.html?_=1602208795884&CODE_STATE=getMsg HTTP/1.1" 200 27
58.37.8.227 - - [09/Oct/2020:10:00:26 +0800] "GET /xingrg/check_reg.html?_=1602208834624 HTTP/1.1" 200 22
124.77.70.31 - - [09/Oct/2020:10:00:26 +0800] "GET /xingrg/kc/buy/cgsh_order_operate.html?command=get_materiel&rest_code=00107&code=00101001125&supplier_code=00100319&order_time=2020-10-09 HTTP/1.1" 200 413
180.174.56.115 - - [09/Oct/2020:10:00:26 +0800] "GET /xingrg/kc/base/wldb_order_add.html HTTP/1.1" 200 30496
180.174.56.115 - - [09/Oct/2020:10:00:27 +0800] "POST /xingrg/kc/base/wldb_order_operate.html HTTP/1.1" 200 6806
180.174.56.115 - - [09/Oct/2020:10:00:27 +0800] "GET /xingrg/javascript/easyui/themes/default/validatebox.css HTTP/1.1" 404 1104
222.69.130.159 - - [09/Oct/2020:10:00:34 +0800] "GET /xingrg/all/function/internal_message.html?_=1602208832959&CODE_STATE=getMsg HTTP/1.1" 200 27
124.77.70.31 - - [09/Oct/2020:10:00:35 +0800] "GET /xingrg/all/function/internal_message.html?_=1602208822989&CODE_STATE=getMsg HTTP/1.1" 200 27
180.174.56.115 - - [09/Oct/2020:10:00:38 +0800] "POST /xingrg/dwr/call/plaincall/AjaxQqpsService.saveOrder.dwr HTTP/1.1" 200 78
172.17.0.120 - - [09/Oct/2020:10:00:38 +0800] "GET /xingrg/all/function/internal_message.html?_=1602208833379&CODE_STATE=getMsg HTTP/1.1" 200 27
172.17.0.120 - - [09/Oct/2020:10:00:38 +0800] "GET /xingrg/check_reg.html?_=1602208833384 HTTP/1.1" 200 22
180.162.245.190 - - [09/Oct/2020:10:00:38 +0800] "GET /xingrg/all/function/internal_message.html?_=1602208836244&CODE_STATE=getMsg HTTP/1.1" 200 27
180.174.56.115 - - [09/Oct/2020:10:00:39 +0800] "GET /xingrg/javascript/auto/indicator.gif HTTP/1.1" 404 1066
180.162.245.190 - - [09/Oct/2020:10:00:41 +0800] "GET /xingrg/kc/buy/cgsh_order_add.html HTTP/1.1" 200 59985
180.162.245.190 - - [09/Oct/2020:10:00:41 +0800] "GET /xingrg/words/20201009092426_words.js HTTP/1.1" 200 768157
180.162.245.190 - - [09/Oct/2020:10:00:42 +0800] "GET /xingrg/javascript/easyui/themes/default/validatebox.css HTTP/1.1" 404 1104
180.162.245.190 - - [09/Oct/2020:10:00:42 +0800] "POST /xingrg/kc/buy/cgsh_order_operate.html HTTP/1.1" 200 8245
124.77.70.31 - - [09/Oct/2020:10:00:42 +0800] "POST /xingrg/kc/buy/cgsh_order_operate.html HTTP/1.1" 200 37
218.81.217.115 - - [09/Oct/2020:10:00:45 +0800] "GET /xingrg/all/function/internal_message.html?_=1602208862852&CODE_STATE=getMsg HTTP/1.1" 200 27
180.174.56.115 - - [09/Oct/2020:10:00:45 +0800] "GET /xingrg/all/function/internal_message.html?_=1602208841519&CODE_STATE=getMsg HTTP/1.1" 200 27
58.37.8.227 - - [09/Oct/2020:10:00:46 +0800] "POST /xingrg/kc/buy/cgsh_order_operate.html HTTP/1.1" 200 37
124.77.70.31 - - [09/Oct/2020:10:00:46 +0800] "POST /xingrg/kc/buy/cgsh_order_operate.html HTTP/1.1" 200 3255
124.77.70.31 - - [09/Oct/2020:10:00:47 +0800] "GET /xingrg/kc/print/load_data.html?order_code=212020100903768&kc_code=cgsh&condition= HTTP/1.1" 200 903
58.37.8.227 - - [09/Oct/2020:10:00:47 +0800] "POST /xingrg/kc/buy/cgsh_order_operate.html HTTP/1.1" 200 13261
180.174.56.115 - - [09/Oct/2020:10:00:51 +0800] "POST /xingrg/dwr/call/plaincall/AjaxQqpsService.getMaterielByCode.dwr HTTP/1.1" 200 2264
114.88.166.242 - - [09/Oct/2020:10:00:52 +0800] "GET /xingrg/all/function/internal_message.html?_=1602208930906&CODE_STATE=getMsg HTTP/1.1" 200 27
124.77.70.31 - - [09/Oct/2020:10:00:52 +0800] "GET /xingrg/kc/buy/cgsh_order_add.html HTTP/1.1" 200 60026
58.37.8.227 - - [09/Oct/2020:10:00:53 +0800] "GET /xingrg/all/function/internal_message.html?_=1602208861582&CODE_STATE=getMsg HTTP/1.1" 200 27
124.77.70.31 - - [09/Oct/2020:10:00:53 +0800] "GET /xingrg/javascript/easyui/themes/default/validatebox.css HTTP/1.1" 404 1104
124.77.70.31 - - [09/Oct/2020:10:00:53 +0800] "POST /xingrg/kc/buy/cgsh_order_operate.html HTTP/1.1" 200 8245
180.162.245.190 - - [09/Oct/2020:10:00:53 +0800] "GET /xingrg/kc/buy/cgsh_order_operate.html?command=get_materiel&rest_code=00105&code=00101002002&supplier_code=00100087&order_time=2020-10-09 HTTP/1.1" 200 418
124.77.70.31 - - [09/Oct/2020:10:00:54 +0800] "GET /xingrg/javascript/easyui/themes/default/tree.css HTTP/1.1" 404 1090
124.77.70.31 - - [09/Oct/2020:10:00:54 +0800] "POST /xingrg/all/common/load_tree.html?tree=supplier_tree_json&isDelete=1 HTTP/1.1" 200 50541
124.77.70.31 - - [09/Oct/2020:10:00:55 +0800] "GET /xingrg/all/function/internal_message.html?_=1602208850588&CODE_STATE=getMsg HTTP/1.1" 200 27
58.40.7.146 - - [09/Oct/2020:10:00:56 +0800] "GET /xingrg/all/function/internal_message.html?_=1602208851922&CODE_STATE=getMsg HTTP/1.1" 200 27
58.40.7.146 - - [09/Oct/2020:10:00:57 +0800] "GET /xingrg/all/function/internal_message.html?_=1602208852917&CODE_STATE=getMsg HTTP/1.1" 200 27
180.174.56.115 - - [09/Oct/2020:10:00:57 +0800] "POST /xingrg/kc/base/wldb_order_operate.html HTTP/1.1" 200 37
180.174.56.115 - - [09/Oct/2020:10:00:59 +0800] "POST /xingrg/kc/base/wldb_order_operate.html HTTP/1.1" 200 12
180.174.56.115 - - [09/Oct/2020:10:00:59 +0800] "POST /xingrg/kc/base/wldb_order_operate.html HTTP/1.1" 200 2195
172.17.200.101 - - [09/Oct/2020:10:01:00 +0800] "GET /xingrg/all/function/internal_message.html?_=1602208857882&CODE_STATE=getMsg HTTP/1.1" 200 27
180.174.56.115 - - [09/Oct/2020:10:01:00 +0800] "GET /xingrg/kc/base/wldb_order_info.html?code=422020100901097 HTTP/1.1" 200 26371
180.174.56.115 - - [09/Oct/2020:10:01:00 +0800] "GET /xingrg/javascript/easyui/themes/default/validatebox.css HTTP/1.1" 404 1104
180.174.56.115 - - [09/Oct/2020:10:01:00 +0800] "POST /xingrg/kc/base/wldb_order_operate.html HTTP/1.1" 200 489
172.17.0.240 - - [09/Oct/2020:10:01:01 +0800] "GET /xingrg/all/function/internal_message.html?_=1602208855721&CODE_STATE=getMsg HTTP/1.1" 200 27
117.131.5.26 - - [09/Oct/2020:10:01:01 +0800] "POST /xingrg/services/DataTransmitService HTTP/1.1" 200 524
180.174.56.115 - - [09/Oct/2020:10:01:02 +0800] "POST /xingrg/dwr/call/plaincall/AjaxQqpsService.removeMaterielItem.dwr HTTP/1.1" 200 78
172.17.0.123 - - [09/Oct/2020:10:01:03 +0800] "GET /xingrg/all/function/internal_message.html?_=1602208837726&CODE_STATE=getMsg HTTP/1.1" 200 27
180.174.56.115 - - [09/Oct/2020:10:01:05 +0800] "GET /xingrg/kc/base/wldb_order_add.html HTTP/1.1" 200 30496
180.174.56.115 - - [09/Oct/2020:10:01:06 +0800] "POST /xingrg/kc/base/wldb_order_operate.html HTTP/1.1" 200 6806
101.85.228.253 - - [09/Oct/2020:10:01:06 +0800] "GET /xingrg/all/function/internal_message.html?_=1602209078452&CODE_STATE=getMsg HTTP/1.1" 200 27
180.174.56.115 - - [09/Oct/2020:10:01:06 +0800] "GET /xingrg/javascript/easyui/themes/default/validatebox.css HTTP/1.1" 404 1104
172.17.0.115 - - [09/Oct/2020:10:01:06 +0800] "GET /xingrg/all/function/internal_message.html?_=1602208877721&CODE_STATE=getMsg HTTP/1.1" 200 27
222.69.130.159 - - [09/Oct/2020:10:01:06 +0800] "GET /xingrg/javascript/auto/indicator.gif HTTP/1.1" 404 1066
180.162.245.190 - - [09/Oct/2020:10:01:08 +0800] "POST /xingrg/kc/buy/cgsh_order_operate.html HTTP/1.1" 200 37
180.162.245.190 - - [09/Oct/2020:10:01:09 +0800] "POST /xingrg/kc/buy/cgsh_order_operate.html HTTP/1.1" 200 2668
180.174.56.115 - - [09/Oct/2020:10:01:09 +0800] "POST /xingrg/dwr/call/plaincall/AjaxQqpsService.getMaterielByCode.dwr HTTP/1.1" 200 2225
180.162.245.190 - - [09/Oct/2020:10:01:10 +0800] "GET /xingrg/kc/print/load_data.html?order_code=212020100903770&kc_code=cgsh&condition= HTTP/1.1" 200 731
180.162.245.190 - - [09/Oct/2020:10:01:14 +0800] "GET /xingrg/kc/buy/cgsh_order_add.html HTTP/1.1" 200 59985
180.162.245.190 - - [09/Oct/2020:10:01:14 +0800] "GET /xingrg/javascript/easyui/themes/default/validatebox.css HTTP/1.1" 404 1104
180.162.245.190 - - [09/Oct/2020:10:01:14 +0800] "POST /xingrg/kc/buy/cgsh_order_operate.html HTTP/1.1" 200 8245
124.77.70.31 - - [09/Oct/2020:10:01:16 +0800] "GET /xingrg/kc/buy/cgsh_order_operate.html?command=get_materiel&rest_code=00107&code=00101010530&supplier_code=00100327&order_time=2020-10-09 HTTP/1.1" 200 395
180.174.56.115 - - [09/Oct/2020:10:01:16 +0800] "POST /xingrg/dwr/call/plaincall/AjaxQqpsService.saveMaterielItem.dwr HTTP/1.1" 200 78
114.86.230.151 - - [09/Oct/2020:10:01:18 +0800] "GET /xingrg/all/function/internal_message.html?_=1602208914625&CODE_STATE=getMsg HTTP/1.1" 200 27
222.69.139.222 - - [09/Oct/2020:10:01:21 +0800] "GET /xingrg/all/function/internal_message.html?_=1602208871580&CODE_STATE=getMsg HTTP/1.1" 200 27
180.174.56.115 - - [09/Oct/2020:10:01:21 +0800] "GET /xingrg/kc/base/wldb_order_operate.html?command=get_materiel&rest_code=00150&base_code=0010446&code=00102002610 HTTP/1.1" 200 430
114.88.166.242 - - [09/Oct/2020:10:01:24 +0800] "GET /xingrg/check_reg.html?_=1602208870255 HTTP/1.1" 302 -
180.174.56.115 - - [09/Oct/2020:10:01:25 +0800] "GET /xingrg/all/function/internal_message.html?_=1602208855897&CODE_STATE=getMsg HTTP/1.1" 200 27
180.174.56.115 - - [09/Oct/2020:10:01:26 +0800] "POST /xingrg/kc/base/wldb_order_operate.html HTTP/1.1" 200 37
124.77.70.31 - - [09/Oct/2020:10:01:26 +0800] "POST /xingrg/kc/buy/cgsh_order_operate.html HTTP/1.1" 200 37
180.162.245.190 - - [09/Oct/2020:10:01:26 +0800] "GET /xingrg/kc/buy/cgsh_order_operate.html?command=get_materiel&rest_code=00105&code=00101002009&supplier_code=00100088&order_time=2020-10-09 HTTP/1.1" 200 415
180.174.56.115 - - [09/Oct/2020:10:01:27 +0800] "POST /xingrg/kc/base/wldb_order_operate.html HTTP/1.1" 200 12
180.174.56.115 - - [09/Oct/2020:10:01:27 +0800] "POST /xingrg/kc/base/wldb_order_operate.html HTTP/1.1" 200 2191
124.77.70.31 - - [09/Oct/2020:10:01:27 +0800] "POST /xingrg/kc/buy/cgsh_order_operate.html HTTP/1.1" 200 2654
180.174.56.115 - - [09/Oct/2020:10:01:28 +0800] "GET /xingrg/kc/base/wldb_order_info.html?code=422020100901098 HTTP/1.1" 200 26373
180.174.56.115 - - [09/Oct/2020:10:01:28 +0800] "GET /xingrg/words/20201009092426_words.js HTTP/1.1" 304 -
180.174.56.115 - - [09/Oct/2020:10:01:28 +0800] "GET /xingrg/javascript/easyui/themes/default/validatebox.css HTTP/1.1" 404 1104
180.174.56.115 - - [09/Oct/2020:10:01:28 +0800] "POST /xingrg/kc/base/wldb_order_operate.html HTTP/1.1" 200 485
124.77.70.31 - - [09/Oct/2020:10:01:30 +0800] "GET /xingrg/kc/print/load_data.html?order_code=212020100903771&kc_code=cgsh&condition= HTTP/1.1" 200 664
172.17.0.115 - - [09/Oct/2020:10:01:31 +0800] "GET /xingrg/check_reg.html?_=1602208902927 HTTP/1.1" 200 22
222.69.130.159 - - [09/Oct/2020:10:01:34 +0800] "GET /xingrg/all/function/internal_message.html?_=1602208892958&CODE_STATE=getMsg HTTP/1.1" 200 27
124.77.70.31 - - [09/Oct/2020:10:01:34 +0800] "GET /xingrg/kc/buy/cgsh_order_add.html HTTP/1.1" 200 60026
180.174.56.115 - - [09/Oct/2020:10:01:35 +0800] "GET /xingrg/kc/base/wldb_order_add.html HTTP/1.1" 200 30496
124.77.70.31 - - [09/Oct/2020:10:01:35 +0800] "GET /xingrg/all/function/internal_message.html?_=1602208883185&CODE_STATE=getMsg HTTP/1.1" 200 27
124.77.70.31 - - [09/Oct/2020:10:01:35 +0800] "GET /xingrg/javascript/easyui/themes/default/validatebox.css HTTP/1.1" 404 1104
124.77.70.31 - - [09/Oct/2020:10:01:35 +0800] "POST /xingrg/kc/buy/cgsh_order_operate.html HTTP/1.1" 200 8245
180.174.56.115 - - [09/Oct/2020:10:01:35 +0800] "POST /xingrg/kc/base/wldb_order_operate.html HTTP/1.1" 200 6806
180.174.56.115 - - [09/Oct/2020:10:01:35 +0800] "GET /xingrg/javascript/easyui/themes/default/validatebox.css HTTP/1.1" 404 1104
180.174.56.115 - - [09/Oct/2020:10:01:36 +0800] "POST /xingrg/dwr/call/plaincall/AjaxQqpsService.getMaterielByCode.dwr HTTP/1.1" 200 2239
124.77.70.31 - - [09/Oct/2020:10:01:36 +0800] "GET /xingrg/javascript/easyui/themes/default/tree.css HTTP/1.1" 404 1090
124.77.70.31 - - [09/Oct/2020:10:01:36 +0800] "POST /xingrg/all/common/load_tree.html?tree=supplier_tree_json&isDelete=1 HTTP/1.1" 200 50541
172.17.0.120 - - [09/Oct/2020:10:01:38 +0800] "GET /xingrg/all/function/internal_message.html?_=1602208893387&CODE_STATE=getMsg HTTP/1.1" 200 27
180.162.245.190 - - [09/Oct/2020:10:01:38 +0800] "GET /xingrg/kc/buy/cgsh_order_operate.html?command=get_materiel&rest_code=00105&code=00101002035&supplier_code=00100088&order_time=2020-10-09 HTTP/1.1" 200 414
180.162.245.190 - - [09/Oct/2020:10:01:38 +0800] "GET /xingrg/all/function/internal_message.html?_=1602208896287&CODE_STATE=getMsg HTTP/1.1" 200 27
180.174.56.115 - - [09/Oct/2020:10:01:42 +0800] "POST /xingrg/dwr/call/plaincall/AjaxQqpsService.saveMaterielItem.dwr HTTP/1.1" 200 78
180.174.56.115 - - [09/Oct/2020:10:01:45 +0800] "GET /xingrg/all/function/internal_message.html?_=1602208901564&CODE_STATE=getMsg HTTP/1.1" 200 27
180.174.56.115 - - [09/Oct/2020:10:01:45 +0800] "GET /xingrg/kc/base/wldb_order_operate.html?command=get_materiel&rest_code=00150&base_code=0010458&code=00102001118 HTTP/1.1" 200 432
218.81.217.115 - - [09/Oct/2020:10:01:46 +0800] "GET /xingrg/all/function/internal_message.html?_=1602208923411&CODE_STATE=getMsg HTTP/1.1" 200 27
180.174.56.115 - - [09/Oct/2020:10:01:49 +0800] "POST /xingrg/dwr/call/plaincall/AjaxQqpsService.getMaterielByCode.dwr HTTP/1.1" 200 2275
114.88.166.242 - - [09/Oct/2020:10:01:52 +0800] "GET /xingrg/all/function/internal_message.html?_=1602208990885&CODE_STATE=getMsg HTTP/1.1" 200 27
180.174.56.115 - - [09/Oct/2020:10:01:52 +0800] "POST /xingrg/dwr/call/plaincall/AjaxQqpsService.saveMaterielItem.dwr HTTP/1.1" 200 78
58.37.8.227 - - [09/Oct/2020:10:01:53 +0800] "GET /xingrg/all/function/internal_message.html?_=1602208921518&CODE_STATE=getMsg HTTP/1.1" 200 27
180.174.56.115 - - [09/Oct/2020:10:01:54 +0800] "GET /xingrg/kc/base/wldb_order_operate.html?command=get_materiel&rest_code=00150&base_code=0010458&code=00102002150 HTTP/1.1" 200 432
124.77.70.31 - - [09/Oct/2020:10:01:54 +0800] "GET /xingrg/kc/buy/cgsh_order_operate.html?command=get_materiel&rest_code=00107&code=00101004067&supplier_code=00100312&order_time=2020-10-09 HTTP/1.1" 200 413
124.77.70.31 - - [09/Oct/2020:10:01:55 +0800] "GET /xingrg/all/function/internal_message.html?_=1602208910591&CODE_STATE=getMsg HTTP/1.1" 200 27
58.40.7.146 - - [09/Oct/2020:10:01:56 +0800] "GET /xingrg/all/function/internal_message.html?_=1602208911911&CODE_STATE=getMsg HTTP/1.1" 200 27
180.174.56.115 - - [09/Oct/2020:10:01:57 +0800] "POST /xingrg/dwr/call/plaincall/AjaxQqpsService.getMaterielByCode.dwr HTTP/1.1" 200 2218
58.40.7.146 - - [09/Oct/2020:10:01:57 +0800] "GET /xingrg/all/function/internal_message.html?_=1602208912919&CODE_STATE=getMsg HTTP/1.1" 200 27
172.17.200.101 - - [09/Oct/2020:10:02:00 +0800] "GET /xingrg/check_reg.html?_=1602208917899 HTTP/1.1" 200 22
172.17.200.101 - - [09/Oct/2020:10:02:00 +0800] "GET /xingrg/all/function/internal_message.html?_=1602208917882&CODE_STATE=getMsg HTTP/1.1" 200 27
218.81.217.115 - - [09/Oct/2020:10:02:01 +0800] "GET /xingrg/check_reg.html?_=1602208938172 HTTP/1.1" 200 22
172.17.0.240 - - [09/Oct/2020:10:02:01 +0800] "GET /xingrg/check_reg.html?_=1602208915709 HTTP/1.1" 200 22
172.17.0.240 - - [09/Oct/2020:10:02:01 +0800] "GET /xingrg/all/function/internal_message.html?_=1602208915711&CODE_STATE=getMsg HTTP/1.1" 200 27
172.17.0.123 - - [09/Oct/2020:10:02:03 +0800] "GET /xingrg/all/function/internal_message.html?_=1602208897730&CODE_STATE=getMsg HTTP/1.1" 200 27
180.174.56.115 - - [09/Oct/2020:10:02:04 +0800] "POST /xingrg/dwr/call/plaincall/AjaxQqpsService.saveMaterielItem.dwr HTTP/1.1" 200 79
180.162.245.190 - - [09/Oct/2020:10:02:05 +0800] "POST /xingrg/kc/buy/cgsh_order_operate.html HTTP/1.1" 200 37
101.85.228.253 - - [09/Oct/2020:10:02:06 +0800] "GET /xingrg/all/function/internal_message.html?_=1602209138647&CODE_STATE=getMsg HTTP/1.1" 200 27
58.40.7.146 - - [09/Oct/2020:10:02:06 +0800] "GET /xingrg/check_reg.html?_=1602208922084 HTTP/1.1" 200 22
172.17.0.115 - - [09/Oct/2020:10:02:06 +0800] "GET /xingrg/all/function/internal_message.html?_=1602208937732&CODE_STATE=getMsg HTTP/1.1" 200 27
124.77.70.31 - - [09/Oct/2020:10:02:08 +0800] "GET /xingrg/kc/buy/cgsh_order_operate.html?command=get_materiel&rest_code=00107&code=00101004020&supplier_code=00100312&order_time=2020-10-09 HTTP/1.1" 200 409
180.162.245.190 - - [09/Oct/2020:10:02:09 +0800] "POST /xingrg/kc/buy/cgsh_order_operate.html HTTP/1.1" 200 2662
180.162.245.190 - - [09/Oct/2020:10:02:10 +0800] "GET /xingrg/kc/print/load_data.html?order_code=212020100903772&kc_code=cgsh&condition= HTTP/1.1" 200 744
180.174.56.115 - - [09/Oct/2020:10:02:11 +0800] "POST /xingrg/dwr/call/plaincall/AjaxQqpsService.getMaterielByCode.dwr HTTP/1.1" 200 2292
114.86.230.151 - - [09/Oct/2020:10:02:15 +0800] "GET /xingrg/all/function/internal_message.html?_=1602208974640&CODE_STATE=getMsg HTTP/1.1" 200 27
180.174.56.115 - - [09/Oct/2020:10:02:15 +0800] "POST /xingrg/dwr/call/plaincall/AjaxQqpsService.saveMaterielItem.dwr HTTP/1.1" 200 79
180.162.245.190 - - [09/Oct/2020:10:02:16 +0800] "GET /xingrg/kc/buy/cgsh_order_add.html HTTP/1.1" 200 59985
180.162.245.190 - - [09/Oct/2020:10:02:16 +0800] "POST /xingrg/kc/buy/cgsh_order_operate.html HTTP/1.1" 200 8245
180.162.245.190 - - [09/Oct/2020:10:02:16 +0800] "GET /xingrg/javascript/easyui/themes/default/validatebox.css HTTP/1.1" 404 1104
124.77.70.31 - - [09/Oct/2020:10:02:18 +0800] "GET /xingrg/kc/buy/cgsh_order_operate.html?command=get_materiel&rest_code=00107&code=00101004004&supplier_code=00100312&order_time=2020-10-09 HTTP/1.1" 200 413
180.174.56.115 - - [09/Oct/2020:10:02:19 +0800] "POST /xingrg/kc/base/wldb_order_operate.html HTTP/1.1" 200 37
180.174.56.115 - - [09/Oct/2020:10:02:20 +0800] "POST /xingrg/kc/base/wldb_order_operate.html HTTP/1.1" 200 12
180.174.56.115 - - [09/Oct/2020:10:02:20 +0800] "POST /xingrg/kc/base/wldb_order_operate.html HTTP/1.1" 200 2671
222.69.139.222 - - [09/Oct/2020:10:02:21 +0800] "GET /xingrg/all/function/internal_message.html?_=1602208931588&CODE_STATE=getMsg HTTP/1.1" 200 27
180.174.56.115 - - [09/Oct/2020:10:02:22 +0800] "GET /xingrg/kc/base/wldb_order_info.html?code=422020100901099 HTTP/1.1" 200 26374
180.174.56.115 - - [09/Oct/2020:10:02:22 +0800] "GET /xingrg/javascript/easyui/themes/default/validatebox.css HTTP/1.1" 404 1104
180.174.56.115 - - [09/Oct/2020:10:02:22 +0800] "POST /xingrg/kc/base/wldb_order_operate.html HTTP/1.1" 200 953
180.174.56.115 - - [09/Oct/2020:10:02:24 +0800] "POST /xingrg/dwr/call/plaincall/AjaxQqpsService.getMaterielByCode.dwr HTTP/1.1" 200 2248
180.174.56.115 - - [09/Oct/2020:10:02:25 +0800] "GET /xingrg/all/function/internal_message.html?_=1602208915912&CODE_STATE=getMsg HTTP/1.1" 200 27
180.174.56.115 - - [09/Oct/2020:10:02:27 +0800] "POST /xingrg/dwr/call/plaincall/AjaxQqpsService.saveMaterielItem.dwr HTTP/1.1" 200 79
124.77.70.31 - - [09/Oct/2020:10:02:31 +0800] "GET /xingrg/kc/buy/cgsh_order_operate.html?command=get_materiel&rest_code=00107&code=00101001096&supplier_code=00100312&order_time=2020-10-09 HTTP/1.1" 200 413
222.69.130.159 - - [09/Oct/2020:10:02:32 +0800] "GET /xingrg/kc/base/wldb_order_operate.html?command=get_materiel&rest_code=00154&base_code=0010724&code=00101019529 HTTP/1.1" 200 476
222.69.130.159 - - [09/Oct/2020:10:02:34 +0800] "GET /xingrg/all/function/internal_message.html?_=1602208952949&CODE_STATE=getMsg HTTP/1.1" 200 27
124.77.70.31 - - [09/Oct/2020:10:02:35 +0800] "GET /xingrg/all/function/internal_message.html?_=1602208943224&CODE_STATE=getMsg HTTP/1.1" 200 27
172.17.0.120 - - [09/Oct/2020:10:02:38 +0800] "GET /xingrg/all/function/internal_message.html?_=1602208953392&CODE_STATE=getMsg HTTP/1.1" 200 27
180.162.245.190 - - [09/Oct/2020:10:02:38 +0800] "GET /xingrg/check_reg.html?_=1602208956238 HTTP/1.1" 200 22
180.162.245.190 - - [09/Oct/2020:10:02:38 +0800] "GET /xingrg/all/function/internal_message.html?_=1602208956268&CODE_STATE=getMsg HTTP/1.1" 200 27
180.174.56.115 - - [09/Oct/2020:10:02:42 +0800] "POST /xingrg/dwr/call/plaincall/AjaxQqpsService.getMaterielByCode.dwr HTTP/1.1" 200 2278
124.77.70.31 - - [09/Oct/2020:10:02:43 +0800] "POST /xingrg/kc/buy/cgsh_order_operate.html HTTP/1.1" 200 37
124.77.70.31 - - [09/Oct/2020:10:02:45 +0800] "POST /xingrg/kc/buy/cgsh_order_operate.html HTTP/1.1" 200 4442
180.174.56.115 - - [09/Oct/2020:10:02:45 +0800] "GET /xingrg/all/function/internal_message.html?_=1602208961599&CODE_STATE=getMsg HTTP/1.1" 200 27
218.81.217.115 - - [09/Oct/2020:10:02:46 +0800] "GET /xingrg/all/function/internal_message.html?_=1602208983425&CODE_STATE=getMsg HTTP/1.1" 200 27
124.77.70.31 - - [09/Oct/2020:10:02:46 +0800] "GET /xingrg/kc/print/load_data.html?order_code=212020100903773&kc_code=cgsh&condition= HTTP/1.1" 200 1363
180.174.56.115 - - [09/Oct/2020:10:02:48 +0800] "POST /xingrg/dwr/call/plaincall/AjaxQqpsService.saveMaterielItem.dwr HTTP/1.1" 200 79
124.77.70.31 - - [09/Oct/2020:10:02:50 +0800] "GET /xingrg/kc/buy/cgsh_order_add.html HTTP/1.1" 200 60026
124.77.70.31 - - [09/Oct/2020:10:02:51 +0800] "GET /xingrg/words/20201009092426_words.js HTTP/1.1" 304 -
124.77.70.31 - - [09/Oct/2020:10:02:51 +0800] "GET /xingrg/javascript/easyui/themes/default/validatebox.css HTTP/1.1" 404 1104
124.77.70.31 - - [09/Oct/2020:10:02:51 +0800] "POST /xingrg/kc/buy/cgsh_order_operate.html HTTP/1.1" 200 8245
114.88.166.242 - - [09/Oct/2020:10:02:52 +0800] "GET /xingrg/all/function/internal_message.html?_=1602209050865&CODE_STATE=getMsg HTTP/1.1" 200 27
124.77.70.31 - - [09/Oct/2020:10:02:52 +0800] "GET /xingrg/javascript/easyui/themes/default/tree.css HTTP/1.1" 404 1090
124.77.70.31 - - [09/Oct/2020:10:02:52 +0800] "POST /xingrg/all/common/load_tree.html?tree=supplier_tree_json&isDelete=1 HTTP/1.1" 200 50541
58.37.8.227 - - [09/Oct/2020:10:02:53 +0800] "GET /xingrg/all/function/internal_message.html?_=1602208981494&CODE_STATE=getMsg HTTP/1.1" 200 27
114.88.166.242 - - [09/Oct/2020:10:02:53 +0800] "GET /xingrg/check_reg.html?_=1602209052473 HTTP/1.1" 200 22
124.77.70.31 - - [09/Oct/2020:10:02:55 +0800] "GET /xingrg/all/function/internal_message.html?_=1602208970592&CODE_STATE=getMsg HTTP/1.1" 200 27
58.40.7.146 - - [09/Oct/2020:10:02:56 +0800] "GET /xingrg/all/function/internal_message.html?_=1602208971882&CODE_STATE=getMsg HTTP/1.1" 200 27
58.40.7.146 - - [09/Oct/2020:10:02:57 +0800] "GET /xingrg/all/function/internal_message.html?_=1602208972921&CODE_STATE=getMsg HTTP/1.1" 200 27
172.17.200.101 - - [09/Oct/2020:10:03:00 +0800] "GET /xingrg/all/function/internal_message.html?_=1602208977885&CODE_STATE=getMsg HTTP/1.1" 200 27
180.174.56.115 - - [09/Oct/2020:10:03:00 +0800] "POST /xingrg/dwr/call/plaincall/AjaxQqpsService.getMaterielByCode.dwr HTTP/1.1" 200 2257
172.17.0.240 - - [09/Oct/2020:10:03:01 +0800] "GET /xingrg/all/function/internal_message.html?_=1602208975713&CODE_STATE=getMsg HTTP/1.1" 200 27
172.17.0.123 - - [09/Oct/2020:10:03:03 +0800] "GET /xingrg/all/function/internal_message.html?_=1602208957732&CODE_STATE=getMsg HTTP/1.1" 200 27
180.174.56.115 - - [09/Oct/2020:10:03:06 +0800] "POST /xingrg/dwr/call/plaincall/AjaxQqpsService.saveMaterielItem.dwr HTTP/1.1" 200 79
101.85.228.253 - - [09/Oct/2020:10:03:06 +0800] "GET /xingrg/all/function/internal_message.html?_=1602209198650&CODE_STATE=getMsg HTTP/1.1" 200 27
172.17.0.115 - - [09/Oct/2020:10:03:06 +0800] "GET /xingrg/all/function/internal_message.html?_=1602208997745&CODE_STATE=getMsg HTTP/1.1" 200 27
124.77.70.31 - - [09/Oct/2020:10:03:08 +0800] "GET /xingrg/kc/buy/cgsh_order_operate.html?command=get_materiel&rest_code=00107&code=00101006038&supplier_code=00100342&order_time=2020-10-09 HTTP/1.1" 200 444
180.162.245.190 - - [09/Oct/2020:10:03:11 +0800] "GET /xingrg/kc/buy/cgsh_order_operate.html?command=get_materiel&rest_code=00105&code=00101001037&supplier_code=00100090&order_time=2020-10-09 HTTP/1.1" 200 416
114.86.230.151 - - [09/Oct/2020:10:03:12 +0800] "GET /xingrg/all/function/internal_message.html?_=1602209034656&CODE_STATE=getMsg HTTP/1.1" 200 27
180.174.56.115 - - [09/Oct/2020:10:03:14 +0800] "POST /xingrg/dwr/call/plaincall/AjaxQqpsService.getMaterielByCode.dwr HTTP/1.1" 200 2270
222.69.130.159 - - [09/Oct/2020:10:03:20 +0800] "POST /xingrg/kc/base/wldb_order_operate.html HTTP/1.1" 200 37
222.69.130.159 - - [09/Oct/2020:10:03:20 +0800] "POST /xingrg/kc/base/wldb_order_operate.html HTTP/1.1" 200 3672
124.77.70.31 - - [09/Oct/2020:10:03:21 +0800] "POST /xingrg/kc/buy/cgsh_order_operate.html HTTP/1.1" 200 37
222.69.139.222 - - [09/Oct/2020:10:03:21 +0800] "GET /xingrg/all/function/internal_message.html?_=1602208991588&CODE_STATE=getMsg HTTP/1.1" 200 27
222.69.130.159 - - [09/Oct/2020:10:03:21 +0800] "GET /xingrg/kc/base/wldb_order_info.html?code=422020100901095 HTTP/1.1" 200 30506
222.69.130.159 - - [09/Oct/2020:10:03:22 +0800] "GET /xingrg/javascript/easyui/themes/default/validatebox.css HTTP/1.1" 404 1104
222.69.130.159 - - [09/Oct/2020:10:03:22 +0800] "POST /xingrg/kc/base/wldb_order_operate.html HTTP/1.1" 200 3672
124.77.70.31 - - [09/Oct/2020:10:03:23 +0800] "POST /xingrg/kc/buy/cgsh_order_operate.html HTTP/1.1" 200 2669
124.77.70.31 - - [09/Oct/2020:10:03:24 +0800] "GET /xingrg/kc/print/load_data.html?order_code=212020100903774&kc_code=cgsh&condition= HTTP/1.1" 200 693
180.174.56.115 - - [09/Oct/2020:10:03:25 +0800] "GET /xingrg/check_reg.html?_=1602208975865 HTTP/1.1" 200 22
180.174.56.115 - - [09/Oct/2020:10:03:25 +0800] "GET /xingrg/all/function/internal_message.html?_=1602208975926&CODE_STATE=getMsg HTTP/1.1" 200 27
222.69.130.159 - - [09/Oct/2020:10:03:26 +0800] "POST /xingrg/kc/base/wldb_order_operate.html HTTP/1.1" 200 37
180.162.245.190 - - [09/Oct/2020:10:03:27 +0800] "GET /xingrg/kc/buy/cgsh_order_operate.html?command=get_materiel&rest_code=00105&code=00101001140&supplier_code=00100090&order_time=2020-10-09 HTTP/1.1" 200 415
222.69.130.159 - - [09/Oct/2020:10:03:28 +0800] "POST /xingrg/kc/base/wldb_order_operate.html HTTP/1.1" 200 12
222.69.130.159 - - [09/Oct/2020:10:03:28 +0800] "POST /xingrg/kc/base/wldb_order_operate.html HTTP/1.1" 200 3671
180.174.56.115 - - [09/Oct/2020:10:03:29 +0800] "POST /xingrg/dwr/call/plaincall/AjaxQqpsService.saveMaterielItem.dwr HTTP/1.1" 200 79
124.77.70.31 - - [09/Oct/2020:10:03:29 +0800] "GET /xingrg/kc/buy/cgsh_order_add.html HTTP/1.1" 200 60026
222.69.130.159 - - [09/Oct/2020:10:03:29 +0800] "GET /xingrg/kc/base/wldb_order_info.html?code=422020100901095 HTTP/1.1" 200 26370
124.77.70.31 - - [09/Oct/2020:10:03:30 +0800] "GET /xingrg/javascript/easyui/themes/default/validatebox.css HTTP/1.1" 404 1104
124.77.70.31 - - [09/Oct/2020:10:03:30 +0800] "POST /xingrg/kc/buy/cgsh_order_operate.html HTTP/1.1" 200 8245
58.37.8.227 - - [09/Oct/2020:10:03:30 +0800] "GET /xingrg/check_reg.html?_=1602208613482 HTTP/1.1" 302 -
222.69.130.159 - - [09/Oct/2020:10:03:30 +0800] "GET /xingrg/javascript/easyui/themes/default/validatebox.css HTTP/1.1" 404 1104
222.69.130.159 - - [09/Oct/2020:10:03:30 +0800] "POST /xingrg/kc/base/wldb_order_operate.html HTTP/1.1" 200 1934
124.77.70.31 - - [09/Oct/2020:10:03:31 +0800] "GET /xingrg/javascript/easyui/themes/default/tree.css HTTP/1.1" 404 1090
124.77.70.31 - - [09/Oct/2020:10:03:31 +0800] "POST /xingrg/all/common/load_tree.html?tree=supplier_tree_json&isDelete=1 HTTP/1.1" 200 50541
180.174.56.115 - - [09/Oct/2020:10:03:32 +0800] "POST /xingrg/dwr/call/plaincall/AjaxQqpsService.checkOrder.dwr HTTP/1.1" 200 79
222.69.130.159 - - [09/Oct/2020:10:03:34 +0800] "GET /xingrg/all/function/internal_message.html?_=1602209012952&CODE_STATE=getMsg HTTP/1.1" 200 27
222.69.130.159 - - [09/Oct/2020:10:03:34 +0800] "GET /xingrg/check_reg.html?_=1602209012957 HTTP/1.1" 200 22
124.77.70.31 - - [09/Oct/2020:10:03:35 +0800] "GET /xingrg/check_reg.html?_=1602209003194 HTTP/1.1" 200 22
124.77.70.31 - - [09/Oct/2020:10:03:35 +0800] "GET /xingrg/all/function/internal_message.html?_=1602209003198&CODE_STATE=getMsg HTTP/1.1" 200 27
180.174.56.115 - - [09/Oct/2020:10:03:36 +0800] "GET /xingrg/kc/mdqp/qqps_order_info.html?code=302020100900193 HTTP/1.1" 200 25906
180.174.56.115 - - [09/Oct/2020:10:03:36 +0800] "GET /xingrg/dwr/interface/AjaxComOrderService.js HTTP/1.1" 200 18264
180.174.56.115 - - [09/Oct/2020:10:03:36 +0800] "GET /xingrg/dwr/interface/AjaxQqpsService.js HTTP/1.1" 200 16326
180.174.56.115 - - [09/Oct/2020:10:03:36 +0800] "GET /xingrg/dwr/engine.js HTTP/1.1" 200 43631
180.174.56.115 - - [09/Oct/2020:10:03:36 +0800] "POST /xingrg/dwr/call/plaincall/AjaxQqpsService.loadMaterielItems.dwr HTTP/1.1" 200 2755
180.162.245.190 - - [09/Oct/2020:10:03:38 +0800] "GET /xingrg/kc/buy/cgsh_order_operate.html?command=get_materiel&rest_code=00105&code=00101001125&supplier_code=00100090&order_time=2020-10-09 HTTP/1.1" 200 415
172.17.0.120 - - [09/Oct/2020:10:03:38 +0800] "GET /xingrg/all/function/internal_message.html?_=1602209013381&CODE_STATE=getMsg HTTP/1.1" 200 27
180.162.245.190 - - [09/Oct/2020:10:03:38 +0800] "GET /xingrg/all/function/internal_message.html?_=1602209016247&CODE_STATE=getMsg HTTP/1.1" 200 27
61.151.178.180 - - [09/Oct/2020:10:03:44 +0800] "GET /xingrg/all/function/internal_message.html?_=1602208321773&CODE_STATE=getMsg HTTP/1.1" 302 -
180.174.56.115 - - [09/Oct/2020:10:03:45 +0800] "GET /xingrg/all/function/internal_message.html?_=1602209021668&CODE_STATE=getMsg HTTP/1.1" 200 27
180.174.56.115 - - [09/Oct/2020:10:03:45 +0800] "GET /xingrg/check_reg.html?_=1602209021671 HTTP/1.1" 200 22
218.81.217.115 - - [09/Oct/2020:10:03:46 +0800] "GET /xingrg/all/function/internal_message.html?_=1602209043439&CODE_STATE=getMsg HTTP/1.1" 200 27
124.77.70.31 - - [09/Oct/2020:10:03:46 +0800] "GET /xingrg/kc/buy/cgsh_order_operate.html?command=get_materiel&rest_code=00107&code=00101003035&supplier_code=00100092&order_time=2020-10-09 HTTP/1.1" 200 411
180.162.245.190 - - [09/Oct/2020:10:03:50 +0800] "GET /xingrg/kc/buy/cgsh_order_operate.html?command=get_materiel&rest_code=00105&code=00101001169&supplier_code=00100090&order_time=2020-10-09 HTTP/1.1" 200 415
114.88.166.242 - - [09/Oct/2020:10:03:52 +0800] "GET /xingrg/all/function/internal_message.html?_=1602209110847&CODE_STATE=getMsg HTTP/1.1" 200 27
114.88.166.242 - - [09/Oct/2020:10:03:52 +0800] "GET /xingrg/check_reg.html?_=1602209025169 HTTP/1.1" 200 22
58.37.8.227 - - [09/Oct/2020:10:03:53 +0800] "GET /xingrg/all/function/internal_message.html?_=1602209041470&CODE_STATE=getMsg HTTP/1.1" 200 27
61.151.178.180 - - [09/Oct/2020:10:03:54 +0800] "GET /xingrg/login.html HTTP/1.1" 200 7641
124.77.70.31 - - [09/Oct/2020:10:03:55 +0800] "GET /xingrg/all/function/internal_message.html?_=1602209030601&CODE_STATE=getMsg HTTP/1.1" 200 27
58.40.7.146 - - [09/Oct/2020:10:03:56 +0800] "GET /xingrg/all/function/internal_message.html?_=1602209031857&CODE_STATE=getMsg HTTP/1.1" 200 27
58.40.7.146 - - [09/Oct/2020:10:03:57 +0800] "GET /xingrg/all/function/internal_message.html?_=1602209032923&CODE_STATE=getMsg HTTP/1.1" 200 27
222.69.130.159 - - [09/Oct/2020:10:03:58 +0800] "POST /xingrg/kc/base/wldb_list_operate.html HTTP/1.1" 200 644
222.69.130.159 - - [09/Oct/2020:10:03:58 +0800] "GET /xingrg/kc/base/wldb_order_info.html?code=422020100801091 HTTP/1.1" 200 30508
222.69.130.159 - - [09/Oct/2020:10:03:58 +0800] "GET /xingrg/words/20201009092426_words.js HTTP/1.1" 304 -
222.69.130.159 - - [09/Oct/2020:10:03:59 +0800] "GET /xingrg/javascript/easyui/themes/default/validatebox.css HTTP/1.1" 404 1104
222.69.130.159 - - [09/Oct/2020:10:03:59 +0800] "POST /xingrg/kc/base/wldb_order_operate.html HTTP/1.1" 200 4730
172.17.200.101 - - [09/Oct/2020:10:04:00 +0800] "GET /xingrg/all/function/internal_message.html?_=1602209037878&CODE_STATE=getMsg HTTP/1.1" 200 27
180.162.245.190 - - [09/Oct/2020:10:04:01 +0800] "GET /xingrg/kc/buy/cgsh_order_operate.html?command=get_materiel&rest_code=00105&code=00101001043&supplier_code=00100090&order_time=2020-10-09 HTTP/1.1" 200 415
172.17.0.240 - - [09/Oct/2020:10:04:01 +0800] "GET /xingrg/all/function/internal_message.html?_=1602209035715&CODE_STATE=getMsg HTTP/1.1" 200 27
172.17.0.123 - - [09/Oct/2020:10:04:03 +0800] "GET /xingrg/check_reg.html?_=1602209017734 HTTP/1.1" 200 22
172.17.0.123 - - [09/Oct/2020:10:04:03 +0800] "GET /xingrg/all/function/internal_message.html?_=1602209017736&CODE_STATE=getMsg HTTP/1.1" 200 27
101.85.228.253 - - [09/Oct/2020:10:04:04 +0800] "GET /xingrg/check_reg.html?_=1602209257079 HTTP/1.1" 200 22
101.85.228.253 - - [09/Oct/2020:10:04:06 +0800] "GET /xingrg/all/function/internal_message.html?_=1602209258665&CODE_STATE=getMsg HTTP/1.1" 200 27
172.17.0.115 - - [09/Oct/2020:10:04:06 +0800] "GET /xingrg/all/function/internal_message.html?_=1602209057772&CODE_STATE=getMsg HTTP/1.1" 200 27
180.162.245.190 - - [09/Oct/2020:10:04:08 +0800] "POST /xingrg/kc/buy/cgsh_order_operate.html HTTP/1.1" 200 37
124.77.70.31 - - [09/Oct/2020:10:04:08 +0800] "GET /xingrg/kc/buy/cgsh_order_operate.html?command=get_materiel&rest_code=00107&code=00101003006&supplier_code=00100092&order_time=2020-10-09 HTTP/1.1" 200 412
114.86.230.151 - - [09/Oct/2020:10:04:09 +0800] "GET /xingrg/check_reg.html?_=1602209094343 HTTP/1.1" 200 22
180.162.245.190 - - [09/Oct/2020:10:04:09 +0800] "POST /xingrg/kc/buy/cgsh_order_operate.html HTTP/1.1" 200 5050
114.86.230.151 - - [09/Oct/2020:10:04:09 +0800] "GET /xingrg/all/function/internal_message.html?_=1602209094656&CODE_STATE=getMsg HTTP/1.1" 200 27
180.162.245.190 - - [09/Oct/2020:10:04:10 +0800] "GET /xingrg/kc/print/load_data.html?order_code=212020100903775&kc_code=cgsh&condition= HTTP/1.1" 200 1650
124.77.70.31 - - [09/Oct/2020:10:04:20 +0800] "POST /xingrg/kc/buy/cgsh_order_operate.html HTTP/1.1" 200 37
124.77.70.31 - - [09/Oct/2020:10:04:21 +0800] "POST /xingrg/kc/buy/cgsh_order_operate.html HTTP/1.1" 200 3256
222.69.139.222 - - [09/Oct/2020:10:04:21 +0800] "GET /xingrg/all/function/internal_message.html?_=1602209051587&CODE_STATE=getMsg HTTP/1.1" 200 27
222.69.139.222 - - [09/Oct/2020:10:04:21 +0800] "GET /xingrg/check_reg.html?_=1602209051596 HTTP/1.1" 200 22
124.77.70.31 - - [09/Oct/2020:10:04:23 +0800] "GET /xingrg/kc/print/load_data.html?order_code=212020100903776&kc_code=cgsh&condition= HTTP/1.1" 200 958
180.162.245.190 - - [09/Oct/2020:10:04:24 +0800] "GET /xingrg/kc/buy/cgsh_order_add.html HTTP/1.1" 200 59985
180.162.245.190 - - [09/Oct/2020:10:04:25 +0800] "POST /xingrg/kc/buy/cgsh_order_operate.html HTTP/1.1" 200 8245
180.162.245.190 - - [09/Oct/2020:10:04:25 +0800] "GET /xingrg/javascript/easyui/themes/default/validatebox.css HTTP/1.1" 404 1104
180.174.56.115 - - [09/Oct/2020:10:04:25 +0800] "GET /xingrg/all/function/internal_message.html?_=1602209035938&CODE_STATE=getMsg HTTP/1.1" 200 27
124.77.70.31 - - [09/Oct/2020:10:04:27 +0800] "GET /xingrg/kc/buy/cgsh_order_add.html HTTP/1.1" 200 60026
124.77.70.31 - - [09/Oct/2020:10:04:28 +0800] "GET /xingrg/javascript/easyui/themes/default/validatebox.css HTTP/1.1" 404 1104
124.77.70.31 - - [09/Oct/2020:10:04:28 +0800] "POST /xingrg/kc/buy/cgsh_order_operate.html HTTP/1.1" 200 8245
124.77.70.31 - - [09/Oct/2020:10:04:29 +0800] "GET /xingrg/javascript/easyui/themes/default/tree.css HTTP/1.1" 404 1090
124.77.70.31 - - [09/Oct/2020:10:04:29 +0800] "POST /xingrg/all/common/load_tree.html?tree=supplier_tree_json&isDelete=1 HTTP/1.1" 200 50541
222.69.130.159 - - [09/Oct/2020:10:04:34 +0800] "GET /xingrg/all/function/internal_message.html?_=1602209072957&CODE_STATE=getMsg HTTP/1.1" 200 27
180.162.245.190 - - [09/Oct/2020:10:04:34 +0800] "GET /xingrg/kc/buy/cgsh_order_operate.html?command=get_materiel&rest_code=00105&code=00101005027&supplier_code=00100322&order_time=2020-10-09 HTTP/1.1" 200 421
124.77.70.31 - - [09/Oct/2020:10:04:35 +0800] "GET /xingrg/all/function/internal_message.html?_=1602209063184&CODE_STATE=getMsg HTTP/1.1" 200 27
172.17.0.120 - - [09/Oct/2020:10:04:38 +0800] "GET /xingrg/all/function/internal_message.html?_=1602209073392&CODE_STATE=getMsg HTTP/1.1" 200 27
180.162.245.190 - - [09/Oct/2020:10:04:38 +0800] "GET /xingrg/all/function/internal_message.html?_=1602209076259&CODE_STATE=getMsg HTTP/1.1" 200 27
180.174.56.115 - - [09/Oct/2020:10:04:45 +0800] "GET /xingrg/all/function/internal_message.html?_=1602209081726&CODE_STATE=getMsg HTTP/1.1" 200 27
180.174.56.115 - - [09/Oct/2020:10:04:46 +0800] "GET /xingrg/images/yd/bt.gif HTTP/1.1" 404 1040
180.174.56.115 - - [09/Oct/2020:10:04:46 +0800] "GET /xingrg/images/yd/bt2.gif HTTP/1.1" 404 1042
218.81.217.115 - - [09/Oct/2020:10:04:46 +0800] "GET /xingrg/all/function/internal_message.html?_=1602209103956&CODE_STATE=getMsg HTTP/1.1" 200 27
180.162.245.190 - - [09/Oct/2020:10:04:46 +0800] "POST /xingrg/kc/buy/cgsh_order_operate.html HTTP/1.1" 200 37
124.77.70.31 - - [09/Oct/2020:10:04:47 +0800] "GET /xingrg/kc/buy/cgsh_order_operate.html?command=get_materiel&rest_code=00107&code=00101018007&supplier_code=00100330&order_time=2020-10-09 HTTP/1.1" 200 428
180.162.245.190 - - [09/Oct/2020:10:04:49 +0800] "POST /xingrg/kc/buy/cgsh_order_operate.html HTTP/1.1" 200 2667
180.162.245.190 - - [09/Oct/2020:10:04:50 +0800] "GET /xingrg/kc/print/load_data.html?order_code=212020100903777&kc_code=cgsh&condition= HTTP/1.1" 200 671
114.88.166.242 - - [09/Oct/2020:10:04:52 +0800] "GET /xingrg/all/function/internal_message.html?_=1602209170826&CODE_STATE=getMsg HTTP/1.1" 200 27
58.37.8.227 - - [09/Oct/2020:10:04:52 +0800] "GET /xingrg/all/function/internal_message.html?_=1602209101442&CODE_STATE=getMsg HTTP/1.1" 200 27
124.77.70.31 - - [09/Oct/2020:10:04:54 +0800] "GET /xingrg/check_reg.html?_=1602209090587 HTTP/1.1" 200 22
124.77.70.31 - - [09/Oct/2020:10:04:55 +0800] "GET /xingrg/all/function/internal_message.html?_=1602209090589&CODE_STATE=getMsg HTTP/1.1" 200 27
58.40.7.146 - - [09/Oct/2020:10:04:56 +0800] "GET /xingrg/all/function/internal_message.html?_=1602209091829&CODE_STATE=getMsg HTTP/1.1" 200 27
58.40.7.146 - - [09/Oct/2020:10:04:57 +0800] "GET /xingrg/all/function/internal_message.html?_=1602209092925&CODE_STATE=getMsg HTTP/1.1" 200 27
58.40.7.146 - - [09/Oct/2020:10:04:57 +0800] "GET /xingrg/check_reg.html?_=1602209092927 HTTP/1.1" 200 22
124.77.70.31 - - [09/Oct/2020:10:04:58 +0800] "POST /xingrg/kc/buy/cgsh_order_operate.html HTTP/1.1" 200 37
124.77.70.31 - - [09/Oct/2020:10:04:59 +0800] "POST /xingrg/kc/buy/cgsh_order_operate.html HTTP/1.1" 200 2653
172.17.200.101 - - [09/Oct/2020:10:05:00 +0800] "GET /xingrg/all/function/internal_message.html?_=1602209097894&CODE_STATE=getMsg HTTP/1.1" 200 27
124.77.70.31 - - [09/Oct/2020:10:05:01 +0800] "GET /xingrg/kc/print/load_data.html?order_code=212020100903778&kc_code=cgsh&condition= HTTP/1.1" 200 675
172.17.0.240 - - [09/Oct/2020:10:05:01 +0800] "GET /xingrg/all/function/internal_message.html?_=1602209095715&CODE_STATE=getMsg HTTP/1.1" 200 27
180.162.245.190 - - [09/Oct/2020:10:05:02 +0800] "GET /xingrg/kc/buy/cgsh_order_add.html HTTP/1.1" 200 59985
180.162.245.190 - - [09/Oct/2020:10:05:02 +0800] "GET /xingrg/javascript/easyui/themes/default/validatebox.css HTTP/1.1" 404 1104
180.162.245.190 - - [09/Oct/2020:10:05:02 +0800] "POST /xingrg/kc/buy/cgsh_order_operate.html HTTP/1.1" 200 8245
172.17.0.123 - - [09/Oct/2020:10:05:03 +0800] "GET /xingrg/all/function/internal_message.html?_=1602209077720&CODE_STATE=getMsg HTTP/1.1" 200 27
124.77.70.31 - - [09/Oct/2020:10:05:04 +0800] "GET /xingrg/kc/buy/cgsh_order_add.html HTTP/1.1" 200 60026
124.77.70.31 - - [09/Oct/2020:10:05:05 +0800] "GET /xingrg/javascript/easyui/themes/default/validatebox.css HTTP/1.1" 404 1104
124.77.70.31 - - [09/Oct/2020:10:05:05 +0800] "POST /xingrg/kc/buy/cgsh_order_operate.html HTTP/1.1" 200 8245
114.86.230.151 - - [09/Oct/2020:10:05:06 +0800] "GET /xingrg/all/function/internal_message.html?_=1602209154656&CODE_STATE=getMsg HTTP/1.1" 200 27
101.85.228.253 - - [09/Oct/2020:10:05:06 +0800] "GET /xingrg/all/function/internal_message.html?_=1602209318678&CODE_STATE=getMsg HTTP/1.1" 200 27
124.77.70.31 - - [09/Oct/2020:10:05:06 +0800] "GET /xingrg/javascript/easyui/themes/default/tree.css HTTP/1.1" 404 1090
172.17.0.115 - - [09/Oct/2020:10:05:06 +0800] "GET /xingrg/all/function/internal_message.html?_=1602209117787&CODE_STATE=getMsg HTTP/1.1" 200 27
124.77.70.31 - - [09/Oct/2020:10:05:06 +0800] "POST /xingrg/all/common/load_tree.html?tree=supplier_tree_json&isDelete=1 HTTP/1.1" 200 50541
222.69.130.159 - - [09/Oct/2020:10:05:14 +0800] "GET /xingrg/kc/buy/buy_main.html HTTP/1.1" 200 12412
222.69.130.159 - - [09/Oct/2020:10:05:14 +0800] "GET /xingrg/css/new_ie.css HTTP/1.1" 404 1036
222.69.130.159 - - [09/Oct/2020:10:05:18 +0800] "GET /xingrg/kc/buy/cgsh_order_list.html HTTP/1.1" 200 44206
222.69.139.222 - - [09/Oct/2020:10:05:21 +0800] "GET /xingrg/all/function/internal_message.html?_=1602209111598&CODE_STATE=getMsg HTTP/1.1" 200 27
222.69.130.159 - - [09/Oct/2020:10:05:22 +0800] "POST /xingrg/kc/buy/cgsh_list_operate.html HTTP/1.1" 200 3817
180.174.56.115 - - [09/Oct/2020:10:05:25 +0800] "GET /xingrg/all/function/internal_message.html?_=1602209095952&CODE_STATE=getMsg HTTP/1.1" 200 27
58.37.8.227 - - [09/Oct/2020:10:05:26 +0800] "GET /xingrg/check_reg.html?_=1602209134632 HTTP/1.1" 200 22
180.162.245.190 - - [09/Oct/2020:10:05:28 +0800] "GET /xingrg/kc/buy/cgsh_order_operate.html?command=get_materiel&rest_code=00105&code=00101006040&supplier_code=00100323&order_time=2020-10-09 HTTP/1.1" 200 419
222.69.130.159 - - [09/Oct/2020:10:05:34 +0800] "GET /xingrg/all/function/internal_message.html?_=1602209132958&CODE_STATE=getMsg HTTP/1.1" 200 27
124.77.70.31 - - [09/Oct/2020:10:05:35 +0800] "GET /xingrg/all/function/internal_message.html?_=1602209123159&CODE_STATE=getMsg HTTP/1.1" 200 27
124.77.70.31 - - [09/Oct/2020:10:05:35 +0800] "GET /xingrg/kc/buy/cgsh_order_operate.html?command=get_materiel&rest_code=00107&code=00101010108&supplier_code=00100336&order_time=2020-10-09 HTTP/1.1" 200 421
172.17.0.120 - - [09/Oct/2020:10:05:38 +0800] "GET /xingrg/check_reg.html?_=1602209133384 HTTP/1.1" 200 22
172.17.0.120 - - [09/Oct/2020:10:05:38 +0800] "GET /xingrg/all/function/internal_message.html?_=1602209133388&CODE_STATE=getMsg HTTP/1.1" 200 27
180.162.245.190 - - [09/Oct/2020:10:05:38 +0800] "GET /xingrg/all/function/internal_message.html?_=1602209136274&CODE_STATE=getMsg HTTP/1.1" 200 27
180.162.245.190 - - [09/Oct/2020:10:05:42 +0800] "GET /xingrg/kc/buy/cgsh_order_operate.html?command=get_materiel&rest_code=00105&code=00101010338&supplier_code=00100323&order_time=2020-10-09 HTTP/1.1" 200 428
180.174.56.115 - - [09/Oct/2020:10:05:46 +0800] "GET /xingrg/all/function/internal_message.html?_=1602209141774&CODE_STATE=getMsg HTTP/1.1" 200 27
124.77.70.31 - - [09/Oct/2020:10:05:46 +0800] "POST /xingrg/kc/buy/cgsh_order_operate.html HTTP/1.1" 200 37
218.81.217.115 - - [09/Oct/2020:10:05:46 +0800] "GET /xingrg/all/function/internal_message.html?_=1602209163968&CODE_STATE=getMsg HTTP/1.1" 200 27
124.77.70.31 - - [09/Oct/2020:10:05:48 +0800] "POST /xingrg/kc/buy/cgsh_order_operate.html HTTP/1.1" 200 2665
124.77.70.31 - - [09/Oct/2020:10:05:49 +0800] "GET /xingrg/kc/print/load_data.html?order_code=212020100903779&kc_code=cgsh&condition= HTTP/1.1" 200 678
114.88.166.242 - - [09/Oct/2020:10:05:52 +0800] "GET /xingrg/all/function/internal_message.html?_=1602209230795&CODE_STATE=getMsg HTTP/1.1" 200 27
180.162.245.190 - - [09/Oct/2020:10:05:52 +0800] "GET /xingrg/kc/buy/cgsh_order_operate.html?command=get_materiel&rest_code=00105&code=00101001213&supplier_code=00100323&order_time=2020-10-09 HTTP/1.1" 200 424
58.37.8.227 - - [09/Oct/2020:10:05:52 +0800] "GET /xingrg/all/function/internal_message.html?_=1602209161416&CODE_STATE=getMsg HTTP/1.1" 200 27
124.77.70.31 - - [09/Oct/2020:10:05:53 +0800] "GET /xingrg/kc/buy/cgsh_order_add.html HTTP/1.1" 200 60026
124.77.70.31 - - [09/Oct/2020:10:05:54 +0800] "GET /xingrg/javascript/easyui/themes/default/validatebox.css HTTP/1.1" 404 1104
124.77.70.31 - - [09/Oct/2020:10:05:54 +0800] "POST /xingrg/kc/buy/cgsh_order_operate.html HTTP/1.1" 200 8245
124.77.70.31 - - [09/Oct/2020:10:05:54 +0800] "GET /xingrg/javascript/easyui/themes/default/tree.css HTTP/1.1" 404 1090
124.77.70.31 - - [09/Oct/2020:10:05:55 +0800] "GET /xingrg/all/function/internal_message.html?_=1602209150590&CODE_STATE=getMsg HTTP/1.1" 200 27
124.77.70.31 - - [09/Oct/2020:10:05:55 +0800] "POST /xingrg/all/common/load_tree.html?tree=supplier_tree_json&isDelete=1 HTTP/1.1" 200 50541
58.40.7.146 - - [09/Oct/2020:10:05:56 +0800] "GET /xingrg/all/function/internal_message.html?_=1602209151800&CODE_STATE=getMsg HTTP/1.1" 200 27
58.40.7.146 - - [09/Oct/2020:10:05:57 +0800] "GET /xingrg/all/function/internal_message.html?_=1602209152929&CODE_STATE=getMsg HTTP/1.1" 200 27
172.17.200.101 - - [09/Oct/2020:10:06:00 +0800] "GET /xingrg/all/function/internal_message.html?_=1602209157896&CODE_STATE=getMsg HTTP/1.1" 200 27
172.17.0.240 - - [09/Oct/2020:10:06:01 +0800] "GET /xingrg/all/function/internal_message.html?_=1602209155717&CODE_STATE=getMsg HTTP/1.1" 200 27
180.162.245.190 - - [09/Oct/2020:10:06:03 +0800] "GET /xingrg/kc/buy/cgsh_order_operate.html?command=get_materiel&rest_code=00105&code=00101008025&supplier_code=00100323&order_time=2020-10-09 HTTP/1.1" 200 409
172.17.0.123 - - [09/Oct/2020:10:06:03 +0800] "GET /xingrg/all/function/internal_message.html?_=1602209137722&CODE_STATE=getMsg HTTP/1.1" 200 27
114.86.230.151 - - [09/Oct/2020:10:06:03 +0800] "GET /xingrg/all/function/internal_message.html?_=1602209214687&CODE_STATE=getMsg HTTP/1.1" 200 27
101.85.228.253 - - [09/Oct/2020:10:06:06 +0800] "GET /xingrg/all/function/internal_message.html?_=1602209378692&CODE_STATE=getMsg HTTP/1.1" 200 27
