114.88.166.242 - - [09/Oct/2020:10:17:42 +0800] "POST /xingrg/kc/buy/cgsh_order_operate.html HTTP/1.1" 200 37
114.88.166.242 - - [09/Oct/2020:10:17:43 +0800] "POST /xingrg/kc/buy/cgsh_order_operate.html HTTP/1.1" 200 2662
114.88.166.242 - - [09/Oct/2020:10:17:43 +0800] "GET /xingrg/kc/print/load_data.html?order_code=212020100903801&kc_code=cgsh&condition= HTTP/1.1" 200 682
222.69.130.159 - - [09/Oct/2020:10:17:45 +0800] "POST /xingrg/all/common/load_select.html HTTP/1.1" 200 25
180.174.56.115 - - [09/Oct/2020:10:17:46 +0800] "GET /xingrg/all/function/internal_message.html?_=1602209862352&CODE_STATE=getMsg HTTP/1.1" 200 27
114.88.166.242 - - [09/Oct/2020:10:17:49 +0800] "GET /xingrg/kc/buy/cgsh_order_add.html HTTP/1.1" 200 59938
114.88.166.242 - - [09/Oct/2020:10:17:49 +0800] "GET /xingrg/javascript/easyui/themes/default/validatebox.css HTTP/1.1" 404 1104
114.88.166.242 - - [09/Oct/2020:10:17:49 +0800] "POST /xingrg/kc/buy/cgsh_order_operate.html HTTP/1.1" 200 8245
218.81.217.115 - - [09/Oct/2020:10:17:49 +0800] "GET /xingrg/all/function/internal_message.html?_=1602209886704&CODE_STATE=getMsg HTTP/1.1" 200 27
222.69.130.159 - - [09/Oct/2020:10:17:50 +0800] "GET /xingrg/kc/buy/cgsh_order_operate.html?command=get_materiel_price&rest_code=00154&code=00101027042&unit_code=00100157&supplier_code=00100224&order_time=2020-10-03 HTTP/1.1" 200 28
114.88.166.242 - - [09/Oct/2020:10:17:52 +0800] "GET /xingrg/all/function/internal_message.html?_=1602209950629&CODE_STATE=getMsg HTTP/1.1" 200 27
58.37.8.227 - - [09/Oct/2020:10:17:52 +0800] "GET /xingrg/all/function/internal_message.html?_=1602209881134&CODE_STATE=getMsg HTTP/1.1" 200 27
114.88.166.242 - - [09/Oct/2020:10:17:53 +0800] "GET /xingrg/check_reg.html?_=1602209952510 HTTP/1.1" 200 22
114.88.166.242 - - [09/Oct/2020:10:17:54 +0800] "GET /xingrg/kc/buy/cgsh_order_operate.html?command=get_materiel&rest_code=00111&code=00101004046&supplier_code=00100312&order_time=2020-10-09 HTTP/1.1" 200 419
124.77.70.31 - - [09/Oct/2020:10:17:54 +0800] "GET /xingrg/all/function/internal_message.html?_=1602209870587&CODE_STATE=getMsg HTTP/1.1" 200 27
58.40.7.146 - - [09/Oct/2020:10:17:55 +0800] "GET /xingrg/all/function/internal_message.html?_=1602209871456&CODE_STATE=getMsg HTTP/1.1" 200 27
58.40.7.146 - - [09/Oct/2020:10:17:57 +0800] "GET /xingrg/all/function/internal_message.html?_=1602209872930&CODE_STATE=getMsg HTTP/1.1" 200 27
172.17.200.101 - - [09/Oct/2020:10:18:00 +0800] "GET /xingrg/all/function/internal_message.html?_=1602209877917&CODE_STATE=getMsg HTTP/1.1" 200 27
172.17.0.240 - - [09/Oct/2020:10:18:01 +0800] "GET /xingrg/all/function/internal_message.html?_=1602209875726&CODE_STATE=getMsg HTTP/1.1" 200 27
172.17.0.123 - - [09/Oct/2020:10:18:03 +0800] "GET /xingrg/all/function/internal_message.html?_=1602209857728&CODE_STATE=getMsg HTTP/1.1" 200 27
120.253.135.82 - - [09/Oct/2020:10:18:03 +0800] "GET /xingrg/kc/pszx/mdqp_order_list.html?state=10 HTTP/1.1" 200 11383
120.253.135.82 - - [09/Oct/2020:10:18:03 +0800] "GET /xingrg/dwr/interface/AjaxReportQueryService.js HTTP/1.1" 200 13203
120.253.135.82 - - [09/Oct/2020:10:18:03 +0800] "GET /xingrg/dwr/interface/AjaxQqpsService.js HTTP/1.1" 200 16326
120.253.135.82 - - [09/Oct/2020:10:18:03 +0800] "GET /xingrg/dwr/engine.js HTTP/1.1" 200 43631
172.17.0.115 - - [09/Oct/2020:10:18:06 +0800] "GET /xingrg/all/function/internal_message.html?_=1602209898012&CODE_STATE=getMsg HTTP/1.1" 200 27
101.85.228.253 - - [09/Oct/2020:10:18:07 +0800] "GET /xingrg/all/function/internal_message.html?_=1602210099431&CODE_STATE=getMsg HTTP/1.1" 200 27
114.88.166.242 - - [09/Oct/2020:10:18:07 +0800] "GET /xingrg/kc/buy/cgsh_order_operate.html?command=get_materiel&rest_code=00111&code=00101004067&supplier_code=00100312&order_time=2020-10-09 HTTP/1.1" 200 413
120.253.135.82 - - [09/Oct/2020:10:18:08 +0800] "GET /xingrg/all/function/internal_message.html?_=1602209632883&CODE_STATE=getMsg HTTP/1.1" 200 27
120.253.135.82 - - [09/Oct/2020:10:18:09 +0800] "GET /xingrg/kc/pszx/mdps_order_list.html?orderType=0 HTTP/1.1" 200 21141
120.253.135.82 - - [09/Oct/2020:10:18:09 +0800] "POST /xingrg/kc/pszx/mdps_list_operate.html HTTP/1.1" 200 5155
114.88.166.242 - - [09/Oct/2020:10:18:13 +0800] "GET /xingrg/kc/buy/cgsh_order_operate.html?command=get_materiel&rest_code=00111&code=00101004027&supplier_code=00100312&order_time=2020-10-09 HTTP/1.1" 200 409
114.88.166.242 - - [09/Oct/2020:10:18:20 +0800] "GET /xingrg/kc/buy/cgsh_order_operate.html?command=get_materiel&rest_code=00111&code=00101005017&supplier_code=00100312&order_time=2020-10-09 HTTP/1.1" 200 409
222.69.139.222 - - [09/Oct/2020:10:18:21 +0800] "GET /xingrg/all/function/internal_message.html?_=1602209891608&CODE_STATE=getMsg HTTP/1.1" 200 27
180.157.253.48 - - [09/Oct/2020:10:18:24 +0800] "POST /xingrg/services/DataTransmitService HTTP/1.1" 200 524
180.157.253.48 - - [09/Oct/2020:10:18:24 +0800] "POST /xingrg/services/DataTransmitService HTTP/1.1" 200 1863
114.86.230.151 - - [09/Oct/2020:10:18:24 +0800] "GET /xingrg/check_reg.html?_=1602209994375 HTTP/1.1" 200 22
180.157.253.48 - - [09/Oct/2020:10:18:24 +0800] "POST /xingrg/services/DataTransmitService HTTP/1.1" 200 133819
114.86.230.151 - - [09/Oct/2020:10:18:24 +0800] "GET /xingrg/all/function/internal_message.html?_=1602209994718&CODE_STATE=getMsg HTTP/1.1" 200 27
180.174.56.115 - - [09/Oct/2020:10:18:25 +0800] "GET /xingrg/check_reg.html?_=1602209875887 HTTP/1.1" 200 22
180.174.56.115 - - [09/Oct/2020:10:18:25 +0800] "GET /xingrg/all/function/internal_message.html?_=1602209876128&CODE_STATE=getMsg HTTP/1.1" 200 27
114.88.166.242 - - [09/Oct/2020:10:18:26 +0800] "GET /xingrg/kc/buy/cgsh_order_operate.html?command=get_materiel&rest_code=00111&code=00101004020&supplier_code=00100312&order_time=2020-10-09 HTTP/1.1" 200 409
180.162.245.190 - - [09/Oct/2020:10:18:28 +0800] "GET /favicon.ico HTTP/1.1" 404 -
180.162.245.190 - - [09/Oct/2020:10:18:28 +0800] "GET /xingrg/index.html?sysBaseUrl=http%3A%2F%2F180.169.147.146%3A18081%2Fxingrg%2F&costTime=36×tamp=1585223203754 HTTP/1.1" 200 17173
180.162.245.190 - - [09/Oct/2020:10:18:29 +0800] "POST /xingrg/all/common/load_tree.html?tree=area_rest_tree_json&manage=1 HTTP/1.1" 200 3216
180.162.245.190 - - [09/Oct/2020:10:18:29 +0800] "GET /xingrg/check_reg.html?_=1602209906469 HTTP/1.1" 200 22
180.162.245.190 - - [09/Oct/2020:10:18:29 +0800] "GET /xingrg/all/function/internal_message.html?_=1602209906468&CODE_STATE=count HTTP/1.1" 200 11
180.162.245.190 - - [09/Oct/2020:10:18:29 +0800] "GET /favicon.ico HTTP/1.1" 404 -
180.162.245.190 - - [09/Oct/2020:10:18:29 +0800] "POST /xingrg/load_menu.html HTTP/1.1" 200 5138
58.37.8.227 - - [09/Oct/2020:10:18:30 +0800] "GET /xingrg/check_reg.html?_=1602209513435 HTTP/1.1" 302 -
114.88.166.242 - - [09/Oct/2020:10:18:33 +0800] "GET /xingrg/kc/buy/cgsh_order_operate.html?command=get_materiel&rest_code=00111&code=00101004004&supplier_code=00100312&order_time=2020-10-09 HTTP/1.1" 200 413
222.69.130.159 - - [09/Oct/2020:10:18:34 +0800] "GET /xingrg/all/function/internal_message.html?_=1602209912978&CODE_STATE=getMsg HTTP/1.1" 200 27
222.69.130.159 - - [09/Oct/2020:10:18:34 +0800] "GET /xingrg/check_reg.html?_=1602209912983 HTTP/1.1" 200 22
124.77.70.31 - - [09/Oct/2020:10:18:34 +0800] "GET /xingrg/all/function/internal_message.html?_=1602209902901&CODE_STATE=getMsg HTTP/1.1" 200 27
124.77.70.31 - - [09/Oct/2020:10:18:35 +0800] "GET /xingrg/check_reg.html?_=1602209903137 HTTP/1.1" 200 22
180.162.245.190 - - [09/Oct/2020:10:18:37 +0800] "GET /xingrg/index.html?sysBaseUrl=http%3A%2F%2F180.169.147.146%3A18081%2Fxingrg%2F&costTime=43×tamp=1602203858457 HTTP/1.1" 200 17173
180.162.245.190 - - [09/Oct/2020:10:18:38 +0800] "POST /xingrg/all/common/load_tree.html?tree=area_rest_tree_json&manage=1 HTTP/1.1" 200 3216
180.162.245.190 - - [09/Oct/2020:10:18:38 +0800] "GET /xingrg/check_reg.html?_=1602209915493 HTTP/1.1" 200 22
180.162.245.190 - - [09/Oct/2020:10:18:38 +0800] "GET /xingrg/all/function/internal_message.html?_=1602209915492&CODE_STATE=count HTTP/1.1" 200 11
180.162.245.190 - - [09/Oct/2020:10:18:38 +0800] "POST /xingrg/load_menu.html HTTP/1.1" 200 5138
180.162.245.190 - - [09/Oct/2020:10:18:38 +0800] "GET /favicon.ico HTTP/1.1" 404 -
172.17.0.120 - - [09/Oct/2020:10:18:38 +0800] "GET /xingrg/all/function/internal_message.html?_=1602209913386&CODE_STATE=getMsg HTTP/1.1" 200 27
117.184.7.26 - - [09/Oct/2020:10:18:39 +0800] "POST /xingrg/login.do HTTP/1.1" 302 -
117.184.7.26 - - [09/Oct/2020:10:18:39 +0800] "GET /xingrg/index.html?sysBaseUrl=http%3A%2F%2F180.169.147.146%3A18081%2Fxingrg%2F&costTime=38×tamp=1602209919269 HTTP/1.1" 200 17179
114.88.166.242 - - [09/Oct/2020:10:18:39 +0800] "POST /xingrg/kc/buy/cgsh_order_operate.html HTTP/1.1" 200 37
117.184.7.26 - - [09/Oct/2020:10:18:39 +0800] "GET /favicon.ico HTTP/1.1" 404 -
117.184.7.26 - - [09/Oct/2020:10:18:40 +0800] "POST /xingrg/all/common/load_tree.html?tree=area_rest_tree_json&manage=1 HTTP/1.1" 200 470
114.88.166.242 - - [09/Oct/2020:10:18:40 +0800] "POST /xingrg/kc/buy/cgsh_order_operate.html HTTP/1.1" 200 5625
117.184.7.26 - - [09/Oct/2020:10:18:40 +0800] "GET /xingrg/check_reg.html?_=1602209906380 HTTP/1.1" 200 22
117.184.7.26 - - [09/Oct/2020:10:18:40 +0800] "GET /xingrg/all/function/internal_message.html?_=1602209906379&CODE_STATE=count HTTP/1.1" 200 11
117.184.7.26 - - [09/Oct/2020:10:18:40 +0800] "POST /xingrg/load_menu.html HTTP/1.1" 200 5138
114.88.166.242 - - [09/Oct/2020:10:18:41 +0800] "GET /xingrg/kc/print/load_data.html?order_code=212020100903802&kc_code=cgsh&condition= HTTP/1.1" 200 1807
117.184.7.26 - - [09/Oct/2020:10:18:46 +0800] "POST /xingrg/all/user/operate.html HTTP/1.1" 200 36
117.184.7.26 - - [09/Oct/2020:10:18:46 +0800] "GET /xingrg/index.html?sysBaseUrl=http%3A%2F%2F180.169.147.146%3A18081%2Fxingrg%2F&costTime=38×tamp=1602209919269 HTTP/1.1" 200 17173
117.184.7.26 - - [09/Oct/2020:10:18:46 +0800] "GET /xingrg/javascript/jquery_easy_ui/themes/default/easyui.css HTTP/1.1" 304 -
117.184.7.26 - - [09/Oct/2020:10:18:46 +0800] "GET /xingrg/javascript/jquery_easy_ui/themes/icon.css HTTP/1.1" 304 -
117.184.7.26 - - [09/Oct/2020:10:18:46 +0800] "GET /xingrg/css/form.css HTTP/1.1" 304 -
117.184.7.26 - - [09/Oct/2020:10:18:46 +0800] "GET /xingrg/javascript/jquery-1.4.2.min.js HTTP/1.1" 304 -
180.174.56.115 - - [09/Oct/2020:10:18:46 +0800] "GET /xingrg/check_reg.html?_=1602209922416 HTTP/1.1" 200 22
180.174.56.115 - - [09/Oct/2020:10:18:46 +0800] "GET /xingrg/all/function/internal_message.html?_=1602209922401&CODE_STATE=getMsg HTTP/1.1" 200 27
117.184.7.26 - - [09/Oct/2020:10:18:46 +0800] "GET /xingrg/javascript/jquery_easy_ui/jquery.easyui.min.js HTTP/1.1" 304 -
117.184.7.26 - - [09/Oct/2020:10:18:46 +0800] "GET /xingrg/javascript/jquery_easy_ui/easyui-lang-zh_CN.js HTTP/1.1" 304 -
117.184.7.26 - - [09/Oct/2020:10:18:46 +0800] "GET /xingrg/javascript/jquery.form.js HTTP/1.1" 304 -
117.184.7.26 - - [09/Oct/2020:10:18:46 +0800] "GET /xingrg/javascript/jquery.utils.js HTTP/1.1" 304 -
117.184.7.26 - - [09/Oct/2020:10:18:46 +0800] "GET /xingrg/javascript/jquery.timers.js HTTP/1.1" 304 -
117.184.7.26 - - [09/Oct/2020:10:18:46 +0800] "GET /xingrg/images/blue/jxLogo.png HTTP/1.1" 304 -
117.184.7.26 - - [09/Oct/2020:10:18:46 +0800] "GET /xingrg/javascript/jquery_easy_ui/themes/icons/settle_new.png HTTP/1.1" 304 -
117.184.7.26 - - [09/Oct/2020:10:18:46 +0800] "GET /xingrg/images/blue/navBackgound.jpg HTTP/1.1" 304 -
117.184.7.26 - - [09/Oct/2020:10:18:46 +0800] "POST /xingrg/all/common/load_tree.html?tree=area_rest_tree_json&manage=1 HTTP/1.1" 200 470
117.184.7.26 - - [09/Oct/2020:10:18:46 +0800] "GET /xingrg/all/function/internal_message.html?_=1602209912822&CODE_STATE=count HTTP/1.1" 200 11
117.184.7.26 - - [09/Oct/2020:10:18:46 +0800] "GET /xingrg/check_reg.html?_=1602209912822 HTTP/1.1" 200 22
117.184.7.26 - - [09/Oct/2020:10:18:46 +0800] "GET /xingrg/images/blue/pingpu.png HTTP/1.1" 304 -
117.184.7.26 - - [09/Oct/2020:10:18:46 +0800] "GET /xingrg/javascript/jquery_easy_ui/themes/default/images/panel_tool_collapse.gif HTTP/1.1" 304 -
117.184.7.30 - - [09/Oct/2020:10:18:46 +0800] "GET /xingrg/javascript/jquery_easy_ui/themes/default/images/tabs_leftarrow.png HTTP/1.1" 304 -
117.184.7.26 - - [09/Oct/2020:10:18:46 +0800] "POST /xingrg/load_menu.html HTTP/1.1" 200 5138
117.184.7.30 - - [09/Oct/2020:10:18:46 +0800] "GET /xingrg/javascript/jquery_easy_ui/themes/default/images/tabs_rightarrow.png HTTP/1.1" 304 -
117.184.7.26 - - [09/Oct/2020:10:18:48 +0800] "GET /xingrg/kc/buy/buy_main.html HTTP/1.1" 200 12412
117.184.7.26 - - [09/Oct/2020:10:18:48 +0800] "GET /xingrg/css/new_ie.css HTTP/1.1" 404 1036
117.184.7.26 - - [09/Oct/2020:10:18:48 +0800] "GET /xingrg/images/yd/bt.gif HTTP/1.1" 404 1040
117.184.7.26 - - [09/Oct/2020:10:18:49 +0800] "GET /xingrg/kc/buy/cgsh_order_list.html HTTP/1.1" 200 44200
218.81.217.115 - - [09/Oct/2020:10:18:49 +0800] "GET /xingrg/all/function/internal_message.html?_=1602209946718&CODE_STATE=getMsg HTTP/1.1" 200 27
117.184.7.26 - - [09/Oct/2020:10:18:51 +0800] "POST /xingrg/kc/buy/cgsh_list_operate.html HTTP/1.1" 200 876
114.88.166.242 - - [09/Oct/2020:10:18:52 +0800] "GET /xingrg/all/function/internal_message.html?_=1602210010589&CODE_STATE=getMsg HTTP/1.1" 200 27
117.184.7.26 - - [09/Oct/2020:10:18:52 +0800] "GET /xingrg/kc/buy/cgsh_order_add.html HTTP/1.1" 200 59897
117.184.7.26 - - [09/Oct/2020:10:18:52 +0800] "GET /xingrg/words/20201009092426_words.js HTTP/1.1" 200 768157
114.88.166.242 - - [09/Oct/2020:10:18:52 +0800] "GET /xingrg/check_reg.html?_=1602209925197 HTTP/1.1" 200 22
117.184.7.26 - - [09/Oct/2020:10:18:52 +0800] "POST /xingrg/kc/buy/cgsh_order_operate.html HTTP/1.1" 200 8245
58.37.8.227 - - [09/Oct/2020:10:18:52 +0800] "GET /xingrg/all/function/internal_message.html?_=1602209941110&CODE_STATE=getMsg HTTP/1.1" 200 27
117.184.7.30 - - [09/Oct/2020:10:18:52 +0800] "GET /xingrg/all/common/auto_word.html?type=employee&rest_code=00108 HTTP/1.1" 200 147
117.184.7.30 - - [09/Oct/2020:10:18:52 +0800] "GET /xingrg/all/common/auto_word.html?type=employee&rest_code=00108 HTTP/1.1" 200 147
117.184.7.26 - - [09/Oct/2020:10:18:52 +0800] "GET /xingrg/javascript/easyui/themes/default/validatebox.css HTTP/1.1" 404 1104
117.184.7.26 - - [09/Oct/2020:10:18:53 +0800] "GET /xingrg/javascript/auto/indicator.gif HTTP/1.1" 404 1066
117.184.7.30 - - [09/Oct/2020:10:18:54 +0800] "GET /xingrg/javascript/jquery_tools/images/prev.gif HTTP/1.1" 404 1086
117.184.7.30 - - [09/Oct/2020:10:18:54 +0800] "GET /xingrg/javascript/jquery_tools/images/next.gif HTTP/1.1" 404 1086
124.77.70.31 - - [09/Oct/2020:10:18:54 +0800] "GET /xingrg/all/function/internal_message.html?_=1602209930590&CODE_STATE=getMsg HTTP/1.1" 200 27
58.40.7.146 - - [09/Oct/2020:10:18:55 +0800] "GET /xingrg/all/function/internal_message.html?_=1602209931427&CODE_STATE=getMsg HTTP/1.1" 200 27
58.40.7.146 - - [09/Oct/2020:10:18:57 +0800] "GET /xingrg/all/function/internal_message.html?_=1602209932932&CODE_STATE=getMsg HTTP/1.1" 200 27
114.88.166.242 - - [09/Oct/2020:10:18:58 +0800] "GET /xingrg/kc/buy/cgsh_order_add.html HTTP/1.1" 200 59938
114.88.166.242 - - [09/Oct/2020:10:18:59 +0800] "GET /xingrg/javascript/easyui/themes/default/validatebox.css HTTP/1.1" 404 1104
114.88.166.242 - - [09/Oct/2020:10:18:59 +0800] "POST /xingrg/kc/buy/cgsh_order_operate.html HTTP/1.1" 200 8245
172.17.200.101 - - [09/Oct/2020:10:19:00 +0800] "GET /xingrg/all/function/internal_message.html?_=1602209937918&CODE_STATE=getMsg HTTP/1.1" 200 27
172.17.0.240 - - [09/Oct/2020:10:19:01 +0800] "GET /xingrg/all/function/internal_message.html?_=1602209935716&CODE_STATE=getMsg HTTP/1.1" 200 27
172.17.0.123 - - [09/Oct/2020:10:19:03 +0800] "GET /xingrg/all/function/internal_message.html?_=1602209917730&CODE_STATE=getMsg HTTP/1.1" 200 27
172.17.0.123 - - [09/Oct/2020:10:19:03 +0800] "GET /xingrg/check_reg.html?_=1602209917730 HTTP/1.1" 200 22
101.85.228.253 - - [09/Oct/2020:10:19:05 +0800] "GET /xingrg/check_reg.html?_=1602210157636 HTTP/1.1" 200 22
172.17.0.115 - - [09/Oct/2020:10:19:06 +0800] "GET /xingrg/all/function/internal_message.html?_=1602209958051&CODE_STATE=getMsg HTTP/1.1" 200 27
101.85.228.253 - - [09/Oct/2020:10:19:07 +0800] "GET /xingrg/all/function/internal_message.html?_=1602210159445&CODE_STATE=getMsg HTTP/1.1" 200 27
120.253.135.82 - - [09/Oct/2020:10:19:08 +0800] "GET /xingrg/all/function/internal_message.html?_=1602209692896&CODE_STATE=getMsg HTTP/1.1" 200 27
117.184.7.30 - - [09/Oct/2020:10:19:11 +0800] "GET /xingrg/kc/buy/cgsh_order_operate.html?command=get_materiel&rest_code=00108&code=00101008155&supplier_code=00100008&order_time=2020-10-09 HTTP/1.1" 200 408
114.88.166.242 - - [09/Oct/2020:10:19:13 +0800] "GET /xingrg/kc/buy/cgsh_order_operate.html?command=get_materiel&rest_code=00111&code=00101005054&supplier_code=00100347&order_time=2020-10-09 HTTP/1.1" 200 412
222.69.130.159 - - [09/Oct/2020:10:19:14 +0800] "POST /xingrg/kc/buy/cgsh_order_operate.html HTTP/1.1" 200 37
222.69.130.159 - - [09/Oct/2020:10:19:17 +0800] "POST /xingrg/kc/buy/cgsh_order_operate.html HTTP/1.1" 200 10761
222.69.139.222 - - [09/Oct/2020:10:19:21 +0800] "GET /xingrg/check_reg.html?_=1602209951624 HTTP/1.1" 200 22
222.69.139.222 - - [09/Oct/2020:10:19:21 +0800] "GET /xingrg/all/function/internal_message.html?_=1602209951626&CODE_STATE=getMsg HTTP/1.1" 200 27
114.88.166.242 - - [09/Oct/2020:10:19:22 +0800] "GET /xingrg/kc/buy/cgsh_order_operate.html?command=get_materiel&rest_code=00111&code=00101012046&supplier_code=00100347&order_time=2020-10-09 HTTP/1.1" 200 436
114.86.230.151 - - [09/Oct/2020:10:19:22 +0800] "GET /xingrg/all/function/internal_message.html?_=1602210054734&CODE_STATE=getMsg HTTP/1.1" 200 27
180.174.56.115 - - [09/Oct/2020:10:19:26 +0800] "GET /xingrg/all/function/internal_message.html?_=1602209936143&CODE_STATE=getMsg HTTP/1.1" 200 27
114.88.166.242 - - [09/Oct/2020:10:19:30 +0800] "GET /xingrg/kc/buy/cgsh_order_operate.html?command=get_materiel&rest_code=00111&code=00102002167&supplier_code=00100347&order_time=2020-10-09 HTTP/1.1" 200 409
222.69.130.159 - - [09/Oct/2020:10:19:33 +0800] "POST /xingrg/kc/buy/cgsh_order_operate.html HTTP/1.1" 200 37
124.77.70.31 - - [09/Oct/2020:10:19:34 +0800] "GET /xingrg/all/function/internal_message.html?_=1602209962883&CODE_STATE=getMsg HTTP/1.1" 200 27
222.69.130.159 - - [09/Oct/2020:10:19:35 +0800] "GET /xingrg/all/function/internal_message.html?_=1602209974293&CODE_STATE=getMsg HTTP/1.1" 200 27
222.69.130.159 - - [09/Oct/2020:10:19:36 +0800] "POST /xingrg/kc/buy/cgsh_order_operate.html HTTP/1.1" 200 12
117.184.7.30 - - [09/Oct/2020:10:19:37 +0800] "GET /xingrg/kc/buy/cgsh_order_operate.html?command=get_materiel&rest_code=00108&code=00101008185&supplier_code=00100008&order_time=2020-10-09 HTTP/1.1" 200 408
180.162.245.190 - - [09/Oct/2020:10:19:38 +0800] "GET /xingrg/all/function/internal_message.html?_=1602209975500&CODE_STATE=getMsg HTTP/1.1" 200 27
222.69.130.159 - - [09/Oct/2020:10:19:38 +0800] "GET /xingrg/kc/buy/cgsh_order_info.html?code=212020100301451 HTTP/1.1" 200 53956
222.69.130.159 - - [09/Oct/2020:10:19:38 +0800] "GET /xingrg/words/20201009092426_words.js HTTP/1.1" 304 -
222.69.130.159 - - [09/Oct/2020:10:19:38 +0800] "GET /xingrg/javascript/easyui/themes/default/validatebox.css HTTP/1.1" 404 1104
172.17.0.120 - - [09/Oct/2020:10:19:38 +0800] "GET /xingrg/all/function/internal_message.html?_=1602209973391&CODE_STATE=getMsg HTTP/1.1" 200 27
114.88.166.242 - - [09/Oct/2020:10:19:39 +0800] "POST /xingrg/kc/buy/cgsh_order_operate.html HTTP/1.1" 200 37
222.69.130.159 - - [09/Oct/2020:10:19:39 +0800] "POST /xingrg/kc/buy/cgsh_order_operate.html HTTP/1.1" 200 8706
114.88.166.242 - - [09/Oct/2020:10:19:39 +0800] "POST /xingrg/kc/buy/cgsh_order_operate.html HTTP/1.1" 200 3853
222.69.130.159 - - [09/Oct/2020:10:19:40 +0800] "GET /xingrg/kc/print/load_config.html?kc_code=cgsh HTTP/1.1" 200 1845
222.69.130.159 - - [09/Oct/2020:10:19:40 +0800] "GET /xingrg/kc/print/load_data.html?order_code=212020100301451&kc_code=cgsh&condition= HTTP/1.1" 200 4012
114.88.166.242 - - [09/Oct/2020:10:19:42 +0800] "GET /xingrg/kc/print/load_data.html?order_code=212020100903803&kc_code=cgsh&condition= HTTP/1.1" 200 1123
61.129.6.203 - - [09/Oct/2020:10:19:44 +0800] "GET /xingrg/all/function/internal_message.html?_=1602209281392&CODE_STATE=getMsg HTTP/1.1" 302 -
117.184.7.30 - - [09/Oct/2020:10:19:45 +0800] "GET /xingrg/kc/buy/cgsh_order_operate.html?command=get_materiel&rest_code=00108&code=00101008110&supplier_code=00100008&order_time=2020-10-09 HTTP/1.1" 200 408
218.81.217.115 - - [09/Oct/2020:10:19:46 +0800] "GET /favicon.ico HTTP/1.1" 404 -
180.174.56.115 - - [09/Oct/2020:10:19:46 +0800] "GET /xingrg/all/function/internal_message.html?_=1602209982451&CODE_STATE=getMsg HTTP/1.1" 200 27
117.184.7.30 - - [09/Oct/2020:10:19:46 +0800] "GET /xingrg/all/function/internal_message.html?_=1602209972843&CODE_STATE=getMsg HTTP/1.1" 200 27
218.81.217.115 - - [09/Oct/2020:10:19:48 +0800] "GET /xingrg/login.html HTTP/1.1" 200 7641
117.184.7.30 - - [09/Oct/2020:10:19:51 +0800] "GET /xingrg/kc/buy/cgsh_order_operate.html?command=get_materiel&rest_code=00108&code=00101008038&supplier_code=00100008&order_time=2020-10-09 HTTP/1.1" 200 412
114.88.166.242 - - [09/Oct/2020:10:19:51 +0800] "GET /xingrg/all/function/internal_message.html?_=1602210070562&CODE_STATE=getMsg HTTP/1.1" 200 27
114.88.166.242 - - [09/Oct/2020:10:19:52 +0800] "GET /xingrg/kc/mdqp/pssh_order_list.html HTTP/1.1" 200 17915
218.81.217.115 - - [09/Oct/2020:10:19:52 +0800] "GET /favicon.ico HTTP/1.1" 404 -
114.88.166.242 - - [09/Oct/2020:10:19:52 +0800] "POST /xingrg/kc/mdqp/pssh_list_operate.html HTTP/1.1" 200 5486
61.129.6.203 - - [09/Oct/2020:10:19:52 +0800] "GET /xingrg/login.html HTTP/1.1" 200 7641
218.81.217.115 - - [09/Oct/2020:10:19:52 +0800] "GET /xingrg/login.html HTTP/1.1" 200 7641
58.37.8.227 - - [09/Oct/2020:10:19:52 +0800] "GET /xingrg/all/function/internal_message.html?_=1602210001083&CODE_STATE=getMsg HTTP/1.1" 200 27
218.81.217.115 - - [09/Oct/2020:10:19:52 +0800] "GET /favicon.ico HTTP/1.1" 404 -
114.88.166.242 - - [09/Oct/2020:10:19:53 +0800] "POST /xingrg/kc/mdqp/pssh_list_operate.html HTTP/1.1" 200 272
114.88.166.242 - - [09/Oct/2020:10:19:53 +0800] "GET /xingrg/kc/mdqp/pssh_order_info.html?code=312020100500143 HTTP/1.1" 200 17266
114.88.166.242 - - [09/Oct/2020:10:19:53 +0800] "GET /xingrg/javascript/jquery_tools/jquery-1.4.2.min.js HTTP/1.1" 404 1094
114.88.166.242 - - [09/Oct/2020:10:19:53 +0800] "GET /xingrg/all/common/auto_word.html?type=base&rest_code=00111&rest_code=00111 HTTP/1.1" 200 1753
114.88.166.242 - - [09/Oct/2020:10:19:53 +0800] "GET /xingrg/javascript/easyui/themes/default/validatebox.css HTTP/1.1" 404 1104
114.88.166.242 - - [09/Oct/2020:10:19:53 +0800] "POST /xingrg/kc/mdqp/pssh_order_operate.html HTTP/1.1" 200 540
124.77.70.31 - - [09/Oct/2020:10:19:54 +0800] "GET /xingrg/all/function/internal_message.html?_=1602209990593&CODE_STATE=getMsg HTTP/1.1" 200 27
124.77.70.31 - - [09/Oct/2020:10:19:55 +0800] "GET /xingrg/check_reg.html?_=1602209990594 HTTP/1.1" 200 22
114.88.166.242 - - [09/Oct/2020:10:19:55 +0800] "POST /xingrg/all/common/load_combo.html?type=base&rest_code=00111 HTTP/1.1" 200 3142
58.40.7.146 - - [09/Oct/2020:10:19:55 +0800] "GET /xingrg/all/function/internal_message.html?_=1602209991398&CODE_STATE=getMsg HTTP/1.1" 200 27
117.184.7.30 - - [09/Oct/2020:10:19:56 +0800] "GET /xingrg/kc/buy/cgsh_order_operate.html?command=get_materiel&rest_code=00108&code=00101008361&supplier_code=00100008&order_time=2020-10-09 HTTP/1.1" 200 408
58.40.7.146 - - [09/Oct/2020:10:19:57 +0800] "GET /xingrg/check_reg.html?_=1602209992934 HTTP/1.1" 200 22
58.40.7.146 - - [09/Oct/2020:10:19:57 +0800] "GET /xingrg/all/function/internal_message.html?_=1602209992936&CODE_STATE=getMsg HTTP/1.1" 200 27
172.17.200.101 - - [09/Oct/2020:10:20:00 +0800] "GET /xingrg/all/function/internal_message.html?_=1602209997924&CODE_STATE=getMsg HTTP/1.1" 200 27
172.17.0.240 - - [09/Oct/2020:10:20:01 +0800] "GET /xingrg/all/function/internal_message.html?_=1602209995719&CODE_STATE=getMsg HTTP/1.1" 200 27
117.184.7.30 - - [09/Oct/2020:10:20:01 +0800] "GET /xingrg/kc/buy/cgsh_order_operate.html?command=get_materiel&rest_code=00108&code=00101008355&supplier_code=00100008&order_time=2020-10-09 HTTP/1.1" 200 408
218.81.217.115 - - [09/Oct/2020:10:20:03 +0800] "POST /xingrg/login.do HTTP/1.1" 302 -
172.17.0.123 - - [09/Oct/2020:10:20:03 +0800] "GET /xingrg/all/function/internal_message.html?_=1602209977732&CODE_STATE=getMsg HTTP/1.1" 200 27
218.81.217.115 - - [09/Oct/2020:10:20:03 +0800] "GET /xingrg/index.html?sysBaseUrl=http%3A%2F%2F180.169.147.146%3A18081%2Fxingrg%2F&costTime=39×tamp=1602210003188 HTTP/1.1" 200 17179
218.81.217.115 - - [09/Oct/2020:10:20:03 +0800] "GET /xingrg/javascript/jquery_easy_ui/themes/default/easyui.css HTTP/1.1" 304 -
218.81.217.115 - - [09/Oct/2020:10:20:03 +0800] "GET /xingrg/javascript/jquery_easy_ui/themes/icon.css HTTP/1.1" 304 -
218.81.217.115 - - [09/Oct/2020:10:20:03 +0800] "GET /xingrg/css/form.css HTTP/1.1" 304 -
218.81.217.115 - - [09/Oct/2020:10:20:03 +0800] "GET /xingrg/javascript/jquery-1.4.2.min.js HTTP/1.1" 304 -
218.81.217.115 - - [09/Oct/2020:10:20:03 +0800] "GET /xingrg/javascript/jquery_easy_ui/easyui-lang-zh_CN.js HTTP/1.1" 304 -
218.81.217.115 - - [09/Oct/2020:10:20:03 +0800] "GET /xingrg/javascript/jquery_easy_ui/jquery.easyui.min.js HTTP/1.1" 304 -
218.81.217.115 - - [09/Oct/2020:10:20:03 +0800] "GET /xingrg/javascript/jquery.form.js HTTP/1.1" 304 -
218.81.217.115 - - [09/Oct/2020:10:20:03 +0800] "GET /xingrg/javascript/jquery.utils.js HTTP/1.1" 304 -
218.81.217.115 - - [09/Oct/2020:10:20:03 +0800] "GET /xingrg/javascript/jquery.timers.js HTTP/1.1" 304 -
218.81.217.115 - - [09/Oct/2020:10:20:03 +0800] "GET /favicon.ico HTTP/1.1" 404 -
218.81.217.115 - - [09/Oct/2020:10:20:03 +0800] "GET /xingrg/images/blue/navBackgound.jpg HTTP/1.1" 304 -
218.81.217.115 - - [09/Oct/2020:10:20:03 +0800] "GET /xingrg/javascript/jquery_easy_ui/themes/icons/settle_new.png HTTP/1.1" 304 -
218.81.217.115 - - [09/Oct/2020:10:20:04 +0800] "POST /xingrg/all/common/load_tree.html?tree=area_rest_tree_json&manage=1 HTTP/1.1" 200 351
218.81.217.115 - - [09/Oct/2020:10:20:04 +0800] "GET /xingrg/images/blue/pingpu.png HTTP/1.1" 304 -
218.81.217.115 - - [09/Oct/2020:10:20:04 +0800] "GET /xingrg/javascript/jquery_easy_ui/themes/default/images/tabs_leftarrow.png HTTP/1.1" 304 -
218.81.217.115 - - [09/Oct/2020:10:20:04 +0800] "GET /xingrg/javascript/jquery_easy_ui/themes/default/images/tabs_rightarrow.png HTTP/1.1" 304 -
218.81.217.115 - - [09/Oct/2020:10:20:04 +0800] "GET /xingrg/javascript/jquery_easy_ui/themes/default/images/panel_tool_collapse.gif HTTP/1.1" 304 -
218.81.217.115 - - [09/Oct/2020:10:20:04 +0800] "GET /xingrg/all/function/internal_message.html?_=1602210021600&CODE_STATE=count HTTP/1.1" 200 11
218.81.217.115 - - [09/Oct/2020:10:20:04 +0800] "GET /xingrg/check_reg.html?_=1602210021601 HTTP/1.1" 200 22
218.81.217.115 - - [09/Oct/2020:10:20:04 +0800] "POST /xingrg/load_menu.html HTTP/1.1" 200 5138
218.81.217.115 - - [09/Oct/2020:10:20:04 +0800] "GET /xingrg/javascript/jquery_easy_ui/themes/default/images/tree_arrows.gif HTTP/1.1" 304 -
218.81.217.115 - - [09/Oct/2020:10:20:04 +0800] "GET /xingrg/javascript/jquery_easy_ui/themes/default/images/tree_folder_open.gif HTTP/1.1" 304 -
218.81.217.115 - - [09/Oct/2020:10:20:04 +0800] "GET /xingrg/javascript/jquery_easy_ui/themes/icons/search_new.png HTTP/1.1" 304 -
218.81.217.115 - - [09/Oct/2020:10:20:04 +0800] "GET /xingrg/javascript/jquery_easy_ui/themes/default/images/tree_folder.gif HTTP/1.1" 304 -
218.81.217.115 - - [09/Oct/2020:10:20:04 +0800] "GET /xingrg/javascript/jquery_easy_ui/themes/icons/storage_new.png HTTP/1.1" 304 -
218.81.217.115 - - [09/Oct/2020:10:20:04 +0800] "GET /xingrg/javascript/jquery_easy_ui/themes/icons/forms_new.png HTTP/1.1" 304 -
218.81.217.115 - - [09/Oct/2020:10:20:04 +0800] "GET /xingrg/javascript/jquery_easy_ui/themes/default/images/tree_file.gif HTTP/1.1" 304 -
172.17.0.115 - - [09/Oct/2020:10:20:06 +0800] "GET /xingrg/all/function/internal_message.html?_=1602210018054&CODE_STATE=getMsg HTTP/1.1" 200 27
101.85.228.253 - - [09/Oct/2020:10:20:07 +0800] "GET /xingrg/all/function/internal_message.html?_=1602210219648&CODE_STATE=getMsg HTTP/1.1" 200 27
114.88.166.242 - - [09/Oct/2020:10:20:07 +0800] "POST /xingrg/kc/mdqp/pssh_order_operate.html HTTP/1.1" 200 37
114.88.166.242 - - [09/Oct/2020:10:20:08 +0800] "POST /xingrg/kc/mdqp/pssh_order_operate.html HTTP/1.1" 200 12
120.253.135.82 - - [09/Oct/2020:10:20:08 +0800] "GET /xingrg/check_reg.html?_=1602209752788 HTTP/1.1" 200 22
120.253.135.82 - - [09/Oct/2020:10:20:08 +0800] "GET /xingrg/all/function/internal_message.html?_=1602209752909&CODE_STATE=getMsg HTTP/1.1" 200 27
117.184.7.30 - - [09/Oct/2020:10:20:08 +0800] "GET /xingrg/kc/buy/cgsh_order_operate.html?command=get_materiel&rest_code=00108&code=00101008004&supplier_code=00100008&order_time=2020-10-09 HTTP/1.1" 200 416
114.88.166.242 - - [09/Oct/2020:10:20:08 +0800] "GET /xingrg/kc/mdqp/pssh_order_info.html?code=312020100500143 HTTP/1.1" 200 14382
114.88.166.242 - - [09/Oct/2020:10:20:08 +0800] "GET /xingrg/javascript/jquery_tools/jquery-1.4.2.min.js HTTP/1.1" 404 1094
114.88.166.242 - - [09/Oct/2020:10:20:09 +0800] "GET /xingrg/javascript/easyui/themes/default/validatebox.css HTTP/1.1" 404 1104
114.88.166.242 - - [09/Oct/2020:10:20:09 +0800] "POST /xingrg/kc/mdqp/pssh_order_operate.html HTTP/1.1" 200 540
114.88.166.242 - - [09/Oct/2020:10:20:10 +0800] "GET /xingrg/kc/print/load_config.html?kc_code=pssh HTTP/1.1" 200 2290
114.88.166.242 - - [09/Oct/2020:10:20:10 +0800] "GET /xingrg/kc/print/load_data.html?order_code=312020100500143&kc_code=pssh&condition= HTTP/1.1" 200 659
218.81.217.115 - - [09/Oct/2020:10:20:11 +0800] "GET /xingrg/kc/buy/buy_main.html HTTP/1.1" 200 12412
218.81.217.115 - - [09/Oct/2020:10:20:11 +0800] "GET /xingrg/javascript/jquery_easy_ui/themes/default/images/tabs_close.gif HTTP/1.1" 304 -
218.81.217.115 - - [09/Oct/2020:10:20:11 +0800] "GET /xingrg/css/new_ie.css HTTP/1.1" 404 1036
218.81.217.115 - - [09/Oct/2020:10:20:11 +0800] "GET /xingrg/javascript/pic_change.js HTTP/1.1" 304 -
218.81.217.115 - - [09/Oct/2020:10:20:11 +0800] "GET /xingrg/javascript/ToolTips.js HTTP/1.1" 304 -
218.81.217.115 - - [09/Oct/2020:10:20:11 +0800] "GET /xingrg/javascript/myfunction.js HTTP/1.1" 304 -
218.81.217.115 - - [09/Oct/2020:10:20:11 +0800] "GET /xingrg/javascript/jquery_ui/jquery-ui.min.js HTTP/1.1" 200 186181
218.81.217.115 - - [09/Oct/2020:10:20:11 +0800] "GET /xingrg/css/blue.css HTTP/1.1" 304 -
218.81.217.115 - - [09/Oct/2020:10:20:11 +0800] "GET /xingrg/javascript/jquery_ui/themes/humanity/humanity.css HTTP/1.1" 200 27801
218.81.217.115 - - [09/Oct/2020:10:20:11 +0800] "GET /xingrg/images/blue/button/cgxqd.gif HTTP/1.1" 200 2619
218.81.217.115 - - [09/Oct/2020:10:20:11 +0800] "GET /xingrg/images/blue/button/cgfkd.gif HTTP/1.1" 200 2075
218.81.217.115 - - [09/Oct/2020:10:20:11 +0800] "GET /xingrg/images/blue/button/cgydd.gif HTTP/1.1" 200 2712
218.81.217.115 - - [09/Oct/2020:10:20:11 +0800] "GET /xingrg/images/blue/button/kc.gif HTTP/1.1" 200 2160
218.81.217.115 - - [09/Oct/2020:10:20:11 +0800] "GET /xingrg/images/blue/button/cgshd.gif HTTP/1.1" 200 2618
218.81.217.115 - - [09/Oct/2020:10:20:11 +0800] "GET /xingrg/images/blue/pic_form2.gif HTTP/1.1" 200 1853
218.81.217.115 - - [09/Oct/2020:10:20:11 +0800] "GET /xingrg/images/blue/button/ckthd.gif HTTP/1.1" 200 2045
218.81.217.115 - - [09/Oct/2020:10:20:11 +0800] "GET /xingrg/javascript/jquery_ui/themes/humanity/images/ui-bg_inset-soft_100_f4f0ec_1x100.png HTTP/1.1" 200 141
218.81.217.115 - - [09/Oct/2020:10:20:11 +0800] "GET /xingrg/images/blue/bg_dotted.jpg HTTP/1.1" 200 319
218.81.217.115 - - [09/Oct/2020:10:20:11 +0800] "GET /xingrg/images/blue/button/right_ah.jpg HTTP/1.1" 200 1744
218.81.217.115 - - [09/Oct/2020:10:20:11 +0800] "GET /xingrg/images/blue/button/down_ah.jpg HTTP/1.1" 200 1732
218.81.217.115 - - [09/Oct/2020:10:20:11 +0800] "GET /xingrg/javascript/jquery_ui/themes/humanity/images/ui-iconsnew.jpg HTTP/1.1" 200 337
218.81.217.115 - - [09/Oct/2020:10:20:11 +0800] "GET /xingrg/javascript/jquery_ui/themes/humanity/images/ui-icons_ffffff_256x240.png HTTP/1.1" 200 4369
218.81.217.115 - - [09/Oct/2020:10:20:11 +0800] "GET /xingrg/javascript/jquery_ui/themes/humanity/images/ui-icons_c47a23_256x240.png HTTP/1.1" 200 5355
218.81.217.115 - - [09/Oct/2020:10:20:11 +0800] "GET /xingrg/javascript/jquery_ui/themes/humanity/images/ui-bg_glass_70_ede4d4_1x400.png HTTP/1.1" 200 161
218.81.217.115 - - [09/Oct/2020:10:20:11 +0800] "GET /xingrg/images/yd/bt.gif HTTP/1.1" 404 1040
218.81.217.115 - - [09/Oct/2020:10:20:12 +0800] "GET /xingrg/css/site.css HTTP/1.1" 304 -
218.81.217.115 - - [09/Oct/2020:10:20:12 +0800] "GET /xingrg/javascript/jquery_tools/datebox.css HTTP/1.1" 304 -
218.81.217.115 - - [09/Oct/2020:10:20:12 +0800] "GET /xingrg/javascript/easyui/themes/default/easyui.css HTTP/1.1" 304 -
218.81.217.115 - - [09/Oct/2020:10:20:12 +0800] "GET /xingrg/javascript/easyui/themes/icon.css HTTP/1.1" 304 -
218.81.217.115 - - [09/Oct/2020:10:20:12 +0800] "GET /xingrg/javascript/auto/jquery.autocomplete.css HTTP/1.1" 304 -
218.81.217.115 - - [09/Oct/2020:10:20:12 +0800] "GET /xingrg/javascript/jquery_tools/fix.css HTTP/1.1" 304 -
218.81.217.115 - - [09/Oct/2020:10:20:12 +0800] "GET /xingrg/javascript/jquery_tools/table.css HTTP/1.1" 304 -
218.81.217.115 - - [09/Oct/2020:10:20:12 +0800] "GET /xingrg/javascript/jquery_tools/jquery.tools.min.js HTTP/1.1" 304 -
218.81.217.115 - - [09/Oct/2020:10:20:12 +0800] "GET /xingrg/kc/buy/cgsh_order_list.html HTTP/1.1" 200 44206
218.81.217.115 - - [09/Oct/2020:10:20:12 +0800] "GET /xingrg/javascript/jquery_tools/jquery.tools.hotkey.js HTTP/1.1" 304 -
218.81.217.115 - - [09/Oct/2020:10:20:12 +0800] "GET /xingrg/javascript/jquery_tools/jquery.tools.table.js HTTP/1.1" 304 -
218.81.217.115 - - [09/Oct/2020:10:20:12 +0800] "GET /xingrg/javascript/jquery_tools/list_manager.js HTTP/1.1" 304 -
218.81.217.115 - - [09/Oct/2020:10:20:12 +0800] "GET /xingrg/javascript/jquery_tools/jquery.tools.extend.js HTTP/1.1" 304 -
218.81.217.115 - - [09/Oct/2020:10:20:12 +0800] "GET /xingrg/css/base.css HTTP/1.1" 304 -
218.81.217.115 - - [09/Oct/2020:10:20:12 +0800] "GET /xingrg/javascript/jquery.cookie.js HTTP/1.1" 304 -
218.81.217.115 - - [09/Oct/2020:10:20:12 +0800] "GET /xingrg/javascript/easyui/easyloader.js HTTP/1.1" 304 -
218.81.217.115 - - [09/Oct/2020:10:20:12 +0800] "GET /xingrg/javascript/print/LodopFuncs.js HTTP/1.1" 304 -
218.81.217.115 - - [09/Oct/2020:10:20:12 +0800] "GET /xingrg/javascript/auto/jquery.autocomplete.js HTTP/1.1" 304 -
218.81.217.115 - - [09/Oct/2020:10:20:14 +0800] "GET /xingrg/javascript/jquery_easy_ui/themes/icons/rest.png HTTP/1.1" 304 -
218.81.217.115 - - [09/Oct/2020:10:20:14 +0800] "GET /xingrg/javascript/jquery_easy_ui/themes/icons/area.png HTTP/1.1" 304 -
218.81.217.115 - - [09/Oct/2020:10:20:14 +0800] "GET /xingrg/javascript/easyui/plugins/jquery.parser.js HTTP/1.1" 304 -
218.81.217.115 - - [09/Oct/2020:10:20:15 +0800] "POST /xingrg/kc/buy/cgsh_list_operate.html HTTP/1.1" 200 876
117.184.7.30 - - [09/Oct/2020:10:20:17 +0800] "GET /xingrg/kc/buy/cgsh_order_operate.html?command=get_materiel&rest_code=00108&code=00101008264&supplier_code=00100008&order_time=2020-10-09 HTTP/1.1" 200 412
218.81.217.115 - - [09/Oct/2020:10:20:19 +0800] "GET /xingrg/javascript/jquery_tools/order_manager.js HTTP/1.1" 304 -
218.81.217.115 - - [09/Oct/2020:10:20:19 +0800] "GET /xingrg/javascript/json2.js HTTP/1.1" 304 -
218.81.217.115 - - [09/Oct/2020:10:20:19 +0800] "GET /xingrg/javascript/convert.js HTTP/1.1" 304 -
218.81.217.115 - - [09/Oct/2020:10:20:19 +0800] "GET /xingrg/javascript/print/kc_print.js HTTP/1.1" 304 -
218.81.217.115 - - [09/Oct/2020:10:20:19 +0800] "GET /xingrg/kc/buy/cgsh_order_add.html HTTP/1.1" 200 59944
218.81.217.115 - - [09/Oct/2020:10:20:19 +0800] "GET /xingrg/words/20201009092426_words.js HTTP/1.1" 200 768157
218.81.217.115 - - [09/Oct/2020:10:20:20 +0800] "POST /xingrg/kc/buy/cgsh_order_operate.html HTTP/1.1" 200 8245
218.81.217.115 - - [09/Oct/2020:10:20:20 +0800] "GET /xingrg/all/common/auto_word.html?type=employee&rest_code=00146 HTTP/1.1" 200 197
218.81.217.115 - - [09/Oct/2020:10:20:20 +0800] "GET /xingrg/javascript/easyui/themes/default/validatebox.css HTTP/1.1" 404 1104
218.81.217.115 - - [09/Oct/2020:10:20:20 +0800] "GET /xingrg/all/common/auto_word.html?type=employee&rest_code=00146 HTTP/1.1" 200 197
218.81.217.115 - - [09/Oct/2020:10:20:20 +0800] "GET /xingrg/javascript/easyui/plugins/jquery.validatebox.js HTTP/1.1" 304 -
218.81.217.115 - - [09/Oct/2020:10:20:20 +0800] "GET /xingrg/javascript/easyui/plugins/jquery.numberbox.js HTTP/1.1" 304 -
114.86.230.151 - - [09/Oct/2020:10:20:20 +0800] "GET /xingrg/all/function/internal_message.html?_=1602210114734&CODE_STATE=getMsg HTTP/1.1" 200 27
222.69.139.222 - - [09/Oct/2020:10:20:21 +0800] "GET /xingrg/all/function/internal_message.html?_=1602210011614&CODE_STATE=getMsg HTTP/1.1" 200 27
218.81.217.115 - - [09/Oct/2020:10:20:23 +0800] "GET /xingrg/javascript/auto/indicator.gif HTTP/1.1" 404 1066
180.174.56.115 - - [09/Oct/2020:10:20:26 +0800] "GET /xingrg/all/function/internal_message.html?_=1602209996156&CODE_STATE=getMsg HTTP/1.1" 200 27
58.37.8.227 - - [09/Oct/2020:10:20:26 +0800] "GET /xingrg/check_reg.html?_=1602210034677 HTTP/1.1" 200 22
218.81.217.115 - - [09/Oct/2020:10:20:26 +0800] "GET /xingrg/javascript/jquery_tools/images/prev.gif HTTP/1.1" 404 1086
218.81.217.115 - - [09/Oct/2020:10:20:26 +0800] "GET /xingrg/javascript/jquery_tools/images/next.gif HTTP/1.1" 404 1086
124.77.70.31 - - [09/Oct/2020:10:20:34 +0800] "GET /xingrg/all/function/internal_message.html?_=1602210022857&CODE_STATE=getMsg HTTP/1.1" 200 27
222.69.130.159 - - [09/Oct/2020:10:20:35 +0800] "GET /xingrg/all/function/internal_message.html?_=1602210034286&CODE_STATE=getMsg HTTP/1.1" 200 27
218.81.217.115 - - [09/Oct/2020:10:20:36 +0800] "GET /xingrg/kc/buy/cgsh_order_operate.html?command=get_materiel&rest_code=00146&code=00101001125&supplier_code=00100090&order_time=2020-10-09 HTTP/1.1" 200 415
180.162.245.190 - - [09/Oct/2020:10:20:38 +0800] "GET /xingrg/all/function/internal_message.html?_=1602210035499&CODE_STATE=getMsg HTTP/1.1" 200 27
172.17.0.120 - - [09/Oct/2020:10:20:38 +0800] "GET /xingrg/all/function/internal_message.html?_=1602210033386&CODE_STATE=getMsg HTTP/1.1" 200 27
172.17.0.120 - - [09/Oct/2020:10:20:38 +0800] "GET /xingrg/check_reg.html?_=1602210033390 HTTP/1.1" 200 22
117.184.7.30 - - [09/Oct/2020:10:20:40 +0800] "GET /xingrg/kc/buy/cgsh_order_operate.html?command=get_materiel&rest_code=00108&code=00101008033&supplier_code=00100008&order_time=2020-10-09 HTTP/1.1" 200 408
117.184.7.30 - - [09/Oct/2020:10:20:46 +0800] "GET /xingrg/kc/buy/cgsh_order_operate.html?command=get_materiel&rest_code=00108&code=00101008230&supplier_code=00100008&order_time=2020-10-09 HTTP/1.1" 200 408
180.174.56.115 - - [09/Oct/2020:10:20:46 +0800] "GET /xingrg/all/function/internal_message.html?_=1602210042500&CODE_STATE=getMsg HTTP/1.1" 200 27
117.184.7.30 - - [09/Oct/2020:10:20:46 +0800] "GET /xingrg/all/function/internal_message.html?_=1602210032827&CODE_STATE=getMsg HTTP/1.1" 200 27
114.88.166.242 - - [09/Oct/2020:10:20:51 +0800] "GET /xingrg/all/function/internal_message.html?_=1602210130537&CODE_STATE=getMsg HTTP/1.1" 200 27
218.81.217.115 - - [09/Oct/2020:10:20:52 +0800] "GET /xingrg/kc/buy/cgsh_order_operate.html?command=get_materiel&rest_code=00146&code=00101001140&supplier_code=00100090&order_time=2020-10-09 HTTP/1.1" 200 415
58.37.8.227 - - [09/Oct/2020:10:20:52 +0800] "GET /xingrg/all/function/internal_message.html?_=1602210061083&CODE_STATE=getMsg HTTP/1.1" 200 27
124.77.70.31 - - [09/Oct/2020:10:20:55 +0800] "GET /xingrg/all/function/internal_message.html?_=1602210050597&CODE_STATE=getMsg HTTP/1.1" 200 27
117.184.7.30 - - [09/Oct/2020:10:20:55 +0800] "GET /xingrg/kc/buy/cgsh_order_operate.html?command=get_materiel&rest_code=00108&code=00101008286&supplier_code=00100008&order_time=2020-10-09 HTTP/1.1" 200 408
58.40.7.146 - - [09/Oct/2020:10:20:55 +0800] "GET /xingrg/all/function/internal_message.html?_=1602210051369&CODE_STATE=getMsg HTTP/1.1" 200 27
58.40.7.146 - - [09/Oct/2020:10:20:57 +0800] "GET /xingrg/all/function/internal_message.html?_=1602210052921&CODE_STATE=getMsg HTTP/1.1" 200 27
172.17.200.101 - - [09/Oct/2020:10:21:00 +0800] "GET /xingrg/all/function/internal_message.html?_=1602210057927&CODE_STATE=getMsg HTTP/1.1" 200 27
172.17.0.240 - - [09/Oct/2020:10:21:01 +0800] "GET /xingrg/all/function/internal_message.html?_=1602210055723&CODE_STATE=getMsg HTTP/1.1" 200 27
117.184.7.30 - - [09/Oct/2020:10:21:02 +0800] "GET /xingrg/kc/buy/cgsh_order_operate.html?command=get_materiel&rest_code=00108&code=00101008353&supplier_code=00100008&order_time=2020-10-09 HTTP/1.1" 200 408
172.17.0.123 - - [09/Oct/2020:10:21:03 +0800] "GET /xingrg/all/function/internal_message.html?_=1602210037734&CODE_STATE=getMsg HTTP/1.1" 200 27
218.81.217.115 - - [09/Oct/2020:10:21:04 +0800] "GET /xingrg/all/function/internal_message.html?_=1602210081748&CODE_STATE=getMsg HTTP/1.1" 200 27
172.17.0.115 - - [09/Oct/2020:10:21:06 +0800] "GET /xingrg/all/function/internal_message.html?_=1602210078082&CODE_STATE=getMsg HTTP/1.1" 200 27
101.85.228.253 - - [09/Oct/2020:10:21:07 +0800] "GET /xingrg/all/function/internal_message.html?_=1602210279659&CODE_STATE=getMsg HTTP/1.1" 200 27
218.81.217.115 - - [09/Oct/2020:10:21:07 +0800] "GET /xingrg/kc/buy/cgsh_order_operate.html?command=get_materiel&rest_code=00146&code=00101001049&supplier_code=00100090&order_time=2020-10-09 HTTP/1.1" 200 415
120.253.135.82 - - [09/Oct/2020:10:21:08 +0800] "GET /xingrg/all/function/internal_message.html?_=1602209812924&CODE_STATE=getMsg HTTP/1.1" 200 27
117.184.7.30 - - [09/Oct/2020:10:21:13 +0800] "GET /xingrg/kc/buy/cgsh_order_operate.html?command=get_materiel&rest_code=00108&code=00101008125&supplier_code=00100008&order_time=2020-10-09 HTTP/1.1" 200 413
114.86.230.151 - - [09/Oct/2020:10:21:17 +0800] "GET /xingrg/all/function/internal_message.html?_=1602210174734&CODE_STATE=getMsg HTTP/1.1" 200 27
222.69.139.222 - - [09/Oct/2020:10:21:21 +0800] "GET /xingrg/all/function/internal_message.html?_=1602210071622&CODE_STATE=getMsg HTTP/1.1" 200 27
114.88.166.242 - - [09/Oct/2020:10:21:24 +0800] "GET /xingrg/check_reg.html?_=1602210070192 HTTP/1.1" 302 -
180.174.56.115 - - [09/Oct/2020:10:21:26 +0800] "GET /xingrg/all/function/internal_message.html?_=1602210056174&CODE_STATE=getMsg HTTP/1.1" 200 27
117.184.7.30 - - [09/Oct/2020:10:21:29 +0800] "POST /xingrg/kc/buy/cgsh_order_operate.html HTTP/1.1" 200 37
117.184.7.30 - - [09/Oct/2020:10:21:30 +0800] "POST /xingrg/kc/buy/cgsh_order_operate.html HTTP/1.1" 200 9730
172.17.0.115 - - [09/Oct/2020:10:21:31 +0800] "GET /xingrg/check_reg.html?_=1602210102951 HTTP/1.1" 200 22
124.77.70.31 - - [09/Oct/2020:10:21:34 +0800] "GET /xingrg/all/function/internal_message.html?_=1602210082839&CODE_STATE=getMsg HTTP/1.1" 200 27
222.69.130.159 - - [09/Oct/2020:10:21:35 +0800] "GET /xingrg/all/function/internal_message.html?_=1602210094265&CODE_STATE=getMsg HTTP/1.1" 200 27
117.184.7.30 - - [09/Oct/2020:10:21:36 +0800] "GET /xingrg/kc/buy/cgsh_order_operate.html?command=get_materiel&rest_code=00108&code=00101008072&supplier_code=00100008&order_time=2020-10-09 HTTP/1.1" 200 408
180.162.245.190 - - [09/Oct/2020:10:21:38 +0800] "GET /xingrg/all/function/internal_message.html?_=1602210095499&CODE_STATE=getMsg HTTP/1.1" 200 27
172.17.0.120 - - [09/Oct/2020:10:21:38 +0800] "GET /xingrg/all/function/internal_message.html?_=1602210093395&CODE_STATE=getMsg HTTP/1.1" 200 27
61.151.207.158 - - [09/Oct/2020:10:21:44 +0800] "GET /xingrg/all/function/internal_message.html?_=1602209401349&CODE_STATE=getMsg HTTP/1.1" 302 -
117.184.7.30 - - [09/Oct/2020:10:21:44 +0800] "GET /xingrg/kc/buy/cgsh_order_operate.html?command=get_materiel&rest_code=00108&code=00101008210&supplier_code=00100008&order_time=2020-10-09 HTTP/1.1" 200 408
180.174.56.115 - - [09/Oct/2020:10:21:46 +0800] "GET /xingrg/all/function/internal_message.html?_=1602210102548&CODE_STATE=getMsg HTTP/1.1" 200 27
117.184.7.30 - - [09/Oct/2020:10:21:46 +0800] "GET /xingrg/all/function/internal_message.html?_=1602210092837&CODE_STATE=getMsg HTTP/1.1" 200 27
218.81.217.115 - - [09/Oct/2020:10:21:49 +0800] "POST /xingrg/kc/buy/cgsh_order_operate.html HTTP/1.1" 200 37
218.81.217.115 - - [09/Oct/2020:10:21:50 +0800] "POST /xingrg/kc/buy/cgsh_order_operate.html HTTP/1.1" 200 3852
117.184.7.30 - - [09/Oct/2020:10:21:51 +0800] "GET /xingrg/kc/buy/cgsh_order_operate.html?command=get_materiel&rest_code=00108&code=00101008027&supplier_code=00100008&order_time=2020-10-09 HTTP/1.1" 200 408
61.151.207.158 - - [09/Oct/2020:10:21:51 +0800] "GET /xingrg/login.html HTTP/1.1" 200 7641
114.88.166.242 - - [09/Oct/2020:10:21:51 +0800] "GET /xingrg/all/function/internal_message.html?_=1602210190516&CODE_STATE=getMsg HTTP/1.1" 200 27
58.37.8.227 - - [09/Oct/2020:10:21:52 +0800] "GET /xingrg/all/function/internal_message.html?_=1602210121061&CODE_STATE=getMsg HTTP/1.1" 200 27
218.81.217.115 - - [09/Oct/2020:10:21:53 +0800] "GET /xingrg/kc/print/load_config.html?kc_code=cgsh HTTP/1.1" 200 1845
218.81.217.115 - - [09/Oct/2020:10:21:53 +0800] "GET /xingrg/kc/print/load_data.html?order_code=212020100903805&kc_code=cgsh&condition= HTTP/1.1" 200 1207
124.77.70.31 - - [09/Oct/2020:10:21:55 +0800] "GET /xingrg/all/function/internal_message.html?_=1602210110600&CODE_STATE=getMsg HTTP/1.1" 200 27
58.40.7.146 - - [09/Oct/2020:10:21:55 +0800] "GET /xingrg/all/function/internal_message.html?_=1602210111339&CODE_STATE=getMsg HTTP/1.1" 200 27
58.40.7.146 - - [09/Oct/2020:10:21:57 +0800] "GET /xingrg/all/function/internal_message.html?_=1602210112926&CODE_STATE=getMsg HTTP/1.1" 200 27
117.184.7.30 - - [09/Oct/2020:10:21:58 +0800] "GET /xingrg/kc/buy/cgsh_order_operate.html?command=get_materiel&rest_code=00108&code=00101008358&supplier_code=00100008&order_time=2020-10-09 HTTP/1.1" 200 412
172.17.200.101 - - [09/Oct/2020:10:22:00 +0800] "GET /xingrg/check_reg.html?_=1602210117918 HTTP/1.1" 200 22
172.17.200.101 - - [09/Oct/2020:10:22:00 +0800] "GET /xingrg/all/function/internal_message.html?_=1602210117921&CODE_STATE=getMsg HTTP/1.1" 200 27
172.17.0.240 - - [09/Oct/2020:10:22:01 +0800] "GET /xingrg/check_reg.html?_=1602210115709 HTTP/1.1" 200 22
172.17.0.240 - - [09/Oct/2020:10:22:01 +0800] "GET /xingrg/all/function/internal_message.html?_=1602210115713&CODE_STATE=getMsg HTTP/1.1" 200 27
172.17.0.123 - - [09/Oct/2020:10:22:03 +0800] "GET /xingrg/all/function/internal_message.html?_=1602210097720&CODE_STATE=getMsg HTTP/1.1" 200 27
117.184.7.30 - - [09/Oct/2020:10:22:03 +0800] "POST /xingrg/kc/buy/cgsh_order_operate.html HTTP/1.1" 200 2065
218.81.217.115 - - [09/Oct/2020:10:22:04 +0800] "GET /xingrg/all/function/internal_message.html?_=1602210141757&CODE_STATE=getMsg HTTP/1.1" 200 27
58.40.7.146 - - [09/Oct/2020:10:22:06 +0800] "GET /xingrg/check_reg.html?_=1602210122013 HTTP/1.1" 200 22
172.17.0.115 - - [09/Oct/2020:10:22:06 +0800] "GET /xingrg/all/function/internal_message.html?_=1602210138096&CODE_STATE=getMsg HTTP/1.1" 200 27
117.184.7.30 - - [09/Oct/2020:10:22:06 +0800] "GET /xingrg/kc/buy/cgsh_order_operate.html?command=get_materiel&rest_code=00108&code=00101008003&supplier_code=00100008&order_time=2020-10-09 HTTP/1.1" 200 408
101.85.228.253 - - [09/Oct/2020:10:22:07 +0800] "GET /xingrg/all/function/internal_message.html?_=1602210339865&CODE_STATE=getMsg HTTP/1.1" 200 27
120.253.135.82 - - [09/Oct/2020:10:22:08 +0800] "GET /xingrg/all/function/internal_message.html?_=1602209872937&CODE_STATE=getMsg HTTP/1.1" 200 27
218.81.217.115 - - [09/Oct/2020:10:22:13 +0800] "GET /xingrg/kc/buy/cgsh_order_add.html HTTP/1.1" 200 59944
218.81.217.115 - - [09/Oct/2020:10:22:13 +0800] "POST /xingrg/kc/buy/cgsh_order_operate.html HTTP/1.1" 200 8245
218.81.217.115 - - [09/Oct/2020:10:22:13 +0800] "GET /xingrg/javascript/easyui/themes/default/validatebox.css HTTP/1.1" 404 1104
114.86.230.151 - - [09/Oct/2020:10:22:14 +0800] "GET /xingrg/all/function/internal_message.html?_=1602210234734&CODE_STATE=getMsg HTTP/1.1" 200 27
222.69.139.222 - - [09/Oct/2020:10:22:21 +0800] "GET /xingrg/all/function/internal_message.html?_=1602210131621&CODE_STATE=getMsg HTTP/1.1" 200 27
61.129.6.225 - - [09/Oct/2020:10:22:26 +0800] "GET /xingrg/all/function/internal_message.html?_=1602209461322&CODE_STATE=getMsg HTTP/1.1" 302 -
180.174.56.115 - - [09/Oct/2020:10:22:26 +0800] "GET /xingrg/all/function/internal_message.html?_=1602210116183&CODE_STATE=getMsg HTTP/1.1" 200 27
117.184.7.30 - - [09/Oct/2020:10:22:29 +0800] "GET /xingrg/kc/buy/cgsh_order_operate.html?command=get_materiel&rest_code=00108&code=00101008372&supplier_code=00100008&order_time=2020-10-09 HTTP/1.1" 200 408
61.129.6.225 - - [09/Oct/2020:10:22:32 +0800] "GET /xingrg/login.html HTTP/1.1" 200 7641
222.69.130.159 - - [09/Oct/2020:10:22:33 +0800] "GET /xingrg/kc/base/wldb_order_list.html HTTP/1.1" 200 19384
222.69.130.159 - - [09/Oct/2020:10:22:34 +0800] "POST /xingrg/kc/base/wldb_list_operate.html HTTP/1.1" 200 3376
124.77.70.31 - - [09/Oct/2020:10:22:34 +0800] "GET /xingrg/all/function/internal_message.html?_=1602210142812&CODE_STATE=getMsg HTTP/1.1" 200 27
222.69.130.159 - - [09/Oct/2020:10:22:35 +0800] "GET /xingrg/all/function/internal_message.html?_=1602210154244&CODE_STATE=getMsg HTTP/1.1" 200 27
222.69.130.159 - - [09/Oct/2020:10:22:37 +0800] "POST /xingrg/kc/buy/cgsh_list_operate.html HTTP/1.1" 200 3466
222.69.130.159 - - [09/Oct/2020:10:22:38 +0800] "POST /xingrg/kc/base/wldb_list_operate.html HTTP/1.1" 200 284
180.162.245.190 - - [09/Oct/2020:10:22:38 +0800] "GET /xingrg/all/function/internal_message.html?_=1602210155498&CODE_STATE=getMsg HTTP/1.1" 200 27
