180.174.56.115 - - [07/Oct/2020:10:10:47 +0800] "GET /xingrg/javascript/jquery_easy_ui/themes/default/images/menu_downarrow.png HTTP/1.1" 304 -
180.174.56.115 - - [07/Oct/2020:10:10:47 +0800] "GET /xingrg/javascript/jquery_easy_ui/themes/default/images/combo_arrow_dot.gif HTTP/1.1" 304 -
180.174.56.115 - - [07/Oct/2020:10:10:47 +0800] "GET /xingrg/images/blue/button/kc_tab_add.gif HTTP/1.1" 304 -
180.174.56.115 - - [07/Oct/2020:10:10:47 +0800] "GET /xingrg/images/blue/button/kc_tab_edit.gif HTTP/1.1" 304 -
180.174.56.115 - - [07/Oct/2020:10:10:47 +0800] "GET /xingrg/images/blue/button/kc_tab_save.gif HTTP/1.1" 304 -
180.174.56.115 - - [07/Oct/2020:10:10:47 +0800] "GET /xingrg/images/blue/button/kc_tab_del.gif HTTP/1.1" 304 -
180.174.56.115 - - [07/Oct/2020:10:10:47 +0800] "GET /xingrg/images/blue/kc_tab_left.gif HTTP/1.1" 304 -
180.174.56.115 - - [07/Oct/2020:10:10:47 +0800] "GET /xingrg/images/blue/kc_tab_mid.gif HTTP/1.1" 304 -
180.174.56.115 - - [07/Oct/2020:10:10:47 +0800] "GET /xingrg/images/blue/kc_tab_right.gif HTTP/1.1" 304 -
180.174.56.115 - - [07/Oct/2020:10:10:47 +0800] "GET /xingrg/images/blue/kc_tab2_left.gif HTTP/1.1" 304 -
180.174.56.115 - - [07/Oct/2020:10:10:47 +0800] "GET /xingrg/images/blue/kc_tab2_right.gif HTTP/1.1" 304 -
180.174.56.115 - - [07/Oct/2020:10:10:47 +0800] "GET /xingrg/images/blue/wait.gif HTTP/1.1" 304 -
180.174.56.115 - - [07/Oct/2020:10:10:47 +0800] "POST /xingrg/dwr/call/plaincall/AjaxQqpsService.loadMaterielItems.dwr HTTP/1.1" 200 707
218.81.217.115 - - [07/Oct/2020:10:10:50 +0800] "GET /xingrg/all/function/internal_message.html?_=1602036660591&CODE_STATE=getMsg HTTP/1.1" 200 27
180.174.56.115 - - [07/Oct/2020:10:10:51 +0800] "GET /xingrg/javascript/auto/indicator.gif HTTP/1.1" 404 1066
172.17.0.240 - - [07/Oct/2020:10:10:52 +0800] "GET /xingrg/all/function/internal_message.html?_=1602036647291&CODE_STATE=getMsg HTTP/1.1" 200 27
180.174.56.115 - - [07/Oct/2020:10:10:53 +0800] "POST /xingrg/dwr/call/plaincall/AjaxQqpsService.getMaterielByCode.dwr HTTP/1.1" 200 3631
180.174.56.115 - - [07/Oct/2020:10:10:53 +0800] "GET /xingrg/all/function/internal_message.html?_=1602036627409&CODE_STATE=getMsg HTTP/1.1" 200 27
180.174.56.115 - - [07/Oct/2020:10:10:54 +0800] "GET /xingrg/images/yd/bt.gif HTTP/1.1" 404 1040
117.185.32.26 - - [07/Oct/2020:10:10:54 +0800] "GET /xingrg/all/function/internal_message.html?_=1602036649212&CODE_STATE=getMsg HTTP/1.1" 200 27
180.174.56.115 - - [07/Oct/2020:10:10:54 +0800] "GET /xingrg/images/yd/bt2.gif HTTP/1.1" 404 1042
172.17.0.101 - - [07/Oct/2020:10:10:54 +0800] "GET /xingrg/all/function/internal_message.html?_=1602036647406&CODE_STATE=getMsg HTTP/1.1" 200 27
124.77.70.31 - - [07/Oct/2020:10:10:56 +0800] "GET /xingrg/all/function/internal_message.html?_=1602036649631&CODE_STATE=getMsg HTTP/1.1" 200 27
180.174.56.115 - - [07/Oct/2020:10:10:57 +0800] "POST /xingrg/dwr/call/plaincall/AjaxQqpsService.saveMaterielItem.dwr HTTP/1.1" 200 78
116.238.71.30 - - [07/Oct/2020:10:10:59 +0800] "GET /xingrg/all/function/internal_message.html?_=1602036655890&CODE_STATE=getMsg HTTP/1.1" 200 27
218.81.217.115 - - [07/Oct/2020:10:11:03 +0800] "GET /xingrg/all/function/internal_message.html?_=1602036670617&CODE_STATE=getMsg HTTP/1.1" 200 27
117.143.105.245 - - [07/Oct/2020:10:11:04 +0800] "GET /xingrg/check_reg.html?_=1602036674878 HTTP/1.1" 200 22
117.143.105.245 - - [07/Oct/2020:10:11:04 +0800] "GET /xingrg/all/function/internal_message.html?_=1602036674881&CODE_STATE=getMsg HTTP/1.1" 200 27
117.131.5.26 - - [07/Oct/2020:10:11:09 +0800] "GET /xingrg/all/function/internal_message.html?_=1602036961241&CODE_STATE=getMsg HTTP/1.1" 200 27
114.88.166.242 - - [07/Oct/2020:10:11:17 +0800] "GET /xingrg/all/function/internal_message.html?_=1602036756128&CODE_STATE=getMsg HTTP/1.1" 200 27
117.184.7.30 - - [07/Oct/2020:10:11:20 +0800] "GET /xingrg/all/function/internal_message.html?_=1602036671500&CODE_STATE=getMsg HTTP/1.1" 200 27
172.17.0.115 - - [07/Oct/2020:10:11:24 +0800] "GET /xingrg/all/function/internal_message.html?_=1602036690202&CODE_STATE=getMsg HTTP/1.1" 200 27
180.174.56.115 - - [07/Oct/2020:10:11:35 +0800] "GET /xingrg/all/function/internal_message.html?_=1602036692642&CODE_STATE=getMsg HTTP/1.1" 200 27
222.69.129.199 - - [07/Oct/2020:10:11:36 +0800] "GET /xingrg/all/function/internal_message.html?_=1602036690299&CODE_STATE=getMsg HTTP/1.1" 200 27
58.221.95.50 - - [07/Oct/2020:10:11:38 +0800] "GET /xingrg/kc/base/check_order_info.html?code=452020100700051 HTTP/1.1" 200 25346
58.221.95.50 - - [07/Oct/2020:10:11:39 +0800] "GET /xingrg/dwr/interface/AjaxComOrderService.js HTTP/1.1" 200 18264
58.221.95.50 - - [07/Oct/2020:10:11:39 +0800] "GET /xingrg/dwr/interface/AjaxCheckService.js HTTP/1.1" 200 14003
58.221.95.50 - - [07/Oct/2020:10:11:39 +0800] "GET /xingrg/dwr/engine.js HTTP/1.1" 200 43631
172.17.0.100 - - [07/Oct/2020:10:11:39 +0800] "GET /xingrg/all/function/internal_message.html?_=1602036711615&CODE_STATE=getMsg HTTP/1.1" 200 27
58.221.95.50 - - [07/Oct/2020:10:11:40 +0800] "POST /xingrg/dwr/call/plaincall/AjaxCheckService.loadOrderItems.dwr HTTP/1.1" 200 104462
58.221.95.50 - - [07/Oct/2020:10:11:42 +0800] "GET /xingrg/check_reg.html?_=1602036857462 HTTP/1.1" 200 22
58.221.95.50 - - [07/Oct/2020:10:11:42 +0800] "GET /xingrg/all/function/internal_message.html?_=1602036857475&CODE_STATE=getMsg HTTP/1.1" 200 27
172.17.0.240 - - [07/Oct/2020:10:11:43 +0800] "GET /xingrg/all/function/internal_message.html?_=1602036697429&CODE_STATE=getMsg HTTP/1.1" 200 27
180.162.245.190 - - [07/Oct/2020:10:11:45 +0800] "GET /xingrg/all/function/internal_message.html?_=1602036703007&CODE_STATE=getMsg HTTP/1.1" 200 27
218.81.217.115 - - [07/Oct/2020:10:11:50 +0800] "GET /xingrg/all/function/internal_message.html?_=1602036720602&CODE_STATE=getMsg HTTP/1.1" 200 27
172.17.0.240 - - [07/Oct/2020:10:11:52 +0800] "GET /xingrg/check_reg.html?_=1602036707301 HTTP/1.1" 200 22
172.17.0.240 - - [07/Oct/2020:10:11:52 +0800] "GET /xingrg/all/function/internal_message.html?_=1602036707303&CODE_STATE=getMsg HTTP/1.1" 200 27
180.174.56.115 - - [07/Oct/2020:10:11:53 +0800] "GET /xingrg/all/function/internal_message.html?_=1602036687422&CODE_STATE=getMsg HTTP/1.1" 200 27
117.185.32.26 - - [07/Oct/2020:10:11:54 +0800] "GET /xingrg/all/function/internal_message.html?_=1602036709213&CODE_STATE=getMsg HTTP/1.1" 200 27
172.17.0.101 - - [07/Oct/2020:10:11:54 +0800] "GET /xingrg/all/function/internal_message.html?_=1602036707405&CODE_STATE=getMsg HTTP/1.1" 200 27
124.77.70.31 - - [07/Oct/2020:10:11:56 +0800] "GET /xingrg/all/function/internal_message.html?_=1602036709616&CODE_STATE=getMsg HTTP/1.1" 200 27
116.238.71.30 - - [07/Oct/2020:10:11:59 +0800] "GET /xingrg/all/function/internal_message.html?_=1602036715894&CODE_STATE=getMsg HTTP/1.1" 200 27
218.81.217.115 - - [07/Oct/2020:10:12:03 +0800] "GET /xingrg/all/function/internal_message.html?_=1602036730631&CODE_STATE=getMsg HTTP/1.1" 200 27
117.143.105.245 - - [07/Oct/2020:10:12:04 +0800] "GET /xingrg/all/function/internal_message.html?_=1602036734885&CODE_STATE=getMsg HTTP/1.1" 200 27
117.131.5.26 - - [07/Oct/2020:10:12:09 +0800] "GET /xingrg/all/function/internal_message.html?_=1602037021253&CODE_STATE=getMsg HTTP/1.1" 200 27
58.221.95.50 - - [07/Oct/2020:10:12:09 +0800] "POST /xingrg/dwr/call/plaincall/AjaxCheckService.setItemNumber.dwr HTTP/1.1" 200 76
58.37.8.227 - - [07/Oct/2020:10:12:14 +0800] "GET /xingrg/check_reg.html?_=1602036341307 HTTP/1.1" 302 -
58.221.95.50 - - [07/Oct/2020:10:12:14 +0800] "POST /xingrg/dwr/call/plaincall/AjaxCheckService.setItemNumber.dwr HTTP/1.1" 200 76
114.88.166.242 - - [07/Oct/2020:10:12:17 +0800] "GET /xingrg/all/function/internal_message.html?_=1602036816127&CODE_STATE=getMsg HTTP/1.1" 200 27
101.85.228.253 - - [07/Oct/2020:10:12:19 +0800] "GET /xingrg/check_reg.html?_=1602036952197 HTTP/1.1" 200 22
117.184.7.30 - - [07/Oct/2020:10:12:20 +0800] "GET /xingrg/all/function/internal_message.html?_=1602036731492&CODE_STATE=getMsg HTTP/1.1" 200 27
58.221.95.50 - - [07/Oct/2020:10:12:23 +0800] "POST /xingrg/dwr/call/plaincall/AjaxCheckService.setItemNumber.dwr HTTP/1.1" 200 76
172.17.0.115 - - [07/Oct/2020:10:12:24 +0800] "GET /xingrg/check_reg.html?_=1602036750084 HTTP/1.1" 200 22
172.17.0.115 - - [07/Oct/2020:10:12:24 +0800] "GET /xingrg/all/function/internal_message.html?_=1602036750211&CODE_STATE=getMsg HTTP/1.1" 200 27
58.221.95.50 - - [07/Oct/2020:10:12:27 +0800] "POST /xingrg/dwr/call/plaincall/AjaxCheckService.setItemNumber.dwr HTTP/1.1" 200 76
58.221.95.50 - - [07/Oct/2020:10:12:29 +0800] "POST /xingrg/dwr/call/plaincall/AjaxCheckService.setItemNumber.dwr HTTP/1.1" 200 76
58.221.95.50 - - [07/Oct/2020:10:12:31 +0800] "POST /xingrg/dwr/call/plaincall/AjaxCheckService.setItemNumber.dwr HTTP/1.1" 200 76
58.221.95.50 - - [07/Oct/2020:10:12:33 +0800] "POST /xingrg/dwr/call/plaincall/AjaxCheckService.setItemNumber.dwr HTTP/1.1" 200 76
180.174.56.115 - - [07/Oct/2020:10:12:35 +0800] "GET /xingrg/all/function/internal_message.html?_=1602036752674&CODE_STATE=getMsg HTTP/1.1" 200 27
222.69.129.199 - - [07/Oct/2020:10:12:36 +0800] "GET /xingrg/all/function/internal_message.html?_=1602036750294&CODE_STATE=getMsg HTTP/1.1" 200 27
222.69.129.199 - - [07/Oct/2020:10:12:36 +0800] "GET /xingrg/check_reg.html?_=1602036750297 HTTP/1.1" 200 22
58.221.95.50 - - [07/Oct/2020:10:12:37 +0800] "POST /xingrg/dwr/call/plaincall/AjaxCheckService.setItemNumber.dwr HTTP/1.1" 200 76
58.221.95.50 - - [07/Oct/2020:10:12:38 +0800] "POST /xingrg/dwr/call/plaincall/AjaxCheckService.setItemNumber.dwr HTTP/1.1" 200 76
172.17.0.100 - - [07/Oct/2020:10:12:39 +0800] "GET /xingrg/all/function/internal_message.html?_=1602036771624&CODE_STATE=getMsg HTTP/1.1" 200 27
58.221.95.50 - - [07/Oct/2020:10:12:42 +0800] "GET /xingrg/all/function/internal_message.html?_=1602036917456&CODE_STATE=getMsg HTTP/1.1" 200 27
172.17.0.240 - - [07/Oct/2020:10:12:43 +0800] "GET /xingrg/all/function/internal_message.html?_=1602036757435&CODE_STATE=getMsg HTTP/1.1" 200 27
180.162.245.190 - - [07/Oct/2020:10:12:45 +0800] "GET /xingrg/all/function/internal_message.html?_=1602036762976&CODE_STATE=getMsg HTTP/1.1" 200 27
218.81.217.115 - - [07/Oct/2020:10:12:49 +0800] "GET /xingrg/check_reg.html?_=1602036779605 HTTP/1.1" 200 22
218.81.217.115 - - [07/Oct/2020:10:12:50 +0800] "GET /xingrg/all/function/internal_message.html?_=1602036780613&CODE_STATE=getMsg HTTP/1.1" 200 27
172.17.0.240 - - [07/Oct/2020:10:12:52 +0800] "GET /xingrg/all/function/internal_message.html?_=1602036767292&CODE_STATE=getMsg HTTP/1.1" 200 27
58.221.95.50 - - [07/Oct/2020:10:12:53 +0800] "POST /xingrg/dwr/call/plaincall/AjaxCheckService.setItemNumber.dwr HTTP/1.1" 200 77
180.174.56.115 - - [07/Oct/2020:10:12:53 +0800] "GET /xingrg/all/function/internal_message.html?_=1602036747435&CODE_STATE=getMsg HTTP/1.1" 200 27
117.185.32.26 - - [07/Oct/2020:10:12:54 +0800] "GET /xingrg/check_reg.html?_=1602036769215 HTTP/1.1" 200 22
117.185.32.26 - - [07/Oct/2020:10:12:54 +0800] "GET /xingrg/all/function/internal_message.html?_=1602036769213&CODE_STATE=getMsg HTTP/1.1" 200 27
172.17.0.101 - - [07/Oct/2020:10:12:54 +0800] "GET /xingrg/all/function/internal_message.html?_=1602036767403&CODE_STATE=getMsg HTTP/1.1" 200 27
124.77.70.31 - - [07/Oct/2020:10:12:56 +0800] "GET /xingrg/all/function/internal_message.html?_=1602036769600&CODE_STATE=getMsg HTTP/1.1" 200 27
116.238.71.30 - - [07/Oct/2020:10:12:59 +0800] "GET /xingrg/all/function/internal_message.html?_=1602036775894&CODE_STATE=getMsg HTTP/1.1" 200 27
58.221.95.50 - - [07/Oct/2020:10:12:59 +0800] "POST /xingrg/dwr/call/plaincall/AjaxCheckService.setItemNumber.dwr HTTP/1.1" 200 77
218.81.217.115 - - [07/Oct/2020:10:13:03 +0800] "GET /xingrg/all/function/internal_message.html?_=1602036790871&CODE_STATE=getMsg HTTP/1.1" 200 27
117.143.105.245 - - [07/Oct/2020:10:13:04 +0800] "GET /xingrg/all/function/internal_message.html?_=1602036794889&CODE_STATE=getMsg HTTP/1.1" 200 27
117.131.5.26 - - [07/Oct/2020:10:13:09 +0800] "GET /xingrg/check_reg.html?_=1602037081146 HTTP/1.1" 200 22
117.131.5.26 - - [07/Oct/2020:10:13:09 +0800] "GET /xingrg/all/function/internal_message.html?_=1602037081273&CODE_STATE=getMsg HTTP/1.1" 200 27
114.88.166.242 - - [07/Oct/2020:10:13:17 +0800] "GET /xingrg/all/function/internal_message.html?_=1602036876126&CODE_STATE=getMsg HTTP/1.1" 200 27
101.85.228.253 - - [07/Oct/2020:10:13:18 +0800] "GET /favicon.ico HTTP/1.1" 404 -
117.184.7.30 - - [07/Oct/2020:10:13:20 +0800] "GET /xingrg/check_reg.html?_=1602036791477 HTTP/1.1" 200 22
117.184.7.30 - - [07/Oct/2020:10:13:20 +0800] "GET /xingrg/all/function/internal_message.html?_=1602036791481&CODE_STATE=getMsg HTTP/1.1" 200 27
101.85.228.253 - - [07/Oct/2020:10:13:24 +0800] "GET /xingrg/login.html HTTP/1.1" 200 7641
172.17.0.115 - - [07/Oct/2020:10:13:24 +0800] "GET /xingrg/all/function/internal_message.html?_=1602036810221&CODE_STATE=getMsg HTTP/1.1" 200 27
101.85.228.253 - - [07/Oct/2020:10:13:31 +0800] "POST /xingrg/services/DataTransmitService HTTP/1.1" 200 524
101.85.228.253 - - [07/Oct/2020:10:13:32 +0800] "GET /favicon.ico HTTP/1.1" 404 -
180.174.56.115 - - [07/Oct/2020:10:13:35 +0800] "GET /xingrg/all/function/internal_message.html?_=1602036812709&CODE_STATE=getMsg HTTP/1.1" 200 27
222.69.129.199 - - [07/Oct/2020:10:13:36 +0800] "GET /xingrg/all/function/internal_message.html?_=1602036810301&CODE_STATE=getMsg HTTP/1.1" 200 27
172.17.0.100 - - [07/Oct/2020:10:13:39 +0800] "GET /xingrg/all/function/internal_message.html?_=1602036831614&CODE_STATE=getMsg HTTP/1.1" 200 27
58.221.95.50 - - [07/Oct/2020:10:13:42 +0800] "GET /xingrg/all/function/internal_message.html?_=1602036977438&CODE_STATE=getMsg HTTP/1.1" 200 27
172.17.0.240 - - [07/Oct/2020:10:13:43 +0800] "GET /xingrg/all/function/internal_message.html?_=1602036817437&CODE_STATE=getMsg HTTP/1.1" 200 27
180.162.245.190 - - [07/Oct/2020:10:13:45 +0800] "GET /xingrg/all/function/internal_message.html?_=1602036822948&CODE_STATE=getMsg HTTP/1.1" 200 27
58.221.95.50 - - [07/Oct/2020:10:13:49 +0800] "POST /xingrg/dwr/call/plaincall/AjaxCheckService.setItemNumber.dwr HTTP/1.1" 200 77
218.81.217.115 - - [07/Oct/2020:10:13:50 +0800] "GET /xingrg/all/function/internal_message.html?_=1602036840627&CODE_STATE=getMsg HTTP/1.1" 200 27
58.221.95.50 - - [07/Oct/2020:10:13:51 +0800] "POST /xingrg/dwr/call/plaincall/AjaxCheckService.setItemNumber.dwr HTTP/1.1" 200 77
172.17.0.240 - - [07/Oct/2020:10:13:52 +0800] "GET /xingrg/all/function/internal_message.html?_=1602036827289&CODE_STATE=getMsg HTTP/1.1" 200 27
180.174.56.115 - - [07/Oct/2020:10:13:53 +0800] "GET /xingrg/check_reg.html?_=1602036807396 HTTP/1.1" 200 22
180.174.56.115 - - [07/Oct/2020:10:13:53 +0800] "GET /xingrg/all/function/internal_message.html?_=1602036807449&CODE_STATE=getMsg HTTP/1.1" 200 27
117.185.32.26 - - [07/Oct/2020:10:13:54 +0800] "GET /xingrg/all/function/internal_message.html?_=1602036829239&CODE_STATE=getMsg HTTP/1.1" 200 27
58.221.95.50 - - [07/Oct/2020:10:13:54 +0800] "POST /xingrg/dwr/call/plaincall/AjaxCheckService.setItemNumber.dwr HTTP/1.1" 200 77
172.17.0.101 - - [07/Oct/2020:10:13:54 +0800] "GET /xingrg/all/function/internal_message.html?_=1602036827402&CODE_STATE=getMsg HTTP/1.1" 200 27
124.77.70.31 - - [07/Oct/2020:10:13:56 +0800] "GET /xingrg/all/function/internal_message.html?_=1602036829586&CODE_STATE=getMsg HTTP/1.1" 200 27
58.221.95.50 - - [07/Oct/2020:10:13:56 +0800] "POST /xingrg/dwr/call/plaincall/AjaxCheckService.setItemNumber.dwr HTTP/1.1" 200 77
124.77.70.31 - - [07/Oct/2020:10:13:57 +0800] "GET /xingrg/check_reg.html?_=1602036829940 HTTP/1.1" 200 22
116.238.71.30 - - [07/Oct/2020:10:13:59 +0800] "GET /xingrg/check_reg.html?_=1602036835880 HTTP/1.1" 200 22
116.238.71.30 - - [07/Oct/2020:10:13:59 +0800] "GET /xingrg/all/function/internal_message.html?_=1602036835882&CODE_STATE=getMsg HTTP/1.1" 200 27
58.221.95.50 - - [07/Oct/2020:10:14:00 +0800] "POST /xingrg/dwr/call/plaincall/AjaxCheckService.setItemNumber.dwr HTTP/1.1" 200 77
58.221.95.50 - - [07/Oct/2020:10:14:02 +0800] "POST /xingrg/dwr/call/plaincall/AjaxCheckService.setItemNumber.dwr HTTP/1.1" 200 77
218.81.217.115 - - [07/Oct/2020:10:14:03 +0800] "GET /xingrg/all/function/internal_message.html?_=1602036851071&CODE_STATE=getMsg HTTP/1.1" 200 27
117.143.105.245 - - [07/Oct/2020:10:14:04 +0800] "GET /xingrg/all/function/internal_message.html?_=1602036854887&CODE_STATE=getMsg HTTP/1.1" 200 27
58.221.95.50 - - [07/Oct/2020:10:14:05 +0800] "POST /xingrg/dwr/call/plaincall/AjaxCheckService.setItemNumber.dwr HTTP/1.1" 200 77
58.221.95.50 - - [07/Oct/2020:10:14:07 +0800] "POST /xingrg/dwr/call/plaincall/AjaxCheckService.setItemNumber.dwr HTTP/1.1" 200 77
117.131.5.26 - - [07/Oct/2020:10:14:09 +0800] "GET /xingrg/all/function/internal_message.html?_=1602037141278&CODE_STATE=getMsg HTTP/1.1" 200 27
58.221.95.50 - - [07/Oct/2020:10:14:09 +0800] "POST /xingrg/dwr/call/plaincall/AjaxCheckService.setItemNumber.dwr HTTP/1.1" 200 77
58.221.95.50 - - [07/Oct/2020:10:14:11 +0800] "POST /xingrg/dwr/call/plaincall/AjaxCheckService.setItemNumber.dwr HTTP/1.1" 200 77
58.221.95.50 - - [07/Oct/2020:10:14:13 +0800] "POST /xingrg/dwr/call/plaincall/AjaxCheckService.setItemNumber.dwr HTTP/1.1" 200 77
58.221.95.50 - - [07/Oct/2020:10:14:17 +0800] "POST /xingrg/dwr/call/plaincall/AjaxCheckService.setItemNumber.dwr HTTP/1.1" 200 77
114.88.166.242 - - [07/Oct/2020:10:14:17 +0800] "GET /xingrg/all/function/internal_message.html?_=1602036936124&CODE_STATE=getMsg HTTP/1.1" 200 27
58.221.95.50 - - [07/Oct/2020:10:14:20 +0800] "POST /xingrg/dwr/call/plaincall/AjaxCheckService.setItemNumber.dwr HTTP/1.1" 200 77
117.184.7.30 - - [07/Oct/2020:10:14:20 +0800] "GET /xingrg/all/function/internal_message.html?_=1602036851482&CODE_STATE=getMsg HTTP/1.1" 200 27
58.221.95.50 - - [07/Oct/2020:10:14:22 +0800] "POST /xingrg/dwr/call/plaincall/AjaxCheckService.setItemNumber.dwr HTTP/1.1" 200 77
180.174.56.115 - - [07/Oct/2020:10:14:24 +0800] "GET /xingrg/images/yd/bt2.gif HTTP/1.1" 404 1042
58.221.95.50 - - [07/Oct/2020:10:14:24 +0800] "POST /xingrg/dwr/call/plaincall/AjaxCheckService.setItemNumber.dwr HTTP/1.1" 200 77
172.17.0.115 - - [07/Oct/2020:10:14:24 +0800] "GET /xingrg/all/function/internal_message.html?_=1602036870234&CODE_STATE=getMsg HTTP/1.1" 200 27
58.221.95.50 - - [07/Oct/2020:10:14:26 +0800] "POST /xingrg/dwr/call/plaincall/AjaxCheckService.setItemNumber.dwr HTTP/1.1" 200 77
58.221.95.50 - - [07/Oct/2020:10:14:31 +0800] "POST /xingrg/dwr/call/plaincall/AjaxCheckService.setItemNumber.dwr HTTP/1.1" 200 77
180.174.56.115 - - [07/Oct/2020:10:14:35 +0800] "GET /xingrg/all/function/internal_message.html?_=1602036872727&CODE_STATE=getMsg HTTP/1.1" 200 27
180.174.56.115 - - [07/Oct/2020:10:14:35 +0800] "GET /xingrg/check_reg.html?_=1602036872964 HTTP/1.1" 200 22
222.69.129.199 - - [07/Oct/2020:10:14:36 +0800] "GET /xingrg/all/function/internal_message.html?_=1602036870305&CODE_STATE=getMsg HTTP/1.1" 200 27
58.221.95.50 - - [07/Oct/2020:10:14:36 +0800] "POST /xingrg/dwr/call/plaincall/AjaxCheckService.setItemNumber.dwr HTTP/1.1" 200 77
222.69.129.199 - - [07/Oct/2020:10:14:37 +0800] "GET /xingrg/kc/buy/cgsh_order_operate.html?command=get_materiel&rest_code=00149&code=00101004061&supplier_code=00100083&order_time=2020-10-07 HTTP/1.1" 200 409
58.221.95.50 - - [07/Oct/2020:10:14:39 +0800] "POST /xingrg/dwr/call/plaincall/AjaxCheckService.setItemNumber.dwr HTTP/1.1" 200 77
172.17.0.100 - - [07/Oct/2020:10:14:39 +0800] "GET /xingrg/check_reg.html?_=1602036891612 HTTP/1.1" 200 22
172.17.0.100 - - [07/Oct/2020:10:14:39 +0800] "GET /xingrg/all/function/internal_message.html?_=1602036891614&CODE_STATE=getMsg HTTP/1.1" 200 27
58.221.95.50 - - [07/Oct/2020:10:14:42 +0800] "GET /xingrg/all/function/internal_message.html?_=1602037037443&CODE_STATE=getMsg HTTP/1.1" 200 27
172.17.0.240 - - [07/Oct/2020:10:14:43 +0800] "GET /xingrg/check_reg.html?_=1602036877439 HTTP/1.1" 200 22
172.17.0.240 - - [07/Oct/2020:10:14:43 +0800] "GET /xingrg/all/function/internal_message.html?_=1602036877440&CODE_STATE=getMsg HTTP/1.1" 200 27
180.162.245.190 - - [07/Oct/2020:10:14:45 +0800] "GET /xingrg/all/function/internal_message.html?_=1602036883164&CODE_STATE=getMsg HTTP/1.1" 200 27
180.162.245.190 - - [07/Oct/2020:10:14:46 +0800] "GET /xingrg/check_reg.html?_=1602036883943 HTTP/1.1" 200 22
58.221.95.50 - - [07/Oct/2020:10:14:48 +0800] "POST /xingrg/dwr/call/plaincall/AjaxCheckService.setItemNumber.dwr HTTP/1.1" 200 77
218.81.217.115 - - [07/Oct/2020:10:14:50 +0800] "GET /xingrg/all/function/internal_message.html?_=1602036900641&CODE_STATE=getMsg HTTP/1.1" 200 27
58.221.95.50 - - [07/Oct/2020:10:14:50 +0800] "POST /xingrg/dwr/call/plaincall/AjaxCheckService.setItemNumber.dwr HTTP/1.1" 200 77
222.69.129.199 - - [07/Oct/2020:10:14:51 +0800] "GET /xingrg/kc/buy/cgsh_order_operate.html?command=get_materiel&rest_code=00149&code=00101004048&supplier_code=00100083&order_time=2020-10-07 HTTP/1.1" 200 417
172.17.0.240 - - [07/Oct/2020:10:14:52 +0800] "GET /xingrg/all/function/internal_message.html?_=1602036887294&CODE_STATE=getMsg HTTP/1.1" 200 27
58.221.95.50 - - [07/Oct/2020:10:14:52 +0800] "POST /xingrg/dwr/call/plaincall/AjaxCheckService.setItemNumber.dwr HTTP/1.1" 200 77
180.174.56.115 - - [07/Oct/2020:10:14:54 +0800] "GET /xingrg/all/function/internal_message.html?_=1602036867474&CODE_STATE=getMsg HTTP/1.1" 200 27
117.185.32.26 - - [07/Oct/2020:10:14:54 +0800] "GET /xingrg/all/function/internal_message.html?_=1602036889239&CODE_STATE=getMsg HTTP/1.1" 200 27
172.17.0.101 - - [07/Oct/2020:10:14:54 +0800] "GET /xingrg/all/function/internal_message.html?_=1602036887400&CODE_STATE=getMsg HTTP/1.1" 200 27
172.17.0.101 - - [07/Oct/2020:10:14:54 +0800] "GET /xingrg/check_reg.html?_=1602036887402 HTTP/1.1" 200 22
58.221.95.50 - - [07/Oct/2020:10:14:54 +0800] "POST /xingrg/dwr/call/plaincall/AjaxCheckService.setItemNumber.dwr HTTP/1.1" 200 77
58.221.95.50 - - [07/Oct/2020:10:14:56 +0800] "POST /xingrg/dwr/call/plaincall/AjaxCheckService.setItemNumber.dwr HTTP/1.1" 200 77
124.77.70.31 - - [07/Oct/2020:10:14:56 +0800] "GET /xingrg/all/function/internal_message.html?_=1602036889564&CODE_STATE=getMsg HTTP/1.1" 200 27
58.221.95.50 - - [07/Oct/2020:10:14:58 +0800] "POST /xingrg/dwr/call/plaincall/AjaxCheckService.setItemNumber.dwr HTTP/1.1" 200 77
116.238.71.30 - - [07/Oct/2020:10:14:59 +0800] "GET /xingrg/all/function/internal_message.html?_=1602036895886&CODE_STATE=getMsg HTTP/1.1" 200 27
58.221.95.50 - - [07/Oct/2020:10:15:00 +0800] "POST /xingrg/dwr/call/plaincall/AjaxCheckService.setItemNumber.dwr HTTP/1.1" 200 77
222.69.129.199 - - [07/Oct/2020:10:15:01 +0800] "GET /xingrg/kc/buy/cgsh_order_operate.html?command=get_materiel&rest_code=00149&code=00101004065&supplier_code=00100083&order_time=2020-10-07 HTTP/1.1" 200 434
218.81.217.115 - - [07/Oct/2020:10:15:01 +0800] "GET /xingrg/check_reg.html?_=1602036908663 HTTP/1.1" 200 22
58.221.95.50 - - [07/Oct/2020:10:15:01 +0800] "POST /xingrg/dwr/call/plaincall/AjaxCheckService.setItemNumber.dwr HTTP/1.1" 200 77
58.221.95.50 - - [07/Oct/2020:10:15:03 +0800] "POST /xingrg/dwr/call/plaincall/AjaxCheckService.setItemNumber.dwr HTTP/1.1" 200 77
218.81.217.115 - - [07/Oct/2020:10:15:03 +0800] "GET /xingrg/all/function/internal_message.html?_=1602036911077&CODE_STATE=getMsg HTTP/1.1" 200 27
117.143.105.245 - - [07/Oct/2020:10:15:04 +0800] "GET /xingrg/all/function/internal_message.html?_=1602036914891&CODE_STATE=getMsg HTTP/1.1" 200 27
117.185.32.26 - - [07/Oct/2020:10:15:08 +0800] "POST /xingrg/services/DataTransmitService HTTP/1.1" 200 524
117.185.32.26 - - [07/Oct/2020:10:15:08 +0800] "POST /xingrg/services/DataTransmitService HTTP/1.1" 200 501
117.131.5.26 - - [07/Oct/2020:10:15:09 +0800] "GET /xingrg/all/function/internal_message.html?_=1602037201291&CODE_STATE=getMsg HTTP/1.1" 200 27
58.221.95.50 - - [07/Oct/2020:10:15:09 +0800] "POST /xingrg/dwr/call/plaincall/AjaxCheckService.setItemNumber.dwr HTTP/1.1" 200 77
58.37.8.227 - - [07/Oct/2020:10:15:13 +0800] "POST /xingrg/services/DataTransmitService HTTP/1.1" 200 524
58.37.8.227 - - [07/Oct/2020:10:15:13 +0800] "POST /xingrg/services/DataTransmitService HTTP/1.1" 200 501
58.37.8.227 - - [07/Oct/2020:10:15:13 +0800] "POST /xingrg/services/DataTransmitService HTTP/1.1" 200 501
180.174.56.115 - - [07/Oct/2020:10:15:14 +0800] "POST /xingrg/services/DataTransmitService HTTP/1.1" 200 524
58.37.8.227 - - [07/Oct/2020:10:15:14 +0800] "POST /xingrg/services/DataTransmitService HTTP/1.1" 200 501
58.37.8.227 - - [07/Oct/2020:10:15:16 +0800] "POST /xingrg/services/DataTransmitService HTTP/1.1" 200 501
58.37.8.227 - - [07/Oct/2020:10:15:16 +0800] "POST /xingrg/services/DataTransmitService HTTP/1.1" 200 501
58.37.8.227 - - [07/Oct/2020:10:15:16 +0800] "POST /xingrg/services/DataTransmitService HTTP/1.1" 200 501
58.37.8.227 - - [07/Oct/2020:10:15:16 +0800] "POST /xingrg/services/DataTransmitService HTTP/1.1" 200 501
58.37.8.227 - - [07/Oct/2020:10:15:17 +0800] "POST /xingrg/services/DataTransmitService HTTP/1.1" 200 501
58.221.95.50 - - [07/Oct/2020:10:15:17 +0800] "POST /xingrg/dwr/call/plaincall/AjaxCheckService.setItemNumber.dwr HTTP/1.1" 200 77
58.37.8.227 - - [07/Oct/2020:10:15:17 +0800] "POST /xingrg/services/DataTransmitService HTTP/1.1" 200 501
114.88.166.242 - - [07/Oct/2020:10:15:17 +0800] "GET /xingrg/all/function/internal_message.html?_=1602036996122&CODE_STATE=getMsg HTTP/1.1" 200 27
114.88.166.242 - - [07/Oct/2020:10:15:17 +0800] "GET /xingrg/check_reg.html?_=1602036996124 HTTP/1.1" 200 22
58.37.8.227 - - [07/Oct/2020:10:15:19 +0800] "POST /xingrg/services/DataTransmitService HTTP/1.1" 200 412
58.221.95.50 - - [07/Oct/2020:10:15:20 +0800] "POST /xingrg/dwr/call/plaincall/AjaxCheckService.setItemNumber.dwr HTTP/1.1" 200 77
117.184.7.30 - - [07/Oct/2020:10:15:20 +0800] "GET /xingrg/all/function/internal_message.html?_=1602036911484&CODE_STATE=getMsg HTTP/1.1" 200 27
222.69.129.199 - - [07/Oct/2020:10:15:22 +0800] "POST /xingrg/kc/buy/cgsh_order_operate.html HTTP/1.1" 200 37
58.221.95.50 - - [07/Oct/2020:10:15:22 +0800] "POST /xingrg/dwr/call/plaincall/AjaxCheckService.setItemNumber.dwr HTTP/1.1" 200 77
180.174.56.115 - - [07/Oct/2020:10:15:23 +0800] "POST /xingrg/all/user/operate.html HTTP/1.1" 200 36
180.174.56.115 - - [07/Oct/2020:10:15:23 +0800] "GET /xingrg/javascript/jquery_easy_ui/themes/default/easyui.css HTTP/1.1" 304 -
180.174.56.115 - - [07/Oct/2020:10:15:23 +0800] "GET /xingrg/index.html?sysBaseUrl=http%3A%2F%2F180.169.147.146%3A18081%2Fxingrg%2F&costTime=94×tamp=1602032993271 HTTP/1.1" 200 17177
180.174.56.115 - - [07/Oct/2020:10:15:23 +0800] "GET /xingrg/javascript/jquery_easy_ui/themes/icon.css HTTP/1.1" 304 -
180.174.56.115 - - [07/Oct/2020:10:15:23 +0800] "GET /xingrg/css/form.css HTTP/1.1" 304 -
180.174.56.115 - - [07/Oct/2020:10:15:23 +0800] "GET /xingrg/javascript/jquery-1.4.2.min.js HTTP/1.1" 304 -
180.174.56.115 - - [07/Oct/2020:10:15:23 +0800] "GET /xingrg/javascript/jquery_easy_ui/jquery.easyui.min.js HTTP/1.1" 304 -
180.174.56.115 - - [07/Oct/2020:10:15:23 +0800] "GET /xingrg/javascript/jquery_easy_ui/easyui-lang-zh_CN.js HTTP/1.1" 304 -
180.174.56.115 - - [07/Oct/2020:10:15:23 +0800] "GET /xingrg/javascript/jquery.form.js HTTP/1.1" 304 -
180.174.56.115 - - [07/Oct/2020:10:15:23 +0800] "GET /xingrg/javascript/jquery.utils.js HTTP/1.1" 304 -
180.174.56.115 - - [07/Oct/2020:10:15:23 +0800] "GET /xingrg/javascript/jquery.timers.js HTTP/1.1" 304 -
180.174.56.115 - - [07/Oct/2020:10:15:23 +0800] "GET /xingrg/images/blue/jxLogo.png HTTP/1.1" 304 -
180.174.56.115 - - [07/Oct/2020:10:15:23 +0800] "GET /xingrg/images/blue/navBackgound.jpg HTTP/1.1" 304 -
180.174.56.115 - - [07/Oct/2020:10:15:23 +0800] "GET /xingrg/javascript/jquery_easy_ui/themes/icons/settle_new.png HTTP/1.1" 304 -
180.174.56.115 - - [07/Oct/2020:10:15:23 +0800] "POST /xingrg/all/common/load_tree.html?tree=area_rest_tree_json&manage=1 HTTP/1.1" 200 476
180.174.56.115 - - [07/Oct/2020:10:15:23 +0800] "GET /xingrg/images/blue/pingpu.png HTTP/1.1" 304 -
180.174.56.115 - - [07/Oct/2020:10:15:23 +0800] "GET /xingrg/javascript/jquery_easy_ui/themes/default/images/tabs_leftarrow.png HTTP/1.1" 304 -
180.174.56.115 - - [07/Oct/2020:10:15:23 +0800] "GET /xingrg/javascript/jquery_easy_ui/themes/default/images/tabs_rightarrow.png HTTP/1.1" 304 -
180.174.56.115 - - [07/Oct/2020:10:15:23 +0800] "GET /xingrg/javascript/jquery_easy_ui/themes/default/images/panel_tool_collapse.gif HTTP/1.1" 304 -
180.174.56.115 - - [07/Oct/2020:10:15:23 +0800] "GET /xingrg/all/function/internal_message.html?_=1602036897190&CODE_STATE=count HTTP/1.1" 200 11
180.174.56.115 - - [07/Oct/2020:10:15:23 +0800] "GET /xingrg/check_reg.html?_=1602036897190 HTTP/1.1" 200 22
180.174.56.115 - - [07/Oct/2020:10:15:23 +0800] "POST /xingrg/load_menu.html HTTP/1.1" 200 5138
58.221.95.50 - - [07/Oct/2020:10:15:24 +0800] "POST /xingrg/dwr/call/plaincall/AjaxCheckService.setItemNumber.dwr HTTP/1.1" 200 77
172.17.0.115 - - [07/Oct/2020:10:15:24 +0800] "GET /xingrg/all/function/internal_message.html?_=1602036930254&CODE_STATE=getMsg HTTP/1.1" 200 27
58.221.95.50 - - [07/Oct/2020:10:15:26 +0800] "POST /xingrg/dwr/call/plaincall/AjaxCheckService.setItemNumber.dwr HTTP/1.1" 200 77
222.69.129.199 - - [07/Oct/2020:10:15:27 +0800] "POST /xingrg/kc/buy/cgsh_order_operate.html HTTP/1.1" 200 12
58.221.95.50 - - [07/Oct/2020:10:15:28 +0800] "POST /xingrg/dwr/call/plaincall/AjaxCheckService.setItemNumber.dwr HTTP/1.1" 200 77
222.69.129.199 - - [07/Oct/2020:10:15:28 +0800] "GET /xingrg/kc/buy/cgsh_order_info.html?code=212020100702881 HTTP/1.1" 200 54892
222.69.129.199 - - [07/Oct/2020:10:15:29 +0800] "GET /xingrg/javascript/easyui/themes/default/validatebox.css HTTP/1.1" 404 1104
222.69.129.199 - - [07/Oct/2020:10:15:29 +0800] "POST /xingrg/kc/buy/cgsh_order_operate.html HTTP/1.1" 200 2399
58.221.95.50 - - [07/Oct/2020:10:15:29 +0800] "POST /xingrg/dwr/call/plaincall/AjaxCheckService.setItemNumber.dwr HTTP/1.1" 200 77
58.221.95.50 - - [07/Oct/2020:10:15:31 +0800] "POST /xingrg/dwr/call/plaincall/AjaxCheckService.setItemNumber.dwr HTTP/1.1" 200 77
180.174.56.115 - - [07/Oct/2020:10:15:32 +0800] "GET /xingrg/kc/mdqp/pssh_order_list.html HTTP/1.1" 200 17546
180.174.56.115 - - [07/Oct/2020:10:15:32 +0800] "POST /xingrg/kc/mdqp/pssh_list_operate.html HTTP/1.1" 200 5495
222.69.129.199 - - [07/Oct/2020:10:15:32 +0800] "GET /xingrg/kc/print/load_data.html?order_code=212020100702881&kc_code=cgsh&condition= HTTP/1.1" 200 1415
58.221.95.50 - - [07/Oct/2020:10:15:33 +0800] "POST /xingrg/dwr/call/plaincall/AjaxCheckService.setItemNumber.dwr HTTP/1.1" 200 77
180.174.56.115 - - [07/Oct/2020:10:15:34 +0800] "POST /xingrg/kc/mdqp/pssh_list_operate.html HTTP/1.1" 200 377
58.221.95.50 - - [07/Oct/2020:10:15:34 +0800] "POST /xingrg/dwr/call/plaincall/AjaxCheckService.setItemNumber.dwr HTTP/1.1" 200 77
180.174.56.115 - - [07/Oct/2020:10:15:35 +0800] "GET /xingrg/kc/mdqp/pssh_order_info.html?code=312020100600146 HTTP/1.1" 200 14396
180.174.56.115 - - [07/Oct/2020:10:15:35 +0800] "GET /xingrg/javascript/jquery_tools/jquery-1.4.2.min.js HTTP/1.1" 404 1094
180.174.56.115 - - [07/Oct/2020:10:15:35 +0800] "GET /xingrg/all/function/internal_message.html?_=1602036932749&CODE_STATE=getMsg HTTP/1.1" 200 27
180.174.56.115 - - [07/Oct/2020:10:15:35 +0800] "POST /xingrg/kc/mdqp/pssh_order_operate.html HTTP/1.1" 200 1066
180.174.56.115 - - [07/Oct/2020:10:15:35 +0800] "GET /xingrg/javascript/easyui/themes/default/validatebox.css HTTP/1.1" 404 1104
222.69.129.199 - - [07/Oct/2020:10:15:36 +0800] "GET /xingrg/all/function/internal_message.html?_=1602036930295&CODE_STATE=getMsg HTTP/1.1" 200 27
58.221.95.50 - - [07/Oct/2020:10:15:36 +0800] "POST /xingrg/dwr/call/plaincall/AjaxCheckService.setItemNumber.dwr HTTP/1.1" 200 77
58.221.95.50 - - [07/Oct/2020:10:15:38 +0800] "POST /xingrg/dwr/call/plaincall/AjaxCheckService.setItemNumber.dwr HTTP/1.1" 200 77
172.17.0.100 - - [07/Oct/2020:10:15:39 +0800] "GET /xingrg/all/function/internal_message.html?_=1602036951612&CODE_STATE=getMsg HTTP/1.1" 200 27
58.221.95.50 - - [07/Oct/2020:10:15:41 +0800] "POST /xingrg/dwr/call/plaincall/AjaxCheckService.setItemNumber.dwr HTTP/1.1" 200 77
58.221.95.50 - - [07/Oct/2020:10:15:42 +0800] "GET /xingrg/all/function/internal_message.html?_=1602037097437&CODE_STATE=getMsg HTTP/1.1" 200 27
172.17.0.240 - - [07/Oct/2020:10:15:43 +0800] "GET /xingrg/all/function/internal_message.html?_=1602036937427&CODE_STATE=getMsg HTTP/1.1" 200 27
58.221.95.50 - - [07/Oct/2020:10:15:43 +0800] "POST /xingrg/dwr/call/plaincall/AjaxCheckService.setItemNumber.dwr HTTP/1.1" 200 77
58.221.95.50 - - [07/Oct/2020:10:15:44 +0800] "POST /xingrg/dwr/call/plaincall/AjaxCheckService.setItemNumber.dwr HTTP/1.1" 200 77
180.162.245.190 - - [07/Oct/2020:10:15:45 +0800] "GET /xingrg/all/function/internal_message.html?_=1602036943138&CODE_STATE=getMsg HTTP/1.1" 200 27
58.221.95.50 - - [07/Oct/2020:10:15:46 +0800] "POST /xingrg/dwr/call/plaincall/AjaxCheckService.setItemNumber.dwr HTTP/1.1" 200 77
58.221.95.50 - - [07/Oct/2020:10:15:48 +0800] "POST /xingrg/dwr/call/plaincall/AjaxCheckService.setItemNumber.dwr HTTP/1.1" 200 77
218.81.217.115 - - [07/Oct/2020:10:15:50 +0800] "GET /xingrg/all/function/internal_message.html?_=1602036961089&CODE_STATE=getMsg HTTP/1.1" 200 27
172.17.0.240 - - [07/Oct/2020:10:15:52 +0800] "GET /xingrg/all/function/internal_message.html?_=1602036947288&CODE_STATE=getMsg HTTP/1.1" 200 27
117.185.32.26 - - [07/Oct/2020:10:15:54 +0800] "GET /xingrg/all/function/internal_message.html?_=1602036949238&CODE_STATE=getMsg HTTP/1.1" 200 27
172.17.0.101 - - [07/Oct/2020:10:15:54 +0800] "GET /xingrg/all/function/internal_message.html?_=1602036947430&CODE_STATE=getMsg HTTP/1.1" 200 27
58.221.95.50 - - [07/Oct/2020:10:15:54 +0800] "POST /xingrg/dwr/call/plaincall/AjaxCheckService.setItemNumber.dwr HTTP/1.1" 200 77
124.77.70.31 - - [07/Oct/2020:10:15:56 +0800] "GET /xingrg/all/function/internal_message.html?_=1602036949551&CODE_STATE=getMsg HTTP/1.1" 200 27
58.221.95.50 - - [07/Oct/2020:10:15:57 +0800] "POST /xingrg/dwr/call/plaincall/AjaxCheckService.setItemNumber.dwr HTTP/1.1" 200 77
180.162.245.190 - - [07/Oct/2020:10:15:58 +0800] "GET /xingrg/kc/buy/cgsh_order_list.html HTTP/1.1" 200 44200
116.238.71.30 - - [07/Oct/2020:10:15:59 +0800] "GET /xingrg/all/function/internal_message.html?_=1602036955888&CODE_STATE=getMsg HTTP/1.1" 200 27
180.162.245.190 - - [07/Oct/2020:10:16:00 +0800] "POST /xingrg/kc/buy/cgsh_list_operate.html HTTP/1.1" 200 2043
58.221.95.50 - - [07/Oct/2020:10:16:01 +0800] "POST /xingrg/dwr/call/plaincall/AjaxCheckService.setItemNumber.dwr HTTP/1.1" 200 77
58.221.95.50 - - [07/Oct/2020:10:16:03 +0800] "POST /xingrg/dwr/call/plaincall/AjaxCheckService.setItemNumber.dwr HTTP/1.1" 200 77
218.81.217.115 - - [07/Oct/2020:10:16:03 +0800] "GET /xingrg/all/function/internal_message.html?_=1602036971090&CODE_STATE=getMsg HTTP/1.1" 200 27
117.143.105.245 - - [07/Oct/2020:10:16:04 +0800] "GET /xingrg/check_reg.html?_=1602036974877 HTTP/1.1" 200 22
117.143.105.245 - - [07/Oct/2020:10:16:04 +0800] "GET /xingrg/all/function/internal_message.html?_=1602036974886&CODE_STATE=getMsg HTTP/1.1" 200 27
180.162.245.190 - - [07/Oct/2020:10:16:04 +0800] "POST /xingrg/kc/buy/cgsh_list_operate.html HTTP/1.1" 200 569
58.221.95.50 - - [07/Oct/2020:10:16:05 +0800] "POST /xingrg/dwr/call/plaincall/AjaxCheckService.setItemNumber.dwr HTTP/1.1" 200 77
58.221.95.50 - - [07/Oct/2020:10:16:06 +0800] "POST /xingrg/dwr/call/plaincall/AjaxCheckService.setItemNumber.dwr HTTP/1.1" 200 77
58.221.95.50 - - [07/Oct/2020:10:16:08 +0800] "POST /xingrg/dwr/call/plaincall/AjaxCheckService.setItemNumber.dwr HTTP/1.1" 200 77
117.131.5.26 - - [07/Oct/2020:10:16:09 +0800] "GET /xingrg/all/function/internal_message.html?_=1602037261307&CODE_STATE=getMsg HTTP/1.1" 200 27
180.174.56.115 - - [07/Oct/2020:10:16:09 +0800] "GET /xingrg/kc/mdqp/qqps_order_list.html HTTP/1.1" 200 9668
180.174.56.115 - - [07/Oct/2020:10:16:09 +0800] "GET /xingrg/dwr/interface/AjaxQqpsService.js HTTP/1.1" 200 16326
180.174.56.115 - - [07/Oct/2020:10:16:09 +0800] "GET /xingrg/dwr/interface/AjaxReportQueryService.js HTTP/1.1" 200 13203
180.174.56.115 - - [07/Oct/2020:10:16:09 +0800] "GET /xingrg/dwr/engine.js HTTP/1.1" 200 43631
180.174.56.115 - - [07/Oct/2020:10:16:10 +0800] "GET /xingrg/kc/mdqp/qqps_order_add.html HTTP/1.1" 200 27499
180.174.56.115 - - [07/Oct/2020:10:16:10 +0800] "GET /xingrg/dwr/interface/AjaxComOrderService.js HTTP/1.1" 200 18264
180.174.56.115 - - [07/Oct/2020:10:16:10 +0800] "GET /xingrg/dwr/interface/AjaxQqpsService.js HTTP/1.1" 200 16326
180.174.56.115 - - [07/Oct/2020:10:16:10 +0800] "GET /xingrg/dwr/engine.js HTTP/1.1" 200 43631
58.221.95.50 - - [07/Oct/2020:10:16:11 +0800] "POST /xingrg/dwr/call/plaincall/AjaxCheckService.setItemNumber.dwr HTTP/1.1" 200 77
180.162.245.190 - - [07/Oct/2020:10:16:12 +0800] "GET /xingrg/kc/buy/cgsh_order_info.html?code=212020100702867 HTTP/1.1" 200 59988
180.162.245.190 - - [07/Oct/2020:10:16:13 +0800] "GET /xingrg/javascript/easyui/themes/default/validatebox.css HTTP/1.1" 404 1104
58.221.95.50 - - [07/Oct/2020:10:16:13 +0800] "POST /xingrg/dwr/call/plaincall/AjaxCheckService.setItemNumber.dwr HTTP/1.1" 200 77
180.162.245.190 - - [07/Oct/2020:10:16:13 +0800] "POST /xingrg/kc/buy/cgsh_order_operate.html HTTP/1.1" 200 122766
114.88.166.242 - - [07/Oct/2020:10:16:17 +0800] "GET /xingrg/all/function/internal_message.html?_=1602037056123&CODE_STATE=getMsg HTTP/1.1" 200 27
117.184.7.30 - - [07/Oct/2020:10:16:20 +0800] "GET /xingrg/all/function/internal_message.html?_=1602036971482&CODE_STATE=getMsg HTTP/1.1" 200 27
58.221.95.50 - - [07/Oct/2020:10:16:21 +0800] "POST /xingrg/dwr/call/plaincall/AjaxCheckService.setItemNumber.dwr HTTP/1.1" 200 77
58.221.95.50 - - [07/Oct/2020:10:16:22 +0800] "POST /xingrg/dwr/call/plaincall/AjaxCheckService.setItemNumber.dwr HTTP/1.1" 200 77
180.174.56.115 - - [07/Oct/2020:10:16:22 +0800] "POST /xingrg/dwr/call/plaincall/AjaxQqpsService.saveOrder.dwr HTTP/1.1" 200 78
180.174.56.115 - - [07/Oct/2020:10:16:23 +0800] "GET /xingrg/all/function/internal_message.html?_=1602036957195&CODE_STATE=getMsg HTTP/1.1" 200 27
222.69.129.199 - - [07/Oct/2020:10:16:23 +0800] "GET /xingrg/kc/buy/cgsh_order_add.html HTTP/1.1" 200 59991
222.69.129.199 - - [07/Oct/2020:10:16:24 +0800] "POST /xingrg/kc/buy/cgsh_order_operate.html HTTP/1.1" 200 8245
222.69.129.199 - - [07/Oct/2020:10:16:24 +0800] "GET /xingrg/javascript/easyui/themes/default/validatebox.css HTTP/1.1" 404 1104
180.174.56.115 - - [07/Oct/2020:10:16:24 +0800] "GET /xingrg/javascript/auto/indicator.gif HTTP/1.1" 404 1066
58.221.95.50 - - [07/Oct/2020:10:16:24 +0800] "POST /xingrg/dwr/call/plaincall/AjaxCheckService.setItemNumber.dwr HTTP/1.1" 200 77
172.17.0.115 - - [07/Oct/2020:10:16:24 +0800] "GET /xingrg/all/function/internal_message.html?_=1602036990263&CODE_STATE=getMsg HTTP/1.1" 200 27
58.221.95.50 - - [07/Oct/2020:10:16:25 +0800] "POST /xingrg/dwr/call/plaincall/AjaxCheckService.setItemNumber.dwr HTTP/1.1" 200 77
124.77.70.31 - - [07/Oct/2020:10:16:27 +0800] "GET /xingrg/kc/buy/cgsh_order_operate.html?command=get_materiel&rest_code=00107&code=00101010106&supplier_code=00100333&order_time=2020-10-07 HTTP/1.1" 200 411
58.221.95.50 - - [07/Oct/2020:10:16:27 +0800] "POST /xingrg/dwr/call/plaincall/AjaxCheckService.setItemNumber.dwr HTTP/1.1" 200 77
180.174.56.115 - - [07/Oct/2020:10:16:28 +0800] "POST /xingrg/dwr/call/plaincall/AjaxQqpsService.getMaterielByCode.dwr HTTP/1.1" 200 2247
58.221.95.50 - - [07/Oct/2020:10:16:29 +0800] "POST /xingrg/dwr/call/plaincall/AjaxCheckService.setItemNumber.dwr HTTP/1.1" 200 77
58.221.95.50 - - [07/Oct/2020:10:16:31 +0800] "POST /xingrg/dwr/call/plaincall/AjaxCheckService.setItemNumber.dwr HTTP/1.1" 200 77
180.174.56.115 - - [07/Oct/2020:10:16:31 +0800] "POST /xingrg/dwr/call/plaincall/AjaxQqpsService.saveMaterielItem.dwr HTTP/1.1" 200 78
58.221.95.50 - - [07/Oct/2020:10:16:32 +0800] "POST /xingrg/dwr/call/plaincall/AjaxCheckService.setItemNumber.dwr HTTP/1.1" 200 77
180.174.56.115 - - [07/Oct/2020:10:16:34 +0800] "POST /xingrg/dwr/call/plaincall/AjaxQqpsService.checkOrder.dwr HTTP/1.1" 200 78
180.174.56.115 - - [07/Oct/2020:10:16:35 +0800] "GET /xingrg/kc/mdqp/qqps_order_info.html?code=302020100700172 HTTP/1.1" 200 25906
180.174.56.115 - - [07/Oct/2020:10:16:35 +0800] "GET /xingrg/dwr/interface/AjaxComOrderService.js HTTP/1.1" 200 18264
180.174.56.115 - - [07/Oct/2020:10:16:35 +0800] "GET /xingrg/dwr/interface/AjaxQqpsService.js HTTP/1.1" 200 16326
180.174.56.115 - - [07/Oct/2020:10:16:35 +0800] "GET /xingrg/dwr/engine.js HTTP/1.1" 200 43631
180.174.56.115 - - [07/Oct/2020:10:16:35 +0800] "GET /xingrg/all/function/internal_message.html?_=1602036992783&CODE_STATE=getMsg HTTP/1.1" 200 27
180.174.56.115 - - [07/Oct/2020:10:16:35 +0800] "POST /xingrg/dwr/call/plaincall/AjaxQqpsService.loadMaterielItems.dwr HTTP/1.1" 200 356
58.221.95.50 - - [07/Oct/2020:10:16:36 +0800] "POST /xingrg/dwr/call/plaincall/AjaxCheckService.setItemNumber.dwr HTTP/1.1" 200 77
222.69.129.199 - - [07/Oct/2020:10:16:36 +0800] "GET /xingrg/all/function/internal_message.html?_=1602036990304&CODE_STATE=getMsg HTTP/1.1" 200 27
58.221.95.50 - - [07/Oct/2020:10:16:38 +0800] "POST /xingrg/dwr/call/plaincall/AjaxCheckService.setItemNumber.dwr HTTP/1.1" 200 77
172.17.0.100 - - [07/Oct/2020:10:16:39 +0800] "GET /xingrg/all/function/internal_message.html?_=1602037011615&CODE_STATE=getMsg HTTP/1.1" 200 27
58.221.95.50 - - [07/Oct/2020:10:16:39 +0800] "POST /xingrg/dwr/call/plaincall/AjaxCheckService.setItemNumber.dwr HTTP/1.1" 200 77
124.77.70.31 - - [07/Oct/2020:10:16:41 +0800] "POST /xingrg/kc/buy/cgsh_order_operate.html HTTP/1.1" 200 37
180.174.56.115 - - [07/Oct/2020:10:16:41 +0800] "POST /xingrg/all/user/operate.html HTTP/1.1" 200 36
180.174.56.115 - - [07/Oct/2020:10:16:42 +0800] "GET /xingrg/javascript/jquery_easy_ui/themes/default/easyui.css HTTP/1.1" 304 -
180.174.56.115 - - [07/Oct/2020:10:16:42 +0800] "GET /xingrg/index.html?sysBaseUrl=http%3A%2F%2F180.169.147.146%3A18081%2Fxingrg%2F&costTime=87×tamp=1601946643414 HTTP/1.1" 200 17179
180.174.56.115 - - [07/Oct/2020:10:16:42 +0800] "GET /xingrg/javascript/jquery_easy_ui/themes/icon.css HTTP/1.1" 304 -
180.174.56.115 - - [07/Oct/2020:10:16:42 +0800] "GET /xingrg/css/form.css HTTP/1.1" 304 -
58.221.95.50 - - [07/Oct/2020:10:16:42 +0800] "GET /xingrg/all/function/internal_message.html?_=1602037157434&CODE_STATE=getMsg HTTP/1.1" 200 27
180.174.56.115 - - [07/Oct/2020:10:16:42 +0800] "GET /xingrg/javascript/jquery-1.4.2.min.js HTTP/1.1" 304 -
58.221.95.50 - - [07/Oct/2020:10:16:42 +0800] "GET /xingrg/check_reg.html?_=1602037157435 HTTP/1.1" 200 22
180.174.56.115 - - [07/Oct/2020:10:16:42 +0800] "GET /xingrg/javascript/jquery_easy_ui/jquery.easyui.min.js HTTP/1.1" 304 -
58.221.95.50 - - [07/Oct/2020:10:16:42 +0800] "POST /xingrg/dwr/call/plaincall/AjaxCheckService.setItemNumber.dwr HTTP/1.1" 200 77
180.174.56.115 - - [07/Oct/2020:10:16:42 +0800] "GET /xingrg/javascript/jquery_easy_ui/easyui-lang-zh_CN.js HTTP/1.1" 304 -
180.174.56.115 - - [07/Oct/2020:10:16:42 +0800] "GET /xingrg/javascript/jquery.form.js HTTP/1.1" 304 -
180.174.56.115 - - [07/Oct/2020:10:16:42 +0800] "GET /xingrg/javascript/jquery.utils.js HTTP/1.1" 304 -
180.174.56.115 - - [07/Oct/2020:10:16:42 +0800] "GET /xingrg/javascript/jquery.timers.js HTTP/1.1" 304 -
180.174.56.115 - - [07/Oct/2020:10:16:42 +0800] "GET /xingrg/images/blue/jxLogo.png HTTP/1.1" 304 -
180.174.56.115 - - [07/Oct/2020:10:16:42 +0800] "GET /xingrg/javascript/jquery_easy_ui/themes/icons/settle_new.png HTTP/1.1" 304 -
180.174.56.115 - - [07/Oct/2020:10:16:42 +0800] "GET /xingrg/images/blue/navBackgound.jpg HTTP/1.1" 304 -
180.174.56.115 - - [07/Oct/2020:10:16:42 +0800] "POST /xingrg/all/common/load_tree.html?tree=area_rest_tree_json&manage=1 HTTP/1.1" 200 476
180.174.56.115 - - [07/Oct/2020:10:16:42 +0800] "GET /xingrg/all/function/internal_message.html?_=1602036999365&CODE_STATE=count HTTP/1.1" 200 11
180.174.56.115 - - [07/Oct/2020:10:16:42 +0800] "GET /xingrg/check_reg.html?_=1602036999367 HTTP/1.1" 200 22
180.174.56.115 - - [07/Oct/2020:10:16:42 +0800] "GET /xingrg/javascript/jquery_easy_ui/themes/default/images/panel_tool_collapse.gif HTTP/1.1" 304 -
180.174.56.115 - - [07/Oct/2020:10:16:42 +0800] "GET /xingrg/images/blue/pingpu.png HTTP/1.1" 304 -
180.174.56.115 - - [07/Oct/2020:10:16:42 +0800] "GET /xingrg/javascript/jquery_easy_ui/themes/default/images/tabs_leftarrow.png HTTP/1.1" 304 -
180.174.56.115 - - [07/Oct/2020:10:16:42 +0800] "GET /xingrg/javascript/jquery_easy_ui/themes/default/images/tabs_rightarrow.png HTTP/1.1" 304 -
180.174.56.115 - - [07/Oct/2020:10:16:42 +0800] "POST /xingrg/load_menu.html HTTP/1.1" 200 5138
172.17.0.240 - - [07/Oct/2020:10:16:43 +0800] "GET /xingrg/all/function/internal_message.html?_=1602036997431&CODE_STATE=getMsg HTTP/1.1" 200 27
58.221.95.50 - - [07/Oct/2020:10:16:44 +0800] "POST /xingrg/dwr/call/plaincall/AjaxCheckService.setItemNumber.dwr HTTP/1.1" 200 77
180.174.56.115 - - [07/Oct/2020:10:16:44 +0800] "GET /xingrg/kc/base/yddb_order_list.html HTTP/1.1" 200 16990
124.77.70.31 - - [07/Oct/2020:10:16:44 +0800] "POST /xingrg/kc/buy/cgsh_order_operate.html HTTP/1.1" 200 2656
180.174.56.115 - - [07/Oct/2020:10:16:44 +0800] "POST /xingrg/kc/base/yddb_list_operate.html HTTP/1.1" 200 636
180.162.245.190 - - [07/Oct/2020:10:16:45 +0800] "GET /xingrg/all/function/internal_message.html?_=1602037003132&CODE_STATE=getMsg HTTP/1.1" 200 27
180.174.56.115 - - [07/Oct/2020:10:16:46 +0800] "GET /xingrg/kc/base/yddb_order_add.html HTTP/1.1" 200 29653
180.174.56.115 - - [07/Oct/2020:10:16:46 +0800] "GET /xingrg/dwr/interface/AjaxYddbService.js HTTP/1.1" 200 13201
180.174.56.115 - - [07/Oct/2020:10:16:46 +0800] "GET /xingrg/dwr/interface/AjaxComOrderService.js HTTP/1.1" 200 18264
180.174.56.115 - - [07/Oct/2020:10:16:46 +0800] "GET /xingrg/dwr/engine.js HTTP/1.1" 200 43631
124.77.70.31 - - [07/Oct/2020:10:16:46 +0800] "GET /xingrg/kc/print/load_data.html?order_code=212020100702882&kc_code=cgsh&condition= HTTP/1.1" 200 670
58.221.95.50 - - [07/Oct/2020:10:16:47 +0800] "POST /xingrg/dwr/call/plaincall/AjaxCheckService.setItemNumber.dwr HTTP/1.1" 200 77
58.221.95.50 - - [07/Oct/2020:10:16:49 +0800] "POST /xingrg/dwr/call/plaincall/AjaxCheckService.setItemNumber.dwr HTTP/1.1" 200 77
218.81.217.115 - - [07/Oct/2020:10:16:50 +0800] "GET /xingrg/all/function/internal_message.html?_=1602037021089&CODE_STATE=getMsg HTTP/1.1" 200 27
180.174.56.115 - - [07/Oct/2020:10:16:51 +0800] "POST /xingrg/dwr/call/plaincall/AjaxYddbService.getRestBases.dwr HTTP/1.1" 200 1514
58.221.95.50 - - [07/Oct/2020:10:16:51 +0800] "POST /xingrg/dwr/call/plaincall/AjaxCheckService.setItemNumber.dwr HTTP/1.1" 200 77
172.17.0.240 - - [07/Oct/2020:10:16:52 +0800] "GET /xingrg/check_reg.html?_=1602037007301 HTTP/1.1" 200 22
172.17.0.240 - - [07/Oct/2020:10:16:52 +0800] "GET /xingrg/all/function/internal_message.html?_=1602037007298&CODE_STATE=getMsg HTTP/1.1" 200 27
124.77.70.31 - - [07/Oct/2020:10:16:53 +0800] "GET /xingrg/kc/buy/cgsh_order_add.html HTTP/1.1" 200 60026
58.221.95.50 - - [07/Oct/2020:10:16:53 +0800] "POST /xingrg/dwr/call/plaincall/AjaxCheckService.setItemNumber.dwr HTTP/1.1" 200 77
124.77.70.31 - - [07/Oct/2020:10:16:54 +0800] "GET /xingrg/javascript/easyui/themes/default/validatebox.css HTTP/1.1" 404 1104
124.77.70.31 - - [07/Oct/2020:10:16:54 +0800] "POST /xingrg/kc/buy/cgsh_order_operate.html HTTP/1.1" 200 8245
117.185.32.26 - - [07/Oct/2020:10:16:54 +0800] "GET /xingrg/all/function/internal_message.html?_=1602037009243&CODE_STATE=getMsg HTTP/1.1" 200 27
172.17.0.101 - - [07/Oct/2020:10:16:54 +0800] "GET /xingrg/all/function/internal_message.html?_=1602037007445&CODE_STATE=getMsg HTTP/1.1" 200 27
58.221.95.50 - - [07/Oct/2020:10:16:56 +0800] "POST /xingrg/dwr/call/plaincall/AjaxCheckService.setItemNumber.dwr HTTP/1.1" 200 77
124.77.70.31 - - [07/Oct/2020:10:16:56 +0800] "GET /xingrg/all/function/internal_message.html?_=1602037009535&CODE_STATE=getMsg HTTP/1.1" 200 27
58.221.95.50 - - [07/Oct/2020:10:16:57 +0800] "POST /xingrg/dwr/call/plaincall/AjaxCheckService.setItemNumber.dwr HTTP/1.1" 200 77
180.174.56.115 - - [07/Oct/2020:10:16:58 +0800] "POST /xingrg/dwr/call/plaincall/AjaxYddbService.saveOrder.dwr HTTP/1.1" 200 78
180.174.56.115 - - [07/Oct/2020:10:16:58 +0800] "GET /xingrg/images/yd/bt.gif HTTP/1.1" 404 1040
116.238.71.30 - - [07/Oct/2020:10:16:59 +0800] "GET /xingrg/all/function/internal_message.html?_=1602037015892&CODE_STATE=getMsg HTTP/1.1" 200 27
58.221.95.50 - - [07/Oct/2020:10:17:00 +0800] "POST /xingrg/dwr/call/plaincall/AjaxCheckService.setItemNumber.dwr HTTP/1.1" 200 77
222.69.129.199 - - [07/Oct/2020:10:17:01 +0800] "GET /xingrg/kc/buy/cgsh_order_operate.html?command=get_materiel&rest_code=00149&code=00101009062&supplier_code=00100201&order_time=2020-10-07 HTTP/1.1" 200 434
58.221.95.50 - - [07/Oct/2020:10:17:02 +0800] "POST /xingrg/dwr/call/plaincall/AjaxCheckService.setItemNumber.dwr HTTP/1.1" 200 77
218.81.217.115 - - [07/Oct/2020:10:17:03 +0800] "GET /xingrg/all/function/internal_message.html?_=1602037031104&CODE_STATE=getMsg HTTP/1.1" 200 27
117.143.105.245 - - [07/Oct/2020:10:17:04 +0800] "GET /xingrg/all/function/internal_message.html?_=1602037034890&CODE_STATE=getMsg HTTP/1.1" 200 27
58.221.95.50 - - [07/Oct/2020:10:17:05 +0800] "POST /xingrg/dwr/call/plaincall/AjaxCheckService.setItemNumber.dwr HTTP/1.1" 200 77
124.77.70.31 - - [07/Oct/2020:10:17:05 +0800] "GET /xingrg/javascript/easyui/themes/default/tree.css HTTP/1.1" 404 1090
124.77.70.31 - - [07/Oct/2020:10:17:05 +0800] "POST /xingrg/all/common/load_tree.html?tree=supplier_tree_json&isDelete=1 HTTP/1.1" 200 50541
58.221.95.50 - - [07/Oct/2020:10:17:08 +0800] "POST /xingrg/dwr/call/plaincall/AjaxCheckService.setItemNumber.dwr HTTP/1.1" 200 77
180.174.56.115 - - [07/Oct/2020:10:17:08 +0800] "POST /xingrg/dwr/call/plaincall/AjaxComOrderService.getMaterielSearchList.dwr HTTP/1.1" 200 76
