180.174.56.115 - - [07/Oct/2020:08:52:37 +0800] "GET /xingrg/all/function/internal_message.html?_=1602031954999&CODE_STATE=getMsg HTTP/1.1" 200 27
124.77.70.31 - - [07/Oct/2020:08:52:38 +0800] "GET /xingrg/kc/buy/cgsh_order_operate.html?command=get_materiel&rest_code=00107&code=00101008131&supplier_code=00100006&order_time=2020-10-07 HTTP/1.1" 200 409
222.69.129.199 - - [07/Oct/2020:08:52:40 +0800] "GET /xingrg/kc/buy/cgsh_order_operate.html?command=get_materiel&rest_code=00149&code=00101008027&supplier_code=00100005&order_time=2020-10-07 HTTP/1.1" 200 409
114.88.166.242 - - [07/Oct/2020:08:52:40 +0800] "GET /xingrg/kc/buy/cgsh_order_operate.html?command=get_materiel&rest_code=00111&code=00101008126&supplier_code=00100005&order_time=2020-10-07 HTTP/1.1" 200 412
218.81.217.115 - - [07/Oct/2020:08:52:42 +0800] "GET /xingrg/check_reg.html?_=1602031972725 HTTP/1.1" 200 22
218.81.217.115 - - [07/Oct/2020:08:52:42 +0800] "GET /xingrg/all/function/internal_message.html?_=1602031972772&CODE_STATE=getMsg HTTP/1.1" 200 27
114.88.166.242 - - [07/Oct/2020:08:52:42 +0800] "GET /xingrg/all/function/internal_message.html?_=1602032040886&CODE_STATE=getMsg HTTP/1.1" 200 27
172.17.0.240 - - [07/Oct/2020:08:52:43 +0800] "GET /xingrg/all/function/internal_message.html?_=1602031957435&CODE_STATE=getMsg HTTP/1.1" 200 27
180.174.56.115 - - [07/Oct/2020:08:52:44 +0800] "GET /xingrg/kc/buy/cgsh_order_operate.html?command=get_materiel&rest_code=00150&code=00101008185&supplier_code=00100007&order_time=2020-10-07 HTTP/1.1" 200 408
180.162.245.190 - - [07/Oct/2020:08:52:46 +0800] "GET /xingrg/all/function/internal_message.html?_=1602031964154&CODE_STATE=getMsg HTTP/1.1" 200 27
114.88.166.242 - - [07/Oct/2020:08:52:46 +0800] "GET /xingrg/kc/buy/cgsh_order_operate.html?command=get_materiel&rest_code=00111&code=00101008005&supplier_code=00100005&order_time=2020-10-07 HTTP/1.1" 200 412
124.77.70.31 - - [07/Oct/2020:08:52:48 +0800] "GET /xingrg/kc/buy/cgsh_order_operate.html?command=get_materiel&rest_code=00107&code=00101008318&supplier_code=00100006&order_time=2020-10-07 HTTP/1.1" 200 408
222.69.129.199 - - [07/Oct/2020:08:52:50 +0800] "GET /xingrg/kc/buy/cgsh_order_operate.html?command=get_materiel&rest_code=00149&code=00101008257&supplier_code=00100005&order_time=2020-10-07 HTTP/1.1" 200 416
180.174.56.115 - - [07/Oct/2020:08:52:52 +0800] "GET /xingrg/kc/buy/cgsh_order_operate.html?command=get_materiel&rest_code=00150&code=00101008354&supplier_code=00100007&order_time=2020-10-07 HTTP/1.1" 200 412
172.17.0.240 - - [07/Oct/2020:08:52:52 +0800] "GET /xingrg/all/function/internal_message.html?_=1602031967295&CODE_STATE=getMsg HTTP/1.1" 200 27
117.185.32.26 - - [07/Oct/2020:08:52:53 +0800] "GET /xingrg/check_reg.html?_=1602031969129 HTTP/1.1" 200 22
117.185.32.26 - - [07/Oct/2020:08:52:53 +0800] "GET /xingrg/all/function/internal_message.html?_=1602031969131&CODE_STATE=getMsg HTTP/1.1" 200 27
114.88.166.242 - - [07/Oct/2020:08:52:55 +0800] "GET /xingrg/kc/buy/cgsh_order_operate.html?command=get_materiel&rest_code=00111&code=00101008256&supplier_code=00100005&order_time=2020-10-07 HTTP/1.1" 200 413
117.184.7.26 - - [07/Oct/2020:08:52:56 +0800] "GET /xingrg/all/function/internal_message.html?_=1602031967732&CODE_STATE=getMsg HTTP/1.1" 200 27
124.77.70.31 - - [07/Oct/2020:08:52:57 +0800] "GET /xingrg/all/function/internal_message.html?_=1602031969820&CODE_STATE=getMsg HTTP/1.1" 200 27
116.238.71.30 - - [07/Oct/2020:08:52:58 +0800] "GET /xingrg/all/function/internal_message.html?_=1602031975858&CODE_STATE=getMsg HTTP/1.1" 200 27
180.174.56.115 - - [07/Oct/2020:08:52:59 +0800] "GET /xingrg/kc/buy/cgsh_order_operate.html?command=get_materiel&rest_code=00150&code=00101008351&supplier_code=00100007&order_time=2020-10-07 HTTP/1.1" 200 427
222.69.129.199 - - [07/Oct/2020:08:52:59 +0800] "GET /xingrg/kc/buy/cgsh_order_operate.html?command=get_materiel&rest_code=00149&code=00101008155&supplier_code=00100005&order_time=2020-10-07 HTTP/1.1" 200 408
124.77.70.31 - - [07/Oct/2020:08:53:01 +0800] "GET /xingrg/kc/buy/cgsh_order_operate.html?command=get_materiel&rest_code=00107&code=00101008352&supplier_code=00100006&order_time=2020-10-07 HTTP/1.1" 200 412
114.88.166.242 - - [07/Oct/2020:08:53:01 +0800] "GET /xingrg/kc/buy/cgsh_order_operate.html?command=get_materiel&rest_code=00111&code=00101008045&supplier_code=00100005&order_time=2020-10-07 HTTP/1.1" 200 412
180.174.56.115 - - [07/Oct/2020:08:53:04 +0800] "GET /xingrg/kc/buy/cgsh_order_operate.html?command=get_materiel&rest_code=00150&code=00101008096&supplier_code=00100007&order_time=2020-10-07 HTTP/1.1" 200 412
114.88.166.242 - - [07/Oct/2020:08:53:07 +0800] "GET /xingrg/kc/buy/cgsh_order_operate.html?command=get_materiel&rest_code=00111&code=00101008155&supplier_code=00100005&order_time=2020-10-07 HTTP/1.1" 200 408
180.174.56.115 - - [07/Oct/2020:08:53:11 +0800] "GET /xingrg/kc/buy/cgsh_order_operate.html?command=get_materiel&rest_code=00150&code=00101008038&supplier_code=00100007&order_time=2020-10-07 HTTP/1.1" 200 412
222.69.129.199 - - [07/Oct/2020:08:53:11 +0800] "GET /xingrg/kc/buy/cgsh_order_operate.html?command=get_materiel&rest_code=00149&code=00101008331&supplier_code=00100005&order_time=2020-10-07 HTTP/1.1" 200 416
114.88.166.242 - - [07/Oct/2020:08:53:13 +0800] "GET /xingrg/kc/buy/cgsh_order_operate.html?command=get_materiel&rest_code=00111&code=00101008080&supplier_code=00100005&order_time=2020-10-07 HTTP/1.1" 200 416
218.81.217.115 - - [07/Oct/2020:08:53:14 +0800] "GET /xingrg/check_reg.html?_=1602032001030 HTTP/1.1" 200 22
218.81.217.115 - - [07/Oct/2020:08:53:14 +0800] "GET /xingrg/all/function/internal_message.html?_=1602032001211&CODE_STATE=getMsg HTTP/1.1" 200 27
124.77.70.31 - - [07/Oct/2020:08:53:15 +0800] "GET /xingrg/kc/buy/cgsh_order_operate.html?command=get_materiel&rest_code=00107&code=00101008085&supplier_code=00100006&order_time=2020-10-07 HTTP/1.1" 200 412
180.174.56.115 - - [07/Oct/2020:08:53:17 +0800] "GET /xingrg/kc/buy/cgsh_order_operate.html?command=get_materiel&rest_code=00150&code=00101008199&supplier_code=00100007&order_time=2020-10-07 HTTP/1.1" 200 408
101.85.228.253 - - [07/Oct/2020:08:53:18 +0800] "GET /xingrg/all/function/internal_message.html?_=1602032211250&CODE_STATE=getMsg HTTP/1.1" 200 27
114.88.166.242 - - [07/Oct/2020:08:53:21 +0800] "GET /xingrg/kc/buy/cgsh_order_operate.html?command=get_materiel&rest_code=00111&code=00101008351&supplier_code=00100005&order_time=2020-10-07 HTTP/1.1" 200 427
222.69.129.199 - - [07/Oct/2020:08:53:22 +0800] "GET /xingrg/kc/buy/cgsh_order_operate.html?command=get_materiel&rest_code=00149&code=00101008350&supplier_code=00100005&order_time=2020-10-07 HTTP/1.1" 200 408
114.88.166.242 - - [07/Oct/2020:08:53:26 +0800] "GET /xingrg/kc/buy/cgsh_order_operate.html?command=get_materiel&rest_code=00111&code=00101008110&supplier_code=00100005&order_time=2020-10-07 HTTP/1.1" 200 408
124.77.70.31 - - [07/Oct/2020:08:53:27 +0800] "GET /xingrg/kc/buy/cgsh_order_operate.html?command=get_materiel&rest_code=00107&code=00101008125&supplier_code=00100006&order_time=2020-10-07 HTTP/1.1" 200 413
222.69.129.199 - - [07/Oct/2020:08:53:36 +0800] "GET /xingrg/all/function/internal_message.html?_=1602032010195&CODE_STATE=getMsg HTTP/1.1" 200 27
180.174.56.115 - - [07/Oct/2020:08:53:37 +0800] "GET /xingrg/all/function/internal_message.html?_=1602032015022&CODE_STATE=getMsg HTTP/1.1" 200 27
114.88.166.242 - - [07/Oct/2020:08:53:42 +0800] "GET /xingrg/check_reg.html?_=1602032100844 HTTP/1.1" 200 22
114.88.166.242 - - [07/Oct/2020:08:53:42 +0800] "GET /xingrg/all/function/internal_message.html?_=1602032100843&CODE_STATE=getMsg HTTP/1.1" 200 27
218.81.217.115 - - [07/Oct/2020:08:53:42 +0800] "GET /xingrg/all/function/internal_message.html?_=1602032032785&CODE_STATE=getMsg HTTP/1.1" 200 27
172.17.0.240 - - [07/Oct/2020:08:53:43 +0800] "GET /xingrg/all/function/internal_message.html?_=1602032017442&CODE_STATE=getMsg HTTP/1.1" 200 27
222.69.129.199 - - [07/Oct/2020:08:53:44 +0800] "GET /xingrg/kc/buy/cgsh_order_operate.html?command=get_materiel&rest_code=00149&code=00101008244&supplier_code=00100005&order_time=2020-10-07 HTTP/1.1" 200 408
180.174.56.115 - - [07/Oct/2020:08:53:45 +0800] "GET /xingrg/kc/buy/cgsh_order_operate.html?command=get_materiel&rest_code=00150&code=00101008163&supplier_code=00100007&order_time=2020-10-07 HTTP/1.1" 200 409
180.162.245.190 - - [07/Oct/2020:08:53:46 +0800] "GET /xingrg/all/function/internal_message.html?_=1602032024125&CODE_STATE=getMsg HTTP/1.1" 200 27
114.88.166.242 - - [07/Oct/2020:08:53:51 +0800] "GET /xingrg/kc/buy/cgsh_order_operate.html?command=get_materiel&rest_code=00111&code=00101008038&supplier_code=00100005&order_time=2020-10-07 HTTP/1.1" 200 412
180.174.56.115 - - [07/Oct/2020:08:53:52 +0800] "GET /xingrg/kc/buy/cgsh_order_operate.html?command=get_materiel&rest_code=00150&code=00101008190&supplier_code=00100007&order_time=2020-10-07 HTTP/1.1" 200 412
172.17.0.240 - - [07/Oct/2020:08:53:52 +0800] "GET /xingrg/all/function/internal_message.html?_=1602032027289&CODE_STATE=getMsg HTTP/1.1" 200 27
117.185.32.26 - - [07/Oct/2020:08:53:53 +0800] "GET /xingrg/all/function/internal_message.html?_=1602032029130&CODE_STATE=getMsg HTTP/1.1" 200 27
114.88.166.242 - - [07/Oct/2020:08:53:56 +0800] "GET /xingrg/kc/buy/cgsh_order_operate.html?command=get_materiel&rest_code=00111&code=00101008358&supplier_code=00100005&order_time=2020-10-07 HTTP/1.1" 200 412
117.184.7.26 - - [07/Oct/2020:08:53:56 +0800] "GET /xingrg/all/function/internal_message.html?_=1602032027726&CODE_STATE=getMsg HTTP/1.1" 200 27
124.77.70.31 - - [07/Oct/2020:08:53:57 +0800] "GET /xingrg/check_reg.html?_=1602032029818 HTTP/1.1" 200 22
124.77.70.31 - - [07/Oct/2020:08:53:57 +0800] "GET /xingrg/all/function/internal_message.html?_=1602032029820&CODE_STATE=getMsg HTTP/1.1" 200 27
180.174.56.115 - - [07/Oct/2020:08:53:58 +0800] "GET /xingrg/kc/buy/cgsh_order_operate.html?command=get_materiel&rest_code=00150&code=00101008126&supplier_code=00100007&order_time=2020-10-07 HTTP/1.1" 200 412
116.238.71.30 - - [07/Oct/2020:08:53:59 +0800] "GET /xingrg/all/function/internal_message.html?_=1602032035862&CODE_STATE=getMsg HTTP/1.1" 200 27
116.238.71.30 - - [07/Oct/2020:08:53:59 +0800] "GET /xingrg/check_reg.html?_=1602032035863 HTTP/1.1" 200 22
124.77.70.31 - - [07/Oct/2020:08:54:00 +0800] "GET /xingrg/kc/buy/cgsh_order_operate.html?command=get_materiel&rest_code=00107&code=00101008039&supplier_code=00100006&order_time=2020-10-07 HTTP/1.1" 200 412
114.88.166.242 - - [07/Oct/2020:08:54:01 +0800] "GET /xingrg/kc/buy/cgsh_order_operate.html?command=get_materiel&rest_code=00111&code=00101008163&supplier_code=00100005&order_time=2020-10-07 HTTP/1.1" 200 409
114.88.166.242 - - [07/Oct/2020:08:54:05 +0800] "GET /xingrg/kc/buy/cgsh_order_operate.html?command=get_materiel&rest_code=00111&code=00101008355&supplier_code=00100005&order_time=2020-10-07 HTTP/1.1" 200 408
222.69.129.199 - - [07/Oct/2020:08:54:06 +0800] "GET /xingrg/kc/buy/cgsh_order_operate.html?command=get_materiel&rest_code=00149&code=00101008112&supplier_code=00100005&order_time=2020-10-07 HTTP/1.1" 200 412
180.174.56.115 - - [07/Oct/2020:08:54:06 +0800] "GET /xingrg/kc/buy/cgsh_order_operate.html?command=get_materiel&rest_code=00150&code=00101008087&supplier_code=00100007&order_time=2020-10-07 HTTP/1.1" 200 412
114.88.166.242 - - [07/Oct/2020:08:54:10 +0800] "GET /xingrg/kc/buy/cgsh_order_operate.html?command=get_materiel&rest_code=00111&code=00101008067&supplier_code=00100005&order_time=2020-10-07 HTTP/1.1" 200 416
114.88.166.242 - - [07/Oct/2020:08:54:13 +0800] "POST /xingrg/kc/buy/cgsh_order_operate.html HTTP/1.1" 200 2065
222.69.129.199 - - [07/Oct/2020:08:54:15 +0800] "GET /xingrg/kc/buy/cgsh_order_operate.html?command=get_materiel&rest_code=00149&code=00101008354&supplier_code=00100005&order_time=2020-10-07 HTTP/1.1" 200 412
180.174.56.115 - - [07/Oct/2020:08:54:16 +0800] "GET /xingrg/kc/buy/cgsh_order_operate.html?command=get_materiel&rest_code=00150&code=00101008361&supplier_code=00100007&order_time=2020-10-07 HTTP/1.1" 200 408
101.85.228.253 - - [07/Oct/2020:08:54:18 +0800] "GET /xingrg/all/function/internal_message.html?_=1602032271264&CODE_STATE=getMsg HTTP/1.1" 200 27
114.88.166.242 - - [07/Oct/2020:08:54:25 +0800] "GET /xingrg/kc/buy/cgsh_order_operate.html?command=get_materiel&rest_code=00111&code=00101009030&supplier_code=00100005&order_time=2020-10-07 HTTP/1.1" 200 412
180.174.56.115 - - [07/Oct/2020:08:54:27 +0800] "GET /xingrg/kc/buy/cgsh_order_operate.html?command=get_materiel&rest_code=00150&code=00101008355&supplier_code=00100007&order_time=2020-10-07 HTTP/1.1" 200 408
180.174.56.115 - - [07/Oct/2020:08:54:32 +0800] "GET /xingrg/kc/buy/cgsh_order_operate.html?command=get_materiel&rest_code=00150&code=00101008264&supplier_code=00100007&order_time=2020-10-07 HTTP/1.1" 200 412
114.88.166.242 - - [07/Oct/2020:08:54:33 +0800] "GET /xingrg/kc/buy/cgsh_order_operate.html?command=get_materiel&rest_code=00111&code=00101008137&supplier_code=00100005&order_time=2020-10-07 HTTP/1.1" 200 408
222.69.129.199 - - [07/Oct/2020:08:54:36 +0800] "GET /xingrg/all/function/internal_message.html?_=1602032070195&CODE_STATE=getMsg HTTP/1.1" 200 27
180.174.56.115 - - [07/Oct/2020:08:54:38 +0800] "GET /xingrg/all/function/internal_message.html?_=1602032075087&CODE_STATE=getMsg HTTP/1.1" 200 27
180.174.56.115 - - [07/Oct/2020:08:54:38 +0800] "GET /xingrg/kc/buy/cgsh_order_operate.html?command=get_materiel&rest_code=00150&code=00101008137&supplier_code=00100007&order_time=2020-10-07 HTTP/1.1" 200 408
114.88.166.242 - - [07/Oct/2020:08:54:39 +0800] "GET /xingrg/kc/buy/cgsh_order_operate.html?command=get_materiel&rest_code=00111&code=00101008077&supplier_code=00100005&order_time=2020-10-07 HTTP/1.1" 200 416
124.77.70.31 - - [07/Oct/2020:08:54:40 +0800] "GET /xingrg/kc/buy/cgsh_order_operate.html?command=get_materiel&rest_code=00107&code=00101008027&supplier_code=00100006&order_time=2020-10-07 HTTP/1.1" 200 409
218.81.217.115 - - [07/Oct/2020:08:54:42 +0800] "GET /xingrg/all/function/internal_message.html?_=1602032092801&CODE_STATE=getMsg HTTP/1.1" 200 27
114.88.166.242 - - [07/Oct/2020:08:54:42 +0800] "GET /xingrg/all/function/internal_message.html?_=1602032160915&CODE_STATE=getMsg HTTP/1.1" 200 27
172.17.0.240 - - [07/Oct/2020:08:54:42 +0800] "GET /xingrg/check_reg.html?_=1602032077429 HTTP/1.1" 200 22
172.17.0.240 - - [07/Oct/2020:08:54:42 +0800] "GET /xingrg/all/function/internal_message.html?_=1602032077432&CODE_STATE=getMsg HTTP/1.1" 200 27
180.174.56.115 - - [07/Oct/2020:08:54:43 +0800] "GET /xingrg/kc/buy/cgsh_order_operate.html?command=get_materiel&rest_code=00150&code=00101008136&supplier_code=00100007&order_time=2020-10-07 HTTP/1.1" 200 413
180.162.245.190 - - [07/Oct/2020:08:54:46 +0800] "GET /xingrg/all/function/internal_message.html?_=1602032084106&CODE_STATE=getMsg HTTP/1.1" 200 27
180.174.56.115 - - [07/Oct/2020:08:54:46 +0800] "POST /xingrg/kc/buy/cgsh_order_operate.html HTTP/1.1" 200 2065
180.162.245.190 - - [07/Oct/2020:08:54:46 +0800] "GET /xingrg/check_reg.html?_=1602032084218 HTTP/1.1" 200 22
124.77.70.31 - - [07/Oct/2020:08:54:46 +0800] "POST /xingrg/kc/buy/cgsh_order_operate.html HTTP/1.1" 200 2065
114.88.166.242 - - [07/Oct/2020:08:54:50 +0800] "GET /xingrg/kc/buy/cgsh_order_operate.html?command=get_materiel&rest_code=00111&code=00101008357&supplier_code=00100005&order_time=2020-10-07 HTTP/1.1" 200 408
180.174.56.115 - - [07/Oct/2020:08:54:52 +0800] "GET /xingrg/kc/buy/cgsh_order_operate.html?command=get_materiel&rest_code=00150&code=00101008069&supplier_code=00100007&order_time=2020-10-07 HTTP/1.1" 200 412
172.17.0.240 - - [07/Oct/2020:08:54:52 +0800] "GET /xingrg/all/function/internal_message.html?_=1602032087296&CODE_STATE=getMsg HTTP/1.1" 200 27
117.185.32.26 - - [07/Oct/2020:08:54:53 +0800] "GET /xingrg/all/function/internal_message.html?_=1602032089130&CODE_STATE=getMsg HTTP/1.1" 200 27
124.77.70.31 - - [07/Oct/2020:08:54:54 +0800] "GET /xingrg/kc/buy/cgsh_order_operate.html?command=get_materiel&rest_code=00107&code=00101008350&supplier_code=00100006&order_time=2020-10-07 HTTP/1.1" 200 408
117.184.7.26 - - [07/Oct/2020:08:54:56 +0800] "GET /xingrg/all/function/internal_message.html?_=1602032087756&CODE_STATE=getMsg HTTP/1.1" 200 27
117.184.7.26 - - [07/Oct/2020:08:54:56 +0800] "GET /xingrg/check_reg.html?_=1602032087733 HTTP/1.1" 200 22
114.88.166.242 - - [07/Oct/2020:08:54:57 +0800] "GET /xingrg/kc/buy/cgsh_order_operate.html?command=get_materiel&rest_code=00111&code=00101008069&supplier_code=00100005&order_time=2020-10-07 HTTP/1.1" 200 412
124.77.70.31 - - [07/Oct/2020:08:54:57 +0800] "GET /xingrg/all/function/internal_message.html?_=1602032089867&CODE_STATE=getMsg HTTP/1.1" 200 27
180.174.56.115 - - [07/Oct/2020:08:54:57 +0800] "GET /xingrg/kc/buy/cgsh_order_operate.html?command=get_materiel&rest_code=00150&code=00101008286&supplier_code=00100007&order_time=2020-10-07 HTTP/1.1" 200 408
114.88.166.242 - - [07/Oct/2020:08:54:58 +0800] "POST /xingrg/kc/buy/cgsh_order_operate.html HTTP/1.1" 200 2065
116.238.71.30 - - [07/Oct/2020:08:54:59 +0800] "GET /xingrg/all/function/internal_message.html?_=1602032095866&CODE_STATE=getMsg HTTP/1.1" 200 27
114.88.166.242 - - [07/Oct/2020:08:55:02 +0800] "GET /xingrg/kc/buy/cgsh_order_operate.html?command=get_materiel&rest_code=00111&code=00101008006&supplier_code=00100005&order_time=2020-10-07 HTTP/1.1" 200 416
124.77.70.31 - - [07/Oct/2020:08:55:03 +0800] "GET /xingrg/kc/buy/cgsh_order_operate.html?command=get_materiel&rest_code=00107&code=00101008244&supplier_code=00100006&order_time=2020-10-07 HTTP/1.1" 200 408
180.174.56.115 - - [07/Oct/2020:08:55:04 +0800] "GET /xingrg/kc/buy/cgsh_order_operate.html?command=get_materiel&rest_code=00150&code=00101008131&supplier_code=00100007&order_time=2020-10-07 HTTP/1.1" 200 409
114.88.166.242 - - [07/Oct/2020:08:55:08 +0800] "GET /xingrg/kc/buy/cgsh_order_operate.html?command=get_materiel&rest_code=00111&code=00101008036&supplier_code=00100005&order_time=2020-10-07 HTTP/1.1" 200 408
180.174.56.115 - - [07/Oct/2020:08:55:10 +0800] "GET /xingrg/kc/buy/cgsh_order_operate.html?command=get_materiel&rest_code=00150&code=00101008296&supplier_code=00100007&order_time=2020-10-07 HTTP/1.1" 200 416
180.174.56.115 - - [07/Oct/2020:08:55:15 +0800] "GET /xingrg/kc/buy/cgsh_order_operate.html?command=get_materiel&rest_code=00150&code=00101008169&supplier_code=00100007&order_time=2020-10-07 HTTP/1.1" 200 412
114.88.166.242 - - [07/Oct/2020:08:55:16 +0800] "GET /xingrg/kc/buy/cgsh_order_operate.html?command=get_materiel&rest_code=00111&code=00101016084&supplier_code=00100005&order_time=2020-10-07 HTTP/1.1" 200 408
101.85.228.253 - - [07/Oct/2020:08:55:18 +0800] "GET /xingrg/all/function/internal_message.html?_=1602032331279&CODE_STATE=getMsg HTTP/1.1" 200 27
114.88.166.242 - - [07/Oct/2020:08:55:19 +0800] "GET /xingrg/kc/buy/cgsh_order_operate.html?command=get_materiel&rest_code=00111&code=00101008318&supplier_code=00100005&order_time=2020-10-07 HTTP/1.1" 200 408
180.174.56.115 - - [07/Oct/2020:08:55:20 +0800] "POST /xingrg/kc/buy/cgsh_order_operate.html HTTP/1.1" 200 2065
114.88.166.242 - - [07/Oct/2020:08:55:25 +0800] "GET /xingrg/kc/buy/cgsh_order_operate.html?command=get_materiel&rest_code=00111&code=00101008352&supplier_code=00100005&order_time=2020-10-07 HTTP/1.1" 200 412
180.174.56.115 - - [07/Oct/2020:08:55:27 +0800] "GET /xingrg/kc/buy/cgsh_order_operate.html?command=get_materiel&rest_code=00150&code=00101008352&supplier_code=00100007&order_time=2020-10-07 HTTP/1.1" 200 412
222.69.129.199 - - [07/Oct/2020:08:55:36 +0800] "GET /xingrg/all/function/internal_message.html?_=1602032130204&CODE_STATE=getMsg HTTP/1.1" 200 27
114.88.166.242 - - [07/Oct/2020:08:55:37 +0800] "POST /xingrg/kc/buy/cgsh_order_operate.html HTTP/1.1" 200 2065
180.174.56.115 - - [07/Oct/2020:08:55:38 +0800] "GET /xingrg/all/function/internal_message.html?_=1602032135142&CODE_STATE=getMsg HTTP/1.1" 200 27
180.174.56.115 - - [07/Oct/2020:08:55:38 +0800] "GET /xingrg/kc/buy/cgsh_order_operate.html?command=get_materiel&rest_code=00150&code=00101008005&supplier_code=00100007&order_time=2020-10-07 HTTP/1.1" 200 412
124.77.70.31 - - [07/Oct/2020:08:55:40 +0800] "GET /xingrg/kc/buy/cgsh_order_operate.html?command=get_materiel&rest_code=00107&code=00101008224&supplier_code=00100006&order_time=2020-10-07 HTTP/1.1" 200 416
114.88.166.242 - - [07/Oct/2020:08:55:42 +0800] "GET /xingrg/all/function/internal_message.html?_=1602032220961&CODE_STATE=getMsg HTTP/1.1" 200 27
172.17.0.240 - - [07/Oct/2020:08:55:43 +0800] "GET /xingrg/all/function/internal_message.html?_=1602032137432&CODE_STATE=getMsg HTTP/1.1" 200 27
218.81.217.115 - - [07/Oct/2020:08:55:43 +0800] "GET /xingrg/all/function/internal_message.html?_=1602032153235&CODE_STATE=getMsg HTTP/1.1" 200 27
124.77.70.31 - - [07/Oct/2020:08:55:43 +0800] "POST /xingrg/kc/buy/cgsh_order_operate.html HTTP/1.1" 200 2065
222.69.129.199 - - [07/Oct/2020:08:55:43 +0800] "GET /xingrg/kc/buy/cgsh_order_operate.html?command=get_materiel&rest_code=00149&code=00101008096&supplier_code=00100005&order_time=2020-10-07 HTTP/1.1" 200 412
180.174.56.115 - - [07/Oct/2020:08:55:44 +0800] "GET /xingrg/kc/buy/cgsh_order_operate.html?command=get_materiel&rest_code=00150&code=00101008271&supplier_code=00100007&order_time=2020-10-07 HTTP/1.1" 200 408
114.88.166.242 - - [07/Oct/2020:08:55:46 +0800] "GET /xingrg/kc/buy/cgsh_order_operate.html?command=get_materiel&rest_code=00111&code=00101008312&supplier_code=00100005&order_time=2020-10-07 HTTP/1.1" 200 412
180.162.245.190 - - [07/Oct/2020:08:55:46 +0800] "GET /xingrg/all/function/internal_message.html?_=1602032144087&CODE_STATE=getMsg HTTP/1.1" 200 27
124.77.70.31 - - [07/Oct/2020:08:55:49 +0800] "GET /xingrg/kc/buy/cgsh_order_operate.html?command=get_materiel&rest_code=00107&code=00101008003&supplier_code=00100006&order_time=2020-10-07 HTTP/1.1" 200 410
180.174.56.115 - - [07/Oct/2020:08:55:51 +0800] "GET /xingrg/kc/buy/cgsh_order_operate.html?command=get_materiel&rest_code=00150&code=00101008353&supplier_code=00100007&order_time=2020-10-07 HTTP/1.1" 200 408
114.88.166.242 - - [07/Oct/2020:08:55:52 +0800] "GET /xingrg/kc/buy/cgsh_order_operate.html?command=get_materiel&rest_code=00111&code=00101014065&supplier_code=00100005&order_time=2020-10-07 HTTP/1.1" 200 417
172.17.0.240 - - [07/Oct/2020:08:55:52 +0800] "GET /xingrg/all/function/internal_message.html?_=1602032147292&CODE_STATE=getMsg HTTP/1.1" 200 27
117.185.32.26 - - [07/Oct/2020:08:55:53 +0800] "GET /xingrg/all/function/internal_message.html?_=1602032149129&CODE_STATE=getMsg HTTP/1.1" 200 27
117.184.7.26 - - [07/Oct/2020:08:55:56 +0800] "GET /xingrg/all/function/internal_message.html?_=1602032147752&CODE_STATE=getMsg HTTP/1.1" 200 27
124.77.70.31 - - [07/Oct/2020:08:55:57 +0800] "GET /xingrg/all/function/internal_message.html?_=1602032149845&CODE_STATE=getMsg HTTP/1.1" 200 27
114.88.166.242 - - [07/Oct/2020:08:55:57 +0800] "GET /xingrg/kc/buy/cgsh_order_operate.html?command=get_materiel&rest_code=00111&code=00101008089&supplier_code=00100005&order_time=2020-10-07 HTTP/1.1" 200 408
180.174.56.115 - - [07/Oct/2020:08:55:58 +0800] "GET /xingrg/kc/buy/cgsh_order_operate.html?command=get_materiel&rest_code=00150&code=00101008150&supplier_code=00100007&order_time=2020-10-07 HTTP/1.1" 200 428
116.238.71.30 - - [07/Oct/2020:08:55:59 +0800] "GET /xingrg/all/function/internal_message.html?_=1602032155868&CODE_STATE=getMsg HTTP/1.1" 200 27
222.69.129.199 - - [07/Oct/2020:08:56:00 +0800] "GET /xingrg/kc/buy/cgsh_order_operate.html?command=get_materiel&rest_code=00149&code=00101008038&supplier_code=00100005&order_time=2020-10-07 HTTP/1.1" 200 412
114.88.166.242 - - [07/Oct/2020:08:56:01 +0800] "GET /xingrg/kc/buy/cgsh_order_operate.html?command=get_materiel&rest_code=00111&code=00101008131&supplier_code=00100005&order_time=2020-10-07 HTTP/1.1" 200 409
180.174.56.115 - - [07/Oct/2020:08:56:01 +0800] "POST /xingrg/kc/buy/cgsh_order_operate.html HTTP/1.1" 200 2065
183.192.164.214 - - [07/Oct/2020:08:56:02 +0800] "GET /xingrg/all/function/internal_message.html?_=1602031969131&CODE_STATE=getMsg HTTP/1.1" 302 -
180.174.56.115 - - [07/Oct/2020:08:56:06 +0800] "GET /xingrg/kc/buy/cgsh_order_operate.html?command=get_materiel&rest_code=00150&code=00101008312&supplier_code=00100007&order_time=2020-10-07 HTTP/1.1" 200 412
124.77.70.31 - - [07/Oct/2020:08:56:07 +0800] "GET /xingrg/kc/buy/cgsh_order_operate.html?command=get_materiel&rest_code=00107&code=00101008139&supplier_code=00100006&order_time=2020-10-07 HTTP/1.1" 200 412
183.192.164.214 - - [07/Oct/2020:08:56:08 +0800] "GET /xingrg/login.html HTTP/1.1" 200 7641
222.69.129.199 - - [07/Oct/2020:08:56:11 +0800] "GET /xingrg/kc/buy/cgsh_order_operate.html?command=get_materiel&rest_code=00149&code=00101008358&supplier_code=00100005&order_time=2020-10-07 HTTP/1.1" 200 412
180.174.56.115 - - [07/Oct/2020:08:56:12 +0800] "GET /xingrg/kc/buy/cgsh_order_operate.html?command=get_materiel&rest_code=00150&code=00101008110&supplier_code=00100007&order_time=2020-10-07 HTTP/1.1" 200 408
114.88.166.242 - - [07/Oct/2020:08:56:12 +0800] "GET /xingrg/kc/buy/cgsh_order_operate.html?command=get_materiel&rest_code=00111&code=00101008323&supplier_code=00100005&order_time=2020-10-07 HTTP/1.1" 200 410
114.88.166.242 - - [07/Oct/2020:08:56:15 +0800] "POST /xingrg/kc/buy/cgsh_order_operate.html HTTP/1.1" 200 2065
180.174.56.115 - - [07/Oct/2020:08:56:17 +0800] "GET /xingrg/kc/buy/cgsh_order_operate.html?command=get_materiel&rest_code=00150&code=00101008229&supplier_code=00100007&order_time=2020-10-07 HTTP/1.1" 200 439
124.77.70.31 - - [07/Oct/2020:08:56:17 +0800] "GET /xingrg/kc/buy/cgsh_order_operate.html?command=get_materiel&rest_code=00107&code=00101008067&supplier_code=00100006&order_time=2020-10-07 HTTP/1.1" 200 416
101.85.228.253 - - [07/Oct/2020:08:56:18 +0800] "GET /xingrg/all/function/internal_message.html?_=1602032391289&CODE_STATE=getMsg HTTP/1.1" 200 27
114.88.166.242 - - [07/Oct/2020:08:56:19 +0800] "GET /xingrg/kc/buy/cgsh_order_operate.html?command=get_materiel&rest_code=00111&code=00101008091&supplier_code=00100005&order_time=2020-10-07 HTTP/1.1" 200 413
222.69.129.199 - - [07/Oct/2020:08:56:22 +0800] "GET /xingrg/kc/buy/cgsh_order_operate.html?command=get_materiel&rest_code=00149&code=00101008224&supplier_code=00100005&order_time=2020-10-07 HTTP/1.1" 200 416
114.88.166.242 - - [07/Oct/2020:08:56:25 +0800] "GET /xingrg/kc/buy/cgsh_order_operate.html?command=get_materiel&rest_code=00111&code=00101008055&supplier_code=00100005&order_time=2020-10-07 HTTP/1.1" 200 409
124.77.70.31 - - [07/Oct/2020:08:56:29 +0800] "GET /xingrg/kc/buy/cgsh_order_operate.html?command=get_materiel&rest_code=00107&code=00101008225&supplier_code=00100006&order_time=2020-10-07 HTTP/1.1" 200 416
180.174.56.115 - - [07/Oct/2020:08:56:30 +0800] "GET /xingrg/kc/buy/cgsh_order_operate.html?command=get_materiel&rest_code=00150&code=00101008288&supplier_code=00100007&order_time=2020-10-07 HTTP/1.1" 200 408
114.88.166.242 - - [07/Oct/2020:08:56:33 +0800] "GET /xingrg/kc/buy/cgsh_order_operate.html?command=get_materiel&rest_code=00111&code=00101008003&supplier_code=00100005&order_time=2020-10-07 HTTP/1.1" 200 408
222.69.129.199 - - [07/Oct/2020:08:56:36 +0800] "GET /xingrg/all/function/internal_message.html?_=1602032190197&CODE_STATE=getMsg HTTP/1.1" 200 27
180.174.56.115 - - [07/Oct/2020:08:56:37 +0800] "GET /xingrg/kc/buy/cgsh_order_operate.html?command=get_materiel&rest_code=00150&code=00101008247&supplier_code=00100007&order_time=2020-10-07 HTTP/1.1" 200 412
180.174.56.115 - - [07/Oct/2020:08:56:38 +0800] "GET /xingrg/check_reg.html?_=1602032195268 HTTP/1.1" 200 22
180.174.56.115 - - [07/Oct/2020:08:56:38 +0800] "GET /xingrg/all/function/internal_message.html?_=1602032195270&CODE_STATE=getMsg HTTP/1.1" 200 27
114.88.166.242 - - [07/Oct/2020:08:56:39 +0800] "POST /xingrg/kc/buy/cgsh_order_operate.html HTTP/1.1" 200 2065
124.77.70.31 - - [07/Oct/2020:08:56:39 +0800] "GET /xingrg/kc/buy/cgsh_order_operate.html?command=get_materiel&rest_code=00107&code=00101008069&supplier_code=00100006&order_time=2020-10-07 HTTP/1.1" 200 412
180.174.56.115 - - [07/Oct/2020:08:56:41 +0800] "POST /xingrg/kc/buy/cgsh_order_operate.html HTTP/1.1" 200 2065
183.192.164.85 - - [07/Oct/2020:08:56:41 +0800] "GET /xingrg/all/function/internal_message.html?_=1602032029130&CODE_STATE=getMsg HTTP/1.1" 302 -
114.88.166.242 - - [07/Oct/2020:08:56:42 +0800] "GET /xingrg/all/function/internal_message.html?_=1602032280876&CODE_STATE=getMsg HTTP/1.1" 200 27
172.17.0.240 - - [07/Oct/2020:08:56:43 +0800] "GET /xingrg/all/function/internal_message.html?_=1602032197435&CODE_STATE=getMsg HTTP/1.1" 200 27
218.81.217.115 - - [07/Oct/2020:08:56:43 +0800] "GET /xingrg/all/function/internal_message.html?_=1602032213248&CODE_STATE=getMsg HTTP/1.1" 200 27
114.88.166.242 - - [07/Oct/2020:08:56:44 +0800] "GET /xingrg/kc/buy/cgsh_order_operate.html?command=get_materiel&rest_code=00111&code=00101008356&supplier_code=00100005&order_time=2020-10-07 HTTP/1.1" 200 408
180.174.56.115 - - [07/Oct/2020:08:56:46 +0800] "GET /xingrg/kc/buy/cgsh_order_operate.html?command=get_materiel&rest_code=00150&code=00101008101&supplier_code=00100007&order_time=2020-10-07 HTTP/1.1" 200 412
180.162.245.190 - - [07/Oct/2020:08:56:46 +0800] "GET /xingrg/all/function/internal_message.html?_=1602032204063&CODE_STATE=getMsg HTTP/1.1" 200 27
222.69.129.199 - - [07/Oct/2020:08:56:47 +0800] "GET /xingrg/kc/buy/cgsh_order_operate.html?command=get_materiel&rest_code=00149&code=00101008370&supplier_code=00100005&order_time=2020-10-07 HTTP/1.1" 200 412
124.77.70.31 - - [07/Oct/2020:08:56:49 +0800] "POST /xingrg/kc/buy/cgsh_order_operate.html HTTP/1.1" 200 2065
183.192.164.85 - - [07/Oct/2020:08:56:51 +0800] "GET /xingrg/login.html HTTP/1.1" 200 7641
172.17.0.240 - - [07/Oct/2020:08:56:52 +0800] "GET /xingrg/check_reg.html?_=1602032207301 HTTP/1.1" 200 22
172.17.0.240 - - [07/Oct/2020:08:56:52 +0800] "GET /xingrg/all/function/internal_message.html?_=1602032207303&CODE_STATE=getMsg HTTP/1.1" 200 27
114.88.166.242 - - [07/Oct/2020:08:56:53 +0800] "GET /xingrg/kc/buy/cgsh_order_operate.html?command=get_materiel&rest_code=00111&code=00101008295&supplier_code=00100005&order_time=2020-10-07 HTTP/1.1" 200 432
117.185.32.26 - - [07/Oct/2020:08:56:53 +0800] "GET /xingrg/all/function/internal_message.html?_=1602032209156&CODE_STATE=getMsg HTTP/1.1" 200 27
117.184.7.26 - - [07/Oct/2020:08:56:56 +0800] "GET /xingrg/all/function/internal_message.html?_=1602032207748&CODE_STATE=getMsg HTTP/1.1" 200 27
124.77.70.31 - - [07/Oct/2020:08:56:57 +0800] "GET /xingrg/all/function/internal_message.html?_=1602032209828&CODE_STATE=getMsg HTTP/1.1" 200 27
114.88.166.242 - - [07/Oct/2020:08:56:57 +0800] "GET /xingrg/kc/buy/cgsh_order_operate.html?command=get_materiel&rest_code=00111&code=00101008353&supplier_code=00100005&order_time=2020-10-07 HTTP/1.1" 200 408
124.77.70.31 - - [07/Oct/2020:08:56:58 +0800] "GET /xingrg/kc/buy/cgsh_order_operate.html?command=get_materiel&rest_code=00107&code=00101008296&supplier_code=00100006&order_time=2020-10-07 HTTP/1.1" 200 416
116.238.71.30 - - [07/Oct/2020:08:56:59 +0800] "GET /xingrg/all/function/internal_message.html?_=1602032215871&CODE_STATE=getMsg HTTP/1.1" 200 27
222.69.129.199 - - [07/Oct/2020:08:57:02 +0800] "GET /xingrg/kc/buy/cgsh_order_operate.html?command=get_materiel&rest_code=00149&code=00101008087&supplier_code=00100005&order_time=2020-10-07 HTTP/1.1" 200 412
114.88.166.242 - - [07/Oct/2020:08:57:06 +0800] "GET /xingrg/kc/buy/cgsh_order_operate.html?command=get_materiel&rest_code=00111&code=00101008304&supplier_code=00100005&order_time=2020-10-07 HTTP/1.1" 200 412
222.69.129.199 - - [07/Oct/2020:08:57:08 +0800] "POST /xingrg/kc/buy/cgsh_order_operate.html HTTP/1.1" 200 2065
114.88.166.242 - - [07/Oct/2020:08:57:09 +0800] "POST /xingrg/kc/buy/cgsh_order_operate.html HTTP/1.1" 200 2065
124.77.70.31 - - [07/Oct/2020:08:57:10 +0800] "GET /xingrg/kc/buy/cgsh_order_operate.html?command=get_materiel&rest_code=00107&code=00101008344&supplier_code=00100006&order_time=2020-10-07 HTTP/1.1" 200 414
114.88.166.242 - - [07/Oct/2020:08:57:16 +0800] "GET /xingrg/kc/buy/cgsh_order_operate.html?command=get_materiel&rest_code=00111&code=00101008305&supplier_code=00100005&order_time=2020-10-07 HTTP/1.1" 200 412
222.69.129.199 - - [07/Oct/2020:08:57:18 +0800] "GET /xingrg/kc/buy/cgsh_order_operate.html?command=get_materiel&rest_code=00149&code=00101008355&supplier_code=00100005&order_time=2020-10-07 HTTP/1.1" 200 408
101.85.228.253 - - [07/Oct/2020:08:57:18 +0800] "GET /xingrg/check_reg.html?_=1602032451123 HTTP/1.1" 200 22
101.85.228.253 - - [07/Oct/2020:08:57:18 +0800] "GET /xingrg/all/function/internal_message.html?_=1602032451305&CODE_STATE=getMsg HTTP/1.1" 200 27
114.88.166.242 - - [07/Oct/2020:08:57:23 +0800] "GET /xingrg/kc/buy/cgsh_order_operate.html?command=get_materiel&rest_code=00111&code=00101008277&supplier_code=00100005&order_time=2020-10-07 HTTP/1.1" 200 412
222.69.129.199 - - [07/Oct/2020:08:57:36 +0800] "GET /xingrg/all/function/internal_message.html?_=1602032250198&CODE_STATE=getMsg HTTP/1.1" 200 27
222.69.129.199 - - [07/Oct/2020:08:57:36 +0800] "GET /xingrg/check_reg.html?_=1602032250203 HTTP/1.1" 200 22
222.69.129.199 - - [07/Oct/2020:08:57:37 +0800] "GET /xingrg/kc/buy/cgsh_order_operate.html?command=get_materiel&rest_code=00149&code=00101008067&supplier_code=00100005&order_time=2020-10-07 HTTP/1.1" 200 416
180.174.56.115 - - [07/Oct/2020:08:57:38 +0800] "GET /xingrg/all/function/internal_message.html?_=1602032255269&CODE_STATE=getMsg HTTP/1.1" 200 27
114.88.166.242 - - [07/Oct/2020:08:57:38 +0800] "GET /xingrg/kc/buy/cgsh_order_operate.html?command=get_materiel&rest_code=00111&code=00101008211&supplier_code=00100005&order_time=2020-10-07 HTTP/1.1" 200 412
114.88.166.242 - - [07/Oct/2020:08:57:42 +0800] "GET /xingrg/all/function/internal_message.html?_=1602032340848&CODE_STATE=getMsg HTTP/1.1" 200 27
218.81.217.115 - - [07/Oct/2020:08:57:42 +0800] "GET /xingrg/check_reg.html?_=1602032273147 HTTP/1.1" 200 22
172.17.0.240 - - [07/Oct/2020:08:57:43 +0800] "GET /xingrg/all/function/internal_message.html?_=1602032257437&CODE_STATE=getMsg HTTP/1.1" 200 27
218.81.217.115 - - [07/Oct/2020:08:57:43 +0800] "GET /xingrg/all/function/internal_message.html?_=1602032273261&CODE_STATE=getMsg HTTP/1.1" 200 27
124.77.70.31 - - [07/Oct/2020:08:57:44 +0800] "GET /xingrg/kc/buy/cgsh_order_operate.html?command=get_materiel&rest_code=00107&code=00101008331&supplier_code=00100006&order_time=2020-10-07 HTTP/1.1" 200 416
180.162.245.190 - - [07/Oct/2020:08:57:46 +0800] "GET /xingrg/all/function/internal_message.html?_=1602032264032&CODE_STATE=getMsg HTTP/1.1" 200 27
222.69.129.199 - - [07/Oct/2020:08:57:49 +0800] "GET /xingrg/kc/buy/cgsh_order_operate.html?command=get_materiel&rest_code=00149&code=00101008356&supplier_code=00100005&order_time=2020-10-07 HTTP/1.1" 200 408
114.88.166.242 - - [07/Oct/2020:08:57:50 +0800] "GET /xingrg/kc/buy/cgsh_order_operate.html?command=get_materiel&rest_code=00111&code=00101008350&supplier_code=00100005&order_time=2020-10-07 HTTP/1.1" 200 408
172.17.0.240 - - [07/Oct/2020:08:57:52 +0800] "GET /xingrg/all/function/internal_message.html?_=1602032267293&CODE_STATE=getMsg HTTP/1.1" 200 27
117.185.32.26 - - [07/Oct/2020:08:57:53 +0800] "GET /xingrg/check_reg.html?_=1602032269156 HTTP/1.1" 200 22
117.185.32.26 - - [07/Oct/2020:08:57:53 +0800] "GET /xingrg/all/function/internal_message.html?_=1602032269158&CODE_STATE=getMsg HTTP/1.1" 200 27
117.184.7.26 - - [07/Oct/2020:08:57:56 +0800] "GET /xingrg/all/function/internal_message.html?_=1602032267745&CODE_STATE=getMsg HTTP/1.1" 200 27
124.77.70.31 - - [07/Oct/2020:08:57:57 +0800] "GET /xingrg/all/function/internal_message.html?_=1602032269831&CODE_STATE=getMsg HTTP/1.1" 200 27
114.88.166.242 - - [07/Oct/2020:08:57:58 +0800] "GET /xingrg/kc/buy/cgsh_order_operate.html?command=get_materiel&rest_code=00111&code=00101008149&supplier_code=00100005&order_time=2020-10-07 HTTP/1.1" 200 408
116.238.71.30 - - [07/Oct/2020:08:57:59 +0800] "GET /xingrg/all/function/internal_message.html?_=1602032275858&CODE_STATE=getMsg HTTP/1.1" 200 27
114.88.166.242 - - [07/Oct/2020:08:58:00 +0800] "POST /xingrg/kc/buy/cgsh_order_operate.html HTTP/1.1" 200 2065
222.69.129.199 - - [07/Oct/2020:08:58:02 +0800] "POST /xingrg/kc/buy/cgsh_order_operate.html HTTP/1.1" 200 2065
124.77.70.31 - - [07/Oct/2020:08:58:02 +0800] "POST /xingrg/kc/buy/cgsh_order_operate.html HTTP/1.1" 200 2065
114.88.166.242 - - [07/Oct/2020:08:58:05 +0800] "GET /xingrg/kc/buy/cgsh_order_operate.html?command=get_materiel&rest_code=00111&code=00101015038&supplier_code=00100005&order_time=2020-10-07 HTTP/1.1" 200 418
222.69.129.199 - - [07/Oct/2020:08:58:07 +0800] "GET /xingrg/kc/buy/cgsh_order_operate.html?command=get_materiel&rest_code=00149&code=00101008223&supplier_code=00100005&order_time=2020-10-07 HTTP/1.1" 200 412
114.88.166.242 - - [07/Oct/2020:08:58:12 +0800] "GET /xingrg/kc/buy/cgsh_order_operate.html?command=get_materiel&rest_code=00111&code=00101008165&supplier_code=00100005&order_time=2020-10-07 HTTP/1.1" 200 417
114.88.166.242 - - [07/Oct/2020:08:58:17 +0800] "GET /xingrg/kc/buy/cgsh_order_operate.html?command=get_materiel&rest_code=00111&code=00101008168&supplier_code=00100005&order_time=2020-10-07 HTTP/1.1" 200 413
222.69.129.199 - - [07/Oct/2020:08:58:18 +0800] "GET /xingrg/kc/buy/cgsh_order_operate.html?command=get_materiel&rest_code=00149&code=00101008357&supplier_code=00100005&order_time=2020-10-07 HTTP/1.1" 200 408
101.85.228.253 - - [07/Oct/2020:08:58:18 +0800] "GET /xingrg/all/function/internal_message.html?_=1602032511317&CODE_STATE=getMsg HTTP/1.1" 200 27
114.88.166.242 - - [07/Oct/2020:08:58:22 +0800] "GET /xingrg/kc/buy/cgsh_order_operate.html?command=get_materiel&rest_code=00111&code=00101020152&supplier_code=00100005&order_time=2020-10-07 HTTP/1.1" 200 416
114.88.166.242 - - [07/Oct/2020:08:58:33 +0800] "GET /xingrg/kc/buy/cgsh_order_operate.html?command=get_materiel&rest_code=00111&code=00101008236&supplier_code=00100005&order_time=2020-10-07 HTTP/1.1" 200 436
114.88.166.242 - - [07/Oct/2020:08:58:35 +0800] "POST /xingrg/kc/buy/cgsh_order_operate.html HTTP/1.1" 200 2065
124.77.70.31 - - [07/Oct/2020:08:58:35 +0800] "GET /xingrg/kc/buy/cgsh_order_operate.html?command=get_materiel&rest_code=00107&code=00101008332&supplier_code=00100006&order_time=2020-10-07 HTTP/1.1" 200 412
222.69.129.199 - - [07/Oct/2020:08:58:36 +0800] "GET /xingrg/all/function/internal_message.html?_=1602032310202&CODE_STATE=getMsg HTTP/1.1" 200 27
180.174.56.115 - - [07/Oct/2020:08:58:38 +0800] "GET /xingrg/all/function/internal_message.html?_=1602032315290&CODE_STATE=getMsg HTTP/1.1" 200 27
114.88.166.242 - - [07/Oct/2020:08:58:42 +0800] "GET /xingrg/check_reg.html?_=1602032400841 HTTP/1.1" 200 22
114.88.166.242 - - [07/Oct/2020:08:58:42 +0800] "GET /xingrg/all/function/internal_message.html?_=1602032400842&CODE_STATE=getMsg HTTP/1.1" 200 27
172.17.0.240 - - [07/Oct/2020:08:58:43 +0800] "GET /xingrg/all/function/internal_message.html?_=1602032317441&CODE_STATE=getMsg HTTP/1.1" 200 27
218.81.217.115 - - [07/Oct/2020:08:58:43 +0800] "GET /xingrg/all/function/internal_message.html?_=1602032333279&CODE_STATE=getMsg HTTP/1.1" 200 27
180.162.245.190 - - [07/Oct/2020:08:58:46 +0800] "GET /xingrg/all/function/internal_message.html?_=1602032324010&CODE_STATE=getMsg HTTP/1.1" 200 27
114.88.166.242 - - [07/Oct/2020:08:58:48 +0800] "GET /xingrg/kc/buy/cgsh_order_operate.html?command=get_materiel&rest_code=00111&code=00101008223&supplier_code=00100005&order_time=2020-10-07 HTTP/1.1" 200 412
172.17.0.240 - - [07/Oct/2020:08:58:52 +0800] "GET /xingrg/all/function/internal_message.html?_=1602032327289&CODE_STATE=getMsg HTTP/1.1" 200 27
117.185.32.26 - - [07/Oct/2020:08:58:53 +0800] "GET /xingrg/all/function/internal_message.html?_=1602032329158&CODE_STATE=getMsg HTTP/1.1" 200 27
117.184.7.26 - - [07/Oct/2020:08:58:56 +0800] "GET /xingrg/all/function/internal_message.html?_=1602032327740&CODE_STATE=getMsg HTTP/1.1" 200 27
124.77.70.31 - - [07/Oct/2020:08:58:57 +0800] "GET /xingrg/all/function/internal_message.html?_=1602032329843&CODE_STATE=getMsg HTTP/1.1" 200 27
124.77.70.31 - - [07/Oct/2020:08:58:57 +0800] "GET /xingrg/check_reg.html?_=1602032329849 HTTP/1.1" 200 22
116.238.71.30 - - [07/Oct/2020:08:58:59 +0800] "GET /xingrg/all/function/internal_message.html?_=1602032335862&CODE_STATE=getMsg HTTP/1.1" 200 27
116.238.71.30 - - [07/Oct/2020:08:58:59 +0800] "GET /xingrg/check_reg.html?_=1602032335863 HTTP/1.1" 200 22
180.162.245.190 - - [07/Oct/2020:08:59:01 +0800] "POST /xingrg/kc/buy/cgsh_order_operate.html HTTP/1.1" 200 37
180.162.245.190 - - [07/Oct/2020:08:59:02 +0800] "POST /xingrg/kc/buy/cgsh_order_operate.html HTTP/1.1" 200 8623
180.162.245.190 - - [07/Oct/2020:08:59:03 +0800] "GET /xingrg/kc/print/load_config.html?kc_code=cgsh HTTP/1.1" 200 1845
180.162.245.190 - - [07/Oct/2020:08:59:03 +0800] "GET /xingrg/kc/print/load_data.html?order_code=212020100702839&kc_code=cgsh&condition= HTTP/1.1" 200 3004
114.88.166.242 - - [07/Oct/2020:08:59:07 +0800] "POST /xingrg/kc/buy/cgsh_order_operate.html HTTP/1.1" 200 2065
222.69.129.199 - - [07/Oct/2020:08:59:10 +0800] "GET /xingrg/kc/buy/cgsh_order_operate.html?command=get_materiel&rest_code=00149&code=00101008286&supplier_code=00100005&order_time=2020-10-07 HTTP/1.1" 200 408
124.77.70.31 - - [07/Oct/2020:08:59:13 +0800] "GET /xingrg/kc/buy/cgsh_order_operate.html?command=get_materiel&rest_code=00107&code=00101008126&supplier_code=00100006&order_time=2020-10-07 HTTP/1.1" 200 412
114.88.166.242 - - [07/Oct/2020:08:59:13 +0800] "GET /xingrg/kc/buy/cgsh_order_operate.html?command=get_materiel&rest_code=00111&code=00101008114&supplier_code=00100005&order_time=2020-10-07 HTTP/1.1" 200 412
101.85.228.253 - - [07/Oct/2020:08:59:18 +0800] "GET /xingrg/all/function/internal_message.html?_=1602032571331&CODE_STATE=getMsg HTTP/1.1" 200 27
114.88.166.242 - - [07/Oct/2020:08:59:19 +0800] "GET /xingrg/kc/buy/cgsh_order_operate.html?command=get_materiel&rest_code=00111&code=00101008061&supplier_code=00100005&order_time=2020-10-07 HTTP/1.1" 200 422
124.77.70.31 - - [07/Oct/2020:08:59:24 +0800] "GET /xingrg/kc/buy/cgsh_order_operate.html?command=get_materiel&rest_code=00107&code=00101008321&supplier_code=00100006&order_time=2020-10-07 HTTP/1.1" 200 412
114.88.166.242 - - [07/Oct/2020:08:59:24 +0800] "GET /xingrg/kc/buy/cgsh_order_operate.html?command=get_materiel&rest_code=00111&code=00101008095&supplier_code=00100005&order_time=2020-10-07 HTTP/1.1" 200 412
222.69.129.199 - - [07/Oct/2020:08:59:25 +0800] "GET /xingrg/kc/buy/cgsh_order_operate.html?command=get_materiel&rest_code=00149&code=00101008036&supplier_code=00100005&order_time=2020-10-07 HTTP/1.1" 200 408
222.69.129.199 - - [07/Oct/2020:08:59:36 +0800] "GET /xingrg/all/function/internal_message.html?_=1602032370252&CODE_STATE=getMsg HTTP/1.1" 200 27
180.174.56.115 - - [07/Oct/2020:08:59:38 +0800] "GET /xingrg/all/function/internal_message.html?_=1602032375340&CODE_STATE=getMsg HTTP/1.1" 200 27
124.77.70.31 - - [07/Oct/2020:08:59:40 +0800] "GET /xingrg/kc/buy/cgsh_order_operate.html?command=get_materiel&rest_code=00107&code=00101008540&supplier_code=00100006&order_time=2020-10-07 HTTP/1.1" 200 405
222.69.129.199 - - [07/Oct/2020:08:59:42 +0800] "POST /xingrg/services/DataTransmitService HTTP/1.1" 200 524
114.88.166.242 - - [07/Oct/2020:08:59:42 +0800] "GET /xingrg/all/function/internal_message.html?_=1602032460847&CODE_STATE=getMsg HTTP/1.1" 200 27
222.69.129.199 - - [07/Oct/2020:08:59:42 +0800] "POST /xingrg/services/DataTransmitService HTTP/1.1" 200 1759
172.17.0.240 - - [07/Oct/2020:08:59:43 +0800] "GET /xingrg/check_reg.html?_=1602032377430 HTTP/1.1" 200 22
172.17.0.240 - - [07/Oct/2020:08:59:43 +0800] "GET /xingrg/all/function/internal_message.html?_=1602032377431&CODE_STATE=getMsg HTTP/1.1" 200 27
218.81.217.115 - - [07/Oct/2020:08:59:43 +0800] "GET /xingrg/all/function/internal_message.html?_=1602032393288&CODE_STATE=getMsg HTTP/1.1" 200 27
222.69.129.199 - - [07/Oct/2020:08:59:43 +0800] "POST /xingrg/services/DataTransmitService HTTP/1.1" 200 144912
180.162.245.190 - - [07/Oct/2020:08:59:46 +0800] "GET /xingrg/all/function/internal_message.html?_=1602032384006&CODE_STATE=getMsg HTTP/1.1" 200 27
180.162.245.190 - - [07/Oct/2020:08:59:46 +0800] "GET /xingrg/check_reg.html?_=1602032384215 HTTP/1.1" 200 22
222.69.129.199 - - [07/Oct/2020:08:59:47 +0800] "GET /xingrg/kc/buy/cgsh_order_operate.html?command=get_materiel&rest_code=00149&code=00101008131&supplier_code=00100005&order_time=2020-10-07 HTTP/1.1" 200 409
218.81.217.115 - - [07/Oct/2020:08:59:51 +0800] "GET /xingrg/login.html HTTP/1.1" 200 7641
114.88.166.242 - - [07/Oct/2020:08:59:51 +0800] "POST /xingrg/kc/buy/cgsh_order_operate.html HTTP/1.1" 200 2065
218.81.217.115 - - [07/Oct/2020:08:59:52 +0800] "GET /favicon.ico HTTP/1.1" 404 -
124.77.70.31 - - [07/Oct/2020:08:59:52 +0800] "GET /xingrg/kc/buy/cgsh_order_operate.html?command=get_materiel&rest_code=00107&code=00101008049&supplier_code=00100006&order_time=2020-10-07 HTTP/1.1" 200 408
172.17.0.240 - - [07/Oct/2020:08:59:52 +0800] "GET /xingrg/all/function/internal_message.html?_=1602032387295&CODE_STATE=getMsg HTTP/1.1" 200 27
222.69.129.199 - - [07/Oct/2020:08:59:53 +0800] "POST /xingrg/kc/buy/cgsh_order_operate.html HTTP/1.1" 200 2065
117.185.32.26 - - [07/Oct/2020:08:59:53 +0800] "GET /xingrg/all/function/internal_message.html?_=1602032389158&CODE_STATE=getMsg HTTP/1.1" 200 27
117.184.7.26 - - [07/Oct/2020:08:59:56 +0800] "GET /xingrg/check_reg.html?_=1602032387766 HTTP/1.1" 200 22
117.184.7.26 - - [07/Oct/2020:08:59:56 +0800] "GET /xingrg/all/function/internal_message.html?_=1602032387778&CODE_STATE=getMsg HTTP/1.1" 200 27
124.77.70.31 - - [07/Oct/2020:08:59:57 +0800] "GET /xingrg/all/function/internal_message.html?_=1602032389834&CODE_STATE=getMsg HTTP/1.1" 200 27
116.238.71.30 - - [07/Oct/2020:08:59:59 +0800] "GET /xingrg/all/function/internal_message.html?_=1602032395866&CODE_STATE=getMsg HTTP/1.1" 200 27
218.81.217.115 - - [07/Oct/2020:08:59:59 +0800] "POST /xingrg/login.do HTTP/1.1" 302 -
218.81.217.115 - - [07/Oct/2020:08:59:59 +0800] "GET /xingrg/index.html?sysBaseUrl=http%3A%2F%2F180.169.147.146%3A18081%2Fxingrg%2F&costTime=39×tamp=1602032399892 HTTP/1.1" 200 17179
218.81.217.115 - - [07/Oct/2020:08:59:59 +0800] "GET /xingrg/javascript/jquery_easy_ui/easyui-lang-zh_CN.js HTTP/1.1" 304 -
218.81.217.115 - - [07/Oct/2020:08:59:59 +0800] "GET /xingrg/javascript/jquery_easy_ui/themes/default/easyui.css HTTP/1.1" 304 -
218.81.217.115 - - [07/Oct/2020:08:59:59 +0800] "GET /xingrg/javascript/jquery_easy_ui/themes/icon.css HTTP/1.1" 304 -
218.81.217.115 - - [07/Oct/2020:08:59:59 +0800] "GET /xingrg/javascript/jquery_easy_ui/jquery.easyui.min.js HTTP/1.1" 304 -
218.81.217.115 - - [07/Oct/2020:08:59:59 +0800] "GET /xingrg/css/form.css HTTP/1.1" 304 -
218.81.217.115 - - [07/Oct/2020:08:59:59 +0800] "GET /xingrg/javascript/jquery.form.js HTTP/1.1" 304 -
218.81.217.115 - - [07/Oct/2020:08:59:59 +0800] "GET /xingrg/javascript/jquery-1.4.2.min.js HTTP/1.1" 304 -
218.81.217.115 - - [07/Oct/2020:08:59:59 +0800] "GET /xingrg/javascript/jquery.timers.js HTTP/1.1" 304 -
218.81.217.115 - - [07/Oct/2020:08:59:59 +0800] "GET /xingrg/javascript/jquery.utils.js HTTP/1.1" 304 -
218.81.217.115 - - [07/Oct/2020:09:00:00 +0800] "GET /favicon.ico HTTP/1.1" 404 -
218.81.217.115 - - [07/Oct/2020:09:00:00 +0800] "POST /xingrg/all/common/load_tree.html?tree=area_rest_tree_json&manage=1 HTTP/1.1" 200 351
218.81.217.115 - - [07/Oct/2020:09:00:00 +0800] "GET /xingrg/all/function/internal_message.html?_=1602032407139&CODE_STATE=count HTTP/1.1" 200 11
218.81.217.115 - - [07/Oct/2020:09:00:00 +0800] "GET /xingrg/check_reg.html?_=1602032407141 HTTP/1.1" 200 22
218.81.217.115 - - [07/Oct/2020:09:00:00 +0800] "POST /xingrg/load_menu.html HTTP/1.1" 200 5138
114.88.166.242 - - [07/Oct/2020:09:00:00 +0800] "POST /xingrg/kc/buy/cgsh_order_operate.html HTTP/1.1" 200 37
114.88.166.242 - - [07/Oct/2020:09:00:01 +0800] "POST /xingrg/kc/buy/cgsh_order_operate.html HTTP/1.1" 200 39926
222.69.129.199 - - [07/Oct/2020:09:00:03 +0800] "GET /xingrg/kc/buy/cgsh_order_operate.html?command=get_materiel&rest_code=00149&code=00101008296&supplier_code=00100005&order_time=2020-10-07 HTTP/1.1" 200 416
218.81.217.115 - - [07/Oct/2020:09:00:04 +0800] "GET /xingrg/kc/buy/buy_main.html HTTP/1.1" 200 12412
218.81.217.115 - - [07/Oct/2020:09:00:04 +0800] "GET /xingrg/css/blue.css HTTP/1.1" 304 -
218.81.217.115 - - [07/Oct/2020:09:00:04 +0800] "GET /xingrg/css/new_ie.css HTTP/1.1" 404 1036
218.81.217.115 - - [07/Oct/2020:09:00:04 +0800] "GET /xingrg/javascript/jquery_ui/themes/humanity/humanity.css HTTP/1.1" 304 -
218.81.217.115 - - [07/Oct/2020:09:00:04 +0800] "GET /xingrg/javascript/pic_change.js HTTP/1.1" 304 -
218.81.217.115 - - [07/Oct/2020:09:00:04 +0800] "GET /xingrg/javascript/ToolTips.js HTTP/1.1" 304 -
218.81.217.115 - - [07/Oct/2020:09:00:04 +0800] "GET /xingrg/javascript/myfunction.js HTTP/1.1" 304 -
218.81.217.115 - - [07/Oct/2020:09:00:04 +0800] "GET /xingrg/javascript/jquery_ui/jquery-ui.min.js HTTP/1.1" 304 -
218.81.217.115 - - [07/Oct/2020:09:00:04 +0800] "GET /xingrg/images/yd/bt.gif HTTP/1.1" 404 1040
218.81.217.115 - - [07/Oct/2020:09:00:05 +0800] "GET /xingrg/css/base.css HTTP/1.1" 304 -
218.81.217.115 - - [07/Oct/2020:09:00:05 +0800] "GET /xingrg/css/site.css HTTP/1.1" 304 -
218.81.217.115 - - [07/Oct/2020:09:00:05 +0800] "GET /xingrg/javascript/jquery_tools/datebox.css HTTP/1.1" 304 -
218.81.217.115 - - [07/Oct/2020:09:00:05 +0800] "GET /xingrg/javascript/easyui/themes/default/easyui.css HTTP/1.1" 304 -
218.81.217.115 - - [07/Oct/2020:09:00:05 +0800] "GET /xingrg/javascript/easyui/themes/icon.css HTTP/1.1" 304 -
218.81.217.115 - - [07/Oct/2020:09:00:05 +0800] "GET /xingrg/kc/buy/cgsh_order_list.html HTTP/1.1" 200 44206
