180.174.56.115 - - [07/Oct/2020:09:11:23 +0800] "GET /xingrg/kc/buy/cgsh_order_operate.html?command=get_materiel&rest_code=00151&code=00101008017&supplier_code=00100007&order_time=2020-10-07 HTTP/1.1" 200 416
180.174.56.115 - - [07/Oct/2020:09:11:25 +0800] "GET /xingrg/kc/buy/cgsh_order_operate.html?command=get_materiel&rest_code=00150&code=00101006133&supplier_code=00100012&order_time=2020-10-07 HTTP/1.1" 200 413
218.81.217.115 - - [07/Oct/2020:09:11:28 +0800] "POST /xingrg/kc/buy/cgsh_order_operate.html HTTP/1.1" 200 2065
180.174.56.115 - - [07/Oct/2020:09:11:31 +0800] "GET /xingrg/kc/buy/cgsh_order_operate.html?command=get_materiel&rest_code=00151&code=00101016025&supplier_code=00100007&order_time=2020-10-07 HTTP/1.1" 200 408
218.81.217.115 - - [07/Oct/2020:09:11:33 +0800] "GET /xingrg/kc/buy/cgsh_order_operate.html?command=get_materiel&rest_code=00146&code=00101008069&supplier_code=00100005&order_time=2020-10-07 HTTP/1.1" 200 412
222.69.129.199 - - [07/Oct/2020:09:11:36 +0800] "GET /xingrg/all/function/internal_message.html?_=1602033090246&CODE_STATE=getMsg HTTP/1.1" 200 27
180.174.56.115 - - [07/Oct/2020:09:11:38 +0800] "GET /xingrg/kc/buy/cgsh_order_operate.html?command=get_materiel&rest_code=00151&code=00101008137&supplier_code=00100007&order_time=2020-10-07 HTTP/1.1" 200 408
180.174.56.115 - - [07/Oct/2020:09:11:39 +0800] "GET /xingrg/kc/buy/cgsh_order_operate.html?command=get_materiel&rest_code=00150&code=00101006178&supplier_code=00100012&order_time=2020-10-07 HTTP/1.1" 200 409
101.85.228.253 - - [07/Oct/2020:09:11:41 +0800] "POST /xingrg/kc/buy/cgsh_order_operate.html HTTP/1.1" 200 37
172.17.0.240 - - [07/Oct/2020:09:11:43 +0800] "GET /xingrg/all/function/internal_message.html?_=1602033097434&CODE_STATE=getMsg HTTP/1.1" 200 27
218.81.217.115 - - [07/Oct/2020:09:11:44 +0800] "GET /xingrg/all/function/internal_message.html?_=1602033114700&CODE_STATE=getMsg HTTP/1.1" 200 27
101.85.228.253 - - [07/Oct/2020:09:11:44 +0800] "POST /xingrg/kc/buy/cgsh_order_operate.html HTTP/1.1" 200 12
180.174.56.115 - - [07/Oct/2020:09:11:45 +0800] "GET /xingrg/kc/buy/cgsh_order_operate.html?command=get_materiel&rest_code=00151&code=00101008126&supplier_code=00100007&order_time=2020-10-07 HTTP/1.1" 200 412
180.162.245.190 - - [07/Oct/2020:09:11:46 +0800] "GET /xingrg/all/function/internal_message.html?_=1602033103727&CODE_STATE=getMsg HTTP/1.1" 200 27
101.85.228.253 - - [07/Oct/2020:09:11:46 +0800] "GET /xingrg/kc/buy/cgsh_order_info.html?code=212020100702848 HTTP/1.1" 200 54751
101.85.228.253 - - [07/Oct/2020:09:11:46 +0800] "GET /xingrg/javascript/jquery_easy_ui/themes/icons/area.png HTTP/1.1" 200 262
101.85.228.253 - - [07/Oct/2020:09:11:46 +0800] "GET /xingrg/javascript/jquery_easy_ui/themes/icons/rest.png HTTP/1.1" 200 695
101.85.228.253 - - [07/Oct/2020:09:11:47 +0800] "GET /xingrg/javascript/easyui/themes/default/validatebox.css HTTP/1.1" 404 1104
101.85.228.253 - - [07/Oct/2020:09:11:47 +0800] "POST /xingrg/kc/buy/cgsh_order_operate.html HTTP/1.1" 200 4192
101.85.228.253 - - [07/Oct/2020:09:11:50 +0800] "GET /xingrg/kc/print/load_config.html?kc_code=cgsh HTTP/1.1" 200 1845
180.174.56.115 - - [07/Oct/2020:09:11:50 +0800] "GET /xingrg/kc/buy/cgsh_order_operate.html?command=get_materiel&rest_code=00151&code=00101008096&supplier_code=00100007&order_time=2020-10-07 HTTP/1.1" 200 412
101.85.228.253 - - [07/Oct/2020:09:11:51 +0800] "GET /xingrg/kc/print/load_data.html?order_code=212020100702848&kc_code=cgsh&condition= HTTP/1.1" 200 2138
172.17.0.240 - - [07/Oct/2020:09:11:52 +0800] "GET /xingrg/all/function/internal_message.html?_=1602033107296&CODE_STATE=getMsg HTTP/1.1" 200 27
172.17.0.240 - - [07/Oct/2020:09:11:52 +0800] "GET /xingrg/check_reg.html?_=1602033107298 HTTP/1.1" 200 22
180.174.56.115 - - [07/Oct/2020:09:11:53 +0800] "POST /xingrg/kc/buy/cgsh_order_operate.html HTTP/1.1" 200 2065
117.185.32.26 - - [07/Oct/2020:09:11:53 +0800] "GET /xingrg/all/function/internal_message.html?_=1602033109164&CODE_STATE=getMsg HTTP/1.1" 200 27
180.174.56.115 - - [07/Oct/2020:09:11:54 +0800] "GET /xingrg/all/function/internal_message.html?_=1602033087840&CODE_STATE=getMsg HTTP/1.1" 200 27
117.184.7.26 - - [07/Oct/2020:09:11:56 +0800] "GET /xingrg/all/function/internal_message.html?_=1602033107761&CODE_STATE=getMsg HTTP/1.1" 200 27
124.77.70.31 - - [07/Oct/2020:09:11:57 +0800] "GET /xingrg/all/function/internal_message.html?_=1602033110101&CODE_STATE=getMsg HTTP/1.1" 200 27
180.174.56.115 - - [07/Oct/2020:09:11:58 +0800] "GET /xingrg/kc/buy/cgsh_order_operate.html?command=get_materiel&rest_code=00150&code=00101006006&supplier_code=00100012&order_time=2020-10-07 HTTP/1.1" 200 409
180.174.56.115 - - [07/Oct/2020:09:11:58 +0800] "GET /xingrg/kc/buy/cgsh_order_operate.html?command=get_materiel&rest_code=00151&code=00101008114&supplier_code=00100007&order_time=2020-10-07 HTTP/1.1" 200 412
116.238.71.30 - - [07/Oct/2020:09:11:59 +0800] "GET /xingrg/all/function/internal_message.html?_=1602033115872&CODE_STATE=getMsg HTTP/1.1" 200 27
101.85.228.253 - - [07/Oct/2020:09:11:59 +0800] "GET /xingrg/kc/buy/cgsh_order_add.html HTTP/1.1" 200 59850
101.85.228.253 - - [07/Oct/2020:09:11:59 +0800] "POST /xingrg/kc/buy/cgsh_order_operate.html HTTP/1.1" 200 8245
101.85.228.253 - - [07/Oct/2020:09:12:00 +0800] "GET /xingrg/javascript/easyui/themes/default/validatebox.css HTTP/1.1" 404 1104
218.81.217.115 - - [07/Oct/2020:09:12:00 +0800] "GET /xingrg/all/function/internal_message.html?_=1602033127335&CODE_STATE=getMsg HTTP/1.1" 200 27
180.174.56.115 - - [07/Oct/2020:09:12:02 +0800] "GET /xingrg/all/function/internal_message.html?_=1602033119257&CODE_STATE=getMsg HTTP/1.1" 200 27
218.81.217.115 - - [07/Oct/2020:09:12:05 +0800] "GET /xingrg/kc/buy/cgsh_order_operate.html?command=get_materiel&rest_code=00146&code=00101008318&supplier_code=00100005&order_time=2020-10-07 HTTP/1.1" 200 408
218.81.217.115 - - [07/Oct/2020:09:12:06 +0800] "POST /xingrg/kc/buy/cgsh_order_operate.html HTTP/1.1" 200 2065
218.81.217.115 - - [07/Oct/2020:09:12:11 +0800] "GET /xingrg/kc/buy/cgsh_order_operate.html?command=get_materiel&rest_code=00146&code=00101008352&supplier_code=00100005&order_time=2020-10-07 HTTP/1.1" 200 412
101.85.228.253 - - [07/Oct/2020:09:12:12 +0800] "GET /xingrg/javascript/easyui/themes/default/tree.css HTTP/1.1" 404 1090
101.85.228.253 - - [07/Oct/2020:09:12:12 +0800] "POST /xingrg/all/common/load_tree.html?tree=supplier_tree_json&isDelete=1 HTTP/1.1" 200 50541
180.174.56.115 - - [07/Oct/2020:09:12:17 +0800] "GET /xingrg/kc/buy/cgsh_order_operate.html?command=get_materiel&rest_code=00151&code=00101008065&supplier_code=00100007&order_time=2020-10-07 HTTP/1.1" 200 412
114.88.166.242 - - [07/Oct/2020:09:12:17 +0800] "GET /xingrg/all/function/internal_message.html?_=1602033216096&CODE_STATE=getMsg HTTP/1.1" 200 27
101.85.228.253 - - [07/Oct/2020:09:12:18 +0800] "GET /xingrg/check_reg.html?_=1602033351133 HTTP/1.1" 200 22
101.85.228.253 - - [07/Oct/2020:09:12:18 +0800] "GET /xingrg/all/function/internal_message.html?_=1602033351523&CODE_STATE=getMsg HTTP/1.1" 200 27
101.85.228.253 - - [07/Oct/2020:09:12:28 +0800] "GET /xingrg/kc/buy/cgsh_order_operate.html?command=get_materiel&rest_code=00102&code=00101015037&supplier_code=00100054&order_time=2020-10-07 HTTP/1.1" 200 412
180.174.56.115 - - [07/Oct/2020:09:12:33 +0800] "GET /xingrg/kc/buy/cgsh_order_operate.html?command=get_materiel&rest_code=00151&code=00101008185&supplier_code=00100007&order_time=2020-10-07 HTTP/1.1" 200 408
222.69.129.199 - - [07/Oct/2020:09:12:36 +0800] "GET /xingrg/check_reg.html?_=1602033150229 HTTP/1.1" 200 22
222.69.129.199 - - [07/Oct/2020:09:12:36 +0800] "GET /xingrg/all/function/internal_message.html?_=1602033150233&CODE_STATE=getMsg HTTP/1.1" 200 27
218.81.217.115 - - [07/Oct/2020:09:12:38 +0800] "GET /xingrg/kc/buy/cgsh_order_operate.html?command=get_materiel&rest_code=00146&code=00101008283&supplier_code=00100005&order_time=2020-10-07 HTTP/1.1" 200 408
101.85.228.253 - - [07/Oct/2020:09:12:38 +0800] "GET /xingrg/kc/buy/cgsh_order_operate.html?command=get_materiel&rest_code=00102&code=00101015057&supplier_code=00100054&order_time=2020-10-07 HTTP/1.1" 200 408
180.174.56.115 - - [07/Oct/2020:09:12:42 +0800] "GET /xingrg/kc/buy/cgsh_order_operate.html?command=get_materiel&rest_code=00151&code=00101008141&supplier_code=00100007&order_time=2020-10-07 HTTP/1.1" 200 412
172.17.0.240 - - [07/Oct/2020:09:12:43 +0800] "GET /xingrg/all/function/internal_message.html?_=1602033157436&CODE_STATE=getMsg HTTP/1.1" 200 27
218.81.217.115 - - [07/Oct/2020:09:12:44 +0800] "GET /xingrg/check_reg.html?_=1602033174414 HTTP/1.1" 200 22
218.81.217.115 - - [07/Oct/2020:09:12:44 +0800] "GET /xingrg/all/function/internal_message.html?_=1602033174715&CODE_STATE=getMsg HTTP/1.1" 200 27
180.174.56.115 - - [07/Oct/2020:09:12:44 +0800] "POST /xingrg/kc/buy/cgsh_order_operate.html HTTP/1.1" 200 37
218.81.217.115 - - [07/Oct/2020:09:12:45 +0800] "GET /xingrg/kc/buy/cgsh_order_operate.html?command=get_materiel&rest_code=00146&code=00101008271&supplier_code=00100005&order_time=2020-10-07 HTTP/1.1" 200 408
180.162.245.190 - - [07/Oct/2020:09:12:45 +0800] "GET /xingrg/all/function/internal_message.html?_=1602033163696&CODE_STATE=getMsg HTTP/1.1" 200 27
101.85.228.253 - - [07/Oct/2020:09:12:47 +0800] "GET /xingrg/kc/buy/cgsh_order_operate.html?command=get_materiel&rest_code=00102&code=00101015042&supplier_code=00100054&order_time=2020-10-07 HTTP/1.1" 200 408
180.174.56.115 - - [07/Oct/2020:09:12:47 +0800] "POST /xingrg/kc/buy/cgsh_order_operate.html HTTP/1.1" 200 12
180.174.56.115 - - [07/Oct/2020:09:12:49 +0800] "GET /xingrg/kc/buy/cgsh_order_info.html?code=212020100702849 HTTP/1.1" 200 54781
218.81.217.115 - - [07/Oct/2020:09:12:49 +0800] "POST /xingrg/kc/buy/cgsh_order_operate.html HTTP/1.1" 200 2065
180.174.56.115 - - [07/Oct/2020:09:12:49 +0800] "GET /xingrg/javascript/easyui/themes/default/validatebox.css HTTP/1.1" 404 1104
180.174.56.115 - - [07/Oct/2020:09:12:49 +0800] "POST /xingrg/kc/buy/cgsh_order_operate.html HTTP/1.1" 200 6519
180.174.56.115 - - [07/Oct/2020:09:12:51 +0800] "GET /xingrg/kc/buy/cgsh_order_operate.html?command=get_materiel&rest_code=00151&code=00101008439&supplier_code=00100007&order_time=2020-10-07 HTTP/1.1" 200 399
180.174.56.115 - - [07/Oct/2020:09:12:51 +0800] "GET /xingrg/kc/print/load_config.html?kc_code=cgsh HTTP/1.1" 200 1845
180.174.56.115 - - [07/Oct/2020:09:12:51 +0800] "GET /xingrg/kc/print/load_data.html?order_code=212020100702849&kc_code=cgsh&condition= HTTP/1.1" 200 3074
172.17.0.240 - - [07/Oct/2020:09:12:52 +0800] "GET /xingrg/all/function/internal_message.html?_=1602033167292&CODE_STATE=getMsg HTTP/1.1" 200 27
218.81.217.115 - - [07/Oct/2020:09:12:53 +0800] "GET /xingrg/kc/buy/cgsh_order_operate.html?command=get_materiel&rest_code=00146&code=00101008155&supplier_code=00100005&order_time=2020-10-07 HTTP/1.1" 200 408
180.174.56.115 - - [07/Oct/2020:09:12:53 +0800] "POST /xingrg/kc/buy/cgsh_order_operate.html HTTP/1.1" 200 2065
117.185.32.26 - - [07/Oct/2020:09:12:53 +0800] "GET /xingrg/check_reg.html?_=1602033169181 HTTP/1.1" 200 22
117.185.32.26 - - [07/Oct/2020:09:12:53 +0800] "GET /xingrg/all/function/internal_message.html?_=1602033169179&CODE_STATE=getMsg HTTP/1.1" 200 27
180.174.56.115 - - [07/Oct/2020:09:12:54 +0800] "GET /xingrg/all/function/internal_message.html?_=1602033147853&CODE_STATE=getMsg HTTP/1.1" 200 27
117.184.7.26 - - [07/Oct/2020:09:12:56 +0800] "GET /xingrg/all/function/internal_message.html?_=1602033167797&CODE_STATE=getMsg HTTP/1.1" 200 27
124.77.70.31 - - [07/Oct/2020:09:12:57 +0800] "GET /xingrg/all/function/internal_message.html?_=1602033170082&CODE_STATE=getMsg HTTP/1.1" 200 27
180.174.56.115 - - [07/Oct/2020:09:12:57 +0800] "GET /xingrg/kc/buy/cgsh_order_add.html HTTP/1.1" 200 59874
180.174.56.115 - - [07/Oct/2020:09:12:57 +0800] "POST /xingrg/kc/buy/cgsh_order_operate.html HTTP/1.1" 200 8245
180.174.56.115 - - [07/Oct/2020:09:12:58 +0800] "GET /xingrg/javascript/easyui/themes/default/validatebox.css HTTP/1.1" 404 1104
101.85.228.253 - - [07/Oct/2020:09:12:58 +0800] "POST /xingrg/kc/buy/cgsh_order_operate.html HTTP/1.1" 200 37
116.238.71.30 - - [07/Oct/2020:09:12:59 +0800] "GET /xingrg/all/function/internal_message.html?_=1602033175876&CODE_STATE=getMsg HTTP/1.1" 200 27
180.174.56.115 - - [07/Oct/2020:09:12:59 +0800] "GET /xingrg/kc/buy/cgsh_order_operate.html?command=get_materiel&rest_code=00151&code=00101008005&supplier_code=00100007&order_time=2020-10-07 HTTP/1.1" 200 412
218.81.217.115 - - [07/Oct/2020:09:13:00 +0800] "GET /xingrg/all/function/internal_message.html?_=1602033187348&CODE_STATE=getMsg HTTP/1.1" 200 27
101.85.228.253 - - [07/Oct/2020:09:13:00 +0800] "POST /xingrg/kc/buy/cgsh_order_operate.html HTTP/1.1" 200 3829
180.174.56.115 - - [07/Oct/2020:09:13:02 +0800] "GET /xingrg/all/function/internal_message.html?_=1602033179283&CODE_STATE=getMsg HTTP/1.1" 200 27
101.85.228.253 - - [07/Oct/2020:09:13:07 +0800] "POST /xingrg/kc/buy/cgsh_order_operate.html HTTP/1.1" 200 37
180.174.56.115 - - [07/Oct/2020:09:13:08 +0800] "GET /xingrg/kc/buy/cgsh_order_operate.html?command=get_materiel&rest_code=00150&code=00101001084&supplier_code=00100040&order_time=2020-10-07 HTTP/1.1" 200 413
101.85.228.253 - - [07/Oct/2020:09:13:13 +0800] "POST /xingrg/kc/buy/cgsh_order_operate.html HTTP/1.1" 200 12
101.85.228.253 - - [07/Oct/2020:09:13:14 +0800] "GET /xingrg/kc/buy/cgsh_order_info.html?code=212020100702850 HTTP/1.1" 200 54749
218.81.217.115 - - [07/Oct/2020:09:13:14 +0800] "GET /xingrg/kc/buy/cgsh_order_operate.html?command=get_materiel&rest_code=00146&code=00101008114&supplier_code=00100005&order_time=2020-10-07 HTTP/1.1" 200 412
101.85.228.253 - - [07/Oct/2020:09:13:15 +0800] "GET /xingrg/javascript/easyui/themes/default/validatebox.css HTTP/1.1" 404 1104
101.85.228.253 - - [07/Oct/2020:09:13:15 +0800] "POST /xingrg/kc/buy/cgsh_order_operate.html HTTP/1.1" 200 1779
101.85.228.253 - - [07/Oct/2020:09:13:17 +0800] "GET /xingrg/kc/print/load_data.html?order_code=212020100702850&kc_code=cgsh&condition= HTTP/1.1" 200 1115
114.88.166.242 - - [07/Oct/2020:09:13:17 +0800] "GET /xingrg/all/function/internal_message.html?_=1602033276096&CODE_STATE=getMsg HTTP/1.1" 200 27
101.85.228.253 - - [07/Oct/2020:09:13:18 +0800] "GET /xingrg/all/function/internal_message.html?_=1602033411577&CODE_STATE=getMsg HTTP/1.1" 200 27
180.174.56.115 - - [07/Oct/2020:09:13:18 +0800] "GET /xingrg/kc/buy/cgsh_order_operate.html?command=get_materiel&rest_code=00150&code=00101001010&supplier_code=00100040&order_time=2020-10-07 HTTP/1.1" 200 408
180.174.56.115 - - [07/Oct/2020:09:13:22 +0800] "GET /xingrg/kc/buy/cgsh_order_operate.html?command=get_materiel&rest_code=00151&code=00101008296&supplier_code=00100007&order_time=2020-10-07 HTTP/1.1" 200 416
180.174.56.115 - - [07/Oct/2020:09:13:35 +0800] "POST /xingrg/kc/buy/cgsh_order_operate.html HTTP/1.1" 200 37
222.69.129.199 - - [07/Oct/2020:09:13:36 +0800] "GET /xingrg/all/function/internal_message.html?_=1602033210220&CODE_STATE=getMsg HTTP/1.1" 200 27
218.81.217.115 - - [07/Oct/2020:09:13:36 +0800] "GET /xingrg/kc/buy/cgsh_order_operate.html?command=get_materiel&rest_code=00146&code=00101008072&supplier_code=00100005&order_time=2020-10-07 HTTP/1.1" 200 408
180.174.56.115 - - [07/Oct/2020:09:13:38 +0800] "GET /xingrg/kc/buy/cgsh_order_operate.html?command=get_materiel&rest_code=00151&code=00101008084&supplier_code=00100007&order_time=2020-10-07 HTTP/1.1" 200 412
172.17.0.240 - - [07/Oct/2020:09:13:43 +0800] "GET /xingrg/all/function/internal_message.html?_=1602033217439&CODE_STATE=getMsg HTTP/1.1" 200 27
180.174.56.115 - - [07/Oct/2020:09:13:43 +0800] "POST /xingrg/kc/buy/cgsh_order_operate.html HTTP/1.1" 200 2065
218.81.217.115 - - [07/Oct/2020:09:13:43 +0800] "GET /xingrg/kc/buy/cgsh_order_operate.html?command=get_materiel&rest_code=00146&code=00101008223&supplier_code=00100005&order_time=2020-10-07 HTTP/1.1" 200 412
180.174.56.115 - - [07/Oct/2020:09:13:44 +0800] "POST /xingrg/kc/buy/cgsh_order_operate.html HTTP/1.1" 200 12
218.81.217.115 - - [07/Oct/2020:09:13:44 +0800] "GET /xingrg/all/function/internal_message.html?_=1602033234726&CODE_STATE=getMsg HTTP/1.1" 200 27
180.174.56.115 - - [07/Oct/2020:09:13:45 +0800] "GET /xingrg/kc/buy/cgsh_order_info.html?code=212020100702851 HTTP/1.1" 200 54781
180.162.245.190 - - [07/Oct/2020:09:13:45 +0800] "GET /xingrg/all/function/internal_message.html?_=1602033223670&CODE_STATE=getMsg HTTP/1.1" 200 27
180.174.56.115 - - [07/Oct/2020:09:13:46 +0800] "GET /xingrg/javascript/easyui/themes/default/validatebox.css HTTP/1.1" 404 1104
180.174.56.115 - - [07/Oct/2020:09:13:46 +0800] "POST /xingrg/kc/buy/cgsh_order_operate.html HTTP/1.1" 200 1194
218.81.217.115 - - [07/Oct/2020:09:13:47 +0800] "POST /xingrg/kc/buy/cgsh_order_operate.html HTTP/1.1" 200 2065
180.174.56.115 - - [07/Oct/2020:09:13:49 +0800] "GET /xingrg/kc/print/load_data.html?order_code=212020100702851&kc_code=cgsh&condition= HTTP/1.1" 200 1032
120.253.135.82 - - [07/Oct/2020:09:13:50 +0800] "GET /xingrg/all/function/internal_message.html?_=1602032970729&CODE_STATE=getMsg HTTP/1.1" 200 27
120.253.135.82 - - [07/Oct/2020:09:13:51 +0800] "GET /xingrg/check_reg.html?_=1602032977381 HTTP/1.1" 200 22
172.17.0.240 - - [07/Oct/2020:09:13:52 +0800] "GET /xingrg/all/function/internal_message.html?_=1602033227300&CODE_STATE=getMsg HTTP/1.1" 200 27
180.174.56.115 - - [07/Oct/2020:09:13:53 +0800] "GET /xingrg/kc/buy/cgsh_order_operate.html?command=get_materiel&rest_code=00151&code=00101008358&supplier_code=00100007&order_time=2020-10-07 HTTP/1.1" 200 412
117.185.32.26 - - [07/Oct/2020:09:13:53 +0800] "GET /xingrg/all/function/internal_message.html?_=1602033229177&CODE_STATE=getMsg HTTP/1.1" 200 27
218.81.217.115 - - [07/Oct/2020:09:13:54 +0800] "GET /xingrg/kc/buy/cgsh_order_operate.html?command=get_materiel&rest_code=00146&code=00101008061&supplier_code=00100005&order_time=2020-10-07 HTTP/1.1" 200 422
180.174.56.115 - - [07/Oct/2020:09:13:54 +0800] "GET /xingrg/all/function/internal_message.html?_=1602033207867&CODE_STATE=getMsg HTTP/1.1" 200 27
180.174.56.115 - - [07/Oct/2020:09:13:56 +0800] "GET /xingrg/kc/buy/cgsh_order_add.html HTTP/1.1" 200 59874
117.184.7.26 - - [07/Oct/2020:09:13:56 +0800] "GET /xingrg/all/function/internal_message.html?_=1602033227776&CODE_STATE=getMsg HTTP/1.1" 200 27
180.174.56.115 - - [07/Oct/2020:09:13:57 +0800] "POST /xingrg/kc/buy/cgsh_order_operate.html HTTP/1.1" 200 8245
180.174.56.115 - - [07/Oct/2020:09:13:57 +0800] "GET /xingrg/javascript/easyui/themes/default/validatebox.css HTTP/1.1" 404 1104
124.77.70.31 - - [07/Oct/2020:09:13:57 +0800] "GET /xingrg/check_reg.html?_=1602033230025 HTTP/1.1" 200 22
124.77.70.31 - - [07/Oct/2020:09:13:57 +0800] "GET /xingrg/all/function/internal_message.html?_=1602033230062&CODE_STATE=getMsg HTTP/1.1" 200 27
116.238.71.30 - - [07/Oct/2020:09:13:59 +0800] "GET /xingrg/all/function/internal_message.html?_=1602033235878&CODE_STATE=getMsg HTTP/1.1" 200 27
116.238.71.30 - - [07/Oct/2020:09:13:59 +0800] "GET /xingrg/check_reg.html?_=1602033235880 HTTP/1.1" 200 22
218.81.217.115 - - [07/Oct/2020:09:14:00 +0800] "GET /xingrg/all/function/internal_message.html?_=1602033247362&CODE_STATE=getMsg HTTP/1.1" 200 27
218.81.217.115 - - [07/Oct/2020:09:14:01 +0800] "GET /xingrg/kc/buy/cgsh_order_operate.html?command=get_materiel&rest_code=00146&code=00101008095&supplier_code=00100005&order_time=2020-10-07 HTTP/1.1" 200 412
180.174.56.115 - - [07/Oct/2020:09:14:02 +0800] "GET /xingrg/all/function/internal_message.html?_=1602033239309&CODE_STATE=getMsg HTTP/1.1" 200 27
180.174.56.115 - - [07/Oct/2020:09:14:07 +0800] "GET /xingrg/kc/buy/cgsh_order_operate.html?command=get_materiel&rest_code=00150&code=00101012039&supplier_code=00100036&order_time=2020-10-07 HTTP/1.1" 200 408
120.253.135.82 - - [07/Oct/2020:09:14:10 +0800] "GET /xingrg/kc/pszx/mdps_order_list.html?orderType=0 HTTP/1.1" 200 21141
180.174.56.115 - - [07/Oct/2020:09:14:10 +0800] "GET /xingrg/kc/buy/cgsh_order_operate.html?command=get_materiel&rest_code=00151&code=00101008349&supplier_code=00100007&order_time=2020-10-07 HTTP/1.1" 200 412
120.253.135.82 - - [07/Oct/2020:09:14:10 +0800] "POST /xingrg/kc/pszx/mdps_list_operate.html HTTP/1.1" 200 5530
218.81.217.115 - - [07/Oct/2020:09:14:13 +0800] "GET /xingrg/kc/buy/cgsh_order_operate.html?command=get_materiel&rest_code=00146&code=00101008110&supplier_code=00100005&order_time=2020-10-07 HTTP/1.1" 200 408
114.88.166.242 - - [07/Oct/2020:09:14:17 +0800] "GET /xingrg/all/function/internal_message.html?_=1602033336095&CODE_STATE=getMsg HTTP/1.1" 200 27
120.253.135.82 - - [07/Oct/2020:09:14:17 +0800] "POST /xingrg/kc/pszx/mdps_list_operate.html HTTP/1.1" 200 5133
101.85.228.253 - - [07/Oct/2020:09:14:19 +0800] "GET /xingrg/all/function/internal_message.html?_=1602033471581&CODE_STATE=getMsg HTTP/1.1" 200 27
180.174.56.115 - - [07/Oct/2020:09:14:20 +0800] "GET /xingrg/kc/buy/cgsh_order_operate.html?command=get_materiel&rest_code=00150&code=00101016017&supplier_code=00100036&order_time=2020-10-07 HTTP/1.1" 200 408
218.81.217.115 - - [07/Oct/2020:09:14:23 +0800] "GET /xingrg/kc/buy/cgsh_order_operate.html?command=get_materiel&rest_code=00146&code=00101020152&supplier_code=00100005&order_time=2020-10-07 HTTP/1.1" 200 416
180.174.56.115 - - [07/Oct/2020:09:14:25 +0800] "GET /xingrg/kc/buy/cgsh_order_operate.html?command=get_materiel&rest_code=00151&code=00101008069&supplier_code=00100007&order_time=2020-10-07 HTTP/1.1" 200 412
180.174.56.115 - - [07/Oct/2020:09:14:27 +0800] "GET /xingrg/kc/buy/cgsh_order_operate.html?command=get_materiel&rest_code=00150&code=00101016025&supplier_code=00100036&order_time=2020-10-07 HTTP/1.1" 200 408
120.253.135.82 - - [07/Oct/2020:09:14:27 +0800] "POST /xingrg/kc/pszx/mdps_list_operate.html HTTP/1.1" 200 609
120.253.135.82 - - [07/Oct/2020:09:14:28 +0800] "GET /xingrg/kc/pszx/mdps_order_info.html?code=312020100600158 HTTP/1.1" 200 23881
120.253.135.82 - - [07/Oct/2020:09:14:28 +0800] "GET /xingrg/javascript/easyui/themes/default/validatebox.css HTTP/1.1" 404 1104
120.253.135.82 - - [07/Oct/2020:09:14:28 +0800] "POST /xingrg/kc/pszx/mdps_order_operate.html HTTP/1.1" 200 10458
172.17.0.101 - - [07/Oct/2020:09:14:29 +0800] "GET /xingrg/index.html?sysBaseUrl=http%3A%2F%2F172.17.0.8%3A18081%2Fxingrg%2F&costTime=32×tamp=1585227824564 HTTP/1.1" 302 -
172.17.0.101 - - [07/Oct/2020:09:14:29 +0800] "GET /xingrg/login.html HTTP/1.1" 200 7636
172.17.0.101 - - [07/Oct/2020:09:14:29 +0800] "GET /favicon.ico HTTP/1.1" 404 -
218.81.217.115 - - [07/Oct/2020:09:14:30 +0800] "GET /xingrg/kc/buy/cgsh_order_operate.html?command=get_materiel&rest_code=00146&code=00101008149&supplier_code=00100005&order_time=2020-10-07 HTTP/1.1" 200 408
218.81.217.115 - - [07/Oct/2020:09:14:32 +0800] "POST /xingrg/kc/buy/cgsh_order_operate.html HTTP/1.1" 200 2065
180.174.56.115 - - [07/Oct/2020:09:14:35 +0800] "POST /xingrg/kc/buy/cgsh_order_operate.html HTTP/1.1" 200 2065
222.69.129.199 - - [07/Oct/2020:09:14:36 +0800] "GET /xingrg/all/function/internal_message.html?_=1602033270226&CODE_STATE=getMsg HTTP/1.1" 200 27
180.174.56.115 - - [07/Oct/2020:09:14:37 +0800] "GET /xingrg/kc/buy/cgsh_order_operate.html?command=get_materiel&rest_code=00150&code=00101012051&supplier_code=00100036&order_time=2020-10-07 HTTP/1.1" 200 408
180.174.56.115 - - [07/Oct/2020:09:14:39 +0800] "GET /xingrg/kc/buy/cgsh_order_operate.html?command=get_materiel&rest_code=00151&code=00101008131&supplier_code=00100007&order_time=2020-10-07 HTTP/1.1" 200 409
172.17.0.240 - - [07/Oct/2020:09:14:43 +0800] "GET /xingrg/check_reg.html?_=1602033277427 HTTP/1.1" 200 22
172.17.0.240 - - [07/Oct/2020:09:14:43 +0800] "GET /xingrg/all/function/internal_message.html?_=1602033277429&CODE_STATE=getMsg HTTP/1.1" 200 27
218.81.217.115 - - [07/Oct/2020:09:14:44 +0800] "GET /xingrg/all/function/internal_message.html?_=1602033294743&CODE_STATE=getMsg HTTP/1.1" 200 27
218.81.217.115 - - [07/Oct/2020:09:14:45 +0800] "GET /xingrg/kc/buy/cgsh_order_operate.html?command=get_materiel&rest_code=00146&code=00101015038&supplier_code=00100005&order_time=2020-10-07 HTTP/1.1" 200 418
180.174.56.115 - - [07/Oct/2020:09:14:45 +0800] "GET /xingrg/kc/buy/cgsh_order_operate.html?command=get_materiel&rest_code=00151&code=00101015038&supplier_code=00100007&order_time=2020-10-07 HTTP/1.1" 200 419
180.162.245.190 - - [07/Oct/2020:09:14:45 +0800] "GET /xingrg/all/function/internal_message.html?_=1602033283651&CODE_STATE=getMsg HTTP/1.1" 200 27
180.162.245.190 - - [07/Oct/2020:09:14:46 +0800] "GET /xingrg/check_reg.html?_=1602033284160 HTTP/1.1" 200 22
120.253.135.82 - - [07/Oct/2020:09:14:50 +0800] "GET /xingrg/all/function/internal_message.html?_=1602033037068&CODE_STATE=getMsg HTTP/1.1" 200 27
172.17.0.240 - - [07/Oct/2020:09:14:52 +0800] "GET /xingrg/all/function/internal_message.html?_=1602033287292&CODE_STATE=getMsg HTTP/1.1" 200 27
180.174.56.115 - - [07/Oct/2020:09:14:53 +0800] "POST /xingrg/kc/buy/cgsh_order_operate.html HTTP/1.1" 200 64
172.17.0.101 - - [07/Oct/2020:09:14:53 +0800] "POST /xingrg/login.do HTTP/1.1" 302 -
172.17.0.101 - - [07/Oct/2020:09:14:53 +0800] "GET /xingrg/index.html?sysBaseUrl=http%3A%2F%2F172.17.0.8%3A18081%2Fxingrg%2F&costTime=72×tamp=1602033293856 HTTP/1.1" 200 17124
117.185.32.26 - - [07/Oct/2020:09:14:53 +0800] "GET /xingrg/all/function/internal_message.html?_=1602033289183&CODE_STATE=getMsg HTTP/1.1" 200 27
172.17.0.101 - - [07/Oct/2020:09:14:54 +0800] "GET /favicon.ico HTTP/1.1" 404 -
172.17.0.101 - - [07/Oct/2020:09:14:54 +0800] "POST /xingrg/all/common/load_tree.html?tree=area_rest_tree_json&manage=1 HTTP/1.1" 200 604
172.17.0.101 - - [07/Oct/2020:09:14:54 +0800] "GET /xingrg/all/function/internal_message.html?_=1602033287131&CODE_STATE=count HTTP/1.1" 200 11
172.17.0.101 - - [07/Oct/2020:09:14:54 +0800] "GET /xingrg/check_reg.html?_=1602033287131 HTTP/1.1" 200 22
172.17.0.101 - - [07/Oct/2020:09:14:54 +0800] "POST /xingrg/load_menu.html HTTP/1.1" 200 5103
180.174.56.115 - - [07/Oct/2020:09:14:54 +0800] "POST /xingrg/kc/buy/cgsh_order_operate.html HTTP/1.1" 200 37
218.81.217.115 - - [07/Oct/2020:09:14:55 +0800] "GET /xingrg/kc/buy/cgsh_order_operate.html?command=get_materiel&rest_code=00146&code=00101008102&supplier_code=00100005&order_time=2020-10-07 HTTP/1.1" 200 412
180.174.56.115 - - [07/Oct/2020:09:14:55 +0800] "POST /xingrg/kc/buy/cgsh_order_operate.html HTTP/1.1" 200 33173
117.184.7.26 - - [07/Oct/2020:09:14:56 +0800] "GET /xingrg/all/function/internal_message.html?_=1602033287788&CODE_STATE=getMsg HTTP/1.1" 200 27
117.184.7.26 - - [07/Oct/2020:09:14:56 +0800] "GET /xingrg/check_reg.html?_=1602033287801 HTTP/1.1" 200 22
124.77.70.31 - - [07/Oct/2020:09:14:57 +0800] "GET /xingrg/all/function/internal_message.html?_=1602033290043&CODE_STATE=getMsg HTTP/1.1" 200 27
180.174.56.115 - - [07/Oct/2020:09:14:57 +0800] "GET /xingrg/check_reg.html?_=1602033271452 HTTP/1.1" 200 22
180.174.56.115 - - [07/Oct/2020:09:14:57 +0800] "GET /xingrg/all/function/internal_message.html?_=1602033271455&CODE_STATE=getMsg HTTP/1.1" 200 27
116.238.71.30 - - [07/Oct/2020:09:14:59 +0800] "GET /xingrg/all/function/internal_message.html?_=1602033295882&CODE_STATE=getMsg HTTP/1.1" 200 27
180.174.56.115 - - [07/Oct/2020:09:14:59 +0800] "POST /xingrg/kc/buy/cgsh_order_operate.html HTTP/1.1" 200 37
218.81.217.115 - - [07/Oct/2020:09:15:00 +0800] "GET /xingrg/check_reg.html?_=1602033307157 HTTP/1.1" 200 22
218.81.217.115 - - [07/Oct/2020:09:15:00 +0800] "GET /xingrg/all/function/internal_message.html?_=1602033307376&CODE_STATE=getMsg HTTP/1.1" 200 27
172.17.0.101 - - [07/Oct/2020:09:15:00 +0800] "GET /xingrg/kc/buy/cgsh_order_list.html HTTP/1.1" 200 44186
180.174.56.115 - - [07/Oct/2020:09:15:01 +0800] "POST /xingrg/kc/buy/cgsh_order_operate.html HTTP/1.1" 200 4414
180.174.56.115 - - [07/Oct/2020:09:15:02 +0800] "GET /xingrg/all/function/internal_message.html?_=1602033299380&CODE_STATE=getMsg HTTP/1.1" 200 27
180.174.56.115 - - [07/Oct/2020:09:15:02 +0800] "GET /xingrg/check_reg.html?_=1602033299426 HTTP/1.1" 200 22
172.17.0.101 - - [07/Oct/2020:09:15:02 +0800] "POST /xingrg/kc/buy/cgsh_list_operate.html HTTP/1.1" 200 4203
218.81.217.115 - - [07/Oct/2020:09:15:03 +0800] "GET /xingrg/kc/buy/cgsh_order_operate.html?command=get_materiel&rest_code=00146&code=00101008123&supplier_code=00100005&order_time=2020-10-07 HTTP/1.1" 200 412
180.174.56.115 - - [07/Oct/2020:09:15:05 +0800] "POST /xingrg/kc/buy/cgsh_order_operate.html HTTP/1.1" 200 37
180.174.56.115 - - [07/Oct/2020:09:15:09 +0800] "POST /xingrg/kc/buy/cgsh_order_operate.html HTTP/1.1" 200 12
180.174.56.115 - - [07/Oct/2020:09:15:10 +0800] "GET /xingrg/kc/buy/cgsh_order_info.html?code=212020100702854 HTTP/1.1" 200 54783
180.174.56.115 - - [07/Oct/2020:09:15:10 +0800] "GET /xingrg/javascript/easyui/themes/default/validatebox.css HTTP/1.1" 404 1104
180.174.56.115 - - [07/Oct/2020:09:15:10 +0800] "POST /xingrg/kc/buy/cgsh_order_operate.html HTTP/1.1" 200 2364
172.17.0.101 - - [07/Oct/2020:09:15:11 +0800] "GET /xingrg/kc/base/wldb_order_list.html HTTP/1.1" 200 19364
172.17.0.101 - - [07/Oct/2020:09:15:11 +0800] "POST /xingrg/kc/base/wldb_list_operate.html HTTP/1.1" 200 928
180.174.56.115 - - [07/Oct/2020:09:15:12 +0800] "GET /xingrg/kc/print/load_data.html?order_code=212020100702854&kc_code=cgsh&condition= HTTP/1.1" 200 1458
218.81.217.115 - - [07/Oct/2020:09:15:15 +0800] "GET /xingrg/kc/buy/cgsh_order_operate.html?command=get_materiel&rest_code=00146&code=00101015062&supplier_code=00100005&order_time=2020-10-07 HTTP/1.1" 200 412
101.85.228.253 - - [07/Oct/2020:09:15:17 +0800] "GET /favicon.ico HTTP/1.1" 404 -
180.174.56.115 - - [07/Oct/2020:09:15:17 +0800] "GET /xingrg/kc/buy/cgsh_order_add.html HTTP/1.1" 200 59874
114.88.166.242 - - [07/Oct/2020:09:15:17 +0800] "GET /xingrg/check_reg.html?_=1602033396107 HTTP/1.1" 200 22
114.88.166.242 - - [07/Oct/2020:09:15:17 +0800] "GET /xingrg/all/function/internal_message.html?_=1602033396094&CODE_STATE=getMsg HTTP/1.1" 200 27
180.174.56.115 - - [07/Oct/2020:09:15:17 +0800] "POST /xingrg/kc/buy/cgsh_order_operate.html HTTP/1.1" 200 8245
180.174.56.115 - - [07/Oct/2020:09:15:18 +0800] "GET /xingrg/javascript/easyui/themes/default/validatebox.css HTTP/1.1" 404 1104
120.253.135.82 - - [07/Oct/2020:09:15:18 +0800] "POST /xingrg/kc/pszx/mdps_list_operate.html HTTP/1.1" 200 3323
101.85.228.253 - - [07/Oct/2020:09:15:19 +0800] "GET /xingrg/all/function/internal_message.html?_=1602033531596&CODE_STATE=getMsg HTTP/1.1" 200 27
218.81.217.115 - - [07/Oct/2020:09:15:19 +0800] "POST /xingrg/kc/buy/cgsh_order_operate.html HTTP/1.1" 200 2065
120.253.135.82 - - [07/Oct/2020:09:15:20 +0800] "POST /xingrg/kc/pszx/mdps_list_operate.html HTTP/1.1" 200 205
120.253.135.82 - - [07/Oct/2020:09:15:21 +0800] "GET /xingrg/kc/pszx/mdps_order_info.html?code=312020100600166 HTTP/1.1" 200 23881
120.253.135.82 - - [07/Oct/2020:09:15:22 +0800] "GET /xingrg/javascript/easyui/themes/default/validatebox.css HTTP/1.1" 404 1104
120.253.135.82 - - [07/Oct/2020:09:15:22 +0800] "POST /xingrg/kc/pszx/mdps_order_operate.html HTTP/1.1" 200 2277
180.174.56.115 - - [07/Oct/2020:09:15:26 +0800] "GET /xingrg/kc/buy/cgsh_order_operate.html?command=get_materiel&rest_code=00150&code=00101011005&supplier_code=00100047&order_time=2020-10-07 HTTP/1.1" 200 428
218.81.217.115 - - [07/Oct/2020:09:15:31 +0800] "GET /xingrg/kc/buy/cgsh_order_operate.html?command=get_materiel&rest_code=00146&code=00101008041&supplier_code=00100005&order_time=2020-10-07 HTTP/1.1" 200 427
180.174.56.115 - - [07/Oct/2020:09:15:35 +0800] "POST /xingrg/kc/buy/cgsh_order_operate.html HTTP/1.1" 200 37
222.69.129.199 - - [07/Oct/2020:09:15:36 +0800] "GET /xingrg/all/function/internal_message.html?_=1602033330227&CODE_STATE=getMsg HTTP/1.1" 200 27
180.174.56.115 - - [07/Oct/2020:09:15:38 +0800] "POST /xingrg/kc/buy/cgsh_order_operate.html HTTP/1.1" 200 12
180.174.56.115 - - [07/Oct/2020:09:15:40 +0800] "GET /xingrg/kc/buy/cgsh_order_info.html?code=212020100702855 HTTP/1.1" 200 54781
180.174.56.115 - - [07/Oct/2020:09:15:41 +0800] "GET /xingrg/javascript/easyui/themes/default/validatebox.css HTTP/1.1" 404 1104
180.174.56.115 - - [07/Oct/2020:09:15:41 +0800] "POST /xingrg/kc/buy/cgsh_order_operate.html HTTP/1.1" 200 606
172.17.0.101 - - [07/Oct/2020:09:15:42 +0800] "GET /xingrg/kc/base/wldb_order_add.html HTTP/1.1" 200 30461
172.17.0.101 - - [07/Oct/2020:09:15:42 +0800] "GET /xingrg/words/20201006141219_words.js HTTP/1.1" 304 -
172.17.0.101 - - [07/Oct/2020:09:15:42 +0800] "GET /xingrg/all/common/auto_word.html?type=base&rest_code=00147 HTTP/1.1" 200 1707
172.17.0.101 - - [07/Oct/2020:09:15:42 +0800] "POST /xingrg/kc/base/wldb_order_operate.html HTTP/1.1" 200 6806
172.17.0.101 - - [07/Oct/2020:09:15:42 +0800] "GET /xingrg/all/common/auto_word.html?type=base&rest_code=00147 HTTP/1.1" 200 1707
172.17.0.101 - - [07/Oct/2020:09:15:42 +0800] "GET /xingrg/javascript/easyui/themes/default/validatebox.css HTTP/1.1" 404 1104
172.17.0.240 - - [07/Oct/2020:09:15:43 +0800] "GET /xingrg/all/function/internal_message.html?_=1602033337431&CODE_STATE=getMsg HTTP/1.1" 200 27
180.174.56.115 - - [07/Oct/2020:09:15:43 +0800] "GET /xingrg/kc/print/load_data.html?order_code=212020100702855&kc_code=cgsh&condition= HTTP/1.1" 200 783
218.81.217.115 - - [07/Oct/2020:09:15:44 +0800] "GET /xingrg/all/function/internal_message.html?_=1602033355191&CODE_STATE=getMsg HTTP/1.1" 200 27
172.17.0.101 - - [07/Oct/2020:09:15:45 +0800] "GET /xingrg/javascript/auto/indicator.gif HTTP/1.1" 404 1066
180.162.245.190 - - [07/Oct/2020:09:15:45 +0800] "GET /xingrg/all/function/internal_message.html?_=1602033343625&CODE_STATE=getMsg HTTP/1.1" 200 27
120.253.135.82 - - [07/Oct/2020:09:15:47 +0800] "POST /xingrg/kc/pszx/mdps_order_operate.html HTTP/1.1" 200 37
172.17.0.101 - - [07/Oct/2020:09:15:47 +0800] "GET /xingrg/javascript/jquery_tools/images/next.gif HTTP/1.1" 404 1086
172.17.0.101 - - [07/Oct/2020:09:15:47 +0800] "GET /xingrg/javascript/jquery_tools/images/prev.gif HTTP/1.1" 404 1086
172.17.0.101 - - [07/Oct/2020:09:15:52 +0800] "GET /xingrg/kc/base/wldb_order_operate.html?command=get_materiel&rest_code=00147&base_code=0010341&code=00101025041 HTTP/1.1" 200 455
218.81.217.115 - - [07/Oct/2020:09:15:52 +0800] "GET /xingrg/kc/buy/cgsh_order_operate.html?command=get_materiel&rest_code=00146&code=00101015026&supplier_code=00100005&order_time=2020-10-07 HTTP/1.1" 200 433
172.17.0.240 - - [07/Oct/2020:09:15:52 +0800] "GET /xingrg/all/function/internal_message.html?_=1602033347289&CODE_STATE=getMsg HTTP/1.1" 200 27
120.253.135.82 - - [07/Oct/2020:09:15:53 +0800] "GET /xingrg/kc/pszx/mdps_order_info.html?code=312020100600166 HTTP/1.1" 200 23881
120.253.135.82 - - [07/Oct/2020:09:15:53 +0800] "GET /xingrg/javascript/easyui/themes/default/validatebox.css HTTP/1.1" 404 1104
120.253.135.82 - - [07/Oct/2020:09:15:53 +0800] "POST /xingrg/kc/pszx/mdps_order_operate.html HTTP/1.1" 200 2285
120.253.135.82 - - [07/Oct/2020:09:15:53 +0800] "GET /xingrg/all/function/internal_message.html?_=1602033100098&CODE_STATE=getMsg HTTP/1.1" 200 27
117.185.32.26 - - [07/Oct/2020:09:15:53 +0800] "GET /xingrg/all/function/internal_message.html?_=1602033349168&CODE_STATE=getMsg HTTP/1.1" 200 27
172.17.0.101 - - [07/Oct/2020:09:15:54 +0800] "GET /xingrg/all/function/internal_message.html?_=1602033347148&CODE_STATE=getMsg HTTP/1.1" 200 27
120.253.135.82 - - [07/Oct/2020:09:15:56 +0800] "POST /xingrg/kc/pszx/mdps_order_operate.html HTTP/1.1" 200 37
117.184.7.26 - - [07/Oct/2020:09:15:56 +0800] "GET /xingrg/all/function/internal_message.html?_=1602033347778&CODE_STATE=getMsg HTTP/1.1" 200 27
120.253.135.82 - - [07/Oct/2020:09:15:56 +0800] "GET /xingrg/kc/pszx/mdps_order_info.html?code=312020100600166 HTTP/1.1" 200 23881
124.77.70.31 - - [07/Oct/2020:09:15:57 +0800] "GET /xingrg/all/function/internal_message.html?_=1602033350016&CODE_STATE=getMsg HTTP/1.1" 200 27
172.17.0.101 - - [07/Oct/2020:09:15:57 +0800] "POST /xingrg/kc/base/wldb_order_operate.html HTTP/1.1" 200 37
120.253.135.82 - - [07/Oct/2020:09:15:57 +0800] "GET /xingrg/javascript/easyui/themes/default/validatebox.css HTTP/1.1" 404 1104
120.253.135.82 - - [07/Oct/2020:09:15:57 +0800] "POST /xingrg/kc/pszx/mdps_order_operate.html HTTP/1.1" 200 2285
180.174.56.115 - - [07/Oct/2020:09:15:57 +0800] "GET /xingrg/all/function/internal_message.html?_=1602033331483&CODE_STATE=getMsg HTTP/1.1" 200 27
172.17.0.101 - - [07/Oct/2020:09:15:58 +0800] "POST /xingrg/kc/base/wldb_order_operate.html HTTP/1.1" 200 2199
172.17.0.101 - - [07/Oct/2020:09:15:58 +0800] "GET /xingrg/kc/base/wldb_order_info.html?code=422020100700825 HTTP/1.1" 200 30474
172.17.0.101 - - [07/Oct/2020:09:15:58 +0800] "GET /xingrg/javascript/easyui/themes/default/validatebox.css HTTP/1.1" 404 1104
116.238.71.30 - - [07/Oct/2020:09:15:59 +0800] "GET /xingrg/all/function/internal_message.html?_=1602033355886&CODE_STATE=getMsg HTTP/1.1" 200 27
172.17.0.101 - - [07/Oct/2020:09:15:59 +0800] "POST /xingrg/kc/base/wldb_order_operate.html HTTP/1.1" 200 2199
218.81.217.115 - - [07/Oct/2020:09:16:00 +0800] "GET /xingrg/all/function/internal_message.html?_=1602033367389&CODE_STATE=getMsg HTTP/1.1" 200 27
172.17.0.101 - - [07/Oct/2020:09:16:00 +0800] "GET /xingrg/kc/base/wldb_order_add.html HTTP/1.1" 200 30461
172.17.0.101 - - [07/Oct/2020:09:16:00 +0800] "POST /xingrg/kc/base/wldb_order_operate.html HTTP/1.1" 200 6806
172.17.0.101 - - [07/Oct/2020:09:16:00 +0800] "GET /xingrg/javascript/easyui/themes/default/validatebox.css HTTP/1.1" 404 1104
218.81.217.115 - - [07/Oct/2020:09:16:02 +0800] "GET /xingrg/kc/buy/cgsh_order_operate.html?command=get_materiel&rest_code=00146&code=00101015037&supplier_code=00100005&order_time=2020-10-07 HTTP/1.1" 200 412
180.174.56.115 - - [07/Oct/2020:09:16:02 +0800] "GET /xingrg/all/function/internal_message.html?_=1602033359439&CODE_STATE=getMsg HTTP/1.1" 200 27
172.17.0.101 - - [07/Oct/2020:09:16:08 +0800] "GET /xingrg/kc/base/wldb_order_operate.html?command=get_materiel&rest_code=00147&base_code=0010287&code=00102002029 HTTP/1.1" 200 454
180.174.56.115 - - [07/Oct/2020:09:16:11 +0800] "GET /xingrg/kc/buy/cgsh_order_add.html HTTP/1.1" 200 59874
180.174.56.115 - - [07/Oct/2020:09:16:11 +0800] "POST /xingrg/kc/buy/cgsh_order_operate.html HTTP/1.1" 200 8245
180.174.56.115 - - [07/Oct/2020:09:16:11 +0800] "GET /xingrg/javascript/easyui/themes/default/validatebox.css HTTP/1.1" 404 1104
172.17.0.101 - - [07/Oct/2020:09:16:14 +0800] "POST /xingrg/kc/base/wldb_order_operate.html HTTP/1.1" 200 37
172.17.0.101 - - [07/Oct/2020:09:16:14 +0800] "POST /xingrg/kc/base/wldb_order_operate.html HTTP/1.1" 200 2218
172.17.0.101 - - [07/Oct/2020:09:16:14 +0800] "GET /xingrg/kc/base/wldb_order_info.html?code=422020100700826 HTTP/1.1" 200 30475
172.17.0.101 - - [07/Oct/2020:09:16:15 +0800] "GET /xingrg/javascript/easyui/themes/default/validatebox.css HTTP/1.1" 404 1104
172.17.0.101 - - [07/Oct/2020:09:16:15 +0800] "POST /xingrg/kc/base/wldb_order_operate.html HTTP/1.1" 200 2218
218.81.217.115 - - [07/Oct/2020:09:16:16 +0800] "GET /xingrg/kc/buy/cgsh_order_operate.html?command=get_materiel&rest_code=00146&code=00101015017&supplier_code=00100005&order_time=2020-10-07 HTTP/1.1" 200 412
172.17.0.101 - - [07/Oct/2020:09:16:17 +0800] "GET /xingrg/kc/base/wldb_order_add.html HTTP/1.1" 200 30461
172.17.0.101 - - [07/Oct/2020:09:16:17 +0800] "GET /xingrg/javascript/easyui/themes/default/validatebox.css HTTP/1.1" 404 1104
172.17.0.101 - - [07/Oct/2020:09:16:17 +0800] "POST /xingrg/kc/base/wldb_order_operate.html HTTP/1.1" 200 6806
114.88.166.242 - - [07/Oct/2020:09:16:17 +0800] "GET /xingrg/all/function/internal_message.html?_=1602033456091&CODE_STATE=getMsg HTTP/1.1" 200 27
101.85.228.253 - - [07/Oct/2020:09:16:18 +0800] "GET /xingrg/all/function/internal_message.html?_=1602033591609&CODE_STATE=getMsg HTTP/1.1" 200 27
180.174.56.115 - - [07/Oct/2020:09:16:21 +0800] "GET /xingrg/kc/buy/cgsh_order_operate.html?command=get_materiel&rest_code=00150&code=00101007061&supplier_code=00100002&order_time=2020-10-07 HTTP/1.1" 200 409
180.174.56.115 - - [07/Oct/2020:09:16:23 +0800] "POST /xingrg/all/user/operate.html HTTP/1.1" 200 36
180.174.56.115 - - [07/Oct/2020:09:16:24 +0800] "GET /xingrg/index.html?sysBaseUrl=http%3A%2F%2F180.169.147.146%3A18081%2Fxingrg%2F&costTime=87×tamp=1601946643414 HTTP/1.1" 200 17179
180.174.56.115 - - [07/Oct/2020:09:16:24 +0800] "GET /xingrg/javascript/jquery_easy_ui/themes/default/easyui.css HTTP/1.1" 304 -
180.174.56.115 - - [07/Oct/2020:09:16:24 +0800] "GET /xingrg/javascript/jquery_easy_ui/themes/icon.css HTTP/1.1" 304 -
180.174.56.115 - - [07/Oct/2020:09:16:24 +0800] "GET /xingrg/css/form.css HTTP/1.1" 304 -
180.174.56.115 - - [07/Oct/2020:09:16:24 +0800] "GET /xingrg/javascript/jquery-1.4.2.min.js HTTP/1.1" 304 -
180.174.56.115 - - [07/Oct/2020:09:16:24 +0800] "GET /xingrg/javascript/jquery_easy_ui/jquery.easyui.min.js HTTP/1.1" 304 -
180.174.56.115 - - [07/Oct/2020:09:16:24 +0800] "GET /xingrg/javascript/jquery_easy_ui/easyui-lang-zh_CN.js HTTP/1.1" 304 -
180.174.56.115 - - [07/Oct/2020:09:16:24 +0800] "GET /xingrg/javascript/jquery.form.js HTTP/1.1" 304 -
180.174.56.115 - - [07/Oct/2020:09:16:24 +0800] "GET /xingrg/javascript/jquery.utils.js HTTP/1.1" 304 -
180.174.56.115 - - [07/Oct/2020:09:16:24 +0800] "GET /xingrg/javascript/jquery.timers.js HTTP/1.1" 304 -
180.174.56.115 - - [07/Oct/2020:09:16:24 +0800] "GET /xingrg/images/blue/jxLogo.png HTTP/1.1" 304 -
180.174.56.115 - - [07/Oct/2020:09:16:24 +0800] "GET /xingrg/javascript/jquery_easy_ui/themes/icons/settle_new.png HTTP/1.1" 304 -
180.174.56.115 - - [07/Oct/2020:09:16:24 +0800] "GET /xingrg/images/blue/navBackgound.jpg HTTP/1.1" 304 -
180.174.56.115 - - [07/Oct/2020:09:16:24 +0800] "POST /xingrg/all/common/load_tree.html?tree=area_rest_tree_json&manage=1 HTTP/1.1" 200 476
180.174.56.115 - - [07/Oct/2020:09:16:24 +0800] "GET /xingrg/check_reg.html?_=1602033381503 HTTP/1.1" 200 22
180.174.56.115 - - [07/Oct/2020:09:16:24 +0800] "GET /xingrg/images/blue/pingpu.png HTTP/1.1" 304 -
180.174.56.115 - - [07/Oct/2020:09:16:24 +0800] "GET /xingrg/all/function/internal_message.html?_=1602033381502&CODE_STATE=count HTTP/1.1" 200 11
180.174.56.115 - - [07/Oct/2020:09:16:24 +0800] "GET /xingrg/javascript/jquery_easy_ui/themes/default/images/tabs_rightarrow.png HTTP/1.1" 304 -
180.174.56.115 - - [07/Oct/2020:09:16:24 +0800] "GET /xingrg/javascript/jquery_easy_ui/themes/default/images/panel_tool_collapse.gif HTTP/1.1" 304 -
180.174.56.115 - - [07/Oct/2020:09:16:24 +0800] "GET /xingrg/javascript/jquery_easy_ui/themes/default/images/tabs_leftarrow.png HTTP/1.1" 304 -
180.174.56.115 - - [07/Oct/2020:09:16:24 +0800] "POST /xingrg/load_menu.html HTTP/1.1" 200 5138
180.174.56.115 - - [07/Oct/2020:09:16:26 +0800] "GET /xingrg/kc/base/wldb_order_list.html HTTP/1.1" 200 19384
172.17.0.101 - - [07/Oct/2020:09:16:26 +0800] "GET /xingrg/kc/base/wldb_order_operate.html?command=get_materiel&rest_code=00147&base_code=0010287&code=00102002543 HTTP/1.1" 200 441
180.174.56.115 - - [07/Oct/2020:09:16:26 +0800] "POST /xingrg/kc/base/wldb_list_operate.html HTTP/1.1" 200 928
180.174.56.115 - - [07/Oct/2020:09:16:27 +0800] "GET /xingrg/kc/base/wldb_order_add.html HTTP/1.1" 200 30496
180.174.56.115 - - [07/Oct/2020:09:16:28 +0800] "POST /xingrg/kc/base/wldb_order_operate.html HTTP/1.1" 200 6806
180.174.56.115 - - [07/Oct/2020:09:16:28 +0800] "GET /xingrg/all/common/auto_word.html?type=base&rest_code=00150 HTTP/1.1" 200 1653
180.174.56.115 - - [07/Oct/2020:09:16:28 +0800] "GET /xingrg/all/common/auto_word.html?type=base&rest_code=00150 HTTP/1.1" 200 1653
180.174.56.115 - - [07/Oct/2020:09:16:28 +0800] "GET /xingrg/javascript/easyui/themes/default/validatebox.css HTTP/1.1" 404 1104
180.174.56.115 - - [07/Oct/2020:09:16:31 +0800] "GET /xingrg/javascript/auto/indicator.gif HTTP/1.1" 404 1066
180.174.56.115 - - [07/Oct/2020:09:16:32 +0800] "GET /xingrg/kc/buy/cgsh_order_operate.html?command=get_materiel&rest_code=00150&code=00101007082&supplier_code=00100002&order_time=2020-10-07 HTTP/1.1" 200 427
218.81.217.115 - - [07/Oct/2020:09:16:33 +0800] "GET /xingrg/kc/buy/cgsh_order_operate.html?command=get_materiel&rest_code=00146&code=00101015065&supplier_code=00100005&order_time=2020-10-07 HTTP/1.1" 200 413
222.69.129.199 - - [07/Oct/2020:09:16:36 +0800] "GET /xingrg/all/function/internal_message.html?_=1602033390226&CODE_STATE=getMsg HTTP/1.1" 200 27
218.81.217.115 - - [07/Oct/2020:09:16:38 +0800] "POST /xingrg/kc/buy/cgsh_order_operate.html HTTP/1.1" 200 2065
120.253.135.82 - - [07/Oct/2020:09:16:39 +0800] "POST /xingrg/kc/pszx/mdps_order_operate.html HTTP/1.1" 200 37
120.253.135.82 - - [07/Oct/2020:09:16:40 +0800] "GET /xingrg/kc/pszx/mdps_order_info.html?code=312020100600166 HTTP/1.1" 200 23887
120.253.135.82 - - [07/Oct/2020:09:16:40 +0800] "GET /xingrg/javascript/easyui/themes/default/validatebox.css HTTP/1.1" 404 1104
120.253.135.82 - - [07/Oct/2020:09:16:40 +0800] "POST /xingrg/kc/pszx/mdps_order_operate.html HTTP/1.1" 200 2285
180.174.56.115 - - [07/Oct/2020:09:16:41 +0800] "GET /xingrg/kc/base/wldb_order_operate.html?command=get_materiel&rest_code=00150&base_code=0010446&code=00102004035 HTTP/1.1" 200 436
120.253.135.82 - - [07/Oct/2020:09:16:42 +0800] "POST /xingrg/kc/pszx/mdps_list_operate.html HTTP/1.1" 200 3332
172.17.0.240 - - [07/Oct/2020:09:16:43 +0800] "GET /xingrg/all/function/internal_message.html?_=1602033397433&CODE_STATE=getMsg HTTP/1.1" 200 27
180.174.56.115 - - [07/Oct/2020:09:16:43 +0800] "GET /xingrg/kc/buy/cgsh_order_operate.html?command=get_materiel&rest_code=00150&code=00101007049&supplier_code=00100002&order_time=2020-10-07 HTTP/1.1" 200 409
218.81.217.115 - - [07/Oct/2020:09:16:44 +0800] "GET /xingrg/all/function/internal_message.html?_=1602033415204&CODE_STATE=getMsg HTTP/1.1" 200 27
180.162.245.190 - - [07/Oct/2020:09:16:45 +0800] "GET /xingrg/all/function/internal_message.html?_=1602033403607&CODE_STATE=getMsg HTTP/1.1" 200 27
218.81.217.115 - - [07/Oct/2020:09:16:46 +0800] "POST /xingrg/kc/buy/cgsh_order_operate.html HTTP/1.1" 200 37
120.253.135.82 - - [07/Oct/2020:09:16:50 +0800] "POST /xingrg/kc/pszx/mdps_list_operate.html HTTP/1.1" 200 205
120.253.135.82 - - [07/Oct/2020:09:16:51 +0800] "GET /xingrg/kc/pszx/mdps_order_info.html?code=312020100600166 HTTP/1.1" 200 23887
120.253.135.82 - - [07/Oct/2020:09:16:52 +0800] "GET /xingrg/javascript/easyui/themes/default/validatebox.css HTTP/1.1" 404 1104
120.253.135.82 - - [07/Oct/2020:09:16:52 +0800] "POST /xingrg/kc/pszx/mdps_order_operate.html HTTP/1.1" 200 2285
172.17.0.240 - - [07/Oct/2020:09:16:52 +0800] "GET /xingrg/all/function/internal_message.html?_=1602033407295&CODE_STATE=getMsg HTTP/1.1" 200 27
172.17.0.240 - - [07/Oct/2020:09:16:52 +0800] "GET /xingrg/check_reg.html?_=1602033407297 HTTP/1.1" 200 22
120.253.135.82 - - [07/Oct/2020:09:16:53 +0800] "GET /xingrg/kc/print/load_config.html?kc_code=mdps HTTP/1.1" 200 2396
117.185.32.26 - - [07/Oct/2020:09:16:53 +0800] "GET /xingrg/all/function/internal_message.html?_=1602033409167&CODE_STATE=getMsg HTTP/1.1" 200 27
120.253.135.82 - - [07/Oct/2020:09:16:53 +0800] "GET /xingrg/all/function/internal_message.html?_=1602033160146&CODE_STATE=getMsg HTTP/1.1" 200 27
120.253.135.82 - - [07/Oct/2020:09:16:54 +0800] "GET /xingrg/kc/print/load_data.html?order_code=312020100600166&kc_code=mdps&condition= HTTP/1.1" 200 682
172.17.0.101 - - [07/Oct/2020:09:16:54 +0800] "GET /xingrg/all/function/internal_message.html?_=1602033407157&CODE_STATE=getMsg HTTP/1.1" 200 27
180.174.56.115 - - [07/Oct/2020:09:16:54 +0800] "GET /xingrg/kc/buy/cgsh_order_operate.html?command=get_materiel&rest_code=00150&code=00101007048&supplier_code=00100002&order_time=2020-10-07 HTTP/1.1" 200 408
218.81.217.115 - - [07/Oct/2020:09:16:55 +0800] "POST /xingrg/kc/buy/cgsh_order_operate.html HTTP/1.1" 200 51768
117.184.7.26 - - [07/Oct/2020:09:16:56 +0800] "GET /xingrg/all/function/internal_message.html?_=1602033407771&CODE_STATE=getMsg HTTP/1.1" 200 27
124.77.70.31 - - [07/Oct/2020:09:16:57 +0800] "GET /xingrg/all/function/internal_message.html?_=1602033410001&CODE_STATE=getMsg HTTP/1.1" 200 27
180.174.56.115 - - [07/Oct/2020:09:16:57 +0800] "GET /xingrg/all/function/internal_message.html?_=1602033391497&CODE_STATE=getMsg HTTP/1.1" 200 27
116.238.71.30 - - [07/Oct/2020:09:16:59 +0800] "GET /xingrg/all/function/internal_message.html?_=1602033415873&CODE_STATE=getMsg HTTP/1.1" 200 27
218.81.217.115 - - [07/Oct/2020:09:17:00 +0800] "GET /xingrg/all/function/internal_message.html?_=1602033427403&CODE_STATE=getMsg HTTP/1.1" 200 27
218.81.217.115 - - [07/Oct/2020:09:17:02 +0800] "GET /xingrg/kc/print/load_config.html?kc_code=cgsh HTTP/1.1" 200 1845
218.81.217.115 - - [07/Oct/2020:09:17:03 +0800] "GET /xingrg/kc/print/load_data.html?order_code=212020100702856&kc_code=cgsh&condition= HTTP/1.1" 200 19287
180.174.56.115 - - [07/Oct/2020:09:17:04 +0800] "GET /xingrg/kc/buy/cgsh_order_operate.html?command=get_materiel&rest_code=00150&code=00101007083&supplier_code=00100002&order_time=2020-10-07 HTTP/1.1" 200 421
114.88.166.242 - - [07/Oct/2020:09:17:10 +0800] "GET /xingrg/kc/buy/cgsh_order_add.html HTTP/1.1" 200 59938
114.88.166.242 - - [07/Oct/2020:09:17:10 +0800] "POST /xingrg/kc/buy/cgsh_order_operate.html HTTP/1.1" 200 8245
114.88.166.242 - - [07/Oct/2020:09:17:10 +0800] "GET /xingrg/javascript/easyui/themes/default/validatebox.css HTTP/1.1" 404 1104
218.81.217.115 - - [07/Oct/2020:09:17:11 +0800] "GET /xingrg/kc/buy/cgsh_order_add.html HTTP/1.1" 200 59944
218.81.217.115 - - [07/Oct/2020:09:17:12 +0800] "POST /xingrg/kc/buy/cgsh_order_operate.html HTTP/1.1" 200 8245
218.81.217.115 - - [07/Oct/2020:09:17:12 +0800] "GET /xingrg/javascript/easyui/themes/default/validatebox.css HTTP/1.1" 404 1104
172.17.0.101 - - [07/Oct/2020:09:17:13 +0800] "POST /xingrg/kc/base/wldb_list_operate.html HTTP/1.1" 200 2180
114.88.166.242 - - [07/Oct/2020:09:17:15 +0800] "GET /xingrg/kc/buy/cgsh_order_operate.html?command=get_materiel&rest_code=00111&code=00101002027&supplier_code=00100199&order_time=2020-10-07 HTTP/1.1" 200 413
