117.184.7.30 - - [05/Oct/2020:09:37:26 +0800] "GET /xingrg/javascript/jquery_easy_ui/easyui-lang-zh_CN.js HTTP/1.1" 304 -
117.184.7.30 - - [05/Oct/2020:09:37:26 +0800] "GET /xingrg/javascript/jquery.form.js HTTP/1.1" 304 -
117.184.7.30 - - [05/Oct/2020:09:37:26 +0800] "GET /xingrg/javascript/jquery.utils.js HTTP/1.1" 304 -
117.184.7.30 - - [05/Oct/2020:09:37:26 +0800] "GET /xingrg/javascript/jquery.timers.js HTTP/1.1" 304 -
117.184.7.30 - - [05/Oct/2020:09:37:26 +0800] "GET /xingrg/images/blue/jxLogo.png HTTP/1.1" 304 -
117.184.7.30 - - [05/Oct/2020:09:37:26 +0800] "GET /xingrg/images/blue/navBackgound.jpg HTTP/1.1" 304 -
117.184.7.30 - - [05/Oct/2020:09:37:26 +0800] "GET /xingrg/javascript/jquery_easy_ui/themes/icons/settle_new.png HTTP/1.1" 304 -
117.184.7.30 - - [05/Oct/2020:09:37:27 +0800] "POST /xingrg/all/common/load_tree.html?tree=area_rest_tree_json&manage=1 HTTP/1.1" 200 470
117.184.7.30 - - [05/Oct/2020:09:37:27 +0800] "GET /xingrg/all/function/internal_message.html?_=1601861843499&CODE_STATE=count HTTP/1.1" 200 11
117.184.7.30 - - [05/Oct/2020:09:37:27 +0800] "GET /xingrg/check_reg.html?_=1601861843502 HTTP/1.1" 200 22
117.184.7.30 - - [05/Oct/2020:09:37:27 +0800] "GET /xingrg/images/blue/pingpu.png HTTP/1.1" 304 -
117.184.7.30 - - [05/Oct/2020:09:37:27 +0800] "GET /xingrg/javascript/jquery_easy_ui/themes/default/images/tabs_rightarrow.png HTTP/1.1" 304 -
117.184.7.30 - - [05/Oct/2020:09:37:27 +0800] "GET /xingrg/javascript/jquery_easy_ui/themes/default/images/tabs_leftarrow.png HTTP/1.1" 304 -
117.184.7.30 - - [05/Oct/2020:09:37:27 +0800] "GET /xingrg/javascript/jquery_easy_ui/themes/default/images/panel_tool_collapse.gif HTTP/1.1" 304 -
117.184.7.30 - - [05/Oct/2020:09:37:27 +0800] "POST /xingrg/load_menu.html HTTP/1.1" 200 5138
180.157.253.48 - - [05/Oct/2020:09:37:27 +0800] "GET /xingrg/check_reg.html?_=1601861846457 HTTP/1.1" 200 22
116.233.75.127 - - [05/Oct/2020:09:37:27 +0800] "GET /xingrg/all/function/internal_message.html?_=1601861915966&CODE_STATE=getMsg HTTP/1.1" 200 27
180.157.253.48 - - [05/Oct/2020:09:37:27 +0800] "GET /xingrg/all/function/internal_message.html?_=1601861847122&CODE_STATE=getMsg HTTP/1.1" 200 27
180.157.253.48 - - [05/Oct/2020:09:37:34 +0800] "GET /xingrg/kc/buy/cgsh_order_operate.html?command=get_materiel&rest_code=00148&code=00101008323&supplier_code=00100007&order_time=2020-10-05 HTTP/1.1" 200 408
183.192.164.71 - - [05/Oct/2020:09:37:35 +0800] "GET /xingrg/all/function/internal_message.html?_=1601861239339&CODE_STATE=getMsg HTTP/1.1" 302 -
180.174.56.115 - - [05/Oct/2020:09:37:36 +0800] "GET /xingrg/check_reg.html?_=1601861855207 HTTP/1.1" 200 22
180.174.56.115 - - [05/Oct/2020:09:37:36 +0800] "GET /xingrg/all/function/internal_message.html?_=1601861855209&CODE_STATE=getMsg HTTP/1.1" 200 27
180.162.245.190 - - [05/Oct/2020:09:37:39 +0800] "GET /xingrg/check_reg.html?_=1601861857457 HTTP/1.1" 200 22
180.162.245.190 - - [05/Oct/2020:09:37:39 +0800] "GET /xingrg/all/function/internal_message.html?_=1601861857458&CODE_STATE=getMsg HTTP/1.1" 200 27
183.192.164.71 - - [05/Oct/2020:09:37:40 +0800] "GET /xingrg/login.html HTTP/1.1" 200 7641
222.69.133.81 - - [05/Oct/2020:09:37:42 +0800] "GET /xingrg/all/function/internal_message.html?_=1601861861092&CODE_STATE=getMsg HTTP/1.1" 200 27
180.157.253.48 - - [05/Oct/2020:09:37:46 +0800] "GET /xingrg/kc/buy/cgsh_order_operate.html?command=get_materiel&rest_code=00148&code=00101008072&supplier_code=00100007&order_time=2020-10-05 HTTP/1.1" 200 408
172.17.0.123 - - [05/Oct/2020:09:37:47 +0800] "GET /xingrg/all/function/internal_message.html?_=1601861848022&CODE_STATE=getMsg HTTP/1.1" 200 27
218.81.217.115 - - [05/Oct/2020:09:37:52 +0800] "GET /xingrg/all/function/internal_message.html?_=1601861874070&CODE_STATE=getMsg HTTP/1.1" 200 27
180.157.253.48 - - [05/Oct/2020:09:37:53 +0800] "GET /xingrg/kc/buy/cgsh_order_operate.html?command=get_materiel&rest_code=00148&code=00101008049&supplier_code=00100007&order_time=2020-10-05 HTTP/1.1" 200 410
172.17.200.101 - - [05/Oct/2020:09:37:55 +0800] "GET /xingrg/all/function/internal_message.html?_=1601861873283&CODE_STATE=getMsg HTTP/1.1" 200 27
172.17.0.101 - - [05/Oct/2020:09:37:55 +0800] "GET /xingrg/all/function/internal_message.html?_=1601861871890&CODE_STATE=getMsg HTTP/1.1" 200 27
116.238.71.30 - - [05/Oct/2020:09:37:56 +0800] "GET /xingrg/all/function/internal_message.html?_=1601861874428&CODE_STATE=getMsg HTTP/1.1" 200 27
58.40.7.146 - - [05/Oct/2020:09:37:59 +0800] "GET /xingrg/all/function/internal_message.html?_=1601861877387&CODE_STATE=getMsg HTTP/1.1" 200 27
218.81.217.115 - - [05/Oct/2020:09:38:00 +0800] "GET /xingrg/all/function/internal_message.html?_=1601861883766&CODE_STATE=getMsg HTTP/1.1" 200 27
180.157.253.48 - - [05/Oct/2020:09:38:03 +0800] "POST /xingrg/kc/buy/cgsh_order_operate.html HTTP/1.1" 200 2065
180.162.245.190 - - [05/Oct/2020:09:38:05 +0800] "GET /xingrg/all/function/internal_message.html?_=1601861867098&CODE_STATE=getMsg HTTP/1.1" 200 27
180.162.245.190 - - [05/Oct/2020:09:38:05 +0800] "GET /xingrg/check_reg.html?_=1601861867101 HTTP/1.1" 200 22
58.37.8.227 - - [05/Oct/2020:09:38:09 +0800] "GET /xingrg/all/function/internal_message.html?_=1601861887603&CODE_STATE=getMsg HTTP/1.1" 200 27
114.88.166.242 - - [05/Oct/2020:09:38:12 +0800] "GET /xingrg/all/function/internal_message.html?_=1601861969758&CODE_STATE=getMsg HTTP/1.1" 200 27
180.174.56.115 - - [05/Oct/2020:09:38:14 +0800] "GET /xingrg/kc/buy/cgsh_order_operate.html?command=get_materiel&rest_code=00150&code=00101008301&supplier_code=00100007&order_time=2020-10-05 HTTP/1.1" 200 422
180.174.56.115 - - [05/Oct/2020:09:38:19 +0800] "GET /xingrg/all/function/internal_message.html?_=1601861872736&CODE_STATE=getMsg HTTP/1.1" 200 27
180.157.253.48 - - [05/Oct/2020:09:38:19 +0800] "GET /xingrg/kc/buy/cgsh_order_operate.html?command=get_materiel&rest_code=00148&code=00101008358&supplier_code=00100007&order_time=2020-10-05 HTTP/1.1" 200 412
117.185.32.26 - - [05/Oct/2020:09:38:21 +0800] "GET /xingrg/all/function/internal_message.html?_=1601861899349&CODE_STATE=getMsg HTTP/1.1" 200 27
117.185.32.26 - - [05/Oct/2020:09:38:21 +0800] "GET /xingrg/check_reg.html?_=1601861899351 HTTP/1.1" 200 22
116.233.75.127 - - [05/Oct/2020:09:38:24 +0800] "GET /xingrg/kc/buy/cgsh_order_add.html HTTP/1.1" 200 59979
116.233.75.127 - - [05/Oct/2020:09:38:25 +0800] "POST /xingrg/kc/buy/cgsh_order_operate.html HTTP/1.1" 200 8245
116.233.75.127 - - [05/Oct/2020:09:38:25 +0800] "GET /xingrg/all/common/auto_word.html?type=employee&rest_code=00109 HTTP/1.1" 200 255
116.233.75.127 - - [05/Oct/2020:09:38:25 +0800] "GET /xingrg/all/common/auto_word.html?type=employee&rest_code=00109 HTTP/1.1" 200 255
116.233.75.127 - - [05/Oct/2020:09:38:25 +0800] "GET /xingrg/javascript/easyui/themes/default/validatebox.css HTTP/1.1" 404 1104
180.157.253.48 - - [05/Oct/2020:09:38:25 +0800] "GET /xingrg/kc/buy/cgsh_order_operate.html?command=get_materiel&rest_code=00148&code=00101008082&supplier_code=00100007&order_time=2020-10-05 HTTP/1.1" 200 422
116.233.75.127 - - [05/Oct/2020:09:38:26 +0800] "GET /xingrg/all/function/internal_message.html?_=1601861975978&CODE_STATE=getMsg HTTP/1.1" 200 27
117.184.7.30 - - [05/Oct/2020:09:38:27 +0800] "GET /xingrg/all/function/internal_message.html?_=1601861903537&CODE_STATE=getMsg HTTP/1.1" 200 27
180.157.253.48 - - [05/Oct/2020:09:38:27 +0800] "GET /xingrg/all/function/internal_message.html?_=1601861907152&CODE_STATE=getMsg HTTP/1.1" 200 27
116.233.75.127 - - [05/Oct/2020:09:38:28 +0800] "GET /xingrg/javascript/jquery_tools/images/prev.gif HTTP/1.1" 404 1086
116.233.75.127 - - [05/Oct/2020:09:38:28 +0800] "GET /xingrg/javascript/jquery_tools/images/next.gif HTTP/1.1" 404 1086
180.157.253.48 - - [05/Oct/2020:09:38:30 +0800] "GET /xingrg/kc/buy/cgsh_order_operate.html?command=get_materiel&rest_code=00148&code=00101008087&supplier_code=00100007&order_time=2020-10-05 HTTP/1.1" 200 412
116.233.75.127 - - [05/Oct/2020:09:38:32 +0800] "GET /xingrg/kc/buy/cgsh_order_operate.html?command=get_materiel&rest_code=00109&code=00101016010&supplier_code=00100035&order_time=2020-10-05 HTTP/1.1" 200 408
58.37.8.227 - - [05/Oct/2020:09:38:36 +0800] "GET /xingrg/check_reg.html?_=1601861914630 HTTP/1.1" 200 22
180.174.56.115 - - [05/Oct/2020:09:38:36 +0800] "GET /xingrg/all/function/internal_message.html?_=1601861915225&CODE_STATE=getMsg HTTP/1.1" 200 27
116.233.75.127 - - [05/Oct/2020:09:38:38 +0800] "GET /xingrg/kc/buy/cgsh_order_operate.html?command=get_materiel&rest_code=00109&code=00101012030&supplier_code=00100035&order_time=2020-10-05 HTTP/1.1" 200 416
180.157.253.48 - - [05/Oct/2020:09:38:38 +0800] "GET /xingrg/kc/buy/cgsh_order_operate.html?command=get_materiel&rest_code=00148&code=00101008355&supplier_code=00100007&order_time=2020-10-05 HTTP/1.1" 200 408
180.162.245.190 - - [05/Oct/2020:09:38:39 +0800] "GET /xingrg/all/function/internal_message.html?_=1601861917456&CODE_STATE=getMsg HTTP/1.1" 200 27
116.233.75.127 - - [05/Oct/2020:09:38:42 +0800] "GET /xingrg/kc/buy/cgsh_order_operate.html?command=get_materiel&rest_code=00109&code=00101016071&supplier_code=00100035&order_time=2020-10-05 HTTP/1.1" 200 416
222.69.133.81 - - [05/Oct/2020:09:38:42 +0800] "GET /xingrg/all/function/internal_message.html?_=1601861921096&CODE_STATE=getMsg HTTP/1.1" 200 27
172.17.0.123 - - [05/Oct/2020:09:38:47 +0800] "GET /xingrg/all/function/internal_message.html?_=1601861908024&CODE_STATE=getMsg HTTP/1.1" 200 27
180.174.56.115 - - [05/Oct/2020:09:38:49 +0800] "POST /xingrg/kc/buy/cgsh_order_operate.html HTTP/1.1" 200 37
116.233.75.127 - - [05/Oct/2020:09:38:49 +0800] "GET /xingrg/kc/buy/cgsh_order_operate.html?command=get_materiel&rest_code=00109&code=00101012059&supplier_code=00100035&order_time=2020-10-05 HTTP/1.1" 200 412
180.157.253.48 - - [05/Oct/2020:09:38:50 +0800] "GET /xingrg/kc/buy/cgsh_order_operate.html?command=get_materiel&rest_code=00148&code=00101008357&supplier_code=00100007&order_time=2020-10-05 HTTP/1.1" 200 408
218.81.217.115 - - [05/Oct/2020:09:38:50 +0800] "GET /xingrg/check_reg.html?_=1601861932434 HTTP/1.1" 200 22
180.174.56.115 - - [05/Oct/2020:09:38:52 +0800] "POST /xingrg/kc/buy/cgsh_order_operate.html HTTP/1.1" 200 12
180.97.118.223 - - [05/Oct/2020:09:38:52 +0800] "GET /xingrg/all/function/internal_message.html?_=1601861167872&CODE_STATE=getMsg HTTP/1.1" 302 -
218.81.217.115 - - [05/Oct/2020:09:38:52 +0800] "GET /xingrg/all/function/internal_message.html?_=1601861934256&CODE_STATE=getMsg HTTP/1.1" 200 27
180.174.56.115 - - [05/Oct/2020:09:38:52 +0800] "GET /xingrg/kc/buy/cgsh_order_info.html?code=212020100501946 HTTP/1.1" 200 54765
180.174.56.115 - - [05/Oct/2020:09:38:53 +0800] "GET /xingrg/javascript/easyui/themes/default/validatebox.css HTTP/1.1" 404 1104
180.174.56.115 - - [05/Oct/2020:09:38:53 +0800] "POST /xingrg/kc/buy/cgsh_order_operate.html HTTP/1.1" 200 33174
180.174.56.115 - - [05/Oct/2020:09:38:55 +0800] "GET /xingrg/kc/print/load_config.html?kc_code=cgsh HTTP/1.1" 200 1845
172.17.200.101 - - [05/Oct/2020:09:38:55 +0800] "GET /xingrg/all/function/internal_message.html?_=1601861933285&CODE_STATE=getMsg HTTP/1.1" 200 27
172.17.0.101 - - [05/Oct/2020:09:38:55 +0800] "GET /xingrg/check_reg.html?_=1601861931889 HTTP/1.1" 200 22
172.17.0.101 - - [05/Oct/2020:09:38:55 +0800] "GET /xingrg/all/function/internal_message.html?_=1601861931890&CODE_STATE=getMsg HTTP/1.1" 200 27
180.174.56.115 - - [05/Oct/2020:09:38:55 +0800] "GET /xingrg/kc/print/load_data.html?order_code=212020100501946&kc_code=cgsh&condition= HTTP/1.1" 200 13093
116.233.75.127 - - [05/Oct/2020:09:38:55 +0800] "GET /xingrg/kc/buy/cgsh_order_operate.html?command=get_materiel&rest_code=00109&code=00101012042&supplier_code=00100035&order_time=2020-10-05 HTTP/1.1" 200 408
116.238.71.30 - - [05/Oct/2020:09:38:56 +0800] "GET /xingrg/check_reg.html?_=1601861934415 HTTP/1.1" 200 22
116.238.71.30 - - [05/Oct/2020:09:38:56 +0800] "GET /xingrg/all/function/internal_message.html?_=1601861934417&CODE_STATE=getMsg HTTP/1.1" 200 27
58.40.7.146 - - [05/Oct/2020:09:38:59 +0800] "GET /xingrg/all/function/internal_message.html?_=1601861937387&CODE_STATE=getMsg HTTP/1.1" 200 27
218.81.217.115 - - [05/Oct/2020:09:39:00 +0800] "GET /xingrg/all/function/internal_message.html?_=1601861943773&CODE_STATE=getMsg HTTP/1.1" 200 27
180.97.118.223 - - [05/Oct/2020:09:39:00 +0800] "GET /xingrg/login.html HTTP/1.1" 200 7641
180.157.253.48 - - [05/Oct/2020:09:39:02 +0800] "GET /xingrg/kc/buy/cgsh_order_operate.html?command=get_materiel&rest_code=00148&code=00101008239&supplier_code=00100007&order_time=2020-10-05 HTTP/1.1" 200 416
180.174.56.115 - - [05/Oct/2020:09:39:03 +0800] "POST /xingrg/all/user/operate.html HTTP/1.1" 200 36
180.174.56.115 - - [05/Oct/2020:09:39:04 +0800] "GET /xingrg/index.html?sysBaseUrl=http%3A%2F%2F180.169.147.146%3A18081%2Fxingrg%2F&costTime=43×tamp=1601768990426 HTTP/1.1" 200 17177
180.174.56.115 - - [05/Oct/2020:09:39:04 +0800] "GET /xingrg/javascript/jquery_easy_ui/themes/default/easyui.css HTTP/1.1" 304 -
180.174.56.115 - - [05/Oct/2020:09:39:04 +0800] "GET /xingrg/javascript/jquery_easy_ui/themes/icon.css HTTP/1.1" 304 -
180.174.56.115 - - [05/Oct/2020:09:39:04 +0800] "GET /xingrg/css/form.css HTTP/1.1" 304 -
180.174.56.115 - - [05/Oct/2020:09:39:04 +0800] "GET /xingrg/javascript/jquery-1.4.2.min.js HTTP/1.1" 304 -
180.174.56.115 - - [05/Oct/2020:09:39:04 +0800] "GET /xingrg/javascript/jquery_easy_ui/jquery.easyui.min.js HTTP/1.1" 304 -
180.174.56.115 - - [05/Oct/2020:09:39:04 +0800] "GET /xingrg/javascript/jquery_easy_ui/easyui-lang-zh_CN.js HTTP/1.1" 304 -
180.174.56.115 - - [05/Oct/2020:09:39:04 +0800] "GET /xingrg/javascript/jquery.form.js HTTP/1.1" 304 -
180.174.56.115 - - [05/Oct/2020:09:39:04 +0800] "GET /xingrg/javascript/jquery.utils.js HTTP/1.1" 304 -
180.174.56.115 - - [05/Oct/2020:09:39:04 +0800] "GET /xingrg/javascript/jquery.timers.js HTTP/1.1" 304 -
180.174.56.115 - - [05/Oct/2020:09:39:04 +0800] "GET /xingrg/images/blue/jxLogo.png HTTP/1.1" 304 -
180.174.56.115 - - [05/Oct/2020:09:39:04 +0800] "GET /xingrg/javascript/jquery_easy_ui/themes/icons/settle_new.png HTTP/1.1" 304 -
180.174.56.115 - - [05/Oct/2020:09:39:04 +0800] "GET /xingrg/images/blue/navBackgound.jpg HTTP/1.1" 304 -
180.174.56.115 - - [05/Oct/2020:09:39:04 +0800] "POST /xingrg/all/common/load_tree.html?tree=area_rest_tree_json&manage=1 HTTP/1.1" 200 476
180.174.56.115 - - [05/Oct/2020:09:39:04 +0800] "GET /xingrg/all/function/internal_message.html?_=1601861942602&CODE_STATE=count HTTP/1.1" 200 11
180.174.56.115 - - [05/Oct/2020:09:39:04 +0800] "GET /xingrg/check_reg.html?_=1601861942603 HTTP/1.1" 200 22
180.174.56.115 - - [05/Oct/2020:09:39:04 +0800] "GET /xingrg/images/blue/pingpu.png HTTP/1.1" 304 -
180.174.56.115 - - [05/Oct/2020:09:39:04 +0800] "GET /xingrg/javascript/jquery_easy_ui/themes/default/images/tabs_rightarrow.png HTTP/1.1" 304 -
180.174.56.115 - - [05/Oct/2020:09:39:04 +0800] "GET /xingrg/javascript/jquery_easy_ui/themes/default/images/panel_tool_collapse.gif HTTP/1.1" 304 -
180.174.56.115 - - [05/Oct/2020:09:39:04 +0800] "GET /xingrg/javascript/jquery_easy_ui/themes/default/images/tabs_leftarrow.png HTTP/1.1" 304 -
180.174.56.115 - - [05/Oct/2020:09:39:04 +0800] "POST /xingrg/load_menu.html HTTP/1.1" 200 5138
180.162.245.190 - - [05/Oct/2020:09:39:05 +0800] "GET /xingrg/all/function/internal_message.html?_=1601861927101&CODE_STATE=getMsg HTTP/1.1" 200 27
180.157.253.48 - - [05/Oct/2020:09:39:06 +0800] "POST /xingrg/kc/buy/cgsh_order_operate.html HTTP/1.1" 200 2065
180.174.56.115 - - [05/Oct/2020:09:39:06 +0800] "GET /xingrg/kc/buy/cgsh_order_list.html HTTP/1.1" 200 44204
180.174.56.115 - - [05/Oct/2020:09:39:07 +0800] "POST /xingrg/kc/buy/cgsh_list_operate.html HTTP/1.1" 200 1691
116.233.75.127 - - [05/Oct/2020:09:39:08 +0800] "GET /xingrg/kc/buy/cgsh_order_operate.html?command=get_materiel&rest_code=00109&code=00101012042&supplier_code=00100035&order_time=2020-10-05 HTTP/1.1" 200 408
58.37.8.227 - - [05/Oct/2020:09:39:09 +0800] "GET /xingrg/all/function/internal_message.html?_=1601861947570&CODE_STATE=getMsg HTTP/1.1" 200 27
180.174.56.115 - - [05/Oct/2020:09:39:09 +0800] "POST /xingrg/kc/buy/cgsh_list_operate.html HTTP/1.1" 200 558
180.174.56.115 - - [05/Oct/2020:09:39:09 +0800] "GET /xingrg/kc/buy/cgsh_order_info.html?code=212020100501953 HTTP/1.1" 200 59589
180.174.56.115 - - [05/Oct/2020:09:39:10 +0800] "GET /xingrg/javascript/easyui/themes/default/validatebox.css HTTP/1.1" 404 1104
180.174.56.115 - - [05/Oct/2020:09:39:10 +0800] "POST /xingrg/kc/buy/cgsh_order_operate.html HTTP/1.1" 200 26614
114.88.166.242 - - [05/Oct/2020:09:39:12 +0800] "GET /xingrg/all/function/internal_message.html?_=1601862029757&CODE_STATE=getMsg HTTP/1.1" 200 27
180.157.253.48 - - [05/Oct/2020:09:39:15 +0800] "GET /xingrg/kc/buy/cgsh_order_operate.html?command=get_materiel&rest_code=00148&code=00101013172&supplier_code=00100007&order_time=2020-10-05 HTTP/1.1" 200 428
180.174.56.115 - - [05/Oct/2020:09:39:19 +0800] "GET /xingrg/all/function/internal_message.html?_=1601861932749&CODE_STATE=getMsg HTTP/1.1" 200 27
117.185.32.26 - - [05/Oct/2020:09:39:21 +0800] "GET /xingrg/all/function/internal_message.html?_=1601861959355&CODE_STATE=getMsg HTTP/1.1" 200 27
116.233.75.127 - - [05/Oct/2020:09:39:22 +0800] "GET /xingrg/kc/buy/cgsh_order_operate.html?command=get_materiel&rest_code=00109&code=00101012026&supplier_code=00100035&order_time=2020-10-05 HTTP/1.1" 200 408
116.233.75.127 - - [05/Oct/2020:09:39:23 +0800] "GET /xingrg/all/function/internal_message.html?_=1601862035970&CODE_STATE=getMsg HTTP/1.1" 200 27
180.157.253.48 - - [05/Oct/2020:09:39:23 +0800] "GET /xingrg/javascript/easyui/themes/default/images/button_plain_hover.png HTTP/1.1" 304 -
180.157.253.48 - - [05/Oct/2020:09:39:23 +0800] "GET /xingrg/javascript/easyui/themes/default/images/button_plain_hover.png HTTP/1.1" 304 -
180.157.253.48 - - [05/Oct/2020:09:39:23 +0800] "GET /xingrg/javascript/easyui/themes/default/images/button_plain_hover.png HTTP/1.1" 304 -
180.157.253.48 - - [05/Oct/2020:09:39:26 +0800] "POST /xingrg/kc/buy/cgsh_order_operate.html HTTP/1.1" 200 37
117.184.7.30 - - [05/Oct/2020:09:39:27 +0800] "GET /xingrg/all/function/internal_message.html?_=1601861963507&CODE_STATE=getMsg HTTP/1.1" 200 27
180.157.253.48 - - [05/Oct/2020:09:39:28 +0800] "POST /xingrg/kc/buy/cgsh_order_operate.html HTTP/1.1" 200 41667
172.17.200.101 - - [05/Oct/2020:09:39:37 +0800] "POST /xingrg/all/user/operate.html HTTP/1.1" 200 36
172.17.200.101 - - [05/Oct/2020:09:39:38 +0800] "GET /xingrg/index.html?sysBaseUrl=http%3A%2F%2F172.17.0.8%3A18081%2Fxingrg%2F&costTime=76×tamp=1601860553700 HTTP/1.1" 200 17454
172.17.200.101 - - [05/Oct/2020:09:39:38 +0800] "GET /xingrg/javascript/jquery_easy_ui/themes/default/easyui.css HTTP/1.1" 304 -
172.17.200.101 - - [05/Oct/2020:09:39:38 +0800] "GET /xingrg/javascript/jquery_easy_ui/themes/icon.css HTTP/1.1" 304 -
172.17.200.101 - - [05/Oct/2020:09:39:38 +0800] "GET /xingrg/css/form.css HTTP/1.1" 304 -
172.17.200.101 - - [05/Oct/2020:09:39:38 +0800] "GET /xingrg/javascript/jquery-1.4.2.min.js HTTP/1.1" 304 -
172.17.200.101 - - [05/Oct/2020:09:39:38 +0800] "GET /xingrg/javascript/jquery_easy_ui/jquery.easyui.min.js HTTP/1.1" 304 -
172.17.200.101 - - [05/Oct/2020:09:39:38 +0800] "GET /xingrg/javascript/jquery_easy_ui/easyui-lang-zh_CN.js HTTP/1.1" 304 -
172.17.200.101 - - [05/Oct/2020:09:39:38 +0800] "GET /xingrg/javascript/jquery.form.js HTTP/1.1" 304 -
172.17.200.101 - - [05/Oct/2020:09:39:38 +0800] "GET /xingrg/javascript/jquery.utils.js HTTP/1.1" 304 -
172.17.200.101 - - [05/Oct/2020:09:39:38 +0800] "GET /xingrg/javascript/jquery.timers.js HTTP/1.1" 304 -
172.17.200.101 - - [05/Oct/2020:09:39:38 +0800] "GET /xingrg/images/blue/jxLogo.png HTTP/1.1" 304 -
172.17.200.101 - - [05/Oct/2020:09:39:38 +0800] "GET /xingrg/javascript/jquery_easy_ui/themes/icons/settle_new.png HTTP/1.1" 304 -
172.17.200.101 - - [05/Oct/2020:09:39:38 +0800] "GET /xingrg/images/blue/navBackgound.jpg HTTP/1.1" 304 -
172.17.200.101 - - [05/Oct/2020:09:39:38 +0800] "POST /xingrg/all/common/load_tree.html?tree=area_rest_tree_json&manage=1 HTTP/1.1" 200 3088
172.17.200.101 - - [05/Oct/2020:09:39:38 +0800] "GET /xingrg/all/function/internal_message.html?_=1601861976890&CODE_STATE=count HTTP/1.1" 200 11
172.17.200.101 - - [05/Oct/2020:09:39:38 +0800] "GET /xingrg/check_reg.html?_=1601861976890 HTTP/1.1" 200 22
172.17.200.101 - - [05/Oct/2020:09:39:38 +0800] "GET /xingrg/javascript/jquery_easy_ui/themes/default/images/tabs_leftarrow.png HTTP/1.1" 304 -
172.17.200.101 - - [05/Oct/2020:09:39:38 +0800] "GET /xingrg/javascript/jquery_easy_ui/themes/default/images/panel_tool_collapse.gif HTTP/1.1" 304 -
172.17.200.101 - - [05/Oct/2020:09:39:38 +0800] "GET /xingrg/javascript/jquery_easy_ui/themes/default/images/panel_tool_expand.gif HTTP/1.1" 304 -
172.17.200.101 - - [05/Oct/2020:09:39:38 +0800] "GET /xingrg/images/blue/pingpu.png HTTP/1.1" 304 -
172.17.200.101 - - [05/Oct/2020:09:39:38 +0800] "GET /xingrg/javascript/jquery_easy_ui/themes/default/images/tabs_rightarrow.png HTTP/1.1" 304 -
172.17.200.101 - - [05/Oct/2020:09:39:38 +0800] "POST /xingrg/load_menu.html HTTP/1.1" 200 9924
180.162.245.190 - - [05/Oct/2020:09:39:39 +0800] "GET /xingrg/all/function/internal_message.html?_=1601861977454&CODE_STATE=getMsg HTTP/1.1" 200 27
172.17.200.101 - - [05/Oct/2020:09:39:41 +0800] "GET /xingrg/kc/buy/cgsh_order_list.html HTTP/1.1" 200 44441
58.40.7.146 - - [05/Oct/2020:09:39:42 +0800] "GET /xingrg/check_reg.html?_=1601861980460 HTTP/1.1" 302 -
222.69.133.81 - - [05/Oct/2020:09:39:42 +0800] "GET /xingrg/all/function/internal_message.html?_=1601861981110&CODE_STATE=getMsg HTTP/1.1" 200 27
172.17.200.101 - - [05/Oct/2020:09:39:45 +0800] "POST /xingrg/kc/buy/cgsh_list_operate.html HTTP/1.1" 200 3135
172.17.0.123 - - [05/Oct/2020:09:39:47 +0800] "GET /xingrg/check_reg.html?_=1601861968027 HTTP/1.1" 200 22
172.17.0.123 - - [05/Oct/2020:09:39:47 +0800] "GET /xingrg/all/function/internal_message.html?_=1601861968031&CODE_STATE=getMsg HTTP/1.1" 200 27
218.81.217.115 - - [05/Oct/2020:09:39:52 +0800] "GET /xingrg/all/function/internal_message.html?_=1601861994426&CODE_STATE=getMsg HTTP/1.1" 200 27
172.17.0.101 - - [05/Oct/2020:09:39:55 +0800] "GET /xingrg/all/function/internal_message.html?_=1601861991888&CODE_STATE=getMsg HTTP/1.1" 200 27
172.17.200.101 - - [05/Oct/2020:09:39:56 +0800] "GET /xingrg/javascript/easyui/themes/default/tree.css HTTP/1.1" 404 1090
172.17.200.101 - - [05/Oct/2020:09:39:56 +0800] "POST /xingrg/all/common/load_tree.html?tree=supplier_tree_json&manage=1 HTTP/1.1" 200 51273
116.238.71.30 - - [05/Oct/2020:09:39:56 +0800] "GET /xingrg/all/function/internal_message.html?_=1601861994419&CODE_STATE=getMsg HTTP/1.1" 200 27
58.40.7.146 - - [05/Oct/2020:09:39:59 +0800] "GET /xingrg/all/function/internal_message.html?_=1601861997390&CODE_STATE=getMsg HTTP/1.1" 200 27
218.81.217.115 - - [05/Oct/2020:09:39:59 +0800] "GET /xingrg/check_reg.html?_=1601862002968 HTTP/1.1" 200 22
218.81.217.115 - - [05/Oct/2020:09:40:00 +0800] "GET /xingrg/all/function/internal_message.html?_=1601862003786&CODE_STATE=getMsg HTTP/1.1" 200 27
180.174.56.115 - - [05/Oct/2020:09:40:04 +0800] "GET /xingrg/all/function/internal_message.html?_=1601862002750&CODE_STATE=getMsg HTTP/1.1" 200 27
180.162.245.190 - - [05/Oct/2020:09:40:05 +0800] "GET /xingrg/all/function/internal_message.html?_=1601861987126&CODE_STATE=getMsg HTTP/1.1" 200 27
58.37.8.227 - - [05/Oct/2020:09:40:09 +0800] "GET /xingrg/all/function/internal_message.html?_=1601862007542&CODE_STATE=getMsg HTTP/1.1" 200 27
114.88.166.242 - - [05/Oct/2020:09:40:12 +0800] "GET /xingrg/all/function/internal_message.html?_=1601862089756&CODE_STATE=getMsg HTTP/1.1" 200 27
172.17.200.101 - - [05/Oct/2020:09:40:14 +0800] "POST /xingrg/kc/buy/cgsh_list_operate.html HTTP/1.1" 200 5893
172.17.200.101 - - [05/Oct/2020:09:40:17 +0800] "POST /xingrg/kc/buy/cgsh_list_operate.html HTTP/1.1" 200 202
172.17.200.101 - - [05/Oct/2020:09:40:19 +0800] "POST /xingrg/kc/buy/cgsh_list_operate.html HTTP/1.1" 200 4
180.174.56.115 - - [05/Oct/2020:09:40:19 +0800] "GET /xingrg/all/function/internal_message.html?_=1601861992791&CODE_STATE=getMsg HTTP/1.1" 200 27
172.17.200.101 - - [05/Oct/2020:09:40:21 +0800] "POST /xingrg/kc/buy/cgsh_list_operate.html HTTP/1.1" 200 5868
116.233.75.127 - - [05/Oct/2020:09:40:21 +0800] "GET /xingrg/check_reg.html?_=1601862031875 HTTP/1.1" 200 22
116.233.75.127 - - [05/Oct/2020:09:40:21 +0800] "GET /xingrg/all/function/internal_message.html?_=1601862031875&CODE_STATE=getMsg HTTP/1.1" 200 27
117.185.32.26 - - [05/Oct/2020:09:40:21 +0800] "GET /xingrg/all/function/internal_message.html?_=1601862019343&CODE_STATE=getMsg HTTP/1.1" 200 27
117.184.7.30 - - [05/Oct/2020:09:40:27 +0800] "GET /xingrg/all/function/internal_message.html?_=1601862023509&CODE_STATE=getMsg HTTP/1.1" 200 27
180.157.253.48 - - [05/Oct/2020:09:40:28 +0800] "GET /xingrg/all/function/internal_message.html?_=1601862027179&CODE_STATE=getMsg HTTP/1.1" 200 27
172.17.200.101 - - [05/Oct/2020:09:40:38 +0800] "GET /xingrg/all/function/internal_message.html?_=1601862036903&CODE_STATE=getMsg HTTP/1.1" 200 27
180.162.245.190 - - [05/Oct/2020:09:40:39 +0800] "GET /xingrg/all/function/internal_message.html?_=1601862037453&CODE_STATE=getMsg HTTP/1.1" 200 27
222.69.133.81 - - [05/Oct/2020:09:40:42 +0800] "GET /xingrg/all/function/internal_message.html?_=1601862041131&CODE_STATE=getMsg HTTP/1.1" 200 27
172.17.0.123 - - [05/Oct/2020:09:40:47 +0800] "GET /xingrg/all/function/internal_message.html?_=1601862028033&CODE_STATE=getMsg HTTP/1.1" 200 27
218.81.217.115 - - [05/Oct/2020:09:40:52 +0800] "GET /xingrg/all/function/internal_message.html?_=1601862054438&CODE_STATE=getMsg HTTP/1.1" 200 27
172.17.0.101 - - [05/Oct/2020:09:40:55 +0800] "GET /xingrg/all/function/internal_message.html?_=1601862051887&CODE_STATE=getMsg HTTP/1.1" 200 27
116.238.71.30 - - [05/Oct/2020:09:40:56 +0800] "GET /xingrg/all/function/internal_message.html?_=1601862054422&CODE_STATE=getMsg HTTP/1.1" 200 27
58.40.7.146 - - [05/Oct/2020:09:40:59 +0800] "GET /xingrg/check_reg.html?_=1601862057395 HTTP/1.1" 200 22
58.40.7.146 - - [05/Oct/2020:09:40:59 +0800] "GET /xingrg/all/function/internal_message.html?_=1601862057396&CODE_STATE=getMsg HTTP/1.1" 200 27
218.81.217.115 - - [05/Oct/2020:09:41:00 +0800] "GET /xingrg/all/function/internal_message.html?_=1601862063799&CODE_STATE=getMsg HTTP/1.1" 200 27
180.174.56.115 - - [05/Oct/2020:09:41:04 +0800] "GET /xingrg/all/function/internal_message.html?_=1601862062779&CODE_STATE=getMsg HTTP/1.1" 200 27
180.162.245.190 - - [05/Oct/2020:09:41:05 +0800] "GET /xingrg/all/function/internal_message.html?_=1601862047127&CODE_STATE=getMsg HTTP/1.1" 200 27
58.37.8.227 - - [05/Oct/2020:09:41:08 +0800] "GET /xingrg/all/function/internal_message.html?_=1601862067522&CODE_STATE=getMsg HTTP/1.1" 200 27
114.88.166.242 - - [05/Oct/2020:09:41:12 +0800] "GET /xingrg/all/function/internal_message.html?_=1601862149757&CODE_STATE=getMsg HTTP/1.1" 200 27
116.233.75.127 - - [05/Oct/2020:09:41:19 +0800] "GET /xingrg/all/function/internal_message.html?_=1601862091881&CODE_STATE=getMsg HTTP/1.1" 200 27
180.174.56.115 - - [05/Oct/2020:09:41:19 +0800] "GET /xingrg/all/function/internal_message.html?_=1601862052806&CODE_STATE=getMsg HTTP/1.1" 200 27
117.185.32.26 - - [05/Oct/2020:09:41:21 +0800] "GET /xingrg/all/function/internal_message.html?_=1601862079341&CODE_STATE=getMsg HTTP/1.1" 200 27
222.69.130.159 - - [05/Oct/2020:09:41:26 +0800] "GET /xingrg/kc/buy/cgsh_order_operate.html?command=get_materiel&rest_code=00154&code=00102009062&supplier_code=00100219&order_time=2020-10-01 HTTP/1.1" 200 432
117.184.7.26 - - [05/Oct/2020:09:41:27 +0800] "GET /xingrg/all/function/internal_message.html?_=1601862083529&CODE_STATE=getMsg HTTP/1.1" 200 27
180.157.253.48 - - [05/Oct/2020:09:41:28 +0800] "GET /xingrg/all/function/internal_message.html?_=1601862087208&CODE_STATE=getMsg HTTP/1.1" 200 27
172.17.200.101 - - [05/Oct/2020:09:41:38 +0800] "GET /xingrg/all/function/internal_message.html?_=1601862096901&CODE_STATE=getMsg HTTP/1.1" 200 27
180.162.245.190 - - [05/Oct/2020:09:41:39 +0800] "GET /xingrg/all/function/internal_message.html?_=1601862097452&CODE_STATE=getMsg HTTP/1.1" 200 27
222.69.133.81 - - [05/Oct/2020:09:41:42 +0800] "GET /xingrg/all/function/internal_message.html?_=1601862101115&CODE_STATE=getMsg HTTP/1.1" 200 27
222.69.133.81 - - [05/Oct/2020:09:41:42 +0800] "GET /xingrg/check_reg.html?_=1601862101099 HTTP/1.1" 200 22
172.17.0.123 - - [05/Oct/2020:09:41:47 +0800] "GET /xingrg/all/function/internal_message.html?_=1601862088019&CODE_STATE=getMsg HTTP/1.1" 200 27
116.233.75.127 - - [05/Oct/2020:09:41:47 +0800] "POST /xingrg/kc/buy/cgsh_order_operate.html HTTP/1.1" 200 37
116.233.75.127 - - [05/Oct/2020:09:41:49 +0800] "POST /xingrg/kc/buy/cgsh_order_operate.html HTTP/1.1" 200 5611
116.233.75.127 - - [05/Oct/2020:09:41:50 +0800] "GET /xingrg/kc/print/load_config.html?kc_code=cgsh HTTP/1.1" 200 1845
116.233.75.127 - - [05/Oct/2020:09:41:50 +0800] "GET /xingrg/kc/print/load_data.html?order_code=212020100501967&kc_code=cgsh&condition= HTTP/1.1" 200 1804
218.81.217.115 - - [05/Oct/2020:09:41:53 +0800] "GET /xingrg/all/function/internal_message.html?_=1601862114637&CODE_STATE=getMsg HTTP/1.1" 200 27
180.174.56.115 - - [05/Oct/2020:09:41:53 +0800] "POST /xingrg/kc/buy/cgsh_order_operate.html HTTP/1.1" 200 37
116.233.75.127 - - [05/Oct/2020:09:41:55 +0800] "GET /xingrg/kc/buy/cgsh_order_add.html HTTP/1.1" 200 59979
116.233.75.127 - - [05/Oct/2020:09:41:55 +0800] "POST /xingrg/kc/buy/cgsh_order_operate.html HTTP/1.1" 200 8245
116.233.75.127 - - [05/Oct/2020:09:41:55 +0800] "GET /xingrg/all/common/auto_word.html?type=employee&rest_code=00109 HTTP/1.1" 200 255
116.233.75.127 - - [05/Oct/2020:09:41:55 +0800] "GET /xingrg/all/common/auto_word.html?type=employee&rest_code=00109 HTTP/1.1" 200 255
172.17.0.101 - - [05/Oct/2020:09:41:55 +0800] "GET /xingrg/all/function/internal_message.html?_=1601862111885&CODE_STATE=getMsg HTTP/1.1" 200 27
116.233.75.127 - - [05/Oct/2020:09:41:55 +0800] "GET /xingrg/javascript/easyui/themes/default/validatebox.css HTTP/1.1" 404 1104
180.174.56.115 - - [05/Oct/2020:09:41:55 +0800] "POST /xingrg/kc/buy/cgsh_order_operate.html HTTP/1.1" 200 12
180.174.56.115 - - [05/Oct/2020:09:41:56 +0800] "GET /xingrg/kc/buy/cgsh_order_info.html?code=212020100501953 HTTP/1.1" 200 54483
116.238.71.30 - - [05/Oct/2020:09:41:56 +0800] "GET /xingrg/all/function/internal_message.html?_=1601862114424&CODE_STATE=getMsg HTTP/1.1" 200 27
180.174.56.115 - - [05/Oct/2020:09:41:56 +0800] "GET /xingrg/javascript/easyui/themes/default/validatebox.css HTTP/1.1" 404 1104
180.174.56.115 - - [05/Oct/2020:09:41:57 +0800] "POST /xingrg/kc/buy/cgsh_order_operate.html HTTP/1.1" 200 24553
180.174.56.115 - - [05/Oct/2020:09:41:58 +0800] "GET /xingrg/kc/print/load_data.html?order_code=212020100501953&kc_code=cgsh&condition= HTTP/1.1" 200 9997
58.40.7.146 - - [05/Oct/2020:09:41:59 +0800] "GET /xingrg/all/function/internal_message.html?_=1601862117381&CODE_STATE=getMsg HTTP/1.1" 200 27
218.81.217.115 - - [05/Oct/2020:09:42:00 +0800] "GET /xingrg/all/function/internal_message.html?_=1601862123815&CODE_STATE=getMsg HTTP/1.1" 200 27
180.174.56.115 - - [05/Oct/2020:09:42:05 +0800] "GET /xingrg/all/function/internal_message.html?_=1601862123618&CODE_STATE=getMsg HTTP/1.1" 200 27
180.162.245.190 - - [05/Oct/2020:09:42:05 +0800] "GET /xingrg/all/function/internal_message.html?_=1601862107127&CODE_STATE=getMsg HTTP/1.1" 200 27
222.69.130.159 - - [05/Oct/2020:09:42:06 +0800] "GET /xingrg/check_reg.html?_=1601862124891 HTTP/1.1" 200 22
117.185.32.26 - - [05/Oct/2020:09:42:07 +0800] "GET /xingrg/kc/mdqp/qqps_order_add.html HTTP/1.1" 200 28162
117.185.32.26 - - [05/Oct/2020:09:42:07 +0800] "GET /xingrg/dwr/interface/AjaxQqpsService.js HTTP/1.1" 200 16326
117.185.32.26 - - [05/Oct/2020:09:42:07 +0800] "GET /xingrg/dwr/interface/AjaxComOrderService.js HTTP/1.1" 200 18264
117.185.32.26 - - [05/Oct/2020:09:42:08 +0800] "GET /xingrg/dwr/engine.js HTTP/1.1" 200 43631
58.37.8.227 - - [05/Oct/2020:09:42:08 +0800] "GET /xingrg/all/function/internal_message.html?_=1601862127490&CODE_STATE=getMsg HTTP/1.1" 200 27
180.157.253.48 - - [05/Oct/2020:09:42:10 +0800] "GET /xingrg/javascript/easyui/themes/default/images/button_plain_hover.png HTTP/1.1" 304 -
180.157.253.48 - - [05/Oct/2020:09:42:10 +0800] "GET /xingrg/javascript/easyui/themes/default/images/button_plain_hover.png HTTP/1.1" 304 -
180.157.253.48 - - [05/Oct/2020:09:42:10 +0800] "GET /xingrg/javascript/easyui/themes/default/images/button_plain_hover.png HTTP/1.1" 304 -
114.88.166.242 - - [05/Oct/2020:09:42:12 +0800] "GET /xingrg/all/function/internal_message.html?_=1601862209758&CODE_STATE=getMsg HTTP/1.1" 200 27
114.88.166.242 - - [05/Oct/2020:09:42:12 +0800] "GET /xingrg/check_reg.html?_=1601862209769 HTTP/1.1" 200 22
180.157.253.48 - - [05/Oct/2020:09:42:12 +0800] "GET /xingrg/kc/buy/cgsh_order_list.html HTTP/1.1" 200 44206
180.157.253.48 - - [05/Oct/2020:09:42:12 +0800] "GET /xingrg/css/base.css HTTP/1.1" 304 -
180.157.253.48 - - [05/Oct/2020:09:42:12 +0800] "GET /xingrg/css/site.css HTTP/1.1" 304 -
180.157.253.48 - - [05/Oct/2020:09:42:12 +0800] "GET /xingrg/javascript/jquery_tools/datebox.css HTTP/1.1" 304 -
180.157.253.48 - - [05/Oct/2020:09:42:12 +0800] "GET /xingrg/javascript/easyui/themes/default/easyui.css HTTP/1.1" 304 -
180.157.253.48 - - [05/Oct/2020:09:42:12 +0800] "GET /xingrg/javascript/easyui/themes/icon.css HTTP/1.1" 304 -
180.157.253.48 - - [05/Oct/2020:09:42:12 +0800] "GET /xingrg/javascript/auto/jquery.autocomplete.css HTTP/1.1" 304 -
180.157.253.48 - - [05/Oct/2020:09:42:12 +0800] "GET /xingrg/javascript/jquery_tools/fix.css HTTP/1.1" 304 -
180.157.253.48 - - [05/Oct/2020:09:42:12 +0800] "GET /xingrg/javascript/jquery_tools/table.css HTTP/1.1" 304 -
180.157.253.48 - - [05/Oct/2020:09:42:12 +0800] "GET /xingrg/javascript/jquery_tools/jquery.tools.min.js HTTP/1.1" 304 -
180.157.253.48 - - [05/Oct/2020:09:42:12 +0800] "GET /xingrg/javascript/jquery_tools/jquery.tools.extend.js HTTP/1.1" 304 -
180.157.253.48 - - [05/Oct/2020:09:42:12 +0800] "GET /xingrg/javascript/jquery_tools/jquery.tools.hotkey.js HTTP/1.1" 304 -
180.157.253.48 - - [05/Oct/2020:09:42:12 +0800] "GET /xingrg/javascript/jquery_tools/jquery.tools.table.js HTTP/1.1" 304 -
180.157.253.48 - - [05/Oct/2020:09:42:12 +0800] "GET /xingrg/javascript/auto/jquery.autocomplete.js HTTP/1.1" 304 -
180.157.253.48 - - [05/Oct/2020:09:42:12 +0800] "GET /xingrg/javascript/jquery_tools/list_manager.js HTTP/1.1" 304 -
180.157.253.48 - - [05/Oct/2020:09:42:12 +0800] "GET /xingrg/javascript/easyui/easyloader.js HTTP/1.1" 304 -
180.157.253.48 - - [05/Oct/2020:09:42:12 +0800] "GET /xingrg/javascript/jquery.utils.js HTTP/1.1" 304 -
180.157.253.48 - - [05/Oct/2020:09:42:12 +0800] "GET /xingrg/javascript/jquery.cookie.js HTTP/1.1" 304 -
180.157.253.48 - - [05/Oct/2020:09:42:12 +0800] "GET /xingrg/javascript/print/LodopFuncs.js HTTP/1.1" 304 -
180.157.253.48 - - [05/Oct/2020:09:42:12 +0800] "GET /xingrg/javascript/easyui/plugins/jquery.parser.js HTTP/1.1" 304 -
180.157.253.48 - - [05/Oct/2020:09:42:13 +0800] "POST /xingrg/kc/buy/cgsh_list_operate.html HTTP/1.1" 200 3090
222.69.130.159 - - [05/Oct/2020:09:42:13 +0800] "GET /xingrg/kc/buy/cgsh_order_operate.html?command=get_materiel&rest_code=00154&code=00102016027&supplier_code=00100219&order_time=2020-10-01 HTTP/1.1" 200 436
180.157.253.48 - - [05/Oct/2020:09:42:15 +0800] "POST /xingrg/kc/buy/cgsh_list_operate.html HTTP/1.1" 200 569
180.157.253.48 - - [05/Oct/2020:09:42:16 +0800] "GET /xingrg/css/base.css HTTP/1.1" 304 -
180.157.253.48 - - [05/Oct/2020:09:42:16 +0800] "GET /xingrg/javascript/jquery_tools/fix.css HTTP/1.1" 304 -
180.157.253.48 - - [05/Oct/2020:09:42:16 +0800] "GET /xingrg/css/site.css HTTP/1.1" 304 -
180.157.253.48 - - [05/Oct/2020:09:42:16 +0800] "GET /xingrg/javascript/jquery_tools/datebox.css HTTP/1.1" 304 -
180.157.253.48 - - [05/Oct/2020:09:42:16 +0800] "GET /xingrg/javascript/easyui/themes/default/easyui.css HTTP/1.1" 304 -
180.157.253.48 - - [05/Oct/2020:09:42:16 +0800] "GET /xingrg/javascript/easyui/themes/icon.css HTTP/1.1" 304 -
180.157.253.48 - - [05/Oct/2020:09:42:16 +0800] "GET /xingrg/javascript/auto/jquery.autocomplete.css HTTP/1.1" 304 -
180.157.253.48 - - [05/Oct/2020:09:42:16 +0800] "GET /xingrg/javascript/jquery_tools/table.css HTTP/1.1" 304 -
180.157.253.48 - - [05/Oct/2020:09:42:16 +0800] "GET /xingrg/javascript/pic_change.js HTTP/1.1" 304 -
180.157.253.48 - - [05/Oct/2020:09:42:16 +0800] "GET /xingrg/javascript/jquery_tools/jquery.tools.min.js HTTP/1.1" 304 -
180.157.253.48 - - [05/Oct/2020:09:42:16 +0800] "GET /xingrg/javascript/jquery_tools/jquery.tools.extend.js HTTP/1.1" 304 -
180.157.253.48 - - [05/Oct/2020:09:42:16 +0800] "GET /xingrg/javascript/jquery_tools/jquery.tools.hotkey.js HTTP/1.1" 304 -
180.157.253.48 - - [05/Oct/2020:09:42:16 +0800] "GET /xingrg/javascript/jquery_tools/jquery.tools.table.js HTTP/1.1" 304 -
180.157.253.48 - - [05/Oct/2020:09:42:16 +0800] "GET /xingrg/javascript/easyui/easyloader.js HTTP/1.1" 304 -
180.157.253.48 - - [05/Oct/2020:09:42:16 +0800] "GET /xingrg/javascript/auto/jquery.autocomplete.js HTTP/1.1" 304 -
180.157.253.48 - - [05/Oct/2020:09:42:16 +0800] "GET /xingrg/javascript/jquery.utils.js HTTP/1.1" 304 -
180.157.253.48 - - [05/Oct/2020:09:42:16 +0800] "GET /xingrg/kc/buy/cgsh_order_info.html?code=212020100501962 HTTP/1.1" 200 59947
180.157.253.48 - - [05/Oct/2020:09:42:16 +0800] "GET /xingrg/javascript/convert.js HTTP/1.1" 304 -
180.157.253.48 - - [05/Oct/2020:09:42:16 +0800] "GET /xingrg/javascript/jquery_tools/order_manager.js HTTP/1.1" 304 -
180.157.253.48 - - [05/Oct/2020:09:42:16 +0800] "GET /xingrg/javascript/json2.js HTTP/1.1" 304 -
180.157.253.48 - - [05/Oct/2020:09:42:16 +0800] "GET /xingrg/javascript/jquery.cookie.js HTTP/1.1" 304 -
180.157.253.48 - - [05/Oct/2020:09:42:16 +0800] "GET /xingrg/javascript/print/kc_print.js HTTP/1.1" 304 -
180.157.253.48 - - [05/Oct/2020:09:42:16 +0800] "GET /xingrg/javascript/print/LodopFuncs.js HTTP/1.1" 304 -
180.157.253.48 - - [05/Oct/2020:09:42:16 +0800] "GET /xingrg/words/20201004120139_words.js HTTP/1.1" 304 -
180.157.253.48 - - [05/Oct/2020:09:42:16 +0800] "GET /xingrg/javascript/easyui/themes/icons/copy_new.png HTTP/1.1" 304 -
180.157.253.48 - - [05/Oct/2020:09:42:16 +0800] "GET /xingrg/javascript/easyui/themes/icons/ok.png HTTP/1.1" 304 -
180.157.253.48 - - [05/Oct/2020:09:42:16 +0800] "GET /xingrg/javascript/easyui/themes/icons/template_new.png HTTP/1.1" 304 -
180.157.253.48 - - [05/Oct/2020:09:42:16 +0800] "GET /xingrg/javascript/easyui/themes/icons/print.png HTTP/1.1" 304 -
180.157.253.48 - - [05/Oct/2020:09:42:16 +0800] "GET /xingrg/javascript/easyui/themes/default/images/menu_downarrow.png HTTP/1.1" 304 -
180.157.253.48 - - [05/Oct/2020:09:42:16 +0800] "GET /xingrg/javascript/easyui/themes/icons/cancel.png HTTP/1.1" 304 -
180.157.253.48 - - [05/Oct/2020:09:42:16 +0800] "GET /xingrg/javascript/easyui/plugins/jquery.parser.js HTTP/1.1" 304 -
180.157.253.48 - - [05/Oct/2020:09:42:16 +0800] "GET /xingrg/all/common/auto_word.html?type=employee&rest_code=00148 HTTP/1.1" 200 147
180.157.253.48 - - [05/Oct/2020:09:42:16 +0800] "GET /xingrg/all/common/auto_word.html?type=employee&rest_code=00148 HTTP/1.1" 200 147
180.157.253.48 - - [05/Oct/2020:09:42:16 +0800] "GET /xingrg/javascript/easyui/themes/default/validatebox.css HTTP/1.1" 404 1104
180.157.253.48 - - [05/Oct/2020:09:42:16 +0800] "GET /xingrg/javascript/easyui/plugins/jquery.validatebox.js HTTP/1.1" 304 -
180.157.253.48 - - [05/Oct/2020:09:42:16 +0800] "GET /xingrg/javascript/easyui/plugins/jquery.numberbox.js HTTP/1.1" 304 -
180.157.253.48 - - [05/Oct/2020:09:42:16 +0800] "POST /xingrg/kc/buy/cgsh_order_operate.html HTTP/1.1" 200 41667
116.233.75.127 - - [05/Oct/2020:09:42:18 +0800] "GET /xingrg/all/function/internal_message.html?_=1601862153497&CODE_STATE=getMsg HTTP/1.1" 200 27
180.174.56.115 - - [05/Oct/2020:09:42:19 +0800] "GET /xingrg/check_reg.html?_=1601862112470 HTTP/1.1" 200 22
180.174.56.115 - - [05/Oct/2020:09:42:19 +0800] "GET /xingrg/all/function/internal_message.html?_=1601862112820&CODE_STATE=getMsg HTTP/1.1" 200 27
117.185.32.26 - - [05/Oct/2020:09:42:21 +0800] "GET /xingrg/all/function/internal_message.html?_=1601862139356&CODE_STATE=getMsg HTTP/1.1" 200 27
116.233.75.127 - - [05/Oct/2020:09:42:21 +0800] "GET /xingrg/javascript/jquery_tools/images/prev.gif HTTP/1.1" 404 1086
116.233.75.127 - - [05/Oct/2020:09:42:21 +0800] "GET /xingrg/javascript/jquery_tools/images/next.gif HTTP/1.1" 404 1086
183.192.164.214 - - [05/Oct/2020:09:42:25 +0800] "GET /xingrg/check_reg.html?_=1601861299343 HTTP/1.1" 302 -
117.184.7.26 - - [05/Oct/2020:09:42:27 +0800] "GET /xingrg/check_reg.html?_=1601862143523 HTTP/1.1" 200 22
117.184.7.26 - - [05/Oct/2020:09:42:27 +0800] "GET /xingrg/all/function/internal_message.html?_=1601862143526&CODE_STATE=getMsg HTTP/1.1" 200 27
180.157.253.48 - - [05/Oct/2020:09:42:27 +0800] "GET /xingrg/check_reg.html?_=1601862146458 HTTP/1.1" 200 22
180.157.253.48 - - [05/Oct/2020:09:42:28 +0800] "GET /xingrg/all/function/internal_message.html?_=1601862147222&CODE_STATE=getMsg HTTP/1.1" 200 27
117.185.32.26 - - [05/Oct/2020:09:42:30 +0800] "GET /xingrg/kc/mdqp/qp_main.html HTTP/1.1" 200 10633
117.185.32.26 - - [05/Oct/2020:09:42:31 +0800] "GET /xingrg/kc/mdqp/qqps_order_list.html HTTP/1.1" 200 10444
117.185.32.26 - - [05/Oct/2020:09:42:31 +0800] "GET /xingrg/dwr/interface/AjaxReportQueryService.js HTTP/1.1" 200 13203
117.185.32.26 - - [05/Oct/2020:09:42:31 +0800] "GET /xingrg/dwr/interface/AjaxQqpsService.js HTTP/1.1" 200 16326
117.185.32.26 - - [05/Oct/2020:09:42:31 +0800] "GET /xingrg/dwr/engine.js HTTP/1.1" 200 43631
183.192.164.214 - - [05/Oct/2020:09:42:32 +0800] "GET /xingrg/login.html HTTP/1.1" 200 7641
117.185.32.26 - - [05/Oct/2020:09:42:33 +0800] "GET /xingrg/kc/mdqp/qqps_order_info.html?code=302020100500087 HTTP/1.1" 200 28324
117.185.32.26 - - [05/Oct/2020:09:42:33 +0800] "GET /xingrg/dwr/interface/AjaxComOrderService.js HTTP/1.1" 200 18264
117.185.32.26 - - [05/Oct/2020:09:42:33 +0800] "GET /xingrg/dwr/interface/AjaxQqpsService.js HTTP/1.1" 200 16326
117.185.32.26 - - [05/Oct/2020:09:42:33 +0800] "GET /xingrg/dwr/engine.js HTTP/1.1" 200 43631
117.185.32.26 - - [05/Oct/2020:09:42:35 +0800] "POST /xingrg/dwr/call/plaincall/AjaxQqpsService.loadMaterielItems.dwr HTTP/1.1" 200 628
117.185.32.26 - - [05/Oct/2020:09:42:36 +0800] "GET /xingrg/kc/mdqp/qp_main.html HTTP/1.1" 200 10633
117.185.32.26 - - [05/Oct/2020:09:42:37 +0800] "GET /xingrg/kc/mdqp/qqps_order_list.html HTTP/1.1" 200 10444
117.185.32.26 - - [05/Oct/2020:09:42:37 +0800] "GET /xingrg/dwr/interface/AjaxQqpsService.js HTTP/1.1" 200 16326
117.185.32.26 - - [05/Oct/2020:09:42:37 +0800] "GET /xingrg/dwr/interface/AjaxReportQueryService.js HTTP/1.1" 200 13203
117.185.32.26 - - [05/Oct/2020:09:42:37 +0800] "GET /xingrg/dwr/engine.js HTTP/1.1" 200 43631
172.17.200.101 - - [05/Oct/2020:09:42:38 +0800] "GET /xingrg/all/function/internal_message.html?_=1601862156909&CODE_STATE=getMsg HTTP/1.1" 200 27
180.162.245.190 - - [05/Oct/2020:09:42:39 +0800] "GET /xingrg/all/function/internal_message.html?_=1601862157451&CODE_STATE=getMsg HTTP/1.1" 200 27
180.162.245.190 - - [05/Oct/2020:09:42:39 +0800] "GET /xingrg/check_reg.html?_=1601862157453 HTTP/1.1" 200 22
222.69.133.81 - - [05/Oct/2020:09:42:42 +0800] "GET /xingrg/all/function/internal_message.html?_=1601862161104&CODE_STATE=getMsg HTTP/1.1" 200 27
117.185.32.26 - - [05/Oct/2020:09:42:43 +0800] "GET /xingrg/kc/mdqp/qqps_order_info.html?code=302020100500086 HTTP/1.1" 200 28315
117.185.32.26 - - [05/Oct/2020:09:42:43 +0800] "GET /xingrg/dwr/interface/AjaxComOrderService.js HTTP/1.1" 200 18264
117.185.32.26 - - [05/Oct/2020:09:42:43 +0800] "GET /xingrg/dwr/interface/AjaxQqpsService.js HTTP/1.1" 200 16326
117.185.32.26 - - [05/Oct/2020:09:42:43 +0800] "GET /xingrg/dwr/engine.js HTTP/1.1" 200 43631
117.185.32.26 - - [05/Oct/2020:09:42:45 +0800] "POST /xingrg/dwr/call/plaincall/AjaxQqpsService.loadMaterielItems.dwr HTTP/1.1" 200 1980
172.17.0.123 - - [05/Oct/2020:09:42:47 +0800] "GET /xingrg/all/function/internal_message.html?_=1601862148022&CODE_STATE=getMsg HTTP/1.1" 200 27
117.185.32.26 - - [05/Oct/2020:09:42:48 +0800] "GET /xingrg/javascript/auto/indicator.gif HTTP/1.1" 404 1066
117.185.32.26 - - [05/Oct/2020:09:42:52 +0800] "POST /xingrg/dwr/call/plaincall/AjaxQqpsService.getMaterielByCode.dwr HTTP/1.1" 200 2659
218.81.217.115 - - [05/Oct/2020:09:42:53 +0800] "GET /xingrg/all/function/internal_message.html?_=1601862174653&CODE_STATE=getMsg HTTP/1.1" 200 27
117.185.32.26 - - [05/Oct/2020:09:42:54 +0800] "POST /xingrg/dwr/call/plaincall/AjaxQqpsService.saveMaterielItem.dwr HTTP/1.1" 200 78
172.17.0.101 - - [05/Oct/2020:09:42:55 +0800] "GET /xingrg/all/function/internal_message.html?_=1601862171912&CODE_STATE=getMsg HTTP/1.1" 200 27
116.238.71.30 - - [05/Oct/2020:09:42:56 +0800] "GET /xingrg/all/function/internal_message.html?_=1601862174426&CODE_STATE=getMsg HTTP/1.1" 200 27
117.185.32.26 - - [05/Oct/2020:09:42:58 +0800] "POST /xingrg/dwr/call/plaincall/AjaxQqpsService.getMaterielByCode.dwr HTTP/1.1" 200 2644
58.40.7.146 - - [05/Oct/2020:09:42:59 +0800] "GET /xingrg/all/function/internal_message.html?_=1601862177384&CODE_STATE=getMsg HTTP/1.1" 200 27
218.81.217.115 - - [05/Oct/2020:09:43:00 +0800] "GET /xingrg/all/function/internal_message.html?_=1601862183834&CODE_STATE=getMsg HTTP/1.1" 200 27
117.185.32.26 - - [05/Oct/2020:09:43:03 +0800] "POST /xingrg/dwr/call/plaincall/AjaxQqpsService.getMaterielByCode.dwr HTTP/1.1" 200 2610
180.174.56.115 - - [05/Oct/2020:09:43:05 +0800] "GET /xingrg/all/function/internal_message.html?_=1601862183644&CODE_STATE=getMsg HTTP/1.1" 200 27
180.162.245.190 - - [05/Oct/2020:09:43:05 +0800] "GET /xingrg/check_reg.html?_=1601862167127 HTTP/1.1" 200 22
180.162.245.190 - - [05/Oct/2020:09:43:05 +0800] "GET /xingrg/all/function/internal_message.html?_=1601862167130&CODE_STATE=getMsg HTTP/1.1" 200 27
117.185.32.26 - - [05/Oct/2020:09:43:06 +0800] "POST /xingrg/dwr/call/plaincall/AjaxQqpsService.saveMaterielItem.dwr HTTP/1.1" 200 78
58.37.8.227 - - [05/Oct/2020:09:43:08 +0800] "GET /xingrg/all/function/internal_message.html?_=1601862187492&CODE_STATE=getMsg HTTP/1.1" 200 27
117.185.32.26 - - [05/Oct/2020:09:43:11 +0800] "POST /xingrg/dwr/call/plaincall/AjaxQqpsService.getMaterielByCode.dwr HTTP/1.1" 200 2568
114.88.166.242 - - [05/Oct/2020:09:43:12 +0800] "GET /xingrg/all/function/internal_message.html?_=1601862269768&CODE_STATE=getMsg HTTP/1.1" 200 27
117.185.32.26 - - [05/Oct/2020:09:43:13 +0800] "POST /xingrg/dwr/call/plaincall/AjaxQqpsService.saveMaterielItem.dwr HTTP/1.1" 200 78
117.185.32.26 - - [05/Oct/2020:09:43:14 +0800] "GET /xingrg/images/yd/bt2.gif HTTP/1.1" 404 1042
116.233.75.127 - - [05/Oct/2020:09:43:16 +0800] "GET /xingrg/all/function/internal_message.html?_=1601862213503&CODE_STATE=getMsg HTTP/1.1" 200 27
180.174.56.115 - - [05/Oct/2020:09:43:19 +0800] "GET /xingrg/all/function/internal_message.html?_=1601862172834&CODE_STATE=getMsg HTTP/1.1" 200 27
117.185.32.26 - - [05/Oct/2020:09:43:21 +0800] "GET /xingrg/check_reg.html?_=1601862199375 HTTP/1.1" 200 22
117.185.32.26 - - [05/Oct/2020:09:43:21 +0800] "GET /xingrg/all/function/internal_message.html?_=1601862199373&CODE_STATE=getMsg HTTP/1.1" 200 27
117.184.7.26 - - [05/Oct/2020:09:43:27 +0800] "GET /xingrg/all/function/internal_message.html?_=1601862203522&CODE_STATE=getMsg HTTP/1.1" 200 27
183.192.164.71 - - [05/Oct/2020:09:43:27 +0800] "GET /xingrg/kc/mdqp/qqps_order_info.html?code=302020100500088 HTTP/1.1" 302 -
180.157.253.48 - - [05/Oct/2020:09:43:28 +0800] "GET /xingrg/all/function/internal_message.html?_=1601862207235&CODE_STATE=getMsg HTTP/1.1" 200 27
183.192.164.71 - - [05/Oct/2020:09:43:30 +0800] "GET /xingrg/login.html HTTP/1.1" 200 7641
222.69.130.159 - - [05/Oct/2020:09:43:34 +0800] "GET /xingrg/kc/buy/cgsh_order_operate.html?command=get_materiel&rest_code=00154&code=00102009414&supplier_code=00100219&order_time=2020-10-01 HTTP/1.1" 200 416
58.37.8.227 - - [05/Oct/2020:09:43:36 +0800] "GET /xingrg/check_reg.html?_=1601862214638 HTTP/1.1" 200 22
172.17.200.101 - - [05/Oct/2020:09:43:38 +0800] "GET /xingrg/all/function/internal_message.html?_=1601862216896&CODE_STATE=getMsg HTTP/1.1" 200 27
180.162.245.190 - - [05/Oct/2020:09:43:39 +0800] "GET /xingrg/all/function/internal_message.html?_=1601862217451&CODE_STATE=getMsg HTTP/1.1" 200 27
222.69.133.81 - - [05/Oct/2020:09:43:42 +0800] "GET /xingrg/all/function/internal_message.html?_=1601862221110&CODE_STATE=getMsg HTTP/1.1" 200 27
172.17.0.123 - - [05/Oct/2020:09:43:47 +0800] "GET /xingrg/all/function/internal_message.html?_=1601862208027&CODE_STATE=getMsg HTTP/1.1" 200 27
117.185.32.26 - - [05/Oct/2020:09:43:48 +0800] "POST /xingrg/dwr/call/plaincall/AjaxQqpsService.saveOrder.dwr HTTP/1.1" 200 78
218.81.217.115 - - [05/Oct/2020:09:43:51 +0800] "GET /xingrg/check_reg.html?_=1601862232606 HTTP/1.1" 200 22
218.81.217.115 - - [05/Oct/2020:09:43:53 +0800] "GET /xingrg/all/function/internal_message.html?_=1601862234667&CODE_STATE=getMsg HTTP/1.1" 200 27
172.17.0.101 - - [05/Oct/2020:09:43:55 +0800] "GET /xingrg/all/function/internal_message.html?_=1601862231910&CODE_STATE=getMsg HTTP/1.1" 200 27
172.17.0.101 - - [05/Oct/2020:09:43:55 +0800] "GET /xingrg/check_reg.html?_=1601862231910 HTTP/1.1" 200 22
116.238.71.30 - - [05/Oct/2020:09:43:56 +0800] "GET /xingrg/check_reg.html?_=1601862234431 HTTP/1.1" 200 22
116.238.71.30 - - [05/Oct/2020:09:43:56 +0800] "GET /xingrg/all/function/internal_message.html?_=1601862234432&CODE_STATE=getMsg HTTP/1.1" 200 27
58.40.7.146 - - [05/Oct/2020:09:43:59 +0800] "GET /xingrg/all/function/internal_message.html?_=1601862237386&CODE_STATE=getMsg HTTP/1.1" 200 27
218.81.217.115 - - [05/Oct/2020:09:44:00 +0800] "GET /xingrg/all/function/internal_message.html?_=1601862243840&CODE_STATE=getMsg HTTP/1.1" 200 27
