172.17.0.240 - - [05/Oct/2020:10:36:38 +0800] "GET /xingrg/all/function/internal_message.html?_=1601865395327&CODE_STATE=getMsg HTTP/1.1" 200 27
222.69.133.81 - - [05/Oct/2020:10:36:39 +0800] "GET /xingrg/kc/mdqp/qqps_order_list.html HTTP/1.1" 200 9222
180.162.245.190 - - [05/Oct/2020:10:36:39 +0800] "GET /xingrg/all/function/internal_message.html?_=1601865397491&CODE_STATE=getMsg HTTP/1.1" 200 27
222.69.133.81 - - [05/Oct/2020:10:36:39 +0800] "GET /xingrg/dwr/interface/AjaxQqpsService.js HTTP/1.1" 200 16326
222.69.133.81 - - [05/Oct/2020:10:36:39 +0800] "GET /xingrg/dwr/util.js HTTP/1.1" 304 -
222.69.133.81 - - [05/Oct/2020:10:36:39 +0800] "GET /xingrg/dwr/interface/AjaxReportQueryService.js HTTP/1.1" 200 13203
222.69.133.81 - - [05/Oct/2020:10:36:39 +0800] "GET /xingrg/dwr/engine.js HTTP/1.1" 200 43631
222.69.133.81 - - [05/Oct/2020:10:36:40 +0800] "GET /xingrg/kc/mdqp/qqps_order_add.html HTTP/1.1" 200 28241
222.69.133.81 - - [05/Oct/2020:10:36:40 +0800] "GET /xingrg/dwr/interface/AjaxComOrderService.js HTTP/1.1" 200 18264
222.69.133.81 - - [05/Oct/2020:10:36:40 +0800] "GET /xingrg/dwr/interface/AjaxQqpsService.js HTTP/1.1" 200 16326
222.69.133.81 - - [05/Oct/2020:10:36:40 +0800] "GET /xingrg/dwr/engine.js HTTP/1.1" 200 43631
222.69.133.81 - - [05/Oct/2020:10:36:43 +0800] "GET /xingrg/check_reg.html?_=1601865401196 HTTP/1.1" 200 22
222.69.133.81 - - [05/Oct/2020:10:36:43 +0800] "GET /xingrg/all/function/internal_message.html?_=1601865401199&CODE_STATE=getMsg HTTP/1.1" 200 27
114.88.166.242 - - [05/Oct/2020:10:36:45 +0800] "GET /xingrg/kc/buy/cgsh_order_operate.html?command=get_materiel&rest_code=00111&code=00101004046&supplier_code=00100312&order_time=2020-10-05 HTTP/1.1" 200 417
172.17.0.123 - - [05/Oct/2020:10:36:47 +0800] "GET /xingrg/all/function/internal_message.html?_=1601865388035&CODE_STATE=getMsg HTTP/1.1" 200 27
117.184.7.26 - - [05/Oct/2020:10:36:48 +0800] "GET /xingrg/kc/buy/cgsh_order_operate.html?command=get_materiel&rest_code=00108&code=00101006055&supplier_code=00100010&order_time=2020-10-05 HTTP/1.1" 200 409
222.69.133.81 - - [05/Oct/2020:10:36:49 +0800] "POST /xingrg/dwr/call/plaincall/AjaxQqpsService.saveOrder.dwr HTTP/1.1" 200 78
222.69.133.81 - - [05/Oct/2020:10:36:52 +0800] "POST /xingrg/dwr/call/plaincall/AjaxQqpsService.getMaterielByCode.dwr HTTP/1.1" 200 2691
114.88.166.242 - - [05/Oct/2020:10:36:53 +0800] "GET /xingrg/all/function/internal_message.html?_=1601865410387&CODE_STATE=getMsg HTTP/1.1" 200 27
222.69.133.81 - - [05/Oct/2020:10:36:54 +0800] "POST /xingrg/dwr/call/plaincall/AjaxQqpsService.saveMaterielItem.dwr HTTP/1.1" 200 78
117.184.7.30 - - [05/Oct/2020:10:36:55 +0800] "GET /favicon.ico HTTP/1.1" 404 -
172.17.0.101 - - [05/Oct/2020:10:36:55 +0800] "GET /xingrg/all/function/internal_message.html?_=1601865412171&CODE_STATE=getMsg HTTP/1.1" 200 27
116.238.71.30 - - [05/Oct/2020:10:36:56 +0800] "GET /xingrg/all/function/internal_message.html?_=1601865414484&CODE_STATE=getMsg HTTP/1.1" 200 27
114.88.166.242 - - [05/Oct/2020:10:36:56 +0800] "GET /xingrg/kc/buy/cgsh_order_operate.html?command=get_materiel&rest_code=00111&code=00101004067&supplier_code=00100312&order_time=2020-10-05 HTTP/1.1" 200 413
218.81.217.115 - - [05/Oct/2020:10:36:56 +0800] "GET /xingrg/all/function/internal_message.html?_=1601865418320&CODE_STATE=getMsg HTTP/1.1" 200 27
58.40.7.146 - - [05/Oct/2020:10:36:59 +0800] "GET /xingrg/all/function/internal_message.html?_=1601865417411&CODE_STATE=getMsg HTTP/1.1" 200 27
218.81.217.115 - - [05/Oct/2020:10:37:01 +0800] "GET /xingrg/all/function/internal_message.html?_=1601865424825&CODE_STATE=getMsg HTTP/1.1" 200 27
101.85.228.253 - - [05/Oct/2020:10:37:01 +0800] "GET /xingrg/check_reg.html?_=1601865420007 HTTP/1.1" 200 22
114.88.166.242 - - [05/Oct/2020:10:37:01 +0800] "GET /xingrg/kc/buy/cgsh_order_operate.html?command=get_materiel&rest_code=00111&code=00101004030&supplier_code=00100312&order_time=2020-10-05 HTTP/1.1" 200 408
101.85.228.253 - - [05/Oct/2020:10:37:03 +0800] "GET /xingrg/all/function/internal_message.html?_=1601865421363&CODE_STATE=getMsg HTTP/1.1" 200 27
180.174.56.115 - - [05/Oct/2020:10:37:06 +0800] "GET /xingrg/all/function/internal_message.html?_=1601865424474&CODE_STATE=getMsg HTTP/1.1" 200 27
222.69.133.81 - - [05/Oct/2020:10:37:07 +0800] "POST /xingrg/dwr/call/plaincall/AjaxQqpsService.getMaterielByCode.dwr HTTP/1.1" 200 2716
58.37.8.227 - - [05/Oct/2020:10:37:07 +0800] "GET /xingrg/all/function/internal_message.html?_=1601865426202&CODE_STATE=getMsg HTTP/1.1" 200 27
172.16.0.197 - - [05/Oct/2020:10:37:09 +0800] "GET /xingrg/all/function/internal_message.html?_=1601865427142&CODE_STATE=getMsg HTTP/1.1" 302 -
172.16.0.197 - - [05/Oct/2020:10:37:09 +0800] "GET /xingrg/login.html HTTP/1.1" 200 7636
222.69.133.81 - - [05/Oct/2020:10:37:09 +0800] "POST /xingrg/dwr/call/plaincall/AjaxQqpsService.saveMaterielItem.dwr HTTP/1.1" 200 78
114.88.166.242 - - [05/Oct/2020:10:37:10 +0800] "GET /xingrg/all/function/internal_message.html?_=1601865507860&CODE_STATE=getMsg HTTP/1.1" 200 27
222.69.133.81 - - [05/Oct/2020:10:37:12 +0800] "POST /xingrg/dwr/call/plaincall/AjaxQqpsService.checkOrder.dwr HTTP/1.1" 200 78
117.184.7.26 - - [05/Oct/2020:10:37:12 +0800] "GET /xingrg/kc/buy/cgsh_order_operate.html?command=get_materiel&rest_code=00108&code=00101006133&supplier_code=00100010&order_time=2020-10-05 HTTP/1.1" 200 413
117.184.7.26 - - [05/Oct/2020:10:37:12 +0800] "GET /xingrg/all/function/internal_message.html?_=1601865429101&CODE_STATE=getMsg HTTP/1.1" 200 27
222.69.133.81 - - [05/Oct/2020:10:37:13 +0800] "GET /xingrg/kc/mdqp/qqps_order_info.html?code=302020100500096 HTTP/1.1" 200 26644
222.69.133.81 - - [05/Oct/2020:10:37:13 +0800] "GET /xingrg/dwr/interface/AjaxComOrderService.js HTTP/1.1" 200 18264
222.69.133.81 - - [05/Oct/2020:10:37:13 +0800] "GET /xingrg/dwr/interface/AjaxQqpsService.js HTTP/1.1" 200 16326
222.69.133.81 - - [05/Oct/2020:10:37:13 +0800] "GET /xingrg/dwr/engine.js HTTP/1.1" 200 43631
222.69.133.81 - - [05/Oct/2020:10:37:13 +0800] "POST /xingrg/dwr/call/plaincall/AjaxQqpsService.loadMaterielItems.dwr HTTP/1.1" 200 661
222.69.133.81 - - [05/Oct/2020:10:37:14 +0800] "GET /xingrg/images/yd/bt.gif HTTP/1.1" 404 1040
222.69.133.81 - - [05/Oct/2020:10:37:15 +0800] "GET /xingrg/kc/mdqp/qqps_order_list.html?isBack=1 HTTP/1.1" 200 9677
222.69.133.81 - - [05/Oct/2020:10:37:15 +0800] "GET /xingrg/dwr/interface/AjaxReportQueryService.js HTTP/1.1" 200 13203
222.69.133.81 - - [05/Oct/2020:10:37:15 +0800] "GET /xingrg/dwr/interface/AjaxQqpsService.js HTTP/1.1" 200 16326
222.69.133.81 - - [05/Oct/2020:10:37:15 +0800] "GET /xingrg/dwr/engine.js HTTP/1.1" 200 43631
222.69.133.81 - - [05/Oct/2020:10:37:17 +0800] "GET /xingrg/kc/mdqp/qqps_order_add.html HTTP/1.1" 200 28241
222.69.133.81 - - [05/Oct/2020:10:37:17 +0800] "GET /xingrg/dwr/interface/AjaxComOrderService.js HTTP/1.1" 200 18264
222.69.133.81 - - [05/Oct/2020:10:37:17 +0800] "GET /xingrg/dwr/interface/AjaxQqpsService.js HTTP/1.1" 200 16326
222.69.133.81 - - [05/Oct/2020:10:37:17 +0800] "GET /xingrg/dwr/engine.js HTTP/1.1" 200 43631
116.233.75.127 - - [05/Oct/2020:10:37:19 +0800] "GET /xingrg/all/function/internal_message.html?_=1601865446500&CODE_STATE=getMsg HTTP/1.1" 200 27
117.184.7.26 - - [05/Oct/2020:10:37:19 +0800] "GET /xingrg/kc/buy/cgsh_order_operate.html?command=get_materiel&rest_code=00108&code=00101007069&supplier_code=00100010&order_time=2020-10-05 HTTP/1.1" 200 413
172.17.0.120 - - [05/Oct/2020:10:37:21 +0800] "GET /xingrg/all/function/internal_message.html?_=1601865438557&CODE_STATE=getMsg HTTP/1.1" 200 27
222.69.133.81 - - [05/Oct/2020:10:37:22 +0800] "POST /xingrg/dwr/call/plaincall/AjaxQqpsService.saveOrder.dwr HTTP/1.1" 200 78
222.69.133.81 - - [05/Oct/2020:10:37:26 +0800] "POST /xingrg/dwr/call/plaincall/AjaxQqpsService.getMaterielByCode.dwr HTTP/1.1" 200 2723
117.184.7.26 - - [05/Oct/2020:10:37:27 +0800] "GET /xingrg/check_reg.html?_=1601865443717 HTTP/1.1" 200 22
222.69.133.81 - - [05/Oct/2020:10:37:27 +0800] "POST /xingrg/dwr/call/plaincall/AjaxQqpsService.saveMaterielItem.dwr HTTP/1.1" 200 78
114.88.166.242 - - [05/Oct/2020:10:37:32 +0800] "GET /xingrg/kc/buy/cgsh_order_operate.html?command=get_materiel&rest_code=00111&code=00101004020&supplier_code=00100312&order_time=2020-10-05 HTTP/1.1" 200 409
222.69.130.159 - - [05/Oct/2020:10:37:37 +0800] "GET /xingrg/check_reg.html?_=1601865456685 HTTP/1.1" 200 22
114.88.166.242 - - [05/Oct/2020:10:37:38 +0800] "POST /xingrg/kc/buy/cgsh_order_operate.html HTTP/1.1" 200 37
172.17.200.101 - - [05/Oct/2020:10:37:38 +0800] "GET /xingrg/all/function/internal_message.html?_=1601865457022&CODE_STATE=getMsg HTTP/1.1" 200 27
172.17.0.240 - - [05/Oct/2020:10:37:38 +0800] "GET /xingrg/all/function/internal_message.html?_=1601865455330&CODE_STATE=getMsg HTTP/1.1" 200 27
180.162.245.190 - - [05/Oct/2020:10:37:39 +0800] "GET /xingrg/all/function/internal_message.html?_=1601865457502&CODE_STATE=getMsg HTTP/1.1" 200 27
114.88.166.242 - - [05/Oct/2020:10:37:39 +0800] "POST /xingrg/kc/buy/cgsh_order_operate.html HTTP/1.1" 200 4438
180.162.245.190 - - [05/Oct/2020:10:37:39 +0800] "GET /xingrg/check_reg.html?_=1601865457504 HTTP/1.1" 200 22
114.88.166.242 - - [05/Oct/2020:10:37:40 +0800] "GET /xingrg/kc/print/load_data.html?order_code=212020100501990&kc_code=cgsh&condition= HTTP/1.1" 200 1356
222.69.133.81 - - [05/Oct/2020:10:37:43 +0800] "GET /xingrg/all/function/internal_message.html?_=1601865461235&CODE_STATE=getMsg HTTP/1.1" 200 27
222.69.133.81 - - [05/Oct/2020:10:37:44 +0800] "POST /xingrg/dwr/call/plaincall/AjaxQqpsService.getMaterielByCode.dwr HTTP/1.1" 200 2736
222.69.133.81 - - [05/Oct/2020:10:37:45 +0800] "POST /xingrg/dwr/call/plaincall/AjaxQqpsService.saveMaterielItem.dwr HTTP/1.1" 200 78
172.17.0.123 - - [05/Oct/2020:10:37:47 +0800] "GET /xingrg/all/function/internal_message.html?_=1601865448029&CODE_STATE=getMsg HTTP/1.1" 200 27
222.69.133.81 - - [05/Oct/2020:10:37:49 +0800] "POST /xingrg/dwr/call/plaincall/AjaxQqpsService.getMaterielByCode.dwr HTTP/1.1" 200 2729
222.69.133.81 - - [05/Oct/2020:10:37:50 +0800] "POST /xingrg/dwr/call/plaincall/AjaxQqpsService.saveMaterielItem.dwr HTTP/1.1" 200 78
114.88.166.242 - - [05/Oct/2020:10:37:53 +0800] "GET /xingrg/all/function/internal_message.html?_=1601865470395&CODE_STATE=getMsg HTTP/1.1" 200 27
172.17.0.101 - - [05/Oct/2020:10:37:55 +0800] "GET /xingrg/all/function/internal_message.html?_=1601865472170&CODE_STATE=getMsg HTTP/1.1" 200 27
116.238.71.30 - - [05/Oct/2020:10:37:56 +0800] "GET /xingrg/all/function/internal_message.html?_=1601865474486&CODE_STATE=getMsg HTTP/1.1" 200 27
218.81.217.115 - - [05/Oct/2020:10:37:56 +0800] "GET /xingrg/all/function/internal_message.html?_=1601865478506&CODE_STATE=getMsg HTTP/1.1" 200 27
58.40.7.146 - - [05/Oct/2020:10:37:59 +0800] "GET /xingrg/all/function/internal_message.html?_=1601865477415&CODE_STATE=getMsg HTTP/1.1" 200 27
218.81.217.115 - - [05/Oct/2020:10:38:01 +0800] "GET /xingrg/all/function/internal_message.html?_=1601865484889&CODE_STATE=getMsg HTTP/1.1" 200 27
222.69.133.81 - - [05/Oct/2020:10:38:03 +0800] "POST /xingrg/dwr/call/plaincall/AjaxQqpsService.getMaterielByCode.dwr HTTP/1.1" 200 2716
101.85.228.253 - - [05/Oct/2020:10:38:03 +0800] "GET /xingrg/all/function/internal_message.html?_=1601865481376&CODE_STATE=getMsg HTTP/1.1" 200 27
222.69.133.81 - - [05/Oct/2020:10:38:04 +0800] "POST /xingrg/dwr/call/plaincall/AjaxQqpsService.saveMaterielItem.dwr HTTP/1.1" 200 78
180.174.56.115 - - [05/Oct/2020:10:38:06 +0800] "GET /xingrg/check_reg.html?_=1601865484522 HTTP/1.1" 200 22
180.174.56.115 - - [05/Oct/2020:10:38:06 +0800] "GET /xingrg/all/function/internal_message.html?_=1601865484521&CODE_STATE=getMsg HTTP/1.1" 200 27
222.69.133.81 - - [05/Oct/2020:10:38:07 +0800] "POST /xingrg/dwr/call/plaincall/AjaxQqpsService.getMaterielByCode.dwr HTTP/1.1" 200 2693
58.37.8.227 - - [05/Oct/2020:10:38:07 +0800] "GET /xingrg/all/function/internal_message.html?_=1601865486177&CODE_STATE=getMsg HTTP/1.1" 200 27
172.16.0.197 - - [05/Oct/2020:10:38:09 +0800] "GET /xingrg/all/function/internal_message.html?_=1601865487156&CODE_STATE=getMsg HTTP/1.1" 302 -
172.16.0.197 - - [05/Oct/2020:10:38:09 +0800] "GET /xingrg/login.html HTTP/1.1" 200 7636
222.69.133.81 - - [05/Oct/2020:10:38:09 +0800] "POST /xingrg/dwr/call/plaincall/AjaxQqpsService.saveMaterielItem.dwr HTTP/1.1" 200 79
114.88.166.242 - - [05/Oct/2020:10:38:10 +0800] "GET /xingrg/all/function/internal_message.html?_=1601865567825&CODE_STATE=getMsg HTTP/1.1" 200 27
58.40.7.146 - - [05/Oct/2020:10:38:10 +0800] "POST /xingrg/services/DataTransmitService HTTP/1.1" 200 524
117.184.7.26 - - [05/Oct/2020:10:38:12 +0800] "GET /xingrg/all/function/internal_message.html?_=1601865489075&CODE_STATE=getMsg HTTP/1.1" 200 27
117.184.7.26 - - [05/Oct/2020:10:38:14 +0800] "GET /xingrg/kc/buy/cgsh_order_operate.html?command=get_materiel&rest_code=00108&code=00101006175&supplier_code=00100010&order_time=2020-10-05 HTTP/1.1" 200 415
222.69.133.81 - - [05/Oct/2020:10:38:15 +0800] "POST /xingrg/dwr/call/plaincall/AjaxQqpsService.getMaterielByCode.dwr HTTP/1.1" 200 2742
222.69.133.81 - - [05/Oct/2020:10:38:16 +0800] "POST /xingrg/dwr/call/plaincall/AjaxQqpsService.saveMaterielItem.dwr HTTP/1.1" 200 79
116.233.75.127 - - [05/Oct/2020:10:38:18 +0800] "GET /xingrg/check_reg.html?_=1601865506498 HTTP/1.1" 200 22
116.233.75.127 - - [05/Oct/2020:10:38:18 +0800] "GET /xingrg/all/function/internal_message.html?_=1601865506498&CODE_STATE=getMsg HTTP/1.1" 200 27
172.17.0.120 - - [05/Oct/2020:10:38:21 +0800] "GET /xingrg/all/function/internal_message.html?_=1601865498550&CODE_STATE=getMsg HTTP/1.1" 200 27
117.185.32.26 - - [05/Oct/2020:10:38:22 +0800] "GET /xingrg/check_reg.html?_=1601865500607 HTTP/1.1" 200 22
117.185.32.26 - - [05/Oct/2020:10:38:22 +0800] "GET /xingrg/all/function/internal_message.html?_=1601865500605&CODE_STATE=getMsg HTTP/1.1" 200 27
117.184.7.26 - - [05/Oct/2020:10:38:23 +0800] "GET /xingrg/kc/buy/cgsh_order_operate.html?command=get_materiel&rest_code=00108&code=00101006056&supplier_code=00100010&order_time=2020-10-05 HTTP/1.1" 200 413
117.185.32.26 - - [05/Oct/2020:10:38:23 +0800] "POST /xingrg/kc/buy/cgsh_order_operate.html HTTP/1.1" 200 32793
222.69.133.81 - - [05/Oct/2020:10:38:28 +0800] "POST /xingrg/dwr/call/plaincall/AjaxQqpsService.checkOrder.dwr HTTP/1.1" 200 79
222.69.133.81 - - [05/Oct/2020:10:38:29 +0800] "GET /xingrg/kc/mdqp/qqps_order_info.html?code=302020100500097 HTTP/1.1" 200 26635
222.69.133.81 - - [05/Oct/2020:10:38:29 +0800] "GET /xingrg/dwr/interface/AjaxComOrderService.js HTTP/1.1" 200 18264
222.69.133.81 - - [05/Oct/2020:10:38:29 +0800] "GET /xingrg/dwr/interface/AjaxQqpsService.js HTTP/1.1" 200 16326
222.69.133.81 - - [05/Oct/2020:10:38:29 +0800] "GET /xingrg/dwr/engine.js HTTP/1.1" 200 43631
222.69.133.81 - - [05/Oct/2020:10:38:30 +0800] "POST /xingrg/dwr/call/plaincall/AjaxQqpsService.loadMaterielItems.dwr HTTP/1.1" 200 1949
117.184.7.26 - - [05/Oct/2020:10:38:30 +0800] "GET /xingrg/kc/buy/cgsh_order_operate.html?command=get_materiel&rest_code=00108&code=00101006131&supplier_code=00100010&order_time=2020-10-05 HTTP/1.1" 200 417
120.204.17.71 - - [05/Oct/2020:10:38:31 +0800] "GET /xingrg/kc/buy/cgsh_order_operate.html?command=get_materiel&rest_code=00106&code=00101008132&supplier_code=00100007&order_time=2020-10-05 HTTP/1.1" 302 -
58.37.8.227 - - [05/Oct/2020:10:38:35 +0800] "GET /xingrg/check_reg.html?_=1601865514463 HTTP/1.1" 200 22
120.204.17.71 - - [05/Oct/2020:10:38:38 +0800] "GET /xingrg/login.html HTTP/1.1" 200 7641
172.17.200.101 - - [05/Oct/2020:10:38:38 +0800] "GET /xingrg/all/function/internal_message.html?_=1601865517023&CODE_STATE=getMsg HTTP/1.1" 200 27
172.17.0.240 - - [05/Oct/2020:10:38:38 +0800] "GET /xingrg/all/function/internal_message.html?_=1601865515331&CODE_STATE=getMsg HTTP/1.1" 200 27
180.162.245.190 - - [05/Oct/2020:10:38:39 +0800] "GET /xingrg/all/function/internal_message.html?_=1601865517500&CODE_STATE=getMsg HTTP/1.1" 200 27
222.69.133.81 - - [05/Oct/2020:10:38:43 +0800] "GET /xingrg/all/function/internal_message.html?_=1601865521207&CODE_STATE=getMsg HTTP/1.1" 200 27
117.185.32.26 - - [05/Oct/2020:10:38:44 +0800] "GET /xingrg/kc/buy/cgsh_order_operate.html?command=get_materiel&rest_code=00106&code=00101008356&supplier_code=00100007&order_time=2020-10-05 HTTP/1.1" 200 408
172.17.0.123 - - [05/Oct/2020:10:38:47 +0800] "GET /xingrg/all/function/internal_message.html?_=1601865508031&CODE_STATE=getMsg HTTP/1.1" 200 27
180.157.253.48 - - [05/Oct/2020:10:38:49 +0800] "POST /xingrg/services/DataTransmitService HTTP/1.1" 200 524
180.157.253.48 - - [05/Oct/2020:10:38:49 +0800] "POST /xingrg/services/DataTransmitService HTTP/1.1" 200 1863
180.157.253.48 - - [05/Oct/2020:10:38:50 +0800] "POST /xingrg/services/DataTransmitService HTTP/1.1" 200 133883
180.174.56.115 - - [05/Oct/2020:10:38:51 +0800] "GET /xingrg/login.html HTTP/1.1" 200 7641
218.81.217.115 - - [05/Oct/2020:10:38:51 +0800] "GET /xingrg/check_reg.html?_=1601865533635 HTTP/1.1" 200 22
180.174.56.115 - - [05/Oct/2020:10:38:52 +0800] "GET /favicon.ico HTTP/1.1" 404 -
114.88.166.242 - - [05/Oct/2020:10:38:53 +0800] "GET /xingrg/check_reg.html?_=1601865530229 HTTP/1.1" 200 22
114.88.166.242 - - [05/Oct/2020:10:38:53 +0800] "GET /xingrg/all/function/internal_message.html?_=1601865530408&CODE_STATE=getMsg HTTP/1.1" 200 27
172.17.0.101 - - [05/Oct/2020:10:38:55 +0800] "GET /xingrg/check_reg.html?_=1601865532185 HTTP/1.1" 200 22
172.17.0.101 - - [05/Oct/2020:10:38:55 +0800] "GET /xingrg/all/function/internal_message.html?_=1601865532184&CODE_STATE=getMsg HTTP/1.1" 200 27
180.174.56.115 - - [05/Oct/2020:10:38:55 +0800] "POST /xingrg/login.do HTTP/1.1" 302 -
180.174.56.115 - - [05/Oct/2020:10:38:55 +0800] "GET /xingrg/index.html?sysBaseUrl=http%3A%2F%2F180.169.147.146%3A18081%2Fxingrg%2F&costTime=40×tamp=1601865535863 HTTP/1.1" 200 17179
180.174.56.115 - - [05/Oct/2020:10:38:55 +0800] "GET /xingrg/javascript/jquery_easy_ui/themes/icon.css HTTP/1.1" 304 -
180.174.56.115 - - [05/Oct/2020:10:38:55 +0800] "GET /xingrg/javascript/jquery_easy_ui/themes/default/easyui.css HTTP/1.1" 304 -
180.174.56.115 - - [05/Oct/2020:10:38:55 +0800] "GET /xingrg/css/form.css HTTP/1.1" 304 -
180.174.56.115 - - [05/Oct/2020:10:38:55 +0800] "GET /xingrg/javascript/jquery_easy_ui/easyui-lang-zh_CN.js HTTP/1.1" 304 -
180.174.56.115 - - [05/Oct/2020:10:38:55 +0800] "GET /xingrg/javascript/jquery-1.4.2.min.js HTTP/1.1" 304 -
180.174.56.115 - - [05/Oct/2020:10:38:55 +0800] "GET /xingrg/javascript/jquery_easy_ui/jquery.easyui.min.js HTTP/1.1" 304 -
180.174.56.115 - - [05/Oct/2020:10:38:55 +0800] "GET /xingrg/javascript/jquery.form.js HTTP/1.1" 304 -
180.174.56.115 - - [05/Oct/2020:10:38:55 +0800] "GET /xingrg/javascript/jquery.timers.js HTTP/1.1" 304 -
180.174.56.115 - - [05/Oct/2020:10:38:55 +0800] "GET /xingrg/javascript/jquery.utils.js HTTP/1.1" 304 -
180.174.56.115 - - [05/Oct/2020:10:38:56 +0800] "GET /favicon.ico HTTP/1.1" 404 -
180.174.56.115 - - [05/Oct/2020:10:38:56 +0800] "POST /xingrg/all/common/load_tree.html?tree=area_rest_tree_json&manage=1 HTTP/1.1" 200 476
116.238.71.30 - - [05/Oct/2020:10:38:56 +0800] "GET /xingrg/all/function/internal_message.html?_=1601865534489&CODE_STATE=getMsg HTTP/1.1" 200 27
116.238.71.30 - - [05/Oct/2020:10:38:56 +0800] "GET /xingrg/check_reg.html?_=1601865534491 HTTP/1.1" 200 22
180.174.56.115 - - [05/Oct/2020:10:38:56 +0800] "GET /xingrg/all/function/internal_message.html?_=1601865509854&CODE_STATE=count HTTP/1.1" 200 11
180.174.56.115 - - [05/Oct/2020:10:38:56 +0800] "GET /xingrg/check_reg.html?_=1601865509855 HTTP/1.1" 200 22
180.174.56.115 - - [05/Oct/2020:10:38:56 +0800] "POST /xingrg/load_menu.html HTTP/1.1" 200 5138
218.81.217.115 - - [05/Oct/2020:10:38:56 +0800] "GET /xingrg/all/function/internal_message.html?_=1601865538519&CODE_STATE=getMsg HTTP/1.1" 200 27
58.40.7.146 - - [05/Oct/2020:10:38:59 +0800] "GET /xingrg/all/function/internal_message.html?_=1601865537403&CODE_STATE=getMsg HTTP/1.1" 200 27
218.81.217.115 - - [05/Oct/2020:10:39:01 +0800] "GET /xingrg/all/function/internal_message.html?_=1601865544899&CODE_STATE=getMsg HTTP/1.1" 200 27
180.174.56.115 - - [05/Oct/2020:10:39:02 +0800] "GET /xingrg/kc/mdqp/qqps_order_list.html HTTP/1.1" 200 9676
180.174.56.115 - - [05/Oct/2020:10:39:02 +0800] "GET /xingrg/css/blue.css HTTP/1.1" 304 -
180.174.56.115 - - [05/Oct/2020:10:39:02 +0800] "GET /xingrg/javascript/pic_change.js HTTP/1.1" 304 -
180.174.56.115 - - [05/Oct/2020:10:39:02 +0800] "GET /xingrg/javascript/ToolTips.js HTTP/1.1" 304 -
180.174.56.115 - - [05/Oct/2020:10:39:02 +0800] "GET /xingrg/javascript/Calendar.js HTTP/1.1" 304 -
180.174.56.115 - - [05/Oct/2020:10:39:02 +0800] "GET /xingrg/dwr/util.js HTTP/1.1" 304 -
180.174.56.115 - - [05/Oct/2020:10:39:02 +0800] "GET /xingrg/javascript/myfunction.js HTTP/1.1" 304 -
180.174.56.115 - - [05/Oct/2020:10:39:02 +0800] "GET /xingrg/dwr/interface/AjaxReportQueryService.js HTTP/1.1" 200 13203
180.174.56.115 - - [05/Oct/2020:10:39:02 +0800] "GET /xingrg/dwr/interface/AjaxQqpsService.js HTTP/1.1" 200 16326
180.174.56.115 - - [05/Oct/2020:10:39:02 +0800] "GET /xingrg/dwr/engine.js HTTP/1.1" 200 43631
101.85.228.253 - - [05/Oct/2020:10:39:03 +0800] "GET /xingrg/all/function/internal_message.html?_=1601865541390&CODE_STATE=getMsg HTTP/1.1" 200 27
180.174.56.115 - - [05/Oct/2020:10:39:06 +0800] "GET /xingrg/all/function/internal_message.html?_=1601865544570&CODE_STATE=getMsg HTTP/1.1" 200 27
58.37.8.227 - - [05/Oct/2020:10:39:07 +0800] "GET /xingrg/all/function/internal_message.html?_=1601865546183&CODE_STATE=getMsg HTTP/1.1" 200 27
172.16.0.197 - - [05/Oct/2020:10:39:09 +0800] "GET /xingrg/all/function/internal_message.html?_=1601865547163&CODE_STATE=getMsg HTTP/1.1" 302 -
172.16.0.197 - - [05/Oct/2020:10:39:09 +0800] "GET /xingrg/login.html HTTP/1.1" 200 7636
117.185.32.26 - - [05/Oct/2020:10:39:09 +0800] "GET /xingrg/kc/buy/cgsh_order_operate.html?command=get_materiel&rest_code=00106&code=00101008261&supplier_code=00100007&order_time=2020-10-05 HTTP/1.1" 200 428
114.88.166.242 - - [05/Oct/2020:10:39:10 +0800] "GET /xingrg/check_reg.html?_=1601865627817 HTTP/1.1" 200 22
114.88.166.242 - - [05/Oct/2020:10:39:10 +0800] "GET /xingrg/all/function/internal_message.html?_=1601865627823&CODE_STATE=getMsg HTTP/1.1" 200 27
117.184.7.26 - - [05/Oct/2020:10:39:10 +0800] "POST /xingrg/kc/buy/cgsh_order_operate.html HTTP/1.1" 200 37
117.184.7.26 - - [05/Oct/2020:10:39:11 +0800] "POST /xingrg/kc/buy/cgsh_order_operate.html HTTP/1.1" 200 7384
117.184.7.26 - - [05/Oct/2020:10:39:12 +0800] "GET /xingrg/all/function/internal_message.html?_=1601865549049&CODE_STATE=getMsg HTTP/1.1" 200 27
117.184.7.26 - - [05/Oct/2020:10:39:13 +0800] "GET /xingrg/kc/print/load_data.html?order_code=212020100501991&kc_code=cgsh&condition= HTTP/1.1" 200 2506
120.253.135.82 - - [05/Oct/2020:10:39:16 +0800] "GET /xingrg/check_reg.html?_=1601865302943 HTTP/1.1" 200 22
116.233.75.127 - - [05/Oct/2020:10:39:18 +0800] "GET /xingrg/all/function/internal_message.html?_=1601865566494&CODE_STATE=getMsg HTTP/1.1" 200 27
114.88.166.242 - - [05/Oct/2020:10:39:18 +0800] "POST /xingrg/services/DataTransmitService HTTP/1.1" 200 524
114.88.166.242 - - [05/Oct/2020:10:39:19 +0800] "POST /xingrg/services/DataTransmitService HTTP/1.1" 200 501
114.88.166.242 - - [05/Oct/2020:10:39:19 +0800] "POST /xingrg/services/DataTransmitService HTTP/1.1" 200 501
114.88.166.242 - - [05/Oct/2020:10:39:19 +0800] "POST /xingrg/services/DataTransmitService HTTP/1.1" 200 501
114.88.166.242 - - [05/Oct/2020:10:39:19 +0800] "POST /xingrg/services/DataTransmitService HTTP/1.1" 200 501
114.88.166.242 - - [05/Oct/2020:10:39:20 +0800] "POST /xingrg/services/DataTransmitService HTTP/1.1" 200 412
172.17.0.120 - - [05/Oct/2020:10:39:21 +0800] "GET /xingrg/all/function/internal_message.html?_=1601865558548&CODE_STATE=getMsg HTTP/1.1" 200 27
117.184.7.26 - - [05/Oct/2020:10:39:22 +0800] "GET /xingrg/kc/buy/cgsh_order_add.html HTTP/1.1" 200 59897
117.184.7.26 - - [05/Oct/2020:10:39:22 +0800] "POST /xingrg/kc/buy/cgsh_order_operate.html HTTP/1.1" 200 8245
117.184.7.26 - - [05/Oct/2020:10:39:22 +0800] "GET /xingrg/javascript/easyui/themes/default/validatebox.css HTTP/1.1" 404 1104
117.185.32.26 - - [05/Oct/2020:10:39:22 +0800] "GET /xingrg/all/function/internal_message.html?_=1601865560712&CODE_STATE=getMsg HTTP/1.1" 200 27
180.174.56.115 - - [05/Oct/2020:10:39:24 +0800] "POST /xingrg/dwr/call/plaincall/AjaxQqpsService.uncheckOrders.dwr HTTP/1.1" 200 78
180.174.56.115 - - [05/Oct/2020:10:39:25 +0800] "GET /xingrg/kc/mdqp/qqps_order_list.html?isBack=1 HTTP/1.1" 200 9655
180.174.56.115 - - [05/Oct/2020:10:39:25 +0800] "GET /xingrg/dwr/interface/AjaxReportQueryService.js HTTP/1.1" 200 13203
180.174.56.115 - - [05/Oct/2020:10:39:25 +0800] "GET /xingrg/dwr/interface/AjaxQqpsService.js HTTP/1.1" 200 16326
180.174.56.115 - - [05/Oct/2020:10:39:25 +0800] "GET /xingrg/dwr/engine.js HTTP/1.1" 200 43631
180.174.56.115 - - [05/Oct/2020:10:39:27 +0800] "GET /xingrg/kc/mdqp/qqps_order_info.html?code=302020100500095 HTTP/1.1" 200 28164
180.174.56.115 - - [05/Oct/2020:10:39:27 +0800] "GET /xingrg/javascript/auto/jquery.autocomplete.js HTTP/1.1" 304 -
180.174.56.115 - - [05/Oct/2020:10:39:27 +0800] "GET /xingrg/javascript/auto/jquery.autocomplete.css HTTP/1.1" 304 -
180.174.56.115 - - [05/Oct/2020:10:39:27 +0800] "GET /xingrg/javascript/tools/jquery.qtip-1.0.0-rc3.min.js HTTP/1.1" 304 -
180.174.56.115 - - [05/Oct/2020:10:39:27 +0800] "GET /xingrg/javascript/print/LodopFuncs.js HTTP/1.1" 304 -
180.174.56.115 - - [05/Oct/2020:10:39:27 +0800] "GET /xingrg/javascript/Grid.js HTTP/1.1" 304 -
180.174.56.115 - - [05/Oct/2020:10:39:27 +0800] "GET /xingrg/dwr/interface/AjaxComOrderService.js HTTP/1.1" 200 18264
180.174.56.115 - - [05/Oct/2020:10:39:27 +0800] "GET /xingrg/javascript/AjaxInfoList.js HTTP/1.1" 304 -
180.174.56.115 - - [05/Oct/2020:10:39:27 +0800] "GET /xingrg/javascript/print/kc_print.js HTTP/1.1" 304 -
180.174.56.115 - - [05/Oct/2020:10:39:27 +0800] "GET /xingrg/dwr/engine.js HTTP/1.1" 200 43631
180.174.56.115 - - [05/Oct/2020:10:39:27 +0800] "GET /xingrg/dwr/interface/AjaxQqpsService.js HTTP/1.1" 200 16326
180.174.56.115 - - [05/Oct/2020:10:39:27 +0800] "GET /xingrg/words/20201004120139_words.js HTTP/1.1" 304 -
180.174.56.115 - - [05/Oct/2020:10:39:28 +0800] "POST /xingrg/dwr/call/plaincall/AjaxQqpsService.loadMaterielItems.dwr HTTP/1.1" 200 357
180.174.56.115 - - [05/Oct/2020:10:39:28 +0800] "GET /xingrg/images/yd/bt.gif HTTP/1.1" 404 1040
222.69.133.81 - - [05/Oct/2020:10:39:29 +0800] "GET /xingrg/kc/mdqp/qqps_order_list.html?isBack=1 HTTP/1.1" 200 10088
222.69.133.81 - - [05/Oct/2020:10:39:29 +0800] "GET /xingrg/dwr/interface/AjaxQqpsService.js HTTP/1.1" 200 16326
222.69.133.81 - - [05/Oct/2020:10:39:29 +0800] "GET /xingrg/dwr/interface/AjaxReportQueryService.js HTTP/1.1" 200 13203
222.69.133.81 - - [05/Oct/2020:10:39:29 +0800] "GET /xingrg/dwr/engine.js HTTP/1.1" 200 43631
117.184.7.26 - - [05/Oct/2020:10:39:30 +0800] "GET /xingrg/kc/buy/cgsh_order_operate.html?command=get_materiel&rest_code=00108&code=00101007061&supplier_code=00100002&order_time=2020-10-05 HTTP/1.1" 200 409
180.174.56.115 - - [05/Oct/2020:10:39:32 +0800] "GET /xingrg/javascript/auto/indicator.gif HTTP/1.1" 404 1066
180.174.56.115 - - [05/Oct/2020:10:39:34 +0800] "POST /xingrg/dwr/call/plaincall/AjaxQqpsService.getMaterielByCode.dwr HTTP/1.1" 200 3576
172.17.200.101 - - [05/Oct/2020:10:39:38 +0800] "GET /xingrg/all/function/internal_message.html?_=1601865577028&CODE_STATE=getMsg HTTP/1.1" 200 27
172.17.200.101 - - [05/Oct/2020:10:39:38 +0800] "GET /xingrg/check_reg.html?_=1601865577032 HTTP/1.1" 200 22
172.17.0.240 - - [05/Oct/2020:10:39:38 +0800] "GET /xingrg/all/function/internal_message.html?_=1601865575334&CODE_STATE=getMsg HTTP/1.1" 200 27
180.162.245.190 - - [05/Oct/2020:10:39:39 +0800] "GET /xingrg/all/function/internal_message.html?_=1601865577493&CODE_STATE=getMsg HTTP/1.1" 200 27
117.185.32.26 - - [05/Oct/2020:10:39:40 +0800] "GET /xingrg/kc/buy/cgsh_order_operate.html?command=get_materiel&rest_code=00106&code=00101008358&supplier_code=00100007&order_time=2020-10-05 HTTP/1.1" 200 412
180.174.56.115 - - [05/Oct/2020:10:39:41 +0800] "POST /xingrg/dwr/call/plaincall/AjaxQqpsService.saveMaterielItem.dwr HTTP/1.1" 200 78
117.184.7.26 - - [05/Oct/2020:10:39:41 +0800] "GET /xingrg/kc/buy/cgsh_order_operate.html?command=get_materiel&rest_code=00108&code=00101007049&supplier_code=00100002&order_time=2020-10-05 HTTP/1.1" 200 409
222.69.133.81 - - [05/Oct/2020:10:39:43 +0800] "GET /xingrg/all/function/internal_message.html?_=1601865581198&CODE_STATE=getMsg HTTP/1.1" 200 27
180.174.56.115 - - [05/Oct/2020:10:39:44 +0800] "POST /xingrg/dwr/call/plaincall/AjaxQqpsService.checkOrder.dwr HTTP/1.1" 200 78
117.185.32.26 - - [05/Oct/2020:10:39:45 +0800] "POST /xingrg/kc/buy/cgsh_order_operate.html HTTP/1.1" 200 2065
180.174.56.115 - - [05/Oct/2020:10:39:45 +0800] "GET /xingrg/kc/mdqp/qqps_order_info.html?code=302020100500095 HTTP/1.1" 200 26409
180.174.56.115 - - [05/Oct/2020:10:39:45 +0800] "GET /xingrg/dwr/interface/AjaxComOrderService.js HTTP/1.1" 200 18264
180.174.56.115 - - [05/Oct/2020:10:39:45 +0800] "GET /xingrg/dwr/interface/AjaxQqpsService.js HTTP/1.1" 200 16326
180.174.56.115 - - [05/Oct/2020:10:39:45 +0800] "GET /xingrg/dwr/engine.js HTTP/1.1" 200 43631
180.174.56.115 - - [05/Oct/2020:10:39:45 +0800] "POST /xingrg/dwr/call/plaincall/AjaxQqpsService.loadMaterielItems.dwr HTTP/1.1" 200 606
172.17.0.123 - - [05/Oct/2020:10:39:47 +0800] "GET /xingrg/check_reg.html?_=1601865568035 HTTP/1.1" 200 22
172.17.0.123 - - [05/Oct/2020:10:39:47 +0800] "GET /xingrg/all/function/internal_message.html?_=1601865568033&CODE_STATE=getMsg HTTP/1.1" 200 27
117.185.32.26 - - [05/Oct/2020:10:39:50 +0800] "GET /xingrg/kc/buy/cgsh_order_operate.html?command=get_materiel&rest_code=00106&code=00101008087&supplier_code=00100007&order_time=2020-10-05 HTTP/1.1" 200 412
114.88.166.242 - - [05/Oct/2020:10:39:53 +0800] "GET /xingrg/all/function/internal_message.html?_=1601865590421&CODE_STATE=getMsg HTTP/1.1" 200 27
172.17.0.101 - - [05/Oct/2020:10:39:55 +0800] "GET /xingrg/all/function/internal_message.html?_=1601865592182&CODE_STATE=getMsg HTTP/1.1" 200 27
116.238.71.30 - - [05/Oct/2020:10:39:56 +0800] "GET /xingrg/all/function/internal_message.html?_=1601865594476&CODE_STATE=getMsg HTTP/1.1" 200 27
180.174.56.115 - - [05/Oct/2020:10:39:56 +0800] "GET /xingrg/all/function/internal_message.html?_=1601865569864&CODE_STATE=getMsg HTTP/1.1" 200 27
180.174.56.115 - - [05/Oct/2020:10:39:56 +0800] "GET /xingrg/kc/mdqp/qqps_order_list.html?isBack=1 HTTP/1.1" 200 9685
218.81.217.115 - - [05/Oct/2020:10:39:56 +0800] "GET /xingrg/all/function/internal_message.html?_=1601865598532&CODE_STATE=getMsg HTTP/1.1" 200 27
180.174.56.115 - - [05/Oct/2020:10:39:56 +0800] "GET /xingrg/dwr/interface/AjaxReportQueryService.js HTTP/1.1" 200 13203
180.174.56.115 - - [05/Oct/2020:10:39:56 +0800] "GET /xingrg/dwr/interface/AjaxQqpsService.js HTTP/1.1" 200 16326
180.174.56.115 - - [05/Oct/2020:10:39:56 +0800] "GET /xingrg/dwr/engine.js HTTP/1.1" 200 43631
58.40.7.146 - - [05/Oct/2020:10:39:59 +0800] "GET /xingrg/all/function/internal_message.html?_=1601865597406&CODE_STATE=getMsg HTTP/1.1" 200 27
218.81.217.115 - - [05/Oct/2020:10:39:59 +0800] "GET /xingrg/check_reg.html?_=1601865603100 HTTP/1.1" 200 22
117.185.32.26 - - [05/Oct/2020:10:40:00 +0800] "GET /xingrg/kc/buy/cgsh_order_operate.html?command=get_materiel&rest_code=00106&code=00101008361&supplier_code=00100007&order_time=2020-10-05 HTTP/1.1" 200 408
218.81.217.115 - - [05/Oct/2020:10:40:01 +0800] "GET /xingrg/all/function/internal_message.html?_=1601865604913&CODE_STATE=getMsg HTTP/1.1" 200 27
101.85.228.253 - - [05/Oct/2020:10:40:03 +0800] "GET /xingrg/all/function/internal_message.html?_=1601865601436&CODE_STATE=getMsg HTTP/1.1" 200 27
180.174.56.115 - - [05/Oct/2020:10:40:06 +0800] "GET /xingrg/all/function/internal_message.html?_=1601865604618&CODE_STATE=getMsg HTTP/1.1" 200 27
58.37.8.227 - - [05/Oct/2020:10:40:07 +0800] "GET /xingrg/all/function/internal_message.html?_=1601865606161&CODE_STATE=getMsg HTTP/1.1" 200 27
180.162.245.190 - - [05/Oct/2020:10:40:08 +0800] "GET /xingrg/check_reg.html?_=1601865589337 HTTP/1.1" 200 22
172.16.0.197 - - [05/Oct/2020:10:40:09 +0800] "GET /xingrg/all/function/internal_message.html?_=1601865607166&CODE_STATE=getMsg HTTP/1.1" 302 -
172.16.0.197 - - [05/Oct/2020:10:40:09 +0800] "GET /xingrg/login.html HTTP/1.1" 200 7636
117.185.32.26 - - [05/Oct/2020:10:40:09 +0800] "GET /xingrg/kc/buy/cgsh_order_operate.html?command=get_materiel&rest_code=00106&code=00101008355&supplier_code=00100007&order_time=2020-10-05 HTTP/1.1" 200 408
114.88.166.242 - - [05/Oct/2020:10:40:10 +0800] "GET /xingrg/all/function/internal_message.html?_=1601865687824&CODE_STATE=getMsg HTTP/1.1" 200 27
117.184.7.26 - - [05/Oct/2020:10:40:12 +0800] "GET /xingrg/all/function/internal_message.html?_=1601865609036&CODE_STATE=getMsg HTTP/1.1" 200 27
116.233.75.127 - - [05/Oct/2020:10:40:17 +0800] "GET /xingrg/all/function/internal_message.html?_=1601865626484&CODE_STATE=getMsg HTTP/1.1" 200 27
172.17.0.120 - - [05/Oct/2020:10:40:21 +0800] "GET /xingrg/all/function/internal_message.html?_=1601865618544&CODE_STATE=getMsg HTTP/1.1" 200 27
172.17.0.120 - - [05/Oct/2020:10:40:21 +0800] "GET /xingrg/check_reg.html?_=1601865618548 HTTP/1.1" 200 22
117.185.32.26 - - [05/Oct/2020:10:40:22 +0800] "GET /xingrg/all/function/internal_message.html?_=1601865620659&CODE_STATE=getMsg HTTP/1.1" 200 27
117.185.32.26 - - [05/Oct/2020:10:40:28 +0800] "POST /xingrg/kc/buy/cgsh_order_operate.html HTTP/1.1" 200 37
117.185.32.26 - - [05/Oct/2020:10:40:29 +0800] "POST /xingrg/kc/buy/cgsh_order_operate.html HTTP/1.1" 200 37531
222.69.133.81 - - [05/Oct/2020:10:40:31 +0800] "GET /xingrg/kc/mdqp/qqps_order_add.html HTTP/1.1" 200 28241
222.69.133.81 - - [05/Oct/2020:10:40:31 +0800] "GET /xingrg/dwr/interface/AjaxQqpsService.js HTTP/1.1" 200 16326
222.69.133.81 - - [05/Oct/2020:10:40:31 +0800] "GET /xingrg/dwr/interface/AjaxComOrderService.js HTTP/1.1" 200 18264
222.69.133.81 - - [05/Oct/2020:10:40:31 +0800] "GET /xingrg/dwr/engine.js HTTP/1.1" 200 43631
172.17.200.101 - - [05/Oct/2020:10:40:38 +0800] "GET /xingrg/all/function/internal_message.html?_=1601865637044&CODE_STATE=getMsg HTTP/1.1" 200 27
172.17.0.240 - - [05/Oct/2020:10:40:38 +0800] "GET /xingrg/all/function/internal_message.html?_=1601865635338&CODE_STATE=getMsg HTTP/1.1" 200 27
180.162.245.190 - - [05/Oct/2020:10:40:39 +0800] "GET /xingrg/all/function/internal_message.html?_=1601865637487&CODE_STATE=getMsg HTTP/1.1" 200 27
222.69.133.81 - - [05/Oct/2020:10:40:43 +0800] "GET /xingrg/all/function/internal_message.html?_=1601865641210&CODE_STATE=getMsg HTTP/1.1" 200 27
222.69.133.81 - - [05/Oct/2020:10:40:44 +0800] "POST /xingrg/dwr/call/plaincall/AjaxQqpsService.saveOrder.dwr HTTP/1.1" 200 78
222.69.133.81 - - [05/Oct/2020:10:40:46 +0800] "POST /xingrg/dwr/call/plaincall/AjaxQqpsService.getMaterielByCode.dwr HTTP/1.1" 200 2647
172.17.0.123 - - [05/Oct/2020:10:40:47 +0800] "GET /xingrg/all/function/internal_message.html?_=1601865628025&CODE_STATE=getMsg HTTP/1.1" 200 27
222.69.133.81 - - [05/Oct/2020:10:40:48 +0800] "POST /xingrg/dwr/call/plaincall/AjaxQqpsService.saveMaterielItem.dwr HTTP/1.1" 200 78
222.69.133.81 - - [05/Oct/2020:10:40:50 +0800] "POST /xingrg/dwr/call/plaincall/AjaxQqpsService.checkOrder.dwr HTTP/1.1" 200 78
222.69.133.81 - - [05/Oct/2020:10:40:51 +0800] "GET /xingrg/kc/mdqp/qqps_order_info.html?code=302020100500098 HTTP/1.1" 200 26644
222.69.133.81 - - [05/Oct/2020:10:40:51 +0800] "GET /xingrg/dwr/interface/AjaxComOrderService.js HTTP/1.1" 200 18264
222.69.133.81 - - [05/Oct/2020:10:40:51 +0800] "GET /xingrg/dwr/interface/AjaxQqpsService.js HTTP/1.1" 200 16326
222.69.133.81 - - [05/Oct/2020:10:40:51 +0800] "GET /xingrg/dwr/engine.js HTTP/1.1" 200 43631
222.69.133.81 - - [05/Oct/2020:10:40:52 +0800] "POST /xingrg/dwr/call/plaincall/AjaxQqpsService.loadMaterielItems.dwr HTTP/1.1" 200 331
114.88.166.242 - - [05/Oct/2020:10:40:53 +0800] "GET /xingrg/all/function/internal_message.html?_=1601865650435&CODE_STATE=getMsg HTTP/1.1" 200 27
222.69.133.81 - - [05/Oct/2020:10:40:53 +0800] "GET /xingrg/kc/mdqp/qqps_order_list.html?isBack=1 HTTP/1.1" 200 10497
222.69.133.81 - - [05/Oct/2020:10:40:53 +0800] "GET /xingrg/dwr/interface/AjaxQqpsService.js HTTP/1.1" 200 16326
222.69.133.81 - - [05/Oct/2020:10:40:53 +0800] "GET /xingrg/dwr/interface/AjaxReportQueryService.js HTTP/1.1" 200 13203
222.69.133.81 - - [05/Oct/2020:10:40:53 +0800] "GET /xingrg/dwr/engine.js HTTP/1.1" 200 43631
172.17.0.101 - - [05/Oct/2020:10:40:55 +0800] "GET /xingrg/all/function/internal_message.html?_=1601865652180&CODE_STATE=getMsg HTTP/1.1" 200 27
116.238.71.30 - - [05/Oct/2020:10:40:56 +0800] "GET /xingrg/all/function/internal_message.html?_=1601865654479&CODE_STATE=getMsg HTTP/1.1" 200 27
180.174.56.115 - - [05/Oct/2020:10:40:56 +0800] "GET /xingrg/all/function/internal_message.html?_=1601865629878&CODE_STATE=getMsg HTTP/1.1" 200 27
218.81.217.115 - - [05/Oct/2020:10:40:57 +0800] "GET /xingrg/all/function/internal_message.html?_=1601865658722&CODE_STATE=getMsg HTTP/1.1" 200 27
222.69.133.81 - - [05/Oct/2020:10:40:57 +0800] "GET /xingrg/kc/mdqp/qqps_order_info.html?code=302020100500097 HTTP/1.1" 200 26635
222.69.133.81 - - [05/Oct/2020:10:40:57 +0800] "GET /xingrg/dwr/interface/AjaxComOrderService.js HTTP/1.1" 200 18264
222.69.133.81 - - [05/Oct/2020:10:40:57 +0800] "GET /xingrg/dwr/interface/AjaxQqpsService.js HTTP/1.1" 200 16326
222.69.133.81 - - [05/Oct/2020:10:40:57 +0800] "GET /xingrg/dwr/engine.js HTTP/1.1" 200 43631
117.184.7.26 - - [05/Oct/2020:10:40:58 +0800] "GET /xingrg/kc/buy/cgsh_order_operate.html?command=get_materiel&rest_code=00108&code=00101007125&supplier_code=00100002&order_time=2020-10-05 HTTP/1.1" 200 426
222.69.133.81 - - [05/Oct/2020:10:40:58 +0800] "POST /xingrg/dwr/call/plaincall/AjaxQqpsService.loadMaterielItems.dwr HTTP/1.1" 200 1949
117.184.7.30 - - [05/Oct/2020:10:40:58 +0800] "GET /favicon.ico HTTP/1.1" 404 -
117.184.7.30 - - [05/Oct/2020:10:40:59 +0800] "GET /favicon.ico HTTP/1.1" 404 -
58.40.7.146 - - [05/Oct/2020:10:40:59 +0800] "GET /xingrg/all/function/internal_message.html?_=1601865657410&CODE_STATE=getMsg HTTP/1.1" 200 27
58.40.7.146 - - [05/Oct/2020:10:40:59 +0800] "GET /xingrg/check_reg.html?_=1601865657411 HTTP/1.1" 200 22
218.81.217.115 - - [05/Oct/2020:10:41:01 +0800] "GET /xingrg/all/function/internal_message.html?_=1601865664927&CODE_STATE=getMsg HTTP/1.1" 200 27
117.184.7.26 - - [05/Oct/2020:10:41:01 +0800] "GET /xingrg HTTP/1.1" 302 -
117.184.7.26 - - [05/Oct/2020:10:41:01 +0800] "GET /xingrg/ HTTP/1.1" 200 292
117.184.7.26 - - [05/Oct/2020:10:41:02 +0800] "GET /xingrg/index.html HTTP/1.1" 302 -
117.184.7.26 - - [05/Oct/2020:10:41:02 +0800] "GET /xingrg/login.html HTTP/1.1" 200 7641
117.184.7.26 - - [05/Oct/2020:10:41:02 +0800] "GET /favicon.ico HTTP/1.1" 404 -
117.184.7.26 - - [05/Oct/2020:10:41:02 +0800] "GET /xingrg/images/blue/jxLogo.png HTTP/1.1" 200 6156
117.184.7.26 - - [05/Oct/2020:10:41:02 +0800] "GET /xingrg/images/blue/hj.png HTTP/1.1" 200 1014
117.184.7.26 - - [05/Oct/2020:10:41:02 +0800] "GET /xingrg/images/blue/srbg.png HTTP/1.1" 200 138
117.184.7.26 - - [05/Oct/2020:10:41:02 +0800] "GET /xingrg/images/blue/login_bg.png HTTP/1.1" 200 22101
117.184.7.26 - - [05/Oct/2020:10:41:03 +0800] "GET /favicon.ico HTTP/1.1" 404 -
101.85.228.253 - - [05/Oct/2020:10:41:03 +0800] "GET /xingrg/all/function/internal_message.html?_=1601865661449&CODE_STATE=getMsg HTTP/1.1" 200 27
117.184.7.26 - - [05/Oct/2020:10:41:06 +0800] "GET /xingrg/kc/buy/cgsh_order_operate.html?command=get_materiel&rest_code=00108&code=00101007071&supplier_code=00100002&order_time=2020-10-05 HTTP/1.1" 200 417
180.174.56.115 - - [05/Oct/2020:10:41:06 +0800] "GET /xingrg/all/function/internal_message.html?_=1601865664667&CODE_STATE=getMsg HTTP/1.1" 200 27
58.37.8.227 - - [05/Oct/2020:10:41:07 +0800] "GET /xingrg/all/function/internal_message.html?_=1601865666141&CODE_STATE=getMsg HTTP/1.1" 200 27
172.16.0.197 - - [05/Oct/2020:10:41:09 +0800] "GET /xingrg/all/function/internal_message.html?_=1601865667167&CODE_STATE=getMsg HTTP/1.1" 302 -
172.16.0.197 - - [05/Oct/2020:10:41:09 +0800] "GET /xingrg/login.html HTTP/1.1" 200 7636
114.88.166.242 - - [05/Oct/2020:10:41:10 +0800] "GET /xingrg/all/function/internal_message.html?_=1601865747831&CODE_STATE=getMsg HTTP/1.1" 200 27
117.184.7.26 - - [05/Oct/2020:10:41:10 +0800] "POST /xingrg/login.do HTTP/1.1" 200 2421
117.184.7.26 - - [05/Oct/2020:10:41:10 +0800] "GET /xingrg/images/blue/pic_top.gif HTTP/1.1" 200 3656
117.184.7.26 - - [05/Oct/2020:10:41:10 +0800] "GET /xingrg/css/blue.css HTTP/1.1" 200 15949
117.184.7.26 - - [05/Oct/2020:10:41:10 +0800] "GET /xingrg/images/blue/pic_notice.jpg HTTP/1.1" 200 3583
117.184.7.26 - - [05/Oct/2020:10:41:10 +0800] "GET /xingrg/javascript/myfunction.js HTTP/1.1" 200 24559
117.184.7.26 - - [05/Oct/2020:10:41:10 +0800] "GET /xingrg/images/blue/error_mid.gif HTTP/1.1" 200 215
117.184.7.26 - - [05/Oct/2020:10:41:10 +0800] "GET /xingrg/images/blue/error_buttom.gif HTTP/1.1" 200 1750
117.184.7.26 - - [05/Oct/2020:10:41:10 +0800] "GET /xingrg/images/blue/error_top.gif HTTP/1.1" 200 1790
117.184.7.26 - - [05/Oct/2020:10:41:10 +0800] "GET /favicon.ico HTTP/1.1" 404 -
222.69.133.81 - - [05/Oct/2020:10:41:11 +0800] "POST /xingrg/dwr/call/plaincall/AjaxQqpsService.uncheckOrder.dwr HTTP/1.1" 200 78
172.16.0.197 - - [05/Oct/2020:10:41:12 +0800] "GET /xingrg/check_reg.html?_=1601865670072 HTTP/1.1" 302 -
172.16.0.197 - - [05/Oct/2020:10:41:12 +0800] "GET /xingrg/login.html HTTP/1.1" 200 7636
117.184.7.26 - - [05/Oct/2020:10:41:12 +0800] "GET /xingrg/login.html HTTP/1.1" 200 7641
222.69.133.81 - - [05/Oct/2020:10:41:12 +0800] "GET /xingrg/css/blue.css HTTP/1.1" 304 -
222.69.133.81 - - [05/Oct/2020:10:41:12 +0800] "GET /xingrg/javascript/jquery_easy_ui/themes/icon.css HTTP/1.1" 304 -
222.69.133.81 - - [05/Oct/2020:10:41:12 +0800] "GET /xingrg/javascript/auto/jquery.autocomplete.css HTTP/1.1" 304 -
222.69.133.81 - - [05/Oct/2020:10:41:12 +0800] "GET /xingrg/kc/mdqp/qqps_order_info.html?code=302020100500097 HTTP/1.1" 200 28394
222.69.133.81 - - [05/Oct/2020:10:41:12 +0800] "GET /xingrg/javascript/jquery-1.4.2.min.js HTTP/1.1" 304 -
222.69.133.81 - - [05/Oct/2020:10:41:12 +0800] "GET /xingrg/javascript/auto/jquery.autocomplete.js HTTP/1.1" 304 -
222.69.133.81 - - [05/Oct/2020:10:41:12 +0800] "GET /xingrg/javascript/jquery_easy_ui/jquery.easyui.min.js HTTP/1.1" 304 -
222.69.133.81 - - [05/Oct/2020:10:41:12 +0800] "GET /xingrg/javascript/jquery_easy_ui/easyui-lang-zh_CN.js HTTP/1.1" 304 -
222.69.133.81 - - [05/Oct/2020:10:41:12 +0800] "GET /xingrg/javascript/tools/jquery.qtip-1.0.0-rc3.min.js HTTP/1.1" 304 -
222.69.133.81 - - [05/Oct/2020:10:41:12 +0800] "GET /xingrg/javascript/jquery.utils.js HTTP/1.1" 304 -
222.69.133.81 - - [05/Oct/2020:10:41:12 +0800] "GET /xingrg/javascript/pic_change.js HTTP/1.1" 304 -
117.184.7.26 - - [05/Oct/2020:10:41:12 +0800] "GET /favicon.ico HTTP/1.1" 404 -
222.69.133.81 - - [05/Oct/2020:10:41:12 +0800] "GET /xingrg/dwr/util.js HTTP/1.1" 304 -
222.69.133.81 - - [05/Oct/2020:10:41:12 +0800] "GET /xingrg/javascript/Calendar.js HTTP/1.1" 304 -
222.69.133.81 - - [05/Oct/2020:10:41:12 +0800] "GET /xingrg/javascript/myfunction.js HTTP/1.1" 304 -
222.69.133.81 - - [05/Oct/2020:10:41:12 +0800] "GET /xingrg/javascript/AjaxInfoList.js HTTP/1.1" 304 -
222.69.133.81 - - [05/Oct/2020:10:41:12 +0800] "GET /xingrg/dwr/interface/AjaxQqpsService.js HTTP/1.1" 200 16326
222.69.133.81 - - [05/Oct/2020:10:41:12 +0800] "GET /xingrg/dwr/interface/AjaxComOrderService.js HTTP/1.1" 200 18264
222.69.133.81 - - [05/Oct/2020:10:41:12 +0800] "GET /xingrg/dwr/engine.js HTTP/1.1" 200 43631
222.69.133.81 - - [05/Oct/2020:10:41:12 +0800] "GET /xingrg/javascript/Grid.js HTTP/1.1" 304 -
222.69.133.81 - - [05/Oct/2020:10:41:12 +0800] "GET /xingrg/javascript/ToolTips.js HTTP/1.1" 304 -
222.69.133.81 - - [05/Oct/2020:10:41:12 +0800] "GET /xingrg/javascript/print/kc_print.js HTTP/1.1" 304 -
222.69.133.81 - - [05/Oct/2020:10:41:12 +0800] "GET /xingrg/javascript/print/LodopFuncs.js HTTP/1.1" 304 -
222.69.133.81 - - [05/Oct/2020:10:41:12 +0800] "GET /xingrg/javascript/jquery_easy_ui/themes/default/easyui.css HTTP/1.1" 304 -
222.69.133.81 - - [05/Oct/2020:10:41:12 +0800] "GET /xingrg/javascript/jquery_easy_ui/themes/icon.css HTTP/1.1" 304 -
222.69.133.81 - - [05/Oct/2020:10:41:12 +0800] "GET /xingrg/words/20201004120139_words.js HTTP/1.1" 304 -
117.184.7.26 - - [05/Oct/2020:10:41:12 +0800] "GET /xingrg/all/function/internal_message.html?_=1601865669014&CODE_STATE=getMsg HTTP/1.1" 200 27
222.69.133.81 - - [05/Oct/2020:10:41:12 +0800] "GET /xingrg/images/blue/button/kc_tab_add.gif HTTP/1.1" 304 -
222.69.133.81 - - [05/Oct/2020:10:41:12 +0800] "GET /xingrg/images/blue/button/kc_tab_save.gif HTTP/1.1" 304 -
222.69.133.81 - - [05/Oct/2020:10:41:12 +0800] "GET /xingrg/images/blue/button/kc_tab_edit.gif HTTP/1.1" 304 -
222.69.133.81 - - [05/Oct/2020:10:41:13 +0800] "GET /xingrg/images/blue/button/kc_tab_del.gif HTTP/1.1" 304 -
222.69.133.81 - - [05/Oct/2020:10:41:13 +0800] "GET /xingrg/images/blue/wait.gif HTTP/1.1" 304 -
222.69.133.81 - - [05/Oct/2020:10:41:13 +0800] "POST /xingrg/dwr/call/plaincall/AjaxQqpsService.loadMaterielItems.dwr HTTP/1.1" 200 1949
222.69.133.81 - - [05/Oct/2020:10:41:16 +0800] "POST /xingrg/dwr/call/plaincall/AjaxQqpsService.getMaterielByCode.dwr HTTP/1.1" 200 2694
222.69.133.81 - - [05/Oct/2020:10:41:17 +0800] "POST /xingrg/dwr/call/plaincall/AjaxQqpsService.saveMaterielItem.dwr HTTP/1.1" 200 78
116.233.75.127 - - [05/Oct/2020:10:41:17 +0800] "GET /xingrg/all/function/internal_message.html?_=1601865686484&CODE_STATE=getMsg HTTP/1.1" 200 27
117.184.7.26 - - [05/Oct/2020:10:41:18 +0800] "POST /xingrg/login.do HTTP/1.1" 302 -
117.184.7.26 - - [05/Oct/2020:10:41:18 +0800] "GET /xingrg/javascript/jquery_easy_ui/themes/icon.css HTTP/1.1" 200 3949
117.184.7.26 - - [05/Oct/2020:10:41:18 +0800] "GET /xingrg/index.html?sysBaseUrl=http%3A%2F%2F180.169.147.146%3A18081%2Fxingrg%2F&costTime=47×tamp=1601865678624 HTTP/1.1" 200 17419
117.184.7.26 - - [05/Oct/2020:10:41:18 +0800] "GET /xingrg/css/form.css HTTP/1.1" 200 893
117.184.7.26 - - [05/Oct/2020:10:41:18 +0800] "GET /xingrg/javascript/jquery_easy_ui/themes/default/easyui.css HTTP/1.1" 200 26500
117.184.7.26 - - [05/Oct/2020:10:41:18 +0800] "GET /xingrg/javascript/jquery-1.4.2.min.js HTTP/1.1" 200 72205
117.184.7.26 - - [05/Oct/2020:10:41:18 +0800] "GET /xingrg/javascript/jquery_easy_ui/easyui-lang-zh_CN.js HTTP/1.1" 200 1900
117.184.7.26 - - [05/Oct/2020:10:41:18 +0800] "GET /xingrg/javascript/jquery_easy_ui/jquery.easyui.min.js HTTP/1.1" 200 213662
117.184.7.26 - - [05/Oct/2020:10:41:18 +0800] "GET /xingrg/javascript/jquery.utils.js HTTP/1.1" 200 11805
117.184.7.26 - - [05/Oct/2020:10:41:18 +0800] "GET /xingrg/javascript/jquery.form.js HTTP/1.1" 200 23110
117.184.7.26 - - [05/Oct/2020:10:41:18 +0800] "GET /xingrg/javascript/jquery.timers.js HTTP/1.1" 200 3532
117.184.7.26 - - [05/Oct/2020:10:41:18 +0800] "GET /xingrg/javascript/jquery-1.4.2.min.js HTTP/1.1" 200 72205
117.184.7.26 - - [05/Oct/2020:10:41:18 +0800] "GET /xingrg/javascript/jquery_easy_ui/jquery.easyui.min.js HTTP/1.1" 200 213662
117.184.7.26 - - [05/Oct/2020:10:41:18 +0800] "GET /favicon.ico HTTP/1.1" 404 -
117.184.7.26 - - [05/Oct/2020:10:41:19 +0800] "GET /xingrg/javascript/jquery.timers.js HTTP/1.1" 200 3532
117.184.7.26 - - [05/Oct/2020:10:41:19 +0800] "GET /favicon.ico HTTP/1.1" 404 -
117.184.7.26 - - [05/Oct/2020:10:41:19 +0800] "GET /xingrg/javascript/jquery_easy_ui/themes/icons/settle_new.png HTTP/1.1" 200 826
117.184.7.26 - - [05/Oct/2020:10:41:19 +0800] "GET /xingrg/images/blue/navBackgound.jpg HTTP/1.1" 200 12378
117.184.7.26 - - [05/Oct/2020:10:41:19 +0800] "POST /xingrg/all/common/load_tree.html?tree=area_rest_tree_json&manage=1 HTTP/1.1" 200 470
117.184.7.26 - - [05/Oct/2020:10:41:19 +0800] "GET /xingrg/all/function/internal_message.html?_=1601866575190&CODE_STATE=count HTTP/1.1" 200 11
117.184.7.26 - - [05/Oct/2020:10:41:19 +0800] "GET /xingrg/check_reg.html?_=1601866575191 HTTP/1.1" 200 22
117.184.7.26 - - [05/Oct/2020:10:41:19 +0800] "GET /xingrg/images/blue/pingpu.png HTTP/1.1" 200 231
117.184.7.26 - - [05/Oct/2020:10:41:19 +0800] "GET /xingrg/javascript/jquery_easy_ui/themes/default/images/panel_tool_collapse.gif HTTP/1.1" 200 246
117.184.7.30 - - [05/Oct/2020:10:41:19 +0800] "GET /xingrg/javascript/jquery_easy_ui/themes/default/images/tabs_leftarrow.png HTTP/1.1" 200 389
117.184.7.30 - - [05/Oct/2020:10:41:19 +0800] "GET /xingrg/javascript/jquery_easy_ui/themes/default/images/tabs_rightarrow.png HTTP/1.1" 200 395
117.184.7.30 - - [05/Oct/2020:10:41:19 +0800] "GET /xingrg/javascript/jquery_easy_ui/themes/default/images/panel_tool_expand.gif HTTP/1.1" 200 247
117.184.7.26 - - [05/Oct/2020:10:41:19 +0800] "POST /xingrg/load_menu.html HTTP/1.1" 200 9959
117.184.7.26 - - [05/Oct/2020:10:41:19 +0800] "GET /xingrg/javascript/jquery_easy_ui/themes/default/images/tree_arrows.gif HTTP/1.1" 200 1043
117.184.7.26 - - [05/Oct/2020:10:41:19 +0800] "GET /xingrg/javascript/jquery_easy_ui/themes/icons/storage_new.png HTTP/1.1" 200 853
117.184.7.26 - - [05/Oct/2020:10:41:19 +0800] "GET /xingrg/javascript/jquery_easy_ui/themes/icons/search_new.png HTTP/1.1" 200 586
117.184.7.26 - - [05/Oct/2020:10:41:19 +0800] "GET /xingrg/javascript/jquery_easy_ui/themes/default/images/tree_folder_open.gif HTTP/1.1" 200 956
117.184.7.30 - - [05/Oct/2020:10:41:19 +0800] "GET /xingrg/javascript/jquery_easy_ui/themes/icons/checkout_new.png HTTP/1.1" 200 744
117.184.7.30 - - [05/Oct/2020:10:41:19 +0800] "GET /xingrg/javascript/jquery_easy_ui/themes/icons/forms_new.png HTTP/1.1" 200 350
117.184.7.26 - - [05/Oct/2020:10:41:19 +0800] "GET /xingrg/javascript/jquery_easy_ui/themes/icons/systemset_new.png HTTP/1.1" 200 606
