101.85.228.253 - - [05/Oct/2020:08:22:42 +0800] "POST /xingrg/kc/buy/cgsh_order_operate.html HTTP/1.1" 200 8245
101.85.228.253 - - [05/Oct/2020:08:22:43 +0800] "GET /xingrg/all/common/auto_word.html?type=employee&rest_code=00102 HTTP/1.1" 200 189
101.85.228.253 - - [05/Oct/2020:08:22:43 +0800] "GET /xingrg/all/common/auto_word.html?type=employee&rest_code=00102 HTTP/1.1" 200 189
101.85.228.253 - - [05/Oct/2020:08:22:43 +0800] "GET /xingrg/javascript/easyui/themes/default/validatebox.css HTTP/1.1" 404 1104
101.85.228.253 - - [05/Oct/2020:08:22:43 +0800] "GET /xingrg/javascript/easyui/plugins/jquery.validatebox.js HTTP/1.1" 304 -
101.85.228.253 - - [05/Oct/2020:08:22:43 +0800] "GET /xingrg/javascript/easyui/plugins/jquery.numberbox.js HTTP/1.1" 304 -
101.85.228.253 - - [05/Oct/2020:08:22:45 +0800] "GET /xingrg/javascript/easyui/plugins/jquery.draggable.js HTTP/1.1" 304 -
101.85.228.253 - - [05/Oct/2020:08:22:45 +0800] "GET /xingrg/javascript/easyui/plugins/jquery.droppable.js HTTP/1.1" 304 -
101.85.228.253 - - [05/Oct/2020:08:22:46 +0800] "GET /xingrg/javascript/easyui/themes/default/tree.css HTTP/1.1" 404 1090
101.85.228.253 - - [05/Oct/2020:08:22:46 +0800] "GET /xingrg/javascript/easyui/plugins/jquery.tree.js HTTP/1.1" 304 -
101.85.228.253 - - [05/Oct/2020:08:22:46 +0800] "POST /xingrg/all/common/load_tree.html?tree=supplier_tree_json&isDelete=1 HTTP/1.1" 200 50541
120.253.135.82 - - [05/Oct/2020:08:22:48 +0800] "GET /xingrg/all/function/internal_message.html?_=1601857115924&CODE_STATE=getMsg HTTP/1.1" 200 27
116.238.71.30 - - [05/Oct/2020:08:22:56 +0800] "GET /xingrg/all/function/internal_message.html?_=1601857374386&CODE_STATE=getMsg HTTP/1.1" 200 27
180.174.56.115 - - [05/Oct/2020:08:22:57 +0800] "GET /xingrg/all/function/internal_message.html?_=1601857376244&CODE_STATE=getMsg HTTP/1.1" 200 27
58.40.7.146 - - [05/Oct/2020:08:22:59 +0800] "GET /xingrg/all/function/internal_message.html?_=1601857377356&CODE_STATE=getMsg HTTP/1.1" 200 27
117.185.32.26 - - [05/Oct/2020:08:22:59 +0800] "GET /xingrg/all/function/internal_message.html?_=1601857377737&CODE_STATE=getMsg HTTP/1.1" 200 27
218.81.217.115 - - [05/Oct/2020:08:23:05 +0800] "GET /xingrg/all/function/internal_message.html?_=1601857387264&CODE_STATE=getMsg HTTP/1.1" 200 27
222.69.130.159 - - [05/Oct/2020:08:23:07 +0800] "GET /xingrg/kc/buy/cgsh_order_operate.html?command=get_materiel&rest_code=00154&code=00102010686&supplier_code=00100219&order_time=2020-10-01 HTTP/1.1" 200 412
58.37.8.227 - - [05/Oct/2020:08:23:10 +0800] "GET /xingrg/all/function/internal_message.html?_=1601857389314&CODE_STATE=getMsg HTTP/1.1" 200 27
101.85.228.253 - - [05/Oct/2020:08:23:15 +0800] "GET /xingrg/all/function/internal_message.html?_=1601857607869&CODE_STATE=getMsg HTTP/1.1" 200 27
222.69.130.159 - - [05/Oct/2020:08:23:22 +0800] "GET /xingrg/kc/buy/cgsh_order_operate.html?command=get_materiel&rest_code=00154&code=00102010688&supplier_code=00100219&order_time=2020-10-01 HTTP/1.1" 200 418
101.85.228.253 - - [05/Oct/2020:08:23:36 +0800] "GET /xingrg/javascript/auto/indicator.gif HTTP/1.1" 404 1066
58.37.8.227 - - [05/Oct/2020:08:23:36 +0800] "GET /xingrg/check_reg.html?_=1601857414839 HTTP/1.1" 200 22
101.85.228.253 - - [05/Oct/2020:08:23:47 +0800] "GET /xingrg/kc/buy/cgsh_order_operate.html?command=get_materiel&rest_code=00102&code=00101031002&supplier_code=00100064&order_time=2020-10-05 HTTP/1.1" 200 420
120.253.135.82 - - [05/Oct/2020:08:23:49 +0800] "GET /xingrg/all/function/internal_message.html?_=1601857176140&CODE_STATE=getMsg HTTP/1.1" 200 27
116.238.71.30 - - [05/Oct/2020:08:23:56 +0800] "GET /xingrg/check_reg.html?_=1601857434389 HTTP/1.1" 200 22
116.238.71.30 - - [05/Oct/2020:08:23:56 +0800] "GET /xingrg/all/function/internal_message.html?_=1601857434390&CODE_STATE=getMsg HTTP/1.1" 200 27
101.85.228.253 - - [05/Oct/2020:08:23:57 +0800] "GET /xingrg/kc/buy/cgsh_order_operate.html?command=get_materiel&rest_code=00102&code=00101031001&supplier_code=00100064&order_time=2020-10-05 HTTP/1.1" 200 419
180.174.56.115 - - [05/Oct/2020:08:23:58 +0800] "GET /xingrg/check_reg.html?_=1601857436295 HTTP/1.1" 200 22
180.174.56.115 - - [05/Oct/2020:08:23:58 +0800] "GET /xingrg/all/function/internal_message.html?_=1601857436291&CODE_STATE=getMsg HTTP/1.1" 200 27
58.40.7.146 - - [05/Oct/2020:08:23:59 +0800] "GET /xingrg/all/function/internal_message.html?_=1601857437357&CODE_STATE=getMsg HTTP/1.1" 200 27
117.185.32.26 - - [05/Oct/2020:08:23:59 +0800] "GET /xingrg/all/function/internal_message.html?_=1601857437736&CODE_STATE=getMsg HTTP/1.1" 200 27
218.81.217.115 - - [05/Oct/2020:08:24:03 +0800] "GET /xingrg/check_reg.html?_=1601857447027 HTTP/1.1" 302 -
218.81.217.115 - - [05/Oct/2020:08:24:05 +0800] "GET /xingrg/all/function/internal_message.html?_=1601857447277&CODE_STATE=getMsg HTTP/1.1" 200 27
101.85.228.253 - - [05/Oct/2020:08:24:08 +0800] "GET /xingrg/kc/buy/cgsh_order_operate.html?command=get_materiel&rest_code=00102&code=00101031006&supplier_code=00100064&order_time=2020-10-05 HTTP/1.1" 200 417
58.37.8.227 - - [05/Oct/2020:08:24:10 +0800] "GET /xingrg/all/function/internal_message.html?_=1601857449289&CODE_STATE=getMsg HTTP/1.1" 200 27
101.85.228.253 - - [05/Oct/2020:08:24:15 +0800] "GET /xingrg/all/function/internal_message.html?_=1601857667882&CODE_STATE=getMsg HTTP/1.1" 200 27
222.69.130.159 - - [05/Oct/2020:08:24:37 +0800] "GET /xingrg/kc/buy/cgsh_order_operate.html?command=get_materiel&rest_code=00154&code=00102010303&supplier_code=00100219&order_time=2020-10-01 HTTP/1.1" 200 412
120.253.135.82 - - [05/Oct/2020:08:24:38 +0800] "GET /xingrg/check_reg.html?_=1601857225685 HTTP/1.1" 200 22
58.40.7.146 - - [05/Oct/2020:08:24:42 +0800] "GET /xingrg/check_reg.html?_=1601857480805 HTTP/1.1" 302 -
120.253.135.82 - - [05/Oct/2020:08:24:49 +0800] "GET /xingrg/all/function/internal_message.html?_=1601857236154&CODE_STATE=getMsg HTTP/1.1" 200 27
116.238.71.30 - - [05/Oct/2020:08:24:56 +0800] "GET /xingrg/all/function/internal_message.html?_=1601857494392&CODE_STATE=getMsg HTTP/1.1" 200 27
180.174.56.115 - - [05/Oct/2020:08:24:58 +0800] "GET /xingrg/all/function/internal_message.html?_=1601857496344&CODE_STATE=getMsg HTTP/1.1" 200 27
58.40.7.146 - - [05/Oct/2020:08:24:59 +0800] "GET /xingrg/all/function/internal_message.html?_=1601857497360&CODE_STATE=getMsg HTTP/1.1" 200 27
222.69.130.159 - - [05/Oct/2020:08:24:59 +0800] "GET /xingrg/kc/buy/cgsh_order_operate.html?command=get_materiel&rest_code=00154&code=00102010746&supplier_code=00100219&order_time=2020-10-01 HTTP/1.1" 200 408
117.185.32.26 - - [05/Oct/2020:08:24:59 +0800] "GET /xingrg/all/function/internal_message.html?_=1601857497752&CODE_STATE=getMsg HTTP/1.1" 200 27
117.185.32.26 - - [05/Oct/2020:08:24:59 +0800] "GET /xingrg/check_reg.html?_=1601857497756 HTTP/1.1" 200 22
218.81.217.115 - - [05/Oct/2020:08:25:05 +0800] "GET /xingrg/all/function/internal_message.html?_=1601857507300&CODE_STATE=getMsg HTTP/1.1" 200 27
120.204.17.70 - - [05/Oct/2020:08:25:07 +0800] "GET /xingrg/all/function/internal_message.html?_=1601857437736&CODE_STATE=getMsg HTTP/1.1" 302 -
58.37.8.227 - - [05/Oct/2020:08:25:10 +0800] "GET /xingrg/all/function/internal_message.html?_=1601857509270&CODE_STATE=getMsg HTTP/1.1" 200 27
120.204.17.70 - - [05/Oct/2020:08:25:12 +0800] "GET /xingrg/login.html HTTP/1.1" 200 7641
101.85.228.253 - - [05/Oct/2020:08:25:15 +0800] "GET /xingrg/all/function/internal_message.html?_=1601857727895&CODE_STATE=getMsg HTTP/1.1" 200 27
183.192.164.85 - - [05/Oct/2020:08:25:28 +0800] "GET /xingrg/all/function/internal_message.html?_=1601857257748&CODE_STATE=getMsg HTTP/1.1" 302 -
222.69.130.159 - - [05/Oct/2020:08:25:28 +0800] "GET /xingrg/kc/buy/cgsh_order_operate.html?command=get_materiel&rest_code=00154&code=00102009931&supplier_code=00100219&order_time=2020-10-01 HTTP/1.1" 200 412
183.192.164.85 - - [05/Oct/2020:08:25:31 +0800] "GET /xingrg/login.html HTTP/1.1" 200 7641
120.253.135.82 - - [05/Oct/2020:08:25:49 +0800] "GET /xingrg/all/function/internal_message.html?_=1601857296167&CODE_STATE=getMsg HTTP/1.1" 200 27
116.238.71.30 - - [05/Oct/2020:08:25:56 +0800] "GET /xingrg/all/function/internal_message.html?_=1601857554395&CODE_STATE=getMsg HTTP/1.1" 200 27
222.69.130.159 - - [05/Oct/2020:08:25:57 +0800] "POST /xingrg/kc/buy/cgsh_order_operate.html HTTP/1.1" 200 2065
180.174.56.115 - - [05/Oct/2020:08:25:58 +0800] "GET /xingrg/all/function/internal_message.html?_=1601857556393&CODE_STATE=getMsg HTTP/1.1" 200 27
58.40.7.146 - - [05/Oct/2020:08:25:59 +0800] "GET /xingrg/check_reg.html?_=1601857557365 HTTP/1.1" 200 22
58.40.7.146 - - [05/Oct/2020:08:25:59 +0800] "GET /xingrg/all/function/internal_message.html?_=1601857557366&CODE_STATE=getMsg HTTP/1.1" 200 27
117.185.32.26 - - [05/Oct/2020:08:25:59 +0800] "GET /xingrg/all/function/internal_message.html?_=1601857557746&CODE_STATE=getMsg HTTP/1.1" 200 27
218.81.217.115 - - [05/Oct/2020:08:26:05 +0800] "GET /xingrg/all/function/internal_message.html?_=1601857567304&CODE_STATE=getMsg HTTP/1.1" 200 27
101.85.228.253 - - [05/Oct/2020:08:26:07 +0800] "POST /xingrg/kc/buy/cgsh_order_operate.html HTTP/1.1" 200 37
101.85.228.253 - - [05/Oct/2020:08:26:10 +0800] "POST /xingrg/kc/buy/cgsh_order_operate.html HTTP/1.1" 200 12
58.37.8.227 - - [05/Oct/2020:08:26:10 +0800] "GET /xingrg/all/function/internal_message.html?_=1601857569248&CODE_STATE=getMsg HTTP/1.1" 200 27
101.85.228.253 - - [05/Oct/2020:08:26:11 +0800] "GET /xingrg/kc/buy/cgsh_order_info.html?code=212020100501929 HTTP/1.1" 200 54751
101.85.228.253 - - [05/Oct/2020:08:26:11 +0800] "GET /xingrg/javascript/easyui/themes/default/validatebox.css HTTP/1.1" 404 1104
101.85.228.253 - - [05/Oct/2020:08:26:12 +0800] "POST /xingrg/kc/buy/cgsh_order_operate.html HTTP/1.1" 200 1209
101.85.228.253 - - [05/Oct/2020:08:26:15 +0800] "GET /xingrg/all/function/internal_message.html?_=1601857787908&CODE_STATE=getMsg HTTP/1.1" 200 27
101.85.228.253 - - [05/Oct/2020:08:26:17 +0800] "GET /xingrg/kc/print/load_config.html?kc_code=cgsh HTTP/1.1" 200 1845
101.85.228.253 - - [05/Oct/2020:08:26:18 +0800] "GET /xingrg/kc/print/load_data.html?order_code=212020100501929&kc_code=cgsh&condition= HTTP/1.1" 200 964
120.253.135.82 - - [05/Oct/2020:08:26:49 +0800] "GET /xingrg/all/function/internal_message.html?_=1601857356396&CODE_STATE=getMsg HTTP/1.1" 200 27
116.238.71.30 - - [05/Oct/2020:08:26:56 +0800] "GET /xingrg/all/function/internal_message.html?_=1601857614398&CODE_STATE=getMsg HTTP/1.1" 200 27
180.174.56.115 - - [05/Oct/2020:08:26:58 +0800] "GET /xingrg/all/function/internal_message.html?_=1601857616441&CODE_STATE=getMsg HTTP/1.1" 200 27
58.40.7.146 - - [05/Oct/2020:08:26:59 +0800] "GET /xingrg/all/function/internal_message.html?_=1601857617353&CODE_STATE=getMsg HTTP/1.1" 200 27
117.185.32.26 - - [05/Oct/2020:08:26:59 +0800] "GET /xingrg/all/function/internal_message.html?_=1601857617747&CODE_STATE=getMsg HTTP/1.1" 200 27
222.69.130.159 - - [05/Oct/2020:08:27:05 +0800] "GET /xingrg/check_reg.html?_=1601857624242 HTTP/1.1" 200 22
218.81.217.115 - - [05/Oct/2020:08:27:05 +0800] "GET /xingrg/all/function/internal_message.html?_=1601857627329&CODE_STATE=getMsg HTTP/1.1" 200 27
58.37.8.227 - - [05/Oct/2020:08:27:10 +0800] "GET /xingrg/all/function/internal_message.html?_=1601857629228&CODE_STATE=getMsg HTTP/1.1" 200 27
101.85.228.253 - - [05/Oct/2020:08:27:15 +0800] "GET /xingrg/check_reg.html?_=1601857847744 HTTP/1.1" 200 22
101.85.228.253 - - [05/Oct/2020:08:27:15 +0800] "GET /xingrg/all/function/internal_message.html?_=1601857847922&CODE_STATE=getMsg HTTP/1.1" 200 27
218.81.217.115 - - [05/Oct/2020:08:27:35 +0800] "GET /xingrg/check_reg.html?_=1601857656755 HTTP/1.1" 200 22
120.253.135.82 - - [05/Oct/2020:08:27:49 +0800] "GET /xingrg/all/function/internal_message.html?_=1601857416398&CODE_STATE=getMsg HTTP/1.1" 200 27
222.69.130.159 - - [05/Oct/2020:08:27:52 +0800] "GET /xingrg/kc/buy/cgsh_order_operate.html?command=get_materiel&rest_code=00154&code=00102010149&supplier_code=00100219&order_time=2020-10-01 HTTP/1.1" 200 412
116.238.71.30 - - [05/Oct/2020:08:27:56 +0800] "GET /xingrg/all/function/internal_message.html?_=1601857674401&CODE_STATE=getMsg HTTP/1.1" 200 27
180.174.56.115 - - [05/Oct/2020:08:27:58 +0800] "GET /xingrg/all/function/internal_message.html?_=1601857676488&CODE_STATE=getMsg HTTP/1.1" 200 27
58.40.7.146 - - [05/Oct/2020:08:27:59 +0800] "GET /xingrg/all/function/internal_message.html?_=1601857677355&CODE_STATE=getMsg HTTP/1.1" 200 27
117.185.32.26 - - [05/Oct/2020:08:27:59 +0800] "GET /xingrg/all/function/internal_message.html?_=1601857677753&CODE_STATE=getMsg HTTP/1.1" 200 27
218.81.217.115 - - [05/Oct/2020:08:28:05 +0800] "GET /xingrg/all/function/internal_message.html?_=1601857687331&CODE_STATE=getMsg HTTP/1.1" 200 27
58.37.8.227 - - [05/Oct/2020:08:28:10 +0800] "GET /xingrg/all/function/internal_message.html?_=1601857689207&CODE_STATE=getMsg HTTP/1.1" 200 27
101.85.228.253 - - [05/Oct/2020:08:28:15 +0800] "GET /xingrg/all/function/internal_message.html?_=1601857907998&CODE_STATE=getMsg HTTP/1.1" 200 27
222.69.130.159 - - [05/Oct/2020:08:28:32 +0800] "GET /xingrg/kc/buy/cgsh_order_operate.html?command=get_materiel&rest_code=00154&code=00102010702&supplier_code=00100219&order_time=2020-10-01 HTTP/1.1" 200 412
58.37.8.227 - - [05/Oct/2020:08:28:36 +0800] "GET /xingrg/check_reg.html?_=1601857714821 HTTP/1.1" 200 22
120.253.135.82 - - [05/Oct/2020:08:28:49 +0800] "GET /xingrg/all/function/internal_message.html?_=1601857476608&CODE_STATE=getMsg HTTP/1.1" 200 27
116.238.71.30 - - [05/Oct/2020:08:28:56 +0800] "GET /xingrg/check_reg.html?_=1601857734387 HTTP/1.1" 200 22
116.238.71.30 - - [05/Oct/2020:08:28:56 +0800] "GET /xingrg/all/function/internal_message.html?_=1601857734389&CODE_STATE=getMsg HTTP/1.1" 200 27
180.174.56.115 - - [05/Oct/2020:08:28:58 +0800] "GET /xingrg/check_reg.html?_=1601857736535 HTTP/1.1" 200 22
180.174.56.115 - - [05/Oct/2020:08:28:58 +0800] "GET /xingrg/all/function/internal_message.html?_=1601857736535&CODE_STATE=getMsg HTTP/1.1" 200 27
58.40.7.146 - - [05/Oct/2020:08:28:59 +0800] "GET /xingrg/all/function/internal_message.html?_=1601857737356&CODE_STATE=getMsg HTTP/1.1" 200 27
117.185.32.26 - - [05/Oct/2020:08:28:59 +0800] "GET /xingrg/all/function/internal_message.html?_=1601857737739&CODE_STATE=getMsg HTTP/1.1" 200 27
218.81.217.115 - - [05/Oct/2020:08:29:03 +0800] "GET /xingrg/check_reg.html?_=1601857747049 HTTP/1.1" 302 -
218.81.217.115 - - [05/Oct/2020:08:29:05 +0800] "GET /xingrg/all/function/internal_message.html?_=1601857747344&CODE_STATE=getMsg HTTP/1.1" 200 27
58.37.8.227 - - [05/Oct/2020:08:29:10 +0800] "GET /xingrg/all/function/internal_message.html?_=1601857749179&CODE_STATE=getMsg HTTP/1.1" 200 27
101.85.228.253 - - [05/Oct/2020:08:29:15 +0800] "GET /xingrg/all/function/internal_message.html?_=1601857968013&CODE_STATE=getMsg HTTP/1.1" 200 27
120.253.135.82 - - [05/Oct/2020:08:29:38 +0800] "GET /xingrg/check_reg.html?_=1601857525691 HTTP/1.1" 200 22
58.40.7.146 - - [05/Oct/2020:08:29:42 +0800] "GET /xingrg/check_reg.html?_=1601857780782 HTTP/1.1" 302 -
120.253.135.82 - - [05/Oct/2020:08:29:49 +0800] "GET /xingrg/all/function/internal_message.html?_=1601857536612&CODE_STATE=getMsg HTTP/1.1" 200 27
116.238.71.30 - - [05/Oct/2020:08:29:56 +0800] "GET /xingrg/all/function/internal_message.html?_=1601857794392&CODE_STATE=getMsg HTTP/1.1" 200 27
180.174.56.115 - - [05/Oct/2020:08:29:58 +0800] "GET /xingrg/all/function/internal_message.html?_=1601857796584&CODE_STATE=getMsg HTTP/1.1" 200 27
58.40.7.146 - - [05/Oct/2020:08:29:59 +0800] "GET /xingrg/all/function/internal_message.html?_=1601857797359&CODE_STATE=getMsg HTTP/1.1" 200 27
117.185.32.26 - - [05/Oct/2020:08:29:59 +0800] "GET /xingrg/all/function/internal_message.html?_=1601857797740&CODE_STATE=getMsg HTTP/1.1" 200 27
117.185.32.26 - - [05/Oct/2020:08:29:59 +0800] "GET /xingrg/check_reg.html?_=1601857797743 HTTP/1.1" 200 22
218.81.217.115 - - [05/Oct/2020:08:30:05 +0800] "GET /xingrg/all/function/internal_message.html?_=1601857807368&CODE_STATE=getMsg HTTP/1.1" 200 27
58.37.8.227 - - [05/Oct/2020:08:30:10 +0800] "GET /xingrg/all/function/internal_message.html?_=1601857809151&CODE_STATE=getMsg HTTP/1.1" 200 27
101.85.228.253 - - [05/Oct/2020:08:30:15 +0800] "GET /xingrg/all/function/internal_message.html?_=1601858028069&CODE_STATE=getMsg HTTP/1.1" 200 27
222.69.130.159 - - [05/Oct/2020:08:30:34 +0800] "GET /xingrg/kc/buy/cgsh_order_operate.html?command=get_materiel&rest_code=00154&code=00102010615&supplier_code=00100219&order_time=2020-10-01 HTTP/1.1" 200 408
120.253.135.82 - - [05/Oct/2020:08:30:49 +0800] "GET /xingrg/all/function/internal_message.html?_=1601857596625&CODE_STATE=getMsg HTTP/1.1" 200 27
120.204.17.71 - - [05/Oct/2020:08:30:50 +0800] "GET /xingrg/all/function/internal_message.html?_=1601857737739&CODE_STATE=getMsg HTTP/1.1" 302 -
116.238.71.30 - - [05/Oct/2020:08:30:56 +0800] "GET /xingrg/all/function/internal_message.html?_=1601857854395&CODE_STATE=getMsg HTTP/1.1" 200 27
180.174.56.115 - - [05/Oct/2020:08:30:58 +0800] "GET /xingrg/all/function/internal_message.html?_=1601857856631&CODE_STATE=getMsg HTTP/1.1" 200 27
58.40.7.146 - - [05/Oct/2020:08:30:59 +0800] "GET /xingrg/all/function/internal_message.html?_=1601857857361&CODE_STATE=getMsg HTTP/1.1" 200 27
58.40.7.146 - - [05/Oct/2020:08:30:59 +0800] "GET /xingrg/check_reg.html?_=1601857857362 HTTP/1.1" 200 22
117.185.32.26 - - [05/Oct/2020:08:30:59 +0800] "GET /xingrg/all/function/internal_message.html?_=1601857857741&CODE_STATE=getMsg HTTP/1.1" 200 27
120.204.17.71 - - [05/Oct/2020:08:31:00 +0800] "GET /xingrg/login.html HTTP/1.1" 200 7641
218.81.217.115 - - [05/Oct/2020:08:31:05 +0800] "GET /xingrg/all/function/internal_message.html?_=1601857867372&CODE_STATE=getMsg HTTP/1.1" 200 27
58.37.8.227 - - [05/Oct/2020:08:31:11 +0800] "GET /xingrg/all/function/internal_message.html?_=1601857869124&CODE_STATE=getMsg HTTP/1.1" 200 27
101.85.228.253 - - [05/Oct/2020:08:31:15 +0800] "GET /xingrg/all/function/internal_message.html?_=1601858088086&CODE_STATE=getMsg HTTP/1.1" 200 27
222.68.27.190 - - [05/Oct/2020:08:31:24 +0800] "GET /xingrg/login_supplier.html HTTP/1.1" 302 -
222.68.27.190 - - [05/Oct/2020:08:31:24 +0800] "GET /xingrg/supplier_index.html?sysBaseUrl=http%3A%2F%2F180.169.147.146%3A18081%2Fxingrg%2F&costTime=0×tamp=1601857884891 HTTP/1.1" 200 9061
222.68.27.190 - - [05/Oct/2020:08:31:25 +0800] "GET /favicon.ico HTTP/1.1" 404 -
120.253.135.82 - - [05/Oct/2020:08:31:49 +0800] "GET /xingrg/all/function/internal_message.html?_=1601857656847&CODE_STATE=getMsg HTTP/1.1" 200 27
222.69.130.159 - - [05/Oct/2020:08:31:53 +0800] "GET /xingrg/kc/buy/cgsh_order_operate.html?command=get_materiel&rest_code=00154&code=00102003347&supplier_code=00100219&order_time=2020-10-01 HTTP/1.1" 200 408
116.238.71.30 - - [05/Oct/2020:08:31:56 +0800] "GET /xingrg/all/function/internal_message.html?_=1601857914404&CODE_STATE=getMsg HTTP/1.1" 200 27
180.174.56.115 - - [05/Oct/2020:08:31:58 +0800] "GET /xingrg/all/function/internal_message.html?_=1601857916678&CODE_STATE=getMsg HTTP/1.1" 200 27
58.40.7.146 - - [05/Oct/2020:08:31:59 +0800] "GET /xingrg/all/function/internal_message.html?_=1601857917364&CODE_STATE=getMsg HTTP/1.1" 200 27
117.185.32.26 - - [05/Oct/2020:08:31:59 +0800] "GET /xingrg/all/function/internal_message.html?_=1601857917741&CODE_STATE=getMsg HTTP/1.1" 200 27
218.81.217.115 - - [05/Oct/2020:08:32:05 +0800] "GET /xingrg/all/function/internal_message.html?_=1601857927396&CODE_STATE=getMsg HTTP/1.1" 200 27
222.69.130.159 - - [05/Oct/2020:08:32:06 +0800] "GET /xingrg/check_reg.html?_=1601857924911 HTTP/1.1" 200 22
58.37.8.227 - - [05/Oct/2020:08:32:10 +0800] "GET /xingrg/all/function/internal_message.html?_=1601857929094&CODE_STATE=getMsg HTTP/1.1" 200 27
101.85.228.253 - - [05/Oct/2020:08:32:13 +0800] "POST /xingrg/services/DataTransmitService HTTP/1.1" 200 524
101.85.228.253 - - [05/Oct/2020:08:32:15 +0800] "GET /xingrg/check_reg.html?_=1601858147791 HTTP/1.1" 200 22
101.85.228.253 - - [05/Oct/2020:08:32:15 +0800] "GET /xingrg/all/function/internal_message.html?_=1601858148099&CODE_STATE=getMsg HTTP/1.1" 200 27
222.69.130.159 - - [05/Oct/2020:08:32:16 +0800] "GET /xingrg/kc/buy/cgsh_order_operate.html?command=get_materiel&rest_code=00154&code=00102010492&supplier_code=00100219&order_time=2020-10-01 HTTP/1.1" 200 412
101.91.60.11 - - [05/Oct/2020:08:32:21 +0800] "GET /xingrg/all/function/internal_message.html?_=1601857869124&CODE_STATE=getMsg HTTP/1.1" 302 -
101.91.60.11 - - [05/Oct/2020:08:32:27 +0800] "GET /xingrg/login.html HTTP/1.1" 200 7641
222.69.130.159 - - [05/Oct/2020:08:32:27 +0800] "POST /xingrg/kc/buy/cgsh_order_operate.html HTTP/1.1" 200 2065
218.81.217.115 - - [05/Oct/2020:08:32:35 +0800] "GET /xingrg/check_reg.html?_=1601857956762 HTTP/1.1" 200 22
180.162.245.190 - - [05/Oct/2020:08:32:36 +0800] "POST /xingrg/services/DataTransmitService HTTP/1.1" 200 524
180.162.245.190 - - [05/Oct/2020:08:32:36 +0800] "POST /xingrg/services/DataTransmitService HTTP/1.1" 200 501
180.162.245.190 - - [05/Oct/2020:08:32:37 +0800] "POST /xingrg/services/DataTransmitService HTTP/1.1" 200 501
180.162.245.190 - - [05/Oct/2020:08:32:38 +0800] "POST /xingrg/services/DataTransmitService HTTP/1.1" 200 501
180.162.245.190 - - [05/Oct/2020:08:32:40 +0800] "POST /xingrg/services/DataTransmitService HTTP/1.1" 200 501
180.162.245.190 - - [05/Oct/2020:08:32:40 +0800] "POST /xingrg/services/DataTransmitService HTTP/1.1" 200 501
180.162.245.190 - - [05/Oct/2020:08:32:40 +0800] "POST /xingrg/services/DataTransmitService HTTP/1.1" 200 501
180.162.245.190 - - [05/Oct/2020:08:32:42 +0800] "POST /xingrg/services/DataTransmitService HTTP/1.1" 200 501
180.162.245.190 - - [05/Oct/2020:08:32:43 +0800] "POST /xingrg/services/DataTransmitService HTTP/1.1" 200 501
180.162.245.190 - - [05/Oct/2020:08:32:44 +0800] "POST /xingrg/services/DataTransmitService HTTP/1.1" 200 412
120.253.135.82 - - [05/Oct/2020:08:32:49 +0800] "GET /xingrg/all/function/internal_message.html?_=1601857716855&CODE_STATE=getMsg HTTP/1.1" 200 27
180.162.245.190 - - [05/Oct/2020:08:32:54 +0800] "POST /xingrg/services/DataTransmitService HTTP/1.1" 200 524
180.162.245.190 - - [05/Oct/2020:08:32:54 +0800] "POST /xingrg/services/DataTransmitService HTTP/1.1" 200 501
180.162.245.190 - - [05/Oct/2020:08:32:55 +0800] "POST /xingrg/services/DataTransmitService HTTP/1.1" 200 501
116.238.71.30 - - [05/Oct/2020:08:32:56 +0800] "GET /xingrg/all/function/internal_message.html?_=1601857974390&CODE_STATE=getMsg HTTP/1.1" 200 27
222.69.130.159 - - [05/Oct/2020:08:32:56 +0800] "GET /xingrg/kc/buy/cgsh_order_operate.html?command=get_materiel&rest_code=00154&code=00102009958&supplier_code=00100219&order_time=2020-10-01 HTTP/1.1" 200 408
180.162.245.190 - - [05/Oct/2020:08:32:56 +0800] "POST /xingrg/services/DataTransmitService HTTP/1.1" 200 501
180.162.245.190 - - [05/Oct/2020:08:32:58 +0800] "POST /xingrg/services/DataTransmitService HTTP/1.1" 200 501
180.174.56.115 - - [05/Oct/2020:08:32:58 +0800] "GET /xingrg/all/function/internal_message.html?_=1601857976727&CODE_STATE=getMsg HTTP/1.1" 200 27
180.162.245.190 - - [05/Oct/2020:08:32:58 +0800] "POST /xingrg/services/DataTransmitService HTTP/1.1" 200 501
180.162.245.190 - - [05/Oct/2020:08:32:58 +0800] "POST /xingrg/services/DataTransmitService HTTP/1.1" 200 501
58.40.7.146 - - [05/Oct/2020:08:32:59 +0800] "GET /xingrg/all/function/internal_message.html?_=1601857977368&CODE_STATE=getMsg HTTP/1.1" 200 27
117.185.32.26 - - [05/Oct/2020:08:32:59 +0800] "GET /xingrg/all/function/internal_message.html?_=1601857977747&CODE_STATE=getMsg HTTP/1.1" 200 27
180.162.245.190 - - [05/Oct/2020:08:33:00 +0800] "POST /xingrg/services/DataTransmitService HTTP/1.1" 200 501
180.162.245.190 - - [05/Oct/2020:08:33:01 +0800] "POST /xingrg/services/DataTransmitService HTTP/1.1" 200 501
180.162.245.190 - - [05/Oct/2020:08:33:02 +0800] "POST /xingrg/services/DataTransmitService HTTP/1.1" 200 412
180.162.245.190 - - [05/Oct/2020:08:33:05 +0800] "POST /xingrg/services/DataTransmitService HTTP/1.1" 200 524
180.162.245.190 - - [05/Oct/2020:08:33:05 +0800] "POST /xingrg/services/DataTransmitService HTTP/1.1" 200 2007
218.81.217.115 - - [05/Oct/2020:08:33:05 +0800] "GET /xingrg/all/function/internal_message.html?_=1601857987399&CODE_STATE=getMsg HTTP/1.1" 200 27
180.162.245.190 - - [05/Oct/2020:08:33:06 +0800] "POST /xingrg/services/DataTransmitService HTTP/1.1" 200 142095
58.37.8.227 - - [05/Oct/2020:08:33:10 +0800] "GET /xingrg/all/function/internal_message.html?_=1601857989095&CODE_STATE=getMsg HTTP/1.1" 200 27
101.85.228.253 - - [05/Oct/2020:08:33:15 +0800] "GET /xingrg/all/function/internal_message.html?_=1601858208112&CODE_STATE=getMsg HTTP/1.1" 200 27
58.37.8.227 - - [05/Oct/2020:08:33:36 +0800] "GET /xingrg/check_reg.html?_=1601858014828 HTTP/1.1" 200 22
120.253.135.82 - - [05/Oct/2020:08:33:50 +0800] "GET /xingrg/all/function/internal_message.html?_=1601857777073&CODE_STATE=getMsg HTTP/1.1" 200 27
117.184.7.26 - - [05/Oct/2020:08:33:52 +0800] "POST /xingrg/services/DataTransmitService HTTP/1.1" 200 524
117.184.7.26 - - [05/Oct/2020:08:33:52 +0800] "POST /xingrg/services/DataTransmitService HTTP/1.1" 200 501
222.69.130.159 - - [05/Oct/2020:08:33:55 +0800] "GET /xingrg/kc/buy/cgsh_order_operate.html?command=get_materiel&rest_code=00154&code=00102009535&supplier_code=00100219&order_time=2020-10-01 HTTP/1.1" 200 420
116.238.71.30 - - [05/Oct/2020:08:33:56 +0800] "GET /xingrg/check_reg.html?_=1601858034392 HTTP/1.1" 200 22
116.238.71.30 - - [05/Oct/2020:08:33:56 +0800] "GET /xingrg/all/function/internal_message.html?_=1601858034394&CODE_STATE=getMsg HTTP/1.1" 200 27
180.174.56.115 - - [05/Oct/2020:08:33:58 +0800] "GET /xingrg/check_reg.html?_=1601858036777 HTTP/1.1" 200 22
180.174.56.115 - - [05/Oct/2020:08:33:58 +0800] "GET /xingrg/all/function/internal_message.html?_=1601858036775&CODE_STATE=getMsg HTTP/1.1" 200 27
58.40.7.146 - - [05/Oct/2020:08:33:59 +0800] "GET /xingrg/all/function/internal_message.html?_=1601858037355&CODE_STATE=getMsg HTTP/1.1" 200 27
117.185.32.26 - - [05/Oct/2020:08:33:59 +0800] "GET /xingrg/all/function/internal_message.html?_=1601858037747&CODE_STATE=getMsg HTTP/1.1" 200 27
218.81.217.115 - - [05/Oct/2020:08:34:03 +0800] "GET /xingrg/check_reg.html?_=1601858047056 HTTP/1.1" 302 -
218.81.217.115 - - [05/Oct/2020:08:34:05 +0800] "GET /xingrg/all/function/internal_message.html?_=1601858047413&CODE_STATE=getMsg HTTP/1.1" 200 27
218.81.217.115 - - [05/Oct/2020:08:34:06 +0800] "POST /xingrg/kc/buy/cgsh_list_operate.html HTTP/1.1" 302 -
58.37.8.227 - - [05/Oct/2020:08:34:10 +0800] "GET /xingrg/all/function/internal_message.html?_=1601858049076&CODE_STATE=getMsg HTTP/1.1" 200 27
101.85.228.253 - - [05/Oct/2020:08:34:15 +0800] "GET /xingrg/all/function/internal_message.html?_=1601858268127&CODE_STATE=getMsg HTTP/1.1" 200 27
218.81.217.115 - - [05/Oct/2020:08:34:18 +0800] "GET /favicon.ico HTTP/1.1" 404 -
218.81.217.115 - - [05/Oct/2020:08:34:18 +0800] "GET /xingrg/login.html HTTP/1.1" 200 7641
218.81.217.115 - - [05/Oct/2020:08:34:18 +0800] "GET /favicon.ico HTTP/1.1" 404 -
222.68.27.190 - - [05/Oct/2020:08:34:20 +0800] "POST /xingrg/supplier/cgsh_list_operate.html HTTP/1.1" 200 5644
180.162.245.190 - - [05/Oct/2020:08:34:23 +0800] "GET /xingrg/index.html?sysBaseUrl=http%3A%2F%2F180.169.147.146%3A18081%2Fxingrg%2F&costTime=36×tamp=1585223203754 HTTP/1.1" 302 -
180.162.245.190 - - [05/Oct/2020:08:34:23 +0800] "GET /xingrg/login.html HTTP/1.1" 200 7641
180.162.245.190 - - [05/Oct/2020:08:34:24 +0800] "GET /favicon.ico HTTP/1.1" 404 -
180.162.245.190 - - [05/Oct/2020:08:34:27 +0800] "POST /xingrg/login.do HTTP/1.1" 200 2421
180.162.245.190 - - [05/Oct/2020:08:34:27 +0800] "GET /favicon.ico HTTP/1.1" 404 -
222.69.130.159 - - [05/Oct/2020:08:34:28 +0800] "GET /xingrg/kc/buy/cgsh_order_operate.html?command=get_materiel&rest_code=00154&code=00102010252&supplier_code=00100219&order_time=2020-10-01 HTTP/1.1" 200 412
180.162.245.190 - - [05/Oct/2020:08:34:29 +0800] "GET /xingrg/login.html HTTP/1.1" 200 7641
180.162.245.190 - - [05/Oct/2020:08:34:29 +0800] "GET /favicon.ico HTTP/1.1" 404 -
180.162.245.190 - - [05/Oct/2020:08:34:30 +0800] "POST /xingrg/login.do HTTP/1.1" 302 -
180.162.245.190 - - [05/Oct/2020:08:34:30 +0800] "GET /xingrg/index.html?sysBaseUrl=http%3A%2F%2F180.169.147.146%3A18081%2Fxingrg%2F&costTime=43×tamp=1601858070467 HTTP/1.1" 200 17173
180.162.245.190 - - [05/Oct/2020:08:34:30 +0800] "POST /xingrg/all/common/load_tree.html?tree=area_rest_tree_json&manage=1 HTTP/1.1" 200 3216
180.162.245.190 - - [05/Oct/2020:08:34:30 +0800] "GET /xingrg/check_reg.html?_=1601858068892 HTTP/1.1" 200 22
180.162.245.190 - - [05/Oct/2020:08:34:30 +0800] "GET /xingrg/all/function/internal_message.html?_=1601858068891&CODE_STATE=count HTTP/1.1" 200 11
180.162.245.190 - - [05/Oct/2020:08:34:30 +0800] "GET /favicon.ico HTTP/1.1" 404 -
180.162.245.190 - - [05/Oct/2020:08:34:30 +0800] "POST /xingrg/load_menu.html HTTP/1.1" 200 5138
180.162.245.190 - - [05/Oct/2020:08:34:34 +0800] "GET /xingrg/kc/buy/cgsh_order_list.html HTTP/1.1" 200 44200
180.162.245.190 - - [05/Oct/2020:08:34:35 +0800] "POST /xingrg/kc/buy/cgsh_list_operate.html HTTP/1.1" 200 876
180.162.245.190 - - [05/Oct/2020:08:34:37 +0800] "GET /xingrg/kc/buy/cgsh_order_add.html HTTP/1.1" 200 59985
180.162.245.190 - - [05/Oct/2020:08:34:37 +0800] "GET /xingrg/words/20201004120139_words.js HTTP/1.1" 304 -
180.162.245.190 - - [05/Oct/2020:08:34:37 +0800] "GET /xingrg/all/common/auto_word.html?type=employee&rest_code=00105 HTTP/1.1" 200 193
180.162.245.190 - - [05/Oct/2020:08:34:37 +0800] "GET /xingrg/javascript/easyui/themes/default/validatebox.css HTTP/1.1" 404 1104
180.162.245.190 - - [05/Oct/2020:08:34:37 +0800] "GET /xingrg/all/common/auto_word.html?type=employee&rest_code=00105 HTTP/1.1" 200 193
180.162.245.190 - - [05/Oct/2020:08:34:37 +0800] "POST /xingrg/kc/buy/cgsh_order_operate.html HTTP/1.1" 200 8245
120.253.135.82 - - [05/Oct/2020:08:34:38 +0800] "GET /xingrg/check_reg.html?_=1601857825696 HTTP/1.1" 200 22
58.40.7.146 - - [05/Oct/2020:08:34:42 +0800] "GET /xingrg/check_reg.html?_=1601858080759 HTTP/1.1" 302 -
180.162.245.190 - - [05/Oct/2020:08:34:42 +0800] "GET /xingrg/javascript/auto/indicator.gif HTTP/1.1" 404 1066
218.81.217.115 - - [05/Oct/2020:08:34:43 +0800] "POST /xingrg/login.do HTTP/1.1" 200 2421
218.81.217.115 - - [05/Oct/2020:08:34:43 +0800] "GET /xingrg/css/blue.css HTTP/1.1" 304 -
218.81.217.115 - - [05/Oct/2020:08:34:43 +0800] "GET /xingrg/javascript/myfunction.js HTTP/1.1" 304 -
218.81.217.115 - - [05/Oct/2020:08:34:43 +0800] "GET /xingrg/images/blue/pic_top.gif HTTP/1.1" 200 3656
218.81.217.115 - - [05/Oct/2020:08:34:43 +0800] "GET /xingrg/images/blue/pic_notice.jpg HTTP/1.1" 200 3583
218.81.217.115 - - [05/Oct/2020:08:34:43 +0800] "GET /xingrg/images/blue/error_top.gif HTTP/1.1" 200 1790
218.81.217.115 - - [05/Oct/2020:08:34:43 +0800] "GET /xingrg/images/blue/error_buttom.gif HTTP/1.1" 200 1750
218.81.217.115 - - [05/Oct/2020:08:34:43 +0800] "GET /xingrg/images/blue/error_mid.gif HTTP/1.1" 200 215
218.81.217.115 - - [05/Oct/2020:08:34:43 +0800] "GET /favicon.ico HTTP/1.1" 404 -
218.81.217.115 - - [05/Oct/2020:08:34:46 +0800] "GET /xingrg/login.html HTTP/1.1" 200 7641
218.81.217.115 - - [05/Oct/2020:08:34:46 +0800] "GET /favicon.ico HTTP/1.1" 404 -
120.253.135.82 - - [05/Oct/2020:08:34:50 +0800] "GET /xingrg/all/function/internal_message.html?_=1601857837086&CODE_STATE=getMsg HTTP/1.1" 200 27
116.238.71.30 - - [05/Oct/2020:08:34:56 +0800] "GET /xingrg/all/function/internal_message.html?_=1601858094398&CODE_STATE=getMsg HTTP/1.1" 200 27
180.174.56.115 - - [05/Oct/2020:08:34:58 +0800] "GET /xingrg/all/function/internal_message.html?_=1601858096824&CODE_STATE=getMsg HTTP/1.1" 200 27
58.40.7.146 - - [05/Oct/2020:08:34:59 +0800] "GET /xingrg/all/function/internal_message.html?_=1601858097357&CODE_STATE=getMsg HTTP/1.1" 200 27
218.81.217.115 - - [05/Oct/2020:08:34:59 +0800] "POST /xingrg/login.do HTTP/1.1" 302 -
218.81.217.115 - - [05/Oct/2020:08:34:59 +0800] "GET /xingrg/javascript/jquery_easy_ui/themes/default/easyui.css HTTP/1.1" 304 -
218.81.217.115 - - [05/Oct/2020:08:34:59 +0800] "GET /xingrg/javascript/jquery_easy_ui/themes/icon.css HTTP/1.1" 304 -
218.81.217.115 - - [05/Oct/2020:08:34:59 +0800] "GET /xingrg/javascript/jquery-1.4.2.min.js HTTP/1.1" 304 -
218.81.217.115 - - [05/Oct/2020:08:34:59 +0800] "GET /xingrg/css/form.css HTTP/1.1" 304 -
218.81.217.115 - - [05/Oct/2020:08:34:59 +0800] "GET /xingrg/index.html?sysBaseUrl=http%3A%2F%2F180.169.147.146%3A18081%2Fxingrg%2F&costTime=43×tamp=1601858099334 HTTP/1.1" 200 17179
218.81.217.115 - - [05/Oct/2020:08:34:59 +0800] "GET /xingrg/javascript/jquery.timers.js HTTP/1.1" 304 -
218.81.217.115 - - [05/Oct/2020:08:34:59 +0800] "GET /xingrg/javascript/jquery_easy_ui/easyui-lang-zh_CN.js HTTP/1.1" 304 -
218.81.217.115 - - [05/Oct/2020:08:34:59 +0800] "GET /xingrg/javascript/jquery_easy_ui/jquery.easyui.min.js HTTP/1.1" 304 -
218.81.217.115 - - [05/Oct/2020:08:34:59 +0800] "GET /xingrg/javascript/jquery.utils.js HTTP/1.1" 304 -
218.81.217.115 - - [05/Oct/2020:08:34:59 +0800] "GET /xingrg/javascript/jquery.form.js HTTP/1.1" 304 -
218.81.217.115 - - [05/Oct/2020:08:34:59 +0800] "GET /favicon.ico HTTP/1.1" 404 -
218.81.217.115 - - [05/Oct/2020:08:34:59 +0800] "POST /xingrg/all/common/load_tree.html?tree=area_rest_tree_json&manage=1 HTTP/1.1" 200 479
218.81.217.115 - - [05/Oct/2020:08:34:59 +0800] "GET /xingrg/all/function/internal_message.html?_=1601858102862&CODE_STATE=count HTTP/1.1" 200 11
218.81.217.115 - - [05/Oct/2020:08:34:59 +0800] "GET /xingrg/check_reg.html?_=1601858102863 HTTP/1.1" 200 22
218.81.217.115 - - [05/Oct/2020:08:34:59 +0800] "POST /xingrg/load_menu.html HTTP/1.1" 200 5138
117.185.32.26 - - [05/Oct/2020:08:34:59 +0800] "GET /xingrg/check_reg.html?_=1601858097746 HTTP/1.1" 200 22
117.185.32.26 - - [05/Oct/2020:08:34:59 +0800] "GET /xingrg/all/function/internal_message.html?_=1601858097749&CODE_STATE=getMsg HTTP/1.1" 200 27
218.81.217.115 - - [05/Oct/2020:08:35:06 +0800] "GET /xingrg/all/function/internal_message.html?_=1601858107437&CODE_STATE=getMsg HTTP/1.1" 200 27
218.81.217.115 - - [05/Oct/2020:08:35:09 +0800] "GET /xingrg/css/base.css HTTP/1.1" 304 -
218.81.217.115 - - [05/Oct/2020:08:35:09 +0800] "GET /xingrg/css/site.css HTTP/1.1" 304 -
218.81.217.115 - - [05/Oct/2020:08:35:09 +0800] "GET /xingrg/javascript/easyui/themes/icon.css HTTP/1.1" 304 -
218.81.217.115 - - [05/Oct/2020:08:35:09 +0800] "GET /xingrg/javascript/easyui/themes/default/easyui.css HTTP/1.1" 304 -
218.81.217.115 - - [05/Oct/2020:08:35:09 +0800] "GET /xingrg/javascript/jquery_tools/datebox.css HTTP/1.1" 304 -
218.81.217.115 - - [05/Oct/2020:08:35:09 +0800] "GET /xingrg/javascript/jquery_tools/fix.css HTTP/1.1" 304 -
218.81.217.115 - - [05/Oct/2020:08:35:09 +0800] "GET /xingrg/javascript/jquery_tools/table.css HTTP/1.1" 304 -
218.81.217.115 - - [05/Oct/2020:08:35:09 +0800] "GET /xingrg/javascript/auto/jquery.autocomplete.css HTTP/1.1" 304 -
218.81.217.115 - - [05/Oct/2020:08:35:09 +0800] "GET /xingrg/javascript/jquery_tools/jquery.tools.extend.js HTTP/1.1" 304 -
218.81.217.115 - - [05/Oct/2020:08:35:09 +0800] "GET /xingrg/javascript/jquery_tools/jquery.tools.hotkey.js HTTP/1.1" 304 -
218.81.217.115 - - [05/Oct/2020:08:35:09 +0800] "GET /xingrg/javascript/jquery_tools/list_manager.js HTTP/1.1" 304 -
218.81.217.115 - - [05/Oct/2020:08:35:09 +0800] "GET /xingrg/javascript/auto/jquery.autocomplete.js HTTP/1.1" 304 -
218.81.217.115 - - [05/Oct/2020:08:35:09 +0800] "GET /xingrg/javascript/jquery_tools/jquery.tools.table.js HTTP/1.1" 304 -
218.81.217.115 - - [05/Oct/2020:08:35:09 +0800] "GET /xingrg/javascript/jquery_tools/jquery.tools.min.js HTTP/1.1" 304 -
218.81.217.115 - - [05/Oct/2020:08:35:09 +0800] "GET /xingrg/javascript/jquery.cookie.js HTTP/1.1" 304 -
218.81.217.115 - - [05/Oct/2020:08:35:09 +0800] "GET /xingrg/javascript/easyui/easyloader.js HTTP/1.1" 304 -
218.81.217.115 - - [05/Oct/2020:08:35:09 +0800] "GET /xingrg/javascript/print/LodopFuncs.js HTTP/1.1" 304 -
218.81.217.115 - - [05/Oct/2020:08:35:09 +0800] "GET /xingrg/kc/buy/cgsh_order_list.html HTTP/1.1" 200 44206
218.81.217.115 - - [05/Oct/2020:08:35:10 +0800] "GET /xingrg/javascript/easyui/plugins/jquery.parser.js HTTP/1.1" 304 -
58.37.8.227 - - [05/Oct/2020:08:35:10 +0800] "GET /xingrg/all/function/internal_message.html?_=1601858109050&CODE_STATE=getMsg HTTP/1.1" 200 27
218.81.217.115 - - [05/Oct/2020:08:35:11 +0800] "POST /xingrg/kc/buy/cgsh_list_operate.html HTTP/1.1" 200 876
180.162.245.190 - - [05/Oct/2020:08:35:15 +0800] "GET /xingrg/kc/buy/cgsh_order_operate.html?command=get_materiel&rest_code=00105&code=00101006129&supplier_code=00100013&order_time=2020-10-05 HTTP/1.1" 200 431
101.85.228.253 - - [05/Oct/2020:08:35:15 +0800] "GET /xingrg/all/function/internal_message.html?_=1601858328191&CODE_STATE=getMsg HTTP/1.1" 200 27
218.81.217.115 - - [05/Oct/2020:08:35:20 +0800] "GET /xingrg/javascript/jquery_tools/images/prev.gif HTTP/1.1" 404 1086
218.81.217.115 - - [05/Oct/2020:08:35:20 +0800] "GET /xingrg/javascript/jquery_tools/images/next.gif HTTP/1.1" 404 1086
180.162.245.190 - - [05/Oct/2020:08:35:30 +0800] "GET /xingrg/all/function/internal_message.html?_=1601858128901&CODE_STATE=getMsg HTTP/1.1" 200 27
180.162.245.190 - - [05/Oct/2020:08:35:36 +0800] "GET /xingrg/kc/buy/cgsh_order_operate.html?command=get_materiel&rest_code=00105&code=00101006106&supplier_code=00100013&order_time=2020-10-05 HTTP/1.1" 200 421
222.69.130.159 - - [05/Oct/2020:08:35:40 +0800] "GET /xingrg/kc/buy/cgsh_order_operate.html?command=get_materiel&rest_code=00154&code=00102009634&supplier_code=00100219&order_time=2020-10-01 HTTP/1.1" 200 424
218.81.217.115 - - [05/Oct/2020:08:35:46 +0800] "GET /xingrg/javascript/auto/indicator.gif HTTP/1.1" 404 1066
120.253.135.82 - - [05/Oct/2020:08:35:50 +0800] "GET /xingrg/all/function/internal_message.html?_=1601857897098&CODE_STATE=getMsg HTTP/1.1" 200 27
180.162.245.190 - - [05/Oct/2020:08:35:50 +0800] "GET /xingrg/kc/buy/cgsh_order_operate.html?command=get_materiel&rest_code=00105&code=00101006109&supplier_code=00100013&order_time=2020-10-05 HTTP/1.1" 200 409
180.162.245.190 - - [05/Oct/2020:08:35:56 +0800] "GET /xingrg/kc/buy/cgsh_order_operate.html?command=get_materiel&rest_code=00105&code=00101010136&supplier_code=00100013&order_time=2020-10-05 HTTP/1.1" 200 408
116.238.71.30 - - [05/Oct/2020:08:35:56 +0800] "GET /xingrg/all/function/internal_message.html?_=1601858154400&CODE_STATE=getMsg HTTP/1.1" 200 27
180.174.56.115 - - [05/Oct/2020:08:35:58 +0800] "GET /xingrg/all/function/internal_message.html?_=1601858156872&CODE_STATE=getMsg HTTP/1.1" 200 27
58.40.7.146 - - [05/Oct/2020:08:35:59 +0800] "GET /xingrg/all/function/internal_message.html?_=1601858157359&CODE_STATE=getMsg HTTP/1.1" 200 27
58.40.7.146 - - [05/Oct/2020:08:35:59 +0800] "GET /xingrg/check_reg.html?_=1601858157360 HTTP/1.1" 200 22
218.81.217.115 - - [05/Oct/2020:08:35:59 +0800] "GET /xingrg/all/function/internal_message.html?_=1601858162869&CODE_STATE=getMsg HTTP/1.1" 200 27
117.185.32.26 - - [05/Oct/2020:08:35:59 +0800] "GET /xingrg/all/function/internal_message.html?_=1601858157774&CODE_STATE=getMsg HTTP/1.1" 200 27
218.81.217.115 - - [05/Oct/2020:08:36:00 +0800] "POST /xingrg/kc/buy/cgsh_list_operate.html HTTP/1.1" 200 1718
218.81.217.115 - - [05/Oct/2020:08:36:06 +0800] "GET /xingrg/all/function/internal_message.html?_=1601858167440&CODE_STATE=getMsg HTTP/1.1" 200 27
58.37.8.227 - - [05/Oct/2020:08:36:10 +0800] "GET /xingrg/all/function/internal_message.html?_=1601858169030&CODE_STATE=getMsg HTTP/1.1" 200 27
180.162.245.190 - - [05/Oct/2020:08:36:13 +0800] "GET /xingrg/kc/buy/cgsh_order_operate.html?command=get_materiel&rest_code=00105&code=00101006038&supplier_code=00100013&order_time=2020-10-05 HTTP/1.1" 200 442
101.85.228.253 - - [05/Oct/2020:08:36:15 +0800] "GET /xingrg/all/function/internal_message.html?_=1601858388201&CODE_STATE=getMsg HTTP/1.1" 200 27
180.162.245.190 - - [05/Oct/2020:08:36:30 +0800] "GET /xingrg/all/function/internal_message.html?_=1601858188904&CODE_STATE=getMsg HTTP/1.1" 200 27
180.162.245.190 - - [05/Oct/2020:08:36:42 +0800] "GET /xingrg/kc/buy/cgsh_order_operate.html?command=get_materiel&rest_code=00105&code=00101006115&supplier_code=00100013&order_time=2020-10-05 HTTP/1.1" 200 409
120.253.135.82 - - [05/Oct/2020:08:36:50 +0800] "GET /xingrg/all/function/internal_message.html?_=1601857957317&CODE_STATE=getMsg HTTP/1.1" 200 27
180.162.245.190 - - [05/Oct/2020:08:36:52 +0800] "GET /xingrg/kc/buy/cgsh_order_operate.html?command=get_materiel&rest_code=00105&code=00101006130&supplier_code=00100013&order_time=2020-10-05 HTTP/1.1" 200 427
101.89.19.149 - - [05/Oct/2020:08:36:55 +0800] "GET /xingrg/all/function/internal_message.html?_=1601858049076&CODE_STATE=getMsg HTTP/1.1" 302 -
116.238.71.30 - - [05/Oct/2020:08:36:56 +0800] "GET /xingrg/all/function/internal_message.html?_=1601858214403&CODE_STATE=getMsg HTTP/1.1" 200 27
222.69.130.159 - - [05/Oct/2020:08:36:57 +0800] "GET /xingrg/kc/buy/cgsh_order_operate.html?command=get_materiel&rest_code=00154&code=00102010846&supplier_code=00100219&order_time=2020-10-01 HTTP/1.1" 200 412
101.89.19.149 - - [05/Oct/2020:08:36:57 +0800] "GET /xingrg/login.html HTTP/1.1" 200 7641
180.174.56.115 - - [05/Oct/2020:08:36:58 +0800] "GET /xingrg/all/function/internal_message.html?_=1601858216920&CODE_STATE=getMsg HTTP/1.1" 200 27
58.40.7.146 - - [05/Oct/2020:08:36:59 +0800] "GET /xingrg/all/function/internal_message.html?_=1601858217367&CODE_STATE=getMsg HTTP/1.1" 200 27
218.81.217.115 - - [05/Oct/2020:08:36:59 +0800] "GET /xingrg/all/function/internal_message.html?_=1601858222883&CODE_STATE=getMsg HTTP/1.1" 200 27
117.185.32.26 - - [05/Oct/2020:08:36:59 +0800] "GET /xingrg/all/function/internal_message.html?_=1601858217772&CODE_STATE=getMsg HTTP/1.1" 200 27
218.81.217.115 - - [05/Oct/2020:08:37:06 +0800] "GET /xingrg/all/function/internal_message.html?_=1601858227464&CODE_STATE=getMsg HTTP/1.1" 200 27
222.69.130.159 - - [05/Oct/2020:08:37:06 +0800] "GET /xingrg/check_reg.html?_=1601858224894 HTTP/1.1" 200 22
180.162.245.190 - - [05/Oct/2020:08:37:06 +0800] "GET /xingrg/kc/buy/cgsh_order_operate.html?command=get_materiel&rest_code=00105&code=00101006087&supplier_code=00100013&order_time=2020-10-05 HTTP/1.1" 200 409
58.37.8.227 - - [05/Oct/2020:08:37:10 +0800] "GET /xingrg/all/function/internal_message.html?_=1601858229006&CODE_STATE=getMsg HTTP/1.1" 200 27
114.88.166.242 - - [05/Oct/2020:08:37:10 +0800] "POST /xingrg/login.do HTTP/1.1" 302 -
114.88.166.242 - - [05/Oct/2020:08:37:10 +0800] "GET /xingrg/index.html?sysBaseUrl=http%3A%2F%2F180.169.147.146%3A18081%2Fxingrg%2F&costTime=38×tamp=1601858230808 HTTP/1.1" 200 17173
114.88.166.242 - - [05/Oct/2020:08:37:11 +0800] "POST /xingrg/all/common/load_tree.html?tree=area_rest_tree_json&manage=1 HTTP/1.1" 200 342
114.88.166.242 - - [05/Oct/2020:08:37:12 +0800] "GET /xingrg/all/function/internal_message.html?_=1601858309704&CODE_STATE=count HTTP/1.1" 200 11
114.88.166.242 - - [05/Oct/2020:08:37:12 +0800] "GET /xingrg/check_reg.html?_=1601858309704 HTTP/1.1" 200 22
114.88.166.242 - - [05/Oct/2020:08:37:12 +0800] "GET /favicon.ico HTTP/1.1" 404 -
114.88.166.242 - - [05/Oct/2020:08:37:12 +0800] "POST /xingrg/load_menu.html HTTP/1.1" 200 5138
42.236.10.69 - - [05/Oct/2020:08:37:13 +0800] "GET /xingrg/index.html?costTime=41&sysBaseUrl=http%3A%2F%2F180.169.147.146%3A18081%2Fxingrg%2F×tamp=1601619987209 HTTP/1.1" 302 -
180.162.245.190 - - [05/Oct/2020:08:37:14 +0800] "GET /xingrg/kc/buy/cgsh_order_operate.html?command=get_materiel&rest_code=00105&code=00101013217&supplier_code=00100013&order_time=2020-10-05 HTTP/1.1" 200 408
101.85.228.253 - - [05/Oct/2020:08:37:15 +0800] "GET /xingrg/check_reg.html?_=1601858447838 HTTP/1.1" 200 22
101.85.228.253 - - [05/Oct/2020:08:37:15 +0800] "GET /xingrg/all/function/internal_message.html?_=1601858448215&CODE_STATE=getMsg HTTP/1.1" 200 27
180.162.245.190 - - [05/Oct/2020:08:37:19 +0800] "GET /xingrg/kc/buy/cgsh_order_operate.html?command=get_materiel&rest_code=00105&code=00101006195&supplier_code=00100013&order_time=2020-10-05 HTTP/1.1" 200 409
114.88.166.242 - - [05/Oct/2020:08:37:19 +0800] "GET /xingrg/kc/buy/cgsh_order_list.html HTTP/1.1" 200 44200
114.88.166.242 - - [05/Oct/2020:08:37:21 +0800] "POST /xingrg/kc/buy/cgsh_list_operate.html HTTP/1.1" 200 876
114.88.166.242 - - [05/Oct/2020:08:37:22 +0800] "GET /xingrg/kc/buy/cgsh_order_add.html HTTP/1.1" 200 59938
114.88.166.242 - - [05/Oct/2020:08:37:22 +0800] "GET /xingrg/words/20201004120139_words.js HTTP/1.1" 304 -
114.88.166.242 - - [05/Oct/2020:08:37:22 +0800] "GET /xingrg/all/common/auto_word.html?type=employee&rest_code=00111 HTTP/1.1" 200 205
114.88.166.242 - - [05/Oct/2020:08:37:22 +0800] "GET /xingrg/javascript/easyui/themes/default/validatebox.css HTTP/1.1" 404 1104
114.88.166.242 - - [05/Oct/2020:08:37:22 +0800] "GET /xingrg/all/common/auto_word.html?type=employee&rest_code=00111 HTTP/1.1" 200 205
114.88.166.242 - - [05/Oct/2020:08:37:23 +0800] "POST /xingrg/kc/buy/cgsh_order_operate.html HTTP/1.1" 200 8245
114.88.166.242 - - [05/Oct/2020:08:37:23 +0800] "GET /xingrg/javascript/auto/indicator.gif HTTP/1.1" 404 1066
114.88.166.242 - - [05/Oct/2020:08:37:24 +0800] "GET /xingrg/javascript/jquery_tools/images/prev.gif HTTP/1.1" 404 1086
114.88.166.242 - - [05/Oct/2020:08:37:24 +0800] "GET /xingrg/javascript/jquery_tools/images/next.gif HTTP/1.1" 404 1086
222.69.130.159 - - [05/Oct/2020:08:37:24 +0800] "GET /xingrg/kc/buy/cgsh_order_operate.html?command=get_materiel&rest_code=00154&code=00102010066&supplier_code=00100219&order_time=2020-10-01 HTTP/1.1" 200 412
114.88.166.242 - - [05/Oct/2020:08:37:28 +0800] "GET /xingrg/kc/buy/cgsh_order_operate.html?command=get_materiel&rest_code=00111&code=00101002027&supplier_code=00100199&order_time=2020-10-05 HTTP/1.1" 200 413
180.162.245.190 - - [05/Oct/2020:08:37:30 +0800] "GET /xingrg/all/function/internal_message.html?_=1601858248916&CODE_STATE=getMsg HTTP/1.1" 200 27
218.81.217.115 - - [05/Oct/2020:08:37:35 +0800] "GET /xingrg/check_reg.html?_=1601858256766 HTTP/1.1" 200 22
222.69.130.159 - - [05/Oct/2020:08:37:38 +0800] "POST /xingrg/kc/buy/cgsh_order_operate.html HTTP/1.1" 200 2065
180.162.245.190 - - [05/Oct/2020:08:37:42 +0800] "POST /xingrg/kc/buy/cgsh_order_operate.html HTTP/1.1" 200 37
180.162.245.190 - - [05/Oct/2020:08:37:43 +0800] "POST /xingrg/kc/buy/cgsh_order_operate.html HTTP/1.1" 200 8654
180.162.245.190 - - [05/Oct/2020:08:37:45 +0800] "GET /xingrg/kc/buy/cgsh_order_add.html HTTP/1.1" 200 59985
180.162.245.190 - - [05/Oct/2020:08:37:45 +0800] "POST /xingrg/kc/buy/cgsh_order_operate.html HTTP/1.1" 200 8245
180.162.245.190 - - [05/Oct/2020:08:37:45 +0800] "GET /xingrg/javascript/easyui/themes/default/validatebox.css HTTP/1.1" 404 1104
114.88.166.242 - - [05/Oct/2020:08:37:46 +0800] "GET /xingrg/kc/buy/cgsh_order_operate.html?command=get_materiel&rest_code=00111&code=00101002006&supplier_code=00100199&order_time=2020-10-05 HTTP/1.1" 200 414
120.253.135.82 - - [05/Oct/2020:08:37:50 +0800] "GET /xingrg/all/function/internal_message.html?_=1601858017328&CODE_STATE=getMsg HTTP/1.1" 200 27
114.88.166.242 - - [05/Oct/2020:08:37:51 +0800] "POST /xingrg/kc/buy/cgsh_order_operate.html HTTP/1.1" 200 37
114.88.166.242 - - [05/Oct/2020:08:37:52 +0800] "POST /xingrg/kc/buy/cgsh_order_operate.html HTTP/1.1" 200 4442
114.88.166.242 - - [05/Oct/2020:08:37:53 +0800] "GET /xingrg/kc/print/load_config.html?kc_code=cgsh HTTP/1.1" 200 1845
114.88.166.242 - - [05/Oct/2020:08:37:53 +0800] "GET /xingrg/kc/print/load_data.html?order_code=212020100501931&kc_code=cgsh&condition= HTTP/1.1" 200 1364
180.162.245.190 - - [05/Oct/2020:08:37:54 +0800] "GET /xingrg/kc/buy/cgsh_order_operate.html?command=get_materiel&rest_code=00105&code=00101008323&supplier_code=00100203&order_time=2020-10-05 HTTP/1.1" 200 408
116.238.71.30 - - [05/Oct/2020:08:37:56 +0800] "GET /xingrg/all/function/internal_message.html?_=1601858274391&CODE_STATE=getMsg HTTP/1.1" 200 27
180.174.56.115 - - [05/Oct/2020:08:37:58 +0800] "GET /xingrg/all/function/internal_message.html?_=1601858276967&CODE_STATE=getMsg HTTP/1.1" 200 27
58.40.7.146 - - [05/Oct/2020:08:37:59 +0800] "GET /xingrg/all/function/internal_message.html?_=1601858277356&CODE_STATE=getMsg HTTP/1.1" 200 27
218.81.217.115 - - [05/Oct/2020:08:37:59 +0800] "GET /xingrg/all/function/internal_message.html?_=1601858282896&CODE_STATE=getMsg HTTP/1.1" 200 27
117.185.32.26 - - [05/Oct/2020:08:37:59 +0800] "GET /xingrg/all/function/internal_message.html?_=1601858277771&CODE_STATE=getMsg HTTP/1.1" 200 27
218.81.217.115 - - [05/Oct/2020:08:38:06 +0800] "GET /xingrg/all/function/internal_message.html?_=1601858287467&CODE_STATE=getMsg HTTP/1.1" 200 27
58.37.8.227 - - [05/Oct/2020:08:38:10 +0800] "GET /xingrg/all/function/internal_message.html?_=1601858288983&CODE_STATE=getMsg HTTP/1.1" 200 27
114.88.166.242 - - [05/Oct/2020:08:38:12 +0800] "GET /xingrg/all/function/internal_message.html?_=1601858369712&CODE_STATE=getMsg HTTP/1.1" 200 27
101.85.228.253 - - [05/Oct/2020:08:38:15 +0800] "GET /xingrg/all/function/internal_message.html?_=1601858508229&CODE_STATE=getMsg HTTP/1.1" 200 27
218.81.217.115 - - [05/Oct/2020:08:38:28 +0800] "POST /xingrg/kc/buy/cgsh_list_operate.html HTTP/1.1" 200 5496
222.69.130.159 - - [05/Oct/2020:08:38:28 +0800] "GET /xingrg/kc/buy/cgsh_order_operate.html?command=get_materiel&rest_code=00154&code=00102010597&supplier_code=00100219&order_time=2020-10-01 HTTP/1.1" 200 420
180.162.245.190 - - [05/Oct/2020:08:38:30 +0800] "GET /xingrg/all/function/internal_message.html?_=1601858308906&CODE_STATE=getMsg HTTP/1.1" 200 27
58.37.8.227 - - [05/Oct/2020:08:38:36 +0800] "GET /xingrg/check_reg.html?_=1601858314802 HTTP/1.1" 200 22
120.253.135.82 - - [05/Oct/2020:08:38:50 +0800] "GET /xingrg/all/function/internal_message.html?_=1601858077548&CODE_STATE=getMsg HTTP/1.1" 200 27
