180.174.56.115 - - [05/Oct/2020:09:13:14 +0800] "GET /xingrg/kc/buy/cgsh_order_operate.html?command=get_materiel&rest_code=00151&code=00101008350&supplier_code=00100007&order_time=2020-10-05 HTTP/1.1" 200 408
180.174.56.115 - - [05/Oct/2020:09:13:15 +0800] "GET /xingrg/kc/buy/cgsh_order_operate.html?command=get_materiel&rest_code=00151&code=00101012059&supplier_code=00100036&order_time=2020-10-05 HTTP/1.1" 200 412
101.85.228.253 - - [05/Oct/2020:09:13:16 +0800] "GET /xingrg/all/function/internal_message.html?_=1601860609126&CODE_STATE=getMsg HTTP/1.1" 200 27
172.17.0.101 - - [05/Oct/2020:09:13:18 +0800] "POST /xingrg/kc/buy/cgsh_order_operate.html HTTP/1.1" 200 37
180.162.245.190 - - [05/Oct/2020:09:13:19 +0800] "POST /xingrg/kc/buy/cgsh_list_operate.html HTTP/1.1" 200 347
172.17.0.101 - - [05/Oct/2020:09:13:19 +0800] "POST /xingrg/kc/buy/cgsh_order_operate.html HTTP/1.1" 200 2656
180.174.56.115 - - [05/Oct/2020:09:13:22 +0800] "GET /xingrg/kc/buy/cgsh_order_operate.html?command=get_materiel&rest_code=00151&code=00101008302&supplier_code=00100007&order_time=2020-10-05 HTTP/1.1" 200 412
172.17.0.101 - - [05/Oct/2020:09:13:24 +0800] "GET /xingrg/kc/print/load_config.html?kc_code=cgsh HTTP/1.1" 200 1845
172.17.0.101 - - [05/Oct/2020:09:13:24 +0800] "GET /xingrg/kc/print/load_data.html?order_code=212020100501950&kc_code=cgsh&condition= HTTP/1.1" 200 661
180.162.245.190 - - [05/Oct/2020:09:13:26 +0800] "GET /xingrg/kc/buy/cgsh_order_info.html?code=212020100501948 HTTP/1.1" 200 59996
180.162.245.190 - - [05/Oct/2020:09:13:26 +0800] "GET /xingrg/words/20201004120139_words.js HTTP/1.1" 304 -
218.81.217.115 - - [05/Oct/2020:09:13:26 +0800] "GET /xingrg/all/function/internal_message.html?_=1601860408161&CODE_STATE=getMsg HTTP/1.1" 200 27
180.162.245.190 - - [05/Oct/2020:09:13:26 +0800] "GET /xingrg/all/common/auto_word.html?type=employee&rest_code=00105 HTTP/1.1" 200 193
180.162.245.190 - - [05/Oct/2020:09:13:26 +0800] "GET /xingrg/javascript/easyui/themes/default/validatebox.css HTTP/1.1" 404 1104
180.162.245.190 - - [05/Oct/2020:09:13:26 +0800] "GET /xingrg/all/common/auto_word.html?type=employee&rest_code=00105 HTTP/1.1" 200 193
180.157.253.48 - - [05/Oct/2020:09:13:27 +0800] "GET /xingrg/all/function/internal_message.html?_=1601860406609&CODE_STATE=getMsg HTTP/1.1" 200 27
180.174.56.115 - - [05/Oct/2020:09:13:28 +0800] "POST /xingrg/kc/buy/cgsh_order_operate.html HTTP/1.1" 200 37
180.162.245.190 - - [05/Oct/2020:09:13:28 +0800] "POST /xingrg/kc/buy/cgsh_order_operate.html HTTP/1.1" 200 3841
180.174.56.115 - - [05/Oct/2020:09:13:29 +0800] "GET /xingrg/kc/buy/cgsh_order_operate.html?command=get_materiel&rest_code=00151&code=00101008098&supplier_code=00100007&order_time=2020-10-05 HTTP/1.1" 200 412
180.162.245.190 - - [05/Oct/2020:09:13:30 +0800] "GET /xingrg/all/function/internal_message.html?_=1601860408921&CODE_STATE=getMsg HTTP/1.1" 200 27
172.17.0.101 - - [05/Oct/2020:09:13:32 +0800] "POST /xingrg/kc/buy/cgsh_order_operate.html HTTP/1.1" 200 37
58.37.8.227 - - [05/Oct/2020:09:13:36 +0800] "GET /xingrg/check_reg.html?_=1601860414685 HTTP/1.1" 200 22
180.162.245.190 - - [05/Oct/2020:09:13:36 +0800] "POST /xingrg/kc/buy/cgsh_list_operate.html HTTP/1.1" 200 569
218.81.217.115 - - [05/Oct/2020:09:13:37 +0800] "POST /xingrg/kc/buy/cgsh_order_operate.html HTTP/1.1" 200 37
172.17.0.101 - - [05/Oct/2020:09:13:37 +0800] "POST /xingrg/kc/buy/cgsh_order_operate.html HTTP/1.1" 200 12
180.162.245.190 - - [05/Oct/2020:09:13:38 +0800] "GET /xingrg/kc/buy/cgsh_order_info.html?code=212020100501939 HTTP/1.1" 200 59988
180.162.245.190 - - [05/Oct/2020:09:13:38 +0800] "GET /xingrg/javascript/easyui/themes/default/validatebox.css HTTP/1.1" 404 1104
180.174.56.115 - - [05/Oct/2020:09:13:38 +0800] "GET /xingrg/kc/buy/cgsh_order_operate.html?command=get_materiel&rest_code=00151&code=00101008312&supplier_code=00100007&order_time=2020-10-05 HTTP/1.1" 200 412
218.81.217.115 - - [05/Oct/2020:09:13:38 +0800] "POST /xingrg/kc/buy/cgsh_order_operate.html HTTP/1.1" 200 11552
172.17.0.101 - - [05/Oct/2020:09:13:38 +0800] "GET /xingrg/kc/buy/cgsh_order_info.html?code=212020100501950 HTTP/1.1" 200 54769
180.162.245.190 - - [05/Oct/2020:09:13:39 +0800] "POST /xingrg/kc/buy/cgsh_order_operate.html HTTP/1.1" 200 57057
172.17.0.101 - - [05/Oct/2020:09:13:39 +0800] "GET /xingrg/javascript/easyui/themes/default/validatebox.css HTTP/1.1" 404 1104
172.17.0.101 - - [05/Oct/2020:09:13:39 +0800] "POST /xingrg/kc/buy/cgsh_order_operate.html HTTP/1.1" 200 606
180.174.56.115 - - [05/Oct/2020:09:13:41 +0800] "POST /xingrg/kc/buy/cgsh_order_operate.html HTTP/1.1" 200 2065
180.174.56.115 - - [05/Oct/2020:09:13:42 +0800] "POST /xingrg/kc/buy/cgsh_order_operate.html HTTP/1.1" 200 12
222.69.133.81 - - [05/Oct/2020:09:13:42 +0800] "GET /xingrg/all/function/internal_message.html?_=1601860421063&CODE_STATE=getMsg HTTP/1.1" 200 27
116.233.75.127 - - [05/Oct/2020:09:13:43 +0800] "GET /xingrg/all/function/internal_message.html?_=1601860448515&CODE_STATE=getMsg HTTP/1.1" 200 27
218.81.217.115 - - [05/Oct/2020:09:13:44 +0800] "GET /xingrg/login.html HTTP/1.1" 200 7641
180.174.56.115 - - [05/Oct/2020:09:13:44 +0800] "GET /xingrg/kc/buy/cgsh_order_info.html?code=212020100501951 HTTP/1.1" 200 54501
180.174.56.115 - - [05/Oct/2020:09:13:44 +0800] "GET /xingrg/javascript/easyui/themes/default/validatebox.css HTTP/1.1" 404 1104
218.81.217.115 - - [05/Oct/2020:09:13:44 +0800] "GET /favicon.ico HTTP/1.1" 404 -
180.174.56.115 - - [05/Oct/2020:09:13:45 +0800] "POST /xingrg/kc/buy/cgsh_order_operate.html HTTP/1.1" 200 1199
180.174.56.115 - - [05/Oct/2020:09:13:47 +0800] "GET /xingrg/kc/print/load_data.html?order_code=212020100501951&kc_code=cgsh&condition= HTTP/1.1" 200 1024
172.17.0.123 - - [05/Oct/2020:09:13:47 +0800] "GET /xingrg/all/function/internal_message.html?_=1601860408032&CODE_STATE=getMsg HTTP/1.1" 200 27
180.174.56.115 - - [05/Oct/2020:09:13:48 +0800] "GET /xingrg/kc/buy/cgsh_order_operate.html?command=get_materiel&rest_code=00151&code=00101008033&supplier_code=00100007&order_time=2020-10-05 HTTP/1.1" 200 408
180.174.56.115 - - [05/Oct/2020:09:13:49 +0800] "GET /xingrg/all/function/internal_message.html?_=1601860402629&CODE_STATE=getMsg HTTP/1.1" 200 27
218.81.217.115 - - [05/Oct/2020:09:13:50 +0800] "POST /xingrg/login.do HTTP/1.1" 302 -
218.81.217.115 - - [05/Oct/2020:09:13:50 +0800] "GET /xingrg/javascript/jquery_easy_ui/themes/default/easyui.css HTTP/1.1" 304 -
218.81.217.115 - - [05/Oct/2020:09:13:50 +0800] "GET /xingrg/css/form.css HTTP/1.1" 304 -
218.81.217.115 - - [05/Oct/2020:09:13:50 +0800] "GET /xingrg/javascript/jquery_easy_ui/themes/icon.css HTTP/1.1" 304 -
218.81.217.115 - - [05/Oct/2020:09:13:50 +0800] "GET /xingrg/javascript/jquery_easy_ui/jquery.easyui.min.js HTTP/1.1" 304 -
218.81.217.115 - - [05/Oct/2020:09:13:50 +0800] "GET /xingrg/javascript/jquery-1.4.2.min.js HTTP/1.1" 304 -
218.81.217.115 - - [05/Oct/2020:09:13:50 +0800] "GET /xingrg/javascript/jquery.form.js HTTP/1.1" 304 -
218.81.217.115 - - [05/Oct/2020:09:13:50 +0800] "GET /xingrg/javascript/jquery_easy_ui/easyui-lang-zh_CN.js HTTP/1.1" 304 -
218.81.217.115 - - [05/Oct/2020:09:13:50 +0800] "GET /xingrg/index.html?sysBaseUrl=http%3A%2F%2F180.169.147.146%3A18081%2Fxingrg%2F&costTime=56×tamp=1601860430671 HTTP/1.1" 200 17179
218.81.217.115 - - [05/Oct/2020:09:13:50 +0800] "GET /xingrg/javascript/jquery.utils.js HTTP/1.1" 304 -
218.81.217.115 - - [05/Oct/2020:09:13:50 +0800] "GET /xingrg/javascript/jquery.timers.js HTTP/1.1" 304 -
218.81.217.115 - - [05/Oct/2020:09:13:50 +0800] "POST /xingrg/all/common/load_tree.html?tree=area_rest_tree_json&manage=1 HTTP/1.1" 200 351
218.81.217.115 - - [05/Oct/2020:09:13:50 +0800] "GET /xingrg/check_reg.html?_=1601860432406 HTTP/1.1" 200 22
218.81.217.115 - - [05/Oct/2020:09:13:50 +0800] "GET /xingrg/all/function/internal_message.html?_=1601860432405&CODE_STATE=count HTTP/1.1" 200 11
218.81.217.115 - - [05/Oct/2020:09:13:50 +0800] "GET /favicon.ico HTTP/1.1" 404 -
218.81.217.115 - - [05/Oct/2020:09:13:50 +0800] "POST /xingrg/load_menu.html HTTP/1.1" 200 5138
218.81.217.115 - - [05/Oct/2020:09:13:54 +0800] "GET /xingrg/kc/buy/buy_main.html HTTP/1.1" 200 12412
218.81.217.115 - - [05/Oct/2020:09:13:54 +0800] "GET /xingrg/css/new_ie.css HTTP/1.1" 404 1036
218.81.217.115 - - [05/Oct/2020:09:13:54 +0800] "GET /xingrg/css/blue.css HTTP/1.1" 304 -
218.81.217.115 - - [05/Oct/2020:09:13:54 +0800] "GET /xingrg/javascript/jquery_ui/themes/humanity/humanity.css HTTP/1.1" 304 -
218.81.217.115 - - [05/Oct/2020:09:13:54 +0800] "GET /xingrg/javascript/pic_change.js HTTP/1.1" 304 -
218.81.217.115 - - [05/Oct/2020:09:13:54 +0800] "GET /xingrg/javascript/ToolTips.js HTTP/1.1" 304 -
218.81.217.115 - - [05/Oct/2020:09:13:54 +0800] "GET /xingrg/javascript/myfunction.js HTTP/1.1" 304 -
180.174.56.115 - - [05/Oct/2020:09:13:54 +0800] "GET /xingrg/kc/buy/cgsh_order_add.html HTTP/1.1" 200 59592
218.81.217.115 - - [05/Oct/2020:09:13:54 +0800] "GET /xingrg/javascript/jquery_ui/jquery-ui.min.js HTTP/1.1" 304 -
172.17.0.101 - - [05/Oct/2020:09:13:55 +0800] "GET /xingrg/all/function/internal_message.html?_=1601860431786&CODE_STATE=getMsg HTTP/1.1" 200 27
172.17.0.101 - - [05/Oct/2020:09:13:55 +0800] "GET /xingrg/check_reg.html?_=1601860431789 HTTP/1.1" 200 22
180.174.56.115 - - [05/Oct/2020:09:13:55 +0800] "POST /xingrg/kc/buy/cgsh_order_operate.html HTTP/1.1" 200 8245
218.81.217.115 - - [05/Oct/2020:09:13:55 +0800] "GET /xingrg/images/yd/bt.gif HTTP/1.1" 404 1040
180.174.56.115 - - [05/Oct/2020:09:13:55 +0800] "GET /xingrg/javascript/easyui/themes/default/validatebox.css HTTP/1.1" 404 1104
218.81.217.115 - - [05/Oct/2020:09:13:56 +0800] "GET /xingrg/css/base.css HTTP/1.1" 304 -
218.81.217.115 - - [05/Oct/2020:09:13:56 +0800] "GET /xingrg/css/site.css HTTP/1.1" 304 -
218.81.217.115 - - [05/Oct/2020:09:13:56 +0800] "GET /xingrg/javascript/jquery_tools/datebox.css HTTP/1.1" 304 -
218.81.217.115 - - [05/Oct/2020:09:13:56 +0800] "GET /xingrg/javascript/easyui/themes/default/easyui.css HTTP/1.1" 304 -
218.81.217.115 - - [05/Oct/2020:09:13:56 +0800] "GET /xingrg/javascript/easyui/themes/icon.css HTTP/1.1" 304 -
218.81.217.115 - - [05/Oct/2020:09:13:56 +0800] "GET /xingrg/javascript/auto/jquery.autocomplete.css HTTP/1.1" 304 -
218.81.217.115 - - [05/Oct/2020:09:13:56 +0800] "GET /xingrg/javascript/jquery_tools/fix.css HTTP/1.1" 304 -
218.81.217.115 - - [05/Oct/2020:09:13:56 +0800] "GET /xingrg/javascript/jquery_tools/table.css HTTP/1.1" 304 -
218.81.217.115 - - [05/Oct/2020:09:13:56 +0800] "GET /xingrg/javascript/jquery_tools/jquery.tools.min.js HTTP/1.1" 304 -
218.81.217.115 - - [05/Oct/2020:09:13:56 +0800] "GET /xingrg/javascript/jquery_tools/jquery.tools.extend.js HTTP/1.1" 304 -
218.81.217.115 - - [05/Oct/2020:09:13:56 +0800] "GET /xingrg/kc/buy/cgsh_order_list.html HTTP/1.1" 200 44206
218.81.217.115 - - [05/Oct/2020:09:13:56 +0800] "GET /xingrg/javascript/jquery_tools/jquery.tools.hotkey.js HTTP/1.1" 304 -
218.81.217.115 - - [05/Oct/2020:09:13:56 +0800] "GET /xingrg/javascript/jquery_tools/jquery.tools.table.js HTTP/1.1" 304 -
218.81.217.115 - - [05/Oct/2020:09:13:56 +0800] "GET /xingrg/javascript/jquery_tools/list_manager.js HTTP/1.1" 304 -
218.81.217.115 - - [05/Oct/2020:09:13:56 +0800] "GET /xingrg/javascript/auto/jquery.autocomplete.js HTTP/1.1" 304 -
218.81.217.115 - - [05/Oct/2020:09:13:56 +0800] "GET /xingrg/javascript/easyui/easyloader.js HTTP/1.1" 304 -
218.81.217.115 - - [05/Oct/2020:09:13:56 +0800] "GET /xingrg/javascript/jquery.cookie.js HTTP/1.1" 304 -
218.81.217.115 - - [05/Oct/2020:09:13:56 +0800] "GET /xingrg/javascript/print/LodopFuncs.js HTTP/1.1" 304 -
218.81.217.115 - - [05/Oct/2020:09:13:56 +0800] "GET /xingrg/javascript/easyui/plugins/jquery.parser.js HTTP/1.1" 304 -
116.238.71.30 - - [05/Oct/2020:09:13:56 +0800] "GET /xingrg/all/function/internal_message.html?_=1601860434414&CODE_STATE=getMsg HTTP/1.1" 200 27
116.238.71.30 - - [05/Oct/2020:09:13:56 +0800] "GET /xingrg/check_reg.html?_=1601860434416 HTTP/1.1" 200 22
218.81.217.115 - - [05/Oct/2020:09:13:57 +0800] "POST /xingrg/kc/buy/cgsh_list_operate.html HTTP/1.1" 200 2408
180.174.56.115 - - [05/Oct/2020:09:13:59 +0800] "GET /xingrg/kc/buy/cgsh_order_operate.html?command=get_materiel&rest_code=00151&code=00101016030&supplier_code=00100007&order_time=2020-10-05 HTTP/1.1" 200 412
58.40.7.146 - - [05/Oct/2020:09:13:59 +0800] "GET /xingrg/all/function/internal_message.html?_=1601860437385&CODE_STATE=getMsg HTTP/1.1" 200 27
117.185.32.26 - - [05/Oct/2020:09:13:59 +0800] "GET /xingrg/all/function/internal_message.html?_=1601860437802&CODE_STATE=getMsg HTTP/1.1" 200 27
218.81.217.115 - - [05/Oct/2020:09:14:00 +0800] "GET /xingrg/all/function/internal_message.html?_=1601860443433&CODE_STATE=getMsg HTTP/1.1" 200 27
218.81.217.115 - - [05/Oct/2020:09:14:00 +0800] "POST /xingrg/kc/buy/cgsh_list_operate.html HTTP/1.1" 200 563
218.81.217.115 - - [05/Oct/2020:09:14:00 +0800] "GET /xingrg/kc/buy/cgsh_order_info.html?code=212020100501934 HTTP/1.1" 200 59953
218.81.217.115 - - [05/Oct/2020:09:14:00 +0800] "GET /xingrg/javascript/jquery_tools/order_manager.js HTTP/1.1" 304 -
218.81.217.115 - - [05/Oct/2020:09:14:00 +0800] "GET /xingrg/javascript/json2.js HTTP/1.1" 304 -
218.81.217.115 - - [05/Oct/2020:09:14:00 +0800] "GET /xingrg/javascript/print/kc_print.js HTTP/1.1" 304 -
218.81.217.115 - - [05/Oct/2020:09:14:00 +0800] "GET /xingrg/javascript/convert.js HTTP/1.1" 304 -
218.81.217.115 - - [05/Oct/2020:09:14:01 +0800] "GET /xingrg/words/20201004120139_words.js HTTP/1.1" 304 -
218.81.217.115 - - [05/Oct/2020:09:14:01 +0800] "GET /xingrg/all/common/auto_word.html?type=employee&rest_code=00146 HTTP/1.1" 200 197
218.81.217.115 - - [05/Oct/2020:09:14:01 +0800] "GET /xingrg/all/common/auto_word.html?type=employee&rest_code=00146 HTTP/1.1" 200 197
218.81.217.115 - - [05/Oct/2020:09:14:01 +0800] "GET /xingrg/javascript/easyui/themes/default/validatebox.css HTTP/1.1" 404 1104
218.81.217.115 - - [05/Oct/2020:09:14:01 +0800] "GET /xingrg/javascript/easyui/plugins/jquery.validatebox.js HTTP/1.1" 304 -
218.81.217.115 - - [05/Oct/2020:09:14:01 +0800] "GET /xingrg/javascript/easyui/plugins/jquery.numberbox.js HTTP/1.1" 304 -
218.81.217.115 - - [05/Oct/2020:09:14:01 +0800] "POST /xingrg/kc/buy/cgsh_order_operate.html HTTP/1.1" 200 11552
124.77.70.31 - - [05/Oct/2020:09:14:03 +0800] "GET /xingrg/all/report/report_query.html?isQuery=1&fileName=kc/buy/wlcg_cate_hz.xml&queryString=(CONVERT(char(10)%2Ca.order_time%2C%20120)%3E%3D'2020-09-01')%20and%20(CONVERT(char(10)%2Ca.order_time%2C%20120)%3C%3D'2020-09-30')%20and%20(a.supplier_code%3D'00100331')%20and%20(a.big_sort%3D'00101')&queryText=%E3%80%90%E9%87%87%E8%B4%AD%E6%97%A5%E6%9C%9F%3A2020-09-01%20%E8%87%B3%202020-09-30%E3%80%91%20%E5%B9%B6%E4%B8%94%20%E3%80%90%E4%BE%9B%E5%BA%94%E5%95%86%3D%E5%8E%A8%E6%96%B0%E9%A3%9F%E6%9D%90%EF%BC%88%E8%B0%A2%E8%90%8D%EF%BC%89%E3%80%91%E5%B9%B6%E4%B8%94%E3%80%90%E7%B1%BB%E5%88%AB%E5%90%8D%E7%A7%B0%20%3D%20%E6%88%90%E6%9C%AC%E7%B1%BB%E3%80%91&rand=0.44568104832214267 HTTP/1.1" 200 54438
124.77.70.31 - - [05/Oct/2020:09:14:03 +0800] "GET /xingrg/all/report/report_query.html?isQuery=1&fileName=kc/buy/wlcg_cate_hz.xml&queryString=(CONVERT(char(10)%2Ca.order_time%2C%20120)%3E%3D'2020-09-01')%20and%20(CONVERT(char(10)%2Ca.order_time%2C%20120)%3C%3D'2020-09-30')%20and%20(a.supplier_code%3D'00100331')%20and%20(a.big_sort%3D'00101')&queryText=%E3%80%90%E9%87%87%E8%B4%AD%E6%97%A5%E6%9C%9F%3A2020-09-01%20%E8%87%B3%202020-09-30%E3%80%91%20%E5%B9%B6%E4%B8%94%20%E3%80%90%E4%BE%9B%E5%BA%94%E5%95%86%3D%E5%8E%A8%E6%96%B0%E9%A3%9F%E6%9D%90%EF%BC%88%E8%B0%A2%E8%90%8D%EF%BC%89%E3%80%91%E5%B9%B6%E4%B8%94%E3%80%90%E7%B1%BB%E5%88%AB%E5%90%8D%E7%A7%B0%20%3D%20%E6%88%90%E6%9C%AC%E7%B1%BB%E3%80%91&rand=0.44568104832214267 HTTP/1.1" 200 54438
180.174.56.115 - - [05/Oct/2020:09:14:04 +0800] "GET /xingrg/kc/buy/cgsh_order_operate.html?command=get_materiel&rest_code=00151&code=00101001075&supplier_code=00100040&order_time=2020-10-05 HTTP/1.1" 200 409
124.77.70.31 - - [05/Oct/2020:09:14:04 +0800] "GET /xingrg/dwr/interface/AjaxReportQueryService.js HTTP/1.1" 200 13203
124.77.70.31 - - [05/Oct/2020:09:14:04 +0800] "GET /xingrg/dwr/engine.js HTTP/1.1" 200 43631
180.162.245.190 - - [05/Oct/2020:09:14:05 +0800] "GET /xingrg/all/function/internal_message.html?_=1601860427115&CODE_STATE=getMsg HTTP/1.1" 200 27
180.174.56.115 - - [05/Oct/2020:09:14:06 +0800] "GET /xingrg/all/function/internal_message.html?_=1601860445181&CODE_STATE=getMsg HTTP/1.1" 200 27
180.174.56.115 - - [05/Oct/2020:09:14:06 +0800] "GET /xingrg/check_reg.html?_=1601860445177 HTTP/1.1" 200 22
218.81.217.115 - - [05/Oct/2020:09:14:07 +0800] "GET /xingrg/javascript/auto/indicator.gif HTTP/1.1" 404 1066
180.174.56.115 - - [05/Oct/2020:09:14:07 +0800] "GET /xingrg/kc/buy/cgsh_order_operate.html?command=get_materiel&rest_code=00151&code=00101015053&supplier_code=00100007&order_time=2020-10-05 HTTP/1.1" 200 413
124.77.70.31 - - [05/Oct/2020:09:14:07 +0800] "POST /xingrg/all/report/load_report_page.html HTTP/1.1" 200 8709
124.77.70.31 - - [05/Oct/2020:09:14:07 +0800] "GET /xingrg/servlets/image?cache=0.8683611829026314&image=px HTTP/1.1" 200 807
58.37.8.227 - - [05/Oct/2020:09:14:09 +0800] "GET /xingrg/all/function/internal_message.html?_=1601860448150&CODE_STATE=getMsg HTTP/1.1" 200 27
218.81.217.115 - - [05/Oct/2020:09:14:10 +0800] "GET /xingrg/kc/buy/cgsh_order_operate.html?command=get_materiel&rest_code=00146&code=00101008126&supplier_code=00100005&order_time=2020-10-05 HTTP/1.1" 200 412
124.77.70.31 - - [05/Oct/2020:09:14:11 +0800] "POST /xingrg/all/report/load_report_page.html HTTP/1.1" 200 13034
124.77.70.31 - - [05/Oct/2020:09:14:11 +0800] "GET /xingrg/servlets/image?cache=0.41958111003728404&image=px HTTP/1.1" 200 807
114.88.166.242 - - [05/Oct/2020:09:14:12 +0800] "GET /xingrg/all/function/internal_message.html?_=1601860529735&CODE_STATE=getMsg HTTP/1.1" 200 27
180.174.56.115 - - [05/Oct/2020:09:14:14 +0800] "GET /xingrg/kc/buy/cgsh_order_operate.html?command=get_materiel&rest_code=00151&code=00101008357&supplier_code=00100007&order_time=2020-10-05 HTTP/1.1" 200 408
124.77.70.31 - - [05/Oct/2020:09:14:14 +0800] "GET /xingrg/check_reg.html?_=1601860451576 HTTP/1.1" 200 22
124.77.70.31 - - [05/Oct/2020:09:14:14 +0800] "GET /xingrg/all/function/internal_message.html?_=1601860451547&CODE_STATE=getMsg HTTP/1.1" 200 27
124.77.70.31 - - [05/Oct/2020:09:14:15 +0800] "POST /xingrg/all/report/report_print.html HTTP/1.1" 200 5632
101.85.228.253 - - [05/Oct/2020:09:14:16 +0800] "GET /xingrg/all/function/internal_message.html?_=1601860669138&CODE_STATE=getMsg HTTP/1.1" 200 27
218.81.217.115 - - [05/Oct/2020:09:14:21 +0800] "GET /xingrg/kc/buy/cgsh_order_operate.html?command=get_materiel&rest_code=00146&code=00101008361&supplier_code=00100005&order_time=2020-10-05 HTTP/1.1" 200 408
180.174.56.115 - - [05/Oct/2020:09:14:21 +0800] "GET /xingrg/kc/buy/cgsh_order_operate.html?command=get_materiel&rest_code=00151&code=00101008131&supplier_code=00100007&order_time=2020-10-05 HTTP/1.1" 200 409
183.192.164.214 - - [05/Oct/2020:09:14:21 +0800] "GET /xingrg/all/function/internal_message.html?_=1601860137803&CODE_STATE=getMsg HTTP/1.1" 302 -
180.174.56.115 - - [05/Oct/2020:09:14:25 +0800] "POST /xingrg/kc/buy/cgsh_order_operate.html HTTP/1.1" 200 2065
222.69.133.81 - - [05/Oct/2020:09:14:26 +0800] "GET /xingrg/kc/buy/cgsh_order_add.html HTTP/1.1" 200 59991
222.69.133.81 - - [05/Oct/2020:09:14:27 +0800] "POST /xingrg/kc/buy/cgsh_order_operate.html HTTP/1.1" 200 8245
222.69.133.81 - - [05/Oct/2020:09:14:27 +0800] "GET /xingrg/javascript/easyui/themes/default/validatebox.css HTTP/1.1" 404 1104
180.157.253.48 - - [05/Oct/2020:09:14:27 +0800] "GET /xingrg/all/function/internal_message.html?_=1601860466624&CODE_STATE=getMsg HTTP/1.1" 200 27
218.81.217.115 - - [05/Oct/2020:09:14:29 +0800] "GET /xingrg/kc/buy/cgsh_order_operate.html?command=get_materiel&rest_code=00146&code=00101008356&supplier_code=00100005&order_time=2020-10-05 HTTP/1.1" 200 408
180.174.56.115 - - [05/Oct/2020:09:14:30 +0800] "GET /xingrg/kc/buy/cgsh_order_operate.html?command=get_materiel&rest_code=00151&code=00101015046&supplier_code=00100007&order_time=2020-10-05 HTTP/1.1" 200 413
180.162.245.190 - - [05/Oct/2020:09:14:30 +0800] "GET /xingrg/all/function/internal_message.html?_=1601860468924&CODE_STATE=getMsg HTTP/1.1" 200 27
180.162.245.190 - - [05/Oct/2020:09:14:30 +0800] "GET /xingrg/check_reg.html?_=1601860468943 HTTP/1.1" 200 22
183.192.164.214 - - [05/Oct/2020:09:14:30 +0800] "GET /xingrg/login.html HTTP/1.1" 200 7641
180.174.56.115 - - [05/Oct/2020:09:14:31 +0800] "GET /xingrg/kc/buy/cgsh_order_operate.html?command=get_materiel&rest_code=00151&code=00101001002&supplier_code=00100040&order_time=2020-10-05 HTTP/1.1" 200 413
218.81.217.115 - - [05/Oct/2020:09:14:36 +0800] "GET /xingrg/kc/buy/cgsh_order_operate.html?command=get_materiel&rest_code=00146&code=00101008212&supplier_code=00100005&order_time=2020-10-05 HTTP/1.1" 200 412
180.174.56.115 - - [05/Oct/2020:09:14:36 +0800] "GET /xingrg/kc/buy/cgsh_order_operate.html?command=get_materiel&rest_code=00151&code=00101008069&supplier_code=00100007&order_time=2020-10-05 HTTP/1.1" 200 412
218.81.217.115 - - [05/Oct/2020:09:14:38 +0800] "POST /xingrg/kc/buy/cgsh_order_operate.html HTTP/1.1" 200 2065
58.40.7.146 - - [05/Oct/2020:09:14:42 +0800] "GET /xingrg/check_reg.html?_=1601860480575 HTTP/1.1" 302 -
222.69.133.81 - - [05/Oct/2020:09:14:42 +0800] "GET /xingrg/all/function/internal_message.html?_=1601860481074&CODE_STATE=getMsg HTTP/1.1" 200 27
116.233.75.127 - - [05/Oct/2020:09:14:43 +0800] "GET /xingrg/all/function/internal_message.html?_=1601860508515&CODE_STATE=getMsg HTTP/1.1" 200 27
218.81.217.115 - - [05/Oct/2020:09:14:43 +0800] "GET /xingrg/kc/buy/cgsh_order_operate.html?command=get_materiel&rest_code=00146&code=00101008196&supplier_code=00100005&order_time=2020-10-05 HTTP/1.1" 200 416
180.174.56.115 - - [05/Oct/2020:09:14:44 +0800] "GET /xingrg/kc/buy/cgsh_order_operate.html?command=get_materiel&rest_code=00151&code=00101008362&supplier_code=00100007&order_time=2020-10-05 HTTP/1.1" 200 408
172.17.0.123 - - [05/Oct/2020:09:14:47 +0800] "GET /xingrg/check_reg.html?_=1601860468019 HTTP/1.1" 200 22
172.17.0.123 - - [05/Oct/2020:09:14:47 +0800] "GET /xingrg/all/function/internal_message.html?_=1601860468021&CODE_STATE=getMsg HTTP/1.1" 200 27
180.174.56.115 - - [05/Oct/2020:09:14:49 +0800] "GET /xingrg/check_reg.html?_=1601860462614 HTTP/1.1" 200 22
180.174.56.115 - - [05/Oct/2020:09:14:49 +0800] "GET /xingrg/all/function/internal_message.html?_=1601860462642&CODE_STATE=getMsg HTTP/1.1" 200 27
180.174.56.115 - - [05/Oct/2020:09:14:50 +0800] "POST /xingrg/kc/buy/cgsh_order_operate.html HTTP/1.1" 200 37
218.81.217.115 - - [05/Oct/2020:09:14:50 +0800] "GET /xingrg/all/function/internal_message.html?_=1601860492416&CODE_STATE=getMsg HTTP/1.1" 200 27
180.174.56.115 - - [05/Oct/2020:09:14:51 +0800] "GET /xingrg/kc/buy/cgsh_order_operate.html?command=get_materiel&rest_code=00151&code=00101016025&supplier_code=00100007&order_time=2020-10-05 HTTP/1.1" 200 408
218.81.217.115 - - [05/Oct/2020:09:14:51 +0800] "GET /xingrg/kc/buy/cgsh_order_operate.html?command=get_materiel&rest_code=00146&code=00101008357&supplier_code=00100005&order_time=2020-10-05 HTTP/1.1" 200 408
180.174.56.115 - - [05/Oct/2020:09:14:53 +0800] "POST /xingrg/kc/buy/cgsh_order_operate.html HTTP/1.1" 200 12
180.174.56.115 - - [05/Oct/2020:09:14:53 +0800] "GET /xingrg/kc/buy/cgsh_order_info.html?code=212020100501952 HTTP/1.1" 200 54499
180.174.56.115 - - [05/Oct/2020:09:14:54 +0800] "GET /xingrg/javascript/easyui/themes/default/validatebox.css HTTP/1.1" 404 1104
180.174.56.115 - - [05/Oct/2020:09:14:54 +0800] "POST /xingrg/kc/buy/cgsh_order_operate.html HTTP/1.1" 200 1809
172.17.0.101 - - [05/Oct/2020:09:14:55 +0800] "GET /xingrg/all/function/internal_message.html?_=1601860491773&CODE_STATE=getMsg HTTP/1.1" 200 27
116.238.71.30 - - [05/Oct/2020:09:14:56 +0800] "GET /xingrg/all/function/internal_message.html?_=1601860494418&CODE_STATE=getMsg HTTP/1.1" 200 27
180.174.56.115 - - [05/Oct/2020:09:14:56 +0800] "GET /xingrg/kc/print/load_data.html?order_code=212020100501952&kc_code=cgsh&condition= HTTP/1.1" 200 1277
124.77.70.31 - - [05/Oct/2020:09:14:56 +0800] "GET /xingrg/all/report/report_query.html?isQuery=1&fileName=kc/buy/wlcg_cate_hz.xml&queryString=(CONVERT(char(10)%2Ca.order_time%2C%20120)%3E%3D'2020-09-01')%20and%20(CONVERT(char(10)%2Ca.order_time%2C%20120)%3C%3D'2020-09-30')%20and%20(a.supplier_code%3D'00100411')%20and%20(a.big_sort%3D'00101')&queryText=%E3%80%90%E9%87%87%E8%B4%AD%E6%97%A5%E6%9C%9F%3A2020-09-01%20%E8%87%B3%202020-09-30%E3%80%91%20%E5%B9%B6%E4%B8%94%20%E3%80%90%E4%BE%9B%E5%BA%94%E5%95%86%3D%E4%BD%AC%E5%B9%BF%E9%A3%9F%E5%93%81%E6%9C%89%E9%99%90%E5%85%AC%E5%8F%B8%E3%80%91%E5%B9%B6%E4%B8%94%E3%80%90%E7%B1%BB%E5%88%AB%E5%90%8D%E7%A7%B0%20%3D%20%E6%88%90%E6%9C%AC%E7%B1%BB%E3%80%91&rand=0.8858974457349639 HTTP/1.1" 200 54438
124.77.70.31 - - [05/Oct/2020:09:14:56 +0800] "GET /xingrg/all/report/report_query.html?isQuery=1&fileName=kc/buy/wlcg_cate_hz.xml&queryString=(CONVERT(char(10)%2Ca.order_time%2C%20120)%3E%3D'2020-09-01')%20and%20(CONVERT(char(10)%2Ca.order_time%2C%20120)%3C%3D'2020-09-30')%20and%20(a.supplier_code%3D'00100411')%20and%20(a.big_sort%3D'00101')&queryText=%E3%80%90%E9%87%87%E8%B4%AD%E6%97%A5%E6%9C%9F%3A2020-09-01%20%E8%87%B3%202020-09-30%E3%80%91%20%E5%B9%B6%E4%B8%94%20%E3%80%90%E4%BE%9B%E5%BA%94%E5%95%86%3D%E4%BD%AC%E5%B9%BF%E9%A3%9F%E5%93%81%E6%9C%89%E9%99%90%E5%85%AC%E5%8F%B8%E3%80%91%E5%B9%B6%E4%B8%94%E3%80%90%E7%B1%BB%E5%88%AB%E5%90%8D%E7%A7%B0%20%3D%20%E6%88%90%E6%9C%AC%E7%B1%BB%E3%80%91&rand=0.8858974457349639 HTTP/1.1" 200 54438
124.77.70.31 - - [05/Oct/2020:09:14:57 +0800] "GET /xingrg/dwr/interface/AjaxReportQueryService.js HTTP/1.1" 200 13203
124.77.70.31 - - [05/Oct/2020:09:14:57 +0800] "GET /xingrg/dwr/engine.js HTTP/1.1" 200 43631
58.40.7.146 - - [05/Oct/2020:09:14:59 +0800] "GET /xingrg/all/function/internal_message.html?_=1601860497371&CODE_STATE=getMsg HTTP/1.1" 200 27
218.81.217.115 - - [05/Oct/2020:09:14:59 +0800] "GET /xingrg/check_reg.html?_=1601860502936 HTTP/1.1" 200 22
218.81.217.115 - - [05/Oct/2020:09:14:59 +0800] "GET /xingrg/kc/buy/cgsh_order_operate.html?command=get_materiel&rest_code=00146&code=00101008036&supplier_code=00100005&order_time=2020-10-05 HTTP/1.1" 200 408
124.77.70.31 - - [05/Oct/2020:09:14:59 +0800] "POST /xingrg/all/report/load_report_page.html HTTP/1.1" 200 8717
124.77.70.31 - - [05/Oct/2020:09:14:59 +0800] "GET /xingrg/servlets/image?cache=0.15631799689909442&image=px HTTP/1.1" 200 807
117.185.32.26 - - [05/Oct/2020:09:14:59 +0800] "GET /xingrg/check_reg.html?_=1601860497788 HTTP/1.1" 200 22
117.185.32.26 - - [05/Oct/2020:09:14:59 +0800] "GET /xingrg/all/function/internal_message.html?_=1601860497791&CODE_STATE=getMsg HTTP/1.1" 200 27
218.81.217.115 - - [05/Oct/2020:09:15:00 +0800] "GET /xingrg/all/function/internal_message.html?_=1601860503447&CODE_STATE=getMsg HTTP/1.1" 200 27
180.174.56.115 - - [05/Oct/2020:09:15:00 +0800] "GET /xingrg/kc/buy/cgsh_order_operate.html?command=get_materiel&rest_code=00151&code=00101008137&supplier_code=00100007&order_time=2020-10-05 HTTP/1.1" 200 408
172.17.200.101 - - [05/Oct/2020:09:15:00 +0800] "GET /favicon.ico HTTP/1.1" 404 -
124.77.70.31 - - [05/Oct/2020:09:15:03 +0800] "POST /xingrg/all/report/load_report_page.html HTTP/1.1" 200 13019
124.77.70.31 - - [05/Oct/2020:09:15:03 +0800] "GET /xingrg/servlets/image?cache=0.6469944041825296&image=px HTTP/1.1" 200 807
180.174.56.115 - - [05/Oct/2020:09:15:03 +0800] "POST /xingrg/kc/buy/cgsh_order_operate.html HTTP/1.1" 200 2065
180.162.245.190 - - [05/Oct/2020:09:15:05 +0800] "GET /xingrg/all/function/internal_message.html?_=1601860487107&CODE_STATE=getMsg HTTP/1.1" 200 27
218.81.217.115 - - [05/Oct/2020:09:15:06 +0800] "GET /xingrg/kc/buy/cgsh_order_operate.html?command=get_materiel&rest_code=00146&code=00101008006&supplier_code=00100005&order_time=2020-10-05 HTTP/1.1" 200 416
180.174.56.115 - - [05/Oct/2020:09:15:06 +0800] "GET /xingrg/all/function/internal_message.html?_=1601860505253&CODE_STATE=getMsg HTTP/1.1" 200 27
124.77.70.31 - - [05/Oct/2020:09:15:08 +0800] "POST /xingrg/all/report/report_print.html HTTP/1.1" 200 5632
180.174.56.115 - - [05/Oct/2020:09:15:09 +0800] "GET /xingrg/kc/buy/cgsh_order_operate.html?command=get_materiel&rest_code=00151&code=00101008096&supplier_code=00100007&order_time=2020-10-05 HTTP/1.1" 200 412
58.37.8.227 - - [05/Oct/2020:09:15:09 +0800] "GET /xingrg/all/function/internal_message.html?_=1601860508158&CODE_STATE=getMsg HTTP/1.1" 200 27
180.162.245.190 - - [05/Oct/2020:09:15:09 +0800] "POST /xingrg/kc/buy/cgsh_list_operate.html HTTP/1.1" 200 2769
114.88.166.242 - - [05/Oct/2020:09:15:12 +0800] "GET /xingrg/all/function/internal_message.html?_=1601860589733&CODE_STATE=getMsg HTTP/1.1" 200 27
124.77.70.31 - - [05/Oct/2020:09:15:14 +0800] "GET /xingrg/all/function/internal_message.html?_=1601860511522&CODE_STATE=getMsg HTTP/1.1" 200 27
218.81.217.115 - - [05/Oct/2020:09:15:15 +0800] "GET /xingrg/kc/buy/cgsh_order_operate.html?command=get_materiel&rest_code=00146&code=00101008131&supplier_code=00100005&order_time=2020-10-05 HTTP/1.1" 200 409
180.162.245.190 - - [05/Oct/2020:09:15:16 +0800] "POST /xingrg/kc/buy/cgsh_list_operate.html HTTP/1.1" 200 572
101.85.228.253 - - [05/Oct/2020:09:15:16 +0800] "GET /xingrg/all/function/internal_message.html?_=1601860729191&CODE_STATE=getMsg HTTP/1.1" 200 27
218.81.217.115 - - [05/Oct/2020:09:15:17 +0800] "POST /xingrg/kc/buy/cgsh_order_operate.html HTTP/1.1" 200 2065
180.174.56.115 - - [05/Oct/2020:09:15:20 +0800] "GET /xingrg/kc/buy/cgsh_order_operate.html?command=get_materiel&rest_code=00151&code=00101008270&supplier_code=00100007&order_time=2020-10-05 HTTP/1.1" 200 412
218.81.217.115 - - [05/Oct/2020:09:15:23 +0800] "GET /xingrg/kc/buy/cgsh_order_operate.html?command=get_materiel&rest_code=00146&code=00101008296&supplier_code=00100005&order_time=2020-10-05 HTTP/1.1" 200 416
180.174.56.115 - - [05/Oct/2020:09:15:23 +0800] "POST /xingrg/all/user/operate.html HTTP/1.1" 200 36
180.174.56.115 - - [05/Oct/2020:09:15:23 +0800] "GET /xingrg/index.html?sysBaseUrl=http%3A%2F%2F180.169.147.146%3A18081%2Fxingrg%2F&costTime=45×tamp=1601859511195 HTTP/1.1" 200 17179
180.174.56.115 - - [05/Oct/2020:09:15:23 +0800] "GET /xingrg/javascript/jquery_easy_ui/themes/default/easyui.css HTTP/1.1" 304 -
180.174.56.115 - - [05/Oct/2020:09:15:23 +0800] "GET /xingrg/javascript/jquery_easy_ui/themes/icon.css HTTP/1.1" 304 -
180.174.56.115 - - [05/Oct/2020:09:15:23 +0800] "GET /xingrg/css/form.css HTTP/1.1" 304 -
180.174.56.115 - - [05/Oct/2020:09:15:23 +0800] "GET /xingrg/javascript/jquery-1.4.2.min.js HTTP/1.1" 304 -
180.174.56.115 - - [05/Oct/2020:09:15:23 +0800] "GET /xingrg/javascript/jquery_easy_ui/jquery.easyui.min.js HTTP/1.1" 304 -
180.174.56.115 - - [05/Oct/2020:09:15:23 +0800] "GET /xingrg/javascript/jquery_easy_ui/easyui-lang-zh_CN.js HTTP/1.1" 304 -
180.174.56.115 - - [05/Oct/2020:09:15:23 +0800] "GET /xingrg/javascript/jquery.form.js HTTP/1.1" 304 -
180.174.56.115 - - [05/Oct/2020:09:15:23 +0800] "GET /xingrg/javascript/jquery.utils.js HTTP/1.1" 304 -
180.174.56.115 - - [05/Oct/2020:09:15:23 +0800] "GET /xingrg/javascript/jquery.timers.js HTTP/1.1" 304 -
180.174.56.115 - - [05/Oct/2020:09:15:23 +0800] "GET /xingrg/images/blue/jxLogo.png HTTP/1.1" 304 -
180.174.56.115 - - [05/Oct/2020:09:15:23 +0800] "GET /xingrg/images/blue/navBackgound.jpg HTTP/1.1" 304 -
180.174.56.115 - - [05/Oct/2020:09:15:23 +0800] "GET /xingrg/javascript/jquery_easy_ui/themes/icons/settle_new.png HTTP/1.1" 304 -
180.174.56.115 - - [05/Oct/2020:09:15:23 +0800] "GET /xingrg/images/blue/pingpu.png HTTP/1.1" 304 -
180.174.56.115 - - [05/Oct/2020:09:15:23 +0800] "POST /xingrg/all/common/load_tree.html?tree=area_rest_tree_json&manage=1 HTTP/1.1" 200 476
180.174.56.115 - - [05/Oct/2020:09:15:23 +0800] "GET /xingrg/javascript/jquery_easy_ui/themes/default/images/tabs_leftarrow.png HTTP/1.1" 304 -
180.174.56.115 - - [05/Oct/2020:09:15:23 +0800] "GET /xingrg/javascript/jquery_easy_ui/themes/default/images/tabs_rightarrow.png HTTP/1.1" 304 -
180.174.56.115 - - [05/Oct/2020:09:15:23 +0800] "GET /xingrg/javascript/jquery_easy_ui/themes/default/images/panel_tool_collapse.gif HTTP/1.1" 304 -
180.174.56.115 - - [05/Oct/2020:09:15:23 +0800] "GET /xingrg/check_reg.html?_=1601860497000 HTTP/1.1" 200 22
180.174.56.115 - - [05/Oct/2020:09:15:23 +0800] "GET /xingrg/all/function/internal_message.html?_=1601860496999&CODE_STATE=count HTTP/1.1" 200 11
180.174.56.115 - - [05/Oct/2020:09:15:23 +0800] "POST /xingrg/load_menu.html HTTP/1.1" 200 5138
180.174.56.115 - - [05/Oct/2020:09:15:26 +0800] "GET /xingrg/kc/buy/cgsh_order_list.html HTTP/1.1" 200 44206
180.157.253.48 - - [05/Oct/2020:09:15:27 +0800] "GET /xingrg/all/function/internal_message.html?_=1601860526642&CODE_STATE=getMsg HTTP/1.1" 200 27
180.174.56.115 - - [05/Oct/2020:09:15:27 +0800] "GET /xingrg/kc/buy/cgsh_order_operate.html?command=get_materiel&rest_code=00151&code=00101008144&supplier_code=00100007&order_time=2020-10-05 HTTP/1.1" 200 412
180.174.56.115 - - [05/Oct/2020:09:15:27 +0800] "POST /xingrg/kc/buy/cgsh_list_operate.html HTTP/1.1" 200 3194
180.162.245.190 - - [05/Oct/2020:09:15:30 +0800] "GET /xingrg/all/function/internal_message.html?_=1601860528933&CODE_STATE=getMsg HTTP/1.1" 200 27
218.81.217.115 - - [05/Oct/2020:09:15:31 +0800] "GET /xingrg/kc/buy/cgsh_order_operate.html?command=get_materiel&rest_code=00146&code=00101008098&supplier_code=00100005&order_time=2020-10-05 HTTP/1.1" 200 412
180.174.56.115 - - [05/Oct/2020:09:15:35 +0800] "POST /xingrg/kc/buy/cgsh_list_operate.html HTTP/1.1" 200 273
180.174.56.115 - - [05/Oct/2020:09:15:36 +0800] "GET /xingrg/kc/buy/cgsh_order_info.html?code=212020100501944 HTTP/1.1" 200 59883
180.174.56.115 - - [05/Oct/2020:09:15:36 +0800] "GET /xingrg/javascript/easyui/themes/default/validatebox.css HTTP/1.1" 404 1104
180.174.56.115 - - [05/Oct/2020:09:15:36 +0800] "GET /xingrg/kc/buy/cgsh_order_operate.html?command=get_materiel&rest_code=00151&code=00101008087&supplier_code=00100007&order_time=2020-10-05 HTTP/1.1" 200 412
180.174.56.115 - - [05/Oct/2020:09:15:37 +0800] "POST /xingrg/kc/buy/cgsh_order_operate.html HTTP/1.1" 200 3245
218.81.217.115 - - [05/Oct/2020:09:15:38 +0800] "GET /xingrg/kc/buy/cgsh_order_operate.html?command=get_materiel&rest_code=00146&code=00101008353&supplier_code=00100005&order_time=2020-10-05 HTTP/1.1" 200 408
116.233.75.127 - - [05/Oct/2020:09:15:42 +0800] "GET /xingrg/all/function/internal_message.html?_=1601860568515&CODE_STATE=getMsg HTTP/1.1" 200 27
222.69.133.81 - - [05/Oct/2020:09:15:42 +0800] "GET /xingrg/all/function/internal_message.html?_=1601860541078&CODE_STATE=getMsg HTTP/1.1" 200 27
172.17.200.101 - - [05/Oct/2020:09:15:47 +0800] "GET /xingrg/login.html HTTP/1.1" 200 7636
172.17.0.123 - - [05/Oct/2020:09:15:47 +0800] "GET /xingrg/all/function/internal_message.html?_=1601860528023&CODE_STATE=getMsg HTTP/1.1" 200 27
218.81.217.115 - - [05/Oct/2020:09:15:50 +0800] "GET /xingrg/all/function/internal_message.html?_=1601860552430&CODE_STATE=getMsg HTTP/1.1" 200 27
172.17.200.101 - - [05/Oct/2020:09:15:52 +0800] "GET /favicon.ico HTTP/1.1" 404 -
180.174.56.115 - - [05/Oct/2020:09:15:52 +0800] "POST /xingrg/kc/buy/cgsh_order_operate.html HTTP/1.1" 200 2065
124.77.70.31 - - [05/Oct/2020:09:15:52 +0800] "GET /xingrg/all/report/report_query.html?isQuery=1&fileName=kc/buy/wlcg_cate_hz.xml&queryString=(CONVERT(char(10)%2Ca.order_time%2C%20120)%3E%3D'2020-09-01')%20and%20(CONVERT(char(10)%2Ca.order_time%2C%20120)%3C%3D'2020-09-30')%20and%20(a.supplier_code%3D'00100085')%20and%20(a.big_sort%3D'00101')&queryText=%E3%80%90%E9%87%87%E8%B4%AD%E6%97%A5%E6%9C%9F%3A2020-09-01%20%E8%87%B3%202020-09-30%E3%80%91%20%E5%B9%B6%E4%B8%94%20%E3%80%90%E4%BE%9B%E5%BA%94%E5%95%86%3D%E5%B0%8F%E6%9D%8E%E8%9A%8C%EF%BC%88%E6%9D%8E%E6%98%8E%E6%97%BA%EF%BC%89%E3%80%91%E5%B9%B6%E4%B8%94%E3%80%90%E7%B1%BB%E5%88%AB%E5%90%8D%E7%A7%B0%20%3D%20%E6%88%90%E6%9C%AC%E7%B1%BB%E3%80%91&rand=0.851819093737443 HTTP/1.1" 200 54438
124.77.70.31 - - [05/Oct/2020:09:15:53 +0800] "GET /xingrg/all/report/report_query.html?isQuery=1&fileName=kc/buy/wlcg_cate_hz.xml&queryString=(CONVERT(char(10)%2Ca.order_time%2C%20120)%3E%3D'2020-09-01')%20and%20(CONVERT(char(10)%2Ca.order_time%2C%20120)%3C%3D'2020-09-30')%20and%20(a.supplier_code%3D'00100085')%20and%20(a.big_sort%3D'00101')&queryText=%E3%80%90%E9%87%87%E8%B4%AD%E6%97%A5%E6%9C%9F%3A2020-09-01%20%E8%87%B3%202020-09-30%E3%80%91%20%E5%B9%B6%E4%B8%94%20%E3%80%90%E4%BE%9B%E5%BA%94%E5%95%86%3D%E5%B0%8F%E6%9D%8E%E8%9A%8C%EF%BC%88%E6%9D%8E%E6%98%8E%E6%97%BA%EF%BC%89%E3%80%91%E5%B9%B6%E4%B8%94%E3%80%90%E7%B1%BB%E5%88%AB%E5%90%8D%E7%A7%B0%20%3D%20%E6%88%90%E6%9C%AC%E7%B1%BB%E3%80%91&rand=0.851819093737443 HTTP/1.1" 200 54438
172.17.200.101 - - [05/Oct/2020:09:15:53 +0800] "POST /xingrg/login.do HTTP/1.1" 302 -
172.17.200.101 - - [05/Oct/2020:09:15:53 +0800] "GET /xingrg/index.html?sysBaseUrl=http%3A%2F%2F172.17.0.8%3A18081%2Fxingrg%2F&costTime=76×tamp=1601860553700 HTTP/1.1" 200 17448
218.81.217.115 - - [05/Oct/2020:09:15:53 +0800] "GET /xingrg/kc/buy/cgsh_order_operate.html?command=get_materiel&rest_code=00146&code=00101008213&supplier_code=00100005&order_time=2020-10-05 HTTP/1.1" 200 412
124.77.70.31 - - [05/Oct/2020:09:15:54 +0800] "GET /xingrg/dwr/interface/AjaxReportQueryService.js HTTP/1.1" 200 13203
124.77.70.31 - - [05/Oct/2020:09:15:54 +0800] "GET /xingrg/dwr/engine.js HTTP/1.1" 200 43631
172.17.200.101 - - [05/Oct/2020:09:15:54 +0800] "GET /favicon.ico HTTP/1.1" 404 -
172.17.200.101 - - [05/Oct/2020:09:15:54 +0800] "POST /xingrg/all/common/load_tree.html?tree=area_rest_tree_json&manage=1 HTTP/1.1" 200 3088
172.17.200.101 - - [05/Oct/2020:09:15:55 +0800] "GET /xingrg/check_reg.html?_=1601860553224 HTTP/1.1" 200 22
172.17.200.101 - - [05/Oct/2020:09:15:55 +0800] "GET /xingrg/all/function/internal_message.html?_=1601860553224&CODE_STATE=count HTTP/1.1" 200 11
172.17.0.101 - - [05/Oct/2020:09:15:55 +0800] "GET /xingrg/all/function/internal_message.html?_=1601860551771&CODE_STATE=getMsg HTTP/1.1" 200 27
172.17.200.101 - - [05/Oct/2020:09:15:55 +0800] "POST /xingrg/load_menu.html HTTP/1.1" 200 11529
116.238.71.30 - - [05/Oct/2020:09:15:56 +0800] "GET /xingrg/all/function/internal_message.html?_=1601860554405&CODE_STATE=getMsg HTTP/1.1" 200 27
172.17.200.101 - - [05/Oct/2020:09:15:57 +0800] "GET /xingrg/kc/report/report_main.html HTTP/1.1" 200 9350
124.77.70.31 - - [05/Oct/2020:09:15:58 +0800] "POST /xingrg/all/report/load_report_page.html HTTP/1.1" 200 8724
124.77.70.31 - - [05/Oct/2020:09:15:58 +0800] "GET /xingrg/servlets/image?cache=0.25142098819131387&image=px HTTP/1.1" 200 807
124.77.70.31 - - [05/Oct/2020:09:15:59 +0800] "POST /xingrg/all/report/load_report_page.html HTTP/1.1" 200 16432
58.40.7.146 - - [05/Oct/2020:09:15:59 +0800] "GET /xingrg/all/function/internal_message.html?_=1601860557373&CODE_STATE=getMsg HTTP/1.1" 200 27
58.40.7.146 - - [05/Oct/2020:09:15:59 +0800] "GET /xingrg/check_reg.html?_=1601860557374 HTTP/1.1" 200 22
172.17.200.101 - - [05/Oct/2020:09:15:59 +0800] "GET /xingrg/all/report/report_query.html?fileName=kc/buy/gys_amount_base_rest.xml HTTP/1.1" 200 51589
124.77.70.31 - - [05/Oct/2020:09:15:59 +0800] "GET /xingrg/servlets/image?cache=0.07403297737555214&image=px HTTP/1.1" 200 807
117.185.32.26 - - [05/Oct/2020:09:15:59 +0800] "GET /xingrg/all/function/internal_message.html?_=1601860557791&CODE_STATE=getMsg HTTP/1.1" 200 27
116.233.75.127 - - [05/Oct/2020:09:15:59 +0800] "GET /xingrg/javascript/auto/indicator.gif HTTP/1.1" 404 1066
218.81.217.115 - - [05/Oct/2020:09:16:00 +0800] "GET /xingrg/all/function/internal_message.html?_=1601860563460&CODE_STATE=getMsg HTTP/1.1" 200 27
172.17.200.101 - - [05/Oct/2020:09:16:00 +0800] "GET /xingrg/dwr/interface/AjaxReportQueryService.js HTTP/1.1" 200 13203
180.174.56.115 - - [05/Oct/2020:09:16:00 +0800] "GET /xingrg/kc/buy/cgsh_order_operate.html?command=get_materiel&rest_code=00151&code=00101008141&supplier_code=00100007&order_time=2020-10-05 HTTP/1.1" 200 412
172.17.200.101 - - [05/Oct/2020:09:16:00 +0800] "GET /xingrg/dwr/engine.js HTTP/1.1" 200 43631
172.17.200.101 - - [05/Oct/2020:09:16:00 +0800] "GET /xingrg/dwr/util.js HTTP/1.1" 304 -
172.17.200.101 - - [05/Oct/2020:09:16:00 +0800] "POST /xingrg/all/common/load_tree.html?tree=area_rest_tree_json&manage=1 HTTP/1.1" 200 3088
172.17.200.101 - - [05/Oct/2020:09:16:00 +0800] "POST /xingrg/dwr/call/plaincall/AjaxReportQueryService.getFixDate.dwr HTTP/1.1" 200 111
116.233.75.127 - - [05/Oct/2020:09:16:00 +0800] "GET /xingrg/javascript/jquery_tools/images/prev.gif HTTP/1.1" 404 1086
116.233.75.127 - - [05/Oct/2020:09:16:00 +0800] "GET /xingrg/javascript/jquery_tools/images/next.gif HTTP/1.1" 404 1086
172.17.200.101 - - [05/Oct/2020:09:16:01 +0800] "POST /xingrg/all/common/load_tree.html?tree=supplier_tree_json&manage=1 HTTP/1.1" 200 51273
218.81.217.115 - - [05/Oct/2020:09:16:01 +0800] "GET /xingrg/kc/buy/cgsh_order_operate.html?command=get_materiel&rest_code=00146&code=00101016122&supplier_code=00100005&order_time=2020-10-05 HTTP/1.1" 200 395
124.77.70.31 - - [05/Oct/2020:09:16:01 +0800] "POST /xingrg/all/report/report_print.html HTTP/1.1" 200 5632
218.81.217.115 - - [05/Oct/2020:09:16:03 +0800] "POST /xingrg/kc/buy/cgsh_order_operate.html HTTP/1.1" 200 2065
172.17.200.101 - - [05/Oct/2020:09:16:03 +0800] "POST /xingrg/dwr/call/plaincall/AjaxReportQueryService.getFixDate.dwr HTTP/1.1" 200 111
116.233.75.127 - - [05/Oct/2020:09:16:04 +0800] "GET /xingrg/index.html?sysBaseUrl=http%3A%2F%2F180.169.147.146%3A18081%2Fxingrg%2F&costTime=114×tamp=1601860009135 HTTP/1.1" 200 17173
116.233.75.127 - - [05/Oct/2020:09:16:04 +0800] "GET /xingrg/check_reg.html?_=1601860590945 HTTP/1.1" 200 22
116.233.75.127 - - [05/Oct/2020:09:16:04 +0800] "GET /xingrg/all/function/internal_message.html?_=1601860590944&CODE_STATE=count HTTP/1.1" 200 11
116.233.75.127 - - [05/Oct/2020:09:16:04 +0800] "POST /xingrg/all/common/load_tree.html?tree=area_rest_tree_json&manage=1 HTTP/1.1" 200 342
116.233.75.127 - - [05/Oct/2020:09:16:04 +0800] "POST /xingrg/load_menu.html HTTP/1.1" 200 5138
116.233.75.127 - - [05/Oct/2020:09:16:04 +0800] "GET /favicon.ico HTTP/1.1" 404 -
180.162.245.190 - - [05/Oct/2020:09:16:05 +0800] "GET /xingrg/all/function/internal_message.html?_=1601860547108&CODE_STATE=getMsg HTTP/1.1" 200 27
180.174.56.115 - - [05/Oct/2020:09:16:07 +0800] "GET /xingrg/all/function/internal_message.html?_=1601860565286&CODE_STATE=getMsg HTTP/1.1" 200 27
116.233.75.127 - - [05/Oct/2020:09:16:09 +0800] "GET /xingrg/kc/buy/buy_main.html HTTP/1.1" 200 12412
116.233.75.127 - - [05/Oct/2020:09:16:09 +0800] "GET /xingrg/css/new_ie.css HTTP/1.1" 404 1036
58.37.8.227 - - [05/Oct/2020:09:16:09 +0800] "GET /xingrg/all/function/internal_message.html?_=1601860568140&CODE_STATE=getMsg HTTP/1.1" 200 27
116.233.75.127 - - [05/Oct/2020:09:16:10 +0800] "GET /xingrg/kc/buy/cgsh_order_list.html HTTP/1.1" 200 44200
180.174.56.115 - - [05/Oct/2020:09:16:10 +0800] "POST /xingrg/kc/buy/cgsh_order_operate.html HTTP/1.1" 200 37
218.81.217.115 - - [05/Oct/2020:09:16:10 +0800] "GET /xingrg/kc/buy/cgsh_order_operate.html?command=get_materiel&rest_code=00146&code=00101008347&supplier_code=00100005&order_time=2020-10-05 HTTP/1.1" 200 408
116.233.75.127 - - [05/Oct/2020:09:16:10 +0800] "POST /xingrg/kc/buy/cgsh_list_operate.html HTTP/1.1" 200 876
180.174.56.115 - - [05/Oct/2020:09:16:12 +0800] "GET /xingrg/kc/buy/cgsh_order_operate.html?command=get_materiel&rest_code=00151&code=00101008213&supplier_code=00100007&order_time=2020-10-05 HTTP/1.1" 200 412
114.88.166.242 - - [05/Oct/2020:09:16:12 +0800] "GET /xingrg/all/function/internal_message.html?_=1601860649731&CODE_STATE=getMsg HTTP/1.1" 200 27
172.17.200.101 - - [05/Oct/2020:09:16:12 +0800] "POST /xingrg/dwr/call/plaincall/AjaxReportQueryService.refreshCache.dwr HTTP/1.1" 200 78
180.174.56.115 - - [05/Oct/2020:09:16:13 +0800] "POST /xingrg/kc/buy/cgsh_order_operate.html HTTP/1.1" 200 12
172.17.200.101 - - [05/Oct/2020:09:16:14 +0800] "POST /xingrg/all/report/load_report_page.html HTTP/1.1" 200 46733
172.17.200.101 - - [05/Oct/2020:09:16:14 +0800] "GET /xingrg/servlets/image?cache=0.20809238210954017&image=px HTTP/1.1" 200 807
180.174.56.115 - - [05/Oct/2020:09:16:14 +0800] "GET /xingrg/kc/buy/cgsh_order_info.html?code=212020100501944 HTTP/1.1" 200 54781
124.77.70.31 - - [05/Oct/2020:09:16:14 +0800] "GET /xingrg/all/function/internal_message.html?_=1601860571505&CODE_STATE=getMsg HTTP/1.1" 200 27
116.233.75.127 - - [05/Oct/2020:09:16:14 +0800] "GET /xingrg/kc/buy/cgsh_order_add.html HTTP/1.1" 200 59979
116.233.75.127 - - [05/Oct/2020:09:16:14 +0800] "GET /xingrg/words/20201004120139_words.js HTTP/1.1" 304 -
180.174.56.115 - - [05/Oct/2020:09:16:14 +0800] "GET /xingrg/javascript/easyui/themes/default/validatebox.css HTTP/1.1" 404 1104
116.233.75.127 - - [05/Oct/2020:09:16:14 +0800] "POST /xingrg/kc/buy/cgsh_order_operate.html HTTP/1.1" 200 8245
116.233.75.127 - - [05/Oct/2020:09:16:14 +0800] "GET /xingrg/all/common/auto_word.html?type=employee&rest_code=00109 HTTP/1.1" 200 255
116.233.75.127 - - [05/Oct/2020:09:16:14 +0800] "GET /xingrg/javascript/easyui/themes/default/validatebox.css HTTP/1.1" 404 1104
116.233.75.127 - - [05/Oct/2020:09:16:14 +0800] "GET /xingrg/all/common/auto_word.html?type=employee&rest_code=00109 HTTP/1.1" 200 255
180.174.56.115 - - [05/Oct/2020:09:16:15 +0800] "POST /xingrg/kc/buy/cgsh_order_operate.html HTTP/1.1" 200 1196
180.174.56.115 - - [05/Oct/2020:09:16:16 +0800] "GET /xingrg/kc/print/load_data.html?order_code=212020100501944&kc_code=cgsh&condition= HTTP/1.1" 200 1028
101.85.228.253 - - [05/Oct/2020:09:16:16 +0800] "GET /xingrg/all/function/internal_message.html?_=1601860789196&CODE_STATE=getMsg HTTP/1.1" 200 27
218.81.217.115 - - [05/Oct/2020:09:16:18 +0800] "GET /xingrg/kc/buy/cgsh_order_operate.html?command=get_materiel&rest_code=00146&code=00101008069&supplier_code=00100005&order_time=2020-10-05 HTTP/1.1" 200 412
180.174.56.115 - - [05/Oct/2020:09:16:21 +0800] "GET /xingrg/kc/buy/cgsh_order_operate.html?command=get_materiel&rest_code=00151&code=00101009030&supplier_code=00100007&order_time=2020-10-05 HTTP/1.1" 200 412
180.174.56.115 - - [05/Oct/2020:09:16:23 +0800] "GET /xingrg/all/function/internal_message.html?_=1601860557007&CODE_STATE=getMsg HTTP/1.1" 200 27
218.81.217.115 - - [05/Oct/2020:09:16:26 +0800] "GET /xingrg/kc/buy/cgsh_order_operate.html?command=get_materiel&rest_code=00146&code=00101008080&supplier_code=00100005&order_time=2020-10-05 HTTP/1.1" 200 416
180.174.56.115 - - [05/Oct/2020:09:16:26 +0800] "POST /xingrg/kc/buy/cgsh_list_operate.html HTTP/1.1" 200 573
180.157.253.48 - - [05/Oct/2020:09:16:27 +0800] "GET /xingrg/all/function/internal_message.html?_=1601860586651&CODE_STATE=getMsg HTTP/1.1" 200 27
180.174.56.115 - - [05/Oct/2020:09:16:27 +0800] "GET /xingrg/kc/buy/cgsh_order_operate.html?command=get_materiel&rest_code=00151&code=00101015006&supplier_code=00100007&order_time=2020-10-05 HTTP/1.1" 200 413
180.174.56.115 - - [05/Oct/2020:09:16:27 +0800] "GET /xingrg/kc/buy/cgsh_order_info.html?code=212020100501943 HTTP/1.1" 200 59883
180.174.56.115 - - [05/Oct/2020:09:16:28 +0800] "GET /xingrg/javascript/easyui/themes/default/validatebox.css HTTP/1.1" 404 1104
180.174.56.115 - - [05/Oct/2020:09:16:28 +0800] "POST /xingrg/kc/buy/cgsh_order_operate.html HTTP/1.1" 200 6798
180.162.245.190 - - [05/Oct/2020:09:16:30 +0800] "GET /xingrg/all/function/internal_message.html?_=1601860588925&CODE_STATE=getMsg HTTP/1.1" 200 27
180.174.56.115 - - [05/Oct/2020:09:16:33 +0800] "POST /xingrg/kc/buy/cgsh_order_operate.html HTTP/1.1" 200 37
61.129.7.235 - - [05/Oct/2020:09:16:33 +0800] "GET /xingrg/all/function/internal_message.html?_=1601860088307&CODE_STATE=getMsg HTTP/1.1" 302 -
218.81.217.115 - - [05/Oct/2020:09:16:33 +0800] "GET /xingrg/kc/buy/cgsh_order_operate.html?command=get_materiel&rest_code=00146&code=00101008519&supplier_code=00100005&order_time=2020-10-05 HTTP/1.1" 200 394
180.174.56.115 - - [05/Oct/2020:09:16:36 +0800] "POST /xingrg/kc/buy/cgsh_order_operate.html HTTP/1.1" 200 2065
180.174.56.115 - - [05/Oct/2020:09:16:37 +0800] "POST /xingrg/kc/buy/cgsh_order_operate.html HTTP/1.1" 200 12
180.174.56.115 - - [05/Oct/2020:09:16:38 +0800] "GET /xingrg/kc/buy/cgsh_order_info.html?code=212020100501943 HTTP/1.1" 200 54781
61.129.7.235 - - [05/Oct/2020:09:16:38 +0800] "GET /xingrg/login.html HTTP/1.1" 200 7641
180.174.56.115 - - [05/Oct/2020:09:16:38 +0800] "GET /xingrg/javascript/easyui/themes/default/validatebox.css HTTP/1.1" 404 1104
180.174.56.115 - - [05/Oct/2020:09:16:39 +0800] "POST /xingrg/kc/buy/cgsh_order_operate.html HTTP/1.1" 200 4744
180.174.56.115 - - [05/Oct/2020:09:16:40 +0800] "GET /xingrg/kc/buy/cgsh_order_operate.html?command=get_materiel&rest_code=00151&code=00101008286&supplier_code=00100007&order_time=2020-10-05 HTTP/1.1" 200 408
180.174.56.115 - - [05/Oct/2020:09:16:40 +0800] "GET /xingrg/kc/print/load_data.html?order_code=212020100501943&kc_code=cgsh&condition= HTTP/1.1" 200 2398
222.69.133.81 - - [05/Oct/2020:09:16:42 +0800] "GET /xingrg/check_reg.html?_=1601860601077 HTTP/1.1" 200 22
222.69.133.81 - - [05/Oct/2020:09:16:42 +0800] "GET /xingrg/all/function/internal_message.html?_=1601860601078&CODE_STATE=getMsg HTTP/1.1" 200 27
218.81.217.115 - - [05/Oct/2020:09:16:43 +0800] "GET /xingrg/kc/buy/cgsh_order_operate.html?command=get_materiel&rest_code=00146&code=00101008225&supplier_code=00100005&order_time=2020-10-05 HTTP/1.1" 200 416
218.81.217.115 - - [05/Oct/2020:09:16:44 +0800] "POST /xingrg/kc/buy/cgsh_order_operate.html HTTP/1.1" 200 2065
180.174.56.115 - - [05/Oct/2020:09:16:45 +0800] "POST /xingrg/kc/buy/cgsh_order_operate.html HTTP/1.1" 200 37
180.174.56.115 - - [05/Oct/2020:09:16:47 +0800] "POST /xingrg/kc/buy/cgsh_list_operate.html HTTP/1.1" 200 2436
