180.174.56.115 - - [03/Oct/2020:10:34:58 +0800] "GET /xingrg/check_reg.html?_=1601692475126 HTTP/1.1" 200 22
180.174.56.115 - - [03/Oct/2020:10:34:59 +0800] "GET /xingrg/all/function/internal_message.html?_=1601692475804&CODE_STATE=getMsg HTTP/1.1" 200 27
180.162.245.190 - - [03/Oct/2020:10:35:00 +0800] "GET /xingrg/all/function/internal_message.html?_=1601692501457&CODE_STATE=getMsg HTTP/1.1" 200 27
180.162.245.190 - - [03/Oct/2020:10:35:00 +0800] "GET /xingrg/check_reg.html?_=1601692501590 HTTP/1.1" 200 22
117.184.7.26 - - [03/Oct/2020:10:35:00 +0800] "GET /xingrg/kc/mdqp/pssh_order_list.html?isBack=1 HTTP/1.1" 200 17879
117.184.7.26 - - [03/Oct/2020:10:35:00 +0800] "POST /xingrg/kc/mdqp/pssh_list_operate.html HTTP/1.1" 200 5406
124.77.70.31 - - [03/Oct/2020:10:35:01 +0800] "POST /xingrg/services/DataTransmitService HTTP/1.1" 200 45454
124.77.70.31 - - [03/Oct/2020:10:35:01 +0800] "POST /xingrg/services/DataTransmitService HTTP/1.1" 200 19237
124.77.70.31 - - [03/Oct/2020:10:35:02 +0800] "GET /xingrg/kc/buy/cgsh_order_operate.html?command=get_materiel&rest_code=00107&code=00101001115&supplier_code=00100089&order_time=2020-10-03 HTTP/1.1" 200 413
172.17.0.102 - - [03/Oct/2020:10:35:04 +0800] "POST /xingrg/dwr/call/plaincall/AjaxReportQueryService.refreshCache.dwr HTTP/1.1" 200 78
117.184.7.26 - - [03/Oct/2020:10:35:05 +0800] "POST /xingrg/kc/mdqp/pssh_list_operate.html HTTP/1.1" 200 360
117.184.7.26 - - [03/Oct/2020:10:35:05 +0800] "POST /xingrg/kc/mdqp/pssh_list_operate.html HTTP/1.1" 200 814
172.17.0.102 - - [03/Oct/2020:10:35:05 +0800] "POST /xingrg/all/report/load_report_page.html HTTP/1.1" 200 69130
117.184.7.26 - - [03/Oct/2020:10:35:05 +0800] "GET /xingrg/kc/mdqp/pssh_order_info.html?code=312020100200065 HTTP/1.1" 200 17266
117.184.7.26 - - [03/Oct/2020:10:35:05 +0800] "GET /xingrg/javascript/jquery_tools/jquery-1.4.2.min.js HTTP/1.1" 404 1094
172.17.0.102 - - [03/Oct/2020:10:35:05 +0800] "GET /xingrg/servlets/image?cache=0.7682710174119701&image=px HTTP/1.1" 200 807
117.184.7.30 - - [03/Oct/2020:10:35:05 +0800] "GET /xingrg/javascript/easyui/themes/default/validatebox.css HTTP/1.1" 404 1104
117.184.7.26 - - [03/Oct/2020:10:35:05 +0800] "POST /xingrg/kc/mdqp/pssh_order_operate.html HTTP/1.1" 200 1040
172.17.0.102 - - [03/Oct/2020:10:35:07 +0800] "GET /xingrg/all/report/report_query.html?isQuery=1&fileName=dma/new_5.0/menu/menu_hz.xml&queryString=(a.sale_day%2520between%252020200901%2520and%252020200930)%2520and%2520(a.sid%2520in%2520(7))%2520and%2520(a.tj_code%253D17)&queryText=%25E3%2580%2590%25E8%2590%25A5%25E4%25B8%259A%25E6%2597%25A5%25E6%259C%259F%253A2020-09-01%2520%25E8%2587%25B3%25202020-09-30%25E3%2580%2591%2520%25E5%25B9%25B6%25E4%25B8%2594%2520%2520%25E3%2580%2590%25E9%2597%25A8%25E5%25BA%2597%25E5%2590%258D%25E7%25A7%25B0%2520%253D%2520%25E5%25BE%2590%25E6%25B1%2587%25E6%25A6%2595%25E6%25B8%25AF%25E3%2580%2591%2520%25E5%25B9%25B6%25E4%25B8%2594%2520%25E3%2580%2590%25E7%25BB%259F%25E8%25AE%25A1%25E7%25B1%25BB%25E5%2588%25AB%2520%253D%2520%25E4%25BC%259A%25E5%2591%2598%25E5%258D%25A1%25E3%2580%2591 HTTP/1.1" 200 54032
172.17.0.102 - - [03/Oct/2020:10:35:07 +0800] "GET /xingrg/dwr/engine.js HTTP/1.1" 200 43631
180.157.253.48 - - [03/Oct/2020:10:35:07 +0800] "GET /xingrg/css/base.css HTTP/1.1" 304 -
180.157.253.48 - - [03/Oct/2020:10:35:07 +0800] "GET /xingrg/css/site.css HTTP/1.1" 304 -
180.157.253.48 - - [03/Oct/2020:10:35:07 +0800] "GET /xingrg/kc/buy/cgsh_order_list.html HTTP/1.1" 200 44206
180.157.253.48 - - [03/Oct/2020:10:35:07 +0800] "GET /xingrg/javascript/jquery_tools/datebox.css HTTP/1.1" 304 -
180.157.253.48 - - [03/Oct/2020:10:35:07 +0800] "GET /xingrg/javascript/easyui/themes/default/easyui.css HTTP/1.1" 304 -
180.157.253.48 - - [03/Oct/2020:10:35:07 +0800] "GET /xingrg/javascript/easyui/themes/icon.css HTTP/1.1" 304 -
180.157.253.48 - - [03/Oct/2020:10:35:07 +0800] "GET /xingrg/javascript/auto/jquery.autocomplete.css HTTP/1.1" 304 -
180.157.253.48 - - [03/Oct/2020:10:35:07 +0800] "GET /xingrg/javascript/jquery_tools/list_manager.js HTTP/1.1" 304 -
180.157.253.48 - - [03/Oct/2020:10:35:07 +0800] "GET /xingrg/javascript/jquery_tools/fix.css HTTP/1.1" 304 -
180.157.253.48 - - [03/Oct/2020:10:35:07 +0800] "GET /xingrg/javascript/jquery_tools/table.css HTTP/1.1" 304 -
180.157.253.48 - - [03/Oct/2020:10:35:07 +0800] "GET /xingrg/javascript/jquery_tools/jquery.tools.min.js HTTP/1.1" 304 -
180.157.253.48 - - [03/Oct/2020:10:35:07 +0800] "GET /xingrg/javascript/jquery_tools/jquery.tools.extend.js HTTP/1.1" 304 -
180.157.253.48 - - [03/Oct/2020:10:35:07 +0800] "GET /xingrg/javascript/jquery_tools/jquery.tools.hotkey.js HTTP/1.1" 304 -
180.157.253.48 - - [03/Oct/2020:10:35:07 +0800] "GET /xingrg/javascript/jquery.utils.js HTTP/1.1" 304 -
180.157.253.48 - - [03/Oct/2020:10:35:07 +0800] "GET /xingrg/javascript/jquery_tools/jquery.tools.table.js HTTP/1.1" 304 -
180.157.253.48 - - [03/Oct/2020:10:35:07 +0800] "GET /xingrg/javascript/auto/jquery.autocomplete.js HTTP/1.1" 304 -
180.157.253.48 - - [03/Oct/2020:10:35:07 +0800] "GET /xingrg/javascript/easyui/easyloader.js HTTP/1.1" 304 -
180.157.253.48 - - [03/Oct/2020:10:35:07 +0800] "GET /xingrg/javascript/print/LodopFuncs.js HTTP/1.1" 304 -
180.157.253.48 - - [03/Oct/2020:10:35:07 +0800] "GET /xingrg/javascript/jquery.cookie.js HTTP/1.1" 304 -
180.162.245.190 - - [03/Oct/2020:10:35:07 +0800] "GET /xingrg/kc/buy/cgsh_order_operate.html?command=get_materiel&rest_code=00105&code=00101010269&supplier_code=00100323&order_time=2020-10-03 HTTP/1.1" 200 409
180.157.253.48 - - [03/Oct/2020:10:35:07 +0800] "GET /xingrg/javascript/easyui/themes/icons/cance_new.png HTTP/1.1" 304 -
180.157.253.48 - - [03/Oct/2020:10:35:07 +0800] "GET /xingrg/javascript/easyui/themes/icons/edit_add_new.png HTTP/1.1" 304 -
180.157.253.48 - - [03/Oct/2020:10:35:07 +0800] "GET /xingrg/javascript/easyui/themes/icons/check_new.png HTTP/1.1" 304 -
180.157.253.48 - - [03/Oct/2020:10:35:07 +0800] "GET /xingrg/javascript/easyui/themes/icons/import_new.png HTTP/1.1" 304 -
180.157.253.48 - - [03/Oct/2020:10:35:07 +0800] "GET /xingrg/javascript/easyui/plugins/jquery.parser.js HTTP/1.1" 304 -
172.17.0.102 - - [03/Oct/2020:10:35:07 +0800] "GET /favicon.ico HTTP/1.1" 404 -
117.184.7.26 - - [03/Oct/2020:10:35:08 +0800] "POST /xingrg/all/common/load_combo.html?type=base&rest_code=00108 HTTP/1.1" 200 3060
172.17.0.102 - - [03/Oct/2020:10:35:08 +0800] "POST /xingrg/all/report/load_report_page.html HTTP/1.1" 200 17551
172.17.0.102 - - [03/Oct/2020:10:35:08 +0800] "GET /xingrg/servlets/image?cache=0.16139216026271197&image=px HTTP/1.1" 200 807
172.17.200.101 - - [03/Oct/2020:10:35:08 +0800] "GET /xingrg/all/function/internal_message.html?_=1601692511363&CODE_STATE=getMsg HTTP/1.1" 200 27
180.157.253.48 - - [03/Oct/2020:10:35:08 +0800] "POST /xingrg/kc/buy/cgsh_list_operate.html HTTP/1.1" 200 2030
218.81.217.115 - - [03/Oct/2020:10:35:09 +0800] "GET /xingrg/all/function/internal_message.html?_=1601692484784&CODE_STATE=getMsg HTTP/1.1" 200 27
180.157.253.48 - - [03/Oct/2020:10:35:10 +0800] "POST /xingrg/kc/buy/cgsh_list_operate.html HTTP/1.1" 200 415
180.157.253.48 - - [03/Oct/2020:10:35:11 +0800] "GET /xingrg/css/base.css HTTP/1.1" 304 -
180.157.253.48 - - [03/Oct/2020:10:35:11 +0800] "GET /xingrg/javascript/jquery_tools/datebox.css HTTP/1.1" 304 -
180.157.253.48 - - [03/Oct/2020:10:35:11 +0800] "GET /xingrg/css/site.css HTTP/1.1" 304 -
180.157.253.48 - - [03/Oct/2020:10:35:11 +0800] "GET /xingrg/javascript/easyui/themes/icon.css HTTP/1.1" 304 -
180.157.253.48 - - [03/Oct/2020:10:35:11 +0800] "GET /xingrg/javascript/easyui/themes/default/easyui.css HTTP/1.1" 304 -
180.157.253.48 - - [03/Oct/2020:10:35:11 +0800] "GET /xingrg/javascript/jquery_tools/fix.css HTTP/1.1" 304 -
180.157.253.48 - - [03/Oct/2020:10:35:11 +0800] "GET /xingrg/javascript/auto/jquery.autocomplete.css HTTP/1.1" 304 -
180.157.253.48 - - [03/Oct/2020:10:35:11 +0800] "GET /xingrg/javascript/jquery_tools/table.css HTTP/1.1" 304 -
180.157.253.48 - - [03/Oct/2020:10:35:11 +0800] "GET /xingrg/javascript/jquery_tools/jquery.tools.extend.js HTTP/1.1" 304 -
180.157.253.48 - - [03/Oct/2020:10:35:11 +0800] "GET /xingrg/javascript/pic_change.js HTTP/1.1" 304 -
180.157.253.48 - - [03/Oct/2020:10:35:11 +0800] "GET /xingrg/javascript/jquery_tools/jquery.tools.min.js HTTP/1.1" 304 -
180.157.253.48 - - [03/Oct/2020:10:35:11 +0800] "GET /xingrg/javascript/jquery_tools/jquery.tools.table.js HTTP/1.1" 304 -
180.157.253.48 - - [03/Oct/2020:10:35:11 +0800] "GET /xingrg/javascript/auto/jquery.autocomplete.js HTTP/1.1" 304 -
180.157.253.48 - - [03/Oct/2020:10:35:11 +0800] "GET /xingrg/javascript/easyui/easyloader.js HTTP/1.1" 304 -
180.157.253.48 - - [03/Oct/2020:10:35:11 +0800] "GET /xingrg/javascript/jquery_tools/jquery.tools.hotkey.js HTTP/1.1" 304 -
180.157.253.48 - - [03/Oct/2020:10:35:11 +0800] "GET /xingrg/javascript/jquery.utils.js HTTP/1.1" 304 -
180.157.253.48 - - [03/Oct/2020:10:35:11 +0800] "GET /xingrg/javascript/jquery_tools/order_manager.js HTTP/1.1" 304 -
180.157.253.48 - - [03/Oct/2020:10:35:11 +0800] "GET /xingrg/javascript/print/LodopFuncs.js HTTP/1.1" 304 -
180.157.253.48 - - [03/Oct/2020:10:35:11 +0800] "GET /xingrg/javascript/convert.js HTTP/1.1" 304 -
180.157.253.48 - - [03/Oct/2020:10:35:11 +0800] "GET /xingrg/javascript/print/kc_print.js HTTP/1.1" 304 -
180.157.253.48 - - [03/Oct/2020:10:35:11 +0800] "GET /xingrg/javascript/json2.js HTTP/1.1" 304 -
180.157.253.48 - - [03/Oct/2020:10:35:11 +0800] "GET /xingrg/javascript/jquery.cookie.js HTTP/1.1" 304 -
180.157.253.48 - - [03/Oct/2020:10:35:11 +0800] "GET /xingrg/kc/buy/cgsh_order_info.html?code=212020100301045 HTTP/1.1" 200 59947
180.157.253.48 - - [03/Oct/2020:10:35:11 +0800] "GET /xingrg/words/20201002162454_words.js HTTP/1.1" 304 -
180.157.253.48 - - [03/Oct/2020:10:35:11 +0800] "GET /xingrg/javascript/easyui/themes/icons/copy_new.png HTTP/1.1" 304 -
180.157.253.48 - - [03/Oct/2020:10:35:11 +0800] "GET /xingrg/javascript/easyui/themes/icons/ok.png HTTP/1.1" 304 -
180.157.253.48 - - [03/Oct/2020:10:35:11 +0800] "GET /xingrg/javascript/easyui/themes/icons/template_new.png HTTP/1.1" 304 -
180.157.253.48 - - [03/Oct/2020:10:35:11 +0800] "GET /xingrg/javascript/easyui/themes/default/images/menu_downarrow.png HTTP/1.1" 304 -
180.157.253.48 - - [03/Oct/2020:10:35:11 +0800] "GET /xingrg/javascript/easyui/themes/icons/cancel.png HTTP/1.1" 304 -
180.157.253.48 - - [03/Oct/2020:10:35:11 +0800] "GET /xingrg/javascript/easyui/themes/icons/print.png HTTP/1.1" 304 -
180.157.253.48 - - [03/Oct/2020:10:35:11 +0800] "GET /xingrg/javascript/easyui/plugins/jquery.parser.js HTTP/1.1" 304 -
180.157.253.48 - - [03/Oct/2020:10:35:11 +0800] "GET /xingrg/all/common/auto_word.html?type=employee&rest_code=00148 HTTP/1.1" 200 147
180.157.253.48 - - [03/Oct/2020:10:35:11 +0800] "GET /xingrg/all/common/auto_word.html?type=employee&rest_code=00148 HTTP/1.1" 200 147
180.157.253.48 - - [03/Oct/2020:10:35:11 +0800] "GET /xingrg/javascript/easyui/themes/default/validatebox.css HTTP/1.1" 404 1104
180.157.253.48 - - [03/Oct/2020:10:35:11 +0800] "GET /xingrg/javascript/easyui/plugins/jquery.validatebox.js HTTP/1.1" 304 -
180.157.253.48 - - [03/Oct/2020:10:35:11 +0800] "GET /xingrg/javascript/easyui/plugins/jquery.numberbox.js HTTP/1.1" 304 -
180.157.253.48 - - [03/Oct/2020:10:35:11 +0800] "POST /xingrg/kc/buy/cgsh_order_operate.html HTTP/1.1" 200 4421
114.88.166.242 - - [03/Oct/2020:10:35:12 +0800] "GET /xingrg/all/function/internal_message.html?_=1601692508399&CODE_STATE=getMsg HTTP/1.1" 200 27
117.184.7.26 - - [03/Oct/2020:10:35:12 +0800] "POST /xingrg/all/common/load_combo.html?type=employee HTTP/1.1" 200 271
180.157.253.48 - - [03/Oct/2020:10:35:14 +0800] "GET /xingrg/javascript/easyui/themes/default/images/button_plain_hover.png HTTP/1.1" 304 -
180.157.253.48 - - [03/Oct/2020:10:35:14 +0800] "GET /xingrg/javascript/easyui/themes/default/images/button_plain_hover.png HTTP/1.1" 304 -
180.157.253.48 - - [03/Oct/2020:10:35:14 +0800] "GET /xingrg/javascript/easyui/themes/default/images/button_plain_hover.png HTTP/1.1" 304 -
117.131.5.26 - - [03/Oct/2020:10:35:15 +0800] "POST /xingrg/services/DataTransmitService HTTP/1.1" 200 524
218.81.217.115 - - [03/Oct/2020:10:35:15 +0800] "GET /xingrg/all/function/internal_message.html?_=1601692521454&CODE_STATE=getMsg HTTP/1.1" 200 27
124.77.70.31 - - [03/Oct/2020:10:35:15 +0800] "POST /xingrg/kc/buy/cgsh_order_operate.html HTTP/1.1" 200 37
58.40.7.146 - - [03/Oct/2020:10:35:16 +0800] "POST /xingrg/dwr/call/plaincall/AjaxCheckService.checkOrder.dwr HTTP/1.1" 200 80
117.184.7.26 - - [03/Oct/2020:10:35:16 +0800] "POST /xingrg/kc/mdqp/pssh_order_operate.html HTTP/1.1" 200 37
180.157.253.48 - - [03/Oct/2020:10:35:16 +0800] "GET /xingrg/css/base.css HTTP/1.1" 304 -
180.157.253.48 - - [03/Oct/2020:10:35:16 +0800] "GET /xingrg/css/site.css HTTP/1.1" 304 -
180.157.253.48 - - [03/Oct/2020:10:35:16 +0800] "GET /xingrg/javascript/jquery_tools/datebox.css HTTP/1.1" 304 -
180.157.253.48 - - [03/Oct/2020:10:35:16 +0800] "GET /xingrg/javascript/easyui/themes/default/easyui.css HTTP/1.1" 304 -
180.157.253.48 - - [03/Oct/2020:10:35:16 +0800] "GET /xingrg/javascript/easyui/themes/icon.css HTTP/1.1" 304 -
180.157.253.48 - - [03/Oct/2020:10:35:16 +0800] "GET /xingrg/javascript/auto/jquery.autocomplete.css HTTP/1.1" 304 -
180.157.253.48 - - [03/Oct/2020:10:35:16 +0800] "GET /xingrg/javascript/jquery_tools/fix.css HTTP/1.1" 304 -
180.157.253.48 - - [03/Oct/2020:10:35:16 +0800] "GET /xingrg/javascript/pic_change.js HTTP/1.1" 304 -
180.157.253.48 - - [03/Oct/2020:10:35:16 +0800] "GET /xingrg/javascript/jquery_tools/jquery.tools.extend.js HTTP/1.1" 304 -
180.157.253.48 - - [03/Oct/2020:10:35:16 +0800] "GET /xingrg/javascript/jquery_tools/table.css HTTP/1.1" 304 -
180.157.253.48 - - [03/Oct/2020:10:35:16 +0800] "GET /xingrg/javascript/jquery_tools/jquery.tools.table.js HTTP/1.1" 304 -
180.157.253.48 - - [03/Oct/2020:10:35:16 +0800] "GET /xingrg/javascript/jquery_tools/jquery.tools.hotkey.js HTTP/1.1" 304 -
180.157.253.48 - - [03/Oct/2020:10:35:16 +0800] "GET /xingrg/javascript/auto/jquery.autocomplete.js HTTP/1.1" 304 -
180.157.253.48 - - [03/Oct/2020:10:35:16 +0800] "GET /xingrg/javascript/jquery_tools/order_manager.js HTTP/1.1" 304 -
180.157.253.48 - - [03/Oct/2020:10:35:16 +0800] "GET /xingrg/javascript/convert.js HTTP/1.1" 304 -
180.157.253.48 - - [03/Oct/2020:10:35:16 +0800] "GET /xingrg/javascript/json2.js HTTP/1.1" 304 -
180.157.253.48 - - [03/Oct/2020:10:35:16 +0800] "GET /xingrg/javascript/easyui/easyloader.js HTTP/1.1" 304 -
180.157.253.48 - - [03/Oct/2020:10:35:16 +0800] "GET /xingrg/javascript/jquery.cookie.js HTTP/1.1" 304 -
180.157.253.48 - - [03/Oct/2020:10:35:16 +0800] "GET /xingrg/javascript/print/kc_print.js HTTP/1.1" 304 -
180.157.253.48 - - [03/Oct/2020:10:35:16 +0800] "GET /xingrg/javascript/print/LodopFuncs.js HTTP/1.1" 304 -
180.157.253.48 - - [03/Oct/2020:10:35:16 +0800] "GET /xingrg/javascript/jquery.utils.js HTTP/1.1" 304 -
180.157.253.48 - - [03/Oct/2020:10:35:16 +0800] "GET /xingrg/javascript/jquery_tools/jquery.tools.min.js HTTP/1.1" 304 -
180.157.253.48 - - [03/Oct/2020:10:35:16 +0800] "GET /xingrg/kc/buy/cgsh_order_add.html HTTP/1.1" 200 59938
180.157.253.48 - - [03/Oct/2020:10:35:16 +0800] "GET /xingrg/words/20201002162454_words.js HTTP/1.1" 304 -
180.157.253.48 - - [03/Oct/2020:10:35:17 +0800] "GET /xingrg/javascript/easyui/plugins/jquery.parser.js HTTP/1.1" 304 -
180.157.253.48 - - [03/Oct/2020:10:35:17 +0800] "POST /xingrg/kc/buy/cgsh_order_operate.html HTTP/1.1" 200 8245
180.157.253.48 - - [03/Oct/2020:10:35:17 +0800] "GET /xingrg/all/common/auto_word.html?type=employee&rest_code=00148 HTTP/1.1" 200 147
180.157.253.48 - - [03/Oct/2020:10:35:17 +0800] "GET /xingrg/all/common/auto_word.html?type=employee&rest_code=00148 HTTP/1.1" 200 147
124.77.70.31 - - [03/Oct/2020:10:35:17 +0800] "POST /xingrg/kc/buy/cgsh_order_operate.html HTTP/1.1" 200 2659
117.184.7.26 - - [03/Oct/2020:10:35:17 +0800] "POST /xingrg/kc/mdqp/pssh_order_operate.html HTTP/1.1" 200 12
180.157.253.48 - - [03/Oct/2020:10:35:17 +0800] "GET /xingrg/javascript/easyui/themes/default/validatebox.css HTTP/1.1" 404 1104
180.157.253.48 - - [03/Oct/2020:10:35:17 +0800] "GET /xingrg/javascript/easyui/plugins/jquery.validatebox.js HTTP/1.1" 304 -
180.157.253.48 - - [03/Oct/2020:10:35:17 +0800] "GET /xingrg/javascript/easyui/plugins/jquery.numberbox.js HTTP/1.1" 304 -
58.40.7.146 - - [03/Oct/2020:10:35:17 +0800] "GET /xingrg/kc/base/check_order_info.html?code=452020100300024 HTTP/1.1" 200 23118
58.40.7.146 - - [03/Oct/2020:10:35:17 +0800] "GET /xingrg/dwr/interface/AjaxComOrderService.js HTTP/1.1" 200 18264
58.40.7.146 - - [03/Oct/2020:10:35:17 +0800] "GET /xingrg/dwr/interface/AjaxCheckService.js HTTP/1.1" 200 14003
58.40.7.146 - - [03/Oct/2020:10:35:17 +0800] "GET /xingrg/dwr/engine.js HTTP/1.1" 200 43631
172.17.0.102 - - [03/Oct/2020:10:35:17 +0800] "GET /xingrg/all/function/internal_message.html?_=1601692528840&CODE_STATE=getMsg HTTP/1.1" 200 27
172.17.0.120 - - [03/Oct/2020:10:35:17 +0800] "GET /xingrg/all/function/internal_message.html?_=1601692515765&CODE_STATE=getMsg HTTP/1.1" 200 27
58.40.7.146 - - [03/Oct/2020:10:35:18 +0800] "POST /xingrg/dwr/call/plaincall/AjaxCheckService.loadOrderItems.dwr HTTP/1.1" 200 46975
117.184.7.26 - - [03/Oct/2020:10:35:18 +0800] "GET /xingrg/kc/mdqp/pssh_order_info.html?code=312020100200065 HTTP/1.1" 200 14380
117.184.7.26 - - [03/Oct/2020:10:35:18 +0800] "GET /xingrg/javascript/jquery_tools/jquery-1.4.2.min.js HTTP/1.1" 404 1094
117.184.7.30 - - [03/Oct/2020:10:35:18 +0800] "POST /xingrg/kc/mdqp/pssh_order_operate.html HTTP/1.1" 200 1040
117.184.7.30 - - [03/Oct/2020:10:35:19 +0800] "GET /xingrg/javascript/easyui/themes/default/validatebox.css HTTP/1.1" 404 1104
180.162.245.190 - - [03/Oct/2020:10:35:19 +0800] "GET /xingrg/kc/buy/cgsh_order_operate.html?command=get_materiel&rest_code=00105&code=00101010063&supplier_code=00100323&order_time=2020-10-03 HTTP/1.1" 200 409
180.157.253.48 - - [03/Oct/2020:10:35:19 +0800] "GET /xingrg/javascript/pic_change.js HTTP/1.1" 304 -
180.157.253.48 - - [03/Oct/2020:10:35:19 +0800] "GET /xingrg/javascript/jquery_tools/jquery.tools.min.js HTTP/1.1" 304 -
180.157.253.48 - - [03/Oct/2020:10:35:19 +0800] "GET /xingrg/javascript/jquery_tools/jquery.tools.extend.js HTTP/1.1" 304 -
180.157.253.48 - - [03/Oct/2020:10:35:19 +0800] "GET /xingrg/javascript/jquery_tools/jquery.tools.hotkey.js HTTP/1.1" 304 -
180.157.253.48 - - [03/Oct/2020:10:35:19 +0800] "GET /xingrg/javascript/auto/jquery.autocomplete.js HTTP/1.1" 304 -
180.157.253.48 - - [03/Oct/2020:10:35:19 +0800] "GET /xingrg/javascript/jquery_tools/jquery.tools.table.js HTTP/1.1" 304 -
180.157.253.48 - - [03/Oct/2020:10:35:19 +0800] "GET /xingrg/javascript/jquery.utils.js HTTP/1.1" 304 -
180.157.253.48 - - [03/Oct/2020:10:35:19 +0800] "GET /xingrg/javascript/jquery_tools/order_manager.js HTTP/1.1" 304 -
180.157.253.48 - - [03/Oct/2020:10:35:19 +0800] "GET /xingrg/javascript/easyui/easyloader.js HTTP/1.1" 304 -
180.157.253.48 - - [03/Oct/2020:10:35:19 +0800] "GET /xingrg/javascript/json2.js HTTP/1.1" 304 -
180.157.253.48 - - [03/Oct/2020:10:35:19 +0800] "GET /xingrg/javascript/jquery.cookie.js HTTP/1.1" 304 -
180.157.253.48 - - [03/Oct/2020:10:35:19 +0800] "GET /xingrg/javascript/easyui/plugins/jquery.validatebox.js HTTP/1.1" 304 -
180.157.253.48 - - [03/Oct/2020:10:35:19 +0800] "GET /xingrg/javascript/print/kc_print.js HTTP/1.1" 304 -
180.157.253.48 - - [03/Oct/2020:10:35:19 +0800] "GET /xingrg/javascript/print/LodopFuncs.js HTTP/1.1" 304 -
180.157.253.48 - - [03/Oct/2020:10:35:19 +0800] "GET /xingrg/javascript/easyui/plugins/jquery.parser.js HTTP/1.1" 304 -
180.157.253.48 - - [03/Oct/2020:10:35:19 +0800] "GET /xingrg/javascript/easyui/plugins/jquery.numberbox.js HTTP/1.1" 304 -
180.157.253.48 - - [03/Oct/2020:10:35:19 +0800] "GET /xingrg/words/20201002162454_words.js HTTP/1.1" 304 -
180.157.253.48 - - [03/Oct/2020:10:35:19 +0800] "GET /xingrg/javascript/convert.js HTTP/1.1" 304 -
117.131.5.26 - - [03/Oct/2020:10:35:19 +0800] "POST /xingrg/services/DataTransmitService HTTP/1.1" 200 501
124.77.70.31 - - [03/Oct/2020:10:35:20 +0800] "GET /xingrg/kc/print/load_data.html?order_code=212020100301049&kc_code=cgsh&condition= HTTP/1.1" 200 745
101.85.228.253 - - [03/Oct/2020:10:35:20 +0800] "GET /xingrg/all/function/internal_message.html?_=1601692734228&CODE_STATE=getMsg HTTP/1.1" 200 27
172.17.0.102 - - [03/Oct/2020:10:35:21 +0800] "GET /xingrg/all/report/report_query.html?isQuery=1&fileName=dma/new_5.0/menu/menu_hz.xml&queryString=(a.sale_day%2520between%252020200901%2520and%252020200930)%2520and%2520(a.sid%2520in%2520(7))%2520and%2520(a.tj_code%253D18)&queryText=%25E3%2580%2590%25E8%2590%25A5%25E4%25B8%259A%25E6%2597%25A5%25E6%259C%259F%253A2020-09-01%2520%25E8%2587%25B3%25202020-09-30%25E3%2580%2591%2520%25E5%25B9%25B6%25E4%25B8%2594%2520%2520%25E3%2580%2590%25E9%2597%25A8%25E5%25BA%2597%25E5%2590%258D%25E7%25A7%25B0%2520%253D%2520%25E5%25BE%2590%25E6%25B1%2587%25E6%25A6%2595%25E6%25B8%25AF%25E3%2580%2591%2520%25E5%25B9%25B6%25E4%25B8%2594%2520%25E3%2580%2590%25E7%25BB%259F%25E8%25AE%25A1%25E7%25B1%25BB%25E5%2588%25AB%2520%253D%2520%25E6%258A%25B5%25E7%2594%25A8%25E5%2588%25B8%25E3%2580%2591 HTTP/1.1" 200 54032
172.17.0.102 - - [03/Oct/2020:10:35:21 +0800] "GET /xingrg/dwr/engine.js HTTP/1.1" 200 43631
172.17.0.102 - - [03/Oct/2020:10:35:21 +0800] "GET /favicon.ico HTTP/1.1" 404 -
172.17.0.101 - - [03/Oct/2020:10:35:21 +0800] "GET /xingrg/all/function/internal_message.html?_=1601692519853&CODE_STATE=getMsg HTTP/1.1" 200 27
172.17.0.102 - - [03/Oct/2020:10:35:21 +0800] "POST /xingrg/all/report/load_report_page.html HTTP/1.1" 200 31466
172.17.0.102 - - [03/Oct/2020:10:35:21 +0800] "GET /xingrg/servlets/image?cache=0.7492768349773783&image=px HTTP/1.1" 200 807
117.184.7.30 - - [03/Oct/2020:10:35:22 +0800] "GET /xingrg/kc/print/load_data.html?order_code=312020100200065&kc_code=pssh&condition= HTTP/1.1" 200 819
117.131.5.26 - - [03/Oct/2020:10:35:23 +0800] "POST /xingrg/services/DataTransmitService HTTP/1.1" 200 524
117.131.5.26 - - [03/Oct/2020:10:35:23 +0800] "POST /xingrg/services/DataTransmitService HTTP/1.1" 200 497
117.131.5.26 - - [03/Oct/2020:10:35:23 +0800] "POST /xingrg/services/DataTransmitService HTTP/1.1" 200 524
116.232.52.152 - - [03/Oct/2020:10:35:23 +0800] "GET /xingrg/all/function/internal_message.html?_=1601692549718&CODE_STATE=getMsg HTTP/1.1" 200 27
117.131.5.26 - - [03/Oct/2020:10:35:24 +0800] "POST /xingrg/services/DataTransmitService HTTP/1.1" 200 501
124.77.70.31 - - [03/Oct/2020:10:35:24 +0800] "GET /xingrg/kc/buy/cgsh_order_add.html HTTP/1.1" 200 60026
117.131.5.26 - - [03/Oct/2020:10:35:24 +0800] "POST /xingrg/services/DataTransmitService HTTP/1.1" 200 501
180.157.253.48 - - [03/Oct/2020:10:35:24 +0800] "GET /xingrg/kc/buy/cgsh_order_operate.html?command=get_materiel&rest_code=00148&code=00101009050&supplier_code=00100022&order_time=2020-10-03 HTTP/1.1" 200 431
124.77.70.31 - - [03/Oct/2020:10:35:25 +0800] "POST /xingrg/kc/buy/cgsh_order_operate.html HTTP/1.1" 200 8245
124.77.70.31 - - [03/Oct/2020:10:35:25 +0800] "GET /xingrg/javascript/easyui/themes/default/validatebox.css HTTP/1.1" 404 1104
117.131.5.26 - - [03/Oct/2020:10:35:25 +0800] "POST /xingrg/services/DataTransmitService HTTP/1.1" 200 501
124.77.70.31 - - [03/Oct/2020:10:35:26 +0800] "GET /xingrg/javascript/easyui/themes/default/tree.css HTTP/1.1" 404 1090
124.77.70.31 - - [03/Oct/2020:10:35:26 +0800] "POST /xingrg/all/common/load_tree.html?tree=supplier_tree_json&isDelete=1 HTTP/1.1" 200 50541
117.184.7.30 - - [03/Oct/2020:10:35:27 +0800] "GET /xingrg/kc/mdqp/pssh_order_list.html?isBack=1 HTTP/1.1" 200 17879
117.131.5.26 - - [03/Oct/2020:10:35:27 +0800] "POST /xingrg/services/DataTransmitService HTTP/1.1" 200 501
117.184.7.30 - - [03/Oct/2020:10:35:27 +0800] "POST /xingrg/kc/mdqp/pssh_list_operate.html HTTP/1.1" 200 5438
117.131.5.26 - - [03/Oct/2020:10:35:27 +0800] "POST /xingrg/services/DataTransmitService HTTP/1.1" 200 501
117.131.5.26 - - [03/Oct/2020:10:35:28 +0800] "POST /xingrg/services/DataTransmitService HTTP/1.1" 200 501
117.131.5.26 - - [03/Oct/2020:10:35:28 +0800] "POST /xingrg/services/DataTransmitService HTTP/1.1" 200 501
117.131.5.26 - - [03/Oct/2020:10:35:28 +0800] "POST /xingrg/services/DataTransmitService HTTP/1.1" 200 501
117.131.5.26 - - [03/Oct/2020:10:35:28 +0800] "POST /xingrg/services/DataTransmitService HTTP/1.1" 200 501
117.184.7.30 - - [03/Oct/2020:10:35:29 +0800] "POST /xingrg/kc/mdqp/pssh_list_operate.html HTTP/1.1" 200 766
117.131.5.26 - - [03/Oct/2020:10:35:29 +0800] "POST /xingrg/services/DataTransmitService HTTP/1.1" 200 412
117.184.7.30 - - [03/Oct/2020:10:35:29 +0800] "POST /xingrg/kc/mdqp/pssh_list_operate.html HTTP/1.1" 200 814
117.184.7.26 - - [03/Oct/2020:10:35:29 +0800] "GET /xingrg/kc/mdqp/pssh_order_info.html?code=312020100200034 HTTP/1.1" 200 17297
117.184.7.26 - - [03/Oct/2020:10:35:29 +0800] "GET /xingrg/javascript/jquery_tools/jquery-1.4.2.min.js HTTP/1.1" 404 1094
180.157.253.48 - - [03/Oct/2020:10:35:30 +0800] "GET /xingrg/all/function/internal_message.html?_=1601692539818&CODE_STATE=getMsg HTTP/1.1" 200 27
117.184.7.26 - - [03/Oct/2020:10:35:30 +0800] "GET /xingrg/javascript/easyui/themes/default/validatebox.css HTTP/1.1" 404 1104
117.184.7.30 - - [03/Oct/2020:10:35:30 +0800] "POST /xingrg/kc/mdqp/pssh_order_operate.html HTTP/1.1" 200 7871
117.184.7.30 - - [03/Oct/2020:10:35:31 +0800] "POST /xingrg/all/common/load_combo.html?type=employee HTTP/1.1" 200 271
172.17.0.102 - - [03/Oct/2020:10:35:32 +0800] "POST /xingrg/dwr/call/plaincall/AjaxReportQueryService.refreshCache.dwr HTTP/1.1" 200 78
172.17.0.102 - - [03/Oct/2020:10:35:32 +0800] "POST /xingrg/all/report/load_report_page.html HTTP/1.1" 200 63983
172.17.0.102 - - [03/Oct/2020:10:35:32 +0800] "GET /xingrg/servlets/image?cache=0.03285377235424014&image=px HTTP/1.1" 200 807
58.37.8.227 - - [03/Oct/2020:10:35:33 +0800] "GET /xingrg/all/function/internal_message.html?_=1601692149687&CODE_STATE=getMsg HTTP/1.1" 200 27
180.157.253.48 - - [03/Oct/2020:10:35:33 +0800] "GET /xingrg/kc/buy/cgsh_order_operate.html?command=get_materiel&rest_code=00148&code=00101009019&supplier_code=00100022&order_time=2020-10-03 HTTP/1.1" 200 433
172.17.0.102 - - [03/Oct/2020:10:35:34 +0800] "GET /xingrg/all/report/report_query.html?isQuery=1&fileName=dma/new_5.0/menu/menu_hz.xml&queryString=(a.sale_day%2520between%252020200901%2520and%252020200930)%2520and%2520(a.sid%2520in%2520(8))%2520and%2520(a.tj_code%253D17)&queryText=%25E3%2580%2590%25E8%2590%25A5%25E4%25B8%259A%25E6%2597%25A5%25E6%259C%259F%253A2020-09-01%2520%25E8%2587%25B3%25202020-09-30%25E3%2580%2591%2520%25E5%25B9%25B6%25E4%25B8%2594%2520%2520%25E3%2580%2590%25E9%2597%25A8%25E5%25BA%2597%25E5%2590%258D%25E7%25A7%25B0%2520%253D%2520%25E7%259A%2587%25E5%25AE%25B6%25E6%25B5%25B7%25E6%25B8%25AF%25E3%2580%2591%2520%25E5%25B9%25B6%25E4%25B8%2594%2520%25E3%2580%2590%25E7%25BB%259F%25E8%25AE%25A1%25E7%25B1%25BB%25E5%2588%25AB%2520%253D%2520%25E4%25BC%259A%25E5%2591%2598%25E5%258D%25A1%25E3%2580%2591 HTTP/1.1" 200 54032
172.17.0.102 - - [03/Oct/2020:10:35:34 +0800] "GET /xingrg/dwr/engine.js HTTP/1.1" 200 43631
58.40.7.146 - - [03/Oct/2020:10:35:34 +0800] "GET /xingrg/all/function/internal_message.html?_=1601692534217&CODE_STATE=getMsg HTTP/1.1" 200 27
172.17.0.102 - - [03/Oct/2020:10:35:34 +0800] "GET /favicon.ico HTTP/1.1" 404 -
172.17.0.102 - - [03/Oct/2020:10:35:35 +0800] "POST /xingrg/all/report/load_report_page.html HTTP/1.1" 200 17545
172.17.0.102 - - [03/Oct/2020:10:35:35 +0800] "GET /xingrg/servlets/image?cache=0.46363445938262127&image=px HTTP/1.1" 200 807
117.184.7.30 - - [03/Oct/2020:10:35:35 +0800] "POST /xingrg/kc/mdqp/pssh_order_operate.html HTTP/1.1" 200 37
117.184.7.30 - - [03/Oct/2020:10:35:35 +0800] "POST /xingrg/kc/mdqp/pssh_order_operate.html HTTP/1.1" 200 12
117.184.7.30 - - [03/Oct/2020:10:35:36 +0800] "GET /xingrg/kc/mdqp/pssh_order_info.html?code=312020100200034 HTTP/1.1" 200 14382
172.17.0.123 - - [03/Oct/2020:10:35:36 +0800] "GET /xingrg/all/function/internal_message.html?_=1601692519886&CODE_STATE=getMsg HTTP/1.1" 200 27
117.184.7.30 - - [03/Oct/2020:10:35:36 +0800] "GET /xingrg/javascript/jquery_tools/jquery-1.4.2.min.js HTTP/1.1" 404 1094
117.184.7.26 - - [03/Oct/2020:10:35:36 +0800] "POST /xingrg/kc/mdqp/pssh_order_operate.html HTTP/1.1" 200 7871
117.184.7.26 - - [03/Oct/2020:10:35:36 +0800] "GET /xingrg/javascript/easyui/themes/default/validatebox.css HTTP/1.1" 404 1104
117.184.7.26 - - [03/Oct/2020:10:35:37 +0800] "GET /xingrg/kc/print/load_data.html?order_code=312020100200034&kc_code=pssh&condition= HTTP/1.1" 200 3143
180.157.253.48 - - [03/Oct/2020:10:35:39 +0800] "GET /xingrg/kc/buy/cgsh_order_operate.html?command=get_materiel&rest_code=00148&code=00101009031&supplier_code=00100022&order_time=2020-10-03 HTTP/1.1" 200 410
180.157.253.48 - - [03/Oct/2020:10:35:39 +0800] "GET /xingrg/javascript/easyui/themes/default/images/button_plain_hover.png HTTP/1.1" 304 -
180.157.253.48 - - [03/Oct/2020:10:35:39 +0800] "GET /xingrg/javascript/easyui/themes/default/images/button_plain_hover.png HTTP/1.1" 304 -
117.131.5.26 - - [03/Oct/2020:10:35:39 +0800] "POST /xingrg/services/DataTransmitService HTTP/1.1" 200 524
180.157.253.48 - - [03/Oct/2020:10:35:39 +0800] "GET /xingrg/javascript/easyui/themes/default/images/button_plain_hover.png HTTP/1.1" 304 -
180.162.245.190 - - [03/Oct/2020:10:35:40 +0800] "GET /xingrg/kc/buy/cgsh_order_operate.html?command=get_materiel&rest_code=00105&code=00101013215&supplier_code=00100323&order_time=2020-10-03 HTTP/1.1" 200 413
117.131.5.26 - - [03/Oct/2020:10:35:42 +0800] "POST /xingrg/services/DataTransmitService HTTP/1.1" 200 524
117.131.5.26 - - [03/Oct/2020:10:35:42 +0800] "POST /xingrg/services/DataTransmitService HTTP/1.1" 200 524
117.184.7.26 - - [03/Oct/2020:10:35:42 +0800] "GET /xingrg/kc/mdqp/pssh_order_list.html?isBack=1 HTTP/1.1" 200 17879
117.131.5.26 - - [03/Oct/2020:10:35:42 +0800] "POST /xingrg/services/DataTransmitService HTTP/1.1" 200 524
117.131.5.26 - - [03/Oct/2020:10:35:42 +0800] "POST /xingrg/services/DataTransmitService HTTP/1.1" 200 524
117.184.7.26 - - [03/Oct/2020:10:35:43 +0800] "POST /xingrg/kc/mdqp/pssh_list_operate.html HTTP/1.1" 200 5460
117.131.5.26 - - [03/Oct/2020:10:35:43 +0800] "POST /xingrg/services/DataTransmitService HTTP/1.1" 200 524
117.131.5.26 - - [03/Oct/2020:10:35:43 +0800] "POST /xingrg/services/DataTransmitService HTTP/1.1" 200 524
117.131.5.26 - - [03/Oct/2020:10:35:43 +0800] "POST /xingrg/services/DataTransmitService HTTP/1.1" 200 524
117.131.5.26 - - [03/Oct/2020:10:35:43 +0800] "POST /xingrg/services/DataTransmitService HTTP/1.1" 200 524
117.131.5.26 - - [03/Oct/2020:10:35:43 +0800] "POST /xingrg/services/DataTransmitService HTTP/1.1" 200 524
117.131.5.26 - - [03/Oct/2020:10:35:43 +0800] "POST /xingrg/services/DataTransmitService HTTP/1.1" 200 524
117.131.5.26 - - [03/Oct/2020:10:35:43 +0800] "POST /xingrg/services/DataTransmitService HTTP/1.1" 200 524
117.131.5.26 - - [03/Oct/2020:10:35:43 +0800] "POST /xingrg/services/DataTransmitService HTTP/1.1" 200 524
180.157.253.48 - - [03/Oct/2020:10:35:44 +0800] "GET /xingrg/kc/buy/cgsh_order_operate.html?command=get_materiel&rest_code=00148&code=00101009113&supplier_code=00100022&order_time=2020-10-03 HTTP/1.1" 200 398
117.184.7.26 - - [03/Oct/2020:10:35:45 +0800] "POST /xingrg/kc/mdqp/pssh_list_operate.html HTTP/1.1" 200 814
172.17.0.102 - - [03/Oct/2020:10:35:47 +0800] "POST /xingrg/dwr/call/plaincall/AjaxReportQueryService.refreshCache.dwr HTTP/1.1" 200 78
172.17.0.102 - - [03/Oct/2020:10:35:47 +0800] "POST /xingrg/all/report/load_report_page.html HTTP/1.1" 200 63936
61.151.207.141 - - [03/Oct/2020:10:35:47 +0800] "GET /xingrg/all/function/internal_message.html?_=1601691712461&CODE_STATE=getMsg HTTP/1.1" 302 -
172.17.0.102 - - [03/Oct/2020:10:35:47 +0800] "GET /xingrg/servlets/image?cache=0.06989324106646277&image=px HTTP/1.1" 200 807
117.184.7.26 - - [03/Oct/2020:10:35:49 +0800] "POST /xingrg/kc/mdqp/pssh_list_operate.html HTTP/1.1" 200 5460
117.184.7.26 - - [03/Oct/2020:10:35:50 +0800] "POST /xingrg/kc/mdqp/pssh_list_operate.html HTTP/1.1" 200 5577
117.184.7.26 - - [03/Oct/2020:10:35:51 +0800] "POST /xingrg/kc/mdqp/pssh_list_operate.html HTTP/1.1" 200 5591
222.69.134.241 - - [03/Oct/2020:10:35:53 +0800] "GET /xingrg/all/function/internal_message.html?_=1601692544816&CODE_STATE=getMsg HTTP/1.1" 200 27
117.184.7.26 - - [03/Oct/2020:10:35:53 +0800] "GET /xingrg/all/function/internal_message.html?_=1601692542423&CODE_STATE=getMsg HTTP/1.1" 200 27
116.238.71.30 - - [03/Oct/2020:10:35:53 +0800] "GET /xingrg/all/function/internal_message.html?_=1601692553111&CODE_STATE=getMsg HTTP/1.1" 200 27
172.17.0.102 - - [03/Oct/2020:10:35:53 +0800] "GET /xingrg/all/report/report_query.html?isQuery=1&fileName=dma/new_5.0/menu/menu_hz.xml&queryString=(a.sale_day%2520between%252020200901%2520and%252020200930)%2520and%2520(a.sid%2520in%2520(10))%2520and%2520(a.tj_code%253D17)&queryText=%25E3%2580%2590%25E8%2590%25A5%25E4%25B8%259A%25E6%2597%25A5%25E6%259C%259F%253A2020-09-01%2520%25E8%2587%25B3%25202020-09-30%25E3%2580%2591%2520%25E5%25B9%25B6%25E4%25B8%2594%2520%2520%25E3%2580%2590%25E9%2597%25A8%25E5%25BA%2597%25E5%2590%258D%25E7%25A7%25B0%2520%253D%2520%25E8%2599%25B9%25E5%258F%25A3%25E6%25A6%2595%25E6%25B8%25AF%25E3%2580%2591%2520%25E5%25B9%25B6%25E4%25B8%2594%2520%25E3%2580%2590%25E7%25BB%259F%25E8%25AE%25A1%25E7%25B1%25BB%25E5%2588%25AB%2520%253D%2520%25E4%25BC%259A%25E5%2591%2598%25E5%258D%25A1%25E3%2580%2591 HTTP/1.1" 200 54033
117.131.5.26 - - [03/Oct/2020:10:35:53 +0800] "POST /xingrg/services/DataTransmitService HTTP/1.1" 200 524
222.69.134.241 - - [03/Oct/2020:10:35:53 +0800] "GET /xingrg/check_reg.html?_=1601692545581 HTTP/1.1" 200 22
172.17.0.102 - - [03/Oct/2020:10:35:53 +0800] "GET /xingrg/dwr/engine.js HTTP/1.1" 200 43631
172.17.0.102 - - [03/Oct/2020:10:35:54 +0800] "GET /favicon.ico HTTP/1.1" 404 -
172.17.0.102 - - [03/Oct/2020:10:35:54 +0800] "POST /xingrg/all/report/load_report_page.html HTTP/1.1" 200 17532
172.17.0.102 - - [03/Oct/2020:10:35:54 +0800] "GET /xingrg/servlets/image?cache=0.1025865821905525&image=px HTTP/1.1" 200 807
117.131.5.26 - - [03/Oct/2020:10:35:54 +0800] "POST /xingrg/services/DataTransmitService HTTP/1.1" 200 501
117.131.5.26 - - [03/Oct/2020:10:35:54 +0800] "POST /xingrg/services/DataTransmitService HTTP/1.1" 200 501
124.77.70.31 - - [03/Oct/2020:10:35:55 +0800] "GET /xingrg/check_reg.html?_=1601692548722 HTTP/1.1" 200 22
124.77.70.31 - - [03/Oct/2020:10:35:55 +0800] "GET /xingrg/all/function/internal_message.html?_=1601692549051&CODE_STATE=getMsg HTTP/1.1" 200 27
117.131.5.26 - - [03/Oct/2020:10:35:56 +0800] "POST /xingrg/services/DataTransmitService HTTP/1.1" 200 501
61.151.207.141 - - [03/Oct/2020:10:35:56 +0800] "GET /xingrg/login.html HTTP/1.1" 200 7641
58.37.8.227 - - [03/Oct/2020:10:35:58 +0800] "GET /xingrg/all/function/internal_message.html?_=1601692552135&CODE_STATE=getMsg HTTP/1.1" 200 27
117.131.5.26 - - [03/Oct/2020:10:35:58 +0800] "POST /xingrg/services/DataTransmitService HTTP/1.1" 200 501
117.131.5.26 - - [03/Oct/2020:10:35:58 +0800] "POST /xingrg/services/DataTransmitService HTTP/1.1" 200 501
117.131.5.26 - - [03/Oct/2020:10:35:59 +0800] "POST /xingrg/services/DataTransmitService HTTP/1.1" 200 501
180.174.56.115 - - [03/Oct/2020:10:35:59 +0800] "GET /xingrg/all/function/internal_message.html?_=1601692535818&CODE_STATE=getMsg HTTP/1.1" 200 27
117.131.5.26 - - [03/Oct/2020:10:35:59 +0800] "POST /xingrg/services/DataTransmitService HTTP/1.1" 200 501
117.131.5.26 - - [03/Oct/2020:10:35:59 +0800] "POST /xingrg/services/DataTransmitService HTTP/1.1" 200 501
117.131.5.26 - - [03/Oct/2020:10:35:59 +0800] "POST /xingrg/services/DataTransmitService HTTP/1.1" 200 501
222.69.134.241 - - [03/Oct/2020:10:36:00 +0800] "GET /xingrg/kc/buy/cgsh_order_operate.html?command=get_materiel&rest_code=00149&code=00101009109&supplier_code=00100201&order_time=2020-10-03 HTTP/1.1" 200 399
180.162.245.190 - - [03/Oct/2020:10:36:00 +0800] "GET /xingrg/all/function/internal_message.html?_=1601692561613&CODE_STATE=getMsg HTTP/1.1" 200 27
180.157.253.48 - - [03/Oct/2020:10:36:00 +0800] "GET /xingrg/kc/buy/cgsh_order_operate.html?command=get_materiel&rest_code=00148&code=00101009088&supplier_code=00100022&order_time=2020-10-03 HTTP/1.1" 200 412
124.77.70.31 - - [03/Oct/2020:10:36:01 +0800] "GET /xingrg/kc/buy/cgsh_order_operate.html?command=get_materiel&rest_code=00107&code=00101004065&supplier_code=00100086&order_time=2020-10-03 HTTP/1.1" 200 434
117.131.5.26 - - [03/Oct/2020:10:36:02 +0800] "POST /xingrg/services/DataTransmitService HTTP/1.1" 200 412
101.85.228.253 - - [03/Oct/2020:10:36:04 +0800] "GET /xingrg/check_reg.html?_=1601692777578 HTTP/1.1" 200 22
180.162.245.190 - - [03/Oct/2020:10:36:06 +0800] "GET /xingrg/kc/buy/cgsh_order_operate.html?command=get_materiel&rest_code=00105&code=00101010241&supplier_code=00100323&order_time=2020-10-03 HTTP/1.1" 200 409
172.17.0.102 - - [03/Oct/2020:10:36:06 +0800] "GET /xingrg/all/report/report_query.html?isQuery=1&fileName=dma/new_5.0/menu/menu_hz.xml&queryString=(a.sale_day%2520between%252020200901%2520and%252020200930)%2520and%2520(a.sid%2520in%2520(10))%2520and%2520(a.tj_code%253D18)&queryText=%25E3%2580%2590%25E8%2590%25A5%25E4%25B8%259A%25E6%2597%25A5%25E6%259C%259F%253A2020-09-01%2520%25E8%2587%25B3%25202020-09-30%25E3%2580%2591%2520%25E5%25B9%25B6%25E4%25B8%2594%2520%2520%25E3%2580%2590%25E9%2597%25A8%25E5%25BA%2597%25E5%2590%258D%25E7%25A7%25B0%2520%253D%2520%25E8%2599%25B9%25E5%258F%25A3%25E6%25A6%2595%25E6%25B8%25AF%25E3%2580%2591%2520%25E5%25B9%25B6%25E4%25B8%2594%2520%25E3%2580%2590%25E7%25BB%259F%25E8%25AE%25A1%25E7%25B1%25BB%25E5%2588%25AB%2520%253D%2520%25E6%258A%25B5%25E7%2594%25A8%25E5%2588%25B8%25E3%2580%2591 HTTP/1.1" 200 54033
172.17.0.102 - - [03/Oct/2020:10:36:06 +0800] "GET /xingrg/dwr/engine.js HTTP/1.1" 200 43631
172.17.0.102 - - [03/Oct/2020:10:36:07 +0800] "GET /favicon.ico HTTP/1.1" 404 -
172.17.0.102 - - [03/Oct/2020:10:36:07 +0800] "POST /xingrg/all/report/load_report_page.html HTTP/1.1" 200 26845
172.17.0.102 - - [03/Oct/2020:10:36:07 +0800] "GET /xingrg/servlets/image?cache=0.21434258340721346&image=px HTTP/1.1" 200 807
172.17.200.101 - - [03/Oct/2020:10:36:08 +0800] "GET /xingrg/all/function/internal_message.html?_=1601692571365&CODE_STATE=getMsg HTTP/1.1" 200 27
172.17.200.101 - - [03/Oct/2020:10:36:08 +0800] "GET /xingrg/check_reg.html?_=1601692571369 HTTP/1.1" 200 22
218.81.217.115 - - [03/Oct/2020:10:36:09 +0800] "GET /xingrg/all/function/internal_message.html?_=1601692544795&CODE_STATE=getMsg HTTP/1.1" 200 27
114.88.166.242 - - [03/Oct/2020:10:36:12 +0800] "GET /xingrg/all/function/internal_message.html?_=1601692568415&CODE_STATE=getMsg HTTP/1.1" 200 27
218.81.217.115 - - [03/Oct/2020:10:36:15 +0800] "GET /xingrg/all/function/internal_message.html?_=1601692581457&CODE_STATE=getMsg HTTP/1.1" 200 27
222.69.134.241 - - [03/Oct/2020:10:36:15 +0800] "GET /xingrg/kc/buy/cgsh_order_operate.html?command=get_materiel&rest_code=00149&code=00101009062&supplier_code=00100201&order_time=2020-10-03 HTTP/1.1" 200 433
180.157.253.48 - - [03/Oct/2020:10:36:16 +0800] "GET /xingrg/javascript/easyui/themes/default/images/button_plain_hover.png HTTP/1.1" 304 -
180.157.253.48 - - [03/Oct/2020:10:36:16 +0800] "GET /xingrg/javascript/easyui/themes/default/images/button_plain_hover.png HTTP/1.1" 304 -
180.157.253.48 - - [03/Oct/2020:10:36:16 +0800] "GET /xingrg/javascript/easyui/themes/default/images/button_plain_hover.png HTTP/1.1" 304 -
180.157.253.48 - - [03/Oct/2020:10:36:16 +0800] "GET /xingrg/javascript/easyui/themes/default/images/button_plain_hover.png HTTP/1.1" 304 -
180.157.253.48 - - [03/Oct/2020:10:36:16 +0800] "GET /xingrg/javascript/easyui/themes/default/images/button_plain_hover.png HTTP/1.1" 304 -
172.17.0.102 - - [03/Oct/2020:10:36:17 +0800] "GET /xingrg/all/function/internal_message.html?_=1601692588842&CODE_STATE=getMsg HTTP/1.1" 200 27
172.17.0.102 - - [03/Oct/2020:10:36:17 +0800] "GET /xingrg/check_reg.html?_=1601692588834 HTTP/1.1" 200 22
172.17.0.120 - - [03/Oct/2020:10:36:17 +0800] "GET /xingrg/check_reg.html?_=1601692575754 HTTP/1.1" 200 22
172.17.0.120 - - [03/Oct/2020:10:36:17 +0800] "GET /xingrg/all/function/internal_message.html?_=1601692575759&CODE_STATE=getMsg HTTP/1.1" 200 27
180.157.253.48 - - [03/Oct/2020:10:36:18 +0800] "POST /xingrg/kc/buy/cgsh_order_operate.html HTTP/1.1" 200 37
101.85.228.253 - - [03/Oct/2020:10:36:20 +0800] "GET /xingrg/all/function/internal_message.html?_=1601692794239&CODE_STATE=getMsg HTTP/1.1" 200 27
180.157.253.48 - - [03/Oct/2020:10:36:21 +0800] "POST /xingrg/kc/buy/cgsh_order_operate.html HTTP/1.1" 200 4421
172.17.0.101 - - [03/Oct/2020:10:36:21 +0800] "GET /xingrg/all/function/internal_message.html?_=1601692579826&CODE_STATE=getMsg HTTP/1.1" 200 27
172.17.0.102 - - [03/Oct/2020:10:36:22 +0800] "POST /xingrg/dwr/call/plaincall/AjaxReportQueryService.refreshCache.dwr HTTP/1.1" 200 79
172.17.0.102 - - [03/Oct/2020:10:36:23 +0800] "POST /xingrg/all/report/load_report_page.html HTTP/1.1" 200 64031
172.17.0.102 - - [03/Oct/2020:10:36:23 +0800] "GET /xingrg/servlets/image?cache=0.8427963075899986&image=px HTTP/1.1" 200 807
116.232.52.152 - - [03/Oct/2020:10:36:23 +0800] "GET /xingrg/all/function/internal_message.html?_=1601692609705&CODE_STATE=getMsg HTTP/1.1" 200 27
172.17.0.102 - - [03/Oct/2020:10:36:25 +0800] "GET /xingrg/all/report/report_query.html?isQuery=1&fileName=dma/new_5.0/menu/menu_hz.xml&queryString=(a.sale_day%2520between%252020200901%2520and%252020200930)%2520and%2520(a.sid%2520in%2520(11))%2520and%2520(a.tj_code%253D18)&queryText=%25E3%2580%2590%25E8%2590%25A5%25E4%25B8%259A%25E6%2597%25A5%25E6%259C%259F%253A2020-09-01%2520%25E8%2587%25B3%25202020-09-30%25E3%2580%2591%2520%25E5%25B9%25B6%25E4%25B8%2594%2520%2520%25E3%2580%2590%25E9%2597%25A8%25E5%25BA%2597%25E5%2590%258D%25E7%25A7%25B0%2520%253D%2520%25E6%25B7%25B1%25E6%25B5%25B7%25E6%25B8%2594%25E6%25B8%25AF%25E9%2595%25BF%25E5%25AF%25BF%25E8%25B7%25AF%25E3%2580%2591%2520%25E5%25B9%25B6%25E4%25B8%2594%2520%25E3%2580%2590%25E7%25BB%259F%25E8%25AE%25A1%25E7%25B1%25BB%25E5%2588%25AB%2520%253D%2520%25E6%258A%25B5%25E7%2594%25A8%25E5%2588%25B8%25E3%2580%2591 HTTP/1.1" 200 54045
172.17.0.102 - - [03/Oct/2020:10:36:25 +0800] "GET /xingrg/dwr/engine.js HTTP/1.1" 200 43631
172.17.0.102 - - [03/Oct/2020:10:36:25 +0800] "GET /favicon.ico HTTP/1.1" 404 -
172.17.0.102 - - [03/Oct/2020:10:36:26 +0800] "POST /xingrg/all/report/load_report_page.html HTTP/1.1" 200 22176
172.17.0.102 - - [03/Oct/2020:10:36:26 +0800] "GET /xingrg/servlets/image?cache=0.7973689071014908&image=px HTTP/1.1" 200 807
180.157.253.48 - - [03/Oct/2020:10:36:30 +0800] "GET /xingrg/all/function/internal_message.html?_=1601692599833&CODE_STATE=getMsg HTTP/1.1" 200 27
180.157.253.48 - - [03/Oct/2020:10:36:31 +0800] "GET /xingrg/javascript/easyui/themes/default/images/button_plain_hover.png HTTP/1.1" 304 -
58.37.8.227 - - [03/Oct/2020:10:36:33 +0800] "GET /xingrg/all/function/internal_message.html?_=1601692209663&CODE_STATE=getMsg HTTP/1.1" 200 27
58.40.7.146 - - [03/Oct/2020:10:36:34 +0800] "GET /xingrg/all/function/internal_message.html?_=1601692594214&CODE_STATE=getMsg HTTP/1.1" 200 27
172.17.0.123 - - [03/Oct/2020:10:36:36 +0800] "GET /xingrg/all/function/internal_message.html?_=1601692579888&CODE_STATE=getMsg HTTP/1.1" 200 27
172.17.0.123 - - [03/Oct/2020:10:36:36 +0800] "GET /xingrg/check_reg.html?_=1601692579890 HTTP/1.1" 200 22
120.253.135.82 - - [03/Oct/2020:10:36:36 +0800] "GET /xingrg/check_reg.html?_=1601692706515 HTTP/1.1" 200 22
180.162.245.190 - - [03/Oct/2020:10:36:40 +0800] "GET /xingrg/kc/buy/cgsh_order_operate.html?command=get_materiel&rest_code=00105&code=00101010088&supplier_code=00100323&order_time=2020-10-03 HTTP/1.1" 200 418
58.40.7.146 - - [03/Oct/2020:10:36:40 +0800] "POST /xingrg/kc/base/check_list_operate.html HTTP/1.1" 200 5424
172.17.0.102 - - [03/Oct/2020:10:36:41 +0800] "POST /xingrg/dwr/call/plaincall/AjaxReportQueryService.refreshCache.dwr HTTP/1.1" 200 79
172.17.0.102 - - [03/Oct/2020:10:36:41 +0800] "POST /xingrg/all/report/load_report_page.html HTTP/1.1" 200 66639
172.17.0.102 - - [03/Oct/2020:10:36:41 +0800] "GET /xingrg/servlets/image?cache=0.44027310895897287&image=px HTTP/1.1" 200 807
124.77.70.31 - - [03/Oct/2020:10:36:42 +0800] "POST /xingrg/kc/buy/cgsh_order_operate.html HTTP/1.1" 200 37
124.77.70.31 - - [03/Oct/2020:10:36:43 +0800] "POST /xingrg/kc/buy/cgsh_order_operate.html HTTP/1.1" 200 2660
172.17.0.102 - - [03/Oct/2020:10:36:46 +0800] "GET /xingrg/all/report/report_query.html?isQuery=1&fileName=dma/new_5.0/menu/menu_hz.xml&queryString=(a.sale_day%2520between%252020200901%2520and%252020200930)%2520and%2520(a.sid%2520in%2520(12))%2520and%2520(a.tj_code%253D18)&queryText=%25E3%2580%2590%25E8%2590%25A5%25E4%25B8%259A%25E6%2597%25A5%25E6%259C%259F%253A2020-09-01%2520%25E8%2587%25B3%25202020-09-30%25E3%2580%2591%2520%25E5%25B9%25B6%25E4%25B8%2594%2520%2520%25E3%2580%2590%25E9%2597%25A8%25E5%25BA%2597%25E5%2590%258D%25E7%25A7%25B0%2520%253D%2520%25E6%25B7%25B1%25E6%25B5%25B7%25E6%25B8%2594%25E6%25B8%25AF%25E9%2595%25BF%25E9%2598%25B3%25E8%25B7%25AF%25E3%2580%2591%2520%25E5%25B9%25B6%25E4%25B8%2594%2520%25E3%2580%2590%25E7%25BB%259F%25E8%25AE%25A1%25E7%25B1%25BB%25E5%2588%25AB%2520%253D%2520%25E6%258A%25B5%25E7%2594%25A8%25E5%2588%25B8%25E3%2580%2591 HTTP/1.1" 200 54045
172.17.0.102 - - [03/Oct/2020:10:36:46 +0800] "GET /xingrg/dwr/engine.js HTTP/1.1" 200 43631
124.77.70.31 - - [03/Oct/2020:10:36:46 +0800] "GET /xingrg/kc/print/load_data.html?order_code=212020100301051&kc_code=cgsh&condition= HTTP/1.1" 200 736
172.17.0.102 - - [03/Oct/2020:10:36:46 +0800] "GET /favicon.ico HTTP/1.1" 404 -
172.17.0.102 - - [03/Oct/2020:10:36:46 +0800] "POST /xingrg/all/report/load_report_page.html HTTP/1.1" 200 26828
172.17.0.102 - - [03/Oct/2020:10:36:46 +0800] "GET /xingrg/servlets/image?cache=0.4005048240612137&image=px HTTP/1.1" 200 807
124.77.70.31 - - [03/Oct/2020:10:36:51 +0800] "GET /xingrg/kc/buy/cgsh_order_add.html HTTP/1.1" 200 60026
124.77.70.31 - - [03/Oct/2020:10:36:52 +0800] "POST /xingrg/kc/buy/cgsh_order_operate.html HTTP/1.1" 200 8245
124.77.70.31 - - [03/Oct/2020:10:36:52 +0800] "GET /xingrg/javascript/easyui/themes/default/validatebox.css HTTP/1.1" 404 1104
222.69.134.241 - - [03/Oct/2020:10:36:53 +0800] "GET /xingrg/all/function/internal_message.html?_=1601692604800&CODE_STATE=getMsg HTTP/1.1" 200 27
116.238.71.30 - - [03/Oct/2020:10:36:53 +0800] "GET /xingrg/all/function/internal_message.html?_=1601692613100&CODE_STATE=getMsg HTTP/1.1" 200 27
117.184.7.26 - - [03/Oct/2020:10:36:53 +0800] "GET /xingrg/all/function/internal_message.html?_=1601692602420&CODE_STATE=getMsg HTTP/1.1" 200 27
180.162.245.190 - - [03/Oct/2020:10:36:55 +0800] "GET /xingrg/kc/buy/cgsh_order_operate.html?command=get_materiel&rest_code=00105&code=00101010044&supplier_code=00100323&order_time=2020-10-03 HTTP/1.1" 200 410
124.77.70.31 - - [03/Oct/2020:10:36:55 +0800] "GET /xingrg/javascript/easyui/themes/default/tree.css HTTP/1.1" 404 1090
124.77.70.31 - - [03/Oct/2020:10:36:55 +0800] "POST /xingrg/all/common/load_tree.html?tree=supplier_tree_json&isDelete=1 HTTP/1.1" 200 50541
58.37.8.227 - - [03/Oct/2020:10:36:58 +0800] "GET /xingrg/all/function/internal_message.html?_=1601692612102&CODE_STATE=getMsg HTTP/1.1" 200 27
124.77.70.31 - - [03/Oct/2020:10:36:58 +0800] "GET /xingrg/all/function/internal_message.html?_=1601692611669&CODE_STATE=getMsg HTTP/1.1" 200 27
180.174.56.115 - - [03/Oct/2020:10:36:59 +0800] "GET /xingrg/all/function/internal_message.html?_=1601692595831&CODE_STATE=getMsg HTTP/1.1" 200 27
180.162.245.190 - - [03/Oct/2020:10:37:00 +0800] "GET /xingrg/all/function/internal_message.html?_=1601692621593&CODE_STATE=getMsg HTTP/1.1" 200 27
172.17.0.102 - - [03/Oct/2020:10:37:02 +0800] "POST /xingrg/dwr/call/plaincall/AjaxReportQueryService.refreshCache.dwr HTTP/1.1" 200 79
172.17.0.102 - - [03/Oct/2020:10:37:02 +0800] "POST /xingrg/all/report/load_report_page.html HTTP/1.1" 200 64027
172.17.0.102 - - [03/Oct/2020:10:37:02 +0800] "GET /xingrg/servlets/image?cache=0.31748872159180075&image=px HTTP/1.1" 200 807
172.17.0.102 - - [03/Oct/2020:10:37:05 +0800] "GET /xingrg/all/report/report_query.html?isQuery=1&fileName=dma/new_5.0/menu/menu_hz.xml&queryString=(a.sale_day%2520between%252020200901%2520and%252020200930)%2520and%2520(a.sid%2520in%2520(14))%2520and%2520(a.tj_code%253D18)&queryText=%25E3%2580%2590%25E8%2590%25A5%25E4%25B8%259A%25E6%2597%25A5%25E6%259C%259F%253A2020-09-01%2520%25E8%2587%25B3%25202020-09-30%25E3%2580%2591%2520%25E5%25B9%25B6%25E4%25B8%2594%2520%2520%25E3%2580%2590%25E9%2597%25A8%25E5%25BA%2597%25E5%2590%258D%25E7%25A7%25B0%2520%253D%2520%25E6%25B7%25B1%25E6%25B5%25B7%25E6%25B8%2594%25E6%25B8%25AF%25E4%25B8%2583%25E5%25AE%259D%25E5%25BA%2597%25E3%2580%2591%2520%25E5%25B9%25B6%25E4%25B8%2594%2520%25E3%2580%2590%25E7%25BB%259F%25E8%25AE%25A1%25E7%25B1%25BB%25E5%2588%25AB%2520%253D%2520%25E6%258A%25B5%25E7%2594%25A8%25E5%2588%25B8%25E3%2580%2591 HTTP/1.1" 200 54045
172.17.0.102 - - [03/Oct/2020:10:37:05 +0800] "GET /xingrg/dwr/engine.js HTTP/1.1" 200 43631
172.17.0.102 - - [03/Oct/2020:10:37:05 +0800] "GET /favicon.ico HTTP/1.1" 404 -
172.17.0.102 - - [03/Oct/2020:10:37:05 +0800] "POST /xingrg/all/report/load_report_page.html HTTP/1.1" 200 17533
172.17.0.102 - - [03/Oct/2020:10:37:05 +0800] "GET /xingrg/servlets/image?cache=0.7036960472650813&image=px HTTP/1.1" 200 807
172.17.200.101 - - [03/Oct/2020:10:37:08 +0800] "GET /xingrg/all/function/internal_message.html?_=1601692631370&CODE_STATE=getMsg HTTP/1.1" 200 27
218.81.217.115 - - [03/Oct/2020:10:37:09 +0800] "GET /xingrg/all/function/internal_message.html?_=1601692604817&CODE_STATE=getMsg HTTP/1.1" 200 27
58.40.7.146 - - [03/Oct/2020:10:37:11 +0800] "POST /xingrg/services/DataTransmitService HTTP/1.1" 200 524
