172.17.0.120 - - [03/Oct/2020:10:45:50 +0800] "GET /xingrg/all/function/internal_message.html?_=1601693148524&CODE_STATE=getMsg HTTP/1.1" 200 27
124.77.70.31 - - [03/Oct/2020:10:45:50 +0800] "GET /xingrg/javascript/easyui/themes/default/tree.css HTTP/1.1" 404 1090
124.77.70.31 - - [03/Oct/2020:10:45:50 +0800] "POST /xingrg/all/common/load_tree.html?tree=supplier_tree_json&isDelete=1 HTTP/1.1" 200 50541
222.69.134.241 - - [03/Oct/2020:10:45:53 +0800] "GET /xingrg/all/function/internal_message.html?_=1601693144673&CODE_STATE=getMsg HTTP/1.1" 200 27
116.238.71.30 - - [03/Oct/2020:10:45:53 +0800] "GET /xingrg/all/function/internal_message.html?_=1601693153116&CODE_STATE=getMsg HTTP/1.1" 200 27
117.184.7.26 - - [03/Oct/2020:10:45:53 +0800] "GET /xingrg/all/function/internal_message.html?_=1601693142430&CODE_STATE=getMsg HTTP/1.1" 200 27
222.69.134.241 - - [03/Oct/2020:10:45:53 +0800] "GET /xingrg/check_reg.html?_=1601693145564 HTTP/1.1" 200 22
124.77.70.31 - - [03/Oct/2020:10:45:55 +0800] "GET /xingrg/check_reg.html?_=1601693148766 HTTP/1.1" 200 22
58.37.8.227 - - [03/Oct/2020:10:45:58 +0800] "GET /xingrg/all/function/internal_message.html?_=1601693151884&CODE_STATE=getMsg HTTP/1.1" 200 27
124.77.70.31 - - [03/Oct/2020:10:45:58 +0800] "GET /xingrg/all/function/internal_message.html?_=1601693151516&CODE_STATE=getMsg HTTP/1.1" 200 27
58.37.8.227 - - [03/Oct/2020:10:45:59 +0800] "GET /xingrg/kc/buy/cgsh_order_operate.html?command=get_materiel&rest_code=00141&code=00101008112&supplier_code=00100007&order_time=2020-10-03 HTTP/1.1" 200 412
180.174.56.115 - - [03/Oct/2020:10:45:59 +0800] "GET /xingrg/all/function/internal_message.html?_=1601693136000&CODE_STATE=getMsg HTTP/1.1" 200 27
180.162.245.190 - - [03/Oct/2020:10:46:00 +0800] "GET /xingrg/all/function/internal_message.html?_=1601693161391&CODE_STATE=getMsg HTTP/1.1" 200 27
101.85.228.253 - - [03/Oct/2020:10:46:04 +0800] "GET /xingrg/check_reg.html?_=1601693377596 HTTP/1.1" 200 22
180.162.245.190 - - [03/Oct/2020:10:46:04 +0800] "GET /xingrg/kc/buy/cgsh_order_operate.html?command=get_materiel&rest_code=00105&code=00101019596&supplier_code=00100329&order_time=2020-10-03 HTTP/1.1" 200 443
58.37.8.227 - - [03/Oct/2020:10:46:05 +0800] "GET /xingrg/kc/buy/cgsh_order_operate.html?command=get_materiel&rest_code=00141&code=00101008110&supplier_code=00100007&order_time=2020-10-03 HTTP/1.1" 200 408
172.17.200.101 - - [03/Oct/2020:10:46:08 +0800] "GET /xingrg/all/function/internal_message.html?_=1601693171368&CODE_STATE=getMsg HTTP/1.1" 200 27
172.17.200.101 - - [03/Oct/2020:10:46:08 +0800] "GET /xingrg/check_reg.html?_=1601693171373 HTTP/1.1" 200 22
218.81.217.115 - - [03/Oct/2020:10:46:10 +0800] "GET /xingrg/all/function/internal_message.html?_=1601693144939&CODE_STATE=getMsg HTTP/1.1" 200 27
58.37.8.227 - - [03/Oct/2020:10:46:11 +0800] "GET /xingrg/kc/buy/cgsh_order_operate.html?command=get_materiel&rest_code=00141&code=00101008223&supplier_code=00100007&order_time=2020-10-03 HTTP/1.1" 200 412
114.88.166.242 - - [03/Oct/2020:10:46:12 +0800] "GET /xingrg/all/function/internal_message.html?_=1601693169127&CODE_STATE=getMsg HTTP/1.1" 200 27
116.232.52.152 - - [03/Oct/2020:10:46:15 +0800] "GET /xingrg/all/function/internal_message.html?_=1601693209718&CODE_STATE=getMsg HTTP/1.1" 200 27
218.81.217.115 - - [03/Oct/2020:10:46:16 +0800] "GET /xingrg/all/function/internal_message.html?_=1601693182434&CODE_STATE=getMsg HTTP/1.1" 200 27
58.37.8.227 - - [03/Oct/2020:10:46:16 +0800] "GET /xingrg/kc/buy/cgsh_order_operate.html?command=get_materiel&rest_code=00141&code=00101008353&supplier_code=00100007&order_time=2020-10-03 HTTP/1.1" 200 408
172.17.0.102 - - [03/Oct/2020:10:46:17 +0800] "GET /xingrg/all/function/internal_message.html?_=1601693188836&CODE_STATE=getMsg HTTP/1.1" 200 27
172.17.0.102 - - [03/Oct/2020:10:46:17 +0800] "GET /xingrg/check_reg.html?_=1601693188843 HTTP/1.1" 200 22
124.77.70.31 - - [03/Oct/2020:10:46:21 +0800] "GET /xingrg/kc/buy/cgsh_order_operate.html?command=get_materiel&rest_code=00107&code=00101004046&supplier_code=00100312&order_time=2020-10-03 HTTP/1.1" 200 419
172.17.0.101 - - [03/Oct/2020:10:46:21 +0800] "GET /xingrg/all/function/internal_message.html?_=1601693179629&CODE_STATE=getMsg HTTP/1.1" 200 27
101.85.228.253 - - [03/Oct/2020:10:46:22 +0800] "GET /xingrg/all/function/internal_message.html?_=1601693395670&CODE_STATE=getMsg HTTP/1.1" 200 27
58.37.8.227 - - [03/Oct/2020:10:46:22 +0800] "GET /xingrg/kc/buy/cgsh_order_operate.html?command=get_materiel&rest_code=00141&code=00101008095&supplier_code=00100007&order_time=2020-10-03 HTTP/1.1" 200 412
180.162.245.190 - - [03/Oct/2020:10:46:23 +0800] "GET /xingrg/kc/buy/cgsh_order_operate.html?command=get_materiel&rest_code=00105&code=00101010324&supplier_code=00100329&order_time=2020-10-03 HTTP/1.1" 200 411
180.157.253.48 - - [03/Oct/2020:10:46:30 +0800] "GET /xingrg/all/function/internal_message.html?_=1601693200108&CODE_STATE=getMsg HTTP/1.1" 200 27
58.37.8.227 - - [03/Oct/2020:10:46:32 +0800] "GET /xingrg/all/function/internal_message.html?_=1601692809500&CODE_STATE=getMsg HTTP/1.1" 200 27
180.162.245.190 - - [03/Oct/2020:10:46:32 +0800] "POST /xingrg/kc/buy/cgsh_order_operate.html HTTP/1.1" 200 37
58.37.8.227 - - [03/Oct/2020:10:46:34 +0800] "GET /xingrg/kc/buy/cgsh_order_operate.html?command=get_materiel&rest_code=00141&code=00101008168&supplier_code=00100007&order_time=2020-10-03 HTTP/1.1" 200 413
180.162.245.190 - - [03/Oct/2020:10:46:34 +0800] "POST /xingrg/kc/buy/cgsh_order_operate.html HTTP/1.1" 200 3286
58.40.7.146 - - [03/Oct/2020:10:46:34 +0800] "GET /xingrg/all/function/internal_message.html?_=1601693194220&CODE_STATE=getMsg HTTP/1.1" 200 27
180.162.245.190 - - [03/Oct/2020:10:46:35 +0800] "GET /xingrg/kc/print/load_data.html?order_code=212020100301074&kc_code=cgsh&condition= HTTP/1.1" 200 945
172.17.0.123 - - [03/Oct/2020:10:46:36 +0800] "GET /xingrg/all/function/internal_message.html?_=1601693179890&CODE_STATE=getMsg HTTP/1.1" 200 27
172.17.0.123 - - [03/Oct/2020:10:46:36 +0800] "GET /xingrg/check_reg.html?_=1601693179892 HTTP/1.1" 200 22
120.253.135.82 - - [03/Oct/2020:10:46:36 +0800] "GET /xingrg/check_reg.html?_=1601693306526 HTTP/1.1" 200 22
58.37.8.227 - - [03/Oct/2020:10:46:39 +0800] "GET /xingrg/kc/buy/cgsh_order_operate.html?command=get_materiel&rest_code=00141&code=00101008236&supplier_code=00100007&order_time=2020-10-03 HTTP/1.1" 200 436
117.131.5.26 - - [03/Oct/2020:10:46:40 +0800] "POST /xingrg/services/DataTransmitService HTTP/1.1" 200 524
117.131.5.26 - - [03/Oct/2020:10:46:42 +0800] "POST /xingrg/services/DataTransmitService HTTP/1.1" 200 501
180.162.245.190 - - [03/Oct/2020:10:46:42 +0800] "GET /xingrg/kc/buy/cgsh_order_add.html HTTP/1.1" 200 59985
180.162.245.190 - - [03/Oct/2020:10:46:43 +0800] "POST /xingrg/kc/buy/cgsh_order_operate.html HTTP/1.1" 200 8245
180.162.245.190 - - [03/Oct/2020:10:46:43 +0800] "GET /xingrg/javascript/easyui/themes/default/validatebox.css HTTP/1.1" 404 1104
117.131.5.26 - - [03/Oct/2020:10:46:43 +0800] "POST /xingrg/services/DataTransmitService HTTP/1.1" 200 501
58.37.8.227 - - [03/Oct/2020:10:46:45 +0800] "GET /xingrg/kc/buy/cgsh_order_operate.html?command=get_materiel&rest_code=00141&code=00101008254&supplier_code=00100007&order_time=2020-10-03 HTTP/1.1" 200 412
172.17.0.120 - - [03/Oct/2020:10:46:50 +0800] "GET /xingrg/all/function/internal_message.html?_=1601693208517&CODE_STATE=getMsg HTTP/1.1" 200 27
58.37.8.227 - - [03/Oct/2020:10:46:52 +0800] "GET /xingrg/kc/buy/cgsh_order_operate.html?command=get_materiel&rest_code=00141&code=00101009013&supplier_code=00100007&order_time=2020-10-03 HTTP/1.1" 200 420
222.69.134.241 - - [03/Oct/2020:10:46:53 +0800] "GET /xingrg/all/function/internal_message.html?_=1601693204648&CODE_STATE=getMsg HTTP/1.1" 200 27
180.162.245.190 - - [03/Oct/2020:10:46:53 +0800] "GET /xingrg/kc/buy/cgsh_order_operate.html?command=get_materiel&rest_code=00105&code=00101009034&supplier_code=00100335&order_time=2020-10-03 HTTP/1.1" 200 428
116.238.71.30 - - [03/Oct/2020:10:46:53 +0800] "GET /xingrg/all/function/internal_message.html?_=1601693213104&CODE_STATE=getMsg HTTP/1.1" 200 27
117.184.7.26 - - [03/Oct/2020:10:46:53 +0800] "GET /xingrg/all/function/internal_message.html?_=1601693202431&CODE_STATE=getMsg HTTP/1.1" 200 27
180.162.245.190 - - [03/Oct/2020:10:46:54 +0800] "POST /xingrg/all/common/load_select.html HTTP/1.1" 200 25
172.17.0.120 - - [03/Oct/2020:10:46:56 +0800] "GET /xingrg/kc/base/wldb_order_list.html HTTP/1.1" 200 19619
172.17.0.120 - - [03/Oct/2020:10:46:56 +0800] "POST /xingrg/kc/base/wldb_list_operate.html HTTP/1.1" 200 928
180.162.245.190 - - [03/Oct/2020:10:46:56 +0800] "GET /xingrg/kc/buy/cgsh_order_operate.html?command=get_materiel_price&rest_code=00105&code=00101009034&unit_code=00100047&supplier_code=00100335&order_time=2020-10-03 HTTP/1.1" 200 28
124.77.70.31 - - [03/Oct/2020:10:46:57 +0800] "GET /xingrg/kc/buy/cgsh_order_operate.html?command=get_materiel&rest_code=00107&code=00101004028&supplier_code=00100312&order_time=2020-10-03 HTTP/1.1" 200 413
58.37.8.227 - - [03/Oct/2020:10:46:58 +0800] "GET /xingrg/all/function/internal_message.html?_=1601693211865&CODE_STATE=getMsg HTTP/1.1" 200 27
124.77.70.31 - - [03/Oct/2020:10:46:58 +0800] "GET /xingrg/all/function/internal_message.html?_=1601693211540&CODE_STATE=getMsg HTTP/1.1" 200 27
58.37.8.227 - - [03/Oct/2020:10:46:58 +0800] "GET /xingrg/kc/buy/cgsh_order_operate.html?command=get_materiel&rest_code=00141&code=00101015004&supplier_code=00100007&order_time=2020-10-03 HTTP/1.1" 200 409
180.174.56.115 - - [03/Oct/2020:10:46:59 +0800] "GET /xingrg/all/function/internal_message.html?_=1601693196014&CODE_STATE=getMsg HTTP/1.1" 200 27
180.162.245.190 - - [03/Oct/2020:10:47:00 +0800] "GET /xingrg/all/function/internal_message.html?_=1601693221513&CODE_STATE=getMsg HTTP/1.1" 200 27
180.157.253.48 - - [03/Oct/2020:10:47:00 +0800] "POST /xingrg/services/DataTransmitService HTTP/1.1" 200 524
117.131.5.26 - - [03/Oct/2020:10:47:00 +0800] "POST /xingrg/services/DataTransmitService HTTP/1.1" 200 501
180.157.253.48 - - [03/Oct/2020:10:47:00 +0800] "POST /xingrg/services/DataTransmitService HTTP/1.1" 200 1863
180.157.253.48 - - [03/Oct/2020:10:47:01 +0800] "POST /xingrg/services/DataTransmitService HTTP/1.1" 200 133971
58.37.8.227 - - [03/Oct/2020:10:47:05 +0800] "GET /xingrg/kc/buy/cgsh_order_operate.html?command=get_materiel&rest_code=00141&code=00101009007&supplier_code=00100007&order_time=2020-10-03 HTTP/1.1" 200 408
172.17.200.101 - - [03/Oct/2020:10:47:08 +0800] "GET /xingrg/all/function/internal_message.html?_=1601693231372&CODE_STATE=getMsg HTTP/1.1" 200 27
172.17.0.120 - - [03/Oct/2020:10:47:08 +0800] "GET /xingrg/kc/mdqp/qp_main.html HTTP/1.1" 200 10613
172.17.0.120 - - [03/Oct/2020:10:47:08 +0800] "GET /xingrg/images/blue/button/qqpsd.gif HTTP/1.1" 200 2548
172.17.0.120 - - [03/Oct/2020:10:47:08 +0800] "GET /xingrg/images/blue/button/pszx.gif HTTP/1.1" 200 2648
172.17.0.120 - - [03/Oct/2020:10:47:08 +0800] "GET /xingrg/images/blue/button/psshd.gif HTTP/1.1" 200 2692
172.17.0.120 - - [03/Oct/2020:10:47:09 +0800] "GET /xingrg/kc/base/base_main.html HTTP/1.1" 200 12132
124.77.70.31 - - [03/Oct/2020:10:47:09 +0800] "GET /xingrg/kc/buy/cgsh_order_operate.html?command=get_materiel&rest_code=00107&code=00101004030&supplier_code=00100312&order_time=2020-10-03 HTTP/1.1" 200 408
218.81.217.115 - - [03/Oct/2020:10:47:10 +0800] "GET /xingrg/all/function/internal_message.html?_=1601693204947&CODE_STATE=getMsg HTTP/1.1" 200 27
172.17.0.120 - - [03/Oct/2020:10:47:10 +0800] "GET /xingrg/kc/buy/buy_main.html HTTP/1.1" 200 12377
172.17.0.120 - - [03/Oct/2020:10:47:10 +0800] "GET /xingrg/css/new_ie.css HTTP/1.1" 404 1036
172.17.0.120 - - [03/Oct/2020:10:47:10 +0800] "GET /xingrg/images/yd/bt.gif HTTP/1.1" 404 1040
58.37.8.227 - - [03/Oct/2020:10:47:10 +0800] "GET /xingrg/kc/buy/cgsh_order_operate.html?command=get_materiel&rest_code=00141&code=00101008114&supplier_code=00100007&order_time=2020-10-03 HTTP/1.1" 200 412
172.17.0.120 - - [03/Oct/2020:10:47:11 +0800] "GET /xingrg/kc/buy/cgsh_order_list.html HTTP/1.1" 200 44441
172.17.0.120 - - [03/Oct/2020:10:47:11 +0800] "POST /xingrg/kc/buy/cgsh_list_operate.html HTTP/1.1" 200 876
114.88.166.242 - - [03/Oct/2020:10:47:13 +0800] "GET /xingrg/all/function/internal_message.html?_=1601693229430&CODE_STATE=getMsg HTTP/1.1" 200 27
58.37.8.227 - - [03/Oct/2020:10:47:13 +0800] "POST /xingrg/kc/buy/cgsh_order_operate.html HTTP/1.1" 200 2065
172.17.0.120 - - [03/Oct/2020:10:47:13 +0800] "GET /xingrg/kc/base/base_main.html HTTP/1.1" 200 12132
172.17.0.120 - - [03/Oct/2020:10:47:14 +0800] "GET /xingrg/kc/base/wldb_order_list.html HTTP/1.1" 200 19619
172.17.0.120 - - [03/Oct/2020:10:47:14 +0800] "POST /xingrg/kc/base/wldb_list_operate.html HTTP/1.1" 200 928
116.232.52.152 - - [03/Oct/2020:10:47:14 +0800] "GET /xingrg/all/function/internal_message.html?_=1601693269708&CODE_STATE=getMsg HTTP/1.1" 200 27
218.81.217.115 - - [03/Oct/2020:10:47:16 +0800] "GET /xingrg/all/function/internal_message.html?_=1601693242449&CODE_STATE=getMsg HTTP/1.1" 200 27
172.17.0.120 - - [03/Oct/2020:10:47:16 +0800] "GET /xingrg/kc/report/report_main.html HTTP/1.1" 200 7325
172.17.0.120 - - [03/Oct/2020:10:47:17 +0800] "GET /xingrg/kc/base/base_main.html HTTP/1.1" 200 12132
58.37.8.227 - - [03/Oct/2020:10:47:17 +0800] "GET /xingrg/kc/buy/cgsh_order_operate.html?command=get_materiel&rest_code=00141&code=00101015066&supplier_code=00100007&order_time=2020-10-03 HTTP/1.1" 200 413
172.17.0.102 - - [03/Oct/2020:10:47:17 +0800] "GET /xingrg/all/function/internal_message.html?_=1601693248827&CODE_STATE=getMsg HTTP/1.1" 200 27
172.17.0.120 - - [03/Oct/2020:10:47:18 +0800] "GET /xingrg/kc/base/yddb_order_list.html HTTP/1.1" 200 16970
172.17.0.120 - - [03/Oct/2020:10:47:18 +0800] "POST /xingrg/kc/base/yddb_list_operate.html HTTP/1.1" 200 636
117.131.5.26 - - [03/Oct/2020:10:47:19 +0800] "POST /xingrg/services/DataTransmitService HTTP/1.1" 200 501
180.162.245.190 - - [03/Oct/2020:10:47:20 +0800] "POST /xingrg/kc/buy/cgsh_order_operate.html HTTP/1.1" 200 37
172.17.0.101 - - [03/Oct/2020:10:47:21 +0800] "GET /xingrg/all/function/internal_message.html?_=1601693239601&CODE_STATE=getMsg HTTP/1.1" 200 27
180.162.245.190 - - [03/Oct/2020:10:47:21 +0800] "POST /xingrg/kc/buy/cgsh_order_operate.html HTTP/1.1" 200 2666
117.131.5.26 - - [03/Oct/2020:10:47:22 +0800] "POST /xingrg/services/DataTransmitService HTTP/1.1" 200 501
101.85.228.253 - - [03/Oct/2020:10:47:22 +0800] "GET /xingrg/all/function/internal_message.html?_=1601693455684&CODE_STATE=getMsg HTTP/1.1" 200 27
180.162.245.190 - - [03/Oct/2020:10:47:22 +0800] "GET /xingrg/kc/print/load_data.html?order_code=212020100301075&kc_code=cgsh&condition= HTTP/1.1" 200 679
117.131.5.26 - - [03/Oct/2020:10:47:22 +0800] "POST /xingrg/services/DataTransmitService HTTP/1.1" 200 501
117.131.5.26 - - [03/Oct/2020:10:47:22 +0800] "POST /xingrg/services/DataTransmitService HTTP/1.1" 200 501
117.131.5.26 - - [03/Oct/2020:10:47:23 +0800] "POST /xingrg/services/DataTransmitService HTTP/1.1" 200 501
172.17.0.120 - - [03/Oct/2020:10:47:23 +0800] "POST /xingrg/kc/base/yddb_list_operate.html HTTP/1.1" 200 636
117.131.5.26 - - [03/Oct/2020:10:47:24 +0800] "POST /xingrg/services/DataTransmitService HTTP/1.1" 200 501
58.37.8.227 - - [03/Oct/2020:10:47:24 +0800] "GET /xingrg/check_reg.html?_=1601693237978 HTTP/1.1" 200 22
172.17.0.120 - - [03/Oct/2020:10:47:25 +0800] "POST /xingrg/kc/base/yddb_list_operate.html HTTP/1.1" 200 636
180.157.253.48 - - [03/Oct/2020:10:47:25 +0800] "GET /xingrg/javascript/easyui/themes/default/images/button_plain_hover.png HTTP/1.1" 304 -
180.157.253.48 - - [03/Oct/2020:10:47:25 +0800] "GET /xingrg/javascript/easyui/themes/default/images/button_plain_hover.png HTTP/1.1" 304 -
180.157.253.48 - - [03/Oct/2020:10:47:25 +0800] "GET /xingrg/javascript/easyui/themes/default/images/button_plain_hover.png HTTP/1.1" 304 -
180.157.253.48 - - [03/Oct/2020:10:47:25 +0800] "GET /xingrg/javascript/easyui/themes/default/images/button_plain_hover.png HTTP/1.1" 304 -
180.157.253.48 - - [03/Oct/2020:10:47:25 +0800] "GET /xingrg/javascript/easyui/themes/default/images/button_plain_hover.png HTTP/1.1" 304 -
180.157.253.48 - - [03/Oct/2020:10:47:25 +0800] "GET /xingrg/javascript/easyui/themes/default/images/button_plain_hover.png HTTP/1.1" 304 -
180.157.253.48 - - [03/Oct/2020:10:47:26 +0800] "GET /xingrg/javascript/easyui/themes/default/images/button_plain_hover.png HTTP/1.1" 304 -
180.157.253.48 - - [03/Oct/2020:10:47:26 +0800] "GET /xingrg/javascript/easyui/themes/default/images/button_plain_hover.png HTTP/1.1" 304 -
180.157.253.48 - - [03/Oct/2020:10:47:26 +0800] "GET /xingrg/css/base.css HTTP/1.1" 304 -
180.157.253.48 - - [03/Oct/2020:10:47:26 +0800] "GET /xingrg/css/site.css HTTP/1.1" 304 -
180.157.253.48 - - [03/Oct/2020:10:47:26 +0800] "GET /xingrg/javascript/jquery_tools/datebox.css HTTP/1.1" 304 -
180.157.253.48 - - [03/Oct/2020:10:47:26 +0800] "GET /xingrg/javascript/jquery_tools/fix.css HTTP/1.1" 304 -
180.157.253.48 - - [03/Oct/2020:10:47:26 +0800] "GET /xingrg/javascript/jquery_tools/table.css HTTP/1.1" 304 -
180.157.253.48 - - [03/Oct/2020:10:47:26 +0800] "GET /xingrg/javascript/pic_change.js HTTP/1.1" 304 -
180.157.253.48 - - [03/Oct/2020:10:47:26 +0800] "GET /xingrg/javascript/jquery_tools/jquery.tools.min.js HTTP/1.1" 304 -
180.157.253.48 - - [03/Oct/2020:10:47:26 +0800] "GET /xingrg/javascript/jquery_tools/jquery.tools.extend.js HTTP/1.1" 304 -
180.157.253.48 - - [03/Oct/2020:10:47:26 +0800] "GET /xingrg/javascript/jquery_tools/jquery.tools.hotkey.js HTTP/1.1" 304 -
180.157.253.48 - - [03/Oct/2020:10:47:26 +0800] "GET /xingrg/javascript/jquery_tools/jquery.tools.table.js HTTP/1.1" 304 -
180.157.253.48 - - [03/Oct/2020:10:47:26 +0800] "GET /xingrg/javascript/auto/jquery.autocomplete.js HTTP/1.1" 304 -
180.157.253.48 - - [03/Oct/2020:10:47:26 +0800] "GET /xingrg/javascript/easyui/themes/default/easyui.css HTTP/1.1" 304 -
180.157.253.48 - - [03/Oct/2020:10:47:26 +0800] "GET /xingrg/javascript/easyui/easyloader.js HTTP/1.1" 304 -
180.157.253.48 - - [03/Oct/2020:10:47:26 +0800] "GET /xingrg/javascript/jquery.utils.js HTTP/1.1" 304 -
180.157.253.48 - - [03/Oct/2020:10:47:26 +0800] "GET /xingrg/javascript/jquery_tools/order_manager.js HTTP/1.1" 304 -
180.157.253.48 - - [03/Oct/2020:10:47:26 +0800] "GET /xingrg/javascript/convert.js HTTP/1.1" 304 -
180.157.253.48 - - [03/Oct/2020:10:47:26 +0800] "GET /xingrg/javascript/json2.js HTTP/1.1" 304 -
180.157.253.48 - - [03/Oct/2020:10:47:26 +0800] "GET /xingrg/javascript/jquery.cookie.js HTTP/1.1" 304 -
180.157.253.48 - - [03/Oct/2020:10:47:26 +0800] "GET /xingrg/javascript/print/kc_print.js HTTP/1.1" 304 -
180.157.253.48 - - [03/Oct/2020:10:47:26 +0800] "GET /xingrg/javascript/print/LodopFuncs.js HTTP/1.1" 304 -
180.157.253.48 - - [03/Oct/2020:10:47:26 +0800] "GET /xingrg/javascript/auto/jquery.autocomplete.css HTTP/1.1" 304 -
180.157.253.48 - - [03/Oct/2020:10:47:26 +0800] "GET /xingrg/kc/buy/cgsh_order_add.html HTTP/1.1" 200 59938
180.157.253.48 - - [03/Oct/2020:10:47:26 +0800] "GET /xingrg/javascript/easyui/themes/icon.css HTTP/1.1" 304 -
180.157.253.48 - - [03/Oct/2020:10:47:26 +0800] "GET /xingrg/words/20201002162454_words.js HTTP/1.1" 304 -
180.157.253.48 - - [03/Oct/2020:10:47:26 +0800] "GET /xingrg/javascript/easyui/themes/icons/copy_new.png HTTP/1.1" 304 -
180.157.253.48 - - [03/Oct/2020:10:47:26 +0800] "GET /xingrg/javascript/easyui/themes/icons/template_new.png HTTP/1.1" 304 -
180.157.253.48 - - [03/Oct/2020:10:47:26 +0800] "GET /xingrg/javascript/easyui/themes/icons/ok.png HTTP/1.1" 304 -
180.157.253.48 - - [03/Oct/2020:10:47:26 +0800] "GET /xingrg/javascript/easyui/themes/icons/print.png HTTP/1.1" 304 -
180.157.253.48 - - [03/Oct/2020:10:47:26 +0800] "GET /xingrg/javascript/easyui/themes/default/images/menu_downarrow.png HTTP/1.1" 304 -
180.157.253.48 - - [03/Oct/2020:10:47:26 +0800] "GET /xingrg/javascript/easyui/themes/icons/cancel.png HTTP/1.1" 304 -
180.157.253.48 - - [03/Oct/2020:10:47:26 +0800] "GET /xingrg/javascript/easyui/plugins/jquery.parser.js HTTP/1.1" 304 -
180.157.253.48 - - [03/Oct/2020:10:47:26 +0800] "POST /xingrg/kc/buy/cgsh_order_operate.html HTTP/1.1" 200 8245
180.157.253.48 - - [03/Oct/2020:10:47:26 +0800] "GET /xingrg/javascript/easyui/themes/default/images/button_plain_hover.png HTTP/1.1" 304 -
180.157.253.48 - - [03/Oct/2020:10:47:26 +0800] "GET /xingrg/all/common/auto_word.html?type=employee&rest_code=00148 HTTP/1.1" 200 147
180.157.253.48 - - [03/Oct/2020:10:47:26 +0800] "GET /xingrg/all/common/auto_word.html?type=employee&rest_code=00148 HTTP/1.1" 200 147
180.157.253.48 - - [03/Oct/2020:10:47:26 +0800] "GET /xingrg/javascript/easyui/themes/default/images/button_plain_hover.png HTTP/1.1" 304 -
180.157.253.48 - - [03/Oct/2020:10:47:26 +0800] "GET /xingrg/javascript/easyui/themes/default/validatebox.css HTTP/1.1" 404 1104
180.157.253.48 - - [03/Oct/2020:10:47:26 +0800] "GET /xingrg/javascript/easyui/plugins/jquery.validatebox.js HTTP/1.1" 304 -
180.157.253.48 - - [03/Oct/2020:10:47:26 +0800] "GET /xingrg/javascript/easyui/plugins/jquery.numberbox.js HTTP/1.1" 304 -
117.131.5.26 - - [03/Oct/2020:10:47:27 +0800] "POST /xingrg/services/DataTransmitService HTTP/1.1" 200 412
117.131.5.26 - - [03/Oct/2020:10:47:28 +0800] "POST /xingrg/services/DataTransmitService HTTP/1.1" 200 524
117.131.5.26 - - [03/Oct/2020:10:47:28 +0800] "POST /xingrg/services/DataTransmitService HTTP/1.1" 200 524
180.157.253.48 - - [03/Oct/2020:10:47:28 +0800] "GET /xingrg/check_reg.html?_=1601693258646 HTTP/1.1" 200 22
180.157.253.48 - - [03/Oct/2020:10:47:29 +0800] "GET /xingrg/javascript/jquery_tools/jquery.tools.hotkey.js HTTP/1.1" 304 -
180.157.253.48 - - [03/Oct/2020:10:47:29 +0800] "GET /xingrg/javascript/jquery_tools/jquery.tools.extend.js HTTP/1.1" 304 -
180.157.253.48 - - [03/Oct/2020:10:47:29 +0800] "GET /xingrg/javascript/jquery_tools/jquery.tools.min.js HTTP/1.1" 304 -
180.157.253.48 - - [03/Oct/2020:10:47:29 +0800] "GET /xingrg/javascript/jquery_tools/order_manager.js HTTP/1.1" 304 -
180.157.253.48 - - [03/Oct/2020:10:47:29 +0800] "GET /xingrg/javascript/jquery_tools/jquery.tools.table.js HTTP/1.1" 304 -
180.157.253.48 - - [03/Oct/2020:10:47:29 +0800] "GET /xingrg/javascript/auto/jquery.autocomplete.js HTTP/1.1" 304 -
180.157.253.48 - - [03/Oct/2020:10:47:29 +0800] "GET /xingrg/javascript/convert.js HTTP/1.1" 304 -
180.157.253.48 - - [03/Oct/2020:10:47:29 +0800] "GET /xingrg/javascript/jquery.utils.js HTTP/1.1" 304 -
180.157.253.48 - - [03/Oct/2020:10:47:29 +0800] "GET /xingrg/javascript/easyui/easyloader.js HTTP/1.1" 304 -
180.157.253.48 - - [03/Oct/2020:10:47:29 +0800] "GET /xingrg/javascript/jquery.cookie.js HTTP/1.1" 304 -
180.157.253.48 - - [03/Oct/2020:10:47:29 +0800] "GET /xingrg/javascript/print/kc_print.js HTTP/1.1" 304 -
180.157.253.48 - - [03/Oct/2020:10:47:29 +0800] "GET /xingrg/javascript/pic_change.js HTTP/1.1" 304 -
180.157.253.48 - - [03/Oct/2020:10:47:29 +0800] "GET /xingrg/words/20201002162454_words.js HTTP/1.1" 304 -
180.157.253.48 - - [03/Oct/2020:10:47:29 +0800] "GET /xingrg/javascript/easyui/plugins/jquery.numberbox.js HTTP/1.1" 304 -
180.157.253.48 - - [03/Oct/2020:10:47:29 +0800] "GET /xingrg/javascript/print/LodopFuncs.js HTTP/1.1" 304 -
180.157.253.48 - - [03/Oct/2020:10:47:29 +0800] "GET /xingrg/javascript/easyui/plugins/jquery.parser.js HTTP/1.1" 304 -
180.157.253.48 - - [03/Oct/2020:10:47:29 +0800] "GET /xingrg/javascript/easyui/plugins/jquery.validatebox.js HTTP/1.1" 304 -
180.157.253.48 - - [03/Oct/2020:10:47:29 +0800] "GET /xingrg/javascript/json2.js HTTP/1.1" 304 -
180.162.245.190 - - [03/Oct/2020:10:47:29 +0800] "GET /xingrg/kc/buy/cgsh_order_add.html HTTP/1.1" 200 59985
180.162.245.190 - - [03/Oct/2020:10:47:30 +0800] "POST /xingrg/kc/buy/cgsh_order_operate.html HTTP/1.1" 200 8245
180.157.253.48 - - [03/Oct/2020:10:47:30 +0800] "GET /xingrg/all/function/internal_message.html?_=1601693260185&CODE_STATE=getMsg HTTP/1.1" 200 27
180.162.245.190 - - [03/Oct/2020:10:47:30 +0800] "GET /xingrg/javascript/easyui/themes/default/validatebox.css HTTP/1.1" 404 1104
58.37.8.227 - - [03/Oct/2020:10:47:32 +0800] "GET /xingrg/all/function/internal_message.html?_=1601692869476&CODE_STATE=getMsg HTTP/1.1" 200 27
124.77.70.31 - - [03/Oct/2020:10:47:32 +0800] "GET /xingrg/kc/buy/cgsh_order_operate.html?command=get_materiel&rest_code=00107&code=00101005015&supplier_code=00100312&order_time=2020-10-03 HTTP/1.1" 200 409
172.17.0.120 - - [03/Oct/2020:10:47:33 +0800] "GET /xingrg/kc/report/report_main.html HTTP/1.1" 200 7325
58.40.7.146 - - [03/Oct/2020:10:47:34 +0800] "GET /xingrg/all/function/internal_message.html?_=1601693254210&CODE_STATE=getMsg HTTP/1.1" 200 27
172.17.0.120 - - [03/Oct/2020:10:47:35 +0800] "GET /xingrg/kc/base/base_main.html HTTP/1.1" 200 12132
172.17.0.123 - - [03/Oct/2020:10:47:36 +0800] "GET /xingrg/all/function/internal_message.html?_=1601693239894&CODE_STATE=getMsg HTTP/1.1" 200 27
180.162.245.190 - - [03/Oct/2020:10:47:39 +0800] "GET /xingrg/kc/buy/cgsh_order_operate.html?command=get_materiel&rest_code=00105&code=00101018018&supplier_code=00100330&order_time=2020-10-03 HTTP/1.1" 200 417
124.77.70.31 - - [03/Oct/2020:10:47:41 +0800] "GET /xingrg/kc/buy/cgsh_order_operate.html?command=get_materiel&rest_code=00107&code=00101004057&supplier_code=00100312&order_time=2020-10-03 HTTP/1.1" 200 409
172.17.0.120 - - [03/Oct/2020:10:47:41 +0800] "POST /xingrg/all/user/operate.html HTTP/1.1" 200 36
172.17.0.120 - - [03/Oct/2020:10:47:41 +0800] "GET /xingrg/index.html?sysBaseUrl=http%3A%2F%2F172.17.0.8%3A18081%2Fxingrg%2F&costTime=72×tamp=1601687693923 HTTP/1.1" 200 17448
172.17.0.120 - - [03/Oct/2020:10:47:41 +0800] "GET /xingrg/javascript/jquery_easy_ui/themes/default/easyui.css HTTP/1.1" 304 -
172.17.0.120 - - [03/Oct/2020:10:47:41 +0800] "GET /xingrg/javascript/jquery_easy_ui/themes/icon.css HTTP/1.1" 304 -
172.17.0.120 - - [03/Oct/2020:10:47:41 +0800] "GET /xingrg/css/form.css HTTP/1.1" 304 -
172.17.0.120 - - [03/Oct/2020:10:47:41 +0800] "GET /xingrg/javascript/jquery-1.4.2.min.js HTTP/1.1" 304 -
172.17.0.120 - - [03/Oct/2020:10:47:41 +0800] "GET /xingrg/javascript/jquery_easy_ui/jquery.easyui.min.js HTTP/1.1" 304 -
172.17.0.120 - - [03/Oct/2020:10:47:41 +0800] "GET /xingrg/javascript/jquery_easy_ui/easyui-lang-zh_CN.js HTTP/1.1" 304 -
172.17.0.120 - - [03/Oct/2020:10:47:41 +0800] "GET /xingrg/javascript/jquery.form.js HTTP/1.1" 304 -
172.17.0.120 - - [03/Oct/2020:10:47:42 +0800] "GET /xingrg/javascript/jquery.utils.js HTTP/1.1" 304 -
172.17.0.120 - - [03/Oct/2020:10:47:42 +0800] "GET /xingrg/javascript/jquery.timers.js HTTP/1.1" 304 -
172.17.0.120 - - [03/Oct/2020:10:47:42 +0800] "GET /xingrg/images/blue/jxLogo.png HTTP/1.1" 304 -
172.17.0.120 - - [03/Oct/2020:10:47:42 +0800] "GET /xingrg/javascript/jquery_easy_ui/themes/icons/settle_new.png HTTP/1.1" 304 -
172.17.0.120 - - [03/Oct/2020:10:47:42 +0800] "GET /xingrg/images/blue/navBackgound.jpg HTTP/1.1" 304 -
172.17.0.120 - - [03/Oct/2020:10:47:42 +0800] "POST /xingrg/all/common/load_tree.html?tree=area_rest_tree_json&manage=1 HTTP/1.1" 200 3216
172.17.0.120 - - [03/Oct/2020:10:47:42 +0800] "GET /xingrg/all/function/internal_message.html?_=1601693260135&CODE_STATE=count HTTP/1.1" 200 11
172.17.0.120 - - [03/Oct/2020:10:47:42 +0800] "GET /xingrg/check_reg.html?_=1601693260136 HTTP/1.1" 200 22
172.17.0.120 - - [03/Oct/2020:10:47:42 +0800] "GET /xingrg/javascript/jquery_easy_ui/themes/default/images/panel_tool_expand.gif HTTP/1.1" 304 -
172.17.0.120 - - [03/Oct/2020:10:47:42 +0800] "GET /xingrg/javascript/jquery_easy_ui/themes/default/images/tabs_rightarrow.png HTTP/1.1" 304 -
172.17.0.120 - - [03/Oct/2020:10:47:42 +0800] "GET /xingrg/javascript/jquery_easy_ui/themes/default/images/panel_tool_collapse.gif HTTP/1.1" 304 -
172.17.0.120 - - [03/Oct/2020:10:47:42 +0800] "GET /xingrg/images/blue/pingpu.png HTTP/1.1" 304 -
172.17.0.120 - - [03/Oct/2020:10:47:42 +0800] "GET /xingrg/javascript/jquery_easy_ui/themes/default/images/tabs_leftarrow.png HTTP/1.1" 304 -
172.17.0.120 - - [03/Oct/2020:10:47:42 +0800] "POST /xingrg/load_menu.html HTTP/1.1" 200 9924
124.77.70.31 - - [03/Oct/2020:10:47:50 +0800] "GET /xingrg/kc/buy/cgsh_order_operate.html?command=get_materiel&rest_code=00107&code=00101004020&supplier_code=00100312&order_time=2020-10-03 HTTP/1.1" 200 409
172.17.0.120 - - [03/Oct/2020:10:47:51 +0800] "POST /xingrg/load_menu.html HTTP/1.1" 200 9445
222.69.134.241 - - [03/Oct/2020:10:47:52 +0800] "GET /xingrg/all/function/internal_message.html?_=1601693264631&CODE_STATE=getMsg HTTP/1.1" 200 27
116.238.71.30 - - [03/Oct/2020:10:47:53 +0800] "GET /xingrg/all/function/internal_message.html?_=1601693273108&CODE_STATE=getMsg HTTP/1.1" 200 27
117.184.7.26 - - [03/Oct/2020:10:47:53 +0800] "GET /xingrg/check_reg.html?_=1601693262424 HTTP/1.1" 200 22
117.184.7.30 - - [03/Oct/2020:10:47:53 +0800] "GET /xingrg/all/function/internal_message.html?_=1601693262426&CODE_STATE=getMsg HTTP/1.1" 200 27
180.162.245.190 - - [03/Oct/2020:10:47:57 +0800] "GET /xingrg/kc/buy/cgsh_order_operate.html?command=get_materiel&rest_code=00105&code=00101018019&supplier_code=00100330&order_time=2020-10-03 HTTP/1.1" 200 440
58.37.8.227 - - [03/Oct/2020:10:47:58 +0800] "GET /xingrg/all/function/internal_message.html?_=1601693271844&CODE_STATE=getMsg HTTP/1.1" 200 27
124.77.70.31 - - [03/Oct/2020:10:47:58 +0800] "GET /xingrg/all/function/internal_message.html?_=1601693271516&CODE_STATE=getMsg HTTP/1.1" 200 27
180.174.56.115 - - [03/Oct/2020:10:47:59 +0800] "GET /xingrg/all/function/internal_message.html?_=1601693256054&CODE_STATE=getMsg HTTP/1.1" 200 27
180.162.245.190 - - [03/Oct/2020:10:48:00 +0800] "GET /xingrg/all/function/internal_message.html?_=1601693281352&CODE_STATE=getMsg HTTP/1.1" 200 27
124.77.70.31 - - [03/Oct/2020:10:48:00 +0800] "GET /xingrg/kc/buy/cgsh_order_operate.html?command=get_materiel&rest_code=00107&code=00101008010&supplier_code=00100312&order_time=2020-10-03 HTTP/1.1" 200 412
172.17.200.101 - - [03/Oct/2020:10:48:08 +0800] "GET /xingrg/all/function/internal_message.html?_=1601693291374&CODE_STATE=getMsg HTTP/1.1" 200 27
172.17.0.120 - - [03/Oct/2020:10:48:09 +0800] "GET /xingrg/kc/mdqp/qp_main.html HTTP/1.1" 200 10613
218.81.217.115 - - [03/Oct/2020:10:48:10 +0800] "GET /xingrg/all/function/internal_message.html?_=1601693264963&CODE_STATE=getMsg HTTP/1.1" 200 27
58.37.8.227 - - [03/Oct/2020:10:48:10 +0800] "GET /xingrg/kc/buy/cgsh_order_operate.html?command=get_materiel&rest_code=00141&code=00101008123&supplier_code=00100007&order_time=2020-10-03 HTTP/1.1" 200 413
172.17.0.120 - - [03/Oct/2020:10:48:11 +0800] "GET /xingrg/kc/mdqp/qqps_order_list.html HTTP/1.1" 200 9192
172.17.0.120 - - [03/Oct/2020:10:48:11 +0800] "GET /xingrg/dwr/interface/AjaxQqpsService.js HTTP/1.1" 200 16326
172.17.0.120 - - [03/Oct/2020:10:48:11 +0800] "GET /xingrg/dwr/interface/AjaxReportQueryService.js HTTP/1.1" 200 13203
172.17.0.120 - - [03/Oct/2020:10:48:11 +0800] "GET /xingrg/dwr/engine.js HTTP/1.1" 200 43631
114.88.166.242 - - [03/Oct/2020:10:48:13 +0800] "GET /xingrg/all/function/internal_message.html?_=1601693289435&CODE_STATE=getMsg HTTP/1.1" 200 27
218.81.217.115 - - [03/Oct/2020:10:48:13 +0800] "GET /xingrg/check_reg.html?_=1601693299766 HTTP/1.1" 200 22
124.77.70.31 - - [03/Oct/2020:10:48:13 +0800] "GET /xingrg/kc/buy/cgsh_order_operate.html?command=get_materiel&rest_code=00107&code=00101004004&supplier_code=00100312&order_time=2020-10-03 HTTP/1.1" 200 413
172.17.0.120 - - [03/Oct/2020:10:48:13 +0800] "GET /xingrg/kc/mdqp/pssh_order_list.html HTTP/1.1" 200 17820
172.17.0.120 - - [03/Oct/2020:10:48:14 +0800] "POST /xingrg/kc/mdqp/pssh_list_operate.html HTTP/1.1" 200 5362
116.232.52.152 - - [03/Oct/2020:10:48:14 +0800] "GET /xingrg/all/function/internal_message.html?_=1601693329707&CODE_STATE=getMsg HTTP/1.1" 200 27
218.81.217.115 - - [03/Oct/2020:10:48:16 +0800] "GET /xingrg/all/function/internal_message.html?_=1601693302463&CODE_STATE=getMsg HTTP/1.1" 200 27
172.17.0.102 - - [03/Oct/2020:10:48:17 +0800] "GET /xingrg/all/function/internal_message.html?_=1601693308832&CODE_STATE=getMsg HTTP/1.1" 200 27
180.162.245.190 - - [03/Oct/2020:10:48:18 +0800] "POST /xingrg/kc/buy/cgsh_order_operate.html HTTP/1.1" 200 37
180.162.245.190 - - [03/Oct/2020:10:48:19 +0800] "POST /xingrg/kc/buy/cgsh_order_operate.html HTTP/1.1" 200 3262
180.162.245.190 - - [03/Oct/2020:10:48:20 +0800] "GET /xingrg/kc/print/load_data.html?order_code=212020100301076&kc_code=cgsh&condition= HTTP/1.1" 200 918
172.17.0.101 - - [03/Oct/2020:10:48:21 +0800] "GET /xingrg/all/function/internal_message.html?_=1601693299574&CODE_STATE=getMsg HTTP/1.1" 200 27
101.85.228.253 - - [03/Oct/2020:10:48:22 +0800] "GET /xingrg/all/function/internal_message.html?_=1601693516034&CODE_STATE=getMsg HTTP/1.1" 200 27
172.17.0.120 - - [03/Oct/2020:10:48:23 +0800] "POST /xingrg/kc/mdqp/pssh_list_operate.html HTTP/1.1" 200 8901
172.17.0.101 - - [03/Oct/2020:10:48:24 +0800] "GET /xingrg/check_reg.html?_=1601693302679 HTTP/1.1" 200 22
172.17.0.120 - - [03/Oct/2020:10:48:29 +0800] "GET /xingrg/kc/mdqp/psth_order_list1.html HTTP/1.1" 200 18041
58.37.8.227 - - [03/Oct/2020:10:48:29 +0800] "GET /xingrg/kc/buy/cgsh_order_operate.html?command=get_materiel&rest_code=00141&code=00101008356&supplier_code=00100007&order_time=2020-10-03 HTTP/1.1" 200 408
172.17.0.120 - - [03/Oct/2020:10:48:29 +0800] "POST /xingrg/kc/mdqp/psth_list_operate.html HTTP/1.1" 200 749
124.77.70.31 - - [03/Oct/2020:10:48:29 +0800] "GET /xingrg/kc/buy/cgsh_order_operate.html?command=get_materiel&rest_code=00107&code=00101001033&supplier_code=00100312&order_time=2020-10-03 HTTP/1.1" 200 417
180.157.253.48 - - [03/Oct/2020:10:48:30 +0800] "GET /xingrg/all/function/internal_message.html?_=1601693320198&CODE_STATE=getMsg HTTP/1.1" 200 27
172.17.0.120 - - [03/Oct/2020:10:48:31 +0800] "POST /xingrg/kc/mdqp/psth_list_operate.html HTTP/1.1" 200 8311
58.37.8.227 - - [03/Oct/2020:10:48:32 +0800] "GET /xingrg/all/function/internal_message.html?_=1601692929457&CODE_STATE=getMsg HTTP/1.1" 200 27
58.40.7.146 - - [03/Oct/2020:10:48:34 +0800] "GET /xingrg/all/function/internal_message.html?_=1601693314215&CODE_STATE=getMsg HTTP/1.1" 200 27
58.37.8.227 - - [03/Oct/2020:10:48:35 +0800] "GET /xingrg/kc/buy/cgsh_order_operate.html?command=get_materiel&rest_code=00141&code=00101008041&supplier_code=00100007&order_time=2020-10-03 HTTP/1.1" 200 427
172.17.0.123 - - [03/Oct/2020:10:48:36 +0800] "GET /xingrg/all/function/internal_message.html?_=1601693299882&CODE_STATE=getMsg HTTP/1.1" 200 27
58.40.7.146 - - [03/Oct/2020:10:48:37 +0800] "GET /xingrg/check_reg.html?_=1601693316557 HTTP/1.1" 200 22
172.17.0.120 - - [03/Oct/2020:10:48:37 +0800] "POST /xingrg/all/user/operate.html HTTP/1.1" 200 36
172.17.0.120 - - [03/Oct/2020:10:48:37 +0800] "GET /xingrg/index.html?sysBaseUrl=http%3A%2F%2F172.17.0.8%3A18081%2Fxingrg%2F&costTime=72×tamp=1601687693923 HTTP/1.1" 200 17454
172.17.0.120 - - [03/Oct/2020:10:48:37 +0800] "GET /xingrg/javascript/jquery_easy_ui/themes/default/easyui.css HTTP/1.1" 304 -
172.17.0.120 - - [03/Oct/2020:10:48:37 +0800] "GET /xingrg/javascript/jquery_easy_ui/themes/icon.css HTTP/1.1" 304 -
172.17.0.120 - - [03/Oct/2020:10:48:37 +0800] "GET /xingrg/css/form.css HTTP/1.1" 304 -
172.17.0.120 - - [03/Oct/2020:10:48:37 +0800] "GET /xingrg/javascript/jquery-1.4.2.min.js HTTP/1.1" 304 -
172.17.0.120 - - [03/Oct/2020:10:48:37 +0800] "GET /xingrg/javascript/jquery_easy_ui/jquery.easyui.min.js HTTP/1.1" 304 -
172.17.0.120 - - [03/Oct/2020:10:48:37 +0800] "GET /xingrg/javascript/jquery_easy_ui/easyui-lang-zh_CN.js HTTP/1.1" 304 -
172.17.0.120 - - [03/Oct/2020:10:48:37 +0800] "GET /xingrg/javascript/jquery.form.js HTTP/1.1" 304 -
172.17.0.120 - - [03/Oct/2020:10:48:37 +0800] "GET /xingrg/javascript/jquery.utils.js HTTP/1.1" 304 -
172.17.0.120 - - [03/Oct/2020:10:48:37 +0800] "GET /xingrg/javascript/jquery.timers.js HTTP/1.1" 304 -
172.17.0.120 - - [03/Oct/2020:10:48:37 +0800] "GET /xingrg/images/blue/jxLogo.png HTTP/1.1" 304 -
172.17.0.120 - - [03/Oct/2020:10:48:37 +0800] "GET /xingrg/images/blue/navBackgound.jpg HTTP/1.1" 304 -
172.17.0.120 - - [03/Oct/2020:10:48:37 +0800] "GET /xingrg/javascript/jquery_easy_ui/themes/icons/settle_new.png HTTP/1.1" 304 -
172.17.0.120 - - [03/Oct/2020:10:48:37 +0800] "POST /xingrg/all/common/load_tree.html?tree=area_rest_tree_json&manage=1 HTTP/1.1" 200 3216
172.17.0.120 - - [03/Oct/2020:10:48:37 +0800] "GET /xingrg/all/function/internal_message.html?_=1601693315979&CODE_STATE=count HTTP/1.1" 200 11
172.17.0.120 - - [03/Oct/2020:10:48:37 +0800] "GET /xingrg/check_reg.html?_=1601693315980 HTTP/1.1" 200 22
172.17.0.120 - - [03/Oct/2020:10:48:37 +0800] "GET /xingrg/images/blue/pingpu.png HTTP/1.1" 304 -
172.17.0.120 - - [03/Oct/2020:10:48:37 +0800] "GET /xingrg/javascript/jquery_easy_ui/themes/default/images/tabs_leftarrow.png HTTP/1.1" 304 -
172.17.0.120 - - [03/Oct/2020:10:48:37 +0800] "GET /xingrg/javascript/jquery_easy_ui/themes/default/images/panel_tool_expand.gif HTTP/1.1" 304 -
172.17.0.120 - - [03/Oct/2020:10:48:37 +0800] "GET /xingrg/javascript/jquery_easy_ui/themes/default/images/tabs_rightarrow.png HTTP/1.1" 304 -
172.17.0.120 - - [03/Oct/2020:10:48:37 +0800] "GET /xingrg/javascript/jquery_easy_ui/themes/default/images/panel_tool_collapse.gif HTTP/1.1" 304 -
172.17.0.120 - - [03/Oct/2020:10:48:37 +0800] "POST /xingrg/load_menu.html HTTP/1.1" 200 9924
172.17.0.120 - - [03/Oct/2020:10:48:40 +0800] "GET /xingrg/kc/mdqp/qp_main.html HTTP/1.1" 200 10613
172.17.0.120 - - [03/Oct/2020:10:48:41 +0800] "GET /xingrg/images/yd/bt.gif HTTP/1.1" 404 1040
172.17.0.120 - - [03/Oct/2020:10:48:42 +0800] "GET /xingrg/kc/mdqp/pssh_order_list.html HTTP/1.1" 200 17900
172.17.0.120 - - [03/Oct/2020:10:48:43 +0800] "POST /xingrg/kc/mdqp/pssh_list_operate.html HTTP/1.1" 200 8757
58.37.8.227 - - [03/Oct/2020:10:48:46 +0800] "POST /xingrg/kc/buy/cgsh_order_operate.html HTTP/1.1" 200 2065
172.17.0.120 - - [03/Oct/2020:10:48:47 +0800] "GET /xingrg/kc/mdqp/psth_order_list1.html HTTP/1.1" 200 18041
172.17.0.120 - - [03/Oct/2020:10:48:48 +0800] "POST /xingrg/kc/mdqp/psth_list_operate.html HTTP/1.1" 200 749
172.17.0.120 - - [03/Oct/2020:10:48:50 +0800] "POST /xingrg/kc/mdqp/psth_list_operate.html HTTP/1.1" 200 749
58.37.8.227 - - [03/Oct/2020:10:48:51 +0800] "GET /xingrg/kc/buy/cgsh_order_operate.html?command=get_materiel&rest_code=00141&code=00101008036&supplier_code=00100007&order_time=2020-10-03 HTTP/1.1" 200 408
172.17.0.120 - - [03/Oct/2020:10:48:52 +0800] "POST /xingrg/kc/mdqp/psth_list_operate.html HTTP/1.1" 200 8319
222.69.134.241 - - [03/Oct/2020:10:48:53 +0800] "GET /xingrg/all/function/internal_message.html?_=1601693324619&CODE_STATE=getMsg HTTP/1.1" 200 27
116.238.71.30 - - [03/Oct/2020:10:48:53 +0800] "GET /xingrg/all/function/internal_message.html?_=1601693333112&CODE_STATE=getMsg HTTP/1.1" 200 27
116.238.71.30 - - [03/Oct/2020:10:48:53 +0800] "GET /xingrg/check_reg.html?_=1601693333116 HTTP/1.1" 200 22
117.184.7.30 - - [03/Oct/2020:10:48:53 +0800] "GET /xingrg/all/function/internal_message.html?_=1601693322426&CODE_STATE=getMsg HTTP/1.1" 200 27
172.17.0.120 - - [03/Oct/2020:10:48:55 +0800] "GET /xingrg/kc/base/base_main.html HTTP/1.1" 200 12132
172.17.0.120 - - [03/Oct/2020:10:48:56 +0800] "GET /xingrg/kc/base/check_order_list.html HTTP/1.1" 200 16745
172.17.0.120 - - [03/Oct/2020:10:48:56 +0800] "POST /xingrg/kc/base/check_list_operate.html HTTP/1.1" 200 781
180.157.253.48 - - [03/Oct/2020:10:48:57 +0800] "GET /xingrg/javascript/easyui/themes/default/images/button_plain_hover.png HTTP/1.1" 304 -
180.157.253.48 - - [03/Oct/2020:10:48:57 +0800] "GET /xingrg/javascript/easyui/themes/default/images/button_plain_hover.png HTTP/1.1" 304 -
180.157.253.48 - - [03/Oct/2020:10:48:57 +0800] "GET /xingrg/javascript/easyui/themes/default/images/button_plain_hover.png HTTP/1.1" 304 -
180.157.253.48 - - [03/Oct/2020:10:48:57 +0800] "GET /xingrg/javascript/easyui/themes/default/images/button_plain_hover.png HTTP/1.1" 304 -
180.157.253.48 - - [03/Oct/2020:10:48:57 +0800] "GET /xingrg/javascript/easyui/themes/default/images/button_plain_hover.png HTTP/1.1" 304 -
180.157.253.48 - - [03/Oct/2020:10:48:57 +0800] "GET /xingrg/javascript/easyui/themes/default/images/button_plain_hover.png HTTP/1.1" 304 -
180.157.253.48 - - [03/Oct/2020:10:48:57 +0800] "GET /xingrg/javascript/easyui/themes/default/images/button_plain_hover.png HTTP/1.1" 304 -
58.37.8.227 - - [03/Oct/2020:10:48:57 +0800] "GET /xingrg/all/function/internal_message.html?_=1601693331813&CODE_STATE=getMsg HTTP/1.1" 200 27
172.17.0.120 - - [03/Oct/2020:10:48:58 +0800] "POST /xingrg/kc/base/check_list_operate.html HTTP/1.1" 200 781
124.77.70.31 - - [03/Oct/2020:10:48:58 +0800] "GET /xingrg/all/function/internal_message.html?_=1601693331504&CODE_STATE=getMsg HTTP/1.1" 200 27
58.37.8.227 - - [03/Oct/2020:10:48:58 +0800] "GET /xingrg/kc/buy/cgsh_order_operate.html?command=get_materiel&rest_code=00141&code=00101009062&supplier_code=00100007&order_time=2020-10-03 HTTP/1.1" 200 433
180.174.56.115 - - [03/Oct/2020:10:48:59 +0800] "GET /xingrg/all/function/internal_message.html?_=1601693316056&CODE_STATE=getMsg HTTP/1.1" 200 27
172.17.0.120 - - [03/Oct/2020:10:49:00 +0800] "POST /xingrg/kc/base/check_list_operate.html HTTP/1.1" 200 9033
180.162.245.190 - - [03/Oct/2020:10:49:00 +0800] "GET /xingrg/all/function/internal_message.html?_=1601693341484&CODE_STATE=getMsg HTTP/1.1" 200 27
172.17.0.120 - - [03/Oct/2020:10:49:03 +0800] "POST /xingrg/kc/base/check_list_operate.html HTTP/1.1" 200 5454
124.77.70.31 - - [03/Oct/2020:10:49:04 +0800] "GET /xingrg/kc/buy/cgsh_order_operate.html?command=get_materiel&rest_code=00107&code=00101001015&supplier_code=00100312&order_time=2020-10-03 HTTP/1.1" 200 414
111.16.227.134 - - [03/Oct/2020:10:49:05 +0800] "GET /favicon.ico HTTP/1.1" 404 -
172.17.0.185 - - [03/Oct/2020:10:49:05 +0800] "GET /xingrg/check_reg.html?_=1601693343902 HTTP/1.1" 200 22
111.16.227.134 - - [03/Oct/2020:10:49:06 +0800] "GET /favicon.ico HTTP/1.1" 404 -
172.17.0.120 - - [03/Oct/2020:10:49:06 +0800] "GET /xingrg/kc/base/check_order_info.html?code=452020093000356 HTTP/1.1" 200 23088
172.17.0.120 - - [03/Oct/2020:10:49:06 +0800] "GET /xingrg/dwr/interface/AjaxComOrderService.js HTTP/1.1" 200 18264
172.17.0.120 - - [03/Oct/2020:10:49:06 +0800] "GET /xingrg/dwr/interface/AjaxCheckService.js HTTP/1.1" 200 14003
172.17.0.120 - - [03/Oct/2020:10:49:06 +0800] "GET /xingrg/dwr/engine.js HTTP/1.1" 200 43631
218.81.217.115 - - [03/Oct/2020:10:49:07 +0800] "GET /xingrg/check_reg.html?_=1601693321876 HTTP/1.1" 200 22
172.17.0.120 - - [03/Oct/2020:10:49:07 +0800] "POST /xingrg/dwr/call/plaincall/AjaxCheckService.loadOrderItems.dwr HTTP/1.1" 200 4520
172.17.200.101 - - [03/Oct/2020:10:49:08 +0800] "GET /xingrg/all/function/internal_message.html?_=1601693351375&CODE_STATE=getMsg HTTP/1.1" 200 27
111.16.227.134 - - [03/Oct/2020:10:49:09 +0800] "GET /favicon.ico HTTP/1.1" 404 -
218.81.217.115 - - [03/Oct/2020:10:49:10 +0800] "GET /xingrg/all/function/internal_message.html?_=1601693324973&CODE_STATE=getMsg HTTP/1.1" 200 27
114.88.166.242 - - [03/Oct/2020:10:49:10 +0800] "GET /xingrg/check_reg.html?_=1601693347203 HTTP/1.1" 200 22
180.157.253.48 - - [03/Oct/2020:10:49:12 +0800] "GET /xingrg/kc/buy/cgsh_order_operate.html?command=get_materiel&rest_code=00148&code=00101006062&supplier_code=00100010&order_time=2020-10-03 HTTP/1.1" 200 409
114.88.166.242 - - [03/Oct/2020:10:49:13 +0800] "GET /xingrg/all/function/internal_message.html?_=1601693349448&CODE_STATE=getMsg HTTP/1.1" 200 27
116.232.52.152 - - [03/Oct/2020:10:49:14 +0800] "GET /xingrg/check_reg.html?_=1601693389703 HTTP/1.1" 200 22
116.232.52.152 - - [03/Oct/2020:10:49:14 +0800] "GET /xingrg/all/function/internal_message.html?_=1601693389703&CODE_STATE=getMsg HTTP/1.1" 200 27
218.81.217.115 - - [03/Oct/2020:10:49:16 +0800] "GET /xingrg/all/function/internal_message.html?_=1601693362476&CODE_STATE=getMsg HTTP/1.1" 200 27
172.17.0.120 - - [03/Oct/2020:10:49:16 +0800] "POST /xingrg/dwr/call/plaincall/AjaxCheckService.uncheckOrder.dwr HTTP/1.1" 200 78
172.17.0.102 - - [03/Oct/2020:10:49:17 +0800] "GET /xingrg/all/function/internal_message.html?_=1601693368840&CODE_STATE=getMsg HTTP/1.1" 200 27
172.17.0.120 - - [03/Oct/2020:10:49:17 +0800] "GET /xingrg/kc/base/check_order_info.html?code=452020093000356 HTTP/1.1" 200 26406
172.17.0.120 - - [03/Oct/2020:10:49:17 +0800] "GET /xingrg/dwr/interface/AjaxComOrderService.js HTTP/1.1" 200 18264
172.17.0.120 - - [03/Oct/2020:10:49:17 +0800] "GET /xingrg/dwr/interface/AjaxCheckService.js HTTP/1.1" 200 14003
172.17.0.120 - - [03/Oct/2020:10:49:17 +0800] "GET /xingrg/dwr/engine.js HTTP/1.1" 200 43631
172.17.0.120 - - [03/Oct/2020:10:49:18 +0800] "POST /xingrg/dwr/call/plaincall/AjaxCheckService.loadOrderItems.dwr HTTP/1.1" 200 9524
124.77.70.31 - - [03/Oct/2020:10:49:21 +0800] "GET /xingrg/kc/buy/cgsh_order_operate.html?command=get_materiel&rest_code=00107&code=00101001138&supplier_code=00100312&order_time=2020-10-03 HTTP/1.1" 200 433
172.17.0.101 - - [03/Oct/2020:10:49:21 +0800] "GET /xingrg/all/function/internal_message.html?_=1601693359549&CODE_STATE=getMsg HTTP/1.1" 200 27
101.85.228.253 - - [03/Oct/2020:10:49:22 +0800] "GET /xingrg/all/function/internal_message.html?_=1601693576038&CODE_STATE=getMsg HTTP/1.1" 200 27
172.17.0.120 - - [03/Oct/2020:10:49:24 +0800] "POST /xingrg/dwr/call/plaincall/AjaxComOrderService.getMaterielSearchList.dwr HTTP/1.1" 200 203
180.157.253.48 - - [03/Oct/2020:10:49:24 +0800] "GET /xingrg/kc/buy/cgsh_order_operate.html?command=get_materiel&rest_code=00148&code=00101006180&supplier_code=00100010&order_time=2020-10-03 HTTP/1.1" 200 423
172.17.0.120 - - [03/Oct/2020:10:49:24 +0800] "POST /xingrg/dwr/call/plaincall/AjaxComOrderService.getMaterielSearchList.dwr HTTP/1.1" 200 203
172.17.0.120 - - [03/Oct/2020:10:49:25 +0800] "POST /xingrg/dwr/call/plaincall/AjaxComOrderService.getMaterielSearchList.dwr HTTP/1.1" 200 203
172.17.0.120 - - [03/Oct/2020:10:49:27 +0800] "POST /xingrg/dwr/call/plaincall/AjaxComOrderService.getMaterielSearchList.dwr HTTP/1.1" 200 76
172.17.0.120 - - [03/Oct/2020:10:49:27 +0800] "POST /xingrg/dwr/call/plaincall/AjaxComOrderService.getMaterielSearchList.dwr HTTP/1.1" 200 76
172.17.0.120 - - [03/Oct/2020:10:49:29 +0800] "POST /xingrg/dwr/call/plaincall/AjaxComOrderService.getMaterielSearchList.dwr HTTP/1.1" 200 203
180.162.245.190 - - [03/Oct/2020:10:49:29 +0800] "GET /xingrg/kc/buy/cgsh_order_list.html HTTP/1.1" 200 44200
172.17.0.120 - - [03/Oct/2020:10:49:29 +0800] "POST /xingrg/dwr/call/plaincall/AjaxComOrderService.getMaterielSearchList.dwr HTTP/1.1" 200 203
180.162.245.190 - - [03/Oct/2020:10:49:30 +0800] "POST /xingrg/kc/buy/cgsh_list_operate.html HTTP/1.1" 200 5213
180.157.253.48 - - [03/Oct/2020:10:49:30 +0800] "GET /xingrg/all/function/internal_message.html?_=1601693380211&CODE_STATE=getMsg HTTP/1.1" 200 27
172.17.0.120 - - [03/Oct/2020:10:49:30 +0800] "POST /xingrg/dwr/call/plaincall/AjaxComOrderService.getMaterielSearchList.dwr HTTP/1.1" 200 203
172.17.0.120 - - [03/Oct/2020:10:49:31 +0800] "POST /xingrg/dwr/call/plaincall/AjaxComOrderService.getMaterielSearchList.dwr HTTP/1.1" 200 203
180.157.253.48 - - [03/Oct/2020:10:49:31 +0800] "GET /xingrg/kc/buy/cgsh_order_operate.html?command=get_materiel&rest_code=00148&code=00101006065&supplier_code=00100010&order_time=2020-10-03 HTTP/1.1" 200 409
172.17.0.120 - - [03/Oct/2020:10:49:32 +0800] "POST /xingrg/dwr/call/plaincall/AjaxComOrderService.getMaterielSearchList.dwr HTTP/1.1" 200 204
172.17.0.120 - - [03/Oct/2020:10:49:32 +0800] "POST /xingrg/dwr/call/plaincall/AjaxComOrderService.getMaterielSearchList.dwr HTTP/1.1" 200 460
58.37.8.227 - - [03/Oct/2020:10:49:32 +0800] "GET /xingrg/all/function/internal_message.html?_=1601692989429&CODE_STATE=getMsg HTTP/1.1" 200 27
58.40.7.146 - - [03/Oct/2020:10:49:34 +0800] "GET /xingrg/all/function/internal_message.html?_=1601693374232&CODE_STATE=getMsg HTTP/1.1" 200 27
180.162.245.190 - - [03/Oct/2020:10:49:35 +0800] "POST /xingrg/kc/buy/cgsh_list_operate.html HTTP/1.1" 200 5353
172.17.0.120 - - [03/Oct/2020:10:49:35 +0800] "POST /xingrg/dwr/call/plaincall/AjaxComOrderService.getMaterielByCode.dwr HTTP/1.1" 200 2648
172.17.0.123 - - [03/Oct/2020:10:49:36 +0800] "GET /xingrg/all/function/internal_message.html?_=1601693359884&CODE_STATE=getMsg HTTP/1.1" 200 27
172.17.0.120 - - [03/Oct/2020:10:49:37 +0800] "GET /xingrg/all/function/internal_message.html?_=1601693376008&CODE_STATE=getMsg HTTP/1.1" 200 27
180.162.245.190 - - [03/Oct/2020:10:49:39 +0800] "POST /xingrg/kc/buy/cgsh_list_operate.html HTTP/1.1" 200 5213
172.17.0.120 - - [03/Oct/2020:10:49:39 +0800] "POST /xingrg/dwr/call/plaincall/AjaxCheckService.addOrderItem.dwr HTTP/1.1" 200 760
180.162.245.190 - - [03/Oct/2020:10:49:41 +0800] "POST /xingrg/kc/buy/cgsh_list_operate.html HTTP/1.1" 200 354
180.162.245.190 - - [03/Oct/2020:10:49:41 +0800] "GET /xingrg/kc/buy/cgsh_order_info.html?code=212020100301061 HTTP/1.1" 200 59998
180.162.245.190 - - [03/Oct/2020:10:49:42 +0800] "GET /xingrg/javascript/easyui/themes/default/validatebox.css HTTP/1.1" 404 1104
180.162.245.190 - - [03/Oct/2020:10:49:43 +0800] "POST /xingrg/kc/buy/cgsh_order_operate.html HTTP/1.1" 200 3846
172.17.0.120 - - [03/Oct/2020:10:49:45 +0800] "POST /xingrg/dwr/call/plaincall/AjaxCheckService.checkOrder.dwr HTTP/1.1" 200 79
172.17.0.120 - - [03/Oct/2020:10:49:46 +0800] "GET /xingrg/kc/base/check_order_info.html?code=452020093000356 HTTP/1.1" 200 23090
172.17.0.120 - - [03/Oct/2020:10:49:46 +0800] "GET /xingrg/dwr/interface/AjaxComOrderService.js HTTP/1.1" 200 18264
172.17.0.120 - - [03/Oct/2020:10:49:46 +0800] "GET /xingrg/dwr/interface/AjaxCheckService.js HTTP/1.1" 200 14003
172.17.0.120 - - [03/Oct/2020:10:49:46 +0800] "GET /xingrg/dwr/engine.js HTTP/1.1" 200 43631
124.77.70.31 - - [03/Oct/2020:10:49:46 +0800] "GET /xingrg/kc/buy/cgsh_order_operate.html?command=get_materiel&rest_code=00107&code=00101001096&supplier_code=00100312&order_time=2020-10-03 HTTP/1.1" 200 413
