222.69.134.241 - - [03/Oct/2020:09:11:30 +0800] "POST /xingrg/kc/buy/cgsh_order_operate.html HTTP/1.1" 200 2065
172.17.200.101 - - [03/Oct/2020:09:11:33 +0800] "POST /xingrg/dwr/call/plaincall/AjaxReportQueryService.refreshCache.dwr HTTP/1.1" 200 78
58.40.7.146 - - [03/Oct/2020:09:11:34 +0800] "GET /xingrg/all/function/internal_message.html?_=1601687494177&CODE_STATE=getMsg HTTP/1.1" 200 27
58.37.8.227 - - [03/Oct/2020:09:11:34 +0800] "GET /xingrg/all/function/internal_message.html?_=1601687111489&CODE_STATE=getMsg HTTP/1.1" 200 27
172.17.200.101 - - [03/Oct/2020:09:11:35 +0800] "POST /xingrg/all/report/load_report_page.html HTTP/1.1" 200 46735
172.17.200.101 - - [03/Oct/2020:09:11:35 +0800] "GET /xingrg/servlets/image?cache=0.00864663456200343&image=px HTTP/1.1" 200 807
172.17.0.123 - - [03/Oct/2020:09:11:36 +0800] "GET /xingrg/all/function/internal_message.html?_=1601687479886&CODE_STATE=getMsg HTTP/1.1" 200 27
172.17.0.123 - - [03/Oct/2020:09:11:36 +0800] "GET /xingrg/check_reg.html?_=1601687479888 HTTP/1.1" 200 22
120.253.135.82 - - [03/Oct/2020:09:11:36 +0800] "GET /xingrg/check_reg.html?_=1601687606384 HTTP/1.1" 200 22
222.69.134.241 - - [03/Oct/2020:09:11:36 +0800] "GET /xingrg/kc/buy/cgsh_order_operate.html?command=get_materiel&rest_code=00149&code=00101008296&supplier_code=00100005&order_time=2020-10-03 HTTP/1.1" 200 416
124.77.70.31 - - [03/Oct/2020:09:11:38 +0800] "GET /xingrg/kc/buy/cgsh_order_operate.html?command=get_materiel&rest_code=00107&code=00101008230&supplier_code=00100006&order_time=2020-10-03 HTTP/1.1" 200 408
218.81.217.115 - - [03/Oct/2020:09:11:41 +0800] "GET /xingrg/kc/buy/cgsh_order_operate.html?command=get_materiel&rest_code=00146&code=00101008091&supplier_code=00100005&order_time=2020-10-03 HTTP/1.1" 200 413
124.77.70.31 - - [03/Oct/2020:09:11:48 +0800] "GET /xingrg/kc/buy/cgsh_order_operate.html?command=get_materiel&rest_code=00107&code=00101008036&supplier_code=00100006&order_time=2020-10-03 HTTP/1.1" 200 408
218.81.217.115 - - [03/Oct/2020:09:11:51 +0800] "GET /xingrg/kc/buy/cgsh_order_operate.html?command=get_materiel&rest_code=00146&code=00101008210&supplier_code=00100005&order_time=2020-10-03 HTTP/1.1" 200 408
222.69.134.241 - - [03/Oct/2020:09:11:52 +0800] "GET /xingrg/kc/buy/cgsh_order_operate.html?command=get_materiel&rest_code=00149&code=00101008352&supplier_code=00100005&order_time=2020-10-03 HTTP/1.1" 200 412
116.238.71.30 - - [03/Oct/2020:09:11:53 +0800] "GET /xingrg/all/function/internal_message.html?_=1601687513082&CODE_STATE=getMsg HTTP/1.1" 200 27
222.69.134.241 - - [03/Oct/2020:09:11:54 +0800] "GET /xingrg/all/function/internal_message.html?_=1601687505676&CODE_STATE=getMsg HTTP/1.1" 200 27
124.77.70.31 - - [03/Oct/2020:09:11:55 +0800] "GET /xingrg/all/function/internal_message.html?_=1601687508818&CODE_STATE=getMsg HTTP/1.1" 200 27
116.232.52.152 - - [03/Oct/2020:09:11:56 +0800] "GET /xingrg/check_reg.html?_=1601687596062 HTTP/1.1" 200 22
116.232.52.152 - - [03/Oct/2020:09:11:56 +0800] "GET /xingrg/all/function/internal_message.html?_=1601687596109&CODE_STATE=getMsg HTTP/1.1" 200 27
124.77.70.31 - - [03/Oct/2020:09:11:58 +0800] "GET /xingrg/kc/buy/cgsh_order_operate.html?command=get_materiel&rest_code=00107&code=00101008131&supplier_code=00100006&order_time=2020-10-03 HTTP/1.1" 200 409
218.81.217.115 - - [03/Oct/2020:09:11:59 +0800] "GET /xingrg/kc/buy/cgsh_order_operate.html?command=get_materiel&rest_code=00146&code=00101008055&supplier_code=00100005&order_time=2020-10-03 HTTP/1.1" 200 409
180.162.245.190 - - [03/Oct/2020:09:12:00 +0800] "GET /xingrg/all/function/internal_message.html?_=1601687521531&CODE_STATE=getMsg HTTP/1.1" 200 27
58.37.8.227 - - [03/Oct/2020:09:12:00 +0800] "GET /xingrg/all/function/internal_message.html?_=1601687514032&CODE_STATE=getMsg HTTP/1.1" 200 27
218.81.217.115 - - [03/Oct/2020:09:12:01 +0800] "POST /xingrg/kc/buy/cgsh_order_operate.html HTTP/1.1" 200 2065
222.69.134.241 - - [03/Oct/2020:09:12:04 +0800] "GET /xingrg/kc/buy/cgsh_order_operate.html?command=get_materiel&rest_code=00149&code=00101008098&supplier_code=00100005&order_time=2020-10-03 HTTP/1.1" 200 412
114.88.166.242 - - [03/Oct/2020:09:12:06 +0800] "GET /xingrg/all/function/internal_message.html?_=1601687523283&CODE_STATE=getMsg HTTP/1.1" 200 27
172.17.200.101 - - [03/Oct/2020:09:12:08 +0800] "GET /xingrg/all/function/internal_message.html?_=1601687531311&CODE_STATE=getMsg HTTP/1.1" 200 27
124.77.70.31 - - [03/Oct/2020:09:12:08 +0800] "GET /xingrg/kc/buy/cgsh_order_operate.html?command=get_materiel&rest_code=00107&code=00101008264&supplier_code=00100006&order_time=2020-10-03 HTTP/1.1" 200 412
218.81.217.115 - - [03/Oct/2020:09:12:09 +0800] "GET /xingrg/all/function/internal_message.html?_=1601687503663&CODE_STATE=getMsg HTTP/1.1" 200 27
218.81.217.115 - - [03/Oct/2020:09:12:11 +0800] "GET /xingrg/all/function/internal_message.html?_=1601687537368&CODE_STATE=getMsg HTTP/1.1" 200 27
180.157.253.48 - - [03/Oct/2020:09:12:12 +0800] "GET /xingrg/login.html HTTP/1.1" 200 7641
180.157.253.48 - - [03/Oct/2020:09:12:12 +0800] "GET /xingrg/images/blue/jxLogo.png HTTP/1.1" 304 -
180.157.253.48 - - [03/Oct/2020:09:12:12 +0800] "GET /xingrg/images/blue/login_bg.png HTTP/1.1" 304 -
218.81.217.115 - - [03/Oct/2020:09:12:12 +0800] "GET /xingrg/kc/buy/cgsh_order_operate.html?command=get_materiel&rest_code=00146&code=00101008155&supplier_code=00100005&order_time=2020-10-03 HTTP/1.1" 200 408
180.157.253.48 - - [03/Oct/2020:09:12:13 +0800] "GET /xingrg/images/blue/hj.png HTTP/1.1" 304 -
180.157.253.48 - - [03/Oct/2020:09:12:13 +0800] "GET /xingrg/images/blue/srbg.png HTTP/1.1" 304 -
180.157.253.48 - - [03/Oct/2020:09:12:13 +0800] "GET /favicon.ico HTTP/1.1" 404 -
180.174.56.115 - - [03/Oct/2020:09:12:15 +0800] "GET /xingrg/all/function/internal_message.html?_=1601687511775&CODE_STATE=getMsg HTTP/1.1" 200 27
222.69.134.241 - - [03/Oct/2020:09:12:16 +0800] "GET /xingrg/kc/buy/cgsh_order_operate.html?command=get_materiel&rest_code=00149&code=00101008005&supplier_code=00100005&order_time=2020-10-03 HTTP/1.1" 200 412
218.81.217.115 - - [03/Oct/2020:09:12:20 +0800] "GET /xingrg/kc/buy/cgsh_order_operate.html?command=get_materiel&rest_code=00146&code=00101008350&supplier_code=00100005&order_time=2020-10-03 HTTP/1.1" 200 408
172.17.0.101 - - [03/Oct/2020:09:12:23 +0800] "GET /xingrg/all/function/internal_message.html?_=1601687541513&CODE_STATE=getMsg HTTP/1.1" 200 27
58.37.8.227 - - [03/Oct/2020:09:12:23 +0800] "GET /xingrg/check_reg.html?_=1601687537334 HTTP/1.1" 200 22
180.157.253.48 - - [03/Oct/2020:09:12:27 +0800] "POST /xingrg/login.do HTTP/1.1" 302 -
180.157.253.48 - - [03/Oct/2020:09:12:27 +0800] "GET /xingrg/index.html?sysBaseUrl=http%3A%2F%2F180.169.147.146%3A18081%2Fxingrg%2F&costTime=65×tamp=1601687547521 HTTP/1.1" 200 17179
180.157.253.48 - - [03/Oct/2020:09:12:27 +0800] "GET /xingrg/javascript/jquery_easy_ui/themes/default/easyui.css HTTP/1.1" 304 -
180.157.253.48 - - [03/Oct/2020:09:12:27 +0800] "GET /xingrg/javascript/jquery_easy_ui/themes/icon.css HTTP/1.1" 304 -
180.157.253.48 - - [03/Oct/2020:09:12:27 +0800] "GET /xingrg/css/form.css HTTP/1.1" 304 -
180.157.253.48 - - [03/Oct/2020:09:12:27 +0800] "GET /xingrg/javascript/jquery-1.4.2.min.js HTTP/1.1" 304 -
180.157.253.48 - - [03/Oct/2020:09:12:27 +0800] "GET /xingrg/javascript/jquery_easy_ui/jquery.easyui.min.js HTTP/1.1" 304 -
180.157.253.48 - - [03/Oct/2020:09:12:27 +0800] "GET /xingrg/javascript/jquery_easy_ui/easyui-lang-zh_CN.js HTTP/1.1" 304 -
180.157.253.48 - - [03/Oct/2020:09:12:27 +0800] "GET /xingrg/javascript/jquery.utils.js HTTP/1.1" 304 -
180.157.253.48 - - [03/Oct/2020:09:12:27 +0800] "GET /xingrg/javascript/jquery.timers.js HTTP/1.1" 304 -
180.157.253.48 - - [03/Oct/2020:09:12:27 +0800] "GET /xingrg/javascript/jquery.form.js HTTP/1.1" 304 -
180.157.253.48 - - [03/Oct/2020:09:12:27 +0800] "GET /favicon.ico HTTP/1.1" 404 -
180.157.253.48 - - [03/Oct/2020:09:12:27 +0800] "GET /xingrg/images/blue/jxLogo.png HTTP/1.1" 304 -
180.157.253.48 - - [03/Oct/2020:09:12:27 +0800] "GET /xingrg/images/blue/navBackgound.jpg HTTP/1.1" 304 -
180.157.253.48 - - [03/Oct/2020:09:12:27 +0800] "GET /xingrg/javascript/jquery_easy_ui/themes/icons/settle_new.png HTTP/1.1" 304 -
180.157.253.48 - - [03/Oct/2020:09:12:27 +0800] "POST /xingrg/all/common/load_tree.html?tree=area_rest_tree_json&manage=1 HTTP/1.1" 200 351
180.157.253.48 - - [03/Oct/2020:09:12:27 +0800] "GET /xingrg/images/blue/pingpu.png HTTP/1.1" 304 -
180.157.253.48 - - [03/Oct/2020:09:12:27 +0800] "GET /xingrg/javascript/jquery_easy_ui/themes/default/images/tabs_rightarrow.png HTTP/1.1" 304 -
180.157.253.48 - - [03/Oct/2020:09:12:27 +0800] "GET /xingrg/javascript/jquery_easy_ui/themes/default/images/tabs_leftarrow.png HTTP/1.1" 304 -
222.69.134.241 - - [03/Oct/2020:09:12:27 +0800] "GET /xingrg/kc/buy/cgsh_order_operate.html?command=get_materiel&rest_code=00149&code=00101008307&supplier_code=00100005&order_time=2020-10-03 HTTP/1.1" 200 439
180.157.253.48 - - [03/Oct/2020:09:12:27 +0800] "GET /xingrg/javascript/jquery_easy_ui/themes/default/images/panel_tool_collapse.gif HTTP/1.1" 304 -
180.157.253.48 - - [03/Oct/2020:09:12:28 +0800] "GET /xingrg/check_reg.html?_=1601687558145 HTTP/1.1" 200 22
180.157.253.48 - - [03/Oct/2020:09:12:28 +0800] "GET /xingrg/all/function/internal_message.html?_=1601687558144&CODE_STATE=count HTTP/1.1" 200 11
180.157.253.48 - - [03/Oct/2020:09:12:28 +0800] "POST /xingrg/load_menu.html HTTP/1.1" 200 5138
180.157.253.48 - - [03/Oct/2020:09:12:28 +0800] "GET /xingrg/javascript/jquery_easy_ui/themes/default/images/tree_arrows.gif HTTP/1.1" 304 -
180.157.253.48 - - [03/Oct/2020:09:12:28 +0800] "GET /xingrg/javascript/jquery_easy_ui/themes/default/images/tree_folder_open.gif HTTP/1.1" 304 -
180.157.253.48 - - [03/Oct/2020:09:12:28 +0800] "GET /xingrg/javascript/jquery_easy_ui/themes/icons/search_new.png HTTP/1.1" 304 -
180.157.253.48 - - [03/Oct/2020:09:12:28 +0800] "GET /xingrg/javascript/jquery_easy_ui/themes/default/images/tree_folder.gif HTTP/1.1" 304 -
180.157.253.48 - - [03/Oct/2020:09:12:28 +0800] "GET /xingrg/javascript/jquery_easy_ui/themes/icons/storage_new.png HTTP/1.1" 304 -
180.157.253.48 - - [03/Oct/2020:09:12:28 +0800] "GET /xingrg/javascript/jquery_easy_ui/themes/icons/forms_new.png HTTP/1.1" 304 -
180.157.253.48 - - [03/Oct/2020:09:12:28 +0800] "GET /xingrg/javascript/jquery_easy_ui/themes/default/images/tree_file.gif HTTP/1.1" 304 -
180.157.253.48 - - [03/Oct/2020:09:12:28 +0800] "GET /xingrg/javascript/jquery_easy_ui/themes/default/images/tabs_active.png HTTP/1.1" 304 -
180.157.253.48 - - [03/Oct/2020:09:12:30 +0800] "GET /xingrg/javascript/jquery_easy_ui/themes/default/images/tabs_close.gif HTTP/1.1" 304 -
180.157.253.48 - - [03/Oct/2020:09:12:30 +0800] "GET /xingrg/css/base.css HTTP/1.1" 304 -
180.157.253.48 - - [03/Oct/2020:09:12:30 +0800] "GET /xingrg/css/site.css HTTP/1.1" 304 -
180.157.253.48 - - [03/Oct/2020:09:12:30 +0800] "GET /xingrg/javascript/jquery_tools/datebox.css HTTP/1.1" 304 -
180.157.253.48 - - [03/Oct/2020:09:12:30 +0800] "GET /xingrg/javascript/easyui/themes/default/easyui.css HTTP/1.1" 304 -
180.157.253.48 - - [03/Oct/2020:09:12:30 +0800] "GET /xingrg/javascript/easyui/themes/icon.css HTTP/1.1" 304 -
180.157.253.48 - - [03/Oct/2020:09:12:30 +0800] "GET /xingrg/javascript/jquery_tools/fix.css HTTP/1.1" 304 -
180.157.253.48 - - [03/Oct/2020:09:12:30 +0800] "GET /xingrg/javascript/jquery_tools/table.css HTTP/1.1" 304 -
180.157.253.48 - - [03/Oct/2020:09:12:30 +0800] "GET /xingrg/javascript/auto/jquery.autocomplete.css HTTP/1.1" 304 -
180.157.253.48 - - [03/Oct/2020:09:12:30 +0800] "GET /xingrg/kc/buy/cgsh_order_list.html HTTP/1.1" 200 44206
180.157.253.48 - - [03/Oct/2020:09:12:30 +0800] "GET /xingrg/javascript/jquery_tools/jquery.tools.table.js HTTP/1.1" 304 -
180.157.253.48 - - [03/Oct/2020:09:12:30 +0800] "GET /xingrg/javascript/jquery_tools/jquery.tools.min.js HTTP/1.1" 304 -
180.157.253.48 - - [03/Oct/2020:09:12:30 +0800] "GET /xingrg/javascript/jquery_tools/jquery.tools.extend.js HTTP/1.1" 304 -
180.157.253.48 - - [03/Oct/2020:09:12:30 +0800] "GET /xingrg/javascript/jquery_tools/list_manager.js HTTP/1.1" 304 -
180.157.253.48 - - [03/Oct/2020:09:12:30 +0800] "GET /xingrg/javascript/auto/jquery.autocomplete.js HTTP/1.1" 304 -
180.157.253.48 - - [03/Oct/2020:09:12:30 +0800] "GET /xingrg/javascript/jquery.utils.js HTTP/1.1" 304 -
180.157.253.48 - - [03/Oct/2020:09:12:30 +0800] "GET /xingrg/javascript/jquery_tools/jquery.tools.hotkey.js HTTP/1.1" 304 -
180.157.253.48 - - [03/Oct/2020:09:12:30 +0800] "GET /xingrg/javascript/easyui/easyloader.js HTTP/1.1" 304 -
180.157.253.48 - - [03/Oct/2020:09:12:30 +0800] "GET /xingrg/javascript/jquery.cookie.js HTTP/1.1" 304 -
180.157.253.48 - - [03/Oct/2020:09:12:30 +0800] "GET /xingrg/javascript/print/LodopFuncs.js HTTP/1.1" 304 -
180.157.253.48 - - [03/Oct/2020:09:12:31 +0800] "GET /xingrg/javascript/easyui/themes/icons/edit_add_new.png HTTP/1.1" 304 -
180.157.253.48 - - [03/Oct/2020:09:12:31 +0800] "GET /xingrg/javascript/easyui/themes/icons/cance_new.png HTTP/1.1" 304 -
180.157.253.48 - - [03/Oct/2020:09:12:31 +0800] "GET /xingrg/javascript/easyui/themes/icons/check_new.png HTTP/1.1" 304 -
180.157.253.48 - - [03/Oct/2020:09:12:31 +0800] "GET /xingrg/javascript/easyui/themes/icons/field_new.png HTTP/1.1" 304 -
180.157.253.48 - - [03/Oct/2020:09:12:31 +0800] "GET /xingrg/javascript/easyui/themes/icons/import_new.png HTTP/1.1" 304 -
180.157.253.48 - - [03/Oct/2020:09:12:31 +0800] "GET /xingrg/javascript/jquery_easy_ui/themes/icons/area.png HTTP/1.1" 304 -
180.157.253.48 - - [03/Oct/2020:09:12:31 +0800] "GET /xingrg/javascript/jquery_easy_ui/themes/icons/rest.png HTTP/1.1" 304 -
180.157.253.48 - - [03/Oct/2020:09:12:31 +0800] "GET /xingrg/javascript/easyui/plugins/jquery.parser.js HTTP/1.1" 304 -
180.157.253.48 - - [03/Oct/2020:09:12:31 +0800] "GET /xingrg/images/control/ajaxLoader.gif HTTP/1.1" 304 -
222.69.134.241 - - [03/Oct/2020:09:12:32 +0800] "POST /xingrg/kc/buy/cgsh_order_operate.html HTTP/1.1" 200 2065
180.157.253.48 - - [03/Oct/2020:09:12:32 +0800] "POST /xingrg/kc/buy/cgsh_list_operate.html HTTP/1.1" 200 876
218.81.217.115 - - [03/Oct/2020:09:12:34 +0800] "GET /xingrg/kc/buy/cgsh_order_operate.html?command=get_materiel&rest_code=00146&code=00101008244&supplier_code=00100005&order_time=2020-10-03 HTTP/1.1" 200 408
58.40.7.146 - - [03/Oct/2020:09:12:34 +0800] "GET /xingrg/all/function/internal_message.html?_=1601687554180&CODE_STATE=getMsg HTTP/1.1" 200 27
58.37.8.227 - - [03/Oct/2020:09:12:34 +0800] "GET /xingrg/all/function/internal_message.html?_=1601687171462&CODE_STATE=getMsg HTTP/1.1" 200 27
172.17.0.123 - - [03/Oct/2020:09:12:36 +0800] "GET /xingrg/all/function/internal_message.html?_=1601687539888&CODE_STATE=getMsg HTTP/1.1" 200 27
180.174.56.115 - - [03/Oct/2020:09:12:37 +0800] "POST /xingrg/kc/buy/cgsh_order_operate.html HTTP/1.1" 200 37
180.174.56.115 - - [03/Oct/2020:09:12:40 +0800] "POST /xingrg/kc/buy/cgsh_order_operate.html HTTP/1.1" 200 12
180.174.56.115 - - [03/Oct/2020:09:12:41 +0800] "GET /xingrg/kc/buy/cgsh_order_info.html?code=212020100300982 HTTP/1.1" 200 54499
180.174.56.115 - - [03/Oct/2020:09:12:42 +0800] "GET /xingrg/javascript/easyui/themes/default/validatebox.css HTTP/1.1" 404 1104
218.81.217.115 - - [03/Oct/2020:09:12:42 +0800] "GET /xingrg/kc/buy/cgsh_order_operate.html?command=get_materiel&rest_code=00146&code=00101009011&supplier_code=00100005&order_time=2020-10-03 HTTP/1.1" 200 416
180.174.56.115 - - [03/Oct/2020:09:12:42 +0800] "POST /xingrg/kc/buy/cgsh_order_operate.html HTTP/1.1" 200 29957
180.157.253.48 - - [03/Oct/2020:09:12:43 +0800] "GET /xingrg/javascript/auto/indicator.gif HTTP/1.1" 404 1066
124.77.70.31 - - [03/Oct/2020:09:12:43 +0800] "GET /xingrg/kc/buy/cgsh_order_operate.html?command=get_materiel&rest_code=00107&code=00101008361&supplier_code=00100006&order_time=2020-10-03 HTTP/1.1" 200 408
180.157.253.48 - - [03/Oct/2020:09:12:47 +0800] "POST /xingrg/kc/buy/cgsh_list_operate.html HTTP/1.1" 200 5325
180.174.56.115 - - [03/Oct/2020:09:12:47 +0800] "GET /xingrg/kc/print/load_data.html?order_code=212020100300982&kc_code=cgsh&condition= HTTP/1.1" 200 12109
218.81.217.115 - - [03/Oct/2020:09:12:47 +0800] "POST /xingrg/kc/buy/cgsh_order_operate.html HTTP/1.1" 200 2065
222.69.134.241 - - [03/Oct/2020:09:12:47 +0800] "GET /xingrg/kc/buy/cgsh_order_operate.html?command=get_materiel&rest_code=00149&code=00101008271&supplier_code=00100005&order_time=2020-10-03 HTTP/1.1" 200 408
218.81.217.115 - - [03/Oct/2020:09:12:52 +0800] "GET /xingrg/kc/buy/cgsh_order_operate.html?command=get_materiel&rest_code=00146&code=00101008010&supplier_code=00100005&order_time=2020-10-03 HTTP/1.1" 200 412
116.238.71.30 - - [03/Oct/2020:09:12:53 +0800] "GET /xingrg/all/function/internal_message.html?_=1601687573071&CODE_STATE=getMsg HTTP/1.1" 200 27
222.69.134.241 - - [03/Oct/2020:09:12:54 +0800] "GET /xingrg/all/function/internal_message.html?_=1601687565675&CODE_STATE=getMsg HTTP/1.1" 200 27
116.232.52.152 - - [03/Oct/2020:09:12:55 +0800] "GET /xingrg/all/function/internal_message.html?_=1601687656109&CODE_STATE=getMsg HTTP/1.1" 200 27
124.77.70.31 - - [03/Oct/2020:09:12:55 +0800] "GET /xingrg/all/function/internal_message.html?_=1601687568793&CODE_STATE=getMsg HTTP/1.1" 200 27
222.69.134.241 - - [03/Oct/2020:09:12:57 +0800] "GET /xingrg/kc/buy/cgsh_order_operate.html?command=get_materiel&rest_code=00149&code=00101008353&supplier_code=00100005&order_time=2020-10-03 HTTP/1.1" 200 408
58.37.8.227 - - [03/Oct/2020:09:13:00 +0800] "GET /xingrg/all/function/internal_message.html?_=1601687574012&CODE_STATE=getMsg HTTP/1.1" 200 27
180.162.245.190 - - [03/Oct/2020:09:13:00 +0800] "GET /xingrg/all/function/internal_message.html?_=1601687581531&CODE_STATE=getMsg HTTP/1.1" 200 27
218.81.217.115 - - [03/Oct/2020:09:13:06 +0800] "GET /xingrg/kc/buy/cgsh_order_operate.html?command=get_materiel&rest_code=00146&code=00101008332&supplier_code=00100005&order_time=2020-10-03 HTTP/1.1" 200 412
180.157.253.48 - - [03/Oct/2020:09:13:06 +0800] "GET /xingrg/javascript/easyui/themes/default/images/button_plain_hover.png HTTP/1.1" 304 -
114.88.166.242 - - [03/Oct/2020:09:13:06 +0800] "GET /xingrg/all/function/internal_message.html?_=1601687583306&CODE_STATE=getMsg HTTP/1.1" 200 27
222.69.134.241 - - [03/Oct/2020:09:13:08 +0800] "GET /xingrg/kc/buy/cgsh_order_operate.html?command=get_materiel&rest_code=00149&code=00101008213&supplier_code=00100005&order_time=2020-10-03 HTTP/1.1" 200 412
172.17.200.101 - - [03/Oct/2020:09:13:08 +0800] "GET /xingrg/all/function/internal_message.html?_=1601687591314&CODE_STATE=getMsg HTTP/1.1" 200 27
218.81.217.115 - - [03/Oct/2020:09:13:09 +0800] "GET /xingrg/all/function/internal_message.html?_=1601687563669&CODE_STATE=getMsg HTTP/1.1" 200 27
218.81.217.115 - - [03/Oct/2020:09:13:10 +0800] "GET /xingrg/check_reg.html?_=1601687596713 HTTP/1.1" 200 22
218.81.217.115 - - [03/Oct/2020:09:13:11 +0800] "GET /xingrg/all/function/internal_message.html?_=1601687597381&CODE_STATE=getMsg HTTP/1.1" 200 27
218.81.217.115 - - [03/Oct/2020:09:13:13 +0800] "GET /xingrg/kc/buy/cgsh_order_operate.html?command=get_materiel&rest_code=00146&code=00101008239&supplier_code=00100005&order_time=2020-10-03 HTTP/1.1" 200 416
180.174.56.115 - - [03/Oct/2020:09:13:15 +0800] "GET /xingrg/all/function/internal_message.html?_=1601687571787&CODE_STATE=getMsg HTTP/1.1" 200 27
218.81.217.115 - - [03/Oct/2020:09:13:23 +0800] "GET /xingrg/kc/buy/cgsh_order_operate.html?command=get_materiel&rest_code=00146&code=00101008019&supplier_code=00100005&order_time=2020-10-03 HTTP/1.1" 200 416
172.17.0.101 - - [03/Oct/2020:09:13:23 +0800] "GET /xingrg/all/function/internal_message.html?_=1601687601481&CODE_STATE=getMsg HTTP/1.1" 200 27
172.17.0.101 - - [03/Oct/2020:09:13:24 +0800] "GET /xingrg/check_reg.html?_=1601687602265 HTTP/1.1" 200 22
218.81.217.115 - - [03/Oct/2020:09:13:24 +0800] "POST /xingrg/kc/buy/cgsh_order_operate.html HTTP/1.1" 200 2065
180.157.253.48 - - [03/Oct/2020:09:13:28 +0800] "GET /xingrg/all/function/internal_message.html?_=1601687618165&CODE_STATE=getMsg HTTP/1.1" 200 27
218.81.217.115 - - [03/Oct/2020:09:13:30 +0800] "GET /xingrg/kc/buy/cgsh_order_operate.html?command=get_materiel&rest_code=00146&code=00101008038&supplier_code=00100005&order_time=2020-10-03 HTTP/1.1" 200 412
124.77.70.31 - - [03/Oct/2020:09:13:33 +0800] "GET /xingrg/kc/buy/cgsh_order_operate.html?command=get_materiel&rest_code=00107&code=00101008039&supplier_code=00100006&order_time=2020-10-03 HTTP/1.1" 200 412
58.40.7.146 - - [03/Oct/2020:09:13:34 +0800] "GET /xingrg/all/function/internal_message.html?_=1601687614182&CODE_STATE=getMsg HTTP/1.1" 200 27
58.37.8.227 - - [03/Oct/2020:09:13:34 +0800] "GET /xingrg/all/function/internal_message.html?_=1601687231433&CODE_STATE=getMsg HTTP/1.1" 200 27
172.17.0.123 - - [03/Oct/2020:09:13:36 +0800] "GET /xingrg/all/function/internal_message.html?_=1601687599890&CODE_STATE=getMsg HTTP/1.1" 200 27
222.69.134.241 - - [03/Oct/2020:09:13:37 +0800] "POST /xingrg/kc/buy/cgsh_order_operate.html HTTP/1.1" 200 37
58.40.7.146 - - [03/Oct/2020:09:13:37 +0800] "GET /xingrg/check_reg.html?_=1601687616870 HTTP/1.1" 200 22
222.69.134.241 - - [03/Oct/2020:09:13:39 +0800] "POST /xingrg/kc/buy/cgsh_order_operate.html HTTP/1.1" 200 33394
218.81.217.115 - - [03/Oct/2020:09:13:40 +0800] "GET /xingrg/kc/buy/cgsh_order_operate.html?command=get_materiel&rest_code=00146&code=00101008358&supplier_code=00100005&order_time=2020-10-03 HTTP/1.1" 200 412
124.77.70.31 - - [03/Oct/2020:09:13:48 +0800] "GET /xingrg/kc/buy/cgsh_order_operate.html?command=get_materiel&rest_code=00107&code=00101008125&supplier_code=00100006&order_time=2020-10-03 HTTP/1.1" 200 413
218.81.217.115 - - [03/Oct/2020:09:13:51 +0800] "GET /xingrg/kc/buy/cgsh_order_operate.html?command=get_materiel&rest_code=00146&code=00101008225&supplier_code=00100005&order_time=2020-10-03 HTTP/1.1" 200 416
116.232.52.152 - - [03/Oct/2020:09:13:53 +0800] "GET /xingrg/all/function/internal_message.html?_=1601687716109&CODE_STATE=getMsg HTTP/1.1" 200 27
116.238.71.30 - - [03/Oct/2020:09:13:53 +0800] "GET /xingrg/all/function/internal_message.html?_=1601687633074&CODE_STATE=getMsg HTTP/1.1" 200 27
116.238.71.30 - - [03/Oct/2020:09:13:53 +0800] "GET /xingrg/check_reg.html?_=1601687633075 HTTP/1.1" 200 22
222.69.134.241 - - [03/Oct/2020:09:13:54 +0800] "GET /xingrg/all/function/internal_message.html?_=1601687625660&CODE_STATE=getMsg HTTP/1.1" 200 27
124.77.70.31 - - [03/Oct/2020:09:13:55 +0800] "GET /xingrg/all/function/internal_message.html?_=1601687628868&CODE_STATE=getMsg HTTP/1.1" 200 27
180.162.245.190 - - [03/Oct/2020:09:13:59 +0800] "POST /xingrg/kc/buy/cgsh_list_operate.html HTTP/1.1" 200 570
218.81.217.115 - - [03/Oct/2020:09:13:59 +0800] "GET /xingrg/kc/buy/cgsh_order_operate.html?command=get_materiel&rest_code=00146&code=00101008355&supplier_code=00100005&order_time=2020-10-03 HTTP/1.1" 200 408
58.37.8.227 - - [03/Oct/2020:09:14:00 +0800] "GET /xingrg/all/function/internal_message.html?_=1601687633984&CODE_STATE=getMsg HTTP/1.1" 200 27
180.162.245.190 - - [03/Oct/2020:09:14:00 +0800] "GET /xingrg/all/function/internal_message.html?_=1601687641523&CODE_STATE=getMsg HTTP/1.1" 200 27
124.77.70.31 - - [03/Oct/2020:09:14:03 +0800] "GET /xingrg/kc/buy/cgsh_order_operate.html?command=get_materiel&rest_code=00107&code=00101008323&supplier_code=00100006&order_time=2020-10-03 HTTP/1.1" 200 408
180.162.245.190 - - [03/Oct/2020:09:14:04 +0800] "GET /xingrg/kc/buy/cgsh_order_info.html?code=212020100301000 HTTP/1.1" 200 59988
180.162.245.190 - - [03/Oct/2020:09:14:04 +0800] "GET /xingrg/javascript/easyui/themes/default/validatebox.css HTTP/1.1" 404 1104
180.162.245.190 - - [03/Oct/2020:09:14:04 +0800] "POST /xingrg/kc/buy/cgsh_order_operate.html HTTP/1.1" 200 46414
172.17.0.185 - - [03/Oct/2020:09:14:06 +0800] "GET /xingrg/check_reg.html?_=1601687644315 HTTP/1.1" 200 22
114.88.166.242 - - [03/Oct/2020:09:14:06 +0800] "GET /xingrg/check_reg.html?_=1601687642758 HTTP/1.1" 200 22
218.81.217.115 - - [03/Oct/2020:09:14:06 +0800] "GET /xingrg/kc/buy/cgsh_order_operate.html?command=get_materiel&rest_code=00146&code=00101008264&supplier_code=00100005&order_time=2020-10-03 HTTP/1.1" 200 412
114.88.166.242 - - [03/Oct/2020:09:14:06 +0800] "GET /xingrg/all/function/internal_message.html?_=1601687643320&CODE_STATE=getMsg HTTP/1.1" 200 27
218.81.217.115 - - [03/Oct/2020:09:14:07 +0800] "GET /xingrg/check_reg.html?_=1601687621755 HTTP/1.1" 200 22
218.81.217.115 - - [03/Oct/2020:09:14:08 +0800] "POST /xingrg/kc/buy/cgsh_order_operate.html HTTP/1.1" 200 2065
172.17.200.101 - - [03/Oct/2020:09:14:08 +0800] "GET /xingrg/all/function/internal_message.html?_=1601687651324&CODE_STATE=getMsg HTTP/1.1" 200 27
218.81.217.115 - - [03/Oct/2020:09:14:09 +0800] "GET /xingrg/all/function/internal_message.html?_=1601687623681&CODE_STATE=getMsg HTTP/1.1" 200 27
218.81.217.115 - - [03/Oct/2020:09:14:11 +0800] "GET /xingrg/all/function/internal_message.html?_=1601687657395&CODE_STATE=getMsg HTTP/1.1" 200 27
180.174.56.115 - - [03/Oct/2020:09:14:14 +0800] "GET /xingrg/check_reg.html?_=1601687631591 HTTP/1.1" 200 22
180.174.56.115 - - [03/Oct/2020:09:14:15 +0800] "GET /xingrg/all/function/internal_message.html?_=1601687631863&CODE_STATE=getMsg HTTP/1.1" 200 27
124.77.70.31 - - [03/Oct/2020:09:14:17 +0800] "GET /xingrg/kc/buy/cgsh_order_operate.html?command=get_materiel&rest_code=00107&code=00101008302&supplier_code=00100006&order_time=2020-10-03 HTTP/1.1" 200 412
172.17.0.101 - - [03/Oct/2020:09:14:23 +0800] "GET /xingrg/all/function/internal_message.html?_=1601687661453&CODE_STATE=getMsg HTTP/1.1" 200 27
218.81.217.115 - - [03/Oct/2020:09:14:26 +0800] "GET /xingrg/kc/buy/cgsh_order_operate.html?command=get_materiel&rest_code=00146&code=00101008197&supplier_code=00100005&order_time=2020-10-03 HTTP/1.1" 200 416
180.157.253.48 - - [03/Oct/2020:09:14:28 +0800] "GET /xingrg/all/function/internal_message.html?_=1601687678173&CODE_STATE=getMsg HTTP/1.1" 200 27
58.37.8.227 - - [03/Oct/2020:09:14:34 +0800] "GET /xingrg/all/function/internal_message.html?_=1601687291404&CODE_STATE=getMsg HTTP/1.1" 200 27
58.40.7.146 - - [03/Oct/2020:09:14:34 +0800] "GET /xingrg/all/function/internal_message.html?_=1601687674185&CODE_STATE=getMsg HTTP/1.1" 200 27
124.77.70.31 - - [03/Oct/2020:09:14:35 +0800] "GET /xingrg/kc/buy/cgsh_order_operate.html?command=get_materiel&rest_code=00107&code=00101008027&supplier_code=00100006&order_time=2020-10-03 HTTP/1.1" 200 409
218.81.217.115 - - [03/Oct/2020:09:14:35 +0800] "GET /xingrg/kc/buy/cgsh_order_operate.html?command=get_materiel&rest_code=00146&code=00101008238&supplier_code=00100005&order_time=2020-10-03 HTTP/1.1" 200 418
172.17.0.123 - - [03/Oct/2020:09:14:36 +0800] "GET /xingrg/all/function/internal_message.html?_=1601687659894&CODE_STATE=getMsg HTTP/1.1" 200 27
124.77.70.31 - - [03/Oct/2020:09:14:46 +0800] "GET /xingrg/kc/buy/cgsh_order_operate.html?command=get_materiel&rest_code=00107&code=00101008244&supplier_code=00100006&order_time=2020-10-03 HTTP/1.1" 200 408
172.17.0.120 - - [03/Oct/2020:09:14:47 +0800] "GET /xingrg/index.html HTTP/1.1" 302 -
172.17.0.120 - - [03/Oct/2020:09:14:47 +0800] "GET /xingrg/login.html HTTP/1.1" 200 7636
172.17.0.120 - - [03/Oct/2020:09:14:47 +0800] "GET /xingrg/images/blue/login_bg.png HTTP/1.1" 200 22101
172.17.0.120 - - [03/Oct/2020:09:14:47 +0800] "GET /xingrg/images/blue/hj.png HTTP/1.1" 200 1014
172.17.0.120 - - [03/Oct/2020:09:14:47 +0800] "GET /xingrg/images/blue/srbg.png HTTP/1.1" 200 138
172.17.0.120 - - [03/Oct/2020:09:14:47 +0800] "GET /favicon.ico HTTP/1.1" 404 -
124.77.70.31 - - [03/Oct/2020:09:14:49 +0800] "POST /xingrg/kc/buy/cgsh_order_operate.html HTTP/1.1" 200 2065
116.232.52.152 - - [03/Oct/2020:09:14:52 +0800] "GET /xingrg/all/function/internal_message.html?_=1601687776109&CODE_STATE=getMsg HTTP/1.1" 200 27
116.238.71.30 - - [03/Oct/2020:09:14:53 +0800] "GET /xingrg/all/function/internal_message.html?_=1601687693077&CODE_STATE=getMsg HTTP/1.1" 200 27
218.81.217.115 - - [03/Oct/2020:09:14:53 +0800] "POST /xingrg/kc/buy/cgsh_order_operate.html HTTP/1.1" 200 2065
172.17.0.120 - - [03/Oct/2020:09:14:53 +0800] "POST /xingrg/login.do HTTP/1.1" 302 -
172.17.0.120 - - [03/Oct/2020:09:14:53 +0800] "GET /xingrg/index.html?sysBaseUrl=http%3A%2F%2F172.17.0.8%3A18081%2Fxingrg%2F&costTime=72×tamp=1601687693923 HTTP/1.1" 200 17448
58.37.8.227 - - [03/Oct/2020:09:14:53 +0800] "GET /xingrg/check_reg.html?_=1601687310603 HTTP/1.1" 200 22
222.69.134.241 - - [03/Oct/2020:09:14:54 +0800] "GET /xingrg/all/function/internal_message.html?_=1601687685635&CODE_STATE=getMsg HTTP/1.1" 200 27
172.17.0.120 - - [03/Oct/2020:09:14:54 +0800] "GET /favicon.ico HTTP/1.1" 404 -
172.17.0.120 - - [03/Oct/2020:09:14:54 +0800] "POST /xingrg/all/common/load_tree.html?tree=area_rest_tree_json&manage=1 HTTP/1.1" 200 3216
172.17.0.120 - - [03/Oct/2020:09:14:54 +0800] "GET /xingrg/check_reg.html?_=1601687692380 HTTP/1.1" 200 22
172.17.0.120 - - [03/Oct/2020:09:14:54 +0800] "GET /xingrg/all/function/internal_message.html?_=1601687692378&CODE_STATE=count HTTP/1.1" 200 11
172.17.0.120 - - [03/Oct/2020:09:14:54 +0800] "GET /xingrg/images/blue/pingpu.png HTTP/1.1" 200 231
172.17.0.120 - - [03/Oct/2020:09:14:54 +0800] "GET /xingrg/javascript/jquery_easy_ui/themes/default/images/panel_tool_expand.gif HTTP/1.1" 200 247
172.17.0.120 - - [03/Oct/2020:09:14:54 +0800] "GET /xingrg/javascript/jquery_easy_ui/themes/default/images/panel_tool_collapse.gif HTTP/1.1" 304 -
172.17.0.120 - - [03/Oct/2020:09:14:54 +0800] "POST /xingrg/load_menu.html HTTP/1.1" 200 11408
58.40.7.146 - - [03/Oct/2020:09:14:54 +0800] "GET /xingrg/check_reg.html?_=1601687693897 HTTP/1.1" 200 22
172.17.0.120 - - [03/Oct/2020:09:14:54 +0800] "GET /xingrg/javascript/jquery_easy_ui/themes/icons/delivery_new.png HTTP/1.1" 200 700
124.77.70.31 - - [03/Oct/2020:09:14:55 +0800] "GET /xingrg/all/function/internal_message.html?_=1601687688855&CODE_STATE=getMsg HTTP/1.1" 200 27
172.17.0.120 - - [03/Oct/2020:09:14:57 +0800] "POST /xingrg/all/user/operate.html HTTP/1.1" 200 36
114.88.166.242 - - [03/Oct/2020:09:14:57 +0800] "GET /xingrg/kc/buy/cgsh_order_add.html HTTP/1.1" 200 59938
172.17.0.120 - - [03/Oct/2020:09:14:57 +0800] "GET /xingrg/index.html?sysBaseUrl=http%3A%2F%2F172.17.0.8%3A18081%2Fxingrg%2F&costTime=72×tamp=1601687693923 HTTP/1.1" 200 17448
172.17.0.120 - - [03/Oct/2020:09:14:57 +0800] "GET /xingrg/javascript/jquery_easy_ui/themes/default/easyui.css HTTP/1.1" 304 -
172.17.0.120 - - [03/Oct/2020:09:14:57 +0800] "GET /xingrg/javascript/jquery_easy_ui/themes/icon.css HTTP/1.1" 304 -
172.17.0.120 - - [03/Oct/2020:09:14:57 +0800] "GET /xingrg/css/form.css HTTP/1.1" 304 -
172.17.0.120 - - [03/Oct/2020:09:14:57 +0800] "GET /xingrg/javascript/jquery-1.4.2.min.js HTTP/1.1" 304 -
172.17.0.120 - - [03/Oct/2020:09:14:57 +0800] "GET /xingrg/javascript/jquery_easy_ui/jquery.easyui.min.js HTTP/1.1" 304 -
172.17.0.120 - - [03/Oct/2020:09:14:57 +0800] "GET /xingrg/javascript/jquery_easy_ui/easyui-lang-zh_CN.js HTTP/1.1" 304 -
172.17.0.120 - - [03/Oct/2020:09:14:57 +0800] "GET /xingrg/javascript/jquery.form.js HTTP/1.1" 304 -
172.17.0.120 - - [03/Oct/2020:09:14:57 +0800] "GET /xingrg/javascript/jquery.utils.js HTTP/1.1" 304 -
172.17.0.120 - - [03/Oct/2020:09:14:57 +0800] "GET /xingrg/javascript/jquery.timers.js HTTP/1.1" 304 -
172.17.0.120 - - [03/Oct/2020:09:14:57 +0800] "GET /xingrg/images/blue/jxLogo.png HTTP/1.1" 304 -
172.17.0.120 - - [03/Oct/2020:09:14:57 +0800] "GET /xingrg/images/blue/navBackgound.jpg HTTP/1.1" 304 -
172.17.0.120 - - [03/Oct/2020:09:14:57 +0800] "GET /xingrg/javascript/jquery_easy_ui/themes/icons/settle_new.png HTTP/1.1" 304 -
172.17.0.120 - - [03/Oct/2020:09:14:57 +0800] "POST /xingrg/all/common/load_tree.html?tree=area_rest_tree_json&manage=1 HTTP/1.1" 200 3216
172.17.0.120 - - [03/Oct/2020:09:14:57 +0800] "GET /xingrg/all/function/internal_message.html?_=1601687695391&CODE_STATE=count HTTP/1.1" 200 11
172.17.0.120 - - [03/Oct/2020:09:14:57 +0800] "GET /xingrg/check_reg.html?_=1601687695391 HTTP/1.1" 200 22
172.17.0.120 - - [03/Oct/2020:09:14:57 +0800] "GET /xingrg/javascript/jquery_easy_ui/themes/default/images/tabs_leftarrow.png HTTP/1.1" 304 -
172.17.0.120 - - [03/Oct/2020:09:14:57 +0800] "GET /xingrg/javascript/jquery_easy_ui/themes/default/images/panel_tool_expand.gif HTTP/1.1" 304 -
172.17.0.120 - - [03/Oct/2020:09:14:57 +0800] "GET /xingrg/javascript/jquery_easy_ui/themes/default/images/panel_tool_collapse.gif HTTP/1.1" 304 -
172.17.0.120 - - [03/Oct/2020:09:14:57 +0800] "GET /xingrg/javascript/jquery_easy_ui/themes/default/images/tabs_rightarrow.png HTTP/1.1" 304 -
172.17.0.120 - - [03/Oct/2020:09:14:57 +0800] "GET /xingrg/images/blue/pingpu.png HTTP/1.1" 304 -
172.17.0.120 - - [03/Oct/2020:09:14:57 +0800] "POST /xingrg/load_menu.html HTTP/1.1" 200 9924
114.88.166.242 - - [03/Oct/2020:09:14:57 +0800] "POST /xingrg/kc/buy/cgsh_order_operate.html HTTP/1.1" 200 8245
114.88.166.242 - - [03/Oct/2020:09:14:57 +0800] "GET /xingrg/javascript/easyui/themes/default/validatebox.css HTTP/1.1" 404 1104
218.81.217.115 - - [03/Oct/2020:09:14:58 +0800] "GET /xingrg/kc/buy/cgsh_order_operate.html?command=get_materiel&rest_code=00146&code=00101008069&supplier_code=00100005&order_time=2020-10-03 HTTP/1.1" 200 412
172.17.0.120 - - [03/Oct/2020:09:14:59 +0800] "POST /xingrg/load_menu.html HTTP/1.1" 200 9445
58.37.8.227 - - [03/Oct/2020:09:15:00 +0800] "GET /xingrg/all/function/internal_message.html?_=1601687693953&CODE_STATE=getMsg HTTP/1.1" 200 27
180.162.245.190 - - [03/Oct/2020:09:15:00 +0800] "GET /xingrg/all/function/internal_message.html?_=1601687701533&CODE_STATE=getMsg HTTP/1.1" 200 27
180.162.245.190 - - [03/Oct/2020:09:15:00 +0800] "GET /xingrg/check_reg.html?_=1601687701537 HTTP/1.1" 200 22
172.17.0.120 - - [03/Oct/2020:09:15:02 +0800] "GET /xingrg/all/report/report_query.html?fileName=dma/new_5.0/menu/menu_hz_all.xml HTTP/1.1" 200 51720
172.17.0.120 - - [03/Oct/2020:09:15:02 +0800] "GET /xingrg/javascript/multi_select/jqueryMultiSelect.css HTTP/1.1" 200 951
172.17.0.120 - - [03/Oct/2020:09:15:02 +0800] "GET /xingrg/javascript/calendar/timePicker.css HTTP/1.1" 200 523
172.17.0.120 - - [03/Oct/2020:09:15:02 +0800] "GET /xingrg/javascript/bigrid/fix.css HTTP/1.1" 200 1702
172.17.0.120 - - [03/Oct/2020:09:15:02 +0800] "GET /xingrg/dwr/interface/AjaxReportQueryService.js HTTP/1.1" 200 13203
172.17.0.120 - - [03/Oct/2020:09:15:02 +0800] "GET /xingrg/dwr/util.js HTTP/1.1" 304 -
172.17.0.120 - - [03/Oct/2020:09:15:02 +0800] "GET /xingrg/dwr/engine.js HTTP/1.1" 200 43631
172.17.0.120 - - [03/Oct/2020:09:15:02 +0800] "GET /xingrg/javascript/jqueryMultiSelect.js HTTP/1.1" 200 11866
172.17.0.120 - - [03/Oct/2020:09:15:02 +0800] "GET /xingrg/javascript/calendar/jquery.timePicker.min.js HTTP/1.1" 200 2997
172.17.0.120 - - [03/Oct/2020:09:15:02 +0800] "GET /xingrg/javascript/bigrid/fix.js HTTP/1.1" 200 6439
172.17.0.120 - - [03/Oct/2020:09:15:02 +0800] "GET /xingrg/images/control/loading.gif HTTP/1.1" 200 13463
172.17.0.120 - - [03/Oct/2020:09:15:02 +0800] "GET /xingrg/images/blue/button/advanceover.gif HTTP/1.1" 200 1347
172.17.0.120 - - [03/Oct/2020:09:15:02 +0800] "GET /xingrg/images/blue/button/advance2over.gif HTTP/1.1" 200 1336
172.17.0.120 - - [03/Oct/2020:09:15:02 +0800] "GET /xingrg/images/blue/button/back2over.gif HTTP/1.1" 200 1335
172.17.0.120 - - [03/Oct/2020:09:15:02 +0800] "GET /xingrg/images/blue/button/backover.gif HTTP/1.1" 200 1348
172.17.0.120 - - [03/Oct/2020:09:15:02 +0800] "GET /xingrg/javascript/jquery_easy_ui/themes/default/images/menu.gif HTTP/1.1" 200 834
172.17.0.120 - - [03/Oct/2020:09:15:02 +0800] "GET /xingrg/javascript/jquery_easy_ui/themes/icons/pencil.png HTTP/1.1" 200 713
172.17.0.120 - - [03/Oct/2020:09:15:02 +0800] "GET /xingrg/javascript/jquery_easy_ui/themes/icons/help.png HTTP/1.1" 200 1187
172.17.0.120 - - [03/Oct/2020:09:15:02 +0800] "GET /xingrg/javascript/jquery_easy_ui/themes/default/images/menu_rightarrow.png HTTP/1.1" 200 3617
172.17.0.120 - - [03/Oct/2020:09:15:02 +0800] "POST /xingrg/dwr/call/plaincall/AjaxReportQueryService.getFixDate.dwr HTTP/1.1" 200 111
172.17.0.120 - - [03/Oct/2020:09:15:02 +0800] "GET /xingrg/javascript/jquery_easy_ui/themes/default/images/combo_arrow_dot.gif HTTP/1.1" 200 79
172.17.0.120 - - [03/Oct/2020:09:15:02 +0800] "POST /xingrg/all/common/load_tree.html?tree=area_station_tree_json&manage=1 HTTP/1.1" 200 3116
172.17.0.120 - - [03/Oct/2020:09:15:03 +0800] "GET /xingrg/all/report/report_query.html?fileName=dma/new_5.0/menu/menu_category_hz.xml HTTP/1.1" 200 52989
172.17.0.120 - - [03/Oct/2020:09:15:03 +0800] "GET /xingrg/dwr/interface/AjaxReportQueryService.js HTTP/1.1" 200 13203
172.17.0.120 - - [03/Oct/2020:09:15:03 +0800] "GET /xingrg/dwr/engine.js HTTP/1.1" 200 43631
172.17.0.120 - - [03/Oct/2020:09:15:03 +0800] "POST /xingrg/dwr/call/plaincall/AjaxReportQueryService.getFixDate.dwr HTTP/1.1" 200 111
172.17.0.120 - - [03/Oct/2020:09:15:03 +0800] "POST /xingrg/all/common/load_tree.html?tree=area_station_tree_json&manage=1 HTTP/1.1" 200 3116
172.17.0.120 - - [03/Oct/2020:09:15:03 +0800] "GET /xingrg/javascript/multi_select/dropdown.gif HTTP/1.1" 200 61
172.17.0.120 - - [03/Oct/2020:09:15:04 +0800] "GET /xingrg/all/report/report_query.html?fileName=dma/new_5.0/menu/menu_stca_hz.xml HTTP/1.1" 200 51343
172.17.0.120 - - [03/Oct/2020:09:15:04 +0800] "GET /xingrg/dwr/interface/AjaxReportQueryService.js HTTP/1.1" 200 13203
172.17.0.120 - - [03/Oct/2020:09:15:04 +0800] "GET /xingrg/dwr/engine.js HTTP/1.1" 200 43631
172.17.0.120 - - [03/Oct/2020:09:15:05 +0800] "POST /xingrg/dwr/call/plaincall/AjaxReportQueryService.getFixDate.dwr HTTP/1.1" 200 111
172.17.0.120 - - [03/Oct/2020:09:15:05 +0800] "POST /xingrg/all/common/load_tree.html?tree=area_station_tree_json&manage=1 HTTP/1.1" 200 3116
124.77.70.31 - - [03/Oct/2020:09:15:06 +0800] "GET /xingrg/kc/buy/cgsh_order_operate.html?command=get_materiel&rest_code=00107&code=00101008112&supplier_code=00100006&order_time=2020-10-03 HTTP/1.1" 200 412
114.88.166.242 - - [03/Oct/2020:09:15:06 +0800] "GET /xingrg/all/function/internal_message.html?_=1601687703320&CODE_STATE=getMsg HTTP/1.1" 200 27
172.17.200.101 - - [03/Oct/2020:09:15:08 +0800] "GET /xingrg/all/function/internal_message.html?_=1601687711316&CODE_STATE=getMsg HTTP/1.1" 200 27
218.81.217.115 - - [03/Oct/2020:09:15:09 +0800] "GET /xingrg/all/function/internal_message.html?_=1601687683695&CODE_STATE=getMsg HTTP/1.1" 200 27
218.81.217.115 - - [03/Oct/2020:09:15:11 +0800] "GET /xingrg/all/function/internal_message.html?_=1601687717409&CODE_STATE=getMsg HTTP/1.1" 200 27
172.17.0.120 - - [03/Oct/2020:09:15:11 +0800] "GET /xingrg/javascript/jquery_easy_ui/themes/default/images/tree_checkbox_1.gif HTTP/1.1" 200 174
172.17.0.120 - - [03/Oct/2020:09:15:11 +0800] "GET /xingrg/javascript/jquery_easy_ui/themes/default/images/tree_checkbox_2.gif HTTP/1.1" 200 181
172.17.0.120 - - [03/Oct/2020:09:15:12 +0800] "POST /xingrg/dwr/call/plaincall/AjaxReportQueryService.refreshCache.dwr HTTP/1.1" 200 78
114.88.166.242 - - [03/Oct/2020:09:15:13 +0800] "GET /xingrg/kc/buy/cgsh_order_operate.html?command=get_materiel&rest_code=00111&code=00101008331&supplier_code=00100005&order_time=2020-10-03 HTTP/1.1" 200 416
172.17.0.120 - - [03/Oct/2020:09:15:13 +0800] "POST /xingrg/all/report/load_report_page.html HTTP/1.1" 200 56493
172.17.0.120 - - [03/Oct/2020:09:15:13 +0800] "GET /xingrg/servlets/image?cache=0.9826620998901758&image=px HTTP/1.1" 200 807
180.174.56.115 - - [03/Oct/2020:09:15:15 +0800] "GET /xingrg/all/function/internal_message.html?_=1601687691987&CODE_STATE=getMsg HTTP/1.1" 200 27
172.17.0.120 - - [03/Oct/2020:09:15:22 +0800] "POST /xingrg/dwr/call/plaincall/AjaxReportQueryService.getFixDate.dwr HTTP/1.1" 200 111
218.81.217.115 - - [03/Oct/2020:09:15:22 +0800] "GET /xingrg/kc/buy/cgsh_order_operate.html?command=get_materiel&rest_code=00146&code=00101008318&supplier_code=00100005&order_time=2020-10-03 HTTP/1.1" 200 408
172.17.0.101 - - [03/Oct/2020:09:15:23 +0800] "GET /xingrg/all/function/internal_message.html?_=1601687721459&CODE_STATE=getMsg HTTP/1.1" 200 27
172.17.0.120 - - [03/Oct/2020:09:15:23 +0800] "POST /xingrg/dwr/call/plaincall/AjaxReportQueryService.refreshCache.dwr HTTP/1.1" 200 78
172.17.0.120 - - [03/Oct/2020:09:15:23 +0800] "POST /xingrg/all/report/load_report_page.html HTTP/1.1" 200 64048
172.17.0.120 - - [03/Oct/2020:09:15:23 +0800] "GET /xingrg/servlets/image?cache=0.36280228411586557&image=px HTTP/1.1" 200 807
114.88.166.242 - - [03/Oct/2020:09:15:25 +0800] "GET /xingrg/kc/buy/cgsh_order_operate.html?command=get_materiel&rest_code=00111&code=00101008067&supplier_code=00100005&order_time=2020-10-03 HTTP/1.1" 200 416
180.157.253.48 - - [03/Oct/2020:09:15:28 +0800] "GET /xingrg/all/function/internal_message.html?_=1601687738188&CODE_STATE=getMsg HTTP/1.1" 200 27
218.81.217.115 - - [03/Oct/2020:09:15:32 +0800] "GET /xingrg/kc/buy/cgsh_order_operate.html?command=get_materiel&rest_code=00146&code=00101008352&supplier_code=00100005&order_time=2020-10-03 HTTP/1.1" 200 412
58.37.8.227 - - [03/Oct/2020:09:15:34 +0800] "GET /xingrg/all/function/internal_message.html?_=1601687351376&CODE_STATE=getMsg HTTP/1.1" 200 27
58.40.7.146 - - [03/Oct/2020:09:15:34 +0800] "GET /xingrg/all/function/internal_message.html?_=1601687734172&CODE_STATE=getMsg HTTP/1.1" 200 27
218.81.217.115 - - [03/Oct/2020:09:15:35 +0800] "POST /xingrg/kc/buy/cgsh_order_operate.html HTTP/1.1" 200 2065
172.17.0.123 - - [03/Oct/2020:09:15:36 +0800] "GET /xingrg/all/function/internal_message.html?_=1601687719882&CODE_STATE=getMsg HTTP/1.1" 200 27
114.88.166.242 - - [03/Oct/2020:09:15:42 +0800] "GET /xingrg/kc/buy/cgsh_order_operate.html?command=get_materiel&rest_code=00111&code=00101008300&supplier_code=00100005&order_time=2020-10-03 HTTP/1.1" 200 412
124.77.70.31 - - [03/Oct/2020:09:15:45 +0800] "GET /xingrg/kc/buy/cgsh_order_operate.html?command=get_materiel&rest_code=00107&code=00101008028&supplier_code=00100006&order_time=2020-10-03 HTTP/1.1" 200 432
172.17.0.120 - - [03/Oct/2020:09:15:49 +0800] "POST /xingrg/dwr/call/plaincall/AjaxReportQueryService.getFixDate.dwr HTTP/1.1" 200 111
218.81.217.115 - - [03/Oct/2020:09:15:50 +0800] "GET /xingrg/kc/buy/cgsh_order_operate.html?command=get_materiel&rest_code=00146&code=00101008005&supplier_code=00100005&order_time=2020-10-03 HTTP/1.1" 200 412
116.232.52.152 - - [03/Oct/2020:09:15:50 +0800] "GET /xingrg/all/function/internal_message.html?_=1601687836109&CODE_STATE=getMsg HTTP/1.1" 200 27
114.88.166.242 - - [03/Oct/2020:09:15:52 +0800] "GET /xingrg/kc/buy/cgsh_order_operate.html?command=get_materiel&rest_code=00111&code=00101008072&supplier_code=00100005&order_time=2020-10-03 HTTP/1.1" 200 408
172.17.0.120 - - [03/Oct/2020:09:15:52 +0800] "POST /xingrg/dwr/call/plaincall/AjaxReportQueryService.refreshCache.dwr HTTP/1.1" 200 78
172.17.0.120 - - [03/Oct/2020:09:15:53 +0800] "POST /xingrg/all/report/load_report_page.html HTTP/1.1" 200 56493
172.17.0.120 - - [03/Oct/2020:09:15:53 +0800] "GET /xingrg/servlets/image?cache=0.3904980700038847&image=px HTTP/1.1" 200 807
116.238.71.30 - - [03/Oct/2020:09:15:53 +0800] "GET /xingrg/all/function/internal_message.html?_=1601687753081&CODE_STATE=getMsg HTTP/1.1" 200 27
222.69.134.241 - - [03/Oct/2020:09:15:53 +0800] "GET /xingrg/check_reg.html?_=1601687745588 HTTP/1.1" 200 22
222.69.134.241 - - [03/Oct/2020:09:15:54 +0800] "GET /xingrg/all/function/internal_message.html?_=1601687745607&CODE_STATE=getMsg HTTP/1.1" 200 27
124.77.70.31 - - [03/Oct/2020:09:15:55 +0800] "GET /xingrg/check_reg.html?_=1601687748436 HTTP/1.1" 200 22
124.77.70.31 - - [03/Oct/2020:09:15:55 +0800] "GET /xingrg/all/function/internal_message.html?_=1601687748835&CODE_STATE=getMsg HTTP/1.1" 200 27
172.17.0.120 - - [03/Oct/2020:09:15:57 +0800] "GET /xingrg/all/function/internal_message.html?_=1601687755408&CODE_STATE=getMsg HTTP/1.1" 200 27
58.37.8.227 - - [03/Oct/2020:09:16:00 +0800] "GET /xingrg/all/function/internal_message.html?_=1601687753930&CODE_STATE=getMsg HTTP/1.1" 200 27
180.162.245.190 - - [03/Oct/2020:09:16:00 +0800] "GET /xingrg/all/function/internal_message.html?_=1601687761544&CODE_STATE=getMsg HTTP/1.1" 200 27
114.88.166.242 - - [03/Oct/2020:09:16:01 +0800] "GET /xingrg/kc/buy/cgsh_order_operate.html?command=get_materiel&rest_code=00111&code=00101008096&supplier_code=00100005&order_time=2020-10-03 HTTP/1.1" 200 412
124.77.70.31 - - [03/Oct/2020:09:16:02 +0800] "GET /xingrg/kc/buy/cgsh_order_operate.html?command=get_materiel&rest_code=00107&code=00101008358&supplier_code=00100006&order_time=2020-10-03 HTTP/1.1" 200 412
114.88.166.242 - - [03/Oct/2020:09:16:06 +0800] "GET /xingrg/all/function/internal_message.html?_=1601687763332&CODE_STATE=getMsg HTTP/1.1" 200 27
172.17.200.101 - - [03/Oct/2020:09:16:08 +0800] "GET /xingrg/check_reg.html?_=1601687771317 HTTP/1.1" 200 22
172.17.200.101 - - [03/Oct/2020:09:16:08 +0800] "GET /xingrg/all/function/internal_message.html?_=1601687771331&CODE_STATE=getMsg HTTP/1.1" 200 27
218.81.217.115 - - [03/Oct/2020:09:16:09 +0800] "GET /xingrg/all/function/internal_message.html?_=1601687743709&CODE_STATE=getMsg HTTP/1.1" 200 27
218.81.217.115 - - [03/Oct/2020:09:16:11 +0800] "GET /xingrg/all/function/internal_message.html?_=1601687777422&CODE_STATE=getMsg HTTP/1.1" 200 27
114.88.166.242 - - [03/Oct/2020:09:16:13 +0800] "GET /xingrg/kc/buy/cgsh_order_operate.html?command=get_materiel&rest_code=00111&code=00101008370&supplier_code=00100005&order_time=2020-10-03 HTTP/1.1" 200 412
180.174.56.115 - - [03/Oct/2020:09:16:15 +0800] "GET /xingrg/all/function/internal_message.html?_=1601687752000&CODE_STATE=getMsg HTTP/1.1" 200 27
172.17.200.101 - - [03/Oct/2020:09:16:15 +0800] "POST /xingrg/dwr/call/plaincall/AjaxReportQueryService.getFixDate.dwr HTTP/1.1" 200 111
172.17.200.101 - - [03/Oct/2020:09:16:18 +0800] "POST /xingrg/dwr/call/plaincall/AjaxReportQueryService.refreshCache.dwr HTTP/1.1" 200 78
218.81.217.115 - - [03/Oct/2020:09:16:19 +0800] "POST /xingrg/kc/buy/cgsh_order_operate.html HTTP/1.1" 200 2065
172.17.200.101 - - [03/Oct/2020:09:16:19 +0800] "POST /xingrg/all/report/load_report_page.html HTTP/1.1" 200 46739
172.17.200.101 - - [03/Oct/2020:09:16:19 +0800] "GET /xingrg/servlets/image?cache=0.5028753408425541&image=px HTTP/1.1" 200 807
172.17.0.101 - - [03/Oct/2020:09:16:23 +0800] "GET /xingrg/all/function/internal_message.html?_=1601687781427&CODE_STATE=getMsg HTTP/1.1" 200 27
222.69.134.241 - - [03/Oct/2020:09:16:27 +0800] "GET /xingrg/kc/buy/cgsh_order_operate.html?command=get_materiel&rest_code=00149&code=00101008304&supplier_code=00100005&order_time=2020-10-03 HTTP/1.1" 200 412
114.88.166.242 - - [03/Oct/2020:09:16:28 +0800] "GET /xingrg/kc/buy/cgsh_order_operate.html?command=get_materiel&rest_code=00111&code=00101008355&supplier_code=00100005&order_time=2020-10-03 HTTP/1.1" 200 408
180.157.253.48 - - [03/Oct/2020:09:16:28 +0800] "GET /xingrg/all/function/internal_message.html?_=1601687798200&CODE_STATE=getMsg HTTP/1.1" 200 27
58.37.8.227 - - [03/Oct/2020:09:16:34 +0800] "GET /xingrg/all/function/internal_message.html?_=1601687411346&CODE_STATE=getMsg HTTP/1.1" 200 27
58.40.7.146 - - [03/Oct/2020:09:16:34 +0800] "GET /xingrg/all/function/internal_message.html?_=1601687794175&CODE_STATE=getMsg HTTP/1.1" 200 27
218.81.217.115 - - [03/Oct/2020:09:16:35 +0800] "GET /xingrg/kc/buy/cgsh_order_operate.html?command=get_materiel&rest_code=00146&code=00101008112&supplier_code=00100005&order_time=2020-10-03 HTTP/1.1" 200 412
172.17.0.123 - - [03/Oct/2020:09:16:36 +0800] "GET /xingrg/all/function/internal_message.html?_=1601687779892&CODE_STATE=getMsg HTTP/1.1" 200 27
172.17.0.123 - - [03/Oct/2020:09:16:36 +0800] "GET /xingrg/check_reg.html?_=1601687779894 HTTP/1.1" 200 22
120.253.135.82 - - [03/Oct/2020:09:16:36 +0800] "GET /xingrg/check_reg.html?_=1601687906394 HTTP/1.1" 200 22
114.88.166.242 - - [03/Oct/2020:09:16:37 +0800] "GET /xingrg/kc/buy/cgsh_order_operate.html?command=get_materiel&rest_code=00111&code=00101008283&supplier_code=00100005&order_time=2020-10-03 HTTP/1.1" 200 408
124.77.70.31 - - [03/Oct/2020:09:16:42 +0800] "GET /xingrg/kc/buy/cgsh_order_operate.html?command=get_materiel&rest_code=00107&code=00101008067&supplier_code=00100006&order_time=2020-10-03 HTTP/1.1" 200 416
124.77.70.31 - - [03/Oct/2020:09:16:44 +0800] "POST /xingrg/kc/buy/cgsh_order_operate.html HTTP/1.1" 200 2065
114.88.166.242 - - [03/Oct/2020:09:16:44 +0800] "GET /xingrg/kc/buy/cgsh_order_operate.html?command=get_materiel&rest_code=00111&code=00101008045&supplier_code=00100005&order_time=2020-10-03 HTTP/1.1" 200 412
116.232.52.152 - - [03/Oct/2020:09:16:49 +0800] "GET /xingrg/check_reg.html?_=1601687896062 HTTP/1.1" 200 22
116.232.52.152 - - [03/Oct/2020:09:16:49 +0800] "GET /xingrg/all/function/internal_message.html?_=1601687896109&CODE_STATE=getMsg HTTP/1.1" 200 27
222.69.134.241 - - [03/Oct/2020:09:16:53 +0800] "POST /xingrg/services/DataTransmitService HTTP/1.1" 401 565
222.69.134.241 - - [03/Oct/2020:09:16:53 +0800] "POST /xingrg/services/DataTransmitService HTTP/1.1" 200 478
222.69.134.241 - - [03/Oct/2020:09:16:53 +0800] "POST /xingrg/services/DataTransmitService HTTP/1.1" 200 1320
222.69.134.241 - - [03/Oct/2020:09:16:53 +0800] "POST /xingrg/services/DataTransmitService HTTP/1.1" 200 478
222.69.134.241 - - [03/Oct/2020:09:16:53 +0800] "POST /xingrg/services/DataTransmitService HTTP/1.1" 200 1320
222.69.134.241 - - [03/Oct/2020:09:16:53 +0800] "POST /xingrg/services/DataTransmitService HTTP/1.1" 200 524
116.238.71.30 - - [03/Oct/2020:09:16:53 +0800] "GET /xingrg/all/function/internal_message.html?_=1601687813083&CODE_STATE=getMsg HTTP/1.1" 200 27
222.69.134.241 - - [03/Oct/2020:09:16:53 +0800] "POST /xingrg/services/DataTransmitService HTTP/1.1" 200 1759
222.69.134.241 - - [03/Oct/2020:09:16:53 +0800] "GET /xingrg/all/function/internal_message.html?_=1601687805592&CODE_STATE=getMsg HTTP/1.1" 200 27
222.69.134.241 - - [03/Oct/2020:09:16:54 +0800] "POST /xingrg/services/DataTransmitService HTTP/1.1" 200 145240
