58.37.8.227 - - [03/Oct/2020:10:41:15 +0800] "GET /xingrg/kc/buy/cgsh_order_operate.html?command=get_materiel&rest_code=00141&code=00101020144&supplier_code=00100036&order_time=2020-10-03 HTTP/1.1" 200 448
218.81.217.115 - - [03/Oct/2020:10:41:15 +0800] "GET /xingrg/all/function/internal_message.html?_=1601692882083&CODE_STATE=getMsg HTTP/1.1" 200 27
172.17.0.102 - - [03/Oct/2020:10:41:17 +0800] "GET /xingrg/all/function/internal_message.html?_=1601692888846&CODE_STATE=getMsg HTTP/1.1" 200 27
172.17.0.102 - - [03/Oct/2020:10:41:17 +0800] "GET /xingrg/check_reg.html?_=1601692888839 HTTP/1.1" 200 22
180.162.245.190 - - [03/Oct/2020:10:41:18 +0800] "GET /xingrg/kc/buy/cgsh_order_operate.html?command=get_materiel&rest_code=00105&code=00101007085&supplier_code=00100328&order_time=2020-10-03 HTTP/1.1" 200 413
124.77.70.31 - - [03/Oct/2020:10:41:19 +0800] "GET /xingrg/kc/buy/cgsh_order_operate.html?command=get_materiel&rest_code=00107&code=00101010160&supplier_code=00100337&order_time=2020-10-03 HTTP/1.1" 200 413
172.17.0.101 - - [03/Oct/2020:10:41:21 +0800] "GET /xingrg/all/function/internal_message.html?_=1601692879723&CODE_STATE=getMsg HTTP/1.1" 200 27
101.85.228.253 - - [03/Oct/2020:10:41:21 +0800] "GET /xingrg/all/function/internal_message.html?_=1601693094931&CODE_STATE=getMsg HTTP/1.1" 200 27
116.232.52.152 - - [03/Oct/2020:10:41:22 +0800] "GET /xingrg/all/function/internal_message.html?_=1601692909716&CODE_STATE=getMsg HTTP/1.1" 200 27
58.37.8.227 - - [03/Oct/2020:10:41:22 +0800] "GET /xingrg/kc/buy/cgsh_order_operate.html?command=get_materiel&rest_code=00141&code=00101012038&supplier_code=00100036&order_time=2020-10-03 HTTP/1.1" 200 414
222.69.134.241 - - [03/Oct/2020:10:41:25 +0800] "POST /xingrg/kc/buy/cgsh_order_operate.html HTTP/1.1" 200 37
180.162.245.190 - - [03/Oct/2020:10:41:27 +0800] "GET /xingrg/kc/buy/cgsh_order_operate.html?command=get_materiel&rest_code=00105&code=00101007077&supplier_code=00100328&order_time=2020-10-03 HTTP/1.1" 200 415
124.77.70.31 - - [03/Oct/2020:10:41:29 +0800] "POST /xingrg/kc/buy/cgsh_order_operate.html HTTP/1.1" 200 37
180.157.253.48 - - [03/Oct/2020:10:41:30 +0800] "GET /xingrg/all/function/internal_message.html?_=1601692899963&CODE_STATE=getMsg HTTP/1.1" 200 27
222.69.134.241 - - [03/Oct/2020:10:41:30 +0800] "POST /xingrg/kc/buy/cgsh_order_operate.html HTTP/1.1" 200 12
180.157.253.48 - - [03/Oct/2020:10:41:31 +0800] "GET /xingrg/kc/buy/cgsh_order_operate.html?command=get_materiel&rest_code=00148&code=00101012051&supplier_code=00100036&order_time=2020-10-03 HTTP/1.1" 200 408
124.77.70.31 - - [03/Oct/2020:10:41:31 +0800] "POST /xingrg/kc/buy/cgsh_order_operate.html HTTP/1.1" 200 2658
222.69.134.241 - - [03/Oct/2020:10:41:31 +0800] "GET /xingrg/kc/buy/cgsh_order_info.html?code=212020100301059 HTTP/1.1" 200 54894
222.69.134.241 - - [03/Oct/2020:10:41:32 +0800] "GET /xingrg/javascript/easyui/themes/default/validatebox.css HTTP/1.1" 404 1104
222.69.134.241 - - [03/Oct/2020:10:41:32 +0800] "POST /xingrg/kc/buy/cgsh_order_operate.html HTTP/1.1" 200 6526
58.37.8.227 - - [03/Oct/2020:10:41:32 +0800] "GET /xingrg/all/function/internal_message.html?_=1601692509588&CODE_STATE=getMsg HTTP/1.1" 200 27
124.77.70.31 - - [03/Oct/2020:10:41:33 +0800] "GET /xingrg/kc/print/load_data.html?order_code=212020100301060&kc_code=cgsh&condition= HTTP/1.1" 200 674
58.37.8.227 - - [03/Oct/2020:10:41:33 +0800] "GET /xingrg/kc/buy/cgsh_order_operate.html?command=get_materiel&rest_code=00141&code=00101011005&supplier_code=00100036&order_time=2020-10-03 HTTP/1.1" 200 428
222.69.134.241 - - [03/Oct/2020:10:41:34 +0800] "GET /xingrg/kc/print/load_data.html?order_code=212020100301059&kc_code=cgsh&condition= HTTP/1.1" 200 2970
58.40.7.146 - - [03/Oct/2020:10:41:34 +0800] "GET /xingrg/all/function/internal_message.html?_=1601692894203&CODE_STATE=getMsg HTTP/1.1" 200 27
172.17.0.123 - - [03/Oct/2020:10:41:36 +0800] "GET /xingrg/all/function/internal_message.html?_=1601692879890&CODE_STATE=getMsg HTTP/1.1" 200 27
172.17.0.123 - - [03/Oct/2020:10:41:36 +0800] "GET /xingrg/check_reg.html?_=1601692879892 HTTP/1.1" 200 22
120.253.135.82 - - [03/Oct/2020:10:41:36 +0800] "GET /xingrg/check_reg.html?_=1601693006521 HTTP/1.1" 200 22
172.17.0.102 - - [03/Oct/2020:10:41:38 +0800] "POST /xingrg/dwr/call/plaincall/AjaxReportQueryService.refreshCache.dwr HTTP/1.1" 200 79
172.17.0.102 - - [03/Oct/2020:10:41:39 +0800] "POST /xingrg/all/report/load_report_page.html HTTP/1.1" 200 58985
172.17.0.102 - - [03/Oct/2020:10:41:39 +0800] "GET /xingrg/servlets/image?cache=0.5886104591798267&image=px HTTP/1.1" 200 807
124.77.70.31 - - [03/Oct/2020:10:41:39 +0800] "GET /xingrg/kc/buy/cgsh_order_add.html HTTP/1.1" 200 60026
124.77.70.31 - - [03/Oct/2020:10:41:40 +0800] "GET /xingrg/javascript/easyui/themes/default/validatebox.css HTTP/1.1" 404 1104
124.77.70.31 - - [03/Oct/2020:10:41:40 +0800] "POST /xingrg/kc/buy/cgsh_order_operate.html HTTP/1.1" 200 8245
180.162.245.190 - - [03/Oct/2020:10:41:40 +0800] "POST /xingrg/kc/buy/cgsh_order_operate.html HTTP/1.1" 200 37
180.157.253.48 - - [03/Oct/2020:10:41:41 +0800] "GET /xingrg/kc/buy/cgsh_order_operate.html?command=get_materiel&rest_code=00148&code=00101011005&supplier_code=00100036&order_time=2020-10-03 HTTP/1.1" 200 428
180.162.245.190 - - [03/Oct/2020:10:41:41 +0800] "POST /xingrg/kc/buy/cgsh_order_operate.html HTTP/1.1" 200 3846
180.162.245.190 - - [03/Oct/2020:10:41:42 +0800] "GET /xingrg/kc/print/load_data.html?order_code=212020100301061&kc_code=cgsh&condition= HTTP/1.1" 200 1138
172.17.0.102 - - [03/Oct/2020:10:41:43 +0800] "GET /xingrg/all/report/report_query.html?isQuery=1&fileName=dma/new_5.0/menu/menu_hz.xml&queryString=(a.sale_day%2520between%252020200901%2520and%252020200930)%2520and%2520(a.sid%2520in%2520(16))%2520and%2520(a.tj_code%253D17)&queryText=%25E3%2580%2590%25E8%2590%25A5%25E4%25B8%259A%25E6%2597%25A5%25E6%259C%259F%253A2020-09-01%2520%25E8%2587%25B3%25202020-09-30%25E3%2580%2591%2520%25E5%25B9%25B6%25E4%25B8%2594%2520%2520%25E3%2580%2590%25E9%2597%25A8%25E5%25BA%2597%25E5%2590%258D%25E7%25A7%25B0%2520%253D%2520%25E6%25A6%2595%25E6%25B8%25AF%25E5%2590%258D%25E8%25BD%25A9%25E6%259D%25BE%25E6%25B1%259F%25E5%25BA%2597%25E3%2580%2591%2520%25E5%25B9%25B6%25E4%25B8%2594%2520%25E3%2580%2590%25E7%25BB%259F%25E8%25AE%25A1%25E7%25B1%25BB%25E5%2588%25AB%2520%253D%2520%25E4%25BC%259A%25E5%2591%2598%25E5%258D%25A1%25E3%2580%2591 HTTP/1.1" 200 54045
172.17.0.102 - - [03/Oct/2020:10:41:43 +0800] "GET /xingrg/dwr/engine.js HTTP/1.1" 200 43631
172.17.0.102 - - [03/Oct/2020:10:41:43 +0800] "GET /favicon.ico HTTP/1.1" 404 -
172.17.0.102 - - [03/Oct/2020:10:41:43 +0800] "POST /xingrg/all/report/load_report_page.html HTTP/1.1" 200 17526
172.17.0.102 - - [03/Oct/2020:10:41:43 +0800] "GET /xingrg/servlets/image?cache=0.4450467606745909&image=px HTTP/1.1" 200 807
58.37.8.227 - - [03/Oct/2020:10:41:44 +0800] "GET /xingrg/kc/buy/cgsh_order_operate.html?command=get_materiel&rest_code=00141&code=00101016053&supplier_code=00100036&order_time=2020-10-03 HTTP/1.1" 200 408
124.77.70.31 - - [03/Oct/2020:10:41:46 +0800] "GET /xingrg/javascript/easyui/themes/default/tree.css HTTP/1.1" 404 1090
124.77.70.31 - - [03/Oct/2020:10:41:46 +0800] "POST /xingrg/all/common/load_tree.html?tree=supplier_tree_json&isDelete=1 HTTP/1.1" 200 50541
172.17.0.119 - - [03/Oct/2020:10:41:48 +0800] "GET /xingrg/all/function/internal_message.html?_=1601692907000&CODE_STATE=getMsg HTTP/1.1" 200 27
172.17.0.119 - - [03/Oct/2020:10:41:48 +0800] "GET /xingrg/check_reg.html?_=1601692907010 HTTP/1.1" 200 22
180.157.253.48 - - [03/Oct/2020:10:41:49 +0800] "GET /xingrg/kc/buy/cgsh_order_operate.html?command=get_materiel&rest_code=00148&code=00101012038&supplier_code=00100036&order_time=2020-10-03 HTTP/1.1" 200 412
180.162.245.190 - - [03/Oct/2020:10:41:50 +0800] "GET /xingrg/kc/buy/cgsh_order_add.html HTTP/1.1" 200 59985
172.17.0.120 - - [03/Oct/2020:10:41:50 +0800] "GET /xingrg/all/function/internal_message.html?_=1601692908523&CODE_STATE=getMsg HTTP/1.1" 200 27
180.162.245.190 - - [03/Oct/2020:10:41:50 +0800] "GET /xingrg/javascript/easyui/themes/default/validatebox.css HTTP/1.1" 404 1104
180.162.245.190 - - [03/Oct/2020:10:41:50 +0800] "POST /xingrg/kc/buy/cgsh_order_operate.html HTTP/1.1" 200 8245
58.37.8.227 - - [03/Oct/2020:10:41:51 +0800] "GET /xingrg/kc/buy/cgsh_order_operate.html?command=get_materiel&rest_code=00141&code=00101008320&supplier_code=00100036&order_time=2020-10-03 HTTP/1.1" 200 413
222.69.134.241 - - [03/Oct/2020:10:41:53 +0800] "GET /xingrg/all/function/internal_message.html?_=1601692904745&CODE_STATE=getMsg HTTP/1.1" 200 27
116.238.71.30 - - [03/Oct/2020:10:41:53 +0800] "GET /xingrg/all/function/internal_message.html?_=1601692913114&CODE_STATE=getMsg HTTP/1.1" 200 27
117.184.7.26 - - [03/Oct/2020:10:41:53 +0800] "GET /xingrg/all/function/internal_message.html?_=1601692902422&CODE_STATE=getMsg HTTP/1.1" 200 27
180.157.253.48 - - [03/Oct/2020:10:41:54 +0800] "GET /xingrg/javascript/easyui/themes/default/images/button_plain_hover.png HTTP/1.1" 304 -
180.157.253.48 - - [03/Oct/2020:10:41:54 +0800] "GET /xingrg/javascript/easyui/themes/default/images/button_plain_hover.png HTTP/1.1" 304 -
180.157.253.48 - - [03/Oct/2020:10:41:54 +0800] "GET /xingrg/javascript/easyui/themes/default/images/button_plain_hover.png HTTP/1.1" 304 -
180.157.253.48 - - [03/Oct/2020:10:41:54 +0800] "GET /xingrg/javascript/easyui/themes/default/images/button_plain_hover.png HTTP/1.1" 304 -
180.157.253.48 - - [03/Oct/2020:10:41:54 +0800] "GET /xingrg/javascript/easyui/themes/default/images/button_plain_hover.png HTTP/1.1" 304 -
180.157.253.48 - - [03/Oct/2020:10:41:54 +0800] "GET /xingrg/javascript/easyui/themes/default/images/button_plain_hover.png HTTP/1.1" 304 -
180.157.253.48 - - [03/Oct/2020:10:41:56 +0800] "POST /xingrg/kc/buy/cgsh_order_operate.html HTTP/1.1" 200 37
180.157.253.48 - - [03/Oct/2020:10:41:57 +0800] "POST /xingrg/kc/buy/cgsh_order_operate.html HTTP/1.1" 200 6799
58.37.8.227 - - [03/Oct/2020:10:41:58 +0800] "GET /xingrg/all/function/internal_message.html?_=1601692911982&CODE_STATE=getMsg HTTP/1.1" 200 27
124.77.70.31 - - [03/Oct/2020:10:41:58 +0800] "GET /xingrg/all/function/internal_message.html?_=1601692911601&CODE_STATE=getMsg HTTP/1.1" 200 27
180.174.56.115 - - [03/Oct/2020:10:41:59 +0800] "GET /xingrg/all/function/internal_message.html?_=1601692895915&CODE_STATE=getMsg HTTP/1.1" 200 27
180.162.245.190 - - [03/Oct/2020:10:41:59 +0800] "GET /xingrg/kc/buy/cgsh_order_operate.html?command=get_materiel&rest_code=00105&code=00101010281&supplier_code=00100331&order_time=2020-10-03 HTTP/1.1" 200 414
58.37.8.227 - - [03/Oct/2020:10:41:59 +0800] "GET /xingrg/kc/buy/cgsh_order_operate.html?command=get_materiel&rest_code=00141&code=00101007109&supplier_code=00100036&order_time=2020-10-03 HTTP/1.1" 200 408
58.40.7.146 - - [03/Oct/2020:10:42:00 +0800] "GET /xingrg/kc/base/check_order_add.html HTTP/1.1" 200 26065
58.40.7.146 - - [03/Oct/2020:10:42:00 +0800] "GET /xingrg/dwr/interface/AjaxComOrderService.js HTTP/1.1" 200 18264
58.40.7.146 - - [03/Oct/2020:10:42:00 +0800] "GET /xingrg/dwr/interface/AjaxCheckService.js HTTP/1.1" 200 14003
58.40.7.146 - - [03/Oct/2020:10:42:00 +0800] "GET /xingrg/dwr/engine.js HTTP/1.1" 200 43631
180.162.245.190 - - [03/Oct/2020:10:42:00 +0800] "GET /xingrg/all/function/internal_message.html?_=1601692921583&CODE_STATE=getMsg HTTP/1.1" 200 27
58.40.7.146 - - [03/Oct/2020:10:42:05 +0800] "POST /xingrg/dwr/call/plaincall/AjaxCheckService.saveOrder.dwr HTTP/1.1" 200 78
124.77.70.31 - - [03/Oct/2020:10:42:06 +0800] "GET /xingrg/kc/buy/cgsh_order_operate.html?command=get_materiel&rest_code=00107&code=00101006038&supplier_code=00100342&order_time=2020-10-03 HTTP/1.1" 200 444
58.40.7.146 - - [03/Oct/2020:10:42:06 +0800] "POST /xingrg/dwr/call/plaincall/AjaxCheckService.loadOrderItems.dwr HTTP/1.1" 200 367
58.37.8.227 - - [03/Oct/2020:10:42:07 +0800] "GET /xingrg/kc/buy/cgsh_order_operate.html?command=get_materiel&rest_code=00141&code=00101006026&supplier_code=00100036&order_time=2020-10-03 HTTP/1.1" 200 409
172.17.200.101 - - [03/Oct/2020:10:42:08 +0800] "GET /xingrg/all/function/internal_message.html?_=1601692931377&CODE_STATE=getMsg HTTP/1.1" 200 27
58.40.7.146 - - [03/Oct/2020:10:42:09 +0800] "POST /xingrg/kc/report/common_data.html?type=materiel_category_tree HTTP/1.1" 200 3570
218.81.217.115 - - [03/Oct/2020:10:42:10 +0800] "GET /xingrg/all/function/internal_message.html?_=1601692904883&CODE_STATE=getMsg HTTP/1.1" 200 27
58.40.7.146 - - [03/Oct/2020:10:42:12 +0800] "POST /xingrg/dwr/call/plaincall/AjaxCheckService.importOrderItems.dwr HTTP/1.1" 200 78
114.88.166.242 - - [03/Oct/2020:10:42:12 +0800] "GET /xingrg/all/function/internal_message.html?_=1601692929057&CODE_STATE=getMsg HTTP/1.1" 200 27
58.40.7.146 - - [03/Oct/2020:10:42:14 +0800] "POST /xingrg/dwr/call/plaincall/AjaxCheckService.loadOrderItems.dwr HTTP/1.1" 200 7697
218.81.217.115 - - [03/Oct/2020:10:42:15 +0800] "GET /xingrg/all/function/internal_message.html?_=1601692942085&CODE_STATE=getMsg HTTP/1.1" 200 27
58.37.8.227 - - [03/Oct/2020:10:42:16 +0800] "POST /xingrg/kc/buy/cgsh_order_operate.html HTTP/1.1" 200 37
172.17.0.102 - - [03/Oct/2020:10:42:17 +0800] "GET /xingrg/all/function/internal_message.html?_=1601692948829&CODE_STATE=getMsg HTTP/1.1" 200 27
124.77.70.31 - - [03/Oct/2020:10:42:19 +0800] "POST /xingrg/kc/buy/cgsh_order_operate.html HTTP/1.1" 200 37
58.37.8.227 - - [03/Oct/2020:10:42:19 +0800] "POST /xingrg/kc/buy/cgsh_order_operate.html HTTP/1.1" 200 12
58.37.8.227 - - [03/Oct/2020:10:42:20 +0800] "GET /xingrg/kc/buy/cgsh_order_info.html?code=212020100301063 HTTP/1.1" 200 54849
124.77.70.31 - - [03/Oct/2020:10:42:21 +0800] "POST /xingrg/kc/buy/cgsh_order_operate.html HTTP/1.1" 200 2669
58.37.8.227 - - [03/Oct/2020:10:42:21 +0800] "GET /xingrg/javascript/easyui/themes/default/validatebox.css HTTP/1.1" 404 1104
58.37.8.227 - - [03/Oct/2020:10:42:21 +0800] "POST /xingrg/kc/buy/cgsh_order_operate.html HTTP/1.1" 200 4738
172.17.0.101 - - [03/Oct/2020:10:42:21 +0800] "GET /xingrg/all/function/internal_message.html?_=1601692939696&CODE_STATE=getMsg HTTP/1.1" 200 27
101.85.228.253 - - [03/Oct/2020:10:42:21 +0800] "GET /xingrg/all/function/internal_message.html?_=1601693154946&CODE_STATE=getMsg HTTP/1.1" 200 27
116.232.52.152 - - [03/Oct/2020:10:42:22 +0800] "GET /xingrg/all/function/internal_message.html?_=1601692969711&CODE_STATE=getMsg HTTP/1.1" 200 27
180.162.245.190 - - [03/Oct/2020:10:42:23 +0800] "POST /xingrg/kc/buy/cgsh_order_operate.html HTTP/1.1" 200 37
58.37.8.227 - - [03/Oct/2020:10:42:23 +0800] "GET /xingrg/kc/print/load_data.html?order_code=212020100301063&kc_code=cgsh&condition= HTTP/1.1" 200 2345
124.77.70.31 - - [03/Oct/2020:10:42:23 +0800] "GET /xingrg/kc/print/load_data.html?order_code=212020100301064&kc_code=cgsh&condition= HTTP/1.1" 200 693
58.37.8.227 - - [03/Oct/2020:10:42:24 +0800] "GET /xingrg/check_reg.html?_=1601692937999 HTTP/1.1" 200 22
180.162.245.190 - - [03/Oct/2020:10:42:24 +0800] "POST /xingrg/kc/buy/cgsh_order_operate.html HTTP/1.1" 200 2659
58.40.7.146 - - [03/Oct/2020:10:42:25 +0800] "POST /xingrg/dwr/call/plaincall/AjaxCheckService.setItemNumber.dwr HTTP/1.1" 200 76
180.162.245.190 - - [03/Oct/2020:10:42:25 +0800] "GET /xingrg/kc/print/load_data.html?order_code=212020100301065&kc_code=cgsh&condition= HTTP/1.1" 200 672
124.77.70.31 - - [03/Oct/2020:10:42:28 +0800] "GET /xingrg/kc/buy/cgsh_order_add.html HTTP/1.1" 200 60026
180.157.253.48 - - [03/Oct/2020:10:42:28 +0800] "GET /xingrg/check_reg.html?_=1601692958635 HTTP/1.1" 200 22
124.77.70.31 - - [03/Oct/2020:10:42:29 +0800] "GET /xingrg/javascript/easyui/themes/default/validatebox.css HTTP/1.1" 404 1104
124.77.70.31 - - [03/Oct/2020:10:42:29 +0800] "POST /xingrg/kc/buy/cgsh_order_operate.html HTTP/1.1" 200 8245
180.157.253.48 - - [03/Oct/2020:10:42:30 +0800] "GET /xingrg/all/function/internal_message.html?_=1601692959976&CODE_STATE=getMsg HTTP/1.1" 200 27
58.37.8.227 - - [03/Oct/2020:10:42:30 +0800] "GET /xingrg/kc/buy/cgsh_order_add.html HTTP/1.1" 200 59944
124.77.70.31 - - [03/Oct/2020:10:42:30 +0800] "GET /xingrg/javascript/easyui/themes/default/tree.css HTTP/1.1" 404 1090
124.77.70.31 - - [03/Oct/2020:10:42:30 +0800] "POST /xingrg/all/common/load_tree.html?tree=supplier_tree_json&isDelete=1 HTTP/1.1" 200 50541
58.37.8.227 - - [03/Oct/2020:10:42:31 +0800] "GET /xingrg/javascript/easyui/themes/default/validatebox.css HTTP/1.1" 404 1104
58.37.8.227 - - [03/Oct/2020:10:42:31 +0800] "POST /xingrg/kc/buy/cgsh_order_operate.html HTTP/1.1" 200 8245
180.162.245.190 - - [03/Oct/2020:10:42:32 +0800] "GET /xingrg/kc/buy/cgsh_order_add.html HTTP/1.1" 200 59985
180.162.245.190 - - [03/Oct/2020:10:42:32 +0800] "POST /xingrg/kc/buy/cgsh_order_operate.html HTTP/1.1" 200 8245
180.162.245.190 - - [03/Oct/2020:10:42:32 +0800] "GET /xingrg/javascript/easyui/themes/default/validatebox.css HTTP/1.1" 404 1104
58.37.8.227 - - [03/Oct/2020:10:42:32 +0800] "GET /xingrg/all/function/internal_message.html?_=1601692569566&CODE_STATE=getMsg HTTP/1.1" 200 27
58.40.7.146 - - [03/Oct/2020:10:42:34 +0800] "GET /xingrg/all/function/internal_message.html?_=1601692954211&CODE_STATE=getMsg HTTP/1.1" 200 27
172.17.0.123 - - [03/Oct/2020:10:42:36 +0800] "GET /xingrg/all/function/internal_message.html?_=1601692939892&CODE_STATE=getMsg HTTP/1.1" 200 27
58.37.8.227 - - [03/Oct/2020:10:42:37 +0800] "GET /xingrg/kc/buy/cgsh_order_operate.html?command=get_materiel&rest_code=00141&code=00101005037&supplier_code=00100040&order_time=2020-10-03 HTTP/1.1" 200 409
180.162.245.190 - - [03/Oct/2020:10:42:39 +0800] "GET /xingrg/kc/buy/cgsh_order_operate.html?command=get_materiel&rest_code=00105&code=00101008061&supplier_code=00100339&order_time=2020-10-03 HTTP/1.1" 200 423
58.40.7.146 - - [03/Oct/2020:10:42:47 +0800] "POST /xingrg/dwr/call/plaincall/AjaxCheckService.setItemNumber.dwr HTTP/1.1" 200 76
172.17.0.120 - - [03/Oct/2020:10:42:50 +0800] "GET /xingrg/all/function/internal_message.html?_=1601692968519&CODE_STATE=getMsg HTTP/1.1" 200 27
124.77.70.31 - - [03/Oct/2020:10:42:51 +0800] "GET /xingrg/kc/buy/cgsh_order_operate.html?command=get_materiel&rest_code=00107&code=00101018011&supplier_code=00100330&order_time=2020-10-03 HTTP/1.1" 200 432
222.69.134.241 - - [03/Oct/2020:10:42:53 +0800] "GET /xingrg/all/function/internal_message.html?_=1601692964728&CODE_STATE=getMsg HTTP/1.1" 200 27
116.238.71.30 - - [03/Oct/2020:10:42:53 +0800] "GET /xingrg/all/function/internal_message.html?_=1601692973101&CODE_STATE=getMsg HTTP/1.1" 200 27
117.184.7.26 - - [03/Oct/2020:10:42:53 +0800] "GET /xingrg/all/function/internal_message.html?_=1601692962422&CODE_STATE=getMsg HTTP/1.1" 200 27
117.184.7.30 - - [03/Oct/2020:10:42:53 +0800] "GET /xingrg/check_reg.html?_=1601692962425 HTTP/1.1" 200 22
58.37.8.227 - - [03/Oct/2020:10:42:55 +0800] "GET /xingrg/kc/buy/cgsh_order_operate.html?command=get_materiel&rest_code=00141&code=00101001010&supplier_code=00100040&order_time=2020-10-03 HTTP/1.1" 200 408
58.37.8.227 - - [03/Oct/2020:10:42:58 +0800] "GET /xingrg/all/function/internal_message.html?_=1601692971955&CODE_STATE=getMsg HTTP/1.1" 200 27
124.77.70.31 - - [03/Oct/2020:10:42:58 +0800] "GET /xingrg/all/function/internal_message.html?_=1601692971575&CODE_STATE=getMsg HTTP/1.1" 200 27
180.162.245.190 - - [03/Oct/2020:10:42:59 +0800] "GET /xingrg/kc/buy/cgsh_order_operate.html?command=get_materiel&rest_code=00105&code=00101008314&supplier_code=00100339&order_time=2020-10-03 HTTP/1.1" 200 413
180.174.56.115 - - [03/Oct/2020:10:42:59 +0800] "GET /xingrg/all/function/internal_message.html?_=1601692955959&CODE_STATE=getMsg HTTP/1.1" 200 27
180.162.245.190 - - [03/Oct/2020:10:43:00 +0800] "GET /xingrg/all/function/internal_message.html?_=1601692981600&CODE_STATE=getMsg HTTP/1.1" 200 27
58.40.7.146 - - [03/Oct/2020:10:43:08 +0800] "POST /xingrg/dwr/call/plaincall/AjaxCheckService.setItemNumber.dwr HTTP/1.1" 200 76
172.17.200.101 - - [03/Oct/2020:10:43:08 +0800] "GET /xingrg/all/function/internal_message.html?_=1601692991378&CODE_STATE=getMsg HTTP/1.1" 200 27
58.40.7.146 - - [03/Oct/2020:10:43:09 +0800] "POST /xingrg/dwr/call/plaincall/AjaxCheckService.setItemNumber.dwr HTTP/1.1" 200 76
218.81.217.115 - - [03/Oct/2020:10:43:10 +0800] "GET /xingrg/all/function/internal_message.html?_=1601692964893&CODE_STATE=getMsg HTTP/1.1" 200 27
124.77.70.31 - - [03/Oct/2020:10:43:10 +0800] "GET /xingrg/kc/buy/cgsh_order_operate.html?command=get_materiel&rest_code=00107&code=00101018007&supplier_code=00100330&order_time=2020-10-03 HTTP/1.1" 200 428
180.162.245.190 - - [03/Oct/2020:10:43:11 +0800] "GET /xingrg/kc/buy/cgsh_order_operate.html?command=get_materiel&rest_code=00105&code=00101008275&supplier_code=00100339&order_time=2020-10-03 HTTP/1.1" 200 419
58.37.8.227 - - [03/Oct/2020:10:43:11 +0800] "GET /xingrg/kc/buy/cgsh_order_operate.html?command=get_materiel&rest_code=00141&code=00101006161&supplier_code=00100040&order_time=2020-10-03 HTTP/1.1" 200 409
116.232.52.152 - - [03/Oct/2020:10:43:12 +0800] "GET /xingrg/kc/buy/cgsh_order_operate.html?command=get_materiel&rest_code=00109&code=00101008175&supplier_code=00100005&order_time=2020-10-03 HTTP/1.1" 200 412
114.88.166.242 - - [03/Oct/2020:10:43:12 +0800] "GET /xingrg/all/function/internal_message.html?_=1601692989086&CODE_STATE=getMsg HTTP/1.1" 200 27
218.81.217.115 - - [03/Oct/2020:10:43:13 +0800] "GET /xingrg/check_reg.html?_=1601692999470 HTTP/1.1" 200 22
218.81.217.115 - - [03/Oct/2020:10:43:15 +0800] "GET /xingrg/all/function/internal_message.html?_=1601693002098&CODE_STATE=getMsg HTTP/1.1" 200 27
116.232.52.152 - - [03/Oct/2020:10:43:17 +0800] "GET /xingrg/kc/buy/cgsh_order_operate.html?command=get_materiel&rest_code=00109&code=00101008155&supplier_code=00100005&order_time=2020-10-03 HTTP/1.1" 200 408
172.17.0.102 - - [03/Oct/2020:10:43:17 +0800] "GET /xingrg/all/function/internal_message.html?_=1601693008833&CODE_STATE=getMsg HTTP/1.1" 200 27
58.40.7.146 - - [03/Oct/2020:10:43:17 +0800] "POST /xingrg/dwr/call/plaincall/AjaxCheckService.checkOrder.dwr HTTP/1.1" 200 78
58.40.7.146 - - [03/Oct/2020:10:43:18 +0800] "GET /xingrg/kc/base/check_order_info.html?code=452020100300026 HTTP/1.1" 200 23126
58.40.7.146 - - [03/Oct/2020:10:43:19 +0800] "GET /xingrg/dwr/interface/AjaxComOrderService.js HTTP/1.1" 200 18264
58.40.7.146 - - [03/Oct/2020:10:43:19 +0800] "GET /xingrg/dwr/interface/AjaxCheckService.js HTTP/1.1" 200 14003
58.40.7.146 - - [03/Oct/2020:10:43:19 +0800] "GET /xingrg/dwr/engine.js HTTP/1.1" 200 43631
58.40.7.146 - - [03/Oct/2020:10:43:19 +0800] "POST /xingrg/dwr/call/plaincall/AjaxCheckService.loadOrderItems.dwr HTTP/1.1" 200 3780
116.232.52.152 - - [03/Oct/2020:10:43:21 +0800] "GET /xingrg/all/function/internal_message.html?_=1601693029707&CODE_STATE=getMsg HTTP/1.1" 200 27
172.17.0.101 - - [03/Oct/2020:10:43:21 +0800] "GET /xingrg/all/function/internal_message.html?_=1601692999666&CODE_STATE=getMsg HTTP/1.1" 200 27
101.85.228.253 - - [03/Oct/2020:10:43:21 +0800] "GET /xingrg/all/function/internal_message.html?_=1601693215296&CODE_STATE=getMsg HTTP/1.1" 200 27
58.40.7.146 - - [03/Oct/2020:10:43:22 +0800] "GET /xingrg/kc/base/check_order_info.html?code=452020100300024 HTTP/1.1" 200 23118
58.40.7.146 - - [03/Oct/2020:10:43:22 +0800] "GET /xingrg/dwr/interface/AjaxComOrderService.js HTTP/1.1" 200 18264
58.40.7.146 - - [03/Oct/2020:10:43:22 +0800] "GET /xingrg/dwr/interface/AjaxCheckService.js HTTP/1.1" 200 14003
58.40.7.146 - - [03/Oct/2020:10:43:22 +0800] "GET /xingrg/dwr/engine.js HTTP/1.1" 200 43631
58.40.7.146 - - [03/Oct/2020:10:43:23 +0800] "POST /xingrg/dwr/call/plaincall/AjaxCheckService.loadOrderItems.dwr HTTP/1.1" 200 46975
58.37.8.227 - - [03/Oct/2020:10:43:24 +0800] "POST /xingrg/kc/buy/cgsh_order_operate.html HTTP/1.1" 200 37
172.17.0.101 - - [03/Oct/2020:10:43:24 +0800] "GET /xingrg/check_reg.html?_=1601693002662 HTTP/1.1" 200 22
58.40.7.146 - - [03/Oct/2020:10:43:26 +0800] "POST /xingrg/dwr/call/plaincall/AjaxCheckService.uncheckOrder.dwr HTTP/1.1" 200 78
58.40.7.146 - - [03/Oct/2020:10:43:27 +0800] "GET /xingrg/kc/base/check_order_info.html?code=452020100300024 HTTP/1.1" 200 26107
58.40.7.146 - - [03/Oct/2020:10:43:27 +0800] "GET /xingrg/dwr/interface/AjaxCheckService.js HTTP/1.1" 200 14003
58.40.7.146 - - [03/Oct/2020:10:43:27 +0800] "GET /xingrg/dwr/interface/AjaxComOrderService.js HTTP/1.1" 200 18264
58.40.7.146 - - [03/Oct/2020:10:43:27 +0800] "GET /xingrg/dwr/engine.js HTTP/1.1" 200 43631
58.37.8.227 - - [03/Oct/2020:10:43:27 +0800] "POST /xingrg/kc/buy/cgsh_order_operate.html HTTP/1.1" 200 12
58.40.7.146 - - [03/Oct/2020:10:43:28 +0800] "POST /xingrg/dwr/call/plaincall/AjaxCheckService.loadOrderItems.dwr HTTP/1.1" 200 100786
58.37.8.227 - - [03/Oct/2020:10:43:28 +0800] "GET /xingrg/kc/buy/cgsh_order_info.html?code=212020100301066 HTTP/1.1" 200 54847
116.232.52.152 - - [03/Oct/2020:10:43:29 +0800] "GET /xingrg/kc/buy/cgsh_order_operate.html?command=get_materiel&rest_code=00109&code=00101008331&supplier_code=00100005&order_time=2020-10-03 HTTP/1.1" 200 416
58.37.8.227 - - [03/Oct/2020:10:43:29 +0800] "GET /xingrg/javascript/easyui/themes/default/validatebox.css HTTP/1.1" 404 1104
58.37.8.227 - - [03/Oct/2020:10:43:29 +0800] "POST /xingrg/kc/buy/cgsh_order_operate.html HTTP/1.1" 200 2369
180.157.253.48 - - [03/Oct/2020:10:43:30 +0800] "GET /xingrg/all/function/internal_message.html?_=1601693019990&CODE_STATE=getMsg HTTP/1.1" 200 27
58.37.8.227 - - [03/Oct/2020:10:43:30 +0800] "GET /xingrg/kc/print/load_data.html?order_code=212020100301066&kc_code=cgsh&condition= HTTP/1.1" 200 1448
124.77.70.31 - - [03/Oct/2020:10:43:31 +0800] "GET /xingrg/kc/buy/cgsh_order_operate.html?command=get_materiel&rest_code=00107&code=00101006067&supplier_code=00100330&order_time=2020-10-03 HTTP/1.1" 200 428
58.40.7.146 - - [03/Oct/2020:10:43:31 +0800] "POST /xingrg/dwr/call/plaincall/AjaxCheckService.setItemNumber.dwr HTTP/1.1" 200 76
117.131.5.26 - - [03/Oct/2020:10:43:32 +0800] "POST /xingrg/services/DataTransmitService HTTP/1.1" 200 524
58.37.8.227 - - [03/Oct/2020:10:43:32 +0800] "GET /xingrg/all/function/internal_message.html?_=1601692629547&CODE_STATE=getMsg HTTP/1.1" 200 27
117.131.5.26 - - [03/Oct/2020:10:43:33 +0800] "POST /xingrg/services/DataTransmitService HTTP/1.1" 200 501
117.131.5.26 - - [03/Oct/2020:10:43:33 +0800] "POST /xingrg/services/DataTransmitService HTTP/1.1" 200 501
58.40.7.146 - - [03/Oct/2020:10:43:34 +0800] "GET /xingrg/all/function/internal_message.html?_=1601693014216&CODE_STATE=getMsg HTTP/1.1" 200 27
117.131.5.26 - - [03/Oct/2020:10:43:36 +0800] "POST /xingrg/services/DataTransmitService HTTP/1.1" 200 501
172.17.0.123 - - [03/Oct/2020:10:43:36 +0800] "GET /xingrg/all/function/internal_message.html?_=1601692999894&CODE_STATE=getMsg HTTP/1.1" 200 27
58.40.7.146 - - [03/Oct/2020:10:43:36 +0800] "POST /xingrg/dwr/call/plaincall/AjaxCheckService.checkOrder.dwr HTTP/1.1" 200 78
58.40.7.146 - - [03/Oct/2020:10:43:37 +0800] "GET /xingrg/check_reg.html?_=1601693016580 HTTP/1.1" 200 22
58.40.7.146 - - [03/Oct/2020:10:43:37 +0800] "GET /xingrg/kc/base/check_order_info.html?code=452020100300024 HTTP/1.1" 200 23118
58.40.7.146 - - [03/Oct/2020:10:43:37 +0800] "GET /xingrg/dwr/interface/AjaxComOrderService.js HTTP/1.1" 200 18264
58.40.7.146 - - [03/Oct/2020:10:43:37 +0800] "GET /xingrg/dwr/interface/AjaxCheckService.js HTTP/1.1" 200 14003
58.40.7.146 - - [03/Oct/2020:10:43:37 +0800] "GET /xingrg/dwr/engine.js HTTP/1.1" 200 43631
58.40.7.146 - - [03/Oct/2020:10:43:38 +0800] "POST /xingrg/dwr/call/plaincall/AjaxCheckService.loadOrderItems.dwr HTTP/1.1" 200 46976
117.131.5.26 - - [03/Oct/2020:10:43:38 +0800] "POST /xingrg/services/DataTransmitService HTTP/1.1" 200 501
117.131.5.26 - - [03/Oct/2020:10:43:38 +0800] "POST /xingrg/services/DataTransmitService HTTP/1.1" 200 501
117.131.5.26 - - [03/Oct/2020:10:43:38 +0800] "POST /xingrg/services/DataTransmitService HTTP/1.1" 200 501
117.131.5.26 - - [03/Oct/2020:10:43:39 +0800] "POST /xingrg/services/DataTransmitService HTTP/1.1" 200 501
117.131.5.26 - - [03/Oct/2020:10:43:39 +0800] "POST /xingrg/services/DataTransmitService HTTP/1.1" 200 501
117.131.5.26 - - [03/Oct/2020:10:43:39 +0800] "POST /xingrg/services/DataTransmitService HTTP/1.1" 200 501
117.131.5.26 - - [03/Oct/2020:10:43:39 +0800] "POST /xingrg/services/DataTransmitService HTTP/1.1" 200 412
180.162.245.190 - - [03/Oct/2020:10:43:40 +0800] "POST /xingrg/kc/buy/cgsh_order_operate.html HTTP/1.1" 200 37
58.37.8.227 - - [03/Oct/2020:10:43:40 +0800] "GET /xingrg/kc/buy/cgsh_order_add.html HTTP/1.1" 200 59944
58.37.8.227 - - [03/Oct/2020:10:43:41 +0800] "POST /xingrg/kc/buy/cgsh_order_operate.html HTTP/1.1" 200 8245
58.37.8.227 - - [03/Oct/2020:10:43:41 +0800] "GET /xingrg/javascript/easyui/themes/default/validatebox.css HTTP/1.1" 404 1104
180.162.245.190 - - [03/Oct/2020:10:43:41 +0800] "POST /xingrg/kc/buy/cgsh_order_operate.html HTTP/1.1" 200 3854
180.162.245.190 - - [03/Oct/2020:10:43:42 +0800] "GET /xingrg/kc/print/load_data.html?order_code=212020100301067&kc_code=cgsh&condition= HTTP/1.1" 200 1137
124.77.70.31 - - [03/Oct/2020:10:43:44 +0800] "POST /xingrg/kc/buy/cgsh_order_operate.html HTTP/1.1" 200 37
124.77.70.31 - - [03/Oct/2020:10:43:45 +0800] "POST /xingrg/kc/buy/cgsh_order_operate.html HTTP/1.1" 200 3834
180.162.245.190 - - [03/Oct/2020:10:43:46 +0800] "GET /xingrg/kc/buy/cgsh_order_add.html HTTP/1.1" 200 59985
180.162.245.190 - - [03/Oct/2020:10:43:46 +0800] "POST /xingrg/kc/buy/cgsh_order_operate.html HTTP/1.1" 200 8245
180.162.245.190 - - [03/Oct/2020:10:43:46 +0800] "GET /xingrg/javascript/easyui/themes/default/validatebox.css HTTP/1.1" 404 1104
58.40.7.146 - - [03/Oct/2020:10:43:47 +0800] "POST /xingrg/kc/base/check_list_operate.html HTTP/1.1" 200 5430
58.40.7.146 - - [03/Oct/2020:10:43:48 +0800] "GET /xingrg/kc/base/check_order_info.html?code=452020100300026 HTTP/1.1" 200 23126
58.40.7.146 - - [03/Oct/2020:10:43:48 +0800] "GET /xingrg/dwr/interface/AjaxComOrderService.js HTTP/1.1" 200 18264
58.40.7.146 - - [03/Oct/2020:10:43:48 +0800] "GET /xingrg/dwr/interface/AjaxCheckService.js HTTP/1.1" 200 14003
58.40.7.146 - - [03/Oct/2020:10:43:48 +0800] "GET /xingrg/dwr/engine.js HTTP/1.1" 200 43631
124.77.70.31 - - [03/Oct/2020:10:43:49 +0800] "GET /xingrg/kc/print/load_data.html?order_code=212020100301068&kc_code=cgsh&condition= HTTP/1.1" 200 1125
58.37.8.227 - - [03/Oct/2020:10:43:49 +0800] "GET /xingrg/kc/buy/cgsh_order_operate.html?command=get_materiel&rest_code=00141&code=00101008323&supplier_code=00100007&order_time=2020-10-03 HTTP/1.1" 200 408
58.40.7.146 - - [03/Oct/2020:10:43:49 +0800] "POST /xingrg/dwr/call/plaincall/AjaxCheckService.loadOrderItems.dwr HTTP/1.1" 200 3780
172.17.0.120 - - [03/Oct/2020:10:43:50 +0800] "GET /xingrg/all/function/internal_message.html?_=1601693028514&CODE_STATE=getMsg HTTP/1.1" 200 27
222.69.134.241 - - [03/Oct/2020:10:43:53 +0800] "GET /xingrg/all/function/internal_message.html?_=1601693024715&CODE_STATE=getMsg HTTP/1.1" 200 27
116.238.71.30 - - [03/Oct/2020:10:43:53 +0800] "GET /xingrg/all/function/internal_message.html?_=1601693033105&CODE_STATE=getMsg HTTP/1.1" 200 27
116.238.71.30 - - [03/Oct/2020:10:43:53 +0800] "GET /xingrg/check_reg.html?_=1601693033109 HTTP/1.1" 200 22
117.184.7.26 - - [03/Oct/2020:10:43:53 +0800] "GET /xingrg/all/function/internal_message.html?_=1601693022427&CODE_STATE=getMsg HTTP/1.1" 200 27
58.37.8.227 - - [03/Oct/2020:10:43:58 +0800] "GET /xingrg/all/function/internal_message.html?_=1601693031937&CODE_STATE=getMsg HTTP/1.1" 200 27
124.77.70.31 - - [03/Oct/2020:10:43:58 +0800] "GET /xingrg/all/function/internal_message.html?_=1601693031560&CODE_STATE=getMsg HTTP/1.1" 200 27
180.174.56.115 - - [03/Oct/2020:10:43:59 +0800] "GET /xingrg/all/function/internal_message.html?_=1601693015973&CODE_STATE=getMsg HTTP/1.1" 200 27
58.37.8.227 - - [03/Oct/2020:10:43:59 +0800] "GET /xingrg/kc/buy/cgsh_order_operate.html?command=get_materiel&rest_code=00141&code=00101008087&supplier_code=00100007&order_time=2020-10-03 HTTP/1.1" 200 412
180.162.245.190 - - [03/Oct/2020:10:44:00 +0800] "GET /xingrg/all/function/internal_message.html?_=1601693041429&CODE_STATE=getMsg HTTP/1.1" 200 27
180.162.245.190 - - [03/Oct/2020:10:44:02 +0800] "GET /xingrg/kc/buy/cgsh_order_operate.html?command=get_materiel&rest_code=00105&code=00101004011&supplier_code=00100086&order_time=2020-10-03 HTTP/1.1" 200 413
116.232.52.152 - - [03/Oct/2020:10:44:02 +0800] "GET /xingrg/kc/buy/cgsh_order_operate.html?command=get_materiel&rest_code=00109&code=00101008356&supplier_code=00100005&order_time=2020-10-03 HTTP/1.1" 200 408
116.232.52.152 - - [03/Oct/2020:10:44:04 +0800] "POST /xingrg/kc/buy/cgsh_order_operate.html HTTP/1.1" 200 2065
172.17.0.185 - - [03/Oct/2020:10:44:05 +0800] "GET /xingrg/check_reg.html?_=1601693043927 HTTP/1.1" 200 22
58.40.7.146 - - [03/Oct/2020:10:44:06 +0800] "POST /xingrg/kc/base/check_list_operate.html HTTP/1.1" 200 5430
218.81.217.115 - - [03/Oct/2020:10:44:07 +0800] "GET /xingrg/check_reg.html?_=1601693021870 HTTP/1.1" 200 22
58.40.7.146 - - [03/Oct/2020:10:44:07 +0800] "POST /xingrg/kc/base/check_list_operate.html HTTP/1.1" 200 5430
116.232.52.152 - - [03/Oct/2020:10:44:08 +0800] "GET /xingrg/kc/buy/cgsh_order_operate.html?command=get_materiel&rest_code=00109&code=00101008223&supplier_code=00100005&order_time=2020-10-03 HTTP/1.1" 200 412
172.17.200.101 - - [03/Oct/2020:10:44:08 +0800] "GET /xingrg/all/function/internal_message.html?_=1601693051366&CODE_STATE=getMsg HTTP/1.1" 200 27
218.81.217.115 - - [03/Oct/2020:10:44:10 +0800] "GET /xingrg/all/function/internal_message.html?_=1601693024907&CODE_STATE=getMsg HTTP/1.1" 200 27
114.88.166.242 - - [03/Oct/2020:10:44:10 +0800] "GET /xingrg/check_reg.html?_=1601693046900 HTTP/1.1" 200 22
58.37.8.227 - - [03/Oct/2020:10:44:10 +0800] "GET /xingrg/kc/buy/cgsh_order_operate.html?command=get_materiel&rest_code=00141&code=00101008220&supplier_code=00100007&order_time=2020-10-03 HTTP/1.1" 200 412
114.88.166.242 - - [03/Oct/2020:10:44:12 +0800] "GET /xingrg/all/function/internal_message.html?_=1601693049100&CODE_STATE=getMsg HTTP/1.1" 200 27
116.232.52.152 - - [03/Oct/2020:10:44:14 +0800] "GET /xingrg/kc/buy/cgsh_order_operate.html?command=get_materiel&rest_code=00109&code=00101008353&supplier_code=00100005&order_time=2020-10-03 HTTP/1.1" 200 408
124.77.70.31 - - [03/Oct/2020:10:44:15 +0800] "POST /xingrg/kc/buy/cgsh_order_operate.html HTTP/1.1" 200 37
218.81.217.115 - - [03/Oct/2020:10:44:15 +0800] "GET /xingrg/all/function/internal_message.html?_=1601693062112&CODE_STATE=getMsg HTTP/1.1" 200 27
124.77.70.31 - - [03/Oct/2020:10:44:16 +0800] "POST /xingrg/kc/buy/cgsh_order_operate.html HTTP/1.1" 200 3834
58.37.8.227 - - [03/Oct/2020:10:44:17 +0800] "GET /xingrg/kc/buy/cgsh_order_operate.html?command=get_materiel&rest_code=00141&code=00101008176&supplier_code=00100007&order_time=2020-10-03 HTTP/1.1" 200 412
172.17.0.102 - - [03/Oct/2020:10:44:17 +0800] "GET /xingrg/all/function/internal_message.html?_=1601693068839&CODE_STATE=getMsg HTTP/1.1" 200 27
116.232.52.152 - - [03/Oct/2020:10:44:18 +0800] "GET /xingrg/check_reg.html?_=1601693089722 HTTP/1.1" 200 22
116.232.52.152 - - [03/Oct/2020:10:44:18 +0800] "GET /xingrg/all/function/internal_message.html?_=1601693089723&CODE_STATE=getMsg HTTP/1.1" 200 27
58.40.7.146 - - [03/Oct/2020:10:44:20 +0800] "GET /xingrg/kc/base/check_order_info.html?code=452020093000581 HTTP/1.1" 200 23120
58.40.7.146 - - [03/Oct/2020:10:44:20 +0800] "GET /xingrg/dwr/interface/AjaxCheckService.js HTTP/1.1" 200 14003
58.40.7.146 - - [03/Oct/2020:10:44:20 +0800] "GET /xingrg/dwr/interface/AjaxComOrderService.js HTTP/1.1" 200 18264
58.40.7.146 - - [03/Oct/2020:10:44:20 +0800] "GET /xingrg/dwr/engine.js HTTP/1.1" 200 43631
58.40.7.146 - - [03/Oct/2020:10:44:21 +0800] "POST /xingrg/dwr/call/plaincall/AjaxCheckService.loadOrderItems.dwr HTTP/1.1" 200 8269
172.17.0.101 - - [03/Oct/2020:10:44:21 +0800] "GET /xingrg/all/function/internal_message.html?_=1601693059647&CODE_STATE=getMsg HTTP/1.1" 200 27
101.85.228.253 - - [03/Oct/2020:10:44:21 +0800] "GET /xingrg/all/function/internal_message.html?_=1601693275315&CODE_STATE=getMsg HTTP/1.1" 200 27
124.77.70.31 - - [03/Oct/2020:10:44:22 +0800] "GET /xingrg/kc/buy/cgsh_order_add.html HTTP/1.1" 200 60026
58.37.8.227 - - [03/Oct/2020:10:44:22 +0800] "GET /xingrg/kc/buy/cgsh_order_operate.html?command=get_materiel&rest_code=00141&code=00101008355&supplier_code=00100007&order_time=2020-10-03 HTTP/1.1" 200 408
124.77.70.31 - - [03/Oct/2020:10:44:23 +0800] "GET /xingrg/javascript/easyui/themes/default/validatebox.css HTTP/1.1" 404 1104
124.77.70.31 - - [03/Oct/2020:10:44:23 +0800] "POST /xingrg/kc/buy/cgsh_order_operate.html HTTP/1.1" 200 8245
180.162.245.190 - - [03/Oct/2020:10:44:23 +0800] "GET /xingrg/kc/buy/cgsh_order_operate.html?command=get_materiel&rest_code=00105&code=00101004065&supplier_code=00100086&order_time=2020-10-03 HTTP/1.1" 200 434
124.77.70.31 - - [03/Oct/2020:10:44:24 +0800] "GET /xingrg/javascript/easyui/themes/default/tree.css HTTP/1.1" 404 1090
124.77.70.31 - - [03/Oct/2020:10:44:24 +0800] "POST /xingrg/all/common/load_tree.html?tree=supplier_tree_json&isDelete=1 HTTP/1.1" 200 50541
58.37.8.227 - - [03/Oct/2020:10:44:30 +0800] "GET /xingrg/kc/buy/cgsh_order_operate.html?command=get_materiel&rest_code=00141&code=00101008350&supplier_code=00100007&order_time=2020-10-03 HTTP/1.1" 200 408
180.157.253.48 - - [03/Oct/2020:10:44:30 +0800] "GET /xingrg/all/function/internal_message.html?_=1601693080003&CODE_STATE=getMsg HTTP/1.1" 200 27
180.162.245.190 - - [03/Oct/2020:10:44:31 +0800] "POST /xingrg/kc/buy/cgsh_order_operate.html HTTP/1.1" 200 37
58.37.8.227 - - [03/Oct/2020:10:44:32 +0800] "GET /xingrg/all/function/internal_message.html?_=1601692689523&CODE_STATE=getMsg HTTP/1.1" 200 27
180.162.245.190 - - [03/Oct/2020:10:44:33 +0800] "POST /xingrg/kc/buy/cgsh_order_operate.html HTTP/1.1" 200 3257
180.162.245.190 - - [03/Oct/2020:10:44:34 +0800] "GET /xingrg/kc/print/load_data.html?order_code=212020100301069&kc_code=cgsh&condition= HTTP/1.1" 200 973
58.40.7.146 - - [03/Oct/2020:10:44:34 +0800] "GET /xingrg/all/function/internal_message.html?_=1601693074210&CODE_STATE=getMsg HTTP/1.1" 200 27
172.17.0.123 - - [03/Oct/2020:10:44:36 +0800] "GET /xingrg/all/function/internal_message.html?_=1601693059886&CODE_STATE=getMsg HTTP/1.1" 200 27
58.40.7.146 - - [03/Oct/2020:10:44:38 +0800] "POST /xingrg/kc/base/check_list_operate.html HTTP/1.1" 200 5430
180.162.245.190 - - [03/Oct/2020:10:44:38 +0800] "GET /xingrg/kc/buy/cgsh_order_add.html HTTP/1.1" 200 59985
180.162.245.190 - - [03/Oct/2020:10:44:38 +0800] "POST /xingrg/kc/buy/cgsh_order_operate.html HTTP/1.1" 200 8245
180.162.245.190 - - [03/Oct/2020:10:44:38 +0800] "GET /xingrg/javascript/easyui/themes/default/validatebox.css HTTP/1.1" 404 1104
124.77.70.31 - - [03/Oct/2020:10:44:43 +0800] "GET /xingrg/kc/buy/cgsh_order_operate.html?command=get_materiel&rest_code=00107&code=00101010567&supplier_code=00100326&order_time=2020-10-03 HTTP/1.1" 200 399
117.131.5.26 - - [03/Oct/2020:10:44:45 +0800] "POST /xingrg/services/DataTransmitService HTTP/1.1" 200 524
58.37.8.227 - - [03/Oct/2020:10:44:46 +0800] "POST /xingrg/kc/buy/cgsh_order_operate.html HTTP/1.1" 200 37
111.16.227.134 - - [03/Oct/2020:10:44:46 +0800] "GET /favicon.ico HTTP/1.1" 404 -
117.131.5.26 - - [03/Oct/2020:10:44:47 +0800] "POST /xingrg/services/DataTransmitService HTTP/1.1" 200 501
117.131.5.26 - - [03/Oct/2020:10:44:47 +0800] "POST /xingrg/services/DataTransmitService HTTP/1.1" 200 501
58.37.8.227 - - [03/Oct/2020:10:44:49 +0800] "POST /xingrg/kc/buy/cgsh_order_operate.html HTTP/1.1" 200 12
58.37.8.227 - - [03/Oct/2020:10:44:49 +0800] "GET /xingrg/kc/buy/cgsh_order_info.html?code=212020100301070 HTTP/1.1" 200 54847
58.37.8.227 - - [03/Oct/2020:10:44:50 +0800] "GET /xingrg/javascript/easyui/themes/default/validatebox.css HTTP/1.1" 404 1104
172.17.0.120 - - [03/Oct/2020:10:44:50 +0800] "GET /xingrg/all/function/internal_message.html?_=1601693088510&CODE_STATE=getMsg HTTP/1.1" 200 27
58.37.8.227 - - [03/Oct/2020:10:44:50 +0800] "POST /xingrg/kc/buy/cgsh_order_operate.html HTTP/1.1" 200 3564
124.77.70.31 - - [03/Oct/2020:10:44:52 +0800] "POST /xingrg/kc/buy/cgsh_order_operate.html HTTP/1.1" 200 37
58.37.8.227 - - [03/Oct/2020:10:44:52 +0800] "GET /xingrg/kc/print/load_data.html?order_code=212020100301070&kc_code=cgsh&condition= HTTP/1.1" 200 1897
117.131.5.26 - - [03/Oct/2020:10:44:52 +0800] "POST /xingrg/services/DataTransmitService HTTP/1.1" 200 501
222.69.134.241 - - [03/Oct/2020:10:44:53 +0800] "GET /xingrg/all/function/internal_message.html?_=1601693084687&CODE_STATE=getMsg HTTP/1.1" 200 27
124.77.70.31 - - [03/Oct/2020:10:44:53 +0800] "POST /xingrg/kc/buy/cgsh_order_operate.html HTTP/1.1" 200 2658
116.238.71.30 - - [03/Oct/2020:10:44:53 +0800] "GET /xingrg/all/function/internal_message.html?_=1601693093112&CODE_STATE=getMsg HTTP/1.1" 200 27
58.37.8.227 - - [03/Oct/2020:10:44:53 +0800] "GET /xingrg/check_reg.html?_=1601692710412 HTTP/1.1" 200 22
117.184.7.26 - - [03/Oct/2020:10:44:53 +0800] "GET /xingrg/all/function/internal_message.html?_=1601693082427&CODE_STATE=getMsg HTTP/1.1" 200 27
58.40.7.146 - - [03/Oct/2020:10:44:54 +0800] "GET /xingrg/check_reg.html?_=1601693093515 HTTP/1.1" 200 22
124.77.70.31 - - [03/Oct/2020:10:44:54 +0800] "GET /xingrg/kc/print/load_data.html?order_code=212020100301071&kc_code=cgsh&condition= HTTP/1.1" 200 677
117.131.5.26 - - [03/Oct/2020:10:44:57 +0800] "POST /xingrg/services/DataTransmitService HTTP/1.1" 200 501
58.37.8.227 - - [03/Oct/2020:10:44:58 +0800] "GET /xingrg/all/function/internal_message.html?_=1601693091917&CODE_STATE=getMsg HTTP/1.1" 200 27
117.131.5.26 - - [03/Oct/2020:10:44:58 +0800] "POST /xingrg/services/DataTransmitService HTTP/1.1" 200 501
117.131.5.26 - - [03/Oct/2020:10:44:58 +0800] "POST /xingrg/services/DataTransmitService HTTP/1.1" 200 501
124.77.70.31 - - [03/Oct/2020:10:44:58 +0800] "GET /xingrg/all/function/internal_message.html?_=1601693091531&CODE_STATE=getMsg HTTP/1.1" 200 27
117.131.5.26 - - [03/Oct/2020:10:44:58 +0800] "POST /xingrg/services/DataTransmitService HTTP/1.1" 200 501
180.174.56.115 - - [03/Oct/2020:10:44:58 +0800] "GET /xingrg/check_reg.html?_=1601693075177 HTTP/1.1" 200 22
117.131.5.26 - - [03/Oct/2020:10:44:58 +0800] "POST /xingrg/services/DataTransmitService HTTP/1.1" 200 501
117.131.5.26 - - [03/Oct/2020:10:44:59 +0800] "POST /xingrg/services/DataTransmitService HTTP/1.1" 200 501
124.77.70.31 - - [03/Oct/2020:10:44:59 +0800] "GET /xingrg/kc/buy/cgsh_order_add.html HTTP/1.1" 200 60026
180.174.56.115 - - [03/Oct/2020:10:44:59 +0800] "GET /xingrg/all/function/internal_message.html?_=1601693075986&CODE_STATE=getMsg HTTP/1.1" 200 27
58.37.8.227 - - [03/Oct/2020:10:44:59 +0800] "GET /xingrg/kc/buy/cgsh_order_add.html HTTP/1.1" 200 59944
117.131.5.26 - - [03/Oct/2020:10:44:59 +0800] "POST /xingrg/services/DataTransmitService HTTP/1.1" 200 412
124.77.70.31 - - [03/Oct/2020:10:45:00 +0800] "GET /xingrg/javascript/easyui/themes/default/validatebox.css HTTP/1.1" 404 1104
124.77.70.31 - - [03/Oct/2020:10:45:00 +0800] "POST /xingrg/kc/buy/cgsh_order_operate.html HTTP/1.1" 200 8245
180.162.245.190 - - [03/Oct/2020:10:45:00 +0800] "GET /xingrg/all/function/internal_message.html?_=1601693101411&CODE_STATE=getMsg HTTP/1.1" 200 27
58.37.8.227 - - [03/Oct/2020:10:45:00 +0800] "GET /xingrg/javascript/easyui/themes/default/validatebox.css HTTP/1.1" 404 1104
58.37.8.227 - - [03/Oct/2020:10:45:00 +0800] "POST /xingrg/kc/buy/cgsh_order_operate.html HTTP/1.1" 200 8245
180.162.245.190 - - [03/Oct/2020:10:45:00 +0800] "GET /xingrg/check_reg.html?_=1601693101647 HTTP/1.1" 200 22
124.77.70.31 - - [03/Oct/2020:10:45:02 +0800] "GET /xingrg/javascript/easyui/themes/default/tree.css HTTP/1.1" 404 1090
124.77.70.31 - - [03/Oct/2020:10:45:02 +0800] "POST /xingrg/all/common/load_tree.html?tree=supplier_tree_json&isDelete=1 HTTP/1.1" 200 50541
180.162.245.190 - - [03/Oct/2020:10:45:04 +0800] "POST /xingrg/kc/buy/cgsh_order_operate.html HTTP/1.1" 200 37
116.232.52.152 - - [03/Oct/2020:10:45:04 +0800] "GET /xingrg/kc/buy/cgsh_order_operate.html?command=get_materiel&rest_code=00109&code=00101008096&supplier_code=00100005&order_time=2020-10-03 HTTP/1.1" 200 412
180.162.245.190 - - [03/Oct/2020:10:45:05 +0800] "POST /xingrg/kc/buy/cgsh_order_operate.html HTTP/1.1" 200 2659
58.37.8.227 - - [03/Oct/2020:10:45:05 +0800] "GET /xingrg/kc/buy/cgsh_order_operate.html?command=get_materiel&rest_code=00141&code=00101008213&supplier_code=00100007&order_time=2020-10-03 HTTP/1.1" 200 412
180.162.245.190 - - [03/Oct/2020:10:45:06 +0800] "GET /xingrg/kc/print/load_data.html?order_code=212020100301072&kc_code=cgsh&condition= HTTP/1.1" 200 733
172.17.200.101 - - [03/Oct/2020:10:45:08 +0800] "GET /xingrg/all/function/internal_message.html?_=1601693111368&CODE_STATE=getMsg HTTP/1.1" 200 27
218.81.217.115 - - [03/Oct/2020:10:45:10 +0800] "GET /xingrg/all/function/internal_message.html?_=1601693084919&CODE_STATE=getMsg HTTP/1.1" 200 27
116.232.52.152 - - [03/Oct/2020:10:45:12 +0800] "GET /xingrg/kc/buy/cgsh_order_operate.html?command=get_materiel&rest_code=00109&code=00101008350&supplier_code=00100005&order_time=2020-10-03 HTTP/1.1" 200 408
114.88.166.242 - - [03/Oct/2020:10:45:12 +0800] "GET /xingrg/all/function/internal_message.html?_=1601693109112&CODE_STATE=getMsg HTTP/1.1" 200 27
58.37.8.227 - - [03/Oct/2020:10:45:14 +0800] "GET /xingrg/kc/buy/cgsh_order_operate.html?command=get_materiel&rest_code=00141&code=00101008304&supplier_code=00100007&order_time=2020-10-03 HTTP/1.1" 200 412
218.81.217.115 - - [03/Oct/2020:10:45:15 +0800] "GET /xingrg/all/function/internal_message.html?_=1601693122125&CODE_STATE=getMsg HTTP/1.1" 200 27
116.232.52.152 - - [03/Oct/2020:10:45:17 +0800] "GET /xingrg/all/function/internal_message.html?_=1601693149755&CODE_STATE=getMsg HTTP/1.1" 200 27
172.17.0.102 - - [03/Oct/2020:10:45:17 +0800] "GET /xingrg/all/function/internal_message.html?_=1601693128833&CODE_STATE=getMsg HTTP/1.1" 200 27
116.232.52.152 - - [03/Oct/2020:10:45:20 +0800] "GET /xingrg/kc/buy/cgsh_order_operate.html?command=get_materiel&rest_code=00109&code=00101008095&supplier_code=00100005&order_time=2020-10-03 HTTP/1.1" 200 412
58.37.8.227 - - [03/Oct/2020:10:45:20 +0800] "GET /xingrg/kc/buy/cgsh_order_operate.html?command=get_materiel&rest_code=00141&code=00101020005&supplier_code=00100007&order_time=2020-10-03 HTTP/1.1" 200 409
172.17.0.101 - - [03/Oct/2020:10:45:21 +0800] "GET /xingrg/all/function/internal_message.html?_=1601693119656&CODE_STATE=getMsg HTTP/1.1" 200 27
101.85.228.253 - - [03/Oct/2020:10:45:22 +0800] "GET /xingrg/all/function/internal_message.html?_=1601693335664&CODE_STATE=getMsg HTTP/1.1" 200 27
116.232.52.152 - - [03/Oct/2020:10:45:22 +0800] "POST /xingrg/kc/buy/cgsh_order_operate.html HTTP/1.1" 200 2065
124.77.70.31 - - [03/Oct/2020:10:45:24 +0800] "GET /xingrg/kc/buy/cgsh_order_operate.html?command=get_materiel&rest_code=00107&code=00101003025&supplier_code=00100093&order_time=2020-10-03 HTTP/1.1" 200 409
116.232.52.152 - - [03/Oct/2020:10:45:29 +0800] "GET /xingrg/kc/buy/cgsh_order_operate.html?command=get_materiel&rest_code=00109&code=00101008110&supplier_code=00100005&order_time=2020-10-03 HTTP/1.1" 200 408
180.157.253.48 - - [03/Oct/2020:10:45:30 +0800] "GET /xingrg/all/function/internal_message.html?_=1601693140100&CODE_STATE=getMsg HTTP/1.1" 200 27
58.37.8.227 - - [03/Oct/2020:10:45:32 +0800] "GET /xingrg/all/function/internal_message.html?_=1601692749493&CODE_STATE=getMsg HTTP/1.1" 200 27
58.40.7.146 - - [03/Oct/2020:10:45:34 +0800] "GET /xingrg/all/function/internal_message.html?_=1601693134217&CODE_STATE=getMsg HTTP/1.1" 200 27
116.232.52.152 - - [03/Oct/2020:10:45:36 +0800] "GET /xingrg/kc/buy/cgsh_order_operate.html?command=get_materiel&rest_code=00109&code=00101008168&supplier_code=00100005&order_time=2020-10-03 HTTP/1.1" 200 413
172.17.0.123 - - [03/Oct/2020:10:45:36 +0800] "GET /xingrg/all/function/internal_message.html?_=1601693119888&CODE_STATE=getMsg HTTP/1.1" 200 27
124.77.70.31 - - [03/Oct/2020:10:45:40 +0800] "POST /xingrg/kc/buy/cgsh_order_operate.html HTTP/1.1" 200 37
58.37.8.227 - - [03/Oct/2020:10:45:40 +0800] "GET /xingrg/kc/buy/cgsh_order_operate.html?command=get_materiel&rest_code=00141&code=00101008337&supplier_code=00100007&order_time=2020-10-03 HTTP/1.1" 200 410
116.232.52.152 - - [03/Oct/2020:10:45:42 +0800] "GET /xingrg/kc/buy/cgsh_order_operate.html?command=get_materiel&rest_code=00109&code=00101008323&supplier_code=00100005&order_time=2020-10-03 HTTP/1.1" 200 408
124.77.70.31 - - [03/Oct/2020:10:45:42 +0800] "POST /xingrg/kc/buy/cgsh_order_operate.html HTTP/1.1" 200 2653
124.77.70.31 - - [03/Oct/2020:10:45:43 +0800] "GET /xingrg/kc/print/load_data.html?order_code=212020100301073&kc_code=cgsh&condition= HTTP/1.1" 200 707
180.162.245.190 - - [03/Oct/2020:10:45:44 +0800] "GET /xingrg/kc/buy/cgsh_order_add.html HTTP/1.1" 200 59985
180.162.245.190 - - [03/Oct/2020:10:45:45 +0800] "POST /xingrg/kc/buy/cgsh_order_operate.html HTTP/1.1" 200 8245
180.162.245.190 - - [03/Oct/2020:10:45:45 +0800] "GET /xingrg/javascript/easyui/themes/default/validatebox.css HTTP/1.1" 404 1104
58.37.8.227 - - [03/Oct/2020:10:45:45 +0800] "GET /xingrg/kc/buy/cgsh_order_operate.html?command=get_materiel&rest_code=00141&code=00101008331&supplier_code=00100007&order_time=2020-10-03 HTTP/1.1" 200 416
116.232.52.152 - - [03/Oct/2020:10:45:47 +0800] "GET /xingrg/kc/buy/cgsh_order_operate.html?command=get_materiel&rest_code=00109&code=00101008165&supplier_code=00100005&order_time=2020-10-03 HTTP/1.1" 200 417
124.77.70.31 - - [03/Oct/2020:10:45:48 +0800] "GET /xingrg/kc/buy/cgsh_order_add.html HTTP/1.1" 200 60026
124.77.70.31 - - [03/Oct/2020:10:45:49 +0800] "POST /xingrg/kc/buy/cgsh_order_operate.html HTTP/1.1" 200 8245
124.77.70.31 - - [03/Oct/2020:10:45:49 +0800] "GET /xingrg/javascript/easyui/themes/default/validatebox.css HTTP/1.1" 404 1104
172.17.0.120 - - [03/Oct/2020:10:45:50 +0800] "GET /xingrg/check_reg.html?_=1601693148521 HTTP/1.1" 200 22
