222.69.130.159 - - [01/Oct/2020:08:51:00 +0800] "GET /xingrg/kc/buy/cgsh_order_operate.html?command=get_materiel&rest_code=00154&code=00102001078&supplier_code=00100151&order_time=2020-10-01 HTTP/1.1" 200 408
124.77.70.31 - - [01/Oct/2020:08:51:01 +0800] "POST /xingrg/dwr/call/plaincall/AjaxCheckService.setItemNumber.dwr HTTP/1.1" 200 77
117.185.32.26 - - [01/Oct/2020:08:51:01 +0800] "POST /xingrg/dwr/call/plaincall/AjaxCheckService.setItemNumber.dwr HTTP/1.1" 200 77
124.77.70.31 - - [01/Oct/2020:08:51:02 +0800] "POST /xingrg/dwr/call/plaincall/AjaxCheckService.setItemNumber.dwr HTTP/1.1" 200 77
117.185.32.26 - - [01/Oct/2020:08:51:02 +0800] "POST /xingrg/dwr/call/plaincall/AjaxCheckService.setItemNumber.dwr HTTP/1.1" 200 77
117.185.32.26 - - [01/Oct/2020:08:51:03 +0800] "POST /xingrg/dwr/call/plaincall/AjaxCheckService.setItemNumber.dwr HTTP/1.1" 200 77
124.77.70.31 - - [01/Oct/2020:08:51:03 +0800] "POST /xingrg/dwr/call/plaincall/AjaxCheckService.setItemNumber.dwr HTTP/1.1" 200 77
117.185.32.26 - - [01/Oct/2020:08:51:03 +0800] "POST /xingrg/dwr/call/plaincall/AjaxCheckService.setItemNumber.dwr HTTP/1.1" 200 77
218.81.217.115 - - [01/Oct/2020:08:51:03 +0800] "POST /xingrg/dwr/call/plaincall/AjaxCheckService.setItemNumber.dwr HTTP/1.1" 200 76
222.69.133.94 - - [01/Oct/2020:08:51:03 +0800] "GET /xingrg/all/function/internal_message.html?_=1601513459570&CODE_STATE=getMsg HTTP/1.1" 200 27
117.185.32.26 - - [01/Oct/2020:08:51:04 +0800] "POST /xingrg/dwr/call/plaincall/AjaxCheckService.setItemNumber.dwr HTTP/1.1" 200 77
124.77.70.31 - - [01/Oct/2020:08:51:04 +0800] "POST /xingrg/dwr/call/plaincall/AjaxCheckService.setItemNumber.dwr HTTP/1.1" 200 77
124.77.70.31 - - [01/Oct/2020:08:51:05 +0800] "POST /xingrg/dwr/call/plaincall/AjaxCheckService.setItemNumber.dwr HTTP/1.1" 200 77
218.81.217.115 - - [01/Oct/2020:08:51:05 +0800] "GET /xingrg/all/function/internal_message.html?_=1601513466628&CODE_STATE=getMsg HTTP/1.1" 200 27
218.81.217.115 - - [01/Oct/2020:08:51:06 +0800] "POST /xingrg/dwr/call/plaincall/AjaxCheckService.setItemNumber.dwr HTTP/1.1" 200 76
117.185.32.26 - - [01/Oct/2020:08:51:06 +0800] "POST /xingrg/dwr/call/plaincall/AjaxCheckService.setItemNumber.dwr HTTP/1.1" 200 77
117.185.32.26 - - [01/Oct/2020:08:51:06 +0800] "POST /xingrg/dwr/call/plaincall/AjaxCheckService.setItemNumber.dwr HTTP/1.1" 200 77
124.77.70.31 - - [01/Oct/2020:08:51:06 +0800] "POST /xingrg/dwr/call/plaincall/AjaxCheckService.setItemNumber.dwr HTTP/1.1" 200 77
117.185.32.26 - - [01/Oct/2020:08:51:07 +0800] "POST /xingrg/dwr/call/plaincall/AjaxCheckService.setItemNumber.dwr HTTP/1.1" 200 77
124.77.70.31 - - [01/Oct/2020:08:51:07 +0800] "POST /xingrg/dwr/call/plaincall/AjaxCheckService.setItemNumber.dwr HTTP/1.1" 200 77
117.185.32.26 - - [01/Oct/2020:08:51:08 +0800] "POST /xingrg/dwr/call/plaincall/AjaxCheckService.setItemNumber.dwr HTTP/1.1" 200 77
218.81.217.115 - - [01/Oct/2020:08:51:08 +0800] "POST /xingrg/dwr/call/plaincall/AjaxCheckService.setItemNumber.dwr HTTP/1.1" 200 76
124.77.70.31 - - [01/Oct/2020:08:51:08 +0800] "POST /xingrg/dwr/call/plaincall/AjaxCheckService.setItemNumber.dwr HTTP/1.1" 200 77
117.185.32.26 - - [01/Oct/2020:08:51:09 +0800] "POST /xingrg/dwr/call/plaincall/AjaxCheckService.setItemNumber.dwr HTTP/1.1" 200 77
218.81.217.115 - - [01/Oct/2020:08:51:09 +0800] "POST /xingrg/dwr/call/plaincall/AjaxCheckService.setItemNumber.dwr HTTP/1.1" 200 76
124.77.70.31 - - [01/Oct/2020:08:51:09 +0800] "POST /xingrg/dwr/call/plaincall/AjaxCheckService.setItemNumber.dwr HTTP/1.1" 200 77
117.185.32.26 - - [01/Oct/2020:08:51:09 +0800] "POST /xingrg/dwr/call/plaincall/AjaxCheckService.setItemNumber.dwr HTTP/1.1" 200 77
124.77.70.31 - - [01/Oct/2020:08:51:10 +0800] "POST /xingrg/dwr/call/plaincall/AjaxCheckService.setItemNumber.dwr HTTP/1.1" 200 77
180.162.245.190 - - [01/Oct/2020:08:51:10 +0800] "GET /xingrg/all/function/internal_message.html?_=1601513472127&CODE_STATE=getMsg HTTP/1.1" 200 27
218.81.217.115 - - [01/Oct/2020:08:51:11 +0800] "POST /xingrg/dwr/call/plaincall/AjaxCheckService.setItemNumber.dwr HTTP/1.1" 200 76
218.81.217.115 - - [01/Oct/2020:08:51:11 +0800] "POST /xingrg/dwr/call/plaincall/AjaxCheckService.setItemNumber.dwr HTTP/1.1" 200 76
117.185.32.26 - - [01/Oct/2020:08:51:11 +0800] "POST /xingrg/dwr/call/plaincall/AjaxCheckService.setItemNumber.dwr HTTP/1.1" 200 77
218.81.217.115 - - [01/Oct/2020:08:51:12 +0800] "POST /xingrg/dwr/call/plaincall/AjaxCheckService.setItemNumber.dwr HTTP/1.1" 200 76
218.81.217.115 - - [01/Oct/2020:08:51:13 +0800] "POST /xingrg/dwr/call/plaincall/AjaxCheckService.setItemNumber.dwr HTTP/1.1" 200 76
117.185.32.26 - - [01/Oct/2020:08:51:14 +0800] "POST /xingrg/dwr/call/plaincall/AjaxCheckService.setItemNumber.dwr HTTP/1.1" 200 77
218.81.217.115 - - [01/Oct/2020:08:51:14 +0800] "POST /xingrg/dwr/call/plaincall/AjaxCheckService.setItemNumber.dwr HTTP/1.1" 200 76
117.185.32.26 - - [01/Oct/2020:08:51:14 +0800] "POST /xingrg/dwr/call/plaincall/AjaxCheckService.setItemNumber.dwr HTTP/1.1" 200 77
124.77.70.31 - - [01/Oct/2020:08:51:15 +0800] "POST /xingrg/dwr/call/plaincall/AjaxCheckService.setItemNumber.dwr HTTP/1.1" 200 77
218.81.217.115 - - [01/Oct/2020:08:51:15 +0800] "POST /xingrg/dwr/call/plaincall/AjaxCheckService.setItemNumber.dwr HTTP/1.1" 200 77
117.185.32.26 - - [01/Oct/2020:08:51:15 +0800] "POST /xingrg/dwr/call/plaincall/AjaxCheckService.setItemNumber.dwr HTTP/1.1" 200 77
117.185.32.26 - - [01/Oct/2020:08:51:16 +0800] "POST /xingrg/dwr/call/plaincall/AjaxCheckService.setItemNumber.dwr HTTP/1.1" 200 77
218.81.217.115 - - [01/Oct/2020:08:51:16 +0800] "POST /xingrg/dwr/call/plaincall/AjaxCheckService.setItemNumber.dwr HTTP/1.1" 200 77
222.69.133.94 - - [01/Oct/2020:08:51:18 +0800] "POST /xingrg/dwr/call/plaincall/AjaxCheckService.checkOrder.dwr HTTP/1.1" 200 80
117.185.32.26 - - [01/Oct/2020:08:51:18 +0800] "POST /xingrg/dwr/call/plaincall/AjaxCheckService.setItemNumber.dwr HTTP/1.1" 200 77
117.185.32.26 - - [01/Oct/2020:08:51:18 +0800] "POST /xingrg/dwr/call/plaincall/AjaxCheckService.setItemNumber.dwr HTTP/1.1" 200 77
124.77.70.31 - - [01/Oct/2020:08:51:18 +0800] "POST /xingrg/dwr/call/plaincall/AjaxCheckService.setItemNumber.dwr HTTP/1.1" 200 77
124.77.70.31 - - [01/Oct/2020:08:51:18 +0800] "POST /xingrg/dwr/call/plaincall/AjaxCheckService.setItemNumber.dwr HTTP/1.1" 200 77
180.174.56.115 - - [01/Oct/2020:08:51:18 +0800] "GET /xingrg/all/function/internal_message.html?_=1601513479653&CODE_STATE=getMsg HTTP/1.1" 200 27
124.77.70.31 - - [01/Oct/2020:08:51:19 +0800] "POST /xingrg/dwr/call/plaincall/AjaxCheckService.setItemNumber.dwr HTTP/1.1" 200 77
218.81.217.115 - - [01/Oct/2020:08:51:19 +0800] "POST /xingrg/dwr/call/plaincall/AjaxCheckService.setItemNumber.dwr HTTP/1.1" 200 77
222.69.133.94 - - [01/Oct/2020:08:51:19 +0800] "GET /xingrg/kc/base/check_order_info.html?code=452020093000430 HTTP/1.1" 200 22860
222.69.133.94 - - [01/Oct/2020:08:51:19 +0800] "GET /xingrg/dwr/interface/AjaxComOrderService.js HTTP/1.1" 200 18264
222.69.133.94 - - [01/Oct/2020:08:51:19 +0800] "GET /xingrg/dwr/interface/AjaxCheckService.js HTTP/1.1" 200 14003
222.69.133.94 - - [01/Oct/2020:08:51:19 +0800] "GET /xingrg/dwr/engine.js HTTP/1.1" 200 43631
124.77.70.31 - - [01/Oct/2020:08:51:20 +0800] "POST /xingrg/dwr/call/plaincall/AjaxCheckService.setItemNumber.dwr HTTP/1.1" 200 77
222.69.133.94 - - [01/Oct/2020:08:51:20 +0800] "POST /xingrg/dwr/call/plaincall/AjaxCheckService.loadOrderItems.dwr HTTP/1.1" 200 63594
117.185.32.26 - - [01/Oct/2020:08:51:21 +0800] "POST /xingrg/dwr/call/plaincall/AjaxCheckService.setItemNumber.dwr HTTP/1.1" 200 77
124.77.70.31 - - [01/Oct/2020:08:51:22 +0800] "POST /xingrg/dwr/call/plaincall/AjaxCheckService.setItemNumber.dwr HTTP/1.1" 200 77
117.185.32.26 - - [01/Oct/2020:08:51:23 +0800] "POST /xingrg/dwr/call/plaincall/AjaxCheckService.setItemNumber.dwr HTTP/1.1" 200 77
117.185.32.26 - - [01/Oct/2020:08:51:24 +0800] "POST /xingrg/dwr/call/plaincall/AjaxCheckService.setItemNumber.dwr HTTP/1.1" 200 77
222.69.130.159 - - [01/Oct/2020:08:51:24 +0800] "GET /xingrg/all/function/internal_message.html?_=1601513485032&CODE_STATE=getMsg HTTP/1.1" 200 27
117.185.32.26 - - [01/Oct/2020:08:51:24 +0800] "POST /xingrg/dwr/call/plaincall/AjaxCheckService.setItemNumber.dwr HTTP/1.1" 200 77
222.69.130.159 - - [01/Oct/2020:08:51:25 +0800] "GET /xingrg/kc/buy/cgsh_order_operate.html?command=get_materiel&rest_code=00154&code=00102016572&supplier_code=00100151&order_time=2020-10-01 HTTP/1.1" 200 412
124.77.70.31 - - [01/Oct/2020:08:51:25 +0800] "POST /xingrg/dwr/call/plaincall/AjaxCheckService.setItemNumber.dwr HTTP/1.1" 200 77
117.185.32.26 - - [01/Oct/2020:08:51:25 +0800] "POST /xingrg/dwr/call/plaincall/AjaxCheckService.setItemNumber.dwr HTTP/1.1" 200 77
117.185.32.26 - - [01/Oct/2020:08:51:25 +0800] "POST /xingrg/dwr/call/plaincall/AjaxCheckService.setItemNumber.dwr HTTP/1.1" 200 77
117.185.32.26 - - [01/Oct/2020:08:51:26 +0800] "POST /xingrg/dwr/call/plaincall/AjaxCheckService.setItemNumber.dwr HTTP/1.1" 200 77
218.81.217.115 - - [01/Oct/2020:08:51:26 +0800] "POST /xingrg/dwr/call/plaincall/AjaxCheckService.setItemNumber.dwr HTTP/1.1" 200 77
117.185.32.26 - - [01/Oct/2020:08:51:27 +0800] "POST /xingrg/dwr/call/plaincall/AjaxCheckService.setItemNumber.dwr HTTP/1.1" 200 77
124.77.70.31 - - [01/Oct/2020:08:51:30 +0800] "POST /xingrg/dwr/call/plaincall/AjaxCheckService.setItemNumber.dwr HTTP/1.1" 200 77
218.81.217.115 - - [01/Oct/2020:08:51:31 +0800] "POST /xingrg/dwr/call/plaincall/AjaxCheckService.setItemNumber.dwr HTTP/1.1" 200 77
117.131.5.26 - - [01/Oct/2020:08:51:31 +0800] "GET /xingrg/all/function/internal_message.html?_=1601513787982&CODE_STATE=getMsg HTTP/1.1" 200 27
218.81.217.115 - - [01/Oct/2020:08:51:32 +0800] "POST /xingrg/dwr/call/plaincall/AjaxCheckService.setItemNumber.dwr HTTP/1.1" 200 77
124.77.70.31 - - [01/Oct/2020:08:51:32 +0800] "POST /xingrg/dwr/call/plaincall/AjaxCheckService.setItemNumber.dwr HTTP/1.1" 200 77
218.81.217.115 - - [01/Oct/2020:08:51:32 +0800] "POST /xingrg/dwr/call/plaincall/AjaxCheckService.setItemNumber.dwr HTTP/1.1" 200 77
222.69.130.159 - - [01/Oct/2020:08:51:33 +0800] "POST /xingrg/kc/buy/cgsh_order_operate.html HTTP/1.1" 200 2065
58.40.7.146 - - [01/Oct/2020:08:51:33 +0800] "GET /xingrg/all/function/internal_message.html?_=1601513494243&CODE_STATE=getMsg HTTP/1.1" 200 27
117.185.32.26 - - [01/Oct/2020:08:51:34 +0800] "POST /xingrg/dwr/call/plaincall/AjaxCheckService.setItemNumber.dwr HTTP/1.1" 200 77
124.77.70.31 - - [01/Oct/2020:08:51:34 +0800] "POST /xingrg/dwr/call/plaincall/AjaxCheckService.setItemNumber.dwr HTTP/1.1" 200 77
218.81.217.115 - - [01/Oct/2020:08:51:34 +0800] "POST /xingrg/dwr/call/plaincall/AjaxCheckService.setItemNumber.dwr HTTP/1.1" 200 77
180.174.56.115 - - [01/Oct/2020:08:51:34 +0800] "GET /xingrg/kc/base/check_order_list.html HTTP/1.1" 200 16509
116.233.78.247 - - [01/Oct/2020:08:51:34 +0800] "GET /favicon.ico HTTP/1.1" 404 -
124.77.70.31 - - [01/Oct/2020:08:51:34 +0800] "POST /xingrg/dwr/call/plaincall/AjaxCheckService.setItemNumber.dwr HTTP/1.1" 200 77
180.174.56.115 - - [01/Oct/2020:08:51:35 +0800] "POST /xingrg/kc/base/check_list_operate.html HTTP/1.1" 200 1932
124.77.70.31 - - [01/Oct/2020:08:51:35 +0800] "POST /xingrg/dwr/call/plaincall/AjaxCheckService.setItemNumber.dwr HTTP/1.1" 200 77
218.81.217.115 - - [01/Oct/2020:08:51:36 +0800] "POST /xingrg/dwr/call/plaincall/AjaxCheckService.setItemNumber.dwr HTTP/1.1" 200 77
124.77.70.31 - - [01/Oct/2020:08:51:36 +0800] "POST /xingrg/dwr/call/plaincall/AjaxCheckService.setItemNumber.dwr HTTP/1.1" 200 77
218.81.217.115 - - [01/Oct/2020:08:51:37 +0800] "POST /xingrg/dwr/call/plaincall/AjaxCheckService.setItemNumber.dwr HTTP/1.1" 200 77
116.233.78.247 - - [01/Oct/2020:08:51:38 +0800] "GET /xingrg/login.html HTTP/1.1" 200 7641
116.233.78.247 - - [01/Oct/2020:08:51:38 +0800] "GET /xingrg/images/blue/login_bg.png HTTP/1.1" 304 -
116.233.78.247 - - [01/Oct/2020:08:51:38 +0800] "GET /xingrg/images/blue/jxLogo.png HTTP/1.1" 304 -
116.233.78.247 - - [01/Oct/2020:08:51:39 +0800] "GET /xingrg/images/blue/hj.png HTTP/1.1" 304 -
116.233.78.247 - - [01/Oct/2020:08:51:39 +0800] "GET /xingrg/images/blue/srbg.png HTTP/1.1" 304 -
124.77.70.31 - - [01/Oct/2020:08:51:39 +0800] "POST /xingrg/dwr/call/plaincall/AjaxCheckService.setItemNumber.dwr HTTP/1.1" 200 77
116.233.78.247 - - [01/Oct/2020:08:51:39 +0800] "GET /favicon.ico HTTP/1.1" 404 -
124.77.70.31 - - [01/Oct/2020:08:51:39 +0800] "POST /xingrg/dwr/call/plaincall/AjaxCheckService.setItemNumber.dwr HTTP/1.1" 200 77
124.77.70.31 - - [01/Oct/2020:08:51:40 +0800] "POST /xingrg/dwr/call/plaincall/AjaxCheckService.setItemNumber.dwr HTTP/1.1" 200 77
124.77.70.31 - - [01/Oct/2020:08:51:41 +0800] "POST /xingrg/dwr/call/plaincall/AjaxCheckService.setItemNumber.dwr HTTP/1.1" 200 77
180.162.245.190 - - [01/Oct/2020:08:51:41 +0800] "GET /xingrg/kc/buy/cgsh_order_operate.html?command=get_materiel&rest_code=00105&code=00101008353&supplier_code=00100203&order_time=2020-10-01 HTTP/1.1" 200 408
218.81.217.115 - - [01/Oct/2020:08:51:41 +0800] "POST /xingrg/dwr/call/plaincall/AjaxCheckService.setItemNumber.dwr HTTP/1.1" 200 77
116.232.51.57 - - [01/Oct/2020:08:51:41 +0800] "GET /xingrg/all/function/internal_message.html?_=1601513471441&CODE_STATE=getMsg HTTP/1.1" 302 -
124.77.70.31 - - [01/Oct/2020:08:51:42 +0800] "POST /xingrg/dwr/call/plaincall/AjaxCheckService.setItemNumber.dwr HTTP/1.1" 200 77
114.88.166.242 - - [01/Oct/2020:08:51:42 +0800] "GET /xingrg/all/function/internal_message.html?_=1601513500263&CODE_STATE=getMsg HTTP/1.1" 200 27
124.77.70.31 - - [01/Oct/2020:08:51:42 +0800] "POST /xingrg/dwr/call/plaincall/AjaxCheckService.setItemNumber.dwr HTTP/1.1" 200 77
218.81.217.115 - - [01/Oct/2020:08:51:42 +0800] "GET /xingrg/all/function/internal_message.html?_=1601513530846&CODE_STATE=getMsg HTTP/1.1" 200 27
218.81.217.115 - - [01/Oct/2020:08:51:42 +0800] "POST /xingrg/dwr/call/plaincall/AjaxCheckService.setItemNumber.dwr HTTP/1.1" 200 77
124.77.70.31 - - [01/Oct/2020:08:51:43 +0800] "POST /xingrg/dwr/call/plaincall/AjaxCheckService.setItemNumber.dwr HTTP/1.1" 200 77
180.174.56.115 - - [01/Oct/2020:08:51:43 +0800] "GET /xingrg/all/function/internal_message.html?_=1601513610834&CODE_STATE=getMsg HTTP/1.1" 200 27
124.77.70.31 - - [01/Oct/2020:08:51:44 +0800] "POST /xingrg/dwr/call/plaincall/AjaxCheckService.setItemNumber.dwr HTTP/1.1" 200 77
218.81.217.115 - - [01/Oct/2020:08:51:44 +0800] "POST /xingrg/dwr/call/plaincall/AjaxCheckService.setItemNumber.dwr HTTP/1.1" 200 77
124.77.70.31 - - [01/Oct/2020:08:51:45 +0800] "POST /xingrg/dwr/call/plaincall/AjaxCheckService.setItemNumber.dwr HTTP/1.1" 200 77
124.77.70.31 - - [01/Oct/2020:08:51:46 +0800] "POST /xingrg/dwr/call/plaincall/AjaxCheckService.setItemNumber.dwr HTTP/1.1" 200 77
218.81.217.115 - - [01/Oct/2020:08:51:46 +0800] "POST /xingrg/dwr/call/plaincall/AjaxCheckService.setItemNumber.dwr HTTP/1.1" 200 77
124.77.70.31 - - [01/Oct/2020:08:51:46 +0800] "POST /xingrg/dwr/call/plaincall/AjaxCheckService.setItemNumber.dwr HTTP/1.1" 200 77
218.81.217.115 - - [01/Oct/2020:08:51:47 +0800] "POST /xingrg/dwr/call/plaincall/AjaxCheckService.setItemNumber.dwr HTTP/1.1" 200 77
58.37.8.227 - - [01/Oct/2020:08:51:47 +0800] "GET /xingrg/all/function/internal_message.html?_=1601513507864&CODE_STATE=getMsg HTTP/1.1" 200 27
180.162.245.190 - - [01/Oct/2020:08:51:47 +0800] "GET /xingrg/kc/buy/cgsh_order_operate.html?command=get_materiel&rest_code=00105&code=00101008213&supplier_code=00100203&order_time=2020-10-01 HTTP/1.1" 200 412
180.174.56.115 - - [01/Oct/2020:08:51:48 +0800] "GET /xingrg/kc/base/check_order_info.html?code=452020093000383 HTTP/1.1" 200 26368
180.174.56.115 - - [01/Oct/2020:08:51:48 +0800] "GET /xingrg/dwr/interface/AjaxComOrderService.js HTTP/1.1" 200 18264
180.174.56.115 - - [01/Oct/2020:08:51:48 +0800] "GET /xingrg/dwr/util.js HTTP/1.1" 304 -
180.174.56.115 - - [01/Oct/2020:08:51:48 +0800] "GET /xingrg/dwr/interface/AjaxCheckService.js HTTP/1.1" 200 14003
180.174.56.115 - - [01/Oct/2020:08:51:48 +0800] "GET /xingrg/dwr/engine.js HTTP/1.1" 200 43631
218.81.217.115 - - [01/Oct/2020:08:51:48 +0800] "POST /xingrg/dwr/call/plaincall/AjaxCheckService.setItemNumber.dwr HTTP/1.1" 200 77
180.174.56.115 - - [01/Oct/2020:08:51:48 +0800] "POST /xingrg/dwr/call/plaincall/AjaxCheckService.loadOrderItems.dwr HTTP/1.1" 200 11831
218.81.217.115 - - [01/Oct/2020:08:51:49 +0800] "POST /xingrg/dwr/call/plaincall/AjaxCheckService.setItemNumber.dwr HTTP/1.1" 200 77
124.77.70.31 - - [01/Oct/2020:08:51:49 +0800] "POST /xingrg/dwr/call/plaincall/AjaxCheckService.setItemNumber.dwr HTTP/1.1" 200 77
117.185.32.26 - - [01/Oct/2020:08:51:50 +0800] "GET /xingrg/all/function/internal_message.html?_=1601513508548&CODE_STATE=getMsg HTTP/1.1" 200 27
218.81.217.115 - - [01/Oct/2020:08:51:50 +0800] "POST /xingrg/dwr/call/plaincall/AjaxCheckService.setItemNumber.dwr HTTP/1.1" 200 77
114.88.166.242 - - [01/Oct/2020:08:51:51 +0800] "GET /xingrg/all/function/internal_message.html?_=1601513504436&CODE_STATE=getMsg HTTP/1.1" 302 -
114.88.166.242 - - [01/Oct/2020:08:51:51 +0800] "GET /xingrg/check_reg.html?_=1601513504435 HTTP/1.1" 302 -
218.81.217.115 - - [01/Oct/2020:08:51:51 +0800] "POST /xingrg/dwr/call/plaincall/AjaxCheckService.setItemNumber.dwr HTTP/1.1" 200 77
101.85.228.253 - - [01/Oct/2020:08:51:51 +0800] "GET /xingrg/check_reg.html?_=1601513726617 HTTP/1.1" 200 22
218.81.217.115 - - [01/Oct/2020:08:51:51 +0800] "POST /xingrg/dwr/call/plaincall/AjaxCheckService.setItemNumber.dwr HTTP/1.1" 200 77
101.85.228.253 - - [01/Oct/2020:08:51:52 +0800] "GET /xingrg/all/function/internal_message.html?_=1601513726958&CODE_STATE=getMsg HTTP/1.1" 200 27
218.81.217.115 - - [01/Oct/2020:08:51:52 +0800] "POST /xingrg/dwr/call/plaincall/AjaxCheckService.setItemNumber.dwr HTTP/1.1" 200 77
124.77.70.31 - - [01/Oct/2020:08:51:53 +0800] "POST /xingrg/dwr/call/plaincall/AjaxCheckService.setItemNumber.dwr HTTP/1.1" 200 77
124.77.70.31 - - [01/Oct/2020:08:51:53 +0800] "GET /xingrg/all/function/internal_message.html?_=1601513510940&CODE_STATE=getMsg HTTP/1.1" 200 27
124.77.70.31 - - [01/Oct/2020:08:51:53 +0800] "POST /xingrg/dwr/call/plaincall/AjaxCheckService.setItemNumber.dwr HTTP/1.1" 200 77
124.77.70.31 - - [01/Oct/2020:08:51:54 +0800] "POST /xingrg/dwr/call/plaincall/AjaxCheckService.setItemNumber.dwr HTTP/1.1" 200 77
218.81.217.115 - - [01/Oct/2020:08:51:54 +0800] "POST /xingrg/dwr/call/plaincall/AjaxCheckService.setItemNumber.dwr HTTP/1.1" 200 77
124.77.70.31 - - [01/Oct/2020:08:51:54 +0800] "POST /xingrg/dwr/call/plaincall/AjaxCheckService.setItemNumber.dwr HTTP/1.1" 200 77
116.233.78.247 - - [01/Oct/2020:08:51:55 +0800] "POST /xingrg/login.do HTTP/1.1" 302 -
124.77.70.31 - - [01/Oct/2020:08:51:55 +0800] "POST /xingrg/dwr/call/plaincall/AjaxCheckService.setItemNumber.dwr HTTP/1.1" 200 77
116.233.78.247 - - [01/Oct/2020:08:51:55 +0800] "GET /xingrg/index.html?sysBaseUrl=http%3A%2F%2F180.169.147.146%3A18081%2Fxingrg%2F&costTime=51×tamp=1601513515407 HTTP/1.1" 200 17173
218.81.217.115 - - [01/Oct/2020:08:51:55 +0800] "POST /xingrg/dwr/call/plaincall/AjaxCheckService.setItemNumber.dwr HTTP/1.1" 200 77
116.233.78.247 - - [01/Oct/2020:08:51:56 +0800] "GET /xingrg/javascript/jquery_easy_ui/themes/default/easyui.css HTTP/1.1" 304 -
116.233.78.247 - - [01/Oct/2020:08:51:56 +0800] "GET /xingrg/javascript/jquery_easy_ui/themes/icon.css HTTP/1.1" 304 -
116.233.78.247 - - [01/Oct/2020:08:51:56 +0800] "GET /xingrg/css/form.css HTTP/1.1" 304 -
116.233.78.247 - - [01/Oct/2020:08:51:56 +0800] "GET /xingrg/javascript/jquery-1.4.2.min.js HTTP/1.1" 304 -
116.233.78.247 - - [01/Oct/2020:08:51:56 +0800] "GET /xingrg/javascript/jquery_easy_ui/jquery.easyui.min.js HTTP/1.1" 304 -
116.233.78.247 - - [01/Oct/2020:08:51:56 +0800] "GET /xingrg/javascript/jquery_easy_ui/easyui-lang-zh_CN.js HTTP/1.1" 304 -
116.233.78.247 - - [01/Oct/2020:08:51:56 +0800] "GET /xingrg/javascript/jquery.form.js HTTP/1.1" 304 -
116.233.78.247 - - [01/Oct/2020:08:51:56 +0800] "GET /xingrg/javascript/jquery.utils.js HTTP/1.1" 304 -
116.233.78.247 - - [01/Oct/2020:08:51:56 +0800] "GET /xingrg/javascript/jquery.timers.js HTTP/1.1" 304 -
124.77.70.31 - - [01/Oct/2020:08:51:56 +0800] "POST /xingrg/dwr/call/plaincall/AjaxCheckService.setItemNumber.dwr HTTP/1.1" 200 77
180.162.245.190 - - [01/Oct/2020:08:51:57 +0800] "GET /xingrg/kc/buy/cgsh_order_operate.html?command=get_materiel&rest_code=00105&code=00101008105&supplier_code=00100203&order_time=2020-10-01 HTTP/1.1" 200 412
124.77.70.31 - - [01/Oct/2020:08:51:57 +0800] "POST /xingrg/dwr/call/plaincall/AjaxCheckService.setItemNumber.dwr HTTP/1.1" 200 77
116.233.78.247 - - [01/Oct/2020:08:51:57 +0800] "GET /favicon.ico HTTP/1.1" 404 -
116.233.78.247 - - [01/Oct/2020:08:51:57 +0800] "GET /xingrg/images/blue/navBackgound.jpg HTTP/1.1" 304 -
116.233.78.247 - - [01/Oct/2020:08:51:57 +0800] "GET /xingrg/javascript/jquery_easy_ui/themes/icons/settle_new.png HTTP/1.1" 304 -
124.77.70.31 - - [01/Oct/2020:08:51:57 +0800] "POST /xingrg/dwr/call/plaincall/AjaxCheckService.setItemNumber.dwr HTTP/1.1" 200 77
116.233.78.247 - - [01/Oct/2020:08:51:57 +0800] "POST /xingrg/all/common/load_tree.html?tree=area_rest_tree_json&manage=1 HTTP/1.1" 200 342
116.233.78.247 - - [01/Oct/2020:08:51:57 +0800] "GET /xingrg/images/blue/pingpu.png HTTP/1.1" 304 -
116.233.78.247 - - [01/Oct/2020:08:51:57 +0800] "GET /xingrg/javascript/jquery_easy_ui/themes/default/images/tabs_leftarrow.png HTTP/1.1" 304 -
116.233.78.247 - - [01/Oct/2020:08:51:57 +0800] "GET /xingrg/javascript/jquery_easy_ui/themes/default/images/tabs_rightarrow.png HTTP/1.1" 304 -
218.81.217.115 - - [01/Oct/2020:08:51:57 +0800] "POST /xingrg/dwr/call/plaincall/AjaxCheckService.setItemNumber.dwr HTTP/1.1" 200 77
116.233.78.247 - - [01/Oct/2020:08:51:57 +0800] "GET /xingrg/javascript/jquery_easy_ui/themes/default/images/panel_tool_collapse.gif HTTP/1.1" 304 -
116.233.78.247 - - [01/Oct/2020:08:51:57 +0800] "GET /xingrg/all/function/internal_message.html?_=1601513528703&CODE_STATE=count HTTP/1.1" 200 11
116.233.78.247 - - [01/Oct/2020:08:51:57 +0800] "GET /xingrg/check_reg.html?_=1601513528718 HTTP/1.1" 200 22
116.233.78.247 - - [01/Oct/2020:08:51:57 +0800] "POST /xingrg/load_menu.html HTTP/1.1" 200 5138
180.174.56.115 - - [01/Oct/2020:08:51:58 +0800] "POST /xingrg/dwr/call/plaincall/AjaxCheckService.setItemNumber.dwr HTTP/1.1" 200 76
116.238.71.30 - - [01/Oct/2020:08:51:58 +0800] "GET /xingrg/all/function/internal_message.html?_=1601513519042&CODE_STATE=getMsg HTTP/1.1" 200 27
124.77.70.31 - - [01/Oct/2020:08:51:58 +0800] "POST /xingrg/dwr/call/plaincall/AjaxCheckService.setItemNumber.dwr HTTP/1.1" 200 77
218.81.217.115 - - [01/Oct/2020:08:51:58 +0800] "POST /xingrg/dwr/call/plaincall/AjaxCheckService.setItemNumber.dwr HTTP/1.1" 200 77
116.233.78.247 - - [01/Oct/2020:08:51:59 +0800] "GET /xingrg/javascript/jquery_easy_ui/themes/default/images/tree_arrows.gif HTTP/1.1" 304 -
124.77.70.31 - - [01/Oct/2020:08:51:59 +0800] "POST /xingrg/dwr/call/plaincall/AjaxCheckService.setItemNumber.dwr HTTP/1.1" 200 77
116.233.78.247 - - [01/Oct/2020:08:51:59 +0800] "GET /xingrg/javascript/jquery_easy_ui/themes/default/images/tree_folder_open.gif HTTP/1.1" 304 -
116.233.78.247 - - [01/Oct/2020:08:51:59 +0800] "GET /xingrg/javascript/jquery_easy_ui/themes/icons/search_new.png HTTP/1.1" 304 -
124.77.70.31 - - [01/Oct/2020:08:51:59 +0800] "POST /xingrg/dwr/call/plaincall/AjaxCheckService.setItemNumber.dwr HTTP/1.1" 200 77
116.233.78.247 - - [01/Oct/2020:08:51:59 +0800] "GET /xingrg/javascript/jquery_easy_ui/themes/default/images/tree_folder.gif HTTP/1.1" 304 -
116.233.78.247 - - [01/Oct/2020:08:52:00 +0800] "GET /xingrg/javascript/jquery_easy_ui/themes/icons/storage_new.png HTTP/1.1" 304 -
116.233.78.247 - - [01/Oct/2020:08:52:00 +0800] "GET /xingrg/javascript/jquery_easy_ui/themes/icons/forms_new.png HTTP/1.1" 304 -
124.77.70.31 - - [01/Oct/2020:08:52:00 +0800] "POST /xingrg/dwr/call/plaincall/AjaxCheckService.setItemNumber.dwr HTTP/1.1" 200 77
116.233.78.247 - - [01/Oct/2020:08:52:00 +0800] "GET /xingrg/javascript/jquery_easy_ui/themes/default/images/tree_file.gif HTTP/1.1" 304 -
124.77.70.31 - - [01/Oct/2020:08:52:01 +0800] "POST /xingrg/dwr/call/plaincall/AjaxCheckService.setItemNumber.dwr HTTP/1.1" 200 77
180.174.56.115 - - [01/Oct/2020:08:52:01 +0800] "POST /xingrg/dwr/call/plaincall/AjaxCheckService.setItemNumber.dwr HTTP/1.1" 200 76
124.77.70.31 - - [01/Oct/2020:08:52:02 +0800] "POST /xingrg/dwr/call/plaincall/AjaxCheckService.setItemNumber.dwr HTTP/1.1" 200 77
116.233.78.247 - - [01/Oct/2020:08:52:02 +0800] "GET /xingrg/kc/base/base_main.html HTTP/1.1" 200 12142
116.233.78.247 - - [01/Oct/2020:08:52:02 +0800] "GET /xingrg/javascript/jquery_easy_ui/themes/default/images/tabs_close.gif HTTP/1.1" 304 -
116.233.78.247 - - [01/Oct/2020:08:52:02 +0800] "GET /xingrg/css/blue.css HTTP/1.1" 304 -
116.233.78.247 - - [01/Oct/2020:08:52:02 +0800] "GET /xingrg/javascript/pic_change.js HTTP/1.1" 304 -
116.233.78.247 - - [01/Oct/2020:08:52:02 +0800] "GET /xingrg/javascript/myfunction.js HTTP/1.1" 304 -
116.233.78.247 - - [01/Oct/2020:08:52:03 +0800] "GET /xingrg/images/blue/button/wlsy.gif HTTP/1.1" 304 -
116.233.78.247 - - [01/Oct/2020:08:52:03 +0800] "GET /xingrg/images/blue/button/ckpd.gif HTTP/1.1" 304 -
116.233.78.247 - - [01/Oct/2020:08:52:03 +0800] "GET /xingrg/images/blue/button/kc.gif HTTP/1.1" 304 -
180.162.245.190 - - [01/Oct/2020:08:52:03 +0800] "GET /xingrg/kc/buy/cgsh_order_operate.html?command=get_materiel&rest_code=00105&code=00101008119&supplier_code=00100203&order_time=2020-10-01 HTTP/1.1" 200 412
116.233.78.247 - - [01/Oct/2020:08:52:03 +0800] "GET /xingrg/images/blue/button/ckdb.gif HTTP/1.1" 304 -
116.233.78.247 - - [01/Oct/2020:08:52:03 +0800] "GET /xingrg/images/blue/button/yddb.gif HTTP/1.1" 304 -
116.233.78.247 - - [01/Oct/2020:08:52:03 +0800] "GET /xingrg/images/blue/pic_form2.gif HTTP/1.1" 304 -
116.233.78.247 - - [01/Oct/2020:08:52:03 +0800] "GET /xingrg/images/blue/bg_dotted.jpg HTTP/1.1" 304 -
116.233.78.247 - - [01/Oct/2020:08:52:03 +0800] "GET /xingrg/images/blue/button/top_left.jpg HTTP/1.1" 304 -
116.233.78.247 - - [01/Oct/2020:08:52:03 +0800] "GET /xingrg/images/blue/button/top_right.jpg HTTP/1.1" 304 -
116.233.78.247 - - [01/Oct/2020:08:52:03 +0800] "GET /xingrg/images/blue/button/down.jpg HTTP/1.1" 304 -
116.233.78.247 - - [01/Oct/2020:08:52:03 +0800] "GET /xingrg/images/blue/button/right_ah.jpg HTTP/1.1" 304 -
116.233.78.247 - - [01/Oct/2020:08:52:03 +0800] "GET /xingrg/images/blue/button/left_ah.jpg HTTP/1.1" 304 -
116.233.78.247 - - [01/Oct/2020:08:52:03 +0800] "GET /xingrg/images/blue/button/bottom_left.jpg HTTP/1.1" 304 -
116.233.78.247 - - [01/Oct/2020:08:52:03 +0800] "GET /xingrg/images/blue/button/bottom_right.jpg HTTP/1.1" 304 -
218.81.217.115 - - [01/Oct/2020:08:52:03 +0800] "POST /xingrg/dwr/call/plaincall/AjaxCheckService.setItemNumber.dwr HTTP/1.1" 200 77
222.69.133.94 - - [01/Oct/2020:08:52:03 +0800] "GET /xingrg/all/function/internal_message.html?_=1601513519540&CODE_STATE=getMsg HTTP/1.1" 200 27
116.233.78.247 - - [01/Oct/2020:08:52:04 +0800] "GET /xingrg/kc/base/check_order_list.html HTTP/1.1" 200 16503
116.233.78.247 - - [01/Oct/2020:08:52:04 +0800] "GET /xingrg/css/base.css HTTP/1.1" 304 -
116.233.78.247 - - [01/Oct/2020:08:52:04 +0800] "GET /xingrg/css/site.css HTTP/1.1" 304 -
116.233.78.247 - - [01/Oct/2020:08:52:04 +0800] "GET /xingrg/javascript/jquery_tools/datebox.css HTTP/1.1" 304 -
116.233.78.247 - - [01/Oct/2020:08:52:04 +0800] "GET /xingrg/javascript/jquery_tools/jquery.tools.extend.js HTTP/1.1" 304 -
116.233.78.247 - - [01/Oct/2020:08:52:04 +0800] "GET /xingrg/javascript/easyui/themes/default/easyui.css HTTP/1.1" 304 -
116.233.78.247 - - [01/Oct/2020:08:52:04 +0800] "GET /xingrg/javascript/easyui/themes/icon.css HTTP/1.1" 304 -
116.233.78.247 - - [01/Oct/2020:08:52:04 +0800] "GET /xingrg/javascript/auto/jquery.autocomplete.css HTTP/1.1" 304 -
116.233.78.247 - - [01/Oct/2020:08:52:04 +0800] "GET /xingrg/javascript/jquery_tools/jquery.tools.hotkey.js HTTP/1.1" 304 -
116.233.78.247 - - [01/Oct/2020:08:52:04 +0800] "GET /xingrg/javascript/jquery_tools/fix.css HTTP/1.1" 304 -
116.233.78.247 - - [01/Oct/2020:08:52:04 +0800] "GET /xingrg/javascript/jquery_tools/table.css HTTP/1.1" 304 -
116.233.78.247 - - [01/Oct/2020:08:52:04 +0800] "GET /xingrg/javascript/jquery_tools/jquery.tools.min.js HTTP/1.1" 304 -
116.233.78.247 - - [01/Oct/2020:08:52:04 +0800] "GET /xingrg/javascript/jquery_tools/jquery.tools.table.js HTTP/1.1" 304 -
116.233.78.247 - - [01/Oct/2020:08:52:04 +0800] "GET /xingrg/javascript/jquery_tools/list_manager.js HTTP/1.1" 304 -
116.233.78.247 - - [01/Oct/2020:08:52:04 +0800] "GET /xingrg/javascript/auto/jquery.autocomplete.js HTTP/1.1" 304 -
116.233.78.247 - - [01/Oct/2020:08:52:04 +0800] "GET /xingrg/javascript/easyui/easyloader.js HTTP/1.1" 304 -
116.233.78.247 - - [01/Oct/2020:08:52:04 +0800] "GET /xingrg/javascript/jquery.cookie.js HTTP/1.1" 304 -
116.233.78.247 - - [01/Oct/2020:08:52:04 +0800] "GET /xingrg/javascript/easyui/themes/icons/edit_add_new.png HTTP/1.1" 304 -
116.233.78.247 - - [01/Oct/2020:08:52:04 +0800] "GET /xingrg/javascript/easyui/themes/icons/cance_new.png HTTP/1.1" 304 -
116.233.78.247 - - [01/Oct/2020:08:52:04 +0800] "GET /xingrg/javascript/easyui/themes/icons/check_new.png HTTP/1.1" 304 -
116.233.78.247 - - [01/Oct/2020:08:52:04 +0800] "GET /xingrg/javascript/easyui/themes/icons/field_new.png HTTP/1.1" 304 -
116.233.78.247 - - [01/Oct/2020:08:52:04 +0800] "GET /xingrg/javascript/easyui/plugins/jquery.parser.js HTTP/1.1" 304 -
116.233.78.247 - - [01/Oct/2020:08:52:04 +0800] "GET /xingrg/images/control/ajaxLoader.gif HTTP/1.1" 304 -
116.233.78.247 - - [01/Oct/2020:08:52:04 +0800] "POST /xingrg/kc/base/check_list_operate.html HTTP/1.1" 200 5443
180.174.56.115 - - [01/Oct/2020:08:52:05 +0800] "POST /xingrg/dwr/call/plaincall/AjaxCheckService.setItemNumber.dwr HTTP/1.1" 200 76
218.81.217.115 - - [01/Oct/2020:08:52:05 +0800] "GET /xingrg/all/function/internal_message.html?_=1601513526630&CODE_STATE=getMsg HTTP/1.1" 200 27
222.69.133.94 - - [01/Oct/2020:08:52:06 +0800] "GET /xingrg/kc/base/check_order_list.html?isBack=1 HTTP/1.1" 200 16509
222.69.133.94 - - [01/Oct/2020:08:52:06 +0800] "POST /xingrg/kc/base/check_list_operate.html HTTP/1.1" 200 1908
117.185.32.26 - - [01/Oct/2020:08:52:07 +0800] "GET /xingrg/check_reg.html?_=1601513526169 HTTP/1.1" 200 22
124.77.70.31 - - [01/Oct/2020:08:52:08 +0800] "POST /xingrg/dwr/call/plaincall/AjaxCheckService.setItemNumber.dwr HTTP/1.1" 200 77
222.69.133.94 - - [01/Oct/2020:08:52:08 +0800] "GET /xingrg/kc/base/check_order_info.html?code=452020093000409 HTTP/1.1" 200 26484
222.69.133.94 - - [01/Oct/2020:08:52:09 +0800] "GET /xingrg/dwr/interface/AjaxCheckService.js HTTP/1.1" 200 14003
222.69.133.94 - - [01/Oct/2020:08:52:09 +0800] "GET /xingrg/dwr/interface/AjaxComOrderService.js HTTP/1.1" 200 18264
222.69.133.94 - - [01/Oct/2020:08:52:09 +0800] "GET /xingrg/dwr/engine.js HTTP/1.1" 200 43631
180.162.245.190 - - [01/Oct/2020:08:52:09 +0800] "GET /xingrg/kc/buy/cgsh_order_operate.html?command=get_materiel&rest_code=00105&code=00101008185&supplier_code=00100203&order_time=2020-10-01 HTTP/1.1" 200 408
222.69.133.94 - - [01/Oct/2020:08:52:09 +0800] "POST /xingrg/dwr/call/plaincall/AjaxCheckService.loadOrderItems.dwr HTTP/1.1" 200 48697
124.77.70.31 - - [01/Oct/2020:08:52:09 +0800] "POST /xingrg/dwr/call/plaincall/AjaxCheckService.setItemNumber.dwr HTTP/1.1" 200 77
180.162.245.190 - - [01/Oct/2020:08:52:10 +0800] "GET /xingrg/all/function/internal_message.html?_=1601513532130&CODE_STATE=getMsg HTTP/1.1" 200 27
180.162.245.190 - - [01/Oct/2020:08:52:10 +0800] "GET /xingrg/check_reg.html?_=1601513532189 HTTP/1.1" 200 22
124.77.70.31 - - [01/Oct/2020:08:52:10 +0800] "POST /xingrg/dwr/call/plaincall/AjaxCheckService.setItemNumber.dwr HTTP/1.1" 200 77
124.77.70.31 - - [01/Oct/2020:08:52:11 +0800] "POST /xingrg/dwr/call/plaincall/AjaxCheckService.setItemNumber.dwr HTTP/1.1" 200 77
124.77.70.31 - - [01/Oct/2020:08:52:11 +0800] "POST /xingrg/dwr/call/plaincall/AjaxCheckService.setItemNumber.dwr HTTP/1.1" 200 77
124.77.70.31 - - [01/Oct/2020:08:52:12 +0800] "POST /xingrg/dwr/call/plaincall/AjaxCheckService.setItemNumber.dwr HTTP/1.1" 200 77
222.69.133.94 - - [01/Oct/2020:08:52:13 +0800] "POST /xingrg/dwr/call/plaincall/AjaxCheckService.setItemNumber.dwr HTTP/1.1" 200 76
124.77.70.31 - - [01/Oct/2020:08:52:13 +0800] "POST /xingrg/dwr/call/plaincall/AjaxCheckService.setItemNumber.dwr HTTP/1.1" 200 77
222.69.133.94 - - [01/Oct/2020:08:52:13 +0800] "POST /xingrg/dwr/call/plaincall/AjaxCheckService.setItemNumber.dwr HTTP/1.1" 200 76
124.77.70.31 - - [01/Oct/2020:08:52:14 +0800] "POST /xingrg/dwr/call/plaincall/AjaxCheckService.setItemNumber.dwr HTTP/1.1" 200 77
222.69.133.94 - - [01/Oct/2020:08:52:14 +0800] "POST /xingrg/dwr/call/plaincall/AjaxCheckService.setItemNumber.dwr HTTP/1.1" 200 76
124.77.70.31 - - [01/Oct/2020:08:52:14 +0800] "POST /xingrg/dwr/call/plaincall/AjaxCheckService.setItemNumber.dwr HTTP/1.1" 200 77
222.69.133.94 - - [01/Oct/2020:08:52:15 +0800] "POST /xingrg/dwr/call/plaincall/AjaxCheckService.setItemNumber.dwr HTTP/1.1" 200 76
222.69.133.94 - - [01/Oct/2020:08:52:15 +0800] "POST /xingrg/dwr/call/plaincall/AjaxCheckService.setItemNumber.dwr HTTP/1.1" 200 76
222.69.133.94 - - [01/Oct/2020:08:52:17 +0800] "POST /xingrg/dwr/call/plaincall/AjaxCheckService.setItemNumber.dwr HTTP/1.1" 200 76
218.81.217.115 - - [01/Oct/2020:08:52:17 +0800] "POST /xingrg/dwr/call/plaincall/AjaxCheckService.setItemNumber.dwr HTTP/1.1" 200 77
180.174.56.115 - - [01/Oct/2020:08:52:18 +0800] "GET /xingrg/all/function/internal_message.html?_=1601513539682&CODE_STATE=getMsg HTTP/1.1" 200 27
124.77.70.31 - - [01/Oct/2020:08:52:20 +0800] "POST /xingrg/dwr/call/plaincall/AjaxCheckService.setItemNumber.dwr HTTP/1.1" 200 77
117.131.5.26 - - [01/Oct/2020:08:52:20 +0800] "GET /xingrg/check_reg.html?_=1601513837394 HTTP/1.1" 200 22
124.77.70.31 - - [01/Oct/2020:08:52:22 +0800] "POST /xingrg/dwr/call/plaincall/AjaxCheckService.setItemNumber.dwr HTTP/1.1" 200 77
180.174.56.115 - - [01/Oct/2020:08:52:23 +0800] "POST /xingrg/dwr/call/plaincall/AjaxCheckService.setItemNumber.dwr HTTP/1.1" 200 76
124.77.70.31 - - [01/Oct/2020:08:52:23 +0800] "POST /xingrg/dwr/call/plaincall/AjaxCheckService.setItemNumber.dwr HTTP/1.1" 200 77
124.77.70.31 - - [01/Oct/2020:08:52:23 +0800] "POST /xingrg/dwr/call/plaincall/AjaxCheckService.setItemNumber.dwr HTTP/1.1" 200 77
222.69.130.159 - - [01/Oct/2020:08:52:24 +0800] "GET /xingrg/all/function/internal_message.html?_=1601513545038&CODE_STATE=getMsg HTTP/1.1" 200 27
222.69.130.159 - - [01/Oct/2020:08:52:24 +0800] "GET /xingrg/check_reg.html?_=1601513545043 HTTP/1.1" 200 22
124.77.70.31 - - [01/Oct/2020:08:52:25 +0800] "POST /xingrg/dwr/call/plaincall/AjaxCheckService.setItemNumber.dwr HTTP/1.1" 200 77
124.77.70.31 - - [01/Oct/2020:08:52:25 +0800] "POST /xingrg/dwr/call/plaincall/AjaxCheckService.setItemNumber.dwr HTTP/1.1" 200 77
124.77.70.31 - - [01/Oct/2020:08:52:26 +0800] "POST /xingrg/dwr/call/plaincall/AjaxCheckService.setItemNumber.dwr HTTP/1.1" 200 77
180.174.56.115 - - [01/Oct/2020:08:52:26 +0800] "POST /xingrg/dwr/call/plaincall/AjaxCheckService.setItemNumber.dwr HTTP/1.1" 200 76
124.77.70.31 - - [01/Oct/2020:08:52:27 +0800] "POST /xingrg/dwr/call/plaincall/AjaxCheckService.setItemNumber.dwr HTTP/1.1" 200 77
124.77.70.31 - - [01/Oct/2020:08:52:27 +0800] "POST /xingrg/dwr/call/plaincall/AjaxCheckService.setItemNumber.dwr HTTP/1.1" 200 77
124.77.70.31 - - [01/Oct/2020:08:52:29 +0800] "POST /xingrg/dwr/call/plaincall/AjaxCheckService.setItemNumber.dwr HTTP/1.1" 200 77
124.77.70.31 - - [01/Oct/2020:08:52:29 +0800] "POST /xingrg/dwr/call/plaincall/AjaxCheckService.setItemNumber.dwr HTTP/1.1" 200 77
124.77.70.31 - - [01/Oct/2020:08:52:30 +0800] "POST /xingrg/dwr/call/plaincall/AjaxCheckService.setItemNumber.dwr HTTP/1.1" 200 77
222.69.133.94 - - [01/Oct/2020:08:52:30 +0800] "POST /xingrg/dwr/call/plaincall/AjaxCheckService.setItemNumber.dwr HTTP/1.1" 200 76
124.77.70.31 - - [01/Oct/2020:08:52:31 +0800] "POST /xingrg/dwr/call/plaincall/AjaxCheckService.setItemNumber.dwr HTTP/1.1" 200 77
117.131.5.26 - - [01/Oct/2020:08:52:31 +0800] "GET /xingrg/all/function/internal_message.html?_=1601513848000&CODE_STATE=getMsg HTTP/1.1" 200 27
124.77.70.31 - - [01/Oct/2020:08:52:31 +0800] "POST /xingrg/dwr/call/plaincall/AjaxCheckService.setItemNumber.dwr HTTP/1.1" 200 77
180.174.56.115 - - [01/Oct/2020:08:52:32 +0800] "POST /xingrg/dwr/call/plaincall/AjaxCheckService.setItemNumber.dwr HTTP/1.1" 200 76
124.77.70.31 - - [01/Oct/2020:08:52:32 +0800] "POST /xingrg/dwr/call/plaincall/AjaxCheckService.setItemNumber.dwr HTTP/1.1" 200 77
58.40.7.146 - - [01/Oct/2020:08:52:33 +0800] "GET /xingrg/all/function/internal_message.html?_=1601513554213&CODE_STATE=getMsg HTTP/1.1" 200 27
124.77.70.31 - - [01/Oct/2020:08:52:33 +0800] "POST /xingrg/dwr/call/plaincall/AjaxCheckService.setItemNumber.dwr HTTP/1.1" 200 77
218.81.217.115 - - [01/Oct/2020:08:52:33 +0800] "POST /xingrg/dwr/call/plaincall/AjaxCheckService.setItemNumber.dwr HTTP/1.1" 200 77
124.77.70.31 - - [01/Oct/2020:08:52:34 +0800] "POST /xingrg/dwr/call/plaincall/AjaxCheckService.setItemNumber.dwr HTTP/1.1" 200 77
124.77.70.31 - - [01/Oct/2020:08:52:35 +0800] "POST /xingrg/dwr/call/plaincall/AjaxCheckService.setItemNumber.dwr HTTP/1.1" 200 77
124.77.70.31 - - [01/Oct/2020:08:52:35 +0800] "POST /xingrg/dwr/call/plaincall/AjaxCheckService.setItemNumber.dwr HTTP/1.1" 200 77
124.77.70.31 - - [01/Oct/2020:08:52:36 +0800] "POST /xingrg/dwr/call/plaincall/AjaxCheckService.setItemNumber.dwr HTTP/1.1" 200 77
124.77.70.31 - - [01/Oct/2020:08:52:37 +0800] "POST /xingrg/dwr/call/plaincall/AjaxCheckService.setItemNumber.dwr HTTP/1.1" 200 77
124.77.70.31 - - [01/Oct/2020:08:52:37 +0800] "POST /xingrg/dwr/call/plaincall/AjaxCheckService.setItemNumber.dwr HTTP/1.1" 200 77
124.77.70.31 - - [01/Oct/2020:08:52:38 +0800] "POST /xingrg/dwr/call/plaincall/AjaxCheckService.setItemNumber.dwr HTTP/1.1" 200 77
124.77.70.31 - - [01/Oct/2020:08:52:39 +0800] "POST /xingrg/dwr/call/plaincall/AjaxCheckService.setItemNumber.dwr HTTP/1.1" 200 77
116.233.78.247 - - [01/Oct/2020:08:52:39 +0800] "GET /xingrg/kc/base/check_order_info.html?code=452020093000541 HTTP/1.1" 200 26526
116.233.78.247 - - [01/Oct/2020:08:52:39 +0800] "GET /xingrg/css/table.css HTTP/1.1" 304 -
116.233.78.247 - - [01/Oct/2020:08:52:39 +0800] "GET /xingrg/dwr/interface/AjaxCheckService.js HTTP/1.1" 200 14003
116.233.78.247 - - [01/Oct/2020:08:52:39 +0800] "GET /xingrg/dwr/util.js HTTP/1.1" 304 -
116.233.78.247 - - [01/Oct/2020:08:52:39 +0800] "GET /xingrg/dwr/interface/AjaxComOrderService.js HTTP/1.1" 200 18264
116.233.78.247 - - [01/Oct/2020:08:52:39 +0800] "GET /xingrg/javascript/AjaxInfoList.js HTTP/1.1" 304 -
116.233.78.247 - - [01/Oct/2020:08:52:39 +0800] "GET /xingrg/javascript/Calendar.js HTTP/1.1" 304 -
116.233.78.247 - - [01/Oct/2020:08:52:39 +0800] "GET /xingrg/javascript/convert.js HTTP/1.1" 304 -
116.233.78.247 - - [01/Oct/2020:08:52:39 +0800] "GET /xingrg/dwr/engine.js HTTP/1.1" 200 43631
116.233.78.247 - - [01/Oct/2020:08:52:39 +0800] "GET /xingrg/javascript/print/kc_print.js HTTP/1.1" 304 -
116.233.78.247 - - [01/Oct/2020:08:52:39 +0800] "GET /xingrg/javascript/print/LodopFuncs.js HTTP/1.1" 304 -
116.233.78.247 - - [01/Oct/2020:08:52:40 +0800] "GET /xingrg/javascript/jquery_easy_ui/themes/icons/check_new.png HTTP/1.1" 304 -
116.233.78.247 - - [01/Oct/2020:08:52:40 +0800] "GET /xingrg/javascript/jquery_easy_ui/themes/icons/cance_new.png HTTP/1.1" 304 -
116.233.78.247 - - [01/Oct/2020:08:52:40 +0800] "GET /xingrg/javascript/jquery_easy_ui/themes/icons/print.png HTTP/1.1" 304 -
116.233.78.247 - - [01/Oct/2020:08:52:40 +0800] "GET /xingrg/javascript/jquery_easy_ui/themes/default/images/menu_downarrow.png HTTP/1.1" 304 -
116.233.78.247 - - [01/Oct/2020:08:52:40 +0800] "GET /xingrg/javascript/jquery_easy_ui/themes/icons/back_new.png HTTP/1.1" 304 -
116.233.78.247 - - [01/Oct/2020:08:52:40 +0800] "POST /xingrg/dwr/call/plaincall/AjaxCheckService.loadOrderItems.dwr HTTP/1.1" 200 184925
116.233.78.247 - - [01/Oct/2020:08:52:41 +0800] "GET /xingrg/javascript/jquery_easy_ui/themes/icons/no.png HTTP/1.1" 304 -
218.81.217.115 - - [01/Oct/2020:08:52:41 +0800] "POST /xingrg/dwr/call/plaincall/AjaxCheckService.setItemNumber.dwr HTTP/1.1" 200 77
116.232.51.57 - - [01/Oct/2020:08:52:41 +0800] "GET /xingrg/all/function/internal_message.html?_=1601513531441&CODE_STATE=getMsg HTTP/1.1" 302 -
114.88.166.242 - - [01/Oct/2020:08:52:42 +0800] "GET /xingrg/all/function/internal_message.html?_=1601513560274&CODE_STATE=getMsg HTTP/1.1" 200 27
218.81.217.115 - - [01/Oct/2020:08:52:42 +0800] "POST /xingrg/dwr/call/plaincall/AjaxCheckService.setItemNumber.dwr HTTP/1.1" 200 77
218.81.217.115 - - [01/Oct/2020:08:52:42 +0800] "GET /xingrg/all/function/internal_message.html?_=1601513591121&CODE_STATE=getMsg HTTP/1.1" 200 27
180.174.56.115 - - [01/Oct/2020:08:52:43 +0800] "GET /xingrg/check_reg.html?_=1601513670543 HTTP/1.1" 200 22
180.174.56.115 - - [01/Oct/2020:08:52:43 +0800] "GET /xingrg/all/function/internal_message.html?_=1601513670848&CODE_STATE=getMsg HTTP/1.1" 200 27
222.69.133.94 - - [01/Oct/2020:08:52:43 +0800] "POST /xingrg/dwr/call/plaincall/AjaxCheckService.setItemNumber.dwr HTTP/1.1" 200 76
180.174.56.115 - - [01/Oct/2020:08:52:43 +0800] "POST /xingrg/dwr/call/plaincall/AjaxCheckService.setItemNumber.dwr HTTP/1.1" 200 76
222.69.133.94 - - [01/Oct/2020:08:52:44 +0800] "POST /xingrg/dwr/call/plaincall/AjaxCheckService.setItemNumber.dwr HTTP/1.1" 200 76
124.77.70.31 - - [01/Oct/2020:08:52:44 +0800] "POST /xingrg/dwr/call/plaincall/AjaxCheckService.setItemNumber.dwr HTTP/1.1" 200 77
222.69.133.94 - - [01/Oct/2020:08:52:45 +0800] "POST /xingrg/dwr/call/plaincall/AjaxCheckService.setItemNumber.dwr HTTP/1.1" 200 77
222.69.133.94 - - [01/Oct/2020:08:52:45 +0800] "POST /xingrg/dwr/call/plaincall/AjaxCheckService.setItemNumber.dwr HTTP/1.1" 200 77
222.69.130.159 - - [01/Oct/2020:08:52:46 +0800] "GET /xingrg/kc/buy/cgsh_order_operate.html?command=get_materiel&rest_code=00154&code=00102002361&supplier_code=00100151&order_time=2020-10-01 HTTP/1.1" 200 408
222.69.133.94 - - [01/Oct/2020:08:52:46 +0800] "POST /xingrg/dwr/call/plaincall/AjaxCheckService.setItemNumber.dwr HTTP/1.1" 200 77
218.81.217.115 - - [01/Oct/2020:08:52:46 +0800] "POST /xingrg/dwr/call/plaincall/AjaxCheckService.setItemNumber.dwr HTTP/1.1" 200 77
116.233.78.247 - - [01/Oct/2020:08:52:46 +0800] "POST /xingrg/dwr/call/plaincall/AjaxCheckService.setItemNumber.dwr HTTP/1.1" 200 76
222.69.133.94 - - [01/Oct/2020:08:52:46 +0800] "POST /xingrg/dwr/call/plaincall/AjaxCheckService.setItemNumber.dwr HTTP/1.1" 200 77
116.233.78.247 - - [01/Oct/2020:08:52:46 +0800] "POST /xingrg/dwr/call/plaincall/AjaxCheckService.setItemNumber.dwr HTTP/1.1" 200 76
222.69.133.94 - - [01/Oct/2020:08:52:47 +0800] "POST /xingrg/dwr/call/plaincall/AjaxCheckService.setItemNumber.dwr HTTP/1.1" 200 77
116.233.78.247 - - [01/Oct/2020:08:52:47 +0800] "POST /xingrg/dwr/call/plaincall/AjaxCheckService.setItemNumber.dwr HTTP/1.1" 200 76
58.37.8.227 - - [01/Oct/2020:08:52:47 +0800] "GET /xingrg/all/function/internal_message.html?_=1601513567862&CODE_STATE=getMsg HTTP/1.1" 200 27
58.37.8.227 - - [01/Oct/2020:08:52:47 +0800] "GET /xingrg/check_reg.html?_=1601513567863 HTTP/1.1" 200 22
116.233.78.247 - - [01/Oct/2020:08:52:47 +0800] "POST /xingrg/dwr/call/plaincall/AjaxCheckService.setItemNumber.dwr HTTP/1.1" 200 76
222.69.133.94 - - [01/Oct/2020:08:52:48 +0800] "POST /xingrg/dwr/call/plaincall/AjaxCheckService.setItemNumber.dwr HTTP/1.1" 200 77
116.233.78.247 - - [01/Oct/2020:08:52:48 +0800] "POST /xingrg/dwr/call/plaincall/AjaxCheckService.setItemNumber.dwr HTTP/1.1" 200 76
222.69.133.94 - - [01/Oct/2020:08:52:48 +0800] "POST /xingrg/dwr/call/plaincall/AjaxCheckService.setItemNumber.dwr HTTP/1.1" 200 77
124.77.70.31 - - [01/Oct/2020:08:52:48 +0800] "POST /xingrg/dwr/call/plaincall/AjaxCheckService.setItemNumber.dwr HTTP/1.1" 200 77
116.233.78.247 - - [01/Oct/2020:08:52:48 +0800] "POST /xingrg/dwr/call/plaincall/AjaxCheckService.setItemNumber.dwr HTTP/1.1" 200 76
218.81.217.115 - - [01/Oct/2020:08:52:49 +0800] "POST /xingrg/dwr/call/plaincall/AjaxCheckService.setItemNumber.dwr HTTP/1.1" 200 77
116.233.78.247 - - [01/Oct/2020:08:52:49 +0800] "POST /xingrg/dwr/call/plaincall/AjaxCheckService.setItemNumber.dwr HTTP/1.1" 200 76
124.77.70.31 - - [01/Oct/2020:08:52:49 +0800] "POST /xingrg/dwr/call/plaincall/AjaxCheckService.setItemNumber.dwr HTTP/1.1" 200 77
124.77.70.31 - - [01/Oct/2020:08:52:50 +0800] "POST /xingrg/dwr/call/plaincall/AjaxCheckService.setItemNumber.dwr HTTP/1.1" 200 77
116.233.78.247 - - [01/Oct/2020:08:52:50 +0800] "POST /xingrg/dwr/call/plaincall/AjaxCheckService.setItemNumber.dwr HTTP/1.1" 200 76
117.185.32.26 - - [01/Oct/2020:08:52:50 +0800] "GET /xingrg/all/function/internal_message.html?_=1601513568513&CODE_STATE=getMsg HTTP/1.1" 200 27
218.81.217.115 - - [01/Oct/2020:08:52:50 +0800] "POST /xingrg/dwr/call/plaincall/AjaxCheckService.setItemNumber.dwr HTTP/1.1" 200 77
218.81.217.115 - - [01/Oct/2020:08:52:50 +0800] "POST /xingrg/dwr/call/plaincall/AjaxCheckService.setItemNumber.dwr HTTP/1.1" 200 77
124.77.70.31 - - [01/Oct/2020:08:52:50 +0800] "POST /xingrg/dwr/call/plaincall/AjaxCheckService.setItemNumber.dwr HTTP/1.1" 200 78
114.88.166.242 - - [01/Oct/2020:08:52:51 +0800] "GET /xingrg/all/function/internal_message.html?_=1601513564433&CODE_STATE=getMsg HTTP/1.1" 302 -
116.233.78.247 - - [01/Oct/2020:08:52:51 +0800] "POST /xingrg/dwr/call/plaincall/AjaxCheckService.setItemNumber.dwr HTTP/1.1" 200 76
116.233.78.247 - - [01/Oct/2020:08:52:51 +0800] "POST /xingrg/dwr/call/plaincall/AjaxCheckService.setItemNumber.dwr HTTP/1.1" 200 77
124.77.70.31 - - [01/Oct/2020:08:52:51 +0800] "POST /xingrg/dwr/call/plaincall/AjaxCheckService.setItemNumber.dwr HTTP/1.1" 200 78
116.233.78.247 - - [01/Oct/2020:08:52:52 +0800] "POST /xingrg/dwr/call/plaincall/AjaxCheckService.setItemNumber.dwr HTTP/1.1" 200 77
124.77.70.31 - - [01/Oct/2020:08:52:52 +0800] "POST /xingrg/dwr/call/plaincall/AjaxCheckService.setItemNumber.dwr HTTP/1.1" 200 78
101.85.228.253 - - [01/Oct/2020:08:52:52 +0800] "GET /xingrg/all/function/internal_message.html?_=1601513786973&CODE_STATE=getMsg HTTP/1.1" 200 27
116.233.78.247 - - [01/Oct/2020:08:52:52 +0800] "POST /xingrg/dwr/call/plaincall/AjaxCheckService.setItemNumber.dwr HTTP/1.1" 200 77
124.77.70.31 - - [01/Oct/2020:08:52:52 +0800] "POST /xingrg/dwr/call/plaincall/AjaxCheckService.setItemNumber.dwr HTTP/1.1" 200 78
116.233.78.247 - - [01/Oct/2020:08:52:52 +0800] "POST /xingrg/dwr/call/plaincall/AjaxCheckService.setItemNumber.dwr HTTP/1.1" 200 77
124.77.70.31 - - [01/Oct/2020:08:52:53 +0800] "POST /xingrg/dwr/call/plaincall/AjaxCheckService.setItemNumber.dwr HTTP/1.1" 200 78
218.81.217.115 - - [01/Oct/2020:08:52:53 +0800] "POST /xingrg/dwr/call/plaincall/AjaxCheckService.setItemNumber.dwr HTTP/1.1" 200 77
116.233.78.247 - - [01/Oct/2020:08:52:53 +0800] "POST /xingrg/dwr/call/plaincall/AjaxCheckService.setItemNumber.dwr HTTP/1.1" 200 77
124.77.70.31 - - [01/Oct/2020:08:52:53 +0800] "GET /xingrg/all/function/internal_message.html?_=1601513570910&CODE_STATE=getMsg HTTP/1.1" 200 27
116.233.78.247 - - [01/Oct/2020:08:52:54 +0800] "POST /xingrg/dwr/call/plaincall/AjaxCheckService.setItemNumber.dwr HTTP/1.1" 200 77
180.174.56.115 - - [01/Oct/2020:08:52:54 +0800] "POST /xingrg/dwr/call/plaincall/AjaxCheckService.setItemNumber.dwr HTTP/1.1" 200 76
116.233.78.247 - - [01/Oct/2020:08:52:54 +0800] "POST /xingrg/dwr/call/plaincall/AjaxCheckService.setItemNumber.dwr HTTP/1.1" 200 77
116.233.78.247 - - [01/Oct/2020:08:52:54 +0800] "POST /xingrg/dwr/call/plaincall/AjaxCheckService.setItemNumber.dwr HTTP/1.1" 200 77
218.81.217.115 - - [01/Oct/2020:08:52:55 +0800] "POST /xingrg/dwr/call/plaincall/AjaxCheckService.setItemNumber.dwr HTTP/1.1" 200 77
222.69.133.94 - - [01/Oct/2020:08:52:55 +0800] "POST /xingrg/dwr/call/plaincall/AjaxCheckService.setItemNumber.dwr HTTP/1.1" 200 77
116.233.78.247 - - [01/Oct/2020:08:52:55 +0800] "POST /xingrg/dwr/call/plaincall/AjaxCheckService.setItemNumber.dwr HTTP/1.1" 200 77
124.77.70.31 - - [01/Oct/2020:08:52:56 +0800] "POST /xingrg/dwr/call/plaincall/AjaxCheckService.setItemNumber.dwr HTTP/1.1" 200 78
180.174.56.115 - - [01/Oct/2020:08:52:56 +0800] "POST /xingrg/dwr/call/plaincall/AjaxCheckService.setItemNumber.dwr HTTP/1.1" 200 76
222.69.133.94 - - [01/Oct/2020:08:52:56 +0800] "POST /xingrg/dwr/call/plaincall/AjaxCheckService.setItemNumber.dwr HTTP/1.1" 200 77
116.233.78.247 - - [01/Oct/2020:08:52:56 +0800] "POST /xingrg/dwr/call/plaincall/AjaxCheckService.setItemNumber.dwr HTTP/1.1" 200 77
218.81.217.115 - - [01/Oct/2020:08:52:56 +0800] "POST /xingrg/dwr/call/plaincall/AjaxCheckService.setItemNumber.dwr HTTP/1.1" 200 77
116.233.78.247 - - [01/Oct/2020:08:52:56 +0800] "POST /xingrg/dwr/call/plaincall/AjaxCheckService.setItemNumber.dwr HTTP/1.1" 200 77
124.77.70.31 - - [01/Oct/2020:08:52:56 +0800] "POST /xingrg/dwr/call/plaincall/AjaxCheckService.setItemNumber.dwr HTTP/1.1" 200 78
116.233.78.247 - - [01/Oct/2020:08:52:57 +0800] "POST /xingrg/dwr/call/plaincall/AjaxCheckService.setItemNumber.dwr HTTP/1.1" 200 77
124.77.70.31 - - [01/Oct/2020:08:52:57 +0800] "POST /xingrg/dwr/call/plaincall/AjaxCheckService.setItemNumber.dwr HTTP/1.1" 200 78
218.81.217.115 - - [01/Oct/2020:08:52:58 +0800] "POST /xingrg/dwr/call/plaincall/AjaxCheckService.setItemNumber.dwr HTTP/1.1" 200 77
116.233.78.247 - - [01/Oct/2020:08:52:58 +0800] "POST /xingrg/dwr/call/plaincall/AjaxCheckService.setItemNumber.dwr HTTP/1.1" 200 77
116.238.71.30 - - [01/Oct/2020:08:52:58 +0800] "GET /xingrg/all/function/internal_message.html?_=1601513579044&CODE_STATE=getMsg HTTP/1.1" 200 27
124.77.70.31 - - [01/Oct/2020:08:52:58 +0800] "POST /xingrg/dwr/call/plaincall/AjaxCheckService.setItemNumber.dwr HTTP/1.1" 200 78
