120.253.135.82 - - [01/Oct/2020:06:53:48 +0800] "GET /xingrg/javascript/jquery_tools/images/next.gif HTTP/1.1" 404 1086
114.88.166.242 - - [01/Oct/2020:06:53:50 +0800] "GET /xingrg/all/function/internal_message.html?_=1601506424356&CODE_STATE=getMsg HTTP/1.1" 302 -
120.253.135.82 - - [01/Oct/2020:06:53:50 +0800] "POST /xingrg/all/common/load_combo.html?type=employee HTTP/1.1" 200 2101
120.204.17.70 - - [01/Oct/2020:06:53:52 +0800] "GET /xingrg/all/function/internal_message.html?_=1601506371224&CODE_STATE=getMsg HTTP/1.1" 302 -
117.185.32.26 - - [01/Oct/2020:06:53:52 +0800] "GET /xingrg/all/function/internal_message.html?_=1601506431191&CODE_STATE=getMsg HTTP/1.1" 200 27
120.204.17.70 - - [01/Oct/2020:06:53:53 +0800] "GET /xingrg/login.html HTTP/1.1" 200 7641
116.238.71.30 - - [01/Oct/2020:06:53:58 +0800] "GET /xingrg/all/function/internal_message.html?_=1601506438995&CODE_STATE=getMsg HTTP/1.1" 200 27
120.253.135.82 - - [01/Oct/2020:06:54:05 +0800] "GET /xingrg/kc/buy/cgsh_order_operate.html?command=get_materiel&rest_code=00101&code=00101022099&supplier_code=00100392&order_time=2020-10-01 HTTP/1.1" 200 425
114.88.166.242 - - [01/Oct/2020:06:54:06 +0800] "GET /xingrg/check_reg.html?_=1601506443947 HTTP/1.1" 200 22
117.131.5.26 - - [01/Oct/2020:06:54:29 +0800] "GET /xingrg/all/function/internal_message.html?_=1601506766032&CODE_STATE=getMsg HTTP/1.1" 200 27
120.253.135.82 - - [01/Oct/2020:06:54:30 +0800] "GET /xingrg/kc/buy/cgsh_order_operate.html?command=get_materiel&rest_code=00101&code=00101022082&supplier_code=00100392&order_time=2020-10-01 HTTP/1.1" 200 427
58.40.7.146 - - [01/Oct/2020:06:54:36 +0800] "GET /xingrg/all/function/internal_message.html?_=1601506476762&CODE_STATE=getMsg HTTP/1.1" 200 27
172.17.0.185 - - [01/Oct/2020:06:54:36 +0800] "GET /xingrg/check_reg.html?_=1601506475605 HTTP/1.1" 302 -
218.81.217.115 - - [01/Oct/2020:06:54:38 +0800] "GET /xingrg/all/function/internal_message.html?_=1601506506447&CODE_STATE=getMsg HTTP/1.1" 200 27
114.88.166.242 - - [01/Oct/2020:06:54:38 +0800] "GET /xingrg/all/function/internal_message.html?_=1601506476517&CODE_STATE=getMsg HTTP/1.1" 200 27
120.253.135.82 - - [01/Oct/2020:06:54:41 +0800] "POST /xingrg/kc/buy/cgsh_order_operate.html HTTP/1.1" 200 37
116.232.51.57 - - [01/Oct/2020:06:54:41 +0800] "GET /xingrg/all/function/internal_message.html?_=1601506451288&CODE_STATE=getMsg HTTP/1.1" 302 -
120.253.135.82 - - [01/Oct/2020:06:54:42 +0800] "POST /xingrg/kc/buy/cgsh_order_operate.html HTTP/1.1" 200 3283
58.37.8.227 - - [01/Oct/2020:06:54:47 +0800] "GET /xingrg/all/function/internal_message.html?_=1601506487633&CODE_STATE=getMsg HTTP/1.1" 200 27
114.88.166.242 - - [01/Oct/2020:06:54:50 +0800] "GET /xingrg/all/function/internal_message.html?_=1601506484354&CODE_STATE=getMsg HTTP/1.1" 302 -
117.185.32.26 - - [01/Oct/2020:06:54:52 +0800] "GET /xingrg/all/function/internal_message.html?_=1601506491164&CODE_STATE=getMsg HTTP/1.1" 200 27
120.253.135.82 - - [01/Oct/2020:06:54:57 +0800] "GET /xingrg/kc/buy/cgsh_order_operate.html?command=get_materiel&rest_code=00101&code=00101019120&supplier_code=00100392&order_time=2020-10-01 HTTP/1.1" 200 457
116.238.71.30 - - [01/Oct/2020:06:54:58 +0800] "GET /xingrg/all/function/internal_message.html?_=1601506498998&CODE_STATE=getMsg HTTP/1.1" 200 27
120.253.135.82 - - [01/Oct/2020:06:55:15 +0800] "POST /xingrg/kc/buy/cgsh_order_operate.html HTTP/1.1" 200 37
120.253.135.82 - - [01/Oct/2020:06:55:17 +0800] "POST /xingrg/kc/buy/cgsh_order_operate.html HTTP/1.1" 200 3901
117.131.5.26 - - [01/Oct/2020:06:55:29 +0800] "GET /xingrg/all/function/internal_message.html?_=1601506826035&CODE_STATE=getMsg HTTP/1.1" 200 27
58.40.7.146 - - [01/Oct/2020:06:55:36 +0800] "GET /xingrg/all/function/internal_message.html?_=1601506536732&CODE_STATE=getMsg HTTP/1.1" 200 27
120.253.135.82 - - [01/Oct/2020:06:55:36 +0800] "POST /xingrg/kc/buy/cgsh_order_operate.html HTTP/1.1" 200 37
120.253.135.82 - - [01/Oct/2020:06:55:37 +0800] "POST /xingrg/kc/buy/cgsh_order_operate.html HTTP/1.1" 200 3901
218.81.217.115 - - [01/Oct/2020:06:55:38 +0800] "GET /xingrg/all/function/internal_message.html?_=1601506566475&CODE_STATE=getMsg HTTP/1.1" 200 27
114.88.166.242 - - [01/Oct/2020:06:55:38 +0800] "GET /xingrg/all/function/internal_message.html?_=1601506536531&CODE_STATE=getMsg HTTP/1.1" 200 27
120.253.135.82 - - [01/Oct/2020:06:55:39 +0800] "GET /xingrg/kc/print/load_data.html?order_code=212020100100007&kc_code=cgsh&condition= HTTP/1.1" 200 1170
116.232.51.57 - - [01/Oct/2020:06:55:41 +0800] "GET /xingrg/check_reg.html?_=1601506511288 HTTP/1.1" 302 -
116.232.51.57 - - [01/Oct/2020:06:55:41 +0800] "GET /xingrg/all/function/internal_message.html?_=1601506511290&CODE_STATE=getMsg HTTP/1.1" 302 -
58.37.8.227 - - [01/Oct/2020:06:55:47 +0800] "GET /xingrg/all/function/internal_message.html?_=1601506547631&CODE_STATE=getMsg HTTP/1.1" 200 27
120.253.135.82 - - [01/Oct/2020:06:55:49 +0800] "POST /xingrg/kc/buy/cgsh_order_operate.html HTTP/1.1" 200 37
114.88.166.242 - - [01/Oct/2020:06:55:50 +0800] "GET /xingrg/all/function/internal_message.html?_=1601506544354&CODE_STATE=getMsg HTTP/1.1" 302 -
120.253.135.82 - - [01/Oct/2020:06:55:51 +0800] "POST /xingrg/kc/buy/cgsh_order_operate.html HTTP/1.1" 200 12
120.253.135.82 - - [01/Oct/2020:06:55:51 +0800] "GET /xingrg/kc/buy/cgsh_order_info.html?code=212020100100007 HTTP/1.1" 200 54109
117.185.32.26 - - [01/Oct/2020:06:55:52 +0800] "GET /xingrg/all/function/internal_message.html?_=1601506551141&CODE_STATE=getMsg HTTP/1.1" 200 27
120.253.135.82 - - [01/Oct/2020:06:55:53 +0800] "GET /xingrg/javascript/easyui/themes/default/validatebox.css HTTP/1.1" 404 1104
120.253.135.82 - - [01/Oct/2020:06:55:53 +0800] "POST /xingrg/kc/buy/cgsh_order_operate.html HTTP/1.1" 200 1851
116.238.71.30 - - [01/Oct/2020:06:55:58 +0800] "GET /xingrg/check_reg.html?_=1601506558985 HTTP/1.1" 200 22
116.238.71.30 - - [01/Oct/2020:06:55:58 +0800] "GET /xingrg/all/function/internal_message.html?_=1601506558987&CODE_STATE=getMsg HTTP/1.1" 200 27
117.131.5.26 - - [01/Oct/2020:06:56:29 +0800] "GET /xingrg/all/function/internal_message.html?_=1601506886060&CODE_STATE=getMsg HTTP/1.1" 200 27
58.40.7.146 - - [01/Oct/2020:06:56:35 +0800] "GET /xingrg/all/function/internal_message.html?_=1601506596703&CODE_STATE=getMsg HTTP/1.1" 200 27
218.81.217.115 - - [01/Oct/2020:06:56:38 +0800] "GET /xingrg/all/function/internal_message.html?_=1601506626490&CODE_STATE=getMsg HTTP/1.1" 200 27
114.88.166.242 - - [01/Oct/2020:06:56:38 +0800] "GET /xingrg/all/function/internal_message.html?_=1601506596593&CODE_STATE=getMsg HTTP/1.1" 200 27
116.232.51.57 - - [01/Oct/2020:06:56:41 +0800] "GET /xingrg/all/function/internal_message.html?_=1601506571297&CODE_STATE=getMsg HTTP/1.1" 302 -
58.37.8.227 - - [01/Oct/2020:06:56:47 +0800] "GET /xingrg/all/function/internal_message.html?_=1601506607630&CODE_STATE=getMsg HTTP/1.1" 200 27
114.88.166.242 - - [01/Oct/2020:06:56:50 +0800] "GET /xingrg/all/function/internal_message.html?_=1601506604353&CODE_STATE=getMsg HTTP/1.1" 302 -
114.88.166.242 - - [01/Oct/2020:06:56:50 +0800] "GET /xingrg/check_reg.html?_=1601506604355 HTTP/1.1" 302 -
117.185.32.26 - - [01/Oct/2020:06:56:52 +0800] "GET /xingrg/all/function/internal_message.html?_=1601506611123&CODE_STATE=getMsg HTTP/1.1" 200 27
116.238.71.30 - - [01/Oct/2020:06:56:58 +0800] "GET /xingrg/all/function/internal_message.html?_=1601506618988&CODE_STATE=getMsg HTTP/1.1" 200 27
117.185.32.26 - - [01/Oct/2020:06:57:07 +0800] "GET /xingrg/check_reg.html?_=1601506626039 HTTP/1.1" 200 22
117.131.5.26 - - [01/Oct/2020:06:57:20 +0800] "GET /xingrg/check_reg.html?_=1601506937248 HTTP/1.1" 200 22
117.131.5.26 - - [01/Oct/2020:06:57:29 +0800] "GET /xingrg/all/function/internal_message.html?_=1601506946062&CODE_STATE=getMsg HTTP/1.1" 200 27
58.40.7.146 - - [01/Oct/2020:06:57:35 +0800] "GET /xingrg/all/function/internal_message.html?_=1601506656673&CODE_STATE=getMsg HTTP/1.1" 200 27
218.81.217.115 - - [01/Oct/2020:06:57:38 +0800] "GET /xingrg/all/function/internal_message.html?_=1601506686519&CODE_STATE=getMsg HTTP/1.1" 200 27
120.253.135.82 - - [01/Oct/2020:06:57:38 +0800] "GET /xingrg/check_reg.html?_=1601506408299 HTTP/1.1" 200 22
114.88.166.242 - - [01/Oct/2020:06:57:38 +0800] "GET /xingrg/all/function/internal_message.html?_=1601506656605&CODE_STATE=getMsg HTTP/1.1" 200 27
116.232.51.57 - - [01/Oct/2020:06:57:41 +0800] "GET /xingrg/all/function/internal_message.html?_=1601506631287&CODE_STATE=getMsg HTTP/1.1" 302 -
58.37.8.227 - - [01/Oct/2020:06:57:47 +0800] "GET /xingrg/all/function/internal_message.html?_=1601506667628&CODE_STATE=getMsg HTTP/1.1" 200 27
58.37.8.227 - - [01/Oct/2020:06:57:47 +0800] "GET /xingrg/check_reg.html?_=1601506667629 HTTP/1.1" 200 22
114.88.166.242 - - [01/Oct/2020:06:57:51 +0800] "GET /xingrg/all/function/internal_message.html?_=1601506664354&CODE_STATE=getMsg HTTP/1.1" 302 -
117.185.32.26 - - [01/Oct/2020:06:57:52 +0800] "GET /xingrg/all/function/internal_message.html?_=1601506671104&CODE_STATE=getMsg HTTP/1.1" 200 27
116.238.71.30 - - [01/Oct/2020:06:57:58 +0800] "GET /xingrg/all/function/internal_message.html?_=1601506678993&CODE_STATE=getMsg HTTP/1.1" 200 27
120.253.135.82 - - [01/Oct/2020:06:58:22 +0800] "GET /xingrg/kc/pszx/mdps_order_list.html?orderType=0 HTTP/1.1" 200 21141
120.253.135.82 - - [01/Oct/2020:06:58:22 +0800] "POST /xingrg/kc/pszx/mdps_list_operate.html HTTP/1.1" 200 5376
120.253.135.82 - - [01/Oct/2020:06:58:22 +0800] "POST /xingrg/kc/buy/cgsh_list_operate.html HTTP/1.1" 200 876
120.253.135.82 - - [01/Oct/2020:06:58:27 +0800] "POST /xingrg/kc/pszx/mdps_list_operate.html HTTP/1.1" 200 4948
218.81.217.115 - - [01/Oct/2020:06:58:28 +0800] "GET /xingrg/check_reg.html?_=1601506736329 HTTP/1.1" 200 22
117.131.5.26 - - [01/Oct/2020:06:58:29 +0800] "GET /xingrg/all/function/internal_message.html?_=1601507006075&CODE_STATE=getMsg HTTP/1.1" 200 27
120.253.135.82 - - [01/Oct/2020:06:58:29 +0800] "POST /xingrg/kc/pszx/mdps_list_operate.html HTTP/1.1" 200 617
120.253.135.82 - - [01/Oct/2020:06:58:31 +0800] "POST /xingrg/kc/pszx/mdps_list_operate.html HTTP/1.1" 200 613
120.253.135.82 - - [01/Oct/2020:06:58:33 +0800] "POST /xingrg/kc/pszx/mdps_list_operate.html HTTP/1.1" 200 630
58.40.7.146 - - [01/Oct/2020:06:58:35 +0800] "GET /xingrg/all/function/internal_message.html?_=1601506716660&CODE_STATE=getMsg HTTP/1.1" 200 27
120.253.135.82 - - [01/Oct/2020:06:58:37 +0800] "GET /xingrg/kc/pszx/mdps_order_info.html?code=312020093000813 HTTP/1.1" 200 23881
120.253.135.82 - - [01/Oct/2020:06:58:37 +0800] "GET /xingrg/javascript/easyui/themes/default/validatebox.css HTTP/1.1" 404 1104
120.253.135.82 - - [01/Oct/2020:06:58:37 +0800] "POST /xingrg/kc/pszx/mdps_order_operate.html HTTP/1.1" 200 25342
218.81.217.115 - - [01/Oct/2020:06:58:38 +0800] "GET /xingrg/all/function/internal_message.html?_=1601506746531&CODE_STATE=getMsg HTTP/1.1" 200 27
114.88.166.242 - - [01/Oct/2020:06:58:38 +0800] "GET /xingrg/all/function/internal_message.html?_=1601506716659&CODE_STATE=getMsg HTTP/1.1" 200 27
116.232.51.57 - - [01/Oct/2020:06:58:41 +0800] "GET /xingrg/all/function/internal_message.html?_=1601506691293&CODE_STATE=getMsg HTTP/1.1" 302 -
58.40.7.146 - - [01/Oct/2020:06:58:47 +0800] "GET /xingrg/check_reg.html?_=1601506727755 HTTP/1.1" 200 22
58.37.8.227 - - [01/Oct/2020:06:58:47 +0800] "GET /xingrg/all/function/internal_message.html?_=1601506727627&CODE_STATE=getMsg HTTP/1.1" 200 27
114.88.166.242 - - [01/Oct/2020:06:58:50 +0800] "GET /xingrg/all/function/internal_message.html?_=1601506724361&CODE_STATE=getMsg HTTP/1.1" 302 -
117.185.32.26 - - [01/Oct/2020:06:58:52 +0800] "GET /xingrg/all/function/internal_message.html?_=1601506731080&CODE_STATE=getMsg HTTP/1.1" 200 27
116.238.71.30 - - [01/Oct/2020:06:58:58 +0800] "GET /xingrg/all/function/internal_message.html?_=1601506738996&CODE_STATE=getMsg HTTP/1.1" 200 27
120.253.135.82 - - [01/Oct/2020:06:59:00 +0800] "POST /xingrg/kc/pszx/mdps_list_operate.html HTTP/1.1" 200 233
120.253.135.82 - - [01/Oct/2020:06:59:02 +0800] "POST /xingrg/kc/pszx/mdps_list_operate.html HTTP/1.1" 200 292
120.253.135.82 - - [01/Oct/2020:06:59:03 +0800] "POST /xingrg/kc/pszx/mdps_list_operate.html HTTP/1.1" 200 300
120.253.135.82 - - [01/Oct/2020:06:59:05 +0800] "POST /xingrg/kc/pszx/mdps_list_operate.html HTTP/1.1" 200 205
114.88.166.242 - - [01/Oct/2020:06:59:06 +0800] "GET /xingrg/check_reg.html?_=1601506743956 HTTP/1.1" 200 22
120.253.135.82 - - [01/Oct/2020:06:59:07 +0800] "POST /xingrg/kc/pszx/mdps_list_operate.html HTTP/1.1" 200 636
120.253.135.82 - - [01/Oct/2020:06:59:10 +0800] "GET /xingrg/kc/pszx/mdps_order_info.html?code=312020093000832 HTTP/1.1" 200 23881
120.253.135.82 - - [01/Oct/2020:06:59:10 +0800] "GET /xingrg/javascript/easyui/themes/default/validatebox.css HTTP/1.1" 404 1104
120.253.135.82 - - [01/Oct/2020:06:59:11 +0800] "POST /xingrg/kc/pszx/mdps_order_operate.html HTTP/1.1" 200 10541
117.131.5.26 - - [01/Oct/2020:06:59:29 +0800] "GET /xingrg/all/function/internal_message.html?_=1601507066103&CODE_STATE=getMsg HTTP/1.1" 200 27
58.40.7.146 - - [01/Oct/2020:06:59:35 +0800] "GET /xingrg/all/function/internal_message.html?_=1601506776632&CODE_STATE=getMsg HTTP/1.1" 200 27
172.17.0.185 - - [01/Oct/2020:06:59:36 +0800] "GET /xingrg/check_reg.html?_=1601506775578 HTTP/1.1" 302 -
218.81.217.115 - - [01/Oct/2020:06:59:38 +0800] "GET /xingrg/all/function/internal_message.html?_=1601506806544&CODE_STATE=getMsg HTTP/1.1" 200 27
114.88.166.242 - - [01/Oct/2020:06:59:38 +0800] "GET /xingrg/all/function/internal_message.html?_=1601506776663&CODE_STATE=getMsg HTTP/1.1" 200 27
116.232.51.57 - - [01/Oct/2020:06:59:41 +0800] "GET /xingrg/all/function/internal_message.html?_=1601506751283&CODE_STATE=getMsg HTTP/1.1" 302 -
58.37.8.227 - - [01/Oct/2020:06:59:47 +0800] "GET /xingrg/all/function/internal_message.html?_=1601506787668&CODE_STATE=getMsg HTTP/1.1" 200 27
114.88.166.242 - - [01/Oct/2020:06:59:50 +0800] "GET /xingrg/all/function/internal_message.html?_=1601506784359&CODE_STATE=getMsg HTTP/1.1" 302 -
117.185.32.26 - - [01/Oct/2020:06:59:52 +0800] "GET /xingrg/all/function/internal_message.html?_=1601506791056&CODE_STATE=getMsg HTTP/1.1" 200 27
116.238.71.30 - - [01/Oct/2020:06:59:58 +0800] "GET /xingrg/all/function/internal_message.html?_=1601506798999&CODE_STATE=getMsg HTTP/1.1" 200 27
117.131.5.26 - - [01/Oct/2020:07:00:29 +0800] "GET /xingrg/all/function/internal_message.html?_=1601507126118&CODE_STATE=getMsg HTTP/1.1" 200 27
58.40.7.146 - - [01/Oct/2020:07:00:35 +0800] "GET /xingrg/all/function/internal_message.html?_=1601506836604&CODE_STATE=getMsg HTTP/1.1" 200 27
218.81.217.115 - - [01/Oct/2020:07:00:38 +0800] "GET /xingrg/all/function/internal_message.html?_=1601506866588&CODE_STATE=getMsg HTTP/1.1" 200 27
114.88.166.242 - - [01/Oct/2020:07:00:38 +0800] "GET /xingrg/all/function/internal_message.html?_=1601506836676&CODE_STATE=getMsg HTTP/1.1" 200 27
116.232.51.57 - - [01/Oct/2020:07:00:41 +0800] "GET /xingrg/all/function/internal_message.html?_=1601506811280&CODE_STATE=getMsg HTTP/1.1" 302 -
116.232.51.57 - - [01/Oct/2020:07:00:41 +0800] "GET /xingrg/check_reg.html?_=1601506811283 HTTP/1.1" 302 -
58.37.8.227 - - [01/Oct/2020:07:00:47 +0800] "GET /xingrg/all/function/internal_message.html?_=1601506847665&CODE_STATE=getMsg HTTP/1.1" 200 27
114.88.166.242 - - [01/Oct/2020:07:00:50 +0800] "GET /xingrg/all/function/internal_message.html?_=1601506844356&CODE_STATE=getMsg HTTP/1.1" 302 -
117.185.32.26 - - [01/Oct/2020:07:00:52 +0800] "GET /xingrg/all/function/internal_message.html?_=1601506851036&CODE_STATE=getMsg HTTP/1.1" 200 27
116.238.71.30 - - [01/Oct/2020:07:00:58 +0800] "GET /xingrg/check_reg.html?_=1601506859002 HTTP/1.1" 200 22
116.238.71.30 - - [01/Oct/2020:07:00:58 +0800] "GET /xingrg/all/function/internal_message.html?_=1601506859004&CODE_STATE=getMsg HTTP/1.1" 200 27
117.131.5.26 - - [01/Oct/2020:07:01:29 +0800] "GET /xingrg/all/function/internal_message.html?_=1601507186148&CODE_STATE=getMsg HTTP/1.1" 200 27
58.40.7.146 - - [01/Oct/2020:07:01:35 +0800] "GET /xingrg/all/function/internal_message.html?_=1601506896592&CODE_STATE=getMsg HTTP/1.1" 200 27
218.81.217.115 - - [01/Oct/2020:07:01:38 +0800] "GET /xingrg/all/function/internal_message.html?_=1601506926604&CODE_STATE=getMsg HTTP/1.1" 200 27
114.88.166.242 - - [01/Oct/2020:07:01:38 +0800] "GET /xingrg/all/function/internal_message.html?_=1601506896744&CODE_STATE=getMsg HTTP/1.1" 200 27
116.232.51.57 - - [01/Oct/2020:07:01:41 +0800] "GET /xingrg/all/function/internal_message.html?_=1601506871287&CODE_STATE=getMsg HTTP/1.1" 302 -
58.37.8.227 - - [01/Oct/2020:07:01:47 +0800] "GET /xingrg/all/function/internal_message.html?_=1601506907664&CODE_STATE=getMsg HTTP/1.1" 200 27
114.88.166.242 - - [01/Oct/2020:07:01:50 +0800] "GET /xingrg/all/function/internal_message.html?_=1601506904360&CODE_STATE=getMsg HTTP/1.1" 302 -
114.88.166.242 - - [01/Oct/2020:07:01:50 +0800] "GET /xingrg/check_reg.html?_=1601506904359 HTTP/1.1" 302 -
117.185.32.26 - - [01/Oct/2020:07:01:52 +0800] "GET /xingrg/all/function/internal_message.html?_=1601506911006&CODE_STATE=getMsg HTTP/1.1" 200 27
116.238.71.30 - - [01/Oct/2020:07:01:58 +0800] "GET /xingrg/all/function/internal_message.html?_=1601506918989&CODE_STATE=getMsg HTTP/1.1" 200 27
120.253.135.82 - - [01/Oct/2020:07:02:01 +0800] "POST /xingrg/kc/pszx/mdps_order_operate.html HTTP/1.1" 200 37
120.253.135.82 - - [01/Oct/2020:07:02:02 +0800] "GET /xingrg/kc/pszx/mdps_order_info.html?code=312020093000832 HTTP/1.1" 200 23881
120.253.135.82 - - [01/Oct/2020:07:02:03 +0800] "POST /xingrg/kc/pszx/mdps_order_operate.html HTTP/1.1" 200 10016
120.253.135.82 - - [01/Oct/2020:07:02:03 +0800] "GET /xingrg/javascript/easyui/themes/default/validatebox.css HTTP/1.1" 404 1104
117.185.32.26 - - [01/Oct/2020:07:02:07 +0800] "GET /xingrg/check_reg.html?_=1601506926030 HTTP/1.1" 200 22
120.253.135.82 - - [01/Oct/2020:07:02:20 +0800] "POST /xingrg/kc/pszx/mdps_order_operate.html HTTP/1.1" 200 37
117.131.5.26 - - [01/Oct/2020:07:02:20 +0800] "GET /xingrg/check_reg.html?_=1601507237257 HTTP/1.1" 200 22
120.253.135.82 - - [01/Oct/2020:07:02:21 +0800] "GET /xingrg/kc/pszx/mdps_order_info.html?code=312020093000832 HTTP/1.1" 200 23881
120.253.135.82 - - [01/Oct/2020:07:02:22 +0800] "POST /xingrg/kc/pszx/mdps_order_operate.html HTTP/1.1" 200 10016
120.253.135.82 - - [01/Oct/2020:07:02:22 +0800] "GET /xingrg/javascript/easyui/themes/default/validatebox.css HTTP/1.1" 404 1104
120.253.135.82 - - [01/Oct/2020:07:02:27 +0800] "POST /xingrg/kc/pszx/mdps_list_operate.html HTTP/1.1" 200 4948
117.131.5.26 - - [01/Oct/2020:07:02:29 +0800] "GET /xingrg/all/function/internal_message.html?_=1601507246161&CODE_STATE=getMsg HTTP/1.1" 200 27
120.253.135.82 - - [01/Oct/2020:07:02:30 +0800] "POST /xingrg/kc/pszx/mdps_list_operate.html HTTP/1.1" 200 536
120.253.135.82 - - [01/Oct/2020:07:02:32 +0800] "GET /xingrg/kc/pszx/mdps_order_info.html?code=312020100100004 HTTP/1.1" 200 23881
120.253.135.82 - - [01/Oct/2020:07:02:32 +0800] "POST /xingrg/kc/pszx/mdps_order_operate.html HTTP/1.1" 200 4270
120.253.135.82 - - [01/Oct/2020:07:02:32 +0800] "GET /xingrg/javascript/easyui/themes/default/validatebox.css HTTP/1.1" 404 1104
58.40.7.146 - - [01/Oct/2020:07:02:35 +0800] "GET /xingrg/all/function/internal_message.html?_=1601506956563&CODE_STATE=getMsg HTTP/1.1" 200 27
120.253.135.82 - - [01/Oct/2020:07:02:38 +0800] "GET /xingrg/check_reg.html?_=1601506708302 HTTP/1.1" 200 22
218.81.217.115 - - [01/Oct/2020:07:02:38 +0800] "GET /xingrg/all/function/internal_message.html?_=1601506986635&CODE_STATE=getMsg HTTP/1.1" 200 27
114.88.166.242 - - [01/Oct/2020:07:02:38 +0800] "GET /xingrg/all/function/internal_message.html?_=1601506956752&CODE_STATE=getMsg HTTP/1.1" 200 27
116.232.51.57 - - [01/Oct/2020:07:02:41 +0800] "GET /xingrg/all/function/internal_message.html?_=1601506931294&CODE_STATE=getMsg HTTP/1.1" 302 -
58.37.8.227 - - [01/Oct/2020:07:02:48 +0800] "GET /xingrg/check_reg.html?_=1601506967662 HTTP/1.1" 200 22
58.37.8.227 - - [01/Oct/2020:07:02:48 +0800] "GET /xingrg/all/function/internal_message.html?_=1601506967663&CODE_STATE=getMsg HTTP/1.1" 200 27
114.88.166.242 - - [01/Oct/2020:07:02:50 +0800] "GET /xingrg/all/function/internal_message.html?_=1601506964358&CODE_STATE=getMsg HTTP/1.1" 302 -
117.185.32.26 - - [01/Oct/2020:07:02:52 +0800] "GET /xingrg/all/function/internal_message.html?_=1601506971009&CODE_STATE=getMsg HTTP/1.1" 200 27
120.253.135.82 - - [01/Oct/2020:07:02:53 +0800] "GET /xingrg/kc/pszx/mdps_order_operate.html?command=get_materiel&pszx_code=00101&rest_code=00102&base_code=0010246&code=00101019498 HTTP/1.1" 200 476
116.238.71.30 - - [01/Oct/2020:07:02:58 +0800] "GET /xingrg/all/function/internal_message.html?_=1601506978993&CODE_STATE=getMsg HTTP/1.1" 200 27
120.253.135.82 - - [01/Oct/2020:07:03:00 +0800] "POST /xingrg/all/common/load_select.html HTTP/1.1" 200 25
120.253.135.82 - - [01/Oct/2020:07:03:02 +0800] "GET /xingrg/kc/pszx/mdps_order_operate.html?command=get_materiel_price&pszx_code=00101&rest_code=00102&base_code=0010246&code=00101019498&unit_code=00100246&order_time=2020-10-01 HTTP/1.1" 200 33
120.253.135.82 - - [01/Oct/2020:07:03:11 +0800] "POST /xingrg/kc/pszx/mdps_order_operate.html HTTP/1.1" 200 37
120.253.135.82 - - [01/Oct/2020:07:03:14 +0800] "GET /xingrg/kc/pszx/mdps_order_info.html?code=312020100100004 HTTP/1.1" 200 23881
120.253.135.82 - - [01/Oct/2020:07:03:14 +0800] "POST /xingrg/kc/pszx/mdps_order_operate.html HTTP/1.1" 200 4789
120.253.135.82 - - [01/Oct/2020:07:03:14 +0800] "GET /xingrg/javascript/easyui/themes/default/validatebox.css HTTP/1.1" 404 1104
218.81.217.115 - - [01/Oct/2020:07:03:28 +0800] "GET /xingrg/check_reg.html?_=1601507036340 HTTP/1.1" 200 22
117.131.5.26 - - [01/Oct/2020:07:03:29 +0800] "GET /xingrg/all/function/internal_message.html?_=1601507306178&CODE_STATE=getMsg HTTP/1.1" 200 27
58.40.7.146 - - [01/Oct/2020:07:03:35 +0800] "GET /xingrg/all/function/internal_message.html?_=1601507016549&CODE_STATE=getMsg HTTP/1.1" 200 27
218.81.217.115 - - [01/Oct/2020:07:03:38 +0800] "GET /xingrg/all/function/internal_message.html?_=1601507046646&CODE_STATE=getMsg HTTP/1.1" 200 27
114.88.166.242 - - [01/Oct/2020:07:03:39 +0800] "GET /xingrg/all/function/internal_message.html?_=1601507016805&CODE_STATE=getMsg HTTP/1.1" 200 27
116.232.51.57 - - [01/Oct/2020:07:03:41 +0800] "GET /xingrg/all/function/internal_message.html?_=1601506991284&CODE_STATE=getMsg HTTP/1.1" 302 -
58.40.7.146 - - [01/Oct/2020:07:03:47 +0800] "GET /xingrg/check_reg.html?_=1601507027738 HTTP/1.1" 200 22
58.37.8.227 - - [01/Oct/2020:07:03:47 +0800] "GET /xingrg/all/function/internal_message.html?_=1601507027661&CODE_STATE=getMsg HTTP/1.1" 200 27
61.151.178.165 - - [01/Oct/2020:07:03:49 +0800] "GET /xingrg/check_reg.html?_=1601506967662 HTTP/1.1" 302 -
114.88.166.242 - - [01/Oct/2020:07:03:50 +0800] "GET /xingrg/all/function/internal_message.html?_=1601507024356&CODE_STATE=getMsg HTTP/1.1" 302 -
117.185.32.26 - - [01/Oct/2020:07:03:52 +0800] "GET /xingrg/all/function/internal_message.html?_=1601507030989&CODE_STATE=getMsg HTTP/1.1" 200 27
61.151.178.165 - - [01/Oct/2020:07:03:53 +0800] "GET /xingrg/login.html HTTP/1.1" 200 7641
116.238.71.30 - - [01/Oct/2020:07:03:58 +0800] "GET /xingrg/all/function/internal_message.html?_=1601507038996&CODE_STATE=getMsg HTTP/1.1" 200 27
114.88.166.242 - - [01/Oct/2020:07:04:06 +0800] "GET /xingrg/check_reg.html?_=1601507043958 HTTP/1.1" 200 22
117.131.5.26 - - [01/Oct/2020:07:04:29 +0800] "GET /xingrg/all/function/internal_message.html?_=1601507366202&CODE_STATE=getMsg HTTP/1.1" 200 27
58.40.7.146 - - [01/Oct/2020:07:04:35 +0800] "GET /xingrg/all/function/internal_message.html?_=1601507076521&CODE_STATE=getMsg HTTP/1.1" 200 27
172.17.0.185 - - [01/Oct/2020:07:04:36 +0800] "GET /xingrg/check_reg.html?_=1601507075555 HTTP/1.1" 302 -
218.81.217.115 - - [01/Oct/2020:07:04:38 +0800] "GET /xingrg/all/function/internal_message.html?_=1601507106660&CODE_STATE=getMsg HTTP/1.1" 200 27
114.88.166.242 - - [01/Oct/2020:07:04:39 +0800] "GET /xingrg/all/function/internal_message.html?_=1601507076809&CODE_STATE=getMsg HTTP/1.1" 200 27
116.232.51.57 - - [01/Oct/2020:07:04:41 +0800] "GET /xingrg/all/function/internal_message.html?_=1601507051303&CODE_STATE=getMsg HTTP/1.1" 302 -
58.37.8.227 - - [01/Oct/2020:07:04:47 +0800] "GET /xingrg/all/function/internal_message.html?_=1601507087659&CODE_STATE=getMsg HTTP/1.1" 200 27
114.88.166.242 - - [01/Oct/2020:07:04:50 +0800] "GET /xingrg/all/function/internal_message.html?_=1601507084354&CODE_STATE=getMsg HTTP/1.1" 302 -
117.185.32.26 - - [01/Oct/2020:07:04:52 +0800] "GET /xingrg/all/function/internal_message.html?_=1601507090971&CODE_STATE=getMsg HTTP/1.1" 200 27
116.238.71.30 - - [01/Oct/2020:07:04:58 +0800] "GET /xingrg/all/function/internal_message.html?_=1601507098998&CODE_STATE=getMsg HTTP/1.1" 200 27
120.253.135.82 - - [01/Oct/2020:07:05:01 +0800] "POST /xingrg/kc/pszx/mdps_order_operate.html HTTP/1.1" 200 37
120.253.135.82 - - [01/Oct/2020:07:05:02 +0800] "GET /xingrg/kc/pszx/mdps_order_info.html?code=312020100100004 HTTP/1.1" 200 23881
120.253.135.82 - - [01/Oct/2020:07:05:03 +0800] "POST /xingrg/kc/pszx/mdps_order_operate.html HTTP/1.1" 200 4789
120.253.135.82 - - [01/Oct/2020:07:05:03 +0800] "GET /xingrg/javascript/easyui/themes/default/validatebox.css HTTP/1.1" 404 1104
120.253.135.82 - - [01/Oct/2020:07:05:06 +0800] "POST /xingrg/kc/pszx/mdps_list_operate.html HTTP/1.1" 200 4948
120.253.135.82 - - [01/Oct/2020:07:05:12 +0800] "POST /xingrg/kc/pszx/mdps_list_operate.html HTTP/1.1" 200 630
120.253.135.82 - - [01/Oct/2020:07:05:17 +0800] "POST /xingrg/kc/pszx/mdps_list_operate.html HTTP/1.1" 200 300
120.253.135.82 - - [01/Oct/2020:07:05:18 +0800] "POST /xingrg/kc/pszx/mdps_list_operate.html HTTP/1.1" 200 205
120.253.135.82 - - [01/Oct/2020:07:05:21 +0800] "POST /xingrg/kc/pszx/mdps_list_operate.html HTTP/1.1" 200 292
120.253.135.82 - - [01/Oct/2020:07:05:23 +0800] "POST /xingrg/kc/pszx/mdps_list_operate.html HTTP/1.1" 200 233
120.253.135.82 - - [01/Oct/2020:07:05:29 +0800] "POST /xingrg/kc/pszx/mdps_list_operate.html HTTP/1.1" 200 613
117.131.5.26 - - [01/Oct/2020:07:05:29 +0800] "GET /xingrg/all/function/internal_message.html?_=1601507426201&CODE_STATE=getMsg HTTP/1.1" 200 27
120.253.135.82 - - [01/Oct/2020:07:05:33 +0800] "POST /xingrg/kc/pszx/mdps_list_operate.html HTTP/1.1" 200 632
120.253.135.82 - - [01/Oct/2020:07:05:34 +0800] "GET /xingrg/kc/pszx/mdps_order_info.html?code=312020093000832 HTTP/1.1" 200 23881
120.253.135.82 - - [01/Oct/2020:07:05:35 +0800] "POST /xingrg/kc/pszx/mdps_order_operate.html HTTP/1.1" 200 10016
120.253.135.82 - - [01/Oct/2020:07:05:35 +0800] "GET /xingrg/javascript/easyui/themes/default/validatebox.css HTTP/1.1" 404 1104
58.40.7.146 - - [01/Oct/2020:07:05:35 +0800] "GET /xingrg/all/function/internal_message.html?_=1601507136508&CODE_STATE=getMsg HTTP/1.1" 200 27
218.81.217.115 - - [01/Oct/2020:07:05:38 +0800] "GET /xingrg/all/function/internal_message.html?_=1601507166709&CODE_STATE=getMsg HTTP/1.1" 200 27
114.88.166.242 - - [01/Oct/2020:07:05:39 +0800] "GET /xingrg/all/function/internal_message.html?_=1601507136824&CODE_STATE=getMsg HTTP/1.1" 200 27
120.253.135.82 - - [01/Oct/2020:07:05:39 +0800] "GET /xingrg/kc/print/load_data.html?order_code=312020093000832&kc_code=mdps&condition= HTTP/1.1" 200 4334
116.232.51.57 - - [01/Oct/2020:07:05:41 +0800] "GET /xingrg/check_reg.html?_=1601507111315 HTTP/1.1" 302 -
116.232.51.57 - - [01/Oct/2020:07:05:41 +0800] "GET /xingrg/all/function/internal_message.html?_=1601507111319&CODE_STATE=getMsg HTTP/1.1" 302 -
58.37.8.227 - - [01/Oct/2020:07:05:47 +0800] "GET /xingrg/all/function/internal_message.html?_=1601507147658&CODE_STATE=getMsg HTTP/1.1" 200 27
114.88.166.242 - - [01/Oct/2020:07:05:50 +0800] "GET /xingrg/all/function/internal_message.html?_=1601507144352&CODE_STATE=getMsg HTTP/1.1" 302 -
117.185.32.26 - - [01/Oct/2020:07:05:52 +0800] "GET /xingrg/all/function/internal_message.html?_=1601507150964&CODE_STATE=getMsg HTTP/1.1" 200 27
116.238.71.30 - - [01/Oct/2020:07:05:58 +0800] "GET /xingrg/all/function/internal_message.html?_=1601507159001&CODE_STATE=getMsg HTTP/1.1" 200 27
116.238.71.30 - - [01/Oct/2020:07:05:58 +0800] "GET /xingrg/check_reg.html?_=1601507159003 HTTP/1.1" 200 22
117.131.5.26 - - [01/Oct/2020:07:06:29 +0800] "GET /xingrg/all/function/internal_message.html?_=1601507486226&CODE_STATE=getMsg HTTP/1.1" 200 27
58.40.7.146 - - [01/Oct/2020:07:06:35 +0800] "GET /xingrg/all/function/internal_message.html?_=1601507196493&CODE_STATE=getMsg HTTP/1.1" 200 27
218.81.217.115 - - [01/Oct/2020:07:06:38 +0800] "GET /xingrg/all/function/internal_message.html?_=1601507226718&CODE_STATE=getMsg HTTP/1.1" 200 27
114.88.166.242 - - [01/Oct/2020:07:06:39 +0800] "GET /xingrg/all/function/internal_message.html?_=1601507196877&CODE_STATE=getMsg HTTP/1.1" 200 27
116.232.51.57 - - [01/Oct/2020:07:06:41 +0800] "GET /xingrg/all/function/internal_message.html?_=1601507171307&CODE_STATE=getMsg HTTP/1.1" 302 -
58.37.8.227 - - [01/Oct/2020:07:06:47 +0800] "GET /xingrg/all/function/internal_message.html?_=1601507207657&CODE_STATE=getMsg HTTP/1.1" 200 27
114.88.166.242 - - [01/Oct/2020:07:06:50 +0800] "GET /xingrg/all/function/internal_message.html?_=1601507204350&CODE_STATE=getMsg HTTP/1.1" 302 -
114.88.166.242 - - [01/Oct/2020:07:06:50 +0800] "GET /xingrg/check_reg.html?_=1601507204351 HTTP/1.1" 302 -
117.185.32.26 - - [01/Oct/2020:07:06:52 +0800] "GET /xingrg/all/function/internal_message.html?_=1601507210946&CODE_STATE=getMsg HTTP/1.1" 200 27
116.238.71.30 - - [01/Oct/2020:07:06:58 +0800] "GET /xingrg/all/function/internal_message.html?_=1601507219004&CODE_STATE=getMsg HTTP/1.1" 200 27
117.185.32.26 - - [01/Oct/2020:07:07:07 +0800] "GET /xingrg/check_reg.html?_=1601507226050 HTTP/1.1" 200 22
117.131.5.26 - - [01/Oct/2020:07:07:20 +0800] "GET /xingrg/check_reg.html?_=1601507537259 HTTP/1.1" 200 22
117.131.5.26 - - [01/Oct/2020:07:07:29 +0800] "GET /xingrg/all/function/internal_message.html?_=1601507546228&CODE_STATE=getMsg HTTP/1.1" 200 27
58.40.7.146 - - [01/Oct/2020:07:07:35 +0800] "GET /xingrg/all/function/internal_message.html?_=1601507256478&CODE_STATE=getMsg HTTP/1.1" 200 27
218.81.217.115 - - [01/Oct/2020:07:07:38 +0800] "GET /xingrg/all/function/internal_message.html?_=1601507286751&CODE_STATE=getMsg HTTP/1.1" 200 27
120.253.135.82 - - [01/Oct/2020:07:07:38 +0800] "GET /xingrg/check_reg.html?_=1601507008312 HTTP/1.1" 200 22
114.88.166.242 - - [01/Oct/2020:07:07:39 +0800] "GET /xingrg/all/function/internal_message.html?_=1601507256881&CODE_STATE=getMsg HTTP/1.1" 200 27
116.232.51.57 - - [01/Oct/2020:07:07:41 +0800] "GET /xingrg/all/function/internal_message.html?_=1601507231308&CODE_STATE=getMsg HTTP/1.1" 302 -
58.37.8.227 - - [01/Oct/2020:07:07:47 +0800] "GET /xingrg/all/function/internal_message.html?_=1601507267654&CODE_STATE=getMsg HTTP/1.1" 200 27
58.37.8.227 - - [01/Oct/2020:07:07:47 +0800] "GET /xingrg/check_reg.html?_=1601507267655 HTTP/1.1" 200 22
114.88.166.242 - - [01/Oct/2020:07:07:50 +0800] "GET /xingrg/all/function/internal_message.html?_=1601507264354&CODE_STATE=getMsg HTTP/1.1" 302 -
117.185.32.26 - - [01/Oct/2020:07:07:52 +0800] "GET /xingrg/all/function/internal_message.html?_=1601507270923&CODE_STATE=getMsg HTTP/1.1" 200 27
116.238.71.30 - - [01/Oct/2020:07:07:58 +0800] "GET /xingrg/all/function/internal_message.html?_=1601507278991&CODE_STATE=getMsg HTTP/1.1" 200 27
120.253.135.82 - - [01/Oct/2020:07:08:17 +0800] "POST /xingrg/kc/pszx/mdps_list_operate.html HTTP/1.1" 200 4948
120.253.135.82 - - [01/Oct/2020:07:08:25 +0800] "POST /xingrg/kc/pszx/mdps_list_operate.html HTTP/1.1" 200 4948
120.253.135.82 - - [01/Oct/2020:07:08:25 +0800] "GET /xingrg/kc/buy/cgsh_order_list.html HTTP/1.1" 200 44455
120.253.135.82 - - [01/Oct/2020:07:08:26 +0800] "POST /xingrg/kc/buy/cgsh_list_operate.html HTTP/1.1" 200 876
218.81.217.115 - - [01/Oct/2020:07:08:28 +0800] "GET /xingrg/check_reg.html?_=1601507336339 HTTP/1.1" 200 22
117.131.5.26 - - [01/Oct/2020:07:08:29 +0800] "GET /xingrg/all/function/internal_message.html?_=1601507606244&CODE_STATE=getMsg HTTP/1.1" 200 27
120.253.135.82 - - [01/Oct/2020:07:08:29 +0800] "GET /xingrg/kc/pszx/mdqp_order_list.html?state=10 HTTP/1.1" 200 10565
120.253.135.82 - - [01/Oct/2020:07:08:29 +0800] "GET /xingrg/dwr/interface/AjaxQqpsService.js HTTP/1.1" 200 16326
120.253.135.82 - - [01/Oct/2020:07:08:29 +0800] "GET /xingrg/dwr/interface/AjaxReportQueryService.js HTTP/1.1" 200 13203
120.253.135.82 - - [01/Oct/2020:07:08:29 +0800] "GET /xingrg/dwr/engine.js HTTP/1.1" 200 43631
120.253.135.82 - - [01/Oct/2020:07:08:32 +0800] "GET /xingrg/kc/report/report_main.html HTTP/1.1" 200 9370
120.253.135.82 - - [01/Oct/2020:07:08:33 +0800] "GET /xingrg/kc/base/kc_stocks.html HTTP/1.1" 200 16329
120.253.135.82 - - [01/Oct/2020:07:08:33 +0800] "GET /xingrg/javascript/easyui/themes/sunny/easyui.css HTTP/1.1" 304 -
120.253.135.82 - - [01/Oct/2020:07:08:33 +0800] "GET /xingrg/javascript/easyui/themes/icons/refresh_new.png HTTP/1.1" 304 -
120.253.135.82 - - [01/Oct/2020:07:08:33 +0800] "GET /xingrg/javascript/easyui/themes/icons/print_new.png HTTP/1.1" 304 -
120.253.135.82 - - [01/Oct/2020:07:08:33 +0800] "GET /xingrg/javascript/easyui/themes/icons/filter_new.png HTTP/1.1" 304 -
120.253.135.82 - - [01/Oct/2020:07:08:33 +0800] "GET /xingrg/javascript/easyui/plugins/jquery.draggable.js HTTP/1.1" 304 -
120.253.135.82 - - [01/Oct/2020:07:08:33 +0800] "GET /xingrg/javascript/easyui/plugins/jquery.droppable.js HTTP/1.1" 304 -
120.253.135.82 - - [01/Oct/2020:07:08:33 +0800] "GET /xingrg/javascript/easyui/themes/default/tree.css HTTP/1.1" 404 1090
120.253.135.82 - - [01/Oct/2020:07:08:33 +0800] "GET /xingrg/javascript/easyui/plugins/jquery.tree.js HTTP/1.1" 304 -
120.253.135.82 - - [01/Oct/2020:07:08:34 +0800] "POST /xingrg/all/common/load_tree.html?tree=materiel_sort_tree_json HTTP/1.1" 200 8666
120.253.135.82 - - [01/Oct/2020:07:08:34 +0800] "GET /xingrg/javascript/easyui/themes/sunny/images/tree_arrows.gif HTTP/1.1" 304 -
120.253.135.82 - - [01/Oct/2020:07:08:34 +0800] "GET /xingrg/javascript/easyui/themes/sunny/images/tree_folder_open.gif HTTP/1.1" 304 -
120.253.135.82 - - [01/Oct/2020:07:08:34 +0800] "GET /xingrg/javascript/easyui/themes/sunny/images/tree_folder.gif HTTP/1.1" 304 -
120.253.135.82 - - [01/Oct/2020:07:08:34 +0800] "GET /xingrg/javascript/easyui/themes/sunny/images/tree_file.gif HTTP/1.1" 304 -
120.253.135.82 - - [01/Oct/2020:07:08:35 +0800] "POST /xingrg/all/common/load_combo.html?type=base HTTP/1.1" 200 984
58.40.7.146 - - [01/Oct/2020:07:08:35 +0800] "GET /xingrg/all/function/internal_message.html?_=1601507316449&CODE_STATE=getMsg HTTP/1.1" 200 27
218.81.217.115 - - [01/Oct/2020:07:08:38 +0800] "GET /xingrg/all/function/internal_message.html?_=1601507346760&CODE_STATE=getMsg HTTP/1.1" 200 27
114.88.166.242 - - [01/Oct/2020:07:08:39 +0800] "GET /xingrg/all/function/internal_message.html?_=1601507316923&CODE_STATE=getMsg HTTP/1.1" 200 27
116.232.51.57 - - [01/Oct/2020:07:08:41 +0800] "GET /xingrg/all/function/internal_message.html?_=1601507291312&CODE_STATE=getMsg HTTP/1.1" 302 -
120.253.135.82 - - [01/Oct/2020:07:08:46 +0800] "POST /xingrg/kc/base/stock_operate.html HTTP/1.1" 200 1740
120.253.135.82 - - [01/Oct/2020:07:08:46 +0800] "GET /xingrg/javascript/jquery_tools/fix_table.js HTTP/1.1" 304 -
58.40.7.146 - - [01/Oct/2020:07:08:47 +0800] "GET /xingrg/check_reg.html?_=1601507327719 HTTP/1.1" 200 22
58.37.8.227 - - [01/Oct/2020:07:08:47 +0800] "GET /xingrg/all/function/internal_message.html?_=1601507327654&CODE_STATE=getMsg HTTP/1.1" 200 27
114.88.166.242 - - [01/Oct/2020:07:08:50 +0800] "GET /xingrg/all/function/internal_message.html?_=1601507324353&CODE_STATE=getMsg HTTP/1.1" 302 -
117.185.32.26 - - [01/Oct/2020:07:08:52 +0800] "GET /xingrg/all/function/internal_message.html?_=1601507330900&CODE_STATE=getMsg HTTP/1.1" 200 27
116.238.71.30 - - [01/Oct/2020:07:08:58 +0800] "GET /xingrg/all/function/internal_message.html?_=1601507338993&CODE_STATE=getMsg HTTP/1.1" 200 27
120.253.135.82 - - [01/Oct/2020:07:08:59 +0800] "POST /xingrg/kc/base/stock_operate.html HTTP/1.1" 200 1472
114.88.166.242 - - [01/Oct/2020:07:09:06 +0800] "GET /xingrg/check_reg.html?_=1601507343961 HTTP/1.1" 200 22
120.253.135.82 - - [01/Oct/2020:07:09:08 +0800] "POST /xingrg/kc/base/stock_operate.html HTTP/1.1" 200 1470
117.131.5.26 - - [01/Oct/2020:07:09:29 +0800] "GET /xingrg/all/function/internal_message.html?_=1601507666269&CODE_STATE=getMsg HTTP/1.1" 200 27
58.40.7.146 - - [01/Oct/2020:07:09:35 +0800] "GET /xingrg/all/function/internal_message.html?_=1601507376424&CODE_STATE=getMsg HTTP/1.1" 200 27
172.17.0.185 - - [01/Oct/2020:07:09:36 +0800] "GET /xingrg/check_reg.html?_=1601507375529 HTTP/1.1" 302 -
218.81.217.115 - - [01/Oct/2020:07:09:38 +0800] "GET /xingrg/all/function/internal_message.html?_=1601507406774&CODE_STATE=getMsg HTTP/1.1" 200 27
114.88.166.242 - - [01/Oct/2020:07:09:39 +0800] "GET /xingrg/all/function/internal_message.html?_=1601507376925&CODE_STATE=getMsg HTTP/1.1" 200 27
116.232.51.57 - - [01/Oct/2020:07:09:41 +0800] "GET /xingrg/all/function/internal_message.html?_=1601507351315&CODE_STATE=getMsg HTTP/1.1" 302 -
58.37.8.227 - - [01/Oct/2020:07:09:47 +0800] "GET /xingrg/all/function/internal_message.html?_=1601507387667&CODE_STATE=getMsg HTTP/1.1" 200 27
114.88.166.242 - - [01/Oct/2020:07:09:50 +0800] "GET /xingrg/all/function/internal_message.html?_=1601507384352&CODE_STATE=getMsg HTTP/1.1" 302 -
117.185.32.26 - - [01/Oct/2020:07:09:52 +0800] "GET /xingrg/all/function/internal_message.html?_=1601507390879&CODE_STATE=getMsg HTTP/1.1" 200 27
116.238.71.30 - - [01/Oct/2020:07:09:58 +0800] "GET /xingrg/all/function/internal_message.html?_=1601507398997&CODE_STATE=getMsg HTTP/1.1" 200 27
120.253.135.82 - - [01/Oct/2020:07:10:09 +0800] "POST /xingrg/kc/base/stock_operate.html HTTP/1.1" 200 1456
120.253.135.82 - - [01/Oct/2020:07:10:28 +0800] "POST /xingrg/kc/base/stock_operate.html HTTP/1.1" 200 1744
117.131.5.26 - - [01/Oct/2020:07:10:29 +0800] "GET /xingrg/all/function/internal_message.html?_=1601507726286&CODE_STATE=getMsg HTTP/1.1" 200 27
58.40.7.146 - - [01/Oct/2020:07:10:35 +0800] "GET /xingrg/all/function/internal_message.html?_=1601507436410&CODE_STATE=getMsg HTTP/1.1" 200 27
218.81.217.115 - - [01/Oct/2020:07:10:38 +0800] "GET /xingrg/all/function/internal_message.html?_=1601507466807&CODE_STATE=getMsg HTTP/1.1" 200 27
114.88.166.242 - - [01/Oct/2020:07:10:39 +0800] "GET /xingrg/all/function/internal_message.html?_=1601507436939&CODE_STATE=getMsg HTTP/1.1" 200 27
116.232.51.57 - - [01/Oct/2020:07:10:41 +0800] "GET /xingrg/check_reg.html?_=1601507411306 HTTP/1.1" 302 -
116.232.51.57 - - [01/Oct/2020:07:10:41 +0800] "GET /xingrg/all/function/internal_message.html?_=1601507411310&CODE_STATE=getMsg HTTP/1.1" 302 -
58.37.8.227 - - [01/Oct/2020:07:10:47 +0800] "GET /xingrg/all/function/internal_message.html?_=1601507447665&CODE_STATE=getMsg HTTP/1.1" 200 27
114.88.166.242 - - [01/Oct/2020:07:10:50 +0800] "GET /xingrg/all/function/internal_message.html?_=1601507444351&CODE_STATE=getMsg HTTP/1.1" 302 -
117.185.32.26 - - [01/Oct/2020:07:10:52 +0800] "GET /xingrg/all/function/internal_message.html?_=1601507450857&CODE_STATE=getMsg HTTP/1.1" 200 27
116.238.71.30 - - [01/Oct/2020:07:10:58 +0800] "GET /xingrg/all/function/internal_message.html?_=1601507459000&CODE_STATE=getMsg HTTP/1.1" 200 27
116.238.71.30 - - [01/Oct/2020:07:10:58 +0800] "GET /xingrg/check_reg.html?_=1601507459002 HTTP/1.1" 200 22
120.253.135.82 - - [01/Oct/2020:07:11:21 +0800] "POST /xingrg/kc/base/stock_operate.html HTTP/1.1" 200 1465
117.131.5.26 - - [01/Oct/2020:07:11:29 +0800] "GET /xingrg/all/function/internal_message.html?_=1601507786311&CODE_STATE=getMsg HTTP/1.1" 200 27
58.40.7.146 - - [01/Oct/2020:07:11:35 +0800] "GET /xingrg/all/function/internal_message.html?_=1601507496398&CODE_STATE=getMsg HTTP/1.1" 200 27
218.81.217.115 - - [01/Oct/2020:07:11:38 +0800] "GET /xingrg/all/function/internal_message.html?_=1601507526816&CODE_STATE=getMsg HTTP/1.1" 200 27
114.88.166.242 - - [01/Oct/2020:07:11:39 +0800] "GET /xingrg/all/function/internal_message.html?_=1601507497002&CODE_STATE=getMsg HTTP/1.1" 200 27
116.232.51.57 - - [01/Oct/2020:07:11:41 +0800] "GET /xingrg/all/function/internal_message.html?_=1601507471310&CODE_STATE=getMsg HTTP/1.1" 302 -
58.37.8.227 - - [01/Oct/2020:07:11:47 +0800] "GET /xingrg/all/function/internal_message.html?_=1601507507663&CODE_STATE=getMsg HTTP/1.1" 200 27
114.88.166.242 - - [01/Oct/2020:07:11:50 +0800] "GET /xingrg/check_reg.html?_=1601507504365 HTTP/1.1" 302 -
114.88.166.242 - - [01/Oct/2020:07:11:50 +0800] "GET /xingrg/all/function/internal_message.html?_=1601507504366&CODE_STATE=getMsg HTTP/1.1" 302 -
117.185.32.26 - - [01/Oct/2020:07:11:52 +0800] "GET /xingrg/all/function/internal_message.html?_=1601507510828&CODE_STATE=getMsg HTTP/1.1" 200 27
116.238.71.30 - - [01/Oct/2020:07:11:58 +0800] "GET /xingrg/all/function/internal_message.html?_=1601507519004&CODE_STATE=getMsg HTTP/1.1" 200 27
117.185.32.26 - - [01/Oct/2020:07:12:07 +0800] "GET /xingrg/check_reg.html?_=1601507526059 HTTP/1.1" 200 22
120.253.135.82 - - [01/Oct/2020:07:12:13 +0800] "POST /xingrg/kc/base/stock_operate.html HTTP/1.1" 200 1701
117.131.5.26 - - [01/Oct/2020:07:12:20 +0800] "GET /xingrg/check_reg.html?_=1601507837269 HTTP/1.1" 200 22
117.131.5.26 - - [01/Oct/2020:07:12:29 +0800] "GET /xingrg/all/function/internal_message.html?_=1601507846313&CODE_STATE=getMsg HTTP/1.1" 200 27
58.40.7.146 - - [01/Oct/2020:07:12:35 +0800] "GET /xingrg/all/function/internal_message.html?_=1601507556384&CODE_STATE=getMsg HTTP/1.1" 200 27
218.81.217.115 - - [01/Oct/2020:07:12:38 +0800] "GET /xingrg/all/function/internal_message.html?_=1601507586847&CODE_STATE=getMsg HTTP/1.1" 200 27
120.253.135.82 - - [01/Oct/2020:07:12:38 +0800] "GET /xingrg/check_reg.html?_=1601507308503 HTTP/1.1" 200 22
114.88.166.242 - - [01/Oct/2020:07:12:39 +0800] "GET /xingrg/all/function/internal_message.html?_=1601507557012&CODE_STATE=getMsg HTTP/1.1" 200 27
116.232.51.57 - - [01/Oct/2020:07:12:41 +0800] "GET /xingrg/all/function/internal_message.html?_=1601507531317&CODE_STATE=getMsg HTTP/1.1" 302 -
120.253.135.82 - - [01/Oct/2020:07:12:46 +0800] "POST /xingrg/kc/base/stock_operate.html HTTP/1.1" 200 1449
58.37.8.227 - - [01/Oct/2020:07:12:47 +0800] "GET /xingrg/all/function/internal_message.html?_=1601507567662&CODE_STATE=getMsg HTTP/1.1" 200 27
58.37.8.227 - - [01/Oct/2020:07:12:47 +0800] "GET /xingrg/check_reg.html?_=1601507567661 HTTP/1.1" 200 22
114.88.166.242 - - [01/Oct/2020:07:12:50 +0800] "GET /xingrg/all/function/internal_message.html?_=1601507564364&CODE_STATE=getMsg HTTP/1.1" 302 -
117.185.32.26 - - [01/Oct/2020:07:12:52 +0800] "GET /xingrg/all/function/internal_message.html?_=1601507570799&CODE_STATE=getMsg HTTP/1.1" 200 27
120.204.17.72 - - [01/Oct/2020:07:12:52 +0800] "GET /xingrg/all/function/internal_message.html?_=1601507510828&CODE_STATE=getMsg HTTP/1.1" 302 -
120.204.17.72 - - [01/Oct/2020:07:12:53 +0800] "GET /xingrg/login.html HTTP/1.1" 200 7641
116.238.71.30 - - [01/Oct/2020:07:12:58 +0800] "GET /xingrg/all/function/internal_message.html?_=1601507579007&CODE_STATE=getMsg HTTP/1.1" 200 27
120.253.135.82 - - [01/Oct/2020:07:13:14 +0800] "POST /xingrg/kc/base/stock_operate.html HTTP/1.1" 200 1724
218.81.217.115 - - [01/Oct/2020:07:13:28 +0800] "GET /xingrg/check_reg.html?_=1601507636353 HTTP/1.1" 200 22
117.131.5.26 - - [01/Oct/2020:07:13:29 +0800] "GET /xingrg/all/function/internal_message.html?_=1601507906327&CODE_STATE=getMsg HTTP/1.1" 200 27
58.40.7.146 - - [01/Oct/2020:07:13:35 +0800] "GET /xingrg/all/function/internal_message.html?_=1601507616369&CODE_STATE=getMsg HTTP/1.1" 200 27
120.253.135.82 - - [01/Oct/2020:07:13:38 +0800] "POST /xingrg/kc/base/stock_operate.html HTTP/1.1" 200 1990
218.81.217.115 - - [01/Oct/2020:07:13:38 +0800] "GET /xingrg/all/function/internal_message.html?_=1601507646860&CODE_STATE=getMsg HTTP/1.1" 200 27
114.88.166.242 - - [01/Oct/2020:07:13:39 +0800] "GET /xingrg/all/function/internal_message.html?_=1601507617075&CODE_STATE=getMsg HTTP/1.1" 200 27
116.232.51.57 - - [01/Oct/2020:07:13:41 +0800] "GET /xingrg/all/function/internal_message.html?_=1601507591303&CODE_STATE=getMsg HTTP/1.1" 302 -
58.40.7.146 - - [01/Oct/2020:07:13:46 +0800] "GET /xingrg/check_reg.html?_=1601507627699 HTTP/1.1" 200 22
58.37.8.227 - - [01/Oct/2020:07:13:47 +0800] "GET /xingrg/all/function/internal_message.html?_=1601507627686&CODE_STATE=getMsg HTTP/1.1" 200 27
61.129.6.227 - - [01/Oct/2020:07:13:49 +0800] "GET /xingrg/all/function/internal_message.html?_=1601507567662&CODE_STATE=getMsg HTTP/1.1" 302 -
114.88.166.242 - - [01/Oct/2020:07:13:50 +0800] "GET /xingrg/all/function/internal_message.html?_=1601507624364&CODE_STATE=getMsg HTTP/1.1" 302 -
61.129.6.227 - - [01/Oct/2020:07:13:51 +0800] "GET /xingrg/login.html HTTP/1.1" 200 7641
117.185.32.26 - - [01/Oct/2020:07:13:52 +0800] "GET /xingrg/all/function/internal_message.html?_=1601507630772&CODE_STATE=getMsg HTTP/1.1" 200 27
116.238.71.30 - - [01/Oct/2020:07:13:58 +0800] "GET /xingrg/all/function/internal_message.html?_=1601507638993&CODE_STATE=getMsg HTTP/1.1" 200 27
114.88.166.242 - - [01/Oct/2020:07:14:06 +0800] "GET /xingrg/check_reg.html?_=1601507643968 HTTP/1.1" 200 22
120.253.135.82 - - [01/Oct/2020:07:14:16 +0800] "POST /xingrg/kc/base/stock_operate.html HTTP/1.1" 200 1713
117.131.5.26 - - [01/Oct/2020:07:14:29 +0800] "GET /xingrg/all/function/internal_message.html?_=1601507966354&CODE_STATE=getMsg HTTP/1.1" 200 27
58.40.7.146 - - [01/Oct/2020:07:14:35 +0800] "GET /xingrg/all/function/internal_message.html?_=1601507676342&CODE_STATE=getMsg HTTP/1.1" 200 27
172.17.0.185 - - [01/Oct/2020:07:14:36 +0800] "GET /xingrg/check_reg.html?_=1601507675504 HTTP/1.1" 302 -
120.253.135.82 - - [01/Oct/2020:07:14:36 +0800] "POST /xingrg/kc/base/stock_operate.html HTTP/1.1" 200 1721
218.81.217.115 - - [01/Oct/2020:07:14:38 +0800] "GET /xingrg/all/function/internal_message.html?_=1601507706874&CODE_STATE=getMsg HTTP/1.1" 200 27
114.88.166.242 - - [01/Oct/2020:07:14:39 +0800] "GET /xingrg/all/function/internal_message.html?_=1601507677085&CODE_STATE=getMsg HTTP/1.1" 200 27
116.232.51.57 - - [01/Oct/2020:07:14:41 +0800] "GET /xingrg/all/function/internal_message.html?_=1601507651303&CODE_STATE=getMsg HTTP/1.1" 302 -
58.37.8.227 - - [01/Oct/2020:07:14:47 +0800] "GET /xingrg/all/function/internal_message.html?_=1601507687684&CODE_STATE=getMsg HTTP/1.1" 200 27
114.88.166.242 - - [01/Oct/2020:07:14:50 +0800] "GET /xingrg/all/function/internal_message.html?_=1601507684362&CODE_STATE=getMsg HTTP/1.1" 302 -
117.185.32.26 - - [01/Oct/2020:07:14:52 +0800] "GET /xingrg/all/function/internal_message.html?_=1601507690751&CODE_STATE=getMsg HTTP/1.1" 200 27
116.238.71.30 - - [01/Oct/2020:07:14:58 +0800] "GET /xingrg/all/function/internal_message.html?_=1601507698996&CODE_STATE=getMsg HTTP/1.1" 200 27
120.253.135.82 - - [01/Oct/2020:07:14:58 +0800] "POST /xingrg/kc/base/stock_operate.html HTTP/1.1" 200 1451
120.253.135.82 - - [01/Oct/2020:07:15:28 +0800] "POST /xingrg/kc/base/stock_operate.html HTTP/1.1" 200 1477
117.131.5.26 - - [01/Oct/2020:07:15:29 +0800] "GET /xingrg/all/function/internal_message.html?_=1601508026369&CODE_STATE=getMsg HTTP/1.1" 200 27
58.40.7.146 - - [01/Oct/2020:07:15:35 +0800] "GET /xingrg/all/function/internal_message.html?_=1601507736330&CODE_STATE=getMsg HTTP/1.1" 200 27
218.81.217.115 - - [01/Oct/2020:07:15:39 +0800] "GET /xingrg/all/function/internal_message.html?_=1601507766918&CODE_STATE=getMsg HTTP/1.1" 200 27
114.88.166.242 - - [01/Oct/2020:07:15:39 +0800] "GET /xingrg/all/function/internal_message.html?_=1601507737100&CODE_STATE=getMsg HTTP/1.1" 200 27
116.232.51.57 - - [01/Oct/2020:07:15:41 +0800] "GET /xingrg/all/function/internal_message.html?_=1601507711312&CODE_STATE=getMsg HTTP/1.1" 302 -
116.232.51.57 - - [01/Oct/2020:07:15:41 +0800] "GET /xingrg/check_reg.html?_=1601507711316 HTTP/1.1" 302 -
120.253.135.82 - - [01/Oct/2020:07:15:46 +0800] "POST /xingrg/kc/base/stock_operate.html HTTP/1.1" 200 1476
58.37.8.227 - - [01/Oct/2020:07:15:47 +0800] "GET /xingrg/all/function/internal_message.html?_=1601507747683&CODE_STATE=getMsg HTTP/1.1" 200 27
114.88.166.242 - - [01/Oct/2020:07:15:51 +0800] "GET /xingrg/all/function/internal_message.html?_=1601507744365&CODE_STATE=getMsg HTTP/1.1" 302 -
117.185.32.26 - - [01/Oct/2020:07:15:52 +0800] "GET /xingrg/all/function/internal_message.html?_=1601507750719&CODE_STATE=getMsg HTTP/1.1" 200 27
116.238.71.30 - - [01/Oct/2020:07:15:58 +0800] "GET /xingrg/all/function/internal_message.html?_=1601507759002&CODE_STATE=getMsg HTTP/1.1" 200 27
116.238.71.30 - - [01/Oct/2020:07:15:58 +0800] "GET /xingrg/check_reg.html?_=1601507759004 HTTP/1.1" 200 22
183.192.164.97 - - [01/Oct/2020:07:15:59 +0800] "GET /xingrg/all/function/internal_message.html?_=1601507690751&CODE_STATE=getMsg HTTP/1.1" 302 -
183.192.164.97 - - [01/Oct/2020:07:16:02 +0800] "GET /xingrg/login.html HTTP/1.1" 200 7641
117.131.5.26 - - [01/Oct/2020:07:16:29 +0800] "GET /xingrg/all/function/internal_message.html?_=1601508086393&CODE_STATE=getMsg HTTP/1.1" 200 27
58.40.7.146 - - [01/Oct/2020:07:16:35 +0800] "GET /xingrg/all/function/internal_message.html?_=1601507796318&CODE_STATE=getMsg HTTP/1.1" 200 27
218.81.217.115 - - [01/Oct/2020:07:16:39 +0800] "GET /xingrg/all/function/internal_message.html?_=1601507826931&CODE_STATE=getMsg HTTP/1.1" 200 27
114.88.166.242 - - [01/Oct/2020:07:16:39 +0800] "GET /xingrg/all/function/internal_message.html?_=1601507797163&CODE_STATE=getMsg HTTP/1.1" 200 27
116.232.51.57 - - [01/Oct/2020:07:16:41 +0800] "GET /xingrg/all/function/internal_message.html?_=1601507771307&CODE_STATE=getMsg HTTP/1.1" 302 -
58.37.8.227 - - [01/Oct/2020:07:16:47 +0800] "GET /xingrg/all/function/internal_message.html?_=1601507807681&CODE_STATE=getMsg HTTP/1.1" 200 27
