114.88.166.242 - - [29/Sep/2020:09:17:26 +0800] "GET /xingrg/kc/buy/cgsh_order_operate.html?command=get_materiel&rest_code=00111&code=00101018011&supplier_code=00100012&order_time=2020-09-29 HTTP/1.1" 200 415
222.69.130.39 - - [29/Sep/2020:09:17:28 +0800] "GET /xingrg/all/function/internal_message.html?_=1601342245329&CODE_STATE=getMsg HTTP/1.1" 200 27
124.77.70.31 - - [29/Sep/2020:09:17:30 +0800] "GET /xingrg/all/function/internal_message.html?_=1601342248792&CODE_STATE=getMsg HTTP/1.1" 200 27
218.81.217.115 - - [29/Sep/2020:09:17:30 +0800] "GET /xingrg/all/function/internal_message.html?_=1601342268628&CODE_STATE=getMsg HTTP/1.1" 200 27
180.157.253.48 - - [29/Sep/2020:09:17:30 +0800] "POST /xingrg/kc/buy/cgsh_order_operate.html HTTP/1.1" 200 2065
180.174.56.115 - - [29/Sep/2020:09:17:31 +0800] "GET /xingrg/kc/buy/cgsh_order_operate.html?command=get_materiel&rest_code=00151&code=00101006013&supplier_code=00100012&order_time=2020-09-29 HTTP/1.1" 200 409
114.88.166.242 - - [29/Sep/2020:09:17:33 +0800] "POST /xingrg/kc/buy/cgsh_order_operate.html HTTP/1.1" 200 37
101.85.228.253 - - [29/Sep/2020:09:17:33 +0800] "GET /xingrg/kc/print/load_data.html?order_code=212020092912820&kc_code=cgsh&condition= HTTP/1.1" 200 1851
114.88.166.242 - - [29/Sep/2020:09:17:34 +0800] "POST /xingrg/kc/buy/cgsh_order_operate.html HTTP/1.1" 200 8606
180.174.56.115 - - [29/Sep/2020:09:17:34 +0800] "GET /xingrg/kc/buy/cgsh_order_operate.html?command=get_materiel&rest_code=00150&code=00101008221&supplier_code=00100007&order_time=2020-09-29 HTTP/1.1" 200 412
114.88.166.242 - - [29/Sep/2020:09:17:35 +0800] "GET /xingrg/kc/print/load_config.html?kc_code=cgsh HTTP/1.1" 200 1845
114.88.166.242 - - [29/Sep/2020:09:17:35 +0800] "GET /xingrg/kc/print/load_data.html?order_code=212020092912821&kc_code=cgsh&condition= HTTP/1.1" 200 3024
180.157.253.48 - - [29/Sep/2020:09:17:36 +0800] "GET /xingrg/kc/buy/cgsh_order_operate.html?command=get_materiel&rest_code=00148&code=00101009011&supplier_code=00100007&order_time=2020-09-29 HTTP/1.1" 200 416
180.174.56.115 - - [29/Sep/2020:09:17:37 +0800] "POST /xingrg/kc/buy/cgsh_order_operate.html HTTP/1.1" 200 2065
101.85.228.253 - - [29/Sep/2020:09:17:40 +0800] "GET /xingrg/all/function/internal_message.html?_=1601342472561&CODE_STATE=getMsg HTTP/1.1" 200 27
114.88.166.242 - - [29/Sep/2020:09:17:40 +0800] "GET /xingrg/all/function/internal_message.html?_=1601342257900&CODE_STATE=getMsg HTTP/1.1" 200 27
58.40.7.146 - - [29/Sep/2020:09:17:41 +0800] "GET /xingrg/all/function/internal_message.html?_=1601342259505&CODE_STATE=getMsg HTTP/1.1" 200 27
58.40.7.146 - - [29/Sep/2020:09:17:41 +0800] "GET /xingrg/check_reg.html?_=1601342259507 HTTP/1.1" 200 22
124.77.70.31 - - [29/Sep/2020:09:17:41 +0800] "GET /xingrg/kc/buy/cgsh_order_add.html HTTP/1.1" 200 60026
124.77.70.31 - - [29/Sep/2020:09:17:42 +0800] "POST /xingrg/kc/buy/cgsh_order_operate.html HTTP/1.1" 200 8245
124.77.70.31 - - [29/Sep/2020:09:17:42 +0800] "GET /xingrg/javascript/easyui/themes/default/validatebox.css HTTP/1.1" 404 1104
180.174.56.115 - - [29/Sep/2020:09:17:42 +0800] "GET /xingrg/kc/buy/cgsh_order_operate.html?command=get_materiel&rest_code=00150&code=00101008110&supplier_code=00100007&order_time=2020-09-29 HTTP/1.1" 200 408
180.174.56.115 - - [29/Sep/2020:09:17:43 +0800] "GET /xingrg/kc/buy/cgsh_order_operate.html?command=get_materiel&rest_code=00151&code=00101006058&supplier_code=00100012&order_time=2020-09-29 HTTP/1.1" 200 413
124.77.70.31 - - [29/Sep/2020:09:17:44 +0800] "GET /xingrg/javascript/easyui/themes/default/tree.css HTTP/1.1" 404 1090
124.77.70.31 - - [29/Sep/2020:09:17:44 +0800] "POST /xingrg/all/common/load_tree.html?tree=supplier_tree_json&isDelete=1 HTTP/1.1" 200 50541
180.157.253.48 - - [29/Sep/2020:09:17:44 +0800] "GET /xingrg/kc/buy/cgsh_order_operate.html?command=get_materiel&rest_code=00148&code=00101008114&supplier_code=00100007&order_time=2020-09-29 HTTP/1.1" 200 412
172.17.200.101 - - [29/Sep/2020:09:17:47 +0800] "GET /xingrg/all/function/internal_message.html?_=1601342266893&CODE_STATE=getMsg HTTP/1.1" 200 27
180.157.253.48 - - [29/Sep/2020:09:17:50 +0800] "GET /xingrg/kc/buy/cgsh_order_operate.html?command=get_materiel&rest_code=00148&code=00101008236&supplier_code=00100007&order_time=2020-09-29 HTTP/1.1" 200 417
172.17.0.101 - - [29/Sep/2020:09:17:51 +0800] "GET /xingrg/all/function/internal_message.html?_=1601342278982&CODE_STATE=getMsg HTTP/1.1" 200 27
180.162.245.190 - - [29/Sep/2020:09:17:52 +0800] "GET /xingrg/all/function/internal_message.html?_=1601342271303&CODE_STATE=getMsg HTTP/1.1" 200 27
180.174.56.115 - - [29/Sep/2020:09:17:53 +0800] "GET /xingrg/kc/buy/cgsh_order_operate.html?command=get_materiel&rest_code=00150&code=00101008101&supplier_code=00100007&order_time=2020-09-29 HTTP/1.1" 200 412
180.157.253.48 - - [29/Sep/2020:09:17:57 +0800] "GET /xingrg/kc/buy/cgsh_order_operate.html?command=get_materiel&rest_code=00148&code=00101009062&supplier_code=00100007&order_time=2020-09-29 HTTP/1.1" 200 412
172.17.0.100 - - [29/Sep/2020:09:17:58 +0800] "GET /xingrg/all/function/internal_message.html?_=1601342275849&CODE_STATE=getMsg HTTP/1.1" 200 27
124.77.70.31 - - [29/Sep/2020:09:17:59 +0800] "GET /xingrg/all/function/internal_message.html?_=1601342279515&CODE_STATE=getMsg HTTP/1.1" 200 27
58.37.8.227 - - [29/Sep/2020:09:18:01 +0800] "GET /xingrg/check_reg.html?_=1601342276183 HTTP/1.1" 200 22
101.85.228.253 - - [29/Sep/2020:09:18:01 +0800] "GET /xingrg/kc/base/wldb_order_list.html HTTP/1.1" 200 19378
172.17.0.123 - - [29/Sep/2020:09:18:02 +0800] "GET /xingrg/all/function/internal_message.html?_=1601342271165&CODE_STATE=getMsg HTTP/1.1" 200 27
101.85.228.253 - - [29/Sep/2020:09:18:02 +0800] "POST /xingrg/kc/base/wldb_list_operate.html HTTP/1.1" 200 928
218.81.217.115 - - [29/Sep/2020:09:18:03 +0800] "GET /xingrg/all/function/internal_message.html?_=1601342286859&CODE_STATE=getMsg HTTP/1.1" 200 27
101.85.228.253 - - [29/Sep/2020:09:18:04 +0800] "GET /xingrg/kc/base/wldb_order_add.html HTTP/1.1" 200 30486
101.85.228.253 - - [29/Sep/2020:09:18:04 +0800] "POST /xingrg/kc/base/wldb_order_operate.html HTTP/1.1" 200 6806
180.174.56.115 - - [29/Sep/2020:09:18:05 +0800] "GET /xingrg/kc/buy/cgsh_order_operate.html?command=get_materiel&rest_code=00150&code=00101008298&supplier_code=00100007&order_time=2020-09-29 HTTP/1.1" 200 412
101.85.228.253 - - [29/Sep/2020:09:18:05 +0800] "GET /xingrg/all/common/auto_word.html?type=base&rest_code=00102 HTTP/1.1" 200 1653
101.85.228.253 - - [29/Sep/2020:09:18:05 +0800] "GET /xingrg/all/common/auto_word.html?type=base&rest_code=00102 HTTP/1.1" 200 1653
101.85.228.253 - - [29/Sep/2020:09:18:05 +0800] "GET /xingrg/javascript/easyui/themes/default/validatebox.css HTTP/1.1" 404 1104
101.85.228.253 - - [29/Sep/2020:09:18:06 +0800] "POST /xingrg/all/common/load_combo.html?type=base HTTP/1.1" 200 2966
180.157.253.48 - - [29/Sep/2020:09:18:08 +0800] "GET /xingrg/kc/buy/cgsh_order_operate.html?command=get_materiel&rest_code=00148&code=00101008036&supplier_code=00100007&order_time=2020-09-29 HTTP/1.1" 200 408
114.88.166.242 - - [29/Sep/2020:09:18:08 +0800] "GET /xingrg/kc/buy/cgsh_order_add.html HTTP/1.1" 200 59938
180.174.56.115 - - [29/Sep/2020:09:18:09 +0800] "GET /xingrg/kc/buy/cgsh_order_operate.html?command=get_materiel&rest_code=00151&code=00101006109&supplier_code=00100012&order_time=2020-09-29 HTTP/1.1" 200 409
114.88.166.242 - - [29/Sep/2020:09:18:09 +0800] "GET /xingrg/all/function/internal_message.html?_=1601255884146&CODE_STATE=getMsg HTTP/1.1" 200 27
114.88.166.242 - - [29/Sep/2020:09:18:09 +0800] "POST /xingrg/kc/buy/cgsh_order_operate.html HTTP/1.1" 200 8245
114.88.166.242 - - [29/Sep/2020:09:18:09 +0800] "GET /xingrg/javascript/easyui/themes/default/validatebox.css HTTP/1.1" 404 1104
114.88.166.242 - - [29/Sep/2020:09:18:09 +0800] "GET /xingrg/all/function/internal_message.html?_=1601342363474&CODE_STATE=getMsg HTTP/1.1" 200 27
180.157.253.48 - - [29/Sep/2020:09:18:10 +0800] "POST /xingrg/kc/buy/cgsh_order_operate.html HTTP/1.1" 200 2065
180.174.56.115 - - [29/Sep/2020:09:18:13 +0800] "GET /xingrg/all/function/internal_message.html?_=1601342400298&CODE_STATE=getMsg HTTP/1.1" 200 27
101.85.228.253 - - [29/Sep/2020:09:18:14 +0800] "GET /xingrg/kc/base/wldb_order_operate.html?command=get_materiel&rest_code=00102&base_code=0010476&code=00101013082 HTTP/1.1" 200 432
180.157.253.48 - - [29/Sep/2020:09:18:14 +0800] "GET /xingrg/kc/buy/cgsh_order_operate.html?command=get_materiel&rest_code=00148&code=00101008350&supplier_code=00100007&order_time=2020-09-29 HTTP/1.1" 200 408
180.157.253.48 - - [29/Sep/2020:09:18:15 +0800] "GET /xingrg/all/function/internal_message.html?_=1601342297415&CODE_STATE=getMsg HTTP/1.1" 200 27
114.88.166.242 - - [29/Sep/2020:09:18:15 +0800] "GET /xingrg/kc/buy/cgsh_order_operate.html?command=get_materiel&rest_code=00111&code=00101007061&supplier_code=00100004&order_time=2020-09-29 HTTP/1.1" 200 409
124.77.70.31 - - [29/Sep/2020:09:18:15 +0800] "GET /xingrg/kc/buy/cgsh_order_operate.html?command=get_materiel&rest_code=00107&code=00101016100&supplier_code=00100033&order_time=2020-09-29 HTTP/1.1" 200 412
101.85.228.253 - - [29/Sep/2020:09:18:17 +0800] "GET /xingrg/javascript/jquery_easy_ui/themes/default/images/tabs_active.png HTTP/1.1" 304 -
180.174.56.115 - - [29/Sep/2020:09:18:18 +0800] "POST /xingrg/kc/buy/cgsh_order_operate.html HTTP/1.1" 200 37
180.174.56.115 - - [29/Sep/2020:09:18:19 +0800] "POST /xingrg/kc/buy/cgsh_order_operate.html HTTP/1.1" 200 15658
180.157.253.48 - - [29/Sep/2020:09:18:20 +0800] "GET /xingrg/kc/buy/cgsh_order_operate.html?command=get_materiel&rest_code=00148&code=00101008261&supplier_code=00100007&order_time=2020-09-29 HTTP/1.1" 200 408
180.174.56.115 - - [29/Sep/2020:09:18:21 +0800] "GET /xingrg/all/function/internal_message.html?_=1601342300179&CODE_STATE=getMsg HTTP/1.1" 200 27
180.174.56.115 - - [29/Sep/2020:09:18:21 +0800] "GET /xingrg/check_reg.html?_=1601342300254 HTTP/1.1" 200 22
114.88.166.242 - - [29/Sep/2020:09:18:22 +0800] "GET /xingrg/kc/buy/cgsh_order_operate.html?command=get_materiel&rest_code=00111&code=00101007059&supplier_code=00100004&order_time=2020-09-29 HTTP/1.1" 200 409
218.81.217.115 - - [29/Sep/2020:09:18:24 +0800] "GET /favicon.ico HTTP/1.1" 404 -
116.232.53.21 - - [29/Sep/2020:09:18:25 +0800] "POST /xingrg/kc/buy/cgsh_order_operate.html HTTP/1.1" 200 28728
218.81.217.115 - - [29/Sep/2020:09:18:25 +0800] "GET /favicon.ico HTTP/1.1" 404 -
218.81.217.115 - - [29/Sep/2020:09:18:25 +0800] "GET /favicon.ico HTTP/1.1" 404 -
218.81.217.115 - - [29/Sep/2020:09:18:26 +0800] "GET /favicon.ico HTTP/1.1" 404 -
218.81.217.115 - - [29/Sep/2020:09:18:27 +0800] "GET /favicon.ico HTTP/1.1" 404 -
218.81.217.115 - - [29/Sep/2020:09:18:27 +0800] "GET /favicon.ico HTTP/1.1" 404 -
114.88.166.242 - - [29/Sep/2020:09:18:27 +0800] "POST /xingrg/kc/buy/cgsh_order_operate.html HTTP/1.1" 200 37
222.69.130.39 - - [29/Sep/2020:09:18:28 +0800] "GET /xingrg/all/function/internal_message.html?_=1601342305332&CODE_STATE=getMsg HTTP/1.1" 200 27
218.81.217.115 - - [29/Sep/2020:09:18:28 +0800] "GET /favicon.ico HTTP/1.1" 404 -
114.88.166.242 - - [29/Sep/2020:09:18:28 +0800] "POST /xingrg/kc/buy/cgsh_order_operate.html HTTP/1.1" 200 3242
218.81.217.115 - - [29/Sep/2020:09:18:29 +0800] "GET /favicon.ico HTTP/1.1" 404 -
218.81.217.115 - - [29/Sep/2020:09:18:29 +0800] "GET /favicon.ico HTTP/1.1" 404 -
114.88.166.242 - - [29/Sep/2020:09:18:29 +0800] "GET /xingrg/kc/print/load_data.html?order_code=212020092912823&kc_code=cgsh&condition= HTTP/1.1" 200 945
124.77.70.31 - - [29/Sep/2020:09:18:29 +0800] "GET /xingrg/all/function/internal_message.html?_=1601342308777&CODE_STATE=getMsg HTTP/1.1" 200 27
218.81.217.115 - - [29/Sep/2020:09:18:30 +0800] "GET /favicon.ico HTTP/1.1" 404 -
218.81.217.115 - - [29/Sep/2020:09:18:30 +0800] "GET /xingrg/all/function/internal_message.html?_=1601342328637&CODE_STATE=getMsg HTTP/1.1" 200 27
218.81.217.115 - - [29/Sep/2020:09:18:30 +0800] "GET /favicon.ico HTTP/1.1" 404 -
180.157.253.48 - - [29/Sep/2020:09:18:30 +0800] "GET /xingrg/kc/buy/cgsh_order_operate.html?command=get_materiel&rest_code=00148&code=00101008358&supplier_code=00100007&order_time=2020-09-29 HTTP/1.1" 200 412
218.81.217.115 - - [29/Sep/2020:09:18:31 +0800] "GET /favicon.ico HTTP/1.1" 404 -
218.81.217.115 - - [29/Sep/2020:09:18:32 +0800] "GET /favicon.ico HTTP/1.1" 404 -
218.81.217.115 - - [29/Sep/2020:09:18:32 +0800] "GET /favicon.ico HTTP/1.1" 404 -
218.81.217.115 - - [29/Sep/2020:09:18:33 +0800] "GET /favicon.ico HTTP/1.1" 404 -
218.81.217.115 - - [29/Sep/2020:09:18:33 +0800] "GET /favicon.ico HTTP/1.1" 404 -
116.232.53.21 - - [29/Sep/2020:09:18:34 +0800] "GET /xingrg/kc/buy/cgsh_order_operate.html?command=get_materiel&rest_code=00109&code=00101013179&supplier_code=00100005&order_time=2020-09-29 HTTP/1.1" 200 412
218.81.217.115 - - [29/Sep/2020:09:18:34 +0800] "GET /favicon.ico HTTP/1.1" 404 -
218.81.217.115 - - [29/Sep/2020:09:18:35 +0800] "GET /favicon.ico HTTP/1.1" 404 -
218.81.217.115 - - [29/Sep/2020:09:18:35 +0800] "GET /favicon.ico HTTP/1.1" 404 -
218.81.217.115 - - [29/Sep/2020:09:18:36 +0800] "GET /favicon.ico HTTP/1.1" 404 -
218.81.217.115 - - [29/Sep/2020:09:18:36 +0800] "GET /favicon.ico HTTP/1.1" 404 -
218.81.217.115 - - [29/Sep/2020:09:18:37 +0800] "GET /favicon.ico HTTP/1.1" 404 -
218.81.217.115 - - [29/Sep/2020:09:18:38 +0800] "GET /favicon.ico HTTP/1.1" 404 -
218.81.217.115 - - [29/Sep/2020:09:18:38 +0800] "GET /favicon.ico HTTP/1.1" 404 -
218.81.217.115 - - [29/Sep/2020:09:18:39 +0800] "GET /favicon.ico HTTP/1.1" 404 -
218.81.217.115 - - [29/Sep/2020:09:18:40 +0800] "GET /favicon.ico HTTP/1.1" 404 -
218.81.217.115 - - [29/Sep/2020:09:18:40 +0800] "GET /favicon.ico HTTP/1.1" 404 -
58.40.7.146 - - [29/Sep/2020:09:18:41 +0800] "GET /xingrg/all/function/internal_message.html?_=1601342319494&CODE_STATE=getMsg HTTP/1.1" 200 27
101.85.228.253 - - [29/Sep/2020:09:18:41 +0800] "GET /xingrg/all/function/internal_message.html?_=1601342533122&CODE_STATE=getMsg HTTP/1.1" 200 27
114.88.166.242 - - [29/Sep/2020:09:18:41 +0800] "GET /xingrg/all/function/internal_message.html?_=1601342318099&CODE_STATE=getMsg HTTP/1.1" 200 27
218.81.217.115 - - [29/Sep/2020:09:18:41 +0800] "GET /favicon.ico HTTP/1.1" 404 -
218.81.217.115 - - [29/Sep/2020:09:18:41 +0800] "GET /favicon.ico HTTP/1.1" 404 -
218.81.217.115 - - [29/Sep/2020:09:18:42 +0800] "GET /favicon.ico HTTP/1.1" 404 -
218.81.217.115 - - [29/Sep/2020:09:18:43 +0800] "GET /favicon.ico HTTP/1.1" 404 -
218.81.217.115 - - [29/Sep/2020:09:18:43 +0800] "GET /favicon.ico HTTP/1.1" 404 -
116.232.53.21 - - [29/Sep/2020:09:18:43 +0800] "GET /xingrg/kc/buy/cgsh_order_operate.html?command=get_materiel&rest_code=00109&code=00101015012&supplier_code=00100005&order_time=2020-09-29 HTTP/1.1" 200 412
180.157.253.48 - - [29/Sep/2020:09:18:44 +0800] "GET /xingrg/kc/buy/cgsh_order_operate.html?command=get_materiel&rest_code=00148&code=00101008372&supplier_code=00100007&order_time=2020-09-29 HTTP/1.1" 200 408
218.81.217.115 - - [29/Sep/2020:09:18:44 +0800] "GET /favicon.ico HTTP/1.1" 404 -
218.81.217.115 - - [29/Sep/2020:09:18:44 +0800] "GET /favicon.ico HTTP/1.1" 404 -
218.81.217.115 - - [29/Sep/2020:09:18:45 +0800] "GET /favicon.ico HTTP/1.1" 404 -
218.81.217.115 - - [29/Sep/2020:09:18:46 +0800] "GET /favicon.ico HTTP/1.1" 404 -
218.81.217.115 - - [29/Sep/2020:09:18:46 +0800] "GET /favicon.ico HTTP/1.1" 404 -
124.77.70.31 - - [29/Sep/2020:09:18:46 +0800] "GET /xingrg/kc/buy/cgsh_order_operate.html?command=get_materiel&rest_code=00107&code=00101010248&supplier_code=00100033&order_time=2020-09-29 HTTP/1.1" 200 430
218.81.217.115 - - [29/Sep/2020:09:18:47 +0800] "GET /favicon.ico HTTP/1.1" 404 -
172.17.200.101 - - [29/Sep/2020:09:18:47 +0800] "GET /xingrg/all/function/internal_message.html?_=1601342326879&CODE_STATE=getMsg HTTP/1.1" 200 27
218.81.217.115 - - [29/Sep/2020:09:18:47 +0800] "GET /favicon.ico HTTP/1.1" 404 -
101.85.228.253 - - [29/Sep/2020:09:18:48 +0800] "GET /xingrg/kc/buy/cgsh_order_list.html HTTP/1.1" 200 44200
218.81.217.115 - - [29/Sep/2020:09:18:48 +0800] "GET /favicon.ico HTTP/1.1" 404 -
101.85.228.253 - - [29/Sep/2020:09:18:49 +0800] "POST /xingrg/kc/buy/cgsh_list_operate.html HTTP/1.1" 200 1666
172.17.0.123 - - [29/Sep/2020:09:18:50 +0800] "GET /xingrg/kc/buy/cgsh_order_list.html HTTP/1.1" 200 44435
172.17.0.101 - - [29/Sep/2020:09:18:51 +0800] "GET /xingrg/all/function/internal_message.html?_=1601342338985&CODE_STATE=getMsg HTTP/1.1" 200 27
172.17.0.101 - - [29/Sep/2020:09:18:51 +0800] "GET /xingrg/check_reg.html?_=1601342338989 HTTP/1.1" 200 22
180.174.56.115 - - [29/Sep/2020:09:18:52 +0800] "POST /xingrg/kc/buy/cgsh_order_operate.html HTTP/1.1" 200 37
180.157.253.48 - - [29/Sep/2020:09:18:52 +0800] "GET /xingrg/kc/buy/cgsh_order_operate.html?command=get_materiel&rest_code=00148&code=00101008115&supplier_code=00100007&order_time=2020-09-29 HTTP/1.1" 200 412
116.232.53.21 - - [29/Sep/2020:09:18:52 +0800] "GET /xingrg/kc/buy/cgsh_order_operate.html?command=get_materiel&rest_code=00109&code=00101015068&supplier_code=00100005&order_time=2020-09-29 HTTP/1.1" 200 412
172.17.0.123 - - [29/Sep/2020:09:18:52 +0800] "POST /xingrg/kc/buy/cgsh_list_operate.html HTTP/1.1" 200 876
180.162.245.190 - - [29/Sep/2020:09:18:52 +0800] "GET /xingrg/all/function/internal_message.html?_=1601342331299&CODE_STATE=getMsg HTTP/1.1" 200 27
180.157.253.48 - - [29/Sep/2020:09:18:54 +0800] "POST /xingrg/kc/buy/cgsh_order_operate.html HTTP/1.1" 200 2065
180.174.56.115 - - [29/Sep/2020:09:18:56 +0800] "POST /xingrg/kc/buy/cgsh_order_operate.html HTTP/1.1" 200 12
180.174.56.115 - - [29/Sep/2020:09:18:57 +0800] "GET /xingrg/kc/buy/cgsh_order_info.html?code=212020092912824 HTTP/1.1" 200 54499
180.174.56.115 - - [29/Sep/2020:09:18:58 +0800] "GET /xingrg/javascript/easyui/themes/default/validatebox.css HTTP/1.1" 404 1104
180.174.56.115 - - [29/Sep/2020:09:18:58 +0800] "POST /xingrg/kc/buy/cgsh_order_operate.html HTTP/1.1" 200 4208
172.17.0.100 - - [29/Sep/2020:09:18:58 +0800] "GET /xingrg/check_reg.html?_=1601342335887 HTTP/1.1" 200 22
172.17.0.100 - - [29/Sep/2020:09:18:58 +0800] "GET /xingrg/all/function/internal_message.html?_=1601342335884&CODE_STATE=getMsg HTTP/1.1" 200 27
180.157.253.48 - - [29/Sep/2020:09:18:58 +0800] "GET /xingrg/kc/buy/cgsh_order_operate.html?command=get_materiel&rest_code=00148&code=00101008137&supplier_code=00100007&order_time=2020-09-29 HTTP/1.1" 200 408
116.232.53.21 - - [29/Sep/2020:09:18:58 +0800] "GET /xingrg/all/function/internal_message.html?_=1601342384157&CODE_STATE=getMsg HTTP/1.1" 200 27
116.232.53.21 - - [29/Sep/2020:09:18:58 +0800] "GET /xingrg/check_reg.html?_=1601342384157 HTTP/1.1" 200 22
116.232.53.21 - - [29/Sep/2020:09:18:59 +0800] "GET /xingrg/kc/buy/cgsh_order_operate.html?command=get_materiel&rest_code=00109&code=00101008003&supplier_code=00100005&order_time=2020-09-29 HTTP/1.1" 200 408
124.77.70.31 - - [29/Sep/2020:09:18:59 +0800] "GET /xingrg/all/function/internal_message.html?_=1601342339517&CODE_STATE=getMsg HTTP/1.1" 200 27
180.174.56.115 - - [29/Sep/2020:09:19:00 +0800] "GET /xingrg/kc/print/load_data.html?order_code=212020092912824&kc_code=cgsh&condition= HTTP/1.1" 200 2223
101.85.228.253 - - [29/Sep/2020:09:19:00 +0800] "POST /xingrg/kc/buy/cgsh_list_operate.html HTTP/1.1" 200 5802
116.232.53.21 - - [29/Sep/2020:09:19:01 +0800] "POST /xingrg/kc/buy/cgsh_order_operate.html HTTP/1.1" 200 2065
172.17.0.123 - - [29/Sep/2020:09:19:02 +0800] "POST /xingrg/kc/buy/cgsh_list_operate.html HTTP/1.1" 200 1718
172.17.0.123 - - [29/Sep/2020:09:19:02 +0800] "GET /xingrg/all/function/internal_message.html?_=1601342331172&CODE_STATE=getMsg HTTP/1.1" 200 27
124.77.70.31 - - [29/Sep/2020:09:19:02 +0800] "GET /xingrg/kc/buy/cgsh_order_operate.html?command=get_materiel&rest_code=00107&code=00101012025&supplier_code=00100033&order_time=2020-09-29 HTTP/1.1" 200 412
172.17.0.123 - - [29/Sep/2020:09:19:03 +0800] "POST /xingrg/kc/buy/cgsh_list_operate.html HTTP/1.1" 200 202
218.81.217.115 - - [29/Sep/2020:09:19:03 +0800] "GET /xingrg/all/function/internal_message.html?_=1601342347045&CODE_STATE=getMsg HTTP/1.1" 200 27
116.232.53.21 - - [29/Sep/2020:09:19:04 +0800] "GET /xingrg/kc/buy/cgsh_order_operate.html?command=get_materiel&rest_code=00109&code=00101008356&supplier_code=00100005&order_time=2020-09-29 HTTP/1.1" 200 409
114.88.166.242 - - [29/Sep/2020:09:19:09 +0800] "GET /xingrg/all/function/internal_message.html?_=1601255944146&CODE_STATE=getMsg HTTP/1.1" 200 27
114.88.166.242 - - [29/Sep/2020:09:19:09 +0800] "GET /xingrg/all/function/internal_message.html?_=1601342423454&CODE_STATE=getMsg HTTP/1.1" 200 27
124.77.70.31 - - [29/Sep/2020:09:19:11 +0800] "GET /xingrg/kc/buy/cgsh_order_operate.html?command=get_materiel&rest_code=00107&code=00101016010&supplier_code=00100033&order_time=2020-09-29 HTTP/1.1" 200 408
116.232.53.21 - - [29/Sep/2020:09:19:12 +0800] "GET /xingrg/kc/buy/cgsh_order_operate.html?command=get_materiel&rest_code=00109&code=00101008301&supplier_code=00100005&order_time=2020-09-29 HTTP/1.1" 200 422
180.174.56.115 - - [29/Sep/2020:09:19:13 +0800] "GET /xingrg/all/function/internal_message.html?_=1601342460312&CODE_STATE=getMsg HTTP/1.1" 200 27
172.17.0.123 - - [29/Sep/2020:09:19:13 +0800] "GET /xingrg/kc/buy/cgsh_order_info.html?code=212020090501878 HTTP/1.1" 200 54087
172.17.0.123 - - [29/Sep/2020:09:19:13 +0800] "GET /xingrg/words/20200928181644_words.js HTTP/1.1" 304 -
172.17.0.123 - - [29/Sep/2020:09:19:13 +0800] "GET /xingrg/javascript/easyui/themes/default/validatebox.css HTTP/1.1" 404 1104
172.17.0.123 - - [29/Sep/2020:09:19:14 +0800] "POST /xingrg/kc/buy/cgsh_order_operate.html HTTP/1.1" 200 614
180.157.253.48 - - [29/Sep/2020:09:19:15 +0800] "GET /xingrg/all/function/internal_message.html?_=1601342357612&CODE_STATE=getMsg HTTP/1.1" 200 27
116.232.53.21 - - [29/Sep/2020:09:19:17 +0800] "GET /xingrg/kc/buy/cgsh_order_operate.html?command=get_materiel&rest_code=00109&code=00101008360&supplier_code=00100005&order_time=2020-09-29 HTTP/1.1" 200 413
180.174.56.115 - - [29/Sep/2020:09:19:21 +0800] "GET /xingrg/all/function/internal_message.html?_=1601342360221&CODE_STATE=getMsg HTTP/1.1" 200 27
218.81.217.115 - - [29/Sep/2020:09:19:22 +0800] "GET /favicon.ico HTTP/1.1" 404 -
116.232.53.21 - - [29/Sep/2020:09:19:22 +0800] "GET /xingrg/kc/buy/cgsh_order_operate.html?command=get_materiel&rest_code=00109&code=00101008069&supplier_code=00100005&order_time=2020-09-29 HTTP/1.1" 200 412
116.232.53.21 - - [29/Sep/2020:09:19:27 +0800] "GET /xingrg/kc/buy/cgsh_order_operate.html?command=get_materiel&rest_code=00109&code=00101008006&supplier_code=00100005&order_time=2020-09-29 HTTP/1.1" 200 416
124.77.70.31 - - [29/Sep/2020:09:19:27 +0800] "GET /xingrg/kc/buy/cgsh_order_operate.html?command=get_materiel&rest_code=00107&code=00101016017&supplier_code=00100033&order_time=2020-09-29 HTTP/1.1" 200 408
222.69.130.39 - - [29/Sep/2020:09:19:28 +0800] "GET /xingrg/all/function/internal_message.html?_=1601342365337&CODE_STATE=getMsg HTTP/1.1" 200 27
116.232.53.21 - - [29/Sep/2020:09:19:29 +0800] "POST /xingrg/kc/buy/cgsh_order_operate.html HTTP/1.1" 200 2065
124.77.70.31 - - [29/Sep/2020:09:19:29 +0800] "GET /xingrg/all/function/internal_message.html?_=1601342368749&CODE_STATE=getMsg HTTP/1.1" 200 27
218.81.217.115 - - [29/Sep/2020:09:19:30 +0800] "GET /xingrg/all/function/internal_message.html?_=1601342388999&CODE_STATE=getMsg HTTP/1.1" 200 27
116.232.53.21 - - [29/Sep/2020:09:19:33 +0800] "GET /xingrg/kc/buy/cgsh_order_operate.html?command=get_materiel&rest_code=00109&code=00101008131&supplier_code=00100005&order_time=2020-09-29 HTTP/1.1" 200 408
180.157.253.48 - - [29/Sep/2020:09:19:34 +0800] "GET /xingrg/kc/buy/cgsh_order_operate.html?command=get_materiel&rest_code=00148&code=00101008213&supplier_code=00100007&order_time=2020-09-29 HTTP/1.1" 200 413
116.232.53.21 - - [29/Sep/2020:09:19:38 +0800] "GET /xingrg/kc/buy/cgsh_order_operate.html?command=get_materiel&rest_code=00109&code=00101008296&supplier_code=00100005&order_time=2020-09-29 HTTP/1.1" 200 416
58.40.7.146 - - [29/Sep/2020:09:19:41 +0800] "GET /xingrg/all/function/internal_message.html?_=1601342379497&CODE_STATE=getMsg HTTP/1.1" 200 27
101.85.228.253 - - [29/Sep/2020:09:19:41 +0800] "GET /xingrg/all/function/internal_message.html?_=1601342593134&CODE_STATE=getMsg HTTP/1.1" 200 27
114.88.166.242 - - [29/Sep/2020:09:19:41 +0800] "GET /xingrg/all/function/internal_message.html?_=1601342378115&CODE_STATE=getMsg HTTP/1.1" 200 27
172.17.0.123 - - [29/Sep/2020:09:19:43 +0800] "POST /xingrg/kc/buy/cgsh_list_operate.html HTTP/1.1" 200 1718
116.232.53.21 - - [29/Sep/2020:09:19:43 +0800] "GET /xingrg/kc/buy/cgsh_order_operate.html?command=get_materiel&rest_code=00109&code=00101008353&supplier_code=00100005&order_time=2020-09-29 HTTP/1.1" 200 408
124.77.70.31 - - [29/Sep/2020:09:19:44 +0800] "GET /xingrg/kc/buy/cgsh_order_operate.html?command=get_materiel&rest_code=00107&code=00101021008&supplier_code=00100033&order_time=2020-09-29 HTTP/1.1" 200 430
180.157.253.48 - - [29/Sep/2020:09:19:46 +0800] "GET /xingrg/kc/buy/cgsh_order_operate.html?command=get_materiel&rest_code=00148&code=00101012001&supplier_code=00100007&order_time=2020-09-29 HTTP/1.1" 200 408
172.17.200.101 - - [29/Sep/2020:09:19:47 +0800] "GET /xingrg/all/function/internal_message.html?_=1601342386877&CODE_STATE=getMsg HTTP/1.1" 200 27
124.77.70.31 - - [29/Sep/2020:09:19:47 +0800] "POST /xingrg/all/common/load_select.html HTTP/1.1" 200 25
116.232.53.21 - - [29/Sep/2020:09:19:47 +0800] "GET /xingrg/kc/buy/cgsh_order_operate.html?command=get_materiel&rest_code=00109&code=00101008213&supplier_code=00100005&order_time=2020-09-29 HTTP/1.1" 200 412
172.17.0.185 - - [29/Sep/2020:09:19:49 +0800] "GET /xingrg/check_reg.html?_=1601342387128 HTTP/1.1" 200 22
124.77.70.31 - - [29/Sep/2020:09:19:50 +0800] "GET /xingrg/kc/buy/cgsh_order_operate.html?command=get_materiel_price&rest_code=00107&code=00101021008&unit_code=00100320&supplier_code=00100033&order_time=2020-09-29 HTTP/1.1" 200 27
172.17.0.101 - - [29/Sep/2020:09:19:51 +0800] "GET /xingrg/all/function/internal_message.html?_=1601342398974&CODE_STATE=getMsg HTTP/1.1" 200 27
180.157.253.48 - - [29/Sep/2020:09:19:52 +0800] "GET /xingrg/javascript/easyui/themes/default/images/button_plain_hover.png HTTP/1.1" 304 -
180.157.253.48 - - [29/Sep/2020:09:19:52 +0800] "GET /xingrg/javascript/easyui/themes/default/images/button_plain_hover.png HTTP/1.1" 304 -
180.162.245.190 - - [29/Sep/2020:09:19:52 +0800] "GET /xingrg/all/function/internal_message.html?_=1601342391303&CODE_STATE=getMsg HTTP/1.1" 200 27
116.232.53.21 - - [29/Sep/2020:09:19:54 +0800] "GET /xingrg/all/function/internal_message.html?_=1601342444169&CODE_STATE=getMsg HTTP/1.1" 200 27
180.157.253.48 - - [29/Sep/2020:09:19:54 +0800] "POST /xingrg/kc/buy/cgsh_order_operate.html HTTP/1.1" 200 37
116.232.53.21 - - [29/Sep/2020:09:19:58 +0800] "GET /xingrg/kc/buy/cgsh_order_operate.html?command=get_materiel&rest_code=00109&code=00101008323&supplier_code=00100005&order_time=2020-09-29 HTTP/1.1" 200 408
172.17.0.100 - - [29/Sep/2020:09:19:58 +0800] "GET /xingrg/all/function/internal_message.html?_=1601342395886&CODE_STATE=getMsg HTTP/1.1" 200 27
124.77.70.31 - - [29/Sep/2020:09:19:59 +0800] "GET /xingrg/all/function/internal_message.html?_=1601342399518&CODE_STATE=getMsg HTTP/1.1" 200 27
116.232.53.21 - - [29/Sep/2020:09:20:00 +0800] "POST /xingrg/kc/buy/cgsh_order_operate.html HTTP/1.1" 200 2065
172.17.0.123 - - [29/Sep/2020:09:20:02 +0800] "GET /xingrg/all/function/internal_message.html?_=1601342391165&CODE_STATE=getMsg HTTP/1.1" 200 27
116.232.53.21 - - [29/Sep/2020:09:20:02 +0800] "GET /xingrg/kc/buy/cgsh_order_operate.html?command=get_materiel&rest_code=00109&code=00101008156&supplier_code=00100005&order_time=2020-09-29 HTTP/1.1" 200 414
218.81.217.115 - - [29/Sep/2020:09:20:04 +0800] "GET /xingrg/all/function/internal_message.html?_=1601342407057&CODE_STATE=getMsg HTTP/1.1" 200 27
116.232.53.21 - - [29/Sep/2020:09:20:07 +0800] "GET /xingrg/kc/buy/cgsh_order_operate.html?command=get_materiel&rest_code=00109&code=00101008331&supplier_code=00100005&order_time=2020-09-29 HTTP/1.1" 200 416
114.88.166.242 - - [29/Sep/2020:09:20:09 +0800] "GET /xingrg/all/function/internal_message.html?_=1601256004145&CODE_STATE=getMsg HTTP/1.1" 200 27
114.88.166.242 - - [29/Sep/2020:09:20:09 +0800] "GET /xingrg/check_reg.html?_=1601256004147 HTTP/1.1" 200 22
114.88.166.242 - - [29/Sep/2020:09:20:09 +0800] "GET /xingrg/check_reg.html?_=1601342483431 HTTP/1.1" 200 22
114.88.166.242 - - [29/Sep/2020:09:20:09 +0800] "GET /xingrg/all/function/internal_message.html?_=1601342483434&CODE_STATE=getMsg HTTP/1.1" 200 27
124.77.70.31 - - [29/Sep/2020:09:20:09 +0800] "GET /xingrg/kc/buy/cgsh_order_operate.html?command=get_materiel&rest_code=00107&code=00101012029&supplier_code=00100033&order_time=2020-09-29 HTTP/1.1" 200 412
116.232.53.21 - - [29/Sep/2020:09:20:12 +0800] "GET /xingrg/kc/buy/cgsh_order_operate.html?command=get_materiel&rest_code=00109&code=00101008350&supplier_code=00100005&order_time=2020-09-29 HTTP/1.1" 200 408
180.174.56.115 - - [29/Sep/2020:09:20:13 +0800] "GET /xingrg/all/function/internal_message.html?_=1601342520358&CODE_STATE=getMsg HTTP/1.1" 200 27
172.17.0.123 - - [29/Sep/2020:09:20:16 +0800] "GET /xingrg/kc/report/report_main.html HTTP/1.1" 200 9350
172.17.0.123 - - [29/Sep/2020:09:20:17 +0800] "GET /xingrg/kc/base/kc_stocks.html HTTP/1.1" 200 16304
116.232.53.21 - - [29/Sep/2020:09:20:17 +0800] "GET /xingrg/kc/buy/cgsh_order_operate.html?command=get_materiel&rest_code=00109&code=00101008110&supplier_code=00100005&order_time=2020-09-29 HTTP/1.1" 200 408
172.17.0.123 - - [29/Sep/2020:09:20:18 +0800] "GET /xingrg/javascript/easyui/themes/default/tree.css HTTP/1.1" 404 1090
172.17.0.123 - - [29/Sep/2020:09:20:18 +0800] "GET /xingrg/all/common/auto_word.html?type=base&rest_code=00101 HTTP/1.1" 200 559
172.17.0.123 - - [29/Sep/2020:09:20:18 +0800] "POST /xingrg/all/common/load_tree.html?tree=materiel_sort_tree_json HTTP/1.1" 200 8666
180.174.56.115 - - [29/Sep/2020:09:20:19 +0800] "GET /xingrg/kc/buy/cgsh_order_operate.html?command=get_materiel&rest_code=00150&code=00101008323&supplier_code=00100007&order_time=2020-09-29 HTTP/1.1" 200 408
180.157.253.48 - - [29/Sep/2020:09:20:19 +0800] "POST /xingrg/kc/buy/cgsh_order_operate.html HTTP/1.1" 200 48742
180.174.56.115 - - [29/Sep/2020:09:20:21 +0800] "GET /xingrg/all/function/internal_message.html?_=1601342420239&CODE_STATE=getMsg HTTP/1.1" 200 27
172.17.0.123 - - [29/Sep/2020:09:20:23 +0800] "POST /xingrg/kc/base/stock_operate.html HTTP/1.1" 200 1449
116.232.53.21 - - [29/Sep/2020:09:20:25 +0800] "GET /xingrg/kc/buy/cgsh_order_operate.html?command=get_materiel&rest_code=00109&code=00101008356&supplier_code=00100005&order_time=2020-09-29 HTTP/1.1" 200 409
172.17.0.123 - - [29/Sep/2020:09:20:25 +0800] "GET /xingrg/kc/base/stock_detail.html?m=00102001203 HTTP/1.1" 200 6285
218.81.217.115 - - [29/Sep/2020:09:20:26 +0800] "GET /xingrg/check_reg.html?_=1601342444146 HTTP/1.1" 200 22
172.17.0.123 - - [29/Sep/2020:09:20:26 +0800] "GET /xingrg/kc/base/stock_operate.html?_=1601342415687&command=get_report_file&start_day=20200901 HTTP/1.1" 200 53
172.17.0.123 - - [29/Sep/2020:09:20:26 +0800] "GET /xingrg/all/report/report_query.html?isQuery=1&onlyBody=1&rh=2000&fileName=kc/base/kc_stock_detail_new.xml&queryString=(1=1)&queryText=&tableQueryString=init_table$sp1$$sp$crk_table$sp1$order_day%20between%2020200901%20and%2020200930&varString=start_day:20200901,materiel_code:00102001203,cost_id:2842,end_date:20200831 HTTP/1.1" 200 48626
172.17.0.123 - - [29/Sep/2020:09:20:26 +0800] "GET /xingrg/dwr/interface/AjaxReportQueryService.js HTTP/1.1" 200 13203
172.17.0.123 - - [29/Sep/2020:09:20:26 +0800] "GET /xingrg/dwr/engine.js HTTP/1.1" 200 43631
172.17.0.123 - - [29/Sep/2020:09:20:26 +0800] "GET /xingrg/dwr/util.js HTTP/1.1" 304 -
172.17.0.123 - - [29/Sep/2020:09:20:27 +0800] "POST /xingrg/all/report/load_report_page.html HTTP/1.1" 200 88776
172.17.0.123 - - [29/Sep/2020:09:20:27 +0800] "GET /xingrg/servlets/image?cache=0.7042382322789005&image=px HTTP/1.1" 200 807
116.232.53.21 - - [29/Sep/2020:09:20:27 +0800] "POST /xingrg/kc/buy/cgsh_order_operate.html HTTP/1.1" 200 2065
222.69.130.39 - - [29/Sep/2020:09:20:28 +0800] "GET /xingrg/check_reg.html?_=1601342425338 HTTP/1.1" 200 22
222.69.130.39 - - [29/Sep/2020:09:20:28 +0800] "GET /xingrg/all/function/internal_message.html?_=1601342425341&CODE_STATE=getMsg HTTP/1.1" 200 27
124.77.70.31 - - [29/Sep/2020:09:20:28 +0800] "POST /xingrg/kc/buy/cgsh_order_operate.html HTTP/1.1" 200 37
180.174.56.115 - - [29/Sep/2020:09:20:29 +0800] "GET /xingrg/kc/buy/cgsh_order_operate.html?command=get_materiel&rest_code=00150&code=00101008331&supplier_code=00100007&order_time=2020-09-29 HTTP/1.1" 200 416
116.232.53.21 - - [29/Sep/2020:09:20:30 +0800] "GET /xingrg/kc/buy/cgsh_order_operate.html?command=get_materiel&rest_code=00109&code=00101008110&supplier_code=00100005&order_time=2020-09-29 HTTP/1.1" 200 408
218.81.217.115 - - [29/Sep/2020:09:20:30 +0800] "GET /xingrg/all/function/internal_message.html?_=1601342449007&CODE_STATE=getMsg HTTP/1.1" 200 27
124.77.70.31 - - [29/Sep/2020:09:20:31 +0800] "POST /xingrg/kc/buy/cgsh_order_operate.html HTTP/1.1" 200 6219
124.77.70.31 - - [29/Sep/2020:09:20:34 +0800] "GET /xingrg/kc/print/load_data.html?order_code=212020092912825&kc_code=cgsh&condition= HTTP/1.1" 200 2083
124.77.70.31 - - [29/Sep/2020:09:20:38 +0800] "GET /xingrg/kc/buy/cgsh_order_add.html HTTP/1.1" 200 60026
124.77.70.31 - - [29/Sep/2020:09:20:39 +0800] "GET /xingrg/javascript/easyui/themes/default/validatebox.css HTTP/1.1" 404 1104
124.77.70.31 - - [29/Sep/2020:09:20:39 +0800] "POST /xingrg/kc/buy/cgsh_order_operate.html HTTP/1.1" 200 8245
124.77.70.31 - - [29/Sep/2020:09:20:40 +0800] "GET /xingrg/javascript/easyui/themes/default/tree.css HTTP/1.1" 404 1090
180.174.56.115 - - [29/Sep/2020:09:20:40 +0800] "GET /xingrg/kc/buy/cgsh_order_operate.html?command=get_materiel&rest_code=00150&code=00101008149&supplier_code=00100007&order_time=2020-09-29 HTTP/1.1" 200 408
124.77.70.31 - - [29/Sep/2020:09:20:40 +0800] "POST /xingrg/all/common/load_tree.html?tree=supplier_tree_json&isDelete=1 HTTP/1.1" 200 50541
58.40.7.146 - - [29/Sep/2020:09:20:41 +0800] "GET /xingrg/all/function/internal_message.html?_=1601342439501&CODE_STATE=getMsg HTTP/1.1" 200 27
101.85.228.253 - - [29/Sep/2020:09:20:41 +0800] "GET /xingrg/all/function/internal_message.html?_=1601342653150&CODE_STATE=getMsg HTTP/1.1" 200 27
114.88.166.242 - - [29/Sep/2020:09:20:41 +0800] "GET /xingrg/all/function/internal_message.html?_=1601342438307&CODE_STATE=getMsg HTTP/1.1" 200 27
116.232.53.21 - - [29/Sep/2020:09:20:41 +0800] "GET /xingrg/kc/buy/cgsh_order_operate.html?command=get_materiel&rest_code=00109&code=00101008006&supplier_code=00100005&order_time=2020-09-29 HTTP/1.1" 200 416
172.17.200.101 - - [29/Sep/2020:09:20:47 +0800] "GET /xingrg/all/function/internal_message.html?_=1601342446897&CODE_STATE=getMsg HTTP/1.1" 200 27
172.17.200.101 - - [29/Sep/2020:09:20:47 +0800] "GET /xingrg/check_reg.html?_=1601342446908 HTTP/1.1" 200 22
116.232.53.21 - - [29/Sep/2020:09:20:48 +0800] "GET /xingrg/kc/buy/cgsh_order_operate.html?command=get_materiel&rest_code=00109&code=00101008131&supplier_code=00100005&order_time=2020-09-29 HTTP/1.1" 200 408
116.232.53.21 - - [29/Sep/2020:09:20:50 +0800] "GET /xingrg/all/function/internal_message.html?_=1601342504154&CODE_STATE=getMsg HTTP/1.1" 200 27
172.17.0.101 - - [29/Sep/2020:09:20:51 +0800] "GET /xingrg/all/function/internal_message.html?_=1601342458974&CODE_STATE=getMsg HTTP/1.1" 200 27
180.162.245.190 - - [29/Sep/2020:09:20:52 +0800] "GET /xingrg/check_reg.html?_=1601342451304 HTTP/1.1" 200 22
180.162.245.190 - - [29/Sep/2020:09:20:52 +0800] "GET /xingrg/all/function/internal_message.html?_=1601342451307&CODE_STATE=getMsg HTTP/1.1" 200 27
116.232.53.21 - - [29/Sep/2020:09:20:53 +0800] "GET /xingrg/kc/buy/cgsh_order_operate.html?command=get_materiel&rest_code=00109&code=00101008353&supplier_code=00100005&order_time=2020-09-29 HTTP/1.1" 200 408
124.77.70.31 - - [29/Sep/2020:09:20:53 +0800] "GET /xingrg/kc/buy/cgsh_order_operate.html?command=get_materiel&rest_code=00107&code=00101007067&supplier_code=00100010&order_time=2020-09-29 HTTP/1.1" 200 409
114.88.166.242 - - [29/Sep/2020:09:20:55 +0800] "GET /xingrg/check_reg.html?_=1601342451998 HTTP/1.1" 200 22
180.174.56.115 - - [29/Sep/2020:09:20:57 +0800] "POST /xingrg/kc/buy/cgsh_order_operate.html HTTP/1.1" 200 37
116.232.53.21 - - [29/Sep/2020:09:20:58 +0800] "GET /xingrg/kc/buy/cgsh_order_operate.html?command=get_materiel&rest_code=00109&code=00101015046&supplier_code=00100005&order_time=2020-09-29 HTTP/1.1" 200 412
172.17.0.100 - - [29/Sep/2020:09:20:58 +0800] "GET /xingrg/all/function/internal_message.html?_=1601342455892&CODE_STATE=getMsg HTTP/1.1" 200 27
180.174.56.115 - - [29/Sep/2020:09:20:58 +0800] "POST /xingrg/kc/buy/cgsh_order_operate.html HTTP/1.1" 200 18037
124.77.70.31 - - [29/Sep/2020:09:20:59 +0800] "GET /xingrg/all/function/internal_message.html?_=1601342459523&CODE_STATE=getMsg HTTP/1.1" 200 27
124.77.70.31 - - [29/Sep/2020:09:20:59 +0800] "GET /xingrg/check_reg.html?_=1601342459525 HTTP/1.1" 200 22
117.185.32.26 - - [29/Sep/2020:09:21:01 +0800] "GET /xingrg/check_reg.html?_=1601342893522 HTTP/1.1" 200 22
172.17.0.123 - - [29/Sep/2020:09:21:02 +0800] "GET /xingrg/all/function/internal_message.html?_=1601342451163&CODE_STATE=getMsg HTTP/1.1" 200 27
172.17.0.123 - - [29/Sep/2020:09:21:02 +0800] "GET /xingrg/check_reg.html?_=1601342451164 HTTP/1.1" 200 22
218.81.217.115 - - [29/Sep/2020:09:21:03 +0800] "GET /xingrg/check_reg.html?_=1601342466327 HTTP/1.1" 200 22
116.232.53.21 - - [29/Sep/2020:09:21:04 +0800] "GET /xingrg/kc/buy/cgsh_order_operate.html?command=get_materiel&rest_code=00109&code=00101008284&supplier_code=00100005&order_time=2020-09-29 HTTP/1.1" 200 412
218.81.217.115 - - [29/Sep/2020:09:21:04 +0800] "GET /xingrg/all/function/internal_message.html?_=1601342467259&CODE_STATE=getMsg HTTP/1.1" 200 27
116.232.53.21 - - [29/Sep/2020:09:21:06 +0800] "POST /xingrg/kc/buy/cgsh_order_operate.html HTTP/1.1" 200 2065
116.232.53.21 - - [29/Sep/2020:09:21:08 +0800] "GET /xingrg/kc/buy/cgsh_order_operate.html?command=get_materiel&rest_code=00109&code=00101008255&supplier_code=00100005&order_time=2020-09-29 HTTP/1.1" 200 412
114.88.166.242 - - [29/Sep/2020:09:21:09 +0800] "GET /xingrg/all/function/internal_message.html?_=1601256064146&CODE_STATE=getMsg HTTP/1.1" 200 27
114.88.166.242 - - [29/Sep/2020:09:21:09 +0800] "GET /xingrg/all/function/internal_message.html?_=1601342543433&CODE_STATE=getMsg HTTP/1.1" 200 27
180.174.56.115 - - [29/Sep/2020:09:21:09 +0800] "POST /xingrg/kc/buy/cgsh_order_operate.html HTTP/1.1" 200 37
124.77.70.31 - - [29/Sep/2020:09:21:09 +0800] "GET /xingrg/kc/buy/cgsh_order_operate.html?command=get_materiel&rest_code=00107&code=00101006133&supplier_code=00100010&order_time=2020-09-29 HTTP/1.1" 200 413
180.174.56.115 - - [29/Sep/2020:09:21:10 +0800] "POST /xingrg/kc/buy/cgsh_order_operate.html HTTP/1.1" 200 18037
180.174.56.115 - - [29/Sep/2020:09:21:11 +0800] "GET /xingrg/kc/buy/cgsh_order_add.html HTTP/1.1" 200 59862
180.174.56.115 - - [29/Sep/2020:09:21:11 +0800] "POST /xingrg/kc/buy/cgsh_order_operate.html HTTP/1.1" 200 8245
180.174.56.115 - - [29/Sep/2020:09:21:11 +0800] "GET /xingrg/javascript/easyui/themes/default/validatebox.css HTTP/1.1" 404 1104
180.174.56.115 - - [29/Sep/2020:09:21:13 +0800] "GET /xingrg/check_reg.html?_=1601342580278 HTTP/1.1" 200 22
180.174.56.115 - - [29/Sep/2020:09:21:13 +0800] "GET /xingrg/all/function/internal_message.html?_=1601342580399&CODE_STATE=getMsg HTTP/1.1" 200 27
180.157.253.48 - - [29/Sep/2020:09:21:13 +0800] "GET /xingrg/all/function/internal_message.html?_=1601342475599&CODE_STATE=getMsg HTTP/1.1" 200 27
180.157.253.48 - - [29/Sep/2020:09:21:13 +0800] "GET /xingrg/check_reg.html?_=1601342475602 HTTP/1.1" 200 22
116.232.53.21 - - [29/Sep/2020:09:21:14 +0800] "GET /xingrg/kc/buy/cgsh_order_operate.html?command=get_materiel&rest_code=00109&code=00101015038&supplier_code=00100005&order_time=2020-09-29 HTTP/1.1" 200 418
116.232.53.21 - - [29/Sep/2020:09:21:19 +0800] "GET /xingrg/kc/buy/cgsh_order_operate.html?command=get_materiel&rest_code=00109&code=00101015044&supplier_code=00100005&order_time=2020-09-29 HTTP/1.1" 200 408
180.174.56.115 - - [29/Sep/2020:09:21:21 +0800] "GET /xingrg/all/function/internal_message.html?_=1601342480259&CODE_STATE=getMsg HTTP/1.1" 200 27
218.81.217.115 - - [29/Sep/2020:09:21:22 +0800] "GET /favicon.ico HTTP/1.1" 404 -
116.232.53.21 - - [29/Sep/2020:09:21:23 +0800] "GET /xingrg/kc/buy/cgsh_order_operate.html?command=get_materiel&rest_code=00109&code=00101008114&supplier_code=00100005&order_time=2020-09-29 HTTP/1.1" 200 412
180.174.56.115 - - [29/Sep/2020:09:21:26 +0800] "GET /xingrg/kc/buy/cgsh_order_operate.html?command=get_materiel&rest_code=00150&code=00101015076&supplier_code=00100054&order_time=2020-09-29 HTTP/1.1" 200 416
222.69.130.39 - - [29/Sep/2020:09:21:28 +0800] "GET /xingrg/all/function/internal_message.html?_=1601342485337&CODE_STATE=getMsg HTTP/1.1" 200 27
124.77.70.31 - - [29/Sep/2020:09:21:29 +0800] "GET /xingrg/all/function/internal_message.html?_=1601342488759&CODE_STATE=getMsg HTTP/1.1" 200 27
116.232.53.21 - - [29/Sep/2020:09:21:30 +0800] "GET /xingrg/kc/buy/cgsh_order_operate.html?command=get_materiel&rest_code=00109&code=00101008149&supplier_code=00100005&order_time=2020-09-29 HTTP/1.1" 200 408
218.81.217.115 - - [29/Sep/2020:09:21:31 +0800] "GET /xingrg/all/function/internal_message.html?_=1601342509022&CODE_STATE=getMsg HTTP/1.1" 200 27
116.232.53.21 - - [29/Sep/2020:09:21:33 +0800] "POST /xingrg/kc/buy/cgsh_order_operate.html HTTP/1.1" 200 2065
124.77.70.31 - - [29/Sep/2020:09:21:33 +0800] "GET /xingrg/kc/buy/cgsh_order_operate.html?command=get_materiel&rest_code=00107&code=00101006109&supplier_code=00100010&order_time=2020-09-29 HTTP/1.1" 200 409
101.85.228.253 - - [29/Sep/2020:09:21:35 +0800] "GET /xingrg/kc/base/wldb_order_list.html HTTP/1.1" 200 19378
116.232.53.21 - - [29/Sep/2020:09:21:35 +0800] "GET /xingrg/kc/buy/cgsh_order_operate.html?command=get_materiel&rest_code=00109&code=00101008168&supplier_code=00100005&order_time=2020-09-29 HTTP/1.1" 200 413
101.85.228.253 - - [29/Sep/2020:09:21:35 +0800] "POST /xingrg/kc/base/wldb_list_operate.html HTTP/1.1" 200 928
101.85.228.253 - - [29/Sep/2020:09:21:36 +0800] "GET /xingrg/kc/base/wldb_order_add.html HTTP/1.1" 200 30486
101.85.228.253 - - [29/Sep/2020:09:21:37 +0800] "POST /xingrg/kc/base/wldb_order_operate.html HTTP/1.1" 200 6806
117.184.7.30 - - [29/Sep/2020:09:21:37 +0800] "POST /xingrg/login.do HTTP/1.1" 302 -
117.184.7.30 - - [29/Sep/2020:09:21:37 +0800] "GET /xingrg/index.html?sysBaseUrl=http%3A%2F%2F180.169.147.146%3A18081%2Fxingrg%2F&costTime=42×tamp=1601342497440 HTTP/1.1" 200 17179
101.85.228.253 - - [29/Sep/2020:09:21:37 +0800] "GET /xingrg/javascript/easyui/themes/default/validatebox.css HTTP/1.1" 404 1104
180.174.56.115 - - [29/Sep/2020:09:21:37 +0800] "GET /xingrg/kc/buy/cgsh_order_operate.html?command=get_materiel&rest_code=00150&code=00101015026&supplier_code=00100054&order_time=2020-09-29 HTTP/1.1" 200 412
116.232.53.21 - - [29/Sep/2020:09:21:38 +0800] "GET /xingrg/javascript/auto/indicator.gif HTTP/1.1" 404 1066
101.85.228.253 - - [29/Sep/2020:09:21:38 +0800] "POST /xingrg/all/common/load_combo.html?type=base HTTP/1.1" 200 2966
117.184.7.30 - - [29/Sep/2020:09:21:38 +0800] "GET /favicon.ico HTTP/1.1" 404 -
117.184.7.30 - - [29/Sep/2020:09:21:38 +0800] "POST /xingrg/all/common/load_tree.html?tree=area_rest_tree_json&manage=1 HTTP/1.1" 200 470
117.184.7.30 - - [29/Sep/2020:09:21:39 +0800] "GET /xingrg/all/function/internal_message.html?_=1601342494232&CODE_STATE=count HTTP/1.1" 200 11
117.184.7.30 - - [29/Sep/2020:09:21:39 +0800] "GET /xingrg/check_reg.html?_=1601342494235 HTTP/1.1" 200 22
117.184.7.30 - - [29/Sep/2020:09:21:39 +0800] "POST /xingrg/load_menu.html HTTP/1.1" 200 5138
58.40.7.146 - - [29/Sep/2020:09:21:41 +0800] "GET /xingrg/all/function/internal_message.html?_=1601342499504&CODE_STATE=getMsg HTTP/1.1" 200 27
101.85.228.253 - - [29/Sep/2020:09:21:41 +0800] "GET /xingrg/all/function/internal_message.html?_=1601342713258&CODE_STATE=getMsg HTTP/1.1" 200 27
116.232.53.21 - - [29/Sep/2020:09:21:41 +0800] "GET /xingrg/kc/buy/cgsh_order_operate.html?command=get_materiel&rest_code=00109&code=00101008236&supplier_code=00100005&order_time=2020-09-29 HTTP/1.1" 200 417
114.88.166.242 - - [29/Sep/2020:09:21:41 +0800] "GET /xingrg/all/function/internal_message.html?_=1601342498313&CODE_STATE=getMsg HTTP/1.1" 200 27
101.85.228.253 - - [29/Sep/2020:09:21:43 +0800] "GET /xingrg/kc/base/wldb_order_operate.html?command=get_materiel&rest_code=00102&base_code=0010476&code=00101011005 HTTP/1.1" 200 431
218.81.217.115 - - [29/Sep/2020:09:21:43 +0800] "GET /favicon.ico HTTP/1.1" 404 -
116.232.53.21 - - [29/Sep/2020:09:21:45 +0800] "GET /xingrg/kc/buy/cgsh_order_operate.html?command=get_materiel&rest_code=00109&code=00101008095&supplier_code=00100005&order_time=2020-09-29 HTTP/1.1" 200 412
116.232.53.21 - - [29/Sep/2020:09:21:46 +0800] "GET /xingrg/all/function/internal_message.html?_=1601342564166&CODE_STATE=getMsg HTTP/1.1" 200 27
172.17.200.101 - - [29/Sep/2020:09:21:47 +0800] "GET /xingrg/all/function/internal_message.html?_=1601342506894&CODE_STATE=getMsg HTTP/1.1" 200 27
116.232.53.21 - - [29/Sep/2020:09:21:51 +0800] "GET /xingrg/kc/buy/cgsh_order_operate.html?command=get_materiel&rest_code=00109&code=00101008061&supplier_code=00100005&order_time=2020-09-29 HTTP/1.1" 200 422
172.17.0.101 - - [29/Sep/2020:09:21:51 +0800] "GET /xingrg/all/function/internal_message.html?_=1601342518975&CODE_STATE=getMsg HTTP/1.1" 200 27
180.162.245.190 - - [29/Sep/2020:09:21:52 +0800] "GET /xingrg/all/function/internal_message.html?_=1601342511301&CODE_STATE=getMsg HTTP/1.1" 200 27
124.77.70.31 - - [29/Sep/2020:09:21:54 +0800] "GET /xingrg/kc/buy/cgsh_order_operate.html?command=get_materiel&rest_code=00107&code=00101006006&supplier_code=00100010&order_time=2020-09-29 HTTP/1.1" 200 409
101.85.228.253 - - [29/Sep/2020:09:21:55 +0800] "GET /xingrg/kc/base/wldb_order_operate.html?command=get_materiel&rest_code=00102&base_code=0010476&code=00101016095 HTTP/1.1" 200 462
116.232.53.21 - - [29/Sep/2020:09:21:57 +0800] "GET /xingrg/kc/buy/cgsh_order_operate.html?command=get_materiel&rest_code=00109&code=00101008350&supplier_code=00100005&order_time=2020-09-29 HTTP/1.1" 200 408
222.69.130.39 - - [29/Sep/2020:09:21:57 +0800] "GET /xingrg/kc/buy/cgsh_order_operate.html?command=get_materiel&rest_code=00149&code=00101008286&supplier_code=00100005&order_time=2020-09-29 HTTP/1.1" 200 408
172.17.0.123 - - [29/Sep/2020:09:21:58 +0800] "GET /xingrg/kc/report/report_main.html HTTP/1.1" 200 9350
172.17.0.100 - - [29/Sep/2020:09:21:58 +0800] "GET /xingrg/all/function/internal_message.html?_=1601342515885&CODE_STATE=getMsg HTTP/1.1" 200 27
180.174.56.115 - - [29/Sep/2020:09:21:58 +0800] "GET /xingrg/kc/buy/cgsh_order_add.html HTTP/1.1" 200 59592
180.174.56.115 - - [29/Sep/2020:09:21:58 +0800] "POST /xingrg/kc/buy/cgsh_order_operate.html HTTP/1.1" 200 8245
180.174.56.115 - - [29/Sep/2020:09:21:59 +0800] "GET /xingrg/javascript/easyui/themes/default/validatebox.css HTTP/1.1" 404 1104
124.77.70.31 - - [29/Sep/2020:09:21:59 +0800] "GET /xingrg/all/function/internal_message.html?_=1601342519511&CODE_STATE=getMsg HTTP/1.1" 200 27
116.232.53.21 - - [29/Sep/2020:09:21:59 +0800] "POST /xingrg/kc/buy/cgsh_order_operate.html HTTP/1.1" 200 2065
101.85.228.253 - - [29/Sep/2020:09:22:00 +0800] "GET /xingrg/kc/base/wldb_order_operate.html?command=get_materiel&rest_code=00102&base_code=0010476&code=00101016087 HTTP/1.1" 200 463
172.17.0.123 - - [29/Sep/2020:09:22:00 +0800] "POST /xingrg/all/user/operate.html HTTP/1.1" 200 36
172.17.0.123 - - [29/Sep/2020:09:22:00 +0800] "GET /xingrg/index.html?sysBaseUrl=http%3A%2F%2F172.17.0.8%3A18081%2Fxingrg%2F&costTime=40×tamp=1601286740600 HTTP/1.1" 200 17454
172.17.0.123 - - [29/Sep/2020:09:22:00 +0800] "GET /xingrg/javascript/jquery_easy_ui/themes/default/easyui.css HTTP/1.1" 304 -
172.17.0.123 - - [29/Sep/2020:09:22:01 +0800] "GET /xingrg/javascript/jquery_easy_ui/themes/icon.css HTTP/1.1" 304 -
172.17.0.123 - - [29/Sep/2020:09:22:01 +0800] "GET /xingrg/css/form.css HTTP/1.1" 304 -
172.17.0.123 - - [29/Sep/2020:09:22:01 +0800] "GET /xingrg/javascript/jquery-1.4.2.min.js HTTP/1.1" 304 -
172.17.0.123 - - [29/Sep/2020:09:22:01 +0800] "GET /xingrg/javascript/jquery_easy_ui/jquery.easyui.min.js HTTP/1.1" 304 -
172.17.0.123 - - [29/Sep/2020:09:22:01 +0800] "GET /xingrg/javascript/jquery_easy_ui/easyui-lang-zh_CN.js HTTP/1.1" 304 -
172.17.0.123 - - [29/Sep/2020:09:22:01 +0800] "GET /xingrg/javascript/jquery.form.js HTTP/1.1" 304 -
172.17.0.123 - - [29/Sep/2020:09:22:01 +0800] "GET /xingrg/javascript/jquery.utils.js HTTP/1.1" 304 -
172.17.0.123 - - [29/Sep/2020:09:22:01 +0800] "GET /xingrg/javascript/jquery.timers.js HTTP/1.1" 304 -
172.17.0.123 - - [29/Sep/2020:09:22:01 +0800] "GET /xingrg/images/blue/jxLogo.png HTTP/1.1" 304 -
172.17.0.123 - - [29/Sep/2020:09:22:01 +0800] "GET /xingrg/javascript/jquery_easy_ui/themes/icons/settle_new.png HTTP/1.1" 304 -
172.17.0.123 - - [29/Sep/2020:09:22:01 +0800] "GET /xingrg/images/blue/navBackgound.jpg HTTP/1.1" 304 -
172.17.0.123 - - [29/Sep/2020:09:22:01 +0800] "POST /xingrg/all/common/load_tree.html?tree=area_rest_tree_json&manage=1 HTTP/1.1" 200 3216
172.17.0.123 - - [29/Sep/2020:09:22:01 +0800] "GET /xingrg/all/function/internal_message.html?_=1601342510162&CODE_STATE=count HTTP/1.1" 200 11
172.17.0.123 - - [29/Sep/2020:09:22:01 +0800] "GET /xingrg/check_reg.html?_=1601342510163 HTTP/1.1" 200 22
172.17.0.123 - - [29/Sep/2020:09:22:01 +0800] "GET /xingrg/javascript/jquery_easy_ui/themes/default/images/tabs_rightarrow.png HTTP/1.1" 304 -
