222.69.130.39 - - [29/Sep/2020:08:57:56 +0800] "GET /xingrg/kc/buy/cgsh_order_operate.html?command=get_materiel&rest_code=00149&code=00101008332&supplier_code=00100005&order_time=2020-09-29 HTTP/1.1" 200 413
172.17.0.100 - - [29/Sep/2020:08:57:58 +0800] "GET /xingrg/all/function/internal_message.html?_=1601341075801&CODE_STATE=getMsg HTTP/1.1" 200 27
222.69.130.39 - - [29/Sep/2020:08:57:58 +0800] "POST /xingrg/kc/buy/cgsh_order_operate.html HTTP/1.1" 200 2065
124.77.70.31 - - [29/Sep/2020:08:57:59 +0800] "GET /xingrg/all/function/internal_message.html?_=1601341079510&CODE_STATE=getMsg HTTP/1.1" 200 27
218.81.217.115 - - [29/Sep/2020:08:58:01 +0800] "GET /xingrg/kc/buy/cgsh_order_operate.html?command=get_materiel&rest_code=00146&code=00101008131&supplier_code=00100005&order_time=2020-09-29 HTTP/1.1" 200 408
58.37.8.227 - - [29/Sep/2020:08:58:01 +0800] "GET /xingrg/check_reg.html?_=1601341076226 HTTP/1.1" 200 22
172.17.0.123 - - [29/Sep/2020:08:58:02 +0800] "GET /xingrg/all/function/internal_message.html?_=1601341071165&CODE_STATE=getMsg HTTP/1.1" 200 27
218.81.217.115 - - [29/Sep/2020:08:58:03 +0800] "GET /xingrg/all/function/internal_message.html?_=1601341086125&CODE_STATE=getMsg HTTP/1.1" 200 27
222.69.130.39 - - [29/Sep/2020:08:58:03 +0800] "GET /xingrg/kc/buy/cgsh_order_operate.html?command=get_materiel&rest_code=00149&code=00101008126&supplier_code=00100005&order_time=2020-09-29 HTTP/1.1" 200 412
218.81.217.115 - - [29/Sep/2020:08:58:08 +0800] "GET /xingrg/kc/buy/cgsh_order_operate.html?command=get_materiel&rest_code=00146&code=00101008296&supplier_code=00100005&order_time=2020-09-29 HTTP/1.1" 200 416
114.88.166.242 - - [29/Sep/2020:08:58:09 +0800] "GET /xingrg/all/function/internal_message.html?_=1601254684127&CODE_STATE=getMsg HTTP/1.1" 200 27
114.88.166.242 - - [29/Sep/2020:08:58:10 +0800] "GET /xingrg/kc/buy/cgsh_order_operate.html?command=get_materiel&rest_code=00111&code=00101008225&supplier_code=00100037&order_time=2020-09-29 HTTP/1.1" 200 416
180.157.253.48 - - [29/Sep/2020:08:58:13 +0800] "GET /xingrg/all/function/internal_message.html?_=1601341095615&CODE_STATE=getMsg HTTP/1.1" 200 27
218.81.217.115 - - [29/Sep/2020:08:58:17 +0800] "GET /xingrg/kc/buy/cgsh_order_operate.html?command=get_materiel&rest_code=00146&code=00101008353&supplier_code=00100005&order_time=2020-09-29 HTTP/1.1" 200 408
101.85.228.253 - - [29/Sep/2020:08:58:17 +0800] "POST /xingrg/kc/buy/cgsh_order_operate.html HTTP/1.1" 200 12
101.85.228.253 - - [29/Sep/2020:08:58:21 +0800] "GET /xingrg/kc/buy/cgsh_order_info.html?code=212020092912803 HTTP/1.1" 200 54751
101.85.228.253 - - [29/Sep/2020:08:58:22 +0800] "GET /xingrg/javascript/easyui/themes/default/validatebox.css HTTP/1.1" 404 1104
101.85.228.253 - - [29/Sep/2020:08:58:22 +0800] "GET /xingrg/all/function/internal_message.html?_=1601341314598&CODE_STATE=getMsg HTTP/1.1" 200 27
101.85.228.253 - - [29/Sep/2020:08:58:22 +0800] "POST /xingrg/kc/buy/cgsh_order_operate.html HTTP/1.1" 200 5338
114.88.166.242 - - [29/Sep/2020:08:58:22 +0800] "GET /xingrg/kc/buy/cgsh_order_operate.html?command=get_materiel&rest_code=00111&code=00101008276&supplier_code=00100037&order_time=2020-09-29 HTTP/1.1" 200 412
222.69.130.39 - - [29/Sep/2020:08:58:27 +0800] "GET /xingrg/kc/buy/cgsh_order_operate.html?command=get_materiel&rest_code=00149&code=00101008087&supplier_code=00100005&order_time=2020-09-29 HTTP/1.1" 200 412
222.69.130.39 - - [29/Sep/2020:08:58:28 +0800] "GET /xingrg/all/function/internal_message.html?_=1601341105311&CODE_STATE=getMsg HTTP/1.1" 200 27
101.85.228.253 - - [29/Sep/2020:08:58:28 +0800] "GET /xingrg/kc/print/load_config.html?kc_code=cgsh HTTP/1.1" 200 1845
101.85.228.253 - - [29/Sep/2020:08:58:28 +0800] "GET /xingrg/kc/print/load_data.html?order_code=212020092912803&kc_code=cgsh&condition= HTTP/1.1" 200 2563
218.81.217.115 - - [29/Sep/2020:08:58:28 +0800] "GET /xingrg/all/function/internal_message.html?_=1601341126337&CODE_STATE=getMsg HTTP/1.1" 200 27
218.81.217.115 - - [29/Sep/2020:08:58:29 +0800] "GET /xingrg/kc/buy/cgsh_order_operate.html?command=get_materiel&rest_code=00146&code=00101008213&supplier_code=00100005&order_time=2020-09-29 HTTP/1.1" 200 412
218.81.217.115 - - [29/Sep/2020:08:58:32 +0800] "POST /xingrg/kc/buy/cgsh_order_operate.html HTTP/1.1" 200 2065
114.88.166.242 - - [29/Sep/2020:08:58:33 +0800] "GET /xingrg/kc/buy/cgsh_order_operate.html?command=get_materiel&rest_code=00111&code=00101007095&supplier_code=00100037&order_time=2020-09-29 HTTP/1.1" 200 415
114.88.166.242 - - [29/Sep/2020:08:58:39 +0800] "GET /xingrg/all/function/internal_message.html?_=1601341116453&CODE_STATE=getMsg HTTP/1.1" 200 27
218.81.217.115 - - [29/Sep/2020:08:58:40 +0800] "GET /xingrg/kc/buy/cgsh_order_operate.html?command=get_materiel&rest_code=00146&code=00101016122&supplier_code=00100005&order_time=2020-09-29 HTTP/1.1" 200 395
101.85.228.253 - - [29/Sep/2020:08:58:40 +0800] "GET /xingrg/kc/buy/cgsh_order_add.html HTTP/1.1" 200 59850
58.40.7.146 - - [29/Sep/2020:08:58:40 +0800] "GET /xingrg/all/function/internal_message.html?_=1601341119489&CODE_STATE=getMsg HTTP/1.1" 200 27
101.85.228.253 - - [29/Sep/2020:08:58:41 +0800] "POST /xingrg/kc/buy/cgsh_order_operate.html HTTP/1.1" 200 8245
101.85.228.253 - - [29/Sep/2020:08:58:42 +0800] "GET /xingrg/javascript/easyui/themes/default/validatebox.css HTTP/1.1" 404 1104
101.85.228.253 - - [29/Sep/2020:08:58:42 +0800] "GET /xingrg/javascript/easyui/themes/default/tree.css HTTP/1.1" 404 1090
101.85.228.253 - - [29/Sep/2020:08:58:42 +0800] "POST /xingrg/all/common/load_tree.html?tree=supplier_tree_json&isDelete=1 HTTP/1.1" 200 50541
114.88.166.242 - - [29/Sep/2020:08:58:43 +0800] "GET /xingrg/all/function/internal_message.html?_=1601341197617&CODE_STATE=getMsg HTTP/1.1" 200 27
172.17.200.101 - - [29/Sep/2020:08:58:47 +0800] "GET /xingrg/all/function/internal_message.html?_=1601341126856&CODE_STATE=getMsg HTTP/1.1" 200 27
218.81.217.115 - - [29/Sep/2020:08:58:48 +0800] "GET /xingrg/kc/buy/cgsh_order_operate.html?command=get_materiel&rest_code=00146&code=00101008519&supplier_code=00100005&order_time=2020-09-29 HTTP/1.1" 200 394
222.69.130.39 - - [29/Sep/2020:08:58:52 +0800] "GET /xingrg/kc/buy/cgsh_order_operate.html?command=get_materiel&rest_code=00149&code=00101008148&supplier_code=00100005&order_time=2020-09-29 HTTP/1.1" 200 416
180.162.245.190 - - [29/Sep/2020:08:58:52 +0800] "GET /xingrg/all/function/internal_message.html?_=1601341131271&CODE_STATE=getMsg HTTP/1.1" 200 27
180.174.56.115 - - [29/Sep/2020:08:58:52 +0800] "GET /xingrg/check_reg.html?_=1601341131583 HTTP/1.1" 200 22
180.174.56.115 - - [29/Sep/2020:08:58:52 +0800] "GET /xingrg/all/function/internal_message.html?_=1601341131581&CODE_STATE=getMsg HTTP/1.1" 200 27
101.85.228.253 - - [29/Sep/2020:08:58:56 +0800] "GET /xingrg/kc/buy/cgsh_order_operate.html?command=get_materiel&rest_code=00102&code=00101006129&supplier_code=00100011&order_time=2020-09-29 HTTP/1.1" 200 431
218.81.217.115 - - [29/Sep/2020:08:58:57 +0800] "GET /xingrg/kc/buy/cgsh_order_operate.html?command=get_materiel&rest_code=00146&code=00101008298&supplier_code=00100005&order_time=2020-09-29 HTTP/1.1" 200 412
172.17.0.100 - - [29/Sep/2020:08:58:58 +0800] "GET /xingrg/check_reg.html?_=1601341135771 HTTP/1.1" 200 22
172.17.0.100 - - [29/Sep/2020:08:58:58 +0800] "GET /xingrg/all/function/internal_message.html?_=1601341135773&CODE_STATE=getMsg HTTP/1.1" 200 27
124.77.70.31 - - [29/Sep/2020:08:58:59 +0800] "GET /xingrg/all/function/internal_message.html?_=1601341139511&CODE_STATE=getMsg HTTP/1.1" 200 27
172.17.0.123 - - [29/Sep/2020:08:59:02 +0800] "GET /xingrg/all/function/internal_message.html?_=1601341131167&CODE_STATE=getMsg HTTP/1.1" 200 27
218.81.217.115 - - [29/Sep/2020:08:59:03 +0800] "GET /xingrg/all/function/internal_message.html?_=1601341146133&CODE_STATE=getMsg HTTP/1.1" 200 27
218.81.217.115 - - [29/Sep/2020:08:59:05 +0800] "GET /xingrg/kc/buy/cgsh_order_operate.html?command=get_materiel&rest_code=00146&code=00101008225&supplier_code=00100005&order_time=2020-09-29 HTTP/1.1" 200 416
172.17.0.100 - - [29/Sep/2020:08:59:06 +0800] "POST /xingrg/kc/base/wldb_order_operate.html HTTP/1.1" 200 37
172.17.0.100 - - [29/Sep/2020:08:59:08 +0800] "POST /xingrg/kc/base/wldb_order_operate.html HTTP/1.1" 200 12
172.17.0.100 - - [29/Sep/2020:08:59:08 +0800] "POST /xingrg/kc/base/wldb_order_operate.html HTTP/1.1" 200 3674
114.88.166.242 - - [29/Sep/2020:08:59:09 +0800] "GET /xingrg/all/function/internal_message.html?_=1601254744126&CODE_STATE=getMsg HTTP/1.1" 200 27
172.17.0.100 - - [29/Sep/2020:08:59:09 +0800] "GET /xingrg/kc/base/wldb_order_info.html?code=422020092903509 HTTP/1.1" 200 26346
172.17.0.100 - - [29/Sep/2020:08:59:09 +0800] "GET /xingrg/javascript/easyui/themes/default/validatebox.css HTTP/1.1" 404 1104
172.17.0.100 - - [29/Sep/2020:08:59:09 +0800] "POST /xingrg/kc/base/wldb_order_operate.html HTTP/1.1" 200 1933
101.85.228.253 - - [29/Sep/2020:08:59:09 +0800] "GET /xingrg/kc/buy/cgsh_order_operate.html?command=get_materiel&rest_code=00102&code=00101006112&supplier_code=00100011&order_time=2020-09-29 HTTP/1.1" 200 409
180.157.253.48 - - [29/Sep/2020:08:59:13 +0800] "GET /xingrg/all/function/internal_message.html?_=1601341155629&CODE_STATE=getMsg HTTP/1.1" 200 27
218.81.217.115 - - [29/Sep/2020:08:59:13 +0800] "GET /xingrg/kc/buy/cgsh_order_operate.html?command=get_materiel&rest_code=00146&code=00101008080&supplier_code=00100005&order_time=2020-09-29 HTTP/1.1" 200 416
222.69.130.39 - - [29/Sep/2020:08:59:16 +0800] "GET /xingrg/kc/buy/cgsh_order_operate.html?command=get_materiel&rest_code=00149&code=00101008455&supplier_code=00100005&order_time=2020-09-29 HTTP/1.1" 200 406
172.17.0.100 - - [29/Sep/2020:08:59:17 +0800] "POST /xingrg/kc/base/wldb_list_operate.html HTTP/1.1" 200 928
218.81.217.115 - - [29/Sep/2020:08:59:17 +0800] "POST /xingrg/kc/buy/cgsh_order_operate.html HTTP/1.1" 200 2065
101.85.228.253 - - [29/Sep/2020:08:59:20 +0800] "GET /xingrg/kc/buy/cgsh_order_operate.html?command=get_materiel&rest_code=00102&code=00101006063&supplier_code=00100011&order_time=2020-09-29 HTTP/1.1" 200 413
116.232.53.21 - - [29/Sep/2020:08:59:21 +0800] "GET /xingrg/login.html HTTP/1.1" 200 7641
116.232.53.21 - - [29/Sep/2020:08:59:21 +0800] "GET /favicon.ico HTTP/1.1" 404 -
101.85.228.253 - - [29/Sep/2020:08:59:22 +0800] "GET /xingrg/all/function/internal_message.html?_=1601341374612&CODE_STATE=getMsg HTTP/1.1" 200 27
116.232.53.21 - - [29/Sep/2020:08:59:23 +0800] "POST /xingrg/login.do HTTP/1.1" 302 -
116.232.53.21 - - [29/Sep/2020:08:59:23 +0800] "GET /xingrg/index.html?sysBaseUrl=http%3A%2F%2F180.169.147.146%3A18081%2Fxingrg%2F&costTime=53×tamp=1601341163124 HTTP/1.1" 200 17173
116.232.53.21 - - [29/Sep/2020:08:59:23 +0800] "POST /xingrg/all/common/load_tree.html?tree=area_rest_tree_json&manage=1 HTTP/1.1" 200 342
116.232.53.21 - - [29/Sep/2020:08:59:23 +0800] "GET /xingrg/all/function/internal_message.html?_=1601341171939&CODE_STATE=count HTTP/1.1" 200 11
116.232.53.21 - - [29/Sep/2020:08:59:23 +0800] "GET /xingrg/check_reg.html?_=1601341171940 HTTP/1.1" 200 22
116.232.53.21 - - [29/Sep/2020:08:59:23 +0800] "POST /xingrg/load_menu.html HTTP/1.1" 200 5138
116.232.53.21 - - [29/Sep/2020:08:59:25 +0800] "GET /xingrg/kc/base/base_main.html HTTP/1.1" 200 12142
218.81.217.115 - - [29/Sep/2020:08:59:25 +0800] "GET /xingrg/kc/buy/cgsh_order_operate.html?command=get_materiel&rest_code=00146&code=00101008154&supplier_code=00100005&order_time=2020-09-29 HTTP/1.1" 200 413
222.69.130.39 - - [29/Sep/2020:08:59:28 +0800] "GET /xingrg/all/function/internal_message.html?_=1601341165313&CODE_STATE=getMsg HTTP/1.1" 200 27
218.81.217.115 - - [29/Sep/2020:08:59:28 +0800] "GET /xingrg/all/function/internal_message.html?_=1601341186351&CODE_STATE=getMsg HTTP/1.1" 200 27
101.85.228.253 - - [29/Sep/2020:08:59:30 +0800] "GET /xingrg/kc/buy/cgsh_order_operate.html?command=get_materiel&rest_code=00102&code=00101006110&supplier_code=00100011&order_time=2020-09-29 HTTP/1.1" 200 408
222.69.130.39 - - [29/Sep/2020:08:59:31 +0800] "GET /xingrg/kc/buy/cgsh_order_operate.html?command=get_materiel&rest_code=00149&code=00101008264&supplier_code=00100005&order_time=2020-09-29 HTTP/1.1" 200 412
116.232.53.21 - - [29/Sep/2020:08:59:34 +0800] "GET /xingrg/index.html?sysBaseUrl=http%3A%2F%2F180.169.147.146%3A18081%2Fxingrg%2F&costTime=53×tamp=1601341163124 HTTP/1.1" 200 17173
116.232.53.21 - - [29/Sep/2020:08:59:34 +0800] "GET /xingrg/javascript/jquery_easy_ui/themes/default/easyui.css HTTP/1.1" 304 -
116.232.53.21 - - [29/Sep/2020:08:59:34 +0800] "GET /xingrg/css/form.css HTTP/1.1" 304 -
116.232.53.21 - - [29/Sep/2020:08:59:34 +0800] "GET /xingrg/javascript/jquery.timers.js HTTP/1.1" 304 -
116.232.53.21 - - [29/Sep/2020:08:59:34 +0800] "GET /xingrg/javascript/jquery_easy_ui/themes/icon.css HTTP/1.1" 304 -
116.232.53.21 - - [29/Sep/2020:08:59:34 +0800] "GET /xingrg/javascript/jquery-1.4.2.min.js HTTP/1.1" 304 -
116.232.53.21 - - [29/Sep/2020:08:59:34 +0800] "GET /xingrg/javascript/jquery_easy_ui/jquery.easyui.min.js HTTP/1.1" 304 -
116.232.53.21 - - [29/Sep/2020:08:59:34 +0800] "GET /xingrg/javascript/jquery_easy_ui/easyui-lang-zh_CN.js HTTP/1.1" 304 -
116.232.53.21 - - [29/Sep/2020:08:59:34 +0800] "GET /xingrg/javascript/jquery.form.js HTTP/1.1" 304 -
116.232.53.21 - - [29/Sep/2020:08:59:34 +0800] "GET /xingrg/javascript/jquery.utils.js HTTP/1.1" 304 -
116.232.53.21 - - [29/Sep/2020:08:59:34 +0800] "GET /xingrg/images/blue/jxLogo.png HTTP/1.1" 304 -
116.232.53.21 - - [29/Sep/2020:08:59:34 +0800] "GET /xingrg/images/blue/navBackgound.jpg HTTP/1.1" 304 -
116.232.53.21 - - [29/Sep/2020:08:59:34 +0800] "GET /xingrg/javascript/jquery_easy_ui/themes/icons/settle_new.png HTTP/1.1" 304 -
116.232.53.21 - - [29/Sep/2020:08:59:35 +0800] "POST /xingrg/all/common/load_tree.html?tree=area_rest_tree_json&manage=1 HTTP/1.1" 200 342
116.232.53.21 - - [29/Sep/2020:08:59:35 +0800] "GET /xingrg/images/blue/pingpu.png HTTP/1.1" 304 -
116.232.53.21 - - [29/Sep/2020:08:59:35 +0800] "GET /xingrg/javascript/jquery_easy_ui/themes/default/images/tabs_leftarrow.png HTTP/1.1" 304 -
116.232.53.21 - - [29/Sep/2020:08:59:35 +0800] "GET /xingrg/javascript/jquery_easy_ui/themes/default/images/tabs_rightarrow.png HTTP/1.1" 304 -
116.232.53.21 - - [29/Sep/2020:08:59:35 +0800] "GET /xingrg/javascript/jquery_easy_ui/themes/default/images/panel_tool_collapse.gif HTTP/1.1" 304 -
116.232.53.21 - - [29/Sep/2020:08:59:35 +0800] "GET /xingrg/all/function/internal_message.html?_=1601341183875&CODE_STATE=count HTTP/1.1" 200 11
116.232.53.21 - - [29/Sep/2020:08:59:35 +0800] "GET /xingrg/check_reg.html?_=1601341183875 HTTP/1.1" 200 22
116.232.53.21 - - [29/Sep/2020:08:59:35 +0800] "POST /xingrg/load_menu.html HTTP/1.1" 200 5138
116.232.53.21 - - [29/Sep/2020:08:59:35 +0800] "GET /xingrg/javascript/jquery_easy_ui/themes/default/images/tree_arrows.gif HTTP/1.1" 304 -
116.232.53.21 - - [29/Sep/2020:08:59:35 +0800] "GET /xingrg/javascript/jquery_easy_ui/themes/default/images/tree_folder_open.gif HTTP/1.1" 304 -
116.232.53.21 - - [29/Sep/2020:08:59:35 +0800] "GET /xingrg/javascript/jquery_easy_ui/themes/icons/search_new.png HTTP/1.1" 304 -
116.232.53.21 - - [29/Sep/2020:08:59:35 +0800] "GET /xingrg/javascript/jquery_easy_ui/themes/default/images/tree_folder.gif HTTP/1.1" 304 -
116.232.53.21 - - [29/Sep/2020:08:59:35 +0800] "GET /xingrg/javascript/jquery_easy_ui/themes/icons/storage_new.png HTTP/1.1" 304 -
116.232.53.21 - - [29/Sep/2020:08:59:35 +0800] "GET /xingrg/javascript/jquery_easy_ui/themes/icons/forms_new.png HTTP/1.1" 304 -
101.85.228.253 - - [29/Sep/2020:08:59:36 +0800] "GET /xingrg/kc/buy/cgsh_order_operate.html?command=get_materiel&rest_code=00102&code=00101006017&supplier_code=00100011&order_time=2020-09-29 HTTP/1.1" 200 417
116.232.53.21 - - [29/Sep/2020:08:59:38 +0800] "GET /xingrg/index.html?sysBaseUrl=http%3A%2F%2F180.169.147.146%3A18081%2Fxingrg%2F&costTime=53×tamp=1601341163124 HTTP/1.1" 200 17173
116.232.53.21 - - [29/Sep/2020:08:59:38 +0800] "GET /xingrg/javascript/jquery_easy_ui/themes/default/easyui.css HTTP/1.1" 304 -
116.232.53.21 - - [29/Sep/2020:08:59:38 +0800] "GET /xingrg/javascript/jquery_easy_ui/themes/icon.css HTTP/1.1" 304 -
116.232.53.21 - - [29/Sep/2020:08:59:38 +0800] "GET /xingrg/javascript/jquery-1.4.2.min.js HTTP/1.1" 304 -
116.232.53.21 - - [29/Sep/2020:08:59:38 +0800] "GET /xingrg/css/form.css HTTP/1.1" 304 -
116.232.53.21 - - [29/Sep/2020:08:59:38 +0800] "GET /xingrg/javascript/jquery_easy_ui/easyui-lang-zh_CN.js HTTP/1.1" 304 -
116.232.53.21 - - [29/Sep/2020:08:59:38 +0800] "GET /xingrg/javascript/jquery_easy_ui/jquery.easyui.min.js HTTP/1.1" 304 -
116.232.53.21 - - [29/Sep/2020:08:59:38 +0800] "GET /xingrg/javascript/jquery.form.js HTTP/1.1" 304 -
116.232.53.21 - - [29/Sep/2020:08:59:38 +0800] "GET /xingrg/javascript/jquery.utils.js HTTP/1.1" 304 -
116.232.53.21 - - [29/Sep/2020:08:59:38 +0800] "GET /xingrg/javascript/jquery.timers.js HTTP/1.1" 304 -
116.232.53.21 - - [29/Sep/2020:08:59:38 +0800] "GET /xingrg/images/blue/jxLogo.png HTTP/1.1" 304 -
116.232.53.21 - - [29/Sep/2020:08:59:38 +0800] "GET /xingrg/images/blue/navBackgound.jpg HTTP/1.1" 304 -
116.232.53.21 - - [29/Sep/2020:08:59:38 +0800] "GET /xingrg/javascript/jquery_easy_ui/themes/icons/settle_new.png HTTP/1.1" 304 -
116.232.53.21 - - [29/Sep/2020:08:59:38 +0800] "POST /xingrg/all/common/load_tree.html?tree=area_rest_tree_json&manage=1 HTTP/1.1" 200 342
116.232.53.21 - - [29/Sep/2020:08:59:38 +0800] "GET /xingrg/images/blue/pingpu.png HTTP/1.1" 304 -
116.232.53.21 - - [29/Sep/2020:08:59:38 +0800] "GET /xingrg/javascript/jquery_easy_ui/themes/default/images/tabs_leftarrow.png HTTP/1.1" 304 -
116.232.53.21 - - [29/Sep/2020:08:59:38 +0800] "GET /xingrg/javascript/jquery_easy_ui/themes/default/images/tabs_rightarrow.png HTTP/1.1" 304 -
116.232.53.21 - - [29/Sep/2020:08:59:38 +0800] "GET /xingrg/javascript/jquery_easy_ui/themes/default/images/panel_tool_collapse.gif HTTP/1.1" 304 -
116.232.53.21 - - [29/Sep/2020:08:59:38 +0800] "GET /xingrg/all/function/internal_message.html?_=1601341187703&CODE_STATE=count HTTP/1.1" 200 11
116.232.53.21 - - [29/Sep/2020:08:59:38 +0800] "GET /xingrg/check_reg.html?_=1601341187703 HTTP/1.1" 200 22
116.232.53.21 - - [29/Sep/2020:08:59:38 +0800] "POST /xingrg/load_menu.html HTTP/1.1" 200 5138
116.232.53.21 - - [29/Sep/2020:08:59:38 +0800] "GET /xingrg/javascript/jquery_easy_ui/themes/default/images/tree_arrows.gif HTTP/1.1" 304 -
116.232.53.21 - - [29/Sep/2020:08:59:39 +0800] "GET /xingrg/javascript/jquery_easy_ui/themes/default/images/tree_folder_open.gif HTTP/1.1" 304 -
116.232.53.21 - - [29/Sep/2020:08:59:39 +0800] "GET /xingrg/javascript/jquery_easy_ui/themes/icons/search_new.png HTTP/1.1" 304 -
116.232.53.21 - - [29/Sep/2020:08:59:39 +0800] "GET /xingrg/javascript/jquery_easy_ui/themes/icons/storage_new.png HTTP/1.1" 304 -
116.232.53.21 - - [29/Sep/2020:08:59:39 +0800] "GET /xingrg/javascript/jquery_easy_ui/themes/default/images/tree_folder.gif HTTP/1.1" 304 -
116.232.53.21 - - [29/Sep/2020:08:59:39 +0800] "GET /xingrg/javascript/jquery_easy_ui/themes/icons/forms_new.png HTTP/1.1" 304 -
116.232.53.21 - - [29/Sep/2020:08:59:39 +0800] "GET /xingrg/javascript/jquery_easy_ui/themes/default/images/tree_file.gif HTTP/1.1" 304 -
114.88.166.242 - - [29/Sep/2020:08:59:39 +0800] "GET /xingrg/all/function/internal_message.html?_=1601341176454&CODE_STATE=getMsg HTTP/1.1" 200 27
116.232.53.21 - - [29/Sep/2020:08:59:39 +0800] "GET /xingrg/javascript/jquery_easy_ui/themes/default/images/tabs_close.gif HTTP/1.1" 304 -
116.232.53.21 - - [29/Sep/2020:08:59:39 +0800] "GET /xingrg/kc/report/report_main.html HTTP/1.1" 200 7345
116.232.53.21 - - [29/Sep/2020:08:59:39 +0800] "GET /xingrg/css/blue.css HTTP/1.1" 304 -
116.232.53.21 - - [29/Sep/2020:08:59:39 +0800] "GET /xingrg/javascript/jquery_ui/themes/humanity/humanity.css HTTP/1.1" 304 -
116.232.53.21 - - [29/Sep/2020:08:59:39 +0800] "GET /xingrg/javascript/pic_change.js HTTP/1.1" 304 -
116.232.53.21 - - [29/Sep/2020:08:59:39 +0800] "GET /xingrg/javascript/myfunction.js HTTP/1.1" 304 -
116.232.53.21 - - [29/Sep/2020:08:59:39 +0800] "GET /xingrg/javascript/json2.js HTTP/1.1" 304 -
116.232.53.21 - - [29/Sep/2020:08:59:39 +0800] "GET /xingrg/javascript/jquery_easy_ui/themes/icons/back_new.png HTTP/1.1" 304 -
58.40.7.146 - - [29/Sep/2020:08:59:40 +0800] "GET /xingrg/all/function/internal_message.html?_=1601341179493&CODE_STATE=getMsg HTTP/1.1" 200 27
116.232.53.21 - - [29/Sep/2020:08:59:41 +0800] "GET /xingrg/all/report/report_query.html?fileName=kc/base/rk_by_base.xml&rh=9999 HTTP/1.1" 200 51953
116.232.53.21 - - [29/Sep/2020:08:59:41 +0800] "GET /xingrg/javascript/multi_select/jqueryMultiSelect.css HTTP/1.1" 304 -
116.232.53.21 - - [29/Sep/2020:08:59:41 +0800] "GET /xingrg/javascript/calendar/timePicker.css HTTP/1.1" 304 -
116.232.53.21 - - [29/Sep/2020:08:59:41 +0800] "GET /xingrg/javascript/bigrid/fix.css HTTP/1.1" 304 -
116.232.53.21 - - [29/Sep/2020:08:59:41 +0800] "GET /xingrg/dwr/interface/AjaxReportQueryService.js HTTP/1.1" 200 13203
116.232.53.21 - - [29/Sep/2020:08:59:41 +0800] "GET /xingrg/dwr/util.js HTTP/1.1" 304 -
116.232.53.21 - - [29/Sep/2020:08:59:41 +0800] "GET /xingrg/javascript/Calendar.js HTTP/1.1" 304 -
116.232.53.21 - - [29/Sep/2020:08:59:41 +0800] "GET /xingrg/javascript/jqueryMultiSelect.js HTTP/1.1" 304 -
116.232.53.21 - - [29/Sep/2020:08:59:41 +0800] "GET /xingrg/javascript/calendar/jquery.timePicker.min.js HTTP/1.1" 304 -
116.232.53.21 - - [29/Sep/2020:08:59:41 +0800] "GET /xingrg/javascript/bigrid/fix.js HTTP/1.1" 304 -
116.232.53.21 - - [29/Sep/2020:08:59:41 +0800] "GET /xingrg/dwr/engine.js HTTP/1.1" 200 43631
116.232.53.21 - - [29/Sep/2020:08:59:41 +0800] "GET /xingrg/images/control/loading.gif HTTP/1.1" 304 -
116.232.53.21 - - [29/Sep/2020:08:59:41 +0800] "GET /xingrg/images/blue/button/advanceover.gif HTTP/1.1" 304 -
116.232.53.21 - - [29/Sep/2020:08:59:41 +0800] "GET /xingrg/images/blue/button/advance2over.gif HTTP/1.1" 304 -
116.232.53.21 - - [29/Sep/2020:08:59:41 +0800] "GET /xingrg/images/blue/button/back2over.gif HTTP/1.1" 304 -
116.232.53.21 - - [29/Sep/2020:08:59:41 +0800] "GET /xingrg/images/blue/button/backover.gif HTTP/1.1" 304 -
116.232.53.21 - - [29/Sep/2020:08:59:41 +0800] "GET /xingrg/javascript/jquery_easy_ui/themes/icons/help.png HTTP/1.1" 304 -
116.232.53.21 - - [29/Sep/2020:08:59:41 +0800] "GET /xingrg/javascript/jquery_easy_ui/themes/default/images/menu_downarrow.png HTTP/1.1" 304 -
116.232.53.21 - - [29/Sep/2020:08:59:41 +0800] "GET /xingrg/javascript/jquery_easy_ui/themes/default/images/menu.gif HTTP/1.1" 304 -
116.232.53.21 - - [29/Sep/2020:08:59:41 +0800] "GET /xingrg/javascript/jquery_easy_ui/themes/icons/print.png HTTP/1.1" 304 -
116.232.53.21 - - [29/Sep/2020:08:59:41 +0800] "GET /xingrg/javascript/jquery_easy_ui/themes/icons/pencil.png HTTP/1.1" 304 -
116.232.53.21 - - [29/Sep/2020:08:59:41 +0800] "GET /xingrg/javascript/jquery_easy_ui/themes/default/images/menu_rightarrow.png HTTP/1.1" 304 -
116.232.53.21 - - [29/Sep/2020:08:59:41 +0800] "POST /xingrg/dwr/call/plaincall/AjaxReportQueryService.getFixDate.dwr HTTP/1.1" 200 111
116.232.53.21 - - [29/Sep/2020:08:59:41 +0800] "GET /xingrg/javascript/jquery_easy_ui/themes/default/images/combo_arrow_dot.gif HTTP/1.1" 304 -
116.232.53.21 - - [29/Sep/2020:08:59:41 +0800] "POST /xingrg/all/common/load_tree.html?tree=materiel_sort_tree_json HTTP/1.1" 200 8666
116.232.53.21 - - [29/Sep/2020:08:59:42 +0800] "GET /xingrg/javascript/jquery_easy_ui/themes/default/images/tree_checkbox_0.gif HTTP/1.1" 304 -
116.232.53.21 - - [29/Sep/2020:08:59:42 +0800] "POST /xingrg/dwr/call/plaincall/AjaxReportQueryService.getInitString.dwr HTTP/1.1" 200 1014
116.232.53.21 - - [29/Sep/2020:08:59:42 +0800] "GET /xingrg/javascript/multi_select/dropdown.gif HTTP/1.1" 304 -
101.85.228.253 - - [29/Sep/2020:08:59:42 +0800] "GET /xingrg/kc/buy/cgsh_order_operate.html?command=get_materiel&rest_code=00102&code=00101006065&supplier_code=00100011&order_time=2020-09-29 HTTP/1.1" 200 409
114.88.166.242 - - [29/Sep/2020:08:59:43 +0800] "GET /xingrg/all/function/internal_message.html?_=1601341257603&CODE_STATE=getMsg HTTP/1.1" 200 27
172.17.200.101 - - [29/Sep/2020:08:59:47 +0800] "GET /xingrg/all/function/internal_message.html?_=1601341186861&CODE_STATE=getMsg HTTP/1.1" 200 27
222.69.130.39 - - [29/Sep/2020:08:59:49 +0800] "GET /xingrg/kc/buy/cgsh_order_operate.html?command=get_materiel&rest_code=00149&code=00101009030&supplier_code=00100005&order_time=2020-09-29 HTTP/1.1" 200 412
172.17.0.185 - - [29/Sep/2020:08:59:50 +0800] "GET /xingrg/check_reg.html?_=1601341187210 HTTP/1.1" 200 22
218.81.217.115 - - [29/Sep/2020:08:59:51 +0800] "GET /xingrg/kc/buy/cgsh_order_operate.html?command=get_materiel&rest_code=00146&code=00101008304&supplier_code=00100005&order_time=2020-09-29 HTTP/1.1" 200 412
116.232.53.21 - - [29/Sep/2020:08:59:51 +0800] "GET /xingrg/javascript/jquery_easy_ui/themes/default/images/tree_checkbox_1.gif HTTP/1.1" 304 -
116.232.53.21 - - [29/Sep/2020:08:59:51 +0800] "GET /xingrg/javascript/jquery_easy_ui/themes/default/images/tree_checkbox_2.gif HTTP/1.1" 304 -
116.232.53.21 - - [29/Sep/2020:08:59:51 +0800] "GET /xingrg/javascript/multi_select/dropdown_hover.gif HTTP/1.1" 304 -
116.232.53.21 - - [29/Sep/2020:08:59:52 +0800] "GET /xingrg/javascript/multi_select/dropdown_active.gif HTTP/1.1" 304 -
180.162.245.190 - - [29/Sep/2020:08:59:52 +0800] "GET /xingrg/all/function/internal_message.html?_=1601341191270&CODE_STATE=getMsg HTTP/1.1" 200 27
180.174.56.115 - - [29/Sep/2020:08:59:52 +0800] "GET /xingrg/all/function/internal_message.html?_=1601341191634&CODE_STATE=getMsg HTTP/1.1" 200 27
101.85.228.253 - - [29/Sep/2020:08:59:53 +0800] "GET /xingrg/kc/buy/cgsh_order_operate.html?command=get_materiel&rest_code=00102&code=00101006019&supplier_code=00100011&order_time=2020-09-29 HTTP/1.1" 200 417
172.17.0.100 - - [29/Sep/2020:08:59:58 +0800] "GET /xingrg/all/function/internal_message.html?_=1601341195812&CODE_STATE=getMsg HTTP/1.1" 200 27
124.77.70.31 - - [29/Sep/2020:08:59:59 +0800] "GET /xingrg/all/function/internal_message.html?_=1601341199514&CODE_STATE=getMsg HTTP/1.1" 200 27
101.85.228.253 - - [29/Sep/2020:09:00:01 +0800] "GET /xingrg/kc/buy/cgsh_order_operate.html?command=get_materiel&rest_code=00102&code=00101016104&supplier_code=00100011&order_time=2020-09-29 HTTP/1.1" 200 409
172.17.0.123 - - [29/Sep/2020:09:00:02 +0800] "GET /xingrg/all/function/internal_message.html?_=1601341191167&CODE_STATE=getMsg HTTP/1.1" 200 27
218.81.217.115 - - [29/Sep/2020:09:00:03 +0800] "GET /xingrg/all/function/internal_message.html?_=1601341206147&CODE_STATE=getMsg HTTP/1.1" 200 27
222.69.130.39 - - [29/Sep/2020:09:00:03 +0800] "POST /xingrg/kc/buy/cgsh_order_operate.html HTTP/1.1" 200 2065
116.232.53.21 - - [29/Sep/2020:09:00:05 +0800] "POST /xingrg/dwr/call/plaincall/AjaxReportQueryService.refreshCache.dwr HTTP/1.1" 200 78
116.232.53.21 - - [29/Sep/2020:09:00:05 +0800] "POST /xingrg/all/report/load_report_page.html HTTP/1.1" 200 22503
116.232.53.21 - - [29/Sep/2020:09:00:05 +0800] "GET /xingrg/servlets/image?cache=0.9534992887260334&image=px HTTP/1.1" 200 807
101.85.228.253 - - [29/Sep/2020:09:00:08 +0800] "GET /xingrg/kc/buy/cgsh_order_operate.html?command=get_materiel&rest_code=00102&code=00101006136&supplier_code=00100011&order_time=2020-09-29 HTTP/1.1" 200 417
114.88.166.242 - - [29/Sep/2020:09:00:09 +0800] "GET /xingrg/all/function/internal_message.html?_=1601254804151&CODE_STATE=getMsg HTTP/1.1" 200 27
114.88.166.242 - - [29/Sep/2020:09:00:09 +0800] "GET /xingrg/check_reg.html?_=1601254804152 HTTP/1.1" 200 22
222.69.130.39 - - [29/Sep/2020:09:00:10 +0800] "GET /xingrg/kc/buy/cgsh_order_operate.html?command=get_materiel&rest_code=00149&code=00101008356&supplier_code=00100005&order_time=2020-09-29 HTTP/1.1" 200 409
180.157.253.48 - - [29/Sep/2020:09:00:13 +0800] "GET /xingrg/all/function/internal_message.html?_=1601341215713&CODE_STATE=getMsg HTTP/1.1" 200 27
124.77.70.31 - - [29/Sep/2020:09:00:18 +0800] "GET /xingrg/login.html HTTP/1.1" 200 7641
124.77.70.31 - - [29/Sep/2020:09:00:21 +0800] "GET /favicon.ico HTTP/1.1" 404 -
101.85.228.253 - - [29/Sep/2020:09:00:22 +0800] "GET /xingrg/all/function/internal_message.html?_=1601341434685&CODE_STATE=getMsg HTTP/1.1" 200 27
124.77.70.31 - - [29/Sep/2020:09:00:23 +0800] "POST /xingrg/login.do HTTP/1.1" 302 -
124.77.70.31 - - [29/Sep/2020:09:00:23 +0800] "GET /xingrg/index.html?sysBaseUrl=http%3A%2F%2F180.169.147.146%3A18081%2Fxingrg%2F&costTime=43×tamp=1601341223862 HTTP/1.1" 200 17179
218.81.217.115 - - [29/Sep/2020:09:00:25 +0800] "GET /xingrg/check_reg.html?_=1601341243513 HTTP/1.1" 200 22
124.77.70.31 - - [29/Sep/2020:09:00:26 +0800] "GET /favicon.ico HTTP/1.1" 404 -
222.69.130.39 - - [29/Sep/2020:09:00:28 +0800] "GET /xingrg/check_reg.html?_=1601341225303 HTTP/1.1" 200 22
222.69.130.39 - - [29/Sep/2020:09:00:28 +0800] "GET /xingrg/all/function/internal_message.html?_=1601341225304&CODE_STATE=getMsg HTTP/1.1" 200 27
101.85.228.253 - - [29/Sep/2020:09:00:28 +0800] "GET /xingrg/kc/buy/cgsh_order_operate.html?command=get_materiel&rest_code=00102&code=00101006174&supplier_code=00100011&order_time=2020-09-29 HTTP/1.1" 200 415
218.81.217.115 - - [29/Sep/2020:09:00:28 +0800] "GET /xingrg/all/function/internal_message.html?_=1601341246365&CODE_STATE=getMsg HTTP/1.1" 200 27
124.77.70.31 - - [29/Sep/2020:09:00:28 +0800] "POST /xingrg/all/common/load_tree.html?tree=area_rest_tree_json&manage=1 HTTP/1.1" 200 476
124.77.70.31 - - [29/Sep/2020:09:00:29 +0800] "GET /xingrg/all/function/internal_message.html?_=1601341228466&CODE_STATE=count HTTP/1.1" 200 11
124.77.70.31 - - [29/Sep/2020:09:00:29 +0800] "GET /xingrg/check_reg.html?_=1601341228489 HTTP/1.1" 200 22
124.77.70.31 - - [29/Sep/2020:09:00:30 +0800] "POST /xingrg/load_menu.html HTTP/1.1" 200 5138
124.77.70.31 - - [29/Sep/2020:09:00:34 +0800] "GET /xingrg/kc/buy/buy_main.html HTTP/1.1" 200 12412
124.77.70.31 - - [29/Sep/2020:09:00:34 +0800] "GET /xingrg/css/new_ie.css HTTP/1.1" 404 1036
101.85.228.253 - - [29/Sep/2020:09:00:37 +0800] "GET /xingrg/kc/buy/cgsh_order_operate.html?command=get_materiel&rest_code=00102&code=00101006025&supplier_code=00100011&order_time=2020-09-29 HTTP/1.1" 200 417
116.232.53.21 - - [29/Sep/2020:09:00:37 +0800] "GET /xingrg/all/function/internal_message.html?_=1601341247703&CODE_STATE=getMsg HTTP/1.1" 200 27
222.69.130.39 - - [29/Sep/2020:09:00:39 +0800] "GET /xingrg/kc/buy/cgsh_order_operate.html?command=get_materiel&rest_code=00149&code=00101008137&supplier_code=00100005&order_time=2020-09-29 HTTP/1.1" 200 408
114.88.166.242 - - [29/Sep/2020:09:00:39 +0800] "GET /xingrg/all/function/internal_message.html?_=1601341236645&CODE_STATE=getMsg HTTP/1.1" 200 27
58.40.7.146 - - [29/Sep/2020:09:00:41 +0800] "GET /xingrg/all/function/internal_message.html?_=1601341239496&CODE_STATE=getMsg HTTP/1.1" 200 27
114.88.166.242 - - [29/Sep/2020:09:00:43 +0800] "GET /xingrg/check_reg.html?_=1601341317538 HTTP/1.1" 200 22
114.88.166.242 - - [29/Sep/2020:09:00:43 +0800] "GET /xingrg/all/function/internal_message.html?_=1601341317540&CODE_STATE=getMsg HTTP/1.1" 200 27
101.85.228.253 - - [29/Sep/2020:09:00:44 +0800] "GET /xingrg/kc/buy/cgsh_order_operate.html?command=get_materiel&rest_code=00102&code=00101006177&supplier_code=00100011&order_time=2020-09-29 HTTP/1.1" 200 409
218.81.217.115 - - [29/Sep/2020:09:00:47 +0800] "GET /xingrg/kc/buy/cgsh_order_operate.html?command=get_materiel&rest_code=00146&code=00101008017&supplier_code=00100005&order_time=2020-09-29 HTTP/1.1" 200 416
172.17.200.101 - - [29/Sep/2020:09:00:47 +0800] "GET /xingrg/check_reg.html?_=1601341246860 HTTP/1.1" 200 22
172.17.200.101 - - [29/Sep/2020:09:00:47 +0800] "GET /xingrg/all/function/internal_message.html?_=1601341246861&CODE_STATE=getMsg HTTP/1.1" 200 27
222.69.130.39 - - [29/Sep/2020:09:00:48 +0800] "GET /xingrg/kc/buy/cgsh_order_operate.html?command=get_materiel&rest_code=00149&code=00101008223&supplier_code=00100005&order_time=2020-09-29 HTTP/1.1" 200 412
180.162.245.190 - - [29/Sep/2020:09:00:52 +0800] "GET /xingrg/check_reg.html?_=1601341251269 HTTP/1.1" 200 22
180.162.245.190 - - [29/Sep/2020:09:00:52 +0800] "GET /xingrg/all/function/internal_message.html?_=1601341251270&CODE_STATE=getMsg HTTP/1.1" 200 27
180.174.56.115 - - [29/Sep/2020:09:00:53 +0800] "GET /xingrg/all/function/internal_message.html?_=1601341251672&CODE_STATE=getMsg HTTP/1.1" 200 27
124.77.70.31 - - [29/Sep/2020:09:00:53 +0800] "GET /xingrg/images/yd/bt.gif HTTP/1.1" 404 1040
124.77.70.31 - - [29/Sep/2020:09:00:54 +0800] "GET /xingrg/kc/buy/cgsh_order_list.html HTTP/1.1" 200 44206
114.88.166.242 - - [29/Sep/2020:09:00:55 +0800] "GET /xingrg/check_reg.html?_=1601341251980 HTTP/1.1" 200 22
101.85.228.253 - - [29/Sep/2020:09:00:55 +0800] "GET /xingrg/kc/buy/cgsh_order_operate.html?command=get_materiel&rest_code=00102&code=00101006133&supplier_code=00100011&order_time=2020-09-29 HTTP/1.1" 200 413
218.81.217.115 - - [29/Sep/2020:09:00:55 +0800] "GET /xingrg/kc/buy/cgsh_order_operate.html?command=get_materiel&rest_code=00146&code=00101008330&supplier_code=00100005&order_time=2020-09-29 HTTP/1.1" 200 408
124.77.70.31 - - [29/Sep/2020:09:00:56 +0800] "POST /xingrg/kc/buy/cgsh_list_operate.html HTTP/1.1" 200 876
172.17.0.100 - - [29/Sep/2020:09:00:58 +0800] "GET /xingrg/all/function/internal_message.html?_=1601341255809&CODE_STATE=getMsg HTTP/1.1" 200 27
124.77.70.31 - - [29/Sep/2020:09:00:59 +0800] "GET /xingrg/all/function/internal_message.html?_=1601341259518&CODE_STATE=getMsg HTTP/1.1" 200 27
124.77.70.31 - - [29/Sep/2020:09:00:59 +0800] "GET /xingrg/check_reg.html?_=1601341259519 HTTP/1.1" 200 22
124.77.70.31 - - [29/Sep/2020:09:01:00 +0800] "GET /xingrg/kc/buy/cgsh_order_add.html HTTP/1.1" 200 60026
124.77.70.31 - - [29/Sep/2020:09:01:01 +0800] "GET /xingrg/words/20200928181644_words.js HTTP/1.1" 304 -
124.77.70.31 - - [29/Sep/2020:09:01:01 +0800] "POST /xingrg/kc/buy/cgsh_order_operate.html HTTP/1.1" 200 8245
124.77.70.31 - - [29/Sep/2020:09:01:01 +0800] "GET /xingrg/all/common/auto_word.html?type=employee&rest_code=00107 HTTP/1.1" 200 147
124.77.70.31 - - [29/Sep/2020:09:01:02 +0800] "GET /xingrg/javascript/easyui/themes/default/validatebox.css HTTP/1.1" 404 1104
124.77.70.31 - - [29/Sep/2020:09:01:02 +0800] "GET /xingrg/all/common/auto_word.html?type=employee&rest_code=00107 HTTP/1.1" 200 147
172.17.0.123 - - [29/Sep/2020:09:01:02 +0800] "GET /xingrg/all/function/internal_message.html?_=1601341251171&CODE_STATE=getMsg HTTP/1.1" 200 27
172.17.0.123 - - [29/Sep/2020:09:01:02 +0800] "GET /xingrg/check_reg.html?_=1601341251173 HTTP/1.1" 200 22
218.81.217.115 - - [29/Sep/2020:09:01:02 +0800] "GET /xingrg/check_reg.html?_=1601341265727 HTTP/1.1" 200 22
218.81.217.115 - - [29/Sep/2020:09:01:03 +0800] "GET /xingrg/all/function/internal_message.html?_=1601341266165&CODE_STATE=getMsg HTTP/1.1" 200 27
124.77.70.31 - - [29/Sep/2020:09:01:03 +0800] "GET /xingrg/javascript/easyui/themes/default/tree.css HTTP/1.1" 404 1090
124.77.70.31 - - [29/Sep/2020:09:01:03 +0800] "POST /xingrg/all/common/load_tree.html?tree=supplier_tree_json&isDelete=1 HTTP/1.1" 200 50541
218.81.217.115 - - [29/Sep/2020:09:01:04 +0800] "GET /xingrg/kc/buy/cgsh_order_operate.html?command=get_materiel&rest_code=00146&code=00101008091&supplier_code=00100005&order_time=2020-09-29 HTTP/1.1" 200 413
101.85.228.253 - - [29/Sep/2020:09:01:05 +0800] "GET /favicon.ico HTTP/1.1" 404 -
218.81.217.115 - - [29/Sep/2020:09:01:07 +0800] "POST /xingrg/kc/buy/cgsh_order_operate.html HTTP/1.1" 200 2065
114.88.166.242 - - [29/Sep/2020:09:01:09 +0800] "GET /xingrg/all/function/internal_message.html?_=1601254864151&CODE_STATE=getMsg HTTP/1.1" 200 27
101.85.228.253 - - [29/Sep/2020:09:01:11 +0800] "POST /xingrg/kc/buy/cgsh_order_operate.html HTTP/1.1" 200 37
101.85.228.253 - - [29/Sep/2020:09:01:13 +0800] "POST /xingrg/kc/buy/cgsh_order_operate.html HTTP/1.1" 200 9807
180.157.253.48 - - [29/Sep/2020:09:01:13 +0800] "GET /xingrg/check_reg.html?_=1601341275504 HTTP/1.1" 200 22
180.157.253.48 - - [29/Sep/2020:09:01:13 +0800] "GET /xingrg/all/function/internal_message.html?_=1601341275785&CODE_STATE=getMsg HTTP/1.1" 200 27
218.81.217.115 - - [29/Sep/2020:09:01:14 +0800] "GET /xingrg/kc/buy/cgsh_order_operate.html?command=get_materiel&rest_code=00146&code=00101008244&supplier_code=00100005&order_time=2020-09-29 HTTP/1.1" 200 408
124.77.70.31 - - [29/Sep/2020:09:01:19 +0800] "GET /xingrg/javascript/auto/indicator.gif HTTP/1.1" 404 1066
101.85.228.253 - - [29/Sep/2020:09:01:22 +0800] "GET /xingrg/all/function/internal_message.html?_=1601341494685&CODE_STATE=getMsg HTTP/1.1" 200 27
222.69.130.39 - - [29/Sep/2020:09:01:25 +0800] "GET /xingrg/kc/buy/cgsh_order_operate.html?command=get_materiel&rest_code=00149&code=00101008357&supplier_code=00100005&order_time=2020-09-29 HTTP/1.1" 200 408
124.77.70.31 - - [29/Sep/2020:09:01:26 +0800] "GET /xingrg/kc/buy/cgsh_order_operate.html?command=get_materiel&rest_code=00107&code=00101008155&supplier_code=00100006&order_time=2020-09-29 HTTP/1.1" 200 408
222.69.130.39 - - [29/Sep/2020:09:01:28 +0800] "GET /xingrg/all/function/internal_message.html?_=1601341285311&CODE_STATE=getMsg HTTP/1.1" 200 27
218.81.217.115 - - [29/Sep/2020:09:01:28 +0800] "GET /xingrg/all/function/internal_message.html?_=1601341306379&CODE_STATE=getMsg HTTP/1.1" 200 27
124.77.70.31 - - [29/Sep/2020:09:01:29 +0800] "GET /xingrg/all/function/internal_message.html?_=1601341288593&CODE_STATE=getMsg HTTP/1.1" 200 27
218.81.217.115 - - [29/Sep/2020:09:01:31 +0800] "GET /xingrg/kc/buy/cgsh_order_operate.html?command=get_materiel&rest_code=00146&code=00101008019&supplier_code=00100005&order_time=2020-09-29 HTTP/1.1" 200 416
222.69.130.39 - - [29/Sep/2020:09:01:32 +0800] "POST /xingrg/kc/buy/cgsh_order_operate.html HTTP/1.1" 200 2065
116.232.53.21 - - [29/Sep/2020:09:01:35 +0800] "GET /xingrg/javascript/jquery_easy_ui/themes/icons/rest.png HTTP/1.1" 304 -
116.232.53.21 - - [29/Sep/2020:09:01:35 +0800] "GET /xingrg/javascript/jquery_easy_ui/themes/icons/area.png HTTP/1.1" 304 -
116.232.53.21 - - [29/Sep/2020:09:01:37 +0800] "GET /xingrg/all/function/internal_message.html?_=1601341307703&CODE_STATE=getMsg HTTP/1.1" 200 27
116.232.53.21 - - [29/Sep/2020:09:01:38 +0800] "GET /xingrg/kc/buy/buy_main.html HTTP/1.1" 200 12412
116.232.53.21 - - [29/Sep/2020:09:01:38 +0800] "GET /xingrg/css/new_ie.css HTTP/1.1" 404 1036
116.232.53.21 - - [29/Sep/2020:09:01:38 +0800] "GET /xingrg/javascript/ToolTips.js HTTP/1.1" 200 5615
116.232.53.21 - - [29/Sep/2020:09:01:38 +0800] "GET /xingrg/javascript/jquery_ui/jquery-ui.min.js HTTP/1.1" 200 186181
116.232.53.21 - - [29/Sep/2020:09:01:38 +0800] "GET /xingrg/images/blue/button/cgxqd.gif HTTP/1.1" 200 2619
116.232.53.21 - - [29/Sep/2020:09:01:38 +0800] "GET /xingrg/images/blue/button/cgydd.gif HTTP/1.1" 200 2712
116.232.53.21 - - [29/Sep/2020:09:01:38 +0800] "GET /xingrg/images/blue/button/cgshd.gif HTTP/1.1" 200 2618
116.232.53.21 - - [29/Sep/2020:09:01:38 +0800] "GET /xingrg/images/blue/button/cgfkd.gif HTTP/1.1" 200 2075
116.232.53.21 - - [29/Sep/2020:09:01:38 +0800] "GET /xingrg/images/blue/button/ckthd.gif HTTP/1.1" 200 2045
116.232.53.21 - - [29/Sep/2020:09:01:38 +0800] "GET /xingrg/images/blue/pic_form2.gif HTTP/1.1" 200 1853
116.232.53.21 - - [29/Sep/2020:09:01:38 +0800] "GET /xingrg/images/blue/button/kc.gif HTTP/1.1" 200 2160
116.232.53.21 - - [29/Sep/2020:09:01:38 +0800] "GET /xingrg/images/blue/bg_dotted.jpg HTTP/1.1" 200 319
116.232.53.21 - - [29/Sep/2020:09:01:38 +0800] "GET /xingrg/javascript/jquery_ui/themes/humanity/images/ui-bg_inset-soft_100_f4f0ec_1x100.png HTTP/1.1" 200 141
116.232.53.21 - - [29/Sep/2020:09:01:38 +0800] "GET /xingrg/images/blue/button/right_ah.jpg HTTP/1.1" 200 1744
116.232.53.21 - - [29/Sep/2020:09:01:38 +0800] "GET /xingrg/images/blue/button/down_ah.jpg HTTP/1.1" 200 1732
116.232.53.21 - - [29/Sep/2020:09:01:38 +0800] "GET /xingrg/javascript/jquery_ui/themes/humanity/images/ui-iconsnew.jpg HTTP/1.1" 200 337
116.232.53.21 - - [29/Sep/2020:09:01:38 +0800] "GET /xingrg/javascript/jquery_ui/themes/humanity/images/ui-icons_ffffff_256x240.png HTTP/1.1" 200 4369
116.232.53.21 - - [29/Sep/2020:09:01:38 +0800] "GET /xingrg/javascript/jquery_ui/themes/humanity/images/ui-icons_c47a23_256x240.png HTTP/1.1" 200 5355
116.232.53.21 - - [29/Sep/2020:09:01:38 +0800] "GET /xingrg/javascript/jquery_ui/themes/humanity/images/ui-bg_glass_70_ede4d4_1x400.png HTTP/1.1" 200 161
218.81.217.115 - - [29/Sep/2020:09:01:39 +0800] "GET /xingrg/kc/buy/cgsh_order_operate.html?command=get_materiel&rest_code=00146&code=00101008010&supplier_code=00100005&order_time=2020-09-29 HTTP/1.1" 200 412
114.88.166.242 - - [29/Sep/2020:09:01:39 +0800] "GET /xingrg/all/function/internal_message.html?_=1601341296654&CODE_STATE=getMsg HTTP/1.1" 200 27
58.40.7.146 - - [29/Sep/2020:09:01:41 +0800] "GET /xingrg/all/function/internal_message.html?_=1601341299499&CODE_STATE=getMsg HTTP/1.1" 200 27
116.232.53.21 - - [29/Sep/2020:09:01:41 +0800] "GET /xingrg/index.html?sysBaseUrl=http%3A%2F%2F180.169.147.146%3A18081%2Fxingrg%2F&costTime=53×tamp=1601341163124 HTTP/1.1" 200 17173
116.232.53.21 - - [29/Sep/2020:09:01:41 +0800] "POST /xingrg/all/common/load_tree.html?tree=area_rest_tree_json&manage=1 HTTP/1.1" 200 342
116.232.53.21 - - [29/Sep/2020:09:01:41 +0800] "GET /xingrg/check_reg.html?_=1601341312091 HTTP/1.1" 200 22
116.232.53.21 - - [29/Sep/2020:09:01:41 +0800] "GET /xingrg/all/function/internal_message.html?_=1601341312090&CODE_STATE=count HTTP/1.1" 200 11
116.232.53.21 - - [29/Sep/2020:09:01:41 +0800] "POST /xingrg/load_menu.html HTTP/1.1" 200 5138
116.232.53.21 - - [29/Sep/2020:09:01:42 +0800] "GET /xingrg/kc/buy/buy_main.html HTTP/1.1" 200 12412
116.232.53.21 - - [29/Sep/2020:09:01:42 +0800] "GET /xingrg/css/new_ie.css HTTP/1.1" 404 1036
114.88.166.242 - - [29/Sep/2020:09:01:43 +0800] "GET /xingrg/all/function/internal_message.html?_=1601341377537&CODE_STATE=getMsg HTTP/1.1" 200 27
116.232.53.21 - - [29/Sep/2020:09:01:43 +0800] "GET /xingrg/kc/buy/cgsh_order_list.html HTTP/1.1" 200 44200
124.77.70.31 - - [29/Sep/2020:09:01:43 +0800] "GET /xingrg/kc/buy/cgsh_order_operate.html?command=get_materiel&rest_code=00107&code=00101008312&supplier_code=00100006&order_time=2020-09-29 HTTP/1.1" 200 412
116.232.53.21 - - [29/Sep/2020:09:01:44 +0800] "POST /xingrg/kc/buy/cgsh_list_operate.html HTTP/1.1" 200 876
116.232.53.21 - - [29/Sep/2020:09:01:45 +0800] "GET /xingrg/kc/buy/cgsh_order_add.html HTTP/1.1" 200 59979
116.232.53.21 - - [29/Sep/2020:09:01:45 +0800] "GET /xingrg/words/20200928181644_words.js HTTP/1.1" 304 -
116.232.53.21 - - [29/Sep/2020:09:01:45 +0800] "POST /xingrg/kc/buy/cgsh_order_operate.html HTTP/1.1" 200 8245
116.232.53.21 - - [29/Sep/2020:09:01:45 +0800] "GET /xingrg/javascript/easyui/themes/default/validatebox.css HTTP/1.1" 404 1104
116.232.53.21 - - [29/Sep/2020:09:01:45 +0800] "GET /xingrg/all/common/auto_word.html?type=employee&rest_code=00109 HTTP/1.1" 200 255
218.81.217.115 - - [29/Sep/2020:09:01:45 +0800] "GET /xingrg/kc/buy/cgsh_order_operate.html?command=get_materiel&rest_code=00146&code=00101008358&supplier_code=00100005&order_time=2020-09-29 HTTP/1.1" 200 412
116.232.53.21 - - [29/Sep/2020:09:01:46 +0800] "GET /xingrg/all/common/auto_word.html?type=employee&rest_code=00109 HTTP/1.1" 200 255
172.17.200.101 - - [29/Sep/2020:09:01:47 +0800] "GET /xingrg/all/function/internal_message.html?_=1601341306857&CODE_STATE=getMsg HTTP/1.1" 200 27
218.81.217.115 - - [29/Sep/2020:09:01:47 +0800] "POST /xingrg/kc/buy/cgsh_order_operate.html HTTP/1.1" 200 2065
222.69.130.39 - - [29/Sep/2020:09:01:47 +0800] "GET /xingrg/kc/buy/cgsh_order_operate.html?command=get_materiel&rest_code=00149&code=00101008069&supplier_code=00100005&order_time=2020-09-29 HTTP/1.1" 200 412
117.185.32.26 - - [29/Sep/2020:09:01:48 +0800] "GET /xingrg/kc/base/base_main.html HTTP/1.1" 200 12142
117.185.32.26 - - [29/Sep/2020:09:01:51 +0800] "GET /xingrg/kc/base/wldb_order_list.html HTTP/1.1" 200 19378
116.232.53.21 - - [29/Sep/2020:09:01:51 +0800] "GET /xingrg/javascript/jquery_tools/images/prev.gif HTTP/1.1" 404 1086
116.232.53.21 - - [29/Sep/2020:09:01:51 +0800] "GET /xingrg/javascript/jquery_tools/images/next.gif HTTP/1.1" 404 1086
117.185.32.26 - - [29/Sep/2020:09:01:52 +0800] "POST /xingrg/kc/base/wldb_list_operate.html HTTP/1.1" 200 928
180.162.245.190 - - [29/Sep/2020:09:01:52 +0800] "GET /xingrg/all/function/internal_message.html?_=1601341311270&CODE_STATE=getMsg HTTP/1.1" 200 27
180.174.56.115 - - [29/Sep/2020:09:01:53 +0800] "GET /xingrg/all/function/internal_message.html?_=1601341311735&CODE_STATE=getMsg HTTP/1.1" 200 27
124.77.70.31 - - [29/Sep/2020:09:01:53 +0800] "GET /xingrg/kc/buy/cgsh_order_operate.html?command=get_materiel&rest_code=00107&code=00101008038&supplier_code=00100006&order_time=2020-09-29 HTTP/1.1" 200 412
218.81.217.115 - - [29/Sep/2020:09:01:53 +0800] "GET /xingrg/kc/buy/cgsh_order_operate.html?command=get_materiel&rest_code=00146&code=00101008163&supplier_code=00100005&order_time=2020-09-29 HTTP/1.1" 200 409
116.232.53.21 - - [29/Sep/2020:09:01:55 +0800] "GET /xingrg/kc/buy/cgsh_order_operate.html?command=get_materiel&rest_code=00109&code=00101001111&supplier_code=00100038&order_time=2020-09-29 HTTP/1.1" 200 408
172.17.0.100 - - [29/Sep/2020:09:01:58 +0800] "GET /xingrg/all/function/internal_message.html?_=1601341315802&CODE_STATE=getMsg HTTP/1.1" 200 27
124.77.70.31 - - [29/Sep/2020:09:01:59 +0800] "GET /xingrg/all/function/internal_message.html?_=1601341319523&CODE_STATE=getMsg HTTP/1.1" 200 27
116.232.53.21 - - [29/Sep/2020:09:02:01 +0800] "GET /xingrg/kc/buy/cgsh_order_operate.html?command=get_materiel&rest_code=00109&code=00101005037&supplier_code=00100038&order_time=2020-09-29 HTTP/1.1" 200 409
218.81.217.115 - - [29/Sep/2020:09:02:02 +0800] "GET /xingrg/kc/buy/cgsh_order_operate.html?command=get_materiel&rest_code=00146&code=00101008355&supplier_code=00100005&order_time=2020-09-29 HTTP/1.1" 200 408
172.17.0.123 - - [29/Sep/2020:09:02:02 +0800] "GET /xingrg/all/function/internal_message.html?_=1601341311171&CODE_STATE=getMsg HTTP/1.1" 200 27
218.81.217.115 - - [29/Sep/2020:09:02:03 +0800] "GET /xingrg/all/function/internal_message.html?_=1601341326251&CODE_STATE=getMsg HTTP/1.1" 200 27
116.232.53.21 - - [29/Sep/2020:09:02:08 +0800] "POST /xingrg/kc/buy/cgsh_order_operate.html HTTP/1.1" 200 37
101.85.228.253 - - [29/Sep/2020:09:02:09 +0800] "GET /xingrg/check_reg.html?_=1601341541053 HTTP/1.1" 200 22
114.88.166.242 - - [29/Sep/2020:09:02:09 +0800] "GET /xingrg/all/function/internal_message.html?_=1601254924149&CODE_STATE=getMsg HTTP/1.1" 200 27
218.81.217.115 - - [29/Sep/2020:09:02:09 +0800] "GET /xingrg/kc/buy/cgsh_order_operate.html?command=get_materiel&rest_code=00146&code=00101008264&supplier_code=00100005&order_time=2020-09-29 HTTP/1.1" 200 412
116.232.53.21 - - [29/Sep/2020:09:02:09 +0800] "POST /xingrg/kc/buy/cgsh_order_operate.html HTTP/1.1" 200 3242
116.232.53.21 - - [29/Sep/2020:09:02:10 +0800] "GET /xingrg/kc/print/load_config.html?kc_code=cgsh HTTP/1.1" 200 1845
116.232.53.21 - - [29/Sep/2020:09:02:10 +0800] "GET /xingrg/kc/print/load_data.html?order_code=212020092912805&kc_code=cgsh&condition= HTTP/1.1" 200 909
222.69.130.39 - - [29/Sep/2020:09:02:10 +0800] "GET /xingrg/kc/buy/cgsh_order_operate.html?command=get_materiel&rest_code=00149&code=00101008296&supplier_code=00100005&order_time=2020-09-29 HTTP/1.1" 200 416
124.77.70.31 - - [29/Sep/2020:09:02:11 +0800] "GET /xingrg/kc/buy/cgsh_order_operate.html?command=get_materiel&rest_code=00107&code=00101008083&supplier_code=00100006&order_time=2020-09-29 HTTP/1.1" 200 427
180.157.253.48 - - [29/Sep/2020:09:02:13 +0800] "GET /xingrg/all/function/internal_message.html?_=1601341335795&CODE_STATE=getMsg HTTP/1.1" 200 27
124.77.70.31 - - [29/Sep/2020:09:02:13 +0800] "POST /xingrg/all/common/load_select.html HTTP/1.1" 200 25
124.77.70.31 - - [29/Sep/2020:09:02:18 +0800] "GET /xingrg/kc/buy/cgsh_order_operate.html?command=get_materiel_price&rest_code=00107&code=00101008083&unit_code=00100026&supplier_code=00100006&order_time=2020-09-29 HTTP/1.1" 200 27
116.232.53.21 - - [29/Sep/2020:09:02:18 +0800] "GET /xingrg/kc/buy/cgsh_order_add.html HTTP/1.1" 200 59979
116.232.53.21 - - [29/Sep/2020:09:02:18 +0800] "POST /xingrg/kc/buy/cgsh_order_operate.html HTTP/1.1" 200 8245
116.232.53.21 - - [29/Sep/2020:09:02:18 +0800] "GET /xingrg/all/common/auto_word.html?type=employee&rest_code=00109 HTTP/1.1" 200 255
116.232.53.21 - - [29/Sep/2020:09:02:18 +0800] "GET /xingrg/all/common/auto_word.html?type=employee&rest_code=00109 HTTP/1.1" 200 255
116.232.53.21 - - [29/Sep/2020:09:02:18 +0800] "GET /xingrg/javascript/easyui/themes/default/validatebox.css HTTP/1.1" 404 1104
116.232.53.21 - - [29/Sep/2020:09:02:22 +0800] "GET /xingrg/javascript/jquery_tools/images/prev.gif HTTP/1.1" 404 1086
116.232.53.21 - - [29/Sep/2020:09:02:22 +0800] "GET /xingrg/javascript/jquery_tools/images/next.gif HTTP/1.1" 404 1086
222.69.130.39 - - [29/Sep/2020:09:02:22 +0800] "GET /xingrg/kc/buy/cgsh_order_operate.html?command=get_materiel&rest_code=00149&code=00101008098&supplier_code=00100005&order_time=2020-09-29 HTTP/1.1" 200 412
101.85.228.253 - - [29/Sep/2020:09:02:22 +0800] "GET /xingrg/all/function/internal_message.html?_=1601341554700&CODE_STATE=getMsg HTTP/1.1" 200 27
218.81.217.115 - - [29/Sep/2020:09:02:24 +0800] "GET /xingrg/kc/buy/cgsh_order_operate.html?command=get_materiel&rest_code=00146&code=00101008360&supplier_code=00100005&order_time=2020-09-29 HTTP/1.1" 200 413
218.81.217.115 - - [29/Sep/2020:09:02:25 +0800] "POST /xingrg/kc/buy/cgsh_order_operate.html HTTP/1.1" 200 2065
116.232.53.21 - - [29/Sep/2020:09:02:26 +0800] "GET /xingrg/kc/buy/cgsh_order_operate.html?command=get_materiel&rest_code=00109&code=00101007059&supplier_code=00100004&order_time=2020-09-29 HTTP/1.1" 200 409
222.69.130.39 - - [29/Sep/2020:09:02:28 +0800] "GET /xingrg/all/function/internal_message.html?_=1601341345318&CODE_STATE=getMsg HTTP/1.1" 200 27
