114.86.230.255 - - [26/Sep/2020:09:43:19 +0800] "GET /xingrg/all/function/internal_message.html?_=1601084664809&CODE_STATE=getMsg HTTP/1.1" 200 27
218.81.217.115 - - [26/Sep/2020:09:43:19 +0800] "GET /xingrg/all/function/internal_message.html?_=1601084621137&CODE_STATE=getMsg HTTP/1.1" 200 27
114.88.166.242 - - [26/Sep/2020:09:43:20 +0800] "GET /xingrg/kc/buy/cgsh_order_add.html HTTP/1.1" 200 59885
114.86.230.255 - - [26/Sep/2020:09:43:20 +0800] "GET /xingrg/kc/buy/cgsh_order_operate.html?command=get_materiel&rest_code=00109&code=00101008356&supplier_code=00100151&order_time=2020-09-26 HTTP/1.1" 200 409
114.88.166.242 - - [26/Sep/2020:09:43:20 +0800] "POST /xingrg/kc/buy/cgsh_order_operate.html HTTP/1.1" 200 8245
114.88.166.242 - - [26/Sep/2020:09:43:20 +0800] "GET /xingrg/javascript/easyui/themes/default/validatebox.css HTTP/1.1" 404 1104
180.162.245.190 - - [26/Sep/2020:09:43:21 +0800] "GET /xingrg/kc/buy/cgsh_order_operate.html?command=get_materiel&rest_code=00105&code=00101008301&supplier_code=00100203&order_time=2020-09-26 HTTP/1.1" 200 422
114.86.230.255 - - [26/Sep/2020:09:43:22 +0800] "POST /xingrg/kc/buy/cgsh_order_operate.html HTTP/1.1" 200 2065
180.157.253.48 - - [26/Sep/2020:09:43:25 +0800] "GET /xingrg/javascript/easyui/themes/default/images/button_plain_hover.png HTTP/1.1" 304 -
180.157.253.48 - - [26/Sep/2020:09:43:25 +0800] "GET /xingrg/javascript/easyui/themes/default/images/button_plain_hover.png HTTP/1.1" 304 -
180.162.245.190 - - [26/Sep/2020:09:43:27 +0800] "GET /xingrg/system/info/materiel_import.html?isSelect=1&singleSelect=false HTTP/1.1" 200 5600
180.157.253.48 - - [26/Sep/2020:09:43:27 +0800] "POST /xingrg/kc/buy/cgsh_order_operate.html HTTP/1.1" 200 37
180.162.245.190 - - [26/Sep/2020:09:43:27 +0800] "POST /xingrg/all/common/load_tree.html?tree=materiel_sort_tree_json HTTP/1.1" 200 8666
180.162.245.190 - - [26/Sep/2020:09:43:27 +0800] "GET /favicon.ico HTTP/1.1" 404 -
180.157.253.48 - - [26/Sep/2020:09:43:28 +0800] "POST /xingrg/kc/buy/cgsh_order_operate.html HTTP/1.1" 200 7423
180.157.253.48 - - [26/Sep/2020:09:43:28 +0800] "GET /xingrg/all/function/internal_message.html?_=1601084621225&CODE_STATE=getMsg HTTP/1.1" 200 27
114.88.166.242 - - [26/Sep/2020:09:43:29 +0800] "GET /xingrg/kc/buy/cgsh_order_operate.html?command=get_materiel&rest_code=00111&code=00101006136&supplier_code=00100012&order_time=2020-09-26 HTTP/1.1" 200 417
180.157.253.48 - - [26/Sep/2020:09:43:30 +0800] "GET /xingrg/javascript/easyui/themes/default/images/button_plain_hover.png HTTP/1.1" 304 -
114.86.230.255 - - [26/Sep/2020:09:43:31 +0800] "GET /xingrg/kc/buy/cgsh_order_operate.html?command=get_materiel&rest_code=00109&code=00101008137&supplier_code=00100151&order_time=2020-09-26 HTTP/1.1" 200 408
117.184.7.26 - - [26/Sep/2020:09:43:34 +0800] "GET /xingrg/all/function/internal_message.html?_=1601084610874&CODE_STATE=getMsg HTTP/1.1" 200 27
114.88.166.242 - - [26/Sep/2020:09:43:35 +0800] "GET /xingrg/kc/buy/cgsh_order_operate.html?command=get_materiel&rest_code=00111&code=00101006111&supplier_code=00100012&order_time=2020-09-26 HTTP/1.1" 200 409
180.162.245.190 - - [26/Sep/2020:09:43:38 +0800] "GET /xingrg/kc/buy/cgsh_order_operate.html?command=get_materiel&rest_code=00105&code=00101008357&supplier_code=00100203&order_time=2020-09-26 HTTP/1.1" 200 408
114.86.230.255 - - [26/Sep/2020:09:43:45 +0800] "GET /xingrg/kc/buy/cgsh_order_operate.html?command=get_materiel&rest_code=00109&code=00101008196&supplier_code=00100151&order_time=2020-09-26 HTTP/1.1" 200 416
172.17.0.100 - - [26/Sep/2020:09:43:47 +0800] "GET /xingrg/all/function/internal_message.html?_=1601084630074&CODE_STATE=getMsg HTTP/1.1" 200 27
172.17.0.100 - - [26/Sep/2020:09:43:47 +0800] "GET /xingrg/check_reg.html?_=1601084630185 HTTP/1.1" 200 22
58.37.8.227 - - [26/Sep/2020:09:43:48 +0800] "GET /xingrg/all/function/internal_message.html?_=1601084635654&CODE_STATE=getMsg HTTP/1.1" 200 27
180.162.245.190 - - [26/Sep/2020:09:43:49 +0800] "GET /xingrg/kc/buy/cgsh_order_operate.html?command=get_materiel&rest_code=00105&code=00101008069&supplier_code=00100203&order_time=2020-09-26 HTTP/1.1" 200 412
114.88.166.242 - - [26/Sep/2020:09:43:49 +0800] "GET /xingrg/kc/buy/cgsh_order_operate.html?command=get_materiel&rest_code=00111&code=00101006177&supplier_code=00100012&order_time=2020-09-26 HTTP/1.1" 200 409
120.253.135.82 - - [26/Sep/2020:09:43:50 +0800] "GET /xingrg/all/function/internal_message.html?_=1601084746667&CODE_STATE=getMsg HTTP/1.1" 200 27
114.86.230.255 - - [26/Sep/2020:09:43:52 +0800] "GET /xingrg/kc/buy/cgsh_order_operate.html?command=get_materiel&rest_code=00109&code=00101008357&supplier_code=00100151&order_time=2020-09-26 HTTP/1.1" 200 408
114.88.166.242 - - [26/Sep/2020:09:43:54 +0800] "GET /xingrg/all/function/internal_message.html?_=1601084711007&CODE_STATE=getMsg HTTP/1.1" 200 27
120.253.135.82 - - [26/Sep/2020:09:43:56 +0800] "GET /xingrg/all/function/internal_message.html?_=1601084388884&CODE_STATE=getMsg HTTP/1.1" 200 27
180.162.245.190 - - [26/Sep/2020:09:43:57 +0800] "GET /xingrg/kc/buy/cgsh_order_operate.html?command=get_materiel&rest_code=00105&code=00101008233&supplier_code=00100203&order_time=2020-09-26 HTTP/1.1" 200 409
114.86.230.255 - - [26/Sep/2020:09:43:59 +0800] "GET /xingrg/kc/buy/cgsh_order_operate.html?command=get_materiel&rest_code=00109&code=00101008069&supplier_code=00100151&order_time=2020-09-26 HTTP/1.1" 200 412
180.162.245.190 - - [26/Sep/2020:09:44:00 +0800] "GET /xingrg/all/function/internal_message.html?_=1601084647250&CODE_STATE=getMsg HTTP/1.1" 200 27
114.88.166.242 - - [26/Sep/2020:09:44:00 +0800] "GET /xingrg/kc/buy/cgsh_order_operate.html?command=get_materiel&rest_code=00111&code=00101006055&supplier_code=00100012&order_time=2020-09-26 HTTP/1.1" 200 409
180.162.245.190 - - [26/Sep/2020:09:44:02 +0800] "GET /xingrg/kc/buy/cgsh_order_operate.html?command=get_materiel&rest_code=00105&code=00101008098&supplier_code=00100203&order_time=2020-09-26 HTTP/1.1" 200 412
61.129.7.236 - - [26/Sep/2020:09:44:02 +0800] "GET /xingrg/check_reg.html?_=1601083855635 HTTP/1.1" 302 -
114.86.230.255 - - [26/Sep/2020:09:44:05 +0800] "GET /xingrg/kc/buy/cgsh_order_operate.html?command=get_materiel&rest_code=00109&code=00101008006&supplier_code=00100151&order_time=2020-09-26 HTTP/1.1" 200 416
114.86.230.255 - - [26/Sep/2020:09:44:06 +0800] "POST /xingrg/kc/buy/cgsh_order_operate.html HTTP/1.1" 200 2065
222.69.132.220 - - [26/Sep/2020:09:44:07 +0800] "GET /xingrg/all/function/internal_message.html?_=1601084643768&CODE_STATE=getMsg HTTP/1.1" 200 27
180.162.245.190 - - [26/Sep/2020:09:44:08 +0800] "GET /xingrg/kc/buy/cgsh_order_operate.html?command=get_materiel&rest_code=00105&code=00101013148&supplier_code=00100203&order_time=2020-09-26 HTTP/1.1" 200 408
218.81.217.115 - - [26/Sep/2020:09:44:08 +0800] "GET /xingrg/kc/buy/cgsh_order_operate.html?command=get_materiel&rest_code=00146&code=00101008290&supplier_code=00100005&order_time=2020-09-26 HTTP/1.1" 200 416
61.129.7.236 - - [26/Sep/2020:09:44:11 +0800] "GET /xingrg/login.html HTTP/1.1" 200 7641
114.86.230.255 - - [26/Sep/2020:09:44:12 +0800] "GET /xingrg/kc/buy/cgsh_order_operate.html?command=get_materiel&rest_code=00109&code=00101008131&supplier_code=00100151&order_time=2020-09-26 HTTP/1.1" 200 408
180.162.245.190 - - [26/Sep/2020:09:44:12 +0800] "GET /xingrg/kc/buy/cgsh_order_operate.html?command=get_materiel&rest_code=00105&code=00101008353&supplier_code=00100203&order_time=2020-09-26 HTTP/1.1" 200 408
114.86.230.255 - - [26/Sep/2020:09:44:15 +0800] "GET /xingrg/all/function/internal_message.html?_=1601084724818&CODE_STATE=getMsg HTTP/1.1" 200 27
114.86.230.255 - - [26/Sep/2020:09:44:18 +0800] "GET /xingrg/kc/buy/cgsh_order_operate.html?command=get_materiel&rest_code=00109&code=00101008296&supplier_code=00100151&order_time=2020-09-26 HTTP/1.1" 200 416
114.88.166.242 - - [26/Sep/2020:09:44:18 +0800] "GET /xingrg/kc/buy/cgsh_order_operate.html?command=get_materiel&rest_code=00111&code=00101006065&supplier_code=00100012&order_time=2020-09-26 HTTP/1.1" 200 409
218.81.217.115 - - [26/Sep/2020:09:44:19 +0800] "GET /xingrg/all/function/internal_message.html?_=1601084681145&CODE_STATE=getMsg HTTP/1.1" 200 27
180.162.245.190 - - [26/Sep/2020:09:44:20 +0800] "GET /xingrg/kc/buy/cgsh_order_operate.html?command=get_materiel&rest_code=00105&code=00101008361&supplier_code=00100203&order_time=2020-09-26 HTTP/1.1" 200 408
114.88.166.242 - - [26/Sep/2020:09:44:26 +0800] "GET /xingrg/kc/buy/cgsh_order_operate.html?command=get_materiel&rest_code=00111&code=00101006056&supplier_code=00100012&order_time=2020-09-26 HTTP/1.1" 200 413
117.184.7.26 - - [26/Sep/2020:09:44:26 +0800] "POST /xingrg/dwr/call/plaincall/AjaxQqpsService.getMaterielByCode.dwr HTTP/1.1" 200 2674
180.162.245.190 - - [26/Sep/2020:09:44:27 +0800] "GET /xingrg/kc/buy/cgsh_order_operate.html?command=get_materiel&rest_code=00105&code=00101008261&supplier_code=00100203&order_time=2020-09-26 HTTP/1.1" 200 408
218.81.217.115 - - [26/Sep/2020:09:44:27 +0800] "GET /xingrg/kc/buy/cgsh_order_operate.html?command=get_materiel&rest_code=00146&code=00101008361&supplier_code=00100005&order_time=2020-09-26 HTTP/1.1" 200 408
180.157.253.48 - - [26/Sep/2020:09:44:28 +0800] "GET /xingrg/all/function/internal_message.html?_=1601084681340&CODE_STATE=getMsg HTTP/1.1" 200 27
117.184.7.26 - - [26/Sep/2020:09:44:29 +0800] "POST /xingrg/dwr/call/plaincall/AjaxQqpsService.saveMaterielItem.dwr HTTP/1.1" 200 78
114.86.230.255 - - [26/Sep/2020:09:44:29 +0800] "GET /xingrg/kc/buy/cgsh_order_operate.html?command=get_materiel&rest_code=00109&code=00101008271&supplier_code=00100151&order_time=2020-09-26 HTTP/1.1" 200 408
114.88.166.242 - - [26/Sep/2020:09:44:31 +0800] "GET /xingrg/kc/buy/cgsh_order_operate.html?command=get_materiel&rest_code=00111&code=00101011005&supplier_code=00100012&order_time=2020-09-26 HTTP/1.1" 200 408
172.17.0.185 - - [26/Sep/2020:09:44:34 +0800] "GET /xingrg/check_reg.html?_=1601084676886 HTTP/1.1" 302 -
114.86.230.255 - - [26/Sep/2020:09:44:34 +0800] "GET /xingrg/kc/buy/cgsh_order_operate.html?command=get_materiel&rest_code=00109&code=00101008353&supplier_code=00100151&order_time=2020-09-26 HTTP/1.1" 200 408
117.184.7.26 - - [26/Sep/2020:09:44:34 +0800] "GET /xingrg/all/function/internal_message.html?_=1601084670879&CODE_STATE=getMsg HTTP/1.1" 200 27
218.81.217.115 - - [26/Sep/2020:09:44:37 +0800] "GET /xingrg/kc/buy/cgsh_order_operate.html?command=get_materiel&rest_code=00146&code=00101008067&supplier_code=00100005&order_time=2020-09-26 HTTP/1.1" 200 416
180.162.245.190 - - [26/Sep/2020:09:44:39 +0800] "GET /xingrg/kc/buy/cgsh_order_operate.html?command=get_materiel&rest_code=00105&code=00101008210&supplier_code=00100203&order_time=2020-09-26 HTTP/1.1" 200 408
114.86.230.255 - - [26/Sep/2020:09:44:40 +0800] "GET /xingrg/kc/buy/cgsh_order_operate.html?command=get_materiel&rest_code=00109&code=00101008213&supplier_code=00100151&order_time=2020-09-26 HTTP/1.1" 200 412
114.86.230.255 - - [26/Sep/2020:09:44:42 +0800] "POST /xingrg/kc/buy/cgsh_order_operate.html HTTP/1.1" 200 2065
114.88.166.242 - - [26/Sep/2020:09:44:42 +0800] "POST /xingrg/kc/buy/cgsh_order_operate.html HTTP/1.1" 200 37
218.81.217.115 - - [26/Sep/2020:09:44:43 +0800] "POST /xingrg/kc/buy/cgsh_order_operate.html HTTP/1.1" 200 2065
114.88.166.242 - - [26/Sep/2020:09:44:43 +0800] "POST /xingrg/kc/buy/cgsh_order_operate.html HTTP/1.1" 200 6202
117.184.7.26 - - [26/Sep/2020:09:44:45 +0800] "POST /xingrg/dwr/call/plaincall/AjaxQqpsService.getMaterielByCode.dwr HTTP/1.1" 200 2620
180.162.245.190 - - [26/Sep/2020:09:44:46 +0800] "GET /xingrg/kc/buy/cgsh_order_operate.html?command=get_materiel&rest_code=00105&code=00101008312&supplier_code=00100203&order_time=2020-09-26 HTTP/1.1" 200 412
114.86.230.255 - - [26/Sep/2020:09:44:47 +0800] "GET /xingrg/kc/buy/cgsh_order_operate.html?command=get_materiel&rest_code=00109&code=00101008132&supplier_code=00100151&order_time=2020-09-26 HTTP/1.1" 200 408
117.184.7.26 - - [26/Sep/2020:09:44:47 +0800] "POST /xingrg/dwr/call/plaincall/AjaxQqpsService.saveMaterielItem.dwr HTTP/1.1" 200 78
172.17.0.100 - - [26/Sep/2020:09:44:47 +0800] "GET /xingrg/all/function/internal_message.html?_=1601084690068&CODE_STATE=getMsg HTTP/1.1" 200 27
58.37.8.227 - - [26/Sep/2020:09:44:48 +0800] "GET /xingrg/all/function/internal_message.html?_=1601084695658&CODE_STATE=getMsg HTTP/1.1" 200 27
218.81.217.115 - - [26/Sep/2020:09:44:49 +0800] "GET /xingrg/kc/buy/cgsh_order_operate.html?command=get_materiel&rest_code=00146&code=00101008356&supplier_code=00100005&order_time=2020-09-26 HTTP/1.1" 200 409
120.253.135.82 - - [26/Sep/2020:09:44:50 +0800] "GET /xingrg/all/function/internal_message.html?_=1601084806681&CODE_STATE=getMsg HTTP/1.1" 200 27
58.221.95.50 - - [26/Sep/2020:09:44:50 +0800] "GET /xingrg/check_reg.html?_=1601084851430 HTTP/1.1" 302 -
114.86.230.255 - - [26/Sep/2020:09:44:51 +0800] "GET /xingrg/kc/buy/cgsh_order_operate.html?command=get_materiel&rest_code=00109&code=00101008323&supplier_code=00100151&order_time=2020-09-26 HTTP/1.1" 200 408
180.162.245.190 - - [26/Sep/2020:09:44:52 +0800] "GET /xingrg/kc/buy/cgsh_order_operate.html?command=get_materiel&rest_code=00105&code=00101008333&supplier_code=00100203&order_time=2020-09-26 HTTP/1.1" 200 412
180.157.253.48 - - [26/Sep/2020:09:44:53 +0800] "GET /xingrg/javascript/easyui/themes/default/images/button_plain_hover.png HTTP/1.1" 304 -
180.157.253.48 - - [26/Sep/2020:09:44:53 +0800] "GET /xingrg/javascript/easyui/themes/default/images/button_plain_hover.png HTTP/1.1" 304 -
117.184.7.26 - - [26/Sep/2020:09:44:54 +0800] "POST /xingrg/dwr/call/plaincall/AjaxQqpsService.getMaterielByCode.dwr HTTP/1.1" 200 2674
114.88.166.242 - - [26/Sep/2020:09:44:54 +0800] "GET /xingrg/all/function/internal_message.html?_=1601084771060&CODE_STATE=getMsg HTTP/1.1" 200 27
114.88.166.242 - - [26/Sep/2020:09:44:54 +0800] "GET /xingrg/check_reg.html?_=1601084771058 HTTP/1.1" 200 22
180.157.253.48 - - [26/Sep/2020:09:44:55 +0800] "GET /xingrg/kc/buy/cgsh_order_add.html HTTP/1.1" 200 59885
180.157.253.48 - - [26/Sep/2020:09:44:55 +0800] "GET /xingrg/css/base.css HTTP/1.1" 304 -
180.157.253.48 - - [26/Sep/2020:09:44:55 +0800] "GET /xingrg/css/site.css HTTP/1.1" 304 -
180.157.253.48 - - [26/Sep/2020:09:44:55 +0800] "GET /xingrg/javascript/jquery_tools/datebox.css HTTP/1.1" 304 -
180.157.253.48 - - [26/Sep/2020:09:44:55 +0800] "GET /xingrg/javascript/easyui/themes/default/easyui.css HTTP/1.1" 304 -
180.157.253.48 - - [26/Sep/2020:09:44:55 +0800] "GET /xingrg/javascript/easyui/themes/icon.css HTTP/1.1" 304 -
180.157.253.48 - - [26/Sep/2020:09:44:55 +0800] "GET /xingrg/javascript/auto/jquery.autocomplete.css HTTP/1.1" 304 -
180.157.253.48 - - [26/Sep/2020:09:44:55 +0800] "GET /xingrg/javascript/jquery_tools/fix.css HTTP/1.1" 304 -
180.157.253.48 - - [26/Sep/2020:09:44:55 +0800] "GET /xingrg/javascript/jquery_tools/table.css HTTP/1.1" 304 -
180.157.253.48 - - [26/Sep/2020:09:44:55 +0800] "GET /xingrg/javascript/jquery_tools/jquery.tools.hotkey.js HTTP/1.1" 304 -
180.157.253.48 - - [26/Sep/2020:09:44:55 +0800] "GET /xingrg/javascript/jquery_tools/jquery.tools.table.js HTTP/1.1" 304 -
180.157.253.48 - - [26/Sep/2020:09:44:55 +0800] "GET /xingrg/javascript/jquery_tools/jquery.tools.extend.js HTTP/1.1" 304 -
180.157.253.48 - - [26/Sep/2020:09:44:55 +0800] "GET /xingrg/javascript/pic_change.js HTTP/1.1" 304 -
180.157.253.48 - - [26/Sep/2020:09:44:55 +0800] "GET /xingrg/javascript/jquery_tools/jquery.tools.min.js HTTP/1.1" 304 -
180.157.253.48 - - [26/Sep/2020:09:44:55 +0800] "GET /xingrg/javascript/auto/jquery.autocomplete.js HTTP/1.1" 304 -
180.157.253.48 - - [26/Sep/2020:09:44:55 +0800] "GET /xingrg/javascript/easyui/easyloader.js HTTP/1.1" 304 -
180.157.253.48 - - [26/Sep/2020:09:44:55 +0800] "GET /xingrg/javascript/jquery.utils.js HTTP/1.1" 304 -
180.157.253.48 - - [26/Sep/2020:09:44:55 +0800] "GET /xingrg/javascript/jquery_tools/order_manager.js HTTP/1.1" 304 -
180.157.253.48 - - [26/Sep/2020:09:44:55 +0800] "GET /xingrg/javascript/convert.js HTTP/1.1" 304 -
180.157.253.48 - - [26/Sep/2020:09:44:55 +0800] "GET /xingrg/javascript/jquery.cookie.js HTTP/1.1" 304 -
180.157.253.48 - - [26/Sep/2020:09:44:55 +0800] "GET /xingrg/javascript/print/kc_print.js HTTP/1.1" 304 -
180.157.253.48 - - [26/Sep/2020:09:44:55 +0800] "GET /xingrg/javascript/print/LodopFuncs.js HTTP/1.1" 304 -
180.157.253.48 - - [26/Sep/2020:09:44:55 +0800] "GET /xingrg/javascript/json2.js HTTP/1.1" 304 -
180.157.253.48 - - [26/Sep/2020:09:44:55 +0800] "GET /xingrg/words/20200926092433_words.js HTTP/1.1" 304 -
180.157.253.48 - - [26/Sep/2020:09:44:55 +0800] "GET /xingrg/javascript/easyui/themes/icons/template_new.png HTTP/1.1" 304 -
180.157.253.48 - - [26/Sep/2020:09:44:55 +0800] "GET /xingrg/javascript/easyui/themes/icons/copy_new.png HTTP/1.1" 304 -
180.157.253.48 - - [26/Sep/2020:09:44:55 +0800] "GET /xingrg/javascript/easyui/themes/icons/ok.png HTTP/1.1" 304 -
180.157.253.48 - - [26/Sep/2020:09:44:55 +0800] "GET /xingrg/javascript/easyui/themes/icons/print.png HTTP/1.1" 304 -
180.157.253.48 - - [26/Sep/2020:09:44:55 +0800] "GET /xingrg/javascript/easyui/themes/default/images/menu_downarrow.png HTTP/1.1" 304 -
180.157.253.48 - - [26/Sep/2020:09:44:55 +0800] "GET /xingrg/javascript/easyui/themes/icons/cancel.png HTTP/1.1" 304 -
180.157.253.48 - - [26/Sep/2020:09:44:55 +0800] "GET /xingrg/javascript/easyui/plugins/jquery.parser.js HTTP/1.1" 304 -
180.157.253.48 - - [26/Sep/2020:09:44:55 +0800] "POST /xingrg/kc/buy/cgsh_order_operate.html HTTP/1.1" 200 8245
180.157.253.48 - - [26/Sep/2020:09:44:56 +0800] "GET /xingrg/javascript/easyui/themes/default/images/button_plain_hover.png HTTP/1.1" 304 -
180.157.253.48 - - [26/Sep/2020:09:44:56 +0800] "GET /xingrg/all/common/auto_word.html?type=employee&rest_code=00148 HTTP/1.1" 200 147
180.157.253.48 - - [26/Sep/2020:09:44:56 +0800] "GET /xingrg/all/common/auto_word.html?type=employee&rest_code=00148 HTTP/1.1" 200 147
180.157.253.48 - - [26/Sep/2020:09:44:56 +0800] "GET /xingrg/javascript/easyui/themes/default/images/button_plain_hover.png HTTP/1.1" 304 -
180.157.253.48 - - [26/Sep/2020:09:44:56 +0800] "GET /xingrg/javascript/easyui/themes/default/validatebox.css HTTP/1.1" 404 1104
180.157.253.48 - - [26/Sep/2020:09:44:56 +0800] "GET /xingrg/javascript/easyui/plugins/jquery.validatebox.js HTTP/1.1" 304 -
180.157.253.48 - - [26/Sep/2020:09:44:56 +0800] "GET /xingrg/javascript/easyui/plugins/jquery.numberbox.js HTTP/1.1" 304 -
117.184.7.26 - - [26/Sep/2020:09:44:56 +0800] "POST /xingrg/dwr/call/plaincall/AjaxQqpsService.saveMaterielItem.dwr HTTP/1.1" 200 78
120.253.135.82 - - [26/Sep/2020:09:44:56 +0800] "GET /xingrg/check_reg.html?_=1601084448640 HTTP/1.1" 200 22
114.88.166.242 - - [26/Sep/2020:09:44:56 +0800] "GET /xingrg/kc/print/load_data.html?order_code=212020092611347&kc_code=cgsh&condition= HTTP/1.1" 200 2111
114.86.230.255 - - [26/Sep/2020:09:44:56 +0800] "GET /xingrg/kc/buy/cgsh_order_operate.html?command=get_materiel&rest_code=00109&code=00101008156&supplier_code=00100151&order_time=2020-09-26 HTTP/1.1" 200 414
120.253.135.82 - - [26/Sep/2020:09:44:56 +0800] "GET /xingrg/all/function/internal_message.html?_=1601084448899&CODE_STATE=getMsg HTTP/1.1" 200 27
180.157.253.48 - - [26/Sep/2020:09:44:58 +0800] "GET /xingrg/css/site.css HTTP/1.1" 304 -
180.157.253.48 - - [26/Sep/2020:09:44:58 +0800] "GET /xingrg/css/base.css HTTP/1.1" 304 -
180.157.253.48 - - [26/Sep/2020:09:44:58 +0800] "GET /xingrg/javascript/jquery_tools/datebox.css HTTP/1.1" 304 -
180.157.253.48 - - [26/Sep/2020:09:44:58 +0800] "GET /xingrg/javascript/easyui/themes/default/easyui.css HTTP/1.1" 304 -
180.157.253.48 - - [26/Sep/2020:09:44:58 +0800] "GET /xingrg/javascript/jquery_tools/jquery.tools.min.js HTTP/1.1" 304 -
180.157.253.48 - - [26/Sep/2020:09:44:58 +0800] "GET /xingrg/javascript/easyui/themes/icon.css HTTP/1.1" 304 -
180.157.253.48 - - [26/Sep/2020:09:44:58 +0800] "GET /xingrg/javascript/auto/jquery.autocomplete.css HTTP/1.1" 304 -
180.157.253.48 - - [26/Sep/2020:09:44:58 +0800] "GET /xingrg/javascript/jquery_tools/fix.css HTTP/1.1" 304 -
180.157.253.48 - - [26/Sep/2020:09:44:58 +0800] "GET /xingrg/javascript/jquery_tools/jquery.tools.hotkey.js HTTP/1.1" 304 -
180.157.253.48 - - [26/Sep/2020:09:44:58 +0800] "GET /xingrg/javascript/jquery_tools/jquery.tools.table.js HTTP/1.1" 304 -
180.157.253.48 - - [26/Sep/2020:09:44:58 +0800] "GET /xingrg/javascript/jquery_tools/list_manager.js HTTP/1.1" 304 -
180.157.253.48 - - [26/Sep/2020:09:44:58 +0800] "GET /xingrg/javascript/jquery.utils.js HTTP/1.1" 304 -
180.157.253.48 - - [26/Sep/2020:09:44:58 +0800] "GET /xingrg/javascript/auto/jquery.autocomplete.js HTTP/1.1" 304 -
180.157.253.48 - - [26/Sep/2020:09:44:58 +0800] "GET /xingrg/javascript/easyui/easyloader.js HTTP/1.1" 304 -
180.157.253.48 - - [26/Sep/2020:09:44:58 +0800] "GET /xingrg/javascript/jquery_tools/table.css HTTP/1.1" 304 -
180.157.253.48 - - [26/Sep/2020:09:44:58 +0800] "GET /xingrg/javascript/print/LodopFuncs.js HTTP/1.1" 304 -
180.157.253.48 - - [26/Sep/2020:09:44:58 +0800] "GET /xingrg/javascript/jquery.cookie.js HTTP/1.1" 304 -
180.157.253.48 - - [26/Sep/2020:09:44:58 +0800] "GET /xingrg/javascript/jquery_tools/jquery.tools.extend.js HTTP/1.1" 304 -
180.157.253.48 - - [26/Sep/2020:09:44:58 +0800] "GET /xingrg/kc/buy/cgsh_order_list.html HTTP/1.1" 200 44153
180.157.253.48 - - [26/Sep/2020:09:44:58 +0800] "GET /xingrg/javascript/easyui/plugins/jquery.parser.js HTTP/1.1" 304 -
180.157.253.48 - - [26/Sep/2020:09:44:59 +0800] "POST /xingrg/kc/buy/cgsh_list_operate.html HTTP/1.1" 200 3089
180.162.245.190 - - [26/Sep/2020:09:45:00 +0800] "GET /xingrg/check_reg.html?_=1601084707249 HTTP/1.1" 200 22
180.162.245.190 - - [26/Sep/2020:09:45:00 +0800] "GET /xingrg/all/function/internal_message.html?_=1601084707252&CODE_STATE=getMsg HTTP/1.1" 200 27
114.86.230.255 - - [26/Sep/2020:09:45:01 +0800] "GET /xingrg/kc/buy/cgsh_order_operate.html?command=get_materiel&rest_code=00109&code=00101008331&supplier_code=00100151&order_time=2020-09-26 HTTP/1.1" 200 416
180.157.253.48 - - [26/Sep/2020:09:45:03 +0800] "GET /xingrg/javascript/easyui/themes/default/images/button_plain_hover.png HTTP/1.1" 304 -
180.157.253.48 - - [26/Sep/2020:09:45:03 +0800] "GET /xingrg/javascript/easyui/themes/default/images/button_plain_hover.png HTTP/1.1" 304 -
180.162.245.190 - - [26/Sep/2020:09:45:03 +0800] "GET /xingrg/kc/buy/cgsh_order_operate.html?command=get_materiel&rest_code=00105&code=00101008148&supplier_code=00100203&order_time=2020-09-26 HTTP/1.1" 200 416
180.157.253.48 - - [26/Sep/2020:09:45:03 +0800] "GET /xingrg/css/site.css HTTP/1.1" 304 -
180.157.253.48 - - [26/Sep/2020:09:45:03 +0800] "GET /xingrg/css/base.css HTTP/1.1" 304 -
180.157.253.48 - - [26/Sep/2020:09:45:03 +0800] "GET /xingrg/javascript/jquery_tools/datebox.css HTTP/1.1" 304 -
180.157.253.48 - - [26/Sep/2020:09:45:03 +0800] "GET /xingrg/javascript/easyui/themes/icon.css HTTP/1.1" 304 -
180.157.253.48 - - [26/Sep/2020:09:45:03 +0800] "GET /xingrg/javascript/auto/jquery.autocomplete.css HTTP/1.1" 304 -
180.157.253.48 - - [26/Sep/2020:09:45:03 +0800] "GET /xingrg/javascript/jquery_tools/fix.css HTTP/1.1" 304 -
180.157.253.48 - - [26/Sep/2020:09:45:03 +0800] "GET /xingrg/javascript/jquery_tools/table.css HTTP/1.1" 304 -
180.157.253.48 - - [26/Sep/2020:09:45:03 +0800] "GET /xingrg/javascript/easyui/themes/default/easyui.css HTTP/1.1" 304 -
180.157.253.48 - - [26/Sep/2020:09:45:03 +0800] "GET /xingrg/javascript/pic_change.js HTTP/1.1" 304 -
180.157.253.48 - - [26/Sep/2020:09:45:03 +0800] "GET /xingrg/javascript/jquery.utils.js HTTP/1.1" 304 -
180.157.253.48 - - [26/Sep/2020:09:45:03 +0800] "GET /xingrg/javascript/auto/jquery.autocomplete.js HTTP/1.1" 304 -
180.157.253.48 - - [26/Sep/2020:09:45:03 +0800] "GET /xingrg/javascript/easyui/easyloader.js HTTP/1.1" 304 -
180.157.253.48 - - [26/Sep/2020:09:45:03 +0800] "GET /xingrg/javascript/jquery_tools/order_manager.js HTTP/1.1" 304 -
180.157.253.48 - - [26/Sep/2020:09:45:03 +0800] "GET /xingrg/javascript/json2.js HTTP/1.1" 304 -
180.157.253.48 - - [26/Sep/2020:09:45:03 +0800] "GET /xingrg/javascript/convert.js HTTP/1.1" 304 -
180.157.253.48 - - [26/Sep/2020:09:45:03 +0800] "GET /xingrg/javascript/jquery_tools/jquery.tools.min.js HTTP/1.1" 304 -
180.157.253.48 - - [26/Sep/2020:09:45:03 +0800] "GET /xingrg/javascript/jquery_tools/jquery.tools.extend.js HTTP/1.1" 304 -
180.157.253.48 - - [26/Sep/2020:09:45:03 +0800] "GET /xingrg/javascript/jquery_tools/jquery.tools.hotkey.js HTTP/1.1" 304 -
180.157.253.48 - - [26/Sep/2020:09:45:03 +0800] "GET /xingrg/javascript/jquery_tools/jquery.tools.table.js HTTP/1.1" 304 -
180.157.253.48 - - [26/Sep/2020:09:45:03 +0800] "GET /xingrg/javascript/print/kc_print.js HTTP/1.1" 304 -
180.157.253.48 - - [26/Sep/2020:09:45:03 +0800] "GET /xingrg/kc/buy/cgsh_order_add.html HTTP/1.1" 200 59885
180.157.253.48 - - [26/Sep/2020:09:45:03 +0800] "GET /xingrg/javascript/jquery.cookie.js HTTP/1.1" 304 -
180.157.253.48 - - [26/Sep/2020:09:45:03 +0800] "GET /xingrg/javascript/print/LodopFuncs.js HTTP/1.1" 304 -
180.157.253.48 - - [26/Sep/2020:09:45:03 +0800] "GET /xingrg/words/20200926092433_words.js HTTP/1.1" 304 -
180.157.253.48 - - [26/Sep/2020:09:45:03 +0800] "GET /xingrg/javascript/easyui/plugins/jquery.parser.js HTTP/1.1" 304 -
180.157.253.48 - - [26/Sep/2020:09:45:03 +0800] "POST /xingrg/kc/buy/cgsh_order_operate.html HTTP/1.1" 200 8245
180.157.253.48 - - [26/Sep/2020:09:45:03 +0800] "GET /xingrg/all/common/auto_word.html?type=employee&rest_code=00148 HTTP/1.1" 200 147
180.157.253.48 - - [26/Sep/2020:09:45:03 +0800] "GET /xingrg/all/common/auto_word.html?type=employee&rest_code=00148 HTTP/1.1" 200 147
180.157.253.48 - - [26/Sep/2020:09:45:03 +0800] "GET /xingrg/javascript/easyui/themes/default/validatebox.css HTTP/1.1" 404 1104
180.157.253.48 - - [26/Sep/2020:09:45:03 +0800] "GET /xingrg/javascript/easyui/plugins/jquery.validatebox.js HTTP/1.1" 304 -
180.157.253.48 - - [26/Sep/2020:09:45:03 +0800] "GET /xingrg/javascript/easyui/plugins/jquery.numberbox.js HTTP/1.1" 304 -
117.184.7.26 - - [26/Sep/2020:09:45:05 +0800] "POST /xingrg/dwr/call/plaincall/AjaxQqpsService.getMaterielByCode.dwr HTTP/1.1" 200 2693
218.81.217.115 - - [26/Sep/2020:09:45:05 +0800] "GET /xingrg/kc/buy/cgsh_order_operate.html?command=get_materiel&rest_code=00146&code=00101008212&supplier_code=00100005&order_time=2020-09-26 HTTP/1.1" 200 412
222.69.132.220 - - [26/Sep/2020:09:45:07 +0800] "GET /xingrg/all/function/internal_message.html?_=1601084703745&CODE_STATE=getMsg HTTP/1.1" 200 27
222.69.132.220 - - [26/Sep/2020:09:45:08 +0800] "GET /xingrg/check_reg.html?_=1601084704762 HTTP/1.1" 200 22
114.86.230.255 - - [26/Sep/2020:09:45:09 +0800] "GET /xingrg/kc/buy/cgsh_order_operate.html?command=get_materiel&rest_code=00109&code=00101008350&supplier_code=00100151&order_time=2020-09-26 HTTP/1.1" 200 408
180.162.245.190 - - [26/Sep/2020:09:45:10 +0800] "GET /xingrg/kc/buy/cgsh_order_operate.html?command=get_materiel&rest_code=00105&code=00101008212&supplier_code=00100203&order_time=2020-09-26 HTTP/1.1" 200 412
117.184.7.26 - - [26/Sep/2020:09:45:10 +0800] "POST /xingrg/dwr/call/plaincall/AjaxQqpsService.saveMaterielItem.dwr HTTP/1.1" 200 78
114.86.230.255 - - [26/Sep/2020:09:45:11 +0800] "GET /xingrg/all/function/internal_message.html?_=1601084784818&CODE_STATE=getMsg HTTP/1.1" 200 27
114.86.230.255 - - [26/Sep/2020:09:45:11 +0800] "POST /xingrg/kc/buy/cgsh_order_operate.html HTTP/1.1" 200 2065
114.86.230.255 - - [26/Sep/2020:09:45:15 +0800] "GET /xingrg/kc/buy/cgsh_order_operate.html?command=get_materiel&rest_code=00109&code=00101008112&supplier_code=00100151&order_time=2020-09-26 HTTP/1.1" 200 412
218.81.217.115 - - [26/Sep/2020:09:45:19 +0800] "GET /xingrg/check_reg.html?_=1601084740474 HTTP/1.1" 200 22
218.81.217.115 - - [26/Sep/2020:09:45:19 +0800] "GET /xingrg/all/function/internal_message.html?_=1601084741158&CODE_STATE=getMsg HTTP/1.1" 200 27
218.81.217.115 - - [26/Sep/2020:09:45:21 +0800] "GET /xingrg/kc/buy/cgsh_order_operate.html?command=get_materiel&rest_code=00146&code=00101008196&supplier_code=00100005&order_time=2020-09-26 HTTP/1.1" 200 416
114.86.230.255 - - [26/Sep/2020:09:45:23 +0800] "GET /xingrg/kc/buy/cgsh_order_operate.html?command=get_materiel&rest_code=00109&code=00101008110&supplier_code=00100151&order_time=2020-09-26 HTTP/1.1" 200 408
180.162.245.190 - - [26/Sep/2020:09:45:26 +0800] "GET /xingrg/kc/buy/cgsh_order_operate.html?command=get_materiel&rest_code=00105&code=00101008108&supplier_code=00100203&order_time=2020-09-26 HTTP/1.1" 200 412
180.157.253.48 - - [26/Sep/2020:09:45:28 +0800] "GET /xingrg/all/function/internal_message.html?_=1601084741438&CODE_STATE=getMsg HTTP/1.1" 200 27
114.86.230.255 - - [26/Sep/2020:09:45:29 +0800] "GET /xingrg/kc/buy/cgsh_order_operate.html?command=get_materiel&rest_code=00109&code=00101008356&supplier_code=00100151&order_time=2020-09-26 HTTP/1.1" 200 409
180.162.245.190 - - [26/Sep/2020:09:45:30 +0800] "POST /xingrg/kc/buy/cgsh_order_operate.html HTTP/1.1" 200 2065
218.81.217.115 - - [26/Sep/2020:09:45:30 +0800] "GET /xingrg/kc/buy/cgsh_order_operate.html?command=get_materiel&rest_code=00146&code=00101008357&supplier_code=00100005&order_time=2020-09-26 HTTP/1.1" 200 408
117.184.7.26 - - [26/Sep/2020:09:45:33 +0800] "POST /xingrg/dwr/call/plaincall/AjaxQqpsService.getMaterielByCode.dwr HTTP/1.1" 200 2694
180.157.253.48 - - [26/Sep/2020:09:45:33 +0800] "GET /xingrg/javascript/pic_change.js HTTP/1.1" 304 -
180.157.253.48 - - [26/Sep/2020:09:45:33 +0800] "GET /xingrg/javascript/jquery_tools/jquery.tools.min.js HTTP/1.1" 304 -
180.157.253.48 - - [26/Sep/2020:09:45:33 +0800] "GET /xingrg/javascript/jquery_tools/jquery.tools.hotkey.js HTTP/1.1" 304 -
180.157.253.48 - - [26/Sep/2020:09:45:33 +0800] "GET /xingrg/javascript/jquery_tools/jquery.tools.table.js HTTP/1.1" 304 -
180.157.253.48 - - [26/Sep/2020:09:45:33 +0800] "GET /xingrg/javascript/auto/jquery.autocomplete.js HTTP/1.1" 304 -
180.157.253.48 - - [26/Sep/2020:09:45:33 +0800] "GET /xingrg/javascript/jquery_tools/jquery.tools.extend.js HTTP/1.1" 304 -
180.157.253.48 - - [26/Sep/2020:09:45:33 +0800] "GET /xingrg/javascript/easyui/easyloader.js HTTP/1.1" 304 -
180.157.253.48 - - [26/Sep/2020:09:45:33 +0800] "GET /xingrg/javascript/jquery.utils.js HTTP/1.1" 304 -
180.157.253.48 - - [26/Sep/2020:09:45:33 +0800] "GET /xingrg/javascript/jquery_tools/order_manager.js HTTP/1.1" 304 -
180.157.253.48 - - [26/Sep/2020:09:45:33 +0800] "GET /xingrg/javascript/convert.js HTTP/1.1" 304 -
180.157.253.48 - - [26/Sep/2020:09:45:33 +0800] "GET /xingrg/javascript/jquery.cookie.js HTTP/1.1" 304 -
180.157.253.48 - - [26/Sep/2020:09:45:33 +0800] "GET /xingrg/javascript/print/kc_print.js HTTP/1.1" 304 -
180.157.253.48 - - [26/Sep/2020:09:45:33 +0800] "GET /xingrg/javascript/easyui/plugins/jquery.validatebox.js HTTP/1.1" 304 -
180.157.253.48 - - [26/Sep/2020:09:45:33 +0800] "GET /xingrg/javascript/easyui/plugins/jquery.numberbox.js HTTP/1.1" 304 -
180.157.253.48 - - [26/Sep/2020:09:45:33 +0800] "GET /xingrg/javascript/print/LodopFuncs.js HTTP/1.1" 304 -
180.157.253.48 - - [26/Sep/2020:09:45:33 +0800] "GET /xingrg/javascript/json2.js HTTP/1.1" 304 -
180.157.253.48 - - [26/Sep/2020:09:45:33 +0800] "GET /xingrg/javascript/easyui/plugins/jquery.parser.js HTTP/1.1" 304 -
180.157.253.48 - - [26/Sep/2020:09:45:33 +0800] "GET /xingrg/words/20200926092433_words.js HTTP/1.1" 304 -
117.184.7.26 - - [26/Sep/2020:09:45:34 +0800] "GET /xingrg/all/function/internal_message.html?_=1601084730889&CODE_STATE=getMsg HTTP/1.1" 200 27
101.91.62.65 - - [26/Sep/2020:09:45:36 +0800] "GET /xingrg/kc/buy/cgsh_order_info.html?code=212020092611337 HTTP/1.1" 302 -
114.86.230.255 - - [26/Sep/2020:09:45:36 +0800] "GET /xingrg/kc/buy/cgsh_order_operate.html?command=get_materiel&rest_code=00109&code=00101008223&supplier_code=00100151&order_time=2020-09-26 HTTP/1.1" 200 412
180.157.253.48 - - [26/Sep/2020:09:45:36 +0800] "GET /xingrg/kc/buy/cgsh_order_operate.html?command=get_materiel&rest_code=00148&code=00101008045&supplier_code=00100007&order_time=2020-09-26 HTTP/1.1" 200 412
101.91.60.108 - - [26/Sep/2020:09:45:37 +0800] "GET /xingrg/all/function/internal_message.html?_=1601084035648&CODE_STATE=getMsg HTTP/1.1" 302 -
117.184.7.26 - - [26/Sep/2020:09:45:38 +0800] "POST /xingrg/dwr/call/plaincall/AjaxQqpsService.saveMaterielItem.dwr HTTP/1.1" 200 79
218.81.217.115 - - [26/Sep/2020:09:45:38 +0800] "GET /xingrg/kc/buy/cgsh_order_operate.html?command=get_materiel&rest_code=00146&code=00101008006&supplier_code=00100005&order_time=2020-09-26 HTTP/1.1" 200 416
218.81.217.115 - - [26/Sep/2020:09:45:42 +0800] "POST /xingrg/kc/buy/cgsh_order_operate.html HTTP/1.1" 200 2065
114.86.230.255 - - [26/Sep/2020:09:45:42 +0800] "GET /xingrg/kc/buy/cgsh_order_operate.html?command=get_materiel&rest_code=00109&code=00101008006&supplier_code=00100151&order_time=2020-09-26 HTTP/1.1" 200 416
101.91.62.65 - - [26/Sep/2020:09:45:43 +0800] "GET /xingrg/login.html HTTP/1.1" 200 7641
114.86.230.255 - - [26/Sep/2020:09:45:46 +0800] "POST /xingrg/kc/buy/cgsh_order_operate.html HTTP/1.1" 200 2065
172.17.0.100 - - [26/Sep/2020:09:45:47 +0800] "GET /xingrg/all/function/internal_message.html?_=1601084750047&CODE_STATE=getMsg HTTP/1.1" 200 27
101.91.60.108 - - [26/Sep/2020:09:45:47 +0800] "GET /xingrg/login.html HTTP/1.1" 200 7641
58.37.8.227 - - [26/Sep/2020:09:45:48 +0800] "GET /xingrg/check_reg.html?_=1601084755663 HTTP/1.1" 200 22
58.37.8.227 - - [26/Sep/2020:09:45:48 +0800] "GET /xingrg/all/function/internal_message.html?_=1601084755666&CODE_STATE=getMsg HTTP/1.1" 200 27
218.81.217.115 - - [26/Sep/2020:09:45:49 +0800] "GET /xingrg/kc/buy/cgsh_order_operate.html?command=get_materiel&rest_code=00146&code=00101008131&supplier_code=00100005&order_time=2020-09-26 HTTP/1.1" 200 408
117.184.7.26 - - [26/Sep/2020:09:45:49 +0800] "POST /xingrg/dwr/call/plaincall/AjaxQqpsService.getMaterielByCode.dwr HTTP/1.1" 200 2680
101.89.239.230 - - [26/Sep/2020:09:45:50 +0800] "GET /xingrg/kc/buy/cgsh_order_operate.html?command=get_materiel&rest_code=00141&code=00101006168&supplier_code=00100012&order_time=2020-09-25 HTTP/1.1" 302 -
120.253.135.82 - - [26/Sep/2020:09:45:50 +0800] "GET /xingrg/all/function/internal_message.html?_=1601084866702&CODE_STATE=getMsg HTTP/1.1" 200 27
114.86.230.255 - - [26/Sep/2020:09:45:52 +0800] "GET /xingrg/kc/buy/cgsh_order_operate.html?command=get_materiel&rest_code=00109&code=00101008131&supplier_code=00100151&order_time=2020-09-26 HTTP/1.1" 200 408
114.88.166.242 - - [26/Sep/2020:09:45:54 +0800] "GET /xingrg/all/function/internal_message.html?_=1601084831034&CODE_STATE=getMsg HTTP/1.1" 200 27
180.157.253.48 - - [26/Sep/2020:09:45:55 +0800] "GET /xingrg/kc/buy/cgsh_order_operate.html?command=get_materiel&rest_code=00148&code=00101008257&supplier_code=00100007&order_time=2020-09-26 HTTP/1.1" 200 416
120.253.135.82 - - [26/Sep/2020:09:45:56 +0800] "GET /xingrg/all/function/internal_message.html?_=1601084508912&CODE_STATE=getMsg HTTP/1.1" 200 27
117.184.7.26 - - [26/Sep/2020:09:45:57 +0800] "POST /xingrg/dwr/call/plaincall/AjaxQqpsService.saveMaterielItem.dwr HTTP/1.1" 200 79
218.81.217.115 - - [26/Sep/2020:09:45:58 +0800] "GET /xingrg/kc/buy/cgsh_order_operate.html?command=get_materiel&rest_code=00146&code=00101008296&supplier_code=00100005&order_time=2020-09-26 HTTP/1.1" 200 416
101.89.239.230 - - [26/Sep/2020:09:45:59 +0800] "GET /xingrg/login.html HTTP/1.1" 200 7641
180.162.245.190 - - [26/Sep/2020:09:46:00 +0800] "GET /xingrg/all/function/internal_message.html?_=1601084767255&CODE_STATE=getMsg HTTP/1.1" 200 27
180.157.253.48 - - [26/Sep/2020:09:46:01 +0800] "GET /xingrg/kc/buy/cgsh_order_operate.html?command=get_materiel&rest_code=00148&code=00101008350&supplier_code=00100007&order_time=2020-09-26 HTTP/1.1" 200 408
114.86.230.255 - - [26/Sep/2020:09:46:02 +0800] "GET /xingrg/kc/buy/cgsh_order_operate.html?command=get_materiel&rest_code=00109&code=00101008353&supplier_code=00100151&order_time=2020-09-26 HTTP/1.1" 200 408
116.238.71.173 - - [26/Sep/2020:09:46:03 +0800] "GET /xingrg/check_reg.html?_=1601084877894 HTTP/1.1" 200 22
180.162.245.190 - - [26/Sep/2020:09:46:04 +0800] "GET /xingrg/kc/buy/cgsh_order_operate.html?command=get_materiel&rest_code=00105&code=00101008224&supplier_code=00100203&order_time=2020-09-26 HTTP/1.1" 200 416
222.69.132.220 - - [26/Sep/2020:09:46:07 +0800] "GET /xingrg/all/function/internal_message.html?_=1601084763721&CODE_STATE=getMsg HTTP/1.1" 200 27
114.86.230.255 - - [26/Sep/2020:09:46:07 +0800] "GET /xingrg/all/function/internal_message.html?_=1601084844815&CODE_STATE=getMsg HTTP/1.1" 200 27
218.81.217.115 - - [26/Sep/2020:09:46:10 +0800] "GET /xingrg/kc/buy/cgsh_order_operate.html?command=get_materiel&rest_code=00146&code=00101008353&supplier_code=00100005&order_time=2020-09-26 HTTP/1.1" 200 408
114.86.230.255 - - [26/Sep/2020:09:46:15 +0800] "GET /xingrg/kc/buy/cgsh_order_operate.html?command=get_materiel&rest_code=00109&code=00101008010&supplier_code=00100151&order_time=2020-09-26 HTTP/1.1" 200 412
114.88.166.242 - - [26/Sep/2020:09:46:16 +0800] "GET /xingrg/check_reg.html?_=1601084776537 HTTP/1.1" 302 -
218.81.217.115 - - [26/Sep/2020:09:46:16 +0800] "GET /xingrg/kc/buy/cgsh_order_operate.html?command=get_materiel&rest_code=00146&code=00101008213&supplier_code=00100005&order_time=2020-09-26 HTTP/1.1" 200 412
218.81.217.115 - - [26/Sep/2020:09:46:19 +0800] "GET /xingrg/all/function/internal_message.html?_=1601084801172&CODE_STATE=getMsg HTTP/1.1" 200 27
114.86.230.255 - - [26/Sep/2020:09:46:22 +0800] "POST /xingrg/kc/buy/cgsh_order_operate.html HTTP/1.1" 200 37
114.86.230.255 - - [26/Sep/2020:09:46:25 +0800] "POST /xingrg/kc/buy/cgsh_order_operate.html HTTP/1.1" 200 2065
180.162.245.190 - - [26/Sep/2020:09:46:25 +0800] "POST /xingrg/kc/buy/cgsh_order_operate.html HTTP/1.1" 200 37
218.81.217.115 - - [26/Sep/2020:09:46:26 +0800] "GET /xingrg/kc/buy/cgsh_order_operate.html?command=get_materiel&rest_code=00146&code=00101016122&supplier_code=00100005&order_time=2020-09-26 HTTP/1.1" 200 395
180.162.245.190 - - [26/Sep/2020:09:46:27 +0800] "POST /xingrg/kc/buy/cgsh_order_operate.html HTTP/1.1" 200 61187
180.157.253.48 - - [26/Sep/2020:09:46:28 +0800] "GET /xingrg/check_reg.html?_=1601084800911 HTTP/1.1" 200 22
180.157.253.48 - - [26/Sep/2020:09:46:28 +0800] "GET /xingrg/all/function/internal_message.html?_=1601084801452&CODE_STATE=getMsg HTTP/1.1" 200 27
180.157.253.48 - - [26/Sep/2020:09:46:29 +0800] "GET /xingrg/kc/buy/cgsh_order_operate.html?command=get_materiel&rest_code=00148&code=00101008244&supplier_code=00100007&order_time=2020-09-26 HTTP/1.1" 200 408
218.81.217.115 - - [26/Sep/2020:09:46:31 +0800] "POST /xingrg/kc/buy/cgsh_order_operate.html HTTP/1.1" 200 2065
117.184.7.26 - - [26/Sep/2020:09:46:34 +0800] "GET /xingrg/all/function/internal_message.html?_=1601084790887&CODE_STATE=getMsg HTTP/1.1" 200 27
218.81.217.115 - - [26/Sep/2020:09:46:36 +0800] "GET /xingrg/kc/buy/cgsh_order_operate.html?command=get_materiel&rest_code=00146&code=00101008347&supplier_code=00100005&order_time=2020-09-26 HTTP/1.1" 200 408
180.157.253.48 - - [26/Sep/2020:09:46:40 +0800] "GET /xingrg/kc/buy/cgsh_order_operate.html?command=get_materiel&rest_code=00148&code=00101008010&supplier_code=00100007&order_time=2020-09-26 HTTP/1.1" 200 412
218.81.217.115 - - [26/Sep/2020:09:46:46 +0800] "GET /xingrg/kc/buy/cgsh_order_operate.html?command=get_materiel&rest_code=00146&code=00101008298&supplier_code=00100005&order_time=2020-09-26 HTTP/1.1" 200 412
172.17.0.100 - - [26/Sep/2020:09:46:47 +0800] "GET /xingrg/all/function/internal_message.html?_=1601084810030&CODE_STATE=getMsg HTTP/1.1" 200 27
58.37.8.227 - - [26/Sep/2020:09:46:48 +0800] "GET /xingrg/all/function/internal_message.html?_=1601084815649&CODE_STATE=getMsg HTTP/1.1" 200 27
120.253.135.82 - - [26/Sep/2020:09:46:50 +0800] "GET /xingrg/all/function/internal_message.html?_=1601084926714&CODE_STATE=getMsg HTTP/1.1" 200 27
180.157.253.48 - - [26/Sep/2020:09:46:51 +0800] "GET /xingrg/kc/buy/cgsh_order_operate.html?command=get_materiel&rest_code=00148&code=00101008038&supplier_code=00100007&order_time=2020-09-26 HTTP/1.1" 200 412
117.184.7.26 - - [26/Sep/2020:09:46:52 +0800] "POST /xingrg/dwr/call/plaincall/AjaxQqpsService.getMaterielByCode.dwr HTTP/1.1" 200 2662
117.184.7.26 - - [26/Sep/2020:09:46:54 +0800] "POST /xingrg/dwr/call/plaincall/AjaxQqpsService.saveMaterielItem.dwr HTTP/1.1" 200 79
218.81.217.115 - - [26/Sep/2020:09:46:54 +0800] "GET /xingrg/kc/buy/cgsh_order_operate.html?command=get_materiel&rest_code=00146&code=00101008225&supplier_code=00100005&order_time=2020-09-26 HTTP/1.1" 200 416
114.86.230.255 - - [26/Sep/2020:09:46:54 +0800] "GET /xingrg/kc/buy/buy_main.html HTTP/1.1" 200 12412
114.86.230.255 - - [26/Sep/2020:09:46:54 +0800] "GET /xingrg/css/new_ie.css HTTP/1.1" 404 1036
114.86.230.255 - - [26/Sep/2020:09:46:56 +0800] "GET /xingrg/kc/buy/cgsh_order_list.html HTTP/1.1" 200 44147
120.253.135.82 - - [26/Sep/2020:09:46:56 +0800] "GET /xingrg/all/function/internal_message.html?_=1601084568925&CODE_STATE=getMsg HTTP/1.1" 200 27
180.157.253.48 - - [26/Sep/2020:09:46:56 +0800] "GET /xingrg/kc/buy/cgsh_order_operate.html?command=get_materiel&rest_code=00148&code=00101008358&supplier_code=00100007&order_time=2020-09-26 HTTP/1.1" 200 412
114.86.230.255 - - [26/Sep/2020:09:46:57 +0800] "POST /xingrg/kc/buy/cgsh_list_operate.html HTTP/1.1" 200 1667
114.86.230.255 - - [26/Sep/2020:09:46:59 +0800] "POST /xingrg/kc/buy/cgsh_list_operate.html HTTP/1.1" 200 559
114.86.230.255 - - [26/Sep/2020:09:47:00 +0800] "GET /xingrg/kc/buy/cgsh_order_info.html?code=212020092611343 HTTP/1.1" 200 59925
180.162.245.190 - - [26/Sep/2020:09:47:00 +0800] "GET /xingrg/all/function/internal_message.html?_=1601084827251&CODE_STATE=getMsg HTTP/1.1" 200 27
114.86.230.255 - - [26/Sep/2020:09:47:00 +0800] "GET /xingrg/words/20200926092433_words.js HTTP/1.1" 200 765254
114.86.230.255 - - [26/Sep/2020:09:47:00 +0800] "GET /xingrg/all/common/auto_word.html?type=employee&rest_code=00109 HTTP/1.1" 200 255
114.86.230.255 - - [26/Sep/2020:09:47:00 +0800] "GET /xingrg/javascript/easyui/themes/default/validatebox.css HTTP/1.1" 404 1104
114.86.230.255 - - [26/Sep/2020:09:47:00 +0800] "GET /xingrg/all/common/auto_word.html?type=employee&rest_code=00109 HTTP/1.1" 200 255
114.86.230.255 - - [26/Sep/2020:09:47:01 +0800] "POST /xingrg/kc/buy/cgsh_order_operate.html HTTP/1.1" 200 47017
218.81.217.115 - - [26/Sep/2020:09:47:02 +0800] "GET /xingrg/kc/buy/cgsh_order_operate.html?command=get_materiel&rest_code=00146&code=00101008276&supplier_code=00100005&order_time=2020-09-26 HTTP/1.1" 200 412
180.157.253.48 - - [26/Sep/2020:09:47:04 +0800] "GET /xingrg/kc/buy/cgsh_order_operate.html?command=get_materiel&rest_code=00148&code=00101008355&supplier_code=00100007&order_time=2020-09-26 HTTP/1.1" 200 408
114.86.230.255 - - [26/Sep/2020:09:47:04 +0800] "GET /xingrg/javascript/jquery_tools/images/prev.gif HTTP/1.1" 404 1086
114.86.230.255 - - [26/Sep/2020:09:47:04 +0800] "GET /xingrg/javascript/jquery_tools/images/next.gif HTTP/1.1" 404 1086
114.86.230.255 - - [26/Sep/2020:09:47:06 +0800] "GET /xingrg/check_reg.html?_=1601084906152 HTTP/1.1" 200 22
114.86.230.255 - - [26/Sep/2020:09:47:06 +0800] "GET /xingrg/all/function/internal_message.html?_=1601084906152&CODE_STATE=getMsg HTTP/1.1" 200 27
222.69.132.220 - - [26/Sep/2020:09:47:07 +0800] "GET /xingrg/all/function/internal_message.html?_=1601084823707&CODE_STATE=getMsg HTTP/1.1" 200 27
180.157.253.48 - - [26/Sep/2020:09:47:07 +0800] "GET /xingrg/kc/buy/cgsh_order_operate.html?command=get_materiel&rest_code=00148&code=00101008264&supplier_code=00100007&order_time=2020-09-26 HTTP/1.1" 200 412
114.86.230.255 - - [26/Sep/2020:09:47:13 +0800] "GET /xingrg/kc/buy/cgsh_order_operate.html?command=get_materiel&rest_code=00109&code=00101008114&supplier_code=00100005&order_time=2020-09-26 HTTP/1.1" 200 412
180.157.253.48 - - [26/Sep/2020:09:47:13 +0800] "GET /xingrg/kc/buy/cgsh_order_operate.html?command=get_materiel&rest_code=00148&code=00101008078&supplier_code=00100007&order_time=2020-09-26 HTTP/1.1" 200 416
218.81.217.115 - - [26/Sep/2020:09:47:16 +0800] "GET /xingrg/kc/buy/cgsh_order_operate.html?command=get_materiel&rest_code=00146&code=00101008519&supplier_code=00100005&order_time=2020-09-26 HTTP/1.1" 200 394
218.81.217.115 - - [26/Sep/2020:09:47:19 +0800] "POST /xingrg/kc/buy/cgsh_order_operate.html HTTP/1.1" 200 2065
180.157.253.48 - - [26/Sep/2020:09:47:19 +0800] "GET /xingrg/kc/buy/cgsh_order_operate.html?command=get_materiel&rest_code=00148&code=00101008069&supplier_code=00100007&order_time=2020-09-26 HTTP/1.1" 200 412
218.81.217.115 - - [26/Sep/2020:09:47:19 +0800] "GET /xingrg/all/function/internal_message.html?_=1601084861185&CODE_STATE=getMsg HTTP/1.1" 200 27
114.86.230.255 - - [26/Sep/2020:09:47:20 +0800] "GET /xingrg/kc/buy/cgsh_order_operate.html?command=get_materiel&rest_code=00109&code=00101015052&supplier_code=00100005&order_time=2020-09-26 HTTP/1.1" 200 413
180.157.253.48 - - [26/Sep/2020:09:47:24 +0800] "GET /xingrg/kc/buy/cgsh_order_operate.html?command=get_materiel&rest_code=00148&code=00101008036&supplier_code=00100007&order_time=2020-09-26 HTTP/1.1" 200 408
218.81.217.115 - - [26/Sep/2020:09:47:25 +0800] "GET /xingrg/kc/buy/cgsh_order_operate.html?command=get_materiel&rest_code=00146&code=00101008154&supplier_code=00100005&order_time=2020-09-26 HTTP/1.1" 200 413
114.86.230.255 - - [26/Sep/2020:09:47:28 +0800] "GET /xingrg/kc/buy/cgsh_order_operate.html?command=get_materiel&rest_code=00109&code=00101015066&supplier_code=00100005&order_time=2020-09-26 HTTP/1.1" 200 413
180.157.253.48 - - [26/Sep/2020:09:47:28 +0800] "GET /xingrg/all/function/internal_message.html?_=1601084861466&CODE_STATE=getMsg HTTP/1.1" 200 27
180.157.253.48 - - [26/Sep/2020:09:47:30 +0800] "GET /xingrg/kc/buy/cgsh_order_operate.html?command=get_materiel&rest_code=00148&code=00101008286&supplier_code=00100007&order_time=2020-09-26 HTTP/1.1" 200 408
114.86.230.255 - - [26/Sep/2020:09:47:33 +0800] "GET /xingrg/kc/buy/cgsh_order_operate.html?command=get_materiel&rest_code=00109&code=00101015038&supplier_code=00100005&order_time=2020-09-26 HTTP/1.1" 200 418
117.184.7.26 - - [26/Sep/2020:09:47:34 +0800] "GET /xingrg/check_reg.html?_=1601084850879 HTTP/1.1" 200 22
117.184.7.30 - - [26/Sep/2020:09:47:34 +0800] "GET /xingrg/all/function/internal_message.html?_=1601084850885&CODE_STATE=getMsg HTTP/1.1" 200 27
116.238.71.173 - - [26/Sep/2020:09:47:35 +0800] "GET /xingrg/login.html HTTP/1.1" 200 7641
116.238.71.173 - - [26/Sep/2020:09:47:35 +0800] "GET /xingrg/images/blue/jxLogo.png HTTP/1.1" 200 6156
180.157.253.48 - - [26/Sep/2020:09:47:35 +0800] "GET /xingrg/kc/buy/cgsh_order_operate.html?command=get_materiel&rest_code=00148&code=00101008131&supplier_code=00100007&order_time=2020-09-26 HTTP/1.1" 200 408
114.86.230.255 - - [26/Sep/2020:09:47:35 +0800] "POST /xingrg/kc/buy/cgsh_order_operate.html HTTP/1.1" 200 2065
116.238.71.173 - - [26/Sep/2020:09:47:35 +0800] "GET /xingrg/images/blue/hj.png HTTP/1.1" 200 1014
116.238.71.173 - - [26/Sep/2020:09:47:35 +0800] "GET /xingrg/images/blue/srbg.png HTTP/1.1" 200 138
116.238.71.173 - - [26/Sep/2020:09:47:35 +0800] "GET /xingrg/images/blue/login_bg.png HTTP/1.1" 200 22101
116.238.71.173 - - [26/Sep/2020:09:47:36 +0800] "GET /favicon.ico HTTP/1.1" 404 -
114.86.230.255 - - [26/Sep/2020:09:47:40 +0800] "GET /xingrg/kc/buy/cgsh_order_operate.html?command=get_materiel&rest_code=00109&code=00101008255&supplier_code=00100005&order_time=2020-09-26 HTTP/1.1" 200 412
218.81.217.115 - - [26/Sep/2020:09:47:40 +0800] "GET /xingrg/kc/buy/cgsh_order_operate.html?command=get_materiel&rest_code=00146&code=00101008264&supplier_code=00100005&order_time=2020-09-26 HTTP/1.1" 200 412
172.17.0.100 - - [26/Sep/2020:09:47:47 +0800] "GET /xingrg/all/function/internal_message.html?_=1601084869998&CODE_STATE=getMsg HTTP/1.1" 200 27
180.157.253.48 - - [26/Sep/2020:09:47:47 +0800] "GET /xingrg/kc/buy/cgsh_order_operate.html?command=get_materiel&rest_code=00148&code=00101008352&supplier_code=00100007&order_time=2020-09-26 HTTP/1.1" 200 412
114.86.230.255 - - [26/Sep/2020:09:47:48 +0800] "GET /xingrg/kc/buy/cgsh_order_operate.html?command=get_materiel&rest_code=00109&code=00101008148&supplier_code=00100005&order_time=2020-09-26 HTTP/1.1" 200 416
58.37.8.227 - - [26/Sep/2020:09:47:48 +0800] "GET /xingrg/all/function/internal_message.html?_=1601084875658&CODE_STATE=getMsg HTTP/1.1" 200 27
218.81.217.115 - - [26/Sep/2020:09:47:48 +0800] "GET /xingrg/kc/buy/cgsh_order_operate.html?command=get_materiel&rest_code=00146&code=00101008091&supplier_code=00100005&order_time=2020-09-26 HTTP/1.1" 200 413
120.253.135.82 - - [26/Sep/2020:09:47:49 +0800] "GET /xingrg/check_reg.html?_=1601084985549 HTTP/1.1" 200 22
120.253.135.82 - - [26/Sep/2020:09:47:50 +0800] "GET /xingrg/all/function/internal_message.html?_=1601084986723&CODE_STATE=getMsg HTTP/1.1" 200 27
180.157.253.48 - - [26/Sep/2020:09:47:54 +0800] "GET /xingrg/kc/buy/cgsh_order_operate.html?command=get_materiel&rest_code=00148&code=00101008098&supplier_code=00100007&order_time=2020-09-26 HTTP/1.1" 200 412
116.238.71.173 - - [26/Sep/2020:09:47:54 +0800] "POST /xingrg/login.do HTTP/1.1" 302 -
116.238.71.173 - - [26/Sep/2020:09:47:54 +0800] "GET /xingrg/javascript/jquery_easy_ui/themes/icon.css HTTP/1.1" 200 3949
116.238.71.173 - - [26/Sep/2020:09:47:54 +0800] "GET /xingrg/index.html?sysBaseUrl=http%3A%2F%2F180.169.147.146%3A18081%2Fxingrg%2F&costTime=43×tamp=1601084874542 HTTP/1.1" 200 17177
116.238.71.173 - - [26/Sep/2020:09:47:54 +0800] "GET /xingrg/javascript/jquery_easy_ui/jquery.easyui.min.js HTTP/1.1" 200 213662
116.238.71.173 - - [26/Sep/2020:09:47:54 +0800] "GET /xingrg/javascript/jquery-1.4.2.min.js HTTP/1.1" 200 72205
116.238.71.173 - - [26/Sep/2020:09:47:54 +0800] "GET /xingrg/javascript/jquery_easy_ui/themes/default/easyui.css HTTP/1.1" 200 26500
116.238.71.173 - - [26/Sep/2020:09:47:54 +0800] "GET /xingrg/css/form.css HTTP/1.1" 200 893
