116.238.71.173 - - [26/Sep/2020:11:44:12 +0800] "POST /xingrg/kc/base/wldb_order_operate.html HTTP/1.1" 200 6806
116.238.71.173 - - [26/Sep/2020:11:44:12 +0800] "GET /xingrg/all/common/auto_word.html?type=base&rest_code=00150 HTTP/1.1" 200 1653
116.238.71.173 - - [26/Sep/2020:11:44:12 +0800] "GET /xingrg/all/common/auto_word.html?type=base&rest_code=00150 HTTP/1.1" 200 1653
116.238.71.173 - - [26/Sep/2020:11:44:12 +0800] "GET /xingrg/javascript/easyui/themes/default/validatebox.css HTTP/1.1" 404 1104
58.37.8.227 - - [26/Sep/2020:11:44:13 +0800] "GET /xingrg/all/function/internal_message.html?_=1601091473776&CODE_STATE=getMsg HTTP/1.1" 200 27
58.37.8.227 - - [26/Sep/2020:11:44:14 +0800] "GET /xingrg/kc/buy/cgsh_order_operate.html?command=get_materiel&rest_code=00141&code=00101008072&supplier_code=00100007&order_time=2020-09-26 HTTP/1.1" 200 410
120.253.135.82 - - [26/Sep/2020:11:44:14 +0800] "POST /xingrg/kc/pszx/mdps_list_operate.html HTTP/1.1" 200 233
58.221.95.50 - - [26/Sep/2020:11:44:14 +0800] "GET /xingrg/check_reg.html?_=1601092015340 HTTP/1.1" 200 22
120.253.135.82 - - [26/Sep/2020:11:44:15 +0800] "GET /xingrg/kc/pszx/mdps_order_info.html?code=312020092500706 HTTP/1.1" 200 23887
117.185.32.26 - - [26/Sep/2020:11:44:15 +0800] "GET /xingrg/all/function/internal_message.html?_=1601091855194&CODE_STATE=getMsg HTTP/1.1" 200 27
120.253.135.82 - - [26/Sep/2020:11:44:15 +0800] "POST /xingrg/kc/pszx/mdps_order_operate.html HTTP/1.1" 200 2327
120.253.135.82 - - [26/Sep/2020:11:44:15 +0800] "GET /xingrg/javascript/easyui/themes/default/validatebox.css HTTP/1.1" 404 1104
116.238.71.173 - - [26/Sep/2020:11:44:16 +0800] "GET /xingrg/javascript/auto/indicator.gif HTTP/1.1" 404 1066
117.185.32.26 - - [26/Sep/2020:11:44:19 +0800] "GET /xingrg/all/function/internal_message.html?_=1601092298996&CODE_STATE=getMsg HTTP/1.1" 200 27
120.253.135.82 - - [26/Sep/2020:11:44:20 +0800] "POST /xingrg/kc/pszx/mdps_order_operate.html HTTP/1.1" 200 37
116.238.71.173 - - [26/Sep/2020:11:44:20 +0800] "GET /xingrg/kc/base/wldb_order_operate.html?command=get_materiel&rest_code=00150&base_code=0010449&code=00101013219 HTTP/1.1" 200 432
58.221.95.50 - - [26/Sep/2020:11:44:20 +0800] "GET /xingrg/check_reg.html?_=1601092020691 HTTP/1.1" 200 22
120.253.135.82 - - [26/Sep/2020:11:44:21 +0800] "POST /xingrg/kc/pszx/mdps_order_operate.html HTTP/1.1" 200 12
116.238.71.173 - - [26/Sep/2020:11:44:25 +0800] "GET /xingrg/kc/base/wldb_order_operate.html?command=get_materiel&rest_code=00150&base_code=0010445&code=00101013219 HTTP/1.1" 200 432
58.221.95.50 - - [26/Sep/2020:11:44:26 +0800] "GET /xingrg/all/function/internal_message.html?_=1601092026995&CODE_STATE=getMsg HTTP/1.1" 200 27
120.253.135.82 - - [26/Sep/2020:11:44:26 +0800] "GET /xingrg/kc/pszx/mdps_order_info.html?code=312020092500706 HTTP/1.1" 200 19547
120.253.135.82 - - [26/Sep/2020:11:44:27 +0800] "POST /xingrg/kc/pszx/mdps_order_operate.html HTTP/1.1" 200 548
218.81.217.115 - - [26/Sep/2020:11:44:27 +0800] "GET /xingrg/kc/buy/cgsh_order_operate.html?command=get_materiel&rest_code=00146&code=00101007032&supplier_code=00100328&order_time=2020-09-26 HTTP/1.1" 200 413
120.253.135.82 - - [26/Sep/2020:11:44:27 +0800] "GET /xingrg/javascript/easyui/themes/default/validatebox.css HTTP/1.1" 404 1104
218.81.217.115 - - [26/Sep/2020:11:44:28 +0800] "GET /xingrg/all/function/internal_message.html?_=1601091889653&CODE_STATE=getMsg HTTP/1.1" 200 27
180.157.253.48 - - [26/Sep/2020:11:44:29 +0800] "GET /xingrg/check_reg.html?_=1601091881875 HTTP/1.1" 200 22
120.253.135.82 - - [26/Sep/2020:11:44:29 +0800] "POST /xingrg/kc/pszx/mdps_list_operate.html HTTP/1.1" 200 3920
180.157.253.48 - - [26/Sep/2020:11:44:30 +0800] "GET /xingrg/all/function/internal_message.html?_=1601091883072&CODE_STATE=getMsg HTTP/1.1" 200 27
58.37.8.227 - - [26/Sep/2020:11:44:30 +0800] "GET /xingrg/kc/buy/cgsh_order_operate.html?command=get_materiel&rest_code=00141&code=00101008220&supplier_code=00100007&order_time=2020-09-26 HTTP/1.1" 200 412
180.162.245.190 - - [26/Sep/2020:11:44:32 +0800] "POST /xingrg/kc/buy/cgsh_order_operate.html HTTP/1.1" 200 37
120.253.135.82 - - [26/Sep/2020:11:44:34 +0800] "POST /xingrg/kc/pszx/mdps_list_operate.html HTTP/1.1" 200 357
120.253.135.82 - - [26/Sep/2020:11:44:34 +0800] "GET /xingrg/kc/pszx/mdps_order_info.html?code=312020092500692 HTTP/1.1" 200 23887
120.253.135.82 - - [26/Sep/2020:11:44:35 +0800] "POST /xingrg/kc/pszx/mdps_order_operate.html HTTP/1.1" 200 3263
117.184.7.30 - - [26/Sep/2020:11:44:35 +0800] "GET /xingrg/all/function/internal_message.html?_=1601091871062&CODE_STATE=getMsg HTTP/1.1" 200 27
120.253.135.82 - - [26/Sep/2020:11:44:35 +0800] "GET /xingrg/javascript/easyui/themes/default/validatebox.css HTTP/1.1" 404 1104
114.88.166.242 - - [26/Sep/2020:11:44:35 +0800] "GET /xingrg/all/function/internal_message.html?_=1601091952717&CODE_STATE=getMsg HTTP/1.1" 200 27
114.88.166.242 - - [26/Sep/2020:11:44:35 +0800] "GET /xingrg/check_reg.html?_=1601091952720 HTTP/1.1" 200 22
180.162.245.190 - - [26/Sep/2020:11:44:36 +0800] "POST /xingrg/kc/buy/cgsh_order_operate.html HTTP/1.1" 200 2674
101.85.52.2 - - [26/Sep/2020:11:44:36 +0800] "GET /xingrg/all/function/internal_message.html?_=1601091876070&CODE_STATE=getMsg HTTP/1.1" 200 27
180.162.245.190 - - [26/Sep/2020:11:44:37 +0800] "GET /xingrg/kc/print/load_data.html?order_code=212020092611458&kc_code=cgsh&condition= HTTP/1.1" 200 703
58.37.8.227 - - [26/Sep/2020:11:44:38 +0800] "GET /xingrg/kc/buy/cgsh_order_operate.html?command=get_materiel&rest_code=00141&code=00101008176&supplier_code=00100007&order_time=2020-09-26 HTTP/1.1" 200 412
120.253.135.82 - - [26/Sep/2020:11:44:38 +0800] "POST /xingrg/kc/pszx/mdps_order_operate.html HTTP/1.1" 200 37
120.253.135.82 - - [26/Sep/2020:11:44:39 +0800] "POST /xingrg/kc/pszx/mdps_order_operate.html HTTP/1.1" 200 12
101.85.228.253 - - [26/Sep/2020:11:44:40 +0800] "GET /xingrg/check_reg.html?_=1601092095921 HTTP/1.1" 200 22
101.85.228.253 - - [26/Sep/2020:11:44:40 +0800] "GET /xingrg/all/function/internal_message.html?_=1601092096295&CODE_STATE=getMsg HTTP/1.1" 200 27
58.37.8.227 - - [26/Sep/2020:11:44:41 +0800] "POST /xingrg/kc/buy/cgsh_order_operate.html HTTP/1.1" 200 2065
120.253.135.82 - - [26/Sep/2020:11:44:42 +0800] "GET /xingrg/kc/pszx/mdps_order_info.html?code=312020092500692 HTTP/1.1" 200 19547
120.253.135.82 - - [26/Sep/2020:11:44:42 +0800] "POST /xingrg/kc/pszx/mdps_order_operate.html HTTP/1.1" 200 1476
120.253.135.82 - - [26/Sep/2020:11:44:42 +0800] "GET /xingrg/javascript/easyui/themes/default/validatebox.css HTTP/1.1" 404 1104
120.253.135.82 - - [26/Sep/2020:11:44:44 +0800] "POST /xingrg/kc/pszx/mdps_list_operate.html HTTP/1.1" 200 3547
172.17.0.100 - - [26/Sep/2020:11:44:46 +0800] "GET /xingrg/all/function/internal_message.html?_=1601091888292&CODE_STATE=getMsg HTTP/1.1" 200 27
180.162.245.190 - - [26/Sep/2020:11:44:46 +0800] "GET /xingrg/all/function/internal_message.html?_=1601091873837&CODE_STATE=getMsg HTTP/1.1" 200 27
218.81.217.115 - - [26/Sep/2020:11:44:47 +0800] "POST /xingrg/kc/buy/cgsh_order_operate.html HTTP/1.1" 200 37
58.37.8.227 - - [26/Sep/2020:11:44:48 +0800] "GET /xingrg/all/function/internal_message.html?_=1601091895930&CODE_STATE=getMsg HTTP/1.1" 200 27
58.37.8.227 - - [26/Sep/2020:11:44:48 +0800] "GET /xingrg/kc/buy/cgsh_order_operate.html?command=get_materiel&rest_code=00141&code=00101008329&supplier_code=00100007&order_time=2020-09-26 HTTP/1.1" 200 421
120.253.135.82 - - [26/Sep/2020:11:44:49 +0800] "GET /xingrg/all/function/internal_message.html?_=1601091943440&CODE_STATE=getMsg HTTP/1.1" 200 27
172.17.0.123 - - [26/Sep/2020:11:44:50 +0800] "GET /xingrg/all/function/internal_message.html?_=1601091885313&CODE_STATE=getMsg HTTP/1.1" 200 27
218.81.217.115 - - [26/Sep/2020:11:44:50 +0800] "POST /xingrg/kc/buy/cgsh_order_operate.html HTTP/1.1" 200 2658
120.253.135.82 - - [26/Sep/2020:11:44:51 +0800] "POST /xingrg/kc/pszx/mdps_list_operate.html HTTP/1.1" 200 371
120.253.135.82 - - [26/Sep/2020:11:44:51 +0800] "GET /xingrg/kc/pszx/mdps_order_info.html?code=312020092500691 HTTP/1.1" 200 23885
120.253.135.82 - - [26/Sep/2020:11:44:52 +0800] "POST /xingrg/kc/pszx/mdps_order_operate.html HTTP/1.1" 200 3326
120.253.135.82 - - [26/Sep/2020:11:44:52 +0800] "GET /xingrg/all/function/internal_message.html?_=1601092008390&CODE_STATE=getMsg HTTP/1.1" 200 27
120.253.135.82 - - [26/Sep/2020:11:44:52 +0800] "GET /xingrg/javascript/easyui/themes/default/validatebox.css HTTP/1.1" 404 1104
218.81.217.115 - - [26/Sep/2020:11:44:53 +0800] "GET /xingrg/kc/print/load_data.html?order_code=212020092611459&kc_code=cgsh&condition= HTTP/1.1" 200 680
180.162.245.190 - - [26/Sep/2020:11:44:54 +0800] "GET /xingrg/kc/base/wldb_order_list.html HTTP/1.1" 200 19378
180.162.245.190 - - [26/Sep/2020:11:44:54 +0800] "POST /xingrg/kc/base/wldb_list_operate.html HTTP/1.1" 200 928
120.253.135.82 - - [26/Sep/2020:11:44:55 +0800] "POST /xingrg/kc/pszx/mdps_order_operate.html HTTP/1.1" 200 37
120.253.135.82 - - [26/Sep/2020:11:44:56 +0800] "POST /xingrg/kc/pszx/mdps_order_operate.html HTTP/1.1" 200 12
120.253.135.82 - - [26/Sep/2020:11:44:57 +0800] "GET /xingrg/kc/pszx/mdps_order_info.html?code=312020092500691 HTTP/1.1" 200 19545
101.89.239.120 - - [26/Sep/2020:11:44:57 +0800] "GET /xingrg/kc/buy/cgsh_order_operate.html?command=get_materiel&rest_code=00141&code=00101008300&supplier_code=00100007&order_time=2020-09-26 HTTP/1.1" 302 -
120.253.135.82 - - [26/Sep/2020:11:44:57 +0800] "POST /xingrg/kc/pszx/mdps_order_operate.html HTTP/1.1" 200 1540
120.253.135.82 - - [26/Sep/2020:11:44:57 +0800] "GET /xingrg/javascript/easyui/themes/default/validatebox.css HTTP/1.1" 404 1104
180.162.245.190 - - [26/Sep/2020:11:45:00 +0800] "GET /xingrg/check_reg.html?_=1601091907427 HTTP/1.1" 200 22
180.162.245.190 - - [26/Sep/2020:11:45:00 +0800] "GET /xingrg/all/function/internal_message.html?_=1601091907460&CODE_STATE=getMsg HTTP/1.1" 200 27
101.89.239.120 - - [26/Sep/2020:11:45:02 +0800] "GET /xingrg/login.html HTTP/1.1" 200 7641
218.81.217.115 - - [26/Sep/2020:11:45:02 +0800] "GET /xingrg/all/function/internal_message.html?_=1601091913758&CODE_STATE=getMsg HTTP/1.1" 200 27
172.17.0.185 - - [26/Sep/2020:11:45:03 +0800] "GET /xingrg/all/function/internal_message.html?_=1601091905656&CODE_STATE=getMsg HTTP/1.1" 200 27
222.69.132.220 - - [26/Sep/2020:11:45:05 +0800] "GET /xingrg/all/function/internal_message.html?_=1601091901557&CODE_STATE=getMsg HTTP/1.1" 200 27
114.86.230.255 - - [26/Sep/2020:11:45:05 +0800] "GET /xingrg/all/function/internal_message.html?_=1601092035824&CODE_STATE=getMsg HTTP/1.1" 200 27
218.81.217.115 - - [26/Sep/2020:11:45:07 +0800] "GET /xingrg/kc/buy/cgsh_order_add.html HTTP/1.1" 200 59891
120.253.135.82 - - [26/Sep/2020:11:45:07 +0800] "POST /xingrg/kc/pszx/mdps_list_operate.html HTTP/1.1" 200 3177
218.81.217.115 - - [26/Sep/2020:11:45:07 +0800] "POST /xingrg/kc/buy/cgsh_order_operate.html HTTP/1.1" 200 8245
218.81.217.115 - - [26/Sep/2020:11:45:08 +0800] "GET /xingrg/javascript/easyui/themes/default/validatebox.css HTTP/1.1" 404 1104
116.238.71.173 - - [26/Sep/2020:11:45:08 +0800] "GET /xingrg/all/function/internal_message.html?_=1601091911483&CODE_STATE=getMsg HTTP/1.1" 200 27
222.69.132.220 - - [26/Sep/2020:11:45:08 +0800] "GET /xingrg/check_reg.html?_=1601091904933 HTTP/1.1" 200 22
120.253.135.82 - - [26/Sep/2020:11:45:09 +0800] "POST /xingrg/kc/pszx/mdps_list_operate.html HTTP/1.1" 200 579
120.253.135.82 - - [26/Sep/2020:11:45:10 +0800] "GET /xingrg/kc/pszx/mdps_order_info.html?code=312020092500690 HTTP/1.1" 200 23887
120.253.135.82 - - [26/Sep/2020:11:45:11 +0800] "POST /xingrg/kc/pszx/mdps_order_operate.html HTTP/1.1" 200 31279
120.253.135.82 - - [26/Sep/2020:11:45:11 +0800] "GET /xingrg/javascript/easyui/themes/default/validatebox.css HTTP/1.1" 404 1104
58.37.8.227 - - [26/Sep/2020:11:45:13 +0800] "GET /xingrg/all/function/internal_message.html?_=1601091533751&CODE_STATE=getMsg HTTP/1.1" 200 27
117.185.32.26 - - [26/Sep/2020:11:45:15 +0800] "GET /xingrg/all/function/internal_message.html?_=1601091915185&CODE_STATE=getMsg HTTP/1.1" 200 27
120.253.135.82 - - [26/Sep/2020:11:45:16 +0800] "POST /xingrg/kc/pszx/mdps_order_operate.html HTTP/1.1" 200 37
120.253.135.82 - - [26/Sep/2020:11:45:17 +0800] "POST /xingrg/kc/pszx/mdps_order_operate.html HTTP/1.1" 200 12
117.185.32.26 - - [26/Sep/2020:11:45:19 +0800] "GET /xingrg/all/function/internal_message.html?_=1601092359030&CODE_STATE=getMsg HTTP/1.1" 200 27
117.131.5.26 - - [26/Sep/2020:11:45:19 +0800] "GET /xingrg/check_reg.html?_=1601092216853 HTTP/1.1" 200 22
120.253.135.82 - - [26/Sep/2020:11:45:20 +0800] "GET /xingrg/kc/pszx/mdps_order_info.html?code=312020092500690 HTTP/1.1" 200 19547
180.162.245.190 - - [26/Sep/2020:11:45:20 +0800] "GET /xingrg/kc/base/wldb_order_add.html HTTP/1.1" 200 30490
180.162.245.190 - - [26/Sep/2020:11:45:20 +0800] "GET /xingrg/javascript/easyui/themes/default/validatebox.css HTTP/1.1" 404 1104
120.253.135.82 - - [26/Sep/2020:11:45:20 +0800] "GET /xingrg/javascript/easyui/themes/default/validatebox.css HTTP/1.1" 404 1104
180.162.245.190 - - [26/Sep/2020:11:45:20 +0800] "POST /xingrg/kc/base/wldb_order_operate.html HTTP/1.1" 200 6806
180.162.245.190 - - [26/Sep/2020:11:45:20 +0800] "GET /xingrg/all/common/auto_word.html?type=base&rest_code=00105 HTTP/1.1" 200 1753
180.162.245.190 - - [26/Sep/2020:11:45:20 +0800] "GET /xingrg/all/common/auto_word.html?type=base&rest_code=00105 HTTP/1.1" 200 1753
120.253.135.82 - - [26/Sep/2020:11:45:21 +0800] "POST /xingrg/kc/pszx/mdps_order_operate.html HTTP/1.1" 200 29274
180.162.245.190 - - [26/Sep/2020:11:45:21 +0800] "POST /xingrg/all/common/load_combo.html?type=base HTTP/1.1" 200 3142
218.81.217.115 - - [26/Sep/2020:11:45:22 +0800] "GET /xingrg/kc/buy/cgsh_order_operate.html?command=get_materiel&rest_code=00146&code=00101004063&supplier_code=00100094&order_time=2020-09-26 HTTP/1.1" 200 413
120.253.135.82 - - [26/Sep/2020:11:45:22 +0800] "POST /xingrg/kc/pszx/mdps_list_operate.html HTTP/1.1" 200 2803
218.81.217.115 - - [26/Sep/2020:11:45:24 +0800] "GET /xingrg/check_reg.html?_=1601091945799 HTTP/1.1" 200 22
58.221.95.50 - - [26/Sep/2020:11:45:26 +0800] "GET /xingrg/all/function/internal_message.html?_=1601092086988&CODE_STATE=getMsg HTTP/1.1" 200 27
218.81.217.115 - - [26/Sep/2020:11:45:28 +0800] "GET /xingrg/all/function/internal_message.html?_=1601091949668&CODE_STATE=getMsg HTTP/1.1" 200 27
180.162.245.190 - - [26/Sep/2020:11:45:30 +0800] "GET /xingrg/kc/base/wldb_order_operate.html?command=get_materiel&rest_code=00105&base_code=0010508&code=00102002258 HTTP/1.1" 200 433
180.157.253.48 - - [26/Sep/2020:11:45:30 +0800] "GET /xingrg/all/function/internal_message.html?_=1601091943085&CODE_STATE=getMsg HTTP/1.1" 200 27
117.184.7.30 - - [26/Sep/2020:11:45:35 +0800] "GET /xingrg/all/function/internal_message.html?_=1601091931062&CODE_STATE=getMsg HTTP/1.1" 200 27
114.88.166.242 - - [26/Sep/2020:11:45:35 +0800] "GET /xingrg/all/function/internal_message.html?_=1601092012720&CODE_STATE=getMsg HTTP/1.1" 200 27
101.85.52.2 - - [26/Sep/2020:11:45:36 +0800] "GET /xingrg/all/function/internal_message.html?_=1601091936070&CODE_STATE=getMsg HTTP/1.1" 200 27
180.162.245.190 - - [26/Sep/2020:11:45:36 +0800] "GET /xingrg/kc/base/wldb_order_operate.html?command=get_materiel&rest_code=00105&base_code=0010508&code=00102002851 HTTP/1.1" 200 433
101.89.239.120 - - [26/Sep/2020:11:45:39 +0800] "GET /xingrg/all/function/internal_message.html?_=1601091235852&CODE_STATE=getMsg HTTP/1.1" 302 -
101.85.228.253 - - [26/Sep/2020:11:45:40 +0800] "GET /xingrg/all/function/internal_message.html?_=1601092156308&CODE_STATE=getMsg HTTP/1.1" 200 27
117.185.32.26 - - [26/Sep/2020:11:45:40 +0800] "GET /xingrg/kc/buy/cgsh_order_operate.html?command=get_materiel&rest_code=00106&code=00101004071&supplier_code=00100312&order_time=2020-09-26 HTTP/1.1" 200 409
101.89.239.120 - - [26/Sep/2020:11:45:41 +0800] "GET /xingrg/login.html HTTP/1.1" 200 7641
180.162.245.190 - - [26/Sep/2020:11:45:42 +0800] "GET /xingrg/kc/base/wldb_order_operate.html?command=get_materiel&rest_code=00105&base_code=0010508&code=00102002041 HTTP/1.1" 200 435
120.253.135.82 - - [26/Sep/2020:11:45:44 +0800] "POST /xingrg/kc/pszx/mdps_list_operate.html HTTP/1.1" 200 624
120.253.135.82 - - [26/Sep/2020:11:45:45 +0800] "GET /xingrg/kc/pszx/mdps_order_info.html?code=312020092500688 HTTP/1.1" 200 23887
120.253.135.82 - - [26/Sep/2020:11:45:45 +0800] "POST /xingrg/kc/pszx/mdps_order_operate.html HTTP/1.1" 200 10388
120.253.135.82 - - [26/Sep/2020:11:45:45 +0800] "GET /xingrg/javascript/easyui/themes/default/validatebox.css HTTP/1.1" 404 1104
172.17.0.100 - - [26/Sep/2020:11:45:46 +0800] "GET /xingrg/all/function/internal_message.html?_=1601091948296&CODE_STATE=getMsg HTTP/1.1" 200 27
114.88.166.242 - - [26/Sep/2020:11:45:46 +0800] "GET /xingrg/kc/buy/cgsh_order_list.html HTTP/1.1" 200 44147
180.162.245.190 - - [26/Sep/2020:11:45:46 +0800] "GET /xingrg/check_reg.html?_=1601091933837 HTTP/1.1" 200 22
180.162.245.190 - - [26/Sep/2020:11:45:46 +0800] "GET /xingrg/all/function/internal_message.html?_=1601091933840&CODE_STATE=getMsg HTTP/1.1" 200 27
58.37.8.227 - - [26/Sep/2020:11:45:47 +0800] "POST /xingrg/kc/buy/cgsh_order_operate.html HTTP/1.1" 200 37
114.88.166.242 - - [26/Sep/2020:11:45:48 +0800] "POST /xingrg/kc/buy/cgsh_list_operate.html HTTP/1.1" 200 7523
180.162.245.190 - - [26/Sep/2020:11:45:48 +0800] "POST /xingrg/kc/base/wldb_order_operate.html HTTP/1.1" 200 37
180.162.245.190 - - [26/Sep/2020:11:45:48 +0800] "POST /xingrg/kc/base/wldb_order_operate.html HTTP/1.1" 200 3148
180.162.245.190 - - [26/Sep/2020:11:45:48 +0800] "GET /xingrg/kc/base/wldb_order_info.html?code=422020092603074 HTTP/1.1" 200 30504
218.81.217.115 - - [26/Sep/2020:11:45:48 +0800] "GET /xingrg/kc/buy/cgsh_order_operate.html?command=get_materiel&rest_code=00146&code=00101001037&supplier_code=00100094&order_time=2020-09-26 HTTP/1.1" 200 415
120.253.135.82 - - [26/Sep/2020:11:45:48 +0800] "POST /xingrg/kc/pszx/mdps_order_operate.html HTTP/1.1" 200 37
180.162.245.190 - - [26/Sep/2020:11:45:49 +0800] "GET /xingrg/javascript/easyui/themes/default/validatebox.css HTTP/1.1" 404 1104
120.253.135.82 - - [26/Sep/2020:11:45:49 +0800] "GET /xingrg/all/function/internal_message.html?_=1601092003466&CODE_STATE=getMsg HTTP/1.1" 200 27
180.162.245.190 - - [26/Sep/2020:11:45:49 +0800] "POST /xingrg/kc/base/wldb_order_operate.html HTTP/1.1" 200 3148
120.253.135.82 - - [26/Sep/2020:11:45:49 +0800] "POST /xingrg/kc/pszx/mdps_order_operate.html HTTP/1.1" 200 12
114.88.166.242 - - [26/Sep/2020:11:45:50 +0800] "POST /xingrg/kc/buy/cgsh_list_operate.html HTTP/1.1" 200 203
172.17.0.123 - - [26/Sep/2020:11:45:50 +0800] "GET /xingrg/all/function/internal_message.html?_=1601091945319&CODE_STATE=getMsg HTTP/1.1" 200 27
172.17.0.123 - - [26/Sep/2020:11:45:50 +0800] "GET /xingrg/check_reg.html?_=1601091945320 HTTP/1.1" 200 22
114.88.166.242 - - [26/Sep/2020:11:45:50 +0800] "GET /xingrg/kc/buy/cgsh_order_info.html?code=212020092611428 HTTP/1.1" 200 59896
114.88.166.242 - - [26/Sep/2020:11:45:50 +0800] "GET /xingrg/javascript/easyui/themes/default/validatebox.css HTTP/1.1" 404 1104
114.88.166.242 - - [26/Sep/2020:11:45:50 +0800] "POST /xingrg/kc/buy/cgsh_order_operate.html HTTP/1.1" 200 2665
58.37.8.227 - - [26/Sep/2020:11:45:51 +0800] "POST /xingrg/kc/buy/cgsh_order_operate.html HTTP/1.1" 200 12
58.37.8.227 - - [26/Sep/2020:11:45:52 +0800] "GET /xingrg/kc/buy/cgsh_order_info.html?code=212020092611460 HTTP/1.1" 200 54794
120.253.135.82 - - [26/Sep/2020:11:45:52 +0800] "GET /xingrg/kc/pszx/mdps_order_info.html?code=312020092500688 HTTP/1.1" 200 19547
58.37.8.227 - - [26/Sep/2020:11:45:52 +0800] "GET /xingrg/javascript/easyui/themes/default/validatebox.css HTTP/1.1" 404 1104
120.253.135.82 - - [26/Sep/2020:11:45:52 +0800] "POST /xingrg/kc/pszx/mdps_order_operate.html HTTP/1.1" 200 8528
120.253.135.82 - - [26/Sep/2020:11:45:52 +0800] "GET /xingrg/all/function/internal_message.html?_=1601092068411&CODE_STATE=getMsg HTTP/1.1" 200 27
120.253.135.82 - - [26/Sep/2020:11:45:52 +0800] "GET /xingrg/javascript/easyui/themes/default/validatebox.css HTTP/1.1" 404 1104
58.37.8.227 - - [26/Sep/2020:11:45:52 +0800] "POST /xingrg/kc/buy/cgsh_order_operate.html HTTP/1.1" 200 17791
117.185.32.26 - - [26/Sep/2020:11:45:53 +0800] "GET /xingrg/kc/buy/cgsh_order_operate.html?command=get_materiel&rest_code=00106&code=00101004049&supplier_code=00100312&order_time=2020-09-26 HTTP/1.1" 200 413
58.37.8.227 - - [26/Sep/2020:11:45:53 +0800] "GET /xingrg/kc/print/load_data.html?order_code=212020092611460&kc_code=cgsh&condition= HTTP/1.1" 200 7270
120.253.135.82 - - [26/Sep/2020:11:45:53 +0800] "POST /xingrg/kc/pszx/mdps_list_operate.html HTTP/1.1" 200 2431
120.253.135.82 - - [26/Sep/2020:11:45:55 +0800] "POST /xingrg/kc/pszx/mdps_list_operate.html HTTP/1.1" 200 218
120.253.135.82 - - [26/Sep/2020:11:45:56 +0800] "POST /xingrg/kc/pszx/mdps_list_operate.html HTTP/1.1" 200 198
120.253.135.82 - - [26/Sep/2020:11:45:58 +0800] "POST /xingrg/kc/pszx/mdps_list_operate.html HTTP/1.1" 200 283
114.88.166.242 - - [26/Sep/2020:11:45:58 +0800] "POST /xingrg/kc/buy/cgsh_list_operate.html HTTP/1.1" 200 7523
180.162.245.190 - - [26/Sep/2020:11:45:58 +0800] "GET /xingrg/kc/base/wldb_order_add.html HTTP/1.1" 200 30490
180.162.245.190 - - [26/Sep/2020:11:45:58 +0800] "POST /xingrg/kc/base/wldb_order_operate.html HTTP/1.1" 200 6806
180.162.245.190 - - [26/Sep/2020:11:45:58 +0800] "GET /xingrg/javascript/easyui/themes/default/validatebox.css HTTP/1.1" 404 1104
180.162.245.190 - - [26/Sep/2020:11:45:59 +0800] "POST /xingrg/all/common/load_combo.html?type=base HTTP/1.1" 200 3142
120.204.17.70 - - [26/Sep/2020:11:46:00 +0800] "GET /xingrg/all/function/internal_message.html?_=1601091255189&CODE_STATE=getMsg HTTP/1.1" 302 -
180.162.245.190 - - [26/Sep/2020:11:46:00 +0800] "GET /xingrg/all/function/internal_message.html?_=1601091967429&CODE_STATE=getMsg HTTP/1.1" 200 27
114.88.166.242 - - [26/Sep/2020:11:46:00 +0800] "POST /xingrg/kc/buy/cgsh_list_operate.html HTTP/1.1" 200 278
114.88.166.242 - - [26/Sep/2020:11:46:00 +0800] "GET /xingrg/kc/buy/cgsh_order_info.html?code=212020092611419 HTTP/1.1" 200 59898
114.88.166.242 - - [26/Sep/2020:11:46:01 +0800] "POST /xingrg/kc/buy/cgsh_order_operate.html HTTP/1.1" 200 3260
218.81.217.115 - - [26/Sep/2020:11:46:02 +0800] "GET /xingrg/all/function/internal_message.html?_=1601091973770&CODE_STATE=getMsg HTTP/1.1" 200 27
116.238.71.173 - - [26/Sep/2020:11:46:03 +0800] "GET /xingrg/check_reg.html?_=1601092078025 HTTP/1.1" 200 22
172.17.0.185 - - [26/Sep/2020:11:46:03 +0800] "GET /xingrg/check_reg.html?_=1601091965654 HTTP/1.1" 200 22
172.17.0.185 - - [26/Sep/2020:11:46:03 +0800] "GET /xingrg/all/function/internal_message.html?_=1601091965667&CODE_STATE=getMsg HTTP/1.1" 200 27
114.86.230.255 - - [26/Sep/2020:11:46:04 +0800] "GET /xingrg/all/function/internal_message.html?_=1601092095828&CODE_STATE=getMsg HTTP/1.1" 200 27
222.69.132.220 - - [26/Sep/2020:11:46:05 +0800] "GET /xingrg/all/function/internal_message.html?_=1601091961548&CODE_STATE=getMsg HTTP/1.1" 200 27
218.81.217.115 - - [26/Sep/2020:11:46:06 +0800] "POST /xingrg/kc/buy/cgsh_order_operate.html HTTP/1.1" 200 37
114.88.166.242 - - [26/Sep/2020:11:46:07 +0800] "GET /xingrg/javascript/easyui/themes/default/validatebox.css HTTP/1.1" 404 1104
120.204.17.70 - - [26/Sep/2020:11:46:07 +0800] "GET /xingrg/login.html HTTP/1.1" 200 7641
58.37.8.227 - - [26/Sep/2020:11:46:08 +0800] "GET /xingrg/kc/buy/cgsh_order_add.html HTTP/1.1" 200 59891
116.238.71.173 - - [26/Sep/2020:11:46:08 +0800] "GET /xingrg/all/function/internal_message.html?_=1601091971539&CODE_STATE=getMsg HTTP/1.1" 200 27
58.37.8.227 - - [26/Sep/2020:11:46:08 +0800] "GET /xingrg/javascript/easyui/themes/default/validatebox.css HTTP/1.1" 404 1104
58.37.8.227 - - [26/Sep/2020:11:46:08 +0800] "POST /xingrg/kc/buy/cgsh_order_operate.html HTTP/1.1" 200 8245
114.88.166.242 - - [26/Sep/2020:11:46:08 +0800] "POST /xingrg/kc/buy/cgsh_order_operate.html HTTP/1.1" 200 37
180.162.245.190 - - [26/Sep/2020:11:46:08 +0800] "GET /xingrg/kc/base/wldb_order_operate.html?command=get_materiel&rest_code=00105&base_code=0010508&code=00102002082 HTTP/1.1" 200 440
218.81.217.115 - - [26/Sep/2020:11:46:08 +0800] "POST /xingrg/kc/buy/cgsh_order_operate.html HTTP/1.1" 200 3262
117.185.32.26 - - [26/Sep/2020:11:46:09 +0800] "GET /xingrg/kc/buy/cgsh_order_operate.html?command=get_materiel&rest_code=00106&code=00101004030&supplier_code=00100312&order_time=2020-09-26 HTTP/1.1" 200 408
114.88.166.242 - - [26/Sep/2020:11:46:09 +0800] "POST /xingrg/kc/buy/cgsh_order_operate.html HTTP/1.1" 200 3257
218.81.217.115 - - [26/Sep/2020:11:46:12 +0800] "GET /xingrg/kc/print/load_data.html?order_code=212020092611461&kc_code=cgsh&condition= HTTP/1.1" 200 993
58.37.8.227 - - [26/Sep/2020:11:46:13 +0800] "GET /xingrg/all/function/internal_message.html?_=1601091593727&CODE_STATE=getMsg HTTP/1.1" 200 27
117.185.32.26 - - [26/Sep/2020:11:46:15 +0800] "GET /xingrg/all/function/internal_message.html?_=1601091975184&CODE_STATE=getMsg HTTP/1.1" 200 27
180.162.245.190 - - [26/Sep/2020:11:46:16 +0800] "GET /xingrg/system/info/materiel_import.html?isSelect=1&singleSelect=false HTTP/1.1" 200 5600
180.162.245.190 - - [26/Sep/2020:11:46:16 +0800] "POST /xingrg/all/common/load_tree.html?tree=materiel_sort_tree_json HTTP/1.1" 200 8666
180.162.245.190 - - [26/Sep/2020:11:46:16 +0800] "GET /favicon.ico HTTP/1.1" 404 -
117.185.32.26 - - [26/Sep/2020:11:46:19 +0800] "GET /xingrg/all/function/internal_message.html?_=1601092419034&CODE_STATE=getMsg HTTP/1.1" 200 27
58.37.8.227 - - [26/Sep/2020:11:46:19 +0800] "GET /xingrg/kc/buy/cgsh_order_operate.html?command=get_materiel&rest_code=00141&code=00101015043&supplier_code=00100055&order_time=2020-09-26 HTTP/1.1" 200 413
114.88.166.242 - - [26/Sep/2020:11:46:19 +0800] "GET /xingrg/check_reg.html?_=1601091977165 HTTP/1.1" 302 -
180.162.245.190 - - [26/Sep/2020:11:46:25 +0800] "GET /xingrg/kc/base/wldb_order_operate.html?command=get_materiel&rest_code=00105&base_code=0010508&code=00102002238 HTTP/1.1" 200 434
58.221.95.50 - - [26/Sep/2020:11:46:26 +0800] "GET /xingrg/all/function/internal_message.html?_=1601092146971&CODE_STATE=getMsg HTTP/1.1" 200 27
117.185.32.26 - - [26/Sep/2020:11:46:27 +0800] "GET /xingrg/kc/buy/cgsh_order_operate.html?command=get_materiel&rest_code=00106&code=00101001029&supplier_code=00100312&order_time=2020-09-26 HTTP/1.1" 200 413
218.81.217.115 - - [26/Sep/2020:11:46:28 +0800] "GET /xingrg/all/function/internal_message.html?_=1601092009682&CODE_STATE=getMsg HTTP/1.1" 200 27
180.157.253.48 - - [26/Sep/2020:11:46:30 +0800] "GET /xingrg/all/function/internal_message.html?_=1601092003097&CODE_STATE=getMsg HTTP/1.1" 200 27
180.162.245.190 - - [26/Sep/2020:11:46:31 +0800] "GET /xingrg/kc/base/wldb_order_operate.html?command=get_materiel&rest_code=00105&base_code=0010508&code=00102002439 HTTP/1.1" 200 458
117.184.7.30 - - [26/Sep/2020:11:46:35 +0800] "GET /xingrg/all/function/internal_message.html?_=1601091991068&CODE_STATE=getMsg HTTP/1.1" 200 27
114.88.166.242 - - [26/Sep/2020:11:46:35 +0800] "GET /xingrg/all/function/internal_message.html?_=1601092072731&CODE_STATE=getMsg HTTP/1.1" 200 27
180.162.245.190 - - [26/Sep/2020:11:46:36 +0800] "POST /xingrg/kc/base/wldb_order_operate.html HTTP/1.1" 200 37
101.85.52.2 - - [26/Sep/2020:11:46:36 +0800] "GET /xingrg/all/function/internal_message.html?_=1601091996074&CODE_STATE=getMsg HTTP/1.1" 200 27
101.85.52.2 - - [26/Sep/2020:11:46:36 +0800] "GET /xingrg/check_reg.html?_=1601091996071 HTTP/1.1" 200 22
180.162.245.190 - - [26/Sep/2020:11:46:36 +0800] "POST /xingrg/kc/base/wldb_order_operate.html HTTP/1.1" 200 3653
180.162.245.190 - - [26/Sep/2020:11:46:36 +0800] "GET /xingrg/kc/base/wldb_order_info.html?code=422020092603075 HTTP/1.1" 200 30504
180.162.245.190 - - [26/Sep/2020:11:46:37 +0800] "GET /xingrg/javascript/easyui/themes/default/validatebox.css HTTP/1.1" 404 1104
180.162.245.190 - - [26/Sep/2020:11:46:37 +0800] "POST /xingrg/kc/base/wldb_order_operate.html HTTP/1.1" 200 3653
101.85.228.253 - - [26/Sep/2020:11:46:40 +0800] "GET /xingrg/all/function/internal_message.html?_=1601092216321&CODE_STATE=getMsg HTTP/1.1" 200 27
180.162.245.190 - - [26/Sep/2020:11:46:42 +0800] "GET /xingrg/kc/base/wldb_order_add.html HTTP/1.1" 200 30490
180.162.245.190 - - [26/Sep/2020:11:46:43 +0800] "GET /xingrg/kc/base/wldb_order_add.html HTTP/1.1" 200 30490
180.162.245.190 - - [26/Sep/2020:11:46:44 +0800] "GET /xingrg/javascript/easyui/themes/default/validatebox.css HTTP/1.1" 404 1104
180.162.245.190 - - [26/Sep/2020:11:46:44 +0800] "POST /xingrg/kc/base/wldb_order_operate.html HTTP/1.1" 200 6806
180.162.245.190 - - [26/Sep/2020:11:46:44 +0800] "POST /xingrg/all/common/load_combo.html?type=base HTTP/1.1" 200 3142
117.185.32.26 - - [26/Sep/2020:11:46:45 +0800] "GET /xingrg/kc/buy/cgsh_order_operate.html?command=get_materiel&rest_code=00106&code=00101001015&supplier_code=00100312&order_time=2020-09-26 HTTP/1.1" 200 414
172.17.0.100 - - [26/Sep/2020:11:46:46 +0800] "GET /xingrg/all/function/internal_message.html?_=1601092008278&CODE_STATE=getMsg HTTP/1.1" 200 27
58.37.8.227 - - [26/Sep/2020:11:46:48 +0800] "GET /xingrg/all/function/internal_message.html?_=1601092015895&CODE_STATE=getMsg HTTP/1.1" 200 27
120.253.135.82 - - [26/Sep/2020:11:46:49 +0800] "GET /xingrg/all/function/internal_message.html?_=1601092063482&CODE_STATE=getMsg HTTP/1.1" 200 27
172.17.0.123 - - [26/Sep/2020:11:46:50 +0800] "GET /xingrg/all/function/internal_message.html?_=1601092005322&CODE_STATE=getMsg HTTP/1.1" 200 27
120.253.135.82 - - [26/Sep/2020:11:46:52 +0800] "GET /xingrg/all/function/internal_message.html?_=1601092128418&CODE_STATE=getMsg HTTP/1.1" 200 27
218.81.217.115 - - [26/Sep/2020:11:46:56 +0800] "GET /xingrg/check_reg.html?_=1601092027441 HTTP/1.1" 200 22
117.185.32.26 - - [26/Sep/2020:11:46:57 +0800] "GET /xingrg/kc/buy/cgsh_order_operate.html?command=get_materiel&rest_code=00106&code=00101001096&supplier_code=00100312&order_time=2020-09-26 HTTP/1.1" 200 413
218.81.217.115 - - [26/Sep/2020:11:47:00 +0800] "GET /xingrg/kc/buy/cgsh_order_add.html HTTP/1.1" 200 59891
180.162.245.190 - - [26/Sep/2020:11:47:00 +0800] "GET /xingrg/all/function/internal_message.html?_=1601092027421&CODE_STATE=getMsg HTTP/1.1" 200 27
218.81.217.115 - - [26/Sep/2020:11:47:00 +0800] "POST /xingrg/kc/buy/cgsh_order_operate.html HTTP/1.1" 200 8245
218.81.217.115 - - [26/Sep/2020:11:47:00 +0800] "GET /xingrg/javascript/easyui/themes/default/validatebox.css HTTP/1.1" 404 1104
114.88.166.242 - - [26/Sep/2020:11:47:01 +0800] "GET /xingrg/kc/buy/cgsh_order_list.html HTTP/1.1" 200 44147
114.88.166.242 - - [26/Sep/2020:11:47:02 +0800] "POST /xingrg/kc/buy/cgsh_list_operate.html HTTP/1.1" 200 7523
218.81.217.115 - - [26/Sep/2020:11:47:02 +0800] "GET /xingrg/all/function/internal_message.html?_=1601092033784&CODE_STATE=getMsg HTTP/1.1" 200 27
172.17.0.185 - - [26/Sep/2020:11:47:03 +0800] "GET /xingrg/all/function/internal_message.html?_=1601092025654&CODE_STATE=getMsg HTTP/1.1" 200 27
114.86.230.255 - - [26/Sep/2020:11:47:04 +0800] "GET /xingrg/check_reg.html?_=1601092155828 HTTP/1.1" 200 22
114.86.230.255 - - [26/Sep/2020:11:47:04 +0800] "GET /xingrg/all/function/internal_message.html?_=1601092155828&CODE_STATE=getMsg HTTP/1.1" 200 27
222.69.132.220 - - [26/Sep/2020:11:47:05 +0800] "GET /xingrg/all/function/internal_message.html?_=1601092021520&CODE_STATE=getMsg HTTP/1.1" 200 27
114.88.166.242 - - [26/Sep/2020:11:47:05 +0800] "POST /xingrg/kc/buy/cgsh_list_operate.html HTTP/1.1" 200 206
114.88.166.242 - - [26/Sep/2020:11:47:07 +0800] "GET /xingrg/kc/buy/cgsh_order_info.html?code=212020092611418 HTTP/1.1" 200 59896
114.88.166.242 - - [26/Sep/2020:11:47:07 +0800] "GET /xingrg/javascript/easyui/themes/default/validatebox.css HTTP/1.1" 404 1104
114.88.166.242 - - [26/Sep/2020:11:47:08 +0800] "POST /xingrg/kc/buy/cgsh_order_operate.html HTTP/1.1" 200 2667
116.238.71.173 - - [26/Sep/2020:11:47:08 +0800] "GET /xingrg/all/function/internal_message.html?_=1601092031588&CODE_STATE=getMsg HTTP/1.1" 200 27
58.37.8.227 - - [26/Sep/2020:11:47:09 +0800] "POST /xingrg/kc/buy/cgsh_order_operate.html HTTP/1.1" 200 37
114.88.166.242 - - [26/Sep/2020:11:47:11 +0800] "GET /xingrg/kc/print/load_data.html?order_code=212020092611418&kc_code=cgsh&condition= HTTP/1.1" 200 737
180.162.245.190 - - [26/Sep/2020:11:47:12 +0800] "GET /xingrg/kc/base/wldb_order_operate.html?command=get_materiel&rest_code=00105&base_code=0010508&code=00102002150 HTTP/1.1" 200 433
58.37.8.227 - - [26/Sep/2020:11:47:13 +0800] "GET /xingrg/all/function/internal_message.html?_=1601091653704&CODE_STATE=getMsg HTTP/1.1" 200 27
117.185.32.26 - - [26/Sep/2020:11:47:15 +0800] "GET /xingrg/all/function/internal_message.html?_=1601092035193&CODE_STATE=getMsg HTTP/1.1" 200 27
117.185.32.26 - - [26/Sep/2020:11:47:15 +0800] "GET /xingrg/check_reg.html?_=1601092035193 HTTP/1.1" 200 22
117.185.32.26 - - [26/Sep/2020:11:47:19 +0800] "GET /xingrg/all/function/internal_message.html?_=1601092479029&CODE_STATE=getMsg HTTP/1.1" 200 27
180.162.245.190 - - [26/Sep/2020:11:47:20 +0800] "GET /xingrg/kc/base/wldb_order_operate.html?command=get_materiel&rest_code=00105&base_code=0010508&code=00102002484 HTTP/1.1" 200 456
117.185.32.26 - - [26/Sep/2020:11:47:21 +0800] "GET /xingrg/kc/buy/cgsh_order_operate.html?command=get_materiel&rest_code=00106&code=00101001138&supplier_code=00100312&order_time=2020-09-26 HTTP/1.1" 200 415
218.81.217.115 - - [26/Sep/2020:11:47:24 +0800] "GET /xingrg/kc/buy/cgsh_order_operate.html?command=get_materiel&rest_code=00146&code=00101005027&supplier_code=00100322&order_time=2020-09-26 HTTP/1.1" 200 421
58.221.95.50 - - [26/Sep/2020:11:47:26 +0800] "GET /xingrg/all/function/internal_message.html?_=1601092206949&CODE_STATE=getMsg HTTP/1.1" 200 27
218.81.217.115 - - [26/Sep/2020:11:47:28 +0800] "GET /xingrg/all/function/internal_message.html?_=1601092069971&CODE_STATE=getMsg HTTP/1.1" 200 27
180.157.253.48 - - [26/Sep/2020:11:47:30 +0800] "GET /xingrg/all/function/internal_message.html?_=1601092063131&CODE_STATE=getMsg HTTP/1.1" 200 27
180.162.245.190 - - [26/Sep/2020:11:47:33 +0800] "GET /xingrg/kc/base/wldb_order_operate.html?command=get_materiel&rest_code=00105&base_code=0010508&code=00102021018 HTTP/1.1" 200 446
117.184.7.30 - - [26/Sep/2020:11:47:35 +0800] "GET /xingrg/all/function/internal_message.html?_=1601092051069&CODE_STATE=getMsg HTTP/1.1" 200 27
117.184.7.30 - - [26/Sep/2020:11:47:35 +0800] "GET /xingrg/check_reg.html?_=1601092051070 HTTP/1.1" 200 22
114.88.166.242 - - [26/Sep/2020:11:47:35 +0800] "GET /xingrg/all/function/internal_message.html?_=1601092132728&CODE_STATE=getMsg HTTP/1.1" 200 27
101.85.52.2 - - [26/Sep/2020:11:47:36 +0800] "GET /xingrg/all/function/internal_message.html?_=1601092056069&CODE_STATE=getMsg HTTP/1.1" 200 27
180.162.245.190 - - [26/Sep/2020:11:47:38 +0800] "POST /xingrg/kc/base/wldb_order_operate.html HTTP/1.1" 200 37
180.162.245.190 - - [26/Sep/2020:11:47:38 +0800] "POST /xingrg/kc/base/wldb_order_operate.html HTTP/1.1" 200 4152
180.162.245.190 - - [26/Sep/2020:11:47:38 +0800] "GET /xingrg/kc/base/wldb_order_info.html?code=422020092603076 HTTP/1.1" 200 30505
180.162.245.190 - - [26/Sep/2020:11:47:39 +0800] "GET /xingrg/javascript/easyui/themes/default/validatebox.css HTTP/1.1" 404 1104
180.162.245.190 - - [26/Sep/2020:11:47:39 +0800] "POST /xingrg/kc/base/wldb_order_operate.html HTTP/1.1" 200 4152
101.85.228.253 - - [26/Sep/2020:11:47:40 +0800] "GET /xingrg/all/function/internal_message.html?_=1601092276362&CODE_STATE=getMsg HTTP/1.1" 200 27
114.88.166.242 - - [26/Sep/2020:11:47:44 +0800] "GET /xingrg/check_reg.html?_=1601092063252 HTTP/1.1" 200 22
172.17.0.100 - - [26/Sep/2020:11:47:46 +0800] "GET /xingrg/all/function/internal_message.html?_=1601092068255&CODE_STATE=getMsg HTTP/1.1" 200 27
218.81.217.115 - - [26/Sep/2020:11:47:46 +0800] "POST /xingrg/kc/buy/cgsh_order_operate.html HTTP/1.1" 200 37
117.185.32.26 - - [26/Sep/2020:11:47:47 +0800] "GET /xingrg/kc/buy/cgsh_order_operate.html?command=get_materiel&rest_code=00106&code=00101001016&supplier_code=00100312&order_time=2020-09-26 HTTP/1.1" 200 415
218.81.217.115 - - [26/Sep/2020:11:47:47 +0800] "POST /xingrg/kc/buy/cgsh_order_operate.html HTTP/1.1" 200 2670
120.253.135.82 - - [26/Sep/2020:11:47:48 +0800] "GET /xingrg/check_reg.html?_=1601092122362 HTTP/1.1" 200 22
120.253.135.82 - - [26/Sep/2020:11:47:49 +0800] "GET /xingrg/all/function/internal_message.html?_=1601092123496&CODE_STATE=getMsg HTTP/1.1" 200 27
172.17.0.123 - - [26/Sep/2020:11:47:50 +0800] "GET /xingrg/all/function/internal_message.html?_=1601092065324&CODE_STATE=getMsg HTTP/1.1" 200 27
120.253.135.82 - - [26/Sep/2020:11:47:50 +0800] "GET /xingrg/check_reg.html?_=1601092185914 HTTP/1.1" 200 22
58.37.8.227 - - [26/Sep/2020:11:47:50 +0800] "POST /xingrg/kc/buy/cgsh_order_operate.html HTTP/1.1" 200 12
58.37.8.227 - - [26/Sep/2020:11:47:51 +0800] "GET /xingrg/kc/buy/cgsh_order_info.html?code=212020092611462 HTTP/1.1" 200 54794
58.37.8.227 - - [26/Sep/2020:11:47:52 +0800] "GET /xingrg/javascript/easyui/themes/default/validatebox.css HTTP/1.1" 404 1104
218.81.217.115 - - [26/Sep/2020:11:47:52 +0800] "GET /xingrg/kc/print/load_data.html?order_code=212020092611463&kc_code=cgsh&condition= HTTP/1.1" 200 688
58.37.8.227 - - [26/Sep/2020:11:47:52 +0800] "POST /xingrg/kc/buy/cgsh_order_operate.html HTTP/1.1" 200 1206
120.253.135.82 - - [26/Sep/2020:11:47:52 +0800] "GET /xingrg/all/function/internal_message.html?_=1601092188435&CODE_STATE=getMsg HTTP/1.1" 200 27
58.37.8.227 - - [26/Sep/2020:11:47:54 +0800] "GET /xingrg/kc/print/load_data.html?order_code=212020092611462&kc_code=cgsh&condition= HTTP/1.1" 200 977
180.162.245.190 - - [26/Sep/2020:11:47:56 +0800] "GET /xingrg/kc/base/wldb_order_list.html HTTP/1.1" 200 19378
180.162.245.190 - - [26/Sep/2020:11:47:56 +0800] "POST /xingrg/kc/base/wldb_list_operate.html HTTP/1.1" 200 2556
180.162.245.190 - - [26/Sep/2020:11:48:00 +0800] "GET /xingrg/all/function/internal_message.html?_=1601092087444&CODE_STATE=getMsg HTTP/1.1" 200 27
218.81.217.115 - - [26/Sep/2020:11:48:02 +0800] "GET /xingrg/all/function/internal_message.html?_=1601092093798&CODE_STATE=getMsg HTTP/1.1" 200 27
172.17.0.185 - - [26/Sep/2020:11:48:03 +0800] "GET /xingrg/all/function/internal_message.html?_=1601092085658&CODE_STATE=getMsg HTTP/1.1" 200 27
218.81.217.115 - - [26/Sep/2020:11:48:04 +0800] "GET /xingrg/kc/buy/cgsh_order_add.html HTTP/1.1" 200 59891
114.86.230.255 - - [26/Sep/2020:11:48:04 +0800] "GET /xingrg/all/function/internal_message.html?_=1601092215828&CODE_STATE=getMsg HTTP/1.1" 200 27
218.81.217.115 - - [26/Sep/2020:11:48:04 +0800] "POST /xingrg/kc/buy/cgsh_order_operate.html HTTP/1.1" 200 8245
218.81.217.115 - - [26/Sep/2020:11:48:04 +0800] "GET /xingrg/javascript/easyui/themes/default/validatebox.css HTTP/1.1" 404 1104
222.69.132.220 - - [26/Sep/2020:11:48:05 +0800] "GET /xingrg/all/function/internal_message.html?_=1601092081503&CODE_STATE=getMsg HTTP/1.1" 200 27
120.253.135.82 - - [26/Sep/2020:11:48:06 +0800] "POST /xingrg/kc/pszx/mdps_list_operate.html HTTP/1.1" 200 4220
116.238.71.173 - - [26/Sep/2020:11:48:08 +0800] "GET /xingrg/all/function/internal_message.html?_=1601092091628&CODE_STATE=getMsg HTTP/1.1" 200 27
120.253.135.82 - - [26/Sep/2020:11:48:12 +0800] "POST /xingrg/kc/pszx/mdps_list_operate.html HTTP/1.1" 200 233
58.37.8.227 - - [26/Sep/2020:11:48:13 +0800] "GET /xingrg/all/function/internal_message.html?_=1601091713675&CODE_STATE=getMsg HTTP/1.1" 200 27
120.253.135.82 - - [26/Sep/2020:11:48:13 +0800] "GET /xingrg/kc/pszx/mdps_order_info.html?code=312020092500673 HTTP/1.1" 200 23881
120.253.135.82 - - [26/Sep/2020:11:48:14 +0800] "POST /xingrg/kc/pszx/mdps_order_operate.html HTTP/1.1" 200 2331
120.253.135.82 - - [26/Sep/2020:11:48:14 +0800] "GET /xingrg/javascript/easyui/themes/default/validatebox.css HTTP/1.1" 404 1104
58.37.8.227 - - [26/Sep/2020:11:48:14 +0800] "GET /xingrg/check_reg.html?_=1601091714531 HTTP/1.1" 200 22
117.185.32.26 - - [26/Sep/2020:11:48:15 +0800] "GET /xingrg/all/function/internal_message.html?_=1601092095189&CODE_STATE=getMsg HTTP/1.1" 200 27
120.253.135.82 - - [26/Sep/2020:11:48:18 +0800] "POST /xingrg/kc/pszx/mdps_order_operate.html HTTP/1.1" 200 37
120.253.135.82 - - [26/Sep/2020:11:48:19 +0800] "POST /xingrg/kc/pszx/mdps_order_operate.html HTTP/1.1" 200 12
117.185.32.26 - - [26/Sep/2020:11:48:19 +0800] "GET /xingrg/check_reg.html?_=1601092539034 HTTP/1.1" 200 22
117.185.32.26 - - [26/Sep/2020:11:48:19 +0800] "GET /xingrg/all/function/internal_message.html?_=1601092539036&CODE_STATE=getMsg HTTP/1.1" 200 27
117.185.32.26 - - [26/Sep/2020:11:48:22 +0800] "GET /xingrg/kc/buy/cgsh_order_operate.html?command=get_materiel&rest_code=00106&code=00101005017&supplier_code=00100312&order_time=2020-09-26 HTTP/1.1" 200 409
218.81.217.115 - - [26/Sep/2020:11:48:25 +0800] "GET /xingrg/kc/buy/cgsh_order_operate.html?command=get_materiel&rest_code=00146&code=00101004017&supplier_code=00100323&order_time=2020-09-26 HTTP/1.1" 200 413
120.253.135.82 - - [26/Sep/2020:11:48:25 +0800] "GET /xingrg/kc/pszx/mdps_order_info.html?code=312020092500673 HTTP/1.1" 200 19541
58.221.95.50 - - [26/Sep/2020:11:48:26 +0800] "GET /xingrg/all/function/internal_message.html?_=1601092266930&CODE_STATE=getMsg HTTP/1.1" 200 27
120.253.135.82 - - [26/Sep/2020:11:48:26 +0800] "POST /xingrg/kc/pszx/mdps_order_operate.html HTTP/1.1" 200 552
120.253.135.82 - - [26/Sep/2020:11:48:26 +0800] "GET /xingrg/javascript/easyui/themes/default/validatebox.css HTTP/1.1" 404 1104
120.253.135.82 - - [26/Sep/2020:11:48:27 +0800] "POST /xingrg/kc/pszx/mdps_list_operate.html HTTP/1.1" 200 3858
218.81.217.115 - - [26/Sep/2020:11:48:28 +0800] "GET /xingrg/all/function/internal_message.html?_=1601092129974&CODE_STATE=getMsg HTTP/1.1" 200 27
180.157.253.48 - - [26/Sep/2020:11:48:30 +0800] "GET /xingrg/all/function/internal_message.html?_=1601092123140&CODE_STATE=getMsg HTTP/1.1" 200 27
120.253.135.82 - - [26/Sep/2020:11:48:34 +0800] "POST /xingrg/kc/pszx/mdps_list_operate.html HTTP/1.1" 200 202
120.253.135.82 - - [26/Sep/2020:11:48:35 +0800] "GET /xingrg/kc/pszx/mdps_order_info.html?code=312020092500705 HTTP/1.1" 200 23881
117.184.7.30 - - [26/Sep/2020:11:48:35 +0800] "GET /xingrg/all/function/internal_message.html?_=1601092111070&CODE_STATE=getMsg HTTP/1.1" 200 27
120.253.135.82 - - [26/Sep/2020:11:48:35 +0800] "POST /xingrg/kc/pszx/mdps_order_operate.html HTTP/1.1" 200 2276
120.253.135.82 - - [26/Sep/2020:11:48:35 +0800] "GET /xingrg/javascript/easyui/themes/default/validatebox.css HTTP/1.1" 404 1104
114.88.166.242 - - [26/Sep/2020:11:48:35 +0800] "GET /xingrg/all/function/internal_message.html?_=1601092192722&CODE_STATE=getMsg HTTP/1.1" 200 27
101.85.52.2 - - [26/Sep/2020:11:48:36 +0800] "GET /xingrg/all/function/internal_message.html?_=1601092116068&CODE_STATE=getMsg HTTP/1.1" 200 27
120.253.135.82 - - [26/Sep/2020:11:48:39 +0800] "POST /xingrg/kc/pszx/mdps_order_operate.html HTTP/1.1" 200 37
101.85.228.253 - - [26/Sep/2020:11:48:40 +0800] "GET /xingrg/all/function/internal_message.html?_=1601092336380&CODE_STATE=getMsg HTTP/1.1" 200 27
218.81.217.115 - - [26/Sep/2020:11:48:41 +0800] "GET /xingrg/kc/buy/cgsh_order_operate.html?command=get_materiel&rest_code=00146&code=00101001155&supplier_code=00100323&order_time=2020-09-26 HTTP/1.1" 200 416
120.253.135.82 - - [26/Sep/2020:11:48:41 +0800] "POST /xingrg/kc/pszx/mdps_order_operate.html HTTP/1.1" 200 12
120.253.135.82 - - [26/Sep/2020:11:48:42 +0800] "GET /xingrg/kc/pszx/mdps_order_info.html?code=312020092500705 HTTP/1.1" 200 19541
120.253.135.82 - - [26/Sep/2020:11:48:43 +0800] "POST /xingrg/kc/pszx/mdps_order_operate.html HTTP/1.1" 200 497
120.253.135.82 - - [26/Sep/2020:11:48:43 +0800] "GET /xingrg/javascript/easyui/themes/default/validatebox.css HTTP/1.1" 404 1104
120.253.135.82 - - [26/Sep/2020:11:48:44 +0800] "POST /xingrg/kc/pszx/mdps_list_operate.html HTTP/1.1" 200 3495
120.253.135.82 - - [26/Sep/2020:11:48:45 +0800] "GET /xingrg/check_reg.html?_=1601091876558 HTTP/1.1" 200 22
101.91.60.11 - - [26/Sep/2020:11:48:46 +0800] "GET /xingrg/kc/buy/cgsh_order_operate.html?command=get_materiel&rest_code=00141&code=00101008349&supplier_code=00100007&order_time=2020-09-26 HTTP/1.1" 302 -
172.17.0.100 - - [26/Sep/2020:11:48:46 +0800] "GET /xingrg/all/function/internal_message.html?_=1601092128235&CODE_STATE=getMsg HTTP/1.1" 200 27
172.17.0.100 - - [26/Sep/2020:11:48:47 +0800] "GET /xingrg/check_reg.html?_=1601092130123 HTTP/1.1" 200 22
58.37.8.227 - - [26/Sep/2020:11:48:48 +0800] "GET /xingrg/all/function/internal_message.html?_=1601092135906&CODE_STATE=getMsg HTTP/1.1" 200 27
120.253.135.82 - - [26/Sep/2020:11:48:49 +0800] "GET /xingrg/all/function/internal_message.html?_=1601092183509&CODE_STATE=getMsg HTTP/1.1" 200 27
172.17.0.123 - - [26/Sep/2020:11:48:50 +0800] "GET /xingrg/all/function/internal_message.html?_=1601092125326&CODE_STATE=getMsg HTTP/1.1" 200 27
120.253.135.82 - - [26/Sep/2020:11:48:52 +0800] "GET /xingrg/all/function/internal_message.html?_=1601092248445&CODE_STATE=getMsg HTTP/1.1" 200 27
101.91.60.11 - - [26/Sep/2020:11:48:55 +0800] "GET /xingrg/login.html HTTP/1.1" 200 7641
120.253.135.82 - - [26/Sep/2020:11:48:59 +0800] "POST /xingrg/kc/pszx/mdps_list_operate.html HTTP/1.1" 200 205
120.253.135.82 - - [26/Sep/2020:11:48:59 +0800] "GET /xingrg/kc/pszx/mdps_order_info.html?code=312020092500675 HTTP/1.1" 200 23881
218.81.217.115 - - [26/Sep/2020:11:48:59 +0800] "POST /xingrg/kc/buy/cgsh_order_operate.html HTTP/1.1" 200 37
120.253.135.82 - - [26/Sep/2020:11:49:00 +0800] "POST /xingrg/kc/pszx/mdps_order_operate.html HTTP/1.1" 200 2288
180.162.245.190 - - [26/Sep/2020:11:49:00 +0800] "GET /xingrg/all/function/internal_message.html?_=1601092147421&CODE_STATE=getMsg HTTP/1.1" 200 27
120.253.135.82 - - [26/Sep/2020:11:49:00 +0800] "GET /xingrg/javascript/easyui/themes/default/validatebox.css HTTP/1.1" 404 1104
218.81.217.115 - - [26/Sep/2020:11:49:01 +0800] "POST /xingrg/kc/buy/cgsh_order_operate.html HTTP/1.1" 200 3256
218.81.217.115 - - [26/Sep/2020:11:49:03 +0800] "GET /xingrg/all/function/internal_message.html?_=1601092153928&CODE_STATE=getMsg HTTP/1.1" 200 27
172.17.0.185 - - [26/Sep/2020:11:49:03 +0800] "GET /xingrg/all/function/internal_message.html?_=1601092145662&CODE_STATE=getMsg HTTP/1.1" 200 27
114.86.230.255 - - [26/Sep/2020:11:49:03 +0800] "GET /xingrg/all/function/internal_message.html?_=1601092275819&CODE_STATE=getMsg HTTP/1.1" 200 27
120.253.135.82 - - [26/Sep/2020:11:49:04 +0800] "POST /xingrg/kc/pszx/mdps_order_operate.html HTTP/1.1" 200 37
218.81.217.115 - - [26/Sep/2020:11:49:04 +0800] "GET /xingrg/kc/print/load_data.html?order_code=212020092611464&kc_code=cgsh&condition= HTTP/1.1" 200 921
120.253.135.82 - - [26/Sep/2020:11:49:05 +0800] "POST /xingrg/kc/pszx/mdps_order_operate.html HTTP/1.1" 200 12
222.69.132.220 - - [26/Sep/2020:11:49:05 +0800] "GET /xingrg/all/function/internal_message.html?_=1601092141494&CODE_STATE=getMsg HTTP/1.1" 200 27
117.185.32.26 - - [26/Sep/2020:11:49:05 +0800] "POST /xingrg/kc/buy/cgsh_order_operate.html HTTP/1.1" 200 37
120.253.135.82 - - [26/Sep/2020:11:49:05 +0800] "GET /xingrg/kc/pszx/mdps_order_info.html?code=312020092500675 HTTP/1.1" 200 19541
120.253.135.82 - - [26/Sep/2020:11:49:06 +0800] "POST /xingrg/kc/pszx/mdps_order_operate.html HTTP/1.1" 200 509
120.253.135.82 - - [26/Sep/2020:11:49:06 +0800] "GET /xingrg/javascript/easyui/themes/default/validatebox.css HTTP/1.1" 404 1104
120.253.135.82 - - [26/Sep/2020:11:49:07 +0800] "POST /xingrg/kc/pszx/mdps_list_operate.html HTTP/1.1" 200 3133
117.185.32.26 - - [26/Sep/2020:11:49:07 +0800] "POST /xingrg/kc/buy/cgsh_order_operate.html HTTP/1.1" 200 12
117.185.32.26 - - [26/Sep/2020:11:49:08 +0800] "GET /xingrg/kc/buy/cgsh_order_info.html?code=212020092611465 HTTP/1.1" 200 54792
116.238.71.173 - - [26/Sep/2020:11:49:08 +0800] "GET /xingrg/check_reg.html?_=1601092151677 HTTP/1.1" 200 22
116.238.71.173 - - [26/Sep/2020:11:49:08 +0800] "GET /xingrg/all/function/internal_message.html?_=1601092151678&CODE_STATE=getMsg HTTP/1.1" 200 27
117.185.32.26 - - [26/Sep/2020:11:49:08 +0800] "GET /xingrg/words/20200926092433_words.js HTTP/1.1" 304 -
117.185.32.26 - - [26/Sep/2020:11:49:08 +0800] "GET /xingrg/javascript/easyui/themes/default/validatebox.css HTTP/1.1" 404 1104
117.185.32.26 - - [26/Sep/2020:11:49:09 +0800] "POST /xingrg/kc/buy/cgsh_order_operate.html HTTP/1.1" 200 7736
117.185.32.26 - - [26/Sep/2020:11:49:11 +0800] "GET /xingrg/kc/print/load_data.html?order_code=212020092611465&kc_code=cgsh&condition= HTTP/1.1" 200 3430
58.37.8.227 - - [26/Sep/2020:11:49:13 +0800] "GET /xingrg/all/function/internal_message.html?_=1601091773647&CODE_STATE=getMsg HTTP/1.1" 200 27
58.221.95.50 - - [26/Sep/2020:11:49:14 +0800] "GET /xingrg/check_reg.html?_=1601092315340 HTTP/1.1" 200 22
117.185.32.26 - - [26/Sep/2020:11:49:15 +0800] "GET /xingrg/all/function/internal_message.html?_=1601092155190&CODE_STATE=getMsg HTTP/1.1" 200 27
120.253.135.82 - - [26/Sep/2020:11:49:16 +0800] "POST /xingrg/kc/pszx/mdps_list_operate.html HTTP/1.1" 200 213
120.253.135.82 - - [26/Sep/2020:11:49:17 +0800] "GET /xingrg/kc/pszx/mdps_order_info.html?code=312020092500674 HTTP/1.1" 200 23881
218.81.217.115 - - [26/Sep/2020:11:49:17 +0800] "GET /xingrg/kc/buy/cgsh_order_add.html HTTP/1.1" 200 59891
120.253.135.82 - - [26/Sep/2020:11:49:17 +0800] "POST /xingrg/kc/pszx/mdps_order_operate.html HTTP/1.1" 200 2304
120.253.135.82 - - [26/Sep/2020:11:49:17 +0800] "GET /xingrg/javascript/easyui/themes/default/validatebox.css HTTP/1.1" 404 1104
218.81.217.115 - - [26/Sep/2020:11:49:18 +0800] "POST /xingrg/kc/buy/cgsh_order_operate.html HTTP/1.1" 200 8245
218.81.217.115 - - [26/Sep/2020:11:49:18 +0800] "GET /xingrg/javascript/easyui/themes/default/validatebox.css HTTP/1.1" 404 1104
117.185.32.26 - - [26/Sep/2020:11:49:19 +0800] "GET /xingrg/all/function/internal_message.html?_=1601092599054&CODE_STATE=getMsg HTTP/1.1" 200 27
