116.238.71.173 - - [26/Sep/2020:11:08:38 +0800] "GET /xingrg/kc/buy/cgsh_order_operate.html?command=get_materiel&rest_code=00151&code=00101015038&supplier_code=00100007&order_time=2020-09-26 HTTP/1.1" 200 419
58.221.95.50 - - [26/Sep/2020:11:08:41 +0800] "GET /xingrg/kc/base/wldb_order_operate.html?command=get_materiel&rest_code=00152&base_code=0010647&code=00102002010 HTTP/1.1" 200 436
124.76.236.61 - - [26/Sep/2020:11:08:44 +0800] "GET /xingrg/all/function/internal_message.html?_=1601089725950&CODE_STATE=getMsg HTTP/1.1" 200 27
222.69.132.220 - - [26/Sep/2020:11:08:45 +0800] "POST /xingrg/dwr/call/plaincall/AjaxQqpsService.getMaterielByCode.dwr HTTP/1.1" 200 2731
172.17.0.100 - - [26/Sep/2020:11:08:46 +0800] "GET /xingrg/all/function/internal_message.html?_=1601089729008&CODE_STATE=getMsg HTTP/1.1" 200 27
116.238.71.173 - - [26/Sep/2020:11:08:46 +0800] "POST /xingrg/kc/buy/cgsh_order_operate.html HTTP/1.1" 200 37
116.238.71.173 - - [26/Sep/2020:11:08:47 +0800] "POST /xingrg/kc/buy/cgsh_order_operate.html HTTP/1.1" 200 30699
172.17.0.100 - - [26/Sep/2020:11:08:47 +0800] "GET /xingrg/check_reg.html?_=1601089730148 HTTP/1.1" 200 22
58.37.8.227 - - [26/Sep/2020:11:08:48 +0800] "GET /xingrg/all/function/internal_message.html?_=1601089735832&CODE_STATE=getMsg HTTP/1.1" 200 27
120.253.135.82 - - [26/Sep/2020:11:08:48 +0800] "GET /xingrg/all/function/internal_message.html?_=1601089782856&CODE_STATE=getMsg HTTP/1.1" 200 27
222.69.132.220 - - [26/Sep/2020:11:08:49 +0800] "POST /xingrg/dwr/call/plaincall/AjaxQqpsService.saveMaterielItem.dwr HTTP/1.1" 200 78
172.17.0.123 - - [26/Sep/2020:11:08:50 +0800] "GET /xingrg/all/function/internal_message.html?_=1601089725320&CODE_STATE=getMsg HTTP/1.1" 200 27
101.85.228.253 - - [26/Sep/2020:11:08:50 +0800] "GET /xingrg/kc/base/wldb_order_list.html HTTP/1.1" 200 19378
101.85.228.253 - - [26/Sep/2020:11:08:50 +0800] "POST /xingrg/kc/base/wldb_list_operate.html HTTP/1.1" 200 928
117.185.32.26 - - [26/Sep/2020:11:08:51 +0800] "GET /xingrg/kc/buy/cgsh_order_operate.html?command=get_materiel&rest_code=00106&code=00101001140&supplier_code=00100090&order_time=2020-09-26 HTTP/1.1" 200 415
101.85.228.253 - - [26/Sep/2020:11:08:52 +0800] "GET /xingrg/kc/base/wldb_order_add.html HTTP/1.1" 200 30486
120.253.135.82 - - [26/Sep/2020:11:08:52 +0800] "GET /xingrg/all/function/internal_message.html?_=1601089847889&CODE_STATE=getMsg HTTP/1.1" 200 27
101.85.228.253 - - [26/Sep/2020:11:08:52 +0800] "POST /xingrg/kc/base/wldb_order_operate.html HTTP/1.1" 200 6806
222.69.132.220 - - [26/Sep/2020:11:08:52 +0800] "POST /xingrg/dwr/call/plaincall/AjaxQqpsService.getMaterielByCode.dwr HTTP/1.1" 200 2698
101.85.228.253 - - [26/Sep/2020:11:08:53 +0800] "GET /xingrg/javascript/easyui/themes/default/validatebox.css HTTP/1.1" 404 1104
222.69.132.220 - - [26/Sep/2020:11:08:53 +0800] "POST /xingrg/dwr/call/plaincall/AjaxQqpsService.saveMaterielItem.dwr HTTP/1.1" 200 78
222.69.132.220 - - [26/Sep/2020:11:08:56 +0800] "POST /xingrg/dwr/call/plaincall/AjaxQqpsService.getMaterielByCode.dwr HTTP/1.1" 200 2648
218.81.217.115 - - [26/Sep/2020:11:08:57 +0800] "GET /xingrg/all/function/internal_message.html?_=1601089747934&CODE_STATE=getMsg HTTP/1.1" 200 27
101.85.228.253 - - [26/Sep/2020:11:08:57 +0800] "POST /xingrg/all/common/load_combo.html?type=base HTTP/1.1" 200 2966
222.69.132.220 - - [26/Sep/2020:11:08:57 +0800] "POST /xingrg/dwr/call/plaincall/AjaxQqpsService.saveMaterielItem.dwr HTTP/1.1" 200 78
101.85.228.253 - - [26/Sep/2020:11:09:00 +0800] "POST /xingrg/all/common/load_combo.html?type=base HTTP/1.1" 200 2966
180.162.245.190 - - [26/Sep/2020:11:09:00 +0800] "GET /xingrg/all/function/internal_message.html?_=1601089747356&CODE_STATE=getMsg HTTP/1.1" 200 27
114.88.166.242 - - [26/Sep/2020:11:09:02 +0800] "GET /xingrg/all/function/internal_message.html?_=1601089819077&CODE_STATE=getMsg HTTP/1.1" 200 27
114.88.166.242 - - [26/Sep/2020:11:09:02 +0800] "GET /xingrg/check_reg.html?_=1601089819074 HTTP/1.1" 200 22
222.69.132.220 - - [26/Sep/2020:11:09:02 +0800] "POST /xingrg/dwr/call/plaincall/AjaxQqpsService.getMaterielByCode.dwr HTTP/1.1" 200 2651
172.17.0.185 - - [26/Sep/2020:11:09:03 +0800] "GET /xingrg/all/function/internal_message.html?_=1601089745662&CODE_STATE=getMsg HTTP/1.1" 200 27
222.69.132.220 - - [26/Sep/2020:11:09:04 +0800] "POST /xingrg/dwr/call/plaincall/AjaxQqpsService.saveMaterielItem.dwr HTTP/1.1" 200 78
222.69.132.220 - - [26/Sep/2020:11:09:05 +0800] "GET /xingrg/all/function/internal_message.html?_=1601089742257&CODE_STATE=getMsg HTTP/1.1" 200 27
101.85.228.253 - - [26/Sep/2020:11:09:06 +0800] "GET /xingrg/kc/base/wldb_order_operate.html?command=get_materiel&rest_code=00102&base_code=0010476&code=00101019184 HTTP/1.1" 200 443
120.204.17.72 - - [26/Sep/2020:11:09:06 +0800] "GET /xingrg/check_reg.html?_=1601089035145 HTTP/1.1" 302 -
180.157.253.48 - - [26/Sep/2020:11:09:10 +0800] "POST /xingrg/services/DataTransmitService HTTP/1.1" 200 524
180.157.253.48 - - [26/Sep/2020:11:09:10 +0800] "POST /xingrg/services/DataTransmitService HTTP/1.1" 200 1863
101.85.52.2 - - [26/Sep/2020:11:09:10 +0800] "GET /xingrg/kc/buy/buy_main.html HTTP/1.1" 200 12412
101.85.52.2 - - [26/Sep/2020:11:09:10 +0800] "GET /xingrg/css/new_ie.css HTTP/1.1" 404 1036
180.157.253.48 - - [26/Sep/2020:11:09:10 +0800] "POST /xingrg/services/DataTransmitService HTTP/1.1" 200 132287
101.85.52.2 - - [26/Sep/2020:11:09:11 +0800] "GET /xingrg/images/yd/bt.gif HTTP/1.1" 404 1040
101.85.52.2 - - [26/Sep/2020:11:09:12 +0800] "GET /xingrg/kc/buy/cgsh_order_list.html HTTP/1.1" 200 44153
101.85.228.253 - - [26/Sep/2020:11:09:12 +0800] "GET /xingrg/kc/base/wldb_order_operate.html?command=get_materiel&rest_code=00102&base_code=0010476&code=00101019400 HTTP/1.1" 200 450
101.85.52.2 - - [26/Sep/2020:11:09:12 +0800] "POST /xingrg/kc/buy/cgsh_list_operate.html HTTP/1.1" 200 876
117.185.32.26 - - [26/Sep/2020:11:09:14 +0800] "POST /xingrg/kc/buy/cgsh_order_operate.html HTTP/1.1" 200 37
58.37.8.227 - - [26/Sep/2020:11:09:14 +0800] "GET /xingrg/all/function/internal_message.html?_=1601089374286&CODE_STATE=getMsg HTTP/1.1" 200 27
58.221.95.50 - - [26/Sep/2020:11:09:14 +0800] "GET /xingrg/check_reg.html?_=1601089915474 HTTP/1.1" 200 22
117.185.32.26 - - [26/Sep/2020:11:09:15 +0800] "GET /xingrg/all/function/internal_message.html?_=1601089755161&CODE_STATE=getMsg HTTP/1.1" 200 27
117.185.32.26 - - [26/Sep/2020:11:09:16 +0800] "POST /xingrg/kc/buy/cgsh_order_operate.html HTTP/1.1" 200 12
101.85.52.2 - - [26/Sep/2020:11:09:16 +0800] "POST /xingrg/kc/buy/cgsh_list_operate.html HTTP/1.1" 200 876
101.85.228.253 - - [26/Sep/2020:11:09:16 +0800] "GET /xingrg/kc/base/wldb_order_operate.html?command=get_materiel&rest_code=00102&base_code=0010476&code=00101016001 HTTP/1.1" 200 457
222.69.132.220 - - [26/Sep/2020:11:09:16 +0800] "POST /xingrg/dwr/call/plaincall/AjaxQqpsService.getMaterielByCode.dwr HTTP/1.1" 200 2733
120.204.17.72 - - [26/Sep/2020:11:09:16 +0800] "GET /xingrg/login.html HTTP/1.1" 200 7641
117.185.32.26 - - [26/Sep/2020:11:09:16 +0800] "GET /xingrg/kc/buy/cgsh_order_info.html?code=212020092611397 HTTP/1.1" 200 54792
117.185.32.26 - - [26/Sep/2020:11:09:17 +0800] "GET /xingrg/javascript/easyui/themes/default/validatebox.css HTTP/1.1" 404 1104
101.85.52.2 - - [26/Sep/2020:11:09:17 +0800] "GET /xingrg/kc/mdqp/qp_main.html HTTP/1.1" 200 10633
117.185.32.26 - - [26/Sep/2020:11:09:17 +0800] "POST /xingrg/kc/buy/cgsh_order_operate.html HTTP/1.1" 200 1206
101.85.52.2 - - [26/Sep/2020:11:09:17 +0800] "GET /xingrg/images/yd/bt.gif HTTP/1.1" 404 1040
101.85.52.2 - - [26/Sep/2020:11:09:17 +0800] "GET /xingrg/kc/mdqp/qqps_order_list.html HTTP/1.1" 200 9222
101.85.52.2 - - [26/Sep/2020:11:09:18 +0800] "GET /xingrg/dwr/interface/AjaxQqpsService.js HTTP/1.1" 200 16326
101.85.52.2 - - [26/Sep/2020:11:09:18 +0800] "GET /xingrg/dwr/interface/AjaxReportQueryService.js HTTP/1.1" 200 13203
101.85.52.2 - - [26/Sep/2020:11:09:18 +0800] "GET /xingrg/dwr/engine.js HTTP/1.1" 200 43631
117.185.32.26 - - [26/Sep/2020:11:09:19 +0800] "GET /xingrg/all/function/internal_message.html?_=1601090198861&CODE_STATE=getMsg HTTP/1.1" 200 27
101.85.52.2 - - [26/Sep/2020:11:09:19 +0800] "GET /xingrg/kc/mdqp/qqps_order_add.html HTTP/1.1" 200 26322
101.85.52.2 - - [26/Sep/2020:11:09:19 +0800] "GET /xingrg/javascript/tools/jquery.qtip-1.0.0-rc3.min.js HTTP/1.1" 200 38404
101.85.52.2 - - [26/Sep/2020:11:09:19 +0800] "GET /xingrg/dwr/interface/AjaxQqpsService.js HTTP/1.1" 200 16326
101.85.52.2 - - [26/Sep/2020:11:09:19 +0800] "GET /xingrg/dwr/interface/AjaxComOrderService.js HTTP/1.1" 200 18264
101.85.52.2 - - [26/Sep/2020:11:09:19 +0800] "GET /xingrg/javascript/AjaxInfoList.js HTTP/1.1" 200 3774
101.85.52.2 - - [26/Sep/2020:11:09:19 +0800] "GET /xingrg/javascript/Grid.js HTTP/1.1" 200 58908
101.85.52.2 - - [26/Sep/2020:11:09:19 +0800] "GET /xingrg/dwr/engine.js HTTP/1.1" 200 43631
222.69.132.220 - - [26/Sep/2020:11:09:19 +0800] "POST /xingrg/dwr/call/plaincall/AjaxQqpsService.saveMaterielItem.dwr HTTP/1.1" 200 79
101.85.52.2 - - [26/Sep/2020:11:09:19 +0800] "GET /xingrg/javascript/jquery_easy_ui/themes/icons/ok.png HTTP/1.1" 200 883
101.85.52.2 - - [26/Sep/2020:11:09:19 +0800] "GET /xingrg/javascript/jquery_easy_ui/themes/icons/template_new.png HTTP/1.1" 200 3956
101.85.52.2 - - [26/Sep/2020:11:09:19 +0800] "GET /xingrg/javascript/jquery_easy_ui/themes/icons/copy_new.png HTTP/1.1" 200 815
58.221.95.50 - - [26/Sep/2020:11:09:20 +0800] "GET /xingrg/check_reg.html?_=1601089920630 HTTP/1.1" 200 22
101.85.52.2 - - [26/Sep/2020:11:09:20 +0800] "GET /xingrg/images/blue/button/kc_tab_edit.gif HTTP/1.1" 200 551
101.85.52.2 - - [26/Sep/2020:11:09:20 +0800] "GET /xingrg/images/blue/button/kc_tab_add.gif HTTP/1.1" 200 375
101.85.52.2 - - [26/Sep/2020:11:09:20 +0800] "GET /xingrg/images/blue/button/kc_tab_save.gif HTTP/1.1" 200 777
101.85.52.2 - - [26/Sep/2020:11:09:20 +0800] "GET /xingrg/images/blue/button/kc_tab_del.gif HTTP/1.1" 200 383
101.85.52.2 - - [26/Sep/2020:11:09:20 +0800] "GET /xingrg/images/blue/kc_tab_left.gif HTTP/1.1" 200 188
101.85.52.2 - - [26/Sep/2020:11:09:20 +0800] "GET /xingrg/images/blue/kc_tab_mid.gif HTTP/1.1" 200 44
101.85.52.2 - - [26/Sep/2020:11:09:20 +0800] "GET /xingrg/images/blue/kc_tab_right.gif HTTP/1.1" 200 643
101.85.52.2 - - [26/Sep/2020:11:09:20 +0800] "GET /xingrg/images/blue/kc_tab2_left.gif HTTP/1.1" 200 625
101.85.52.2 - - [26/Sep/2020:11:09:20 +0800] "GET /xingrg/images/blue/kc_tab2_right.gif HTTP/1.1" 200 192
101.85.228.253 - - [26/Sep/2020:11:09:20 +0800] "GET /xingrg/kc/base/wldb_order_operate.html?command=get_materiel&rest_code=00102&base_code=0010476&code=00101013139 HTTP/1.1" 200 450
117.185.32.26 - - [26/Sep/2020:11:09:21 +0800] "GET /xingrg/kc/print/load_config.html?kc_code=cgsh HTTP/1.1" 200 1845
117.185.32.26 - - [26/Sep/2020:11:09:21 +0800] "GET /xingrg/kc/print/load_data.html?order_code=212020092611397&kc_code=cgsh&condition= HTTP/1.1" 200 1007
101.85.52.2 - - [26/Sep/2020:11:09:24 +0800] "GET /xingrg/javascript/auto/indicator.gif HTTP/1.1" 404 1066
101.89.239.232 - - [26/Sep/2020:11:09:25 +0800] "GET /xingrg/kc/buy/cgsh_order_operate.html?command=get_materiel&rest_code=00141&code=00101007061&supplier_code=00100004&order_time=2020-09-26 HTTP/1.1" 302 -
218.81.217.115 - - [26/Sep/2020:11:09:25 +0800] "GET /xingrg/all/function/internal_message.html?_=1601089786714&CODE_STATE=getMsg HTTP/1.1" 200 27
58.221.95.50 - - [26/Sep/2020:11:09:27 +0800] "GET /xingrg/all/function/internal_message.html?_=1601089927728&CODE_STATE=getMsg HTTP/1.1" 200 27
101.85.228.253 - - [26/Sep/2020:11:09:27 +0800] "GET /xingrg/kc/base/wldb_order_operate.html?command=get_materiel&rest_code=00102&base_code=0010476&code=00101019015 HTTP/1.1" 200 436
101.85.52.2 - - [26/Sep/2020:11:09:29 +0800] "GET /xingrg/images/blue/wait.gif HTTP/1.1" 200 1100
101.85.52.2 - - [26/Sep/2020:11:09:29 +0800] "POST /xingrg/dwr/call/plaincall/AjaxQqpsService.saveOrder.dwr HTTP/1.1" 200 78
114.86.230.255 - - [26/Sep/2020:11:09:29 +0800] "GET /xingrg/all/function/internal_message.html?_=1601089875828&CODE_STATE=getMsg HTTP/1.1" 200 27
116.238.71.173 - - [26/Sep/2020:11:09:31 +0800] "GET /xingrg/all/function/internal_message.html?_=1601089774516&CODE_STATE=getMsg HTTP/1.1" 200 27
101.85.52.2 - - [26/Sep/2020:11:09:32 +0800] "POST /xingrg/dwr/call/plaincall/AjaxQqpsService.getMaterielByCode.dwr HTTP/1.1" 200 1512
101.89.239.232 - - [26/Sep/2020:11:09:34 +0800] "GET /xingrg/login.html HTTP/1.1" 200 7641
180.157.253.48 - - [26/Sep/2020:11:09:34 +0800] "GET /xingrg/all/function/internal_message.html?_=1601089787258&CODE_STATE=getMsg HTTP/1.1" 200 27
101.85.228.253 - - [26/Sep/2020:11:09:34 +0800] "GET /xingrg/kc/base/wldb_order_operate.html?command=get_materiel&rest_code=00102&base_code=0010476&code=00101019359 HTTP/1.1" 200 446
117.184.7.26 - - [26/Sep/2020:11:09:35 +0800] "GET /xingrg/all/function/internal_message.html?_=1601089771011&CODE_STATE=getMsg HTTP/1.1" 200 27
101.85.52.2 - - [26/Sep/2020:11:09:36 +0800] "GET /xingrg/all/function/internal_message.html?_=1601089776038&CODE_STATE=getMsg HTTP/1.1" 200 27
117.185.32.26 - - [26/Sep/2020:11:09:36 +0800] "GET /xingrg/kc/buy/cgsh_order_add.html HTTP/1.1" 200 59885
101.85.52.2 - - [26/Sep/2020:11:09:36 +0800] "POST /xingrg/dwr/call/plaincall/AjaxQqpsService.saveMaterielItem.dwr HTTP/1.1" 200 78
117.185.32.26 - - [26/Sep/2020:11:09:36 +0800] "POST /xingrg/kc/buy/cgsh_order_operate.html HTTP/1.1" 200 8245
117.185.32.26 - - [26/Sep/2020:11:09:36 +0800] "GET /xingrg/javascript/easyui/themes/default/validatebox.css HTTP/1.1" 404 1104
117.185.32.26 - - [26/Sep/2020:11:09:38 +0800] "GET /xingrg/javascript/easyui/themes/default/tree.css HTTP/1.1" 404 1090
117.185.32.26 - - [26/Sep/2020:11:09:38 +0800] "POST /xingrg/all/common/load_tree.html?tree=supplier_tree_json&isDelete=1 HTTP/1.1" 200 50428
58.221.95.50 - - [26/Sep/2020:11:09:41 +0800] "GET /xingrg/kc/base/wldb_order_operate.html?command=get_materiel&rest_code=00152&base_code=0010647&code=00102010312 HTTP/1.1" 200 432
116.238.71.173 - - [26/Sep/2020:11:09:44 +0800] "POST /xingrg/kc/buy/cgsh_order_operate.html HTTP/1.1" 200 37
124.76.236.61 - - [26/Sep/2020:11:09:44 +0800] "GET /xingrg/all/function/internal_message.html?_=1601089785945&CODE_STATE=getMsg HTTP/1.1" 200 27
101.85.228.253 - - [26/Sep/2020:11:09:44 +0800] "GET /xingrg/kc/base/wldb_order_operate.html?command=get_materiel&rest_code=00102&base_code=0010476&code=00101019405 HTTP/1.1" 200 468
116.238.71.173 - - [26/Sep/2020:11:09:45 +0800] "POST /xingrg/kc/buy/cgsh_order_operate.html HTTP/1.1" 200 30699
172.17.0.100 - - [26/Sep/2020:11:09:46 +0800] "GET /xingrg/all/function/internal_message.html?_=1601089789019&CODE_STATE=getMsg HTTP/1.1" 200 27
58.37.8.227 - - [26/Sep/2020:11:09:48 +0800] "GET /xingrg/all/function/internal_message.html?_=1601089795822&CODE_STATE=getMsg HTTP/1.1" 200 27
120.253.135.82 - - [26/Sep/2020:11:09:48 +0800] "GET /xingrg/all/function/internal_message.html?_=1601089842871&CODE_STATE=getMsg HTTP/1.1" 200 27
101.85.228.253 - - [26/Sep/2020:11:09:50 +0800] "GET /xingrg/kc/base/wldb_order_operate.html?command=get_materiel&rest_code=00102&base_code=0010476&code=00101019461 HTTP/1.1" 200 476
172.17.0.123 - - [26/Sep/2020:11:09:50 +0800] "GET /xingrg/all/function/internal_message.html?_=1601089785322&CODE_STATE=getMsg HTTP/1.1" 200 27
120.253.135.82 - - [26/Sep/2020:11:09:52 +0800] "GET /xingrg/all/function/internal_message.html?_=1601089907899&CODE_STATE=getMsg HTTP/1.1" 200 27
101.85.228.253 - - [26/Sep/2020:11:09:56 +0800] "GET /xingrg/kc/base/wldb_order_operate.html?command=get_materiel&rest_code=00102&base_code=0010476&code=00101019185 HTTP/1.1" 200 454
218.81.217.115 - - [26/Sep/2020:11:09:57 +0800] "GET /xingrg/all/function/internal_message.html?_=1601089807949&CODE_STATE=getMsg HTTP/1.1" 200 27
117.185.32.26 - - [26/Sep/2020:11:09:57 +0800] "GET /xingrg/kc/buy/cgsh_order_operate.html?command=get_materiel&rest_code=00106&code=00101004011&supplier_code=00100086&order_time=2020-09-26 HTTP/1.1" 200 413
180.162.245.190 - - [26/Sep/2020:11:10:00 +0800] "GET /xingrg/all/function/internal_message.html?_=1601089807354&CODE_STATE=getMsg HTTP/1.1" 200 27
180.162.245.190 - - [26/Sep/2020:11:10:00 +0800] "GET /xingrg/check_reg.html?_=1601089807359 HTTP/1.1" 200 22
114.88.166.242 - - [26/Sep/2020:11:10:02 +0800] "GET /xingrg/all/function/internal_message.html?_=1601089879078&CODE_STATE=getMsg HTTP/1.1" 200 27
172.17.0.185 - - [26/Sep/2020:11:10:03 +0800] "GET /xingrg/all/function/internal_message.html?_=1601089805654&CODE_STATE=getMsg HTTP/1.1" 200 27
101.85.228.253 - - [26/Sep/2020:11:10:04 +0800] "GET /xingrg/kc/base/wldb_order_operate.html?command=get_materiel&rest_code=00102&base_code=0010476&code=00101019391 HTTP/1.1" 200 471
222.69.132.220 - - [26/Sep/2020:11:10:05 +0800] "GET /xingrg/all/function/internal_message.html?_=1601089802240&CODE_STATE=getMsg HTTP/1.1" 200 27
101.85.228.253 - - [26/Sep/2020:11:10:08 +0800] "GET /xingrg/kc/base/wldb_order_operate.html?command=get_materiel&rest_code=00102&base_code=0010476&code=00101019438 HTTP/1.1" 200 447
222.69.132.220 - - [26/Sep/2020:11:10:08 +0800] "GET /xingrg/check_reg.html?_=1601089804876 HTTP/1.1" 200 22
101.85.228.253 - - [26/Sep/2020:11:10:12 +0800] "GET /xingrg/kc/base/wldb_order_operate.html?command=get_materiel&rest_code=00102&base_code=0010476&code=00101016076 HTTP/1.1" 200 477
58.37.8.227 - - [26/Sep/2020:11:10:14 +0800] "GET /xingrg/all/function/internal_message.html?_=1601089434267&CODE_STATE=getMsg HTTP/1.1" 200 27
117.185.32.26 - - [26/Sep/2020:11:10:15 +0800] "GET /xingrg/all/function/internal_message.html?_=1601089815158&CODE_STATE=getMsg HTTP/1.1" 200 27
117.185.32.26 - - [26/Sep/2020:11:10:19 +0800] "GET /xingrg/all/function/internal_message.html?_=1601090258859&CODE_STATE=getMsg HTTP/1.1" 200 27
117.185.32.26 - - [26/Sep/2020:11:10:19 +0800] "GET /xingrg/kc/buy/cgsh_order_operate.html?command=get_materiel&rest_code=00106&code=00101004065&supplier_code=00100086&order_time=2020-09-26 HTTP/1.1" 200 434
101.85.228.253 - - [26/Sep/2020:11:10:19 +0800] "GET /xingrg/kc/base/wldb_order_operate.html?command=get_materiel&rest_code=00102&base_code=0010476&code=00101010057 HTTP/1.1" 200 438
117.131.5.26 - - [26/Sep/2020:11:10:19 +0800] "GET /xingrg/check_reg.html?_=1601090116771 HTTP/1.1" 200 22
101.85.52.2 - - [26/Sep/2020:11:10:22 +0800] "POST /xingrg/dwr/call/plaincall/AjaxQqpsService.getMaterielByCode.dwr HTTP/1.1" 200 1538
218.81.217.115 - - [26/Sep/2020:11:10:22 +0800] "GET /xingrg/check_reg.html?_=1601089844119 HTTP/1.1" 200 22
101.85.52.2 - - [26/Sep/2020:11:10:25 +0800] "POST /xingrg/dwr/call/plaincall/AjaxQqpsService.saveMaterielItem.dwr HTTP/1.1" 200 78
218.81.217.115 - - [26/Sep/2020:11:10:25 +0800] "GET /xingrg/all/function/internal_message.html?_=1601089846728&CODE_STATE=getMsg HTTP/1.1" 200 27
58.221.95.50 - - [26/Sep/2020:11:10:26 +0800] "POST /xingrg/kc/base/wldb_order_operate.html HTTP/1.1" 200 37
58.221.95.50 - - [26/Sep/2020:11:10:26 +0800] "POST /xingrg/kc/base/wldb_order_operate.html HTTP/1.1" 200 4562
58.221.95.50 - - [26/Sep/2020:11:10:28 +0800] "GET /xingrg/kc/base/wldb_order_info.html?code=422020092603063 HTTP/1.1" 200 30511
58.221.95.50 - - [26/Sep/2020:11:10:28 +0800] "GET /xingrg/javascript/easyui/themes/default/validatebox.css HTTP/1.1" 404 1104
58.221.95.50 - - [26/Sep/2020:11:10:29 +0800] "POST /xingrg/kc/base/wldb_order_operate.html HTTP/1.1" 200 4562
114.86.230.255 - - [26/Sep/2020:11:10:29 +0800] "GET /xingrg/all/function/internal_message.html?_=1601089935828&CODE_STATE=getMsg HTTP/1.1" 200 27
116.238.71.173 - - [26/Sep/2020:11:10:31 +0800] "GET /xingrg/all/function/internal_message.html?_=1601089834565&CODE_STATE=getMsg HTTP/1.1" 200 27
58.37.8.227 - - [26/Sep/2020:11:10:31 +0800] "GET /xingrg/kc/buy/cgsh_order_add.html HTTP/1.1" 200 59891
58.37.8.227 - - [26/Sep/2020:11:10:32 +0800] "POST /xingrg/kc/buy/cgsh_order_operate.html HTTP/1.1" 200 8245
58.37.8.227 - - [26/Sep/2020:11:10:32 +0800] "GET /xingrg/javascript/easyui/themes/default/validatebox.css HTTP/1.1" 404 1104
180.157.253.48 - - [26/Sep/2020:11:10:34 +0800] "GET /xingrg/all/function/internal_message.html?_=1601089847273&CODE_STATE=getMsg HTTP/1.1" 200 27
117.184.7.26 - - [26/Sep/2020:11:10:35 +0800] "GET /xingrg/all/function/internal_message.html?_=1601089831011&CODE_STATE=getMsg HTTP/1.1" 200 27
101.85.52.2 - - [26/Sep/2020:11:10:36 +0800] "GET /xingrg/all/function/internal_message.html?_=1601089836040&CODE_STATE=getMsg HTTP/1.1" 200 27
58.221.95.50 - - [26/Sep/2020:11:10:38 +0800] "GET /xingrg/kc/base/wldb_order_add.html HTTP/1.1" 200 30494
58.221.95.50 - - [26/Sep/2020:11:10:39 +0800] "GET /xingrg/javascript/easyui/themes/default/validatebox.css HTTP/1.1" 404 1104
58.221.95.50 - - [26/Sep/2020:11:10:39 +0800] "POST /xingrg/kc/base/wldb_order_operate.html HTTP/1.1" 200 6806
58.37.8.227 - - [26/Sep/2020:11:10:40 +0800] "GET /xingrg/kc/buy/cgsh_order_operate.html?command=get_materiel&rest_code=00141&code=00101008219&supplier_code=00100007&order_time=2020-09-26 HTTP/1.1" 200 414
61.151.178.180 - - [26/Sep/2020:11:10:41 +0800] "GET /xingrg/kc/print/load_data.html?order_code=212020092611384&kc_code=cgsh&condition= HTTP/1.1" 302 -
61.151.178.180 - - [26/Sep/2020:11:10:43 +0800] "GET /xingrg/login.html HTTP/1.1" 200 7641
124.76.236.61 - - [26/Sep/2020:11:10:44 +0800] "GET /xingrg/all/function/internal_message.html?_=1601089845945&CODE_STATE=getMsg HTTP/1.1" 200 27
172.17.0.100 - - [26/Sep/2020:11:10:46 +0800] "GET /xingrg/all/function/internal_message.html?_=1601089849000&CODE_STATE=getMsg HTTP/1.1" 200 27
117.185.32.26 - - [26/Sep/2020:11:10:48 +0800] "POST /xingrg/kc/buy/cgsh_order_operate.html HTTP/1.1" 200 37
58.37.8.227 - - [26/Sep/2020:11:10:48 +0800] "GET /xingrg/all/function/internal_message.html?_=1601089855839&CODE_STATE=getMsg HTTP/1.1" 200 27
58.37.8.227 - - [26/Sep/2020:11:10:48 +0800] "GET /xingrg/check_reg.html?_=1601089855841 HTTP/1.1" 200 22
120.253.135.82 - - [26/Sep/2020:11:10:48 +0800] "GET /xingrg/all/function/internal_message.html?_=1601089902896&CODE_STATE=getMsg HTTP/1.1" 200 27
117.185.32.26 - - [26/Sep/2020:11:10:50 +0800] "POST /xingrg/kc/buy/cgsh_order_operate.html HTTP/1.1" 200 12
172.17.0.123 - - [26/Sep/2020:11:10:50 +0800] "GET /xingrg/all/function/internal_message.html?_=1601089845324&CODE_STATE=getMsg HTTP/1.1" 200 27
172.17.0.123 - - [26/Sep/2020:11:10:50 +0800] "GET /xingrg/check_reg.html?_=1601089845325 HTTP/1.1" 200 22
117.185.32.26 - - [26/Sep/2020:11:10:51 +0800] "GET /xingrg/kc/buy/cgsh_order_info.html?code=212020092611398 HTTP/1.1" 200 54792
117.185.32.26 - - [26/Sep/2020:11:10:51 +0800] "GET /xingrg/javascript/easyui/themes/default/validatebox.css HTTP/1.1" 404 1104
117.185.32.26 - - [26/Sep/2020:11:10:51 +0800] "POST /xingrg/kc/buy/cgsh_order_operate.html HTTP/1.1" 200 1207
120.253.135.82 - - [26/Sep/2020:11:10:52 +0800] "GET /xingrg/all/function/internal_message.html?_=1601089967931&CODE_STATE=getMsg HTTP/1.1" 200 27
58.37.8.227 - - [26/Sep/2020:11:10:53 +0800] "GET /xingrg/kc/buy/cgsh_order_operate.html?command=get_materiel&rest_code=00141&code=00101008132&supplier_code=00100007&order_time=2020-09-26 HTTP/1.1" 200 408
117.185.32.26 - - [26/Sep/2020:11:10:54 +0800] "GET /xingrg/kc/print/load_data.html?order_code=212020092611398&kc_code=cgsh&condition= HTTP/1.1" 200 1005
218.81.217.115 - - [26/Sep/2020:11:10:57 +0800] "GET /xingrg/all/function/internal_message.html?_=1601089867960&CODE_STATE=getMsg HTTP/1.1" 200 27
101.85.228.253 - - [26/Sep/2020:11:10:57 +0800] "POST /xingrg/kc/base/wldb_order_operate.html HTTP/1.1" 200 37
101.85.228.253 - - [26/Sep/2020:11:10:59 +0800] "POST /xingrg/kc/base/wldb_order_operate.html HTTP/1.1" 200 12
101.85.228.253 - - [26/Sep/2020:11:10:59 +0800] "POST /xingrg/kc/base/wldb_order_operate.html HTTP/1.1" 200 7684
101.85.52.2 - - [26/Sep/2020:11:11:00 +0800] "POST /xingrg/dwr/call/plaincall/AjaxQqpsService.getMaterielByCode.dwr HTTP/1.1" 200 1534
180.162.245.190 - - [26/Sep/2020:11:11:00 +0800] "GET /xingrg/all/function/internal_message.html?_=1601089867357&CODE_STATE=getMsg HTTP/1.1" 200 27
101.85.228.253 - - [26/Sep/2020:11:11:00 +0800] "GET /xingrg/kc/base/wldb_order_info.html?code=422020092603064 HTTP/1.1" 200 26363
114.88.166.242 - - [26/Sep/2020:11:11:02 +0800] "GET /xingrg/all/function/internal_message.html?_=1601089939078&CODE_STATE=getMsg HTTP/1.1" 200 27
101.85.52.2 - - [26/Sep/2020:11:11:02 +0800] "POST /xingrg/dwr/call/plaincall/AjaxQqpsService.saveMaterielItem.dwr HTTP/1.1" 200 78
101.85.228.253 - - [26/Sep/2020:11:11:02 +0800] "POST /xingrg/kc/base/wldb_order_operate.html HTTP/1.1" 200 5857
101.85.228.253 - - [26/Sep/2020:11:11:02 +0800] "GET /xingrg/javascript/easyui/themes/default/validatebox.css HTTP/1.1" 404 1104
116.238.71.173 - - [26/Sep/2020:11:11:03 +0800] "GET /xingrg/check_reg.html?_=1601089977983 HTTP/1.1" 200 22
172.17.0.185 - - [26/Sep/2020:11:11:03 +0800] "GET /xingrg/all/function/internal_message.html?_=1601089865661&CODE_STATE=getMsg HTTP/1.1" 200 27
172.17.0.185 - - [26/Sep/2020:11:11:03 +0800] "GET /xingrg/check_reg.html?_=1601089865673 HTTP/1.1" 200 22
101.85.228.253 - - [26/Sep/2020:11:11:05 +0800] "GET /xingrg/kc/base/wldb_order_add.html HTTP/1.1" 200 30486
222.69.132.220 - - [26/Sep/2020:11:11:05 +0800] "GET /xingrg/all/function/internal_message.html?_=1601089862215&CODE_STATE=getMsg HTTP/1.1" 200 27
101.85.228.253 - - [26/Sep/2020:11:11:06 +0800] "POST /xingrg/kc/base/wldb_order_operate.html HTTP/1.1" 200 6806
101.85.228.253 - - [26/Sep/2020:11:11:07 +0800] "GET /xingrg/javascript/easyui/themes/default/validatebox.css HTTP/1.1" 404 1104
101.85.228.253 - - [26/Sep/2020:11:11:07 +0800] "POST /xingrg/all/common/load_combo.html?type=base HTTP/1.1" 200 2966
101.85.228.253 - - [26/Sep/2020:11:11:10 +0800] "POST /xingrg/all/common/load_combo.html?type=base HTTP/1.1" 200 2966
117.185.32.26 - - [26/Sep/2020:11:11:10 +0800] "GET /xingrg/kc/buy/cgsh_order_add.html HTTP/1.1" 200 59885
117.185.32.26 - - [26/Sep/2020:11:11:11 +0800] "GET /xingrg/javascript/easyui/themes/default/validatebox.css HTTP/1.1" 404 1104
117.185.32.26 - - [26/Sep/2020:11:11:11 +0800] "POST /xingrg/kc/buy/cgsh_order_operate.html HTTP/1.1" 200 8245
222.69.132.220 - - [26/Sep/2020:11:11:12 +0800] "POST /xingrg/dwr/call/plaincall/AjaxQqpsService.getMaterielByCode.dwr HTTP/1.1" 200 2727
101.85.52.2 - - [26/Sep/2020:11:11:12 +0800] "POST /xingrg/dwr/call/plaincall/AjaxQqpsService.getMaterielByCode.dwr HTTP/1.1" 200 1520
117.185.32.26 - - [26/Sep/2020:11:11:13 +0800] "GET /xingrg/javascript/easyui/themes/default/tree.css HTTP/1.1" 404 1090
117.185.32.26 - - [26/Sep/2020:11:11:13 +0800] "POST /xingrg/all/common/load_tree.html?tree=supplier_tree_json&isDelete=1 HTTP/1.1" 200 50428
58.37.8.227 - - [26/Sep/2020:11:11:14 +0800] "GET /xingrg/all/function/internal_message.html?_=1601089494243&CODE_STATE=getMsg HTTP/1.1" 200 27
222.69.132.220 - - [26/Sep/2020:11:11:15 +0800] "POST /xingrg/dwr/call/plaincall/AjaxQqpsService.saveMaterielItem.dwr HTTP/1.1" 200 79
117.185.32.26 - - [26/Sep/2020:11:11:15 +0800] "GET /xingrg/all/function/internal_message.html?_=1601089875169&CODE_STATE=getMsg HTTP/1.1" 200 27
58.221.95.50 - - [26/Sep/2020:11:11:16 +0800] "GET /xingrg/kc/base/wldb_order_operate.html?command=get_materiel&rest_code=00152&base_code=0010647&code=00102020018 HTTP/1.1" 200 433
101.85.52.2 - - [26/Sep/2020:11:11:16 +0800] "POST /xingrg/dwr/call/plaincall/AjaxQqpsService.saveMaterielItem.dwr HTTP/1.1" 200 78
114.88.166.242 - - [26/Sep/2020:11:11:16 +0800] "GET /xingrg/check_reg.html?_=1601089876961 HTTP/1.1" 302 -
117.185.32.26 - - [26/Sep/2020:11:11:19 +0800] "GET /xingrg/all/function/internal_message.html?_=1601090318877&CODE_STATE=getMsg HTTP/1.1" 200 27
58.221.95.50 - - [26/Sep/2020:11:11:22 +0800] "GET /xingrg/kc/base/wldb_order_operate.html?command=get_materiel&rest_code=00152&base_code=0010647&code=00102020012 HTTP/1.1" 200 438
218.81.217.115 - - [26/Sep/2020:11:11:25 +0800] "GET /xingrg/all/function/internal_message.html?_=1601089906741&CODE_STATE=getMsg HTTP/1.1" 200 27
180.97.118.223 - - [26/Sep/2020:11:11:26 +0800] "GET /xingrg/kc/buy/cgsh_order_operate.html?command=get_materiel&rest_code=00141&code=00101008091&supplier_code=00100007&order_time=2020-09-26 HTTP/1.1" 302 -
58.221.95.50 - - [26/Sep/2020:11:11:27 +0800] "GET /xingrg/all/function/internal_message.html?_=1601090047737&CODE_STATE=getMsg HTTP/1.1" 200 27
222.69.132.220 - - [26/Sep/2020:11:11:27 +0800] "POST /xingrg/dwr/call/plaincall/AjaxQqpsService.getMaterielByCode.dwr HTTP/1.1" 200 2727
101.85.228.253 - - [26/Sep/2020:11:11:27 +0800] "GET /xingrg/kc/base/wldb_order_operate.html?command=get_materiel&rest_code=00102&base_code=0010476&code=00101019222 HTTP/1.1" 200 452
58.221.95.50 - - [26/Sep/2020:11:11:27 +0800] "GET /xingrg/kc/base/wldb_order_operate.html?command=get_materiel&rest_code=00152&base_code=0010647&code=00102002715 HTTP/1.1" 200 435
114.86.230.255 - - [26/Sep/2020:11:11:28 +0800] "GET /xingrg/all/function/internal_message.html?_=1601089995843&CODE_STATE=getMsg HTTP/1.1" 200 27
222.69.132.220 - - [26/Sep/2020:11:11:29 +0800] "POST /xingrg/dwr/call/plaincall/AjaxQqpsService.saveMaterielItem.dwr HTTP/1.1" 200 79
58.37.8.227 - - [26/Sep/2020:11:11:30 +0800] "GET /xingrg/kc/buy/cgsh_order_operate.html?command=get_materiel&rest_code=00141&code=00101008244&supplier_code=00100007&order_time=2020-09-26 HTTP/1.1" 200 408
116.238.71.173 - - [26/Sep/2020:11:11:31 +0800] "GET /xingrg/all/function/internal_message.html?_=1601089894608&CODE_STATE=getMsg HTTP/1.1" 200 27
180.157.253.48 - - [26/Sep/2020:11:11:31 +0800] "GET /xingrg/check_reg.html?_=1601089904686 HTTP/1.1" 200 22
180.97.118.223 - - [26/Sep/2020:11:11:31 +0800] "GET /xingrg/login.html HTTP/1.1" 200 7641
180.157.253.48 - - [26/Sep/2020:11:11:34 +0800] "GET /xingrg/all/function/internal_message.html?_=1601089907287&CODE_STATE=getMsg HTTP/1.1" 200 27
117.184.7.26 - - [26/Sep/2020:11:11:35 +0800] "GET /xingrg/all/function/internal_message.html?_=1601089891012&CODE_STATE=getMsg HTTP/1.1" 200 27
101.85.52.2 - - [26/Sep/2020:11:11:36 +0800] "GET /xingrg/check_reg.html?_=1601089896034 HTTP/1.1" 200 22
101.85.52.2 - - [26/Sep/2020:11:11:36 +0800] "GET /xingrg/all/function/internal_message.html?_=1601089896037&CODE_STATE=getMsg HTTP/1.1" 200 27
58.221.95.50 - - [26/Sep/2020:11:11:37 +0800] "GET /xingrg/kc/base/wldb_order_operate.html?command=get_materiel&rest_code=00152&base_code=0010647&code=00102003371 HTTP/1.1" 200 431
101.85.228.253 - - [26/Sep/2020:11:11:37 +0800] "GET /xingrg/kc/base/wldb_order_operate.html?command=get_materiel&rest_code=00102&base_code=0010476&code=00101019063 HTTP/1.1" 200 447
124.76.236.61 - - [26/Sep/2020:11:11:44 +0800] "GET /xingrg/all/function/internal_message.html?_=1601089905946&CODE_STATE=getMsg HTTP/1.1" 200 27
172.17.0.100 - - [26/Sep/2020:11:11:46 +0800] "GET /xingrg/all/function/internal_message.html?_=1601089908976&CODE_STATE=getMsg HTTP/1.1" 200 27
58.37.8.227 - - [26/Sep/2020:11:11:48 +0800] "GET /xingrg/all/function/internal_message.html?_=1601089915843&CODE_STATE=getMsg HTTP/1.1" 200 27
120.253.135.82 - - [26/Sep/2020:11:11:48 +0800] "GET /xingrg/all/function/internal_message.html?_=1601089962913&CODE_STATE=getMsg HTTP/1.1" 200 27
172.17.0.123 - - [26/Sep/2020:11:11:50 +0800] "GET /xingrg/all/function/internal_message.html?_=1601089905327&CODE_STATE=getMsg HTTP/1.1" 200 27
120.253.135.82 - - [26/Sep/2020:11:11:52 +0800] "GET /xingrg/all/function/internal_message.html?_=1601090027941&CODE_STATE=getMsg HTTP/1.1" 200 27
58.37.8.227 - - [26/Sep/2020:11:11:52 +0800] "GET /xingrg/kc/buy/cgsh_order_operate.html?command=get_materiel&rest_code=00141&code=00101008306&supplier_code=00100007&order_time=2020-09-26 HTTP/1.1" 200 412
58.221.95.50 - - [26/Sep/2020:11:11:54 +0800] "GET /xingrg/kc/base/wldb_order_operate.html?command=get_materiel&rest_code=00152&base_code=0010647&code=00102031063 HTTP/1.1" 200 430
218.81.217.115 - - [26/Sep/2020:11:11:56 +0800] "GET /xingrg/check_reg.html?_=1601089927289 HTTP/1.1" 200 22
218.81.217.115 - - [26/Sep/2020:11:11:57 +0800] "GET /xingrg/all/function/internal_message.html?_=1601089927974&CODE_STATE=getMsg HTTP/1.1" 200 27
101.85.228.253 - - [26/Sep/2020:11:11:57 +0800] "GET /xingrg/kc/base/wldb_order_operate.html?command=get_materiel&rest_code=00102&base_code=0010476&code=00101019131 HTTP/1.1" 200 454
58.37.8.227 - - [26/Sep/2020:11:11:59 +0800] "GET /xingrg/kc/buy/cgsh_order_operate.html?command=get_materiel&rest_code=00141&code=00101008304&supplier_code=00100007&order_time=2020-09-26 HTTP/1.1" 200 412
120.204.17.71 - - [26/Sep/2020:11:11:59 +0800] "GET /xingrg/all/function/internal_message.html?_=1601089215146&CODE_STATE=getMsg HTTP/1.1" 302 -
180.162.245.190 - - [26/Sep/2020:11:12:00 +0800] "GET /xingrg/all/function/internal_message.html?_=1601089927356&CODE_STATE=getMsg HTTP/1.1" 200 27
58.221.95.50 - - [26/Sep/2020:11:12:00 +0800] "GET /xingrg/kc/base/wldb_order_operate.html?command=get_materiel&rest_code=00152&base_code=0010647&code=00102031062 HTTP/1.1" 200 430
101.85.228.253 - - [26/Sep/2020:11:12:01 +0800] "GET /xingrg/kc/base/wldb_order_operate.html?command=get_materiel&rest_code=00102&base_code=0010476&code=00101019183 HTTP/1.1" 200 432
114.88.166.242 - - [26/Sep/2020:11:12:02 +0800] "GET /xingrg/all/function/internal_message.html?_=1601089999077&CODE_STATE=getMsg HTTP/1.1" 200 27
172.17.0.185 - - [26/Sep/2020:11:12:03 +0800] "GET /xingrg/all/function/internal_message.html?_=1601089925660&CODE_STATE=getMsg HTTP/1.1" 200 27
58.37.8.227 - - [26/Sep/2020:11:12:05 +0800] "GET /xingrg/kc/buy/cgsh_order_operate.html?command=get_materiel&rest_code=00141&code=00101008210&supplier_code=00100007&order_time=2020-09-26 HTTP/1.1" 200 408
222.69.132.220 - - [26/Sep/2020:11:12:05 +0800] "GET /xingrg/all/function/internal_message.html?_=1601089922196&CODE_STATE=getMsg HTTP/1.1" 200 27
101.85.228.253 - - [26/Sep/2020:11:12:07 +0800] "GET /xingrg/kc/base/wldb_order_operate.html?command=get_materiel&rest_code=00102&base_code=0010476&code=00101019018 HTTP/1.1" 200 451
222.69.132.220 - - [26/Sep/2020:11:12:07 +0800] "POST /xingrg/dwr/call/plaincall/AjaxQqpsService.getMaterielByCode.dwr HTTP/1.1" 200 2736
120.204.17.71 - - [26/Sep/2020:11:12:09 +0800] "GET /xingrg/login.html HTTP/1.1" 200 7641
58.221.95.50 - - [26/Sep/2020:11:12:10 +0800] "GET /xingrg/kc/base/wldb_order_operate.html?command=get_materiel&rest_code=00152&base_code=0010647&code=00102003455 HTTP/1.1" 200 421
222.69.132.220 - - [26/Sep/2020:11:12:11 +0800] "POST /xingrg/dwr/call/plaincall/AjaxQqpsService.saveMaterielItem.dwr HTTP/1.1" 200 79
58.37.8.227 - - [26/Sep/2020:11:12:12 +0800] "GET /xingrg/kc/buy/cgsh_order_operate.html?command=get_materiel&rest_code=00141&code=00101008351&supplier_code=00100007&order_time=2020-09-26 HTTP/1.1" 200 408
58.37.8.227 - - [26/Sep/2020:11:12:14 +0800] "GET /xingrg/all/function/internal_message.html?_=1601089554212&CODE_STATE=getMsg HTTP/1.1" 200 27
117.185.32.26 - - [26/Sep/2020:11:12:15 +0800] "GET /xingrg/all/function/internal_message.html?_=1601089935167&CODE_STATE=getMsg HTTP/1.1" 200 27
117.185.32.26 - - [26/Sep/2020:11:12:15 +0800] "GET /xingrg/check_reg.html?_=1601089935165 HTTP/1.1" 200 22
117.185.32.26 - - [26/Sep/2020:11:12:18 +0800] "GET /xingrg/kc/buy/cgsh_order_operate.html?command=get_materiel&rest_code=00106&code=00101003037&supplier_code=00100088&order_time=2020-09-26 HTTP/1.1" 200 413
222.69.132.220 - - [26/Sep/2020:11:12:18 +0800] "POST /xingrg/dwr/call/plaincall/AjaxQqpsService.getMaterielByCode.dwr HTTP/1.1" 200 2649
117.185.32.26 - - [26/Sep/2020:11:12:19 +0800] "GET /xingrg/all/function/internal_message.html?_=1601090378863&CODE_STATE=getMsg HTTP/1.1" 200 27
222.69.132.220 - - [26/Sep/2020:11:12:21 +0800] "POST /xingrg/dwr/call/plaincall/AjaxQqpsService.saveMaterielItem.dwr HTTP/1.1" 200 79
222.69.132.220 - - [26/Sep/2020:11:12:24 +0800] "POST /xingrg/dwr/call/plaincall/AjaxQqpsService.getMaterielByCode.dwr HTTP/1.1" 200 2641
101.91.62.89 - - [26/Sep/2020:11:12:25 +0800] "GET /xingrg/kc/buy/cgsh_order_operate.html?command=get_materiel&rest_code=00141&code=00101008010&supplier_code=00100007&order_time=2020-09-26 HTTP/1.1" 302 -
218.81.217.115 - - [26/Sep/2020:11:12:25 +0800] "GET /xingrg/all/function/internal_message.html?_=1601089966755&CODE_STATE=getMsg HTTP/1.1" 200 27
222.69.132.220 - - [26/Sep/2020:11:12:26 +0800] "POST /xingrg/dwr/call/plaincall/AjaxQqpsService.saveMaterielItem.dwr HTTP/1.1" 200 79
58.221.95.50 - - [26/Sep/2020:11:12:27 +0800] "GET /xingrg/all/function/internal_message.html?_=1601090107730&CODE_STATE=getMsg HTTP/1.1" 200 27
114.86.230.255 - - [26/Sep/2020:11:12:27 +0800] "GET /xingrg/check_reg.html?_=1601090055828 HTTP/1.1" 200 22
114.86.230.255 - - [26/Sep/2020:11:12:27 +0800] "GET /xingrg/all/function/internal_message.html?_=1601090055828&CODE_STATE=getMsg HTTP/1.1" 200 27
101.89.29.92 - - [26/Sep/2020:11:12:30 +0800] "GET /xingrg/kc/buy/cgsh_order_operate.html?command=get_materiel&rest_code=00141&code=00101008026&supplier_code=00100007&order_time=2020-09-26 HTTP/1.1" 302 -
101.91.62.89 - - [26/Sep/2020:11:12:30 +0800] "GET /xingrg/login.html HTTP/1.1" 200 7641
222.69.132.220 - - [26/Sep/2020:11:12:31 +0800] "POST /xingrg/dwr/call/plaincall/AjaxQqpsService.getMaterielByCode.dwr HTTP/1.1" 200 2691
116.238.71.173 - - [26/Sep/2020:11:12:31 +0800] "GET /xingrg/check_reg.html?_=1601089954650 HTTP/1.1" 200 22
116.238.71.173 - - [26/Sep/2020:11:12:31 +0800] "GET /xingrg/all/function/internal_message.html?_=1601089954654&CODE_STATE=getMsg HTTP/1.1" 200 27
180.157.253.48 - - [26/Sep/2020:11:12:34 +0800] "GET /xingrg/all/function/internal_message.html?_=1601089967301&CODE_STATE=getMsg HTTP/1.1" 200 27
117.184.7.26 - - [26/Sep/2020:11:12:35 +0800] "GET /xingrg/all/function/internal_message.html?_=1601089951027&CODE_STATE=getMsg HTTP/1.1" 200 27
117.184.7.26 - - [26/Sep/2020:11:12:35 +0800] "GET /xingrg/check_reg.html?_=1601089951031 HTTP/1.1" 200 22
101.85.52.2 - - [26/Sep/2020:11:12:36 +0800] "GET /xingrg/all/function/internal_message.html?_=1601089956044&CODE_STATE=getMsg HTTP/1.1" 200 27
101.89.29.92 - - [26/Sep/2020:11:12:36 +0800] "GET /xingrg/login.html HTTP/1.1" 200 7641
61.129.8.179 - - [26/Sep/2020:11:12:36 +0800] "GET /xingrg/kc/buy/cgsh_order_operate.html?command=get_materiel&rest_code=00141&code=00101008038&supplier_code=00100007&order_time=2020-09-26 HTTP/1.1" 302 -
222.69.132.220 - - [26/Sep/2020:11:12:39 +0800] "POST /xingrg/dwr/call/plaincall/AjaxQqpsService.saveMaterielItem.dwr HTTP/1.1" 200 79
61.129.8.179 - - [26/Sep/2020:11:12:44 +0800] "GET /xingrg/login.html HTTP/1.1" 200 7641
124.76.236.61 - - [26/Sep/2020:11:12:44 +0800] "GET /xingrg/check_reg.html?_=1601089965940 HTTP/1.1" 200 22
124.76.236.61 - - [26/Sep/2020:11:12:44 +0800] "GET /xingrg/all/function/internal_message.html?_=1601089965944&CODE_STATE=getMsg HTTP/1.1" 200 27
114.88.166.242 - - [26/Sep/2020:11:12:44 +0800] "GET /xingrg/check_reg.html?_=1601089963398 HTTP/1.1" 200 22
222.69.132.220 - - [26/Sep/2020:11:12:45 +0800] "POST /xingrg/dwr/call/plaincall/AjaxQqpsService.removeMaterielItem.dwr HTTP/1.1" 200 79
172.17.0.100 - - [26/Sep/2020:11:12:46 +0800] "GET /xingrg/all/function/internal_message.html?_=1601089968955&CODE_STATE=getMsg HTTP/1.1" 200 27
120.253.135.82 - - [26/Sep/2020:11:12:47 +0800] "GET /xingrg/check_reg.html?_=1601090022245 HTTP/1.1" 200 22
58.37.8.227 - - [26/Sep/2020:11:12:48 +0800] "GET /xingrg/all/function/internal_message.html?_=1601089975837&CODE_STATE=getMsg HTTP/1.1" 200 27
120.253.135.82 - - [26/Sep/2020:11:12:48 +0800] "GET /xingrg/all/function/internal_message.html?_=1601090022927&CODE_STATE=getMsg HTTP/1.1" 200 27
120.253.135.82 - - [26/Sep/2020:11:12:50 +0800] "GET /xingrg/check_reg.html?_=1601090085819 HTTP/1.1" 200 22
172.17.0.123 - - [26/Sep/2020:11:12:50 +0800] "GET /xingrg/all/function/internal_message.html?_=1601089965328&CODE_STATE=getMsg HTTP/1.1" 200 27
116.238.71.173 - - [26/Sep/2020:11:12:51 +0800] "GET /xingrg/kc/buy/cgsh_order_operate.html?command=get_materiel&rest_code=00151&code=00101008450&supplier_code=00100007&order_time=2020-09-26 HTTP/1.1" 200 391
101.85.228.253 - - [26/Sep/2020:11:12:51 +0800] "GET /xingrg/kc/base/wldb_order_operate.html?command=get_materiel&rest_code=00102&base_code=0010476&code=00101019010 HTTP/1.1" 200 466
120.253.135.82 - - [26/Sep/2020:11:12:52 +0800] "GET /xingrg/all/function/internal_message.html?_=1601090087954&CODE_STATE=getMsg HTTP/1.1" 200 27
222.69.132.220 - - [26/Sep/2020:11:12:52 +0800] "POST /xingrg/dwr/call/plaincall/AjaxQqpsService.saveMaterielItem.dwr HTTP/1.1" 200 79
101.85.228.253 - - [26/Sep/2020:11:12:56 +0800] "GET /xingrg/kc/base/wldb_order_operate.html?command=get_materiel&rest_code=00102&base_code=0010476&code=00101016065 HTTP/1.1" 200 467
218.81.217.115 - - [26/Sep/2020:11:12:57 +0800] "GET /xingrg/all/function/internal_message.html?_=1601089987988&CODE_STATE=getMsg HTTP/1.1" 200 27
180.162.245.190 - - [26/Sep/2020:11:13:00 +0800] "GET /xingrg/all/function/internal_message.html?_=1601089987356&CODE_STATE=getMsg HTTP/1.1" 200 27
222.69.132.220 - - [26/Sep/2020:11:13:01 +0800] "POST /xingrg/dwr/call/plaincall/AjaxQqpsService.getMaterielByCode.dwr HTTP/1.1" 200 2707
114.88.166.242 - - [26/Sep/2020:11:13:02 +0800] "GET /xingrg/all/function/internal_message.html?_=1601090059076&CODE_STATE=getMsg HTTP/1.1" 200 27
222.69.132.220 - - [26/Sep/2020:11:13:03 +0800] "POST /xingrg/dwr/call/plaincall/AjaxQqpsService.saveMaterielItem.dwr HTTP/1.1" 200 79
172.17.0.185 - - [26/Sep/2020:11:13:03 +0800] "GET /xingrg/all/function/internal_message.html?_=1601089985667&CODE_STATE=getMsg HTTP/1.1" 200 27
222.69.132.220 - - [26/Sep/2020:11:13:05 +0800] "GET /xingrg/all/function/internal_message.html?_=1601089982179&CODE_STATE=getMsg HTTP/1.1" 200 27
101.85.228.253 - - [26/Sep/2020:11:13:07 +0800] "GET /xingrg/check_reg.html?_=1601090203385 HTTP/1.1" 200 22
222.69.132.220 - - [26/Sep/2020:11:13:13 +0800] "POST /xingrg/dwr/call/plaincall/AjaxQqpsService.getMaterielByCode.dwr HTTP/1.1" 200 2635
101.85.228.253 - - [26/Sep/2020:11:13:14 +0800] "GET /xingrg/kc/base/wldb_order_operate.html?command=get_materiel&rest_code=00102&base_code=0010476&code=00101016020 HTTP/1.1" 200 446
58.37.8.227 - - [26/Sep/2020:11:13:14 +0800] "GET /xingrg/all/function/internal_message.html?_=1601089614191&CODE_STATE=getMsg HTTP/1.1" 200 27
58.37.8.227 - - [26/Sep/2020:11:13:14 +0800] "GET /xingrg/check_reg.html?_=1601089614580 HTTP/1.1" 200 22
117.185.32.26 - - [26/Sep/2020:11:13:15 +0800] "GET /xingrg/all/function/internal_message.html?_=1601089995161&CODE_STATE=getMsg HTTP/1.1" 200 27
61.129.6.151 - - [26/Sep/2020:11:13:18 +0800] "GET /xingrg/kc/buy/cgsh_order_operate.html?command=get_materiel&rest_code=00141&code=00101008149&supplier_code=00100007&order_time=2020-09-26 HTTP/1.1" 302 -
117.185.32.26 - - [26/Sep/2020:11:13:19 +0800] "GET /xingrg/all/function/internal_message.html?_=1601090438866&CODE_STATE=getMsg HTTP/1.1" 200 27
117.185.32.26 - - [26/Sep/2020:11:13:19 +0800] "GET /xingrg/check_reg.html?_=1601090438868 HTTP/1.1" 200 22
101.85.228.253 - - [26/Sep/2020:11:13:20 +0800] "GET /xingrg/kc/base/wldb_order_operate.html?command=get_materiel&rest_code=00102&base_code=0010476&code=00101019095 HTTP/1.1" 200 450
61.129.6.151 - - [26/Sep/2020:11:13:24 +0800] "GET /xingrg/login.html HTTP/1.1" 200 7641
218.81.217.115 - - [26/Sep/2020:11:13:25 +0800] "GET /xingrg/all/function/internal_message.html?_=1601090027049&CODE_STATE=getMsg HTTP/1.1" 200 27
114.86.230.255 - - [26/Sep/2020:11:13:26 +0800] "GET /xingrg/all/function/internal_message.html?_=1601090115826&CODE_STATE=getMsg HTTP/1.1" 200 27
101.85.228.253 - - [26/Sep/2020:11:13:26 +0800] "GET /xingrg/kc/base/wldb_order_operate.html?command=get_materiel&rest_code=00102&base_code=0010476&code=00101019192 HTTP/1.1" 200 477
58.221.95.50 - - [26/Sep/2020:11:13:27 +0800] "GET /xingrg/all/function/internal_message.html?_=1601090167694&CODE_STATE=getMsg HTTP/1.1" 200 27
116.238.71.173 - - [26/Sep/2020:11:13:31 +0800] "GET /xingrg/all/function/internal_message.html?_=1601090014672&CODE_STATE=getMsg HTTP/1.1" 200 27
101.85.228.253 - - [26/Sep/2020:11:13:33 +0800] "GET /xingrg/kc/base/wldb_order_operate.html?command=get_materiel&rest_code=00102&base_code=0010476&code=00101019404 HTTP/1.1" 200 476
61.129.6.145 - - [26/Sep/2020:11:13:34 +0800] "GET /xingrg/kc/buy/cgsh_order_operate.html?command=get_materiel&rest_code=00141&code=00101008112&supplier_code=00100007&order_time=2020-09-26 HTTP/1.1" 302 -
180.157.253.48 - - [26/Sep/2020:11:13:34 +0800] "GET /xingrg/all/function/internal_message.html?_=1601090027313&CODE_STATE=getMsg HTTP/1.1" 200 27
117.184.7.26 - - [26/Sep/2020:11:13:35 +0800] "GET /xingrg/all/function/internal_message.html?_=1601090011014&CODE_STATE=getMsg HTTP/1.1" 200 27
101.85.52.2 - - [26/Sep/2020:11:13:36 +0800] "GET /xingrg/all/function/internal_message.html?_=1601090016047&CODE_STATE=getMsg HTTP/1.1" 200 27
61.129.6.227 - - [26/Sep/2020:11:13:39 +0800] "GET /xingrg/kc/buy/cgsh_order_operate.html?command=get_materiel&rest_code=00141&code=00101009030&supplier_code=00100007&order_time=2020-09-26 HTTP/1.1" 302 -
61.129.6.145 - - [26/Sep/2020:11:13:43 +0800] "GET /xingrg/login.html HTTP/1.1" 200 7641
124.76.236.61 - - [26/Sep/2020:11:13:44 +0800] "GET /xingrg/all/function/internal_message.html?_=1601090025945&CODE_STATE=getMsg HTTP/1.1" 200 27
172.17.0.100 - - [26/Sep/2020:11:13:46 +0800] "GET /xingrg/all/function/internal_message.html?_=1601090028923&CODE_STATE=getMsg HTTP/1.1" 200 27
172.17.0.100 - - [26/Sep/2020:11:13:47 +0800] "GET /xingrg/check_reg.html?_=1601090030154 HTTP/1.1" 200 22
58.37.8.227 - - [26/Sep/2020:11:13:48 +0800] "GET /xingrg/all/function/internal_message.html?_=1601090035829&CODE_STATE=getMsg HTTP/1.1" 200 27
120.253.135.82 - - [26/Sep/2020:11:13:48 +0800] "GET /xingrg/all/function/internal_message.html?_=1601090082941&CODE_STATE=getMsg HTTP/1.1" 200 27
61.129.6.227 - - [26/Sep/2020:11:13:49 +0800] "GET /xingrg/login.html HTTP/1.1" 200 7641
172.17.0.123 - - [26/Sep/2020:11:13:50 +0800] "GET /xingrg/all/function/internal_message.html?_=1601090025315&CODE_STATE=getMsg HTTP/1.1" 200 27
120.253.135.82 - - [26/Sep/2020:11:13:52 +0800] "GET /xingrg/all/function/internal_message.html?_=1601090147968&CODE_STATE=getMsg HTTP/1.1" 200 27
116.238.71.173 - - [26/Sep/2020:11:13:52 +0800] "POST /xingrg/kc/buy/cgsh_order_operate.html HTTP/1.1" 200 37
101.89.29.78 - - [26/Sep/2020:11:13:54 +0800] "GET /xingrg/kc/buy/cgsh_order_operate.html?command=get_materiel&rest_code=00141&code=00101008024&supplier_code=00100007&order_time=2020-09-26 HTTP/1.1" 302 -
116.238.71.173 - - [26/Sep/2020:11:13:55 +0800] "POST /xingrg/kc/buy/cgsh_order_operate.html HTTP/1.1" 200 30698
218.81.217.115 - - [26/Sep/2020:11:13:57 +0800] "GET /xingrg/all/function/internal_message.html?_=1601090048001&CODE_STATE=getMsg HTTP/1.1" 200 27
180.162.245.190 - - [26/Sep/2020:11:14:00 +0800] "GET /xingrg/all/function/internal_message.html?_=1601090047354&CODE_STATE=getMsg HTTP/1.1" 200 27
114.88.166.242 - - [26/Sep/2020:11:14:02 +0800] "GET /xingrg/check_reg.html?_=1601090119078 HTTP/1.1" 200 22
114.88.166.242 - - [26/Sep/2020:11:14:02 +0800] "GET /xingrg/all/function/internal_message.html?_=1601090119080&CODE_STATE=getMsg HTTP/1.1" 200 27
172.17.0.185 - - [26/Sep/2020:11:14:03 +0800] "GET /xingrg/all/function/internal_message.html?_=1601090045668&CODE_STATE=getMsg HTTP/1.1" 200 27
101.89.29.78 - - [26/Sep/2020:11:14:04 +0800] "GET /xingrg/login.html HTTP/1.1" 200 7641
222.69.132.220 - - [26/Sep/2020:11:14:05 +0800] "GET /xingrg/all/function/internal_message.html?_=1601090042151&CODE_STATE=getMsg HTTP/1.1" 200 27
116.238.71.173 - - [26/Sep/2020:11:14:09 +0800] "POST /xingrg/kc/buy/cgsh_order_operate.html HTTP/1.1" 200 37
101.85.228.253 - - [26/Sep/2020:11:14:09 +0800] "GET /xingrg/kc/base/wldb_order_operate.html?command=get_materiel&rest_code=00102&base_code=0010476&code=00101019134 HTTP/1.1" 200 466
116.238.71.173 - - [26/Sep/2020:11:14:10 +0800] "POST /xingrg/kc/buy/cgsh_order_operate.html HTTP/1.1" 200 30698
101.91.60.108 - - [26/Sep/2020:11:14:14 +0800] "GET /xingrg/kc/buy/cgsh_order_operate.html?command=get_materiel&rest_code=00141&code=00101008360&supplier_code=00100007&order_time=2020-09-26 HTTP/1.1" 302 -
58.37.8.227 - - [26/Sep/2020:11:14:14 +0800] "GET /xingrg/all/function/internal_message.html?_=1601089674165&CODE_STATE=getMsg HTTP/1.1" 200 27
58.221.95.50 - - [26/Sep/2020:11:14:15 +0800] "GET /xingrg/check_reg.html?_=1601090215452 HTTP/1.1" 200 22
117.185.32.26 - - [26/Sep/2020:11:14:15 +0800] "GET /xingrg/all/function/internal_message.html?_=1601090055169&CODE_STATE=getMsg HTTP/1.1" 200 27
101.85.228.253 - - [26/Sep/2020:11:14:17 +0800] "POST /xingrg/kc/base/wldb_order_operate.html HTTP/1.1" 200 1710
101.91.60.108 - - [26/Sep/2020:11:14:18 +0800] "GET /xingrg/login.html HTTP/1.1" 200 7641
117.185.32.26 - - [26/Sep/2020:11:14:19 +0800] "GET /xingrg/all/function/internal_message.html?_=1601090498868&CODE_STATE=getMsg HTTP/1.1" 200 27
58.221.95.50 - - [26/Sep/2020:11:14:20 +0800] "GET /xingrg/check_reg.html?_=1601090220651 HTTP/1.1" 200 22
180.157.253.48 - - [26/Sep/2020:11:14:23 +0800] "GET /xingrg/login.html HTTP/1.1" 200 7641
180.157.253.48 - - [26/Sep/2020:11:14:24 +0800] "GET /xingrg/images/blue/jxLogo.png HTTP/1.1" 304 -
180.157.253.48 - - [26/Sep/2020:11:14:25 +0800] "GET /xingrg/images/blue/login_bg.png HTTP/1.1" 304 -
180.157.253.48 - - [26/Sep/2020:11:14:25 +0800] "GET /xingrg/images/blue/hj.png HTTP/1.1" 304 -
180.157.253.48 - - [26/Sep/2020:11:14:25 +0800] "GET /xingrg/images/blue/srbg.png HTTP/1.1" 304 -
218.81.217.115 - - [26/Sep/2020:11:14:25 +0800] "GET /xingrg/all/function/internal_message.html?_=1601090087063&CODE_STATE=getMsg HTTP/1.1" 200 27
117.185.32.26 - - [26/Sep/2020:11:14:25 +0800] "GET /xingrg/kc/buy/cgsh_order_operate.html?command=get_materiel&rest_code=00106&code=00101002009&supplier_code=00100088&order_time=2020-09-26 HTTP/1.1" 200 414
180.157.253.48 - - [26/Sep/2020:11:14:25 +0800] "GET /favicon.ico HTTP/1.1" 404 -
