120.253.135.82 - - [26/Sep/2020:11:00:48 +0800] "GET /xingrg/all/function/internal_message.html?_=1601089302714&CODE_STATE=getMsg HTTP/1.1" 200 27
58.37.8.227 - - [26/Sep/2020:11:00:48 +0800] "GET /xingrg/check_reg.html?_=1601089255823 HTTP/1.1" 200 22
58.37.8.227 - - [26/Sep/2020:11:00:48 +0800] "GET /xingrg/all/function/internal_message.html?_=1601089255824&CODE_STATE=getMsg HTTP/1.1" 200 27
222.69.132.220 - - [26/Sep/2020:11:00:48 +0800] "POST /xingrg/kc/base/wldb_list_operate.html HTTP/1.1" 200 388
172.17.0.123 - - [26/Sep/2020:11:00:50 +0800] "GET /xingrg/check_reg.html?_=1601089245327 HTTP/1.1" 200 22
172.17.0.123 - - [26/Sep/2020:11:00:50 +0800] "GET /xingrg/all/function/internal_message.html?_=1601089245329&CODE_STATE=getMsg HTTP/1.1" 200 27
222.69.132.220 - - [26/Sep/2020:11:00:50 +0800] "GET /xingrg/kc/base/wldb_order_info.html?code=422020092603052 HTTP/1.1" 200 30510
58.37.8.227 - - [26/Sep/2020:11:00:50 +0800] "GET /xingrg/kc/buy/cgsh_order_operate.html?command=get_materiel&rest_code=00141&code=00101008038&supplier_code=00100007&order_time=2020-09-26 HTTP/1.1" 200 412
222.69.132.220 - - [26/Sep/2020:11:00:51 +0800] "GET /xingrg/javascript/easyui/themes/default/validatebox.css HTTP/1.1" 404 1104
222.69.132.220 - - [26/Sep/2020:11:00:51 +0800] "POST /xingrg/kc/base/wldb_order_operate.html HTTP/1.1" 200 3220
61.129.7.236 - - [26/Sep/2020:11:00:51 +0800] "GET /xingrg/login.html HTTP/1.1" 200 7641
120.253.135.82 - - [26/Sep/2020:11:00:52 +0800] "GET /xingrg/all/function/internal_message.html?_=1601089367787&CODE_STATE=getMsg HTTP/1.1" 200 27
114.86.230.255 - - [26/Sep/2020:11:00:52 +0800] "GET /xingrg/kc/buy/cgsh_order_operate.html?command=get_materiel&rest_code=00109&code=00101007081&supplier_code=00100004&order_time=2020-09-26 HTTP/1.1" 200 413
58.37.8.227 - - [26/Sep/2020:11:00:56 +0800] "GET /xingrg/kc/buy/cgsh_order_operate.html?command=get_materiel&rest_code=00141&code=00101008199&supplier_code=00100007&order_time=2020-09-26 HTTP/1.1" 200 408
218.81.217.115 - - [26/Sep/2020:11:00:57 +0800] "GET /xingrg/all/function/internal_message.html?_=1601089267825&CODE_STATE=getMsg HTTP/1.1" 200 27
114.86.230.255 - - [26/Sep/2020:11:00:57 +0800] "GET /xingrg/kc/buy/cgsh_order_operate.html?command=get_materiel&rest_code=00109&code=00101007081&supplier_code=00100004&order_time=2020-09-26 HTTP/1.1" 200 413
180.162.245.190 - - [26/Sep/2020:11:01:00 +0800] "GET /xingrg/all/function/internal_message.html?_=1601089267352&CODE_STATE=getMsg HTTP/1.1" 200 27
172.17.0.185 - - [26/Sep/2020:11:01:01 +0800] "GET /xingrg/all/report/report_query.html?fileName=dma/new_5.0/yingye/yy_hz.xml&rw=1600 HTTP/1.1" 302 -
172.17.0.185 - - [26/Sep/2020:11:01:01 +0800] "GET /xingrg/login.html HTTP/1.1" 200 7636
172.17.0.185 - - [26/Sep/2020:11:01:01 +0800] "GET /xingrg/login.html HTTP/1.1" 200 7636
172.17.0.185 - - [26/Sep/2020:11:01:01 +0800] "GET /favicon.ico HTTP/1.1" 404 -
58.37.8.227 - - [26/Sep/2020:11:01:02 +0800] "GET /xingrg/kc/buy/cgsh_order_operate.html?command=get_materiel&rest_code=00141&code=00101008163&supplier_code=00100007&order_time=2020-09-26 HTTP/1.1" 200 409
116.238.71.173 - - [26/Sep/2020:11:01:03 +0800] "GET /xingrg/check_reg.html?_=1601089377971 HTTP/1.1" 200 22
172.17.0.185 - - [26/Sep/2020:11:01:03 +0800] "POST /xingrg/login.do HTTP/1.1" 302 -
172.17.0.185 - - [26/Sep/2020:11:01:03 +0800] "GET /xingrg/index.html?sysBaseUrl=http%3A%2F%2F172.17.0.8%3A18081%2Fxingrg%2F&costTime=49×tamp=1601089263167 HTTP/1.1" 200 17448
172.17.0.185 - - [26/Sep/2020:11:01:03 +0800] "GET /favicon.ico HTTP/1.1" 404 -
172.17.0.185 - - [26/Sep/2020:11:01:03 +0800] "POST /xingrg/all/common/load_tree.html?tree=area_rest_tree_json&manage=1 HTTP/1.1" 200 3216
172.17.0.185 - - [26/Sep/2020:11:01:03 +0800] "GET /xingrg/check_reg.html?_=1601089265651 HTTP/1.1" 200 22
172.17.0.185 - - [26/Sep/2020:11:01:03 +0800] "GET /xingrg/all/function/internal_message.html?_=1601089265651&CODE_STATE=count HTTP/1.1" 200 11
172.17.0.185 - - [26/Sep/2020:11:01:03 +0800] "POST /xingrg/load_menu.html HTTP/1.1" 200 11529
114.86.230.255 - - [26/Sep/2020:11:01:04 +0800] "POST /xingrg/kc/buy/cgsh_order_operate.html HTTP/1.1" 200 37
172.17.0.185 - - [26/Sep/2020:11:01:05 +0800] "POST /xingrg/load_menu.html HTTP/1.1" 200 10208
114.86.230.255 - - [26/Sep/2020:11:01:05 +0800] "POST /xingrg/kc/buy/cgsh_order_operate.html HTTP/1.1" 200 3834
222.69.132.220 - - [26/Sep/2020:11:01:06 +0800] "GET /xingrg/all/function/internal_message.html?_=1601089262433&CODE_STATE=getMsg HTTP/1.1" 200 27
114.86.230.255 - - [26/Sep/2020:11:01:06 +0800] "GET /xingrg/kc/print/load_config.html?kc_code=cgsh HTTP/1.1" 200 1845
114.86.230.255 - - [26/Sep/2020:11:01:06 +0800] "GET /xingrg/kc/print/load_data.html?order_code=212020092611389&kc_code=cgsh&condition= HTTP/1.1" 200 1155
172.17.0.185 - - [26/Sep/2020:11:01:09 +0800] "GET /xingrg/all/report/report_query.html?fileName=dma/new_5.0/yingye/syy_order_list.xml HTTP/1.1" 200 51757
172.17.0.185 - - [26/Sep/2020:11:01:09 +0800] "GET /xingrg/dwr/interface/AjaxReportQueryService.js HTTP/1.1" 200 13203
172.17.0.185 - - [26/Sep/2020:11:01:09 +0800] "GET /xingrg/dwr/engine.js HTTP/1.1" 200 43631
172.17.0.185 - - [26/Sep/2020:11:01:09 +0800] "POST /xingrg/dwr/call/plaincall/AjaxReportQueryService.getFixDate.dwr HTTP/1.1" 200 111
172.17.0.185 - - [26/Sep/2020:11:01:09 +0800] "POST /xingrg/all/common/load_tree.html?tree=area_station_tree_json&manage=1 HTTP/1.1" 200 3116
172.17.0.100 - - [26/Sep/2020:11:01:11 +0800] "GET /xingrg/kc/buy/cgsh_order_add.html HTTP/1.1" 200 59818
172.17.0.100 - - [26/Sep/2020:11:01:12 +0800] "POST /xingrg/kc/buy/cgsh_order_operate.html HTTP/1.1" 200 8245
172.17.0.100 - - [26/Sep/2020:11:01:12 +0800] "GET /xingrg/javascript/easyui/themes/default/validatebox.css HTTP/1.1" 404 1104
61.151.178.166 - - [26/Sep/2020:11:01:14 +0800] "GET /xingrg/all/function/internal_message.html?_=1601088475780&CODE_STATE=getMsg HTTP/1.1" 302 -
58.37.8.227 - - [26/Sep/2020:11:01:14 +0800] "GET /xingrg/all/function/internal_message.html?_=1601088894463&CODE_STATE=getMsg HTTP/1.1" 200 27
117.185.32.26 - - [26/Sep/2020:11:01:15 +0800] "GET /xingrg/all/function/internal_message.html?_=1601089275144&CODE_STATE=getMsg HTTP/1.1" 200 27
114.88.166.242 - - [26/Sep/2020:11:01:16 +0800] "GET /xingrg/check_reg.html?_=1601089276904 HTTP/1.1" 302 -
172.17.0.185 - - [26/Sep/2020:11:01:17 +0800] "POST /xingrg/dwr/call/plaincall/AjaxReportQueryService.refreshCache.dwr HTTP/1.1" 200 78
172.17.0.100 - - [26/Sep/2020:11:01:17 +0800] "GET /xingrg/javascript/jquery_tools/images/next.gif HTTP/1.1" 404 1086
172.17.0.100 - - [26/Sep/2020:11:01:17 +0800] "GET /xingrg/javascript/jquery_tools/images/prev.gif HTTP/1.1" 404 1086
172.17.0.185 - - [26/Sep/2020:11:01:18 +0800] "POST /xingrg/all/report/load_report_page.html HTTP/1.1" 200 50128
172.17.0.185 - - [26/Sep/2020:11:01:18 +0800] "GET /xingrg/servlets/image?cache=0.3311745293022763&image=px HTTP/1.1" 200 807
117.185.32.26 - - [26/Sep/2020:11:01:19 +0800] "GET /xingrg/all/function/internal_message.html?_=1601089718821&CODE_STATE=getMsg HTTP/1.1" 200 27
61.151.178.166 - - [26/Sep/2020:11:01:23 +0800] "GET /xingrg/login.html HTTP/1.1" 200 7641
218.81.217.115 - - [26/Sep/2020:11:01:24 +0800] "GET /xingrg/all/function/internal_message.html?_=1601089306044&CODE_STATE=getMsg HTTP/1.1" 200 27
58.221.95.50 - - [26/Sep/2020:11:01:27 +0800] "GET /xingrg/all/function/internal_message.html?_=1601089447940&CODE_STATE=getMsg HTTP/1.1" 200 27
172.17.0.185 - - [26/Sep/2020:11:01:28 +0800] "GET /xingrg/all/report/report_query.html?fileName=dma/new_5.0/yingye/order_list.xml HTTP/1.1" 200 55206
172.17.0.185 - - [26/Sep/2020:11:01:28 +0800] "GET /xingrg/dwr/interface/AjaxReportQueryService.js HTTP/1.1" 200 13203
172.17.0.185 - - [26/Sep/2020:11:01:28 +0800] "GET /xingrg/dwr/engine.js HTTP/1.1" 200 43631
172.17.0.185 - - [26/Sep/2020:11:01:28 +0800] "POST /xingrg/dwr/call/plaincall/AjaxReportQueryService.getFixDate.dwr HTTP/1.1" 200 111
172.17.0.185 - - [26/Sep/2020:11:01:28 +0800] "POST /xingrg/all/common/load_tree.html?tree=area_station_tree_json&manage=1 HTTP/1.1" 200 3116
172.17.0.185 - - [26/Sep/2020:11:01:28 +0800] "POST /xingrg/dwr/call/plaincall/AjaxReportQueryService.getInitString.dwr HTTP/1.1" 200 76
172.17.0.100 - - [26/Sep/2020:11:01:30 +0800] "GET /xingrg/kc/buy/cgsh_order_operate.html?command=get_materiel&rest_code=00147&code=00101029011&supplier_code=00100017&order_time=2020-09-26 HTTP/1.1" 200 459
116.238.71.173 - - [26/Sep/2020:11:01:30 +0800] "GET /xingrg/all/function/internal_message.html?_=1601089294123&CODE_STATE=getMsg HTTP/1.1" 200 27
172.17.0.100 - - [26/Sep/2020:11:01:31 +0800] "POST /xingrg/all/common/load_select.html HTTP/1.1" 200 25
180.157.253.48 - - [26/Sep/2020:11:01:31 +0800] "GET /xingrg/check_reg.html?_=1601089304099 HTTP/1.1" 200 22
222.69.132.220 - - [26/Sep/2020:11:01:31 +0800] "POST /xingrg/kc/base/wldb_order_operate.html HTTP/1.1" 200 37
222.69.132.220 - - [26/Sep/2020:11:01:31 +0800] "POST /xingrg/kc/base/wldb_order_operate.html HTTP/1.1" 200 3729
222.69.132.220 - - [26/Sep/2020:11:01:32 +0800] "GET /xingrg/kc/base/wldb_order_info.html?code=422020092603052 HTTP/1.1" 200 30511
222.69.132.220 - - [26/Sep/2020:11:01:32 +0800] "GET /xingrg/javascript/easyui/themes/default/validatebox.css HTTP/1.1" 404 1104
172.17.0.185 - - [26/Sep/2020:11:01:32 +0800] "POST /xingrg/dwr/call/plaincall/AjaxReportQueryService.queryInitializeString.dwr HTTP/1.1" 200 379
222.69.132.220 - - [26/Sep/2020:11:01:32 +0800] "POST /xingrg/kc/base/wldb_order_operate.html HTTP/1.1" 200 3729
180.157.253.48 - - [26/Sep/2020:11:01:33 +0800] "GET /xingrg/all/function/internal_message.html?_=1601089306574&CODE_STATE=getMsg HTTP/1.1" 200 27
172.17.0.185 - - [26/Sep/2020:11:01:34 +0800] "POST /xingrg/dwr/call/plaincall/AjaxReportQueryService.refreshCache.dwr HTTP/1.1" 200 78
172.17.0.100 - - [26/Sep/2020:11:01:34 +0800] "GET /xingrg/kc/buy/cgsh_order_operate.html?command=get_materiel_price&rest_code=00147&code=00101029011&unit_code=00100157&supplier_code=00100017&order_time=2020-09-26 HTTP/1.1" 200 29
172.17.0.185 - - [26/Sep/2020:11:01:35 +0800] "POST /xingrg/all/report/load_report_page.html HTTP/1.1" 200 201953
117.184.7.26 - - [26/Sep/2020:11:01:35 +0800] "GET /xingrg/all/function/internal_message.html?_=1601089290996&CODE_STATE=getMsg HTTP/1.1" 200 27
172.17.0.185 - - [26/Sep/2020:11:01:35 +0800] "GET /xingrg/servlets/image?cache=0.2349876750489146&image=px HTTP/1.1" 200 807
172.17.0.185 - - [26/Sep/2020:11:01:37 +0800] "POST /xingrg/all/report/load_report_page.html HTTP/1.1" 200 206328
172.17.0.185 - - [26/Sep/2020:11:01:38 +0800] "GET /xingrg/servlets/image?cache=0.15643475053001976&image=px HTTP/1.1" 200 807
114.86.230.255 - - [26/Sep/2020:11:01:38 +0800] "GET /xingrg/all/function/internal_message.html?_=1601089394421&CODE_STATE=getMsg HTTP/1.1" 200 27
172.17.0.185 - - [26/Sep/2020:11:01:40 +0800] "POST /xingrg/all/report/load_report_page.html HTTP/1.1" 200 206153
172.17.0.185 - - [26/Sep/2020:11:01:40 +0800] "GET /xingrg/servlets/image?cache=0.6270359250732181&image=px HTTP/1.1" 200 807
172.17.0.100 - - [26/Sep/2020:11:01:43 +0800] "GET /xingrg/kc/buy/cgsh_order_operate.html?command=get_materiel&rest_code=00147&code=00101029033&supplier_code=00100017&order_time=2020-09-26 HTTP/1.1" 200 454
222.69.132.220 - - [26/Sep/2020:11:01:43 +0800] "POST /xingrg/kc/base/wldb_list_operate.html HTTP/1.1" 200 4993
172.17.0.100 - - [26/Sep/2020:11:01:44 +0800] "POST /xingrg/all/common/load_select.html HTTP/1.1" 200 25
114.86.230.255 - - [26/Sep/2020:11:01:45 +0800] "GET /xingrg/kc/buy/cgsh_order_add.html HTTP/1.1" 200 59926
172.17.0.185 - - [26/Sep/2020:11:01:45 +0800] "POST /xingrg/all/report/load_report_page.html HTTP/1.1" 200 209093
114.86.230.255 - - [26/Sep/2020:11:01:45 +0800] "POST /xingrg/kc/buy/cgsh_order_operate.html HTTP/1.1" 200 8245
114.86.230.255 - - [26/Sep/2020:11:01:45 +0800] "GET /xingrg/all/common/auto_word.html?type=employee&rest_code=00109 HTTP/1.1" 200 255
114.86.230.255 - - [26/Sep/2020:11:01:45 +0800] "GET /xingrg/all/common/auto_word.html?type=employee&rest_code=00109 HTTP/1.1" 200 255
114.86.230.255 - - [26/Sep/2020:11:01:45 +0800] "GET /xingrg/javascript/easyui/themes/default/validatebox.css HTTP/1.1" 404 1104
172.17.0.185 - - [26/Sep/2020:11:01:45 +0800] "GET /xingrg/servlets/image?cache=0.618849740929573&image=px HTTP/1.1" 200 807
172.17.0.100 - - [26/Sep/2020:11:01:46 +0800] "GET /xingrg/all/function/internal_message.html?_=1601089309170&CODE_STATE=getMsg HTTP/1.1" 200 27
172.17.0.100 - - [26/Sep/2020:11:01:47 +0800] "GET /xingrg/kc/buy/cgsh_order_operate.html?command=get_materiel_price&rest_code=00147&code=00101029033&unit_code=00100179&supplier_code=00100017&order_time=2020-09-26 HTTP/1.1" 200 30
120.253.135.82 - - [26/Sep/2020:11:01:48 +0800] "GET /xingrg/all/function/internal_message.html?_=1601089362731&CODE_STATE=getMsg HTTP/1.1" 200 27
58.37.8.227 - - [26/Sep/2020:11:01:48 +0800] "GET /xingrg/all/function/internal_message.html?_=1601089315806&CODE_STATE=getMsg HTTP/1.1" 200 27
114.86.230.255 - - [26/Sep/2020:11:01:48 +0800] "GET /xingrg/javascript/jquery_tools/images/prev.gif HTTP/1.1" 404 1086
114.86.230.255 - - [26/Sep/2020:11:01:48 +0800] "GET /xingrg/javascript/jquery_tools/images/next.gif HTTP/1.1" 404 1086
58.37.8.227 - - [26/Sep/2020:11:01:48 +0800] "GET /xingrg/kc/buy/cgsh_order_operate.html?command=get_materiel&rest_code=00141&code=00101008355&supplier_code=00100007&order_time=2020-09-26 HTTP/1.1" 200 408
172.17.0.123 - - [26/Sep/2020:11:01:50 +0800] "GET /xingrg/all/function/internal_message.html?_=1601089305313&CODE_STATE=getMsg HTTP/1.1" 200 27
120.253.135.82 - - [26/Sep/2020:11:01:52 +0800] "GET /xingrg/all/function/internal_message.html?_=1601089427790&CODE_STATE=getMsg HTTP/1.1" 200 27
114.86.230.255 - - [26/Sep/2020:11:01:52 +0800] "GET /xingrg/kc/buy/cgsh_order_operate.html?command=get_materiel&rest_code=00109&code=00101016025&supplier_code=00100035&order_time=2020-09-26 HTTP/1.1" 200 408
218.81.217.115 - - [26/Sep/2020:11:01:56 +0800] "GET /xingrg/check_reg.html?_=1601089327279 HTTP/1.1" 200 22
58.37.8.227 - - [26/Sep/2020:11:01:56 +0800] "GET /xingrg/kc/buy/cgsh_order_operate.html?command=get_materiel&rest_code=00141&code=00101009030&supplier_code=00100007&order_time=2020-09-26 HTTP/1.1" 200 412
218.81.217.115 - - [26/Sep/2020:11:01:57 +0800] "GET /xingrg/all/function/internal_message.html?_=1601089327838&CODE_STATE=getMsg HTTP/1.1" 200 27
172.17.0.100 - - [26/Sep/2020:11:01:57 +0800] "GET /xingrg/kc/buy/cgsh_order_operate.html?command=get_materiel&rest_code=00147&code=00101029017&supplier_code=00100017&order_time=2020-09-26 HTTP/1.1" 200 447
114.86.230.255 - - [26/Sep/2020:11:01:58 +0800] "GET /xingrg/kc/buy/cgsh_order_operate.html?command=get_materiel&rest_code=00109&code=00101012026&supplier_code=00100035&order_time=2020-09-26 HTTP/1.1" 200 408
58.221.95.50 - - [26/Sep/2020:11:01:58 +0800] "POST /xingrg/kc/base/wldb_order_operate.html HTTP/1.1" 200 37
58.221.95.50 - - [26/Sep/2020:11:01:59 +0800] "POST /xingrg/kc/base/wldb_order_operate.html HTTP/1.1" 200 8556
172.17.0.100 - - [26/Sep/2020:11:01:59 +0800] "POST /xingrg/all/common/load_select.html HTTP/1.1" 200 25
180.162.245.190 - - [26/Sep/2020:11:02:00 +0800] "GET /xingrg/all/function/internal_message.html?_=1601089327350&CODE_STATE=getMsg HTTP/1.1" 200 27
58.221.95.50 - - [26/Sep/2020:11:02:00 +0800] "GET /xingrg/kc/base/wldb_order_info.html?code=422020092603058 HTTP/1.1" 200 30513
58.221.95.50 - - [26/Sep/2020:11:02:01 +0800] "GET /xingrg/javascript/easyui/themes/default/validatebox.css HTTP/1.1" 404 1104
58.221.95.50 - - [26/Sep/2020:11:02:01 +0800] "POST /xingrg/kc/base/wldb_order_operate.html HTTP/1.1" 200 8556
172.17.0.100 - - [26/Sep/2020:11:02:02 +0800] "GET /xingrg/kc/buy/cgsh_order_operate.html?command=get_materiel_price&rest_code=00147&code=00101029017&unit_code=00100179&supplier_code=00100017&order_time=2020-09-26 HTTP/1.1" 200 29
58.37.8.227 - - [26/Sep/2020:11:02:02 +0800] "GET /xingrg/kc/buy/cgsh_order_operate.html?command=get_materiel&rest_code=00141&code=00101008024&supplier_code=00100007&order_time=2020-09-26 HTTP/1.1" 200 408
172.17.0.185 - - [26/Sep/2020:11:02:03 +0800] "GET /xingrg/all/function/internal_message.html?_=1601089325666&CODE_STATE=getMsg HTTP/1.1" 200 27
114.86.230.255 - - [26/Sep/2020:11:02:03 +0800] "GET /xingrg/kc/buy/cgsh_order_operate.html?command=get_materiel&rest_code=00109&code=00101016071&supplier_code=00100035&order_time=2020-09-26 HTTP/1.1" 200 416
222.69.132.220 - - [26/Sep/2020:11:02:06 +0800] "GET /xingrg/all/function/internal_message.html?_=1601089322415&CODE_STATE=getMsg HTTP/1.1" 200 27
116.238.71.173 - - [26/Sep/2020:11:02:06 +0800] "POST /xingrg/kc/buy/cgsh_order_operate.html HTTP/1.1" 200 37
58.37.8.227 - - [26/Sep/2020:11:02:08 +0800] "GET /xingrg/kc/buy/cgsh_order_operate.html?command=get_materiel&rest_code=00141&code=00101008356&supplier_code=00100007&order_time=2020-09-26 HTTP/1.1" 200 409
114.86.230.255 - - [26/Sep/2020:11:02:09 +0800] "GET /xingrg/kc/buy/cgsh_order_operate.html?command=get_materiel&rest_code=00109&code=00101012051&supplier_code=00100035&order_time=2020-09-26 HTTP/1.1" 200 408
116.238.71.173 - - [26/Sep/2020:11:02:10 +0800] "POST /xingrg/kc/buy/cgsh_order_operate.html HTTP/1.1" 200 12
116.238.71.173 - - [26/Sep/2020:11:02:10 +0800] "GET /xingrg/kc/buy/cgsh_order_info.html?code=212020092611386 HTTP/1.1" 200 54420
116.238.71.173 - - [26/Sep/2020:11:02:11 +0800] "GET /xingrg/words/20200926092433_words.js HTTP/1.1" 304 -
116.238.71.173 - - [26/Sep/2020:11:02:11 +0800] "GET /xingrg/javascript/easyui/themes/default/validatebox.css HTTP/1.1" 404 1104
116.238.71.173 - - [26/Sep/2020:11:02:11 +0800] "POST /xingrg/kc/buy/cgsh_order_operate.html HTTP/1.1" 200 7193
116.238.71.173 - - [26/Sep/2020:11:02:12 +0800] "GET /xingrg/kc/print/load_data.html?order_code=212020092611386&kc_code=cgsh&condition= HTTP/1.1" 200 3226
172.17.0.100 - - [26/Sep/2020:11:02:13 +0800] "GET /xingrg/kc/buy/cgsh_order_operate.html?command=get_materiel&rest_code=00147&code=00101028008&supplier_code=00100017&order_time=2020-09-26 HTTP/1.1" 200 449
58.37.8.227 - - [26/Sep/2020:11:02:14 +0800] "GET /xingrg/all/function/internal_message.html?_=1601088954443&CODE_STATE=getMsg HTTP/1.1" 200 27
114.86.230.255 - - [26/Sep/2020:11:02:15 +0800] "GET /xingrg/kc/buy/cgsh_order_operate.html?command=get_materiel&rest_code=00109&code=00101016105&supplier_code=00100035&order_time=2020-09-26 HTTP/1.1" 200 409
172.17.0.100 - - [26/Sep/2020:11:02:15 +0800] "POST /xingrg/all/common/load_select.html HTTP/1.1" 200 25
117.185.32.26 - - [26/Sep/2020:11:02:15 +0800] "GET /xingrg/check_reg.html?_=1601089335148 HTTP/1.1" 200 22
117.185.32.26 - - [26/Sep/2020:11:02:15 +0800] "GET /xingrg/all/function/internal_message.html?_=1601089335143&CODE_STATE=getMsg HTTP/1.1" 200 27
58.37.8.227 - - [26/Sep/2020:11:02:17 +0800] "GET /xingrg/kc/buy/cgsh_order_operate.html?command=get_materiel&rest_code=00141&code=00101008137&supplier_code=00100007&order_time=2020-09-26 HTTP/1.1" 200 408
172.17.0.100 - - [26/Sep/2020:11:02:18 +0800] "GET /xingrg/kc/buy/cgsh_order_operate.html?command=get_materiel_price&rest_code=00147&code=00101028008&unit_code=00100157&supplier_code=00100017&order_time=2020-09-26 HTTP/1.1" 200 30
116.238.71.173 - - [26/Sep/2020:11:02:18 +0800] "GET /xingrg/kc/buy/cgsh_order_add.html HTTP/1.1" 200 59527
116.238.71.173 - - [26/Sep/2020:11:02:18 +0800] "POST /xingrg/kc/buy/cgsh_order_operate.html HTTP/1.1" 200 8245
116.238.71.173 - - [26/Sep/2020:11:02:18 +0800] "GET /xingrg/javascript/easyui/themes/default/validatebox.css HTTP/1.1" 404 1104
117.185.32.26 - - [26/Sep/2020:11:02:19 +0800] "GET /xingrg/all/function/internal_message.html?_=1601089778820&CODE_STATE=getMsg HTTP/1.1" 200 27
58.37.8.227 - - [26/Sep/2020:11:02:22 +0800] "GET /xingrg/kc/buy/cgsh_order_operate.html?command=get_materiel&rest_code=00141&code=00101008360&supplier_code=00100007&order_time=2020-09-26 HTTP/1.1" 200 413
218.81.217.115 - - [26/Sep/2020:11:02:24 +0800] "GET /xingrg/all/function/internal_message.html?_=1601089366058&CODE_STATE=getMsg HTTP/1.1" 200 27
58.37.8.227 - - [26/Sep/2020:11:02:25 +0800] "POST /xingrg/kc/buy/cgsh_order_operate.html HTTP/1.1" 200 2065
114.86.230.255 - - [26/Sep/2020:11:02:26 +0800] "GET /xingrg/kc/buy/cgsh_order_operate.html?command=get_materiel&rest_code=00109&code=00101016010&supplier_code=00100035&order_time=2020-09-26 HTTP/1.1" 200 408
58.221.95.50 - - [26/Sep/2020:11:02:27 +0800] "GET /xingrg/all/function/internal_message.html?_=1601089507926&CODE_STATE=getMsg HTTP/1.1" 200 27
58.37.8.227 - - [26/Sep/2020:11:02:29 +0800] "GET /xingrg/kc/buy/cgsh_order_operate.html?command=get_materiel&rest_code=00141&code=00101008357&supplier_code=00100007&order_time=2020-09-26 HTTP/1.1" 200 408
116.238.71.173 - - [26/Sep/2020:11:02:31 +0800] "GET /xingrg/check_reg.html?_=1601089354161 HTTP/1.1" 200 22
116.238.71.173 - - [26/Sep/2020:11:02:31 +0800] "GET /xingrg/all/function/internal_message.html?_=1601089354164&CODE_STATE=getMsg HTTP/1.1" 200 27
114.86.230.255 - - [26/Sep/2020:11:02:31 +0800] "GET /xingrg/kc/buy/cgsh_order_operate.html?command=get_materiel&rest_code=00109&code=00101012029&supplier_code=00100035&order_time=2020-09-26 HTTP/1.1" 200 412
180.157.253.48 - - [26/Sep/2020:11:02:33 +0800] "GET /xingrg/all/function/internal_message.html?_=1601089366588&CODE_STATE=getMsg HTTP/1.1" 200 27
114.86.230.255 - - [26/Sep/2020:11:02:35 +0800] "GET /xingrg/check_reg.html?_=1601089454421 HTTP/1.1" 200 22
114.86.230.255 - - [26/Sep/2020:11:02:35 +0800] "GET /xingrg/all/function/internal_message.html?_=1601089454421&CODE_STATE=getMsg HTTP/1.1" 200 27
117.184.7.26 - - [26/Sep/2020:11:02:35 +0800] "GET /xingrg/all/function/internal_message.html?_=1601089351000&CODE_STATE=getMsg HTTP/1.1" 200 27
117.184.7.30 - - [26/Sep/2020:11:02:35 +0800] "GET /xingrg/check_reg.html?_=1601089351004 HTTP/1.1" 200 22
172.17.0.100 - - [26/Sep/2020:11:02:39 +0800] "GET /xingrg/kc/buy/cgsh_order_operate.html?command=get_materiel&rest_code=00147&code=00101027034&supplier_code=00100017&order_time=2020-09-26 HTTP/1.1" 200 449
172.17.0.100 - - [26/Sep/2020:11:02:42 +0800] "POST /xingrg/all/common/load_select.html HTTP/1.1" 200 25
172.17.0.100 - - [26/Sep/2020:11:02:44 +0800] "GET /xingrg/kc/buy/cgsh_order_operate.html?command=get_materiel_price&rest_code=00147&code=00101027034&unit_code=00100189&supplier_code=00100017&order_time=2020-09-26 HTTP/1.1" 200 29
114.88.166.242 - - [26/Sep/2020:11:02:44 +0800] "GET /xingrg/check_reg.html?_=1601089363412 HTTP/1.1" 200 22
61.151.178.165 - - [26/Sep/2020:11:02:45 +0800] "GET /xingrg/check_reg.html?_=1601088655779 HTTP/1.1" 302 -
101.85.228.253 - - [26/Sep/2020:11:02:45 +0800] "POST /xingrg/kc/buy/cgsh_order_operate.html HTTP/1.1" 200 37
58.221.95.50 - - [26/Sep/2020:11:02:46 +0800] "GET /xingrg/kc/base/wldb_order_add.html HTTP/1.1" 200 30494
172.17.0.100 - - [26/Sep/2020:11:02:46 +0800] "GET /xingrg/all/function/internal_message.html?_=1601089369143&CODE_STATE=getMsg HTTP/1.1" 200 27
58.221.95.50 - - [26/Sep/2020:11:02:47 +0800] "POST /xingrg/kc/base/wldb_order_operate.html HTTP/1.1" 200 6806
58.221.95.50 - - [26/Sep/2020:11:02:47 +0800] "GET /xingrg/javascript/easyui/themes/default/validatebox.css HTTP/1.1" 404 1104
120.253.135.82 - - [26/Sep/2020:11:02:47 +0800] "GET /xingrg/check_reg.html?_=1601089422215 HTTP/1.1" 200 22
120.253.135.82 - - [26/Sep/2020:11:02:48 +0800] "GET /xingrg/all/function/internal_message.html?_=1601089422756&CODE_STATE=getMsg HTTP/1.1" 200 27
58.37.8.227 - - [26/Sep/2020:11:02:48 +0800] "GET /xingrg/all/function/internal_message.html?_=1601089375843&CODE_STATE=getMsg HTTP/1.1" 200 27
61.151.178.165 - - [26/Sep/2020:11:02:49 +0800] "GET /xingrg/login.html HTTP/1.1" 200 7641
101.85.228.253 - - [26/Sep/2020:11:02:49 +0800] "POST /xingrg/kc/buy/cgsh_order_operate.html HTTP/1.1" 200 12
58.221.95.50 - - [26/Sep/2020:11:02:49 +0800] "POST /xingrg/kc/base/wldb_list_operate.html HTTP/1.1" 200 6162
120.253.135.82 - - [26/Sep/2020:11:02:50 +0800] "GET /xingrg/check_reg.html?_=1601089485788 HTTP/1.1" 200 22
172.17.0.123 - - [26/Sep/2020:11:02:50 +0800] "GET /xingrg/all/function/internal_message.html?_=1601089365313&CODE_STATE=getMsg HTTP/1.1" 200 27
101.85.228.253 - - [26/Sep/2020:11:02:50 +0800] "GET /xingrg/kc/buy/cgsh_order_info.html?code=212020092611390 HTTP/1.1" 200 54688
101.85.228.253 - - [26/Sep/2020:11:02:51 +0800] "GET /xingrg/javascript/easyui/themes/default/validatebox.css HTTP/1.1" 404 1104
101.85.228.253 - - [26/Sep/2020:11:02:52 +0800] "POST /xingrg/kc/buy/cgsh_order_operate.html HTTP/1.1" 200 9525
120.253.135.82 - - [26/Sep/2020:11:02:52 +0800] "GET /xingrg/all/function/internal_message.html?_=1601089487804&CODE_STATE=getMsg HTTP/1.1" 200 27
116.238.71.173 - - [26/Sep/2020:11:02:54 +0800] "GET /xingrg/kc/buy/cgsh_order_operate.html?command=get_materiel&rest_code=00151&code=00101012039&supplier_code=00100007&order_time=2020-09-26 HTTP/1.1" 200 408
218.81.217.115 - - [26/Sep/2020:11:02:57 +0800] "GET /xingrg/all/function/internal_message.html?_=1601089387852&CODE_STATE=getMsg HTTP/1.1" 200 27
180.162.245.190 - - [26/Sep/2020:11:03:00 +0800] "GET /xingrg/all/function/internal_message.html?_=1601089387348&CODE_STATE=getMsg HTTP/1.1" 200 27
101.85.228.253 - - [26/Sep/2020:11:03:03 +0800] "GET /xingrg/kc/print/load_data.html?order_code=212020092611390&kc_code=cgsh&condition= HTTP/1.1" 200 4040
116.238.71.173 - - [26/Sep/2020:11:03:03 +0800] "GET /xingrg/kc/buy/cgsh_order_operate.html?command=get_materiel&rest_code=00151&code=00101016038&supplier_code=00100007&order_time=2020-09-26 HTTP/1.1" 200 408
172.17.0.185 - - [26/Sep/2020:11:03:03 +0800] "GET /xingrg/all/function/internal_message.html?_=1601089385664&CODE_STATE=getMsg HTTP/1.1" 200 27
114.86.230.255 - - [26/Sep/2020:11:03:04 +0800] "POST /xingrg/kc/buy/cgsh_order_operate.html HTTP/1.1" 200 37
172.17.0.100 - - [26/Sep/2020:11:03:05 +0800] "GET /xingrg/kc/buy/cgsh_order_operate.html?command=get_materiel&rest_code=00147&code=00101027008&supplier_code=00100017&order_time=2020-09-26 HTTP/1.1" 200 459
114.86.230.255 - - [26/Sep/2020:11:03:05 +0800] "POST /xingrg/kc/buy/cgsh_order_operate.html HTTP/1.1" 200 6189
172.17.0.100 - - [26/Sep/2020:11:03:05 +0800] "POST /xingrg/all/common/load_select.html HTTP/1.1" 200 25
222.69.132.220 - - [26/Sep/2020:11:03:06 +0800] "GET /xingrg/all/function/internal_message.html?_=1601089382397&CODE_STATE=getMsg HTTP/1.1" 200 27
114.86.230.255 - - [26/Sep/2020:11:03:06 +0800] "GET /xingrg/kc/print/load_config.html?kc_code=cgsh HTTP/1.1" 200 1845
114.86.230.255 - - [26/Sep/2020:11:03:06 +0800] "GET /xingrg/kc/print/load_data.html?order_code=212020092611391&kc_code=cgsh&condition= HTTP/1.1" 200 2008
101.85.228.253 - - [26/Sep/2020:11:03:07 +0800] "GET /xingrg/check_reg.html?_=1601089602767 HTTP/1.1" 200 22
172.17.0.100 - - [26/Sep/2020:11:03:08 +0800] "GET /xingrg/kc/buy/cgsh_order_operate.html?command=get_materiel_price&rest_code=00147&code=00101027008&unit_code=00100254&supplier_code=00100017&order_time=2020-09-26 HTTP/1.1" 200 29
116.238.71.173 - - [26/Sep/2020:11:03:08 +0800] "GET /xingrg/kc/buy/cgsh_order_operate.html?command=get_materiel&rest_code=00151&code=00101008323&supplier_code=00100007&order_time=2020-09-26 HTTP/1.1" 200 408
58.37.8.227 - - [26/Sep/2020:11:03:12 +0800] "GET /xingrg/kc/buy/cgsh_order_operate.html?command=get_materiel&rest_code=00141&code=00101008069&supplier_code=00100007&order_time=2020-09-26 HTTP/1.1" 200 412
58.37.8.227 - - [26/Sep/2020:11:03:14 +0800] "GET /xingrg/all/function/internal_message.html?_=1601089014417&CODE_STATE=getMsg HTTP/1.1" 200 27
58.37.8.227 - - [26/Sep/2020:11:03:14 +0800] "GET /xingrg/check_reg.html?_=1601089014611 HTTP/1.1" 200 22
117.185.32.26 - - [26/Sep/2020:11:03:15 +0800] "GET /xingrg/all/function/internal_message.html?_=1601089395134&CODE_STATE=getMsg HTTP/1.1" 200 27
172.17.0.100 - - [26/Sep/2020:11:03:17 +0800] "POST /xingrg/kc/buy/cgsh_order_operate.html HTTP/1.1" 200 37
172.17.0.100 - - [26/Sep/2020:11:03:17 +0800] "POST /xingrg/kc/buy/cgsh_order_operate.html HTTP/1.1" 200 5824
117.185.32.26 - - [26/Sep/2020:11:03:19 +0800] "GET /xingrg/all/function/internal_message.html?_=1601089838826&CODE_STATE=getMsg HTTP/1.1" 200 27
117.185.32.26 - - [26/Sep/2020:11:03:19 +0800] "GET /xingrg/check_reg.html?_=1601089838831 HTTP/1.1" 200 22
172.17.0.100 - - [26/Sep/2020:11:03:19 +0800] "GET /xingrg/kc/print/load_data.html?order_code=212020092611392&kc_code=cgsh&condition= HTTP/1.1" 200 2087
116.238.71.173 - - [26/Sep/2020:11:03:19 +0800] "GET /xingrg/kc/buy/cgsh_order_operate.html?command=get_materiel&rest_code=00151&code=00101008347&supplier_code=00100007&order_time=2020-09-26 HTTP/1.1" 200 408
58.37.8.227 - - [26/Sep/2020:11:03:19 +0800] "GET /xingrg/kc/buy/cgsh_order_operate.html?command=get_materiel&rest_code=00141&code=00101008286&supplier_code=00100007&order_time=2020-09-26 HTTP/1.1" 200 408
172.17.0.100 - - [26/Sep/2020:11:03:22 +0800] "GET /xingrg/kc/buy/cgsh_order_add.html HTTP/1.1" 200 59818
172.17.0.100 - - [26/Sep/2020:11:03:22 +0800] "GET /xingrg/javascript/easyui/themes/default/validatebox.css HTTP/1.1" 404 1104
172.17.0.100 - - [26/Sep/2020:11:03:22 +0800] "POST /xingrg/kc/buy/cgsh_order_operate.html HTTP/1.1" 200 8245
218.81.217.115 - - [26/Sep/2020:11:03:25 +0800] "GET /xingrg/all/function/internal_message.html?_=1601089426361&CODE_STATE=getMsg HTTP/1.1" 200 27
116.238.71.173 - - [26/Sep/2020:11:03:26 +0800] "GET /xingrg/kc/buy/cgsh_order_operate.html?command=get_materiel&rest_code=00151&code=00101008372&supplier_code=00100007&order_time=2020-09-26 HTTP/1.1" 200 408
58.37.8.227 - - [26/Sep/2020:11:03:26 +0800] "GET /xingrg/kc/buy/cgsh_order_operate.html?command=get_materiel&rest_code=00141&code=00101008036&supplier_code=00100007&order_time=2020-09-26 HTTP/1.1" 200 408
58.221.95.50 - - [26/Sep/2020:11:03:27 +0800] "GET /xingrg/all/function/internal_message.html?_=1601089567892&CODE_STATE=getMsg HTTP/1.1" 200 27
116.238.71.173 - - [26/Sep/2020:11:03:31 +0800] "GET /xingrg/all/function/internal_message.html?_=1601089414225&CODE_STATE=getMsg HTTP/1.1" 200 27
172.17.0.100 - - [26/Sep/2020:11:03:31 +0800] "GET /xingrg/kc/buy/cgsh_order_operate.html?command=get_materiel&rest_code=00147&code=00101006124&supplier_code=00100015&order_time=2020-09-26 HTTP/1.1" 200 409
116.238.71.173 - - [26/Sep/2020:11:03:31 +0800] "GET /xingrg/kc/buy/cgsh_order_operate.html?command=get_materiel&rest_code=00151&code=00101008318&supplier_code=00100007&order_time=2020-09-26 HTTP/1.1" 200 408
114.86.230.255 - - [26/Sep/2020:11:03:34 +0800] "GET /xingrg/all/function/internal_message.html?_=1601089515828&CODE_STATE=getMsg HTTP/1.1" 200 27
117.184.7.26 - - [26/Sep/2020:11:03:35 +0800] "GET /xingrg/all/function/internal_message.html?_=1601089411008&CODE_STATE=getMsg HTTP/1.1" 200 27
58.37.8.227 - - [26/Sep/2020:11:03:36 +0800] "GET /xingrg/kc/buy/cgsh_order_operate.html?command=get_materiel&rest_code=00141&code=00101008131&supplier_code=00100007&order_time=2020-09-26 HTTP/1.1" 200 408
116.238.71.173 - - [26/Sep/2020:11:03:37 +0800] "GET /xingrg/kc/buy/cgsh_order_operate.html?command=get_materiel&rest_code=00151&code=00101016051&supplier_code=00100007&order_time=2020-09-26 HTTP/1.1" 200 408
172.17.0.100 - - [26/Sep/2020:11:03:38 +0800] "GET /xingrg/kc/buy/cgsh_order_operate.html?command=get_materiel&rest_code=00147&code=00101006110&supplier_code=00100015&order_time=2020-09-26 HTTP/1.1" 200 408
58.37.8.227 - - [26/Sep/2020:11:03:39 +0800] "POST /xingrg/kc/buy/cgsh_order_operate.html HTTP/1.1" 200 2065
58.221.95.50 - - [26/Sep/2020:11:03:40 +0800] "GET /xingrg/kc/base/wldb_order_operate.html?command=get_materiel&rest_code=00152&base_code=0010647&code=00102002556 HTTP/1.1" 200 429
101.91.62.65 - - [26/Sep/2020:11:03:42 +0800] "GET /xingrg/kc/buy/cgsh_order_operate.html?command=get_materiel&rest_code=00141&code=00101006111&supplier_code=00100012&order_time=2020-09-26 HTTP/1.1" 302 -
116.238.71.173 - - [26/Sep/2020:11:03:43 +0800] "GET /xingrg/kc/buy/cgsh_order_operate.html?command=get_materiel&rest_code=00151&code=00101008114&supplier_code=00100007&order_time=2020-09-26 HTTP/1.1" 200 412
58.37.8.227 - - [26/Sep/2020:11:03:43 +0800] "GET /xingrg/kc/buy/cgsh_order_operate.html?command=get_materiel&rest_code=00141&code=00101008318&supplier_code=00100007&order_time=2020-09-26 HTTP/1.1" 200 408
58.221.95.50 - - [26/Sep/2020:11:03:45 +0800] "POST /xingrg/kc/base/wldb_order_operate.html HTTP/1.1" 200 37
101.91.62.65 - - [26/Sep/2020:11:03:45 +0800] "GET /xingrg/login.html HTTP/1.1" 200 7641
58.221.95.50 - - [26/Sep/2020:11:03:45 +0800] "POST /xingrg/kc/base/wldb_order_operate.html HTTP/1.1" 200 2192
58.221.95.50 - - [26/Sep/2020:11:03:46 +0800] "GET /xingrg/kc/base/wldb_order_info.html?code=422020092603059 HTTP/1.1" 200 30509
172.17.0.100 - - [26/Sep/2020:11:03:46 +0800] "GET /xingrg/all/function/internal_message.html?_=1601089429135&CODE_STATE=getMsg HTTP/1.1" 200 27
58.221.95.50 - - [26/Sep/2020:11:03:47 +0800] "GET /xingrg/javascript/easyui/themes/default/validatebox.css HTTP/1.1" 404 1104
58.221.95.50 - - [26/Sep/2020:11:03:47 +0800] "POST /xingrg/kc/base/wldb_order_operate.html HTTP/1.1" 200 2192
172.17.0.100 - - [26/Sep/2020:11:03:47 +0800] "GET /xingrg/check_reg.html?_=1601089430168 HTTP/1.1" 200 22
120.253.135.82 - - [26/Sep/2020:11:03:48 +0800] "GET /xingrg/all/function/internal_message.html?_=1601089482773&CODE_STATE=getMsg HTTP/1.1" 200 27
58.37.8.227 - - [26/Sep/2020:11:03:48 +0800] "GET /xingrg/all/function/internal_message.html?_=1601089435811&CODE_STATE=getMsg HTTP/1.1" 200 27
58.37.8.227 - - [26/Sep/2020:11:03:49 +0800] "GET /xingrg/kc/buy/cgsh_order_operate.html?command=get_materiel&rest_code=00141&code=00101008352&supplier_code=00100007&order_time=2020-09-26 HTTP/1.1" 200 412
116.238.71.173 - - [26/Sep/2020:11:03:49 +0800] "GET /xingrg/kc/buy/cgsh_order_operate.html?command=get_materiel&rest_code=00151&code=00101008300&supplier_code=00100007&order_time=2020-09-26 HTTP/1.1" 200 412
58.221.95.50 - - [26/Sep/2020:11:03:49 +0800] "GET /xingrg/kc/base/wldb_order_add.html HTTP/1.1" 200 30494
172.17.0.123 - - [26/Sep/2020:11:03:50 +0800] "GET /xingrg/all/function/internal_message.html?_=1601089425320&CODE_STATE=getMsg HTTP/1.1" 200 27
58.221.95.50 - - [26/Sep/2020:11:03:50 +0800] "GET /xingrg/javascript/easyui/themes/default/validatebox.css HTTP/1.1" 404 1104
58.221.95.50 - - [26/Sep/2020:11:03:50 +0800] "POST /xingrg/kc/base/wldb_order_operate.html HTTP/1.1" 200 6806
120.253.135.82 - - [26/Sep/2020:11:03:52 +0800] "GET /xingrg/all/function/internal_message.html?_=1601089547817&CODE_STATE=getMsg HTTP/1.1" 200 27
180.157.253.48 - - [26/Sep/2020:11:03:52 +0800] "GET /xingrg/all/function/internal_message.html?_=1601089426601&CODE_STATE=getMsg HTTP/1.1" 200 27
116.238.71.173 - - [26/Sep/2020:11:03:56 +0800] "GET /xingrg/kc/buy/cgsh_order_operate.html?command=get_materiel&rest_code=00151&code=00101008356&supplier_code=00100007&order_time=2020-09-26 HTTP/1.1" 200 409
58.37.8.227 - - [26/Sep/2020:11:03:57 +0800] "GET /xingrg/kc/buy/cgsh_order_operate.html?command=get_materiel&rest_code=00141&code=00101008098&supplier_code=00100007&order_time=2020-09-26 HTTP/1.1" 200 412
218.81.217.115 - - [26/Sep/2020:11:03:57 +0800] "GET /xingrg/all/function/internal_message.html?_=1601089447866&CODE_STATE=getMsg HTTP/1.1" 200 27
101.85.228.253 - - [26/Sep/2020:11:03:58 +0800] "GET /xingrg/kc/buy/cgsh_order_add.html HTTP/1.1" 200 59797
180.162.245.190 - - [26/Sep/2020:11:04:00 +0800] "GET /xingrg/all/function/internal_message.html?_=1601089447347&CODE_STATE=getMsg HTTP/1.1" 200 27
101.85.228.253 - - [26/Sep/2020:11:04:00 +0800] "POST /xingrg/kc/buy/cgsh_order_operate.html HTTP/1.1" 200 8245
114.88.166.242 - - [26/Sep/2020:11:04:00 +0800] "GET /xingrg/index.html?sysBaseUrl=http%3A%2F%2F180.169.147.146%3A18081%2Fxingrg%2F&costTime=38×tamp=1588335986102 HTTP/1.1" 200 17173
101.85.228.253 - - [26/Sep/2020:11:04:01 +0800] "GET /xingrg/javascript/easyui/themes/default/validatebox.css HTTP/1.1" 404 1104
114.88.166.242 - - [26/Sep/2020:11:04:02 +0800] "POST /xingrg/all/common/load_tree.html?tree=area_rest_tree_json&manage=1 HTTP/1.1" 200 342
114.88.166.242 - - [26/Sep/2020:11:04:02 +0800] "GET /xingrg/all/function/internal_message.html?_=1601089519064&CODE_STATE=count HTTP/1.1" 200 11
114.88.166.242 - - [26/Sep/2020:11:04:02 +0800] "GET /xingrg/check_reg.html?_=1601089519065 HTTP/1.1" 200 22
114.88.166.242 - - [26/Sep/2020:11:04:02 +0800] "GET /favicon.ico HTTP/1.1" 404 -
114.88.166.242 - - [26/Sep/2020:11:04:02 +0800] "POST /xingrg/load_menu.html HTTP/1.1" 200 5138
116.238.71.173 - - [26/Sep/2020:11:04:02 +0800] "GET /xingrg/kc/buy/cgsh_order_operate.html?command=get_materiel&rest_code=00151&code=00101008351&supplier_code=00100007&order_time=2020-09-26 HTTP/1.1" 200 408
172.17.0.185 - - [26/Sep/2020:11:04:03 +0800] "GET /xingrg/all/function/internal_message.html?_=1601089445654&CODE_STATE=getMsg HTTP/1.1" 200 27
58.37.8.227 - - [26/Sep/2020:11:04:03 +0800] "GET /xingrg/kc/buy/cgsh_order_operate.html?command=get_materiel&rest_code=00141&code=00101008005&supplier_code=00100007&order_time=2020-09-26 HTTP/1.1" 200 412
114.88.166.242 - - [26/Sep/2020:11:04:05 +0800] "GET /xingrg/kc/buy/cgsh_order_list.html HTTP/1.1" 200 44147
222.69.132.220 - - [26/Sep/2020:11:04:06 +0800] "GET /xingrg/all/function/internal_message.html?_=1601089442380&CODE_STATE=getMsg HTTP/1.1" 200 27
116.238.71.173 - - [26/Sep/2020:11:04:06 +0800] "GET /xingrg/kc/buy/cgsh_order_operate.html?command=get_materiel&rest_code=00151&code=00101008072&supplier_code=00100007&order_time=2020-09-26 HTTP/1.1" 200 408
114.88.166.242 - - [26/Sep/2020:11:04:07 +0800] "POST /xingrg/kc/buy/cgsh_list_operate.html HTTP/1.1" 200 2772
101.85.52.2 - - [26/Sep/2020:11:04:08 +0800] "GET /xingrg/login.html HTTP/1.1" 200 7641
101.85.52.2 - - [26/Sep/2020:11:04:08 +0800] "GET /favicon.ico HTTP/1.1" 404 -
58.37.8.227 - - [26/Sep/2020:11:04:10 +0800] "GET /xingrg/kc/buy/cgsh_order_operate.html?command=get_materiel&rest_code=00141&code=00101008353&supplier_code=00100007&order_time=2020-09-26 HTTP/1.1" 200 408
114.88.166.242 - - [26/Sep/2020:11:04:11 +0800] "POST /xingrg/kc/buy/cgsh_list_operate.html HTTP/1.1" 200 2772
116.238.71.173 - - [26/Sep/2020:11:04:11 +0800] "GET /xingrg/kc/buy/cgsh_order_operate.html?command=get_materiel&rest_code=00151&code=00101008077&supplier_code=00100007&order_time=2020-09-26 HTTP/1.1" 200 416
61.151.207.158 - - [26/Sep/2020:11:04:11 +0800] "GET /xingrg/kc/buy/cgsh_order_operate.html?command=get_materiel&rest_code=00141&code=00101006027&supplier_code=00100012&order_time=2020-09-26 HTTP/1.1" 302 -
58.37.8.227 - - [26/Sep/2020:11:04:12 +0800] "POST /xingrg/kc/buy/cgsh_order_operate.html HTTP/1.1" 200 2065
114.88.166.242 - - [26/Sep/2020:11:04:12 +0800] "GET /xingrg/kc/buy/cgsh_order_add.html HTTP/1.1" 200 59885
114.88.166.242 - - [26/Sep/2020:11:04:12 +0800] "GET /xingrg/words/20200926092433_words.js HTTP/1.1" 304 -
114.88.166.242 - - [26/Sep/2020:11:04:13 +0800] "POST /xingrg/kc/buy/cgsh_order_operate.html HTTP/1.1" 200 8245
114.88.166.242 - - [26/Sep/2020:11:04:13 +0800] "GET /xingrg/all/common/auto_word.html?type=employee&rest_code=00111 HTTP/1.1" 200 205
114.88.166.242 - - [26/Sep/2020:11:04:13 +0800] "GET /xingrg/all/common/auto_word.html?type=employee&rest_code=00111 HTTP/1.1" 200 205
114.88.166.242 - - [26/Sep/2020:11:04:13 +0800] "GET /xingrg/javascript/easyui/themes/default/validatebox.css HTTP/1.1" 404 1104
114.88.166.242 - - [26/Sep/2020:11:04:13 +0800] "GET /xingrg/javascript/auto/indicator.gif HTTP/1.1" 404 1066
58.37.8.227 - - [26/Sep/2020:11:04:14 +0800] "GET /xingrg/all/function/internal_message.html?_=1601089074385&CODE_STATE=getMsg HTTP/1.1" 200 27
58.37.8.227 - - [26/Sep/2020:11:04:14 +0800] "GET /xingrg/kc/buy/cgsh_order_operate.html?command=get_materiel&rest_code=00141&code=00101008213&supplier_code=00100007&order_time=2020-09-26 HTTP/1.1" 200 412
58.221.95.50 - - [26/Sep/2020:11:04:14 +0800] "GET /xingrg/check_reg.html?_=1601089615496 HTTP/1.1" 200 22
114.88.166.242 - - [26/Sep/2020:11:04:15 +0800] "GET /xingrg/javascript/jquery_tools/images/prev.gif HTTP/1.1" 404 1086
114.88.166.242 - - [26/Sep/2020:11:04:15 +0800] "GET /xingrg/javascript/jquery_tools/images/next.gif HTTP/1.1" 404 1086
117.185.32.26 - - [26/Sep/2020:11:04:15 +0800] "GET /xingrg/all/function/internal_message.html?_=1601089455135&CODE_STATE=getMsg HTTP/1.1" 200 27
101.85.52.2 - - [26/Sep/2020:11:04:16 +0800] "POST /xingrg/login.do HTTP/1.1" 302 -
101.85.52.2 - - [26/Sep/2020:11:04:16 +0800] "GET /xingrg/index.html?sysBaseUrl=http%3A%2F%2F180.169.147.146%3A18081%2Fxingrg%2F&costTime=46×tamp=1601089456410 HTTP/1.1" 200 17179
116.238.71.173 - - [26/Sep/2020:11:04:16 +0800] "GET /xingrg/kc/buy/cgsh_order_operate.html?command=get_materiel&rest_code=00151&code=00101008095&supplier_code=00100007&order_time=2020-09-26 HTTP/1.1" 200 412
101.85.52.2 - - [26/Sep/2020:11:04:16 +0800] "GET /favicon.ico HTTP/1.1" 404 -
101.85.52.2 - - [26/Sep/2020:11:04:17 +0800] "POST /xingrg/all/common/load_tree.html?tree=area_rest_tree_json&manage=1 HTTP/1.1" 200 351
101.85.52.2 - - [26/Sep/2020:11:04:17 +0800] "GET /xingrg/all/function/internal_message.html?_=1601089457366&CODE_STATE=count HTTP/1.1" 200 11
101.85.52.2 - - [26/Sep/2020:11:04:17 +0800] "GET /xingrg/check_reg.html?_=1601089457368 HTTP/1.1" 200 22
101.85.52.2 - - [26/Sep/2020:11:04:17 +0800] "POST /xingrg/load_menu.html HTTP/1.1" 200 5138
101.85.52.2 - - [26/Sep/2020:11:04:18 +0800] "GET /xingrg/kc/mdqp/qp_main.html HTTP/1.1" 200 10633
101.85.52.2 - - [26/Sep/2020:11:04:18 +0800] "GET /xingrg/kc/base/base_main.html HTTP/1.1" 200 12142
117.185.32.26 - - [26/Sep/2020:11:04:19 +0800] "GET /xingrg/all/function/internal_message.html?_=1601089898829&CODE_STATE=getMsg HTTP/1.1" 200 27
101.85.52.2 - - [26/Sep/2020:11:04:19 +0800] "GET /xingrg/kc/base/wldb_order_list.html HTTP/1.1" 200 19384
58.221.95.50 - - [26/Sep/2020:11:04:20 +0800] "GET /xingrg/check_reg.html?_=1601089620642 HTTP/1.1" 200 22
117.185.32.26 - - [26/Sep/2020:11:04:20 +0800] "POST /xingrg/services/DataTransmitService HTTP/1.1" 200 524
58.37.8.227 - - [26/Sep/2020:11:04:21 +0800] "GET /xingrg/kc/buy/cgsh_order_operate.html?command=get_materiel&rest_code=00141&code=00101008039&supplier_code=00100007&order_time=2020-09-26 HTTP/1.1" 200 412
61.151.207.158 - - [26/Sep/2020:11:04:21 +0800] "GET /xingrg/login.html HTTP/1.1" 200 7641
117.185.32.26 - - [26/Sep/2020:11:04:21 +0800] "POST /xingrg/services/DataTransmitService HTTP/1.1" 200 501
117.185.32.26 - - [26/Sep/2020:11:04:21 +0800] "POST /xingrg/services/DataTransmitService HTTP/1.1" 200 501
101.85.52.2 - - [26/Sep/2020:11:04:21 +0800] "POST /xingrg/kc/base/wldb_list_operate.html HTTP/1.1" 200 928
117.185.32.26 - - [26/Sep/2020:11:04:21 +0800] "POST /xingrg/services/DataTransmitService HTTP/1.1" 200 501
58.221.95.50 - - [26/Sep/2020:11:04:21 +0800] "GET /xingrg/kc/base/wldb_order_operate.html?command=get_materiel&rest_code=00152&base_code=0010647&code=00102002169 HTTP/1.1" 200 434
116.238.71.173 - - [26/Sep/2020:11:04:21 +0800] "GET /xingrg/kc/buy/cgsh_order_operate.html?command=get_materiel&rest_code=00151&code=00101008221&supplier_code=00100007&order_time=2020-09-26 HTTP/1.1" 200 412
117.185.32.26 - - [26/Sep/2020:11:04:21 +0800] "POST /xingrg/services/DataTransmitService HTTP/1.1" 200 501
117.185.32.26 - - [26/Sep/2020:11:04:21 +0800] "POST /xingrg/services/DataTransmitService HTTP/1.1" 200 501
117.185.32.26 - - [26/Sep/2020:11:04:22 +0800] "POST /xingrg/services/DataTransmitService HTTP/1.1" 200 501
114.88.166.242 - - [26/Sep/2020:11:04:22 +0800] "GET /xingrg/kc/buy/cgsh_order_operate.html?command=get_materiel&rest_code=00111&code=00101028011&supplier_code=00100017&order_time=2020-09-26 HTTP/1.1" 200 454
101.85.52.2 - - [26/Sep/2020:11:04:22 +0800] "GET /xingrg/kc/base/wldb_order_add.html HTTP/1.1" 200 30496
117.185.32.26 - - [26/Sep/2020:11:04:22 +0800] "POST /xingrg/services/DataTransmitService HTTP/1.1" 200 501
101.85.52.2 - - [26/Sep/2020:11:04:22 +0800] "GET /xingrg/words/20200926092433_words.js HTTP/1.1" 200 765254
101.85.52.2 - - [26/Sep/2020:11:04:23 +0800] "POST /xingrg/kc/base/wldb_order_operate.html HTTP/1.1" 200 6806
101.85.52.2 - - [26/Sep/2020:11:04:23 +0800] "GET /xingrg/all/common/auto_word.html?type=base&rest_code=00145 HTTP/1.1" 200 673
101.85.52.2 - - [26/Sep/2020:11:04:23 +0800] "GET /xingrg/all/common/auto_word.html?type=base&rest_code=00145 HTTP/1.1" 200 673
101.85.52.2 - - [26/Sep/2020:11:04:23 +0800] "GET /xingrg/javascript/easyui/themes/default/validatebox.css HTTP/1.1" 404 1104
117.185.32.26 - - [26/Sep/2020:11:04:24 +0800] "POST /xingrg/services/DataTransmitService HTTP/1.1" 200 412
101.85.52.2 - - [26/Sep/2020:11:04:24 +0800] "GET /xingrg/javascript/auto/indicator.gif HTTP/1.1" 404 1066
218.81.217.115 - - [26/Sep/2020:11:04:25 +0800] "GET /xingrg/all/function/internal_message.html?_=1601089486366&CODE_STATE=getMsg HTTP/1.1" 200 27
101.85.52.2 - - [26/Sep/2020:11:04:27 +0800] "GET /xingrg/javascript/jquery_tools/images/prev.gif HTTP/1.1" 404 1086
101.85.52.2 - - [26/Sep/2020:11:04:27 +0800] "GET /xingrg/javascript/jquery_tools/images/next.gif HTTP/1.1" 404 1086
58.221.95.50 - - [26/Sep/2020:11:04:27 +0800] "GET /xingrg/all/function/internal_message.html?_=1601089627870&CODE_STATE=getMsg HTTP/1.1" 200 27
101.85.228.253 - - [26/Sep/2020:11:04:30 +0800] "GET /xingrg/javascript/easyui/themes/default/tree.css HTTP/1.1" 404 1090
101.85.228.253 - - [26/Sep/2020:11:04:30 +0800] "POST /xingrg/all/common/load_tree.html?tree=supplier_tree_json&isDelete=1 HTTP/1.1" 200 50428
116.238.71.173 - - [26/Sep/2020:11:04:31 +0800] "GET /xingrg/all/function/internal_message.html?_=1601089474326&CODE_STATE=getMsg HTTP/1.1" 200 27
58.37.8.227 - - [26/Sep/2020:11:04:31 +0800] "GET /xingrg/kc/buy/cgsh_order_operate.html?command=get_materiel&rest_code=00141&code=00101013032&supplier_code=00100007&order_time=2020-09-26 HTTP/1.1" 200 449
101.91.60.108 - - [26/Sep/2020:11:04:31 +0800] "GET /xingrg/all/function/internal_message.html?_=1601088775801&CODE_STATE=getMsg HTTP/1.1" 302 -
116.238.71.173 - - [26/Sep/2020:11:04:32 +0800] "GET /xingrg/kc/buy/cgsh_order_operate.html?command=get_materiel&rest_code=00151&code=00101008440&supplier_code=00100007&order_time=2020-09-26 HTTP/1.1" 200 398
114.86.230.255 - - [26/Sep/2020:11:04:33 +0800] "GET /xingrg/all/function/internal_message.html?_=1601089575821&CODE_STATE=getMsg HTTP/1.1" 200 27
180.157.253.48 - - [26/Sep/2020:11:04:34 +0800] "GET /xingrg/all/function/internal_message.html?_=1601089486908&CODE_STATE=getMsg HTTP/1.1" 200 27
117.184.7.26 - - [26/Sep/2020:11:04:35 +0800] "GET /xingrg/all/function/internal_message.html?_=1601089471008&CODE_STATE=getMsg HTTP/1.1" 200 27
101.91.60.108 - - [26/Sep/2020:11:04:38 +0800] "GET /xingrg/login.html HTTP/1.1" 200 7641
101.85.52.2 - - [26/Sep/2020:11:04:40 +0800] "GET /xingrg/kc/base/wldb_order_operate.html?command=get_materiel&rest_code=00145&base_code=0010284&code=00101027025 HTTP/1.1" 200 465
116.238.71.173 - - [26/Sep/2020:11:04:41 +0800] "GET /xingrg/kc/buy/cgsh_order_operate.html?command=get_materiel&rest_code=00151&code=00101008049&supplier_code=00100007&order_time=2020-09-26 HTTP/1.1" 200 408
114.88.166.242 - - [26/Sep/2020:11:04:43 +0800] "GET /xingrg/kc/buy/cgsh_order_operate.html?command=get_materiel&rest_code=00111&code=00101028016&supplier_code=00100017&order_time=2020-09-26 HTTP/1.1" 200 447
101.85.52.2 - - [26/Sep/2020:11:04:45 +0800] "POST /xingrg/kc/base/wldb_order_operate.html HTTP/1.1" 200 37
101.85.52.2 - - [26/Sep/2020:11:04:45 +0800] "POST /xingrg/kc/base/wldb_order_operate.html HTTP/1.1" 200 2210
117.184.7.26 - - [26/Sep/2020:11:04:46 +0800] "GET /xingrg/kc/report/report_main.html HTTP/1.1" 200 7345
101.85.52.2 - - [26/Sep/2020:11:04:46 +0800] "GET /xingrg/kc/base/wldb_order_info.html?code=422020092603060 HTTP/1.1" 200 30509
172.17.0.100 - - [26/Sep/2020:11:04:46 +0800] "GET /xingrg/all/function/internal_message.html?_=1601089489103&CODE_STATE=getMsg HTTP/1.1" 200 27
116.238.71.173 - - [26/Sep/2020:11:04:47 +0800] "GET /xingrg/kc/buy/cgsh_order_operate.html?command=get_materiel&rest_code=00151&code=00101008264&supplier_code=00100007&order_time=2020-09-26 HTTP/1.1" 200 412
101.85.228.253 - - [26/Sep/2020:11:04:47 +0800] "GET /xingrg/kc/buy/cgsh_order_operate.html?command=get_materiel&rest_code=00102&code=00101005037&supplier_code=00100031&order_time=2020-09-26 HTTP/1.1" 200 409
101.85.52.2 - - [26/Sep/2020:11:04:47 +0800] "GET /xingrg/javascript/easyui/themes/default/validatebox.css HTTP/1.1" 404 1104
101.85.52.2 - - [26/Sep/2020:11:04:47 +0800] "POST /xingrg/kc/base/wldb_order_operate.html HTTP/1.1" 200 2210
117.184.7.26 - - [26/Sep/2020:11:04:47 +0800] "GET /xingrg/all/report/report_query.html?fileName=kc/buy/wlcg_hz_day.xml&rw=1600 HTTP/1.1" 200 51683
117.184.7.26 - - [26/Sep/2020:11:04:47 +0800] "GET /xingrg/dwr/interface/AjaxReportQueryService.js HTTP/1.1" 200 13203
117.184.7.26 - - [26/Sep/2020:11:04:47 +0800] "GET /xingrg/dwr/engine.js HTTP/1.1" 200 43631
117.184.7.26 - - [26/Sep/2020:11:04:48 +0800] "POST /xingrg/dwr/call/plaincall/AjaxReportQueryService.getFixDate.dwr HTTP/1.1" 200 111
117.184.7.26 - - [26/Sep/2020:11:04:48 +0800] "POST /xingrg/all/common/load_tree.html?tree=supplier_tree_json&manage=1 HTTP/1.1" 200 51160
120.253.135.82 - - [26/Sep/2020:11:04:48 +0800] "GET /xingrg/all/function/internal_message.html?_=1601089542787&CODE_STATE=getMsg HTTP/1.1" 200 27
58.37.8.227 - - [26/Sep/2020:11:04:48 +0800] "GET /xingrg/all/function/internal_message.html?_=1601089495870&CODE_STATE=getMsg HTTP/1.1" 200 27
117.184.7.26 - - [26/Sep/2020:11:04:49 +0800] "POST /xingrg/all/common/load_tree.html?tree=materiel_sort_tree_json HTTP/1.1" 200 8666
172.17.0.123 - - [26/Sep/2020:11:04:50 +0800] "GET /xingrg/all/function/internal_message.html?_=1601089485321&CODE_STATE=getMsg HTTP/1.1" 200 27
101.85.52.2 - - [26/Sep/2020:11:04:50 +0800] "GET /xingrg/kc/print/load_config.html?kc_code=wldb HTTP/1.1" 200 2173
