116.233.78.223 - - [24/Sep/2020:10:26:56 +0800] "GET /xingrg/all/function/internal_message.html?_=1600914598078&CODE_STATE=getMsg HTTP/1.1" 200 27
101.85.228.253 - - [24/Sep/2020:10:26:59 +0800] "GET /xingrg/all/function/internal_message.html?_=1600914629399&CODE_STATE=getMsg HTTP/1.1" 200 27
114.88.166.242 - - [24/Sep/2020:10:26:59 +0800] "GET /xingrg/all/function/internal_message.html?_=1600914414525&CODE_STATE=getMsg HTTP/1.1" 200 27
180.162.245.190 - - [24/Sep/2020:10:27:00 +0800] "GET /xingrg/kc/print/load_data.html?order_code=212020092410449&kc_code=cgsh&condition= HTTP/1.1" 200 755
117.131.5.26 - - [24/Sep/2020:10:27:01 +0800] "GET /xingrg/all/function/internal_message.html?_=1600914424457&CODE_STATE=getMsg HTTP/1.1" 200 27
180.162.245.190 - - [24/Sep/2020:10:27:03 +0800] "GET /xingrg/check_reg.html?_=1600914424848 HTTP/1.1" 200 22
180.162.245.190 - - [24/Sep/2020:10:27:04 +0800] "GET /xingrg/all/function/internal_message.html?_=1600914425137&CODE_STATE=getMsg HTTP/1.1" 200 27
120.253.135.82 - - [24/Sep/2020:10:27:07 +0800] "GET /xingrg/kc/pszx/mdps_order_operate.html?command=get_materiel&pszx_code=00101&rest_code=00154&base_code=0010250&code=00102002457 HTTP/1.1" 200 453
120.253.135.82 - - [24/Sep/2020:10:27:09 +0800] "POST /xingrg/all/common/load_select.html HTTP/1.1" 200 25
120.253.135.82 - - [24/Sep/2020:10:27:11 +0800] "GET /xingrg/kc/pszx/mdps_order_operate.html?command=get_materiel_price&pszx_code=00101&rest_code=00154&base_code=0010250&code=00102002457&unit_code=00100138&order_time=2020-09-25 HTTP/1.1" 200 34
180.162.245.190 - - [24/Sep/2020:10:27:11 +0800] "GET /xingrg/kc/buy/cgsh_order_add.html HTTP/1.1" 200 59781
180.162.245.190 - - [24/Sep/2020:10:27:12 +0800] "POST /xingrg/kc/buy/cgsh_order_operate.html HTTP/1.1" 200 8245
180.162.245.190 - - [24/Sep/2020:10:27:12 +0800] "GET /xingrg/javascript/easyui/themes/default/validatebox.css HTTP/1.1" 404 1104
114.88.166.242 - - [24/Sep/2020:10:27:13 +0800] "GET /xingrg/check_reg.html?_=1600914502725 HTTP/1.1" 200 22
114.88.166.242 - - [24/Sep/2020:10:27:13 +0800] "GET /xingrg/all/function/internal_message.html?_=1600914502726&CODE_STATE=getMsg HTTP/1.1" 200 27
58.37.8.227 - - [24/Sep/2020:10:27:13 +0800] "POST /xingrg/services/DataTransmitService HTTP/1.1" 200 524
58.37.8.227 - - [24/Sep/2020:10:27:13 +0800] "POST /xingrg/services/DataTransmitService HTTP/1.1" 200 1939
58.37.8.227 - - [24/Sep/2020:10:27:14 +0800] "POST /xingrg/services/DataTransmitService HTTP/1.1" 200 173871
172.17.200.101 - - [24/Sep/2020:10:27:16 +0800] "GET /xingrg/all/function/internal_message.html?_=1600914436422&CODE_STATE=getMsg HTTP/1.1" 200 27
114.88.166.242 - - [24/Sep/2020:10:27:17 +0800] "GET /xingrg/all/function/internal_message.html?_=1600914430682&CODE_STATE=getMsg HTTP/1.1" 302 -
58.221.95.50 - - [24/Sep/2020:10:27:19 +0800] "GET /xingrg/all/function/internal_message.html?_=1600914594128&CODE_STATE=getMsg HTTP/1.1" 200 27
120.253.135.82 - - [24/Sep/2020:10:27:19 +0800] "POST /xingrg/kc/pszx/mdps_order_operate.html HTTP/1.1" 200 37
120.253.135.82 - - [24/Sep/2020:10:27:19 +0800] "GET /xingrg/kc/pszx/mdps_order_info.html?code=312020092200626 HTTP/1.1" 200 23887
120.253.135.82 - - [24/Sep/2020:10:27:20 +0800] "POST /xingrg/kc/pszx/mdps_order_operate.html HTTP/1.1" 200 10326
120.253.135.82 - - [24/Sep/2020:10:27:20 +0800] "GET /xingrg/javascript/easyui/themes/default/validatebox.css HTTP/1.1" 404 1104
124.77.70.31 - - [24/Sep/2020:10:27:21 +0800] "GET /xingrg/all/function/internal_message.html?_=1600914435491&CODE_STATE=getMsg HTTP/1.1" 200 27
124.77.70.31 - - [24/Sep/2020:10:27:21 +0800] "GET /xingrg/check_reg.html?_=1600914435493 HTTP/1.1" 200 22
180.157.253.48 - - [24/Sep/2020:10:27:21 +0800] "GET /xingrg/all/function/internal_message.html?_=1600914444974&CODE_STATE=getMsg HTTP/1.1" 200 27
120.253.135.82 - - [24/Sep/2020:10:27:22 +0800] "POST /xingrg/kc/pszx/mdps_list_operate.html HTTP/1.1" 200 2436
180.162.245.190 - - [24/Sep/2020:10:27:22 +0800] "GET /xingrg/kc/buy/cgsh_order_operate.html?command=get_materiel&rest_code=00105&code=00101004034&supplier_code=00100085&order_time=2020-09-24 HTTP/1.1" 200 416
222.69.137.189 - - [24/Sep/2020:10:27:25 +0800] "GET /xingrg/kc/buy/cgsh_order_operate.html?command=get_materiel&rest_code=00149&code=00101029023&supplier_code=00100019&order_time=2020-09-24 HTTP/1.1" 200 477
58.37.8.227 - - [24/Sep/2020:10:27:27 +0800] "GET /xingrg/check_reg.html?_=1600914443192 HTTP/1.1" 200 22
172.17.0.240 - - [24/Sep/2020:10:27:33 +0800] "GET /xingrg/all/function/internal_message.html?_=1600914449486&CODE_STATE=getMsg HTTP/1.1" 200 27
116.238.71.173 - - [24/Sep/2020:10:27:34 +0800] "GET /xingrg/check_reg.html?_=1600914452725 HTTP/1.1" 200 22
116.238.71.173 - - [24/Sep/2020:10:27:34 +0800] "GET /xingrg/all/function/internal_message.html?_=1600914452721&CODE_STATE=getMsg HTTP/1.1" 200 27
172.17.0.100 - - [24/Sep/2020:10:27:36 +0800] "GET /xingrg/all/function/internal_message.html?_=1600914453814&CODE_STATE=getMsg HTTP/1.1" 200 27
222.69.137.189 - - [24/Sep/2020:10:27:38 +0800] "GET /xingrg/all/function/internal_message.html?_=1600914452365&CODE_STATE=getMsg HTTP/1.1" 200 27
116.238.71.173 - - [24/Sep/2020:10:27:38 +0800] "GET /xingrg/all/function/internal_message.html?_=1600914569849&CODE_STATE=getMsg HTTP/1.1" 200 27
172.17.0.120 - - [24/Sep/2020:10:27:43 +0800] "GET /xingrg/check_reg.html?_=1600914460037 HTTP/1.1" 200 22
172.17.0.120 - - [24/Sep/2020:10:27:43 +0800] "GET /xingrg/all/function/internal_message.html?_=1600914460050&CODE_STATE=getMsg HTTP/1.1" 200 27
222.69.137.189 - - [24/Sep/2020:10:27:45 +0800] "GET /xingrg/kc/buy/cgsh_order_operate.html?command=get_materiel&rest_code=00149&code=00101029017&supplier_code=00100019&order_time=2020-09-24 HTTP/1.1" 200 466
120.253.135.82 - - [24/Sep/2020:10:27:49 +0800] "POST /xingrg/kc/pszx/mdps_list_operate.html HTTP/1.1" 200 2432
120.253.135.82 - - [24/Sep/2020:10:27:51 +0800] "POST /xingrg/kc/pszx/mdps_list_operate.html HTTP/1.1" 200 442
120.253.135.82 - - [24/Sep/2020:10:27:52 +0800] "GET /xingrg/kc/pszx/mdps_order_info.html?code=312020092400664 HTTP/1.1" 200 23887
120.253.135.82 - - [24/Sep/2020:10:27:53 +0800] "POST /xingrg/kc/pszx/mdps_order_operate.html HTTP/1.1" 200 3749
120.253.135.82 - - [24/Sep/2020:10:27:53 +0800] "GET /xingrg/javascript/easyui/themes/default/validatebox.css HTTP/1.1" 404 1104
218.81.217.115 - - [24/Sep/2020:10:27:54 +0800] "GET /xingrg/all/function/internal_message.html?_=1600914483742&CODE_STATE=getMsg HTTP/1.1" 200 27
180.162.245.190 - - [24/Sep/2020:10:27:54 +0800] "POST /xingrg/kc/buy/cgsh_order_operate.html HTTP/1.1" 200 37
180.162.245.190 - - [24/Sep/2020:10:27:55 +0800] "POST /xingrg/kc/buy/cgsh_order_operate.html HTTP/1.1" 200 2664
116.233.78.223 - - [24/Sep/2020:10:27:56 +0800] "GET /xingrg/all/function/internal_message.html?_=1600914658078&CODE_STATE=getMsg HTTP/1.1" 200 27
101.85.228.253 - - [24/Sep/2020:10:27:56 +0800] "GET /xingrg/check_reg.html?_=1600914686772 HTTP/1.1" 200 22
180.162.245.190 - - [24/Sep/2020:10:27:57 +0800] "GET /xingrg/kc/print/load_data.html?order_code=212020092410450&kc_code=cgsh&condition= HTTP/1.1" 200 726
101.85.228.253 - - [24/Sep/2020:10:27:59 +0800] "GET /xingrg/all/function/internal_message.html?_=1600914689412&CODE_STATE=getMsg HTTP/1.1" 200 27
114.88.166.242 - - [24/Sep/2020:10:27:59 +0800] "GET /xingrg/all/function/internal_message.html?_=1600914474584&CODE_STATE=getMsg HTTP/1.1" 200 27
180.162.245.190 - - [24/Sep/2020:10:28:00 +0800] "GET /xingrg/kc/buy/cgsh_order_add.html HTTP/1.1" 200 59781
180.162.245.190 - - [24/Sep/2020:10:28:01 +0800] "POST /xingrg/kc/buy/cgsh_order_operate.html HTTP/1.1" 200 8245
180.162.245.190 - - [24/Sep/2020:10:28:01 +0800] "GET /xingrg/javascript/easyui/themes/default/validatebox.css HTTP/1.1" 404 1104
117.131.5.26 - - [24/Sep/2020:10:28:01 +0800] "GET /xingrg/all/function/internal_message.html?_=1600914484457&CODE_STATE=getMsg HTTP/1.1" 200 27
180.162.245.190 - - [24/Sep/2020:10:28:04 +0800] "GET /xingrg/all/function/internal_message.html?_=1600914485118&CODE_STATE=getMsg HTTP/1.1" 200 27
120.253.135.82 - - [24/Sep/2020:10:28:09 +0800] "POST /xingrg/kc/pszx/mdps_order_operate.html HTTP/1.1" 200 37
120.253.135.82 - - [24/Sep/2020:10:28:10 +0800] "POST /xingrg/kc/pszx/mdps_order_operate.html HTTP/1.1" 200 12
180.162.245.190 - - [24/Sep/2020:10:28:11 +0800] "GET /xingrg/kc/buy/cgsh_order_operate.html?command=get_materiel&rest_code=00105&code=00101012049&supplier_code=00100338&order_time=2020-09-24 HTTP/1.1" 200 430
180.162.245.190 - - [24/Sep/2020:10:28:11 +0800] "POST /xingrg/all/common/load_select.html HTTP/1.1" 200 25
120.253.135.82 - - [24/Sep/2020:10:28:12 +0800] "GET /xingrg/kc/pszx/mdps_order_info.html?code=312020092400664 HTTP/1.1" 200 19547
120.253.135.82 - - [24/Sep/2020:10:28:12 +0800] "POST /xingrg/kc/pszx/mdps_order_operate.html HTTP/1.1" 200 1958
120.253.135.82 - - [24/Sep/2020:10:28:12 +0800] "GET /xingrg/javascript/easyui/themes/default/validatebox.css HTTP/1.1" 404 1104
114.88.166.242 - - [24/Sep/2020:10:28:13 +0800] "GET /xingrg/all/function/internal_message.html?_=1600914562725&CODE_STATE=getMsg HTTP/1.1" 200 27
120.253.135.82 - - [24/Sep/2020:10:28:14 +0800] "POST /xingrg/kc/pszx/mdps_list_operate.html HTTP/1.1" 200 2060
180.162.245.190 - - [24/Sep/2020:10:28:15 +0800] "GET /xingrg/kc/buy/cgsh_order_operate.html?command=get_materiel_price&rest_code=00105&code=00101012049&unit_code=00100086&supplier_code=00100338&order_time=2020-09-24 HTTP/1.1" 200 29
172.17.200.101 - - [24/Sep/2020:10:28:16 +0800] "GET /xingrg/all/function/internal_message.html?_=1600914496424&CODE_STATE=getMsg HTTP/1.1" 200 27
114.88.166.242 - - [24/Sep/2020:10:28:17 +0800] "GET /xingrg/all/function/internal_message.html?_=1600914490682&CODE_STATE=getMsg HTTP/1.1" 302 -
58.221.95.50 - - [24/Sep/2020:10:28:18 +0800] "GET /xingrg/all/function/internal_message.html?_=1600914654106&CODE_STATE=getMsg HTTP/1.1" 200 27
124.77.70.31 - - [24/Sep/2020:10:28:21 +0800] "GET /xingrg/all/function/internal_message.html?_=1600914495499&CODE_STATE=getMsg HTTP/1.1" 200 27
180.157.253.48 - - [24/Sep/2020:10:28:21 +0800] "GET /xingrg/all/function/internal_message.html?_=1600914504987&CODE_STATE=getMsg HTTP/1.1" 200 27
120.253.135.82 - - [24/Sep/2020:10:28:27 +0800] "POST /xingrg/kc/pszx/mdps_list_operate.html HTTP/1.1" 200 217
120.253.135.82 - - [24/Sep/2020:10:28:28 +0800] "GET /xingrg/kc/pszx/mdps_order_info.html?code=312020092400666 HTTP/1.1" 200 23885
120.253.135.82 - - [24/Sep/2020:10:28:28 +0800] "POST /xingrg/kc/pszx/mdps_order_operate.html HTTP/1.1" 200 2303
120.253.135.82 - - [24/Sep/2020:10:28:29 +0800] "GET /xingrg/javascript/easyui/themes/default/validatebox.css HTTP/1.1" 404 1104
120.253.135.82 - - [24/Sep/2020:10:28:32 +0800] "POST /xingrg/kc/pszx/mdps_order_operate.html HTTP/1.1" 200 37
120.253.135.82 - - [24/Sep/2020:10:28:33 +0800] "POST /xingrg/kc/pszx/mdps_order_operate.html HTTP/1.1" 200 12
172.17.0.240 - - [24/Sep/2020:10:28:33 +0800] "GET /xingrg/all/function/internal_message.html?_=1600914509493&CODE_STATE=getMsg HTTP/1.1" 200 27
116.238.71.173 - - [24/Sep/2020:10:28:34 +0800] "GET /xingrg/all/function/internal_message.html?_=1600914512774&CODE_STATE=getMsg HTTP/1.1" 200 27
180.162.245.190 - - [24/Sep/2020:10:28:35 +0800] "POST /xingrg/kc/buy/cgsh_order_operate.html HTTP/1.1" 200 37
120.253.135.82 - - [24/Sep/2020:10:28:36 +0800] "GET /xingrg/kc/pszx/mdps_order_info.html?code=312020092400666 HTTP/1.1" 200 19545
120.253.135.82 - - [24/Sep/2020:10:28:36 +0800] "POST /xingrg/kc/pszx/mdps_order_operate.html HTTP/1.1" 200 523
180.162.245.190 - - [24/Sep/2020:10:28:36 +0800] "POST /xingrg/kc/buy/cgsh_order_operate.html HTTP/1.1" 200 2668
120.253.135.82 - - [24/Sep/2020:10:28:36 +0800] "GET /xingrg/javascript/easyui/themes/default/validatebox.css HTTP/1.1" 404 1104
172.17.0.100 - - [24/Sep/2020:10:28:36 +0800] "GET /xingrg/all/function/internal_message.html?_=1600914513829&CODE_STATE=getMsg HTTP/1.1" 200 27
180.162.245.190 - - [24/Sep/2020:10:28:37 +0800] "GET /xingrg/kc/print/load_data.html?order_code=212020092410451&kc_code=cgsh&condition= HTTP/1.1" 200 683
120.253.135.82 - - [24/Sep/2020:10:28:38 +0800] "POST /xingrg/kc/pszx/mdps_list_operate.html HTTP/1.1" 200 1690
222.69.137.189 - - [24/Sep/2020:10:28:38 +0800] "GET /xingrg/all/function/internal_message.html?_=1600914512344&CODE_STATE=getMsg HTTP/1.1" 200 27
116.238.71.173 - - [24/Sep/2020:10:28:38 +0800] "GET /xingrg/all/function/internal_message.html?_=1600914629863&CODE_STATE=getMsg HTTP/1.1" 200 27
180.162.245.190 - - [24/Sep/2020:10:28:41 +0800] "GET /xingrg/kc/buy/cgsh_order_add.html HTTP/1.1" 200 59781
180.162.245.190 - - [24/Sep/2020:10:28:41 +0800] "GET /xingrg/javascript/easyui/themes/default/validatebox.css HTTP/1.1" 404 1104
180.162.245.190 - - [24/Sep/2020:10:28:41 +0800] "POST /xingrg/kc/buy/cgsh_order_operate.html HTTP/1.1" 200 8245
172.17.0.120 - - [24/Sep/2020:10:28:43 +0800] "GET /xingrg/all/function/internal_message.html?_=1600914520038&CODE_STATE=getMsg HTTP/1.1" 200 27
120.253.135.82 - - [24/Sep/2020:10:28:48 +0800] "POST /xingrg/kc/pszx/mdps_list_operate.html HTTP/1.1" 200 216
120.253.135.82 - - [24/Sep/2020:10:28:49 +0800] "GET /xingrg/kc/pszx/mdps_order_info.html?code=312020092400665 HTTP/1.1" 200 23887
120.253.135.82 - - [24/Sep/2020:10:28:50 +0800] "POST /xingrg/kc/pszx/mdps_order_operate.html HTTP/1.1" 200 2300
120.253.135.82 - - [24/Sep/2020:10:28:50 +0800] "GET /xingrg/javascript/easyui/themes/default/validatebox.css HTTP/1.1" 404 1104
180.162.245.190 - - [24/Sep/2020:10:28:50 +0800] "GET /xingrg/kc/buy/cgsh_order_operate.html?command=get_materiel&rest_code=00105&code=00101004011&supplier_code=00100086&order_time=2020-09-24 HTTP/1.1" 200 435
120.253.135.82 - - [24/Sep/2020:10:28:53 +0800] "POST /xingrg/kc/pszx/mdps_order_operate.html HTTP/1.1" 200 37
218.81.217.115 - - [24/Sep/2020:10:28:54 +0800] "GET /xingrg/all/function/internal_message.html?_=1600914543756&CODE_STATE=getMsg HTTP/1.1" 200 27
120.253.135.82 - - [24/Sep/2020:10:28:55 +0800] "POST /xingrg/kc/pszx/mdps_order_operate.html HTTP/1.1" 200 12
120.253.135.82 - - [24/Sep/2020:10:28:55 +0800] "GET /xingrg/kc/pszx/mdps_order_info.html?code=312020092400665 HTTP/1.1" 200 19547
116.233.78.223 - - [24/Sep/2020:10:28:55 +0800] "GET /xingrg/all/function/internal_message.html?_=1600914718083&CODE_STATE=getMsg HTTP/1.1" 200 27
120.253.135.82 - - [24/Sep/2020:10:28:56 +0800] "POST /xingrg/kc/pszx/mdps_order_operate.html HTTP/1.1" 200 522
120.253.135.82 - - [24/Sep/2020:10:28:56 +0800] "GET /xingrg/javascript/easyui/themes/default/validatebox.css HTTP/1.1" 404 1104
120.253.135.82 - - [24/Sep/2020:10:28:57 +0800] "POST /xingrg/kc/pszx/mdps_list_operate.html HTTP/1.1" 200 868
101.85.228.253 - - [24/Sep/2020:10:28:59 +0800] "GET /xingrg/all/function/internal_message.html?_=1600914749427&CODE_STATE=getMsg HTTP/1.1" 200 27
114.88.166.242 - - [24/Sep/2020:10:28:59 +0800] "GET /xingrg/all/function/internal_message.html?_=1600914534589&CODE_STATE=getMsg HTTP/1.1" 200 27
117.131.5.26 - - [24/Sep/2020:10:29:01 +0800] "GET /xingrg/all/function/internal_message.html?_=1600914544457&CODE_STATE=getMsg HTTP/1.1" 200 27
180.162.245.190 - - [24/Sep/2020:10:29:04 +0800] "GET /xingrg/all/function/internal_message.html?_=1600914545088&CODE_STATE=getMsg HTTP/1.1" 200 27
180.162.245.190 - - [24/Sep/2020:10:29:10 +0800] "GET /xingrg/kc/buy/cgsh_order_operate.html?command=get_materiel&rest_code=00105&code=00101004065&supplier_code=00100086&order_time=2020-09-24 HTTP/1.1" 200 433
114.88.166.242 - - [24/Sep/2020:10:29:13 +0800] "GET /xingrg/all/function/internal_message.html?_=1600914622726&CODE_STATE=getMsg HTTP/1.1" 200 27
58.221.95.50 - - [24/Sep/2020:10:29:15 +0800] "GET /xingrg/check_reg.html?_=1600914710628 HTTP/1.1" 200 22
180.162.245.190 - - [24/Sep/2020:10:29:16 +0800] "POST /xingrg/kc/buy/cgsh_order_operate.html HTTP/1.1" 200 37
172.17.200.101 - - [24/Sep/2020:10:29:16 +0800] "GET /xingrg/check_reg.html?_=1600914556427 HTTP/1.1" 200 22
172.17.200.101 - - [24/Sep/2020:10:29:16 +0800] "GET /xingrg/all/function/internal_message.html?_=1600914556418&CODE_STATE=getMsg HTTP/1.1" 200 27
114.88.166.242 - - [24/Sep/2020:10:29:17 +0800] "GET /xingrg/all/function/internal_message.html?_=1600914550683&CODE_STATE=getMsg HTTP/1.1" 302 -
180.162.245.190 - - [24/Sep/2020:10:29:17 +0800] "POST /xingrg/kc/buy/cgsh_order_operate.html HTTP/1.1" 200 3255
58.221.95.50 - - [24/Sep/2020:10:29:18 +0800] "GET /xingrg/all/function/internal_message.html?_=1600914714087&CODE_STATE=getMsg HTTP/1.1" 200 27
180.162.245.190 - - [24/Sep/2020:10:29:19 +0800] "GET /xingrg/kc/print/load_data.html?order_code=212020092410452&kc_code=cgsh&condition= HTTP/1.1" 200 964
120.253.135.82 - - [24/Sep/2020:10:29:21 +0800] "POST /xingrg/kc/pszx/mdps_list_operate.html HTTP/1.1" 200 2072
124.77.70.31 - - [24/Sep/2020:10:29:21 +0800] "GET /xingrg/all/function/internal_message.html?_=1600914555499&CODE_STATE=getMsg HTTP/1.1" 200 27
180.157.253.48 - - [24/Sep/2020:10:29:22 +0800] "GET /xingrg/all/function/internal_message.html?_=1600914565268&CODE_STATE=getMsg HTTP/1.1" 200 27
180.162.245.190 - - [24/Sep/2020:10:29:22 +0800] "GET /xingrg/kc/buy/cgsh_order_add.html HTTP/1.1" 200 59781
180.162.245.190 - - [24/Sep/2020:10:29:22 +0800] "POST /xingrg/kc/buy/cgsh_order_operate.html HTTP/1.1" 200 8245
180.162.245.190 - - [24/Sep/2020:10:29:22 +0800] "GET /xingrg/javascript/easyui/themes/default/validatebox.css HTTP/1.1" 404 1104
120.253.135.82 - - [24/Sep/2020:10:29:23 +0800] "POST /xingrg/kc/pszx/mdps_list_operate.html HTTP/1.1" 200 211
120.253.135.82 - - [24/Sep/2020:10:29:23 +0800] "GET /xingrg/kc/pszx/mdps_order_info.html?code=312020092300649 HTTP/1.1" 200 23893
120.253.135.82 - - [24/Sep/2020:10:29:23 +0800] "POST /xingrg/kc/pszx/mdps_order_operate.html HTTP/1.1" 200 2293
120.253.135.82 - - [24/Sep/2020:10:29:23 +0800] "GET /xingrg/javascript/easyui/themes/default/validatebox.css HTTP/1.1" 404 1104
120.253.135.82 - - [24/Sep/2020:10:29:27 +0800] "POST /xingrg/kc/pszx/mdps_order_operate.html HTTP/1.1" 200 37
120.253.135.82 - - [24/Sep/2020:10:29:28 +0800] "POST /xingrg/kc/pszx/mdps_order_operate.html HTTP/1.1" 200 12
120.253.135.82 - - [24/Sep/2020:10:29:29 +0800] "GET /xingrg/kc/pszx/mdps_order_info.html?code=312020092300649 HTTP/1.1" 200 19553
120.253.135.82 - - [24/Sep/2020:10:29:30 +0800] "POST /xingrg/kc/pszx/mdps_order_operate.html HTTP/1.1" 200 515
120.253.135.82 - - [24/Sep/2020:10:29:30 +0800] "GET /xingrg/javascript/easyui/themes/default/validatebox.css HTTP/1.1" 404 1104
120.253.135.82 - - [24/Sep/2020:10:29:31 +0800] "POST /xingrg/kc/pszx/mdps_list_operate.html HTTP/1.1" 200 1692
120.253.135.82 - - [24/Sep/2020:10:29:33 +0800] "POST /xingrg/kc/pszx/mdps_list_operate.html HTTP/1.1" 200 563
222.69.137.189 - - [24/Sep/2020:10:29:33 +0800] "GET /xingrg/kc/buy/cgsh_order_operate.html?command=get_materiel&rest_code=00149&code=00101020079&supplier_code=00100019&order_time=2020-09-24 HTTP/1.1" 200 421
120.253.135.82 - - [24/Sep/2020:10:29:33 +0800] "GET /xingrg/kc/pszx/mdps_order_info.html?code=312020092400661 HTTP/1.1" 200 23887
120.253.135.82 - - [24/Sep/2020:10:29:33 +0800] "POST /xingrg/kc/pszx/mdps_order_operate.html HTTP/1.1" 200 4387
120.253.135.82 - - [24/Sep/2020:10:29:33 +0800] "GET /xingrg/javascript/easyui/themes/default/validatebox.css HTTP/1.1" 404 1104
172.17.0.240 - - [24/Sep/2020:10:29:33 +0800] "GET /xingrg/all/function/internal_message.html?_=1600914569484&CODE_STATE=getMsg HTTP/1.1" 200 27
116.238.71.173 - - [24/Sep/2020:10:29:34 +0800] "GET /xingrg/all/function/internal_message.html?_=1600914572820&CODE_STATE=getMsg HTTP/1.1" 200 27
172.17.0.100 - - [24/Sep/2020:10:29:36 +0800] "GET /xingrg/all/function/internal_message.html?_=1600914573827&CODE_STATE=getMsg HTTP/1.1" 200 27
222.69.137.189 - - [24/Sep/2020:10:29:38 +0800] "GET /xingrg/all/function/internal_message.html?_=1600914572327&CODE_STATE=getMsg HTTP/1.1" 200 27
116.238.71.173 - - [24/Sep/2020:10:29:38 +0800] "GET /xingrg/all/function/internal_message.html?_=1600914689943&CODE_STATE=getMsg HTTP/1.1" 200 27
180.162.245.190 - - [24/Sep/2020:10:29:39 +0800] "POST /xingrg/kc/buy/cgsh_order_operate.html HTTP/1.1" 200 37
120.253.135.82 - - [24/Sep/2020:10:29:41 +0800] "POST /xingrg/kc/pszx/mdps_order_operate.html HTTP/1.1" 200 37
120.253.135.82 - - [24/Sep/2020:10:29:43 +0800] "POST /xingrg/kc/pszx/mdps_order_operate.html HTTP/1.1" 200 12
172.17.0.120 - - [24/Sep/2020:10:29:43 +0800] "GET /xingrg/all/function/internal_message.html?_=1600914580043&CODE_STATE=getMsg HTTP/1.1" 200 27
120.253.135.82 - - [24/Sep/2020:10:29:44 +0800] "GET /xingrg/kc/pszx/mdps_order_info.html?code=312020092400661 HTTP/1.1" 200 19547
120.253.135.82 - - [24/Sep/2020:10:29:45 +0800] "POST /xingrg/kc/pszx/mdps_order_operate.html HTTP/1.1" 200 2591
120.253.135.82 - - [24/Sep/2020:10:29:45 +0800] "GET /xingrg/javascript/easyui/themes/default/validatebox.css HTTP/1.1" 404 1104
120.253.135.82 - - [24/Sep/2020:10:29:47 +0800] "POST /xingrg/kc/pszx/mdps_list_operate.html HTTP/1.1" 200 868
180.162.245.190 - - [24/Sep/2020:10:29:49 +0800] "POST /xingrg/kc/buy/cgsh_order_operate.html HTTP/1.1" 200 2657
180.162.245.190 - - [24/Sep/2020:10:29:50 +0800] "GET /xingrg/kc/print/load_data.html?order_code=212020092410453&kc_code=cgsh&condition= HTTP/1.1" 200 733
180.162.245.190 - - [24/Sep/2020:10:29:53 +0800] "GET /xingrg/kc/buy/cgsh_order_add.html HTTP/1.1" 200 59781
180.162.245.190 - - [24/Sep/2020:10:29:53 +0800] "POST /xingrg/kc/buy/cgsh_order_operate.html HTTP/1.1" 200 8245
180.162.245.190 - - [24/Sep/2020:10:29:53 +0800] "GET /xingrg/javascript/easyui/themes/default/validatebox.css HTTP/1.1" 404 1104
218.81.217.115 - - [24/Sep/2020:10:29:54 +0800] "GET /xingrg/all/function/internal_message.html?_=1600914603984&CODE_STATE=getMsg HTTP/1.1" 200 27
116.233.78.223 - - [24/Sep/2020:10:29:55 +0800] "GET /xingrg/check_reg.html?_=1600914778078 HTTP/1.1" 200 22
116.233.78.223 - - [24/Sep/2020:10:29:55 +0800] "GET /xingrg/all/function/internal_message.html?_=1600914778078&CODE_STATE=getMsg HTTP/1.1" 200 27
101.85.228.253 - - [24/Sep/2020:10:29:59 +0800] "GET /xingrg/all/function/internal_message.html?_=1600914809439&CODE_STATE=getMsg HTTP/1.1" 200 27
114.88.166.242 - - [24/Sep/2020:10:29:59 +0800] "GET /xingrg/all/function/internal_message.html?_=1600914594655&CODE_STATE=getMsg HTTP/1.1" 200 27
117.131.5.26 - - [24/Sep/2020:10:30:01 +0800] "GET /xingrg/check_reg.html?_=1600914604457 HTTP/1.1" 200 22
117.131.5.26 - - [24/Sep/2020:10:30:01 +0800] "GET /xingrg/all/function/internal_message.html?_=1600914604457&CODE_STATE=getMsg HTTP/1.1" 200 27
180.162.245.190 - - [24/Sep/2020:10:30:04 +0800] "GET /xingrg/all/function/internal_message.html?_=1600914605083&CODE_STATE=getMsg HTTP/1.1" 200 27
58.221.95.50 - - [24/Sep/2020:10:30:04 +0800] "GET /xingrg/check_reg.html?_=1600914759575 HTTP/1.1" 200 22
222.69.137.189 - - [24/Sep/2020:10:30:05 +0800] "GET /xingrg/kc/buy/cgsh_order_operate.html?command=get_materiel&rest_code=00149&code=00101026022&supplier_code=00100019&order_time=2020-09-24 HTTP/1.1" 200 469
114.88.166.242 - - [24/Sep/2020:10:30:13 +0800] "GET /xingrg/all/function/internal_message.html?_=1600914682724&CODE_STATE=getMsg HTTP/1.1" 200 27
172.17.200.101 - - [24/Sep/2020:10:30:16 +0800] "GET /xingrg/all/function/internal_message.html?_=1600914616418&CODE_STATE=getMsg HTTP/1.1" 200 27
114.88.166.242 - - [24/Sep/2020:10:30:17 +0800] "GET /xingrg/all/function/internal_message.html?_=1600914610683&CODE_STATE=getMsg HTTP/1.1" 302 -
58.221.95.50 - - [24/Sep/2020:10:30:18 +0800] "GET /xingrg/all/function/internal_message.html?_=1600914774065&CODE_STATE=getMsg HTTP/1.1" 200 27
120.253.135.82 - - [24/Sep/2020:10:30:19 +0800] "POST /xingrg/kc/pszx/mdps_list_operate.html HTTP/1.1" 200 2072
120.253.135.82 - - [24/Sep/2020:10:30:20 +0800] "POST /xingrg/kc/pszx/mdps_list_operate.html HTTP/1.1" 200 211
120.253.135.82 - - [24/Sep/2020:10:30:21 +0800] "GET /xingrg/kc/pszx/mdps_order_info.html?code=312020092300648 HTTP/1.1" 200 23893
124.77.70.31 - - [24/Sep/2020:10:30:21 +0800] "GET /xingrg/all/function/internal_message.html?_=1600914615507&CODE_STATE=getMsg HTTP/1.1" 200 27
222.69.137.189 - - [24/Sep/2020:10:30:21 +0800] "GET /xingrg/kc/buy/cgsh_order_operate.html?command=get_materiel&rest_code=00149&code=00101026026&supplier_code=00100019&order_time=2020-09-24 HTTP/1.1" 200 484
120.253.135.82 - - [24/Sep/2020:10:30:21 +0800] "POST /xingrg/kc/pszx/mdps_order_operate.html HTTP/1.1" 200 2293
120.253.135.82 - - [24/Sep/2020:10:30:21 +0800] "GET /xingrg/javascript/easyui/themes/default/validatebox.css HTTP/1.1" 404 1104
180.157.253.48 - - [24/Sep/2020:10:30:22 +0800] "GET /xingrg/all/function/internal_message.html?_=1600914625280&CODE_STATE=getMsg HTTP/1.1" 200 27
120.253.135.82 - - [24/Sep/2020:10:30:25 +0800] "POST /xingrg/kc/pszx/mdps_order_operate.html HTTP/1.1" 200 37
114.88.166.242 - - [24/Sep/2020:10:30:25 +0800] "GET /xingrg/check_reg.html?_=1600914620524 HTTP/1.1" 200 22
120.253.135.82 - - [24/Sep/2020:10:30:26 +0800] "POST /xingrg/kc/pszx/mdps_order_operate.html HTTP/1.1" 200 12
120.253.135.82 - - [24/Sep/2020:10:30:27 +0800] "GET /xingrg/kc/pszx/mdps_order_info.html?code=312020092300648 HTTP/1.1" 200 19553
120.253.135.82 - - [24/Sep/2020:10:30:27 +0800] "POST /xingrg/kc/pszx/mdps_order_operate.html HTTP/1.1" 200 515
120.253.135.82 - - [24/Sep/2020:10:30:27 +0800] "GET /xingrg/javascript/easyui/themes/default/validatebox.css HTTP/1.1" 404 1104
120.253.135.82 - - [24/Sep/2020:10:30:28 +0800] "POST /xingrg/kc/pszx/mdps_list_operate.html HTTP/1.1" 200 1692
120.253.135.82 - - [24/Sep/2020:10:30:29 +0800] "POST /xingrg/kc/pszx/mdps_list_operate.html HTTP/1.1" 200 617
120.253.135.82 - - [24/Sep/2020:10:30:30 +0800] "GET /xingrg/kc/pszx/mdps_order_info.html?code=312020092400660 HTTP/1.1" 200 23887
120.253.135.82 - - [24/Sep/2020:10:30:31 +0800] "POST /xingrg/kc/pszx/mdps_order_operate.html HTTP/1.1" 200 7399
180.162.245.190 - - [24/Sep/2020:10:30:31 +0800] "GET /xingrg/kc/buy/cgsh_order_operate.html?command=get_materiel&rest_code=00105&code=00101010161&supplier_code=00100334&order_time=2020-09-24 HTTP/1.1" 200 430
120.253.135.82 - - [24/Sep/2020:10:30:31 +0800] "GET /xingrg/javascript/easyui/themes/default/validatebox.css HTTP/1.1" 404 1104
172.17.0.240 - - [24/Sep/2020:10:30:33 +0800] "GET /xingrg/all/function/internal_message.html?_=1600914629487&CODE_STATE=getMsg HTTP/1.1" 200 27
172.17.0.240 - - [24/Sep/2020:10:30:33 +0800] "GET /xingrg/check_reg.html?_=1600914629495 HTTP/1.1" 200 22
116.238.71.173 - - [24/Sep/2020:10:30:34 +0800] "GET /xingrg/all/function/internal_message.html?_=1600914632871&CODE_STATE=getMsg HTTP/1.1" 200 27
120.253.135.82 - - [24/Sep/2020:10:30:36 +0800] "POST /xingrg/kc/pszx/mdps_order_operate.html HTTP/1.1" 200 37
172.17.0.100 - - [24/Sep/2020:10:30:36 +0800] "GET /xingrg/all/function/internal_message.html?_=1600914633825&CODE_STATE=getMsg HTTP/1.1" 200 27
172.17.0.100 - - [24/Sep/2020:10:30:36 +0800] "GET /xingrg/check_reg.html?_=1600914633826 HTTP/1.1" 200 22
120.253.135.82 - - [24/Sep/2020:10:30:37 +0800] "POST /xingrg/kc/pszx/mdps_order_operate.html HTTP/1.1" 200 12
222.69.137.189 - - [24/Sep/2020:10:30:38 +0800] "GET /xingrg/all/function/internal_message.html?_=1600914632303&CODE_STATE=getMsg HTTP/1.1" 200 27
116.238.71.173 - - [24/Sep/2020:10:30:38 +0800] "GET /xingrg/all/function/internal_message.html?_=1600914749953&CODE_STATE=getMsg HTTP/1.1" 200 27
120.253.135.82 - - [24/Sep/2020:10:30:39 +0800] "GET /xingrg/kc/pszx/mdps_order_info.html?code=312020092400660 HTTP/1.1" 200 19547
120.253.135.82 - - [24/Sep/2020:10:30:40 +0800] "POST /xingrg/kc/pszx/mdps_order_operate.html HTTP/1.1" 200 5574
120.253.135.82 - - [24/Sep/2020:10:30:40 +0800] "GET /xingrg/javascript/easyui/themes/default/validatebox.css HTTP/1.1" 404 1104
120.253.135.82 - - [24/Sep/2020:10:30:41 +0800] "POST /xingrg/kc/pszx/mdps_list_operate.html HTTP/1.1" 200 868
172.17.0.120 - - [24/Sep/2020:10:30:43 +0800] "GET /xingrg/all/function/internal_message.html?_=1600914640048&CODE_STATE=getMsg HTTP/1.1" 200 27
116.233.78.223 - - [24/Sep/2020:10:30:54 +0800] "GET /xingrg/all/function/internal_message.html?_=1600914838078&CODE_STATE=getMsg HTTP/1.1" 200 27
218.81.217.115 - - [24/Sep/2020:10:30:54 +0800] "GET /xingrg/all/function/internal_message.html?_=1600914663986&CODE_STATE=getMsg HTTP/1.1" 200 27
101.85.228.253 - - [24/Sep/2020:10:30:59 +0800] "GET /xingrg/all/function/internal_message.html?_=1600914869732&CODE_STATE=getMsg HTTP/1.1" 200 27
114.88.166.242 - - [24/Sep/2020:10:30:59 +0800] "GET /xingrg/all/function/internal_message.html?_=1600914654671&CODE_STATE=getMsg HTTP/1.1" 200 27
117.131.5.26 - - [24/Sep/2020:10:31:01 +0800] "GET /xingrg/all/function/internal_message.html?_=1600914664457&CODE_STATE=getMsg HTTP/1.1" 200 27
180.162.245.190 - - [24/Sep/2020:10:31:03 +0800] "GET /xingrg/all/function/internal_message.html?_=1600914665038&CODE_STATE=getMsg HTTP/1.1" 200 27
120.253.135.82 - - [24/Sep/2020:10:31:08 +0800] "GET /xingrg/check_reg.html?_=1600914415036 HTTP/1.1" 200 22
114.88.166.242 - - [24/Sep/2020:10:31:13 +0800] "GET /xingrg/all/function/internal_message.html?_=1600914742724&CODE_STATE=getMsg HTTP/1.1" 200 27
172.17.200.101 - - [24/Sep/2020:10:31:16 +0800] "GET /xingrg/all/function/internal_message.html?_=1600914676418&CODE_STATE=getMsg HTTP/1.1" 200 27
114.88.166.242 - - [24/Sep/2020:10:31:17 +0800] "GET /xingrg/all/function/internal_message.html?_=1600914670685&CODE_STATE=getMsg HTTP/1.1" 302 -
114.88.166.242 - - [24/Sep/2020:10:31:17 +0800] "GET /xingrg/check_reg.html?_=1600914670688 HTTP/1.1" 302 -
58.221.95.50 - - [24/Sep/2020:10:31:18 +0800] "GET /xingrg/all/function/internal_message.html?_=1600914834047&CODE_STATE=getMsg HTTP/1.1" 200 27
180.157.253.48 - - [24/Sep/2020:10:31:21 +0800] "GET /xingrg/check_reg.html?_=1600914684343 HTTP/1.1" 200 22
124.77.70.31 - - [24/Sep/2020:10:31:21 +0800] "GET /xingrg/all/function/internal_message.html?_=1600914675510&CODE_STATE=getMsg HTTP/1.1" 200 27
180.157.253.48 - - [24/Sep/2020:10:31:22 +0800] "GET /xingrg/all/function/internal_message.html?_=1600914685294&CODE_STATE=getMsg HTTP/1.1" 200 27
180.162.245.190 - - [24/Sep/2020:10:31:22 +0800] "POST /xingrg/kc/buy/cgsh_order_operate.html HTTP/1.1" 200 37
180.162.245.190 - - [24/Sep/2020:10:31:29 +0800] "POST /xingrg/kc/buy/cgsh_order_operate.html HTTP/1.1" 200 2652
180.162.245.190 - - [24/Sep/2020:10:31:31 +0800] "GET /xingrg/kc/print/load_data.html?order_code=212020092410454&kc_code=cgsh&condition= HTTP/1.1" 200 667
172.17.0.240 - - [24/Sep/2020:10:31:33 +0800] "GET /xingrg/all/function/internal_message.html?_=1600914689481&CODE_STATE=getMsg HTTP/1.1" 200 27
116.238.71.173 - - [24/Sep/2020:10:31:35 +0800] "GET /xingrg/all/function/internal_message.html?_=1600914692921&CODE_STATE=getMsg HTTP/1.1" 200 27
172.17.0.100 - - [24/Sep/2020:10:31:36 +0800] "GET /xingrg/all/function/internal_message.html?_=1600914693824&CODE_STATE=getMsg HTTP/1.1" 200 27
116.238.71.173 - - [24/Sep/2020:10:31:36 +0800] "GET /xingrg/check_reg.html?_=1600914808718 HTTP/1.1" 200 22
222.69.137.189 - - [24/Sep/2020:10:31:37 +0800] "GET /xingrg/all/function/internal_message.html?_=1600914692280&CODE_STATE=getMsg HTTP/1.1" 200 27
116.238.71.173 - - [24/Sep/2020:10:31:38 +0800] "GET /xingrg/all/function/internal_message.html?_=1600914810037&CODE_STATE=getMsg HTTP/1.1" 200 27
222.69.137.189 - - [24/Sep/2020:10:31:38 +0800] "GET /xingrg/check_reg.html?_=1600914693126 HTTP/1.1" 200 22
172.17.0.120 - - [24/Sep/2020:10:31:43 +0800] "GET /xingrg/all/function/internal_message.html?_=1600914700037&CODE_STATE=getMsg HTTP/1.1" 200 27
218.81.217.115 - - [24/Sep/2020:10:31:52 +0800] "GET /xingrg/check_reg.html?_=1600914721387 HTTP/1.1" 200 22
116.233.78.223 - - [24/Sep/2020:10:31:54 +0800] "GET /xingrg/all/function/internal_message.html?_=1600914898075&CODE_STATE=getMsg HTTP/1.1" 200 27
218.81.217.115 - - [24/Sep/2020:10:31:54 +0800] "GET /xingrg/all/function/internal_message.html?_=1600914723999&CODE_STATE=getMsg HTTP/1.1" 200 27
101.85.228.253 - - [24/Sep/2020:10:31:59 +0800] "GET /xingrg/all/function/internal_message.html?_=1600914929747&CODE_STATE=getMsg HTTP/1.1" 200 27
114.88.166.242 - - [24/Sep/2020:10:31:59 +0800] "GET /xingrg/all/function/internal_message.html?_=1600914714675&CODE_STATE=getMsg HTTP/1.1" 200 27
117.131.5.26 - - [24/Sep/2020:10:32:01 +0800] "GET /xingrg/all/function/internal_message.html?_=1600914724457&CODE_STATE=getMsg HTTP/1.1" 200 27
180.162.245.190 - - [24/Sep/2020:10:32:03 +0800] "GET /xingrg/check_reg.html?_=1600914724840 HTTP/1.1" 200 22
180.162.245.190 - - [24/Sep/2020:10:32:03 +0800] "GET /xingrg/all/function/internal_message.html?_=1600914725022&CODE_STATE=getMsg HTTP/1.1" 200 27
114.88.166.242 - - [24/Sep/2020:10:32:13 +0800] "GET /xingrg/check_reg.html?_=1600914802724 HTTP/1.1" 200 22
114.88.166.242 - - [24/Sep/2020:10:32:13 +0800] "GET /xingrg/all/function/internal_message.html?_=1600914802723&CODE_STATE=getMsg HTTP/1.1" 200 27
172.17.200.101 - - [24/Sep/2020:10:32:16 +0800] "GET /xingrg/all/function/internal_message.html?_=1600914736440&CODE_STATE=getMsg HTTP/1.1" 200 27
114.88.166.242 - - [24/Sep/2020:10:32:17 +0800] "GET /xingrg/all/function/internal_message.html?_=1600914730688&CODE_STATE=getMsg HTTP/1.1" 302 -
58.221.95.50 - - [24/Sep/2020:10:32:18 +0800] "GET /xingrg/all/function/internal_message.html?_=1600914894026&CODE_STATE=getMsg HTTP/1.1" 200 27
124.77.70.31 - - [24/Sep/2020:10:32:21 +0800] "GET /xingrg/check_reg.html?_=1600914735508 HTTP/1.1" 200 22
124.77.70.31 - - [24/Sep/2020:10:32:21 +0800] "GET /xingrg/all/function/internal_message.html?_=1600914735510&CODE_STATE=getMsg HTTP/1.1" 200 27
180.157.253.48 - - [24/Sep/2020:10:32:22 +0800] "GET /xingrg/all/function/internal_message.html?_=1600914745308&CODE_STATE=getMsg HTTP/1.1" 200 27
58.37.8.227 - - [24/Sep/2020:10:32:27 +0800] "GET /xingrg/check_reg.html?_=1600914743166 HTTP/1.1" 200 22
180.162.245.190 - - [24/Sep/2020:10:32:31 +0800] "GET /xingrg/index.html?sysBaseUrl=http%3A%2F%2F180.169.147.146%3A18081%2Fxingrg%2F&costTime=32×tamp=1585224308505 HTTP/1.1" 302 -
180.162.245.190 - - [24/Sep/2020:10:32:31 +0800] "GET /xingrg/login.html HTTP/1.1" 200 7641
180.162.245.190 - - [24/Sep/2020:10:32:31 +0800] "GET /favicon.ico HTTP/1.1" 404 -
180.162.245.190 - - [24/Sep/2020:10:32:33 +0800] "GET /xingrg/kc/buy/cgsh_order_add.html HTTP/1.1" 200 59781
180.162.245.190 - - [24/Sep/2020:10:32:33 +0800] "POST /xingrg/kc/buy/cgsh_order_operate.html HTTP/1.1" 200 8245
180.162.245.190 - - [24/Sep/2020:10:32:33 +0800] "GET /xingrg/javascript/easyui/themes/default/validatebox.css HTTP/1.1" 404 1104
172.17.0.240 - - [24/Sep/2020:10:32:33 +0800] "GET /xingrg/all/function/internal_message.html?_=1600914749483&CODE_STATE=getMsg HTTP/1.1" 200 27
116.238.71.173 - - [24/Sep/2020:10:32:35 +0800] "GET /xingrg/check_reg.html?_=1600914752970 HTTP/1.1" 200 22
116.238.71.173 - - [24/Sep/2020:10:32:35 +0800] "GET /xingrg/all/function/internal_message.html?_=1600914752973&CODE_STATE=getMsg HTTP/1.1" 200 27
172.17.0.100 - - [24/Sep/2020:10:32:36 +0800] "GET /xingrg/all/function/internal_message.html?_=1600914753822&CODE_STATE=getMsg HTTP/1.1" 200 27
222.69.137.189 - - [24/Sep/2020:10:32:37 +0800] "GET /xingrg/all/function/internal_message.html?_=1600914752262&CODE_STATE=getMsg HTTP/1.1" 200 27
116.238.71.173 - - [24/Sep/2020:10:32:38 +0800] "GET /xingrg/all/function/internal_message.html?_=1600914870042&CODE_STATE=getMsg HTTP/1.1" 200 27
172.17.0.120 - - [24/Sep/2020:10:32:43 +0800] "GET /xingrg/check_reg.html?_=1600914760044 HTTP/1.1" 200 22
172.17.0.120 - - [24/Sep/2020:10:32:43 +0800] "GET /xingrg/all/function/internal_message.html?_=1600914760048&CODE_STATE=getMsg HTTP/1.1" 200 27
180.162.245.190 - - [24/Sep/2020:10:32:47 +0800] "GET /xingrg/kc/buy/cgsh_order_operate.html?command=get_materiel&rest_code=00105&code=00101012046&supplier_code=00100347&order_time=2020-09-24 HTTP/1.1" 200 417
180.162.245.190 - - [24/Sep/2020:10:32:53 +0800] "POST /xingrg/login.do HTTP/1.1" 302 -
180.162.245.190 - - [24/Sep/2020:10:32:53 +0800] "GET /xingrg/index.html?sysBaseUrl=http%3A%2F%2F180.169.147.146%3A18081%2Fxingrg%2F&costTime=39×tamp=1600914773235 HTTP/1.1" 200 17173
116.233.78.223 - - [24/Sep/2020:10:32:53 +0800] "GET /xingrg/all/function/internal_message.html?_=1600914782996&CODE_STATE=getMsg HTTP/1.1" 200 27
180.162.245.190 - - [24/Sep/2020:10:32:53 +0800] "GET /favicon.ico HTTP/1.1" 404 -
180.162.245.190 - - [24/Sep/2020:10:32:54 +0800] "POST /xingrg/all/common/load_tree.html?tree=area_rest_tree_json&manage=1 HTTP/1.1" 200 342
180.162.245.190 - - [24/Sep/2020:10:32:54 +0800] "GET /xingrg/all/function/internal_message.html?_=1600914756523&CODE_STATE=count HTTP/1.1" 200 11
180.162.245.190 - - [24/Sep/2020:10:32:54 +0800] "GET /xingrg/check_reg.html?_=1600914756524 HTTP/1.1" 200 22
180.162.245.190 - - [24/Sep/2020:10:32:54 +0800] "POST /xingrg/load_menu.html HTTP/1.1" 200 5138
218.81.217.115 - - [24/Sep/2020:10:32:54 +0800] "GET /xingrg/all/function/internal_message.html?_=1600914784013&CODE_STATE=getMsg HTTP/1.1" 200 27
101.85.228.253 - - [24/Sep/2020:10:32:56 +0800] "GET /xingrg/check_reg.html?_=1600914987042 HTTP/1.1" 200 22
101.85.228.253 - - [24/Sep/2020:10:32:59 +0800] "GET /xingrg/all/function/internal_message.html?_=1600914989761&CODE_STATE=getMsg HTTP/1.1" 200 27
114.88.166.242 - - [24/Sep/2020:10:32:59 +0800] "GET /xingrg/all/function/internal_message.html?_=1600914774761&CODE_STATE=getMsg HTTP/1.1" 200 27
117.131.5.26 - - [24/Sep/2020:10:33:01 +0800] "GET /xingrg/all/function/internal_message.html?_=1600914784457&CODE_STATE=getMsg HTTP/1.1" 200 27
180.162.245.190 - - [24/Sep/2020:10:33:03 +0800] "GET /xingrg/all/function/internal_message.html?_=1600914785025&CODE_STATE=getMsg HTTP/1.1" 200 27
180.162.245.190 - - [24/Sep/2020:10:33:04 +0800] "GET /xingrg/kc/buy/cgsh_order_operate.html?command=get_materiel&rest_code=00105&code=00101001060&supplier_code=00100347&order_time=2020-09-24 HTTP/1.1" 200 419
114.88.166.242 - - [24/Sep/2020:10:33:13 +0800] "GET /xingrg/all/function/internal_message.html?_=1600914862722&CODE_STATE=getMsg HTTP/1.1" 200 27
172.17.200.101 - - [24/Sep/2020:10:33:16 +0800] "GET /xingrg/all/function/internal_message.html?_=1600914796441&CODE_STATE=getMsg HTTP/1.1" 200 27
114.88.166.242 - - [24/Sep/2020:10:33:17 +0800] "GET /xingrg/all/function/internal_message.html?_=1600914790688&CODE_STATE=getMsg HTTP/1.1" 302 -
58.221.95.50 - - [24/Sep/2020:10:33:18 +0800] "GET /xingrg/all/function/internal_message.html?_=1600914954010&CODE_STATE=getMsg HTTP/1.1" 200 27
124.77.70.31 - - [24/Sep/2020:10:33:21 +0800] "GET /xingrg/all/function/internal_message.html?_=1600914795509&CODE_STATE=getMsg HTTP/1.1" 200 27
180.157.253.48 - - [24/Sep/2020:10:33:22 +0800] "GET /xingrg/all/function/internal_message.html?_=1600914805320&CODE_STATE=getMsg HTTP/1.1" 200 27
172.17.0.240 - - [24/Sep/2020:10:33:33 +0800] "GET /xingrg/all/function/internal_message.html?_=1600914809486&CODE_STATE=getMsg HTTP/1.1" 200 27
116.238.71.173 - - [24/Sep/2020:10:33:35 +0800] "GET /xingrg/all/function/internal_message.html?_=1600914813008&CODE_STATE=getMsg HTTP/1.1" 200 27
172.17.0.100 - - [24/Sep/2020:10:33:36 +0800] "GET /xingrg/all/function/internal_message.html?_=1600914813822&CODE_STATE=getMsg HTTP/1.1" 200 27
222.69.137.189 - - [24/Sep/2020:10:33:37 +0800] "GET /xingrg/all/function/internal_message.html?_=1600914812248&CODE_STATE=getMsg HTTP/1.1" 200 27
116.238.71.173 - - [24/Sep/2020:10:33:38 +0800] "GET /xingrg/all/function/internal_message.html?_=1600914930056&CODE_STATE=getMsg HTTP/1.1" 200 27
222.69.137.189 - - [24/Sep/2020:10:33:39 +0800] "GET /xingrg/kc/buy/cgsh_order_operate.html?command=get_materiel&rest_code=00149&code=00101026025&supplier_code=00100019&order_time=2020-09-24 HTTP/1.1" 200 489
172.17.0.120 - - [24/Sep/2020:10:33:43 +0800] "GET /xingrg/all/function/internal_message.html?_=1600914820036&CODE_STATE=getMsg HTTP/1.1" 200 27
180.162.245.190 - - [24/Sep/2020:10:33:45 +0800] "GET /xingrg/kc/buy/cgsh_order_operate.html?command=get_materiel&rest_code=00105&code=00102002167&supplier_code=00100347&order_time=2020-09-24 HTTP/1.1" 200 409
180.162.245.190 - - [24/Sep/2020:10:33:51 +0800] "GET /xingrg/kc/base/base_main.html HTTP/1.1" 200 12142
116.233.78.223 - - [24/Sep/2020:10:33:53 +0800] "GET /xingrg/all/function/internal_message.html?_=1600914842995&CODE_STATE=getMsg HTTP/1.1" 200 27
180.162.245.190 - - [24/Sep/2020:10:33:53 +0800] "GET /xingrg/kc/base/wldb_order_list.html HTTP/1.1" 200 19337
218.81.217.115 - - [24/Sep/2020:10:33:54 +0800] "GET /xingrg/all/function/internal_message.html?_=1600914844026&CODE_STATE=getMsg HTTP/1.1" 200 27
180.162.245.190 - - [24/Sep/2020:10:33:54 +0800] "GET /xingrg/all/function/internal_message.html?_=1600914816898&CODE_STATE=getMsg HTTP/1.1" 200 27
180.162.245.190 - - [24/Sep/2020:10:33:55 +0800] "POST /xingrg/kc/base/wldb_list_operate.html HTTP/1.1" 200 928
180.162.245.190 - - [24/Sep/2020:10:33:58 +0800] "GET /xingrg/kc/base/wldb_order_add.html HTTP/1.1" 200 30449
180.162.245.190 - - [24/Sep/2020:10:33:58 +0800] "GET /xingrg/words/20200923190918_words.js HTTP/1.1" 200 764657
180.162.245.190 - - [24/Sep/2020:10:33:58 +0800] "POST /xingrg/kc/base/wldb_order_operate.html HTTP/1.1" 200 6806
180.162.245.190 - - [24/Sep/2020:10:33:58 +0800] "GET /xingrg/all/common/auto_word.html?type=base&rest_code=00105 HTTP/1.1" 200 1753
180.162.245.190 - - [24/Sep/2020:10:33:58 +0800] "GET /xingrg/all/common/auto_word.html?type=base&rest_code=00105 HTTP/1.1" 200 1753
180.162.245.190 - - [24/Sep/2020:10:33:59 +0800] "GET /xingrg/javascript/easyui/themes/default/validatebox.css HTTP/1.1" 404 1104
222.69.137.189 - - [24/Sep/2020:10:33:59 +0800] "GET /xingrg/kc/buy/cgsh_order_operate.html?command=get_materiel&rest_code=00149&code=00101028008&supplier_code=00100019&order_time=2020-09-24 HTTP/1.1" 200 447
101.85.228.253 - - [24/Sep/2020:10:33:59 +0800] "GET /xingrg/all/function/internal_message.html?_=1600915049774&CODE_STATE=getMsg HTTP/1.1" 200 27
114.88.166.242 - - [24/Sep/2020:10:33:59 +0800] "GET /xingrg/all/function/internal_message.html?_=1600914834766&CODE_STATE=getMsg HTTP/1.1" 200 27
180.162.245.190 - - [24/Sep/2020:10:34:00 +0800] "POST /xingrg/all/common/load_combo.html?type=base HTTP/1.1" 200 3142
117.131.5.26 - - [24/Sep/2020:10:34:01 +0800] "GET /xingrg/all/function/internal_message.html?_=1600914844457&CODE_STATE=getMsg HTTP/1.1" 200 27
180.162.245.190 - - [24/Sep/2020:10:34:03 +0800] "POST /xingrg/all/common/load_combo.html?type=base HTTP/1.1" 200 3142
180.162.245.190 - - [24/Sep/2020:10:34:03 +0800] "GET /xingrg/all/function/internal_message.html?_=1600914844975&CODE_STATE=getMsg HTTP/1.1" 200 27
58.40.7.146 - - [24/Sep/2020:10:34:06 +0800] "POST /xingrg/services/DataTransmitService HTTP/1.1" 200 524
180.162.245.190 - - [24/Sep/2020:10:34:07 +0800] "GET /xingrg/kc/buy/cgsh_order_operate.html?command=get_materiel&rest_code=00105&code=00101004038&supplier_code=00100347&order_time=2020-09-24 HTTP/1.1" 200 429
180.157.253.48 - - [24/Sep/2020:10:34:08 +0800] "POST /xingrg/services/DataTransmitService HTTP/1.1" 200 524
180.157.253.48 - - [24/Sep/2020:10:34:08 +0800] "POST /xingrg/services/DataTransmitService HTTP/1.1" 200 1863
180.157.253.48 - - [24/Sep/2020:10:34:09 +0800] "POST /xingrg/services/DataTransmitService HTTP/1.1" 200 132151
114.88.166.242 - - [24/Sep/2020:10:34:13 +0800] "GET /xingrg/all/function/internal_message.html?_=1600914922736&CODE_STATE=getMsg HTTP/1.1" 200 27
222.69.137.189 - - [24/Sep/2020:10:34:14 +0800] "GET /xingrg/kc/buy/cgsh_order_operate.html?command=get_materiel&rest_code=00149&code=00101029009&supplier_code=00100019&order_time=2020-09-24 HTTP/1.1" 200 477
58.221.95.50 - - [24/Sep/2020:10:34:15 +0800] "GET /xingrg/check_reg.html?_=1600915010627 HTTP/1.1" 200 22
172.17.200.101 - - [24/Sep/2020:10:34:16 +0800] "GET /xingrg/all/function/internal_message.html?_=1600914856451&CODE_STATE=getMsg HTTP/1.1" 200 27
172.17.200.101 - - [24/Sep/2020:10:34:16 +0800] "GET /xingrg/check_reg.html?_=1600914856455 HTTP/1.1" 200 22
114.88.166.242 - - [24/Sep/2020:10:34:17 +0800] "GET /xingrg/all/function/internal_message.html?_=1600914850688&CODE_STATE=getMsg HTTP/1.1" 302 -
58.221.95.50 - - [24/Sep/2020:10:34:18 +0800] "GET /xingrg/all/function/internal_message.html?_=1600915013988&CODE_STATE=getMsg HTTP/1.1" 200 27
124.77.70.31 - - [24/Sep/2020:10:34:21 +0800] "GET /xingrg/all/function/internal_message.html?_=1600914855508&CODE_STATE=getMsg HTTP/1.1" 200 27
180.157.253.48 - - [24/Sep/2020:10:34:22 +0800] "GET /xingrg/all/function/internal_message.html?_=1600914865591&CODE_STATE=getMsg HTTP/1.1" 200 27
180.162.245.190 - - [24/Sep/2020:10:34:31 +0800] "GET /xingrg/javascript/auto/indicator.gif HTTP/1.1" 404 1066
180.162.245.190 - - [24/Sep/2020:10:34:33 +0800] "GET /xingrg/kc/buy/cgsh_order_operate.html?command=get_materiel&rest_code=00105&code=00101005022&supplier_code=00100347&order_time=2020-09-24 HTTP/1.1" 200 436
172.17.0.240 - - [24/Sep/2020:10:34:33 +0800] "GET /xingrg/all/function/internal_message.html?_=1600914869490&CODE_STATE=getMsg HTTP/1.1" 200 27
116.238.71.173 - - [24/Sep/2020:10:34:35 +0800] "GET /xingrg/all/function/internal_message.html?_=1600914873058&CODE_STATE=getMsg HTTP/1.1" 200 27
172.17.0.100 - - [24/Sep/2020:10:34:36 +0800] "GET /xingrg/all/function/internal_message.html?_=1600914873820&CODE_STATE=getMsg HTTP/1.1" 200 27
222.69.137.189 - - [24/Sep/2020:10:34:37 +0800] "GET /xingrg/all/function/internal_message.html?_=1600914872236&CODE_STATE=getMsg HTTP/1.1" 200 27
116.238.71.173 - - [24/Sep/2020:10:34:38 +0800] "GET /xingrg/all/function/internal_message.html?_=1600914990130&CODE_STATE=getMsg HTTP/1.1" 200 27
180.162.245.190 - - [24/Sep/2020:10:34:39 +0800] "GET /xingrg/kc/buy/cgsh_order_operate.html?command=get_materiel&rest_code=00105&code=00101001045&supplier_code=00100347&order_time=2020-09-24 HTTP/1.1" 200 440
172.17.0.120 - - [24/Sep/2020:10:34:43 +0800] "GET /xingrg/all/function/internal_message.html?_=1600914880044&CODE_STATE=getMsg HTTP/1.1" 200 27
101.85.228.253 - - [24/Sep/2020:10:34:50 +0800] "POST /xingrg/services/DataTransmitService HTTP/1.1" 200 524
101.85.228.253 - - [24/Sep/2020:10:34:50 +0800] "POST /xingrg/services/DataTransmitService HTTP/1.1" 200 501
116.233.78.223 - - [24/Sep/2020:10:34:52 +0800] "GET /xingrg/check_reg.html?_=1600914903000 HTTP/1.1" 200 22
116.233.78.223 - - [24/Sep/2020:10:34:52 +0800] "GET /xingrg/all/function/internal_message.html?_=1600914903000&CODE_STATE=getMsg HTTP/1.1" 200 27
180.162.245.190 - - [24/Sep/2020:10:34:53 +0800] "POST /xingrg/kc/buy/cgsh_order_operate.html HTTP/1.1" 200 37
180.162.245.190 - - [24/Sep/2020:10:34:54 +0800] "POST /xingrg/kc/buy/cgsh_order_operate.html HTTP/1.1" 200 6240
180.162.245.190 - - [24/Sep/2020:10:34:54 +0800] "GET /xingrg/all/function/internal_message.html?_=1600914876761&CODE_STATE=getMsg HTTP/1.1" 200 27
218.81.217.115 - - [24/Sep/2020:10:34:54 +0800] "GET /xingrg/all/function/internal_message.html?_=1600914904261&CODE_STATE=getMsg HTTP/1.1" 200 27
180.162.245.190 - - [24/Sep/2020:10:34:55 +0800] "GET /xingrg/kc/print/load_data.html?order_code=212020092410455&kc_code=cgsh&condition= HTTP/1.1" 200 2035
218.81.217.115 - - [24/Sep/2020:10:34:57 +0800] "POST /xingrg/services/DataTransmitService HTTP/1.1" 200 524
218.81.217.115 - - [24/Sep/2020:10:34:57 +0800] "POST /xingrg/services/DataTransmitService HTTP/1.1" 200 1863
218.81.217.115 - - [24/Sep/2020:10:34:58 +0800] "POST /xingrg/services/DataTransmitService HTTP/1.1" 200 146408
101.85.228.253 - - [24/Sep/2020:10:34:59 +0800] "GET /xingrg/all/function/internal_message.html?_=1600915109789&CODE_STATE=getMsg HTTP/1.1" 200 27
114.88.166.242 - - [24/Sep/2020:10:34:59 +0800] "GET /xingrg/all/function/internal_message.html?_=1600914894832&CODE_STATE=getMsg HTTP/1.1" 200 27
117.131.5.26 - - [24/Sep/2020:10:35:01 +0800] "GET /xingrg/check_reg.html?_=1600914904457 HTTP/1.1" 200 22
117.131.5.26 - - [24/Sep/2020:10:35:01 +0800] "GET /xingrg/all/function/internal_message.html?_=1600914904457&CODE_STATE=getMsg HTTP/1.1" 200 27
180.162.245.190 - - [24/Sep/2020:10:35:03 +0800] "GET /xingrg/all/function/internal_message.html?_=1600914904956&CODE_STATE=getMsg HTTP/1.1" 200 27
58.221.95.50 - - [24/Sep/2020:10:35:04 +0800] "GET /xingrg/check_reg.html?_=1600915059538 HTTP/1.1" 200 22
222.69.137.189 - - [24/Sep/2020:10:35:07 +0800] "GET /xingrg/kc/buy/cgsh_order_operate.html?command=get_materiel&rest_code=00149&code=00101027017&supplier_code=00100019&order_time=2020-09-24 HTTP/1.1" 200 443
114.88.166.242 - - [24/Sep/2020:10:35:13 +0800] "GET /xingrg/all/function/internal_message.html?_=1600914982750&CODE_STATE=getMsg HTTP/1.1" 200 27
172.17.200.101 - - [24/Sep/2020:10:35:16 +0800] "GET /xingrg/all/function/internal_message.html?_=1600914916455&CODE_STATE=getMsg HTTP/1.1" 200 27
180.162.245.190 - - [24/Sep/2020:10:35:17 +0800] "GET /xingrg/kc/base/wldb_order_operate.html?command=get_materiel&rest_code=00105&base_code=0010507&code=00101019142 HTTP/1.1" 200 449
114.88.166.242 - - [24/Sep/2020:10:35:17 +0800] "GET /xingrg/all/function/internal_message.html?_=1600914910688&CODE_STATE=getMsg HTTP/1.1" 302 -
222.69.137.189 - - [24/Sep/2020:10:35:18 +0800] "GET /xingrg/kc/buy/cgsh_order_operate.html?command=get_materiel&rest_code=00149&code=00101027058&supplier_code=00100019&order_time=2020-09-24 HTTP/1.1" 200 479
58.221.95.50 - - [24/Sep/2020:10:35:18 +0800] "GET /xingrg/all/function/internal_message.html?_=1600915073964&CODE_STATE=getMsg HTTP/1.1" 200 27
124.77.70.31 - - [24/Sep/2020:10:35:21 +0800] "GET /xingrg/all/function/internal_message.html?_=1600914915508&CODE_STATE=getMsg HTTP/1.1" 200 27
180.157.253.48 - - [24/Sep/2020:10:35:22 +0800] "GET /xingrg/all/function/internal_message.html?_=1600914925597&CODE_STATE=getMsg HTTP/1.1" 200 27
114.88.166.242 - - [24/Sep/2020:10:35:25 +0800] "GET /xingrg/check_reg.html?_=1600914920522 HTTP/1.1" 200 22
