180.162.245.190 - - [24/Sep/2020:09:43:05 +0800] "GET /xingrg/kc/buy/cgsh_order_operate.html?command=get_materiel&rest_code=00105&code=00101015062&supplier_code=00100203&order_time=2020-09-24 HTTP/1.1" 200 432
114.88.166.242 - - [24/Sep/2020:09:43:08 +0800] "GET /xingrg/kc/buy/cgsh_order_operate.html?command=get_materiel&rest_code=00111&code=00101008149&supplier_code=00100005&order_time=2020-09-24 HTTP/1.1" 200 408
180.162.245.190 - - [24/Sep/2020:09:43:09 +0800] "POST /xingrg/kc/buy/cgsh_order_operate.html HTTP/1.1" 200 2065
180.157.253.48 - - [24/Sep/2020:09:43:09 +0800] "GET /xingrg/kc/buy/cgsh_order_operate.html?command=get_materiel&rest_code=00148&code=00101008036&supplier_code=00100007&order_time=2020-09-24 HTTP/1.1" 200 408
180.157.253.48 - - [24/Sep/2020:09:43:09 +0800] "GET /xingrg/javascript/easyui/themes/default/images/button_plain_hover.png HTTP/1.1" 304 -
180.162.245.190 - - [24/Sep/2020:09:43:10 +0800] "POST /xingrg/kc/buy/cgsh_order_operate.html HTTP/1.1" 200 2065
172.17.0.120 - - [24/Sep/2020:09:43:12 +0800] "POST /xingrg/kc/buy/cgsh_list_operate.html HTTP/1.1" 200 2450
180.162.245.190 - - [24/Sep/2020:09:43:12 +0800] "POST /xingrg/kc/buy/cgsh_order_operate.html HTTP/1.1" 200 2065
114.88.166.242 - - [24/Sep/2020:09:43:14 +0800] "GET /xingrg/kc/buy/cgsh_order_operate.html?command=get_materiel&rest_code=00111&code=00101008026&supplier_code=00100005&order_time=2020-09-24 HTTP/1.1" 200 409
180.157.253.48 - - [24/Sep/2020:09:43:16 +0800] "GET /xingrg/kc/buy/cgsh_order_operate.html?command=get_materiel&rest_code=00148&code=00101008286&supplier_code=00100007&order_time=2020-09-24 HTTP/1.1" 200 408
180.157.253.48 - - [24/Sep/2020:09:43:16 +0800] "GET /xingrg/javascript/easyui/themes/default/images/button_plain_hover.png HTTP/1.1" 304 -
172.17.200.101 - - [24/Sep/2020:09:43:16 +0800] "GET /xingrg/all/function/internal_message.html?_=1600911796232&CODE_STATE=getMsg HTTP/1.1" 200 27
116.238.71.173 - - [24/Sep/2020:09:43:17 +0800] "GET /xingrg/all/function/internal_message.html?_=1600911795001&CODE_STATE=getMsg HTTP/1.1" 200 27
114.88.166.242 - - [24/Sep/2020:09:43:17 +0800] "GET /xingrg/all/function/internal_message.html?_=1600911790632&CODE_STATE=getMsg HTTP/1.1" 302 -
180.162.245.190 - - [24/Sep/2020:09:43:18 +0800] "GET /xingrg/kc/buy/cgsh_order_operate.html?command=get_materiel&rest_code=00105&code=00102012060&supplier_code=00100203&order_time=2020-09-24 HTTP/1.1" 200 411
180.157.253.48 - - [24/Sep/2020:09:43:18 +0800] "GET /xingrg/all/function/internal_message.html?_=1600911801756&CODE_STATE=getMsg HTTP/1.1" 200 27
58.221.95.50 - - [24/Sep/2020:09:43:19 +0800] "GET /xingrg/all/function/internal_message.html?_=1600911955008&CODE_STATE=getMsg HTTP/1.1" 200 27
124.77.70.31 - - [24/Sep/2020:09:43:21 +0800] "GET /xingrg/all/function/internal_message.html?_=1600911795438&CODE_STATE=getMsg HTTP/1.1" 200 27
114.88.166.242 - - [24/Sep/2020:09:43:21 +0800] "POST /xingrg/kc/buy/cgsh_order_operate.html HTTP/1.1" 200 2065
180.157.253.48 - - [24/Sep/2020:09:43:23 +0800] "GET /xingrg/kc/buy/cgsh_order_operate.html?command=get_materiel&rest_code=00148&code=00101008131&supplier_code=00100007&order_time=2020-09-24 HTTP/1.1" 200 408
180.157.253.48 - - [24/Sep/2020:09:43:23 +0800] "GET /xingrg/javascript/easyui/themes/default/images/button_plain_hover.png HTTP/1.1" 304 -
116.238.71.173 - - [24/Sep/2020:09:43:25 +0800] "POST /xingrg/kc/buy/cgsh_order_operate.html HTTP/1.1" 200 37
114.88.166.242 - - [24/Sep/2020:09:43:25 +0800] "GET /xingrg/kc/buy/cgsh_order_operate.html?command=get_materiel&rest_code=00111&code=00101008038&supplier_code=00100005&order_time=2020-09-24 HTTP/1.1" 200 412
120.253.135.82 - - [24/Sep/2020:09:43:25 +0800] "GET /xingrg/check_reg.html?_=1600911551851 HTTP/1.1" 200 22
120.253.135.82 - - [24/Sep/2020:09:43:25 +0800] "GET /xingrg/all/function/internal_message.html?_=1600911552067&CODE_STATE=getMsg HTTP/1.1" 200 27
180.162.245.190 - - [24/Sep/2020:09:43:26 +0800] "GET /xingrg/kc/buy/cgsh_order_operate.html?command=get_materiel&rest_code=00105&code=00101015074&supplier_code=00100203&order_time=2020-09-24 HTTP/1.1" 200 427
116.238.71.173 - - [24/Sep/2020:09:43:27 +0800] "POST /xingrg/kc/buy/cgsh_order_operate.html HTTP/1.1" 200 8072
180.157.253.48 - - [24/Sep/2020:09:43:28 +0800] "GET /xingrg/kc/buy/cgsh_order_operate.html?command=get_materiel&rest_code=00148&code=00101008005&supplier_code=00100007&order_time=2020-09-24 HTTP/1.1" 200 412
180.157.253.48 - - [24/Sep/2020:09:43:28 +0800] "GET /xingrg/javascript/easyui/themes/default/images/button_plain_hover.png HTTP/1.1" 304 -
114.88.166.242 - - [24/Sep/2020:09:43:30 +0800] "GET /xingrg/kc/buy/cgsh_order_operate.html?command=get_materiel&rest_code=00111&code=00101008163&supplier_code=00100005&order_time=2020-09-24 HTTP/1.1" 200 409
180.157.253.48 - - [24/Sep/2020:09:43:32 +0800] "GET /xingrg/javascript/easyui/themes/default/images/button_plain_hover.png HTTP/1.1" 304 -
180.157.253.48 - - [24/Sep/2020:09:43:32 +0800] "GET /xingrg/javascript/easyui/themes/default/images/button_plain_hover.png HTTP/1.1" 304 -
180.157.253.48 - - [24/Sep/2020:09:43:32 +0800] "GET /xingrg/javascript/easyui/themes/default/images/button_plain_hover.png HTTP/1.1" 304 -
180.157.253.48 - - [24/Sep/2020:09:43:32 +0800] "GET /xingrg/javascript/easyui/themes/default/images/button_plain_hover.png HTTP/1.1" 304 -
180.157.253.48 - - [24/Sep/2020:09:43:32 +0800] "GET /xingrg/javascript/easyui/themes/default/images/button_plain_hover.png HTTP/1.1" 304 -
180.157.253.48 - - [24/Sep/2020:09:43:32 +0800] "GET /xingrg/javascript/easyui/themes/default/images/button_plain_hover.png HTTP/1.1" 304 -
116.233.78.223 - - [24/Sep/2020:09:43:33 +0800] "GET /xingrg/all/function/internal_message.html?_=1600911898093&CODE_STATE=getMsg HTTP/1.1" 200 27
172.17.0.240 - - [24/Sep/2020:09:43:33 +0800] "GET /xingrg/all/function/internal_message.html?_=1600911809495&CODE_STATE=getMsg HTTP/1.1" 200 27
114.88.166.242 - - [24/Sep/2020:09:43:35 +0800] "GET /xingrg/kc/buy/cgsh_order_operate.html?command=get_materiel&rest_code=00111&code=00101008355&supplier_code=00100005&order_time=2020-09-24 HTTP/1.1" 200 408
180.162.245.190 - - [24/Sep/2020:09:43:35 +0800] "GET /xingrg/kc/buy/cgsh_order_operate.html?command=get_materiel&rest_code=00105&code=00101015014&supplier_code=00100203&order_time=2020-09-24 HTTP/1.1" 200 431
172.17.0.100 - - [24/Sep/2020:09:43:36 +0800] "GET /xingrg/all/function/internal_message.html?_=1600911813722&CODE_STATE=getMsg HTTP/1.1" 200 27
116.238.71.173 - - [24/Sep/2020:09:43:36 +0800] "GET /xingrg/all/function/internal_message.html?_=1600911928660&CODE_STATE=getMsg HTTP/1.1" 200 27
222.69.137.189 - - [24/Sep/2020:09:43:38 +0800] "GET /xingrg/all/function/internal_message.html?_=1600911812989&CODE_STATE=getMsg HTTP/1.1" 200 27
114.88.166.242 - - [24/Sep/2020:09:43:40 +0800] "GET /xingrg/kc/buy/cgsh_order_operate.html?command=get_materiel&rest_code=00111&code=00101008067&supplier_code=00100005&order_time=2020-09-24 HTTP/1.1" 200 416
180.157.253.48 - - [24/Sep/2020:09:43:40 +0800] "GET /xingrg/kc/buy/cgsh_order_operate.html?command=get_materiel&rest_code=00148&code=00101008004&supplier_code=00100007&order_time=2020-09-24 HTTP/1.1" 200 416
172.17.0.120 - - [24/Sep/2020:09:43:43 +0800] "GET /xingrg/all/function/internal_message.html?_=1600911820045&CODE_STATE=getMsg HTTP/1.1" 200 27
114.88.166.242 - - [24/Sep/2020:09:43:44 +0800] "GET /xingrg/kc/buy/cgsh_order_operate.html?command=get_materiel&rest_code=00111&code=00101008264&supplier_code=00100005&order_time=2020-09-24 HTTP/1.1" 200 412
180.157.253.48 - - [24/Sep/2020:09:43:46 +0800] "GET /xingrg/kc/buy/cgsh_order_operate.html?command=get_materiel&rest_code=00148&code=00101008101&supplier_code=00100007&order_time=2020-09-24 HTTP/1.1" 200 412
180.162.245.190 - - [24/Sep/2020:09:43:46 +0800] "GET /xingrg/kc/buy/cgsh_order_operate.html?command=get_materiel&rest_code=00105&code=00101008229&supplier_code=00100203&order_time=2020-09-24 HTTP/1.1" 200 439
114.88.166.242 - - [24/Sep/2020:09:43:46 +0800] "POST /xingrg/kc/buy/cgsh_order_operate.html HTTP/1.1" 200 2065
114.88.166.242 - - [24/Sep/2020:09:43:48 +0800] "GET /xingrg/kc/buy/cgsh_order_operate.html?command=get_materiel&rest_code=00111&code=00101009030&supplier_code=00100005&order_time=2020-09-24 HTTP/1.1" 200 412
218.81.217.115 - - [24/Sep/2020:09:43:51 +0800] "GET /xingrg/all/function/internal_message.html?_=1600911841179&CODE_STATE=getMsg HTTP/1.1" 200 27
180.157.253.48 - - [24/Sep/2020:09:43:52 +0800] "GET /xingrg/kc/buy/cgsh_order_operate.html?command=get_materiel&rest_code=00148&code=00101015002&supplier_code=00100007&order_time=2020-09-24 HTTP/1.1" 200 413
180.162.245.190 - - [24/Sep/2020:09:43:52 +0800] "GET /xingrg/kc/buy/cgsh_order_operate.html?command=get_materiel&rest_code=00105&code=00101015059&supplier_code=00100203&order_time=2020-09-24 HTTP/1.1" 200 412
101.85.228.253 - - [24/Sep/2020:09:43:55 +0800] "GET /xingrg/all/function/internal_message.html?_=1600912045897&CODE_STATE=getMsg HTTP/1.1" 200 27
114.88.166.242 - - [24/Sep/2020:09:43:58 +0800] "GET /xingrg/all/function/internal_message.html?_=1600911833064&CODE_STATE=getMsg HTTP/1.1" 200 27
114.88.166.242 - - [24/Sep/2020:09:43:58 +0800] "GET /xingrg/all/function/internal_message.html?_=1600911907862&CODE_STATE=getMsg HTTP/1.1" 200 27
180.157.253.48 - - [24/Sep/2020:09:43:59 +0800] "GET /xingrg/kc/buy/cgsh_order_operate.html?command=get_materiel&rest_code=00148&code=00101008323&supplier_code=00100007&order_time=2020-09-24 HTTP/1.1" 200 408
101.85.228.253 - - [24/Sep/2020:09:44:00 +0800] "GET /xingrg/kc/buy/cgsh_order_add.html HTTP/1.1" 200 59693
101.85.228.253 - - [24/Sep/2020:09:44:01 +0800] "POST /xingrg/kc/buy/cgsh_order_operate.html HTTP/1.1" 200 8245
101.85.228.253 - - [24/Sep/2020:09:44:01 +0800] "GET /xingrg/javascript/easyui/themes/default/validatebox.css HTTP/1.1" 404 1104
116.238.71.173 - - [24/Sep/2020:09:44:02 +0800] "POST /xingrg/kc/buy/cgsh_order_operate.html HTTP/1.1" 200 37
101.85.228.253 - - [24/Sep/2020:09:44:02 +0800] "GET /xingrg/javascript/easyui/themes/default/tree.css HTTP/1.1" 404 1090
114.88.166.242 - - [24/Sep/2020:09:44:02 +0800] "GET /xingrg/kc/buy/cgsh_order_operate.html?command=get_materiel&rest_code=00111&code=00101008137&supplier_code=00100005&order_time=2020-09-24 HTTP/1.1" 200 408
101.85.228.253 - - [24/Sep/2020:09:44:03 +0800] "POST /xingrg/all/common/load_tree.html?tree=supplier_tree_json&isDelete=1 HTTP/1.1" 200 50303
180.162.245.190 - - [24/Sep/2020:09:44:03 +0800] "GET /xingrg/all/function/internal_message.html?_=1600911844771&CODE_STATE=getMsg HTTP/1.1" 200 27
116.238.71.173 - - [24/Sep/2020:09:44:04 +0800] "POST /xingrg/kc/buy/cgsh_order_operate.html HTTP/1.1" 200 12
116.238.71.173 - - [24/Sep/2020:09:44:05 +0800] "GET /xingrg/kc/buy/cgsh_order_info.html?code=212020092410423 HTTP/1.1" 200 54316
116.238.71.173 - - [24/Sep/2020:09:44:06 +0800] "GET /xingrg/javascript/easyui/themes/default/validatebox.css HTTP/1.1" 404 1104
116.238.71.173 - - [24/Sep/2020:09:44:06 +0800] "POST /xingrg/kc/buy/cgsh_order_operate.html HTTP/1.1" 200 6005
116.238.71.173 - - [24/Sep/2020:09:44:07 +0800] "GET /xingrg/kc/print/load_data.html?order_code=212020092410423&kc_code=cgsh&condition= HTTP/1.1" 200 2772
180.162.245.190 - - [24/Sep/2020:09:44:08 +0800] "GET /xingrg/kc/buy/cgsh_order_operate.html?command=get_materiel&rest_code=00105&code=00101008131&supplier_code=00100203&order_time=2020-09-24 HTTP/1.1" 200 408
180.157.253.48 - - [24/Sep/2020:09:44:08 +0800] "GET /xingrg/kc/buy/cgsh_order_operate.html?command=get_materiel&rest_code=00148&code=00101008323&supplier_code=00100007&order_time=2020-09-24 HTTP/1.1" 200 408
58.221.95.50 - - [24/Sep/2020:09:44:15 +0800] "GET /xingrg/check_reg.html?_=1600912010570 HTTP/1.1" 200 22
180.157.253.48 - - [24/Sep/2020:09:44:15 +0800] "GET /xingrg/kc/buy/cgsh_order_operate.html?command=get_materiel&rest_code=00148&code=00101008302&supplier_code=00100007&order_time=2020-09-24 HTTP/1.1" 200 412
172.17.200.101 - - [24/Sep/2020:09:44:16 +0800] "GET /xingrg/check_reg.html?_=1600911856250 HTTP/1.1" 200 22
172.17.200.101 - - [24/Sep/2020:09:44:16 +0800] "GET /xingrg/all/function/internal_message.html?_=1600911856254&CODE_STATE=getMsg HTTP/1.1" 200 27
116.238.71.173 - - [24/Sep/2020:09:44:17 +0800] "GET /xingrg/check_reg.html?_=1600911854973 HTTP/1.1" 200 22
116.238.71.173 - - [24/Sep/2020:09:44:17 +0800] "GET /xingrg/all/function/internal_message.html?_=1600911855037&CODE_STATE=getMsg HTTP/1.1" 200 27
114.88.166.242 - - [24/Sep/2020:09:44:17 +0800] "GET /xingrg/all/function/internal_message.html?_=1600911850659&CODE_STATE=getMsg HTTP/1.1" 302 -
180.157.253.48 - - [24/Sep/2020:09:44:18 +0800] "GET /xingrg/all/function/internal_message.html?_=1600911861769&CODE_STATE=getMsg HTTP/1.1" 200 27
58.221.95.50 - - [24/Sep/2020:09:44:19 +0800] "GET /xingrg/all/function/internal_message.html?_=1600912014981&CODE_STATE=getMsg HTTP/1.1" 200 27
124.77.70.31 - - [24/Sep/2020:09:44:21 +0800] "GET /xingrg/all/function/internal_message.html?_=1600911855452&CODE_STATE=getMsg HTTP/1.1" 200 27
180.157.253.48 - - [24/Sep/2020:09:44:21 +0800] "GET /xingrg/kc/buy/cgsh_order_operate.html?command=get_materiel&rest_code=00148&code=00101008305&supplier_code=00100007&order_time=2020-09-24 HTTP/1.1" 200 412
101.85.228.253 - - [24/Sep/2020:09:44:24 +0800] "GET /xingrg/kc/buy/cgsh_order_operate.html?command=get_materiel&rest_code=00102&code=00101015021&supplier_code=00100054&order_time=2020-09-24 HTTP/1.1" 200 408
180.162.245.190 - - [24/Sep/2020:09:44:24 +0800] "GET /xingrg/kc/buy/cgsh_order_operate.html?command=get_materiel&rest_code=00105&code=00101008043&supplier_code=00100203&order_time=2020-09-24 HTTP/1.1" 200 416
120.253.135.82 - - [24/Sep/2020:09:44:25 +0800] "GET /xingrg/all/function/internal_message.html?_=1600911612068&CODE_STATE=getMsg HTTP/1.1" 200 27
180.157.253.48 - - [24/Sep/2020:09:44:26 +0800] "GET /xingrg/kc/buy/cgsh_order_operate.html?command=get_materiel&rest_code=00148&code=00101008219&supplier_code=00100007&order_time=2020-09-24 HTTP/1.1" 200 412
180.157.253.48 - - [24/Sep/2020:09:44:27 +0800] "POST /xingrg/kc/buy/cgsh_order_operate.html HTTP/1.1" 200 2065
116.233.78.223 - - [24/Sep/2020:09:44:30 +0800] "GET /xingrg/all/function/internal_message.html?_=1600911958085&CODE_STATE=getMsg HTTP/1.1" 200 27
180.157.253.48 - - [24/Sep/2020:09:44:30 +0800] "GET /xingrg/kc/buy/cgsh_order_operate.html?command=get_materiel&rest_code=00148&code=00101008257&supplier_code=00100007&order_time=2020-09-24 HTTP/1.1" 200 416
180.162.245.190 - - [24/Sep/2020:09:44:33 +0800] "GET /xingrg/kc/buy/cgsh_order_operate.html?command=get_materiel&rest_code=00105&code=00101008248&supplier_code=00100203&order_time=2020-09-24 HTTP/1.1" 200 412
172.17.0.240 - - [24/Sep/2020:09:44:33 +0800] "GET /xingrg/all/function/internal_message.html?_=1600911869485&CODE_STATE=getMsg HTTP/1.1" 200 27
101.85.228.253 - - [24/Sep/2020:09:44:35 +0800] "GET /xingrg/kc/buy/cgsh_order_operate.html?command=get_materiel&rest_code=00102&code=00101015040&supplier_code=00100054&order_time=2020-09-24 HTTP/1.1" 200 428
172.17.0.100 - - [24/Sep/2020:09:44:36 +0800] "GET /xingrg/all/function/internal_message.html?_=1600911873720&CODE_STATE=getMsg HTTP/1.1" 200 27
180.157.253.48 - - [24/Sep/2020:09:44:36 +0800] "GET /xingrg/kc/buy/cgsh_order_operate.html?command=get_materiel&rest_code=00148&code=00101008349&supplier_code=00100007&order_time=2020-09-24 HTTP/1.1" 200 412
116.238.71.173 - - [24/Sep/2020:09:44:36 +0800] "GET /xingrg/all/function/internal_message.html?_=1600911988737&CODE_STATE=getMsg HTTP/1.1" 200 27
222.69.137.189 - - [24/Sep/2020:09:44:38 +0800] "GET /xingrg/all/function/internal_message.html?_=1600911872974&CODE_STATE=getMsg HTTP/1.1" 200 27
180.162.245.190 - - [24/Sep/2020:09:44:43 +0800] "GET /xingrg/kc/buy/cgsh_order_operate.html?command=get_materiel&rest_code=00105&code=00101008350&supplier_code=00100203&order_time=2020-09-24 HTTP/1.1" 200 408
180.157.253.48 - - [24/Sep/2020:09:44:43 +0800] "GET /xingrg/kc/buy/cgsh_order_operate.html?command=get_materiel&rest_code=00148&code=00101008350&supplier_code=00100007&order_time=2020-09-24 HTTP/1.1" 200 408
172.17.0.120 - - [24/Sep/2020:09:44:43 +0800] "GET /xingrg/all/function/internal_message.html?_=1600911880051&CODE_STATE=getMsg HTTP/1.1" 200 27
180.157.253.48 - - [24/Sep/2020:09:44:48 +0800] "GET /xingrg/kc/buy/cgsh_order_operate.html?command=get_materiel&rest_code=00148&code=00101008149&supplier_code=00100007&order_time=2020-09-24 HTTP/1.1" 200 408
101.85.228.253 - - [24/Sep/2020:09:44:49 +0800] "GET /xingrg/kc/buy/cgsh_order_operate.html?command=get_materiel&rest_code=00102&code=00101015042&supplier_code=00100054&order_time=2020-09-24 HTTP/1.1" 200 408
218.81.217.115 - - [24/Sep/2020:09:44:52 +0800] "GET /xingrg/all/function/internal_message.html?_=1600911901405&CODE_STATE=getMsg HTTP/1.1" 200 27
180.157.253.48 - - [24/Sep/2020:09:44:53 +0800] "GET /xingrg/kc/buy/cgsh_order_operate.html?command=get_materiel&rest_code=00148&code=00101008010&supplier_code=00100007&order_time=2020-09-24 HTTP/1.1" 200 412
180.157.253.48 - - [24/Sep/2020:09:44:55 +0800] "POST /xingrg/kc/buy/cgsh_order_operate.html HTTP/1.1" 200 2065
101.85.228.253 - - [24/Sep/2020:09:44:55 +0800] "GET /xingrg/all/function/internal_message.html?_=1600912106040&CODE_STATE=getMsg HTTP/1.1" 200 27
114.88.166.242 - - [24/Sep/2020:09:44:58 +0800] "GET /xingrg/all/function/internal_message.html?_=1600911967788&CODE_STATE=getMsg HTTP/1.1" 200 27
114.88.166.242 - - [24/Sep/2020:09:44:58 +0800] "GET /xingrg/all/function/internal_message.html?_=1600911893106&CODE_STATE=getMsg HTTP/1.1" 200 27
180.162.245.190 - - [24/Sep/2020:09:44:58 +0800] "GET /xingrg/kc/buy/cgsh_order_operate.html?command=get_materiel&rest_code=00105&code=00101008088&supplier_code=00100203&order_time=2020-09-24 HTTP/1.1" 200 408
180.157.253.48 - - [24/Sep/2020:09:44:59 +0800] "GET /xingrg/kc/buy/cgsh_order_operate.html?command=get_materiel&rest_code=00148&code=00101008186&supplier_code=00100007&order_time=2020-09-24 HTTP/1.1" 200 408
180.162.245.190 - - [24/Sep/2020:09:45:03 +0800] "GET /xingrg/all/function/internal_message.html?_=1600911904899&CODE_STATE=getMsg HTTP/1.1" 200 27
58.221.95.50 - - [24/Sep/2020:09:45:04 +0800] "GET /xingrg/check_reg.html?_=1600912059575 HTTP/1.1" 200 22
180.157.253.48 - - [24/Sep/2020:09:45:06 +0800] "GET /xingrg/kc/buy/cgsh_order_operate.html?command=get_materiel&rest_code=00148&code=00101008358&supplier_code=00100007&order_time=2020-09-24 HTTP/1.1" 200 412
101.85.228.253 - - [24/Sep/2020:09:45:08 +0800] "GET /xingrg/kc/buy/cgsh_order_operate.html?command=get_materiel&rest_code=00102&code=00101015029&supplier_code=00100054&order_time=2020-09-24 HTTP/1.1" 200 412
180.157.253.48 - - [24/Sep/2020:09:45:12 +0800] "GET /xingrg/kc/buy/cgsh_order_operate.html?command=get_materiel&rest_code=00148&code=00101008088&supplier_code=00100007&order_time=2020-09-24 HTTP/1.1" 200 408
101.85.228.253 - - [24/Sep/2020:09:45:15 +0800] "GET /xingrg/kc/buy/cgsh_order_operate.html?command=get_materiel&rest_code=00102&code=00101015037&supplier_code=00100054&order_time=2020-09-24 HTTP/1.1" 200 412
172.17.200.101 - - [24/Sep/2020:09:45:16 +0800] "GET /xingrg/all/function/internal_message.html?_=1600911916239&CODE_STATE=getMsg HTTP/1.1" 200 27
180.162.245.190 - - [24/Sep/2020:09:45:16 +0800] "GET /xingrg/kc/buy/cgsh_order_operate.html?command=get_materiel&rest_code=00105&code=00101008361&supplier_code=00100203&order_time=2020-09-24 HTTP/1.1" 200 408
116.238.71.173 - - [24/Sep/2020:09:45:17 +0800] "GET /xingrg/all/function/internal_message.html?_=1600911915062&CODE_STATE=getMsg HTTP/1.1" 200 27
114.88.166.242 - - [24/Sep/2020:09:45:17 +0800] "GET /xingrg/all/function/internal_message.html?_=1600911910658&CODE_STATE=getMsg HTTP/1.1" 302 -
180.157.253.48 - - [24/Sep/2020:09:45:18 +0800] "GET /xingrg/all/function/internal_message.html?_=1600911921844&CODE_STATE=getMsg HTTP/1.1" 200 27
58.221.95.50 - - [24/Sep/2020:09:45:19 +0800] "GET /xingrg/all/function/internal_message.html?_=1600912074952&CODE_STATE=getMsg HTTP/1.1" 200 27
180.157.253.48 - - [24/Sep/2020:09:45:20 +0800] "GET /xingrg/kc/buy/cgsh_order_operate.html?command=get_materiel&rest_code=00148&code=00101008224&supplier_code=00100007&order_time=2020-09-24 HTTP/1.1" 200 416
124.77.70.31 - - [24/Sep/2020:09:45:21 +0800] "GET /xingrg/all/function/internal_message.html?_=1600911915450&CODE_STATE=getMsg HTTP/1.1" 200 27
120.253.135.82 - - [24/Sep/2020:09:45:24 +0800] "POST /xingrg/kc/pszx/mdps_order_operate.html HTTP/1.1" 200 37
120.253.135.82 - - [24/Sep/2020:09:45:24 +0800] "GET /xingrg/kc/pszx/mdps_order_info.html?code=312020092400664 HTTP/1.1" 200 23887
120.253.135.82 - - [24/Sep/2020:09:45:25 +0800] "POST /xingrg/kc/pszx/mdps_order_operate.html HTTP/1.1" 200 3750
120.253.135.82 - - [24/Sep/2020:09:45:25 +0800] "GET /xingrg/javascript/easyui/themes/default/validatebox.css HTTP/1.1" 404 1104
114.88.166.242 - - [24/Sep/2020:09:45:25 +0800] "GET /xingrg/check_reg.html?_=1600911920472 HTTP/1.1" 200 22
120.253.135.82 - - [24/Sep/2020:09:45:25 +0800] "GET /xingrg/all/function/internal_message.html?_=1600911672081&CODE_STATE=getMsg HTTP/1.1" 200 27
116.233.78.223 - - [24/Sep/2020:09:45:28 +0800] "GET /xingrg/all/function/internal_message.html?_=1600912018076&CODE_STATE=getMsg HTTP/1.1" 200 27
180.157.253.48 - - [24/Sep/2020:09:45:28 +0800] "GET /xingrg/kc/buy/cgsh_order_operate.html?command=get_materiel&rest_code=00148&code=00101008003&supplier_code=00100007&order_time=2020-09-24 HTTP/1.1" 200 408
180.157.253.48 - - [24/Sep/2020:09:45:31 +0800] "POST /xingrg/kc/buy/cgsh_order_operate.html HTTP/1.1" 200 2065
172.17.0.240 - - [24/Sep/2020:09:45:33 +0800] "GET /xingrg/all/function/internal_message.html?_=1600911929494&CODE_STATE=getMsg HTTP/1.1" 200 27
172.17.0.240 - - [24/Sep/2020:09:45:33 +0800] "GET /xingrg/check_reg.html?_=1600911929496 HTTP/1.1" 200 22
120.253.135.82 - - [24/Sep/2020:09:45:34 +0800] "GET /xingrg/login.html HTTP/1.1" 200 7641
120.253.135.82 - - [24/Sep/2020:09:45:35 +0800] "GET /xingrg/images/blue/jxLogo.png HTTP/1.1" 304 -
120.253.135.82 - - [24/Sep/2020:09:45:35 +0800] "GET /xingrg/images/blue/login_bg.png HTTP/1.1" 304 -
120.253.135.82 - - [24/Sep/2020:09:45:35 +0800] "GET /xingrg/images/blue/hj.png HTTP/1.1" 304 -
120.253.135.82 - - [24/Sep/2020:09:45:35 +0800] "GET /xingrg/images/blue/srbg.png HTTP/1.1" 304 -
120.253.135.82 - - [24/Sep/2020:09:45:35 +0800] "GET /favicon.ico HTTP/1.1" 404 -
172.17.0.100 - - [24/Sep/2020:09:45:36 +0800] "GET /xingrg/all/function/internal_message.html?_=1600911933721&CODE_STATE=getMsg HTTP/1.1" 200 27
172.17.0.100 - - [24/Sep/2020:09:45:36 +0800] "GET /xingrg/check_reg.html?_=1600911933720 HTTP/1.1" 200 22
116.238.71.173 - - [24/Sep/2020:09:45:36 +0800] "GET /xingrg/all/function/internal_message.html?_=1600912048749&CODE_STATE=getMsg HTTP/1.1" 200 27
114.88.166.242 - - [24/Sep/2020:09:45:37 +0800] "GET /xingrg/kc/buy/cgsh_order_operate.html?command=get_materiel&rest_code=00111&code=00101008362&supplier_code=00100005&order_time=2020-09-24 HTTP/1.1" 200 408
120.253.135.82 - - [24/Sep/2020:09:45:38 +0800] "POST /xingrg/login.do HTTP/1.1" 302 -
120.253.135.82 - - [24/Sep/2020:09:45:38 +0800] "GET /xingrg/index.html?sysBaseUrl=http%3A%2F%2F180.169.147.146%3A18081%2Fxingrg%2F&costTime=40×tamp=1600911938137 HTTP/1.1" 200 17503
120.253.135.82 - - [24/Sep/2020:09:45:38 +0800] "GET /xingrg/javascript/jquery_easy_ui/themes/icon.css HTTP/1.1" 304 -
120.253.135.82 - - [24/Sep/2020:09:45:38 +0800] "GET /xingrg/javascript/jquery_easy_ui/themes/default/easyui.css HTTP/1.1" 304 -
120.253.135.82 - - [24/Sep/2020:09:45:38 +0800] "GET /xingrg/javascript/jquery-1.4.2.min.js HTTP/1.1" 304 -
120.253.135.82 - - [24/Sep/2020:09:45:38 +0800] "GET /xingrg/css/form.css HTTP/1.1" 304 -
120.253.135.82 - - [24/Sep/2020:09:45:38 +0800] "GET /xingrg/javascript/jquery.utils.js HTTP/1.1" 304 -
120.253.135.82 - - [24/Sep/2020:09:45:38 +0800] "GET /xingrg/javascript/jquery.timers.js HTTP/1.1" 304 -
120.253.135.82 - - [24/Sep/2020:09:45:38 +0800] "GET /xingrg/javascript/jquery.form.js HTTP/1.1" 304 -
120.253.135.82 - - [24/Sep/2020:09:45:38 +0800] "GET /xingrg/javascript/jquery_easy_ui/easyui-lang-zh_CN.js HTTP/1.1" 304 -
120.253.135.82 - - [24/Sep/2020:09:45:38 +0800] "GET /xingrg/javascript/jquery_easy_ui/jquery.easyui.min.js HTTP/1.1" 304 -
120.253.135.82 - - [24/Sep/2020:09:45:38 +0800] "GET /xingrg/images/blue/navBackgound.jpg HTTP/1.1" 304 -
120.253.135.82 - - [24/Sep/2020:09:45:38 +0800] "GET /xingrg/javascript/jquery_easy_ui/themes/icons/settle_new.png HTTP/1.1" 304 -
120.253.135.82 - - [24/Sep/2020:09:45:38 +0800] "GET /xingrg/images/blue/pingpu.png HTTP/1.1" 304 -
120.253.135.82 - - [24/Sep/2020:09:45:38 +0800] "GET /xingrg/javascript/jquery_easy_ui/themes/default/images/tabs_leftarrow.png HTTP/1.1" 304 -
120.253.135.82 - - [24/Sep/2020:09:45:38 +0800] "GET /xingrg/javascript/jquery_easy_ui/themes/default/images/tabs_rightarrow.png HTTP/1.1" 304 -
120.253.135.82 - - [24/Sep/2020:09:45:38 +0800] "POST /xingrg/all/common/load_tree.html?tree=area_rest_tree_json&manage=1 HTTP/1.1" 200 344
120.253.135.82 - - [24/Sep/2020:09:45:38 +0800] "GET /xingrg/javascript/jquery_easy_ui/themes/default/images/panel_tool_collapse.gif HTTP/1.1" 304 -
120.253.135.82 - - [24/Sep/2020:09:45:38 +0800] "GET /xingrg/javascript/jquery_easy_ui/themes/default/images/panel_tool_expand.gif HTTP/1.1" 304 -
120.253.135.82 - - [24/Sep/2020:09:45:38 +0800] "GET /xingrg/all/function/internal_message.html?_=1600911684621&CODE_STATE=count HTTP/1.1" 200 11
120.253.135.82 - - [24/Sep/2020:09:45:38 +0800] "GET /xingrg/check_reg.html?_=1600911684622 HTTP/1.1" 200 22
120.253.135.82 - - [24/Sep/2020:09:45:38 +0800] "POST /xingrg/load_menu.html HTTP/1.1" 200 11443
120.253.135.82 - - [24/Sep/2020:09:45:38 +0800] "GET /xingrg/javascript/jquery_easy_ui/themes/default/images/tree_arrows.gif HTTP/1.1" 304 -
120.253.135.82 - - [24/Sep/2020:09:45:38 +0800] "GET /favicon.ico HTTP/1.1" 404 -
222.69.137.189 - - [24/Sep/2020:09:45:38 +0800] "GET /xingrg/all/function/internal_message.html?_=1600911932959&CODE_STATE=getMsg HTTP/1.1" 200 27
120.253.135.82 - - [24/Sep/2020:09:45:38 +0800] "GET /xingrg/javascript/jquery_easy_ui/themes/icons/search_new.png HTTP/1.1" 304 -
120.253.135.82 - - [24/Sep/2020:09:45:38 +0800] "GET /xingrg/javascript/jquery_easy_ui/themes/default/images/tree_folder_open.gif HTTP/1.1" 304 -
120.253.135.82 - - [24/Sep/2020:09:45:38 +0800] "GET /xingrg/javascript/jquery_easy_ui/themes/icons/storage_new.png HTTP/1.1" 304 -
120.253.135.82 - - [24/Sep/2020:09:45:38 +0800] "GET /xingrg/javascript/jquery_easy_ui/themes/icons/delivery_new.png HTTP/1.1" 304 -
120.253.135.82 - - [24/Sep/2020:09:45:38 +0800] "GET /xingrg/javascript/jquery_easy_ui/themes/icons/checkout_new.png HTTP/1.1" 304 -
120.253.135.82 - - [24/Sep/2020:09:45:38 +0800] "GET /xingrg/javascript/jquery_easy_ui/themes/icons/setting_new.png HTTP/1.1" 304 -
120.253.135.82 - - [24/Sep/2020:09:45:38 +0800] "GET /xingrg/javascript/jquery_easy_ui/themes/icons/forms_new.png HTTP/1.1" 304 -
120.253.135.82 - - [24/Sep/2020:09:45:38 +0800] "GET /xingrg/javascript/jquery_easy_ui/themes/icons/systemset_new.png HTTP/1.1" 304 -
120.253.135.82 - - [24/Sep/2020:09:45:38 +0800] "GET /xingrg/javascript/jquery_easy_ui/themes/default/images/tree_folder.gif HTTP/1.1" 304 -
120.253.135.82 - - [24/Sep/2020:09:45:38 +0800] "GET /xingrg/javascript/jquery_easy_ui/themes/default/images/tree_file.gif HTTP/1.1" 304 -
120.253.135.82 - - [24/Sep/2020:09:45:43 +0800] "GET /xingrg/javascript/jquery_easy_ui/themes/default/images/tabs_close.gif HTTP/1.1" 304 -
120.253.135.82 - - [24/Sep/2020:09:45:43 +0800] "GET /xingrg/kc/pszx/mdps_order_list.html?orderType=0 HTTP/1.1" 200 21100
120.253.135.82 - - [24/Sep/2020:09:45:43 +0800] "GET /xingrg/css/base.css HTTP/1.1" 304 -
120.253.135.82 - - [24/Sep/2020:09:45:43 +0800] "GET /xingrg/css/site.css HTTP/1.1" 304 -
120.253.135.82 - - [24/Sep/2020:09:45:43 +0800] "GET /xingrg/javascript/jquery_tools/jquery.tools.extend.js HTTP/1.1" 304 -
120.253.135.82 - - [24/Sep/2020:09:45:43 +0800] "GET /xingrg/javascript/jquery_tools/jquery.tools.min.js HTTP/1.1" 304 -
120.253.135.82 - - [24/Sep/2020:09:45:43 +0800] "GET /xingrg/javascript/jquery_tools/table.css HTTP/1.1" 304 -
120.253.135.82 - - [24/Sep/2020:09:45:43 +0800] "GET /xingrg/javascript/jquery_tools/datebox.css HTTP/1.1" 304 -
120.253.135.82 - - [24/Sep/2020:09:45:43 +0800] "GET /xingrg/javascript/jquery_tools/fix.css HTTP/1.1" 304 -
120.253.135.82 - - [24/Sep/2020:09:45:43 +0800] "GET /xingrg/javascript/auto/jquery.autocomplete.css HTTP/1.1" 304 -
120.253.135.82 - - [24/Sep/2020:09:45:43 +0800] "GET /xingrg/javascript/easyui/themes/icon.css HTTP/1.1" 304 -
120.253.135.82 - - [24/Sep/2020:09:45:43 +0800] "GET /xingrg/javascript/easyui/themes/default/easyui.css HTTP/1.1" 304 -
120.253.135.82 - - [24/Sep/2020:09:45:43 +0800] "GET /xingrg/javascript/jquery_tools/jquery.tools.hotkey.js HTTP/1.1" 304 -
120.253.135.82 - - [24/Sep/2020:09:45:43 +0800] "GET /xingrg/javascript/jquery_tools/list_manager.js HTTP/1.1" 304 -
120.253.135.82 - - [24/Sep/2020:09:45:43 +0800] "GET /xingrg/javascript/jquery_tools/jquery.tools.table.js HTTP/1.1" 304 -
120.253.135.82 - - [24/Sep/2020:09:45:43 +0800] "GET /xingrg/javascript/auto/jquery.autocomplete.js HTTP/1.1" 304 -
120.253.135.82 - - [24/Sep/2020:09:45:43 +0800] "GET /xingrg/javascript/jquery.cookie.js HTTP/1.1" 304 -
120.253.135.82 - - [24/Sep/2020:09:45:43 +0800] "GET /xingrg/javascript/easyui/easyloader.js HTTP/1.1" 304 -
120.253.135.82 - - [24/Sep/2020:09:45:43 +0800] "GET /xingrg/javascript/print/LodopFuncs.js HTTP/1.1" 304 -
172.17.0.120 - - [24/Sep/2020:09:45:43 +0800] "GET /xingrg/all/function/internal_message.html?_=1600911940040&CODE_STATE=getMsg HTTP/1.1" 200 27
114.88.166.242 - - [24/Sep/2020:09:45:43 +0800] "GET /xingrg/kc/buy/cgsh_order_operate.html?command=get_materiel&rest_code=00111&code=00101008360&supplier_code=00100005&order_time=2020-09-24 HTTP/1.1" 200 413
120.253.135.82 - - [24/Sep/2020:09:45:43 +0800] "GET /xingrg/javascript/easyui/themes/icons/field_new.png HTTP/1.1" 304 -
120.253.135.82 - - [24/Sep/2020:09:45:43 +0800] "GET /xingrg/javascript/easyui/themes/icons/uncheck_new.png HTTP/1.1" 304 -
120.253.135.82 - - [24/Sep/2020:09:45:43 +0800] "GET /xingrg/javascript/easyui/themes/icons/check_new.png HTTP/1.1" 304 -
120.253.135.82 - - [24/Sep/2020:09:45:44 +0800] "GET /xingrg/javascript/easyui/themes/icons/edit_add_new.png HTTP/1.1" 304 -
120.253.135.82 - - [24/Sep/2020:09:45:44 +0800] "GET /xingrg/javascript/easyui/plugins/jquery.parser.js HTTP/1.1" 304 -
120.253.135.82 - - [24/Sep/2020:09:45:44 +0800] "GET /xingrg/images/control/ajaxLoader.gif HTTP/1.1" 304 -
120.253.135.82 - - [24/Sep/2020:09:45:44 +0800] "GET /xingrg/javascript/easyui/themes/icons/import_new.png HTTP/1.1" 304 -
120.253.135.82 - - [24/Sep/2020:09:45:44 +0800] "GET /xingrg/javascript/easyui/themes/icons/cance_new.png HTTP/1.1" 304 -
120.253.135.82 - - [24/Sep/2020:09:45:44 +0800] "GET /xingrg/javascript/jquery_easy_ui/themes/icons/manage.png HTTP/1.1" 304 -
120.253.135.82 - - [24/Sep/2020:09:45:44 +0800] "GET /xingrg/javascript/jquery_easy_ui/themes/icons/area.png HTTP/1.1" 304 -
120.253.135.82 - - [24/Sep/2020:09:45:44 +0800] "POST /xingrg/kc/pszx/mdps_list_operate.html HTTP/1.1" 200 5323
114.88.166.242 - - [24/Sep/2020:09:45:45 +0800] "POST /xingrg/kc/buy/cgsh_order_operate.html HTTP/1.1" 200 2065
120.253.135.82 - - [24/Sep/2020:09:45:46 +0800] "GET /xingrg/javascript/auto/indicator.gif HTTP/1.1" 404 1066
114.88.166.242 - - [24/Sep/2020:09:45:49 +0800] "GET /xingrg/kc/buy/cgsh_order_operate.html?command=get_materiel&rest_code=00111&code=00101008069&supplier_code=00100005&order_time=2020-09-24 HTTP/1.1" 200 431
180.157.253.48 - - [24/Sep/2020:09:45:51 +0800] "GET /xingrg/kc/buy/cgsh_order_operate.html?command=get_materiel&rest_code=00148&code=00101008361&supplier_code=00100007&order_time=2020-09-24 HTTP/1.1" 200 408
218.81.217.115 - - [24/Sep/2020:09:45:52 +0800] "GET /xingrg/all/function/internal_message.html?_=1600911961409&CODE_STATE=getMsg HTTP/1.1" 200 27
120.253.135.82 - - [24/Sep/2020:09:45:53 +0800] "POST /xingrg/kc/pszx/mdps_list_operate.html HTTP/1.1" 200 2432
114.88.166.242 - - [24/Sep/2020:09:45:54 +0800] "GET /xingrg/kc/buy/cgsh_order_operate.html?command=get_materiel&rest_code=00111&code=00101008006&supplier_code=00100005&order_time=2020-09-24 HTTP/1.1" 200 416
120.253.135.82 - - [24/Sep/2020:09:45:54 +0800] "POST /xingrg/kc/pszx/mdps_list_operate.html HTTP/1.1" 200 442
101.85.228.253 - - [24/Sep/2020:09:45:55 +0800] "GET /xingrg/all/function/internal_message.html?_=1600912166050&CODE_STATE=getMsg HTTP/1.1" 200 27
120.253.135.82 - - [24/Sep/2020:09:45:56 +0800] "GET /xingrg/kc/pszx/mdps_order_info.html?code=312020092400664 HTTP/1.1" 200 23887
120.253.135.82 - - [24/Sep/2020:09:45:56 +0800] "GET /xingrg/javascript/myfunction.js HTTP/1.1" 304 -
120.253.135.82 - - [24/Sep/2020:09:45:56 +0800] "GET /xingrg/javascript/jquery_tools/order_manager.js HTTP/1.1" 304 -
120.253.135.82 - - [24/Sep/2020:09:45:56 +0800] "GET /xingrg/javascript/pic_change.js HTTP/1.1" 304 -
120.253.135.82 - - [24/Sep/2020:09:45:56 +0800] "GET /xingrg/javascript/json2.js HTTP/1.1" 304 -
120.253.135.82 - - [24/Sep/2020:09:45:56 +0800] "GET /xingrg/javascript/convert.js HTTP/1.1" 304 -
120.253.135.82 - - [24/Sep/2020:09:45:56 +0800] "GET /xingrg/javascript/print/kc_print.js HTTP/1.1" 304 -
120.253.135.82 - - [24/Sep/2020:09:45:56 +0800] "GET /xingrg/words/20200923190918_words.js HTTP/1.1" 304 -
180.157.253.48 - - [24/Sep/2020:09:45:56 +0800] "GET /xingrg/kc/buy/cgsh_order_operate.html?command=get_materiel&rest_code=00148&code=00101008205&supplier_code=00100007&order_time=2020-09-24 HTTP/1.1" 200 412
120.253.135.82 - - [24/Sep/2020:09:45:56 +0800] "GET /xingrg/javascript/easyui/themes/icons/copy_new.png HTTP/1.1" 304 -
120.253.135.82 - - [24/Sep/2020:09:45:56 +0800] "GET /xingrg/javascript/easyui/themes/icons/cancel.png HTTP/1.1" 304 -
120.253.135.82 - - [24/Sep/2020:09:45:56 +0800] "GET /xingrg/javascript/easyui/themes/icons/ok.png HTTP/1.1" 304 -
120.253.135.82 - - [24/Sep/2020:09:45:56 +0800] "GET /xingrg/javascript/easyui/themes/icons/print.png HTTP/1.1" 304 -
120.253.135.82 - - [24/Sep/2020:09:45:56 +0800] "GET /xingrg/javascript/easyui/themes/default/images/menu_downarrow.png HTTP/1.1" 304 -
120.253.135.82 - - [24/Sep/2020:09:45:57 +0800] "GET /xingrg/all/common/auto_word.html?type=base&rest_code=00101 HTTP/1.1" 200 559
120.253.135.82 - - [24/Sep/2020:09:45:57 +0800] "GET /xingrg/javascript/easyui/plugins/jquery.validatebox.js HTTP/1.1" 304 -
120.253.135.82 - - [24/Sep/2020:09:45:57 +0800] "GET /xingrg/javascript/easyui/themes/default/validatebox.css HTTP/1.1" 404 1104
120.253.135.82 - - [24/Sep/2020:09:45:57 +0800] "GET /xingrg/javascript/easyui/plugins/jquery.numberbox.js HTTP/1.1" 304 -
120.253.135.82 - - [24/Sep/2020:09:45:57 +0800] "POST /xingrg/kc/pszx/mdps_order_operate.html HTTP/1.1" 200 3750
120.253.135.82 - - [24/Sep/2020:09:45:57 +0800] "GET /xingrg/javascript/easyui/themes/icons/edit_remove.png HTTP/1.1" 304 -
114.88.166.242 - - [24/Sep/2020:09:45:58 +0800] "GET /xingrg/all/function/internal_message.html?_=1600912027785&CODE_STATE=getMsg HTTP/1.1" 200 27
114.88.166.242 - - [24/Sep/2020:09:45:58 +0800] "GET /xingrg/all/function/internal_message.html?_=1600911953136&CODE_STATE=getMsg HTTP/1.1" 200 27
114.88.166.242 - - [24/Sep/2020:09:45:58 +0800] "GET /xingrg/kc/buy/cgsh_order_operate.html?command=get_materiel&rest_code=00111&code=00101008036&supplier_code=00100005&order_time=2020-09-24 HTTP/1.1" 200 408
114.88.166.242 - - [24/Sep/2020:09:46:03 +0800] "GET /xingrg/kc/buy/cgsh_order_operate.html?command=get_materiel&rest_code=00111&code=00101008131&supplier_code=00100005&order_time=2020-09-24 HTTP/1.1" 200 408
180.162.245.190 - - [24/Sep/2020:09:46:03 +0800] "GET /xingrg/all/function/internal_message.html?_=1600911964768&CODE_STATE=getMsg HTTP/1.1" 200 27
120.253.135.82 - - [24/Sep/2020:09:46:03 +0800] "GET /xingrg/javascript/easyui/themes/default/images/button_plain_hover.png HTTP/1.1" 304 -
180.157.253.48 - - [24/Sep/2020:09:46:04 +0800] "GET /xingrg/kc/buy/cgsh_order_operate.html?command=get_materiel&rest_code=00148&code=00101008286&supplier_code=00100007&order_time=2020-09-24 HTTP/1.1" 200 408
120.253.135.82 - - [24/Sep/2020:09:46:05 +0800] "GET /xingrg/kc/print/load_config.html?kc_code=mdps HTTP/1.1" 200 2396
120.253.135.82 - - [24/Sep/2020:09:46:05 +0800] "GET /xingrg/kc/print/load_data.html?order_code=312020092400664&kc_code=mdps&condition= HTTP/1.1" 200 1361
114.88.166.242 - - [24/Sep/2020:09:46:08 +0800] "GET /xingrg/kc/buy/cgsh_order_operate.html?command=get_materiel&rest_code=00111&code=00101008318&supplier_code=00100005&order_time=2020-09-24 HTTP/1.1" 200 408
180.157.253.48 - - [24/Sep/2020:09:46:09 +0800] "GET /xingrg/kc/buy/cgsh_order_operate.html?command=get_materiel&rest_code=00148&code=00101008131&supplier_code=00100007&order_time=2020-09-24 HTTP/1.1" 200 408
114.88.166.242 - - [24/Sep/2020:09:46:10 +0800] "POST /xingrg/kc/buy/cgsh_order_operate.html HTTP/1.1" 200 2065
114.88.166.242 - - [24/Sep/2020:09:46:13 +0800] "GET /xingrg/kc/buy/cgsh_order_operate.html?command=get_materiel&rest_code=00111&code=00101008005&supplier_code=00100005&order_time=2020-09-24 HTTP/1.1" 200 412
101.85.228.253 - - [24/Sep/2020:09:46:13 +0800] "GET /xingrg/kc/buy/cgsh_order_operate.html?command=get_materiel&rest_code=00102&code=00101015057&supplier_code=00100054&order_time=2020-09-24 HTTP/1.1" 200 408
180.157.253.48 - - [24/Sep/2020:09:46:13 +0800] "GET /xingrg/kc/buy/cgsh_order_operate.html?command=get_materiel&rest_code=00148&code=00101008296&supplier_code=00100007&order_time=2020-09-24 HTTP/1.1" 200 435
180.162.245.190 - - [24/Sep/2020:09:46:15 +0800] "GET /xingrg/kc/buy/cgsh_order_operate.html?command=get_materiel&rest_code=00105&code=00101008301&supplier_code=00100203&order_time=2020-09-24 HTTP/1.1" 200 422
180.157.253.48 - - [24/Sep/2020:09:46:15 +0800] "POST /xingrg/kc/buy/cgsh_order_operate.html HTTP/1.1" 200 2065
172.17.200.101 - - [24/Sep/2020:09:46:16 +0800] "GET /xingrg/all/function/internal_message.html?_=1600911976237&CODE_STATE=getMsg HTTP/1.1" 200 27
116.238.71.173 - - [24/Sep/2020:09:46:17 +0800] "GET /xingrg/all/function/internal_message.html?_=1600911975092&CODE_STATE=getMsg HTTP/1.1" 200 27
114.88.166.242 - - [24/Sep/2020:09:46:17 +0800] "GET /xingrg/kc/buy/cgsh_order_operate.html?command=get_materiel&rest_code=00111&code=00101008271&supplier_code=00100005&order_time=2020-09-24 HTTP/1.1" 200 408
114.88.166.242 - - [24/Sep/2020:09:46:17 +0800] "GET /xingrg/all/function/internal_message.html?_=1600911970660&CODE_STATE=getMsg HTTP/1.1" 302 -
114.88.166.242 - - [24/Sep/2020:09:46:17 +0800] "GET /xingrg/check_reg.html?_=1600911970662 HTTP/1.1" 302 -
180.157.253.48 - - [24/Sep/2020:09:46:18 +0800] "GET /xingrg/kc/buy/cgsh_order_operate.html?command=get_materiel&rest_code=00148&code=00101008353&supplier_code=00100007&order_time=2020-09-24 HTTP/1.1" 200 408
180.157.253.48 - - [24/Sep/2020:09:46:18 +0800] "GET /xingrg/all/function/internal_message.html?_=1600911981859&CODE_STATE=getMsg HTTP/1.1" 200 27
180.157.253.48 - - [24/Sep/2020:09:46:19 +0800] "GET /xingrg/check_reg.html?_=1600911982890 HTTP/1.1" 200 22
58.221.95.50 - - [24/Sep/2020:09:46:19 +0800] "GET /xingrg/all/function/internal_message.html?_=1600912134924&CODE_STATE=getMsg HTTP/1.1" 200 27
124.77.70.31 - - [24/Sep/2020:09:46:21 +0800] "GET /xingrg/all/function/internal_message.html?_=1600911975451&CODE_STATE=getMsg HTTP/1.1" 200 27
114.88.166.242 - - [24/Sep/2020:09:46:22 +0800] "GET /xingrg/kc/buy/cgsh_order_operate.html?command=get_materiel&rest_code=00111&code=00101008353&supplier_code=00100005&order_time=2020-09-24 HTTP/1.1" 200 408
116.233.78.223 - - [24/Sep/2020:09:46:25 +0800] "GET /xingrg/check_reg.html?_=1600912078080 HTTP/1.1" 200 22
116.233.78.223 - - [24/Sep/2020:09:46:25 +0800] "GET /xingrg/all/function/internal_message.html?_=1600912078080&CODE_STATE=getMsg HTTP/1.1" 200 27
180.157.253.48 - - [24/Sep/2020:09:46:25 +0800] "GET /xingrg/kc/buy/cgsh_order_operate.html?command=get_materiel&rest_code=00148&code=00101008298&supplier_code=00100007&order_time=2020-09-24 HTTP/1.1" 200 431
114.88.166.242 - - [24/Sep/2020:09:46:27 +0800] "GET /xingrg/kc/buy/cgsh_order_operate.html?command=get_materiel&rest_code=00111&code=00101008312&supplier_code=00100005&order_time=2020-09-24 HTTP/1.1" 200 412
180.157.253.48 - - [24/Sep/2020:09:46:31 +0800] "GET /xingrg/kc/buy/cgsh_order_operate.html?command=get_materiel&rest_code=00148&code=00101008188&supplier_code=00100007&order_time=2020-09-24 HTTP/1.1" 200 412
114.88.166.242 - - [24/Sep/2020:09:46:33 +0800] "GET /xingrg/kc/buy/cgsh_order_operate.html?command=get_materiel&rest_code=00111&code=00101008085&supplier_code=00100005&order_time=2020-09-24 HTTP/1.1" 200 412
172.17.0.240 - - [24/Sep/2020:09:46:33 +0800] "GET /xingrg/all/function/internal_message.html?_=1600911989483&CODE_STATE=getMsg HTTP/1.1" 200 27
114.88.166.242 - - [24/Sep/2020:09:46:35 +0800] "POST /xingrg/kc/buy/cgsh_order_operate.html HTTP/1.1" 200 2065
180.157.253.48 - - [24/Sep/2020:09:46:36 +0800] "GET /xingrg/kc/buy/cgsh_order_operate.html?command=get_materiel&rest_code=00148&code=00101008185&supplier_code=00100007&order_time=2020-09-24 HTTP/1.1" 200 408
116.238.71.173 - - [24/Sep/2020:09:46:36 +0800] "GET /xingrg/check_reg.html?_=1600912108292 HTTP/1.1" 200 22
172.17.0.100 - - [24/Sep/2020:09:46:36 +0800] "GET /xingrg/all/function/internal_message.html?_=1600911993746&CODE_STATE=getMsg HTTP/1.1" 200 27
116.238.71.173 - - [24/Sep/2020:09:46:36 +0800] "GET /xingrg/all/function/internal_message.html?_=1600912108762&CODE_STATE=getMsg HTTP/1.1" 200 27
120.253.135.82 - - [24/Sep/2020:09:46:38 +0800] "GET /xingrg/all/function/internal_message.html?_=1600911744638&CODE_STATE=getMsg HTTP/1.1" 200 27
222.69.137.189 - - [24/Sep/2020:09:46:38 +0800] "GET /xingrg/all/function/internal_message.html?_=1600911992943&CODE_STATE=getMsg HTTP/1.1" 200 27
222.69.137.189 - - [24/Sep/2020:09:46:38 +0800] "GET /xingrg/check_reg.html?_=1600911993038 HTTP/1.1" 200 22
114.88.166.242 - - [24/Sep/2020:09:46:39 +0800] "GET /xingrg/kc/buy/cgsh_order_operate.html?command=get_materiel&rest_code=00111&code=00101014065&supplier_code=00100005&order_time=2020-09-24 HTTP/1.1" 200 417
101.85.228.253 - - [24/Sep/2020:09:46:41 +0800] "POST /xingrg/kc/buy/cgsh_order_operate.html HTTP/1.1" 200 37
180.157.253.48 - - [24/Sep/2020:09:46:42 +0800] "GET /xingrg/kc/buy/cgsh_order_operate.html?command=get_materiel&rest_code=00148&code=00101008330&supplier_code=00100007&order_time=2020-09-24 HTTP/1.1" 200 409
172.17.0.120 - - [24/Sep/2020:09:46:43 +0800] "GET /xingrg/all/function/internal_message.html?_=1600912000046&CODE_STATE=getMsg HTTP/1.1" 200 27
101.85.228.253 - - [24/Sep/2020:09:46:44 +0800] "POST /xingrg/kc/buy/cgsh_order_operate.html HTTP/1.1" 200 12
180.157.253.48 - - [24/Sep/2020:09:46:44 +0800] "POST /xingrg/kc/buy/cgsh_order_operate.html HTTP/1.1" 200 2065
114.88.166.242 - - [24/Sep/2020:09:46:46 +0800] "GET /xingrg/kc/buy/cgsh_order_operate.html?command=get_materiel&rest_code=00111&code=00101008010&supplier_code=00100005&order_time=2020-09-24 HTTP/1.1" 200 412
101.85.228.253 - - [24/Sep/2020:09:46:47 +0800] "GET /xingrg/kc/buy/cgsh_order_info.html?code=212020092410424 HTTP/1.1" 200 54592
101.85.228.253 - - [24/Sep/2020:09:46:48 +0800] "GET /xingrg/javascript/easyui/themes/default/validatebox.css HTTP/1.1" 404 1104
101.85.228.253 - - [24/Sep/2020:09:46:48 +0800] "POST /xingrg/kc/buy/cgsh_order_operate.html HTTP/1.1" 200 5305
180.157.253.48 - - [24/Sep/2020:09:46:48 +0800] "GET /xingrg/kc/buy/cgsh_order_operate.html?command=get_materiel&rest_code=00148&code=00101008304&supplier_code=00100007&order_time=2020-09-24 HTTP/1.1" 200 412
218.81.217.115 - - [24/Sep/2020:09:46:50 +0800] "GET /xingrg/check_reg.html?_=1600912019463 HTTP/1.1" 200 22
114.88.166.242 - - [24/Sep/2020:09:46:51 +0800] "GET /xingrg/kc/buy/cgsh_order_operate.html?command=get_materiel&rest_code=00111&code=00101008110&supplier_code=00100005&order_time=2020-09-24 HTTP/1.1" 200 408
218.81.217.115 - - [24/Sep/2020:09:46:52 +0800] "GET /xingrg/all/function/internal_message.html?_=1600912021422&CODE_STATE=getMsg HTTP/1.1" 200 27
101.85.228.253 - - [24/Sep/2020:09:46:55 +0800] "GET /xingrg/all/function/internal_message.html?_=1600912226063&CODE_STATE=getMsg HTTP/1.1" 200 27
180.157.253.48 - - [24/Sep/2020:09:46:55 +0800] "GET /xingrg/kc/buy/cgsh_order_operate.html?command=get_materiel&rest_code=00148&code=00101008296&supplier_code=00100007&order_time=2020-09-24 HTTP/1.1" 200 435
101.85.228.253 - - [24/Sep/2020:09:46:56 +0800] "GET /xingrg/kc/print/load_data.html?order_code=212020092410424&kc_code=cgsh&condition= HTTP/1.1" 200 2449
114.88.166.242 - - [24/Sep/2020:09:46:58 +0800] "GET /xingrg/check_reg.html?_=1600912087794 HTTP/1.1" 200 22
114.88.166.242 - - [24/Sep/2020:09:46:58 +0800] "GET /xingrg/all/function/internal_message.html?_=1600912087793&CODE_STATE=getMsg HTTP/1.1" 200 27
114.88.166.242 - - [24/Sep/2020:09:46:58 +0800] "GET /xingrg/all/function/internal_message.html?_=1600912013152&CODE_STATE=getMsg HTTP/1.1" 200 27
114.88.166.242 - - [24/Sep/2020:09:46:58 +0800] "GET /xingrg/kc/buy/cgsh_order_operate.html?command=get_materiel&rest_code=00111&code=00101008114&supplier_code=00100005&order_time=2020-09-24 HTTP/1.1" 200 412
180.162.245.190 - - [24/Sep/2020:09:47:03 +0800] "GET /xingrg/check_reg.html?_=1600912024761 HTTP/1.1" 200 22
180.162.245.190 - - [24/Sep/2020:09:47:03 +0800] "GET /xingrg/all/function/internal_message.html?_=1600912024762&CODE_STATE=getMsg HTTP/1.1" 200 27
114.88.166.242 - - [24/Sep/2020:09:47:09 +0800] "POST /xingrg/kc/buy/cgsh_order_operate.html HTTP/1.1" 200 2065
101.85.228.253 - - [24/Sep/2020:09:47:10 +0800] "POST /xingrg/kc/buy/cgsh_list_operate.html HTTP/1.1" 200 5784
172.17.200.101 - - [24/Sep/2020:09:47:16 +0800] "GET /xingrg/all/function/internal_message.html?_=1600912036244&CODE_STATE=getMsg HTTP/1.1" 200 27
116.238.71.173 - - [24/Sep/2020:09:47:17 +0800] "GET /xingrg/all/function/internal_message.html?_=1600912035119&CODE_STATE=getMsg HTTP/1.1" 200 27
114.88.166.242 - - [24/Sep/2020:09:47:17 +0800] "GET /xingrg/all/function/internal_message.html?_=1600912030661&CODE_STATE=getMsg HTTP/1.1" 302 -
180.157.253.48 - - [24/Sep/2020:09:47:18 +0800] "GET /xingrg/all/function/internal_message.html?_=1600912042039&CODE_STATE=getMsg HTTP/1.1" 200 27
58.221.95.50 - - [24/Sep/2020:09:47:19 +0800] "GET /xingrg/all/function/internal_message.html?_=1600912194903&CODE_STATE=getMsg HTTP/1.1" 200 27
124.77.70.31 - - [24/Sep/2020:09:47:21 +0800] "GET /xingrg/all/function/internal_message.html?_=1600912035453&CODE_STATE=getMsg HTTP/1.1" 200 27
124.77.70.31 - - [24/Sep/2020:09:47:21 +0800] "GET /xingrg/check_reg.html?_=1600912035456 HTTP/1.1" 200 22
116.233.78.223 - - [24/Sep/2020:09:47:22 +0800] "GET /xingrg/all/function/internal_message.html?_=1600912138091&CODE_STATE=getMsg HTTP/1.1" 200 27
58.37.8.227 - - [24/Sep/2020:09:47:27 +0800] "GET /xingrg/check_reg.html?_=1600912043311 HTTP/1.1" 200 22
172.17.0.240 - - [24/Sep/2020:09:47:33 +0800] "GET /xingrg/all/function/internal_message.html?_=1600912049485&CODE_STATE=getMsg HTTP/1.1" 200 27
180.157.253.48 - - [24/Sep/2020:09:47:35 +0800] "GET /xingrg/kc/buy/cgsh_order_operate.html?command=get_materiel&rest_code=00148&code=00101008155&supplier_code=00100007&order_time=2020-09-24 HTTP/1.1" 200 427
172.17.0.100 - - [24/Sep/2020:09:47:36 +0800] "GET /xingrg/all/function/internal_message.html?_=1600912053744&CODE_STATE=getMsg HTTP/1.1" 200 27
116.238.71.173 - - [24/Sep/2020:09:47:36 +0800] "GET /xingrg/all/function/internal_message.html?_=1600912168775&CODE_STATE=getMsg HTTP/1.1" 200 27
120.253.135.82 - - [24/Sep/2020:09:47:38 +0800] "GET /xingrg/all/function/internal_message.html?_=1600911804651&CODE_STATE=getMsg HTTP/1.1" 200 27
222.69.137.189 - - [24/Sep/2020:09:47:38 +0800] "GET /xingrg/all/function/internal_message.html?_=1600912052912&CODE_STATE=getMsg HTTP/1.1" 200 27
114.88.166.242 - - [24/Sep/2020:09:47:42 +0800] "GET /xingrg/kc/buy/cgsh_order_operate.html?command=get_materiel&rest_code=00111&code=00101008331&supplier_code=00100005&order_time=2020-09-24 HTTP/1.1" 200 416
172.17.0.120 - - [24/Sep/2020:09:47:43 +0800] "GET /xingrg/check_reg.html?_=1600912060049 HTTP/1.1" 200 22
172.17.0.120 - - [24/Sep/2020:09:47:43 +0800] "GET /xingrg/all/function/internal_message.html?_=1600912060053&CODE_STATE=getMsg HTTP/1.1" 200 27
116.238.71.173 - - [24/Sep/2020:09:47:45 +0800] "POST /xingrg/all/user/operate.html HTTP/1.1" 200 36
180.157.253.48 - - [24/Sep/2020:09:47:45 +0800] "GET /xingrg/kc/buy/cgsh_order_operate.html?command=get_materiel&rest_code=00148&code=00101008356&supplier_code=00100007&order_time=2020-09-24 HTTP/1.1" 200 409
116.238.71.173 - - [24/Sep/2020:09:47:45 +0800] "GET /xingrg/index.html?sysBaseUrl=http%3A%2F%2F180.169.147.146%3A18081%2Fxingrg%2F&costTime=40×tamp=1600662187620 HTTP/1.1" 200 17179
116.238.71.173 - - [24/Sep/2020:09:47:45 +0800] "GET /xingrg/javascript/jquery_easy_ui/themes/default/easyui.css HTTP/1.1" 304 -
116.238.71.173 - - [24/Sep/2020:09:47:45 +0800] "GET /xingrg/javascript/jquery_easy_ui/themes/icon.css HTTP/1.1" 304 -
116.238.71.173 - - [24/Sep/2020:09:47:45 +0800] "GET /xingrg/css/form.css HTTP/1.1" 304 -
116.238.71.173 - - [24/Sep/2020:09:47:45 +0800] "GET /xingrg/javascript/jquery-1.4.2.min.js HTTP/1.1" 304 -
116.238.71.173 - - [24/Sep/2020:09:47:45 +0800] "GET /xingrg/javascript/jquery_easy_ui/jquery.easyui.min.js HTTP/1.1" 304 -
116.238.71.173 - - [24/Sep/2020:09:47:45 +0800] "GET /xingrg/javascript/jquery_easy_ui/easyui-lang-zh_CN.js HTTP/1.1" 304 -
116.238.71.173 - - [24/Sep/2020:09:47:45 +0800] "GET /xingrg/javascript/jquery.form.js HTTP/1.1" 304 -
116.238.71.173 - - [24/Sep/2020:09:47:45 +0800] "GET /xingrg/javascript/jquery.utils.js HTTP/1.1" 304 -
