180.162.245.190 - - [19/Sep/2020:09:41:52 +0800] "GET /xingrg/kc/buy/cgsh_order_operate.html?command=get_materiel&rest_code=00105&code=00101008350&supplier_code=00100203&order_time=2020-09-19 HTTP/1.1" 200 408
218.81.217.115 - - [19/Sep/2020:09:41:53 +0800] "GET /xingrg/all/function/internal_message.html?_=1600479727959&CODE_STATE=getMsg HTTP/1.1" 200 27
58.37.9.106 - - [19/Sep/2020:09:41:54 +0800] "GET /xingrg/all/function/internal_message.html?_=1600479701100&CODE_STATE=getMsg HTTP/1.1" 200 27
222.69.133.240 - - [19/Sep/2020:09:41:55 +0800] "GET /xingrg/all/function/internal_message.html?_=1600479704659&CODE_STATE=getMsg HTTP/1.1" 200 27
180.157.253.48 - - [19/Sep/2020:09:41:56 +0800] "GET /xingrg/kc/buy/cgsh_order_operate.html?command=get_materiel&rest_code=00148&code=00101008257&supplier_code=00100007&order_time=2020-09-19 HTTP/1.1" 200 416
180.157.253.48 - - [19/Sep/2020:09:41:56 +0800] "GET /xingrg/javascript/easyui/themes/default/images/button_plain_hover.png HTTP/1.1" 304 -
180.162.245.190 - - [19/Sep/2020:09:41:57 +0800] "GET /xingrg/all/function/internal_message.html?_=1600479716711&CODE_STATE=getMsg HTTP/1.1" 200 27
180.157.253.48 - - [19/Sep/2020:09:42:00 +0800] "GET /xingrg/kc/buy/cgsh_order_operate.html?command=get_materiel&rest_code=00148&code=00101008354&supplier_code=00100007&order_time=2020-09-19 HTTP/1.1" 200 412
180.157.253.48 - - [19/Sep/2020:09:42:00 +0800] "GET /xingrg/javascript/easyui/themes/default/images/button_plain_hover.png HTTP/1.1" 304 -
114.88.166.242 - - [19/Sep/2020:09:42:01 +0800] "POST /xingrg/kc/base/wldb_order_operate.html HTTP/1.1" 200 37
114.88.166.242 - - [19/Sep/2020:09:42:01 +0800] "POST /xingrg/kc/base/wldb_order_operate.html HTTP/1.1" 200 4651
172.17.0.108 - - [19/Sep/2020:09:42:01 +0800] "GET /xingrg/all/function/internal_message.html?_=1600479718033&CODE_STATE=getMsg HTTP/1.1" 200 27
114.88.166.242 - - [19/Sep/2020:09:42:02 +0800] "GET /xingrg/kc/base/wldb_order_info.html?code=422020091902178 HTTP/1.1" 200 30423
114.88.166.242 - - [19/Sep/2020:09:42:02 +0800] "GET /xingrg/javascript/easyui/themes/default/validatebox.css HTTP/1.1" 404 1104
114.88.166.242 - - [19/Sep/2020:09:42:02 +0800] "POST /xingrg/kc/base/wldb_order_operate.html HTTP/1.1" 200 4651
58.40.7.146 - - [19/Sep/2020:09:42:03 +0800] "GET /xingrg/all/function/internal_message.html?_=1600479720364&CODE_STATE=getMsg HTTP/1.1" 200 27
58.40.7.146 - - [19/Sep/2020:09:42:03 +0800] "GET /xingrg/check_reg.html?_=1600479720367 HTTP/1.1" 200 22
180.157.253.48 - - [19/Sep/2020:09:42:04 +0800] "GET /xingrg/kc/buy/cgsh_order_operate.html?command=get_materiel&rest_code=00148&code=00101008010&supplier_code=00100007&order_time=2020-09-19 HTTP/1.1" 200 412
180.157.253.48 - - [19/Sep/2020:09:42:04 +0800] "GET /xingrg/javascript/easyui/themes/default/images/button_plain_hover.png HTTP/1.1" 304 -
180.157.253.48 - - [19/Sep/2020:09:42:08 +0800] "GET /xingrg/kc/buy/cgsh_order_operate.html?command=get_materiel&rest_code=00148&code=00101008028&supplier_code=00100007&order_time=2020-09-19 HTTP/1.1" 200 412
180.157.253.48 - - [19/Sep/2020:09:42:08 +0800] "GET /xingrg/javascript/easyui/themes/default/images/button_plain_hover.png HTTP/1.1" 304 -
117.185.32.26 - - [19/Sep/2020:09:42:13 +0800] "POST /xingrg/kc/buy/cgsh_order_operate.html HTTP/1.1" 200 37
180.157.253.48 - - [19/Sep/2020:09:42:14 +0800] "GET /xingrg/kc/buy/cgsh_order_operate.html?command=get_materiel&rest_code=00148&code=00101008096&supplier_code=00100007&order_time=2020-09-19 HTTP/1.1" 200 412
180.157.253.48 - - [19/Sep/2020:09:42:14 +0800] "GET /xingrg/javascript/easyui/themes/default/images/button_plain_hover.png HTTP/1.1" 304 -
117.185.32.26 - - [19/Sep/2020:09:42:14 +0800] "POST /xingrg/kc/buy/cgsh_order_operate.html HTTP/1.1" 200 5035
180.157.253.48 - - [19/Sep/2020:09:42:20 +0800] "GET /xingrg/kc/buy/cgsh_order_operate.html?command=get_materiel&rest_code=00148&code=00101008038&supplier_code=00100007&order_time=2020-09-19 HTTP/1.1" 200 412
180.157.253.48 - - [19/Sep/2020:09:42:20 +0800] "GET /xingrg/javascript/easyui/themes/default/images/button_plain_hover.png HTTP/1.1" 304 -
61.151.178.175 - - [19/Sep/2020:09:42:20 +0800] "GET /xingrg/all/function/internal_message.html?_=1600478981369&CODE_STATE=getMsg HTTP/1.1" 302 -
180.157.253.48 - - [19/Sep/2020:09:42:25 +0800] "GET /xingrg/kc/buy/cgsh_order_operate.html?command=get_materiel&rest_code=00148&code=00101008358&supplier_code=00100007&order_time=2020-09-19 HTTP/1.1" 200 412
180.157.253.48 - - [19/Sep/2020:09:42:25 +0800] "GET /xingrg/javascript/easyui/themes/default/images/button_plain_hover.png HTTP/1.1" 304 -
117.131.5.26 - - [19/Sep/2020:09:42:26 +0800] "GET /xingrg/all/function/internal_message.html?_=1600479762860&CODE_STATE=getMsg HTTP/1.1" 200 27
61.151.178.175 - - [19/Sep/2020:09:42:26 +0800] "GET /xingrg/login.html HTTP/1.1" 200 7641
58.40.7.146 - - [19/Sep/2020:09:42:28 +0800] "POST /xingrg/services/DataTransmitService HTTP/1.1" 200 524
114.88.166.242 - - [19/Sep/2020:09:42:30 +0800] "GET /xingrg/all/function/internal_message.html?_=1600479815571&CODE_STATE=getMsg HTTP/1.1" 200 27
117.185.32.26 - - [19/Sep/2020:09:42:31 +0800] "GET /xingrg/all/function/internal_message.html?_=1600479745670&CODE_STATE=getMsg HTTP/1.1" 200 27
172.17.0.100 - - [19/Sep/2020:09:42:32 +0800] "GET /xingrg/all/function/internal_message.html?_=1600479747406&CODE_STATE=getMsg HTTP/1.1" 200 27
180.157.253.48 - - [19/Sep/2020:09:42:33 +0800] "GET /xingrg/kc/buy/cgsh_order_operate.html?command=get_materiel&rest_code=00148&code=00101008355&supplier_code=00100007&order_time=2020-09-19 HTTP/1.1" 200 408
180.157.253.48 - - [19/Sep/2020:09:42:33 +0800] "GET /xingrg/javascript/easyui/themes/default/images/button_plain_hover.png HTTP/1.1" 304 -
116.238.71.173 - - [19/Sep/2020:09:42:33 +0800] "GET /xingrg/all/function/internal_message.html?_=1600479750638&CODE_STATE=getMsg HTTP/1.1" 200 27
116.238.71.173 - - [19/Sep/2020:09:42:33 +0800] "GET /xingrg/check_reg.html?_=1600479750639 HTTP/1.1" 200 22
116.232.52.72 - - [19/Sep/2020:09:42:35 +0800] "GET /xingrg/all/function/internal_message.html?_=1600479769008&CODE_STATE=getMsg HTTP/1.1" 200 27
180.157.253.48 - - [19/Sep/2020:09:42:37 +0800] "GET /xingrg/kc/buy/cgsh_order_operate.html?command=get_materiel&rest_code=00148&code=00101008264&supplier_code=00100007&order_time=2020-09-19 HTTP/1.1" 200 412
180.157.253.48 - - [19/Sep/2020:09:42:37 +0800] "GET /xingrg/javascript/easyui/themes/default/images/button_plain_hover.png HTTP/1.1" 304 -
116.238.71.173 - - [19/Sep/2020:09:42:41 +0800] "GET /xingrg/all/function/internal_message.html?_=1600479877618&CODE_STATE=getMsg HTTP/1.1" 200 27
180.157.253.48 - - [19/Sep/2020:09:42:43 +0800] "GET /xingrg/all/function/internal_message.html?_=1600479771037&CODE_STATE=getMsg HTTP/1.1" 200 27
180.157.253.48 - - [19/Sep/2020:09:42:45 +0800] "GET /xingrg/kc/buy/cgsh_order_operate.html?command=get_materiel&rest_code=00148&code=00101008357&supplier_code=00100007&order_time=2020-09-19 HTTP/1.1" 200 408
180.157.253.48 - - [19/Sep/2020:09:42:45 +0800] "GET /xingrg/javascript/easyui/themes/default/images/button_plain_hover.png HTTP/1.1" 304 -
114.88.166.242 - - [19/Sep/2020:09:42:45 +0800] "GET /xingrg/kc/buy/cgsh_order_list.html HTTP/1.1" 200 44002
114.88.166.242 - - [19/Sep/2020:09:42:46 +0800] "POST /xingrg/kc/buy/cgsh_list_operate.html HTTP/1.1" 200 2772
114.88.166.242 - - [19/Sep/2020:09:42:47 +0800] "GET /xingrg/kc/buy/cgsh_order_add.html HTTP/1.1" 200 59740
114.88.166.242 - - [19/Sep/2020:09:42:48 +0800] "GET /xingrg/all/common/auto_word.html?type=employee&rest_code=00111 HTTP/1.1" 200 205
114.88.166.242 - - [19/Sep/2020:09:42:48 +0800] "GET /xingrg/all/common/auto_word.html?type=employee&rest_code=00111 HTTP/1.1" 200 205
114.88.166.242 - - [19/Sep/2020:09:42:48 +0800] "GET /xingrg/javascript/easyui/themes/default/validatebox.css HTTP/1.1" 404 1104
114.88.166.242 - - [19/Sep/2020:09:42:48 +0800] "POST /xingrg/kc/buy/cgsh_order_operate.html HTTP/1.1" 200 8245
180.157.253.48 - - [19/Sep/2020:09:42:49 +0800] "GET /xingrg/kc/buy/cgsh_order_operate.html?command=get_materiel&rest_code=00148&code=00101008069&supplier_code=00100007&order_time=2020-09-19 HTTP/1.1" 200 412
180.157.253.48 - - [19/Sep/2020:09:42:49 +0800] "GET /xingrg/javascript/easyui/themes/default/images/button_plain_hover.png HTTP/1.1" 304 -
180.157.253.48 - - [19/Sep/2020:09:42:54 +0800] "GET /xingrg/kc/buy/cgsh_order_operate.html?command=get_materiel&rest_code=00148&code=00101008036&supplier_code=00100007&order_time=2020-09-19 HTTP/1.1" 200 408
180.157.253.48 - - [19/Sep/2020:09:42:54 +0800] "GET /xingrg/javascript/easyui/themes/default/images/button_plain_hover.png HTTP/1.1" 304 -
58.37.9.106 - - [19/Sep/2020:09:42:54 +0800] "GET /xingrg/all/function/internal_message.html?_=1600479761076&CODE_STATE=getMsg HTTP/1.1" 200 27
218.81.217.115 - - [19/Sep/2020:09:42:54 +0800] "GET /xingrg/all/function/internal_message.html?_=1600479788410&CODE_STATE=getMsg HTTP/1.1" 200 27
222.69.133.240 - - [19/Sep/2020:09:42:55 +0800] "GET /xingrg/all/function/internal_message.html?_=1600479764658&CODE_STATE=getMsg HTTP/1.1" 200 27
114.88.166.242 - - [19/Sep/2020:09:42:57 +0800] "GET /xingrg/kc/buy/cgsh_order_operate.html?command=get_materiel&rest_code=00111&code=00101009041&supplier_code=00100037&order_time=2020-09-19 HTTP/1.1" 200 410
180.162.245.190 - - [19/Sep/2020:09:42:57 +0800] "GET /xingrg/all/function/internal_message.html?_=1600479776685&CODE_STATE=getMsg HTTP/1.1" 200 27
180.157.253.48 - - [19/Sep/2020:09:42:58 +0800] "GET /xingrg/kc/buy/cgsh_order_operate.html?command=get_materiel&rest_code=00148&code=00101008286&supplier_code=00100007&order_time=2020-09-19 HTTP/1.1" 200 408
180.157.253.48 - - [19/Sep/2020:09:42:58 +0800] "GET /xingrg/javascript/easyui/themes/default/images/button_plain_hover.png HTTP/1.1" 304 -
172.17.0.108 - - [19/Sep/2020:09:43:01 +0800] "GET /xingrg/all/function/internal_message.html?_=1600479778043&CODE_STATE=getMsg HTTP/1.1" 200 27
58.40.7.146 - - [19/Sep/2020:09:43:03 +0800] "GET /xingrg/all/function/internal_message.html?_=1600479780369&CODE_STATE=getMsg HTTP/1.1" 200 27
180.157.253.48 - - [19/Sep/2020:09:43:03 +0800] "GET /xingrg/kc/buy/cgsh_order_operate.html?command=get_materiel&rest_code=00148&code=00101008131&supplier_code=00100007&order_time=2020-09-19 HTTP/1.1" 200 408
180.157.253.48 - - [19/Sep/2020:09:43:03 +0800] "GET /xingrg/javascript/easyui/themes/default/images/button_plain_hover.png HTTP/1.1" 304 -
180.157.253.48 - - [19/Sep/2020:09:43:09 +0800] "GET /xingrg/kc/buy/cgsh_order_operate.html?command=get_materiel&rest_code=00148&code=00101008318&supplier_code=00100007&order_time=2020-09-19 HTTP/1.1" 200 408
180.157.253.48 - - [19/Sep/2020:09:43:09 +0800] "GET /xingrg/javascript/easyui/themes/default/images/button_plain_hover.png HTTP/1.1" 304 -
114.88.166.242 - - [19/Sep/2020:09:43:14 +0800] "GET /xingrg/kc/buy/cgsh_order_operate.html?command=get_materiel&rest_code=00111&code=00101008213&supplier_code=00100037&order_time=2020-09-19 HTTP/1.1" 200 412
180.157.253.48 - - [19/Sep/2020:09:43:15 +0800] "GET /xingrg/kc/buy/cgsh_order_operate.html?command=get_materiel&rest_code=00148&code=00101008352&supplier_code=00100007&order_time=2020-09-19 HTTP/1.1" 200 412
180.157.253.48 - - [19/Sep/2020:09:43:15 +0800] "GET /xingrg/javascript/easyui/themes/default/images/button_plain_hover.png HTTP/1.1" 304 -
180.157.253.48 - - [19/Sep/2020:09:43:21 +0800] "GET /xingrg/kc/buy/cgsh_order_operate.html?command=get_materiel&rest_code=00148&code=00101008005&supplier_code=00100007&order_time=2020-09-19 HTTP/1.1" 200 412
180.157.253.48 - - [19/Sep/2020:09:43:21 +0800] "GET /xingrg/javascript/easyui/themes/default/images/button_plain_hover.png HTTP/1.1" 304 -
114.88.166.242 - - [19/Sep/2020:09:43:24 +0800] "GET /xingrg/kc/buy/cgsh_order_operate.html?command=get_materiel&rest_code=00111&code=00101008521&supplier_code=00100037&order_time=2020-09-19 HTTP/1.1" 200 395
218.81.217.115 - - [19/Sep/2020:09:43:25 +0800] "GET /xingrg/check_reg.html?_=1600479819892 HTTP/1.1" 200 22
117.131.5.26 - - [19/Sep/2020:09:43:26 +0800] "GET /xingrg/all/function/internal_message.html?_=1600479822872&CODE_STATE=getMsg HTTP/1.1" 200 27
222.69.133.240 - - [19/Sep/2020:09:43:27 +0800] "GET /xingrg/kc/buy/cgsh_order_add.html HTTP/1.1" 200 59793
222.69.133.240 - - [19/Sep/2020:09:43:28 +0800] "POST /xingrg/kc/buy/cgsh_order_operate.html HTTP/1.1" 200 8245
222.69.133.240 - - [19/Sep/2020:09:43:28 +0800] "GET /xingrg/javascript/easyui/themes/default/validatebox.css HTTP/1.1" 404 1104
114.88.166.242 - - [19/Sep/2020:09:43:30 +0800] "GET /xingrg/all/function/internal_message.html?_=1600479875600&CODE_STATE=getMsg HTTP/1.1" 200 27
117.185.32.26 - - [19/Sep/2020:09:43:31 +0800] "GET /xingrg/all/function/internal_message.html?_=1600479805624&CODE_STATE=getMsg HTTP/1.1" 200 27
172.17.0.100 - - [19/Sep/2020:09:43:32 +0800] "GET /xingrg/all/function/internal_message.html?_=1600479807404&CODE_STATE=getMsg HTTP/1.1" 200 27
116.238.71.173 - - [19/Sep/2020:09:43:33 +0800] "GET /xingrg/all/function/internal_message.html?_=1600479810686&CODE_STATE=getMsg HTTP/1.1" 200 27
116.232.52.72 - - [19/Sep/2020:09:43:34 +0800] "GET /xingrg/all/function/internal_message.html?_=1600479829025&CODE_STATE=getMsg HTTP/1.1" 200 27
180.157.253.48 - - [19/Sep/2020:09:43:39 +0800] "POST /xingrg/kc/buy/cgsh_order_operate.html HTTP/1.1" 200 2065
180.157.253.48 - - [19/Sep/2020:09:43:39 +0800] "GET /xingrg/javascript/easyui/themes/default/images/button_plain_hover.png HTTP/1.1" 304 -
114.88.166.242 - - [19/Sep/2020:09:43:41 +0800] "GET /xingrg/kc/buy/cgsh_order_operate.html?command=get_materiel&rest_code=00111&code=00101008331&supplier_code=00100037&order_time=2020-09-19 HTTP/1.1" 200 416
116.238.71.173 - - [19/Sep/2020:09:43:41 +0800] "GET /xingrg/all/function/internal_message.html?_=1600479937632&CODE_STATE=getMsg HTTP/1.1" 200 27
180.157.253.48 - - [19/Sep/2020:09:43:43 +0800] "GET /xingrg/all/function/internal_message.html?_=1600479831050&CODE_STATE=getMsg HTTP/1.1" 200 27
180.157.253.48 - - [19/Sep/2020:09:43:43 +0800] "GET /xingrg/kc/buy/cgsh_order_operate.html?command=get_materiel&rest_code=00148&code=00101008353&supplier_code=00100007&order_time=2020-09-19 HTTP/1.1" 200 408
180.157.253.48 - - [19/Sep/2020:09:43:43 +0800] "GET /xingrg/javascript/easyui/themes/default/images/button_plain_hover.png HTTP/1.1" 304 -
180.157.253.48 - - [19/Sep/2020:09:43:48 +0800] "GET /xingrg/kc/buy/cgsh_order_operate.html?command=get_materiel&rest_code=00148&code=00101008004&supplier_code=00100007&order_time=2020-09-19 HTTP/1.1" 200 416
180.157.253.48 - - [19/Sep/2020:09:43:48 +0800] "GET /xingrg/javascript/easyui/themes/default/images/button_plain_hover.png HTTP/1.1" 304 -
114.88.166.242 - - [19/Sep/2020:09:43:49 +0800] "GET /xingrg/kc/buy/cgsh_order_operate.html?command=get_materiel&rest_code=00111&code=00101016030&supplier_code=00100037&order_time=2020-09-19 HTTP/1.1" 200 412
180.162.245.190 - - [19/Sep/2020:09:43:50 +0800] "GET /xingrg/kc/buy/cgsh_order_operate.html?command=get_materiel&rest_code=00105&code=00101008092&supplier_code=00100203&order_time=2020-09-19 HTTP/1.1" 200 412
58.37.9.106 - - [19/Sep/2020:09:43:54 +0800] "GET /xingrg/all/function/internal_message.html?_=1600479821053&CODE_STATE=getMsg HTTP/1.1" 200 27
218.81.217.115 - - [19/Sep/2020:09:43:54 +0800] "GET /xingrg/all/function/internal_message.html?_=1600479848424&CODE_STATE=getMsg HTTP/1.1" 200 27
222.69.133.240 - - [19/Sep/2020:09:43:55 +0800] "GET /xingrg/all/function/internal_message.html?_=1600479824679&CODE_STATE=getMsg HTTP/1.1" 200 27
222.69.133.240 - - [19/Sep/2020:09:43:55 +0800] "GET /xingrg/check_reg.html?_=1600479824669 HTTP/1.1" 200 22
114.88.166.242 - - [19/Sep/2020:09:43:55 +0800] "GET /xingrg/kc/buy/cgsh_order_operate.html?command=get_materiel&rest_code=00111&code=00101016025&supplier_code=00100037&order_time=2020-09-19 HTTP/1.1" 200 408
180.157.253.48 - - [19/Sep/2020:09:43:56 +0800] "GET /xingrg/kc/buy/cgsh_order_operate.html?command=get_materiel&rest_code=00148&code=00101008101&supplier_code=00100007&order_time=2020-09-19 HTTP/1.1" 200 412
180.157.253.48 - - [19/Sep/2020:09:43:56 +0800] "GET /xingrg/javascript/easyui/themes/default/images/button_plain_hover.png HTTP/1.1" 304 -
180.162.245.190 - - [19/Sep/2020:09:43:57 +0800] "GET /xingrg/check_reg.html?_=1600479836662 HTTP/1.1" 200 22
180.162.245.190 - - [19/Sep/2020:09:43:57 +0800] "GET /xingrg/all/function/internal_message.html?_=1600479836666&CODE_STATE=getMsg HTTP/1.1" 200 27
180.157.253.48 - - [19/Sep/2020:09:44:00 +0800] "GET /xingrg/kc/buy/cgsh_order_operate.html?command=get_materiel&rest_code=00148&code=00101008304&supplier_code=00100007&order_time=2020-09-19 HTTP/1.1" 200 412
180.157.253.48 - - [19/Sep/2020:09:44:00 +0800] "GET /xingrg/javascript/easyui/themes/default/images/button_plain_hover.png HTTP/1.1" 304 -
172.17.0.108 - - [19/Sep/2020:09:44:01 +0800] "GET /xingrg/all/function/internal_message.html?_=1600479838041&CODE_STATE=getMsg HTTP/1.1" 200 27
172.17.0.108 - - [19/Sep/2020:09:44:01 +0800] "GET /xingrg/check_reg.html?_=1600479838045 HTTP/1.1" 200 22
58.40.7.146 - - [19/Sep/2020:09:44:03 +0800] "GET /xingrg/all/function/internal_message.html?_=1600479840372&CODE_STATE=getMsg HTTP/1.1" 200 27
114.88.166.242 - - [19/Sep/2020:09:44:03 +0800] "GET /xingrg/kc/buy/cgsh_order_operate.html?command=get_materiel&rest_code=00111&code=00101008016&supplier_code=00100037&order_time=2020-09-19 HTTP/1.1" 200 416
180.157.253.48 - - [19/Sep/2020:09:44:07 +0800] "GET /xingrg/kc/buy/cgsh_order_operate.html?command=get_materiel&rest_code=00148&code=00101008125&supplier_code=00100007&order_time=2020-09-19 HTTP/1.1" 200 413
180.157.253.48 - - [19/Sep/2020:09:44:07 +0800] "GET /xingrg/javascript/easyui/themes/default/images/button_plain_hover.png HTTP/1.1" 304 -
180.162.245.190 - - [19/Sep/2020:09:44:09 +0800] "GET /xingrg/kc/buy/cgsh_order_operate.html?command=get_materiel&rest_code=00105&code=00101008223&supplier_code=00100203&order_time=2020-09-19 HTTP/1.1" 200 412
180.157.253.48 - - [19/Sep/2020:09:44:09 +0800] "POST /xingrg/kc/buy/cgsh_order_operate.html HTTP/1.1" 200 2065
180.157.253.48 - - [19/Sep/2020:09:44:09 +0800] "GET /xingrg/javascript/easyui/themes/default/images/button_plain_hover.png HTTP/1.1" 304 -
180.157.253.48 - - [19/Sep/2020:09:44:11 +0800] "GET /xingrg/kc/buy/cgsh_order_operate.html?command=get_materiel&rest_code=00148&code=00101009053&supplier_code=00100007&order_time=2020-09-19 HTTP/1.1" 200 408
180.157.253.48 - - [19/Sep/2020:09:44:11 +0800] "GET /xingrg/javascript/easyui/themes/default/images/button_plain_hover.png HTTP/1.1" 304 -
180.157.253.48 - - [19/Sep/2020:09:44:13 +0800] "GET /xingrg/javascript/easyui/themes/default/images/button_plain_hover.png HTTP/1.1" 304 -
180.157.253.48 - - [19/Sep/2020:09:44:17 +0800] "GET /xingrg/kc/buy/cgsh_order_operate.html?command=get_materiel&rest_code=00148&code=00101008283&supplier_code=00100007&order_time=2020-09-19 HTTP/1.1" 200 408
180.157.253.48 - - [19/Sep/2020:09:44:23 +0800] "GET /xingrg/kc/buy/cgsh_order_operate.html?command=get_materiel&rest_code=00148&code=00101009066&supplier_code=00100007&order_time=2020-09-19 HTTP/1.1" 200 436
58.37.9.106 - - [19/Sep/2020:09:44:25 +0800] "GET /xingrg/check_reg.html?_=1600479852541 HTTP/1.1" 200 22
117.131.5.26 - - [19/Sep/2020:09:44:26 +0800] "GET /xingrg/all/function/internal_message.html?_=1600479882885&CODE_STATE=getMsg HTTP/1.1" 200 27
117.131.5.26 - - [19/Sep/2020:09:44:26 +0800] "GET /xingrg/check_reg.html?_=1600479882886 HTTP/1.1" 200 22
180.157.253.48 - - [19/Sep/2020:09:44:27 +0800] "GET /xingrg/javascript/easyui/themes/default/images/button_plain_hover.png HTTP/1.1" 304 -
180.157.253.48 - - [19/Sep/2020:09:44:27 +0800] "GET /xingrg/javascript/easyui/themes/default/images/button_plain_hover.png HTTP/1.1" 304 -
180.157.253.48 - - [19/Sep/2020:09:44:27 +0800] "GET /xingrg/javascript/easyui/themes/default/images/button_plain_hover.png HTTP/1.1" 304 -
180.162.245.190 - - [19/Sep/2020:09:44:30 +0800] "GET /xingrg/kc/buy/cgsh_order_operate.html?command=get_materiel&rest_code=00105&code=00101015062&supplier_code=00100203&order_time=2020-09-19 HTTP/1.1" 200 432
114.88.166.242 - - [19/Sep/2020:09:44:30 +0800] "GET /xingrg/all/function/internal_message.html?_=1600479935605&CODE_STATE=getMsg HTTP/1.1" 200 27
117.185.32.26 - - [19/Sep/2020:09:44:31 +0800] "GET /xingrg/all/function/internal_message.html?_=1600479865623&CODE_STATE=getMsg HTTP/1.1" 200 27
117.185.32.26 - - [19/Sep/2020:09:44:31 +0800] "GET /xingrg/check_reg.html?_=1600479865624 HTTP/1.1" 200 22
172.17.0.100 - - [19/Sep/2020:09:44:32 +0800] "GET /xingrg/all/function/internal_message.html?_=1600479867403&CODE_STATE=getMsg HTTP/1.1" 200 27
116.238.71.173 - - [19/Sep/2020:09:44:33 +0800] "GET /xingrg/all/function/internal_message.html?_=1600479870757&CODE_STATE=getMsg HTTP/1.1" 200 27
116.232.52.72 - - [19/Sep/2020:09:44:34 +0800] "GET /xingrg/check_reg.html?_=1600479889015 HTTP/1.1" 200 22
116.232.52.72 - - [19/Sep/2020:09:44:34 +0800] "GET /xingrg/all/function/internal_message.html?_=1600479889015&CODE_STATE=getMsg HTTP/1.1" 200 27
180.157.253.48 - - [19/Sep/2020:09:44:35 +0800] "GET /xingrg/kc/buy/cgsh_order_operate.html?command=get_materiel&rest_code=00148&code=00101008323&supplier_code=00100007&order_time=2020-09-19 HTTP/1.1" 200 408
180.162.245.190 - - [19/Sep/2020:09:44:39 +0800] "GET /xingrg/kc/buy/cgsh_order_operate.html?command=get_materiel&rest_code=00105&code=00101015026&supplier_code=00100203&order_time=2020-09-19 HTTP/1.1" 200 432
116.238.71.173 - - [19/Sep/2020:09:44:40 +0800] "GET /xingrg/check_reg.html?_=1600479996836 HTTP/1.1" 200 22
116.238.71.173 - - [19/Sep/2020:09:44:41 +0800] "GET /xingrg/all/function/internal_message.html?_=1600479997708&CODE_STATE=getMsg HTTP/1.1" 200 27
180.157.253.48 - - [19/Sep/2020:09:44:43 +0800] "GET /xingrg/check_reg.html?_=1600479890798 HTTP/1.1" 200 22
180.157.253.48 - - [19/Sep/2020:09:44:43 +0800] "GET /xingrg/all/function/internal_message.html?_=1600479891064&CODE_STATE=getMsg HTTP/1.1" 200 27
114.88.166.242 - - [19/Sep/2020:09:44:44 +0800] "GET /xingrg/kc/buy/cgsh_order_operate.html?command=get_materiel&rest_code=00111&code=00101016071&supplier_code=00100037&order_time=2020-09-19 HTTP/1.1" 200 416
180.157.253.48 - - [19/Sep/2020:09:44:45 +0800] "GET /xingrg/kc/buy/cgsh_order_operate.html?command=get_materiel&rest_code=00148&code=00101008176&supplier_code=00100007&order_time=2020-09-19 HTTP/1.1" 200 431
180.157.253.48 - - [19/Sep/2020:09:44:51 +0800] "GET /xingrg/javascript/easyui/themes/default/images/button_plain_hover.png HTTP/1.1" 304 -
180.157.253.48 - - [19/Sep/2020:09:44:51 +0800] "GET /xingrg/javascript/easyui/themes/default/images/button_plain_hover.png HTTP/1.1" 304 -
180.157.253.48 - - [19/Sep/2020:09:44:51 +0800] "GET /xingrg/javascript/easyui/themes/default/images/button_plain_hover.png HTTP/1.1" 304 -
180.157.253.48 - - [19/Sep/2020:09:44:51 +0800] "GET /xingrg/javascript/easyui/themes/default/images/button_plain_hover.png HTTP/1.1" 304 -
114.88.166.242 - - [19/Sep/2020:09:44:51 +0800] "GET /xingrg/kc/buy/cgsh_order_operate.html?command=get_materiel&rest_code=00111&code=00101016105&supplier_code=00100037&order_time=2020-09-19 HTTP/1.1" 200 409
180.157.253.48 - - [19/Sep/2020:09:44:51 +0800] "GET /xingrg/javascript/easyui/themes/default/images/button_plain_hover.png HTTP/1.1" 304 -
180.157.253.48 - - [19/Sep/2020:09:44:53 +0800] "POST /xingrg/kc/buy/cgsh_order_operate.html HTTP/1.1" 200 37
180.162.245.190 - - [19/Sep/2020:09:44:54 +0800] "GET /xingrg/kc/buy/cgsh_order_operate.html?command=get_materiel&rest_code=00105&code=00102012060&supplier_code=00100203&order_time=2020-09-19 HTTP/1.1" 200 411
58.37.9.106 - - [19/Sep/2020:09:44:54 +0800] "GET /xingrg/all/function/internal_message.html?_=1600479881056&CODE_STATE=getMsg HTTP/1.1" 200 27
218.81.217.115 - - [19/Sep/2020:09:44:54 +0800] "GET /xingrg/all/function/internal_message.html?_=1600479908436&CODE_STATE=getMsg HTTP/1.1" 200 27
180.157.253.48 - - [19/Sep/2020:09:44:54 +0800] "POST /xingrg/kc/buy/cgsh_order_operate.html HTTP/1.1" 200 18628
180.157.253.48 - - [19/Sep/2020:09:44:54 +0800] "GET /xingrg/javascript/easyui/themes/default/images/button_plain_hover.png HTTP/1.1" 304 -
180.157.253.48 - - [19/Sep/2020:09:44:54 +0800] "GET /xingrg/javascript/easyui/themes/default/images/button_plain_hover.png HTTP/1.1" 304 -
222.69.133.240 - - [19/Sep/2020:09:44:55 +0800] "GET /xingrg/all/function/internal_message.html?_=1600479884684&CODE_STATE=getMsg HTTP/1.1" 200 27
180.162.245.190 - - [19/Sep/2020:09:44:57 +0800] "GET /xingrg/all/function/internal_message.html?_=1600479896666&CODE_STATE=getMsg HTTP/1.1" 200 27
180.162.245.190 - - [19/Sep/2020:09:45:01 +0800] "GET /xingrg/kc/buy/cgsh_order_operate.html?command=get_materiel&rest_code=00105&code=00101008041&supplier_code=00100203&order_time=2020-09-19 HTTP/1.1" 200 427
172.17.0.108 - - [19/Sep/2020:09:45:01 +0800] "GET /xingrg/all/function/internal_message.html?_=1600479898055&CODE_STATE=getMsg HTTP/1.1" 200 27
116.238.71.173 - - [19/Sep/2020:09:45:02 +0800] "POST /xingrg/kc/buy/cgsh_order_operate.html HTTP/1.1" 200 37
58.40.7.146 - - [19/Sep/2020:09:45:03 +0800] "GET /xingrg/all/function/internal_message.html?_=1600479900374&CODE_STATE=getMsg HTTP/1.1" 200 27
116.238.71.173 - - [19/Sep/2020:09:45:04 +0800] "POST /xingrg/kc/buy/cgsh_order_operate.html HTTP/1.1" 200 12
116.238.71.173 - - [19/Sep/2020:09:45:05 +0800] "GET /xingrg/kc/buy/cgsh_order_info.html?code=212020091908025 HTTP/1.1" 200 54583
116.238.71.173 - - [19/Sep/2020:09:45:06 +0800] "GET /xingrg/javascript/easyui/themes/default/validatebox.css HTTP/1.1" 404 1104
114.88.166.242 - - [19/Sep/2020:09:45:06 +0800] "GET /xingrg/kc/buy/cgsh_order_operate.html?command=get_materiel&rest_code=00111&code=00101008257&supplier_code=00100037&order_time=2020-09-19 HTTP/1.1" 200 416
116.238.71.173 - - [19/Sep/2020:09:45:06 +0800] "POST /xingrg/kc/buy/cgsh_order_operate.html HTTP/1.1" 200 30801
116.238.71.173 - - [19/Sep/2020:09:45:08 +0800] "GET /xingrg/kc/print/load_data.html?order_code=212020091908025&kc_code=cgsh&condition= HTTP/1.1" 200 12224
180.162.245.190 - - [19/Sep/2020:09:45:09 +0800] "GET /xingrg/kc/buy/cgsh_order_operate.html?command=get_materiel&rest_code=00105&code=00101015072&supplier_code=00100203&order_time=2020-09-19 HTTP/1.1" 200 408
180.162.245.190 - - [19/Sep/2020:09:45:16 +0800] "GET /xingrg/kc/buy/cgsh_order_operate.html?command=get_materiel&rest_code=00105&code=00101015022&supplier_code=00100203&order_time=2020-09-19 HTTP/1.1" 200 408
114.88.166.242 - - [19/Sep/2020:09:45:18 +0800] "GET /xingrg/kc/buy/cgsh_order_operate.html?command=get_materiel&rest_code=00111&code=00101008126&supplier_code=00100037&order_time=2020-09-19 HTTP/1.1" 200 412
116.238.71.173 - - [19/Sep/2020:09:45:23 +0800] "GET /xingrg/kc/buy/cgsh_order_add.html HTTP/1.1" 200 59676
116.238.71.173 - - [19/Sep/2020:09:45:24 +0800] "POST /xingrg/kc/buy/cgsh_order_operate.html HTTP/1.1" 200 8245
180.162.245.190 - - [19/Sep/2020:09:45:24 +0800] "GET /xingrg/kc/buy/cgsh_order_operate.html?command=get_materiel&rest_code=00105&code=00101008175&supplier_code=00100203&order_time=2020-09-19 HTTP/1.1" 200 412
116.238.71.173 - - [19/Sep/2020:09:45:24 +0800] "GET /xingrg/javascript/easyui/themes/default/validatebox.css HTTP/1.1" 404 1104
117.131.5.26 - - [19/Sep/2020:09:45:26 +0800] "GET /xingrg/all/function/internal_message.html?_=1600479942883&CODE_STATE=getMsg HTTP/1.1" 200 27
116.238.71.173 - - [19/Sep/2020:09:45:27 +0800] "POST /xingrg/all/user/operate.html HTTP/1.1" 200 36
114.88.166.242 - - [19/Sep/2020:09:45:27 +0800] "GET /xingrg/kc/buy/cgsh_order_operate.html?command=get_materiel&rest_code=00111&code=00101007109&supplier_code=00100037&order_time=2020-09-19 HTTP/1.1" 200 408
116.238.71.173 - - [19/Sep/2020:09:45:27 +0800] "GET /xingrg/index.html?sysBaseUrl=http%3A%2F%2F180.169.147.146%3A18081%2Fxingrg%2F&costTime=45×tamp=1600415946787 HTTP/1.1" 200 17177
116.238.71.173 - - [19/Sep/2020:09:45:27 +0800] "GET /xingrg/javascript/jquery_easy_ui/themes/default/easyui.css HTTP/1.1" 304 -
116.238.71.173 - - [19/Sep/2020:09:45:27 +0800] "GET /xingrg/javascript/jquery_easy_ui/themes/icon.css HTTP/1.1" 304 -
116.238.71.173 - - [19/Sep/2020:09:45:27 +0800] "GET /xingrg/css/form.css HTTP/1.1" 304 -
116.238.71.173 - - [19/Sep/2020:09:45:27 +0800] "GET /xingrg/javascript/jquery-1.4.2.min.js HTTP/1.1" 304 -
116.238.71.173 - - [19/Sep/2020:09:45:27 +0800] "GET /xingrg/javascript/jquery_easy_ui/jquery.easyui.min.js HTTP/1.1" 304 -
116.238.71.173 - - [19/Sep/2020:09:45:27 +0800] "GET /xingrg/javascript/jquery_easy_ui/easyui-lang-zh_CN.js HTTP/1.1" 304 -
116.238.71.173 - - [19/Sep/2020:09:45:28 +0800] "GET /xingrg/javascript/jquery.form.js HTTP/1.1" 304 -
116.238.71.173 - - [19/Sep/2020:09:45:28 +0800] "GET /xingrg/javascript/jquery.utils.js HTTP/1.1" 304 -
116.238.71.173 - - [19/Sep/2020:09:45:28 +0800] "GET /xingrg/javascript/jquery.timers.js HTTP/1.1" 304 -
116.238.71.173 - - [19/Sep/2020:09:45:28 +0800] "GET /xingrg/images/blue/navBackgound.jpg HTTP/1.1" 304 -
116.238.71.173 - - [19/Sep/2020:09:45:28 +0800] "GET /xingrg/images/blue/jxLogo.png HTTP/1.1" 304 -
116.238.71.173 - - [19/Sep/2020:09:45:28 +0800] "GET /xingrg/javascript/jquery_easy_ui/themes/icons/settle_new.png HTTP/1.1" 304 -
116.238.71.173 - - [19/Sep/2020:09:45:28 +0800] "POST /xingrg/all/common/load_tree.html?tree=area_rest_tree_json&manage=1 HTTP/1.1" 200 476
116.238.71.173 - - [19/Sep/2020:09:45:28 +0800] "GET /xingrg/images/blue/pingpu.png HTTP/1.1" 304 -
116.238.71.173 - - [19/Sep/2020:09:45:28 +0800] "GET /xingrg/javascript/jquery_easy_ui/themes/default/images/panel_tool_collapse.gif HTTP/1.1" 304 -
116.238.71.173 - - [19/Sep/2020:09:45:28 +0800] "GET /xingrg/javascript/jquery_easy_ui/themes/default/images/tabs_leftarrow.png HTTP/1.1" 304 -
116.238.71.173 - - [19/Sep/2020:09:45:28 +0800] "GET /xingrg/javascript/jquery_easy_ui/themes/default/images/tabs_rightarrow.png HTTP/1.1" 304 -
116.238.71.173 - - [19/Sep/2020:09:45:28 +0800] "GET /xingrg/all/function/internal_message.html?_=1600480044613&CODE_STATE=count HTTP/1.1" 200 11
116.238.71.173 - - [19/Sep/2020:09:45:28 +0800] "POST /xingrg/load_menu.html HTTP/1.1" 200 5138
116.238.71.173 - - [19/Sep/2020:09:45:28 +0800] "GET /xingrg/check_reg.html?_=1600480044614 HTTP/1.1" 200 22
116.238.71.173 - - [19/Sep/2020:09:45:28 +0800] "GET /xingrg/javascript/jquery_easy_ui/themes/default/images/tree_arrows.gif HTTP/1.1" 304 -
116.238.71.173 - - [19/Sep/2020:09:45:28 +0800] "GET /xingrg/javascript/jquery_easy_ui/themes/icons/search_new.png HTTP/1.1" 304 -
116.238.71.173 - - [19/Sep/2020:09:45:28 +0800] "GET /xingrg/javascript/jquery_easy_ui/themes/default/images/tree_folder_open.gif HTTP/1.1" 304 -
116.238.71.173 - - [19/Sep/2020:09:45:28 +0800] "GET /xingrg/javascript/jquery_easy_ui/themes/icons/storage_new.png HTTP/1.1" 304 -
116.238.71.173 - - [19/Sep/2020:09:45:28 +0800] "GET /xingrg/javascript/jquery_easy_ui/themes/default/images/tree_folder.gif HTTP/1.1" 304 -
116.238.71.173 - - [19/Sep/2020:09:45:28 +0800] "GET /xingrg/javascript/jquery_easy_ui/themes/icons/forms_new.png HTTP/1.1" 304 -
116.238.71.173 - - [19/Sep/2020:09:45:28 +0800] "GET /xingrg/javascript/jquery_easy_ui/themes/default/images/tree_file.gif HTTP/1.1" 304 -
114.88.166.242 - - [19/Sep/2020:09:45:30 +0800] "GET /xingrg/all/function/internal_message.html?_=1600479995590&CODE_STATE=getMsg HTTP/1.1" 200 27
117.185.32.26 - - [19/Sep/2020:09:45:31 +0800] "GET /xingrg/all/function/internal_message.html?_=1600479925625&CODE_STATE=getMsg HTTP/1.1" 200 27
172.17.0.100 - - [19/Sep/2020:09:45:32 +0800] "GET /xingrg/all/function/internal_message.html?_=1600479927401&CODE_STATE=getMsg HTTP/1.1" 200 27
116.238.71.173 - - [19/Sep/2020:09:45:33 +0800] "GET /xingrg/all/function/internal_message.html?_=1600479930775&CODE_STATE=getMsg HTTP/1.1" 200 27
116.232.52.72 - - [19/Sep/2020:09:45:34 +0800] "GET /xingrg/all/function/internal_message.html?_=1600479949014&CODE_STATE=getMsg HTTP/1.1" 200 27
180.162.245.190 - - [19/Sep/2020:09:45:39 +0800] "POST /xingrg/kc/buy/cgsh_order_operate.html HTTP/1.1" 200 2065
180.162.245.190 - - [19/Sep/2020:09:45:41 +0800] "POST /xingrg/kc/buy/cgsh_order_operate.html HTTP/1.1" 200 2065
180.157.253.48 - - [19/Sep/2020:09:45:43 +0800] "GET /xingrg/all/function/internal_message.html?_=1600479951078&CODE_STATE=getMsg HTTP/1.1" 200 27
116.238.71.173 - - [19/Sep/2020:09:45:43 +0800] "GET /xingrg/kc/buy/cgsh_order_list.html HTTP/1.1" 200 44006
180.162.245.190 - - [19/Sep/2020:09:45:43 +0800] "POST /xingrg/kc/buy/cgsh_order_operate.html HTTP/1.1" 200 2065
116.238.71.173 - - [19/Sep/2020:09:45:44 +0800] "POST /xingrg/kc/buy/cgsh_list_operate.html HTTP/1.1" 200 1708
116.238.71.173 - - [19/Sep/2020:09:45:46 +0800] "POST /xingrg/kc/buy/cgsh_list_operate.html HTTP/1.1" 200 558
116.238.71.173 - - [19/Sep/2020:09:45:47 +0800] "GET /xingrg/kc/buy/cgsh_order_info.html?code=212020091908026 HTTP/1.1" 200 59403
116.238.71.173 - - [19/Sep/2020:09:45:48 +0800] "GET /xingrg/javascript/easyui/themes/default/validatebox.css HTTP/1.1" 404 1104
116.238.71.173 - - [19/Sep/2020:09:45:48 +0800] "POST /xingrg/kc/buy/cgsh_order_operate.html HTTP/1.1" 200 29629
180.162.245.190 - - [19/Sep/2020:09:45:53 +0800] "GET /xingrg/kc/buy/cgsh_order_operate.html?command=get_materiel&rest_code=00105&code=00101008149&supplier_code=00100203&order_time=2020-09-19 HTTP/1.1" 200 408
58.37.9.106 - - [19/Sep/2020:09:45:54 +0800] "GET /xingrg/all/function/internal_message.html?_=1600479941032&CODE_STATE=getMsg HTTP/1.1" 200 27
218.81.217.115 - - [19/Sep/2020:09:45:54 +0800] "GET /xingrg/all/function/internal_message.html?_=1600479968451&CODE_STATE=getMsg HTTP/1.1" 200 27
222.69.133.240 - - [19/Sep/2020:09:45:55 +0800] "GET /xingrg/all/function/internal_message.html?_=1600479944667&CODE_STATE=getMsg HTTP/1.1" 200 27
180.162.245.190 - - [19/Sep/2020:09:45:57 +0800] "GET /xingrg/all/function/internal_message.html?_=1600479956682&CODE_STATE=getMsg HTTP/1.1" 200 27
172.17.0.108 - - [19/Sep/2020:09:46:01 +0800] "GET /xingrg/all/function/internal_message.html?_=1600479958054&CODE_STATE=getMsg HTTP/1.1" 200 27
58.40.7.146 - - [19/Sep/2020:09:46:03 +0800] "GET /xingrg/all/function/internal_message.html?_=1600479960376&CODE_STATE=getMsg HTTP/1.1" 200 27
180.162.245.190 - - [19/Sep/2020:09:46:21 +0800] "GET /xingrg/kc/buy/cgsh_order_operate.html?command=get_materiel&rest_code=00105&code=00101008230&supplier_code=00100203&order_time=2020-09-19 HTTP/1.1" 200 408
117.131.5.26 - - [19/Sep/2020:09:46:26 +0800] "GET /xingrg/all/function/internal_message.html?_=1600480002881&CODE_STATE=getMsg HTTP/1.1" 200 27
116.238.71.173 - - [19/Sep/2020:09:46:28 +0800] "GET /xingrg/all/function/internal_message.html?_=1600480104663&CODE_STATE=getMsg HTTP/1.1" 200 27
116.238.71.173 - - [19/Sep/2020:09:46:29 +0800] "GET /xingrg/javascript/auto/indicator.gif HTTP/1.1" 404 1066
114.88.166.242 - - [19/Sep/2020:09:46:30 +0800] "GET /xingrg/check_reg.html?_=1600480055591 HTTP/1.1" 200 22
114.88.166.242 - - [19/Sep/2020:09:46:30 +0800] "GET /xingrg/all/function/internal_message.html?_=1600480055589&CODE_STATE=getMsg HTTP/1.1" 200 27
117.185.32.26 - - [19/Sep/2020:09:46:31 +0800] "GET /xingrg/all/function/internal_message.html?_=1600479985626&CODE_STATE=getMsg HTTP/1.1" 200 27
172.17.0.100 - - [19/Sep/2020:09:46:32 +0800] "GET /xingrg/all/function/internal_message.html?_=1600479987401&CODE_STATE=getMsg HTTP/1.1" 200 27
172.17.0.100 - - [19/Sep/2020:09:46:32 +0800] "GET /xingrg/check_reg.html?_=1600479987402 HTTP/1.1" 200 22
116.238.71.173 - - [19/Sep/2020:09:46:33 +0800] "GET /xingrg/all/function/internal_message.html?_=1600479990823&CODE_STATE=getMsg HTTP/1.1" 200 27
116.232.52.72 - - [19/Sep/2020:09:46:34 +0800] "GET /xingrg/all/function/internal_message.html?_=1600480009015&CODE_STATE=getMsg HTTP/1.1" 200 27
114.88.166.242 - - [19/Sep/2020:09:46:35 +0800] "GET /xingrg/kc/buy/cgsh_order_operate.html?command=get_materiel&rest_code=00111&code=00101007095&supplier_code=00100037&order_time=2020-09-19 HTTP/1.1" 200 415
180.157.253.48 - - [19/Sep/2020:09:46:43 +0800] "GET /xingrg/all/function/internal_message.html?_=1600480011092&CODE_STATE=getMsg HTTP/1.1" 200 27
114.88.166.242 - - [19/Sep/2020:09:46:47 +0800] "GET /xingrg/kc/buy/cgsh_order_operate.html?command=get_materiel&rest_code=00111&code=00101012010&supplier_code=00100037&order_time=2020-09-19 HTTP/1.1" 200 409
180.162.245.190 - - [19/Sep/2020:09:46:47 +0800] "GET /xingrg/kc/buy/cgsh_order_operate.html?command=get_materiel&rest_code=00105&code=00101008509&supplier_code=00100203&order_time=2020-09-19 HTTP/1.1" 200 395
180.162.245.190 - - [19/Sep/2020:09:46:53 +0800] "GET /xingrg/kc/buy/cgsh_order_operate.html?command=get_materiel&rest_code=00105&code=00101015006&supplier_code=00100203&order_time=2020-09-19 HTTP/1.1" 200 413
58.37.9.106 - - [19/Sep/2020:09:46:54 +0800] "GET /xingrg/all/function/internal_message.html?_=1600480001011&CODE_STATE=getMsg HTTP/1.1" 200 27
218.81.217.115 - - [19/Sep/2020:09:46:54 +0800] "GET /xingrg/all/function/internal_message.html?_=1600480028924&CODE_STATE=getMsg HTTP/1.1" 200 27
222.69.133.240 - - [19/Sep/2020:09:46:55 +0800] "GET /xingrg/all/function/internal_message.html?_=1600480004687&CODE_STATE=getMsg HTTP/1.1" 200 27
180.162.245.190 - - [19/Sep/2020:09:46:57 +0800] "GET /xingrg/all/function/internal_message.html?_=1600480016814&CODE_STATE=getMsg HTTP/1.1" 200 27
183.192.164.71 - - [19/Sep/2020:09:46:58 +0800] "GET /xingrg/kc/mdqp/qp_main.html HTTP/1.1" 302 -
180.162.245.190 - - [19/Sep/2020:09:47:01 +0800] "GET /xingrg/kc/buy/cgsh_order_operate.html?command=get_materiel&rest_code=00105&code=00101015046&supplier_code=00100203&order_time=2020-09-19 HTTP/1.1" 200 412
172.17.0.108 - - [19/Sep/2020:09:47:01 +0800] "GET /xingrg/all/function/internal_message.html?_=1600480018052&CODE_STATE=getMsg HTTP/1.1" 200 27
58.40.7.146 - - [19/Sep/2020:09:47:03 +0800] "GET /xingrg/check_reg.html?_=1600480020363 HTTP/1.1" 200 22
58.40.7.146 - - [19/Sep/2020:09:47:03 +0800] "GET /xingrg/all/function/internal_message.html?_=1600480020364&CODE_STATE=getMsg HTTP/1.1" 200 27
183.192.164.71 - - [19/Sep/2020:09:47:04 +0800] "GET /xingrg/login.html HTTP/1.1" 200 7641
180.162.245.190 - - [19/Sep/2020:09:47:05 +0800] "POST /xingrg/kc/buy/cgsh_order_operate.html HTTP/1.1" 200 2065
180.162.245.190 - - [19/Sep/2020:09:47:06 +0800] "POST /xingrg/kc/buy/cgsh_order_operate.html HTTP/1.1" 200 2065
114.88.166.242 - - [19/Sep/2020:09:47:09 +0800] "GET /xingrg/kc/buy/cgsh_order_operate.html?command=get_materiel&rest_code=00111&code=00101008304&supplier_code=00100037&order_time=2020-09-19 HTTP/1.1" 200 412
180.162.245.190 - - [19/Sep/2020:09:47:17 +0800] "GET /xingrg/kc/buy/cgsh_order_operate.html?command=get_materiel&rest_code=00105&code=00101015066&supplier_code=00100203&order_time=2020-09-19 HTTP/1.1" 200 413
120.204.17.73 - - [19/Sep/2020:09:47:18 +0800] "GET /xingrg/kc/buy/cgsh_order_add.html HTTP/1.1" 302 -
120.204.17.73 - - [19/Sep/2020:09:47:21 +0800] "GET /xingrg/login.html HTTP/1.1" 200 7641
61.129.6.203 - - [19/Sep/2020:09:47:21 +0800] "GET /xingrg/all/function/internal_message.html?_=1600479281270&CODE_STATE=getMsg HTTP/1.1" 302 -
180.162.245.190 - - [19/Sep/2020:09:47:25 +0800] "GET /xingrg/kc/buy/cgsh_order_operate.html?command=get_materiel&rest_code=00105&code=00101015038&supplier_code=00100203&order_time=2020-09-19 HTTP/1.1" 200 418
117.131.5.26 - - [19/Sep/2020:09:47:26 +0800] "GET /xingrg/all/function/internal_message.html?_=1600480062879&CODE_STATE=getMsg HTTP/1.1" 200 27
61.129.6.203 - - [19/Sep/2020:09:47:27 +0800] "GET /xingrg/login.html HTTP/1.1" 200 7641
116.238.71.173 - - [19/Sep/2020:09:47:28 +0800] "GET /xingrg/all/function/internal_message.html?_=1600480164732&CODE_STATE=getMsg HTTP/1.1" 200 27
114.88.166.242 - - [19/Sep/2020:09:47:30 +0800] "GET /xingrg/all/function/internal_message.html?_=1600480115565&CODE_STATE=getMsg HTTP/1.1" 200 27
117.185.32.26 - - [19/Sep/2020:09:47:31 +0800] "GET /xingrg/all/function/internal_message.html?_=1600480045627&CODE_STATE=getMsg HTTP/1.1" 200 27
172.17.0.100 - - [19/Sep/2020:09:47:32 +0800] "GET /xingrg/all/function/internal_message.html?_=1600480047400&CODE_STATE=getMsg HTTP/1.1" 200 27
116.238.71.173 - - [19/Sep/2020:09:47:33 +0800] "GET /xingrg/check_reg.html?_=1600480050871 HTTP/1.1" 200 22
116.238.71.173 - - [19/Sep/2020:09:47:33 +0800] "GET /xingrg/all/function/internal_message.html?_=1600480050870&CODE_STATE=getMsg HTTP/1.1" 200 27
116.232.52.72 - - [19/Sep/2020:09:47:33 +0800] "GET /xingrg/all/function/internal_message.html?_=1600480069007&CODE_STATE=getMsg HTTP/1.1" 200 27
180.162.245.190 - - [19/Sep/2020:09:47:35 +0800] "GET /xingrg/kc/buy/cgsh_order_operate.html?command=get_materiel&rest_code=00105&code=00101008168&supplier_code=00100203&order_time=2020-09-19 HTTP/1.1" 200 413
114.88.166.242 - - [19/Sep/2020:09:47:37 +0800] "GET /xingrg/kc/buy/cgsh_order_operate.html?command=get_materiel&rest_code=00111&code=00101008225&supplier_code=00100037&order_time=2020-09-19 HTTP/1.1" 200 416
180.162.245.190 - - [19/Sep/2020:09:47:40 +0800] "GET /xingrg/kc/buy/cgsh_order_operate.html?command=get_materiel&rest_code=00105&code=00101034066&supplier_code=00100203&order_time=2020-09-19 HTTP/1.1" 200 399
180.157.253.48 - - [19/Sep/2020:09:47:43 +0800] "GET /xingrg/all/function/internal_message.html?_=1600480071261&CODE_STATE=getMsg HTTP/1.1" 200 27
180.162.245.190 - - [19/Sep/2020:09:47:48 +0800] "GET /xingrg/kc/buy/cgsh_order_operate.html?command=get_materiel&rest_code=00105&code=00101008114&supplier_code=00100203&order_time=2020-09-19 HTTP/1.1" 200 412
180.162.245.190 - - [19/Sep/2020:09:47:53 +0800] "GET /xingrg/kc/buy/cgsh_order_operate.html?command=get_materiel&rest_code=00105&code=00101008010&supplier_code=00100203&order_time=2020-09-19 HTTP/1.1" 200 412
58.37.9.106 - - [19/Sep/2020:09:47:54 +0800] "GET /xingrg/all/function/internal_message.html?_=1600480060983&CODE_STATE=getMsg HTTP/1.1" 200 27
218.81.217.115 - - [19/Sep/2020:09:47:54 +0800] "GET /xingrg/all/function/internal_message.html?_=1600480088931&CODE_STATE=getMsg HTTP/1.1" 200 27
222.69.133.240 - - [19/Sep/2020:09:47:55 +0800] "GET /xingrg/all/function/internal_message.html?_=1600480064672&CODE_STATE=getMsg HTTP/1.1" 200 27
101.91.60.11 - - [19/Sep/2020:09:47:55 +0800] "GET /xingrg/all/function/internal_message.html?_=1600479221296&CODE_STATE=getMsg HTTP/1.1" 302 -
114.88.166.242 - - [19/Sep/2020:09:47:55 +0800] "GET /xingrg/kc/buy/cgsh_order_operate.html?command=get_materiel&rest_code=00111&code=00101010314&supplier_code=00100037&order_time=2020-09-19 HTTP/1.1" 200 413
180.162.245.190 - - [19/Sep/2020:09:47:57 +0800] "GET /xingrg/all/function/internal_message.html?_=1600480076864&CODE_STATE=getMsg HTTP/1.1" 200 27
101.91.60.11 - - [19/Sep/2020:09:47:57 +0800] "GET /xingrg/login.html HTTP/1.1" 200 7641
183.192.164.85 - - [19/Sep/2020:09:47:57 +0800] "GET /xingrg/all/function/internal_message.html?_=1600479325633&CODE_STATE=getMsg HTTP/1.1" 302 -
172.17.0.108 - - [19/Sep/2020:09:48:01 +0800] "GET /xingrg/all/function/internal_message.html?_=1600480078068&CODE_STATE=getMsg HTTP/1.1" 200 27
180.162.245.190 - - [19/Sep/2020:09:48:01 +0800] "GET /xingrg/kc/buy/cgsh_order_operate.html?command=get_materiel&rest_code=00105&code=00101008150&supplier_code=00100203&order_time=2020-09-19 HTTP/1.1" 200 427
58.40.7.146 - - [19/Sep/2020:09:48:03 +0800] "GET /xingrg/all/function/internal_message.html?_=1600480080368&CODE_STATE=getMsg HTTP/1.1" 200 27
183.192.164.85 - - [19/Sep/2020:09:48:03 +0800] "GET /xingrg/login.html HTTP/1.1" 200 7641
114.88.166.242 - - [19/Sep/2020:09:48:07 +0800] "GET /xingrg/kc/buy/cgsh_order_operate.html?command=get_materiel&rest_code=00111&code=00101008092&supplier_code=00100037&order_time=2020-09-19 HTTP/1.1" 200 412
180.162.245.190 - - [19/Sep/2020:09:48:17 +0800] "GET /xingrg/kc/buy/cgsh_order_operate.html?command=get_materiel&rest_code=00105&code=00101008261&supplier_code=00100203&order_time=2020-09-19 HTTP/1.1" 200 408
180.162.245.190 - - [19/Sep/2020:09:48:25 +0800] "GET /xingrg/kc/buy/cgsh_order_operate.html?command=get_materiel&rest_code=00105&code=00101008210&supplier_code=00100203&order_time=2020-09-19 HTTP/1.1" 200 408
117.131.5.26 - - [19/Sep/2020:09:48:26 +0800] "GET /xingrg/all/function/internal_message.html?_=1600480122877&CODE_STATE=getMsg HTTP/1.1" 200 27
218.81.217.115 - - [19/Sep/2020:09:48:26 +0800] "GET /xingrg/check_reg.html?_=1600480120315 HTTP/1.1" 200 22
116.238.71.173 - - [19/Sep/2020:09:48:28 +0800] "GET /xingrg/all/function/internal_message.html?_=1600480224736&CODE_STATE=getMsg HTTP/1.1" 200 27
114.88.166.242 - - [19/Sep/2020:09:48:30 +0800] "GET /xingrg/all/function/internal_message.html?_=1600480175613&CODE_STATE=getMsg HTTP/1.1" 200 27
117.185.32.26 - - [19/Sep/2020:09:48:31 +0800] "GET /xingrg/all/function/internal_message.html?_=1600480105630&CODE_STATE=getMsg HTTP/1.1" 200 27
172.17.0.100 - - [19/Sep/2020:09:48:32 +0800] "GET /xingrg/all/function/internal_message.html?_=1600480107398&CODE_STATE=getMsg HTTP/1.1" 200 27
116.232.52.72 - - [19/Sep/2020:09:48:33 +0800] "GET /xingrg/all/function/internal_message.html?_=1600480129031&CODE_STATE=getMsg HTTP/1.1" 200 27
116.238.71.173 - - [19/Sep/2020:09:48:33 +0800] "GET /xingrg/all/function/internal_message.html?_=1600480110921&CODE_STATE=getMsg HTTP/1.1" 200 27
180.162.245.190 - - [19/Sep/2020:09:48:40 +0800] "POST /xingrg/kc/buy/cgsh_order_operate.html HTTP/1.1" 200 2065
114.88.166.242 - - [19/Sep/2020:09:48:40 +0800] "GET /xingrg/kc/buy/cgsh_order_operate.html?command=get_materiel&rest_code=00111&code=00101015012&supplier_code=00100037&order_time=2020-09-19 HTTP/1.1" 200 412
180.157.253.48 - - [19/Sep/2020:09:48:43 +0800] "GET /xingrg/all/function/internal_message.html?_=1600480131275&CODE_STATE=getMsg HTTP/1.1" 200 27
114.88.166.242 - - [19/Sep/2020:09:48:43 +0800] "POST /xingrg/kc/buy/cgsh_order_operate.html HTTP/1.1" 200 2065
120.204.17.73 - - [19/Sep/2020:09:48:51 +0800] "GET /xingrg/all/function/internal_message.html?_=1600479385622&CODE_STATE=getMsg HTTP/1.1" 302 -
58.37.9.106 - - [19/Sep/2020:09:48:54 +0800] "GET /xingrg/all/function/internal_message.html?_=1600480120961&CODE_STATE=getMsg HTTP/1.1" 200 27
180.162.245.190 - - [19/Sep/2020:09:48:54 +0800] "GET /xingrg/kc/buy/cgsh_order_operate.html?command=get_materiel&rest_code=00105&code=00101008333&supplier_code=00100203&order_time=2020-09-19 HTTP/1.1" 200 412
218.81.217.115 - - [19/Sep/2020:09:48:54 +0800] "GET /xingrg/all/function/internal_message.html?_=1600480148944&CODE_STATE=getMsg HTTP/1.1" 200 27
222.69.133.240 - - [19/Sep/2020:09:48:55 +0800] "GET /xingrg/all/function/internal_message.html?_=1600480124673&CODE_STATE=getMsg HTTP/1.1" 200 27
222.69.133.240 - - [19/Sep/2020:09:48:55 +0800] "GET /xingrg/check_reg.html?_=1600480124676 HTTP/1.1" 200 22
180.162.245.190 - - [19/Sep/2020:09:48:57 +0800] "GET /xingrg/check_reg.html?_=1600480136863 HTTP/1.1" 200 22
180.162.245.190 - - [19/Sep/2020:09:48:57 +0800] "GET /xingrg/all/function/internal_message.html?_=1600480136864&CODE_STATE=getMsg HTTP/1.1" 200 27
120.204.17.73 - - [19/Sep/2020:09:48:58 +0800] "GET /xingrg/login.html HTTP/1.1" 200 7641
172.17.0.108 - - [19/Sep/2020:09:49:01 +0800] "GET /xingrg/all/function/internal_message.html?_=1600480138071&CODE_STATE=getMsg HTTP/1.1" 200 27
172.17.0.108 - - [19/Sep/2020:09:49:01 +0800] "GET /xingrg/check_reg.html?_=1600480138073 HTTP/1.1" 200 22
114.88.166.242 - - [19/Sep/2020:09:49:02 +0800] "GET /xingrg/kc/buy/cgsh_order_operate.html?command=get_materiel&rest_code=00111&code=00101015070&supplier_code=00100037&order_time=2020-09-19 HTTP/1.1" 200 413
58.40.7.146 - - [19/Sep/2020:09:49:03 +0800] "GET /xingrg/all/function/internal_message.html?_=1600480140371&CODE_STATE=getMsg HTTP/1.1" 200 27
180.162.245.190 - - [19/Sep/2020:09:49:03 +0800] "GET /xingrg/kc/buy/cgsh_order_operate.html?command=get_materiel&rest_code=00105&code=00101008087&supplier_code=00100203&order_time=2020-09-19 HTTP/1.1" 200 412
180.162.245.190 - - [19/Sep/2020:09:49:13 +0800] "GET /xingrg/kc/buy/cgsh_order_operate.html?command=get_materiel&rest_code=00105&code=00101008004&supplier_code=00100203&order_time=2020-09-19 HTTP/1.1" 200 416
114.88.166.242 - - [19/Sep/2020:09:49:14 +0800] "GET /xingrg/kc/buy/cgsh_order_operate.html?command=get_materiel&rest_code=00111&code=00101008229&supplier_code=00100037&order_time=2020-09-19 HTTP/1.1" 200 439
116.238.71.173 - - [19/Sep/2020:09:49:16 +0800] "GET /xingrg/kc/buy/cgsh_order_operate.html?command=get_materiel&rest_code=00151&code=00101008131&supplier_code=00100007&order_time=2020-09-19 HTTP/1.1" 200 408
114.88.166.242 - - [19/Sep/2020:09:49:23 +0800] "GET /xingrg/kc/buy/cgsh_order_operate.html?command=get_materiel&rest_code=00111&code=00101015056&supplier_code=00100037&order_time=2020-09-19 HTTP/1.1" 200 412
58.37.9.106 - - [19/Sep/2020:09:49:25 +0800] "GET /xingrg/check_reg.html?_=1600480152547 HTTP/1.1" 200 22
117.131.5.26 - - [19/Sep/2020:09:49:26 +0800] "GET /xingrg/all/function/internal_message.html?_=1600480182875&CODE_STATE=getMsg HTTP/1.1" 200 27
117.131.5.26 - - [19/Sep/2020:09:49:26 +0800] "GET /xingrg/check_reg.html?_=1600480182876 HTTP/1.1" 200 22
116.238.71.173 - - [19/Sep/2020:09:49:28 +0800] "GET /xingrg/all/function/internal_message.html?_=1600480284750&CODE_STATE=getMsg HTTP/1.1" 200 27
114.88.166.242 - - [19/Sep/2020:09:49:30 +0800] "GET /xingrg/all/function/internal_message.html?_=1600480235673&CODE_STATE=getMsg HTTP/1.1" 200 27
117.185.32.26 - - [19/Sep/2020:09:49:31 +0800] "GET /xingrg/check_reg.html?_=1600480165630 HTTP/1.1" 200 22
117.185.32.26 - - [19/Sep/2020:09:49:31 +0800] "GET /xingrg/all/function/internal_message.html?_=1600480165631&CODE_STATE=getMsg HTTP/1.1" 200 27
114.88.166.242 - - [19/Sep/2020:09:49:32 +0800] "GET /xingrg/kc/buy/cgsh_order_operate.html?command=get_materiel&rest_code=00111&code=00101008200&supplier_code=00100037&order_time=2020-09-19 HTTP/1.1" 200 412
