180.157.253.48 - - [19/Sep/2020:10:45:03 +0800] "GET /xingrg/kc/buy/cgsh_order_operate.html?command=get_materiel&rest_code=00148&code=00101008286&supplier_code=00100007&order_time=2020-09-19 HTTP/1.1" 200 408
218.81.217.115 - - [19/Sep/2020:10:45:03 +0800] "GET /xingrg/all/function/internal_message.html?_=1600483518097&CODE_STATE=getMsg HTTP/1.1" 200 27
222.69.133.240 - - [19/Sep/2020:10:45:05 +0800] "GET /xingrg/all/function/internal_message.html?_=1600483494294&CODE_STATE=getMsg HTTP/1.1" 200 27
114.88.166.242 - - [19/Sep/2020:10:45:08 +0800] "POST /xingrg/kc/buy/cgsh_order_operate.html HTTP/1.1" 200 37
116.232.52.72 - - [19/Sep/2020:10:45:08 +0800] "GET /xingrg/kc/buy/cgsh_order_operate.html?command=get_materiel&rest_code=00109&code=00101008353&supplier_code=00100005&order_time=2020-09-19 HTTP/1.1" 200 408
180.157.253.48 - - [19/Sep/2020:10:45:09 +0800] "GET /xingrg/kc/buy/cgsh_order_operate.html?command=get_materiel&rest_code=00148&code=00101008131&supplier_code=00100007&order_time=2020-09-19 HTTP/1.1" 200 408
114.88.166.242 - - [19/Sep/2020:10:45:09 +0800] "POST /xingrg/kc/buy/cgsh_order_operate.html HTTP/1.1" 200 2656
114.88.166.242 - - [19/Sep/2020:10:45:10 +0800] "GET /xingrg/kc/print/load_data.html?order_code=212020091908100&kc_code=cgsh&condition= HTTP/1.1" 200 666
116.232.52.72 - - [19/Sep/2020:10:45:10 +0800] "POST /xingrg/kc/buy/cgsh_order_operate.html HTTP/1.1" 200 2065
116.232.52.72 - - [19/Sep/2020:10:45:14 +0800] "GET /xingrg/kc/buy/cgsh_order_operate.html?command=get_materiel&rest_code=00109&code=00101008312&supplier_code=00100005&order_time=2020-09-19 HTTP/1.1" 200 412
116.238.216.197 - - [19/Sep/2020:10:45:15 +0800] "GET /xingrg/all/function/internal_message.html?_=1600483723478&CODE_STATE=getMsg HTTP/1.1" 200 27
61.129.6.174 - - [19/Sep/2020:10:45:16 +0800] "GET /xingrg/all/function/internal_message.html?_=1600482759920&CODE_STATE=getMsg HTTP/1.1" 302 -
61.129.6.174 - - [19/Sep/2020:10:45:19 +0800] "GET /xingrg/login.html HTTP/1.1" 200 7641
58.37.9.106 - - [19/Sep/2020:10:45:20 +0800] "GET /xingrg/kc/buy/cgsh_order_operate.html?command=get_materiel&rest_code=00141&code=00101016025&supplier_code=00100036&order_time=2020-09-19 HTTP/1.1" 200 408
180.162.137.133 - - [19/Sep/2020:10:45:23 +0800] "GET /favicon.ico HTTP/1.1" 404 -
222.69.133.240 - - [19/Sep/2020:10:45:24 +0800] "GET /xingrg/kc/buy/cgsh_order_operate.html?command=get_materiel&rest_code=00149&code=00102002177&supplier_code=00100151&order_time=2020-09-19 HTTP/1.1" 200 420
180.157.253.48 - - [19/Sep/2020:10:45:24 +0800] "GET /xingrg/kc/buy/cgsh_order_operate.html?command=get_materiel&rest_code=00148&code=00101008353&supplier_code=00100007&order_time=2020-09-19 HTTP/1.1" 200 408
117.131.5.26 - - [19/Sep/2020:10:45:26 +0800] "GET /xingrg/all/function/internal_message.html?_=1600483542979&CODE_STATE=getMsg HTTP/1.1" 200 27
114.88.166.242 - - [19/Sep/2020:10:45:30 +0800] "GET /xingrg/all/function/internal_message.html?_=1600483595670&CODE_STATE=getMsg HTTP/1.1" 200 27
180.157.253.48 - - [19/Sep/2020:10:45:31 +0800] "GET /xingrg/kc/buy/cgsh_order_operate.html?command=get_materiel&rest_code=00148&code=00101008105&supplier_code=00100007&order_time=2020-09-19 HTTP/1.1" 200 412
116.232.53.181 - - [19/Sep/2020:10:45:31 +0800] "GET /xingrg/all/function/internal_message.html?_=1600483535557&CODE_STATE=getMsg HTTP/1.1" 200 27
116.232.53.181 - - [19/Sep/2020:10:45:31 +0800] "GET /xingrg/check_reg.html?_=1600483535650 HTTP/1.1" 200 22
117.185.32.26 - - [19/Sep/2020:10:45:31 +0800] "GET /xingrg/all/function/internal_message.html?_=1600483525684&CODE_STATE=getMsg HTTP/1.1" 200 27
172.17.0.100 - - [19/Sep/2020:10:45:32 +0800] "GET /xingrg/all/function/internal_message.html?_=1600483527453&CODE_STATE=getMsg HTTP/1.1" 200 27
116.232.52.72 - - [19/Sep/2020:10:45:37 +0800] "GET /xingrg/check_reg.html?_=1600483563799 HTTP/1.1" 200 22
116.232.52.72 - - [19/Sep/2020:10:45:37 +0800] "GET /xingrg/all/function/internal_message.html?_=1600483563799&CODE_STATE=getMsg HTTP/1.1" 200 27
180.157.253.48 - - [19/Sep/2020:10:45:37 +0800] "GET /xingrg/kc/buy/cgsh_order_operate.html?command=get_materiel&rest_code=00148&code=00101008119&supplier_code=00100007&order_time=2020-09-19 HTTP/1.1" 200 412
180.157.253.48 - - [19/Sep/2020:10:45:39 +0800] "POST /xingrg/kc/buy/cgsh_order_operate.html HTTP/1.1" 200 2065
222.69.133.240 - - [19/Sep/2020:10:45:39 +0800] "GET /xingrg/kc/buy/cgsh_order_operate.html?command=get_materiel&rest_code=00149&code=00102002521&supplier_code=00100151&order_time=2020-09-19 HTTP/1.1" 200 428
116.238.71.173 - - [19/Sep/2020:10:45:39 +0800] "GET /xingrg/all/function/internal_message.html?_=1600483656322&CODE_STATE=getMsg HTTP/1.1" 200 27
180.157.253.48 - - [19/Sep/2020:10:45:44 +0800] "GET /xingrg/kc/buy/cgsh_order_operate.html?command=get_materiel&rest_code=00148&code=00101009066&supplier_code=00100007&order_time=2020-09-19 HTTP/1.1" 200 436
180.157.253.48 - - [19/Sep/2020:10:45:45 +0800] "GET /xingrg/all/function/internal_message.html?_=1600483553624&CODE_STATE=getMsg HTTP/1.1" 200 27
183.192.164.85 - - [19/Sep/2020:10:45:46 +0800] "GET /xingrg/all/function/internal_message.html?_=1600482805685&CODE_STATE=getMsg HTTP/1.1" 302 -
183.192.164.85 - - [19/Sep/2020:10:45:49 +0800] "GET /xingrg/login.html HTTP/1.1" 200 7641
58.37.9.106 - - [19/Sep/2020:10:45:52 +0800] "GET /xingrg/all/function/internal_message.html?_=1600483539647&CODE_STATE=getMsg HTTP/1.1" 200 27
180.157.253.48 - - [19/Sep/2020:10:45:54 +0800] "GET /xingrg/kc/buy/cgsh_order_operate.html?command=get_materiel&rest_code=00148&code=00101008236&supplier_code=00100007&order_time=2020-09-19 HTTP/1.1" 200 436
114.88.166.242 - - [19/Sep/2020:10:45:54 +0800] "GET /xingrg/all/function/internal_message.html?_=1600483547605&CODE_STATE=getMsg HTTP/1.1" 200 27
120.253.135.82 - - [19/Sep/2020:10:45:55 +0800] "GET /xingrg/all/function/internal_message.html?_=1600483301151&CODE_STATE=getMsg HTTP/1.1" 200 27
180.162.245.190 - - [19/Sep/2020:10:45:57 +0800] "GET /xingrg/all/function/internal_message.html?_=1600483556746&CODE_STATE=getMsg HTTP/1.1" 200 27
180.157.253.48 - - [19/Sep/2020:10:45:59 +0800] "GET /xingrg/kc/buy/cgsh_order_operate.html?command=get_materiel&rest_code=00148&code=00101008114&supplier_code=00100007&order_time=2020-09-19 HTTP/1.1" 200 412
120.253.135.82 - - [19/Sep/2020:10:45:59 +0800] "GET /xingrg/all/function/internal_message.html?_=1600483598514&CODE_STATE=getMsg HTTP/1.1" 200 27
172.17.0.108 - - [19/Sep/2020:10:46:02 +0800] "GET /xingrg/all/function/internal_message.html?_=1600483558400&CODE_STATE=getMsg HTTP/1.1" 200 27
58.40.7.146 - - [19/Sep/2020:10:46:03 +0800] "GET /xingrg/all/function/internal_message.html?_=1600483560417&CODE_STATE=getMsg HTTP/1.1" 200 27
58.37.9.106 - - [19/Sep/2020:10:46:04 +0800] "GET /xingrg/kc/buy/cgsh_order_operate.html?command=get_materiel&rest_code=00141&code=00101011003&supplier_code=00100036&order_time=2020-09-19 HTTP/1.1" 200 413
114.88.166.242 - - [19/Sep/2020:10:46:04 +0800] "GET /xingrg/kc/buy/cgsh_order_add.html HTTP/1.1" 200 59740
218.81.217.115 - - [19/Sep/2020:10:46:04 +0800] "GET /xingrg/all/function/internal_message.html?_=1600483578554&CODE_STATE=getMsg HTTP/1.1" 200 27
114.88.166.242 - - [19/Sep/2020:10:46:04 +0800] "POST /xingrg/kc/buy/cgsh_order_operate.html HTTP/1.1" 200 8245
114.88.166.242 - - [19/Sep/2020:10:46:04 +0800] "GET /xingrg/javascript/easyui/themes/default/validatebox.css HTTP/1.1" 404 1104
180.157.253.48 - - [19/Sep/2020:10:46:04 +0800] "GET /xingrg/kc/buy/cgsh_order_operate.html?command=get_materiel&rest_code=00148&code=00101009013&supplier_code=00100007&order_time=2020-09-19 HTTP/1.1" 200 422
222.69.133.240 - - [19/Sep/2020:10:46:05 +0800] "GET /xingrg/all/function/internal_message.html?_=1600483554290&CODE_STATE=getMsg HTTP/1.1" 200 27
58.37.9.106 - - [19/Sep/2020:10:46:11 +0800] "GET /xingrg/kc/buy/cgsh_order_operate.html?command=get_materiel&rest_code=00141&code=00101012019&supplier_code=00100036&order_time=2020-09-19 HTTP/1.1" 200 412
114.88.166.242 - - [19/Sep/2020:10:46:11 +0800] "GET /xingrg/kc/buy/cgsh_order_operate.html?command=get_materiel&rest_code=00111&code=00101006150&supplier_code=00100325&order_time=2020-09-19 HTTP/1.1" 200 413
180.157.253.48 - - [19/Sep/2020:10:46:12 +0800] "GET /xingrg/kc/buy/cgsh_order_operate.html?command=get_materiel&rest_code=00148&code=00101009016&supplier_code=00100007&order_time=2020-09-19 HTTP/1.1" 200 414
117.131.5.26 - - [19/Sep/2020:10:46:15 +0800] "GET /xingrg/javascript/jquery_tools/images/next.gif HTTP/1.1" 404 1086
117.131.5.26 - - [19/Sep/2020:10:46:15 +0800] "GET /xingrg/javascript/jquery_tools/images/prev.gif HTTP/1.1" 404 1086
116.238.216.197 - - [19/Sep/2020:10:46:15 +0800] "GET /xingrg/all/function/internal_message.html?_=1600483783488&CODE_STATE=getMsg HTTP/1.1" 200 27
222.69.133.240 - - [19/Sep/2020:10:46:18 +0800] "POST /xingrg/kc/buy/cgsh_order_operate.html HTTP/1.1" 200 37
58.37.9.106 - - [19/Sep/2020:10:46:18 +0800] "GET /xingrg/kc/buy/cgsh_order_operate.html?command=get_materiel&rest_code=00141&code=00101012038&supplier_code=00100036&order_time=2020-09-19 HTTP/1.1" 200 414
222.69.133.240 - - [19/Sep/2020:10:46:19 +0800] "POST /xingrg/kc/buy/cgsh_order_operate.html HTTP/1.1" 200 12
114.88.166.242 - - [19/Sep/2020:10:46:20 +0800] "GET /xingrg/kc/buy/cgsh_order_operate.html?command=get_materiel&rest_code=00111&code=00101006047&supplier_code=00100325&order_time=2020-09-19 HTTP/1.1" 200 432
222.69.133.240 - - [19/Sep/2020:10:46:20 +0800] "GET /xingrg/kc/buy/cgsh_order_info.html?code=212020091908101 HTTP/1.1" 200 54686
222.69.133.240 - - [19/Sep/2020:10:46:20 +0800] "GET /xingrg/javascript/easyui/themes/default/validatebox.css HTTP/1.1" 404 1104
222.69.133.240 - - [19/Sep/2020:10:46:21 +0800] "POST /xingrg/kc/buy/cgsh_order_operate.html HTTP/1.1" 200 2992
222.69.133.240 - - [19/Sep/2020:10:46:23 +0800] "GET /xingrg/kc/print/load_config.html?kc_code=cgsh HTTP/1.1" 200 1845
222.69.133.240 - - [19/Sep/2020:10:46:23 +0800] "GET /xingrg/kc/print/load_data.html?order_code=212020091908101&kc_code=cgsh&condition= HTTP/1.1" 200 1608
117.131.5.26 - - [19/Sep/2020:10:46:26 +0800] "GET /xingrg/all/function/internal_message.html?_=1600483602977&CODE_STATE=getMsg HTTP/1.1" 200 27
180.157.253.48 - - [19/Sep/2020:10:46:27 +0800] "POST /xingrg/kc/buy/cgsh_order_operate.html HTTP/1.1" 200 2065
58.37.9.106 - - [19/Sep/2020:10:46:28 +0800] "GET /xingrg/kc/buy/cgsh_order_operate.html?command=get_materiel&rest_code=00141&code=00101011005&supplier_code=00100036&order_time=2020-09-19 HTTP/1.1" 200 429
114.88.166.242 - - [19/Sep/2020:10:46:30 +0800] "GET /xingrg/kc/buy/cgsh_order_operate.html?command=get_materiel&rest_code=00111&code=00101007073&supplier_code=00100325&order_time=2020-09-19 HTTP/1.1" 200 419
114.88.166.242 - - [19/Sep/2020:10:46:30 +0800] "GET /xingrg/all/function/internal_message.html?_=1600483655638&CODE_STATE=getMsg HTTP/1.1" 200 27
114.88.166.242 - - [19/Sep/2020:10:46:30 +0800] "GET /xingrg/check_reg.html?_=1600483655672 HTTP/1.1" 200 22
116.232.53.181 - - [19/Sep/2020:10:46:31 +0800] "GET /xingrg/all/function/internal_message.html?_=1600483595564&CODE_STATE=getMsg HTTP/1.1" 200 27
117.185.32.26 - - [19/Sep/2020:10:46:31 +0800] "GET /xingrg/all/function/internal_message.html?_=1600483585683&CODE_STATE=getMsg HTTP/1.1" 200 27
172.17.0.100 - - [19/Sep/2020:10:46:32 +0800] "GET /xingrg/all/function/internal_message.html?_=1600483587452&CODE_STATE=getMsg HTTP/1.1" 200 27
172.17.0.100 - - [19/Sep/2020:10:46:32 +0800] "GET /xingrg/check_reg.html?_=1600483587453 HTTP/1.1" 200 22
116.232.52.72 - - [19/Sep/2020:10:46:37 +0800] "GET /xingrg/all/function/internal_message.html?_=1600483623796&CODE_STATE=getMsg HTTP/1.1" 200 27
116.238.71.173 - - [19/Sep/2020:10:46:39 +0800] "GET /xingrg/all/function/internal_message.html?_=1600483716334&CODE_STATE=getMsg HTTP/1.1" 200 27
180.157.253.48 - - [19/Sep/2020:10:46:45 +0800] "GET /xingrg/all/function/internal_message.html?_=1600483613638&CODE_STATE=getMsg HTTP/1.1" 200 27
58.37.9.106 - - [19/Sep/2020:10:46:48 +0800] "GET /xingrg/kc/buy/cgsh_order_operate.html?command=get_materiel&rest_code=00141&code=00101020089&supplier_code=00100036&order_time=2020-09-19 HTTP/1.1" 200 412
58.37.9.106 - - [19/Sep/2020:10:46:52 +0800] "GET /xingrg/all/function/internal_message.html?_=1600483599632&CODE_STATE=getMsg HTTP/1.1" 200 27
114.88.166.242 - - [19/Sep/2020:10:46:54 +0800] "GET /xingrg/all/function/internal_message.html?_=1600483607605&CODE_STATE=getMsg HTTP/1.1" 200 27
120.253.135.82 - - [19/Sep/2020:10:46:55 +0800] "GET /xingrg/all/function/internal_message.html?_=1600483361166&CODE_STATE=getMsg HTTP/1.1" 200 27
180.162.245.190 - - [19/Sep/2020:10:46:57 +0800] "GET /xingrg/all/function/internal_message.html?_=1600483616746&CODE_STATE=getMsg HTTP/1.1" 200 27
58.37.9.106 - - [19/Sep/2020:10:46:58 +0800] "GET /xingrg/kc/buy/cgsh_order_operate.html?command=get_materiel&rest_code=00141&code=00101008320&supplier_code=00100036&order_time=2020-09-19 HTTP/1.1" 200 412
120.253.135.82 - - [19/Sep/2020:10:46:59 +0800] "GET /xingrg/all/function/internal_message.html?_=1600483658527&CODE_STATE=getMsg HTTP/1.1" 200 27
172.17.0.108 - - [19/Sep/2020:10:47:02 +0800] "GET /xingrg/all/function/internal_message.html?_=1600483618399&CODE_STATE=getMsg HTTP/1.1" 200 27
58.40.7.146 - - [19/Sep/2020:10:47:03 +0800] "GET /xingrg/all/function/internal_message.html?_=1600483620420&CODE_STATE=getMsg HTTP/1.1" 200 27
58.40.7.146 - - [19/Sep/2020:10:47:03 +0800] "GET /xingrg/check_reg.html?_=1600483620422 HTTP/1.1" 200 22
218.81.217.115 - - [19/Sep/2020:10:47:04 +0800] "GET /xingrg/all/function/internal_message.html?_=1600483638561&CODE_STATE=getMsg HTTP/1.1" 200 27
114.88.166.242 - - [19/Sep/2020:10:47:05 +0800] "GET /xingrg/kc/buy/cgsh_order_operate.html?command=get_materiel&rest_code=00111&code=00101010278&supplier_code=00100325&order_time=2020-09-19 HTTP/1.1" 200 413
222.69.133.240 - - [19/Sep/2020:10:47:05 +0800] "GET /xingrg/all/function/internal_message.html?_=1600483614307&CODE_STATE=getMsg HTTP/1.1" 200 27
114.88.166.242 - - [19/Sep/2020:10:47:13 +0800] "GET /xingrg/kc/buy/cgsh_order_operate.html?command=get_materiel&rest_code=00111&code=00101008113&supplier_code=00100325&order_time=2020-09-19 HTTP/1.1" 200 413
116.238.216.197 - - [19/Sep/2020:10:47:14 +0800] "GET /xingrg/check_reg.html?_=1600483842090 HTTP/1.1" 200 22
180.157.253.48 - - [19/Sep/2020:10:47:14 +0800] "GET /xingrg/kc/buy/cgsh_order_operate.html?command=get_materiel&rest_code=00148&code=00101008168&supplier_code=00100007&order_time=2020-09-19 HTTP/1.1" 200 413
116.238.216.197 - - [19/Sep/2020:10:47:15 +0800] "GET /xingrg/all/function/internal_message.html?_=1600483843501&CODE_STATE=getMsg HTTP/1.1" 200 27
114.88.166.242 - - [19/Sep/2020:10:47:16 +0800] "POST /xingrg/dwr/call/plaincall/AjaxReportQueryService.refreshCache.dwr HTTP/1.1" 200 78
114.88.166.242 - - [19/Sep/2020:10:47:16 +0800] "POST /xingrg/all/report/load_report_page.html HTTP/1.1" 200 29521
114.88.166.242 - - [19/Sep/2020:10:47:16 +0800] "GET /xingrg/servlets/image?cache=0.39396312806076095&image=px HTTP/1.1" 200 807
58.37.9.106 - - [19/Sep/2020:10:47:18 +0800] "GET /xingrg/kc/buy/cgsh_order_operate.html?command=get_materiel&rest_code=00141&code=00101016053&supplier_code=00100036&order_time=2020-09-19 HTTP/1.1" 200 408
114.88.166.242 - - [19/Sep/2020:10:47:21 +0800] "POST /xingrg/kc/buy/cgsh_order_operate.html HTTP/1.1" 200 37
180.157.253.48 - - [19/Sep/2020:10:47:21 +0800] "GET /xingrg/kc/buy/cgsh_order_operate.html?command=get_materiel&rest_code=00148&code=00101012026&supplier_code=00100007&order_time=2020-09-19 HTTP/1.1" 200 408
114.88.166.242 - - [19/Sep/2020:10:47:22 +0800] "POST /xingrg/kc/buy/cgsh_order_operate.html HTTP/1.1" 200 5031
114.88.166.242 - - [19/Sep/2020:10:47:23 +0800] "GET /xingrg/kc/print/load_data.html?order_code=212020091908102&kc_code=cgsh&condition= HTTP/1.1" 200 1579
117.131.5.26 - - [19/Sep/2020:10:47:26 +0800] "GET /xingrg/all/function/internal_message.html?_=1600483663003&CODE_STATE=getMsg HTTP/1.1" 200 27
58.37.9.106 - - [19/Sep/2020:10:47:26 +0800] "GET /xingrg/kc/buy/cgsh_order_operate.html?command=get_materiel&rest_code=00141&code=00101007109&supplier_code=00100036&order_time=2020-09-19 HTTP/1.1" 200 408
114.88.166.242 - - [19/Sep/2020:10:47:26 +0800] "POST /xingrg/services/DataTransmitService HTTP/1.1" 200 524
114.88.166.242 - - [19/Sep/2020:10:47:28 +0800] "GET /xingrg/kc/buy/cgsh_order_add.html HTTP/1.1" 200 59740
114.88.166.242 - - [19/Sep/2020:10:47:28 +0800] "POST /xingrg/kc/buy/cgsh_order_operate.html HTTP/1.1" 200 8245
114.88.166.242 - - [19/Sep/2020:10:47:28 +0800] "GET /xingrg/javascript/easyui/themes/default/validatebox.css HTTP/1.1" 404 1104
114.88.166.242 - - [19/Sep/2020:10:47:30 +0800] "GET /xingrg/all/function/internal_message.html?_=1600483715609&CODE_STATE=getMsg HTTP/1.1" 200 27
180.157.253.48 - - [19/Sep/2020:10:47:30 +0800] "GET /xingrg/kc/buy/cgsh_order_operate.html?command=get_materiel&rest_code=00148&code=00101009112&supplier_code=00100007&order_time=2020-09-19 HTTP/1.1" 200 411
116.232.53.181 - - [19/Sep/2020:10:47:31 +0800] "GET /xingrg/all/function/internal_message.html?_=1600483655554&CODE_STATE=getMsg HTTP/1.1" 200 27
117.185.32.26 - - [19/Sep/2020:10:47:31 +0800] "GET /xingrg/all/function/internal_message.html?_=1600483645681&CODE_STATE=getMsg HTTP/1.1" 200 27
172.17.0.100 - - [19/Sep/2020:10:47:32 +0800] "GET /xingrg/all/function/internal_message.html?_=1600483647451&CODE_STATE=getMsg HTTP/1.1" 200 27
114.88.166.242 - - [19/Sep/2020:10:47:32 +0800] "POST /xingrg/services/DataTransmitService HTTP/1.1" 200 501
116.232.52.72 - - [19/Sep/2020:10:47:37 +0800] "GET /xingrg/all/function/internal_message.html?_=1600483683796&CODE_STATE=getMsg HTTP/1.1" 200 27
58.37.9.106 - - [19/Sep/2020:10:47:38 +0800] "GET /xingrg/kc/buy/cgsh_order_operate.html?command=get_materiel&rest_code=00141&code=00101013078&supplier_code=00100036&order_time=2020-09-19 HTTP/1.1" 200 421
114.88.166.242 - - [19/Sep/2020:10:47:38 +0800] "GET /xingrg/kc/buy/cgsh_order_operate.html?command=get_materiel&rest_code=00111&code=00101001099&supplier_code=00100319&order_time=2020-09-19 HTTP/1.1" 200 411
180.157.253.48 - - [19/Sep/2020:10:47:38 +0800] "GET /xingrg/kc/buy/cgsh_order_operate.html?command=get_materiel&rest_code=00148&code=00101009046&supplier_code=00100007&order_time=2020-09-19 HTTP/1.1" 200 409
116.238.71.173 - - [19/Sep/2020:10:47:39 +0800] "GET /xingrg/all/function/internal_message.html?_=1600483776349&CODE_STATE=getMsg HTTP/1.1" 200 27
180.157.253.48 - - [19/Sep/2020:10:47:45 +0800] "GET /xingrg/kc/buy/cgsh_order_operate.html?command=get_materiel&rest_code=00148&code=00101009011&supplier_code=00100007&order_time=2020-09-19 HTTP/1.1" 200 416
180.157.253.48 - - [19/Sep/2020:10:47:46 +0800] "GET /xingrg/all/function/internal_message.html?_=1600483673796&CODE_STATE=getMsg HTTP/1.1" 200 27
58.37.9.106 - - [19/Sep/2020:10:47:46 +0800] "GET /xingrg/kc/buy/cgsh_order_operate.html?command=get_materiel&rest_code=00141&code=00101016105&supplier_code=00100036&order_time=2020-09-19 HTTP/1.1" 200 409
180.157.253.48 - - [19/Sep/2020:10:47:48 +0800] "POST /xingrg/kc/buy/cgsh_order_operate.html HTTP/1.1" 200 2065
58.37.9.106 - - [19/Sep/2020:10:47:52 +0800] "GET /xingrg/all/function/internal_message.html?_=1600483659584&CODE_STATE=getMsg HTTP/1.1" 200 27
180.157.253.48 - - [19/Sep/2020:10:47:52 +0800] "GET /xingrg/kc/buy/cgsh_order_operate.html?command=get_materiel&rest_code=00148&code=00101009062&supplier_code=00100007&order_time=2020-09-19 HTTP/1.1" 200 433
114.88.166.242 - - [19/Sep/2020:10:47:54 +0800] "GET /xingrg/all/function/internal_message.html?_=1600483667594&CODE_STATE=getMsg HTTP/1.1" 200 27
120.253.135.82 - - [19/Sep/2020:10:47:55 +0800] "GET /xingrg/all/function/internal_message.html?_=1600483421276&CODE_STATE=getMsg HTTP/1.1" 200 27
180.162.245.190 - - [19/Sep/2020:10:47:57 +0800] "GET /xingrg/all/function/internal_message.html?_=1600483676746&CODE_STATE=getMsg HTTP/1.1" 200 27
120.253.135.82 - - [19/Sep/2020:10:47:59 +0800] "GET /xingrg/all/function/internal_message.html?_=1600483718541&CODE_STATE=getMsg HTTP/1.1" 200 27
172.17.0.108 - - [19/Sep/2020:10:48:02 +0800] "GET /xingrg/all/function/internal_message.html?_=1600483678409&CODE_STATE=getMsg HTTP/1.1" 200 27
58.37.9.106 - - [19/Sep/2020:10:48:02 +0800] "POST /xingrg/kc/buy/cgsh_order_operate.html HTTP/1.1" 200 37
58.40.7.146 - - [19/Sep/2020:10:48:03 +0800] "GET /xingrg/all/function/internal_message.html?_=1600483680424&CODE_STATE=getMsg HTTP/1.1" 200 27
183.192.164.85 - - [19/Sep/2020:10:48:03 +0800] "GET /xingrg/all/function/internal_message.html?_=1600482865688&CODE_STATE=getMsg HTTP/1.1" 302 -
218.81.217.115 - - [19/Sep/2020:10:48:04 +0800] "GET /xingrg/all/function/internal_message.html?_=1600483699024&CODE_STATE=getMsg HTTP/1.1" 200 27
222.69.133.240 - - [19/Sep/2020:10:48:05 +0800] "GET /xingrg/all/function/internal_message.html?_=1600483674302&CODE_STATE=getMsg HTTP/1.1" 200 27
180.157.253.48 - - [19/Sep/2020:10:48:06 +0800] "GET /xingrg/kc/buy/cgsh_order_operate.html?command=get_materiel&rest_code=00148&code=00101008036&supplier_code=00100007&order_time=2020-09-19 HTTP/1.1" 200 23
101.89.239.232 - - [19/Sep/2020:10:48:10 +0800] "GET /xingrg/check_reg.html?_=1600482852619 HTTP/1.1" 302 -
58.37.9.106 - - [19/Sep/2020:10:48:11 +0800] "POST /xingrg/kc/buy/cgsh_order_operate.html HTTP/1.1" 200 116
116.232.52.72 - - [19/Sep/2020:10:48:11 +0800] "POST /xingrg/kc/buy/cgsh_order_operate.html HTTP/1.1" 200 37
114.88.166.242 - - [19/Sep/2020:10:48:12 +0800] "GET /xingrg/kc/buy/cgsh_order_operate.html?command=get_materiel&rest_code=00111&code=00101001125&supplier_code=00100319&order_time=2020-09-19 HTTP/1.1" 200 415
183.192.164.85 - - [19/Sep/2020:10:48:13 +0800] "GET /xingrg/login.html HTTP/1.1" 200 7641
116.232.52.72 - - [19/Sep/2020:10:48:14 +0800] "POST /xingrg/kc/buy/cgsh_order_operate.html HTTP/1.1" 200 19222
180.157.253.48 - - [19/Sep/2020:10:48:15 +0800] "GET /xingrg/kc/buy/cgsh_order_operate.html?command=get_materiel&rest_code=00148&code=00101008036&supplier_code=00100007&order_time=2020-09-19 HTTP/1.1" 200 408
116.238.216.197 - - [19/Sep/2020:10:48:15 +0800] "GET /xingrg/all/function/internal_message.html?_=1600483903514&CODE_STATE=getMsg HTTP/1.1" 200 27
101.89.239.232 - - [19/Sep/2020:10:48:20 +0800] "GET /xingrg/login.html HTTP/1.1" 200 7641
114.88.166.242 - - [19/Sep/2020:10:48:21 +0800] "GET /xingrg/kc/buy/cgsh_order_operate.html?command=get_materiel&rest_code=00111&code=00101001140&supplier_code=00100319&order_time=2020-09-19 HTTP/1.1" 200 415
58.37.9.106 - - [19/Sep/2020:10:48:24 +0800] "POST /xingrg/kc/buy/cgsh_order_operate.html HTTP/1.1" 200 37
117.131.5.26 - - [19/Sep/2020:10:48:26 +0800] "GET /xingrg/all/function/internal_message.html?_=1600483723000&CODE_STATE=getMsg HTTP/1.1" 200 27
218.81.217.115 - - [19/Sep/2020:10:48:27 +0800] "GET /xingrg/check_reg.html?_=1600483721167 HTTP/1.1" 200 22
114.88.166.242 - - [19/Sep/2020:10:48:29 +0800] "POST /xingrg/kc/buy/cgsh_order_operate.html HTTP/1.1" 200 37
58.37.9.106 - - [19/Sep/2020:10:48:29 +0800] "POST /xingrg/kc/buy/cgsh_order_operate.html HTTP/1.1" 200 12
180.157.253.48 - - [19/Sep/2020:10:48:29 +0800] "GET /xingrg/kc/buy/cgsh_order_operate.html?command=get_materiel&rest_code=00148&code=00101008350&supplier_code=00100007&order_time=2020-09-19 HTTP/1.1" 200 408
58.37.9.106 - - [19/Sep/2020:10:48:30 +0800] "GET /xingrg/kc/buy/cgsh_order_info.html?code=212020091908103 HTTP/1.1" 200 54651
58.37.9.106 - - [19/Sep/2020:10:48:31 +0800] "GET /xingrg/javascript/easyui/themes/default/validatebox.css HTTP/1.1" 404 1104
114.88.166.242 - - [19/Sep/2020:10:48:31 +0800] "POST /xingrg/kc/buy/cgsh_order_operate.html HTTP/1.1" 200 3848
58.37.9.106 - - [19/Sep/2020:10:48:31 +0800] "POST /xingrg/kc/buy/cgsh_order_operate.html HTTP/1.1" 200 16567
116.232.53.181 - - [19/Sep/2020:10:48:31 +0800] "GET /xingrg/all/function/internal_message.html?_=1600483715561&CODE_STATE=getMsg HTTP/1.1" 200 27
117.185.32.26 - - [19/Sep/2020:10:48:31 +0800] "GET /xingrg/all/function/internal_message.html?_=1600483705681&CODE_STATE=getMsg HTTP/1.1" 200 27
172.17.0.100 - - [19/Sep/2020:10:48:32 +0800] "GET /xingrg/all/function/internal_message.html?_=1600483707449&CODE_STATE=getMsg HTTP/1.1" 200 27
222.69.133.240 - - [19/Sep/2020:10:48:32 +0800] "GET /xingrg/kc/buy/cgsh_order_add.html HTTP/1.1" 200 59793
58.37.9.106 - - [19/Sep/2020:10:48:32 +0800] "GET /xingrg/kc/print/load_config.html?kc_code=cgsh HTTP/1.1" 200 1845
222.69.133.240 - - [19/Sep/2020:10:48:33 +0800] "POST /xingrg/kc/buy/cgsh_order_operate.html HTTP/1.1" 200 8245
58.37.9.106 - - [19/Sep/2020:10:48:33 +0800] "GET /xingrg/kc/print/load_data.html?order_code=212020091908103&kc_code=cgsh&condition= HTTP/1.1" 200 6800
222.69.133.240 - - [19/Sep/2020:10:48:33 +0800] "GET /xingrg/javascript/easyui/themes/default/validatebox.css HTTP/1.1" 404 1104
180.157.253.48 - - [19/Sep/2020:10:48:33 +0800] "GET /xingrg/javascript/easyui/themes/default/images/button_plain_hover.png HTTP/1.1" 304 -
180.157.253.48 - - [19/Sep/2020:10:48:33 +0800] "GET /xingrg/javascript/easyui/themes/default/images/button_plain_hover.png HTTP/1.1" 304 -
180.157.253.48 - - [19/Sep/2020:10:48:33 +0800] "GET /xingrg/javascript/easyui/themes/default/images/button_plain_hover.png HTTP/1.1" 304 -
180.157.253.48 - - [19/Sep/2020:10:48:33 +0800] "GET /xingrg/javascript/easyui/themes/default/images/button_plain_hover.png HTTP/1.1" 304 -
180.157.253.48 - - [19/Sep/2020:10:48:33 +0800] "GET /xingrg/javascript/easyui/themes/default/images/button_plain_hover.png HTTP/1.1" 304 -
180.157.253.48 - - [19/Sep/2020:10:48:36 +0800] "POST /xingrg/kc/buy/cgsh_order_operate.html HTTP/1.1" 200 37
124.76.236.61 - - [19/Sep/2020:10:48:36 +0800] "GET /xingrg HTTP/1.1" 302 -
180.157.253.48 - - [19/Sep/2020:10:48:37 +0800] "POST /xingrg/kc/buy/cgsh_order_operate.html HTTP/1.1" 200 43446
124.76.236.61 - - [19/Sep/2020:10:48:37 +0800] "GET /favicon.ico HTTP/1.1" 404 -
124.76.236.61 - - [19/Sep/2020:10:48:37 +0800] "GET /xingrg/index.html HTTP/1.1" 302 -
124.76.236.61 - - [19/Sep/2020:10:48:37 +0800] "GET /xingrg/login.html HTTP/1.1" 200 7641
124.76.236.61 - - [19/Sep/2020:10:48:38 +0800] "GET /xingrg/images/blue/login_bg.png HTTP/1.1" 200 22101
124.76.236.61 - - [19/Sep/2020:10:48:38 +0800] "GET /xingrg/images/blue/srbg.png HTTP/1.1" 200 138
124.76.236.61 - - [19/Sep/2020:10:48:38 +0800] "GET /xingrg/images/blue/hj.png HTTP/1.1" 200 1014
124.76.236.61 - - [19/Sep/2020:10:48:38 +0800] "GET /favicon.ico HTTP/1.1" 404 -
116.232.52.72 - - [19/Sep/2020:10:48:39 +0800] "GET /xingrg/all/function/internal_message.html?_=1600483746359&CODE_STATE=getMsg HTTP/1.1" 200 27
116.238.71.173 - - [19/Sep/2020:10:48:39 +0800] "GET /xingrg/all/function/internal_message.html?_=1600483836362&CODE_STATE=getMsg HTTP/1.1" 200 27
114.88.166.242 - - [19/Sep/2020:10:48:44 +0800] "GET /xingrg/kc/print/load_data.html?order_code=212020091908104&kc_code=cgsh&condition= HTTP/1.1" 200 1134
180.157.253.48 - - [19/Sep/2020:10:48:46 +0800] "GET /xingrg/all/function/internal_message.html?_=1600483733806&CODE_STATE=getMsg HTTP/1.1" 200 27
180.157.253.48 - - [19/Sep/2020:10:48:46 +0800] "GET /xingrg/kc/buy/cgsh_order_operate.html?command=get_materiel&rest_code=00148&code=00101008248&supplier_code=00100007&order_time=2020-09-19 HTTP/1.1" 200 412
124.76.236.61 - - [19/Sep/2020:10:48:49 +0800] "POST /xingrg/login.do HTTP/1.1" 302 -
124.76.236.61 - - [19/Sep/2020:10:48:49 +0800] "GET /xingrg/index.html?sysBaseUrl=http%3A%2F%2F180.169.147.146%3A18081%2Fxingrg%2F&costTime=85×tamp=1600483729010 HTTP/1.1" 200 17179
124.76.236.61 - - [19/Sep/2020:10:48:49 +0800] "GET /xingrg/css/form.css HTTP/1.1" 200 893
124.76.236.61 - - [19/Sep/2020:10:48:49 +0800] "GET /xingrg/javascript/jquery_easy_ui/jquery.easyui.min.js HTTP/1.1" 200 213662
124.76.236.61 - - [19/Sep/2020:10:48:49 +0800] "GET /xingrg/javascript/jquery_easy_ui/easyui-lang-zh_CN.js HTTP/1.1" 200 1900
124.76.236.61 - - [19/Sep/2020:10:48:49 +0800] "GET /xingrg/javascript/jquery.timers.js HTTP/1.1" 200 3532
124.76.236.61 - - [19/Sep/2020:10:48:49 +0800] "GET /xingrg/javascript/jquery.form.js HTTP/1.1" 200 23110
124.76.236.61 - - [19/Sep/2020:10:48:49 +0800] "GET /favicon.ico HTTP/1.1" 404 -
124.76.236.61 - - [19/Sep/2020:10:48:49 +0800] "GET /xingrg/javascript/jquery_easy_ui/themes/icons/settle_new.png HTTP/1.1" 200 826
124.76.236.61 - - [19/Sep/2020:10:48:49 +0800] "GET /xingrg/images/blue/navBackgound.jpg HTTP/1.1" 200 12378
124.76.236.61 - - [19/Sep/2020:10:48:49 +0800] "POST /xingrg/all/common/load_tree.html?tree=area_rest_tree_json&manage=1 HTTP/1.1" 200 351
124.76.236.61 - - [19/Sep/2020:10:48:49 +0800] "GET /xingrg/all/function/internal_message.html?_=1600483735119&CODE_STATE=count HTTP/1.1" 200 11
124.76.236.61 - - [19/Sep/2020:10:48:49 +0800] "GET /xingrg/images/blue/pingpu.png HTTP/1.1" 200 231
124.76.236.61 - - [19/Sep/2020:10:48:49 +0800] "GET /xingrg/check_reg.html?_=1600483735120 HTTP/1.1" 200 22
124.76.236.61 - - [19/Sep/2020:10:48:49 +0800] "GET /xingrg/javascript/jquery_easy_ui/themes/default/images/tabs_leftarrow.png HTTP/1.1" 200 389
124.76.236.61 - - [19/Sep/2020:10:48:49 +0800] "GET /xingrg/javascript/jquery_easy_ui/themes/default/images/tabs_rightarrow.png HTTP/1.1" 200 395
124.76.236.61 - - [19/Sep/2020:10:48:49 +0800] "GET /xingrg/javascript/jquery_easy_ui/themes/default/images/panel_tool_collapse.gif HTTP/1.1" 200 246
124.76.236.61 - - [19/Sep/2020:10:48:49 +0800] "POST /xingrg/load_menu.html HTTP/1.1" 200 5138
124.76.236.61 - - [19/Sep/2020:10:48:49 +0800] "GET /xingrg/javascript/jquery_easy_ui/themes/icons/search_new.png HTTP/1.1" 200 586
124.76.236.61 - - [19/Sep/2020:10:48:49 +0800] "GET /xingrg/javascript/jquery_easy_ui/themes/default/images/tree_arrows.gif HTTP/1.1" 200 1043
124.76.236.61 - - [19/Sep/2020:10:48:49 +0800] "GET /xingrg/javascript/jquery_easy_ui/themes/default/images/tree_folder_open.gif HTTP/1.1" 200 956
124.76.236.61 - - [19/Sep/2020:10:48:49 +0800] "GET /xingrg/javascript/jquery_easy_ui/themes/icons/storage_new.png HTTP/1.1" 200 853
124.76.236.61 - - [19/Sep/2020:10:48:49 +0800] "GET /xingrg/javascript/jquery_easy_ui/themes/default/images/tree_folder.gif HTTP/1.1" 200 952
124.76.236.61 - - [19/Sep/2020:10:48:49 +0800] "GET /xingrg/javascript/jquery_easy_ui/themes/icons/forms_new.png HTTP/1.1" 200 350
124.76.236.61 - - [19/Sep/2020:10:48:49 +0800] "GET /xingrg/javascript/jquery_easy_ui/themes/default/images/tree_file.gif HTTP/1.1" 200 118
222.69.133.240 - - [19/Sep/2020:10:48:50 +0800] "GET /xingrg/kc/buy/cgsh_order_operate.html?command=get_materiel&rest_code=00149&code=00102003269&supplier_code=00100151&order_time=2020-09-19 HTTP/1.1" 200 411
124.76.236.61 - - [19/Sep/2020:10:48:51 +0800] "GET /xingrg/kc/base/base_main.html HTTP/1.1" 200 12142
124.76.236.61 - - [19/Sep/2020:10:48:51 +0800] "GET /xingrg/javascript/jquery_easy_ui/themes/default/images/tabs_close.gif HTTP/1.1" 200 829
58.37.9.106 - - [19/Sep/2020:10:48:52 +0800] "GET /xingrg/all/function/internal_message.html?_=1600483719564&CODE_STATE=getMsg HTTP/1.1" 200 27
124.76.236.61 - - [19/Sep/2020:10:48:53 +0800] "GET /xingrg/kc/base/wldb_order_list.html HTTP/1.1" 200 19302
124.76.236.61 - - [19/Sep/2020:10:48:54 +0800] "POST /xingrg/kc/base/wldb_list_operate.html HTTP/1.1" 200 928
114.88.166.242 - - [19/Sep/2020:10:48:54 +0800] "GET /xingrg/all/function/internal_message.html?_=1600483727600&CODE_STATE=getMsg HTTP/1.1" 200 27
120.253.135.82 - - [19/Sep/2020:10:48:55 +0800] "GET /xingrg/all/function/internal_message.html?_=1600483481286&CODE_STATE=getMsg HTTP/1.1" 200 27
124.76.236.61 - - [19/Sep/2020:10:48:56 +0800] "GET /xingrg/kc/base/wldb_order_add.html HTTP/1.1" 200 30418
124.76.236.61 - - [19/Sep/2020:10:48:56 +0800] "GET /xingrg/words/20200918132943_words.js HTTP/1.1" 304 -
124.76.236.61 - - [19/Sep/2020:10:48:56 +0800] "GET /xingrg/all/common/auto_word.html?type=base&rest_code=00143 HTTP/1.1" 200 619
124.76.236.61 - - [19/Sep/2020:10:48:56 +0800] "GET /xingrg/all/common/auto_word.html?type=base&rest_code=00143 HTTP/1.1" 200 619
124.76.236.61 - - [19/Sep/2020:10:48:56 +0800] "GET /xingrg/javascript/easyui/themes/default/validatebox.css HTTP/1.1" 404 1104
124.76.236.61 - - [19/Sep/2020:10:48:56 +0800] "POST /xingrg/kc/base/wldb_order_operate.html HTTP/1.1" 200 6806
180.162.245.190 - - [19/Sep/2020:10:48:57 +0800] "GET /xingrg/check_reg.html?_=1600483736742 HTTP/1.1" 200 22
180.162.245.190 - - [19/Sep/2020:10:48:57 +0800] "GET /xingrg/all/function/internal_message.html?_=1600483736745&CODE_STATE=getMsg HTTP/1.1" 200 27
180.157.253.48 - - [19/Sep/2020:10:48:58 +0800] "GET /xingrg/kc/buy/cgsh_order_operate.html?command=get_materiel&rest_code=00148&code=00101008219&supplier_code=00100007&order_time=2020-09-19 HTTP/1.1" 200 412
124.76.236.61 - - [19/Sep/2020:10:48:58 +0800] "POST /xingrg/all/common/load_combo.html?type=base HTTP/1.1" 200 1130
120.253.135.82 - - [19/Sep/2020:10:48:59 +0800] "GET /xingrg/all/function/internal_message.html?_=1600483778553&CODE_STATE=getMsg HTTP/1.1" 200 27
124.76.236.61 - - [19/Sep/2020:10:49:01 +0800] "POST /xingrg/all/common/load_combo.html?type=base HTTP/1.1" 200 1130
172.17.0.108 - - [19/Sep/2020:10:49:02 +0800] "GET /xingrg/check_reg.html?_=1600483738413 HTTP/1.1" 200 22
172.17.0.108 - - [19/Sep/2020:10:49:02 +0800] "GET /xingrg/all/function/internal_message.html?_=1600483738414&CODE_STATE=getMsg HTTP/1.1" 200 27
58.40.7.146 - - [19/Sep/2020:10:49:03 +0800] "GET /xingrg/all/function/internal_message.html?_=1600483740411&CODE_STATE=getMsg HTTP/1.1" 200 27
218.81.217.115 - - [19/Sep/2020:10:49:04 +0800] "GET /xingrg/all/function/internal_message.html?_=1600483759026&CODE_STATE=getMsg HTTP/1.1" 200 27
222.69.133.240 - - [19/Sep/2020:10:49:05 +0800] "GET /xingrg/check_reg.html?_=1600483734303 HTTP/1.1" 200 22
222.69.133.240 - - [19/Sep/2020:10:49:05 +0800] "GET /xingrg/all/function/internal_message.html?_=1600483734307&CODE_STATE=getMsg HTTP/1.1" 200 27
180.162.245.190 - - [19/Sep/2020:10:49:06 +0800] "GET /xingrg/kc/buy/cgsh_order_list.html HTTP/1.1" 200 44002
180.157.253.48 - - [19/Sep/2020:10:49:07 +0800] "GET /xingrg/kc/buy/cgsh_order_operate.html?command=get_materiel&rest_code=00148&code=00101008003&supplier_code=00100007&order_time=2020-09-19 HTTP/1.1" 200 408
180.162.245.190 - - [19/Sep/2020:10:49:09 +0800] "POST /xingrg/kc/buy/cgsh_list_operate.html HTTP/1.1" 200 3494
180.162.245.190 - - [19/Sep/2020:10:49:12 +0800] "POST /xingrg/kc/buy/cgsh_list_operate.html HTTP/1.1" 200 3494
180.157.253.48 - - [19/Sep/2020:10:49:14 +0800] "GET /xingrg/kc/buy/cgsh_order_operate.html?command=get_materiel&rest_code=00148&code=00101008087&supplier_code=00100007&order_time=2020-09-19 HTTP/1.1" 200 412
180.162.245.190 - - [19/Sep/2020:10:49:14 +0800] "GET /xingrg/kc/buy/cgsh_order_add.html HTTP/1.1" 200 59740
180.162.245.190 - - [19/Sep/2020:10:49:14 +0800] "GET /xingrg/javascript/easyui/themes/default/validatebox.css HTTP/1.1" 404 1104
180.162.245.190 - - [19/Sep/2020:10:49:14 +0800] "POST /xingrg/kc/buy/cgsh_order_operate.html HTTP/1.1" 200 8245
116.238.216.197 - - [19/Sep/2020:10:49:15 +0800] "GET /xingrg/all/function/internal_message.html?_=1600483963527&CODE_STATE=getMsg HTTP/1.1" 200 27
180.157.253.48 - - [19/Sep/2020:10:49:16 +0800] "POST /xingrg/kc/buy/cgsh_order_operate.html HTTP/1.1" 200 2065
58.37.9.106 - - [19/Sep/2020:10:49:16 +0800] "GET /xingrg/kc/buy/cgsh_order_add.html HTTP/1.1" 200 59746
58.37.9.106 - - [19/Sep/2020:10:49:17 +0800] "GET /xingrg/javascript/easyui/themes/default/validatebox.css HTTP/1.1" 404 1104
58.37.9.106 - - [19/Sep/2020:10:49:17 +0800] "POST /xingrg/kc/buy/cgsh_order_operate.html HTTP/1.1" 200 8245
114.88.166.242 - - [19/Sep/2020:10:49:18 +0800] "GET /xingrg/kc/buy/cgsh_order_add.html HTTP/1.1" 200 59740
114.88.166.242 - - [19/Sep/2020:10:49:18 +0800] "GET /xingrg/javascript/easyui/themes/default/validatebox.css HTTP/1.1" 404 1104
114.88.166.242 - - [19/Sep/2020:10:49:18 +0800] "POST /xingrg/kc/buy/cgsh_order_operate.html HTTP/1.1" 200 8245
116.232.52.72 - - [19/Sep/2020:10:49:22 +0800] "GET /xingrg/kc/buy/cgsh_order_operate.html?command=get_materiel&rest_code=00109&code=00101008196&supplier_code=00100005&order_time=2020-09-19 HTTP/1.1" 200 416
180.157.253.48 - - [19/Sep/2020:10:49:24 +0800] "GET /xingrg/kc/buy/cgsh_order_operate.html?command=get_materiel&rest_code=00148&code=00101008137&supplier_code=00100007&order_time=2020-09-19 HTTP/1.1" 200 408
58.37.9.106 - - [19/Sep/2020:10:49:25 +0800] "GET /xingrg/check_reg.html?_=1600483752671 HTTP/1.1" 200 22
117.131.5.26 - - [19/Sep/2020:10:49:26 +0800] "GET /xingrg/check_reg.html?_=1600483783012 HTTP/1.1" 200 22
117.131.5.26 - - [19/Sep/2020:10:49:26 +0800] "GET /xingrg/all/function/internal_message.html?_=1600483783013&CODE_STATE=getMsg HTTP/1.1" 200 27
116.232.52.72 - - [19/Sep/2020:10:49:28 +0800] "GET /xingrg/kc/buy/cgsh_order_operate.html?command=get_materiel&rest_code=00109&code=00101008197&supplier_code=00100005&order_time=2020-09-19 HTTP/1.1" 200 416
180.157.253.48 - - [19/Sep/2020:10:49:29 +0800] "GET /xingrg/kc/buy/cgsh_order_operate.html?command=get_materiel&rest_code=00148&code=00101012001&supplier_code=00100007&order_time=2020-09-19 HTTP/1.1" 200 408
114.88.166.242 - - [19/Sep/2020:10:49:30 +0800] "GET /xingrg/all/function/internal_message.html?_=1600483835618&CODE_STATE=getMsg HTTP/1.1" 200 27
180.162.245.190 - - [19/Sep/2020:10:49:30 +0800] "GET /xingrg/kc/buy/cgsh_order_operate.html?command=get_materiel&rest_code=00105&code=00101010249&supplier_code=00100347&order_time=2020-09-19 HTTP/1.1" 200 409
114.88.166.242 - - [19/Sep/2020:10:49:30 +0800] "GET /xingrg/kc/buy/cgsh_order_operate.html?command=get_materiel&rest_code=00111&code=00101004090&supplier_code=00100312&order_time=2020-09-19 HTTP/1.1" 200 412
116.232.53.181 - - [19/Sep/2020:10:49:31 +0800] "GET /xingrg/all/function/internal_message.html?_=1600483775545&CODE_STATE=getMsg HTTP/1.1" 200 27
117.185.32.26 - - [19/Sep/2020:10:49:31 +0800] "GET /xingrg/all/function/internal_message.html?_=1600483765680&CODE_STATE=getMsg HTTP/1.1" 200 27
117.185.32.26 - - [19/Sep/2020:10:49:31 +0800] "GET /xingrg/check_reg.html?_=1600483765683 HTTP/1.1" 200 22
172.17.0.100 - - [19/Sep/2020:10:49:32 +0800] "GET /xingrg/all/function/internal_message.html?_=1600483767447&CODE_STATE=getMsg HTTP/1.1" 200 27
124.76.236.61 - - [19/Sep/2020:10:49:35 +0800] "GET /xingrg/javascript/auto/indicator.gif HTTP/1.1" 404 1066
116.232.52.72 - - [19/Sep/2020:10:49:37 +0800] "GET /xingrg/kc/buy/cgsh_order_operate.html?command=get_materiel&rest_code=00109&code=00101008085&supplier_code=00100005&order_time=2020-09-19 HTTP/1.1" 200 412
114.88.166.242 - - [19/Sep/2020:10:49:37 +0800] "GET /xingrg/kc/buy/cgsh_order_operate.html?command=get_materiel&rest_code=00111&code=00101004046&supplier_code=00100312&order_time=2020-09-19 HTTP/1.1" 200 417
180.157.253.48 - - [19/Sep/2020:10:49:38 +0800] "GET /xingrg/kc/buy/cgsh_order_operate.html?command=get_materiel&rest_code=00148&code=00101008213&supplier_code=00100007&order_time=2020-09-19 HTTP/1.1" 200 412
183.192.164.214 - - [19/Sep/2020:10:49:39 +0800] "GET /xingrg/all/function/internal_message.html?_=1600483045676&CODE_STATE=getMsg HTTP/1.1" 302 -
116.238.71.173 - - [19/Sep/2020:10:49:39 +0800] "GET /xingrg/check_reg.html?_=1600483896021 HTTP/1.1" 200 22
124.76.236.61 - - [19/Sep/2020:10:49:39 +0800] "GET /xingrg/kc/base/wldb_order_operate.html?command=get_materiel&rest_code=00143&base_code=0010222&code=00102002186 HTTP/1.1" 200 448
116.232.52.72 - - [19/Sep/2020:10:49:39 +0800] "GET /xingrg/all/function/internal_message.html?_=1600483806359&CODE_STATE=getMsg HTTP/1.1" 200 27
116.238.71.173 - - [19/Sep/2020:10:49:39 +0800] "GET /xingrg/all/function/internal_message.html?_=1600483896375&CODE_STATE=getMsg HTTP/1.1" 200 27
116.232.52.72 - - [19/Sep/2020:10:49:43 +0800] "GET /xingrg/kc/buy/cgsh_order_operate.html?command=get_materiel&rest_code=00109&code=00101015074&supplier_code=00100005&order_time=2020-09-19 HTTP/1.1" 200 427
58.37.9.106 - - [19/Sep/2020:10:49:44 +0800] "GET /xingrg/kc/buy/cgsh_order_operate.html?command=get_materiel&rest_code=00141&code=00101006161&supplier_code=00100040&order_time=2020-09-19 HTTP/1.1" 200 409
116.232.52.72 - - [19/Sep/2020:10:49:44 +0800] "POST /xingrg/kc/buy/cgsh_order_operate.html HTTP/1.1" 200 2065
180.157.253.48 - - [19/Sep/2020:10:49:44 +0800] "GET /xingrg/check_reg.html?_=1600483792592 HTTP/1.1" 200 22
180.157.253.48 - - [19/Sep/2020:10:49:46 +0800] "GET /xingrg/all/function/internal_message.html?_=1600483794082&CODE_STATE=getMsg HTTP/1.1" 200 27
114.88.166.242 - - [19/Sep/2020:10:49:46 +0800] "POST /xingrg/dwr/call/plaincall/AjaxReportQueryService.refreshCache.dwr HTTP/1.1" 200 78
180.157.253.48 - - [19/Sep/2020:10:49:46 +0800] "GET /xingrg/javascript/easyui/themes/default/images/button_plain_hover.png HTTP/1.1" 304 -
180.157.253.48 - - [19/Sep/2020:10:49:46 +0800] "GET /xingrg/javascript/easyui/themes/default/images/button_plain_hover.png HTTP/1.1" 304 -
180.157.253.48 - - [19/Sep/2020:10:49:46 +0800] "GET /xingrg/javascript/easyui/themes/default/images/button_plain_hover.png HTTP/1.1" 304 -
117.185.32.26 - - [19/Sep/2020:10:49:46 +0800] "POST /xingrg/kc/buy/cgsh_list_operate.html HTTP/1.1" 200 1684
114.88.166.242 - - [19/Sep/2020:10:49:46 +0800] "POST /xingrg/all/report/load_report_page.html HTTP/1.1" 200 29492
114.88.166.242 - - [19/Sep/2020:10:49:46 +0800] "GET /xingrg/servlets/image?cache=0.8284488210078126&image=px HTTP/1.1" 200 807
180.157.253.48 - - [19/Sep/2020:10:49:46 +0800] "GET /xingrg/javascript/easyui/themes/default/images/button_plain_hover.png HTTP/1.1" 304 -
180.157.253.48 - - [19/Sep/2020:10:49:46 +0800] "GET /xingrg/javascript/easyui/themes/default/images/button_plain_hover.png HTTP/1.1" 304 -
117.185.32.26 - - [19/Sep/2020:10:49:48 +0800] "POST /xingrg/kc/buy/cgsh_list_operate.html HTTP/1.1" 200 505
114.88.166.242 - - [19/Sep/2020:10:49:48 +0800] "GET /xingrg/kc/buy/cgsh_order_operate.html?command=get_materiel&rest_code=00111&code=00101004067&supplier_code=00100312&order_time=2020-09-19 HTTP/1.1" 200 413
183.192.164.214 - - [19/Sep/2020:10:49:49 +0800] "GET /xingrg/login.html HTTP/1.1" 200 7641
124.76.236.61 - - [19/Sep/2020:10:49:49 +0800] "GET /xingrg/all/function/internal_message.html?_=1600483795132&CODE_STATE=getMsg HTTP/1.1" 200 27
58.37.9.106 - - [19/Sep/2020:10:49:52 +0800] "GET /xingrg/all/function/internal_message.html?_=1600483779535&CODE_STATE=getMsg HTTP/1.1" 200 27
116.232.52.72 - - [19/Sep/2020:10:49:52 +0800] "GET /xingrg/kc/buy/cgsh_order_operate.html?command=get_materiel&rest_code=00109&code=00101015012&supplier_code=00100005&order_time=2020-09-19 HTTP/1.1" 200 412
180.157.253.48 - - [19/Sep/2020:10:49:52 +0800] "POST /xingrg/kc/buy/cgsh_order_operate.html HTTP/1.1" 200 37
180.162.245.190 - - [19/Sep/2020:10:49:53 +0800] "GET /xingrg/kc/buy/cgsh_order_operate.html?command=get_materiel&rest_code=00105&code=00101001120&supplier_code=00100347&order_time=2020-09-19 HTTP/1.1" 200 412
58.37.9.106 - - [19/Sep/2020:10:49:54 +0800] "GET /xingrg/kc/buy/cgsh_order_operate.html?command=get_materiel&rest_code=00141&code=00101005037&supplier_code=00100040&order_time=2020-09-19 HTTP/1.1" 200 429
114.88.166.242 - - [19/Sep/2020:10:49:54 +0800] "GET /xingrg/all/function/internal_message.html?_=1600483787598&CODE_STATE=getMsg HTTP/1.1" 200 27
114.88.166.242 - - [19/Sep/2020:10:49:54 +0800] "GET /xingrg/check_reg.html?_=1600483787600 HTTP/1.1" 200 22
180.157.253.48 - - [19/Sep/2020:10:49:54 +0800] "POST /xingrg/kc/buy/cgsh_order_operate.html HTTP/1.1" 200 47596
120.253.135.82 - - [19/Sep/2020:10:49:54 +0800] "GET /xingrg/check_reg.html?_=1600483540463 HTTP/1.1" 200 22
120.253.135.82 - - [19/Sep/2020:10:49:55 +0800] "GET /xingrg/all/function/internal_message.html?_=1600483541299&CODE_STATE=getMsg HTTP/1.1" 200 27
114.88.166.242 - - [19/Sep/2020:10:49:57 +0800] "GET /xingrg/kc/buy/cgsh_order_operate.html?command=get_materiel&rest_code=00111&code=00101005017&supplier_code=00100312&order_time=2020-09-19 HTTP/1.1" 200 409
180.162.245.190 - - [19/Sep/2020:10:49:57 +0800] "GET /xingrg/all/function/internal_message.html?_=1600483796769&CODE_STATE=getMsg HTTP/1.1" 200 27
114.88.166.242 - - [19/Sep/2020:10:49:59 +0800] "POST /xingrg/services/DataTransmitService HTTP/1.1" 200 524
114.88.166.242 - - [19/Sep/2020:10:49:59 +0800] "POST /xingrg/services/DataTransmitService HTTP/1.1" 200 497
120.253.135.82 - - [19/Sep/2020:10:49:59 +0800] "GET /xingrg/check_reg.html?_=1600483838381 HTTP/1.1" 200 22
120.253.135.82 - - [19/Sep/2020:10:49:59 +0800] "GET /xingrg/all/function/internal_message.html?_=1600483838567&CODE_STATE=getMsg HTTP/1.1" 200 27
116.232.52.72 - - [19/Sep/2020:10:50:00 +0800] "GET /xingrg/kc/buy/cgsh_order_operate.html?command=get_materiel&rest_code=00109&code=00101008125&supplier_code=00100005&order_time=2020-09-19 HTTP/1.1" 200 413
172.17.0.108 - - [19/Sep/2020:10:50:02 +0800] "GET /xingrg/all/function/internal_message.html?_=1600483798412&CODE_STATE=getMsg HTTP/1.1" 200 27
58.40.7.146 - - [19/Sep/2020:10:50:03 +0800] "GET /xingrg/all/function/internal_message.html?_=1600483800415&CODE_STATE=getMsg HTTP/1.1" 200 27
114.88.166.242 - - [19/Sep/2020:10:50:04 +0800] "GET /xingrg/kc/buy/cgsh_order_operate.html?command=get_materiel&rest_code=00111&code=00101004030&supplier_code=00100312&order_time=2020-09-19 HTTP/1.1" 200 408
58.37.9.106 - - [19/Sep/2020:10:50:04 +0800] "GET /xingrg/kc/buy/cgsh_order_operate.html?command=get_materiel&rest_code=00141&code=00101005036&supplier_code=00100040&order_time=2020-09-19 HTTP/1.1" 200 409
218.81.217.115 - - [19/Sep/2020:10:50:04 +0800] "GET /xingrg/all/function/internal_message.html?_=1600483819041&CODE_STATE=getMsg HTTP/1.1" 200 27
222.69.133.240 - - [19/Sep/2020:10:50:05 +0800] "GET /xingrg/all/function/internal_message.html?_=1600483794298&CODE_STATE=getMsg HTTP/1.1" 200 27
116.232.52.72 - - [19/Sep/2020:10:50:06 +0800] "GET /xingrg/kc/buy/cgsh_order_operate.html?command=get_materiel&rest_code=00109&code=00101008132&supplier_code=00100005&order_time=2020-09-19 HTTP/1.1" 200 408
114.88.166.242 - - [19/Sep/2020:10:50:11 +0800] "GET /xingrg/kc/buy/cgsh_order_operate.html?command=get_materiel&rest_code=00111&code=00101001156&supplier_code=00100312&order_time=2020-09-19 HTTP/1.1" 200 409
116.232.52.72 - - [19/Sep/2020:10:50:12 +0800] "GET /xingrg/kc/buy/cgsh_order_operate.html?command=get_materiel&rest_code=00109&code=00101008080&supplier_code=00100005&order_time=2020-09-19 HTTP/1.1" 200 416
180.162.245.190 - - [19/Sep/2020:10:50:14 +0800] "GET /xingrg/kc/buy/cgsh_order_operate.html?command=get_materiel&rest_code=00105&code=00101004038&supplier_code=00100347&order_time=2020-09-19 HTTP/1.1" 200 429
58.37.9.106 - - [19/Sep/2020:10:50:14 +0800] "GET /xingrg/kc/buy/cgsh_order_operate.html?command=get_materiel&rest_code=00141&code=00101001010&supplier_code=00100040&order_time=2020-09-19 HTTP/1.1" 200 428
116.238.216.197 - - [19/Sep/2020:10:50:16 +0800] "GET /xingrg/all/function/internal_message.html?_=1600484023683&CODE_STATE=getMsg HTTP/1.1" 200 27
114.88.166.242 - - [19/Sep/2020:10:50:17 +0800] "GET /xingrg/kc/buy/cgsh_order_operate.html?command=get_materiel&rest_code=00111&code=00101001029&supplier_code=00100312&order_time=2020-09-19 HTTP/1.1" 200 415
116.232.52.72 - - [19/Sep/2020:10:50:18 +0800] "GET /xingrg/kc/buy/cgsh_order_operate.html?command=get_materiel&rest_code=00109&code=00101008354&supplier_code=00100005&order_time=2020-09-19 HTTP/1.1" 200 412
116.232.52.72 - - [19/Sep/2020:10:50:20 +0800] "POST /xingrg/kc/buy/cgsh_order_operate.html HTTP/1.1" 200 2065
180.162.245.190 - - [19/Sep/2020:10:50:23 +0800] "GET /xingrg/kc/buy/cgsh_order_operate.html?command=get_materiel&rest_code=00105&code=00101005022&supplier_code=00100347&order_time=2020-09-19 HTTP/1.1" 200 436
116.232.52.72 - - [19/Sep/2020:10:50:25 +0800] "GET /xingrg/kc/buy/cgsh_order_operate.html?command=get_materiel&rest_code=00109&code=00101008115&supplier_code=00100005&order_time=2020-09-19 HTTP/1.1" 200 412
117.131.5.26 - - [19/Sep/2020:10:50:26 +0800] "GET /xingrg/all/function/internal_message.html?_=1600483843010&CODE_STATE=getMsg HTTP/1.1" 200 27
58.37.9.106 - - [19/Sep/2020:10:50:27 +0800] "POST /xingrg/kc/buy/cgsh_order_operate.html HTTP/1.1" 200 37
114.88.166.242 - - [19/Sep/2020:10:50:28 +0800] "POST /xingrg/dwr/call/plaincall/AjaxReportQueryService.refreshCache.dwr HTTP/1.1" 200 78
114.88.166.242 - - [19/Sep/2020:10:50:29 +0800] "POST /xingrg/all/report/load_report_page.html HTTP/1.1" 200 29492
114.88.166.242 - - [19/Sep/2020:10:50:29 +0800] "GET /xingrg/servlets/image?cache=0.6501722595054527&image=px HTTP/1.1" 200 807
114.88.166.242 - - [19/Sep/2020:10:50:30 +0800] "GET /xingrg/all/function/internal_message.html?_=1600483895587&CODE_STATE=getMsg HTTP/1.1" 200 27
58.37.9.106 - - [19/Sep/2020:10:50:31 +0800] "POST /xingrg/kc/buy/cgsh_order_operate.html HTTP/1.1" 200 12
116.232.53.181 - - [19/Sep/2020:10:50:31 +0800] "GET /xingrg/all/function/internal_message.html?_=1600483835547&CODE_STATE=getMsg HTTP/1.1" 200 27
116.232.53.181 - - [19/Sep/2020:10:50:31 +0800] "GET /xingrg/check_reg.html?_=1600483835627 HTTP/1.1" 200 22
117.185.32.26 - - [19/Sep/2020:10:50:31 +0800] "GET /xingrg/all/function/internal_message.html?_=1600483825677&CODE_STATE=getMsg HTTP/1.1" 200 27
58.37.9.106 - - [19/Sep/2020:10:50:32 +0800] "GET /xingrg/kc/buy/cgsh_order_info.html?code=212020091908105 HTTP/1.1" 200 54649
172.17.0.100 - - [19/Sep/2020:10:50:32 +0800] "GET /xingrg/all/function/internal_message.html?_=1600483827446&CODE_STATE=getMsg HTTP/1.1" 200 27
58.37.9.106 - - [19/Sep/2020:10:50:32 +0800] "GET /xingrg/javascript/easyui/themes/default/validatebox.css HTTP/1.1" 404 1104
114.88.166.242 - - [19/Sep/2020:10:50:33 +0800] "POST /xingrg/kc/buy/cgsh_order_operate.html HTTP/1.1" 200 37
58.37.9.106 - - [19/Sep/2020:10:50:33 +0800] "POST /xingrg/kc/buy/cgsh_order_operate.html HTTP/1.1" 200 2365
