114.88.166.242 - - [19/Sep/2020:10:40:58 +0800] "GET /xingrg/kc/print/load_data.html?order_code=212020091908093&kc_code=cgsh&condition= HTTP/1.1" 200 1136
180.157.253.48 - - [19/Sep/2020:10:40:58 +0800] "GET /xingrg/kc/buy/cgsh_order_operate.html?command=get_materiel&rest_code=00148&code=00101008186&supplier_code=00100007&order_time=2020-09-19 HTTP/1.1" 200 408
120.253.135.82 - - [19/Sep/2020:10:40:59 +0800] "GET /xingrg/all/function/internal_message.html?_=1600483298444&CODE_STATE=getMsg HTTP/1.1" 200 27
172.17.0.108 - - [19/Sep/2020:10:41:02 +0800] "GET /xingrg/all/function/internal_message.html?_=1600483258353&CODE_STATE=getMsg HTTP/1.1" 200 27
116.232.52.72 - - [19/Sep/2020:10:41:03 +0800] "GET /xingrg/kc/buy/cgsh_order_operate.html?command=get_materiel&rest_code=00109&code=00101008261&supplier_code=00100005&order_time=2020-09-19 HTTP/1.1" 200 408
58.40.7.146 - - [19/Sep/2020:10:41:03 +0800] "GET /xingrg/all/function/internal_message.html?_=1600483260416&CODE_STATE=getMsg HTTP/1.1" 200 27
218.81.217.115 - - [19/Sep/2020:10:41:03 +0800] "GET /xingrg/all/function/internal_message.html?_=1600483277618&CODE_STATE=getMsg HTTP/1.1" 200 27
180.157.253.48 - - [19/Sep/2020:10:41:04 +0800] "GET /xingrg/kc/buy/cgsh_order_operate.html?command=get_materiel&rest_code=00148&code=00101008096&supplier_code=00100007&order_time=2020-09-19 HTTP/1.1" 200 412
114.88.166.242 - - [19/Sep/2020:10:41:06 +0800] "GET /xingrg/kc/buy/cgsh_order_add.html HTTP/1.1" 200 59740
114.88.166.242 - - [19/Sep/2020:10:41:07 +0800] "POST /xingrg/kc/buy/cgsh_order_operate.html HTTP/1.1" 200 8245
114.88.166.242 - - [19/Sep/2020:10:41:07 +0800] "GET /xingrg/javascript/easyui/themes/default/validatebox.css HTTP/1.1" 404 1104
172.17.0.100 - - [19/Sep/2020:10:41:07 +0800] "POST /xingrg/kc/base/yddb_list_operate.html HTTP/1.1" 200 4307
222.69.133.240 - - [19/Sep/2020:10:41:08 +0800] "POST /xingrg/kc/buy/cgsh_order_operate.html HTTP/1.1" 200 37
172.17.0.100 - - [19/Sep/2020:10:41:09 +0800] "POST /xingrg/kc/base/yddb_list_operate.html HTTP/1.1" 200 205
172.17.0.100 - - [19/Sep/2020:10:41:09 +0800] "GET /xingrg/kc/base/yddb_order_info.html?code=482020091900179 HTTP/1.1" 200 31025
172.17.0.100 - - [19/Sep/2020:10:41:09 +0800] "GET /xingrg/dwr/interface/AjaxYddbService.js HTTP/1.1" 200 13201
172.17.0.100 - - [19/Sep/2020:10:41:09 +0800] "GET /xingrg/dwr/interface/AjaxComOrderService.js HTTP/1.1" 200 18264
172.17.0.100 - - [19/Sep/2020:10:41:09 +0800] "GET /xingrg/dwr/engine.js HTTP/1.1" 200 43631
172.17.0.100 - - [19/Sep/2020:10:41:09 +0800] "POST /xingrg/dwr/call/plaincall/AjaxYddbService.loadMaterielItems.dwr HTTP/1.1" 200 405
116.232.52.72 - - [19/Sep/2020:10:41:10 +0800] "GET /xingrg/kc/buy/cgsh_order_operate.html?command=get_materiel&rest_code=00109&code=00101008350&supplier_code=00100005&order_time=2020-09-19 HTTP/1.1" 200 408
222.69.133.240 - - [19/Sep/2020:10:41:10 +0800] "POST /xingrg/kc/buy/cgsh_order_operate.html HTTP/1.1" 200 12
116.232.52.72 - - [19/Sep/2020:10:41:10 +0800] "GET /xingrg/all/function/internal_message.html?_=1600483296974&CODE_STATE=getMsg HTTP/1.1" 200 27
222.69.133.240 - - [19/Sep/2020:10:41:11 +0800] "GET /xingrg/kc/buy/cgsh_order_info.html?code=212020091908094 HTTP/1.1" 200 54696
222.69.133.240 - - [19/Sep/2020:10:41:12 +0800] "GET /xingrg/javascript/easyui/themes/default/validatebox.css HTTP/1.1" 404 1104
180.157.253.48 - - [19/Sep/2020:10:41:12 +0800] "GET /xingrg/kc/buy/cgsh_order_operate.html?command=get_materiel&rest_code=00148&code=00101008088&supplier_code=00100007&order_time=2020-09-19 HTTP/1.1" 200 408
222.69.133.240 - - [19/Sep/2020:10:41:12 +0800] "POST /xingrg/kc/buy/cgsh_order_operate.html HTTP/1.1" 200 4758
172.17.0.100 - - [19/Sep/2020:10:41:14 +0800] "POST /xingrg/dwr/call/plaincall/AjaxYddbService.saveMaterielItem.dwr HTTP/1.1" 200 78
172.17.0.100 - - [19/Sep/2020:10:41:15 +0800] "POST /xingrg/dwr/call/plaincall/AjaxComOrderService.getMaterielSearchList.dwr HTTP/1.1" 200 76
222.69.133.240 - - [19/Sep/2020:10:41:15 +0800] "GET /xingrg/kc/print/load_data.html?order_code=212020091908094&kc_code=cgsh&condition= HTTP/1.1" 200 2297
116.232.52.72 - - [19/Sep/2020:10:41:15 +0800] "GET /xingrg/kc/buy/cgsh_order_operate.html?command=get_materiel&rest_code=00109&code=00101008003&supplier_code=00100005&order_time=2020-09-19 HTTP/1.1" 200 408
116.238.216.197 - - [19/Sep/2020:10:41:15 +0800] "GET /xingrg/all/function/internal_message.html?_=1600483483278&CODE_STATE=getMsg HTTP/1.1" 200 27
114.88.166.242 - - [19/Sep/2020:10:41:16 +0800] "POST /xingrg/dwr/call/plaincall/AjaxReportQueryService.getFixDate.dwr HTTP/1.1" 200 111
114.88.166.242 - - [19/Sep/2020:10:41:18 +0800] "POST /xingrg/dwr/call/plaincall/AjaxReportQueryService.refreshCache.dwr HTTP/1.1" 200 78
114.88.166.242 - - [19/Sep/2020:10:41:19 +0800] "POST /xingrg/all/report/load_report_page.html HTTP/1.1" 200 113388
114.88.166.242 - - [19/Sep/2020:10:41:19 +0800] "GET /xingrg/servlets/image?cache=0.7078010864006158&image=px HTTP/1.1" 200 807
116.232.52.72 - - [19/Sep/2020:10:41:22 +0800] "GET /xingrg/kc/buy/cgsh_order_operate.html?command=get_materiel&rest_code=00109&code=00101008144&supplier_code=00100005&order_time=2020-09-19 HTTP/1.1" 200 412
180.157.253.48 - - [19/Sep/2020:10:41:22 +0800] "GET /xingrg/kc/buy/cgsh_order_operate.html?command=get_materiel&rest_code=00148&code=00101008264&supplier_code=00100007&order_time=2020-09-19 HTTP/1.1" 200 412
114.88.166.242 - - [19/Sep/2020:10:41:22 +0800] "GET /xingrg/kc/buy/cgsh_order_operate.html?command=get_materiel&rest_code=00111&code=00101007122&supplier_code=00100323&order_time=2020-09-19 HTTP/1.1" 200 435
180.157.253.48 - - [19/Sep/2020:10:41:24 +0800] "POST /xingrg/kc/buy/cgsh_order_operate.html HTTP/1.1" 200 2065
172.17.0.100 - - [19/Sep/2020:10:41:24 +0800] "POST /xingrg/dwr/call/plaincall/AjaxYddbService.checkOrder.dwr HTTP/1.1" 200 78
172.17.0.100 - - [19/Sep/2020:10:41:25 +0800] "GET /xingrg/kc/base/yddb_order_info.html?code=482020091900179 HTTP/1.1" 200 29204
172.17.0.100 - - [19/Sep/2020:10:41:25 +0800] "GET /xingrg/dwr/engine.js HTTP/1.1" 200 43631
172.17.0.100 - - [19/Sep/2020:10:41:25 +0800] "GET /xingrg/dwr/interface/AjaxComOrderService.js HTTP/1.1" 200 18264
172.17.0.100 - - [19/Sep/2020:10:41:25 +0800] "GET /xingrg/dwr/interface/AjaxYddbService.js HTTP/1.1" 200 13201
172.17.0.100 - - [19/Sep/2020:10:41:25 +0800] "POST /xingrg/dwr/call/plaincall/AjaxYddbService.loadMaterielItems.dwr HTTP/1.1" 200 399
117.131.5.26 - - [19/Sep/2020:10:41:26 +0800] "GET /xingrg/all/function/internal_message.html?_=1600483302988&CODE_STATE=getMsg HTTP/1.1" 200 27
172.17.0.100 - - [19/Sep/2020:10:41:27 +0800] "GET /xingrg/kc/base/yddb_order_report.html?fileType=servlets/html&code=482020091900179&reportName=ck_order_report&subName=yddb HTTP/1.1" 302 -
172.17.0.100 - - [19/Sep/2020:10:41:27 +0800] "GET /xingrg/servlets/html?sysBaseUrl=http%3A%2F%2F172.17.0.8%3A18081%2Fxingrg%2F&costTime=70×tamp=1600483287411 HTTP/1.1" 200 14762
172.17.0.100 - - [19/Sep/2020:10:41:27 +0800] "GET /xingrg/servlets/image?image=px HTTP/1.1" 200 807
172.17.0.100 - - [19/Sep/2020:10:41:27 +0800] "GET /favicon.ico HTTP/1.1" 404 -
116.232.52.72 - - [19/Sep/2020:10:41:27 +0800] "GET /xingrg/kc/buy/cgsh_order_operate.html?command=get_materiel&rest_code=00109&code=00101008270&supplier_code=00100005&order_time=2020-09-19 HTTP/1.1" 200 412
114.88.166.242 - - [19/Sep/2020:10:41:30 +0800] "GET /xingrg/check_reg.html?_=1600483355680 HTTP/1.1" 200 22
114.88.166.242 - - [19/Sep/2020:10:41:30 +0800] "GET /xingrg/all/function/internal_message.html?_=1600483355679&CODE_STATE=getMsg HTTP/1.1" 200 27
180.157.253.48 - - [19/Sep/2020:10:41:31 +0800] "GET /xingrg/kc/buy/cgsh_order_operate.html?command=get_materiel&rest_code=00148&code=00101008300&supplier_code=00100007&order_time=2020-09-19 HTTP/1.1" 200 412
116.232.52.72 - - [19/Sep/2020:10:41:31 +0800] "GET /xingrg/javascript/auto/indicator.gif HTTP/1.1" 404 1066
116.232.53.181 - - [19/Sep/2020:10:41:31 +0800] "GET /xingrg/all/function/internal_message.html?_=1600483295561&CODE_STATE=getMsg HTTP/1.1" 200 27
117.185.32.26 - - [19/Sep/2020:10:41:31 +0800] "GET /xingrg/all/function/internal_message.html?_=1600483285683&CODE_STATE=getMsg HTTP/1.1" 200 27
172.17.0.100 - - [19/Sep/2020:10:41:32 +0800] "GET /xingrg/check_reg.html?_=1600483287459 HTTP/1.1" 200 22
172.17.0.100 - - [19/Sep/2020:10:41:32 +0800] "GET /xingrg/all/function/internal_message.html?_=1600483287461&CODE_STATE=getMsg HTTP/1.1" 200 27
116.232.52.72 - - [19/Sep/2020:10:41:34 +0800] "GET /xingrg/kc/buy/cgsh_order_operate.html?command=get_materiel&rest_code=00109&code=00101008298&supplier_code=00100005&order_time=2020-09-19 HTTP/1.1" 200 431
172.17.0.100 - - [19/Sep/2020:10:41:37 +0800] "GET /xingrg/kc/base/yddb_order_list.html?isBack=1 HTTP/1.1" 200 16888
172.17.0.100 - - [19/Sep/2020:10:41:37 +0800] "POST /xingrg/kc/base/yddb_list_operate.html HTTP/1.1" 200 636
172.17.0.100 - - [19/Sep/2020:10:41:38 +0800] "GET /xingrg/kc/buy/cgsh_order_list.html HTTP/1.1" 200 43988
116.238.71.173 - - [19/Sep/2020:10:41:39 +0800] "GET /xingrg/all/function/internal_message.html?_=1600483416251&CODE_STATE=getMsg HTTP/1.1" 200 27
114.88.166.242 - - [19/Sep/2020:10:41:40 +0800] "POST /xingrg/dwr/call/plaincall/AjaxReportQueryService.queryInitializeString.dwr HTTP/1.1" 200 189
172.17.0.100 - - [19/Sep/2020:10:41:40 +0800] "POST /xingrg/kc/buy/cgsh_list_operate.html HTTP/1.1" 200 3483
116.232.52.72 - - [19/Sep/2020:10:41:41 +0800] "GET /xingrg/kc/buy/cgsh_order_operate.html?command=get_materiel&rest_code=00109&code=00101008239&supplier_code=00100005&order_time=2020-09-19 HTTP/1.1" 200 416
114.88.166.242 - - [19/Sep/2020:10:41:41 +0800] "POST /xingrg/dwr/call/plaincall/AjaxReportQueryService.refreshCache.dwr HTTP/1.1" 200 78
114.88.166.242 - - [19/Sep/2020:10:41:42 +0800] "POST /xingrg/all/report/load_report_page.html HTTP/1.1" 200 113193
114.88.166.242 - - [19/Sep/2020:10:41:42 +0800] "GET /xingrg/servlets/image?cache=0.0343717780857945&image=px HTTP/1.1" 200 807
172.17.0.100 - - [19/Sep/2020:10:41:42 +0800] "POST /xingrg/kc/buy/cgsh_list_operate.html HTTP/1.1" 200 568
172.17.0.100 - - [19/Sep/2020:10:41:43 +0800] "GET /xingrg/kc/buy/cgsh_order_info.html?code=212020091908079 HTTP/1.1" 200 59682
172.17.0.100 - - [19/Sep/2020:10:41:44 +0800] "GET /xingrg/javascript/easyui/themes/default/validatebox.css HTTP/1.1" 404 1104
172.17.0.100 - - [19/Sep/2020:10:41:44 +0800] "POST /xingrg/kc/buy/cgsh_order_operate.html HTTP/1.1" 200 31026
180.157.253.48 - - [19/Sep/2020:10:41:45 +0800] "GET /xingrg/all/function/internal_message.html?_=1600483313574&CODE_STATE=getMsg HTTP/1.1" 200 27
116.232.52.72 - - [19/Sep/2020:10:41:48 +0800] "GET /xingrg/kc/buy/cgsh_order_operate.html?command=get_materiel&rest_code=00109&code=00101008156&supplier_code=00100005&order_time=2020-09-19 HTTP/1.1" 200 414
114.88.166.242 - - [19/Sep/2020:10:41:48 +0800] "GET /xingrg/kc/buy/cgsh_order_operate.html?command=get_materiel&rest_code=00111&code=00101004017&supplier_code=00100323&order_time=2020-09-19 HTTP/1.1" 200 413
58.37.9.106 - - [19/Sep/2020:10:41:52 +0800] "GET /xingrg/all/function/internal_message.html?_=1600483299728&CODE_STATE=getMsg HTTP/1.1" 200 27
114.88.166.242 - - [19/Sep/2020:10:41:54 +0800] "GET /xingrg/all/function/internal_message.html?_=1600483307605&CODE_STATE=getMsg HTTP/1.1" 200 27
120.253.135.82 - - [19/Sep/2020:10:41:55 +0800] "GET /xingrg/all/function/internal_message.html?_=1600483061035&CODE_STATE=getMsg HTTP/1.1" 200 27
222.69.133.240 - - [19/Sep/2020:10:41:55 +0800] "GET /xingrg/all/function/internal_message.html?_=1600483304753&CODE_STATE=getMsg HTTP/1.1" 200 27
116.232.52.72 - - [19/Sep/2020:10:41:55 +0800] "GET /xingrg/kc/buy/cgsh_order_operate.html?command=get_materiel&rest_code=00109&code=00101008080&supplier_code=00100005&order_time=2020-09-19 HTTP/1.1" 200 416
180.157.253.48 - - [19/Sep/2020:10:41:56 +0800] "GET /xingrg/kc/buy/cgsh_order_operate.html?command=get_materiel&rest_code=00148&code=00101008330&supplier_code=00100007&order_time=2020-09-19 HTTP/1.1" 200 409
180.162.245.190 - - [19/Sep/2020:10:41:57 +0800] "GET /xingrg/all/function/internal_message.html?_=1600483316745&CODE_STATE=getMsg HTTP/1.1" 200 27
120.253.135.82 - - [19/Sep/2020:10:41:59 +0800] "GET /xingrg/all/function/internal_message.html?_=1600483358458&CODE_STATE=getMsg HTTP/1.1" 200 27
116.232.52.72 - - [19/Sep/2020:10:42:01 +0800] "GET /xingrg/kc/buy/cgsh_order_operate.html?command=get_materiel&rest_code=00109&code=00101008354&supplier_code=00100005&order_time=2020-09-19 HTTP/1.1" 200 412
172.17.0.108 - - [19/Sep/2020:10:42:02 +0800] "GET /xingrg/all/function/internal_message.html?_=1600483318352&CODE_STATE=getMsg HTTP/1.1" 200 27
180.157.253.48 - - [19/Sep/2020:10:42:02 +0800] "GET /xingrg/kc/buy/cgsh_order_operate.html?command=get_materiel&rest_code=00148&code=00101008286&supplier_code=00100007&order_time=2020-09-19 HTTP/1.1" 200 408
58.40.7.146 - - [19/Sep/2020:10:42:03 +0800] "GET /xingrg/check_reg.html?_=1600483320420 HTTP/1.1" 200 22
58.40.7.146 - - [19/Sep/2020:10:42:03 +0800] "GET /xingrg/all/function/internal_message.html?_=1600483320421&CODE_STATE=getMsg HTTP/1.1" 200 27
218.81.217.115 - - [19/Sep/2020:10:42:03 +0800] "GET /xingrg/all/function/internal_message.html?_=1600483337621&CODE_STATE=getMsg HTTP/1.1" 200 27
114.88.166.242 - - [19/Sep/2020:10:42:06 +0800] "POST /xingrg/kc/buy/cgsh_order_operate.html HTTP/1.1" 200 37
114.88.166.242 - - [19/Sep/2020:10:42:07 +0800] "POST /xingrg/kc/buy/cgsh_order_operate.html HTTP/1.1" 200 3278
180.157.253.48 - - [19/Sep/2020:10:42:07 +0800] "GET /xingrg/kc/buy/cgsh_order_operate.html?command=get_materiel&rest_code=00148&code=00101008296&supplier_code=00100007&order_time=2020-09-19 HTTP/1.1" 200 435
116.232.52.72 - - [19/Sep/2020:10:42:07 +0800] "GET /xingrg/kc/buy/cgsh_order_operate.html?command=get_materiel&rest_code=00109&code=00101008351&supplier_code=00100005&order_time=2020-09-19 HTTP/1.1" 200 408
114.88.166.242 - - [19/Sep/2020:10:42:08 +0800] "GET /xingrg/kc/print/report_design.html?orderType=cgsh HTTP/1.1" 200 8625
114.88.166.242 - - [19/Sep/2020:10:42:08 +0800] "GET /xingrg/kc/print/design_operate.html?_=1600483393846&command=load_config&code=cgsh HTTP/1.1" 200 2747
114.88.166.242 - - [19/Sep/2020:10:42:08 +0800] "GET /favicon.ico HTTP/1.1" 404 -
116.232.52.72 - - [19/Sep/2020:10:42:10 +0800] "GET /xingrg/all/function/internal_message.html?_=1600483356971&CODE_STATE=getMsg HTTP/1.1" 200 27
114.88.166.242 - - [19/Sep/2020:10:42:11 +0800] "GET /xingrg/kc/print/load_data.html?order_code=212020091908095&kc_code=cgsh&condition= HTTP/1.1" 200 931
116.238.216.197 - - [19/Sep/2020:10:42:14 +0800] "GET /xingrg/check_reg.html?_=1600483541942 HTTP/1.1" 200 22
116.232.52.72 - - [19/Sep/2020:10:42:14 +0800] "GET /xingrg/kc/buy/cgsh_order_operate.html?command=get_materiel&rest_code=00109&code=00101008110&supplier_code=00100005&order_time=2020-09-19 HTTP/1.1" 200 408
114.88.166.242 - - [19/Sep/2020:10:42:15 +0800] "GET /xingrg/kc/buy/cgsh_order_add.html HTTP/1.1" 200 59740
116.238.216.197 - - [19/Sep/2020:10:42:15 +0800] "GET /xingrg/all/function/internal_message.html?_=1600483543293&CODE_STATE=getMsg HTTP/1.1" 200 27
114.88.166.242 - - [19/Sep/2020:10:42:15 +0800] "POST /xingrg/kc/buy/cgsh_order_operate.html HTTP/1.1" 200 8245
114.88.166.242 - - [19/Sep/2020:10:42:16 +0800] "GET /xingrg/javascript/easyui/themes/default/validatebox.css HTTP/1.1" 404 1104
180.157.253.48 - - [19/Sep/2020:10:42:16 +0800] "GET /xingrg/kc/buy/cgsh_order_operate.html?command=get_materiel&rest_code=00148&code=00101008188&supplier_code=00100007&order_time=2020-09-19 HTTP/1.1" 200 412
180.157.253.48 - - [19/Sep/2020:10:42:18 +0800] "POST /xingrg/kc/buy/cgsh_order_operate.html HTTP/1.1" 200 2065
180.157.253.48 - - [19/Sep/2020:10:42:18 +0800] "POST /xingrg/services/DataTransmitService HTTP/1.1" 200 524
116.232.52.72 - - [19/Sep/2020:10:42:20 +0800] "GET /xingrg/kc/buy/cgsh_order_operate.html?command=get_materiel&rest_code=00109&code=00101008096&supplier_code=00100005&order_time=2020-09-19 HTTP/1.1" 200 412
180.157.253.48 - - [19/Sep/2020:10:42:21 +0800] "POST /xingrg/services/DataTransmitService HTTP/1.1" 200 501
180.157.253.48 - - [19/Sep/2020:10:42:22 +0800] "GET /xingrg/kc/buy/cgsh_order_operate.html?command=get_materiel&rest_code=00148&code=00101008185&supplier_code=00100007&order_time=2020-09-19 HTTP/1.1" 200 408
180.157.253.48 - - [19/Sep/2020:10:42:22 +0800] "POST /xingrg/services/DataTransmitService HTTP/1.1" 200 524
114.88.166.242 - - [19/Sep/2020:10:42:22 +0800] "GET /xingrg/kc/buy/cgsh_order_operate.html?command=get_materiel&rest_code=00111&code=00101007144&supplier_code=00100322&order_time=2020-09-19 HTTP/1.1" 200 428
180.157.253.48 - - [19/Sep/2020:10:42:23 +0800] "POST /xingrg/services/DataTransmitService HTTP/1.1" 200 501
114.88.166.242 - - [19/Sep/2020:10:42:23 +0800] "POST /xingrg/all/report/load_report_page.html HTTP/1.1" 200 29521
114.88.166.242 - - [19/Sep/2020:10:42:23 +0800] "GET /xingrg/servlets/image?cache=0.32300092600946306&image=px HTTP/1.1" 200 807
180.157.253.48 - - [19/Sep/2020:10:42:23 +0800] "POST /xingrg/services/DataTransmitService HTTP/1.1" 200 501
180.157.253.48 - - [19/Sep/2020:10:42:24 +0800] "POST /xingrg/services/DataTransmitService HTTP/1.1" 200 501
116.232.52.72 - - [19/Sep/2020:10:42:25 +0800] "GET /xingrg/kc/buy/cgsh_order_operate.html?command=get_materiel&rest_code=00109&code=00101008355&supplier_code=00100005&order_time=2020-09-19 HTTP/1.1" 200 408
114.88.166.242 - - [19/Sep/2020:10:42:25 +0800] "GET /xingrg/javascript/jquery_easy_ui/themes/default/images/button_plain_hover.png HTTP/1.1" 304 -
117.131.5.26 - - [19/Sep/2020:10:42:26 +0800] "GET /xingrg/all/function/internal_message.html?_=1600483362986&CODE_STATE=getMsg HTTP/1.1" 200 27
180.157.253.48 - - [19/Sep/2020:10:42:26 +0800] "POST /xingrg/services/DataTransmitService HTTP/1.1" 200 501
180.157.253.48 - - [19/Sep/2020:10:42:27 +0800] "POST /xingrg/services/DataTransmitService HTTP/1.1" 200 501
180.157.253.48 - - [19/Sep/2020:10:42:27 +0800] "POST /xingrg/services/DataTransmitService HTTP/1.1" 200 501
114.88.166.242 - - [19/Sep/2020:10:42:27 +0800] "POST /xingrg/kc/buy/cgsh_order_operate.html HTTP/1.1" 200 37
180.157.253.48 - - [19/Sep/2020:10:42:27 +0800] "POST /xingrg/services/DataTransmitService HTTP/1.1" 200 501
180.157.253.48 - - [19/Sep/2020:10:42:27 +0800] "POST /xingrg/services/DataTransmitService HTTP/1.1" 200 501
180.157.253.48 - - [19/Sep/2020:10:42:27 +0800] "POST /xingrg/services/DataTransmitService HTTP/1.1" 200 501
114.88.166.242 - - [19/Sep/2020:10:42:28 +0800] "POST /xingrg/kc/buy/cgsh_order_operate.html HTTP/1.1" 200 2679
114.88.166.242 - - [19/Sep/2020:10:42:28 +0800] "GET /xingrg/kc/print/load_data.html?order_code=212020091908096&kc_code=cgsh&condition= HTTP/1.1" 200 682
180.157.253.48 - - [19/Sep/2020:10:42:29 +0800] "GET /xingrg/kc/buy/cgsh_order_operate.html?command=get_materiel&rest_code=00148&code=00101008155&supplier_code=00100007&order_time=2020-09-19 HTTP/1.1" 200 427
180.157.253.48 - - [19/Sep/2020:10:42:30 +0800] "POST /xingrg/services/DataTransmitService HTTP/1.1" 200 412
180.157.253.48 - - [19/Sep/2020:10:42:30 +0800] "POST /xingrg/services/DataTransmitService HTTP/1.1" 200 524
114.88.166.242 - - [19/Sep/2020:10:42:30 +0800] "GET /xingrg/all/function/internal_message.html?_=1600483415680&CODE_STATE=getMsg HTTP/1.1" 200 27
180.157.253.48 - - [19/Sep/2020:10:42:31 +0800] "POST /xingrg/services/DataTransmitService HTTP/1.1" 200 524
116.232.53.181 - - [19/Sep/2020:10:42:31 +0800] "GET /xingrg/all/function/internal_message.html?_=1600483355556&CODE_STATE=getMsg HTTP/1.1" 200 27
180.157.253.48 - - [19/Sep/2020:10:42:31 +0800] "POST /xingrg/services/DataTransmitService HTTP/1.1" 200 524
117.185.32.26 - - [19/Sep/2020:10:42:31 +0800] "GET /xingrg/all/function/internal_message.html?_=1600483345686&CODE_STATE=getMsg HTTP/1.1" 200 27
180.157.253.48 - - [19/Sep/2020:10:42:32 +0800] "POST /xingrg/services/DataTransmitService HTTP/1.1" 200 524
172.17.0.100 - - [19/Sep/2020:10:42:32 +0800] "GET /xingrg/all/function/internal_message.html?_=1600483347450&CODE_STATE=getMsg HTTP/1.1" 200 27
180.157.253.48 - - [19/Sep/2020:10:42:32 +0800] "POST /xingrg/services/DataTransmitService HTTP/1.1" 200 524
114.88.166.242 - - [19/Sep/2020:10:42:33 +0800] "GET /xingrg/kc/buy/cgsh_order_add.html HTTP/1.1" 200 59740
114.88.166.242 - - [19/Sep/2020:10:42:33 +0800] "POST /xingrg/kc/buy/cgsh_order_operate.html HTTP/1.1" 200 8245
114.88.166.242 - - [19/Sep/2020:10:42:33 +0800] "GET /xingrg/javascript/easyui/themes/default/validatebox.css HTTP/1.1" 404 1104
116.232.52.72 - - [19/Sep/2020:10:42:33 +0800] "POST /xingrg/kc/buy/cgsh_order_operate.html HTTP/1.1" 200 37
183.192.164.214 - - [19/Sep/2020:10:42:38 +0800] "GET /xingrg/all/function/internal_message.html?_=1600482625683&CODE_STATE=getMsg HTTP/1.1" 302 -
116.238.71.173 - - [19/Sep/2020:10:42:39 +0800] "GET /xingrg/all/function/internal_message.html?_=1600483476292&CODE_STATE=getMsg HTTP/1.1" 200 27
180.157.253.48 - - [19/Sep/2020:10:42:43 +0800] "GET /xingrg/kc/buy/cgsh_order_operate.html?command=get_materiel&rest_code=00148&code=00101012067&supplier_code=00100007&order_time=2020-09-19 HTTP/1.1" 200 424
180.157.253.48 - - [19/Sep/2020:10:42:45 +0800] "GET /xingrg/all/function/internal_message.html?_=1600483373584&CODE_STATE=getMsg HTTP/1.1" 200 27
183.192.164.214 - - [19/Sep/2020:10:42:46 +0800] "GET /xingrg/login.html HTTP/1.1" 200 7641
58.37.9.106 - - [19/Sep/2020:10:42:52 +0800] "GET /xingrg/all/function/internal_message.html?_=1600483359708&CODE_STATE=getMsg HTTP/1.1" 200 27
114.88.166.242 - - [19/Sep/2020:10:42:54 +0800] "GET /xingrg/all/function/internal_message.html?_=1600483367600&CODE_STATE=getMsg HTTP/1.1" 200 27
114.88.166.242 - - [19/Sep/2020:10:42:55 +0800] "GET /xingrg/kc/buy/cgsh_order_operate.html?command=get_materiel&rest_code=00111&code=00101006166&supplier_code=00100344&order_time=2020-09-19 HTTP/1.1" 200 423
120.253.135.82 - - [19/Sep/2020:10:42:55 +0800] "GET /xingrg/all/function/internal_message.html?_=1600483121110&CODE_STATE=getMsg HTTP/1.1" 200 27
180.157.253.48 - - [19/Sep/2020:10:42:55 +0800] "GET /xingrg/kc/buy/cgsh_order_operate.html?command=get_materiel&rest_code=00148&code=00101008209&supplier_code=00100007&order_time=2020-09-19 HTTP/1.1" 200 409
222.69.133.240 - - [19/Sep/2020:10:42:55 +0800] "GET /xingrg/all/function/internal_message.html?_=1600483364742&CODE_STATE=getMsg HTTP/1.1" 200 27
222.69.133.240 - - [19/Sep/2020:10:42:56 +0800] "GET /xingrg/kc/buy/cgsh_order_add.html HTTP/1.1" 200 59793
222.69.133.240 - - [19/Sep/2020:10:42:56 +0800] "GET /xingrg/words/20200918132943_words.js HTTP/1.1" 304 -
222.69.133.240 - - [19/Sep/2020:10:42:56 +0800] "POST /xingrg/kc/buy/cgsh_order_operate.html HTTP/1.1" 200 8245
222.69.133.240 - - [19/Sep/2020:10:42:56 +0800] "GET /xingrg/javascript/easyui/themes/default/validatebox.css HTTP/1.1" 404 1104
180.162.245.190 - - [19/Sep/2020:10:42:57 +0800] "GET /xingrg/all/function/internal_message.html?_=1600483376744&CODE_STATE=getMsg HTTP/1.1" 200 27
116.232.52.72 - - [19/Sep/2020:10:42:57 +0800] "POST /xingrg/kc/buy/cgsh_order_operate.html HTTP/1.1" 200 10367
120.253.135.82 - - [19/Sep/2020:10:42:59 +0800] "GET /xingrg/all/function/internal_message.html?_=1600483418473&CODE_STATE=getMsg HTTP/1.1" 200 27
180.157.253.48 - - [19/Sep/2020:10:43:01 +0800] "GET /xingrg/kc/buy/cgsh_order_operate.html?command=get_materiel&rest_code=00148&code=00101010234&supplier_code=00100007&order_time=2020-09-19 HTTP/1.1" 200 412
172.17.0.108 - - [19/Sep/2020:10:43:02 +0800] "GET /xingrg/all/function/internal_message.html?_=1600483378378&CODE_STATE=getMsg HTTP/1.1" 200 27
58.40.7.146 - - [19/Sep/2020:10:43:03 +0800] "GET /xingrg/all/function/internal_message.html?_=1600483380407&CODE_STATE=getMsg HTTP/1.1" 200 27
218.81.217.115 - - [19/Sep/2020:10:43:04 +0800] "GET /xingrg/all/function/internal_message.html?_=1600483398079&CODE_STATE=getMsg HTTP/1.1" 200 27
180.157.253.48 - - [19/Sep/2020:10:43:06 +0800] "GET /xingrg/kc/buy/cgsh_order_operate.html?command=get_materiel&rest_code=00148&code=00101008300&supplier_code=00100007&order_time=2020-09-19 HTTP/1.1" 200 412
180.157.253.48 - - [19/Sep/2020:10:43:11 +0800] "POST /xingrg/kc/buy/cgsh_order_operate.html HTTP/1.1" 200 2065
222.69.133.240 - - [19/Sep/2020:10:43:13 +0800] "GET /xingrg/kc/buy/cgsh_order_operate.html?command=get_materiel&rest_code=00149&code=00102003045&supplier_code=00100151&order_time=2020-09-19 HTTP/1.1" 200 412
114.88.166.242 - - [19/Sep/2020:10:43:14 +0800] "GET /xingrg/kc/buy/cgsh_order_operate.html?command=get_materiel&rest_code=00111&code=00101006160&supplier_code=00100344&order_time=2020-09-19 HTTP/1.1" 200 415
116.238.216.197 - - [19/Sep/2020:10:43:15 +0800] "GET /xingrg/all/function/internal_message.html?_=1600483603305&CODE_STATE=getMsg HTTP/1.1" 200 27
116.232.52.72 - - [19/Sep/2020:10:43:16 +0800] "POST /xingrg/kc/buy/cgsh_order_operate.html HTTP/1.1" 200 37
116.232.52.72 - - [19/Sep/2020:10:43:17 +0800] "POST /xingrg/kc/buy/cgsh_order_operate.html HTTP/1.1" 200 10367
180.157.253.48 - - [19/Sep/2020:10:43:18 +0800] "GET /xingrg/kc/buy/cgsh_order_operate.html?command=get_materiel&rest_code=00148&code=00101008098&supplier_code=00100007&order_time=2020-09-19 HTTP/1.1" 200 412
114.88.166.242 - - [19/Sep/2020:10:43:21 +0800] "GET /xingrg/kc/buy/cgsh_order_operate.html?command=get_materiel&rest_code=00111&code=00101006153&supplier_code=00100344&order_time=2020-09-19 HTTP/1.1" 200 415
117.131.5.26 - - [19/Sep/2020:10:43:26 +0800] "GET /xingrg/all/function/internal_message.html?_=1600483422984&CODE_STATE=getMsg HTTP/1.1" 200 27
218.81.217.115 - - [19/Sep/2020:10:43:27 +0800] "GET /xingrg/check_reg.html?_=1600483421159 HTTP/1.1" 200 22
116.232.52.72 - - [19/Sep/2020:10:43:29 +0800] "GET /xingrg/kc/buy/cgsh_order_operate.html?command=get_materiel&rest_code=00109&code=00101008024&supplier_code=00100005&order_time=2020-09-19 HTTP/1.1" 200 408
58.37.9.106 - - [19/Sep/2020:10:43:31 +0800] "GET /xingrg/kc/buy/buy_main.html HTTP/1.1" 200 12412
58.37.9.106 - - [19/Sep/2020:10:43:31 +0800] "GET /xingrg/css/new_ie.css HTTP/1.1" 404 1036
58.37.9.106 - - [19/Sep/2020:10:43:31 +0800] "GET /xingrg/javascript/pic_change.js HTTP/1.1" 200 4739
58.37.9.106 - - [19/Sep/2020:10:43:31 +0800] "GET /xingrg/javascript/ToolTips.js HTTP/1.1" 200 5615
58.37.9.106 - - [19/Sep/2020:10:43:31 +0800] "GET /xingrg/javascript/jquery-1.4.2.min.js HTTP/1.1" 200 72205
58.37.9.106 - - [19/Sep/2020:10:43:31 +0800] "GET /xingrg/javascript/jquery_ui/jquery-ui.min.js HTTP/1.1" 200 186181
58.37.9.106 - - [19/Sep/2020:10:43:31 +0800] "GET /xingrg/javascript/jquery.utils.js HTTP/1.1" 200 11805
58.37.9.106 - - [19/Sep/2020:10:43:31 +0800] "GET /xingrg/css/blue.css HTTP/1.1" 200 15949
58.37.9.106 - - [19/Sep/2020:10:43:31 +0800] "GET /xingrg/javascript/jquery_easy_ui/themes/icon.css HTTP/1.1" 200 3949
58.37.9.106 - - [19/Sep/2020:10:43:31 +0800] "GET /xingrg/javascript/myfunction.js HTTP/1.1" 200 24559
58.37.9.106 - - [19/Sep/2020:10:43:31 +0800] "GET /xingrg/javascript/jquery_ui/themes/humanity/humanity.css HTTP/1.1" 200 27801
58.37.9.106 - - [19/Sep/2020:10:43:31 +0800] "GET /xingrg/javascript/jquery_easy_ui/themes/default/easyui.css HTTP/1.1" 200 26500
114.88.166.242 - - [19/Sep/2020:10:43:31 +0800] "POST /xingrg/kc/buy/cgsh_order_operate.html HTTP/1.1" 200 37
116.232.53.181 - - [19/Sep/2020:10:43:31 +0800] "GET /xingrg/all/function/internal_message.html?_=1600483415557&CODE_STATE=getMsg HTTP/1.1" 200 27
117.185.32.26 - - [19/Sep/2020:10:43:31 +0800] "GET /xingrg/all/function/internal_message.html?_=1600483405684&CODE_STATE=getMsg HTTP/1.1" 200 27
58.37.9.106 - - [19/Sep/2020:10:43:32 +0800] "GET /xingrg/css/site.css HTTP/1.1" 200 7541
58.37.9.106 - - [19/Sep/2020:10:43:32 +0800] "GET /xingrg/css/base.css HTTP/1.1" 200 2811
58.37.9.106 - - [19/Sep/2020:10:43:32 +0800] "GET /xingrg/javascript/jquery_tools/datebox.css HTTP/1.1" 200 2597
58.37.9.106 - - [19/Sep/2020:10:43:32 +0800] "GET /xingrg/javascript/easyui/themes/icon.css HTTP/1.1" 200 4483
58.37.9.106 - - [19/Sep/2020:10:43:32 +0800] "GET /xingrg/javascript/auto/jquery.autocomplete.css HTTP/1.1" 200 587
58.37.9.106 - - [19/Sep/2020:10:43:32 +0800] "GET /xingrg/javascript/jquery_tools/fix.css HTTP/1.1" 200 1702
58.37.9.106 - - [19/Sep/2020:10:43:32 +0800] "GET /xingrg/javascript/jquery_tools/jquery.tools.min.js HTTP/1.1" 200 138801
58.37.9.106 - - [19/Sep/2020:10:43:32 +0800] "GET /xingrg/javascript/jquery_tools/table.css HTTP/1.1" 200 1032
58.37.9.106 - - [19/Sep/2020:10:43:32 +0800] "GET /xingrg/javascript/jquery_tools/jquery.tools.table.js HTTP/1.1" 200 6994
172.17.0.100 - - [19/Sep/2020:10:43:32 +0800] "GET /xingrg/all/function/internal_message.html?_=1600483407454&CODE_STATE=getMsg HTTP/1.1" 200 27
58.37.9.106 - - [19/Sep/2020:10:43:32 +0800] "GET /xingrg/javascript/jquery_tools/list_manager.js HTTP/1.1" 200 3652
58.37.9.106 - - [19/Sep/2020:10:43:32 +0800] "GET /xingrg/kc/buy/cgsh_order_list.html HTTP/1.1" 200 44008
58.37.9.106 - - [19/Sep/2020:10:43:32 +0800] "GET /xingrg/javascript/jquery_tools/jquery.tools.hotkey.js HTTP/1.1" 200 3242
58.37.9.106 - - [19/Sep/2020:10:43:32 +0800] "GET /xingrg/javascript/jquery.cookie.js HTTP/1.1" 200 5513
58.37.9.106 - - [19/Sep/2020:10:43:32 +0800] "GET /xingrg/javascript/print/LodopFuncs.js HTTP/1.1" 200 5121
58.37.9.106 - - [19/Sep/2020:10:43:32 +0800] "GET /xingrg/javascript/easyui/easyloader.js HTTP/1.1" 200 5975
58.37.9.106 - - [19/Sep/2020:10:43:32 +0800] "GET /xingrg/javascript/easyui/themes/default/easyui.css HTTP/1.1" 200 30432
58.37.9.106 - - [19/Sep/2020:10:43:32 +0800] "GET /xingrg/javascript/jquery_tools/jquery.tools.extend.js HTTP/1.1" 200 15385
58.37.9.106 - - [19/Sep/2020:10:43:32 +0800] "GET /xingrg/javascript/auto/jquery.autocomplete.js HTTP/1.1" 200 21624
114.88.166.242 - - [19/Sep/2020:10:43:32 +0800] "POST /xingrg/kc/buy/cgsh_order_operate.html HTTP/1.1" 200 3855
58.37.9.106 - - [19/Sep/2020:10:43:32 +0800] "GET /xingrg/javascript/easyui/plugins/jquery.parser.js HTTP/1.1" 200 1142
58.37.9.106 - - [19/Sep/2020:10:43:33 +0800] "POST /xingrg/kc/buy/cgsh_list_operate.html HTTP/1.1" 200 876
114.88.166.242 - - [19/Sep/2020:10:43:33 +0800] "GET /xingrg/kc/print/load_data.html?order_code=212020091908098&kc_code=cgsh&condition= HTTP/1.1" 200 1148
58.37.9.106 - - [19/Sep/2020:10:43:34 +0800] "GET /xingrg/javascript/convert.js HTTP/1.1" 200 1239
58.37.9.106 - - [19/Sep/2020:10:43:34 +0800] "GET /xingrg/javascript/jquery_tools/order_manager.js HTTP/1.1" 200 11183
58.37.9.106 - - [19/Sep/2020:10:43:34 +0800] "GET /xingrg/javascript/json2.js HTTP/1.1" 200 11259
58.37.9.106 - - [19/Sep/2020:10:43:34 +0800] "GET /xingrg/javascript/print/kc_print.js HTTP/1.1" 200 11415
58.37.9.106 - - [19/Sep/2020:10:43:34 +0800] "GET /xingrg/kc/buy/cgsh_order_add.html HTTP/1.1" 200 59746
58.37.9.106 - - [19/Sep/2020:10:43:34 +0800] "GET /xingrg/words/20200918132943_words.js HTTP/1.1" 200 763812
58.37.9.106 - - [19/Sep/2020:10:43:35 +0800] "POST /xingrg/kc/buy/cgsh_order_operate.html HTTP/1.1" 200 8245
58.37.9.106 - - [19/Sep/2020:10:43:35 +0800] "GET /xingrg/all/common/auto_word.html?type=employee&rest_code=00141 HTTP/1.1" 200 201
58.37.9.106 - - [19/Sep/2020:10:43:36 +0800] "GET /xingrg/javascript/easyui/themes/default/validatebox.css HTTP/1.1" 404 1104
58.37.9.106 - - [19/Sep/2020:10:43:36 +0800] "GET /xingrg/javascript/easyui/plugins/jquery.validatebox.js HTTP/1.1" 200 6103
58.37.9.106 - - [19/Sep/2020:10:43:36 +0800] "GET /xingrg/all/common/auto_word.html?type=employee&rest_code=00141 HTTP/1.1" 200 201
58.37.9.106 - - [19/Sep/2020:10:43:36 +0800] "GET /xingrg/javascript/easyui/plugins/jquery.numberbox.js HTTP/1.1" 200 5213
116.232.52.72 - - [19/Sep/2020:10:43:36 +0800] "GET /xingrg/all/function/internal_message.html?_=1600483442699&CODE_STATE=getMsg HTTP/1.1" 200 27
180.157.253.48 - - [19/Sep/2020:10:43:37 +0800] "GET /xingrg/kc/buy/cgsh_order_operate.html?command=get_materiel&rest_code=00148&code=00101008005&supplier_code=00100007&order_time=2020-09-19 HTTP/1.1" 200 412
114.88.166.242 - - [19/Sep/2020:10:43:39 +0800] "GET /xingrg/kc/buy/cgsh_order_add.html HTTP/1.1" 200 59740
114.88.166.242 - - [19/Sep/2020:10:43:39 +0800] "GET /xingrg/javascript/easyui/themes/default/validatebox.css HTTP/1.1" 404 1104
114.88.166.242 - - [19/Sep/2020:10:43:39 +0800] "POST /xingrg/kc/buy/cgsh_order_operate.html HTTP/1.1" 200 8245
116.238.71.173 - - [19/Sep/2020:10:43:39 +0800] "GET /xingrg/all/function/internal_message.html?_=1600483536294&CODE_STATE=getMsg HTTP/1.1" 200 27
114.88.166.242 - - [19/Sep/2020:10:43:44 +0800] "POST /xingrg/services/DataTransmitService HTTP/1.1" 401 565
114.88.166.242 - - [19/Sep/2020:10:43:44 +0800] "POST /xingrg/services/DataTransmitService HTTP/1.1" 200 478
114.88.166.242 - - [19/Sep/2020:10:43:44 +0800] "POST /xingrg/services/DataTransmitService HTTP/1.1" 200 1320
114.88.166.242 - - [19/Sep/2020:10:43:44 +0800] "POST /xingrg/services/DataTransmitService HTTP/1.1" 200 478
114.88.166.242 - - [19/Sep/2020:10:43:44 +0800] "POST /xingrg/services/DataTransmitService HTTP/1.1" 200 1320
114.88.166.242 - - [19/Sep/2020:10:43:44 +0800] "POST /xingrg/services/DataTransmitService HTTP/1.1" 200 524
114.88.166.242 - - [19/Sep/2020:10:43:45 +0800] "POST /xingrg/services/DataTransmitService HTTP/1.1" 200 2191
114.88.166.242 - - [19/Sep/2020:10:43:45 +0800] "POST /xingrg/services/DataTransmitService HTTP/1.1" 200 1251
114.88.166.242 - - [19/Sep/2020:10:43:45 +0800] "POST /xingrg/services/DataTransmitService HTTP/1.1" 200 171964
172.17.0.100 - - [19/Sep/2020:10:43:45 +0800] "GET /xingrg/kc/buy/cgsh_order_operate.html?command=get_materiel&rest_code=00147&code=00101008024&supplier_code=00100007&order_time=2020-09-19 HTTP/1.1" 200 408
180.157.253.48 - - [19/Sep/2020:10:43:45 +0800] "GET /xingrg/all/function/internal_message.html?_=1600483433598&CODE_STATE=getMsg HTTP/1.1" 200 27
114.88.166.242 - - [19/Sep/2020:10:43:46 +0800] "GET /xingrg/kc/buy/cgsh_order_operate.html?command=get_materiel&rest_code=00111&code=00101010108&supplier_code=00100336&order_time=2020-09-19 HTTP/1.1" 200 421
116.232.52.72 - - [19/Sep/2020:10:43:46 +0800] "GET /xingrg/kc/buy/cgsh_order_operate.html?command=get_materiel&rest_code=00109&code=00101008301&supplier_code=00100005&order_time=2020-09-19 HTTP/1.1" 200 422
58.37.9.106 - - [19/Sep/2020:10:43:47 +0800] "GET /xingrg/javascript/jquery_tools/images/prev.gif HTTP/1.1" 404 1086
58.37.9.106 - - [19/Sep/2020:10:43:47 +0800] "GET /xingrg/javascript/jquery_tools/images/next.gif HTTP/1.1" 404 1086
58.37.9.106 - - [19/Sep/2020:10:43:52 +0800] "GET /xingrg/all/function/internal_message.html?_=1600483419697&CODE_STATE=getMsg HTTP/1.1" 200 27
114.88.166.242 - - [19/Sep/2020:10:43:52 +0800] "POST /xingrg/kc/buy/cgsh_order_operate.html HTTP/1.1" 200 37
114.88.166.242 - - [19/Sep/2020:10:43:54 +0800] "GET /xingrg/all/function/internal_message.html?_=1600483427601&CODE_STATE=getMsg HTTP/1.1" 200 27
222.69.133.240 - - [19/Sep/2020:10:43:55 +0800] "GET /xingrg/kc/buy/cgsh_order_operate.html?command=get_materiel&rest_code=00149&code=00102016353&supplier_code=00100151&order_time=2020-09-19 HTTP/1.1" 200 23
116.232.52.72 - - [19/Sep/2020:10:43:55 +0800] "GET /xingrg/kc/buy/cgsh_order_operate.html?command=get_materiel&rest_code=00109&code=00101008362&supplier_code=00100005&order_time=2020-09-19 HTTP/1.1" 200 23
120.253.135.82 - - [19/Sep/2020:10:43:55 +0800] "GET /xingrg/all/function/internal_message.html?_=1600483181124&CODE_STATE=getMsg HTTP/1.1" 200 27
180.162.245.190 - - [19/Sep/2020:10:43:57 +0800] "GET /xingrg/check_reg.html?_=1600483436744 HTTP/1.1" 200 22
180.162.245.190 - - [19/Sep/2020:10:43:57 +0800] "GET /xingrg/all/function/internal_message.html?_=1600483436747&CODE_STATE=getMsg HTTP/1.1" 200 27
120.253.135.82 - - [19/Sep/2020:10:43:59 +0800] "GET /xingrg/all/function/internal_message.html?_=1600483478485&CODE_STATE=getMsg HTTP/1.1" 200 27
114.88.166.242 - - [19/Sep/2020:10:44:00 +0800] "POST /xingrg/kc/buy/cgsh_order_operate.html HTTP/1.1" 200 2065
58.37.9.106 - - [19/Sep/2020:10:44:00 +0800] "GET /xingrg/kc/buy/cgsh_order_operate.html?command=get_materiel&rest_code=00141&code=00101010136&supplier_code=00100036&order_time=2020-09-19 HTTP/1.1" 200 408
172.17.0.100 - - [19/Sep/2020:10:44:00 +0800] "POST /xingrg/kc/buy/cgsh_order_operate.html HTTP/1.1" 200 37
116.232.52.72 - - [19/Sep/2020:10:44:01 +0800] "GET /xingrg/kc/buy/cgsh_order_operate.html?command=get_materiel&rest_code=00109&code=00101008362&supplier_code=00100005&order_time=2020-09-19 HTTP/1.1" 200 408
172.17.0.100 - - [19/Sep/2020:10:44:01 +0800] "POST /xingrg/kc/buy/cgsh_order_operate.html HTTP/1.1" 200 31613
114.88.166.242 - - [19/Sep/2020:10:44:02 +0800] "GET /xingrg/kc/print/load_data.html?order_code=212020091908099&kc_code=cgsh&condition= HTTP/1.1" 200 673
172.17.0.108 - - [19/Sep/2020:10:44:02 +0800] "GET /xingrg/all/function/internal_message.html?_=1600483438377&CODE_STATE=getMsg HTTP/1.1" 200 27
172.17.0.108 - - [19/Sep/2020:10:44:02 +0800] "GET /xingrg/check_reg.html?_=1600483438378 HTTP/1.1" 200 22
58.40.7.146 - - [19/Sep/2020:10:44:03 +0800] "GET /xingrg/all/function/internal_message.html?_=1600483440411&CODE_STATE=getMsg HTTP/1.1" 200 27
218.81.217.115 - - [19/Sep/2020:10:44:03 +0800] "GET /xingrg/all/function/internal_message.html?_=1600483458083&CODE_STATE=getMsg HTTP/1.1" 200 27
222.69.133.240 - - [19/Sep/2020:10:44:04 +0800] "GET /xingrg/index.html?sysBaseUrl=http%3A%2F%2F180.169.147.146%3A18081%2Fxingrg%2F&costTime=52×tamp=1591679117969 HTTP/1.1" 200 17179
222.69.133.240 - - [19/Sep/2020:10:44:05 +0800] "GET /favicon.ico HTTP/1.1" 404 -
222.69.133.240 - - [19/Sep/2020:10:44:05 +0800] "POST /xingrg/all/common/load_tree.html?tree=area_rest_tree_json&manage=1 HTTP/1.1" 200 351
222.69.133.240 - - [19/Sep/2020:10:44:05 +0800] "GET /xingrg/check_reg.html?_=1600483434287 HTTP/1.1" 200 22
222.69.133.240 - - [19/Sep/2020:10:44:05 +0800] "GET /xingrg/all/function/internal_message.html?_=1600483434285&CODE_STATE=count HTTP/1.1" 200 11
222.69.133.240 - - [19/Sep/2020:10:44:05 +0800] "POST /xingrg/load_menu.html HTTP/1.1" 200 5138
101.91.60.105 - - [19/Sep/2020:10:44:05 +0800] "GET /xingrg/all/function/internal_message.html?_=1600482699952&CODE_STATE=getMsg HTTP/1.1" 302 -
180.157.253.48 - - [19/Sep/2020:10:44:07 +0800] "GET /xingrg/kc/buy/cgsh_order_operate.html?command=get_materiel&rest_code=00148&code=00101008175&supplier_code=00100007&order_time=2020-09-19 HTTP/1.1" 200 412
222.69.133.240 - - [19/Sep/2020:10:44:09 +0800] "GET /xingrg/kc/buy/cgsh_order_list.html HTTP/1.1" 200 44008
222.69.133.240 - - [19/Sep/2020:10:44:09 +0800] "POST /xingrg/kc/buy/cgsh_list_operate.html HTTP/1.1" 200 876
222.69.133.240 - - [19/Sep/2020:10:44:11 +0800] "GET /xingrg/kc/buy/cgsh_order_add.html HTTP/1.1" 200 59793
222.69.133.240 - - [19/Sep/2020:10:44:11 +0800] "POST /xingrg/kc/buy/cgsh_order_operate.html HTTP/1.1" 200 8245
222.69.133.240 - - [19/Sep/2020:10:44:11 +0800] "GET /xingrg/all/common/auto_word.html?type=employee&rest_code=00149 HTTP/1.1" 200 197
222.69.133.240 - - [19/Sep/2020:10:44:11 +0800] "GET /xingrg/javascript/easyui/themes/default/validatebox.css HTTP/1.1" 404 1104
222.69.133.240 - - [19/Sep/2020:10:44:11 +0800] "GET /xingrg/all/common/auto_word.html?type=employee&rest_code=00149 HTTP/1.1" 200 197
101.91.60.105 - - [19/Sep/2020:10:44:12 +0800] "GET /xingrg/login.html HTTP/1.1" 200 7641
222.69.133.240 - - [19/Sep/2020:10:44:12 +0800] "GET /xingrg/javascript/auto/indicator.gif HTTP/1.1" 404 1066
116.232.52.72 - - [19/Sep/2020:10:44:13 +0800] "GET /xingrg/kc/buy/cgsh_order_operate.html?command=get_materiel&rest_code=00109&code=00101008360&supplier_code=00100005&order_time=2020-09-19 HTTP/1.1" 200 413
180.157.253.48 - - [19/Sep/2020:10:44:13 +0800] "GET /xingrg/kc/buy/cgsh_order_operate.html?command=get_materiel&rest_code=00148&code=00101008331&supplier_code=00100007&order_time=2020-09-19 HTTP/1.1" 200 416
222.69.133.240 - - [19/Sep/2020:10:44:13 +0800] "GET /xingrg/javascript/jquery_tools/images/prev.gif HTTP/1.1" 404 1086
222.69.133.240 - - [19/Sep/2020:10:44:13 +0800] "GET /xingrg/javascript/jquery_tools/images/next.gif HTTP/1.1" 404 1086
116.238.216.197 - - [19/Sep/2020:10:44:15 +0800] "GET /xingrg/all/function/internal_message.html?_=1600483663319&CODE_STATE=getMsg HTTP/1.1" 200 27
116.232.52.72 - - [19/Sep/2020:10:44:16 +0800] "POST /xingrg/kc/buy/cgsh_order_operate.html HTTP/1.1" 200 2065
180.157.253.48 - - [19/Sep/2020:10:44:19 +0800] "GET /xingrg/kc/buy/cgsh_order_operate.html?command=get_materiel&rest_code=00148&code=00101008350&supplier_code=00100007&order_time=2020-09-19 HTTP/1.1" 200 408
222.69.133.240 - - [19/Sep/2020:10:44:20 +0800] "GET /xingrg/kc/buy/cgsh_order_operate.html?command=get_materiel&rest_code=00149&code=00102003045&supplier_code=00100151&order_time=2020-09-19 HTTP/1.1" 200 412
116.232.52.72 - - [19/Sep/2020:10:44:21 +0800] "GET /xingrg/kc/buy/cgsh_order_operate.html?command=get_materiel&rest_code=00109&code=00101008357&supplier_code=00100005&order_time=2020-09-19 HTTP/1.1" 200 408
180.157.253.48 - - [19/Sep/2020:10:44:21 +0800] "POST /xingrg/kc/buy/cgsh_order_operate.html HTTP/1.1" 200 2065
58.37.9.106 - - [19/Sep/2020:10:44:25 +0800] "GET /xingrg/check_reg.html?_=1600483452667 HTTP/1.1" 200 22
116.232.52.72 - - [19/Sep/2020:10:44:25 +0800] "GET /xingrg/kc/buy/cgsh_order_operate.html?command=get_materiel&rest_code=00109&code=00101008230&supplier_code=00100005&order_time=2020-09-19 HTTP/1.1" 200 408
117.131.5.26 - - [19/Sep/2020:10:44:26 +0800] "GET /xingrg/check_reg.html?_=1600483482967 HTTP/1.1" 200 22
117.131.5.26 - - [19/Sep/2020:10:44:26 +0800] "GET /xingrg/all/function/internal_message.html?_=1600483482968&CODE_STATE=getMsg HTTP/1.1" 200 27
180.157.253.48 - - [19/Sep/2020:10:44:26 +0800] "GET /xingrg/kc/buy/cgsh_order_operate.html?command=get_materiel&rest_code=00148&code=00101008010&supplier_code=00100007&order_time=2020-09-19 HTTP/1.1" 200 412
114.88.166.242 - - [19/Sep/2020:10:44:28 +0800] "GET /xingrg/kc/buy/cgsh_order_add.html HTTP/1.1" 200 59740
114.88.166.242 - - [19/Sep/2020:10:44:28 +0800] "GET /xingrg/javascript/easyui/themes/default/validatebox.css HTTP/1.1" 404 1104
114.88.166.242 - - [19/Sep/2020:10:44:28 +0800] "POST /xingrg/kc/buy/cgsh_order_operate.html HTTP/1.1" 200 8245
114.88.166.242 - - [19/Sep/2020:10:44:29 +0800] "GET /xingrg/kc/buy/cgsh_order_list.html HTTP/1.1" 200 44002
114.88.166.242 - - [19/Sep/2020:10:44:30 +0800] "GET /xingrg/all/function/internal_message.html?_=1600483535687&CODE_STATE=getMsg HTTP/1.1" 200 27
114.88.166.242 - - [19/Sep/2020:10:44:30 +0800] "POST /xingrg/kc/buy/cgsh_list_operate.html HTTP/1.1" 200 8808
116.232.52.72 - - [19/Sep/2020:10:44:31 +0800] "GET /xingrg/kc/buy/cgsh_order_operate.html?command=get_materiel&rest_code=00109&code=00101008069&supplier_code=00100005&order_time=2020-09-19 HTTP/1.1" 200 412
116.232.53.181 - - [19/Sep/2020:10:44:31 +0800] "GET /xingrg/all/function/internal_message.html?_=1600483475570&CODE_STATE=getMsg HTTP/1.1" 200 27
117.185.32.26 - - [19/Sep/2020:10:44:31 +0800] "GET /xingrg/check_reg.html?_=1600483465683 HTTP/1.1" 200 22
117.185.32.26 - - [19/Sep/2020:10:44:31 +0800] "GET /xingrg/all/function/internal_message.html?_=1600483465685&CODE_STATE=getMsg HTTP/1.1" 200 27
172.17.0.100 - - [19/Sep/2020:10:44:32 +0800] "GET /xingrg/all/function/internal_message.html?_=1600483467455&CODE_STATE=getMsg HTTP/1.1" 200 27
222.69.133.240 - - [19/Sep/2020:10:44:33 +0800] "GET /xingrg/kc/buy/cgsh_order_operate.html?command=get_materiel&rest_code=00149&code=00102016353&supplier_code=00100151&order_time=2020-09-19 HTTP/1.1" 200 416
180.157.253.48 - - [19/Sep/2020:10:44:35 +0800] "GET /xingrg/kc/buy/cgsh_order_operate.html?command=get_materiel&rest_code=00148&code=00101008356&supplier_code=00100007&order_time=2020-09-19 HTTP/1.1" 200 409
116.232.52.72 - - [19/Sep/2020:10:44:36 +0800] "GET /xingrg/kc/buy/cgsh_order_operate.html?command=get_materiel&rest_code=00109&code=00101008006&supplier_code=00100005&order_time=2020-09-19 HTTP/1.1" 200 416
116.232.52.72 - - [19/Sep/2020:10:44:37 +0800] "GET /xingrg/all/function/internal_message.html?_=1600483503806&CODE_STATE=getMsg HTTP/1.1" 200 27
116.238.71.173 - - [19/Sep/2020:10:44:39 +0800] "GET /xingrg/check_reg.html?_=1600483595987 HTTP/1.1" 200 22
116.238.71.173 - - [19/Sep/2020:10:44:39 +0800] "GET /xingrg/all/function/internal_message.html?_=1600483596308&CODE_STATE=getMsg HTTP/1.1" 200 27
58.37.9.106 - - [19/Sep/2020:10:44:40 +0800] "GET /xingrg/javascript/jquery_easy_ui/themes/icons/rest.png HTTP/1.1" 200 695
58.37.9.106 - - [19/Sep/2020:10:44:40 +0800] "GET /xingrg/javascript/jquery_easy_ui/themes/icons/area.png HTTP/1.1" 200 262
116.232.52.72 - - [19/Sep/2020:10:44:42 +0800] "GET /xingrg/kc/buy/cgsh_order_operate.html?command=get_materiel&rest_code=00109&code=00101008036&supplier_code=00100005&order_time=2020-09-19 HTTP/1.1" 200 408
180.157.253.48 - - [19/Sep/2020:10:44:42 +0800] "GET /xingrg/kc/buy/cgsh_order_operate.html?command=get_materiel&rest_code=00148&code=00101008360&supplier_code=00100007&order_time=2020-09-19 HTTP/1.1" 200 413
180.157.253.48 - - [19/Sep/2020:10:44:44 +0800] "GET /xingrg/check_reg.html?_=1600483492588 HTTP/1.1" 200 22
116.232.52.72 - - [19/Sep/2020:10:44:45 +0800] "POST /xingrg/kc/buy/cgsh_order_operate.html HTTP/1.1" 200 2065
180.157.253.48 - - [19/Sep/2020:10:44:45 +0800] "GET /xingrg/all/function/internal_message.html?_=1600483493610&CODE_STATE=getMsg HTTP/1.1" 200 27
114.88.166.242 - - [19/Sep/2020:10:44:47 +0800] "POST /xingrg/kc/buy/cgsh_list_operate.html HTTP/1.1" 200 2613
116.232.52.72 - - [19/Sep/2020:10:44:47 +0800] "GET /xingrg/kc/buy/cgsh_order_operate.html?command=get_materiel&rest_code=00109&code=00101008318&supplier_code=00100005&order_time=2020-09-19 HTTP/1.1" 200 408
180.157.253.48 - - [19/Sep/2020:10:44:48 +0800] "GET /xingrg/kc/buy/cgsh_order_operate.html?command=get_materiel&rest_code=00148&code=00101008223&supplier_code=00100007&order_time=2020-09-19 HTTP/1.1" 200 412
114.88.166.242 - - [19/Sep/2020:10:44:49 +0800] "POST /xingrg/kc/buy/cgsh_list_operate.html HTTP/1.1" 200 208
114.88.166.242 - - [19/Sep/2020:10:44:50 +0800] "GET /xingrg/kc/buy/cgsh_order_info.html?code=212020091908099 HTTP/1.1" 200 59749
114.88.166.242 - - [19/Sep/2020:10:44:51 +0800] "GET /xingrg/javascript/easyui/themes/default/validatebox.css HTTP/1.1" 404 1104
114.88.166.242 - - [19/Sep/2020:10:44:51 +0800] "POST /xingrg/kc/buy/cgsh_order_operate.html HTTP/1.1" 200 2666
114.88.166.242 - - [19/Sep/2020:10:44:52 +0800] "GET /xingrg/kc/buy/cgsh_order_add.html HTTP/1.1" 200 59740
58.37.9.106 - - [19/Sep/2020:10:44:52 +0800] "GET /xingrg/all/function/internal_message.html?_=1600483479671&CODE_STATE=getMsg HTTP/1.1" 200 27
116.232.52.72 - - [19/Sep/2020:10:44:53 +0800] "GET /xingrg/kc/buy/cgsh_order_operate.html?command=get_materiel&rest_code=00109&code=00101008352&supplier_code=00100005&order_time=2020-09-19 HTTP/1.1" 200 412
114.88.166.242 - - [19/Sep/2020:10:44:53 +0800] "GET /xingrg/javascript/easyui/themes/default/validatebox.css HTTP/1.1" 404 1104
114.88.166.242 - - [19/Sep/2020:10:44:53 +0800] "POST /xingrg/kc/buy/cgsh_order_operate.html HTTP/1.1" 200 8245
120.204.17.71 - - [19/Sep/2020:10:44:53 +0800] "GET /xingrg/all/function/internal_message.html?_=1600482745685&CODE_STATE=getMsg HTTP/1.1" 302 -
114.88.166.242 - - [19/Sep/2020:10:44:54 +0800] "GET /xingrg/all/function/internal_message.html?_=1600483487605&CODE_STATE=getMsg HTTP/1.1" 200 27
114.88.166.242 - - [19/Sep/2020:10:44:54 +0800] "GET /xingrg/check_reg.html?_=1600483487602 HTTP/1.1" 200 22
120.253.135.82 - - [19/Sep/2020:10:44:54 +0800] "GET /xingrg/check_reg.html?_=1600483240405 HTTP/1.1" 200 22
120.253.135.82 - - [19/Sep/2020:10:44:55 +0800] "GET /xingrg/all/function/internal_message.html?_=1600483241137&CODE_STATE=getMsg HTTP/1.1" 200 27
120.204.17.71 - - [19/Sep/2020:10:44:55 +0800] "GET /xingrg/login.html HTTP/1.1" 200 7641
180.157.253.48 - - [19/Sep/2020:10:44:57 +0800] "GET /xingrg/kc/buy/cgsh_order_operate.html?command=get_materiel&rest_code=00148&code=00101008069&supplier_code=00100007&order_time=2020-09-19 HTTP/1.1" 200 412
180.162.245.190 - - [19/Sep/2020:10:44:57 +0800] "GET /xingrg/all/function/internal_message.html?_=1600483496746&CODE_STATE=getMsg HTTP/1.1" 200 27
116.232.52.72 - - [19/Sep/2020:10:44:58 +0800] "GET /xingrg/kc/buy/cgsh_order_operate.html?command=get_materiel&rest_code=00109&code=00101008005&supplier_code=00100005&order_time=2020-09-19 HTTP/1.1" 200 412
114.88.166.242 - - [19/Sep/2020:10:44:58 +0800] "POST /xingrg/services/DataTransmitService HTTP/1.1" 200 45454
114.88.166.242 - - [19/Sep/2020:10:44:59 +0800] "POST /xingrg/services/DataTransmitService HTTP/1.1" 200 19237
222.69.133.240 - - [19/Sep/2020:10:44:59 +0800] "GET /xingrg/kc/buy/cgsh_order_operate.html?command=get_materiel&rest_code=00149&code=00102003127&supplier_code=00100151&order_time=2020-09-19 HTTP/1.1" 200 412
120.253.135.82 - - [19/Sep/2020:10:44:59 +0800] "GET /xingrg/check_reg.html?_=1600483538384 HTTP/1.1" 200 22
120.253.135.82 - - [19/Sep/2020:10:44:59 +0800] "GET /xingrg/all/function/internal_message.html?_=1600483538498&CODE_STATE=getMsg HTTP/1.1" 200 27
180.157.253.48 - - [19/Sep/2020:10:45:01 +0800] "POST /xingrg/kc/buy/cgsh_order_operate.html HTTP/1.1" 200 2065
172.17.0.108 - - [19/Sep/2020:10:45:02 +0800] "GET /xingrg/all/function/internal_message.html?_=1600483498375&CODE_STATE=getMsg HTTP/1.1" 200 27
114.88.166.242 - - [19/Sep/2020:10:45:02 +0800] "GET /xingrg/kc/buy/cgsh_order_operate.html?command=get_materiel&rest_code=00111&code=00101008314&supplier_code=00100339&order_time=2020-09-19 HTTP/1.1" 200 413
116.232.52.72 - - [19/Sep/2020:10:45:03 +0800] "GET /xingrg/kc/buy/cgsh_order_operate.html?command=get_materiel&rest_code=00109&code=00101008271&supplier_code=00100005&order_time=2020-09-19 HTTP/1.1" 200 408
58.40.7.146 - - [19/Sep/2020:10:45:03 +0800] "GET /xingrg/all/function/internal_message.html?_=1600483500414&CODE_STATE=getMsg HTTP/1.1" 200 27
