116.232.53.181 - - [19/Sep/2020:10:12:02 +0800] "POST /xingrg/services/DataTransmitService HTTP/1.1" 200 501
116.232.53.181 - - [19/Sep/2020:10:12:03 +0800] "POST /xingrg/services/DataTransmitService HTTP/1.1" 200 501
58.40.7.146 - - [19/Sep/2020:10:12:03 +0800] "GET /xingrg/all/function/internal_message.html?_=1600481520388&CODE_STATE=getMsg HTTP/1.1" 200 27
58.40.7.146 - - [19/Sep/2020:10:12:03 +0800] "GET /xingrg/check_reg.html?_=1600481520391 HTTP/1.1" 200 22
116.232.53.181 - - [19/Sep/2020:10:12:03 +0800] "POST /xingrg/services/DataTransmitService HTTP/1.1" 200 412
222.69.133.240 - - [19/Sep/2020:10:12:05 +0800] "POST /xingrg/kc/buy/cgsh_order_operate.html HTTP/1.1" 200 37
222.69.133.240 - - [19/Sep/2020:10:12:07 +0800] "POST /xingrg/kc/buy/cgsh_order_operate.html HTTP/1.1" 200 12
101.91.60.11 - - [19/Sep/2020:10:12:08 +0800] "GET /xingrg/all/function/internal_message.html?_=1600480780711&CODE_STATE=getMsg HTTP/1.1" 302 -
222.69.133.240 - - [19/Sep/2020:10:12:09 +0800] "GET /xingrg/kc/buy/cgsh_order_info.html?code=212020091908063 HTTP/1.1" 200 54698
222.69.133.240 - - [19/Sep/2020:10:12:09 +0800] "GET /xingrg/javascript/easyui/themes/default/validatebox.css HTTP/1.1" 404 1104
222.69.133.240 - - [19/Sep/2020:10:12:10 +0800] "POST /xingrg/kc/buy/cgsh_order_operate.html HTTP/1.1" 200 2396
180.162.245.190 - - [19/Sep/2020:10:12:10 +0800] "GET /xingrg/kc/buy/cgsh_order_operate.html?command=get_materiel&rest_code=00105&code=00101009011&supplier_code=00100024&order_time=2020-09-19 HTTP/1.1" 200 416
222.69.133.240 - - [19/Sep/2020:10:12:11 +0800] "GET /xingrg/kc/print/load_data.html?order_code=212020091908063&kc_code=cgsh&condition= HTTP/1.1" 200 1478
116.238.216.197 - - [19/Sep/2020:10:12:13 +0800] "GET /xingrg/check_reg.html?_=1600481740973 HTTP/1.1" 200 22
116.238.216.197 - - [19/Sep/2020:10:12:14 +0800] "GET /xingrg/all/function/internal_message.html?_=1600481741856&CODE_STATE=getMsg HTTP/1.1" 200 27
222.69.133.240 - - [19/Sep/2020:10:12:16 +0800] "GET /xingrg/kc/buy/cgsh_order_add.html HTTP/1.1" 200 59793
101.91.60.11 - - [19/Sep/2020:10:12:16 +0800] "GET /xingrg/login.html HTTP/1.1" 200 7641
222.69.133.240 - - [19/Sep/2020:10:12:16 +0800] "POST /xingrg/kc/buy/cgsh_order_operate.html HTTP/1.1" 200 8245
222.69.133.240 - - [19/Sep/2020:10:12:16 +0800] "GET /xingrg/javascript/easyui/themes/default/validatebox.css HTTP/1.1" 404 1104
180.162.245.190 - - [19/Sep/2020:10:12:17 +0800] "GET /xingrg/kc/buy/cgsh_order_operate.html?command=get_materiel&rest_code=00105&code=00101008507&supplier_code=00100024&order_time=2020-09-19 HTTP/1.1" 200 395
117.131.5.26 - - [19/Sep/2020:10:12:26 +0800] "GET /xingrg/all/function/internal_message.html?_=1600481562923&CODE_STATE=getMsg HTTP/1.1" 200 27
180.162.245.190 - - [19/Sep/2020:10:12:26 +0800] "GET /xingrg/kc/buy/cgsh_order_operate.html?command=get_materiel&rest_code=00105&code=00101009019&supplier_code=00100024&order_time=2020-09-19 HTTP/1.1" 200 433
116.238.71.173 - - [19/Sep/2020:10:12:28 +0800] "GET /xingrg/all/function/internal_message.html?_=1600481665234&CODE_STATE=getMsg HTTP/1.1" 200 27
116.232.52.72 - - [19/Sep/2020:10:12:29 +0800] "GET /xingrg/all/function/internal_message.html?_=1600481569031&CODE_STATE=getMsg HTTP/1.1" 200 27
114.88.166.242 - - [19/Sep/2020:10:12:30 +0800] "GET /xingrg/all/function/internal_message.html?_=1600481615616&CODE_STATE=getMsg HTTP/1.1" 200 27
117.185.32.26 - - [19/Sep/2020:10:12:31 +0800] "GET /xingrg/all/function/internal_message.html?_=1600481545648&CODE_STATE=getMsg HTTP/1.1" 200 27
172.17.0.100 - - [19/Sep/2020:10:12:32 +0800] "GET /xingrg/all/function/internal_message.html?_=1600481547425&CODE_STATE=getMsg HTTP/1.1" 200 27
222.69.133.240 - - [19/Sep/2020:10:12:33 +0800] "GET /xingrg/kc/buy/cgsh_order_operate.html?command=get_materiel&rest_code=00149&code=00101002027&supplier_code=00100039&order_time=2020-09-19 HTTP/1.1" 200 435
180.162.245.190 - - [19/Sep/2020:10:12:34 +0800] "GET /xingrg/kc/buy/cgsh_order_operate.html?command=get_materiel&rest_code=00105&code=00101009062&supplier_code=00100024&order_time=2020-09-19 HTTP/1.1" 200 433
222.69.133.240 - - [19/Sep/2020:10:12:43 +0800] "GET /xingrg/kc/buy/cgsh_order_operate.html?command=get_materiel&rest_code=00149&code=00101001044&supplier_code=00100039&order_time=2020-09-19 HTTP/1.1" 200 410
180.157.253.48 - - [19/Sep/2020:10:12:44 +0800] "GET /xingrg/all/function/internal_message.html?_=1600481572366&CODE_STATE=getMsg HTTP/1.1" 200 27
58.37.9.106 - - [19/Sep/2020:10:12:53 +0800] "GET /xingrg/all/function/internal_message.html?_=1600481560408&CODE_STATE=getMsg HTTP/1.1" 200 27
120.253.135.82 - - [19/Sep/2020:10:12:54 +0800] "GET /xingrg/all/function/internal_message.html?_=1600481320394&CODE_STATE=getMsg HTTP/1.1" 200 27
222.69.133.240 - - [19/Sep/2020:10:12:55 +0800] "GET /xingrg/all/function/internal_message.html?_=1600481564702&CODE_STATE=getMsg HTTP/1.1" 200 27
180.162.245.190 - - [19/Sep/2020:10:12:57 +0800] "GET /xingrg/all/function/internal_message.html?_=1600481576779&CODE_STATE=getMsg HTTP/1.1" 200 27
218.81.217.115 - - [19/Sep/2020:10:12:59 +0800] "GET /xingrg/all/function/internal_message.html?_=1600481593326&CODE_STATE=getMsg HTTP/1.1" 200 27
222.69.133.240 - - [19/Sep/2020:10:13:01 +0800] "GET /xingrg/kc/buy/cgsh_order_operate.html?command=get_materiel&rest_code=00149&code=00101002022&supplier_code=00100039&order_time=2020-09-19 HTTP/1.1" 200 409
172.17.0.108 - - [19/Sep/2020:10:13:02 +0800] "GET /xingrg/all/function/internal_message.html?_=1600481578201&CODE_STATE=getMsg HTTP/1.1" 200 27
58.40.7.146 - - [19/Sep/2020:10:13:03 +0800] "GET /xingrg/all/function/internal_message.html?_=1600481580393&CODE_STATE=getMsg HTTP/1.1" 200 27
222.69.133.240 - - [19/Sep/2020:10:13:12 +0800] "GET /xingrg/kc/buy/cgsh_order_operate.html?command=get_materiel&rest_code=00149&code=00101002010&supplier_code=00100039&order_time=2020-09-19 HTTP/1.1" 200 415
116.238.216.197 - - [19/Sep/2020:10:13:14 +0800] "GET /xingrg/all/function/internal_message.html?_=1600481802025&CODE_STATE=getMsg HTTP/1.1" 200 27
180.162.245.190 - - [19/Sep/2020:10:13:22 +0800] "GET /xingrg/kc/buy/cgsh_order_operate.html?command=get_materiel&rest_code=00105&code=00101009021&supplier_code=00100024&order_time=2020-09-19 HTTP/1.1" 200 416
222.69.133.240 - - [19/Sep/2020:10:13:26 +0800] "GET /xingrg/kc/buy/cgsh_order_operate.html?command=get_materiel&rest_code=00149&code=00101001140&supplier_code=00100039&order_time=2020-09-19 HTTP/1.1" 200 415
117.131.5.26 - - [19/Sep/2020:10:13:26 +0800] "GET /xingrg/all/function/internal_message.html?_=1600481622929&CODE_STATE=getMsg HTTP/1.1" 200 27
218.81.217.115 - - [19/Sep/2020:10:13:26 +0800] "GET /xingrg/check_reg.html?_=1600481620726 HTTP/1.1" 200 22
116.232.52.72 - - [19/Sep/2020:10:13:28 +0800] "GET /xingrg/all/function/internal_message.html?_=1600481629031&CODE_STATE=getMsg HTTP/1.1" 200 27
116.238.71.173 - - [19/Sep/2020:10:13:28 +0800] "GET /xingrg/all/function/internal_message.html?_=1600481725280&CODE_STATE=getMsg HTTP/1.1" 200 27
114.88.166.242 - - [19/Sep/2020:10:13:30 +0800] "GET /xingrg/all/function/internal_message.html?_=1600481675616&CODE_STATE=getMsg HTTP/1.1" 200 27
117.185.32.26 - - [19/Sep/2020:10:13:31 +0800] "GET /xingrg/all/function/internal_message.html?_=1600481605648&CODE_STATE=getMsg HTTP/1.1" 200 27
172.17.0.100 - - [19/Sep/2020:10:13:32 +0800] "GET /xingrg/all/function/internal_message.html?_=1600481607423&CODE_STATE=getMsg HTTP/1.1" 200 27
222.69.133.240 - - [19/Sep/2020:10:13:39 +0800] "GET /xingrg/kc/buy/cgsh_order_operate.html?command=get_materiel&rest_code=00149&code=00101001125&supplier_code=00100039&order_time=2020-09-19 HTTP/1.1" 200 415
120.204.17.70 - - [19/Sep/2020:10:13:41 +0800] "GET /xingrg/all/function/internal_message.html?_=1600480885655&CODE_STATE=getMsg HTTP/1.1" 302 -
180.157.253.48 - - [19/Sep/2020:10:13:44 +0800] "GET /xingrg/all/function/internal_message.html?_=1600481632379&CODE_STATE=getMsg HTTP/1.1" 200 27
180.162.245.190 - - [19/Sep/2020:10:13:45 +0800] "GET /xingrg/kc/buy/cgsh_order_operate.html?command=get_materiel&rest_code=00105&code=00101009016&supplier_code=00100024&order_time=2020-09-19 HTTP/1.1" 200 414
120.204.17.70 - - [19/Sep/2020:10:13:50 +0800] "GET /xingrg/login.html HTTP/1.1" 200 7641
180.162.245.190 - - [19/Sep/2020:10:13:52 +0800] "GET /xingrg/kc/buy/cgsh_order_operate.html?command=get_materiel&rest_code=00105&code=00101009013&supplier_code=00100024&order_time=2020-09-19 HTTP/1.1" 200 420
58.37.9.106 - - [19/Sep/2020:10:13:53 +0800] "GET /xingrg/all/function/internal_message.html?_=1600481620391&CODE_STATE=getMsg HTTP/1.1" 200 27
120.253.135.82 - - [19/Sep/2020:10:13:54 +0800] "GET /xingrg/all/function/internal_message.html?_=1600481380404&CODE_STATE=getMsg HTTP/1.1" 200 27
222.69.133.240 - - [19/Sep/2020:10:13:55 +0800] "GET /xingrg/check_reg.html?_=1600481624728 HTTP/1.1" 200 22
222.69.133.240 - - [19/Sep/2020:10:13:55 +0800] "GET /xingrg/all/function/internal_message.html?_=1600481624732&CODE_STATE=getMsg HTTP/1.1" 200 27
180.162.245.190 - - [19/Sep/2020:10:13:57 +0800] "GET /xingrg/all/function/internal_message.html?_=1600481636705&CODE_STATE=getMsg HTTP/1.1" 200 27
180.162.245.190 - - [19/Sep/2020:10:13:57 +0800] "GET /xingrg/check_reg.html?_=1600481636799 HTTP/1.1" 200 22
218.81.217.115 - - [19/Sep/2020:10:13:59 +0800] "GET /xingrg/all/function/internal_message.html?_=1600481653341&CODE_STATE=getMsg HTTP/1.1" 200 27
222.69.133.240 - - [19/Sep/2020:10:13:59 +0800] "GET /xingrg/kc/buy/cgsh_order_operate.html?command=get_materiel&rest_code=00149&code=00101010161&supplier_code=00100039&order_time=2020-09-19 HTTP/1.1" 200 430
172.17.0.108 - - [19/Sep/2020:10:14:02 +0800] "GET /xingrg/all/function/internal_message.html?_=1600481638215&CODE_STATE=getMsg HTTP/1.1" 200 27
172.17.0.108 - - [19/Sep/2020:10:14:02 +0800] "GET /xingrg/check_reg.html?_=1600481638223 HTTP/1.1" 200 22
58.40.7.146 - - [19/Sep/2020:10:14:03 +0800] "GET /xingrg/all/function/internal_message.html?_=1600481640396&CODE_STATE=getMsg HTTP/1.1" 200 27
222.69.133.240 - - [19/Sep/2020:10:14:13 +0800] "GET /xingrg/kc/buy/cgsh_order_operate.html?command=get_materiel&rest_code=00149&code=00101001060&supplier_code=00100039&order_time=2020-09-19 HTTP/1.1" 200 419
116.238.216.197 - - [19/Sep/2020:10:14:14 +0800] "GET /xingrg/all/function/internal_message.html?_=1600481862039&CODE_STATE=getMsg HTTP/1.1" 200 27
58.37.9.106 - - [19/Sep/2020:10:14:25 +0800] "GET /xingrg/check_reg.html?_=1600481652587 HTTP/1.1" 200 22
117.131.5.26 - - [19/Sep/2020:10:14:26 +0800] "GET /xingrg/all/function/internal_message.html?_=1600481682918&CODE_STATE=getMsg HTTP/1.1" 200 27
117.131.5.26 - - [19/Sep/2020:10:14:26 +0800] "GET /xingrg/check_reg.html?_=1600481682919 HTTP/1.1" 200 22
180.162.245.190 - - [19/Sep/2020:10:14:26 +0800] "POST /xingrg/kc/buy/cgsh_order_operate.html HTTP/1.1" 200 37
116.232.53.181 - - [19/Sep/2020:10:14:26 +0800] "POST /xingrg/services/DataTransmitService HTTP/1.1" 200 524
180.162.245.190 - - [19/Sep/2020:10:14:27 +0800] "POST /xingrg/kc/buy/cgsh_order_operate.html HTTP/1.1" 200 9804
180.162.245.190 - - [19/Sep/2020:10:14:28 +0800] "GET /xingrg/kc/print/load_data.html?order_code=212020091908064&kc_code=cgsh&condition= HTTP/1.1" 200 3406
116.232.52.72 - - [19/Sep/2020:10:14:28 +0800] "GET /xingrg/check_reg.html?_=1600481689031 HTTP/1.1" 200 22
116.232.52.72 - - [19/Sep/2020:10:14:28 +0800] "GET /xingrg/all/function/internal_message.html?_=1600481689031&CODE_STATE=getMsg HTTP/1.1" 200 27
116.238.71.173 - - [19/Sep/2020:10:14:28 +0800] "GET /xingrg/all/function/internal_message.html?_=1600481785292&CODE_STATE=getMsg HTTP/1.1" 200 27
114.88.166.242 - - [19/Sep/2020:10:14:30 +0800] "GET /xingrg/all/function/internal_message.html?_=1600481735616&CODE_STATE=getMsg HTTP/1.1" 200 27
117.185.32.26 - - [19/Sep/2020:10:14:31 +0800] "GET /xingrg/check_reg.html?_=1600481665652 HTTP/1.1" 200 22
117.185.32.26 - - [19/Sep/2020:10:14:32 +0800] "GET /xingrg/all/function/internal_message.html?_=1600481665647&CODE_STATE=getMsg HTTP/1.1" 200 27
172.17.0.100 - - [19/Sep/2020:10:14:32 +0800] "GET /xingrg/all/function/internal_message.html?_=1600481667423&CODE_STATE=getMsg HTTP/1.1" 200 27
117.185.32.26 - - [19/Sep/2020:10:14:34 +0800] "POST /xingrg/services/DataTransmitService HTTP/1.1" 200 524
117.185.32.26 - - [19/Sep/2020:10:14:34 +0800] "POST /xingrg/services/DataTransmitService HTTP/1.1" 200 501
117.185.32.26 - - [19/Sep/2020:10:14:34 +0800] "POST /xingrg/services/DataTransmitService HTTP/1.1" 200 501
117.185.32.26 - - [19/Sep/2020:10:14:35 +0800] "POST /xingrg/services/DataTransmitService HTTP/1.1" 200 501
117.185.32.26 - - [19/Sep/2020:10:14:35 +0800] "POST /xingrg/services/DataTransmitService HTTP/1.1" 200 501
117.185.32.26 - - [19/Sep/2020:10:14:36 +0800] "POST /xingrg/services/DataTransmitService HTTP/1.1" 200 412
180.157.253.48 - - [19/Sep/2020:10:14:44 +0800] "GET /xingrg/check_reg.html?_=1600481691786 HTTP/1.1" 200 22
180.157.253.48 - - [19/Sep/2020:10:14:44 +0800] "GET /xingrg/all/function/internal_message.html?_=1600481692392&CODE_STATE=getMsg HTTP/1.1" 200 27
58.37.9.106 - - [19/Sep/2020:10:14:53 +0800] "GET /xingrg/all/function/internal_message.html?_=1600481680370&CODE_STATE=getMsg HTTP/1.1" 200 27
116.232.53.181 - - [19/Sep/2020:10:14:53 +0800] "GET /xingrg/login.html HTTP/1.1" 200 7641
120.253.135.82 - - [19/Sep/2020:10:14:54 +0800] "GET /xingrg/check_reg.html?_=1600481440148 HTTP/1.1" 200 22
120.253.135.82 - - [19/Sep/2020:10:14:54 +0800] "GET /xingrg/all/function/internal_message.html?_=1600481440417&CODE_STATE=getMsg HTTP/1.1" 200 27
222.69.133.240 - - [19/Sep/2020:10:14:55 +0800] "GET /xingrg/all/function/internal_message.html?_=1600481684715&CODE_STATE=getMsg HTTP/1.1" 200 27
180.162.245.190 - - [19/Sep/2020:10:14:55 +0800] "POST /xingrg/services/DataTransmitService HTTP/1.1" 200 524
180.162.245.190 - - [19/Sep/2020:10:14:55 +0800] "POST /xingrg/services/DataTransmitService HTTP/1.1" 200 2007
180.162.245.190 - - [19/Sep/2020:10:14:56 +0800] "POST /xingrg/services/DataTransmitService HTTP/1.1" 200 141051
180.162.245.190 - - [19/Sep/2020:10:14:57 +0800] "GET /xingrg/all/function/internal_message.html?_=1600481696712&CODE_STATE=getMsg HTTP/1.1" 200 27
116.232.53.181 - - [19/Sep/2020:10:14:58 +0800] "GET /favicon.ico HTTP/1.1" 404 -
218.81.217.115 - - [19/Sep/2020:10:14:59 +0800] "GET /xingrg/all/function/internal_message.html?_=1600481713352&CODE_STATE=getMsg HTTP/1.1" 200 27
172.17.0.108 - - [19/Sep/2020:10:15:02 +0800] "GET /xingrg/all/function/internal_message.html?_=1600481698222&CODE_STATE=getMsg HTTP/1.1" 200 27
58.40.7.146 - - [19/Sep/2020:10:15:03 +0800] "GET /xingrg/all/function/internal_message.html?_=1600481700398&CODE_STATE=getMsg HTTP/1.1" 200 27
116.238.216.197 - - [19/Sep/2020:10:15:14 +0800] "GET /xingrg/all/function/internal_message.html?_=1600481922207&CODE_STATE=getMsg HTTP/1.1" 200 27
61.151.178.174 - - [19/Sep/2020:10:15:17 +0800] "GET /xingrg/all/function/internal_message.html?_=1600480960620&CODE_STATE=getMsg HTTP/1.1" 302 -
61.151.178.174 - - [19/Sep/2020:10:15:19 +0800] "GET /xingrg/login.html HTTP/1.1" 200 7641
117.131.5.26 - - [19/Sep/2020:10:15:26 +0800] "GET /xingrg/all/function/internal_message.html?_=1600481742931&CODE_STATE=getMsg HTTP/1.1" 200 27
116.232.53.181 - - [19/Sep/2020:10:15:27 +0800] "POST /xingrg/login.do HTTP/1.1" 302 -
116.232.53.181 - - [19/Sep/2020:10:15:28 +0800] "GET /xingrg/index.html?sysBaseUrl=http%3A%2F%2F180.169.147.146%3A18081%2Fxingrg%2F&costTime=57×tamp=1600481727282 HTTP/1.1" 200 17413
116.238.71.173 - - [19/Sep/2020:10:15:28 +0800] "GET /xingrg/check_reg.html?_=1600481844766 HTTP/1.1" 200 22
116.232.52.72 - - [19/Sep/2020:10:15:28 +0800] "GET /xingrg/all/function/internal_message.html?_=1600481749025&CODE_STATE=getMsg HTTP/1.1" 200 27
116.238.71.173 - - [19/Sep/2020:10:15:28 +0800] "GET /xingrg/all/function/internal_message.html?_=1600481845306&CODE_STATE=getMsg HTTP/1.1" 200 27
114.88.166.242 - - [19/Sep/2020:10:15:30 +0800] "GET /xingrg/all/function/internal_message.html?_=1600481795616&CODE_STATE=getMsg HTTP/1.1" 200 27
116.232.53.181 - - [19/Sep/2020:10:15:30 +0800] "GET /favicon.ico HTTP/1.1" 404 -
116.232.53.181 - - [19/Sep/2020:10:15:31 +0800] "POST /xingrg/all/common/load_tree.html?tree=area_rest_tree_json&manage=1 HTTP/1.1" 200 342
116.232.53.181 - - [19/Sep/2020:10:15:31 +0800] "GET /xingrg/all/function/internal_message.html?_=1600481735518&CODE_STATE=count HTTP/1.1" 200 11
116.232.53.181 - - [19/Sep/2020:10:15:31 +0800] "GET /xingrg/check_reg.html?_=1600481735519 HTTP/1.1" 200 22
117.185.32.26 - - [19/Sep/2020:10:15:31 +0800] "GET /xingrg/all/function/internal_message.html?_=1600481725652&CODE_STATE=getMsg HTTP/1.1" 200 27
116.232.53.181 - - [19/Sep/2020:10:15:31 +0800] "POST /xingrg/load_menu.html HTTP/1.1" 200 9959
172.17.0.100 - - [19/Sep/2020:10:15:32 +0800] "GET /xingrg/all/function/internal_message.html?_=1600481727421&CODE_STATE=getMsg HTTP/1.1" 200 27
58.37.9.106 - - [19/Sep/2020:10:15:33 +0800] "POST /xingrg/services/DataTransmitService HTTP/1.1" 200 524
58.37.9.106 - - [19/Sep/2020:10:15:33 +0800] "POST /xingrg/services/DataTransmitService HTTP/1.1" 200 501
116.232.53.181 - - [19/Sep/2020:10:15:35 +0800] "GET /xingrg/kc/report/report_main.html HTTP/1.1" 200 7345
120.204.17.71 - - [19/Sep/2020:10:15:39 +0800] "GET /xingrg/all/function/internal_message.html?_=1600481005656&CODE_STATE=getMsg HTTP/1.1" 302 -
116.232.53.181 - - [19/Sep/2020:10:15:42 +0800] "POST /xingrg/load_menu.html HTTP/1.1" 200 9242
116.232.53.181 - - [19/Sep/2020:10:15:43 +0800] "GET /xingrg/all/report/report_query.html?fileName=dma/new_5.0/yingye/order_list.xml HTTP/1.1" 200 55281
116.232.53.181 - - [19/Sep/2020:10:15:43 +0800] "GET /xingrg/dwr/interface/AjaxReportQueryService.js HTTP/1.1" 200 13203
116.232.53.181 - - [19/Sep/2020:10:15:43 +0800] "GET /xingrg/dwr/util.js HTTP/1.1" 304 -
116.232.53.181 - - [19/Sep/2020:10:15:43 +0800] "GET /xingrg/dwr/engine.js HTTP/1.1" 200 43631
116.232.53.181 - - [19/Sep/2020:10:15:44 +0800] "POST /xingrg/all/common/load_tree.html?tree=area_station_tree_json&manage=1 HTTP/1.1" 200 336
116.232.53.181 - - [19/Sep/2020:10:15:44 +0800] "POST /xingrg/dwr/call/plaincall/AjaxReportQueryService.getFixDate.dwr HTTP/1.1" 200 111
116.232.53.181 - - [19/Sep/2020:10:15:44 +0800] "GET /xingrg/javascript/jquery_easy_ui/themes/icons/rest.png HTTP/1.1" 304 -
180.157.253.48 - - [19/Sep/2020:10:15:44 +0800] "GET /xingrg/all/function/internal_message.html?_=1600481752406&CODE_STATE=getMsg HTTP/1.1" 200 27
116.232.53.181 - - [19/Sep/2020:10:15:44 +0800] "POST /xingrg/dwr/call/plaincall/AjaxReportQueryService.getInitString.dwr HTTP/1.1" 200 76
120.204.17.71 - - [19/Sep/2020:10:15:49 +0800] "GET /xingrg/login.html HTTP/1.1" 200 7641
116.232.53.181 - - [19/Sep/2020:10:15:51 +0800] "POST /xingrg/dwr/call/plaincall/AjaxReportQueryService.queryInitializeString.dwr HTTP/1.1" 200 177
116.232.53.181 - - [19/Sep/2020:10:15:52 +0800] "POST /xingrg/dwr/call/plaincall/AjaxReportQueryService.refreshCache.dwr HTTP/1.1" 200 78
116.232.53.181 - - [19/Sep/2020:10:15:53 +0800] "POST /xingrg/all/report/load_report_page.html HTTP/1.1" 200 146389
116.232.53.181 - - [19/Sep/2020:10:15:53 +0800] "GET /xingrg/servlets/image?cache=0.2661127347756356&image=px HTTP/1.1" 200 807
58.37.9.106 - - [19/Sep/2020:10:15:53 +0800] "GET /xingrg/all/function/internal_message.html?_=1600481740349&CODE_STATE=getMsg HTTP/1.1" 200 27
120.253.135.82 - - [19/Sep/2020:10:15:54 +0800] "GET /xingrg/all/function/internal_message.html?_=1600481500432&CODE_STATE=getMsg HTTP/1.1" 200 27
222.69.133.240 - - [19/Sep/2020:10:15:55 +0800] "GET /xingrg/all/function/internal_message.html?_=1600481744700&CODE_STATE=getMsg HTTP/1.1" 200 27
180.162.245.190 - - [19/Sep/2020:10:15:57 +0800] "GET /xingrg/all/function/internal_message.html?_=1600481756714&CODE_STATE=getMsg HTTP/1.1" 200 27
218.81.217.115 - - [19/Sep/2020:10:15:59 +0800] "GET /xingrg/all/function/internal_message.html?_=1600481773837&CODE_STATE=getMsg HTTP/1.1" 200 27
116.232.53.181 - - [19/Sep/2020:10:16:00 +0800] "POST /xingrg/all/report/load_report_page.html HTTP/1.1" 200 66450
116.232.53.181 - - [19/Sep/2020:10:16:00 +0800] "GET /xingrg/servlets/image?cache=0.746511947490037&image=px HTTP/1.1" 200 807
172.17.0.108 - - [19/Sep/2020:10:16:02 +0800] "GET /xingrg/all/function/internal_message.html?_=1600481758220&CODE_STATE=getMsg HTTP/1.1" 200 27
58.40.7.146 - - [19/Sep/2020:10:16:03 +0800] "GET /xingrg/all/function/internal_message.html?_=1600481760385&CODE_STATE=getMsg HTTP/1.1" 200 27
116.238.216.197 - - [19/Sep/2020:10:16:14 +0800] "GET /xingrg/all/function/internal_message.html?_=1600481982222&CODE_STATE=getMsg HTTP/1.1" 200 27
116.232.53.181 - - [19/Sep/2020:10:16:14 +0800] "POST /xingrg/all/report/load_report_page.html HTTP/1.1" 200 146389
116.232.53.181 - - [19/Sep/2020:10:16:14 +0800] "GET /xingrg/servlets/image?cache=0.4941682745115852&image=px HTTP/1.1" 200 807
117.131.5.26 - - [19/Sep/2020:10:16:26 +0800] "GET /xingrg/all/function/internal_message.html?_=1600481802913&CODE_STATE=getMsg HTTP/1.1" 200 27
116.232.52.72 - - [19/Sep/2020:10:16:27 +0800] "GET /xingrg/all/function/internal_message.html?_=1600481809031&CODE_STATE=getMsg HTTP/1.1" 200 27
116.238.71.173 - - [19/Sep/2020:10:16:28 +0800] "GET /xingrg/all/function/internal_message.html?_=1600481905320&CODE_STATE=getMsg HTTP/1.1" 200 27
114.88.166.242 - - [19/Sep/2020:10:16:30 +0800] "GET /xingrg/all/function/internal_message.html?_=1600481855616&CODE_STATE=getMsg HTTP/1.1" 200 27
114.88.166.242 - - [19/Sep/2020:10:16:30 +0800] "GET /xingrg/check_reg.html?_=1600481855618 HTTP/1.1" 200 22
120.204.17.73 - - [19/Sep/2020:10:16:31 +0800] "GET /xingrg/check_reg.html?_=1600481065657 HTTP/1.1" 302 -
116.232.53.181 - - [19/Sep/2020:10:16:31 +0800] "GET /xingrg/all/function/internal_message.html?_=1600481795526&CODE_STATE=getMsg HTTP/1.1" 200 27
117.185.32.26 - - [19/Sep/2020:10:16:31 +0800] "GET /xingrg/all/function/internal_message.html?_=1600481785651&CODE_STATE=getMsg HTTP/1.1" 200 27
172.17.0.100 - - [19/Sep/2020:10:16:32 +0800] "GET /xingrg/check_reg.html?_=1600481787421 HTTP/1.1" 200 22
172.17.0.100 - - [19/Sep/2020:10:16:32 +0800] "GET /xingrg/all/function/internal_message.html?_=1600481787419&CODE_STATE=getMsg HTTP/1.1" 200 27
116.232.53.181 - - [19/Sep/2020:10:16:38 +0800] "POST /xingrg/all/report/load_report_page.html HTTP/1.1" 200 66497
116.232.53.181 - - [19/Sep/2020:10:16:38 +0800] "GET /xingrg/servlets/image?cache=0.6479261510806547&image=px HTTP/1.1" 200 807
120.204.17.73 - - [19/Sep/2020:10:16:40 +0800] "GET /xingrg/login.html HTTP/1.1" 200 7641
180.157.253.48 - - [19/Sep/2020:10:16:44 +0800] "GET /xingrg/all/function/internal_message.html?_=1600481812419&CODE_STATE=getMsg HTTP/1.1" 200 27
58.37.9.106 - - [19/Sep/2020:10:16:53 +0800] "GET /xingrg/all/function/internal_message.html?_=1600481800320&CODE_STATE=getMsg HTTP/1.1" 200 27
120.253.135.82 - - [19/Sep/2020:10:16:54 +0800] "GET /xingrg/all/function/internal_message.html?_=1600481560445&CODE_STATE=getMsg HTTP/1.1" 200 27
222.69.133.240 - - [19/Sep/2020:10:16:55 +0800] "GET /xingrg/all/function/internal_message.html?_=1600481804714&CODE_STATE=getMsg HTTP/1.1" 200 27
180.162.245.190 - - [19/Sep/2020:10:16:57 +0800] "GET /xingrg/all/function/internal_message.html?_=1600481816712&CODE_STATE=getMsg HTTP/1.1" 200 27
218.81.217.115 - - [19/Sep/2020:10:16:59 +0800] "GET /xingrg/all/function/internal_message.html?_=1600481833849&CODE_STATE=getMsg HTTP/1.1" 200 27
101.89.239.216 - - [19/Sep/2020:10:17:01 +0800] "GET /xingrg/all/function/internal_message.html?_=1600481080568&CODE_STATE=getMsg HTTP/1.1" 302 -
172.17.0.108 - - [19/Sep/2020:10:17:02 +0800] "GET /xingrg/all/function/internal_message.html?_=1600481818228&CODE_STATE=getMsg HTTP/1.1" 200 27
58.40.7.146 - - [19/Sep/2020:10:17:03 +0800] "GET /xingrg/all/function/internal_message.html?_=1600481820398&CODE_STATE=getMsg HTTP/1.1" 200 27
58.40.7.146 - - [19/Sep/2020:10:17:03 +0800] "GET /xingrg/check_reg.html?_=1600481820400 HTTP/1.1" 200 22
180.157.253.48 - - [19/Sep/2020:10:17:08 +0800] "GET /favicon.ico HTTP/1.1" 404 -
101.89.239.216 - - [19/Sep/2020:10:17:11 +0800] "GET /xingrg/login.html HTTP/1.1" 200 7641
116.238.216.197 - - [19/Sep/2020:10:17:13 +0800] "GET /xingrg/check_reg.html?_=1600482041146 HTTP/1.1" 200 22
116.238.216.197 - - [19/Sep/2020:10:17:14 +0800] "GET /xingrg/all/function/internal_message.html?_=1600482042235&CODE_STATE=getMsg HTTP/1.1" 200 27
117.131.5.26 - - [19/Sep/2020:10:17:26 +0800] "GET /xingrg/all/function/internal_message.html?_=1600481862921&CODE_STATE=getMsg HTTP/1.1" 200 27
116.232.52.72 - - [19/Sep/2020:10:17:27 +0800] "GET /xingrg/all/function/internal_message.html?_=1600481869023&CODE_STATE=getMsg HTTP/1.1" 200 27
116.238.71.173 - - [19/Sep/2020:10:17:28 +0800] "GET /xingrg/all/function/internal_message.html?_=1600481965332&CODE_STATE=getMsg HTTP/1.1" 200 27
114.88.166.242 - - [19/Sep/2020:10:17:30 +0800] "GET /xingrg/all/function/internal_message.html?_=1600481915618&CODE_STATE=getMsg HTTP/1.1" 200 27
116.232.53.181 - - [19/Sep/2020:10:17:31 +0800] "GET /xingrg/all/function/internal_message.html?_=1600481855534&CODE_STATE=getMsg HTTP/1.1" 200 27
117.185.32.26 - - [19/Sep/2020:10:17:31 +0800] "GET /xingrg/all/function/internal_message.html?_=1600481845651&CODE_STATE=getMsg HTTP/1.1" 200 27
172.17.0.100 - - [19/Sep/2020:10:17:32 +0800] "GET /xingrg/all/function/internal_message.html?_=1600481847434&CODE_STATE=getMsg HTTP/1.1" 200 27
120.204.17.72 - - [19/Sep/2020:10:17:38 +0800] "GET /xingrg/all/function/internal_message.html?_=1600481125659&CODE_STATE=getMsg HTTP/1.1" 302 -
120.204.17.72 - - [19/Sep/2020:10:17:44 +0800] "GET /xingrg/login.html HTTP/1.1" 200 7641
180.157.253.48 - - [19/Sep/2020:10:17:44 +0800] "GET /xingrg/all/function/internal_message.html?_=1600481872585&CODE_STATE=getMsg HTTP/1.1" 200 27
58.37.9.106 - - [19/Sep/2020:10:17:53 +0800] "GET /xingrg/all/function/internal_message.html?_=1600481860289&CODE_STATE=getMsg HTTP/1.1" 200 27
120.253.135.82 - - [19/Sep/2020:10:17:54 +0800] "GET /xingrg/all/function/internal_message.html?_=1600481620507&CODE_STATE=getMsg HTTP/1.1" 200 27
222.69.133.240 - - [19/Sep/2020:10:17:55 +0800] "GET /xingrg/all/function/internal_message.html?_=1600481864712&CODE_STATE=getMsg HTTP/1.1" 200 27
180.162.245.190 - - [19/Sep/2020:10:17:57 +0800] "GET /xingrg/all/function/internal_message.html?_=1600481876712&CODE_STATE=getMsg HTTP/1.1" 200 27
218.81.217.115 - - [19/Sep/2020:10:18:00 +0800] "GET /xingrg/all/function/internal_message.html?_=1600481894291&CODE_STATE=getMsg HTTP/1.1" 200 27
172.17.0.108 - - [19/Sep/2020:10:18:02 +0800] "GET /xingrg/all/function/internal_message.html?_=1600481878227&CODE_STATE=getMsg HTTP/1.1" 200 27
58.40.7.146 - - [19/Sep/2020:10:18:03 +0800] "GET /xingrg/all/function/internal_message.html?_=1600481880386&CODE_STATE=getMsg HTTP/1.1" 200 27
116.238.216.197 - - [19/Sep/2020:10:18:14 +0800] "GET /xingrg/all/function/internal_message.html?_=1600482102247&CODE_STATE=getMsg HTTP/1.1" 200 27
180.162.245.190 - - [19/Sep/2020:10:18:18 +0800] "GET /xingrg/index.html?sysBaseUrl=http%3A%2F%2F180.169.147.146%3A18081%2Fxingrg%2F&costTime=35×tamp=1585363447539 HTTP/1.1" 302 -
180.162.245.190 - - [19/Sep/2020:10:18:18 +0800] "GET /xingrg/login.html HTTP/1.1" 200 7641
180.162.245.190 - - [19/Sep/2020:10:18:19 +0800] "GET /favicon.ico HTTP/1.1" 404 -
117.131.5.26 - - [19/Sep/2020:10:18:26 +0800] "GET /xingrg/all/function/internal_message.html?_=1600481922911&CODE_STATE=getMsg HTTP/1.1" 200 27
218.81.217.115 - - [19/Sep/2020:10:18:26 +0800] "GET /xingrg/check_reg.html?_=1600481920725 HTTP/1.1" 200 22
116.232.52.72 - - [19/Sep/2020:10:18:27 +0800] "GET /xingrg/all/function/internal_message.html?_=1600481929031&CODE_STATE=getMsg HTTP/1.1" 200 27
116.238.71.173 - - [19/Sep/2020:10:18:28 +0800] "GET /xingrg/all/function/internal_message.html?_=1600482025346&CODE_STATE=getMsg HTTP/1.1" 200 27
183.192.164.85 - - [19/Sep/2020:10:18:29 +0800] "GET /xingrg/all/function/internal_message.html?_=1600481185660&CODE_STATE=getMsg HTTP/1.1" 302 -
114.88.166.242 - - [19/Sep/2020:10:18:30 +0800] "GET /xingrg/all/function/internal_message.html?_=1600481975617&CODE_STATE=getMsg HTTP/1.1" 200 27
116.232.53.181 - - [19/Sep/2020:10:18:31 +0800] "GET /xingrg/all/function/internal_message.html?_=1600481915521&CODE_STATE=getMsg HTTP/1.1" 200 27
117.185.32.26 - - [19/Sep/2020:10:18:31 +0800] "GET /xingrg/all/function/internal_message.html?_=1600481905650&CODE_STATE=getMsg HTTP/1.1" 200 27
172.17.0.100 - - [19/Sep/2020:10:18:32 +0800] "GET /xingrg/all/function/internal_message.html?_=1600481907433&CODE_STATE=getMsg HTTP/1.1" 200 27
180.162.245.190 - - [19/Sep/2020:10:18:36 +0800] "POST /xingrg/login.do HTTP/1.1" 302 -
180.162.245.190 - - [19/Sep/2020:10:18:36 +0800] "GET /xingrg/index.html?sysBaseUrl=http%3A%2F%2F180.169.147.146%3A18081%2Fxingrg%2F&costTime=42×tamp=1600481916627 HTTP/1.1" 200 17413
180.162.245.190 - - [19/Sep/2020:10:18:36 +0800] "GET /favicon.ico HTTP/1.1" 404 -
180.162.245.190 - - [19/Sep/2020:10:18:37 +0800] "POST /xingrg/all/common/load_tree.html?tree=area_rest_tree_json&manage=1 HTTP/1.1" 200 342
180.162.245.190 - - [19/Sep/2020:10:18:37 +0800] "GET /xingrg/all/function/internal_message.html?_=1600481911223&CODE_STATE=count HTTP/1.1" 200 11
180.162.245.190 - - [19/Sep/2020:10:18:37 +0800] "GET /xingrg/check_reg.html?_=1600481911224 HTTP/1.1" 200 22
180.162.245.190 - - [19/Sep/2020:10:18:37 +0800] "POST /xingrg/load_menu.html HTTP/1.1" 200 9959
183.192.164.85 - - [19/Sep/2020:10:18:38 +0800] "GET /xingrg/login.html HTTP/1.1" 200 7641
180.162.245.190 - - [19/Sep/2020:10:18:40 +0800] "POST /xingrg/load_menu.html HTTP/1.1" 200 9242
180.162.245.190 - - [19/Sep/2020:10:18:41 +0800] "GET /xingrg/all/report/report_query.html?fileName=dma/new_5.0/yingye/order_list.xml HTTP/1.1" 200 55281
180.162.245.190 - - [19/Sep/2020:10:18:41 +0800] "GET /xingrg/dwr/interface/AjaxReportQueryService.js HTTP/1.1" 200 13203
180.162.245.190 - - [19/Sep/2020:10:18:41 +0800] "GET /xingrg/dwr/util.js HTTP/1.1" 304 -
180.162.245.190 - - [19/Sep/2020:10:18:41 +0800] "GET /xingrg/dwr/engine.js HTTP/1.1" 200 43631
180.162.245.190 - - [19/Sep/2020:10:18:42 +0800] "POST /xingrg/dwr/call/plaincall/AjaxReportQueryService.getFixDate.dwr HTTP/1.1" 200 111
180.162.245.190 - - [19/Sep/2020:10:18:42 +0800] "POST /xingrg/all/common/load_tree.html?tree=area_station_tree_json&manage=1 HTTP/1.1" 200 336
180.162.245.190 - - [19/Sep/2020:10:18:42 +0800] "GET /xingrg/javascript/jquery_easy_ui/themes/icons/rest.png HTTP/1.1" 200 695
180.162.245.190 - - [19/Sep/2020:10:18:42 +0800] "POST /xingrg/dwr/call/plaincall/AjaxReportQueryService.getInitString.dwr HTTP/1.1" 200 76
180.162.245.190 - - [19/Sep/2020:10:18:43 +0800] "GET /xingrg/javascript/jquery_easy_ui/themes/icons/area.png HTTP/1.1" 200 262
180.157.253.48 - - [19/Sep/2020:10:18:44 +0800] "GET /xingrg/all/function/internal_message.html?_=1600481932588&CODE_STATE=getMsg HTTP/1.1" 200 27
180.162.245.190 - - [19/Sep/2020:10:18:46 +0800] "POST /xingrg/dwr/call/plaincall/AjaxReportQueryService.refreshCache.dwr HTTP/1.1" 200 78
180.162.245.190 - - [19/Sep/2020:10:18:46 +0800] "POST /xingrg/all/report/load_report_page.html HTTP/1.1" 200 152846
180.162.245.190 - - [19/Sep/2020:10:18:46 +0800] "GET /xingrg/servlets/image?cache=0.1073002150277701&image=px HTTP/1.1" 200 807
180.162.245.190 - - [19/Sep/2020:10:18:49 +0800] "POST /xingrg/all/report/load_report_page.html HTTP/1.1" 200 146707
180.162.245.190 - - [19/Sep/2020:10:18:49 +0800] "GET /xingrg/images/blue/button/advance.gif HTTP/1.1" 200 1354
180.162.245.190 - - [19/Sep/2020:10:18:49 +0800] "GET /xingrg/images/blue/button/advance2.gif HTTP/1.1" 200 1338
180.162.245.190 - - [19/Sep/2020:10:18:49 +0800] "GET /xingrg/servlets/image?cache=0.5938182319312684&image=px HTTP/1.1" 200 807
116.238.71.173 - - [19/Sep/2020:10:18:50 +0800] "GET /xingrg/kc/mdqp/pssh_order_list.html HTTP/1.1" 200 17464
180.162.245.190 - - [19/Sep/2020:10:18:50 +0800] "POST /xingrg/all/report/load_report_page.html HTTP/1.1" 200 72916
116.238.71.173 - - [19/Sep/2020:10:18:50 +0800] "POST /xingrg/kc/mdqp/pssh_list_operate.html HTTP/1.1" 200 5457
180.162.245.190 - - [19/Sep/2020:10:18:50 +0800] "GET /xingrg/servlets/image?cache=0.23495814467154585&image=px HTTP/1.1" 200 807
58.37.9.106 - - [19/Sep/2020:10:18:53 +0800] "GET /xingrg/all/function/internal_message.html?_=1600481920261&CODE_STATE=getMsg HTTP/1.1" 200 27
116.238.71.173 - - [19/Sep/2020:10:18:53 +0800] "POST /xingrg/kc/mdqp/pssh_list_operate.html HTTP/1.1" 200 748
120.253.135.82 - - [19/Sep/2020:10:18:54 +0800] "GET /xingrg/all/function/internal_message.html?_=1600481680519&CODE_STATE=getMsg HTTP/1.1" 200 27
222.69.133.240 - - [19/Sep/2020:10:18:55 +0800] "GET /xingrg/all/function/internal_message.html?_=1600481924706&CODE_STATE=getMsg HTTP/1.1" 200 27
222.69.133.240 - - [19/Sep/2020:10:18:55 +0800] "GET /xingrg/check_reg.html?_=1600481924706 HTTP/1.1" 200 22
180.162.245.190 - - [19/Sep/2020:10:18:57 +0800] "GET /xingrg/all/function/internal_message.html?_=1600481936712&CODE_STATE=getMsg HTTP/1.1" 200 27
180.162.245.190 - - [19/Sep/2020:10:18:57 +0800] "GET /xingrg/check_reg.html?_=1600481936776 HTTP/1.1" 200 22
218.81.217.115 - - [19/Sep/2020:10:19:00 +0800] "GET /xingrg/all/function/internal_message.html?_=1600481954298&CODE_STATE=getMsg HTTP/1.1" 200 27
172.17.0.108 - - [19/Sep/2020:10:19:02 +0800] "GET /xingrg/all/function/internal_message.html?_=1600481938238&CODE_STATE=getMsg HTTP/1.1" 200 27
172.17.0.108 - - [19/Sep/2020:10:19:02 +0800] "GET /xingrg/check_reg.html?_=1600481938239 HTTP/1.1" 200 22
58.40.7.146 - - [19/Sep/2020:10:19:03 +0800] "GET /xingrg/all/function/internal_message.html?_=1600481940389&CODE_STATE=getMsg HTTP/1.1" 200 27
116.238.71.173 - - [19/Sep/2020:10:19:11 +0800] "GET /xingrg/kc/mdqp/pssh_order_info.html?code=312020091800516 HTTP/1.1" 200 17248
116.238.71.173 - - [19/Sep/2020:10:19:11 +0800] "GET /xingrg/javascript/jquery_tools/jquery-1.4.2.min.js HTTP/1.1" 404 1094
116.238.71.173 - - [19/Sep/2020:10:19:11 +0800] "POST /xingrg/kc/mdqp/pssh_order_operate.html HTTP/1.1" 200 3087
116.238.71.173 - - [19/Sep/2020:10:19:12 +0800] "GET /xingrg/all/common/auto_word.html?type=base&rest_code=00151&rest_code=00151 HTTP/1.1" 200 1315
116.238.71.173 - - [19/Sep/2020:10:19:12 +0800] "GET /xingrg/javascript/easyui/themes/default/validatebox.css HTTP/1.1" 404 1104
116.238.216.197 - - [19/Sep/2020:10:19:14 +0800] "GET /xingrg/all/function/internal_message.html?_=1600482162262&CODE_STATE=getMsg HTTP/1.1" 200 27
180.162.245.190 - - [19/Sep/2020:10:19:15 +0800] "GET /xingrg/kc/buy/cgsh_order_add.html HTTP/1.1" 200 59740
180.162.245.190 - - [19/Sep/2020:10:19:16 +0800] "POST /xingrg/kc/buy/cgsh_order_operate.html HTTP/1.1" 200 8245
180.162.245.190 - - [19/Sep/2020:10:19:16 +0800] "GET /xingrg/javascript/easyui/themes/default/validatebox.css HTTP/1.1" 404 1104
58.37.9.106 - - [19/Sep/2020:10:19:26 +0800] "GET /xingrg/check_reg.html?_=1600481952598 HTTP/1.1" 200 22
117.131.5.26 - - [19/Sep/2020:10:19:26 +0800] "GET /xingrg/check_reg.html?_=1600481982966 HTTP/1.1" 200 22
117.131.5.26 - - [19/Sep/2020:10:19:26 +0800] "GET /xingrg/all/function/internal_message.html?_=1600481982965&CODE_STATE=getMsg HTTP/1.1" 200 27
116.232.52.72 - - [19/Sep/2020:10:19:27 +0800] "GET /xingrg/check_reg.html?_=1600481989022 HTTP/1.1" 200 22
116.232.52.72 - - [19/Sep/2020:10:19:27 +0800] "GET /xingrg/all/function/internal_message.html?_=1600481989022&CODE_STATE=getMsg HTTP/1.1" 200 27
116.238.71.173 - - [19/Sep/2020:10:19:28 +0800] "GET /xingrg/all/function/internal_message.html?_=1600482085361&CODE_STATE=getMsg HTTP/1.1" 200 27
114.88.166.242 - - [19/Sep/2020:10:19:30 +0800] "GET /xingrg/all/function/internal_message.html?_=1600482035618&CODE_STATE=getMsg HTTP/1.1" 200 27
116.232.53.181 - - [19/Sep/2020:10:19:31 +0800] "GET /xingrg/all/function/internal_message.html?_=1600481975523&CODE_STATE=getMsg HTTP/1.1" 200 27
117.185.32.26 - - [19/Sep/2020:10:19:31 +0800] "GET /xingrg/all/function/internal_message.html?_=1600481965651&CODE_STATE=getMsg HTTP/1.1" 200 27
117.185.32.26 - - [19/Sep/2020:10:19:31 +0800] "GET /xingrg/check_reg.html?_=1600481965656 HTTP/1.1" 200 22
172.17.0.100 - - [19/Sep/2020:10:19:32 +0800] "GET /xingrg/all/function/internal_message.html?_=1600481967432&CODE_STATE=getMsg HTTP/1.1" 200 27
116.238.71.173 - - [19/Sep/2020:10:19:38 +0800] "POST /xingrg/all/user/operate.html HTTP/1.1" 200 36
116.238.71.173 - - [19/Sep/2020:10:19:39 +0800] "GET /xingrg/javascript/jquery_easy_ui/themes/default/easyui.css HTTP/1.1" 304 -
116.238.71.173 - - [19/Sep/2020:10:19:39 +0800] "GET /xingrg/index.html?sysBaseUrl=http%3A%2F%2F180.169.147.146%3A18081%2Fxingrg%2F&costTime=45×tamp=1600415946787 HTTP/1.1" 200 17179
116.238.71.173 - - [19/Sep/2020:10:19:39 +0800] "GET /xingrg/javascript/jquery_easy_ui/themes/icon.css HTTP/1.1" 304 -
116.238.71.173 - - [19/Sep/2020:10:19:39 +0800] "GET /xingrg/css/form.css HTTP/1.1" 304 -
116.238.71.173 - - [19/Sep/2020:10:19:39 +0800] "GET /xingrg/javascript/jquery-1.4.2.min.js HTTP/1.1" 304 -
116.238.71.173 - - [19/Sep/2020:10:19:39 +0800] "GET /xingrg/javascript/jquery_easy_ui/jquery.easyui.min.js HTTP/1.1" 304 -
116.238.71.173 - - [19/Sep/2020:10:19:39 +0800] "GET /xingrg/javascript/jquery_easy_ui/easyui-lang-zh_CN.js HTTP/1.1" 304 -
116.238.71.173 - - [19/Sep/2020:10:19:39 +0800] "GET /xingrg/javascript/jquery.form.js HTTP/1.1" 304 -
116.238.71.173 - - [19/Sep/2020:10:19:39 +0800] "GET /xingrg/javascript/jquery.utils.js HTTP/1.1" 304 -
116.238.71.173 - - [19/Sep/2020:10:19:39 +0800] "GET /xingrg/javascript/jquery.timers.js HTTP/1.1" 304 -
116.238.71.173 - - [19/Sep/2020:10:19:39 +0800] "GET /xingrg/images/blue/navBackgound.jpg HTTP/1.1" 304 -
116.238.71.173 - - [19/Sep/2020:10:19:39 +0800] "GET /xingrg/images/blue/jxLogo.png HTTP/1.1" 304 -
116.238.71.173 - - [19/Sep/2020:10:19:39 +0800] "GET /xingrg/javascript/jquery_easy_ui/themes/icons/settle_new.png HTTP/1.1" 304 -
116.238.71.173 - - [19/Sep/2020:10:19:39 +0800] "GET /xingrg/images/blue/pingpu.png HTTP/1.1" 304 -
116.238.71.173 - - [19/Sep/2020:10:19:39 +0800] "GET /xingrg/javascript/jquery_easy_ui/themes/default/images/tabs_leftarrow.png HTTP/1.1" 304 -
116.238.71.173 - - [19/Sep/2020:10:19:39 +0800] "POST /xingrg/all/common/load_tree.html?tree=area_rest_tree_json&manage=1 HTTP/1.1" 200 476
116.238.71.173 - - [19/Sep/2020:10:19:39 +0800] "GET /xingrg/javascript/jquery_easy_ui/themes/default/images/panel_tool_collapse.gif HTTP/1.1" 304 -
116.238.71.173 - - [19/Sep/2020:10:19:39 +0800] "GET /xingrg/javascript/jquery_easy_ui/themes/default/images/tabs_rightarrow.png HTTP/1.1" 304 -
116.238.71.173 - - [19/Sep/2020:10:19:39 +0800] "GET /xingrg/check_reg.html?_=1600482095918 HTTP/1.1" 200 22
116.238.71.173 - - [19/Sep/2020:10:19:39 +0800] "GET /xingrg/all/function/internal_message.html?_=1600482095917&CODE_STATE=count HTTP/1.1" 200 11
116.238.71.173 - - [19/Sep/2020:10:19:39 +0800] "GET /xingrg/javascript/jquery_easy_ui/themes/default/images/tree_arrows.gif HTTP/1.1" 304 -
116.238.71.173 - - [19/Sep/2020:10:19:39 +0800] "POST /xingrg/load_menu.html HTTP/1.1" 200 5138
120.253.135.82 - - [19/Sep/2020:10:19:40 +0800] "GET /xingrg/kc/pszx/mdqp_order_list.html?state=10 HTTP/1.1" 200 10565
120.253.135.82 - - [19/Sep/2020:10:19:40 +0800] "POST /xingrg/kc/pszx/mdps_list_operate.html HTTP/1.1" 200 1688
120.253.135.82 - - [19/Sep/2020:10:19:40 +0800] "GET /xingrg/dwr/interface/AjaxReportQueryService.js HTTP/1.1" 200 13203
120.253.135.82 - - [19/Sep/2020:10:19:40 +0800] "GET /xingrg/dwr/interface/AjaxQqpsService.js HTTP/1.1" 200 16326
120.253.135.82 - - [19/Sep/2020:10:19:40 +0800] "GET /xingrg/dwr/engine.js HTTP/1.1" 200 43631
116.238.71.173 - - [19/Sep/2020:10:19:42 +0800] "GET /xingrg/kc/mdqp/pssh_order_list.html HTTP/1.1" 200 17753
116.238.71.173 - - [19/Sep/2020:10:19:42 +0800] "POST /xingrg/kc/mdqp/pssh_list_operate.html HTTP/1.1" 200 5364
120.253.135.82 - - [19/Sep/2020:10:19:43 +0800] "GET /xingrg/kc/pszx/mdth_order_list.html HTTP/1.1" 200 18483
120.253.135.82 - - [19/Sep/2020:10:19:43 +0800] "POST /xingrg/kc/pszx/mdth_order_new_list.html HTTP/1.1" 200 3476
180.157.253.48 - - [19/Sep/2020:10:19:44 +0800] "GET /xingrg/check_reg.html?_=1600481991947 HTTP/1.1" 200 22
180.157.253.48 - - [19/Sep/2020:10:19:44 +0800] "GET /xingrg/all/function/internal_message.html?_=1600481992601&CODE_STATE=getMsg HTTP/1.1" 200 27
116.238.71.173 - - [19/Sep/2020:10:19:45 +0800] "POST /xingrg/kc/mdqp/pssh_list_operate.html HTTP/1.1" 200 356
116.238.71.173 - - [19/Sep/2020:10:19:47 +0800] "GET /xingrg/kc/mdqp/pssh_order_info.html?code=312020091800518 HTTP/1.1" 200 17272
116.238.71.173 - - [19/Sep/2020:10:19:47 +0800] "GET /xingrg/javascript/jquery_tools/jquery-1.4.2.min.js HTTP/1.1" 404 1094
116.238.71.173 - - [19/Sep/2020:10:19:47 +0800] "POST /xingrg/kc/mdqp/pssh_order_operate.html HTTP/1.1" 200 1039
116.238.71.173 - - [19/Sep/2020:10:19:47 +0800] "GET /xingrg/all/common/auto_word.html?type=base&rest_code=00150&rest_code=00150 HTTP/1.1" 200 1653
116.238.71.173 - - [19/Sep/2020:10:19:47 +0800] "GET /xingrg/javascript/easyui/themes/default/validatebox.css HTTP/1.1" 404 1104
120.253.135.82 - - [19/Sep/2020:10:19:48 +0800] "GET /xingrg/kc/pszx/mdqp_order_list.html?state=10 HTTP/1.1" 200 10565
120.253.135.82 - - [19/Sep/2020:10:19:49 +0800] "GET /xingrg/dwr/interface/AjaxQqpsService.js HTTP/1.1" 200 16326
120.253.135.82 - - [19/Sep/2020:10:19:49 +0800] "GET /xingrg/dwr/interface/AjaxReportQueryService.js HTTP/1.1" 200 13203
120.253.135.82 - - [19/Sep/2020:10:19:49 +0800] "GET /xingrg/dwr/engine.js HTTP/1.1" 200 43631
120.253.135.82 - - [19/Sep/2020:10:19:52 +0800] "GET /xingrg/kc/pszx/mdth_order_list.html HTTP/1.1" 200 18483
120.253.135.82 - - [19/Sep/2020:10:19:52 +0800] "POST /xingrg/kc/pszx/mdth_order_new_list.html HTTP/1.1" 200 3476
58.37.9.106 - - [19/Sep/2020:10:19:53 +0800] "GET /xingrg/all/function/internal_message.html?_=1600481980244&CODE_STATE=getMsg HTTP/1.1" 200 27
120.253.135.82 - - [19/Sep/2020:10:19:54 +0800] "GET /xingrg/check_reg.html?_=1600481740146 HTTP/1.1" 200 22
120.253.135.82 - - [19/Sep/2020:10:19:54 +0800] "GET /xingrg/all/function/internal_message.html?_=1600481740533&CODE_STATE=getMsg HTTP/1.1" 200 27
222.69.133.240 - - [19/Sep/2020:10:19:55 +0800] "GET /xingrg/all/function/internal_message.html?_=1600481984717&CODE_STATE=getMsg HTTP/1.1" 200 27
180.162.245.190 - - [19/Sep/2020:10:19:57 +0800] "GET /xingrg/all/function/internal_message.html?_=1600481996738&CODE_STATE=getMsg HTTP/1.1" 200 27
218.81.217.115 - - [19/Sep/2020:10:20:00 +0800] "GET /xingrg/all/function/internal_message.html?_=1600482014313&CODE_STATE=getMsg HTTP/1.1" 200 27
172.17.0.108 - - [19/Sep/2020:10:20:02 +0800] "GET /xingrg/all/function/internal_message.html?_=1600481998244&CODE_STATE=getMsg HTTP/1.1" 200 27
58.40.7.146 - - [19/Sep/2020:10:20:03 +0800] "GET /xingrg/all/function/internal_message.html?_=1600482000392&CODE_STATE=getMsg HTTP/1.1" 200 27
116.238.216.197 - - [19/Sep/2020:10:20:14 +0800] "GET /xingrg/all/function/internal_message.html?_=1600482222419&CODE_STATE=getMsg HTTP/1.1" 200 27
172.17.0.100 - - [19/Sep/2020:10:20:16 +0800] "GET /xingrg/kc/buy/cgsh_order_list.html HTTP/1.1" 200 43988
172.17.0.100 - - [19/Sep/2020:10:20:16 +0800] "POST /xingrg/kc/buy/cgsh_list_operate.html HTTP/1.1" 200 876
172.17.0.100 - - [19/Sep/2020:10:20:17 +0800] "GET /xingrg/kc/buy/cgsh_order_add.html HTTP/1.1" 200 59673
172.17.0.100 - - [19/Sep/2020:10:20:17 +0800] "POST /xingrg/kc/buy/cgsh_order_operate.html HTTP/1.1" 200 8245
172.17.0.100 - - [19/Sep/2020:10:20:17 +0800] "GET /xingrg/javascript/easyui/themes/default/validatebox.css HTTP/1.1" 404 1104
117.131.5.26 - - [19/Sep/2020:10:20:26 +0800] "GET /xingrg/all/function/internal_message.html?_=1600482042962&CODE_STATE=getMsg HTTP/1.1" 200 27
116.232.52.72 - - [19/Sep/2020:10:20:26 +0800] "GET /xingrg/all/function/internal_message.html?_=1600482049011&CODE_STATE=getMsg HTTP/1.1" 200 27
114.88.166.242 - - [19/Sep/2020:10:20:30 +0800] "GET /xingrg/all/function/internal_message.html?_=1600482095617&CODE_STATE=getMsg HTTP/1.1" 200 27
116.232.53.181 - - [19/Sep/2020:10:20:31 +0800] "GET /xingrg/check_reg.html?_=1600482035531 HTTP/1.1" 200 22
116.232.53.181 - - [19/Sep/2020:10:20:31 +0800] "GET /xingrg/all/function/internal_message.html?_=1600482035535&CODE_STATE=getMsg HTTP/1.1" 200 27
117.185.32.26 - - [19/Sep/2020:10:20:31 +0800] "GET /xingrg/all/function/internal_message.html?_=1600482025655&CODE_STATE=getMsg HTTP/1.1" 200 27
172.17.0.100 - - [19/Sep/2020:10:20:32 +0800] "GET /xingrg/all/function/internal_message.html?_=1600482027434&CODE_STATE=getMsg HTTP/1.1" 200 27
172.17.0.100 - - [19/Sep/2020:10:20:32 +0800] "GET /xingrg/kc/buy/cgsh_order_operate.html?command=get_materiel&rest_code=00147&code=00101011007&supplier_code=00100046&order_time=2020-09-19 HTTP/1.1" 200 414
116.238.71.173 - - [19/Sep/2020:10:20:39 +0800] "GET /xingrg/all/function/internal_message.html?_=1600482155919&CODE_STATE=getMsg HTTP/1.1" 200 27
180.157.253.48 - - [19/Sep/2020:10:20:44 +0800] "GET /xingrg/all/function/internal_message.html?_=1600482052614&CODE_STATE=getMsg HTTP/1.1" 200 27
183.192.164.71 - - [19/Sep/2020:10:20:48 +0800] "GET /xingrg/all/function/internal_message.html?_=1600481305661&CODE_STATE=getMsg HTTP/1.1" 302 -
183.192.164.71 - - [19/Sep/2020:10:20:52 +0800] "GET /xingrg/login.html HTTP/1.1" 200 7641
58.37.9.106 - - [19/Sep/2020:10:20:53 +0800] "GET /xingrg/all/function/internal_message.html?_=1600482040214&CODE_STATE=getMsg HTTP/1.1" 200 27
120.253.135.82 - - [19/Sep/2020:10:20:54 +0800] "GET /xingrg/all/function/internal_message.html?_=1600481800595&CODE_STATE=getMsg HTTP/1.1" 200 27
222.69.133.240 - - [19/Sep/2020:10:20:55 +0800] "GET /xingrg/all/function/internal_message.html?_=1600482044714&CODE_STATE=getMsg HTTP/1.1" 200 27
180.162.245.190 - - [19/Sep/2020:10:20:57 +0800] "GET /xingrg/all/function/internal_message.html?_=1600482056720&CODE_STATE=getMsg HTTP/1.1" 200 27
120.204.17.72 - - [19/Sep/2020:10:21:00 +0800] "GET /xingrg/all/function/internal_message.html?_=1600481245659&CODE_STATE=getMsg HTTP/1.1" 302 -
218.81.217.115 - - [19/Sep/2020:10:21:00 +0800] "GET /xingrg/all/function/internal_message.html?_=1600482074763&CODE_STATE=getMsg HTTP/1.1" 200 27
172.17.0.100 - - [19/Sep/2020:10:21:00 +0800] "GET /xingrg/kc/buy/cgsh_order_operate.html?command=get_materiel&rest_code=00147&code=00101011005&supplier_code=00100046&order_time=2020-09-19 HTTP/1.1" 200 429
172.17.0.108 - - [19/Sep/2020:10:21:02 +0800] "GET /xingrg/all/function/internal_message.html?_=1600482058243&CODE_STATE=getMsg HTTP/1.1" 200 27
58.40.7.146 - - [19/Sep/2020:10:21:03 +0800] "GET /xingrg/all/function/internal_message.html?_=1600482060397&CODE_STATE=getMsg HTTP/1.1" 200 27
120.204.17.72 - - [19/Sep/2020:10:21:07 +0800] "GET /xingrg/login.html HTTP/1.1" 200 7641
172.17.0.100 - - [19/Sep/2020:10:21:09 +0800] "POST /xingrg/kc/buy/cgsh_order_operate.html HTTP/1.1" 200 37
172.17.0.100 - - [19/Sep/2020:10:21:10 +0800] "POST /xingrg/kc/buy/cgsh_order_operate.html HTTP/1.1" 200 3247
172.17.0.100 - - [19/Sep/2020:10:21:12 +0800] "GET /xingrg/kc/print/load_config.html?kc_code=cgsh HTTP/1.1" 200 1845
172.17.0.100 - - [19/Sep/2020:10:21:12 +0800] "GET /xingrg/kc/print/load_data.html?order_code=212020091908065&kc_code=cgsh&condition= HTTP/1.1" 200 925
116.238.216.197 - - [19/Sep/2020:10:21:14 +0800] "GET /xingrg/all/function/internal_message.html?_=1600482282429&CODE_STATE=getMsg HTTP/1.1" 200 27
117.131.5.26 - - [19/Sep/2020:10:21:26 +0800] "GET /xingrg/all/function/internal_message.html?_=1600482102960&CODE_STATE=getMsg HTTP/1.1" 200 27
116.232.52.72 - - [19/Sep/2020:10:21:26 +0800] "GET /xingrg/all/function/internal_message.html?_=1600482109015&CODE_STATE=getMsg HTTP/1.1" 200 27
101.91.60.104 - - [19/Sep/2020:10:21:30 +0800] "GET /xingrg/check_reg.html?_=1600481352589 HTTP/1.1" 302 -
114.88.166.242 - - [19/Sep/2020:10:21:30 +0800] "GET /xingrg/check_reg.html?_=1600482155622 HTTP/1.1" 200 22
114.88.166.242 - - [19/Sep/2020:10:21:30 +0800] "GET /xingrg/all/function/internal_message.html?_=1600482155619&CODE_STATE=getMsg HTTP/1.1" 200 27
116.232.53.181 - - [19/Sep/2020:10:21:31 +0800] "GET /xingrg/all/function/internal_message.html?_=1600482095521&CODE_STATE=getMsg HTTP/1.1" 200 27
117.185.32.26 - - [19/Sep/2020:10:21:31 +0800] "GET /xingrg/all/function/internal_message.html?_=1600482085655&CODE_STATE=getMsg HTTP/1.1" 200 27
172.17.0.100 - - [19/Sep/2020:10:21:32 +0800] "GET /xingrg/check_reg.html?_=1600482087444 HTTP/1.1" 200 22
172.17.0.100 - - [19/Sep/2020:10:21:32 +0800] "GET /xingrg/all/function/internal_message.html?_=1600482087445&CODE_STATE=getMsg HTTP/1.1" 200 27
116.238.71.173 - - [19/Sep/2020:10:21:39 +0800] "GET /xingrg/all/function/internal_message.html?_=1600482215936&CODE_STATE=getMsg HTTP/1.1" 200 27
101.91.60.104 - - [19/Sep/2020:10:21:40 +0800] "GET /xingrg/login.html HTTP/1.1" 200 7641
120.204.17.71 - - [19/Sep/2020:10:21:44 +0800] "GET /xingrg/check_reg.html?_=1600481365660 HTTP/1.1" 302 -
180.157.253.48 - - [19/Sep/2020:10:21:44 +0800] "GET /xingrg/all/function/internal_message.html?_=1600482112627&CODE_STATE=getMsg HTTP/1.1" 200 27
120.204.17.71 - - [19/Sep/2020:10:21:47 +0800] "GET /xingrg/login.html HTTP/1.1" 200 7641
58.37.9.106 - - [19/Sep/2020:10:21:53 +0800] "GET /xingrg/all/function/internal_message.html?_=1600482100187&CODE_STATE=getMsg HTTP/1.1" 200 27
120.253.135.82 - - [19/Sep/2020:10:21:54 +0800] "GET /xingrg/all/function/internal_message.html?_=1600481860607&CODE_STATE=getMsg HTTP/1.1" 200 27
222.69.133.240 - - [19/Sep/2020:10:21:55 +0800] "GET /xingrg/all/function/internal_message.html?_=1600482104709&CODE_STATE=getMsg HTTP/1.1" 200 27
58.247.206.153 - - [19/Sep/2020:10:21:56 +0800] "GET /xingrg/all/function/internal_message.html?_=1600481380477&CODE_STATE=getMsg HTTP/1.1" 302 -
180.162.245.190 - - [19/Sep/2020:10:21:57 +0800] "GET /xingrg/all/function/internal_message.html?_=1600482116716&CODE_STATE=getMsg HTTP/1.1" 200 27
