117.184.7.26 - - [18/Sep/2020:10:39:05 +0800] "GET /xingrg/kc/buy/cgsh_order_operate.html?command=get_materiel&rest_code=00108&code=00101008255&supplier_code=00100008&order_time=2020-09-18 HTTP/1.1" 200 412
180.162.245.190 - - [18/Sep/2020:10:39:06 +0800] "GET /xingrg/kc/buy/cgsh_order_add.html HTTP/1.1" 200 59781
116.238.71.173 - - [18/Sep/2020:10:39:06 +0800] "GET /xingrg/all/function/internal_message.html?_=1600396744520&CODE_STATE=getMsg HTTP/1.1" 200 27
180.162.245.190 - - [18/Sep/2020:10:39:07 +0800] "POST /xingrg/kc/buy/cgsh_order_operate.html HTTP/1.1" 200 8245
180.162.245.190 - - [18/Sep/2020:10:39:07 +0800] "GET /xingrg/javascript/easyui/themes/default/validatebox.css HTTP/1.1" 404 1104
58.40.7.146 - - [18/Sep/2020:10:39:08 +0800] "GET /xingrg/all/function/internal_message.html?_=1600396746534&CODE_STATE=getMsg HTTP/1.1" 200 27
117.184.7.26 - - [18/Sep/2020:10:39:09 +0800] "POST /xingrg/kc/buy/cgsh_order_operate.html HTTP/1.1" 200 2065
180.162.245.190 - - [18/Sep/2020:10:39:10 +0800] "GET /xingrg/all/function/internal_message.html?_=1600396749735&CODE_STATE=getMsg HTTP/1.1" 200 27
117.184.7.26 - - [18/Sep/2020:10:39:12 +0800] "GET /xingrg/kc/buy/cgsh_order_operate.html?command=get_materiel&rest_code=00108&code=00101008168&supplier_code=00100008&order_time=2020-09-18 HTTP/1.1" 200 412
180.162.245.190 - - [18/Sep/2020:10:39:17 +0800] "GET /xingrg/kc/buy/cgsh_order_operate.html?command=get_materiel&rest_code=00105&code=00101002006&supplier_code=00100091&order_time=2020-09-18 HTTP/1.1" 200 414
172.17.0.115 - - [18/Sep/2020:10:39:18 +0800] "GET /xingrg/check_reg.html?_=1600396771988 HTTP/1.1" 200 22
172.17.0.115 - - [18/Sep/2020:10:39:19 +0800] "GET /xingrg/all/function/internal_message.html?_=1600396772421&CODE_STATE=getMsg HTTP/1.1" 200 27
120.253.135.82 - - [18/Sep/2020:10:39:19 +0800] "GET /xingrg/all/function/internal_message.html?_=1600396868699&CODE_STATE=getMsg HTTP/1.1" 200 27
117.184.7.26 - - [18/Sep/2020:10:39:19 +0800] "GET /xingrg/kc/buy/cgsh_order_operate.html?command=get_materiel&rest_code=00108&code=00101015038&supplier_code=00100008&order_time=2020-09-18 HTTP/1.1" 200 418
114.88.166.242 - - [18/Sep/2020:10:39:22 +0800] "GET /xingrg/all/function/internal_message.html?_=1600396756678&CODE_STATE=getMsg HTTP/1.1" 200 27
117.184.7.26 - - [18/Sep/2020:10:39:28 +0800] "GET /xingrg/kc/buy/cgsh_order_operate.html?command=get_materiel&rest_code=00108&code=00101008229&supplier_code=00100008&order_time=2020-09-18 HTTP/1.1" 200 439
117.185.32.26 - - [18/Sep/2020:10:39:29 +0800] "GET /xingrg/all/function/internal_message.html?_=1600396764596&CODE_STATE=getMsg HTTP/1.1" 200 27
218.81.217.115 - - [18/Sep/2020:10:39:30 +0800] "GET /xingrg/all/function/internal_message.html?_=1600396781105&CODE_STATE=getMsg HTTP/1.1" 200 27
116.238.216.197 - - [18/Sep/2020:10:39:30 +0800] "GET /xingrg/all/function/internal_message.html?_=1600396976900&CODE_STATE=getMsg HTTP/1.1" 200 27
120.253.135.82 - - [18/Sep/2020:10:39:31 +0800] "GET /xingrg/check_reg.html?_=1600396518358 HTTP/1.1" 200 22
222.69.137.125 - - [18/Sep/2020:10:39:33 +0800] "GET /xingrg/all/function/internal_message.html?_=1600396764018&CODE_STATE=getMsg HTTP/1.1" 200 27
114.88.166.242 - - [18/Sep/2020:10:39:36 +0800] "GET /xingrg/all/function/internal_message.html?_=1600396840989&CODE_STATE=getMsg HTTP/1.1" 200 27
120.253.135.82 - - [18/Sep/2020:10:39:36 +0800] "GET /xingrg/all/function/internal_message.html?_=1600396523863&CODE_STATE=getMsg HTTP/1.1" 200 27
180.162.245.190 - - [18/Sep/2020:10:39:37 +0800] "GET /xingrg/kc/buy/cgsh_order_operate.html?command=get_materiel&rest_code=00105&code=00101002034&supplier_code=00100091&order_time=2020-09-18 HTTP/1.1" 200 409
117.184.7.26 - - [18/Sep/2020:10:39:37 +0800] "GET /xingrg/kc/buy/cgsh_order_operate.html?command=get_materiel&rest_code=00108&code=00101008041&supplier_code=00100008&order_time=2020-09-18 HTTP/1.1" 200 427
172.17.200.101 - - [18/Sep/2020:10:39:41 +0800] "GET /xingrg/all/function/internal_message.html?_=1600396782133&CODE_STATE=getMsg HTTP/1.1" 200 27
117.184.7.26 - - [18/Sep/2020:10:39:43 +0800] "GET /xingrg/all/function/internal_message.html?_=1600396773566&CODE_STATE=getMsg HTTP/1.1" 200 27
180.162.245.190 - - [18/Sep/2020:10:39:43 +0800] "GET /xingrg/kc/buy/cgsh_order_operate.html?command=get_materiel&rest_code=00105&code=00101003066&supplier_code=00100091&order_time=2020-09-18 HTTP/1.1" 200 414
172.17.0.120 - - [18/Sep/2020:10:39:45 +0800] "GET /xingrg/all/function/internal_message.html?_=1600396782823&CODE_STATE=getMsg HTTP/1.1" 200 27
117.184.7.26 - - [18/Sep/2020:10:39:50 +0800] "POST /xingrg/kc/buy/cgsh_order_operate.html HTTP/1.1" 200 37
114.88.166.242 - - [18/Sep/2020:10:39:51 +0800] "GET /xingrg/all/function/internal_message.html?_=1600396785990&CODE_STATE=getMsg HTTP/1.1" 200 27
172.17.0.100 - - [18/Sep/2020:10:39:52 +0800] "GET /xingrg/all/function/internal_message.html?_=1600396789245&CODE_STATE=getMsg HTTP/1.1" 200 27
116.230.74.197 - - [18/Sep/2020:10:39:54 +0800] "GET /xingrg/all/function/internal_message.html?_=1600396782959&CODE_STATE=getMsg HTTP/1.1" 200 27
58.40.7.146 - - [18/Sep/2020:10:39:56 +0800] "GET /xingrg/all/function/internal_message.html?_=1600396794531&CODE_STATE=getMsg HTTP/1.1" 200 27
172.17.0.123 - - [18/Sep/2020:10:39:58 +0800] "GET /xingrg/all/function/internal_message.html?_=1600396794261&CODE_STATE=getMsg HTTP/1.1" 200 27
180.162.245.190 - - [18/Sep/2020:10:40:01 +0800] "GET /xingrg/kc/buy/cgsh_order_operate.html?command=get_materiel&rest_code=00105&code=00101003062&supplier_code=00100091&order_time=2020-09-18 HTTP/1.1" 200 401
58.40.7.146 - - [18/Sep/2020:10:40:01 +0800] "GET /xingrg/all/function/internal_message.html?_=1600396799328&CODE_STATE=getMsg HTTP/1.1" 200 27
180.162.245.190 - - [18/Sep/2020:10:40:04 +0800] "GET /xingrg/check_reg.html?_=1600396787096 HTTP/1.1" 200 22
180.162.245.190 - - [18/Sep/2020:10:40:04 +0800] "GET /xingrg/all/function/internal_message.html?_=1600396787099&CODE_STATE=getMsg HTTP/1.1" 200 27
116.238.71.173 - - [18/Sep/2020:10:40:06 +0800] "GET /xingrg/all/function/internal_message.html?_=1600396804547&CODE_STATE=getMsg HTTP/1.1" 200 27
58.40.7.146 - - [18/Sep/2020:10:40:08 +0800] "GET /xingrg/all/function/internal_message.html?_=1600396806536&CODE_STATE=getMsg HTTP/1.1" 200 27
180.162.245.190 - - [18/Sep/2020:10:40:10 +0800] "GET /xingrg/all/function/internal_message.html?_=1600396809741&CODE_STATE=getMsg HTTP/1.1" 200 27
172.17.0.115 - - [18/Sep/2020:10:40:19 +0800] "GET /xingrg/all/function/internal_message.html?_=1600396832434&CODE_STATE=getMsg HTTP/1.1" 200 27
120.253.135.82 - - [18/Sep/2020:10:40:19 +0800] "GET /xingrg/all/function/internal_message.html?_=1600396928870&CODE_STATE=getMsg HTTP/1.1" 200 27
117.131.5.26 - - [18/Sep/2020:10:40:20 +0800] "POST /xingrg/services/DataTransmitService HTTP/1.1" 200 524
117.131.5.26 - - [18/Sep/2020:10:40:20 +0800] "POST /xingrg/services/DataTransmitService HTTP/1.1" 200 501
114.88.166.242 - - [18/Sep/2020:10:40:22 +0800] "GET /xingrg/all/function/internal_message.html?_=1600396816752&CODE_STATE=getMsg HTTP/1.1" 200 27
180.162.245.190 - - [18/Sep/2020:10:40:24 +0800] "POST /xingrg/kc/buy/cgsh_order_operate.html HTTP/1.1" 200 37
180.162.245.190 - - [18/Sep/2020:10:40:24 +0800] "POST /xingrg/kc/buy/cgsh_order_operate.html HTTP/1.1" 200 4460
180.162.245.190 - - [18/Sep/2020:10:40:26 +0800] "GET /xingrg/kc/print/load_data.html?order_code=212020091807595&kc_code=cgsh&condition= HTTP/1.1" 200 1443
180.162.245.190 - - [18/Sep/2020:10:40:29 +0800] "GET /xingrg/kc/buy/cgsh_order_add.html HTTP/1.1" 200 59781
117.185.32.26 - - [18/Sep/2020:10:40:29 +0800] "GET /xingrg/all/function/internal_message.html?_=1600396824570&CODE_STATE=getMsg HTTP/1.1" 200 27
180.162.245.190 - - [18/Sep/2020:10:40:29 +0800] "GET /xingrg/javascript/easyui/themes/default/validatebox.css HTTP/1.1" 404 1104
180.162.245.190 - - [18/Sep/2020:10:40:29 +0800] "POST /xingrg/kc/buy/cgsh_order_operate.html HTTP/1.1" 200 8245
116.238.216.197 - - [18/Sep/2020:10:40:30 +0800] "GET /xingrg/all/function/internal_message.html?_=1600397036915&CODE_STATE=getMsg HTTP/1.1" 200 27
218.81.217.115 - - [18/Sep/2020:10:40:30 +0800] "GET /xingrg/all/function/internal_message.html?_=1600396841665&CODE_STATE=getMsg HTTP/1.1" 200 27
222.69.137.125 - - [18/Sep/2020:10:40:33 +0800] "GET /xingrg/all/function/internal_message.html?_=1600396824001&CODE_STATE=getMsg HTTP/1.1" 200 27
114.88.166.242 - - [18/Sep/2020:10:40:36 +0800] "GET /xingrg/all/function/internal_message.html?_=1600396900989&CODE_STATE=getMsg HTTP/1.1" 200 27
120.253.135.82 - - [18/Sep/2020:10:40:36 +0800] "GET /xingrg/all/function/internal_message.html?_=1600396583877&CODE_STATE=getMsg HTTP/1.1" 200 27
180.162.245.190 - - [18/Sep/2020:10:40:41 +0800] "GET /xingrg/kc/buy/cgsh_order_operate.html?command=get_materiel&rest_code=00105&code=00101006001&supplier_code=00100404&order_time=2020-09-18 HTTP/1.1" 200 450
172.17.200.101 - - [18/Sep/2020:10:40:41 +0800] "GET /xingrg/all/function/internal_message.html?_=1600396842135&CODE_STATE=getMsg HTTP/1.1" 200 27
172.17.0.120 - - [18/Sep/2020:10:40:45 +0800] "GET /xingrg/all/function/internal_message.html?_=1600396842831&CODE_STATE=getMsg HTTP/1.1" 200 27
172.17.0.120 - - [18/Sep/2020:10:40:45 +0800] "GET /xingrg/check_reg.html?_=1600396842828 HTTP/1.1" 200 22
114.88.166.242 - - [18/Sep/2020:10:40:51 +0800] "GET /xingrg/all/function/internal_message.html?_=1600396845998&CODE_STATE=getMsg HTTP/1.1" 200 27
172.17.0.100 - - [18/Sep/2020:10:40:52 +0800] "GET /xingrg/all/function/internal_message.html?_=1600396849245&CODE_STATE=getMsg HTTP/1.1" 200 27
222.69.137.125 - - [18/Sep/2020:10:40:52 +0800] "GET /favicon.ico HTTP/1.1" 404 -
180.162.245.190 - - [18/Sep/2020:10:40:53 +0800] "POST /xingrg/kc/buy/cgsh_order_operate.html HTTP/1.1" 200 37
116.230.74.197 - - [18/Sep/2020:10:40:53 +0800] "GET /xingrg/all/function/internal_message.html?_=1600396842944&CODE_STATE=getMsg HTTP/1.1" 200 27
58.40.7.146 - - [18/Sep/2020:10:40:56 +0800] "GET /xingrg/check_reg.html?_=1600396854516 HTTP/1.1" 200 22
58.40.7.146 - - [18/Sep/2020:10:40:56 +0800] "GET /xingrg/all/function/internal_message.html?_=1600396854517&CODE_STATE=getMsg HTTP/1.1" 200 27
120.253.135.82 - - [18/Sep/2020:10:40:57 +0800] "GET /xingrg/check_reg.html?_=1600396966232 HTTP/1.1" 200 22
180.162.245.190 - - [18/Sep/2020:10:40:57 +0800] "POST /xingrg/kc/buy/cgsh_order_operate.html HTTP/1.1" 200 2675
172.17.0.123 - - [18/Sep/2020:10:40:58 +0800] "GET /xingrg/all/function/internal_message.html?_=1600396854263&CODE_STATE=getMsg HTTP/1.1" 200 27
180.162.245.190 - - [18/Sep/2020:10:40:59 +0800] "GET /xingrg/kc/print/load_data.html?order_code=212020091807596&kc_code=cgsh&condition= HTTP/1.1" 200 703
58.40.7.146 - - [18/Sep/2020:10:41:01 +0800] "GET /xingrg/all/function/internal_message.html?_=1600396859330&CODE_STATE=getMsg HTTP/1.1" 200 27
180.162.245.190 - - [18/Sep/2020:10:41:04 +0800] "GET /xingrg/all/function/internal_message.html?_=1600396847099&CODE_STATE=getMsg HTTP/1.1" 200 27
116.238.71.173 - - [18/Sep/2020:10:41:06 +0800] "GET /xingrg/all/function/internal_message.html?_=1600396864597&CODE_STATE=getMsg HTTP/1.1" 200 27
58.40.7.146 - - [18/Sep/2020:10:41:08 +0800] "GET /xingrg/all/function/internal_message.html?_=1600396866540&CODE_STATE=getMsg HTTP/1.1" 200 27
180.162.245.190 - - [18/Sep/2020:10:41:09 +0800] "GET /xingrg/kc/buy/cgsh_order_add.html HTTP/1.1" 200 59781
180.162.245.190 - - [18/Sep/2020:10:41:09 +0800] "POST /xingrg/kc/buy/cgsh_order_operate.html HTTP/1.1" 200 8245
180.162.245.190 - - [18/Sep/2020:10:41:09 +0800] "GET /xingrg/javascript/easyui/themes/default/validatebox.css HTTP/1.1" 404 1104
180.162.245.190 - - [18/Sep/2020:10:41:10 +0800] "GET /xingrg/check_reg.html?_=1600396869742 HTTP/1.1" 200 22
180.162.245.190 - - [18/Sep/2020:10:41:10 +0800] "GET /xingrg/all/function/internal_message.html?_=1600396869744&CODE_STATE=getMsg HTTP/1.1" 200 27
114.88.166.242 - - [18/Sep/2020:10:41:11 +0800] "GET /xingrg/check_reg.html?_=1600396865546 HTTP/1.1" 200 22
172.17.0.115 - - [18/Sep/2020:10:41:19 +0800] "GET /xingrg/all/function/internal_message.html?_=1600396892447&CODE_STATE=getMsg HTTP/1.1" 200 27
120.253.135.82 - - [18/Sep/2020:10:41:19 +0800] "GET /xingrg/all/function/internal_message.html?_=1600396988883&CODE_STATE=getMsg HTTP/1.1" 200 27
114.88.166.242 - - [18/Sep/2020:10:41:22 +0800] "GET /xingrg/all/function/internal_message.html?_=1600396876764&CODE_STATE=getMsg HTTP/1.1" 200 27
180.162.245.190 - - [18/Sep/2020:10:41:22 +0800] "GET /xingrg/kc/buy/cgsh_order_operate.html?command=get_materiel&rest_code=00105&code=00101008061&supplier_code=00100339&order_time=2020-09-18 HTTP/1.1" 200 423
117.185.32.26 - - [18/Sep/2020:10:41:29 +0800] "GET /xingrg/all/function/internal_message.html?_=1600396884549&CODE_STATE=getMsg HTTP/1.1" 200 27
218.81.217.115 - - [18/Sep/2020:10:41:30 +0800] "GET /xingrg/all/function/internal_message.html?_=1600396901678&CODE_STATE=getMsg HTTP/1.1" 200 27
222.69.137.125 - - [18/Sep/2020:10:41:33 +0800] "GET /xingrg/all/function/internal_message.html?_=1600396883990&CODE_STATE=getMsg HTTP/1.1" 200 27
222.69.137.125 - - [18/Sep/2020:10:41:34 +0800] "GET /xingrg/check_reg.html?_=1600396884475 HTTP/1.1" 200 22
114.88.166.242 - - [18/Sep/2020:10:41:36 +0800] "GET /xingrg/all/function/internal_message.html?_=1600396960989&CODE_STATE=getMsg HTTP/1.1" 200 27
120.253.135.82 - - [18/Sep/2020:10:41:37 +0800] "GET /xingrg/all/function/internal_message.html?_=1600396644080&CODE_STATE=getMsg HTTP/1.1" 200 27
180.162.245.190 - - [18/Sep/2020:10:41:41 +0800] "GET /xingrg/kc/buy/cgsh_order_operate.html?command=get_materiel&rest_code=00105&code=00101008314&supplier_code=00100339&order_time=2020-09-18 HTTP/1.1" 200 413
172.17.200.101 - - [18/Sep/2020:10:41:41 +0800] "GET /xingrg/all/function/internal_message.html?_=1600396902137&CODE_STATE=getMsg HTTP/1.1" 200 27
172.17.0.120 - - [18/Sep/2020:10:41:45 +0800] "GET /xingrg/all/function/internal_message.html?_=1600396902819&CODE_STATE=getMsg HTTP/1.1" 200 27
180.162.245.190 - - [18/Sep/2020:10:41:46 +0800] "POST /xingrg/kc/buy/cgsh_order_operate.html HTTP/1.1" 200 37
180.162.245.190 - - [18/Sep/2020:10:41:49 +0800] "POST /xingrg/kc/buy/cgsh_order_operate.html HTTP/1.1" 200 3258
180.162.245.190 - - [18/Sep/2020:10:41:50 +0800] "GET /xingrg/kc/print/load_data.html?order_code=212020091807597&kc_code=cgsh&condition= HTTP/1.1" 200 908
114.88.166.242 - - [18/Sep/2020:10:41:51 +0800] "GET /xingrg/all/function/internal_message.html?_=1600396905990&CODE_STATE=getMsg HTTP/1.1" 200 27
172.17.0.100 - - [18/Sep/2020:10:41:52 +0800] "GET /xingrg/all/function/internal_message.html?_=1600396909245&CODE_STATE=getMsg HTTP/1.1" 200 27
180.162.245.190 - - [18/Sep/2020:10:41:53 +0800] "GET /xingrg/kc/buy/cgsh_order_add.html HTTP/1.1" 200 59781
116.230.74.197 - - [18/Sep/2020:10:41:53 +0800] "GET /xingrg/all/function/internal_message.html?_=1600396902921&CODE_STATE=getMsg HTTP/1.1" 200 27
180.162.245.190 - - [18/Sep/2020:10:41:53 +0800] "GET /xingrg/javascript/easyui/themes/default/validatebox.css HTTP/1.1" 404 1104
180.162.245.190 - - [18/Sep/2020:10:41:53 +0800] "POST /xingrg/kc/buy/cgsh_order_operate.html HTTP/1.1" 200 8245
58.40.7.146 - - [18/Sep/2020:10:41:56 +0800] "GET /xingrg/all/function/internal_message.html?_=1600396914521&CODE_STATE=getMsg HTTP/1.1" 200 27
172.17.0.123 - - [18/Sep/2020:10:41:58 +0800] "GET /xingrg/all/function/internal_message.html?_=1600396914263&CODE_STATE=getMsg HTTP/1.1" 200 27
58.40.7.146 - - [18/Sep/2020:10:42:01 +0800] "GET /xingrg/all/function/internal_message.html?_=1600396919332&CODE_STATE=getMsg HTTP/1.1" 200 27
58.40.7.146 - - [18/Sep/2020:10:42:01 +0800] "GET /xingrg/check_reg.html?_=1600396919334 HTTP/1.1" 200 22
180.162.245.190 - - [18/Sep/2020:10:42:01 +0800] "GET /xingrg/kc/buy/cgsh_order_operate.html?command=get_materiel&rest_code=00105&code=00101001169&supplier_code=00100319&order_time=2020-09-18 HTTP/1.1" 200 434
180.162.245.190 - - [18/Sep/2020:10:42:04 +0800] "GET /xingrg/all/function/internal_message.html?_=1600396907097&CODE_STATE=getMsg HTTP/1.1" 200 27
116.238.71.173 - - [18/Sep/2020:10:42:06 +0800] "GET /xingrg/all/function/internal_message.html?_=1600396924639&CODE_STATE=getMsg HTTP/1.1" 200 27
58.40.7.146 - - [18/Sep/2020:10:42:08 +0800] "GET /xingrg/all/function/internal_message.html?_=1600396926542&CODE_STATE=getMsg HTTP/1.1" 200 27
180.162.245.190 - - [18/Sep/2020:10:42:10 +0800] "GET /xingrg/all/function/internal_message.html?_=1600396929780&CODE_STATE=getMsg HTTP/1.1" 200 27
180.162.245.190 - - [18/Sep/2020:10:42:16 +0800] "GET /xingrg/kc/buy/cgsh_order_operate.html?command=get_materiel&rest_code=00105&code=00101001044&supplier_code=00100319&order_time=2020-09-18 HTTP/1.1" 200 411
172.17.0.115 - - [18/Sep/2020:10:42:19 +0800] "GET /xingrg/all/function/internal_message.html?_=1600396952467&CODE_STATE=getMsg HTTP/1.1" 200 27
120.253.135.82 - - [18/Sep/2020:10:42:19 +0800] "GET /xingrg/all/function/internal_message.html?_=1600397048896&CODE_STATE=getMsg HTTP/1.1" 200 27
114.88.166.242 - - [18/Sep/2020:10:42:22 +0800] "GET /xingrg/all/function/internal_message.html?_=1600396936781&CODE_STATE=getMsg HTTP/1.1" 200 27
180.162.245.190 - - [18/Sep/2020:10:42:23 +0800] "GET /xingrg/kc/buy/cgsh_order_operate.html?command=get_materiel&rest_code=00105&code=00101001125&supplier_code=00100319&order_time=2020-09-18 HTTP/1.1" 200 414
116.230.74.197 - - [18/Sep/2020:10:42:23 +0800] "GET /xingrg/check_reg.html?_=1600396933391 HTTP/1.1" 200 22
117.185.32.26 - - [18/Sep/2020:10:42:25 +0800] "GET /xingrg/check_reg.html?_=1600396940575 HTTP/1.1" 200 22
117.185.32.26 - - [18/Sep/2020:10:42:29 +0800] "GET /xingrg/all/function/internal_message.html?_=1600396944520&CODE_STATE=getMsg HTTP/1.1" 200 27
218.81.217.115 - - [18/Sep/2020:10:42:31 +0800] "GET /xingrg/all/function/internal_message.html?_=1600396962267&CODE_STATE=getMsg HTTP/1.1" 200 27
222.69.137.125 - - [18/Sep/2020:10:42:33 +0800] "GET /xingrg/all/function/internal_message.html?_=1600396943960&CODE_STATE=getMsg HTTP/1.1" 200 27
114.88.166.242 - - [18/Sep/2020:10:42:36 +0800] "GET /xingrg/check_reg.html?_=1600397020989 HTTP/1.1" 200 22
114.88.166.242 - - [18/Sep/2020:10:42:36 +0800] "GET /xingrg/all/function/internal_message.html?_=1600397020992&CODE_STATE=getMsg HTTP/1.1" 200 27
120.253.135.82 - - [18/Sep/2020:10:42:37 +0800] "GET /xingrg/all/function/internal_message.html?_=1600396704091&CODE_STATE=getMsg HTTP/1.1" 200 27
180.162.245.190 - - [18/Sep/2020:10:42:38 +0800] "POST /xingrg/kc/buy/cgsh_order_operate.html HTTP/1.1" 200 37
180.162.245.190 - - [18/Sep/2020:10:42:39 +0800] "POST /xingrg/kc/buy/cgsh_order_operate.html HTTP/1.1" 200 3851
172.17.200.101 - - [18/Sep/2020:10:42:42 +0800] "GET /xingrg/all/function/internal_message.html?_=1600396962162&CODE_STATE=getMsg HTTP/1.1" 200 27
172.17.200.101 - - [18/Sep/2020:10:42:42 +0800] "GET /xingrg/check_reg.html?_=1600396962158 HTTP/1.1" 200 22
114.88.166.242 - - [18/Sep/2020:10:42:43 +0800] "POST /xingrg/dwr/call/plaincall/AjaxReportQueryService.refreshCache.dwr HTTP/1.1" 200 78
114.88.166.242 - - [18/Sep/2020:10:42:43 +0800] "POST /xingrg/all/report/load_report_page.html HTTP/1.1" 200 23250
114.88.166.242 - - [18/Sep/2020:10:42:43 +0800] "GET /xingrg/servlets/image?cache=0.95828607372675&image=px HTTP/1.1" 200 807
180.162.245.190 - - [18/Sep/2020:10:42:44 +0800] "GET /xingrg/kc/print/load_data.html?order_code=212020091807598&kc_code=cgsh&condition= HTTP/1.1" 200 1130
172.17.0.120 - - [18/Sep/2020:10:42:45 +0800] "GET /xingrg/all/function/internal_message.html?_=1600396962822&CODE_STATE=getMsg HTTP/1.1" 200 27
114.88.166.242 - - [18/Sep/2020:10:42:51 +0800] "GET /xingrg/check_reg.html?_=1600396965983 HTTP/1.1" 200 22
114.88.166.242 - - [18/Sep/2020:10:42:51 +0800] "GET /xingrg/all/function/internal_message.html?_=1600396965986&CODE_STATE=getMsg HTTP/1.1" 200 27
180.162.245.190 - - [18/Sep/2020:10:42:51 +0800] "GET /xingrg/kc/buy/cgsh_order_add.html HTTP/1.1" 200 59781
180.162.245.190 - - [18/Sep/2020:10:42:52 +0800] "POST /xingrg/kc/buy/cgsh_order_operate.html HTTP/1.1" 200 8245
180.162.245.190 - - [18/Sep/2020:10:42:52 +0800] "GET /xingrg/javascript/easyui/themes/default/validatebox.css HTTP/1.1" 404 1104
172.17.0.100 - - [18/Sep/2020:10:42:52 +0800] "GET /xingrg/all/function/internal_message.html?_=1600396969244&CODE_STATE=getMsg HTTP/1.1" 200 27
116.230.74.197 - - [18/Sep/2020:10:42:54 +0800] "GET /xingrg/all/function/internal_message.html?_=1600396962893&CODE_STATE=getMsg HTTP/1.1" 200 27
58.40.7.146 - - [18/Sep/2020:10:42:56 +0800] "GET /xingrg/all/function/internal_message.html?_=1600396974523&CODE_STATE=getMsg HTTP/1.1" 200 27
172.17.0.123 - - [18/Sep/2020:10:42:58 +0800] "GET /xingrg/check_reg.html?_=1600396974265 HTTP/1.1" 200 22
172.17.0.123 - - [18/Sep/2020:10:42:58 +0800] "GET /xingrg/all/function/internal_message.html?_=1600396974267&CODE_STATE=getMsg HTTP/1.1" 200 27
58.40.7.146 - - [18/Sep/2020:10:43:01 +0800] "GET /xingrg/all/function/internal_message.html?_=1600396979338&CODE_STATE=getMsg HTTP/1.1" 200 27
180.162.245.190 - - [18/Sep/2020:10:43:03 +0800] "GET /xingrg/kc/buy/cgsh_order_operate.html?command=get_materiel&rest_code=00105&code=00101004011&supplier_code=00100086&order_time=2020-09-18 HTTP/1.1" 200 435
180.162.245.190 - - [18/Sep/2020:10:43:04 +0800] "GET /xingrg/all/function/internal_message.html?_=1600396967097&CODE_STATE=getMsg HTTP/1.1" 200 27
116.238.71.173 - - [18/Sep/2020:10:43:07 +0800] "GET /xingrg/check_reg.html?_=1600396984686 HTTP/1.1" 200 22
116.238.71.173 - - [18/Sep/2020:10:43:07 +0800] "GET /xingrg/all/function/internal_message.html?_=1600396984689&CODE_STATE=getMsg HTTP/1.1" 200 27
58.40.7.146 - - [18/Sep/2020:10:43:08 +0800] "GET /xingrg/check_reg.html?_=1600396986544 HTTP/1.1" 200 22
58.40.7.146 - - [18/Sep/2020:10:43:08 +0800] "GET /xingrg/all/function/internal_message.html?_=1600396986548&CODE_STATE=getMsg HTTP/1.1" 200 27
180.162.245.190 - - [18/Sep/2020:10:43:10 +0800] "GET /xingrg/all/function/internal_message.html?_=1600396989784&CODE_STATE=getMsg HTTP/1.1" 200 27
218.81.217.115 - - [18/Sep/2020:10:43:18 +0800] "GET /xingrg/check_reg.html?_=1600397009274 HTTP/1.1" 200 22
172.17.0.115 - - [18/Sep/2020:10:43:19 +0800] "GET /xingrg/all/function/internal_message.html?_=1600397012475&CODE_STATE=getMsg HTTP/1.1" 200 27
120.253.135.82 - - [18/Sep/2020:10:43:20 +0800] "GET /xingrg/all/function/internal_message.html?_=1600397109144&CODE_STATE=getMsg HTTP/1.1" 200 27
114.88.166.242 - - [18/Sep/2020:10:43:22 +0800] "GET /xingrg/all/function/internal_message.html?_=1600396996847&CODE_STATE=getMsg HTTP/1.1" 200 27
117.185.32.26 - - [18/Sep/2020:10:43:23 +0800] "POST /xingrg/kc/buy/cgsh_list_operate.html HTTP/1.1" 200 1693
117.185.32.26 - - [18/Sep/2020:10:43:24 +0800] "POST /xingrg/kc/buy/cgsh_list_operate.html HTTP/1.1" 200 -
117.185.32.26 - - [18/Sep/2020:10:43:25 +0800] "POST /xingrg/kc/buy/cgsh_list_operate.html HTTP/1.1" 200 -
117.185.32.26 - - [18/Sep/2020:10:43:26 +0800] "POST /xingrg/kc/buy/cgsh_list_operate.html HTTP/1.1" 200 -
117.185.32.26 - - [18/Sep/2020:10:43:27 +0800] "POST /xingrg/kc/buy/cgsh_list_operate.html HTTP/1.1" 200 -
117.185.32.26 - - [18/Sep/2020:10:43:28 +0800] "POST /xingrg/kc/buy/cgsh_list_operate.html HTTP/1.1" 200 -
117.185.32.26 - - [18/Sep/2020:10:43:29 +0800] "GET /xingrg/all/function/internal_message.html?_=1600397004556&CODE_STATE=getMsg HTTP/1.1" 200 27
117.185.32.26 - - [18/Sep/2020:10:43:29 +0800] "POST /xingrg/kc/buy/cgsh_list_operate.html HTTP/1.1" 200 -
117.185.32.26 - - [18/Sep/2020:10:43:30 +0800] "POST /xingrg/kc/buy/cgsh_list_operate.html HTTP/1.1" 200 -
218.81.217.115 - - [18/Sep/2020:10:43:31 +0800] "GET /xingrg/all/function/internal_message.html?_=1600397022281&CODE_STATE=getMsg HTTP/1.1" 200 27
117.185.32.26 - - [18/Sep/2020:10:43:32 +0800] "POST /xingrg/kc/buy/cgsh_list_operate.html HTTP/1.1" 200 -
117.185.32.26 - - [18/Sep/2020:10:43:33 +0800] "GET /xingrg/kc/buy/cgsh_order_info.html?code=212020091807580 HTTP/1.1" 200 59796
117.185.32.26 - - [18/Sep/2020:10:43:33 +0800] "GET /xingrg/javascript/easyui/themes/default/validatebox.css HTTP/1.1" 404 1104
222.69.137.125 - - [18/Sep/2020:10:43:33 +0800] "GET /xingrg/all/function/internal_message.html?_=1600397003945&CODE_STATE=getMsg HTTP/1.1" 200 27
117.185.32.26 - - [18/Sep/2020:10:43:34 +0800] "POST /xingrg/kc/buy/cgsh_order_operate.html HTTP/1.1" 200 2065
117.185.32.26 - - [18/Sep/2020:10:43:34 +0800] "POST /xingrg/kc/buy/cgsh_list_operate.html HTTP/1.1" 200 1693
114.88.166.242 - - [18/Sep/2020:10:43:36 +0800] "GET /xingrg/all/function/internal_message.html?_=1600397080977&CODE_STATE=getMsg HTTP/1.1" 200 27
120.253.135.82 - - [18/Sep/2020:10:43:37 +0800] "GET /xingrg/all/function/internal_message.html?_=1600396764294&CODE_STATE=getMsg HTTP/1.1" 200 27
117.185.32.26 - - [18/Sep/2020:10:43:39 +0800] "GET /xingrg/kc/buy/cgsh_order_operate.html?command=get_materiel&rest_code=00106&code=00101006109&supplier_code=00100015&order_time=2020-09-18 HTTP/1.1" 200 409
172.17.200.101 - - [18/Sep/2020:10:43:41 +0800] "GET /xingrg/all/function/internal_message.html?_=1600397022148&CODE_STATE=getMsg HTTP/1.1" 200 27
172.17.0.120 - - [18/Sep/2020:10:43:45 +0800] "GET /xingrg/all/function/internal_message.html?_=1600397022826&CODE_STATE=getMsg HTTP/1.1" 200 27
180.162.245.190 - - [18/Sep/2020:10:43:46 +0800] "GET /xingrg/kc/buy/cgsh_order_operate.html?command=get_materiel&rest_code=00105&code=00101004065&supplier_code=00100086&order_time=2020-09-18 HTTP/1.1" 200 435
117.185.32.26 - - [18/Sep/2020:10:43:46 +0800] "GET /xingrg/kc/buy/cgsh_order_operate.html?command=get_materiel&rest_code=00106&code=00101006111&supplier_code=00100015&order_time=2020-09-18 HTTP/1.1" 200 409
114.88.166.242 - - [18/Sep/2020:10:43:51 +0800] "GET /xingrg/all/function/internal_message.html?_=1600397025986&CODE_STATE=getMsg HTTP/1.1" 200 27
172.17.0.100 - - [18/Sep/2020:10:43:52 +0800] "GET /xingrg/all/function/internal_message.html?_=1600397029244&CODE_STATE=getMsg HTTP/1.1" 200 27
172.17.0.100 - - [18/Sep/2020:10:43:52 +0800] "GET /xingrg/check_reg.html?_=1600397029246 HTTP/1.1" 200 22
117.185.32.26 - - [18/Sep/2020:10:43:53 +0800] "GET /xingrg/kc/buy/cgsh_order_operate.html?command=get_materiel&rest_code=00106&code=00101006122&supplier_code=00100015&order_time=2020-09-18 HTTP/1.1" 200 431
116.230.74.197 - - [18/Sep/2020:10:43:53 +0800] "GET /xingrg/all/function/internal_message.html?_=1600397022868&CODE_STATE=getMsg HTTP/1.1" 200 27
180.162.245.190 - - [18/Sep/2020:10:43:56 +0800] "POST /xingrg/kc/buy/cgsh_order_operate.html HTTP/1.1" 200 37
58.40.7.146 - - [18/Sep/2020:10:43:56 +0800] "GET /xingrg/all/function/internal_message.html?_=1600397034525&CODE_STATE=getMsg HTTP/1.1" 200 27
180.162.245.190 - - [18/Sep/2020:10:43:57 +0800] "POST /xingrg/kc/buy/cgsh_order_operate.html HTTP/1.1" 200 3255
180.162.245.190 - - [18/Sep/2020:10:43:58 +0800] "GET /xingrg/kc/print/load_data.html?order_code=212020091807599&kc_code=cgsh&condition= HTTP/1.1" 200 964
172.17.0.123 - - [18/Sep/2020:10:43:58 +0800] "GET /xingrg/all/function/internal_message.html?_=1600397034253&CODE_STATE=getMsg HTTP/1.1" 200 27
58.40.7.146 - - [18/Sep/2020:10:44:01 +0800] "GET /xingrg/all/function/internal_message.html?_=1600397039341&CODE_STATE=getMsg HTTP/1.1" 200 27
180.162.245.190 - - [18/Sep/2020:10:44:01 +0800] "GET /xingrg/kc/buy/cgsh_order_add.html HTTP/1.1" 200 59781
180.162.245.190 - - [18/Sep/2020:10:44:02 +0800] "GET /xingrg/javascript/easyui/themes/default/validatebox.css HTTP/1.1" 404 1104
180.162.245.190 - - [18/Sep/2020:10:44:02 +0800] "POST /xingrg/kc/buy/cgsh_order_operate.html HTTP/1.1" 200 8245
180.162.245.190 - - [18/Sep/2020:10:44:04 +0800] "GET /xingrg/all/function/internal_message.html?_=1600397027097&CODE_STATE=getMsg HTTP/1.1" 200 27
116.238.71.173 - - [18/Sep/2020:10:44:07 +0800] "GET /xingrg/all/function/internal_message.html?_=1600397044744&CODE_STATE=getMsg HTTP/1.1" 200 27
117.185.32.26 - - [18/Sep/2020:10:44:08 +0800] "GET /xingrg/kc/buy/cgsh_order_operate.html?command=get_materiel&rest_code=00106&code=00101006006&supplier_code=00100015&order_time=2020-09-18 HTTP/1.1" 200 411
58.40.7.146 - - [18/Sep/2020:10:44:08 +0800] "GET /xingrg/all/function/internal_message.html?_=1600397046532&CODE_STATE=getMsg HTTP/1.1" 200 27
180.162.245.190 - - [18/Sep/2020:10:44:10 +0800] "GET /xingrg/all/function/internal_message.html?_=1600397049774&CODE_STATE=getMsg HTTP/1.1" 200 27
180.162.245.190 - - [18/Sep/2020:10:44:11 +0800] "GET /xingrg/kc/buy/cgsh_order_operate.html?command=get_materiel&rest_code=00105&code=00101007144&supplier_code=00100322&order_time=2020-09-18 HTTP/1.1" 200 428
117.185.32.26 - - [18/Sep/2020:10:44:15 +0800] "POST /xingrg/kc/buy/cgsh_order_operate.html HTTP/1.1" 200 2065
117.185.32.26 - - [18/Sep/2020:10:44:18 +0800] "GET /xingrg/kc/buy/cgsh_order_operate.html?command=get_materiel&rest_code=00106&code=00101006133&supplier_code=00100015&order_time=2020-09-18 HTTP/1.1" 200 413
172.17.0.115 - - [18/Sep/2020:10:44:18 +0800] "GET /xingrg/check_reg.html?_=1600397071995 HTTP/1.1" 200 22
172.17.0.115 - - [18/Sep/2020:10:44:19 +0800] "GET /xingrg/all/function/internal_message.html?_=1600397072489&CODE_STATE=getMsg HTTP/1.1" 200 27
120.253.135.82 - - [18/Sep/2020:10:44:20 +0800] "GET /xingrg/all/function/internal_message.html?_=1600397169157&CODE_STATE=getMsg HTTP/1.1" 200 27
114.88.166.242 - - [18/Sep/2020:10:44:22 +0800] "GET /xingrg/all/function/internal_message.html?_=1600397056865&CODE_STATE=getMsg HTTP/1.1" 200 27
180.162.245.190 - - [18/Sep/2020:10:44:24 +0800] "GET /xingrg/kc/buy/cgsh_order_operate.html?command=get_materiel&rest_code=00105&code=00101010534&supplier_code=00100322&order_time=2020-09-18 HTTP/1.1" 200 428
117.185.32.26 - - [18/Sep/2020:10:44:25 +0800] "GET /xingrg/kc/buy/cgsh_order_operate.html?command=get_materiel&rest_code=00106&code=00101006177&supplier_code=00100015&order_time=2020-09-18 HTTP/1.1" 200 411
117.185.32.26 - - [18/Sep/2020:10:44:29 +0800] "GET /xingrg/all/function/internal_message.html?_=1600397064570&CODE_STATE=getMsg HTTP/1.1" 200 27
120.253.135.82 - - [18/Sep/2020:10:44:31 +0800] "GET /xingrg/check_reg.html?_=1600396818362 HTTP/1.1" 200 22
218.81.217.115 - - [18/Sep/2020:10:44:31 +0800] "GET /xingrg/all/function/internal_message.html?_=1600397082295&CODE_STATE=getMsg HTTP/1.1" 200 27
117.185.32.26 - - [18/Sep/2020:10:44:33 +0800] "GET /xingrg/kc/buy/cgsh_order_operate.html?command=get_materiel&rest_code=00106&code=00101006062&supplier_code=00100015&order_time=2020-09-18 HTTP/1.1" 200 409
222.69.137.125 - - [18/Sep/2020:10:44:33 +0800] "GET /xingrg/all/function/internal_message.html?_=1600397063931&CODE_STATE=getMsg HTTP/1.1" 200 27
114.88.166.242 - - [18/Sep/2020:10:44:36 +0800] "GET /xingrg/all/function/internal_message.html?_=1600397140983&CODE_STATE=getMsg HTTP/1.1" 200 27
120.253.135.82 - - [18/Sep/2020:10:44:37 +0800] "GET /xingrg/all/function/internal_message.html?_=1600396824305&CODE_STATE=getMsg HTTP/1.1" 200 27
172.17.200.101 - - [18/Sep/2020:10:44:42 +0800] "GET /xingrg/all/function/internal_message.html?_=1600397082149&CODE_STATE=getMsg HTTP/1.1" 200 27
172.17.0.120 - - [18/Sep/2020:10:44:45 +0800] "GET /xingrg/all/function/internal_message.html?_=1600397082831&CODE_STATE=getMsg HTTP/1.1" 200 27
180.162.245.190 - - [18/Sep/2020:10:44:50 +0800] "GET /xingrg/kc/buy/cgsh_order_operate.html?command=get_materiel&rest_code=00105&code=00101010535&supplier_code=00100322&order_time=2020-09-18 HTTP/1.1" 200 428
114.88.166.242 - - [18/Sep/2020:10:44:51 +0800] "GET /xingrg/all/function/internal_message.html?_=1600397085982&CODE_STATE=getMsg HTTP/1.1" 200 27
172.17.0.100 - - [18/Sep/2020:10:44:52 +0800] "GET /xingrg/all/function/internal_message.html?_=1600397089245&CODE_STATE=getMsg HTTP/1.1" 200 27
117.185.32.26 - - [18/Sep/2020:10:44:52 +0800] "GET /xingrg/kc/buy/cgsh_order_operate.html?command=get_materiel&rest_code=00106&code=00101006195&supplier_code=00100015&order_time=2020-09-18 HTTP/1.1" 200 411
116.230.74.197 - - [18/Sep/2020:10:44:53 +0800] "GET /xingrg/all/function/internal_message.html?_=1600397082850&CODE_STATE=getMsg HTTP/1.1" 200 27
117.185.32.26 - - [18/Sep/2020:10:44:56 +0800] "POST /xingrg/kc/buy/cgsh_order_operate.html HTTP/1.1" 200 2065
58.40.7.146 - - [18/Sep/2020:10:44:56 +0800] "GET /xingrg/all/function/internal_message.html?_=1600397094528&CODE_STATE=getMsg HTTP/1.1" 200 27
172.17.0.123 - - [18/Sep/2020:10:44:58 +0800] "GET /xingrg/all/function/internal_message.html?_=1600397094255&CODE_STATE=getMsg HTTP/1.1" 200 27
58.40.7.146 - - [18/Sep/2020:10:45:01 +0800] "GET /xingrg/all/function/internal_message.html?_=1600397099344&CODE_STATE=getMsg HTTP/1.1" 200 27
180.162.245.190 - - [18/Sep/2020:10:45:04 +0800] "GET /xingrg/check_reg.html?_=1600397087098 HTTP/1.1" 200 22
180.162.245.190 - - [18/Sep/2020:10:45:04 +0800] "GET /xingrg/all/function/internal_message.html?_=1600397087101&CODE_STATE=getMsg HTTP/1.1" 200 27
116.238.71.173 - - [18/Sep/2020:10:45:07 +0800] "GET /xingrg/all/function/internal_message.html?_=1600397104779&CODE_STATE=getMsg HTTP/1.1" 200 27
58.40.7.146 - - [18/Sep/2020:10:45:08 +0800] "GET /xingrg/all/function/internal_message.html?_=1600397106536&CODE_STATE=getMsg HTTP/1.1" 200 27
180.162.245.190 - - [18/Sep/2020:10:45:10 +0800] "GET /xingrg/all/function/internal_message.html?_=1600397109775&CODE_STATE=getMsg HTTP/1.1" 200 27
172.17.0.115 - - [18/Sep/2020:10:45:19 +0800] "GET /xingrg/all/function/internal_message.html?_=1600397132502&CODE_STATE=getMsg HTTP/1.1" 200 27
180.162.245.190 - - [18/Sep/2020:10:45:20 +0800] "POST /xingrg/kc/buy/cgsh_order_operate.html HTTP/1.1" 200 37
180.162.245.190 - - [18/Sep/2020:10:45:20 +0800] "POST /xingrg/kc/buy/cgsh_order_operate.html HTTP/1.1" 200 3907
120.253.135.82 - - [18/Sep/2020:10:45:21 +0800] "GET /xingrg/all/function/internal_message.html?_=1600397229403&CODE_STATE=getMsg HTTP/1.1" 200 27
117.185.32.26 - - [18/Sep/2020:10:45:22 +0800] "GET /xingrg/kc/buy/cgsh_order_operate.html?command=get_materiel&rest_code=00106&code=00101006029&supplier_code=00100015&order_time=2020-09-18 HTTP/1.1" 200 411
114.88.166.242 - - [18/Sep/2020:10:45:22 +0800] "GET /xingrg/all/function/internal_message.html?_=1600397116929&CODE_STATE=getMsg HTTP/1.1" 200 27
180.162.245.190 - - [18/Sep/2020:10:45:22 +0800] "GET /xingrg/kc/print/load_data.html?order_code=212020091807600&kc_code=cgsh&condition= HTTP/1.1" 200 1181
180.162.245.190 - - [18/Sep/2020:10:45:26 +0800] "GET /xingrg/kc/buy/cgsh_order_add.html HTTP/1.1" 200 59781
180.162.245.190 - - [18/Sep/2020:10:45:27 +0800] "GET /xingrg/javascript/easyui/themes/default/validatebox.css HTTP/1.1" 404 1104
180.162.245.190 - - [18/Sep/2020:10:45:27 +0800] "POST /xingrg/kc/buy/cgsh_order_operate.html HTTP/1.1" 200 8245
117.185.32.26 - - [18/Sep/2020:10:45:29 +0800] "GET /xingrg/all/function/internal_message.html?_=1600397124524&CODE_STATE=getMsg HTTP/1.1" 200 27
218.81.217.115 - - [18/Sep/2020:10:45:32 +0800] "GET /xingrg/all/function/internal_message.html?_=1600397142877&CODE_STATE=getMsg HTTP/1.1" 200 27
117.185.32.26 - - [18/Sep/2020:10:45:33 +0800] "POST /xingrg/kc/buy/cgsh_order_operate.html HTTP/1.1" 200 37
222.69.137.125 - - [18/Sep/2020:10:45:33 +0800] "GET /xingrg/all/function/internal_message.html?_=1600397123906&CODE_STATE=getMsg HTTP/1.1" 200 27
117.185.32.26 - - [18/Sep/2020:10:45:35 +0800] "POST /xingrg/kc/buy/cgsh_order_operate.html HTTP/1.1" 200 12
114.88.166.242 - - [18/Sep/2020:10:45:36 +0800] "GET /xingrg/all/function/internal_message.html?_=1600397200984&CODE_STATE=getMsg HTTP/1.1" 200 27
120.253.135.82 - - [18/Sep/2020:10:45:37 +0800] "GET /xingrg/all/function/internal_message.html?_=1600396884319&CODE_STATE=getMsg HTTP/1.1" 200 27
117.185.32.26 - - [18/Sep/2020:10:45:37 +0800] "GET /xingrg/kc/buy/cgsh_order_info.html?code=212020091807580 HTTP/1.1" 200 54692
117.185.32.26 - - [18/Sep/2020:10:45:38 +0800] "GET /xingrg/javascript/easyui/themes/default/validatebox.css HTTP/1.1" 404 1104
117.185.32.26 - - [18/Sep/2020:10:45:38 +0800] "POST /xingrg/kc/buy/cgsh_order_operate.html HTTP/1.1" 200 6506
180.162.245.190 - - [18/Sep/2020:10:45:39 +0800] "GET /xingrg/kc/buy/cgsh_order_operate.html?command=get_materiel&rest_code=00105&code=00101007114&supplier_code=00100323&order_time=2020-09-18 HTTP/1.1" 200 409
172.17.200.101 - - [18/Sep/2020:10:45:42 +0800] "GET /xingrg/all/function/internal_message.html?_=1600397142164&CODE_STATE=getMsg HTTP/1.1" 200 27
117.185.32.26 - - [18/Sep/2020:10:45:43 +0800] "GET /xingrg/kc/print/load_data.html?order_code=212020091807580&kc_code=cgsh&condition= HTTP/1.1" 200 3029
172.17.0.120 - - [18/Sep/2020:10:45:45 +0800] "GET /xingrg/check_reg.html?_=1600397142818 HTTP/1.1" 200 22
172.17.0.120 - - [18/Sep/2020:10:45:45 +0800] "GET /xingrg/all/function/internal_message.html?_=1600397142820&CODE_STATE=getMsg HTTP/1.1" 200 27
58.40.7.146 - - [18/Sep/2020:10:45:48 +0800] "POST /xingrg/dwr/call/plaincall/AjaxReportQueryService.refreshCache.dwr HTTP/1.1" 200 78
117.185.32.26 - - [18/Sep/2020:10:45:48 +0800] "GET /xingrg/kc/print/load_data.html?order_code=212020091807580&kc_code=cgsh HTTP/1.1" 200 3029
58.40.7.146 - - [18/Sep/2020:10:45:49 +0800] "POST /xingrg/all/report/load_report_page.html HTTP/1.1" 200 192523
58.40.7.146 - - [18/Sep/2020:10:45:49 +0800] "GET /xingrg/servlets/image?cache=0.2219538831976554&image=px HTTP/1.1" 200 807
114.88.166.242 - - [18/Sep/2020:10:45:51 +0800] "GET /xingrg/all/function/internal_message.html?_=1600397145995&CODE_STATE=getMsg HTTP/1.1" 200 27
172.17.0.100 - - [18/Sep/2020:10:45:52 +0800] "GET /xingrg/all/function/internal_message.html?_=1600397149246&CODE_STATE=getMsg HTTP/1.1" 200 27
116.230.74.197 - - [18/Sep/2020:10:45:53 +0800] "GET /xingrg/all/function/internal_message.html?_=1600397142836&CODE_STATE=getMsg HTTP/1.1" 200 27
58.40.7.146 - - [18/Sep/2020:10:45:56 +0800] "GET /xingrg/check_reg.html?_=1600397154530 HTTP/1.1" 200 22
58.40.7.146 - - [18/Sep/2020:10:45:56 +0800] "GET /xingrg/all/function/internal_message.html?_=1600397154531&CODE_STATE=getMsg HTTP/1.1" 200 27
120.253.135.82 - - [18/Sep/2020:10:45:57 +0800] "GET /xingrg/check_reg.html?_=1600397266239 HTTP/1.1" 200 22
172.17.0.123 - - [18/Sep/2020:10:45:58 +0800] "GET /xingrg/all/function/internal_message.html?_=1600397154259&CODE_STATE=getMsg HTTP/1.1" 200 27
58.40.7.146 - - [18/Sep/2020:10:46:01 +0800] "GET /xingrg/all/function/internal_message.html?_=1600397159346&CODE_STATE=getMsg HTTP/1.1" 200 27
180.162.245.190 - - [18/Sep/2020:10:46:04 +0800] "GET /xingrg/all/function/internal_message.html?_=1600397147101&CODE_STATE=getMsg HTTP/1.1" 200 27
116.238.71.173 - - [18/Sep/2020:10:46:07 +0800] "GET /xingrg/all/function/internal_message.html?_=1600397164835&CODE_STATE=getMsg HTTP/1.1" 200 27
58.40.7.146 - - [18/Sep/2020:10:46:08 +0800] "GET /xingrg/all/function/internal_message.html?_=1600397166534&CODE_STATE=getMsg HTTP/1.1" 200 27
180.162.245.190 - - [18/Sep/2020:10:46:10 +0800] "GET /xingrg/check_reg.html?_=1600397169748 HTTP/1.1" 200 22
180.162.245.190 - - [18/Sep/2020:10:46:10 +0800] "GET /xingrg/all/function/internal_message.html?_=1600397169750&CODE_STATE=getMsg HTTP/1.1" 200 27
180.162.245.190 - - [18/Sep/2020:10:46:10 +0800] "GET /xingrg/kc/buy/cgsh_order_operate.html?command=get_materiel&rest_code=00105&code=00101010017&supplier_code=00100323&order_time=2020-09-18 HTTP/1.1" 200 424
114.88.166.242 - - [18/Sep/2020:10:46:11 +0800] "GET /xingrg/check_reg.html?_=1600397165551 HTTP/1.1" 200 22
172.17.0.115 - - [18/Sep/2020:10:46:19 +0800] "GET /xingrg/all/function/internal_message.html?_=1600397192516&CODE_STATE=getMsg HTTP/1.1" 200 27
120.253.135.82 - - [18/Sep/2020:10:46:20 +0800] "GET /xingrg/all/function/internal_message.html?_=1600397289420&CODE_STATE=getMsg HTTP/1.1" 200 27
180.162.245.190 - - [18/Sep/2020:10:46:20 +0800] "GET /xingrg/kc/buy/cgsh_order_operate.html?command=get_materiel&rest_code=00105&code=00101001079&supplier_code=00100323&order_time=2020-09-18 HTTP/1.1" 200 413
114.88.166.242 - - [18/Sep/2020:10:46:22 +0800] "GET /xingrg/all/function/internal_message.html?_=1600397176939&CODE_STATE=getMsg HTTP/1.1" 200 27
117.185.32.26 - - [18/Sep/2020:10:46:29 +0800] "GET /xingrg/all/function/internal_message.html?_=1600397184500&CODE_STATE=getMsg HTTP/1.1" 200 27
180.162.245.190 - - [18/Sep/2020:10:46:31 +0800] "GET /xingrg/kc/buy/cgsh_order_operate.html?command=get_materiel&rest_code=00105&code=00101010163&supplier_code=00100323&order_time=2020-09-18 HTTP/1.1" 200 408
218.81.217.115 - - [18/Sep/2020:10:46:32 +0800] "GET /xingrg/all/function/internal_message.html?_=1600397202884&CODE_STATE=getMsg HTTP/1.1" 200 27
222.69.137.125 - - [18/Sep/2020:10:46:33 +0800] "GET /xingrg/all/function/internal_message.html?_=1600397183891&CODE_STATE=getMsg HTTP/1.1" 200 27
222.69.137.125 - - [18/Sep/2020:10:46:34 +0800] "GET /xingrg/check_reg.html?_=1600397184454 HTTP/1.1" 200 22
114.88.166.242 - - [18/Sep/2020:10:46:36 +0800] "GET /xingrg/all/function/internal_message.html?_=1600397260985&CODE_STATE=getMsg HTTP/1.1" 200 27
120.253.135.82 - - [18/Sep/2020:10:46:37 +0800] "GET /xingrg/all/function/internal_message.html?_=1600396944333&CODE_STATE=getMsg HTTP/1.1" 200 27
172.17.200.101 - - [18/Sep/2020:10:46:42 +0800] "GET /xingrg/all/function/internal_message.html?_=1600397202165&CODE_STATE=getMsg HTTP/1.1" 200 27
172.17.0.120 - - [18/Sep/2020:10:46:45 +0800] "GET /xingrg/all/function/internal_message.html?_=1600397202822&CODE_STATE=getMsg HTTP/1.1" 200 27
114.88.166.242 - - [18/Sep/2020:10:46:51 +0800] "GET /xingrg/all/function/internal_message.html?_=1600397205985&CODE_STATE=getMsg HTTP/1.1" 200 27
180.162.245.190 - - [18/Sep/2020:10:46:52 +0800] "GET /xingrg/kc/buy/cgsh_order_operate.html?command=get_materiel&rest_code=00105&code=00101001213&supplier_code=00100323&order_time=2020-09-18 HTTP/1.1" 200 424
172.17.0.100 - - [18/Sep/2020:10:46:52 +0800] "GET /xingrg/all/function/internal_message.html?_=1600397209245&CODE_STATE=getMsg HTTP/1.1" 200 27
116.230.74.197 - - [18/Sep/2020:10:46:53 +0800] "GET /xingrg/all/function/internal_message.html?_=1600397202821&CODE_STATE=getMsg HTTP/1.1" 200 27
58.40.7.146 - - [18/Sep/2020:10:46:56 +0800] "GET /xingrg/all/function/internal_message.html?_=1600397214534&CODE_STATE=getMsg HTTP/1.1" 200 27
172.17.0.123 - - [18/Sep/2020:10:46:58 +0800] "GET /xingrg/all/function/internal_message.html?_=1600397214261&CODE_STATE=getMsg HTTP/1.1" 200 27
180.162.245.190 - - [18/Sep/2020:10:46:59 +0800] "GET /xingrg/kc/buy/cgsh_order_operate.html?command=get_materiel&rest_code=00105&code=00101019489&supplier_code=00100323&order_time=2020-09-18 HTTP/1.1" 200 410
58.40.7.146 - - [18/Sep/2020:10:47:01 +0800] "GET /xingrg/check_reg.html?_=1600397219333 HTTP/1.1" 200 22
58.40.7.146 - - [18/Sep/2020:10:47:01 +0800] "GET /xingrg/all/function/internal_message.html?_=1600397219335&CODE_STATE=getMsg HTTP/1.1" 200 27
180.162.245.190 - - [18/Sep/2020:10:47:04 +0800] "GET /xingrg/all/function/internal_message.html?_=1600397207101&CODE_STATE=getMsg HTTP/1.1" 200 27
180.162.245.190 - - [18/Sep/2020:10:47:06 +0800] "GET /xingrg/kc/buy/cgsh_order_operate.html?command=get_materiel&rest_code=00105&code=00101010063&supplier_code=00100323&order_time=2020-09-18 HTTP/1.1" 200 409
116.238.71.173 - - [18/Sep/2020:10:47:07 +0800] "GET /xingrg/all/function/internal_message.html?_=1600397224880&CODE_STATE=getMsg HTTP/1.1" 200 27
58.40.7.146 - - [18/Sep/2020:10:47:08 +0800] "GET /xingrg/all/function/internal_message.html?_=1600397226538&CODE_STATE=getMsg HTTP/1.1" 200 27
180.162.245.190 - - [18/Sep/2020:10:47:10 +0800] "GET /xingrg/all/function/internal_message.html?_=1600397229811&CODE_STATE=getMsg HTTP/1.1" 200 27
124.78.9.229 - - [18/Sep/2020:10:47:12 +0800] "GET /favicon.ico HTTP/1.1" 404 -
124.78.9.229 - - [18/Sep/2020:10:47:12 +0800] "GET /favicon.ico HTTP/1.1" 404 -
124.78.9.229 - - [18/Sep/2020:10:47:13 +0800] "GET /favicon.ico HTTP/1.1" 404 -
180.162.245.190 - - [18/Sep/2020:10:47:15 +0800] "GET /xingrg/kc/buy/cgsh_order_operate.html?command=get_materiel&rest_code=00105&code=00101010241&supplier_code=00100323&order_time=2020-09-18 HTTP/1.1" 200 428
172.17.0.115 - - [18/Sep/2020:10:47:19 +0800] "GET /xingrg/all/function/internal_message.html?_=1600397252535&CODE_STATE=getMsg HTTP/1.1" 200 27
120.253.135.82 - - [18/Sep/2020:10:47:20 +0800] "GET /xingrg/all/function/internal_message.html?_=1600397349433&CODE_STATE=getMsg HTTP/1.1" 200 27
114.88.166.242 - - [18/Sep/2020:10:47:22 +0800] "GET /xingrg/all/function/internal_message.html?_=1600397236958&CODE_STATE=getMsg HTTP/1.1" 200 27
116.230.74.197 - - [18/Sep/2020:10:47:23 +0800] "GET /xingrg/check_reg.html?_=1600397233386 HTTP/1.1" 200 22
117.185.32.26 - - [18/Sep/2020:10:47:25 +0800] "GET /xingrg/check_reg.html?_=1600397240588 HTTP/1.1" 200 22
117.185.32.26 - - [18/Sep/2020:10:47:29 +0800] "GET /xingrg/all/function/internal_message.html?_=1600397244479&CODE_STATE=getMsg HTTP/1.1" 200 27
180.162.245.190 - - [18/Sep/2020:10:47:30 +0800] "GET /xingrg/kc/buy/cgsh_order_operate.html?command=get_materiel&rest_code=00105&code=00101007047&supplier_code=00100323&order_time=2020-09-18 HTTP/1.1" 200 409
218.81.217.115 - - [18/Sep/2020:10:47:32 +0800] "GET /xingrg/all/function/internal_message.html?_=1600397263440&CODE_STATE=getMsg HTTP/1.1" 200 27
222.69.137.125 - - [18/Sep/2020:10:47:33 +0800] "GET /xingrg/all/function/internal_message.html?_=1600397243878&CODE_STATE=getMsg HTTP/1.1" 200 27
114.88.166.242 - - [18/Sep/2020:10:47:36 +0800] "GET /xingrg/all/function/internal_message.html?_=1600397320984&CODE_STATE=getMsg HTTP/1.1" 200 27
114.88.166.242 - - [18/Sep/2020:10:47:36 +0800] "GET /xingrg/check_reg.html?_=1600397320989 HTTP/1.1" 200 22
120.253.135.82 - - [18/Sep/2020:10:47:37 +0800] "GET /xingrg/all/function/internal_message.html?_=1600397004346&CODE_STATE=getMsg HTTP/1.1" 200 27
180.162.245.190 - - [18/Sep/2020:10:47:40 +0800] "POST /xingrg/kc/buy/cgsh_order_operate.html HTTP/1.1" 200 37
172.17.200.101 - - [18/Sep/2020:10:47:42 +0800] "GET /xingrg/all/function/internal_message.html?_=1600397262169&CODE_STATE=getMsg HTTP/1.1" 200 27
172.17.200.101 - - [18/Sep/2020:10:47:42 +0800] "GET /xingrg/check_reg.html?_=1600397262173 HTTP/1.1" 200 22
180.162.245.190 - - [18/Sep/2020:10:47:42 +0800] "POST /xingrg/kc/buy/cgsh_order_operate.html HTTP/1.1" 200 7390
180.162.245.190 - - [18/Sep/2020:10:47:43 +0800] "GET /xingrg/kc/print/load_data.html?order_code=212020091807601&kc_code=cgsh&condition= HTTP/1.1" 200 2482
172.17.0.120 - - [18/Sep/2020:10:47:45 +0800] "GET /xingrg/all/function/internal_message.html?_=1600397262823&CODE_STATE=getMsg HTTP/1.1" 200 27
180.162.245.190 - - [18/Sep/2020:10:47:49 +0800] "GET /xingrg/kc/buy/cgsh_order_add.html HTTP/1.1" 200 59781
180.162.245.190 - - [18/Sep/2020:10:47:49 +0800] "POST /xingrg/kc/buy/cgsh_order_operate.html HTTP/1.1" 200 8245
180.162.245.190 - - [18/Sep/2020:10:47:49 +0800] "GET /xingrg/javascript/easyui/themes/default/validatebox.css HTTP/1.1" 404 1104
114.88.166.242 - - [18/Sep/2020:10:47:51 +0800] "GET /xingrg/check_reg.html?_=1600397265987 HTTP/1.1" 200 22
114.88.166.242 - - [18/Sep/2020:10:47:51 +0800] "GET /xingrg/all/function/internal_message.html?_=1600397265990&CODE_STATE=getMsg HTTP/1.1" 200 27
172.17.0.100 - - [18/Sep/2020:10:47:52 +0800] "GET /xingrg/all/function/internal_message.html?_=1600397269246&CODE_STATE=getMsg HTTP/1.1" 200 27
116.230.74.197 - - [18/Sep/2020:10:47:53 +0800] "GET /xingrg/all/function/internal_message.html?_=1600397262807&CODE_STATE=getMsg HTTP/1.1" 200 27
58.40.7.146 - - [18/Sep/2020:10:47:56 +0800] "GET /xingrg/all/function/internal_message.html?_=1600397274520&CODE_STATE=getMsg HTTP/1.1" 200 27
172.17.0.123 - - [18/Sep/2020:10:47:58 +0800] "GET /xingrg/all/function/internal_message.html?_=1600397274263&CODE_STATE=getMsg HTTP/1.1" 200 27
172.17.0.123 - - [18/Sep/2020:10:47:58 +0800] "GET /xingrg/check_reg.html?_=1600397274263 HTTP/1.1" 200 22
58.40.7.146 - - [18/Sep/2020:10:48:01 +0800] "GET /xingrg/all/function/internal_message.html?_=1600397279337&CODE_STATE=getMsg HTTP/1.1" 200 27
180.162.245.190 - - [18/Sep/2020:10:48:03 +0800] "GET /xingrg/kc/buy/cgsh_order_operate.html?command=get_materiel&rest_code=00105&code=00101004063&supplier_code=00100085&order_time=2020-09-18 HTTP/1.1" 200 430
180.162.245.190 - - [18/Sep/2020:10:48:04 +0800] "GET /xingrg/all/function/internal_message.html?_=1600397267101&CODE_STATE=getMsg HTTP/1.1" 200 27
116.238.71.173 - - [18/Sep/2020:10:48:07 +0800] "GET /xingrg/check_reg.html?_=1600397284925 HTTP/1.1" 200 22
116.238.71.173 - - [18/Sep/2020:10:48:07 +0800] "GET /xingrg/all/function/internal_message.html?_=1600397284926&CODE_STATE=getMsg HTTP/1.1" 200 27
58.40.7.146 - - [18/Sep/2020:10:48:08 +0800] "GET /xingrg/all/function/internal_message.html?_=1600397286542&CODE_STATE=getMsg HTTP/1.1" 200 27
58.40.7.146 - - [18/Sep/2020:10:48:08 +0800] "GET /xingrg/check_reg.html?_=1600397286546 HTTP/1.1" 200 22
180.162.245.190 - - [18/Sep/2020:10:48:10 +0800] "GET /xingrg/all/function/internal_message.html?_=1600397289745&CODE_STATE=getMsg HTTP/1.1" 200 27
180.162.245.190 - - [18/Sep/2020:10:48:15 +0800] "POST /xingrg/kc/buy/cgsh_order_operate.html HTTP/1.1" 200 37
180.162.245.190 - - [18/Sep/2020:10:48:17 +0800] "POST /xingrg/kc/buy/cgsh_order_operate.html HTTP/1.1" 200 2665
218.81.217.115 - - [18/Sep/2020:10:48:18 +0800] "GET /xingrg/check_reg.html?_=1600397309284 HTTP/1.1" 200 22
180.162.245.190 - - [18/Sep/2020:10:48:18 +0800] "GET /xingrg/kc/print/load_data.html?order_code=212020091807602&kc_code=cgsh&condition= HTTP/1.1" 200 733
172.17.0.115 - - [18/Sep/2020:10:48:19 +0800] "GET /xingrg/all/function/internal_message.html?_=1600397312543&CODE_STATE=getMsg HTTP/1.1" 200 27
120.253.135.82 - - [18/Sep/2020:10:48:20 +0800] "GET /xingrg/all/function/internal_message.html?_=1600397409638&CODE_STATE=getMsg HTTP/1.1" 200 27
114.88.166.242 - - [18/Sep/2020:10:48:22 +0800] "GET /xingrg/all/function/internal_message.html?_=1600397297027&CODE_STATE=getMsg HTTP/1.1" 200 27
