58.37.9.106 - - [18/Sep/2020:11:01:07 +0800] "GET /xingrg/kc/print/load_data.html?order_code=212020091807623&kc_code=cgsh&condition= HTTP/1.1" 200 778
58.40.7.146 - - [18/Sep/2020:11:01:08 +0800] "GET /xingrg/all/function/internal_message.html?_=1600398066532&CODE_STATE=getMsg HTTP/1.1" 200 27
180.162.245.190 - - [18/Sep/2020:11:01:10 +0800] "GET /xingrg/all/function/internal_message.html?_=1600398069695&CODE_STATE=getMsg HTTP/1.1" 200 27
180.162.245.190 - - [18/Sep/2020:11:01:10 +0800] "GET /xingrg/check_reg.html?_=1600398069728 HTTP/1.1" 200 22
114.88.166.242 - - [18/Sep/2020:11:01:11 +0800] "GET /xingrg/check_reg.html?_=1600398065577 HTTP/1.1" 200 22
58.37.9.106 - - [18/Sep/2020:11:01:12 +0800] "GET /xingrg/kc/buy/cgsh_order_add.html HTTP/1.1" 200 59787
58.37.9.106 - - [18/Sep/2020:11:01:12 +0800] "POST /xingrg/kc/buy/cgsh_order_operate.html HTTP/1.1" 200 8245
58.37.9.106 - - [18/Sep/2020:11:01:12 +0800] "GET /xingrg/javascript/easyui/themes/default/validatebox.css HTTP/1.1" 404 1104
180.162.245.190 - - [18/Sep/2020:11:01:12 +0800] "GET /xingrg/kc/buy/cgsh_order_operate.html?command=get_materiel&rest_code=00105&code=00101012046&supplier_code=00100347&order_time=2020-09-18 HTTP/1.1" 200 417
58.37.9.106 - - [18/Sep/2020:11:01:15 +0800] "GET /xingrg/all/function/internal_message.html?_=1600397695583&CODE_STATE=getMsg HTTP/1.1" 200 27
172.17.0.115 - - [18/Sep/2020:11:01:19 +0800] "GET /xingrg/all/function/internal_message.html?_=1600398092719&CODE_STATE=getMsg HTTP/1.1" 200 27
116.230.74.197 - - [18/Sep/2020:11:01:20 +0800] "GET /xingrg/kc/buy/cgsh_order_operate.html?command=get_materiel&rest_code=00107&code=00101010108&supplier_code=00100336&order_time=2020-09-18 HTTP/1.1" 200 421
58.37.9.106 - - [18/Sep/2020:11:01:21 +0800] "GET /xingrg/kc/buy/cgsh_order_operate.html?command=get_materiel&rest_code=00141&code=00101004090&supplier_code=00100312&order_time=2020-09-18 HTTP/1.1" 200 412
120.253.135.82 - - [18/Sep/2020:11:01:21 +0800] "GET /xingrg/all/function/internal_message.html?_=1600398190528&CODE_STATE=getMsg HTTP/1.1" 200 27
114.88.166.242 - - [18/Sep/2020:11:01:23 +0800] "GET /xingrg/all/function/internal_message.html?_=1600398077485&CODE_STATE=getMsg HTTP/1.1" 200 27
116.238.216.197 - - [18/Sep/2020:11:01:24 +0800] "GET /xingrg/check_reg.html?_=1600398290495 HTTP/1.1" 200 22
180.162.245.190 - - [18/Sep/2020:11:01:26 +0800] "GET /xingrg/kc/buy/cgsh_order_operate.html?command=get_materiel&rest_code=00105&code=00101008055&supplier_code=00100347&order_time=2020-09-18 HTTP/1.1" 200 409
117.185.32.26 - - [18/Sep/2020:11:01:29 +0800] "GET /xingrg/all/function/internal_message.html?_=1600398084118&CODE_STATE=getMsg HTTP/1.1" 200 27
116.238.71.173 - - [18/Sep/2020:11:01:31 +0800] "GET /xingrg/all/function/internal_message.html?_=1600398088711&CODE_STATE=getMsg HTTP/1.1" 200 27
116.230.74.197 - - [18/Sep/2020:11:01:31 +0800] "POST /xingrg/kc/buy/cgsh_order_operate.html HTTP/1.1" 200 37
58.37.9.106 - - [18/Sep/2020:11:01:31 +0800] "GET /xingrg/kc/buy/cgsh_order_operate.html?command=get_materiel&rest_code=00141&code=00101004050&supplier_code=00100312&order_time=2020-09-18 HTTP/1.1" 200 409
116.230.74.197 - - [18/Sep/2020:11:01:32 +0800] "POST /xingrg/kc/buy/cgsh_order_operate.html HTTP/1.1" 200 2665
58.40.7.146 - - [18/Sep/2020:11:01:32 +0800] "GET /xingrg/login.html HTTP/1.1" 200 7641
58.40.7.146 - - [18/Sep/2020:11:01:33 +0800] "GET /favicon.ico HTTP/1.1" 404 -
116.230.74.197 - - [18/Sep/2020:11:01:33 +0800] "GET /xingrg/kc/print/load_data.html?order_code=212020091807624&kc_code=cgsh&condition= HTTP/1.1" 200 678
218.81.217.115 - - [18/Sep/2020:11:01:35 +0800] "GET /xingrg/all/function/internal_message.html?_=1600398106426&CODE_STATE=getMsg HTTP/1.1" 200 27
114.88.166.242 - - [18/Sep/2020:11:01:36 +0800] "GET /xingrg/all/function/internal_message.html?_=1600398161007&CODE_STATE=getMsg HTTP/1.1" 200 27
58.37.9.106 - - [18/Sep/2020:11:01:36 +0800] "GET /xingrg/kc/buy/cgsh_order_operate.html?command=get_materiel&rest_code=00141&code=00101004046&supplier_code=00100312&order_time=2020-09-18 HTTP/1.1" 200 417
120.253.135.82 - - [18/Sep/2020:11:01:38 +0800] "GET /xingrg/all/function/internal_message.html?_=1600397845486&CODE_STATE=getMsg HTTP/1.1" 200 27
58.40.7.146 - - [18/Sep/2020:11:01:41 +0800] "POST /xingrg/login.do HTTP/1.1" 302 -
58.40.7.146 - - [18/Sep/2020:11:01:41 +0800] "GET /xingrg/index.html?sysBaseUrl=http%3A%2F%2F180.169.147.146%3A18081%2Fxingrg%2F&costTime=40×tamp=1600398101314 HTTP/1.1" 200 17173
58.40.7.146 - - [18/Sep/2020:11:01:41 +0800] "POST /xingrg/all/common/load_tree.html?tree=area_rest_tree_json&manage=1 HTTP/1.1" 200 3216
58.40.7.146 - - [18/Sep/2020:11:01:41 +0800] "GET /xingrg/all/function/internal_message.html?_=1600398099166&CODE_STATE=count HTTP/1.1" 200 11
58.40.7.146 - - [18/Sep/2020:11:01:41 +0800] "GET /xingrg/check_reg.html?_=1600398099168 HTTP/1.1" 200 22
58.40.7.146 - - [18/Sep/2020:11:01:41 +0800] "GET /favicon.ico HTTP/1.1" 404 -
58.40.7.146 - - [18/Sep/2020:11:01:41 +0800] "POST /xingrg/load_menu.html HTTP/1.1" 200 6743
172.17.200.101 - - [18/Sep/2020:11:01:42 +0800] "GET /xingrg/all/function/internal_message.html?_=1600398102213&CODE_STATE=getMsg HTTP/1.1" 200 27
58.40.7.146 - - [18/Sep/2020:11:01:44 +0800] "GET /xingrg/kc/buy/buy_main.html HTTP/1.1" 200 12341
58.40.7.146 - - [18/Sep/2020:11:01:44 +0800] "GET /xingrg/css/new_ie.css HTTP/1.1" 404 1036
58.37.9.106 - - [18/Sep/2020:11:01:44 +0800] "GET /xingrg/kc/buy/cgsh_order_operate.html?command=get_materiel&rest_code=00141&code=00101004067&supplier_code=00100312&order_time=2020-09-18 HTTP/1.1" 200 415
172.17.0.120 - - [18/Sep/2020:11:01:45 +0800] "GET /xingrg/all/function/internal_message.html?_=1600398102817&CODE_STATE=getMsg HTTP/1.1" 200 27
58.40.7.146 - - [18/Sep/2020:11:01:46 +0800] "GET /xingrg/kc/buy/cgsh_order_list.html HTTP/1.1" 200 44043
58.40.7.146 - - [18/Sep/2020:11:01:46 +0800] "POST /xingrg/kc/buy/cgsh_list_operate.html HTTP/1.1" 200 876
124.76.236.61 - - [18/Sep/2020:11:01:49 +0800] "GET /xingrg/all/function/internal_message.html?_=1600398116705&CODE_STATE=getMsg HTTP/1.1" 200 27
114.88.166.242 - - [18/Sep/2020:11:01:51 +0800] "GET /xingrg/all/function/internal_message.html?_=1600398106023&CODE_STATE=getMsg HTTP/1.1" 200 27
58.40.7.146 - - [18/Sep/2020:11:01:52 +0800] "GET /xingrg/javascript/auto/indicator.gif HTTP/1.1" 404 1066
172.17.0.100 - - [18/Sep/2020:11:01:52 +0800] "GET /xingrg/all/function/internal_message.html?_=1600398109235&CODE_STATE=getMsg HTTP/1.1" 200 27
180.162.245.190 - - [18/Sep/2020:11:01:52 +0800] "GET /xingrg/kc/buy/cgsh_order_operate.html?command=get_materiel&rest_code=00105&code=00101001060&supplier_code=00100347&order_time=2020-09-18 HTTP/1.1" 200 419
116.230.74.197 - - [18/Sep/2020:11:01:53 +0800] "GET /xingrg/all/function/internal_message.html?_=1600398102664&CODE_STATE=getMsg HTTP/1.1" 200 27
116.230.74.197 - - [18/Sep/2020:11:01:53 +0800] "GET /xingrg/kc/buy/cgsh_order_add.html HTTP/1.1" 200 59828
58.37.9.106 - - [18/Sep/2020:11:01:54 +0800] "GET /xingrg/kc/buy/cgsh_order_operate.html?command=get_materiel&rest_code=00141&code=00101004027&supplier_code=00100312&order_time=2020-09-18 HTTP/1.1" 200 409
180.157.253.48 - - [18/Sep/2020:11:01:54 +0800] "GET /xingrg/all/function/internal_message.html?_=1600398114829&CODE_STATE=getMsg HTTP/1.1" 200 27
116.230.74.197 - - [18/Sep/2020:11:01:54 +0800] "GET /xingrg/javascript/easyui/themes/default/validatebox.css HTTP/1.1" 404 1104
116.230.74.197 - - [18/Sep/2020:11:01:54 +0800] "POST /xingrg/kc/buy/cgsh_order_operate.html HTTP/1.1" 200 8245
58.40.7.146 - - [18/Sep/2020:11:01:56 +0800] "GET /xingrg/javascript/jquery_tools/images/prev.gif HTTP/1.1" 404 1086
58.40.7.146 - - [18/Sep/2020:11:01:56 +0800] "GET /xingrg/javascript/jquery_tools/images/next.gif HTTP/1.1" 404 1086
116.230.74.197 - - [18/Sep/2020:11:01:56 +0800] "GET /xingrg/javascript/easyui/themes/default/tree.css HTTP/1.1" 404 1090
116.230.74.197 - - [18/Sep/2020:11:01:56 +0800] "POST /xingrg/all/common/load_tree.html?tree=supplier_tree_json&isDelete=1 HTTP/1.1" 200 50303
58.40.7.146 - - [18/Sep/2020:11:01:56 +0800] "GET /xingrg/all/function/internal_message.html?_=1600398114540&CODE_STATE=getMsg HTTP/1.1" 200 27
172.17.0.123 - - [18/Sep/2020:11:01:58 +0800] "GET /xingrg/all/function/internal_message.html?_=1600398114263&CODE_STATE=getMsg HTTP/1.1" 200 27
58.40.7.146 - - [18/Sep/2020:11:02:01 +0800] "GET /xingrg/all/function/internal_message.html?_=1600398119352&CODE_STATE=getMsg HTTP/1.1" 200 27
58.40.7.146 - - [18/Sep/2020:11:02:01 +0800] "GET /xingrg/check_reg.html?_=1600398119354 HTTP/1.1" 200 22
58.37.9.106 - - [18/Sep/2020:11:02:03 +0800] "GET /xingrg/kc/buy/cgsh_order_operate.html?command=get_materiel&rest_code=00141&code=00101004071&supplier_code=00100312&order_time=2020-09-18 HTTP/1.1" 200 409
180.162.245.190 - - [18/Sep/2020:11:02:04 +0800] "GET /xingrg/all/function/internal_message.html?_=1600398107134&CODE_STATE=getMsg HTTP/1.1" 200 27
58.40.7.146 - - [18/Sep/2020:11:02:08 +0800] "GET /xingrg/all/function/internal_message.html?_=1600398126532&CODE_STATE=getMsg HTTP/1.1" 200 27
58.37.9.106 - - [18/Sep/2020:11:02:10 +0800] "GET /xingrg/kc/buy/cgsh_order_operate.html?command=get_materiel&rest_code=00141&code=00101005017&supplier_code=00100312&order_time=2020-09-18 HTTP/1.1" 200 409
180.162.245.190 - - [18/Sep/2020:11:02:10 +0800] "GET /xingrg/all/function/internal_message.html?_=1600398129666&CODE_STATE=getMsg HTTP/1.1" 200 27
180.162.245.190 - - [18/Sep/2020:11:02:10 +0800] "GET /xingrg/kc/buy/cgsh_order_operate.html?command=get_materiel&rest_code=00105&code=00102002167&supplier_code=00100347&order_time=2020-09-18 HTTP/1.1" 200 409
58.40.7.146 - - [18/Sep/2020:11:02:12 +0800] "POST /xingrg/kc/buy/cgsh_list_operate.html HTTP/1.1" 200 876
58.37.9.106 - - [18/Sep/2020:11:02:15 +0800] "GET /xingrg/all/function/internal_message.html?_=1600397755559&CODE_STATE=getMsg HTTP/1.1" 200 27
58.37.9.106 - - [18/Sep/2020:11:02:16 +0800] "GET /xingrg/kc/buy/cgsh_order_operate.html?command=get_materiel&rest_code=00141&code=00101004005&supplier_code=00100312&order_time=2020-09-18 HTTP/1.1" 200 409
172.17.0.115 - - [18/Sep/2020:11:02:19 +0800] "GET /xingrg/all/function/internal_message.html?_=1600398152739&CODE_STATE=getMsg HTTP/1.1" 200 27
120.253.135.82 - - [18/Sep/2020:11:02:21 +0800] "GET /xingrg/all/function/internal_message.html?_=1600398250542&CODE_STATE=getMsg HTTP/1.1" 200 27
58.37.9.106 - - [18/Sep/2020:11:02:22 +0800] "GET /xingrg/kc/buy/cgsh_order_operate.html?command=get_materiel&rest_code=00141&code=00101004020&supplier_code=00100312&order_time=2020-09-18 HTTP/1.1" 200 409
114.88.166.242 - - [18/Sep/2020:11:02:23 +0800] "GET /xingrg/all/function/internal_message.html?_=1600398137504&CODE_STATE=getMsg HTTP/1.1" 200 27
58.40.7.146 - - [18/Sep/2020:11:02:23 +0800] "POST /xingrg/kc/buy/cgsh_list_operate.html HTTP/1.1" 200 876
116.230.74.197 - - [18/Sep/2020:11:02:23 +0800] "GET /xingrg/check_reg.html?_=1600398133329 HTTP/1.1" 200 22
117.185.32.26 - - [18/Sep/2020:11:02:25 +0800] "GET /xingrg/check_reg.html?_=1600398140591 HTTP/1.1" 200 22
58.37.9.106 - - [18/Sep/2020:11:02:27 +0800] "GET /xingrg/kc/buy/cgsh_order_operate.html?command=get_materiel&rest_code=00141&code=00101004049&supplier_code=00100312&order_time=2020-09-18 HTTP/1.1" 200 413
117.185.32.26 - - [18/Sep/2020:11:02:29 +0800] "GET /xingrg/all/function/internal_message.html?_=1600398144087&CODE_STATE=getMsg HTTP/1.1" 200 27
116.238.71.173 - - [18/Sep/2020:11:02:34 +0800] "POST /xingrg/kc/buy/cgsh_order_operate.html HTTP/1.1" 200 37
58.40.7.146 - - [18/Sep/2020:11:02:34 +0800] "POST /xingrg/kc/buy/cgsh_list_operate.html HTTP/1.1" 200 876
218.81.217.115 - - [18/Sep/2020:11:02:36 +0800] "GET /xingrg/all/function/internal_message.html?_=1600398166985&CODE_STATE=getMsg HTTP/1.1" 200 27
116.238.71.173 - - [18/Sep/2020:11:02:36 +0800] "POST /xingrg/kc/buy/cgsh_order_operate.html HTTP/1.1" 200 12
114.88.166.242 - - [18/Sep/2020:11:02:36 +0800] "GET /xingrg/check_reg.html?_=1600398221006 HTTP/1.1" 200 22
114.88.166.242 - - [18/Sep/2020:11:02:36 +0800] "GET /xingrg/all/function/internal_message.html?_=1600398221007&CODE_STATE=getMsg HTTP/1.1" 200 27
116.238.71.173 - - [18/Sep/2020:11:02:36 +0800] "GET /xingrg/kc/buy/cgsh_order_info.html?code=212020091807560 HTTP/1.1" 200 54326
116.238.71.173 - - [18/Sep/2020:11:02:37 +0800] "GET /xingrg/javascript/easyui/themes/default/validatebox.css HTTP/1.1" 404 1104
116.238.71.173 - - [18/Sep/2020:11:02:37 +0800] "POST /xingrg/kc/buy/cgsh_order_operate.html HTTP/1.1" 200 26887
58.40.7.146 - - [18/Sep/2020:11:02:38 +0800] "GET /xingrg/kc/buy/buy_main.html HTTP/1.1" 200 12341
58.40.7.146 - - [18/Sep/2020:11:02:38 +0800] "GET /xingrg/css/new_ie.css HTTP/1.1" 404 1036
120.253.135.82 - - [18/Sep/2020:11:02:38 +0800] "GET /xingrg/all/function/internal_message.html?_=1600397905486&CODE_STATE=getMsg HTTP/1.1" 200 27
116.238.71.173 - - [18/Sep/2020:11:02:39 +0800] "GET /xingrg/kc/print/load_data.html?order_code=212020091807560&kc_code=cgsh&condition= HTTP/1.1" 200 10860
58.40.7.146 - - [18/Sep/2020:11:02:40 +0800] "GET /xingrg/kc/report/report_main.html HTTP/1.1" 200 9370
58.40.7.146 - - [18/Sep/2020:11:02:40 +0800] "GET /xingrg/javascript/jquery_easy_ui/themes/icons/back_new.png HTTP/1.1" 304 -
116.230.74.197 - - [18/Sep/2020:11:02:41 +0800] "GET /xingrg/kc/buy/cgsh_order_operate.html?command=get_materiel&rest_code=00107&code=00101004046&supplier_code=00100312&order_time=2020-09-18 HTTP/1.1" 200 417
58.40.7.146 - - [18/Sep/2020:11:02:41 +0800] "GET /xingrg/all/function/internal_message.html?_=1600398159183&CODE_STATE=getMsg HTTP/1.1" 200 27
58.40.7.146 - - [18/Sep/2020:11:02:41 +0800] "GET /xingrg/kc/base/kc_stocks.html HTTP/1.1" 200 16329
58.40.7.146 - - [18/Sep/2020:11:02:41 +0800] "GET /xingrg/javascript/easyui/themes/default/tree.css HTTP/1.1" 404 1090
58.40.7.146 - - [18/Sep/2020:11:02:41 +0800] "GET /xingrg/all/common/auto_word.html?type=base&rest_code=00101 HTTP/1.1" 200 513
58.40.7.146 - - [18/Sep/2020:11:02:42 +0800] "POST /xingrg/all/common/load_tree.html?tree=materiel_sort_tree_json HTTP/1.1" 200 8666
172.17.200.101 - - [18/Sep/2020:11:02:42 +0800] "GET /xingrg/check_reg.html?_=1600398162243 HTTP/1.1" 200 22
172.17.200.101 - - [18/Sep/2020:11:02:42 +0800] "GET /xingrg/all/function/internal_message.html?_=1600398162238&CODE_STATE=getMsg HTTP/1.1" 200 27
180.162.245.190 - - [18/Sep/2020:11:02:44 +0800] "GET /xingrg/kc/buy/cgsh_order_operate.html?command=get_materiel&rest_code=00105&code=00101010550&supplier_code=00100347&order_time=2020-09-18 HTTP/1.1" 200 399
172.17.0.120 - - [18/Sep/2020:11:02:45 +0800] "GET /xingrg/all/function/internal_message.html?_=1600398162819&CODE_STATE=getMsg HTTP/1.1" 200 27
58.37.9.106 - - [18/Sep/2020:11:02:48 +0800] "POST /xingrg/kc/buy/cgsh_order_operate.html HTTP/1.1" 200 37
58.40.7.146 - - [18/Sep/2020:11:02:49 +0800] "POST /xingrg/kc/base/stock_operate.html HTTP/1.1" 200 4142
124.76.236.61 - - [18/Sep/2020:11:02:49 +0800] "GET /xingrg/all/function/internal_message.html?_=1600398176704&CODE_STATE=getMsg HTTP/1.1" 200 27
114.88.166.242 - - [18/Sep/2020:11:02:51 +0800] "GET /xingrg/check_reg.html?_=1600398166013 HTTP/1.1" 200 22
114.88.166.242 - - [18/Sep/2020:11:02:51 +0800] "GET /xingrg/all/function/internal_message.html?_=1600398166015&CODE_STATE=getMsg HTTP/1.1" 200 27
58.37.9.106 - - [18/Sep/2020:11:02:51 +0800] "POST /xingrg/kc/buy/cgsh_order_operate.html HTTP/1.1" 200 12
172.17.0.100 - - [18/Sep/2020:11:02:52 +0800] "GET /xingrg/all/function/internal_message.html?_=1600398169236&CODE_STATE=getMsg HTTP/1.1" 200 27
116.230.74.197 - - [18/Sep/2020:11:02:53 +0800] "GET /xingrg/all/function/internal_message.html?_=1600398162640&CODE_STATE=getMsg HTTP/1.1" 200 27
58.37.9.106 - - [18/Sep/2020:11:02:53 +0800] "GET /xingrg/kc/buy/cgsh_order_info.html?code=212020091807625 HTTP/1.1" 200 54694
58.37.9.106 - - [18/Sep/2020:11:02:54 +0800] "GET /xingrg/javascript/easyui/themes/default/validatebox.css HTTP/1.1" 404 1104
180.157.253.48 - - [18/Sep/2020:11:02:54 +0800] "GET /xingrg/all/function/internal_message.html?_=1600398174842&CODE_STATE=getMsg HTTP/1.1" 200 27
58.37.9.106 - - [18/Sep/2020:11:02:54 +0800] "POST /xingrg/kc/buy/cgsh_order_operate.html HTTP/1.1" 200 5945
58.37.9.106 - - [18/Sep/2020:11:02:55 +0800] "GET /xingrg/kc/print/load_data.html?order_code=212020091807625&kc_code=cgsh&condition= HTTP/1.1" 200 2750
58.40.7.146 - - [18/Sep/2020:11:02:56 +0800] "GET /xingrg/all/function/internal_message.html?_=1600398174539&CODE_STATE=getMsg HTTP/1.1" 200 27
58.40.7.146 - - [18/Sep/2020:11:02:57 +0800] "POST /xingrg/kc/base/stock_operate.html HTTP/1.1" 200 6393
172.17.0.123 - - [18/Sep/2020:11:02:58 +0800] "GET /xingrg/check_reg.html?_=1600398174265 HTTP/1.1" 200 22
172.17.0.123 - - [18/Sep/2020:11:02:58 +0800] "GET /xingrg/all/function/internal_message.html?_=1600398174265&CODE_STATE=getMsg HTTP/1.1" 200 27
58.37.9.106 - - [18/Sep/2020:11:02:59 +0800] "GET /xingrg/kc/buy/cgsh_order_add.html HTTP/1.1" 200 59787
58.37.9.106 - - [18/Sep/2020:11:03:00 +0800] "POST /xingrg/kc/buy/cgsh_order_operate.html HTTP/1.1" 200 8245
58.37.9.106 - - [18/Sep/2020:11:03:00 +0800] "GET /xingrg/javascript/easyui/themes/default/validatebox.css HTTP/1.1" 404 1104
180.162.245.190 - - [18/Sep/2020:11:03:00 +0800] "POST /xingrg/kc/buy/cgsh_order_operate.html HTTP/1.1" 200 37
116.230.74.197 - - [18/Sep/2020:11:03:00 +0800] "GET /xingrg/kc/buy/cgsh_order_operate.html?command=get_materiel&rest_code=00107&code=00101004067&supplier_code=00100312&order_time=2020-09-18 HTTP/1.1" 200 413
180.162.245.190 - - [18/Sep/2020:11:03:01 +0800] "POST /xingrg/kc/buy/cgsh_order_operate.html HTTP/1.1" 200 6824
58.40.7.146 - - [18/Sep/2020:11:03:01 +0800] "GET /xingrg/all/function/internal_message.html?_=1600398179355&CODE_STATE=getMsg HTTP/1.1" 200 27
117.131.5.26 - - [18/Sep/2020:11:03:02 +0800] "GET /xingrg/login.html HTTP/1.1" 200 7641
117.131.5.26 - - [18/Sep/2020:11:03:02 +0800] "GET /xingrg/images/blue/jxLogo.png HTTP/1.1" 200 6156
117.131.5.26 - - [18/Sep/2020:11:03:03 +0800] "GET /xingrg/images/blue/login_bg.png HTTP/1.1" 200 22101
117.131.5.26 - - [18/Sep/2020:11:03:03 +0800] "GET /xingrg/images/blue/hj.png HTTP/1.1" 200 1014
117.131.5.26 - - [18/Sep/2020:11:03:03 +0800] "GET /xingrg/images/blue/srbg.png HTTP/1.1" 200 138
117.131.5.26 - - [18/Sep/2020:11:03:03 +0800] "GET /favicon.ico HTTP/1.1" 404 -
180.162.245.190 - - [18/Sep/2020:11:03:03 +0800] "GET /xingrg/kc/print/load_data.html?order_code=212020091807626&kc_code=cgsh&condition= HTTP/1.1" 200 2258
58.40.7.146 - - [18/Sep/2020:11:03:03 +0800] "POST /xingrg/kc/base/stock_operate.html HTTP/1.1" 200 6757
180.162.245.190 - - [18/Sep/2020:11:03:04 +0800] "GET /xingrg/all/function/internal_message.html?_=1600398167133&CODE_STATE=getMsg HTTP/1.1" 200 27
58.37.9.106 - - [18/Sep/2020:11:03:06 +0800] "GET /xingrg/kc/buy/cgsh_order_operate.html?command=get_materiel&rest_code=00141&code=00101004041&supplier_code=00100312&order_time=2020-09-18 HTTP/1.1" 200 413
58.40.7.146 - - [18/Sep/2020:11:03:08 +0800] "POST /xingrg/kc/base/stock_operate.html HTTP/1.1" 200 6726
58.40.7.146 - - [18/Sep/2020:11:03:08 +0800] "GET /xingrg/all/function/internal_message.html?_=1600398186534&CODE_STATE=getMsg HTTP/1.1" 200 27
58.40.7.146 - - [18/Sep/2020:11:03:08 +0800] "GET /xingrg/check_reg.html?_=1600398186538 HTTP/1.1" 200 22
116.230.74.197 - - [18/Sep/2020:11:03:09 +0800] "GET /xingrg/kc/buy/cgsh_order_operate.html?command=get_materiel&rest_code=00107&code=00101004057&supplier_code=00100312&order_time=2020-09-18 HTTP/1.1" 200 411
116.238.71.173 - - [18/Sep/2020:11:03:09 +0800] "POST /xingrg/services/DataTransmitService HTTP/1.1" 401 565
116.238.71.173 - - [18/Sep/2020:11:03:09 +0800] "POST /xingrg/services/DataTransmitService HTTP/1.1" 200 478
116.238.71.173 - - [18/Sep/2020:11:03:09 +0800] "POST /xingrg/services/DataTransmitService HTTP/1.1" 200 1320
116.238.71.173 - - [18/Sep/2020:11:03:10 +0800] "POST /xingrg/services/DataTransmitService HTTP/1.1" 200 478
116.238.71.173 - - [18/Sep/2020:11:03:10 +0800] "POST /xingrg/services/DataTransmitService HTTP/1.1" 200 1320
116.238.71.173 - - [18/Sep/2020:11:03:10 +0800] "POST /xingrg/services/DataTransmitService HTTP/1.1" 200 524
116.238.71.173 - - [18/Sep/2020:11:03:10 +0800] "POST /xingrg/services/DataTransmitService HTTP/1.1" 200 1767
116.238.71.173 - - [18/Sep/2020:11:03:10 +0800] "POST /xingrg/services/DataTransmitService HTTP/1.1" 200 45454
116.238.71.173 - - [18/Sep/2020:11:03:10 +0800] "POST /xingrg/services/DataTransmitService HTTP/1.1" 200 19237
180.162.245.190 - - [18/Sep/2020:11:03:10 +0800] "GET /xingrg/all/function/internal_message.html?_=1600398189652&CODE_STATE=getMsg HTTP/1.1" 200 27
58.40.7.146 - - [18/Sep/2020:11:03:12 +0800] "GET /xingrg/kc/base/stock_detail.html?m=00101036002 HTTP/1.1" 200 6267
116.238.71.173 - - [18/Sep/2020:11:03:15 +0800] "POST /xingrg/services/DataTransmitService HTTP/1.1" 200 524
116.238.71.173 - - [18/Sep/2020:11:03:15 +0800] "POST /xingrg/services/DataTransmitService HTTP/1.1" 200 501
116.238.71.173 - - [18/Sep/2020:11:03:15 +0800] "POST /xingrg/services/DataTransmitService HTTP/1.1" 200 501
58.37.9.106 - - [18/Sep/2020:11:03:15 +0800] "GET /xingrg/all/function/internal_message.html?_=1600397815536&CODE_STATE=getMsg HTTP/1.1" 200 27
116.238.71.173 - - [18/Sep/2020:11:03:16 +0800] "POST /xingrg/services/DataTransmitService HTTP/1.1" 200 501
116.238.71.173 - - [18/Sep/2020:11:03:17 +0800] "POST /xingrg/services/DataTransmitService HTTP/1.1" 200 501
116.238.71.173 - - [18/Sep/2020:11:03:17 +0800] "POST /xingrg/services/DataTransmitService HTTP/1.1" 200 501
116.238.71.173 - - [18/Sep/2020:11:03:18 +0800] "POST /xingrg/services/DataTransmitService HTTP/1.1" 200 501
116.238.71.173 - - [18/Sep/2020:11:03:18 +0800] "POST /xingrg/services/DataTransmitService HTTP/1.1" 200 501
116.238.71.173 - - [18/Sep/2020:11:03:18 +0800] "POST /xingrg/services/DataTransmitService HTTP/1.1" 200 501
218.81.217.115 - - [18/Sep/2020:11:03:18 +0800] "GET /xingrg/check_reg.html?_=1600398209294 HTTP/1.1" 200 22
116.238.71.173 - - [18/Sep/2020:11:03:18 +0800] "POST /xingrg/services/DataTransmitService HTTP/1.1" 200 412
172.17.0.115 - - [18/Sep/2020:11:03:19 +0800] "GET /xingrg/all/function/internal_message.html?_=1600398212747&CODE_STATE=getMsg HTTP/1.1" 200 27
116.238.71.173 - - [18/Sep/2020:11:03:19 +0800] "POST /xingrg/services/DataTransmitService HTTP/1.1" 200 524
58.40.7.146 - - [18/Sep/2020:11:03:20 +0800] "GET /xingrg/kc/base/stock_operate.html?_=1600398197898&command=get_report_file&start_day=20200807 HTTP/1.1" 200 53
58.40.7.146 - - [18/Sep/2020:11:03:20 +0800] "GET /xingrg/all/report/report_query.html?isQuery=1&onlyBody=1&rh=2000&fileName=kc/base/kc_stock_detail_new.xml&queryString=(1=1)&queryText=&tableQueryString=init_table$sp1$$sp$crk_table$sp1$order_day%20between%2020200807%20and%2020200930&varString=start_day:20200807,materiel_code:00101036002,cost_id:2798,end_date:20200731 HTTP/1.1" 200 48701
58.40.7.146 - - [18/Sep/2020:11:03:20 +0800] "GET /xingrg/dwr/interface/AjaxReportQueryService.js HTTP/1.1" 200 13203
58.40.7.146 - - [18/Sep/2020:11:03:20 +0800] "GET /xingrg/dwr/util.js HTTP/1.1" 304 -
58.40.7.146 - - [18/Sep/2020:11:03:20 +0800] "GET /xingrg/dwr/engine.js HTTP/1.1" 200 43631
116.238.71.173 - - [18/Sep/2020:11:03:20 +0800] "POST /xingrg/services/DataTransmitService HTTP/1.1" 200 501
58.40.7.146 - - [18/Sep/2020:11:03:21 +0800] "POST /xingrg/all/report/load_report_page.html HTTP/1.1" 200 284651
58.40.7.146 - - [18/Sep/2020:11:03:21 +0800] "GET /xingrg/servlets/image?cache=0.46557206428757636&image=px HTTP/1.1" 200 807
116.238.71.173 - - [18/Sep/2020:11:03:21 +0800] "POST /xingrg/services/DataTransmitService HTTP/1.1" 200 524
120.253.135.82 - - [18/Sep/2020:11:03:21 +0800] "GET /xingrg/all/function/internal_message.html?_=1600398310711&CODE_STATE=getMsg HTTP/1.1" 200 27
116.230.74.197 - - [18/Sep/2020:11:03:21 +0800] "GET /xingrg/kc/buy/cgsh_order_operate.html?command=get_materiel&rest_code=00107&code=00101001096&supplier_code=00100312&order_time=2020-09-18 HTTP/1.1" 200 413
114.88.166.242 - - [18/Sep/2020:11:03:23 +0800] "GET /xingrg/all/function/internal_message.html?_=1600398197568&CODE_STATE=getMsg HTTP/1.1" 200 27
116.238.71.173 - - [18/Sep/2020:11:03:23 +0800] "POST /xingrg/services/DataTransmitService HTTP/1.1" 200 501
58.37.9.106 - - [18/Sep/2020:11:03:26 +0800] "GET /xingrg/kc/buy/cgsh_order_operate.html?command=get_materiel&rest_code=00141&code=00101001029&supplier_code=00100312&order_time=2020-09-18 HTTP/1.1" 200 415
116.238.71.173 - - [18/Sep/2020:11:03:27 +0800] "POST /xingrg/services/DataTransmitService HTTP/1.1" 200 524
116.238.71.173 - - [18/Sep/2020:11:03:27 +0800] "POST /xingrg/services/DataTransmitService HTTP/1.1" 200 501
116.238.71.173 - - [18/Sep/2020:11:03:28 +0800] "POST /xingrg/services/DataTransmitService HTTP/1.1" 200 524
116.238.71.173 - - [18/Sep/2020:11:03:28 +0800] "POST /xingrg/services/DataTransmitService HTTP/1.1" 200 501
116.238.71.173 - - [18/Sep/2020:11:03:28 +0800] "POST /xingrg/services/DataTransmitService HTTP/1.1" 200 524
117.185.32.26 - - [18/Sep/2020:11:03:29 +0800] "GET /xingrg/all/function/internal_message.html?_=1600398204062&CODE_STATE=getMsg HTTP/1.1" 200 27
116.238.71.173 - - [18/Sep/2020:11:03:29 +0800] "POST /xingrg/services/DataTransmitService HTTP/1.1" 200 524
116.238.71.173 - - [18/Sep/2020:11:03:29 +0800] "POST /xingrg/services/DataTransmitService HTTP/1.1" 200 524
116.238.71.173 - - [18/Sep/2020:11:03:31 +0800] "GET /xingrg/all/function/internal_message.html?_=1600398208818&CODE_STATE=getMsg HTTP/1.1" 200 27
116.230.74.197 - - [18/Sep/2020:11:03:34 +0800] "GET /xingrg/kc/buy/cgsh_order_operate.html?command=get_materiel&rest_code=00107&code=00101001033&supplier_code=00100312&order_time=2020-09-18 HTTP/1.1" 200 419
180.171.130.158 - - [18/Sep/2020:11:03:34 +0800] "POST /xingrg/services/DataTransmitService HTTP/1.1" 200 524
58.37.9.106 - - [18/Sep/2020:11:03:34 +0800] "GET /xingrg/kc/buy/cgsh_order_operate.html?command=get_materiel&rest_code=00141&code=00101001096&supplier_code=00100312&order_time=2020-09-18 HTTP/1.1" 200 413
218.81.217.115 - - [18/Sep/2020:11:03:36 +0800] "GET /xingrg/all/function/internal_message.html?_=1600398226999&CODE_STATE=getMsg HTTP/1.1" 200 27
114.88.166.242 - - [18/Sep/2020:11:03:36 +0800] "GET /xingrg/all/function/internal_message.html?_=1600398281005&CODE_STATE=getMsg HTTP/1.1" 200 27
120.253.135.82 - - [18/Sep/2020:11:03:38 +0800] "GET /xingrg/all/function/internal_message.html?_=1600397965653&CODE_STATE=getMsg HTTP/1.1" 200 27
180.171.130.158 - - [18/Sep/2020:11:03:39 +0800] "POST /xingrg/services/DataTransmitService HTTP/1.1" 200 501
58.37.9.106 - - [18/Sep/2020:11:03:41 +0800] "GET /xingrg/kc/buy/cgsh_order_operate.html?command=get_materiel&rest_code=00141&code=00101001047&supplier_code=00100312&order_time=2020-09-18 HTTP/1.1" 200 421
58.40.7.146 - - [18/Sep/2020:11:03:41 +0800] "GET /xingrg/all/function/internal_message.html?_=1600398219171&CODE_STATE=getMsg HTTP/1.1" 200 27
172.17.200.101 - - [18/Sep/2020:11:03:42 +0800] "GET /xingrg/all/function/internal_message.html?_=1600398222242&CODE_STATE=getMsg HTTP/1.1" 200 27
172.17.0.120 - - [18/Sep/2020:11:03:45 +0800] "GET /xingrg/all/function/internal_message.html?_=1600398222821&CODE_STATE=getMsg HTTP/1.1" 200 27
58.37.9.106 - - [18/Sep/2020:11:03:48 +0800] "GET /xingrg/kc/buy/cgsh_order_operate.html?command=get_materiel&rest_code=00141&code=00101001016&supplier_code=00100312&order_time=2020-09-18 HTTP/1.1" 200 413
180.171.130.158 - - [18/Sep/2020:11:03:49 +0800] "POST /xingrg/services/DataTransmitService HTTP/1.1" 200 524
124.76.236.61 - - [18/Sep/2020:11:03:49 +0800] "GET /xingrg/all/function/internal_message.html?_=1600398236702&CODE_STATE=getMsg HTTP/1.1" 200 27
180.171.130.158 - - [18/Sep/2020:11:03:49 +0800] "POST /xingrg/services/DataTransmitService HTTP/1.1" 200 501
116.230.74.197 - - [18/Sep/2020:11:03:51 +0800] "GET /xingrg/kc/buy/cgsh_order_operate.html?command=get_materiel&rest_code=00107&code=00101001029&supplier_code=00100312&order_time=2020-09-18 HTTP/1.1" 200 415
114.88.166.242 - - [18/Sep/2020:11:03:51 +0800] "GET /xingrg/all/function/internal_message.html?_=1600398226022&CODE_STATE=getMsg HTTP/1.1" 200 27
172.17.0.100 - - [18/Sep/2020:11:03:52 +0800] "GET /xingrg/all/function/internal_message.html?_=1600398229235&CODE_STATE=getMsg HTTP/1.1" 200 27
172.17.0.100 - - [18/Sep/2020:11:03:52 +0800] "GET /xingrg/check_reg.html?_=1600398229238 HTTP/1.1" 200 22
116.230.74.197 - - [18/Sep/2020:11:03:53 +0800] "GET /xingrg/all/function/internal_message.html?_=1600398222608&CODE_STATE=getMsg HTTP/1.1" 200 27
58.37.9.106 - - [18/Sep/2020:11:03:53 +0800] "GET /xingrg/kc/buy/cgsh_order_operate.html?command=get_materiel&rest_code=00141&code=00101007168&supplier_code=00100312&order_time=2020-09-18 HTTP/1.1" 200 395
180.157.253.48 - - [18/Sep/2020:11:03:54 +0800] "GET /xingrg/check_reg.html?_=1600398234840 HTTP/1.1" 200 22
180.157.253.48 - - [18/Sep/2020:11:03:54 +0800] "GET /xingrg/all/function/internal_message.html?_=1600398234844&CODE_STATE=getMsg HTTP/1.1" 200 27
58.40.7.146 - - [18/Sep/2020:11:03:56 +0800] "GET /xingrg/all/function/internal_message.html?_=1600398234541&CODE_STATE=getMsg HTTP/1.1" 200 27
172.17.0.123 - - [18/Sep/2020:11:03:58 +0800] "GET /xingrg/all/function/internal_message.html?_=1600398234249&CODE_STATE=getMsg HTTP/1.1" 200 27
58.37.9.106 - - [18/Sep/2020:11:03:58 +0800] "GET /xingrg/kc/buy/cgsh_order_operate.html?command=get_materiel&rest_code=00141&code=00101001104&supplier_code=00100312&order_time=2020-09-18 HTTP/1.1" 200 413
58.40.7.146 - - [18/Sep/2020:11:04:01 +0800] "GET /xingrg/all/function/internal_message.html?_=1600398239357&CODE_STATE=getMsg HTTP/1.1" 200 27
117.131.5.26 - - [18/Sep/2020:11:04:03 +0800] "POST /xingrg/login.do HTTP/1.1" 302 -
117.131.5.26 - - [18/Sep/2020:11:04:03 +0800] "GET /xingrg/css/form.css HTTP/1.1" 200 893
117.131.5.26 - - [18/Sep/2020:11:04:03 +0800] "GET /xingrg/javascript/jquery_easy_ui/themes/icon.css HTTP/1.1" 200 3949
117.131.5.26 - - [18/Sep/2020:11:04:03 +0800] "GET /xingrg/index.html?sysBaseUrl=http%3A%2F%2F180.169.147.146%3A18081%2Fxingrg%2F&costTime=39×tamp=1600398243485 HTTP/1.1" 200 17179
117.131.5.26 - - [18/Sep/2020:11:04:03 +0800] "GET /xingrg/javascript/jquery_easy_ui/themes/default/easyui.css HTTP/1.1" 200 26500
117.131.5.26 - - [18/Sep/2020:11:04:03 +0800] "GET /xingrg/javascript/jquery_easy_ui/jquery.easyui.min.js HTTP/1.1" 200 213662
117.131.5.26 - - [18/Sep/2020:11:04:03 +0800] "GET /xingrg/javascript/jquery_easy_ui/easyui-lang-zh_CN.js HTTP/1.1" 200 1900
117.131.5.26 - - [18/Sep/2020:11:04:03 +0800] "GET /xingrg/javascript/jquery-1.4.2.min.js HTTP/1.1" 200 72205
117.131.5.26 - - [18/Sep/2020:11:04:03 +0800] "GET /xingrg/javascript/jquery.timers.js HTTP/1.1" 200 3532
117.131.5.26 - - [18/Sep/2020:11:04:03 +0800] "GET /xingrg/javascript/jquery.utils.js HTTP/1.1" 200 11805
117.131.5.26 - - [18/Sep/2020:11:04:03 +0800] "GET /xingrg/javascript/jquery.form.js HTTP/1.1" 200 23110
117.131.5.26 - - [18/Sep/2020:11:04:03 +0800] "GET /favicon.ico HTTP/1.1" 404 -
117.131.5.26 - - [18/Sep/2020:11:04:03 +0800] "GET /xingrg/javascript/jquery_easy_ui/themes/icons/settle_new.png HTTP/1.1" 200 826
117.131.5.26 - - [18/Sep/2020:11:04:03 +0800] "GET /xingrg/images/blue/navBackgound.jpg HTTP/1.1" 200 12378
117.131.5.26 - - [18/Sep/2020:11:04:03 +0800] "POST /xingrg/all/common/load_tree.html?tree=area_rest_tree_json&manage=1 HTTP/1.1" 200 351
117.131.5.26 - - [18/Sep/2020:11:04:03 +0800] "GET /xingrg/check_reg.html?_=1600398260971 HTTP/1.1" 200 22
117.131.5.26 - - [18/Sep/2020:11:04:03 +0800] "GET /xingrg/all/function/internal_message.html?_=1600398260970&CODE_STATE=count HTTP/1.1" 200 11
117.131.5.26 - - [18/Sep/2020:11:04:03 +0800] "GET /xingrg/images/blue/pingpu.png HTTP/1.1" 200 231
117.131.5.26 - - [18/Sep/2020:11:04:03 +0800] "GET /xingrg/javascript/jquery_easy_ui/themes/default/images/tabs_leftarrow.png HTTP/1.1" 200 389
117.131.5.26 - - [18/Sep/2020:11:04:03 +0800] "GET /xingrg/javascript/jquery_easy_ui/themes/default/images/tabs_rightarrow.png HTTP/1.1" 200 395
117.131.5.26 - - [18/Sep/2020:11:04:03 +0800] "GET /xingrg/javascript/jquery_easy_ui/themes/default/images/panel_tool_collapse.gif HTTP/1.1" 200 246
117.131.5.26 - - [18/Sep/2020:11:04:03 +0800] "POST /xingrg/load_menu.html HTTP/1.1" 200 5138
117.131.5.26 - - [18/Sep/2020:11:04:03 +0800] "GET /xingrg/javascript/jquery_easy_ui/themes/default/images/tree_arrows.gif HTTP/1.1" 200 1043
117.131.5.26 - - [18/Sep/2020:11:04:04 +0800] "GET /xingrg/javascript/jquery_easy_ui/themes/default/images/tree_folder.gif HTTP/1.1" 200 952
117.131.5.26 - - [18/Sep/2020:11:04:04 +0800] "GET /xingrg/javascript/jquery_easy_ui/themes/default/images/tree_file.gif HTTP/1.1" 200 118
117.131.5.26 - - [18/Sep/2020:11:04:04 +0800] "GET /xingrg/javascript/jquery_easy_ui/themes/icons/search_new.png HTTP/1.1" 200 586
117.131.5.26 - - [18/Sep/2020:11:04:04 +0800] "GET /xingrg/javascript/jquery_easy_ui/themes/icons/storage_new.png HTTP/1.1" 200 853
117.131.5.26 - - [18/Sep/2020:11:04:04 +0800] "GET /xingrg/javascript/jquery_easy_ui/themes/icons/forms_new.png HTTP/1.1" 200 350
117.131.5.26 - - [18/Sep/2020:11:04:04 +0800] "GET /xingrg/javascript/jquery_easy_ui/themes/default/images/tree_folder_open.gif HTTP/1.1" 200 956
180.162.245.190 - - [18/Sep/2020:11:04:04 +0800] "GET /xingrg/all/function/internal_message.html?_=1600398227133&CODE_STATE=getMsg HTTP/1.1" 200 27
116.230.74.197 - - [18/Sep/2020:11:04:08 +0800] "GET /xingrg/kc/buy/cgsh_order_operate.html?command=get_materiel&rest_code=00107&code=00101001016&supplier_code=00100312&order_time=2020-09-18 HTTP/1.1" 200 413
58.40.7.146 - - [18/Sep/2020:11:04:08 +0800] "GET /xingrg/all/function/internal_message.html?_=1600398246538&CODE_STATE=getMsg HTTP/1.1" 200 27
180.162.245.190 - - [18/Sep/2020:11:04:10 +0800] "GET /xingrg/all/function/internal_message.html?_=1600398249630&CODE_STATE=getMsg HTTP/1.1" 200 27
58.37.9.106 - - [18/Sep/2020:11:04:10 +0800] "GET /xingrg/kc/buy/cgsh_order_operate.html?command=get_materiel&rest_code=00141&code=00101001198&supplier_code=00100312&order_time=2020-09-18 HTTP/1.1" 200 395
117.131.5.26 - - [18/Sep/2020:11:04:10 +0800] "GET /xingrg/javascript/jquery_easy_ui/themes/default/images/tabs_close.gif HTTP/1.1" 200 829
117.131.5.26 - - [18/Sep/2020:11:04:11 +0800] "GET /xingrg/css/base.css HTTP/1.1" 200 2811
117.131.5.26 - - [18/Sep/2020:11:04:11 +0800] "GET /xingrg/css/site.css HTTP/1.1" 200 7541
117.131.5.26 - - [18/Sep/2020:11:04:11 +0800] "GET /xingrg/javascript/easyui/themes/icon.css HTTP/1.1" 200 4483
117.131.5.26 - - [18/Sep/2020:11:04:11 +0800] "GET /xingrg/javascript/jquery_tools/datebox.css HTTP/1.1" 200 2597
117.131.5.26 - - [18/Sep/2020:11:04:11 +0800] "GET /xingrg/javascript/auto/jquery.autocomplete.css HTTP/1.1" 200 587
117.131.5.26 - - [18/Sep/2020:11:04:11 +0800] "GET /xingrg/javascript/jquery_tools/fix.css HTTP/1.1" 200 1702
117.131.5.26 - - [18/Sep/2020:11:04:11 +0800] "GET /xingrg/javascript/jquery_tools/table.css HTTP/1.1" 200 1032
117.131.5.26 - - [18/Sep/2020:11:04:11 +0800] "GET /xingrg/javascript/jquery_tools/jquery.tools.hotkey.js HTTP/1.1" 200 3242
117.131.5.26 - - [18/Sep/2020:11:04:11 +0800] "GET /xingrg/kc/buy/cgsh_order_list.html HTTP/1.1" 200 44049
117.131.5.26 - - [18/Sep/2020:11:04:11 +0800] "GET /xingrg/javascript/jquery_tools/jquery.tools.min.js HTTP/1.1" 200 138801
117.131.5.26 - - [18/Sep/2020:11:04:11 +0800] "GET /xingrg/javascript/jquery_tools/jquery.tools.table.js HTTP/1.1" 200 6994
117.131.5.26 - - [18/Sep/2020:11:04:11 +0800] "GET /xingrg/javascript/jquery_tools/jquery.tools.extend.js HTTP/1.1" 200 15385
117.131.5.26 - - [18/Sep/2020:11:04:11 +0800] "GET /xingrg/javascript/jquery_tools/list_manager.js HTTP/1.1" 200 3652
117.131.5.26 - - [18/Sep/2020:11:04:11 +0800] "GET /xingrg/javascript/easyui/themes/default/easyui.css HTTP/1.1" 200 30432
117.131.5.26 - - [18/Sep/2020:11:04:11 +0800] "GET /xingrg/javascript/jquery.cookie.js HTTP/1.1" 200 5513
117.131.5.26 - - [18/Sep/2020:11:04:11 +0800] "GET /xingrg/javascript/easyui/easyloader.js HTTP/1.1" 200 5975
117.131.5.26 - - [18/Sep/2020:11:04:11 +0800] "GET /xingrg/javascript/print/LodopFuncs.js HTTP/1.1" 200 5121
117.131.5.26 - - [18/Sep/2020:11:04:11 +0800] "GET /xingrg/javascript/auto/jquery.autocomplete.js HTTP/1.1" 200 21624
117.131.5.26 - - [18/Sep/2020:11:04:11 +0800] "GET /xingrg/javascript/easyui/themes/icons/edit_add_new.png HTTP/1.1" 200 2997
117.131.5.26 - - [18/Sep/2020:11:04:11 +0800] "GET /xingrg/javascript/easyui/themes/icons/cance_new.png HTTP/1.1" 200 3986
117.131.5.26 - - [18/Sep/2020:11:04:11 +0800] "GET /xingrg/javascript/easyui/themes/icons/field_new.png HTTP/1.1" 200 1097
117.131.5.26 - - [18/Sep/2020:11:04:11 +0800] "GET /xingrg/javascript/easyui/themes/icons/check_new.png HTTP/1.1" 200 3224
117.131.5.26 - - [18/Sep/2020:11:04:11 +0800] "GET /xingrg/javascript/easyui/themes/icons/import_new.png HTTP/1.1" 200 1247
117.131.5.26 - - [18/Sep/2020:11:04:11 +0800] "GET /xingrg/javascript/easyui/plugins/jquery.parser.js HTTP/1.1" 200 1142
117.131.5.26 - - [18/Sep/2020:11:04:11 +0800] "GET /xingrg/images/control/ajaxLoader.gif HTTP/1.1" 200 4659
117.131.5.26 - - [18/Sep/2020:11:04:12 +0800] "POST /xingrg/kc/buy/cgsh_list_operate.html HTTP/1.1" 200 876
58.37.9.106 - - [18/Sep/2020:11:04:15 +0800] "GET /xingrg/all/function/internal_message.html?_=1600397875543&CODE_STATE=getMsg HTTP/1.1" 200 27
58.37.9.106 - - [18/Sep/2020:11:04:15 +0800] "GET /xingrg/check_reg.html?_=1600397875632 HTTP/1.1" 200 22
172.17.0.115 - - [18/Sep/2020:11:04:18 +0800] "GET /xingrg/check_reg.html?_=1600398272016 HTTP/1.1" 200 22
172.17.0.115 - - [18/Sep/2020:11:04:19 +0800] "GET /xingrg/all/function/internal_message.html?_=1600398272760&CODE_STATE=getMsg HTTP/1.1" 200 27
58.37.9.106 - - [18/Sep/2020:11:04:20 +0800] "POST /xingrg/kc/buy/cgsh_order_operate.html HTTP/1.1" 200 37
120.253.135.82 - - [18/Sep/2020:11:04:21 +0800] "GET /xingrg/all/function/internal_message.html?_=1600398370724&CODE_STATE=getMsg HTTP/1.1" 200 27
114.88.166.242 - - [18/Sep/2020:11:04:23 +0800] "GET /xingrg/all/function/internal_message.html?_=1600398257572&CODE_STATE=getMsg HTTP/1.1" 200 27
116.230.74.197 - - [18/Sep/2020:11:04:23 +0800] "GET /xingrg/kc/buy/cgsh_order_operate.html?command=get_materiel&rest_code=00107&code=00101004049&supplier_code=00100312&order_time=2020-09-18 HTTP/1.1" 200 415
58.37.9.106 - - [18/Sep/2020:11:04:25 +0800] "POST /xingrg/kc/buy/cgsh_order_operate.html HTTP/1.1" 200 12
58.37.9.106 - - [18/Sep/2020:11:04:26 +0800] "GET /xingrg/kc/buy/cgsh_order_info.html?code=212020091807627 HTTP/1.1" 200 54694
58.37.9.106 - - [18/Sep/2020:11:04:27 +0800] "GET /xingrg/javascript/easyui/themes/default/validatebox.css HTTP/1.1" 404 1104
58.37.9.106 - - [18/Sep/2020:11:04:27 +0800] "POST /xingrg/kc/buy/cgsh_order_operate.html HTTP/1.1" 200 4188
58.37.9.106 - - [18/Sep/2020:11:04:28 +0800] "GET /xingrg/kc/print/load_data.html?order_code=212020091807627&kc_code=cgsh&condition= HTTP/1.1" 200 2090
117.185.32.26 - - [18/Sep/2020:11:04:29 +0800] "GET /xingrg/all/function/internal_message.html?_=1600398264042&CODE_STATE=getMsg HTTP/1.1" 200 27
116.238.71.173 - - [18/Sep/2020:11:04:31 +0800] "GET /xingrg/all/function/internal_message.html?_=1600398268851&CODE_STATE=getMsg HTTP/1.1" 200 27
120.253.135.82 - - [18/Sep/2020:11:04:31 +0800] "GET /xingrg/check_reg.html?_=1600398018384 HTTP/1.1" 200 22
58.37.9.106 - - [18/Sep/2020:11:04:32 +0800] "GET /xingrg/kc/buy/cgsh_order_add.html HTTP/1.1" 200 59787
58.37.9.106 - - [18/Sep/2020:11:04:32 +0800] "GET /xingrg/javascript/easyui/themes/default/validatebox.css HTTP/1.1" 404 1104
58.37.9.106 - - [18/Sep/2020:11:04:32 +0800] "POST /xingrg/kc/buy/cgsh_order_operate.html HTTP/1.1" 200 8245
218.81.217.115 - - [18/Sep/2020:11:04:36 +0800] "GET /xingrg/all/function/internal_message.html?_=1600398287014&CODE_STATE=getMsg HTTP/1.1" 200 27
114.88.166.242 - - [18/Sep/2020:11:04:36 +0800] "GET /xingrg/all/function/internal_message.html?_=1600398341005&CODE_STATE=getMsg HTTP/1.1" 200 27
120.253.135.82 - - [18/Sep/2020:11:04:38 +0800] "GET /xingrg/all/function/internal_message.html?_=1600398025653&CODE_STATE=getMsg HTTP/1.1" 200 27
116.230.74.197 - - [18/Sep/2020:11:04:40 +0800] "POST /xingrg/kc/buy/cgsh_order_operate.html HTTP/1.1" 200 37
58.37.9.106 - - [18/Sep/2020:11:04:40 +0800] "GET /xingrg/kc/buy/cgsh_order_operate.html?command=get_materiel&rest_code=00141&code=00101007077&supplier_code=00100328&order_time=2020-09-18 HTTP/1.1" 200 415
172.17.200.101 - - [18/Sep/2020:11:04:42 +0800] "GET /xingrg/all/function/internal_message.html?_=1600398282247&CODE_STATE=getMsg HTTP/1.1" 200 27
116.230.74.197 - - [18/Sep/2020:11:04:42 +0800] "POST /xingrg/kc/buy/cgsh_order_operate.html HTTP/1.1" 200 6842
116.230.74.197 - - [18/Sep/2020:11:04:44 +0800] "GET /xingrg/kc/print/load_data.html?order_code=212020091807628&kc_code=cgsh&condition= HTTP/1.1" 200 2289
172.17.0.120 - - [18/Sep/2020:11:04:45 +0800] "GET /xingrg/all/function/internal_message.html?_=1600398282822&CODE_STATE=getMsg HTTP/1.1" 200 27
116.230.74.197 - - [18/Sep/2020:11:04:49 +0800] "GET /xingrg/kc/buy/cgsh_order_add.html HTTP/1.1" 200 59828
124.76.236.61 - - [18/Sep/2020:11:04:49 +0800] "GET /xingrg/all/function/internal_message.html?_=1600398296703&CODE_STATE=getMsg HTTP/1.1" 200 27
124.76.236.61 - - [18/Sep/2020:11:04:49 +0800] "GET /xingrg/check_reg.html?_=1600398296706 HTTP/1.1" 200 22
58.37.9.106 - - [18/Sep/2020:11:04:50 +0800] "POST /xingrg/kc/buy/cgsh_order_operate.html HTTP/1.1" 200 37
116.230.74.197 - - [18/Sep/2020:11:04:50 +0800] "POST /xingrg/kc/buy/cgsh_order_operate.html HTTP/1.1" 200 8245
116.230.74.197 - - [18/Sep/2020:11:04:50 +0800] "GET /xingrg/javascript/easyui/themes/default/validatebox.css HTTP/1.1" 404 1104
114.88.166.242 - - [18/Sep/2020:11:04:51 +0800] "GET /xingrg/all/function/internal_message.html?_=1600398286012&CODE_STATE=getMsg HTTP/1.1" 200 27
58.37.9.106 - - [18/Sep/2020:11:04:52 +0800] "POST /xingrg/kc/buy/cgsh_order_operate.html HTTP/1.1" 200 12
172.17.0.100 - - [18/Sep/2020:11:04:52 +0800] "GET /xingrg/all/function/internal_message.html?_=1600398289236&CODE_STATE=getMsg HTTP/1.1" 200 27
116.230.74.197 - - [18/Sep/2020:11:04:52 +0800] "GET /xingrg/javascript/easyui/themes/default/tree.css HTTP/1.1" 404 1090
116.230.74.197 - - [18/Sep/2020:11:04:52 +0800] "POST /xingrg/all/common/load_tree.html?tree=supplier_tree_json&isDelete=1 HTTP/1.1" 200 50303
58.37.9.106 - - [18/Sep/2020:11:04:52 +0800] "GET /xingrg/kc/buy/cgsh_order_info.html?code=212020091807629 HTTP/1.1" 200 54694
58.37.9.106 - - [18/Sep/2020:11:04:53 +0800] "GET /xingrg/javascript/easyui/themes/default/validatebox.css HTTP/1.1" 404 1104
58.37.9.106 - - [18/Sep/2020:11:04:53 +0800] "POST /xingrg/kc/buy/cgsh_order_operate.html HTTP/1.1" 200 610
180.157.253.48 - - [18/Sep/2020:11:04:54 +0800] "GET /xingrg/all/function/internal_message.html?_=1600398294833&CODE_STATE=getMsg HTTP/1.1" 200 27
58.37.9.106 - - [18/Sep/2020:11:04:54 +0800] "GET /xingrg/kc/print/load_data.html?order_code=212020091807629&kc_code=cgsh&condition= HTTP/1.1" 200 717
116.230.74.197 - - [18/Sep/2020:11:04:55 +0800] "GET /xingrg/all/function/internal_message.html?_=1600398284837&CODE_STATE=getMsg HTTP/1.1" 200 27
58.40.7.146 - - [18/Sep/2020:11:04:56 +0800] "GET /xingrg/all/function/internal_message.html?_=1600398294529&CODE_STATE=getMsg HTTP/1.1" 200 27
172.17.0.123 - - [18/Sep/2020:11:04:58 +0800] "GET /xingrg/all/function/internal_message.html?_=1600398294253&CODE_STATE=getMsg HTTP/1.1" 200 27
58.40.7.146 - - [18/Sep/2020:11:05:01 +0800] "GET /xingrg/all/function/internal_message.html?_=1600398299360&CODE_STATE=getMsg HTTP/1.1" 200 27
58.37.9.106 - - [18/Sep/2020:11:05:03 +0800] "GET /xingrg/kc/buy/cgsh_order_add.html HTTP/1.1" 200 59787
117.131.5.26 - - [18/Sep/2020:11:05:03 +0800] "GET /xingrg/all/function/internal_message.html?_=1600398320990&CODE_STATE=getMsg HTTP/1.1" 200 27
58.37.9.106 - - [18/Sep/2020:11:05:04 +0800] "GET /xingrg/javascript/easyui/themes/default/validatebox.css HTTP/1.1" 404 1104
58.37.9.106 - - [18/Sep/2020:11:05:04 +0800] "POST /xingrg/kc/buy/cgsh_order_operate.html HTTP/1.1" 200 8245
180.162.245.190 - - [18/Sep/2020:11:05:04 +0800] "GET /xingrg/check_reg.html?_=1600398287130 HTTP/1.1" 200 22
180.162.245.190 - - [18/Sep/2020:11:05:04 +0800] "GET /xingrg/all/function/internal_message.html?_=1600398287132&CODE_STATE=getMsg HTTP/1.1" 200 27
180.162.245.190 - - [18/Sep/2020:11:05:07 +0800] "GET /xingrg/kc/buy/cgsh_order_add.html HTTP/1.1" 200 59781
180.162.245.190 - - [18/Sep/2020:11:05:07 +0800] "GET /xingrg/javascript/easyui/themes/default/validatebox.css HTTP/1.1" 404 1104
180.162.245.190 - - [18/Sep/2020:11:05:07 +0800] "POST /xingrg/kc/buy/cgsh_order_operate.html HTTP/1.1" 200 8245
58.40.7.146 - - [18/Sep/2020:11:05:08 +0800] "GET /xingrg/all/function/internal_message.html?_=1600398306542&CODE_STATE=getMsg HTTP/1.1" 200 27
180.162.245.190 - - [18/Sep/2020:11:05:10 +0800] "GET /xingrg/all/function/internal_message.html?_=1600398309604&CODE_STATE=getMsg HTTP/1.1" 200 27
116.230.74.197 - - [18/Sep/2020:11:05:12 +0800] "GET /xingrg/kc/buy/cgsh_order_operate.html?command=get_materiel&rest_code=00107&code=00101002006&supplier_code=00100091&order_time=2020-09-18 HTTP/1.1" 200 414
58.37.9.106 - - [18/Sep/2020:11:05:14 +0800] "GET /xingrg/kc/buy/cgsh_order_operate.html?command=get_materiel&rest_code=00141&code=00101002006&supplier_code=00100091&order_time=2020-09-18 HTTP/1.1" 200 414
58.37.9.106 - - [18/Sep/2020:11:05:15 +0800] "GET /xingrg/all/function/internal_message.html?_=1600397935529&CODE_STATE=getMsg HTTP/1.1" 200 27
180.162.245.190 - - [18/Sep/2020:11:05:19 +0800] "GET /xingrg/kc/buy/cgsh_order_operate.html?command=get_materiel&rest_code=00105&code=00101002027&supplier_code=00100397&order_time=2020-09-18 HTTP/1.1" 200 433
172.17.0.115 - - [18/Sep/2020:11:05:19 +0800] "GET /xingrg/all/function/internal_message.html?_=1600398332773&CODE_STATE=getMsg HTTP/1.1" 200 27
120.253.135.82 - - [18/Sep/2020:11:05:21 +0800] "GET /xingrg/all/function/internal_message.html?_=1600398430889&CODE_STATE=getMsg HTTP/1.1" 200 27
114.88.166.242 - - [18/Sep/2020:11:05:23 +0800] "GET /xingrg/all/function/internal_message.html?_=1600398317672&CODE_STATE=getMsg HTTP/1.1" 200 27
58.37.9.106 - - [18/Sep/2020:11:05:24 +0800] "GET /xingrg/kc/buy/cgsh_order_operate.html?command=get_materiel&rest_code=00141&code=00101002034&supplier_code=00100091&order_time=2020-09-18 HTTP/1.1" 200 409
117.185.32.26 - - [18/Sep/2020:11:05:29 +0800] "GET /xingrg/all/function/internal_message.html?_=1600398324017&CODE_STATE=getMsg HTTP/1.1" 200 27
116.238.71.173 - - [18/Sep/2020:11:05:31 +0800] "GET /xingrg/all/function/internal_message.html?_=1600398328869&CODE_STATE=getMsg HTTP/1.1" 200 27
116.238.71.173 - - [18/Sep/2020:11:05:31 +0800] "GET /xingrg/check_reg.html?_=1600398328907 HTTP/1.1" 200 22
116.230.74.197 - - [18/Sep/2020:11:05:32 +0800] "GET /xingrg/kc/buy/cgsh_order_operate.html?command=get_materiel&rest_code=00107&code=00101003037&supplier_code=00100091&order_time=2020-09-18 HTTP/1.1" 200 435
114.88.166.242 - - [18/Sep/2020:11:05:36 +0800] "GET /xingrg/all/function/internal_message.html?_=1600398401031&CODE_STATE=getMsg HTTP/1.1" 200 27
218.81.217.115 - - [18/Sep/2020:11:05:36 +0800] "GET /xingrg/all/function/internal_message.html?_=1600398347563&CODE_STATE=getMsg HTTP/1.1" 200 27
58.37.9.106 - - [18/Sep/2020:11:05:38 +0800] "POST /xingrg/kc/buy/cgsh_order_operate.html HTTP/1.1" 200 37
180.162.245.190 - - [18/Sep/2020:11:05:39 +0800] "GET /xingrg/kc/buy/cgsh_order_operate.html?command=get_materiel&rest_code=00105&code=00101001010&supplier_code=00100397&order_time=2020-09-18 HTTP/1.1" 200 428
172.17.200.101 - - [18/Sep/2020:11:05:42 +0800] "GET /xingrg/all/function/internal_message.html?_=1600398342252&CODE_STATE=getMsg HTTP/1.1" 200 27
116.230.74.197 - - [18/Sep/2020:11:05:43 +0800] "POST /xingrg/kc/buy/cgsh_order_operate.html HTTP/1.1" 200 37
58.37.9.106 - - [18/Sep/2020:11:05:44 +0800] "POST /xingrg/kc/buy/cgsh_order_operate.html HTTP/1.1" 200 12
58.37.9.106 - - [18/Sep/2020:11:05:45 +0800] "GET /xingrg/kc/buy/cgsh_order_info.html?code=212020091807630 HTTP/1.1" 200 54694
172.17.0.120 - - [18/Sep/2020:11:05:45 +0800] "GET /xingrg/all/function/internal_message.html?_=1600398342825&CODE_STATE=getMsg HTTP/1.1" 200 27
172.17.0.120 - - [18/Sep/2020:11:05:45 +0800] "GET /xingrg/check_reg.html?_=1600398342826 HTTP/1.1" 200 22
58.37.9.106 - - [18/Sep/2020:11:05:45 +0800] "GET /xingrg/javascript/easyui/themes/default/validatebox.css HTTP/1.1" 404 1104
58.37.9.106 - - [18/Sep/2020:11:05:45 +0800] "POST /xingrg/kc/buy/cgsh_order_operate.html HTTP/1.1" 200 1202
58.37.9.106 - - [18/Sep/2020:11:05:46 +0800] "GET /xingrg/kc/print/load_data.html?order_code=212020091807630&kc_code=cgsh&condition= HTTP/1.1" 200 1002
116.230.74.197 - - [18/Sep/2020:11:05:47 +0800] "POST /xingrg/kc/buy/cgsh_order_operate.html HTTP/1.1" 200 3260
116.230.74.197 - - [18/Sep/2020:11:05:49 +0800] "GET /xingrg/kc/print/load_data.html?order_code=212020091807631&kc_code=cgsh&condition= HTTP/1.1" 200 977
124.76.236.61 - - [18/Sep/2020:11:05:49 +0800] "GET /xingrg/all/function/internal_message.html?_=1600398356701&CODE_STATE=getMsg HTTP/1.1" 200 27
58.37.9.106 - - [18/Sep/2020:11:05:50 +0800] "GET /xingrg/kc/buy/cgsh_order_add.html HTTP/1.1" 200 59787
58.37.9.106 - - [18/Sep/2020:11:05:50 +0800] "POST /xingrg/kc/buy/cgsh_order_operate.html HTTP/1.1" 200 8245
58.37.9.106 - - [18/Sep/2020:11:05:50 +0800] "GET /xingrg/javascript/easyui/themes/default/validatebox.css HTTP/1.1" 404 1104
114.88.166.242 - - [18/Sep/2020:11:05:51 +0800] "GET /xingrg/all/function/internal_message.html?_=1600398346011&CODE_STATE=getMsg HTTP/1.1" 200 27
180.162.245.190 - - [18/Sep/2020:11:05:51 +0800] "GET /xingrg/kc/buy/cgsh_order_operate.html?command=get_materiel&rest_code=00105&code=00101005009&supplier_code=00100397&order_time=2020-09-18 HTTP/1.1" 200 413
