58.40.7.146 - - [18/Sep/2020:10:20:08 +0800] "GET /xingrg/all/function/internal_message.html?_=1600395606540&CODE_STATE=getMsg HTTP/1.1" 200 27
117.184.7.30 - - [18/Sep/2020:10:20:09 +0800] "GET /xingrg/javascript/jquery_tools/images/prev.gif HTTP/1.1" 404 1086
117.184.7.30 - - [18/Sep/2020:10:20:09 +0800] "GET /xingrg/javascript/jquery_tools/images/next.gif HTTP/1.1" 404 1086
116.238.71.173 - - [18/Sep/2020:10:20:10 +0800] "POST /xingrg/services/DataTransmitService HTTP/1.1" 401 565
116.238.71.173 - - [18/Sep/2020:10:20:10 +0800] "POST /xingrg/services/DataTransmitService HTTP/1.1" 200 478
116.238.71.173 - - [18/Sep/2020:10:20:10 +0800] "POST /xingrg/services/DataTransmitService HTTP/1.1" 200 1320
116.238.71.173 - - [18/Sep/2020:10:20:11 +0800] "POST /xingrg/services/DataTransmitService HTTP/1.1" 200 478
116.238.71.173 - - [18/Sep/2020:10:20:11 +0800] "POST /xingrg/services/DataTransmitService HTTP/1.1" 200 1320
116.238.71.173 - - [18/Sep/2020:10:20:11 +0800] "POST /xingrg/services/DataTransmitService HTTP/1.1" 200 524
116.238.71.173 - - [18/Sep/2020:10:20:11 +0800] "POST /xingrg/services/DataTransmitService HTTP/1.1" 200 1767
116.238.71.173 - - [18/Sep/2020:10:20:11 +0800] "POST /xingrg/services/DataTransmitService HTTP/1.1" 200 45454
116.238.71.173 - - [18/Sep/2020:10:20:11 +0800] "POST /xingrg/services/DataTransmitService HTTP/1.1" 200 19237
58.40.7.146 - - [18/Sep/2020:10:20:13 +0800] "POST /xingrg/dwr/call/plaincall/AjaxReportQueryService.refreshCache.dwr HTTP/1.1" 200 78
58.40.7.146 - - [18/Sep/2020:10:20:14 +0800] "POST /xingrg/all/report/load_report_page.html HTTP/1.1" 200 192954
58.40.7.146 - - [18/Sep/2020:10:20:14 +0800] "GET /xingrg/servlets/image?cache=0.025648037527597034&image=px HTTP/1.1" 200 807
117.185.32.26 - - [18/Sep/2020:10:20:17 +0800] "POST /xingrg/kc/buy/cgsh_order_operate.html HTTP/1.1" 200 37
120.253.135.82 - - [18/Sep/2020:10:20:18 +0800] "GET /xingrg/all/function/internal_message.html?_=1600395727411&CODE_STATE=getMsg HTTP/1.1" 200 27
117.185.32.26 - - [18/Sep/2020:10:20:18 +0800] "POST /xingrg/kc/buy/cgsh_order_operate.html HTTP/1.1" 200 2065
172.17.0.115 - - [18/Sep/2020:10:20:18 +0800] "GET /xingrg/all/function/internal_message.html?_=1600395632162&CODE_STATE=getMsg HTTP/1.1" 200 27
117.184.7.30 - - [18/Sep/2020:10:20:18 +0800] "GET /xingrg/kc/buy/cgsh_order_operate.html?command=get_materiel&rest_code=00108&code=00101008323&supplier_code=00100008&order_time=2020-09-18 HTTP/1.1" 200 408
117.185.32.26 - - [18/Sep/2020:10:20:19 +0800] "GET /xingrg/kc/buy/cgsh_order_add.html HTTP/1.1" 200 59787
117.185.32.26 - - [18/Sep/2020:10:20:20 +0800] "GET /xingrg/javascript/easyui/themes/default/validatebox.css HTTP/1.1" 404 1104
117.185.32.26 - - [18/Sep/2020:10:20:20 +0800] "POST /xingrg/kc/buy/cgsh_order_operate.html HTTP/1.1" 200 8245
117.185.32.26 - - [18/Sep/2020:10:20:20 +0800] "GET /xingrg/javascript/easyui/themes/default/tree.css HTTP/1.1" 404 1090
117.185.32.26 - - [18/Sep/2020:10:20:21 +0800] "POST /xingrg/all/common/load_tree.html?tree=supplier_tree_json&isDelete=1 HTTP/1.1" 200 50303
114.88.166.242 - - [18/Sep/2020:10:20:21 +0800] "GET /xingrg/all/function/internal_message.html?_=1600395615979&CODE_STATE=getMsg HTTP/1.1" 200 27
116.238.71.173 - - [18/Sep/2020:10:20:25 +0800] "POST /xingrg/services/DataTransmitService HTTP/1.1" 200 524
116.238.71.173 - - [18/Sep/2020:10:20:25 +0800] "POST /xingrg/services/DataTransmitService HTTP/1.1" 200 501
116.238.71.173 - - [18/Sep/2020:10:20:25 +0800] "POST /xingrg/services/DataTransmitService HTTP/1.1" 200 501
218.81.217.115 - - [18/Sep/2020:10:20:26 +0800] "GET /xingrg/all/function/internal_message.html?_=1600395637001&CODE_STATE=getMsg HTTP/1.1" 200 27
116.238.71.173 - - [18/Sep/2020:10:20:26 +0800] "POST /xingrg/services/DataTransmitService HTTP/1.1" 200 501
116.238.71.173 - - [18/Sep/2020:10:20:26 +0800] "POST /xingrg/services/DataTransmitService HTTP/1.1" 500 1621
117.184.7.30 - - [18/Sep/2020:10:20:27 +0800] "GET /xingrg/kc/buy/cgsh_order_operate.html?command=get_materiel&rest_code=00108&code=00101008176&supplier_code=00100008&order_time=2020-09-18 HTTP/1.1" 200 431
116.238.216.197 - - [18/Sep/2020:10:20:28 +0800] "GET /xingrg/all/function/internal_message.html?_=1600395834660&CODE_STATE=getMsg HTTP/1.1" 200 27
117.185.32.26 - - [18/Sep/2020:10:20:29 +0800] "GET /xingrg/all/function/internal_message.html?_=1600395624739&CODE_STATE=getMsg HTTP/1.1" 200 27
222.69.137.125 - - [18/Sep/2020:10:20:34 +0800] "GET /xingrg/all/function/internal_message.html?_=1600395624349&CODE_STATE=getMsg HTTP/1.1" 200 27
120.253.135.82 - - [18/Sep/2020:10:20:36 +0800] "GET /xingrg/all/function/internal_message.html?_=1600395382902&CODE_STATE=getMsg HTTP/1.1" 200 27
114.88.166.242 - - [18/Sep/2020:10:20:36 +0800] "GET /xingrg/all/function/internal_message.html?_=1600395700937&CODE_STATE=getMsg HTTP/1.1" 200 27
117.184.7.26 - - [18/Sep/2020:10:20:38 +0800] "GET /xingrg/all/function/internal_message.html?_=1600395628849&CODE_STATE=getMsg HTTP/1.1" 200 27
117.185.32.26 - - [18/Sep/2020:10:20:39 +0800] "GET /xingrg/kc/buy/cgsh_order_operate.html?command=get_materiel&rest_code=00106&code=00101007061&supplier_code=00100002&order_time=2020-09-18 HTTP/1.1" 200 411
117.184.7.30 - - [18/Sep/2020:10:20:39 +0800] "GET /xingrg/kc/buy/cgsh_order_operate.html?command=get_materiel&rest_code=00108&code=00101008080&supplier_code=00100008&order_time=2020-09-18 HTTP/1.1" 200 416
172.17.200.101 - - [18/Sep/2020:10:20:41 +0800] "GET /xingrg/all/function/internal_message.html?_=1600395642051&CODE_STATE=getMsg HTTP/1.1" 200 27
172.17.0.120 - - [18/Sep/2020:10:20:45 +0800] "GET /xingrg/all/function/internal_message.html?_=1600395642821&CODE_STATE=getMsg HTTP/1.1" 200 27
172.17.0.120 - - [18/Sep/2020:10:20:45 +0800] "GET /xingrg/check_reg.html?_=1600395642824 HTTP/1.1" 200 22
58.40.7.146 - - [18/Sep/2020:10:20:49 +0800] "POST /xingrg/dwr/call/plaincall/AjaxReportQueryService.refreshCache.dwr HTTP/1.1" 200 78
117.185.32.26 - - [18/Sep/2020:10:20:50 +0800] "GET /xingrg/kc/buy/cgsh_order_operate.html?command=get_materiel&rest_code=00106&code=00101007049&supplier_code=00100002&order_time=2020-09-18 HTTP/1.1" 200 409
58.40.7.146 - - [18/Sep/2020:10:20:50 +0800] "POST /xingrg/all/report/load_report_page.html HTTP/1.1" 200 192523
58.40.7.146 - - [18/Sep/2020:10:20:50 +0800] "GET /xingrg/servlets/image?cache=0.9121460895064578&image=px HTTP/1.1" 200 807
117.184.7.30 - - [18/Sep/2020:10:20:51 +0800] "GET /xingrg/kc/buy/cgsh_order_operate.html?command=get_materiel&rest_code=00108&code=00101008350&supplier_code=00100008&order_time=2020-09-18 HTTP/1.1" 200 408
172.17.0.100 - - [18/Sep/2020:10:20:52 +0800] "GET /xingrg/all/function/internal_message.html?_=1600395649219&CODE_STATE=getMsg HTTP/1.1" 200 27
116.230.74.197 - - [18/Sep/2020:10:20:53 +0800] "GET /xingrg/all/function/internal_message.html?_=1600395643362&CODE_STATE=getMsg HTTP/1.1" 200 27
58.40.7.146 - - [18/Sep/2020:10:20:56 +0800] "GET /xingrg/all/function/internal_message.html?_=1600395654516&CODE_STATE=getMsg HTTP/1.1" 200 27
58.40.7.146 - - [18/Sep/2020:10:20:56 +0800] "GET /xingrg/check_reg.html?_=1600395654518 HTTP/1.1" 200 22
120.253.135.82 - - [18/Sep/2020:10:20:57 +0800] "GET /xingrg/check_reg.html?_=1600395766215 HTTP/1.1" 200 22
117.185.32.26 - - [18/Sep/2020:10:20:57 +0800] "GET /xingrg/kc/buy/cgsh_order_operate.html?command=get_materiel&rest_code=00106&code=00101007125&supplier_code=00100002&order_time=2020-09-18 HTTP/1.1" 200 406
172.17.0.123 - - [18/Sep/2020:10:20:58 +0800] "GET /xingrg/all/function/internal_message.html?_=1600395654261&CODE_STATE=getMsg HTTP/1.1" 200 27
58.40.7.146 - - [18/Sep/2020:10:21:01 +0800] "GET /xingrg/all/function/internal_message.html?_=1600395659326&CODE_STATE=getMsg HTTP/1.1" 200 27
117.184.7.30 - - [18/Sep/2020:10:21:05 +0800] "GET /xingrg/kc/buy/cgsh_order_operate.html?command=get_materiel&rest_code=00108&code=00101008149&supplier_code=00100008&order_time=2020-09-18 HTTP/1.1" 200 408
116.238.71.173 - - [18/Sep/2020:10:21:05 +0800] "GET /xingrg/all/function/internal_message.html?_=1600395663624&CODE_STATE=getMsg HTTP/1.1" 200 27
117.185.32.26 - - [18/Sep/2020:10:21:06 +0800] "GET /xingrg/kc/buy/cgsh_order_operate.html?command=get_materiel&rest_code=00106&code=00101007048&supplier_code=00100002&order_time=2020-09-18 HTTP/1.1" 200 408
116.238.71.173 - - [18/Sep/2020:10:21:07 +0800] "GET /xingrg/all/function/internal_message.html?_=1600395785872&CODE_STATE=getMsg HTTP/1.1" 200 27
58.40.7.146 - - [18/Sep/2020:10:21:08 +0800] "GET /xingrg/all/function/internal_message.html?_=1600395666538&CODE_STATE=getMsg HTTP/1.1" 200 27
114.88.166.242 - - [18/Sep/2020:10:21:11 +0800] "GET /xingrg/check_reg.html?_=1600395665520 HTTP/1.1" 200 22
117.184.7.30 - - [18/Sep/2020:10:21:13 +0800] "GET /xingrg/kc/buy/cgsh_order_operate.html?command=get_materiel&rest_code=00108&code=00101008185&supplier_code=00100008&order_time=2020-09-18 HTTP/1.1" 200 408
120.253.135.82 - - [18/Sep/2020:10:21:18 +0800] "GET /xingrg/all/function/internal_message.html?_=1600395787425&CODE_STATE=getMsg HTTP/1.1" 200 27
172.17.0.115 - - [18/Sep/2020:10:21:19 +0800] "GET /xingrg/all/function/internal_message.html?_=1600395692176&CODE_STATE=getMsg HTTP/1.1" 200 27
120.253.135.82 - - [18/Sep/2020:10:21:21 +0800] "GET /xingrg/kc/pszx/mdps_order_add.html HTTP/1.1" 200 29040
114.88.166.242 - - [18/Sep/2020:10:21:21 +0800] "GET /xingrg/all/function/internal_message.html?_=1600395675989&CODE_STATE=getMsg HTTP/1.1" 200 27
120.253.135.82 - - [18/Sep/2020:10:21:21 +0800] "POST /xingrg/kc/pszx/mdps_order_operate.html HTTP/1.1" 200 7126
120.253.135.82 - - [18/Sep/2020:10:21:22 +0800] "GET /xingrg/javascript/easyui/themes/default/validatebox.css HTTP/1.1" 404 1104
117.184.7.30 - - [18/Sep/2020:10:21:22 +0800] "GET /xingrg/kc/buy/cgsh_order_operate.html?command=get_materiel&rest_code=00108&code=00101008312&supplier_code=00100008&order_time=2020-09-18 HTTP/1.1" 200 412
218.81.217.115 - - [18/Sep/2020:10:21:26 +0800] "GET /xingrg/all/function/internal_message.html?_=1600395697006&CODE_STATE=getMsg HTTP/1.1" 200 27
117.185.32.26 - - [18/Sep/2020:10:21:27 +0800] "GET /xingrg/kc/buy/cgsh_order_operate.html?command=get_materiel&rest_code=00106&code=00101007059&supplier_code=00100002&order_time=2020-09-18 HTTP/1.1" 200 411
116.232.53.181 - - [18/Sep/2020:10:21:28 +0800] "POST /xingrg/services/DataTransmitService HTTP/1.1" 200 524
116.232.53.181 - - [18/Sep/2020:10:21:28 +0800] "POST /xingrg/services/DataTransmitService HTTP/1.1" 200 2183
117.184.7.30 - - [18/Sep/2020:10:21:28 +0800] "GET /xingrg/kc/buy/cgsh_order_operate.html?command=get_materiel&rest_code=00108&code=00101008010&supplier_code=00100008&order_time=2020-09-18 HTTP/1.1" 200 412
116.232.53.181 - - [18/Sep/2020:10:21:28 +0800] "POST /xingrg/services/DataTransmitService HTTP/1.1" 200 153472
116.238.216.197 - - [18/Sep/2020:10:21:28 +0800] "GET /xingrg/all/function/internal_message.html?_=1600395895034&CODE_STATE=getMsg HTTP/1.1" 200 27
117.185.32.26 - - [18/Sep/2020:10:21:29 +0800] "GET /xingrg/all/function/internal_message.html?_=1600395684694&CODE_STATE=getMsg HTTP/1.1" 200 27
120.253.135.82 - - [18/Sep/2020:10:21:31 +0800] "POST /xingrg/all/common/load_combo.html?type=base HTTP/1.1" 200 899
117.185.32.26 - - [18/Sep/2020:10:21:32 +0800] "POST /xingrg/services/DataTransmitService HTTP/1.1" 200 524
117.185.32.26 - - [18/Sep/2020:10:21:32 +0800] "POST /xingrg/services/DataTransmitService HTTP/1.1" 200 2195
117.185.32.26 - - [18/Sep/2020:10:21:33 +0800] "POST /xingrg/services/DataTransmitService HTTP/1.1" 200 155436
222.69.137.125 - - [18/Sep/2020:10:21:34 +0800] "GET /xingrg/all/function/internal_message.html?_=1600395684319&CODE_STATE=getMsg HTTP/1.1" 200 27
222.69.137.125 - - [18/Sep/2020:10:21:34 +0800] "GET /xingrg/check_reg.html?_=1600395684538 HTTP/1.1" 200 22
117.185.32.26 - - [18/Sep/2020:10:21:34 +0800] "GET /xingrg/kc/buy/cgsh_order_operate.html?command=get_materiel&rest_code=00106&code=00101007077&supplier_code=00100002&order_time=2020-09-18 HTTP/1.1" 200 415
117.184.7.30 - - [18/Sep/2020:10:21:35 +0800] "GET /xingrg/kc/buy/cgsh_order_operate.html?command=get_materiel&rest_code=00108&code=00101008351&supplier_code=00100008&order_time=2020-09-18 HTTP/1.1" 200 408
120.253.135.82 - - [18/Sep/2020:10:21:36 +0800] "GET /xingrg/all/function/internal_message.html?_=1600395442916&CODE_STATE=getMsg HTTP/1.1" 200 27
114.88.166.242 - - [18/Sep/2020:10:21:36 +0800] "GET /xingrg/all/function/internal_message.html?_=1600395760961&CODE_STATE=getMsg HTTP/1.1" 200 27
117.184.7.30 - - [18/Sep/2020:10:21:38 +0800] "GET /xingrg/all/function/internal_message.html?_=1600395688857&CODE_STATE=getMsg HTTP/1.1" 200 27
120.253.135.82 - - [18/Sep/2020:10:21:40 +0800] "GET /xingrg/kc/pszx/mdps_order_operate.html?command=get_materiel&pszx_code=00101&rest_code=00149&base_code=0010246&code=00101032002 HTTP/1.1" 200 438
117.184.7.30 - - [18/Sep/2020:10:21:41 +0800] "GET /xingrg/kc/buy/cgsh_order_operate.html?command=get_materiel&rest_code=00108&code=00101008110&supplier_code=00100008&order_time=2020-09-18 HTTP/1.1" 200 408
172.17.200.101 - - [18/Sep/2020:10:21:41 +0800] "GET /xingrg/all/function/internal_message.html?_=1600395702051&CODE_STATE=getMsg HTTP/1.1" 200 27
172.17.0.120 - - [18/Sep/2020:10:21:45 +0800] "GET /xingrg/all/function/internal_message.html?_=1600395702828&CODE_STATE=getMsg HTTP/1.1" 200 27
117.185.32.26 - - [18/Sep/2020:10:21:46 +0800] "POST /xingrg/kc/buy/cgsh_order_operate.html HTTP/1.1" 200 37
117.184.7.30 - - [18/Sep/2020:10:21:47 +0800] "GET /xingrg/kc/buy/cgsh_order_operate.html?command=get_materiel&rest_code=00108&code=00101008038&supplier_code=00100008&order_time=2020-09-18 HTTP/1.1" 200 412
117.185.32.26 - - [18/Sep/2020:10:21:48 +0800] "POST /xingrg/kc/buy/cgsh_order_operate.html HTTP/1.1" 200 12
117.185.32.26 - - [18/Sep/2020:10:21:50 +0800] "GET /xingrg/kc/buy/cgsh_order_info.html?code=212020091807581 HTTP/1.1" 200 54692
117.185.32.26 - - [18/Sep/2020:10:21:50 +0800] "GET /xingrg/javascript/easyui/themes/default/validatebox.css HTTP/1.1" 404 1104
117.185.32.26 - - [18/Sep/2020:10:21:51 +0800] "POST /xingrg/kc/buy/cgsh_order_operate.html HTTP/1.1" 200 4139
172.17.0.100 - - [18/Sep/2020:10:21:52 +0800] "GET /xingrg/all/function/internal_message.html?_=1600395709219&CODE_STATE=getMsg HTTP/1.1" 200 27
116.230.74.197 - - [18/Sep/2020:10:21:53 +0800] "GET /xingrg/all/function/internal_message.html?_=1600395703336&CODE_STATE=getMsg HTTP/1.1" 200 27
117.185.32.26 - - [18/Sep/2020:10:21:54 +0800] "GET /xingrg/kc/print/load_data.html?order_code=212020091807581&kc_code=cgsh&condition= HTTP/1.1" 200 2112
120.253.135.82 - - [18/Sep/2020:10:21:55 +0800] "GET /xingrg/kc/pszx/mdps_order_operate.html?command=get_materiel&pszx_code=00101&rest_code=00149&base_code=0010246&code=00101032006 HTTP/1.1" 200 438
58.40.7.146 - - [18/Sep/2020:10:21:56 +0800] "GET /xingrg/all/function/internal_message.html?_=1600395714519&CODE_STATE=getMsg HTTP/1.1" 200 27
117.184.7.30 - - [18/Sep/2020:10:21:58 +0800] "GET /xingrg/kc/buy/cgsh_order_operate.html?command=get_materiel&rest_code=00108&code=00101008358&supplier_code=00100008&order_time=2020-09-18 HTTP/1.1" 200 412
172.17.0.123 - - [18/Sep/2020:10:21:58 +0800] "GET /xingrg/all/function/internal_message.html?_=1600395714263&CODE_STATE=getMsg HTTP/1.1" 200 27
117.185.32.26 - - [18/Sep/2020:10:21:59 +0800] "GET /xingrg/kc/print/load_data.html?order_code=212020091807581&kc_code=cgsh HTTP/1.1" 200 2112
180.162.245.190 - - [18/Sep/2020:10:22:00 +0800] "POST /xingrg/services/DataTransmitService HTTP/1.1" 200 524
180.162.245.190 - - [18/Sep/2020:10:22:00 +0800] "POST /xingrg/services/DataTransmitService HTTP/1.1" 200 501
180.162.245.190 - - [18/Sep/2020:10:22:00 +0800] "POST /xingrg/services/DataTransmitService HTTP/1.1" 200 501
58.40.7.146 - - [18/Sep/2020:10:22:01 +0800] "GET /xingrg/check_reg.html?_=1600395719313 HTTP/1.1" 200 22
58.40.7.146 - - [18/Sep/2020:10:22:01 +0800] "GET /xingrg/all/function/internal_message.html?_=1600395719314&CODE_STATE=getMsg HTTP/1.1" 200 27
180.162.245.190 - - [18/Sep/2020:10:22:02 +0800] "POST /xingrg/services/DataTransmitService HTTP/1.1" 200 501
180.162.245.190 - - [18/Sep/2020:10:22:03 +0800] "POST /xingrg/services/DataTransmitService HTTP/1.1" 200 501
180.162.245.190 - - [18/Sep/2020:10:22:03 +0800] "POST /xingrg/services/DataTransmitService HTTP/1.1" 200 501
180.162.245.190 - - [18/Sep/2020:10:22:04 +0800] "POST /xingrg/services/DataTransmitService HTTP/1.1" 200 501
180.162.245.190 - - [18/Sep/2020:10:22:04 +0800] "POST /xingrg/services/DataTransmitService HTTP/1.1" 200 501
180.162.245.190 - - [18/Sep/2020:10:22:05 +0800] "POST /xingrg/services/DataTransmitService HTTP/1.1" 200 501
116.238.71.173 - - [18/Sep/2020:10:22:06 +0800] "GET /xingrg/all/function/internal_message.html?_=1600395723673&CODE_STATE=getMsg HTTP/1.1" 200 27
180.162.245.190 - - [18/Sep/2020:10:22:06 +0800] "POST /xingrg/services/DataTransmitService HTTP/1.1" 200 501
116.238.71.173 - - [18/Sep/2020:10:22:07 +0800] "GET /xingrg/check_reg.html?_=1600395845213 HTTP/1.1" 200 22
116.238.71.173 - - [18/Sep/2020:10:22:07 +0800] "GET /xingrg/all/function/internal_message.html?_=1600395845886&CODE_STATE=getMsg HTTP/1.1" 200 27
58.40.7.146 - - [18/Sep/2020:10:22:08 +0800] "GET /xingrg/all/function/internal_message.html?_=1600395726544&CODE_STATE=getMsg HTTP/1.1" 200 27
117.184.7.30 - - [18/Sep/2020:10:22:10 +0800] "GET /xingrg/kc/buy/cgsh_order_operate.html?command=get_materiel&rest_code=00108&code=00101008283&supplier_code=00100008&order_time=2020-09-18 HTTP/1.1" 200 408
180.162.245.190 - - [18/Sep/2020:10:22:11 +0800] "POST /xingrg/services/DataTransmitService HTTP/1.1" 200 412
172.17.0.117 - - [18/Sep/2020:10:22:12 +0800] "GET /xingrg/check_reg.html?_=1600395737448 HTTP/1.1" 302 -
120.253.135.82 - - [18/Sep/2020:10:22:18 +0800] "GET /xingrg/all/function/internal_message.html?_=1600395847439&CODE_STATE=getMsg HTTP/1.1" 200 27
120.253.135.82 - - [18/Sep/2020:10:22:18 +0800] "GET /xingrg/kc/pszx/mdps_order_operate.html?command=get_materiel&pszx_code=00101&rest_code=00149&base_code=0010246&code=00101032005 HTTP/1.1" 200 437
172.17.0.115 - - [18/Sep/2020:10:22:18 +0800] "GET /xingrg/all/function/internal_message.html?_=1600395752195&CODE_STATE=getMsg HTTP/1.1" 200 27
180.162.245.190 - - [18/Sep/2020:10:22:21 +0800] "POST /xingrg/services/DataTransmitService HTTP/1.1" 200 524
114.88.166.242 - - [18/Sep/2020:10:22:21 +0800] "GET /xingrg/all/function/internal_message.html?_=1600395736007&CODE_STATE=getMsg HTTP/1.1" 200 27
180.162.245.190 - - [18/Sep/2020:10:22:22 +0800] "POST /xingrg/services/DataTransmitService HTTP/1.1" 200 501
180.162.245.190 - - [18/Sep/2020:10:22:22 +0800] "POST /xingrg/services/DataTransmitService HTTP/1.1" 200 501
116.230.74.197 - - [18/Sep/2020:10:22:23 +0800] "GET /xingrg/check_reg.html?_=1600395733451 HTTP/1.1" 200 22
180.162.245.190 - - [18/Sep/2020:10:22:24 +0800] "POST /xingrg/services/DataTransmitService HTTP/1.1" 200 501
117.185.32.26 - - [18/Sep/2020:10:22:25 +0800] "GET /xingrg/check_reg.html?_=1600395740564 HTTP/1.1" 200 22
117.184.7.30 - - [18/Sep/2020:10:22:26 +0800] "GET /xingrg/kc/buy/cgsh_order_operate.html?command=get_materiel&rest_code=00108&code=00101008246&supplier_code=00100008&order_time=2020-09-18 HTTP/1.1" 200 408
218.81.217.115 - - [18/Sep/2020:10:22:26 +0800] "GET /xingrg/all/function/internal_message.html?_=1600395757565&CODE_STATE=getMsg HTTP/1.1" 200 27
180.162.245.190 - - [18/Sep/2020:10:22:27 +0800] "POST /xingrg/services/DataTransmitService HTTP/1.1" 200 501
117.185.32.26 - - [18/Sep/2020:10:22:27 +0800] "GET /xingrg/kc/buy/cgsh_order_add.html HTTP/1.1" 200 59787
117.185.32.26 - - [18/Sep/2020:10:22:27 +0800] "GET /xingrg/javascript/easyui/themes/default/validatebox.css HTTP/1.1" 404 1104
117.185.32.26 - - [18/Sep/2020:10:22:27 +0800] "POST /xingrg/kc/buy/cgsh_order_operate.html HTTP/1.1" 200 8245
180.162.245.190 - - [18/Sep/2020:10:22:27 +0800] "POST /xingrg/services/DataTransmitService HTTP/1.1" 200 501
180.162.245.190 - - [18/Sep/2020:10:22:27 +0800] "POST /xingrg/services/DataTransmitService HTTP/1.1" 200 501
180.162.245.190 - - [18/Sep/2020:10:22:28 +0800] "POST /xingrg/services/DataTransmitService HTTP/1.1" 200 501
117.185.32.26 - - [18/Sep/2020:10:22:28 +0800] "GET /xingrg/javascript/easyui/themes/default/tree.css HTTP/1.1" 404 1090
117.185.32.26 - - [18/Sep/2020:10:22:28 +0800] "POST /xingrg/all/common/load_tree.html?tree=supplier_tree_json&isDelete=1 HTTP/1.1" 200 50303
180.162.245.190 - - [18/Sep/2020:10:22:28 +0800] "POST /xingrg/services/DataTransmitService HTTP/1.1" 200 501
116.238.216.197 - - [18/Sep/2020:10:22:29 +0800] "GET /xingrg/all/function/internal_message.html?_=1600395955047&CODE_STATE=getMsg HTTP/1.1" 200 27
180.162.245.190 - - [18/Sep/2020:10:22:29 +0800] "POST /xingrg/services/DataTransmitService HTTP/1.1" 200 501
117.185.32.26 - - [18/Sep/2020:10:22:29 +0800] "GET /xingrg/all/function/internal_message.html?_=1600395745025&CODE_STATE=getMsg HTTP/1.1" 200 27
180.162.245.190 - - [18/Sep/2020:10:22:32 +0800] "POST /xingrg/services/DataTransmitService HTTP/1.1" 200 412
222.69.137.125 - - [18/Sep/2020:10:22:34 +0800] "GET /xingrg/all/function/internal_message.html?_=1600395744291&CODE_STATE=getMsg HTTP/1.1" 200 27
117.184.7.30 - - [18/Sep/2020:10:22:35 +0800] "GET /xingrg/kc/buy/cgsh_order_operate.html?command=get_materiel&rest_code=00108&code=00101008126&supplier_code=00100008&order_time=2020-09-18 HTTP/1.1" 200 412
120.253.135.82 - - [18/Sep/2020:10:22:35 +0800] "GET /xingrg/kc/pszx/mdps_order_operate.html?command=get_materiel&pszx_code=00101&rest_code=00149&base_code=0010246&code=00101032007 HTTP/1.1" 200 424
120.253.135.82 - - [18/Sep/2020:10:22:36 +0800] "GET /xingrg/all/function/internal_message.html?_=1600395502931&CODE_STATE=getMsg HTTP/1.1" 200 27
114.88.166.242 - - [18/Sep/2020:10:22:36 +0800] "GET /xingrg/check_reg.html?_=1600395820961 HTTP/1.1" 200 22
114.88.166.242 - - [18/Sep/2020:10:22:36 +0800] "GET /xingrg/all/function/internal_message.html?_=1600395820963&CODE_STATE=getMsg HTTP/1.1" 200 27
180.162.245.190 - - [18/Sep/2020:10:22:36 +0800] "POST /xingrg/services/DataTransmitService HTTP/1.1" 200 524
180.162.245.190 - - [18/Sep/2020:10:22:36 +0800] "POST /xingrg/services/DataTransmitService HTTP/1.1" 200 2011
180.162.245.190 - - [18/Sep/2020:10:22:37 +0800] "POST /xingrg/services/DataTransmitService HTTP/1.1" 200 140979
117.184.7.30 - - [18/Sep/2020:10:22:38 +0800] "GET /xingrg/all/function/internal_message.html?_=1600395748867&CODE_STATE=getMsg HTTP/1.1" 200 27
172.17.200.101 - - [18/Sep/2020:10:22:41 +0800] "GET /xingrg/check_reg.html?_=1600395762069 HTTP/1.1" 200 22
172.17.200.101 - - [18/Sep/2020:10:22:41 +0800] "GET /xingrg/all/function/internal_message.html?_=1600395762065&CODE_STATE=getMsg HTTP/1.1" 200 27
117.185.32.26 - - [18/Sep/2020:10:22:42 +0800] "GET /xingrg/kc/buy/cgsh_order_operate.html?command=get_materiel&rest_code=00106&code=00101006161&supplier_code=00100032&order_time=2020-09-18 HTTP/1.1" 200 409
117.184.7.30 - - [18/Sep/2020:10:22:42 +0800] "GET /xingrg/kc/buy/cgsh_order_operate.html?command=get_materiel&rest_code=00108&code=00101008087&supplier_code=00100008&order_time=2020-09-18 HTTP/1.1" 200 412
120.253.135.82 - - [18/Sep/2020:10:22:44 +0800] "GET /xingrg/kc/pszx/mdps_order_operate.html?command=get_materiel&pszx_code=00101&rest_code=00149&base_code=0010246&code=00101032008 HTTP/1.1" 200 424
172.17.0.120 - - [18/Sep/2020:10:22:45 +0800] "GET /xingrg/all/function/internal_message.html?_=1600395762817&CODE_STATE=getMsg HTTP/1.1" 200 27
117.185.32.26 - - [18/Sep/2020:10:22:49 +0800] "GET /xingrg/kc/buy/cgsh_order_operate.html?command=get_materiel&rest_code=00106&code=00101016025&supplier_code=00100032&order_time=2020-09-18 HTTP/1.1" 200 408
117.184.7.30 - - [18/Sep/2020:10:22:51 +0800] "GET /xingrg/kc/buy/cgsh_order_operate.html?command=get_materiel&rest_code=00108&code=00101008361&supplier_code=00100008&order_time=2020-09-18 HTTP/1.1" 200 408
172.17.0.100 - - [18/Sep/2020:10:22:52 +0800] "GET /xingrg/all/function/internal_message.html?_=1600395769219&CODE_STATE=getMsg HTTP/1.1" 200 27
116.230.74.197 - - [18/Sep/2020:10:22:53 +0800] "GET /xingrg/all/function/internal_message.html?_=1600395763314&CODE_STATE=getMsg HTTP/1.1" 200 27
117.185.32.26 - - [18/Sep/2020:10:22:56 +0800] "GET /xingrg/kc/buy/cgsh_order_operate.html?command=get_materiel&rest_code=00106&code=00101012025&supplier_code=00100032&order_time=2020-09-18 HTTP/1.1" 200 412
58.40.7.146 - - [18/Sep/2020:10:22:56 +0800] "GET /xingrg/all/function/internal_message.html?_=1600395774520&CODE_STATE=getMsg HTTP/1.1" 200 27
172.17.0.123 - - [18/Sep/2020:10:22:58 +0800] "GET /xingrg/check_reg.html?_=1600395774265 HTTP/1.1" 200 22
172.17.0.123 - - [18/Sep/2020:10:22:58 +0800] "GET /xingrg/all/function/internal_message.html?_=1600395774265&CODE_STATE=getMsg HTTP/1.1" 200 27
117.184.7.30 - - [18/Sep/2020:10:23:01 +0800] "GET /xingrg/kc/buy/cgsh_order_operate.html?command=get_materiel&rest_code=00108&code=00101008355&supplier_code=00100008&order_time=2020-09-18 HTTP/1.1" 200 408
58.40.7.146 - - [18/Sep/2020:10:23:01 +0800] "GET /xingrg/all/function/internal_message.html?_=1600395779317&CODE_STATE=getMsg HTTP/1.1" 200 27
116.238.71.173 - - [18/Sep/2020:10:23:06 +0800] "GET /xingrg/check_reg.html?_=1600395783722 HTTP/1.1" 200 22
116.238.71.173 - - [18/Sep/2020:10:23:06 +0800] "GET /xingrg/all/function/internal_message.html?_=1600395783724&CODE_STATE=getMsg HTTP/1.1" 200 27
120.253.135.82 - - [18/Sep/2020:10:23:06 +0800] "GET /xingrg/kc/pszx/mdps_order_operate.html?command=get_materiel&pszx_code=00101&rest_code=00149&base_code=0010246&code=00101032009 HTTP/1.1" 200 423
117.185.32.26 - - [18/Sep/2020:10:23:07 +0800] "GET /xingrg/kc/buy/cgsh_order_operate.html?command=get_materiel&rest_code=00106&code=00101005037&supplier_code=00100032&order_time=2020-09-18 HTTP/1.1" 200 429
116.238.71.173 - - [18/Sep/2020:10:23:07 +0800] "GET /xingrg/all/function/internal_message.html?_=1600395905899&CODE_STATE=getMsg HTTP/1.1" 200 27
58.40.7.146 - - [18/Sep/2020:10:23:08 +0800] "GET /xingrg/check_reg.html?_=1600395786534 HTTP/1.1" 200 22
58.40.7.146 - - [18/Sep/2020:10:23:08 +0800] "GET /xingrg/all/function/internal_message.html?_=1600395786534&CODE_STATE=getMsg HTTP/1.1" 200 27
117.184.7.30 - - [18/Sep/2020:10:23:09 +0800] "GET /xingrg/kc/buy/cgsh_order_operate.html?command=get_materiel&rest_code=00108&code=00101008004&supplier_code=00100008&order_time=2020-09-18 HTTP/1.1" 200 416
117.184.7.30 - - [18/Sep/2020:10:23:13 +0800] "POST /xingrg/kc/buy/cgsh_order_operate.html HTTP/1.1" 200 2065
117.184.7.30 - - [18/Sep/2020:10:23:16 +0800] "GET /xingrg/kc/buy/cgsh_order_operate.html?command=get_materiel&rest_code=00108&code=00101008372&supplier_code=00100008&order_time=2020-09-18 HTTP/1.1" 200 408
120.253.135.82 - - [18/Sep/2020:10:23:18 +0800] "GET /xingrg/all/function/internal_message.html?_=1600395907601&CODE_STATE=getMsg HTTP/1.1" 200 27
218.81.217.115 - - [18/Sep/2020:10:23:18 +0800] "GET /xingrg/check_reg.html?_=1600395809251 HTTP/1.1" 200 22
172.17.0.115 - - [18/Sep/2020:10:23:18 +0800] "GET /xingrg/all/function/internal_message.html?_=1600395812203&CODE_STATE=getMsg HTTP/1.1" 200 27
114.88.166.242 - - [18/Sep/2020:10:23:21 +0800] "GET /xingrg/all/function/internal_message.html?_=1600395796088&CODE_STATE=getMsg HTTP/1.1" 200 27
120.253.135.82 - - [18/Sep/2020:10:23:21 +0800] "POST /xingrg/kc/pszx/mdps_order_operate.html HTTP/1.1" 200 37
120.253.135.82 - - [18/Sep/2020:10:23:24 +0800] "GET /xingrg/kc/pszx/mdps_order_info.html?code=312020091800506 HTTP/1.1" 200 23849
120.253.135.82 - - [18/Sep/2020:10:23:24 +0800] "POST /xingrg/kc/pszx/mdps_order_operate.html HTTP/1.1" 200 4724
120.253.135.82 - - [18/Sep/2020:10:23:24 +0800] "GET /xingrg/javascript/easyui/themes/default/validatebox.css HTTP/1.1" 404 1104
117.184.7.30 - - [18/Sep/2020:10:23:26 +0800] "GET /xingrg/kc/buy/cgsh_order_operate.html?command=get_materiel&rest_code=00108&code=00101008264&supplier_code=00100008&order_time=2020-09-18 HTTP/1.1" 200 412
218.81.217.115 - - [18/Sep/2020:10:23:26 +0800] "GET /xingrg/all/function/internal_message.html?_=1600395817581&CODE_STATE=getMsg HTTP/1.1" 200 27
120.253.135.82 - - [18/Sep/2020:10:23:27 +0800] "GET /xingrg/kc/print/load_data.html?order_code=312020091800506&kc_code=mdps&condition= HTTP/1.1" 200 1792
116.238.216.197 - - [18/Sep/2020:10:23:27 +0800] "GET /xingrg/check_reg.html?_=1600396013598 HTTP/1.1" 200 22
116.238.216.197 - - [18/Sep/2020:10:23:29 +0800] "GET /xingrg/all/function/internal_message.html?_=1600396015325&CODE_STATE=getMsg HTTP/1.1" 200 27
180.157.253.48 - - [18/Sep/2020:10:23:29 +0800] "POST /xingrg/services/DataTransmitService HTTP/1.1" 200 524
117.185.32.26 - - [18/Sep/2020:10:23:29 +0800] "GET /xingrg/all/function/internal_message.html?_=1600395805007&CODE_STATE=getMsg HTTP/1.1" 200 27
180.157.253.48 - - [18/Sep/2020:10:23:30 +0800] "POST /xingrg/services/DataTransmitService HTTP/1.1" 200 1867
180.157.253.48 - - [18/Sep/2020:10:23:30 +0800] "POST /xingrg/services/DataTransmitService HTTP/1.1" 200 130392
222.69.137.125 - - [18/Sep/2020:10:23:34 +0800] "GET /xingrg/all/function/internal_message.html?_=1600395804275&CODE_STATE=getMsg HTTP/1.1" 200 27
120.253.135.82 - - [18/Sep/2020:10:23:36 +0800] "GET /xingrg/all/function/internal_message.html?_=1600395562943&CODE_STATE=getMsg HTTP/1.1" 200 27
114.88.166.242 - - [18/Sep/2020:10:23:36 +0800] "GET /xingrg/all/function/internal_message.html?_=1600395880962&CODE_STATE=getMsg HTTP/1.1" 200 27
117.184.7.30 - - [18/Sep/2020:10:23:38 +0800] "GET /xingrg/all/function/internal_message.html?_=1600395808859&CODE_STATE=getMsg HTTP/1.1" 200 27
117.184.7.26 - - [18/Sep/2020:10:23:38 +0800] "GET /xingrg/check_reg.html?_=1600395808863 HTTP/1.1" 200 22
172.17.200.101 - - [18/Sep/2020:10:23:41 +0800] "GET /xingrg/all/function/internal_message.html?_=1600395822074&CODE_STATE=getMsg HTTP/1.1" 200 27
117.184.7.30 - - [18/Sep/2020:10:23:43 +0800] "GET /xingrg/kc/buy/cgsh_order_operate.html?command=get_materiel&rest_code=00108&code=00101008033&supplier_code=00100008&order_time=2020-09-18 HTTP/1.1" 200 408
172.17.0.120 - - [18/Sep/2020:10:23:45 +0800] "GET /xingrg/all/function/internal_message.html?_=1600395822824&CODE_STATE=getMsg HTTP/1.1" 200 27
117.184.7.30 - - [18/Sep/2020:10:23:51 +0800] "GET /xingrg/kc/buy/cgsh_order_operate.html?command=get_materiel&rest_code=00108&code=00101008137&supplier_code=00100008&order_time=2020-09-18 HTTP/1.1" 200 408
172.17.0.100 - - [18/Sep/2020:10:23:52 +0800] "GET /xingrg/check_reg.html?_=1600395829221 HTTP/1.1" 200 22
172.17.0.100 - - [18/Sep/2020:10:23:52 +0800] "GET /xingrg/all/function/internal_message.html?_=1600395829219&CODE_STATE=getMsg HTTP/1.1" 200 27
116.230.74.197 - - [18/Sep/2020:10:23:53 +0800] "GET /xingrg/all/function/internal_message.html?_=1600395823291&CODE_STATE=getMsg HTTP/1.1" 200 27
58.40.7.146 - - [18/Sep/2020:10:23:56 +0800] "GET /xingrg/all/function/internal_message.html?_=1600395834522&CODE_STATE=getMsg HTTP/1.1" 200 27
172.17.0.123 - - [18/Sep/2020:10:23:58 +0800] "GET /xingrg/all/function/internal_message.html?_=1600395834257&CODE_STATE=getMsg HTTP/1.1" 200 27
117.185.32.26 - - [18/Sep/2020:10:24:00 +0800] "GET /xingrg/kc/buy/cgsh_order_operate.html?command=get_materiel&rest_code=00106&code=00101016053&supplier_code=00100032&order_time=2020-09-18 HTTP/1.1" 200 408
58.40.7.146 - - [18/Sep/2020:10:24:01 +0800] "GET /xingrg/all/function/internal_message.html?_=1600395839321&CODE_STATE=getMsg HTTP/1.1" 200 27
117.184.7.30 - - [18/Sep/2020:10:24:01 +0800] "GET /xingrg/kc/buy/cgsh_order_operate.html?command=get_materiel&rest_code=00108&code=00101008059&supplier_code=00100008&order_time=2020-09-18 HTTP/1.1" 200 408
117.184.7.30 - - [18/Sep/2020:10:24:05 +0800] "POST /xingrg/kc/buy/cgsh_order_operate.html HTTP/1.1" 200 2065
117.185.32.26 - - [18/Sep/2020:10:24:05 +0800] "GET /xingrg/kc/buy/cgsh_order_operate.html?command=get_materiel&rest_code=00106&code=00101001111&supplier_code=00100032&order_time=2020-09-18 HTTP/1.1" 200 410
116.238.71.173 - - [18/Sep/2020:10:24:06 +0800] "GET /xingrg/all/function/internal_message.html?_=1600395843778&CODE_STATE=getMsg HTTP/1.1" 200 27
116.238.71.173 - - [18/Sep/2020:10:24:07 +0800] "GET /xingrg/all/function/internal_message.html?_=1600395965913&CODE_STATE=getMsg HTTP/1.1" 200 27
58.40.7.146 - - [18/Sep/2020:10:24:08 +0800] "GET /xingrg/all/function/internal_message.html?_=1600395846536&CODE_STATE=getMsg HTTP/1.1" 200 27
117.185.32.26 - - [18/Sep/2020:10:24:15 +0800] "GET /xingrg/kc/buy/cgsh_order_operate.html?command=get_materiel&rest_code=00106&code=00101012029&supplier_code=00100032&order_time=2020-09-18 HTTP/1.1" 200 414
117.184.7.30 - - [18/Sep/2020:10:24:17 +0800] "GET /xingrg/kc/buy/cgsh_order_operate.html?command=get_materiel&rest_code=00108&code=00101008357&supplier_code=00100008&order_time=2020-09-18 HTTP/1.1" 200 408
120.253.135.82 - - [18/Sep/2020:10:24:18 +0800] "GET /xingrg/all/function/internal_message.html?_=1600395967606&CODE_STATE=getMsg HTTP/1.1" 200 27
172.17.0.115 - - [18/Sep/2020:10:24:18 +0800] "GET /xingrg/check_reg.html?_=1600395871969 HTTP/1.1" 200 22
172.17.0.115 - - [18/Sep/2020:10:24:18 +0800] "GET /xingrg/all/function/internal_message.html?_=1600395872217&CODE_STATE=getMsg HTTP/1.1" 200 27
114.88.166.242 - - [18/Sep/2020:10:24:21 +0800] "GET /xingrg/all/function/internal_message.html?_=1600395856095&CODE_STATE=getMsg HTTP/1.1" 200 27
117.184.7.30 - - [18/Sep/2020:10:24:24 +0800] "GET /xingrg/kc/buy/cgsh_order_operate.html?command=get_materiel&rest_code=00108&code=00101008230&supplier_code=00100008&order_time=2020-09-18 HTTP/1.1" 200 408
117.185.32.26 - - [18/Sep/2020:10:24:24 +0800] "GET /xingrg/kc/buy/cgsh_order_operate.html?command=get_materiel&rest_code=00106&code=00101016105&supplier_code=00100032&order_time=2020-09-18 HTTP/1.1" 200 409
218.81.217.115 - - [18/Sep/2020:10:24:26 +0800] "GET /xingrg/all/function/internal_message.html?_=1600395877594&CODE_STATE=getMsg HTTP/1.1" 200 27
116.238.216.197 - - [18/Sep/2020:10:24:29 +0800] "GET /xingrg/all/function/internal_message.html?_=1600396075605&CODE_STATE=getMsg HTTP/1.1" 200 27
117.185.32.26 - - [18/Sep/2020:10:24:29 +0800] "GET /xingrg/all/function/internal_message.html?_=1600395864968&CODE_STATE=getMsg HTTP/1.1" 200 27
120.253.135.82 - - [18/Sep/2020:10:24:31 +0800] "GET /xingrg/check_reg.html?_=1600395618109 HTTP/1.1" 200 22
117.184.7.30 - - [18/Sep/2020:10:24:32 +0800] "GET /xingrg/kc/buy/cgsh_order_operate.html?command=get_materiel&rest_code=00108&code=00101008069&supplier_code=00100008&order_time=2020-09-18 HTTP/1.1" 200 412
222.69.137.125 - - [18/Sep/2020:10:24:34 +0800] "GET /xingrg/all/function/internal_message.html?_=1600395864257&CODE_STATE=getMsg HTTP/1.1" 200 27
117.185.32.26 - - [18/Sep/2020:10:24:34 +0800] "POST /xingrg/kc/buy/cgsh_order_operate.html HTTP/1.1" 200 37
120.253.135.82 - - [18/Sep/2020:10:24:36 +0800] "GET /xingrg/all/function/internal_message.html?_=1600395622958&CODE_STATE=getMsg HTTP/1.1" 200 27
114.88.166.242 - - [18/Sep/2020:10:24:36 +0800] "GET /xingrg/all/function/internal_message.html?_=1600395940962&CODE_STATE=getMsg HTTP/1.1" 200 27
117.184.7.26 - - [18/Sep/2020:10:24:38 +0800] "GET /xingrg/all/function/internal_message.html?_=1600395868877&CODE_STATE=getMsg HTTP/1.1" 200 27
117.184.7.30 - - [18/Sep/2020:10:24:39 +0800] "GET /xingrg/kc/buy/cgsh_order_operate.html?command=get_materiel&rest_code=00108&code=00101008286&supplier_code=00100008&order_time=2020-09-18 HTTP/1.1" 200 408
180.157.253.48 - - [18/Sep/2020:10:24:39 +0800] "POST /xingrg/services/DataTransmitService HTTP/1.1" 200 524
180.157.253.48 - - [18/Sep/2020:10:24:40 +0800] "POST /xingrg/services/DataTransmitService HTTP/1.1" 200 497
180.157.253.48 - - [18/Sep/2020:10:24:40 +0800] "POST /xingrg/services/DataTransmitService HTTP/1.1" 200 524
180.157.253.48 - - [18/Sep/2020:10:24:41 +0800] "POST /xingrg/services/DataTransmitService HTTP/1.1" 200 501
180.157.253.48 - - [18/Sep/2020:10:24:41 +0800] "POST /xingrg/services/DataTransmitService HTTP/1.1" 200 524
172.17.200.101 - - [18/Sep/2020:10:24:41 +0800] "GET /xingrg/all/function/internal_message.html?_=1600395882075&CODE_STATE=getMsg HTTP/1.1" 200 27
180.157.253.48 - - [18/Sep/2020:10:24:41 +0800] "POST /xingrg/services/DataTransmitService HTTP/1.1" 200 501
180.157.253.48 - - [18/Sep/2020:10:24:42 +0800] "POST /xingrg/services/DataTransmitService HTTP/1.1" 200 524
180.157.253.48 - - [18/Sep/2020:10:24:42 +0800] "POST /xingrg/services/DataTransmitService HTTP/1.1" 200 501
180.157.253.48 - - [18/Sep/2020:10:24:42 +0800] "POST /xingrg/services/DataTransmitService HTTP/1.1" 200 524
180.157.253.48 - - [18/Sep/2020:10:24:42 +0800] "POST /xingrg/services/DataTransmitService HTTP/1.1" 200 501
180.157.253.48 - - [18/Sep/2020:10:24:42 +0800] "POST /xingrg/services/DataTransmitService HTTP/1.1" 200 524
180.157.253.48 - - [18/Sep/2020:10:24:42 +0800] "POST /xingrg/services/DataTransmitService HTTP/1.1" 200 501
180.157.253.48 - - [18/Sep/2020:10:24:42 +0800] "POST /xingrg/services/DataTransmitService HTTP/1.1" 200 524
180.157.253.48 - - [18/Sep/2020:10:24:42 +0800] "POST /xingrg/services/DataTransmitService HTTP/1.1" 200 501
180.157.253.48 - - [18/Sep/2020:10:24:43 +0800] "POST /xingrg/services/DataTransmitService HTTP/1.1" 200 524
180.157.253.48 - - [18/Sep/2020:10:24:44 +0800] "POST /xingrg/services/DataTransmitService HTTP/1.1" 200 501
180.157.253.48 - - [18/Sep/2020:10:24:44 +0800] "POST /xingrg/services/DataTransmitService HTTP/1.1" 200 524
180.157.253.48 - - [18/Sep/2020:10:24:44 +0800] "POST /xingrg/services/DataTransmitService HTTP/1.1" 200 501
180.157.253.48 - - [18/Sep/2020:10:24:44 +0800] "POST /xingrg/services/DataTransmitService HTTP/1.1" 200 524
180.157.253.48 - - [18/Sep/2020:10:24:44 +0800] "POST /xingrg/services/DataTransmitService HTTP/1.1" 200 501
180.157.253.48 - - [18/Sep/2020:10:24:45 +0800] "POST /xingrg/services/DataTransmitService HTTP/1.1" 200 524
172.17.0.120 - - [18/Sep/2020:10:24:45 +0800] "GET /xingrg/all/function/internal_message.html?_=1600395882828&CODE_STATE=getMsg HTTP/1.1" 200 27
180.157.253.48 - - [18/Sep/2020:10:24:45 +0800] "POST /xingrg/services/DataTransmitService HTTP/1.1" 200 501
117.185.32.26 - - [18/Sep/2020:10:24:45 +0800] "POST /xingrg/kc/buy/cgsh_order_operate.html HTTP/1.1" 200 12
117.185.32.26 - - [18/Sep/2020:10:24:46 +0800] "GET /xingrg/kc/buy/cgsh_order_info.html?code=212020091807582 HTTP/1.1" 200 54694
117.184.7.30 - - [18/Sep/2020:10:24:47 +0800] "GET /xingrg/kc/buy/cgsh_order_operate.html?command=get_materiel&rest_code=00108&code=00101008036&supplier_code=00100008&order_time=2020-09-18 HTTP/1.1" 200 408
117.185.32.26 - - [18/Sep/2020:10:24:47 +0800] "GET /xingrg/javascript/easyui/themes/default/validatebox.css HTTP/1.1" 404 1104
117.185.32.26 - - [18/Sep/2020:10:24:47 +0800] "POST /xingrg/kc/buy/cgsh_order_operate.html HTTP/1.1" 200 4723
117.184.7.30 - - [18/Sep/2020:10:24:50 +0800] "POST /xingrg/kc/buy/cgsh_order_operate.html HTTP/1.1" 200 2065
172.17.0.100 - - [18/Sep/2020:10:24:52 +0800] "GET /xingrg/all/function/internal_message.html?_=1600395889221&CODE_STATE=getMsg HTTP/1.1" 200 27
116.230.74.197 - - [18/Sep/2020:10:24:53 +0800] "GET /xingrg/all/function/internal_message.html?_=1600395883273&CODE_STATE=getMsg HTTP/1.1" 200 27
117.184.7.30 - - [18/Sep/2020:10:24:54 +0800] "GET /xingrg/kc/buy/cgsh_order_operate.html?command=get_materiel&rest_code=00108&code=00101008131&supplier_code=00100008&order_time=2020-09-18 HTTP/1.1" 200 408
58.40.7.146 - - [18/Sep/2020:10:24:56 +0800] "GET /xingrg/all/function/internal_message.html?_=1600395894524&CODE_STATE=getMsg HTTP/1.1" 200 27
120.253.135.82 - - [18/Sep/2020:10:24:57 +0800] "POST /xingrg/kc/pszx/mdps_list_operate.html HTTP/1.1" 200 5456
117.185.32.26 - - [18/Sep/2020:10:24:57 +0800] "GET /xingrg/kc/print/load_data.html?order_code=212020091807582&kc_code=cgsh&condition= HTTP/1.1" 200 2280
172.17.0.123 - - [18/Sep/2020:10:24:58 +0800] "GET /xingrg/all/function/internal_message.html?_=1600395894259&CODE_STATE=getMsg HTTP/1.1" 200 27
58.40.7.146 - - [18/Sep/2020:10:25:01 +0800] "GET /xingrg/all/function/internal_message.html?_=1600395899324&CODE_STATE=getMsg HTTP/1.1" 200 27
117.184.7.30 - - [18/Sep/2020:10:25:02 +0800] "GET /xingrg/kc/buy/cgsh_order_operate.html?command=get_materiel&rest_code=00108&code=00101008296&supplier_code=00100008&order_time=2020-09-18 HTTP/1.1" 200 435
117.185.32.26 - - [18/Sep/2020:10:25:02 +0800] "GET /xingrg/kc/print/load_data.html?order_code=212020091807582&kc_code=cgsh HTTP/1.1" 200 2280
116.238.71.173 - - [18/Sep/2020:10:25:06 +0800] "GET /xingrg/all/function/internal_message.html?_=1600395903812&CODE_STATE=getMsg HTTP/1.1" 200 27
120.253.135.82 - - [18/Sep/2020:10:25:08 +0800] "POST /xingrg/kc/pszx/mdps_list_operate.html HTTP/1.1" 200 5033
58.40.7.146 - - [18/Sep/2020:10:25:08 +0800] "GET /xingrg/all/function/internal_message.html?_=1600395906538&CODE_STATE=getMsg HTTP/1.1" 200 27
117.184.7.30 - - [18/Sep/2020:10:25:09 +0800] "GET /xingrg/kc/buy/cgsh_order_operate.html?command=get_materiel&rest_code=00108&code=00101008352&supplier_code=00100008&order_time=2020-09-18 HTTP/1.1" 200 412
120.253.135.82 - - [18/Sep/2020:10:25:14 +0800] "POST /xingrg/kc/pszx/mdps_list_operate.html HTTP/1.1" 200 203
120.253.135.82 - - [18/Sep/2020:10:25:15 +0800] "GET /xingrg/kc/pszx/mdps_order_info.html?code=312020091700477 HTTP/1.1" 200 23849
120.253.135.82 - - [18/Sep/2020:10:25:15 +0800] "POST /xingrg/kc/pszx/mdps_order_operate.html HTTP/1.1" 200 2281
120.253.135.82 - - [18/Sep/2020:10:25:15 +0800] "GET /xingrg/javascript/easyui/themes/default/validatebox.css HTTP/1.1" 404 1104
117.184.7.30 - - [18/Sep/2020:10:25:18 +0800] "GET /xingrg/kc/buy/cgsh_order_operate.html?command=get_materiel&rest_code=00108&code=00101008098&supplier_code=00100008&order_time=2020-09-18 HTTP/1.1" 200 412
120.253.135.82 - - [18/Sep/2020:10:25:18 +0800] "GET /xingrg/all/function/internal_message.html?_=1600396027778&CODE_STATE=getMsg HTTP/1.1" 200 27
172.17.0.115 - - [18/Sep/2020:10:25:18 +0800] "GET /xingrg/all/function/internal_message.html?_=1600395932231&CODE_STATE=getMsg HTTP/1.1" 200 27
120.253.135.82 - - [18/Sep/2020:10:25:21 +0800] "POST /xingrg/kc/pszx/mdps_order_operate.html HTTP/1.1" 200 37
114.88.166.242 - - [18/Sep/2020:10:25:21 +0800] "GET /xingrg/all/function/internal_message.html?_=1600395916179&CODE_STATE=getMsg HTTP/1.1" 200 27
120.253.135.82 - - [18/Sep/2020:10:25:22 +0800] "GET /xingrg/kc/pszx/mdps_order_info.html?code=312020091700477 HTTP/1.1" 200 23849
120.253.135.82 - - [18/Sep/2020:10:25:23 +0800] "POST /xingrg/kc/pszx/mdps_order_operate.html HTTP/1.1" 200 2281
120.253.135.82 - - [18/Sep/2020:10:25:23 +0800] "GET /xingrg/javascript/easyui/themes/default/validatebox.css HTTP/1.1" 404 1104
120.253.135.82 - - [18/Sep/2020:10:25:24 +0800] "POST /xingrg/kc/pszx/mdps_list_operate.html HTTP/1.1" 200 5033
117.185.32.26 - - [18/Sep/2020:10:25:25 +0800] "GET /xingrg/kc/buy/cgsh_order_add.html HTTP/1.1" 200 59787
117.185.32.26 - - [18/Sep/2020:10:25:26 +0800] "GET /xingrg/javascript/easyui/themes/default/validatebox.css HTTP/1.1" 404 1104
117.185.32.26 - - [18/Sep/2020:10:25:26 +0800] "POST /xingrg/kc/buy/cgsh_order_operate.html HTTP/1.1" 200 8245
120.253.135.82 - - [18/Sep/2020:10:25:26 +0800] "POST /xingrg/kc/pszx/mdps_list_operate.html HTTP/1.1" 200 203
120.253.135.82 - - [18/Sep/2020:10:25:27 +0800] "GET /xingrg/kc/pszx/mdps_order_info.html?code=312020091700477 HTTP/1.1" 200 23849
117.185.32.26 - - [18/Sep/2020:10:25:27 +0800] "GET /xingrg/javascript/easyui/themes/default/tree.css HTTP/1.1" 404 1090
218.81.217.115 - - [18/Sep/2020:10:25:27 +0800] "GET /xingrg/all/function/internal_message.html?_=1600395938147&CODE_STATE=getMsg HTTP/1.1" 200 27
117.185.32.26 - - [18/Sep/2020:10:25:27 +0800] "POST /xingrg/all/common/load_tree.html?tree=supplier_tree_json&isDelete=1 HTTP/1.1" 200 50303
120.253.135.82 - - [18/Sep/2020:10:25:27 +0800] "POST /xingrg/kc/pszx/mdps_order_operate.html HTTP/1.1" 200 2281
120.253.135.82 - - [18/Sep/2020:10:25:27 +0800] "GET /xingrg/javascript/easyui/themes/default/validatebox.css HTTP/1.1" 404 1104
120.253.135.82 - - [18/Sep/2020:10:25:29 +0800] "POST /xingrg/kc/pszx/mdps_list_operate.html HTTP/1.1" 200 5033
116.238.216.197 - - [18/Sep/2020:10:25:29 +0800] "GET /xingrg/all/function/internal_message.html?_=1600396135617&CODE_STATE=getMsg HTTP/1.1" 200 27
117.185.32.26 - - [18/Sep/2020:10:25:29 +0800] "GET /xingrg/all/function/internal_message.html?_=1600395924950&CODE_STATE=getMsg HTTP/1.1" 200 27
120.253.135.82 - - [18/Sep/2020:10:25:31 +0800] "POST /xingrg/kc/pszx/mdps_list_operate.html HTTP/1.1" 200 203
120.253.135.82 - - [18/Sep/2020:10:25:31 +0800] "GET /xingrg/kc/pszx/mdps_order_info.html?code=312020091700477 HTTP/1.1" 200 23849
120.253.135.82 - - [18/Sep/2020:10:25:31 +0800] "GET /xingrg/javascript/easyui/themes/default/validatebox.css HTTP/1.1" 404 1104
120.253.135.82 - - [18/Sep/2020:10:25:32 +0800] "POST /xingrg/kc/pszx/mdps_order_operate.html HTTP/1.1" 200 2281
222.69.137.125 - - [18/Sep/2020:10:25:34 +0800] "GET /xingrg/all/function/internal_message.html?_=1600395924251&CODE_STATE=getMsg HTTP/1.1" 200 27
120.253.135.82 - - [18/Sep/2020:10:25:34 +0800] "GET /xingrg/kc/print/load_data.html?order_code=312020091700477&kc_code=mdps&condition= HTTP/1.1" 200 680
117.184.7.30 - - [18/Sep/2020:10:25:35 +0800] "GET /xingrg/kc/buy/cgsh_order_operate.html?command=get_materiel&rest_code=00108&code=00101008005&supplier_code=00100008&order_time=2020-09-18 HTTP/1.1" 200 412
120.253.135.82 - - [18/Sep/2020:10:25:36 +0800] "GET /xingrg/all/function/internal_message.html?_=1600395682971&CODE_STATE=getMsg HTTP/1.1" 200 27
114.88.166.242 - - [18/Sep/2020:10:25:36 +0800] "GET /xingrg/all/function/internal_message.html?_=1600396000963&CODE_STATE=getMsg HTTP/1.1" 200 27
117.185.32.26 - - [18/Sep/2020:10:25:37 +0800] "GET /xingrg/kc/buy/cgsh_order_operate.html?command=get_materiel&rest_code=00106&code=00101009050&supplier_code=00100022&order_time=2020-09-18 HTTP/1.1" 200 432
117.184.7.30 - - [18/Sep/2020:10:25:38 +0800] "GET /xingrg/all/function/internal_message.html?_=1600395928872&CODE_STATE=getMsg HTTP/1.1" 200 27
172.17.200.101 - - [18/Sep/2020:10:25:41 +0800] "GET /xingrg/all/function/internal_message.html?_=1600395942083&CODE_STATE=getMsg HTTP/1.1" 200 27
180.162.245.190 - - [18/Sep/2020:10:25:43 +0800] "GET /xingrg/index.html?sysBaseUrl=http%3A%2F%2F180.169.147.146%3A18081%2Fxingrg%2F&costTime=36×tamp=1585223203754 HTTP/1.1" 302 -
180.162.245.190 - - [18/Sep/2020:10:25:43 +0800] "GET /xingrg/login.html HTTP/1.1" 200 7641
180.162.245.190 - - [18/Sep/2020:10:25:43 +0800] "GET /xingrg/images/blue/jxLogo.png HTTP/1.1" 200 6156
180.162.245.190 - - [18/Sep/2020:10:25:44 +0800] "GET /xingrg/images/blue/srbg.png HTTP/1.1" 200 138
180.162.245.190 - - [18/Sep/2020:10:25:44 +0800] "GET /xingrg/images/blue/hj.png HTTP/1.1" 200 1014
180.162.245.190 - - [18/Sep/2020:10:25:44 +0800] "GET /xingrg/images/blue/login_bg.png HTTP/1.1" 200 22101
180.162.245.190 - - [18/Sep/2020:10:25:44 +0800] "GET /favicon.ico HTTP/1.1" 404 -
117.184.7.30 - - [18/Sep/2020:10:25:44 +0800] "POST /xingrg/kc/buy/cgsh_order_operate.html HTTP/1.1" 200 2065
172.17.0.120 - - [18/Sep/2020:10:25:45 +0800] "GET /xingrg/check_reg.html?_=1600395942816 HTTP/1.1" 200 22
172.17.0.120 - - [18/Sep/2020:10:25:45 +0800] "GET /xingrg/all/function/internal_message.html?_=1600395942827&CODE_STATE=getMsg HTTP/1.1" 200 27
117.185.32.26 - - [18/Sep/2020:10:25:47 +0800] "GET /xingrg/kc/buy/cgsh_order_operate.html?command=get_materiel&rest_code=00106&code=00101009011&supplier_code=00100022&order_time=2020-09-18 HTTP/1.1" 200 416
117.184.7.30 - - [18/Sep/2020:10:25:50 +0800] "GET /xingrg/kc/buy/cgsh_order_operate.html?command=get_materiel&rest_code=00108&code=00101008271&supplier_code=00100008&order_time=2020-09-18 HTTP/1.1" 200 408
172.17.0.100 - - [18/Sep/2020:10:25:52 +0800] "GET /xingrg/all/function/internal_message.html?_=1600395949221&CODE_STATE=getMsg HTTP/1.1" 200 27
116.230.74.197 - - [18/Sep/2020:10:25:53 +0800] "GET /xingrg/all/function/internal_message.html?_=1600395943257&CODE_STATE=getMsg HTTP/1.1" 200 27
58.40.7.146 - - [18/Sep/2020:10:25:56 +0800] "GET /xingrg/check_reg.html?_=1600395954526 HTTP/1.1" 200 22
58.40.7.146 - - [18/Sep/2020:10:25:56 +0800] "GET /xingrg/all/function/internal_message.html?_=1600395954527&CODE_STATE=getMsg HTTP/1.1" 200 27
120.253.135.82 - - [18/Sep/2020:10:25:57 +0800] "GET /xingrg/check_reg.html?_=1600396066216 HTTP/1.1" 200 22
172.17.0.123 - - [18/Sep/2020:10:25:58 +0800] "GET /xingrg/all/function/internal_message.html?_=1600395954251&CODE_STATE=getMsg HTTP/1.1" 200 27
117.184.7.30 - - [18/Sep/2020:10:26:01 +0800] "GET /xingrg/kc/buy/cgsh_order_operate.html?command=get_materiel&rest_code=00108&code=00101008353&supplier_code=00100008&order_time=2020-09-18 HTTP/1.1" 200 408
117.185.32.26 - - [18/Sep/2020:10:26:01 +0800] "GET /xingrg/kc/buy/cgsh_order_operate.html?command=get_materiel&rest_code=00106&code=00101009035&supplier_code=00100022&order_time=2020-09-18 HTTP/1.1" 200 414
58.40.7.146 - - [18/Sep/2020:10:26:01 +0800] "GET /xingrg/all/function/internal_message.html?_=1600395959328&CODE_STATE=getMsg HTTP/1.1" 200 27
116.238.71.173 - - [18/Sep/2020:10:26:06 +0800] "GET /xingrg/all/function/internal_message.html?_=1600395963861&CODE_STATE=getMsg HTTP/1.1" 200 27
117.185.32.26 - - [18/Sep/2020:10:26:06 +0800] "GET /xingrg/kc/buy/cgsh_order_operate.html?command=get_materiel&rest_code=00106&code=00101009034&supplier_code=00100022&order_time=2020-09-18 HTTP/1.1" 200 428
180.162.245.190 - - [18/Sep/2020:10:26:07 +0800] "POST /xingrg/login.do HTTP/1.1" 200 2421
180.162.245.190 - - [18/Sep/2020:10:26:07 +0800] "GET /xingrg/images/blue/pic_top.gif HTTP/1.1" 200 3656
180.162.245.190 - - [18/Sep/2020:10:26:07 +0800] "GET /xingrg/images/blue/pic_notice.jpg HTTP/1.1" 200 3583
180.162.245.190 - - [18/Sep/2020:10:26:07 +0800] "GET /xingrg/css/blue.css HTTP/1.1" 200 15949
