218.81.217.115 - - [18/Sep/2020:09:34:19 +0800] "GET /xingrg/all/function/internal_message.html?_=1600392869676&CODE_STATE=getMsg HTTP/1.1" 200 27
172.17.0.100 - - [18/Sep/2020:09:34:19 +0800] "GET /xingrg/all/function/internal_message.html?_=1600392856100&CODE_STATE=getMsg HTTP/1.1" 200 27
114.88.166.242 - - [18/Sep/2020:09:34:20 +0800] "GET /xingrg/all/function/internal_message.html?_=1600392854521&CODE_STATE=getMsg HTTP/1.1" 200 27
116.238.71.173 - - [18/Sep/2020:09:34:20 +0800] "GET /xingrg/kc/buy/cgsh_order_operate.html?command=get_materiel&rest_code=00150&code=00101008213&supplier_code=00100007&order_time=2020-09-18 HTTP/1.1" 200 412
172.17.0.115 - - [18/Sep/2020:09:34:20 +0800] "GET /xingrg/all/function/internal_message.html?_=1600392873504&CODE_STATE=getMsg HTTP/1.1" 200 27
116.230.74.197 - - [18/Sep/2020:09:34:24 +0800] "GET /xingrg/all/function/internal_message.html?_=1600392853926&CODE_STATE=getMsg HTTP/1.1" 200 27
116.238.71.173 - - [18/Sep/2020:09:34:26 +0800] "GET /xingrg/all/function/internal_message.html?_=1600392984390&CODE_STATE=getMsg HTTP/1.1" 200 27
116.238.71.173 - - [18/Sep/2020:09:34:26 +0800] "GET /xingrg/kc/buy/cgsh_order_operate.html?command=get_materiel&rest_code=00150&code=00101008150&supplier_code=00100007&order_time=2020-09-18 HTTP/1.1" 200 428
116.238.71.173 - - [18/Sep/2020:09:34:26 +0800] "GET /xingrg/kc/buy/cgsh_order_operate.html?command=get_materiel&rest_code=00150&code=00101012039&supplier_code=00100036&order_time=2020-09-18 HTTP/1.1" 200 408
116.238.71.173 - - [18/Sep/2020:09:34:29 +0800] "POST /xingrg/kc/buy/cgsh_order_operate.html HTTP/1.1" 200 2065
116.238.71.173 - - [18/Sep/2020:09:34:34 +0800] "GET /xingrg/kc/buy/cgsh_order_operate.html?command=get_materiel&rest_code=00150&code=00101008110&supplier_code=00100007&order_time=2020-09-18 HTTP/1.1" 200 408
117.184.7.30 - - [18/Sep/2020:09:34:38 +0800] "GET /xingrg/all/function/internal_message.html?_=1600392868825&CODE_STATE=getMsg HTTP/1.1" 200 27
116.238.71.173 - - [18/Sep/2020:09:34:39 +0800] "GET /xingrg/kc/buy/cgsh_order_operate.html?command=get_materiel&rest_code=00150&code=00101008221&supplier_code=00100007&order_time=2020-09-18 HTTP/1.1" 200 412
172.17.200.101 - - [18/Sep/2020:09:34:42 +0800] "GET /xingrg/all/function/internal_message.html?_=1600392882393&CODE_STATE=getMsg HTTP/1.1" 200 27
172.17.200.101 - - [18/Sep/2020:09:34:42 +0800] "POST /xingrg/kc/buy/cgsh_order_operate.html HTTP/1.1" 200 12
172.17.200.101 - - [18/Sep/2020:09:34:43 +0800] "GET /xingrg/kc/buy/cgsh_order_info.html?code=212020091707338 HTTP/1.1" 200 59765
172.17.200.101 - - [18/Sep/2020:09:34:43 +0800] "GET /xingrg/javascript/easyui/themes/icons/template_new.png HTTP/1.1" 304 -
172.17.200.101 - - [18/Sep/2020:09:34:43 +0800] "GET /xingrg/javascript/easyui/themes/icons/ok.png HTTP/1.1" 304 -
172.17.200.101 - - [18/Sep/2020:09:34:43 +0800] "GET /xingrg/all/common/auto_word.html?type=employee&rest_code=00146 HTTP/1.1" 200 197
172.17.200.101 - - [18/Sep/2020:09:34:43 +0800] "GET /xingrg/javascript/easyui/themes/default/validatebox.css HTTP/1.1" 404 1104
172.17.200.101 - - [18/Sep/2020:09:34:43 +0800] "GET /xingrg/all/common/auto_word.html?type=employee&rest_code=00146 HTTP/1.1" 200 197
172.17.200.101 - - [18/Sep/2020:09:34:44 +0800] "POST /xingrg/kc/buy/cgsh_order_operate.html HTTP/1.1" 200 6226
116.238.71.173 - - [18/Sep/2020:09:34:44 +0800] "GET /xingrg/kc/buy/cgsh_order_operate.html?command=get_materiel&rest_code=00150&code=00101008283&supplier_code=00100007&order_time=2020-09-18 HTTP/1.1" 200 408
116.238.71.173 - - [18/Sep/2020:09:34:49 +0800] "GET /xingrg/kc/buy/cgsh_order_operate.html?command=get_materiel&rest_code=00150&code=00101008298&supplier_code=00100007&order_time=2020-09-18 HTTP/1.1" 200 431
116.238.71.173 - - [18/Sep/2020:09:34:52 +0800] "POST /xingrg/kc/buy/cgsh_order_operate.html HTTP/1.1" 200 37
58.40.7.146 - - [18/Sep/2020:09:34:56 +0800] "GET /xingrg/all/function/internal_message.html?_=1600392894501&CODE_STATE=getMsg HTTP/1.1" 200 27
114.88.166.242 - - [18/Sep/2020:09:34:58 +0800] "GET /xingrg/all/function/internal_message.html?_=1600392962423&CODE_STATE=getMsg HTTP/1.1" 200 27
114.88.166.242 - - [18/Sep/2020:09:34:58 +0800] "GET /xingrg/check_reg.html?_=1600392962421 HTTP/1.1" 200 22
116.230.74.197 - - [18/Sep/2020:09:34:58 +0800] "POST /xingrg/kc/buy/cgsh_order_operate.html HTTP/1.1" 200 2065
116.238.71.173 - - [18/Sep/2020:09:34:59 +0800] "POST /xingrg/kc/buy/cgsh_order_operate.html HTTP/1.1" 200 19192
172.17.0.115 - - [18/Sep/2020:09:35:01 +0800] "GET /xingrg/check_reg.html?_=1600392914282 HTTP/1.1" 200 22
58.40.7.146 - - [18/Sep/2020:09:35:01 +0800] "GET /xingrg/all/function/internal_message.html?_=1600392899285&CODE_STATE=getMsg HTTP/1.1" 200 27
172.17.0.123 - - [18/Sep/2020:09:35:05 +0800] "GET /xingrg/all/function/internal_message.html?_=1600392901093&CODE_STATE=getMsg HTTP/1.1" 200 27
120.253.135.82 - - [18/Sep/2020:09:35:14 +0800] "GET /xingrg/all/function/internal_message.html?_=1600393023785&CODE_STATE=getMsg HTTP/1.1" 200 27
222.69.137.125 - - [18/Sep/2020:09:35:17 +0800] "GET /xingrg/all/function/internal_message.html?_=1600392908223&CODE_STATE=getMsg HTTP/1.1" 200 27
218.81.217.115 - - [18/Sep/2020:09:35:19 +0800] "GET /xingrg/all/function/internal_message.html?_=1600392929689&CODE_STATE=getMsg HTTP/1.1" 200 27
172.17.0.100 - - [18/Sep/2020:09:35:19 +0800] "GET /xingrg/all/function/internal_message.html?_=1600392916078&CODE_STATE=getMsg HTTP/1.1" 200 27
114.88.166.242 - - [18/Sep/2020:09:35:20 +0800] "GET /xingrg/all/function/internal_message.html?_=1600392914586&CODE_STATE=getMsg HTTP/1.1" 200 27
172.17.0.115 - - [18/Sep/2020:09:35:20 +0800] "GET /xingrg/all/function/internal_message.html?_=1600392933517&CODE_STATE=getMsg HTTP/1.1" 200 27
180.157.253.48 - - [18/Sep/2020:09:35:23 +0800] "GET /xingrg/login.html HTTP/1.1" 200 7641
180.157.253.48 - - [18/Sep/2020:09:35:23 +0800] "GET /xingrg/images/blue/jxLogo.png HTTP/1.1" 304 -
180.157.253.48 - - [18/Sep/2020:09:35:23 +0800] "GET /xingrg/images/blue/login_bg.png HTTP/1.1" 304 -
180.157.253.48 - - [18/Sep/2020:09:35:23 +0800] "GET /xingrg/images/blue/hj.png HTTP/1.1" 304 -
180.157.253.48 - - [18/Sep/2020:09:35:23 +0800] "GET /xingrg/images/blue/srbg.png HTTP/1.1" 304 -
180.157.253.48 - - [18/Sep/2020:09:35:23 +0800] "GET /favicon.ico HTTP/1.1" 404 -
116.230.74.197 - - [18/Sep/2020:09:35:24 +0800] "GET /xingrg/all/function/internal_message.html?_=1600392913931&CODE_STATE=getMsg HTTP/1.1" 200 27
116.238.71.173 - - [18/Sep/2020:09:35:26 +0800] "GET /xingrg/all/function/internal_message.html?_=1600393044405&CODE_STATE=getMsg HTTP/1.1" 200 27
180.157.253.48 - - [18/Sep/2020:09:35:36 +0800] "POST /xingrg/login.do HTTP/1.1" 302 -
180.157.253.48 - - [18/Sep/2020:09:35:36 +0800] "GET /xingrg/javascript/jquery_easy_ui/themes/default/easyui.css HTTP/1.1" 304 -
180.157.253.48 - - [18/Sep/2020:09:35:36 +0800] "GET /xingrg/javascript/jquery_easy_ui/themes/icon.css HTTP/1.1" 304 -
180.157.253.48 - - [18/Sep/2020:09:35:36 +0800] "GET /xingrg/index.html?sysBaseUrl=http%3A%2F%2F180.169.147.146%3A18081%2Fxingrg%2F&costTime=41×tamp=1600392936401 HTTP/1.1" 200 17179
180.157.253.48 - - [18/Sep/2020:09:35:36 +0800] "GET /xingrg/css/form.css HTTP/1.1" 304 -
180.157.253.48 - - [18/Sep/2020:09:35:36 +0800] "GET /xingrg/javascript/jquery-1.4.2.min.js HTTP/1.1" 304 -
180.157.253.48 - - [18/Sep/2020:09:35:36 +0800] "GET /xingrg/javascript/jquery_easy_ui/jquery.easyui.min.js HTTP/1.1" 304 -
180.157.253.48 - - [18/Sep/2020:09:35:36 +0800] "GET /xingrg/javascript/jquery.form.js HTTP/1.1" 304 -
180.157.253.48 - - [18/Sep/2020:09:35:36 +0800] "GET /xingrg/javascript/jquery.utils.js HTTP/1.1" 304 -
180.157.253.48 - - [18/Sep/2020:09:35:36 +0800] "GET /xingrg/javascript/jquery_easy_ui/easyui-lang-zh_CN.js HTTP/1.1" 304 -
180.157.253.48 - - [18/Sep/2020:09:35:36 +0800] "GET /xingrg/javascript/jquery.timers.js HTTP/1.1" 304 -
180.157.253.48 - - [18/Sep/2020:09:35:36 +0800] "GET /favicon.ico HTTP/1.1" 404 -
180.157.253.48 - - [18/Sep/2020:09:35:36 +0800] "GET /xingrg/images/blue/jxLogo.png HTTP/1.1" 304 -
180.157.253.48 - - [18/Sep/2020:09:35:36 +0800] "GET /xingrg/images/blue/navBackgound.jpg HTTP/1.1" 304 -
180.157.253.48 - - [18/Sep/2020:09:35:36 +0800] "GET /xingrg/javascript/jquery_easy_ui/themes/icons/settle_new.png HTTP/1.1" 304 -
180.157.253.48 - - [18/Sep/2020:09:35:36 +0800] "POST /xingrg/all/common/load_tree.html?tree=area_rest_tree_json&manage=1 HTTP/1.1" 200 351
180.157.253.48 - - [18/Sep/2020:09:35:36 +0800] "GET /xingrg/images/blue/pingpu.png HTTP/1.1" 304 -
180.157.253.48 - - [18/Sep/2020:09:35:36 +0800] "GET /xingrg/javascript/jquery_easy_ui/themes/default/images/tabs_leftarrow.png HTTP/1.1" 304 -
180.157.253.48 - - [18/Sep/2020:09:35:36 +0800] "GET /xingrg/javascript/jquery_easy_ui/themes/default/images/tabs_rightarrow.png HTTP/1.1" 304 -
180.157.253.48 - - [18/Sep/2020:09:35:36 +0800] "GET /xingrg/javascript/jquery_easy_ui/themes/default/images/panel_tool_collapse.gif HTTP/1.1" 304 -
180.157.253.48 - - [18/Sep/2020:09:35:36 +0800] "GET /xingrg/check_reg.html?_=1600392943246 HTTP/1.1" 200 22
180.157.253.48 - - [18/Sep/2020:09:35:36 +0800] "GET /xingrg/all/function/internal_message.html?_=1600392943245&CODE_STATE=count HTTP/1.1" 200 11
180.157.253.48 - - [18/Sep/2020:09:35:36 +0800] "POST /xingrg/load_menu.html HTTP/1.1" 200 5138
180.157.253.48 - - [18/Sep/2020:09:35:36 +0800] "GET /xingrg/javascript/jquery_easy_ui/themes/default/images/tree_arrows.gif HTTP/1.1" 304 -
180.157.253.48 - - [18/Sep/2020:09:35:36 +0800] "GET /xingrg/javascript/jquery_easy_ui/themes/icons/search_new.png HTTP/1.1" 304 -
180.157.253.48 - - [18/Sep/2020:09:35:36 +0800] "GET /xingrg/javascript/jquery_easy_ui/themes/default/images/tree_folder_open.gif HTTP/1.1" 304 -
180.157.253.48 - - [18/Sep/2020:09:35:36 +0800] "GET /xingrg/javascript/jquery_easy_ui/themes/default/images/tree_folder.gif HTTP/1.1" 304 -
180.157.253.48 - - [18/Sep/2020:09:35:36 +0800] "GET /xingrg/javascript/jquery_easy_ui/themes/icons/storage_new.png HTTP/1.1" 304 -
180.157.253.48 - - [18/Sep/2020:09:35:36 +0800] "GET /xingrg/javascript/jquery_easy_ui/themes/icons/forms_new.png HTTP/1.1" 304 -
180.157.253.48 - - [18/Sep/2020:09:35:37 +0800] "GET /xingrg/javascript/jquery_easy_ui/themes/default/images/tree_file.gif HTTP/1.1" 304 -
180.157.253.48 - - [18/Sep/2020:09:35:38 +0800] "GET /xingrg/javascript/jquery_easy_ui/themes/default/images/tabs_close.gif HTTP/1.1" 304 -
180.157.253.48 - - [18/Sep/2020:09:35:38 +0800] "GET /xingrg/css/base.css HTTP/1.1" 304 -
180.157.253.48 - - [18/Sep/2020:09:35:38 +0800] "GET /xingrg/css/site.css HTTP/1.1" 304 -
180.157.253.48 - - [18/Sep/2020:09:35:38 +0800] "GET /xingrg/javascript/jquery_tools/datebox.css HTTP/1.1" 304 -
180.157.253.48 - - [18/Sep/2020:09:35:38 +0800] "GET /xingrg/javascript/easyui/themes/default/easyui.css HTTP/1.1" 304 -
180.157.253.48 - - [18/Sep/2020:09:35:38 +0800] "GET /xingrg/javascript/jquery_tools/jquery.tools.extend.js HTTP/1.1" 304 -
180.157.253.48 - - [18/Sep/2020:09:35:38 +0800] "GET /xingrg/javascript/jquery_tools/jquery.tools.hotkey.js HTTP/1.1" 304 -
180.157.253.48 - - [18/Sep/2020:09:35:38 +0800] "GET /xingrg/javascript/jquery_tools/list_manager.js HTTP/1.1" 304 -
180.157.253.48 - - [18/Sep/2020:09:35:38 +0800] "GET /xingrg/javascript/auto/jquery.autocomplete.js HTTP/1.1" 304 -
180.157.253.48 - - [18/Sep/2020:09:35:38 +0800] "GET /xingrg/javascript/jquery.utils.js HTTP/1.1" 304 -
180.157.253.48 - - [18/Sep/2020:09:35:38 +0800] "GET /xingrg/javascript/easyui/easyloader.js HTTP/1.1" 304 -
180.157.253.48 - - [18/Sep/2020:09:35:38 +0800] "GET /xingrg/javascript/jquery_tools/jquery.tools.table.js HTTP/1.1" 304 -
180.157.253.48 - - [18/Sep/2020:09:35:38 +0800] "GET /xingrg/javascript/jquery.cookie.js HTTP/1.1" 304 -
180.157.253.48 - - [18/Sep/2020:09:35:38 +0800] "GET /xingrg/javascript/easyui/themes/icon.css HTTP/1.1" 304 -
180.157.253.48 - - [18/Sep/2020:09:35:38 +0800] "GET /xingrg/javascript/auto/jquery.autocomplete.css HTTP/1.1" 304 -
180.157.253.48 - - [18/Sep/2020:09:35:38 +0800] "GET /xingrg/javascript/print/LodopFuncs.js HTTP/1.1" 304 -
180.157.253.48 - - [18/Sep/2020:09:35:38 +0800] "GET /xingrg/javascript/jquery_tools/fix.css HTTP/1.1" 304 -
180.157.253.48 - - [18/Sep/2020:09:35:38 +0800] "GET /xingrg/javascript/jquery_tools/table.css HTTP/1.1" 304 -
180.157.253.48 - - [18/Sep/2020:09:35:38 +0800] "GET /xingrg/javascript/jquery_tools/jquery.tools.min.js HTTP/1.1" 304 -
180.157.253.48 - - [18/Sep/2020:09:35:38 +0800] "GET /xingrg/kc/buy/cgsh_order_list.html HTTP/1.1" 200 44049
117.184.7.30 - - [18/Sep/2020:09:35:38 +0800] "GET /xingrg/all/function/internal_message.html?_=1600392928796&CODE_STATE=getMsg HTTP/1.1" 200 27
180.157.253.48 - - [18/Sep/2020:09:35:39 +0800] "GET /xingrg/javascript/easyui/themes/icons/edit_add_new.png HTTP/1.1" 304 -
180.157.253.48 - - [18/Sep/2020:09:35:39 +0800] "GET /xingrg/javascript/easyui/themes/icons/cance_new.png HTTP/1.1" 304 -
180.157.253.48 - - [18/Sep/2020:09:35:39 +0800] "GET /xingrg/javascript/easyui/themes/icons/check_new.png HTTP/1.1" 304 -
180.157.253.48 - - [18/Sep/2020:09:35:39 +0800] "GET /xingrg/javascript/easyui/themes/icons/import_new.png HTTP/1.1" 304 -
180.157.253.48 - - [18/Sep/2020:09:35:39 +0800] "GET /xingrg/javascript/easyui/themes/icons/field_new.png HTTP/1.1" 304 -
180.157.253.48 - - [18/Sep/2020:09:35:39 +0800] "GET /xingrg/javascript/jquery_easy_ui/themes/icons/area.png HTTP/1.1" 304 -
180.157.253.48 - - [18/Sep/2020:09:35:39 +0800] "GET /xingrg/javascript/jquery_easy_ui/themes/icons/rest.png HTTP/1.1" 304 -
180.157.253.48 - - [18/Sep/2020:09:35:39 +0800] "GET /xingrg/javascript/easyui/plugins/jquery.parser.js HTTP/1.1" 304 -
180.157.253.48 - - [18/Sep/2020:09:35:39 +0800] "GET /xingrg/images/control/ajaxLoader.gif HTTP/1.1" 304 -
180.157.253.48 - - [18/Sep/2020:09:35:40 +0800] "POST /xingrg/kc/buy/cgsh_list_operate.html HTTP/1.1" 200 1697
180.157.253.48 - - [18/Sep/2020:09:35:41 +0800] "POST /xingrg/kc/buy/cgsh_list_operate.html HTTP/1.1" 200 198
172.17.200.101 - - [18/Sep/2020:09:35:42 +0800] "GET /xingrg/all/function/internal_message.html?_=1600392942379&CODE_STATE=getMsg HTTP/1.1" 200 27
180.157.253.48 - - [18/Sep/2020:09:35:42 +0800] "GET /xingrg/css/base.css HTTP/1.1" 304 -
180.157.253.48 - - [18/Sep/2020:09:35:42 +0800] "GET /xingrg/css/site.css HTTP/1.1" 304 -
180.157.253.48 - - [18/Sep/2020:09:35:42 +0800] "GET /xingrg/javascript/jquery_tools/datebox.css HTTP/1.1" 304 -
180.157.253.48 - - [18/Sep/2020:09:35:42 +0800] "GET /xingrg/javascript/easyui/themes/default/easyui.css HTTP/1.1" 304 -
180.157.253.48 - - [18/Sep/2020:09:35:42 +0800] "GET /xingrg/javascript/easyui/themes/icon.css HTTP/1.1" 304 -
180.157.253.48 - - [18/Sep/2020:09:35:42 +0800] "GET /xingrg/javascript/jquery_tools/table.css HTTP/1.1" 304 -
180.157.253.48 - - [18/Sep/2020:09:35:42 +0800] "GET /xingrg/javascript/auto/jquery.autocomplete.css HTTP/1.1" 304 -
180.157.253.48 - - [18/Sep/2020:09:35:42 +0800] "GET /xingrg/javascript/jquery_tools/fix.css HTTP/1.1" 304 -
180.157.253.48 - - [18/Sep/2020:09:35:42 +0800] "GET /xingrg/javascript/jquery_tools/jquery.tools.min.js HTTP/1.1" 304 -
180.157.253.48 - - [18/Sep/2020:09:35:42 +0800] "GET /xingrg/javascript/jquery_tools/jquery.tools.extend.js HTTP/1.1" 304 -
180.157.253.48 - - [18/Sep/2020:09:35:42 +0800] "GET /xingrg/javascript/pic_change.js HTTP/1.1" 304 -
180.157.253.48 - - [18/Sep/2020:09:35:42 +0800] "GET /xingrg/javascript/jquery_tools/jquery.tools.hotkey.js HTTP/1.1" 304 -
180.157.253.48 - - [18/Sep/2020:09:35:42 +0800] "GET /xingrg/javascript/jquery_tools/jquery.tools.table.js HTTP/1.1" 304 -
180.157.253.48 - - [18/Sep/2020:09:35:42 +0800] "GET /xingrg/javascript/auto/jquery.autocomplete.js HTTP/1.1" 304 -
180.157.253.48 - - [18/Sep/2020:09:35:42 +0800] "GET /xingrg/javascript/easyui/easyloader.js HTTP/1.1" 304 -
180.157.253.48 - - [18/Sep/2020:09:35:42 +0800] "GET /xingrg/javascript/convert.js HTTP/1.1" 304 -
180.157.253.48 - - [18/Sep/2020:09:35:42 +0800] "GET /xingrg/javascript/jquery.cookie.js HTTP/1.1" 304 -
180.157.253.48 - - [18/Sep/2020:09:35:42 +0800] "GET /xingrg/javascript/json2.js HTTP/1.1" 304 -
180.157.253.48 - - [18/Sep/2020:09:35:42 +0800] "GET /xingrg/javascript/jquery.utils.js HTTP/1.1" 304 -
180.157.253.48 - - [18/Sep/2020:09:35:42 +0800] "GET /xingrg/javascript/jquery_tools/order_manager.js HTTP/1.1" 304 -
180.157.253.48 - - [18/Sep/2020:09:35:42 +0800] "GET /xingrg/kc/buy/cgsh_order_info.html?code=212020091707150 HTTP/1.1" 200 59802
180.157.253.48 - - [18/Sep/2020:09:35:42 +0800] "GET /xingrg/javascript/print/LodopFuncs.js HTTP/1.1" 304 -
180.157.253.48 - - [18/Sep/2020:09:35:42 +0800] "GET /xingrg/javascript/print/kc_print.js HTTP/1.1" 304 -
180.157.253.48 - - [18/Sep/2020:09:35:42 +0800] "GET /xingrg/words/20200918074315_words.js HTTP/1.1" 200 763584
180.157.253.48 - - [18/Sep/2020:09:35:42 +0800] "GET /xingrg/javascript/easyui/themes/icons/copy_new.png HTTP/1.1" 304 -
180.157.253.48 - - [18/Sep/2020:09:35:42 +0800] "GET /xingrg/javascript/easyui/themes/icons/template_new.png HTTP/1.1" 304 -
180.157.253.48 - - [18/Sep/2020:09:35:42 +0800] "GET /xingrg/javascript/easyui/themes/icons/ok.png HTTP/1.1" 304 -
180.157.253.48 - - [18/Sep/2020:09:35:42 +0800] "GET /xingrg/javascript/easyui/themes/icons/print.png HTTP/1.1" 304 -
180.157.253.48 - - [18/Sep/2020:09:35:42 +0800] "GET /xingrg/javascript/easyui/themes/default/images/menu_downarrow.png HTTP/1.1" 304 -
180.157.253.48 - - [18/Sep/2020:09:35:42 +0800] "GET /xingrg/javascript/easyui/themes/icons/cancel.png HTTP/1.1" 304 -
180.157.253.48 - - [18/Sep/2020:09:35:42 +0800] "GET /xingrg/javascript/easyui/plugins/jquery.parser.js HTTP/1.1" 304 -
180.157.253.48 - - [18/Sep/2020:09:35:43 +0800] "GET /xingrg/all/common/auto_word.html?type=employee&rest_code=00148 HTTP/1.1" 200 147
180.157.253.48 - - [18/Sep/2020:09:35:43 +0800] "GET /xingrg/all/common/auto_word.html?type=employee&rest_code=00148 HTTP/1.1" 200 147
180.157.253.48 - - [18/Sep/2020:09:35:43 +0800] "GET /xingrg/javascript/easyui/themes/default/validatebox.css HTTP/1.1" 404 1104
180.157.253.48 - - [18/Sep/2020:09:35:43 +0800] "GET /xingrg/javascript/easyui/plugins/jquery.validatebox.js HTTP/1.1" 304 -
180.157.253.48 - - [18/Sep/2020:09:35:43 +0800] "GET /xingrg/javascript/easyui/plugins/jquery.numberbox.js HTTP/1.1" 304 -
180.157.253.48 - - [18/Sep/2020:09:35:43 +0800] "POST /xingrg/kc/buy/cgsh_order_operate.html HTTP/1.1" 200 2653
180.157.253.48 - - [18/Sep/2020:09:35:43 +0800] "GET /xingrg/javascript/easyui/themes/icons/edit_remove.png HTTP/1.1" 304 -
116.238.71.173 - - [18/Sep/2020:09:35:55 +0800] "GET /xingrg/kc/buy/cgsh_order_operate.html?command=get_materiel&rest_code=00150&code=00101008175&supplier_code=00100007&order_time=2020-09-18 HTTP/1.1" 200 412
116.238.71.173 - - [18/Sep/2020:09:35:56 +0800] "GET /xingrg/all/function/internal_message.html?_=1600392954479&CODE_STATE=getMsg HTTP/1.1" 200 27
58.40.7.146 - - [18/Sep/2020:09:35:56 +0800] "GET /xingrg/check_reg.html?_=1600392954504 HTTP/1.1" 200 22
58.40.7.146 - - [18/Sep/2020:09:35:56 +0800] "GET /xingrg/all/function/internal_message.html?_=1600392954505&CODE_STATE=getMsg HTTP/1.1" 200 27
120.253.135.82 - - [18/Sep/2020:09:35:56 +0800] "GET /xingrg/check_reg.html?_=1600393066160 HTTP/1.1" 200 22
114.88.166.242 - - [18/Sep/2020:09:35:58 +0800] "GET /xingrg/all/function/internal_message.html?_=1600393022422&CODE_STATE=getMsg HTTP/1.1" 200 27
58.40.7.146 - - [18/Sep/2020:09:36:01 +0800] "GET /xingrg/all/function/internal_message.html?_=1600392959288&CODE_STATE=getMsg HTTP/1.1" 200 27
116.238.71.173 - - [18/Sep/2020:09:36:04 +0800] "GET /xingrg/kc/buy/cgsh_order_operate.html?command=get_materiel&rest_code=00150&code=00101008337&supplier_code=00100007&order_time=2020-09-18 HTTP/1.1" 200 408
172.17.0.123 - - [18/Sep/2020:09:36:05 +0800] "GET /xingrg/all/function/internal_message.html?_=1600392961095&CODE_STATE=getMsg HTTP/1.1" 200 27
116.238.71.173 - - [18/Sep/2020:09:36:10 +0800] "GET /xingrg/kc/buy/cgsh_order_operate.html?command=get_materiel&rest_code=00150&code=00101008331&supplier_code=00100007&order_time=2020-09-18 HTTP/1.1" 200 416
114.88.166.242 - - [18/Sep/2020:09:36:11 +0800] "GET /xingrg/check_reg.html?_=1600392965425 HTTP/1.1" 200 22
116.230.74.197 - - [18/Sep/2020:09:36:11 +0800] "GET /xingrg/kc/buy/cgsh_order_operate.html?command=get_materiel&rest_code=00107&code=00101008141&supplier_code=00100006&order_time=2020-09-18 HTTP/1.1" 200 412
120.253.135.82 - - [18/Sep/2020:09:36:14 +0800] "GET /xingrg/all/function/internal_message.html?_=1600393083788&CODE_STATE=getMsg HTTP/1.1" 200 27
172.17.0.100 - - [18/Sep/2020:09:36:19 +0800] "GET /xingrg/all/function/internal_message.html?_=1600392976048&CODE_STATE=getMsg HTTP/1.1" 200 27
218.81.217.115 - - [18/Sep/2020:09:36:19 +0800] "GET /xingrg/all/function/internal_message.html?_=1600392990197&CODE_STATE=getMsg HTTP/1.1" 200 27
114.88.166.242 - - [18/Sep/2020:09:36:20 +0800] "GET /xingrg/all/function/internal_message.html?_=1600392974595&CODE_STATE=getMsg HTTP/1.1" 200 27
172.17.0.115 - - [18/Sep/2020:09:36:20 +0800] "GET /xingrg/all/function/internal_message.html?_=1600392993530&CODE_STATE=getMsg HTTP/1.1" 200 27
116.238.71.173 - - [18/Sep/2020:09:36:21 +0800] "GET /xingrg/kc/buy/cgsh_order_operate.html?command=get_materiel&rest_code=00150&code=00101008350&supplier_code=00100007&order_time=2020-09-18 HTTP/1.1" 200 408
116.230.74.197 - - [18/Sep/2020:09:36:24 +0800] "GET /xingrg/all/function/internal_message.html?_=1600392973903&CODE_STATE=getMsg HTTP/1.1" 200 27
116.238.71.173 - - [18/Sep/2020:09:36:26 +0800] "GET /xingrg/check_reg.html?_=1600393104294 HTTP/1.1" 200 22
116.238.71.173 - - [18/Sep/2020:09:36:26 +0800] "GET /xingrg/all/function/internal_message.html?_=1600393104418&CODE_STATE=getMsg HTTP/1.1" 200 27
116.238.71.173 - - [18/Sep/2020:09:36:28 +0800] "GET /xingrg/kc/buy/cgsh_order_operate.html?command=get_materiel&rest_code=00150&code=00101008149&supplier_code=00100007&order_time=2020-09-18 HTTP/1.1" 200 408
116.230.74.197 - - [18/Sep/2020:09:36:29 +0800] "GET /xingrg/kc/buy/cgsh_order_operate.html?command=get_materiel&rest_code=00107&code=00101008118&supplier_code=00100006&order_time=2020-09-18 HTTP/1.1" 200 418
116.238.71.173 - - [18/Sep/2020:09:36:30 +0800] "POST /xingrg/kc/buy/cgsh_order_operate.html HTTP/1.1" 200 2065
180.157.253.48 - - [18/Sep/2020:09:36:33 +0800] "GET /xingrg/javascript/easyui/themes/default/images/button_plain_hover.png HTTP/1.1" 304 -
180.157.253.48 - - [18/Sep/2020:09:36:33 +0800] "GET /xingrg/javascript/easyui/themes/default/images/button_plain_hover.png HTTP/1.1" 304 -
180.157.253.48 - - [18/Sep/2020:09:36:33 +0800] "GET /xingrg/javascript/easyui/themes/default/images/button_plain_hover.png HTTP/1.1" 304 -
180.157.253.48 - - [18/Sep/2020:09:36:36 +0800] "GET /xingrg/all/function/internal_message.html?_=1600393003248&CODE_STATE=getMsg HTTP/1.1" 200 27
117.184.7.30 - - [18/Sep/2020:09:36:38 +0800] "GET /xingrg/all/function/internal_message.html?_=1600392988810&CODE_STATE=getMsg HTTP/1.1" 200 27
116.238.71.173 - - [18/Sep/2020:09:36:40 +0800] "GET /xingrg/kc/buy/cgsh_order_operate.html?command=get_materiel&rest_code=00150&code=00101008088&supplier_code=00100007&order_time=2020-09-18 HTTP/1.1" 200 408
172.17.200.101 - - [18/Sep/2020:09:36:42 +0800] "GET /xingrg/all/function/internal_message.html?_=1600393002355&CODE_STATE=getMsg HTTP/1.1" 200 27
116.238.71.173 - - [18/Sep/2020:09:36:45 +0800] "GET /xingrg/kc/buy/cgsh_order_operate.html?command=get_materiel&rest_code=00150&code=00101008223&supplier_code=00100007&order_time=2020-09-18 HTTP/1.1" 200 412
116.238.71.173 - - [18/Sep/2020:09:36:56 +0800] "GET /xingrg/all/function/internal_message.html?_=1600393014491&CODE_STATE=getMsg HTTP/1.1" 200 27
58.40.7.146 - - [18/Sep/2020:09:36:56 +0800] "GET /xingrg/all/function/internal_message.html?_=1600393014507&CODE_STATE=getMsg HTTP/1.1" 200 27
114.88.166.242 - - [18/Sep/2020:09:36:58 +0800] "GET /xingrg/all/function/internal_message.html?_=1600393082421&CODE_STATE=getMsg HTTP/1.1" 200 27
117.131.5.26 - - [18/Sep/2020:09:36:58 +0800] "GET /favicon.ico HTTP/1.1" 404 -
116.230.74.197 - - [18/Sep/2020:09:37:00 +0800] "POST /xingrg/kc/buy/cgsh_order_operate.html HTTP/1.1" 200 2065
58.40.7.146 - - [18/Sep/2020:09:37:01 +0800] "GET /xingrg/check_reg.html?_=1600393019291 HTTP/1.1" 200 22
58.40.7.146 - - [18/Sep/2020:09:37:01 +0800] "GET /xingrg/all/function/internal_message.html?_=1600393019293&CODE_STATE=getMsg HTTP/1.1" 200 27
116.238.71.173 - - [18/Sep/2020:09:37:05 +0800] "POST /xingrg/kc/buy/cgsh_order_operate.html HTTP/1.1" 200 2065
172.17.0.123 - - [18/Sep/2020:09:37:05 +0800] "GET /xingrg/all/function/internal_message.html?_=1600393021081&CODE_STATE=getMsg HTTP/1.1" 200 27
120.253.135.82 - - [18/Sep/2020:09:37:09 +0800] "GET /xingrg/check_reg.html?_=1600392771501 HTTP/1.1" 200 22
120.253.135.82 - - [18/Sep/2020:09:37:09 +0800] "GET /xingrg/all/function/internal_message.html?_=1600392771701&CODE_STATE=getMsg HTTP/1.1" 200 27
116.238.71.173 - - [18/Sep/2020:09:37:11 +0800] "GET /xingrg/kc/buy/cgsh_order_operate.html?command=get_materiel&rest_code=00150&code=00101008168&supplier_code=00100007&order_time=2020-09-18 HTTP/1.1" 200 413
172.17.0.117 - - [18/Sep/2020:09:37:12 +0800] "GET /xingrg/check_reg.html?_=1600393037400 HTTP/1.1" 302 -
120.253.135.82 - - [18/Sep/2020:09:37:14 +0800] "GET /xingrg/all/function/internal_message.html?_=1600393143801&CODE_STATE=getMsg HTTP/1.1" 200 27
172.17.0.100 - - [18/Sep/2020:09:37:19 +0800] "GET /xingrg/all/function/internal_message.html?_=1600393036019&CODE_STATE=getMsg HTTP/1.1" 200 27
218.81.217.115 - - [18/Sep/2020:09:37:19 +0800] "GET /xingrg/all/function/internal_message.html?_=1600393050200&CODE_STATE=getMsg HTTP/1.1" 200 27
114.88.166.242 - - [18/Sep/2020:09:37:20 +0800] "GET /xingrg/all/function/internal_message.html?_=1600393034608&CODE_STATE=getMsg HTTP/1.1" 200 27
172.17.0.115 - - [18/Sep/2020:09:37:20 +0800] "GET /xingrg/all/function/internal_message.html?_=1600393053560&CODE_STATE=getMsg HTTP/1.1" 200 27
116.238.71.173 - - [18/Sep/2020:09:37:22 +0800] "GET /xingrg/kc/buy/cgsh_order_operate.html?command=get_materiel&rest_code=00150&code=00101015038&supplier_code=00100007&order_time=2020-09-18 HTTP/1.1" 200 419
116.230.74.197 - - [18/Sep/2020:09:37:24 +0800] "GET /xingrg/check_reg.html?_=1600393033584 HTTP/1.1" 200 22
116.230.74.197 - - [18/Sep/2020:09:37:24 +0800] "GET /xingrg/all/function/internal_message.html?_=1600393033893&CODE_STATE=getMsg HTTP/1.1" 200 27
116.238.71.173 - - [18/Sep/2020:09:37:26 +0800] "GET /xingrg/all/function/internal_message.html?_=1600393164431&CODE_STATE=getMsg HTTP/1.1" 200 27
116.238.71.173 - - [18/Sep/2020:09:37:31 +0800] "GET /xingrg/kc/buy/cgsh_order_operate.html?command=get_materiel&rest_code=00150&code=00101008509&supplier_code=00100007&order_time=2020-09-18 HTTP/1.1" 200 396
120.253.135.82 - - [18/Sep/2020:09:37:32 +0800] "GET /xingrg/kc/pszx/mdqp_order_list.html?state=10 HTTP/1.1" 200 10125
120.253.135.82 - - [18/Sep/2020:09:37:32 +0800] "GET /xingrg/dwr/interface/AjaxQqpsService.js HTTP/1.1" 200 16326
120.253.135.82 - - [18/Sep/2020:09:37:32 +0800] "GET /xingrg/dwr/interface/AjaxReportQueryService.js HTTP/1.1" 200 13203
120.253.135.82 - - [18/Sep/2020:09:37:32 +0800] "GET /xingrg/dwr/engine.js HTTP/1.1" 200 43631
120.253.135.82 - - [18/Sep/2020:09:37:36 +0800] "GET /xingrg/kc/report/report_main.html HTTP/1.1" 200 9370
180.157.253.48 - - [18/Sep/2020:09:37:36 +0800] "GET /xingrg/all/function/internal_message.html?_=1600393063265&CODE_STATE=getMsg HTTP/1.1" 200 27
120.253.135.82 - - [18/Sep/2020:09:37:37 +0800] "GET /xingrg/kc/base/kc_stocks.html HTTP/1.1" 200 16329
116.238.71.173 - - [18/Sep/2020:09:37:37 +0800] "GET /xingrg/kc/buy/cgsh_order_operate.html?command=get_materiel&rest_code=00150&code=00101015024&supplier_code=00100007&order_time=2020-09-18 HTTP/1.1" 200 413
120.253.135.82 - - [18/Sep/2020:09:37:37 +0800] "GET /xingrg/javascript/easyui/themes/default/tree.css HTTP/1.1" 404 1090
120.253.135.82 - - [18/Sep/2020:09:37:37 +0800] "POST /xingrg/all/common/load_tree.html?tree=materiel_sort_tree_json HTTP/1.1" 200 8666
117.184.7.30 - - [18/Sep/2020:09:37:38 +0800] "GET /xingrg/all/function/internal_message.html?_=1600393048833&CODE_STATE=getMsg HTTP/1.1" 200 27
120.253.135.82 - - [18/Sep/2020:09:37:39 +0800] "POST /xingrg/all/common/load_combo.html?type=base HTTP/1.1" 200 899
116.230.74.197 - - [18/Sep/2020:09:37:41 +0800] "GET /xingrg/kc/buy/cgsh_order_operate.html?command=get_materiel&rest_code=00107&code=00101008261&supplier_code=00100006&order_time=2020-09-18 HTTP/1.1" 200 408
172.17.200.101 - - [18/Sep/2020:09:37:41 +0800] "GET /xingrg/check_reg.html?_=1600393061880 HTTP/1.1" 200 22
172.17.200.101 - - [18/Sep/2020:09:37:42 +0800] "GET /xingrg/all/function/internal_message.html?_=1600393062349&CODE_STATE=getMsg HTTP/1.1" 200 27
120.253.135.82 - - [18/Sep/2020:09:37:46 +0800] "POST /xingrg/kc/base/stock_operate.html HTTP/1.1" 200 1459
116.230.74.197 - - [18/Sep/2020:09:37:52 +0800] "GET /xingrg/kc/buy/cgsh_order_operate.html?command=get_materiel&rest_code=00107&code=00101008087&supplier_code=00100006&order_time=2020-09-18 HTTP/1.1" 200 412
116.238.71.173 - - [18/Sep/2020:09:37:53 +0800] "GET /xingrg/kc/buy/cgsh_order_operate.html?command=get_materiel&rest_code=00150&code=00101015023&supplier_code=00100007&order_time=2020-09-18 HTTP/1.1" 200 412
58.40.7.146 - - [18/Sep/2020:09:37:56 +0800] "GET /xingrg/all/function/internal_message.html?_=1600393074493&CODE_STATE=getMsg HTTP/1.1" 200 27
116.238.71.173 - - [18/Sep/2020:09:37:56 +0800] "GET /xingrg/all/function/internal_message.html?_=1600393074535&CODE_STATE=getMsg HTTP/1.1" 200 27
114.88.166.242 - - [18/Sep/2020:09:37:58 +0800] "GET /xingrg/all/function/internal_message.html?_=1600393142420&CODE_STATE=getMsg HTTP/1.1" 200 27
116.238.71.173 - - [18/Sep/2020:09:38:00 +0800] "GET /xingrg/kc/buy/cgsh_order_operate.html?command=get_materiel&rest_code=00150&code=00101015036&supplier_code=00100007&order_time=2020-09-18 HTTP/1.1" 200 413
58.40.7.146 - - [18/Sep/2020:09:38:01 +0800] "GET /xingrg/all/function/internal_message.html?_=1600393079279&CODE_STATE=getMsg HTTP/1.1" 200 27
116.238.71.173 - - [18/Sep/2020:09:38:02 +0800] "POST /xingrg/kc/buy/cgsh_order_operate.html HTTP/1.1" 200 2065
116.230.74.197 - - [18/Sep/2020:09:38:03 +0800] "GET /xingrg/kc/buy/cgsh_order_operate.html?command=get_materiel&rest_code=00107&code=00101008361&supplier_code=00100006&order_time=2020-09-18 HTTP/1.1" 200 408
120.253.135.82 - - [18/Sep/2020:09:38:04 +0800] "GET /xingrg/all/function/internal_message.html?_=1600392831835&CODE_STATE=getMsg HTTP/1.1" 200 27
172.17.0.123 - - [18/Sep/2020:09:38:05 +0800] "GET /xingrg/all/function/internal_message.html?_=1600393081086&CODE_STATE=getMsg HTTP/1.1" 200 27
172.17.0.123 - - [18/Sep/2020:09:38:05 +0800] "GET /xingrg/check_reg.html?_=1600393081087 HTTP/1.1" 200 22
116.238.71.173 - - [18/Sep/2020:09:38:06 +0800] "GET /xingrg/kc/buy/cgsh_order_operate.html?command=get_materiel&rest_code=00150&code=00101008134&supplier_code=00100007&order_time=2020-09-18 HTTP/1.1" 200 412
116.230.74.197 - - [18/Sep/2020:09:38:09 +0800] "POST /xingrg/kc/buy/cgsh_order_operate.html HTTP/1.1" 200 2065
120.253.135.82 - - [18/Sep/2020:09:38:14 +0800] "GET /xingrg/all/function/internal_message.html?_=1600393203970&CODE_STATE=getMsg HTTP/1.1" 200 27
218.81.217.115 - - [18/Sep/2020:09:38:17 +0800] "GET /xingrg/check_reg.html?_=1600393107655 HTTP/1.1" 200 22
116.230.74.197 - - [18/Sep/2020:09:38:17 +0800] "GET /xingrg/kc/buy/cgsh_order_operate.html?command=get_materiel&rest_code=00107&code=00101008300&supplier_code=00100006&order_time=2020-09-18 HTTP/1.1" 200 412
116.238.71.173 - - [18/Sep/2020:09:38:17 +0800] "GET /xingrg/kc/buy/cgsh_order_operate.html?command=get_materiel&rest_code=00150&code=00101015066&supplier_code=00100007&order_time=2020-09-18 HTTP/1.1" 200 414
172.17.0.100 - - [18/Sep/2020:09:38:19 +0800] "GET /xingrg/all/function/internal_message.html?_=1600393095989&CODE_STATE=getMsg HTTP/1.1" 200 27
172.17.0.100 - - [18/Sep/2020:09:38:19 +0800] "GET /xingrg/check_reg.html?_=1600393096287 HTTP/1.1" 200 22
218.81.217.115 - - [18/Sep/2020:09:38:19 +0800] "GET /xingrg/all/function/internal_message.html?_=1600393110214&CODE_STATE=getMsg HTTP/1.1" 200 27
114.88.166.242 - - [18/Sep/2020:09:38:20 +0800] "GET /xingrg/all/function/internal_message.html?_=1600393094672&CODE_STATE=getMsg HTTP/1.1" 200 27
172.17.0.115 - - [18/Sep/2020:09:38:20 +0800] "GET /xingrg/all/function/internal_message.html?_=1600393113574&CODE_STATE=getMsg HTTP/1.1" 200 27
116.238.216.197 - - [18/Sep/2020:09:38:20 +0800] "GET /xingrg/login.html HTTP/1.1" 200 7641
116.238.216.197 - - [18/Sep/2020:09:38:21 +0800] "GET /xingrg/images/blue/jxLogo.png HTTP/1.1" 304 -
116.238.216.197 - - [18/Sep/2020:09:38:21 +0800] "GET /xingrg/images/blue/login_bg.png HTTP/1.1" 304 -
116.238.216.197 - - [18/Sep/2020:09:38:21 +0800] "GET /xingrg/images/blue/hj.png HTTP/1.1" 304 -
116.238.216.197 - - [18/Sep/2020:09:38:21 +0800] "GET /xingrg/images/blue/srbg.png HTTP/1.1" 304 -
116.238.216.197 - - [18/Sep/2020:09:38:22 +0800] "GET /favicon.ico HTTP/1.1" 404 -
116.238.71.173 - - [18/Sep/2020:09:38:24 +0800] "GET /xingrg/kc/buy/cgsh_order_operate.html?command=get_materiel&rest_code=00150&code=00101008095&supplier_code=00100007&order_time=2020-09-18 HTTP/1.1" 200 412
116.230.74.197 - - [18/Sep/2020:09:38:24 +0800] "GET /xingrg/all/function/internal_message.html?_=1600393093864&CODE_STATE=getMsg HTTP/1.1" 200 27
116.238.216.197 - - [18/Sep/2020:09:38:25 +0800] "POST /xingrg/login.do HTTP/1.1" 302 -
116.238.216.197 - - [18/Sep/2020:09:38:25 +0800] "GET /xingrg/index.html?sysBaseUrl=http%3A%2F%2F180.169.147.146%3A18081%2Fxingrg%2F&costTime=38×tamp=1600393105862 HTTP/1.1" 200 17173
116.238.216.197 - - [18/Sep/2020:09:38:25 +0800] "GET /xingrg/javascript/jquery_easy_ui/themes/default/easyui.css HTTP/1.1" 304 -
116.238.216.197 - - [18/Sep/2020:09:38:25 +0800] "GET /xingrg/javascript/jquery_easy_ui/themes/icon.css HTTP/1.1" 304 -
116.238.216.197 - - [18/Sep/2020:09:38:25 +0800] "GET /xingrg/javascript/jquery.form.js HTTP/1.1" 304 -
116.238.216.197 - - [18/Sep/2020:09:38:25 +0800] "GET /xingrg/css/form.css HTTP/1.1" 304 -
116.238.216.197 - - [18/Sep/2020:09:38:25 +0800] "GET /xingrg/javascript/jquery-1.4.2.min.js HTTP/1.1" 304 -
116.238.216.197 - - [18/Sep/2020:09:38:25 +0800] "GET /xingrg/javascript/jquery_easy_ui/jquery.easyui.min.js HTTP/1.1" 304 -
116.238.216.197 - - [18/Sep/2020:09:38:25 +0800] "GET /xingrg/javascript/jquery_easy_ui/easyui-lang-zh_CN.js HTTP/1.1" 304 -
116.238.216.197 - - [18/Sep/2020:09:38:25 +0800] "GET /xingrg/javascript/jquery.utils.js HTTP/1.1" 304 -
116.238.216.197 - - [18/Sep/2020:09:38:25 +0800] "GET /xingrg/javascript/jquery.timers.js HTTP/1.1" 304 -
116.238.216.197 - - [18/Sep/2020:09:38:26 +0800] "GET /xingrg/images/blue/navBackgound.jpg HTTP/1.1" 304 -
116.238.71.173 - - [18/Sep/2020:09:38:26 +0800] "GET /xingrg/all/function/internal_message.html?_=1600393224444&CODE_STATE=getMsg HTTP/1.1" 200 27
116.238.216.197 - - [18/Sep/2020:09:38:26 +0800] "GET /xingrg/javascript/jquery_easy_ui/themes/icons/settle_new.png HTTP/1.1" 304 -
116.238.216.197 - - [18/Sep/2020:09:38:26 +0800] "GET /favicon.ico HTTP/1.1" 404 -
116.238.216.197 - - [18/Sep/2020:09:38:26 +0800] "POST /xingrg/all/common/load_tree.html?tree=area_rest_tree_json&manage=1 HTTP/1.1" 200 342
116.238.216.197 - - [18/Sep/2020:09:38:26 +0800] "GET /xingrg/images/blue/pingpu.png HTTP/1.1" 304 -
116.238.216.197 - - [18/Sep/2020:09:38:26 +0800] "GET /xingrg/javascript/jquery_easy_ui/themes/default/images/tabs_leftarrow.png HTTP/1.1" 304 -
116.238.216.197 - - [18/Sep/2020:09:38:26 +0800] "GET /xingrg/javascript/jquery_easy_ui/themes/default/images/tabs_rightarrow.png HTTP/1.1" 304 -
116.238.216.197 - - [18/Sep/2020:09:38:26 +0800] "GET /xingrg/javascript/jquery_easy_ui/themes/default/images/panel_tool_collapse.gif HTTP/1.1" 304 -
116.238.216.197 - - [18/Sep/2020:09:38:26 +0800] "GET /xingrg/all/function/internal_message.html?_=1600393312639&CODE_STATE=count HTTP/1.1" 200 11
116.238.216.197 - - [18/Sep/2020:09:38:26 +0800] "GET /xingrg/check_reg.html?_=1600393312642 HTTP/1.1" 200 22
116.238.216.197 - - [18/Sep/2020:09:38:26 +0800] "POST /xingrg/load_menu.html HTTP/1.1" 200 5138
116.238.216.197 - - [18/Sep/2020:09:38:26 +0800] "GET /xingrg/javascript/jquery_easy_ui/themes/default/images/tree_arrows.gif HTTP/1.1" 304 -
116.238.216.197 - - [18/Sep/2020:09:38:27 +0800] "GET /xingrg/javascript/jquery_easy_ui/themes/default/images/tree_folder_open.gif HTTP/1.1" 304 -
116.238.216.197 - - [18/Sep/2020:09:38:27 +0800] "GET /xingrg/javascript/jquery_easy_ui/themes/icons/search_new.png HTTP/1.1" 304 -
116.238.216.197 - - [18/Sep/2020:09:38:27 +0800] "GET /xingrg/javascript/jquery_easy_ui/themes/default/images/tree_folder.gif HTTP/1.1" 304 -
116.238.216.197 - - [18/Sep/2020:09:38:27 +0800] "GET /xingrg/javascript/jquery_easy_ui/themes/icons/storage_new.png HTTP/1.1" 304 -
116.238.216.197 - - [18/Sep/2020:09:38:27 +0800] "GET /xingrg/javascript/jquery_easy_ui/themes/icons/forms_new.png HTTP/1.1" 304 -
116.238.216.197 - - [18/Sep/2020:09:38:27 +0800] "GET /xingrg/javascript/jquery_easy_ui/themes/default/images/tree_file.gif HTTP/1.1" 304 -
116.238.216.197 - - [18/Sep/2020:09:38:29 +0800] "GET /xingrg/javascript/jquery_easy_ui/themes/default/images/tabs_close.gif HTTP/1.1" 304 -
116.238.216.197 - - [18/Sep/2020:09:38:29 +0800] "GET /xingrg/css/base.css HTTP/1.1" 304 -
116.238.216.197 - - [18/Sep/2020:09:38:29 +0800] "GET /xingrg/css/site.css HTTP/1.1" 304 -
116.238.216.197 - - [18/Sep/2020:09:38:29 +0800] "GET /xingrg/javascript/jquery_tools/datebox.css HTTP/1.1" 304 -
116.238.216.197 - - [18/Sep/2020:09:38:29 +0800] "GET /xingrg/javascript/auto/jquery.autocomplete.css HTTP/1.1" 304 -
116.238.216.197 - - [18/Sep/2020:09:38:29 +0800] "GET /xingrg/javascript/easyui/themes/icon.css HTTP/1.1" 304 -
116.238.216.197 - - [18/Sep/2020:09:38:29 +0800] "GET /xingrg/javascript/easyui/themes/default/easyui.css HTTP/1.1" 304 -
116.238.216.197 - - [18/Sep/2020:09:38:29 +0800] "GET /xingrg/javascript/jquery_tools/fix.css HTTP/1.1" 304 -
116.238.216.197 - - [18/Sep/2020:09:38:29 +0800] "GET /xingrg/javascript/jquery_tools/table.css HTTP/1.1" 304 -
116.238.216.197 - - [18/Sep/2020:09:38:29 +0800] "GET /xingrg/javascript/jquery_tools/jquery.tools.extend.js HTTP/1.1" 304 -
116.238.216.197 - - [18/Sep/2020:09:38:29 +0800] "GET /xingrg/javascript/jquery_tools/jquery.tools.hotkey.js HTTP/1.1" 304 -
116.238.216.197 - - [18/Sep/2020:09:38:29 +0800] "GET /xingrg/javascript/jquery_tools/jquery.tools.table.js HTTP/1.1" 304 -
116.238.216.197 - - [18/Sep/2020:09:38:29 +0800] "GET /xingrg/javascript/jquery_tools/list_manager.js HTTP/1.1" 304 -
116.238.216.197 - - [18/Sep/2020:09:38:29 +0800] "GET /xingrg/javascript/auto/jquery.autocomplete.js HTTP/1.1" 304 -
116.238.216.197 - - [18/Sep/2020:09:38:29 +0800] "GET /xingrg/javascript/easyui/easyloader.js HTTP/1.1" 304 -
116.238.216.197 - - [18/Sep/2020:09:38:29 +0800] "GET /xingrg/javascript/jquery.cookie.js HTTP/1.1" 304 -
116.238.216.197 - - [18/Sep/2020:09:38:29 +0800] "GET /xingrg/javascript/print/LodopFuncs.js HTTP/1.1" 304 -
116.238.216.197 - - [18/Sep/2020:09:38:29 +0800] "GET /xingrg/javascript/jquery_tools/jquery.tools.min.js HTTP/1.1" 304 -
116.238.216.197 - - [18/Sep/2020:09:38:29 +0800] "GET /xingrg/kc/buy/cgsh_order_list.html HTTP/1.1" 200 44043
116.238.216.197 - - [18/Sep/2020:09:38:30 +0800] "GET /xingrg/javascript/easyui/themes/icons/edit_add_new.png HTTP/1.1" 304 -
116.238.216.197 - - [18/Sep/2020:09:38:30 +0800] "GET /xingrg/javascript/easyui/themes/icons/cance_new.png HTTP/1.1" 304 -
116.238.216.197 - - [18/Sep/2020:09:38:30 +0800] "GET /xingrg/javascript/easyui/themes/icons/check_new.png HTTP/1.1" 304 -
116.238.216.197 - - [18/Sep/2020:09:38:30 +0800] "GET /xingrg/javascript/easyui/themes/icons/field_new.png HTTP/1.1" 304 -
116.238.216.197 - - [18/Sep/2020:09:38:30 +0800] "GET /xingrg/javascript/easyui/themes/icons/import_new.png HTTP/1.1" 304 -
116.238.216.197 - - [18/Sep/2020:09:38:30 +0800] "GET /xingrg/javascript/jquery_easy_ui/themes/icons/area.png HTTP/1.1" 304 -
116.238.216.197 - - [18/Sep/2020:09:38:30 +0800] "GET /xingrg/javascript/jquery_easy_ui/themes/icons/rest.png HTTP/1.1" 304 -
116.238.216.197 - - [18/Sep/2020:09:38:30 +0800] "GET /xingrg/javascript/easyui/plugins/jquery.parser.js HTTP/1.1" 304 -
116.238.216.197 - - [18/Sep/2020:09:38:30 +0800] "GET /xingrg/images/control/ajaxLoader.gif HTTP/1.1" 304 -
116.238.216.197 - - [18/Sep/2020:09:38:31 +0800] "POST /xingrg/kc/buy/cgsh_list_operate.html HTTP/1.1" 200 876
116.238.216.197 - - [18/Sep/2020:09:38:32 +0800] "GET /xingrg/javascript/easyui/themes/default/images/button_plain_hover.png HTTP/1.1" 304 -
116.238.216.197 - - [18/Sep/2020:09:38:33 +0800] "GET /xingrg/javascript/pic_change.js HTTP/1.1" 304 -
116.238.216.197 - - [18/Sep/2020:09:38:33 +0800] "GET /xingrg/javascript/jquery_tools/order_manager.js HTTP/1.1" 304 -
116.238.216.197 - - [18/Sep/2020:09:38:33 +0800] "GET /xingrg/javascript/convert.js HTTP/1.1" 304 -
116.238.216.197 - - [18/Sep/2020:09:38:33 +0800] "GET /xingrg/javascript/json2.js HTTP/1.1" 304 -
116.238.216.197 - - [18/Sep/2020:09:38:33 +0800] "GET /xingrg/javascript/print/kc_print.js HTTP/1.1" 304 -
116.238.216.197 - - [18/Sep/2020:09:38:33 +0800] "GET /xingrg/kc/buy/cgsh_order_add.html HTTP/1.1" 200 59693
116.238.216.197 - - [18/Sep/2020:09:38:33 +0800] "GET /xingrg/words/20200918074315_words.js HTTP/1.1" 200 763584
116.238.216.197 - - [18/Sep/2020:09:38:33 +0800] "GET /xingrg/javascript/easyui/themes/icons/copy_new.png HTTP/1.1" 304 -
116.238.216.197 - - [18/Sep/2020:09:38:33 +0800] "GET /xingrg/javascript/easyui/themes/icons/template_new.png HTTP/1.1" 304 -
116.238.216.197 - - [18/Sep/2020:09:38:33 +0800] "GET /xingrg/javascript/easyui/themes/icons/ok.png HTTP/1.1" 304 -
116.238.216.197 - - [18/Sep/2020:09:38:33 +0800] "GET /xingrg/javascript/easyui/themes/icons/print.png HTTP/1.1" 304 -
116.238.216.197 - - [18/Sep/2020:09:38:33 +0800] "GET /xingrg/javascript/easyui/themes/default/images/menu_downarrow.png HTTP/1.1" 304 -
116.238.216.197 - - [18/Sep/2020:09:38:33 +0800] "GET /xingrg/javascript/easyui/themes/icons/cancel.png HTTP/1.1" 304 -
116.238.216.197 - - [18/Sep/2020:09:38:34 +0800] "POST /xingrg/kc/buy/cgsh_order_operate.html HTTP/1.1" 200 8245
116.238.216.197 - - [18/Sep/2020:09:38:34 +0800] "GET /xingrg/javascript/easyui/themes/icons/edit_remove.png HTTP/1.1" 304 -
116.238.216.197 - - [18/Sep/2020:09:38:35 +0800] "GET /xingrg/all/common/auto_word.html?type=employee&rest_code=00102 HTTP/1.1" 200 189
116.238.216.197 - - [18/Sep/2020:09:38:35 +0800] "GET /xingrg/all/common/auto_word.html?type=employee&rest_code=00102 HTTP/1.1" 200 189
116.238.216.197 - - [18/Sep/2020:09:38:35 +0800] "GET /xingrg/javascript/easyui/themes/default/validatebox.css HTTP/1.1" 404 1104
116.238.216.197 - - [18/Sep/2020:09:38:35 +0800] "GET /xingrg/javascript/easyui/plugins/jquery.validatebox.js HTTP/1.1" 304 -
116.238.216.197 - - [18/Sep/2020:09:38:35 +0800] "GET /xingrg/javascript/easyui/plugins/jquery.numberbox.js HTTP/1.1" 304 -
116.238.216.197 - - [18/Sep/2020:09:38:36 +0800] "GET /xingrg/javascript/auto/indicator.gif HTTP/1.1" 404 1066
180.157.253.48 - - [18/Sep/2020:09:38:36 +0800] "GET /xingrg/all/function/internal_message.html?_=1600393123276&CODE_STATE=getMsg HTTP/1.1" 200 27
116.238.71.173 - - [18/Sep/2020:09:38:37 +0800] "POST /xingrg/kc/buy/cgsh_order_operate.html HTTP/1.1" 200 37
117.184.7.30 - - [18/Sep/2020:09:38:38 +0800] "GET /xingrg/check_reg.html?_=1600393108786 HTTP/1.1" 200 22
117.184.7.30 - - [18/Sep/2020:09:38:38 +0800] "GET /xingrg/all/function/internal_message.html?_=1600393108803&CODE_STATE=getMsg HTTP/1.1" 200 27
116.238.71.173 - - [18/Sep/2020:09:38:38 +0800] "POST /xingrg/kc/buy/cgsh_order_operate.html HTTP/1.1" 200 30437
172.17.200.101 - - [18/Sep/2020:09:38:42 +0800] "GET /xingrg/all/function/internal_message.html?_=1600393122321&CODE_STATE=getMsg HTTP/1.1" 200 27
116.238.71.173 - - [18/Sep/2020:09:38:49 +0800] "POST /xingrg/kc/buy/cgsh_order_operate.html HTTP/1.1" 200 37
116.230.74.197 - - [18/Sep/2020:09:38:51 +0800] "GET /xingrg/kc/buy/cgsh_order_operate.html?command=get_materiel&rest_code=00107&code=00101008005&supplier_code=00100006&order_time=2020-09-18 HTTP/1.1" 200 412
116.238.71.173 - - [18/Sep/2020:09:38:51 +0800] "POST /xingrg/kc/buy/cgsh_order_operate.html HTTP/1.1" 200 12
116.238.71.173 - - [18/Sep/2020:09:38:52 +0800] "GET /xingrg/kc/buy/cgsh_order_info.html?code=212020091807557 HTTP/1.1" 200 54626
116.238.71.173 - - [18/Sep/2020:09:38:52 +0800] "POST /xingrg/kc/buy/cgsh_order_operate.html HTTP/1.1" 200 37
116.238.71.173 - - [18/Sep/2020:09:38:52 +0800] "GET /xingrg/javascript/easyui/themes/default/validatebox.css HTTP/1.1" 404 1104
116.238.71.173 - - [18/Sep/2020:09:38:52 +0800] "POST /xingrg/kc/buy/cgsh_order_operate.html HTTP/1.1" 200 602
116.238.71.173 - - [18/Sep/2020:09:38:53 +0800] "POST /xingrg/kc/buy/cgsh_order_operate.html HTTP/1.1" 200 30437
116.238.216.197 - - [18/Sep/2020:09:38:53 +0800] "GET /xingrg/kc/buy/cgsh_order_operate.html?command=get_materiel&rest_code=00102&code=00101006152&supplier_code=00100151&order_time=2020-09-18 HTTP/1.1" 200 409
116.238.71.173 - - [18/Sep/2020:09:38:55 +0800] "GET /xingrg/kc/print/load_data.html?order_code=212020091807557&kc_code=cgsh&condition= HTTP/1.1" 200 797
58.40.7.146 - - [18/Sep/2020:09:38:56 +0800] "GET /xingrg/all/function/internal_message.html?_=1600393134497&CODE_STATE=getMsg HTTP/1.1" 200 27
116.238.71.173 - - [18/Sep/2020:09:38:56 +0800] "GET /xingrg/all/function/internal_message.html?_=1600393134543&CODE_STATE=getMsg HTTP/1.1" 200 27
116.238.71.173 - - [18/Sep/2020:09:38:56 +0800] "GET /xingrg/check_reg.html?_=1600393134601 HTTP/1.1" 200 22
116.238.71.173 - - [18/Sep/2020:09:38:57 +0800] "POST /xingrg/all/user/operate.html HTTP/1.1" 200 36
116.238.71.173 - - [18/Sep/2020:09:38:57 +0800] "GET /xingrg/index.html?sysBaseUrl=http%3A%2F%2F180.169.147.146%3A18081%2Fxingrg%2F&costTime=43×tamp=1600308838014 HTTP/1.1" 200 17177
116.238.71.173 - - [18/Sep/2020:09:38:57 +0800] "GET /xingrg/javascript/jquery_easy_ui/themes/default/easyui.css HTTP/1.1" 304 -
116.238.71.173 - - [18/Sep/2020:09:38:57 +0800] "GET /xingrg/javascript/jquery_easy_ui/themes/icon.css HTTP/1.1" 304 -
116.238.71.173 - - [18/Sep/2020:09:38:57 +0800] "GET /xingrg/css/form.css HTTP/1.1" 304 -
116.238.71.173 - - [18/Sep/2020:09:38:57 +0800] "GET /xingrg/javascript/jquery-1.4.2.min.js HTTP/1.1" 304 -
116.238.71.173 - - [18/Sep/2020:09:38:57 +0800] "GET /xingrg/javascript/jquery_easy_ui/jquery.easyui.min.js HTTP/1.1" 304 -
116.238.71.173 - - [18/Sep/2020:09:38:57 +0800] "GET /xingrg/javascript/jquery_easy_ui/easyui-lang-zh_CN.js HTTP/1.1" 304 -
116.238.71.173 - - [18/Sep/2020:09:38:57 +0800] "GET /xingrg/javascript/jquery.form.js HTTP/1.1" 304 -
116.238.71.173 - - [18/Sep/2020:09:38:57 +0800] "GET /xingrg/javascript/jquery.utils.js HTTP/1.1" 304 -
116.238.71.173 - - [18/Sep/2020:09:38:57 +0800] "GET /xingrg/javascript/jquery.timers.js HTTP/1.1" 304 -
116.238.71.173 - - [18/Sep/2020:09:38:57 +0800] "GET /xingrg/images/blue/jxLogo.png HTTP/1.1" 304 -
116.238.71.173 - - [18/Sep/2020:09:38:57 +0800] "GET /xingrg/images/blue/navBackgound.jpg HTTP/1.1" 304 -
116.238.71.173 - - [18/Sep/2020:09:38:57 +0800] "GET /xingrg/javascript/jquery_easy_ui/themes/icons/settle_new.png HTTP/1.1" 304 -
114.88.166.242 - - [18/Sep/2020:09:38:58 +0800] "GET /xingrg/all/function/internal_message.html?_=1600393202419&CODE_STATE=getMsg HTTP/1.1" 200 27
116.238.71.173 - - [18/Sep/2020:09:38:58 +0800] "POST /xingrg/all/common/load_tree.html?tree=area_rest_tree_json&manage=1 HTTP/1.1" 200 476
116.238.71.173 - - [18/Sep/2020:09:38:58 +0800] "GET /xingrg/check_reg.html?_=1600393135780 HTTP/1.1" 200 22
116.238.71.173 - - [18/Sep/2020:09:38:58 +0800] "GET /xingrg/all/function/internal_message.html?_=1600393135777&CODE_STATE=count HTTP/1.1" 200 11
116.238.71.173 - - [18/Sep/2020:09:38:58 +0800] "GET /xingrg/javascript/jquery_easy_ui/themes/default/images/tabs_rightarrow.png HTTP/1.1" 304 -
116.238.71.173 - - [18/Sep/2020:09:38:58 +0800] "GET /xingrg/images/blue/pingpu.png HTTP/1.1" 304 -
116.238.71.173 - - [18/Sep/2020:09:38:58 +0800] "GET /xingrg/javascript/jquery_easy_ui/themes/default/images/panel_tool_collapse.gif HTTP/1.1" 304 -
116.238.71.173 - - [18/Sep/2020:09:38:58 +0800] "GET /xingrg/javascript/jquery_easy_ui/themes/default/images/tabs_leftarrow.png HTTP/1.1" 304 -
116.238.71.173 - - [18/Sep/2020:09:38:58 +0800] "POST /xingrg/load_menu.html HTTP/1.1" 200 5138
116.238.71.173 - - [18/Sep/2020:09:39:00 +0800] "GET /xingrg/kc/buy/cgsh_order_list.html HTTP/1.1" 200 44047
116.238.71.173 - - [18/Sep/2020:09:39:00 +0800] "POST /xingrg/kc/buy/cgsh_list_operate.html HTTP/1.1" 200 876
116.238.71.173 - - [18/Sep/2020:09:39:01 +0800] "GET /xingrg/kc/buy/cgsh_order_add.html HTTP/1.1" 200 59717
58.40.7.146 - - [18/Sep/2020:09:39:01 +0800] "GET /xingrg/all/function/internal_message.html?_=1600393139284&CODE_STATE=getMsg HTTP/1.1" 200 27
116.238.71.173 - - [18/Sep/2020:09:39:01 +0800] "POST /xingrg/kc/buy/cgsh_order_operate.html HTTP/1.1" 200 8245
116.238.71.173 - - [18/Sep/2020:09:39:01 +0800] "GET /xingrg/kc/buy/cgsh_order_add.html HTTP/1.1" 200 59423
116.238.71.173 - - [18/Sep/2020:09:39:01 +0800] "GET /xingrg/javascript/easyui/themes/default/validatebox.css HTTP/1.1" 404 1104
116.238.71.173 - - [18/Sep/2020:09:39:02 +0800] "POST /xingrg/kc/buy/cgsh_order_operate.html HTTP/1.1" 200 8245
116.238.71.173 - - [18/Sep/2020:09:39:02 +0800] "GET /xingrg/javascript/easyui/themes/default/validatebox.css HTTP/1.1" 404 1104
116.238.71.173 - - [18/Sep/2020:09:39:03 +0800] "GET /xingrg/javascript/auto/indicator.gif HTTP/1.1" 404 1066
120.253.135.82 - - [18/Sep/2020:09:39:04 +0800] "GET /xingrg/all/function/internal_message.html?_=1600392891847&CODE_STATE=getMsg HTTP/1.1" 200 27
