172.17.0.115 - - [18/Sep/2020:09:52:20 +0800] "GET /xingrg/all/function/internal_message.html?_=1600393953858&CODE_STATE=getMsg HTTP/1.1" 200 27
114.88.166.242 - - [18/Sep/2020:09:52:20 +0800] "GET /xingrg/all/function/internal_message.html?_=1600393935110&CODE_STATE=getMsg HTTP/1.1" 200 27
218.81.217.115 - - [18/Sep/2020:09:52:20 +0800] "GET /xingrg/all/function/internal_message.html?_=1600393951402&CODE_STATE=getMsg HTTP/1.1" 200 27
120.253.135.82 - - [18/Sep/2020:09:52:22 +0800] "GET /xingrg/kc/pszx/mdps_order_list.html?orderType=0 HTTP/1.1" 200 21100
120.253.135.82 - - [18/Sep/2020:09:52:23 +0800] "POST /xingrg/kc/pszx/mdps_list_operate.html HTTP/1.1" 200 5456
116.238.71.173 - - [18/Sep/2020:09:52:23 +0800] "GET /xingrg/kc/buy/cgsh_order_info.html?code=212020091807564 HTTP/1.1" 200 54342
120.253.135.82 - - [18/Sep/2020:09:52:23 +0800] "POST /xingrg/kc/buy/cgsh_list_operate.html HTTP/1.1" 200 1695
116.238.71.173 - - [18/Sep/2020:09:52:24 +0800] "GET /xingrg/javascript/easyui/themes/default/validatebox.css HTTP/1.1" 404 1104
116.230.74.197 - - [18/Sep/2020:09:52:24 +0800] "GET /xingrg/check_reg.html?_=1600393933539 HTTP/1.1" 200 22
116.238.71.173 - - [18/Sep/2020:09:52:24 +0800] "POST /xingrg/kc/buy/cgsh_order_operate.html HTTP/1.1" 200 611
120.253.135.82 - - [18/Sep/2020:09:52:25 +0800] "GET /xingrg/kc/pszx/mdps_order_add.html HTTP/1.1" 200 29040
120.253.135.82 - - [18/Sep/2020:09:52:25 +0800] "POST /xingrg/kc/pszx/mdps_order_operate.html HTTP/1.1" 200 7126
120.253.135.82 - - [18/Sep/2020:09:52:25 +0800] "GET /xingrg/javascript/easyui/themes/default/validatebox.css HTTP/1.1" 404 1104
116.238.71.173 - - [18/Sep/2020:09:52:25 +0800] "GET /xingrg/kc/print/load_data.html?order_code=212020091807564&kc_code=cgsh&condition= HTTP/1.1" 200 800
116.238.216.197 - - [18/Sep/2020:09:52:26 +0800] "GET /xingrg/all/function/internal_message.html?_=1600394152876&CODE_STATE=getMsg HTTP/1.1" 200 27
120.253.135.82 - - [18/Sep/2020:09:52:31 +0800] "GET /xingrg/javascript/jquery_tools/images/prev.gif HTTP/1.1" 404 1086
120.253.135.82 - - [18/Sep/2020:09:52:31 +0800] "GET /xingrg/javascript/jquery_tools/images/next.gif HTTP/1.1" 404 1086
116.238.71.173 - - [18/Sep/2020:09:52:33 +0800] "GET /xingrg/kc/buy/cgsh_order_list.html HTTP/1.1" 200 44047
222.69.137.125 - - [18/Sep/2020:09:52:34 +0800] "GET /xingrg/all/function/internal_message.html?_=1600393944541&CODE_STATE=getMsg HTTP/1.1" 200 27
120.253.135.82 - - [18/Sep/2020:09:52:34 +0800] "POST /xingrg/all/common/load_combo.html?type=base HTTP/1.1" 200 899
116.238.71.173 - - [18/Sep/2020:09:52:34 +0800] "POST /xingrg/kc/buy/cgsh_list_operate.html HTTP/1.1" 200 1690
114.88.166.242 - - [18/Sep/2020:09:52:36 +0800] "GET /xingrg/check_reg.html?_=1600394020906 HTTP/1.1" 200 22
114.88.166.242 - - [18/Sep/2020:09:52:36 +0800] "GET /xingrg/all/function/internal_message.html?_=1600394020908&CODE_STATE=getMsg HTTP/1.1" 200 27
116.238.71.173 - - [18/Sep/2020:09:52:36 +0800] "GET /xingrg/kc/buy/cgsh_order_add.html HTTP/1.1" 200 59435
116.238.71.173 - - [18/Sep/2020:09:52:37 +0800] "GET /xingrg/javascript/jquery_tools/images/prev.gif HTTP/1.1" 404 1086
116.238.71.173 - - [18/Sep/2020:09:52:37 +0800] "GET /xingrg/javascript/jquery_tools/images/next.gif HTTP/1.1" 404 1086
116.238.71.173 - - [18/Sep/2020:09:52:37 +0800] "POST /xingrg/kc/buy/cgsh_order_operate.html HTTP/1.1" 200 8245
116.238.71.173 - - [18/Sep/2020:09:52:37 +0800] "GET /xingrg/javascript/easyui/themes/default/validatebox.css HTTP/1.1" 404 1104
117.184.7.30 - - [18/Sep/2020:09:52:38 +0800] "GET /xingrg/all/function/internal_message.html?_=1600393948818&CODE_STATE=getMsg HTTP/1.1" 200 27
172.17.200.101 - - [18/Sep/2020:09:52:41 +0800] "GET /xingrg/check_reg.html?_=1600393961945 HTTP/1.1" 200 22
172.17.200.101 - - [18/Sep/2020:09:52:41 +0800] "GET /xingrg/all/function/internal_message.html?_=1600393962042&CODE_STATE=getMsg HTTP/1.1" 200 27
116.238.71.173 - - [18/Sep/2020:09:52:42 +0800] "POST /xingrg/kc/buy/cgsh_list_operate.html HTTP/1.1" 200 3685
120.253.135.82 - - [18/Sep/2020:09:52:44 +0800] "GET /xingrg/kc/pszx/mdps_order_operate.html?command=get_materiel&pszx_code=00101&rest_code=00107&base_code=0010246&code=00101032011 HTTP/1.1" 200 418
172.17.0.120 - - [18/Sep/2020:09:52:45 +0800] "GET /xingrg/all/function/internal_message.html?_=1600393962822&CODE_STATE=getMsg HTTP/1.1" 200 27
172.17.0.100 - - [18/Sep/2020:09:52:52 +0800] "GET /xingrg/all/function/internal_message.html?_=1600393969223&CODE_STATE=getMsg HTTP/1.1" 200 27
116.238.71.173 - - [18/Sep/2020:09:52:52 +0800] "GET /xingrg/kc/buy/cgsh_order_operate.html?command=get_materiel&rest_code=00151&code=00101016105&supplier_code=00100036&order_time=2020-09-18 HTTP/1.1" 200 409
116.230.74.197 - - [18/Sep/2020:09:52:54 +0800] "GET /xingrg/all/function/internal_message.html?_=1600393963948&CODE_STATE=getMsg HTTP/1.1" 200 27
58.40.7.146 - - [18/Sep/2020:09:52:56 +0800] "GET /xingrg/all/function/internal_message.html?_=1600393974502&CODE_STATE=getMsg HTTP/1.1" 200 27
120.253.135.82 - - [18/Sep/2020:09:52:56 +0800] "POST /xingrg/kc/pszx/mdps_order_operate.html HTTP/1.1" 200 37
116.238.216.197 - - [18/Sep/2020:09:52:57 +0800] "GET /xingrg/kc/buy/cgsh_order_operate.html?command=get_materiel&rest_code=00102&code=00101009066&supplier_code=00100096&order_time=2020-09-18 HTTP/1.1" 200 438
120.253.135.82 - - [18/Sep/2020:09:52:57 +0800] "GET /xingrg/kc/pszx/mdps_order_info.html?code=312020091800504 HTTP/1.1" 200 23849
120.253.135.82 - - [18/Sep/2020:09:52:58 +0800] "POST /xingrg/kc/pszx/mdps_order_operate.html HTTP/1.1" 200 2276
120.253.135.82 - - [18/Sep/2020:09:52:58 +0800] "GET /xingrg/javascript/easyui/themes/default/validatebox.css HTTP/1.1" 404 1104
116.238.71.173 - - [18/Sep/2020:09:52:58 +0800] "GET /xingrg/all/function/internal_message.html?_=1600393976401&CODE_STATE=getMsg HTTP/1.1" 200 27
172.17.0.123 - - [18/Sep/2020:09:52:58 +0800] "GET /xingrg/all/function/internal_message.html?_=1600393974259&CODE_STATE=getMsg HTTP/1.1" 200 27
172.17.0.123 - - [18/Sep/2020:09:52:58 +0800] "GET /xingrg/check_reg.html?_=1600393974261 HTTP/1.1" 200 22
58.40.7.146 - - [18/Sep/2020:09:53:01 +0800] "GET /xingrg/all/function/internal_message.html?_=1600393979304&CODE_STATE=getMsg HTTP/1.1" 200 27
116.238.71.173 - - [18/Sep/2020:09:53:01 +0800] "GET /xingrg/kc/buy/cgsh_order_operate.html?command=get_materiel&rest_code=00151&code=00101012044&supplier_code=00100036&order_time=2020-09-18 HTTP/1.1" 200 408
116.238.71.173 - - [18/Sep/2020:09:53:04 +0800] "POST /xingrg/all/user/operate.html HTTP/1.1" 200 36
116.238.71.173 - - [18/Sep/2020:09:53:04 +0800] "GET /xingrg/index.html?sysBaseUrl=http%3A%2F%2F180.169.147.146%3A18081%2Fxingrg%2F&costTime=43×tamp=1600308838014 HTTP/1.1" 200 17179
116.238.71.173 - - [18/Sep/2020:09:53:04 +0800] "GET /xingrg/javascript/jquery_easy_ui/themes/default/easyui.css HTTP/1.1" 304 -
116.238.71.173 - - [18/Sep/2020:09:53:04 +0800] "GET /xingrg/javascript/jquery_easy_ui/themes/icon.css HTTP/1.1" 304 -
116.238.71.173 - - [18/Sep/2020:09:53:04 +0800] "GET /xingrg/css/form.css HTTP/1.1" 304 -
116.238.71.173 - - [18/Sep/2020:09:53:04 +0800] "GET /xingrg/javascript/jquery-1.4.2.min.js HTTP/1.1" 304 -
116.238.71.173 - - [18/Sep/2020:09:53:04 +0800] "GET /xingrg/javascript/jquery_easy_ui/jquery.easyui.min.js HTTP/1.1" 304 -
116.238.71.173 - - [18/Sep/2020:09:53:04 +0800] "GET /xingrg/javascript/jquery_easy_ui/easyui-lang-zh_CN.js HTTP/1.1" 304 -
116.238.71.173 - - [18/Sep/2020:09:53:04 +0800] "GET /xingrg/javascript/jquery.form.js HTTP/1.1" 304 -
116.238.71.173 - - [18/Sep/2020:09:53:04 +0800] "GET /xingrg/javascript/jquery.utils.js HTTP/1.1" 304 -
116.238.71.173 - - [18/Sep/2020:09:53:04 +0800] "GET /xingrg/javascript/jquery.timers.js HTTP/1.1" 304 -
116.238.71.173 - - [18/Sep/2020:09:53:04 +0800] "GET /xingrg/images/blue/jxLogo.png HTTP/1.1" 304 -
116.238.71.173 - - [18/Sep/2020:09:53:04 +0800] "GET /xingrg/images/blue/navBackgound.jpg HTTP/1.1" 304 -
116.238.71.173 - - [18/Sep/2020:09:53:04 +0800] "GET /xingrg/javascript/jquery_easy_ui/themes/icons/settle_new.png HTTP/1.1" 304 -
116.238.71.173 - - [18/Sep/2020:09:53:04 +0800] "POST /xingrg/all/common/load_tree.html?tree=area_rest_tree_json&manage=1 HTTP/1.1" 200 476
116.238.71.173 - - [18/Sep/2020:09:53:04 +0800] "GET /xingrg/all/function/internal_message.html?_=1600393982260&CODE_STATE=count HTTP/1.1" 200 11
116.238.71.173 - - [18/Sep/2020:09:53:04 +0800] "GET /xingrg/check_reg.html?_=1600393982260 HTTP/1.1" 200 22
116.238.71.173 - - [18/Sep/2020:09:53:04 +0800] "GET /xingrg/javascript/jquery_easy_ui/themes/default/images/panel_tool_collapse.gif HTTP/1.1" 304 -
116.238.71.173 - - [18/Sep/2020:09:53:04 +0800] "POST /xingrg/load_menu.html HTTP/1.1" 200 5138
116.238.71.173 - - [18/Sep/2020:09:53:04 +0800] "GET /xingrg/javascript/jquery_easy_ui/themes/default/images/tabs_leftarrow.png HTTP/1.1" 304 -
116.238.71.173 - - [18/Sep/2020:09:53:04 +0800] "GET /xingrg/images/blue/pingpu.png HTTP/1.1" 304 -
116.238.71.173 - - [18/Sep/2020:09:53:04 +0800] "GET /xingrg/javascript/jquery_easy_ui/themes/default/images/tabs_rightarrow.png HTTP/1.1" 304 -
120.253.135.82 - - [18/Sep/2020:09:53:05 +0800] "GET /xingrg/all/function/internal_message.html?_=1600393732537&CODE_STATE=getMsg HTTP/1.1" 200 27
116.238.71.173 - - [18/Sep/2020:09:53:06 +0800] "GET /xingrg/kc/buy/cgsh_order_list.html HTTP/1.1" 200 44049
116.238.71.173 - - [18/Sep/2020:09:53:06 +0800] "GET /xingrg/all/function/internal_message.html?_=1600394105117&CODE_STATE=getMsg HTTP/1.1" 200 27
116.238.216.197 - - [18/Sep/2020:09:53:07 +0800] "GET /xingrg/kc/buy/cgsh_order_operate.html?command=get_materiel&rest_code=00102&code=00101009016&supplier_code=00100096&order_time=2020-09-18 HTTP/1.1" 200 412
116.238.71.173 - - [18/Sep/2020:09:53:08 +0800] "POST /xingrg/kc/buy/cgsh_list_operate.html HTTP/1.1" 200 1691
120.253.135.82 - - [18/Sep/2020:09:53:11 +0800] "POST /xingrg/kc/pszx/mdps_order_operate.html HTTP/1.1" 200 37
116.238.71.173 - - [18/Sep/2020:09:53:12 +0800] "GET /xingrg/javascript/jquery_tools/images/prev.gif HTTP/1.1" 404 1086
116.238.71.173 - - [18/Sep/2020:09:53:12 +0800] "GET /xingrg/javascript/jquery_tools/images/next.gif HTTP/1.1" 404 1086
120.253.135.82 - - [18/Sep/2020:09:53:13 +0800] "GET /xingrg/kc/pszx/mdps_order_info.html?code=312020091800504 HTTP/1.1" 200 23855
120.253.135.82 - - [18/Sep/2020:09:53:14 +0800] "POST /xingrg/kc/pszx/mdps_order_operate.html HTTP/1.1" 200 2276
120.253.135.82 - - [18/Sep/2020:09:53:14 +0800] "GET /xingrg/javascript/easyui/themes/default/validatebox.css HTTP/1.1" 404 1104
116.238.216.197 - - [18/Sep/2020:09:53:15 +0800] "GET /xingrg/kc/buy/cgsh_order_operate.html?command=get_materiel&rest_code=00102&code=00101009013&supplier_code=00100096&order_time=2020-09-18 HTTP/1.1" 200 420
116.238.71.173 - - [18/Sep/2020:09:53:15 +0800] "GET /xingrg/kc/buy/cgsh_order_operate.html?command=get_materiel&rest_code=00151&code=00101012059&supplier_code=00100036&order_time=2020-09-18 HTTP/1.1" 200 412
120.253.135.82 - - [18/Sep/2020:09:53:15 +0800] "GET /xingrg/all/function/internal_message.html?_=1600394105143&CODE_STATE=getMsg HTTP/1.1" 200 27
116.238.71.173 - - [18/Sep/2020:09:53:17 +0800] "POST /xingrg/kc/buy/cgsh_list_operate.html HTTP/1.1" 200 3731
218.81.217.115 - - [18/Sep/2020:09:53:18 +0800] "GET /xingrg/check_reg.html?_=1600394008706 HTTP/1.1" 200 22
172.17.0.115 - - [18/Sep/2020:09:53:20 +0800] "GET /xingrg/all/function/internal_message.html?_=1600394013870&CODE_STATE=getMsg HTTP/1.1" 200 27
218.81.217.115 - - [18/Sep/2020:09:53:20 +0800] "GET /xingrg/all/function/internal_message.html?_=1600394011415&CODE_STATE=getMsg HTTP/1.1" 200 27
114.88.166.242 - - [18/Sep/2020:09:53:20 +0800] "GET /xingrg/all/function/internal_message.html?_=1600393995172&CODE_STATE=getMsg HTTP/1.1" 200 27
116.238.71.173 - - [18/Sep/2020:09:53:22 +0800] "GET /xingrg/kc/buy/cgsh_order_operate.html?command=get_materiel&rest_code=00151&code=00101012005&supplier_code=00100036&order_time=2020-09-18 HTTP/1.1" 200 412
116.238.71.173 - - [18/Sep/2020:09:53:23 +0800] "POST /xingrg/kc/buy/cgsh_list_operate.html HTTP/1.1" 200 273
116.238.216.197 - - [18/Sep/2020:09:53:24 +0800] "GET /xingrg/kc/buy/cgsh_order_operate.html?command=get_materiel&rest_code=00102&code=00101009107&supplier_code=00100096&order_time=2020-09-18 HTTP/1.1" 200 396
120.253.135.82 - - [18/Sep/2020:09:53:26 +0800] "POST /xingrg/kc/pszx/mdps_order_operate.html HTTP/1.1" 200 37
116.238.216.197 - - [18/Sep/2020:09:53:26 +0800] "GET /xingrg/check_reg.html?_=1600394212679 HTTP/1.1" 200 22
116.238.71.173 - - [18/Sep/2020:09:53:26 +0800] "POST /xingrg/kc/buy/cgsh_list_operate.html HTTP/1.1" 200 576
116.238.216.197 - - [18/Sep/2020:09:53:26 +0800] "GET /xingrg/all/function/internal_message.html?_=1600394212889&CODE_STATE=getMsg HTTP/1.1" 200 27
120.253.135.82 - - [18/Sep/2020:09:53:27 +0800] "GET /xingrg/kc/pszx/mdps_order_info.html?code=312020091800504 HTTP/1.1" 200 23855
120.253.135.82 - - [18/Sep/2020:09:53:28 +0800] "POST /xingrg/kc/pszx/mdps_order_operate.html HTTP/1.1" 200 2276
120.253.135.82 - - [18/Sep/2020:09:53:28 +0800] "GET /xingrg/javascript/easyui/themes/default/validatebox.css HTTP/1.1" 404 1104
116.238.71.173 - - [18/Sep/2020:09:53:30 +0800] "GET /xingrg/kc/buy/cgsh_order_info.html?code=212020091807555 HTTP/1.1" 200 54624
116.238.71.173 - - [18/Sep/2020:09:53:30 +0800] "GET /xingrg/javascript/easyui/themes/default/validatebox.css HTTP/1.1" 404 1104
116.238.71.173 - - [18/Sep/2020:09:53:30 +0800] "POST /xingrg/kc/buy/cgsh_order_operate.html HTTP/1.1" 200 1194
116.238.71.173 - - [18/Sep/2020:09:53:31 +0800] "GET /xingrg/kc/buy/cgsh_order_operate.html?command=get_materiel&rest_code=00151&code=00101012025&supplier_code=00100036&order_time=2020-09-18 HTTP/1.1" 200 412
222.69.137.125 - - [18/Sep/2020:09:53:34 +0800] "GET /xingrg/all/function/internal_message.html?_=1600394004528&CODE_STATE=getMsg HTTP/1.1" 200 27
114.88.166.242 - - [18/Sep/2020:09:53:36 +0800] "GET /xingrg/all/function/internal_message.html?_=1600394080910&CODE_STATE=getMsg HTTP/1.1" 200 27
120.253.135.82 - - [18/Sep/2020:09:53:38 +0800] "POST /xingrg/kc/pszx/mdps_order_operate.html HTTP/1.1" 200 37
117.184.7.30 - - [18/Sep/2020:09:53:38 +0800] "GET /xingrg/check_reg.html?_=1600394008818 HTTP/1.1" 200 22
117.184.7.30 - - [18/Sep/2020:09:53:38 +0800] "GET /xingrg/all/function/internal_message.html?_=1600394008829&CODE_STATE=getMsg HTTP/1.1" 200 27
120.253.135.82 - - [18/Sep/2020:09:53:40 +0800] "GET /xingrg/kc/pszx/mdps_order_info.html?code=312020091800504 HTTP/1.1" 200 23855
116.238.71.173 - - [18/Sep/2020:09:53:40 +0800] "POST /xingrg/kc/buy/cgsh_order_operate.html HTTP/1.1" 200 12
120.253.135.82 - - [18/Sep/2020:09:53:41 +0800] "POST /xingrg/kc/pszx/mdps_order_operate.html HTTP/1.1" 200 2276
120.253.135.82 - - [18/Sep/2020:09:53:41 +0800] "GET /xingrg/javascript/easyui/themes/default/validatebox.css HTTP/1.1" 404 1104
172.17.200.101 - - [18/Sep/2020:09:53:41 +0800] "GET /xingrg/all/function/internal_message.html?_=1600394022028&CODE_STATE=getMsg HTTP/1.1" 200 27
116.238.71.173 - - [18/Sep/2020:09:53:42 +0800] "GET /xingrg/kc/buy/cgsh_order_info.html?code=212020091807555 HTTP/1.1" 200 59726
116.238.71.173 - - [18/Sep/2020:09:53:42 +0800] "GET /xingrg/javascript/easyui/themes/default/validatebox.css HTTP/1.1" 404 1104
116.238.71.173 - - [18/Sep/2020:09:53:42 +0800] "POST /xingrg/kc/buy/cgsh_order_operate.html HTTP/1.1" 200 3244
172.17.0.120 - - [18/Sep/2020:09:53:45 +0800] "GET /xingrg/all/function/internal_message.html?_=1600394022827&CODE_STATE=getMsg HTTP/1.1" 200 27
116.238.71.173 - - [18/Sep/2020:09:53:46 +0800] "GET /xingrg/javascript/auto/indicator.gif HTTP/1.1" 404 1066
120.253.135.82 - - [18/Sep/2020:09:53:47 +0800] "POST /xingrg/kc/pszx/mdps_order_operate.html HTTP/1.1" 200 37
120.253.135.82 - - [18/Sep/2020:09:53:47 +0800] "GET /xingrg/kc/pszx/mdps_order_info.html?code=312020091800504 HTTP/1.1" 200 23855
116.238.216.197 - - [18/Sep/2020:09:53:48 +0800] "GET /xingrg/kc/buy/cgsh_order_operate.html?command=get_materiel&rest_code=00102&code=00101009062&supplier_code=00100096&order_time=2020-09-18 HTTP/1.1" 200 435
120.253.135.82 - - [18/Sep/2020:09:53:48 +0800] "POST /xingrg/kc/pszx/mdps_order_operate.html HTTP/1.1" 200 2276
120.253.135.82 - - [18/Sep/2020:09:53:48 +0800] "GET /xingrg/javascript/easyui/themes/default/validatebox.css HTTP/1.1" 404 1104
116.230.74.197 - - [18/Sep/2020:09:53:51 +0800] "POST /xingrg/all/common/load_select.html HTTP/1.1" 200 12
172.17.0.100 - - [18/Sep/2020:09:53:52 +0800] "GET /xingrg/check_reg.html?_=1600394029224 HTTP/1.1" 200 22
172.17.0.100 - - [18/Sep/2020:09:53:52 +0800] "GET /xingrg/all/function/internal_message.html?_=1600394029226&CODE_STATE=getMsg HTTP/1.1" 200 27
116.230.74.197 - - [18/Sep/2020:09:53:54 +0800] "GET /xingrg/all/function/internal_message.html?_=1600394023932&CODE_STATE=getMsg HTTP/1.1" 200 27
116.238.71.173 - - [18/Sep/2020:09:53:54 +0800] "POST /xingrg/kc/buy/cgsh_order_operate.html HTTP/1.1" 200 37
58.40.7.146 - - [18/Sep/2020:09:53:56 +0800] "GET /xingrg/all/function/internal_message.html?_=1600394034504&CODE_STATE=getMsg HTTP/1.1" 200 27
116.238.71.173 - - [18/Sep/2020:09:53:56 +0800] "POST /xingrg/kc/buy/cgsh_order_operate.html HTTP/1.1" 200 12
116.238.71.173 - - [18/Sep/2020:09:53:57 +0800] "GET /xingrg/kc/buy/cgsh_order_info.html?code=212020091807555 HTTP/1.1" 200 54620
116.238.71.173 - - [18/Sep/2020:09:53:58 +0800] "GET /xingrg/javascript/easyui/themes/default/validatebox.css HTTP/1.1" 404 1104
116.238.71.173 - - [18/Sep/2020:09:53:58 +0800] "POST /xingrg/kc/buy/cgsh_order_operate.html HTTP/1.1" 200 37
116.238.71.173 - - [18/Sep/2020:09:53:58 +0800] "POST /xingrg/kc/buy/cgsh_order_operate.html HTTP/1.1" 200 1194
172.17.0.123 - - [18/Sep/2020:09:53:58 +0800] "GET /xingrg/all/function/internal_message.html?_=1600394034261&CODE_STATE=getMsg HTTP/1.1" 200 27
116.230.74.197 - - [18/Sep/2020:09:53:59 +0800] "GET /xingrg/kc/buy/cgsh_order_operate.html?command=get_materiel_price&rest_code=00107&code=00101008141&unit_code=00100001&supplier_code=00100006&order_time=2020-09-18 HTTP/1.1" 200 27
116.238.71.173 - - [18/Sep/2020:09:54:00 +0800] "GET /xingrg/kc/print/load_data.html?order_code=212020091807555&kc_code=cgsh&condition= HTTP/1.1" 200 1026
120.253.135.82 - - [18/Sep/2020:09:54:01 +0800] "POST /xingrg/kc/pszx/mdps_list_operate.html HTTP/1.1" 200 3928
218.81.217.115 - - [18/Sep/2020:09:54:01 +0800] "GET /xingrg/kc/buy/cgsh_order_operate.html?command=get_materiel&rest_code=00146&code=00101008236&supplier_code=00100005&order_time=2020-09-18 HTTP/1.1" 200 436
58.40.7.146 - - [18/Sep/2020:09:54:01 +0800] "GET /xingrg/all/function/internal_message.html?_=1600394039307&CODE_STATE=getMsg HTTP/1.1" 200 27
116.230.74.197 - - [18/Sep/2020:09:54:02 +0800] "POST /xingrg/kc/buy/cgsh_order_operate.html HTTP/1.1" 200 75
116.238.71.173 - - [18/Sep/2020:09:54:03 +0800] "POST /xingrg/kc/buy/cgsh_order_operate.html HTTP/1.1" 200 12
120.253.135.82 - - [18/Sep/2020:09:54:03 +0800] "POST /xingrg/kc/pszx/mdps_list_operate.html HTTP/1.1" 200 205
116.238.71.173 - - [18/Sep/2020:09:54:04 +0800] "GET /xingrg/kc/buy/cgsh_order_info.html?code=212020091807565 HTTP/1.1" 200 54344
116.238.71.173 - - [18/Sep/2020:09:54:04 +0800] "GET /xingrg/all/function/internal_message.html?_=1600394042382&CODE_STATE=getMsg HTTP/1.1" 200 27
116.238.71.173 - - [18/Sep/2020:09:54:05 +0800] "GET /xingrg/javascript/easyui/themes/default/validatebox.css HTTP/1.1" 404 1104
116.238.71.173 - - [18/Sep/2020:09:54:05 +0800] "POST /xingrg/kc/buy/cgsh_order_operate.html HTTP/1.1" 200 2985
120.253.135.82 - - [18/Sep/2020:09:54:05 +0800] "GET /xingrg/all/function/internal_message.html?_=1600393792551&CODE_STATE=getMsg HTTP/1.1" 200 27
120.253.135.82 - - [18/Sep/2020:09:54:06 +0800] "POST /xingrg/kc/pszx/mdps_list_operate.html HTTP/1.1" 200 3928
120.253.135.82 - - [18/Sep/2020:09:54:06 +0800] "GET /xingrg/kc/buy/cgsh_order_list.html HTTP/1.1" 200 44298
116.238.71.173 - - [18/Sep/2020:09:54:06 +0800] "GET /xingrg/all/function/internal_message.html?_=1600394165131&CODE_STATE=getMsg HTTP/1.1" 200 27
120.253.135.82 - - [18/Sep/2020:09:54:07 +0800] "POST /xingrg/kc/buy/cgsh_list_operate.html HTTP/1.1" 200 1695
116.238.71.173 - - [18/Sep/2020:09:54:08 +0800] "GET /xingrg/kc/print/load_data.html?order_code=212020091807565&kc_code=cgsh&condition= HTTP/1.1" 200 1715
120.253.135.82 - - [18/Sep/2020:09:54:09 +0800] "POST /xingrg/kc/buy/cgsh_list_operate.html HTTP/1.1" 200 445
120.253.135.82 - - [18/Sep/2020:09:54:10 +0800] "GET /xingrg/kc/buy/cgsh_order_info.html?code=212020091807562 HTTP/1.1" 200 58771
120.253.135.82 - - [18/Sep/2020:09:54:10 +0800] "GET /xingrg/javascript/easyui/themes/default/validatebox.css HTTP/1.1" 404 1104
120.253.135.82 - - [18/Sep/2020:09:54:10 +0800] "POST /xingrg/kc/buy/cgsh_order_operate.html HTTP/1.1" 200 4488
120.253.135.82 - - [18/Sep/2020:09:54:15 +0800] "GET /xingrg/all/function/internal_message.html?_=1600394165155&CODE_STATE=getMsg HTTP/1.1" 200 27
116.230.74.197 - - [18/Sep/2020:09:54:19 +0800] "POST /xingrg/kc/buy/cgsh_order_operate.html HTTP/1.1" 200 37
172.17.0.115 - - [18/Sep/2020:09:54:20 +0800] "GET /xingrg/all/function/internal_message.html?_=1600394073901&CODE_STATE=getMsg HTTP/1.1" 200 27
218.81.217.115 - - [18/Sep/2020:09:54:20 +0800] "GET /xingrg/kc/buy/cgsh_order_operate.html?command=get_materiel&rest_code=00146&code=00101008168&supplier_code=00100005&order_time=2020-09-18 HTTP/1.1" 200 413
218.81.217.115 - - [18/Sep/2020:09:54:20 +0800] "GET /xingrg/all/function/internal_message.html?_=1600394071429&CODE_STATE=getMsg HTTP/1.1" 200 27
114.88.166.242 - - [18/Sep/2020:09:54:20 +0800] "GET /xingrg/all/function/internal_message.html?_=1600394055183&CODE_STATE=getMsg HTTP/1.1" 200 27
116.230.74.197 - - [18/Sep/2020:09:54:21 +0800] "POST /xingrg/kc/buy/cgsh_order_operate.html HTTP/1.1" 200 42875
116.230.74.197 - - [18/Sep/2020:09:54:22 +0800] "GET /xingrg/kc/print/load_config.html?kc_code=cgsh HTTP/1.1" 200 1845
116.230.74.197 - - [18/Sep/2020:09:54:22 +0800] "GET /xingrg/kc/print/load_data.html?order_code=212020091807550&kc_code=cgsh&condition= HTTP/1.1" 200 15879
116.238.71.173 - - [18/Sep/2020:09:54:23 +0800] "GET /xingrg/javascript/jquery_tools/images/prev.gif HTTP/1.1" 404 1086
116.238.71.173 - - [18/Sep/2020:09:54:23 +0800] "GET /xingrg/javascript/jquery_tools/images/next.gif HTTP/1.1" 404 1086
116.238.216.197 - - [18/Sep/2020:09:54:26 +0800] "GET /xingrg/all/function/internal_message.html?_=1600394272922&CODE_STATE=getMsg HTTP/1.1" 200 27
116.238.71.173 - - [18/Sep/2020:09:54:28 +0800] "POST /xingrg/kc/buy/cgsh_list_operate.html HTTP/1.1" 200 4097
222.69.137.125 - - [18/Sep/2020:09:54:34 +0800] "GET /xingrg/all/function/internal_message.html?_=1600394064527&CODE_STATE=getMsg HTTP/1.1" 200 27
218.81.217.115 - - [18/Sep/2020:09:54:34 +0800] "GET /xingrg/kc/buy/cgsh_order_operate.html?command=get_materiel&rest_code=00146&code=00101008223&supplier_code=00100005&order_time=2020-09-18 HTTP/1.1" 200 412
114.88.166.242 - - [18/Sep/2020:09:54:36 +0800] "GET /xingrg/all/function/internal_message.html?_=1600394140910&CODE_STATE=getMsg HTTP/1.1" 200 27
117.184.7.26 - - [18/Sep/2020:09:54:39 +0800] "GET /xingrg/all/function/internal_message.html?_=1600394068821&CODE_STATE=getMsg HTTP/1.1" 200 27
120.253.135.82 - - [18/Sep/2020:09:54:41 +0800] "GET /xingrg/kc/print/load_config.html?kc_code=cgsh HTTP/1.1" 200 1845
172.17.200.101 - - [18/Sep/2020:09:54:41 +0800] "GET /xingrg/all/function/internal_message.html?_=1600394082007&CODE_STATE=getMsg HTTP/1.1" 200 27
120.253.135.82 - - [18/Sep/2020:09:54:41 +0800] "GET /xingrg/kc/print/load_data.html?order_code=212020091807562&kc_code=cgsh&condition= HTTP/1.1" 200 1416
116.238.216.197 - - [18/Sep/2020:09:54:43 +0800] "POST /xingrg/kc/buy/cgsh_order_operate.html HTTP/1.1" 200 37
116.238.216.197 - - [18/Sep/2020:09:54:45 +0800] "POST /xingrg/kc/buy/cgsh_order_operate.html HTTP/1.1" 200 12
172.17.0.120 - - [18/Sep/2020:09:54:45 +0800] "GET /xingrg/all/function/internal_message.html?_=1600394082832&CODE_STATE=getMsg HTTP/1.1" 200 27
218.81.217.115 - - [18/Sep/2020:09:54:49 +0800] "GET /xingrg/kc/buy/cgsh_order_operate.html?command=get_materiel&rest_code=00146&code=00101008061&supplier_code=00100005&order_time=2020-09-18 HTTP/1.1" 200 422
172.17.0.100 - - [18/Sep/2020:09:54:52 +0800] "GET /xingrg/all/function/internal_message.html?_=1600394089225&CODE_STATE=getMsg HTTP/1.1" 200 27
218.81.217.115 - - [18/Sep/2020:09:54:53 +0800] "POST /xingrg/kc/buy/cgsh_order_operate.html HTTP/1.1" 200 2065
116.230.74.197 - - [18/Sep/2020:09:54:54 +0800] "GET /xingrg/all/function/internal_message.html?_=1600394083914&CODE_STATE=getMsg HTTP/1.1" 200 27
116.238.216.197 - - [18/Sep/2020:09:54:54 +0800] "GET /xingrg/kc/buy/cgsh_order_info.html?code=212020091807566 HTTP/1.1" 200 54584
116.238.216.197 - - [18/Sep/2020:09:54:55 +0800] "GET /xingrg/javascript/easyui/themes/default/validatebox.css HTTP/1.1" 404 1104
116.238.216.197 - - [18/Sep/2020:09:54:56 +0800] "POST /xingrg/kc/buy/cgsh_order_operate.html HTTP/1.1" 200 6550
58.40.7.146 - - [18/Sep/2020:09:54:56 +0800] "GET /xingrg/all/function/internal_message.html?_=1600394094507&CODE_STATE=getMsg HTTP/1.1" 200 27
116.238.216.197 - - [18/Sep/2020:09:54:57 +0800] "GET /xingrg/kc/print/load_config.html?kc_code=cgsh HTTP/1.1" 200 1845
116.238.216.197 - - [18/Sep/2020:09:54:57 +0800] "GET /xingrg/kc/print/load_data.html?order_code=212020091807566&kc_code=cgsh&condition= HTTP/1.1" 200 2924
172.17.0.123 - - [18/Sep/2020:09:54:58 +0800] "GET /xingrg/all/function/internal_message.html?_=1600394094263&CODE_STATE=getMsg HTTP/1.1" 200 27
218.81.217.115 - - [18/Sep/2020:09:54:59 +0800] "GET /xingrg/kc/buy/cgsh_order_operate.html?command=get_materiel&rest_code=00146&code=00101008323&supplier_code=00100005&order_time=2020-09-18 HTTP/1.1" 200 410
172.17.0.115 - - [18/Sep/2020:09:55:01 +0800] "GET /xingrg/check_reg.html?_=1600394114307 HTTP/1.1" 200 22
58.40.7.146 - - [18/Sep/2020:09:55:01 +0800] "GET /xingrg/all/function/internal_message.html?_=1600394099294&CODE_STATE=getMsg HTTP/1.1" 200 27
116.238.216.197 - - [18/Sep/2020:09:55:04 +0800] "GET /xingrg/kc/buy/cgsh_order_add.html HTTP/1.1" 200 59693
116.238.71.173 - - [18/Sep/2020:09:55:04 +0800] "GET /xingrg/all/function/internal_message.html?_=1600394102411&CODE_STATE=getMsg HTTP/1.1" 200 27
116.238.216.197 - - [18/Sep/2020:09:55:05 +0800] "POST /xingrg/kc/buy/cgsh_order_operate.html HTTP/1.1" 200 8245
120.253.135.82 - - [18/Sep/2020:09:55:05 +0800] "GET /xingrg/all/function/internal_message.html?_=1600393852780&CODE_STATE=getMsg HTTP/1.1" 200 27
116.238.216.197 - - [18/Sep/2020:09:55:06 +0800] "GET /xingrg/javascript/easyui/themes/default/validatebox.css HTTP/1.1" 404 1104
116.238.71.173 - - [18/Sep/2020:09:55:06 +0800] "GET /xingrg/all/function/internal_message.html?_=1600394225186&CODE_STATE=getMsg HTTP/1.1" 200 27
218.81.217.115 - - [18/Sep/2020:09:55:13 +0800] "GET /xingrg/kc/buy/cgsh_order_operate.html?command=get_materiel&rest_code=00146&code=00101008149&supplier_code=00100005&order_time=2020-09-18 HTTP/1.1" 200 408
120.253.135.82 - - [18/Sep/2020:09:55:16 +0800] "GET /xingrg/all/function/internal_message.html?_=1600394225410&CODE_STATE=getMsg HTTP/1.1" 200 27
172.17.0.115 - - [18/Sep/2020:09:55:20 +0800] "GET /xingrg/all/function/internal_message.html?_=1600394133913&CODE_STATE=getMsg HTTP/1.1" 200 27
114.88.166.242 - - [18/Sep/2020:09:55:20 +0800] "GET /xingrg/all/function/internal_message.html?_=1600394115245&CODE_STATE=getMsg HTTP/1.1" 200 27
218.81.217.115 - - [18/Sep/2020:09:55:21 +0800] "GET /xingrg/all/function/internal_message.html?_=1600394131911&CODE_STATE=getMsg HTTP/1.1" 200 27
116.238.216.197 - - [18/Sep/2020:09:55:26 +0800] "GET /xingrg/all/function/internal_message.html?_=1600394332932&CODE_STATE=getMsg HTTP/1.1" 200 27
218.81.217.115 - - [18/Sep/2020:09:55:27 +0800] "GET /xingrg/kc/buy/cgsh_order_operate.html?command=get_materiel&rest_code=00146&code=00101008010&supplier_code=00100005&order_time=2020-09-18 HTTP/1.1" 200 412
116.238.71.173 - - [18/Sep/2020:09:55:33 +0800] "POST /xingrg/kc/buy/cgsh_list_operate.html HTTP/1.1" 200 198
222.69.137.125 - - [18/Sep/2020:09:55:34 +0800] "GET /xingrg/all/function/internal_message.html?_=1600394124528&CODE_STATE=getMsg HTTP/1.1" 200 27
116.238.71.173 - - [18/Sep/2020:09:55:34 +0800] "GET /xingrg/kc/buy/cgsh_order_info.html?code=212020091807564 HTTP/1.1" 200 54342
116.238.71.173 - - [18/Sep/2020:09:55:35 +0800] "GET /xingrg/javascript/easyui/themes/default/validatebox.css HTTP/1.1" 404 1104
116.238.71.173 - - [18/Sep/2020:09:55:35 +0800] "POST /xingrg/kc/buy/cgsh_order_operate.html HTTP/1.1" 200 611
114.88.166.242 - - [18/Sep/2020:09:55:36 +0800] "GET /xingrg/all/function/internal_message.html?_=1600394200910&CODE_STATE=getMsg HTTP/1.1" 200 27
117.184.7.26 - - [18/Sep/2020:09:55:38 +0800] "GET /xingrg/all/function/internal_message.html?_=1600394128835&CODE_STATE=getMsg HTTP/1.1" 200 27
218.81.217.115 - - [18/Sep/2020:09:55:39 +0800] "GET /xingrg/kc/buy/cgsh_order_operate.html?command=get_materiel&rest_code=00146&code=00101015038&supplier_code=00100005&order_time=2020-09-18 HTTP/1.1" 200 418
172.17.200.101 - - [18/Sep/2020:09:55:41 +0800] "GET /xingrg/all/function/internal_message.html?_=1600394141980&CODE_STATE=getMsg HTTP/1.1" 200 27
172.17.0.120 - - [18/Sep/2020:09:55:45 +0800] "GET /xingrg/check_reg.html?_=1600394142827 HTTP/1.1" 200 22
172.17.0.120 - - [18/Sep/2020:09:55:45 +0800] "GET /xingrg/all/function/internal_message.html?_=1600394142838&CODE_STATE=getMsg HTTP/1.1" 200 27
116.238.216.197 - - [18/Sep/2020:09:55:46 +0800] "GET /xingrg/javascript/easyui/themes/default/tree.css HTTP/1.1" 404 1090
116.238.216.197 - - [18/Sep/2020:09:55:46 +0800] "POST /xingrg/all/common/load_tree.html?tree=supplier_tree_json&isDelete=1 HTTP/1.1" 200 50303
172.17.0.100 - - [18/Sep/2020:09:55:52 +0800] "GET /xingrg/all/function/internal_message.html?_=1600394149210&CODE_STATE=getMsg HTTP/1.1" 200 27
218.81.217.115 - - [18/Sep/2020:09:55:53 +0800] "GET /xingrg/kc/buy/cgsh_order_operate.html?command=get_materiel&rest_code=00146&code=00101015066&supplier_code=00100005&order_time=2020-09-18 HTTP/1.1" 200 413
120.253.135.82 - - [18/Sep/2020:09:55:53 +0800] "POST /xingrg/kc/buy/cgsh_order_operate.html HTTP/1.1" 200 37
116.230.74.197 - - [18/Sep/2020:09:55:54 +0800] "GET /xingrg/all/function/internal_message.html?_=1600394143900&CODE_STATE=getMsg HTTP/1.1" 200 27
120.253.135.82 - - [18/Sep/2020:09:55:56 +0800] "POST /xingrg/kc/buy/cgsh_order_operate.html HTTP/1.1" 200 12
58.40.7.146 - - [18/Sep/2020:09:55:56 +0800] "GET /xingrg/all/function/internal_message.html?_=1600394154509&CODE_STATE=getMsg HTTP/1.1" 200 27
58.40.7.146 - - [18/Sep/2020:09:55:56 +0800] "GET /xingrg/check_reg.html?_=1600394154511 HTTP/1.1" 200 22
120.253.135.82 - - [18/Sep/2020:09:55:57 +0800] "GET /xingrg/check_reg.html?_=1600394266182 HTTP/1.1" 200 22
218.81.217.115 - - [18/Sep/2020:09:55:57 +0800] "POST /xingrg/kc/buy/cgsh_order_operate.html HTTP/1.1" 200 2065
172.17.0.123 - - [18/Sep/2020:09:55:58 +0800] "GET /xingrg/all/function/internal_message.html?_=1600394154265&CODE_STATE=getMsg HTTP/1.1" 200 27
120.253.135.82 - - [18/Sep/2020:09:55:59 +0800] "GET /xingrg/kc/buy/cgsh_order_info.html?code=212020091807562 HTTP/1.1" 200 53922
116.238.216.197 - - [18/Sep/2020:09:55:59 +0800] "GET /xingrg/kc/buy/cgsh_order_operate.html?command=get_materiel&rest_code=00102&code=00101007031&supplier_code=00100002&order_time=2020-09-18 HTTP/1.1" 200 413
120.253.135.82 - - [18/Sep/2020:09:56:00 +0800] "GET /xingrg/javascript/easyui/themes/default/validatebox.css HTTP/1.1" 404 1104
120.253.135.82 - - [18/Sep/2020:09:56:00 +0800] "POST /xingrg/kc/buy/cgsh_order_operate.html HTTP/1.1" 200 2438
58.40.7.146 - - [18/Sep/2020:09:56:01 +0800] "GET /xingrg/all/function/internal_message.html?_=1600394159298&CODE_STATE=getMsg HTTP/1.1" 200 27
116.238.71.173 - - [18/Sep/2020:09:56:04 +0800] "GET /xingrg/all/function/internal_message.html?_=1600394162437&CODE_STATE=getMsg HTTP/1.1" 200 27
120.253.135.82 - - [18/Sep/2020:09:56:05 +0800] "GET /xingrg/all/function/internal_message.html?_=1600393912797&CODE_STATE=getMsg HTTP/1.1" 200 27
218.81.217.115 - - [18/Sep/2020:09:56:06 +0800] "GET /xingrg/kc/buy/cgsh_order_operate.html?command=get_materiel&rest_code=00146&code=00101015006&supplier_code=00100005&order_time=2020-09-18 HTTP/1.1" 200 413
116.238.71.173 - - [18/Sep/2020:09:56:07 +0800] "GET /xingrg/all/function/internal_message.html?_=1600394285245&CODE_STATE=getMsg HTTP/1.1" 200 27
116.238.216.197 - - [18/Sep/2020:09:56:10 +0800] "GET /xingrg/kc/buy/cgsh_order_operate.html?command=get_materiel&rest_code=00102&code=00101006166&supplier_code=00100002&order_time=2020-09-18 HTTP/1.1" 200 423
114.88.166.242 - - [18/Sep/2020:09:56:11 +0800] "GET /xingrg/check_reg.html?_=1600394165444 HTTP/1.1" 200 22
120.253.135.82 - - [18/Sep/2020:09:56:16 +0800] "GET /xingrg/all/function/internal_message.html?_=1600394285417&CODE_STATE=getMsg HTTP/1.1" 200 27
218.81.217.115 - - [18/Sep/2020:09:56:19 +0800] "GET /xingrg/kc/buy/cgsh_order_operate.html?command=get_materiel&rest_code=00146&code=00101008351&supplier_code=00100005&order_time=2020-09-18 HTTP/1.1" 200 408
172.17.0.115 - - [18/Sep/2020:09:56:20 +0800] "GET /xingrg/all/function/internal_message.html?_=1600394193928&CODE_STATE=getMsg HTTP/1.1" 200 27
114.88.166.242 - - [18/Sep/2020:09:56:20 +0800] "GET /xingrg/all/function/internal_message.html?_=1600394175257&CODE_STATE=getMsg HTTP/1.1" 200 27
218.81.217.115 - - [18/Sep/2020:09:56:21 +0800] "GET /xingrg/all/function/internal_message.html?_=1600394191924&CODE_STATE=getMsg HTTP/1.1" 200 27
116.238.216.197 - - [18/Sep/2020:09:56:26 +0800] "GET /xingrg/all/function/internal_message.html?_=1600394392946&CODE_STATE=getMsg HTTP/1.1" 200 27
116.238.216.197 - - [18/Sep/2020:09:56:30 +0800] "GET /xingrg/kc/buy/cgsh_order_operate.html?command=get_materiel&rest_code=00102&code=00101006152&supplier_code=00100002&order_time=2020-09-18 HTTP/1.1" 200 409
222.69.137.125 - - [18/Sep/2020:09:56:34 +0800] "GET /xingrg/all/function/internal_message.html?_=1600394184530&CODE_STATE=getMsg HTTP/1.1" 200 27
222.69.137.125 - - [18/Sep/2020:09:56:34 +0800] "GET /xingrg/check_reg.html?_=1600394184543 HTTP/1.1" 200 22
114.88.166.242 - - [18/Sep/2020:09:56:36 +0800] "GET /xingrg/all/function/internal_message.html?_=1600394260910&CODE_STATE=getMsg HTTP/1.1" 200 27
117.184.7.26 - - [18/Sep/2020:09:56:38 +0800] "GET /xingrg/all/function/internal_message.html?_=1600394188833&CODE_STATE=getMsg HTTP/1.1" 200 27
172.17.200.101 - - [18/Sep/2020:09:56:41 +0800] "GET /xingrg/all/function/internal_message.html?_=1600394201952&CODE_STATE=getMsg HTTP/1.1" 200 27
172.17.0.120 - - [18/Sep/2020:09:56:45 +0800] "GET /xingrg/all/function/internal_message.html?_=1600394202825&CODE_STATE=getMsg HTTP/1.1" 200 27
116.238.216.197 - - [18/Sep/2020:09:56:45 +0800] "GET /xingrg/kc/buy/cgsh_order_operate.html?command=get_materiel&rest_code=00102&code=00101007061&supplier_code=00100002&order_time=2020-09-18 HTTP/1.1" 200 409
218.81.217.115 - - [18/Sep/2020:09:56:47 +0800] "POST /xingrg/kc/buy/cgsh_order_operate.html HTTP/1.1" 200 37
218.81.217.115 - - [18/Sep/2020:09:56:48 +0800] "POST /xingrg/kc/buy/cgsh_order_operate.html HTTP/1.1" 200 44080
172.17.0.100 - - [18/Sep/2020:09:56:52 +0800] "GET /xingrg/all/function/internal_message.html?_=1600394209211&CODE_STATE=getMsg HTTP/1.1" 200 27
218.81.217.115 - - [18/Sep/2020:09:56:52 +0800] "GET /xingrg/kc/print/load_config.html?kc_code=cgsh HTTP/1.1" 200 1845
218.81.217.115 - - [18/Sep/2020:09:56:52 +0800] "GET /xingrg/kc/print/load_data.html?order_code=212020091807554&kc_code=cgsh&condition= HTTP/1.1" 200 16384
218.81.217.115 - - [18/Sep/2020:09:56:54 +0800] "GET /xingrg/javascript/jquery_easy_ui/themes/default/images/tabs_active.png HTTP/1.1" 304 -
116.230.74.197 - - [18/Sep/2020:09:56:54 +0800] "GET /xingrg/all/function/internal_message.html?_=1600394203878&CODE_STATE=getMsg HTTP/1.1" 200 27
58.40.7.146 - - [18/Sep/2020:09:56:56 +0800] "GET /xingrg/all/function/internal_message.html?_=1600394214511&CODE_STATE=getMsg HTTP/1.1" 200 27
116.238.216.197 - - [18/Sep/2020:09:56:57 +0800] "GET /xingrg/kc/buy/cgsh_order_operate.html?command=get_materiel&rest_code=00102&code=00101007034&supplier_code=00100002&order_time=2020-09-18 HTTP/1.1" 200 408
172.17.0.123 - - [18/Sep/2020:09:56:58 +0800] "GET /xingrg/all/function/internal_message.html?_=1600394214251&CODE_STATE=getMsg HTTP/1.1" 200 27
58.40.7.146 - - [18/Sep/2020:09:57:01 +0800] "GET /xingrg/all/function/internal_message.html?_=1600394219301&CODE_STATE=getMsg HTTP/1.1" 200 27
58.40.7.146 - - [18/Sep/2020:09:57:01 +0800] "GET /xingrg/check_reg.html?_=1600394219302 HTTP/1.1" 200 22
116.238.71.173 - - [18/Sep/2020:09:57:04 +0800] "GET /xingrg/all/function/internal_message.html?_=1600394222466&CODE_STATE=getMsg HTTP/1.1" 200 27
120.253.135.82 - - [18/Sep/2020:09:57:05 +0800] "GET /xingrg/check_reg.html?_=1600393972099 HTTP/1.1" 200 22
120.253.135.82 - - [18/Sep/2020:09:57:05 +0800] "GET /xingrg/all/function/internal_message.html?_=1600393972809&CODE_STATE=getMsg HTTP/1.1" 200 27
116.238.71.173 - - [18/Sep/2020:09:57:06 +0800] "GET /xingrg/check_reg.html?_=1600394345000 HTTP/1.1" 200 22
116.238.71.173 - - [18/Sep/2020:09:57:07 +0800] "GET /xingrg/all/function/internal_message.html?_=1600394345250&CODE_STATE=getMsg HTTP/1.1" 200 27
172.17.0.117 - - [18/Sep/2020:09:57:12 +0800] "GET /xingrg/check_reg.html?_=1600394237440 HTTP/1.1" 302 -
120.253.135.82 - - [18/Sep/2020:09:57:14 +0800] "GET /xingrg/kc/buy/cgsh_order_info.html?code=212020091807562 HTTP/1.1" 200 53922
120.253.135.82 - - [18/Sep/2020:09:57:14 +0800] "GET /xingrg/javascript/easyui/themes/default/validatebox.css HTTP/1.1" 404 1104
120.253.135.82 - - [18/Sep/2020:09:57:15 +0800] "POST /xingrg/kc/buy/cgsh_order_operate.html HTTP/1.1" 200 2438
120.253.135.82 - - [18/Sep/2020:09:57:16 +0800] "GET /xingrg/all/function/internal_message.html?_=1600394345430&CODE_STATE=getMsg HTTP/1.1" 200 27
120.253.135.82 - - [18/Sep/2020:09:57:18 +0800] "POST /xingrg/kc/buy/cgsh_list_operate.html HTTP/1.1" 200 876
222.69.137.125 - - [18/Sep/2020:09:57:19 +0800] "GET /xingrg/kc/buy/cgsh_order_list.html HTTP/1.1" 200 44049
222.69.137.125 - - [18/Sep/2020:09:57:20 +0800] "POST /xingrg/kc/buy/cgsh_list_operate.html HTTP/1.1" 200 876
172.17.0.115 - - [18/Sep/2020:09:57:20 +0800] "GET /xingrg/all/function/internal_message.html?_=1600394253958&CODE_STATE=getMsg HTTP/1.1" 200 27
114.88.166.242 - - [18/Sep/2020:09:57:20 +0800] "GET /xingrg/all/function/internal_message.html?_=1600394235270&CODE_STATE=getMsg HTTP/1.1" 200 27
120.253.135.82 - - [18/Sep/2020:09:57:21 +0800] "GET /xingrg/kc/info/info_main.html HTTP/1.1" 200 6010
120.253.135.82 - - [18/Sep/2020:09:57:21 +0800] "POST /xingrg/kc/buy/cgsh_list_operate.html HTTP/1.1" 200 876
218.81.217.115 - - [18/Sep/2020:09:57:21 +0800] "GET /xingrg/all/function/internal_message.html?_=1600394252409&CODE_STATE=getMsg HTTP/1.1" 200 27
222.69.137.125 - - [18/Sep/2020:09:57:22 +0800] "GET /xingrg/kc/buy/cgsh_order_add.html HTTP/1.1" 200 59834
222.69.137.125 - - [18/Sep/2020:09:57:22 +0800] "GET /xingrg/words/20200918074315_words.js HTTP/1.1" 304 -
222.69.137.125 - - [18/Sep/2020:09:57:22 +0800] "POST /xingrg/kc/buy/cgsh_order_operate.html HTTP/1.1" 200 8245
222.69.137.125 - - [18/Sep/2020:09:57:22 +0800] "GET /xingrg/all/common/auto_word.html?type=employee&rest_code=00149 HTTP/1.1" 200 197
222.69.137.125 - - [18/Sep/2020:09:57:22 +0800] "GET /xingrg/javascript/easyui/themes/default/validatebox.css HTTP/1.1" 404 1104
222.69.137.125 - - [18/Sep/2020:09:57:22 +0800] "GET /xingrg/all/common/auto_word.html?type=employee&rest_code=00149 HTTP/1.1" 200 197
116.230.74.197 - - [18/Sep/2020:09:57:24 +0800] "GET /xingrg/check_reg.html?_=1600394233523 HTTP/1.1" 200 22
120.253.135.82 - - [18/Sep/2020:09:57:25 +0800] "GET /xingrg/kc/pszx/mdps_order_list.html?orderType=0 HTTP/1.1" 200 21100
120.253.135.82 - - [18/Sep/2020:09:57:25 +0800] "POST /xingrg/kc/pszx/mdps_list_operate.html HTTP/1.1" 200 5456
116.238.216.197 - - [18/Sep/2020:09:57:27 +0800] "GET /xingrg/all/function/internal_message.html?_=1600394453110&CODE_STATE=getMsg HTTP/1.1" 200 27
222.69.137.125 - - [18/Sep/2020:09:57:34 +0800] "GET /xingrg/all/function/internal_message.html?_=1600394244540&CODE_STATE=getMsg HTTP/1.1" 200 27
114.88.166.242 - - [18/Sep/2020:09:57:36 +0800] "GET /xingrg/check_reg.html?_=1600394320911 HTTP/1.1" 200 22
114.88.166.242 - - [18/Sep/2020:09:57:36 +0800] "GET /xingrg/all/function/internal_message.html?_=1600394320914&CODE_STATE=getMsg HTTP/1.1" 200 27
117.184.7.26 - - [18/Sep/2020:09:57:38 +0800] "GET /xingrg/all/function/internal_message.html?_=1600394248833&CODE_STATE=getMsg HTTP/1.1" 200 27
172.17.200.101 - - [18/Sep/2020:09:57:41 +0800] "GET /xingrg/all/function/internal_message.html?_=1600394261965&CODE_STATE=getMsg HTTP/1.1" 200 27
172.17.200.101 - - [18/Sep/2020:09:57:41 +0800] "GET /xingrg/check_reg.html?_=1600394261968 HTTP/1.1" 200 22
172.17.0.120 - - [18/Sep/2020:09:57:45 +0800] "GET /xingrg/all/function/internal_message.html?_=1600394262829&CODE_STATE=getMsg HTTP/1.1" 200 27
172.17.0.100 - - [18/Sep/2020:09:57:52 +0800] "GET /xingrg/all/function/internal_message.html?_=1600394269215&CODE_STATE=getMsg HTTP/1.1" 200 27
116.230.74.197 - - [18/Sep/2020:09:57:54 +0800] "GET /xingrg/all/function/internal_message.html?_=1600394263852&CODE_STATE=getMsg HTTP/1.1" 200 27
58.40.7.146 - - [18/Sep/2020:09:57:56 +0800] "GET /xingrg/all/function/internal_message.html?_=1600394274516&CODE_STATE=getMsg HTTP/1.1" 200 27
172.17.0.123 - - [18/Sep/2020:09:57:58 +0800] "GET /xingrg/all/function/internal_message.html?_=1600394274251&CODE_STATE=getMsg HTTP/1.1" 200 27
172.17.0.123 - - [18/Sep/2020:09:57:58 +0800] "GET /xingrg/check_reg.html?_=1600394274253 HTTP/1.1" 200 22
58.40.7.146 - - [18/Sep/2020:09:58:01 +0800] "GET /xingrg/all/function/internal_message.html?_=1600394279304&CODE_STATE=getMsg HTTP/1.1" 200 27
222.69.137.125 - - [18/Sep/2020:09:58:03 +0800] "GET /xingrg/javascript/auto/indicator.gif HTTP/1.1" 404 1066
222.69.137.125 - - [18/Sep/2020:09:58:03 +0800] "GET /xingrg/javascript/jquery_tools/images/prev.gif HTTP/1.1" 404 1086
222.69.137.125 - - [18/Sep/2020:09:58:03 +0800] "GET /xingrg/javascript/jquery_tools/images/next.gif HTTP/1.1" 404 1086
116.238.71.173 - - [18/Sep/2020:09:58:04 +0800] "GET /xingrg/all/function/internal_message.html?_=1600394282519&CODE_STATE=getMsg HTTP/1.1" 200 27
116.238.71.173 - - [18/Sep/2020:09:58:04 +0800] "GET /xingrg/check_reg.html?_=1600394282516 HTTP/1.1" 200 22
120.253.135.82 - - [18/Sep/2020:09:58:06 +0800] "GET /xingrg/all/function/internal_message.html?_=1600394033047&CODE_STATE=getMsg HTTP/1.1" 200 27
116.238.71.173 - - [18/Sep/2020:09:58:07 +0800] "GET /xingrg/all/function/internal_message.html?_=1600394405263&CODE_STATE=getMsg HTTP/1.1" 200 27
222.69.137.125 - - [18/Sep/2020:09:58:11 +0800] "GET /xingrg/kc/buy/cgsh_order_operate.html?command=get_materiel&rest_code=00149&code=00101009109&supplier_code=00100201&order_time=2020-09-18 HTTP/1.1" 200 399
120.253.135.82 - - [18/Sep/2020:09:58:16 +0800] "GET /xingrg/all/function/internal_message.html?_=1600394405702&CODE_STATE=getMsg HTTP/1.1" 200 27
218.81.217.115 - - [18/Sep/2020:09:58:18 +0800] "GET /xingrg/check_reg.html?_=1600394308711 HTTP/1.1" 200 22
58.221.95.50 - - [18/Sep/2020:09:58:20 +0800] "GET /xingrg/index.html?sysBaseUrl=http%3A%2F%2F180.169.147.146%3A18081%2Fxingrg%2F&costTime=42×tamp=1600340202153 HTTP/1.1" 302 -
58.221.95.50 - - [18/Sep/2020:09:58:20 +0800] "GET /xingrg/login.html HTTP/1.1" 200 7641
172.17.0.115 - - [18/Sep/2020:09:58:20 +0800] "GET /xingrg/all/function/internal_message.html?_=1600394313970&CODE_STATE=getMsg HTTP/1.1" 200 27
114.88.166.242 - - [18/Sep/2020:09:58:20 +0800] "GET /xingrg/all/function/internal_message.html?_=1600394295336&CODE_STATE=getMsg HTTP/1.1" 200 27
218.81.217.115 - - [18/Sep/2020:09:58:21 +0800] "GET /xingrg/all/function/internal_message.html?_=1600394312420&CODE_STATE=getMsg HTTP/1.1" 200 27
58.221.95.50 - - [18/Sep/2020:09:58:24 +0800] "GET /favicon.ico HTTP/1.1" 404 -
116.238.216.197 - - [18/Sep/2020:09:58:26 +0800] "GET /xingrg/check_reg.html?_=1600394512686 HTTP/1.1" 200 22
116.238.216.197 - - [18/Sep/2020:09:58:27 +0800] "GET /xingrg/all/function/internal_message.html?_=1600394513113&CODE_STATE=getMsg HTTP/1.1" 200 27
222.69.137.125 - - [18/Sep/2020:09:58:34 +0800] "GET /xingrg/all/function/internal_message.html?_=1600394304550&CODE_STATE=getMsg HTTP/1.1" 200 27
222.69.137.125 - - [18/Sep/2020:09:58:35 +0800] "GET /xingrg/kc/buy/cgsh_order_operate.html?command=get_materiel&rest_code=00149&code=00101009062&supplier_code=00100201&order_time=2020-09-18 HTTP/1.1" 200 433
114.88.166.242 - - [18/Sep/2020:09:58:36 +0800] "GET /xingrg/all/function/internal_message.html?_=1600394380913&CODE_STATE=getMsg HTTP/1.1" 200 27
117.184.7.26 - - [18/Sep/2020:09:58:38 +0800] "GET /xingrg/all/function/internal_message.html?_=1600394308845&CODE_STATE=getMsg HTTP/1.1" 200 27
117.184.7.30 - - [18/Sep/2020:09:58:38 +0800] "GET /xingrg/check_reg.html?_=1600394308847 HTTP/1.1" 200 22
172.17.200.101 - - [18/Sep/2020:09:58:41 +0800] "GET /xingrg/all/function/internal_message.html?_=1600394321970&CODE_STATE=getMsg HTTP/1.1" 200 27
222.69.137.125 - - [18/Sep/2020:09:58:44 +0800] "GET /xingrg/kc/buy/cgsh_order_operate.html?command=get_materiel&rest_code=00149&code=00101009011&supplier_code=00100201&order_time=2020-09-18 HTTP/1.1" 200 416
172.17.0.120 - - [18/Sep/2020:09:58:45 +0800] "GET /xingrg/all/function/internal_message.html?_=1600394322818&CODE_STATE=getMsg HTTP/1.1" 200 27
222.69.137.125 - - [18/Sep/2020:09:58:51 +0800] "GET /xingrg/kc/buy/cgsh_order_operate.html?command=get_materiel&rest_code=00149&code=00101009019&supplier_code=00100201&order_time=2020-09-18 HTTP/1.1" 200 433
172.17.0.100 - - [18/Sep/2020:09:58:52 +0800] "GET /xingrg/all/function/internal_message.html?_=1600394329216&CODE_STATE=getMsg HTTP/1.1" 200 27
172.17.0.100 - - [18/Sep/2020:09:58:52 +0800] "GET /xingrg/check_reg.html?_=1600394329218 HTTP/1.1" 200 22
116.230.74.197 - - [18/Sep/2020:09:58:54 +0800] "GET /xingrg/all/function/internal_message.html?_=1600394323836&CODE_STATE=getMsg HTTP/1.1" 200 27
58.40.7.146 - - [18/Sep/2020:09:58:56 +0800] "GET /xingrg/all/function/internal_message.html?_=1600394334500&CODE_STATE=getMsg HTTP/1.1" 200 27
172.17.0.123 - - [18/Sep/2020:09:58:58 +0800] "GET /xingrg/all/function/internal_message.html?_=1600394334257&CODE_STATE=getMsg HTTP/1.1" 200 27
58.40.7.146 - - [18/Sep/2020:09:59:01 +0800] "GET /xingrg/all/function/internal_message.html?_=1600394339307&CODE_STATE=getMsg HTTP/1.1" 200 27
116.238.71.173 - - [18/Sep/2020:09:59:04 +0800] "GET /xingrg/all/function/internal_message.html?_=1600394342560&CODE_STATE=getMsg HTTP/1.1" 200 27
120.253.135.82 - - [18/Sep/2020:09:59:05 +0800] "GET /xingrg/kc/buy/cgsh_order_list.html HTTP/1.1" 200 44298
120.253.135.82 - - [18/Sep/2020:09:59:06 +0800] "POST /xingrg/kc/buy/cgsh_list_operate.html HTTP/1.1" 200 876
120.253.135.82 - - [18/Sep/2020:09:59:06 +0800] "GET /xingrg/all/function/internal_message.html?_=1600394093055&CODE_STATE=getMsg HTTP/1.1" 200 27
116.238.71.173 - - [18/Sep/2020:09:59:07 +0800] "GET /xingrg/all/function/internal_message.html?_=1600394465319&CODE_STATE=getMsg HTTP/1.1" 200 27
120.253.135.82 - - [18/Sep/2020:09:59:15 +0800] "POST /xingrg/kc/buy/cgsh_list_operate.html HTTP/1.1" 200 876
120.253.135.82 - - [18/Sep/2020:09:59:16 +0800] "GET /xingrg/all/function/internal_message.html?_=1600394465707&CODE_STATE=getMsg HTTP/1.1" 200 27
120.253.135.82 - - [18/Sep/2020:09:59:19 +0800] "GET /xingrg/kc/buy/cgsh_order_add.html HTTP/1.1" 200 58760
120.253.135.82 - - [18/Sep/2020:09:59:19 +0800] "POST /xingrg/kc/buy/cgsh_order_operate.html HTTP/1.1" 200 8245
120.253.135.82 - - [18/Sep/2020:09:59:20 +0800] "GET /xingrg/javascript/easyui/themes/default/validatebox.css HTTP/1.1" 404 1104
172.17.0.115 - - [18/Sep/2020:09:59:20 +0800] "GET /xingrg/all/function/internal_message.html?_=1600394374000&CODE_STATE=getMsg HTTP/1.1" 200 27
114.88.166.242 - - [18/Sep/2020:09:59:20 +0800] "GET /xingrg/all/function/internal_message.html?_=1600394355344&CODE_STATE=getMsg HTTP/1.1" 200 27
218.81.217.115 - - [18/Sep/2020:09:59:21 +0800] "GET /xingrg/all/function/internal_message.html?_=1600394372433&CODE_STATE=getMsg HTTP/1.1" 200 27
116.238.216.197 - - [18/Sep/2020:09:59:27 +0800] "GET /xingrg/all/function/internal_message.html?_=1600394573128&CODE_STATE=getMsg HTTP/1.1" 200 27
120.253.135.82 - - [18/Sep/2020:09:59:28 +0800] "POST /xingrg/all/common/load_combo.html?type=employee HTTP/1.1" 200 2189
222.69.137.125 - - [18/Sep/2020:09:59:34 +0800] "GET /xingrg/all/function/internal_message.html?_=1600394364547&CODE_STATE=getMsg HTTP/1.1" 200 27
114.88.166.242 - - [18/Sep/2020:09:59:36 +0800] "GET /xingrg/all/function/internal_message.html?_=1600394440914&CODE_STATE=getMsg HTTP/1.1" 200 27
117.184.7.26 - - [18/Sep/2020:09:59:38 +0800] "GET /xingrg/all/function/internal_message.html?_=1600394368837&CODE_STATE=getMsg HTTP/1.1" 200 27
172.17.200.101 - - [18/Sep/2020:09:59:41 +0800] "GET /xingrg/all/function/internal_message.html?_=1600394381972&CODE_STATE=getMsg HTTP/1.1" 200 27
120.253.135.82 - - [18/Sep/2020:09:59:42 +0800] "GET /xingrg/kc/buy/cgsh_order_operate.html?command=get_materiel&rest_code=00101&code=00102002610&supplier_code=00100399&order_time=2020-09-18 HTTP/1.1" 200 427
172.17.0.120 - - [18/Sep/2020:09:59:45 +0800] "GET /xingrg/all/function/internal_message.html?_=1600394382822&CODE_STATE=getMsg HTTP/1.1" 200 27
172.17.0.100 - - [18/Sep/2020:09:59:52 +0800] "GET /xingrg/all/function/internal_message.html?_=1600394389217&CODE_STATE=getMsg HTTP/1.1" 200 27
116.230.74.197 - - [18/Sep/2020:09:59:54 +0800] "GET /xingrg/all/function/internal_message.html?_=1600394383820&CODE_STATE=getMsg HTTP/1.1" 200 27
58.40.7.146 - - [18/Sep/2020:09:59:56 +0800] "GET /xingrg/all/function/internal_message.html?_=1600394394504&CODE_STATE=getMsg HTTP/1.1" 200 27
