172.17.0.100 - - [18/Sep/2020:11:05:52 +0800] "GET /xingrg/all/function/internal_message.html?_=1600398349236&CODE_STATE=getMsg HTTP/1.1" 200 27
116.230.74.197 - - [18/Sep/2020:11:05:52 +0800] "GET /xingrg/kc/buy/cgsh_order_add.html HTTP/1.1" 200 59828
116.230.74.197 - - [18/Sep/2020:11:05:53 +0800] "GET /xingrg/javascript/easyui/themes/default/validatebox.css HTTP/1.1" 404 1104
116.230.74.197 - - [18/Sep/2020:11:05:53 +0800] "POST /xingrg/kc/buy/cgsh_order_operate.html HTTP/1.1" 200 8245
180.157.253.48 - - [18/Sep/2020:11:05:54 +0800] "GET /xingrg/all/function/internal_message.html?_=1600398354833&CODE_STATE=getMsg HTTP/1.1" 200 27
116.230.74.197 - - [18/Sep/2020:11:05:55 +0800] "GET /xingrg/javascript/easyui/themes/default/tree.css HTTP/1.1" 404 1090
116.230.74.197 - - [18/Sep/2020:11:05:55 +0800] "POST /xingrg/all/common/load_tree.html?tree=supplier_tree_json&isDelete=1 HTTP/1.1" 200 50303
116.230.74.197 - - [18/Sep/2020:11:05:55 +0800] "GET /xingrg/all/function/internal_message.html?_=1600398345035&CODE_STATE=getMsg HTTP/1.1" 200 27
58.40.7.146 - - [18/Sep/2020:11:05:56 +0800] "GET /xingrg/all/function/internal_message.html?_=1600398354532&CODE_STATE=getMsg HTTP/1.1" 200 27
58.40.7.146 - - [18/Sep/2020:11:05:56 +0800] "GET /xingrg/check_reg.html?_=1600398354535 HTTP/1.1" 200 22
120.253.135.82 - - [18/Sep/2020:11:05:57 +0800] "GET /xingrg/check_reg.html?_=1600398466261 HTTP/1.1" 200 22
172.17.0.123 - - [18/Sep/2020:11:05:58 +0800] "GET /xingrg/all/function/internal_message.html?_=1600398354255&CODE_STATE=getMsg HTTP/1.1" 200 27
58.37.9.106 - - [18/Sep/2020:11:06:00 +0800] "GET /xingrg/kc/buy/cgsh_order_operate.html?command=get_materiel&rest_code=00141&code=00101008061&supplier_code=00100339&order_time=2020-09-18 HTTP/1.1" 200 423
58.40.7.146 - - [18/Sep/2020:11:06:01 +0800] "GET /xingrg/all/function/internal_message.html?_=1600398359347&CODE_STATE=getMsg HTTP/1.1" 200 27
117.131.5.26 - - [18/Sep/2020:11:06:03 +0800] "GET /xingrg/all/function/internal_message.html?_=1600398380975&CODE_STATE=getMsg HTTP/1.1" 200 27
180.162.245.190 - - [18/Sep/2020:11:06:04 +0800] "GET /xingrg/all/function/internal_message.html?_=1600398347130&CODE_STATE=getMsg HTTP/1.1" 200 27
58.37.9.106 - - [18/Sep/2020:11:06:08 +0800] "GET /xingrg/kc/buy/cgsh_order_operate.html?command=get_materiel&rest_code=00141&code=00101008125&supplier_code=00100339&order_time=2020-09-18 HTTP/1.1" 200 413
58.40.7.146 - - [18/Sep/2020:11:06:08 +0800] "GET /xingrg/all/function/internal_message.html?_=1600398366555&CODE_STATE=getMsg HTTP/1.1" 200 27
180.162.245.190 - - [18/Sep/2020:11:06:10 +0800] "GET /xingrg/all/function/internal_message.html?_=1600398369574&CODE_STATE=getMsg HTTP/1.1" 200 27
180.162.245.190 - - [18/Sep/2020:11:06:10 +0800] "GET /xingrg/check_reg.html?_=1600398369707 HTTP/1.1" 200 22
114.88.166.242 - - [18/Sep/2020:11:06:11 +0800] "GET /xingrg/check_reg.html?_=1600398365577 HTTP/1.1" 200 22
116.230.74.197 - - [18/Sep/2020:11:06:15 +0800] "GET /xingrg/kc/buy/cgsh_order_operate.html?command=get_materiel&rest_code=00107&code=00101008061&supplier_code=00100339&order_time=2020-09-18 HTTP/1.1" 200 423
58.37.9.106 - - [18/Sep/2020:11:06:17 +0800] "POST /xingrg/kc/buy/cgsh_order_operate.html HTTP/1.1" 200 37
172.17.0.115 - - [18/Sep/2020:11:06:19 +0800] "GET /xingrg/all/function/internal_message.html?_=1600398392787&CODE_STATE=getMsg HTTP/1.1" 200 27
58.37.9.106 - - [18/Sep/2020:11:06:19 +0800] "POST /xingrg/kc/buy/cgsh_order_operate.html HTTP/1.1" 200 12
58.37.9.106 - - [18/Sep/2020:11:06:20 +0800] "GET /xingrg/kc/buy/cgsh_order_info.html?code=212020091807632 HTTP/1.1" 200 54693
58.37.9.106 - - [18/Sep/2020:11:06:20 +0800] "GET /xingrg/javascript/easyui/themes/default/validatebox.css HTTP/1.1" 404 1104
58.37.9.106 - - [18/Sep/2020:11:06:21 +0800] "POST /xingrg/kc/buy/cgsh_order_operate.html HTTP/1.1" 200 1207
120.253.135.82 - - [18/Sep/2020:11:06:21 +0800] "GET /xingrg/all/function/internal_message.html?_=1600398490892&CODE_STATE=getMsg HTTP/1.1" 200 27
58.37.9.106 - - [18/Sep/2020:11:06:22 +0800] "GET /xingrg/kc/print/load_data.html?order_code=212020091807632&kc_code=cgsh&condition= HTTP/1.1" 200 945
114.88.166.242 - - [18/Sep/2020:11:06:23 +0800] "GET /xingrg/all/function/internal_message.html?_=1600398377684&CODE_STATE=getMsg HTTP/1.1" 200 27
116.238.216.197 - - [18/Sep/2020:11:06:24 +0800] "GET /xingrg/check_reg.html?_=1600398590501 HTTP/1.1" 200 22
58.37.9.106 - - [18/Sep/2020:11:06:25 +0800] "GET /xingrg/kc/buy/cgsh_order_add.html HTTP/1.1" 200 59787
117.131.5.26 - - [18/Sep/2020:11:06:25 +0800] "GET /xingrg/javascript/easyui/themes/default/images/button_plain_hover.png HTTP/1.1" 200 144
58.37.9.106 - - [18/Sep/2020:11:06:25 +0800] "GET /xingrg/javascript/easyui/themes/default/validatebox.css HTTP/1.1" 404 1104
58.37.9.106 - - [18/Sep/2020:11:06:25 +0800] "POST /xingrg/kc/buy/cgsh_order_operate.html HTTP/1.1" 200 8245
117.131.5.26 - - [18/Sep/2020:11:06:27 +0800] "GET /xingrg/javascript/pic_change.js HTTP/1.1" 200 4739
117.131.5.26 - - [18/Sep/2020:11:06:27 +0800] "GET /xingrg/javascript/convert.js HTTP/1.1" 200 1239
117.131.5.26 - - [18/Sep/2020:11:06:27 +0800] "GET /xingrg/kc/buy/cgsh_order_add.html HTTP/1.1" 200 59787
117.131.5.26 - - [18/Sep/2020:11:06:27 +0800] "GET /xingrg/javascript/jquery_tools/order_manager.js HTTP/1.1" 200 11183
117.131.5.26 - - [18/Sep/2020:11:06:27 +0800] "GET /xingrg/javascript/json2.js HTTP/1.1" 200 11259
117.131.5.26 - - [18/Sep/2020:11:06:27 +0800] "GET /xingrg/javascript/print/kc_print.js HTTP/1.1" 200 11415
117.131.5.26 - - [18/Sep/2020:11:06:27 +0800] "GET /xingrg/words/20200918074315_words.js HTTP/1.1" 200 763584
117.131.5.26 - - [18/Sep/2020:11:06:27 +0800] "GET /xingrg/javascript/easyui/themes/icons/template_new.png HTTP/1.1" 200 3956
117.131.5.26 - - [18/Sep/2020:11:06:27 +0800] "GET /xingrg/javascript/easyui/themes/icons/ok.png HTTP/1.1" 200 883
117.131.5.26 - - [18/Sep/2020:11:06:27 +0800] "GET /xingrg/javascript/easyui/themes/icons/copy_new.png HTTP/1.1" 200 815
117.131.5.26 - - [18/Sep/2020:11:06:27 +0800] "GET /xingrg/javascript/easyui/themes/icons/print.png HTTP/1.1" 200 1057
117.131.5.26 - - [18/Sep/2020:11:06:27 +0800] "GET /xingrg/javascript/easyui/themes/default/images/menu_downarrow.png HTTP/1.1" 200 173
117.131.5.26 - - [18/Sep/2020:11:06:27 +0800] "GET /xingrg/javascript/easyui/themes/icons/cancel.png HTTP/1.1" 200 1133
117.131.5.26 - - [18/Sep/2020:11:06:27 +0800] "POST /xingrg/kc/buy/cgsh_order_operate.html HTTP/1.1" 200 8245
117.131.5.26 - - [18/Sep/2020:11:06:27 +0800] "GET /xingrg/javascript/easyui/themes/default/validatebox.css HTTP/1.1" 404 1104
117.131.5.26 - - [18/Sep/2020:11:06:27 +0800] "GET /xingrg/all/common/auto_word.html?type=employee&rest_code=00104 HTTP/1.1" 200 193
117.131.5.26 - - [18/Sep/2020:11:06:27 +0800] "GET /xingrg/all/common/auto_word.html?type=employee&rest_code=00104 HTTP/1.1" 200 193
117.131.5.26 - - [18/Sep/2020:11:06:27 +0800] "GET /xingrg/javascript/easyui/plugins/jquery.validatebox.js HTTP/1.1" 200 6103
117.131.5.26 - - [18/Sep/2020:11:06:27 +0800] "GET /xingrg/javascript/easyui/themes/icons/edit_remove.png HTTP/1.1" 200 625
117.131.5.26 - - [18/Sep/2020:11:06:27 +0800] "GET /xingrg/javascript/easyui/plugins/jquery.numberbox.js HTTP/1.1" 200 5213
117.185.32.26 - - [18/Sep/2020:11:06:28 +0800] "GET /xingrg/all/function/internal_message.html?_=1600398383996&CODE_STATE=getMsg HTTP/1.1" 200 27
117.131.5.26 - - [18/Sep/2020:11:06:29 +0800] "GET /xingrg/javascript/easyui/plugins/jquery.draggable.js HTTP/1.1" 200 6121
117.131.5.26 - - [18/Sep/2020:11:06:29 +0800] "GET /xingrg/css/images/panel_loading.gif HTTP/1.1" 200 1737
117.131.5.26 - - [18/Sep/2020:11:06:29 +0800] "GET /xingrg/javascript/easyui/plugins/jquery.droppable.js HTTP/1.1" 200 1167
117.131.5.26 - - [18/Sep/2020:11:06:29 +0800] "GET /xingrg/javascript/easyui/themes/default/tree.css HTTP/1.1" 404 1090
117.131.5.26 - - [18/Sep/2020:11:06:29 +0800] "GET /xingrg/javascript/easyui/plugins/jquery.tree.js HTTP/1.1" 200 20874
117.131.5.26 - - [18/Sep/2020:11:06:29 +0800] "POST /xingrg/all/common/load_tree.html?tree=supplier_tree_json&isDelete=1 HTTP/1.1" 200 50303
117.131.5.26 - - [18/Sep/2020:11:06:30 +0800] "GET /xingrg/javascript/easyui/themes/default/images/tree_arrows.gif HTTP/1.1" 200 617
117.131.5.26 - - [18/Sep/2020:11:06:30 +0800] "GET /xingrg/javascript/easyui/themes/default/images/tree_folder.gif HTTP/1.1" 200 952
117.131.5.26 - - [18/Sep/2020:11:06:30 +0800] "GET /xingrg/javascript/easyui/themes/default/images/tree_folder_open.gif HTTP/1.1" 200 956
117.131.5.26 - - [18/Sep/2020:11:06:30 +0800] "GET /xingrg/javascript/easyui/themes/default/images/tree_file.gif HTTP/1.1" 200 118
116.230.74.197 - - [18/Sep/2020:11:06:30 +0800] "GET /xingrg/kc/buy/cgsh_order_operate.html?command=get_materiel&rest_code=00107&code=00101008522&supplier_code=00100339&order_time=2020-09-18 HTTP/1.1" 200 399
116.238.71.173 - - [18/Sep/2020:11:06:31 +0800] "GET /xingrg/all/function/internal_message.html?_=1600398388893&CODE_STATE=getMsg HTTP/1.1" 200 27
58.37.9.106 - - [18/Sep/2020:11:06:34 +0800] "GET /xingrg/kc/buy/cgsh_order_operate.html?command=get_materiel&rest_code=00141&code=00101003003&supplier_code=00100094&order_time=2020-09-18 HTTP/1.1" 200 414
114.88.166.242 - - [18/Sep/2020:11:06:36 +0800] "GET /xingrg/all/function/internal_message.html?_=1600398461031&CODE_STATE=getMsg HTTP/1.1" 200 27
218.81.217.115 - - [18/Sep/2020:11:06:36 +0800] "GET /xingrg/all/function/internal_message.html?_=1600398407571&CODE_STATE=getMsg HTTP/1.1" 200 27
124.76.236.61 - - [18/Sep/2020:11:06:38 +0800] "GET /xingrg/kc/base/base_main.html HTTP/1.1" 200 12142
124.76.236.61 - - [18/Sep/2020:11:06:38 +0800] "GET /xingrg/css/blue.css HTTP/1.1" 200 15949
124.76.236.61 - - [18/Sep/2020:11:06:38 +0800] "GET /xingrg/javascript/pic_change.js HTTP/1.1" 200 4739
124.76.236.61 - - [18/Sep/2020:11:06:38 +0800] "GET /xingrg/javascript/jquery-1.4.2.min.js HTTP/1.1" 200 72205
124.76.236.61 - - [18/Sep/2020:11:06:38 +0800] "GET /xingrg/javascript/jquery_easy_ui/themes/icon.css HTTP/1.1" 200 3949
124.76.236.61 - - [18/Sep/2020:11:06:38 +0800] "GET /xingrg/images/blue/button/ckdb.gif HTTP/1.1" 200 1950
124.76.236.61 - - [18/Sep/2020:11:06:38 +0800] "GET /xingrg/images/blue/button/wlsy.gif HTTP/1.1" 200 2536
124.76.236.61 - - [18/Sep/2020:11:06:38 +0800] "GET /xingrg/images/blue/button/ckpd.gif HTTP/1.1" 200 2051
124.76.236.61 - - [18/Sep/2020:11:06:38 +0800] "GET /xingrg/images/blue/button/kc.gif HTTP/1.1" 200 2160
124.76.236.61 - - [18/Sep/2020:11:06:38 +0800] "GET /xingrg/javascript/jquery.utils.js HTTP/1.1" 200 11805
124.76.236.61 - - [18/Sep/2020:11:06:38 +0800] "GET /xingrg/images/blue/button/yddb.gif HTTP/1.1" 200 2040
124.76.236.61 - - [18/Sep/2020:11:06:38 +0800] "GET /xingrg/images/blue/pic_form2.gif HTTP/1.1" 200 1853
124.76.236.61 - - [18/Sep/2020:11:06:38 +0800] "GET /xingrg/javascript/myfunction.js HTTP/1.1" 200 24559
124.76.236.61 - - [18/Sep/2020:11:06:38 +0800] "GET /xingrg/javascript/jquery_easy_ui/themes/default/easyui.css HTTP/1.1" 200 26500
124.76.236.61 - - [18/Sep/2020:11:06:38 +0800] "GET /xingrg/images/blue/bg_dotted.jpg HTTP/1.1" 200 319
124.76.236.61 - - [18/Sep/2020:11:06:38 +0800] "GET /xingrg/images/blue/button/down.jpg HTTP/1.1" 200 1560
124.76.236.61 - - [18/Sep/2020:11:06:38 +0800] "GET /xingrg/images/blue/button/top_right.jpg HTTP/1.1" 200 1708
124.76.236.61 - - [18/Sep/2020:11:06:38 +0800] "GET /xingrg/images/blue/button/right_ah.jpg HTTP/1.1" 200 1744
124.76.236.61 - - [18/Sep/2020:11:06:38 +0800] "GET /xingrg/images/blue/button/top_left.jpg HTTP/1.1" 200 1632
124.76.236.61 - - [18/Sep/2020:11:06:38 +0800] "GET /xingrg/images/blue/button/left_ah.jpg HTTP/1.1" 200 1643
124.76.236.61 - - [18/Sep/2020:11:06:38 +0800] "GET /xingrg/images/blue/button/bottom_left.jpg HTTP/1.1" 200 1524
124.76.236.61 - - [18/Sep/2020:11:06:38 +0800] "GET /xingrg/images/blue/button/bottom_right.jpg HTTP/1.1" 200 1436
124.76.236.61 - - [18/Sep/2020:11:06:39 +0800] "GET /xingrg/kc/base/yddb_order_list.html HTTP/1.1" 200 16949
124.76.236.61 - - [18/Sep/2020:11:06:39 +0800] "GET /xingrg/css/base.css HTTP/1.1" 200 2811
124.76.236.61 - - [18/Sep/2020:11:06:39 +0800] "GET /xingrg/css/site.css HTTP/1.1" 200 7541
124.76.236.61 - - [18/Sep/2020:11:06:39 +0800] "GET /xingrg/javascript/jquery_tools/datebox.css HTTP/1.1" 200 2597
124.76.236.61 - - [18/Sep/2020:11:06:39 +0800] "GET /xingrg/javascript/easyui/themes/icon.css HTTP/1.1" 200 4483
124.76.236.61 - - [18/Sep/2020:11:06:39 +0800] "GET /xingrg/javascript/auto/jquery.autocomplete.css HTTP/1.1" 200 587
124.76.236.61 - - [18/Sep/2020:11:06:39 +0800] "GET /xingrg/javascript/jquery_tools/fix.css HTTP/1.1" 200 1702
124.76.236.61 - - [18/Sep/2020:11:06:39 +0800] "GET /xingrg/javascript/jquery_tools/table.css HTTP/1.1" 200 1032
124.76.236.61 - - [18/Sep/2020:11:06:39 +0800] "GET /xingrg/javascript/jquery_tools/jquery.tools.min.js HTTP/1.1" 200 138801
124.76.236.61 - - [18/Sep/2020:11:06:39 +0800] "GET /xingrg/javascript/easyui/themes/default/easyui.css HTTP/1.1" 200 30432
124.76.236.61 - - [18/Sep/2020:11:06:39 +0800] "GET /xingrg/javascript/jquery_tools/jquery.tools.extend.js HTTP/1.1" 200 15385
124.76.236.61 - - [18/Sep/2020:11:06:39 +0800] "GET /xingrg/javascript/jquery_tools/jquery.tools.hotkey.js HTTP/1.1" 200 3242
124.76.236.61 - - [18/Sep/2020:11:06:39 +0800] "GET /xingrg/javascript/jquery_tools/jquery.tools.table.js HTTP/1.1" 200 6994
124.76.236.61 - - [18/Sep/2020:11:06:39 +0800] "GET /xingrg/javascript/jquery_tools/list_manager.js HTTP/1.1" 200 3652
124.76.236.61 - - [18/Sep/2020:11:06:39 +0800] "GET /xingrg/javascript/jquery.cookie.js HTTP/1.1" 200 5513
124.76.236.61 - - [18/Sep/2020:11:06:39 +0800] "GET /xingrg/javascript/easyui/easyloader.js HTTP/1.1" 200 5975
124.76.236.61 - - [18/Sep/2020:11:06:39 +0800] "GET /xingrg/javascript/print/LodopFuncs.js HTTP/1.1" 200 5121
124.76.236.61 - - [18/Sep/2020:11:06:39 +0800] "GET /xingrg/javascript/auto/jquery.autocomplete.js HTTP/1.1" 200 21624
124.76.236.61 - - [18/Sep/2020:11:06:40 +0800] "GET /xingrg/javascript/easyui/plugins/jquery.parser.js HTTP/1.1" 200 1142
124.76.236.61 - - [18/Sep/2020:11:06:40 +0800] "POST /xingrg/kc/base/yddb_list_operate.html HTTP/1.1" 200 636
172.17.200.101 - - [18/Sep/2020:11:06:42 +0800] "GET /xingrg/all/function/internal_message.html?_=1600398402257&CODE_STATE=getMsg HTTP/1.1" 200 27
172.17.0.120 - - [18/Sep/2020:11:06:45 +0800] "GET /xingrg/all/function/internal_message.html?_=1600398402827&CODE_STATE=getMsg HTTP/1.1" 200 27
124.76.236.61 - - [18/Sep/2020:11:06:49 +0800] "GET /xingrg/all/function/internal_message.html?_=1600398416727&CODE_STATE=getMsg HTTP/1.1" 200 27
114.88.166.242 - - [18/Sep/2020:11:06:51 +0800] "GET /xingrg/all/function/internal_message.html?_=1600398406012&CODE_STATE=getMsg HTTP/1.1" 200 27
116.238.71.173 - - [18/Sep/2020:11:06:51 +0800] "POST /xingrg/all/user/operate.html HTTP/1.1" 200 36
116.238.71.173 - - [18/Sep/2020:11:06:51 +0800] "GET /xingrg/index.html?sysBaseUrl=http%3A%2F%2F180.169.147.146%3A18081%2Fxingrg%2F&costTime=43×tamp=1600308838014 HTTP/1.1" 200 17179
116.238.71.173 - - [18/Sep/2020:11:06:51 +0800] "GET /xingrg/javascript/jquery_easy_ui/themes/default/easyui.css HTTP/1.1" 304 -
116.238.71.173 - - [18/Sep/2020:11:06:51 +0800] "GET /xingrg/javascript/jquery_easy_ui/themes/icon.css HTTP/1.1" 304 -
116.238.71.173 - - [18/Sep/2020:11:06:51 +0800] "GET /xingrg/css/form.css HTTP/1.1" 304 -
116.238.71.173 - - [18/Sep/2020:11:06:51 +0800] "GET /xingrg/javascript/jquery-1.4.2.min.js HTTP/1.1" 304 -
116.238.71.173 - - [18/Sep/2020:11:06:51 +0800] "GET /xingrg/javascript/jquery_easy_ui/jquery.easyui.min.js HTTP/1.1" 304 -
116.238.71.173 - - [18/Sep/2020:11:06:51 +0800] "GET /xingrg/javascript/jquery_easy_ui/easyui-lang-zh_CN.js HTTP/1.1" 304 -
116.238.71.173 - - [18/Sep/2020:11:06:51 +0800] "GET /xingrg/javascript/jquery.form.js HTTP/1.1" 304 -
116.238.71.173 - - [18/Sep/2020:11:06:51 +0800] "GET /xingrg/javascript/jquery.utils.js HTTP/1.1" 304 -
116.238.71.173 - - [18/Sep/2020:11:06:51 +0800] "GET /xingrg/javascript/jquery.timers.js HTTP/1.1" 304 -
116.238.71.173 - - [18/Sep/2020:11:06:51 +0800] "GET /xingrg/images/blue/jxLogo.png HTTP/1.1" 304 -
116.238.71.173 - - [18/Sep/2020:11:06:51 +0800] "GET /xingrg/images/blue/navBackgound.jpg HTTP/1.1" 304 -
116.238.71.173 - - [18/Sep/2020:11:06:51 +0800] "GET /xingrg/javascript/jquery_easy_ui/themes/icons/settle_new.png HTTP/1.1" 304 -
116.238.71.173 - - [18/Sep/2020:11:06:51 +0800] "POST /xingrg/all/common/load_tree.html?tree=area_rest_tree_json&manage=1 HTTP/1.1" 200 476
116.238.71.173 - - [18/Sep/2020:11:06:51 +0800] "GET /xingrg/all/function/internal_message.html?_=1600398409634&CODE_STATE=count HTTP/1.1" 200 11
116.238.71.173 - - [18/Sep/2020:11:06:51 +0800] "GET /xingrg/check_reg.html?_=1600398409636 HTTP/1.1" 200 22
116.238.71.173 - - [18/Sep/2020:11:06:51 +0800] "GET /xingrg/javascript/jquery_easy_ui/themes/default/images/panel_tool_collapse.gif HTTP/1.1" 304 -
116.238.71.173 - - [18/Sep/2020:11:06:51 +0800] "GET /xingrg/images/blue/pingpu.png HTTP/1.1" 304 -
116.238.71.173 - - [18/Sep/2020:11:06:51 +0800] "GET /xingrg/javascript/jquery_easy_ui/themes/default/images/tabs_leftarrow.png HTTP/1.1" 304 -
116.238.71.173 - - [18/Sep/2020:11:06:51 +0800] "GET /xingrg/javascript/jquery_easy_ui/themes/default/images/tabs_rightarrow.png HTTP/1.1" 304 -
116.238.71.173 - - [18/Sep/2020:11:06:52 +0800] "POST /xingrg/load_menu.html HTTP/1.1" 200 5138
172.17.0.100 - - [18/Sep/2020:11:06:52 +0800] "GET /xingrg/all/function/internal_message.html?_=1600398409235&CODE_STATE=getMsg HTTP/1.1" 200 27
116.238.71.173 - - [18/Sep/2020:11:06:53 +0800] "GET /xingrg/kc/buy/cgsh_order_list.html HTTP/1.1" 200 44049
180.157.253.48 - - [18/Sep/2020:11:06:54 +0800] "GET /xingrg/all/function/internal_message.html?_=1600398414834&CODE_STATE=getMsg HTTP/1.1" 200 27
116.238.71.173 - - [18/Sep/2020:11:06:54 +0800] "POST /xingrg/kc/buy/cgsh_list_operate.html HTTP/1.1" 200 876
116.238.71.173 - - [18/Sep/2020:11:06:55 +0800] "GET /xingrg/kc/buy/cgsh_order_add.html HTTP/1.1" 200 59705
116.230.74.197 - - [18/Sep/2020:11:06:55 +0800] "GET /xingrg/all/function/internal_message.html?_=1600398405018&CODE_STATE=getMsg HTTP/1.1" 200 27
116.238.71.173 - - [18/Sep/2020:11:06:55 +0800] "GET /xingrg/javascript/easyui/themes/default/validatebox.css HTTP/1.1" 404 1104
116.238.71.173 - - [18/Sep/2020:11:06:55 +0800] "POST /xingrg/kc/buy/cgsh_order_operate.html HTTP/1.1" 200 8245
58.40.7.146 - - [18/Sep/2020:11:06:56 +0800] "GET /xingrg/all/function/internal_message.html?_=1600398414537&CODE_STATE=getMsg HTTP/1.1" 200 27
116.238.71.173 - - [18/Sep/2020:11:06:56 +0800] "GET /xingrg/javascript/auto/indicator.gif HTTP/1.1" 404 1066
58.37.9.106 - - [18/Sep/2020:11:06:56 +0800] "GET /xingrg/kc/buy/cgsh_order_operate.html?command=get_materiel&rest_code=00141&code=00101002018&supplier_code=00100094&order_time=2020-09-18 HTTP/1.1" 200 414
124.76.236.61 - - [18/Sep/2020:11:06:57 +0800] "POST /xingrg/kc/base/yddb_list_operate.html HTTP/1.1" 200 636
172.17.0.123 - - [18/Sep/2020:11:06:58 +0800] "GET /xingrg/all/function/internal_message.html?_=1600398414257&CODE_STATE=getMsg HTTP/1.1" 200 27
58.40.7.146 - - [18/Sep/2020:11:07:01 +0800] "GET /xingrg/all/function/internal_message.html?_=1600398419351&CODE_STATE=getMsg HTTP/1.1" 200 27
58.40.7.146 - - [18/Sep/2020:11:07:01 +0800] "GET /xingrg/check_reg.html?_=1600398419352 HTTP/1.1" 200 22
180.162.245.190 - - [18/Sep/2020:11:07:02 +0800] "GET /xingrg/kc/buy/cgsh_order_operate.html?command=get_materiel&rest_code=00105&code=00101005037&supplier_code=00100397&order_time=2020-09-18 HTTP/1.1" 200 429
124.76.236.61 - - [18/Sep/2020:11:07:02 +0800] "POST /xingrg/kc/base/yddb_list_operate.html HTTP/1.1" 200 3194
117.131.5.26 - - [18/Sep/2020:11:07:03 +0800] "GET /xingrg/all/function/internal_message.html?_=1600398440989&CODE_STATE=getMsg HTTP/1.1" 200 27
180.162.245.190 - - [18/Sep/2020:11:07:04 +0800] "GET /xingrg/all/function/internal_message.html?_=1600398407131&CODE_STATE=getMsg HTTP/1.1" 200 27
116.238.71.173 - - [18/Sep/2020:11:07:04 +0800] "GET /xingrg/kc/buy/cgsh_order_operate.html?command=get_materiel&rest_code=00150&code=00101028012&supplier_code=00100017&order_time=2020-09-18 HTTP/1.1" 200 456
58.40.7.146 - - [18/Sep/2020:11:07:08 +0800] "GET /xingrg/all/function/internal_message.html?_=1600398426560&CODE_STATE=getMsg HTTP/1.1" 200 27
124.76.236.61 - - [18/Sep/2020:11:07:09 +0800] "GET /xingrg/javascript/jquery_easy_ui/themes/default/images/tabs_active.png HTTP/1.1" 200 2894
180.162.245.190 - - [18/Sep/2020:11:07:10 +0800] "GET /xingrg/all/function/internal_message.html?_=1600398429610&CODE_STATE=getMsg HTTP/1.1" 200 27
58.37.9.106 - - [18/Sep/2020:11:07:12 +0800] "GET /xingrg/kc/buy/cgsh_order_operate.html?command=get_materiel&rest_code=00141&code=00101001037&supplier_code=00100094&order_time=2020-09-18 HTTP/1.1" 200 414
58.37.9.106 - - [18/Sep/2020:11:07:15 +0800] "GET /xingrg/all/function/internal_message.html?_=1600398055558&CODE_STATE=getMsg HTTP/1.1" 200 27
116.238.71.173 - - [18/Sep/2020:11:07:18 +0800] "GET /xingrg/kc/buy/cgsh_order_operate.html?command=get_materiel&rest_code=00150&code=00101029002&supplier_code=00100017&order_time=2020-09-18 HTTP/1.1" 200 470
172.17.0.115 - - [18/Sep/2020:11:07:19 +0800] "GET /xingrg/all/function/internal_message.html?_=1600398452806&CODE_STATE=getMsg HTTP/1.1" 200 27
120.253.135.82 - - [18/Sep/2020:11:07:21 +0800] "GET /xingrg/all/function/internal_message.html?_=1600398550905&CODE_STATE=getMsg HTTP/1.1" 200 27
180.162.245.190 - - [18/Sep/2020:11:07:23 +0800] "POST /xingrg/kc/buy/cgsh_order_operate.html HTTP/1.1" 200 37
114.88.166.242 - - [18/Sep/2020:11:07:23 +0800] "GET /xingrg/all/function/internal_message.html?_=1600398437695&CODE_STATE=getMsg HTTP/1.1" 200 27
116.230.74.197 - - [18/Sep/2020:11:07:23 +0800] "GET /xingrg/check_reg.html?_=1600398433313 HTTP/1.1" 200 22
180.162.245.190 - - [18/Sep/2020:11:07:24 +0800] "POST /xingrg/kc/buy/cgsh_order_operate.html HTTP/1.1" 200 5023
117.185.32.26 - - [18/Sep/2020:11:07:25 +0800] "GET /xingrg/check_reg.html?_=1600398440594 HTTP/1.1" 200 22
58.37.9.106 - - [18/Sep/2020:11:07:25 +0800] "POST /xingrg/kc/buy/cgsh_order_operate.html HTTP/1.1" 200 37
180.162.245.190 - - [18/Sep/2020:11:07:25 +0800] "GET /xingrg/kc/print/load_data.html?order_code=212020091807633&kc_code=cgsh&condition= HTTP/1.1" 200 1570
116.238.71.173 - - [18/Sep/2020:11:07:26 +0800] "GET /xingrg/kc/buy/cgsh_order_operate.html?command=get_materiel&rest_code=00150&code=00101029022&supplier_code=00100017&order_time=2020-09-18 HTTP/1.1" 200 471
58.37.9.106 - - [18/Sep/2020:11:07:27 +0800] "POST /xingrg/kc/buy/cgsh_order_operate.html HTTP/1.1" 200 12
117.185.32.26 - - [18/Sep/2020:11:07:28 +0800] "GET /xingrg/all/function/internal_message.html?_=1600398443970&CODE_STATE=getMsg HTTP/1.1" 200 27
58.37.9.106 - - [18/Sep/2020:11:07:28 +0800] "GET /xingrg/kc/buy/cgsh_order_info.html?code=212020091807634 HTTP/1.1" 200 54690
58.37.9.106 - - [18/Sep/2020:11:07:29 +0800] "GET /xingrg/javascript/easyui/themes/default/validatebox.css HTTP/1.1" 404 1104
58.37.9.106 - - [18/Sep/2020:11:07:29 +0800] "POST /xingrg/kc/buy/cgsh_order_operate.html HTTP/1.1" 200 2405
58.37.9.106 - - [18/Sep/2020:11:07:30 +0800] "GET /xingrg/kc/print/load_data.html?order_code=212020091807634&kc_code=cgsh&condition= HTTP/1.1" 200 1490
58.37.9.106 - - [18/Sep/2020:11:07:36 +0800] "GET /xingrg/kc/buy/cgsh_order_add.html HTTP/1.1" 200 59787
58.37.9.106 - - [18/Sep/2020:11:07:36 +0800] "POST /xingrg/kc/buy/cgsh_order_operate.html HTTP/1.1" 200 8245
116.238.71.173 - - [18/Sep/2020:11:07:36 +0800] "GET /xingrg/kc/buy/cgsh_order_operate.html?command=get_materiel&rest_code=00150&code=00101029011&supplier_code=00100017&order_time=2020-09-18 HTTP/1.1" 200 481
58.37.9.106 - - [18/Sep/2020:11:07:36 +0800] "GET /xingrg/javascript/easyui/themes/default/validatebox.css HTTP/1.1" 404 1104
114.88.166.242 - - [18/Sep/2020:11:07:36 +0800] "GET /xingrg/all/function/internal_message.html?_=1600398521034&CODE_STATE=getMsg HTTP/1.1" 200 27
114.88.166.242 - - [18/Sep/2020:11:07:36 +0800] "GET /xingrg/check_reg.html?_=1600398521039 HTTP/1.1" 200 22
218.81.217.115 - - [18/Sep/2020:11:07:37 +0800] "GET /xingrg/all/function/internal_message.html?_=1600398468139&CODE_STATE=getMsg HTTP/1.1" 200 27
172.17.200.101 - - [18/Sep/2020:11:07:42 +0800] "GET /xingrg/check_reg.html?_=1600398462262 HTTP/1.1" 200 22
172.17.200.101 - - [18/Sep/2020:11:07:42 +0800] "GET /xingrg/all/function/internal_message.html?_=1600398462267&CODE_STATE=getMsg HTTP/1.1" 200 27
172.17.0.120 - - [18/Sep/2020:11:07:45 +0800] "GET /xingrg/all/function/internal_message.html?_=1600398462829&CODE_STATE=getMsg HTTP/1.1" 200 27
58.37.9.106 - - [18/Sep/2020:11:07:45 +0800] "GET /xingrg/kc/buy/cgsh_order_operate.html?command=get_materiel&rest_code=00141&code=00101007144&supplier_code=00100322&order_time=2020-09-18 HTTP/1.1" 200 428
116.230.74.197 - - [18/Sep/2020:11:07:46 +0800] "GET /xingrg/kc/buy/cgsh_order_operate.html?command=get_materiel&rest_code=00107&code=00101008314&supplier_code=00100339&order_time=2020-09-18 HTTP/1.1" 200 413
124.76.236.61 - - [18/Sep/2020:11:07:49 +0800] "GET /xingrg/all/function/internal_message.html?_=1600398476726&CODE_STATE=getMsg HTTP/1.1" 200 27
114.88.166.242 - - [18/Sep/2020:11:07:51 +0800] "GET /xingrg/all/function/internal_message.html?_=1600398466018&CODE_STATE=getMsg HTTP/1.1" 200 27
114.88.166.242 - - [18/Sep/2020:11:07:51 +0800] "GET /xingrg/check_reg.html?_=1600398466021 HTTP/1.1" 200 22
116.238.71.173 - - [18/Sep/2020:11:07:52 +0800] "GET /xingrg/all/function/internal_message.html?_=1600398469692&CODE_STATE=getMsg HTTP/1.1" 200 27
172.17.0.100 - - [18/Sep/2020:11:07:52 +0800] "GET /xingrg/all/function/internal_message.html?_=1600398469235&CODE_STATE=getMsg HTTP/1.1" 200 27
180.157.253.48 - - [18/Sep/2020:11:07:54 +0800] "GET /xingrg/all/function/internal_message.html?_=1600398474831&CODE_STATE=getMsg HTTP/1.1" 200 27
116.238.71.173 - - [18/Sep/2020:11:07:54 +0800] "GET /xingrg/kc/buy/cgsh_order_operate.html?command=get_materiel&rest_code=00150&code=00101027016&supplier_code=00100017&order_time=2020-09-18 HTTP/1.1" 200 445
116.230.74.197 - - [18/Sep/2020:11:07:55 +0800] "GET /xingrg/all/function/internal_message.html?_=1600398465001&CODE_STATE=getMsg HTTP/1.1" 200 27
58.40.7.146 - - [18/Sep/2020:11:07:56 +0800] "GET /xingrg/all/function/internal_message.html?_=1600398474541&CODE_STATE=getMsg HTTP/1.1" 200 27
172.17.0.123 - - [18/Sep/2020:11:07:58 +0800] "GET /xingrg/all/function/internal_message.html?_=1600398474259&CODE_STATE=getMsg HTTP/1.1" 200 27
172.17.0.123 - - [18/Sep/2020:11:07:58 +0800] "GET /xingrg/check_reg.html?_=1600398474261 HTTP/1.1" 200 22
58.40.7.146 - - [18/Sep/2020:11:08:01 +0800] "GET /xingrg/all/function/internal_message.html?_=1600398479355&CODE_STATE=getMsg HTTP/1.1" 200 27
117.131.5.26 - - [18/Sep/2020:11:08:03 +0800] "GET /xingrg/all/function/internal_message.html?_=1600398500989&CODE_STATE=getMsg HTTP/1.1" 200 27
180.162.245.190 - - [18/Sep/2020:11:08:04 +0800] "GET /xingrg/all/function/internal_message.html?_=1600398467130&CODE_STATE=getMsg HTTP/1.1" 200 27
58.40.7.146 - - [18/Sep/2020:11:08:08 +0800] "GET /xingrg/all/function/internal_message.html?_=1600398486564&CODE_STATE=getMsg HTTP/1.1" 200 27
58.40.7.146 - - [18/Sep/2020:11:08:08 +0800] "GET /xingrg/check_reg.html?_=1600398486566 HTTP/1.1" 200 22
180.162.245.190 - - [18/Sep/2020:11:08:10 +0800] "GET /xingrg/all/function/internal_message.html?_=1600398489528&CODE_STATE=getMsg HTTP/1.1" 200 27
58.37.9.106 - - [18/Sep/2020:11:08:15 +0800] "GET /xingrg/all/function/internal_message.html?_=1600398115539&CODE_STATE=getMsg HTTP/1.1" 200 27
116.238.71.173 - - [18/Sep/2020:11:08:17 +0800] "GET /xingrg/kc/buy/cgsh_order_operate.html?command=get_materiel&rest_code=00150&code=00101029023&supplier_code=00100017&order_time=2020-09-18 HTTP/1.1" 200 477
116.238.71.173 - - [18/Sep/2020:11:08:18 +0800] "POST /xingrg/all/common/load_select.html HTTP/1.1" 200 25
218.81.217.115 - - [18/Sep/2020:11:08:18 +0800] "GET /xingrg/check_reg.html?_=1600398509300 HTTP/1.1" 200 22
172.17.0.115 - - [18/Sep/2020:11:08:19 +0800] "GET /xingrg/all/function/internal_message.html?_=1600398512815&CODE_STATE=getMsg HTTP/1.1" 200 27
116.238.71.173 - - [18/Sep/2020:11:08:20 +0800] "GET /xingrg/kc/buy/cgsh_order_operate.html?command=get_materiel_price&rest_code=00150&code=00101029023&unit_code=00100179&supplier_code=00100017&order_time=2020-09-18 HTTP/1.1" 200 29
120.253.135.82 - - [18/Sep/2020:11:08:21 +0800] "GET /xingrg/all/function/internal_message.html?_=1600398611078&CODE_STATE=getMsg HTTP/1.1" 200 27
114.88.166.242 - - [18/Sep/2020:11:08:23 +0800] "GET /xingrg/all/function/internal_message.html?_=1600398497770&CODE_STATE=getMsg HTTP/1.1" 200 27
117.185.32.26 - - [18/Sep/2020:11:08:28 +0800] "GET /xingrg/all/function/internal_message.html?_=1600398503949&CODE_STATE=getMsg HTTP/1.1" 200 27
116.238.71.173 - - [18/Sep/2020:11:08:31 +0800] "GET /xingrg/kc/buy/cgsh_order_operate.html?command=get_materiel&rest_code=00150&code=00101029003&supplier_code=00100017&order_time=2020-09-18 HTTP/1.1" 200 476
116.238.71.173 - - [18/Sep/2020:11:08:32 +0800] "POST /xingrg/all/common/load_select.html HTTP/1.1" 200 25
116.238.71.173 - - [18/Sep/2020:11:08:34 +0800] "GET /xingrg/kc/buy/cgsh_order_operate.html?command=get_materiel_price&rest_code=00150&code=00101029003&unit_code=00100179&supplier_code=00100017&order_time=2020-09-18 HTTP/1.1" 200 29
114.88.166.242 - - [18/Sep/2020:11:08:36 +0800] "GET /xingrg/all/function/internal_message.html?_=1600398581039&CODE_STATE=getMsg HTTP/1.1" 200 27
218.81.217.115 - - [18/Sep/2020:11:08:37 +0800] "GET /xingrg/all/function/internal_message.html?_=1600398528144&CODE_STATE=getMsg HTTP/1.1" 200 27
180.162.245.190 - - [18/Sep/2020:11:08:39 +0800] "GET /xingrg/kc/buy/cgsh_order_add.html HTTP/1.1" 200 59781
180.162.245.190 - - [18/Sep/2020:11:08:39 +0800] "POST /xingrg/kc/buy/cgsh_order_operate.html HTTP/1.1" 200 8245
180.162.245.190 - - [18/Sep/2020:11:08:39 +0800] "GET /xingrg/javascript/easyui/themes/default/validatebox.css HTTP/1.1" 404 1104
172.17.200.101 - - [18/Sep/2020:11:08:42 +0800] "GET /xingrg/all/function/internal_message.html?_=1600398522265&CODE_STATE=getMsg HTTP/1.1" 200 27
172.17.0.120 - - [18/Sep/2020:11:08:45 +0800] "GET /xingrg/all/function/internal_message.html?_=1600398522831&CODE_STATE=getMsg HTTP/1.1" 200 27
218.81.217.115 - - [18/Sep/2020:11:08:45 +0800] "GET /xingrg/kc/buy/cgsh_order_list.html HTTP/1.1" 200 44049
218.81.217.115 - - [18/Sep/2020:11:08:46 +0800] "POST /xingrg/kc/buy/cgsh_list_operate.html HTTP/1.1" 200 2419
124.76.236.61 - - [18/Sep/2020:11:08:49 +0800] "GET /xingrg/all/function/internal_message.html?_=1600398536715&CODE_STATE=getMsg HTTP/1.1" 200 27
218.81.217.115 - - [18/Sep/2020:11:08:50 +0800] "POST /xingrg/kc/buy/cgsh_list_operate.html HTTP/1.1" 200 573
114.88.166.242 - - [18/Sep/2020:11:08:51 +0800] "GET /xingrg/all/function/internal_message.html?_=1600398526014&CODE_STATE=getMsg HTTP/1.1" 200 27
218.81.217.115 - - [18/Sep/2020:11:08:51 +0800] "GET /xingrg/kc/buy/cgsh_order_info.html?code=212020091707338 HTTP/1.1" 200 59800
218.81.217.115 - - [18/Sep/2020:11:08:51 +0800] "GET /xingrg/javascript/easyui/themes/default/validatebox.css HTTP/1.1" 404 1104
218.81.217.115 - - [18/Sep/2020:11:08:51 +0800] "POST /xingrg/kc/buy/cgsh_order_operate.html HTTP/1.1" 200 6226
116.238.71.173 - - [18/Sep/2020:11:08:52 +0800] "GET /xingrg/all/function/internal_message.html?_=1600398529725&CODE_STATE=getMsg HTTP/1.1" 200 27
172.17.0.100 - - [18/Sep/2020:11:08:52 +0800] "GET /xingrg/check_reg.html?_=1600398529253 HTTP/1.1" 200 22
172.17.0.100 - - [18/Sep/2020:11:08:52 +0800] "GET /xingrg/all/function/internal_message.html?_=1600398529250&CODE_STATE=getMsg HTTP/1.1" 200 27
180.162.245.190 - - [18/Sep/2020:11:08:53 +0800] "GET /xingrg/kc/buy/cgsh_order_operate.html?command=get_materiel&rest_code=00105&code=00101009001&supplier_code=00100024&order_time=2020-09-18 HTTP/1.1" 200 416
180.157.253.48 - - [18/Sep/2020:11:08:54 +0800] "GET /xingrg/all/function/internal_message.html?_=1600398534846&CODE_STATE=getMsg HTTP/1.1" 200 27
180.157.253.48 - - [18/Sep/2020:11:08:54 +0800] "GET /xingrg/check_reg.html?_=1600398534851 HTTP/1.1" 200 22
116.230.74.197 - - [18/Sep/2020:11:08:55 +0800] "GET /xingrg/all/function/internal_message.html?_=1600398524981&CODE_STATE=getMsg HTTP/1.1" 200 27
58.40.7.146 - - [18/Sep/2020:11:08:56 +0800] "GET /xingrg/all/function/internal_message.html?_=1600398534543&CODE_STATE=getMsg HTTP/1.1" 200 27
172.17.0.123 - - [18/Sep/2020:11:08:58 +0800] "GET /xingrg/all/function/internal_message.html?_=1600398534261&CODE_STATE=getMsg HTTP/1.1" 200 27
58.40.7.146 - - [18/Sep/2020:11:09:01 +0800] "GET /xingrg/all/function/internal_message.html?_=1600398539358&CODE_STATE=getMsg HTTP/1.1" 200 27
117.131.5.26 - - [18/Sep/2020:11:09:03 +0800] "GET /xingrg/check_reg.html?_=1600398560984 HTTP/1.1" 200 22
117.131.5.26 - - [18/Sep/2020:11:09:03 +0800] "GET /xingrg/all/function/internal_message.html?_=1600398560985&CODE_STATE=getMsg HTTP/1.1" 200 27
180.162.245.190 - - [18/Sep/2020:11:09:04 +0800] "GET /xingrg/all/function/internal_message.html?_=1600398527156&CODE_STATE=getMsg HTTP/1.1" 200 27
58.40.7.146 - - [18/Sep/2020:11:09:08 +0800] "GET /xingrg/all/function/internal_message.html?_=1600398546568&CODE_STATE=getMsg HTTP/1.1" 200 27
180.162.245.190 - - [18/Sep/2020:11:09:10 +0800] "GET /xingrg/all/function/internal_message.html?_=1600398549520&CODE_STATE=getMsg HTTP/1.1" 200 27
180.162.245.190 - - [18/Sep/2020:11:09:14 +0800] "GET /xingrg/kc/buy/cgsh_order_operate.html?command=get_materiel&rest_code=00105&code=00101009011&supplier_code=00100024&order_time=2020-09-18 HTTP/1.1" 200 416
58.37.9.106 - - [18/Sep/2020:11:09:15 +0800] "GET /xingrg/all/function/internal_message.html?_=1600398175500&CODE_STATE=getMsg HTTP/1.1" 200 27
58.37.9.106 - - [18/Sep/2020:11:09:15 +0800] "GET /xingrg/check_reg.html?_=1600398175639 HTTP/1.1" 200 22
172.17.0.115 - - [18/Sep/2020:11:09:18 +0800] "GET /xingrg/check_reg.html?_=1600398572023 HTTP/1.1" 200 22
172.17.0.115 - - [18/Sep/2020:11:09:19 +0800] "GET /xingrg/all/function/internal_message.html?_=1600398572829&CODE_STATE=getMsg HTTP/1.1" 200 27
180.162.245.190 - - [18/Sep/2020:11:09:21 +0800] "GET /xingrg/kc/buy/cgsh_order_operate.html?command=get_materiel&rest_code=00105&code=00101008507&supplier_code=00100024&order_time=2020-09-18 HTTP/1.1" 200 395
120.253.135.82 - - [18/Sep/2020:11:09:22 +0800] "GET /xingrg/all/function/internal_message.html?_=1600398671088&CODE_STATE=getMsg HTTP/1.1" 200 27
114.88.166.242 - - [18/Sep/2020:11:09:23 +0800] "GET /xingrg/all/function/internal_message.html?_=1600398557790&CODE_STATE=getMsg HTTP/1.1" 200 27
180.162.245.190 - - [18/Sep/2020:11:09:28 +0800] "GET /xingrg/kc/buy/cgsh_order_operate.html?command=get_materiel&rest_code=00105&code=00101009019&supplier_code=00100024&order_time=2020-09-18 HTTP/1.1" 200 433
117.185.32.26 - - [18/Sep/2020:11:09:28 +0800] "GET /xingrg/all/function/internal_message.html?_=1600398563926&CODE_STATE=getMsg HTTP/1.1" 200 27
180.162.245.190 - - [18/Sep/2020:11:09:35 +0800] "GET /xingrg/kc/buy/cgsh_order_operate.html?command=get_materiel&rest_code=00105&code=00101009062&supplier_code=00100024&order_time=2020-09-18 HTTP/1.1" 200 433
114.88.166.242 - - [18/Sep/2020:11:09:36 +0800] "GET /xingrg/all/function/internal_message.html?_=1600398641037&CODE_STATE=getMsg HTTP/1.1" 200 27
218.81.217.115 - - [18/Sep/2020:11:09:37 +0800] "GET /xingrg/all/function/internal_message.html?_=1600398588158&CODE_STATE=getMsg HTTP/1.1" 200 27
172.17.200.101 - - [18/Sep/2020:11:09:42 +0800] "GET /xingrg/all/function/internal_message.html?_=1600398582267&CODE_STATE=getMsg HTTP/1.1" 200 27
180.171.130.158 - - [18/Sep/2020:11:09:42 +0800] "POST /xingrg/services/DataTransmitService HTTP/1.1" 200 524
180.171.130.158 - - [18/Sep/2020:11:09:44 +0800] "POST /xingrg/services/DataTransmitService HTTP/1.1" 200 501
172.17.0.120 - - [18/Sep/2020:11:09:45 +0800] "GET /xingrg/all/function/internal_message.html?_=1600398582817&CODE_STATE=getMsg HTTP/1.1" 200 27
180.171.130.158 - - [18/Sep/2020:11:09:45 +0800] "POST /xingrg/services/DataTransmitService HTTP/1.1" 200 501
116.238.71.173 - - [18/Sep/2020:11:09:47 +0800] "POST /xingrg/kc/buy/cgsh_order_operate.html HTTP/1.1" 200 37
124.76.236.61 - - [18/Sep/2020:11:09:49 +0800] "GET /xingrg/all/function/internal_message.html?_=1600398596718&CODE_STATE=getMsg HTTP/1.1" 200 27
124.76.236.61 - - [18/Sep/2020:11:09:49 +0800] "GET /xingrg/check_reg.html?_=1600398596721 HTTP/1.1" 200 22
180.171.130.158 - - [18/Sep/2020:11:09:50 +0800] "POST /xingrg/services/DataTransmitService HTTP/1.1" 200 501
116.238.71.173 - - [18/Sep/2020:11:09:50 +0800] "POST /xingrg/kc/buy/cgsh_order_operate.html HTTP/1.1" 200 12
114.88.166.242 - - [18/Sep/2020:11:09:51 +0800] "GET /xingrg/all/function/internal_message.html?_=1600398586016&CODE_STATE=getMsg HTTP/1.1" 200 27
116.238.71.173 - - [18/Sep/2020:11:09:51 +0800] "GET /xingrg/kc/buy/cgsh_order_info.html?code=212020091807635 HTTP/1.1" 200 54606
116.238.71.173 - - [18/Sep/2020:11:09:52 +0800] "GET /xingrg/words/20200918074315_words.js HTTP/1.1" 304 -
116.238.71.173 - - [18/Sep/2020:11:09:52 +0800] "GET /xingrg/all/function/internal_message.html?_=1600398589810&CODE_STATE=getMsg HTTP/1.1" 200 27
116.238.71.173 - - [18/Sep/2020:11:09:52 +0800] "GET /xingrg/javascript/easyui/themes/default/validatebox.css HTTP/1.1" 404 1104
172.17.0.100 - - [18/Sep/2020:11:09:52 +0800] "GET /xingrg/all/function/internal_message.html?_=1600398589237&CODE_STATE=getMsg HTTP/1.1" 200 27
116.238.71.173 - - [18/Sep/2020:11:09:52 +0800] "POST /xingrg/kc/buy/cgsh_order_operate.html HTTP/1.1" 200 4422
180.162.245.190 - - [18/Sep/2020:11:09:53 +0800] "GET /xingrg/kc/buy/cgsh_order_operate.html?command=get_materiel&rest_code=00105&code=00101009016&supplier_code=00100024&order_time=2020-09-18 HTTP/1.1" 200 414
116.238.71.173 - - [18/Sep/2020:11:09:53 +0800] "GET /xingrg/kc/print/load_data.html?order_code=212020091807635&kc_code=cgsh&condition= HTTP/1.1" 200 2392
180.157.253.48 - - [18/Sep/2020:11:09:54 +0800] "GET /xingrg/all/function/internal_message.html?_=1600398594828&CODE_STATE=getMsg HTTP/1.1" 200 27
180.171.130.158 - - [18/Sep/2020:11:09:56 +0800] "POST /xingrg/services/DataTransmitService HTTP/1.1" 200 501
180.171.130.158 - - [18/Sep/2020:11:09:56 +0800] "POST /xingrg/services/DataTransmitService HTTP/1.1" 200 501
58.40.7.146 - - [18/Sep/2020:11:09:56 +0800] "GET /xingrg/all/function/internal_message.html?_=1600398594528&CODE_STATE=getMsg HTTP/1.1" 200 27
180.171.130.158 - - [18/Sep/2020:11:09:57 +0800] "POST /xingrg/services/DataTransmitService HTTP/1.1" 200 501
180.171.130.158 - - [18/Sep/2020:11:09:57 +0800] "POST /xingrg/services/DataTransmitService HTTP/1.1" 200 501
116.230.74.197 - - [18/Sep/2020:11:09:58 +0800] "POST /xingrg/kc/buy/cgsh_order_operate.html HTTP/1.1" 200 37
180.171.130.158 - - [18/Sep/2020:11:09:58 +0800] "POST /xingrg/services/DataTransmitService HTTP/1.1" 200 501
180.171.130.158 - - [18/Sep/2020:11:09:58 +0800] "POST /xingrg/services/DataTransmitService HTTP/1.1" 200 501
172.17.0.123 - - [18/Sep/2020:11:09:58 +0800] "GET /xingrg/all/function/internal_message.html?_=1600398594263&CODE_STATE=getMsg HTTP/1.1" 200 27
116.230.74.197 - - [18/Sep/2020:11:10:00 +0800] "POST /xingrg/kc/buy/cgsh_order_operate.html HTTP/1.1" 200 3850
180.171.130.158 - - [18/Sep/2020:11:10:00 +0800] "POST /xingrg/services/DataTransmitService HTTP/1.1" 200 412
58.40.7.146 - - [18/Sep/2020:11:10:01 +0800] "GET /xingrg/all/function/internal_message.html?_=1600398599362&CODE_STATE=getMsg HTTP/1.1" 200 27
180.162.245.190 - - [18/Sep/2020:11:10:03 +0800] "GET /xingrg/kc/buy/cgsh_order_operate.html?command=get_materiel&rest_code=00105&code=00101009013&supplier_code=00100024&order_time=2020-09-18 HTTP/1.1" 200 420
117.131.5.26 - - [18/Sep/2020:11:10:03 +0800] "GET /xingrg/all/function/internal_message.html?_=1600398620981&CODE_STATE=getMsg HTTP/1.1" 200 27
116.230.74.197 - - [18/Sep/2020:11:10:04 +0800] "GET /xingrg/kc/print/load_data.html?order_code=212020091807636&kc_code=cgsh&condition= HTTP/1.1" 200 1136
180.162.245.190 - - [18/Sep/2020:11:10:04 +0800] "GET /xingrg/check_reg.html?_=1600398587157 HTTP/1.1" 200 22
180.162.245.190 - - [18/Sep/2020:11:10:04 +0800] "GET /xingrg/all/function/internal_message.html?_=1600398587160&CODE_STATE=getMsg HTTP/1.1" 200 27
58.40.7.146 - - [18/Sep/2020:11:10:08 +0800] "GET /xingrg/all/function/internal_message.html?_=1600398606570&CODE_STATE=getMsg HTTP/1.1" 200 27
180.162.245.190 - - [18/Sep/2020:11:10:10 +0800] "GET /xingrg/all/function/internal_message.html?_=1600398609489&CODE_STATE=getMsg HTTP/1.1" 200 27
58.37.9.106 - - [18/Sep/2020:11:10:15 +0800] "GET /xingrg/all/function/internal_message.html?_=1600398235475&CODE_STATE=getMsg HTTP/1.1" 200 27
172.17.0.115 - - [18/Sep/2020:11:10:19 +0800] "GET /xingrg/all/function/internal_message.html?_=1600398632842&CODE_STATE=getMsg HTTP/1.1" 200 27
116.238.71.173 - - [18/Sep/2020:11:10:20 +0800] "GET /xingrg/kc/base/yddb_order_list.html HTTP/1.1" 200 16949
116.238.71.173 - - [18/Sep/2020:11:10:21 +0800] "POST /xingrg/kc/base/yddb_list_operate.html HTTP/1.1" 200 636
116.238.71.173 - - [18/Sep/2020:11:10:22 +0800] "GET /xingrg/kc/base/yddb_order_add.html HTTP/1.1" 200 29561
120.253.135.82 - - [18/Sep/2020:11:10:22 +0800] "GET /xingrg/all/function/internal_message.html?_=1600398731270&CODE_STATE=getMsg HTTP/1.1" 200 27
116.238.71.173 - - [18/Sep/2020:11:10:22 +0800] "GET /xingrg/dwr/interface/AjaxComOrderService.js HTTP/1.1" 200 18264
116.238.71.173 - - [18/Sep/2020:11:10:22 +0800] "GET /xingrg/dwr/interface/AjaxYddbService.js HTTP/1.1" 200 13201
116.238.71.173 - - [18/Sep/2020:11:10:22 +0800] "GET /xingrg/dwr/engine.js HTTP/1.1" 200 43631
116.230.74.197 - - [18/Sep/2020:11:10:23 +0800] "GET /xingrg/kc/buy/cgsh_order_add.html HTTP/1.1" 200 59828
114.88.166.242 - - [18/Sep/2020:11:10:23 +0800] "GET /xingrg/all/function/internal_message.html?_=1600398617860&CODE_STATE=getMsg HTTP/1.1" 200 27
116.230.74.197 - - [18/Sep/2020:11:10:23 +0800] "GET /xingrg/words/20200918074315_words.js HTTP/1.1" 304 -
116.230.74.197 - - [18/Sep/2020:11:10:24 +0800] "GET /xingrg/javascript/easyui/themes/default/validatebox.css HTTP/1.1" 404 1104
116.230.74.197 - - [18/Sep/2020:11:10:24 +0800] "POST /xingrg/kc/buy/cgsh_order_operate.html HTTP/1.1" 200 8245
116.238.71.173 - - [18/Sep/2020:11:10:24 +0800] "POST /xingrg/dwr/call/plaincall/AjaxYddbService.getRestBases.dwr HTTP/1.1" 200 1514
117.185.32.26 - - [18/Sep/2020:11:10:28 +0800] "GET /xingrg/all/function/internal_message.html?_=1600398623920&CODE_STATE=getMsg HTTP/1.1" 200 27
116.238.71.173 - - [18/Sep/2020:11:10:29 +0800] "POST /xingrg/dwr/call/plaincall/AjaxYddbService.saveOrder.dwr HTTP/1.1" 200 78
116.238.71.173 - - [18/Sep/2020:11:10:30 +0800] "GET /xingrg/images/yd/bt.gif HTTP/1.1" 404 1040
116.238.71.173 - - [18/Sep/2020:11:10:33 +0800] "POST /xingrg/dwr/call/plaincall/AjaxComOrderService.getMaterielSearchList.dwr HTTP/1.1" 200 1301
116.238.71.173 - - [18/Sep/2020:11:10:34 +0800] "POST /xingrg/dwr/call/plaincall/AjaxComOrderService.getMaterielSearchList.dwr HTTP/1.1" 200 464
116.238.71.173 - - [18/Sep/2020:11:10:35 +0800] "POST /xingrg/dwr/call/plaincall/AjaxYddbService.getMaterielByMap.dwr HTTP/1.1" 200 3744
114.88.166.242 - - [18/Sep/2020:11:10:36 +0800] "GET /xingrg/all/function/internal_message.html?_=1600398701040&CODE_STATE=getMsg HTTP/1.1" 200 27
116.238.71.173 - - [18/Sep/2020:11:10:37 +0800] "POST /xingrg/dwr/call/plaincall/AjaxYddbService.getUnitPrice.dwr HTTP/1.1" 200 87
218.81.217.115 - - [18/Sep/2020:11:10:37 +0800] "GET /xingrg/all/function/internal_message.html?_=1600398648172&CODE_STATE=getMsg HTTP/1.1" 200 27
116.238.71.173 - - [18/Sep/2020:11:10:41 +0800] "POST /xingrg/dwr/call/plaincall/AjaxYddbService.saveMaterielItem.dwr HTTP/1.1" 200 78
172.17.200.101 - - [18/Sep/2020:11:10:42 +0800] "GET /xingrg/all/function/internal_message.html?_=1600398642265&CODE_STATE=getMsg HTTP/1.1" 200 27
116.238.71.173 - - [18/Sep/2020:11:10:43 +0800] "POST /xingrg/dwr/call/plaincall/AjaxComOrderService.getMaterielSearchList.dwr HTTP/1.1" 200 1301
116.238.71.173 - - [18/Sep/2020:11:10:44 +0800] "POST /xingrg/dwr/call/plaincall/AjaxComOrderService.getMaterielSearchList.dwr HTTP/1.1" 200 464
172.17.0.120 - - [18/Sep/2020:11:10:45 +0800] "GET /xingrg/all/function/internal_message.html?_=1600398642821&CODE_STATE=getMsg HTTP/1.1" 200 27
172.17.0.120 - - [18/Sep/2020:11:10:45 +0800] "GET /xingrg/check_reg.html?_=1600398642824 HTTP/1.1" 200 22
116.238.71.173 - - [18/Sep/2020:11:10:45 +0800] "POST /xingrg/dwr/call/plaincall/AjaxYddbService.getMaterielByMap.dwr HTTP/1.1" 200 3749
116.238.71.173 - - [18/Sep/2020:11:10:47 +0800] "POST /xingrg/dwr/call/plaincall/AjaxYddbService.getUnitPrice.dwr HTTP/1.1" 200 87
124.76.236.61 - - [18/Sep/2020:11:10:49 +0800] "GET /xingrg/all/function/internal_message.html?_=1600398656729&CODE_STATE=getMsg HTTP/1.1" 200 27
116.238.71.173 - - [18/Sep/2020:11:10:49 +0800] "GET /xingrg/images/yd/bt2.gif HTTP/1.1" 404 1042
116.238.71.173 - - [18/Sep/2020:11:10:50 +0800] "POST /xingrg/dwr/call/plaincall/AjaxYddbService.saveMaterielItem.dwr HTTP/1.1" 200 79
114.88.166.242 - - [18/Sep/2020:11:10:51 +0800] "GET /xingrg/all/function/internal_message.html?_=1600398646018&CODE_STATE=getMsg HTTP/1.1" 200 27
116.238.71.173 - - [18/Sep/2020:11:10:52 +0800] "GET /xingrg/all/function/internal_message.html?_=1600398649833&CODE_STATE=getMsg HTTP/1.1" 200 27
172.17.0.100 - - [18/Sep/2020:11:10:52 +0800] "GET /xingrg/all/function/internal_message.html?_=1600398649236&CODE_STATE=getMsg HTTP/1.1" 200 27
180.157.253.48 - - [18/Sep/2020:11:10:54 +0800] "GET /xingrg/all/function/internal_message.html?_=1600398654843&CODE_STATE=getMsg HTTP/1.1" 200 27
116.230.74.197 - - [18/Sep/2020:11:10:55 +0800] "GET /xingrg/all/function/internal_message.html?_=1600398644981&CODE_STATE=getMsg HTTP/1.1" 200 27
58.40.7.146 - - [18/Sep/2020:11:10:56 +0800] "GET /xingrg/all/function/internal_message.html?_=1600398654533&CODE_STATE=getMsg HTTP/1.1" 200 27
58.40.7.146 - - [18/Sep/2020:11:10:56 +0800] "GET /xingrg/check_reg.html?_=1600398654535 HTTP/1.1" 200 22
120.253.135.82 - - [18/Sep/2020:11:10:57 +0800] "GET /xingrg/check_reg.html?_=1600398766264 HTTP/1.1" 200 22
180.162.245.190 - - [18/Sep/2020:11:10:58 +0800] "GET /xingrg/kc/buy/cgsh_order_operate.html?command=get_materiel&rest_code=00105&code=00101009112&supplier_code=00100024&order_time=2020-09-18 HTTP/1.1" 200 411
172.17.0.123 - - [18/Sep/2020:11:10:58 +0800] "GET /xingrg/all/function/internal_message.html?_=1600398654265&CODE_STATE=getMsg HTTP/1.1" 200 27
58.40.7.146 - - [18/Sep/2020:11:11:01 +0800] "GET /xingrg/all/function/internal_message.html?_=1600398659366&CODE_STATE=getMsg HTTP/1.1" 200 27
117.131.5.26 - - [18/Sep/2020:11:11:03 +0800] "GET /xingrg/all/function/internal_message.html?_=1600398680981&CODE_STATE=getMsg HTTP/1.1" 200 27
180.162.245.190 - - [18/Sep/2020:11:11:04 +0800] "GET /xingrg/all/function/internal_message.html?_=1600398647160&CODE_STATE=getMsg HTTP/1.1" 200 27
180.162.245.190 - - [18/Sep/2020:11:11:04 +0800] "GET /xingrg/system/info/materiel_import.html?isSelect=1&singleSelect=false HTTP/1.1" 200 5600
180.162.245.190 - - [18/Sep/2020:11:11:05 +0800] "GET /favicon.ico HTTP/1.1" 404 -
180.162.245.190 - - [18/Sep/2020:11:11:05 +0800] "POST /xingrg/all/common/load_tree.html?tree=materiel_sort_tree_json HTTP/1.1" 200 8666
218.81.217.115 - - [18/Sep/2020:11:11:08 +0800] "POST /xingrg/kc/buy/cgsh_order_operate.html HTTP/1.1" 200 37
58.40.7.146 - - [18/Sep/2020:11:11:08 +0800] "GET /xingrg/all/function/internal_message.html?_=1600398666558&CODE_STATE=getMsg HTTP/1.1" 200 27
180.162.245.190 - - [18/Sep/2020:11:11:10 +0800] "GET /xingrg/all/function/internal_message.html?_=1600398669464&CODE_STATE=getMsg HTTP/1.1" 200 27
180.162.245.190 - - [18/Sep/2020:11:11:10 +0800] "GET /xingrg/check_reg.html?_=1600398669689 HTTP/1.1" 200 22
218.81.217.115 - - [18/Sep/2020:11:11:11 +0800] "POST /xingrg/kc/buy/cgsh_order_operate.html HTTP/1.1" 200 12
114.88.166.242 - - [18/Sep/2020:11:11:11 +0800] "GET /xingrg/check_reg.html?_=1600398665587 HTTP/1.1" 200 22
218.81.217.115 - - [18/Sep/2020:11:11:13 +0800] "GET /xingrg/kc/buy/cgsh_order_info.html?code=212020091707338 HTTP/1.1" 200 54694
218.81.217.115 - - [18/Sep/2020:11:11:14 +0800] "GET /xingrg/javascript/easyui/themes/default/validatebox.css HTTP/1.1" 404 1104
218.81.217.115 - - [18/Sep/2020:11:11:15 +0800] "POST /xingrg/kc/buy/cgsh_order_operate.html HTTP/1.1" 200 4171
58.37.9.106 - - [18/Sep/2020:11:11:15 +0800] "GET /xingrg/all/function/internal_message.html?_=1600398295447&CODE_STATE=getMsg HTTP/1.1" 200 27
172.17.0.115 - - [18/Sep/2020:11:11:19 +0800] "GET /xingrg/all/function/internal_message.html?_=1600398692855&CODE_STATE=getMsg HTTP/1.1" 200 27
117.131.5.26 - - [18/Sep/2020:11:11:21 +0800] "GET /xingrg/javascript/auto/indicator.gif HTTP/1.1" 404 1066
180.162.245.190 - - [18/Sep/2020:11:11:22 +0800] "GET /xingrg/kc/buy/cgsh_order_operate.html?command=get_materiel&rest_code=00105&code=00101009007&supplier_code=00100024&order_time=2020-09-18 HTTP/1.1" 200 408
120.253.135.82 - - [18/Sep/2020:11:11:22 +0800] "GET /xingrg/all/function/internal_message.html?_=1600398791271&CODE_STATE=getMsg HTTP/1.1" 200 27
114.88.166.242 - - [18/Sep/2020:11:11:23 +0800] "GET /xingrg/all/function/internal_message.html?_=1600398677869&CODE_STATE=getMsg HTTP/1.1" 200 27
116.238.216.197 - - [18/Sep/2020:11:11:24 +0800] "GET /xingrg/check_reg.html?_=1600398890510 HTTP/1.1" 200 22
117.131.5.26 - - [18/Sep/2020:11:11:25 +0800] "GET /xingrg/kc/buy/cgsh_order_operate.html?command=get_materiel&rest_code=00104&code=00101006133&supplier_code=00100012&order_time=2020-09-18 HTTP/1.1" 200 413
117.185.32.26 - - [18/Sep/2020:11:11:28 +0800] "GET /xingrg/all/function/internal_message.html?_=1600398683899&CODE_STATE=getMsg HTTP/1.1" 200 27
