114.88.166.242 - - [18/Sep/2020:08:17:23 +0800] "GET /xingrg/index.html?sysBaseUrl=http%3A%2F%2F180.169.147.146%3A18081%2Fxingrg%2F&costTime=38×tamp=1588335986102 HTTP/1.1" 302 -
114.88.166.242 - - [18/Sep/2020:08:17:23 +0800] "GET /xingrg/login.html HTTP/1.1" 200 7641
114.88.166.242 - - [18/Sep/2020:08:17:24 +0800] "GET /favicon.ico HTTP/1.1" 404 -
116.238.71.173 - - [18/Sep/2020:08:17:48 +0800] "GET /xingrg/all/function/internal_message.html?_=1600388386776&CODE_STATE=getMsg HTTP/1.1" 200 27
116.238.71.173 - - [18/Sep/2020:08:18:00 +0800] "GET /xingrg/all/function/internal_message.html?_=1600388278090&CODE_STATE=getMsg HTTP/1.1" 200 27
116.238.71.173 - - [18/Sep/2020:08:18:00 +0800] "GET /xingrg/check_reg.html?_=1600388278091 HTTP/1.1" 200 22
120.253.135.82 - - [18/Sep/2020:08:18:08 +0800] "GET /xingrg/all/function/internal_message.html?_=1600388397967&CODE_STATE=getMsg HTTP/1.1" 200 27
218.81.217.115 - - [18/Sep/2020:08:18:11 +0800] "GET /xingrg/check_reg.html?_=1600388302062 HTTP/1.1" 200 22
218.81.217.115 - - [18/Sep/2020:08:18:12 +0800] "GET /xingrg/all/function/internal_message.html?_=1600388303246&CODE_STATE=getMsg HTTP/1.1" 200 27
114.88.166.242 - - [18/Sep/2020:08:18:17 +0800] "GET /xingrg/all/function/internal_message.html?_=1600388292317&CODE_STATE=getMsg HTTP/1.1" 200 27
172.17.0.115 - - [18/Sep/2020:08:18:19 +0800] "GET /xingrg/all/function/internal_message.html?_=1600388312034&CODE_STATE=getMsg HTTP/1.1" 200 27
116.238.71.173 - - [18/Sep/2020:08:18:48 +0800] "GET /xingrg/all/function/internal_message.html?_=1600388446803&CODE_STATE=getMsg HTTP/1.1" 200 27
116.238.71.173 - - [18/Sep/2020:08:19:00 +0800] "GET /xingrg/all/function/internal_message.html?_=1600388338140&CODE_STATE=getMsg HTTP/1.1" 200 27
120.253.135.82 - - [18/Sep/2020:08:19:08 +0800] "GET /xingrg/all/function/internal_message.html?_=1600388457968&CODE_STATE=getMsg HTTP/1.1" 200 27
218.81.217.115 - - [18/Sep/2020:08:19:12 +0800] "GET /xingrg/all/function/internal_message.html?_=1600388363260&CODE_STATE=getMsg HTTP/1.1" 200 27
114.88.166.242 - - [18/Sep/2020:08:19:17 +0800] "GET /xingrg/all/function/internal_message.html?_=1600388352331&CODE_STATE=getMsg HTTP/1.1" 200 27
172.17.0.115 - - [18/Sep/2020:08:19:19 +0800] "GET /xingrg/all/function/internal_message.html?_=1600388372060&CODE_STATE=getMsg HTTP/1.1" 200 27
116.238.71.173 - - [18/Sep/2020:08:19:48 +0800] "GET /xingrg/all/function/internal_message.html?_=1600388506803&CODE_STATE=getMsg HTTP/1.1" 200 27
116.238.71.173 - - [18/Sep/2020:08:20:00 +0800] "GET /xingrg/all/function/internal_message.html?_=1600388398187&CODE_STATE=getMsg HTTP/1.1" 200 27
172.17.0.115 - - [18/Sep/2020:08:20:01 +0800] "GET /xingrg/check_reg.html?_=1600388414200 HTTP/1.1" 200 22
120.253.135.82 - - [18/Sep/2020:08:20:08 +0800] "GET /xingrg/all/function/internal_message.html?_=1600388518142&CODE_STATE=getMsg HTTP/1.1" 200 27
218.81.217.115 - - [18/Sep/2020:08:20:12 +0800] "GET /xingrg/all/function/internal_message.html?_=1600388423275&CODE_STATE=getMsg HTTP/1.1" 200 27
114.88.166.242 - - [18/Sep/2020:08:20:17 +0800] "GET /xingrg/all/function/internal_message.html?_=1600388412392&CODE_STATE=getMsg HTTP/1.1" 200 27
172.17.0.115 - - [18/Sep/2020:08:20:19 +0800] "GET /xingrg/all/function/internal_message.html?_=1600388432076&CODE_STATE=getMsg HTTP/1.1" 200 27
58.37.9.106 - - [18/Sep/2020:08:20:27 +0800] "POST /xingrg/services/DataTransmitService HTTP/1.1" 200 524
116.238.71.173 - - [18/Sep/2020:08:20:48 +0800] "GET /xingrg/all/function/internal_message.html?_=1600388566831&CODE_STATE=getMsg HTTP/1.1" 200 27
120.253.135.82 - - [18/Sep/2020:08:20:56 +0800] "GET /xingrg/check_reg.html?_=1600388566080 HTTP/1.1" 200 22
116.238.71.173 - - [18/Sep/2020:08:21:00 +0800] "GET /xingrg/all/function/internal_message.html?_=1600388458249&CODE_STATE=getMsg HTTP/1.1" 200 27
120.253.135.82 - - [18/Sep/2020:08:21:08 +0800] "GET /xingrg/all/function/internal_message.html?_=1600388578151&CODE_STATE=getMsg HTTP/1.1" 200 27
114.88.166.242 - - [18/Sep/2020:08:21:10 +0800] "GET /xingrg/check_reg.html?_=1600388465345 HTTP/1.1" 200 22
218.81.217.115 - - [18/Sep/2020:08:21:13 +0800] "GET /xingrg/all/function/internal_message.html?_=1600388483669&CODE_STATE=getMsg HTTP/1.1" 200 27
114.88.166.242 - - [18/Sep/2020:08:21:17 +0800] "GET /xingrg/all/function/internal_message.html?_=1600388472405&CODE_STATE=getMsg HTTP/1.1" 200 27
172.17.0.115 - - [18/Sep/2020:08:21:19 +0800] "GET /xingrg/all/function/internal_message.html?_=1600388492090&CODE_STATE=getMsg HTTP/1.1" 200 27
116.238.71.173 - - [18/Sep/2020:08:21:35 +0800] "GET /xingrg/check_reg.html?_=1600388613882 HTTP/1.1" 200 22
116.238.71.173 - - [18/Sep/2020:08:21:48 +0800] "GET /xingrg/all/function/internal_message.html?_=1600388626845&CODE_STATE=getMsg HTTP/1.1" 200 27
116.238.71.173 - - [18/Sep/2020:08:22:00 +0800] "GET /xingrg/all/function/internal_message.html?_=1600388518297&CODE_STATE=getMsg HTTP/1.1" 200 27
120.253.135.82 - - [18/Sep/2020:08:22:08 +0800] "GET /xingrg/all/function/internal_message.html?_=1600388638168&CODE_STATE=getMsg HTTP/1.1" 200 27
218.81.217.115 - - [18/Sep/2020:08:22:13 +0800] "GET /xingrg/all/function/internal_message.html?_=1600388543674&CODE_STATE=getMsg HTTP/1.1" 200 27
114.88.166.242 - - [18/Sep/2020:08:22:17 +0800] "GET /xingrg/all/function/internal_message.html?_=1600388532420&CODE_STATE=getMsg HTTP/1.1" 200 27
172.17.0.115 - - [18/Sep/2020:08:22:19 +0800] "GET /xingrg/all/function/internal_message.html?_=1600388552119&CODE_STATE=getMsg HTTP/1.1" 200 27
114.88.166.242 - - [18/Sep/2020:08:22:45 +0800] "POST /xingrg/login.do HTTP/1.1" 302 -
114.88.166.242 - - [18/Sep/2020:08:22:45 +0800] "GET /xingrg/index.html?sysBaseUrl=http%3A%2F%2F180.169.147.146%3A18081%2Fxingrg%2F&costTime=36×tamp=1600388565720 HTTP/1.1" 200 17173
114.88.166.242 - - [18/Sep/2020:08:22:46 +0800] "POST /xingrg/all/common/load_tree.html?tree=area_rest_tree_json&manage=1 HTTP/1.1" 200 342
114.88.166.242 - - [18/Sep/2020:08:22:46 +0800] "GET /xingrg/all/function/internal_message.html?_=1600388630782&CODE_STATE=count HTTP/1.1" 200 11
114.88.166.242 - - [18/Sep/2020:08:22:46 +0800] "GET /xingrg/check_reg.html?_=1600388630783 HTTP/1.1" 200 22
114.88.166.242 - - [18/Sep/2020:08:22:46 +0800] "GET /favicon.ico HTTP/1.1" 404 -
114.88.166.242 - - [18/Sep/2020:08:22:46 +0800] "POST /xingrg/load_menu.html HTTP/1.1" 200 5138
116.238.71.173 - - [18/Sep/2020:08:22:48 +0800] "GET /xingrg/all/function/internal_message.html?_=1600388686859&CODE_STATE=getMsg HTTP/1.1" 200 27
116.238.71.173 - - [18/Sep/2020:08:23:00 +0800] "GET /xingrg/check_reg.html?_=1600388578344 HTTP/1.1" 200 22
116.238.71.173 - - [18/Sep/2020:08:23:00 +0800] "GET /xingrg/all/function/internal_message.html?_=1600388578345&CODE_STATE=getMsg HTTP/1.1" 200 27
120.253.135.82 - - [18/Sep/2020:08:23:09 +0800] "GET /xingrg/all/function/internal_message.html?_=1600388698331&CODE_STATE=getMsg HTTP/1.1" 200 27
218.81.217.115 - - [18/Sep/2020:08:23:11 +0800] "GET /xingrg/check_reg.html?_=1600388602441 HTTP/1.1" 200 22
218.81.217.115 - - [18/Sep/2020:08:23:13 +0800] "GET /xingrg/all/function/internal_message.html?_=1600388603688&CODE_STATE=getMsg HTTP/1.1" 200 27
114.88.166.242 - - [18/Sep/2020:08:23:17 +0800] "GET /xingrg/all/function/internal_message.html?_=1600388592480&CODE_STATE=getMsg HTTP/1.1" 200 27
172.17.0.115 - - [18/Sep/2020:08:23:19 +0800] "GET /xingrg/all/function/internal_message.html?_=1600388612133&CODE_STATE=getMsg HTTP/1.1" 200 27
114.88.166.242 - - [18/Sep/2020:08:23:46 +0800] "GET /xingrg/all/function/internal_message.html?_=1600388690795&CODE_STATE=getMsg HTTP/1.1" 200 27
116.238.71.173 - - [18/Sep/2020:08:23:48 +0800] "GET /xingrg/all/function/internal_message.html?_=1600388746889&CODE_STATE=getMsg HTTP/1.1" 200 27
116.238.71.173 - - [18/Sep/2020:08:24:00 +0800] "GET /xingrg/all/function/internal_message.html?_=1600388638392&CODE_STATE=getMsg HTTP/1.1" 200 27
120.253.135.82 - - [18/Sep/2020:08:24:09 +0800] "GET /xingrg/all/function/internal_message.html?_=1600388758333&CODE_STATE=getMsg HTTP/1.1" 200 27
218.81.217.115 - - [18/Sep/2020:08:24:13 +0800] "GET /xingrg/all/function/internal_message.html?_=1600388663702&CODE_STATE=getMsg HTTP/1.1" 200 27
114.88.166.242 - - [18/Sep/2020:08:24:18 +0800] "GET /xingrg/all/function/internal_message.html?_=1600388652493&CODE_STATE=getMsg HTTP/1.1" 200 27
172.17.0.115 - - [18/Sep/2020:08:24:19 +0800] "GET /xingrg/all/function/internal_message.html?_=1600388672154&CODE_STATE=getMsg HTTP/1.1" 200 27
114.88.166.242 - - [18/Sep/2020:08:24:46 +0800] "GET /xingrg/all/function/internal_message.html?_=1600388750796&CODE_STATE=getMsg HTTP/1.1" 200 27
116.238.71.173 - - [18/Sep/2020:08:24:48 +0800] "GET /xingrg/all/function/internal_message.html?_=1600388806903&CODE_STATE=getMsg HTTP/1.1" 200 27
116.238.71.173 - - [18/Sep/2020:08:25:00 +0800] "GET /xingrg/all/function/internal_message.html?_=1600388698439&CODE_STATE=getMsg HTTP/1.1" 200 27
172.17.0.115 - - [18/Sep/2020:08:25:01 +0800] "GET /xingrg/check_reg.html?_=1600388714208 HTTP/1.1" 200 22
120.253.135.82 - - [18/Sep/2020:08:25:09 +0800] "GET /xingrg/all/function/internal_message.html?_=1600388818506&CODE_STATE=getMsg HTTP/1.1" 200 27
218.81.217.115 - - [18/Sep/2020:08:25:13 +0800] "GET /xingrg/all/function/internal_message.html?_=1600388723715&CODE_STATE=getMsg HTTP/1.1" 200 27
114.88.166.242 - - [18/Sep/2020:08:25:18 +0800] "GET /xingrg/all/function/internal_message.html?_=1600388712552&CODE_STATE=getMsg HTTP/1.1" 200 27
172.17.0.115 - - [18/Sep/2020:08:25:19 +0800] "GET /xingrg/all/function/internal_message.html?_=1600388732160&CODE_STATE=getMsg HTTP/1.1" 200 27
114.88.166.242 - - [18/Sep/2020:08:25:46 +0800] "GET /xingrg/all/function/internal_message.html?_=1600388810797&CODE_STATE=getMsg HTTP/1.1" 200 27
116.238.71.173 - - [18/Sep/2020:08:25:48 +0800] "GET /xingrg/all/function/internal_message.html?_=1600388866930&CODE_STATE=getMsg HTTP/1.1" 200 27
120.253.135.82 - - [18/Sep/2020:08:25:56 +0800] "GET /xingrg/check_reg.html?_=1600388866087 HTTP/1.1" 200 22
116.238.71.173 - - [18/Sep/2020:08:26:00 +0800] "GET /xingrg/all/function/internal_message.html?_=1600388758486&CODE_STATE=getMsg HTTP/1.1" 200 27
120.253.135.82 - - [18/Sep/2020:08:26:09 +0800] "GET /xingrg/all/function/internal_message.html?_=1600388878516&CODE_STATE=getMsg HTTP/1.1" 200 27
114.88.166.242 - - [18/Sep/2020:08:26:10 +0800] "GET /xingrg/check_reg.html?_=1600388765345 HTTP/1.1" 200 22
218.81.217.115 - - [18/Sep/2020:08:26:13 +0800] "GET /xingrg/all/function/internal_message.html?_=1600388784113&CODE_STATE=getMsg HTTP/1.1" 200 27
114.88.166.242 - - [18/Sep/2020:08:26:18 +0800] "GET /xingrg/all/function/internal_message.html?_=1600388772552&CODE_STATE=getMsg HTTP/1.1" 200 27
172.17.0.115 - - [18/Sep/2020:08:26:19 +0800] "GET /xingrg/all/function/internal_message.html?_=1600388792174&CODE_STATE=getMsg HTTP/1.1" 200 27
116.238.71.173 - - [18/Sep/2020:08:26:35 +0800] "GET /xingrg/check_reg.html?_=1600388913887 HTTP/1.1" 200 22
114.88.166.242 - - [18/Sep/2020:08:26:46 +0800] "GET /xingrg/all/function/internal_message.html?_=1600388870794&CODE_STATE=getMsg HTTP/1.1" 200 27
116.238.71.173 - - [18/Sep/2020:08:26:48 +0800] "GET /xingrg/all/function/internal_message.html?_=1600388926944&CODE_STATE=getMsg HTTP/1.1" 200 27
116.238.71.173 - - [18/Sep/2020:08:27:00 +0800] "GET /xingrg/all/function/internal_message.html?_=1600388818533&CODE_STATE=getMsg HTTP/1.1" 200 27
120.253.135.82 - - [18/Sep/2020:08:27:09 +0800] "GET /xingrg/all/function/internal_message.html?_=1600388938530&CODE_STATE=getMsg HTTP/1.1" 200 27
218.81.217.115 - - [18/Sep/2020:08:27:13 +0800] "GET /xingrg/all/function/internal_message.html?_=1600388844117&CODE_STATE=getMsg HTTP/1.1" 200 27
114.88.166.242 - - [18/Sep/2020:08:27:18 +0800] "GET /xingrg/all/function/internal_message.html?_=1600388832565&CODE_STATE=getMsg HTTP/1.1" 200 27
172.17.0.115 - - [18/Sep/2020:08:27:19 +0800] "GET /xingrg/all/function/internal_message.html?_=1600388852204&CODE_STATE=getMsg HTTP/1.1" 200 27
114.88.166.242 - - [18/Sep/2020:08:27:46 +0800] "GET /xingrg/check_reg.html?_=1600388930794 HTTP/1.1" 200 22
114.88.166.242 - - [18/Sep/2020:08:27:46 +0800] "GET /xingrg/all/function/internal_message.html?_=1600388930796&CODE_STATE=getMsg HTTP/1.1" 200 27
116.238.71.173 - - [18/Sep/2020:08:27:48 +0800] "GET /xingrg/all/function/internal_message.html?_=1600388986958&CODE_STATE=getMsg HTTP/1.1" 200 27
116.238.71.173 - - [18/Sep/2020:08:28:00 +0800] "GET /xingrg/all/function/internal_message.html?_=1600388878581&CODE_STATE=getMsg HTTP/1.1" 200 27
116.238.71.173 - - [18/Sep/2020:08:28:00 +0800] "GET /xingrg/check_reg.html?_=1600388878583 HTTP/1.1" 200 22
120.253.135.82 - - [18/Sep/2020:08:28:09 +0800] "GET /xingrg/all/function/internal_message.html?_=1600388998687&CODE_STATE=getMsg HTTP/1.1" 200 27
218.81.217.115 - - [18/Sep/2020:08:28:12 +0800] "GET /xingrg/check_reg.html?_=1600388902830 HTTP/1.1" 200 22
218.81.217.115 - - [18/Sep/2020:08:28:13 +0800] "GET /xingrg/all/function/internal_message.html?_=1600388904130&CODE_STATE=getMsg HTTP/1.1" 200 27
114.88.166.242 - - [18/Sep/2020:08:28:18 +0800] "GET /xingrg/all/function/internal_message.html?_=1600388892621&CODE_STATE=getMsg HTTP/1.1" 200 27
172.17.0.115 - - [18/Sep/2020:08:28:19 +0800] "GET /xingrg/all/function/internal_message.html?_=1600388912216&CODE_STATE=getMsg HTTP/1.1" 200 27
114.88.166.242 - - [18/Sep/2020:08:28:46 +0800] "GET /xingrg/all/function/internal_message.html?_=1600388990794&CODE_STATE=getMsg HTTP/1.1" 200 27
116.238.71.173 - - [18/Sep/2020:08:28:48 +0800] "GET /xingrg/all/function/internal_message.html?_=1600389046987&CODE_STATE=getMsg HTTP/1.1" 200 27
116.238.71.173 - - [18/Sep/2020:08:29:00 +0800] "GET /xingrg/all/function/internal_message.html?_=1600388938630&CODE_STATE=getMsg HTTP/1.1" 200 27
120.253.135.82 - - [18/Sep/2020:08:29:09 +0800] "GET /xingrg/all/function/internal_message.html?_=1600389058698&CODE_STATE=getMsg HTTP/1.1" 200 27
218.81.217.115 - - [18/Sep/2020:08:29:13 +0800] "GET /xingrg/all/function/internal_message.html?_=1600388964145&CODE_STATE=getMsg HTTP/1.1" 200 27
114.88.166.242 - - [18/Sep/2020:08:29:18 +0800] "GET /xingrg/all/function/internal_message.html?_=1600388952624&CODE_STATE=getMsg HTTP/1.1" 200 27
172.17.0.115 - - [18/Sep/2020:08:29:19 +0800] "GET /xingrg/all/function/internal_message.html?_=1600388972246&CODE_STATE=getMsg HTTP/1.1" 200 27
114.88.166.242 - - [18/Sep/2020:08:29:46 +0800] "GET /xingrg/all/function/internal_message.html?_=1600389050793&CODE_STATE=getMsg HTTP/1.1" 200 27
116.238.71.173 - - [18/Sep/2020:08:29:48 +0800] "GET /xingrg/all/function/internal_message.html?_=1600389107001&CODE_STATE=getMsg HTTP/1.1" 200 27
180.157.174.16 - - [18/Sep/2020:08:29:56 +0800] "GET /xingrg/login_supplier.html HTTP/1.1" 200 3208
180.157.174.16 - - [18/Sep/2020:08:29:57 +0800] "GET /favicon.ico HTTP/1.1" 404 -
180.157.174.16 - - [18/Sep/2020:08:29:57 +0800] "GET /xingrg/login_supplier.html HTTP/1.1" 200 3208
180.157.174.16 - - [18/Sep/2020:08:29:57 +0800] "GET /favicon.ico HTTP/1.1" 404 -
116.238.71.173 - - [18/Sep/2020:08:30:00 +0800] "GET /xingrg/all/function/internal_message.html?_=1600388998675&CODE_STATE=getMsg HTTP/1.1" 200 27
172.17.0.115 - - [18/Sep/2020:08:30:01 +0800] "GET /xingrg/check_reg.html?_=1600389014216 HTTP/1.1" 200 22
180.157.174.16 - - [18/Sep/2020:08:30:06 +0800] "POST /xingrg/login_supplier.html HTTP/1.1" 302 -
180.157.174.16 - - [18/Sep/2020:08:30:06 +0800] "GET /xingrg/supplier_index.html?sysBaseUrl=http%3A%2F%2F180.169.147.146%3A18081%2Fxingrg%2F&costTime=11×tamp=1600389006883 HTTP/1.1" 200 9061
180.157.174.16 - - [18/Sep/2020:08:30:07 +0800] "GET /favicon.ico HTTP/1.1" 404 -
180.157.174.16 - - [18/Sep/2020:08:30:08 +0800] "GET /xingrg/supplier/cgsh_order_list.html HTTP/1.1" 200 10896
180.157.174.16 - - [18/Sep/2020:08:30:09 +0800] "POST /xingrg/supplier/cgsh_list_operate.html HTTP/1.1" 200 6094
120.253.135.82 - - [18/Sep/2020:08:30:09 +0800] "GET /xingrg/all/function/internal_message.html?_=1600389118853&CODE_STATE=getMsg HTTP/1.1" 200 27
180.157.174.16 - - [18/Sep/2020:08:30:10 +0800] "GET /xingrg/javascript/jquery_tools/images/prev.gif HTTP/1.1" 404 1086
180.157.174.16 - - [18/Sep/2020:08:30:10 +0800] "GET /xingrg/javascript/jquery_tools/images/next.gif HTTP/1.1" 404 1086
218.81.217.115 - - [18/Sep/2020:08:30:13 +0800] "GET /xingrg/all/function/internal_message.html?_=1600389024157&CODE_STATE=getMsg HTTP/1.1" 200 27
114.88.166.242 - - [18/Sep/2020:08:30:18 +0800] "GET /xingrg/all/function/internal_message.html?_=1600389012679&CODE_STATE=getMsg HTTP/1.1" 200 27
172.17.0.115 - - [18/Sep/2020:08:30:19 +0800] "GET /xingrg/all/function/internal_message.html?_=1600389032259&CODE_STATE=getMsg HTTP/1.1" 200 27
180.157.174.16 - - [18/Sep/2020:08:30:20 +0800] "GET /xingrg/javascript/easyui/themes/default/tree.css HTTP/1.1" 404 1090
180.157.174.16 - - [18/Sep/2020:08:30:20 +0800] "POST /xingrg/all/common/load_tree.html?tree=area_rest_tree_json HTTP/1.1" 200 3216
114.88.166.242 - - [18/Sep/2020:08:30:25 +0800] "GET /xingrg/kc/buy/cgsh_order_list.html HTTP/1.1" 200 44043
114.88.166.242 - - [18/Sep/2020:08:30:26 +0800] "POST /xingrg/kc/buy/cgsh_list_operate.html HTTP/1.1" 200 876
180.157.174.16 - - [18/Sep/2020:08:30:27 +0800] "POST /xingrg/supplier/cgsh_list_operate.html HTTP/1.1" 200 5756
114.88.166.242 - - [18/Sep/2020:08:30:28 +0800] "GET /xingrg/kc/buy/cgsh_order_add.html HTTP/1.1" 200 59781
114.88.166.242 - - [18/Sep/2020:08:30:28 +0800] "GET /xingrg/words/20200918074315_words.js HTTP/1.1" 200 763584
114.88.166.242 - - [18/Sep/2020:08:30:28 +0800] "POST /xingrg/kc/buy/cgsh_order_operate.html HTTP/1.1" 200 8245
114.88.166.242 - - [18/Sep/2020:08:30:28 +0800] "GET /xingrg/javascript/easyui/themes/default/validatebox.css HTTP/1.1" 404 1104
114.88.166.242 - - [18/Sep/2020:08:30:28 +0800] "GET /xingrg/all/common/auto_word.html?type=employee&rest_code=00111 HTTP/1.1" 200 205
114.88.166.242 - - [18/Sep/2020:08:30:28 +0800] "GET /xingrg/all/common/auto_word.html?type=employee&rest_code=00111 HTTP/1.1" 200 205
114.88.166.242 - - [18/Sep/2020:08:30:29 +0800] "GET /xingrg/javascript/auto/indicator.gif HTTP/1.1" 404 1066
114.88.166.242 - - [18/Sep/2020:08:30:30 +0800] "GET /xingrg/javascript/jquery_tools/images/prev.gif HTTP/1.1" 404 1086
114.88.166.242 - - [18/Sep/2020:08:30:30 +0800] "GET /xingrg/javascript/jquery_tools/images/next.gif HTTP/1.1" 404 1086
114.88.166.242 - - [18/Sep/2020:08:30:35 +0800] "GET /xingrg/kc/buy/cgsh_order_operate.html?command=get_materiel&rest_code=00111&code=00101008257&supplier_code=00100037&order_time=2020-09-18 HTTP/1.1" 200 416
114.88.166.242 - - [18/Sep/2020:08:30:46 +0800] "GET /xingrg/all/function/internal_message.html?_=1600389110800&CODE_STATE=getMsg HTTP/1.1" 200 27
114.88.166.242 - - [18/Sep/2020:08:30:48 +0800] "GET /xingrg/kc/buy/cgsh_order_operate.html?command=get_materiel&rest_code=00111&code=00101008291&supplier_code=00100037&order_time=2020-09-18 HTTP/1.1" 200 410
116.238.71.173 - - [18/Sep/2020:08:30:48 +0800] "GET /xingrg/all/function/internal_message.html?_=1600389167029&CODE_STATE=getMsg HTTP/1.1" 200 27
114.88.166.242 - - [18/Sep/2020:08:30:53 +0800] "GET /xingrg/kc/buy/cgsh_order_operate.html?command=get_materiel&rest_code=00111&code=00101008328&supplier_code=00100037&order_time=2020-09-18 HTTP/1.1" 200 410
120.253.135.82 - - [18/Sep/2020:08:30:56 +0800] "GET /xingrg/check_reg.html?_=1600389166096 HTTP/1.1" 200 22
116.238.71.173 - - [18/Sep/2020:08:31:01 +0800] "GET /xingrg/all/function/internal_message.html?_=1600389058723&CODE_STATE=getMsg HTTP/1.1" 200 27
120.253.135.82 - - [18/Sep/2020:08:31:09 +0800] "GET /xingrg/all/function/internal_message.html?_=1600389178864&CODE_STATE=getMsg HTTP/1.1" 200 27
114.88.166.242 - - [18/Sep/2020:08:31:10 +0800] "GET /xingrg/check_reg.html?_=1600389065354 HTTP/1.1" 200 22
114.88.166.242 - - [18/Sep/2020:08:31:12 +0800] "GET /xingrg/kc/buy/cgsh_order_operate.html?command=get_materiel&rest_code=00111&code=00101002022&supplier_code=00100037&order_time=2020-09-18 HTTP/1.1" 200 409
218.81.217.115 - - [18/Sep/2020:08:31:14 +0800] "GET /xingrg/all/function/internal_message.html?_=1600389084592&CODE_STATE=getMsg HTTP/1.1" 200 27
114.88.166.242 - - [18/Sep/2020:08:31:18 +0800] "GET /xingrg/all/function/internal_message.html?_=1600389072683&CODE_STATE=getMsg HTTP/1.1" 200 27
172.17.0.115 - - [18/Sep/2020:08:31:19 +0800] "GET /xingrg/all/function/internal_message.html?_=1600389092273&CODE_STATE=getMsg HTTP/1.1" 200 27
114.88.166.242 - - [18/Sep/2020:08:31:25 +0800] "GET /xingrg/kc/buy/cgsh_order_operate.html?command=get_materiel&rest_code=00111&code=00101008005&supplier_code=00100037&order_time=2020-09-18 HTTP/1.1" 200 414
114.88.166.242 - - [18/Sep/2020:08:31:35 +0800] "GET /xingrg/kc/buy/cgsh_order_operate.html?command=get_materiel&rest_code=00111&code=00101012025&supplier_code=00100037&order_time=2020-09-18 HTTP/1.1" 200 412
116.238.71.173 - - [18/Sep/2020:08:31:35 +0800] "GET /xingrg/check_reg.html?_=1600389213900 HTTP/1.1" 200 22
114.88.166.242 - - [18/Sep/2020:08:31:43 +0800] "GET /xingrg/kc/buy/cgsh_order_operate.html?command=get_materiel&rest_code=00111&code=00101016025&supplier_code=00100037&order_time=2020-09-18 HTTP/1.1" 200 408
114.88.166.242 - - [18/Sep/2020:08:31:46 +0800] "GET /xingrg/all/function/internal_message.html?_=1600389170845&CODE_STATE=getMsg HTTP/1.1" 200 27
116.238.71.173 - - [18/Sep/2020:08:31:48 +0800] "GET /xingrg/all/function/internal_message.html?_=1600389227044&CODE_STATE=getMsg HTTP/1.1" 200 27
114.88.166.242 - - [18/Sep/2020:08:31:52 +0800] "GET /xingrg/kc/buy/cgsh_order_operate.html?command=get_materiel&rest_code=00111&code=00101020153&supplier_code=00100037&order_time=2020-09-18 HTTP/1.1" 200 408
116.238.71.173 - - [18/Sep/2020:08:32:01 +0800] "GET /xingrg/all/function/internal_message.html?_=1600389118771&CODE_STATE=getMsg HTTP/1.1" 200 27
114.88.166.242 - - [18/Sep/2020:08:32:03 +0800] "GET /xingrg/kc/buy/cgsh_order_operate.html?command=get_materiel&rest_code=00111&code=00101016105&supplier_code=00100037&order_time=2020-09-18 HTTP/1.1" 200 409
120.253.135.82 - - [18/Sep/2020:08:32:09 +0800] "GET /xingrg/all/function/internal_message.html?_=1600389238878&CODE_STATE=getMsg HTTP/1.1" 200 27
218.81.217.115 - - [18/Sep/2020:08:32:14 +0800] "GET /xingrg/all/function/internal_message.html?_=1600389144606&CODE_STATE=getMsg HTTP/1.1" 200 27
114.88.166.242 - - [18/Sep/2020:08:32:18 +0800] "GET /xingrg/all/function/internal_message.html?_=1600389132696&CODE_STATE=getMsg HTTP/1.1" 200 27
114.88.166.242 - - [18/Sep/2020:08:32:18 +0800] "GET /xingrg/kc/buy/cgsh_order_operate.html?command=get_materiel&rest_code=00111&code=00101007109&supplier_code=00100037&order_time=2020-09-18 HTTP/1.1" 200 408
172.17.0.115 - - [18/Sep/2020:08:32:19 +0800] "GET /xingrg/all/function/internal_message.html?_=1600389152301&CODE_STATE=getMsg HTTP/1.1" 200 27
114.88.166.242 - - [18/Sep/2020:08:32:39 +0800] "GET /xingrg/kc/buy/cgsh_order_operate.html?command=get_materiel&rest_code=00111&code=00101008126&supplier_code=00100037&order_time=2020-09-18 HTTP/1.1" 200 412
114.88.166.242 - - [18/Sep/2020:08:32:46 +0800] "GET /xingrg/all/function/internal_message.html?_=1600389230849&CODE_STATE=getMsg HTTP/1.1" 200 27
114.88.166.242 - - [18/Sep/2020:08:32:46 +0800] "GET /xingrg/check_reg.html?_=1600389230851 HTTP/1.1" 200 22
116.238.71.173 - - [18/Sep/2020:08:32:48 +0800] "GET /xingrg/all/function/internal_message.html?_=1600389287058&CODE_STATE=getMsg HTTP/1.1" 200 27
116.238.71.173 - - [18/Sep/2020:08:33:01 +0800] "GET /xingrg/check_reg.html?_=1600389178821 HTTP/1.1" 200 22
116.238.71.173 - - [18/Sep/2020:08:33:01 +0800] "GET /xingrg/all/function/internal_message.html?_=1600389178819&CODE_STATE=getMsg HTTP/1.1" 200 27
120.253.135.82 - - [18/Sep/2020:08:33:09 +0800] "GET /xingrg/all/function/internal_message.html?_=1600389299055&CODE_STATE=getMsg HTTP/1.1" 200 27
218.81.217.115 - - [18/Sep/2020:08:33:12 +0800] "GET /xingrg/check_reg.html?_=1600389203217 HTTP/1.1" 200 22
218.81.217.115 - - [18/Sep/2020:08:33:14 +0800] "GET /xingrg/all/function/internal_message.html?_=1600389204620&CODE_STATE=getMsg HTTP/1.1" 200 27
114.88.166.242 - - [18/Sep/2020:08:33:18 +0800] "GET /xingrg/all/function/internal_message.html?_=1600389192752&CODE_STATE=getMsg HTTP/1.1" 200 27
172.17.0.115 - - [18/Sep/2020:08:33:19 +0800] "GET /xingrg/all/function/internal_message.html?_=1600389212315&CODE_STATE=getMsg HTTP/1.1" 200 27
114.88.166.242 - - [18/Sep/2020:08:33:46 +0800] "GET /xingrg/all/function/internal_message.html?_=1600389290808&CODE_STATE=getMsg HTTP/1.1" 200 27
116.238.71.173 - - [18/Sep/2020:08:33:48 +0800] "GET /xingrg/all/function/internal_message.html?_=1600389347087&CODE_STATE=getMsg HTTP/1.1" 200 27
116.238.71.173 - - [18/Sep/2020:08:34:01 +0800] "GET /xingrg/all/function/internal_message.html?_=1600389238869&CODE_STATE=getMsg HTTP/1.1" 200 27
120.253.135.82 - - [18/Sep/2020:08:34:09 +0800] "GET /xingrg/all/function/internal_message.html?_=1600389359061&CODE_STATE=getMsg HTTP/1.1" 200 27
218.81.217.115 - - [18/Sep/2020:08:34:14 +0800] "GET /xingrg/all/function/internal_message.html?_=1600389264636&CODE_STATE=getMsg HTTP/1.1" 200 27
114.88.166.242 - - [18/Sep/2020:08:34:18 +0800] "GET /xingrg/all/function/internal_message.html?_=1600389252754&CODE_STATE=getMsg HTTP/1.1" 200 27
172.17.0.115 - - [18/Sep/2020:08:34:19 +0800] "GET /xingrg/all/function/internal_message.html?_=1600389272343&CODE_STATE=getMsg HTTP/1.1" 200 27
114.88.166.242 - - [18/Sep/2020:08:34:31 +0800] "GET /xingrg/kc/buy/cgsh_order_operate.html?command=get_materiel&rest_code=00111&code=00101008290&supplier_code=00100037&order_time=2020-09-18 HTTP/1.1" 200 418
114.88.166.242 - - [18/Sep/2020:08:34:46 +0800] "GET /xingrg/all/function/internal_message.html?_=1600389350812&CODE_STATE=getMsg HTTP/1.1" 200 27
116.238.71.173 - - [18/Sep/2020:08:34:48 +0800] "GET /xingrg/all/function/internal_message.html?_=1600389407100&CODE_STATE=getMsg HTTP/1.1" 200 27
114.88.166.242 - - [18/Sep/2020:08:34:52 +0800] "GET /xingrg/kc/buy/cgsh_order_operate.html?command=get_materiel&rest_code=00111&code=00101016030&supplier_code=00100037&order_time=2020-09-18 HTTP/1.1" 200 412
172.17.0.115 - - [18/Sep/2020:08:35:01 +0800] "GET /xingrg/check_reg.html?_=1600389314217 HTTP/1.1" 200 22
116.238.71.173 - - [18/Sep/2020:08:35:01 +0800] "GET /xingrg/all/function/internal_message.html?_=1600389298916&CODE_STATE=getMsg HTTP/1.1" 200 27
120.253.135.82 - - [18/Sep/2020:08:35:09 +0800] "GET /xingrg/all/function/internal_message.html?_=1600389419221&CODE_STATE=getMsg HTTP/1.1" 200 27
218.81.217.115 - - [18/Sep/2020:08:35:14 +0800] "GET /xingrg/all/function/internal_message.html?_=1600389324646&CODE_STATE=getMsg HTTP/1.1" 200 27
114.88.166.242 - - [18/Sep/2020:08:35:18 +0800] "GET /xingrg/all/function/internal_message.html?_=1600389312810&CODE_STATE=getMsg HTTP/1.1" 200 27
172.17.0.115 - - [18/Sep/2020:08:35:19 +0800] "GET /xingrg/all/function/internal_message.html?_=1600389332358&CODE_STATE=getMsg HTTP/1.1" 200 27
114.88.166.242 - - [18/Sep/2020:08:35:25 +0800] "GET /xingrg/kc/buy/cgsh_order_operate.html?command=get_materiel&rest_code=00111&code=00101011010&supplier_code=00100037&order_time=2020-09-18 HTTP/1.1" 200 418
114.88.166.242 - - [18/Sep/2020:08:35:41 +0800] "GET /xingrg/kc/buy/cgsh_order_operate.html?command=get_materiel&rest_code=00111&code=00101009011&supplier_code=00100037&order_time=2020-09-18 HTTP/1.1" 200 416
114.88.166.242 - - [18/Sep/2020:08:35:46 +0800] "GET /xingrg/all/function/internal_message.html?_=1600389410864&CODE_STATE=getMsg HTTP/1.1" 200 27
116.238.71.173 - - [18/Sep/2020:08:35:48 +0800] "GET /xingrg/all/function/internal_message.html?_=1600389467128&CODE_STATE=getMsg HTTP/1.1" 200 27
114.88.166.242 - - [18/Sep/2020:08:35:52 +0800] "GET /xingrg/kc/buy/cgsh_order_operate.html?command=get_materiel&rest_code=00111&code=00101008090&supplier_code=00100037&order_time=2020-09-18 HTTP/1.1" 200 408
120.253.135.82 - - [18/Sep/2020:08:35:56 +0800] "GET /xingrg/check_reg.html?_=1600389466098 HTTP/1.1" 200 22
116.238.71.173 - - [18/Sep/2020:08:36:01 +0800] "GET /xingrg/all/function/internal_message.html?_=1600389358965&CODE_STATE=getMsg HTTP/1.1" 200 27
114.88.166.242 - - [18/Sep/2020:08:36:01 +0800] "GET /xingrg/kc/buy/cgsh_order_operate.html?command=get_materiel&rest_code=00111&code=00101015044&supplier_code=00100037&order_time=2020-09-18 HTTP/1.1" 200 408
180.157.174.16 - - [18/Sep/2020:08:36:01 +0800] "POST /xingrg/supplier/cgsh_list_operate.html HTTP/1.1" 200 5756
180.157.174.16 - - [18/Sep/2020:08:36:05 +0800] "GET /xingrg/supplier/cgth_order_list.html HTTP/1.1" 200 10583
180.157.174.16 - - [18/Sep/2020:08:36:05 +0800] "POST /xingrg/supplier/cgth_list_operate.html HTTP/1.1" 200 3393
120.253.135.82 - - [18/Sep/2020:08:36:09 +0800] "GET /xingrg/all/function/internal_message.html?_=1600389479229&CODE_STATE=getMsg HTTP/1.1" 200 27
114.88.166.242 - - [18/Sep/2020:08:36:09 +0800] "GET /xingrg/kc/buy/cgsh_order_operate.html?command=get_materiel&rest_code=00111&code=00101015038&supplier_code=00100037&order_time=2020-09-18 HTTP/1.1" 200 418
114.88.166.242 - - [18/Sep/2020:08:36:10 +0800] "GET /xingrg/check_reg.html?_=1600389365361 HTTP/1.1" 200 22
114.88.166.242 - - [18/Sep/2020:08:36:11 +0800] "POST /xingrg/kc/buy/cgsh_order_operate.html HTTP/1.1" 200 2065
218.81.217.115 - - [18/Sep/2020:08:36:14 +0800] "GET /xingrg/all/function/internal_message.html?_=1600389385083&CODE_STATE=getMsg HTTP/1.1" 200 27
114.88.166.242 - - [18/Sep/2020:08:36:18 +0800] "GET /xingrg/all/function/internal_message.html?_=1600389372813&CODE_STATE=getMsg HTTP/1.1" 200 27
172.17.0.115 - - [18/Sep/2020:08:36:19 +0800] "GET /xingrg/all/function/internal_message.html?_=1600389392372&CODE_STATE=getMsg HTTP/1.1" 200 27
180.157.174.16 - - [18/Sep/2020:08:36:19 +0800] "POST /xingrg/supplier/cgth_list_operate.html HTTP/1.1" 200 206
116.238.71.173 - - [18/Sep/2020:08:36:35 +0800] "GET /xingrg/check_reg.html?_=1600389513898 HTTP/1.1" 200 22
114.88.166.242 - - [18/Sep/2020:08:36:46 +0800] "GET /xingrg/all/function/internal_message.html?_=1600389470810&CODE_STATE=getMsg HTTP/1.1" 200 27
116.238.71.173 - - [18/Sep/2020:08:36:48 +0800] "GET /xingrg/all/function/internal_message.html?_=1600389527143&CODE_STATE=getMsg HTTP/1.1" 200 27
180.157.174.16 - - [18/Sep/2020:08:36:49 +0800] "GET /xingrg/supplier/cgsh_order_list.html HTTP/1.1" 200 10896
180.157.174.16 - - [18/Sep/2020:08:36:51 +0800] "POST /xingrg/supplier/cgsh_list_operate.html HTTP/1.1" 200 6094
116.238.71.173 - - [18/Sep/2020:08:37:01 +0800] "GET /xingrg/all/function/internal_message.html?_=1600389419013&CODE_STATE=getMsg HTTP/1.1" 200 27
180.157.174.16 - - [18/Sep/2020:08:37:06 +0800] "POST /xingrg/supplier/cgsh_list_operate.html HTTP/1.1" 200 6112
120.253.135.82 - - [18/Sep/2020:08:37:09 +0800] "GET /xingrg/all/function/internal_message.html?_=1600389539243&CODE_STATE=getMsg HTTP/1.1" 200 27
180.157.174.16 - - [18/Sep/2020:08:37:10 +0800] "GET /xingrg/javascript/easyui/themes/default/tree.css HTTP/1.1" 404 1090
180.157.174.16 - - [18/Sep/2020:08:37:10 +0800] "POST /xingrg/all/common/load_tree.html?tree=area_rest_tree_json HTTP/1.1" 200 3216
218.81.217.115 - - [18/Sep/2020:08:37:14 +0800] "GET /xingrg/all/function/internal_message.html?_=1600389445095&CODE_STATE=getMsg HTTP/1.1" 200 27
180.157.174.16 - - [18/Sep/2020:08:37:15 +0800] "POST /xingrg/supplier/cgsh_list_operate.html HTTP/1.1" 200 5633
114.88.166.242 - - [18/Sep/2020:08:37:18 +0800] "GET /xingrg/all/function/internal_message.html?_=1600389432827&CODE_STATE=getMsg HTTP/1.1" 200 27
172.17.0.115 - - [18/Sep/2020:08:37:19 +0800] "GET /xingrg/all/function/internal_message.html?_=1600389452400&CODE_STATE=getMsg HTTP/1.1" 200 27
114.88.166.242 - - [18/Sep/2020:08:37:46 +0800] "GET /xingrg/all/function/internal_message.html?_=1600389530810&CODE_STATE=getMsg HTTP/1.1" 200 27
114.88.166.242 - - [18/Sep/2020:08:37:46 +0800] "GET /xingrg/check_reg.html?_=1600389530828 HTTP/1.1" 200 22
116.238.71.173 - - [18/Sep/2020:08:37:48 +0800] "GET /xingrg/all/function/internal_message.html?_=1600389587157&CODE_STATE=getMsg HTTP/1.1" 200 27
116.238.71.173 - - [18/Sep/2020:08:38:01 +0800] "GET /xingrg/all/function/internal_message.html?_=1600389479060&CODE_STATE=getMsg HTTP/1.1" 200 27
116.238.71.173 - - [18/Sep/2020:08:38:01 +0800] "GET /xingrg/check_reg.html?_=1600389479062 HTTP/1.1" 200 22
120.253.135.82 - - [18/Sep/2020:08:38:10 +0800] "GET /xingrg/all/function/internal_message.html?_=1600389599417&CODE_STATE=getMsg HTTP/1.1" 200 27
218.81.217.115 - - [18/Sep/2020:08:38:13 +0800] "GET /xingrg/check_reg.html?_=1600389503598 HTTP/1.1" 200 22
218.81.217.115 - - [18/Sep/2020:08:38:14 +0800] "GET /xingrg/all/function/internal_message.html?_=1600389505109&CODE_STATE=getMsg HTTP/1.1" 200 27
114.88.166.242 - - [18/Sep/2020:08:38:18 +0800] "GET /xingrg/all/function/internal_message.html?_=1600389492886&CODE_STATE=getMsg HTTP/1.1" 200 27
172.17.0.115 - - [18/Sep/2020:08:38:19 +0800] "GET /xingrg/all/function/internal_message.html?_=1600389512415&CODE_STATE=getMsg HTTP/1.1" 200 27
114.88.166.242 - - [18/Sep/2020:08:38:46 +0800] "GET /xingrg/all/function/internal_message.html?_=1600389590806&CODE_STATE=getMsg HTTP/1.1" 200 27
116.238.71.173 - - [18/Sep/2020:08:38:48 +0800] "GET /xingrg/all/function/internal_message.html?_=1600389647186&CODE_STATE=getMsg HTTP/1.1" 200 27
116.238.71.173 - - [18/Sep/2020:08:39:01 +0800] "GET /xingrg/all/function/internal_message.html?_=1600389539108&CODE_STATE=getMsg HTTP/1.1" 200 27
120.253.135.82 - - [18/Sep/2020:08:39:10 +0800] "GET /xingrg/all/function/internal_message.html?_=1600389659425&CODE_STATE=getMsg HTTP/1.1" 200 27
218.81.217.115 - - [18/Sep/2020:08:39:14 +0800] "GET /xingrg/all/function/internal_message.html?_=1600389565125&CODE_STATE=getMsg HTTP/1.1" 200 27
114.88.166.242 - - [18/Sep/2020:08:39:18 +0800] "GET /xingrg/all/function/internal_message.html?_=1600389552901&CODE_STATE=getMsg HTTP/1.1" 200 27
172.17.0.115 - - [18/Sep/2020:08:39:19 +0800] "GET /xingrg/all/function/internal_message.html?_=1600389572442&CODE_STATE=getMsg HTTP/1.1" 200 27
114.88.166.242 - - [18/Sep/2020:08:39:46 +0800] "GET /xingrg/all/function/internal_message.html?_=1600389650807&CODE_STATE=getMsg HTTP/1.1" 200 27
116.238.71.173 - - [18/Sep/2020:08:39:48 +0800] "GET /xingrg/all/function/internal_message.html?_=1600389707199&CODE_STATE=getMsg HTTP/1.1" 200 27
180.157.174.16 - - [18/Sep/2020:08:39:53 +0800] "POST /xingrg/supplier/cgsh_list_operate.html HTTP/1.1" 200 5730
172.17.0.115 - - [18/Sep/2020:08:40:01 +0800] "GET /xingrg/check_reg.html?_=1600389614221 HTTP/1.1" 200 22
116.238.71.173 - - [18/Sep/2020:08:40:01 +0800] "GET /xingrg/all/function/internal_message.html?_=1600389599169&CODE_STATE=getMsg HTTP/1.1" 200 27
180.157.174.16 - - [18/Sep/2020:08:40:07 +0800] "POST /xingrg/supplier/cgsh_list_operate.html HTTP/1.1" 200 5672
120.253.135.82 - - [18/Sep/2020:08:40:10 +0800] "GET /xingrg/all/function/internal_message.html?_=1600389719596&CODE_STATE=getMsg HTTP/1.1" 200 27
218.81.217.115 - - [18/Sep/2020:08:40:14 +0800] "GET /xingrg/all/function/internal_message.html?_=1600389625135&CODE_STATE=getMsg HTTP/1.1" 200 27
114.88.166.242 - - [18/Sep/2020:08:40:18 +0800] "GET /xingrg/all/function/internal_message.html?_=1600389612961&CODE_STATE=getMsg HTTP/1.1" 200 27
180.157.174.16 - - [18/Sep/2020:08:40:19 +0800] "POST /xingrg/supplier/cgsh_list_operate.html HTTP/1.1" 200 5612
172.17.0.115 - - [18/Sep/2020:08:40:19 +0800] "GET /xingrg/all/function/internal_message.html?_=1600389632457&CODE_STATE=getMsg HTTP/1.1" 200 27
180.157.174.16 - - [18/Sep/2020:08:40:27 +0800] "POST /xingrg/supplier/cgsh_list_operate.html HTTP/1.1" 200 928
114.88.166.242 - - [18/Sep/2020:08:40:46 +0800] "GET /xingrg/all/function/internal_message.html?_=1600389710806&CODE_STATE=getMsg HTTP/1.1" 200 27
116.238.71.173 - - [18/Sep/2020:08:40:48 +0800] "GET /xingrg/all/function/internal_message.html?_=1600389767229&CODE_STATE=getMsg HTTP/1.1" 200 27
120.253.135.82 - - [18/Sep/2020:08:40:56 +0800] "GET /xingrg/check_reg.html?_=1600389766099 HTTP/1.1" 200 22
116.238.71.173 - - [18/Sep/2020:08:41:01 +0800] "GET /xingrg/all/function/internal_message.html?_=1600389659203&CODE_STATE=getMsg HTTP/1.1" 200 27
218.81.217.115 - - [18/Sep/2020:08:41:03 +0800] "POST /xingrg/services/DataTransmitService HTTP/1.1" 200 524
120.253.135.82 - - [18/Sep/2020:08:41:10 +0800] "GET /xingrg/all/function/internal_message.html?_=1600389779624&CODE_STATE=getMsg HTTP/1.1" 200 27
114.88.166.242 - - [18/Sep/2020:08:41:10 +0800] "GET /xingrg/check_reg.html?_=1600389665362 HTTP/1.1" 200 22
218.81.217.115 - - [18/Sep/2020:08:41:12 +0800] "POST /xingrg/services/DataTransmitService HTTP/1.1" 200 501
218.81.217.115 - - [18/Sep/2020:08:41:12 +0800] "POST /xingrg/services/DataTransmitService HTTP/1.1" 200 501
218.81.217.115 - - [18/Sep/2020:08:41:13 +0800] "POST /xingrg/services/DataTransmitService HTTP/1.1" 200 501
114.88.166.242 - - [18/Sep/2020:08:41:13 +0800] "GET /xingrg/kc/buy/cgsh_order_operate.html?command=get_materiel&rest_code=00111&code=00101008123&supplier_code=00100037&order_time=2020-09-18 HTTP/1.1" 200 412
218.81.217.115 - - [18/Sep/2020:08:41:14 +0800] "POST /xingrg/services/DataTransmitService HTTP/1.1" 200 501
218.81.217.115 - - [18/Sep/2020:08:41:14 +0800] "POST /xingrg/services/DataTransmitService HTTP/1.1" 200 501
218.81.217.115 - - [18/Sep/2020:08:41:15 +0800] "POST /xingrg/services/DataTransmitService HTTP/1.1" 200 501
218.81.217.115 - - [18/Sep/2020:08:41:15 +0800] "GET /xingrg/all/function/internal_message.html?_=1600389685547&CODE_STATE=getMsg HTTP/1.1" 200 27
218.81.217.115 - - [18/Sep/2020:08:41:15 +0800] "POST /xingrg/services/DataTransmitService HTTP/1.1" 200 501
218.81.217.115 - - [18/Sep/2020:08:41:15 +0800] "POST /xingrg/services/DataTransmitService HTTP/1.1" 200 501
218.81.217.115 - - [18/Sep/2020:08:41:15 +0800] "POST /xingrg/services/DataTransmitService HTTP/1.1" 200 501
218.81.217.115 - - [18/Sep/2020:08:41:15 +0800] "POST /xingrg/services/DataTransmitService HTTP/1.1" 200 412
114.88.166.242 - - [18/Sep/2020:08:41:18 +0800] "GET /xingrg/all/function/internal_message.html?_=1600389672974&CODE_STATE=getMsg HTTP/1.1" 200 27
172.17.0.115 - - [18/Sep/2020:08:41:22 +0800] "GET /xingrg/all/function/internal_message.html?_=1600389692471&CODE_STATE=getMsg HTTP/1.1" 200 27
114.88.166.242 - - [18/Sep/2020:08:41:23 +0800] "GET /xingrg/kc/buy/cgsh_order_operate.html?command=get_materiel&rest_code=00111&code=00101008200&supplier_code=00100037&order_time=2020-09-18 HTTP/1.1" 200 412
116.238.71.173 - - [18/Sep/2020:08:41:35 +0800] "GET /xingrg/check_reg.html?_=1600389813904 HTTP/1.1" 200 22
114.88.166.242 - - [18/Sep/2020:08:41:36 +0800] "GET /xingrg/kc/buy/cgsh_order_operate.html?command=get_materiel&rest_code=00111&code=00101009016&supplier_code=00100037&order_time=2020-09-18 HTTP/1.1" 200 414
114.88.166.242 - - [18/Sep/2020:08:41:46 +0800] "GET /xingrg/all/function/internal_message.html?_=1600389770876&CODE_STATE=getMsg HTTP/1.1" 200 27
114.88.166.242 - - [18/Sep/2020:08:41:48 +0800] "GET /xingrg/kc/buy/cgsh_order_operate.html?command=get_materiel&rest_code=00111&code=00101009013&supplier_code=00100037&order_time=2020-09-18 HTTP/1.1" 200 420
116.238.71.173 - - [18/Sep/2020:08:41:48 +0800] "GET /xingrg/all/function/internal_message.html?_=1600389827242&CODE_STATE=getMsg HTTP/1.1" 200 27
114.88.166.242 - - [18/Sep/2020:08:41:59 +0800] "GET /xingrg/kc/buy/cgsh_order_operate.html?command=get_materiel&rest_code=00111&code=00101009007&supplier_code=00100037&order_time=2020-09-18 HTTP/1.1" 200 408
116.238.71.173 - - [18/Sep/2020:08:42:01 +0800] "GET /xingrg/all/function/internal_message.html?_=1600389719249&CODE_STATE=getMsg HTTP/1.1" 200 27
114.88.166.242 - - [18/Sep/2020:08:42:02 +0800] "POST /xingrg/kc/buy/cgsh_order_operate.html HTTP/1.1" 200 2065
120.253.135.82 - - [18/Sep/2020:08:42:10 +0800] "GET /xingrg/all/function/internal_message.html?_=1600389839652&CODE_STATE=getMsg HTTP/1.1" 200 27
114.88.166.242 - - [18/Sep/2020:08:42:10 +0800] "GET /xingrg/kc/buy/cgsh_order_operate.html?command=get_materiel&rest_code=00111&code=00101012026&supplier_code=00100037&order_time=2020-09-18 HTTP/1.1" 200 408
218.81.217.115 - - [18/Sep/2020:08:42:15 +0800] "GET /xingrg/all/function/internal_message.html?_=1600389745556&CODE_STATE=getMsg HTTP/1.1" 200 27
114.88.166.242 - - [18/Sep/2020:08:42:18 +0800] "GET /xingrg/all/function/internal_message.html?_=1600389732987&CODE_STATE=getMsg HTTP/1.1" 200 27
172.17.0.115 - - [18/Sep/2020:08:42:19 +0800] "GET /xingrg/all/function/internal_message.html?_=1600389752499&CODE_STATE=getMsg HTTP/1.1" 200 27
114.88.166.242 - - [18/Sep/2020:08:42:23 +0800] "GET /xingrg/kc/buy/cgsh_order_operate.html?command=get_materiel&rest_code=00111&code=00101015046&supplier_code=00100037&order_time=2020-09-18 HTTP/1.1" 200 412
180.157.174.16 - - [18/Sep/2020:08:42:31 +0800] "POST /xingrg/supplier/cgsh_list_operate.html HTTP/1.1" 200 2193
114.88.166.242 - - [18/Sep/2020:08:42:36 +0800] "GET /xingrg/kc/buy/cgsh_order_operate.html?command=get_materiel&rest_code=00111&code=00101005004&supplier_code=00100037&order_time=2020-09-18 HTTP/1.1" 200 409
180.157.174.16 - - [18/Sep/2020:08:42:36 +0800] "POST /xingrg/supplier/cgsh_list_operate.html HTTP/1.1" 200 5730
114.88.166.242 - - [18/Sep/2020:08:42:46 +0800] "GET /xingrg/check_reg.html?_=1600389830824 HTTP/1.1" 200 22
114.88.166.242 - - [18/Sep/2020:08:42:46 +0800] "GET /xingrg/all/function/internal_message.html?_=1600389830822&CODE_STATE=getMsg HTTP/1.1" 200 27
116.238.71.173 - - [18/Sep/2020:08:42:48 +0800] "GET /xingrg/all/function/internal_message.html?_=1600389887255&CODE_STATE=getMsg HTTP/1.1" 200 27
114.88.166.242 - - [18/Sep/2020:08:42:49 +0800] "POST /xingrg/kc/buy/cgsh_order_operate.html HTTP/1.1" 200 37
114.88.166.242 - - [18/Sep/2020:08:42:50 +0800] "POST /xingrg/kc/buy/cgsh_order_operate.html HTTP/1.1" 200 18044
116.238.71.173 - - [18/Sep/2020:08:43:01 +0800] "GET /xingrg/all/function/internal_message.html?_=1600389779313&CODE_STATE=getMsg HTTP/1.1" 200 27
116.238.71.173 - - [18/Sep/2020:08:43:01 +0800] "GET /xingrg/check_reg.html?_=1600389779316 HTTP/1.1" 200 22
180.157.174.16 - - [18/Sep/2020:08:43:01 +0800] "POST /xingrg/supplier/cgsh_list_operate.html HTTP/1.1" 200 2193
180.157.174.16 - - [18/Sep/2020:08:43:04 +0800] "POST /xingrg/supplier/cgsh_list_operate.html HTTP/1.1" 200 592
180.157.174.16 - - [18/Sep/2020:08:43:09 +0800] "GET /xingrg/supplier/cgsh_order_info.html?code=212020091707164 HTTP/1.1" 200 8570
180.157.174.16 - - [18/Sep/2020:08:43:09 +0800] "GET /xingrg/words/20200918074315_words.js HTTP/1.1" 200 763584
180.157.174.16 - - [18/Sep/2020:08:43:09 +0800] "GET /xingrg/javascript/easyui/themes/default/validatebox.css HTTP/1.1" 404 1104
180.157.174.16 - - [18/Sep/2020:08:43:09 +0800] "POST /xingrg/kc/buy/cgsh_order_operate.html HTTP/1.1" 200 4775
120.253.135.82 - - [18/Sep/2020:08:43:10 +0800] "GET /xingrg/all/function/internal_message.html?_=1600389899912&CODE_STATE=getMsg HTTP/1.1" 200 27
218.81.217.115 - - [18/Sep/2020:08:43:13 +0800] "GET /xingrg/check_reg.html?_=1600389803974 HTTP/1.1" 200 22
218.81.217.115 - - [18/Sep/2020:08:43:15 +0800] "GET /xingrg/all/function/internal_message.html?_=1600389805566&CODE_STATE=getMsg HTTP/1.1" 200 27
114.88.166.242 - - [18/Sep/2020:08:43:18 +0800] "GET /xingrg/all/function/internal_message.html?_=1600389793051&CODE_STATE=getMsg HTTP/1.1" 200 27
172.17.0.115 - - [18/Sep/2020:08:43:19 +0800] "GET /xingrg/all/function/internal_message.html?_=1600389812515&CODE_STATE=getMsg HTTP/1.1" 200 27
180.157.174.16 - - [18/Sep/2020:08:43:20 +0800] "POST /xingrg/supplier/cgsh_list_operate.html HTTP/1.1" 200 5612
114.88.166.242 - - [18/Sep/2020:08:43:46 +0800] "GET /xingrg/all/function/internal_message.html?_=1600389890802&CODE_STATE=getMsg HTTP/1.1" 200 27
116.238.71.173 - - [18/Sep/2020:08:43:49 +0800] "GET /xingrg/all/function/internal_message.html?_=1600389947285&CODE_STATE=getMsg HTTP/1.1" 200 27
116.238.71.173 - - [18/Sep/2020:08:44:01 +0800] "GET /xingrg/all/function/internal_message.html?_=1600389839347&CODE_STATE=getMsg HTTP/1.1" 200 27
120.253.135.82 - - [18/Sep/2020:08:44:10 +0800] "GET /xingrg/all/function/internal_message.html?_=1600389959915&CODE_STATE=getMsg HTTP/1.1" 200 27
218.81.217.115 - - [18/Sep/2020:08:44:15 +0800] "GET /xingrg/all/function/internal_message.html?_=1600389865581&CODE_STATE=getMsg HTTP/1.1" 200 27
114.88.166.242 - - [18/Sep/2020:08:44:18 +0800] "GET /xingrg/all/function/internal_message.html?_=1600389853062&CODE_STATE=getMsg HTTP/1.1" 200 27
172.17.0.115 - - [18/Sep/2020:08:44:19 +0800] "GET /xingrg/all/function/internal_message.html?_=1600389872536&CODE_STATE=getMsg HTTP/1.1" 200 27
180.157.174.16 - - [18/Sep/2020:08:44:41 +0800] "POST /xingrg/supplier/cgsh_list_operate.html HTTP/1.1" 200 928
114.88.166.242 - - [18/Sep/2020:08:44:46 +0800] "GET /xingrg/all/function/internal_message.html?_=1600389950827&CODE_STATE=getMsg HTTP/1.1" 200 27
116.238.71.173 - - [18/Sep/2020:08:44:49 +0800] "GET /xingrg/all/function/internal_message.html?_=1600390007299&CODE_STATE=getMsg HTTP/1.1" 200 27
172.17.0.115 - - [18/Sep/2020:08:45:01 +0800] "GET /xingrg/check_reg.html?_=1600389914227 HTTP/1.1" 200 22
116.238.71.173 - - [18/Sep/2020:08:45:01 +0800] "GET /xingrg/all/function/internal_message.html?_=1600389899394&CODE_STATE=getMsg HTTP/1.1" 200 27
120.253.135.82 - - [18/Sep/2020:08:45:10 +0800] "GET /xingrg/all/function/internal_message.html?_=1600390020168&CODE_STATE=getMsg HTTP/1.1" 200 27
218.81.217.115 - - [18/Sep/2020:08:45:15 +0800] "GET /xingrg/all/function/internal_message.html?_=1600389925593&CODE_STATE=getMsg HTTP/1.1" 200 27
180.157.174.16 - - [18/Sep/2020:08:45:16 +0800] "POST /xingrg/supplier/cgsh_list_operate.html HTTP/1.1" 200 5612
114.88.166.242 - - [18/Sep/2020:08:45:18 +0800] "GET /xingrg/all/function/internal_message.html?_=1600389913114&CODE_STATE=getMsg HTTP/1.1" 200 27
172.17.0.115 - - [18/Sep/2020:08:45:19 +0800] "GET /xingrg/all/function/internal_message.html?_=1600389932542&CODE_STATE=getMsg HTTP/1.1" 200 27
180.157.174.16 - - [18/Sep/2020:08:45:20 +0800] "POST /xingrg/supplier/cgsh_list_operate.html HTTP/1.1" 200 436
180.157.174.16 - - [18/Sep/2020:08:45:24 +0800] "POST /xingrg/supplier/cgsh_list_operate.html HTTP/1.1" 200 2777
114.88.166.242 - - [18/Sep/2020:08:45:46 +0800] "GET /xingrg/all/function/internal_message.html?_=1600390010824&CODE_STATE=getMsg HTTP/1.1" 200 27
116.238.71.173 - - [18/Sep/2020:08:45:49 +0800] "GET /xingrg/all/function/internal_message.html?_=1600390067327&CODE_STATE=getMsg HTTP/1.1" 200 27
180.157.174.16 - - [18/Sep/2020:08:45:51 +0800] "POST /xingrg/supplier/cgsh_list_operate.html HTTP/1.1" 200 592
180.157.174.16 - - [18/Sep/2020:08:45:56 +0800] "POST /xingrg/supplier/cgsh_list_operate.html HTTP/1.1" 200 5612
120.253.135.82 - - [18/Sep/2020:08:45:56 +0800] "GET /xingrg/check_reg.html?_=1600390066104 HTTP/1.1" 200 22
180.157.174.16 - - [18/Sep/2020:08:45:57 +0800] "POST /xingrg/supplier/cgsh_list_operate.html HTTP/1.1" 200 590
180.157.174.16 - - [18/Sep/2020:08:46:00 +0800] "POST /xingrg/supplier/cgsh_list_operate.html HTTP/1.1" 200 431
116.238.71.173 - - [18/Sep/2020:08:46:01 +0800] "GET /xingrg/all/function/internal_message.html?_=1600389959458&CODE_STATE=getMsg HTTP/1.1" 200 27
114.88.166.242 - - [18/Sep/2020:08:46:10 +0800] "GET /xingrg/check_reg.html?_=1600389965373 HTTP/1.1" 200 22
120.253.135.82 - - [18/Sep/2020:08:46:10 +0800] "GET /xingrg/all/function/internal_message.html?_=1600390080176&CODE_STATE=getMsg HTTP/1.1" 200 27
218.81.217.115 - - [18/Sep/2020:08:46:15 +0800] "GET /xingrg/all/function/internal_message.html?_=1600389986021&CODE_STATE=getMsg HTTP/1.1" 200 27
222.69.137.125 - - [18/Sep/2020:08:46:15 +0800] "GET /xingrg/index.html?sysBaseUrl=http%3A%2F%2F180.169.147.146%3A18081%2Fxingrg%2F&costTime=52×tamp=1591679117969 HTTP/1.1" 302 -
222.69.137.125 - - [18/Sep/2020:08:46:15 +0800] "GET /xingrg/login.html HTTP/1.1" 200 7641
222.69.137.125 - - [18/Sep/2020:08:46:16 +0800] "GET /favicon.ico HTTP/1.1" 404 -
222.69.137.125 - - [18/Sep/2020:08:46:17 +0800] "POST /xingrg/login.do HTTP/1.1" 302 -
222.69.137.125 - - [18/Sep/2020:08:46:17 +0800] "GET /xingrg/index.html?sysBaseUrl=http%3A%2F%2F180.169.147.146%3A18081%2Fxingrg%2F&costTime=49×tamp=1600389977285 HTTP/1.1" 200 17179
222.69.137.125 - - [18/Sep/2020:08:46:17 +0800] "GET /favicon.ico HTTP/1.1" 404 -
222.69.137.125 - - [18/Sep/2020:08:46:17 +0800] "POST /xingrg/all/common/load_tree.html?tree=area_rest_tree_json&manage=1 HTTP/1.1" 200 351
222.69.137.125 - - [18/Sep/2020:08:46:17 +0800] "GET /xingrg/all/function/internal_message.html?_=1600389968120&CODE_STATE=count HTTP/1.1" 200 11
222.69.137.125 - - [18/Sep/2020:08:46:17 +0800] "GET /xingrg/check_reg.html?_=1600389968127 HTTP/1.1" 200 22
222.69.137.125 - - [18/Sep/2020:08:46:17 +0800] "POST /xingrg/load_menu.html HTTP/1.1" 200 5138
114.88.166.242 - - [18/Sep/2020:08:46:18 +0800] "GET /xingrg/all/function/internal_message.html?_=1600389973120&CODE_STATE=getMsg HTTP/1.1" 200 27
172.17.0.115 - - [18/Sep/2020:08:46:19 +0800] "GET /xingrg/all/function/internal_message.html?_=1600389992555&CODE_STATE=getMsg HTTP/1.1" 200 27
116.238.71.173 - - [18/Sep/2020:08:46:35 +0800] "GET /xingrg/check_reg.html?_=1600390113911 HTTP/1.1" 200 22
114.88.166.242 - - [18/Sep/2020:08:46:46 +0800] "GET /xingrg/all/function/internal_message.html?_=1600390070839&CODE_STATE=getMsg HTTP/1.1" 200 27
116.238.71.173 - - [18/Sep/2020:08:46:49 +0800] "GET /xingrg/all/function/internal_message.html?_=1600390127342&CODE_STATE=getMsg HTTP/1.1" 200 27
116.238.71.173 - - [18/Sep/2020:08:47:01 +0800] "GET /xingrg/all/function/internal_message.html?_=1600390019505&CODE_STATE=getMsg HTTP/1.1" 200 27
120.253.135.82 - - [18/Sep/2020:08:47:10 +0800] "GET /xingrg/all/function/internal_message.html?_=1600390140189&CODE_STATE=getMsg HTTP/1.1" 200 27
218.81.217.115 - - [18/Sep/2020:08:47:15 +0800] "GET /xingrg/all/function/internal_message.html?_=1600390046027&CODE_STATE=getMsg HTTP/1.1" 200 27
