222.69.137.125 - - [18/Sep/2020:09:04:04 +0800] "GET /xingrg/kc/buy/cgsh_order_operate.html?command=get_materiel&rest_code=00149&code=00101008213&supplier_code=00100005&order_time=2020-09-18 HTTP/1.1" 200 412
116.238.71.173 - - [18/Sep/2020:09:04:06 +0800] "GET /xingrg/kc/base/wldb_order_info.html?code=422020091802050 HTTP/1.1" 200 26335
116.238.71.173 - - [18/Sep/2020:09:04:07 +0800] "GET /xingrg/javascript/easyui/themes/default/validatebox.css HTTP/1.1" 404 1104
116.238.71.173 - - [18/Sep/2020:09:04:07 +0800] "POST /xingrg/kc/base/wldb_order_operate.html HTTP/1.1" 200 1857
120.253.135.82 - - [18/Sep/2020:09:04:12 +0800] "GET /xingrg/all/function/internal_message.html?_=1600391161483&CODE_STATE=getMsg HTTP/1.1" 200 27
116.238.71.173 - - [18/Sep/2020:09:04:12 +0800] "GET /xingrg/kc/buy/cgsh_order_list.html HTTP/1.1" 200 44049
116.238.71.173 - - [18/Sep/2020:09:04:13 +0800] "POST /xingrg/kc/buy/cgsh_list_operate.html HTTP/1.1" 200 876
116.238.71.173 - - [18/Sep/2020:09:04:14 +0800] "GET /xingrg/kc/buy/cgsh_order_add.html HTTP/1.1" 200 59705
116.238.71.173 - - [18/Sep/2020:09:04:14 +0800] "POST /xingrg/kc/buy/cgsh_order_operate.html HTTP/1.1" 200 8245
116.238.71.173 - - [18/Sep/2020:09:04:14 +0800] "GET /xingrg/javascript/easyui/themes/default/validatebox.css HTTP/1.1" 404 1104
116.238.71.173 - - [18/Sep/2020:09:04:14 +0800] "GET /xingrg/all/common/auto_word.html?type=employee&rest_code=00150 HTTP/1.1" 200 205
116.238.71.173 - - [18/Sep/2020:09:04:14 +0800] "GET /xingrg/all/common/auto_word.html?type=employee&rest_code=00150 HTTP/1.1" 200 205
218.81.217.115 - - [18/Sep/2020:09:04:16 +0800] "GET /xingrg/all/function/internal_message.html?_=1600391067414&CODE_STATE=getMsg HTTP/1.1" 200 27
222.69.137.125 - - [18/Sep/2020:09:04:17 +0800] "GET /xingrg/all/function/internal_message.html?_=1600391048183&CODE_STATE=getMsg HTTP/1.1" 200 27
114.88.166.242 - - [18/Sep/2020:09:04:19 +0800] "GET /xingrg/all/function/internal_message.html?_=1600391053661&CODE_STATE=getMsg HTTP/1.1" 200 27
172.17.0.115 - - [18/Sep/2020:09:04:19 +0800] "GET /xingrg/all/function/internal_message.html?_=1600391072908&CODE_STATE=getMsg HTTP/1.1" 200 27
222.69.137.125 - - [18/Sep/2020:09:04:21 +0800] "GET /xingrg/kc/buy/cgsh_order_operate.html?command=get_materiel&rest_code=00149&code=00101008297&supplier_code=00100005&order_time=2020-09-18 HTTP/1.1" 200 412
114.88.166.242 - - [18/Sep/2020:09:04:22 +0800] "GET /xingrg/kc/buy/cgsh_order_operate.html?command=get_materiel&rest_code=00111&code=00101008026&supplier_code=00100005&order_time=2020-09-18 HTTP/1.1" 200 409
116.238.71.173 - - [18/Sep/2020:09:04:23 +0800] "GET /xingrg/kc/buy/cgsh_order_operate.html?command=get_materiel&rest_code=00150&code=00101007061&supplier_code=00100002&order_time=2020-09-18 HTTP/1.1" 200 409
114.88.166.242 - - [18/Sep/2020:09:04:24 +0800] "POST /xingrg/kc/buy/cgsh_order_operate.html HTTP/1.1" 200 2065
222.69.137.125 - - [18/Sep/2020:09:04:29 +0800] "GET /xingrg/kc/buy/cgsh_order_operate.html?command=get_materiel&rest_code=00149&code=00101008219&supplier_code=00100005&order_time=2020-09-18 HTTP/1.1" 200 412
116.238.71.173 - - [18/Sep/2020:09:04:37 +0800] "GET /xingrg/kc/buy/cgsh_order_operate.html?command=get_materiel&rest_code=00150&code=00101007082&supplier_code=00100002&order_time=2020-09-18 HTTP/1.1" 200 427
117.184.7.26 - - [18/Sep/2020:09:04:38 +0800] "GET /xingrg/all/function/internal_message.html?_=1600391068729&CODE_STATE=getMsg HTTP/1.1" 200 27
114.88.166.242 - - [18/Sep/2020:09:04:39 +0800] "GET /xingrg/kc/buy/cgsh_order_operate.html?command=get_materiel&rest_code=00111&code=00101008355&supplier_code=00100005&order_time=2020-09-18 HTTP/1.1" 200 408
114.88.166.242 - - [18/Sep/2020:09:04:44 +0800] "GET /xingrg/kc/buy/cgsh_order_operate.html?command=get_materiel&rest_code=00111&code=00101008264&supplier_code=00100005&order_time=2020-09-18 HTTP/1.1" 200 412
114.86.226.5 - - [18/Sep/2020:09:04:45 +0800] "GET /xingrg/all/function/internal_message.html?_=1600391111015&CODE_STATE=getMsg HTTP/1.1" 200 27
172.17.0.100 - - [18/Sep/2020:09:04:46 +0800] "GET /xingrg/all/function/internal_message.html?_=1600391083400&CODE_STATE=getMsg HTTP/1.1" 200 27
114.88.166.242 - - [18/Sep/2020:09:04:46 +0800] "GET /xingrg/all/function/internal_message.html?_=1600391150914&CODE_STATE=getMsg HTTP/1.1" 200 27
116.238.71.173 - - [18/Sep/2020:09:04:47 +0800] "GET /xingrg/kc/buy/cgsh_order_operate.html?command=get_materiel&rest_code=00150&code=00101007048&supplier_code=00100002&order_time=2020-09-18 HTTP/1.1" 200 408
116.238.71.173 - - [18/Sep/2020:09:04:49 +0800] "GET /xingrg/all/function/internal_message.html?_=1600391207696&CODE_STATE=getMsg HTTP/1.1" 200 27
114.88.166.242 - - [18/Sep/2020:09:04:50 +0800] "GET /xingrg/kc/buy/cgsh_order_operate.html?command=get_materiel&rest_code=00111&code=00101008356&supplier_code=00100005&order_time=2020-09-18 HTTP/1.1" 200 409
222.69.137.125 - - [18/Sep/2020:09:04:50 +0800] "GET /xingrg/kc/buy/cgsh_order_operate.html?command=get_materiel&rest_code=00149&code=00101008257&supplier_code=00100005&order_time=2020-09-18 HTTP/1.1" 200 416
114.88.166.242 - - [18/Sep/2020:09:04:53 +0800] "POST /xingrg/kc/buy/cgsh_order_operate.html HTTP/1.1" 200 2065
116.238.71.173 - - [18/Sep/2020:09:04:55 +0800] "GET /xingrg/kc/buy/cgsh_order_operate.html?command=get_materiel&rest_code=00150&code=00101007083&supplier_code=00100002&order_time=2020-09-18 HTTP/1.1" 200 421
114.88.166.242 - - [18/Sep/2020:09:04:56 +0800] "GET /xingrg/kc/buy/cgsh_order_operate.html?command=get_materiel&rest_code=00111&code=00101015004&supplier_code=00100005&order_time=2020-09-18 HTTP/1.1" 200 408
116.238.71.173 - - [18/Sep/2020:09:04:59 +0800] "GET /xingrg/all/function/internal_message.html?_=1600391096790&CODE_STATE=getMsg HTTP/1.1" 200 27
172.17.0.115 - - [18/Sep/2020:09:05:01 +0800] "GET /xingrg/check_reg.html?_=1600391114252 HTTP/1.1" 200 22
172.17.200.101 - - [18/Sep/2020:09:05:01 +0800] "GET /xingrg/all/function/internal_message.html?_=1600391101261&CODE_STATE=getMsg HTTP/1.1" 200 27
114.88.166.242 - - [18/Sep/2020:09:05:01 +0800] "GET /xingrg/kc/buy/cgsh_order_operate.html?command=get_materiel&rest_code=00111&code=00101008362&supplier_code=00100005&order_time=2020-09-18 HTTP/1.1" 200 408
116.238.71.173 - - [18/Sep/2020:09:05:05 +0800] "GET /xingrg/kc/buy/cgsh_order_operate.html?command=get_materiel&rest_code=00150&code=00101007077&supplier_code=00100002&order_time=2020-09-18 HTTP/1.1" 200 415
114.88.166.242 - - [18/Sep/2020:09:05:06 +0800] "GET /xingrg/kc/buy/cgsh_order_operate.html?command=get_materiel&rest_code=00111&code=00101008360&supplier_code=00100005&order_time=2020-09-18 HTTP/1.1" 200 413
222.69.137.125 - - [18/Sep/2020:09:05:12 +0800] "POST /xingrg/kc/buy/cgsh_order_operate.html HTTP/1.1" 200 2065
120.253.135.82 - - [18/Sep/2020:09:05:12 +0800] "GET /xingrg/all/function/internal_message.html?_=1600391221644&CODE_STATE=getMsg HTTP/1.1" 200 27
114.88.166.242 - - [18/Sep/2020:09:05:16 +0800] "GET /xingrg/kc/buy/cgsh_order_operate.html?command=get_materiel&rest_code=00111&code=00101008357&supplier_code=00100005&order_time=2020-09-18 HTTP/1.1" 200 408
218.81.217.115 - - [18/Sep/2020:09:05:16 +0800] "GET /xingrg/all/function/internal_message.html?_=1600391127425&CODE_STATE=getMsg HTTP/1.1" 200 27
222.69.137.125 - - [18/Sep/2020:09:05:17 +0800] "GET /xingrg/all/function/internal_message.html?_=1600391108182&CODE_STATE=getMsg HTTP/1.1" 200 27
116.238.71.173 - - [18/Sep/2020:09:05:18 +0800] "GET /xingrg/kc/buy/cgsh_order_operate.html?command=get_materiel&rest_code=00150&code=00101007071&supplier_code=00100002&order_time=2020-09-18 HTTP/1.1" 200 417
114.88.166.242 - - [18/Sep/2020:09:05:19 +0800] "GET /xingrg/all/function/internal_message.html?_=1600391113715&CODE_STATE=getMsg HTTP/1.1" 200 27
172.17.0.115 - - [18/Sep/2020:09:05:19 +0800] "GET /xingrg/all/function/internal_message.html?_=1600391132922&CODE_STATE=getMsg HTTP/1.1" 200 27
114.88.166.242 - - [18/Sep/2020:09:05:22 +0800] "POST /xingrg/kc/buy/cgsh_order_operate.html HTTP/1.1" 200 2065
114.88.166.242 - - [18/Sep/2020:09:05:26 +0800] "GET /xingrg/kc/buy/cgsh_order_operate.html?command=get_materiel&rest_code=00111&code=00101008036&supplier_code=00100005&order_time=2020-09-18 HTTP/1.1" 200 408
222.69.137.125 - - [18/Sep/2020:09:05:26 +0800] "GET /xingrg/kc/buy/cgsh_order_operate.html?command=get_materiel&rest_code=00149&code=00101008041&supplier_code=00100005&order_time=2020-09-18 HTTP/1.1" 200 427
116.238.71.173 - - [18/Sep/2020:09:05:28 +0800] "GET /xingrg/kc/buy/cgsh_order_operate.html?command=get_materiel&rest_code=00150&code=00101007081&supplier_code=00100002&order_time=2020-09-18 HTTP/1.1" 200 413
116.238.71.173 - - [18/Sep/2020:09:05:36 +0800] "POST /xingrg/kc/buy/cgsh_order_operate.html HTTP/1.1" 200 37
114.88.166.242 - - [18/Sep/2020:09:05:36 +0800] "GET /xingrg/kc/buy/cgsh_order_operate.html?command=get_materiel&rest_code=00111&code=00101008318&supplier_code=00100005&order_time=2020-09-18 HTTP/1.1" 200 408
116.238.71.173 - - [18/Sep/2020:09:05:38 +0800] "POST /xingrg/kc/buy/cgsh_order_operate.html HTTP/1.1" 200 6237
117.184.7.26 - - [18/Sep/2020:09:05:38 +0800] "GET /xingrg/all/function/internal_message.html?_=1600391128736&CODE_STATE=getMsg HTTP/1.1" 200 27
222.69.137.125 - - [18/Sep/2020:09:05:40 +0800] "GET /xingrg/kc/buy/cgsh_order_operate.html?command=get_materiel&rest_code=00149&code=00101015002&supplier_code=00100005&order_time=2020-09-18 HTTP/1.1" 200 413
114.86.226.5 - - [18/Sep/2020:09:05:43 +0800] "GET /xingrg/all/function/internal_message.html?_=1600391171015&CODE_STATE=getMsg HTTP/1.1" 200 27
114.88.166.242 - - [18/Sep/2020:09:05:45 +0800] "GET /xingrg/kc/buy/cgsh_order_operate.html?command=get_materiel&rest_code=00111&code=00101015070&supplier_code=00100005&order_time=2020-09-18 HTTP/1.1" 200 412
172.17.0.100 - - [18/Sep/2020:09:05:46 +0800] "GET /xingrg/all/function/internal_message.html?_=1600391143399&CODE_STATE=getMsg HTTP/1.1" 200 27
114.88.166.242 - - [18/Sep/2020:09:05:46 +0800] "GET /xingrg/all/function/internal_message.html?_=1600391210956&CODE_STATE=getMsg HTTP/1.1" 200 27
116.238.71.173 - - [18/Sep/2020:09:05:49 +0800] "GET /xingrg/all/function/internal_message.html?_=1600391267723&CODE_STATE=getMsg HTTP/1.1" 200 27
222.69.137.125 - - [18/Sep/2020:09:05:52 +0800] "GET /xingrg/kc/buy/cgsh_order_operate.html?command=get_materiel&rest_code=00149&code=00101008537&supplier_code=00100005&order_time=2020-09-18 HTTP/1.1" 200 399
120.253.135.82 - - [18/Sep/2020:09:05:56 +0800] "GET /xingrg/check_reg.html?_=1600391266131 HTTP/1.1" 200 22
116.238.71.173 - - [18/Sep/2020:09:05:59 +0800] "GET /xingrg/all/function/internal_message.html?_=1600391156816&CODE_STATE=getMsg HTTP/1.1" 200 27
172.17.200.101 - - [18/Sep/2020:09:06:01 +0800] "GET /xingrg/all/function/internal_message.html?_=1600391161261&CODE_STATE=getMsg HTTP/1.1" 200 27
114.88.166.242 - - [18/Sep/2020:09:06:01 +0800] "GET /xingrg/kc/buy/cgsh_order_operate.html?command=get_materiel&rest_code=00111&code=00101008371&supplier_code=00100005&order_time=2020-09-18 HTTP/1.1" 200 412
222.69.137.125 - - [18/Sep/2020:09:06:02 +0800] "GET /xingrg/kc/buy/cgsh_order_operate.html?command=get_materiel&rest_code=00149&code=00101008010&supplier_code=00100005&order_time=2020-09-18 HTTP/1.1" 200 412
222.69.137.125 - - [18/Sep/2020:09:06:02 +0800] "POST /xingrg/services/DataTransmitService HTTP/1.1" 200 524
222.69.137.125 - - [18/Sep/2020:09:06:03 +0800] "POST /xingrg/services/DataTransmitService HTTP/1.1" 200 501
222.69.137.125 - - [18/Sep/2020:09:06:03 +0800] "POST /xingrg/services/DataTransmitService HTTP/1.1" 200 501
222.69.137.125 - - [18/Sep/2020:09:06:04 +0800] "POST /xingrg/services/DataTransmitService HTTP/1.1" 200 501
114.88.166.242 - - [18/Sep/2020:09:06:05 +0800] "POST /xingrg/kc/buy/cgsh_order_operate.html HTTP/1.1" 200 2065
222.69.137.125 - - [18/Sep/2020:09:06:05 +0800] "POST /xingrg/services/DataTransmitService HTTP/1.1" 200 501
222.69.137.125 - - [18/Sep/2020:09:06:05 +0800] "POST /xingrg/services/DataTransmitService HTTP/1.1" 200 501
222.69.137.125 - - [18/Sep/2020:09:06:05 +0800] "POST /xingrg/kc/buy/cgsh_order_operate.html HTTP/1.1" 200 2065
222.69.137.125 - - [18/Sep/2020:09:06:06 +0800] "POST /xingrg/services/DataTransmitService HTTP/1.1" 200 501
222.69.137.125 - - [18/Sep/2020:09:06:06 +0800] "POST /xingrg/services/DataTransmitService HTTP/1.1" 200 501
222.69.137.125 - - [18/Sep/2020:09:06:06 +0800] "POST /xingrg/services/DataTransmitService HTTP/1.1" 200 501
222.69.137.125 - - [18/Sep/2020:09:06:08 +0800] "POST /xingrg/services/DataTransmitService HTTP/1.1" 200 412
114.88.166.242 - - [18/Sep/2020:09:06:10 +0800] "GET /xingrg/kc/buy/cgsh_order_operate.html?command=get_materiel&rest_code=00111&code=00101008005&supplier_code=00100005&order_time=2020-09-18 HTTP/1.1" 200 414
114.88.166.242 - - [18/Sep/2020:09:06:10 +0800] "GET /xingrg/check_reg.html?_=1600391165391 HTTP/1.1" 200 22
120.253.135.82 - - [18/Sep/2020:09:06:12 +0800] "GET /xingrg/all/function/internal_message.html?_=1600391281648&CODE_STATE=getMsg HTTP/1.1" 200 27
222.69.137.125 - - [18/Sep/2020:09:06:12 +0800] "GET /xingrg/kc/buy/cgsh_order_operate.html?command=get_materiel&rest_code=00149&code=00101008312&supplier_code=00100005&order_time=2020-09-18 HTTP/1.1" 200 412
218.81.217.115 - - [18/Sep/2020:09:06:17 +0800] "GET /xingrg/all/function/internal_message.html?_=1600391187830&CODE_STATE=getMsg HTTP/1.1" 200 27
222.69.137.125 - - [18/Sep/2020:09:06:17 +0800] "GET /xingrg/check_reg.html?_=1600391168165 HTTP/1.1" 200 22
114.88.166.242 - - [18/Sep/2020:09:06:17 +0800] "GET /xingrg/kc/buy/cgsh_order_operate.html?command=get_materiel&rest_code=00111&code=00101008271&supplier_code=00100005&order_time=2020-09-18 HTTP/1.1" 200 408
222.69.137.125 - - [18/Sep/2020:09:06:17 +0800] "GET /xingrg/all/function/internal_message.html?_=1600391168168&CODE_STATE=getMsg HTTP/1.1" 200 27
114.88.166.242 - - [18/Sep/2020:09:06:19 +0800] "GET /xingrg/all/function/internal_message.html?_=1600391173720&CODE_STATE=getMsg HTTP/1.1" 200 27
172.17.0.115 - - [18/Sep/2020:09:06:19 +0800] "GET /xingrg/all/function/internal_message.html?_=1600391192935&CODE_STATE=getMsg HTTP/1.1" 200 27
222.69.137.125 - - [18/Sep/2020:09:06:27 +0800] "GET /xingrg/kc/buy/cgsh_order_operate.html?command=get_materiel&rest_code=00149&code=00101008197&supplier_code=00100005&order_time=2020-09-18 HTTP/1.1" 200 416
114.88.166.242 - - [18/Sep/2020:09:06:30 +0800] "GET /xingrg/kc/buy/cgsh_order_operate.html?command=get_materiel&rest_code=00111&code=00101019190&supplier_code=00100005&order_time=2020-09-18 HTTP/1.1" 200 428
114.88.166.242 - - [18/Sep/2020:09:06:34 +0800] "GET /xingrg/kc/buy/cgsh_order_operate.html?command=get_materiel&rest_code=00111&code=00101008092&supplier_code=00100005&order_time=2020-09-18 HTTP/1.1" 200 412
116.238.71.173 - - [18/Sep/2020:09:06:35 +0800] "GET /xingrg/check_reg.html?_=1600391313947 HTTP/1.1" 200 22
117.184.7.26 - - [18/Sep/2020:09:06:38 +0800] "GET /xingrg/all/function/internal_message.html?_=1600391188721&CODE_STATE=getMsg HTTP/1.1" 200 27
114.86.226.5 - - [18/Sep/2020:09:06:41 +0800] "GET /xingrg/check_reg.html?_=1600391231015 HTTP/1.1" 200 22
114.86.226.5 - - [18/Sep/2020:09:06:41 +0800] "GET /xingrg/all/function/internal_message.html?_=1600391231015&CODE_STATE=getMsg HTTP/1.1" 200 27
172.17.0.100 - - [18/Sep/2020:09:06:46 +0800] "GET /xingrg/check_reg.html?_=1600391203397 HTTP/1.1" 200 22
172.17.0.100 - - [18/Sep/2020:09:06:46 +0800] "GET /xingrg/all/function/internal_message.html?_=1600391203398&CODE_STATE=getMsg HTTP/1.1" 200 27
114.88.166.242 - - [18/Sep/2020:09:06:46 +0800] "GET /xingrg/all/function/internal_message.html?_=1600391270973&CODE_STATE=getMsg HTTP/1.1" 200 27
222.69.137.125 - - [18/Sep/2020:09:06:46 +0800] "GET /xingrg/kc/buy/cgsh_order_operate.html?command=get_materiel&rest_code=00149&code=00101008114&supplier_code=00100005&order_time=2020-09-18 HTTP/1.1" 200 412
114.88.166.242 - - [18/Sep/2020:09:06:49 +0800] "GET /xingrg/kc/buy/cgsh_order_operate.html?command=get_materiel&rest_code=00111&code=00101008353&supplier_code=00100005&order_time=2020-09-18 HTTP/1.1" 200 408
116.238.71.173 - - [18/Sep/2020:09:06:49 +0800] "GET /xingrg/all/function/internal_message.html?_=1600391327738&CODE_STATE=getMsg HTTP/1.1" 200 27
222.69.137.125 - - [18/Sep/2020:09:06:58 +0800] "GET /xingrg/kc/buy/cgsh_order_operate.html?command=get_materiel&rest_code=00149&code=00101015024&supplier_code=00100005&order_time=2020-09-18 HTTP/1.1" 200 413
116.238.71.173 - - [18/Sep/2020:09:06:59 +0800] "GET /xingrg/all/function/internal_message.html?_=1600391216841&CODE_STATE=getMsg HTTP/1.1" 200 27
116.238.71.173 - - [18/Sep/2020:09:06:59 +0800] "GET /xingrg/check_reg.html?_=1600391216890 HTTP/1.1" 200 22
114.88.166.242 - - [18/Sep/2020:09:06:59 +0800] "GET /xingrg/kc/buy/cgsh_order_operate.html?command=get_materiel&rest_code=00111&code=00101008328&supplier_code=00100005&order_time=2020-09-18 HTTP/1.1" 200 410
172.17.200.101 - - [18/Sep/2020:09:07:01 +0800] "GET /xingrg/check_reg.html?_=1600391221259 HTTP/1.1" 200 22
172.17.200.101 - - [18/Sep/2020:09:07:01 +0800] "GET /xingrg/all/function/internal_message.html?_=1600391221262&CODE_STATE=getMsg HTTP/1.1" 200 27
114.88.166.242 - - [18/Sep/2020:09:07:04 +0800] "POST /xingrg/kc/buy/cgsh_order_operate.html HTTP/1.1" 200 2065
222.69.137.125 - - [18/Sep/2020:09:07:08 +0800] "GET /xingrg/kc/buy/cgsh_order_operate.html?command=get_materiel&rest_code=00149&code=00101008183&supplier_code=00100005&order_time=2020-09-18 HTTP/1.1" 200 413
114.88.166.242 - - [18/Sep/2020:09:07:09 +0800] "GET /xingrg/kc/buy/cgsh_order_operate.html?command=get_materiel&rest_code=00111&code=00101008312&supplier_code=00100005&order_time=2020-09-18 HTTP/1.1" 200 412
120.253.135.82 - - [18/Sep/2020:09:07:12 +0800] "GET /xingrg/all/function/internal_message.html?_=1600391341663&CODE_STATE=getMsg HTTP/1.1" 200 27
222.69.137.125 - - [18/Sep/2020:09:07:12 +0800] "POST /xingrg/kc/buy/cgsh_order_operate.html HTTP/1.1" 200 2065
218.81.217.115 - - [18/Sep/2020:09:07:17 +0800] "GET /xingrg/all/function/internal_message.html?_=1600391247842&CODE_STATE=getMsg HTTP/1.1" 200 27
222.69.137.125 - - [18/Sep/2020:09:07:18 +0800] "GET /xingrg/all/function/internal_message.html?_=1600391228366&CODE_STATE=getMsg HTTP/1.1" 200 27
114.88.166.242 - - [18/Sep/2020:09:07:19 +0800] "GET /xingrg/all/function/internal_message.html?_=1600391233732&CODE_STATE=getMsg HTTP/1.1" 200 27
172.17.0.115 - - [18/Sep/2020:09:07:19 +0800] "GET /xingrg/all/function/internal_message.html?_=1600391252965&CODE_STATE=getMsg HTTP/1.1" 200 27
222.69.137.125 - - [18/Sep/2020:09:07:21 +0800] "GET /xingrg/kc/buy/cgsh_order_operate.html?command=get_materiel&rest_code=00149&code=00101015006&supplier_code=00100005&order_time=2020-09-18 HTTP/1.1" 200 413
222.69.137.125 - - [18/Sep/2020:09:07:31 +0800] "GET /xingrg/kc/buy/cgsh_order_operate.html?command=get_materiel&rest_code=00149&code=00101008236&supplier_code=00100005&order_time=2020-09-18 HTTP/1.1" 200 436
117.184.7.26 - - [18/Sep/2020:09:07:38 +0800] "GET /xingrg/all/function/internal_message.html?_=1600391248720&CODE_STATE=getMsg HTTP/1.1" 200 27
114.86.226.5 - - [18/Sep/2020:09:07:39 +0800] "GET /xingrg/all/function/internal_message.html?_=1600391291031&CODE_STATE=getMsg HTTP/1.1" 200 27
114.88.166.242 - - [18/Sep/2020:09:07:39 +0800] "GET /xingrg/kc/buy/cgsh_order_operate.html?command=get_materiel&rest_code=00111&code=00101008532&supplier_code=00100005&order_time=2020-09-18 HTTP/1.1" 200 399
222.69.137.125 - - [18/Sep/2020:09:07:41 +0800] "GET /xingrg/kc/buy/cgsh_order_operate.html?command=get_materiel&rest_code=00149&code=00101015044&supplier_code=00100005&order_time=2020-09-18 HTTP/1.1" 200 408
172.17.0.100 - - [18/Sep/2020:09:07:46 +0800] "GET /xingrg/all/function/internal_message.html?_=1600391263389&CODE_STATE=getMsg HTTP/1.1" 200 27
114.88.166.242 - - [18/Sep/2020:09:07:46 +0800] "GET /xingrg/all/function/internal_message.html?_=1600391330866&CODE_STATE=getMsg HTTP/1.1" 200 27
114.88.166.242 - - [18/Sep/2020:09:07:46 +0800] "GET /xingrg/check_reg.html?_=1600391330897 HTTP/1.1" 200 22
114.88.166.242 - - [18/Sep/2020:09:07:47 +0800] "GET /xingrg/kc/buy/cgsh_order_operate.html?command=get_materiel&rest_code=00111&code=00101008125&supplier_code=00100005&order_time=2020-09-18 HTTP/1.1" 200 413
116.238.71.173 - - [18/Sep/2020:09:07:49 +0800] "GET /xingrg/all/function/internal_message.html?_=1600391387752&CODE_STATE=getMsg HTTP/1.1" 200 27
114.88.166.242 - - [18/Sep/2020:09:07:52 +0800] "GET /xingrg/kc/buy/cgsh_order_operate.html?command=get_materiel&rest_code=00111&code=00101008298&supplier_code=00100005&order_time=2020-09-18 HTTP/1.1" 200 431
222.69.137.125 - - [18/Sep/2020:09:07:55 +0800] "GET /xingrg/kc/buy/cgsh_order_operate.html?command=get_materiel&rest_code=00149&code=00101008168&supplier_code=00100005&order_time=2020-09-18 HTTP/1.1" 200 413
116.238.71.173 - - [18/Sep/2020:09:07:59 +0800] "GET /xingrg/all/function/internal_message.html?_=1600391276863&CODE_STATE=getMsg HTTP/1.1" 200 27
114.88.166.242 - - [18/Sep/2020:09:07:59 +0800] "GET /xingrg/kc/buy/cgsh_order_operate.html?command=get_materiel&rest_code=00111&code=00101008089&supplier_code=00100005&order_time=2020-09-18 HTTP/1.1" 200 408
172.17.200.101 - - [18/Sep/2020:09:08:01 +0800] "GET /xingrg/all/function/internal_message.html?_=1600391281263&CODE_STATE=getMsg HTTP/1.1" 200 27
114.88.166.242 - - [18/Sep/2020:09:08:01 +0800] "POST /xingrg/kc/buy/cgsh_order_operate.html HTTP/1.1" 200 2065
222.69.137.125 - - [18/Sep/2020:09:08:07 +0800] "GET /xingrg/kc/buy/cgsh_order_operate.html?command=get_materiel&rest_code=00149&code=00101008298&supplier_code=00100005&order_time=2020-09-18 HTTP/1.1" 200 431
120.253.135.82 - - [18/Sep/2020:09:08:12 +0800] "GET /xingrg/all/function/internal_message.html?_=1600391401823&CODE_STATE=getMsg HTTP/1.1" 200 27
222.69.137.125 - - [18/Sep/2020:09:08:13 +0800] "POST /xingrg/kc/buy/cgsh_order_operate.html HTTP/1.1" 200 2065
218.81.217.115 - - [18/Sep/2020:09:08:15 +0800] "GET /xingrg/check_reg.html?_=1600391306029 HTTP/1.1" 200 22
218.81.217.115 - - [18/Sep/2020:09:08:17 +0800] "GET /xingrg/all/function/internal_message.html?_=1600391307857&CODE_STATE=getMsg HTTP/1.1" 200 27
222.69.137.125 - - [18/Sep/2020:09:08:18 +0800] "GET /xingrg/all/function/internal_message.html?_=1600391288357&CODE_STATE=getMsg HTTP/1.1" 200 27
116.230.74.197 - - [18/Sep/2020:09:08:18 +0800] "GET /xingrg/login.html HTTP/1.1" 200 7641
114.88.166.242 - - [18/Sep/2020:09:08:19 +0800] "GET /xingrg/all/function/internal_message.html?_=1600391293793&CODE_STATE=getMsg HTTP/1.1" 200 27
222.69.137.125 - - [18/Sep/2020:09:08:19 +0800] "GET /xingrg/kc/buy/cgsh_order_operate.html?command=get_materiel&rest_code=00149&code=00101008276&supplier_code=00100005&order_time=2020-09-18 HTTP/1.1" 200 412
172.17.0.115 - - [18/Sep/2020:09:08:19 +0800] "GET /xingrg/all/function/internal_message.html?_=1600391312979&CODE_STATE=getMsg HTTP/1.1" 200 27
114.88.166.242 - - [18/Sep/2020:09:08:26 +0800] "GET /xingrg/kc/buy/cgsh_order_operate.html?command=get_materiel&rest_code=00111&code=00101008350&supplier_code=00100005&order_time=2020-09-18 HTTP/1.1" 200 408
116.230.74.197 - - [18/Sep/2020:09:08:29 +0800] "GET /favicon.ico HTTP/1.1" 404 -
222.69.137.125 - - [18/Sep/2020:09:08:35 +0800] "GET /xingrg/kc/buy/cgsh_order_operate.html?command=get_materiel&rest_code=00149&code=00101008404&supplier_code=00100005&order_time=2020-09-18 HTTP/1.1" 200 424
114.86.226.5 - - [18/Sep/2020:09:08:38 +0800] "GET /xingrg/all/function/internal_message.html?_=1600391351031&CODE_STATE=getMsg HTTP/1.1" 200 27
117.184.7.26 - - [18/Sep/2020:09:08:38 +0800] "GET /xingrg/all/function/internal_message.html?_=1600391308747&CODE_STATE=getMsg HTTP/1.1" 200 27
117.184.7.26 - - [18/Sep/2020:09:08:38 +0800] "GET /xingrg/check_reg.html?_=1600391308778 HTTP/1.1" 200 22
114.88.166.242 - - [18/Sep/2020:09:08:40 +0800] "GET /xingrg/kc/buy/cgsh_order_operate.html?command=get_materiel&rest_code=00111&code=00101008112&supplier_code=00100005&order_time=2020-09-18 HTTP/1.1" 200 412
172.17.0.100 - - [18/Sep/2020:09:08:46 +0800] "GET /xingrg/all/function/internal_message.html?_=1600391323387&CODE_STATE=getMsg HTTP/1.1" 200 27
114.88.166.242 - - [18/Sep/2020:09:08:46 +0800] "GET /xingrg/all/function/internal_message.html?_=1600391390865&CODE_STATE=getMsg HTTP/1.1" 200 27
114.88.166.242 - - [18/Sep/2020:09:08:48 +0800] "GET /xingrg/kc/buy/cgsh_order_operate.html?command=get_materiel&rest_code=00111&code=00101008236&supplier_code=00100005&order_time=2020-09-18 HTTP/1.1" 200 436
116.238.71.173 - - [18/Sep/2020:09:08:49 +0800] "GET /xingrg/all/function/internal_message.html?_=1600391447781&CODE_STATE=getMsg HTTP/1.1" 200 27
114.88.166.242 - - [18/Sep/2020:09:08:51 +0800] "POST /xingrg/kc/buy/cgsh_order_operate.html HTTP/1.1" 200 2065
116.230.74.197 - - [18/Sep/2020:09:08:52 +0800] "POST /xingrg/login.do HTTP/1.1" 302 -
116.230.74.197 - - [18/Sep/2020:09:08:52 +0800] "GET /xingrg/index.html?sysBaseUrl=http%3A%2F%2F180.169.147.146%3A18081%2Fxingrg%2F&costTime=98×tamp=1600391332439 HTTP/1.1" 200 17179
114.88.166.242 - - [18/Sep/2020:09:08:54 +0800] "GET /xingrg/kc/buy/cgsh_order_operate.html?command=get_materiel&rest_code=00111&code=00101020152&supplier_code=00100005&order_time=2020-09-18 HTTP/1.1" 200 416
116.230.74.197 - - [18/Sep/2020:09:08:55 +0800] "GET /favicon.ico HTTP/1.1" 404 -
116.230.74.197 - - [18/Sep/2020:09:08:55 +0800] "POST /xingrg/all/common/load_tree.html?tree=area_rest_tree_json&manage=1 HTTP/1.1" 200 476
116.230.74.197 - - [18/Sep/2020:09:08:55 +0800] "GET /xingrg/all/function/internal_message.html?_=1600391325236&CODE_STATE=count HTTP/1.1" 200 11
116.230.74.197 - - [18/Sep/2020:09:08:55 +0800] "GET /xingrg/check_reg.html?_=1600391325246 HTTP/1.1" 200 22
116.230.74.197 - - [18/Sep/2020:09:08:56 +0800] "POST /xingrg/load_menu.html HTTP/1.1" 200 5138
116.238.71.173 - - [18/Sep/2020:09:08:59 +0800] "GET /xingrg/all/function/internal_message.html?_=1600391336885&CODE_STATE=getMsg HTTP/1.1" 200 27
172.17.200.101 - - [18/Sep/2020:09:09:01 +0800] "GET /xingrg/all/function/internal_message.html?_=1600391341264&CODE_STATE=getMsg HTTP/1.1" 200 27
114.88.166.242 - - [18/Sep/2020:09:09:10 +0800] "GET /xingrg/kc/buy/cgsh_order_operate.html?command=get_materiel&rest_code=00111&code=00101008168&supplier_code=00100005&order_time=2020-09-18 HTTP/1.1" 200 413
120.253.135.82 - - [18/Sep/2020:09:09:12 +0800] "GET /xingrg/all/function/internal_message.html?_=1600391461830&CODE_STATE=getMsg HTTP/1.1" 200 27
114.88.166.242 - - [18/Sep/2020:09:09:16 +0800] "GET /xingrg/kc/buy/cgsh_order_operate.html?command=get_materiel&rest_code=00111&code=00101008165&supplier_code=00100005&order_time=2020-09-18 HTTP/1.1" 200 417
218.81.217.115 - - [18/Sep/2020:09:09:17 +0800] "GET /xingrg/all/function/internal_message.html?_=1600391367870&CODE_STATE=getMsg HTTP/1.1" 200 27
222.69.137.125 - - [18/Sep/2020:09:09:17 +0800] "GET /xingrg/all/function/internal_message.html?_=1600391348325&CODE_STATE=getMsg HTTP/1.1" 200 27
114.88.166.242 - - [18/Sep/2020:09:09:19 +0800] "GET /xingrg/all/function/internal_message.html?_=1600391353807&CODE_STATE=getMsg HTTP/1.1" 200 27
172.17.0.115 - - [18/Sep/2020:09:09:19 +0800] "GET /xingrg/all/function/internal_message.html?_=1600391373007&CODE_STATE=getMsg HTTP/1.1" 200 27
116.230.74.197 - - [18/Sep/2020:09:09:20 +0800] "GET /xingrg/kc/buy/buy_main.html HTTP/1.1" 200 12412
116.230.74.197 - - [18/Sep/2020:09:09:20 +0800] "GET /xingrg/css/new_ie.css HTTP/1.1" 404 1036
116.230.74.197 - - [18/Sep/2020:09:09:23 +0800] "GET /xingrg/images/yd/bt.gif HTTP/1.1" 404 1040
116.230.74.197 - - [18/Sep/2020:09:09:24 +0800] "GET /xingrg/kc/buy/cgsh_order_list.html HTTP/1.1" 200 44049
116.230.74.197 - - [18/Sep/2020:09:09:30 +0800] "POST /xingrg/kc/buy/cgsh_list_operate.html HTTP/1.1" 200 876
116.230.74.197 - - [18/Sep/2020:09:09:33 +0800] "GET /xingrg/kc/buy/cgsh_order_add.html HTTP/1.1" 200 59828
116.230.74.197 - - [18/Sep/2020:09:09:34 +0800] "GET /xingrg/words/20200918074315_words.js HTTP/1.1" 200 763584
114.86.226.5 - - [18/Sep/2020:09:09:36 +0800] "GET /xingrg/all/function/internal_message.html?_=1600391411031&CODE_STATE=getMsg HTTP/1.1" 200 27
116.230.74.197 - - [18/Sep/2020:09:09:36 +0800] "GET /xingrg/all/common/auto_word.html?type=employee&rest_code=00107 HTTP/1.1" 200 147
116.230.74.197 - - [18/Sep/2020:09:09:36 +0800] "GET /xingrg/javascript/easyui/themes/default/validatebox.css HTTP/1.1" 404 1104
116.230.74.197 - - [18/Sep/2020:09:09:36 +0800] "GET /xingrg/all/common/auto_word.html?type=employee&rest_code=00107 HTTP/1.1" 200 147
116.230.74.197 - - [18/Sep/2020:09:09:36 +0800] "POST /xingrg/kc/buy/cgsh_order_operate.html HTTP/1.1" 200 8245
114.88.166.242 - - [18/Sep/2020:09:09:38 +0800] "GET /xingrg/kc/buy/cgsh_order_operate.html?command=get_materiel&rest_code=00111&code=00101008223&supplier_code=00100005&order_time=2020-09-18 HTTP/1.1" 200 412
117.184.7.26 - - [18/Sep/2020:09:09:38 +0800] "GET /xingrg/all/function/internal_message.html?_=1600391368746&CODE_STATE=getMsg HTTP/1.1" 200 27
116.230.74.197 - - [18/Sep/2020:09:09:40 +0800] "GET /xingrg/javascript/easyui/themes/default/tree.css HTTP/1.1" 404 1090
116.230.74.197 - - [18/Sep/2020:09:09:40 +0800] "POST /xingrg/all/common/load_tree.html?tree=supplier_tree_json&isDelete=1 HTTP/1.1" 200 50303
114.88.166.242 - - [18/Sep/2020:09:09:40 +0800] "POST /xingrg/kc/buy/cgsh_order_operate.html HTTP/1.1" 200 2065
172.17.0.100 - - [18/Sep/2020:09:09:46 +0800] "GET /xingrg/all/function/internal_message.html?_=1600391383400&CODE_STATE=getMsg HTTP/1.1" 200 27
114.88.166.242 - - [18/Sep/2020:09:09:46 +0800] "GET /xingrg/all/function/internal_message.html?_=1600391450970&CODE_STATE=getMsg HTTP/1.1" 200 27
116.238.71.173 - - [18/Sep/2020:09:09:49 +0800] "GET /xingrg/all/function/internal_message.html?_=1600391507795&CODE_STATE=getMsg HTTP/1.1" 200 27
172.17.0.100 - - [18/Sep/2020:09:09:55 +0800] "GET /xingrg/logout.do HTTP/1.1" 302 -
172.17.0.100 - - [18/Sep/2020:09:09:55 +0800] "GET /xingrg/login.html?sysBaseUrl=http%3A%2F%2F172.17.0.8%3A18081%2Fxingrg%2F&costTime=3×tamp=1600391395863 HTTP/1.1" 200 7636
116.230.74.197 - - [18/Sep/2020:09:09:55 +0800] "GET /xingrg/all/function/internal_message.html?_=1600391385266&CODE_STATE=getMsg HTTP/1.1" 200 27
172.17.0.100 - - [18/Sep/2020:09:09:56 +0800] "GET /favicon.ico HTTP/1.1" 404 -
116.238.71.173 - - [18/Sep/2020:09:09:59 +0800] "GET /xingrg/all/function/internal_message.html?_=1600391396916&CODE_STATE=getMsg HTTP/1.1" 200 27
172.17.0.115 - - [18/Sep/2020:09:10:01 +0800] "GET /xingrg/check_reg.html?_=1600391414254 HTTP/1.1" 200 22
172.17.200.101 - - [18/Sep/2020:09:10:01 +0800] "GET /xingrg/all/function/internal_message.html?_=1600391401267&CODE_STATE=getMsg HTTP/1.1" 200 27
172.17.0.100 - - [18/Sep/2020:09:10:03 +0800] "POST /xingrg/login.do HTTP/1.1" 302 -
172.17.0.100 - - [18/Sep/2020:09:10:03 +0800] "GET /xingrg/index.html?sysBaseUrl=http%3A%2F%2F172.17.0.8%3A18081%2Fxingrg%2F&costTime=75×tamp=1600391403340 HTTP/1.1" 200 17448
172.17.0.100 - - [18/Sep/2020:09:10:03 +0800] "GET /favicon.ico HTTP/1.1" 404 -
172.17.0.100 - - [18/Sep/2020:09:10:03 +0800] "POST /xingrg/all/common/load_tree.html?tree=area_rest_tree_json&manage=1 HTTP/1.1" 200 3216
172.17.0.100 - - [18/Sep/2020:09:10:03 +0800] "GET /xingrg/all/function/internal_message.html?_=1600391400574&CODE_STATE=count HTTP/1.1" 200 11
172.17.0.100 - - [18/Sep/2020:09:10:03 +0800] "POST /xingrg/load_menu.html HTTP/1.1" 200 11529
172.17.0.100 - - [18/Sep/2020:09:10:03 +0800] "GET /xingrg/check_reg.html?_=1600391400574 HTTP/1.1" 200 22
172.17.0.100 - - [18/Sep/2020:09:10:09 +0800] "POST /xingrg/all/user/operate.html HTTP/1.1" 200 36
172.17.0.100 - - [18/Sep/2020:09:10:09 +0800] "GET /xingrg/javascript/jquery_easy_ui/themes/default/easyui.css HTTP/1.1" 304 -
172.17.0.100 - - [18/Sep/2020:09:10:09 +0800] "GET /xingrg/index.html?sysBaseUrl=http%3A%2F%2F172.17.0.8%3A18081%2Fxingrg%2F&costTime=75×tamp=1600391403340 HTTP/1.1" 200 17454
172.17.0.100 - - [18/Sep/2020:09:10:09 +0800] "GET /xingrg/javascript/jquery_easy_ui/themes/icon.css HTTP/1.1" 304 -
172.17.0.100 - - [18/Sep/2020:09:10:09 +0800] "GET /xingrg/css/form.css HTTP/1.1" 304 -
172.17.0.100 - - [18/Sep/2020:09:10:09 +0800] "GET /xingrg/javascript/jquery-1.4.2.min.js HTTP/1.1" 304 -
172.17.0.100 - - [18/Sep/2020:09:10:09 +0800] "GET /xingrg/javascript/jquery_easy_ui/jquery.easyui.min.js HTTP/1.1" 304 -
172.17.0.100 - - [18/Sep/2020:09:10:09 +0800] "GET /xingrg/javascript/jquery_easy_ui/easyui-lang-zh_CN.js HTTP/1.1" 304 -
172.17.0.100 - - [18/Sep/2020:09:10:09 +0800] "GET /xingrg/javascript/jquery.form.js HTTP/1.1" 304 -
172.17.0.100 - - [18/Sep/2020:09:10:09 +0800] "GET /xingrg/javascript/jquery.utils.js HTTP/1.1" 304 -
172.17.0.100 - - [18/Sep/2020:09:10:10 +0800] "GET /xingrg/javascript/jquery.timers.js HTTP/1.1" 304 -
172.17.0.100 - - [18/Sep/2020:09:10:10 +0800] "GET /xingrg/images/blue/jxLogo.png HTTP/1.1" 304 -
172.17.0.100 - - [18/Sep/2020:09:10:10 +0800] "GET /xingrg/javascript/jquery_easy_ui/themes/icons/settle_new.png HTTP/1.1" 304 -
172.17.0.100 - - [18/Sep/2020:09:10:10 +0800] "GET /xingrg/images/blue/navBackgound.jpg HTTP/1.1" 304 -
172.17.0.100 - - [18/Sep/2020:09:10:10 +0800] "POST /xingrg/all/common/load_tree.html?tree=area_rest_tree_json&manage=1 HTTP/1.1" 200 3216
172.17.0.100 - - [18/Sep/2020:09:10:10 +0800] "GET /xingrg/all/function/internal_message.html?_=1600391407086&CODE_STATE=count HTTP/1.1" 200 11
172.17.0.100 - - [18/Sep/2020:09:10:10 +0800] "GET /xingrg/check_reg.html?_=1600391407087 HTTP/1.1" 200 22
172.17.0.100 - - [18/Sep/2020:09:10:10 +0800] "GET /xingrg/javascript/jquery_easy_ui/themes/default/images/panel_tool_expand.gif HTTP/1.1" 304 -
172.17.0.100 - - [18/Sep/2020:09:10:10 +0800] "GET /xingrg/javascript/jquery_easy_ui/themes/default/images/panel_tool_collapse.gif HTTP/1.1" 304 -
172.17.0.100 - - [18/Sep/2020:09:10:10 +0800] "GET /xingrg/javascript/jquery_easy_ui/themes/default/images/tabs_rightarrow.png HTTP/1.1" 304 -
172.17.0.100 - - [18/Sep/2020:09:10:10 +0800] "GET /xingrg/javascript/jquery_easy_ui/themes/default/images/tabs_leftarrow.png HTTP/1.1" 304 -
172.17.0.100 - - [18/Sep/2020:09:10:10 +0800] "GET /xingrg/images/blue/pingpu.png HTTP/1.1" 304 -
172.17.0.100 - - [18/Sep/2020:09:10:10 +0800] "GET /xingrg/javascript/jquery_easy_ui/themes/default/images/tree_arrows.gif HTTP/1.1" 304 -
172.17.0.100 - - [18/Sep/2020:09:10:10 +0800] "POST /xingrg/load_menu.html HTTP/1.1" 200 9924
172.17.0.100 - - [18/Sep/2020:09:10:12 +0800] "GET /xingrg/kc/buy/cgsh_order_list.html HTTP/1.1" 200 44284
120.253.135.82 - - [18/Sep/2020:09:10:12 +0800] "GET /xingrg/all/function/internal_message.html?_=1600391521993&CODE_STATE=getMsg HTTP/1.1" 200 27
172.17.0.100 - - [18/Sep/2020:09:10:13 +0800] "POST /xingrg/kc/buy/cgsh_list_operate.html HTTP/1.1" 200 876
218.81.217.115 - - [18/Sep/2020:09:10:17 +0800] "GET /xingrg/all/function/internal_message.html?_=1600391427883&CODE_STATE=getMsg HTTP/1.1" 200 27
222.69.137.125 - - [18/Sep/2020:09:10:17 +0800] "GET /xingrg/all/function/internal_message.html?_=1600391408308&CODE_STATE=getMsg HTTP/1.1" 200 27
172.17.0.100 - - [18/Sep/2020:09:10:18 +0800] "POST /xingrg/kc/buy/cgsh_list_operate.html HTTP/1.1" 200 5888
114.88.166.242 - - [18/Sep/2020:09:10:19 +0800] "GET /xingrg/all/function/internal_message.html?_=1600391413866&CODE_STATE=getMsg HTTP/1.1" 200 27
116.230.74.197 - - [18/Sep/2020:09:10:19 +0800] "GET /xingrg/javascript/auto/indicator.gif HTTP/1.1" 404 1066
172.17.0.115 - - [18/Sep/2020:09:10:19 +0800] "GET /xingrg/all/function/internal_message.html?_=1600391433021&CODE_STATE=getMsg HTTP/1.1" 200 27
172.17.0.100 - - [18/Sep/2020:09:10:23 +0800] "POST /xingrg/kc/buy/cgsh_list_operate.html HTTP/1.1" 200 6025
114.86.226.5 - - [18/Sep/2020:09:10:33 +0800] "GET /xingrg/all/function/internal_message.html?_=1600391471031&CODE_STATE=getMsg HTTP/1.1" 200 27
116.230.74.197 - - [18/Sep/2020:09:10:38 +0800] "GET /xingrg/kc/buy/cgsh_order_operate.html?command=get_materiel&rest_code=00107&code=00101008028&supplier_code=00100006&order_time=2020-09-18 HTTP/1.1" 200 412
117.184.7.26 - - [18/Sep/2020:09:10:38 +0800] "GET /xingrg/all/function/internal_message.html?_=1600391428737&CODE_STATE=getMsg HTTP/1.1" 200 27
172.17.0.100 - - [18/Sep/2020:09:10:38 +0800] "POST /xingrg/kc/buy/cgsh_list_operate.html HTTP/1.1" 200 6008
172.17.0.100 - - [18/Sep/2020:09:10:40 +0800] "POST /xingrg/kc/buy/cgsh_list_operate.html HTTP/1.1" 200 565
172.17.0.100 - - [18/Sep/2020:09:10:41 +0800] "GET /xingrg/kc/buy/cgsh_order_info.html?code=212020091707299 HTTP/1.1" 200 54871
172.17.0.100 - - [18/Sep/2020:09:10:41 +0800] "GET /xingrg/javascript/easyui/themes/default/validatebox.css HTTP/1.1" 404 1104
172.17.0.100 - - [18/Sep/2020:09:10:42 +0800] "POST /xingrg/kc/buy/cgsh_order_operate.html HTTP/1.1" 200 4743
172.17.0.100 - - [18/Sep/2020:09:10:45 +0800] "POST /xingrg/kc/buy/cgsh_order_operate.html HTTP/1.1" 200 12
172.17.0.100 - - [18/Sep/2020:09:10:45 +0800] "GET /xingrg/kc/buy/cgsh_order_info.html?code=212020091707299 HTTP/1.1" 200 59715
172.17.0.100 - - [18/Sep/2020:09:10:46 +0800] "GET /xingrg/javascript/easyui/themes/default/validatebox.css HTTP/1.1" 404 1104
114.88.166.242 - - [18/Sep/2020:09:10:46 +0800] "GET /xingrg/all/function/internal_message.html?_=1600391510855&CODE_STATE=getMsg HTTP/1.1" 200 27
172.17.0.100 - - [18/Sep/2020:09:10:46 +0800] "POST /xingrg/kc/buy/cgsh_order_operate.html HTTP/1.1" 200 6797
116.238.71.173 - - [18/Sep/2020:09:10:49 +0800] "GET /xingrg/all/function/internal_message.html?_=1600391567825&CODE_STATE=getMsg HTTP/1.1" 200 27
172.17.0.100 - - [18/Sep/2020:09:10:49 +0800] "GET /xingrg/javascript/auto/indicator.gif HTTP/1.1" 404 1066
116.230.74.197 - - [18/Sep/2020:09:10:53 +0800] "GET /xingrg/kc/buy/cgsh_order_operate.html?command=get_materiel&rest_code=00107&code=00101008038&supplier_code=00100006&order_time=2020-09-18 HTTP/1.1" 200 412
172.17.0.100 - - [18/Sep/2020:09:10:55 +0800] "POST /xingrg/kc/buy/cgsh_order_operate.html HTTP/1.1" 200 37
116.230.74.197 - - [18/Sep/2020:09:10:56 +0800] "GET /xingrg/all/function/internal_message.html?_=1600391445317&CODE_STATE=getMsg HTTP/1.1" 200 27
120.253.135.82 - - [18/Sep/2020:09:10:56 +0800] "GET /xingrg/check_reg.html?_=1600391566139 HTTP/1.1" 200 22
116.238.71.173 - - [18/Sep/2020:09:10:59 +0800] "GET /xingrg/all/function/internal_message.html?_=1600391456942&CODE_STATE=getMsg HTTP/1.1" 200 27
172.17.0.100 - - [18/Sep/2020:09:10:59 +0800] "POST /xingrg/kc/buy/cgsh_order_operate.html HTTP/1.1" 200 12
172.17.200.101 - - [18/Sep/2020:09:10:59 +0800] "POST /xingrg/kc/buy/cgsh_list_operate.html HTTP/1.1" 200 1327
172.17.200.101 - - [18/Sep/2020:09:11:01 +0800] "GET /xingrg/all/function/internal_message.html?_=1600391461276&CODE_STATE=getMsg HTTP/1.1" 200 27
172.17.0.100 - - [18/Sep/2020:09:11:03 +0800] "GET /xingrg/kc/buy/cgsh_order_info.html?code=212020091707299 HTTP/1.1" 200 54869
172.17.0.100 - - [18/Sep/2020:09:11:03 +0800] "GET /xingrg/javascript/easyui/themes/default/validatebox.css HTTP/1.1" 404 1104
172.17.0.100 - - [18/Sep/2020:09:11:04 +0800] "POST /xingrg/kc/buy/cgsh_order_operate.html HTTP/1.1" 200 4746
172.17.200.101 - - [18/Sep/2020:09:11:05 +0800] "POST /xingrg/all/user/operate.html HTTP/1.1" 200 36
116.230.74.197 - - [18/Sep/2020:09:11:05 +0800] "GET /xingrg/kc/buy/cgsh_order_operate.html?command=get_materiel&rest_code=00107&code=00101008358&supplier_code=00100006&order_time=2020-09-18 HTTP/1.1" 200 412
172.17.200.101 - - [18/Sep/2020:09:11:05 +0800] "GET /xingrg/index.html?sysBaseUrl=http%3A%2F%2F172.17.0.8%3A18081%2Fxingrg%2F&costTime=40×tamp=1600390088337 HTTP/1.1" 200 17448
172.17.200.101 - - [18/Sep/2020:09:11:05 +0800] "GET /xingrg/javascript/jquery_easy_ui/themes/default/easyui.css HTTP/1.1" 304 -
172.17.200.101 - - [18/Sep/2020:09:11:05 +0800] "GET /xingrg/javascript/jquery_easy_ui/themes/icon.css HTTP/1.1" 304 -
172.17.200.101 - - [18/Sep/2020:09:11:05 +0800] "GET /xingrg/css/form.css HTTP/1.1" 304 -
172.17.200.101 - - [18/Sep/2020:09:11:05 +0800] "GET /xingrg/javascript/jquery-1.4.2.min.js HTTP/1.1" 304 -
172.17.200.101 - - [18/Sep/2020:09:11:05 +0800] "GET /xingrg/javascript/jquery_easy_ui/jquery.easyui.min.js HTTP/1.1" 304 -
172.17.200.101 - - [18/Sep/2020:09:11:05 +0800] "GET /xingrg/javascript/jquery_easy_ui/easyui-lang-zh_CN.js HTTP/1.1" 304 -
172.17.200.101 - - [18/Sep/2020:09:11:05 +0800] "GET /xingrg/javascript/jquery.form.js HTTP/1.1" 304 -
172.17.200.101 - - [18/Sep/2020:09:11:05 +0800] "GET /xingrg/javascript/jquery.utils.js HTTP/1.1" 304 -
172.17.200.101 - - [18/Sep/2020:09:11:05 +0800] "GET /xingrg/javascript/jquery.timers.js HTTP/1.1" 304 -
172.17.200.101 - - [18/Sep/2020:09:11:05 +0800] "GET /xingrg/images/blue/jxLogo.png HTTP/1.1" 304 -
172.17.200.101 - - [18/Sep/2020:09:11:05 +0800] "GET /xingrg/images/blue/navBackgound.jpg HTTP/1.1" 304 -
172.17.200.101 - - [18/Sep/2020:09:11:05 +0800] "GET /xingrg/javascript/jquery_easy_ui/themes/icons/settle_new.png HTTP/1.1" 304 -
172.17.200.101 - - [18/Sep/2020:09:11:05 +0800] "POST /xingrg/all/common/load_tree.html?tree=area_rest_tree_json&manage=1 HTTP/1.1" 200 3088
172.17.200.101 - - [18/Sep/2020:09:11:05 +0800] "GET /xingrg/check_reg.html?_=1600391465955 HTTP/1.1" 200 22
172.17.200.101 - - [18/Sep/2020:09:11:05 +0800] "GET /xingrg/all/function/internal_message.html?_=1600391465954&CODE_STATE=count HTTP/1.1" 200 11
172.17.200.101 - - [18/Sep/2020:09:11:05 +0800] "GET /xingrg/javascript/jquery_easy_ui/themes/default/images/tabs_rightarrow.png HTTP/1.1" 304 -
172.17.200.101 - - [18/Sep/2020:09:11:05 +0800] "GET /xingrg/javascript/jquery_easy_ui/themes/default/images/panel_tool_expand.gif HTTP/1.1" 304 -
172.17.200.101 - - [18/Sep/2020:09:11:05 +0800] "GET /xingrg/images/blue/pingpu.png HTTP/1.1" 304 -
172.17.200.101 - - [18/Sep/2020:09:11:05 +0800] "GET /xingrg/javascript/jquery_easy_ui/themes/default/images/panel_tool_collapse.gif HTTP/1.1" 304 -
172.17.200.101 - - [18/Sep/2020:09:11:05 +0800] "GET /xingrg/javascript/jquery_easy_ui/themes/default/images/tabs_leftarrow.png HTTP/1.1" 304 -
172.17.200.101 - - [18/Sep/2020:09:11:06 +0800] "POST /xingrg/load_menu.html HTTP/1.1" 200 11529
172.17.200.101 - - [18/Sep/2020:09:11:07 +0800] "GET /xingrg/kc/report/report_main.html HTTP/1.1" 200 9350
172.17.200.101 - - [18/Sep/2020:09:11:09 +0800] "GET /xingrg/all/report/report_query.html?fileName=kc/buy/gys_amount_base_rest.xml HTTP/1.1" 200 51589
172.17.200.101 - - [18/Sep/2020:09:11:09 +0800] "GET /xingrg/dwr/interface/AjaxReportQueryService.js HTTP/1.1" 200 13203
172.17.200.101 - - [18/Sep/2020:09:11:09 +0800] "GET /xingrg/dwr/engine.js HTTP/1.1" 200 43631
172.17.0.100 - - [18/Sep/2020:09:11:10 +0800] "GET /xingrg/all/function/internal_message.html?_=1600391467102&CODE_STATE=getMsg HTTP/1.1" 200 27
172.17.200.101 - - [18/Sep/2020:09:11:10 +0800] "POST /xingrg/dwr/call/plaincall/AjaxReportQueryService.getFixDate.dwr HTTP/1.1" 200 111
172.17.200.101 - - [18/Sep/2020:09:11:10 +0800] "POST /xingrg/all/common/load_tree.html?tree=area_rest_tree_json&manage=1 HTTP/1.1" 200 3088
172.17.200.101 - - [18/Sep/2020:09:11:10 +0800] "POST /xingrg/all/common/load_tree.html?tree=supplier_tree_json&manage=1 HTTP/1.1" 200 51035
114.88.166.242 - - [18/Sep/2020:09:11:10 +0800] "GET /xingrg/check_reg.html?_=1600391465394 HTTP/1.1" 200 22
172.17.200.101 - - [18/Sep/2020:09:11:12 +0800] "POST /xingrg/dwr/call/plaincall/AjaxReportQueryService.getFixDate.dwr HTTP/1.1" 200 111
120.253.135.82 - - [18/Sep/2020:09:11:12 +0800] "GET /xingrg/all/function/internal_message.html?_=1600391581998&CODE_STATE=getMsg HTTP/1.1" 200 27
116.230.74.197 - - [18/Sep/2020:09:11:17 +0800] "GET /xingrg/kc/buy/cgsh_order_operate.html?command=get_materiel&rest_code=00107&code=00101008349&supplier_code=00100006&order_time=2020-09-18 HTTP/1.1" 200 414
218.81.217.115 - - [18/Sep/2020:09:11:17 +0800] "GET /xingrg/all/function/internal_message.html?_=1600391488284&CODE_STATE=getMsg HTTP/1.1" 200 27
222.69.137.125 - - [18/Sep/2020:09:11:17 +0800] "GET /xingrg/check_reg.html?_=1600391468182 HTTP/1.1" 200 22
222.69.137.125 - - [18/Sep/2020:09:11:17 +0800] "GET /xingrg/all/function/internal_message.html?_=1600391468278&CODE_STATE=getMsg HTTP/1.1" 200 27
114.88.166.242 - - [18/Sep/2020:09:11:19 +0800] "GET /xingrg/all/function/internal_message.html?_=1600391473882&CODE_STATE=getMsg HTTP/1.1" 200 27
172.17.0.115 - - [18/Sep/2020:09:11:19 +0800] "GET /xingrg/all/function/internal_message.html?_=1600391493034&CODE_STATE=getMsg HTTP/1.1" 200 27
172.17.200.101 - - [18/Sep/2020:09:11:26 +0800] "POST /xingrg/dwr/call/plaincall/AjaxReportQueryService.refreshCache.dwr HTTP/1.1" 200 78
116.230.74.197 - - [18/Sep/2020:09:11:28 +0800] "GET /xingrg/kc/buy/cgsh_order_operate.html?command=get_materiel&rest_code=00107&code=00101008355&supplier_code=00100006&order_time=2020-09-18 HTTP/1.1" 200 408
172.17.200.101 - - [18/Sep/2020:09:11:31 +0800] "POST /xingrg/all/report/load_report_page.html HTTP/1.1" 200 258624
172.17.200.101 - - [18/Sep/2020:09:11:31 +0800] "GET /xingrg/servlets/image?cache=0.0054575536939377445&image=px HTTP/1.1" 200 807
114.86.226.5 - - [18/Sep/2020:09:11:31 +0800] "GET /xingrg/check_reg.html?_=1600391531015 HTTP/1.1" 200 22
114.86.226.5 - - [18/Sep/2020:09:11:31 +0800] "GET /xingrg/all/function/internal_message.html?_=1600391531031&CODE_STATE=getMsg HTTP/1.1" 200 27
116.238.71.173 - - [18/Sep/2020:09:11:35 +0800] "GET /xingrg/check_reg.html?_=1600391613952 HTTP/1.1" 200 22
172.17.200.101 - - [18/Sep/2020:09:11:36 +0800] "POST /xingrg/all/report/report_print.html HTTP/1.1" 200 29221
117.184.7.26 - - [18/Sep/2020:09:11:38 +0800] "GET /xingrg/all/function/internal_message.html?_=1600391488741&CODE_STATE=getMsg HTTP/1.1" 200 27
114.88.166.242 - - [18/Sep/2020:09:11:46 +0800] "GET /xingrg/all/function/internal_message.html?_=1600391570977&CODE_STATE=getMsg HTTP/1.1" 200 27
116.238.71.173 - - [18/Sep/2020:09:11:49 +0800] "GET /xingrg/all/function/internal_message.html?_=1600391627837&CODE_STATE=getMsg HTTP/1.1" 200 27
172.17.0.100 - - [18/Sep/2020:09:11:52 +0800] "GET /xingrg/logout.do HTTP/1.1" 302 -
172.17.0.100 - - [18/Sep/2020:09:11:52 +0800] "GET /xingrg/login.html?sysBaseUrl=http%3A%2F%2F172.17.0.8%3A18081%2Fxingrg%2F&costTime=27×tamp=1600391512296 HTTP/1.1" 200 7636
172.17.0.100 - - [18/Sep/2020:09:11:52 +0800] "GET /favicon.ico HTTP/1.1" 404 -
116.230.74.197 - - [18/Sep/2020:09:11:55 +0800] "GET /xingrg/all/function/internal_message.html?_=1600391505295&CODE_STATE=getMsg HTTP/1.1" 200 27
116.230.74.197 - - [18/Sep/2020:09:11:56 +0800] "GET /xingrg/kc/buy/cgsh_order_operate.html?command=get_materiel&rest_code=00107&code=00101008270&supplier_code=00100006&order_time=2020-09-18 HTTP/1.1" 200 412
116.238.71.173 - - [18/Sep/2020:09:11:59 +0800] "GET /xingrg/all/function/internal_message.html?_=1600391516966&CODE_STATE=getMsg HTTP/1.1" 200 27
116.238.71.173 - - [18/Sep/2020:09:11:59 +0800] "GET /xingrg/check_reg.html?_=1600391517125 HTTP/1.1" 200 22
172.17.200.101 - - [18/Sep/2020:09:12:05 +0800] "GET /xingrg/all/function/internal_message.html?_=1600391525973&CODE_STATE=getMsg HTTP/1.1" 200 27
114.88.166.242 - - [18/Sep/2020:09:12:09 +0800] "GET /xingrg/kc/buy/cgsh_order_operate.html?command=get_materiel&rest_code=00111&code=00101015006&supplier_code=00100005&order_time=2020-09-18 HTTP/1.1" 200 413
114.88.166.242 - - [18/Sep/2020:09:12:11 +0800] "POST /xingrg/kc/buy/cgsh_order_operate.html HTTP/1.1" 200 2065
120.253.135.82 - - [18/Sep/2020:09:12:12 +0800] "GET /xingrg/all/function/internal_message.html?_=1600391642011&CODE_STATE=getMsg HTTP/1.1" 200 27
116.230.74.197 - - [18/Sep/2020:09:12:17 +0800] "GET /xingrg/kc/buy/cgsh_order_operate.html?command=get_materiel&rest_code=00107&code=00101008146&supplier_code=00100006&order_time=2020-09-18 HTTP/1.1" 200 416
218.81.217.115 - - [18/Sep/2020:09:12:17 +0800] "GET /xingrg/all/function/internal_message.html?_=1600391548285&CODE_STATE=getMsg HTTP/1.1" 200 27
222.69.137.125 - - [18/Sep/2020:09:12:17 +0800] "GET /xingrg/all/function/internal_message.html?_=1600391528253&CODE_STATE=getMsg HTTP/1.1" 200 27
114.88.166.242 - - [18/Sep/2020:09:12:19 +0800] "GET /xingrg/all/function/internal_message.html?_=1600391533894&CODE_STATE=getMsg HTTP/1.1" 200 27
172.17.0.115 - - [18/Sep/2020:09:12:19 +0800] "GET /xingrg/all/function/internal_message.html?_=1600391553064&CODE_STATE=getMsg HTTP/1.1" 200 27
114.88.166.242 - - [18/Sep/2020:09:12:19 +0800] "GET /xingrg/kc/buy/cgsh_order_operate.html?command=get_materiel&rest_code=00111&code=00101008114&supplier_code=00100005&order_time=2020-09-18 HTTP/1.1" 200 412
117.184.7.26 - - [18/Sep/2020:09:12:38 +0800] "GET /xingrg/all/function/internal_message.html?_=1600391548726&CODE_STATE=getMsg HTTP/1.1" 200 27
172.17.0.123 - - [18/Sep/2020:09:12:41 +0800] "GET /xingrg/check_reg.html?_=1600391556577 HTTP/1.1" 200 22
114.88.166.242 - - [18/Sep/2020:09:12:44 +0800] "GET /xingrg/kc/buy/cgsh_order_operate.html?command=get_materiel&rest_code=00111&code=00101008061&supplier_code=00100005&order_time=2020-09-18 HTTP/1.1" 200 422
114.88.166.242 - - [18/Sep/2020:09:12:46 +0800] "GET /xingrg/all/function/internal_message.html?_=1600391630978&CODE_STATE=getMsg HTTP/1.1" 200 27
114.88.166.242 - - [18/Sep/2020:09:12:46 +0800] "GET /xingrg/check_reg.html?_=1600391631010 HTTP/1.1" 200 22
116.238.71.173 - - [18/Sep/2020:09:12:49 +0800] "GET /xingrg/all/function/internal_message.html?_=1600391687850&CODE_STATE=getMsg HTTP/1.1" 200 27
114.88.166.242 - - [18/Sep/2020:09:12:54 +0800] "GET /xingrg/kc/buy/cgsh_order_operate.html?command=get_materiel&rest_code=00111&code=00101008095&supplier_code=00100005&order_time=2020-09-18 HTTP/1.1" 200 412
116.230.74.197 - - [18/Sep/2020:09:12:56 +0800] "GET /xingrg/all/function/internal_message.html?_=1600391565277&CODE_STATE=getMsg HTTP/1.1" 200 27
116.238.71.173 - - [18/Sep/2020:09:12:59 +0800] "GET /xingrg/all/function/internal_message.html?_=1600391576986&CODE_STATE=getMsg HTTP/1.1" 200 27
