116.230.74.197 - - [17/Sep/2020:10:48:58 +0800] "GET /xingrg/kc/buy/cgsh_order_operate.html?command=get_materiel&rest_code=00107&code=00101018007&supplier_code=00100330&order_time=2020-09-17 HTTP/1.1" 200 409
114.86.231.183 - - [17/Sep/2020:10:49:00 +0800] "GET /xingrg/kc/buy/cgsh_order_operate.html?command=get_materiel&rest_code=00109&code=00101015002&supplier_code=00100005&order_time=2020-09-17 HTTP/1.1" 200 412
180.157.253.48 - - [17/Sep/2020:10:49:03 +0800] "GET /xingrg/all/function/internal_message.html?_=1600310947644&CODE_STATE=getMsg HTTP/1.1" 200 27
114.86.231.183 - - [17/Sep/2020:10:49:04 +0800] "POST /xingrg/kc/buy/cgsh_order_operate.html HTTP/1.1" 200 2065
58.37.9.106 - - [17/Sep/2020:10:49:06 +0800] "GET /xingrg/all/function/internal_message.html?_=1600310928641&CODE_STATE=getMsg HTTP/1.1" 200 27
116.238.71.173 - - [17/Sep/2020:10:49:07 +0800] "GET /xingrg/check_reg.html?_=1600310945779 HTTP/1.1" 200 22
116.238.71.173 - - [17/Sep/2020:10:49:07 +0800] "GET /xingrg/all/function/internal_message.html?_=1600310945783&CODE_STATE=getMsg HTTP/1.1" 200 27
117.184.7.30 - - [17/Sep/2020:10:49:07 +0800] "GET /xingrg/all/function/internal_message.html?_=1600310940009&CODE_STATE=getMsg HTTP/1.1" 200 27
114.86.231.183 - - [17/Sep/2020:10:49:08 +0800] "GET /xingrg/kc/buy/cgsh_order_operate.html?command=get_materiel&rest_code=00109&code=00101008236&supplier_code=00100005&order_time=2020-09-17 HTTP/1.1" 200 436
114.82.29.189 - - [17/Sep/2020:10:49:08 +0800] "GET /xingrg/kc/buy/cgsh_order_operate.html?command=get_materiel&rest_code=00105&code=00101018011&supplier_code=00100330&order_time=2020-09-17 HTTP/1.1" 200 415
172.17.200.101 - - [17/Sep/2020:10:49:09 +0800] "GET /xingrg/all/function/internal_message.html?_=1600310950744&CODE_STATE=getMsg HTTP/1.1" 302 -
172.17.200.101 - - [17/Sep/2020:10:49:09 +0800] "GET /xingrg/check_reg.html?_=1600310950748 HTTP/1.1" 302 -
114.82.29.189 - - [17/Sep/2020:10:49:09 +0800] "GET /xingrg/all/function/internal_message.html?_=1600310949626&CODE_STATE=getMsg HTTP/1.1" 200 27
58.37.9.106 - - [17/Sep/2020:10:49:13 +0800] "GET /xingrg/kc/buy/cgsh_order_operate.html?command=get_materiel&rest_code=00141&code=00101007038&supplier_code=00100004&order_time=2020-09-17 HTTP/1.1" 200 442
222.69.160.252 - - [17/Sep/2020:10:49:13 +0800] "GET /xingrg/all/function/internal_message.html?_=1600310779834&CODE_STATE=getMsg HTTP/1.1" 200 27
114.86.231.183 - - [17/Sep/2020:10:49:14 +0800] "GET /xingrg/kc/buy/cgsh_order_operate.html?command=get_materiel&rest_code=00109&code=00101008156&supplier_code=00100005&order_time=2020-09-17 HTTP/1.1" 200 414
172.17.0.108 - - [17/Sep/2020:10:49:15 +0800] "GET /xingrg/all/function/internal_message.html?_=1600310953122&CODE_STATE=getMsg HTTP/1.1" 200 27
114.86.231.183 - - [17/Sep/2020:10:49:21 +0800] "GET /xingrg/all/function/internal_message.html?_=1600310964785&CODE_STATE=getMsg HTTP/1.1" 200 27
116.230.74.197 - - [17/Sep/2020:10:49:21 +0800] "POST /xingrg/kc/buy/cgsh_order_operate.html HTTP/1.1" 200 37
114.86.231.183 - - [17/Sep/2020:10:49:22 +0800] "GET /xingrg/kc/buy/cgsh_order_operate.html?command=get_materiel&rest_code=00109&code=00101008061&supplier_code=00100005&order_time=2020-09-17 HTTP/1.1" 200 422
116.230.74.197 - - [17/Sep/2020:10:49:22 +0800] "POST /xingrg/kc/buy/cgsh_order_operate.html HTTP/1.1" 200 3245
117.185.32.26 - - [17/Sep/2020:10:49:24 +0800] "GET /xingrg/all/function/internal_message.html?_=1600310960428&CODE_STATE=getMsg HTTP/1.1" 200 27
114.82.29.189 - - [17/Sep/2020:10:49:25 +0800] "GET /xingrg/kc/buy/cgsh_order_operate.html?command=get_materiel&rest_code=00105&code=00101006199&supplier_code=00100330&order_time=2020-09-17 HTTP/1.1" 200 414
125.77.95.29 - - [17/Sep/2020:10:49:25 +0800] "GET /xingrg/all/function/internal_message.html?_=1600311267086&CODE_STATE=getMsg HTTP/1.1" 200 27
222.69.131.255 - - [17/Sep/2020:10:49:27 +0800] "GET /xingrg/check_reg.html?_=1600310960389 HTTP/1.1" 200 22
222.69.131.255 - - [17/Sep/2020:10:49:27 +0800] "GET /xingrg/all/function/internal_message.html?_=1600310960391&CODE_STATE=getMsg HTTP/1.1" 200 27
116.238.71.173 - - [17/Sep/2020:10:49:27 +0800] "GET /xingrg/all/function/internal_message.html?_=1600311087282&CODE_STATE=getMsg HTTP/1.1" 200 27
218.81.217.115 - - [17/Sep/2020:10:49:35 +0800] "GET /xingrg/check_reg.html?_=1600310983035 HTTP/1.1" 200 22
180.157.253.48 - - [17/Sep/2020:10:49:38 +0800] "GET /xingrg/kc/buy/cgsh_order_operate.html?command=get_materiel&rest_code=00148&code=00101008352&supplier_code=00100007&order_time=2020-09-17 HTTP/1.1" 200 412
114.82.29.189 - - [17/Sep/2020:10:49:39 +0800] "GET /xingrg/kc/buy/cgsh_order_operate.html?command=get_materiel&rest_code=00105&code=00101018007&supplier_code=00100330&order_time=2020-09-17 HTTP/1.1" 200 409
114.86.231.183 - - [17/Sep/2020:10:49:39 +0800] "GET /xingrg/kc/buy/cgsh_order_operate.html?command=get_materiel&rest_code=00109&code=00101008283&supplier_code=00100005&order_time=2020-09-17 HTTP/1.1" 200 408
183.192.164.85 - - [17/Sep/2020:10:49:41 +0800] "GET /xingrg/kc/print/load_data.html?order_code=212020091707122&kc_code=cgsh&condition= HTTP/1.1" 302 -
114.82.29.189 - - [17/Sep/2020:10:49:41 +0800] "GET /xingrg/all/function/internal_message.html?_=1600310964400&CODE_STATE=getMsg HTTP/1.1" 200 27
114.88.166.242 - - [17/Sep/2020:10:49:42 +0800] "GET /xingrg/all/function/internal_message.html?_=1600310978113&CODE_STATE=getMsg HTTP/1.1" 200 27
180.157.253.48 - - [17/Sep/2020:10:49:43 +0800] "GET /xingrg/kc/buy/cgsh_order_operate.html?command=get_materiel&rest_code=00148&code=00101008005&supplier_code=00100007&order_time=2020-09-17 HTTP/1.1" 200 412
114.86.231.183 - - [17/Sep/2020:10:49:44 +0800] "GET /xingrg/kc/buy/cgsh_order_operate.html?command=get_materiel&rest_code=00109&code=00101008298&supplier_code=00100005&order_time=2020-09-17 HTTP/1.1" 200 431
116.230.74.197 - - [17/Sep/2020:10:49:44 +0800] "GET /xingrg/check_reg.html?_=1600310977034 HTTP/1.1" 200 22
116.230.74.197 - - [17/Sep/2020:10:49:44 +0800] "GET /xingrg/all/function/internal_message.html?_=1600310977079&CODE_STATE=getMsg HTTP/1.1" 200 27
180.157.253.48 - - [17/Sep/2020:10:49:45 +0800] "GET /xingrg/all/function/internal_message.html?_=1600310976937&CODE_STATE=getMsg HTTP/1.1" 200 27
114.86.231.183 - - [17/Sep/2020:10:49:46 +0800] "POST /xingrg/kc/buy/cgsh_order_operate.html HTTP/1.1" 200 2065
114.82.29.189 - - [17/Sep/2020:10:49:46 +0800] "GET /xingrg/kc/buy/cgsh_order_operate.html?command=get_materiel&rest_code=00105&code=00101018018&supplier_code=00100330&order_time=2020-09-17 HTTP/1.1" 200 417
183.192.164.85 - - [17/Sep/2020:10:49:47 +0800] "GET /xingrg/login.html HTTP/1.1" 200 7641
180.157.253.48 - - [17/Sep/2020:10:49:48 +0800] "GET /xingrg/all/function/internal_message.html?_=1600310989320&CODE_STATE=getMsg HTTP/1.1" 200 27
180.157.253.48 - - [17/Sep/2020:10:49:49 +0800] "GET /xingrg/kc/buy/cgsh_order_operate.html?command=get_materiel&rest_code=00148&code=00101008353&supplier_code=00100007&order_time=2020-09-17 HTTP/1.1" 200 408
183.192.164.71 - - [17/Sep/2020:10:49:49 +0800] "GET /xingrg/all/function/internal_message.html?_=1600310239616&CODE_STATE=getMsg HTTP/1.1" 302 -
114.86.231.183 - - [17/Sep/2020:10:49:49 +0800] "GET /xingrg/kc/buy/cgsh_order_operate.html?command=get_materiel&rest_code=00109&code=00101008114&supplier_code=00100005&order_time=2020-09-17 HTTP/1.1" 200 412
117.131.5.26 - - [17/Sep/2020:10:49:50 +0800] "GET /xingrg/all/function/internal_message.html?_=1600311008127&CODE_STATE=getMsg HTTP/1.1" 200 27
114.88.166.242 - - [17/Sep/2020:10:49:51 +0800] "GET /xingrg/all/function/internal_message.html?_=1600311056349&CODE_STATE=getMsg HTTP/1.1" 200 27
172.17.0.120 - - [17/Sep/2020:10:49:52 +0800] "GET /xingrg/all/function/internal_message.html?_=1600310990837&CODE_STATE=getMsg HTTP/1.1" 200 27
180.157.253.48 - - [17/Sep/2020:10:49:55 +0800] "GET /xingrg/kc/buy/cgsh_order_operate.html?command=get_materiel&rest_code=00148&code=00101008004&supplier_code=00100007&order_time=2020-09-17 HTTP/1.1" 200 416
183.192.164.71 - - [17/Sep/2020:10:49:56 +0800] "GET /xingrg/login.html HTTP/1.1" 200 7641
116.230.74.197 - - [17/Sep/2020:10:49:57 +0800] "POST /xingrg/kc/buy/cgsh_order_operate.html HTTP/1.1" 200 37
58.37.9.106 - - [17/Sep/2020:10:50:00 +0800] "GET /xingrg/kc/buy/cgsh_order_operate.html?command=get_materiel&rest_code=00141&code=00101007049&supplier_code=00100004&order_time=2020-09-17 HTTP/1.1" 200 409
116.230.74.197 - - [17/Sep/2020:10:50:00 +0800] "POST /xingrg/kc/buy/cgsh_order_operate.html HTTP/1.1" 200 2065
114.86.231.183 - - [17/Sep/2020:10:50:00 +0800] "POST /xingrg/kc/buy/cgsh_order_operate.html HTTP/1.1" 200 37
116.230.74.197 - - [17/Sep/2020:10:50:02 +0800] "GET /xingrg/kc/print/load_data.html?order_code=212020091707130&kc_code=cgsh&condition= HTTP/1.1" 200 900
180.157.253.48 - - [17/Sep/2020:10:50:03 +0800] "GET /xingrg/kc/buy/cgsh_order_operate.html?command=get_materiel&rest_code=00148&code=00101008101&supplier_code=00100007&order_time=2020-09-17 HTTP/1.1" 200 412
114.86.231.183 - - [17/Sep/2020:10:50:03 +0800] "POST /xingrg/kc/buy/cgsh_order_operate.html HTTP/1.1" 200 44673
180.157.253.48 - - [17/Sep/2020:10:50:03 +0800] "GET /xingrg/all/function/internal_message.html?_=1600311007658&CODE_STATE=getMsg HTTP/1.1" 200 27
114.82.29.189 - - [17/Sep/2020:10:50:05 +0800] "GET /xingrg/kc/buy/cgsh_order_operate.html?command=get_materiel&rest_code=00105&code=00101018019&supplier_code=00100330&order_time=2020-09-17 HTTP/1.1" 200 421
58.37.9.106 - - [17/Sep/2020:10:50:06 +0800] "GET /xingrg/all/function/internal_message.html?_=1600310988609&CODE_STATE=getMsg HTTP/1.1" 200 27
116.238.71.173 - - [17/Sep/2020:10:50:07 +0800] "GET /xingrg/all/function/internal_message.html?_=1600311005835&CODE_STATE=getMsg HTTP/1.1" 200 27
117.184.7.30 - - [17/Sep/2020:10:50:08 +0800] "GET /xingrg/all/function/internal_message.html?_=1600311000014&CODE_STATE=getMsg HTTP/1.1" 200 27
116.230.74.197 - - [17/Sep/2020:10:50:08 +0800] "GET /xingrg/words/20200917103952_words.js HTTP/1.1" 304 -
116.230.74.197 - - [17/Sep/2020:10:50:08 +0800] "GET /xingrg/kc/buy/cgsh_order_add.html HTTP/1.1" 200 59828
116.230.74.197 - - [17/Sep/2020:10:50:09 +0800] "GET /xingrg/javascript/easyui/themes/default/validatebox.css HTTP/1.1" 404 1104
172.17.200.101 - - [17/Sep/2020:10:50:09 +0800] "GET /xingrg/all/function/internal_message.html?_=1600311010748&CODE_STATE=getMsg HTTP/1.1" 302 -
116.230.74.197 - - [17/Sep/2020:10:50:09 +0800] "POST /xingrg/kc/buy/cgsh_order_operate.html HTTP/1.1" 200 8245
114.82.29.189 - - [17/Sep/2020:10:50:09 +0800] "GET /xingrg/all/function/internal_message.html?_=1600311009594&CODE_STATE=getMsg HTTP/1.1" 200 27
180.157.253.48 - - [17/Sep/2020:10:50:10 +0800] "GET /xingrg/kc/buy/cgsh_order_operate.html?command=get_materiel&rest_code=00148&code=00101008306&supplier_code=00100007&order_time=2020-09-17 HTTP/1.1" 200 412
116.230.74.197 - - [17/Sep/2020:10:50:10 +0800] "GET /xingrg/javascript/easyui/themes/default/tree.css HTTP/1.1" 404 1090
116.230.74.197 - - [17/Sep/2020:10:50:12 +0800] "POST /xingrg/all/common/load_tree.html?tree=supplier_tree_json&isDelete=1 HTTP/1.1" 200 50303
120.204.17.70 - - [17/Sep/2020:10:50:12 +0800] "GET /xingrg/kc/buy/cgsh_order_info.html?code=212020091707122 HTTP/1.1" 302 -
222.69.160.252 - - [17/Sep/2020:10:50:13 +0800] "GET /xingrg/all/function/internal_message.html?_=1600310839833&CODE_STATE=getMsg HTTP/1.1" 200 27
58.37.9.106 - - [17/Sep/2020:10:50:14 +0800] "GET /xingrg/kc/buy/cgsh_order_operate.html?command=get_materiel&rest_code=00141&code=00101007059&supplier_code=00100004&order_time=2020-09-17 HTTP/1.1" 200 409
172.17.0.108 - - [17/Sep/2020:10:50:15 +0800] "GET /xingrg/all/function/internal_message.html?_=1600311013121&CODE_STATE=getMsg HTTP/1.1" 200 27
172.17.0.108 - - [17/Sep/2020:10:50:15 +0800] "GET /xingrg/check_reg.html?_=1600311013123 HTTP/1.1" 200 22
180.157.253.48 - - [17/Sep/2020:10:50:16 +0800] "GET /xingrg/kc/buy/cgsh_order_operate.html?command=get_materiel&rest_code=00148&code=00101008021&supplier_code=00100007&order_time=2020-09-17 HTTP/1.1" 200 409
120.204.17.70 - - [17/Sep/2020:10:50:16 +0800] "GET /xingrg/login.html HTTP/1.1" 200 7641
114.82.29.189 - - [17/Sep/2020:10:50:19 +0800] "POST /xingrg/kc/buy/cgsh_order_operate.html HTTP/1.1" 200 37
114.86.231.183 - - [17/Sep/2020:10:50:21 +0800] "GET /xingrg/all/function/internal_message.html?_=1600311024787&CODE_STATE=getMsg HTTP/1.1" 200 27
114.82.29.189 - - [17/Sep/2020:10:50:21 +0800] "POST /xingrg/kc/buy/cgsh_order_operate.html HTTP/1.1" 200 5032
117.185.32.26 - - [17/Sep/2020:10:50:24 +0800] "GET /xingrg/all/function/internal_message.html?_=1600311020427&CODE_STATE=getMsg HTTP/1.1" 200 27
125.77.95.29 - - [17/Sep/2020:10:50:25 +0800] "GET /xingrg/all/function/internal_message.html?_=1600311327085&CODE_STATE=getMsg HTTP/1.1" 200 27
222.69.131.255 - - [17/Sep/2020:10:50:27 +0800] "GET /xingrg/all/function/internal_message.html?_=1600311020389&CODE_STATE=getMsg HTTP/1.1" 200 27
116.238.71.173 - - [17/Sep/2020:10:50:27 +0800] "GET /xingrg/all/function/internal_message.html?_=1600311147295&CODE_STATE=getMsg HTTP/1.1" 200 27
116.230.74.197 - - [17/Sep/2020:10:50:30 +0800] "GET /xingrg/kc/buy/cgsh_order_operate.html?command=get_materiel&rest_code=00107&code=00101006038&supplier_code=00100342&order_time=2020-09-17 HTTP/1.1" 200 423
58.37.9.106 - - [17/Sep/2020:10:50:33 +0800] "GET /xingrg/kc/buy/cgsh_order_operate.html?command=get_materiel&rest_code=00141&code=00101007022&supplier_code=00100004&order_time=2020-09-17 HTTP/1.1" 200 413
114.82.29.189 - - [17/Sep/2020:10:50:41 +0800] "GET /xingrg/all/function/internal_message.html?_=1600311024385&CODE_STATE=getMsg HTTP/1.1" 200 27
114.82.29.189 - - [17/Sep/2020:10:50:42 +0800] "GET /xingrg/check_reg.html?_=1600311024683 HTTP/1.1" 200 22
114.88.166.242 - - [17/Sep/2020:10:50:42 +0800] "GET /xingrg/all/function/internal_message.html?_=1600311038179&CODE_STATE=getMsg HTTP/1.1" 200 27
114.82.29.189 - - [17/Sep/2020:10:50:43 +0800] "POST /xingrg/kc/buy/cgsh_order_operate.html HTTP/1.1" 200 64
116.230.74.197 - - [17/Sep/2020:10:50:43 +0800] "POST /xingrg/kc/buy/cgsh_order_operate.html HTTP/1.1" 200 37
58.37.9.106 - - [17/Sep/2020:10:50:44 +0800] "GET /xingrg/kc/buy/cgsh_order_operate.html?command=get_materiel&rest_code=00141&code=00101007048&supplier_code=00100004&order_time=2020-09-17 HTTP/1.1" 200 408
180.157.253.48 - - [17/Sep/2020:10:50:45 +0800] "GET /xingrg/kc/buy/cgsh_order_operate.html?command=get_materiel&rest_code=00148&code=00101008323&supplier_code=00100007&order_time=2020-09-17 HTTP/1.1" 200 408
116.230.74.197 - - [17/Sep/2020:10:50:45 +0800] "POST /xingrg/kc/buy/cgsh_order_operate.html HTTP/1.1" 200 2666
180.157.253.48 - - [17/Sep/2020:10:50:46 +0800] "GET /xingrg/all/function/internal_message.html?_=1600311036925&CODE_STATE=getMsg HTTP/1.1" 200 27
116.230.74.197 - - [17/Sep/2020:10:50:47 +0800] "GET /xingrg/kc/print/load_data.html?order_code=212020091707132&kc_code=cgsh&condition= HTTP/1.1" 200 688
114.82.29.189 - - [17/Sep/2020:10:50:48 +0800] "POST /xingrg/kc/buy/cgsh_order_operate.html HTTP/1.1" 200 37
180.157.253.48 - - [17/Sep/2020:10:50:48 +0800] "GET /xingrg/all/function/internal_message.html?_=1600311049318&CODE_STATE=getMsg HTTP/1.1" 200 27
114.82.29.189 - - [17/Sep/2020:10:50:49 +0800] "POST /xingrg/kc/buy/cgsh_order_operate.html HTTP/1.1" 200 5032
180.157.253.48 - - [17/Sep/2020:10:50:49 +0800] "POST /xingrg/kc/buy/cgsh_order_operate.html HTTP/1.1" 200 2065
117.131.5.26 - - [17/Sep/2020:10:50:50 +0800] "GET /xingrg/all/function/internal_message.html?_=1600311068126&CODE_STATE=getMsg HTTP/1.1" 200 27
114.82.29.189 - - [17/Sep/2020:10:50:50 +0800] "GET /xingrg/kc/print/load_data.html?order_code=212020091707131&kc_code=cgsh&condition= HTTP/1.1" 200 1579
114.88.166.242 - - [17/Sep/2020:10:50:51 +0800] "GET /xingrg/check_reg.html?_=1600311116375 HTTP/1.1" 200 22
114.88.166.242 - - [17/Sep/2020:10:50:51 +0800] "GET /xingrg/all/function/internal_message.html?_=1600311116378&CODE_STATE=getMsg HTTP/1.1" 200 27
172.17.0.120 - - [17/Sep/2020:10:50:52 +0800] "GET /xingrg/all/function/internal_message.html?_=1600311050829&CODE_STATE=getMsg HTTP/1.1" 200 27
172.17.0.120 - - [17/Sep/2020:10:50:52 +0800] "GET /xingrg/check_reg.html?_=1600311050833 HTTP/1.1" 200 22
116.230.74.197 - - [17/Sep/2020:10:50:53 +0800] "GET /xingrg/kc/buy/cgsh_order_add.html HTTP/1.1" 200 59828
116.230.74.197 - - [17/Sep/2020:10:50:53 +0800] "GET /xingrg/javascript/easyui/themes/default/validatebox.css HTTP/1.1" 404 1104
116.230.74.197 - - [17/Sep/2020:10:50:53 +0800] "POST /xingrg/kc/buy/cgsh_order_operate.html HTTP/1.1" 200 8245
114.82.29.189 - - [17/Sep/2020:10:50:54 +0800] "GET /xingrg/kc/buy/cgsh_order_add.html HTTP/1.1" 200 59781
114.82.29.189 - - [17/Sep/2020:10:50:54 +0800] "GET /xingrg/words/20200917103952_words.js HTTP/1.1" 200 763407
116.230.74.197 - - [17/Sep/2020:10:50:55 +0800] "GET /xingrg/javascript/easyui/themes/default/tree.css HTTP/1.1" 404 1090
114.82.29.189 - - [17/Sep/2020:10:50:55 +0800] "POST /xingrg/kc/buy/cgsh_order_operate.html HTTP/1.1" 200 8245
114.82.29.189 - - [17/Sep/2020:10:50:55 +0800] "GET /xingrg/javascript/easyui/themes/default/validatebox.css HTTP/1.1" 404 1104
116.230.74.197 - - [17/Sep/2020:10:50:55 +0800] "POST /xingrg/all/common/load_tree.html?tree=supplier_tree_json&isDelete=1 HTTP/1.1" 200 50303
180.157.253.48 - - [17/Sep/2020:10:50:56 +0800] "GET /xingrg/kc/buy/cgsh_order_operate.html?command=get_materiel&rest_code=00148&code=00101008176&supplier_code=00100007&order_time=2020-09-17 HTTP/1.1" 200 431
58.37.9.106 - - [17/Sep/2020:10:51:01 +0800] "POST /xingrg/kc/buy/cgsh_order_operate.html HTTP/1.1" 200 37
180.157.253.48 - - [17/Sep/2020:10:51:02 +0800] "GET /xingrg/check_reg.html?_=1600311067373 HTTP/1.1" 200 22
180.157.253.48 - - [17/Sep/2020:10:51:03 +0800] "GET /xingrg/all/function/internal_message.html?_=1600311067671&CODE_STATE=getMsg HTTP/1.1" 200 27
58.37.9.106 - - [17/Sep/2020:10:51:03 +0800] "POST /xingrg/kc/buy/cgsh_order_operate.html HTTP/1.1" 200 12
180.157.253.48 - - [17/Sep/2020:10:51:03 +0800] "GET /xingrg/kc/buy/cgsh_order_operate.html?command=get_materiel&rest_code=00148&code=00101008302&supplier_code=00100007&order_time=2020-09-17 HTTP/1.1" 200 412
114.82.29.189 - - [17/Sep/2020:10:51:04 +0800] "GET /xingrg/kc/buy/cgsh_order_operate.html?command=get_materiel&rest_code=00105&code=00101001167&supplier_code=00100314&order_time=2020-09-17 HTTP/1.1" 200 409
58.37.9.106 - - [17/Sep/2020:10:51:04 +0800] "GET /xingrg/kc/buy/cgsh_order_info.html?code=212020091707133 HTTP/1.1" 200 54690
58.37.9.106 - - [17/Sep/2020:10:51:05 +0800] "GET /xingrg/javascript/easyui/themes/default/validatebox.css HTTP/1.1" 404 1104
58.37.9.106 - - [17/Sep/2020:10:51:05 +0800] "POST /xingrg/kc/buy/cgsh_order_operate.html HTTP/1.1" 200 3566
114.88.166.242 - - [17/Sep/2020:10:51:06 +0800] "GET /xingrg/check_reg.html?_=1600311061781 HTTP/1.1" 200 22
58.37.9.106 - - [17/Sep/2020:10:51:06 +0800] "GET /xingrg/all/function/internal_message.html?_=1600311048577&CODE_STATE=getMsg HTTP/1.1" 200 27
58.37.9.106 - - [17/Sep/2020:10:51:07 +0800] "GET /xingrg/kc/print/load_config.html?kc_code=cgsh HTTP/1.1" 200 1845
116.238.71.173 - - [17/Sep/2020:10:51:07 +0800] "GET /xingrg/all/function/internal_message.html?_=1600311065869&CODE_STATE=getMsg HTTP/1.1" 200 27
58.37.9.106 - - [17/Sep/2020:10:51:07 +0800] "GET /xingrg/kc/print/load_data.html?order_code=212020091707133&kc_code=cgsh&condition= HTTP/1.1" 200 1895
117.184.7.30 - - [17/Sep/2020:10:51:07 +0800] "GET /xingrg/all/function/internal_message.html?_=1600311059999&CODE_STATE=getMsg HTTP/1.1" 200 27
180.157.253.48 - - [17/Sep/2020:10:51:09 +0800] "GET /xingrg/kc/buy/cgsh_order_operate.html?command=get_materiel&rest_code=00148&code=00101008244&supplier_code=00100007&order_time=2020-09-17 HTTP/1.1" 200 408
172.17.200.101 - - [17/Sep/2020:10:51:09 +0800] "GET /xingrg/all/function/internal_message.html?_=1600311070752&CODE_STATE=getMsg HTTP/1.1" 302 -
114.82.29.189 - - [17/Sep/2020:10:51:09 +0800] "GET /xingrg/all/function/internal_message.html?_=1600311069577&CODE_STATE=getMsg HTTP/1.1" 200 27
116.230.74.197 - - [17/Sep/2020:10:51:13 +0800] "GET /xingrg/kc/buy/cgsh_order_operate.html?command=get_materiel&rest_code=00107&code=00101008402&supplier_code=00100327&order_time=2020-09-17 HTTP/1.1" 200 410
222.69.160.252 - - [17/Sep/2020:10:51:13 +0800] "GET /xingrg/check_reg.html?_=1600310899834 HTTP/1.1" 200 22
222.69.160.252 - - [17/Sep/2020:10:51:13 +0800] "GET /xingrg/all/function/internal_message.html?_=1600310899837&CODE_STATE=getMsg HTTP/1.1" 200 27
180.157.253.48 - - [17/Sep/2020:10:51:15 +0800] "GET /xingrg/kc/buy/cgsh_order_operate.html?command=get_materiel&rest_code=00148&code=00101008112&supplier_code=00100007&order_time=2020-09-17 HTTP/1.1" 200 412
172.17.0.108 - - [17/Sep/2020:10:51:15 +0800] "GET /xingrg/all/function/internal_message.html?_=1600311073136&CODE_STATE=getMsg HTTP/1.1" 200 27
114.82.29.189 - - [17/Sep/2020:10:51:17 +0800] "POST /xingrg/kc/buy/cgsh_order_operate.html HTTP/1.1" 200 37
180.157.253.48 - - [17/Sep/2020:10:51:21 +0800] "GET /xingrg/kc/buy/cgsh_order_operate.html?command=get_materiel&rest_code=00148&code=00101008354&supplier_code=00100007&order_time=2020-09-17 HTTP/1.1" 200 412
114.82.29.189 - - [17/Sep/2020:10:51:21 +0800] "POST /xingrg/kc/buy/cgsh_order_operate.html HTTP/1.1" 200 2658
114.86.231.183 - - [17/Sep/2020:10:51:21 +0800] "GET /xingrg/all/function/internal_message.html?_=1600311084792&CODE_STATE=getMsg HTTP/1.1" 200 27
116.230.74.197 - - [17/Sep/2020:10:51:22 +0800] "POST /xingrg/kc/buy/cgsh_order_operate.html HTTP/1.1" 200 37
114.82.29.189 - - [17/Sep/2020:10:51:22 +0800] "GET /xingrg/kc/print/load_data.html?order_code=212020091707134&kc_code=cgsh&condition= HTTP/1.1" 200 669
180.157.253.48 - - [17/Sep/2020:10:51:23 +0800] "POST /xingrg/kc/buy/cgsh_order_operate.html HTTP/1.1" 200 2065
117.185.32.26 - - [17/Sep/2020:10:51:24 +0800] "GET /xingrg/all/function/internal_message.html?_=1600311080429&CODE_STATE=getMsg HTTP/1.1" 200 27
117.185.32.26 - - [17/Sep/2020:10:51:24 +0800] "GET /xingrg/check_reg.html?_=1600311080427 HTTP/1.1" 200 22
116.230.74.197 - - [17/Sep/2020:10:51:25 +0800] "POST /xingrg/kc/buy/cgsh_order_operate.html HTTP/1.1" 200 2653
125.77.95.29 - - [17/Sep/2020:10:51:25 +0800] "GET /xingrg/all/function/internal_message.html?_=1600311387086&CODE_STATE=getMsg HTTP/1.1" 200 27
58.37.9.106 - - [17/Sep/2020:10:51:25 +0800] "GET /xingrg/kc/buy/cgsh_order_add.html HTTP/1.1" 200 59787
58.37.9.106 - - [17/Sep/2020:10:51:25 +0800] "GET /xingrg/javascript/easyui/themes/default/validatebox.css HTTP/1.1" 404 1104
58.37.9.106 - - [17/Sep/2020:10:51:25 +0800] "POST /xingrg/kc/buy/cgsh_order_operate.html HTTP/1.1" 200 8245
180.157.253.48 - - [17/Sep/2020:10:51:25 +0800] "GET /xingrg/login.html HTTP/1.1" 200 7641
180.157.253.48 - - [17/Sep/2020:10:51:26 +0800] "GET /favicon.ico HTTP/1.1" 404 -
116.230.74.197 - - [17/Sep/2020:10:51:27 +0800] "GET /xingrg/kc/print/load_data.html?order_code=212020091707135&kc_code=cgsh&condition= HTTP/1.1" 200 659
180.157.253.48 - - [17/Sep/2020:10:51:27 +0800] "GET /xingrg/kc/buy/cgsh_order_operate.html?command=get_materiel&rest_code=00148&code=00101008088&supplier_code=00100007&order_time=2020-09-17 HTTP/1.1" 200 408
222.69.131.255 - - [17/Sep/2020:10:51:27 +0800] "GET /xingrg/all/function/internal_message.html?_=1600311080389&CODE_STATE=getMsg HTTP/1.1" 200 27
116.238.71.173 - - [17/Sep/2020:10:51:27 +0800] "GET /xingrg/all/function/internal_message.html?_=1600311207318&CODE_STATE=getMsg HTTP/1.1" 200 27
116.230.74.197 - - [17/Sep/2020:10:51:32 +0800] "GET /xingrg/kc/buy/cgsh_order_add.html HTTP/1.1" 200 59828
116.230.74.197 - - [17/Sep/2020:10:51:32 +0800] "GET /xingrg/words/20200917103952_words.js HTTP/1.1" 304 -
116.230.74.197 - - [17/Sep/2020:10:51:33 +0800] "GET /xingrg/javascript/easyui/themes/default/validatebox.css HTTP/1.1" 404 1104
116.230.74.197 - - [17/Sep/2020:10:51:33 +0800] "POST /xingrg/kc/buy/cgsh_order_operate.html HTTP/1.1" 200 8245
58.37.9.106 - - [17/Sep/2020:10:51:34 +0800] "GET /xingrg/kc/buy/cgsh_order_operate.html?command=get_materiel&rest_code=00141&code=00101008236&supplier_code=00100007&order_time=2020-09-17 HTTP/1.1" 200 436
180.157.253.48 - - [17/Sep/2020:10:51:34 +0800] "POST /xingrg/login.do HTTP/1.1" 302 -
58.37.9.106 - - [17/Sep/2020:10:51:35 +0800] "GET /xingrg/check_reg.html?_=1600311076714 HTTP/1.1" 200 22
180.157.253.48 - - [17/Sep/2020:10:51:35 +0800] "GET /favicon.ico HTTP/1.1" 404 -
180.157.253.48 - - [17/Sep/2020:10:51:35 +0800] "GET /xingrg/index.html?sysBaseUrl=http%3A%2F%2F180.169.147.146%3A18081%2Fxingrg%2F&costTime=41×tamp=1600311094545 HTTP/1.1" 200 17419
180.157.253.48 - - [17/Sep/2020:10:51:35 +0800] "POST /xingrg/all/common/load_tree.html?tree=area_rest_tree_json&manage=1 HTTP/1.1" 200 3216
180.157.253.48 - - [17/Sep/2020:10:51:35 +0800] "GET /xingrg/all/function/internal_message.html?_=1600311086311&CODE_STATE=count HTTP/1.1" 200 11
180.157.253.48 - - [17/Sep/2020:10:51:35 +0800] "GET /xingrg/check_reg.html?_=1600311086313 HTTP/1.1" 200 22
180.157.253.48 - - [17/Sep/2020:10:51:36 +0800] "POST /xingrg/load_menu.html HTTP/1.1" 200 9959
116.230.74.197 - - [17/Sep/2020:10:51:36 +0800] "GET /xingrg/javascript/easyui/themes/default/tree.css HTTP/1.1" 404 1090
116.230.74.197 - - [17/Sep/2020:10:51:38 +0800] "POST /xingrg/all/common/load_tree.html?tree=supplier_tree_json&isDelete=1 HTTP/1.1" 200 50303
180.157.253.48 - - [17/Sep/2020:10:51:38 +0800] "GET /xingrg/kc/buy/cgsh_order_operate.html?command=get_materiel&rest_code=00148&code=00101008126&supplier_code=00100007&order_time=2020-09-17 HTTP/1.1" 200 412
114.82.29.189 - - [17/Sep/2020:10:51:39 +0800] "GET /xingrg/kc/buy/cgsh_order_add.html HTTP/1.1" 200 59781
114.82.29.189 - - [17/Sep/2020:10:51:39 +0800] "POST /xingrg/kc/buy/cgsh_order_operate.html HTTP/1.1" 200 8245
114.82.29.189 - - [17/Sep/2020:10:51:39 +0800] "GET /xingrg/javascript/easyui/themes/default/validatebox.css HTTP/1.1" 404 1104
114.82.29.189 - - [17/Sep/2020:10:51:41 +0800] "GET /xingrg/all/function/internal_message.html?_=1600311084356&CODE_STATE=getMsg HTTP/1.1" 200 27
114.88.166.242 - - [17/Sep/2020:10:51:42 +0800] "GET /xingrg/all/function/internal_message.html?_=1600311098188&CODE_STATE=getMsg HTTP/1.1" 200 27
58.37.9.106 - - [17/Sep/2020:10:51:43 +0800] "GET /xingrg/kc/buy/cgsh_order_operate.html?command=get_materiel&rest_code=00141&code=00101008114&supplier_code=00100007&order_time=2020-09-17 HTTP/1.1" 200 412
180.157.253.48 - - [17/Sep/2020:10:51:43 +0800] "GET /xingrg/kc/buy/cgsh_order_operate.html?command=get_materiel&rest_code=00148&code=00101008361&supplier_code=00100007&order_time=2020-09-17 HTTP/1.1" 200 408
116.230.74.197 - - [17/Sep/2020:10:51:45 +0800] "GET /xingrg/all/function/internal_message.html?_=1600311097086&CODE_STATE=getMsg HTTP/1.1" 200 27
180.157.253.48 - - [17/Sep/2020:10:51:46 +0800] "GET /xingrg/all/function/internal_message.html?_=1600311096926&CODE_STATE=getMsg HTTP/1.1" 200 27
180.157.253.48 - - [17/Sep/2020:10:51:46 +0800] "GET /xingrg/check_reg.html?_=1600311096934 HTTP/1.1" 200 22
180.157.253.48 - - [17/Sep/2020:10:51:48 +0800] "GET /xingrg/all/function/internal_message.html?_=1600311109328&CODE_STATE=getMsg HTTP/1.1" 200 27
117.131.5.26 - - [17/Sep/2020:10:51:50 +0800] "GET /xingrg/all/function/internal_message.html?_=1600311128124&CODE_STATE=getMsg HTTP/1.1" 200 27
117.131.5.26 - - [17/Sep/2020:10:51:50 +0800] "GET /xingrg/check_reg.html?_=1600311128125 HTTP/1.1" 200 22
114.88.166.242 - - [17/Sep/2020:10:51:51 +0800] "GET /xingrg/all/function/internal_message.html?_=1600311176360&CODE_STATE=getMsg HTTP/1.1" 200 27
58.37.9.106 - - [17/Sep/2020:10:51:52 +0800] "GET /xingrg/kc/buy/cgsh_order_operate.html?command=get_materiel&rest_code=00141&code=00101008276&supplier_code=00100007&order_time=2020-09-17 HTTP/1.1" 200 412
172.17.0.120 - - [17/Sep/2020:10:51:52 +0800] "GET /xingrg/all/function/internal_message.html?_=1600311110837&CODE_STATE=getMsg HTTP/1.1" 200 27
120.204.17.71 - - [17/Sep/2020:10:51:54 +0800] "GET /xingrg/all/function/internal_message.html?_=1600310373834&CODE_STATE=getMsg HTTP/1.1" 302 -
116.230.74.197 - - [17/Sep/2020:10:51:56 +0800] "GET /xingrg/kc/buy/cgsh_order_operate.html?command=get_materiel&rest_code=00107&code=00101001037&supplier_code=00100090&order_time=2020-09-17 HTTP/1.1" 200 416
114.82.29.189 - - [17/Sep/2020:10:51:57 +0800] "GET /xingrg/kc/buy/cgsh_order_operate.html?command=get_materiel&rest_code=00105&code=00101008402&supplier_code=00100327&order_time=2020-09-17 HTTP/1.1" 200 410
180.157.253.48 - - [17/Sep/2020:10:52:03 +0800] "GET /xingrg/all/function/internal_message.html?_=1600311127686&CODE_STATE=getMsg HTTP/1.1" 200 27
120.204.17.71 - - [17/Sep/2020:10:52:03 +0800] "GET /xingrg/login.html HTTP/1.1" 200 7641
117.184.7.30 - - [17/Sep/2020:10:52:06 +0800] "GET /xingrg/check_reg.html?_=1600311118195 HTTP/1.1" 200 22
114.82.29.189 - - [17/Sep/2020:10:52:06 +0800] "GET /xingrg/kc/buy/cgsh_order_operate.html?command=get_materiel&rest_code=00105&code=00101010628&supplier_code=00100327&order_time=2020-09-17 HTTP/1.1" 200 412
58.37.9.106 - - [17/Sep/2020:10:52:06 +0800] "GET /xingrg/all/function/internal_message.html?_=1600311108556&CODE_STATE=getMsg HTTP/1.1" 200 27
117.184.7.30 - - [17/Sep/2020:10:52:07 +0800] "GET /xingrg/all/function/internal_message.html?_=1600311119976&CODE_STATE=getMsg HTTP/1.1" 200 27
116.238.71.173 - - [17/Sep/2020:10:52:08 +0800] "GET /xingrg/all/function/internal_message.html?_=1600311125916&CODE_STATE=getMsg HTTP/1.1" 200 27
116.230.74.197 - - [17/Sep/2020:10:52:08 +0800] "POST /xingrg/kc/buy/cgsh_order_operate.html HTTP/1.1" 200 37
172.17.200.101 - - [17/Sep/2020:10:52:09 +0800] "GET /xingrg/all/function/internal_message.html?_=1600311130778&CODE_STATE=getMsg HTTP/1.1" 302 -
114.82.29.189 - - [17/Sep/2020:10:52:09 +0800] "GET /xingrg/all/function/internal_message.html?_=1600311129558&CODE_STATE=getMsg HTTP/1.1" 200 27
114.82.29.189 - - [17/Sep/2020:10:52:12 +0800] "POST /xingrg/kc/buy/cgsh_order_operate.html HTTP/1.1" 200 37
116.230.74.197 - - [17/Sep/2020:10:52:12 +0800] "POST /xingrg/kc/buy/cgsh_order_operate.html HTTP/1.1" 200 2663
114.82.29.189 - - [17/Sep/2020:10:52:13 +0800] "POST /xingrg/kc/buy/cgsh_order_operate.html HTTP/1.1" 200 3261
222.69.160.252 - - [17/Sep/2020:10:52:13 +0800] "GET /xingrg/all/function/internal_message.html?_=1600310959821&CODE_STATE=getMsg HTTP/1.1" 200 27
116.230.74.197 - - [17/Sep/2020:10:52:14 +0800] "GET /xingrg/kc/print/load_data.html?order_code=212020091707136&kc_code=cgsh&condition= HTTP/1.1" 200 743
114.82.29.189 - - [17/Sep/2020:10:52:14 +0800] "GET /xingrg/kc/print/load_data.html?order_code=212020091707137&kc_code=cgsh&condition= HTTP/1.1" 200 904
172.17.0.108 - - [17/Sep/2020:10:52:15 +0800] "GET /xingrg/all/function/internal_message.html?_=1600311133136&CODE_STATE=getMsg HTTP/1.1" 200 27
180.157.253.48 - - [17/Sep/2020:10:52:17 +0800] "GET /xingrg/kc/buy/cgsh_order_operate.html?command=get_materiel&rest_code=00148&code=00101008357&supplier_code=00100007&order_time=2020-09-17 HTTP/1.1" 200 408
114.82.29.189 - - [17/Sep/2020:10:52:18 +0800] "GET /xingrg/kc/buy/cgsh_order_add.html HTTP/1.1" 200 59781
114.82.29.189 - - [17/Sep/2020:10:52:19 +0800] "POST /xingrg/kc/buy/cgsh_order_operate.html HTTP/1.1" 200 8245
114.82.29.189 - - [17/Sep/2020:10:52:19 +0800] "GET /xingrg/javascript/easyui/themes/default/validatebox.css HTTP/1.1" 404 1104
58.37.9.106 - - [17/Sep/2020:10:52:19 +0800] "GET /xingrg/kc/buy/cgsh_order_operate.html?command=get_materiel&rest_code=00141&code=00101009107&supplier_code=00100007&order_time=2020-09-17 HTTP/1.1" 200 396
114.86.231.183 - - [17/Sep/2020:10:52:21 +0800] "GET /xingrg/all/function/internal_message.html?_=1600311144792&CODE_STATE=getMsg HTTP/1.1" 200 27
116.230.74.197 - - [17/Sep/2020:10:52:22 +0800] "GET /xingrg/kc/buy/cgsh_order_add.html HTTP/1.1" 200 59828
116.230.74.197 - - [17/Sep/2020:10:52:22 +0800] "POST /xingrg/kc/buy/cgsh_order_operate.html HTTP/1.1" 200 8245
116.230.74.197 - - [17/Sep/2020:10:52:23 +0800] "GET /xingrg/javascript/easyui/themes/default/validatebox.css HTTP/1.1" 404 1104
124.76.236.61 - - [17/Sep/2020:10:52:23 +0800] "GET /xingrg HTTP/1.1" 302 -
124.76.236.61 - - [17/Sep/2020:10:52:24 +0800] "GET /xingrg/ HTTP/1.1" 200 292
58.37.9.106 - - [17/Sep/2020:10:52:24 +0800] "GET /xingrg/kc/buy/cgsh_order_operate.html?command=get_materiel&rest_code=00141&code=00101008168&supplier_code=00100007&order_time=2020-09-17 HTTP/1.1" 200 413
117.185.32.26 - - [17/Sep/2020:10:52:24 +0800] "GET /xingrg/all/function/internal_message.html?_=1600311140428&CODE_STATE=getMsg HTTP/1.1" 200 27
180.157.253.48 - - [17/Sep/2020:10:52:24 +0800] "GET /xingrg/kc/buy/cgsh_order_operate.html?command=get_materiel&rest_code=00148&code=00101008286&supplier_code=00100007&order_time=2020-09-17 HTTP/1.1" 200 408
125.77.95.29 - - [17/Sep/2020:10:52:25 +0800] "GET /xingrg/all/function/internal_message.html?_=1600311447089&CODE_STATE=getMsg HTTP/1.1" 200 27
116.230.74.197 - - [17/Sep/2020:10:52:25 +0800] "GET /xingrg/javascript/easyui/themes/default/tree.css HTTP/1.1" 404 1090
124.76.236.61 - - [17/Sep/2020:10:52:26 +0800] "GET /favicon.ico HTTP/1.1" 404 -
124.76.236.61 - - [17/Sep/2020:10:52:26 +0800] "GET /xingrg/index.html HTTP/1.1" 302 -
124.76.236.61 - - [17/Sep/2020:10:52:26 +0800] "GET /xingrg/login.html HTTP/1.1" 200 7641
180.157.253.48 - - [17/Sep/2020:10:52:26 +0800] "POST /xingrg/kc/buy/cgsh_order_operate.html HTTP/1.1" 200 2065
116.230.74.197 - - [17/Sep/2020:10:52:27 +0800] "POST /xingrg/all/common/load_tree.html?tree=supplier_tree_json&isDelete=1 HTTP/1.1" 200 50303
124.76.236.61 - - [17/Sep/2020:10:52:27 +0800] "GET /xingrg/images/blue/jxLogo.png HTTP/1.1" 200 6156
222.69.131.255 - - [17/Sep/2020:10:52:27 +0800] "GET /xingrg/all/function/internal_message.html?_=1600311140394&CODE_STATE=getMsg HTTP/1.1" 200 27
124.76.236.61 - - [17/Sep/2020:10:52:27 +0800] "GET /xingrg/images/blue/hj.png HTTP/1.1" 200 1014
124.76.236.61 - - [17/Sep/2020:10:52:27 +0800] "GET /favicon.ico HTTP/1.1" 404 -
124.76.236.61 - - [17/Sep/2020:10:52:27 +0800] "GET /xingrg/images/blue/srbg.png HTTP/1.1" 200 138
116.238.71.173 - - [17/Sep/2020:10:52:27 +0800] "GET /xingrg/all/function/internal_message.html?_=1600311267322&CODE_STATE=getMsg HTTP/1.1" 200 27
124.76.236.61 - - [17/Sep/2020:10:52:28 +0800] "GET /xingrg/images/blue/login_bg.png HTTP/1.1" 200 22101
180.157.253.48 - - [17/Sep/2020:10:52:30 +0800] "GET /xingrg/kc/buy/cgsh_order_operate.html?command=get_materiel&rest_code=00148&code=00101008131&supplier_code=00100007&order_time=2020-09-17 HTTP/1.1" 200 408
114.86.231.183 - - [17/Sep/2020:10:52:30 +0800] "GET /xingrg/kc/buy/cgsh_order_operate.html?command=get_materiel&rest_code=00109&code=00101008323&supplier_code=00100005&order_time=2020-09-17 HTTP/1.1" 200 408
58.37.9.106 - - [17/Sep/2020:10:52:31 +0800] "GET /xingrg/kc/buy/cgsh_order_operate.html?command=get_materiel&rest_code=00141&code=00101009030&supplier_code=00100007&order_time=2020-09-17 HTTP/1.1" 200 412
114.82.29.189 - - [17/Sep/2020:10:52:32 +0800] "GET /xingrg/kc/buy/cgsh_order_operate.html?command=get_materiel&rest_code=00105&code=00101010281&supplier_code=00100331&order_time=2020-09-17 HTTP/1.1" 200 414
124.76.236.61 - - [17/Sep/2020:10:52:34 +0800] "GET /xingrg HTTP/1.1" 302 -
124.76.236.61 - - [17/Sep/2020:10:52:35 +0800] "GET /xingrg/index.html HTTP/1.1" 302 -
124.76.236.61 - - [17/Sep/2020:10:52:35 +0800] "GET /favicon.ico HTTP/1.1" 404 -
124.76.236.61 - - [17/Sep/2020:10:52:35 +0800] "GET /xingrg/login.html HTTP/1.1" 200 7641
180.157.253.48 - - [17/Sep/2020:10:52:35 +0800] "GET /xingrg/all/function/internal_message.html?_=1600311146333&CODE_STATE=getMsg HTTP/1.1" 200 27
124.76.236.61 - - [17/Sep/2020:10:52:35 +0800] "GET /favicon.ico HTTP/1.1" 404 -
124.76.236.61 - - [17/Sep/2020:10:52:36 +0800] "GET /xingrg/images/blue/login_bg.png HTTP/1.1" 200 22101
180.157.253.48 - - [17/Sep/2020:10:52:37 +0800] "GET /xingrg/kc/buy/cgsh_order_operate.html?command=get_materiel&rest_code=00148&code=00101008353&supplier_code=00100007&order_time=2020-09-17 HTTP/1.1" 200 408
114.82.29.189 - - [17/Sep/2020:10:52:41 +0800] "GET /xingrg/all/function/internal_message.html?_=1600311144341&CODE_STATE=getMsg HTTP/1.1" 200 27
114.88.166.242 - - [17/Sep/2020:10:52:42 +0800] "GET /xingrg/all/function/internal_message.html?_=1600311158201&CODE_STATE=getMsg HTTP/1.1" 200 27
116.230.74.197 - - [17/Sep/2020:10:52:44 +0800] "GET /xingrg/all/function/internal_message.html?_=1600311157061&CODE_STATE=getMsg HTTP/1.1" 200 27
180.157.253.48 - - [17/Sep/2020:10:52:45 +0800] "GET /xingrg/kc/buy/cgsh_order_operate.html?command=get_materiel&rest_code=00148&code=00101008188&supplier_code=00100007&order_time=2020-09-17 HTTP/1.1" 200 412
180.157.253.48 - - [17/Sep/2020:10:52:45 +0800] "GET /xingrg/all/function/internal_message.html?_=1600311156935&CODE_STATE=getMsg HTTP/1.1" 200 27
124.76.236.61 - - [17/Sep/2020:10:52:47 +0800] "POST /xingrg/login.do HTTP/1.1" 302 -
124.76.236.61 - - [17/Sep/2020:10:52:47 +0800] "GET /xingrg/index.html?sysBaseUrl=http%3A%2F%2F180.169.147.146%3A18081%2Fxingrg%2F&costTime=39×tamp=1600311167055 HTTP/1.1" 200 17179
124.76.236.61 - - [17/Sep/2020:10:52:47 +0800] "GET /xingrg/javascript/jquery_easy_ui/themes/icon.css HTTP/1.1" 200 3949
124.76.236.61 - - [17/Sep/2020:10:52:47 +0800] "GET /xingrg/css/form.css HTTP/1.1" 200 893
124.76.236.61 - - [17/Sep/2020:10:52:47 +0800] "GET /xingrg/javascript/jquery-1.4.2.min.js HTTP/1.1" 200 72205
124.76.236.61 - - [17/Sep/2020:10:52:47 +0800] "GET /xingrg/javascript/jquery_easy_ui/jquery.easyui.min.js HTTP/1.1" 200 213662
124.76.236.61 - - [17/Sep/2020:10:52:47 +0800] "GET /xingrg/javascript/jquery_easy_ui/easyui-lang-zh_CN.js HTTP/1.1" 200 1900
124.76.236.61 - - [17/Sep/2020:10:52:47 +0800] "GET /xingrg/javascript/jquery_easy_ui/themes/default/easyui.css HTTP/1.1" 200 26500
124.76.236.61 - - [17/Sep/2020:10:52:47 +0800] "GET /xingrg/javascript/jquery.timers.js HTTP/1.1" 200 3532
124.76.236.61 - - [17/Sep/2020:10:52:47 +0800] "GET /xingrg/javascript/jquery.utils.js HTTP/1.1" 200 11805
124.76.236.61 - - [17/Sep/2020:10:52:47 +0800] "GET /xingrg/javascript/jquery.form.js HTTP/1.1" 200 23110
124.76.236.61 - - [17/Sep/2020:10:52:47 +0800] "GET /favicon.ico HTTP/1.1" 404 -
124.76.236.61 - - [17/Sep/2020:10:52:47 +0800] "GET /xingrg/javascript/jquery_easy_ui/themes/icons/settle_new.png HTTP/1.1" 200 826
124.76.236.61 - - [17/Sep/2020:10:52:47 +0800] "GET /xingrg/images/blue/navBackgound.jpg HTTP/1.1" 200 12378
124.76.236.61 - - [17/Sep/2020:10:52:47 +0800] "POST /xingrg/all/common/load_tree.html?tree=area_rest_tree_json&manage=1 HTTP/1.1" 200 351
124.76.236.61 - - [17/Sep/2020:10:52:47 +0800] "GET /xingrg/all/function/internal_message.html?_=1600311175903&CODE_STATE=count HTTP/1.1" 200 11
124.76.236.61 - - [17/Sep/2020:10:52:47 +0800] "GET /xingrg/check_reg.html?_=1600311175904 HTTP/1.1" 200 22
124.76.236.61 - - [17/Sep/2020:10:52:47 +0800] "GET /xingrg/images/blue/pingpu.png HTTP/1.1" 200 231
124.76.236.61 - - [17/Sep/2020:10:52:47 +0800] "GET /xingrg/javascript/jquery_easy_ui/themes/default/images/tabs_leftarrow.png HTTP/1.1" 200 389
124.76.236.61 - - [17/Sep/2020:10:52:47 +0800] "GET /xingrg/javascript/jquery_easy_ui/themes/default/images/tabs_rightarrow.png HTTP/1.1" 200 395
124.76.236.61 - - [17/Sep/2020:10:52:47 +0800] "GET /xingrg/javascript/jquery_easy_ui/themes/default/images/panel_tool_collapse.gif HTTP/1.1" 200 246
124.76.236.61 - - [17/Sep/2020:10:52:47 +0800] "POST /xingrg/load_menu.html HTTP/1.1" 200 5138
124.76.236.61 - - [17/Sep/2020:10:52:47 +0800] "GET /xingrg/javascript/jquery_easy_ui/themes/default/images/tree_arrows.gif HTTP/1.1" 200 1043
124.76.236.61 - - [17/Sep/2020:10:52:47 +0800] "GET /xingrg/javascript/jquery_easy_ui/themes/default/images/tree_folder_open.gif HTTP/1.1" 200 956
124.76.236.61 - - [17/Sep/2020:10:52:47 +0800] "GET /xingrg/javascript/jquery_easy_ui/themes/icons/search_new.png HTTP/1.1" 200 586
124.76.236.61 - - [17/Sep/2020:10:52:47 +0800] "GET /xingrg/javascript/jquery_easy_ui/themes/default/images/tree_folder.gif HTTP/1.1" 200 952
124.76.236.61 - - [17/Sep/2020:10:52:47 +0800] "GET /xingrg/javascript/jquery_easy_ui/themes/icons/storage_new.png HTTP/1.1" 200 853
124.76.236.61 - - [17/Sep/2020:10:52:47 +0800] "GET /xingrg/javascript/jquery_easy_ui/themes/icons/forms_new.png HTTP/1.1" 200 350
124.76.236.61 - - [17/Sep/2020:10:52:47 +0800] "GET /xingrg/javascript/jquery_easy_ui/themes/default/images/tree_file.gif HTTP/1.1" 200 118
180.157.253.48 - - [17/Sep/2020:10:52:48 +0800] "GET /xingrg/check_reg.html?_=1600311169323 HTTP/1.1" 200 22
180.157.253.48 - - [17/Sep/2020:10:52:48 +0800] "GET /xingrg/all/function/internal_message.html?_=1600311169344&CODE_STATE=getMsg HTTP/1.1" 200 27
117.131.5.26 - - [17/Sep/2020:10:52:50 +0800] "GET /xingrg/all/function/internal_message.html?_=1600311188123&CODE_STATE=getMsg HTTP/1.1" 200 27
114.88.166.242 - - [17/Sep/2020:10:52:50 +0800] "GET /xingrg/all/function/internal_message.html?_=1600311236375&CODE_STATE=getMsg HTTP/1.1" 200 27
114.82.29.189 - - [17/Sep/2020:10:52:51 +0800] "POST /xingrg/kc/buy/cgsh_order_operate.html HTTP/1.1" 200 37
172.17.0.120 - - [17/Sep/2020:10:52:52 +0800] "GET /xingrg/all/function/internal_message.html?_=1600311170841&CODE_STATE=getMsg HTTP/1.1" 200 27
114.82.29.189 - - [17/Sep/2020:10:52:52 +0800] "POST /xingrg/kc/buy/cgsh_order_operate.html HTTP/1.1" 200 2659
114.82.29.189 - - [17/Sep/2020:10:52:53 +0800] "GET /xingrg/kc/print/load_data.html?order_code=212020091707138&kc_code=cgsh&condition= HTTP/1.1" 200 672
114.82.29.189 - - [17/Sep/2020:10:52:56 +0800] "GET /xingrg/kc/buy/cgsh_order_add.html HTTP/1.1" 200 59781
114.82.29.189 - - [17/Sep/2020:10:52:57 +0800] "GET /xingrg/javascript/easyui/themes/default/validatebox.css HTTP/1.1" 404 1104
114.82.29.189 - - [17/Sep/2020:10:52:57 +0800] "POST /xingrg/kc/buy/cgsh_order_operate.html HTTP/1.1" 200 8245
120.204.17.72 - - [17/Sep/2020:10:53:00 +0800] "GET /xingrg/all/function/internal_message.html?_=1600310433826&CODE_STATE=getMsg HTTP/1.1" 302 -
180.157.253.48 - - [17/Sep/2020:10:53:02 +0800] "GET /xingrg/kc/buy/cgsh_order_operate.html?command=get_materiel&rest_code=00148&code=00101008331&supplier_code=00100007&order_time=2020-09-17 HTTP/1.1" 200 416
120.204.17.71 - - [17/Sep/2020:10:53:02 +0800] "GET /xingrg/all/common/auto_word.html?type=employee&rest_code=00106 HTTP/1.1" 302 -
180.157.253.48 - - [17/Sep/2020:10:53:03 +0800] "GET /xingrg/all/function/internal_message.html?_=1600311187699&CODE_STATE=getMsg HTTP/1.1" 200 27
120.204.17.72 - - [17/Sep/2020:10:53:05 +0800] "GET /xingrg/login.html HTTP/1.1" 200 7641
120.204.17.71 - - [17/Sep/2020:10:53:05 +0800] "GET /xingrg/login.html HTTP/1.1" 200 7641
114.86.231.183 - - [17/Sep/2020:10:53:06 +0800] "GET /xingrg/kc/buy/cgsh_order_operate.html?command=get_materiel&rest_code=00109&code=00101008132&supplier_code=00100005&order_time=2020-09-17 HTTP/1.1" 200 408
58.37.9.106 - - [17/Sep/2020:10:53:06 +0800] "GET /xingrg/all/function/internal_message.html?_=1600311168534&CODE_STATE=getMsg HTTP/1.1" 200 27
114.82.29.189 - - [17/Sep/2020:10:53:06 +0800] "GET /xingrg/kc/buy/cgsh_order_operate.html?command=get_materiel&rest_code=00105&code=00101006164&supplier_code=00100326&order_time=2020-09-17 HTTP/1.1" 200 415
116.238.71.173 - - [17/Sep/2020:10:53:07 +0800] "GET /xingrg/all/function/internal_message.html?_=1600311185963&CODE_STATE=getMsg HTTP/1.1" 200 27
117.184.7.30 - - [17/Sep/2020:10:53:07 +0800] "GET /xingrg/all/function/internal_message.html?_=1600311179960&CODE_STATE=getMsg HTTP/1.1" 200 27
172.17.200.101 - - [17/Sep/2020:10:53:09 +0800] "GET /xingrg/all/function/internal_message.html?_=1600311190778&CODE_STATE=getMsg HTTP/1.1" 302 -
114.82.29.189 - - [17/Sep/2020:10:53:09 +0800] "GET /xingrg/all/function/internal_message.html?_=1600311189530&CODE_STATE=getMsg HTTP/1.1" 200 27
124.76.236.61 - - [17/Sep/2020:10:53:09 +0800] "GET /xingrg/kc/mdqp/qp_main.html HTTP/1.1" 200 10633
124.76.236.61 - - [17/Sep/2020:10:53:09 +0800] "GET /xingrg/javascript/jquery_easy_ui/themes/default/images/tabs_close.gif HTTP/1.1" 200 829
124.76.236.61 - - [17/Sep/2020:10:53:09 +0800] "GET /xingrg/javascript/pic_change.js HTTP/1.1" 200 4739
124.76.236.61 - - [17/Sep/2020:10:53:09 +0800] "GET /xingrg/javascript/ToolTips.js HTTP/1.1" 200 5615
124.76.236.61 - - [17/Sep/2020:10:53:09 +0800] "GET /xingrg/css/blue.css HTTP/1.1" 200 15949
124.76.236.61 - - [17/Sep/2020:10:53:09 +0800] "GET /xingrg/javascript/jquery_ui/jquery-ui.min.js HTTP/1.1" 200 186181
124.76.236.61 - - [17/Sep/2020:10:53:09 +0800] "GET /xingrg/javascript/myfunction.js HTTP/1.1" 200 24559
124.76.236.61 - - [17/Sep/2020:10:53:09 +0800] "GET /xingrg/javascript/jquery_ui/themes/humanity/humanity.css HTTP/1.1" 200 27801
124.76.236.61 - - [17/Sep/2020:10:53:09 +0800] "GET /xingrg/images/blue/button/cgxqd.gif HTTP/1.1" 200 2619
124.76.236.61 - - [17/Sep/2020:10:53:09 +0800] "GET /xingrg/images/blue/button/qqpsd.gif HTTP/1.1" 200 2548
124.76.236.61 - - [17/Sep/2020:10:53:09 +0800] "GET /xingrg/images/blue/button/psshd.gif HTTP/1.1" 200 2692
124.76.236.61 - - [17/Sep/2020:10:53:09 +0800] "GET /xingrg/images/blue/button/pszx.gif HTTP/1.1" 200 2648
124.76.236.61 - - [17/Sep/2020:10:53:09 +0800] "GET /xingrg/images/blue/pic_form2.gif HTTP/1.1" 200 1853
124.76.236.61 - - [17/Sep/2020:10:53:09 +0800] "GET /xingrg/images/blue/bg_dotted.jpg HTTP/1.1" 200 319
124.76.236.61 - - [17/Sep/2020:10:53:09 +0800] "GET /xingrg/images/blue/button/right_ah.jpg HTTP/1.1" 200 1744
124.76.236.61 - - [17/Sep/2020:10:53:09 +0800] "GET /xingrg/javascript/jquery_ui/themes/humanity/images/ui-bg_inset-soft_100_f4f0ec_1x100.png HTTP/1.1" 200 141
124.76.236.61 - - [17/Sep/2020:10:53:09 +0800] "GET /xingrg/images/blue/button/down_ah.jpg HTTP/1.1" 200 1732
124.76.236.61 - - [17/Sep/2020:10:53:09 +0800] "GET /xingrg/javascript/jquery_ui/themes/humanity/images/ui-iconsnew.jpg HTTP/1.1" 200 337
124.76.236.61 - - [17/Sep/2020:10:53:09 +0800] "GET /xingrg/javascript/jquery_ui/themes/humanity/images/ui-icons_ffffff_256x240.png HTTP/1.1" 200 4369
124.76.236.61 - - [17/Sep/2020:10:53:09 +0800] "GET /xingrg/javascript/jquery_ui/themes/humanity/images/ui-icons_c47a23_256x240.png HTTP/1.1" 200 5355
124.76.236.61 - - [17/Sep/2020:10:53:09 +0800] "GET /xingrg/javascript/jquery_ui/themes/humanity/images/ui-bg_glass_70_ede4d4_1x400.png HTTP/1.1" 200 161
114.82.29.189 - - [17/Sep/2020:10:53:11 +0800] "GET /xingrg/check_reg.html?_=1600311191111 HTTP/1.1" 200 22
222.69.160.252 - - [17/Sep/2020:10:53:13 +0800] "GET /xingrg/all/function/internal_message.html?_=1600311019836&CODE_STATE=getMsg HTTP/1.1" 200 27
180.157.253.48 - - [17/Sep/2020:10:53:14 +0800] "GET /xingrg/kc/buy/cgsh_order_operate.html?command=get_materiel&rest_code=00148&code=00101008350&supplier_code=00100007&order_time=2020-09-17 HTTP/1.1" 200 408
172.17.0.108 - - [17/Sep/2020:10:53:15 +0800] "GET /xingrg/all/function/internal_message.html?_=1600311193134&CODE_STATE=getMsg HTTP/1.1" 200 27
114.82.29.189 - - [17/Sep/2020:10:53:15 +0800] "GET /xingrg/kc/buy/cgsh_order_operate.html?command=get_materiel&rest_code=00105&code=00101010501&supplier_code=00100326&order_time=2020-09-17 HTTP/1.1" 200 396
124.76.236.61 - - [17/Sep/2020:10:53:16 +0800] "GET /xingrg/kc/buy/buy_main.html HTTP/1.1" 200 12412
124.76.236.61 - - [17/Sep/2020:10:53:16 +0800] "GET /xingrg/css/new_ie.css HTTP/1.1" 404 1036
124.76.236.61 - - [17/Sep/2020:10:53:16 +0800] "GET /xingrg/images/blue/button/cgydd.gif HTTP/1.1" 200 2712
124.76.236.61 - - [17/Sep/2020:10:53:16 +0800] "GET /xingrg/images/blue/button/cgshd.gif HTTP/1.1" 200 2618
124.76.236.61 - - [17/Sep/2020:10:53:16 +0800] "GET /xingrg/images/blue/button/cgfkd.gif HTTP/1.1" 200 2075
124.76.236.61 - - [17/Sep/2020:10:53:16 +0800] "GET /xingrg/images/blue/button/kc.gif HTTP/1.1" 200 2160
124.76.236.61 - - [17/Sep/2020:10:53:16 +0800] "GET /xingrg/images/blue/button/ckthd.gif HTTP/1.1" 200 2045
180.157.253.48 - - [17/Sep/2020:10:53:16 +0800] "POST /xingrg/kc/buy/cgsh_order_operate.html HTTP/1.1" 200 2065
114.86.231.183 - - [17/Sep/2020:10:53:17 +0800] "GET /xingrg/kc/buy/cgsh_order_operate.html?command=get_materiel&rest_code=00109&code=00101008332&supplier_code=00100005&order_time=2020-09-17 HTTP/1.1" 200 412
180.157.253.48 - - [17/Sep/2020:10:53:19 +0800] "GET /xingrg/kc/buy/cgsh_order_operate.html?command=get_materiel&rest_code=00148&code=00101008149&supplier_code=00100007&order_time=2020-09-17 HTTP/1.1" 200 408
124.76.236.61 - - [17/Sep/2020:10:53:20 +0800] "GET /xingrg/images/yd/bt.gif HTTP/1.1" 404 1040
180.157.253.48 - - [17/Sep/2020:10:53:20 +0800] "GET /xingrg/kc/buy/cgsh_order_info.html?code=212020091606820 HTTP/1.1" 200 54694
180.157.253.48 - - [17/Sep/2020:10:53:20 +0800] "GET /xingrg/words/20200917103952_words.js HTTP/1.1" 304 -
114.86.231.183 - - [17/Sep/2020:10:53:21 +0800] "GET /xingrg/all/function/internal_message.html?_=1600311204795&CODE_STATE=getMsg HTTP/1.1" 200 27
114.86.231.183 - - [17/Sep/2020:10:53:21 +0800] "GET /xingrg/check_reg.html?_=1600311204796 HTTP/1.1" 200 22
124.76.236.61 - - [17/Sep/2020:10:53:21 +0800] "GET /xingrg/kc/buy/cgth_order_list.html?part=buyck HTTP/1.1" 200 43452
124.76.236.61 - - [17/Sep/2020:10:53:21 +0800] "GET /xingrg/css/base.css HTTP/1.1" 200 2811
124.76.236.61 - - [17/Sep/2020:10:53:21 +0800] "GET /xingrg/css/site.css HTTP/1.1" 200 7541
124.76.236.61 - - [17/Sep/2020:10:53:21 +0800] "GET /xingrg/javascript/jquery_tools/datebox.css HTTP/1.1" 200 2597
124.76.236.61 - - [17/Sep/2020:10:53:21 +0800] "GET /xingrg/javascript/auto/jquery.autocomplete.css HTTP/1.1" 200 587
124.76.236.61 - - [17/Sep/2020:10:53:21 +0800] "GET /xingrg/javascript/easyui/themes/icon.css HTTP/1.1" 200 4483
124.76.236.61 - - [17/Sep/2020:10:53:21 +0800] "GET /xingrg/javascript/jquery_tools/fix.css HTTP/1.1" 200 1702
124.76.236.61 - - [17/Sep/2020:10:53:21 +0800] "GET /xingrg/javascript/jquery_tools/table.css HTTP/1.1" 200 1032
