114.88.166.242 - - [17/Sep/2020:09:12:15 +0800] "GET /xingrg/kc/buy/cgsh_order_operate.html?command=get_materiel&rest_code=00111&code=00101008126&supplier_code=00100037&order_time=2020-09-17 HTTP/1.1" 200 412
222.69.131.255 - - [17/Sep/2020:09:12:18 +0800] "GET /xingrg/kc/buy/cgsh_order_info.html?code=212020091707069 HTTP/1.1" 200 54737
222.69.131.255 - - [17/Sep/2020:09:12:19 +0800] "GET /xingrg/javascript/easyui/themes/default/validatebox.css HTTP/1.1" 404 1104
222.69.131.255 - - [17/Sep/2020:09:12:19 +0800] "POST /xingrg/kc/buy/cgsh_order_operate.html HTTP/1.1" 200 31401
114.82.29.189 - - [17/Sep/2020:09:12:20 +0800] "GET /xingrg/kc/buy/cgsh_order_operate.html?command=get_materiel&rest_code=00105&code=00101008096&supplier_code=00100203&order_time=2020-09-17 HTTP/1.1" 200 412
222.69.131.255 - - [17/Sep/2020:09:12:21 +0800] "GET /xingrg/kc/print/load_config.html?kc_code=cgsh HTTP/1.1" 200 1845
222.69.131.255 - - [17/Sep/2020:09:12:22 +0800] "GET /xingrg/kc/print/load_data.html?order_code=212020091707069&kc_code=cgsh&condition= HTTP/1.1" 200 12424
114.82.29.189 - - [17/Sep/2020:09:12:25 +0800] "GET /xingrg/kc/buy/cgsh_order_operate.html?command=get_materiel&rest_code=00105&code=00101008088&supplier_code=00100203&order_time=2020-09-17 HTTP/1.1" 200 408
222.69.131.255 - - [17/Sep/2020:09:12:28 +0800] "GET /xingrg/all/function/internal_message.html?_=1600305141978&CODE_STATE=getMsg HTTP/1.1" 200 27
114.86.231.183 - - [17/Sep/2020:09:12:29 +0800] "GET /xingrg/all/function/internal_message.html?_=1600305188640&CODE_STATE=getMsg HTTP/1.1" 200 27
114.82.29.189 - - [17/Sep/2020:09:12:34 +0800] "GET /xingrg/kc/buy/cgsh_order_operate.html?command=get_materiel&rest_code=00105&code=00101008224&supplier_code=00100203&order_time=2020-09-17 HTTP/1.1" 200 416
116.238.71.173 - - [17/Sep/2020:09:12:35 +0800] "GET /xingrg/check_reg.html?_=1600305153972 HTTP/1.1" 200 22
116.238.71.173 - - [17/Sep/2020:09:12:35 +0800] "GET /xingrg/all/function/internal_message.html?_=1600305153976&CODE_STATE=getMsg HTTP/1.1" 200 27
114.88.166.242 - - [17/Sep/2020:09:12:37 +0800] "GET /xingrg/all/function/internal_message.html?_=1600305153411&CODE_STATE=getMsg HTTP/1.1" 200 27
116.230.74.197 - - [17/Sep/2020:09:12:38 +0800] "GET /xingrg/kc/buy/cgsh_order_operate.html?command=get_materiel&rest_code=00107&code=00101008352&supplier_code=00100006&order_time=2020-09-17 HTTP/1.1" 200 414
116.230.74.197 - - [17/Sep/2020:09:12:40 +0800] "GET /xingrg/all/function/internal_message.html?_=1600305152528&CODE_STATE=getMsg HTTP/1.1" 200 27
116.230.74.197 - - [17/Sep/2020:09:12:40 +0800] "GET /xingrg/check_reg.html?_=1600305152546 HTTP/1.1" 200 22
114.82.29.189 - - [17/Sep/2020:09:12:41 +0800] "GET /xingrg/all/function/internal_message.html?_=1600305144570&CODE_STATE=getMsg HTTP/1.1" 200 27
114.82.29.189 - - [17/Sep/2020:09:12:42 +0800] "GET /xingrg/kc/buy/cgsh_order_operate.html?command=get_materiel&rest_code=00105&code=00101008003&supplier_code=00100203&order_time=2020-09-17 HTTP/1.1" 200 408
117.131.5.26 - - [17/Sep/2020:09:12:50 +0800] "GET /xingrg/all/function/internal_message.html?_=1600305187962&CODE_STATE=getMsg HTTP/1.1" 200 27
114.82.29.189 - - [17/Sep/2020:09:12:51 +0800] "GET /xingrg/kc/buy/cgsh_order_operate.html?command=get_materiel&rest_code=00105&code=00101008361&supplier_code=00100203&order_time=2020-09-17 HTTP/1.1" 200 408
116.230.74.197 - - [17/Sep/2020:09:12:52 +0800] "GET /xingrg/kc/buy/cgsh_order_operate.html?command=get_materiel&rest_code=00107&code=00101008005&supplier_code=00100006&order_time=2020-09-17 HTTP/1.1" 200 412
114.88.166.242 - - [17/Sep/2020:09:12:54 +0800] "GET /xingrg/all/function/internal_message.html?_=1600305239761&CODE_STATE=getMsg HTTP/1.1" 200 27
114.88.166.242 - - [17/Sep/2020:09:12:54 +0800] "GET /xingrg/check_reg.html?_=1600305239763 HTTP/1.1" 200 22
114.88.166.242 - - [17/Sep/2020:09:12:55 +0800] "GET /xingrg/kc/buy/cgsh_order_operate.html?command=get_materiel&rest_code=00111&code=00101008276&supplier_code=00100037&order_time=2020-09-17 HTTP/1.1" 200 412
116.238.216.197 - - [17/Sep/2020:09:12:58 +0800] "GET /xingrg/all/function/internal_message.html?_=1600305384804&CODE_STATE=getMsg HTTP/1.1" 200 27
114.82.29.189 - - [17/Sep/2020:09:12:58 +0800] "GET /xingrg/kc/buy/cgsh_order_operate.html?command=get_materiel&rest_code=00105&code=00101008201&supplier_code=00100203&order_time=2020-09-17 HTTP/1.1" 200 412
116.238.71.173 - - [17/Sep/2020:09:13:00 +0800] "GET /xingrg/all/function/internal_message.html?_=1600305300079&CODE_STATE=getMsg HTTP/1.1" 200 27
114.88.166.242 - - [17/Sep/2020:09:13:04 +0800] "GET /xingrg/kc/buy/cgsh_order_operate.html?command=get_materiel&rest_code=00111&code=00101016030&supplier_code=00100037&order_time=2020-09-17 HTTP/1.1" 200 412
116.230.74.197 - - [17/Sep/2020:09:13:04 +0800] "GET /xingrg/kc/buy/cgsh_order_operate.html?command=get_materiel&rest_code=00107&code=00101008271&supplier_code=00100006&order_time=2020-09-17 HTTP/1.1" 200 408
172.17.200.101 - - [17/Sep/2020:09:13:04 +0800] "GET /xingrg/all/function/internal_message.html?_=1600305186144&CODE_STATE=getMsg HTTP/1.1" 200 27
58.37.9.106 - - [17/Sep/2020:09:13:09 +0800] "GET /xingrg/all/function/internal_message.html?_=1600305170804&CODE_STATE=getMsg HTTP/1.1" 200 27
114.82.29.189 - - [17/Sep/2020:09:13:11 +0800] "GET /xingrg/all/function/internal_message.html?_=1600305191029&CODE_STATE=getMsg HTTP/1.1" 200 27
114.82.29.189 - - [17/Sep/2020:09:13:11 +0800] "GET /xingrg/check_reg.html?_=1600305191032 HTTP/1.1" 200 22
116.230.74.197 - - [17/Sep/2020:09:13:12 +0800] "POST /xingrg/kc/buy/cgsh_order_operate.html HTTP/1.1" 200 37
172.17.0.108 - - [17/Sep/2020:09:13:14 +0800] "GET /xingrg/all/function/internal_message.html?_=1600305192584&CODE_STATE=getMsg HTTP/1.1" 200 27
114.88.166.242 - - [17/Sep/2020:09:13:14 +0800] "GET /xingrg/kc/buy/cgsh_order_operate.html?command=get_materiel&rest_code=00111&code=00101010314&supplier_code=00100037&order_time=2020-09-17 HTTP/1.1" 200 413
114.82.29.189 - - [17/Sep/2020:09:13:20 +0800] "GET /xingrg/kc/buy/cgsh_order_operate.html?command=get_materiel&rest_code=00105&code=00101008301&supplier_code=00100203&order_time=2020-09-17 HTTP/1.1" 200 422
114.82.29.189 - - [17/Sep/2020:09:13:25 +0800] "POST /xingrg/kc/buy/cgsh_order_operate.html HTTP/1.1" 200 2065
114.88.166.242 - - [17/Sep/2020:09:13:26 +0800] "GET /xingrg/kc/buy/cgsh_order_operate.html?command=get_materiel&rest_code=00111&code=00101007109&supplier_code=00100037&order_time=2020-09-17 HTTP/1.1" 200 408
114.82.29.189 - - [17/Sep/2020:09:13:26 +0800] "POST /xingrg/kc/buy/cgsh_order_operate.html HTTP/1.1" 200 2065
222.69.131.255 - - [17/Sep/2020:09:13:28 +0800] "GET /xingrg/all/function/internal_message.html?_=1600305201975&CODE_STATE=getMsg HTTP/1.1" 200 27
114.86.231.183 - - [17/Sep/2020:09:13:28 +0800] "GET /xingrg/check_reg.html?_=1600305248609 HTTP/1.1" 200 22
114.86.231.183 - - [17/Sep/2020:09:13:29 +0800] "GET /xingrg/all/function/internal_message.html?_=1600305248640&CODE_STATE=getMsg HTTP/1.1" 200 27
114.82.29.189 - - [17/Sep/2020:09:13:34 +0800] "GET /xingrg/kc/buy/cgsh_order_operate.html?command=get_materiel&rest_code=00105&code=00101008063&supplier_code=00100203&order_time=2020-09-17 HTTP/1.1" 200 413
116.238.71.173 - - [17/Sep/2020:09:13:35 +0800] "GET /xingrg/all/function/internal_message.html?_=1600305214024&CODE_STATE=getMsg HTTP/1.1" 200 27
114.88.166.242 - - [17/Sep/2020:09:13:37 +0800] "GET /xingrg/all/function/internal_message.html?_=1600305213465&CODE_STATE=getMsg HTTP/1.1" 200 27
114.82.29.189 - - [17/Sep/2020:09:13:41 +0800] "GET /xingrg/all/function/internal_message.html?_=1600305204571&CODE_STATE=getMsg HTTP/1.1" 200 27
114.82.29.189 - - [17/Sep/2020:09:13:43 +0800] "GET /xingrg/kc/buy/cgsh_order_operate.html?command=get_materiel&rest_code=00105&code=00101008137&supplier_code=00100203&order_time=2020-09-17 HTTP/1.1" 200 408
117.131.5.26 - - [17/Sep/2020:09:13:50 +0800] "GET /xingrg/all/function/internal_message.html?_=1600305247959&CODE_STATE=getMsg HTTP/1.1" 200 27
114.82.29.189 - - [17/Sep/2020:09:13:51 +0800] "GET /xingrg/kc/buy/cgsh_order_operate.html?command=get_materiel&rest_code=00105&code=00101008059&supplier_code=00100203&order_time=2020-09-17 HTTP/1.1" 200 408
114.88.166.242 - - [17/Sep/2020:09:13:54 +0800] "GET /xingrg/all/function/internal_message.html?_=1600305299817&CODE_STATE=getMsg HTTP/1.1" 200 27
114.88.166.242 - - [17/Sep/2020:09:13:56 +0800] "GET /xingrg/kc/buy/cgsh_order_operate.html?command=get_materiel&rest_code=00111&code=00101015074&supplier_code=00100037&order_time=2020-09-17 HTTP/1.1" 200 427
116.238.216.197 - - [17/Sep/2020:09:13:58 +0800] "GET /xingrg/check_reg.html?_=1600305444446 HTTP/1.1" 200 22
116.238.216.197 - - [17/Sep/2020:09:13:58 +0800] "GET /xingrg/all/function/internal_message.html?_=1600305444818&CODE_STATE=getMsg HTTP/1.1" 200 27
116.238.71.173 - - [17/Sep/2020:09:14:00 +0800] "GET /xingrg/all/function/internal_message.html?_=1600305360079&CODE_STATE=getMsg HTTP/1.1" 200 27
172.17.200.101 - - [17/Sep/2020:09:14:04 +0800] "GET /xingrg/all/function/internal_message.html?_=1600305246152&CODE_STATE=getMsg HTTP/1.1" 200 27
114.88.166.242 - - [17/Sep/2020:09:14:08 +0800] "GET /xingrg/kc/buy/cgsh_order_operate.html?command=get_materiel&rest_code=00111&code=00101015038&supplier_code=00100037&order_time=2020-09-17 HTTP/1.1" 200 418
58.37.9.106 - - [17/Sep/2020:09:14:09 +0800] "GET /xingrg/all/function/internal_message.html?_=1600305230784&CODE_STATE=getMsg HTTP/1.1" 200 27
114.82.29.189 - - [17/Sep/2020:09:14:11 +0800] "GET /xingrg/all/function/internal_message.html?_=1600305251033&CODE_STATE=getMsg HTTP/1.1" 200 27
116.238.71.173 - - [17/Sep/2020:09:14:13 +0800] "GET /xingrg/kc/base/yddb_order_list.html HTTP/1.1" 200 16949
116.238.71.173 - - [17/Sep/2020:09:14:13 +0800] "POST /xingrg/kc/base/yddb_list_operate.html HTTP/1.1" 200 636
172.17.0.108 - - [17/Sep/2020:09:14:14 +0800] "GET /xingrg/all/function/internal_message.html?_=1600305252583&CODE_STATE=getMsg HTTP/1.1" 200 27
116.238.71.173 - - [17/Sep/2020:09:14:16 +0800] "POST /xingrg/kc/base/yddb_list_operate.html HTTP/1.1" 200 636
116.238.71.173 - - [17/Sep/2020:09:14:20 +0800] "POST /xingrg/kc/base/yddb_list_operate.html HTTP/1.1" 200 4437
116.238.71.173 - - [17/Sep/2020:09:14:22 +0800] "POST /xingrg/kc/base/yddb_list_operate.html HTTP/1.1" 200 284
116.238.71.173 - - [17/Sep/2020:09:14:24 +0800] "GET /xingrg/kc/base/yddb_order_info.html?code=482020091600147 HTTP/1.1" 200 31199
116.238.71.173 - - [17/Sep/2020:09:14:24 +0800] "GET /xingrg/dwr/interface/AjaxComOrderService.js HTTP/1.1" 200 18264
116.238.71.173 - - [17/Sep/2020:09:14:24 +0800] "GET /xingrg/dwr/interface/AjaxYddbService.js HTTP/1.1" 200 13201
116.238.71.173 - - [17/Sep/2020:09:14:24 +0800] "GET /xingrg/dwr/engine.js HTTP/1.1" 200 43631
116.238.71.173 - - [17/Sep/2020:09:14:24 +0800] "POST /xingrg/dwr/call/plaincall/AjaxYddbService.loadMaterielItems.dwr HTTP/1.1" 200 719
114.88.166.242 - - [17/Sep/2020:09:14:25 +0800] "GET /xingrg/kc/buy/cgsh_order_operate.html?command=get_materiel&rest_code=00111&code=00101009013&supplier_code=00100037&order_time=2020-09-17 HTTP/1.1" 200 420
114.86.231.183 - - [17/Sep/2020:09:14:28 +0800] "GET /xingrg/all/function/internal_message.html?_=1600305308640&CODE_STATE=getMsg HTTP/1.1" 200 27
222.69.131.255 - - [17/Sep/2020:09:14:28 +0800] "GET /xingrg/all/function/internal_message.html?_=1600305261973&CODE_STATE=getMsg HTTP/1.1" 200 27
222.69.131.255 - - [17/Sep/2020:09:14:28 +0800] "GET /xingrg/check_reg.html?_=1600305261977 HTTP/1.1" 200 22
222.69.131.255 - - [17/Sep/2020:09:14:31 +0800] "GET /xingrg/kc/buy/cgsh_order_add.html HTTP/1.1" 200 59834
222.69.131.255 - - [17/Sep/2020:09:14:32 +0800] "POST /xingrg/kc/buy/cgsh_order_operate.html HTTP/1.1" 200 8245
222.69.131.255 - - [17/Sep/2020:09:14:32 +0800] "GET /xingrg/javascript/easyui/themes/default/validatebox.css HTTP/1.1" 404 1104
218.81.217.115 - - [17/Sep/2020:09:14:35 +0800] "GET /xingrg/check_reg.html?_=1600305282883 HTTP/1.1" 200 22
116.238.71.173 - - [17/Sep/2020:09:14:35 +0800] "GET /xingrg/all/function/internal_message.html?_=1600305274071&CODE_STATE=getMsg HTTP/1.1" 200 27
114.88.166.242 - - [17/Sep/2020:09:14:36 +0800] "GET /xingrg/kc/buy/cgsh_order_operate.html?command=get_materiel&rest_code=00111&code=00101009011&supplier_code=00100037&order_time=2020-09-17 HTTP/1.1" 200 416
114.88.166.242 - - [17/Sep/2020:09:14:37 +0800] "GET /xingrg/all/function/internal_message.html?_=1600305273468&CODE_STATE=getMsg HTTP/1.1" 200 27
116.238.71.173 - - [17/Sep/2020:09:14:39 +0800] "GET /xingrg/kc/base/yddb_order_report.html?fileType=servlets/html&code=482020091600147&reportName=ck_order_report&subName=yddb HTTP/1.1" 302 -
116.238.71.173 - - [17/Sep/2020:09:14:39 +0800] "GET /xingrg/servlets/image?image=px HTTP/1.1" 200 807
116.238.71.173 - - [17/Sep/2020:09:14:39 +0800] "GET /favicon.ico HTTP/1.1" 404 -
116.238.71.173 - - [17/Sep/2020:09:14:39 +0800] "GET /xingrg/servlets/html?sysBaseUrl=http%3A%2F%2F180.169.147.146%3A18081%2Fxingrg%2F&costTime=127×tamp=1600305279556 HTTP/1.1" 200 17520
114.82.29.189 - - [17/Sep/2020:09:14:41 +0800] "GET /xingrg/all/function/internal_message.html?_=1600305264571&CODE_STATE=getMsg HTTP/1.1" 200 27
222.69.131.255 - - [17/Sep/2020:09:14:43 +0800] "GET /xingrg/kc/buy/cgsh_order_operate.html?command=get_materiel&rest_code=00149&code=00101007083&supplier_code=00100205&order_time=2020-09-17 HTTP/1.1" 200 423
114.82.29.189 - - [17/Sep/2020:09:14:44 +0800] "GET /xingrg/kc/buy/cgsh_order_operate.html?command=get_materiel&rest_code=00105&code=00101008295&supplier_code=00100203&order_time=2020-09-17 HTTP/1.1" 200 412
116.230.74.197 - - [17/Sep/2020:09:14:49 +0800] "GET /xingrg/all/function/internal_message.html?_=1600305281845&CODE_STATE=getMsg HTTP/1.1" 200 27
117.131.5.26 - - [17/Sep/2020:09:14:50 +0800] "GET /xingrg/all/function/internal_message.html?_=1600305307958&CODE_STATE=getMsg HTTP/1.1" 200 27
116.230.74.197 - - [17/Sep/2020:09:14:50 +0800] "POST /xingrg/kc/buy/cgsh_order_operate.html HTTP/1.1" 200 12132
114.88.166.242 - - [17/Sep/2020:09:14:52 +0800] "GET /xingrg/kc/buy/cgsh_order_operate.html?command=get_materiel&rest_code=00111&code=00102014046&supplier_code=00100037&order_time=2020-09-17 HTTP/1.1" 200 409
222.69.131.255 - - [17/Sep/2020:09:14:53 +0800] "GET /xingrg/kc/buy/cgsh_order_operate.html?command=get_materiel&rest_code=00149&code=00101007081&supplier_code=00100205&order_time=2020-09-17 HTTP/1.1" 200 415
114.88.166.242 - - [17/Sep/2020:09:14:54 +0800] "GET /xingrg/all/function/internal_message.html?_=1600305359763&CODE_STATE=getMsg HTTP/1.1" 200 27
114.82.29.189 - - [17/Sep/2020:09:14:54 +0800] "GET /xingrg/kc/buy/cgsh_order_operate.html?command=get_materiel&rest_code=00105&code=00101008353&supplier_code=00100203&order_time=2020-09-17 HTTP/1.1" 200 408
116.238.71.173 - - [17/Sep/2020:09:15:00 +0800] "GET /xingrg/all/function/internal_message.html?_=1600305420113&CODE_STATE=getMsg HTTP/1.1" 200 27
101.89.19.197 - - [17/Sep/2020:09:15:00 +0800] "GET /xingrg/all/function/internal_message.html?_=1600304451059&CODE_STATE=getMsg HTTP/1.1" 302 -
222.69.131.255 - - [17/Sep/2020:09:15:01 +0800] "GET /xingrg/kc/buy/cgsh_order_operate.html?command=get_materiel&rest_code=00149&code=00101007049&supplier_code=00100205&order_time=2020-09-17 HTTP/1.1" 200 409
172.17.200.101 - - [17/Sep/2020:09:15:04 +0800] "GET /xingrg/check_reg.html?_=1600305306153 HTTP/1.1" 200 22
172.17.200.101 - - [17/Sep/2020:09:15:04 +0800] "GET /xingrg/all/function/internal_message.html?_=1600305306156&CODE_STATE=getMsg HTTP/1.1" 200 27
101.227.139.171 - - [17/Sep/2020:09:15:05 +0800] "GET /xingrg/check_reg.html?_=1600304477040 HTTP/1.1" 302 -
101.89.19.197 - - [17/Sep/2020:09:15:06 +0800] "GET /xingrg/login.html HTTP/1.1" 200 7641
222.69.131.255 - - [17/Sep/2020:09:15:07 +0800] "GET /xingrg/kc/buy/cgsh_order_operate.html?command=get_materiel&rest_code=00149&code=00101007048&supplier_code=00100205&order_time=2020-09-17 HTTP/1.1" 200 410
58.37.9.106 - - [17/Sep/2020:09:15:09 +0800] "GET /xingrg/all/function/internal_message.html?_=1600305290755&CODE_STATE=getMsg HTTP/1.1" 200 27
114.82.29.189 - - [17/Sep/2020:09:15:09 +0800] "GET /xingrg/kc/buy/cgsh_order_operate.html?command=get_materiel&rest_code=00105&code=00101015002&supplier_code=00100203&order_time=2020-09-17 HTTP/1.1" 200 412
114.82.29.189 - - [17/Sep/2020:09:15:11 +0800] "GET /xingrg/all/function/internal_message.html?_=1600305311033&CODE_STATE=getMsg HTTP/1.1" 200 27
114.88.166.242 - - [17/Sep/2020:09:15:11 +0800] "GET /xingrg/kc/buy/cgsh_order_operate.html?command=get_materiel&rest_code=00111&code=00101009112&supplier_code=00100037&order_time=2020-09-17 HTTP/1.1" 200 411
101.227.139.171 - - [17/Sep/2020:09:15:13 +0800] "GET /xingrg/login.html HTTP/1.1" 200 7641
172.17.0.108 - - [17/Sep/2020:09:15:14 +0800] "GET /xingrg/check_reg.html?_=1600305312614 HTTP/1.1" 200 22
172.17.0.108 - - [17/Sep/2020:09:15:14 +0800] "GET /xingrg/all/function/internal_message.html?_=1600305312612&CODE_STATE=getMsg HTTP/1.1" 200 27
222.69.131.255 - - [17/Sep/2020:09:15:15 +0800] "GET /xingrg/kc/buy/cgsh_order_operate.html?command=get_materiel&rest_code=00149&code=00101007023&supplier_code=00100205&order_time=2020-09-17 HTTP/1.1" 200 411
116.238.71.173 - - [17/Sep/2020:09:15:20 +0800] "POST /xingrg/all/user/operate.html HTTP/1.1" 200 36
116.238.71.173 - - [17/Sep/2020:09:15:20 +0800] "GET /xingrg/index.html?sysBaseUrl=http%3A%2F%2F180.169.147.146%3A18081%2Fxingrg%2F&costTime=39×tamp=1600217698156 HTTP/1.1" 200 17177
116.238.71.173 - - [17/Sep/2020:09:15:20 +0800] "GET /xingrg/javascript/jquery_easy_ui/themes/default/easyui.css HTTP/1.1" 304 -
116.238.71.173 - - [17/Sep/2020:09:15:20 +0800] "GET /xingrg/javascript/jquery_easy_ui/themes/icon.css HTTP/1.1" 304 -
116.238.71.173 - - [17/Sep/2020:09:15:20 +0800] "GET /xingrg/css/form.css HTTP/1.1" 304 -
116.238.71.173 - - [17/Sep/2020:09:15:20 +0800] "GET /xingrg/javascript/jquery-1.4.2.min.js HTTP/1.1" 304 -
116.238.71.173 - - [17/Sep/2020:09:15:20 +0800] "GET /xingrg/javascript/jquery_easy_ui/jquery.easyui.min.js HTTP/1.1" 304 -
116.238.71.173 - - [17/Sep/2020:09:15:20 +0800] "GET /xingrg/javascript/jquery_easy_ui/easyui-lang-zh_CN.js HTTP/1.1" 304 -
116.238.71.173 - - [17/Sep/2020:09:15:20 +0800] "GET /xingrg/javascript/jquery.form.js HTTP/1.1" 304 -
116.238.71.173 - - [17/Sep/2020:09:15:20 +0800] "GET /xingrg/javascript/jquery.utils.js HTTP/1.1" 304 -
116.238.71.173 - - [17/Sep/2020:09:15:20 +0800] "GET /xingrg/javascript/jquery.timers.js HTTP/1.1" 304 -
116.238.71.173 - - [17/Sep/2020:09:15:20 +0800] "GET /xingrg/images/blue/jxLogo.png HTTP/1.1" 304 -
116.238.71.173 - - [17/Sep/2020:09:15:20 +0800] "GET /xingrg/javascript/jquery_easy_ui/themes/icons/settle_new.png HTTP/1.1" 304 -
116.238.71.173 - - [17/Sep/2020:09:15:20 +0800] "GET /xingrg/images/blue/navBackgound.jpg HTTP/1.1" 304 -
116.238.71.173 - - [17/Sep/2020:09:15:21 +0800] "POST /xingrg/all/common/load_tree.html?tree=area_rest_tree_json&manage=1 HTTP/1.1" 200 476
116.238.71.173 - - [17/Sep/2020:09:15:21 +0800] "GET /xingrg/all/function/internal_message.html?_=1600305319389&CODE_STATE=count HTTP/1.1" 200 11
116.238.71.173 - - [17/Sep/2020:09:15:21 +0800] "GET /xingrg/check_reg.html?_=1600305319390 HTTP/1.1" 200 22
116.238.71.173 - - [17/Sep/2020:09:15:21 +0800] "GET /xingrg/images/blue/pingpu.png HTTP/1.1" 304 -
116.238.71.173 - - [17/Sep/2020:09:15:21 +0800] "GET /xingrg/javascript/jquery_easy_ui/themes/default/images/panel_tool_collapse.gif HTTP/1.1" 304 -
116.238.71.173 - - [17/Sep/2020:09:15:21 +0800] "GET /xingrg/javascript/jquery_easy_ui/themes/default/images/tabs_rightarrow.png HTTP/1.1" 304 -
116.238.71.173 - - [17/Sep/2020:09:15:21 +0800] "GET /xingrg/javascript/jquery_easy_ui/themes/default/images/tabs_leftarrow.png HTTP/1.1" 304 -
116.238.71.173 - - [17/Sep/2020:09:15:21 +0800] "POST /xingrg/load_menu.html HTTP/1.1" 200 5138
114.82.29.189 - - [17/Sep/2020:09:15:24 +0800] "GET /xingrg/kc/buy/cgsh_order_operate.html?command=get_materiel&rest_code=00105&code=00101008188&supplier_code=00100203&order_time=2020-09-17 HTTP/1.1" 200 412
114.86.231.183 - - [17/Sep/2020:09:15:27 +0800] "GET /xingrg/all/function/internal_message.html?_=1600305368640&CODE_STATE=getMsg HTTP/1.1" 200 27
116.238.71.173 - - [17/Sep/2020:09:15:27 +0800] "GET /xingrg/kc/base/yddb_order_list.html HTTP/1.1" 200 16947
116.238.71.173 - - [17/Sep/2020:09:15:27 +0800] "POST /xingrg/kc/base/yddb_list_operate.html HTTP/1.1" 200 636
114.82.29.189 - - [17/Sep/2020:09:15:27 +0800] "POST /xingrg/kc/buy/cgsh_order_operate.html HTTP/1.1" 200 2065
116.238.71.173 - - [17/Sep/2020:09:15:28 +0800] "GET /xingrg/kc/base/yddb_order_add.html HTTP/1.1" 200 29561
116.238.71.173 - - [17/Sep/2020:09:15:28 +0800] "GET /xingrg/dwr/interface/AjaxComOrderService.js HTTP/1.1" 200 18264
116.238.71.173 - - [17/Sep/2020:09:15:28 +0800] "GET /xingrg/dwr/interface/AjaxYddbService.js HTTP/1.1" 200 13201
222.69.131.255 - - [17/Sep/2020:09:15:28 +0800] "GET /xingrg/all/function/internal_message.html?_=1600305321977&CODE_STATE=getMsg HTTP/1.1" 200 27
116.238.71.173 - - [17/Sep/2020:09:15:28 +0800] "GET /xingrg/dwr/engine.js HTTP/1.1" 200 43631
114.82.29.189 - - [17/Sep/2020:09:15:30 +0800] "POST /xingrg/kc/buy/cgsh_order_operate.html HTTP/1.1" 200 2065
222.69.131.255 - - [17/Sep/2020:09:15:30 +0800] "GET /xingrg/kc/buy/cgsh_order_operate.html?command=get_materiel&rest_code=00149&code=00101007061&supplier_code=00100205&order_time=2020-09-17 HTTP/1.1" 200 409
116.238.71.173 - - [17/Sep/2020:09:15:31 +0800] "POST /xingrg/dwr/call/plaincall/AjaxYddbService.getRestBases.dwr HTTP/1.1" 200 824
114.88.166.242 - - [17/Sep/2020:09:15:34 +0800] "GET /xingrg/kc/buy/cgsh_order_operate.html?command=get_materiel&rest_code=00111&code=00101006055&supplier_code=00100037&order_time=2020-09-17 HTTP/1.1" 200 409
114.88.166.242 - - [17/Sep/2020:09:15:37 +0800] "GET /xingrg/all/function/internal_message.html?_=1600305333502&CODE_STATE=getMsg HTTP/1.1" 200 27
114.88.166.242 - - [17/Sep/2020:09:15:38 +0800] "POST /xingrg/kc/buy/cgsh_order_operate.html HTTP/1.1" 200 2065
116.238.71.173 - - [17/Sep/2020:09:15:39 +0800] "POST /xingrg/dwr/call/plaincall/AjaxYddbService.saveOrder.dwr HTTP/1.1" 200 78
116.238.71.173 - - [17/Sep/2020:09:15:40 +0800] "GET /xingrg/images/yd/bt.gif HTTP/1.1" 404 1040
114.82.29.189 - - [17/Sep/2020:09:15:41 +0800] "GET /xingrg/kc/buy/cgsh_order_operate.html?command=get_materiel&rest_code=00105&code=00101008305&supplier_code=00100203&order_time=2020-09-17 HTTP/1.1" 200 412
114.82.29.189 - - [17/Sep/2020:09:15:41 +0800] "GET /xingrg/all/function/internal_message.html?_=1600305324571&CODE_STATE=getMsg HTTP/1.1" 200 27
114.82.29.189 - - [17/Sep/2020:09:15:41 +0800] "GET /xingrg/check_reg.html?_=1600305324574 HTTP/1.1" 200 22
116.238.71.173 - - [17/Sep/2020:09:15:42 +0800] "GET /xingrg/check_reg.html?_=1600305462624 HTTP/1.1" 200 22
114.88.166.242 - - [17/Sep/2020:09:15:43 +0800] "GET /xingrg/kc/buy/cgsh_order_operate.html?command=get_materiel&rest_code=00111&code=00101013011&supplier_code=00100037&order_time=2020-09-17 HTTP/1.1" 200 450
116.238.71.173 - - [17/Sep/2020:09:15:43 +0800] "POST /xingrg/dwr/call/plaincall/AjaxComOrderService.getMaterielSearchList.dwr HTTP/1.1" 200 581
222.69.131.255 - - [17/Sep/2020:09:15:47 +0800] "POST /xingrg/kc/buy/cgsh_order_operate.html HTTP/1.1" 200 37
222.69.131.255 - - [17/Sep/2020:09:15:49 +0800] "POST /xingrg/kc/buy/cgsh_order_operate.html HTTP/1.1" 200 12
116.238.71.173 - - [17/Sep/2020:09:15:49 +0800] "POST /xingrg/dwr/call/plaincall/AjaxYddbService.getMaterielByMap.dwr HTTP/1.1" 200 2330
116.230.74.197 - - [17/Sep/2020:09:15:49 +0800] "GET /xingrg/all/function/internal_message.html?_=1600305341822&CODE_STATE=getMsg HTTP/1.1" 200 27
114.82.29.189 - - [17/Sep/2020:09:15:49 +0800] "GET /xingrg/kc/buy/cgsh_order_operate.html?command=get_materiel&rest_code=00105&code=00101008276&supplier_code=00100203&order_time=2020-09-17 HTTP/1.1" 200 412
117.131.5.26 - - [17/Sep/2020:09:15:50 +0800] "GET /xingrg/all/function/internal_message.html?_=1600305367957&CODE_STATE=getMsg HTTP/1.1" 200 27
222.69.131.255 - - [17/Sep/2020:09:15:50 +0800] "GET /xingrg/kc/buy/cgsh_order_info.html?code=212020091707071 HTTP/1.1" 200 54735
222.69.131.255 - - [17/Sep/2020:09:15:50 +0800] "GET /xingrg/javascript/easyui/themes/default/validatebox.css HTTP/1.1" 404 1104
222.69.131.255 - - [17/Sep/2020:09:15:50 +0800] "POST /xingrg/kc/buy/cgsh_order_operate.html HTTP/1.1" 200 3562
222.69.131.255 - - [17/Sep/2020:09:15:52 +0800] "GET /xingrg/kc/print/load_data.html?order_code=212020091707071&kc_code=cgsh&condition= HTTP/1.1" 200 1822
114.88.166.242 - - [17/Sep/2020:09:15:54 +0800] "GET /xingrg/all/function/internal_message.html?_=1600305419803&CODE_STATE=getMsg HTTP/1.1" 200 27
114.88.166.242 - - [17/Sep/2020:09:15:54 +0800] "POST /xingrg/kc/buy/cgsh_order_operate.html HTTP/1.1" 200 37
114.88.166.242 - - [17/Sep/2020:09:15:55 +0800] "POST /xingrg/kc/buy/cgsh_order_operate.html HTTP/1.1" 200 13939
222.69.131.255 - - [17/Sep/2020:09:15:58 +0800] "GET /xingrg/kc/buy/cgsh_order_add.html HTTP/1.1" 200 59834
222.69.131.255 - - [17/Sep/2020:09:15:59 +0800] "POST /xingrg/kc/buy/cgsh_order_operate.html HTTP/1.1" 200 8245
222.69.131.255 - - [17/Sep/2020:09:15:59 +0800] "GET /xingrg/javascript/easyui/themes/default/validatebox.css HTTP/1.1" 404 1104
116.238.71.173 - - [17/Sep/2020:09:16:00 +0800] "GET /xingrg/all/function/internal_message.html?_=1600305480123&CODE_STATE=getMsg HTTP/1.1" 200 27
172.17.200.101 - - [17/Sep/2020:09:16:04 +0800] "GET /xingrg/all/function/internal_message.html?_=1600305366150&CODE_STATE=getMsg HTTP/1.1" 200 27
114.88.166.242 - - [17/Sep/2020:09:16:05 +0800] "GET /xingrg/check_reg.html?_=1600305361648 HTTP/1.1" 200 22
222.69.131.255 - - [17/Sep/2020:09:16:06 +0800] "GET /xingrg/kc/buy/cgsh_order_operate.html?command=get_materiel&rest_code=00149&code=00101009109&supplier_code=00100201&order_time=2020-09-17 HTTP/1.1" 200 399
58.37.9.106 - - [17/Sep/2020:09:16:09 +0800] "GET /xingrg/all/function/internal_message.html?_=1600305350730&CODE_STATE=getMsg HTTP/1.1" 200 27
114.82.29.189 - - [17/Sep/2020:09:16:11 +0800] "GET /xingrg/all/function/internal_message.html?_=1600305371043&CODE_STATE=getMsg HTTP/1.1" 200 27
172.17.0.108 - - [17/Sep/2020:09:16:14 +0800] "GET /xingrg/all/function/internal_message.html?_=1600305372617&CODE_STATE=getMsg HTTP/1.1" 200 27
222.69.131.255 - - [17/Sep/2020:09:16:18 +0800] "GET /xingrg/kc/buy/cgsh_order_operate.html?command=get_materiel&rest_code=00149&code=00101009062&supplier_code=00100201&order_time=2020-09-17 HTTP/1.1" 200 433
116.238.71.173 - - [17/Sep/2020:09:16:21 +0800] "GET /xingrg/all/function/internal_message.html?_=1600305379450&CODE_STATE=getMsg HTTP/1.1" 200 27
222.69.131.255 - - [17/Sep/2020:09:16:26 +0800] "GET /xingrg/kc/buy/cgsh_order_operate.html?command=get_materiel&rest_code=00149&code=00101009011&supplier_code=00100201&order_time=2020-09-17 HTTP/1.1" 200 416
114.86.231.183 - - [17/Sep/2020:09:16:26 +0800] "GET /xingrg/all/function/internal_message.html?_=1600305428640&CODE_STATE=getMsg HTTP/1.1" 200 27
116.238.216.197 - - [17/Sep/2020:09:16:26 +0800] "GET /xingrg/javascript/jquery_easy_ui/themes/default/images/tabs_close.gif HTTP/1.1" 304 -
116.238.216.197 - - [17/Sep/2020:09:16:26 +0800] "GET /xingrg/css/base.css HTTP/1.1" 304 -
116.238.216.197 - - [17/Sep/2020:09:16:26 +0800] "GET /xingrg/javascript/jquery_tools/datebox.css HTTP/1.1" 304 -
116.238.216.197 - - [17/Sep/2020:09:16:26 +0800] "GET /xingrg/javascript/easyui/themes/default/easyui.css HTTP/1.1" 304 -
116.238.216.197 - - [17/Sep/2020:09:16:26 +0800] "GET /xingrg/css/site.css HTTP/1.1" 304 -
116.238.216.197 - - [17/Sep/2020:09:16:26 +0800] "GET /xingrg/javascript/jquery_tools/fix.css HTTP/1.1" 304 -
116.238.216.197 - - [17/Sep/2020:09:16:26 +0800] "GET /xingrg/javascript/auto/jquery.autocomplete.css HTTP/1.1" 304 -
116.238.216.197 - - [17/Sep/2020:09:16:26 +0800] "GET /xingrg/javascript/easyui/themes/icon.css HTTP/1.1" 304 -
116.238.216.197 - - [17/Sep/2020:09:16:26 +0800] "GET /xingrg/javascript/jquery_tools/jquery.tools.min.js HTTP/1.1" 304 -
116.238.216.197 - - [17/Sep/2020:09:16:26 +0800] "GET /xingrg/javascript/jquery_tools/table.css HTTP/1.1" 304 -
116.238.216.197 - - [17/Sep/2020:09:16:26 +0800] "GET /xingrg/javascript/jquery_tools/jquery.tools.extend.js HTTP/1.1" 304 -
116.238.216.197 - - [17/Sep/2020:09:16:26 +0800] "GET /xingrg/javascript/jquery_tools/jquery.tools.hotkey.js HTTP/1.1" 304 -
116.238.216.197 - - [17/Sep/2020:09:16:26 +0800] "GET /xingrg/javascript/jquery_tools/jquery.tools.table.js HTTP/1.1" 304 -
116.238.216.197 - - [17/Sep/2020:09:16:26 +0800] "GET /xingrg/javascript/auto/jquery.autocomplete.js HTTP/1.1" 304 -
116.238.216.197 - - [17/Sep/2020:09:16:26 +0800] "GET /xingrg/javascript/jquery.cookie.js HTTP/1.1" 304 -
116.238.216.197 - - [17/Sep/2020:09:16:26 +0800] "GET /xingrg/javascript/easyui/easyloader.js HTTP/1.1" 304 -
116.238.216.197 - - [17/Sep/2020:09:16:26 +0800] "GET /xingrg/javascript/jquery_tools/list_manager.js HTTP/1.1" 304 -
116.238.216.197 - - [17/Sep/2020:09:16:26 +0800] "GET /xingrg/javascript/print/LodopFuncs.js HTTP/1.1" 304 -
116.238.216.197 - - [17/Sep/2020:09:16:26 +0800] "GET /xingrg/kc/buy/cgsh_order_list.html HTTP/1.1" 200 44043
116.238.216.197 - - [17/Sep/2020:09:16:27 +0800] "GET /xingrg/javascript/easyui/themes/icons/cance_new.png HTTP/1.1" 304 -
116.238.216.197 - - [17/Sep/2020:09:16:27 +0800] "GET /xingrg/javascript/easyui/themes/icons/edit_add_new.png HTTP/1.1" 304 -
116.238.216.197 - - [17/Sep/2020:09:16:27 +0800] "GET /xingrg/javascript/easyui/themes/icons/check_new.png HTTP/1.1" 304 -
116.238.216.197 - - [17/Sep/2020:09:16:27 +0800] "GET /xingrg/javascript/easyui/themes/icons/field_new.png HTTP/1.1" 304 -
116.238.216.197 - - [17/Sep/2020:09:16:27 +0800] "GET /xingrg/javascript/easyui/themes/icons/import_new.png HTTP/1.1" 304 -
116.238.216.197 - - [17/Sep/2020:09:16:27 +0800] "GET /xingrg/javascript/jquery_easy_ui/themes/icons/rest.png HTTP/1.1" 304 -
116.238.216.197 - - [17/Sep/2020:09:16:27 +0800] "GET /xingrg/javascript/jquery_easy_ui/themes/icons/area.png HTTP/1.1" 304 -
116.238.216.197 - - [17/Sep/2020:09:16:27 +0800] "GET /xingrg/javascript/easyui/plugins/jquery.parser.js HTTP/1.1" 304 -
116.238.216.197 - - [17/Sep/2020:09:16:27 +0800] "GET /xingrg/images/control/ajaxLoader.gif HTTP/1.1" 304 -
116.238.216.197 - - [17/Sep/2020:09:16:27 +0800] "POST /xingrg/kc/buy/cgsh_list_operate.html HTTP/1.1" 200 876
222.69.131.255 - - [17/Sep/2020:09:16:28 +0800] "GET /xingrg/all/function/internal_message.html?_=1600305381973&CODE_STATE=getMsg HTTP/1.1" 200 27
222.69.131.255 - - [17/Sep/2020:09:16:33 +0800] "GET /xingrg/kc/buy/cgsh_order_operate.html?command=get_materiel&rest_code=00149&code=00101009059&supplier_code=00100201&order_time=2020-09-17 HTTP/1.1" 200 409
58.37.9.106 - - [17/Sep/2020:09:16:35 +0800] "GET /xingrg/check_reg.html?_=1600305376997 HTTP/1.1" 200 22
114.88.166.242 - - [17/Sep/2020:09:16:37 +0800] "GET /xingrg/all/function/internal_message.html?_=1600305393511&CODE_STATE=getMsg HTTP/1.1" 200 27
116.238.71.173 - - [17/Sep/2020:09:16:40 +0800] "POST /xingrg/dwr/call/plaincall/AjaxYddbService.saveMaterielItem.dwr HTTP/1.1" 200 78
114.82.29.189 - - [17/Sep/2020:09:16:41 +0800] "GET /xingrg/all/function/internal_message.html?_=1600305384574&CODE_STATE=getMsg HTTP/1.1" 200 27
116.230.74.197 - - [17/Sep/2020:09:16:46 +0800] "GET /xingrg/kc/buy/cgsh_order_operate.html?command=get_materiel&rest_code=00107&code=00101008353&supplier_code=00100006&order_time=2020-09-17 HTTP/1.1" 200 408
116.230.74.197 - - [17/Sep/2020:09:16:49 +0800] "GET /xingrg/all/function/internal_message.html?_=1600305401806&CODE_STATE=getMsg HTTP/1.1" 200 27
117.131.5.26 - - [17/Sep/2020:09:16:50 +0800] "GET /xingrg/all/function/internal_message.html?_=1600305427956&CODE_STATE=getMsg HTTP/1.1" 200 27
117.131.5.26 - - [17/Sep/2020:09:16:50 +0800] "GET /xingrg/check_reg.html?_=1600305427957 HTTP/1.1" 200 22
114.88.166.242 - - [17/Sep/2020:09:16:54 +0800] "GET /xingrg/all/function/internal_message.html?_=1600305479803&CODE_STATE=getMsg HTTP/1.1" 200 27
116.230.74.197 - - [17/Sep/2020:09:16:55 +0800] "GET /xingrg/kc/buy/cgsh_order_operate.html?command=get_materiel&rest_code=00107&code=00101008264&supplier_code=00100006&order_time=2020-09-17 HTTP/1.1" 200 412
116.238.71.173 - - [17/Sep/2020:09:17:00 +0800] "GET /xingrg/all/function/internal_message.html?_=1600305540136&CODE_STATE=getMsg HTTP/1.1" 200 27
172.17.200.101 - - [17/Sep/2020:09:17:04 +0800] "GET /xingrg/all/function/internal_message.html?_=1600305426152&CODE_STATE=getMsg HTTP/1.1" 200 27
116.238.71.173 - - [17/Sep/2020:09:17:05 +0800] "POST /xingrg/dwr/call/plaincall/AjaxYddbService.checkOrder.dwr HTTP/1.1" 200 78
116.238.71.173 - - [17/Sep/2020:09:17:06 +0800] "GET /xingrg/kc/base/yddb_order_info.html?code=482020091700149 HTTP/1.1" 200 28902
116.238.71.173 - - [17/Sep/2020:09:17:07 +0800] "GET /xingrg/dwr/interface/AjaxComOrderService.js HTTP/1.1" 200 18264
116.238.71.173 - - [17/Sep/2020:09:17:07 +0800] "GET /xingrg/dwr/interface/AjaxYddbService.js HTTP/1.1" 200 13201
116.238.71.173 - - [17/Sep/2020:09:17:07 +0800] "GET /xingrg/dwr/engine.js HTTP/1.1" 200 43631
116.238.71.173 - - [17/Sep/2020:09:17:07 +0800] "POST /xingrg/dwr/call/plaincall/AjaxYddbService.loadMaterielItems.dwr HTTP/1.1" 200 439
58.37.9.106 - - [17/Sep/2020:09:17:08 +0800] "GET /xingrg/all/function/internal_message.html?_=1600305410712&CODE_STATE=getMsg HTTP/1.1" 200 27
114.88.166.242 - - [17/Sep/2020:09:17:10 +0800] "POST /xingrg/kc/buy/cgsh_order_operate.html HTTP/1.1" 200 37
116.238.71.173 - - [17/Sep/2020:09:17:10 +0800] "POST /xingrg/all/user/operate.html HTTP/1.1" 200 36
116.238.71.173 - - [17/Sep/2020:09:17:10 +0800] "GET /xingrg/index.html?sysBaseUrl=http%3A%2F%2F180.169.147.146%3A18081%2Fxingrg%2F&costTime=39×tamp=1600217698156 HTTP/1.1" 200 17179
116.238.71.173 - - [17/Sep/2020:09:17:10 +0800] "GET /xingrg/javascript/jquery_easy_ui/themes/default/easyui.css HTTP/1.1" 304 -
116.238.71.173 - - [17/Sep/2020:09:17:10 +0800] "GET /xingrg/javascript/jquery_easy_ui/themes/icon.css HTTP/1.1" 304 -
116.238.71.173 - - [17/Sep/2020:09:17:10 +0800] "GET /xingrg/css/form.css HTTP/1.1" 304 -
116.238.71.173 - - [17/Sep/2020:09:17:10 +0800] "GET /xingrg/javascript/jquery-1.4.2.min.js HTTP/1.1" 304 -
116.238.71.173 - - [17/Sep/2020:09:17:11 +0800] "GET /xingrg/javascript/jquery_easy_ui/jquery.easyui.min.js HTTP/1.1" 304 -
114.82.29.189 - - [17/Sep/2020:09:17:11 +0800] "GET /xingrg/all/function/internal_message.html?_=1600305431035&CODE_STATE=getMsg HTTP/1.1" 200 27
116.238.71.173 - - [17/Sep/2020:09:17:11 +0800] "GET /xingrg/javascript/jquery_easy_ui/easyui-lang-zh_CN.js HTTP/1.1" 304 -
116.238.71.173 - - [17/Sep/2020:09:17:11 +0800] "GET /xingrg/javascript/jquery.form.js HTTP/1.1" 304 -
116.238.71.173 - - [17/Sep/2020:09:17:11 +0800] "GET /xingrg/javascript/jquery.utils.js HTTP/1.1" 304 -
116.238.71.173 - - [17/Sep/2020:09:17:11 +0800] "GET /xingrg/javascript/jquery.timers.js HTTP/1.1" 304 -
116.238.71.173 - - [17/Sep/2020:09:17:11 +0800] "GET /xingrg/images/blue/jxLogo.png HTTP/1.1" 304 -
116.238.71.173 - - [17/Sep/2020:09:17:11 +0800] "GET /xingrg/images/blue/navBackgound.jpg HTTP/1.1" 304 -
116.238.71.173 - - [17/Sep/2020:09:17:11 +0800] "GET /xingrg/javascript/jquery_easy_ui/themes/icons/settle_new.png HTTP/1.1" 304 -
114.88.166.242 - - [17/Sep/2020:09:17:11 +0800] "POST /xingrg/kc/buy/cgsh_order_operate.html HTTP/1.1" 200 13939
116.238.71.173 - - [17/Sep/2020:09:17:11 +0800] "POST /xingrg/all/common/load_tree.html?tree=area_rest_tree_json&manage=1 HTTP/1.1" 200 476
116.238.71.173 - - [17/Sep/2020:09:17:11 +0800] "GET /xingrg/all/function/internal_message.html?_=1600305429659&CODE_STATE=count HTTP/1.1" 200 11
116.238.71.173 - - [17/Sep/2020:09:17:11 +0800] "GET /xingrg/check_reg.html?_=1600305429661 HTTP/1.1" 200 22
116.238.71.173 - - [17/Sep/2020:09:17:11 +0800] "POST /xingrg/load_menu.html HTTP/1.1" 200 5138
116.230.74.197 - - [17/Sep/2020:09:17:11 +0800] "GET /xingrg/kc/buy/cgsh_order_operate.html?command=get_materiel&rest_code=00107&code=00101008085&supplier_code=00100006&order_time=2020-09-17 HTTP/1.1" 200 412
114.88.166.242 - - [17/Sep/2020:09:17:12 +0800] "GET /xingrg/kc/report/report_main.html HTTP/1.1" 200 7345
114.88.166.242 - - [17/Sep/2020:09:17:14 +0800] "GET /xingrg/kc/base/kc_stocks.html HTTP/1.1" 200 16329
114.88.166.242 - - [17/Sep/2020:09:17:14 +0800] "GET /xingrg/all/common/auto_word.html?type=base&rest_code=00111 HTTP/1.1" 200 1753
114.88.166.242 - - [17/Sep/2020:09:17:14 +0800] "GET /xingrg/javascript/easyui/themes/default/tree.css HTTP/1.1" 404 1090
114.88.166.242 - - [17/Sep/2020:09:17:14 +0800] "POST /xingrg/all/common/load_tree.html?tree=materiel_sort_tree_json HTTP/1.1" 200 8666
114.88.166.242 - - [17/Sep/2020:09:17:14 +0800] "POST /xingrg/all/common/load_tree.html?tree=materiel_sort_tree_json HTTP/1.1" 200 8666
172.17.0.108 - - [17/Sep/2020:09:17:14 +0800] "GET /xingrg/all/function/internal_message.html?_=1600305432615&CODE_STATE=getMsg HTTP/1.1" 200 27
116.238.71.173 - - [17/Sep/2020:09:17:15 +0800] "GET /xingrg/kc/base/yddb_order_list.html HTTP/1.1" 200 16949
114.82.29.189 - - [17/Sep/2020:09:17:15 +0800] "GET /xingrg/kc/buy/cgsh_order_operate.html?command=get_materiel&rest_code=00105&code=00101007014&supplier_code=00100203&order_time=2020-09-17 HTTP/1.1" 200 420
116.238.71.173 - - [17/Sep/2020:09:17:15 +0800] "POST /xingrg/kc/base/yddb_list_operate.html HTTP/1.1" 200 636
116.238.71.173 - - [17/Sep/2020:09:17:18 +0800] "POST /xingrg/kc/base/yddb_list_operate.html HTTP/1.1" 200 1349
116.238.71.173 - - [17/Sep/2020:09:17:18 +0800] "POST /xingrg/kc/base/yddb_list_operate.html HTTP/1.1" 200 214
116.238.71.173 - - [17/Sep/2020:09:17:19 +0800] "GET /xingrg/kc/base/yddb_order_info.html?code=482020091700149 HTTP/1.1" 200 30756
116.238.71.173 - - [17/Sep/2020:09:17:19 +0800] "GET /xingrg/dwr/interface/AjaxYddbService.js HTTP/1.1" 200 13201
116.238.71.173 - - [17/Sep/2020:09:17:19 +0800] "GET /xingrg/dwr/interface/AjaxComOrderService.js HTTP/1.1" 200 18264
116.238.71.173 - - [17/Sep/2020:09:17:19 +0800] "GET /xingrg/dwr/engine.js HTTP/1.1" 200 43631
116.238.71.173 - - [17/Sep/2020:09:17:19 +0800] "POST /xingrg/dwr/call/plaincall/AjaxYddbService.loadMaterielItems.dwr HTTP/1.1" 200 439
114.88.166.242 - - [17/Sep/2020:09:17:19 +0800] "POST /xingrg/kc/base/stock_operate.html HTTP/1.1" 200 1452
114.88.166.242 - - [17/Sep/2020:09:17:21 +0800] "GET /xingrg/kc/base/stock_detail.html?m=00101005004 HTTP/1.1" 200 7275
116.230.74.197 - - [17/Sep/2020:09:17:21 +0800] "GET /xingrg/kc/buy/cgsh_order_operate.html?command=get_materiel&rest_code=00107&code=00101008125&supplier_code=00100006&order_time=2020-09-17 HTTP/1.1" 200 413
114.88.166.242 - - [17/Sep/2020:09:17:21 +0800] "GET /xingrg/javascript/jquery_easy_ui/themes/default/images/menu_downarrow.png HTTP/1.1" 200 173
114.88.166.242 - - [17/Sep/2020:09:17:21 +0800] "GET /xingrg/javascript/jquery_easy_ui/themes/default/images/button_a_bg.gif HTTP/1.1" 200 1194
114.88.166.242 - - [17/Sep/2020:09:17:21 +0800] "GET /xingrg/javascript/jquery_easy_ui/themes/default/images/button_span_bg.gif HTTP/1.1" 200 2061
114.88.166.242 - - [17/Sep/2020:09:17:21 +0800] "GET /xingrg/javascript/jquery_easy_ui/themes/icons/search.png HTTP/1.1" 200 813
114.88.166.242 - - [17/Sep/2020:09:17:21 +0800] "GET /xingrg/javascript/jquery_easy_ui/themes/default/images/calendar_nextmonth.gif HTTP/1.1" 200 64
114.88.166.242 - - [17/Sep/2020:09:17:21 +0800] "GET /xingrg/javascript/jquery_easy_ui/themes/icons/print.png HTTP/1.1" 200 1057
114.88.166.242 - - [17/Sep/2020:09:17:21 +0800] "GET /xingrg/javascript/jquery_easy_ui/themes/default/images/menu.gif HTTP/1.1" 200 834
114.88.166.242 - - [17/Sep/2020:09:17:21 +0800] "GET /xingrg/javascript/jquery_easy_ui/themes/default/images/calendar_prevmonth.gif HTTP/1.1" 200 66
114.88.166.242 - - [17/Sep/2020:09:17:21 +0800] "GET /xingrg/javascript/jquery_easy_ui/themes/default/images/calendar_prevyear.gif HTTP/1.1" 200 76
114.88.166.242 - - [17/Sep/2020:09:17:21 +0800] "GET /xingrg/javascript/jquery_easy_ui/themes/default/images/calendar_nextyear.gif HTTP/1.1" 200 75
114.88.166.242 - - [17/Sep/2020:09:17:22 +0800] "GET /xingrg/kc/base/stock_operate.html?_=1600305507804&command=get_report_file&start_day=20200901 HTTP/1.1" 200 53
114.88.166.242 - - [17/Sep/2020:09:17:22 +0800] "GET /xingrg/javascript/bigrid/fix.css HTTP/1.1" 200 1702
114.88.166.242 - - [17/Sep/2020:09:17:22 +0800] "GET /xingrg/javascript/multi_select/jqueryMultiSelect.css HTTP/1.1" 200 951
114.88.166.242 - - [17/Sep/2020:09:17:22 +0800] "GET /xingrg/javascript/calendar/timePicker.css HTTP/1.1" 200 523
114.88.166.242 - - [17/Sep/2020:09:17:22 +0800] "GET /xingrg/dwr/interface/AjaxReportQueryService.js HTTP/1.1" 200 13203
114.88.166.242 - - [17/Sep/2020:09:17:22 +0800] "GET /xingrg/all/report/report_query.html?isQuery=1&onlyBody=1&rh=2000&fileName=kc/base/kc_stock_detail_new.xml&queryString=(1=1)&queryText=&tableQueryString=init_table$sp1$$sp$crk_table$sp1$order_day%20between%2020200901%20and%2020200930&varString=start_day:20200901,materiel_code:00101005004,cost_id:2823,end_date:20200831 HTTP/1.1" 200 48701
114.88.166.242 - - [17/Sep/2020:09:17:22 +0800] "GET /xingrg/javascript/bigrid/fix.js HTTP/1.1" 200 6439
114.88.166.242 - - [17/Sep/2020:09:17:22 +0800] "GET /xingrg/javascript/calendar/jquery.timePicker.min.js HTTP/1.1" 200 2997
114.88.166.242 - - [17/Sep/2020:09:17:22 +0800] "GET /xingrg/javascript/jqueryMultiSelect.js HTTP/1.1" 200 11866
114.88.166.242 - - [17/Sep/2020:09:17:22 +0800] "GET /xingrg/dwr/engine.js HTTP/1.1" 200 43631
114.88.166.242 - - [17/Sep/2020:09:17:22 +0800] "GET /xingrg/dwr/util.js HTTP/1.1" 200 35990
114.88.166.242 - - [17/Sep/2020:09:17:22 +0800] "GET /xingrg/javascript/Calendar.js HTTP/1.1" 200 31561
114.88.166.242 - - [17/Sep/2020:09:17:22 +0800] "GET /xingrg/images/blue/button/advanceover.gif HTTP/1.1" 200 1347
114.88.166.242 - - [17/Sep/2020:09:17:22 +0800] "GET /xingrg/images/blue/button/advance2over.gif HTTP/1.1" 200 1336
114.88.166.242 - - [17/Sep/2020:09:17:22 +0800] "GET /xingrg/images/blue/button/back2over.gif HTTP/1.1" 200 1335
114.88.166.242 - - [17/Sep/2020:09:17:22 +0800] "GET /xingrg/images/blue/button/backover.gif HTTP/1.1" 200 1348
114.88.166.242 - - [17/Sep/2020:09:17:22 +0800] "GET /xingrg/images/control/loading.gif HTTP/1.1" 200 13463
114.88.166.242 - - [17/Sep/2020:09:17:22 +0800] "GET /xingrg/javascript/jquery_easy_ui/themes/icons/help.png HTTP/1.1" 200 1187
114.88.166.242 - - [17/Sep/2020:09:17:23 +0800] "POST /xingrg/all/report/load_report_page.html HTTP/1.1" 200 74032
114.88.166.242 - - [17/Sep/2020:09:17:23 +0800] "GET /xingrg/servlets/image?cache=0.6291524250419273&image=px HTTP/1.1" 200 807
114.82.29.189 - - [17/Sep/2020:09:17:23 +0800] "GET /xingrg/kc/buy/cgsh_order_operate.html?command=get_materiel&rest_code=00105&code=00101008041&supplier_code=00100203&order_time=2020-09-17 HTTP/1.1" 200 427
116.238.71.173 - - [17/Sep/2020:09:17:24 +0800] "POST /xingrg/dwr/call/plaincall/AjaxYddbService.saveOrder.dwr HTTP/1.1" 200 78
116.230.74.197 - - [17/Sep/2020:09:17:25 +0800] "POST /xingrg/kc/buy/cgsh_order_operate.html HTTP/1.1" 200 2065
114.86.231.183 - - [17/Sep/2020:09:17:25 +0800] "GET /xingrg/all/function/internal_message.html?_=1600305488640&CODE_STATE=getMsg HTTP/1.1" 200 27
116.238.216.197 - - [17/Sep/2020:09:17:27 +0800] "GET /xingrg/javascript/easyui/themes/default/images/button_plain_hover.png HTTP/1.1" 304 -
116.238.71.173 - - [17/Sep/2020:09:17:27 +0800] "POST /xingrg/dwr/call/plaincall/AjaxYddbService.objCheckOrder.dwr HTTP/1.1" 200 78
116.238.216.197 - - [17/Sep/2020:09:17:27 +0800] "GET /xingrg/javascript/jquery_tools/order_manager.js HTTP/1.1" 304 -
116.238.216.197 - - [17/Sep/2020:09:17:27 +0800] "GET /xingrg/javascript/pic_change.js HTTP/1.1" 304 -
116.238.216.197 - - [17/Sep/2020:09:17:27 +0800] "GET /xingrg/javascript/json2.js HTTP/1.1" 304 -
116.238.216.197 - - [17/Sep/2020:09:17:27 +0800] "GET /xingrg/javascript/convert.js HTTP/1.1" 304 -
116.238.216.197 - - [17/Sep/2020:09:17:27 +0800] "GET /xingrg/javascript/print/kc_print.js HTTP/1.1" 304 -
116.238.216.197 - - [17/Sep/2020:09:17:27 +0800] "GET /xingrg/kc/buy/cgsh_order_add.html HTTP/1.1" 200 59693
116.238.216.197 - - [17/Sep/2020:09:17:27 +0800] "GET /xingrg/words/20200916143002_words.js HTTP/1.1" 304 -
116.238.216.197 - - [17/Sep/2020:09:17:28 +0800] "GET /xingrg/javascript/easyui/themes/icons/copy_new.png HTTP/1.1" 304 -
116.238.216.197 - - [17/Sep/2020:09:17:28 +0800] "GET /xingrg/javascript/easyui/themes/icons/template_new.png HTTP/1.1" 304 -
116.238.216.197 - - [17/Sep/2020:09:17:28 +0800] "GET /xingrg/javascript/easyui/themes/icons/ok.png HTTP/1.1" 304 -
116.238.216.197 - - [17/Sep/2020:09:17:28 +0800] "GET /xingrg/javascript/easyui/themes/icons/print.png HTTP/1.1" 304 -
116.238.216.197 - - [17/Sep/2020:09:17:28 +0800] "GET /xingrg/javascript/easyui/themes/default/images/menu_downarrow.png HTTP/1.1" 304 -
116.238.216.197 - - [17/Sep/2020:09:17:28 +0800] "GET /xingrg/javascript/easyui/themes/icons/cancel.png HTTP/1.1" 304 -
116.238.216.197 - - [17/Sep/2020:09:17:28 +0800] "POST /xingrg/kc/buy/cgsh_order_operate.html HTTP/1.1" 200 8245
116.238.216.197 - - [17/Sep/2020:09:17:28 +0800] "GET /xingrg/javascript/easyui/themes/icons/edit_remove.png HTTP/1.1" 304 -
116.238.216.197 - - [17/Sep/2020:09:17:28 +0800] "GET /xingrg/all/common/auto_word.html?type=employee&rest_code=00102 HTTP/1.1" 200 189
116.238.216.197 - - [17/Sep/2020:09:17:28 +0800] "GET /xingrg/all/common/auto_word.html?type=employee&rest_code=00102 HTTP/1.1" 200 189
116.238.71.173 - - [17/Sep/2020:09:17:28 +0800] "GET /xingrg/kc/base/yddb_order_info.html?code=482020091700149 HTTP/1.1" 200 30877
116.238.71.173 - - [17/Sep/2020:09:17:28 +0800] "GET /xingrg/dwr/interface/AjaxYddbService.js HTTP/1.1" 200 13201
116.238.71.173 - - [17/Sep/2020:09:17:28 +0800] "GET /xingrg/dwr/interface/AjaxComOrderService.js HTTP/1.1" 200 18264
116.238.71.173 - - [17/Sep/2020:09:17:28 +0800] "GET /xingrg/dwr/engine.js HTTP/1.1" 200 43631
116.238.216.197 - - [17/Sep/2020:09:17:28 +0800] "GET /xingrg/javascript/easyui/themes/default/validatebox.css HTTP/1.1" 404 1104
116.238.216.197 - - [17/Sep/2020:09:17:28 +0800] "GET /xingrg/javascript/easyui/plugins/jquery.validatebox.js HTTP/1.1" 304 -
116.238.216.197 - - [17/Sep/2020:09:17:28 +0800] "GET /xingrg/javascript/easyui/plugins/jquery.numberbox.js HTTP/1.1" 304 -
116.238.71.173 - - [17/Sep/2020:09:17:28 +0800] "POST /xingrg/dwr/call/plaincall/AjaxYddbService.loadMaterielItems.dwr HTTP/1.1" 200 439
222.69.131.255 - - [17/Sep/2020:09:17:28 +0800] "GET /xingrg/all/function/internal_message.html?_=1600305441983&CODE_STATE=getMsg HTTP/1.1" 200 27
116.238.216.197 - - [17/Sep/2020:09:17:30 +0800] "GET /xingrg/javascript/easyui/plugins/jquery.draggable.js HTTP/1.1" 304 -
116.238.216.197 - - [17/Sep/2020:09:17:30 +0800] "GET /xingrg/css/images/panel_loading.gif HTTP/1.1" 304 -
116.238.216.197 - - [17/Sep/2020:09:17:30 +0800] "GET /xingrg/javascript/easyui/plugins/jquery.droppable.js HTTP/1.1" 304 -
116.238.216.197 - - [17/Sep/2020:09:17:30 +0800] "GET /xingrg/javascript/easyui/themes/default/tree.css HTTP/1.1" 404 1090
116.238.216.197 - - [17/Sep/2020:09:17:30 +0800] "GET /xingrg/javascript/easyui/plugins/jquery.tree.js HTTP/1.1" 304 -
116.238.216.197 - - [17/Sep/2020:09:17:30 +0800] "POST /xingrg/all/common/load_tree.html?tree=supplier_tree_json&isDelete=1 HTTP/1.1" 200 50303
116.238.216.197 - - [17/Sep/2020:09:17:32 +0800] "GET /xingrg/javascript/easyui/themes/default/images/tree_arrows.gif HTTP/1.1" 304 -
116.238.216.197 - - [17/Sep/2020:09:17:32 +0800] "GET /xingrg/javascript/easyui/themes/default/images/tree_folder_open.gif HTTP/1.1" 304 -
116.238.216.197 - - [17/Sep/2020:09:17:32 +0800] "GET /xingrg/javascript/easyui/themes/default/images/tree_folder.gif HTTP/1.1" 304 -
116.238.216.197 - - [17/Sep/2020:09:17:32 +0800] "GET /xingrg/javascript/easyui/themes/default/images/tree_file.gif HTTP/1.1" 304 -
114.88.166.242 - - [17/Sep/2020:09:17:37 +0800] "GET /xingrg/all/function/internal_message.html?_=1600305453526&CODE_STATE=getMsg HTTP/1.1" 200 27
116.230.74.197 - - [17/Sep/2020:09:17:40 +0800] "GET /xingrg/check_reg.html?_=1600305452528 HTTP/1.1" 200 22
116.230.74.197 - - [17/Sep/2020:09:17:41 +0800] "GET /xingrg/kc/buy/cgsh_order_operate.html?command=get_materiel&rest_code=00107&code=00101015074&supplier_code=00100006&order_time=2020-09-17 HTTP/1.1" 200 427
114.82.29.189 - - [17/Sep/2020:09:17:41 +0800] "GET /xingrg/all/function/internal_message.html?_=1600305444601&CODE_STATE=getMsg HTTP/1.1" 200 27
116.238.216.197 - - [17/Sep/2020:09:17:42 +0800] "GET /xingrg/javascript/auto/indicator.gif HTTP/1.1" 404 1066
116.238.216.197 - - [17/Sep/2020:09:17:45 +0800] "GET /xingrg/kc/buy/cgsh_order_operate.html?command=get_materiel&rest_code=00102&code=00101007061&supplier_code=00100002&order_time=2020-09-17 HTTP/1.1" 200 409
116.230.74.197 - - [17/Sep/2020:09:17:49 +0800] "GET /xingrg/all/function/internal_message.html?_=1600305461776&CODE_STATE=getMsg HTTP/1.1" 200 27
117.131.5.26 - - [17/Sep/2020:09:17:50 +0800] "GET /xingrg/all/function/internal_message.html?_=1600305487954&CODE_STATE=getMsg HTTP/1.1" 200 27
116.230.74.197 - - [17/Sep/2020:09:17:52 +0800] "GET /xingrg/kc/buy/cgsh_order_operate.html?command=get_materiel&rest_code=00107&code=00101015062&supplier_code=00100006&order_time=2020-09-17 HTTP/1.1" 200 432
114.88.166.242 - - [17/Sep/2020:09:17:54 +0800] "GET /xingrg/check_reg.html?_=1600305539783 HTTP/1.1" 200 22
114.88.166.242 - - [17/Sep/2020:09:17:54 +0800] "GET /xingrg/all/function/internal_message.html?_=1600305539784&CODE_STATE=getMsg HTTP/1.1" 200 27
114.88.166.242 - - [17/Sep/2020:09:17:58 +0800] "GET /xingrg/kc/buy/cgsh_order_list.html HTTP/1.1" 200 44043
114.88.166.242 - - [17/Sep/2020:09:18:00 +0800] "POST /xingrg/kc/buy/cgsh_list_operate.html HTTP/1.1" 200 2050
