172.17.0.119 - - [17/Sep/2020:10:39:35 +0800] "GET /xingrg/javascript/jquery_easy_ui/jquery.easyui.min.js HTTP/1.1" 200 213662
172.17.0.119 - - [17/Sep/2020:10:39:35 +0800] "GET /xingrg/javascript/jquery_easy_ui/easyui-lang-zh_CN.js HTTP/1.1" 200 1900
172.17.0.119 - - [17/Sep/2020:10:39:35 +0800] "GET /xingrg/javascript/jquery.form.js HTTP/1.1" 200 23110
172.17.0.119 - - [17/Sep/2020:10:39:35 +0800] "GET /xingrg/index.html?sysBaseUrl=http%3A%2F%2F172.17.0.8%3A18081%2Fxingrg%2F&costTime=98×tamp=1600310375710 HTTP/1.1" 200 17448
172.17.0.119 - - [17/Sep/2020:10:39:35 +0800] "GET /xingrg/javascript/jquery.utils.js HTTP/1.1" 200 11805
172.17.0.119 - - [17/Sep/2020:10:39:35 +0800] "GET /xingrg/javascript/jquery.timers.js HTTP/1.1" 200 3532
172.17.0.119 - - [17/Sep/2020:10:39:35 +0800] "GET /favicon.ico HTTP/1.1" 404 -
172.17.0.119 - - [17/Sep/2020:10:39:35 +0800] "GET /xingrg/javascript/jquery_easy_ui/themes/icons/settle_new.png HTTP/1.1" 200 826
172.17.0.119 - - [17/Sep/2020:10:39:35 +0800] "GET /xingrg/images/blue/navBackgound.jpg HTTP/1.1" 200 12378
172.17.0.119 - - [17/Sep/2020:10:39:35 +0800] "POST /xingrg/all/common/load_tree.html?tree=area_rest_tree_json&manage=1 HTTP/1.1" 200 3216
172.17.0.119 - - [17/Sep/2020:10:39:36 +0800] "GET /xingrg/all/function/internal_message.html?_=1600310373777&CODE_STATE=count HTTP/1.1" 200 11
172.17.0.119 - - [17/Sep/2020:10:39:36 +0800] "GET /xingrg/check_reg.html?_=1600310373779 HTTP/1.1" 200 22
172.17.0.119 - - [17/Sep/2020:10:39:36 +0800] "GET /xingrg/images/blue/pingpu.png HTTP/1.1" 200 231
172.17.0.119 - - [17/Sep/2020:10:39:36 +0800] "GET /xingrg/javascript/jquery_easy_ui/themes/default/images/tabs_leftarrow.png HTTP/1.1" 200 389
172.17.0.119 - - [17/Sep/2020:10:39:36 +0800] "GET /xingrg/javascript/jquery_easy_ui/themes/default/images/tabs_rightarrow.png HTTP/1.1" 200 395
172.17.0.119 - - [17/Sep/2020:10:39:36 +0800] "GET /xingrg/javascript/jquery_easy_ui/themes/default/images/panel_tool_expand.gif HTTP/1.1" 200 247
172.17.0.119 - - [17/Sep/2020:10:39:36 +0800] "GET /xingrg/javascript/jquery_easy_ui/themes/default/images/panel_tool_collapse.gif HTTP/1.1" 200 246
172.17.0.119 - - [17/Sep/2020:10:39:36 +0800] "POST /xingrg/load_menu.html HTTP/1.1" 200 11529
172.17.0.119 - - [17/Sep/2020:10:39:36 +0800] "GET /xingrg/javascript/jquery_easy_ui/themes/default/images/tree_arrows.gif HTTP/1.1" 200 1043
172.17.0.119 - - [17/Sep/2020:10:39:36 +0800] "GET /xingrg/javascript/jquery_easy_ui/themes/default/images/tree_folder_open.gif HTTP/1.1" 200 956
172.17.0.119 - - [17/Sep/2020:10:39:36 +0800] "GET /xingrg/javascript/jquery_easy_ui/themes/icons/search_new.png HTTP/1.1" 200 586
172.17.0.119 - - [17/Sep/2020:10:39:36 +0800] "GET /xingrg/javascript/jquery_easy_ui/themes/icons/delivery_new.png HTTP/1.1" 200 700
172.17.0.119 - - [17/Sep/2020:10:39:36 +0800] "GET /xingrg/javascript/jquery_easy_ui/themes/icons/storage_new.png HTTP/1.1" 200 853
172.17.0.119 - - [17/Sep/2020:10:39:36 +0800] "GET /xingrg/javascript/jquery_easy_ui/themes/icons/checkout_new.png HTTP/1.1" 200 744
172.17.0.119 - - [17/Sep/2020:10:39:36 +0800] "GET /xingrg/javascript/jquery_easy_ui/themes/icons/forms_new.png HTTP/1.1" 200 350
172.17.0.119 - - [17/Sep/2020:10:39:36 +0800] "GET /xingrg/javascript/jquery_easy_ui/themes/icons/setting_new.png HTTP/1.1" 200 450
172.17.0.119 - - [17/Sep/2020:10:39:36 +0800] "GET /xingrg/javascript/jquery_easy_ui/themes/icons/systemset_new.png HTTP/1.1" 200 606
172.17.0.119 - - [17/Sep/2020:10:39:36 +0800] "GET /xingrg/javascript/jquery_easy_ui/themes/default/images/tree_file.gif HTTP/1.1" 200 118
172.17.0.119 - - [17/Sep/2020:10:39:36 +0800] "GET /xingrg/javascript/jquery_easy_ui/themes/default/images/tree_folder.gif HTTP/1.1" 200 952
172.17.0.119 - - [17/Sep/2020:10:39:37 +0800] "GET /xingrg/javascript/jquery_easy_ui/themes/icons/area.png HTTP/1.1" 200 262
172.17.0.119 - - [17/Sep/2020:10:39:37 +0800] "GET /xingrg/javascript/jquery_easy_ui/themes/icons/manage.png HTTP/1.1" 200 696
172.17.0.119 - - [17/Sep/2020:10:39:37 +0800] "GET /xingrg/javascript/jquery_easy_ui/themes/icons/rest.png HTTP/1.1" 200 695
172.17.0.119 - - [17/Sep/2020:10:39:37 +0800] "GET /xingrg/javascript/jquery_easy_ui/themes/default/images/button_a_bg.gif HTTP/1.1" 200 1194
172.17.0.119 - - [17/Sep/2020:10:39:37 +0800] "GET /xingrg/javascript/jquery_easy_ui/themes/default/images/button_span_bg.gif HTTP/1.1" 200 2061
172.17.0.119 - - [17/Sep/2020:10:39:37 +0800] "GET /xingrg/javascript/jquery_easy_ui/themes/icons/ok.png HTTP/1.1" 200 883
172.17.0.119 - - [17/Sep/2020:10:39:37 +0800] "GET /xingrg/javascript/jquery_easy_ui/themes/default/images/panel_title.png HTTP/1.1" 200 266
172.17.0.119 - - [17/Sep/2020:10:39:37 +0800] "GET /xingrg/javascript/jquery_easy_ui/themes/default/images/panel_tools.gif HTTP/1.1" 200 737
117.185.32.26 - - [17/Sep/2020:10:39:37 +0800] "GET /xingrg/all/function/internal_message.html?_=1600310373834&CODE_STATE=getMsg HTTP/1.1" 200 27
172.17.0.119 - - [17/Sep/2020:10:39:40 +0800] "GET /xingrg/javascript/jquery_easy_ui/themes/default/images/tabs_close.gif HTTP/1.1" 200 829
172.17.0.119 - - [17/Sep/2020:10:39:40 +0800] "GET /xingrg/system/info/materiel_manager.html HTTP/1.1" 200 19442
172.17.0.119 - - [17/Sep/2020:10:39:40 +0800] "GET /xingrg/css/xtree.css HTTP/1.1" 200 880
172.17.0.119 - - [17/Sep/2020:10:39:40 +0800] "GET /xingrg/css/blue.css HTTP/1.1" 200 15949
172.17.0.119 - - [17/Sep/2020:10:39:40 +0800] "GET /xingrg/javascript/jquery_ui/themes/base/base.css HTTP/1.1" 200 28568
172.17.0.119 - - [17/Sep/2020:10:39:40 +0800] "GET /xingrg/javascript/pic_change.js HTTP/1.1" 200 4739
172.17.0.119 - - [17/Sep/2020:10:39:40 +0800] "GET /xingrg/dwr/interface/AjaxBaseInfoService.js HTTP/1.1" 200 21363
172.17.0.119 - - [17/Sep/2020:10:39:40 +0800] "GET /xingrg/dwr/interface/AjaxComOrderService.js HTTP/1.1" 200 18264
172.17.0.119 - - [17/Sep/2020:10:39:40 +0800] "GET /xingrg/dwr/engine.js HTTP/1.1" 200 43631
172.17.0.119 - - [17/Sep/2020:10:39:40 +0800] "GET /xingrg/dwr/util.js HTTP/1.1" 200 35990
172.17.0.119 - - [17/Sep/2020:10:39:40 +0800] "GET /xingrg/javascript/Calendar.js HTTP/1.1" 200 31561
172.17.0.119 - - [17/Sep/2020:10:39:40 +0800] "GET /xingrg/javascript/myfunction.js HTTP/1.1" 200 24559
172.17.0.119 - - [17/Sep/2020:10:39:40 +0800] "GET /xingrg/javascript/Grid.js HTTP/1.1" 200 58908
172.17.0.119 - - [17/Sep/2020:10:39:40 +0800] "GET /xingrg/javascript/ToolTips.js HTTP/1.1" 200 5615
172.17.0.119 - - [17/Sep/2020:10:39:40 +0800] "GET /xingrg/javascript/xtree.js HTTP/1.1" 200 26582
172.17.0.119 - - [17/Sep/2020:10:39:40 +0800] "GET /xingrg/javascript/print/LodopFuncs.js HTTP/1.1" 200 5121
172.17.0.119 - - [17/Sep/2020:10:39:40 +0800] "GET /xingrg/images/xtree/openfoldericon.png HTTP/1.1" 200 232
172.17.0.119 - - [17/Sep/2020:10:39:40 +0800] "GET /xingrg/javascript/jquery_easy_ui/themes/icons/import_new.png HTTP/1.1" 200 1247
172.17.0.119 - - [17/Sep/2020:10:39:40 +0800] "GET /xingrg/javascript/jquery_easy_ui/themes/icons/print_new.png HTTP/1.1" 200 3580
172.17.0.119 - - [17/Sep/2020:10:39:40 +0800] "GET /xingrg/javascript/jquery_easy_ui/themes/icons/back_new.png HTTP/1.1" 200 3414
172.17.0.119 - - [17/Sep/2020:10:39:40 +0800] "GET /xingrg/images/blue/wait.gif HTTP/1.1" 200 1100
172.17.0.119 - - [17/Sep/2020:10:39:41 +0800] "POST /xingrg/dwr/call/plaincall/AjaxBaseInfoService.getSubMaterielSorts.dwr HTTP/1.1" 200 219
172.17.0.119 - - [17/Sep/2020:10:39:41 +0800] "GET /xingrg/images/xtree/Lplus.png HTTP/1.1" 200 224
172.17.0.119 - - [17/Sep/2020:10:39:41 +0800] "GET /xingrg/images/xtree/foldericon.png HTTP/1.1" 200 229
172.17.0.119 - - [17/Sep/2020:10:39:41 +0800] "GET /xingrg/images/xtree/Tplus.png HTTP/1.1" 200 222
172.17.0.119 - - [17/Sep/2020:10:39:41 +0800] "POST /xingrg/dwr/call/plaincall/AjaxBaseInfoService.getMateriels.dwr HTTP/1.1" 200 2929
114.82.29.189 - - [17/Sep/2020:10:39:41 +0800] "GET /xingrg/all/function/internal_message.html?_=1600310364576&CODE_STATE=getMsg HTTP/1.1" 200 27
114.88.166.242 - - [17/Sep/2020:10:39:42 +0800] "GET /xingrg/all/function/internal_message.html?_=1600310377805&CODE_STATE=getMsg HTTP/1.1" 200 27
172.17.0.119 - - [17/Sep/2020:10:39:42 +0800] "POST /xingrg/dwr/call/plaincall/AjaxBaseInfoService.getSubMaterielSorts.dwr HTTP/1.1" 200 3635
172.17.0.119 - - [17/Sep/2020:10:39:42 +0800] "GET /xingrg/images/xtree/I.png HTTP/1.1" 200 148
172.17.0.119 - - [17/Sep/2020:10:39:42 +0800] "GET /xingrg/images/xtree/L.png HTTP/1.1" 200 153
172.17.0.119 - - [17/Sep/2020:10:39:42 +0800] "GET /xingrg/images/xtree/file.png HTTP/1.1" 200 251
172.17.0.119 - - [17/Sep/2020:10:39:42 +0800] "GET /xingrg/images/xtree/T.png HTTP/1.1" 200 152
172.17.0.119 - - [17/Sep/2020:10:39:42 +0800] "GET /xingrg/images/xtree/Tminus.png HTTP/1.1" 200 207
172.17.0.119 - - [17/Sep/2020:10:39:43 +0800] "POST /xingrg/dwr/call/plaincall/AjaxBaseInfoService.getMateriels.dwr HTTP/1.1" 200 2928
116.230.74.197 - - [17/Sep/2020:10:39:44 +0800] "GET /xingrg/all/function/internal_message.html?_=1600310377027&CODE_STATE=getMsg HTTP/1.1" 200 27
116.230.74.197 - - [17/Sep/2020:10:39:44 +0800] "GET /xingrg/check_reg.html?_=1600310377025 HTTP/1.1" 200 22
180.157.253.48 - - [17/Sep/2020:10:39:45 +0800] "GET /xingrg/all/function/internal_message.html?_=1600310376926&CODE_STATE=getMsg HTTP/1.1" 200 27
172.17.0.119 - - [17/Sep/2020:10:39:46 +0800] "POST /xingrg/dwr/call/plaincall/AjaxBaseInfoService.getMateriels.dwr HTTP/1.1" 200 2936
172.17.0.119 - - [17/Sep/2020:10:39:47 +0800] "GET /xingrg/system/info/materiel_info.html?code=00101008&isAdd=1 HTTP/1.1" 200 33961
172.17.0.119 - - [17/Sep/2020:10:39:47 +0800] "GET /xingrg/dwr/interface/AjaxGetFirstChart.js HTTP/1.1" 200 631
172.17.0.119 - - [17/Sep/2020:10:39:47 +0800] "GET /xingrg/dwr/engine.js HTTP/1.1" 200 43631
172.17.0.119 - - [17/Sep/2020:10:39:47 +0800] "GET /xingrg/javascript/checkform.js HTTP/1.1" 200 18351
172.17.0.119 - - [17/Sep/2020:10:39:48 +0800] "GET /favicon.ico HTTP/1.1" 404 -
172.17.0.119 - - [17/Sep/2020:10:39:48 +0800] "POST /xingrg/all/common/load_tree.html?tree=area_rest_tree_json HTTP/1.1" 200 3216
172.17.0.119 - - [17/Sep/2020:10:39:48 +0800] "POST /xingrg/dwr/call/plaincall/AjaxBaseInfoService.getMaterielInfo.dwr HTTP/1.1" 200 210
172.17.0.119 - - [17/Sep/2020:10:39:48 +0800] "GET /xingrg/javascript/jquery_easy_ui/themes/default/images/tree_checkbox_0.gif HTTP/1.1" 200 168
172.17.0.119 - - [17/Sep/2020:10:39:48 +0800] "POST /xingrg/all/common/load_tree.html?tree=area_rest_tree_json&defaultRests=undefined HTTP/1.1" 200 3216
172.17.0.119 - - [17/Sep/2020:10:39:50 +0800] "POST /xingrg/dwr/call/plaincall/AjaxGetFirstChart.getFirstChart.dwr HTTP/1.1" 200 80
117.131.5.26 - - [17/Sep/2020:10:39:50 +0800] "GET /xingrg/all/function/internal_message.html?_=1600310408099&CODE_STATE=getMsg HTTP/1.1" 200 27
114.88.166.242 - - [17/Sep/2020:10:39:50 +0800] "GET /xingrg/all/function/internal_message.html?_=1600310456342&CODE_STATE=getMsg HTTP/1.1" 200 27
172.17.0.119 - - [17/Sep/2020:10:39:51 +0800] "POST /xingrg/dwr/call/plaincall/AjaxBaseInfoService.changeUnitGroup.dwr HTTP/1.1" 200 243
172.17.0.120 - - [17/Sep/2020:10:39:52 +0800] "GET /xingrg/all/function/internal_message.html?_=1600310390829&CODE_STATE=getMsg HTTP/1.1" 200 27
172.17.0.119 - - [17/Sep/2020:10:39:52 +0800] "POST /xingrg/dwr/call/plaincall/AjaxBaseInfoService.saveMateriel.dwr HTTP/1.1" 200 109
172.17.0.119 - - [17/Sep/2020:10:39:52 +0800] "POST /xingrg/dwr/call/plaincall/AjaxBaseInfoService.getMateriels.dwr HTTP/1.1" 200 2936
117.131.5.26 - - [17/Sep/2020:10:39:59 +0800] "POST /xingrg/services/DataTransmitService HTTP/1.1" 200 524
114.86.231.183 - - [17/Sep/2020:10:39:59 +0800] "GET /xingrg/kc/buy/cgsh_order_operate.html?command=get_materiel&rest_code=00109&code=00101008069&supplier_code=00100005&order_time=2020-09-17 HTTP/1.1" 200 412
117.185.32.26 - - [17/Sep/2020:10:40:02 +0800] "GET /xingrg/javascript/auto/indicator.gif HTTP/1.1" 404 1066
180.157.253.48 - - [17/Sep/2020:10:40:02 +0800] "GET /xingrg/all/function/internal_message.html?_=1600310407506&CODE_STATE=getMsg HTTP/1.1" 200 27
114.86.231.183 - - [17/Sep/2020:10:40:05 +0800] "GET /xingrg/kc/buy/cgsh_order_operate.html?command=get_materiel&rest_code=00109&code=00101008006&supplier_code=00100005&order_time=2020-09-17 HTTP/1.1" 200 416
117.184.7.26 - - [17/Sep/2020:10:40:06 +0800] "GET /xingrg/all/function/internal_message.html?_=1600310399022&CODE_STATE=getMsg HTTP/1.1" 200 27
58.37.9.106 - - [17/Sep/2020:10:40:06 +0800] "GET /xingrg/all/function/internal_message.html?_=1600310388852&CODE_STATE=getMsg HTTP/1.1" 200 27
116.238.71.173 - - [17/Sep/2020:10:40:07 +0800] "GET /xingrg/all/function/internal_message.html?_=1600310405338&CODE_STATE=getMsg HTTP/1.1" 200 27
117.185.32.26 - - [17/Sep/2020:10:40:08 +0800] "GET /xingrg/kc/buy/cgsh_order_operate.html?command=get_materiel&rest_code=00106&code=00101009016&supplier_code=00100022&order_time=2020-09-17 HTTP/1.1" 200 413
172.17.200.101 - - [17/Sep/2020:10:40:09 +0800] "GET /xingrg/all/function/internal_message.html?_=1600310410712&CODE_STATE=getMsg HTTP/1.1" 302 -
114.82.29.189 - - [17/Sep/2020:10:40:09 +0800] "GET /xingrg/all/function/internal_message.html?_=1600310409850&CODE_STATE=getMsg HTTP/1.1" 200 27
114.86.231.183 - - [17/Sep/2020:10:40:11 +0800] "GET /xingrg/kc/buy/cgsh_order_operate.html?command=get_materiel&rest_code=00109&code=00101008036&supplier_code=00100005&order_time=2020-09-17 HTTP/1.1" 200 408
114.86.231.183 - - [17/Sep/2020:10:40:13 +0800] "POST /xingrg/kc/buy/cgsh_order_operate.html HTTP/1.1" 200 2065
222.69.160.252 - - [17/Sep/2020:10:40:13 +0800] "GET /xingrg/all/function/internal_message.html?_=1600310239824&CODE_STATE=getMsg HTTP/1.1" 200 27
172.17.0.108 - - [17/Sep/2020:10:40:15 +0800] "GET /xingrg/check_reg.html?_=1600310413069 HTTP/1.1" 200 22
172.17.0.108 - - [17/Sep/2020:10:40:15 +0800] "GET /xingrg/all/function/internal_message.html?_=1600310413070&CODE_STATE=getMsg HTTP/1.1" 200 27
114.86.231.183 - - [17/Sep/2020:10:40:17 +0800] "GET /xingrg/kc/buy/cgsh_order_operate.html?command=get_materiel&rest_code=00109&code=00101008318&supplier_code=00100005&order_time=2020-09-17 HTTP/1.1" 200 408
114.86.231.183 - - [17/Sep/2020:10:40:21 +0800] "GET /xingrg/all/function/internal_message.html?_=1600310424763&CODE_STATE=getMsg HTTP/1.1" 200 27
116.230.74.197 - - [17/Sep/2020:10:40:22 +0800] "GET /xingrg/kc/buy/buy_main.html HTTP/1.1" 200 12412
116.230.74.197 - - [17/Sep/2020:10:40:22 +0800] "GET /xingrg/css/new_ie.css HTTP/1.1" 404 1036
117.185.32.26 - - [17/Sep/2020:10:40:23 +0800] "GET /xingrg/all/function/internal_message.html?_=1600310419617&CODE_STATE=getMsg HTTP/1.1" 200 27
116.230.74.197 - - [17/Sep/2020:10:40:23 +0800] "GET /xingrg/images/yd/bt.gif HTTP/1.1" 404 1040
116.230.74.197 - - [17/Sep/2020:10:40:24 +0800] "GET /xingrg/kc/buy/cgsh_order_list.html HTTP/1.1" 200 44049
125.77.95.29 - - [17/Sep/2020:10:40:25 +0800] "GET /xingrg/all/function/internal_message.html?_=1600310727078&CODE_STATE=getMsg HTTP/1.1" 200 27
116.230.74.197 - - [17/Sep/2020:10:40:25 +0800] "POST /xingrg/kc/buy/cgsh_list_operate.html HTTP/1.1" 200 3087
116.238.71.173 - - [17/Sep/2020:10:40:27 +0800] "GET /xingrg/all/function/internal_message.html?_=1600310547144&CODE_STATE=getMsg HTTP/1.1" 200 27
222.69.131.255 - - [17/Sep/2020:10:40:27 +0800] "GET /xingrg/all/function/internal_message.html?_=1600310420381&CODE_STATE=getMsg HTTP/1.1" 200 27
116.230.74.197 - - [17/Sep/2020:10:40:30 +0800] "GET /xingrg/kc/buy/cgsh_order_add.html HTTP/1.1" 200 59828
116.230.74.197 - - [17/Sep/2020:10:40:30 +0800] "GET /xingrg/words/20200917103952_words.js HTTP/1.1" 200 763407
116.230.74.197 - - [17/Sep/2020:10:40:31 +0800] "GET /xingrg/all/common/auto_word.html?type=employee&rest_code=00107 HTTP/1.1" 200 147
116.230.74.197 - - [17/Sep/2020:10:40:31 +0800] "GET /xingrg/javascript/easyui/themes/default/validatebox.css HTTP/1.1" 404 1104
116.230.74.197 - - [17/Sep/2020:10:40:31 +0800] "GET /xingrg/all/common/auto_word.html?type=employee&rest_code=00107 HTTP/1.1" 200 147
116.230.74.197 - - [17/Sep/2020:10:40:31 +0800] "POST /xingrg/kc/buy/cgsh_order_operate.html HTTP/1.1" 200 8245
58.247.206.148 - - [17/Sep/2020:10:40:32 +0800] "GET /xingrg/all/function/internal_message.html?_=1600309669126&CODE_STATE=getMsg HTTP/1.1" 302 -
116.230.74.197 - - [17/Sep/2020:10:40:32 +0800] "GET /xingrg/javascript/easyui/themes/default/tree.css HTTP/1.1" 404 1090
116.230.74.197 - - [17/Sep/2020:10:40:32 +0800] "POST /xingrg/all/common/load_tree.html?tree=supplier_tree_json&isDelete=1 HTTP/1.1" 200 50303
117.185.32.26 - - [17/Sep/2020:10:40:32 +0800] "POST /xingrg/kc/buy/cgsh_order_operate.html HTTP/1.1" 200 37
117.185.32.26 - - [17/Sep/2020:10:40:34 +0800] "POST /xingrg/kc/buy/cgsh_order_operate.html HTTP/1.1" 200 12
180.157.253.48 - - [17/Sep/2020:10:40:35 +0800] "GET /xingrg/javascript/easyui/themes/default/images/button_plain_hover.png HTTP/1.1" 304 -
180.157.253.48 - - [17/Sep/2020:10:40:35 +0800] "GET /xingrg/javascript/easyui/themes/default/images/button_plain_hover.png HTTP/1.1" 304 -
180.157.253.48 - - [17/Sep/2020:10:40:36 +0800] "GET /xingrg/javascript/easyui/themes/default/images/button_plain_hover.png HTTP/1.1" 304 -
180.157.253.48 - - [17/Sep/2020:10:40:36 +0800] "GET /xingrg/javascript/easyui/themes/default/images/button_plain_hover.png HTTP/1.1" 304 -
180.157.253.48 - - [17/Sep/2020:10:40:36 +0800] "GET /xingrg/javascript/easyui/themes/default/images/button_plain_hover.png HTTP/1.1" 304 -
180.157.253.48 - - [17/Sep/2020:10:40:36 +0800] "GET /xingrg/javascript/easyui/themes/default/images/button_plain_hover.png HTTP/1.1" 304 -
180.157.253.48 - - [17/Sep/2020:10:40:36 +0800] "GET /xingrg/javascript/easyui/themes/default/images/button_plain_hover.png HTTP/1.1" 304 -
180.157.253.48 - - [17/Sep/2020:10:40:36 +0800] "GET /xingrg/javascript/easyui/themes/default/images/button_plain_hover.png HTTP/1.1" 304 -
180.157.253.48 - - [17/Sep/2020:10:40:36 +0800] "GET /xingrg/javascript/easyui/themes/default/images/button_plain_hover.png HTTP/1.1" 304 -
117.185.32.26 - - [17/Sep/2020:10:40:37 +0800] "GET /xingrg/kc/buy/cgsh_order_info.html?code=212020091707122 HTTP/1.1" 200 54945
117.185.32.26 - - [17/Sep/2020:10:40:37 +0800] "GET /xingrg/words/20200917103952_words.js HTTP/1.1" 200 763407
117.185.32.26 - - [17/Sep/2020:10:40:37 +0800] "GET /xingrg/all/function/internal_message.html?_=1600310433826&CODE_STATE=getMsg HTTP/1.1" 200 27
117.185.32.26 - - [17/Sep/2020:10:40:37 +0800] "GET /xingrg/javascript/easyui/themes/default/validatebox.css HTTP/1.1" 404 1104
180.157.253.48 - - [17/Sep/2020:10:40:38 +0800] "POST /xingrg/kc/buy/cgsh_order_operate.html HTTP/1.1" 200 37
117.185.32.26 - - [17/Sep/2020:10:40:38 +0800] "POST /xingrg/kc/buy/cgsh_order_operate.html HTTP/1.1" 200 1794
58.247.206.148 - - [17/Sep/2020:10:40:39 +0800] "GET /xingrg/login.html HTTP/1.1" 200 7641
180.157.253.48 - - [17/Sep/2020:10:40:39 +0800] "POST /xingrg/kc/buy/cgsh_order_operate.html HTTP/1.1" 200 3830
180.157.253.48 - - [17/Sep/2020:10:40:40 +0800] "GET /xingrg/javascript/easyui/themes/default/images/button_plain_hover.png HTTP/1.1" 304 -
180.157.253.48 - - [17/Sep/2020:10:40:40 +0800] "GET /xingrg/javascript/easyui/themes/default/images/button_plain_hover.png HTTP/1.1" 304 -
180.157.253.48 - - [17/Sep/2020:10:40:40 +0800] "GET /xingrg/kc/buy/cgsh_order_add.html HTTP/1.1" 200 59781
180.157.253.48 - - [17/Sep/2020:10:40:40 +0800] "GET /xingrg/javascript/jquery_tools/datebox.css HTTP/1.1" 304 -
180.157.253.48 - - [17/Sep/2020:10:40:40 +0800] "GET /xingrg/css/base.css HTTP/1.1" 304 -
180.157.253.48 - - [17/Sep/2020:10:40:40 +0800] "GET /xingrg/javascript/easyui/themes/default/easyui.css HTTP/1.1" 304 -
180.157.253.48 - - [17/Sep/2020:10:40:40 +0800] "GET /xingrg/css/site.css HTTP/1.1" 304 -
180.157.253.48 - - [17/Sep/2020:10:40:40 +0800] "GET /xingrg/javascript/auto/jquery.autocomplete.css HTTP/1.1" 304 -
180.157.253.48 - - [17/Sep/2020:10:40:40 +0800] "GET /xingrg/javascript/easyui/themes/icon.css HTTP/1.1" 304 -
180.157.253.48 - - [17/Sep/2020:10:40:40 +0800] "GET /xingrg/javascript/jquery_tools/table.css HTTP/1.1" 304 -
180.157.253.48 - - [17/Sep/2020:10:40:40 +0800] "GET /xingrg/javascript/jquery_tools/fix.css HTTP/1.1" 304 -
180.157.253.48 - - [17/Sep/2020:10:40:40 +0800] "GET /xingrg/javascript/jquery_tools/jquery.tools.min.js HTTP/1.1" 304 -
180.157.253.48 - - [17/Sep/2020:10:40:40 +0800] "GET /xingrg/javascript/jquery_tools/jquery.tools.hotkey.js HTTP/1.1" 304 -
180.157.253.48 - - [17/Sep/2020:10:40:40 +0800] "GET /xingrg/javascript/pic_change.js HTTP/1.1" 304 -
180.157.253.48 - - [17/Sep/2020:10:40:40 +0800] "GET /xingrg/javascript/jquery_tools/jquery.tools.extend.js HTTP/1.1" 304 -
180.157.253.48 - - [17/Sep/2020:10:40:40 +0800] "GET /xingrg/javascript/auto/jquery.autocomplete.js HTTP/1.1" 304 -
180.157.253.48 - - [17/Sep/2020:10:40:40 +0800] "GET /xingrg/javascript/jquery_tools/jquery.tools.table.js HTTP/1.1" 304 -
180.157.253.48 - - [17/Sep/2020:10:40:40 +0800] "GET /xingrg/javascript/jquery.utils.js HTTP/1.1" 304 -
180.157.253.48 - - [17/Sep/2020:10:40:40 +0800] "GET /xingrg/javascript/easyui/easyloader.js HTTP/1.1" 304 -
180.157.253.48 - - [17/Sep/2020:10:40:40 +0800] "GET /xingrg/javascript/convert.js HTTP/1.1" 304 -
180.157.253.48 - - [17/Sep/2020:10:40:40 +0800] "GET /xingrg/javascript/jquery_tools/order_manager.js HTTP/1.1" 304 -
180.157.253.48 - - [17/Sep/2020:10:40:40 +0800] "GET /xingrg/javascript/jquery.cookie.js HTTP/1.1" 304 -
180.157.253.48 - - [17/Sep/2020:10:40:40 +0800] "GET /xingrg/javascript/print/LodopFuncs.js HTTP/1.1" 304 -
180.157.253.48 - - [17/Sep/2020:10:40:40 +0800] "GET /xingrg/javascript/json2.js HTTP/1.1" 304 -
180.157.253.48 - - [17/Sep/2020:10:40:40 +0800] "GET /xingrg/javascript/print/kc_print.js HTTP/1.1" 304 -
180.157.253.48 - - [17/Sep/2020:10:40:41 +0800] "GET /xingrg/words/20200917103952_words.js HTTP/1.1" 200 763407
180.157.253.48 - - [17/Sep/2020:10:40:41 +0800] "GET /xingrg/javascript/easyui/themes/icons/copy_new.png HTTP/1.1" 304 -
180.157.253.48 - - [17/Sep/2020:10:40:41 +0800] "GET /xingrg/javascript/easyui/themes/icons/template_new.png HTTP/1.1" 304 -
180.157.253.48 - - [17/Sep/2020:10:40:41 +0800] "GET /xingrg/javascript/easyui/themes/icons/ok.png HTTP/1.1" 304 -
180.157.253.48 - - [17/Sep/2020:10:40:41 +0800] "GET /xingrg/javascript/easyui/themes/icons/print.png HTTP/1.1" 304 -
180.157.253.48 - - [17/Sep/2020:10:40:41 +0800] "GET /xingrg/javascript/easyui/themes/default/images/menu_downarrow.png HTTP/1.1" 304 -
180.157.253.48 - - [17/Sep/2020:10:40:41 +0800] "GET /xingrg/javascript/easyui/themes/icons/cancel.png HTTP/1.1" 304 -
180.157.253.48 - - [17/Sep/2020:10:40:41 +0800] "GET /xingrg/javascript/easyui/themes/default/images/button_plain_hover.png HTTP/1.1" 304 -
180.157.253.48 - - [17/Sep/2020:10:40:41 +0800] "GET /xingrg/javascript/easyui/plugins/jquery.parser.js HTTP/1.1" 304 -
180.157.253.48 - - [17/Sep/2020:10:40:41 +0800] "POST /xingrg/kc/buy/cgsh_order_operate.html HTTP/1.1" 200 8245
180.157.253.48 - - [17/Sep/2020:10:40:41 +0800] "GET /xingrg/all/common/auto_word.html?type=employee&rest_code=00148 HTTP/1.1" 200 147
180.157.253.48 - - [17/Sep/2020:10:40:41 +0800] "GET /xingrg/all/common/auto_word.html?type=employee&rest_code=00148 HTTP/1.1" 200 147
180.157.253.48 - - [17/Sep/2020:10:40:41 +0800] "GET /xingrg/javascript/easyui/themes/default/validatebox.css HTTP/1.1" 404 1104
180.157.253.48 - - [17/Sep/2020:10:40:41 +0800] "GET /xingrg/javascript/easyui/plugins/jquery.validatebox.js HTTP/1.1" 304 -
180.157.253.48 - - [17/Sep/2020:10:40:41 +0800] "GET /xingrg/javascript/easyui/plugins/jquery.numberbox.js HTTP/1.1" 304 -
114.82.29.189 - - [17/Sep/2020:10:40:41 +0800] "GET /xingrg/all/function/internal_message.html?_=1600310424562&CODE_STATE=getMsg HTTP/1.1" 200 27
114.82.29.189 - - [17/Sep/2020:10:40:41 +0800] "GET /xingrg/check_reg.html?_=1600310424689 HTTP/1.1" 200 22
114.88.166.242 - - [17/Sep/2020:10:40:42 +0800] "GET /xingrg/all/function/internal_message.html?_=1600310437865&CODE_STATE=getMsg HTTP/1.1" 200 27
116.230.74.197 - - [17/Sep/2020:10:40:44 +0800] "GET /xingrg/all/function/internal_message.html?_=1600310437063&CODE_STATE=getMsg HTTP/1.1" 200 27
180.157.253.48 - - [17/Sep/2020:10:40:45 +0800] "GET /xingrg/all/function/internal_message.html?_=1600310436929&CODE_STATE=getMsg HTTP/1.1" 200 27
180.157.253.48 - - [17/Sep/2020:10:40:46 +0800] "GET /xingrg/javascript/pic_change.js HTTP/1.1" 304 -
180.157.253.48 - - [17/Sep/2020:10:40:46 +0800] "GET /xingrg/javascript/jquery_tools/jquery.tools.min.js HTTP/1.1" 304 -
180.157.253.48 - - [17/Sep/2020:10:40:46 +0800] "GET /xingrg/javascript/jquery_tools/jquery.tools.extend.js HTTP/1.1" 304 -
180.157.253.48 - - [17/Sep/2020:10:40:46 +0800] "GET /xingrg/javascript/jquery_tools/jquery.tools.hotkey.js HTTP/1.1" 304 -
180.157.253.48 - - [17/Sep/2020:10:40:46 +0800] "GET /xingrg/javascript/jquery_tools/jquery.tools.table.js HTTP/1.1" 304 -
180.157.253.48 - - [17/Sep/2020:10:40:46 +0800] "GET /xingrg/javascript/auto/jquery.autocomplete.js HTTP/1.1" 304 -
180.157.253.48 - - [17/Sep/2020:10:40:46 +0800] "GET /xingrg/javascript/easyui/easyloader.js HTTP/1.1" 304 -
180.157.253.48 - - [17/Sep/2020:10:40:46 +0800] "GET /xingrg/javascript/jquery.utils.js HTTP/1.1" 304 -
180.157.253.48 - - [17/Sep/2020:10:40:46 +0800] "GET /xingrg/javascript/convert.js HTTP/1.1" 304 -
180.157.253.48 - - [17/Sep/2020:10:40:46 +0800] "GET /xingrg/javascript/json2.js HTTP/1.1" 304 -
180.157.253.48 - - [17/Sep/2020:10:40:46 +0800] "GET /xingrg/javascript/jquery.cookie.js HTTP/1.1" 304 -
180.157.253.48 - - [17/Sep/2020:10:40:46 +0800] "GET /xingrg/javascript/print/kc_print.js HTTP/1.1" 304 -
180.157.253.48 - - [17/Sep/2020:10:40:46 +0800] "GET /xingrg/javascript/easyui/plugins/jquery.numberbox.js HTTP/1.1" 304 -
180.157.253.48 - - [17/Sep/2020:10:40:46 +0800] "GET /xingrg/words/20200917103952_words.js HTTP/1.1" 304 -
180.157.253.48 - - [17/Sep/2020:10:40:46 +0800] "GET /xingrg/javascript/easyui/plugins/jquery.parser.js HTTP/1.1" 304 -
180.157.253.48 - - [17/Sep/2020:10:40:46 +0800] "GET /xingrg/javascript/print/LodopFuncs.js HTTP/1.1" 304 -
180.157.253.48 - - [17/Sep/2020:10:40:46 +0800] "GET /xingrg/javascript/easyui/plugins/jquery.validatebox.js HTTP/1.1" 304 -
180.157.253.48 - - [17/Sep/2020:10:40:46 +0800] "GET /xingrg/javascript/jquery_tools/order_manager.js HTTP/1.1" 304 -
172.17.0.120 - - [17/Sep/2020:10:40:47 +0800] "POST /xingrg/kc/buy/cgsh_list_operate.html HTTP/1.1" 200 2447
117.185.32.26 - - [17/Sep/2020:10:40:49 +0800] "POST /xingrg/kc/buy/cgsh_order_operate.html HTTP/1.1" 200 12
117.131.5.26 - - [17/Sep/2020:10:40:50 +0800] "GET /xingrg/all/function/internal_message.html?_=1600310468097&CODE_STATE=getMsg HTTP/1.1" 200 27
117.185.32.26 - - [17/Sep/2020:10:40:50 +0800] "GET /xingrg/kc/buy/cgsh_order_info.html?code=212020091707122 HTTP/1.1" 200 59794
114.88.166.242 - - [17/Sep/2020:10:40:50 +0800] "GET /xingrg/check_reg.html?_=1600310516346 HTTP/1.1" 200 22
114.88.166.242 - - [17/Sep/2020:10:40:50 +0800] "GET /xingrg/all/function/internal_message.html?_=1600310516343&CODE_STATE=getMsg HTTP/1.1" 200 27
117.185.32.26 - - [17/Sep/2020:10:40:51 +0800] "GET /xingrg/javascript/easyui/themes/default/validatebox.css HTTP/1.1" 404 1104
117.185.32.26 - - [17/Sep/2020:10:40:51 +0800] "POST /xingrg/kc/buy/cgsh_order_operate.html HTTP/1.1" 200 3844
172.17.0.120 - - [17/Sep/2020:10:40:52 +0800] "GET /xingrg/all/function/internal_message.html?_=1600310450832&CODE_STATE=getMsg HTTP/1.1" 200 27
172.17.0.120 - - [17/Sep/2020:10:40:52 +0800] "GET /xingrg/check_reg.html?_=1600310450844 HTTP/1.1" 200 22
180.157.253.48 - - [17/Sep/2020:10:40:55 +0800] "GET /xingrg/kc/buy/cgsh_order_operate.html?command=get_materiel&rest_code=00148&code=00101016025&supplier_code=00100036&order_time=2020-09-17 HTTP/1.1" 200 408
180.157.253.48 - - [17/Sep/2020:10:41:02 +0800] "GET /xingrg/check_reg.html?_=1600310467275 HTTP/1.1" 200 22
180.157.253.48 - - [17/Sep/2020:10:41:02 +0800] "GET /xingrg/all/function/internal_message.html?_=1600310467520&CODE_STATE=getMsg HTTP/1.1" 200 27
116.230.74.197 - - [17/Sep/2020:10:41:05 +0800] "GET /xingrg/javascript/auto/indicator.gif HTTP/1.1" 404 1066
114.88.166.242 - - [17/Sep/2020:10:41:06 +0800] "GET /xingrg/check_reg.html?_=1600310461771 HTTP/1.1" 200 22
180.157.253.48 - - [17/Sep/2020:10:41:06 +0800] "GET /xingrg/kc/buy/cgsh_order_operate.html?command=get_materiel&rest_code=00148&code=00101011001&supplier_code=00100036&order_time=2020-09-17 HTTP/1.1" 200 423
58.37.9.106 - - [17/Sep/2020:10:41:06 +0800] "GET /xingrg/all/function/internal_message.html?_=1600310448825&CODE_STATE=getMsg HTTP/1.1" 200 27
116.238.71.173 - - [17/Sep/2020:10:41:07 +0800] "GET /xingrg/all/function/internal_message.html?_=1600310465387&CODE_STATE=getMsg HTTP/1.1" 200 27
117.184.7.26 - - [17/Sep/2020:10:41:07 +0800] "GET /xingrg/all/function/internal_message.html?_=1600310459161&CODE_STATE=getMsg HTTP/1.1" 200 27
116.230.74.197 - - [17/Sep/2020:10:41:07 +0800] "GET /xingrg/kc/buy/cgsh_order_operate.html?command=get_materiel&rest_code=00107&code=00101006124&supplier_code=00100010&order_time=2020-09-17 HTTP/1.1" 200 409
172.17.200.101 - - [17/Sep/2020:10:41:09 +0800] "GET /xingrg/all/function/internal_message.html?_=1600310470738&CODE_STATE=getMsg HTTP/1.1" 302 -
114.82.29.189 - - [17/Sep/2020:10:41:09 +0800] "GET /xingrg/all/function/internal_message.html?_=1600310469819&CODE_STATE=getMsg HTTP/1.1" 200 27
222.69.160.252 - - [17/Sep/2020:10:41:13 +0800] "GET /xingrg/check_reg.html?_=1600310299835 HTTP/1.1" 200 22
222.69.160.252 - - [17/Sep/2020:10:41:13 +0800] "GET /xingrg/all/function/internal_message.html?_=1600310299837&CODE_STATE=getMsg HTTP/1.1" 200 27
172.17.0.108 - - [17/Sep/2020:10:41:15 +0800] "GET /xingrg/all/function/internal_message.html?_=1600310473092&CODE_STATE=getMsg HTTP/1.1" 200 27
117.185.32.26 - - [17/Sep/2020:10:41:19 +0800] "GET /xingrg/login.html HTTP/1.1" 200 7641
117.185.32.26 - - [17/Sep/2020:10:41:20 +0800] "GET /favicon.ico HTTP/1.1" 404 -
114.86.231.183 - - [17/Sep/2020:10:41:21 +0800] "GET /xingrg/all/function/internal_message.html?_=1600310484765&CODE_STATE=getMsg HTTP/1.1" 200 27
116.230.74.197 - - [17/Sep/2020:10:41:21 +0800] "GET /xingrg/kc/buy/cgsh_order_operate.html?command=get_materiel&rest_code=00107&code=00101006109&supplier_code=00100010&order_time=2020-09-17 HTTP/1.1" 200 409
117.185.32.26 - - [17/Sep/2020:10:41:23 +0800] "POST /xingrg/login.do HTTP/1.1" 302 -
117.185.32.26 - - [17/Sep/2020:10:41:23 +0800] "GET /xingrg/index.html?sysBaseUrl=http%3A%2F%2F180.169.147.146%3A18081%2Fxingrg%2F&costTime=41×tamp=1600310483735 HTTP/1.1" 200 17173
117.185.32.26 - - [17/Sep/2020:10:41:23 +0800] "POST /xingrg/all/common/load_tree.html?tree=area_rest_tree_json&manage=1 HTTP/1.1" 200 342
117.185.32.26 - - [17/Sep/2020:10:41:24 +0800] "GET /xingrg/check_reg.html?_=1600310480418 HTTP/1.1" 200 22
117.185.32.26 - - [17/Sep/2020:10:41:24 +0800] "GET /xingrg/all/function/internal_message.html?_=1600310480417&CODE_STATE=count HTTP/1.1" 200 11
117.185.32.26 - - [17/Sep/2020:10:41:24 +0800] "GET /favicon.ico HTTP/1.1" 404 -
117.185.32.26 - - [17/Sep/2020:10:41:24 +0800] "POST /xingrg/load_menu.html HTTP/1.1" 200 5138
125.77.95.29 - - [17/Sep/2020:10:41:25 +0800] "GET /xingrg/all/function/internal_message.html?_=1600310787077&CODE_STATE=getMsg HTTP/1.1" 200 27
117.185.32.26 - - [17/Sep/2020:10:41:26 +0800] "GET /xingrg/kc/buy/buy_main.html HTTP/1.1" 200 12412
117.185.32.26 - - [17/Sep/2020:10:41:26 +0800] "GET /xingrg/css/new_ie.css HTTP/1.1" 404 1036
183.192.164.85 - - [17/Sep/2020:10:41:26 +0800] "GET /xingrg/kc/buy/cgsh_order_info.html?code=212020091707106 HTTP/1.1" 302 -
222.69.131.255 - - [17/Sep/2020:10:41:27 +0800] "GET /xingrg/all/function/internal_message.html?_=1600310480382&CODE_STATE=getMsg HTTP/1.1" 200 27
116.238.71.173 - - [17/Sep/2020:10:41:27 +0800] "GET /xingrg/all/function/internal_message.html?_=1600310607171&CODE_STATE=getMsg HTTP/1.1" 200 27
117.185.32.26 - - [17/Sep/2020:10:41:27 +0800] "GET /xingrg/images/yd/bt.gif HTTP/1.1" 404 1040
114.86.231.183 - - [17/Sep/2020:10:41:27 +0800] "GET /xingrg/kc/buy/cgsh_order_operate.html?command=get_materiel&rest_code=00109&code=00101008352&supplier_code=00100005&order_time=2020-09-17 HTTP/1.1" 200 412
117.185.32.26 - - [17/Sep/2020:10:41:27 +0800] "GET /xingrg/kc/buy/cgsh_order_list.html HTTP/1.1" 200 44043
117.185.32.26 - - [17/Sep/2020:10:41:29 +0800] "POST /xingrg/kc/buy/cgsh_list_operate.html HTTP/1.1" 200 1694
116.230.74.197 - - [17/Sep/2020:10:41:30 +0800] "GET /xingrg/kc/buy/cgsh_order_operate.html?command=get_materiel&rest_code=00107&code=00101006177&supplier_code=00100010&order_time=2020-09-17 HTTP/1.1" 200 409
117.185.32.26 - - [17/Sep/2020:10:41:32 +0800] "POST /xingrg/kc/buy/cgsh_list_operate.html HTTP/1.1" 200 351
117.185.32.26 - - [17/Sep/2020:10:41:32 +0800] "GET /xingrg/kc/buy/cgsh_order_info.html?code=212020091707122 HTTP/1.1" 200 59794
117.185.32.26 - - [17/Sep/2020:10:41:33 +0800] "GET /xingrg/words/20200917103952_words.js HTTP/1.1" 304 -
117.185.32.26 - - [17/Sep/2020:10:41:33 +0800] "GET /xingrg/all/common/auto_word.html?type=employee&rest_code=00106 HTTP/1.1" 200 205
117.185.32.26 - - [17/Sep/2020:10:41:33 +0800] "GET /xingrg/all/common/auto_word.html?type=employee&rest_code=00106 HTTP/1.1" 200 205
117.185.32.26 - - [17/Sep/2020:10:41:33 +0800] "GET /xingrg/javascript/easyui/themes/default/validatebox.css HTTP/1.1" 404 1104
117.185.32.26 - - [17/Sep/2020:10:41:33 +0800] "POST /xingrg/kc/buy/cgsh_order_operate.html HTTP/1.1" 200 3844
183.192.164.85 - - [17/Sep/2020:10:41:34 +0800] "GET /xingrg/login.html HTTP/1.1" 200 7641
58.37.9.106 - - [17/Sep/2020:10:41:34 +0800] "GET /xingrg/check_reg.html?_=1600310476740 HTTP/1.1" 200 22
114.86.231.183 - - [17/Sep/2020:10:41:35 +0800] "GET /xingrg/kc/buy/cgsh_order_operate.html?command=get_materiel&rest_code=00109&code=00101008005&supplier_code=00100005&order_time=2020-09-17 HTTP/1.1" 200 412
117.185.32.26 - - [17/Sep/2020:10:41:38 +0800] "POST /xingrg/kc/buy/cgsh_order_operate.html HTTP/1.1" 200 37
180.157.253.48 - - [17/Sep/2020:10:41:39 +0800] "GET /xingrg/kc/buy/cgsh_order_operate.html?command=get_materiel&rest_code=00148&code=00101010248&supplier_code=00100036&order_time=2020-09-17 HTTP/1.1" 200 430
116.230.74.197 - - [17/Sep/2020:10:41:40 +0800] "GET /xingrg/kc/buy/cgsh_order_operate.html?command=get_materiel&rest_code=00107&code=00101006094&supplier_code=00100010&order_time=2020-09-17 HTTP/1.1" 200 410
117.185.32.26 - - [17/Sep/2020:10:41:40 +0800] "POST /xingrg/kc/buy/cgsh_order_operate.html HTTP/1.1" 200 12
114.86.231.183 - - [17/Sep/2020:10:41:40 +0800] "GET /xingrg/kc/buy/cgsh_order_operate.html?command=get_materiel&rest_code=00109&code=00101008353&supplier_code=00100005&order_time=2020-09-17 HTTP/1.1" 200 408
114.82.29.189 - - [17/Sep/2020:10:41:41 +0800] "GET /xingrg/all/function/internal_message.html?_=1600310484533&CODE_STATE=getMsg HTTP/1.1" 200 27
114.88.166.242 - - [17/Sep/2020:10:41:42 +0800] "GET /xingrg/all/function/internal_message.html?_=1600310497880&CODE_STATE=getMsg HTTP/1.1" 200 27
117.185.32.26 - - [17/Sep/2020:10:41:42 +0800] "GET /xingrg/kc/buy/cgsh_order_info.html?code=212020091707122 HTTP/1.1" 200 54690
117.185.32.26 - - [17/Sep/2020:10:41:42 +0800] "GET /xingrg/javascript/easyui/themes/default/validatebox.css HTTP/1.1" 404 1104
117.185.32.26 - - [17/Sep/2020:10:41:42 +0800] "POST /xingrg/kc/buy/cgsh_order_operate.html HTTP/1.1" 200 1794
116.230.74.197 - - [17/Sep/2020:10:41:44 +0800] "GET /xingrg/all/function/internal_message.html?_=1600310497036&CODE_STATE=getMsg HTTP/1.1" 200 27
117.185.32.26 - - [17/Sep/2020:10:41:45 +0800] "GET /xingrg/kc/print/load_config.html?kc_code=cgsh HTTP/1.1" 200 1845
117.185.32.26 - - [17/Sep/2020:10:41:45 +0800] "GET /xingrg/kc/print/load_data.html?order_code=212020091707122&kc_code=cgsh&condition= HTTP/1.1" 200 1191
180.157.253.48 - - [17/Sep/2020:10:41:45 +0800] "GET /xingrg/check_reg.html?_=1600310496933 HTTP/1.1" 200 22
180.157.253.48 - - [17/Sep/2020:10:41:45 +0800] "GET /xingrg/all/function/internal_message.html?_=1600310496934&CODE_STATE=getMsg HTTP/1.1" 200 27
180.157.253.48 - - [17/Sep/2020:10:41:47 +0800] "GET /xingrg/kc/buy/cgsh_order_operate.html?command=get_materiel&rest_code=00148&code=00101016017&supplier_code=00100036&order_time=2020-09-17 HTTP/1.1" 200 408
114.86.231.183 - - [17/Sep/2020:10:41:48 +0800] "GET /xingrg/kc/buy/cgsh_order_operate.html?command=get_materiel&rest_code=00109&code=00101008359&supplier_code=00100005&order_time=2020-09-17 HTTP/1.1" 200 408
114.86.231.183 - - [17/Sep/2020:10:41:49 +0800] "POST /xingrg/kc/buy/cgsh_order_operate.html HTTP/1.1" 200 2065
117.131.5.26 - - [17/Sep/2020:10:41:50 +0800] "GET /xingrg/all/function/internal_message.html?_=1600310528095&CODE_STATE=getMsg HTTP/1.1" 200 27
117.131.5.26 - - [17/Sep/2020:10:41:50 +0800] "GET /xingrg/check_reg.html?_=1600310528097 HTTP/1.1" 200 22
114.88.166.242 - - [17/Sep/2020:10:41:50 +0800] "GET /xingrg/all/function/internal_message.html?_=1600310576346&CODE_STATE=getMsg HTTP/1.1" 200 27
117.185.32.26 - - [17/Sep/2020:10:41:51 +0800] "GET /xingrg/kc/print/load_data.html?order_code=212020091707122&kc_code=cgsh HTTP/1.1" 200 1191
172.17.0.120 - - [17/Sep/2020:10:41:52 +0800] "GET /xingrg/all/function/internal_message.html?_=1600310510832&CODE_STATE=getMsg HTTP/1.1" 200 27
180.157.253.48 - - [17/Sep/2020:10:41:53 +0800] "GET /xingrg/kc/buy/cgsh_order_operate.html?command=get_materiel&rest_code=00148&code=00101010545&supplier_code=00100036&order_time=2020-09-17 HTTP/1.1" 200 396
114.86.231.183 - - [17/Sep/2020:10:41:55 +0800] "GET /xingrg/kc/buy/cgsh_order_operate.html?command=get_materiel&rest_code=00109&code=00101008312&supplier_code=00100005&order_time=2020-09-17 HTTP/1.1" 200 412
180.157.253.48 - - [17/Sep/2020:10:42:02 +0800] "GET /xingrg/all/function/internal_message.html?_=1600310527534&CODE_STATE=getMsg HTTP/1.1" 200 27
116.230.74.197 - - [17/Sep/2020:10:42:03 +0800] "GET /xingrg/kc/buy/cgsh_order_operate.html?command=get_materiel&rest_code=00107&code=00101006133&supplier_code=00100010&order_time=2020-09-17 HTTP/1.1" 200 413
117.184.7.26 - - [17/Sep/2020:10:42:05 +0800] "GET /xingrg/check_reg.html?_=1600310518166 HTTP/1.1" 200 22
58.37.9.106 - - [17/Sep/2020:10:42:06 +0800] "GET /xingrg/all/function/internal_message.html?_=1600310508805&CODE_STATE=getMsg HTTP/1.1" 200 27
117.184.7.26 - - [17/Sep/2020:10:42:07 +0800] "GET /xingrg/all/function/internal_message.html?_=1600310519178&CODE_STATE=getMsg HTTP/1.1" 200 27
116.238.71.173 - - [17/Sep/2020:10:42:07 +0800] "GET /xingrg/all/function/internal_message.html?_=1600310525436&CODE_STATE=getMsg HTTP/1.1" 200 27
172.17.200.101 - - [17/Sep/2020:10:42:09 +0800] "GET /xingrg/all/function/internal_message.html?_=1600310530740&CODE_STATE=getMsg HTTP/1.1" 302 -
114.82.29.189 - - [17/Sep/2020:10:42:09 +0800] "GET /xingrg/all/function/internal_message.html?_=1600310529794&CODE_STATE=getMsg HTTP/1.1" 200 27
222.69.160.252 - - [17/Sep/2020:10:42:13 +0800] "GET /xingrg/all/function/internal_message.html?_=1600310359826&CODE_STATE=getMsg HTTP/1.1" 200 27
114.86.231.183 - - [17/Sep/2020:10:42:15 +0800] "GET /xingrg/kc/buy/cgsh_order_operate.html?command=get_materiel&rest_code=00109&code=00101008095&supplier_code=00100005&order_time=2020-09-17 HTTP/1.1" 200 412
172.17.0.108 - - [17/Sep/2020:10:42:15 +0800] "GET /xingrg/all/function/internal_message.html?_=1600310533091&CODE_STATE=getMsg HTTP/1.1" 200 27
180.157.253.48 - - [17/Sep/2020:10:42:18 +0800] "GET /xingrg/kc/buy/cgsh_order_operate.html?command=get_materiel&rest_code=00148&code=00101011005&supplier_code=00100036&order_time=2020-09-17 HTTP/1.1" 200 431
114.86.231.183 - - [17/Sep/2020:10:42:20 +0800] "GET /xingrg/kc/buy/cgsh_order_operate.html?command=get_materiel&rest_code=00109&code=00101008196&supplier_code=00100005&order_time=2020-09-17 HTTP/1.1" 200 416
114.86.231.183 - - [17/Sep/2020:10:42:21 +0800] "GET /xingrg/all/function/internal_message.html?_=1600310544774&CODE_STATE=getMsg HTTP/1.1" 200 27
116.230.74.197 - - [17/Sep/2020:10:42:21 +0800] "GET /xingrg/kc/buy/cgsh_order_operate.html?command=get_materiel&rest_code=00107&code=00101006117&supplier_code=00100010&order_time=2020-09-17 HTTP/1.1" 200 408
117.185.32.26 - - [17/Sep/2020:10:42:24 +0800] "GET /xingrg/all/function/internal_message.html?_=1600310540429&CODE_STATE=getMsg HTTP/1.1" 200 27
61.129.6.251 - - [17/Sep/2020:10:42:24 +0800] "GET /xingrg/all/function/internal_message.html?_=1600309849059&CODE_STATE=getMsg HTTP/1.1" 302 -
125.77.95.29 - - [17/Sep/2020:10:42:25 +0800] "GET /xingrg/all/function/internal_message.html?_=1600310847077&CODE_STATE=getMsg HTTP/1.1" 200 27
114.86.231.183 - - [17/Sep/2020:10:42:25 +0800] "GET /xingrg/kc/buy/cgsh_order_operate.html?command=get_materiel&rest_code=00109&code=00101008197&supplier_code=00100005&order_time=2020-09-17 HTTP/1.1" 200 416
222.69.131.255 - - [17/Sep/2020:10:42:27 +0800] "GET /xingrg/all/function/internal_message.html?_=1600310540383&CODE_STATE=getMsg HTTP/1.1" 200 27
116.238.71.173 - - [17/Sep/2020:10:42:27 +0800] "GET /xingrg/all/function/internal_message.html?_=1600310667187&CODE_STATE=getMsg HTTP/1.1" 200 27
61.129.6.251 - - [17/Sep/2020:10:42:29 +0800] "GET /xingrg/login.html HTTP/1.1" 200 7641
116.230.74.197 - - [17/Sep/2020:10:42:31 +0800] "POST /xingrg/kc/buy/cgsh_order_operate.html HTTP/1.1" 200 37
116.230.74.197 - - [17/Sep/2020:10:42:32 +0800] "POST /xingrg/kc/buy/cgsh_order_operate.html HTTP/1.1" 200 5598
114.86.231.183 - - [17/Sep/2020:10:42:33 +0800] "GET /xingrg/kc/buy/cgsh_order_operate.html?command=get_materiel&rest_code=00109&code=00101008085&supplier_code=00100005&order_time=2020-09-17 HTTP/1.1" 200 412
116.230.74.197 - - [17/Sep/2020:10:42:34 +0800] "GET /xingrg/kc/print/load_config.html?kc_code=cgsh HTTP/1.1" 200 1845
116.230.74.197 - - [17/Sep/2020:10:42:34 +0800] "GET /xingrg/kc/print/load_data.html?order_code=212020091707126&kc_code=cgsh&condition= HTTP/1.1" 200 1842
180.157.253.48 - - [17/Sep/2020:10:42:38 +0800] "GET /xingrg/kc/buy/cgsh_order_operate.html?command=get_materiel&rest_code=00148&code=00101016017&supplier_code=00100036&order_time=2020-09-17 HTTP/1.1" 200 408
116.230.74.197 - - [17/Sep/2020:10:42:40 +0800] "GET /xingrg/kc/buy/cgsh_order_add.html HTTP/1.1" 200 59828
116.230.74.197 - - [17/Sep/2020:10:42:40 +0800] "GET /xingrg/words/20200917103952_words.js HTTP/1.1" 304 -
116.230.74.197 - - [17/Sep/2020:10:42:41 +0800] "GET /xingrg/javascript/easyui/themes/default/validatebox.css HTTP/1.1" 404 1104
116.230.74.197 - - [17/Sep/2020:10:42:41 +0800] "POST /xingrg/kc/buy/cgsh_order_operate.html HTTP/1.1" 200 8245
114.82.29.189 - - [17/Sep/2020:10:42:41 +0800] "GET /xingrg/all/function/internal_message.html?_=1600310544518&CODE_STATE=getMsg HTTP/1.1" 200 27
114.88.166.242 - - [17/Sep/2020:10:42:42 +0800] "GET /xingrg/all/function/internal_message.html?_=1600310557896&CODE_STATE=getMsg HTTP/1.1" 200 27
114.86.231.183 - - [17/Sep/2020:10:42:43 +0800] "POST /xingrg/kc/buy/cgsh_order_operate.html HTTP/1.1" 200 37
116.230.74.197 - - [17/Sep/2020:10:42:44 +0800] "GET /xingrg/all/function/internal_message.html?_=1600310557033&CODE_STATE=getMsg HTTP/1.1" 200 27
114.86.231.183 - - [17/Sep/2020:10:42:45 +0800] "POST /xingrg/kc/buy/cgsh_order_operate.html HTTP/1.1" 200 19234
180.157.253.48 - - [17/Sep/2020:10:42:45 +0800] "GET /xingrg/all/function/internal_message.html?_=1600310556934&CODE_STATE=getMsg HTTP/1.1" 200 27
180.157.253.48 - - [17/Sep/2020:10:42:49 +0800] "GET /xingrg/kc/buy/cgsh_order_operate.html?command=get_materiel&rest_code=00148&code=00101005037&supplier_code=00100036&order_time=2020-09-17 HTTP/1.1" 200 429
117.131.5.26 - - [17/Sep/2020:10:42:50 +0800] "GET /xingrg/all/function/internal_message.html?_=1600310588095&CODE_STATE=getMsg HTTP/1.1" 200 27
114.88.166.242 - - [17/Sep/2020:10:42:50 +0800] "GET /xingrg/all/function/internal_message.html?_=1600310636344&CODE_STATE=getMsg HTTP/1.1" 200 27
172.17.0.120 - - [17/Sep/2020:10:42:52 +0800] "GET /xingrg/all/function/internal_message.html?_=1600310570828&CODE_STATE=getMsg HTTP/1.1" 200 27
180.157.253.48 - - [17/Sep/2020:10:42:56 +0800] "GET /xingrg/kc/buy/cgsh_order_operate.html?command=get_materiel&rest_code=00148&code=00101016053&supplier_code=00100036&order_time=2020-09-17 HTTP/1.1" 200 408
180.157.253.48 - - [17/Sep/2020:10:43:00 +0800] "GET /xingrg/javascript/easyui/themes/default/images/button_plain_hover.png HTTP/1.1" 304 -
180.157.253.48 - - [17/Sep/2020:10:43:00 +0800] "GET /xingrg/javascript/easyui/themes/default/images/button_plain_hover.png HTTP/1.1" 304 -
180.157.253.48 - - [17/Sep/2020:10:43:00 +0800] "GET /xingrg/javascript/easyui/themes/default/images/button_plain_hover.png HTTP/1.1" 304 -
180.157.253.48 - - [17/Sep/2020:10:43:00 +0800] "GET /xingrg/javascript/easyui/themes/default/images/button_plain_hover.png HTTP/1.1" 304 -
180.157.253.48 - - [17/Sep/2020:10:43:00 +0800] "GET /xingrg/javascript/easyui/themes/default/images/button_plain_hover.png HTTP/1.1" 304 -
180.157.253.48 - - [17/Sep/2020:10:43:02 +0800] "POST /xingrg/kc/buy/cgsh_order_operate.html HTTP/1.1" 200 37
61.129.6.251 - - [17/Sep/2020:10:43:03 +0800] "GET /xingrg/all/function/internal_message.html?_=1600309729100&CODE_STATE=getMsg HTTP/1.1" 302 -
180.157.253.48 - - [17/Sep/2020:10:43:05 +0800] "POST /xingrg/kc/buy/cgsh_order_operate.html HTTP/1.1" 200 6805
58.37.9.106 - - [17/Sep/2020:10:43:06 +0800] "GET /xingrg/all/function/internal_message.html?_=1600310568774&CODE_STATE=getMsg HTTP/1.1" 200 27
116.238.71.173 - - [17/Sep/2020:10:43:07 +0800] "GET /xingrg/all/function/internal_message.html?_=1600310585484&CODE_STATE=getMsg HTTP/1.1" 200 27
117.184.7.30 - - [17/Sep/2020:10:43:07 +0800] "GET /xingrg/all/function/internal_message.html?_=1600310579376&CODE_STATE=getMsg HTTP/1.1" 200 27
61.129.6.251 - - [17/Sep/2020:10:43:07 +0800] "GET /xingrg/login.html HTTP/1.1" 200 7641
172.17.200.101 - - [17/Sep/2020:10:43:09 +0800] "GET /xingrg/all/function/internal_message.html?_=1600310590738&CODE_STATE=getMsg HTTP/1.1" 302 -
114.82.29.189 - - [17/Sep/2020:10:43:09 +0800] "GET /xingrg/all/function/internal_message.html?_=1600310589775&CODE_STATE=getMsg HTTP/1.1" 200 27
114.82.29.189 - - [17/Sep/2020:10:43:11 +0800] "GET /xingrg/check_reg.html?_=1600310591103 HTTP/1.1" 200 22
222.69.160.252 - - [17/Sep/2020:10:43:13 +0800] "GET /xingrg/all/function/internal_message.html?_=1600310419825&CODE_STATE=getMsg HTTP/1.1" 200 27
172.17.0.108 - - [17/Sep/2020:10:43:15 +0800] "GET /xingrg/all/function/internal_message.html?_=1600310593096&CODE_STATE=getMsg HTTP/1.1" 200 27
114.86.231.183 - - [17/Sep/2020:10:43:21 +0800] "GET /xingrg/all/function/internal_message.html?_=1600310605064&CODE_STATE=getMsg HTTP/1.1" 200 27
114.86.231.183 - - [17/Sep/2020:10:43:21 +0800] "GET /xingrg/check_reg.html?_=1600310605065 HTTP/1.1" 200 22
117.185.32.26 - - [17/Sep/2020:10:43:24 +0800] "GET /xingrg/all/function/internal_message.html?_=1600310600429&CODE_STATE=getMsg HTTP/1.1" 200 27
125.77.95.29 - - [17/Sep/2020:10:43:25 +0800] "GET /xingrg/check_reg.html?_=1600310907077 HTTP/1.1" 200 22
125.77.95.29 - - [17/Sep/2020:10:43:25 +0800] "GET /xingrg/all/function/internal_message.html?_=1600310907083&CODE_STATE=getMsg HTTP/1.1" 200 27
116.238.71.173 - - [17/Sep/2020:10:43:26 +0800] "GET /xingrg/check_reg.html?_=1600310726606 HTTP/1.1" 200 22
222.69.131.255 - - [17/Sep/2020:10:43:27 +0800] "GET /xingrg/all/function/internal_message.html?_=1600310600383&CODE_STATE=getMsg HTTP/1.1" 200 27
116.238.71.173 - - [17/Sep/2020:10:43:27 +0800] "GET /xingrg/all/function/internal_message.html?_=1600310727201&CODE_STATE=getMsg HTTP/1.1" 200 27
114.82.29.189 - - [17/Sep/2020:10:43:41 +0800] "GET /xingrg/all/function/internal_message.html?_=1600310604503&CODE_STATE=getMsg HTTP/1.1" 200 27
114.86.231.183 - - [17/Sep/2020:10:43:42 +0800] "GET /xingrg/kc/buy/cgsh_order_operate.html?command=get_materiel&rest_code=00109&code=00101015012&supplier_code=00100005&order_time=2020-09-17 HTTP/1.1" 200 412
114.88.166.242 - - [17/Sep/2020:10:43:42 +0800] "GET /xingrg/all/function/internal_message.html?_=1600310617951&CODE_STATE=getMsg HTTP/1.1" 200 27
116.230.74.197 - - [17/Sep/2020:10:43:44 +0800] "GET /xingrg/all/function/internal_message.html?_=1600310617026&CODE_STATE=getMsg HTTP/1.1" 200 27
180.157.253.48 - - [17/Sep/2020:10:43:45 +0800] "GET /xingrg/all/function/internal_message.html?_=1600310616938&CODE_STATE=getMsg HTTP/1.1" 200 27
114.86.231.183 - - [17/Sep/2020:10:43:48 +0800] "GET /xingrg/kc/buy/cgsh_order_operate.html?command=get_materiel&rest_code=00109&code=00101008529&supplier_code=00100005&order_time=2020-09-17 HTTP/1.1" 200 403
61.129.6.145 - - [17/Sep/2020:10:43:49 +0800] "GET /xingrg/all/function/internal_message.html?_=1600309909039&CODE_STATE=getMsg HTTP/1.1" 302 -
117.131.5.26 - - [17/Sep/2020:10:43:50 +0800] "GET /xingrg/all/function/internal_message.html?_=1600310648094&CODE_STATE=getMsg HTTP/1.1" 200 27
114.88.166.242 - - [17/Sep/2020:10:43:50 +0800] "GET /xingrg/all/function/internal_message.html?_=1600310696343&CODE_STATE=getMsg HTTP/1.1" 200 27
172.17.0.120 - - [17/Sep/2020:10:43:52 +0800] "GET /xingrg/all/function/internal_message.html?_=1600310630830&CODE_STATE=getMsg HTTP/1.1" 200 27
114.86.231.183 - - [17/Sep/2020:10:43:53 +0800] "GET /xingrg/kc/buy/cgsh_order_operate.html?command=get_materiel&rest_code=00109&code=00101008349&supplier_code=00100005&order_time=2020-09-17 HTTP/1.1" 200 412
61.129.6.145 - - [17/Sep/2020:10:43:55 +0800] "GET /xingrg/login.html HTTP/1.1" 200 7641
116.238.216.197 - - [17/Sep/2020:10:43:58 +0800] "GET /xingrg/check_reg.html?_=1600310844920 HTTP/1.1" 200 22
114.86.231.183 - - [17/Sep/2020:10:44:01 +0800] "GET /xingrg/kc/buy/cgsh_order_operate.html?command=get_materiel&rest_code=00109&code=00101008107&supplier_code=00100005&order_time=2020-09-17 HTTP/1.1" 200 412
114.86.231.183 - - [17/Sep/2020:10:44:02 +0800] "POST /xingrg/kc/buy/cgsh_order_operate.html HTTP/1.1" 200 2065
