172.17.0.120 - - [17/Sep/2020:09:23:39 +0800] "GET /xingrg/images/blue/pingpu.png HTTP/1.1" 304 -
172.17.0.120 - - [17/Sep/2020:09:23:39 +0800] "GET /xingrg/javascript/jquery_easy_ui/themes/default/images/panel_tool_expand.gif HTTP/1.1" 304 -
172.17.0.120 - - [17/Sep/2020:09:23:39 +0800] "GET /xingrg/javascript/jquery_easy_ui/themes/default/images/panel_tool_collapse.gif HTTP/1.1" 304 -
172.17.0.120 - - [17/Sep/2020:09:23:39 +0800] "POST /xingrg/load_menu.html HTTP/1.1" 200 11408
114.82.29.189 - - [17/Sep/2020:09:23:41 +0800] "GET /xingrg/all/function/internal_message.html?_=1600305804603&CODE_STATE=getMsg HTTP/1.1" 200 27
114.88.166.242 - - [17/Sep/2020:09:23:42 +0800] "GET /xingrg/kc/buy/cgsh_order_add.html HTTP/1.1" 200 59781
114.88.166.242 - - [17/Sep/2020:09:23:42 +0800] "POST /xingrg/kc/buy/cgsh_order_operate.html HTTP/1.1" 200 8245
114.88.166.242 - - [17/Sep/2020:09:23:42 +0800] "GET /xingrg/javascript/easyui/themes/default/validatebox.css HTTP/1.1" 404 1104
114.86.231.183 - - [17/Sep/2020:09:23:42 +0800] "GET /xingrg/kc/buy/cgsh_order_operate.html?command=get_materiel&rest_code=00109&code=00101009062&supplier_code=00100022&order_time=2020-09-17 HTTP/1.1" 200 433
172.17.0.120 - - [17/Sep/2020:09:23:43 +0800] "POST /xingrg/all/user/operate.html HTTP/1.1" 200 36
172.17.0.120 - - [17/Sep/2020:09:23:43 +0800] "GET /xingrg/index.html?sysBaseUrl=http%3A%2F%2F172.17.0.8%3A18081%2Fxingrg%2F&costTime=41×tamp=1600305819130 HTTP/1.1" 200 17448
172.17.0.120 - - [17/Sep/2020:09:23:43 +0800] "GET /xingrg/javascript/jquery_easy_ui/themes/default/easyui.css HTTP/1.1" 304 -
172.17.0.120 - - [17/Sep/2020:09:23:43 +0800] "GET /xingrg/javascript/jquery_easy_ui/themes/icon.css HTTP/1.1" 304 -
172.17.0.120 - - [17/Sep/2020:09:23:43 +0800] "GET /xingrg/css/form.css HTTP/1.1" 304 -
172.17.0.120 - - [17/Sep/2020:09:23:43 +0800] "GET /xingrg/javascript/jquery-1.4.2.min.js HTTP/1.1" 304 -
172.17.0.120 - - [17/Sep/2020:09:23:43 +0800] "GET /xingrg/javascript/jquery_easy_ui/jquery.easyui.min.js HTTP/1.1" 304 -
172.17.0.120 - - [17/Sep/2020:09:23:43 +0800] "GET /xingrg/javascript/jquery_easy_ui/easyui-lang-zh_CN.js HTTP/1.1" 304 -
172.17.0.120 - - [17/Sep/2020:09:23:43 +0800] "GET /xingrg/javascript/jquery.form.js HTTP/1.1" 304 -
172.17.0.120 - - [17/Sep/2020:09:23:43 +0800] "GET /xingrg/javascript/jquery.utils.js HTTP/1.1" 304 -
172.17.0.120 - - [17/Sep/2020:09:23:43 +0800] "GET /xingrg/javascript/jquery.timers.js HTTP/1.1" 304 -
172.17.0.120 - - [17/Sep/2020:09:23:43 +0800] "GET /xingrg/images/blue/jxLogo.png HTTP/1.1" 304 -
172.17.0.120 - - [17/Sep/2020:09:23:43 +0800] "GET /xingrg/images/blue/navBackgound.jpg HTTP/1.1" 304 -
172.17.0.120 - - [17/Sep/2020:09:23:43 +0800] "GET /xingrg/javascript/jquery_easy_ui/themes/icons/settle_new.png HTTP/1.1" 304 -
172.17.0.120 - - [17/Sep/2020:09:23:43 +0800] "POST /xingrg/all/common/load_tree.html?tree=area_rest_tree_json&manage=1 HTTP/1.1" 200 3216
172.17.0.120 - - [17/Sep/2020:09:23:43 +0800] "GET /xingrg/all/function/internal_message.html?_=1600305822346&CODE_STATE=count HTTP/1.1" 200 11
172.17.0.120 - - [17/Sep/2020:09:23:43 +0800] "GET /xingrg/check_reg.html?_=1600305822347 HTTP/1.1" 200 22
172.17.0.120 - - [17/Sep/2020:09:23:43 +0800] "GET /xingrg/javascript/jquery_easy_ui/themes/default/images/tabs_leftarrow.png HTTP/1.1" 304 -
172.17.0.120 - - [17/Sep/2020:09:23:43 +0800] "GET /xingrg/javascript/jquery_easy_ui/themes/default/images/panel_tool_expand.gif HTTP/1.1" 304 -
172.17.0.120 - - [17/Sep/2020:09:23:44 +0800] "GET /xingrg/javascript/jquery_easy_ui/themes/default/images/panel_tool_collapse.gif HTTP/1.1" 304 -
172.17.0.120 - - [17/Sep/2020:09:23:44 +0800] "GET /xingrg/javascript/jquery_easy_ui/themes/default/images/tabs_rightarrow.png HTTP/1.1" 304 -
172.17.0.120 - - [17/Sep/2020:09:23:44 +0800] "GET /xingrg/images/blue/pingpu.png HTTP/1.1" 304 -
172.17.0.120 - - [17/Sep/2020:09:23:44 +0800] "POST /xingrg/load_menu.html HTTP/1.1" 200 9924
172.17.0.120 - - [17/Sep/2020:09:23:47 +0800] "GET /xingrg/kc/buy/buy_main.html HTTP/1.1" 200 12377
172.17.0.120 - - [17/Sep/2020:09:23:47 +0800] "GET /xingrg/css/new_ie.css HTTP/1.1" 404 1036
114.88.166.242 - - [17/Sep/2020:09:23:48 +0800] "GET /xingrg/kc/buy/cgsh_order_operate.html?command=get_materiel&rest_code=00111&code=00101006111&supplier_code=00100012&order_time=2020-09-17 HTTP/1.1" 200 409
172.17.0.120 - - [17/Sep/2020:09:23:48 +0800] "GET /xingrg/images/yd/bt.gif HTTP/1.1" 404 1040
172.17.0.120 - - [17/Sep/2020:09:23:48 +0800] "GET /xingrg/kc/buy/cgsh_order_list.html HTTP/1.1" 200 44278
172.17.0.120 - - [17/Sep/2020:09:23:48 +0800] "GET /xingrg/javascript/print/LodopFuncs.js HTTP/1.1" 200 5121
172.17.0.120 - - [17/Sep/2020:09:23:49 +0800] "GET /xingrg/javascript/easyui/themes/icons/import_new.png HTTP/1.1" 200 1247
116.230.74.197 - - [17/Sep/2020:09:23:49 +0800] "GET /xingrg/all/function/internal_message.html?_=1600305821857&CODE_STATE=getMsg HTTP/1.1" 200 27
172.17.0.120 - - [17/Sep/2020:09:23:49 +0800] "POST /xingrg/kc/buy/cgsh_list_operate.html HTTP/1.1" 200 876
117.131.5.26 - - [17/Sep/2020:09:23:50 +0800] "GET /xingrg/all/function/internal_message.html?_=1600305847987&CODE_STATE=getMsg HTTP/1.1" 200 27
218.81.217.115 - - [17/Sep/2020:09:23:53 +0800] "GET /xingrg/kc/buy/cgsh_order_operate.html?command=get_materiel&rest_code=00146&code=00101008196&supplier_code=00100005&order_time=2020-09-17 HTTP/1.1" 200 416
114.88.166.242 - - [17/Sep/2020:09:23:53 +0800] "GET /xingrg/kc/buy/cgsh_order_operate.html?command=get_materiel&rest_code=00111&code=00101006109&supplier_code=00100012&order_time=2020-09-17 HTTP/1.1" 200 409
172.17.0.120 - - [17/Sep/2020:09:23:53 +0800] "GET /xingrg/javascript/jquery_tools/images/next.gif HTTP/1.1" 404 1086
172.17.0.120 - - [17/Sep/2020:09:23:53 +0800] "GET /xingrg/javascript/jquery_tools/images/prev.gif HTTP/1.1" 404 1086
114.86.231.183 - - [17/Sep/2020:09:23:55 +0800] "GET /xingrg/kc/buy/cgsh_order_operate.html?command=get_materiel&rest_code=00109&code=00101009059&supplier_code=00100022&order_time=2020-09-17 HTTP/1.1" 200 409
116.230.74.197 - - [17/Sep/2020:09:23:58 +0800] "GET /xingrg/kc/buy/cgsh_order_operate.html?command=get_materiel&rest_code=00107&code=00101009062&supplier_code=00100006&order_time=2020-09-17 HTTP/1.1" 200 433
116.238.216.197 - - [17/Sep/2020:09:23:58 +0800] "GET /xingrg/check_reg.html?_=1600306044623 HTTP/1.1" 200 22
172.17.0.120 - - [17/Sep/2020:09:23:58 +0800] "POST /xingrg/kc/buy/cgsh_list_operate.html HTTP/1.1" 200 2447
116.238.71.173 - - [17/Sep/2020:09:24:00 +0800] "GET /xingrg/all/function/internal_message.html?_=1600305960263&CODE_STATE=getMsg HTTP/1.1" 200 27
114.88.166.242 - - [17/Sep/2020:09:24:00 +0800] "GET /xingrg/kc/buy/cgsh_order_operate.html?command=get_materiel&rest_code=00111&code=00101018011&supplier_code=00100012&order_time=2020-09-17 HTTP/1.1" 200 415
172.17.200.101 - - [17/Sep/2020:09:24:04 +0800] "GET /xingrg/all/function/internal_message.html?_=1600305846183&CODE_STATE=getMsg HTTP/1.1" 200 27
117.184.7.26 - - [17/Sep/2020:09:24:05 +0800] "GET /xingrg/all/function/internal_message.html?_=1600305838013&CODE_STATE=getMsg HTTP/1.1" 200 27
114.88.166.242 - - [17/Sep/2020:09:24:07 +0800] "GET /xingrg/kc/buy/cgsh_order_operate.html?command=get_materiel&rest_code=00111&code=00101006055&supplier_code=00100012&order_time=2020-09-17 HTTP/1.1" 200 409
58.37.9.106 - - [17/Sep/2020:09:24:08 +0800] "GET /xingrg/all/function/internal_message.html?_=1600305830587&CODE_STATE=getMsg HTTP/1.1" 200 27
116.230.74.197 - - [17/Sep/2020:09:24:10 +0800] "POST /xingrg/kc/buy/cgsh_order_operate.html HTTP/1.1" 200 2065
114.82.29.189 - - [17/Sep/2020:09:24:11 +0800] "GET /xingrg/all/function/internal_message.html?_=1600305851185&CODE_STATE=getMsg HTTP/1.1" 200 27
116.238.71.173 - - [17/Sep/2020:09:24:11 +0800] "GET /xingrg/all/function/internal_message.html?_=1600305850012&CODE_STATE=getMsg HTTP/1.1" 200 27
114.86.231.183 - - [17/Sep/2020:09:24:12 +0800] "GET /xingrg/kc/buy/cgsh_order_operate.html?command=get_materiel&rest_code=00109&code=00101009062&supplier_code=00100022&order_time=2020-09-17 HTTP/1.1" 200 433
218.81.217.115 - - [17/Sep/2020:09:24:13 +0800] "GET /xingrg/kc/buy/cgsh_order_operate.html?command=get_materiel&rest_code=00146&code=00101008069&supplier_code=00100005&order_time=2020-09-17 HTTP/1.1" 200 412
172.17.0.108 - - [17/Sep/2020:09:24:15 +0800] "GET /xingrg/all/function/internal_message.html?_=1600305852639&CODE_STATE=getMsg HTTP/1.1" 200 27
114.88.166.242 - - [17/Sep/2020:09:24:16 +0800] "GET /xingrg/kc/buy/cgsh_order_operate.html?command=get_materiel&rest_code=00111&code=00101006056&supplier_code=00100012&order_time=2020-09-17 HTTP/1.1" 200 413
114.86.231.183 - - [17/Sep/2020:09:24:20 +0800] "GET /xingrg/all/function/internal_message.html?_=1600305908640&CODE_STATE=getMsg HTTP/1.1" 200 27
116.230.74.197 - - [17/Sep/2020:09:24:20 +0800] "GET /xingrg/kc/buy/cgsh_order_operate.html?command=get_materiel&rest_code=00107&code=00101008350&supplier_code=00100006&order_time=2020-09-17 HTTP/1.1" 200 408
114.88.166.242 - - [17/Sep/2020:09:24:20 +0800] "GET /xingrg/kc/buy/cgsh_order_operate.html?command=get_materiel&rest_code=00111&code=00101006065&supplier_code=00100012&order_time=2020-09-17 HTTP/1.1" 200 409
114.86.231.183 - - [17/Sep/2020:09:24:21 +0800] "GET /xingrg/all/function/internal_message.html?_=1600305864575&CODE_STATE=getMsg HTTP/1.1" 200 27
218.81.217.115 - - [17/Sep/2020:09:24:28 +0800] "GET /xingrg/kc/buy/cgsh_order_operate.html?command=get_materiel&rest_code=00146&code=00101008286&supplier_code=00100005&order_time=2020-09-17 HTTP/1.1" 200 408
222.69.131.255 - - [17/Sep/2020:09:24:28 +0800] "GET /xingrg/check_reg.html?_=1600305861990 HTTP/1.1" 200 22
222.69.131.255 - - [17/Sep/2020:09:24:28 +0800] "GET /xingrg/all/function/internal_message.html?_=1600305861995&CODE_STATE=getMsg HTTP/1.1" 200 27
114.88.166.242 - - [17/Sep/2020:09:24:29 +0800] "GET /xingrg/all/function/internal_message.html?_=1600305935397&CODE_STATE=getMsg HTTP/1.1" 200 27
116.238.71.173 - - [17/Sep/2020:09:24:33 +0800] "POST /xingrg/all/user/operate.html HTTP/1.1" 200 36
116.238.71.173 - - [17/Sep/2020:09:24:33 +0800] "GET /xingrg/javascript/jquery_easy_ui/themes/default/easyui.css HTTP/1.1" 304 -
116.238.71.173 - - [17/Sep/2020:09:24:33 +0800] "GET /xingrg/index.html?sysBaseUrl=http%3A%2F%2F180.169.147.146%3A18081%2Fxingrg%2F&costTime=45×tamp=1600219912571 HTTP/1.1" 200 17179
116.238.71.173 - - [17/Sep/2020:09:24:33 +0800] "GET /xingrg/javascript/jquery_easy_ui/themes/icon.css HTTP/1.1" 304 -
116.238.71.173 - - [17/Sep/2020:09:24:33 +0800] "GET /xingrg/css/form.css HTTP/1.1" 304 -
116.238.71.173 - - [17/Sep/2020:09:24:33 +0800] "GET /xingrg/javascript/jquery-1.4.2.min.js HTTP/1.1" 304 -
116.238.71.173 - - [17/Sep/2020:09:24:33 +0800] "GET /xingrg/javascript/jquery_easy_ui/jquery.easyui.min.js HTTP/1.1" 304 -
116.238.71.173 - - [17/Sep/2020:09:24:33 +0800] "GET /xingrg/javascript/jquery_easy_ui/easyui-lang-zh_CN.js HTTP/1.1" 304 -
116.238.71.173 - - [17/Sep/2020:09:24:33 +0800] "GET /xingrg/javascript/jquery.form.js HTTP/1.1" 304 -
116.238.71.173 - - [17/Sep/2020:09:24:33 +0800] "GET /xingrg/javascript/jquery.utils.js HTTP/1.1" 304 -
116.238.71.173 - - [17/Sep/2020:09:24:33 +0800] "GET /xingrg/javascript/jquery.timers.js HTTP/1.1" 304 -
116.238.71.173 - - [17/Sep/2020:09:24:33 +0800] "GET /xingrg/images/blue/jxLogo.png HTTP/1.1" 304 -
116.238.71.173 - - [17/Sep/2020:09:24:33 +0800] "GET /xingrg/images/blue/navBackgound.jpg HTTP/1.1" 304 -
116.238.71.173 - - [17/Sep/2020:09:24:33 +0800] "GET /xingrg/javascript/jquery_easy_ui/themes/icons/settle_new.png HTTP/1.1" 304 -
116.238.71.173 - - [17/Sep/2020:09:24:33 +0800] "POST /xingrg/all/common/load_tree.html?tree=area_rest_tree_json&manage=1 HTTP/1.1" 200 476
116.238.71.173 - - [17/Sep/2020:09:24:33 +0800] "GET /xingrg/images/blue/pingpu.png HTTP/1.1" 304 -
116.238.71.173 - - [17/Sep/2020:09:24:33 +0800] "GET /xingrg/javascript/jquery_easy_ui/themes/default/images/tabs_leftarrow.png HTTP/1.1" 304 -
116.238.71.173 - - [17/Sep/2020:09:24:33 +0800] "GET /xingrg/javascript/jquery_easy_ui/themes/default/images/tabs_rightarrow.png HTTP/1.1" 304 -
116.238.71.173 - - [17/Sep/2020:09:24:33 +0800] "GET /xingrg/javascript/jquery_easy_ui/themes/default/images/panel_tool_collapse.gif HTTP/1.1" 304 -
116.238.71.173 - - [17/Sep/2020:09:24:33 +0800] "GET /xingrg/check_reg.html?_=1600305993639 HTTP/1.1" 200 22
116.238.71.173 - - [17/Sep/2020:09:24:33 +0800] "GET /xingrg/all/function/internal_message.html?_=1600305993639&CODE_STATE=count HTTP/1.1" 200 11
116.238.71.173 - - [17/Sep/2020:09:24:33 +0800] "POST /xingrg/load_menu.html HTTP/1.1" 200 5138
114.88.166.242 - - [17/Sep/2020:09:24:35 +0800] "POST /xingrg/kc/buy/cgsh_order_operate.html HTTP/1.1" 200 37
114.86.231.183 - - [17/Sep/2020:09:24:35 +0800] "GET /xingrg/javascript/auto/indicator.gif HTTP/1.1" 404 1066
218.81.217.115 - - [17/Sep/2020:09:24:35 +0800] "GET /xingrg/check_reg.html?_=1600305882900 HTTP/1.1" 200 22
114.86.231.183 - - [17/Sep/2020:09:24:35 +0800] "GET /xingrg/kc/buy/cgsh_order_operate.html?command=get_materiel&rest_code=00109&code=00101009007&supplier_code=00100022&order_time=2020-09-17 HTTP/1.1" 200 408
114.88.166.242 - - [17/Sep/2020:09:24:36 +0800] "POST /xingrg/kc/buy/cgsh_order_operate.html HTTP/1.1" 200 6788
114.88.166.242 - - [17/Sep/2020:09:24:36 +0800] "GET /xingrg/kc/print/load_data.html?order_code=212020091707081&kc_code=cgsh&condition= HTTP/1.1" 200 2326
114.88.166.242 - - [17/Sep/2020:09:24:37 +0800] "GET /xingrg/all/function/internal_message.html?_=1600305873715&CODE_STATE=getMsg HTTP/1.1" 200 27
218.81.217.115 - - [17/Sep/2020:09:24:38 +0800] "GET /xingrg/kc/buy/cgsh_order_operate.html?command=get_materiel&rest_code=00146&code=00101008006&supplier_code=00100005&order_time=2020-09-17 HTTP/1.1" 200 416
116.238.71.173 - - [17/Sep/2020:09:24:39 +0800] "GET /xingrg/css/base.css HTTP/1.1" 304 -
116.238.71.173 - - [17/Sep/2020:09:24:39 +0800] "GET /xingrg/javascript/easyui/themes/default/easyui.css HTTP/1.1" 304 -
116.238.71.173 - - [17/Sep/2020:09:24:39 +0800] "GET /xingrg/css/site.css HTTP/1.1" 304 -
116.238.71.173 - - [17/Sep/2020:09:24:39 +0800] "GET /xingrg/javascript/auto/jquery.autocomplete.css HTTP/1.1" 304 -
116.238.71.173 - - [17/Sep/2020:09:24:39 +0800] "GET /xingrg/javascript/jquery_tools/jquery.tools.min.js HTTP/1.1" 304 -
116.238.71.173 - - [17/Sep/2020:09:24:39 +0800] "GET /xingrg/javascript/jquery_tools/datebox.css HTTP/1.1" 304 -
116.238.71.173 - - [17/Sep/2020:09:24:39 +0800] "GET /xingrg/javascript/jquery_tools/table.css HTTP/1.1" 304 -
116.238.71.173 - - [17/Sep/2020:09:24:39 +0800] "GET /xingrg/javascript/easyui/themes/icon.css HTTP/1.1" 304 -
116.238.71.173 - - [17/Sep/2020:09:24:39 +0800] "GET /xingrg/javascript/jquery_tools/fix.css HTTP/1.1" 304 -
116.238.71.173 - - [17/Sep/2020:09:24:39 +0800] "GET /xingrg/javascript/jquery_tools/jquery.tools.extend.js HTTP/1.1" 304 -
116.238.71.173 - - [17/Sep/2020:09:24:39 +0800] "GET /xingrg/javascript/auto/jquery.autocomplete.js HTTP/1.1" 304 -
116.238.71.173 - - [17/Sep/2020:09:24:39 +0800] "GET /xingrg/javascript/jquery_tools/jquery.tools.hotkey.js HTTP/1.1" 304 -
116.238.71.173 - - [17/Sep/2020:09:24:39 +0800] "GET /xingrg/javascript/jquery.cookie.js HTTP/1.1" 304 -
116.238.71.173 - - [17/Sep/2020:09:24:39 +0800] "GET /xingrg/javascript/easyui/easyloader.js HTTP/1.1" 304 -
116.238.71.173 - - [17/Sep/2020:09:24:39 +0800] "GET /xingrg/javascript/jquery_tools/list_manager.js HTTP/1.1" 304 -
116.238.71.173 - - [17/Sep/2020:09:24:39 +0800] "GET /xingrg/javascript/print/LodopFuncs.js HTTP/1.1" 304 -
116.238.71.173 - - [17/Sep/2020:09:24:39 +0800] "GET /xingrg/javascript/jquery_tools/jquery.tools.table.js HTTP/1.1" 304 -
116.238.71.173 - - [17/Sep/2020:09:24:39 +0800] "GET /xingrg/kc/buy/cgsh_order_list.html HTTP/1.1" 200 44049
116.238.71.173 - - [17/Sep/2020:09:24:39 +0800] "GET /xingrg/javascript/easyui/plugins/jquery.parser.js HTTP/1.1" 304 -
116.238.71.173 - - [17/Sep/2020:09:24:40 +0800] "POST /xingrg/kc/buy/cgsh_list_operate.html HTTP/1.1" 200 1691
114.82.29.189 - - [17/Sep/2020:09:24:41 +0800] "GET /xingrg/all/function/internal_message.html?_=1600305864604&CODE_STATE=getMsg HTTP/1.1" 200 27
114.86.231.183 - - [17/Sep/2020:09:24:43 +0800] "POST /xingrg/kc/buy/cgsh_order_operate.html HTTP/1.1" 200 37
116.238.71.173 - - [17/Sep/2020:09:24:43 +0800] "GET /xingrg/javascript/pic_change.js HTTP/1.1" 304 -
116.238.71.173 - - [17/Sep/2020:09:24:43 +0800] "GET /xingrg/javascript/convert.js HTTP/1.1" 304 -
116.238.71.173 - - [17/Sep/2020:09:24:43 +0800] "GET /xingrg/javascript/json2.js HTTP/1.1" 304 -
116.238.71.173 - - [17/Sep/2020:09:24:43 +0800] "GET /xingrg/javascript/jquery_tools/order_manager.js HTTP/1.1" 304 -
116.238.71.173 - - [17/Sep/2020:09:24:43 +0800] "GET /xingrg/javascript/print/kc_print.js HTTP/1.1" 304 -
116.238.71.173 - - [17/Sep/2020:09:24:43 +0800] "GET /xingrg/kc/buy/cgsh_order_add.html HTTP/1.1" 200 59717
116.238.71.173 - - [17/Sep/2020:09:24:43 +0800] "GET /xingrg/words/20200916143002_words.js HTTP/1.1" 304 -
116.238.71.173 - - [17/Sep/2020:09:24:43 +0800] "POST /xingrg/kc/buy/cgsh_order_operate.html HTTP/1.1" 200 8245
116.238.71.173 - - [17/Sep/2020:09:24:43 +0800] "GET /xingrg/all/common/auto_word.html?type=employee&rest_code=00150 HTTP/1.1" 200 205
116.238.71.173 - - [17/Sep/2020:09:24:43 +0800] "GET /xingrg/all/common/auto_word.html?type=employee&rest_code=00150 HTTP/1.1" 200 205
116.238.71.173 - - [17/Sep/2020:09:24:43 +0800] "GET /xingrg/javascript/easyui/themes/default/validatebox.css HTTP/1.1" 404 1104
116.238.71.173 - - [17/Sep/2020:09:24:43 +0800] "GET /xingrg/javascript/easyui/plugins/jquery.validatebox.js HTTP/1.1" 304 -
116.238.71.173 - - [17/Sep/2020:09:24:43 +0800] "GET /xingrg/javascript/easyui/plugins/jquery.numberbox.js HTTP/1.1" 304 -
172.17.0.120 - - [17/Sep/2020:09:24:44 +0800] "GET /xingrg/all/function/internal_message.html?_=1600305882349&CODE_STATE=getMsg HTTP/1.1" 200 27
114.86.231.183 - - [17/Sep/2020:09:24:44 +0800] "POST /xingrg/kc/buy/cgsh_order_operate.html HTTP/1.1" 200 6207
116.238.71.173 - - [17/Sep/2020:09:24:46 +0800] "GET /xingrg/javascript/auto/indicator.gif HTTP/1.1" 404 1066
114.86.231.183 - - [17/Sep/2020:09:24:48 +0800] "GET /xingrg/kc/print/load_config.html?kc_code=cgsh HTTP/1.1" 200 1845
114.86.231.183 - - [17/Sep/2020:09:24:48 +0800] "GET /xingrg/kc/print/load_data.html?order_code=212020091707082&kc_code=cgsh&condition= HTTP/1.1" 200 2054
116.230.74.197 - - [17/Sep/2020:09:24:49 +0800] "GET /xingrg/kc/buy/cgsh_order_operate.html?command=get_materiel&rest_code=00107&code=00101008331&supplier_code=00100006&order_time=2020-09-17 HTTP/1.1" 200 416
116.230.74.197 - - [17/Sep/2020:09:24:49 +0800] "GET /xingrg/all/function/internal_message.html?_=1600305881979&CODE_STATE=getMsg HTTP/1.1" 200 27
117.131.5.26 - - [17/Sep/2020:09:24:50 +0800] "GET /xingrg/all/function/internal_message.html?_=1600305907985&CODE_STATE=getMsg HTTP/1.1" 200 27
218.81.217.115 - - [17/Sep/2020:09:24:52 +0800] "GET /xingrg/kc/buy/cgsh_order_operate.html?command=get_materiel&rest_code=00146&code=00101008131&supplier_code=00100005&order_time=2020-09-17 HTTP/1.1" 200 408
116.238.71.173 - - [17/Sep/2020:09:24:52 +0800] "GET /xingrg/kc/buy/cgsh_order_operate.html?command=get_materiel&rest_code=00150&code=00101006124&supplier_code=00100012&order_time=2020-09-17 HTTP/1.1" 200 409
114.88.166.242 - - [17/Sep/2020:09:24:53 +0800] "GET /xingrg/kc/base/wldb_order_list.html HTTP/1.1" 200 19337
114.88.166.242 - - [17/Sep/2020:09:24:53 +0800] "POST /xingrg/kc/base/wldb_list_operate.html HTTP/1.1" 200 928
114.88.166.242 - - [17/Sep/2020:09:24:54 +0800] "GET /xingrg/kc/base/wldb_order_add.html HTTP/1.1" 200 30449
114.88.166.242 - - [17/Sep/2020:09:24:54 +0800] "GET /xingrg/all/common/auto_word.html?type=base&rest_code=00111 HTTP/1.1" 200 1753
114.88.166.242 - - [17/Sep/2020:09:24:54 +0800] "GET /xingrg/all/common/auto_word.html?type=base&rest_code=00111 HTTP/1.1" 200 1753
114.88.166.242 - - [17/Sep/2020:09:24:54 +0800] "GET /xingrg/javascript/easyui/themes/default/validatebox.css HTTP/1.1" 404 1104
114.88.166.242 - - [17/Sep/2020:09:24:54 +0800] "POST /xingrg/kc/base/wldb_order_operate.html HTTP/1.1" 200 6806
114.88.166.242 - - [17/Sep/2020:09:25:02 +0800] "GET /xingrg/kc/base/wldb_order_operate.html?command=get_materiel&rest_code=00111&base_code=0010290&code=00101025014 HTTP/1.1" 200 463
218.81.217.115 - - [17/Sep/2020:09:25:03 +0800] "GET /xingrg/kc/buy/cgsh_order_operate.html?command=get_materiel&rest_code=00146&code=00101008296&supplier_code=00100005&order_time=2020-09-17 HTTP/1.1" 200 435
172.17.200.101 - - [17/Sep/2020:09:25:04 +0800] "GET /xingrg/all/function/internal_message.html?_=1600305906193&CODE_STATE=getMsg HTTP/1.1" 200 27
172.17.200.101 - - [17/Sep/2020:09:25:04 +0800] "GET /xingrg/check_reg.html?_=1600305906199 HTTP/1.1" 200 22
117.184.7.26 - - [17/Sep/2020:09:25:05 +0800] "GET /xingrg/all/function/internal_message.html?_=1600305898013&CODE_STATE=getMsg HTTP/1.1" 200 27
114.88.166.242 - - [17/Sep/2020:09:25:07 +0800] "POST /xingrg/kc/base/wldb_order_operate.html HTTP/1.1" 200 37
114.88.166.242 - - [17/Sep/2020:09:25:07 +0800] "POST /xingrg/kc/base/wldb_order_operate.html HTTP/1.1" 200 2207
114.88.166.242 - - [17/Sep/2020:09:25:07 +0800] "GET /xingrg/kc/base/wldb_order_info.html?code=422020091701919 HTTP/1.1" 200 30462
218.81.217.115 - - [17/Sep/2020:09:25:08 +0800] "POST /xingrg/kc/buy/cgsh_order_operate.html HTTP/1.1" 200 2065
116.238.71.173 - - [17/Sep/2020:09:25:08 +0800] "GET /xingrg/kc/buy/cgsh_order_operate.html?command=get_materiel&rest_code=00150&code=00101006184&supplier_code=00100012&order_time=2020-09-17 HTTP/1.1" 200 408
114.88.166.242 - - [17/Sep/2020:09:25:08 +0800] "GET /xingrg/javascript/easyui/themes/default/validatebox.css HTTP/1.1" 404 1104
114.88.166.242 - - [17/Sep/2020:09:25:08 +0800] "POST /xingrg/kc/base/wldb_order_operate.html HTTP/1.1" 200 2207
58.37.9.106 - - [17/Sep/2020:09:25:08 +0800] "GET /xingrg/all/function/internal_message.html?_=1600305890562&CODE_STATE=getMsg HTTP/1.1" 200 27
114.82.29.189 - - [17/Sep/2020:09:25:11 +0800] "GET /xingrg/all/function/internal_message.html?_=1600305911172&CODE_STATE=getMsg HTTP/1.1" 200 27
116.238.71.173 - - [17/Sep/2020:09:25:11 +0800] "GET /xingrg/all/function/internal_message.html?_=1600305910062&CODE_STATE=getMsg HTTP/1.1" 200 27
172.17.0.108 - - [17/Sep/2020:09:25:15 +0800] "GET /xingrg/all/function/internal_message.html?_=1600305912666&CODE_STATE=getMsg HTTP/1.1" 200 27
172.17.0.108 - - [17/Sep/2020:09:25:15 +0800] "GET /xingrg/check_reg.html?_=1600305912667 HTTP/1.1" 200 22
116.238.71.173 - - [17/Sep/2020:09:25:15 +0800] "GET /xingrg/kc/buy/cgsh_order_operate.html?command=get_materiel&rest_code=00150&code=00101006055&supplier_code=00100012&order_time=2020-09-17 HTTP/1.1" 200 409
218.81.217.115 - - [17/Sep/2020:09:25:16 +0800] "GET /xingrg/kc/buy/cgsh_order_operate.html?command=get_materiel&rest_code=00146&code=00101008353&supplier_code=00100005&order_time=2020-09-17 HTTP/1.1" 200 408
114.86.231.183 - - [17/Sep/2020:09:25:19 +0800] "GET /xingrg/all/function/internal_message.html?_=1600305968640&CODE_STATE=getMsg HTTP/1.1" 200 27
114.86.231.183 - - [17/Sep/2020:09:25:21 +0800] "GET /xingrg/all/function/internal_message.html?_=1600305924577&CODE_STATE=getMsg HTTP/1.1" 200 27
116.230.74.197 - - [17/Sep/2020:09:25:22 +0800] "POST /xingrg/kc/buy/cgsh_order_operate.html HTTP/1.1" 200 2065
222.69.131.255 - - [17/Sep/2020:09:25:28 +0800] "GET /xingrg/all/function/internal_message.html?_=1600305921995&CODE_STATE=getMsg HTTP/1.1" 200 27
114.86.231.183 - - [17/Sep/2020:09:25:29 +0800] "GET /xingrg/kc/buy/cgsh_order_add.html HTTP/1.1" 200 59828
114.86.231.183 - - [17/Sep/2020:09:25:29 +0800] "POST /xingrg/kc/buy/cgsh_order_operate.html HTTP/1.1" 200 8245
114.86.231.183 - - [17/Sep/2020:09:25:29 +0800] "GET /xingrg/all/common/auto_word.html?type=employee&rest_code=00109 HTTP/1.1" 200 255
114.86.231.183 - - [17/Sep/2020:09:25:29 +0800] "GET /xingrg/all/common/auto_word.html?type=employee&rest_code=00109 HTTP/1.1" 200 255
114.86.231.183 - - [17/Sep/2020:09:25:29 +0800] "GET /xingrg/javascript/easyui/themes/default/validatebox.css HTTP/1.1" 404 1104
114.88.166.242 - - [17/Sep/2020:09:25:29 +0800] "GET /xingrg/all/function/internal_message.html?_=1600305995409&CODE_STATE=getMsg HTTP/1.1" 200 27
116.230.74.197 - - [17/Sep/2020:09:25:32 +0800] "GET /xingrg/kc/buy/cgsh_order_operate.html?command=get_materiel&rest_code=00107&code=00101008105&supplier_code=00100006&order_time=2020-09-17 HTTP/1.1" 200 412
116.238.71.173 - - [17/Sep/2020:09:25:33 +0800] "GET /xingrg/all/function/internal_message.html?_=1600306053644&CODE_STATE=getMsg HTTP/1.1" 200 27
116.238.71.173 - - [17/Sep/2020:09:25:36 +0800] "GET /xingrg/kc/buy/cgsh_order_operate.html?command=get_materiel&rest_code=00150&code=00101006229&supplier_code=00100012&order_time=2020-09-17 HTTP/1.1" 200 412
218.81.217.115 - - [17/Sep/2020:09:25:37 +0800] "GET /xingrg/kc/buy/cgsh_order_operate.html?command=get_materiel&rest_code=00146&code=00101008213&supplier_code=00100005&order_time=2020-09-17 HTTP/1.1" 200 412
114.88.166.242 - - [17/Sep/2020:09:25:38 +0800] "GET /xingrg/all/function/internal_message.html?_=1600305933750&CODE_STATE=getMsg HTTP/1.1" 200 27
114.86.231.183 - - [17/Sep/2020:09:25:39 +0800] "GET /xingrg/kc/buy/cgsh_order_operate.html?command=get_materiel&rest_code=00109&code=00101007059&supplier_code=00100004&order_time=2020-09-17 HTTP/1.1" 200 409
114.82.29.189 - - [17/Sep/2020:09:25:41 +0800] "GET /xingrg/check_reg.html?_=1600305924604 HTTP/1.1" 200 22
114.82.29.189 - - [17/Sep/2020:09:25:41 +0800] "GET /xingrg/all/function/internal_message.html?_=1600305924607&CODE_STATE=getMsg HTTP/1.1" 200 27
172.17.0.120 - - [17/Sep/2020:09:25:44 +0800] "GET /xingrg/all/function/internal_message.html?_=1600305942353&CODE_STATE=getMsg HTTP/1.1" 200 27
116.238.71.173 - - [17/Sep/2020:09:25:44 +0800] "GET /xingrg/kc/buy/cgsh_order_operate.html?command=get_materiel&rest_code=00150&code=00101006065&supplier_code=00100012&order_time=2020-09-17 HTTP/1.1" 200 409
116.238.71.173 - - [17/Sep/2020:09:25:46 +0800] "POST /xingrg/all/user/operate.html HTTP/1.1" 200 36
116.238.71.173 - - [17/Sep/2020:09:25:46 +0800] "GET /xingrg/javascript/jquery_easy_ui/themes/default/easyui.css HTTP/1.1" 304 -
116.238.71.173 - - [17/Sep/2020:09:25:46 +0800] "GET /xingrg/index.html?sysBaseUrl=http%3A%2F%2F180.169.147.146%3A18081%2Fxingrg%2F&costTime=39×tamp=1600217698156 HTTP/1.1" 200 17177
116.238.71.173 - - [17/Sep/2020:09:25:46 +0800] "GET /xingrg/javascript/jquery_easy_ui/themes/icon.css HTTP/1.1" 304 -
116.238.71.173 - - [17/Sep/2020:09:25:46 +0800] "GET /xingrg/css/form.css HTTP/1.1" 304 -
116.238.71.173 - - [17/Sep/2020:09:25:46 +0800] "GET /xingrg/javascript/jquery-1.4.2.min.js HTTP/1.1" 304 -
116.238.71.173 - - [17/Sep/2020:09:25:46 +0800] "GET /xingrg/javascript/jquery_easy_ui/jquery.easyui.min.js HTTP/1.1" 304 -
116.238.71.173 - - [17/Sep/2020:09:25:46 +0800] "GET /xingrg/javascript/jquery_easy_ui/easyui-lang-zh_CN.js HTTP/1.1" 304 -
116.238.71.173 - - [17/Sep/2020:09:25:46 +0800] "GET /xingrg/javascript/jquery.form.js HTTP/1.1" 304 -
116.238.71.173 - - [17/Sep/2020:09:25:46 +0800] "GET /xingrg/javascript/jquery.utils.js HTTP/1.1" 304 -
116.238.71.173 - - [17/Sep/2020:09:25:47 +0800] "GET /xingrg/javascript/jquery.timers.js HTTP/1.1" 304 -
116.238.71.173 - - [17/Sep/2020:09:25:47 +0800] "GET /xingrg/images/blue/jxLogo.png HTTP/1.1" 304 -
116.238.71.173 - - [17/Sep/2020:09:25:47 +0800] "GET /xingrg/javascript/jquery_easy_ui/themes/icons/settle_new.png HTTP/1.1" 304 -
116.238.71.173 - - [17/Sep/2020:09:25:47 +0800] "GET /xingrg/images/blue/navBackgound.jpg HTTP/1.1" 304 -
116.238.71.173 - - [17/Sep/2020:09:25:47 +0800] "POST /xingrg/all/common/load_tree.html?tree=area_rest_tree_json&manage=1 HTTP/1.1" 200 476
116.238.71.173 - - [17/Sep/2020:09:25:47 +0800] "GET /xingrg/all/function/internal_message.html?_=1600305945534&CODE_STATE=count HTTP/1.1" 200 11
116.238.71.173 - - [17/Sep/2020:09:25:47 +0800] "GET /xingrg/check_reg.html?_=1600305945536 HTTP/1.1" 200 22
116.238.71.173 - - [17/Sep/2020:09:25:47 +0800] "GET /xingrg/javascript/jquery_easy_ui/themes/default/images/tabs_rightarrow.png HTTP/1.1" 304 -
116.238.71.173 - - [17/Sep/2020:09:25:47 +0800] "GET /xingrg/javascript/jquery_easy_ui/themes/default/images/panel_tool_collapse.gif HTTP/1.1" 304 -
116.238.71.173 - - [17/Sep/2020:09:25:47 +0800] "GET /xingrg/javascript/jquery_easy_ui/themes/default/images/tabs_leftarrow.png HTTP/1.1" 304 -
116.238.71.173 - - [17/Sep/2020:09:25:47 +0800] "GET /xingrg/images/blue/pingpu.png HTTP/1.1" 304 -
116.238.71.173 - - [17/Sep/2020:09:25:47 +0800] "POST /xingrg/load_menu.html HTTP/1.1" 200 5138
218.81.217.115 - - [17/Sep/2020:09:25:47 +0800] "GET /xingrg/kc/buy/cgsh_order_operate.html?command=get_materiel&rest_code=00146&code=00101008305&supplier_code=00100005&order_time=2020-09-17 HTTP/1.1" 200 412
114.86.231.183 - - [17/Sep/2020:09:25:47 +0800] "GET /xingrg/kc/buy/cgsh_order_operate.html?command=get_materiel&rest_code=00109&code=00101007081&supplier_code=00100004&order_time=2020-09-17 HTTP/1.1" 200 413
114.82.29.189 - - [17/Sep/2020:09:25:48 +0800] "POST /xingrg/services/DataTransmitService HTTP/1.1" 200 524
114.82.29.189 - - [17/Sep/2020:09:25:49 +0800] "POST /xingrg/services/DataTransmitService HTTP/1.1" 200 501
116.230.74.197 - - [17/Sep/2020:09:25:49 +0800] "GET /xingrg/all/function/internal_message.html?_=1600305941955&CODE_STATE=getMsg HTTP/1.1" 200 27
117.131.5.26 - - [17/Sep/2020:09:25:50 +0800] "GET /xingrg/all/function/internal_message.html?_=1600305967983&CODE_STATE=getMsg HTTP/1.1" 200 27
116.238.71.173 - - [17/Sep/2020:09:25:50 +0800] "GET /xingrg/kc/buy/cgsh_order_operate.html?command=get_materiel&rest_code=00150&code=00101006068&supplier_code=00100012&order_time=2020-09-17 HTTP/1.1" 200 428
116.238.71.173 - - [17/Sep/2020:09:25:50 +0800] "GET /xingrg/kc/buy/cgsh_order_list.html HTTP/1.1" 200 44047
116.238.71.173 - - [17/Sep/2020:09:25:52 +0800] "POST /xingrg/kc/buy/cgsh_list_operate.html HTTP/1.1" 200 2049
114.86.231.183 - - [17/Sep/2020:09:25:53 +0800] "GET /xingrg/kc/buy/cgsh_order_operate.html?command=get_materiel&rest_code=00109&code=00101007059&supplier_code=00100004&order_time=2020-09-17 HTTP/1.1" 200 409
116.238.71.173 - - [17/Sep/2020:09:25:56 +0800] "POST /xingrg/kc/buy/cgsh_list_operate.html HTTP/1.1" 200 359
116.238.71.173 - - [17/Sep/2020:09:25:57 +0800] "GET /xingrg/kc/buy/cgsh_order_info.html?code=212020091707063 HTTP/1.1" 200 59432
116.238.71.173 - - [17/Sep/2020:09:25:58 +0800] "GET /xingrg/javascript/easyui/themes/default/validatebox.css HTTP/1.1" 404 1104
116.238.71.173 - - [17/Sep/2020:09:25:58 +0800] "POST /xingrg/kc/buy/cgsh_order_operate.html HTTP/1.1" 200 3878
218.81.217.115 - - [17/Sep/2020:09:25:58 +0800] "GET /xingrg/kc/buy/cgsh_order_operate.html?command=get_materiel&rest_code=00146&code=00101008125&supplier_code=00100005&order_time=2020-09-17 HTTP/1.1" 200 413
222.69.131.255 - - [17/Sep/2020:09:25:58 +0800] "GET /xingrg/kc/buy/cgsh_order_add.html HTTP/1.1" 200 59834
222.69.131.255 - - [17/Sep/2020:09:25:59 +0800] "POST /xingrg/kc/buy/cgsh_order_operate.html HTTP/1.1" 200 8245
222.69.131.255 - - [17/Sep/2020:09:25:59 +0800] "GET /xingrg/javascript/easyui/themes/default/validatebox.css HTTP/1.1" 404 1104
116.238.71.173 - - [17/Sep/2020:09:26:02 +0800] "POST /xingrg/kc/buy/cgsh_order_operate.html HTTP/1.1" 200 37
114.86.231.183 - - [17/Sep/2020:09:26:02 +0800] "GET /xingrg/kc/buy/cgsh_order_operate.html?command=get_materiel&rest_code=00109&code=00101007061&supplier_code=00100004&order_time=2020-09-17 HTTP/1.1" 200 409
116.238.71.173 - - [17/Sep/2020:09:26:04 +0800] "POST /xingrg/kc/buy/cgsh_order_operate.html HTTP/1.1" 200 12
116.238.71.173 - - [17/Sep/2020:09:26:04 +0800] "GET /xingrg/kc/buy/cgsh_order_info.html?code=212020091707063 HTTP/1.1" 200 54326
172.17.200.101 - - [17/Sep/2020:09:26:04 +0800] "GET /xingrg/all/function/internal_message.html?_=1600305966191&CODE_STATE=getMsg HTTP/1.1" 200 27
116.238.71.173 - - [17/Sep/2020:09:26:05 +0800] "GET /xingrg/javascript/easyui/themes/default/validatebox.css HTTP/1.1" 404 1104
116.238.71.173 - - [17/Sep/2020:09:26:05 +0800] "POST /xingrg/kc/buy/cgsh_order_operate.html HTTP/1.1" 200 1828
117.184.7.26 - - [17/Sep/2020:09:26:05 +0800] "GET /xingrg/all/function/internal_message.html?_=1600305958012&CODE_STATE=getMsg HTTP/1.1" 200 27
114.88.166.242 - - [17/Sep/2020:09:26:05 +0800] "GET /xingrg/check_reg.html?_=1600305961652 HTTP/1.1" 200 22
116.238.71.173 - - [17/Sep/2020:09:26:06 +0800] "GET /xingrg/kc/print/load_data.html?order_code=212020091707063&kc_code=cgsh&condition= HTTP/1.1" 200 1244
116.230.74.197 - - [17/Sep/2020:09:26:07 +0800] "GET /xingrg/kc/buy/cgsh_order_operate.html?command=get_materiel&rest_code=00107&code=00101008223&supplier_code=00100006&order_time=2020-09-17 HTTP/1.1" 200 414
58.37.9.106 - - [17/Sep/2020:09:26:08 +0800] "GET /xingrg/all/function/internal_message.html?_=1600305950542&CODE_STATE=getMsg HTTP/1.1" 200 27
61.129.7.236 - - [17/Sep/2020:09:26:10 +0800] "GET /xingrg/all/function/internal_message.html?_=1600305290755&CODE_STATE=getMsg HTTP/1.1" 302 -
114.82.29.189 - - [17/Sep/2020:09:26:11 +0800] "GET /xingrg/all/function/internal_message.html?_=1600305971141&CODE_STATE=getMsg HTTP/1.1" 200 27
116.238.71.173 - - [17/Sep/2020:09:26:13 +0800] "POST /xingrg/kc/buy/cgsh_list_operate.html HTTP/1.1" 200 273
116.238.71.173 - - [17/Sep/2020:09:26:13 +0800] "GET /xingrg/kc/buy/cgsh_order_info.html?code=212020091707064 HTTP/1.1" 200 59432
116.238.71.173 - - [17/Sep/2020:09:26:13 +0800] "GET /xingrg/javascript/easyui/themes/default/validatebox.css HTTP/1.1" 404 1104
116.238.71.173 - - [17/Sep/2020:09:26:13 +0800] "POST /xingrg/kc/buy/cgsh_order_operate.html HTTP/1.1" 200 3261
114.88.166.242 - - [17/Sep/2020:09:26:14 +0800] "GET /xingrg/kc/buy/cgsh_order_list.html HTTP/1.1" 200 44043
172.17.0.108 - - [17/Sep/2020:09:26:15 +0800] "GET /xingrg/all/function/internal_message.html?_=1600305972666&CODE_STATE=getMsg HTTP/1.1" 200 27
61.129.7.236 - - [17/Sep/2020:09:26:15 +0800] "GET /xingrg/login.html HTTP/1.1" 200 7641
114.88.166.242 - - [17/Sep/2020:09:26:15 +0800] "POST /xingrg/kc/buy/cgsh_list_operate.html HTTP/1.1" 200 2773
114.88.166.242 - - [17/Sep/2020:09:26:17 +0800] "GET /xingrg/kc/buy/cgsh_order_add.html HTTP/1.1" 200 59781
114.88.166.242 - - [17/Sep/2020:09:26:17 +0800] "GET /xingrg/javascript/easyui/themes/default/validatebox.css HTTP/1.1" 404 1104
114.88.166.242 - - [17/Sep/2020:09:26:17 +0800] "POST /xingrg/kc/buy/cgsh_order_operate.html HTTP/1.1" 200 8245
114.86.231.183 - - [17/Sep/2020:09:26:19 +0800] "GET /xingrg/all/function/internal_message.html?_=1600306028640&CODE_STATE=getMsg HTTP/1.1" 200 27
116.238.71.173 - - [17/Sep/2020:09:26:20 +0800] "POST /xingrg/kc/buy/cgsh_order_operate.html HTTP/1.1" 200 37
114.86.231.183 - - [17/Sep/2020:09:26:21 +0800] "GET /xingrg/all/function/internal_message.html?_=1600305984580&CODE_STATE=getMsg HTTP/1.1" 200 27
116.230.74.197 - - [17/Sep/2020:09:26:21 +0800] "GET /xingrg/kc/buy/cgsh_order_operate.html?command=get_materiel&rest_code=00107&code=00101008168&supplier_code=00100006&order_time=2020-09-17 HTTP/1.1" 200 413
116.238.71.173 - - [17/Sep/2020:09:26:23 +0800] "POST /xingrg/kc/buy/cgsh_order_operate.html HTTP/1.1" 200 12
116.238.71.173 - - [17/Sep/2020:09:26:24 +0800] "GET /xingrg/kc/buy/cgsh_order_info.html?code=212020091707064 HTTP/1.1" 200 54326
114.88.166.242 - - [17/Sep/2020:09:26:24 +0800] "GET /xingrg/kc/buy/cgsh_order_operate.html?command=get_materiel&rest_code=00111&code=00101008072&supplier_code=00100005&order_time=2020-09-17 HTTP/1.1" 200 408
116.238.71.173 - - [17/Sep/2020:09:26:24 +0800] "GET /xingrg/javascript/easyui/themes/default/validatebox.css HTTP/1.1" 404 1104
116.238.71.173 - - [17/Sep/2020:09:26:24 +0800] "POST /xingrg/kc/buy/cgsh_order_operate.html HTTP/1.1" 200 1211
116.238.71.173 - - [17/Sep/2020:09:26:26 +0800] "GET /xingrg/kc/print/load_data.html?order_code=212020091707064&kc_code=cgsh&condition= HTTP/1.1" 200 1018
222.69.131.255 - - [17/Sep/2020:09:26:27 +0800] "GET /xingrg/kc/buy/cgsh_order_operate.html?command=get_materiel&rest_code=00149&code=00102010259&supplier_code=00100219&order_time=2020-09-17 HTTP/1.1" 200 416
222.69.131.255 - - [17/Sep/2020:09:26:28 +0800] "GET /xingrg/all/function/internal_message.html?_=1600305981999&CODE_STATE=getMsg HTTP/1.1" 200 27
114.88.166.242 - - [17/Sep/2020:09:26:29 +0800] "GET /xingrg/all/function/internal_message.html?_=1600306055391&CODE_STATE=getMsg HTTP/1.1" 200 27
116.238.71.173 - - [17/Sep/2020:09:26:32 +0800] "POST /xingrg/kc/buy/cgsh_list_operate.html HTTP/1.1" 200 876
116.238.71.173 - - [17/Sep/2020:09:26:33 +0800] "GET /xingrg/all/function/internal_message.html?_=1600306113659&CODE_STATE=getMsg HTTP/1.1" 200 27
116.238.71.173 - - [17/Sep/2020:09:26:34 +0800] "GET /xingrg/kc/buy/cgsh_order_add.html HTTP/1.1" 200 59423
114.88.166.242 - - [17/Sep/2020:09:26:34 +0800] "GET /xingrg/kc/buy/cgsh_order_operate.html?command=get_materiel&rest_code=00111&code=00101008049&supplier_code=00100005&order_time=2020-09-17 HTTP/1.1" 200 408
116.238.71.173 - - [17/Sep/2020:09:26:34 +0800] "POST /xingrg/kc/buy/cgsh_order_operate.html HTTP/1.1" 200 8245
116.238.71.173 - - [17/Sep/2020:09:26:34 +0800] "GET /xingrg/javascript/easyui/themes/default/validatebox.css HTTP/1.1" 404 1104
58.37.9.106 - - [17/Sep/2020:09:26:35 +0800] "GET /xingrg/check_reg.html?_=1600305976974 HTTP/1.1" 200 22
116.238.71.173 - - [17/Sep/2020:09:26:35 +0800] "GET /xingrg/kc/buy/cgsh_order_operate.html?command=get_materiel&rest_code=00150&code=00101007067&supplier_code=00100012&order_time=2020-09-17 HTTP/1.1" 200 429
116.238.71.173 - - [17/Sep/2020:09:26:35 +0800] "GET /xingrg/javascript/auto/indicator.gif HTTP/1.1" 404 1066
218.81.217.115 - - [17/Sep/2020:09:26:36 +0800] "GET /xingrg/kc/buy/cgsh_order_operate.html?command=get_materiel&rest_code=00146&code=00101022052&supplier_code=00100005&order_time=2020-09-17 HTTP/1.1" 200 412
116.230.74.197 - - [17/Sep/2020:09:26:37 +0800] "GET /xingrg/kc/buy/cgsh_order_operate.html?command=get_materiel&rest_code=00107&code=00101015066&supplier_code=00100006&order_time=2020-09-17 HTTP/1.1" 200 413
114.88.166.242 - - [17/Sep/2020:09:26:38 +0800] "GET /xingrg/all/function/internal_message.html?_=1600305993757&CODE_STATE=getMsg HTTP/1.1" 200 27
222.69.131.255 - - [17/Sep/2020:09:26:39 +0800] "GET /xingrg/kc/buy/cgsh_order_operate.html?command=get_materiel&rest_code=00149&code=00102010088&supplier_code=00100219&order_time=2020-09-17 HTTP/1.1" 200 413
114.88.166.242 - - [17/Sep/2020:09:26:40 +0800] "GET /xingrg/kc/buy/cgsh_order_operate.html?command=get_materiel&rest_code=00111&code=00101008351&supplier_code=00100005&order_time=2020-09-17 HTTP/1.1" 200 408
116.230.74.197 - - [17/Sep/2020:09:26:41 +0800] "POST /xingrg/kc/buy/cgsh_order_operate.html HTTP/1.1" 200 2065
114.82.29.189 - - [17/Sep/2020:09:26:41 +0800] "GET /xingrg/all/function/internal_message.html?_=1600305984607&CODE_STATE=getMsg HTTP/1.1" 200 27
116.238.71.173 - - [17/Sep/2020:09:26:41 +0800] "GET /xingrg/kc/buy/cgsh_order_operate.html?command=get_materiel&rest_code=00151&code=00101012039&supplier_code=00100007&order_time=2020-09-17 HTTP/1.1" 200 408
172.17.0.120 - - [17/Sep/2020:09:26:44 +0800] "GET /xingrg/all/function/internal_message.html?_=1600306002350&CODE_STATE=getMsg HTTP/1.1" 200 27
116.238.71.173 - - [17/Sep/2020:09:26:45 +0800] "GET /xingrg/kc/buy/cgsh_order_operate.html?command=get_materiel&rest_code=00150&code=00101006133&supplier_code=00100012&order_time=2020-09-17 HTTP/1.1" 200 413
116.238.71.173 - - [17/Sep/2020:09:26:47 +0800] "GET /xingrg/all/function/internal_message.html?_=1600306005584&CODE_STATE=getMsg HTTP/1.1" 200 27
116.230.74.197 - - [17/Sep/2020:09:26:50 +0800] "GET /xingrg/all/function/internal_message.html?_=1600306002137&CODE_STATE=getMsg HTTP/1.1" 200 27
117.131.5.26 - - [17/Sep/2020:09:26:50 +0800] "GET /xingrg/check_reg.html?_=1600306027984 HTTP/1.1" 200 22
117.131.5.26 - - [17/Sep/2020:09:26:50 +0800] "GET /xingrg/all/function/internal_message.html?_=1600306027982&CODE_STATE=getMsg HTTP/1.1" 200 27
116.238.71.173 - - [17/Sep/2020:09:26:50 +0800] "GET /xingrg/kc/buy/cgsh_order_operate.html?command=get_materiel&rest_code=00151&code=00101016038&supplier_code=00100007&order_time=2020-09-17 HTTP/1.1" 200 408
116.230.74.197 - - [17/Sep/2020:09:26:51 +0800] "GET /xingrg/kc/buy/cgsh_order_operate.html?command=get_materiel&rest_code=00107&code=00101008098&supplier_code=00100006&order_time=2020-09-17 HTTP/1.1" 200 414
222.69.131.255 - - [17/Sep/2020:09:26:51 +0800] "GET /xingrg/kc/buy/cgsh_order_operate.html?command=get_materiel&rest_code=00149&code=00102010364&supplier_code=00100219&order_time=2020-09-17 HTTP/1.1" 200 418
116.238.71.173 - - [17/Sep/2020:09:26:55 +0800] "GET /xingrg/kc/buy/cgsh_order_operate.html?command=get_materiel&rest_code=00151&code=00101008323&supplier_code=00100007&order_time=2020-09-17 HTTP/1.1" 200 408
114.88.166.242 - - [17/Sep/2020:09:26:59 +0800] "GET /xingrg/kc/buy/cgsh_order_operate.html?command=get_materiel&rest_code=00111&code=00101008321&supplier_code=00100005&order_time=2020-09-17 HTTP/1.1" 200 412
218.81.217.115 - - [17/Sep/2020:09:27:01 +0800] "POST /xingrg/kc/buy/cgsh_order_operate.html HTTP/1.1" 200 2065
116.238.71.173 - - [17/Sep/2020:09:27:01 +0800] "GET /xingrg/kc/buy/cgsh_order_operate.html?command=get_materiel&rest_code=00151&code=00101008347&supplier_code=00100007&order_time=2020-09-17 HTTP/1.1" 200 408
172.17.200.101 - - [17/Sep/2020:09:27:04 +0800] "GET /xingrg/all/function/internal_message.html?_=1600306026191&CODE_STATE=getMsg HTTP/1.1" 200 27
117.184.7.26 - - [17/Sep/2020:09:27:05 +0800] "GET /xingrg/check_reg.html?_=1600306018022 HTTP/1.1" 200 22
117.184.7.26 - - [17/Sep/2020:09:27:05 +0800] "GET /xingrg/all/function/internal_message.html?_=1600306018025&CODE_STATE=getMsg HTTP/1.1" 200 27
116.238.71.173 - - [17/Sep/2020:09:27:07 +0800] "POST /xingrg/kc/buy/cgsh_order_operate.html HTTP/1.1" 200 37
114.88.166.242 - - [17/Sep/2020:09:27:07 +0800] "GET /xingrg/kc/buy/cgsh_order_operate.html?command=get_materiel&rest_code=00111&code=00101008261&supplier_code=00100005&order_time=2020-09-17 HTTP/1.1" 200 408
116.238.71.173 - - [17/Sep/2020:09:27:08 +0800] "POST /xingrg/kc/buy/cgsh_order_operate.html HTTP/1.1" 200 7388
58.37.9.106 - - [17/Sep/2020:09:27:08 +0800] "GET /xingrg/all/function/internal_message.html?_=1600306010509&CODE_STATE=getMsg HTTP/1.1" 200 27
116.238.71.173 - - [17/Sep/2020:09:27:09 +0800] "GET /xingrg/kc/buy/cgsh_order_operate.html?command=get_materiel&rest_code=00151&code=00101008372&supplier_code=00100007&order_time=2020-09-17 HTTP/1.1" 200 408
114.82.29.189 - - [17/Sep/2020:09:27:11 +0800] "GET /xingrg/all/function/internal_message.html?_=1600306031145&CODE_STATE=getMsg HTTP/1.1" 200 27
222.69.131.255 - - [17/Sep/2020:09:27:11 +0800] "POST /xingrg/kc/buy/cgsh_order_operate.html HTTP/1.1" 200 37
116.238.71.173 - - [17/Sep/2020:09:27:12 +0800] "GET /xingrg/kc/buy/cgsh_order_add.html HTTP/1.1" 200 59717
116.238.71.173 - - [17/Sep/2020:09:27:12 +0800] "POST /xingrg/kc/buy/cgsh_order_operate.html HTTP/1.1" 200 8245
116.238.71.173 - - [17/Sep/2020:09:27:12 +0800] "GET /xingrg/javascript/easyui/themes/default/validatebox.css HTTP/1.1" 404 1104
218.81.217.115 - - [17/Sep/2020:09:27:13 +0800] "GET /xingrg/kc/buy/cgsh_order_operate.html?command=get_materiel&rest_code=00146&code=00101015002&supplier_code=00100005&order_time=2020-09-17 HTTP/1.1" 200 413
222.69.131.255 - - [17/Sep/2020:09:27:13 +0800] "POST /xingrg/kc/buy/cgsh_order_operate.html HTTP/1.1" 200 12
222.69.131.255 - - [17/Sep/2020:09:27:15 +0800] "GET /xingrg/kc/buy/cgsh_order_info.html?code=212020091707084 HTTP/1.1" 200 54731
172.17.0.108 - - [17/Sep/2020:09:27:15 +0800] "GET /xingrg/all/function/internal_message.html?_=1600306032664&CODE_STATE=getMsg HTTP/1.1" 200 27
222.69.131.255 - - [17/Sep/2020:09:27:15 +0800] "GET /xingrg/javascript/easyui/themes/default/validatebox.css HTTP/1.1" 404 1104
114.88.166.242 - - [17/Sep/2020:09:27:15 +0800] "GET /xingrg/kc/buy/cgsh_order_operate.html?command=get_materiel&rest_code=00111&code=00101008210&supplier_code=00100005&order_time=2020-09-17 HTTP/1.1" 200 408
222.69.131.255 - - [17/Sep/2020:09:27:15 +0800] "POST /xingrg/kc/buy/cgsh_order_operate.html HTTP/1.1" 200 1810
116.238.71.173 - - [17/Sep/2020:09:27:16 +0800] "GET /xingrg/kc/buy/cgsh_order_operate.html?command=get_materiel&rest_code=00151&code=00101008083&supplier_code=00100007&order_time=2020-09-17 HTTP/1.1" 200 427
222.69.131.255 - - [17/Sep/2020:09:27:16 +0800] "GET /xingrg/kc/print/load_data.html?order_code=212020091707084&kc_code=cgsh&condition= HTTP/1.1" 200 1166
116.238.71.173 - - [17/Sep/2020:09:27:17 +0800] "POST /xingrg/all/common/load_select.html HTTP/1.1" 200 25
114.86.231.183 - - [17/Sep/2020:09:27:17 +0800] "GET /xingrg/all/function/internal_message.html?_=1600306088640&CODE_STATE=getMsg HTTP/1.1" 200 27
116.238.71.173 - - [17/Sep/2020:09:27:19 +0800] "GET /xingrg/kc/buy/cgsh_order_operate.html?command=get_materiel_price&rest_code=00151&code=00101008083&unit_code=00100026&supplier_code=00100007&order_time=2020-09-17 HTTP/1.1" 200 27
114.86.231.183 - - [17/Sep/2020:09:27:21 +0800] "GET /xingrg/all/function/internal_message.html?_=1600306044695&CODE_STATE=getMsg HTTP/1.1" 200 27
114.86.231.183 - - [17/Sep/2020:09:27:22 +0800] "POST /xingrg/kc/buy/cgsh_order_operate.html HTTP/1.1" 200 37
116.238.71.173 - - [17/Sep/2020:09:27:23 +0800] "GET /xingrg/kc/buy/cgsh_order_operate.html?command=get_materiel&rest_code=00150&code=00101012039&supplier_code=00100036&order_time=2020-09-17 HTTP/1.1" 200 408
114.86.231.183 - - [17/Sep/2020:09:27:24 +0800] "POST /xingrg/kc/buy/cgsh_order_operate.html HTTP/1.1" 200 4420
114.86.231.183 - - [17/Sep/2020:09:27:26 +0800] "GET /xingrg/kc/print/load_config.html?kc_code=cgsh HTTP/1.1" 200 1845
114.86.231.183 - - [17/Sep/2020:09:27:26 +0800] "GET /xingrg/kc/print/load_data.html?order_code=212020091707085&kc_code=cgsh&condition= HTTP/1.1" 200 1396
116.238.71.173 - - [17/Sep/2020:09:27:28 +0800] "GET /xingrg/kc/buy/cgsh_order_operate.html?command=get_materiel&rest_code=00151&code=00101008355&supplier_code=00100007&order_time=2020-09-17 HTTP/1.1" 200 408
114.88.166.242 - - [17/Sep/2020:09:27:28 +0800] "GET /xingrg/kc/buy/cgsh_order_operate.html?command=get_materiel&rest_code=00111&code=00101008096&supplier_code=00100005&order_time=2020-09-17 HTTP/1.1" 200 412
222.69.131.255 - - [17/Sep/2020:09:27:28 +0800] "GET /xingrg/all/function/internal_message.html?_=1600306041992&CODE_STATE=getMsg HTTP/1.1" 200 27
114.88.166.242 - - [17/Sep/2020:09:27:29 +0800] "GET /xingrg/all/function/internal_message.html?_=1600306115415&CODE_STATE=getMsg HTTP/1.1" 200 27
116.230.74.197 - - [17/Sep/2020:09:27:31 +0800] "GET /xingrg/kc/buy/cgsh_order_operate.html?command=get_materiel&rest_code=00107&code=00101008092&supplier_code=00100006&order_time=2020-09-17 HTTP/1.1" 200 412
116.238.71.173 - - [17/Sep/2020:09:27:32 +0800] "GET /xingrg/kc/buy/cgsh_order_operate.html?command=get_materiel&rest_code=00151&code=00101008318&supplier_code=00100007&order_time=2020-09-17 HTTP/1.1" 200 408
116.238.71.173 - - [17/Sep/2020:09:27:33 +0800] "GET /xingrg/kc/buy/cgsh_order_operate.html?command=get_materiel&rest_code=00150&code=00101016025&supplier_code=00100036&order_time=2020-09-17 HTTP/1.1" 200 408
116.238.71.173 - - [17/Sep/2020:09:27:33 +0800] "GET /xingrg/all/function/internal_message.html?_=1600306173681&CODE_STATE=getMsg HTTP/1.1" 200 27
114.88.166.242 - - [17/Sep/2020:09:27:34 +0800] "GET /xingrg/kc/buy/cgsh_order_operate.html?command=get_materiel&rest_code=00111&code=00101008003&supplier_code=00100005&order_time=2020-09-17 HTTP/1.1" 200 408
218.81.217.115 - - [17/Sep/2020:09:27:35 +0800] "GET /xingrg/kc/buy/cgsh_order_operate.html?command=get_materiel&rest_code=00146&code=00101008519&supplier_code=00100005&order_time=2020-09-17 HTTP/1.1" 200 394
114.88.166.242 - - [17/Sep/2020:09:27:38 +0800] "GET /xingrg/all/function/internal_message.html?_=1600306053770&CODE_STATE=getMsg HTTP/1.1" 200 27
116.230.74.197 - - [17/Sep/2020:09:27:40 +0800] "GET /xingrg/check_reg.html?_=1600306052512 HTTP/1.1" 200 22
114.82.29.189 - - [17/Sep/2020:09:27:41 +0800] "GET /xingrg/all/function/internal_message.html?_=1600306044607&CODE_STATE=getMsg HTTP/1.1" 200 27
172.17.0.120 - - [17/Sep/2020:09:27:44 +0800] "GET /xingrg/all/function/internal_message.html?_=1600306062363&CODE_STATE=getMsg HTTP/1.1" 200 27
116.238.71.173 - - [17/Sep/2020:09:27:45 +0800] "GET /xingrg/kc/buy/cgsh_order_operate.html?command=get_materiel&rest_code=00151&code=00101008349&supplier_code=00100007&order_time=2020-09-17 HTTP/1.1" 200 412
114.88.166.242 - - [17/Sep/2020:09:27:46 +0800] "GET /xingrg/kc/buy/cgsh_order_operate.html?command=get_materiel&rest_code=00111&code=00101008355&supplier_code=00100005&order_time=2020-09-17 HTTP/1.1" 200 408
116.238.71.173 - - [17/Sep/2020:09:27:47 +0800] "GET /xingrg/all/function/internal_message.html?_=1600306065616&CODE_STATE=getMsg HTTP/1.1" 200 27
116.230.74.197 - - [17/Sep/2020:09:27:50 +0800] "GET /xingrg/all/function/internal_message.html?_=1600306062121&CODE_STATE=getMsg HTTP/1.1" 200 27
117.131.5.26 - - [17/Sep/2020:09:27:50 +0800] "GET /xingrg/all/function/internal_message.html?_=1600306087982&CODE_STATE=getMsg HTTP/1.1" 200 27
116.238.71.173 - - [17/Sep/2020:09:27:51 +0800] "GET /xingrg/kc/buy/cgsh_order_operate.html?command=get_materiel&rest_code=00150&code=00101012025&supplier_code=00100036&order_time=2020-09-17 HTTP/1.1" 200 412
116.230.74.197 - - [17/Sep/2020:09:27:53 +0800] "GET /xingrg/kc/buy/cgsh_order_operate.html?command=get_materiel&rest_code=00107&code=00101008236&supplier_code=00100006&order_time=2020-09-17 HTTP/1.1" 200 436
114.88.166.242 - - [17/Sep/2020:09:27:56 +0800] "GET /xingrg/kc/buy/cgsh_order_operate.html?command=get_materiel&rest_code=00111&code=00101008270&supplier_code=00100005&order_time=2020-09-17 HTTP/1.1" 200 412
