116.238.71.173 - - [15/Sep/2020:10:28:12 +0800] "GET /xingrg/all/function/internal_message.html?_=1600136891802&CODE_STATE=getMsg HTTP/1.1" 200 27
172.17.0.240 - - [15/Sep/2020:10:28:12 +0800] "GET /xingrg/all/report/report_query.html?fileName=dma/new_5.0/menu/menu_category_hz.xml HTTP/1.1" 200 52989
172.17.0.240 - - [15/Sep/2020:10:28:12 +0800] "GET /xingrg/dwr/interface/AjaxReportQueryService.js HTTP/1.1" 200 13203
172.17.0.240 - - [15/Sep/2020:10:28:12 +0800] "GET /xingrg/dwr/engine.js HTTP/1.1" 200 43631
172.17.0.240 - - [15/Sep/2020:10:28:12 +0800] "POST /xingrg/dwr/call/plaincall/AjaxReportQueryService.getFixDate.dwr HTTP/1.1" 200 111
172.17.0.240 - - [15/Sep/2020:10:28:12 +0800] "POST /xingrg/all/common/load_tree.html?tree=area_station_tree_json&manage=1 HTTP/1.1" 200 3116
172.17.200.101 - - [15/Sep/2020:10:28:14 +0800] "POST /xingrg/all/user/operate.html HTTP/1.1" 200 36
172.17.0.240 - - [15/Sep/2020:10:28:14 +0800] "GET /xingrg/all/report/report_query.html?fileName=dma/new_5.0/menu/menu_stca_hz.xml HTTP/1.1" 200 51343
172.17.0.240 - - [15/Sep/2020:10:28:14 +0800] "GET /xingrg/dwr/interface/AjaxReportQueryService.js HTTP/1.1" 200 13203
172.17.0.240 - - [15/Sep/2020:10:28:14 +0800] "GET /xingrg/dwr/engine.js HTTP/1.1" 200 43631
172.17.0.240 - - [15/Sep/2020:10:28:14 +0800] "POST /xingrg/dwr/call/plaincall/AjaxReportQueryService.getFixDate.dwr HTTP/1.1" 200 111
172.17.0.240 - - [15/Sep/2020:10:28:14 +0800] "POST /xingrg/all/common/load_tree.html?tree=area_station_tree_json&manage=1 HTTP/1.1" 200 3116
218.81.217.115 - - [15/Sep/2020:10:28:15 +0800] "GET /xingrg/all/function/internal_message.html?_=1600136895651&CODE_STATE=getMsg HTTP/1.1" 200 27
116.238.71.173 - - [15/Sep/2020:10:28:15 +0800] "GET /xingrg/all/function/internal_message.html?_=1600137018715&CODE_STATE=getMsg HTTP/1.1" 200 27
114.88.166.242 - - [15/Sep/2020:10:28:15 +0800] "GET /xingrg/check_reg.html?_=1600136961398 HTTP/1.1" 200 22
114.88.166.242 - - [15/Sep/2020:10:28:15 +0800] "GET /xingrg/all/function/internal_message.html?_=1600136961399&CODE_STATE=getMsg HTTP/1.1" 200 27
172.17.200.101 - - [15/Sep/2020:10:28:16 +0800] "GET /xingrg/index.html?sysBaseUrl=http%3A%2F%2F172.17.0.8%3A18081%2Fxingrg%2F&costTime=47×tamp=1600131625184 HTTP/1.1" 200 17454
172.17.200.101 - - [15/Sep/2020:10:28:16 +0800] "GET /xingrg/javascript/jquery_easy_ui/themes/default/easyui.css HTTP/1.1" 304 -
172.17.200.101 - - [15/Sep/2020:10:28:16 +0800] "GET /xingrg/javascript/jquery_easy_ui/themes/icon.css HTTP/1.1" 304 -
172.17.200.101 - - [15/Sep/2020:10:28:16 +0800] "GET /xingrg/css/form.css HTTP/1.1" 304 -
172.17.200.101 - - [15/Sep/2020:10:28:16 +0800] "GET /xingrg/javascript/jquery-1.4.2.min.js HTTP/1.1" 304 -
172.17.200.101 - - [15/Sep/2020:10:28:16 +0800] "GET /xingrg/javascript/jquery_easy_ui/jquery.easyui.min.js HTTP/1.1" 304 -
172.17.200.101 - - [15/Sep/2020:10:28:16 +0800] "GET /xingrg/javascript/jquery_easy_ui/easyui-lang-zh_CN.js HTTP/1.1" 304 -
172.17.200.101 - - [15/Sep/2020:10:28:16 +0800] "GET /xingrg/javascript/jquery.form.js HTTP/1.1" 304 -
172.17.200.101 - - [15/Sep/2020:10:28:16 +0800] "GET /xingrg/javascript/jquery.utils.js HTTP/1.1" 304 -
172.17.200.101 - - [15/Sep/2020:10:28:16 +0800] "GET /xingrg/javascript/jquery.timers.js HTTP/1.1" 304 -
172.17.200.101 - - [15/Sep/2020:10:28:16 +0800] "GET /xingrg/images/blue/jxLogo.png HTTP/1.1" 304 -
172.17.0.240 - - [15/Sep/2020:10:28:16 +0800] "POST /xingrg/dwr/call/plaincall/AjaxReportQueryService.getFixDate.dwr HTTP/1.1" 200 111
172.17.200.101 - - [15/Sep/2020:10:28:17 +0800] "GET /xingrg/javascript/jquery_easy_ui/themes/icons/settle_new.png HTTP/1.1" 304 -
172.17.200.101 - - [15/Sep/2020:10:28:17 +0800] "GET /xingrg/images/blue/navBackgound.jpg HTTP/1.1" 304 -
172.17.200.101 - - [15/Sep/2020:10:28:17 +0800] "POST /xingrg/all/common/load_tree.html?tree=area_rest_tree_json&manage=1 HTTP/1.1" 200 3088
172.17.200.101 - - [15/Sep/2020:10:28:17 +0800] "GET /xingrg/all/function/internal_message.html?_=1600136898422&CODE_STATE=count HTTP/1.1" 200 11
172.17.200.101 - - [15/Sep/2020:10:28:17 +0800] "GET /xingrg/check_reg.html?_=1600136898423 HTTP/1.1" 200 22
172.17.200.101 - - [15/Sep/2020:10:28:17 +0800] "GET /xingrg/images/blue/pingpu.png HTTP/1.1" 304 -
172.17.200.101 - - [15/Sep/2020:10:28:17 +0800] "GET /xingrg/javascript/jquery_easy_ui/themes/default/images/panel_tool_expand.gif HTTP/1.1" 304 -
172.17.200.101 - - [15/Sep/2020:10:28:17 +0800] "GET /xingrg/javascript/jquery_easy_ui/themes/default/images/panel_tool_collapse.gif HTTP/1.1" 304 -
172.17.200.101 - - [15/Sep/2020:10:28:17 +0800] "GET /xingrg/javascript/jquery_easy_ui/themes/default/images/tabs_leftarrow.png HTTP/1.1" 304 -
114.82.29.189 - - [15/Sep/2020:10:28:17 +0800] "POST /xingrg/kc/buy/cgsh_order_operate.html HTTP/1.1" 200 2676
172.17.200.101 - - [15/Sep/2020:10:28:17 +0800] "GET /xingrg/javascript/jquery_easy_ui/themes/default/images/tabs_rightarrow.png HTTP/1.1" 304 -
172.17.200.101 - - [15/Sep/2020:10:28:18 +0800] "POST /xingrg/load_menu.html HTTP/1.1" 200 9924
114.82.29.189 - - [15/Sep/2020:10:28:18 +0800] "GET /xingrg/kc/print/load_data.html?order_code=212020091506286&kc_code=cgsh&condition= HTTP/1.1" 200 755
114.86.226.190 - - [15/Sep/2020:10:28:21 +0800] "GET /xingrg/all/function/internal_message.html?_=1600136973609&CODE_STATE=getMsg HTTP/1.1" 200 27
218.81.217.115 - - [15/Sep/2020:10:28:21 +0800] "GET /xingrg/check_reg.html?_=1600136902446 HTTP/1.1" 200 22
172.17.0.100 - - [15/Sep/2020:10:28:22 +0800] "GET /xingrg/all/function/internal_message.html?_=1600136901299&CODE_STATE=getMsg HTTP/1.1" 200 27
172.17.0.240 - - [15/Sep/2020:10:28:24 +0800] "POST /xingrg/dwr/call/plaincall/AjaxReportQueryService.refreshCache.dwr HTTP/1.1" 200 78
172.17.200.101 - - [15/Sep/2020:10:28:24 +0800] "GET /xingrg/kc/buy/cgsh_order_list.html HTTP/1.1" 200 44212
172.17.0.240 - - [15/Sep/2020:10:28:25 +0800] "POST /xingrg/all/report/load_report_page.html HTTP/1.1" 200 51220
172.17.0.240 - - [15/Sep/2020:10:28:25 +0800] "GET /xingrg/servlets/image?cache=0.5226142586385161&image=px HTTP/1.1" 200 807
114.82.29.189 - - [15/Sep/2020:10:28:26 +0800] "GET /xingrg/kc/buy/cgsh_order_add.html HTTP/1.1" 200 59709
114.82.29.189 - - [15/Sep/2020:10:28:26 +0800] "GET /xingrg/javascript/easyui/themes/default/validatebox.css HTTP/1.1" 404 1104
114.82.29.189 - - [15/Sep/2020:10:28:26 +0800] "POST /xingrg/kc/buy/cgsh_order_operate.html HTTP/1.1" 200 8245
114.82.29.189 - - [15/Sep/2020:10:28:29 +0800] "GET /xingrg/all/function/internal_message.html?_=1600136908759&CODE_STATE=getMsg HTTP/1.1" 200 27
172.17.200.101 - - [15/Sep/2020:10:28:30 +0800] "POST /xingrg/kc/buy/cgsh_list_operate.html HTTP/1.1" 200 876
117.185.32.26 - - [15/Sep/2020:10:28:31 +0800] "GET /xingrg/login.html HTTP/1.1" 200 7641
117.185.32.26 - - [15/Sep/2020:10:28:32 +0800] "GET /favicon.ico HTTP/1.1" 404 -
117.185.32.26 - - [15/Sep/2020:10:28:34 +0800] "POST /xingrg/login.do HTTP/1.1" 302 -
117.185.32.26 - - [15/Sep/2020:10:28:34 +0800] "GET /xingrg/index.html?sysBaseUrl=http%3A%2F%2F180.169.147.146%3A18081%2Fxingrg%2F&costTime=39×tamp=1600136914847 HTTP/1.1" 200 17173
117.185.32.26 - - [15/Sep/2020:10:28:35 +0800] "GET /favicon.ico HTTP/1.1" 404 -
117.185.32.26 - - [15/Sep/2020:10:28:35 +0800] "POST /xingrg/all/common/load_tree.html?tree=area_rest_tree_json&manage=1 HTTP/1.1" 200 342
117.185.32.26 - - [15/Sep/2020:10:28:35 +0800] "GET /xingrg/all/function/internal_message.html?_=1600136914482&CODE_STATE=count HTTP/1.1" 200 11
117.185.32.26 - - [15/Sep/2020:10:28:35 +0800] "GET /xingrg/check_reg.html?_=1600136914483 HTTP/1.1" 200 22
117.185.32.26 - - [15/Sep/2020:10:28:35 +0800] "POST /xingrg/load_menu.html HTTP/1.1" 200 5138
117.185.32.26 - - [15/Sep/2020:10:28:37 +0800] "GET /xingrg/css/new_ie.css HTTP/1.1" 404 1036
117.185.32.26 - - [15/Sep/2020:10:28:37 +0800] "GET /xingrg/kc/buy/buy_main.html HTTP/1.1" 200 12412
116.238.64.253 - - [15/Sep/2020:10:28:37 +0800] "GET /xingrg/all/function/internal_message.html?_=1600137123756&CODE_STATE=getMsg HTTP/1.1" 200 27
117.185.32.26 - - [15/Sep/2020:10:28:38 +0800] "GET /xingrg/check_reg.html?_=1600137341871 HTTP/1.1" 200 22
117.185.32.26 - - [15/Sep/2020:10:28:38 +0800] "GET /xingrg/images/yd/bt.gif HTTP/1.1" 404 1040
180.157.253.48 - - [15/Sep/2020:10:28:38 +0800] "GET /xingrg/all/function/internal_message.html?_=1600136921614&CODE_STATE=getMsg HTTP/1.1" 200 27
117.185.32.26 - - [15/Sep/2020:10:28:38 +0800] "GET /xingrg/kc/buy/cgsh_order_list.html HTTP/1.1" 200 43971
172.17.200.101 - - [15/Sep/2020:10:28:39 +0800] "POST /xingrg/kc/buy/cgsh_list_operate.html HTTP/1.1" 200 5859
172.17.0.120 - - [15/Sep/2020:10:28:39 +0800] "GET /xingrg/all/function/internal_message.html?_=1600136917315&CODE_STATE=getMsg HTTP/1.1" 200 27
117.185.32.26 - - [15/Sep/2020:10:28:40 +0800] "POST /xingrg/kc/buy/cgsh_list_operate.html HTTP/1.1" 200 876
116.235.241.164 - - [15/Sep/2020:10:28:41 +0800] "GET /xingrg/all/function/internal_message.html?_=1600136923012&CODE_STATE=getMsg HTTP/1.1" 200 27
117.185.32.26 - - [15/Sep/2020:10:28:42 +0800] "GET /xingrg/kc/buy/cgsh_order_add.html HTTP/1.1" 200 59715
117.185.32.26 - - [15/Sep/2020:10:28:42 +0800] "GET /xingrg/words/20200914192654_words.js HTTP/1.1" 304 -
117.185.32.26 - - [15/Sep/2020:10:28:43 +0800] "GET /xingrg/all/common/auto_word.html?type=employee&rest_code=00106 HTTP/1.1" 200 205
117.185.32.26 - - [15/Sep/2020:10:28:43 +0800] "GET /xingrg/all/common/auto_word.html?type=employee&rest_code=00106 HTTP/1.1" 200 205
117.185.32.26 - - [15/Sep/2020:10:28:43 +0800] "GET /xingrg/javascript/easyui/themes/default/validatebox.css HTTP/1.1" 404 1104
117.185.32.26 - - [15/Sep/2020:10:28:43 +0800] "POST /xingrg/kc/buy/cgsh_order_operate.html HTTP/1.1" 200 8245
172.17.200.101 - - [15/Sep/2020:10:28:43 +0800] "POST /xingrg/kc/buy/cgsh_list_operate.html HTTP/1.1" 200 6003
172.17.200.101 - - [15/Sep/2020:10:28:46 +0800] "POST /xingrg/kc/buy/cgsh_list_operate.html HTTP/1.1" 200 6045
116.230.74.197 - - [15/Sep/2020:10:28:48 +0800] "GET /xingrg/all/function/internal_message.html?_=1600136925177&CODE_STATE=getMsg HTTP/1.1" 200 27
117.131.5.26 - - [15/Sep/2020:10:28:48 +0800] "GET /xingrg/all/function/internal_message.html?_=1600136947586&CODE_STATE=getMsg HTTP/1.1" 200 27
172.17.200.101 - - [15/Sep/2020:10:28:48 +0800] "POST /xingrg/kc/buy/cgsh_list_operate.html HTTP/1.1" 200 202
114.82.29.189 - - [15/Sep/2020:10:28:49 +0800] "GET /xingrg/kc/buy/cgsh_order_operate.html?command=get_materiel&rest_code=00105&code=00101008061&supplier_code=00100339&order_time=2020-09-15 HTTP/1.1" 200 423
117.185.32.26 - - [15/Sep/2020:10:28:49 +0800] "GET /xingrg/javascript/easyui/themes/default/tree.css HTTP/1.1" 404 1090
117.185.32.26 - - [15/Sep/2020:10:28:49 +0800] "POST /xingrg/all/common/load_tree.html?tree=supplier_tree_json&isDelete=1 HTTP/1.1" 200 50169
114.82.29.189 - - [15/Sep/2020:10:28:50 +0800] "POST /xingrg/all/common/load_select.html HTTP/1.1" 200 12
117.184.7.26 - - [15/Sep/2020:10:28:50 +0800] "GET /xingrg/all/function/internal_message.html?_=1600136927518&CODE_STATE=getMsg HTTP/1.1" 200 27
172.17.200.101 - - [15/Sep/2020:10:28:51 +0800] "POST /xingrg/kc/buy/cgsh_list_operate.html HTTP/1.1" 200 4
172.17.0.240 - - [15/Sep/2020:10:28:52 +0800] "GET /xingrg/all/function/internal_message.html?_=1600136929225&CODE_STATE=getMsg HTTP/1.1" 200 27
114.82.29.189 - - [15/Sep/2020:10:28:53 +0800] "GET /xingrg/kc/buy/cgsh_order_operate.html?command=get_materiel_price&rest_code=00105&code=00101008061&unit_code=00100012&supplier_code=00100339&order_time=2020-09-15 HTTP/1.1" 200 28
172.17.200.101 - - [15/Sep/2020:10:28:53 +0800] "POST /xingrg/kc/buy/cgsh_list_operate.html HTTP/1.1" 200 5842
116.238.64.253 - - [15/Sep/2020:10:28:56 +0800] "POST /xingrg/services/DataTransmitService HTTP/1.1" 200 524
117.185.32.26 - - [15/Sep/2020:10:28:56 +0800] "GET /xingrg/javascript/auto/indicator.gif HTTP/1.1" 404 1066
222.69.134.17 - - [15/Sep/2020:10:28:57 +0800] "GET /xingrg/all/function/internal_message.html?_=1600136935091&CODE_STATE=getMsg HTTP/1.1" 200 27
117.185.32.26 - - [15/Sep/2020:10:29:00 +0800] "GET /xingrg/kc/buy/cgsh_order_operate.html?command=get_materiel&rest_code=00106&code=00101011005&supplier_code=00100050&order_time=2020-09-15 HTTP/1.1" 200 429
116.235.241.164 - - [15/Sep/2020:10:29:00 +0800] "GET /xingrg/all/function/internal_message.html?_=1600136942254&CODE_STATE=getMsg HTTP/1.1" 200 27
120.253.135.82 - - [15/Sep/2020:10:29:03 +0800] "GET /xingrg/login.html HTTP/1.1" 200 7641
120.253.135.82 - - [15/Sep/2020:10:29:03 +0800] "GET /xingrg/images/blue/jxLogo.png HTTP/1.1" 304 -
120.253.135.82 - - [15/Sep/2020:10:29:03 +0800] "GET /xingrg/images/blue/login_bg.png HTTP/1.1" 304 -
120.253.135.82 - - [15/Sep/2020:10:29:03 +0800] "GET /xingrg/images/blue/hj.png HTTP/1.1" 304 -
120.253.135.82 - - [15/Sep/2020:10:29:03 +0800] "GET /xingrg/images/blue/srbg.png HTTP/1.1" 304 -
120.253.135.82 - - [15/Sep/2020:10:29:03 +0800] "GET /favicon.ico HTTP/1.1" 404 -
117.184.7.26 - - [15/Sep/2020:10:29:03 +0800] "GET /xingrg/kc/buy/cgsh_order_operate.html?command=get_materiel&rest_code=00108&code=00101008149&supplier_code=00100008&order_time=2020-09-15 HTTP/1.1" 200 408
120.253.135.82 - - [15/Sep/2020:10:29:07 +0800] "POST /xingrg/login.do HTTP/1.1" 302 -
120.253.135.82 - - [15/Sep/2020:10:29:07 +0800] "GET /xingrg/javascript/jquery_easy_ui/themes/default/easyui.css HTTP/1.1" 304 -
120.253.135.82 - - [15/Sep/2020:10:29:07 +0800] "GET /xingrg/javascript/jquery_easy_ui/themes/icon.css HTTP/1.1" 304 -
120.253.135.82 - - [15/Sep/2020:10:29:07 +0800] "GET /xingrg/css/form.css HTTP/1.1" 304 -
120.253.135.82 - - [15/Sep/2020:10:29:07 +0800] "GET /xingrg/index.html?sysBaseUrl=http%3A%2F%2F180.169.147.146%3A18081%2Fxingrg%2F&costTime=39×tamp=1600136947528 HTTP/1.1" 200 17503
120.253.135.82 - - [15/Sep/2020:10:29:07 +0800] "GET /xingrg/javascript/jquery.timers.js HTTP/1.1" 304 -
120.253.135.82 - - [15/Sep/2020:10:29:07 +0800] "GET /xingrg/javascript/jquery.utils.js HTTP/1.1" 304 -
120.253.135.82 - - [15/Sep/2020:10:29:07 +0800] "GET /xingrg/javascript/jquery_easy_ui/jquery.easyui.min.js HTTP/1.1" 304 -
120.253.135.82 - - [15/Sep/2020:10:29:07 +0800] "GET /xingrg/javascript/jquery_easy_ui/easyui-lang-zh_CN.js HTTP/1.1" 304 -
120.253.135.82 - - [15/Sep/2020:10:29:07 +0800] "GET /xingrg/javascript/jquery.form.js HTTP/1.1" 304 -
120.253.135.82 - - [15/Sep/2020:10:29:07 +0800] "GET /xingrg/javascript/jquery-1.4.2.min.js HTTP/1.1" 304 -
120.253.135.82 - - [15/Sep/2020:10:29:07 +0800] "GET /xingrg/images/blue/navBackgound.jpg HTTP/1.1" 304 -
120.253.135.82 - - [15/Sep/2020:10:29:07 +0800] "GET /xingrg/javascript/jquery_easy_ui/themes/icons/settle_new.png HTTP/1.1" 304 -
120.253.135.82 - - [15/Sep/2020:10:29:07 +0800] "GET /xingrg/images/blue/pingpu.png HTTP/1.1" 304 -
120.253.135.82 - - [15/Sep/2020:10:29:07 +0800] "POST /xingrg/all/common/load_tree.html?tree=area_rest_tree_json&manage=1 HTTP/1.1" 200 344
120.253.135.82 - - [15/Sep/2020:10:29:07 +0800] "GET /xingrg/javascript/jquery_easy_ui/themes/default/images/tabs_rightarrow.png HTTP/1.1" 304 -
120.253.135.82 - - [15/Sep/2020:10:29:07 +0800] "GET /xingrg/javascript/jquery_easy_ui/themes/default/images/panel_tool_collapse.gif HTTP/1.1" 304 -
120.253.135.82 - - [15/Sep/2020:10:29:07 +0800] "GET /xingrg/javascript/jquery_easy_ui/themes/default/images/tabs_leftarrow.png HTTP/1.1" 304 -
120.253.135.82 - - [15/Sep/2020:10:29:07 +0800] "GET /xingrg/javascript/jquery_easy_ui/themes/default/images/panel_tool_expand.gif HTTP/1.1" 304 -
120.253.135.82 - - [15/Sep/2020:10:29:07 +0800] "GET /xingrg/check_reg.html?_=1600136696165 HTTP/1.1" 200 22
120.253.135.82 - - [15/Sep/2020:10:29:07 +0800] "GET /xingrg/all/function/internal_message.html?_=1600136696164&CODE_STATE=count HTTP/1.1" 200 11
120.253.135.82 - - [15/Sep/2020:10:29:07 +0800] "GET /xingrg/javascript/jquery_easy_ui/themes/default/images/tree_arrows.gif HTTP/1.1" 304 -
120.253.135.82 - - [15/Sep/2020:10:29:07 +0800] "POST /xingrg/load_menu.html HTTP/1.1" 200 11443
120.253.135.82 - - [15/Sep/2020:10:29:08 +0800] "GET /xingrg/javascript/jquery_easy_ui/themes/icons/search_new.png HTTP/1.1" 304 -
120.253.135.82 - - [15/Sep/2020:10:29:08 +0800] "GET /xingrg/javascript/jquery_easy_ui/themes/icons/checkout_new.png HTTP/1.1" 304 -
120.253.135.82 - - [15/Sep/2020:10:29:08 +0800] "GET /xingrg/javascript/jquery_easy_ui/themes/icons/delivery_new.png HTTP/1.1" 304 -
120.253.135.82 - - [15/Sep/2020:10:29:08 +0800] "GET /xingrg/javascript/jquery_easy_ui/themes/icons/storage_new.png HTTP/1.1" 304 -
120.253.135.82 - - [15/Sep/2020:10:29:08 +0800] "GET /xingrg/javascript/jquery_easy_ui/themes/default/images/tree_folder_open.gif HTTP/1.1" 304 -
120.253.135.82 - - [15/Sep/2020:10:29:08 +0800] "GET /xingrg/javascript/jquery_easy_ui/themes/icons/setting_new.png HTTP/1.1" 304 -
120.253.135.82 - - [15/Sep/2020:10:29:08 +0800] "GET /xingrg/javascript/jquery_easy_ui/themes/icons/systemset_new.png HTTP/1.1" 304 -
120.253.135.82 - - [15/Sep/2020:10:29:08 +0800] "GET /xingrg/javascript/jquery_easy_ui/themes/default/images/tree_file.gif HTTP/1.1" 304 -
120.253.135.82 - - [15/Sep/2020:10:29:08 +0800] "GET /xingrg/javascript/jquery_easy_ui/themes/icons/forms_new.png HTTP/1.1" 304 -
120.253.135.82 - - [15/Sep/2020:10:29:08 +0800] "GET /xingrg/javascript/jquery_easy_ui/themes/default/images/tree_folder.gif HTTP/1.1" 304 -
120.253.135.82 - - [15/Sep/2020:10:29:08 +0800] "GET /favicon.ico HTTP/1.1" 404 -
117.184.7.26 - - [15/Sep/2020:10:29:11 +0800] "GET /xingrg/kc/buy/cgsh_order_operate.html?command=get_materiel&rest_code=00108&code=00101008185&supplier_code=00100008&order_time=2020-09-15 HTTP/1.1" 200 408
117.185.32.26 - - [15/Sep/2020:10:29:11 +0800] "GET /xingrg/kc/buy/cgsh_order_operate.html?command=get_materiel&rest_code=00106&code=00101011003&supplier_code=00100050&order_time=2020-09-15 HTTP/1.1" 200 412
116.238.71.173 - - [15/Sep/2020:10:29:12 +0800] "GET /xingrg/all/function/internal_message.html?_=1600136951849&CODE_STATE=getMsg HTTP/1.1" 200 27
120.253.135.82 - - [15/Sep/2020:10:29:13 +0800] "GET /xingrg/javascript/jquery_easy_ui/themes/default/images/tabs_close.gif HTTP/1.1" 304 -
120.253.135.82 - - [15/Sep/2020:10:29:13 +0800] "GET /xingrg/css/base.css HTTP/1.1" 304 -
120.253.135.82 - - [15/Sep/2020:10:29:13 +0800] "GET /xingrg/css/site.css HTTP/1.1" 304 -
120.253.135.82 - - [15/Sep/2020:10:29:13 +0800] "GET /xingrg/javascript/jquery_tools/datebox.css HTTP/1.1" 304 -
120.253.135.82 - - [15/Sep/2020:10:29:13 +0800] "GET /xingrg/javascript/easyui/themes/default/easyui.css HTTP/1.1" 304 -
120.253.135.82 - - [15/Sep/2020:10:29:13 +0800] "GET /xingrg/javascript/auto/jquery.autocomplete.css HTTP/1.1" 304 -
120.253.135.82 - - [15/Sep/2020:10:29:13 +0800] "GET /xingrg/javascript/jquery_tools/table.css HTTP/1.1" 304 -
120.253.135.82 - - [15/Sep/2020:10:29:13 +0800] "GET /xingrg/javascript/easyui/themes/icon.css HTTP/1.1" 304 -
120.253.135.82 - - [15/Sep/2020:10:29:13 +0800] "GET /xingrg/javascript/jquery_tools/jquery.tools.min.js HTTP/1.1" 304 -
120.253.135.82 - - [15/Sep/2020:10:29:13 +0800] "GET /xingrg/javascript/jquery_tools/fix.css HTTP/1.1" 304 -
120.253.135.82 - - [15/Sep/2020:10:29:13 +0800] "GET /xingrg/javascript/easyui/easyloader.js HTTP/1.1" 304 -
120.253.135.82 - - [15/Sep/2020:10:29:13 +0800] "GET /xingrg/javascript/jquery_tools/jquery.tools.hotkey.js HTTP/1.1" 304 -
120.253.135.82 - - [15/Sep/2020:10:29:13 +0800] "GET /xingrg/javascript/auto/jquery.autocomplete.js HTTP/1.1" 304 -
120.253.135.82 - - [15/Sep/2020:10:29:13 +0800] "GET /xingrg/javascript/jquery_tools/jquery.tools.extend.js HTTP/1.1" 304 -
120.253.135.82 - - [15/Sep/2020:10:29:13 +0800] "GET /xingrg/javascript/jquery.cookie.js HTTP/1.1" 304 -
120.253.135.82 - - [15/Sep/2020:10:29:13 +0800] "GET /xingrg/javascript/print/LodopFuncs.js HTTP/1.1" 304 -
120.253.135.82 - - [15/Sep/2020:10:29:13 +0800] "GET /xingrg/javascript/jquery_tools/jquery.tools.table.js HTTP/1.1" 304 -
120.253.135.82 - - [15/Sep/2020:10:29:13 +0800] "GET /xingrg/javascript/jquery_tools/list_manager.js HTTP/1.1" 304 -
120.253.135.82 - - [15/Sep/2020:10:29:13 +0800] "GET /xingrg/kc/buy/cgsh_order_list.html HTTP/1.1" 200 44226
120.253.135.82 - - [15/Sep/2020:10:29:14 +0800] "GET /xingrg/javascript/easyui/themes/icons/edit_add_new.png HTTP/1.1" 304 -
120.253.135.82 - - [15/Sep/2020:10:29:14 +0800] "GET /xingrg/javascript/easyui/themes/icons/uncheck_new.png HTTP/1.1" 304 -
120.253.135.82 - - [15/Sep/2020:10:29:14 +0800] "GET /xingrg/javascript/easyui/themes/icons/field_new.png HTTP/1.1" 304 -
120.253.135.82 - - [15/Sep/2020:10:29:14 +0800] "GET /xingrg/javascript/easyui/themes/icons/cance_new.png HTTP/1.1" 304 -
120.253.135.82 - - [15/Sep/2020:10:29:14 +0800] "GET /xingrg/javascript/easyui/themes/icons/check_new.png HTTP/1.1" 304 -
120.253.135.82 - - [15/Sep/2020:10:29:14 +0800] "GET /xingrg/javascript/easyui/themes/icons/import_new.png HTTP/1.1" 304 -
120.253.135.82 - - [15/Sep/2020:10:29:14 +0800] "GET /xingrg/javascript/jquery_easy_ui/themes/icons/area.png HTTP/1.1" 304 -
120.253.135.82 - - [15/Sep/2020:10:29:14 +0800] "GET /xingrg/javascript/jquery_easy_ui/themes/icons/manage.png HTTP/1.1" 304 -
120.253.135.82 - - [15/Sep/2020:10:29:14 +0800] "GET /xingrg/javascript/easyui/plugins/jquery.parser.js HTTP/1.1" 304 -
120.253.135.82 - - [15/Sep/2020:10:29:14 +0800] "GET /xingrg/images/control/ajaxLoader.gif HTTP/1.1" 304 -
120.253.135.82 - - [15/Sep/2020:10:29:14 +0800] "POST /xingrg/kc/buy/cgsh_list_operate.html HTTP/1.1" 200 876
218.81.217.115 - - [15/Sep/2020:10:29:14 +0800] "GET /xingrg/all/function/internal_message.html?_=1600136955654&CODE_STATE=getMsg HTTP/1.1" 200 27
116.238.71.173 - - [15/Sep/2020:10:29:15 +0800] "GET /xingrg/all/function/internal_message.html?_=1600137078731&CODE_STATE=getMsg HTTP/1.1" 200 27
114.88.166.242 - - [15/Sep/2020:10:29:15 +0800] "GET /xingrg/all/function/internal_message.html?_=1600137021397&CODE_STATE=getMsg HTTP/1.1" 200 27
120.253.135.82 - - [15/Sep/2020:10:29:16 +0800] "GET /xingrg/javascript/easyui/themes/default/images/button_plain_hover.png HTTP/1.1" 304 -
120.253.135.82 - - [15/Sep/2020:10:29:17 +0800] "GET /xingrg/javascript/pic_change.js HTTP/1.1" 304 -
120.253.135.82 - - [15/Sep/2020:10:29:17 +0800] "GET /xingrg/javascript/jquery_tools/order_manager.js HTTP/1.1" 304 -
120.253.135.82 - - [15/Sep/2020:10:29:17 +0800] "GET /xingrg/javascript/convert.js HTTP/1.1" 304 -
120.253.135.82 - - [15/Sep/2020:10:29:17 +0800] "GET /xingrg/javascript/json2.js HTTP/1.1" 304 -
120.253.135.82 - - [15/Sep/2020:10:29:17 +0800] "GET /xingrg/javascript/print/kc_print.js HTTP/1.1" 304 -
120.253.135.82 - - [15/Sep/2020:10:29:17 +0800] "GET /xingrg/kc/buy/cgsh_order_add.html HTTP/1.1" 200 58688
120.253.135.82 - - [15/Sep/2020:10:29:17 +0800] "GET /xingrg/words/20200914192654_words.js HTTP/1.1" 304 -
172.17.200.101 - - [15/Sep/2020:10:29:17 +0800] "GET /xingrg/all/function/internal_message.html?_=1600136958444&CODE_STATE=getMsg HTTP/1.1" 200 27
120.253.135.82 - - [15/Sep/2020:10:29:17 +0800] "GET /xingrg/javascript/easyui/themes/icons/copy_new.png HTTP/1.1" 304 -
120.253.135.82 - - [15/Sep/2020:10:29:17 +0800] "GET /xingrg/javascript/easyui/themes/icons/template_new.png HTTP/1.1" 200 3956
120.253.135.82 - - [15/Sep/2020:10:29:17 +0800] "GET /xingrg/javascript/easyui/themes/icons/cancel.png HTTP/1.1" 304 -
120.253.135.82 - - [15/Sep/2020:10:29:17 +0800] "GET /xingrg/javascript/easyui/themes/icons/ok.png HTTP/1.1" 304 -
120.253.135.82 - - [15/Sep/2020:10:29:17 +0800] "GET /xingrg/javascript/easyui/themes/icons/print.png HTTP/1.1" 304 -
120.253.135.82 - - [15/Sep/2020:10:29:17 +0800] "GET /xingrg/javascript/easyui/themes/default/images/menu_downarrow.png HTTP/1.1" 304 -
120.253.135.82 - - [15/Sep/2020:10:29:17 +0800] "GET /xingrg/all/common/auto_word.html?type=employee&rest_code=00101 HTTP/1.1" 200 1223
120.253.135.82 - - [15/Sep/2020:10:29:17 +0800] "GET /xingrg/all/common/auto_word.html?type=employee&rest_code=00101 HTTP/1.1" 200 1223
120.253.135.82 - - [15/Sep/2020:10:29:17 +0800] "GET /xingrg/javascript/easyui/themes/default/validatebox.css HTTP/1.1" 404 1104
120.253.135.82 - - [15/Sep/2020:10:29:17 +0800] "GET /xingrg/javascript/easyui/plugins/jquery.validatebox.js HTTP/1.1" 304 -
120.253.135.82 - - [15/Sep/2020:10:29:17 +0800] "POST /xingrg/kc/buy/cgsh_order_operate.html HTTP/1.1" 200 8245
120.253.135.82 - - [15/Sep/2020:10:29:18 +0800] "GET /xingrg/javascript/easyui/themes/icons/edit_remove.png HTTP/1.1" 304 -
120.253.135.82 - - [15/Sep/2020:10:29:18 +0800] "GET /xingrg/javascript/easyui/plugins/jquery.numberbox.js HTTP/1.1" 304 -
114.82.29.189 - - [15/Sep/2020:10:29:18 +0800] "GET /xingrg/kc/buy/cgsh_order_operate.html?command=get_materiel&rest_code=00105&code=00101008314&supplier_code=00100339&order_time=2020-09-15 HTTP/1.1" 200 413
117.184.7.26 - - [15/Sep/2020:10:29:19 +0800] "GET /xingrg/kc/buy/cgsh_order_operate.html?command=get_materiel&rest_code=00108&code=00101008354&supplier_code=00100008&order_time=2020-09-15 HTTP/1.1" 200 412
114.86.226.190 - - [15/Sep/2020:10:29:20 +0800] "GET /xingrg/all/function/internal_message.html?_=1600137033609&CODE_STATE=getMsg HTTP/1.1" 200 27
120.253.135.82 - - [15/Sep/2020:10:29:20 +0800] "GET /xingrg/javascript/auto/indicator.gif HTTP/1.1" 404 1066
117.185.32.26 - - [15/Sep/2020:10:29:21 +0800] "GET /xingrg/kc/buy/cgsh_order_operate.html?command=get_materiel&rest_code=00106&code=00101011010&supplier_code=00100050&order_time=2020-09-15 HTTP/1.1" 200 418
172.17.0.240 - - [15/Sep/2020:10:29:21 +0800] "GET /xingrg/all/report/report_query.html?isQuery=1&fileName=dma/new_5.0/menu/menu_hz.xml&queryString=(a.sale_day%2520between%252020200914%2520and%252020200914)%2520and%2520(a.sid%2520in%2520(12))%2520and%2520(a.tj_code%253Dnull)&queryText=%25E3%2580%2590%25E8%2590%25A5%25E4%25B8%259A%25E6%2597%25A5%25E6%259C%259F%253A2020-09-14%2520%25E8%2587%25B3%25202020-09-14%25E3%2580%2591%2520%25E5%25B9%25B6%25E4%25B8%2594%2520%2520%25E3%2580%2590%25E9%2597%25A8%25E5%25BA%2597%25E5%2590%258D%25E7%25A7%25B0%2520%253D%2520%25E6%25B7%25B1%25E6%25B5%25B7%25E6%25B8%2594%25E6%25B8%25AF%25E9%2595%25BF%25E9%2598%25B3%25E8%25B7%25AF%25E3%2580%2591%2520%25E5%25B9%25B6%25E4%25B8%2594%2520%25E3%2580%2590%25E7%25BB%259F%25E8%25AE%25A1%25E7%25B1%25BB%25E5%2588%25AB%2520%253D%2520%25E5%2581%259A%25E6%25B3%2595%25E9%2599%2584%25E5%258A%25A0%25E8%25B4%25B9%25E3%2580%2591 HTTP/1.1" 200 54055
172.17.0.240 - - [15/Sep/2020:10:29:21 +0800] "GET /xingrg/dwr/engine.js HTTP/1.1" 200 43631
172.17.0.240 - - [15/Sep/2020:10:29:21 +0800] "GET /favicon.ico HTTP/1.1" 404 -
172.17.0.240 - - [15/Sep/2020:10:29:22 +0800] "POST /xingrg/all/report/load_report_page.html HTTP/1.1" 200 89
172.17.0.100 - - [15/Sep/2020:10:29:22 +0800] "GET /xingrg/all/function/internal_message.html?_=1600136961299&CODE_STATE=getMsg HTTP/1.1" 200 27
114.82.29.189 - - [15/Sep/2020:10:29:23 +0800] "POST /xingrg/kc/buy/cgsh_order_operate.html HTTP/1.1" 200 37
114.82.29.189 - - [15/Sep/2020:10:29:24 +0800] "POST /xingrg/kc/buy/cgsh_order_operate.html HTTP/1.1" 200 3257
117.184.7.26 - - [15/Sep/2020:10:29:25 +0800] "GET /xingrg/kc/buy/cgsh_order_operate.html?command=get_materiel&rest_code=00108&code=00101008312&supplier_code=00100008&order_time=2020-09-15 HTTP/1.1" 200 412
114.82.29.189 - - [15/Sep/2020:10:29:25 +0800] "GET /xingrg/kc/print/load_data.html?order_code=212020091506287&kc_code=cgsh&condition= HTTP/1.1" 200 900
114.82.29.189 - - [15/Sep/2020:10:29:28 +0800] "GET /xingrg/all/function/internal_message.html?_=1600136968725&CODE_STATE=getMsg HTTP/1.1" 200 27
120.253.135.82 - - [15/Sep/2020:10:29:30 +0800] "GET /xingrg/css/images/panel_loading.gif HTTP/1.1" 304 -
120.253.135.82 - - [15/Sep/2020:10:29:30 +0800] "POST /xingrg/all/common/load_combo.html?type=employee HTTP/1.1" 200 2189
114.82.29.189 - - [15/Sep/2020:10:29:30 +0800] "GET /xingrg/kc/buy/cgsh_order_add.html HTTP/1.1" 200 59709
114.82.29.189 - - [15/Sep/2020:10:29:31 +0800] "GET /xingrg/javascript/easyui/themes/default/validatebox.css HTTP/1.1" 404 1104
114.82.29.189 - - [15/Sep/2020:10:29:31 +0800] "POST /xingrg/kc/buy/cgsh_order_operate.html HTTP/1.1" 200 8245
117.185.32.26 - - [15/Sep/2020:10:29:31 +0800] "GET /xingrg/kc/buy/cgsh_order_operate.html?command=get_materiel&rest_code=00106&code=00101011007&supplier_code=00100050&order_time=2020-09-15 HTTP/1.1" 200 414
117.184.7.26 - - [15/Sep/2020:10:29:35 +0800] "GET /xingrg/kc/buy/cgsh_order_operate.html?command=get_materiel&rest_code=00108&code=00101008010&supplier_code=00100008&order_time=2020-09-15 HTTP/1.1" 200 412
117.185.32.26 - - [15/Sep/2020:10:29:35 +0800] "GET /xingrg/all/function/internal_message.html?_=1600136974498&CODE_STATE=getMsg HTTP/1.1" 200 27
116.238.64.253 - - [15/Sep/2020:10:29:37 +0800] "GET /xingrg/all/function/internal_message.html?_=1600137183772&CODE_STATE=getMsg HTTP/1.1" 200 27
180.157.253.48 - - [15/Sep/2020:10:29:38 +0800] "GET /xingrg/all/function/internal_message.html?_=1600136981627&CODE_STATE=getMsg HTTP/1.1" 200 27
172.17.0.120 - - [15/Sep/2020:10:29:39 +0800] "GET /xingrg/all/function/internal_message.html?_=1600136977318&CODE_STATE=getMsg HTTP/1.1" 200 27
117.185.32.26 - - [15/Sep/2020:10:29:40 +0800] "POST /xingrg/kc/buy/cgsh_order_operate.html HTTP/1.1" 200 37
114.82.29.189 - - [15/Sep/2020:10:29:40 +0800] "GET /xingrg/kc/buy/cgsh_order_operate.html?command=get_materiel&rest_code=00105&code=00101004034&supplier_code=00100085&order_time=2020-09-15 HTTP/1.1" 200 416
120.253.135.82 - - [15/Sep/2020:10:29:40 +0800] "GET /xingrg/kc/buy/cgsh_order_operate.html?command=get_materiel&rest_code=00101&code=00102004035&supplier_code=00100135&order_time=2020-09-15 HTTP/1.1" 200 435
116.235.241.164 - - [15/Sep/2020:10:29:41 +0800] "GET /xingrg/all/function/internal_message.html?_=1600136983014&CODE_STATE=getMsg HTTP/1.1" 200 27
117.185.32.26 - - [15/Sep/2020:10:29:42 +0800] "POST /xingrg/kc/buy/cgsh_order_operate.html HTTP/1.1" 200 12
117.185.32.26 - - [15/Sep/2020:10:29:42 +0800] "GET /xingrg/kc/buy/cgsh_order_info.html?code=212020091506288 HTTP/1.1" 200 54620
117.185.32.26 - - [15/Sep/2020:10:29:43 +0800] "GET /xingrg/javascript/easyui/themes/default/validatebox.css HTTP/1.1" 404 1104
117.185.32.26 - - [15/Sep/2020:10:29:43 +0800] "POST /xingrg/kc/buy/cgsh_order_operate.html HTTP/1.1" 200 2388
117.185.32.26 - - [15/Sep/2020:10:29:45 +0800] "GET /xingrg/kc/print/load_config.html?kc_code=cgsh HTTP/1.1" 200 1845
117.185.32.26 - - [15/Sep/2020:10:29:45 +0800] "GET /xingrg/kc/print/load_data.html?order_code=212020091506288&kc_code=cgsh&condition= HTTP/1.1" 200 1435
116.230.74.197 - - [15/Sep/2020:10:29:47 +0800] "GET /xingrg/all/function/internal_message.html?_=1600136985161&CODE_STATE=getMsg HTTP/1.1" 200 27
117.131.5.26 - - [15/Sep/2020:10:29:48 +0800] "GET /xingrg/all/function/internal_message.html?_=1600137007560&CODE_STATE=getMsg HTTP/1.1" 200 27
117.184.7.26 - - [15/Sep/2020:10:29:50 +0800] "GET /xingrg/all/function/internal_message.html?_=1600136987520&CODE_STATE=getMsg HTTP/1.1" 200 27
117.185.32.26 - - [15/Sep/2020:10:29:50 +0800] "GET /xingrg/kc/buy/cgsh_order_add.html HTTP/1.1" 200 59715
117.185.32.26 - - [15/Sep/2020:10:29:51 +0800] "GET /xingrg/javascript/easyui/themes/default/validatebox.css HTTP/1.1" 404 1104
117.185.32.26 - - [15/Sep/2020:10:29:51 +0800] "POST /xingrg/kc/buy/cgsh_order_operate.html HTTP/1.1" 200 8245
117.185.32.26 - - [15/Sep/2020:10:29:52 +0800] "GET /xingrg/javascript/easyui/themes/default/tree.css HTTP/1.1" 404 1090
117.185.32.26 - - [15/Sep/2020:10:29:52 +0800] "POST /xingrg/all/common/load_tree.html?tree=supplier_tree_json&isDelete=1 HTTP/1.1" 200 50169
172.17.0.240 - - [15/Sep/2020:10:29:52 +0800] "GET /xingrg/all/function/internal_message.html?_=1600136989215&CODE_STATE=getMsg HTTP/1.1" 200 27
120.253.135.82 - - [15/Sep/2020:10:29:56 +0800] "POST /xingrg/kc/buy/cgsh_order_operate.html HTTP/1.1" 200 37
120.253.135.82 - - [15/Sep/2020:10:29:57 +0800] "POST /xingrg/kc/buy/cgsh_order_operate.html HTTP/1.1" 200 2669
117.184.7.26 - - [15/Sep/2020:10:29:57 +0800] "GET /xingrg/kc/buy/cgsh_order_operate.html?command=get_materiel&rest_code=00108&code=00101008351&supplier_code=00100008&order_time=2020-09-15 HTTP/1.1" 200 408
222.69.134.17 - - [15/Sep/2020:10:29:57 +0800] "GET /xingrg/all/function/internal_message.html?_=1600136995082&CODE_STATE=getMsg HTTP/1.1" 200 27
222.69.134.17 - - [15/Sep/2020:10:29:57 +0800] "GET /xingrg/check_reg.html?_=1600136995085 HTTP/1.1" 200 22
116.235.241.164 - - [15/Sep/2020:10:30:00 +0800] "GET /xingrg/all/function/internal_message.html?_=1600137002252&CODE_STATE=getMsg HTTP/1.1" 200 27
114.82.29.189 - - [15/Sep/2020:10:30:05 +0800] "POST /xingrg/kc/buy/cgsh_order_operate.html HTTP/1.1" 200 37
114.82.29.189 - - [15/Sep/2020:10:30:07 +0800] "POST /xingrg/kc/buy/cgsh_order_operate.html HTTP/1.1" 200 2663
120.253.135.82 - - [15/Sep/2020:10:30:07 +0800] "GET /xingrg/all/function/internal_message.html?_=1600136756176&CODE_STATE=getMsg HTTP/1.1" 200 27
114.82.29.189 - - [15/Sep/2020:10:30:08 +0800] "GET /xingrg/kc/print/load_data.html?order_code=212020091506290&kc_code=cgsh&condition= HTTP/1.1" 200 724
117.185.32.26 - - [15/Sep/2020:10:30:10 +0800] "GET /xingrg/kc/buy/cgsh_order_operate.html?command=get_materiel&rest_code=00106&code=00101008146&supplier_code=00100009&order_time=2020-09-15 HTTP/1.1" 200 416
120.253.135.82 - - [15/Sep/2020:10:30:11 +0800] "POST /xingrg/kc/buy/cgsh_order_operate.html HTTP/1.1" 200 37
120.253.135.82 - - [15/Sep/2020:10:30:12 +0800] "POST /xingrg/kc/buy/cgsh_order_operate.html HTTP/1.1" 200 2669
116.238.71.173 - - [15/Sep/2020:10:30:12 +0800] "GET /xingrg/all/function/internal_message.html?_=1600137011899&CODE_STATE=getMsg HTTP/1.1" 200 27
114.82.29.189 - - [15/Sep/2020:10:30:12 +0800] "GET /xingrg/kc/buy/cgsh_order_add.html HTTP/1.1" 200 59709
114.82.29.189 - - [15/Sep/2020:10:30:12 +0800] "GET /xingrg/javascript/easyui/themes/default/validatebox.css HTTP/1.1" 404 1104
114.82.29.189 - - [15/Sep/2020:10:30:13 +0800] "POST /xingrg/kc/buy/cgsh_order_operate.html HTTP/1.1" 200 8245
101.91.62.65 - - [15/Sep/2020:10:30:13 +0800] "GET /xingrg/check_reg.html?_=1600136242780 HTTP/1.1" 302 -
218.81.217.115 - - [15/Sep/2020:10:30:15 +0800] "GET /xingrg/all/function/internal_message.html?_=1600137015664&CODE_STATE=getMsg HTTP/1.1" 200 27
120.253.135.82 - - [15/Sep/2020:10:30:15 +0800] "GET /xingrg/kc/print/load_config.html?kc_code=cgsh HTTP/1.1" 200 1845
120.253.135.82 - - [15/Sep/2020:10:30:15 +0800] "GET /xingrg/kc/print/load_data.html?order_code=212020091506289&kc_code=cgsh&condition= HTTP/1.1" 200 752
116.238.71.173 - - [15/Sep/2020:10:30:15 +0800] "GET /xingrg/all/function/internal_message.html?_=1600137138742&CODE_STATE=getMsg HTTP/1.1" 200 27
114.88.166.242 - - [15/Sep/2020:10:30:15 +0800] "GET /xingrg/all/function/internal_message.html?_=1600137081396&CODE_STATE=getMsg HTTP/1.1" 200 27
172.17.200.101 - - [15/Sep/2020:10:30:17 +0800] "GET /xingrg/all/function/internal_message.html?_=1600137018431&CODE_STATE=getMsg HTTP/1.1" 200 27
117.184.7.26 - - [15/Sep/2020:10:30:17 +0800] "GET /xingrg/kc/buy/cgsh_order_operate.html?command=get_materiel&rest_code=00108&code=00101008110&supplier_code=00100008&order_time=2020-09-15 HTTP/1.1" 200 408
117.185.32.26 - - [15/Sep/2020:10:30:19 +0800] "GET /xingrg/kc/buy/cgsh_order_operate.html?command=get_materiel&rest_code=00106&code=00101008134&supplier_code=00100009&order_time=2020-09-15 HTTP/1.1" 200 413
114.86.226.190 - - [15/Sep/2020:10:30:19 +0800] "GET /xingrg/all/function/internal_message.html?_=1600137093609&CODE_STATE=getMsg HTTP/1.1" 200 27
101.91.62.65 - - [15/Sep/2020:10:30:21 +0800] "GET /xingrg/login.html HTTP/1.1" 200 7641
172.17.0.100 - - [15/Sep/2020:10:30:22 +0800] "GET /xingrg/all/function/internal_message.html?_=1600137021299&CODE_STATE=getMsg HTTP/1.1" 200 27
114.82.29.189 - - [15/Sep/2020:10:30:22 +0800] "GET /xingrg/kc/buy/cgsh_order_operate.html?command=get_materiel&rest_code=00105&code=00101001044&supplier_code=00100319&order_time=2020-09-15 HTTP/1.1" 200 411
114.82.29.189 - - [15/Sep/2020:10:30:24 +0800] "GET /xingrg/check_reg.html?_=1600137024522 HTTP/1.1" 200 22
117.184.7.26 - - [15/Sep/2020:10:30:27 +0800] "GET /xingrg/kc/buy/cgsh_order_operate.html?command=get_materiel&rest_code=00108&code=00101008199&supplier_code=00100008&order_time=2020-09-15 HTTP/1.1" 200 408
117.185.32.26 - - [15/Sep/2020:10:30:28 +0800] "POST /xingrg/kc/buy/cgsh_order_operate.html HTTP/1.1" 200 37
114.82.29.189 - - [15/Sep/2020:10:30:28 +0800] "GET /xingrg/all/function/internal_message.html?_=1600137028696&CODE_STATE=getMsg HTTP/1.1" 200 27
117.185.32.26 - - [15/Sep/2020:10:30:30 +0800] "POST /xingrg/kc/buy/cgsh_order_operate.html HTTP/1.1" 200 12
117.185.32.26 - - [15/Sep/2020:10:30:31 +0800] "GET /xingrg/kc/buy/cgsh_order_info.html?code=212020091506291 HTTP/1.1" 200 54624
117.185.32.26 - - [15/Sep/2020:10:30:31 +0800] "GET /xingrg/javascript/easyui/themes/default/validatebox.css HTTP/1.1" 404 1104
117.185.32.26 - - [15/Sep/2020:10:30:32 +0800] "POST /xingrg/kc/buy/cgsh_order_operate.html HTTP/1.1" 200 1200
117.185.32.26 - - [15/Sep/2020:10:30:33 +0800] "GET /xingrg/kc/print/load_data.html?order_code=212020091506291&kc_code=cgsh&condition= HTTP/1.1" 200 1005
114.82.29.189 - - [15/Sep/2020:10:30:34 +0800] "GET /xingrg/kc/buy/cgsh_order_operate.html?command=get_materiel&rest_code=00105&code=00101001040&supplier_code=00100319&order_time=2020-09-15 HTTP/1.1" 200 413
117.184.7.26 - - [15/Sep/2020:10:30:34 +0800] "GET /xingrg/kc/buy/cgsh_order_operate.html?command=get_materiel&rest_code=00108&code=00101008358&supplier_code=00100008&order_time=2020-09-15 HTTP/1.1" 200 412
117.185.32.26 - - [15/Sep/2020:10:30:35 +0800] "GET /xingrg/all/function/internal_message.html?_=1600137034485&CODE_STATE=getMsg HTTP/1.1" 200 27
116.238.64.253 - - [15/Sep/2020:10:30:37 +0800] "GET /xingrg/all/function/internal_message.html?_=1600137243961&CODE_STATE=getMsg HTTP/1.1" 200 27
117.185.32.26 - - [15/Sep/2020:10:30:38 +0800] "GET /xingrg/kc/print/load_data.html?order_code=212020091506291&kc_code=cgsh HTTP/1.1" 200 1005
180.157.253.48 - - [15/Sep/2020:10:30:39 +0800] "GET /xingrg/all/function/internal_message.html?_=1600137041835&CODE_STATE=getMsg HTTP/1.1" 200 27
172.17.0.120 - - [15/Sep/2020:10:30:39 +0800] "GET /xingrg/all/function/internal_message.html?_=1600137037305&CODE_STATE=getMsg HTTP/1.1" 200 27
116.235.241.164 - - [15/Sep/2020:10:30:41 +0800] "GET /xingrg/all/function/internal_message.html?_=1600137043015&CODE_STATE=getMsg HTTP/1.1" 200 27
114.82.29.189 - - [15/Sep/2020:10:30:41 +0800] "GET /xingrg/kc/buy/cgsh_order_operate.html?command=get_materiel&rest_code=00105&code=00101001140&supplier_code=00100319&order_time=2020-09-15 HTTP/1.1" 200 415
116.230.74.197 - - [15/Sep/2020:10:30:47 +0800] "GET /xingrg/all/function/internal_message.html?_=1600137045146&CODE_STATE=getMsg HTTP/1.1" 200 27
117.131.5.26 - - [15/Sep/2020:10:30:48 +0800] "GET /xingrg/all/function/internal_message.html?_=1600137067529&CODE_STATE=getMsg HTTP/1.1" 200 27
116.230.74.197 - - [15/Sep/2020:10:30:49 +0800] "GET /xingrg/check_reg.html?_=1600137046474 HTTP/1.1" 200 22
117.131.5.26 - - [15/Sep/2020:10:30:50 +0800] "GET /xingrg/check_reg.html?_=1600137069960 HTTP/1.1" 200 22
117.184.7.26 - - [15/Sep/2020:10:30:50 +0800] "GET /xingrg/check_reg.html?_=1600137047533 HTTP/1.1" 200 22
117.184.7.26 - - [15/Sep/2020:10:30:50 +0800] "GET /xingrg/all/function/internal_message.html?_=1600137047534&CODE_STATE=getMsg HTTP/1.1" 200 27
172.17.0.240 - - [15/Sep/2020:10:30:52 +0800] "GET /xingrg/all/function/internal_message.html?_=1600137049217&CODE_STATE=getMsg HTTP/1.1" 200 27
117.184.7.26 - - [15/Sep/2020:10:30:52 +0800] "GET /xingrg/kc/buy/cgsh_order_operate.html?command=get_materiel&rest_code=00108&code=00101008003&supplier_code=00100008&order_time=2020-09-15 HTTP/1.1" 200 408
114.82.29.189 - - [15/Sep/2020:10:30:56 +0800] "POST /xingrg/kc/buy/cgsh_order_operate.html HTTP/1.1" 200 37
222.69.134.17 - - [15/Sep/2020:10:30:57 +0800] "GET /xingrg/all/function/internal_message.html?_=1600137055086&CODE_STATE=getMsg HTTP/1.1" 200 27
117.131.5.26 - - [15/Sep/2020:10:30:59 +0800] "GET /favicon.ico HTTP/1.1" 404 -
114.82.29.189 - - [15/Sep/2020:10:30:59 +0800] "POST /xingrg/kc/buy/cgsh_order_operate.html HTTP/1.1" 200 3849
116.235.241.164 - - [15/Sep/2020:10:31:00 +0800] "GET /xingrg/all/function/internal_message.html?_=1600137062251&CODE_STATE=getMsg HTTP/1.1" 200 27
114.82.29.189 - - [15/Sep/2020:10:31:01 +0800] "GET /xingrg/kc/print/load_data.html?order_code=212020091506292&kc_code=cgsh&condition= HTTP/1.1" 200 1129
117.131.5.26 - - [15/Sep/2020:10:31:02 +0800] "GET /favicon.ico HTTP/1.1" 404 -
117.131.5.26 - - [15/Sep/2020:10:31:02 +0800] "GET /favicon.ico HTTP/1.1" 404 -
117.131.5.26 - - [15/Sep/2020:10:31:03 +0800] "GET /favicon.ico HTTP/1.1" 404 -
117.131.5.26 - - [15/Sep/2020:10:31:05 +0800] "GET /xingrg/login.html HTTP/1.1" 200 7641
117.131.5.26 - - [15/Sep/2020:10:31:06 +0800] "GET /favicon.ico HTTP/1.1" 404 -
120.253.135.82 - - [15/Sep/2020:10:31:07 +0800] "GET /xingrg/all/function/internal_message.html?_=1600136816191&CODE_STATE=getMsg HTTP/1.1" 200 27
117.131.5.26 - - [15/Sep/2020:10:31:08 +0800] "POST /xingrg/login.do HTTP/1.1" 302 -
117.131.5.26 - - [15/Sep/2020:10:31:08 +0800] "GET /xingrg/index.html?sysBaseUrl=http%3A%2F%2F180.169.147.146%3A18081%2Fxingrg%2F&costTime=44×tamp=1600137068210 HTTP/1.1" 200 17419
117.131.5.26 - - [15/Sep/2020:10:31:08 +0800] "GET /xingrg/javascript/jquery_easy_ui/themes/default/easyui.css HTTP/1.1" 304 -
117.131.5.26 - - [15/Sep/2020:10:31:08 +0800] "GET /xingrg/css/form.css HTTP/1.1" 304 -
117.131.5.26 - - [15/Sep/2020:10:31:08 +0800] "GET /xingrg/javascript/jquery_easy_ui/themes/icon.css HTTP/1.1" 304 -
117.131.5.26 - - [15/Sep/2020:10:31:08 +0800] "GET /xingrg/javascript/jquery-1.4.2.min.js HTTP/1.1" 304 -
117.131.5.26 - - [15/Sep/2020:10:31:08 +0800] "GET /xingrg/javascript/jquery_easy_ui/jquery.easyui.min.js HTTP/1.1" 304 -
117.131.5.26 - - [15/Sep/2020:10:31:08 +0800] "GET /xingrg/javascript/jquery_easy_ui/easyui-lang-zh_CN.js HTTP/1.1" 304 -
117.131.5.26 - - [15/Sep/2020:10:31:08 +0800] "GET /xingrg/javascript/jquery.form.js HTTP/1.1" 304 -
117.131.5.26 - - [15/Sep/2020:10:31:08 +0800] "GET /xingrg/javascript/jquery.timers.js HTTP/1.1" 304 -
117.131.5.26 - - [15/Sep/2020:10:31:08 +0800] "GET /xingrg/javascript/jquery.utils.js HTTP/1.1" 304 -
117.131.5.26 - - [15/Sep/2020:10:31:08 +0800] "GET /favicon.ico HTTP/1.1" 404 -
117.131.5.26 - - [15/Sep/2020:10:31:08 +0800] "GET /xingrg/images/blue/navBackgound.jpg HTTP/1.1" 304 -
117.131.5.26 - - [15/Sep/2020:10:31:08 +0800] "GET /xingrg/javascript/jquery_easy_ui/themes/icons/settle_new.png HTTP/1.1" 304 -
117.131.5.26 - - [15/Sep/2020:10:31:08 +0800] "POST /xingrg/all/common/load_tree.html?tree=area_rest_tree_json&manage=1 HTTP/1.1" 200 351
117.131.5.26 - - [15/Sep/2020:10:31:08 +0800] "GET /xingrg/images/blue/pingpu.png HTTP/1.1" 304 -
117.131.5.26 - - [15/Sep/2020:10:31:08 +0800] "GET /xingrg/javascript/jquery_easy_ui/themes/default/images/tabs_leftarrow.png HTTP/1.1" 304 -
117.131.5.26 - - [15/Sep/2020:10:31:08 +0800] "GET /xingrg/javascript/jquery_easy_ui/themes/default/images/tabs_rightarrow.png HTTP/1.1" 304 -
117.131.5.26 - - [15/Sep/2020:10:31:08 +0800] "GET /xingrg/javascript/jquery_easy_ui/themes/default/images/panel_tool_collapse.gif HTTP/1.1" 304 -
117.131.5.26 - - [15/Sep/2020:10:31:08 +0800] "GET /xingrg/javascript/jquery_easy_ui/themes/default/images/panel_tool_expand.gif HTTP/1.1" 304 -
117.131.5.26 - - [15/Sep/2020:10:31:09 +0800] "GET /xingrg/all/function/internal_message.html?_=1600136876583&CODE_STATE=count HTTP/1.1" 200 11
117.131.5.26 - - [15/Sep/2020:10:31:09 +0800] "GET /xingrg/check_reg.html?_=1600136876584 HTTP/1.1" 200 22
117.131.5.26 - - [15/Sep/2020:10:31:09 +0800] "POST /xingrg/load_menu.html HTTP/1.1" 200 9959
58.40.7.146 - - [15/Sep/2020:10:31:11 +0800] "POST /xingrg/services/DataTransmitService HTTP/1.1" 200 524
117.185.32.26 - - [15/Sep/2020:10:31:12 +0800] "GET /xingrg/kc/buy/cgsh_order_add.html HTTP/1.1" 200 59715
116.238.71.173 - - [15/Sep/2020:10:31:12 +0800] "GET /xingrg/check_reg.html?_=1600137071947 HTTP/1.1" 200 22
116.238.71.173 - - [15/Sep/2020:10:31:12 +0800] "GET /xingrg/all/function/internal_message.html?_=1600137071951&CODE_STATE=getMsg HTTP/1.1" 200 27
117.185.32.26 - - [15/Sep/2020:10:31:12 +0800] "POST /xingrg/kc/buy/cgsh_order_operate.html HTTP/1.1" 200 8245
117.185.32.26 - - [15/Sep/2020:10:31:12 +0800] "GET /xingrg/javascript/easyui/themes/default/validatebox.css HTTP/1.1" 404 1104
114.82.29.189 - - [15/Sep/2020:10:31:12 +0800] "GET /xingrg/kc/buy/cgsh_order_add.html HTTP/1.1" 200 59709
114.82.29.189 - - [15/Sep/2020:10:31:13 +0800] "GET /xingrg/javascript/easyui/themes/default/validatebox.css HTTP/1.1" 404 1104
114.82.29.189 - - [15/Sep/2020:10:31:13 +0800] "POST /xingrg/kc/buy/cgsh_order_operate.html HTTP/1.1" 200 8245
117.131.5.26 - - [15/Sep/2020:10:31:13 +0800] "POST /xingrg/load_menu.html HTTP/1.1" 200 9242
117.185.32.26 - - [15/Sep/2020:10:31:14 +0800] "GET /xingrg/javascript/easyui/themes/default/tree.css HTTP/1.1" 404 1090
117.185.32.26 - - [15/Sep/2020:10:31:14 +0800] "POST /xingrg/all/common/load_tree.html?tree=supplier_tree_json&isDelete=1 HTTP/1.1" 200 50169
218.81.217.115 - - [15/Sep/2020:10:31:15 +0800] "GET /xingrg/all/function/internal_message.html?_=1600137075778&CODE_STATE=getMsg HTTP/1.1" 200 27
116.238.71.173 - - [15/Sep/2020:10:31:15 +0800] "GET /xingrg/check_reg.html?_=1600137198633 HTTP/1.1" 200 22
116.238.71.173 - - [15/Sep/2020:10:31:15 +0800] "GET /xingrg/all/function/internal_message.html?_=1600137198754&CODE_STATE=getMsg HTTP/1.1" 200 27
117.131.5.26 - - [15/Sep/2020:10:31:15 +0800] "GET /xingrg/all/report/report_query.html?fileName=dma/new_5.0/yingye/yy_hz.xml&rw=1600 HTTP/1.1" 200 56155
117.131.5.26 - - [15/Sep/2020:10:31:15 +0800] "GET /xingrg/css/blue.css HTTP/1.1" 304 -
117.131.5.26 - - [15/Sep/2020:10:31:15 +0800] "GET /xingrg/javascript/multi_select/jqueryMultiSelect.css HTTP/1.1" 304 -
117.131.5.26 - - [15/Sep/2020:10:31:15 +0800] "GET /xingrg/javascript/calendar/timePicker.css HTTP/1.1" 304 -
117.131.5.26 - - [15/Sep/2020:10:31:15 +0800] "GET /xingrg/javascript/bigrid/fix.css HTTP/1.1" 304 -
117.131.5.26 - - [15/Sep/2020:10:31:15 +0800] "GET /xingrg/javascript/pic_change.js HTTP/1.1" 304 -
117.131.5.26 - - [15/Sep/2020:10:31:15 +0800] "GET /xingrg/dwr/interface/AjaxReportQueryService.js HTTP/1.1" 200 13203
114.88.166.242 - - [15/Sep/2020:10:31:15 +0800] "GET /xingrg/all/function/internal_message.html?_=1600137141401&CODE_STATE=getMsg HTTP/1.1" 200 27
117.131.5.26 - - [15/Sep/2020:10:31:15 +0800] "GET /xingrg/dwr/util.js HTTP/1.1" 304 -
117.131.5.26 - - [15/Sep/2020:10:31:15 +0800] "GET /xingrg/javascript/myfunction.js HTTP/1.1" 304 -
117.131.5.26 - - [15/Sep/2020:10:31:15 +0800] "GET /xingrg/javascript/jqueryMultiSelect.js HTTP/1.1" 304 -
117.131.5.26 - - [15/Sep/2020:10:31:15 +0800] "GET /xingrg/javascript/Calendar.js HTTP/1.1" 304 -
117.131.5.26 - - [15/Sep/2020:10:31:15 +0800] "GET /xingrg/javascript/calendar/jquery.timePicker.min.js HTTP/1.1" 304 -
117.131.5.26 - - [15/Sep/2020:10:31:15 +0800] "GET /xingrg/dwr/engine.js HTTP/1.1" 200 43631
117.131.5.26 - - [15/Sep/2020:10:31:15 +0800] "GET /xingrg/javascript/bigrid/fix.js HTTP/1.1" 304 -
117.131.5.26 - - [15/Sep/2020:10:31:16 +0800] "GET /xingrg/javascript/jquery_easy_ui/themes/default/images/button_a_bg.gif HTTP/1.1" 304 -
117.131.5.26 - - [15/Sep/2020:10:31:16 +0800] "POST /xingrg/dwr/call/plaincall/AjaxReportQueryService.getFixDate.dwr HTTP/1.1" 200 111
117.131.5.26 - - [15/Sep/2020:10:31:16 +0800] "POST /xingrg/all/common/load_tree.html?tree=area_station_tree_json&manage=1 HTTP/1.1" 200 345
172.17.200.101 - - [15/Sep/2020:10:31:17 +0800] "GET /xingrg/all/function/internal_message.html?_=1600137078430&CODE_STATE=getMsg HTTP/1.1" 200 27
114.86.226.190 - - [15/Sep/2020:10:31:19 +0800] "GET /xingrg/all/function/internal_message.html?_=1600137153609&CODE_STATE=getMsg HTTP/1.1" 200 27
117.131.5.26 - - [15/Sep/2020:10:31:21 +0800] "POST /xingrg/dwr/call/plaincall/AjaxReportQueryService.refreshCache.dwr HTTP/1.1" 200 78
117.131.5.26 - - [15/Sep/2020:10:31:21 +0800] "POST /xingrg/all/report/load_report_page.html HTTP/1.1" 200 32846
117.131.5.26 - - [15/Sep/2020:10:31:21 +0800] "GET /xingrg/servlets/image?cache=0.28064097385460507&image=px HTTP/1.1" 200 807
172.17.0.100 - - [15/Sep/2020:10:31:22 +0800] "GET /xingrg/all/function/internal_message.html?_=1600137081299&CODE_STATE=getMsg HTTP/1.1" 200 27
172.17.0.100 - - [15/Sep/2020:10:31:22 +0800] "GET /xingrg/check_reg.html?_=1600137081302 HTTP/1.1" 200 22
114.82.29.189 - - [15/Sep/2020:10:31:28 +0800] "GET /xingrg/all/function/internal_message.html?_=1600137088681&CODE_STATE=getMsg HTTP/1.1" 200 27
117.185.32.26 - - [15/Sep/2020:10:31:30 +0800] "GET /xingrg/kc/buy/cgsh_order_operate.html?command=get_materiel&rest_code=00106&code=00101006130&supplier_code=00100015&order_time=2020-09-15 HTTP/1.1" 200 448
117.185.32.26 - - [15/Sep/2020:10:31:35 +0800] "GET /xingrg/all/function/internal_message.html?_=1600137094501&CODE_STATE=getMsg HTTP/1.1" 200 27
116.238.64.253 - - [15/Sep/2020:10:31:37 +0800] "GET /xingrg/all/function/internal_message.html?_=1600137303969&CODE_STATE=getMsg HTTP/1.1" 200 27
180.157.253.48 - - [15/Sep/2020:10:31:39 +0800] "GET /xingrg/all/function/internal_message.html?_=1600137101841&CODE_STATE=getMsg HTTP/1.1" 200 27
172.17.0.120 - - [15/Sep/2020:10:31:39 +0800] "GET /xingrg/all/function/internal_message.html?_=1600137097307&CODE_STATE=getMsg HTTP/1.1" 200 27
172.17.0.120 - - [15/Sep/2020:10:31:39 +0800] "GET /xingrg/check_reg.html?_=1600137097308 HTTP/1.1" 200 22
116.235.241.164 - - [15/Sep/2020:10:31:41 +0800] "GET /xingrg/check_reg.html?_=1600137103016 HTTP/1.1" 200 22
116.235.241.164 - - [15/Sep/2020:10:31:41 +0800] "GET /xingrg/all/function/internal_message.html?_=1600137103018&CODE_STATE=getMsg HTTP/1.1" 200 27
