116.235.241.164 - - [15/Sep/2020:07:11:00 +0800] "GET /xingrg/all/function/internal_message.html?_=1600125062001&CODE_STATE=getMsg HTTP/1.1" 200 27
116.238.71.173 - - [15/Sep/2020:07:11:02 +0800] "GET /xingrg/all/function/internal_message.html?_=1600125062397&CODE_STATE=getMsg HTTP/1.1" 200 27
120.253.135.82 - - [15/Sep/2020:07:11:03 +0800] "GET /xingrg/all/function/internal_message.html?_=1600124811679&CODE_STATE=getMsg HTTP/1.1" 200 27
218.81.217.115 - - [15/Sep/2020:07:11:04 +0800] "GET /xingrg/all/function/internal_message.html?_=1600125064920&CODE_STATE=getMsg HTTP/1.1" 200 27
120.253.135.82 - - [15/Sep/2020:07:11:11 +0800] "POST /xingrg/kc/pszx/mdps_order_operate.html HTTP/1.1" 200 37
120.253.135.82 - - [15/Sep/2020:07:11:12 +0800] "GET /xingrg/kc/pszx/mdps_order_info.html?code=312020091500405 HTTP/1.1" 200 23843
120.253.135.82 - - [15/Sep/2020:07:11:13 +0800] "POST /xingrg/kc/pszx/mdps_order_operate.html HTTP/1.1" 200 23594
120.253.135.82 - - [15/Sep/2020:07:11:13 +0800] "GET /xingrg/javascript/easyui/themes/default/validatebox.css HTTP/1.1" 404 1104
116.235.241.164 - - [15/Sep/2020:07:11:41 +0800] "GET /xingrg/check_reg.html?_=1600125102776 HTTP/1.1" 200 22
116.235.241.164 - - [15/Sep/2020:07:11:41 +0800] "GET /xingrg/all/function/internal_message.html?_=1600125102778&CODE_STATE=getMsg HTTP/1.1" 200 27
172.17.0.123 - - [15/Sep/2020:07:11:41 +0800] "GET /xingrg/all/function/internal_message.html?_=1600125103513&CODE_STATE=getMsg HTTP/1.1" 200 27
120.253.135.82 - - [15/Sep/2020:07:11:56 +0800] "GET /xingrg/kc/pszx/mdps_order_operate.html?command=get_materiel&pszx_code=00101&rest_code=00109&base_code=0010246&code=00101019599 HTTP/1.1" 200 423
116.235.241.164 - - [15/Sep/2020:07:12:00 +0800] "GET /xingrg/all/function/internal_message.html?_=1600125122001&CODE_STATE=getMsg HTTP/1.1" 200 27
116.235.241.164 - - [15/Sep/2020:07:12:00 +0800] "GET /xingrg/check_reg.html?_=1600125122004 HTTP/1.1" 200 22
116.238.71.173 - - [15/Sep/2020:07:12:02 +0800] "GET /xingrg/all/function/internal_message.html?_=1600125122445&CODE_STATE=getMsg HTTP/1.1" 200 27
120.253.135.82 - - [15/Sep/2020:07:12:03 +0800] "GET /xingrg/all/function/internal_message.html?_=1600124871693&CODE_STATE=getMsg HTTP/1.1" 200 27
218.81.217.115 - - [15/Sep/2020:07:12:04 +0800] "GET /xingrg/all/function/internal_message.html?_=1600125124926&CODE_STATE=getMsg HTTP/1.1" 200 27
114.88.166.242 - - [15/Sep/2020:07:12:14 +0800] "GET /xingrg/check_reg.html?_=1600125131250 HTTP/1.1" 200 22
120.253.135.82 - - [15/Sep/2020:07:12:26 +0800] "POST /xingrg/kc/pszx/mdps_order_operate.html HTTP/1.1" 200 37
120.253.135.82 - - [15/Sep/2020:07:12:27 +0800] "GET /xingrg/kc/pszx/mdps_order_info.html?code=312020091500405 HTTP/1.1" 200 23843
120.253.135.82 - - [15/Sep/2020:07:12:27 +0800] "POST /xingrg/kc/pszx/mdps_order_operate.html HTTP/1.1" 200 23567
120.253.135.82 - - [15/Sep/2020:07:12:28 +0800] "GET /xingrg/javascript/easyui/themes/default/validatebox.css HTTP/1.1" 404 1104
116.235.241.164 - - [15/Sep/2020:07:12:41 +0800] "GET /xingrg/all/function/internal_message.html?_=1600125162780&CODE_STATE=getMsg HTTP/1.1" 200 27
172.17.0.123 - - [15/Sep/2020:07:12:41 +0800] "GET /xingrg/all/function/internal_message.html?_=1600125163515&CODE_STATE=getMsg HTTP/1.1" 200 27
116.235.241.164 - - [15/Sep/2020:07:13:00 +0800] "GET /xingrg/all/function/internal_message.html?_=1600125182006&CODE_STATE=getMsg HTTP/1.1" 200 27
120.253.135.82 - - [15/Sep/2020:07:13:01 +0800] "GET /xingrg/check_reg.html?_=1600124929728 HTTP/1.1" 200 22
116.238.71.173 - - [15/Sep/2020:07:13:02 +0800] "GET /xingrg/all/function/internal_message.html?_=1600125182494&CODE_STATE=getMsg HTTP/1.1" 200 27
116.238.71.173 - - [15/Sep/2020:07:13:02 +0800] "GET /xingrg/check_reg.html?_=1600125182492 HTTP/1.1" 200 22
120.253.135.82 - - [15/Sep/2020:07:13:03 +0800] "GET /xingrg/all/function/internal_message.html?_=1600124931707&CODE_STATE=getMsg HTTP/1.1" 200 27
218.81.217.115 - - [15/Sep/2020:07:13:04 +0800] "GET /xingrg/all/function/internal_message.html?_=1600125185045&CODE_STATE=getMsg HTTP/1.1" 200 27
218.81.217.115 - - [15/Sep/2020:07:13:22 +0800] "GET /xingrg/check_reg.html?_=1600125202223 HTTP/1.1" 200 22
117.185.32.26 - - [15/Sep/2020:07:13:38 +0800] "GET /xingrg/check_reg.html?_=1600125641896 HTTP/1.1" 200 22
116.235.241.164 - - [15/Sep/2020:07:13:41 +0800] "GET /xingrg/all/function/internal_message.html?_=1600125222780&CODE_STATE=getMsg HTTP/1.1" 200 27
172.17.0.123 - - [15/Sep/2020:07:13:41 +0800] "GET /xingrg/all/function/internal_message.html?_=1600125223517&CODE_STATE=getMsg HTTP/1.1" 200 27
120.253.135.82 - - [15/Sep/2020:07:13:55 +0800] "GET /xingrg/kc/pszx/mdps_order_operate.html?command=get_materiel&pszx_code=00101&rest_code=00109&base_code=0010246&code=00101019248 HTTP/1.1" 200 445
116.235.241.164 - - [15/Sep/2020:07:14:00 +0800] "GET /xingrg/all/function/internal_message.html?_=1600125242006&CODE_STATE=getMsg HTTP/1.1" 200 27
116.238.71.173 - - [15/Sep/2020:07:14:03 +0800] "GET /xingrg/all/function/internal_message.html?_=1600125242545&CODE_STATE=getMsg HTTP/1.1" 200 27
120.253.135.82 - - [15/Sep/2020:07:14:03 +0800] "POST /xingrg/kc/pszx/mdps_order_operate.html HTTP/1.1" 200 37
120.253.135.82 - - [15/Sep/2020:07:14:04 +0800] "GET /xingrg/kc/pszx/mdps_order_info.html?code=312020091500405 HTTP/1.1" 200 23843
218.81.217.115 - - [15/Sep/2020:07:14:04 +0800] "GET /xingrg/all/function/internal_message.html?_=1600125245046&CODE_STATE=getMsg HTTP/1.1" 200 27
120.253.135.82 - - [15/Sep/2020:07:14:05 +0800] "POST /xingrg/kc/pszx/mdps_order_operate.html HTTP/1.1" 200 23589
120.253.135.82 - - [15/Sep/2020:07:14:05 +0800] "GET /xingrg/javascript/easyui/themes/default/validatebox.css HTTP/1.1" 404 1104
120.253.135.82 - - [15/Sep/2020:07:14:05 +0800] "GET /xingrg/all/function/internal_message.html?_=1600124994147&CODE_STATE=getMsg HTTP/1.1" 200 27
120.253.135.82 - - [15/Sep/2020:07:14:07 +0800] "POST /xingrg/kc/pszx/mdps_list_operate.html HTTP/1.1" 200 3131
120.253.135.82 - - [15/Sep/2020:07:14:08 +0800] "POST /xingrg/kc/pszx/mdps_list_operate.html HTTP/1.1" 200 206
120.253.135.82 - - [15/Sep/2020:07:14:09 +0800] "POST /xingrg/kc/pszx/mdps_list_operate.html HTTP/1.1" 200 605
120.253.135.82 - - [15/Sep/2020:07:14:11 +0800] "POST /xingrg/kc/pszx/mdps_list_operate.html HTTP/1.1" 200 202
120.253.135.82 - - [15/Sep/2020:07:14:13 +0800] "POST /xingrg/kc/pszx/mdps_list_operate.html HTTP/1.1" 200 232
120.253.135.82 - - [15/Sep/2020:07:14:14 +0800] "POST /xingrg/kc/pszx/mdps_list_operate.html HTTP/1.1" 200 612
120.253.135.82 - - [15/Sep/2020:07:14:17 +0800] "GET /xingrg/kc/pszx/mdqp_order_list.html?state=10 HTTP/1.1" 200 11367
120.253.135.82 - - [15/Sep/2020:07:14:17 +0800] "POST /xingrg/kc/pszx/mdps_list_operate.html HTTP/1.1" 200 3131
120.253.135.82 - - [15/Sep/2020:07:14:17 +0800] "GET /xingrg/dwr/interface/AjaxQqpsService.js HTTP/1.1" 200 16326
120.253.135.82 - - [15/Sep/2020:07:14:17 +0800] "GET /xingrg/dwr/engine.js HTTP/1.1" 200 43631
120.253.135.82 - - [15/Sep/2020:07:14:17 +0800] "GET /xingrg/dwr/interface/AjaxReportQueryService.js HTTP/1.1" 200 13203
120.253.135.82 - - [15/Sep/2020:07:14:22 +0800] "GET /xingrg/kc/pszx/jzcl_ps.html HTTP/1.1" 200 7683
120.253.135.82 - - [15/Sep/2020:07:14:22 +0800] "POST /xingrg/all/common/load_tree.html?tree=area_rest_tree_json HTTP/1.1" 200 3216
120.253.135.82 - - [15/Sep/2020:07:14:22 +0800] "POST /xingrg/kc/pszx/jzcl_ps_operate.html HTTP/1.1" 200 1346
120.253.135.82 - - [15/Sep/2020:07:14:23 +0800] "POST /xingrg/kc/pszx/jzcl_ps_operate.html HTTP/1.1" 200 1346
120.253.135.82 - - [15/Sep/2020:07:14:30 +0800] "POST /xingrg/kc/pszx/jzcl_ps_operate.html HTTP/1.1" 200 4
120.253.135.82 - - [15/Sep/2020:07:14:32 +0800] "GET /xingrg/kc/pszx/mdps_order_list.html HTTP/1.1" 200 21100
120.253.135.82 - - [15/Sep/2020:07:14:33 +0800] "POST /xingrg/kc/pszx/mdps_list_operate.html HTTP/1.1" 200 5299
116.235.241.164 - - [15/Sep/2020:07:14:41 +0800] "GET /xingrg/all/function/internal_message.html?_=1600125282779&CODE_STATE=getMsg HTTP/1.1" 200 27
120.253.135.82 - - [15/Sep/2020:07:14:41 +0800] "POST /xingrg/kc/pszx/mdps_list_operate.html HTTP/1.1" 200 2429
172.17.0.123 - - [15/Sep/2020:07:14:41 +0800] "GET /xingrg/all/function/internal_message.html?_=1600125283522&CODE_STATE=getMsg HTTP/1.1" 200 27
120.253.135.82 - - [15/Sep/2020:07:14:42 +0800] "POST /xingrg/kc/pszx/mdps_list_operate.html HTTP/1.1" 200 667
120.253.135.82 - - [15/Sep/2020:07:14:43 +0800] "GET /xingrg/kc/pszx/mdps_order_info.html?code=312020091500406 HTTP/1.1" 200 23847
120.253.135.82 - - [15/Sep/2020:07:14:44 +0800] "GET /xingrg/javascript/easyui/themes/default/validatebox.css HTTP/1.1" 404 1104
120.253.135.82 - - [15/Sep/2020:07:14:44 +0800] "POST /xingrg/kc/pszx/mdps_order_operate.html HTTP/1.1" 200 17428
120.253.135.82 - - [15/Sep/2020:07:14:49 +0800] "POST /xingrg/kc/pszx/mdps_order_operate.html HTTP/1.1" 200 37
120.253.135.82 - - [15/Sep/2020:07:14:50 +0800] "GET /xingrg/kc/pszx/mdps_order_info.html?code=312020091500406 HTTP/1.1" 200 23847
120.253.135.82 - - [15/Sep/2020:07:14:51 +0800] "POST /xingrg/kc/pszx/mdps_order_operate.html HTTP/1.1" 200 17670
120.253.135.82 - - [15/Sep/2020:07:14:51 +0800] "GET /xingrg/javascript/easyui/themes/default/validatebox.css HTTP/1.1" 404 1104
116.235.241.164 - - [15/Sep/2020:07:15:00 +0800] "GET /xingrg/all/function/internal_message.html?_=1600125302008&CODE_STATE=getMsg HTTP/1.1" 200 27
116.238.71.173 - - [15/Sep/2020:07:15:03 +0800] "GET /xingrg/all/function/internal_message.html?_=1600125302592&CODE_STATE=getMsg HTTP/1.1" 200 27
218.81.217.115 - - [15/Sep/2020:07:15:04 +0800] "GET /xingrg/all/function/internal_message.html?_=1600125305060&CODE_STATE=getMsg HTTP/1.1" 200 27
120.253.135.82 - - [15/Sep/2020:07:15:05 +0800] "GET /xingrg/all/function/internal_message.html?_=1600125054168&CODE_STATE=getMsg HTTP/1.1" 200 27
120.253.135.82 - - [15/Sep/2020:07:15:19 +0800] "GET /xingrg/kc/pszx/mdps_order_operate.html?command=get_materiel&pszx_code=00101&rest_code=00111&base_code=0010246&code=00101016029 HTTP/1.1" 200 462
120.253.135.82 - - [15/Sep/2020:07:15:22 +0800] "POST /xingrg/all/common/load_select.html HTTP/1.1" 200 25
120.253.135.82 - - [15/Sep/2020:07:15:23 +0800] "GET /xingrg/kc/pszx/mdps_order_operate.html?command=get_materiel_price&pszx_code=00101&rest_code=00111&base_code=0010246&code=00101016029&unit_code=00100138&order_time=2020-09-16 HTTP/1.1" 200 35
116.235.241.164 - - [15/Sep/2020:07:15:41 +0800] "GET /xingrg/all/function/internal_message.html?_=1600125342780&CODE_STATE=getMsg HTTP/1.1" 200 27
172.17.0.123 - - [15/Sep/2020:07:15:41 +0800] "GET /xingrg/check_reg.html?_=1600125343509 HTTP/1.1" 200 22
172.17.0.123 - - [15/Sep/2020:07:15:41 +0800] "GET /xingrg/all/function/internal_message.html?_=1600125343509&CODE_STATE=getMsg HTTP/1.1" 200 27
120.253.135.82 - - [15/Sep/2020:07:15:54 +0800] "POST /xingrg/kc/pszx/mdps_order_operate.html HTTP/1.1" 200 37
120.253.135.82 - - [15/Sep/2020:07:15:55 +0800] "GET /xingrg/kc/pszx/mdps_order_info.html?code=312020091500406 HTTP/1.1" 200 23847
120.253.135.82 - - [15/Sep/2020:07:15:56 +0800] "POST /xingrg/kc/pszx/mdps_order_operate.html HTTP/1.1" 200 17680
120.253.135.82 - - [15/Sep/2020:07:15:56 +0800] "GET /xingrg/javascript/easyui/themes/default/validatebox.css HTTP/1.1" 404 1104
116.235.241.164 - - [15/Sep/2020:07:16:00 +0800] "GET /xingrg/all/function/internal_message.html?_=1600125362022&CODE_STATE=getMsg HTTP/1.1" 200 27
116.238.71.173 - - [15/Sep/2020:07:16:03 +0800] "GET /xingrg/all/function/internal_message.html?_=1600125362639&CODE_STATE=getMsg HTTP/1.1" 200 27
218.81.217.115 - - [15/Sep/2020:07:16:05 +0800] "GET /xingrg/all/function/internal_message.html?_=1600125365176&CODE_STATE=getMsg HTTP/1.1" 200 27
120.253.135.82 - - [15/Sep/2020:07:16:05 +0800] "GET /xingrg/all/function/internal_message.html?_=1600125114182&CODE_STATE=getMsg HTTP/1.1" 200 27
120.253.135.82 - - [15/Sep/2020:07:16:19 +0800] "GET /xingrg/kc/pszx/mdps_order_operate.html?command=get_materiel&pszx_code=00101&rest_code=00111&base_code=0010246&code=00101029015 HTTP/1.1" 200 473
120.253.135.82 - - [15/Sep/2020:07:16:27 +0800] "POST /xingrg/kc/pszx/mdps_order_operate.html HTTP/1.1" 200 37
120.253.135.82 - - [15/Sep/2020:07:16:28 +0800] "GET /xingrg/kc/pszx/mdps_order_info.html?code=312020091500406 HTTP/1.1" 200 23847
120.253.135.82 - - [15/Sep/2020:07:16:28 +0800] "POST /xingrg/kc/pszx/mdps_order_operate.html HTTP/1.1" 200 17681
120.253.135.82 - - [15/Sep/2020:07:16:29 +0800] "GET /xingrg/javascript/easyui/themes/default/validatebox.css HTTP/1.1" 404 1104
116.235.241.164 - - [15/Sep/2020:07:16:41 +0800] "GET /xingrg/check_reg.html?_=1600125402778 HTTP/1.1" 200 22
116.235.241.164 - - [15/Sep/2020:07:16:41 +0800] "GET /xingrg/all/function/internal_message.html?_=1600125402781&CODE_STATE=getMsg HTTP/1.1" 200 27
172.17.0.123 - - [15/Sep/2020:07:16:41 +0800] "GET /xingrg/all/function/internal_message.html?_=1600125403511&CODE_STATE=getMsg HTTP/1.1" 200 27
116.235.241.164 - - [15/Sep/2020:07:17:00 +0800] "GET /xingrg/all/function/internal_message.html?_=1600125422014&CODE_STATE=getMsg HTTP/1.1" 200 27
116.235.241.164 - - [15/Sep/2020:07:17:00 +0800] "GET /xingrg/check_reg.html?_=1600125422009 HTTP/1.1" 200 22
116.238.71.173 - - [15/Sep/2020:07:17:03 +0800] "GET /xingrg/all/function/internal_message.html?_=1600125422687&CODE_STATE=getMsg HTTP/1.1" 200 27
218.81.217.115 - - [15/Sep/2020:07:17:05 +0800] "GET /xingrg/all/function/internal_message.html?_=1600125425180&CODE_STATE=getMsg HTTP/1.1" 200 27
120.253.135.82 - - [15/Sep/2020:07:17:05 +0800] "GET /xingrg/all/function/internal_message.html?_=1600125174414&CODE_STATE=getMsg HTTP/1.1" 200 27
114.88.166.242 - - [15/Sep/2020:07:17:14 +0800] "GET /xingrg/check_reg.html?_=1600125431256 HTTP/1.1" 200 22
116.235.241.164 - - [15/Sep/2020:07:17:41 +0800] "GET /xingrg/all/function/internal_message.html?_=1600125462785&CODE_STATE=getMsg HTTP/1.1" 200 27
172.17.0.123 - - [15/Sep/2020:07:17:41 +0800] "GET /xingrg/all/function/internal_message.html?_=1600125463513&CODE_STATE=getMsg HTTP/1.1" 200 27
116.235.241.164 - - [15/Sep/2020:07:18:00 +0800] "GET /xingrg/all/function/internal_message.html?_=1600125482014&CODE_STATE=getMsg HTTP/1.1" 200 27
120.253.135.82 - - [15/Sep/2020:07:18:01 +0800] "GET /xingrg/check_reg.html?_=1600125229731 HTTP/1.1" 200 22
116.238.71.173 - - [15/Sep/2020:07:18:03 +0800] "GET /xingrg/check_reg.html?_=1600125482736 HTTP/1.1" 200 22
116.238.71.173 - - [15/Sep/2020:07:18:03 +0800] "GET /xingrg/all/function/internal_message.html?_=1600125482737&CODE_STATE=getMsg HTTP/1.1" 200 27
218.81.217.115 - - [15/Sep/2020:07:18:05 +0800] "GET /xingrg/all/function/internal_message.html?_=1600125485288&CODE_STATE=getMsg HTTP/1.1" 200 27
120.253.135.82 - - [15/Sep/2020:07:18:05 +0800] "GET /xingrg/all/function/internal_message.html?_=1600125234427&CODE_STATE=getMsg HTTP/1.1" 200 27
218.81.217.115 - - [15/Sep/2020:07:18:22 +0800] "GET /xingrg/check_reg.html?_=1600125502234 HTTP/1.1" 200 22
117.185.32.26 - - [15/Sep/2020:07:18:38 +0800] "GET /xingrg/check_reg.html?_=1600125941918 HTTP/1.1" 200 22
116.235.241.164 - - [15/Sep/2020:07:18:41 +0800] "GET /xingrg/all/function/internal_message.html?_=1600125522785&CODE_STATE=getMsg HTTP/1.1" 200 27
172.17.0.123 - - [15/Sep/2020:07:18:41 +0800] "GET /xingrg/all/function/internal_message.html?_=1600125523513&CODE_STATE=getMsg HTTP/1.1" 200 27
120.253.135.82 - - [15/Sep/2020:07:18:49 +0800] "POST /xingrg/kc/pszx/mdps_order_operate.html HTTP/1.1" 200 37
120.253.135.82 - - [15/Sep/2020:07:18:50 +0800] "GET /xingrg/kc/pszx/mdps_order_info.html?code=312020091500406 HTTP/1.1" 200 23847
120.253.135.82 - - [15/Sep/2020:07:18:51 +0800] "POST /xingrg/kc/pszx/mdps_order_operate.html HTTP/1.1" 200 17681
120.253.135.82 - - [15/Sep/2020:07:18:51 +0800] "GET /xingrg/javascript/easyui/themes/default/validatebox.css HTTP/1.1" 404 1104
120.253.135.82 - - [15/Sep/2020:07:18:54 +0800] "POST /xingrg/kc/pszx/mdps_list_operate.html HTTP/1.1" 200 207
120.253.135.82 - - [15/Sep/2020:07:18:56 +0800] "GET /xingrg/kc/pszx/mdps_order_info.html?code=312020091500407 HTTP/1.1" 200 23847
120.253.135.82 - - [15/Sep/2020:07:18:56 +0800] "POST /xingrg/kc/pszx/mdps_order_operate.html HTTP/1.1" 200 2294
120.253.135.82 - - [15/Sep/2020:07:18:56 +0800] "GET /xingrg/javascript/easyui/themes/default/validatebox.css HTTP/1.1" 404 1104
120.253.135.82 - - [15/Sep/2020:07:18:58 +0800] "POST /xingrg/all/common/load_combo.html?type=base HTTP/1.1" 200 899
116.235.241.164 - - [15/Sep/2020:07:19:00 +0800] "GET /xingrg/all/function/internal_message.html?_=1600125542013&CODE_STATE=getMsg HTTP/1.1" 200 27
116.238.71.173 - - [15/Sep/2020:07:19:03 +0800] "GET /xingrg/all/function/internal_message.html?_=1600125542784&CODE_STATE=getMsg HTTP/1.1" 200 27
218.81.217.115 - - [15/Sep/2020:07:19:05 +0800] "GET /xingrg/all/function/internal_message.html?_=1600125545302&CODE_STATE=getMsg HTTP/1.1" 200 27
120.253.135.82 - - [15/Sep/2020:07:19:05 +0800] "POST /xingrg/kc/pszx/mdps_order_operate.html HTTP/1.1" 200 37
120.253.135.82 - - [15/Sep/2020:07:19:06 +0800] "GET /xingrg/kc/pszx/mdps_order_info.html?code=312020091500407 HTTP/1.1" 200 23845
120.253.135.82 - - [15/Sep/2020:07:19:07 +0800] "POST /xingrg/kc/pszx/mdps_order_operate.html HTTP/1.1" 200 2302
120.253.135.82 - - [15/Sep/2020:07:19:07 +0800] "GET /xingrg/javascript/easyui/themes/default/validatebox.css HTTP/1.1" 404 1104
120.253.135.82 - - [15/Sep/2020:07:19:07 +0800] "GET /xingrg/all/function/internal_message.html?_=1600125296312&CODE_STATE=getMsg HTTP/1.1" 200 27
120.253.135.82 - - [15/Sep/2020:07:19:10 +0800] "POST /xingrg/kc/pszx/mdps_list_operate.html HTTP/1.1" 200 2426
120.253.135.82 - - [15/Sep/2020:07:19:12 +0800] "POST /xingrg/kc/pszx/mdps_list_operate.html HTTP/1.1" 200 624
120.253.135.82 - - [15/Sep/2020:07:19:13 +0800] "GET /xingrg/kc/pszx/mdps_order_info.html?code=312020091500408 HTTP/1.1" 200 23847
120.253.135.82 - - [15/Sep/2020:07:19:14 +0800] "POST /xingrg/kc/pszx/mdps_order_operate.html HTTP/1.1" 200 6243
120.253.135.82 - - [15/Sep/2020:07:19:14 +0800] "GET /xingrg/javascript/easyui/themes/default/validatebox.css HTTP/1.1" 404 1104
120.253.135.82 - - [15/Sep/2020:07:19:15 +0800] "POST /xingrg/all/common/load_combo.html?type=base HTTP/1.1" 200 899
120.253.135.82 - - [15/Sep/2020:07:19:19 +0800] "POST /xingrg/kc/pszx/mdps_order_operate.html HTTP/1.1" 200 37
120.253.135.82 - - [15/Sep/2020:07:19:20 +0800] "GET /xingrg/kc/pszx/mdps_order_info.html?code=312020091500408 HTTP/1.1" 200 23847
120.253.135.82 - - [15/Sep/2020:07:19:21 +0800] "POST /xingrg/kc/pszx/mdps_order_operate.html HTTP/1.1" 200 6318
120.253.135.82 - - [15/Sep/2020:07:19:21 +0800] "GET /xingrg/javascript/easyui/themes/default/validatebox.css HTTP/1.1" 404 1104
116.235.241.164 - - [15/Sep/2020:07:19:41 +0800] "GET /xingrg/all/function/internal_message.html?_=1600125582786&CODE_STATE=getMsg HTTP/1.1" 200 27
172.17.0.123 - - [15/Sep/2020:07:19:41 +0800] "GET /xingrg/all/function/internal_message.html?_=1600125583515&CODE_STATE=getMsg HTTP/1.1" 200 27
116.235.241.164 - - [15/Sep/2020:07:20:00 +0800] "GET /xingrg/all/function/internal_message.html?_=1600125602012&CODE_STATE=getMsg HTTP/1.1" 200 27
116.238.71.173 - - [15/Sep/2020:07:20:03 +0800] "GET /xingrg/all/function/internal_message.html?_=1600125602832&CODE_STATE=getMsg HTTP/1.1" 200 27
218.81.217.115 - - [15/Sep/2020:07:20:05 +0800] "GET /xingrg/all/function/internal_message.html?_=1600125605315&CODE_STATE=getMsg HTTP/1.1" 200 27
120.253.135.82 - - [15/Sep/2020:07:20:07 +0800] "GET /xingrg/all/function/internal_message.html?_=1600125356326&CODE_STATE=getMsg HTTP/1.1" 200 27
116.235.241.164 - - [15/Sep/2020:07:20:41 +0800] "GET /xingrg/all/function/internal_message.html?_=1600125642785&CODE_STATE=getMsg HTTP/1.1" 200 27
172.17.0.123 - - [15/Sep/2020:07:20:41 +0800] "GET /xingrg/check_reg.html?_=1600125643522 HTTP/1.1" 200 22
172.17.0.123 - - [15/Sep/2020:07:20:41 +0800] "GET /xingrg/all/function/internal_message.html?_=1600125643523&CODE_STATE=getMsg HTTP/1.1" 200 27
116.235.241.164 - - [15/Sep/2020:07:21:00 +0800] "GET /xingrg/all/function/internal_message.html?_=1600125662011&CODE_STATE=getMsg HTTP/1.1" 200 27
116.238.71.173 - - [15/Sep/2020:07:21:03 +0800] "GET /xingrg/all/function/internal_message.html?_=1600125662880&CODE_STATE=getMsg HTTP/1.1" 200 27
218.81.217.115 - - [15/Sep/2020:07:21:05 +0800] "GET /xingrg/all/function/internal_message.html?_=1600125665438&CODE_STATE=getMsg HTTP/1.1" 200 27
120.253.135.82 - - [15/Sep/2020:07:21:07 +0800] "GET /xingrg/all/function/internal_message.html?_=1600125416339&CODE_STATE=getMsg HTTP/1.1" 200 27
120.253.135.82 - - [15/Sep/2020:07:21:18 +0800] "POST /xingrg/kc/pszx/mdps_order_operate.html HTTP/1.1" 200 37
120.253.135.82 - - [15/Sep/2020:07:21:19 +0800] "GET /xingrg/kc/pszx/mdps_order_info.html?code=312020091500408 HTTP/1.1" 200 23847
120.253.135.82 - - [15/Sep/2020:07:21:20 +0800] "POST /xingrg/kc/pszx/mdps_order_operate.html HTTP/1.1" 200 6318
120.253.135.82 - - [15/Sep/2020:07:21:20 +0800] "GET /xingrg/javascript/easyui/themes/default/validatebox.css HTTP/1.1" 404 1104
120.253.135.82 - - [15/Sep/2020:07:21:22 +0800] "POST /xingrg/kc/pszx/mdps_list_operate.html HTTP/1.1" 200 2426
120.253.135.82 - - [15/Sep/2020:07:21:27 +0800] "POST /xingrg/kc/pszx/mdps_list_operate.html HTTP/1.1" 200 3131
120.253.135.82 - - [15/Sep/2020:07:21:29 +0800] "POST /xingrg/kc/pszx/mdps_list_operate.html HTTP/1.1" 200 612
120.253.135.82 - - [15/Sep/2020:07:21:30 +0800] "GET /xingrg/kc/pszx/mdps_order_info.html?code=312020091500402 HTTP/1.1" 200 23843
120.253.135.82 - - [15/Sep/2020:07:21:30 +0800] "POST /xingrg/kc/pszx/mdps_order_operate.html HTTP/1.1" 200 8839
120.253.135.82 - - [15/Sep/2020:07:21:30 +0800] "GET /xingrg/javascript/easyui/themes/default/validatebox.css HTTP/1.1" 404 1104
116.235.241.164 - - [15/Sep/2020:07:21:41 +0800] "GET /xingrg/check_reg.html?_=1600125702784 HTTP/1.1" 200 22
116.235.241.164 - - [15/Sep/2020:07:21:41 +0800] "GET /xingrg/all/function/internal_message.html?_=1600125702786&CODE_STATE=getMsg HTTP/1.1" 200 27
172.17.0.123 - - [15/Sep/2020:07:21:41 +0800] "GET /xingrg/all/function/internal_message.html?_=1600125703509&CODE_STATE=getMsg HTTP/1.1" 200 27
120.253.135.82 - - [15/Sep/2020:07:21:49 +0800] "POST /xingrg/kc/pszx/mdps_list_operate.html HTTP/1.1" 200 3131
120.253.135.82 - - [15/Sep/2020:07:21:54 +0800] "POST /xingrg/kc/pszx/mdps_list_operate.html HTTP/1.1" 200 3859
120.253.135.82 - - [15/Sep/2020:07:21:56 +0800] "POST /xingrg/kc/pszx/mdps_list_operate.html HTTP/1.1" 200 634
120.253.135.82 - - [15/Sep/2020:07:21:57 +0800] "GET /xingrg/kc/pszx/mdps_order_info.html?code=312020091500395 HTTP/1.1" 200 23843
120.253.135.82 - - [15/Sep/2020:07:21:58 +0800] "POST /xingrg/kc/pszx/mdps_order_operate.html HTTP/1.1" 200 5324
120.253.135.82 - - [15/Sep/2020:07:21:58 +0800] "GET /xingrg/javascript/easyui/themes/default/validatebox.css HTTP/1.1" 404 1104
116.235.241.164 - - [15/Sep/2020:07:22:00 +0800] "GET /xingrg/check_reg.html?_=1600125722026 HTTP/1.1" 200 22
116.235.241.164 - - [15/Sep/2020:07:22:00 +0800] "GET /xingrg/all/function/internal_message.html?_=1600125722030&CODE_STATE=getMsg HTTP/1.1" 200 27
116.238.71.173 - - [15/Sep/2020:07:22:03 +0800] "GET /xingrg/all/function/internal_message.html?_=1600125722927&CODE_STATE=getMsg HTTP/1.1" 200 27
218.81.217.115 - - [15/Sep/2020:07:22:05 +0800] "GET /xingrg/all/function/internal_message.html?_=1600125725454&CODE_STATE=getMsg HTTP/1.1" 200 27
120.253.135.82 - - [15/Sep/2020:07:22:07 +0800] "GET /xingrg/all/function/internal_message.html?_=1600125476353&CODE_STATE=getMsg HTTP/1.1" 200 27
120.253.135.82 - - [15/Sep/2020:07:22:11 +0800] "POST /xingrg/kc/pszx/mdps_list_operate.html HTTP/1.1" 200 3859
114.88.166.242 - - [15/Sep/2020:07:22:14 +0800] "GET /xingrg/check_reg.html?_=1600125731261 HTTP/1.1" 200 22
116.235.241.164 - - [15/Sep/2020:07:22:41 +0800] "GET /xingrg/all/function/internal_message.html?_=1600125762790&CODE_STATE=getMsg HTTP/1.1" 200 27
172.17.0.123 - - [15/Sep/2020:07:22:41 +0800] "GET /xingrg/all/function/internal_message.html?_=1600125763511&CODE_STATE=getMsg HTTP/1.1" 200 27
116.235.241.164 - - [15/Sep/2020:07:23:00 +0800] "GET /xingrg/all/function/internal_message.html?_=1600125782013&CODE_STATE=getMsg HTTP/1.1" 200 27
120.253.135.82 - - [15/Sep/2020:07:23:01 +0800] "GET /xingrg/check_reg.html?_=1600125529956 HTTP/1.1" 200 22
116.238.71.173 - - [15/Sep/2020:07:23:03 +0800] "GET /xingrg/check_reg.html?_=1600125782975 HTTP/1.1" 200 22
116.238.71.173 - - [15/Sep/2020:07:23:03 +0800] "GET /xingrg/all/function/internal_message.html?_=1600125782974&CODE_STATE=getMsg HTTP/1.1" 200 27
218.81.217.115 - - [15/Sep/2020:07:23:05 +0800] "GET /xingrg/all/function/internal_message.html?_=1600125785570&CODE_STATE=getMsg HTTP/1.1" 200 27
120.253.135.82 - - [15/Sep/2020:07:23:07 +0800] "GET /xingrg/all/function/internal_message.html?_=1600125536368&CODE_STATE=getMsg HTTP/1.1" 200 27
218.81.217.115 - - [15/Sep/2020:07:23:22 +0800] "GET /xingrg/check_reg.html?_=1600125802235 HTTP/1.1" 200 22
117.185.32.26 - - [15/Sep/2020:07:23:38 +0800] "GET /xingrg/check_reg.html?_=1600126241898 HTTP/1.1" 200 22
116.235.241.164 - - [15/Sep/2020:07:23:41 +0800] "GET /xingrg/all/function/internal_message.html?_=1600125822789&CODE_STATE=getMsg HTTP/1.1" 200 27
172.17.0.123 - - [15/Sep/2020:07:23:41 +0800] "GET /xingrg/all/function/internal_message.html?_=1600125823513&CODE_STATE=getMsg HTTP/1.1" 200 27
116.235.241.164 - - [15/Sep/2020:07:24:00 +0800] "GET /xingrg/all/function/internal_message.html?_=1600125842020&CODE_STATE=getMsg HTTP/1.1" 200 27
116.238.71.173 - - [15/Sep/2020:07:24:03 +0800] "GET /xingrg/all/function/internal_message.html?_=1600125843023&CODE_STATE=getMsg HTTP/1.1" 200 27
218.81.217.115 - - [15/Sep/2020:07:24:05 +0800] "GET /xingrg/all/function/internal_message.html?_=1600125845573&CODE_STATE=getMsg HTTP/1.1" 200 27
120.253.135.82 - - [15/Sep/2020:07:24:07 +0800] "GET /xingrg/all/function/internal_message.html?_=1600125596380&CODE_STATE=getMsg HTTP/1.1" 200 27
120.253.135.82 - - [15/Sep/2020:07:24:27 +0800] "GET /xingrg/kc/report/report_main.html HTTP/1.1" 200 9370
120.253.135.82 - - [15/Sep/2020:07:24:27 +0800] "POST /xingrg/kc/pszx/mdps_list_operate.html HTTP/1.1" 200 3859
120.253.135.82 - - [15/Sep/2020:07:24:28 +0800] "GET /xingrg/kc/base/kc_stocks.html HTTP/1.1" 200 16329
120.253.135.82 - - [15/Sep/2020:07:24:28 +0800] "GET /xingrg/javascript/easyui/themes/default/tree.css HTTP/1.1" 404 1090
120.253.135.82 - - [15/Sep/2020:07:24:28 +0800] "POST /xingrg/all/common/load_tree.html?tree=materiel_sort_tree_json HTTP/1.1" 200 8666
120.253.135.82 - - [15/Sep/2020:07:24:29 +0800] "POST /xingrg/all/common/load_combo.html?type=base HTTP/1.1" 200 899
120.253.135.82 - - [15/Sep/2020:07:24:39 +0800] "POST /xingrg/kc/base/stock_operate.html HTTP/1.1" 200 1739
116.235.241.164 - - [15/Sep/2020:07:24:41 +0800] "GET /xingrg/all/function/internal_message.html?_=1600125882789&CODE_STATE=getMsg HTTP/1.1" 200 27
172.17.0.123 - - [15/Sep/2020:07:24:41 +0800] "GET /xingrg/all/function/internal_message.html?_=1600125883517&CODE_STATE=getMsg HTTP/1.1" 200 27
116.235.241.164 - - [15/Sep/2020:07:25:00 +0800] "GET /xingrg/all/function/internal_message.html?_=1600125902019&CODE_STATE=getMsg HTTP/1.1" 200 27
120.253.135.82 - - [15/Sep/2020:07:25:02 +0800] "POST /xingrg/kc/base/stock_operate.html HTTP/1.1" 200 765
116.238.71.173 - - [15/Sep/2020:07:25:03 +0800] "GET /xingrg/all/function/internal_message.html?_=1600125903070&CODE_STATE=getMsg HTTP/1.1" 200 27
218.81.217.115 - - [15/Sep/2020:07:25:05 +0800] "GET /xingrg/all/function/internal_message.html?_=1600125905586&CODE_STATE=getMsg HTTP/1.1" 200 27
120.253.135.82 - - [15/Sep/2020:07:25:07 +0800] "GET /xingrg/all/function/internal_message.html?_=1600125656395&CODE_STATE=getMsg HTTP/1.1" 200 27
120.253.135.82 - - [15/Sep/2020:07:25:15 +0800] "POST /xingrg/kc/base/stock_operate.html HTTP/1.1" 200 1471
116.235.241.164 - - [15/Sep/2020:07:25:41 +0800] "GET /xingrg/all/function/internal_message.html?_=1600125942788&CODE_STATE=getMsg HTTP/1.1" 200 27
172.17.0.123 - - [15/Sep/2020:07:25:41 +0800] "GET /xingrg/all/function/internal_message.html?_=1600125943517&CODE_STATE=getMsg HTTP/1.1" 200 27
172.17.0.123 - - [15/Sep/2020:07:25:41 +0800] "GET /xingrg/check_reg.html?_=1600125943522 HTTP/1.1" 200 22
116.235.241.164 - - [15/Sep/2020:07:26:00 +0800] "GET /xingrg/all/function/internal_message.html?_=1600125962021&CODE_STATE=getMsg HTTP/1.1" 200 27
116.238.71.173 - - [15/Sep/2020:07:26:03 +0800] "GET /xingrg/all/function/internal_message.html?_=1600125963133&CODE_STATE=getMsg HTTP/1.1" 200 27
120.253.135.82 - - [15/Sep/2020:07:26:04 +0800] "POST /xingrg/kc/base/stock_operate.html HTTP/1.1" 200 1468
218.81.217.115 - - [15/Sep/2020:07:26:05 +0800] "GET /xingrg/all/function/internal_message.html?_=1600125965706&CODE_STATE=getMsg HTTP/1.1" 200 27
120.253.135.82 - - [15/Sep/2020:07:26:07 +0800] "GET /xingrg/all/function/internal_message.html?_=1600125716407&CODE_STATE=getMsg HTTP/1.1" 200 27
116.235.241.164 - - [15/Sep/2020:07:26:41 +0800] "GET /xingrg/check_reg.html?_=1600126002788 HTTP/1.1" 200 22
116.235.241.164 - - [15/Sep/2020:07:26:41 +0800] "GET /xingrg/all/function/internal_message.html?_=1600126002796&CODE_STATE=getMsg HTTP/1.1" 200 27
172.17.0.123 - - [15/Sep/2020:07:26:41 +0800] "GET /xingrg/all/function/internal_message.html?_=1600126003507&CODE_STATE=getMsg HTTP/1.1" 200 27
116.235.241.164 - - [15/Sep/2020:07:27:00 +0800] "GET /xingrg/all/function/internal_message.html?_=1600126022038&CODE_STATE=getMsg HTTP/1.1" 200 27
116.235.241.164 - - [15/Sep/2020:07:27:00 +0800] "GET /xingrg/check_reg.html?_=1600126022041 HTTP/1.1" 200 22
116.238.71.173 - - [15/Sep/2020:07:27:03 +0800] "GET /xingrg/all/function/internal_message.html?_=1600126023196&CODE_STATE=getMsg HTTP/1.1" 200 27
218.81.217.115 - - [15/Sep/2020:07:27:05 +0800] "GET /xingrg/all/function/internal_message.html?_=1600126025706&CODE_STATE=getMsg HTTP/1.1" 200 27
120.253.135.82 - - [15/Sep/2020:07:27:07 +0800] "GET /xingrg/all/function/internal_message.html?_=1600125776420&CODE_STATE=getMsg HTTP/1.1" 200 27
114.88.166.242 - - [15/Sep/2020:07:27:14 +0800] "GET /xingrg/check_reg.html?_=1600126031267 HTTP/1.1" 200 22
120.253.135.82 - - [15/Sep/2020:07:27:16 +0800] "POST /xingrg/kc/base/stock_operate.html HTTP/1.1" 200 1452
116.235.241.164 - - [15/Sep/2020:07:27:41 +0800] "GET /xingrg/all/function/internal_message.html?_=1600126062795&CODE_STATE=getMsg HTTP/1.1" 200 27
172.17.0.123 - - [15/Sep/2020:07:27:41 +0800] "GET /xingrg/all/function/internal_message.html?_=1600126063509&CODE_STATE=getMsg HTTP/1.1" 200 27
116.235.241.164 - - [15/Sep/2020:07:28:00 +0800] "GET /xingrg/all/function/internal_message.html?_=1600126082026&CODE_STATE=getMsg HTTP/1.1" 200 27
120.253.135.82 - - [15/Sep/2020:07:28:01 +0800] "GET /xingrg/check_reg.html?_=1600125829961 HTTP/1.1" 200 22
116.238.71.173 - - [15/Sep/2020:07:28:03 +0800] "GET /xingrg/check_reg.html?_=1600126083215 HTTP/1.1" 200 22
116.238.71.173 - - [15/Sep/2020:07:28:03 +0800] "GET /xingrg/all/function/internal_message.html?_=1600126083216&CODE_STATE=getMsg HTTP/1.1" 200 27
218.81.217.115 - - [15/Sep/2020:07:28:05 +0800] "GET /xingrg/all/function/internal_message.html?_=1600126085825&CODE_STATE=getMsg HTTP/1.1" 200 27
120.253.135.82 - - [15/Sep/2020:07:28:07 +0800] "GET /xingrg/all/function/internal_message.html?_=1600125836435&CODE_STATE=getMsg HTTP/1.1" 200 27
218.81.217.115 - - [15/Sep/2020:07:28:22 +0800] "GET /xingrg/check_reg.html?_=1600126102246 HTTP/1.1" 200 22
117.185.32.26 - - [15/Sep/2020:07:28:38 +0800] "GET /xingrg/check_reg.html?_=1600126541917 HTTP/1.1" 200 22
116.235.241.164 - - [15/Sep/2020:07:28:41 +0800] "GET /xingrg/all/function/internal_message.html?_=1600126122795&CODE_STATE=getMsg HTTP/1.1" 200 27
172.17.0.123 - - [15/Sep/2020:07:28:41 +0800] "GET /xingrg/all/function/internal_message.html?_=1600126123511&CODE_STATE=getMsg HTTP/1.1" 200 27
116.235.241.164 - - [15/Sep/2020:07:29:00 +0800] "GET /xingrg/all/function/internal_message.html?_=1600126142028&CODE_STATE=getMsg HTTP/1.1" 200 27
116.238.71.173 - - [15/Sep/2020:07:29:03 +0800] "GET /xingrg/all/function/internal_message.html?_=1600126143264&CODE_STATE=getMsg HTTP/1.1" 200 27
218.81.217.115 - - [15/Sep/2020:07:29:05 +0800] "GET /xingrg/all/function/internal_message.html?_=1600126145827&CODE_STATE=getMsg HTTP/1.1" 200 27
120.253.135.82 - - [15/Sep/2020:07:29:07 +0800] "GET /xingrg/all/function/internal_message.html?_=1600125896448&CODE_STATE=getMsg HTTP/1.1" 200 27
116.235.241.164 - - [15/Sep/2020:07:29:41 +0800] "GET /xingrg/all/function/internal_message.html?_=1600126182795&CODE_STATE=getMsg HTTP/1.1" 200 27
172.17.0.123 - - [15/Sep/2020:07:29:41 +0800] "GET /xingrg/all/function/internal_message.html?_=1600126183513&CODE_STATE=getMsg HTTP/1.1" 200 27
116.235.241.164 - - [15/Sep/2020:07:30:00 +0800] "GET /xingrg/all/function/internal_message.html?_=1600126202027&CODE_STATE=getMsg HTTP/1.1" 200 27
116.238.71.173 - - [15/Sep/2020:07:30:03 +0800] "GET /xingrg/all/function/internal_message.html?_=1600126203329&CODE_STATE=getMsg HTTP/1.1" 200 27
218.81.217.115 - - [15/Sep/2020:07:30:05 +0800] "GET /xingrg/all/function/internal_message.html?_=1600126205841&CODE_STATE=getMsg HTTP/1.1" 200 27
120.253.135.82 - - [15/Sep/2020:07:30:08 +0800] "GET /xingrg/all/function/internal_message.html?_=1600125956672&CODE_STATE=getMsg HTTP/1.1" 200 27
116.235.241.164 - - [15/Sep/2020:07:30:41 +0800] "GET /xingrg/all/function/internal_message.html?_=1600126242793&CODE_STATE=getMsg HTTP/1.1" 200 27
172.17.0.123 - - [15/Sep/2020:07:30:41 +0800] "GET /xingrg/all/function/internal_message.html?_=1600126243515&CODE_STATE=getMsg HTTP/1.1" 200 27
172.17.0.123 - - [15/Sep/2020:07:30:41 +0800] "GET /xingrg/check_reg.html?_=1600126243515 HTTP/1.1" 200 22
116.235.241.164 - - [15/Sep/2020:07:31:00 +0800] "GET /xingrg/all/function/internal_message.html?_=1600126262027&CODE_STATE=getMsg HTTP/1.1" 200 27
116.238.71.173 - - [15/Sep/2020:07:31:03 +0800] "GET /xingrg/all/function/internal_message.html?_=1600126263361&CODE_STATE=getMsg HTTP/1.1" 200 27
218.81.217.115 - - [15/Sep/2020:07:31:05 +0800] "GET /xingrg/all/function/internal_message.html?_=1600126265960&CODE_STATE=getMsg HTTP/1.1" 200 27
120.253.135.82 - - [15/Sep/2020:07:31:08 +0800] "GET /xingrg/all/function/internal_message.html?_=1600126016678&CODE_STATE=getMsg HTTP/1.1" 200 27
116.235.241.164 - - [15/Sep/2020:07:31:41 +0800] "GET /xingrg/check_reg.html?_=1600126302814 HTTP/1.1" 200 22
116.235.241.164 - - [15/Sep/2020:07:31:41 +0800] "GET /xingrg/all/function/internal_message.html?_=1600126302812&CODE_STATE=getMsg HTTP/1.1" 200 27
172.17.0.123 - - [15/Sep/2020:07:31:41 +0800] "GET /xingrg/all/function/internal_message.html?_=1600126303517&CODE_STATE=getMsg HTTP/1.1" 200 27
116.235.241.164 - - [15/Sep/2020:07:32:00 +0800] "GET /xingrg/all/function/internal_message.html?_=1600126322029&CODE_STATE=getMsg HTTP/1.1" 200 27
116.235.241.164 - - [15/Sep/2020:07:32:00 +0800] "GET /xingrg/check_reg.html?_=1600126322032 HTTP/1.1" 200 22
116.238.71.173 - - [15/Sep/2020:07:32:03 +0800] "GET /xingrg/all/function/internal_message.html?_=1600126323409&CODE_STATE=getMsg HTTP/1.1" 200 27
218.81.217.115 - - [15/Sep/2020:07:32:05 +0800] "GET /xingrg/all/function/internal_message.html?_=1600126325964&CODE_STATE=getMsg HTTP/1.1" 200 27
120.253.135.82 - - [15/Sep/2020:07:32:08 +0800] "GET /xingrg/all/function/internal_message.html?_=1600126076924&CODE_STATE=getMsg HTTP/1.1" 200 27
114.88.166.242 - - [15/Sep/2020:07:32:14 +0800] "GET /xingrg/check_reg.html?_=1600126331275 HTTP/1.1" 200 22
116.235.241.164 - - [15/Sep/2020:07:32:41 +0800] "GET /xingrg/all/function/internal_message.html?_=1600126362798&CODE_STATE=getMsg HTTP/1.1" 200 27
172.17.0.123 - - [15/Sep/2020:07:32:41 +0800] "GET /xingrg/all/function/internal_message.html?_=1600126363520&CODE_STATE=getMsg HTTP/1.1" 200 27
116.235.241.164 - - [15/Sep/2020:07:33:00 +0800] "GET /xingrg/all/function/internal_message.html?_=1600126382030&CODE_STATE=getMsg HTTP/1.1" 200 27
120.253.135.82 - - [15/Sep/2020:07:33:01 +0800] "GET /xingrg/check_reg.html?_=1600126129966 HTTP/1.1" 200 22
116.238.71.173 - - [15/Sep/2020:07:33:03 +0800] "GET /xingrg/check_reg.html?_=1600126383472 HTTP/1.1" 200 22
116.238.71.173 - - [15/Sep/2020:07:33:03 +0800] "GET /xingrg/all/function/internal_message.html?_=1600126383484&CODE_STATE=getMsg HTTP/1.1" 200 27
218.81.217.115 - - [15/Sep/2020:07:33:05 +0800] "GET /xingrg/all/function/internal_message.html?_=1600126386106&CODE_STATE=getMsg HTTP/1.1" 200 27
120.253.135.82 - - [15/Sep/2020:07:33:08 +0800] "GET /xingrg/all/function/internal_message.html?_=1600126136924&CODE_STATE=getMsg HTTP/1.1" 200 27
218.81.217.115 - - [15/Sep/2020:07:33:22 +0800] "GET /xingrg/check_reg.html?_=1600126402248 HTTP/1.1" 200 22
117.185.32.26 - - [15/Sep/2020:07:33:38 +0800] "GET /xingrg/check_reg.html?_=1600126841901 HTTP/1.1" 200 22
116.235.241.164 - - [15/Sep/2020:07:33:41 +0800] "GET /xingrg/all/function/internal_message.html?_=1600126422797&CODE_STATE=getMsg HTTP/1.1" 200 27
172.17.0.123 - - [15/Sep/2020:07:33:41 +0800] "GET /xingrg/all/function/internal_message.html?_=1600126423507&CODE_STATE=getMsg HTTP/1.1" 200 27
116.235.241.164 - - [15/Sep/2020:07:34:00 +0800] "GET /xingrg/all/function/internal_message.html?_=1600126442029&CODE_STATE=getMsg HTTP/1.1" 200 27
116.238.71.173 - - [15/Sep/2020:07:34:03 +0800] "GET /xingrg/all/function/internal_message.html?_=1600126443513&CODE_STATE=getMsg HTTP/1.1" 200 27
218.81.217.115 - - [15/Sep/2020:07:34:05 +0800] "GET /xingrg/all/function/internal_message.html?_=1600126446114&CODE_STATE=getMsg HTTP/1.1" 200 27
120.253.135.82 - - [15/Sep/2020:07:34:08 +0800] "GET /xingrg/all/function/internal_message.html?_=1600126196938&CODE_STATE=getMsg HTTP/1.1" 200 27
116.235.241.164 - - [15/Sep/2020:07:34:41 +0800] "GET /xingrg/all/function/internal_message.html?_=1600126482813&CODE_STATE=getMsg HTTP/1.1" 200 27
172.17.0.123 - - [15/Sep/2020:07:34:41 +0800] "GET /xingrg/all/function/internal_message.html?_=1600126483509&CODE_STATE=getMsg HTTP/1.1" 200 27
120.253.135.82 - - [15/Sep/2020:07:34:41 +0800] "GET /xingrg/javascript/jquery_easy_ui/themes/default/images/tabs_active.png HTTP/1.1" 200 2894
120.253.135.82 - - [15/Sep/2020:07:34:47 +0800] "POST /xingrg/kc/base/stock_operate.html HTTP/1.1" 200 1496
120.253.135.82 - - [15/Sep/2020:07:34:47 +0800] "GET /xingrg/javascript/jquery_tools/fix_table.js HTTP/1.1" 200 6528
116.235.241.164 - - [15/Sep/2020:07:35:00 +0800] "GET /xingrg/all/function/internal_message.html?_=1600126502044&CODE_STATE=getMsg HTTP/1.1" 200 27
116.238.71.173 - - [15/Sep/2020:07:35:04 +0800] "GET /xingrg/all/function/internal_message.html?_=1600126503561&CODE_STATE=getMsg HTTP/1.1" 200 27
218.81.217.115 - - [15/Sep/2020:07:35:05 +0800] "GET /xingrg/all/function/internal_message.html?_=1600126506127&CODE_STATE=getMsg HTTP/1.1" 200 27
120.253.135.82 - - [15/Sep/2020:07:35:08 +0800] "GET /xingrg/all/function/internal_message.html?_=1600126256951&CODE_STATE=getMsg HTTP/1.1" 200 27
120.253.135.82 - - [15/Sep/2020:07:35:15 +0800] "POST /xingrg/kc/base/stock_operate.html HTTP/1.1" 200 1467
116.235.241.164 - - [15/Sep/2020:07:35:41 +0800] "GET /xingrg/all/function/internal_message.html?_=1600126542800&CODE_STATE=getMsg HTTP/1.1" 200 27
172.17.0.123 - - [15/Sep/2020:07:35:41 +0800] "GET /xingrg/all/function/internal_message.html?_=1600126543511&CODE_STATE=getMsg HTTP/1.1" 200 27
172.17.0.123 - - [15/Sep/2020:07:35:41 +0800] "GET /xingrg/check_reg.html?_=1600126543511 HTTP/1.1" 200 22
120.253.135.82 - - [15/Sep/2020:07:35:42 +0800] "POST /xingrg/kc/base/stock_operate.html HTTP/1.1" 200 1473
116.235.241.164 - - [15/Sep/2020:07:36:00 +0800] "GET /xingrg/all/function/internal_message.html?_=1600126562043&CODE_STATE=getMsg HTTP/1.1" 200 27
116.238.71.173 - - [15/Sep/2020:07:36:04 +0800] "GET /xingrg/all/function/internal_message.html?_=1600126563610&CODE_STATE=getMsg HTTP/1.1" 200 27
218.81.217.115 - - [15/Sep/2020:07:36:06 +0800] "GET /xingrg/all/function/internal_message.html?_=1600126566246&CODE_STATE=getMsg HTTP/1.1" 200 27
120.253.135.82 - - [15/Sep/2020:07:36:08 +0800] "GET /xingrg/all/function/internal_message.html?_=1600126316964&CODE_STATE=getMsg HTTP/1.1" 200 27
120.253.135.82 - - [15/Sep/2020:07:36:19 +0800] "POST /xingrg/kc/base/stock_operate.html HTTP/1.1" 200 1465
116.235.241.164 - - [15/Sep/2020:07:36:41 +0800] "GET /xingrg/all/function/internal_message.html?_=1600126602801&CODE_STATE=getMsg HTTP/1.1" 200 27
116.235.241.164 - - [15/Sep/2020:07:36:41 +0800] "GET /xingrg/check_reg.html?_=1600126602805 HTTP/1.1" 200 22
172.17.0.123 - - [15/Sep/2020:07:36:41 +0800] "GET /xingrg/all/function/internal_message.html?_=1600126603513&CODE_STATE=getMsg HTTP/1.1" 200 27
116.235.241.164 - - [15/Sep/2020:07:37:00 +0800] "GET /xingrg/check_reg.html?_=1600126622043 HTTP/1.1" 200 22
116.235.241.164 - - [15/Sep/2020:07:37:00 +0800] "GET /xingrg/all/function/internal_message.html?_=1600126622050&CODE_STATE=getMsg HTTP/1.1" 200 27
116.238.71.173 - - [15/Sep/2020:07:37:04 +0800] "GET /xingrg/all/function/internal_message.html?_=1600126623658&CODE_STATE=getMsg HTTP/1.1" 200 27
218.81.217.115 - - [15/Sep/2020:07:37:06 +0800] "GET /xingrg/all/function/internal_message.html?_=1600126626248&CODE_STATE=getMsg HTTP/1.1" 200 27
120.253.135.82 - - [15/Sep/2020:07:37:08 +0800] "GET /xingrg/all/function/internal_message.html?_=1600126376978&CODE_STATE=getMsg HTTP/1.1" 200 27
114.88.166.242 - - [15/Sep/2020:07:37:14 +0800] "GET /xingrg/check_reg.html?_=1600126631279 HTTP/1.1" 200 22
116.235.241.164 - - [15/Sep/2020:07:37:41 +0800] "GET /xingrg/all/function/internal_message.html?_=1600126662819&CODE_STATE=getMsg HTTP/1.1" 200 27
172.17.0.123 - - [15/Sep/2020:07:37:41 +0800] "GET /xingrg/all/function/internal_message.html?_=1600126663513&CODE_STATE=getMsg HTTP/1.1" 200 27
116.235.241.164 - - [15/Sep/2020:07:38:00 +0800] "GET /xingrg/all/function/internal_message.html?_=1600126682050&CODE_STATE=getMsg HTTP/1.1" 200 27
120.253.135.82 - - [15/Sep/2020:07:38:01 +0800] "GET /xingrg/check_reg.html?_=1600126429973 HTTP/1.1" 200 22
116.238.71.173 - - [15/Sep/2020:07:38:04 +0800] "GET /xingrg/all/function/internal_message.html?_=1600126683705&CODE_STATE=getMsg HTTP/1.1" 200 27
116.238.71.173 - - [15/Sep/2020:07:38:04 +0800] "GET /xingrg/check_reg.html?_=1600126683708 HTTP/1.1" 200 22
218.81.217.115 - - [15/Sep/2020:07:38:06 +0800] "GET /xingrg/all/function/internal_message.html?_=1600126686363&CODE_STATE=getMsg HTTP/1.1" 200 27
120.253.135.82 - - [15/Sep/2020:07:38:08 +0800] "GET /xingrg/all/function/internal_message.html?_=1600126436992&CODE_STATE=getMsg HTTP/1.1" 200 27
218.81.217.115 - - [15/Sep/2020:07:38:22 +0800] "GET /xingrg/check_reg.html?_=1600126702252 HTTP/1.1" 200 22
117.185.32.26 - - [15/Sep/2020:07:38:38 +0800] "GET /xingrg/check_reg.html?_=1600127141920 HTTP/1.1" 200 22
116.235.241.164 - - [15/Sep/2020:07:38:41 +0800] "GET /xingrg/all/function/internal_message.html?_=1600126722820&CODE_STATE=getMsg HTTP/1.1" 200 27
172.17.0.123 - - [15/Sep/2020:07:38:41 +0800] "GET /xingrg/all/function/internal_message.html?_=1600126723515&CODE_STATE=getMsg HTTP/1.1" 200 27
116.235.241.164 - - [15/Sep/2020:07:39:00 +0800] "GET /xingrg/all/function/internal_message.html?_=1600126742038&CODE_STATE=getMsg HTTP/1.1" 200 27
120.253.135.82 - - [15/Sep/2020:07:39:02 +0800] "GET /xingrg/kc/pszx/mdps_order_list.html?orderType=0 HTTP/1.1" 200 21100
120.253.135.82 - - [15/Sep/2020:07:39:02 +0800] "GET /xingrg/css/base.css HTTP/1.1" 200 2811
120.253.135.82 - - [15/Sep/2020:07:39:02 +0800] "GET /xingrg/javascript/jquery_tools/jquery.tools.hotkey.js HTTP/1.1" 200 3242
120.253.135.82 - - [15/Sep/2020:07:39:02 +0800] "GET /xingrg/javascript/jquery_tools/datebox.css HTTP/1.1" 200 2597
120.253.135.82 - - [15/Sep/2020:07:39:02 +0800] "GET /xingrg/javascript/jquery_tools/fix.css HTTP/1.1" 200 1702
120.253.135.82 - - [15/Sep/2020:07:39:02 +0800] "GET /xingrg/javascript/auto/jquery.autocomplete.css HTTP/1.1" 200 587
120.253.135.82 - - [15/Sep/2020:07:39:02 +0800] "GET /xingrg/css/site.css HTTP/1.1" 200 7541
120.253.135.82 - - [15/Sep/2020:07:39:02 +0800] "GET /xingrg/javascript/jquery_tools/jquery.tools.min.js HTTP/1.1" 200 138801
120.253.135.82 - - [15/Sep/2020:07:39:02 +0800] "GET /xingrg/javascript/jquery_tools/table.css HTTP/1.1" 200 1032
120.253.135.82 - - [15/Sep/2020:07:39:02 +0800] "GET /xingrg/javascript/easyui/themes/icon.css HTTP/1.1" 200 4483
120.253.135.82 - - [15/Sep/2020:07:39:02 +0800] "GET /xingrg/javascript/jquery_tools/list_manager.js HTTP/1.1" 200 3652
120.253.135.82 - - [15/Sep/2020:07:39:02 +0800] "GET /xingrg/javascript/jquery_tools/jquery.tools.table.js HTTP/1.1" 200 6994
120.253.135.82 - - [15/Sep/2020:07:39:02 +0800] "GET /xingrg/javascript/jquery.cookie.js HTTP/1.1" 200 5513
120.253.135.82 - - [15/Sep/2020:07:39:02 +0800] "GET /xingrg/javascript/jquery_tools/jquery.tools.extend.js HTTP/1.1" 200 15385
120.253.135.82 - - [15/Sep/2020:07:39:02 +0800] "GET /xingrg/javascript/print/LodopFuncs.js HTTP/1.1" 200 5121
120.253.135.82 - - [15/Sep/2020:07:39:02 +0800] "GET /xingrg/javascript/easyui/easyloader.js HTTP/1.1" 200 5975
120.253.135.82 - - [15/Sep/2020:07:39:02 +0800] "GET /xingrg/javascript/jquery.utils.js HTTP/1.1" 200 11805
120.253.135.82 - - [15/Sep/2020:07:39:02 +0800] "GET /xingrg/javascript/auto/jquery.autocomplete.js HTTP/1.1" 200 21624
120.253.135.82 - - [15/Sep/2020:07:39:02 +0800] "GET /xingrg/javascript/easyui/themes/default/easyui.css HTTP/1.1" 200 30432
120.253.135.82 - - [15/Sep/2020:07:39:02 +0800] "GET /xingrg/javascript/easyui/plugins/jquery.parser.js HTTP/1.1" 200 1142
120.253.135.82 - - [15/Sep/2020:07:39:02 +0800] "POST /xingrg/kc/pszx/mdps_list_operate.html HTTP/1.1" 200 5299
116.238.71.173 - - [15/Sep/2020:07:39:04 +0800] "GET /xingrg/all/function/internal_message.html?_=1600126743754&CODE_STATE=getMsg HTTP/1.1" 200 27
218.81.217.115 - - [15/Sep/2020:07:39:06 +0800] "GET /xingrg/all/function/internal_message.html?_=1600126746370&CODE_STATE=getMsg HTTP/1.1" 200 27
120.253.135.82 - - [15/Sep/2020:07:39:08 +0800] "GET /xingrg/all/function/internal_message.html?_=1600126497005&CODE_STATE=getMsg HTTP/1.1" 200 27
120.253.135.82 - - [15/Sep/2020:07:39:13 +0800] "POST /xingrg/kc/pszx/mdps_list_operate.html HTTP/1.1" 200 3545
120.253.135.82 - - [15/Sep/2020:07:39:14 +0800] "POST /xingrg/kc/pszx/mdps_list_operate.html HTTP/1.1" 200 615
120.253.135.82 - - [15/Sep/2020:07:39:15 +0800] "GET /xingrg/kc/pszx/mdps_order_info.html?code=312020091400387 HTTP/1.1" 200 23847
120.253.135.82 - - [15/Sep/2020:07:39:15 +0800] "GET /xingrg/javascript/pic_change.js HTTP/1.1" 200 4739
120.253.135.82 - - [15/Sep/2020:07:39:15 +0800] "GET /xingrg/javascript/convert.js HTTP/1.1" 200 1239
120.253.135.82 - - [15/Sep/2020:07:39:15 +0800] "GET /xingrg/javascript/jquery_easy_ui/jquery.easyui.min.js HTTP/1.1" 200 213662
120.253.135.82 - - [15/Sep/2020:07:39:15 +0800] "GET /xingrg/javascript/json2.js HTTP/1.1" 200 11259
120.253.135.82 - - [15/Sep/2020:07:39:15 +0800] "GET /xingrg/javascript/print/kc_print.js HTTP/1.1" 200 11415
120.253.135.82 - - [15/Sep/2020:07:39:15 +0800] "GET /xingrg/javascript/jquery_tools/order_manager.js HTTP/1.1" 200 11183
120.253.135.82 - - [15/Sep/2020:07:39:15 +0800] "GET /xingrg/javascript/myfunction.js HTTP/1.1" 200 24559
120.253.135.82 - - [15/Sep/2020:07:39:15 +0800] "GET /xingrg/words/20200914192654_words.js HTTP/1.1" 200 762949
120.253.135.82 - - [15/Sep/2020:07:39:15 +0800] "GET /xingrg/javascript/easyui/themes/icons/ok.png HTTP/1.1" 200 883
120.253.135.82 - - [15/Sep/2020:07:39:16 +0800] "GET /xingrg/all/common/auto_word.html?type=base&rest_code=00101 HTTP/1.1" 200 513
120.253.135.82 - - [15/Sep/2020:07:39:16 +0800] "POST /xingrg/kc/pszx/mdps_order_operate.html HTTP/1.1" 200 22755
120.253.135.82 - - [15/Sep/2020:07:39:16 +0800] "GET /xingrg/javascript/easyui/themes/default/validatebox.css HTTP/1.1" 404 1104
120.253.135.82 - - [15/Sep/2020:07:39:16 +0800] "GET /xingrg/javascript/easyui/plugins/jquery.validatebox.js HTTP/1.1" 200 6103
120.253.135.82 - - [15/Sep/2020:07:39:16 +0800] "GET /xingrg/javascript/easyui/plugins/jquery.numberbox.js HTTP/1.1" 200 5213
116.235.241.164 - - [15/Sep/2020:07:39:41 +0800] "GET /xingrg/all/function/internal_message.html?_=1600126782820&CODE_STATE=getMsg HTTP/1.1" 200 27
172.17.0.123 - - [15/Sep/2020:07:39:41 +0800] "GET /xingrg/all/function/internal_message.html?_=1600126783522&CODE_STATE=getMsg HTTP/1.1" 200 27
116.235.241.164 - - [15/Sep/2020:07:40:00 +0800] "GET /xingrg/all/function/internal_message.html?_=1600126802038&CODE_STATE=getMsg HTTP/1.1" 200 27
116.238.71.173 - - [15/Sep/2020:07:40:04 +0800] "GET /xingrg/all/function/internal_message.html?_=1600126803799&CODE_STATE=getMsg HTTP/1.1" 200 27
218.81.217.115 - - [15/Sep/2020:07:40:06 +0800] "GET /xingrg/all/function/internal_message.html?_=1600126806382&CODE_STATE=getMsg HTTP/1.1" 200 27
120.253.135.82 - - [15/Sep/2020:07:40:08 +0800] "GET /xingrg/all/function/internal_message.html?_=1600126557019&CODE_STATE=getMsg HTTP/1.1" 200 27
116.235.241.164 - - [15/Sep/2020:07:40:41 +0800] "GET /xingrg/all/function/internal_message.html?_=1600126842818&CODE_STATE=getMsg HTTP/1.1" 200 27
172.17.0.123 - - [15/Sep/2020:07:40:41 +0800] "GET /xingrg/check_reg.html?_=1600126843509 HTTP/1.1" 200 22
172.17.0.123 - - [15/Sep/2020:07:40:41 +0800] "GET /xingrg/all/function/internal_message.html?_=1600126843511&CODE_STATE=getMsg HTTP/1.1" 200 27
116.235.241.164 - - [15/Sep/2020:07:41:00 +0800] "GET /xingrg/all/function/internal_message.html?_=1600126862039&CODE_STATE=getMsg HTTP/1.1" 200 27
116.238.71.173 - - [15/Sep/2020:07:41:04 +0800] "GET /xingrg/all/function/internal_message.html?_=1600126863847&CODE_STATE=getMsg HTTP/1.1" 200 27
218.81.217.115 - - [15/Sep/2020:07:41:06 +0800] "GET /xingrg/all/function/internal_message.html?_=1600126866504&CODE_STATE=getMsg HTTP/1.1" 200 27
