116.238.71.173 - - [15/Sep/2020:09:43:56 +0800] "GET /xingrg/all/function/internal_message.html?_=1600134359990&CODE_STATE=getMsg HTTP/1.1" 200 27
222.69.134.17 - - [15/Sep/2020:09:43:57 +0800] "GET /xingrg/all/function/internal_message.html?_=1600134235023&CODE_STATE=getMsg HTTP/1.1" 200 27
116.235.241.164 - - [15/Sep/2020:09:44:00 +0800] "GET /xingrg/all/function/internal_message.html?_=1600134242184&CODE_STATE=getMsg HTTP/1.1" 200 27
116.238.71.173 - - [15/Sep/2020:09:44:09 +0800] "GET /xingrg/javascript/auto/indicator.gif HTTP/1.1" 404 1066
116.238.71.173 - - [15/Sep/2020:09:44:11 +0800] "GET /xingrg/kc/buy/cgsh_order_operate.html?command=get_materiel&rest_code=00151&code=00101008118&supplier_code=00100007&order_time=2020-09-15 HTTP/1.1" 200 418
218.81.217.115 - - [15/Sep/2020:09:44:12 +0800] "GET /xingrg/all/function/internal_message.html?_=1600134253184&CODE_STATE=getMsg HTTP/1.1" 200 27
114.88.166.242 - - [15/Sep/2020:09:44:15 +0800] "GET /xingrg/all/function/internal_message.html?_=1600134321331&CODE_STATE=getMsg HTTP/1.1" 200 27
172.17.0.100 - - [15/Sep/2020:09:44:22 +0800] "GET /xingrg/all/function/internal_message.html?_=1600134261204&CODE_STATE=getMsg HTTP/1.1" 200 27
172.17.200.101 - - [15/Sep/2020:09:44:27 +0800] "GET /xingrg/all/function/internal_message.html?_=1600134268256&CODE_STATE=getMsg HTTP/1.1" 200 27
114.82.29.189 - - [15/Sep/2020:09:44:30 +0800] "GET /xingrg/all/function/internal_message.html?_=1600134269763&CODE_STATE=getMsg HTTP/1.1" 200 27
116.238.64.253 - - [15/Sep/2020:09:44:34 +0800] "GET /xingrg/all/function/internal_message.html?_=1600134481397&CODE_STATE=getMsg HTTP/1.1" 200 27
116.238.71.173 - - [15/Sep/2020:09:44:35 +0800] "GET /xingrg/all/function/internal_message.html?_=1600134275406&CODE_STATE=getMsg HTTP/1.1" 200 27
180.157.253.48 - - [15/Sep/2020:09:44:36 +0800] "GET /xingrg/all/function/internal_message.html?_=1600134279253&CODE_STATE=getMsg HTTP/1.1" 200 27
116.235.241.164 - - [15/Sep/2020:09:44:41 +0800] "GET /xingrg/all/function/internal_message.html?_=1600134282959&CODE_STATE=getMsg HTTP/1.1" 200 27
114.86.226.190 - - [15/Sep/2020:09:44:41 +0800] "GET /xingrg/all/function/internal_message.html?_=1600134333390&CODE_STATE=getMsg HTTP/1.1" 200 27
116.230.74.197 - - [15/Sep/2020:09:44:48 +0800] "GET /xingrg/all/function/internal_message.html?_=1600134286022&CODE_STATE=getMsg HTTP/1.1" 200 27
117.131.5.26 - - [15/Sep/2020:09:44:49 +0800] "GET /xingrg/all/function/internal_message.html?_=1600134308626&CODE_STATE=getMsg HTTP/1.1" 200 27
116.238.71.173 - - [15/Sep/2020:09:44:56 +0800] "GET /xingrg/all/function/internal_message.html?_=1600134420002&CODE_STATE=getMsg HTTP/1.1" 200 27
222.69.134.17 - - [15/Sep/2020:09:44:57 +0800] "GET /xingrg/check_reg.html?_=1600134295025 HTTP/1.1" 200 22
222.69.134.17 - - [15/Sep/2020:09:44:57 +0800] "GET /xingrg/all/function/internal_message.html?_=1600134295028&CODE_STATE=getMsg HTTP/1.1" 200 27
116.235.241.164 - - [15/Sep/2020:09:45:00 +0800] "GET /xingrg/all/function/internal_message.html?_=1600134302188&CODE_STATE=getMsg HTTP/1.1" 200 27
218.81.217.115 - - [15/Sep/2020:09:45:12 +0800] "GET /xingrg/all/function/internal_message.html?_=1600134313197&CODE_STATE=getMsg HTTP/1.1" 200 27
114.88.166.242 - - [15/Sep/2020:09:45:15 +0800] "GET /xingrg/all/function/internal_message.html?_=1600134381329&CODE_STATE=getMsg HTTP/1.1" 200 27
116.238.71.173 - - [15/Sep/2020:09:45:17 +0800] "GET /xingrg/kc/buy/cgsh_order_operate.html?command=get_materiel&rest_code=00150&code=00101006055&supplier_code=00100012&order_time=2020-09-15 HTTP/1.1" 200 409
172.17.0.100 - - [15/Sep/2020:09:45:22 +0800] "GET /xingrg/all/function/internal_message.html?_=1600134321185&CODE_STATE=getMsg HTTP/1.1" 200 27
114.82.29.189 - - [15/Sep/2020:09:45:24 +0800] "GET /xingrg/check_reg.html?_=1600134324452 HTTP/1.1" 200 22
116.238.71.173 - - [15/Sep/2020:09:45:25 +0800] "GET /xingrg/kc/buy/cgsh_order_operate.html?command=get_materiel&rest_code=00150&code=00101006068&supplier_code=00100012&order_time=2020-09-15 HTTP/1.1" 200 428
172.17.200.101 - - [15/Sep/2020:09:45:27 +0800] "GET /xingrg/all/function/internal_message.html?_=1600134328226&CODE_STATE=getMsg HTTP/1.1" 200 27
172.17.200.101 - - [15/Sep/2020:09:45:27 +0800] "GET /xingrg/check_reg.html?_=1600134328417 HTTP/1.1" 200 22
114.82.29.189 - - [15/Sep/2020:09:45:30 +0800] "GET /xingrg/all/function/internal_message.html?_=1600134329737&CODE_STATE=getMsg HTTP/1.1" 200 27
116.238.71.173 - - [15/Sep/2020:09:45:33 +0800] "GET /xingrg/kc/buy/cgsh_order_operate.html?command=get_materiel&rest_code=00150&code=00101006065&supplier_code=00100012&order_time=2020-09-15 HTTP/1.1" 200 409
116.238.64.253 - - [15/Sep/2020:09:45:34 +0800] "GET /xingrg/all/function/internal_message.html?_=1600134541411&CODE_STATE=getMsg HTTP/1.1" 200 27
116.238.71.173 - - [15/Sep/2020:09:45:35 +0800] "GET /xingrg/all/function/internal_message.html?_=1600134335463&CODE_STATE=getMsg HTTP/1.1" 200 27
116.238.71.173 - - [15/Sep/2020:09:45:36 +0800] "POST /xingrg/kc/buy/cgsh_order_operate.html HTTP/1.1" 200 37
180.157.253.48 - - [15/Sep/2020:09:45:36 +0800] "GET /xingrg/all/function/internal_message.html?_=1600134339492&CODE_STATE=getMsg HTTP/1.1" 200 27
116.238.71.173 - - [15/Sep/2020:09:45:38 +0800] "POST /xingrg/kc/buy/cgsh_order_operate.html HTTP/1.1" 200 12
116.238.71.173 - - [15/Sep/2020:09:45:38 +0800] "GET /xingrg/kc/buy/cgsh_order_info.html?code=212020091506238 HTTP/1.1" 200 54266
116.238.71.173 - - [15/Sep/2020:09:45:39 +0800] "GET /xingrg/javascript/easyui/themes/default/validatebox.css HTTP/1.1" 404 1104
116.238.71.173 - - [15/Sep/2020:09:45:39 +0800] "POST /xingrg/kc/buy/cgsh_order_operate.html HTTP/1.1" 200 25768
116.238.71.173 - - [15/Sep/2020:09:45:39 +0800] "GET /xingrg/kc/buy/cgsh_order_operate.html?command=get_materiel&rest_code=00150&code=00101006087&supplier_code=00100012&order_time=2020-09-15 HTTP/1.1" 200 409
114.86.226.190 - - [15/Sep/2020:09:45:40 +0800] "GET /xingrg/all/function/internal_message.html?_=1600134393390&CODE_STATE=getMsg HTTP/1.1" 200 27
116.238.71.173 - - [15/Sep/2020:09:45:40 +0800] "GET /xingrg/kc/print/load_data.html?order_code=212020091506238&kc_code=cgsh&condition= HTTP/1.1" 200 10493
116.235.241.164 - - [15/Sep/2020:09:45:41 +0800] "GET /xingrg/all/function/internal_message.html?_=1600134342964&CODE_STATE=getMsg HTTP/1.1" 200 27
116.238.71.173 - - [15/Sep/2020:09:45:46 +0800] "GET /xingrg/kc/buy/cgsh_order_operate.html?command=get_materiel&rest_code=00150&code=00101007067&supplier_code=00100012&order_time=2020-09-15 HTTP/1.1" 200 428
116.230.74.197 - - [15/Sep/2020:09:45:48 +0800] "GET /xingrg/all/function/internal_message.html?_=1600134346006&CODE_STATE=getMsg HTTP/1.1" 200 27
117.131.5.26 - - [15/Sep/2020:09:45:49 +0800] "GET /xingrg/all/function/internal_message.html?_=1600134368596&CODE_STATE=getMsg HTTP/1.1" 200 27
116.230.74.197 - - [15/Sep/2020:09:45:49 +0800] "GET /xingrg/check_reg.html?_=1600134346616 HTTP/1.1" 200 22
117.131.5.26 - - [15/Sep/2020:09:45:50 +0800] "GET /xingrg/check_reg.html?_=1600134369897 HTTP/1.1" 200 22
116.238.71.173 - - [15/Sep/2020:09:45:52 +0800] "POST /xingrg/kc/buy/cgsh_list_operate.html HTTP/1.1" 200 2468
116.238.71.173 - - [15/Sep/2020:09:45:54 +0800] "POST /xingrg/kc/buy/cgsh_order_operate.html HTTP/1.1" 200 37
116.238.71.173 - - [15/Sep/2020:09:45:56 +0800] "POST /xingrg/kc/buy/cgsh_order_operate.html HTTP/1.1" 200 5613
116.238.71.173 - - [15/Sep/2020:09:45:56 +0800] "GET /xingrg/all/function/internal_message.html?_=1600134480016&CODE_STATE=getMsg HTTP/1.1" 200 27
222.69.134.17 - - [15/Sep/2020:09:45:57 +0800] "GET /xingrg/all/function/internal_message.html?_=1600134355029&CODE_STATE=getMsg HTTP/1.1" 200 27
116.238.71.173 - - [15/Sep/2020:09:45:58 +0800] "GET /xingrg/kc/buy/cgsh_order_add.html HTTP/1.1" 200 59645
116.238.71.173 - - [15/Sep/2020:09:45:58 +0800] "POST /xingrg/kc/buy/cgsh_order_operate.html HTTP/1.1" 200 8245
116.238.71.173 - - [15/Sep/2020:09:45:58 +0800] "GET /xingrg/javascript/easyui/themes/default/validatebox.css HTTP/1.1" 404 1104
116.235.241.164 - - [15/Sep/2020:09:46:00 +0800] "GET /xingrg/all/function/internal_message.html?_=1600134362187&CODE_STATE=getMsg HTTP/1.1" 200 27
116.238.71.173 - - [15/Sep/2020:09:46:06 +0800] "GET /xingrg/kc/buy/cgsh_order_operate.html?command=get_materiel&rest_code=00150&code=00101012025&supplier_code=00100036&order_time=2020-09-15 HTTP/1.1" 200 412
218.81.217.115 - - [15/Sep/2020:09:46:12 +0800] "GET /xingrg/all/function/internal_message.html?_=1600134373312&CODE_STATE=getMsg HTTP/1.1" 200 27
114.88.166.242 - - [15/Sep/2020:09:46:15 +0800] "GET /xingrg/all/function/internal_message.html?_=1600134441327&CODE_STATE=getMsg HTTP/1.1" 200 27
116.238.71.173 - - [15/Sep/2020:09:46:16 +0800] "GET /xingrg/kc/buy/cgsh_order_operate.html?command=get_materiel&rest_code=00150&code=00101012039&supplier_code=00100036&order_time=2020-09-15 HTTP/1.1" 200 408
172.17.0.100 - - [15/Sep/2020:09:46:22 +0800] "GET /xingrg/check_reg.html?_=1600134381107 HTTP/1.1" 200 22
172.17.0.100 - - [15/Sep/2020:09:46:22 +0800] "GET /xingrg/all/function/internal_message.html?_=1600134381155&CODE_STATE=getMsg HTTP/1.1" 200 27
116.238.71.173 - - [15/Sep/2020:09:46:23 +0800] "GET /xingrg/kc/buy/cgsh_order_operate.html?command=get_materiel&rest_code=00150&code=00101012029&supplier_code=00100036&order_time=2020-09-15 HTTP/1.1" 200 412
172.17.200.101 - - [15/Sep/2020:09:46:27 +0800] "GET /xingrg/all/function/internal_message.html?_=1600134388203&CODE_STATE=getMsg HTTP/1.1" 200 27
114.82.29.189 - - [15/Sep/2020:09:46:30 +0800] "GET /xingrg/all/function/internal_message.html?_=1600134389719&CODE_STATE=getMsg HTTP/1.1" 200 27
116.238.71.173 - - [15/Sep/2020:09:46:31 +0800] "POST /xingrg/kc/buy/cgsh_order_operate.html HTTP/1.1" 200 37
116.238.71.173 - - [15/Sep/2020:09:46:33 +0800] "POST /xingrg/kc/buy/cgsh_order_operate.html HTTP/1.1" 200 12
116.238.71.173 - - [15/Sep/2020:09:46:34 +0800] "GET /xingrg/kc/buy/cgsh_order_info.html?code=212020091506274 HTTP/1.1" 200 54554
116.238.71.173 - - [15/Sep/2020:09:46:34 +0800] "GET /xingrg/javascript/easyui/themes/default/validatebox.css HTTP/1.1" 404 1104
116.238.71.173 - - [15/Sep/2020:09:46:34 +0800] "POST /xingrg/kc/buy/cgsh_order_operate.html HTTP/1.1" 200 1782
116.238.64.253 - - [15/Sep/2020:09:46:34 +0800] "GET /xingrg/all/function/internal_message.html?_=1600134601424&CODE_STATE=getMsg HTTP/1.1" 200 27
116.238.71.173 - - [15/Sep/2020:09:46:35 +0800] "GET /xingrg/all/function/internal_message.html?_=1600134395505&CODE_STATE=getMsg HTTP/1.1" 200 27
116.238.71.173 - - [15/Sep/2020:09:46:36 +0800] "GET /xingrg/kc/print/load_config.html?kc_code=cgsh HTTP/1.1" 200 1845
116.238.71.173 - - [15/Sep/2020:09:46:36 +0800] "GET /xingrg/kc/print/load_data.html?order_code=212020091506274&kc_code=cgsh&condition= HTTP/1.1" 200 1249
180.157.253.48 - - [15/Sep/2020:09:46:36 +0800] "GET /xingrg/all/function/internal_message.html?_=1600134399499&CODE_STATE=getMsg HTTP/1.1" 200 27
114.86.226.190 - - [15/Sep/2020:09:46:40 +0800] "GET /xingrg/all/function/internal_message.html?_=1600134453390&CODE_STATE=getMsg HTTP/1.1" 200 27
116.235.241.164 - - [15/Sep/2020:09:46:41 +0800] "GET /xingrg/check_reg.html?_=1600134402963 HTTP/1.1" 200 22
116.235.241.164 - - [15/Sep/2020:09:46:41 +0800] "GET /xingrg/all/function/internal_message.html?_=1600134402968&CODE_STATE=getMsg HTTP/1.1" 200 27
116.238.71.173 - - [15/Sep/2020:09:46:44 +0800] "GET /xingrg/kc/buy/cgsh_order_add.html HTTP/1.1" 200 59645
116.238.71.173 - - [15/Sep/2020:09:46:44 +0800] "POST /xingrg/kc/buy/cgsh_order_operate.html HTTP/1.1" 200 8245
116.238.71.173 - - [15/Sep/2020:09:46:45 +0800] "GET /xingrg/javascript/easyui/themes/default/validatebox.css HTTP/1.1" 404 1104
116.230.74.197 - - [15/Sep/2020:09:46:48 +0800] "GET /xingrg/all/function/internal_message.html?_=1600134405976&CODE_STATE=getMsg HTTP/1.1" 200 27
117.131.5.26 - - [15/Sep/2020:09:46:49 +0800] "GET /xingrg/all/function/internal_message.html?_=1600134428567&CODE_STATE=getMsg HTTP/1.1" 200 27
116.238.71.173 - - [15/Sep/2020:09:46:53 +0800] "GET /xingrg/kc/buy/cgsh_order_operate.html?command=get_materiel&rest_code=00150&code=00101001160&supplier_code=00100040&order_time=2020-09-15 HTTP/1.1" 200 408
116.238.71.173 - - [15/Sep/2020:09:46:56 +0800] "GET /xingrg/all/function/internal_message.html?_=1600134540030&CODE_STATE=getMsg HTTP/1.1" 200 27
222.69.134.17 - - [15/Sep/2020:09:46:57 +0800] "GET /xingrg/all/function/internal_message.html?_=1600134415031&CODE_STATE=getMsg HTTP/1.1" 200 27
116.235.241.164 - - [15/Sep/2020:09:47:00 +0800] "GET /xingrg/all/function/internal_message.html?_=1600134422187&CODE_STATE=getMsg HTTP/1.1" 200 27
116.235.241.164 - - [15/Sep/2020:09:47:00 +0800] "GET /xingrg/check_reg.html?_=1600134422190 HTTP/1.1" 200 22
116.238.71.173 - - [15/Sep/2020:09:47:03 +0800] "POST /xingrg/kc/buy/cgsh_order_operate.html HTTP/1.1" 200 37
116.238.71.173 - - [15/Sep/2020:09:47:07 +0800] "POST /xingrg/kc/buy/cgsh_order_operate.html HTTP/1.1" 200 12
116.238.71.173 - - [15/Sep/2020:09:47:09 +0800] "GET /xingrg/kc/buy/cgsh_order_info.html?code=212020091506275 HTTP/1.1" 200 54552
116.238.71.173 - - [15/Sep/2020:09:47:09 +0800] "GET /xingrg/javascript/easyui/themes/default/validatebox.css HTTP/1.1" 404 1104
116.238.71.173 - - [15/Sep/2020:09:47:09 +0800] "POST /xingrg/kc/buy/cgsh_order_operate.html HTTP/1.1" 200 602
116.238.71.173 - - [15/Sep/2020:09:47:11 +0800] "GET /xingrg/kc/print/load_data.html?order_code=212020091506275&kc_code=cgsh&condition= HTTP/1.1" 200 800
218.81.217.115 - - [15/Sep/2020:09:47:12 +0800] "GET /xingrg/all/function/internal_message.html?_=1600134433319&CODE_STATE=getMsg HTTP/1.1" 200 27
114.88.166.242 - - [15/Sep/2020:09:47:14 +0800] "GET /xingrg/check_reg.html?_=1600134431437 HTTP/1.1" 200 22
114.88.166.242 - - [15/Sep/2020:09:47:15 +0800] "GET /xingrg/all/function/internal_message.html?_=1600134501326&CODE_STATE=getMsg HTTP/1.1" 200 27
172.17.0.100 - - [15/Sep/2020:09:47:22 +0800] "GET /xingrg/all/function/internal_message.html?_=1600134441123&CODE_STATE=getMsg HTTP/1.1" 200 27
172.17.200.101 - - [15/Sep/2020:09:47:27 +0800] "GET /xingrg/all/function/internal_message.html?_=1600134448176&CODE_STATE=getMsg HTTP/1.1" 200 27
114.82.29.189 - - [15/Sep/2020:09:47:29 +0800] "GET /xingrg/all/function/internal_message.html?_=1600134449701&CODE_STATE=getMsg HTTP/1.1" 200 27
116.238.64.253 - - [15/Sep/2020:09:47:34 +0800] "GET /xingrg/check_reg.html?_=1600134660850 HTTP/1.1" 200 22
116.238.64.253 - - [15/Sep/2020:09:47:34 +0800] "GET /xingrg/all/function/internal_message.html?_=1600134661437&CODE_STATE=getMsg HTTP/1.1" 200 27
180.157.253.48 - - [15/Sep/2020:09:47:35 +0800] "GET /xingrg/check_reg.html?_=1600134458291 HTTP/1.1" 200 22
116.238.71.173 - - [15/Sep/2020:09:47:36 +0800] "GET /xingrg/check_reg.html?_=1600134455555 HTTP/1.1" 200 22
116.238.71.173 - - [15/Sep/2020:09:47:36 +0800] "GET /xingrg/all/function/internal_message.html?_=1600134455556&CODE_STATE=getMsg HTTP/1.1" 200 27
180.157.253.48 - - [15/Sep/2020:09:47:36 +0800] "GET /xingrg/all/function/internal_message.html?_=1600134459512&CODE_STATE=getMsg HTTP/1.1" 200 27
117.185.32.26 - - [15/Sep/2020:09:47:37 +0800] "GET /xingrg/kc/mdqp/qp_main.html HTTP/1.1" 200 10633
116.238.71.173 - - [15/Sep/2020:09:47:37 +0800] "POST /xingrg/all/user/operate.html HTTP/1.1" 200 36
116.238.71.173 - - [15/Sep/2020:09:47:37 +0800] "GET /xingrg/index.html?sysBaseUrl=http%3A%2F%2F180.169.147.146%3A18081%2Fxingrg%2F&costTime=41×tamp=1600050296913 HTTP/1.1" 200 17179
116.238.71.173 - - [15/Sep/2020:09:47:37 +0800] "GET /xingrg/javascript/jquery_easy_ui/themes/default/easyui.css HTTP/1.1" 304 -
116.238.71.173 - - [15/Sep/2020:09:47:37 +0800] "GET /xingrg/javascript/jquery_easy_ui/themes/icon.css HTTP/1.1" 304 -
116.238.71.173 - - [15/Sep/2020:09:47:37 +0800] "GET /xingrg/css/form.css HTTP/1.1" 304 -
116.238.71.173 - - [15/Sep/2020:09:47:37 +0800] "GET /xingrg/javascript/jquery-1.4.2.min.js HTTP/1.1" 304 -
116.238.71.173 - - [15/Sep/2020:09:47:37 +0800] "GET /xingrg/javascript/jquery_easy_ui/jquery.easyui.min.js HTTP/1.1" 304 -
116.238.71.173 - - [15/Sep/2020:09:47:37 +0800] "GET /xingrg/javascript/jquery_easy_ui/easyui-lang-zh_CN.js HTTP/1.1" 304 -
116.238.71.173 - - [15/Sep/2020:09:47:37 +0800] "GET /xingrg/javascript/jquery.form.js HTTP/1.1" 304 -
116.238.71.173 - - [15/Sep/2020:09:47:37 +0800] "GET /xingrg/javascript/jquery.utils.js HTTP/1.1" 304 -
116.238.71.173 - - [15/Sep/2020:09:47:37 +0800] "GET /xingrg/javascript/jquery.timers.js HTTP/1.1" 304 -
116.238.71.173 - - [15/Sep/2020:09:47:37 +0800] "GET /xingrg/images/blue/jxLogo.png HTTP/1.1" 304 -
116.238.71.173 - - [15/Sep/2020:09:47:37 +0800] "GET /xingrg/javascript/jquery_easy_ui/themes/icons/settle_new.png HTTP/1.1" 304 -
116.238.71.173 - - [15/Sep/2020:09:47:37 +0800] "GET /xingrg/images/blue/navBackgound.jpg HTTP/1.1" 304 -
116.238.71.173 - - [15/Sep/2020:09:47:37 +0800] "POST /xingrg/all/common/load_tree.html?tree=area_rest_tree_json&manage=1 HTTP/1.1" 200 476
116.238.71.173 - - [15/Sep/2020:09:47:38 +0800] "GET /xingrg/all/function/internal_message.html?_=1600134457574&CODE_STATE=count HTTP/1.1" 200 11
116.238.71.173 - - [15/Sep/2020:09:47:38 +0800] "GET /xingrg/check_reg.html?_=1600134457574 HTTP/1.1" 200 22
116.238.71.173 - - [15/Sep/2020:09:47:38 +0800] "GET /xingrg/javascript/jquery_easy_ui/themes/default/images/tabs_rightarrow.png HTTP/1.1" 304 -
116.238.71.173 - - [15/Sep/2020:09:47:38 +0800] "GET /xingrg/images/blue/pingpu.png HTTP/1.1" 304 -
116.238.71.173 - - [15/Sep/2020:09:47:38 +0800] "GET /xingrg/javascript/jquery_easy_ui/themes/default/images/tabs_leftarrow.png HTTP/1.1" 304 -
116.238.71.173 - - [15/Sep/2020:09:47:38 +0800] "GET /xingrg/javascript/jquery_easy_ui/themes/default/images/panel_tool_collapse.gif HTTP/1.1" 304 -
116.238.71.173 - - [15/Sep/2020:09:47:38 +0800] "POST /xingrg/load_menu.html HTTP/1.1" 200 5138
117.185.32.26 - - [15/Sep/2020:09:47:38 +0800] "GET /xingrg/images/yd/bt.gif HTTP/1.1" 404 1040
117.185.32.26 - - [15/Sep/2020:09:47:39 +0800] "GET /xingrg/kc/mdqp/qqps_order_list.html HTTP/1.1" 200 9222
117.185.32.26 - - [15/Sep/2020:09:47:39 +0800] "GET /xingrg/dwr/interface/AjaxQqpsService.js HTTP/1.1" 200 16326
117.185.32.26 - - [15/Sep/2020:09:47:39 +0800] "GET /xingrg/dwr/interface/AjaxReportQueryService.js HTTP/1.1" 200 13203
117.185.32.26 - - [15/Sep/2020:09:47:39 +0800] "GET /xingrg/dwr/engine.js HTTP/1.1" 200 43631
117.185.32.26 - - [15/Sep/2020:09:47:39 +0800] "GET /xingrg/dwr/util.js HTTP/1.1" 304 -
114.86.226.190 - - [15/Sep/2020:09:47:40 +0800] "GET /xingrg/check_reg.html?_=1600134513312 HTTP/1.1" 200 22
114.86.226.190 - - [15/Sep/2020:09:47:40 +0800] "GET /xingrg/all/function/internal_message.html?_=1600134513390&CODE_STATE=getMsg HTTP/1.1" 200 27
58.37.9.106 - - [15/Sep/2020:09:47:40 +0800] "GET /xingrg/check_reg.html?_=1600134442875 HTTP/1.1" 200 22
116.235.241.164 - - [15/Sep/2020:09:47:41 +0800] "GET /xingrg/all/function/internal_message.html?_=1600134462968&CODE_STATE=getMsg HTTP/1.1" 200 27
116.238.71.173 - - [15/Sep/2020:09:47:41 +0800] "GET /xingrg/kc/buy/cgsh_order_list.html HTTP/1.1" 200 43977
116.238.71.173 - - [15/Sep/2020:09:47:42 +0800] "POST /xingrg/kc/buy/cgsh_list_operate.html HTTP/1.1" 200 2069
117.185.32.26 - - [15/Sep/2020:09:47:43 +0800] "GET /xingrg/kc/mdqp/qqps_order_add.html HTTP/1.1" 200 28160
117.185.32.26 - - [15/Sep/2020:09:47:43 +0800] "GET /xingrg/dwr/interface/AjaxComOrderService.js HTTP/1.1" 200 18264
117.185.32.26 - - [15/Sep/2020:09:47:43 +0800] "GET /xingrg/dwr/interface/AjaxQqpsService.js HTTP/1.1" 200 16326
117.185.32.26 - - [15/Sep/2020:09:47:43 +0800] "GET /xingrg/dwr/engine.js HTTP/1.1" 200 43631
117.185.32.26 - - [15/Sep/2020:09:47:43 +0800] "GET /xingrg/words/20200914192654_words.js HTTP/1.1" 200 762949
116.238.71.173 - - [15/Sep/2020:09:47:45 +0800] "POST /xingrg/kc/buy/cgsh_list_operate.html HTTP/1.1" 200 491
116.238.71.173 - - [15/Sep/2020:09:47:46 +0800] "GET /xingrg/kc/buy/cgsh_order_info.html?code=212020091506246 HTTP/1.1" 200 59642
116.238.71.173 - - [15/Sep/2020:09:47:46 +0800] "GET /xingrg/javascript/easyui/themes/default/validatebox.css HTTP/1.1" 404 1104
116.238.71.173 - - [15/Sep/2020:09:47:46 +0800] "POST /xingrg/kc/buy/cgsh_order_operate.html HTTP/1.1" 200 5012
116.230.74.197 - - [15/Sep/2020:09:47:48 +0800] "GET /xingrg/all/function/internal_message.html?_=1600134465958&CODE_STATE=getMsg HTTP/1.1" 200 27
117.131.5.26 - - [15/Sep/2020:09:47:49 +0800] "GET /xingrg/all/function/internal_message.html?_=1600134488547&CODE_STATE=getMsg HTTP/1.1" 200 27
116.238.71.173 - - [15/Sep/2020:09:47:56 +0800] "GET /xingrg/check_reg.html?_=1600134600023 HTTP/1.1" 200 22
116.238.71.173 - - [15/Sep/2020:09:47:56 +0800] "GET /xingrg/all/function/internal_message.html?_=1600134600044&CODE_STATE=getMsg HTTP/1.1" 200 27
222.69.134.17 - - [15/Sep/2020:09:47:57 +0800] "GET /xingrg/all/function/internal_message.html?_=1600134475017&CODE_STATE=getMsg HTTP/1.1" 200 27
116.235.241.164 - - [15/Sep/2020:09:48:00 +0800] "GET /xingrg/all/function/internal_message.html?_=1600134482193&CODE_STATE=getMsg HTTP/1.1" 200 27
218.81.217.115 - - [15/Sep/2020:09:48:12 +0800] "GET /xingrg/all/function/internal_message.html?_=1600134493435&CODE_STATE=getMsg HTTP/1.1" 200 27
117.185.32.26 - - [15/Sep/2020:09:48:14 +0800] "POST /xingrg/dwr/call/plaincall/AjaxQqpsService.saveOrder.dwr HTTP/1.1" 200 78
114.88.166.242 - - [15/Sep/2020:09:48:15 +0800] "GET /xingrg/check_reg.html?_=1600134561325 HTTP/1.1" 200 22
114.88.166.242 - - [15/Sep/2020:09:48:15 +0800] "GET /xingrg/all/function/internal_message.html?_=1600134561328&CODE_STATE=getMsg HTTP/1.1" 200 27
218.81.217.115 - - [15/Sep/2020:09:48:21 +0800] "GET /xingrg/check_reg.html?_=1600134502395 HTTP/1.1" 200 22
172.17.0.100 - - [15/Sep/2020:09:48:22 +0800] "GET /xingrg/all/function/internal_message.html?_=1600134501151&CODE_STATE=getMsg HTTP/1.1" 200 27
172.17.200.101 - - [15/Sep/2020:09:48:27 +0800] "GET /xingrg/all/function/internal_message.html?_=1600134508155&CODE_STATE=getMsg HTTP/1.1" 200 27
114.82.29.189 - - [15/Sep/2020:09:48:29 +0800] "GET /xingrg/all/function/internal_message.html?_=1600134509671&CODE_STATE=getMsg HTTP/1.1" 200 27
117.185.32.26 - - [15/Sep/2020:09:48:30 +0800] "GET /xingrg/javascript/auto/indicator.gif HTTP/1.1" 404 1066
116.238.71.173 - - [15/Sep/2020:09:48:33 +0800] "POST /xingrg/kc/buy/cgsh_order_operate.html HTTP/1.1" 200 37
116.238.64.253 - - [15/Sep/2020:09:48:34 +0800] "GET /xingrg/all/function/internal_message.html?_=1600134721452&CODE_STATE=getMsg HTTP/1.1" 200 27
116.238.71.173 - - [15/Sep/2020:09:48:35 +0800] "POST /xingrg/kc/buy/cgsh_order_operate.html HTTP/1.1" 200 12
116.238.71.173 - - [15/Sep/2020:09:48:36 +0800] "GET /xingrg/kc/buy/cgsh_order_info.html?code=212020091506246 HTTP/1.1" 200 54536
116.238.71.173 - - [15/Sep/2020:09:48:36 +0800] "GET /xingrg/javascript/easyui/themes/default/validatebox.css HTTP/1.1" 404 1104
180.157.253.48 - - [15/Sep/2020:09:48:36 +0800] "GET /xingrg/all/function/internal_message.html?_=1600134519525&CODE_STATE=getMsg HTTP/1.1" 200 27
116.238.71.173 - - [15/Sep/2020:09:48:36 +0800] "POST /xingrg/kc/buy/cgsh_order_operate.html HTTP/1.1" 200 2961
117.185.32.26 - - [15/Sep/2020:09:48:38 +0800] "GET /xingrg/check_reg.html?_=1600134941908 HTTP/1.1" 200 22
116.238.71.173 - - [15/Sep/2020:09:48:38 +0800] "GET /xingrg/kc/print/load_data.html?order_code=212020091506246&kc_code=cgsh&condition= HTTP/1.1" 200 1670
116.238.71.173 - - [15/Sep/2020:09:48:38 +0800] "GET /xingrg/all/function/internal_message.html?_=1600134517745&CODE_STATE=getMsg HTTP/1.1" 200 27
114.86.226.190 - - [15/Sep/2020:09:48:39 +0800] "GET /xingrg/all/function/internal_message.html?_=1600134573390&CODE_STATE=getMsg HTTP/1.1" 200 27
116.235.241.164 - - [15/Sep/2020:09:48:41 +0800] "GET /xingrg/all/function/internal_message.html?_=1600134522970&CODE_STATE=getMsg HTTP/1.1" 200 27
117.185.32.26 - - [15/Sep/2020:09:48:42 +0800] "POST /xingrg/dwr/call/plaincall/AjaxQqpsService.getMaterielByCode.dwr HTTP/1.1" 200 2569
117.185.32.26 - - [15/Sep/2020:09:48:47 +0800] "POST /xingrg/dwr/call/plaincall/AjaxQqpsService.saveMaterielItem.dwr HTTP/1.1" 200 78
116.230.74.197 - - [15/Sep/2020:09:48:48 +0800] "GET /xingrg/all/function/internal_message.html?_=1600134525941&CODE_STATE=getMsg HTTP/1.1" 200 27
117.131.5.26 - - [15/Sep/2020:09:48:49 +0800] "GET /xingrg/all/function/internal_message.html?_=1600134548553&CODE_STATE=getMsg HTTP/1.1" 200 27
116.238.71.173 - - [15/Sep/2020:09:48:56 +0800] "GET /xingrg/all/function/internal_message.html?_=1600134660057&CODE_STATE=getMsg HTTP/1.1" 200 27
222.69.134.17 - - [15/Sep/2020:09:48:57 +0800] "GET /xingrg/all/function/internal_message.html?_=1600134535019&CODE_STATE=getMsg HTTP/1.1" 200 27
116.235.241.164 - - [15/Sep/2020:09:49:00 +0800] "GET /xingrg/all/function/internal_message.html?_=1600134542191&CODE_STATE=getMsg HTTP/1.1" 200 27
218.81.217.115 - - [15/Sep/2020:09:49:12 +0800] "GET /xingrg/all/function/internal_message.html?_=1600134553440&CODE_STATE=getMsg HTTP/1.1" 200 27
117.185.32.26 - - [15/Sep/2020:09:49:13 +0800] "POST /xingrg/dwr/call/plaincall/AjaxQqpsService.getMaterielByCode.dwr HTTP/1.1" 200 2570
114.88.166.242 - - [15/Sep/2020:09:49:15 +0800] "GET /xingrg/all/function/internal_message.html?_=1600134621326&CODE_STATE=getMsg HTTP/1.1" 200 27
117.185.32.26 - - [15/Sep/2020:09:49:16 +0800] "POST /xingrg/dwr/call/plaincall/AjaxQqpsService.saveMaterielItem.dwr HTTP/1.1" 200 78
172.17.0.100 - - [15/Sep/2020:09:49:22 +0800] "GET /xingrg/all/function/internal_message.html?_=1600134561136&CODE_STATE=getMsg HTTP/1.1" 200 27
172.17.200.101 - - [15/Sep/2020:09:49:27 +0800] "GET /xingrg/all/function/internal_message.html?_=1600134568127&CODE_STATE=getMsg HTTP/1.1" 200 27
114.82.29.189 - - [15/Sep/2020:09:49:29 +0800] "GET /xingrg/all/function/internal_message.html?_=1600134569639&CODE_STATE=getMsg HTTP/1.1" 200 27
117.185.32.26 - - [15/Sep/2020:09:49:30 +0800] "POST /xingrg/dwr/call/plaincall/AjaxQqpsService.getMaterielByCode.dwr HTTP/1.1" 200 2569
117.185.32.26 - - [15/Sep/2020:09:49:33 +0800] "POST /xingrg/dwr/call/plaincall/AjaxQqpsService.saveMaterielItem.dwr HTTP/1.1" 200 78
116.238.64.253 - - [15/Sep/2020:09:49:35 +0800] "GET /xingrg/all/function/internal_message.html?_=1600134781642&CODE_STATE=getMsg HTTP/1.1" 200 27
180.157.253.48 - - [15/Sep/2020:09:49:36 +0800] "GET /xingrg/all/function/internal_message.html?_=1600134579539&CODE_STATE=getMsg HTTP/1.1" 200 27
116.238.71.173 - - [15/Sep/2020:09:49:38 +0800] "GET /xingrg/all/function/internal_message.html?_=1600134577684&CODE_STATE=getMsg HTTP/1.1" 200 27
114.86.226.190 - - [15/Sep/2020:09:49:39 +0800] "GET /xingrg/all/function/internal_message.html?_=1600134633390&CODE_STATE=getMsg HTTP/1.1" 200 27
116.235.241.164 - - [15/Sep/2020:09:49:41 +0800] "GET /xingrg/all/function/internal_message.html?_=1600134582970&CODE_STATE=getMsg HTTP/1.1" 200 27
116.230.74.197 - - [15/Sep/2020:09:49:48 +0800] "GET /xingrg/all/function/internal_message.html?_=1600134585915&CODE_STATE=getMsg HTTP/1.1" 200 27
117.131.5.26 - - [15/Sep/2020:09:49:49 +0800] "GET /xingrg/all/function/internal_message.html?_=1600134608532&CODE_STATE=getMsg HTTP/1.1" 200 27
117.185.32.26 - - [15/Sep/2020:09:49:52 +0800] "POST /xingrg/dwr/call/plaincall/AjaxQqpsService.getMaterielByCode.dwr HTTP/1.1" 200 2569
117.185.32.26 - - [15/Sep/2020:09:49:54 +0800] "POST /xingrg/dwr/call/plaincall/AjaxQqpsService.saveMaterielItem.dwr HTTP/1.1" 200 78
116.238.71.173 - - [15/Sep/2020:09:49:56 +0800] "GET /xingrg/all/function/internal_message.html?_=1600134720071&CODE_STATE=getMsg HTTP/1.1" 200 27
222.69.134.17 - - [15/Sep/2020:09:49:57 +0800] "GET /xingrg/all/function/internal_message.html?_=1600134595020&CODE_STATE=getMsg HTTP/1.1" 200 27
222.69.134.17 - - [15/Sep/2020:09:49:57 +0800] "GET /xingrg/check_reg.html?_=1600134595027 HTTP/1.1" 200 22
116.235.241.164 - - [15/Sep/2020:09:50:00 +0800] "GET /xingrg/all/function/internal_message.html?_=1600134602190&CODE_STATE=getMsg HTTP/1.1" 200 27
117.185.32.26 - - [15/Sep/2020:09:50:09 +0800] "POST /xingrg/dwr/call/plaincall/AjaxQqpsService.getMaterielByCode.dwr HTTP/1.1" 200 2569
117.185.32.26 - - [15/Sep/2020:09:50:12 +0800] "POST /xingrg/dwr/call/plaincall/AjaxQqpsService.saveMaterielItem.dwr HTTP/1.1" 200 79
218.81.217.115 - - [15/Sep/2020:09:50:12 +0800] "GET /xingrg/all/function/internal_message.html?_=1600134613453&CODE_STATE=getMsg HTTP/1.1" 200 27
114.88.166.242 - - [15/Sep/2020:09:50:15 +0800] "GET /xingrg/all/function/internal_message.html?_=1600134681350&CODE_STATE=getMsg HTTP/1.1" 200 27
172.17.0.100 - - [15/Sep/2020:09:50:22 +0800] "GET /xingrg/all/function/internal_message.html?_=1600134621136&CODE_STATE=getMsg HTTP/1.1" 200 27
114.82.29.189 - - [15/Sep/2020:09:50:24 +0800] "GET /xingrg/check_reg.html?_=1600134624478 HTTP/1.1" 200 22
117.185.32.26 - - [15/Sep/2020:09:50:25 +0800] "POST /xingrg/dwr/call/plaincall/AjaxQqpsService.getMaterielByCode.dwr HTTP/1.1" 200 2570
172.17.200.101 - - [15/Sep/2020:09:50:27 +0800] "GET /xingrg/all/function/internal_message.html?_=1600134628100&CODE_STATE=getMsg HTTP/1.1" 200 27
117.185.32.26 - - [15/Sep/2020:09:50:27 +0800] "POST /xingrg/dwr/call/plaincall/AjaxQqpsService.saveMaterielItem.dwr HTTP/1.1" 200 79
172.17.200.101 - - [15/Sep/2020:09:50:27 +0800] "GET /xingrg/check_reg.html?_=1600134628400 HTTP/1.1" 200 22
114.82.29.189 - - [15/Sep/2020:09:50:29 +0800] "GET /xingrg/all/function/internal_message.html?_=1600134629645&CODE_STATE=getMsg HTTP/1.1" 200 27
116.238.64.253 - - [15/Sep/2020:09:50:35 +0800] "GET /xingrg/all/function/internal_message.html?_=1600134841650&CODE_STATE=getMsg HTTP/1.1" 200 27
180.157.253.48 - - [15/Sep/2020:09:50:36 +0800] "GET /xingrg/all/function/internal_message.html?_=1600134639758&CODE_STATE=getMsg HTTP/1.1" 200 27
116.238.71.173 - - [15/Sep/2020:09:50:38 +0800] "GET /xingrg/all/function/internal_message.html?_=1600134637729&CODE_STATE=getMsg HTTP/1.1" 200 27
114.86.226.190 - - [15/Sep/2020:09:50:38 +0800] "GET /xingrg/all/function/internal_message.html?_=1600134693390&CODE_STATE=getMsg HTTP/1.1" 200 27
116.235.241.164 - - [15/Sep/2020:09:50:41 +0800] "GET /xingrg/all/function/internal_message.html?_=1600134642970&CODE_STATE=getMsg HTTP/1.1" 200 27
116.230.74.197 - - [15/Sep/2020:09:50:48 +0800] "GET /xingrg/all/function/internal_message.html?_=1600134645901&CODE_STATE=getMsg HTTP/1.1" 200 27
117.131.5.26 - - [15/Sep/2020:09:50:49 +0800] "GET /xingrg/all/function/internal_message.html?_=1600134668512&CODE_STATE=getMsg HTTP/1.1" 200 27
116.230.74.197 - - [15/Sep/2020:09:50:49 +0800] "GET /xingrg/check_reg.html?_=1600134646606 HTTP/1.1" 200 22
117.131.5.26 - - [15/Sep/2020:09:50:50 +0800] "GET /xingrg/check_reg.html?_=1600134669922 HTTP/1.1" 200 22
117.185.32.26 - - [15/Sep/2020:09:50:52 +0800] "POST /xingrg/dwr/call/plaincall/AjaxQqpsService.saveOrder.dwr HTTP/1.1" 200 79
117.185.32.26 - - [15/Sep/2020:09:50:56 +0800] "GET /xingrg/kc/mdqp/qqps_order_list.html?isBack=1 HTTP/1.1" 200 9651
117.185.32.26 - - [15/Sep/2020:09:50:56 +0800] "GET /xingrg/dwr/interface/AjaxQqpsService.js HTTP/1.1" 200 16326
117.185.32.26 - - [15/Sep/2020:09:50:56 +0800] "GET /xingrg/dwr/interface/AjaxReportQueryService.js HTTP/1.1" 200 13203
117.185.32.26 - - [15/Sep/2020:09:50:56 +0800] "GET /xingrg/dwr/engine.js HTTP/1.1" 200 43631
116.238.71.173 - - [15/Sep/2020:09:50:56 +0800] "GET /xingrg/all/function/internal_message.html?_=1600134780118&CODE_STATE=getMsg HTTP/1.1" 200 27
222.69.134.17 - - [15/Sep/2020:09:50:57 +0800] "GET /xingrg/all/function/internal_message.html?_=1600134655028&CODE_STATE=getMsg HTTP/1.1" 200 27
117.185.32.26 - - [15/Sep/2020:09:51:00 +0800] "GET /xingrg/kc/mdqp/qp_main.html HTTP/1.1" 200 10633
116.235.241.164 - - [15/Sep/2020:09:51:00 +0800] "GET /xingrg/all/function/internal_message.html?_=1600134662189&CODE_STATE=getMsg HTTP/1.1" 200 27
117.185.32.26 - - [15/Sep/2020:09:51:04 +0800] "GET /xingrg/kc/mdqp/pssh_order_list.html HTTP/1.1" 200 17874
117.185.32.26 - - [15/Sep/2020:09:51:04 +0800] "POST /xingrg/kc/mdqp/pssh_list_operate.html HTTP/1.1" 200 5384
117.185.32.26 - - [15/Sep/2020:09:51:10 +0800] "POST /xingrg/kc/mdqp/pssh_list_operate.html HTTP/1.1" 200 370
117.185.32.26 - - [15/Sep/2020:09:51:10 +0800] "GET /xingrg/kc/mdqp/pssh_order_info.html?code=312020091300378 HTTP/1.1" 200 17244
117.185.32.26 - - [15/Sep/2020:09:51:10 +0800] "GET /xingrg/javascript/jquery_tools/jquery-1.4.2.min.js HTTP/1.1" 404 1094
117.185.32.26 - - [15/Sep/2020:09:51:10 +0800] "POST /xingrg/kc/mdqp/pssh_order_operate.html HTTP/1.1" 200 1085
117.185.32.26 - - [15/Sep/2020:09:51:10 +0800] "GET /xingrg/all/common/auto_word.html?type=base&rest_code=00106&rest_code=00106 HTTP/1.1" 200 1753
117.185.32.26 - - [15/Sep/2020:09:51:11 +0800] "GET /xingrg/all/common/auto_word.html?type=employee&rest_code=00106 HTTP/1.1" 200 205
117.185.32.26 - - [15/Sep/2020:09:51:11 +0800] "GET /xingrg/javascript/easyui/themes/default/validatebox.css HTTP/1.1" 404 1104
218.81.217.115 - - [15/Sep/2020:09:51:13 +0800] "GET /xingrg/all/function/internal_message.html?_=1600134673563&CODE_STATE=getMsg HTTP/1.1" 200 27
114.88.166.242 - - [15/Sep/2020:09:51:15 +0800] "GET /xingrg/all/function/internal_message.html?_=1600134741347&CODE_STATE=getMsg HTTP/1.1" 200 27
117.185.32.26 - - [15/Sep/2020:09:51:19 +0800] "GET /xingrg/kc/mdqp/qp_main.html HTTP/1.1" 200 10633
117.185.32.26 - - [15/Sep/2020:09:51:20 +0800] "GET /xingrg/images/yd/bt.gif HTTP/1.1" 404 1040
117.185.32.26 - - [15/Sep/2020:09:51:21 +0800] "GET /xingrg/kc/mdqp/pssh_order_list.html HTTP/1.1" 200 17874
117.185.32.26 - - [15/Sep/2020:09:51:22 +0800] "POST /xingrg/kc/mdqp/pssh_list_operate.html HTTP/1.1" 200 5384
172.17.0.100 - - [15/Sep/2020:09:51:22 +0800] "GET /xingrg/check_reg.html?_=1600134681136 HTTP/1.1" 200 22
172.17.0.100 - - [15/Sep/2020:09:51:22 +0800] "GET /xingrg/all/function/internal_message.html?_=1600134681138&CODE_STATE=getMsg HTTP/1.1" 200 27
117.185.32.26 - - [15/Sep/2020:09:51:27 +0800] "POST /xingrg/kc/mdqp/pssh_list_operate.html HTTP/1.1" 200 364
172.17.200.101 - - [15/Sep/2020:09:51:27 +0800] "GET /xingrg/all/function/internal_message.html?_=1600134688073&CODE_STATE=getMsg HTTP/1.1" 200 27
117.185.32.26 - - [15/Sep/2020:09:51:27 +0800] "GET /xingrg/kc/mdqp/pssh_order_info.html?code=312020091100319 HTTP/1.1" 200 17244
117.185.32.26 - - [15/Sep/2020:09:51:27 +0800] "GET /xingrg/javascript/jquery_tools/jquery-1.4.2.min.js HTTP/1.1" 404 1094
117.185.32.26 - - [15/Sep/2020:09:51:27 +0800] "GET /xingrg/javascript/easyui/themes/default/validatebox.css HTTP/1.1" 404 1104
117.185.32.26 - - [15/Sep/2020:09:51:27 +0800] "POST /xingrg/kc/mdqp/pssh_order_operate.html HTTP/1.1" 200 1061
114.82.29.189 - - [15/Sep/2020:09:51:29 +0800] "GET /xingrg/all/function/internal_message.html?_=1600134689618&CODE_STATE=getMsg HTTP/1.1" 200 27
117.185.32.26 - - [15/Sep/2020:09:51:32 +0800] "GET /xingrg/kc/base/base_main.html HTTP/1.1" 200 12142
116.238.64.253 - - [15/Sep/2020:09:51:35 +0800] "GET /xingrg/all/function/internal_message.html?_=1600134901844&CODE_STATE=getMsg HTTP/1.1" 200 27
117.185.32.26 - - [15/Sep/2020:09:51:35 +0800] "GET /xingrg/kc/mdqp/qp_main.html HTTP/1.1" 200 10633
180.157.253.48 - - [15/Sep/2020:09:51:36 +0800] "GET /xingrg/all/function/internal_message.html?_=1600134699769&CODE_STATE=getMsg HTTP/1.1" 200 27
117.185.32.26 - - [15/Sep/2020:09:51:37 +0800] "GET /xingrg/images/yd/bt.gif HTTP/1.1" 404 1040
116.238.71.173 - - [15/Sep/2020:09:51:38 +0800] "GET /xingrg/all/function/internal_message.html?_=1600134697764&CODE_STATE=getMsg HTTP/1.1" 200 27
114.86.226.190 - - [15/Sep/2020:09:51:38 +0800] "GET /xingrg/all/function/internal_message.html?_=1600134753390&CODE_STATE=getMsg HTTP/1.1" 200 27
117.185.32.26 - - [15/Sep/2020:09:51:39 +0800] "GET /xingrg/kc/mdqp/qqps_order_list.html HTTP/1.1" 200 9642
117.185.32.26 - - [15/Sep/2020:09:51:39 +0800] "GET /xingrg/dwr/interface/AjaxQqpsService.js HTTP/1.1" 200 16326
117.185.32.26 - - [15/Sep/2020:09:51:39 +0800] "GET /xingrg/dwr/interface/AjaxReportQueryService.js HTTP/1.1" 200 13203
117.185.32.26 - - [15/Sep/2020:09:51:39 +0800] "GET /xingrg/dwr/engine.js HTTP/1.1" 200 43631
116.235.241.164 - - [15/Sep/2020:09:51:41 +0800] "GET /xingrg/check_reg.html?_=1600134702972 HTTP/1.1" 200 22
116.235.241.164 - - [15/Sep/2020:09:51:41 +0800] "GET /xingrg/all/function/internal_message.html?_=1600134702973&CODE_STATE=getMsg HTTP/1.1" 200 27
116.230.74.197 - - [15/Sep/2020:09:51:48 +0800] "GET /xingrg/all/function/internal_message.html?_=1600134705881&CODE_STATE=getMsg HTTP/1.1" 200 27
117.131.5.26 - - [15/Sep/2020:09:51:49 +0800] "GET /xingrg/all/function/internal_message.html?_=1600134728482&CODE_STATE=getMsg HTTP/1.1" 200 27
116.238.71.173 - - [15/Sep/2020:09:51:56 +0800] "GET /xingrg/all/function/internal_message.html?_=1600134840128&CODE_STATE=getMsg HTTP/1.1" 200 27
222.69.134.17 - - [15/Sep/2020:09:51:57 +0800] "GET /xingrg/all/function/internal_message.html?_=1600134715036&CODE_STATE=getMsg HTTP/1.1" 200 27
116.235.241.164 - - [15/Sep/2020:09:52:00 +0800] "GET /xingrg/all/function/internal_message.html?_=1600134722205&CODE_STATE=getMsg HTTP/1.1" 200 27
116.235.241.164 - - [15/Sep/2020:09:52:00 +0800] "GET /xingrg/check_reg.html?_=1600134722206 HTTP/1.1" 200 22
218.81.217.115 - - [15/Sep/2020:09:52:13 +0800] "GET /xingrg/all/function/internal_message.html?_=1600134733573&CODE_STATE=getMsg HTTP/1.1" 200 27
114.88.166.242 - - [15/Sep/2020:09:52:14 +0800] "GET /xingrg/check_reg.html?_=1600134731443 HTTP/1.1" 200 22
114.88.166.242 - - [15/Sep/2020:09:52:15 +0800] "GET /xingrg/all/function/internal_message.html?_=1600134801346&CODE_STATE=getMsg HTTP/1.1" 200 27
172.17.0.100 - - [15/Sep/2020:09:52:22 +0800] "GET /xingrg/all/function/internal_message.html?_=1600134741136&CODE_STATE=getMsg HTTP/1.1" 200 27
172.17.200.101 - - [15/Sep/2020:09:52:27 +0800] "GET /xingrg/all/function/internal_message.html?_=1600134748048&CODE_STATE=getMsg HTTP/1.1" 200 27
114.82.29.189 - - [15/Sep/2020:09:52:29 +0800] "GET /xingrg/all/function/internal_message.html?_=1600134749586&CODE_STATE=getMsg HTTP/1.1" 200 27
116.238.64.253 - - [15/Sep/2020:09:52:34 +0800] "GET /xingrg/check_reg.html?_=1600134960854 HTTP/1.1" 200 22
116.238.64.253 - - [15/Sep/2020:09:52:35 +0800] "GET /xingrg/all/function/internal_message.html?_=1600134962021&CODE_STATE=getMsg HTTP/1.1" 200 27
180.157.253.48 - - [15/Sep/2020:09:52:35 +0800] "GET /xingrg/check_reg.html?_=1600134758502 HTTP/1.1" 200 22
180.157.253.48 - - [15/Sep/2020:09:52:36 +0800] "GET /xingrg/all/function/internal_message.html?_=1600134759782&CODE_STATE=getMsg HTTP/1.1" 200 27
114.86.226.190 - - [15/Sep/2020:09:52:37 +0800] "GET /xingrg/check_reg.html?_=1600134813312 HTTP/1.1" 200 22
114.86.226.190 - - [15/Sep/2020:09:52:38 +0800] "GET /xingrg/all/function/internal_message.html?_=1600134813390&CODE_STATE=getMsg HTTP/1.1" 200 27
116.238.71.173 - - [15/Sep/2020:09:52:38 +0800] "GET /xingrg/check_reg.html?_=1600134757821 HTTP/1.1" 200 22
116.238.71.173 - - [15/Sep/2020:09:52:38 +0800] "GET /xingrg/all/function/internal_message.html?_=1600134757823&CODE_STATE=getMsg HTTP/1.1" 200 27
58.37.9.106 - - [15/Sep/2020:09:52:40 +0800] "GET /xingrg/check_reg.html?_=1600134742854 HTTP/1.1" 200 22
116.235.241.164 - - [15/Sep/2020:09:52:41 +0800] "GET /xingrg/all/function/internal_message.html?_=1600134762974&CODE_STATE=getMsg HTTP/1.1" 200 27
116.230.74.197 - - [15/Sep/2020:09:52:48 +0800] "GET /xingrg/all/function/internal_message.html?_=1600134765867&CODE_STATE=getMsg HTTP/1.1" 200 27
117.131.5.26 - - [15/Sep/2020:09:52:49 +0800] "GET /xingrg/all/function/internal_message.html?_=1600134788469&CODE_STATE=getMsg HTTP/1.1" 200 27
116.238.71.173 - - [15/Sep/2020:09:52:56 +0800] "GET /xingrg/check_reg.html?_=1600134900054 HTTP/1.1" 200 22
116.238.71.173 - - [15/Sep/2020:09:52:56 +0800] "GET /xingrg/all/function/internal_message.html?_=1600134900142&CODE_STATE=getMsg HTTP/1.1" 200 27
222.69.134.17 - - [15/Sep/2020:09:52:57 +0800] "GET /xingrg/all/function/internal_message.html?_=1600134775037&CODE_STATE=getMsg HTTP/1.1" 200 27
116.235.241.164 - - [15/Sep/2020:09:53:00 +0800] "GET /xingrg/all/function/internal_message.html?_=1600134782197&CODE_STATE=getMsg HTTP/1.1" 200 27
218.81.217.115 - - [15/Sep/2020:09:53:13 +0800] "GET /xingrg/all/function/internal_message.html?_=1600134793696&CODE_STATE=getMsg HTTP/1.1" 200 27
120.253.135.82 - - [15/Sep/2020:09:53:14 +0800] "GET /xingrg/kc/pszx/mdqp_order_list.html?state=10 HTTP/1.1" 200 10125
120.253.135.82 - - [15/Sep/2020:09:53:14 +0800] "GET /xingrg/dwr/interface/AjaxQqpsService.js HTTP/1.1" 200 16326
120.253.135.82 - - [15/Sep/2020:09:53:14 +0800] "GET /xingrg/dwr/interface/AjaxReportQueryService.js HTTP/1.1" 200 13203
120.253.135.82 - - [15/Sep/2020:09:53:14 +0800] "GET /xingrg/dwr/engine.js HTTP/1.1" 200 43631
114.88.166.242 - - [15/Sep/2020:09:53:15 +0800] "GET /xingrg/all/function/internal_message.html?_=1600134861345&CODE_STATE=getMsg HTTP/1.1" 200 27
114.88.166.242 - - [15/Sep/2020:09:53:15 +0800] "GET /xingrg/check_reg.html?_=1600134861347 HTTP/1.1" 200 22
120.253.135.82 - - [15/Sep/2020:09:53:16 +0800] "GET /xingrg/kc/pszx/mdqp_order_list.html?state=10 HTTP/1.1" 200 10125
120.253.135.82 - - [15/Sep/2020:09:53:16 +0800] "GET /xingrg/dwr/interface/AjaxQqpsService.js HTTP/1.1" 200 16326
120.253.135.82 - - [15/Sep/2020:09:53:16 +0800] "GET /xingrg/dwr/interface/AjaxReportQueryService.js HTTP/1.1" 200 13203
120.253.135.82 - - [15/Sep/2020:09:53:16 +0800] "GET /xingrg/dwr/engine.js HTTP/1.1" 200 43631
120.253.135.82 - - [15/Sep/2020:09:53:18 +0800] "GET /xingrg/kc/report/report_main.html HTTP/1.1" 200 9370
120.253.135.82 - - [15/Sep/2020:09:53:19 +0800] "GET /xingrg/kc/base/kc_stocks.html HTTP/1.1" 200 16329
120.253.135.82 - - [15/Sep/2020:09:53:19 +0800] "GET /xingrg/javascript/easyui/themes/default/tree.css HTTP/1.1" 404 1090
120.253.135.82 - - [15/Sep/2020:09:53:19 +0800] "POST /xingrg/all/common/load_tree.html?tree=materiel_sort_tree_json HTTP/1.1" 200 8666
120.253.135.82 - - [15/Sep/2020:09:53:21 +0800] "POST /xingrg/all/common/load_combo.html?type=base HTTP/1.1" 200 899
218.81.217.115 - - [15/Sep/2020:09:53:21 +0800] "GET /xingrg/check_reg.html?_=1600134802404 HTTP/1.1" 200 22
172.17.0.100 - - [15/Sep/2020:09:53:22 +0800] "GET /xingrg/all/function/internal_message.html?_=1600134801136&CODE_STATE=getMsg HTTP/1.1" 200 27
172.17.200.101 - - [15/Sep/2020:09:53:27 +0800] "GET /xingrg/all/function/internal_message.html?_=1600134808018&CODE_STATE=getMsg HTTP/1.1" 200 27
114.82.29.189 - - [15/Sep/2020:09:53:29 +0800] "GET /xingrg/all/function/internal_message.html?_=1600134809566&CODE_STATE=getMsg HTTP/1.1" 200 27
116.238.64.253 - - [15/Sep/2020:09:53:35 +0800] "GET /xingrg/all/function/internal_message.html?_=1600135022033&CODE_STATE=getMsg HTTP/1.1" 200 27
180.157.253.48 - - [15/Sep/2020:09:53:36 +0800] "GET /xingrg/all/function/internal_message.html?_=1600134819796&CODE_STATE=getMsg HTTP/1.1" 200 27
114.86.226.190 - - [15/Sep/2020:09:53:37 +0800] "GET /xingrg/all/function/internal_message.html?_=1600134873390&CODE_STATE=getMsg HTTP/1.1" 200 27
117.185.32.26 - - [15/Sep/2020:09:53:38 +0800] "GET /xingrg/check_reg.html?_=1600135241904 HTTP/1.1" 200 22
116.238.71.173 - - [15/Sep/2020:09:53:38 +0800] "GET /xingrg/all/function/internal_message.html?_=1600134817871&CODE_STATE=getMsg HTTP/1.1" 200 27
116.235.241.164 - - [15/Sep/2020:09:53:41 +0800] "GET /xingrg/all/function/internal_message.html?_=1600134822973&CODE_STATE=getMsg HTTP/1.1" 200 27
120.253.135.82 - - [15/Sep/2020:09:53:46 +0800] "POST /xingrg/kc/base/stock_operate.html HTTP/1.1" 200 1461
116.230.74.197 - - [15/Sep/2020:09:53:48 +0800] "GET /xingrg/all/function/internal_message.html?_=1600134825854&CODE_STATE=getMsg HTTP/1.1" 200 27
117.131.5.26 - - [15/Sep/2020:09:53:49 +0800] "GET /xingrg/all/function/internal_message.html?_=1600134848442&CODE_STATE=getMsg HTTP/1.1" 200 27
116.238.71.173 - - [15/Sep/2020:09:53:56 +0800] "GET /xingrg/all/function/internal_message.html?_=1600134960156&CODE_STATE=getMsg HTTP/1.1" 200 27
222.69.134.17 - - [15/Sep/2020:09:53:57 +0800] "GET /xingrg/all/function/internal_message.html?_=1600134835027&CODE_STATE=getMsg HTTP/1.1" 200 27
116.235.241.164 - - [15/Sep/2020:09:54:00 +0800] "GET /xingrg/all/function/internal_message.html?_=1600134842197&CODE_STATE=getMsg HTTP/1.1" 200 27
117.185.32.26 - - [15/Sep/2020:09:54:08 +0800] "GET /xingrg/kc/mdqp/qqps_order_add.html HTTP/1.1" 200 28160
117.185.32.26 - - [15/Sep/2020:09:54:08 +0800] "GET /xingrg/dwr/interface/AjaxComOrderService.js HTTP/1.1" 200 18264
117.185.32.26 - - [15/Sep/2020:09:54:08 +0800] "GET /xingrg/dwr/interface/AjaxQqpsService.js HTTP/1.1" 200 16326
117.185.32.26 - - [15/Sep/2020:09:54:08 +0800] "GET /xingrg/dwr/engine.js HTTP/1.1" 200 43631
218.81.217.115 - - [15/Sep/2020:09:54:13 +0800] "GET /xingrg/all/function/internal_message.html?_=1600134853711&CODE_STATE=getMsg HTTP/1.1" 200 27
114.88.166.242 - - [15/Sep/2020:09:54:15 +0800] "GET /xingrg/all/function/internal_message.html?_=1600134921347&CODE_STATE=getMsg HTTP/1.1" 200 27
120.253.135.82 - - [15/Sep/2020:09:54:17 +0800] "POST /xingrg/kc/base/stock_operate.html HTTP/1.1" 200 1485
117.185.32.26 - - [15/Sep/2020:09:54:22 +0800] "POST /xingrg/dwr/call/plaincall/AjaxQqpsService.saveOrder.dwr HTTP/1.1" 200 78
172.17.0.100 - - [15/Sep/2020:09:54:22 +0800] "GET /xingrg/all/function/internal_message.html?_=1600134861161&CODE_STATE=getMsg HTTP/1.1" 200 27
117.185.32.26 - - [15/Sep/2020:09:54:26 +0800] "GET /xingrg/javascript/auto/indicator.gif HTTP/1.1" 404 1066
120.253.135.82 - - [15/Sep/2020:09:54:27 +0800] "POST /xingrg/kc/base/stock_operate.html HTTP/1.1" 200 1475
172.17.200.101 - - [15/Sep/2020:09:54:27 +0800] "GET /xingrg/all/function/internal_message.html?_=1600134868005&CODE_STATE=getMsg HTTP/1.1" 200 27
114.82.29.189 - - [15/Sep/2020:09:54:29 +0800] "GET /xingrg/all/function/internal_message.html?_=1600134869543&CODE_STATE=getMsg HTTP/1.1" 200 27
117.185.32.26 - - [15/Sep/2020:09:54:31 +0800] "POST /xingrg/dwr/call/plaincall/AjaxQqpsService.getMaterielByCode.dwr HTTP/1.1" 200 2694
117.185.32.26 - - [15/Sep/2020:09:54:33 +0800] "POST /xingrg/dwr/call/plaincall/AjaxQqpsService.saveMaterielItem.dwr HTTP/1.1" 200 78
116.238.64.253 - - [15/Sep/2020:09:54:35 +0800] "GET /xingrg/all/function/internal_message.html?_=1600135082048&CODE_STATE=getMsg HTTP/1.1" 200 27
180.157.253.48 - - [15/Sep/2020:09:54:36 +0800] "GET /xingrg/all/function/internal_message.html?_=1600134879809&CODE_STATE=getMsg HTTP/1.1" 200 27
114.86.226.190 - - [15/Sep/2020:09:54:37 +0800] "GET /xingrg/all/function/internal_message.html?_=1600134933390&CODE_STATE=getMsg HTTP/1.1" 200 27
116.238.71.173 - - [15/Sep/2020:09:54:38 +0800] "GET /xingrg/all/function/internal_message.html?_=1600134877918&CODE_STATE=getMsg HTTP/1.1" 200 27
116.235.241.164 - - [15/Sep/2020:09:54:41 +0800] "GET /xingrg/all/function/internal_message.html?_=1600134882974&CODE_STATE=getMsg HTTP/1.1" 200 27
116.230.74.197 - - [15/Sep/2020:09:54:48 +0800] "GET /xingrg/all/function/internal_message.html?_=1600134885825&CODE_STATE=getMsg HTTP/1.1" 200 27
117.131.5.26 - - [15/Sep/2020:09:54:49 +0800] "GET /xingrg/all/function/internal_message.html?_=1600134908413&CODE_STATE=getMsg HTTP/1.1" 200 27
117.185.32.26 - - [15/Sep/2020:09:54:50 +0800] "POST /xingrg/dwr/call/plaincall/AjaxQqpsService.saveOrder.dwr HTTP/1.1" 200 78
117.185.32.26 - - [15/Sep/2020:09:54:54 +0800] "GET /xingrg/kc/mdqp/qqps_order_list.html?isBack=1 HTTP/1.1" 200 10036
117.185.32.26 - - [15/Sep/2020:09:54:54 +0800] "GET /xingrg/dwr/interface/AjaxQqpsService.js HTTP/1.1" 200 16326
117.185.32.26 - - [15/Sep/2020:09:54:54 +0800] "GET /xingrg/dwr/interface/AjaxReportQueryService.js HTTP/1.1" 200 13203
117.185.32.26 - - [15/Sep/2020:09:54:54 +0800] "GET /xingrg/dwr/engine.js HTTP/1.1" 200 43631
116.238.71.173 - - [15/Sep/2020:09:54:56 +0800] "GET /xingrg/all/function/internal_message.html?_=1600135020170&CODE_STATE=getMsg HTTP/1.1" 200 27
120.253.135.82 - - [15/Sep/2020:09:54:57 +0800] "POST /xingrg/kc/base/stock_operate.html HTTP/1.1" 200 1465
222.69.134.17 - - [15/Sep/2020:09:54:57 +0800] "GET /xingrg/all/function/internal_message.html?_=1600134895033&CODE_STATE=getMsg HTTP/1.1" 200 27
222.69.134.17 - - [15/Sep/2020:09:54:57 +0800] "GET /xingrg/check_reg.html?_=1600134895035 HTTP/1.1" 200 22
117.185.32.26 - - [15/Sep/2020:09:54:59 +0800] "GET /xingrg/kc/mdqp/qp_main.html HTTP/1.1" 200 10633
116.235.241.164 - - [15/Sep/2020:09:55:00 +0800] "GET /xingrg/all/function/internal_message.html?_=1600134902197&CODE_STATE=getMsg HTTP/1.1" 200 27
116.238.71.173 - - [15/Sep/2020:09:55:01 +0800] "GET /xingrg/kc/buy/cgsh_order_list.html HTTP/1.1" 200 43977
116.238.71.173 - - [15/Sep/2020:09:55:02 +0800] "POST /xingrg/kc/buy/cgsh_list_operate.html HTTP/1.1" 200 1708
116.238.71.173 - - [15/Sep/2020:09:55:04 +0800] "POST /xingrg/kc/buy/cgsh_list_operate.html HTTP/1.1" 200 575
218.81.217.115 - - [15/Sep/2020:09:55:13 +0800] "GET /xingrg/all/function/internal_message.html?_=1600134913724&CODE_STATE=getMsg HTTP/1.1" 200 27
114.88.166.242 - - [15/Sep/2020:09:55:15 +0800] "GET /xingrg/all/function/internal_message.html?_=1600134981346&CODE_STATE=getMsg HTTP/1.1" 200 27
172.17.0.100 - - [15/Sep/2020:09:55:22 +0800] "GET /xingrg/all/function/internal_message.html?_=1600134921160&CODE_STATE=getMsg HTTP/1.1" 200 27
114.82.29.189 - - [15/Sep/2020:09:55:24 +0800] "GET /xingrg/check_reg.html?_=1600134924473 HTTP/1.1" 200 22
172.17.200.101 - - [15/Sep/2020:09:55:27 +0800] "GET /xingrg/all/function/internal_message.html?_=1600134927975&CODE_STATE=getMsg HTTP/1.1" 200 27
172.17.200.101 - - [15/Sep/2020:09:55:27 +0800] "GET /xingrg/check_reg.html?_=1600134928394 HTTP/1.1" 200 22
114.82.29.189 - - [15/Sep/2020:09:55:29 +0800] "GET /xingrg/all/function/internal_message.html?_=1600134929521&CODE_STATE=getMsg HTTP/1.1" 200 27
120.253.135.82 - - [15/Sep/2020:09:55:30 +0800] "POST /xingrg/kc/base/stock_operate.html HTTP/1.1" 200 1461
