116.230.74.197 - - [15/Sep/2020:09:19:49 +0800] "GET /xingrg/all/function/internal_message.html?_=1600132786498&CODE_STATE=getMsg HTTP/1.1" 200 27
117.131.5.26 - - [15/Sep/2020:09:19:50 +0800] "GET /xingrg/all/function/internal_message.html?_=1600132809290&CODE_STATE=getMsg HTTP/1.1" 200 27
114.88.166.242 - - [15/Sep/2020:09:19:50 +0800] "GET /xingrg/kc/buy/cgsh_order_operate.html?command=get_materiel&rest_code=00111&code=00101008055&supplier_code=00100005&order_time=2020-09-15 HTTP/1.1" 200 409
114.86.226.190 - - [15/Sep/2020:09:19:52 +0800] "GET /xingrg/all/function/internal_message.html?_=1600132833375&CODE_STATE=getMsg HTTP/1.1" 200 27
180.157.253.48 - - [15/Sep/2020:09:19:52 +0800] "GET /xingrg/all/function/internal_message.html?_=1600132793451&CODE_STATE=getMsg HTTP/1.1" 200 27
120.253.135.82 - - [15/Sep/2020:09:19:55 +0800] "GET /xingrg/all/function/internal_message.html?_=1600132544275&CODE_STATE=getMsg HTTP/1.1" 200 27
116.238.71.173 - - [15/Sep/2020:09:19:55 +0800] "GET /xingrg/check_reg.html?_=1600132919233 HTTP/1.1" 200 22
114.88.166.242 - - [15/Sep/2020:09:19:56 +0800] "GET /xingrg/kc/buy/cgsh_order_operate.html?command=get_materiel&rest_code=00111&code=00101008010&supplier_code=00100005&order_time=2020-09-15 HTTP/1.1" 200 412
116.238.71.173 - - [15/Sep/2020:09:19:57 +0800] "GET /xingrg/all/function/internal_message.html?_=1600132920443&CODE_STATE=getMsg HTTP/1.1" 200 27
116.238.71.173 - - [15/Sep/2020:09:19:57 +0800] "GET /xingrg/all/function/internal_message.html?_=1600132796849&CODE_STATE=getMsg HTTP/1.1" 200 27
222.69.134.17 - - [15/Sep/2020:09:19:57 +0800] "GET /xingrg/check_reg.html?_=1600132794985 HTTP/1.1" 200 22
222.69.134.17 - - [15/Sep/2020:09:19:57 +0800] "GET /xingrg/all/function/internal_message.html?_=1600132794988&CODE_STATE=getMsg HTTP/1.1" 200 27
116.235.241.164 - - [15/Sep/2020:09:20:00 +0800] "GET /xingrg/all/function/internal_message.html?_=1600132802162&CODE_STATE=getMsg HTTP/1.1" 200 27
114.88.166.242 - - [15/Sep/2020:09:20:07 +0800] "GET /xingrg/kc/buy/cgsh_order_operate.html?command=get_materiel&rest_code=00111&code=00101008306&supplier_code=00100005&order_time=2020-09-15 HTTP/1.1" 200 412
114.88.166.242 - - [15/Sep/2020:09:20:09 +0800] "GET /xingrg/all/function/internal_message.html?_=1600132874903&CODE_STATE=getMsg HTTP/1.1" 200 27
218.81.217.115 - - [15/Sep/2020:09:20:11 +0800] "GET /xingrg/all/function/internal_message.html?_=1600132811828&CODE_STATE=getMsg HTTP/1.1" 200 27
114.88.166.242 - - [15/Sep/2020:09:20:15 +0800] "GET /xingrg/kc/buy/cgsh_order_operate.html?command=get_materiel&rest_code=00111&code=00101008283&supplier_code=00100005&order_time=2020-09-15 HTTP/1.1" 200 408
61.151.179.84 - - [15/Sep/2020:09:20:18 +0800] "GET /xingrg/check_reg.html?_=1600132042989 HTTP/1.1" 302 -
114.88.166.242 - - [15/Sep/2020:09:20:21 +0800] "GET /xingrg/kc/buy/cgsh_order_operate.html?command=get_materiel&rest_code=00111&code=00101008298&supplier_code=00100005&order_time=2020-09-15 HTTP/1.1" 200 431
172.17.0.100 - - [15/Sep/2020:09:20:22 +0800] "GET /xingrg/all/function/internal_message.html?_=1600132821575&CODE_STATE=getMsg HTTP/1.1" 200 27
114.88.166.242 - - [15/Sep/2020:09:20:23 +0800] "POST /xingrg/kc/buy/cgsh_order_operate.html HTTP/1.1" 200 2065
61.151.179.84 - - [15/Sep/2020:09:20:24 +0800] "GET /xingrg/login.html HTTP/1.1" 200 7641
114.82.29.189 - - [15/Sep/2020:09:20:24 +0800] "GET /xingrg/check_reg.html?_=1600132824437 HTTP/1.1" 200 22
172.17.200.101 - - [15/Sep/2020:09:20:26 +0800] "GET /xingrg/check_reg.html?_=1600132827374 HTTP/1.1" 200 22
172.17.200.101 - - [15/Sep/2020:09:20:26 +0800] "GET /xingrg/all/function/internal_message.html?_=1600132827372&CODE_STATE=getMsg HTTP/1.1" 200 27
114.82.29.189 - - [15/Sep/2020:09:20:30 +0800] "GET /xingrg/all/function/internal_message.html?_=1600132830305&CODE_STATE=getMsg HTTP/1.1" 200 27
180.157.253.48 - - [15/Sep/2020:09:20:35 +0800] "GET /xingrg/all/function/internal_message.html?_=1600132838033&CODE_STATE=getMsg HTTP/1.1" 200 27
116.235.241.164 - - [15/Sep/2020:09:20:41 +0800] "GET /xingrg/all/function/internal_message.html?_=1600132842926&CODE_STATE=getMsg HTTP/1.1" 200 27
172.17.0.123 - - [15/Sep/2020:09:20:41 +0800] "GET /xingrg/all/function/internal_message.html?_=1600132843515&CODE_STATE=getMsg HTTP/1.1" 200 27
172.17.0.123 - - [15/Sep/2020:09:20:41 +0800] "GET /xingrg/check_reg.html?_=1600132843515 HTTP/1.1" 200 22
116.230.74.197 - - [15/Sep/2020:09:20:49 +0800] "GET /xingrg/all/function/internal_message.html?_=1600132846472&CODE_STATE=getMsg HTTP/1.1" 200 27
116.230.74.197 - - [15/Sep/2020:09:20:49 +0800] "GET /xingrg/check_reg.html?_=1600132846709 HTTP/1.1" 200 22
117.131.5.26 - - [15/Sep/2020:09:20:49 +0800] "GET /xingrg/all/function/internal_message.html?_=1600132869258&CODE_STATE=getMsg HTTP/1.1" 200 27
117.131.5.26 - - [15/Sep/2020:09:20:50 +0800] "GET /xingrg/check_reg.html?_=1600132869884 HTTP/1.1" 200 22
114.86.226.190 - - [15/Sep/2020:09:20:51 +0800] "GET /xingrg/all/function/internal_message.html?_=1600132893375&CODE_STATE=getMsg HTTP/1.1" 200 27
180.157.253.48 - - [15/Sep/2020:09:20:52 +0800] "GET /xingrg/all/function/internal_message.html?_=1600132853446&CODE_STATE=getMsg HTTP/1.1" 200 27
120.253.135.82 - - [15/Sep/2020:09:20:55 +0800] "GET /xingrg/check_reg.html?_=1600132604043 HTTP/1.1" 200 22
120.253.135.82 - - [15/Sep/2020:09:20:55 +0800] "GET /xingrg/all/function/internal_message.html?_=1600132604288&CODE_STATE=getMsg HTTP/1.1" 200 27
116.238.71.173 - - [15/Sep/2020:09:20:57 +0800] "GET /xingrg/all/function/internal_message.html?_=1600132980456&CODE_STATE=getMsg HTTP/1.1" 200 27
116.238.71.173 - - [15/Sep/2020:09:20:57 +0800] "GET /xingrg/check_reg.html?_=1600132856897 HTTP/1.1" 200 22
116.238.71.173 - - [15/Sep/2020:09:20:57 +0800] "GET /xingrg/all/function/internal_message.html?_=1600132856902&CODE_STATE=getMsg HTTP/1.1" 200 27
222.69.134.17 - - [15/Sep/2020:09:20:57 +0800] "GET /xingrg/all/function/internal_message.html?_=1600132854981&CODE_STATE=getMsg HTTP/1.1" 200 27
116.235.241.164 - - [15/Sep/2020:09:21:00 +0800] "GET /xingrg/all/function/internal_message.html?_=1600132862167&CODE_STATE=getMsg HTTP/1.1" 200 27
114.88.166.242 - - [15/Sep/2020:09:21:09 +0800] "GET /xingrg/all/function/internal_message.html?_=1600132934912&CODE_STATE=getMsg HTTP/1.1" 200 27
218.81.217.115 - - [15/Sep/2020:09:21:11 +0800] "GET /xingrg/all/function/internal_message.html?_=1600132871959&CODE_STATE=getMsg HTTP/1.1" 200 27
172.17.0.100 - - [15/Sep/2020:09:21:22 +0800] "GET /xingrg/check_reg.html?_=1600132880997 HTTP/1.1" 200 22
172.17.0.100 - - [15/Sep/2020:09:21:22 +0800] "GET /xingrg/all/function/internal_message.html?_=1600132881555&CODE_STATE=getMsg HTTP/1.1" 200 27
172.17.200.101 - - [15/Sep/2020:09:21:26 +0800] "GET /xingrg/all/function/internal_message.html?_=1600132887374&CODE_STATE=getMsg HTTP/1.1" 200 27
114.88.166.242 - - [15/Sep/2020:09:21:27 +0800] "GET /xingrg/kc/buy/cgsh_order_operate.html?command=get_materiel&rest_code=00111&code=00101008045&supplier_code=00100005&order_time=2020-09-15 HTTP/1.1" 200 412
114.82.29.189 - - [15/Sep/2020:09:21:30 +0800] "GET /xingrg/all/function/internal_message.html?_=1600132890276&CODE_STATE=getMsg HTTP/1.1" 200 27
114.88.166.242 - - [15/Sep/2020:09:21:33 +0800] "GET /xingrg/kc/buy/cgsh_order_operate.html?command=get_materiel&rest_code=00111&code=00101008155&supplier_code=00100005&order_time=2020-09-15 HTTP/1.1" 200 427
180.157.253.48 - - [15/Sep/2020:09:21:35 +0800] "GET /xingrg/all/function/internal_message.html?_=1600132898035&CODE_STATE=getMsg HTTP/1.1" 200 27
114.88.166.242 - - [15/Sep/2020:09:21:38 +0800] "GET /xingrg/kc/buy/cgsh_order_operate.html?command=get_materiel&rest_code=00111&code=00101008080&supplier_code=00100005&order_time=2020-09-15 HTTP/1.1" 200 416
116.235.241.164 - - [15/Sep/2020:09:21:41 +0800] "GET /xingrg/all/function/internal_message.html?_=1600132902925&CODE_STATE=getMsg HTTP/1.1" 200 27
116.235.241.164 - - [15/Sep/2020:09:21:41 +0800] "GET /xingrg/check_reg.html?_=1600132902931 HTTP/1.1" 200 22
172.17.0.123 - - [15/Sep/2020:09:21:41 +0800] "GET /xingrg/all/function/internal_message.html?_=1600132903517&CODE_STATE=getMsg HTTP/1.1" 200 27
114.88.166.242 - - [15/Sep/2020:09:21:43 +0800] "GET /xingrg/kc/buy/cgsh_order_operate.html?command=get_materiel&rest_code=00111&code=00101008149&supplier_code=00100005&order_time=2020-09-15 HTTP/1.1" 200 408
114.88.166.242 - - [15/Sep/2020:09:21:45 +0800] "POST /xingrg/kc/buy/cgsh_order_operate.html HTTP/1.1" 200 2065
116.230.74.197 - - [15/Sep/2020:09:21:49 +0800] "GET /xingrg/all/function/internal_message.html?_=1600132906448&CODE_STATE=getMsg HTTP/1.1" 200 27
117.131.5.26 - - [15/Sep/2020:09:21:49 +0800] "GET /xingrg/all/function/internal_message.html?_=1600132929253&CODE_STATE=getMsg HTTP/1.1" 200 27
114.86.226.190 - - [15/Sep/2020:09:21:51 +0800] "GET /xingrg/all/function/internal_message.html?_=1600132953390&CODE_STATE=getMsg HTTP/1.1" 200 27
180.157.253.48 - - [15/Sep/2020:09:21:52 +0800] "GET /xingrg/all/function/internal_message.html?_=1600132913458&CODE_STATE=getMsg HTTP/1.1" 200 27
120.253.135.82 - - [15/Sep/2020:09:21:55 +0800] "GET /xingrg/all/function/internal_message.html?_=1600132664302&CODE_STATE=getMsg HTTP/1.1" 200 27
114.88.166.242 - - [15/Sep/2020:09:21:56 +0800] "GET /xingrg/kc/buy/cgsh_order_operate.html?command=get_materiel&rest_code=00111&code=00101008163&supplier_code=00100005&order_time=2020-09-15 HTTP/1.1" 200 408
116.238.71.173 - - [15/Sep/2020:09:21:57 +0800] "GET /xingrg/all/function/internal_message.html?_=1600133040470&CODE_STATE=getMsg HTTP/1.1" 200 27
116.238.71.173 - - [15/Sep/2020:09:21:57 +0800] "GET /xingrg/all/function/internal_message.html?_=1600132916937&CODE_STATE=getMsg HTTP/1.1" 200 27
222.69.134.17 - - [15/Sep/2020:09:21:57 +0800] "GET /xingrg/all/function/internal_message.html?_=1600132914988&CODE_STATE=getMsg HTTP/1.1" 200 27
116.235.241.164 - - [15/Sep/2020:09:22:00 +0800] "GET /xingrg/all/function/internal_message.html?_=1600132922167&CODE_STATE=getMsg HTTP/1.1" 200 27
116.235.241.164 - - [15/Sep/2020:09:22:00 +0800] "GET /xingrg/check_reg.html?_=1600132922170 HTTP/1.1" 200 22
114.88.166.242 - - [15/Sep/2020:09:22:01 +0800] "GET /xingrg/kc/buy/cgsh_order_operate.html?command=get_materiel&rest_code=00111&code=00101008355&supplier_code=00100005&order_time=2020-09-15 HTTP/1.1" 200 408
114.88.166.242 - - [15/Sep/2020:09:22:09 +0800] "GET /xingrg/all/function/internal_message.html?_=1600132994842&CODE_STATE=getMsg HTTP/1.1" 200 27
114.88.166.242 - - [15/Sep/2020:09:22:09 +0800] "GET /xingrg/kc/buy/cgsh_order_operate.html?command=get_materiel&rest_code=00111&code=00101008455&supplier_code=00100005&order_time=2020-09-15 HTTP/1.1" 200 406
218.81.217.115 - - [15/Sep/2020:09:22:11 +0800] "GET /xingrg/all/function/internal_message.html?_=1600132931964&CODE_STATE=getMsg HTTP/1.1" 200 27
114.88.166.242 - - [15/Sep/2020:09:22:14 +0800] "GET /xingrg/check_reg.html?_=1600132931394 HTTP/1.1" 200 22
172.17.0.100 - - [15/Sep/2020:09:22:22 +0800] "GET /xingrg/all/function/internal_message.html?_=1600132941562&CODE_STATE=getMsg HTTP/1.1" 200 27
114.88.166.242 - - [15/Sep/2020:09:22:25 +0800] "GET /xingrg/kc/buy/cgsh_order_operate.html?command=get_materiel&rest_code=00111&code=00101008264&supplier_code=00100005&order_time=2020-09-15 HTTP/1.1" 200 412
172.17.200.101 - - [15/Sep/2020:09:22:26 +0800] "GET /xingrg/all/function/internal_message.html?_=1600132947386&CODE_STATE=getMsg HTTP/1.1" 200 27
114.88.166.242 - - [15/Sep/2020:09:22:26 +0800] "POST /xingrg/kc/buy/cgsh_order_operate.html HTTP/1.1" 200 2065
116.238.64.253 - - [15/Sep/2020:09:22:27 +0800] "GET /xingrg/login.html HTTP/1.1" 200 7641
116.238.64.253 - - [15/Sep/2020:09:22:27 +0800] "GET /xingrg/images/blue/jxLogo.png HTTP/1.1" 304 -
116.238.64.253 - - [15/Sep/2020:09:22:27 +0800] "GET /xingrg/images/blue/hj.png HTTP/1.1" 304 -
116.238.64.253 - - [15/Sep/2020:09:22:27 +0800] "GET /xingrg/images/blue/srbg.png HTTP/1.1" 304 -
116.238.64.253 - - [15/Sep/2020:09:22:27 +0800] "GET /xingrg/images/blue/login_bg.png HTTP/1.1" 304 -
116.238.64.253 - - [15/Sep/2020:09:22:28 +0800] "GET /favicon.ico HTTP/1.1" 404 -
114.82.29.189 - - [15/Sep/2020:09:22:30 +0800] "GET /xingrg/all/function/internal_message.html?_=1600132950246&CODE_STATE=getMsg HTTP/1.1" 200 27
114.88.166.242 - - [15/Sep/2020:09:22:31 +0800] "GET /xingrg/kc/buy/cgsh_order_operate.html?command=get_materiel&rest_code=00111&code=00101009030&supplier_code=00100005&order_time=2020-09-15 HTTP/1.1" 200 412
116.238.64.253 - - [15/Sep/2020:09:22:33 +0800] "POST /xingrg/login.do HTTP/1.1" 302 -
116.238.64.253 - - [15/Sep/2020:09:22:33 +0800] "GET /xingrg/javascript/jquery_easy_ui/themes/default/easyui.css HTTP/1.1" 304 -
116.238.64.253 - - [15/Sep/2020:09:22:33 +0800] "GET /xingrg/css/form.css HTTP/1.1" 304 -
116.238.64.253 - - [15/Sep/2020:09:22:33 +0800] "GET /xingrg/javascript/jquery_easy_ui/themes/icon.css HTTP/1.1" 304 -
116.238.64.253 - - [15/Sep/2020:09:22:33 +0800] "GET /xingrg/index.html?sysBaseUrl=http%3A%2F%2F180.169.147.146%3A18081%2Fxingrg%2F&costTime=39×tamp=1600132953626 HTTP/1.1" 200 17173
116.238.64.253 - - [15/Sep/2020:09:22:33 +0800] "GET /xingrg/javascript/jquery-1.4.2.min.js HTTP/1.1" 304 -
116.238.64.253 - - [15/Sep/2020:09:22:33 +0800] "GET /xingrg/javascript/jquery_easy_ui/jquery.easyui.min.js HTTP/1.1" 304 -
116.238.64.253 - - [15/Sep/2020:09:22:33 +0800] "GET /xingrg/javascript/jquery_easy_ui/easyui-lang-zh_CN.js HTTP/1.1" 304 -
116.238.64.253 - - [15/Sep/2020:09:22:33 +0800] "GET /xingrg/javascript/jquery.form.js HTTP/1.1" 304 -
116.238.64.253 - - [15/Sep/2020:09:22:33 +0800] "GET /xingrg/javascript/jquery.utils.js HTTP/1.1" 304 -
116.238.64.253 - - [15/Sep/2020:09:22:33 +0800] "GET /xingrg/javascript/jquery.timers.js HTTP/1.1" 304 -
116.238.64.253 - - [15/Sep/2020:09:22:33 +0800] "GET /xingrg/images/blue/navBackgound.jpg HTTP/1.1" 304 -
116.238.64.253 - - [15/Sep/2020:09:22:34 +0800] "GET /xingrg/javascript/jquery_easy_ui/themes/icons/settle_new.png HTTP/1.1" 304 -
116.238.64.253 - - [15/Sep/2020:09:22:34 +0800] "GET /favicon.ico HTTP/1.1" 404 -
116.238.64.253 - - [15/Sep/2020:09:22:34 +0800] "GET /xingrg/images/blue/pingpu.png HTTP/1.1" 304 -
116.238.64.253 - - [15/Sep/2020:09:22:34 +0800] "GET /xingrg/javascript/jquery_easy_ui/themes/default/images/tabs_leftarrow.png HTTP/1.1" 304 -
116.238.64.253 - - [15/Sep/2020:09:22:34 +0800] "GET /xingrg/javascript/jquery_easy_ui/themes/default/images/tabs_rightarrow.png HTTP/1.1" 304 -
116.238.64.253 - - [15/Sep/2020:09:22:34 +0800] "POST /xingrg/all/common/load_tree.html?tree=area_rest_tree_json&manage=1 HTTP/1.1" 200 342
116.238.64.253 - - [15/Sep/2020:09:22:34 +0800] "GET /xingrg/javascript/jquery_easy_ui/themes/default/images/panel_tool_collapse.gif HTTP/1.1" 304 -
116.238.64.253 - - [15/Sep/2020:09:22:34 +0800] "GET /xingrg/all/function/internal_message.html?_=1600133160721&CODE_STATE=count HTTP/1.1" 200 11
116.238.64.253 - - [15/Sep/2020:09:22:34 +0800] "GET /xingrg/check_reg.html?_=1600133160722 HTTP/1.1" 200 22
116.238.64.253 - - [15/Sep/2020:09:22:34 +0800] "POST /xingrg/load_menu.html HTTP/1.1" 200 5138
116.238.64.253 - - [15/Sep/2020:09:22:34 +0800] "GET /xingrg/javascript/jquery_easy_ui/themes/default/images/tree_arrows.gif HTTP/1.1" 304 -
116.238.64.253 - - [15/Sep/2020:09:22:34 +0800] "GET /xingrg/javascript/jquery_easy_ui/themes/default/images/tree_folder_open.gif HTTP/1.1" 304 -
116.238.64.253 - - [15/Sep/2020:09:22:34 +0800] "GET /xingrg/javascript/jquery_easy_ui/themes/icons/search_new.png HTTP/1.1" 304 -
116.238.64.253 - - [15/Sep/2020:09:22:34 +0800] "GET /xingrg/javascript/jquery_easy_ui/themes/default/images/tree_folder.gif HTTP/1.1" 304 -
116.238.64.253 - - [15/Sep/2020:09:22:34 +0800] "GET /xingrg/javascript/jquery_easy_ui/themes/icons/storage_new.png HTTP/1.1" 304 -
116.238.64.253 - - [15/Sep/2020:09:22:34 +0800] "GET /xingrg/javascript/jquery_easy_ui/themes/icons/forms_new.png HTTP/1.1" 304 -
116.238.64.253 - - [15/Sep/2020:09:22:34 +0800] "GET /xingrg/javascript/jquery_easy_ui/themes/default/images/tree_file.gif HTTP/1.1" 304 -
180.157.253.48 - - [15/Sep/2020:09:22:34 +0800] "GET /xingrg/check_reg.html?_=1600132957660 HTTP/1.1" 200 22
180.157.253.48 - - [15/Sep/2020:09:22:35 +0800] "GET /xingrg/all/function/internal_message.html?_=1600132958049&CODE_STATE=getMsg HTTP/1.1" 200 27
114.88.166.242 - - [15/Sep/2020:09:22:37 +0800] "GET /xingrg/kc/buy/cgsh_order_operate.html?command=get_materiel&rest_code=00111&code=00101008360&supplier_code=00100005&order_time=2020-09-15 HTTP/1.1" 200 412
58.37.9.106 - - [15/Sep/2020:09:22:41 +0800] "GET /xingrg/check_reg.html?_=1600132942936 HTTP/1.1" 200 22
116.235.241.164 - - [15/Sep/2020:09:22:41 +0800] "GET /xingrg/all/function/internal_message.html?_=1600132962929&CODE_STATE=getMsg HTTP/1.1" 200 27
172.17.0.123 - - [15/Sep/2020:09:22:41 +0800] "GET /xingrg/all/function/internal_message.html?_=1600132963520&CODE_STATE=getMsg HTTP/1.1" 200 27
222.69.134.17 - - [15/Sep/2020:09:22:45 +0800] "GET /xingrg/kc/buy/cgsh_order_operate.html?command=get_materiel&rest_code=00149&code=00101008233&supplier_code=00100005&order_time=2020-09-15 HTTP/1.1" 200 409
116.230.74.197 - - [15/Sep/2020:09:22:49 +0800] "GET /xingrg/all/function/internal_message.html?_=1600132966429&CODE_STATE=getMsg HTTP/1.1" 200 27
117.131.5.26 - - [15/Sep/2020:09:22:49 +0800] "GET /xingrg/all/function/internal_message.html?_=1600132989221&CODE_STATE=getMsg HTTP/1.1" 200 27
114.86.226.190 - - [15/Sep/2020:09:22:50 +0800] "GET /xingrg/check_reg.html?_=1600133013296 HTTP/1.1" 200 22
114.86.226.190 - - [15/Sep/2020:09:22:50 +0800] "GET /xingrg/all/function/internal_message.html?_=1600133013390&CODE_STATE=getMsg HTTP/1.1" 200 27
180.157.253.48 - - [15/Sep/2020:09:22:52 +0800] "GET /xingrg/all/function/internal_message.html?_=1600132973453&CODE_STATE=getMsg HTTP/1.1" 200 27
114.88.166.242 - - [15/Sep/2020:09:22:53 +0800] "GET /xingrg/kc/buy/cgsh_order_operate.html?command=get_materiel&rest_code=00111&code=00101008318&supplier_code=00100005&order_time=2020-09-15 HTTP/1.1" 200 408
114.88.166.242 - - [15/Sep/2020:09:22:55 +0800] "POST /xingrg/kc/buy/cgsh_order_operate.html HTTP/1.1" 200 2065
120.253.135.82 - - [15/Sep/2020:09:22:55 +0800] "GET /xingrg/all/function/internal_message.html?_=1600132724316&CODE_STATE=getMsg HTTP/1.1" 200 27
116.238.71.173 - - [15/Sep/2020:09:22:57 +0800] "GET /xingrg/all/function/internal_message.html?_=1600133100578&CODE_STATE=getMsg HTTP/1.1" 200 27
116.238.71.173 - - [15/Sep/2020:09:22:57 +0800] "GET /xingrg/all/function/internal_message.html?_=1600132976984&CODE_STATE=getMsg HTTP/1.1" 200 27
222.69.134.17 - - [15/Sep/2020:09:22:57 +0800] "GET /xingrg/all/function/internal_message.html?_=1600132974984&CODE_STATE=getMsg HTTP/1.1" 200 27
114.88.166.242 - - [15/Sep/2020:09:22:59 +0800] "GET /xingrg/kc/buy/cgsh_order_operate.html?command=get_materiel&rest_code=00111&code=00101015070&supplier_code=00100005&order_time=2020-09-15 HTTP/1.1" 200 412
116.235.241.164 - - [15/Sep/2020:09:23:00 +0800] "GET /xingrg/all/function/internal_message.html?_=1600132982169&CODE_STATE=getMsg HTTP/1.1" 200 27
114.88.166.242 - - [15/Sep/2020:09:23:09 +0800] "GET /xingrg/all/function/internal_message.html?_=1600133054855&CODE_STATE=getMsg HTTP/1.1" 200 27
114.88.166.242 - - [15/Sep/2020:09:23:09 +0800] "GET /xingrg/check_reg.html?_=1600133054856 HTTP/1.1" 200 22
218.81.217.115 - - [15/Sep/2020:09:23:11 +0800] "GET /xingrg/all/function/internal_message.html?_=1600132992087&CODE_STATE=getMsg HTTP/1.1" 200 27
218.81.217.115 - - [15/Sep/2020:09:23:21 +0800] "GET /xingrg/check_reg.html?_=1600133002373 HTTP/1.1" 200 22
172.17.0.100 - - [15/Sep/2020:09:23:22 +0800] "GET /xingrg/all/function/internal_message.html?_=1600133001540&CODE_STATE=getMsg HTTP/1.1" 200 27
172.17.200.101 - - [15/Sep/2020:09:23:26 +0800] "GET /xingrg/all/function/internal_message.html?_=1600133007391&CODE_STATE=getMsg HTTP/1.1" 200 27
114.82.29.189 - - [15/Sep/2020:09:23:30 +0800] "GET /xingrg/all/function/internal_message.html?_=1600133010219&CODE_STATE=getMsg HTTP/1.1" 200 27
116.238.64.253 - - [15/Sep/2020:09:23:34 +0800] "GET /xingrg/all/function/internal_message.html?_=1600133220722&CODE_STATE=getMsg HTTP/1.1" 200 27
180.157.253.48 - - [15/Sep/2020:09:23:35 +0800] "GET /xingrg/all/function/internal_message.html?_=1600133018063&CODE_STATE=getMsg HTTP/1.1" 200 27
117.185.32.26 - - [15/Sep/2020:09:23:38 +0800] "GET /xingrg/check_reg.html?_=1600133441899 HTTP/1.1" 200 22
116.235.241.164 - - [15/Sep/2020:09:23:41 +0800] "GET /xingrg/all/function/internal_message.html?_=1600133022929&CODE_STATE=getMsg HTTP/1.1" 200 27
172.17.0.123 - - [15/Sep/2020:09:23:41 +0800] "GET /xingrg/all/function/internal_message.html?_=1600133023507&CODE_STATE=getMsg HTTP/1.1" 200 27
180.157.253.48 - - [15/Sep/2020:09:23:48 +0800] "GET /xingrg/javascript/easyui/themes/default/images/button_plain_hover.png HTTP/1.1" 304 -
116.230.74.197 - - [15/Sep/2020:09:23:49 +0800] "GET /xingrg/all/function/internal_message.html?_=1600133026414&CODE_STATE=getMsg HTTP/1.1" 200 27
114.88.166.242 - - [15/Sep/2020:09:23:49 +0800] "GET /xingrg/kc/buy/cgsh_order_operate.html?command=get_materiel&rest_code=00111&code=00101008352&supplier_code=00100005&order_time=2020-09-15 HTTP/1.1" 200 412
117.131.5.26 - - [15/Sep/2020:09:23:49 +0800] "GET /xingrg/all/function/internal_message.html?_=1600133049190&CODE_STATE=getMsg HTTP/1.1" 200 27
114.86.226.190 - - [15/Sep/2020:09:23:50 +0800] "GET /xingrg/all/function/internal_message.html?_=1600133073390&CODE_STATE=getMsg HTTP/1.1" 200 27
180.157.253.48 - - [15/Sep/2020:09:23:51 +0800] "POST /xingrg/kc/buy/cgsh_list_operate.html HTTP/1.1" 200 3086
180.157.253.48 - - [15/Sep/2020:09:23:52 +0800] "GET /xingrg/all/function/internal_message.html?_=1600133033448&CODE_STATE=getMsg HTTP/1.1" 200 27
180.157.253.48 - - [15/Sep/2020:09:23:52 +0800] "GET /xingrg/check_reg.html?_=1600133033454 HTTP/1.1" 200 22
114.88.166.242 - - [15/Sep/2020:09:23:55 +0800] "GET /xingrg/kc/buy/cgsh_order_operate.html?command=get_materiel&rest_code=00111&code=00101008371&supplier_code=00100005&order_time=2020-09-15 HTTP/1.1" 200 412
120.253.135.82 - - [15/Sep/2020:09:23:55 +0800] "GET /xingrg/all/function/internal_message.html?_=1600132784335&CODE_STATE=getMsg HTTP/1.1" 200 27
116.238.71.173 - - [15/Sep/2020:09:23:57 +0800] "GET /xingrg/all/function/internal_message.html?_=1600133160591&CODE_STATE=getMsg HTTP/1.1" 200 27
116.238.71.173 - - [15/Sep/2020:09:23:57 +0800] "GET /xingrg/all/function/internal_message.html?_=1600133037048&CODE_STATE=getMsg HTTP/1.1" 200 27
222.69.134.17 - - [15/Sep/2020:09:23:57 +0800] "GET /xingrg/all/function/internal_message.html?_=1600133034999&CODE_STATE=getMsg HTTP/1.1" 200 27
116.235.241.164 - - [15/Sep/2020:09:24:00 +0800] "GET /xingrg/all/function/internal_message.html?_=1600133042168&CODE_STATE=getMsg HTTP/1.1" 200 27
114.88.166.242 - - [15/Sep/2020:09:24:00 +0800] "GET /xingrg/kc/buy/cgsh_order_operate.html?command=get_materiel&rest_code=00111&code=00102006162&supplier_code=00100005&order_time=2020-09-15 HTTP/1.1" 200 440
114.88.166.242 - - [15/Sep/2020:09:24:04 +0800] "GET /xingrg/kc/buy/cgsh_order_operate.html?command=get_materiel&rest_code=00111&code=00101008092&supplier_code=00100005&order_time=2020-09-15 HTTP/1.1" 200 412
114.88.166.242 - - [15/Sep/2020:09:24:09 +0800] "GET /xingrg/all/function/internal_message.html?_=1600133114946&CODE_STATE=getMsg HTTP/1.1" 200 27
218.81.217.115 - - [15/Sep/2020:09:24:11 +0800] "GET /xingrg/all/function/internal_message.html?_=1600133052100&CODE_STATE=getMsg HTTP/1.1" 200 27
114.88.166.242 - - [15/Sep/2020:09:24:15 +0800] "POST /xingrg/kc/buy/cgsh_order_operate.html HTTP/1.1" 200 2065
172.17.0.100 - - [15/Sep/2020:09:24:22 +0800] "GET /xingrg/all/function/internal_message.html?_=1600133061518&CODE_STATE=getMsg HTTP/1.1" 200 27
172.17.200.101 - - [15/Sep/2020:09:24:26 +0800] "GET /xingrg/all/function/internal_message.html?_=1600133067393&CODE_STATE=getMsg HTTP/1.1" 200 27
114.88.166.242 - - [15/Sep/2020:09:24:26 +0800] "GET /xingrg/kc/buy/cgsh_order_operate.html?command=get_materiel&rest_code=00111&code=00101015006&supplier_code=00100005&order_time=2020-09-15 HTTP/1.1" 200 413
114.82.29.189 - - [15/Sep/2020:09:24:30 +0800] "GET /xingrg/all/function/internal_message.html?_=1600133070189&CODE_STATE=getMsg HTTP/1.1" 200 27
116.238.64.253 - - [15/Sep/2020:09:24:34 +0800] "GET /xingrg/all/function/internal_message.html?_=1600133280735&CODE_STATE=getMsg HTTP/1.1" 200 27
180.157.253.48 - - [15/Sep/2020:09:24:35 +0800] "GET /xingrg/all/function/internal_message.html?_=1600133078243&CODE_STATE=getMsg HTTP/1.1" 200 27
172.17.0.100 - - [15/Sep/2020:09:24:39 +0800] "GET /xingrg/kc/buy/cgsh_order_list.html HTTP/1.1" 200 43957
172.17.0.100 - - [15/Sep/2020:09:24:40 +0800] "POST /xingrg/kc/buy/cgsh_list_operate.html HTTP/1.1" 200 876
172.17.0.100 - - [15/Sep/2020:09:24:40 +0800] "GET /xingrg/kc/buy/cgsh_order_add.html HTTP/1.1" 200 59642
172.17.0.100 - - [15/Sep/2020:09:24:40 +0800] "GET /xingrg/words/20200914192654_words.js HTTP/1.1" 200 762949
172.17.0.100 - - [15/Sep/2020:09:24:41 +0800] "POST /xingrg/kc/buy/cgsh_order_operate.html HTTP/1.1" 200 8245
172.17.0.100 - - [15/Sep/2020:09:24:41 +0800] "GET /xingrg/all/common/auto_word.html?type=employee&rest_code=00147 HTTP/1.1" 200 201
172.17.0.100 - - [15/Sep/2020:09:24:41 +0800] "GET /xingrg/javascript/easyui/themes/default/validatebox.css HTTP/1.1" 404 1104
172.17.0.100 - - [15/Sep/2020:09:24:41 +0800] "GET /xingrg/all/common/auto_word.html?type=employee&rest_code=00147 HTTP/1.1" 200 201
116.235.241.164 - - [15/Sep/2020:09:24:41 +0800] "GET /xingrg/all/function/internal_message.html?_=1600133082928&CODE_STATE=getMsg HTTP/1.1" 200 27
172.17.0.123 - - [15/Sep/2020:09:24:41 +0800] "GET /xingrg/all/function/internal_message.html?_=1600133083511&CODE_STATE=getMsg HTTP/1.1" 200 27
172.17.0.100 - - [15/Sep/2020:09:24:44 +0800] "GET /xingrg/javascript/auto/indicator.gif HTTP/1.1" 404 1066
114.88.166.242 - - [15/Sep/2020:09:24:48 +0800] "GET /xingrg/kc/buy/cgsh_order_operate.html?command=get_materiel&rest_code=00111&code=00101008350&supplier_code=00100005&order_time=2020-09-15 HTTP/1.1" 200 408
116.230.74.197 - - [15/Sep/2020:09:24:49 +0800] "GET /xingrg/all/function/internal_message.html?_=1600133086399&CODE_STATE=getMsg HTTP/1.1" 200 27
114.86.226.190 - - [15/Sep/2020:09:24:49 +0800] "GET /xingrg/all/function/internal_message.html?_=1600133133390&CODE_STATE=getMsg HTTP/1.1" 200 27
117.131.5.26 - - [15/Sep/2020:09:24:49 +0800] "GET /xingrg/all/function/internal_message.html?_=1600133109166&CODE_STATE=getMsg HTTP/1.1" 200 27
114.88.166.242 - - [15/Sep/2020:09:24:50 +0800] "POST /xingrg/kc/buy/cgsh_order_operate.html HTTP/1.1" 200 2065
180.157.253.48 - - [15/Sep/2020:09:24:52 +0800] "GET /xingrg/all/function/internal_message.html?_=1600133093445&CODE_STATE=getMsg HTTP/1.1" 200 27
172.17.0.100 - - [15/Sep/2020:09:24:55 +0800] "GET /xingrg/kc/buy/cgsh_order_operate.html?command=get_materiel&rest_code=00147&code=00102008021&supplier_code=00100151&order_time=2020-09-15 HTTP/1.1" 200 411
120.253.135.82 - - [15/Sep/2020:09:24:55 +0800] "GET /xingrg/all/function/internal_message.html?_=1600132844343&CODE_STATE=getMsg HTTP/1.1" 200 27
116.238.71.173 - - [15/Sep/2020:09:24:55 +0800] "GET /xingrg/check_reg.html?_=1600133219323 HTTP/1.1" 200 22
116.238.71.173 - - [15/Sep/2020:09:24:57 +0800] "GET /xingrg/all/function/internal_message.html?_=1600133220605&CODE_STATE=getMsg HTTP/1.1" 200 27
116.238.71.173 - - [15/Sep/2020:09:24:57 +0800] "GET /xingrg/all/function/internal_message.html?_=1600133097082&CODE_STATE=getMsg HTTP/1.1" 200 27
222.69.134.17 - - [15/Sep/2020:09:24:57 +0800] "GET /xingrg/check_reg.html?_=1600133094977 HTTP/1.1" 200 22
222.69.134.17 - - [15/Sep/2020:09:24:57 +0800] "GET /xingrg/all/function/internal_message.html?_=1600133094981&CODE_STATE=getMsg HTTP/1.1" 200 27
114.88.166.242 - - [15/Sep/2020:09:24:59 +0800] "GET /xingrg/kc/buy/cgsh_order_operate.html?command=get_materiel&rest_code=00111&code=00101008112&supplier_code=00100005&order_time=2020-09-15 HTTP/1.1" 200 412
116.235.241.164 - - [15/Sep/2020:09:25:00 +0800] "GET /xingrg/all/function/internal_message.html?_=1600133102167&CODE_STATE=getMsg HTTP/1.1" 200 27
172.17.0.100 - - [15/Sep/2020:09:25:07 +0800] "POST /xingrg/kc/buy/cgsh_order_operate.html HTTP/1.1" 200 37
172.17.0.100 - - [15/Sep/2020:09:25:07 +0800] "POST /xingrg/kc/buy/cgsh_order_operate.html HTTP/1.1" 200 2656
172.17.0.100 - - [15/Sep/2020:09:25:08 +0800] "GET /xingrg/kc/print/load_config.html?kc_code=cgsh HTTP/1.1" 200 1845
172.17.0.100 - - [15/Sep/2020:09:25:08 +0800] "GET /xingrg/kc/print/load_data.html?order_code=212020091506259&kc_code=cgsh&condition= HTTP/1.1" 200 658
114.88.166.242 - - [15/Sep/2020:09:25:09 +0800] "GET /xingrg/all/function/internal_message.html?_=1600133174845&CODE_STATE=getMsg HTTP/1.1" 200 27
218.81.217.115 - - [15/Sep/2020:09:25:11 +0800] "GET /xingrg/all/function/internal_message.html?_=1600133112114&CODE_STATE=getMsg HTTP/1.1" 200 27
114.88.166.242 - - [15/Sep/2020:09:25:14 +0800] "GET /xingrg/kc/buy/cgsh_order_operate.html?command=get_materiel&rest_code=00111&code=00101008096&supplier_code=00100005&order_time=2020-09-15 HTTP/1.1" 200 412
114.88.166.242 - - [15/Sep/2020:09:25:21 +0800] "POST /xingrg/kc/buy/cgsh_order_operate.html HTTP/1.1" 200 2065
172.17.0.100 - - [15/Sep/2020:09:25:22 +0800] "GET /xingrg/all/function/internal_message.html?_=1600133121500&CODE_STATE=getMsg HTTP/1.1" 200 27
114.88.166.242 - - [15/Sep/2020:09:25:23 +0800] "GET /xingrg/kc/buy/cgsh_order_operate.html?command=get_materiel&rest_code=00111&code=00102014052&supplier_code=00100005&order_time=2020-09-15 HTTP/1.1" 200 413
114.82.29.189 - - [15/Sep/2020:09:25:24 +0800] "GET /xingrg/check_reg.html?_=1600133124425 HTTP/1.1" 200 22
114.88.166.242 - - [15/Sep/2020:09:25:26 +0800] "GET /xingrg/kc/buy/cgsh_order_operate.html?command=get_materiel&rest_code=00111&code=00101008236&supplier_code=00100005&order_time=2020-09-15 HTTP/1.1" 200 436
172.17.200.101 - - [15/Sep/2020:09:25:26 +0800] "GET /xingrg/check_reg.html?_=1600133127395 HTTP/1.1" 200 22
172.17.200.101 - - [15/Sep/2020:09:25:26 +0800] "GET /xingrg/all/function/internal_message.html?_=1600133127399&CODE_STATE=getMsg HTTP/1.1" 200 27
114.82.29.189 - - [15/Sep/2020:09:25:30 +0800] "GET /xingrg/all/function/internal_message.html?_=1600133130161&CODE_STATE=getMsg HTTP/1.1" 200 27
116.238.64.253 - - [15/Sep/2020:09:25:34 +0800] "GET /xingrg/all/function/internal_message.html?_=1600133340751&CODE_STATE=getMsg HTTP/1.1" 200 27
222.69.134.17 - - [15/Sep/2020:09:25:34 +0800] "POST /xingrg/services/DataTransmitService HTTP/1.1" 401 565
222.69.134.17 - - [15/Sep/2020:09:25:34 +0800] "POST /xingrg/services/DataTransmitService HTTP/1.1" 200 478
222.69.134.17 - - [15/Sep/2020:09:25:34 +0800] "POST /xingrg/services/DataTransmitService HTTP/1.1" 200 1320
222.69.134.17 - - [15/Sep/2020:09:25:34 +0800] "POST /xingrg/services/DataTransmitService HTTP/1.1" 200 478
222.69.134.17 - - [15/Sep/2020:09:25:34 +0800] "POST /xingrg/services/DataTransmitService HTTP/1.1" 200 1320
222.69.134.17 - - [15/Sep/2020:09:25:34 +0800] "POST /xingrg/services/DataTransmitService HTTP/1.1" 200 524
222.69.134.17 - - [15/Sep/2020:09:25:34 +0800] "POST /xingrg/services/DataTransmitService HTTP/1.1" 200 1755
222.69.134.17 - - [15/Sep/2020:09:25:34 +0800] "POST /xingrg/services/DataTransmitService HTTP/1.1" 200 45454
222.69.134.17 - - [15/Sep/2020:09:25:34 +0800] "POST /xingrg/services/DataTransmitService HTTP/1.1" 200 19237
180.157.253.48 - - [15/Sep/2020:09:25:35 +0800] "GET /xingrg/all/function/internal_message.html?_=1600133138246&CODE_STATE=getMsg HTTP/1.1" 200 27
180.157.253.48 - - [15/Sep/2020:09:25:35 +0800] "POST /xingrg/kc/buy/cgsh_list_operate.html HTTP/1.1" 200 564
180.157.253.48 - - [15/Sep/2020:09:25:36 +0800] "GET /xingrg/css/base.css HTTP/1.1" 304 -
180.157.253.48 - - [15/Sep/2020:09:25:36 +0800] "GET /xingrg/javascript/jquery_tools/jquery.tools.min.js HTTP/1.1" 304 -
180.157.253.48 - - [15/Sep/2020:09:25:36 +0800] "GET /xingrg/javascript/jquery_tools/jquery.tools.extend.js HTTP/1.1" 304 -
180.157.253.48 - - [15/Sep/2020:09:25:36 +0800] "GET /xingrg/javascript/jquery_tools/datebox.css HTTP/1.1" 304 -
180.157.253.48 - - [15/Sep/2020:09:25:36 +0800] "GET /xingrg/kc/buy/cgsh_order_info.html?code=212020091506248 HTTP/1.1" 200 59718
180.157.253.48 - - [15/Sep/2020:09:25:36 +0800] "GET /xingrg/javascript/easyui/themes/default/easyui.css HTTP/1.1" 304 -
180.157.253.48 - - [15/Sep/2020:09:25:36 +0800] "GET /xingrg/javascript/easyui/themes/icon.css HTTP/1.1" 304 -
180.157.253.48 - - [15/Sep/2020:09:25:36 +0800] "GET /xingrg/javascript/auto/jquery.autocomplete.css HTTP/1.1" 304 -
180.157.253.48 - - [15/Sep/2020:09:25:36 +0800] "GET /xingrg/javascript/jquery_tools/jquery.tools.hotkey.js HTTP/1.1" 304 -
180.157.253.48 - - [15/Sep/2020:09:25:36 +0800] "GET /xingrg/javascript/jquery_tools/fix.css HTTP/1.1" 304 -
180.157.253.48 - - [15/Sep/2020:09:25:36 +0800] "GET /xingrg/javascript/auto/jquery.autocomplete.js HTTP/1.1" 304 -
180.157.253.48 - - [15/Sep/2020:09:25:36 +0800] "GET /xingrg/javascript/jquery_tools/table.css HTTP/1.1" 304 -
180.157.253.48 - - [15/Sep/2020:09:25:36 +0800] "GET /xingrg/javascript/pic_change.js HTTP/1.1" 304 -
180.157.253.48 - - [15/Sep/2020:09:25:36 +0800] "GET /xingrg/javascript/jquery_tools/order_manager.js HTTP/1.1" 304 -
180.157.253.48 - - [15/Sep/2020:09:25:36 +0800] "GET /xingrg/css/site.css HTTP/1.1" 304 -
180.157.253.48 - - [15/Sep/2020:09:25:36 +0800] "GET /xingrg/javascript/easyui/easyloader.js HTTP/1.1" 304 -
180.157.253.48 - - [15/Sep/2020:09:25:36 +0800] "GET /xingrg/javascript/jquery.utils.js HTTP/1.1" 304 -
180.157.253.48 - - [15/Sep/2020:09:25:36 +0800] "GET /xingrg/javascript/jquery_tools/jquery.tools.table.js HTTP/1.1" 304 -
180.157.253.48 - - [15/Sep/2020:09:25:36 +0800] "GET /xingrg/javascript/print/LodopFuncs.js HTTP/1.1" 304 -
180.157.253.48 - - [15/Sep/2020:09:25:36 +0800] "GET /xingrg/javascript/convert.js HTTP/1.1" 304 -
180.157.253.48 - - [15/Sep/2020:09:25:36 +0800] "GET /xingrg/javascript/jquery.cookie.js HTTP/1.1" 304 -
180.157.253.48 - - [15/Sep/2020:09:25:36 +0800] "GET /xingrg/javascript/json2.js HTTP/1.1" 304 -
180.157.253.48 - - [15/Sep/2020:09:25:36 +0800] "GET /xingrg/javascript/print/kc_print.js HTTP/1.1" 304 -
180.157.253.48 - - [15/Sep/2020:09:25:36 +0800] "GET /xingrg/words/20200914192654_words.js HTTP/1.1" 304 -
180.157.253.48 - - [15/Sep/2020:09:25:36 +0800] "GET /xingrg/javascript/easyui/themes/icons/copy_new.png HTTP/1.1" 304 -
180.157.253.48 - - [15/Sep/2020:09:25:36 +0800] "GET /xingrg/javascript/easyui/themes/icons/template_new.png HTTP/1.1" 304 -
180.157.253.48 - - [15/Sep/2020:09:25:36 +0800] "GET /xingrg/javascript/easyui/themes/icons/ok.png HTTP/1.1" 304 -
180.157.253.48 - - [15/Sep/2020:09:25:36 +0800] "GET /xingrg/javascript/easyui/themes/icons/print.png HTTP/1.1" 304 -
180.157.253.48 - - [15/Sep/2020:09:25:36 +0800] "GET /xingrg/javascript/easyui/themes/default/images/menu_downarrow.png HTTP/1.1" 304 -
180.157.253.48 - - [15/Sep/2020:09:25:36 +0800] "GET /xingrg/javascript/easyui/themes/icons/cancel.png HTTP/1.1" 304 -
180.157.253.48 - - [15/Sep/2020:09:25:36 +0800] "GET /xingrg/javascript/easyui/plugins/jquery.parser.js HTTP/1.1" 304 -
180.157.253.48 - - [15/Sep/2020:09:25:36 +0800] "GET /xingrg/all/common/auto_word.html?type=employee&rest_code=00148 HTTP/1.1" 200 147
180.157.253.48 - - [15/Sep/2020:09:25:36 +0800] "GET /xingrg/all/common/auto_word.html?type=employee&rest_code=00148 HTTP/1.1" 200 147
180.157.253.48 - - [15/Sep/2020:09:25:36 +0800] "GET /xingrg/javascript/easyui/themes/default/validatebox.css HTTP/1.1" 404 1104
180.157.253.48 - - [15/Sep/2020:09:25:36 +0800] "GET /xingrg/javascript/easyui/plugins/jquery.validatebox.js HTTP/1.1" 304 -
180.157.253.48 - - [15/Sep/2020:09:25:36 +0800] "GET /xingrg/javascript/easyui/plugins/jquery.numberbox.js HTTP/1.1" 304 -
180.157.253.48 - - [15/Sep/2020:09:25:36 +0800] "POST /xingrg/kc/buy/cgsh_order_operate.html HTTP/1.1" 200 23362
116.235.241.164 - - [15/Sep/2020:09:25:41 +0800] "GET /xingrg/all/function/internal_message.html?_=1600133142934&CODE_STATE=getMsg HTTP/1.1" 200 27
172.17.0.123 - - [15/Sep/2020:09:25:41 +0800] "GET /xingrg/all/function/internal_message.html?_=1600133143513&CODE_STATE=getMsg HTTP/1.1" 200 27
172.17.0.123 - - [15/Sep/2020:09:25:41 +0800] "GET /xingrg/check_reg.html?_=1600133143515 HTTP/1.1" 200 22
114.88.166.242 - - [15/Sep/2020:09:25:44 +0800] "GET /xingrg/kc/buy/cgsh_order_operate.html?command=get_materiel&rest_code=00111&code=00101008150&supplier_code=00100005&order_time=2020-09-15 HTTP/1.1" 200 427
114.86.226.190 - - [15/Sep/2020:09:25:49 +0800] "GET /xingrg/all/function/internal_message.html?_=1600133193390&CODE_STATE=getMsg HTTP/1.1" 200 27
180.157.253.48 - - [15/Sep/2020:09:25:49 +0800] "GET /xingrg/css/base.css HTTP/1.1" 304 -
180.157.253.48 - - [15/Sep/2020:09:25:49 +0800] "GET /xingrg/javascript/jquery_tools/datebox.css HTTP/1.1" 304 -
180.157.253.48 - - [15/Sep/2020:09:25:49 +0800] "GET /xingrg/css/site.css HTTP/1.1" 304 -
180.157.253.48 - - [15/Sep/2020:09:25:49 +0800] "GET /xingrg/javascript/easyui/themes/default/easyui.css HTTP/1.1" 304 -
180.157.253.48 - - [15/Sep/2020:09:25:49 +0800] "GET /xingrg/javascript/jquery_tools/table.css HTTP/1.1" 304 -
180.157.253.48 - - [15/Sep/2020:09:25:49 +0800] "GET /xingrg/javascript/easyui/themes/icon.css HTTP/1.1" 304 -
180.157.253.48 - - [15/Sep/2020:09:25:49 +0800] "GET /xingrg/javascript/auto/jquery.autocomplete.css HTTP/1.1" 304 -
180.157.253.48 - - [15/Sep/2020:09:25:49 +0800] "GET /xingrg/javascript/jquery_tools/fix.css HTTP/1.1" 304 -
180.157.253.48 - - [15/Sep/2020:09:25:49 +0800] "GET /xingrg/javascript/jquery_tools/jquery.tools.hotkey.js HTTP/1.1" 304 -
180.157.253.48 - - [15/Sep/2020:09:25:49 +0800] "GET /xingrg/javascript/jquery_tools/jquery.tools.extend.js HTTP/1.1" 304 -
180.157.253.48 - - [15/Sep/2020:09:25:49 +0800] "GET /xingrg/javascript/jquery_tools/jquery.tools.table.js HTTP/1.1" 304 -
180.157.253.48 - - [15/Sep/2020:09:25:49 +0800] "GET /xingrg/kc/buy/cgsh_order_list.html HTTP/1.1" 200 43977
180.157.253.48 - - [15/Sep/2020:09:25:49 +0800] "GET /xingrg/javascript/jquery_tools/list_manager.js HTTP/1.1" 304 -
180.157.253.48 - - [15/Sep/2020:09:25:49 +0800] "GET /xingrg/javascript/auto/jquery.autocomplete.js HTTP/1.1" 304 -
180.157.253.48 - - [15/Sep/2020:09:25:49 +0800] "GET /xingrg/javascript/jquery.cookie.js HTTP/1.1" 304 -
180.157.253.48 - - [15/Sep/2020:09:25:49 +0800] "GET /xingrg/javascript/print/LodopFuncs.js HTTP/1.1" 304 -
180.157.253.48 - - [15/Sep/2020:09:25:49 +0800] "GET /xingrg/javascript/easyui/easyloader.js HTTP/1.1" 304 -
180.157.253.48 - - [15/Sep/2020:09:25:49 +0800] "GET /xingrg/javascript/jquery.utils.js HTTP/1.1" 304 -
180.157.253.48 - - [15/Sep/2020:09:25:49 +0800] "GET /xingrg/javascript/jquery_tools/jquery.tools.min.js HTTP/1.1" 304 -
116.230.74.197 - - [15/Sep/2020:09:25:49 +0800] "GET /xingrg/all/function/internal_message.html?_=1600133146384&CODE_STATE=getMsg HTTP/1.1" 200 27
180.157.253.48 - - [15/Sep/2020:09:25:49 +0800] "GET /xingrg/javascript/easyui/plugins/jquery.parser.js HTTP/1.1" 304 -
116.230.74.197 - - [15/Sep/2020:09:25:49 +0800] "GET /xingrg/check_reg.html?_=1600133146681 HTTP/1.1" 200 22
117.131.5.26 - - [15/Sep/2020:09:25:49 +0800] "GET /xingrg/all/function/internal_message.html?_=1600133169136&CODE_STATE=getMsg HTTP/1.1" 200 27
180.157.253.48 - - [15/Sep/2020:09:25:50 +0800] "POST /xingrg/kc/buy/cgsh_list_operate.html HTTP/1.1" 200 3086
117.131.5.26 - - [15/Sep/2020:09:25:50 +0800] "GET /xingrg/check_reg.html?_=1600133169906 HTTP/1.1" 200 22
180.157.253.48 - - [15/Sep/2020:09:25:52 +0800] "POST /xingrg/kc/buy/cgsh_list_operate.html HTTP/1.1" 200 276
180.157.253.48 - - [15/Sep/2020:09:25:52 +0800] "GET /xingrg/all/function/internal_message.html?_=1600133153477&CODE_STATE=getMsg HTTP/1.1" 200 27
180.157.253.48 - - [15/Sep/2020:09:25:52 +0800] "GET /xingrg/css/base.css HTTP/1.1" 304 -
180.157.253.48 - - [15/Sep/2020:09:25:52 +0800] "GET /xingrg/javascript/jquery_tools/datebox.css HTTP/1.1" 304 -
180.157.253.48 - - [15/Sep/2020:09:25:52 +0800] "GET /xingrg/javascript/easyui/themes/icon.css HTTP/1.1" 304 -
180.157.253.48 - - [15/Sep/2020:09:25:52 +0800] "GET /xingrg/css/site.css HTTP/1.1" 304 -
180.157.253.48 - - [15/Sep/2020:09:25:52 +0800] "GET /xingrg/javascript/jquery_tools/table.css HTTP/1.1" 304 -
180.157.253.48 - - [15/Sep/2020:09:25:52 +0800] "GET /xingrg/javascript/jquery_tools/fix.css HTTP/1.1" 304 -
180.157.253.48 - - [15/Sep/2020:09:25:52 +0800] "GET /xingrg/javascript/easyui/themes/default/easyui.css HTTP/1.1" 304 -
180.157.253.48 - - [15/Sep/2020:09:25:52 +0800] "GET /xingrg/javascript/auto/jquery.autocomplete.css HTTP/1.1" 304 -
180.157.253.48 - - [15/Sep/2020:09:25:52 +0800] "GET /xingrg/javascript/pic_change.js HTTP/1.1" 304 -
180.157.253.48 - - [15/Sep/2020:09:25:52 +0800] "GET /xingrg/javascript/convert.js HTTP/1.1" 304 -
180.157.253.48 - - [15/Sep/2020:09:25:52 +0800] "GET /xingrg/javascript/jquery.cookie.js HTTP/1.1" 304 -
180.157.253.48 - - [15/Sep/2020:09:25:52 +0800] "GET /xingrg/javascript/json2.js HTTP/1.1" 304 -
180.157.253.48 - - [15/Sep/2020:09:25:52 +0800] "GET /xingrg/javascript/print/kc_print.js HTTP/1.1" 304 -
180.157.253.48 - - [15/Sep/2020:09:25:52 +0800] "GET /xingrg/javascript/jquery_tools/jquery.tools.extend.js HTTP/1.1" 304 -
180.157.253.48 - - [15/Sep/2020:09:25:52 +0800] "GET /xingrg/javascript/jquery_tools/jquery.tools.min.js HTTP/1.1" 304 -
180.157.253.48 - - [15/Sep/2020:09:25:52 +0800] "GET /xingrg/kc/buy/cgsh_order_info.html?code=212020091506243 HTTP/1.1" 200 59716
180.157.253.48 - - [15/Sep/2020:09:25:52 +0800] "GET /xingrg/javascript/jquery.utils.js HTTP/1.1" 304 -
180.157.253.48 - - [15/Sep/2020:09:25:52 +0800] "GET /xingrg/javascript/jquery_tools/jquery.tools.hotkey.js HTTP/1.1" 304 -
180.157.253.48 - - [15/Sep/2020:09:25:52 +0800] "GET /xingrg/javascript/easyui/easyloader.js HTTP/1.1" 304 -
180.157.253.48 - - [15/Sep/2020:09:25:52 +0800] "GET /xingrg/javascript/jquery_tools/order_manager.js HTTP/1.1" 304 -
180.157.253.48 - - [15/Sep/2020:09:25:52 +0800] "GET /xingrg/javascript/jquery_tools/jquery.tools.table.js HTTP/1.1" 304 -
180.157.253.48 - - [15/Sep/2020:09:25:52 +0800] "GET /xingrg/javascript/auto/jquery.autocomplete.js HTTP/1.1" 304 -
180.157.253.48 - - [15/Sep/2020:09:25:52 +0800] "GET /xingrg/javascript/print/LodopFuncs.js HTTP/1.1" 304 -
180.157.253.48 - - [15/Sep/2020:09:25:52 +0800] "GET /xingrg/words/20200914192654_words.js HTTP/1.1" 304 -
180.157.253.48 - - [15/Sep/2020:09:25:53 +0800] "GET /xingrg/javascript/easyui/plugins/jquery.parser.js HTTP/1.1" 304 -
180.157.253.48 - - [15/Sep/2020:09:25:53 +0800] "GET /xingrg/all/common/auto_word.html?type=employee&rest_code=00148 HTTP/1.1" 200 147
180.157.253.48 - - [15/Sep/2020:09:25:53 +0800] "GET /xingrg/all/common/auto_word.html?type=employee&rest_code=00148 HTTP/1.1" 200 147
180.157.253.48 - - [15/Sep/2020:09:25:53 +0800] "GET /xingrg/javascript/easyui/themes/default/validatebox.css HTTP/1.1" 404 1104
180.157.253.48 - - [15/Sep/2020:09:25:53 +0800] "GET /xingrg/javascript/easyui/plugins/jquery.validatebox.js HTTP/1.1" 304 -
180.157.253.48 - - [15/Sep/2020:09:25:53 +0800] "GET /xingrg/javascript/easyui/plugins/jquery.numberbox.js HTTP/1.1" 304 -
180.157.253.48 - - [15/Sep/2020:09:25:53 +0800] "POST /xingrg/kc/buy/cgsh_order_operate.html HTTP/1.1" 200 3248
120.253.135.82 - - [15/Sep/2020:09:25:55 +0800] "GET /xingrg/check_reg.html?_=1600132904051 HTTP/1.1" 200 22
120.253.135.82 - - [15/Sep/2020:09:25:55 +0800] "GET /xingrg/all/function/internal_message.html?_=1600132904356&CODE_STATE=getMsg HTTP/1.1" 200 27
116.238.71.173 - - [15/Sep/2020:09:25:57 +0800] "GET /xingrg/all/function/internal_message.html?_=1600133280619&CODE_STATE=getMsg HTTP/1.1" 200 27
116.238.71.173 - - [15/Sep/2020:09:25:57 +0800] "GET /xingrg/all/function/internal_message.html?_=1600133157132&CODE_STATE=getMsg HTTP/1.1" 200 27
116.238.71.173 - - [15/Sep/2020:09:25:57 +0800] "GET /xingrg/check_reg.html?_=1600133157135 HTTP/1.1" 200 22
222.69.134.17 - - [15/Sep/2020:09:25:57 +0800] "GET /xingrg/all/function/internal_message.html?_=1600133154991&CODE_STATE=getMsg HTTP/1.1" 200 27
116.235.241.164 - - [15/Sep/2020:09:26:00 +0800] "GET /xingrg/all/function/internal_message.html?_=1600133162167&CODE_STATE=getMsg HTTP/1.1" 200 27
180.157.253.48 - - [15/Sep/2020:09:26:04 +0800] "GET /xingrg/css/base.css HTTP/1.1" 304 -
180.157.253.48 - - [15/Sep/2020:09:26:04 +0800] "GET /xingrg/css/site.css HTTP/1.1" 304 -
180.157.253.48 - - [15/Sep/2020:09:26:04 +0800] "GET /xingrg/javascript/jquery_tools/datebox.css HTTP/1.1" 304 -
180.157.253.48 - - [15/Sep/2020:09:26:04 +0800] "GET /xingrg/javascript/easyui/themes/default/easyui.css HTTP/1.1" 304 -
180.157.253.48 - - [15/Sep/2020:09:26:04 +0800] "GET /xingrg/javascript/auto/jquery.autocomplete.css HTTP/1.1" 304 -
180.157.253.48 - - [15/Sep/2020:09:26:04 +0800] "GET /xingrg/javascript/easyui/themes/icon.css HTTP/1.1" 304 -
180.157.253.48 - - [15/Sep/2020:09:26:04 +0800] "GET /xingrg/javascript/jquery_tools/table.css HTTP/1.1" 304 -
180.157.253.48 - - [15/Sep/2020:09:26:04 +0800] "GET /xingrg/javascript/jquery_tools/fix.css HTTP/1.1" 304 -
180.157.253.48 - - [15/Sep/2020:09:26:04 +0800] "GET /xingrg/javascript/jquery_tools/jquery.tools.hotkey.js HTTP/1.1" 304 -
180.157.253.48 - - [15/Sep/2020:09:26:04 +0800] "GET /xingrg/javascript/jquery_tools/jquery.tools.extend.js HTTP/1.1" 304 -
180.157.253.48 - - [15/Sep/2020:09:26:04 +0800] "GET /xingrg/javascript/jquery_tools/jquery.tools.table.js HTTP/1.1" 304 -
180.157.253.48 - - [15/Sep/2020:09:26:04 +0800] "GET /xingrg/javascript/jquery_tools/list_manager.js HTTP/1.1" 304 -
180.157.253.48 - - [15/Sep/2020:09:26:04 +0800] "GET /xingrg/javascript/auto/jquery.autocomplete.js HTTP/1.1" 304 -
180.157.253.48 - - [15/Sep/2020:09:26:04 +0800] "GET /xingrg/kc/buy/cgsh_order_list.html HTTP/1.1" 200 43977
180.157.253.48 - - [15/Sep/2020:09:26:04 +0800] "GET /xingrg/javascript/jquery.utils.js HTTP/1.1" 304 -
180.157.253.48 - - [15/Sep/2020:09:26:04 +0800] "GET /xingrg/javascript/easyui/easyloader.js HTTP/1.1" 304 -
180.157.253.48 - - [15/Sep/2020:09:26:04 +0800] "GET /xingrg/javascript/jquery.cookie.js HTTP/1.1" 304 -
180.157.253.48 - - [15/Sep/2020:09:26:04 +0800] "GET /xingrg/javascript/jquery_tools/jquery.tools.min.js HTTP/1.1" 304 -
180.157.253.48 - - [15/Sep/2020:09:26:04 +0800] "GET /xingrg/javascript/print/LodopFuncs.js HTTP/1.1" 304 -
180.157.253.48 - - [15/Sep/2020:09:26:04 +0800] "GET /xingrg/javascript/easyui/plugins/jquery.parser.js HTTP/1.1" 304 -
180.157.253.48 - - [15/Sep/2020:09:26:05 +0800] "POST /xingrg/kc/buy/cgsh_list_operate.html HTTP/1.1" 200 3086
180.157.253.48 - - [15/Sep/2020:09:26:08 +0800] "POST /xingrg/kc/buy/cgsh_list_operate.html HTTP/1.1" 200 564
180.157.253.48 - - [15/Sep/2020:09:26:08 +0800] "GET /xingrg/css/base.css HTTP/1.1" 304 -
180.157.253.48 - - [15/Sep/2020:09:26:08 +0800] "GET /xingrg/css/site.css HTTP/1.1" 304 -
180.157.253.48 - - [15/Sep/2020:09:26:08 +0800] "GET /xingrg/javascript/easyui/themes/icon.css HTTP/1.1" 304 -
180.157.253.48 - - [15/Sep/2020:09:26:08 +0800] "GET /xingrg/javascript/jquery_tools/datebox.css HTTP/1.1" 304 -
180.157.253.48 - - [15/Sep/2020:09:26:08 +0800] "GET /xingrg/javascript/jquery_tools/table.css HTTP/1.1" 304 -
180.157.253.48 - - [15/Sep/2020:09:26:08 +0800] "GET /xingrg/javascript/jquery_tools/fix.css HTTP/1.1" 304 -
180.157.253.48 - - [15/Sep/2020:09:26:08 +0800] "GET /xingrg/javascript/easyui/themes/default/easyui.css HTTP/1.1" 304 -
180.157.253.48 - - [15/Sep/2020:09:26:08 +0800] "GET /xingrg/javascript/auto/jquery.autocomplete.css HTTP/1.1" 304 -
180.157.253.48 - - [15/Sep/2020:09:26:08 +0800] "GET /xingrg/javascript/pic_change.js HTTP/1.1" 304 -
180.157.253.48 - - [15/Sep/2020:09:26:08 +0800] "GET /xingrg/javascript/convert.js HTTP/1.1" 304 -
180.157.253.48 - - [15/Sep/2020:09:26:08 +0800] "GET /xingrg/kc/buy/cgsh_order_info.html?code=212020091506248 HTTP/1.1" 200 59718
180.157.253.48 - - [15/Sep/2020:09:26:08 +0800] "GET /xingrg/javascript/easyui/easyloader.js HTTP/1.1" 304 -
180.157.253.48 - - [15/Sep/2020:09:26:08 +0800] "GET /xingrg/javascript/jquery_tools/jquery.tools.table.js HTTP/1.1" 304 -
180.157.253.48 - - [15/Sep/2020:09:26:08 +0800] "GET /xingrg/javascript/jquery_tools/jquery.tools.hotkey.js HTTP/1.1" 304 -
180.157.253.48 - - [15/Sep/2020:09:26:08 +0800] "GET /xingrg/javascript/jquery_tools/jquery.tools.min.js HTTP/1.1" 304 -
180.157.253.48 - - [15/Sep/2020:09:26:08 +0800] "GET /xingrg/javascript/jquery_tools/jquery.tools.extend.js HTTP/1.1" 304 -
180.157.253.48 - - [15/Sep/2020:09:26:08 +0800] "GET /xingrg/javascript/print/LodopFuncs.js HTTP/1.1" 304 -
180.157.253.48 - - [15/Sep/2020:09:26:08 +0800] "GET /xingrg/javascript/auto/jquery.autocomplete.js HTTP/1.1" 304 -
180.157.253.48 - - [15/Sep/2020:09:26:08 +0800] "GET /xingrg/javascript/jquery.utils.js HTTP/1.1" 304 -
180.157.253.48 - - [15/Sep/2020:09:26:08 +0800] "GET /xingrg/javascript/json2.js HTTP/1.1" 304 -
180.157.253.48 - - [15/Sep/2020:09:26:08 +0800] "GET /xingrg/javascript/jquery.cookie.js HTTP/1.1" 304 -
180.157.253.48 - - [15/Sep/2020:09:26:08 +0800] "GET /xingrg/javascript/jquery_tools/order_manager.js HTTP/1.1" 304 -
180.157.253.48 - - [15/Sep/2020:09:26:08 +0800] "GET /xingrg/javascript/print/kc_print.js HTTP/1.1" 304 -
180.157.253.48 - - [15/Sep/2020:09:26:08 +0800] "GET /xingrg/words/20200914192654_words.js HTTP/1.1" 304 -
180.157.253.48 - - [15/Sep/2020:09:26:09 +0800] "GET /xingrg/javascript/easyui/plugins/jquery.parser.js HTTP/1.1" 304 -
180.157.253.48 - - [15/Sep/2020:09:26:09 +0800] "GET /xingrg/all/common/auto_word.html?type=employee&rest_code=00148 HTTP/1.1" 200 147
180.157.253.48 - - [15/Sep/2020:09:26:09 +0800] "GET /xingrg/all/common/auto_word.html?type=employee&rest_code=00148 HTTP/1.1" 200 147
