116.235.241.164 - - [15/Sep/2020:10:22:00 +0800] "GET /xingrg/check_reg.html?_=1600136522240 HTTP/1.1" 200 22
116.235.241.164 - - [15/Sep/2020:10:22:00 +0800] "GET /xingrg/all/function/internal_message.html?_=1600136522242&CODE_STATE=getMsg HTTP/1.1" 200 27
114.86.226.190 - - [15/Sep/2020:10:22:01 +0800] "POST /xingrg/dwr/call/plaincall/AjaxQqpsService.checkOrder.dwr HTTP/1.1" 200 78
114.86.226.190 - - [15/Sep/2020:10:22:01 +0800] "GET /xingrg/kc/mdqp/qqps_order_info.html?code=302020091500304 HTTP/1.1" 200 26731
114.86.226.190 - - [15/Sep/2020:10:22:01 +0800] "GET /xingrg/dwr/interface/AjaxQqpsService.js HTTP/1.1" 200 16326
114.86.226.190 - - [15/Sep/2020:10:22:01 +0800] "GET /xingrg/dwr/interface/AjaxComOrderService.js HTTP/1.1" 200 18264
114.86.226.190 - - [15/Sep/2020:10:22:01 +0800] "GET /xingrg/dwr/engine.js HTTP/1.1" 200 43631
116.232.53.181 - - [15/Sep/2020:10:22:02 +0800] "GET /favicon.ico HTTP/1.1" 404 -
114.86.226.190 - - [15/Sep/2020:10:22:02 +0800] "POST /xingrg/dwr/call/plaincall/AjaxQqpsService.loadMaterielItems.dwr HTTP/1.1" 200 347
120.253.135.82 - - [15/Sep/2020:10:22:08 +0800] "GET /xingrg/kc/report/report_main.html HTTP/1.1" 200 9370
120.253.135.82 - - [15/Sep/2020:10:22:09 +0800] "GET /xingrg/kc/base/kc_stocks.html HTTP/1.1" 200 16329
120.253.135.82 - - [15/Sep/2020:10:22:10 +0800] "GET /xingrg/javascript/easyui/themes/default/tree.css HTTP/1.1" 404 1090
120.253.135.82 - - [15/Sep/2020:10:22:10 +0800] "POST /xingrg/all/common/load_tree.html?tree=materiel_sort_tree_json HTTP/1.1" 200 8666
120.253.135.82 - - [15/Sep/2020:10:22:11 +0800] "POST /xingrg/all/common/load_combo.html?type=base HTTP/1.1" 200 899
116.238.71.173 - - [15/Sep/2020:10:22:11 +0800] "GET /xingrg/all/function/internal_message.html?_=1600136531504&CODE_STATE=getMsg HTTP/1.1" 200 27
218.81.217.115 - - [15/Sep/2020:10:22:14 +0800] "GET /xingrg/all/function/internal_message.html?_=1600136535244&CODE_STATE=getMsg HTTP/1.1" 200 27
114.88.166.242 - - [15/Sep/2020:10:22:14 +0800] "GET /xingrg/check_reg.html?_=1600136531476 HTTP/1.1" 200 22
116.238.71.173 - - [15/Sep/2020:10:22:15 +0800] "GET /xingrg/all/function/internal_message.html?_=1600136658635&CODE_STATE=getMsg HTTP/1.1" 200 27
114.88.166.242 - - [15/Sep/2020:10:22:15 +0800] "GET /xingrg/all/function/internal_message.html?_=1600136601375&CODE_STATE=getMsg HTTP/1.1" 200 27
120.253.135.82 - - [15/Sep/2020:10:22:21 +0800] "POST /xingrg/kc/base/stock_operate.html HTTP/1.1" 200 765
172.17.0.100 - - [15/Sep/2020:10:22:22 +0800] "GET /xingrg/all/function/internal_message.html?_=1600136541270&CODE_STATE=getMsg HTTP/1.1" 200 27
114.86.226.190 - - [15/Sep/2020:10:22:25 +0800] "GET /xingrg/check_reg.html?_=1600136613359 HTTP/1.1" 200 22
114.86.226.190 - - [15/Sep/2020:10:22:25 +0800] "GET /xingrg/all/function/internal_message.html?_=1600136613609&CODE_STATE=getMsg HTTP/1.1" 200 27
172.17.200.101 - - [15/Sep/2020:10:22:26 +0800] "GET /xingrg/all/function/internal_message.html?_=1600136547520&CODE_STATE=getMsg HTTP/1.1" 200 27
120.253.135.82 - - [15/Sep/2020:10:22:27 +0800] "POST /xingrg/kc/base/stock_operate.html HTTP/1.1" 200 1477
114.82.29.189 - - [15/Sep/2020:10:22:29 +0800] "GET /xingrg/all/function/internal_message.html?_=1600136548880&CODE_STATE=getMsg HTTP/1.1" 200 27
116.238.71.173 - - [15/Sep/2020:10:22:30 +0800] "GET /xingrg/kc/mdqp/qqps_order_add.html HTTP/1.1" 200 28002
116.238.71.173 - - [15/Sep/2020:10:22:30 +0800] "GET /xingrg/dwr/interface/AjaxQqpsService.js HTTP/1.1" 200 16326
116.238.71.173 - - [15/Sep/2020:10:22:30 +0800] "GET /xingrg/dwr/interface/AjaxComOrderService.js HTTP/1.1" 200 18264
116.238.71.173 - - [15/Sep/2020:10:22:30 +0800] "GET /xingrg/dwr/engine.js HTTP/1.1" 200 43631
116.238.64.253 - - [15/Sep/2020:10:22:35 +0800] "GET /xingrg/check_reg.html?_=1600136761952 HTTP/1.1" 200 22
180.157.253.48 - - [15/Sep/2020:10:22:36 +0800] "GET /xingrg/check_reg.html?_=1600136559672 HTTP/1.1" 200 22
116.238.64.253 - - [15/Sep/2020:10:22:36 +0800] "GET /xingrg/all/function/internal_message.html?_=1600136763505&CODE_STATE=getMsg HTTP/1.1" 200 27
120.253.135.82 - - [15/Sep/2020:10:22:36 +0800] "POST /xingrg/kc/base/stock_operate.html HTTP/1.1" 200 1698
180.157.253.48 - - [15/Sep/2020:10:22:38 +0800] "GET /xingrg/all/function/internal_message.html?_=1600136561344&CODE_STATE=getMsg HTTP/1.1" 200 27
172.17.0.120 - - [15/Sep/2020:10:22:39 +0800] "GET /xingrg/all/function/internal_message.html?_=1600136557311&CODE_STATE=getMsg HTTP/1.1" 200 27
58.37.9.106 - - [15/Sep/2020:10:22:40 +0800] "GET /xingrg/check_reg.html?_=1600136542751 HTTP/1.1" 200 22
116.235.241.164 - - [15/Sep/2020:10:22:41 +0800] "GET /xingrg/all/function/internal_message.html?_=1600136563004&CODE_STATE=getMsg HTTP/1.1" 200 27
120.253.135.82 - - [15/Sep/2020:10:22:42 +0800] "GET /xingrg/kc/base/stock_detail.html?m=00101032006 HTTP/1.1" 200 6269
116.238.71.173 - - [15/Sep/2020:10:22:43 +0800] "POST /xingrg/dwr/call/plaincall/AjaxQqpsService.saveOrder.dwr HTTP/1.1" 200 78
120.253.135.82 - - [15/Sep/2020:10:22:44 +0800] "GET /xingrg/kc/base/stock_operate.html?_=1600136312911&command=get_report_file&start_day=20200901 HTTP/1.1" 200 53
120.253.135.82 - - [15/Sep/2020:10:22:44 +0800] "GET /xingrg/all/report/report_query.html?isQuery=1&onlyBody=1&rh=2000&fileName=kc/base/kc_stock_detail_new.xml&queryString=(1=1)&queryText=&tableQueryString=init_table$sp1$$sp$crk_table$sp1$order_day%20between%2020200901%20and%2020200930&varString=start_day:20200901,materiel_code:00101032006,cost_id:2842,end_date:20200831 HTTP/1.1" 200 48701
120.253.135.82 - - [15/Sep/2020:10:22:44 +0800] "GET /xingrg/dwr/interface/AjaxReportQueryService.js HTTP/1.1" 200 13203
120.253.135.82 - - [15/Sep/2020:10:22:44 +0800] "GET /xingrg/dwr/engine.js HTTP/1.1" 200 43631
120.253.135.82 - - [15/Sep/2020:10:22:45 +0800] "POST /xingrg/all/report/load_report_page.html HTTP/1.1" 200 128006
120.253.135.82 - - [15/Sep/2020:10:22:45 +0800] "GET /xingrg/servlets/image?cache=0.3297089643465333&image=px HTTP/1.1" 200 807
116.238.71.173 - - [15/Sep/2020:10:22:47 +0800] "GET /xingrg/javascript/auto/indicator.gif HTTP/1.1" 404 1066
116.230.74.197 - - [15/Sep/2020:10:22:48 +0800] "GET /xingrg/all/function/internal_message.html?_=1600136565273&CODE_STATE=getMsg HTTP/1.1" 200 27
117.131.5.26 - - [15/Sep/2020:10:22:48 +0800] "GET /xingrg/all/function/internal_message.html?_=1600136587720&CODE_STATE=getMsg HTTP/1.1" 200 27
116.238.71.173 - - [15/Sep/2020:10:22:48 +0800] "POST /xingrg/dwr/call/plaincall/AjaxQqpsService.getMaterielByCode.dwr HTTP/1.1" 200 3633
120.253.135.82 - - [15/Sep/2020:10:22:50 +0800] "GET /xingrg/check_reg.html?_=1600136318578 HTTP/1.1" 200 22
117.184.7.30 - - [15/Sep/2020:10:22:50 +0800] "GET /xingrg/all/function/internal_message.html?_=1600136567500&CODE_STATE=getMsg HTTP/1.1" 200 27
116.238.71.173 - - [15/Sep/2020:10:22:51 +0800] "POST /xingrg/dwr/call/plaincall/AjaxQqpsService.saveMaterielItem.dwr HTTP/1.1" 200 78
114.82.29.189 - - [15/Sep/2020:10:22:51 +0800] "GET /xingrg/kc/buy/cgsh_order_add.html HTTP/1.1" 200 59709
114.82.29.189 - - [15/Sep/2020:10:22:51 +0800] "POST /xingrg/kc/buy/cgsh_order_operate.html HTTP/1.1" 200 8245
114.82.29.189 - - [15/Sep/2020:10:22:51 +0800] "GET /xingrg/javascript/easyui/themes/default/validatebox.css HTTP/1.1" 404 1104
116.238.71.173 - - [15/Sep/2020:10:22:57 +0800] "POST /xingrg/dwr/call/plaincall/AjaxQqpsService.getMaterielByCode.dwr HTTP/1.1" 200 3658
222.69.134.17 - - [15/Sep/2020:10:22:57 +0800] "GET /xingrg/all/function/internal_message.html?_=1600136575070&CODE_STATE=getMsg HTTP/1.1" 200 27
116.235.241.164 - - [15/Sep/2020:10:23:00 +0800] "GET /xingrg/all/function/internal_message.html?_=1600136582243&CODE_STATE=getMsg HTTP/1.1" 200 27
116.238.71.173 - - [15/Sep/2020:10:23:01 +0800] "POST /xingrg/dwr/call/plaincall/AjaxQqpsService.saveMaterielItem.dwr HTTP/1.1" 200 78
114.82.29.189 - - [15/Sep/2020:10:23:02 +0800] "GET /xingrg/kc/buy/cgsh_order_operate.html?command=get_materiel&rest_code=00105&code=00101003016&supplier_code=00100093&order_time=2020-09-15 HTTP/1.1" 200 420
222.69.134.17 - - [15/Sep/2020:10:23:05 +0800] "GET /xingrg/kc/buy/cgsh_order_add.html HTTP/1.1" 200 59762
222.69.134.17 - - [15/Sep/2020:10:23:06 +0800] "POST /xingrg/kc/buy/cgsh_order_operate.html HTTP/1.1" 200 8245
222.69.134.17 - - [15/Sep/2020:10:23:06 +0800] "GET /xingrg/javascript/easyui/themes/default/validatebox.css HTTP/1.1" 404 1104
120.253.135.82 - - [15/Sep/2020:10:23:09 +0800] "GET /xingrg/kc/guide/show_order.html?code=422020090900968&type=42 HTTP/1.1" 302 -
120.253.135.82 - - [15/Sep/2020:10:23:09 +0800] "GET /xingrg/kc/base/wldb_order_info.html?code=422020090900968&sysBaseUrl=http%3A%2F%2F180.169.147.146%3A18081%2Fxingrg%2F&costTime=0×tamp=1600136589696 HTTP/1.1" 200 26584
120.253.135.82 - - [15/Sep/2020:10:23:10 +0800] "GET /favicon.ico HTTP/1.1" 404 -
120.253.135.82 - - [15/Sep/2020:10:23:10 +0800] "POST /xingrg/kc/base/wldb_order_operate.html HTTP/1.1" 200 949
120.253.135.82 - - [15/Sep/2020:10:23:10 +0800] "GET /xingrg/javascript/easyui/themes/default/validatebox.css HTTP/1.1" 404 1104
116.238.71.173 - - [15/Sep/2020:10:23:12 +0800] "GET /xingrg/all/function/internal_message.html?_=1600136591554&CODE_STATE=getMsg HTTP/1.1" 200 27
218.81.217.115 - - [15/Sep/2020:10:23:14 +0800] "GET /xingrg/all/function/internal_message.html?_=1600136595375&CODE_STATE=getMsg HTTP/1.1" 200 27
116.238.71.173 - - [15/Sep/2020:10:23:15 +0800] "GET /xingrg/all/function/internal_message.html?_=1600136718646&CODE_STATE=getMsg HTTP/1.1" 200 27
114.88.166.242 - - [15/Sep/2020:10:23:15 +0800] "GET /xingrg/all/function/internal_message.html?_=1600136661400&CODE_STATE=getMsg HTTP/1.1" 200 27
114.88.166.242 - - [15/Sep/2020:10:23:15 +0800] "GET /xingrg/check_reg.html?_=1600136661400 HTTP/1.1" 200 22
222.69.134.17 - - [15/Sep/2020:10:23:21 +0800] "GET /xingrg/kc/buy/cgsh_order_operate.html?command=get_materiel&rest_code=00149&code=00101004033&supplier_code=00100083&order_time=2020-09-15 HTTP/1.1" 200 439
218.81.217.115 - - [15/Sep/2020:10:23:21 +0800] "GET /xingrg/check_reg.html?_=1600136602434 HTTP/1.1" 200 22
172.17.0.100 - - [15/Sep/2020:10:23:22 +0800] "GET /xingrg/all/function/internal_message.html?_=1600136601270&CODE_STATE=getMsg HTTP/1.1" 200 27
116.238.71.173 - - [15/Sep/2020:10:23:23 +0800] "POST /xingrg/dwr/call/plaincall/AjaxQqpsService.getMaterielByCode.dwr HTTP/1.1" 200 3648
114.86.226.190 - - [15/Sep/2020:10:23:24 +0800] "GET /xingrg/all/function/internal_message.html?_=1600136673609&CODE_STATE=getMsg HTTP/1.1" 200 27
172.17.200.101 - - [15/Sep/2020:10:23:26 +0800] "GET /xingrg/all/function/internal_message.html?_=1600136607528&CODE_STATE=getMsg HTTP/1.1" 200 27
114.82.29.189 - - [15/Sep/2020:10:23:26 +0800] "POST /xingrg/kc/buy/cgsh_order_operate.html HTTP/1.1" 200 37
114.82.29.189 - - [15/Sep/2020:10:23:28 +0800] "POST /xingrg/kc/buy/cgsh_order_operate.html HTTP/1.1" 200 2667
116.238.71.173 - - [15/Sep/2020:10:23:28 +0800] "POST /xingrg/dwr/call/plaincall/AjaxQqpsService.saveMaterielItem.dwr HTTP/1.1" 200 78
114.82.29.189 - - [15/Sep/2020:10:23:29 +0800] "GET /xingrg/all/function/internal_message.html?_=1600136608875&CODE_STATE=getMsg HTTP/1.1" 200 27
114.82.29.189 - - [15/Sep/2020:10:23:29 +0800] "GET /xingrg/kc/print/load_data.html?order_code=212020091506279&kc_code=cgsh&condition= HTTP/1.1" 200 734
116.238.71.173 - - [15/Sep/2020:10:23:33 +0800] "POST /xingrg/dwr/call/plaincall/AjaxQqpsService.checkOrder.dwr HTTP/1.1" 200 78
114.82.29.189 - - [15/Sep/2020:10:23:33 +0800] "GET /xingrg/kc/buy/cgsh_order_add.html HTTP/1.1" 200 59709
222.69.134.17 - - [15/Sep/2020:10:23:33 +0800] "GET /xingrg/kc/buy/cgsh_order_operate.html?command=get_materiel&rest_code=00149&code=00101004011&supplier_code=00100083&order_time=2020-09-15 HTTP/1.1" 200 433
114.82.29.189 - - [15/Sep/2020:10:23:33 +0800] "POST /xingrg/kc/buy/cgsh_order_operate.html HTTP/1.1" 200 8245
114.82.29.189 - - [15/Sep/2020:10:23:33 +0800] "GET /xingrg/javascript/easyui/themes/default/validatebox.css HTTP/1.1" 404 1104
116.238.71.173 - - [15/Sep/2020:10:23:34 +0800] "GET /xingrg/kc/mdqp/qqps_order_info.html?code=302020091500305 HTTP/1.1" 200 26409
116.238.71.173 - - [15/Sep/2020:10:23:34 +0800] "GET /xingrg/dwr/interface/AjaxComOrderService.js HTTP/1.1" 200 18264
116.238.71.173 - - [15/Sep/2020:10:23:34 +0800] "GET /xingrg/dwr/interface/AjaxQqpsService.js HTTP/1.1" 200 16326
116.238.71.173 - - [15/Sep/2020:10:23:34 +0800] "GET /xingrg/dwr/engine.js HTTP/1.1" 200 43631
116.238.71.173 - - [15/Sep/2020:10:23:34 +0800] "POST /xingrg/dwr/call/plaincall/AjaxQqpsService.loadMaterielItems.dwr HTTP/1.1" 200 981
116.238.64.253 - - [15/Sep/2020:10:23:36 +0800] "GET /xingrg/all/function/internal_message.html?_=1600136823517&CODE_STATE=getMsg HTTP/1.1" 200 27
117.185.32.26 - - [15/Sep/2020:10:23:38 +0800] "GET /xingrg/check_reg.html?_=1600137041893 HTTP/1.1" 200 22
180.157.253.48 - - [15/Sep/2020:10:23:38 +0800] "GET /xingrg/all/function/internal_message.html?_=1600136621358&CODE_STATE=getMsg HTTP/1.1" 200 27
172.17.0.120 - - [15/Sep/2020:10:23:39 +0800] "GET /xingrg/all/function/internal_message.html?_=1600136617317&CODE_STATE=getMsg HTTP/1.1" 200 27
114.82.29.189 - - [15/Sep/2020:10:23:40 +0800] "GET /xingrg/kc/buy/cgsh_order_operate.html?command=get_materiel&rest_code=00105&code=00101010079&supplier_code=00100336&order_time=2020-09-15 HTTP/1.1" 200 413
222.69.134.17 - - [15/Sep/2020:10:23:41 +0800] "GET /xingrg/kc/buy/cgsh_order_operate.html?command=get_materiel&rest_code=00149&code=00101004048&supplier_code=00100083&order_time=2020-09-15 HTTP/1.1" 200 419
116.235.241.164 - - [15/Sep/2020:10:23:41 +0800] "GET /xingrg/all/function/internal_message.html?_=1600136623003&CODE_STATE=getMsg HTTP/1.1" 200 27
114.82.29.189 - - [15/Sep/2020:10:23:47 +0800] "POST /xingrg/kc/buy/cgsh_order_operate.html HTTP/1.1" 200 37
116.230.74.197 - - [15/Sep/2020:10:23:48 +0800] "GET /xingrg/all/function/internal_message.html?_=1600136625250&CODE_STATE=getMsg HTTP/1.1" 200 27
114.82.29.189 - - [15/Sep/2020:10:23:48 +0800] "POST /xingrg/kc/buy/cgsh_order_operate.html HTTP/1.1" 200 2657
117.131.5.26 - - [15/Sep/2020:10:23:48 +0800] "GET /xingrg/all/function/internal_message.html?_=1600136647688&CODE_STATE=getMsg HTTP/1.1" 200 27
114.82.29.189 - - [15/Sep/2020:10:23:49 +0800] "GET /xingrg/kc/print/load_data.html?order_code=212020091506280&kc_code=cgsh&condition= HTTP/1.1" 200 664
117.184.7.30 - - [15/Sep/2020:10:23:50 +0800] "GET /xingrg/all/function/internal_message.html?_=1600136627503&CODE_STATE=getMsg HTTP/1.1" 200 27
222.69.134.17 - - [15/Sep/2020:10:23:52 +0800] "GET /xingrg/kc/buy/cgsh_order_operate.html?command=get_materiel&rest_code=00149&code=00101004009&supplier_code=00100083&order_time=2020-09-15 HTTP/1.1" 200 414
222.69.134.17 - - [15/Sep/2020:10:23:57 +0800] "GET /xingrg/all/function/internal_message.html?_=1600136635081&CODE_STATE=getMsg HTTP/1.1" 200 27
222.69.134.17 - - [15/Sep/2020:10:24:00 +0800] "GET /xingrg/kc/buy/cgsh_order_operate.html?command=get_materiel&rest_code=00149&code=00101004030&supplier_code=00100083&order_time=2020-09-15 HTTP/1.1" 200 408
116.235.241.164 - - [15/Sep/2020:10:24:00 +0800] "GET /xingrg/all/function/internal_message.html?_=1600136642242&CODE_STATE=getMsg HTTP/1.1" 200 27
172.17.0.119 - - [15/Sep/2020:10:24:05 +0800] "GET /favicon.ico HTTP/1.1" 404 -
114.82.29.189 - - [15/Sep/2020:10:24:07 +0800] "GET /xingrg/kc/buy/cgsh_order_add.html HTTP/1.1" 200 59709
114.82.29.189 - - [15/Sep/2020:10:24:07 +0800] "GET /xingrg/javascript/easyui/themes/default/validatebox.css HTTP/1.1" 404 1104
114.82.29.189 - - [15/Sep/2020:10:24:07 +0800] "POST /xingrg/kc/buy/cgsh_order_operate.html HTTP/1.1" 200 8245
222.69.134.17 - - [15/Sep/2020:10:24:08 +0800] "POST /xingrg/kc/buy/cgsh_order_operate.html HTTP/1.1" 200 37
222.69.134.17 - - [15/Sep/2020:10:24:11 +0800] "POST /xingrg/kc/buy/cgsh_order_operate.html HTTP/1.1" 200 12
116.238.71.173 - - [15/Sep/2020:10:24:12 +0800] "GET /xingrg/all/function/internal_message.html?_=1600136651603&CODE_STATE=getMsg HTTP/1.1" 200 27
218.81.217.115 - - [15/Sep/2020:10:24:14 +0800] "GET /xingrg/all/function/internal_message.html?_=1600136655380&CODE_STATE=getMsg HTTP/1.1" 200 27
116.238.71.173 - - [15/Sep/2020:10:24:15 +0800] "GET /xingrg/all/function/internal_message.html?_=1600136778659&CODE_STATE=getMsg HTTP/1.1" 200 27
222.69.134.17 - - [15/Sep/2020:10:24:15 +0800] "GET /xingrg/kc/buy/cgsh_order_info.html?code=212020091506281 HTTP/1.1" 200 54663
114.88.166.242 - - [15/Sep/2020:10:24:15 +0800] "GET /xingrg/all/function/internal_message.html?_=1600136721398&CODE_STATE=getMsg HTTP/1.1" 200 27
222.69.134.17 - - [15/Sep/2020:10:24:15 +0800] "GET /xingrg/javascript/easyui/themes/default/validatebox.css HTTP/1.1" 404 1104
222.69.134.17 - - [15/Sep/2020:10:24:16 +0800] "POST /xingrg/kc/buy/cgsh_order_operate.html HTTP/1.1" 200 3014
222.69.134.17 - - [15/Sep/2020:10:24:17 +0800] "GET /xingrg/kc/print/load_data.html?order_code=212020091506281&kc_code=cgsh&condition= HTTP/1.1" 200 1664
114.82.29.189 - - [15/Sep/2020:10:24:18 +0800] "GET /xingrg/kc/buy/cgsh_order_operate.html?command=get_materiel&rest_code=00105&code=00101004067&supplier_code=00100312&order_time=2020-09-15 HTTP/1.1" 200 413
222.69.134.17 - - [15/Sep/2020:10:24:21 +0800] "GET /xingrg/kc/buy/cgsh_order_add.html HTTP/1.1" 200 59762
222.69.134.17 - - [15/Sep/2020:10:24:21 +0800] "POST /xingrg/kc/buy/cgsh_order_operate.html HTTP/1.1" 200 8245
222.69.134.17 - - [15/Sep/2020:10:24:22 +0800] "GET /xingrg/javascript/easyui/themes/default/validatebox.css HTTP/1.1" 404 1104
172.17.0.100 - - [15/Sep/2020:10:24:22 +0800] "GET /xingrg/all/function/internal_message.html?_=1600136661269&CODE_STATE=getMsg HTTP/1.1" 200 27
114.86.226.190 - - [15/Sep/2020:10:24:24 +0800] "GET /xingrg/all/function/internal_message.html?_=1600136733609&CODE_STATE=getMsg HTTP/1.1" 200 27
172.17.200.101 - - [15/Sep/2020:10:24:26 +0800] "GET /xingrg/all/function/internal_message.html?_=1600136667516&CODE_STATE=getMsg HTTP/1.1" 200 27
114.82.29.189 - - [15/Sep/2020:10:24:29 +0800] "GET /xingrg/all/function/internal_message.html?_=1600136668863&CODE_STATE=getMsg HTTP/1.1" 200 27
116.238.64.253 - - [15/Sep/2020:10:24:36 +0800] "GET /xingrg/all/function/internal_message.html?_=1600136883532&CODE_STATE=getMsg HTTP/1.1" 200 27
180.157.253.48 - - [15/Sep/2020:10:24:38 +0800] "GET /xingrg/all/function/internal_message.html?_=1600136681372&CODE_STATE=getMsg HTTP/1.1" 200 27
172.17.0.120 - - [15/Sep/2020:10:24:39 +0800] "GET /xingrg/all/function/internal_message.html?_=1600136677319&CODE_STATE=getMsg HTTP/1.1" 200 27
117.184.7.30 - - [15/Sep/2020:10:24:40 +0800] "GET /xingrg/kc/buy/buy_main.html HTTP/1.1" 200 12412
117.184.7.30 - - [15/Sep/2020:10:24:40 +0800] "GET /xingrg/css/new_ie.css HTTP/1.1" 404 1036
114.82.29.189 - - [15/Sep/2020:10:24:40 +0800] "GET /xingrg/kc/buy/cgsh_order_operate.html?command=get_materiel&rest_code=00105&code=00101004030&supplier_code=00100312&order_time=2020-09-15 HTTP/1.1" 200 408
117.184.7.30 - - [15/Sep/2020:10:24:41 +0800] "GET /xingrg/images/yd/bt.gif HTTP/1.1" 404 1040
116.235.241.164 - - [15/Sep/2020:10:24:41 +0800] "GET /xingrg/all/function/internal_message.html?_=1600136683004&CODE_STATE=getMsg HTTP/1.1" 200 27
117.184.7.30 - - [15/Sep/2020:10:24:41 +0800] "GET /xingrg/kc/buy/cgsh_order_list.html HTTP/1.1" 200 43971
117.184.7.30 - - [15/Sep/2020:10:24:42 +0800] "POST /xingrg/kc/buy/cgsh_list_operate.html HTTP/1.1" 200 876
117.184.7.30 - - [15/Sep/2020:10:24:43 +0800] "GET /xingrg/kc/buy/cgsh_order_add.html HTTP/1.1" 200 59668
117.184.7.30 - - [15/Sep/2020:10:24:43 +0800] "GET /xingrg/all/common/auto_word.html?type=employee&rest_code=00108 HTTP/1.1" 200 147
117.184.7.30 - - [15/Sep/2020:10:24:43 +0800] "GET /xingrg/all/common/auto_word.html?type=employee&rest_code=00108 HTTP/1.1" 200 147
117.184.7.30 - - [15/Sep/2020:10:24:43 +0800] "GET /xingrg/javascript/easyui/themes/default/validatebox.css HTTP/1.1" 404 1104
117.184.7.30 - - [15/Sep/2020:10:24:44 +0800] "POST /xingrg/kc/buy/cgsh_order_operate.html HTTP/1.1" 200 8245
222.69.134.17 - - [15/Sep/2020:10:24:47 +0800] "GET /xingrg/kc/buy/cgsh_order_operate.html?command=get_materiel&rest_code=00149&code=00101007061&supplier_code=00100205&order_time=2020-09-15 HTTP/1.1" 200 409
114.82.29.189 - - [15/Sep/2020:10:24:47 +0800] "GET /xingrg/kc/buy/cgsh_order_operate.html?command=get_materiel&rest_code=00105&code=00101004013&supplier_code=00100312&order_time=2020-09-15 HTTP/1.1" 200 415
116.230.74.197 - - [15/Sep/2020:10:24:48 +0800] "GET /xingrg/all/function/internal_message.html?_=1600136685235&CODE_STATE=getMsg HTTP/1.1" 200 27
117.131.5.26 - - [15/Sep/2020:10:24:48 +0800] "GET /xingrg/all/function/internal_message.html?_=1600136707656&CODE_STATE=getMsg HTTP/1.1" 200 27
117.184.7.30 - - [15/Sep/2020:10:24:50 +0800] "GET /xingrg/all/function/internal_message.html?_=1600136687511&CODE_STATE=getMsg HTTP/1.1" 200 27
222.69.134.17 - - [15/Sep/2020:10:24:57 +0800] "GET /xingrg/all/function/internal_message.html?_=1600136695076&CODE_STATE=getMsg HTTP/1.1" 200 27
222.69.134.17 - - [15/Sep/2020:10:24:57 +0800] "GET /xingrg/check_reg.html?_=1600136695111 HTTP/1.1" 200 22
114.82.29.189 - - [15/Sep/2020:10:24:58 +0800] "GET /xingrg/kc/buy/cgsh_order_operate.html?command=get_materiel&rest_code=00105&code=00101010550&supplier_code=00100312&order_time=2020-09-15 HTTP/1.1" 200 399
116.235.241.164 - - [15/Sep/2020:10:25:00 +0800] "GET /xingrg/all/function/internal_message.html?_=1600136702241&CODE_STATE=getMsg HTTP/1.1" 200 27
114.82.29.189 - - [15/Sep/2020:10:25:06 +0800] "GET /xingrg/kc/buy/cgsh_order_operate.html?command=get_materiel&rest_code=00105&code=00101001029&supplier_code=00100312&order_time=2020-09-15 HTTP/1.1" 200 415
116.238.71.173 - - [15/Sep/2020:10:25:12 +0800] "GET /xingrg/all/function/internal_message.html?_=1600136711652&CODE_STATE=getMsg HTTP/1.1" 200 27
114.82.29.189 - - [15/Sep/2020:10:25:13 +0800] "GET /xingrg/kc/buy/cgsh_order_operate.html?command=get_materiel&rest_code=00105&code=00101001138&supplier_code=00100312&order_time=2020-09-15 HTTP/1.1" 200 415
218.81.217.115 - - [15/Sep/2020:10:25:14 +0800] "GET /xingrg/all/function/internal_message.html?_=1600136715395&CODE_STATE=getMsg HTTP/1.1" 200 27
222.69.134.17 - - [15/Sep/2020:10:25:15 +0800] "GET /xingrg/kc/buy/cgsh_order_operate.html?command=get_materiel&rest_code=00149&code=00101007023&supplier_code=00100205&order_time=2020-09-15 HTTP/1.1" 200 411
116.238.71.173 - - [15/Sep/2020:10:25:15 +0800] "GET /xingrg/all/function/internal_message.html?_=1600136838673&CODE_STATE=getMsg HTTP/1.1" 200 27
114.88.166.242 - - [15/Sep/2020:10:25:15 +0800] "GET /xingrg/all/function/internal_message.html?_=1600136781397&CODE_STATE=getMsg HTTP/1.1" 200 27
172.17.0.100 - - [15/Sep/2020:10:25:22 +0800] "GET /xingrg/all/function/internal_message.html?_=1600136721268&CODE_STATE=getMsg HTTP/1.1" 200 27
114.86.226.190 - - [15/Sep/2020:10:25:23 +0800] "GET /xingrg/all/function/internal_message.html?_=1600136793609&CODE_STATE=getMsg HTTP/1.1" 200 27
114.82.29.189 - - [15/Sep/2020:10:25:24 +0800] "GET /xingrg/check_reg.html?_=1600136724546 HTTP/1.1" 200 22
222.69.134.17 - - [15/Sep/2020:10:25:24 +0800] "GET /xingrg/kc/buy/cgsh_order_operate.html?command=get_materiel&rest_code=00149&code=00101007059&supplier_code=00100205&order_time=2020-09-15 HTTP/1.1" 200 409
172.17.200.101 - - [15/Sep/2020:10:25:26 +0800] "GET /xingrg/all/function/internal_message.html?_=1600136727544&CODE_STATE=getMsg HTTP/1.1" 200 27
172.17.200.101 - - [15/Sep/2020:10:25:27 +0800] "GET /xingrg/check_reg.html?_=1600136728320 HTTP/1.1" 200 22
114.82.29.189 - - [15/Sep/2020:10:25:29 +0800] "GET /xingrg/all/function/internal_message.html?_=1600136728849&CODE_STATE=getMsg HTTP/1.1" 200 27
114.82.29.189 - - [15/Sep/2020:10:25:35 +0800] "GET /xingrg/kc/buy/cgsh_order_operate.html?command=get_materiel&rest_code=00105&code=00101004023&supplier_code=00100312&order_time=2020-09-15 HTTP/1.1" 200 409
222.69.134.17 - - [15/Sep/2020:10:25:36 +0800] "POST /xingrg/kc/buy/cgsh_order_operate.html HTTP/1.1" 200 37
116.238.64.253 - - [15/Sep/2020:10:25:37 +0800] "GET /xingrg/all/function/internal_message.html?_=1600136943719&CODE_STATE=getMsg HTTP/1.1" 200 27
180.157.253.48 - - [15/Sep/2020:10:25:38 +0800] "GET /xingrg/all/function/internal_message.html?_=1600136741575&CODE_STATE=getMsg HTTP/1.1" 200 27
172.17.0.120 - - [15/Sep/2020:10:25:39 +0800] "GET /xingrg/all/function/internal_message.html?_=1600136737306&CODE_STATE=getMsg HTTP/1.1" 200 27
116.235.241.164 - - [15/Sep/2020:10:25:41 +0800] "GET /xingrg/all/function/internal_message.html?_=1600136743004&CODE_STATE=getMsg HTTP/1.1" 200 27
222.69.134.17 - - [15/Sep/2020:10:25:45 +0800] "POST /xingrg/kc/buy/cgsh_order_operate.html HTTP/1.1" 200 12
114.82.29.189 - - [15/Sep/2020:10:25:46 +0800] "POST /xingrg/kc/buy/cgsh_order_operate.html HTTP/1.1" 200 37
222.69.134.17 - - [15/Sep/2020:10:25:46 +0800] "GET /xingrg/kc/buy/cgsh_order_info.html?code=212020091506282 HTTP/1.1" 200 54663
222.69.134.17 - - [15/Sep/2020:10:25:46 +0800] "GET /xingrg/javascript/easyui/themes/default/validatebox.css HTTP/1.1" 404 1104
114.82.29.189 - - [15/Sep/2020:10:25:47 +0800] "POST /xingrg/kc/buy/cgsh_order_operate.html HTTP/1.1" 200 5627
172.17.0.120 - - [15/Sep/2020:10:25:47 +0800] "POST /xingrg/kc/buy/cgsh_list_operate.html HTTP/1.1" 200 2453
222.69.134.17 - - [15/Sep/2020:10:25:47 +0800] "POST /xingrg/kc/buy/cgsh_order_operate.html HTTP/1.1" 200 1783
116.230.74.197 - - [15/Sep/2020:10:25:48 +0800] "GET /xingrg/all/function/internal_message.html?_=1600136745219&CODE_STATE=getMsg HTTP/1.1" 200 27
117.131.5.26 - - [15/Sep/2020:10:25:48 +0800] "GET /xingrg/all/function/internal_message.html?_=1600136767631&CODE_STATE=getMsg HTTP/1.1" 200 27
222.69.134.17 - - [15/Sep/2020:10:25:48 +0800] "GET /xingrg/kc/print/load_data.html?order_code=212020091506282&kc_code=cgsh&condition= HTTP/1.1" 200 1137
114.82.29.189 - - [15/Sep/2020:10:25:48 +0800] "GET /xingrg/kc/print/load_data.html?order_code=212020091506283&kc_code=cgsh&condition= HTTP/1.1" 200 1801
116.230.74.197 - - [15/Sep/2020:10:25:49 +0800] "GET /xingrg/check_reg.html?_=1600136746484 HTTP/1.1" 200 22
117.131.5.26 - - [15/Sep/2020:10:25:50 +0800] "GET /xingrg/check_reg.html?_=1600136769936 HTTP/1.1" 200 22
117.184.7.30 - - [15/Sep/2020:10:25:50 +0800] "GET /xingrg/check_reg.html?_=1600136747501 HTTP/1.1" 200 22
117.184.7.26 - - [15/Sep/2020:10:25:50 +0800] "GET /xingrg/all/function/internal_message.html?_=1600136747503&CODE_STATE=getMsg HTTP/1.1" 200 27
114.82.29.189 - - [15/Sep/2020:10:25:52 +0800] "GET /xingrg/kc/buy/cgsh_order_add.html HTTP/1.1" 200 59709
172.17.0.120 - - [15/Sep/2020:10:25:52 +0800] "POST /xingrg/kc/buy/cgsh_list_operate.html HTTP/1.1" 200 5366
114.82.29.189 - - [15/Sep/2020:10:25:52 +0800] "GET /xingrg/javascript/easyui/themes/default/validatebox.css HTTP/1.1" 404 1104
114.82.29.189 - - [15/Sep/2020:10:25:52 +0800] "POST /xingrg/kc/buy/cgsh_order_operate.html HTTP/1.1" 200 8245
117.184.7.26 - - [15/Sep/2020:10:25:56 +0800] "GET /xingrg/javascript/auto/indicator.gif HTTP/1.1" 404 1066
117.184.7.30 - - [15/Sep/2020:10:25:56 +0800] "GET /xingrg/javascript/jquery_tools/images/prev.gif HTTP/1.1" 404 1086
117.184.7.30 - - [15/Sep/2020:10:25:56 +0800] "GET /xingrg/javascript/jquery_tools/images/next.gif HTTP/1.1" 404 1086
222.69.134.17 - - [15/Sep/2020:10:25:57 +0800] "GET /xingrg/all/function/internal_message.html?_=1600136755081&CODE_STATE=getMsg HTTP/1.1" 200 27
222.69.134.17 - - [15/Sep/2020:10:25:57 +0800] "GET /xingrg/kc/buy/cgsh_order_add.html HTTP/1.1" 200 59762
222.69.134.17 - - [15/Sep/2020:10:25:58 +0800] "POST /xingrg/kc/buy/cgsh_order_operate.html HTTP/1.1" 200 8245
222.69.134.17 - - [15/Sep/2020:10:25:58 +0800] "GET /xingrg/javascript/easyui/themes/default/validatebox.css HTTP/1.1" 404 1104
172.17.0.120 - - [15/Sep/2020:10:25:58 +0800] "GET /xingrg/kc/base/base_main.html HTTP/1.1" 200 12132
172.17.0.120 - - [15/Sep/2020:10:25:59 +0800] "GET /xingrg/kc/base/check_order_list.html HTTP/1.1" 200 16698
172.17.0.120 - - [15/Sep/2020:10:25:59 +0800] "POST /xingrg/kc/base/check_list_operate.html HTTP/1.1" 200 3522
116.235.241.164 - - [15/Sep/2020:10:26:00 +0800] "GET /xingrg/all/function/internal_message.html?_=1600136762240&CODE_STATE=getMsg HTTP/1.1" 200 27
172.17.0.120 - - [15/Sep/2020:10:26:02 +0800] "GET /xingrg/kc/buy/buy_main.html HTTP/1.1" 200 12377
172.17.0.120 - - [15/Sep/2020:10:26:02 +0800] "GET /xingrg/css/new_ie.css HTTP/1.1" 404 1036
114.82.29.189 - - [15/Sep/2020:10:26:02 +0800] "GET /xingrg/kc/buy/cgsh_order_operate.html?command=get_materiel&rest_code=00105&code=00101004011&supplier_code=00100086&order_time=2020-09-15 HTTP/1.1" 200 433
172.17.0.120 - - [15/Sep/2020:10:26:03 +0800] "GET /xingrg/images/yd/bt.gif HTTP/1.1" 404 1040
172.17.0.120 - - [15/Sep/2020:10:26:03 +0800] "GET /xingrg/kc/buy/cgsh_order_list.html HTTP/1.1" 200 44206
172.17.0.120 - - [15/Sep/2020:10:26:04 +0800] "POST /xingrg/kc/buy/cgsh_list_operate.html HTTP/1.1" 200 876
172.17.0.120 - - [15/Sep/2020:10:26:06 +0800] "GET /xingrg/javascript/jquery_tools/images/prev.gif HTTP/1.1" 404 1086
172.17.0.120 - - [15/Sep/2020:10:26:06 +0800] "GET /xingrg/javascript/jquery_tools/images/next.gif HTTP/1.1" 404 1086
172.17.0.120 - - [15/Sep/2020:10:26:10 +0800] "POST /xingrg/kc/buy/cgsh_list_operate.html HTTP/1.1" 200 2453
117.184.7.26 - - [15/Sep/2020:10:26:11 +0800] "GET /xingrg/kc/buy/cgsh_order_operate.html?command=get_materiel&rest_code=00108&code=00101008261&supplier_code=00100008&order_time=2020-09-15 HTTP/1.1" 200 408
116.238.71.173 - - [15/Sep/2020:10:26:12 +0800] "GET /xingrg/check_reg.html?_=1600136771701 HTTP/1.1" 200 22
116.238.71.173 - - [15/Sep/2020:10:26:12 +0800] "GET /xingrg/all/function/internal_message.html?_=1600136771705&CODE_STATE=getMsg HTTP/1.1" 200 27
218.81.217.115 - - [15/Sep/2020:10:26:14 +0800] "GET /xingrg/all/function/internal_message.html?_=1600136775521&CODE_STATE=getMsg HTTP/1.1" 200 27
116.238.71.173 - - [15/Sep/2020:10:26:15 +0800] "GET /xingrg/check_reg.html?_=1600136898628 HTTP/1.1" 200 22
116.238.71.173 - - [15/Sep/2020:10:26:15 +0800] "GET /xingrg/all/function/internal_message.html?_=1600136898687&CODE_STATE=getMsg HTTP/1.1" 200 27
114.88.166.242 - - [15/Sep/2020:10:26:15 +0800] "GET /xingrg/all/function/internal_message.html?_=1600136841395&CODE_STATE=getMsg HTTP/1.1" 200 27
114.82.29.189 - - [15/Sep/2020:10:26:21 +0800] "GET /xingrg/kc/buy/cgsh_order_operate.html?command=get_materiel&rest_code=00105&code=00101004065&supplier_code=00100086&order_time=2020-09-15 HTTP/1.1" 200 433
117.184.7.26 - - [15/Sep/2020:10:26:21 +0800] "GET /xingrg/kc/buy/cgsh_order_operate.html?command=get_materiel&rest_code=00108&code=00101008080&supplier_code=00100008&order_time=2020-09-15 HTTP/1.1" 200 416
172.17.0.100 - - [15/Sep/2020:10:26:22 +0800] "GET /xingrg/all/function/internal_message.html?_=1600136781269&CODE_STATE=getMsg HTTP/1.1" 200 27
172.17.0.100 - - [15/Sep/2020:10:26:22 +0800] "GET /xingrg/check_reg.html?_=1600136781271 HTTP/1.1" 200 22
114.86.226.190 - - [15/Sep/2020:10:26:22 +0800] "GET /xingrg/all/function/internal_message.html?_=1600136853609&CODE_STATE=getMsg HTTP/1.1" 200 27
172.17.200.101 - - [15/Sep/2020:10:26:26 +0800] "GET /xingrg/all/function/internal_message.html?_=1600136787521&CODE_STATE=getMsg HTTP/1.1" 200 27
61.151.178.175 - - [15/Sep/2020:10:26:26 +0800] "GET /xingrg/check_reg.html?_=1600135942772 HTTP/1.1" 302 -
114.82.29.189 - - [15/Sep/2020:10:26:29 +0800] "GET /xingrg/all/function/internal_message.html?_=1600136788801&CODE_STATE=getMsg HTTP/1.1" 200 27
61.151.178.175 - - [15/Sep/2020:10:26:35 +0800] "GET /xingrg/login.html HTTP/1.1" 200 7641
117.184.7.26 - - [15/Sep/2020:10:26:35 +0800] "GET /xingrg/kc/buy/cgsh_order_operate.html?command=get_materiel&rest_code=00108&code=00101008350&supplier_code=00100008&order_time=2020-09-15 HTTP/1.1" 200 408
116.238.64.253 - - [15/Sep/2020:10:26:37 +0800] "GET /xingrg/all/function/internal_message.html?_=1600137003730&CODE_STATE=getMsg HTTP/1.1" 200 27
180.157.253.48 - - [15/Sep/2020:10:26:38 +0800] "GET /xingrg/all/function/internal_message.html?_=1600136801586&CODE_STATE=getMsg HTTP/1.1" 200 27
172.17.0.120 - - [15/Sep/2020:10:26:39 +0800] "GET /xingrg/all/function/internal_message.html?_=1600136797322&CODE_STATE=getMsg HTTP/1.1" 200 27
172.17.0.120 - - [15/Sep/2020:10:26:39 +0800] "GET /xingrg/check_reg.html?_=1600136797327 HTTP/1.1" 200 22
116.235.241.164 - - [15/Sep/2020:10:26:41 +0800] "GET /xingrg/check_reg.html?_=1600136803006 HTTP/1.1" 200 22
116.235.241.164 - - [15/Sep/2020:10:26:41 +0800] "GET /xingrg/all/function/internal_message.html?_=1600136803008&CODE_STATE=getMsg HTTP/1.1" 200 27
116.230.74.197 - - [15/Sep/2020:10:26:48 +0800] "GET /xingrg/all/function/internal_message.html?_=1600136805207&CODE_STATE=getMsg HTTP/1.1" 200 27
117.131.5.26 - - [15/Sep/2020:10:26:48 +0800] "GET /xingrg/all/function/internal_message.html?_=1600136827635&CODE_STATE=getMsg HTTP/1.1" 200 27
114.82.29.189 - - [15/Sep/2020:10:26:49 +0800] "POST /xingrg/kc/buy/cgsh_order_operate.html HTTP/1.1" 200 37
114.82.29.189 - - [15/Sep/2020:10:26:50 +0800] "POST /xingrg/kc/buy/cgsh_order_operate.html HTTP/1.1" 200 3257
117.184.7.26 - - [15/Sep/2020:10:26:50 +0800] "GET /xingrg/all/function/internal_message.html?_=1600136807523&CODE_STATE=getMsg HTTP/1.1" 200 27
114.82.29.189 - - [15/Sep/2020:10:26:51 +0800] "GET /xingrg/kc/print/load_data.html?order_code=212020091506284&kc_code=cgsh&condition= HTTP/1.1" 200 958
114.82.29.189 - - [15/Sep/2020:10:26:54 +0800] "GET /xingrg/kc/buy/cgsh_order_add.html HTTP/1.1" 200 59709
114.82.29.189 - - [15/Sep/2020:10:26:55 +0800] "GET /xingrg/javascript/easyui/themes/default/validatebox.css HTTP/1.1" 404 1104
114.82.29.189 - - [15/Sep/2020:10:26:55 +0800] "POST /xingrg/kc/buy/cgsh_order_operate.html HTTP/1.1" 200 8245
222.69.134.17 - - [15/Sep/2020:10:26:57 +0800] "GET /xingrg/all/function/internal_message.html?_=1600136815085&CODE_STATE=getMsg HTTP/1.1" 200 27
116.235.241.164 - - [15/Sep/2020:10:27:00 +0800] "GET /xingrg/check_reg.html?_=1600136822244 HTTP/1.1" 200 22
116.235.241.164 - - [15/Sep/2020:10:27:00 +0800] "GET /xingrg/all/function/internal_message.html?_=1600136822250&CODE_STATE=getMsg HTTP/1.1" 200 27
114.82.29.189 - - [15/Sep/2020:10:27:06 +0800] "GET /xingrg/kc/buy/cgsh_order_operate.html?command=get_materiel&rest_code=00105&code=00101002006&supplier_code=00100091&order_time=2020-09-15 HTTP/1.1" 200 414
116.238.71.173 - - [15/Sep/2020:10:27:12 +0800] "GET /xingrg/all/function/internal_message.html?_=1600136831754&CODE_STATE=getMsg HTTP/1.1" 200 27
114.88.166.242 - - [15/Sep/2020:10:27:14 +0800] "GET /xingrg/check_reg.html?_=1600136831481 HTTP/1.1" 200 22
218.81.217.115 - - [15/Sep/2020:10:27:14 +0800] "GET /xingrg/all/function/internal_message.html?_=1600136835532&CODE_STATE=getMsg HTTP/1.1" 200 27
116.238.71.173 - - [15/Sep/2020:10:27:15 +0800] "GET /xingrg/all/function/internal_message.html?_=1600136958700&CODE_STATE=getMsg HTTP/1.1" 200 27
114.88.166.242 - - [15/Sep/2020:10:27:15 +0800] "GET /xingrg/all/function/internal_message.html?_=1600136901409&CODE_STATE=getMsg HTTP/1.1" 200 27
114.86.226.190 - - [15/Sep/2020:10:27:21 +0800] "GET /xingrg/check_reg.html?_=1600136913359 HTTP/1.1" 200 22
114.86.226.190 - - [15/Sep/2020:10:27:21 +0800] "GET /xingrg/all/function/internal_message.html?_=1600136913609&CODE_STATE=getMsg HTTP/1.1" 200 27
172.17.0.100 - - [15/Sep/2020:10:27:22 +0800] "GET /xingrg/all/function/internal_message.html?_=1600136841300&CODE_STATE=getMsg HTTP/1.1" 200 27
172.17.200.101 - - [15/Sep/2020:10:27:26 +0800] "GET /xingrg/all/function/internal_message.html?_=1600136847513&CODE_STATE=getMsg HTTP/1.1" 200 27
114.82.29.189 - - [15/Sep/2020:10:27:28 +0800] "GET /xingrg/kc/buy/cgsh_order_operate.html?command=get_materiel&rest_code=00105&code=00101003062&supplier_code=00100091&order_time=2020-09-15 HTTP/1.1" 200 401
114.82.29.189 - - [15/Sep/2020:10:27:29 +0800] "GET /xingrg/all/function/internal_message.html?_=1600136848784&CODE_STATE=getMsg HTTP/1.1" 200 27
116.238.64.253 - - [15/Sep/2020:10:27:35 +0800] "GET /xingrg/check_reg.html?_=1600137062133 HTTP/1.1" 200 22
180.157.253.48 - - [15/Sep/2020:10:27:37 +0800] "GET /xingrg/check_reg.html?_=1600136859860 HTTP/1.1" 200 22
116.238.64.253 - - [15/Sep/2020:10:27:37 +0800] "GET /xingrg/all/function/internal_message.html?_=1600137063743&CODE_STATE=getMsg HTTP/1.1" 200 27
114.82.29.189 - - [15/Sep/2020:10:27:38 +0800] "POST /xingrg/kc/buy/cgsh_order_operate.html HTTP/1.1" 200 37
180.157.253.48 - - [15/Sep/2020:10:27:38 +0800] "GET /xingrg/all/function/internal_message.html?_=1600136861600&CODE_STATE=getMsg HTTP/1.1" 200 27
172.17.0.120 - - [15/Sep/2020:10:27:39 +0800] "GET /xingrg/all/function/internal_message.html?_=1600136857312&CODE_STATE=getMsg HTTP/1.1" 200 27
114.82.29.189 - - [15/Sep/2020:10:27:39 +0800] "POST /xingrg/kc/buy/cgsh_order_operate.html HTTP/1.1" 200 3259
114.82.29.189 - - [15/Sep/2020:10:27:40 +0800] "GET /xingrg/kc/print/load_data.html?order_code=212020091506285&kc_code=cgsh&condition= HTTP/1.1" 200 969
58.37.9.106 - - [15/Sep/2020:10:27:40 +0800] "GET /xingrg/check_reg.html?_=1600136842719 HTTP/1.1" 200 22
116.235.241.164 - - [15/Sep/2020:10:27:41 +0800] "GET /xingrg/all/function/internal_message.html?_=1600136863009&CODE_STATE=getMsg HTTP/1.1" 200 27
114.82.29.189 - - [15/Sep/2020:10:27:44 +0800] "GET /xingrg/kc/buy/cgsh_order_add.html HTTP/1.1" 200 59709
114.82.29.189 - - [15/Sep/2020:10:27:44 +0800] "GET /xingrg/javascript/easyui/themes/default/validatebox.css HTTP/1.1" 404 1104
114.82.29.189 - - [15/Sep/2020:10:27:44 +0800] "POST /xingrg/kc/buy/cgsh_order_operate.html HTTP/1.1" 200 8245
116.230.74.197 - - [15/Sep/2020:10:27:48 +0800] "GET /xingrg/all/function/internal_message.html?_=1600136865192&CODE_STATE=getMsg HTTP/1.1" 200 27
172.17.0.240 - - [15/Sep/2020:10:27:48 +0800] "GET /xingrg/index.html?sysBaseUrl=http%3A%2F%2F172.17.0.8%3A18081%2Fxingrg%2F&costTime=213×tamp=1585200360465 HTTP/1.1" 302 -
172.17.0.240 - - [15/Sep/2020:10:27:48 +0800] "GET /xingrg/login.html HTTP/1.1" 200 7636
172.17.0.240 - - [15/Sep/2020:10:27:48 +0800] "GET /xingrg/images/blue/jxLogo.png HTTP/1.1" 200 6156
117.131.5.26 - - [15/Sep/2020:10:27:48 +0800] "GET /xingrg/all/function/internal_message.html?_=1600136887611&CODE_STATE=getMsg HTTP/1.1" 200 27
172.17.0.240 - - [15/Sep/2020:10:27:49 +0800] "GET /xingrg/images/blue/login_bg.png HTTP/1.1" 200 22101
172.17.0.240 - - [15/Sep/2020:10:27:49 +0800] "GET /xingrg/images/blue/hj.png HTTP/1.1" 200 1014
172.17.0.240 - - [15/Sep/2020:10:27:49 +0800] "GET /xingrg/images/blue/srbg.png HTTP/1.1" 200 138
172.17.0.240 - - [15/Sep/2020:10:27:49 +0800] "GET /favicon.ico HTTP/1.1" 404 -
120.253.135.82 - - [15/Sep/2020:10:27:50 +0800] "GET /xingrg/check_reg.html?_=1600136618616 HTTP/1.1" 200 22
117.184.7.26 - - [15/Sep/2020:10:27:50 +0800] "GET /xingrg/all/function/internal_message.html?_=1600136867519&CODE_STATE=getMsg HTTP/1.1" 200 27
172.17.0.240 - - [15/Sep/2020:10:27:51 +0800] "POST /xingrg/login.do HTTP/1.1" 302 -
172.17.0.240 - - [15/Sep/2020:10:27:52 +0800] "GET /xingrg/javascript/jquery_easy_ui/themes/icon.css HTTP/1.1" 200 3949
172.17.0.240 - - [15/Sep/2020:10:27:52 +0800] "GET /xingrg/css/form.css HTTP/1.1" 200 893
172.17.0.240 - - [15/Sep/2020:10:27:52 +0800] "GET /xingrg/javascript/jquery-1.4.2.min.js HTTP/1.1" 200 72205
172.17.0.240 - - [15/Sep/2020:10:27:52 +0800] "GET /xingrg/javascript/jquery_easy_ui/themes/default/easyui.css HTTP/1.1" 200 26500
172.17.0.240 - - [15/Sep/2020:10:27:52 +0800] "GET /xingrg/javascript/jquery_easy_ui/jquery.easyui.min.js HTTP/1.1" 200 213662
172.17.0.240 - - [15/Sep/2020:10:27:52 +0800] "GET /xingrg/javascript/jquery_easy_ui/easyui-lang-zh_CN.js HTTP/1.1" 200 1900
172.17.0.240 - - [15/Sep/2020:10:27:52 +0800] "GET /xingrg/javascript/jquery.form.js HTTP/1.1" 200 23110
172.17.0.240 - - [15/Sep/2020:10:27:52 +0800] "GET /xingrg/javascript/jquery.utils.js HTTP/1.1" 200 11805
172.17.0.240 - - [15/Sep/2020:10:27:52 +0800] "GET /xingrg/javascript/jquery.timers.js HTTP/1.1" 200 3532
172.17.0.240 - - [15/Sep/2020:10:27:52 +0800] "GET /favicon.ico HTTP/1.1" 404 -
172.17.0.240 - - [15/Sep/2020:10:27:52 +0800] "GET /xingrg/index.html?sysBaseUrl=http%3A%2F%2F172.17.0.8%3A18081%2Fxingrg%2F&costTime=397×tamp=1600136871895 HTTP/1.1" 200 17448
172.17.0.240 - - [15/Sep/2020:10:27:52 +0800] "GET /xingrg/javascript/jquery_easy_ui/themes/icons/settle_new.png HTTP/1.1" 200 826
172.17.0.240 - - [15/Sep/2020:10:27:52 +0800] "GET /xingrg/images/blue/navBackgound.jpg HTTP/1.1" 200 12378
172.17.0.240 - - [15/Sep/2020:10:27:52 +0800] "POST /xingrg/all/common/load_tree.html?tree=area_rest_tree_json&manage=1 HTTP/1.1" 200 3216
172.17.0.240 - - [15/Sep/2020:10:27:52 +0800] "GET /xingrg/all/function/internal_message.html?_=1600136869207&CODE_STATE=count HTTP/1.1" 200 11
172.17.0.240 - - [15/Sep/2020:10:27:52 +0800] "GET /xingrg/check_reg.html?_=1600136869208 HTTP/1.1" 200 22
172.17.0.240 - - [15/Sep/2020:10:27:52 +0800] "GET /xingrg/images/blue/pingpu.png HTTP/1.1" 200 231
172.17.0.240 - - [15/Sep/2020:10:27:52 +0800] "GET /xingrg/javascript/jquery_easy_ui/themes/default/images/tabs_leftarrow.png HTTP/1.1" 200 389
172.17.0.240 - - [15/Sep/2020:10:27:52 +0800] "GET /xingrg/javascript/jquery_easy_ui/themes/default/images/tabs_rightarrow.png HTTP/1.1" 200 395
172.17.0.240 - - [15/Sep/2020:10:27:52 +0800] "GET /xingrg/javascript/jquery_easy_ui/themes/default/images/panel_tool_expand.gif HTTP/1.1" 200 247
172.17.0.240 - - [15/Sep/2020:10:27:52 +0800] "GET /xingrg/javascript/jquery_easy_ui/themes/default/images/panel_tool_collapse.gif HTTP/1.1" 200 246
172.17.0.240 - - [15/Sep/2020:10:27:53 +0800] "POST /xingrg/load_menu.html HTTP/1.1" 200 11529
172.17.0.240 - - [15/Sep/2020:10:27:53 +0800] "GET /xingrg/javascript/jquery_easy_ui/themes/default/images/tree_arrows.gif HTTP/1.1" 200 1043
172.17.0.240 - - [15/Sep/2020:10:27:53 +0800] "GET /xingrg/javascript/jquery_easy_ui/themes/default/images/tree_folder_open.gif HTTP/1.1" 200 956
172.17.0.240 - - [15/Sep/2020:10:27:53 +0800] "GET /xingrg/javascript/jquery_easy_ui/themes/icons/search_new.png HTTP/1.1" 200 586
172.17.0.240 - - [15/Sep/2020:10:27:53 +0800] "GET /xingrg/javascript/jquery_easy_ui/themes/icons/delivery_new.png HTTP/1.1" 200 700
172.17.0.240 - - [15/Sep/2020:10:27:53 +0800] "GET /xingrg/javascript/jquery_easy_ui/themes/icons/storage_new.png HTTP/1.1" 200 853
172.17.0.240 - - [15/Sep/2020:10:27:53 +0800] "GET /xingrg/javascript/jquery_easy_ui/themes/icons/checkout_new.png HTTP/1.1" 200 744
172.17.0.240 - - [15/Sep/2020:10:27:53 +0800] "GET /xingrg/javascript/jquery_easy_ui/themes/icons/forms_new.png HTTP/1.1" 200 350
172.17.0.240 - - [15/Sep/2020:10:27:53 +0800] "GET /xingrg/javascript/jquery_easy_ui/themes/icons/setting_new.png HTTP/1.1" 200 450
172.17.0.240 - - [15/Sep/2020:10:27:53 +0800] "GET /xingrg/javascript/jquery_easy_ui/themes/icons/systemset_new.png HTTP/1.1" 200 606
172.17.0.240 - - [15/Sep/2020:10:27:53 +0800] "GET /xingrg/javascript/jquery_easy_ui/themes/default/images/tree_file.gif HTTP/1.1" 200 118
172.17.0.240 - - [15/Sep/2020:10:27:53 +0800] "GET /xingrg/javascript/jquery_easy_ui/themes/default/images/tree_folder.gif HTTP/1.1" 200 952
114.82.29.189 - - [15/Sep/2020:10:27:55 +0800] "GET /xingrg/kc/buy/cgsh_order_operate.html?command=get_materiel&rest_code=00105&code=00101003066&supplier_code=00100088&order_time=2020-09-15 HTTP/1.1" 200 412
172.17.0.240 - - [15/Sep/2020:10:27:56 +0800] "POST /xingrg/load_menu.html HTTP/1.1" 200 10512
172.17.0.240 - - [15/Sep/2020:10:27:57 +0800] "GET /xingrg/all/report/report_query.html?fileName=dma/new_5.0/yingye/order_list.xml HTTP/1.1" 200 55206
172.17.0.240 - - [15/Sep/2020:10:27:57 +0800] "GET /xingrg/javascript/jquery_easy_ui/themes/default/images/tabs_close.gif HTTP/1.1" 200 829
172.17.0.240 - - [15/Sep/2020:10:27:57 +0800] "GET /xingrg/javascript/multi_select/jqueryMultiSelect.css HTTP/1.1" 200 951
172.17.0.240 - - [15/Sep/2020:10:27:57 +0800] "GET /xingrg/css/blue.css HTTP/1.1" 200 15949
172.17.0.240 - - [15/Sep/2020:10:27:57 +0800] "GET /xingrg/javascript/calendar/timePicker.css HTTP/1.1" 200 523
172.17.0.240 - - [15/Sep/2020:10:27:57 +0800] "GET /xingrg/javascript/bigrid/fix.css HTTP/1.1" 200 1702
172.17.0.240 - - [15/Sep/2020:10:27:57 +0800] "GET /xingrg/javascript/pic_change.js HTTP/1.1" 200 4739
172.17.0.240 - - [15/Sep/2020:10:27:57 +0800] "GET /xingrg/dwr/interface/AjaxReportQueryService.js HTTP/1.1" 200 13203
172.17.0.240 - - [15/Sep/2020:10:27:57 +0800] "GET /xingrg/dwr/engine.js HTTP/1.1" 200 43631
172.17.0.240 - - [15/Sep/2020:10:27:57 +0800] "GET /xingrg/javascript/myfunction.js HTTP/1.1" 200 24559
172.17.0.240 - - [15/Sep/2020:10:27:57 +0800] "GET /xingrg/dwr/util.js HTTP/1.1" 200 35990
172.17.0.240 - - [15/Sep/2020:10:27:57 +0800] "GET /xingrg/javascript/jqueryMultiSelect.js HTTP/1.1" 200 11866
172.17.0.240 - - [15/Sep/2020:10:27:57 +0800] "GET /xingrg/javascript/Calendar.js HTTP/1.1" 200 31561
172.17.0.240 - - [15/Sep/2020:10:27:57 +0800] "GET /xingrg/javascript/calendar/jquery.timePicker.min.js HTTP/1.1" 200 2997
172.17.0.240 - - [15/Sep/2020:10:27:57 +0800] "GET /xingrg/javascript/bigrid/fix.js HTTP/1.1" 200 6439
172.17.0.240 - - [15/Sep/2020:10:27:57 +0800] "GET /xingrg/images/control/loading.gif HTTP/1.1" 200 13463
172.17.0.240 - - [15/Sep/2020:10:27:57 +0800] "GET /xingrg/images/blue/button/advanceover.gif HTTP/1.1" 200 1347
172.17.0.240 - - [15/Sep/2020:10:27:57 +0800] "GET /xingrg/images/blue/button/advance2over.gif HTTP/1.1" 200 1336
172.17.0.240 - - [15/Sep/2020:10:27:57 +0800] "GET /xingrg/images/blue/button/back2over.gif HTTP/1.1" 200 1335
172.17.0.240 - - [15/Sep/2020:10:27:57 +0800] "GET /xingrg/images/blue/button/backover.gif HTTP/1.1" 200 1348
172.17.0.240 - - [15/Sep/2020:10:27:57 +0800] "GET /xingrg/javascript/jquery_easy_ui/themes/icons/help.png HTTP/1.1" 200 1187
172.17.0.240 - - [15/Sep/2020:10:27:57 +0800] "GET /xingrg/javascript/jquery_easy_ui/themes/default/images/menu_downarrow.png HTTP/1.1" 200 173
172.17.0.240 - - [15/Sep/2020:10:27:57 +0800] "GET /xingrg/javascript/jquery_easy_ui/themes/default/images/button_a_bg.gif HTTP/1.1" 200 1194
172.17.0.240 - - [15/Sep/2020:10:27:57 +0800] "GET /xingrg/javascript/jquery_easy_ui/themes/default/images/menu.gif HTTP/1.1" 200 834
172.17.0.240 - - [15/Sep/2020:10:27:57 +0800] "GET /xingrg/javascript/jquery_easy_ui/themes/icons/print.png HTTP/1.1" 200 1057
172.17.0.240 - - [15/Sep/2020:10:27:57 +0800] "POST /xingrg/dwr/call/plaincall/AjaxReportQueryService.getFixDate.dwr HTTP/1.1" 200 111
172.17.0.240 - - [15/Sep/2020:10:27:57 +0800] "GET /xingrg/javascript/jquery_easy_ui/themes/icons/pencil.png HTTP/1.1" 200 713
172.17.0.240 - - [15/Sep/2020:10:27:57 +0800] "GET /xingrg/javascript/jquery_easy_ui/themes/default/images/menu_rightarrow.png HTTP/1.1" 200 3617
222.69.134.17 - - [15/Sep/2020:10:27:57 +0800] "GET /xingrg/all/function/internal_message.html?_=1600136875088&CODE_STATE=getMsg HTTP/1.1" 200 27
172.17.0.240 - - [15/Sep/2020:10:27:57 +0800] "GET /xingrg/javascript/jquery_easy_ui/themes/default/images/tabs_active.png HTTP/1.1" 200 2894
172.17.0.240 - - [15/Sep/2020:10:27:57 +0800] "GET /xingrg/javascript/jquery_easy_ui/themes/default/images/combo_arrow_dot.gif HTTP/1.1" 200 79
172.17.0.240 - - [15/Sep/2020:10:27:57 +0800] "POST /xingrg/all/common/load_tree.html?tree=area_station_tree_json&manage=1 HTTP/1.1" 200 3116
172.17.0.240 - - [15/Sep/2020:10:27:57 +0800] "GET /xingrg/javascript/jquery_easy_ui/themes/default/images/tree_checkbox_0.gif HTTP/1.1" 200 168
172.17.0.240 - - [15/Sep/2020:10:27:57 +0800] "GET /xingrg/javascript/jquery_easy_ui/themes/icons/rest.png HTTP/1.1" 200 695
172.17.0.240 - - [15/Sep/2020:10:27:58 +0800] "POST /xingrg/dwr/call/plaincall/AjaxReportQueryService.getInitString.dwr HTTP/1.1" 200 76
172.17.0.240 - - [15/Sep/2020:10:27:58 +0800] "GET /xingrg/javascript/multi_select/dropdown.gif HTTP/1.1" 200 61
172.17.0.240 - - [15/Sep/2020:10:27:58 +0800] "GET /xingrg/javascript/jquery_easy_ui/themes/icons/area.png HTTP/1.1" 200 262
172.17.0.240 - - [15/Sep/2020:10:27:58 +0800] "GET /xingrg/javascript/jquery_easy_ui/themes/icons/manage.png HTTP/1.1" 200 696
172.17.0.240 - - [15/Sep/2020:10:27:59 +0800] "POST /xingrg/dwr/call/plaincall/AjaxReportQueryService.getFixDate.dwr HTTP/1.1" 200 111
116.235.241.164 - - [15/Sep/2020:10:28:00 +0800] "GET /xingrg/all/function/internal_message.html?_=1600136882237&CODE_STATE=getMsg HTTP/1.1" 200 27
172.17.0.240 - - [15/Sep/2020:10:28:03 +0800] "GET /xingrg/javascript/jquery_easy_ui/themes/default/images/tree_checkbox_1.gif HTTP/1.1" 200 174
172.17.0.240 - - [15/Sep/2020:10:28:03 +0800] "GET /xingrg/javascript/jquery_easy_ui/themes/default/images/tree_checkbox_2.gif HTTP/1.1" 200 181
172.17.0.240 - - [15/Sep/2020:10:28:03 +0800] "POST /xingrg/dwr/call/plaincall/AjaxReportQueryService.queryInitializeString.dwr HTTP/1.1" 200 265
172.17.0.240 - - [15/Sep/2020:10:28:05 +0800] "POST /xingrg/dwr/call/plaincall/AjaxReportQueryService.refreshCache.dwr HTTP/1.1" 200 78
172.17.0.240 - - [15/Sep/2020:10:28:06 +0800] "POST /xingrg/all/report/load_report_page.html HTTP/1.1" 200 215150
172.17.0.240 - - [15/Sep/2020:10:28:06 +0800] "GET /xingrg/images/blue/button/back2.gif HTTP/1.1" 200 1339
172.17.0.240 - - [15/Sep/2020:10:28:06 +0800] "GET /xingrg/images/blue/button/back.gif HTTP/1.1" 200 1352
172.17.0.240 - - [15/Sep/2020:10:28:06 +0800] "GET /xingrg/servlets/image?cache=0.7543315904802587&image=px HTTP/1.1" 200 807
172.17.0.240 - - [15/Sep/2020:10:28:08 +0800] "POST /xingrg/all/report/load_report_page.html HTTP/1.1" 200 116465
172.17.0.240 - - [15/Sep/2020:10:28:08 +0800] "GET /xingrg/images/blue/button/advance.gif HTTP/1.1" 200 1354
172.17.0.240 - - [15/Sep/2020:10:28:08 +0800] "GET /xingrg/images/blue/button/advance2.gif HTTP/1.1" 200 1338
172.17.0.240 - - [15/Sep/2020:10:28:09 +0800] "GET /xingrg/servlets/image?cache=0.5372017531486234&image=px HTTP/1.1" 200 807
114.82.29.189 - - [15/Sep/2020:10:28:10 +0800] "POST /xingrg/kc/buy/cgsh_order_operate.html HTTP/1.1" 200 37
