180.157.253.48 - - [15/Sep/2020:09:01:55 +0800] "GET /xingrg/javascript/jquery_tools/table.css HTTP/1.1" 304 -
180.157.253.48 - - [15/Sep/2020:09:01:55 +0800] "GET /xingrg/javascript/auto/jquery.autocomplete.js HTTP/1.1" 304 -
180.157.253.48 - - [15/Sep/2020:09:01:55 +0800] "GET /xingrg/javascript/jquery_tools/jquery.tools.hotkey.js HTTP/1.1" 304 -
180.157.253.48 - - [15/Sep/2020:09:01:55 +0800] "GET /xingrg/javascript/easyui/easyloader.js HTTP/1.1" 304 -
180.157.253.48 - - [15/Sep/2020:09:01:55 +0800] "GET /xingrg/javascript/jquery.utils.js HTTP/1.1" 304 -
180.157.253.48 - - [15/Sep/2020:09:01:55 +0800] "GET /xingrg/javascript/jquery_tools/list_manager.js HTTP/1.1" 304 -
180.157.253.48 - - [15/Sep/2020:09:01:55 +0800] "GET /xingrg/javascript/jquery_tools/jquery.tools.min.js HTTP/1.1" 304 -
180.157.253.48 - - [15/Sep/2020:09:01:55 +0800] "GET /xingrg/javascript/jquery.cookie.js HTTP/1.1" 304 -
180.157.253.48 - - [15/Sep/2020:09:01:55 +0800] "GET /xingrg/javascript/jquery_tools/jquery.tools.table.js HTTP/1.1" 304 -
180.157.253.48 - - [15/Sep/2020:09:01:55 +0800] "GET /xingrg/javascript/print/LodopFuncs.js HTTP/1.1" 304 -
180.157.253.48 - - [15/Sep/2020:09:01:55 +0800] "GET /xingrg/kc/buy/cgsh_order_list.html HTTP/1.1" 200 43977
120.253.135.82 - - [15/Sep/2020:09:01:55 +0800] "GET /xingrg/all/function/internal_message.html?_=1600131464030&CODE_STATE=getMsg HTTP/1.1" 200 27
180.157.253.48 - - [15/Sep/2020:09:01:55 +0800] "GET /xingrg/javascript/easyui/plugins/jquery.parser.js HTTP/1.1" 304 -
116.238.71.173 - - [15/Sep/2020:09:01:56 +0800] "GET /xingrg/all/function/internal_message.html?_=1600131839746&CODE_STATE=getMsg HTTP/1.1" 200 27
180.157.253.48 - - [15/Sep/2020:09:01:56 +0800] "POST /xingrg/kc/buy/cgsh_list_operate.html HTTP/1.1" 200 3086
116.230.74.197 - - [15/Sep/2020:09:01:56 +0800] "GET /xingrg/kc/buy/cgsh_order_operate.html?command=get_materiel&rest_code=00107&code=00101008176&supplier_code=00100006&order_time=2020-09-15 HTTP/1.1" 200 431
222.69.134.17 - - [15/Sep/2020:09:01:57 +0800] "GET /xingrg/all/function/internal_message.html?_=1600131715017&CODE_STATE=getMsg HTTP/1.1" 200 27
117.131.5.26 - - [15/Sep/2020:09:01:59 +0800] "POST /xingrg/dwr/call/plaincall/AjaxYddbService.checkOrder.dwr HTTP/1.1" 200 79
117.131.5.26 - - [15/Sep/2020:09:02:00 +0800] "GET /xingrg/kc/base/yddb_order_info.html?code=482020091100109 HTTP/1.1" 200 29272
117.131.5.26 - - [15/Sep/2020:09:02:00 +0800] "GET /xingrg/dwr/interface/AjaxComOrderService.js HTTP/1.1" 200 18264
117.131.5.26 - - [15/Sep/2020:09:02:00 +0800] "GET /xingrg/dwr/interface/AjaxYddbService.js HTTP/1.1" 200 13201
117.131.5.26 - - [15/Sep/2020:09:02:00 +0800] "GET /xingrg/dwr/engine.js HTTP/1.1" 200 43631
116.235.241.164 - - [15/Sep/2020:09:02:00 +0800] "GET /xingrg/all/function/internal_message.html?_=1600131722150&CODE_STATE=getMsg HTTP/1.1" 200 27
116.235.241.164 - - [15/Sep/2020:09:02:00 +0800] "GET /xingrg/check_reg.html?_=1600131722152 HTTP/1.1" 200 22
117.131.5.26 - - [15/Sep/2020:09:02:00 +0800] "POST /xingrg/dwr/call/plaincall/AjaxYddbService.loadMaterielItems.dwr HTTP/1.1" 200 723
222.69.134.17 - - [15/Sep/2020:09:02:03 +0800] "GET /xingrg/kc/buy/cgsh_order_operate.html?command=get_materiel&rest_code=00149&code=00101008286&supplier_code=00100005&order_time=2020-09-15 HTTP/1.1" 200 408
114.86.226.190 - - [15/Sep/2020:09:02:03 +0800] "GET /xingrg/all/function/internal_message.html?_=1600131753375&CODE_STATE=getMsg HTTP/1.1" 200 27
117.131.5.26 - - [15/Sep/2020:09:02:06 +0800] "GET /xingrg/kc/base/yddb_order_report.html?fileType=servlets/html&code=482020091100109&reportName=ck_order_report&subName=yddb HTTP/1.1" 302 -
117.131.5.26 - - [15/Sep/2020:09:02:06 +0800] "GET /xingrg/servlets/html?sysBaseUrl=http%3A%2F%2F180.169.147.146%3A18081%2Fxingrg%2F&costTime=133×tamp=1600131726144 HTTP/1.1" 200 17523
117.131.5.26 - - [15/Sep/2020:09:02:06 +0800] "GET /xingrg/servlets/image?image=px HTTP/1.1" 200 807
117.131.5.26 - - [15/Sep/2020:09:02:06 +0800] "GET /favicon.ico HTTP/1.1" 404 -
180.157.253.48 - - [15/Sep/2020:09:02:07 +0800] "GET /xingrg/kc/base/kc_stocks.html HTTP/1.1" 200 16335
180.157.253.48 - - [15/Sep/2020:09:02:07 +0800] "GET /xingrg/javascript/easyui/themes/default/tree.css HTTP/1.1" 404 1090
180.157.253.48 - - [15/Sep/2020:09:02:07 +0800] "POST /xingrg/all/common/load_tree.html?tree=materiel_sort_tree_json HTTP/1.1" 200 8666
222.69.134.17 - - [15/Sep/2020:09:02:08 +0800] "GET /xingrg/kc/buy/cgsh_order_operate.html?command=get_materiel&rest_code=00149&code=00101008356&supplier_code=00100005&order_time=2020-09-15 HTTP/1.1" 200 409
180.157.253.48 - - [15/Sep/2020:09:02:08 +0800] "POST /xingrg/all/common/load_combo.html?type=base HTTP/1.1" 200 3142
114.88.166.242 - - [15/Sep/2020:09:02:09 +0800] "GET /xingrg/all/function/internal_message.html?_=1600131794704&CODE_STATE=getMsg HTTP/1.1" 200 27
218.81.217.115 - - [15/Sep/2020:09:02:10 +0800] "GET /xingrg/all/function/internal_message.html?_=1600131730851&CODE_STATE=getMsg HTTP/1.1" 200 27
180.157.253.48 - - [15/Sep/2020:09:02:11 +0800] "POST /xingrg/kc/base/stock_operate.html HTTP/1.1" 200 4275
114.88.166.242 - - [15/Sep/2020:09:02:14 +0800] "GET /xingrg/check_reg.html?_=1600131731372 HTTP/1.1" 200 22
180.157.253.48 - - [15/Sep/2020:09:02:15 +0800] "POST /xingrg/kc/base/stock_operate.html HTTP/1.1" 200 2881
180.157.253.48 - - [15/Sep/2020:09:02:17 +0800] "POST /xingrg/kc/base/stock_operate.html HTTP/1.1" 200 4581
180.157.253.48 - - [15/Sep/2020:09:02:22 +0800] "POST /xingrg/kc/base/stock_operate.html HTTP/1.1" 200 4644
172.17.0.100 - - [15/Sep/2020:09:02:23 +0800] "GET /xingrg/all/function/internal_message.html?_=1600131741955&CODE_STATE=getMsg HTTP/1.1" 200 27
172.17.200.101 - - [15/Sep/2020:09:02:26 +0800] "GET /xingrg/all/function/internal_message.html?_=1600131747352&CODE_STATE=getMsg HTTP/1.1" 200 27
114.82.29.189 - - [15/Sep/2020:09:02:31 +0800] "GET /xingrg/all/function/internal_message.html?_=1600131750712&CODE_STATE=getMsg HTTP/1.1" 200 27
222.69.134.17 - - [15/Sep/2020:09:02:33 +0800] "GET /xingrg/kc/buy/cgsh_order_operate.html?command=get_materiel&rest_code=00149&code=00101008360&supplier_code=00100005&order_time=2020-09-15 HTTP/1.1" 200 412
116.230.74.197 - - [15/Sep/2020:09:02:34 +0800] "GET /xingrg/kc/buy/cgsh_order_operate.html?command=get_materiel&rest_code=00107&code=00101008141&supplier_code=00100006&order_time=2020-09-15 HTTP/1.1" 200 412
180.157.253.48 - - [15/Sep/2020:09:02:34 +0800] "GET /xingrg/check_reg.html?_=1600131756999 HTTP/1.1" 200 22
180.157.253.48 - - [15/Sep/2020:09:02:34 +0800] "GET /xingrg/all/function/internal_message.html?_=1600131757153&CODE_STATE=getMsg HTTP/1.1" 200 27
180.157.253.48 - - [15/Sep/2020:09:02:34 +0800] "POST /xingrg/kc/base/stock_operate.html HTTP/1.1" 200 4671
116.238.71.173 - - [15/Sep/2020:09:02:36 +0800] "GET /xingrg/all/function/internal_message.html?_=1600131756280&CODE_STATE=getMsg HTTP/1.1" 200 27
180.157.253.48 - - [15/Sep/2020:09:02:39 +0800] "POST /xingrg/kc/base/stock_operate.html HTTP/1.1" 200 4644
116.235.241.164 - - [15/Sep/2020:09:02:41 +0800] "GET /xingrg/all/function/internal_message.html?_=1600131762910&CODE_STATE=getMsg HTTP/1.1" 200 27
58.37.9.106 - - [15/Sep/2020:09:02:41 +0800] "GET /xingrg/check_reg.html?_=1600131743020 HTTP/1.1" 200 22
172.17.0.123 - - [15/Sep/2020:09:02:41 +0800] "GET /xingrg/all/function/internal_message.html?_=1600131763511&CODE_STATE=getMsg HTTP/1.1" 200 27
180.157.253.48 - - [15/Sep/2020:09:02:43 +0800] "POST /xingrg/kc/base/stock_operate.html HTTP/1.1" 200 4664
222.69.134.17 - - [15/Sep/2020:09:02:43 +0800] "GET /xingrg/kc/buy/cgsh_order_operate.html?command=get_materiel&rest_code=00149&code=00101008223&supplier_code=00100005&order_time=2020-09-15 HTTP/1.1" 200 412
180.157.253.48 - - [15/Sep/2020:09:02:46 +0800] "POST /xingrg/kc/base/stock_operate.html HTTP/1.1" 200 4616
116.230.74.197 - - [15/Sep/2020:09:02:47 +0800] "GET /xingrg/all/function/internal_message.html?_=1600131764175&CODE_STATE=getMsg HTTP/1.1" 200 27
222.69.134.17 - - [15/Sep/2020:09:02:47 +0800] "POST /xingrg/kc/buy/cgsh_order_operate.html HTTP/1.1" 200 2065
180.157.253.48 - - [15/Sep/2020:09:02:49 +0800] "POST /xingrg/kc/base/stock_operate.html HTTP/1.1" 200 4631
117.131.5.26 - - [15/Sep/2020:09:02:50 +0800] "GET /xingrg/all/function/internal_message.html?_=1600131789760&CODE_STATE=getMsg HTTP/1.1" 200 27
180.157.253.48 - - [15/Sep/2020:09:02:51 +0800] "POST /xingrg/kc/base/stock_operate.html HTTP/1.1" 200 4645
172.17.0.100 - - [15/Sep/2020:09:02:52 +0800] "GET /xingrg/kc/base/wldb_order_list.html HTTP/1.1" 200 19323
222.69.134.17 - - [15/Sep/2020:09:02:52 +0800] "GET /xingrg/kc/buy/cgsh_order_operate.html?command=get_materiel&rest_code=00149&code=00101008078&supplier_code=00100005&order_time=2020-09-15 HTTP/1.1" 200 416
172.17.0.100 - - [15/Sep/2020:09:02:52 +0800] "POST /xingrg/kc/base/wldb_list_operate.html HTTP/1.1" 200 928
180.157.253.48 - - [15/Sep/2020:09:02:52 +0800] "GET /xingrg/all/function/internal_message.html?_=1600131773434&CODE_STATE=getMsg HTTP/1.1" 200 27
116.230.74.197 - - [15/Sep/2020:09:02:52 +0800] "GET /xingrg/kc/buy/cgsh_order_operate.html?command=get_materiel&rest_code=00107&code=00101008118&supplier_code=00100006&order_time=2020-09-15 HTTP/1.1" 200 418
180.157.253.48 - - [15/Sep/2020:09:02:54 +0800] "POST /xingrg/kc/base/stock_operate.html HTTP/1.1" 200 4606
120.253.135.82 - - [15/Sep/2020:09:02:55 +0800] "GET /xingrg/all/function/internal_message.html?_=1600131524049&CODE_STATE=getMsg HTTP/1.1" 200 27
116.238.71.173 - - [15/Sep/2020:09:02:56 +0800] "GET /xingrg/all/function/internal_message.html?_=1600131899850&CODE_STATE=getMsg HTTP/1.1" 200 27
222.69.134.17 - - [15/Sep/2020:09:02:57 +0800] "GET /xingrg/all/function/internal_message.html?_=1600131774991&CODE_STATE=getMsg HTTP/1.1" 200 27
180.157.253.48 - - [15/Sep/2020:09:02:59 +0800] "POST /xingrg/kc/base/stock_operate.html HTTP/1.1" 200 4550
116.235.241.164 - - [15/Sep/2020:09:03:00 +0800] "GET /xingrg/all/function/internal_message.html?_=1600131782136&CODE_STATE=getMsg HTTP/1.1" 200 27
180.157.253.48 - - [15/Sep/2020:09:03:01 +0800] "POST /xingrg/kc/base/stock_operate.html HTTP/1.1" 200 4445
116.230.74.197 - - [15/Sep/2020:09:03:02 +0800] "POST /xingrg/kc/buy/cgsh_order_operate.html HTTP/1.1" 200 2065
114.86.226.190 - - [15/Sep/2020:09:03:03 +0800] "GET /xingrg/check_reg.html?_=1600131813296 HTTP/1.1" 200 22
114.86.226.190 - - [15/Sep/2020:09:03:03 +0800] "GET /xingrg/all/function/internal_message.html?_=1600131813375&CODE_STATE=getMsg HTTP/1.1" 200 27
222.69.134.17 - - [15/Sep/2020:09:03:03 +0800] "GET /xingrg/kc/buy/cgsh_order_operate.html?command=get_materiel&rest_code=00149&code=00101008238&supplier_code=00100005&order_time=2020-09-15 HTTP/1.1" 200 416
180.157.253.48 - - [15/Sep/2020:09:03:04 +0800] "POST /xingrg/kc/base/stock_operate.html HTTP/1.1" 200 4371
180.157.253.48 - - [15/Sep/2020:09:03:06 +0800] "POST /xingrg/kc/base/stock_operate.html HTTP/1.1" 200 4275
114.88.166.242 - - [15/Sep/2020:09:03:09 +0800] "GET /xingrg/all/function/internal_message.html?_=1600131854678&CODE_STATE=getMsg HTTP/1.1" 200 27
114.88.166.242 - - [15/Sep/2020:09:03:09 +0800] "GET /xingrg/check_reg.html?_=1600131854843 HTTP/1.1" 200 22
218.81.217.115 - - [15/Sep/2020:09:03:10 +0800] "GET /xingrg/all/function/internal_message.html?_=1600131790973&CODE_STATE=getMsg HTTP/1.1" 200 27
116.230.74.197 - - [15/Sep/2020:09:03:18 +0800] "GET /xingrg/kc/buy/cgsh_order_operate.html?command=get_materiel&rest_code=00107&code=00101008357&supplier_code=00100006&order_time=2020-09-15 HTTP/1.1" 200 408
180.157.253.48 - - [15/Sep/2020:09:03:18 +0800] "POST /xingrg/kc/base/stock_operate.html HTTP/1.1" 200 2881
180.157.253.48 - - [15/Sep/2020:09:03:20 +0800] "POST /xingrg/kc/base/stock_operate.html HTTP/1.1" 200 4581
180.157.253.48 - - [15/Sep/2020:09:03:21 +0800] "POST /xingrg/kc/base/stock_operate.html HTTP/1.1" 200 4644
218.81.217.115 - - [15/Sep/2020:09:03:21 +0800] "GET /xingrg/check_reg.html?_=1600131802345 HTTP/1.1" 200 22
172.17.0.100 - - [15/Sep/2020:09:03:23 +0800] "GET /xingrg/all/function/internal_message.html?_=1600131801938&CODE_STATE=getMsg HTTP/1.1" 200 27
172.17.200.101 - - [15/Sep/2020:09:03:26 +0800] "GET /xingrg/all/function/internal_message.html?_=1600131807352&CODE_STATE=getMsg HTTP/1.1" 200 27
180.157.253.48 - - [15/Sep/2020:09:03:30 +0800] "GET /xingrg/kc/buy/cgsh_order_list.html HTTP/1.1" 200 43977
114.82.29.189 - - [15/Sep/2020:09:03:31 +0800] "GET /xingrg/all/function/internal_message.html?_=1600131810691&CODE_STATE=getMsg HTTP/1.1" 200 27
180.157.253.48 - - [15/Sep/2020:09:03:32 +0800] "POST /xingrg/kc/buy/cgsh_list_operate.html HTTP/1.1" 200 3086
180.157.253.48 - - [15/Sep/2020:09:03:34 +0800] "GET /xingrg/all/function/internal_message.html?_=1600131817168&CODE_STATE=getMsg HTTP/1.1" 200 27
180.157.253.48 - - [15/Sep/2020:09:03:34 +0800] "GET /xingrg/kc/buy/cgsh_order_add.html HTTP/1.1" 200 59715
180.157.253.48 - - [15/Sep/2020:09:03:35 +0800] "GET /xingrg/javascript/easyui/themes/default/validatebox.css HTTP/1.1" 404 1104
180.157.253.48 - - [15/Sep/2020:09:03:35 +0800] "POST /xingrg/kc/buy/cgsh_order_operate.html HTTP/1.1" 200 8245
116.238.71.173 - - [15/Sep/2020:09:03:36 +0800] "GET /xingrg/all/function/internal_message.html?_=1600131816317&CODE_STATE=getMsg HTTP/1.1" 200 27
117.185.32.26 - - [15/Sep/2020:09:03:38 +0800] "GET /xingrg/check_reg.html?_=1600132241897 HTTP/1.1" 200 22
180.157.253.48 - - [15/Sep/2020:09:03:38 +0800] "GET /xingrg/kc/base/wldb_order_list.html HTTP/1.1" 200 19343
180.157.253.48 - - [15/Sep/2020:09:03:39 +0800] "POST /xingrg/kc/base/wldb_list_operate.html HTTP/1.1" 200 2572
180.157.253.48 - - [15/Sep/2020:09:03:40 +0800] "GET /xingrg/kc/base/wldb_order_add.html HTTP/1.1" 200 30455
116.235.241.164 - - [15/Sep/2020:09:03:41 +0800] "GET /xingrg/all/function/internal_message.html?_=1600131822910&CODE_STATE=getMsg HTTP/1.1" 200 27
180.157.253.48 - - [15/Sep/2020:09:03:41 +0800] "POST /xingrg/kc/base/wldb_order_operate.html HTTP/1.1" 200 6806
180.157.253.48 - - [15/Sep/2020:09:03:41 +0800] "GET /xingrg/javascript/easyui/themes/default/validatebox.css HTTP/1.1" 404 1104
172.17.0.123 - - [15/Sep/2020:09:03:41 +0800] "GET /xingrg/all/function/internal_message.html?_=1600131823515&CODE_STATE=getMsg HTTP/1.1" 200 27
114.88.166.242 - - [15/Sep/2020:09:03:46 +0800] "POST /xingrg/kc/buy/cgsh_order_operate.html HTTP/1.1" 200 37
116.230.74.197 - - [15/Sep/2020:09:03:47 +0800] "GET /xingrg/all/function/internal_message.html?_=1600131824159&CODE_STATE=getMsg HTTP/1.1" 200 27
114.88.166.242 - - [15/Sep/2020:09:03:47 +0800] "POST /xingrg/kc/buy/cgsh_order_operate.html HTTP/1.1" 200 16271
180.157.253.48 - - [15/Sep/2020:09:03:49 +0800] "GET /xingrg/kc/base/wldb_order_operate.html?command=get_materiel&rest_code=00148&base_code=0010001&code=00101019056 HTTP/1.1" 200 474
117.131.5.26 - - [15/Sep/2020:09:03:50 +0800] "GET /xingrg/all/function/internal_message.html?_=1600131849735&CODE_STATE=getMsg HTTP/1.1" 200 27
180.157.253.48 - - [15/Sep/2020:09:03:52 +0800] "POST /xingrg/kc/base/wldb_order_operate.html HTTP/1.1" 200 37
180.157.253.48 - - [15/Sep/2020:09:03:52 +0800] "GET /xingrg/check_reg.html?_=1600131833439 HTTP/1.1" 200 22
180.157.253.48 - - [15/Sep/2020:09:03:52 +0800] "GET /xingrg/all/function/internal_message.html?_=1600131833444&CODE_STATE=getMsg HTTP/1.1" 200 27
180.157.253.48 - - [15/Sep/2020:09:03:55 +0800] "POST /xingrg/kc/base/wldb_order_operate.html HTTP/1.1" 200 12
116.230.74.197 - - [15/Sep/2020:09:03:55 +0800] "GET /xingrg/kc/buy/cgsh_order_operate.html?command=get_materiel&rest_code=00107&code=00101008364&supplier_code=00100006&order_time=2020-09-15 HTTP/1.1" 200 413
180.157.253.48 - - [15/Sep/2020:09:03:55 +0800] "POST /xingrg/kc/base/wldb_order_operate.html HTTP/1.1" 200 2214
120.253.135.82 - - [15/Sep/2020:09:03:55 +0800] "GET /xingrg/all/function/internal_message.html?_=1600131584058&CODE_STATE=getMsg HTTP/1.1" 200 27
116.238.71.173 - - [15/Sep/2020:09:03:56 +0800] "GET /xingrg/all/function/internal_message.html?_=1600131959851&CODE_STATE=getMsg HTTP/1.1" 200 27
222.69.134.17 - - [15/Sep/2020:09:03:57 +0800] "GET /xingrg/all/function/internal_message.html?_=1600131834979&CODE_STATE=getMsg HTTP/1.1" 200 27
116.235.241.164 - - [15/Sep/2020:09:04:00 +0800] "GET /xingrg/all/function/internal_message.html?_=1600131842152&CODE_STATE=getMsg HTTP/1.1" 200 27
180.157.253.48 - - [15/Sep/2020:09:04:00 +0800] "GET /xingrg/kc/base/wldb_order_info.html?code=422020091501694 HTTP/1.1" 200 26331
180.157.253.48 - - [15/Sep/2020:09:04:01 +0800] "POST /xingrg/kc/base/wldb_order_operate.html HTTP/1.1" 200 509
180.157.253.48 - - [15/Sep/2020:09:04:01 +0800] "GET /xingrg/javascript/easyui/themes/default/validatebox.css HTTP/1.1" 404 1104
114.86.226.190 - - [15/Sep/2020:09:04:02 +0800] "GET /xingrg/all/function/internal_message.html?_=1600131873375&CODE_STATE=getMsg HTTP/1.1" 200 27
116.230.74.197 - - [15/Sep/2020:09:04:04 +0800] "POST /xingrg/kc/buy/cgsh_order_operate.html HTTP/1.1" 200 37
180.157.253.48 - - [15/Sep/2020:09:04:05 +0800] "GET /xingrg/kc/base/wldb_order_add.html HTTP/1.1" 200 30455
180.157.253.48 - - [15/Sep/2020:09:04:05 +0800] "POST /xingrg/kc/base/wldb_order_operate.html HTTP/1.1" 200 6806
180.157.253.48 - - [15/Sep/2020:09:04:06 +0800] "GET /xingrg/javascript/easyui/themes/default/validatebox.css HTTP/1.1" 404 1104
114.88.166.242 - - [15/Sep/2020:09:04:09 +0800] "GET /xingrg/all/function/internal_message.html?_=1600131914704&CODE_STATE=getMsg HTTP/1.1" 200 27
218.81.217.115 - - [15/Sep/2020:09:04:10 +0800] "GET /xingrg/all/function/internal_message.html?_=1600131850988&CODE_STATE=getMsg HTTP/1.1" 200 27
180.157.253.48 - - [15/Sep/2020:09:04:18 +0800] "GET /xingrg/kc/base/wldb_order_operate.html?command=get_materiel&rest_code=00148&base_code=0010001&code=00101019398 HTTP/1.1" 200 471
116.230.74.197 - - [15/Sep/2020:09:04:18 +0800] "POST /xingrg/kc/buy/cgsh_order_operate.html HTTP/1.1" 200 18047
116.230.74.197 - - [15/Sep/2020:09:04:20 +0800] "GET /xingrg/kc/print/load_config.html?kc_code=cgsh HTTP/1.1" 200 1845
116.230.74.197 - - [15/Sep/2020:09:04:20 +0800] "GET /xingrg/kc/print/load_data.html?order_code=212020091506252&kc_code=cgsh&condition= HTTP/1.1" 200 6494
180.157.253.48 - - [15/Sep/2020:09:04:21 +0800] "GET /xingrg/kc/base/wldb_order_operate.html?command=get_materiel&rest_code=00148&base_code=0010001&code=00101019391 HTTP/1.1" 200 471
172.17.0.100 - - [15/Sep/2020:09:04:23 +0800] "GET /xingrg/all/function/internal_message.html?_=1600131861906&CODE_STATE=getMsg HTTP/1.1" 200 27
180.157.253.48 - - [15/Sep/2020:09:04:25 +0800] "GET /xingrg/kc/base/wldb_order_operate.html?command=get_materiel&rest_code=00148&base_code=0010001&code=00101013154 HTTP/1.1" 200 444
172.17.200.101 - - [15/Sep/2020:09:04:26 +0800] "GET /xingrg/all/function/internal_message.html?_=1600131867356&CODE_STATE=getMsg HTTP/1.1" 200 27
180.157.253.48 - - [15/Sep/2020:09:04:29 +0800] "GET /xingrg/kc/base/wldb_order_operate.html?command=get_materiel&rest_code=00148&base_code=0010001&code=00101019223 HTTP/1.1" 200 460
114.82.29.189 - - [15/Sep/2020:09:04:30 +0800] "GET /xingrg/all/function/internal_message.html?_=1600131870673&CODE_STATE=getMsg HTTP/1.1" 200 27
180.157.253.48 - - [15/Sep/2020:09:04:34 +0800] "GET /xingrg/all/function/internal_message.html?_=1600131877180&CODE_STATE=getMsg HTTP/1.1" 200 27
180.157.253.48 - - [15/Sep/2020:09:04:36 +0800] "POST /xingrg/kc/base/wldb_order_operate.html HTTP/1.1" 200 37
116.238.71.173 - - [15/Sep/2020:09:04:36 +0800] "GET /xingrg/all/function/internal_message.html?_=1600131876365&CODE_STATE=getMsg HTTP/1.1" 200 27
116.230.74.197 - - [15/Sep/2020:09:04:38 +0800] "GET /xingrg/kc/buy/cgsh_order_add.html HTTP/1.1" 200 59756
180.157.253.48 - - [15/Sep/2020:09:04:38 +0800] "POST /xingrg/kc/base/wldb_order_operate.html HTTP/1.1" 200 12
180.157.253.48 - - [15/Sep/2020:09:04:38 +0800] "POST /xingrg/kc/base/wldb_order_operate.html HTTP/1.1" 200 3728
116.230.74.197 - - [15/Sep/2020:09:04:39 +0800] "GET /xingrg/javascript/easyui/themes/default/validatebox.css HTTP/1.1" 404 1104
116.230.74.197 - - [15/Sep/2020:09:04:39 +0800] "POST /xingrg/kc/buy/cgsh_order_operate.html HTTP/1.1" 200 8245
180.157.253.48 - - [15/Sep/2020:09:04:40 +0800] "GET /xingrg/kc/base/wldb_order_info.html?code=422020091501695 HTTP/1.1" 200 26333
116.235.241.164 - - [15/Sep/2020:09:04:41 +0800] "GET /xingrg/all/function/internal_message.html?_=1600131882909&CODE_STATE=getMsg HTTP/1.1" 200 27
180.157.253.48 - - [15/Sep/2020:09:04:41 +0800] "GET /xingrg/javascript/easyui/themes/default/validatebox.css HTTP/1.1" 404 1104
180.157.253.48 - - [15/Sep/2020:09:04:41 +0800] "POST /xingrg/kc/base/wldb_order_operate.html HTTP/1.1" 200 1990
172.17.0.123 - - [15/Sep/2020:09:04:41 +0800] "GET /xingrg/all/function/internal_message.html?_=1600131883509&CODE_STATE=getMsg HTTP/1.1" 200 27
180.157.253.48 - - [15/Sep/2020:09:04:46 +0800] "POST /xingrg/kc/base/wldb_list_operate.html HTTP/1.1" 200 2572
116.230.74.197 - - [15/Sep/2020:09:04:47 +0800] "GET /xingrg/all/function/internal_message.html?_=1600131884131&CODE_STATE=getMsg HTTP/1.1" 200 27
117.131.5.26 - - [15/Sep/2020:09:04:50 +0800] "GET /xingrg/all/function/internal_message.html?_=1600131909717&CODE_STATE=getMsg HTTP/1.1" 200 27
180.157.253.48 - - [15/Sep/2020:09:04:52 +0800] "GET /xingrg/all/function/internal_message.html?_=1600131893440&CODE_STATE=getMsg HTTP/1.1" 200 27
120.253.135.82 - - [15/Sep/2020:09:04:55 +0800] "GET /xingrg/all/function/internal_message.html?_=1600131644076&CODE_STATE=getMsg HTTP/1.1" 200 27
116.238.71.173 - - [15/Sep/2020:09:04:55 +0800] "GET /xingrg/check_reg.html?_=1600132019023 HTTP/1.1" 200 22
116.238.71.173 - - [15/Sep/2020:09:04:56 +0800] "GET /xingrg/all/function/internal_message.html?_=1600132019864&CODE_STATE=getMsg HTTP/1.1" 200 27
222.69.134.17 - - [15/Sep/2020:09:04:57 +0800] "GET /xingrg/all/function/internal_message.html?_=1600131894963&CODE_STATE=getMsg HTTP/1.1" 200 27
222.69.134.17 - - [15/Sep/2020:09:04:57 +0800] "GET /xingrg/check_reg.html?_=1600131894982 HTTP/1.1" 200 22
116.235.241.164 - - [15/Sep/2020:09:05:00 +0800] "GET /xingrg/all/function/internal_message.html?_=1600131902151&CODE_STATE=getMsg HTTP/1.1" 200 27
114.86.226.190 - - [15/Sep/2020:09:05:01 +0800] "GET /xingrg/all/function/internal_message.html?_=1600131933375&CODE_STATE=getMsg HTTP/1.1" 200 27
114.88.166.242 - - [15/Sep/2020:09:05:08 +0800] "GET /xingrg/all/function/internal_message.html?_=1600131974632&CODE_STATE=getMsg HTTP/1.1" 200 27
218.81.217.115 - - [15/Sep/2020:09:05:10 +0800] "GET /xingrg/all/function/internal_message.html?_=1600131911000&CODE_STATE=getMsg HTTP/1.1" 200 27
114.88.166.242 - - [15/Sep/2020:09:05:21 +0800] "GET /xingrg/index.html?sysBaseUrl=http%3A%2F%2F180.169.147.146%3A18081%2Fxingrg%2F&costTime=38×tamp=1588335986102 HTTP/1.1" 302 -
114.88.166.242 - - [15/Sep/2020:09:05:21 +0800] "GET /xingrg/login.html HTTP/1.1" 200 7641
114.88.166.242 - - [15/Sep/2020:09:05:22 +0800] "GET /favicon.ico HTTP/1.1" 404 -
172.17.0.100 - - [15/Sep/2020:09:05:23 +0800] "GET /xingrg/all/function/internal_message.html?_=1600131921874&CODE_STATE=getMsg HTTP/1.1" 200 27
114.82.29.189 - - [15/Sep/2020:09:05:24 +0800] "GET /xingrg/check_reg.html?_=1600131924403 HTTP/1.1" 200 22
120.253.135.82 - - [15/Sep/2020:09:05:24 +0800] "GET /xingrg/kc/pszx/mdqp_order_list.html?state=10 HTTP/1.1" 200 10125
120.253.135.82 - - [15/Sep/2020:09:05:24 +0800] "GET /xingrg/dwr/interface/AjaxReportQueryService.js HTTP/1.1" 200 13203
120.253.135.82 - - [15/Sep/2020:09:05:24 +0800] "GET /xingrg/dwr/engine.js HTTP/1.1" 200 43631
120.253.135.82 - - [15/Sep/2020:09:05:24 +0800] "GET /xingrg/dwr/interface/AjaxQqpsService.js HTTP/1.1" 200 16326
120.253.135.82 - - [15/Sep/2020:09:05:24 +0800] "GET /xingrg/javascript/jquery_easy_ui/themes/icons/uncheck_new.png HTTP/1.1" 200 3197
120.253.135.82 - - [15/Sep/2020:09:05:24 +0800] "GET /xingrg/javascript/jquery_easy_ui/themes/icons/check_new.png HTTP/1.1" 200 3224
114.88.166.242 - - [15/Sep/2020:09:05:25 +0800] "POST /xingrg/login.do HTTP/1.1" 302 -
114.88.166.242 - - [15/Sep/2020:09:05:25 +0800] "GET /xingrg/index.html?sysBaseUrl=http%3A%2F%2F180.169.147.146%3A18081%2Fxingrg%2F&costTime=88×tamp=1600131925295 HTTP/1.1" 200 17173
114.88.166.242 - - [15/Sep/2020:09:05:25 +0800] "GET /favicon.ico HTTP/1.1" 404 -
114.88.166.242 - - [15/Sep/2020:09:05:25 +0800] "POST /xingrg/all/common/load_tree.html?tree=area_rest_tree_json&manage=1 HTTP/1.1" 200 342
114.88.166.242 - - [15/Sep/2020:09:05:25 +0800] "GET /xingrg/all/function/internal_message.html?_=1600131991400&CODE_STATE=count HTTP/1.1" 200 11
114.88.166.242 - - [15/Sep/2020:09:05:25 +0800] "GET /xingrg/check_reg.html?_=1600131991402 HTTP/1.1" 200 22
114.88.166.242 - - [15/Sep/2020:09:05:25 +0800] "POST /xingrg/load_menu.html HTTP/1.1" 200 5138
172.17.200.101 - - [15/Sep/2020:09:05:26 +0800] "GET /xingrg/check_reg.html?_=1600131927346 HTTP/1.1" 200 22
172.17.200.101 - - [15/Sep/2020:09:05:26 +0800] "GET /xingrg/all/function/internal_message.html?_=1600131927351&CODE_STATE=getMsg HTTP/1.1" 200 27
114.88.166.242 - - [15/Sep/2020:09:05:27 +0800] "GET /xingrg/kc/buy/cgsh_order_list.html HTTP/1.1" 200 43971
114.88.166.242 - - [15/Sep/2020:09:05:29 +0800] "POST /xingrg/kc/buy/cgsh_list_operate.html HTTP/1.1" 200 2051
114.88.166.242 - - [15/Sep/2020:09:05:30 +0800] "POST /xingrg/kc/buy/cgsh_list_operate.html HTTP/1.1" 200 560
114.82.29.189 - - [15/Sep/2020:09:05:30 +0800] "GET /xingrg/all/function/internal_message.html?_=1600131930651&CODE_STATE=getMsg HTTP/1.1" 200 27
114.88.166.242 - - [15/Sep/2020:09:05:31 +0800] "GET /xingrg/kc/buy/cgsh_order_info.html?code=212020091506249 HTTP/1.1" 200 59720
114.88.166.242 - - [15/Sep/2020:09:05:31 +0800] "GET /xingrg/all/common/auto_word.html?type=employee&rest_code=00111 HTTP/1.1" 200 205
114.88.166.242 - - [15/Sep/2020:09:05:31 +0800] "GET /xingrg/javascript/easyui/themes/default/validatebox.css HTTP/1.1" 404 1104
114.88.166.242 - - [15/Sep/2020:09:05:31 +0800] "GET /xingrg/all/common/auto_word.html?type=employee&rest_code=00111 HTTP/1.1" 200 205
114.88.166.242 - - [15/Sep/2020:09:05:31 +0800] "POST /xingrg/kc/buy/cgsh_order_operate.html HTTP/1.1" 200 16271
120.253.135.82 - - [15/Sep/2020:09:05:32 +0800] "GET /xingrg/kc/pszx/mdqp_order_list.html?state=10 HTTP/1.1" 200 10125
120.253.135.82 - - [15/Sep/2020:09:05:32 +0800] "GET /xingrg/dwr/interface/AjaxReportQueryService.js HTTP/1.1" 200 13203
120.253.135.82 - - [15/Sep/2020:09:05:32 +0800] "GET /xingrg/dwr/interface/AjaxQqpsService.js HTTP/1.1" 200 16326
120.253.135.82 - - [15/Sep/2020:09:05:32 +0800] "GET /xingrg/dwr/engine.js HTTP/1.1" 200 43631
114.88.166.242 - - [15/Sep/2020:09:05:33 +0800] "GET /xingrg/kc/print/load_config.html?kc_code=cgsh HTTP/1.1" 200 1845
114.88.166.242 - - [15/Sep/2020:09:05:33 +0800] "GET /xingrg/kc/print/load_data.html?order_code=212020091506249&kc_code=cgsh&condition= HTTP/1.1" 200 5862
180.157.253.48 - - [15/Sep/2020:09:05:34 +0800] "GET /xingrg/all/function/internal_message.html?_=1600131937345&CODE_STATE=getMsg HTTP/1.1" 200 27
116.238.71.173 - - [15/Sep/2020:09:05:36 +0800] "GET /xingrg/all/function/internal_message.html?_=1600131936414&CODE_STATE=getMsg HTTP/1.1" 200 27
120.253.135.82 - - [15/Sep/2020:09:05:38 +0800] "GET /xingrg/kc/pszx/mdps_order_list.html?orderType=0 HTTP/1.1" 200 21100
120.253.135.82 - - [15/Sep/2020:09:05:38 +0800] "GET /xingrg/javascript/jquery_tools/table.css HTTP/1.1" 304 -
120.253.135.82 - - [15/Sep/2020:09:05:38 +0800] "GET /xingrg/javascript/easyui/themes/default/easyui.css HTTP/1.1" 304 -
120.253.135.82 - - [15/Sep/2020:09:05:38 +0800] "GET /xingrg/javascript/jquery_tools/jquery.tools.table.js HTTP/1.1" 304 -
120.253.135.82 - - [15/Sep/2020:09:05:38 +0800] "GET /xingrg/javascript/easyui/themes/icons/edit_add_new.png HTTP/1.1" 200 2997
120.253.135.82 - - [15/Sep/2020:09:05:38 +0800] "GET /xingrg/javascript/easyui/themes/icons/cance_new.png HTTP/1.1" 200 3986
120.253.135.82 - - [15/Sep/2020:09:05:38 +0800] "GET /xingrg/javascript/easyui/themes/icons/check_new.png HTTP/1.1" 200 3224
120.253.135.82 - - [15/Sep/2020:09:05:38 +0800] "GET /xingrg/javascript/easyui/themes/icons/uncheck_new.png HTTP/1.1" 200 3197
120.253.135.82 - - [15/Sep/2020:09:05:38 +0800] "POST /xingrg/kc/pszx/mdps_list_operate.html HTTP/1.1" 200 5299
116.235.241.164 - - [15/Sep/2020:09:05:41 +0800] "GET /xingrg/all/function/internal_message.html?_=1600131942908&CODE_STATE=getMsg HTTP/1.1" 200 27
172.17.0.123 - - [15/Sep/2020:09:05:41 +0800] "GET /xingrg/all/function/internal_message.html?_=1600131943515&CODE_STATE=getMsg HTTP/1.1" 200 27
172.17.0.123 - - [15/Sep/2020:09:05:41 +0800] "GET /xingrg/check_reg.html?_=1600131943517 HTTP/1.1" 200 22
116.230.74.197 - - [15/Sep/2020:09:05:46 +0800] "GET /xingrg/javascript/easyui/themes/default/tree.css HTTP/1.1" 404 1090
116.230.74.197 - - [15/Sep/2020:09:05:46 +0800] "POST /xingrg/all/common/load_tree.html?tree=supplier_tree_json&isDelete=1 HTTP/1.1" 200 50169
114.82.29.189 - - [15/Sep/2020:09:05:48 +0800] "GET /xingrg/kc/buy/cgsh_order_add.html HTTP/1.1" 200 59709
114.82.29.189 - - [15/Sep/2020:09:05:48 +0800] "GET /xingrg/javascript/easyui/themes/default/validatebox.css HTTP/1.1" 404 1104
114.82.29.189 - - [15/Sep/2020:09:05:48 +0800] "POST /xingrg/kc/buy/cgsh_order_operate.html HTTP/1.1" 200 8245
116.230.74.197 - - [15/Sep/2020:09:05:49 +0800] "GET /xingrg/all/function/internal_message.html?_=1600131946751&CODE_STATE=getMsg HTTP/1.1" 200 27
116.230.74.197 - - [15/Sep/2020:09:05:49 +0800] "GET /xingrg/check_reg.html?_=1600131946754 HTTP/1.1" 200 22
117.131.5.26 - - [15/Sep/2020:09:05:50 +0800] "GET /xingrg/all/function/internal_message.html?_=1600131969698&CODE_STATE=getMsg HTTP/1.1" 200 27
117.131.5.26 - - [15/Sep/2020:09:05:50 +0800] "GET /xingrg/check_reg.html?_=1600131969882 HTTP/1.1" 200 22
180.157.253.48 - - [15/Sep/2020:09:05:52 +0800] "GET /xingrg/all/function/internal_message.html?_=1600131953411&CODE_STATE=getMsg HTTP/1.1" 200 27
120.253.135.82 - - [15/Sep/2020:09:05:55 +0800] "GET /xingrg/check_reg.html?_=1600131704023 HTTP/1.1" 200 22
120.253.135.82 - - [15/Sep/2020:09:05:55 +0800] "GET /xingrg/all/function/internal_message.html?_=1600131704094&CODE_STATE=getMsg HTTP/1.1" 200 27
120.253.135.82 - - [15/Sep/2020:09:05:56 +0800] "GET /xingrg/javascript/jquery_easy_ui/themes/icons/area.png HTTP/1.1" 200 262
120.253.135.82 - - [15/Sep/2020:09:05:56 +0800] "GET /xingrg/javascript/jquery_easy_ui/themes/icons/manage.png HTTP/1.1" 200 696
120.253.135.82 - - [15/Sep/2020:09:05:56 +0800] "GET /xingrg/kc/pszx/mdqp_order_list.html?state=10 HTTP/1.1" 200 10125
120.253.135.82 - - [15/Sep/2020:09:05:56 +0800] "GET /xingrg/dwr/interface/AjaxReportQueryService.js HTTP/1.1" 200 13203
120.253.135.82 - - [15/Sep/2020:09:05:56 +0800] "GET /xingrg/dwr/interface/AjaxQqpsService.js HTTP/1.1" 200 16326
120.253.135.82 - - [15/Sep/2020:09:05:56 +0800] "GET /xingrg/dwr/engine.js HTTP/1.1" 200 43631
116.238.71.173 - - [15/Sep/2020:09:05:56 +0800] "GET /xingrg/all/function/internal_message.html?_=1600132079879&CODE_STATE=getMsg HTTP/1.1" 200 27
222.69.134.17 - - [15/Sep/2020:09:05:57 +0800] "GET /xingrg/all/function/internal_message.html?_=1600131954969&CODE_STATE=getMsg HTTP/1.1" 200 27
120.253.135.82 - - [15/Sep/2020:09:05:59 +0800] "GET /xingrg/kc/pszx/mdth_order_list.html HTTP/1.1" 200 18524
114.82.29.189 - - [15/Sep/2020:09:05:59 +0800] "GET /xingrg/kc/buy/cgsh_order_operate.html?command=get_materiel&rest_code=00105&code=00101007082&supplier_code=00100002&order_time=2020-09-15 HTTP/1.1" 200 427
120.253.135.82 - - [15/Sep/2020:09:05:59 +0800] "POST /xingrg/kc/pszx/mdth_order_new_list.html HTTP/1.1" 200 3799
116.235.241.164 - - [15/Sep/2020:09:06:00 +0800] "GET /xingrg/all/function/internal_message.html?_=1600131962153&CODE_STATE=getMsg HTTP/1.1" 200 27
114.86.226.190 - - [15/Sep/2020:09:06:00 +0800] "GET /xingrg/all/function/internal_message.html?_=1600131993375&CODE_STATE=getMsg HTTP/1.1" 200 27
116.230.74.197 - - [15/Sep/2020:09:06:05 +0800] "GET /xingrg/kc/buy/cgsh_order_operate.html?command=get_materiel&rest_code=00107&code=00101012042&supplier_code=00100033&order_time=2020-09-15 HTTP/1.1" 200 408
218.81.217.115 - - [15/Sep/2020:09:06:10 +0800] "GET /xingrg/all/function/internal_message.html?_=1600131971123&CODE_STATE=getMsg HTTP/1.1" 200 27
114.82.29.189 - - [15/Sep/2020:09:06:11 +0800] "POST /xingrg/kc/buy/cgsh_order_operate.html HTTP/1.1" 200 37
114.82.29.189 - - [15/Sep/2020:09:06:12 +0800] "POST /xingrg/kc/buy/cgsh_order_operate.html HTTP/1.1" 200 2675
114.88.166.242 - - [15/Sep/2020:09:06:13 +0800] "GET /xingrg/javascript/auto/indicator.gif HTTP/1.1" 404 1066
114.82.29.189 - - [15/Sep/2020:09:06:13 +0800] "GET /xingrg/kc/print/load_data.html?order_code=212020091506253&kc_code=cgsh&condition= HTTP/1.1" 200 761
114.88.166.242 - - [15/Sep/2020:09:06:16 +0800] "GET /xingrg/kc/buy/cgsh_order_operate.html?command=get_materiel&rest_code=00111&code=00101008290&supplier_code=00100037&order_time=2020-09-15 HTTP/1.1" 200 416
116.230.74.197 - - [15/Sep/2020:09:06:19 +0800] "GET /xingrg/kc/buy/cgsh_order_operate.html?command=get_materiel&rest_code=00107&code=00101016025&supplier_code=00100033&order_time=2020-09-15 HTTP/1.1" 200 408
172.17.0.100 - - [15/Sep/2020:09:06:22 +0800] "GET /xingrg/check_reg.html?_=1600131980970 HTTP/1.1" 200 22
172.17.0.100 - - [15/Sep/2020:09:06:23 +0800] "GET /xingrg/all/function/internal_message.html?_=1600131981854&CODE_STATE=getMsg HTTP/1.1" 200 27
120.253.135.82 - - [15/Sep/2020:09:06:25 +0800] "GET /xingrg/kc/pszx/mdqp_order_list.html?state=10 HTTP/1.1" 200 10125
120.253.135.82 - - [15/Sep/2020:09:06:25 +0800] "GET /xingrg/dwr/interface/AjaxQqpsService.js HTTP/1.1" 200 16326
120.253.135.82 - - [15/Sep/2020:09:06:25 +0800] "GET /xingrg/dwr/interface/AjaxReportQueryService.js HTTP/1.1" 200 13203
120.253.135.82 - - [15/Sep/2020:09:06:25 +0800] "GET /xingrg/dwr/engine.js HTTP/1.1" 200 43631
114.88.166.242 - - [15/Sep/2020:09:06:25 +0800] "GET /xingrg/all/function/internal_message.html?_=1600132051407&CODE_STATE=getMsg HTTP/1.1" 200 27
172.17.200.101 - - [15/Sep/2020:09:06:26 +0800] "GET /xingrg/all/function/internal_message.html?_=1600131987354&CODE_STATE=getMsg HTTP/1.1" 200 27
120.253.135.82 - - [15/Sep/2020:09:06:28 +0800] "GET /xingrg/kc/info/info_main.html HTTP/1.1" 200 6010
120.253.135.82 - - [15/Sep/2020:09:06:28 +0800] "GET /xingrg/javascript/ToolTips.js HTTP/1.1" 200 5615
120.253.135.82 - - [15/Sep/2020:09:06:28 +0800] "GET /xingrg/images/blue/cldwgl.gif HTTP/1.1" 200 2487
120.253.135.82 - - [15/Sep/2020:09:06:28 +0800] "GET /xingrg/images/blue/gysxxgl.gif HTTP/1.1" 200 1945
120.253.135.82 - - [15/Sep/2020:09:06:28 +0800] "GET /xingrg/images/blue/ckxx.gif HTTP/1.1" 200 2041
120.253.135.82 - - [15/Sep/2020:09:06:28 +0800] "GET /xingrg/images/blue/clxx.gif HTTP/1.1" 200 1916
120.253.135.82 - - [15/Sep/2020:09:06:28 +0800] "GET /xingrg/images/blue/gyslbgl.gif HTTP/1.1" 200 1480
120.253.135.82 - - [15/Sep/2020:09:06:28 +0800] "GET /xingrg/images/blue/gyscljg.gif HTTP/1.1" 200 2081
120.253.135.82 - - [15/Sep/2020:09:06:28 +0800] "GET /xingrg/images/blue/button/cgxqd.gif HTTP/1.1" 200 2619
116.230.74.197 - - [15/Sep/2020:09:06:29 +0800] "GET /xingrg/kc/buy/cgsh_order_operate.html?command=get_materiel&rest_code=00107&code=00101010136&supplier_code=00100033&order_time=2020-09-15 HTTP/1.1" 200 408
120.253.135.82 - - [15/Sep/2020:09:06:30 +0800] "GET /xingrg/system/info/materiel_manager.html HTTP/1.1" 200 19497
120.253.135.82 - - [15/Sep/2020:09:06:30 +0800] "GET /xingrg/css/xtree.css HTTP/1.1" 200 880
120.253.135.82 - - [15/Sep/2020:09:06:30 +0800] "GET /xingrg/javascript/Grid.js HTTP/1.1" 200 58908
120.253.135.82 - - [15/Sep/2020:09:06:30 +0800] "GET /xingrg/dwr/interface/AjaxBaseInfoService.js HTTP/1.1" 200 21363
120.253.135.82 - - [15/Sep/2020:09:06:30 +0800] "GET /xingrg/javascript/jquery_ui/themes/base/base.css HTTP/1.1" 200 28568
120.253.135.82 - - [15/Sep/2020:09:06:30 +0800] "GET /xingrg/dwr/interface/AjaxComOrderService.js HTTP/1.1" 200 18264
120.253.135.82 - - [15/Sep/2020:09:06:30 +0800] "GET /xingrg/dwr/engine.js HTTP/1.1" 200 43631
120.253.135.82 - - [15/Sep/2020:09:06:30 +0800] "GET /xingrg/javascript/xtree.js HTTP/1.1" 200 26582
120.253.135.82 - - [15/Sep/2020:09:06:30 +0800] "GET /xingrg/images/xtree/openfoldericon.png HTTP/1.1" 200 232
120.253.135.82 - - [15/Sep/2020:09:06:30 +0800] "GET /xingrg/javascript/jquery_easy_ui/themes/icons/print_new.png HTTP/1.1" 200 3580
120.253.135.82 - - [15/Sep/2020:09:06:30 +0800] "GET /xingrg/javascript/jquery_easy_ui/themes/icons/import_new.png HTTP/1.1" 200 1247
120.253.135.82 - - [15/Sep/2020:09:06:30 +0800] "GET /xingrg/images/blue/wait.gif HTTP/1.1" 200 1100
120.253.135.82 - - [15/Sep/2020:09:06:30 +0800] "POST /xingrg/dwr/call/plaincall/AjaxBaseInfoService.getSubMaterielSorts.dwr HTTP/1.1" 200 219
120.253.135.82 - - [15/Sep/2020:09:06:30 +0800] "GET /xingrg/images/xtree/foldericon.png HTTP/1.1" 200 229
120.253.135.82 - - [15/Sep/2020:09:06:30 +0800] "GET /xingrg/images/xtree/Lplus.png HTTP/1.1" 200 224
120.253.135.82 - - [15/Sep/2020:09:06:30 +0800] "GET /xingrg/images/xtree/Tplus.png HTTP/1.1" 200 222
120.253.135.82 - - [15/Sep/2020:09:06:30 +0800] "POST /xingrg/dwr/call/plaincall/AjaxBaseInfoService.getMateriels.dwr HTTP/1.1" 200 2929
114.82.29.189 - - [15/Sep/2020:09:06:30 +0800] "GET /xingrg/all/function/internal_message.html?_=1600131990649&CODE_STATE=getMsg HTTP/1.1" 200 27
120.253.135.82 - - [15/Sep/2020:09:06:32 +0800] "GET /xingrg/kc/pszx/mdqp_order_list.html?state=10 HTTP/1.1" 200 10125
120.253.135.82 - - [15/Sep/2020:09:06:32 +0800] "GET /xingrg/dwr/interface/AjaxQqpsService.js HTTP/1.1" 200 16326
120.253.135.82 - - [15/Sep/2020:09:06:32 +0800] "GET /xingrg/dwr/interface/AjaxReportQueryService.js HTTP/1.1" 200 13203
120.253.135.82 - - [15/Sep/2020:09:06:32 +0800] "GET /xingrg/dwr/engine.js HTTP/1.1" 200 43631
120.253.135.82 - - [15/Sep/2020:09:06:33 +0800] "GET /xingrg/javascript/jquery_easy_ui/themes/default/images/tabs_active.png HTTP/1.1" 200 2894
120.253.135.82 - - [15/Sep/2020:09:06:33 +0800] "GET /xingrg/javascript/jquery_easy_ui/themes/default/images/tabs_active.png HTTP/1.1" 200 2894
180.157.253.48 - - [15/Sep/2020:09:06:34 +0800] "GET /xingrg/all/function/internal_message.html?_=1600131997349&CODE_STATE=getMsg HTTP/1.1" 200 27
116.238.71.173 - - [15/Sep/2020:09:06:36 +0800] "GET /xingrg/check_reg.html?_=1600131996467 HTTP/1.1" 200 22
116.238.71.173 - - [15/Sep/2020:09:06:36 +0800] "GET /xingrg/all/function/internal_message.html?_=1600131996463&CODE_STATE=getMsg HTTP/1.1" 200 27
116.235.241.164 - - [15/Sep/2020:09:06:41 +0800] "GET /xingrg/all/function/internal_message.html?_=1600132002924&CODE_STATE=getMsg HTTP/1.1" 200 27
116.235.241.164 - - [15/Sep/2020:09:06:41 +0800] "GET /xingrg/check_reg.html?_=1600132002926 HTTP/1.1" 200 22
114.88.166.242 - - [15/Sep/2020:09:06:41 +0800] "POST /xingrg/kc/buy/cgsh_order_operate.html HTTP/1.1" 200 37
172.17.0.123 - - [15/Sep/2020:09:06:41 +0800] "GET /xingrg/all/function/internal_message.html?_=1600132003521&CODE_STATE=getMsg HTTP/1.1" 200 27
114.88.166.242 - - [15/Sep/2020:09:06:42 +0800] "POST /xingrg/kc/buy/cgsh_order_operate.html HTTP/1.1" 200 16273
116.230.74.197 - - [15/Sep/2020:09:06:42 +0800] "GET /xingrg/kc/buy/cgsh_order_operate.html?command=get_materiel&rest_code=00107&code=00101012059&supplier_code=00100033&order_time=2020-09-15 HTTP/1.1" 200 412
116.230.74.197 - - [15/Sep/2020:09:06:49 +0800] "GET /xingrg/all/function/internal_message.html?_=1600132006728&CODE_STATE=getMsg HTTP/1.1" 200 27
117.131.5.26 - - [15/Sep/2020:09:06:50 +0800] "GET /xingrg/all/function/internal_message.html?_=1600132029678&CODE_STATE=getMsg HTTP/1.1" 200 27
180.157.253.48 - - [15/Sep/2020:09:06:52 +0800] "GET /xingrg/all/function/internal_message.html?_=1600132013427&CODE_STATE=getMsg HTTP/1.1" 200 27
120.253.135.82 - - [15/Sep/2020:09:06:55 +0800] "GET /xingrg/all/function/internal_message.html?_=1600131764104&CODE_STATE=getMsg HTTP/1.1" 200 27
116.238.71.173 - - [15/Sep/2020:09:06:56 +0800] "GET /xingrg/all/function/internal_message.html?_=1600132139893&CODE_STATE=getMsg HTTP/1.1" 200 27
222.69.134.17 - - [15/Sep/2020:09:06:57 +0800] "GET /xingrg/all/function/internal_message.html?_=1600132014970&CODE_STATE=getMsg HTTP/1.1" 200 27
114.86.226.190 - - [15/Sep/2020:09:06:59 +0800] "GET /xingrg/all/function/internal_message.html?_=1600132053375&CODE_STATE=getMsg HTTP/1.1" 200 27
116.235.241.164 - - [15/Sep/2020:09:07:00 +0800] "GET /xingrg/all/function/internal_message.html?_=1600132022153&CODE_STATE=getMsg HTTP/1.1" 200 27
116.235.241.164 - - [15/Sep/2020:09:07:00 +0800] "GET /xingrg/check_reg.html?_=1600132022158 HTTP/1.1" 200 22
218.81.217.115 - - [15/Sep/2020:09:07:10 +0800] "GET /xingrg/all/function/internal_message.html?_=1600132031137&CODE_STATE=getMsg HTTP/1.1" 200 27
116.230.74.197 - - [15/Sep/2020:09:07:10 +0800] "GET /xingrg/kc/buy/cgsh_order_operate.html?command=get_materiel&rest_code=00107&code=00101012051&supplier_code=00100033&order_time=2020-09-15 HTTP/1.1" 200 408
114.88.166.242 - - [15/Sep/2020:09:07:14 +0800] "GET /xingrg/check_reg.html?_=1600132031383 HTTP/1.1" 200 22
116.230.74.197 - - [15/Sep/2020:09:07:19 +0800] "GET /xingrg/kc/buy/cgsh_order_operate.html?command=get_materiel&rest_code=00107&code=00101016017&supplier_code=00100033&order_time=2020-09-15 HTTP/1.1" 200 408
172.17.0.100 - - [15/Sep/2020:09:07:23 +0800] "GET /xingrg/all/function/internal_message.html?_=1600132041833&CODE_STATE=getMsg HTTP/1.1" 200 27
114.88.166.242 - - [15/Sep/2020:09:07:25 +0800] "GET /xingrg/all/function/internal_message.html?_=1600132111407&CODE_STATE=getMsg HTTP/1.1" 200 27
172.17.200.101 - - [15/Sep/2020:09:07:26 +0800] "GET /xingrg/all/function/internal_message.html?_=1600132047358&CODE_STATE=getMsg HTTP/1.1" 200 27
116.230.74.197 - - [15/Sep/2020:09:07:30 +0800] "GET /xingrg/kc/buy/cgsh_order_operate.html?command=get_materiel&rest_code=00107&code=00101012026&supplier_code=00100033&order_time=2020-09-15 HTTP/1.1" 200 408
114.82.29.189 - - [15/Sep/2020:09:07:30 +0800] "GET /xingrg/all/function/internal_message.html?_=1600132050631&CODE_STATE=getMsg HTTP/1.1" 200 27
180.157.253.48 - - [15/Sep/2020:09:07:34 +0800] "GET /xingrg/check_reg.html?_=1600132057180 HTTP/1.1" 200 22
180.157.253.48 - - [15/Sep/2020:09:07:34 +0800] "GET /xingrg/all/function/internal_message.html?_=1600132057361&CODE_STATE=getMsg HTTP/1.1" 200 27
116.238.71.173 - - [15/Sep/2020:09:07:36 +0800] "GET /xingrg/all/function/internal_message.html?_=1600132056517&CODE_STATE=getMsg HTTP/1.1" 200 27
58.37.9.106 - - [15/Sep/2020:09:07:41 +0800] "GET /xingrg/check_reg.html?_=1600132042989 HTTP/1.1" 200 22
116.235.241.164 - - [15/Sep/2020:09:07:41 +0800] "GET /xingrg/all/function/internal_message.html?_=1600132062912&CODE_STATE=getMsg HTTP/1.1" 200 27
172.17.0.123 - - [15/Sep/2020:09:07:41 +0800] "GET /xingrg/all/function/internal_message.html?_=1600132063507&CODE_STATE=getMsg HTTP/1.1" 200 27
116.230.74.197 - - [15/Sep/2020:09:07:42 +0800] "POST /xingrg/kc/buy/cgsh_order_operate.html HTTP/1.1" 200 37
116.230.74.197 - - [15/Sep/2020:09:07:43 +0800] "POST /xingrg/kc/buy/cgsh_order_operate.html HTTP/1.1" 200 6197
116.230.74.197 - - [15/Sep/2020:09:07:45 +0800] "GET /xingrg/kc/print/load_data.html?order_code=212020091506254&kc_code=cgsh&condition= HTTP/1.1" 200 2044
116.230.74.197 - - [15/Sep/2020:09:07:49 +0800] "GET /xingrg/all/function/internal_message.html?_=1600132066712&CODE_STATE=getMsg HTTP/1.1" 200 27
116.230.74.197 - - [15/Sep/2020:09:07:49 +0800] "GET /xingrg/kc/buy/cgsh_order_add.html HTTP/1.1" 200 59756
117.131.5.26 - - [15/Sep/2020:09:07:50 +0800] "GET /xingrg/all/function/internal_message.html?_=1600132089647&CODE_STATE=getMsg HTTP/1.1" 200 27
116.230.74.197 - - [15/Sep/2020:09:07:51 +0800] "GET /xingrg/javascript/easyui/themes/default/validatebox.css HTTP/1.1" 404 1104
116.230.74.197 - - [15/Sep/2020:09:07:51 +0800] "POST /xingrg/kc/buy/cgsh_order_operate.html HTTP/1.1" 200 8245
116.230.74.197 - - [15/Sep/2020:09:07:52 +0800] "GET /xingrg/javascript/easyui/themes/default/tree.css HTTP/1.1" 404 1090
116.230.74.197 - - [15/Sep/2020:09:07:52 +0800] "POST /xingrg/all/common/load_tree.html?tree=supplier_tree_json&isDelete=1 HTTP/1.1" 200 50169
180.157.253.48 - - [15/Sep/2020:09:07:52 +0800] "GET /xingrg/all/function/internal_message.html?_=1600132073414&CODE_STATE=getMsg HTTP/1.1" 200 27
120.253.135.82 - - [15/Sep/2020:09:07:55 +0800] "GET /xingrg/all/function/internal_message.html?_=1600131824112&CODE_STATE=getMsg HTTP/1.1" 200 27
116.238.71.173 - - [15/Sep/2020:09:07:56 +0800] "GET /xingrg/all/function/internal_message.html?_=1600132200004&CODE_STATE=getMsg HTTP/1.1" 200 27
222.69.134.17 - - [15/Sep/2020:09:07:57 +0800] "GET /xingrg/all/function/internal_message.html?_=1600132074963&CODE_STATE=getMsg HTTP/1.1" 200 27
114.86.226.190 - - [15/Sep/2020:09:07:59 +0800] "GET /xingrg/check_reg.html?_=1600132113296 HTTP/1.1" 200 22
114.86.226.190 - - [15/Sep/2020:09:07:59 +0800] "GET /xingrg/all/function/internal_message.html?_=1600132113375&CODE_STATE=getMsg HTTP/1.1" 200 27
116.235.241.164 - - [15/Sep/2020:09:08:00 +0800] "GET /xingrg/all/function/internal_message.html?_=1600132082143&CODE_STATE=getMsg HTTP/1.1" 200 27
114.88.166.242 - - [15/Sep/2020:09:08:05 +0800] "GET /xingrg/index.html?sysBaseUrl=http%3A%2F%2F180.169.147.146%3A18081%2Fxingrg%2F&costTime=38×tamp=1588335986102 HTTP/1.1" 302 -
114.88.166.242 - - [15/Sep/2020:09:08:05 +0800] "GET /xingrg/login.html HTTP/1.1" 200 7641
114.88.166.242 - - [15/Sep/2020:09:08:05 +0800] "GET /favicon.ico HTTP/1.1" 404 -
114.88.166.242 - - [15/Sep/2020:09:08:08 +0800] "POST /xingrg/login.do HTTP/1.1" 302 -
114.88.166.242 - - [15/Sep/2020:09:08:08 +0800] "GET /xingrg/index.html?sysBaseUrl=http%3A%2F%2F180.169.147.146%3A18081%2Fxingrg%2F&costTime=103×tamp=1600132088854 HTTP/1.1" 200 17173
114.88.166.242 - - [15/Sep/2020:09:08:09 +0800] "GET /favicon.ico HTTP/1.1" 404 -
114.88.166.242 - - [15/Sep/2020:09:08:09 +0800] "POST /xingrg/all/common/load_tree.html?tree=area_rest_tree_json&manage=1 HTTP/1.1" 200 342
114.88.166.242 - - [15/Sep/2020:09:08:09 +0800] "GET /xingrg/all/function/internal_message.html?_=1600132154826&CODE_STATE=count HTTP/1.1" 200 11
114.88.166.242 - - [15/Sep/2020:09:08:09 +0800] "GET /xingrg/check_reg.html?_=1600132154827 HTTP/1.1" 200 22
114.88.166.242 - - [15/Sep/2020:09:08:09 +0800] "POST /xingrg/load_menu.html HTTP/1.1" 200 5138
218.81.217.115 - - [15/Sep/2020:09:08:10 +0800] "GET /xingrg/all/function/internal_message.html?_=1600132091261&CODE_STATE=getMsg HTTP/1.1" 200 27
114.88.166.242 - - [15/Sep/2020:09:08:10 +0800] "GET /xingrg/kc/buy/cgsh_order_list.html HTTP/1.1" 200 43971
114.88.166.242 - - [15/Sep/2020:09:08:12 +0800] "POST /xingrg/kc/buy/cgsh_list_operate.html HTTP/1.1" 200 2051
114.88.166.242 - - [15/Sep/2020:09:08:14 +0800] "POST /xingrg/kc/buy/cgsh_list_operate.html HTTP/1.1" 200 560
114.88.166.242 - - [15/Sep/2020:09:08:14 +0800] "GET /xingrg/kc/buy/cgsh_order_info.html?code=212020091506249 HTTP/1.1" 200 59720
114.88.166.242 - - [15/Sep/2020:09:08:14 +0800] "GET /xingrg/all/common/auto_word.html?type=employee&rest_code=00111 HTTP/1.1" 200 205
114.88.166.242 - - [15/Sep/2020:09:08:14 +0800] "GET /xingrg/javascript/easyui/themes/default/validatebox.css HTTP/1.1" 404 1104
114.88.166.242 - - [15/Sep/2020:09:08:14 +0800] "GET /xingrg/all/common/auto_word.html?type=employee&rest_code=00111 HTTP/1.1" 200 205
114.88.166.242 - - [15/Sep/2020:09:08:15 +0800] "POST /xingrg/kc/buy/cgsh_order_operate.html HTTP/1.1" 200 16273
114.88.166.242 - - [15/Sep/2020:09:08:16 +0800] "GET /xingrg/kc/print/load_config.html?kc_code=cgsh HTTP/1.1" 200 1845
114.88.166.242 - - [15/Sep/2020:09:08:16 +0800] "GET /xingrg/kc/print/load_data.html?order_code=212020091506249&kc_code=cgsh&condition= HTTP/1.1" 200 5862
218.81.217.115 - - [15/Sep/2020:09:08:21 +0800] "GET /xingrg/check_reg.html?_=1600132102357 HTTP/1.1" 200 22
116.230.74.197 - - [15/Sep/2020:09:08:23 +0800] "GET /xingrg/kc/buy/cgsh_order_operate.html?command=get_materiel&rest_code=00107&code=00101001219&supplier_code=00100041&order_time=2020-09-15 HTTP/1.1" 200 410
172.17.0.100 - - [15/Sep/2020:09:08:23 +0800] "GET /xingrg/all/function/internal_message.html?_=1600132101815&CODE_STATE=getMsg HTTP/1.1" 200 27
172.17.200.101 - - [15/Sep/2020:09:08:26 +0800] "GET /xingrg/all/function/internal_message.html?_=1600132107361&CODE_STATE=getMsg HTTP/1.1" 200 27
114.82.29.189 - - [15/Sep/2020:09:08:30 +0800] "GET /xingrg/all/function/internal_message.html?_=1600132110603&CODE_STATE=getMsg HTTP/1.1" 200 27
180.157.253.48 - - [15/Sep/2020:09:08:34 +0800] "GET /xingrg/all/function/internal_message.html?_=1600132117375&CODE_STATE=getMsg HTTP/1.1" 200 27
116.238.71.173 - - [15/Sep/2020:09:08:37 +0800] "GET /xingrg/all/function/internal_message.html?_=1600132116566&CODE_STATE=getMsg HTTP/1.1" 200 27
116.230.74.197 - - [15/Sep/2020:09:08:37 +0800] "GET /xingrg/kc/buy/cgsh_order_operate.html?command=get_materiel&rest_code=00107&code=00101010161&supplier_code=00100041&order_time=2020-09-15 HTTP/1.1" 200 428
117.185.32.26 - - [15/Sep/2020:09:08:38 +0800] "GET /xingrg/check_reg.html?_=1600132541915 HTTP/1.1" 200 22
116.235.241.164 - - [15/Sep/2020:09:08:41 +0800] "GET /xingrg/all/function/internal_message.html?_=1600132122913&CODE_STATE=getMsg HTTP/1.1" 200 27
172.17.0.123 - - [15/Sep/2020:09:08:41 +0800] "GET /xingrg/all/function/internal_message.html?_=1600132123509&CODE_STATE=getMsg HTTP/1.1" 200 27
222.69.134.17 - - [15/Sep/2020:09:08:43 +0800] "POST /xingrg/services/DataTransmitService HTTP/1.1" 200 524
222.69.134.17 - - [15/Sep/2020:09:08:43 +0800] "POST /xingrg/services/DataTransmitService HTTP/1.1" 200 501
116.230.74.197 - - [15/Sep/2020:09:08:49 +0800] "GET /xingrg/all/function/internal_message.html?_=1600132126689&CODE_STATE=getMsg HTTP/1.1" 200 27
117.131.5.26 - - [15/Sep/2020:09:08:50 +0800] "GET /xingrg/all/function/internal_message.html?_=1600132149616&CODE_STATE=getMsg HTTP/1.1" 200 27
