172.17.0.100 - - [15/Sep/2020:08:53:11 +0800] "POST /xingrg/dwr/call/plaincall/AjaxCheckService.setItemNumber.dwr HTTP/1.1" 200 78
116.230.74.197 - - [15/Sep/2020:08:53:12 +0800] "GET /xingrg/javascript/easyui/themes/default/tree.css HTTP/1.1" 404 1090
116.230.74.197 - - [15/Sep/2020:08:53:12 +0800] "POST /xingrg/all/common/load_tree.html?tree=supplier_tree_json&isDelete=1 HTTP/1.1" 200 50169
172.17.0.100 - - [15/Sep/2020:08:53:12 +0800] "POST /xingrg/dwr/call/plaincall/AjaxCheckService.setItemNumber.dwr HTTP/1.1" 200 78
172.17.0.100 - - [15/Sep/2020:08:53:13 +0800] "POST /xingrg/dwr/call/plaincall/AjaxCheckService.setItemNumber.dwr HTTP/1.1" 200 78
180.157.253.48 - - [15/Sep/2020:08:53:14 +0800] "GET /xingrg/kc/base/wldb_order_operate.html?command=get_materiel&rest_code=00148&base_code=0010001&code=00101018014 HTTP/1.1" 200 457
180.157.253.48 - - [15/Sep/2020:08:53:15 +0800] "GET /xingrg/kc/buy/cgsh_order_operate.html?command=get_materiel&rest_code=00148&code=00101008045&supplier_code=00100007&order_time=2020-09-15 HTTP/1.1" 200 412
114.88.166.242 - - [15/Sep/2020:08:53:15 +0800] "GET /xingrg/kc/buy/cgsh_order_add.html HTTP/1.1" 200 59709
114.88.166.242 - - [15/Sep/2020:08:53:16 +0800] "POST /xingrg/kc/buy/cgsh_order_operate.html HTTP/1.1" 200 8245
114.88.166.242 - - [15/Sep/2020:08:53:16 +0800] "GET /xingrg/javascript/easyui/themes/default/validatebox.css HTTP/1.1" 404 1104
172.17.0.100 - - [15/Sep/2020:08:53:16 +0800] "POST /xingrg/dwr/call/plaincall/AjaxCheckService.setItemNumber.dwr HTTP/1.1" 200 78
172.17.0.100 - - [15/Sep/2020:08:53:17 +0800] "POST /xingrg/dwr/call/plaincall/AjaxCheckService.setItemNumber.dwr HTTP/1.1" 200 78
180.157.253.48 - - [15/Sep/2020:08:53:18 +0800] "GET /xingrg/kc/base/wldb_order_operate.html?command=get_materiel&rest_code=00148&base_code=0010001&code=00101018012 HTTP/1.1" 200 462
172.17.0.100 - - [15/Sep/2020:08:53:18 +0800] "POST /xingrg/dwr/call/plaincall/AjaxCheckService.setItemNumber.dwr HTTP/1.1" 200 78
172.17.0.100 - - [15/Sep/2020:08:53:19 +0800] "POST /xingrg/dwr/call/plaincall/AjaxCheckService.setItemNumber.dwr HTTP/1.1" 200 78
172.17.0.100 - - [15/Sep/2020:08:53:20 +0800] "POST /xingrg/dwr/call/plaincall/AjaxCheckService.setItemNumber.dwr HTTP/1.1" 200 78
172.17.0.100 - - [15/Sep/2020:08:53:21 +0800] "POST /xingrg/dwr/call/plaincall/AjaxCheckService.setItemNumber.dwr HTTP/1.1" 200 78
218.81.217.115 - - [15/Sep/2020:08:53:21 +0800] "GET /xingrg/check_reg.html?_=1600131202336 HTTP/1.1" 200 22
172.17.0.100 - - [15/Sep/2020:08:53:22 +0800] "POST /xingrg/dwr/call/plaincall/AjaxCheckService.setItemNumber.dwr HTTP/1.1" 200 78
172.17.0.100 - - [15/Sep/2020:08:53:23 +0800] "POST /xingrg/dwr/call/plaincall/AjaxCheckService.setItemNumber.dwr HTTP/1.1" 200 78
172.17.0.100 - - [15/Sep/2020:08:53:23 +0800] "GET /xingrg/all/function/internal_message.html?_=1600131201951&CODE_STATE=getMsg HTTP/1.1" 200 27
172.17.0.100 - - [15/Sep/2020:08:53:23 +0800] "POST /xingrg/dwr/call/plaincall/AjaxCheckService.setItemNumber.dwr HTTP/1.1" 200 78
180.157.253.48 - - [15/Sep/2020:08:53:23 +0800] "GET /xingrg/kc/buy/cgsh_order_operate.html?command=get_materiel&rest_code=00148&code=00101008028&supplier_code=00100007&order_time=2020-09-15 HTTP/1.1" 200 412
172.17.0.100 - - [15/Sep/2020:08:53:24 +0800] "POST /xingrg/dwr/call/plaincall/AjaxCheckService.setItemNumber.dwr HTTP/1.1" 200 78
172.17.0.100 - - [15/Sep/2020:08:53:25 +0800] "POST /xingrg/dwr/call/plaincall/AjaxCheckService.setItemNumber.dwr HTTP/1.1" 200 78
180.157.253.48 - - [15/Sep/2020:08:53:25 +0800] "POST /xingrg/all/common/load_select.html HTTP/1.1" 200 25
172.17.0.100 - - [15/Sep/2020:08:53:26 +0800] "POST /xingrg/dwr/call/plaincall/AjaxCheckService.setItemNumber.dwr HTTP/1.1" 200 78
180.157.253.48 - - [15/Sep/2020:08:53:27 +0800] "GET /xingrg/kc/base/wldb_order_operate.html?command=get_materiel_price&rest_code=00148&base_code=0010001&code=00101018012&unit_code=00100078 HTTP/1.1" 200 36
172.17.0.100 - - [15/Sep/2020:08:53:28 +0800] "POST /xingrg/dwr/call/plaincall/AjaxCheckService.setItemNumber.dwr HTTP/1.1" 200 78
180.157.253.48 - - [15/Sep/2020:08:53:29 +0800] "GET /xingrg/kc/buy/cgsh_order_operate.html?command=get_materiel&rest_code=00148&code=00101008038&supplier_code=00100007&order_time=2020-09-15 HTTP/1.1" 200 412
114.82.29.189 - - [15/Sep/2020:08:53:31 +0800] "GET /xingrg/all/function/internal_message.html?_=1600131210928&CODE_STATE=getMsg HTTP/1.1" 200 27
114.88.166.242 - - [15/Sep/2020:08:53:33 +0800] "GET /xingrg/kc/buy/cgsh_order_operate.html?command=get_materiel&rest_code=00111&code=00101016025&supplier_code=00100037&order_time=2020-09-15 HTTP/1.1" 200 408
180.157.253.48 - - [15/Sep/2020:08:53:34 +0800] "GET /xingrg/all/function/internal_message.html?_=1600131217032&CODE_STATE=getMsg HTTP/1.1" 200 27
180.157.253.48 - - [15/Sep/2020:08:53:34 +0800] "GET /xingrg/kc/buy/cgsh_order_operate.html?command=get_materiel&rest_code=00148&code=00101008355&supplier_code=00100007&order_time=2020-09-15 HTTP/1.1" 200 408
180.157.253.48 - - [15/Sep/2020:08:53:35 +0800] "GET /xingrg/kc/base/wldb_order_operate.html?command=get_materiel&rest_code=00148&base_code=0010001&code=00101019375 HTTP/1.1" 200 465
117.185.32.26 - - [15/Sep/2020:08:53:38 +0800] "GET /xingrg/check_reg.html?_=1600131641900 HTTP/1.1" 200 22
180.157.253.48 - - [15/Sep/2020:08:53:38 +0800] "GET /xingrg/kc/buy/cgsh_order_operate.html?command=get_materiel&rest_code=00148&code=00101008264&supplier_code=00100007&order_time=2020-09-15 HTTP/1.1" 200 412
116.235.241.164 - - [15/Sep/2020:08:53:41 +0800] "GET /xingrg/all/function/internal_message.html?_=1600131222902&CODE_STATE=getMsg HTTP/1.1" 200 27
172.17.0.123 - - [15/Sep/2020:08:53:41 +0800] "GET /xingrg/all/function/internal_message.html?_=1600131223515&CODE_STATE=getMsg HTTP/1.1" 200 27
116.230.74.197 - - [15/Sep/2020:08:53:43 +0800] "GET /xingrg/javascript/auto/indicator.gif HTTP/1.1" 404 1066
180.157.253.48 - - [15/Sep/2020:08:53:43 +0800] "GET /xingrg/all/function/internal_message.html?_=1600131224085&CODE_STATE=getMsg HTTP/1.1" 200 27
180.157.253.48 - - [15/Sep/2020:08:53:44 +0800] "GET /xingrg/kc/buy/cgsh_order_operate.html?command=get_materiel&rest_code=00148&code=00101008036&supplier_code=00100007&order_time=2020-09-15 HTTP/1.1" 200 408
116.230.74.197 - - [15/Sep/2020:08:53:47 +0800] "GET /xingrg/all/function/internal_message.html?_=1600131224249&CODE_STATE=getMsg HTTP/1.1" 200 27
114.88.166.242 - - [15/Sep/2020:08:53:47 +0800] "GET /xingrg/kc/buy/cgsh_order_operate.html?command=get_materiel&rest_code=00111&code=00101020153&supplier_code=00100037&order_time=2020-09-15 HTTP/1.1" 200 408
180.157.253.48 - - [15/Sep/2020:08:53:48 +0800] "GET /xingrg/kc/buy/cgsh_order_operate.html?command=get_materiel&rest_code=00148&code=00101008286&supplier_code=00100007&order_time=2020-09-15 HTTP/1.1" 200 408
117.131.5.26 - - [15/Sep/2020:08:53:50 +0800] "GET /xingrg/all/function/internal_message.html?_=1600131249907&CODE_STATE=getMsg HTTP/1.1" 200 27
180.157.253.48 - - [15/Sep/2020:08:53:53 +0800] "GET /xingrg/kc/buy/cgsh_order_operate.html?command=get_materiel&rest_code=00148&code=00101008131&supplier_code=00100007&order_time=2020-09-15 HTTP/1.1" 200 408
116.230.74.197 - - [15/Sep/2020:08:53:54 +0800] "GET /xingrg/kc/buy/cgsh_order_operate.html?command=get_materiel&rest_code=00107&code=00101008256&supplier_code=00100006&order_time=2020-09-15 HTTP/1.1" 200 413
114.88.166.242 - - [15/Sep/2020:08:53:55 +0800] "GET /xingrg/kc/buy/cgsh_order_operate.html?command=get_materiel&rest_code=00111&code=00101007109&supplier_code=00100037&order_time=2020-09-15 HTTP/1.1" 200 408
116.238.71.173 - - [15/Sep/2020:08:53:56 +0800] "GET /xingrg/all/function/internal_message.html?_=1600131359559&CODE_STATE=getMsg HTTP/1.1" 200 27
180.157.253.48 - - [15/Sep/2020:08:53:59 +0800] "GET /xingrg/kc/buy/cgsh_order_operate.html?command=get_materiel&rest_code=00148&code=00101008005&supplier_code=00100007&order_time=2020-09-15 HTTP/1.1" 200 412
116.235.241.164 - - [15/Sep/2020:08:54:00 +0800] "GET /xingrg/all/function/internal_message.html?_=1600131242127&CODE_STATE=getMsg HTTP/1.1" 200 27
114.88.166.242 - - [15/Sep/2020:08:54:02 +0800] "GET /xingrg/kc/buy/cgsh_order_operate.html?command=get_materiel&rest_code=00111&code=00101016105&supplier_code=00100037&order_time=2020-09-15 HTTP/1.1" 200 409
180.157.253.48 - - [15/Sep/2020:08:54:04 +0800] "GET /xingrg/kc/buy/cgsh_order_operate.html?command=get_materiel&rest_code=00148&code=00101008004&supplier_code=00100007&order_time=2020-09-15 HTTP/1.1" 200 416
116.238.71.173 - - [15/Sep/2020:08:54:07 +0800] "GET /xingrg/all/function/internal_message.html?_=1600131247380&CODE_STATE=getMsg HTTP/1.1" 200 27
114.86.226.190 - - [15/Sep/2020:08:54:08 +0800] "GET /xingrg/all/function/internal_message.html?_=1600131273359&CODE_STATE=getMsg HTTP/1.1" 200 27
114.88.166.242 - - [15/Sep/2020:08:54:09 +0800] "GET /xingrg/all/function/internal_message.html?_=1600131314873&CODE_STATE=getMsg HTTP/1.1" 200 27
116.230.74.197 - - [15/Sep/2020:08:54:09 +0800] "GET /xingrg/kc/buy/cgsh_order_operate.html?command=get_materiel&rest_code=00107&code=00101008045&supplier_code=00100006&order_time=2020-09-15 HTTP/1.1" 200 412
180.157.253.48 - - [15/Sep/2020:08:54:10 +0800] "GET /xingrg/kc/buy/cgsh_order_operate.html?command=get_materiel&rest_code=00148&code=00101008101&supplier_code=00100007&order_time=2020-09-15 HTTP/1.1" 200 412
218.81.217.115 - - [15/Sep/2020:08:54:10 +0800] "GET /xingrg/all/function/internal_message.html?_=1600131250431&CODE_STATE=getMsg HTTP/1.1" 200 27
172.17.0.100 - - [15/Sep/2020:08:54:14 +0800] "POST /xingrg/dwr/call/plaincall/AjaxCheckService.setItemNumber.dwr HTTP/1.1" 200 78
114.88.166.242 - - [15/Sep/2020:08:54:15 +0800] "GET /xingrg/kc/buy/cgsh_order_operate.html?command=get_materiel&rest_code=00111&code=00101008126&supplier_code=00100037&order_time=2020-09-15 HTTP/1.1" 200 412
180.157.253.48 - - [15/Sep/2020:08:54:17 +0800] "GET /xingrg/kc/buy/cgsh_order_operate.html?command=get_materiel&rest_code=00148&code=00101008323&supplier_code=00100007&order_time=2020-09-15 HTTP/1.1" 200 408
116.230.74.197 - - [15/Sep/2020:08:54:20 +0800] "GET /xingrg/kc/buy/cgsh_order_operate.html?command=get_materiel&rest_code=00107&code=00101008257&supplier_code=00100006&order_time=2020-09-15 HTTP/1.1" 200 416
180.157.253.48 - - [15/Sep/2020:08:54:23 +0800] "GET /xingrg/kc/buy/cgsh_order_operate.html?command=get_materiel&rest_code=00148&code=00101008302&supplier_code=00100007&order_time=2020-09-15 HTTP/1.1" 200 412
172.17.0.100 - - [15/Sep/2020:08:54:23 +0800] "GET /xingrg/all/function/internal_message.html?_=1600131261923&CODE_STATE=getMsg HTTP/1.1" 200 27
172.17.0.100 - - [15/Sep/2020:08:54:25 +0800] "POST /xingrg/dwr/call/plaincall/AjaxCheckService.setItemNumber.dwr HTTP/1.1" 200 78
180.157.253.48 - - [15/Sep/2020:08:54:28 +0800] "GET /xingrg/kc/buy/cgsh_order_operate.html?command=get_materiel&rest_code=00148&code=00101008354&supplier_code=00100007&order_time=2020-09-15 HTTP/1.1" 200 412
114.82.29.189 - - [15/Sep/2020:08:54:31 +0800] "GET /xingrg/all/function/internal_message.html?_=1600131270901&CODE_STATE=getMsg HTTP/1.1" 200 27
116.230.74.197 - - [15/Sep/2020:08:54:34 +0800] "GET /xingrg/kc/buy/cgsh_order_operate.html?command=get_materiel&rest_code=00107&code=00101008283&supplier_code=00100006&order_time=2020-09-15 HTTP/1.1" 200 408
180.157.253.48 - - [15/Sep/2020:08:54:34 +0800] "GET /xingrg/all/function/internal_message.html?_=1600131277045&CODE_STATE=getMsg HTTP/1.1" 200 27
172.17.0.100 - - [15/Sep/2020:08:54:39 +0800] "POST /xingrg/dwr/call/plaincall/AjaxCheckService.saveOrder.dwr HTTP/1.1" 200 80
172.17.0.100 - - [15/Sep/2020:08:54:40 +0800] "POST /xingrg/dwr/call/plaincall/AjaxCheckService.loadOrderItems.dwr HTTP/1.1" 200 249700
116.235.241.164 - - [15/Sep/2020:08:54:41 +0800] "GET /xingrg/all/function/internal_message.html?_=1600131282902&CODE_STATE=getMsg HTTP/1.1" 200 27
172.17.0.123 - - [15/Sep/2020:08:54:41 +0800] "GET /xingrg/all/function/internal_message.html?_=1600131283515&CODE_STATE=getMsg HTTP/1.1" 200 27
180.157.253.48 - - [15/Sep/2020:08:54:42 +0800] "GET /xingrg/kc/buy/cgsh_order_operate.html?command=get_materiel&rest_code=00148&code=00101008355&supplier_code=00100007&order_time=2020-09-15 HTTP/1.1" 200 408
114.88.166.242 - - [15/Sep/2020:08:54:42 +0800] "GET /xingrg/kc/buy/cgsh_order_operate.html?command=get_materiel&rest_code=00111&code=00101016071&supplier_code=00100037&order_time=2020-09-15 HTTP/1.1" 200 416
180.157.253.48 - - [15/Sep/2020:08:54:45 +0800] "POST /xingrg/kc/base/wldb_order_operate.html HTTP/1.1" 200 37
180.157.253.48 - - [15/Sep/2020:08:54:46 +0800] "POST /xingrg/kc/base/wldb_order_operate.html HTTP/1.1" 200 12
180.157.253.48 - - [15/Sep/2020:08:54:46 +0800] "POST /xingrg/kc/base/wldb_order_operate.html HTTP/1.1" 200 6164
180.157.253.48 - - [15/Sep/2020:08:54:46 +0800] "GET /xingrg/kc/buy/cgsh_order_operate.html?command=get_materiel&rest_code=00148&code=00101008213&supplier_code=00100007&order_time=2020-09-15 HTTP/1.1" 200 412
116.230.74.197 - - [15/Sep/2020:08:54:47 +0800] "GET /xingrg/all/function/internal_message.html?_=1600131284236&CODE_STATE=getMsg HTTP/1.1" 200 27
114.88.166.242 - - [15/Sep/2020:08:54:50 +0800] "GET /xingrg/kc/buy/cgsh_order_operate.html?command=get_materiel&rest_code=00111&code=00101008225&supplier_code=00100037&order_time=2020-09-15 HTTP/1.1" 200 416
117.131.5.26 - - [15/Sep/2020:08:54:50 +0800] "GET /xingrg/all/function/internal_message.html?_=1600131309877&CODE_STATE=getMsg HTTP/1.1" 200 27
180.157.253.48 - - [15/Sep/2020:08:54:50 +0800] "GET /xingrg/kc/buy/cgsh_order_operate.html?command=get_materiel&rest_code=00148&code=00101008298&supplier_code=00100007&order_time=2020-09-15 HTTP/1.1" 200 431
222.69.134.17 - - [15/Sep/2020:08:54:54 +0800] "GET /xingrg/index.html?sysBaseUrl=http%3A%2F%2F180.169.147.146%3A18081%2Fxingrg%2F&costTime=52×tamp=1591679117969 HTTP/1.1" 302 -
222.69.134.17 - - [15/Sep/2020:08:54:54 +0800] "GET /xingrg/login.html HTTP/1.1" 200 7641
222.69.134.17 - - [15/Sep/2020:08:54:55 +0800] "GET /favicon.ico HTTP/1.1" 404 -
180.157.253.48 - - [15/Sep/2020:08:54:55 +0800] "GET /xingrg/kc/buy/cgsh_order_operate.html?command=get_materiel&rest_code=00148&code=00101008305&supplier_code=00100007&order_time=2020-09-15 HTTP/1.1" 200 412
116.238.71.173 - - [15/Sep/2020:08:54:55 +0800] "GET /xingrg/check_reg.html?_=1600131418828 HTTP/1.1" 200 22
116.238.71.173 - - [15/Sep/2020:08:54:56 +0800] "GET /xingrg/all/function/internal_message.html?_=1600131419574&CODE_STATE=getMsg HTTP/1.1" 200 27
180.157.253.48 - - [15/Sep/2020:08:54:56 +0800] "GET /xingrg/kc/base/wldb_order_info.html?code=422020091501691 HTTP/1.1" 200 26333
222.69.134.17 - - [15/Sep/2020:08:54:57 +0800] "POST /xingrg/login.do HTTP/1.1" 302 -
180.157.253.48 - - [15/Sep/2020:08:54:57 +0800] "POST /xingrg/kc/base/wldb_order_operate.html HTTP/1.1" 200 4374
222.69.134.17 - - [15/Sep/2020:08:54:57 +0800] "GET /xingrg/index.html?sysBaseUrl=http%3A%2F%2F180.169.147.146%3A18081%2Fxingrg%2F&costTime=52×tamp=1600131297241 HTTP/1.1" 200 17179
180.157.253.48 - - [15/Sep/2020:08:54:57 +0800] "GET /xingrg/javascript/easyui/themes/default/validatebox.css HTTP/1.1" 404 1104
222.69.134.17 - - [15/Sep/2020:08:54:57 +0800] "GET /favicon.ico HTTP/1.1" 404 -
222.69.134.17 - - [15/Sep/2020:08:54:57 +0800] "POST /xingrg/all/common/load_tree.html?tree=area_rest_tree_json&manage=1 HTTP/1.1" 200 351
222.69.134.17 - - [15/Sep/2020:08:54:57 +0800] "GET /xingrg/all/function/internal_message.html?_=1600131294936&CODE_STATE=count HTTP/1.1" 200 11
222.69.134.17 - - [15/Sep/2020:08:54:57 +0800] "GET /xingrg/check_reg.html?_=1600131294939 HTTP/1.1" 200 22
222.69.134.17 - - [15/Sep/2020:08:54:57 +0800] "POST /xingrg/load_menu.html HTTP/1.1" 200 5138
116.235.241.164 - - [15/Sep/2020:08:55:00 +0800] "GET /xingrg/all/function/internal_message.html?_=1600131302130&CODE_STATE=getMsg HTTP/1.1" 200 27
116.230.74.197 - - [15/Sep/2020:08:55:00 +0800] "GET /xingrg/kc/buy/cgsh_order_operate.html?command=get_materiel&rest_code=00107&code=00101008352&supplier_code=00100006&order_time=2020-09-15 HTTP/1.1" 200 412
114.88.166.242 - - [15/Sep/2020:08:55:00 +0800] "GET /xingrg/kc/buy/cgsh_order_operate.html?command=get_materiel&rest_code=00111&code=00101016030&supplier_code=00100037&order_time=2020-09-15 HTTP/1.1" 200 412
180.157.253.48 - - [15/Sep/2020:08:55:02 +0800] "GET /xingrg/kc/base/wldb_order_add.html HTTP/1.1" 200 30455
180.157.253.48 - - [15/Sep/2020:08:55:02 +0800] "POST /xingrg/kc/base/wldb_order_operate.html HTTP/1.1" 200 6806
180.157.253.48 - - [15/Sep/2020:08:55:03 +0800] "GET /xingrg/javascript/easyui/themes/default/validatebox.css HTTP/1.1" 404 1104
222.69.134.17 - - [15/Sep/2020:08:55:07 +0800] "GET /xingrg/kc/buy/cgsh_order_list.html HTTP/1.1" 200 43977
116.238.71.173 - - [15/Sep/2020:08:55:07 +0800] "GET /xingrg/all/function/internal_message.html?_=1600131307413&CODE_STATE=getMsg HTTP/1.1" 200 27
222.69.134.17 - - [15/Sep/2020:08:55:08 +0800] "POST /xingrg/kc/buy/cgsh_list_operate.html HTTP/1.1" 200 876
114.86.226.190 - - [15/Sep/2020:08:55:08 +0800] "GET /xingrg/all/function/internal_message.html?_=1600131333359&CODE_STATE=getMsg HTTP/1.1" 200 27
114.88.166.242 - - [15/Sep/2020:08:55:09 +0800] "GET /xingrg/all/function/internal_message.html?_=1600131374880&CODE_STATE=getMsg HTTP/1.1" 200 27
218.81.217.115 - - [15/Sep/2020:08:55:10 +0800] "GET /xingrg/all/function/internal_message.html?_=1600131310444&CODE_STATE=getMsg HTTP/1.1" 200 27
222.69.134.17 - - [15/Sep/2020:08:55:10 +0800] "GET /xingrg/kc/buy/cgsh_order_add.html HTTP/1.1" 200 59762
116.238.71.173 - - [15/Sep/2020:08:55:10 +0800] "POST /xingrg/kc/base/yddb_list_operate.html HTTP/1.1" 200 1337
222.69.134.17 - - [15/Sep/2020:08:55:10 +0800] "GET /xingrg/words/20200914192654_words.js HTTP/1.1" 200 762949
222.69.134.17 - - [15/Sep/2020:08:55:11 +0800] "POST /xingrg/kc/buy/cgsh_order_operate.html HTTP/1.1" 200 8245
222.69.134.17 - - [15/Sep/2020:08:55:11 +0800] "GET /xingrg/all/common/auto_word.html?type=employee&rest_code=00149 HTTP/1.1" 200 197
222.69.134.17 - - [15/Sep/2020:08:55:11 +0800] "GET /xingrg/all/common/auto_word.html?type=employee&rest_code=00149 HTTP/1.1" 200 197
222.69.134.17 - - [15/Sep/2020:08:55:11 +0800] "GET /xingrg/javascript/easyui/themes/default/validatebox.css HTTP/1.1" 404 1104
180.157.253.48 - - [15/Sep/2020:08:55:11 +0800] "GET /xingrg/kc/buy/cgsh_order_operate.html?command=get_materiel&rest_code=00148&code=00101008323&supplier_code=00100007&order_time=2020-09-15 HTTP/1.1" 200 408
116.238.71.173 - - [15/Sep/2020:08:55:13 +0800] "GET /xingrg/kc/buy/cgsh_order_list.html HTTP/1.1" 200 43977
116.238.71.173 - - [15/Sep/2020:08:55:15 +0800] "POST /xingrg/kc/buy/cgsh_list_operate.html HTTP/1.1" 200 1708
172.17.0.100 - - [15/Sep/2020:08:55:15 +0800] "GET /xingrg/kc/base/check_order_list.html?isBack=1 HTTP/1.1" 200 16448
172.17.0.100 - - [15/Sep/2020:08:55:15 +0800] "POST /xingrg/kc/base/check_list_operate.html HTTP/1.1" 200 3204
114.88.166.242 - - [15/Sep/2020:08:55:16 +0800] "GET /xingrg/kc/buy/cgsh_order_operate.html?command=get_materiel&rest_code=00111&code=00101008276&supplier_code=00100037&order_time=2020-09-15 HTTP/1.1" 200 412
116.238.71.173 - - [15/Sep/2020:08:55:16 +0800] "GET /xingrg/kc/buy/cgsh_order_add.html HTTP/1.1" 200 59633
116.238.71.173 - - [15/Sep/2020:08:55:17 +0800] "GET /xingrg/words/20200914192654_words.js HTTP/1.1" 200 762949
180.157.253.48 - - [15/Sep/2020:08:55:17 +0800] "POST /xingrg/kc/buy/cgsh_order_operate.html HTTP/1.1" 200 2065
116.238.71.173 - - [15/Sep/2020:08:55:17 +0800] "POST /xingrg/kc/buy/cgsh_order_operate.html HTTP/1.1" 200 8245
116.238.71.173 - - [15/Sep/2020:08:55:17 +0800] "GET /xingrg/all/common/auto_word.html?type=employee&rest_code=00150 HTTP/1.1" 200 205
116.238.71.173 - - [15/Sep/2020:08:55:17 +0800] "GET /xingrg/all/common/auto_word.html?type=employee&rest_code=00150 HTTP/1.1" 200 205
116.238.71.173 - - [15/Sep/2020:08:55:17 +0800] "GET /xingrg/javascript/easyui/themes/default/validatebox.css HTTP/1.1" 404 1104
116.238.71.173 - - [15/Sep/2020:08:55:18 +0800] "GET /xingrg/kc/buy/cgsh_order_list.html HTTP/1.1" 200 43977
116.238.71.173 - - [15/Sep/2020:08:55:19 +0800] "POST /xingrg/kc/buy/cgsh_list_operate.html HTTP/1.1" 200 1708
180.157.253.48 - - [15/Sep/2020:08:55:22 +0800] "GET /xingrg/kc/buy/cgsh_order_operate.html?command=get_materiel&rest_code=00148&code=00101008331&supplier_code=00100007&order_time=2020-09-15 HTTP/1.1" 200 416
172.17.0.100 - - [15/Sep/2020:08:55:23 +0800] "GET /xingrg/all/function/internal_message.html?_=1600131321928&CODE_STATE=getMsg HTTP/1.1" 200 27
116.238.71.173 - - [15/Sep/2020:08:55:24 +0800] "GET /xingrg/kc/buy/cgsh_order_add.html HTTP/1.1" 200 59633
116.238.71.173 - - [15/Sep/2020:08:55:24 +0800] "POST /xingrg/kc/buy/cgsh_order_operate.html HTTP/1.1" 200 8245
114.82.29.189 - - [15/Sep/2020:08:55:24 +0800] "GET /xingrg/check_reg.html?_=1600131324404 HTTP/1.1" 200 22
116.238.71.173 - - [15/Sep/2020:08:55:24 +0800] "GET /xingrg/javascript/easyui/themes/default/validatebox.css HTTP/1.1" 404 1104
116.238.71.173 - - [15/Sep/2020:08:55:28 +0800] "GET /xingrg/javascript/auto/indicator.gif HTTP/1.1" 404 1066
180.157.253.48 - - [15/Sep/2020:08:55:29 +0800] "GET /xingrg/kc/buy/cgsh_order_operate.html?command=get_materiel&rest_code=00148&code=00101008350&supplier_code=00100007&order_time=2020-09-15 HTTP/1.1" 200 408
114.82.29.189 - - [15/Sep/2020:08:55:31 +0800] "GET /xingrg/all/function/internal_message.html?_=1600131330871&CODE_STATE=getMsg HTTP/1.1" 200 27
172.17.0.100 - - [15/Sep/2020:08:55:31 +0800] "GET /xingrg/kc/base/check_order_info.html?code=452020091400175 HTTP/1.1" 200 26365
172.17.0.100 - - [15/Sep/2020:08:55:31 +0800] "GET /xingrg/dwr/interface/AjaxComOrderService.js HTTP/1.1" 200 18264
172.17.0.100 - - [15/Sep/2020:08:55:31 +0800] "GET /xingrg/dwr/interface/AjaxCheckService.js HTTP/1.1" 200 14003
172.17.0.100 - - [15/Sep/2020:08:55:31 +0800] "GET /xingrg/dwr/engine.js HTTP/1.1" 200 43631
172.17.0.100 - - [15/Sep/2020:08:55:32 +0800] "POST /xingrg/dwr/call/plaincall/AjaxCheckService.loadOrderItems.dwr HTTP/1.1" 200 10493
180.157.253.48 - - [15/Sep/2020:08:55:33 +0800] "GET /xingrg/kc/base/wldb_order_operate.html?command=get_materiel&rest_code=00148&base_code=0010001&code=00101022091 HTTP/1.1" 200 451
180.157.253.48 - - [15/Sep/2020:08:55:34 +0800] "GET /xingrg/all/function/internal_message.html?_=1600131337059&CODE_STATE=getMsg HTTP/1.1" 200 27
180.157.253.48 - - [15/Sep/2020:08:55:35 +0800] "POST /xingrg/all/common/load_select.html HTTP/1.1" 200 25
180.157.253.48 - - [15/Sep/2020:08:55:37 +0800] "GET /xingrg/kc/base/wldb_order_operate.html?command=get_materiel_price&rest_code=00148&base_code=0010001&code=00101022091&unit_code=00100207 HTTP/1.1" 200 36
172.17.0.100 - - [15/Sep/2020:08:55:37 +0800] "POST /xingrg/dwr/call/plaincall/AjaxCheckService.setItemNumber.dwr HTTP/1.1" 200 76
116.238.71.173 - - [15/Sep/2020:08:55:37 +0800] "GET /xingrg/kc/buy/cgsh_order_operate.html?command=get_materiel&rest_code=00150&code=00101007061&supplier_code=00100002&order_time=2020-09-15 HTTP/1.1" 200 409
172.17.0.100 - - [15/Sep/2020:08:55:38 +0800] "POST /xingrg/dwr/call/plaincall/AjaxCheckService.setItemNumber.dwr HTTP/1.1" 200 76
180.157.253.48 - - [15/Sep/2020:08:55:38 +0800] "GET /xingrg/kc/buy/cgsh_order_operate.html?command=get_materiel&rest_code=00148&code=00101008149&supplier_code=00100007&order_time=2020-09-15 HTTP/1.1" 200 408
116.235.241.164 - - [15/Sep/2020:08:55:41 +0800] "GET /xingrg/all/function/internal_message.html?_=1600131342902&CODE_STATE=getMsg HTTP/1.1" 200 27
172.17.0.123 - - [15/Sep/2020:08:55:41 +0800] "GET /xingrg/check_reg.html?_=1600131343517 HTTP/1.1" 200 22
172.17.0.123 - - [15/Sep/2020:08:55:41 +0800] "GET /xingrg/all/function/internal_message.html?_=1600131343519&CODE_STATE=getMsg HTTP/1.1" 200 27
180.157.253.48 - - [15/Sep/2020:08:55:42 +0800] "GET /xingrg/kc/buy/cgsh_order_operate.html?command=get_materiel&rest_code=00148&code=00101008224&supplier_code=00100007&order_time=2020-09-15 HTTP/1.1" 200 416
172.17.0.100 - - [15/Sep/2020:08:55:43 +0800] "POST /xingrg/dwr/call/plaincall/AjaxCheckService.setItemNumber.dwr HTTP/1.1" 200 76
180.157.253.48 - - [15/Sep/2020:08:55:43 +0800] "GET /xingrg/all/function/internal_message.html?_=1600131344098&CODE_STATE=getMsg HTTP/1.1" 200 27
116.230.74.197 - - [15/Sep/2020:08:55:46 +0800] "GET /xingrg/kc/buy/cgsh_order_operate.html?command=get_materiel&rest_code=00107&code=00101008098&supplier_code=00100006&order_time=2020-09-15 HTTP/1.1" 200 412
172.17.0.100 - - [15/Sep/2020:08:55:46 +0800] "POST /xingrg/dwr/call/plaincall/AjaxCheckService.setItemNumber.dwr HTTP/1.1" 200 76
116.230.74.197 - - [15/Sep/2020:08:55:47 +0800] "GET /xingrg/check_reg.html?_=1600131344118 HTTP/1.1" 200 22
116.230.74.197 - - [15/Sep/2020:08:55:47 +0800] "GET /xingrg/all/function/internal_message.html?_=1600131344218&CODE_STATE=getMsg HTTP/1.1" 200 27
172.17.0.100 - - [15/Sep/2020:08:55:48 +0800] "POST /xingrg/dwr/call/plaincall/AjaxCheckService.setItemNumber.dwr HTTP/1.1" 200 76
180.157.253.48 - - [15/Sep/2020:08:55:48 +0800] "GET /xingrg/kc/buy/cgsh_order_operate.html?command=get_materiel&rest_code=00148&code=00101008223&supplier_code=00100007&order_time=2020-09-15 HTTP/1.1" 200 414
222.69.134.17 - - [15/Sep/2020:08:55:48 +0800] "GET /xingrg/javascript/auto/indicator.gif HTTP/1.1" 404 1066
172.17.0.100 - - [15/Sep/2020:08:55:49 +0800] "POST /xingrg/dwr/call/plaincall/AjaxCheckService.setItemNumber.dwr HTTP/1.1" 200 76
180.157.253.48 - - [15/Sep/2020:08:55:49 +0800] "GET /xingrg/kc/base/wldb_order_operate.html?command=get_materiel&rest_code=00148&base_code=0010001&code=00101019575 HTTP/1.1" 200 441
222.69.134.17 - - [15/Sep/2020:08:55:49 +0800] "GET /xingrg/javascript/jquery_tools/images/prev.gif HTTP/1.1" 404 1086
222.69.134.17 - - [15/Sep/2020:08:55:49 +0800] "GET /xingrg/javascript/jquery_tools/images/next.gif HTTP/1.1" 404 1086
172.17.0.100 - - [15/Sep/2020:08:55:49 +0800] "POST /xingrg/dwr/call/plaincall/AjaxCheckService.setItemNumber.dwr HTTP/1.1" 200 76
116.238.71.173 - - [15/Sep/2020:08:55:50 +0800] "GET /xingrg/kc/buy/cgsh_order_operate.html?command=get_materiel&rest_code=00150&code=00101007076&supplier_code=00100002&order_time=2020-09-15 HTTP/1.1" 200 408
117.131.5.26 - - [15/Sep/2020:08:55:50 +0800] "GET /xingrg/check_reg.html?_=1600131369859 HTTP/1.1" 200 22
117.131.5.26 - - [15/Sep/2020:08:55:50 +0800] "GET /xingrg/all/function/internal_message.html?_=1600131369861&CODE_STATE=getMsg HTTP/1.1" 200 27
172.17.0.100 - - [15/Sep/2020:08:55:50 +0800] "POST /xingrg/dwr/call/plaincall/AjaxCheckService.setItemNumber.dwr HTTP/1.1" 200 76
180.157.253.48 - - [15/Sep/2020:08:55:50 +0800] "POST /xingrg/kc/buy/cgsh_order_operate.html HTTP/1.1" 200 2065
172.17.0.100 - - [15/Sep/2020:08:55:51 +0800] "POST /xingrg/dwr/call/plaincall/AjaxCheckService.setItemNumber.dwr HTTP/1.1" 200 76
114.88.166.242 - - [15/Sep/2020:08:55:51 +0800] "GET /xingrg/kc/buy/cgsh_order_operate.html?command=get_materiel&rest_code=00111&code=00101012051&supplier_code=00100037&order_time=2020-09-15 HTTP/1.1" 200 408
172.17.0.100 - - [15/Sep/2020:08:55:51 +0800] "POST /xingrg/dwr/call/plaincall/AjaxCheckService.setItemNumber.dwr HTTP/1.1" 200 77
172.17.0.100 - - [15/Sep/2020:08:55:52 +0800] "POST /xingrg/dwr/call/plaincall/AjaxCheckService.setItemNumber.dwr HTTP/1.1" 200 77
172.17.0.100 - - [15/Sep/2020:08:55:55 +0800] "POST /xingrg/dwr/call/plaincall/AjaxCheckService.saveOrder.dwr HTTP/1.1" 200 79
222.69.134.17 - - [15/Sep/2020:08:55:55 +0800] "GET /xingrg/kc/buy/cgsh_order_operate.html?command=get_materiel&rest_code=00149&code=00101008323&supplier_code=00100005&order_time=2020-09-15 HTTP/1.1" 200 408
180.157.253.48 - - [15/Sep/2020:08:55:55 +0800] "GET /xingrg/kc/buy/cgsh_order_operate.html?command=get_materiel&rest_code=00148&code=00101008131&supplier_code=00100007&order_time=2020-09-15 HTTP/1.1" 200 408
180.157.253.48 - - [15/Sep/2020:08:55:55 +0800] "GET /xingrg/kc/base/wldb_order_operate.html?command=get_materiel&rest_code=00148&base_code=0010001&code=00101019359 HTTP/1.1" 200 446
116.238.71.173 - - [15/Sep/2020:08:55:56 +0800] "GET /xingrg/all/function/internal_message.html?_=1600131479587&CODE_STATE=getMsg HTTP/1.1" 200 27
172.17.0.100 - - [15/Sep/2020:08:55:56 +0800] "POST /xingrg/dwr/call/plaincall/AjaxCheckService.loadOrderItems.dwr HTTP/1.1" 200 10497
116.238.71.173 - - [15/Sep/2020:08:55:57 +0800] "GET /xingrg/kc/buy/cgsh_order_operate.html?command=get_materiel&rest_code=00150&code=00101007023&supplier_code=00100002&order_time=2020-09-15 HTTP/1.1" 200 409
222.69.134.17 - - [15/Sep/2020:08:55:57 +0800] "GET /xingrg/all/function/internal_message.html?_=1600131354953&CODE_STATE=getMsg HTTP/1.1" 200 27
180.157.253.48 - - [15/Sep/2020:08:55:58 +0800] "POST /xingrg/all/common/load_select.html HTTP/1.1" 200 25
172.17.0.100 - - [15/Sep/2020:08:55:58 +0800] "GET /xingrg/kc/base/check_order_list.html?isBack=1 HTTP/1.1" 200 16448
172.17.0.100 - - [15/Sep/2020:08:55:58 +0800] "POST /xingrg/kc/base/check_list_operate.html HTTP/1.1" 200 3213
180.157.253.48 - - [15/Sep/2020:08:56:00 +0800] "GET /xingrg/kc/base/wldb_order_operate.html?command=get_materiel_price&rest_code=00148&base_code=0010001&code=00101019359&unit_code=00100130 HTTP/1.1" 200 33
180.157.253.48 - - [15/Sep/2020:08:56:00 +0800] "GET /xingrg/kc/buy/cgsh_order_operate.html?command=get_materiel&rest_code=00148&code=00101008353&supplier_code=00100007&order_time=2020-09-15 HTTP/1.1" 200 408
116.235.241.164 - - [15/Sep/2020:08:56:00 +0800] "GET /xingrg/all/function/internal_message.html?_=1600131362130&CODE_STATE=getMsg HTTP/1.1" 200 27
172.17.0.100 - - [15/Sep/2020:08:56:02 +0800] "GET /xingrg/kc/base/check_order_info.html?code=452020091400173 HTTP/1.1" 200 26365
172.17.0.100 - - [15/Sep/2020:08:56:02 +0800] "GET /xingrg/dwr/interface/AjaxCheckService.js HTTP/1.1" 200 14003
172.17.0.100 - - [15/Sep/2020:08:56:02 +0800] "GET /xingrg/dwr/interface/AjaxComOrderService.js HTTP/1.1" 200 18264
172.17.0.100 - - [15/Sep/2020:08:56:02 +0800] "GET /xingrg/dwr/engine.js HTTP/1.1" 200 43631
172.17.0.100 - - [15/Sep/2020:08:56:03 +0800] "POST /xingrg/dwr/call/plaincall/AjaxCheckService.loadOrderItems.dwr HTTP/1.1" 200 127099
222.69.134.17 - - [15/Sep/2020:08:56:04 +0800] "GET /xingrg/kc/buy/cgsh_order_operate.html?command=get_materiel&rest_code=00149&code=00101008091&supplier_code=00100005&order_time=2020-09-15 HTTP/1.1" 200 413
116.238.71.173 - - [15/Sep/2020:08:56:05 +0800] "GET /xingrg/kc/buy/cgsh_order_operate.html?command=get_materiel&rest_code=00150&code=00101007077&supplier_code=00100002&order_time=2020-09-15 HTTP/1.1" 200 415
180.157.253.48 - - [15/Sep/2020:08:56:07 +0800] "GET /xingrg/kc/buy/cgsh_order_operate.html?command=get_materiel&rest_code=00148&code=00101008114&supplier_code=00100007&order_time=2020-09-15 HTTP/1.1" 200 412
116.238.71.173 - - [15/Sep/2020:08:56:07 +0800] "GET /xingrg/all/function/internal_message.html?_=1600131367464&CODE_STATE=getMsg HTTP/1.1" 200 27
114.86.226.190 - - [15/Sep/2020:08:56:08 +0800] "GET /xingrg/all/function/internal_message.html?_=1600131393359&CODE_STATE=getMsg HTTP/1.1" 200 27
116.230.74.197 - - [15/Sep/2020:08:56:08 +0800] "GET /xingrg/kc/buy/cgsh_order_operate.html?command=get_materiel&rest_code=00107&code=00101008005&supplier_code=00100006&order_time=2020-09-15 HTTP/1.1" 200 412
114.88.166.242 - - [15/Sep/2020:08:56:09 +0800] "GET /xingrg/all/function/internal_message.html?_=1600131434827&CODE_STATE=getMsg HTTP/1.1" 200 27
180.157.253.48 - - [15/Sep/2020:08:56:09 +0800] "GET /xingrg/kc/base/wldb_order_operate.html?command=get_materiel&rest_code=00148&base_code=0010001&code=00101010059 HTTP/1.1" 200 435
218.81.217.115 - - [15/Sep/2020:08:56:10 +0800] "GET /xingrg/all/function/internal_message.html?_=1600131370564&CODE_STATE=getMsg HTTP/1.1" 200 27
172.17.0.100 - - [15/Sep/2020:08:56:11 +0800] "POST /xingrg/dwr/call/plaincall/AjaxCheckService.setItemNumber.dwr HTTP/1.1" 200 76
180.157.253.48 - - [15/Sep/2020:08:56:12 +0800] "GET /xingrg/kc/buy/cgsh_order_operate.html?command=get_materiel&rest_code=00148&code=00101009016&supplier_code=00100007&order_time=2020-09-15 HTTP/1.1" 200 412
172.17.0.100 - - [15/Sep/2020:08:56:12 +0800] "POST /xingrg/dwr/call/plaincall/AjaxCheckService.setItemNumber.dwr HTTP/1.1" 200 76
172.17.0.100 - - [15/Sep/2020:08:56:13 +0800] "POST /xingrg/dwr/call/plaincall/AjaxCheckService.setItemNumber.dwr HTTP/1.1" 200 76
172.17.0.100 - - [15/Sep/2020:08:56:14 +0800] "POST /xingrg/dwr/call/plaincall/AjaxCheckService.setItemNumber.dwr HTTP/1.1" 200 76
172.17.0.100 - - [15/Sep/2020:08:56:15 +0800] "POST /xingrg/dwr/call/plaincall/AjaxCheckService.setItemNumber.dwr HTTP/1.1" 200 76
172.17.0.100 - - [15/Sep/2020:08:56:15 +0800] "POST /xingrg/dwr/call/plaincall/AjaxCheckService.setItemNumber.dwr HTTP/1.1" 200 76
116.238.71.173 - - [15/Sep/2020:08:56:16 +0800] "GET /xingrg/kc/buy/cgsh_order_operate.html?command=get_materiel&rest_code=00150&code=00101007048&supplier_code=00100002&order_time=2020-09-15 HTTP/1.1" 200 408
172.17.0.100 - - [15/Sep/2020:08:56:16 +0800] "POST /xingrg/dwr/call/plaincall/AjaxCheckService.setItemNumber.dwr HTTP/1.1" 200 76
222.69.134.17 - - [15/Sep/2020:08:56:18 +0800] "GET /xingrg/kc/buy/cgsh_order_operate.html?command=get_materiel&rest_code=00149&code=00101008215&supplier_code=00100005&order_time=2020-09-15 HTTP/1.1" 200 413
180.157.253.48 - - [15/Sep/2020:08:56:18 +0800] "GET /xingrg/kc/buy/cgsh_order_operate.html?command=get_materiel&rest_code=00148&code=00101009013&supplier_code=00100007&order_time=2020-09-15 HTTP/1.1" 200 420
180.157.253.48 - - [15/Sep/2020:08:56:20 +0800] "POST /xingrg/kc/buy/cgsh_order_operate.html HTTP/1.1" 200 2065
172.17.0.100 - - [15/Sep/2020:08:56:22 +0800] "GET /xingrg/check_reg.html?_=1600131381001 HTTP/1.1" 200 22
172.17.0.100 - - [15/Sep/2020:08:56:23 +0800] "GET /xingrg/all/function/internal_message.html?_=1600131381903&CODE_STATE=getMsg HTTP/1.1" 200 27
116.230.74.197 - - [15/Sep/2020:08:56:24 +0800] "GET /xingrg/kc/buy/cgsh_order_operate.html?command=get_materiel&rest_code=00107&code=00101008302&supplier_code=00100006&order_time=2020-09-15 HTTP/1.1" 200 412
172.17.0.100 - - [15/Sep/2020:08:56:26 +0800] "POST /xingrg/dwr/call/plaincall/AjaxCheckService.setItemNumber.dwr HTTP/1.1" 200 76
172.17.0.100 - - [15/Sep/2020:08:56:27 +0800] "POST /xingrg/dwr/call/plaincall/AjaxCheckService.setItemNumber.dwr HTTP/1.1" 200 76
180.157.253.48 - - [15/Sep/2020:08:56:27 +0800] "GET /xingrg/kc/buy/cgsh_order_operate.html?command=get_materiel&rest_code=00148&code=00101008261&supplier_code=00100007&order_time=2020-09-15 HTTP/1.1" 200 408
172.17.0.100 - - [15/Sep/2020:08:56:28 +0800] "POST /xingrg/dwr/call/plaincall/AjaxCheckService.setItemNumber.dwr HTTP/1.1" 200 77
222.69.134.17 - - [15/Sep/2020:08:56:28 +0800] "GET /xingrg/kc/buy/cgsh_order_operate.html?command=get_materiel&rest_code=00149&code=00101008210&supplier_code=00100005&order_time=2020-09-15 HTTP/1.1" 200 408
172.17.0.100 - - [15/Sep/2020:08:56:28 +0800] "POST /xingrg/dwr/call/plaincall/AjaxCheckService.setItemNumber.dwr HTTP/1.1" 200 77
172.17.0.100 - - [15/Sep/2020:08:56:29 +0800] "POST /xingrg/dwr/call/plaincall/AjaxCheckService.setItemNumber.dwr HTTP/1.1" 200 77
116.238.71.173 - - [15/Sep/2020:08:56:30 +0800] "POST /xingrg/kc/buy/cgsh_order_operate.html HTTP/1.1" 200 37
172.17.0.100 - - [15/Sep/2020:08:56:30 +0800] "POST /xingrg/dwr/call/plaincall/AjaxCheckService.setItemNumber.dwr HTTP/1.1" 200 77
114.82.29.189 - - [15/Sep/2020:08:56:31 +0800] "GET /xingrg/all/function/internal_message.html?_=1600131390845&CODE_STATE=getMsg HTTP/1.1" 200 27
172.17.0.100 - - [15/Sep/2020:08:56:31 +0800] "POST /xingrg/dwr/call/plaincall/AjaxCheckService.setItemNumber.dwr HTTP/1.1" 200 77
116.238.71.173 - - [15/Sep/2020:08:56:32 +0800] "POST /xingrg/kc/buy/cgsh_order_operate.html HTTP/1.1" 200 5012
172.17.0.100 - - [15/Sep/2020:08:56:32 +0800] "POST /xingrg/dwr/call/plaincall/AjaxCheckService.setItemNumber.dwr HTTP/1.1" 200 77
172.17.0.100 - - [15/Sep/2020:08:56:33 +0800] "POST /xingrg/dwr/call/plaincall/AjaxCheckService.setItemNumber.dwr HTTP/1.1" 200 77
180.157.253.48 - - [15/Sep/2020:08:56:34 +0800] "GET /xingrg/all/function/internal_message.html?_=1600131397072&CODE_STATE=getMsg HTTP/1.1" 200 27
172.17.0.100 - - [15/Sep/2020:08:56:34 +0800] "POST /xingrg/dwr/call/plaincall/AjaxCheckService.setItemNumber.dwr HTTP/1.1" 200 77
172.17.0.100 - - [15/Sep/2020:08:56:35 +0800] "POST /xingrg/dwr/call/plaincall/AjaxCheckService.setItemNumber.dwr HTTP/1.1" 200 77
116.238.71.173 - - [15/Sep/2020:08:56:35 +0800] "POST /xingrg/all/user/operate.html HTTP/1.1" 200 36
172.17.0.100 - - [15/Sep/2020:08:56:36 +0800] "POST /xingrg/dwr/call/plaincall/AjaxCheckService.setItemNumber.dwr HTTP/1.1" 200 77
180.157.253.48 - - [15/Sep/2020:08:56:36 +0800] "GET /xingrg/javascript/easyui/themes/default/images/button_plain_hover.png HTTP/1.1" 304 -
116.238.71.173 - - [15/Sep/2020:08:56:36 +0800] "GET /xingrg/index.html?sysBaseUrl=http%3A%2F%2F180.169.147.146%3A18081%2Fxingrg%2F&costTime=41×tamp=1600050296913 HTTP/1.1" 200 17177
116.238.71.173 - - [15/Sep/2020:08:56:36 +0800] "GET /xingrg/javascript/jquery_easy_ui/themes/default/easyui.css HTTP/1.1" 304 -
180.157.253.48 - - [15/Sep/2020:08:56:36 +0800] "GET /xingrg/javascript/easyui/themes/default/images/button_plain_hover.png HTTP/1.1" 304 -
116.238.71.173 - - [15/Sep/2020:08:56:36 +0800] "GET /xingrg/javascript/jquery_easy_ui/themes/icon.css HTTP/1.1" 304 -
116.238.71.173 - - [15/Sep/2020:08:56:36 +0800] "GET /xingrg/css/form.css HTTP/1.1" 304 -
116.238.71.173 - - [15/Sep/2020:08:56:36 +0800] "GET /xingrg/javascript/jquery-1.4.2.min.js HTTP/1.1" 304 -
116.238.71.173 - - [15/Sep/2020:08:56:36 +0800] "GET /xingrg/javascript/jquery_easy_ui/jquery.easyui.min.js HTTP/1.1" 304 -
116.238.71.173 - - [15/Sep/2020:08:56:36 +0800] "GET /xingrg/javascript/jquery_easy_ui/easyui-lang-zh_CN.js HTTP/1.1" 304 -
116.238.71.173 - - [15/Sep/2020:08:56:36 +0800] "GET /xingrg/javascript/jquery.form.js HTTP/1.1" 304 -
116.238.71.173 - - [15/Sep/2020:08:56:36 +0800] "GET /xingrg/javascript/jquery.utils.js HTTP/1.1" 304 -
116.238.71.173 - - [15/Sep/2020:08:56:36 +0800] "GET /xingrg/javascript/jquery.timers.js HTTP/1.1" 304 -
116.238.71.173 - - [15/Sep/2020:08:56:36 +0800] "GET /xingrg/images/blue/jxLogo.png HTTP/1.1" 304 -
116.238.71.173 - - [15/Sep/2020:08:56:36 +0800] "GET /xingrg/images/blue/navBackgound.jpg HTTP/1.1" 304 -
116.238.71.173 - - [15/Sep/2020:08:56:36 +0800] "GET /xingrg/javascript/jquery_easy_ui/themes/icons/settle_new.png HTTP/1.1" 304 -
116.238.71.173 - - [15/Sep/2020:08:56:36 +0800] "POST /xingrg/all/common/load_tree.html?tree=area_rest_tree_json&manage=1 HTTP/1.1" 200 476
116.238.71.173 - - [15/Sep/2020:08:56:36 +0800] "GET /xingrg/all/function/internal_message.html?_=1600131395973&CODE_STATE=count HTTP/1.1" 200 11
116.238.71.173 - - [15/Sep/2020:08:56:36 +0800] "GET /xingrg/check_reg.html?_=1600131395973 HTTP/1.1" 200 22
116.238.71.173 - - [15/Sep/2020:08:56:36 +0800] "GET /xingrg/javascript/jquery_easy_ui/themes/default/images/panel_tool_collapse.gif HTTP/1.1" 304 -
116.238.71.173 - - [15/Sep/2020:08:56:36 +0800] "GET /xingrg/images/blue/pingpu.png HTTP/1.1" 304 -
116.238.71.173 - - [15/Sep/2020:08:56:36 +0800] "GET /xingrg/javascript/jquery_easy_ui/themes/default/images/tabs_leftarrow.png HTTP/1.1" 304 -
116.238.71.173 - - [15/Sep/2020:08:56:36 +0800] "GET /xingrg/javascript/jquery_easy_ui/themes/default/images/tabs_rightarrow.png HTTP/1.1" 304 -
116.238.71.173 - - [15/Sep/2020:08:56:36 +0800] "POST /xingrg/load_menu.html HTTP/1.1" 200 5138
172.17.0.100 - - [15/Sep/2020:08:56:37 +0800] "POST /xingrg/dwr/call/plaincall/AjaxCheckService.setItemNumber.dwr HTTP/1.1" 200 77
222.69.134.17 - - [15/Sep/2020:08:56:37 +0800] "GET /xingrg/kc/buy/cgsh_order_operate.html?command=get_materiel&rest_code=00149&code=00101008132&supplier_code=00100005&order_time=2020-09-15 HTTP/1.1" 200 408
116.230.74.197 - - [15/Sep/2020:08:56:37 +0800] "GET /xingrg/kc/buy/cgsh_order_operate.html?command=get_materiel&rest_code=00107&code=00101008131&supplier_code=00100006&order_time=2020-09-15 HTTP/1.1" 200 408
172.17.0.100 - - [15/Sep/2020:08:56:38 +0800] "POST /xingrg/dwr/call/plaincall/AjaxCheckService.setItemNumber.dwr HTTP/1.1" 200 77
116.238.71.173 - - [15/Sep/2020:08:56:38 +0800] "GET /xingrg/kc/buy/cgsh_order_list.html HTTP/1.1" 200 43975
116.238.71.173 - - [15/Sep/2020:08:56:39 +0800] "POST /xingrg/kc/buy/cgsh_list_operate.html HTTP/1.1" 200 1708
116.238.71.173 - - [15/Sep/2020:08:56:40 +0800] "GET /xingrg/kc/buy/cgsh_order_add.html HTTP/1.1" 200 59351
172.17.0.100 - - [15/Sep/2020:08:56:41 +0800] "POST /xingrg/dwr/call/plaincall/AjaxCheckService.setItemNumber.dwr HTTP/1.1" 200 77
116.235.241.164 - - [15/Sep/2020:08:56:41 +0800] "GET /xingrg/all/function/internal_message.html?_=1600131402904&CODE_STATE=getMsg HTTP/1.1" 200 27
116.235.241.164 - - [15/Sep/2020:08:56:41 +0800] "GET /xingrg/check_reg.html?_=1600131402906 HTTP/1.1" 200 22
116.238.71.173 - - [15/Sep/2020:08:56:41 +0800] "POST /xingrg/kc/buy/cgsh_order_operate.html HTTP/1.1" 200 8245
116.238.71.173 - - [15/Sep/2020:08:56:41 +0800] "GET /xingrg/all/common/auto_word.html?type=employee&rest_code=00151 HTTP/1.1" 200 243
116.238.71.173 - - [15/Sep/2020:08:56:41 +0800] "GET /xingrg/all/common/auto_word.html?type=employee&rest_code=00151 HTTP/1.1" 200 243
116.238.71.173 - - [15/Sep/2020:08:56:41 +0800] "GET /xingrg/javascript/easyui/themes/default/validatebox.css HTTP/1.1" 404 1104
172.17.0.123 - - [15/Sep/2020:08:56:41 +0800] "GET /xingrg/all/function/internal_message.html?_=1600131403522&CODE_STATE=getMsg HTTP/1.1" 200 27
116.238.71.173 - - [15/Sep/2020:08:56:42 +0800] "GET /xingrg/javascript/auto/indicator.gif HTTP/1.1" 404 1066
172.17.0.100 - - [15/Sep/2020:08:56:42 +0800] "POST /xingrg/dwr/call/plaincall/AjaxCheckService.setItemNumber.dwr HTTP/1.1" 200 77
180.157.253.48 - - [15/Sep/2020:08:56:43 +0800] "GET /xingrg/check_reg.html?_=1600131404089 HTTP/1.1" 200 22
172.17.0.100 - - [15/Sep/2020:08:56:43 +0800] "POST /xingrg/dwr/call/plaincall/AjaxCheckService.setItemNumber.dwr HTTP/1.1" 200 77
180.157.253.48 - - [15/Sep/2020:08:56:43 +0800] "GET /xingrg/all/function/internal_message.html?_=1600131404098&CODE_STATE=getMsg HTTP/1.1" 200 27
180.157.253.48 - - [15/Sep/2020:08:56:43 +0800] "GET /xingrg/kc/base/wldb_order_operate.html?command=get_materiel&rest_code=00148&base_code=0010001&code=00101019242 HTTP/1.1" 200 433
172.17.0.100 - - [15/Sep/2020:08:56:44 +0800] "POST /xingrg/dwr/call/plaincall/AjaxCheckService.setItemNumber.dwr HTTP/1.1" 200 77
172.17.0.100 - - [15/Sep/2020:08:56:44 +0800] "POST /xingrg/dwr/call/plaincall/AjaxCheckService.setItemNumber.dwr HTTP/1.1" 200 77
172.17.0.100 - - [15/Sep/2020:08:56:45 +0800] "POST /xingrg/dwr/call/plaincall/AjaxCheckService.setItemNumber.dwr HTTP/1.1" 200 77
172.17.0.100 - - [15/Sep/2020:08:56:46 +0800] "POST /xingrg/dwr/call/plaincall/AjaxCheckService.setItemNumber.dwr HTTP/1.1" 200 77
222.69.134.17 - - [15/Sep/2020:08:56:47 +0800] "GET /xingrg/kc/buy/cgsh_order_operate.html?command=get_materiel&rest_code=00149&code=00101008234&supplier_code=00100005&order_time=2020-09-15 HTTP/1.1" 200 408
172.17.0.100 - - [15/Sep/2020:08:56:47 +0800] "POST /xingrg/dwr/call/plaincall/AjaxCheckService.setItemNumber.dwr HTTP/1.1" 200 77
116.230.74.197 - - [15/Sep/2020:08:56:47 +0800] "GET /xingrg/all/function/internal_message.html?_=1600131404215&CODE_STATE=getMsg HTTP/1.1" 200 27
172.17.0.100 - - [15/Sep/2020:08:56:47 +0800] "POST /xingrg/dwr/call/plaincall/AjaxCheckService.setItemNumber.dwr HTTP/1.1" 200 77
172.17.0.100 - - [15/Sep/2020:08:56:48 +0800] "POST /xingrg/dwr/call/plaincall/AjaxCheckService.setItemNumber.dwr HTTP/1.1" 200 77
116.238.71.173 - - [15/Sep/2020:08:56:49 +0800] "GET /xingrg/kc/buy/cgsh_order_operate.html?command=get_materiel&rest_code=00151&code=00101007022&supplier_code=00100002&order_time=2020-09-15 HTTP/1.1" 200 413
116.230.74.197 - - [15/Sep/2020:08:56:49 +0800] "GET /xingrg/kc/buy/cgsh_order_operate.html?command=get_materiel&rest_code=00107&code=00101008296&supplier_code=00100006&order_time=2020-09-15 HTTP/1.1" 200 435
172.17.0.100 - - [15/Sep/2020:08:56:49 +0800] "POST /xingrg/dwr/call/plaincall/AjaxCheckService.setItemNumber.dwr HTTP/1.1" 200 77
114.88.166.242 - - [15/Sep/2020:08:56:49 +0800] "GET /xingrg/kc/buy/cgsh_order_operate.html?command=get_materiel&rest_code=00111&code=00101015033&supplier_code=00100037&order_time=2020-09-15 HTTP/1.1" 200 408
172.17.0.100 - - [15/Sep/2020:08:56:50 +0800] "POST /xingrg/dwr/call/plaincall/AjaxCheckService.setItemNumber.dwr HTTP/1.1" 200 77
117.131.5.26 - - [15/Sep/2020:08:56:50 +0800] "GET /xingrg/all/function/internal_message.html?_=1600131429838&CODE_STATE=getMsg HTTP/1.1" 200 27
172.17.0.100 - - [15/Sep/2020:08:56:51 +0800] "POST /xingrg/dwr/call/plaincall/AjaxCheckService.setItemNumber.dwr HTTP/1.1" 200 77
180.157.253.48 - - [15/Sep/2020:08:56:51 +0800] "GET /xingrg/kc/buy/cgsh_order_operate.html?command=get_materiel&rest_code=00148&code=00101008072&supplier_code=00100007&order_time=2020-09-15 HTTP/1.1" 200 408
172.17.0.100 - - [15/Sep/2020:08:56:51 +0800] "POST /xingrg/dwr/call/plaincall/AjaxCheckService.setItemNumber.dwr HTTP/1.1" 200 77
180.157.253.48 - - [15/Sep/2020:08:56:52 +0800] "GET /xingrg/kc/base/wldb_order_operate.html?command=get_materiel&rest_code=00148&base_code=0010001&code=00101019537 HTTP/1.1" 200 432
172.17.0.100 - - [15/Sep/2020:08:56:52 +0800] "POST /xingrg/dwr/call/plaincall/AjaxCheckService.setItemNumber.dwr HTTP/1.1" 200 77
172.17.0.100 - - [15/Sep/2020:08:56:53 +0800] "POST /xingrg/dwr/call/plaincall/AjaxCheckService.setItemNumber.dwr HTTP/1.1" 200 77
172.17.0.100 - - [15/Sep/2020:08:56:54 +0800] "POST /xingrg/dwr/call/plaincall/AjaxCheckService.setItemNumber.dwr HTTP/1.1" 200 77
172.17.0.100 - - [15/Sep/2020:08:56:55 +0800] "POST /xingrg/dwr/call/plaincall/AjaxCheckService.setItemNumber.dwr HTTP/1.1" 200 77
172.17.0.100 - - [15/Sep/2020:08:56:56 +0800] "POST /xingrg/dwr/call/plaincall/AjaxCheckService.setItemNumber.dwr HTTP/1.1" 200 77
116.238.71.173 - - [15/Sep/2020:08:56:56 +0800] "GET /xingrg/all/function/internal_message.html?_=1600131539600&CODE_STATE=getMsg HTTP/1.1" 200 27
172.17.0.100 - - [15/Sep/2020:08:56:56 +0800] "POST /xingrg/dwr/call/plaincall/AjaxCheckService.setItemNumber.dwr HTTP/1.1" 200 77
116.238.71.173 - - [15/Sep/2020:08:56:57 +0800] "POST /xingrg/kc/buy/cgsh_order_operate.html HTTP/1.1" 200 37
172.17.0.100 - - [15/Sep/2020:08:56:57 +0800] "POST /xingrg/dwr/call/plaincall/AjaxCheckService.setItemNumber.dwr HTTP/1.1" 200 77
222.69.134.17 - - [15/Sep/2020:08:56:57 +0800] "GET /xingrg/all/function/internal_message.html?_=1600131414945&CODE_STATE=getMsg HTTP/1.1" 200 27
114.88.166.242 - - [15/Sep/2020:08:56:57 +0800] "GET /xingrg/kc/buy/cgsh_order_operate.html?command=get_materiel&rest_code=00111&code=00101015039&supplier_code=00100037&order_time=2020-09-15 HTTP/1.1" 200 432
222.69.134.17 - - [15/Sep/2020:08:56:58 +0800] "GET /xingrg/kc/buy/cgsh_order_operate.html?command=get_materiel&rest_code=00149&code=00101008155&supplier_code=00100005&order_time=2020-09-15 HTTP/1.1" 200 427
180.157.253.48 - - [15/Sep/2020:08:56:58 +0800] "GET /xingrg/kc/base/wldb_order_operate.html?command=get_materiel&rest_code=00148&base_code=0010001&code=00101013044 HTTP/1.1" 200 448
116.238.71.173 - - [15/Sep/2020:08:56:58 +0800] "POST /xingrg/kc/buy/cgsh_order_operate.html HTTP/1.1" 200 2665
172.17.0.100 - - [15/Sep/2020:08:56:58 +0800] "POST /xingrg/dwr/call/plaincall/AjaxCheckService.setItemNumber.dwr HTTP/1.1" 200 77
180.157.253.48 - - [15/Sep/2020:08:56:58 +0800] "GET /xingrg/kc/buy/cgsh_order_operate.html?command=get_materiel&rest_code=00148&code=00101008358&supplier_code=00100007&order_time=2020-09-15 HTTP/1.1" 200 412
116.230.74.197 - - [15/Sep/2020:08:56:58 +0800] "GET /xingrg/kc/buy/cgsh_order_operate.html?command=get_materiel&rest_code=00107&code=00101008261&supplier_code=00100006&order_time=2020-09-15 HTTP/1.1" 200 408
172.17.0.100 - - [15/Sep/2020:08:56:59 +0800] "POST /xingrg/dwr/call/plaincall/AjaxCheckService.setItemNumber.dwr HTTP/1.1" 200 77
116.235.241.164 - - [15/Sep/2020:08:57:00 +0800] "GET /xingrg/all/function/internal_message.html?_=1600131422130&CODE_STATE=getMsg HTTP/1.1" 200 27
116.235.241.164 - - [15/Sep/2020:08:57:00 +0800] "GET /xingrg/check_reg.html?_=1600131422131 HTTP/1.1" 200 22
172.17.0.100 - - [15/Sep/2020:08:57:01 +0800] "POST /xingrg/dwr/call/plaincall/AjaxCheckService.setItemNumber.dwr HTTP/1.1" 200 77
172.17.0.100 - - [15/Sep/2020:08:57:02 +0800] "POST /xingrg/dwr/call/plaincall/AjaxCheckService.setItemNumber.dwr HTTP/1.1" 200 77
180.157.253.48 - - [15/Sep/2020:08:57:03 +0800] "GET /xingrg/kc/buy/cgsh_order_operate.html?command=get_materiel&rest_code=00148&code=00101008270&supplier_code=00100007&order_time=2020-09-15 HTTP/1.1" 200 412
172.17.0.100 - - [15/Sep/2020:08:57:03 +0800] "POST /xingrg/dwr/call/plaincall/AjaxCheckService.setItemNumber.dwr HTTP/1.1" 200 77
172.17.0.100 - - [15/Sep/2020:08:57:06 +0800] "POST /xingrg/dwr/call/plaincall/AjaxCheckService.setItemNumber.dwr HTTP/1.1" 200 77
172.17.0.100 - - [15/Sep/2020:08:57:07 +0800] "POST /xingrg/dwr/call/plaincall/AjaxCheckService.setItemNumber.dwr HTTP/1.1" 200 77
114.86.226.190 - - [15/Sep/2020:08:57:07 +0800] "GET /xingrg/all/function/internal_message.html?_=1600131453359&CODE_STATE=getMsg HTTP/1.1" 200 27
114.88.166.242 - - [15/Sep/2020:08:57:09 +0800] "GET /xingrg/all/function/internal_message.html?_=1600131494803&CODE_STATE=getMsg HTTP/1.1" 200 27
218.81.217.115 - - [15/Sep/2020:08:57:10 +0800] "GET /xingrg/all/function/internal_message.html?_=1600131430580&CODE_STATE=getMsg HTTP/1.1" 200 27
114.86.226.190 - - [15/Sep/2020:08:57:10 +0800] "GET /xingrg/kc/base/base_main.html HTTP/1.1" 200 12142
172.17.0.100 - - [15/Sep/2020:08:57:11 +0800] "POST /xingrg/dwr/call/plaincall/AjaxCheckService.setItemNumber.dwr HTTP/1.1" 200 77
172.17.0.100 - - [15/Sep/2020:08:57:11 +0800] "POST /xingrg/dwr/call/plaincall/AjaxCheckService.setItemNumber.dwr HTTP/1.1" 200 77
