116.238.64.253 - - [15/Sep/2020:09:30:21 +0800] "GET /xingrg/kc/buy/cgsh_order_operate.html?command=get_materiel&rest_code=00102&code=00101007059&supplier_code=00100002&order_time=2020-09-15 HTTP/1.1" 200 409
172.17.0.100 - - [15/Sep/2020:09:30:22 +0800] "GET /xingrg/all/function/internal_message.html?_=1600133421388&CODE_STATE=getMsg HTTP/1.1" 200 27
114.88.166.242 - - [15/Sep/2020:09:30:23 +0800] "GET /xingrg/kc/buy/cgsh_order_operate.html?command=get_materiel&rest_code=00111&code=00101006056&supplier_code=00100012&order_time=2020-09-15 HTTP/1.1" 200 413
172.17.0.100 - - [15/Sep/2020:09:30:23 +0800] "GET /xingrg/kc/buy/cgsh_order_operate.html?command=get_materiel&rest_code=00147&code=00101006055&supplier_code=00100015&order_time=2020-09-15 HTTP/1.1" 200 409
114.82.29.189 - - [15/Sep/2020:09:30:24 +0800] "GET /xingrg/check_reg.html?_=1600133424454 HTTP/1.1" 200 22
172.17.200.101 - - [15/Sep/2020:09:30:26 +0800] "GET /xingrg/check_reg.html?_=1600133427396 HTTP/1.1" 200 22
172.17.200.101 - - [15/Sep/2020:09:30:26 +0800] "GET /xingrg/all/function/internal_message.html?_=1600133427401&CODE_STATE=getMsg HTTP/1.1" 200 27
114.88.166.242 - - [15/Sep/2020:09:30:27 +0800] "POST /xingrg/kc/buy/cgsh_order_operate.html HTTP/1.1" 200 37
114.88.166.242 - - [15/Sep/2020:09:30:28 +0800] "POST /xingrg/kc/buy/cgsh_order_operate.html HTTP/1.1" 200 6812
114.88.166.242 - - [15/Sep/2020:09:30:28 +0800] "GET /xingrg/kc/print/load_data.html?order_code=212020091506263&kc_code=cgsh&condition= HTTP/1.1" 200 2344
114.82.29.189 - - [15/Sep/2020:09:30:30 +0800] "GET /xingrg/all/function/internal_message.html?_=1600133430105&CODE_STATE=getMsg HTTP/1.1" 200 27
172.17.0.100 - - [15/Sep/2020:09:30:30 +0800] "GET /xingrg/kc/buy/cgsh_order_operate.html?command=get_materiel&rest_code=00147&code=00101006133&supplier_code=00100015&order_time=2020-09-15 HTTP/1.1" 200 413
116.238.64.253 - - [15/Sep/2020:09:30:34 +0800] "GET /xingrg/all/function/internal_message.html?_=1600133640831&CODE_STATE=getMsg HTTP/1.1" 200 27
116.238.64.253 - - [15/Sep/2020:09:30:34 +0800] "GET /xingrg/kc/buy/cgsh_order_operate.html?command=get_materiel&rest_code=00102&code=00101007031&supplier_code=00100002&order_time=2020-09-15 HTTP/1.1" 200 413
180.157.253.48 - - [15/Sep/2020:09:30:35 +0800] "GET /xingrg/all/function/internal_message.html?_=1600133438501&CODE_STATE=getMsg HTTP/1.1" 200 27
172.17.0.100 - - [15/Sep/2020:09:30:38 +0800] "POST /xingrg/kc/buy/cgsh_order_operate.html HTTP/1.1" 200 37
172.17.0.100 - - [15/Sep/2020:09:30:39 +0800] "POST /xingrg/kc/buy/cgsh_order_operate.html HTTP/1.1" 200 5602
114.88.166.242 - - [15/Sep/2020:09:30:39 +0800] "GET /xingrg/all/function/internal_message.html?_=1600133505054&CODE_STATE=getMsg HTTP/1.1" 200 27
172.17.0.100 - - [15/Sep/2020:09:30:40 +0800] "GET /xingrg/kc/print/load_data.html?order_code=212020091506264&kc_code=cgsh&condition= HTTP/1.1" 200 1881
116.235.241.164 - - [15/Sep/2020:09:30:41 +0800] "GET /xingrg/all/function/internal_message.html?_=1600133442943&CODE_STATE=getMsg HTTP/1.1" 200 27
116.238.64.253 - - [15/Sep/2020:09:30:46 +0800] "GET /xingrg/kc/buy/cgsh_order_operate.html?command=get_materiel&rest_code=00102&code=00101007048&supplier_code=00100002&order_time=2020-09-15 HTTP/1.1" 200 408
114.86.226.190 - - [15/Sep/2020:09:30:46 +0800] "GET /xingrg/all/function/internal_message.html?_=1600133493390&CODE_STATE=getMsg HTTP/1.1" 200 27
172.17.0.100 - - [15/Sep/2020:09:30:48 +0800] "GET /xingrg/kc/buy/cgsh_order_add.html HTTP/1.1" 200 59642
172.17.0.100 - - [15/Sep/2020:09:30:48 +0800] "POST /xingrg/kc/buy/cgsh_order_operate.html HTTP/1.1" 200 8245
172.17.0.100 - - [15/Sep/2020:09:30:48 +0800] "GET /xingrg/javascript/easyui/themes/default/validatebox.css HTTP/1.1" 404 1104
116.230.74.197 - - [15/Sep/2020:09:30:49 +0800] "GET /xingrg/all/function/internal_message.html?_=1600133446278&CODE_STATE=getMsg HTTP/1.1" 200 27
116.230.74.197 - - [15/Sep/2020:09:30:49 +0800] "GET /xingrg/check_reg.html?_=1600133446671 HTTP/1.1" 200 22
117.131.5.26 - - [15/Sep/2020:09:30:49 +0800] "GET /xingrg/all/function/internal_message.html?_=1600133469003&CODE_STATE=getMsg HTTP/1.1" 200 27
117.131.5.26 - - [15/Sep/2020:09:30:50 +0800] "GET /xingrg/check_reg.html?_=1600133469905 HTTP/1.1" 200 22
180.157.253.48 - - [15/Sep/2020:09:30:52 +0800] "GET /xingrg/all/function/internal_message.html?_=1600133453478&CODE_STATE=getMsg HTTP/1.1" 200 27
120.253.135.82 - - [15/Sep/2020:09:30:55 +0800] "GET /xingrg/check_reg.html?_=1600133204055 HTTP/1.1" 200 22
180.157.253.48 - - [15/Sep/2020:09:30:55 +0800] "GET /xingrg/kc/buy/cgsh_order_operate.html?command=get_materiel&rest_code=00148&code=00101006130&supplier_code=00100010&order_time=2020-09-15 HTTP/1.1" 200 446
180.157.253.48 - - [15/Sep/2020:09:30:55 +0800] "GET /xingrg/javascript/easyui/themes/default/images/button_plain_hover.png HTTP/1.1" 304 -
120.253.135.82 - - [15/Sep/2020:09:30:55 +0800] "GET /xingrg/all/function/internal_message.html?_=1600133204424&CODE_STATE=getMsg HTTP/1.1" 200 27
116.238.71.173 - - [15/Sep/2020:09:30:57 +0800] "GET /xingrg/all/function/internal_message.html?_=1600133580826&CODE_STATE=getMsg HTTP/1.1" 200 27
222.69.134.17 - - [15/Sep/2020:09:30:57 +0800] "GET /xingrg/all/function/internal_message.html?_=1600133455006&CODE_STATE=getMsg HTTP/1.1" 200 27
116.238.71.173 - - [15/Sep/2020:09:30:57 +0800] "GET /xingrg/all/function/internal_message.html?_=1600133457380&CODE_STATE=getMsg HTTP/1.1" 200 27
116.238.71.173 - - [15/Sep/2020:09:30:57 +0800] "GET /xingrg/check_reg.html?_=1600133457377 HTTP/1.1" 200 22
172.17.0.100 - - [15/Sep/2020:09:31:00 +0800] "GET /xingrg/kc/buy/cgsh_order_operate.html?command=get_materiel&rest_code=00147&code=00101002016&supplier_code=00100038&order_time=2020-09-15 HTTP/1.1" 200 413
116.235.241.164 - - [15/Sep/2020:09:31:00 +0800] "GET /xingrg/all/function/internal_message.html?_=1600133462177&CODE_STATE=getMsg HTTP/1.1" 200 27
180.157.253.48 - - [15/Sep/2020:09:31:03 +0800] "GET /xingrg/kc/buy/cgsh_order_operate.html?command=get_materiel&rest_code=00148&code=00101006062&supplier_code=00100010&order_time=2020-09-15 HTTP/1.1" 200 409
180.157.253.48 - - [15/Sep/2020:09:31:03 +0800] "GET /xingrg/javascript/easyui/themes/default/images/button_plain_hover.png HTTP/1.1" 304 -
172.17.0.100 - - [15/Sep/2020:09:31:05 +0800] "GET /xingrg/kc/buy/cgsh_order_operate.html?command=get_materiel&rest_code=00147&code=00101002027&supplier_code=00100038&order_time=2020-09-15 HTTP/1.1" 200 433
180.157.253.48 - - [15/Sep/2020:09:31:07 +0800] "GET /xingrg/javascript/easyui/themes/default/images/button_plain_hover.png HTTP/1.1" 304 -
180.157.253.48 - - [15/Sep/2020:09:31:07 +0800] "GET /xingrg/javascript/easyui/themes/default/images/button_plain_hover.png HTTP/1.1" 304 -
180.157.253.48 - - [15/Sep/2020:09:31:07 +0800] "GET /xingrg/javascript/easyui/themes/default/images/button_plain_hover.png HTTP/1.1" 304 -
180.157.253.48 - - [15/Sep/2020:09:31:08 +0800] "GET /xingrg/javascript/easyui/themes/default/images/button_plain_hover.png HTTP/1.1" 304 -
180.157.253.48 - - [15/Sep/2020:09:31:08 +0800] "GET /xingrg/javascript/easyui/themes/default/images/button_plain_hover.png HTTP/1.1" 304 -
180.157.253.48 - - [15/Sep/2020:09:31:08 +0800] "GET /xingrg/javascript/easyui/themes/default/images/button_plain_hover.png HTTP/1.1" 304 -
180.157.253.48 - - [15/Sep/2020:09:31:11 +0800] "POST /xingrg/kc/buy/cgsh_order_operate.html HTTP/1.1" 200 37
172.17.0.100 - - [15/Sep/2020:09:31:11 +0800] "GET /xingrg/kc/buy/cgsh_order_operate.html?command=get_materiel&rest_code=00147&code=00101010161&supplier_code=00100038&order_time=2020-09-15 HTTP/1.1" 200 428
180.157.253.48 - - [15/Sep/2020:09:31:11 +0800] "POST /xingrg/kc/buy/cgsh_order_operate.html HTTP/1.1" 200 3848
218.81.217.115 - - [15/Sep/2020:09:31:12 +0800] "GET /xingrg/all/function/internal_message.html?_=1600133472500&CODE_STATE=getMsg HTTP/1.1" 200 27
180.157.253.48 - - [15/Sep/2020:09:31:12 +0800] "GET /xingrg/javascript/easyui/themes/default/images/button_plain_hover.png HTTP/1.1" 304 -
180.157.253.48 - - [15/Sep/2020:09:31:12 +0800] "GET /xingrg/javascript/easyui/themes/default/images/button_plain_hover.png HTTP/1.1" 304 -
180.157.253.48 - - [15/Sep/2020:09:31:13 +0800] "POST /xingrg/kc/buy/cgsh_list_operate.html HTTP/1.1" 200 3437
172.17.0.100 - - [15/Sep/2020:09:31:18 +0800] "POST /xingrg/kc/buy/cgsh_order_operate.html HTTP/1.1" 200 37
116.238.64.253 - - [15/Sep/2020:09:31:18 +0800] "GET /xingrg/kc/buy/cgsh_order_operate.html?command=get_materiel&rest_code=00102&code=00101007085&supplier_code=00100002&order_time=2020-09-15 HTTP/1.1" 200 413
172.17.0.100 - - [15/Sep/2020:09:31:19 +0800] "POST /xingrg/kc/buy/cgsh_order_operate.html HTTP/1.1" 200 3836
172.17.0.100 - - [15/Sep/2020:09:31:19 +0800] "GET /xingrg/kc/print/load_data.html?order_code=212020091506266&kc_code=cgsh&condition= HTTP/1.1" 200 1141
172.17.0.100 - - [15/Sep/2020:09:31:22 +0800] "GET /xingrg/check_reg.html?_=1600133481078 HTTP/1.1" 200 22
172.17.0.100 - - [15/Sep/2020:09:31:22 +0800] "GET /xingrg/all/function/internal_message.html?_=1600133481366&CODE_STATE=getMsg HTTP/1.1" 200 27
172.17.200.101 - - [15/Sep/2020:09:31:26 +0800] "GET /xingrg/all/function/internal_message.html?_=1600133487402&CODE_STATE=getMsg HTTP/1.1" 200 27
172.17.0.100 - - [15/Sep/2020:09:31:28 +0800] "GET /xingrg/kc/buy/cgsh_order_add.html HTTP/1.1" 200 59642
172.17.0.100 - - [15/Sep/2020:09:31:28 +0800] "GET /xingrg/javascript/easyui/themes/default/validatebox.css HTTP/1.1" 404 1104
172.17.0.100 - - [15/Sep/2020:09:31:28 +0800] "POST /xingrg/kc/buy/cgsh_order_operate.html HTTP/1.1" 200 8245
114.82.29.189 - - [15/Sep/2020:09:31:30 +0800] "GET /xingrg/all/function/internal_message.html?_=1600133490078&CODE_STATE=getMsg HTTP/1.1" 200 27
116.238.64.253 - - [15/Sep/2020:09:31:34 +0800] "GET /xingrg/all/function/internal_message.html?_=1600133700847&CODE_STATE=getMsg HTTP/1.1" 200 27
172.17.0.100 - - [15/Sep/2020:09:31:35 +0800] "GET /xingrg/kc/buy/cgsh_order_operate.html?command=get_materiel&rest_code=00147&code=00101009050&supplier_code=00100022&order_time=2020-09-15 HTTP/1.1" 200 430
180.157.253.48 - - [15/Sep/2020:09:31:35 +0800] "GET /xingrg/all/function/internal_message.html?_=1600133498690&CODE_STATE=getMsg HTTP/1.1" 200 27
114.88.166.242 - - [15/Sep/2020:09:31:39 +0800] "GET /xingrg/all/function/internal_message.html?_=1600133565065&CODE_STATE=getMsg HTTP/1.1" 200 27
116.235.241.164 - - [15/Sep/2020:09:31:41 +0800] "GET /xingrg/all/function/internal_message.html?_=1600133502943&CODE_STATE=getMsg HTTP/1.1" 200 27
116.235.241.164 - - [15/Sep/2020:09:31:41 +0800] "GET /xingrg/check_reg.html?_=1600133502947 HTTP/1.1" 200 22
172.17.0.100 - - [15/Sep/2020:09:31:44 +0800] "GET /xingrg/kc/buy/cgsh_order_operate.html?command=get_materiel&rest_code=00147&code=00101009011&supplier_code=00100022&order_time=2020-09-15 HTTP/1.1" 200 416
114.86.226.190 - - [15/Sep/2020:09:31:46 +0800] "GET /xingrg/all/function/internal_message.html?_=1600133553390&CODE_STATE=getMsg HTTP/1.1" 200 27
116.230.74.197 - - [15/Sep/2020:09:31:49 +0800] "GET /xingrg/all/function/internal_message.html?_=1600133506251&CODE_STATE=getMsg HTTP/1.1" 200 27
117.131.5.26 - - [15/Sep/2020:09:31:49 +0800] "GET /xingrg/all/function/internal_message.html?_=1600133528986&CODE_STATE=getMsg HTTP/1.1" 200 27
180.157.253.48 - - [15/Sep/2020:09:31:52 +0800] "GET /xingrg/all/function/internal_message.html?_=1600133513473&CODE_STATE=getMsg HTTP/1.1" 200 27
172.17.0.100 - - [15/Sep/2020:09:31:54 +0800] "GET /xingrg/kc/buy/cgsh_order_operate.html?command=get_materiel&rest_code=00147&code=00101009063&supplier_code=00100022&order_time=2020-09-15 HTTP/1.1" 200 410
120.253.135.82 - - [15/Sep/2020:09:31:55 +0800] "GET /xingrg/all/function/internal_message.html?_=1600133264438&CODE_STATE=getMsg HTTP/1.1" 200 27
116.238.71.173 - - [15/Sep/2020:09:31:57 +0800] "GET /xingrg/all/function/internal_message.html?_=1600133640840&CODE_STATE=getMsg HTTP/1.1" 200 27
222.69.134.17 - - [15/Sep/2020:09:31:57 +0800] "GET /xingrg/all/function/internal_message.html?_=1600133514992&CODE_STATE=getMsg HTTP/1.1" 200 27
116.238.71.173 - - [15/Sep/2020:09:31:57 +0800] "GET /xingrg/all/function/internal_message.html?_=1600133517429&CODE_STATE=getMsg HTTP/1.1" 200 27
116.235.241.164 - - [15/Sep/2020:09:32:00 +0800] "GET /xingrg/all/function/internal_message.html?_=1600133522176&CODE_STATE=getMsg HTTP/1.1" 200 27
116.235.241.164 - - [15/Sep/2020:09:32:00 +0800] "GET /xingrg/check_reg.html?_=1600133522179 HTTP/1.1" 200 22
172.17.0.100 - - [15/Sep/2020:09:32:00 +0800] "POST /xingrg/kc/buy/cgsh_order_operate.html HTTP/1.1" 200 37
172.17.0.100 - - [15/Sep/2020:09:32:02 +0800] "POST /xingrg/kc/buy/cgsh_order_operate.html HTTP/1.1" 200 3835
172.17.0.100 - - [15/Sep/2020:09:32:03 +0800] "GET /xingrg/kc/print/load_data.html?order_code=212020091506267&kc_code=cgsh&condition= HTTP/1.1" 200 1161
172.17.0.100 - - [15/Sep/2020:09:32:10 +0800] "GET /xingrg/kc/base/check_order_list.html HTTP/1.1" 200 16448
172.17.0.100 - - [15/Sep/2020:09:32:11 +0800] "POST /xingrg/kc/base/check_list_operate.html HTTP/1.1" 200 3231
172.17.0.100 - - [15/Sep/2020:09:32:11 +0800] "POST /xingrg/kc/buy/cgsh_list_operate.html HTTP/1.1" 200 2755
218.81.217.115 - - [15/Sep/2020:09:32:12 +0800] "GET /xingrg/all/function/internal_message.html?_=1600133532505&CODE_STATE=getMsg HTTP/1.1" 200 27
172.17.0.100 - - [15/Sep/2020:09:32:12 +0800] "GET /xingrg/kc/base/check_order_info.html?code=452020091400176 HTTP/1.1" 200 26365
172.17.0.100 - - [15/Sep/2020:09:32:12 +0800] "GET /xingrg/dwr/interface/AjaxComOrderService.js HTTP/1.1" 200 18264
172.17.0.100 - - [15/Sep/2020:09:32:12 +0800] "GET /xingrg/dwr/interface/AjaxCheckService.js HTTP/1.1" 200 14003
172.17.0.100 - - [15/Sep/2020:09:32:12 +0800] "GET /xingrg/dwr/engine.js HTTP/1.1" 200 43631
172.17.0.100 - - [15/Sep/2020:09:32:13 +0800] "POST /xingrg/dwr/call/plaincall/AjaxCheckService.loadOrderItems.dwr HTTP/1.1" 200 98638
114.88.166.242 - - [15/Sep/2020:09:32:14 +0800] "GET /xingrg/check_reg.html?_=1600133531405 HTTP/1.1" 200 22
172.17.0.100 - - [15/Sep/2020:09:32:19 +0800] "POST /xingrg/dwr/call/plaincall/AjaxCheckService.setItemNumber.dwr HTTP/1.1" 200 76
172.17.0.100 - - [15/Sep/2020:09:32:20 +0800] "POST /xingrg/dwr/call/plaincall/AjaxCheckService.setItemNumber.dwr HTTP/1.1" 200 76
172.17.0.100 - - [15/Sep/2020:09:32:21 +0800] "POST /xingrg/dwr/call/plaincall/AjaxCheckService.setItemNumber.dwr HTTP/1.1" 200 76
172.17.0.100 - - [15/Sep/2020:09:32:21 +0800] "POST /xingrg/dwr/call/plaincall/AjaxCheckService.setItemNumber.dwr HTTP/1.1" 200 76
172.17.0.100 - - [15/Sep/2020:09:32:22 +0800] "POST /xingrg/dwr/call/plaincall/AjaxCheckService.setItemNumber.dwr HTTP/1.1" 200 76
172.17.0.100 - - [15/Sep/2020:09:32:22 +0800] "GET /xingrg/all/function/internal_message.html?_=1600133541350&CODE_STATE=getMsg HTTP/1.1" 200 27
172.17.0.100 - - [15/Sep/2020:09:32:22 +0800] "POST /xingrg/dwr/call/plaincall/AjaxCheckService.setItemNumber.dwr HTTP/1.1" 200 76
172.17.0.100 - - [15/Sep/2020:09:32:23 +0800] "POST /xingrg/dwr/call/plaincall/AjaxCheckService.setItemNumber.dwr HTTP/1.1" 200 76
172.17.0.100 - - [15/Sep/2020:09:32:24 +0800] "POST /xingrg/dwr/call/plaincall/AjaxCheckService.setItemNumber.dwr HTTP/1.1" 200 76
172.17.0.100 - - [15/Sep/2020:09:32:25 +0800] "POST /xingrg/dwr/call/plaincall/AjaxCheckService.setItemNumber.dwr HTTP/1.1" 200 76
172.17.0.100 - - [15/Sep/2020:09:32:26 +0800] "POST /xingrg/dwr/call/plaincall/AjaxCheckService.setItemNumber.dwr HTTP/1.1" 200 77
172.17.200.101 - - [15/Sep/2020:09:32:26 +0800] "GET /xingrg/all/function/internal_message.html?_=1600133547404&CODE_STATE=getMsg HTTP/1.1" 200 27
172.17.0.100 - - [15/Sep/2020:09:32:26 +0800] "POST /xingrg/dwr/call/plaincall/AjaxCheckService.setItemNumber.dwr HTTP/1.1" 200 77
172.17.0.100 - - [15/Sep/2020:09:32:27 +0800] "POST /xingrg/dwr/call/plaincall/AjaxCheckService.setItemNumber.dwr HTTP/1.1" 200 77
172.17.0.100 - - [15/Sep/2020:09:32:27 +0800] "POST /xingrg/dwr/call/plaincall/AjaxCheckService.setItemNumber.dwr HTTP/1.1" 200 77
172.17.0.100 - - [15/Sep/2020:09:32:28 +0800] "POST /xingrg/dwr/call/plaincall/AjaxCheckService.setItemNumber.dwr HTTP/1.1" 200 77
172.17.0.100 - - [15/Sep/2020:09:32:29 +0800] "POST /xingrg/dwr/call/plaincall/AjaxCheckService.setItemNumber.dwr HTTP/1.1" 200 77
172.17.0.100 - - [15/Sep/2020:09:32:30 +0800] "POST /xingrg/dwr/call/plaincall/AjaxCheckService.setItemNumber.dwr HTTP/1.1" 200 77
114.82.29.189 - - [15/Sep/2020:09:32:30 +0800] "GET /xingrg/all/function/internal_message.html?_=1600133550058&CODE_STATE=getMsg HTTP/1.1" 200 27
172.17.0.100 - - [15/Sep/2020:09:32:30 +0800] "POST /xingrg/dwr/call/plaincall/AjaxCheckService.setItemNumber.dwr HTTP/1.1" 200 77
172.17.0.100 - - [15/Sep/2020:09:32:31 +0800] "POST /xingrg/dwr/call/plaincall/AjaxCheckService.setItemNumber.dwr HTTP/1.1" 200 77
172.17.0.100 - - [15/Sep/2020:09:32:31 +0800] "POST /xingrg/dwr/call/plaincall/AjaxCheckService.setItemNumber.dwr HTTP/1.1" 200 77
172.17.0.100 - - [15/Sep/2020:09:32:32 +0800] "POST /xingrg/dwr/call/plaincall/AjaxCheckService.setItemNumber.dwr HTTP/1.1" 200 77
116.238.64.253 - - [15/Sep/2020:09:32:34 +0800] "GET /xingrg/check_reg.html?_=1600133760738 HTTP/1.1" 200 22
116.238.64.253 - - [15/Sep/2020:09:32:34 +0800] "GET /xingrg/all/function/internal_message.html?_=1600133760866&CODE_STATE=getMsg HTTP/1.1" 200 27
180.157.253.48 - - [15/Sep/2020:09:32:34 +0800] "GET /xingrg/check_reg.html?_=1600133557673 HTTP/1.1" 200 22
172.17.0.100 - - [15/Sep/2020:09:32:35 +0800] "POST /xingrg/dwr/call/plaincall/AjaxCheckService.setItemNumber.dwr HTTP/1.1" 200 77
180.157.253.48 - - [15/Sep/2020:09:32:35 +0800] "GET /xingrg/all/function/internal_message.html?_=1600133558700&CODE_STATE=getMsg HTTP/1.1" 200 27
172.17.0.100 - - [15/Sep/2020:09:32:39 +0800] "POST /xingrg/dwr/call/plaincall/AjaxCheckService.setItemNumber.dwr HTTP/1.1" 200 77
114.88.166.242 - - [15/Sep/2020:09:32:39 +0800] "GET /xingrg/all/function/internal_message.html?_=1600133625063&CODE_STATE=getMsg HTTP/1.1" 200 27
58.37.9.106 - - [15/Sep/2020:09:32:40 +0800] "GET /xingrg/check_reg.html?_=1600133542912 HTTP/1.1" 200 22
116.235.241.164 - - [15/Sep/2020:09:32:41 +0800] "GET /xingrg/all/function/internal_message.html?_=1600133562949&CODE_STATE=getMsg HTTP/1.1" 200 27
172.17.0.100 - - [15/Sep/2020:09:32:42 +0800] "POST /xingrg/dwr/call/plaincall/AjaxCheckService.setItemNumber.dwr HTTP/1.1" 200 77
172.17.0.100 - - [15/Sep/2020:09:32:42 +0800] "POST /xingrg/dwr/call/plaincall/AjaxCheckService.setItemNumber.dwr HTTP/1.1" 200 77
172.17.0.100 - - [15/Sep/2020:09:32:43 +0800] "POST /xingrg/dwr/call/plaincall/AjaxCheckService.setItemNumber.dwr HTTP/1.1" 200 77
172.17.0.100 - - [15/Sep/2020:09:32:43 +0800] "POST /xingrg/dwr/call/plaincall/AjaxCheckService.setItemNumber.dwr HTTP/1.1" 200 77
172.17.0.100 - - [15/Sep/2020:09:32:44 +0800] "POST /xingrg/dwr/call/plaincall/AjaxCheckService.setItemNumber.dwr HTTP/1.1" 200 77
172.17.0.100 - - [15/Sep/2020:09:32:45 +0800] "POST /xingrg/dwr/call/plaincall/AjaxCheckService.setItemNumber.dwr HTTP/1.1" 200 77
114.86.226.190 - - [15/Sep/2020:09:32:45 +0800] "GET /xingrg/check_reg.html?_=1600133613296 HTTP/1.1" 200 22
114.86.226.190 - - [15/Sep/2020:09:32:46 +0800] "GET /xingrg/all/function/internal_message.html?_=1600133613390&CODE_STATE=getMsg HTTP/1.1" 200 27
172.17.0.100 - - [15/Sep/2020:09:32:48 +0800] "POST /xingrg/dwr/call/plaincall/AjaxCheckService.setItemNumber.dwr HTTP/1.1" 200 77
172.17.0.100 - - [15/Sep/2020:09:32:49 +0800] "POST /xingrg/dwr/call/plaincall/AjaxCheckService.setItemNumber.dwr HTTP/1.1" 200 77
116.230.74.197 - - [15/Sep/2020:09:32:49 +0800] "GET /xingrg/all/function/internal_message.html?_=1600133566222&CODE_STATE=getMsg HTTP/1.1" 200 27
117.131.5.26 - - [15/Sep/2020:09:32:49 +0800] "GET /xingrg/all/function/internal_message.html?_=1600133588956&CODE_STATE=getMsg HTTP/1.1" 200 27
172.17.0.100 - - [15/Sep/2020:09:32:50 +0800] "POST /xingrg/dwr/call/plaincall/AjaxCheckService.setItemNumber.dwr HTTP/1.1" 200 77
172.17.0.100 - - [15/Sep/2020:09:32:51 +0800] "POST /xingrg/dwr/call/plaincall/AjaxCheckService.setItemNumber.dwr HTTP/1.1" 200 77
172.17.0.100 - - [15/Sep/2020:09:32:51 +0800] "POST /xingrg/dwr/call/plaincall/AjaxCheckService.setItemNumber.dwr HTTP/1.1" 200 77
180.157.253.48 - - [15/Sep/2020:09:32:52 +0800] "GET /xingrg/all/function/internal_message.html?_=1600133573484&CODE_STATE=getMsg HTTP/1.1" 200 27
172.17.0.100 - - [15/Sep/2020:09:32:52 +0800] "POST /xingrg/dwr/call/plaincall/AjaxCheckService.setItemNumber.dwr HTTP/1.1" 200 77
116.238.71.173 - - [15/Sep/2020:09:32:53 +0800] "POST /xingrg/kc/buy/cgsh_order_operate.html HTTP/1.1" 200 37
116.238.71.173 - - [15/Sep/2020:09:32:54 +0800] "POST /xingrg/kc/buy/cgsh_order_operate.html HTTP/1.1" 200 34594
120.253.135.82 - - [15/Sep/2020:09:32:55 +0800] "GET /xingrg/all/function/internal_message.html?_=1600133324451&CODE_STATE=getMsg HTTP/1.1" 200 27
172.17.0.100 - - [15/Sep/2020:09:32:55 +0800] "POST /xingrg/dwr/call/plaincall/AjaxCheckService.setItemNumber.dwr HTTP/1.1" 200 77
116.238.71.173 - - [15/Sep/2020:09:32:56 +0800] "POST /xingrg/all/user/operate.html HTTP/1.1" 200 36
116.238.71.173 - - [15/Sep/2020:09:32:56 +0800] "GET /xingrg/index.html?sysBaseUrl=http%3A%2F%2F180.169.147.146%3A18081%2Fxingrg%2F&costTime=41×tamp=1600050296913 HTTP/1.1" 200 17177
116.238.71.173 - - [15/Sep/2020:09:32:56 +0800] "GET /xingrg/javascript/jquery_easy_ui/themes/default/easyui.css HTTP/1.1" 304 -
116.238.71.173 - - [15/Sep/2020:09:32:56 +0800] "GET /xingrg/javascript/jquery_easy_ui/themes/icon.css HTTP/1.1" 304 -
116.238.71.173 - - [15/Sep/2020:09:32:57 +0800] "GET /xingrg/css/form.css HTTP/1.1" 304 -
116.238.71.173 - - [15/Sep/2020:09:32:57 +0800] "GET /xingrg/javascript/jquery-1.4.2.min.js HTTP/1.1" 304 -
116.238.71.173 - - [15/Sep/2020:09:32:57 +0800] "GET /xingrg/javascript/jquery_easy_ui/jquery.easyui.min.js HTTP/1.1" 304 -
116.238.71.173 - - [15/Sep/2020:09:32:57 +0800] "GET /xingrg/javascript/jquery_easy_ui/easyui-lang-zh_CN.js HTTP/1.1" 304 -
116.238.71.173 - - [15/Sep/2020:09:32:57 +0800] "GET /xingrg/javascript/jquery.form.js HTTP/1.1" 304 -
116.238.71.173 - - [15/Sep/2020:09:32:57 +0800] "GET /xingrg/javascript/jquery.utils.js HTTP/1.1" 304 -
116.238.71.173 - - [15/Sep/2020:09:32:57 +0800] "GET /xingrg/javascript/jquery.timers.js HTTP/1.1" 304 -
116.238.71.173 - - [15/Sep/2020:09:32:57 +0800] "GET /xingrg/images/blue/jxLogo.png HTTP/1.1" 304 -
116.238.71.173 - - [15/Sep/2020:09:32:57 +0800] "GET /xingrg/images/blue/navBackgound.jpg HTTP/1.1" 304 -
116.238.71.173 - - [15/Sep/2020:09:32:57 +0800] "GET /xingrg/javascript/jquery_easy_ui/themes/icons/settle_new.png HTTP/1.1" 304 -
116.238.71.173 - - [15/Sep/2020:09:32:57 +0800] "POST /xingrg/all/common/load_tree.html?tree=area_rest_tree_json&manage=1 HTTP/1.1" 200 476
116.238.71.173 - - [15/Sep/2020:09:32:57 +0800] "GET /xingrg/all/function/internal_message.html?_=1600133576786&CODE_STATE=count HTTP/1.1" 200 11
116.238.71.173 - - [15/Sep/2020:09:32:57 +0800] "GET /xingrg/check_reg.html?_=1600133576787 HTTP/1.1" 200 22
116.238.71.173 - - [15/Sep/2020:09:32:57 +0800] "GET /xingrg/javascript/jquery_easy_ui/themes/default/images/panel_tool_collapse.gif HTTP/1.1" 304 -
116.238.71.173 - - [15/Sep/2020:09:32:57 +0800] "GET /xingrg/javascript/jquery_easy_ui/themes/default/images/tabs_rightarrow.png HTTP/1.1" 304 -
116.238.71.173 - - [15/Sep/2020:09:32:57 +0800] "GET /xingrg/images/blue/pingpu.png HTTP/1.1" 304 -
116.238.71.173 - - [15/Sep/2020:09:32:57 +0800] "GET /xingrg/javascript/jquery_easy_ui/themes/default/images/tabs_leftarrow.png HTTP/1.1" 304 -
116.238.71.173 - - [15/Sep/2020:09:32:57 +0800] "POST /xingrg/load_menu.html HTTP/1.1" 200 5138
116.238.71.173 - - [15/Sep/2020:09:32:57 +0800] "GET /xingrg/all/function/internal_message.html?_=1600133700951&CODE_STATE=getMsg HTTP/1.1" 200 27
222.69.134.17 - - [15/Sep/2020:09:32:57 +0800] "GET /xingrg/all/function/internal_message.html?_=1600133575002&CODE_STATE=getMsg HTTP/1.1" 200 27
172.17.0.100 - - [15/Sep/2020:09:32:58 +0800] "POST /xingrg/dwr/call/plaincall/AjaxCheckService.setItemNumber.dwr HTTP/1.1" 200 77
116.238.71.173 - - [15/Sep/2020:09:32:59 +0800] "GET /xingrg/kc/buy/cgsh_order_list.html HTTP/1.1" 200 43975
172.17.0.100 - - [15/Sep/2020:09:32:59 +0800] "POST /xingrg/dwr/call/plaincall/AjaxCheckService.setItemNumber.dwr HTTP/1.1" 200 77
172.17.0.100 - - [15/Sep/2020:09:32:59 +0800] "POST /xingrg/dwr/call/plaincall/AjaxCheckService.setItemNumber.dwr HTTP/1.1" 200 77
116.235.241.164 - - [15/Sep/2020:09:33:00 +0800] "GET /xingrg/all/function/internal_message.html?_=1600133582178&CODE_STATE=getMsg HTTP/1.1" 200 27
172.17.0.100 - - [15/Sep/2020:09:33:00 +0800] "POST /xingrg/dwr/call/plaincall/AjaxCheckService.setItemNumber.dwr HTTP/1.1" 200 77
114.88.166.242 - - [15/Sep/2020:09:33:01 +0800] "GET /xingrg/kc/buy/cgsh_order_list.html HTTP/1.1" 200 43971
116.238.71.173 - - [15/Sep/2020:09:33:01 +0800] "POST /xingrg/kc/buy/cgsh_list_operate.html HTTP/1.1" 200 2429
172.17.0.100 - - [15/Sep/2020:09:33:01 +0800] "POST /xingrg/dwr/call/plaincall/AjaxCheckService.setItemNumber.dwr HTTP/1.1" 200 77
114.88.166.242 - - [15/Sep/2020:09:33:02 +0800] "POST /xingrg/kc/buy/cgsh_list_operate.html HTTP/1.1" 200 3136
172.17.0.100 - - [15/Sep/2020:09:33:02 +0800] "POST /xingrg/dwr/call/plaincall/AjaxCheckService.setItemNumber.dwr HTTP/1.1" 200 77
172.17.0.100 - - [15/Sep/2020:09:33:03 +0800] "POST /xingrg/dwr/call/plaincall/AjaxCheckService.setItemNumber.dwr HTTP/1.1" 200 77
172.17.0.100 - - [15/Sep/2020:09:33:04 +0800] "POST /xingrg/dwr/call/plaincall/AjaxCheckService.setItemNumber.dwr HTTP/1.1" 200 77
116.238.71.173 - - [15/Sep/2020:09:33:04 +0800] "POST /xingrg/kc/buy/cgsh_list_operate.html HTTP/1.1" 200 201
172.17.0.100 - - [15/Sep/2020:09:33:05 +0800] "POST /xingrg/dwr/call/plaincall/AjaxCheckService.setItemNumber.dwr HTTP/1.1" 200 77
116.238.71.173 - - [15/Sep/2020:09:33:06 +0800] "GET /xingrg/kc/buy/cgsh_order_info.html?code=212020091506247 HTTP/1.1" 200 59360
116.238.71.173 - - [15/Sep/2020:09:33:06 +0800] "GET /xingrg/javascript/easyui/themes/default/validatebox.css HTTP/1.1" 404 1104
116.238.71.173 - - [15/Sep/2020:09:33:07 +0800] "POST /xingrg/kc/buy/cgsh_order_operate.html HTTP/1.1" 200 2665
172.17.0.100 - - [15/Sep/2020:09:33:08 +0800] "POST /xingrg/dwr/call/plaincall/AjaxCheckService.setItemNumber.dwr HTTP/1.1" 200 77
114.88.166.242 - - [15/Sep/2020:09:33:10 +0800] "GET /xingrg/index.html?sysBaseUrl=http%3A%2F%2F180.169.147.146%3A18081%2Fxingrg%2F&costTime=38×tamp=1588335986102 HTTP/1.1" 302 -
114.88.166.242 - - [15/Sep/2020:09:33:10 +0800] "GET /xingrg/login.html HTTP/1.1" 200 7641
172.17.0.100 - - [15/Sep/2020:09:33:10 +0800] "POST /xingrg/dwr/call/plaincall/AjaxCheckService.setItemNumber.dwr HTTP/1.1" 200 77
116.238.71.173 - - [15/Sep/2020:09:33:10 +0800] "POST /xingrg/kc/buy/cgsh_order_operate.html HTTP/1.1" 200 37
114.88.166.242 - - [15/Sep/2020:09:33:10 +0800] "GET /favicon.ico HTTP/1.1" 404 -
172.17.0.100 - - [15/Sep/2020:09:33:11 +0800] "POST /xingrg/dwr/call/plaincall/AjaxCheckService.setItemNumber.dwr HTTP/1.1" 200 77
218.81.217.115 - - [15/Sep/2020:09:33:12 +0800] "GET /xingrg/all/function/internal_message.html?_=1600133592623&CODE_STATE=getMsg HTTP/1.1" 200 27
172.17.0.100 - - [15/Sep/2020:09:33:12 +0800] "POST /xingrg/dwr/call/plaincall/AjaxCheckService.setItemNumber.dwr HTTP/1.1" 200 77
116.238.71.173 - - [15/Sep/2020:09:33:12 +0800] "POST /xingrg/kc/buy/cgsh_order_operate.html HTTP/1.1" 200 12
172.17.0.100 - - [15/Sep/2020:09:33:13 +0800] "POST /xingrg/dwr/call/plaincall/AjaxCheckService.setItemNumber.dwr HTTP/1.1" 200 77
172.17.0.100 - - [15/Sep/2020:09:33:13 +0800] "POST /xingrg/dwr/call/plaincall/AjaxCheckService.setItemNumber.dwr HTTP/1.1" 200 77
172.17.0.100 - - [15/Sep/2020:09:33:14 +0800] "POST /xingrg/dwr/call/plaincall/AjaxCheckService.setItemNumber.dwr HTTP/1.1" 200 77
114.88.166.242 - - [15/Sep/2020:09:33:15 +0800] "POST /xingrg/login.do HTTP/1.1" 302 -
114.88.166.242 - - [15/Sep/2020:09:33:15 +0800] "GET /xingrg/index.html?sysBaseUrl=http%3A%2F%2F180.169.147.146%3A18081%2Fxingrg%2F&costTime=41×tamp=1600133595362 HTTP/1.1" 200 17173
114.88.166.242 - - [15/Sep/2020:09:33:15 +0800] "GET /favicon.ico HTTP/1.1" 404 -
114.88.166.242 - - [15/Sep/2020:09:33:15 +0800] "POST /xingrg/all/common/load_tree.html?tree=area_rest_tree_json&manage=1 HTTP/1.1" 200 342
172.17.0.100 - - [15/Sep/2020:09:33:15 +0800] "POST /xingrg/dwr/call/plaincall/AjaxCheckService.setItemNumber.dwr HTTP/1.1" 200 77
114.88.166.242 - - [15/Sep/2020:09:33:15 +0800] "GET /xingrg/check_reg.html?_=1600133661314 HTTP/1.1" 200 22
114.88.166.242 - - [15/Sep/2020:09:33:15 +0800] "GET /xingrg/all/function/internal_message.html?_=1600133661314&CODE_STATE=count HTTP/1.1" 200 11
114.88.166.242 - - [15/Sep/2020:09:33:15 +0800] "POST /xingrg/load_menu.html HTTP/1.1" 200 5138
172.17.0.100 - - [15/Sep/2020:09:33:17 +0800] "POST /xingrg/dwr/call/plaincall/AjaxCheckService.setItemNumber.dwr HTTP/1.1" 200 77
114.88.166.242 - - [15/Sep/2020:09:33:17 +0800] "GET /xingrg/kc/buy/cgsh_order_list.html HTTP/1.1" 200 43971
114.88.166.242 - - [15/Sep/2020:09:33:18 +0800] "POST /xingrg/kc/buy/cgsh_list_operate.html HTTP/1.1" 200 3136
172.17.0.100 - - [15/Sep/2020:09:33:19 +0800] "POST /xingrg/dwr/call/plaincall/AjaxCheckService.setItemNumber.dwr HTTP/1.1" 200 77
116.238.71.173 - - [15/Sep/2020:09:33:20 +0800] "GET /xingrg/kc/buy/cgsh_order_info.html?code=212020091506247 HTTP/1.1" 200 54254
114.88.166.242 - - [15/Sep/2020:09:33:21 +0800] "POST /xingrg/kc/buy/cgsh_list_operate.html HTTP/1.1" 200 3136
116.238.71.173 - - [15/Sep/2020:09:33:21 +0800] "GET /xingrg/javascript/easyui/themes/default/validatebox.css HTTP/1.1" 404 1104
116.238.71.173 - - [15/Sep/2020:09:33:21 +0800] "POST /xingrg/kc/buy/cgsh_order_operate.html HTTP/1.1" 200 615
218.81.217.115 - - [15/Sep/2020:09:33:21 +0800] "GET /xingrg/check_reg.html?_=1600133602381 HTTP/1.1" 200 22
172.17.0.100 - - [15/Sep/2020:09:33:22 +0800] "GET /xingrg/all/function/internal_message.html?_=1600133601421&CODE_STATE=getMsg HTTP/1.1" 200 27
172.17.0.100 - - [15/Sep/2020:09:33:22 +0800] "POST /xingrg/dwr/call/plaincall/AjaxCheckService.setItemNumber.dwr HTTP/1.1" 200 77
116.238.71.173 - - [15/Sep/2020:09:33:23 +0800] "GET /xingrg/kc/print/load_data.html?order_code=212020091506247&kc_code=cgsh&condition= HTTP/1.1" 200 782
172.17.0.100 - - [15/Sep/2020:09:33:23 +0800] "POST /xingrg/dwr/call/plaincall/AjaxCheckService.setItemNumber.dwr HTTP/1.1" 200 77
172.17.0.100 - - [15/Sep/2020:09:33:25 +0800] "POST /xingrg/dwr/call/plaincall/AjaxCheckService.setItemNumber.dwr HTTP/1.1" 200 77
172.17.0.100 - - [15/Sep/2020:09:33:25 +0800] "POST /xingrg/dwr/call/plaincall/AjaxCheckService.setItemNumber.dwr HTTP/1.1" 200 77
172.17.200.101 - - [15/Sep/2020:09:33:26 +0800] "GET /xingrg/all/function/internal_message.html?_=1600133607406&CODE_STATE=getMsg HTTP/1.1" 200 27
172.17.0.100 - - [15/Sep/2020:09:33:26 +0800] "POST /xingrg/dwr/call/plaincall/AjaxCheckService.setItemNumber.dwr HTTP/1.1" 200 77
172.17.0.100 - - [15/Sep/2020:09:33:28 +0800] "POST /xingrg/dwr/call/plaincall/AjaxCheckService.setItemNumber.dwr HTTP/1.1" 200 77
172.17.0.100 - - [15/Sep/2020:09:33:30 +0800] "POST /xingrg/dwr/call/plaincall/AjaxCheckService.setItemNumber.dwr HTTP/1.1" 200 77
114.82.29.189 - - [15/Sep/2020:09:33:30 +0800] "GET /xingrg/all/function/internal_message.html?_=1600133610039&CODE_STATE=getMsg HTTP/1.1" 200 27
116.238.71.173 - - [15/Sep/2020:09:33:31 +0800] "POST /xingrg/kc/buy/cgsh_list_operate.html HTTP/1.1" 200 356
116.238.71.173 - - [15/Sep/2020:09:33:31 +0800] "GET /xingrg/kc/buy/cgsh_order_info.html?code=212020091506256 HTTP/1.1" 200 59360
172.17.0.100 - - [15/Sep/2020:09:33:32 +0800] "POST /xingrg/dwr/call/plaincall/AjaxCheckService.setItemNumber.dwr HTTP/1.1" 200 77
116.238.71.173 - - [15/Sep/2020:09:33:32 +0800] "GET /xingrg/javascript/easyui/themes/default/validatebox.css HTTP/1.1" 404 1104
116.238.71.173 - - [15/Sep/2020:09:33:32 +0800] "POST /xingrg/kc/buy/cgsh_order_operate.html HTTP/1.1" 200 3865
180.157.253.48 - - [15/Sep/2020:09:33:35 +0800] "GET /xingrg/all/function/internal_message.html?_=1600133618714&CODE_STATE=getMsg HTTP/1.1" 200 27
172.17.0.100 - - [15/Sep/2020:09:33:36 +0800] "POST /xingrg/dwr/call/plaincall/AjaxCheckService.setItemNumber.dwr HTTP/1.1" 200 77
117.185.32.26 - - [15/Sep/2020:09:33:38 +0800] "GET /xingrg/check_reg.html?_=1600134041907 HTTP/1.1" 200 22
116.238.71.173 - - [15/Sep/2020:09:33:39 +0800] "POST /xingrg/kc/buy/cgsh_order_operate.html HTTP/1.1" 200 37
172.17.0.100 - - [15/Sep/2020:09:33:39 +0800] "POST /xingrg/dwr/call/plaincall/AjaxCheckService.setItemNumber.dwr HTTP/1.1" 200 77
172.17.0.100 - - [15/Sep/2020:09:33:40 +0800] "POST /xingrg/dwr/call/plaincall/AjaxCheckService.setItemNumber.dwr HTTP/1.1" 200 77
116.235.241.164 - - [15/Sep/2020:09:33:41 +0800] "GET /xingrg/all/function/internal_message.html?_=1600133622949&CODE_STATE=getMsg HTTP/1.1" 200 27
116.238.71.173 - - [15/Sep/2020:09:33:41 +0800] "POST /xingrg/kc/buy/cgsh_order_operate.html HTTP/1.1" 200 12
172.17.0.100 - - [15/Sep/2020:09:33:41 +0800] "POST /xingrg/dwr/call/plaincall/AjaxCheckService.setItemNumber.dwr HTTP/1.1" 200 77
116.238.71.173 - - [15/Sep/2020:09:33:41 +0800] "GET /xingrg/kc/buy/cgsh_order_info.html?code=212020091506256 HTTP/1.1" 200 54254
172.17.0.100 - - [15/Sep/2020:09:33:42 +0800] "POST /xingrg/dwr/call/plaincall/AjaxCheckService.setItemNumber.dwr HTTP/1.1" 200 77
116.238.71.173 - - [15/Sep/2020:09:33:42 +0800] "GET /xingrg/javascript/easyui/themes/default/validatebox.css HTTP/1.1" 404 1104
116.238.71.173 - - [15/Sep/2020:09:33:42 +0800] "POST /xingrg/kc/buy/cgsh_order_operate.html HTTP/1.1" 200 1815
172.17.0.100 - - [15/Sep/2020:09:33:43 +0800] "POST /xingrg/dwr/call/plaincall/AjaxCheckService.setItemNumber.dwr HTTP/1.1" 200 77
116.238.71.173 - - [15/Sep/2020:09:33:43 +0800] "GET /xingrg/kc/print/load_data.html?order_code=212020091506256&kc_code=cgsh&condition= HTTP/1.1" 200 1231
172.17.0.100 - - [15/Sep/2020:09:33:44 +0800] "POST /xingrg/dwr/call/plaincall/AjaxCheckService.setItemNumber.dwr HTTP/1.1" 200 77
172.17.0.100 - - [15/Sep/2020:09:33:44 +0800] "POST /xingrg/dwr/call/plaincall/AjaxCheckService.setItemNumber.dwr HTTP/1.1" 200 77
114.86.226.190 - - [15/Sep/2020:09:33:45 +0800] "GET /xingrg/all/function/internal_message.html?_=1600133673390&CODE_STATE=getMsg HTTP/1.1" 200 27
172.17.0.100 - - [15/Sep/2020:09:33:45 +0800] "POST /xingrg/dwr/call/plaincall/AjaxCheckService.setItemNumber.dwr HTTP/1.1" 200 77
172.17.0.100 - - [15/Sep/2020:09:33:46 +0800] "POST /xingrg/dwr/call/plaincall/AjaxCheckService.setItemNumber.dwr HTTP/1.1" 200 77
172.17.0.100 - - [15/Sep/2020:09:33:47 +0800] "POST /xingrg/dwr/call/plaincall/AjaxCheckService.setItemNumber.dwr HTTP/1.1" 200 77
172.17.0.100 - - [15/Sep/2020:09:33:47 +0800] "POST /xingrg/dwr/call/plaincall/AjaxCheckService.setItemNumber.dwr HTTP/1.1" 200 77
172.17.0.100 - - [15/Sep/2020:09:33:49 +0800] "POST /xingrg/dwr/call/plaincall/AjaxCheckService.setItemNumber.dwr HTTP/1.1" 200 77
116.230.74.197 - - [15/Sep/2020:09:33:49 +0800] "GET /xingrg/all/function/internal_message.html?_=1600133626207&CODE_STATE=getMsg HTTP/1.1" 200 27
117.131.5.26 - - [15/Sep/2020:09:33:49 +0800] "GET /xingrg/all/function/internal_message.html?_=1600133648941&CODE_STATE=getMsg HTTP/1.1" 200 27
172.17.0.100 - - [15/Sep/2020:09:33:49 +0800] "POST /xingrg/dwr/call/plaincall/AjaxCheckService.setItemNumber.dwr HTTP/1.1" 200 77
116.238.71.173 - - [15/Sep/2020:09:33:50 +0800] "POST /xingrg/kc/buy/cgsh_list_operate.html HTTP/1.1" 200 1708
172.17.0.100 - - [15/Sep/2020:09:33:50 +0800] "POST /xingrg/dwr/call/plaincall/AjaxCheckService.setItemNumber.dwr HTTP/1.1" 200 77
116.238.71.173 - - [15/Sep/2020:09:33:52 +0800] "POST /xingrg/kc/buy/cgsh_list_operate.html HTTP/1.1" 200 561
180.157.253.48 - - [15/Sep/2020:09:33:52 +0800] "GET /xingrg/all/function/internal_message.html?_=1600133633494&CODE_STATE=getMsg HTTP/1.1" 200 27
180.157.253.48 - - [15/Sep/2020:09:33:52 +0800] "GET /xingrg/check_reg.html?_=1600133633497 HTTP/1.1" 200 22
116.238.71.173 - - [15/Sep/2020:09:33:53 +0800] "GET /xingrg/kc/buy/cgsh_order_info.html?code=212020091506238 HTTP/1.1" 200 59372
172.17.0.100 - - [15/Sep/2020:09:33:53 +0800] "POST /xingrg/dwr/call/plaincall/AjaxCheckService.setItemNumber.dwr HTTP/1.1" 200 77
116.238.71.173 - - [15/Sep/2020:09:33:54 +0800] "GET /xingrg/javascript/easyui/themes/default/validatebox.css HTTP/1.1" 404 1104
116.238.71.173 - - [15/Sep/2020:09:33:54 +0800] "POST /xingrg/kc/buy/cgsh_order_operate.html HTTP/1.1" 200 27815
172.17.0.100 - - [15/Sep/2020:09:33:54 +0800] "POST /xingrg/dwr/call/plaincall/AjaxCheckService.setItemNumber.dwr HTTP/1.1" 200 77
172.17.0.100 - - [15/Sep/2020:09:33:55 +0800] "POST /xingrg/dwr/call/plaincall/AjaxCheckService.setItemNumber.dwr HTTP/1.1" 200 77
120.253.135.82 - - [15/Sep/2020:09:33:55 +0800] "GET /xingrg/all/function/internal_message.html?_=1600133384472&CODE_STATE=getMsg HTTP/1.1" 200 27
116.238.71.173 - - [15/Sep/2020:09:33:57 +0800] "GET /xingrg/all/function/internal_message.html?_=1600133636849&CODE_STATE=getMsg HTTP/1.1" 200 27
116.238.71.173 - - [15/Sep/2020:09:33:57 +0800] "GET /xingrg/all/function/internal_message.html?_=1600133760960&CODE_STATE=getMsg HTTP/1.1" 200 27
222.69.134.17 - - [15/Sep/2020:09:33:57 +0800] "GET /xingrg/all/function/internal_message.html?_=1600133634995&CODE_STATE=getMsg HTTP/1.1" 200 27
172.17.0.100 - - [15/Sep/2020:09:33:58 +0800] "POST /xingrg/dwr/call/plaincall/AjaxCheckService.setItemNumber.dwr HTTP/1.1" 200 77
172.17.0.100 - - [15/Sep/2020:09:33:59 +0800] "POST /xingrg/dwr/call/plaincall/AjaxCheckService.setItemNumber.dwr HTTP/1.1" 200 77
116.235.241.164 - - [15/Sep/2020:09:34:00 +0800] "GET /xingrg/all/function/internal_message.html?_=1600133642183&CODE_STATE=getMsg HTTP/1.1" 200 27
172.17.0.100 - - [15/Sep/2020:09:34:00 +0800] "POST /xingrg/dwr/call/plaincall/AjaxCheckService.setItemNumber.dwr HTTP/1.1" 200 77
172.17.0.100 - - [15/Sep/2020:09:34:03 +0800] "POST /xingrg/dwr/call/plaincall/AjaxCheckService.setItemNumber.dwr HTTP/1.1" 200 77
172.17.0.100 - - [15/Sep/2020:09:34:04 +0800] "POST /xingrg/dwr/call/plaincall/AjaxCheckService.setItemNumber.dwr HTTP/1.1" 200 77
172.17.0.100 - - [15/Sep/2020:09:34:05 +0800] "POST /xingrg/dwr/call/plaincall/AjaxCheckService.setItemNumber.dwr HTTP/1.1" 200 77
172.17.0.100 - - [15/Sep/2020:09:34:06 +0800] "POST /xingrg/dwr/call/plaincall/AjaxCheckService.setItemNumber.dwr HTTP/1.1" 200 77
172.17.0.100 - - [15/Sep/2020:09:34:07 +0800] "POST /xingrg/dwr/call/plaincall/AjaxCheckService.setItemNumber.dwr HTTP/1.1" 200 77
172.17.0.100 - - [15/Sep/2020:09:34:08 +0800] "POST /xingrg/dwr/call/plaincall/AjaxCheckService.setItemNumber.dwr HTTP/1.1" 200 77
172.17.0.100 - - [15/Sep/2020:09:34:09 +0800] "POST /xingrg/dwr/call/plaincall/AjaxCheckService.setItemNumber.dwr HTTP/1.1" 200 77
218.81.217.115 - - [15/Sep/2020:09:34:12 +0800] "GET /xingrg/all/function/internal_message.html?_=1600133652626&CODE_STATE=getMsg HTTP/1.1" 200 27
172.17.0.100 - - [15/Sep/2020:09:34:15 +0800] "POST /xingrg/dwr/call/plaincall/AjaxCheckService.setItemNumber.dwr HTTP/1.1" 200 77
114.88.166.242 - - [15/Sep/2020:09:34:15 +0800] "GET /xingrg/all/function/internal_message.html?_=1600133721335&CODE_STATE=getMsg HTTP/1.1" 200 27
172.17.0.100 - - [15/Sep/2020:09:34:16 +0800] "POST /xingrg/dwr/call/plaincall/AjaxCheckService.setItemNumber.dwr HTTP/1.1" 200 77
172.17.0.100 - - [15/Sep/2020:09:34:16 +0800] "POST /xingrg/dwr/call/plaincall/AjaxCheckService.setItemNumber.dwr HTTP/1.1" 200 77
172.17.0.100 - - [15/Sep/2020:09:34:18 +0800] "POST /xingrg/dwr/call/plaincall/AjaxCheckService.setItemNumber.dwr HTTP/1.1" 200 77
172.17.0.100 - - [15/Sep/2020:09:34:20 +0800] "POST /xingrg/dwr/call/plaincall/AjaxCheckService.setItemNumber.dwr HTTP/1.1" 200 77
116.238.64.253 - - [15/Sep/2020:09:34:20 +0800] "GET /xingrg/kc/buy/cgsh_order_operate.html?command=get_materiel&rest_code=00102&code=00101007044&supplier_code=00100002&order_time=2020-09-15 HTTP/1.1" 200 424
172.17.0.100 - - [15/Sep/2020:09:34:20 +0800] "POST /xingrg/dwr/call/plaincall/AjaxCheckService.setItemNumber.dwr HTTP/1.1" 200 77
172.17.0.100 - - [15/Sep/2020:09:34:21 +0800] "POST /xingrg/dwr/call/plaincall/AjaxCheckService.setItemNumber.dwr HTTP/1.1" 200 77
172.17.0.100 - - [15/Sep/2020:09:34:22 +0800] "GET /xingrg/all/function/internal_message.html?_=1600133661392&CODE_STATE=getMsg HTTP/1.1" 200 27
172.17.0.100 - - [15/Sep/2020:09:34:24 +0800] "POST /xingrg/dwr/call/plaincall/AjaxCheckService.setItemNumber.dwr HTTP/1.1" 200 77
172.17.0.100 - - [15/Sep/2020:09:34:25 +0800] "POST /xingrg/dwr/call/plaincall/AjaxCheckService.setItemNumber.dwr HTTP/1.1" 200 77
172.17.200.101 - - [15/Sep/2020:09:34:26 +0800] "GET /xingrg/all/function/internal_message.html?_=1600133667423&CODE_STATE=getMsg HTTP/1.1" 200 27
172.17.0.100 - - [15/Sep/2020:09:34:28 +0800] "POST /xingrg/dwr/call/plaincall/AjaxCheckService.setItemNumber.dwr HTTP/1.1" 200 78
172.17.0.100 - - [15/Sep/2020:09:34:29 +0800] "POST /xingrg/dwr/call/plaincall/AjaxCheckService.setItemNumber.dwr HTTP/1.1" 200 78
114.82.29.189 - - [15/Sep/2020:09:34:30 +0800] "GET /xingrg/all/function/internal_message.html?_=1600133670012&CODE_STATE=getMsg HTTP/1.1" 200 27
172.17.0.100 - - [15/Sep/2020:09:34:30 +0800] "POST /xingrg/dwr/call/plaincall/AjaxCheckService.setItemNumber.dwr HTTP/1.1" 200 78
172.17.0.100 - - [15/Sep/2020:09:34:31 +0800] "POST /xingrg/dwr/call/plaincall/AjaxCheckService.setItemNumber.dwr HTTP/1.1" 200 78
172.17.0.100 - - [15/Sep/2020:09:34:32 +0800] "POST /xingrg/dwr/call/plaincall/AjaxCheckService.setItemNumber.dwr HTTP/1.1" 200 78
172.17.0.100 - - [15/Sep/2020:09:34:32 +0800] "POST /xingrg/dwr/call/plaincall/AjaxCheckService.setItemNumber.dwr HTTP/1.1" 200 78
172.17.0.100 - - [15/Sep/2020:09:34:33 +0800] "POST /xingrg/dwr/call/plaincall/AjaxCheckService.setItemNumber.dwr HTTP/1.1" 200 78
180.157.253.48 - - [15/Sep/2020:09:34:34 +0800] "POST /xingrg/kc/buy/cgsh_list_operate.html HTTP/1.1" 200 356
116.238.64.253 - - [15/Sep/2020:09:34:34 +0800] "GET /xingrg/all/function/internal_message.html?_=1600133880886&CODE_STATE=getMsg HTTP/1.1" 200 27
180.157.253.48 - - [15/Sep/2020:09:34:34 +0800] "GET /xingrg/kc/buy/cgsh_order_info.html?code=212020091506265 HTTP/1.1" 200 59718
180.157.253.48 - - [15/Sep/2020:09:34:34 +0800] "GET /xingrg/css/base.css HTTP/1.1" 304 -
180.157.253.48 - - [15/Sep/2020:09:34:34 +0800] "GET /xingrg/javascript/jquery_tools/jquery.tools.extend.js HTTP/1.1" 304 -
180.157.253.48 - - [15/Sep/2020:09:34:34 +0800] "GET /xingrg/javascript/easyui/easyloader.js HTTP/1.1" 304 -
180.157.253.48 - - [15/Sep/2020:09:34:34 +0800] "GET /xingrg/css/site.css HTTP/1.1" 304 -
180.157.253.48 - - [15/Sep/2020:09:34:34 +0800] "GET /xingrg/javascript/jquery_tools/datebox.css HTTP/1.1" 304 -
180.157.253.48 - - [15/Sep/2020:09:34:34 +0800] "GET /xingrg/javascript/jquery_tools/jquery.tools.hotkey.js HTTP/1.1" 304 -
180.157.253.48 - - [15/Sep/2020:09:34:34 +0800] "GET /xingrg/javascript/auto/jquery.autocomplete.css HTTP/1.1" 304 -
180.157.253.48 - - [15/Sep/2020:09:34:34 +0800] "GET /xingrg/javascript/easyui/themes/icon.css HTTP/1.1" 304 -
180.157.253.48 - - [15/Sep/2020:09:34:34 +0800] "GET /xingrg/javascript/easyui/themes/default/easyui.css HTTP/1.1" 304 -
180.157.253.48 - - [15/Sep/2020:09:34:34 +0800] "GET /xingrg/javascript/jquery_tools/fix.css HTTP/1.1" 304 -
180.157.253.48 - - [15/Sep/2020:09:34:34 +0800] "GET /xingrg/javascript/jquery_tools/jquery.tools.min.js HTTP/1.1" 304 -
180.157.253.48 - - [15/Sep/2020:09:34:34 +0800] "GET /xingrg/javascript/jquery_tools/table.css HTTP/1.1" 304 -
180.157.253.48 - - [15/Sep/2020:09:34:34 +0800] "GET /xingrg/javascript/jquery_tools/order_manager.js HTTP/1.1" 304 -
180.157.253.48 - - [15/Sep/2020:09:34:34 +0800] "GET /xingrg/javascript/pic_change.js HTTP/1.1" 304 -
180.157.253.48 - - [15/Sep/2020:09:34:34 +0800] "GET /xingrg/javascript/jquery_tools/jquery.tools.table.js HTTP/1.1" 304 -
180.157.253.48 - - [15/Sep/2020:09:34:34 +0800] "GET /xingrg/javascript/jquery.utils.js HTTP/1.1" 304 -
180.157.253.48 - - [15/Sep/2020:09:34:34 +0800] "GET /xingrg/javascript/convert.js HTTP/1.1" 304 -
180.157.253.48 - - [15/Sep/2020:09:34:34 +0800] "GET /xingrg/javascript/json2.js HTTP/1.1" 304 -
180.157.253.48 - - [15/Sep/2020:09:34:34 +0800] "GET /xingrg/javascript/print/LodopFuncs.js HTTP/1.1" 304 -
180.157.253.48 - - [15/Sep/2020:09:34:34 +0800] "GET /xingrg/javascript/print/kc_print.js HTTP/1.1" 304 -
180.157.253.48 - - [15/Sep/2020:09:34:34 +0800] "GET /xingrg/javascript/jquery.cookie.js HTTP/1.1" 304 -
180.157.253.48 - - [15/Sep/2020:09:34:34 +0800] "GET /xingrg/javascript/auto/jquery.autocomplete.js HTTP/1.1" 304 -
180.157.253.48 - - [15/Sep/2020:09:34:34 +0800] "GET /xingrg/words/20200914192654_words.js HTTP/1.1" 304 -
180.157.253.48 - - [15/Sep/2020:09:34:34 +0800] "GET /xingrg/javascript/easyui/themes/icons/template_new.png HTTP/1.1" 304 -
180.157.253.48 - - [15/Sep/2020:09:34:34 +0800] "GET /xingrg/javascript/easyui/themes/icons/ok.png HTTP/1.1" 304 -
180.157.253.48 - - [15/Sep/2020:09:34:34 +0800] "GET /xingrg/javascript/easyui/themes/icons/copy_new.png HTTP/1.1" 304 -
180.157.253.48 - - [15/Sep/2020:09:34:34 +0800] "GET /xingrg/javascript/easyui/themes/icons/print.png HTTP/1.1" 304 -
180.157.253.48 - - [15/Sep/2020:09:34:34 +0800] "GET /xingrg/javascript/easyui/themes/icons/cancel.png HTTP/1.1" 304 -
180.157.253.48 - - [15/Sep/2020:09:34:34 +0800] "GET /xingrg/javascript/easyui/themes/default/images/menu_downarrow.png HTTP/1.1" 304 -
180.157.253.48 - - [15/Sep/2020:09:34:34 +0800] "GET /xingrg/javascript/easyui/plugins/jquery.parser.js HTTP/1.1" 304 -
180.157.253.48 - - [15/Sep/2020:09:34:34 +0800] "GET /xingrg/all/common/auto_word.html?type=employee&rest_code=00148 HTTP/1.1" 200 147
180.157.253.48 - - [15/Sep/2020:09:34:34 +0800] "GET /xingrg/all/common/auto_word.html?type=employee&rest_code=00148 HTTP/1.1" 200 147
180.157.253.48 - - [15/Sep/2020:09:34:34 +0800] "GET /xingrg/javascript/easyui/themes/default/validatebox.css HTTP/1.1" 404 1104
180.157.253.48 - - [15/Sep/2020:09:34:34 +0800] "GET /xingrg/javascript/easyui/plugins/jquery.validatebox.js HTTP/1.1" 304 -
180.157.253.48 - - [15/Sep/2020:09:34:34 +0800] "GET /xingrg/javascript/easyui/plugins/jquery.numberbox.js HTTP/1.1" 304 -
172.17.0.100 - - [15/Sep/2020:09:34:34 +0800] "POST /xingrg/dwr/call/plaincall/AjaxCheckService.setItemNumber.dwr HTTP/1.1" 200 78
180.157.253.48 - - [15/Sep/2020:09:34:35 +0800] "POST /xingrg/kc/buy/cgsh_order_operate.html HTTP/1.1" 200 3848
180.157.253.48 - - [15/Sep/2020:09:34:35 +0800] "GET /xingrg/all/function/internal_message.html?_=1600133678727&CODE_STATE=getMsg HTTP/1.1" 200 27
172.17.0.100 - - [15/Sep/2020:09:34:36 +0800] "POST /xingrg/dwr/call/plaincall/AjaxCheckService.setItemNumber.dwr HTTP/1.1" 200 78
172.17.0.100 - - [15/Sep/2020:09:34:37 +0800] "POST /xingrg/dwr/call/plaincall/AjaxCheckService.setItemNumber.dwr HTTP/1.1" 200 78
172.17.0.100 - - [15/Sep/2020:09:34:38 +0800] "POST /xingrg/dwr/call/plaincall/AjaxCheckService.setItemNumber.dwr HTTP/1.1" 200 78
172.17.0.100 - - [15/Sep/2020:09:34:38 +0800] "POST /xingrg/dwr/call/plaincall/AjaxCheckService.setItemNumber.dwr HTTP/1.1" 200 78
180.157.253.48 - - [15/Sep/2020:09:34:39 +0800] "GET /xingrg/kc/buy/cgsh_order_operate.html?command=get_materiel&rest_code=00148&code=00101006130&supplier_code=00100010&order_time=2020-09-15 HTTP/1.1" 200 446
172.17.0.100 - - [15/Sep/2020:09:34:39 +0800] "POST /xingrg/dwr/call/plaincall/AjaxCheckService.setItemNumber.dwr HTTP/1.1" 200 78
172.17.0.100 - - [15/Sep/2020:09:34:40 +0800] "POST /xingrg/dwr/call/plaincall/AjaxCheckService.setItemNumber.dwr HTTP/1.1" 200 78
116.235.241.164 - - [15/Sep/2020:09:34:41 +0800] "GET /xingrg/all/function/internal_message.html?_=1600133682949&CODE_STATE=getMsg HTTP/1.1" 200 27
172.17.0.100 - - [15/Sep/2020:09:34:41 +0800] "POST /xingrg/dwr/call/plaincall/AjaxCheckService.setItemNumber.dwr HTTP/1.1" 200 78
172.17.0.100 - - [15/Sep/2020:09:34:45 +0800] "POST /xingrg/dwr/call/plaincall/AjaxCheckService.setItemNumber.dwr HTTP/1.1" 200 78
114.86.226.190 - - [15/Sep/2020:09:34:45 +0800] "GET /xingrg/all/function/internal_message.html?_=1600133733390&CODE_STATE=getMsg HTTP/1.1" 200 27
172.17.0.100 - - [15/Sep/2020:09:34:45 +0800] "POST /xingrg/dwr/call/plaincall/AjaxCheckService.setItemNumber.dwr HTTP/1.1" 200 78
172.17.0.100 - - [15/Sep/2020:09:34:46 +0800] "POST /xingrg/dwr/call/plaincall/AjaxCheckService.setItemNumber.dwr HTTP/1.1" 200 78
172.17.0.100 - - [15/Sep/2020:09:34:47 +0800] "POST /xingrg/dwr/call/plaincall/AjaxCheckService.setItemNumber.dwr HTTP/1.1" 200 78
172.17.0.100 - - [15/Sep/2020:09:34:48 +0800] "POST /xingrg/dwr/call/plaincall/AjaxCheckService.setItemNumber.dwr HTTP/1.1" 200 78
180.157.253.48 - - [15/Sep/2020:09:34:48 +0800] "GET /xingrg/javascript/easyui/themes/default/images/button_plain_hover.png HTTP/1.1" 304 -
180.157.253.48 - - [15/Sep/2020:09:34:48 +0800] "GET /xingrg/javascript/easyui/themes/default/images/button_plain_hover.png HTTP/1.1" 304 -
116.230.74.197 - - [15/Sep/2020:09:34:49 +0800] "GET /xingrg/all/function/internal_message.html?_=1600133686196&CODE_STATE=getMsg HTTP/1.1" 200 27
180.157.253.48 - - [15/Sep/2020:09:34:49 +0800] "GET /xingrg/javascript/easyui/themes/default/images/button_plain_hover.png HTTP/1.1" 304 -
180.157.253.48 - - [15/Sep/2020:09:34:49 +0800] "GET /xingrg/javascript/easyui/themes/default/images/button_plain_hover.png HTTP/1.1" 304 -
180.157.253.48 - - [15/Sep/2020:09:34:49 +0800] "GET /xingrg/javascript/easyui/themes/default/images/button_plain_hover.png HTTP/1.1" 304 -
172.17.0.100 - - [15/Sep/2020:09:34:49 +0800] "POST /xingrg/dwr/call/plaincall/AjaxCheckService.setItemNumber.dwr HTTP/1.1" 200 78
117.131.5.26 - - [15/Sep/2020:09:34:49 +0800] "GET /xingrg/all/function/internal_message.html?_=1600133708911&CODE_STATE=getMsg HTTP/1.1" 200 27
