117.131.5.26 - - [15/Sep/2020:10:48:47 +0800] "GET /xingrg/all/function/internal_message.html?_=1600138147072&CODE_STATE=getMsg HTTP/1.1" 200 27
116.238.64.253 - - [15/Sep/2020:10:48:48 +0800] "GET /xingrg/kc/buy/cgsh_order_operate.html?command=get_materiel&rest_code=00102&code=00101008264&supplier_code=00100008&order_time=2020-09-15 HTTP/1.1" 200 412
172.17.0.240 - - [15/Sep/2020:10:48:52 +0800] "GET /xingrg/all/function/internal_message.html?_=1600138129220&CODE_STATE=getMsg HTTP/1.1" 200 27
222.69.134.17 - - [15/Sep/2020:10:48:57 +0800] "GET /xingrg/all/function/internal_message.html?_=1600138135109&CODE_STATE=getMsg HTTP/1.1" 200 27
58.37.9.106 - - [15/Sep/2020:10:48:58 +0800] "GET /xingrg/kc/buy/cgsh_order_operate.html?command=get_materiel&rest_code=00141&code=00101020144&supplier_code=00100036&order_time=2020-09-15 HTTP/1.1" 200 449
116.235.241.164 - - [15/Sep/2020:10:49:00 +0800] "GET /xingrg/all/function/internal_message.html?_=1600138142261&CODE_STATE=getMsg HTTP/1.1" 200 27
117.184.7.30 - - [15/Sep/2020:10:49:02 +0800] "GET /xingrg/kc/buy/cgsh_order_add.html HTTP/1.1" 200 59668
117.184.7.30 - - [15/Sep/2020:10:49:03 +0800] "POST /xingrg/kc/buy/cgsh_order_operate.html HTTP/1.1" 200 8245
117.184.7.30 - - [15/Sep/2020:10:49:03 +0800] "GET /xingrg/javascript/easyui/themes/default/validatebox.css HTTP/1.1" 404 1104
120.253.135.82 - - [15/Sep/2020:10:49:07 +0800] "GET /xingrg/check_reg.html?_=1600137896186 HTTP/1.1" 200 22
114.86.226.190 - - [15/Sep/2020:10:49:08 +0800] "GET /xingrg/all/function/internal_message.html?_=1600138233640&CODE_STATE=getMsg HTTP/1.1" 200 27
116.238.64.253 - - [15/Sep/2020:10:49:12 +0800] "GET /xingrg/all/function/internal_message.html?_=1600138155330&CODE_STATE=getMsg HTTP/1.1" 200 27
218.81.217.115 - - [15/Sep/2020:10:49:13 +0800] "GET /xingrg/kc/buy/cgsh_order_list.html HTTP/1.1" 200 43977
116.238.71.173 - - [15/Sep/2020:10:49:13 +0800] "GET /xingrg/all/function/internal_message.html?_=1600138152815&CODE_STATE=getMsg HTTP/1.1" 200 27
218.81.217.115 - - [15/Sep/2020:10:49:13 +0800] "POST /xingrg/kc/buy/cgsh_list_operate.html HTTP/1.1" 200 876
120.253.135.82 - - [15/Sep/2020:10:49:14 +0800] "GET /xingrg/all/function/internal_message.html?_=1600137903252&CODE_STATE=getMsg HTTP/1.1" 200 27
116.238.71.173 - - [15/Sep/2020:10:49:15 +0800] "GET /xingrg/all/function/internal_message.html?_=1600138279003&CODE_STATE=getMsg HTTP/1.1" 200 27
218.81.217.115 - - [15/Sep/2020:10:49:15 +0800] "GET /xingrg/kc/buy/cgsh_order_add.html HTTP/1.1" 200 59715
218.81.217.115 - - [15/Sep/2020:10:49:15 +0800] "GET /xingrg/javascript/convert.js HTTP/1.1" 304 -
218.81.217.115 - - [15/Sep/2020:10:49:15 +0800] "GET /xingrg/javascript/pic_change.js HTTP/1.1" 304 -
218.81.217.115 - - [15/Sep/2020:10:49:15 +0800] "GET /xingrg/javascript/json2.js HTTP/1.1" 304 -
218.81.217.115 - - [15/Sep/2020:10:49:15 +0800] "GET /xingrg/javascript/jquery_tools/order_manager.js HTTP/1.1" 304 -
218.81.217.115 - - [15/Sep/2020:10:49:15 +0800] "GET /xingrg/javascript/print/kc_print.js HTTP/1.1" 304 -
218.81.217.115 - - [15/Sep/2020:10:49:15 +0800] "GET /xingrg/words/20200914192654_words.js HTTP/1.1" 200 762949
218.81.217.115 - - [15/Sep/2020:10:49:15 +0800] "GET /xingrg/javascript/easyui/themes/icons/template_new.png HTTP/1.1" 304 -
218.81.217.115 - - [15/Sep/2020:10:49:15 +0800] "GET /xingrg/javascript/easyui/themes/icons/copy_new.png HTTP/1.1" 304 -
218.81.217.115 - - [15/Sep/2020:10:49:15 +0800] "GET /xingrg/javascript/easyui/themes/icons/ok.png HTTP/1.1" 304 -
218.81.217.115 - - [15/Sep/2020:10:49:15 +0800] "GET /xingrg/javascript/easyui/themes/icons/print.png HTTP/1.1" 304 -
218.81.217.115 - - [15/Sep/2020:10:49:15 +0800] "GET /xingrg/javascript/easyui/themes/default/images/menu_downarrow.png HTTP/1.1" 304 -
218.81.217.115 - - [15/Sep/2020:10:49:15 +0800] "GET /xingrg/javascript/easyui/themes/icons/cancel.png HTTP/1.1" 304 -
114.88.166.242 - - [15/Sep/2020:10:49:15 +0800] "GET /xingrg/all/function/internal_message.html?_=1600138221500&CODE_STATE=getMsg HTTP/1.1" 200 27
218.81.217.115 - - [15/Sep/2020:10:49:16 +0800] "GET /xingrg/all/function/internal_message.html?_=1600138156750&CODE_STATE=getMsg HTTP/1.1" 200 27
218.81.217.115 - - [15/Sep/2020:10:49:16 +0800] "POST /xingrg/kc/buy/cgsh_order_operate.html HTTP/1.1" 200 8245
218.81.217.115 - - [15/Sep/2020:10:49:16 +0800] "GET /xingrg/all/common/auto_word.html?type=employee&rest_code=00146 HTTP/1.1" 200 197
218.81.217.115 - - [15/Sep/2020:10:49:16 +0800] "GET /xingrg/all/common/auto_word.html?type=employee&rest_code=00146 HTTP/1.1" 200 197
218.81.217.115 - - [15/Sep/2020:10:49:16 +0800] "GET /xingrg/javascript/easyui/themes/default/validatebox.css HTTP/1.1" 404 1104
218.81.217.115 - - [15/Sep/2020:10:49:16 +0800] "GET /xingrg/javascript/easyui/plugins/jquery.validatebox.js HTTP/1.1" 304 -
218.81.217.115 - - [15/Sep/2020:10:49:16 +0800] "GET /xingrg/javascript/easyui/plugins/jquery.numberbox.js HTTP/1.1" 304 -
172.17.200.101 - - [15/Sep/2020:10:49:17 +0800] "GET /xingrg/all/function/internal_message.html?_=1600138158479&CODE_STATE=getMsg HTTP/1.1" 200 27
116.238.64.253 - - [15/Sep/2020:10:49:21 +0800] "GET /xingrg/kc/buy/cgsh_order_operate.html?command=get_materiel&rest_code=00102&code=00101008300&supplier_code=00100008&order_time=2020-09-15 HTTP/1.1" 200 412
117.184.7.30 - - [15/Sep/2020:10:49:22 +0800] "GET /xingrg/kc/buy/cgsh_order_operate.html?command=get_materiel&rest_code=00108&code=00101006129&supplier_code=00100010&order_time=2020-09-15 HTTP/1.1" 200 431
172.17.0.100 - - [15/Sep/2020:10:49:22 +0800] "GET /xingrg/all/function/internal_message.html?_=1600138161378&CODE_STATE=getMsg HTTP/1.1" 200 27
116.238.64.253 - - [15/Sep/2020:10:49:26 +0800] "GET /xingrg/kc/buy/cgsh_order_operate.html?command=get_materiel&rest_code=00102&code=00101008270&supplier_code=00100008&order_time=2020-09-15 HTTP/1.1" 200 412
114.82.29.189 - - [15/Sep/2020:10:49:28 +0800] "GET /xingrg/all/function/internal_message.html?_=1600138168307&CODE_STATE=getMsg HTTP/1.1" 200 27
124.76.236.61 - - [15/Sep/2020:10:49:34 +0800] "GET /xingrg/javascript/jquery_easy_ui/themes/icons/rest.png HTTP/1.1" 200 695
124.76.236.61 - - [15/Sep/2020:10:49:34 +0800] "GET /xingrg/javascript/jquery_easy_ui/themes/icons/area.png HTTP/1.1" 200 262
117.185.32.26 - - [15/Sep/2020:10:49:35 +0800] "GET /xingrg/all/function/internal_message.html?_=1600138174971&CODE_STATE=getMsg HTTP/1.1" 200 27
117.184.7.30 - - [15/Sep/2020:10:49:38 +0800] "GET /xingrg/all/function/internal_message.html?_=1600138174581&CODE_STATE=getMsg HTTP/1.1" 200 27
116.238.64.253 - - [15/Sep/2020:10:49:38 +0800] "GET /xingrg/all/function/internal_message.html?_=1600138384760&CODE_STATE=getMsg HTTP/1.1" 200 27
172.17.0.120 - - [15/Sep/2020:10:49:39 +0800] "GET /xingrg/all/function/internal_message.html?_=1600138177311&CODE_STATE=getMsg HTTP/1.1" 200 27
218.81.217.115 - - [15/Sep/2020:10:49:39 +0800] "GET /xingrg/kc/buy/cgsh_order_operate.html?command=get_materiel&rest_code=00146&code=00101008003&supplier_code=00100005&order_time=2020-09-15 HTTP/1.1" 200 408
180.157.253.48 - - [15/Sep/2020:10:49:39 +0800] "GET /xingrg/all/function/internal_message.html?_=1600138182664&CODE_STATE=getMsg HTTP/1.1" 200 27
116.235.241.164 - - [15/Sep/2020:10:49:41 +0800] "GET /xingrg/all/function/internal_message.html?_=1600138183039&CODE_STATE=getMsg HTTP/1.1" 200 27
61.151.178.166 - - [15/Sep/2020:10:49:43 +0800] "GET /xingrg/check_reg.html?_=1600137442690 HTTP/1.1" 302 -
120.204.17.71 - - [15/Sep/2020:10:49:45 +0800] "GET /xingrg/kc/print/load_data.html?order_code=212020091506302&kc_code=cgsh HTTP/1.1" 302 -
58.37.9.106 - - [15/Sep/2020:10:49:46 +0800] "GET /xingrg/kc/buy/cgsh_order_operate.html?command=get_materiel&rest_code=00141&code=00101007109&supplier_code=00100036&order_time=2020-09-15 HTTP/1.1" 200 408
116.230.74.197 - - [15/Sep/2020:10:49:47 +0800] "GET /xingrg/all/function/internal_message.html?_=1600138184793&CODE_STATE=getMsg HTTP/1.1" 200 27
117.131.5.26 - - [15/Sep/2020:10:49:47 +0800] "GET /xingrg/all/function/internal_message.html?_=1600138207041&CODE_STATE=getMsg HTTP/1.1" 200 27
124.76.236.61 - - [15/Sep/2020:10:49:48 +0800] "GET /xingrg/kc/buy/cgsh_order_operate.html?command=get_materiel&rest_code=00143&code=00101008108&supplier_code=00100161&order_time=2020-09-15 HTTP/1.1" 200 412
117.184.7.30 - - [15/Sep/2020:10:49:50 +0800] "GET /xingrg/kc/buy/cgsh_order_operate.html?command=get_materiel&rest_code=00108&code=00101006184&supplier_code=00100010&order_time=2020-09-15 HTTP/1.1" 200 408
61.151.178.166 - - [15/Sep/2020:10:49:51 +0800] "GET /xingrg/login.html HTTP/1.1" 200 7641
172.17.0.240 - - [15/Sep/2020:10:49:52 +0800] "GET /xingrg/all/function/internal_message.html?_=1600138189223&CODE_STATE=getMsg HTTP/1.1" 200 27
58.37.9.106 - - [15/Sep/2020:10:49:54 +0800] "GET /xingrg/kc/buy/cgsh_order_operate.html?command=get_materiel&rest_code=00141&code=00101012010&supplier_code=00100036&order_time=2020-09-15 HTTP/1.1" 200 409
218.81.217.115 - - [15/Sep/2020:10:49:55 +0800] "GET /xingrg/kc/buy/cgsh_order_operate.html?command=get_materiel&rest_code=00146&code=00101008087&supplier_code=00100005&order_time=2020-09-15 HTTP/1.1" 200 412
120.204.17.71 - - [15/Sep/2020:10:49:55 +0800] "GET /xingrg/login.html HTTP/1.1" 200 7641
117.184.7.30 - - [15/Sep/2020:10:49:55 +0800] "GET /xingrg/kc/buy/cgsh_order_operate.html?command=get_materiel&rest_code=00108&code=00101006055&supplier_code=00100010&order_time=2020-09-15 HTTP/1.1" 200 409
222.69.134.17 - - [15/Sep/2020:10:49:57 +0800] "GET /xingrg/all/function/internal_message.html?_=1600138195116&CODE_STATE=getMsg HTTP/1.1" 200 27
222.69.134.17 - - [15/Sep/2020:10:49:57 +0800] "GET /xingrg/check_reg.html?_=1600138195120 HTTP/1.1" 200 22
116.235.241.164 - - [15/Sep/2020:10:50:00 +0800] "GET /xingrg/all/function/internal_message.html?_=1600138202267&CODE_STATE=getMsg HTTP/1.1" 200 27
117.184.7.30 - - [15/Sep/2020:10:50:01 +0800] "GET /xingrg/kc/buy/cgsh_order_operate.html?command=get_materiel&rest_code=00108&code=00101006133&supplier_code=00100010&order_time=2020-09-15 HTTP/1.1" 200 413
58.37.9.106 - - [15/Sep/2020:10:50:02 +0800] "GET /xingrg/kc/buy/cgsh_order_operate.html?command=get_materiel&rest_code=00141&code=00101010063&supplier_code=00100036&order_time=2020-09-15 HTTP/1.1" 200 409
114.86.226.190 - - [15/Sep/2020:10:50:08 +0800] "GET /xingrg/all/function/internal_message.html?_=1600138293640&CODE_STATE=getMsg HTTP/1.1" 200 27
117.184.7.30 - - [15/Sep/2020:10:50:09 +0800] "GET /xingrg/kc/buy/cgsh_order_operate.html?command=get_materiel&rest_code=00108&code=00101007069&supplier_code=00100010&order_time=2020-09-15 HTTP/1.1" 200 413
116.238.64.253 - - [15/Sep/2020:10:50:12 +0800] "GET /xingrg/all/function/internal_message.html?_=1600138215338&CODE_STATE=getMsg HTTP/1.1" 200 27
116.238.71.173 - - [15/Sep/2020:10:50:13 +0800] "GET /xingrg/all/function/internal_message.html?_=1600138212867&CODE_STATE=getMsg HTTP/1.1" 200 27
120.253.135.82 - - [15/Sep/2020:10:50:14 +0800] "GET /xingrg/all/function/internal_message.html?_=1600137963266&CODE_STATE=getMsg HTTP/1.1" 200 27
218.81.217.115 - - [15/Sep/2020:10:50:15 +0800] "GET /xingrg/kc/buy/cgsh_order_operate.html?command=get_materiel&rest_code=00146&code=00101008361&supplier_code=00100005&order_time=2020-09-15 HTTP/1.1" 200 408
58.37.9.106 - - [15/Sep/2020:10:50:15 +0800] "GET /xingrg/kc/buy/cgsh_order_operate.html?command=get_materiel&rest_code=00141&code=00101012002&supplier_code=00100036&order_time=2020-09-15 HTTP/1.1" 200 419
116.238.71.173 - - [15/Sep/2020:10:50:15 +0800] "GET /xingrg/all/function/internal_message.html?_=1600138339013&CODE_STATE=getMsg HTTP/1.1" 200 27
114.88.166.242 - - [15/Sep/2020:10:50:15 +0800] "GET /xingrg/all/function/internal_message.html?_=1600138281469&CODE_STATE=getMsg HTTP/1.1" 200 27
218.81.217.115 - - [15/Sep/2020:10:50:16 +0800] "GET /xingrg/all/function/internal_message.html?_=1600138216763&CODE_STATE=getMsg HTTP/1.1" 200 27
172.17.200.101 - - [15/Sep/2020:10:50:17 +0800] "GET /xingrg/all/function/internal_message.html?_=1600138218480&CODE_STATE=getMsg HTTP/1.1" 200 27
117.184.7.30 - - [15/Sep/2020:10:50:19 +0800] "GET /xingrg/kc/buy/cgsh_order_operate.html?command=get_materiel&rest_code=00108&code=00101006075&supplier_code=00100010&order_time=2020-09-15 HTTP/1.1" 200 416
172.17.0.100 - - [15/Sep/2020:10:50:22 +0800] "GET /xingrg/all/function/internal_message.html?_=1600138221378&CODE_STATE=getMsg HTTP/1.1" 200 27
218.81.217.115 - - [15/Sep/2020:10:50:23 +0800] "GET /xingrg/kc/buy/cgsh_order_operate.html?command=get_materiel&rest_code=00146&code=00101008017&supplier_code=00100005&order_time=2020-09-15 HTTP/1.1" 200 416
120.204.17.72 - - [15/Sep/2020:10:50:24 +0800] "GET /xingrg/kc/buy/cgsh_order_info.html?code=212020091506302 HTTP/1.1" 302 -
114.82.29.189 - - [15/Sep/2020:10:50:24 +0800] "GET /xingrg/check_reg.html?_=1600138224536 HTTP/1.1" 200 22
114.82.29.189 - - [15/Sep/2020:10:50:28 +0800] "GET /xingrg/all/function/internal_message.html?_=1600138228286&CODE_STATE=getMsg HTTP/1.1" 200 27
117.184.7.30 - - [15/Sep/2020:10:50:28 +0800] "GET /xingrg/kc/buy/cgsh_order_operate.html?command=get_materiel&rest_code=00108&code=00101006087&supplier_code=00100010&order_time=2020-09-15 HTTP/1.1" 200 409
218.81.217.115 - - [15/Sep/2020:10:50:32 +0800] "GET /xingrg/kc/buy/cgsh_order_operate.html?command=get_materiel&rest_code=00146&code=00101008270&supplier_code=00100005&order_time=2020-09-15 HTTP/1.1" 200 412
117.184.7.30 - - [15/Sep/2020:10:50:33 +0800] "GET /xingrg/kc/buy/cgsh_order_operate.html?command=get_materiel&rest_code=00108&code=00101007068&supplier_code=00100010&order_time=2020-09-15 HTTP/1.1" 200 409
120.204.17.72 - - [15/Sep/2020:10:50:34 +0800] "GET /xingrg/login.html HTTP/1.1" 200 7641
58.37.9.106 - - [15/Sep/2020:10:50:35 +0800] "GET /xingrg/kc/buy/cgsh_order_operate.html?command=get_materiel&rest_code=00141&code=00101020089&supplier_code=00100036&order_time=2020-09-15 HTTP/1.1" 200 412
117.185.32.26 - - [15/Sep/2020:10:50:35 +0800] "GET /xingrg/all/function/internal_message.html?_=1600138234941&CODE_STATE=getMsg HTTP/1.1" 200 27
124.76.236.61 - - [15/Sep/2020:10:50:37 +0800] "GET /xingrg/check_reg.html?_=1600138249892 HTTP/1.1" 200 22
117.184.7.30 - - [15/Sep/2020:10:50:38 +0800] "GET /xingrg/all/function/internal_message.html?_=1600138234568&CODE_STATE=getMsg HTTP/1.1" 200 27
116.238.64.253 - - [15/Sep/2020:10:50:38 +0800] "GET /xingrg/all/function/internal_message.html?_=1600138444952&CODE_STATE=getMsg HTTP/1.1" 200 27
172.17.0.120 - - [15/Sep/2020:10:50:39 +0800] "GET /xingrg/all/function/internal_message.html?_=1600138237308&CODE_STATE=getMsg HTTP/1.1" 200 27
117.184.7.30 - - [15/Sep/2020:10:50:39 +0800] "GET /xingrg/kc/buy/cgsh_order_operate.html?command=get_materiel&rest_code=00108&code=00101006112&supplier_code=00100010&order_time=2020-09-15 HTTP/1.1" 200 409
180.157.253.48 - - [15/Sep/2020:10:50:40 +0800] "GET /xingrg/all/function/internal_message.html?_=1600138242881&CODE_STATE=getMsg HTTP/1.1" 200 27
116.235.241.164 - - [15/Sep/2020:10:50:41 +0800] "GET /xingrg/all/function/internal_message.html?_=1600138243039&CODE_STATE=getMsg HTTP/1.1" 200 27
218.81.217.115 - - [15/Sep/2020:10:50:43 +0800] "GET /xingrg/kc/buy/cgsh_order_operate.html?command=get_materiel&rest_code=00146&code=00101008219&supplier_code=00100005&order_time=2020-09-15 HTTP/1.1" 200 412
58.37.9.106 - - [15/Sep/2020:10:50:46 +0800] "POST /xingrg/kc/buy/cgsh_order_operate.html HTTP/1.1" 200 37
116.238.64.253 - - [15/Sep/2020:10:50:47 +0800] "GET /xingrg/kc/buy/cgsh_order_operate.html?command=get_materiel&rest_code=00102&code=00101008077&supplier_code=00100008&order_time=2020-09-15 HTTP/1.1" 200 416
116.230.74.197 - - [15/Sep/2020:10:50:47 +0800] "GET /xingrg/all/function/internal_message.html?_=1600138244778&CODE_STATE=getMsg HTTP/1.1" 200 27
117.131.5.26 - - [15/Sep/2020:10:50:47 +0800] "GET /xingrg/all/function/internal_message.html?_=1600138267018&CODE_STATE=getMsg HTTP/1.1" 200 27
58.37.9.106 - - [15/Sep/2020:10:50:48 +0800] "POST /xingrg/kc/buy/cgsh_order_operate.html HTTP/1.1" 200 12
58.37.9.106 - - [15/Sep/2020:10:50:48 +0800] "GET /xingrg/kc/buy/cgsh_order_info.html?code=212020091506308 HTTP/1.1" 200 54620
58.37.9.106 - - [15/Sep/2020:10:50:49 +0800] "GET /xingrg/javascript/easyui/themes/default/validatebox.css HTTP/1.1" 404 1104
116.230.74.197 - - [15/Sep/2020:10:50:49 +0800] "GET /xingrg/check_reg.html?_=1600138246401 HTTP/1.1" 200 22
58.37.9.106 - - [15/Sep/2020:10:50:49 +0800] "POST /xingrg/kc/buy/cgsh_order_operate.html HTTP/1.1" 200 6512
58.37.9.106 - - [15/Sep/2020:10:50:50 +0800] "GET /xingrg/kc/print/load_config.html?kc_code=cgsh HTTP/1.1" 200 1845
58.37.9.106 - - [15/Sep/2020:10:50:50 +0800] "GET /xingrg/kc/print/load_data.html?order_code=212020091506308&kc_code=cgsh&condition= HTTP/1.1" 200 3025
117.131.5.26 - - [15/Sep/2020:10:50:50 +0800] "GET /xingrg/check_reg.html?_=1600138269963 HTTP/1.1" 200 22
172.17.0.240 - - [15/Sep/2020:10:50:52 +0800] "GET /xingrg/all/function/internal_message.html?_=1600138249225&CODE_STATE=getMsg HTTP/1.1" 200 27
117.184.7.30 - - [15/Sep/2020:10:50:53 +0800] "GET /xingrg/kc/buy/cgsh_order_operate.html?command=get_materiel&rest_code=00108&code=00101006109&supplier_code=00100010&order_time=2020-09-15 HTTP/1.1" 200 409
222.69.134.17 - - [15/Sep/2020:10:50:57 +0800] "GET /xingrg/all/function/internal_message.html?_=1600138255125&CODE_STATE=getMsg HTTP/1.1" 200 27
117.184.7.30 - - [15/Sep/2020:10:50:59 +0800] "POST /xingrg/kc/buy/cgsh_order_operate.html HTTP/1.1" 200 37
117.184.7.30 - - [15/Sep/2020:10:51:00 +0800] "POST /xingrg/kc/buy/cgsh_order_operate.html HTTP/1.1" 200 7992
116.235.241.164 - - [15/Sep/2020:10:51:00 +0800] "GET /xingrg/all/function/internal_message.html?_=1600138262267&CODE_STATE=getMsg HTTP/1.1" 200 27
58.37.9.106 - - [15/Sep/2020:10:51:03 +0800] "GET /xingrg/kc/buy/cgsh_order_add.html HTTP/1.1" 200 59715
58.37.9.106 - - [15/Sep/2020:10:51:03 +0800] "POST /xingrg/kc/buy/cgsh_order_operate.html HTTP/1.1" 200 8245
58.37.9.106 - - [15/Sep/2020:10:51:03 +0800] "GET /xingrg/javascript/easyui/themes/default/validatebox.css HTTP/1.1" 404 1104
218.81.217.115 - - [15/Sep/2020:10:51:03 +0800] "GET /xingrg/kc/buy/cgsh_order_operate.html?command=get_materiel&rest_code=00146&code=00101008354&supplier_code=00100005&order_time=2020-09-15 HTTP/1.1" 200 412
114.86.226.190 - - [15/Sep/2020:10:51:07 +0800] "GET /xingrg/all/function/internal_message.html?_=1600138353640&CODE_STATE=getMsg HTTP/1.1" 200 27
116.238.64.253 - - [15/Sep/2020:10:51:08 +0800] "GET /xingrg/kc/buy/cgsh_order_operate.html?command=get_materiel&rest_code=00102&code=00101008069&supplier_code=00100008&order_time=2020-09-15 HTTP/1.1" 200 412
58.37.9.106 - - [15/Sep/2020:10:51:11 +0800] "GET /xingrg/kc/buy/cgsh_order_operate.html?command=get_materiel&rest_code=00141&code=00101006111&supplier_code=00100012&order_time=2020-09-15 HTTP/1.1" 200 409
117.184.7.30 - - [15/Sep/2020:10:51:12 +0800] "GET /xingrg/kc/print/load_data.html?order_code=212020091506309&kc_code=cgsh&condition= HTTP/1.1" 200 2747
116.238.64.253 - - [15/Sep/2020:10:51:12 +0800] "GET /xingrg/all/function/internal_message.html?_=1600138275353&CODE_STATE=getMsg HTTP/1.1" 200 27
218.81.217.115 - - [15/Sep/2020:10:51:13 +0800] "GET /xingrg/kc/buy/cgsh_order_operate.html?command=get_materiel&rest_code=00146&code=00101008028&supplier_code=00100005&order_time=2020-09-15 HTTP/1.1" 200 412
116.238.71.173 - - [15/Sep/2020:10:51:13 +0800] "GET /xingrg/all/function/internal_message.html?_=1600138272919&CODE_STATE=getMsg HTTP/1.1" 200 27
116.238.71.173 - - [15/Sep/2020:10:51:13 +0800] "GET /xingrg/check_reg.html?_=1600138272923 HTTP/1.1" 200 22
116.238.64.253 - - [15/Sep/2020:10:51:13 +0800] "GET /xingrg/kc/buy/cgsh_order_operate.html?command=get_materiel&rest_code=00102&code=00101008286&supplier_code=00100008&order_time=2020-09-15 HTTP/1.1" 200 408
120.253.135.82 - - [15/Sep/2020:10:51:14 +0800] "GET /xingrg/all/function/internal_message.html?_=1600138023344&CODE_STATE=getMsg HTTP/1.1" 200 27
116.238.71.173 - - [15/Sep/2020:10:51:15 +0800] "GET /xingrg/check_reg.html?_=1600138398655 HTTP/1.1" 200 22
116.238.71.173 - - [15/Sep/2020:10:51:15 +0800] "GET /xingrg/all/function/internal_message.html?_=1600138399026&CODE_STATE=getMsg HTTP/1.1" 200 27
114.88.166.242 - - [15/Sep/2020:10:51:15 +0800] "GET /xingrg/all/function/internal_message.html?_=1600138341451&CODE_STATE=getMsg HTTP/1.1" 200 27
218.81.217.115 - - [15/Sep/2020:10:51:16 +0800] "GET /xingrg/all/function/internal_message.html?_=1600138276777&CODE_STATE=getMsg HTTP/1.1" 200 27
172.17.200.101 - - [15/Sep/2020:10:51:17 +0800] "GET /xingrg/all/function/internal_message.html?_=1600138278467&CODE_STATE=getMsg HTTP/1.1" 200 27
116.238.64.253 - - [15/Sep/2020:10:51:19 +0800] "GET /xingrg/kc/buy/cgsh_order_operate.html?command=get_materiel&rest_code=00102&code=00101008036&supplier_code=00100008&order_time=2020-09-15 HTTP/1.1" 200 408
58.37.9.106 - - [15/Sep/2020:10:51:19 +0800] "GET /xingrg/kc/buy/cgsh_order_operate.html?command=get_materiel&rest_code=00141&code=00101006168&supplier_code=00100012&order_time=2020-09-15 HTTP/1.1" 200 440
114.82.29.189 - - [15/Sep/2020:10:51:22 +0800] "GET /xingrg/kc/buy/cgsh_order_list.html HTTP/1.1" 200 43971
218.81.217.115 - - [15/Sep/2020:10:51:22 +0800] "GET /xingrg/kc/buy/cgsh_order_operate.html?command=get_materiel&rest_code=00146&code=00101008290&supplier_code=00100005&order_time=2020-09-15 HTTP/1.1" 200 416
172.17.0.100 - - [15/Sep/2020:10:51:22 +0800] "GET /xingrg/all/function/internal_message.html?_=1600138281377&CODE_STATE=getMsg HTTP/1.1" 200 27
172.17.0.100 - - [15/Sep/2020:10:51:22 +0800] "GET /xingrg/check_reg.html?_=1600138281380 HTTP/1.1" 200 22
114.82.29.189 - - [15/Sep/2020:10:51:23 +0800] "POST /xingrg/kc/buy/cgsh_list_operate.html HTTP/1.1" 200 5141
114.82.29.189 - - [15/Sep/2020:10:51:23 +0800] "GET /xingrg/kc/buy/cgsh_order_add.html HTTP/1.1" 200 59709
114.82.29.189 - - [15/Sep/2020:10:51:24 +0800] "POST /xingrg/kc/buy/cgsh_order_operate.html HTTP/1.1" 200 8245
114.82.29.189 - - [15/Sep/2020:10:51:24 +0800] "GET /xingrg/javascript/easyui/themes/default/validatebox.css HTTP/1.1" 404 1104
116.238.64.253 - - [15/Sep/2020:10:51:28 +0800] "GET /xingrg/kc/buy/cgsh_order_operate.html?command=get_materiel&rest_code=00102&code=00101008131&supplier_code=00100008&order_time=2020-09-15 HTTP/1.1" 200 408
114.82.29.189 - - [15/Sep/2020:10:51:28 +0800] "GET /xingrg/all/function/internal_message.html?_=1600138288271&CODE_STATE=getMsg HTTP/1.1" 200 27
58.37.9.106 - - [15/Sep/2020:10:51:29 +0800] "GET /xingrg/kc/buy/cgsh_order_operate.html?command=get_materiel&rest_code=00141&code=00101006084&supplier_code=00100012&order_time=2020-09-15 HTTP/1.1" 200 413
116.238.64.253 - - [15/Sep/2020:10:51:31 +0800] "POST /xingrg/kc/buy/cgsh_order_operate.html HTTP/1.1" 200 2065
183.192.164.71 - - [15/Sep/2020:10:51:31 +0800] "GET /xingrg/kc/buy/cgsh_order_operate.html?command=get_materiel&rest_code=00106&code=00101016025&supplier_code=00100032&order_time=2020-09-15 HTTP/1.1" 302 -
183.192.164.71 - - [15/Sep/2020:10:51:34 +0800] "GET /xingrg/login.html HTTP/1.1" 200 7641
117.185.32.26 - - [15/Sep/2020:10:51:35 +0800] "GET /xingrg/all/function/internal_message.html?_=1600138294910&CODE_STATE=getMsg HTTP/1.1" 200 27
58.37.9.106 - - [15/Sep/2020:10:51:37 +0800] "GET /xingrg/kc/buy/cgsh_order_operate.html?command=get_materiel&rest_code=00141&code=00101006038&supplier_code=00100012&order_time=2020-09-15 HTTP/1.1" 200 421
218.81.217.115 - - [15/Sep/2020:10:51:37 +0800] "GET /xingrg/kc/buy/cgsh_order_operate.html?command=get_materiel&rest_code=00146&code=00101008067&supplier_code=00100005&order_time=2020-09-15 HTTP/1.1" 200 416
117.184.7.30 - - [15/Sep/2020:10:51:37 +0800] "GET /xingrg/check_reg.html?_=1600138294411 HTTP/1.1" 200 22
117.184.7.30 - - [15/Sep/2020:10:51:37 +0800] "GET /xingrg/all/function/internal_message.html?_=1600138294541&CODE_STATE=getMsg HTTP/1.1" 200 27
116.238.64.253 - - [15/Sep/2020:10:51:38 +0800] "GET /xingrg/all/function/internal_message.html?_=1600138504959&CODE_STATE=getMsg HTTP/1.1" 200 27
172.17.0.120 - - [15/Sep/2020:10:51:39 +0800] "GET /xingrg/all/function/internal_message.html?_=1600138297309&CODE_STATE=getMsg HTTP/1.1" 200 27
172.17.0.120 - - [15/Sep/2020:10:51:39 +0800] "GET /xingrg/check_reg.html?_=1600138297315 HTTP/1.1" 200 22
117.184.7.30 - - [15/Sep/2020:10:51:39 +0800] "GET /xingrg/kc/buy/cgsh_order_add.html HTTP/1.1" 200 59668
180.157.253.48 - - [15/Sep/2020:10:51:40 +0800] "GET /xingrg/all/function/internal_message.html?_=1600138302894&CODE_STATE=getMsg HTTP/1.1" 200 27
116.238.64.253 - - [15/Sep/2020:10:51:40 +0800] "GET /xingrg/kc/buy/cgsh_order_operate.html?command=get_materiel&rest_code=00102&code=00101008318&supplier_code=00100008&order_time=2020-09-15 HTTP/1.1" 200 408
117.184.7.30 - - [15/Sep/2020:10:51:40 +0800] "POST /xingrg/kc/buy/cgsh_order_operate.html HTTP/1.1" 200 8245
117.184.7.30 - - [15/Sep/2020:10:51:40 +0800] "GET /xingrg/javascript/easyui/themes/default/validatebox.css HTTP/1.1" 404 1104
116.235.241.164 - - [15/Sep/2020:10:51:41 +0800] "GET /xingrg/check_reg.html?_=1600138303041 HTTP/1.1" 200 22
116.235.241.164 - - [15/Sep/2020:10:51:41 +0800] "GET /xingrg/all/function/internal_message.html?_=1600138303043&CODE_STATE=getMsg HTTP/1.1" 200 27
183.192.164.214 - - [15/Sep/2020:10:51:41 +0800] "GET /xingrg/kc/buy/cgsh_order_operate.html?command=get_materiel_price&rest_code=00106&code=00101010248&unit_code=00100043&supplier_code=00100032&order_time=2020-09-15 HTTP/1.1" 302 -
114.82.29.189 - - [15/Sep/2020:10:51:42 +0800] "GET /xingrg/kc/buy/cgsh_order_operate.html?command=get_materiel&rest_code=00105&code=00101009001&supplier_code=00100024&order_time=2020-09-15 HTTP/1.1" 200 416
58.37.9.106 - - [15/Sep/2020:10:51:45 +0800] "POST /xingrg/kc/buy/cgsh_order_operate.html HTTP/1.1" 200 37
183.192.164.71 - - [15/Sep/2020:10:51:45 +0800] "GET /xingrg/all/function/internal_message.html?_=1600137575214&CODE_STATE=getMsg HTTP/1.1" 302 -
116.238.64.253 - - [15/Sep/2020:10:51:46 +0800] "GET /xingrg/kc/buy/cgsh_order_operate.html?command=get_materiel&rest_code=00102&code=00101008352&supplier_code=00100008&order_time=2020-09-15 HTTP/1.1" 200 412
218.81.217.115 - - [15/Sep/2020:10:51:46 +0800] "GET /xingrg/kc/buy/cgsh_order_operate.html?command=get_materiel&rest_code=00146&code=00101008212&supplier_code=00100005&order_time=2020-09-15 HTTP/1.1" 200 412
58.37.9.106 - - [15/Sep/2020:10:51:47 +0800] "POST /xingrg/kc/buy/cgsh_order_operate.html HTTP/1.1" 200 12
116.230.74.197 - - [15/Sep/2020:10:51:47 +0800] "GET /xingrg/all/function/internal_message.html?_=1600138304747&CODE_STATE=getMsg HTTP/1.1" 200 27
117.131.5.26 - - [15/Sep/2020:10:51:47 +0800] "GET /xingrg/all/function/internal_message.html?_=1600138326992&CODE_STATE=getMsg HTTP/1.1" 200 27
58.37.9.106 - - [15/Sep/2020:10:51:47 +0800] "GET /xingrg/kc/buy/cgsh_order_info.html?code=212020091506310 HTTP/1.1" 200 54618
222.69.134.17 - - [15/Sep/2020:10:51:48 +0800] "POST /xingrg/services/DataTransmitService HTTP/1.1" 200 524
183.192.164.214 - - [15/Sep/2020:10:51:48 +0800] "GET /xingrg/kc/buy/cgsh_order_operate.html?command=get_materiel&rest_code=00106&code=00101010161&supplier_code=00100032&order_time=2020-09-15 HTTP/1.1" 302 -
222.69.134.17 - - [15/Sep/2020:10:51:48 +0800] "POST /xingrg/services/DataTransmitService HTTP/1.1" 200 1755
117.184.7.30 - - [15/Sep/2020:10:51:48 +0800] "GET /xingrg/kc/buy/cgsh_order_operate.html?command=get_materiel&rest_code=00108&code=00101007061&supplier_code=00100002&order_time=2020-09-15 HTTP/1.1" 200 409
58.37.9.106 - - [15/Sep/2020:10:51:48 +0800] "GET /xingrg/javascript/easyui/themes/default/validatebox.css HTTP/1.1" 404 1104
58.37.9.106 - - [15/Sep/2020:10:51:48 +0800] "POST /xingrg/kc/buy/cgsh_order_operate.html HTTP/1.1" 200 2400
222.69.134.17 - - [15/Sep/2020:10:51:48 +0800] "POST /xingrg/services/DataTransmitService HTTP/1.1" 200 144184
58.37.9.106 - - [15/Sep/2020:10:51:49 +0800] "GET /xingrg/kc/print/load_data.html?order_code=212020091506310&kc_code=cgsh&condition= HTTP/1.1" 200 1501
116.238.64.253 - - [15/Sep/2020:10:51:50 +0800] "GET /xingrg/kc/buy/cgsh_order_operate.html?command=get_materiel&rest_code=00102&code=00101008005&supplier_code=00100008&order_time=2020-09-15 HTTP/1.1" 200 412
183.192.164.214 - - [15/Sep/2020:10:51:50 +0800] "GET /xingrg/login.html HTTP/1.1" 200 7641
183.192.164.71 - - [15/Sep/2020:10:51:52 +0800] "GET /xingrg/login.html HTTP/1.1" 200 7641
172.17.0.240 - - [15/Sep/2020:10:51:52 +0800] "GET /xingrg/all/function/internal_message.html?_=1600138309226&CODE_STATE=getMsg HTTP/1.1" 200 27
114.82.29.189 - - [15/Sep/2020:10:51:55 +0800] "GET /xingrg/system/info/materiel_import.html?isSelect=1&singleSelect=false HTTP/1.1" 200 5600
116.238.64.253 - - [15/Sep/2020:10:51:55 +0800] "GET /xingrg/kc/buy/cgsh_order_operate.html?command=get_materiel&rest_code=00102&code=00101008271&supplier_code=00100008&order_time=2020-09-15 HTTP/1.1" 200 408
114.82.29.189 - - [15/Sep/2020:10:51:55 +0800] "POST /xingrg/all/common/load_tree.html?tree=materiel_sort_tree_json HTTP/1.1" 200 8666
183.192.164.214 - - [15/Sep/2020:10:51:56 +0800] "GET /xingrg/login.html HTTP/1.1" 200 7641
117.184.7.30 - - [15/Sep/2020:10:51:56 +0800] "GET /xingrg/kc/buy/cgsh_order_operate.html?command=get_materiel&rest_code=00108&code=00101007090&supplier_code=00100002&order_time=2020-09-15 HTTP/1.1" 200 413
218.81.217.115 - - [15/Sep/2020:10:51:56 +0800] "GET /xingrg/kc/buy/cgsh_order_operate.html?command=get_materiel&rest_code=00146&code=00101008069&supplier_code=00100005&order_time=2020-09-15 HTTP/1.1" 200 412
222.69.134.17 - - [15/Sep/2020:10:51:57 +0800] "GET /xingrg/all/function/internal_message.html?_=1600138315113&CODE_STATE=getMsg HTTP/1.1" 200 27
58.37.9.106 - - [15/Sep/2020:10:51:59 +0800] "GET /xingrg/kc/buy/cgsh_order_add.html HTTP/1.1" 200 59715
58.37.9.106 - - [15/Sep/2020:10:51:59 +0800] "POST /xingrg/kc/buy/cgsh_order_operate.html HTTP/1.1" 200 8245
58.37.9.106 - - [15/Sep/2020:10:51:59 +0800] "GET /xingrg/javascript/easyui/themes/default/validatebox.css HTTP/1.1" 404 1104
116.238.64.253 - - [15/Sep/2020:10:52:00 +0800] "GET /xingrg/kc/buy/cgsh_order_operate.html?command=get_materiel&rest_code=00102&code=00101008353&supplier_code=00100008&order_time=2020-09-15 HTTP/1.1" 200 408
116.235.241.164 - - [15/Sep/2020:10:52:00 +0800] "GET /xingrg/all/function/internal_message.html?_=1600138322269&CODE_STATE=getMsg HTTP/1.1" 200 27
116.235.241.164 - - [15/Sep/2020:10:52:00 +0800] "GET /xingrg/check_reg.html?_=1600138322270 HTTP/1.1" 200 22
116.238.64.253 - - [15/Sep/2020:10:52:02 +0800] "POST /xingrg/kc/buy/cgsh_order_operate.html HTTP/1.1" 200 2065
114.82.29.189 - - [15/Sep/2020:10:52:02 +0800] "GET /xingrg/kc/buy/cgsh_order_operate.html?command=get_materiel&rest_code=00105&code=00101009021&supplier_code=00100024&order_time=2020-09-15 HTTP/1.1" 200 416
116.238.64.253 - - [15/Sep/2020:10:52:05 +0800] "GET /xingrg/kc/buy/cgsh_order_operate.html?command=get_materiel&rest_code=00102&code=00101008529&supplier_code=00100008&order_time=2020-09-15 HTTP/1.1" 200 402
180.157.253.48 - - [15/Sep/2020:10:52:05 +0800] "POST /xingrg/services/DataTransmitService HTTP/1.1" 200 524
180.157.253.48 - - [15/Sep/2020:10:52:05 +0800] "POST /xingrg/services/DataTransmitService HTTP/1.1" 200 1863
180.157.253.48 - - [15/Sep/2020:10:52:06 +0800] "POST /xingrg/services/DataTransmitService HTTP/1.1" 200 130416
218.81.217.115 - - [15/Sep/2020:10:52:06 +0800] "GET /xingrg/kc/buy/cgsh_order_operate.html?command=get_materiel&rest_code=00146&code=00101008006&supplier_code=00100005&order_time=2020-09-15 HTTP/1.1" 200 416
114.86.226.190 - - [15/Sep/2020:10:52:06 +0800] "GET /xingrg/check_reg.html?_=1600138413375 HTTP/1.1" 200 22
114.86.226.190 - - [15/Sep/2020:10:52:06 +0800] "GET /xingrg/all/function/internal_message.html?_=1600138413640&CODE_STATE=getMsg HTTP/1.1" 200 27
58.37.9.106 - - [15/Sep/2020:10:52:11 +0800] "GET /xingrg/kc/buy/cgsh_order_operate.html?command=get_materiel&rest_code=00141&code=00101001010&supplier_code=00100040&order_time=2020-09-15 HTTP/1.1" 200 428
114.82.29.189 - - [15/Sep/2020:10:52:11 +0800] "GET /xingrg/kc/buy/cgsh_order_operate.html?command=get_materiel&rest_code=00105&code=00101009011&supplier_code=00100024&order_time=2020-09-15 HTTP/1.1" 200 416
117.184.7.30 - - [15/Sep/2020:10:52:12 +0800] "GET /xingrg/kc/buy/cgsh_order_operate.html?command=get_materiel&rest_code=00108&code=00101007049&supplier_code=00100002&order_time=2020-09-15 HTTP/1.1" 200 409
116.238.71.173 - - [15/Sep/2020:10:52:13 +0800] "GET /xingrg/all/function/internal_message.html?_=1600138332958&CODE_STATE=getMsg HTTP/1.1" 200 27
116.238.64.253 - - [15/Sep/2020:10:52:13 +0800] "GET /xingrg/check_reg.html?_=1600138335541 HTTP/1.1" 200 22
116.238.64.253 - - [15/Sep/2020:10:52:13 +0800] "GET /xingrg/all/function/internal_message.html?_=1600138335543&CODE_STATE=getMsg HTTP/1.1" 200 27
114.88.166.242 - - [15/Sep/2020:10:52:14 +0800] "GET /xingrg/check_reg.html?_=1600138331511 HTTP/1.1" 200 22
120.253.135.82 - - [15/Sep/2020:10:52:14 +0800] "GET /xingrg/all/function/internal_message.html?_=1600138083355&CODE_STATE=getMsg HTTP/1.1" 200 27
116.238.64.253 - - [15/Sep/2020:10:52:15 +0800] "GET /xingrg/kc/buy/cgsh_order_operate.html?command=get_materiel&rest_code=00102&code=00101008101&supplier_code=00100008&order_time=2020-09-15 HTTP/1.1" 200 412
218.81.217.115 - - [15/Sep/2020:10:52:15 +0800] "GET /xingrg/kc/buy/cgsh_order_operate.html?command=get_materiel&rest_code=00146&code=00101008131&supplier_code=00100005&order_time=2020-09-15 HTTP/1.1" 200 408
116.238.71.173 - - [15/Sep/2020:10:52:15 +0800] "GET /xingrg/all/function/internal_message.html?_=1600138459040&CODE_STATE=getMsg HTTP/1.1" 200 27
114.88.166.242 - - [15/Sep/2020:10:52:15 +0800] "GET /xingrg/all/function/internal_message.html?_=1600138401431&CODE_STATE=getMsg HTTP/1.1" 200 27
218.81.217.115 - - [15/Sep/2020:10:52:16 +0800] "GET /xingrg/all/function/internal_message.html?_=1600138336791&CODE_STATE=getMsg HTTP/1.1" 200 27
172.17.200.101 - - [15/Sep/2020:10:52:17 +0800] "GET /xingrg/all/function/internal_message.html?_=1600138338478&CODE_STATE=getMsg HTTP/1.1" 200 27
114.82.29.189 - - [15/Sep/2020:10:52:18 +0800] "GET /xingrg/kc/buy/cgsh_order_operate.html?command=get_materiel&rest_code=00105&code=00101009019&supplier_code=00100024&order_time=2020-09-15 HTTP/1.1" 200 435
172.17.0.100 - - [15/Sep/2020:10:52:22 +0800] "GET /xingrg/all/function/internal_message.html?_=1600138341379&CODE_STATE=getMsg HTTP/1.1" 200 27
58.37.9.106 - - [15/Sep/2020:10:52:25 +0800] "POST /xingrg/kc/buy/cgsh_order_operate.html HTTP/1.1" 200 37
183.192.164.214 - - [15/Sep/2020:10:52:25 +0800] "GET /xingrg/kc/print/load_data.html?order_code=212020091506305&kc_code=cgsh&condition= HTTP/1.1" 302 -
116.238.64.253 - - [15/Sep/2020:10:52:25 +0800] "GET /xingrg/kc/buy/cgsh_order_operate.html?command=get_materiel&rest_code=00102&code=00101008229&supplier_code=00100008&order_time=2020-09-15 HTTP/1.1" 200 439
218.81.217.115 - - [15/Sep/2020:10:52:25 +0800] "GET /xingrg/kc/buy/cgsh_order_operate.html?command=get_materiel&rest_code=00146&code=00101008353&supplier_code=00100005&order_time=2020-09-15 HTTP/1.1" 200 408
58.37.9.106 - - [15/Sep/2020:10:52:27 +0800] "POST /xingrg/kc/buy/cgsh_order_operate.html HTTP/1.1" 200 12
58.37.9.106 - - [15/Sep/2020:10:52:27 +0800] "GET /xingrg/kc/buy/cgsh_order_info.html?code=212020091506311 HTTP/1.1" 200 54618
58.37.9.106 - - [15/Sep/2020:10:52:28 +0800] "GET /xingrg/javascript/easyui/themes/default/validatebox.css HTTP/1.1" 404 1104
114.82.29.189 - - [15/Sep/2020:10:52:28 +0800] "GET /xingrg/all/function/internal_message.html?_=1600138348253&CODE_STATE=getMsg HTTP/1.1" 200 27
58.37.9.106 - - [15/Sep/2020:10:52:28 +0800] "POST /xingrg/kc/buy/cgsh_order_operate.html HTTP/1.1" 200 603
58.37.9.106 - - [15/Sep/2020:10:52:29 +0800] "GET /xingrg/kc/print/load_data.html?order_code=212020091506311&kc_code=cgsh&condition= HTTP/1.1" 200 784
116.238.64.253 - - [15/Sep/2020:10:52:33 +0800] "POST /xingrg/kc/buy/cgsh_order_operate.html HTTP/1.1" 200 37
183.192.164.214 - - [15/Sep/2020:10:52:33 +0800] "GET /xingrg/login.html HTTP/1.1" 200 7641
116.238.64.253 - - [15/Sep/2020:10:52:33 +0800] "POST /xingrg/kc/buy/cgsh_order_operate.html HTTP/1.1" 200 18019
116.238.64.253 - - [15/Sep/2020:10:52:34 +0800] "GET /xingrg/kc/buy/cgsh_order_add.html HTTP/1.1" 200 59627
117.184.7.30 - - [15/Sep/2020:10:52:35 +0800] "POST /xingrg/kc/buy/cgsh_order_operate.html HTTP/1.1" 200 37
116.238.64.253 - - [15/Sep/2020:10:52:35 +0800] "POST /xingrg/kc/buy/cgsh_order_operate.html HTTP/1.1" 200 8245
116.238.64.253 - - [15/Sep/2020:10:52:35 +0800] "GET /xingrg/javascript/easyui/themes/default/validatebox.css HTTP/1.1" 404 1104
117.185.32.26 - - [15/Sep/2020:10:52:35 +0800] "GET /xingrg/all/function/internal_message.html?_=1600138354882&CODE_STATE=getMsg HTTP/1.1" 200 27
117.184.7.30 - - [15/Sep/2020:10:52:36 +0800] "POST /xingrg/kc/buy/cgsh_order_operate.html HTTP/1.1" 200 3835
116.238.64.253 - - [15/Sep/2020:10:52:36 +0800] "GET /xingrg/check_reg.html?_=1600138563035 HTTP/1.1" 200 22
117.184.7.30 - - [15/Sep/2020:10:52:37 +0800] "GET /xingrg/all/function/internal_message.html?_=1600138354522&CODE_STATE=getMsg HTTP/1.1" 200 27
180.157.253.48 - - [15/Sep/2020:10:52:38 +0800] "GET /xingrg/check_reg.html?_=1600138360863 HTTP/1.1" 200 22
116.238.64.253 - - [15/Sep/2020:10:52:38 +0800] "GET /xingrg/all/function/internal_message.html?_=1600138564972&CODE_STATE=getMsg HTTP/1.1" 200 27
114.82.29.189 - - [15/Sep/2020:10:52:39 +0800] "GET /xingrg/kc/buy/cgsh_order_operate.html?command=get_materiel&rest_code=00105&code=00101009039&supplier_code=00100024&order_time=2020-09-15 HTTP/1.1" 200 410
172.17.0.120 - - [15/Sep/2020:10:52:39 +0800] "GET /xingrg/all/function/internal_message.html?_=1600138357305&CODE_STATE=getMsg HTTP/1.1" 200 27
58.37.9.106 - - [15/Sep/2020:10:52:39 +0800] "GET /xingrg/kc/buy/cgsh_order_add.html HTTP/1.1" 200 59715
58.37.9.106 - - [15/Sep/2020:10:52:40 +0800] "GET /xingrg/javascript/easyui/themes/default/validatebox.css HTTP/1.1" 404 1104
58.37.9.106 - - [15/Sep/2020:10:52:40 +0800] "POST /xingrg/kc/buy/cgsh_order_operate.html HTTP/1.1" 200 8245
180.157.253.48 - - [15/Sep/2020:10:52:40 +0800] "GET /xingrg/all/function/internal_message.html?_=1600138362906&CODE_STATE=getMsg HTTP/1.1" 200 27
58.37.9.106 - - [15/Sep/2020:10:52:40 +0800] "GET /xingrg/check_reg.html?_=1600138342651 HTTP/1.1" 200 22
116.235.241.164 - - [15/Sep/2020:10:52:41 +0800] "GET /xingrg/all/function/internal_message.html?_=1600138363042&CODE_STATE=getMsg HTTP/1.1" 200 27
117.184.7.30 - - [15/Sep/2020:10:52:43 +0800] "GET /xingrg/kc/print/load_data.html?order_code=212020091506313&kc_code=cgsh&condition= HTTP/1.1" 200 1175
116.230.74.197 - - [15/Sep/2020:10:52:47 +0800] "GET /xingrg/all/function/internal_message.html?_=1600138364737&CODE_STATE=getMsg HTTP/1.1" 200 27
117.131.5.26 - - [15/Sep/2020:10:52:47 +0800] "GET /xingrg/all/function/internal_message.html?_=1600138386988&CODE_STATE=getMsg HTTP/1.1" 200 27
172.17.0.240 - - [15/Sep/2020:10:52:52 +0800] "GET /xingrg/check_reg.html?_=1600138369212 HTTP/1.1" 200 22
172.17.0.240 - - [15/Sep/2020:10:52:52 +0800] "GET /xingrg/all/function/internal_message.html?_=1600138369216&CODE_STATE=getMsg HTTP/1.1" 200 27
218.81.217.115 - - [15/Sep/2020:10:52:55 +0800] "GET /xingrg/kc/buy/cgsh_order_operate.html?command=get_materiel&rest_code=00146&code=00101008213&supplier_code=00100005&order_time=2020-09-15 HTTP/1.1" 200 412
222.69.134.17 - - [15/Sep/2020:10:52:57 +0800] "GET /xingrg/all/function/internal_message.html?_=1600138375114&CODE_STATE=getMsg HTTP/1.1" 200 27
116.235.241.164 - - [15/Sep/2020:10:53:00 +0800] "GET /xingrg/all/function/internal_message.html?_=1600138382269&CODE_STATE=getMsg HTTP/1.1" 200 27
58.37.9.106 - - [15/Sep/2020:10:53:02 +0800] "GET /xingrg/kc/buy/cgsh_order_operate.html?command=get_materiel&rest_code=00141&code=00101007081&supplier_code=00100004&order_time=2020-09-15 HTTP/1.1" 200 413
218.81.217.115 - - [15/Sep/2020:10:53:05 +0800] "GET /xingrg/kc/buy/cgsh_order_operate.html?command=get_materiel&rest_code=00146&code=00101008330&supplier_code=00100005&order_time=2020-09-15 HTTP/1.1" 200 408
114.86.226.190 - - [15/Sep/2020:10:53:06 +0800] "GET /xingrg/all/function/internal_message.html?_=1600138473640&CODE_STATE=getMsg HTTP/1.1" 200 27
117.184.7.30 - - [15/Sep/2020:10:53:08 +0800] "GET /xingrg/kc/buy/cgsh_order_add.html HTTP/1.1" 200 59668
117.184.7.30 - - [15/Sep/2020:10:53:08 +0800] "POST /xingrg/kc/buy/cgsh_order_operate.html HTTP/1.1" 200 8245
58.37.9.106 - - [15/Sep/2020:10:53:08 +0800] "GET /xingrg/kc/buy/cgsh_order_operate.html?command=get_materiel&rest_code=00141&code=00101007071&supplier_code=00100004&order_time=2020-09-15 HTTP/1.1" 200 417
117.184.7.30 - - [15/Sep/2020:10:53:08 +0800] "GET /xingrg/javascript/easyui/themes/default/validatebox.css HTTP/1.1" 404 1104
116.238.64.253 - - [15/Sep/2020:10:53:13 +0800] "GET /xingrg/all/function/internal_message.html?_=1600138395729&CODE_STATE=getMsg HTTP/1.1" 200 27
116.238.71.173 - - [15/Sep/2020:10:53:13 +0800] "GET /xingrg/all/function/internal_message.html?_=1600138393007&CODE_STATE=getMsg HTTP/1.1" 200 27
183.192.164.214 - - [15/Sep/2020:10:53:14 +0800] "GET /xingrg/kc/buy/cgsh_order_operate.html?command=get_materiel&rest_code=00106&code=00101010248&supplier_code=00100032&order_time=2020-09-15 HTTP/1.1" 302 -
120.253.135.82 - - [15/Sep/2020:10:53:15 +0800] "GET /xingrg/all/function/internal_message.html?_=1600138143437&CODE_STATE=getMsg HTTP/1.1" 200 27
124.76.236.61 - - [15/Sep/2020:10:53:15 +0800] "GET /xingrg/kc/buy/cgsh_order_operate.html?command=get_materiel&rest_code=00143&code=00101008036&supplier_code=00100161&order_time=2020-09-15 HTTP/1.1" 200 408
116.238.71.173 - - [15/Sep/2020:10:53:15 +0800] "GET /xingrg/all/function/internal_message.html?_=1600138519054&CODE_STATE=getMsg HTTP/1.1" 200 27
218.81.217.115 - - [15/Sep/2020:10:53:15 +0800] "GET /xingrg/kc/buy/cgsh_order_operate.html?command=get_materiel&rest_code=00146&code=00101008154&supplier_code=00100005&order_time=2020-09-15 HTTP/1.1" 200 413
114.88.166.242 - - [15/Sep/2020:10:53:15 +0800] "GET /xingrg/check_reg.html?_=1600138461426 HTTP/1.1" 200 22
114.88.166.242 - - [15/Sep/2020:10:53:15 +0800] "GET /xingrg/all/function/internal_message.html?_=1600138461425&CODE_STATE=getMsg HTTP/1.1" 200 27
218.81.217.115 - - [15/Sep/2020:10:53:16 +0800] "GET /xingrg/all/function/internal_message.html?_=1600138396804&CODE_STATE=getMsg HTTP/1.1" 200 27
172.17.200.101 - - [15/Sep/2020:10:53:17 +0800] "GET /xingrg/all/function/internal_message.html?_=1600138398466&CODE_STATE=getMsg HTTP/1.1" 200 27
172.17.200.101 - - [15/Sep/2020:10:53:17 +0800] "GET /xingrg/check_reg.html?_=1600138398470 HTTP/1.1" 200 22
117.184.7.30 - - [15/Sep/2020:10:53:17 +0800] "GET /xingrg/kc/buy/cgsh_order_operate.html?command=get_materiel&rest_code=00108&code=00101001075&supplier_code=00100044&order_time=2020-09-15 HTTP/1.1" 200 409
183.192.164.214 - - [15/Sep/2020:10:53:20 +0800] "GET /xingrg/login.html HTTP/1.1" 200 7641
218.81.217.115 - - [15/Sep/2020:10:53:21 +0800] "GET /xingrg/check_reg.html?_=1600138402469 HTTP/1.1" 200 22
172.17.0.100 - - [15/Sep/2020:10:53:22 +0800] "GET /xingrg/all/function/internal_message.html?_=1600138401408&CODE_STATE=getMsg HTTP/1.1" 200 27
58.37.9.106 - - [15/Sep/2020:10:53:25 +0800] "GET /xingrg/kc/buy/cgsh_order_operate.html?command=get_materiel&rest_code=00141&code=00101007022&supplier_code=00100004&order_time=2020-09-15 HTTP/1.1" 200 413
117.184.7.30 - - [15/Sep/2020:10:53:26 +0800] "POST /xingrg/kc/buy/cgsh_order_operate.html HTTP/1.1" 200 37
124.76.236.61 - - [15/Sep/2020:10:53:26 +0800] "GET /xingrg/kc/buy/cgsh_order_operate.html?command=get_materiel&rest_code=00143&code=00101008261&supplier_code=00100161&order_time=2020-09-15 HTTP/1.1" 200 408
117.184.7.30 - - [15/Sep/2020:10:53:27 +0800] "POST /xingrg/kc/buy/cgsh_order_operate.html HTTP/1.1" 200 2652
218.81.217.115 - - [15/Sep/2020:10:53:27 +0800] "GET /xingrg/kc/buy/cgsh_order_operate.html?command=get_materiel&rest_code=00146&code=00101008225&supplier_code=00100005&order_time=2020-09-15 HTTP/1.1" 200 416
114.82.29.189 - - [15/Sep/2020:10:53:28 +0800] "GET /xingrg/all/function/internal_message.html?_=1600138408232&CODE_STATE=getMsg HTTP/1.1" 200 27
117.184.7.30 - - [15/Sep/2020:10:53:28 +0800] "GET /xingrg/kc/print/load_data.html?order_code=212020091506314&kc_code=cgsh&condition= HTTP/1.1" 200 687
218.81.217.115 - - [15/Sep/2020:10:53:30 +0800] "POST /xingrg/kc/buy/cgsh_order_operate.html HTTP/1.1" 200 2065
117.185.32.26 - - [15/Sep/2020:10:53:35 +0800] "GET /xingrg/all/function/internal_message.html?_=1600138414852&CODE_STATE=getMsg HTTP/1.1" 200 27
117.185.32.26 - - [15/Sep/2020:10:53:36 +0800] "GET /xingrg/check_reg.html?_=1600138415167 HTTP/1.1" 200 22
58.37.9.106 - - [15/Sep/2020:10:53:37 +0800] "POST /xingrg/kc/buy/cgsh_order_operate.html HTTP/1.1" 200 37
117.184.7.30 - - [15/Sep/2020:10:53:37 +0800] "GET /xingrg/all/function/internal_message.html?_=1600138414497&CODE_STATE=getMsg HTTP/1.1" 200 27
117.185.32.26 - - [15/Sep/2020:10:53:38 +0800] "GET /xingrg/check_reg.html?_=1600138841894 HTTP/1.1" 200 22
116.238.64.253 - - [15/Sep/2020:10:53:38 +0800] "GET /xingrg/all/function/internal_message.html?_=1600138624985&CODE_STATE=getMsg HTTP/1.1" 200 27
124.76.236.61 - - [15/Sep/2020:10:53:38 +0800] "GET /xingrg/kc/buy/cgsh_order_operate.html?command=get_materiel&rest_code=00143&code=00101008268&supplier_code=00100161&order_time=2020-09-15 HTTP/1.1" 200 408
117.184.7.30 - - [15/Sep/2020:10:53:38 +0800] "GET /xingrg/kc/buy/cgsh_order_add.html HTTP/1.1" 200 59668
218.81.217.115 - - [15/Sep/2020:10:53:38 +0800] "GET /xingrg/kc/buy/cgsh_order_operate.html?command=get_materiel&rest_code=00146&code=00101008091&supplier_code=00100005&order_time=2020-09-15 HTTP/1.1" 200 413
117.184.7.30 - - [15/Sep/2020:10:53:38 +0800] "POST /xingrg/kc/buy/cgsh_order_operate.html HTTP/1.1" 200 8245
117.184.7.26 - - [15/Sep/2020:10:53:39 +0800] "GET /xingrg/javascript/easyui/themes/default/validatebox.css HTTP/1.1" 404 1104
172.17.0.120 - - [15/Sep/2020:10:53:39 +0800] "GET /xingrg/all/function/internal_message.html?_=1600138417305&CODE_STATE=getMsg HTTP/1.1" 200 27
58.37.9.106 - - [15/Sep/2020:10:53:39 +0800] "POST /xingrg/kc/buy/cgsh_order_operate.html HTTP/1.1" 200 12
180.157.253.48 - - [15/Sep/2020:10:53:40 +0800] "GET /xingrg/all/function/internal_message.html?_=1600138422920&CODE_STATE=getMsg HTTP/1.1" 200 27
58.37.9.106 - - [15/Sep/2020:10:53:40 +0800] "GET /xingrg/kc/buy/cgsh_order_info.html?code=212020091506315 HTTP/1.1" 200 54618
58.37.9.106 - - [15/Sep/2020:10:53:40 +0800] "GET /xingrg/javascript/easyui/themes/default/validatebox.css HTTP/1.1" 404 1104
58.37.9.106 - - [15/Sep/2020:10:53:40 +0800] "POST /xingrg/kc/buy/cgsh_order_operate.html HTTP/1.1" 200 2981
116.235.241.164 - - [15/Sep/2020:10:53:41 +0800] "GET /xingrg/all/function/internal_message.html?_=1600138423041&CODE_STATE=getMsg HTTP/1.1" 200 27
58.37.9.106 - - [15/Sep/2020:10:53:42 +0800] "GET /xingrg/kc/print/load_data.html?order_code=212020091506315&kc_code=cgsh&condition= HTTP/1.1" 200 1665
114.82.29.189 - - [15/Sep/2020:10:53:45 +0800] "POST /xingrg/kc/buy/cgsh_order_operate.html HTTP/1.1" 200 37
117.184.7.30 - - [15/Sep/2020:10:53:46 +0800] "GET /xingrg/kc/buy/cgsh_order_operate.html?command=get_materiel&rest_code=00108&code=00101002027&supplier_code=00100400&order_time=2020-09-15 HTTP/1.1" 200 433
114.82.29.189 - - [15/Sep/2020:10:53:46 +0800] "POST /xingrg/kc/buy/cgsh_order_operate.html HTTP/1.1" 200 5618
116.230.74.197 - - [15/Sep/2020:10:53:47 +0800] "GET /xingrg/all/function/internal_message.html?_=1600138424725&CODE_STATE=getMsg HTTP/1.1" 200 27
117.131.5.26 - - [15/Sep/2020:10:53:47 +0800] "GET /xingrg/all/function/internal_message.html?_=1600138446961&CODE_STATE=getMsg HTTP/1.1" 200 27
124.76.236.61 - - [15/Sep/2020:10:53:50 +0800] "GET /xingrg/kc/buy/cgsh_order_operate.html?command=get_materiel&rest_code=00143&code=00101008199&supplier_code=00100161&order_time=2020-09-15 HTTP/1.1" 200 408
58.37.9.106 - - [15/Sep/2020:10:53:50 +0800] "GET /xingrg/kc/buy/cgsh_order_add.html HTTP/1.1" 200 59715
58.37.9.106 - - [15/Sep/2020:10:53:50 +0800] "POST /xingrg/kc/buy/cgsh_order_operate.html HTTP/1.1" 200 8245
58.37.9.106 - - [15/Sep/2020:10:53:50 +0800] "GET /xingrg/javascript/easyui/themes/default/validatebox.css HTTP/1.1" 404 1104
117.184.7.30 - - [15/Sep/2020:10:53:51 +0800] "GET /xingrg/kc/buy/cgsh_order_operate.html?command=get_materiel&rest_code=00108&code=00101002022&supplier_code=00100400&order_time=2020-09-15 HTTP/1.1" 200 409
218.81.217.115 - - [15/Sep/2020:10:53:51 +0800] "GET /xingrg/kc/buy/cgsh_order_operate.html?command=get_materiel&rest_code=00146&code=00101008256&supplier_code=00100005&order_time=2020-09-15 HTTP/1.1" 200 413
172.17.0.240 - - [15/Sep/2020:10:53:52 +0800] "GET /xingrg/all/function/internal_message.html?_=1600138429223&CODE_STATE=getMsg HTTP/1.1" 200 27
117.184.7.30 - - [15/Sep/2020:10:53:56 +0800] "POST /xingrg/kc/buy/cgsh_order_operate.html HTTP/1.1" 200 37
116.238.64.253 - - [15/Sep/2020:10:53:56 +0800] "GET /xingrg/kc/buy/cgsh_order_operate.html?command=get_materiel&rest_code=00102&code=00101008100&supplier_code=00100008&order_time=2020-09-15 HTTP/1.1" 200 408
117.184.7.30 - - [15/Sep/2020:10:53:57 +0800] "POST /xingrg/kc/buy/cgsh_order_operate.html HTTP/1.1" 200 3251
222.69.134.17 - - [15/Sep/2020:10:53:57 +0800] "GET /xingrg/all/function/internal_message.html?_=1600138435117&CODE_STATE=getMsg HTTP/1.1" 200 27
58.37.9.106 - - [15/Sep/2020:10:53:58 +0800] "GET /xingrg/kc/buy/cgsh_order_operate.html?command=get_materiel&rest_code=00141&code=00101008323&supplier_code=00100007&order_time=2020-09-15 HTTP/1.1" 200 408
117.184.7.30 - - [15/Sep/2020:10:53:58 +0800] "GET /xingrg/kc/print/load_data.html?order_code=212020091506317&kc_code=cgsh&condition= HTTP/1.1" 200 879
