180.157.253.48 - - [15/Sep/2020:09:08:52 +0800] "GET /xingrg/all/function/internal_message.html?_=1600132133418&CODE_STATE=getMsg HTTP/1.1" 200 27
180.157.253.48 - - [15/Sep/2020:09:08:52 +0800] "GET /xingrg/check_reg.html?_=1600132133434 HTTP/1.1" 200 22
120.253.135.82 - - [15/Sep/2020:09:08:55 +0800] "GET /xingrg/all/function/internal_message.html?_=1600131884130&CODE_STATE=getMsg HTTP/1.1" 200 27
116.238.71.173 - - [15/Sep/2020:09:08:56 +0800] "GET /xingrg/all/function/internal_message.html?_=1600132260013&CODE_STATE=getMsg HTTP/1.1" 200 27
116.230.74.197 - - [15/Sep/2020:09:08:56 +0800] "GET /xingrg/kc/buy/cgsh_order_operate.html?command=get_materiel&rest_code=00107&code=00101005037&supplier_code=00100041&order_time=2020-09-15 HTTP/1.1" 200 409
222.69.134.17 - - [15/Sep/2020:09:08:57 +0800] "GET /xingrg/all/function/internal_message.html?_=1600132134968&CODE_STATE=getMsg HTTP/1.1" 200 27
114.86.226.190 - - [15/Sep/2020:09:08:58 +0800] "GET /xingrg/all/function/internal_message.html?_=1600132173375&CODE_STATE=getMsg HTTP/1.1" 200 27
116.235.241.164 - - [15/Sep/2020:09:09:00 +0800] "GET /xingrg/all/function/internal_message.html?_=1600132142145&CODE_STATE=getMsg HTTP/1.1" 200 27
114.88.166.242 - - [15/Sep/2020:09:09:09 +0800] "GET /xingrg/all/function/internal_message.html?_=1600132214845&CODE_STATE=getMsg HTTP/1.1" 200 27
218.81.217.115 - - [15/Sep/2020:09:09:10 +0800] "GET /xingrg/all/function/internal_message.html?_=1600132151273&CODE_STATE=getMsg HTTP/1.1" 200 27
116.230.74.197 - - [15/Sep/2020:09:09:14 +0800] "GET /xingrg/kc/buy/cgsh_order_operate.html?command=get_materiel&rest_code=00107&code=00101004040&supplier_code=00100041&order_time=2020-09-15 HTTP/1.1" 200 413
172.17.0.100 - - [15/Sep/2020:09:09:23 +0800] "GET /xingrg/all/function/internal_message.html?_=1600132161824&CODE_STATE=getMsg HTTP/1.1" 200 27
116.230.74.197 - - [15/Sep/2020:09:09:24 +0800] "POST /xingrg/kc/buy/cgsh_order_operate.html HTTP/1.1" 200 37
116.230.74.197 - - [15/Sep/2020:09:09:25 +0800] "POST /xingrg/kc/buy/cgsh_order_operate.html HTTP/1.1" 200 4439
172.17.200.101 - - [15/Sep/2020:09:09:26 +0800] "GET /xingrg/all/function/internal_message.html?_=1600132167361&CODE_STATE=getMsg HTTP/1.1" 200 27
116.230.74.197 - - [15/Sep/2020:09:09:26 +0800] "GET /xingrg/kc/print/load_data.html?order_code=212020091506255&kc_code=cgsh&condition= HTTP/1.1" 200 1368
114.82.29.189 - - [15/Sep/2020:09:09:30 +0800] "GET /xingrg/all/function/internal_message.html?_=1600132170573&CODE_STATE=getMsg HTTP/1.1" 200 27
180.157.253.48 - - [15/Sep/2020:09:09:34 +0800] "GET /xingrg/all/function/internal_message.html?_=1600132177388&CODE_STATE=getMsg HTTP/1.1" 200 27
116.238.71.173 - - [15/Sep/2020:09:09:37 +0800] "GET /xingrg/all/function/internal_message.html?_=1600132176619&CODE_STATE=getMsg HTTP/1.1" 200 27
116.235.241.164 - - [15/Sep/2020:09:09:41 +0800] "GET /xingrg/all/function/internal_message.html?_=1600132182913&CODE_STATE=getMsg HTTP/1.1" 200 27
172.17.0.123 - - [15/Sep/2020:09:09:41 +0800] "GET /xingrg/all/function/internal_message.html?_=1600132183513&CODE_STATE=getMsg HTTP/1.1" 200 27
116.238.71.173 - - [15/Sep/2020:09:09:44 +0800] "GET /xingrg/kc/buy/cgsh_order_add.html HTTP/1.1" 200 59351
116.238.71.173 - - [15/Sep/2020:09:09:44 +0800] "POST /xingrg/kc/buy/cgsh_order_operate.html HTTP/1.1" 200 8245
116.238.71.173 - - [15/Sep/2020:09:09:44 +0800] "GET /xingrg/javascript/easyui/themes/default/validatebox.css HTTP/1.1" 404 1104
116.230.74.197 - - [15/Sep/2020:09:09:49 +0800] "GET /xingrg/all/function/internal_message.html?_=1600132186662&CODE_STATE=getMsg HTTP/1.1" 200 27
117.131.5.26 - - [15/Sep/2020:09:09:50 +0800] "GET /xingrg/all/function/internal_message.html?_=1600132209585&CODE_STATE=getMsg HTTP/1.1" 200 27
116.238.71.173 - - [15/Sep/2020:09:09:52 +0800] "GET /xingrg/kc/buy/cgsh_order_operate.html?command=get_materiel&rest_code=00151&code=00101011005&supplier_code=00100047&order_time=2020-09-15 HTTP/1.1" 200 428
180.157.253.48 - - [15/Sep/2020:09:09:52 +0800] "GET /xingrg/all/function/internal_message.html?_=1600132193406&CODE_STATE=getMsg HTTP/1.1" 200 27
120.253.135.82 - - [15/Sep/2020:09:09:55 +0800] "GET /xingrg/all/function/internal_message.html?_=1600131944140&CODE_STATE=getMsg HTTP/1.1" 200 27
116.238.71.173 - - [15/Sep/2020:09:09:55 +0800] "GET /xingrg/check_reg.html?_=1600132319124 HTTP/1.1" 200 22
116.238.71.173 - - [15/Sep/2020:09:09:56 +0800] "GET /xingrg/all/function/internal_message.html?_=1600132320027&CODE_STATE=getMsg HTTP/1.1" 200 27
114.86.226.190 - - [15/Sep/2020:09:09:57 +0800] "GET /xingrg/all/function/internal_message.html?_=1600132233375&CODE_STATE=getMsg HTTP/1.1" 200 27
222.69.134.17 - - [15/Sep/2020:09:09:57 +0800] "GET /xingrg/all/function/internal_message.html?_=1600132194962&CODE_STATE=getMsg HTTP/1.1" 200 27
222.69.134.17 - - [15/Sep/2020:09:09:57 +0800] "GET /xingrg/check_reg.html?_=1600132194976 HTTP/1.1" 200 22
116.235.241.164 - - [15/Sep/2020:09:10:00 +0800] "GET /xingrg/all/function/internal_message.html?_=1600132202144&CODE_STATE=getMsg HTTP/1.1" 200 27
116.238.71.173 - - [15/Sep/2020:09:10:01 +0800] "GET /xingrg/kc/buy/cgsh_order_operate.html?command=get_materiel&rest_code=00151&code=00101011001&supplier_code=00100047&order_time=2020-09-15 HTTP/1.1" 200 423
114.88.166.242 - - [15/Sep/2020:09:10:09 +0800] "GET /xingrg/all/function/internal_message.html?_=1600132274839&CODE_STATE=getMsg HTTP/1.1" 200 27
116.238.71.173 - - [15/Sep/2020:09:10:09 +0800] "GET /xingrg/kc/buy/cgsh_order_operate.html?command=get_materiel&rest_code=00151&code=00101011007&supplier_code=00100047&order_time=2020-09-15 HTTP/1.1" 200 414
218.81.217.115 - - [15/Sep/2020:09:10:10 +0800] "GET /xingrg/all/function/internal_message.html?_=1600132211286&CODE_STATE=getMsg HTTP/1.1" 200 27
116.238.71.173 - - [15/Sep/2020:09:10:16 +0800] "POST /xingrg/kc/buy/cgsh_order_operate.html HTTP/1.1" 200 37
116.238.71.173 - - [15/Sep/2020:09:10:17 +0800] "POST /xingrg/kc/buy/cgsh_order_operate.html HTTP/1.1" 200 3865
116.238.71.173 - - [15/Sep/2020:09:10:18 +0800] "GET /xingrg/kc/buy/cgsh_order_add.html HTTP/1.1" 200 59351
116.238.71.173 - - [15/Sep/2020:09:10:18 +0800] "GET /xingrg/javascript/easyui/themes/default/validatebox.css HTTP/1.1" 404 1104
116.238.71.173 - - [15/Sep/2020:09:10:18 +0800] "POST /xingrg/kc/buy/cgsh_order_operate.html HTTP/1.1" 200 8245
172.17.0.100 - - [15/Sep/2020:09:10:23 +0800] "GET /xingrg/all/function/internal_message.html?_=1600132221806&CODE_STATE=getMsg HTTP/1.1" 200 27
114.82.29.189 - - [15/Sep/2020:09:10:24 +0800] "GET /xingrg/check_reg.html?_=1600132224425 HTTP/1.1" 200 22
172.17.200.101 - - [15/Sep/2020:09:10:26 +0800] "GET /xingrg/check_reg.html?_=1600132227363 HTTP/1.1" 200 22
172.17.200.101 - - [15/Sep/2020:09:10:26 +0800] "GET /xingrg/all/function/internal_message.html?_=1600132227368&CODE_STATE=getMsg HTTP/1.1" 200 27
116.238.71.173 - - [15/Sep/2020:09:10:27 +0800] "GET /xingrg/kc/buy/cgsh_order_operate.html?command=get_materiel&rest_code=00151&code=00101010136&supplier_code=00100151&order_time=2020-09-15 HTTP/1.1" 200 408
114.82.29.189 - - [15/Sep/2020:09:10:30 +0800] "GET /xingrg/all/function/internal_message.html?_=1600132230551&CODE_STATE=getMsg HTTP/1.1" 200 27
180.157.253.48 - - [15/Sep/2020:09:10:34 +0800] "GET /xingrg/all/function/internal_message.html?_=1600132237573&CODE_STATE=getMsg HTTP/1.1" 200 27
116.238.71.173 - - [15/Sep/2020:09:10:35 +0800] "POST /xingrg/kc/buy/cgsh_order_operate.html HTTP/1.1" 200 37
116.238.71.173 - - [15/Sep/2020:09:10:37 +0800] "GET /xingrg/all/function/internal_message.html?_=1600132236641&CODE_STATE=getMsg HTTP/1.1" 200 27
116.238.71.173 - - [15/Sep/2020:09:10:38 +0800] "POST /xingrg/kc/buy/cgsh_order_operate.html HTTP/1.1" 200 12
116.238.71.173 - - [15/Sep/2020:09:10:38 +0800] "GET /xingrg/kc/buy/cgsh_order_info.html?code=212020091506257 HTTP/1.1" 200 54244
116.238.71.173 - - [15/Sep/2020:09:10:39 +0800] "GET /xingrg/javascript/easyui/themes/default/validatebox.css HTTP/1.1" 404 1104
116.238.71.173 - - [15/Sep/2020:09:10:39 +0800] "POST /xingrg/kc/buy/cgsh_order_operate.html HTTP/1.1" 200 605
116.238.71.173 - - [15/Sep/2020:09:10:40 +0800] "GET /xingrg/kc/print/load_config.html?kc_code=cgsh HTTP/1.1" 200 1845
116.238.71.173 - - [15/Sep/2020:09:10:40 +0800] "GET /xingrg/kc/print/load_data.html?order_code=212020091506257&kc_code=cgsh&condition= HTTP/1.1" 200 672
116.235.241.164 - - [15/Sep/2020:09:10:41 +0800] "GET /xingrg/all/function/internal_message.html?_=1600132242915&CODE_STATE=getMsg HTTP/1.1" 200 27
172.17.0.123 - - [15/Sep/2020:09:10:41 +0800] "GET /xingrg/all/function/internal_message.html?_=1600132243515&CODE_STATE=getMsg HTTP/1.1" 200 27
172.17.0.123 - - [15/Sep/2020:09:10:41 +0800] "GET /xingrg/check_reg.html?_=1600132243517 HTTP/1.1" 200 22
116.230.74.197 - - [15/Sep/2020:09:10:49 +0800] "GET /xingrg/all/function/internal_message.html?_=1600132246646&CODE_STATE=getMsg HTTP/1.1" 200 27
116.230.74.197 - - [15/Sep/2020:09:10:49 +0800] "GET /xingrg/check_reg.html?_=1600132246743 HTTP/1.1" 200 22
117.131.5.26 - - [15/Sep/2020:09:10:50 +0800] "GET /xingrg/all/function/internal_message.html?_=1600132269558&CODE_STATE=getMsg HTTP/1.1" 200 27
117.131.5.26 - - [15/Sep/2020:09:10:50 +0800] "GET /xingrg/check_reg.html?_=1600132269883 HTTP/1.1" 200 22
180.157.253.48 - - [15/Sep/2020:09:10:52 +0800] "GET /xingrg/all/function/internal_message.html?_=1600132253425&CODE_STATE=getMsg HTTP/1.1" 200 27
120.253.135.82 - - [15/Sep/2020:09:10:55 +0800] "GET /xingrg/check_reg.html?_=1600132004036 HTTP/1.1" 200 22
120.253.135.82 - - [15/Sep/2020:09:10:55 +0800] "GET /xingrg/all/function/internal_message.html?_=1600132004153&CODE_STATE=getMsg HTTP/1.1" 200 27
116.238.71.173 - - [15/Sep/2020:09:10:56 +0800] "POST /xingrg/all/user/operate.html HTTP/1.1" 200 36
116.238.71.173 - - [15/Sep/2020:09:10:56 +0800] "GET /xingrg/index.html?sysBaseUrl=http%3A%2F%2F180.169.147.146%3A18081%2Fxingrg%2F&costTime=41×tamp=1600050296913 HTTP/1.1" 200 17179
116.238.71.173 - - [15/Sep/2020:09:10:56 +0800] "GET /xingrg/javascript/jquery_easy_ui/themes/default/easyui.css HTTP/1.1" 304 -
116.238.71.173 - - [15/Sep/2020:09:10:56 +0800] "GET /xingrg/javascript/jquery_easy_ui/themes/icon.css HTTP/1.1" 304 -
116.238.71.173 - - [15/Sep/2020:09:10:56 +0800] "GET /xingrg/css/form.css HTTP/1.1" 304 -
116.238.71.173 - - [15/Sep/2020:09:10:56 +0800] "GET /xingrg/javascript/jquery-1.4.2.min.js HTTP/1.1" 304 -
116.238.71.173 - - [15/Sep/2020:09:10:56 +0800] "GET /xingrg/javascript/jquery_easy_ui/jquery.easyui.min.js HTTP/1.1" 304 -
116.238.71.173 - - [15/Sep/2020:09:10:56 +0800] "GET /xingrg/javascript/jquery_easy_ui/easyui-lang-zh_CN.js HTTP/1.1" 304 -
116.238.71.173 - - [15/Sep/2020:09:10:56 +0800] "GET /xingrg/javascript/jquery.form.js HTTP/1.1" 304 -
116.238.71.173 - - [15/Sep/2020:09:10:56 +0800] "GET /xingrg/all/function/internal_message.html?_=1600132380040&CODE_STATE=getMsg HTTP/1.1" 200 27
116.238.71.173 - - [15/Sep/2020:09:10:56 +0800] "GET /xingrg/javascript/jquery.utils.js HTTP/1.1" 304 -
116.238.71.173 - - [15/Sep/2020:09:10:56 +0800] "GET /xingrg/javascript/jquery.timers.js HTTP/1.1" 304 -
116.238.71.173 - - [15/Sep/2020:09:10:56 +0800] "GET /xingrg/images/blue/jxLogo.png HTTP/1.1" 304 -
116.238.71.173 - - [15/Sep/2020:09:10:56 +0800] "GET /xingrg/images/blue/navBackgound.jpg HTTP/1.1" 304 -
116.238.71.173 - - [15/Sep/2020:09:10:56 +0800] "GET /xingrg/javascript/jquery_easy_ui/themes/icons/settle_new.png HTTP/1.1" 304 -
116.238.71.173 - - [15/Sep/2020:09:10:56 +0800] "POST /xingrg/all/common/load_tree.html?tree=area_rest_tree_json&manage=1 HTTP/1.1" 200 476
116.238.71.173 - - [15/Sep/2020:09:10:56 +0800] "GET /xingrg/all/function/internal_message.html?_=1600132256401&CODE_STATE=count HTTP/1.1" 200 11
116.238.71.173 - - [15/Sep/2020:09:10:56 +0800] "GET /xingrg/check_reg.html?_=1600132256402 HTTP/1.1" 200 22
116.238.71.173 - - [15/Sep/2020:09:10:56 +0800] "GET /xingrg/images/blue/pingpu.png HTTP/1.1" 304 -
116.238.71.173 - - [15/Sep/2020:09:10:56 +0800] "GET /xingrg/javascript/jquery_easy_ui/themes/default/images/tabs_leftarrow.png HTTP/1.1" 304 -
116.238.71.173 - - [15/Sep/2020:09:10:56 +0800] "GET /xingrg/javascript/jquery_easy_ui/themes/default/images/tabs_rightarrow.png HTTP/1.1" 304 -
116.238.71.173 - - [15/Sep/2020:09:10:56 +0800] "GET /xingrg/javascript/jquery_easy_ui/themes/default/images/panel_tool_collapse.gif HTTP/1.1" 304 -
116.238.71.173 - - [15/Sep/2020:09:10:56 +0800] "POST /xingrg/load_menu.html HTTP/1.1" 200 5138
114.86.226.190 - - [15/Sep/2020:09:10:57 +0800] "GET /xingrg/all/function/internal_message.html?_=1600132293375&CODE_STATE=getMsg HTTP/1.1" 200 27
222.69.134.17 - - [15/Sep/2020:09:10:57 +0800] "GET /xingrg/all/function/internal_message.html?_=1600132254967&CODE_STATE=getMsg HTTP/1.1" 200 27
116.238.71.173 - - [15/Sep/2020:09:10:59 +0800] "GET /xingrg/kc/buy/cgsh_order_list.html HTTP/1.1" 200 43977
116.235.241.164 - - [15/Sep/2020:09:11:00 +0800] "GET /xingrg/all/function/internal_message.html?_=1600132262161&CODE_STATE=getMsg HTTP/1.1" 200 27
116.238.71.173 - - [15/Sep/2020:09:11:00 +0800] "POST /xingrg/kc/buy/cgsh_list_operate.html HTTP/1.1" 200 2069
116.238.71.173 - - [15/Sep/2020:09:11:02 +0800] "POST /xingrg/kc/buy/cgsh_list_operate.html HTTP/1.1" 200 562
116.238.71.173 - - [15/Sep/2020:09:11:02 +0800] "GET /xingrg/kc/buy/cgsh_order_info.html?code=212020091506237 HTTP/1.1" 200 59654
116.238.71.173 - - [15/Sep/2020:09:11:03 +0800] "GET /xingrg/javascript/easyui/themes/default/validatebox.css HTTP/1.1" 404 1104
116.238.71.173 - - [15/Sep/2020:09:11:03 +0800] "POST /xingrg/kc/buy/cgsh_order_operate.html HTTP/1.1" 200 34591
114.88.166.242 - - [15/Sep/2020:09:11:09 +0800] "GET /xingrg/all/function/internal_message.html?_=1600132334867&CODE_STATE=getMsg HTTP/1.1" 200 27
218.81.217.115 - - [15/Sep/2020:09:11:10 +0800] "GET /xingrg/all/function/internal_message.html?_=1600132271415&CODE_STATE=getMsg HTTP/1.1" 200 27
172.17.0.100 - - [15/Sep/2020:09:11:22 +0800] "GET /xingrg/check_reg.html?_=1600132280978 HTTP/1.1" 200 22
172.17.0.100 - - [15/Sep/2020:09:11:23 +0800] "GET /xingrg/all/function/internal_message.html?_=1600132281775&CODE_STATE=getMsg HTTP/1.1" 200 27
172.17.200.101 - - [15/Sep/2020:09:11:26 +0800] "GET /xingrg/all/function/internal_message.html?_=1600132287359&CODE_STATE=getMsg HTTP/1.1" 200 27
101.89.239.232 - - [15/Sep/2020:09:11:28 +0800] "GET /xingrg/check_reg.html?_=1600131443007 HTTP/1.1" 302 -
114.82.29.189 - - [15/Sep/2020:09:11:30 +0800] "GET /xingrg/all/function/internal_message.html?_=1600132290529&CODE_STATE=getMsg HTTP/1.1" 200 27
101.89.239.232 - - [15/Sep/2020:09:11:32 +0800] "GET /xingrg/login.html HTTP/1.1" 200 7641
114.88.166.242 - - [15/Sep/2020:09:11:32 +0800] "GET /xingrg/javascript/jquery_easy_ui/themes/icons/rest.png HTTP/1.1" 200 695
114.88.166.242 - - [15/Sep/2020:09:11:32 +0800] "GET /xingrg/javascript/jquery_easy_ui/themes/icons/area.png HTTP/1.1" 200 262
116.238.71.173 - - [15/Sep/2020:09:11:33 +0800] "POST /xingrg/kc/buy/cgsh_order_operate.html HTTP/1.1" 200 37
116.238.71.173 - - [15/Sep/2020:09:11:34 +0800] "POST /xingrg/kc/buy/cgsh_order_operate.html HTTP/1.1" 200 27815
180.157.253.48 - - [15/Sep/2020:09:11:34 +0800] "GET /xingrg/all/function/internal_message.html?_=1600132297588&CODE_STATE=getMsg HTTP/1.1" 200 27
116.235.241.164 - - [15/Sep/2020:09:11:41 +0800] "GET /xingrg/all/function/internal_message.html?_=1600132302930&CODE_STATE=getMsg HTTP/1.1" 200 27
116.235.241.164 - - [15/Sep/2020:09:11:41 +0800] "GET /xingrg/check_reg.html?_=1600132302932 HTTP/1.1" 200 22
172.17.0.123 - - [15/Sep/2020:09:11:41 +0800] "GET /xingrg/all/function/internal_message.html?_=1600132303521&CODE_STATE=getMsg HTTP/1.1" 200 27
116.230.74.197 - - [15/Sep/2020:09:11:49 +0800] "GET /xingrg/all/function/internal_message.html?_=1600132306628&CODE_STATE=getMsg HTTP/1.1" 200 27
117.131.5.26 - - [15/Sep/2020:09:11:50 +0800] "GET /xingrg/all/function/internal_message.html?_=1600132329528&CODE_STATE=getMsg HTTP/1.1" 200 27
180.157.253.48 - - [15/Sep/2020:09:11:52 +0800] "GET /xingrg/all/function/internal_message.html?_=1600132313421&CODE_STATE=getMsg HTTP/1.1" 200 27
120.253.135.82 - - [15/Sep/2020:09:11:55 +0800] "GET /xingrg/all/function/internal_message.html?_=1600132064166&CODE_STATE=getMsg HTTP/1.1" 200 27
172.17.0.253 - - [15/Sep/2020:09:11:56 +0800] "GET /favicon.ico HTTP/1.1" 404 -
114.86.226.190 - - [15/Sep/2020:09:11:56 +0800] "GET /xingrg/all/function/internal_message.html?_=1600132353375&CODE_STATE=getMsg HTTP/1.1" 200 27
116.238.71.173 - - [15/Sep/2020:09:11:56 +0800] "GET /xingrg/all/function/internal_message.html?_=1600132440053&CODE_STATE=getMsg HTTP/1.1" 200 27
116.238.71.173 - - [15/Sep/2020:09:11:56 +0800] "GET /xingrg/all/function/internal_message.html?_=1600132316450&CODE_STATE=getMsg HTTP/1.1" 200 27
222.69.134.17 - - [15/Sep/2020:09:11:57 +0800] "GET /xingrg/all/function/internal_message.html?_=1600132315056&CODE_STATE=getMsg HTTP/1.1" 200 27
116.235.241.164 - - [15/Sep/2020:09:12:00 +0800] "GET /xingrg/all/function/internal_message.html?_=1600132322160&CODE_STATE=getMsg HTTP/1.1" 200 27
116.235.241.164 - - [15/Sep/2020:09:12:00 +0800] "GET /xingrg/check_reg.html?_=1600132322164 HTTP/1.1" 200 22
114.88.166.242 - - [15/Sep/2020:09:12:09 +0800] "GET /xingrg/all/function/internal_message.html?_=1600132394842&CODE_STATE=getMsg HTTP/1.1" 200 27
218.81.217.115 - - [15/Sep/2020:09:12:10 +0800] "GET /xingrg/all/function/internal_message.html?_=1600132331423&CODE_STATE=getMsg HTTP/1.1" 200 27
114.88.166.242 - - [15/Sep/2020:09:12:14 +0800] "GET /xingrg/check_reg.html?_=1600132331383 HTTP/1.1" 200 22
172.17.0.100 - - [15/Sep/2020:09:12:23 +0800] "GET /xingrg/all/function/internal_message.html?_=1600132341755&CODE_STATE=getMsg HTTP/1.1" 200 27
172.17.200.101 - - [15/Sep/2020:09:12:26 +0800] "GET /xingrg/all/function/internal_message.html?_=1600132347359&CODE_STATE=getMsg HTTP/1.1" 200 27
114.82.29.189 - - [15/Sep/2020:09:12:30 +0800] "GET /xingrg/all/function/internal_message.html?_=1600132350506&CODE_STATE=getMsg HTTP/1.1" 200 27
180.157.253.48 - - [15/Sep/2020:09:12:34 +0800] "GET /xingrg/check_reg.html?_=1600132357339 HTTP/1.1" 200 22
180.157.253.48 - - [15/Sep/2020:09:12:34 +0800] "GET /xingrg/all/function/internal_message.html?_=1600132357601&CODE_STATE=getMsg HTTP/1.1" 200 27
58.37.9.106 - - [15/Sep/2020:09:12:41 +0800] "GET /xingrg/check_reg.html?_=1600132342959 HTTP/1.1" 200 22
116.235.241.164 - - [15/Sep/2020:09:12:41 +0800] "GET /xingrg/all/function/internal_message.html?_=1600132362919&CODE_STATE=getMsg HTTP/1.1" 200 27
172.17.0.123 - - [15/Sep/2020:09:12:41 +0800] "GET /xingrg/all/function/internal_message.html?_=1600132363507&CODE_STATE=getMsg HTTP/1.1" 200 27
116.230.74.197 - - [15/Sep/2020:09:12:49 +0800] "GET /xingrg/all/function/internal_message.html?_=1600132366601&CODE_STATE=getMsg HTTP/1.1" 200 27
117.131.5.26 - - [15/Sep/2020:09:12:50 +0800] "GET /xingrg/all/function/internal_message.html?_=1600132389507&CODE_STATE=getMsg HTTP/1.1" 200 27
180.157.253.48 - - [15/Sep/2020:09:12:52 +0800] "GET /xingrg/all/function/internal_message.html?_=1600132373442&CODE_STATE=getMsg HTTP/1.1" 200 27
114.86.226.190 - - [15/Sep/2020:09:12:55 +0800] "GET /xingrg/check_reg.html?_=1600132413296 HTTP/1.1" 200 22
114.86.226.190 - - [15/Sep/2020:09:12:55 +0800] "GET /xingrg/all/function/internal_message.html?_=1600132413375&CODE_STATE=getMsg HTTP/1.1" 200 27
120.253.135.82 - - [15/Sep/2020:09:12:55 +0800] "GET /xingrg/all/function/internal_message.html?_=1600132124181&CODE_STATE=getMsg HTTP/1.1" 200 27
116.238.71.173 - - [15/Sep/2020:09:12:56 +0800] "GET /xingrg/all/function/internal_message.html?_=1600132500068&CODE_STATE=getMsg HTTP/1.1" 200 27
116.238.71.173 - - [15/Sep/2020:09:12:56 +0800] "GET /xingrg/all/function/internal_message.html?_=1600132376497&CODE_STATE=getMsg HTTP/1.1" 200 27
222.69.134.17 - - [15/Sep/2020:09:12:57 +0800] "GET /xingrg/all/function/internal_message.html?_=1600132375037&CODE_STATE=getMsg HTTP/1.1" 200 27
116.235.241.164 - - [15/Sep/2020:09:13:00 +0800] "GET /xingrg/all/function/internal_message.html?_=1600132382149&CODE_STATE=getMsg HTTP/1.1" 200 27
114.88.166.242 - - [15/Sep/2020:09:13:09 +0800] "GET /xingrg/check_reg.html?_=1600132454840 HTTP/1.1" 200 22
114.88.166.242 - - [15/Sep/2020:09:13:09 +0800] "GET /xingrg/all/function/internal_message.html?_=1600132454841&CODE_STATE=getMsg HTTP/1.1" 200 27
218.81.217.115 - - [15/Sep/2020:09:13:11 +0800] "GET /xingrg/all/function/internal_message.html?_=1600132391553&CODE_STATE=getMsg HTTP/1.1" 200 27
222.69.134.17 - - [15/Sep/2020:09:13:21 +0800] "GET /xingrg/kc/buy/cgsh_order_operate.html?command=get_materiel&rest_code=00149&code=00101008357&supplier_code=00100005&order_time=2020-09-15 HTTP/1.1" 200 408
218.81.217.115 - - [15/Sep/2020:09:13:21 +0800] "GET /xingrg/check_reg.html?_=1600132402360 HTTP/1.1" 200 22
172.17.0.100 - - [15/Sep/2020:09:13:23 +0800] "GET /xingrg/all/function/internal_message.html?_=1600132401727&CODE_STATE=getMsg HTTP/1.1" 200 27
172.17.200.101 - - [15/Sep/2020:09:13:26 +0800] "GET /xingrg/all/function/internal_message.html?_=1600132407361&CODE_STATE=getMsg HTTP/1.1" 200 27
114.82.29.189 - - [15/Sep/2020:09:13:30 +0800] "GET /xingrg/all/function/internal_message.html?_=1600132410480&CODE_STATE=getMsg HTTP/1.1" 200 27
180.157.253.48 - - [15/Sep/2020:09:13:34 +0800] "GET /xingrg/all/function/internal_message.html?_=1600132417615&CODE_STATE=getMsg HTTP/1.1" 200 27
117.185.32.26 - - [15/Sep/2020:09:13:38 +0800] "GET /xingrg/check_reg.html?_=1600132841897 HTTP/1.1" 200 22
116.235.241.164 - - [15/Sep/2020:09:13:41 +0800] "GET /xingrg/all/function/internal_message.html?_=1600132422922&CODE_STATE=getMsg HTTP/1.1" 200 27
172.17.0.123 - - [15/Sep/2020:09:13:41 +0800] "GET /xingrg/all/function/internal_message.html?_=1600132423509&CODE_STATE=getMsg HTTP/1.1" 200 27
116.230.74.197 - - [15/Sep/2020:09:13:49 +0800] "GET /xingrg/all/function/internal_message.html?_=1600132426585&CODE_STATE=getMsg HTTP/1.1" 200 27
117.131.5.26 - - [15/Sep/2020:09:13:50 +0800] "GET /xingrg/all/function/internal_message.html?_=1600132449476&CODE_STATE=getMsg HTTP/1.1" 200 27
222.69.134.17 - - [15/Sep/2020:09:13:51 +0800] "POST /xingrg/services/DataTransmitService HTTP/1.1" 200 524
222.69.134.17 - - [15/Sep/2020:09:13:51 +0800] "POST /xingrg/services/DataTransmitService HTTP/1.1" 200 1755
222.69.134.17 - - [15/Sep/2020:09:13:51 +0800] "POST /xingrg/services/DataTransmitService HTTP/1.1" 200 144192
180.157.253.48 - - [15/Sep/2020:09:13:52 +0800] "GET /xingrg/all/function/internal_message.html?_=1600132433438&CODE_STATE=getMsg HTTP/1.1" 200 27
180.157.253.48 - - [15/Sep/2020:09:13:52 +0800] "GET /xingrg/check_reg.html?_=1600132433466 HTTP/1.1" 200 22
114.86.226.190 - - [15/Sep/2020:09:13:54 +0800] "GET /xingrg/all/function/internal_message.html?_=1600132473375&CODE_STATE=getMsg HTTP/1.1" 200 27
120.253.135.82 - - [15/Sep/2020:09:13:55 +0800] "GET /xingrg/all/function/internal_message.html?_=1600132184198&CODE_STATE=getMsg HTTP/1.1" 200 27
116.238.71.173 - - [15/Sep/2020:09:13:56 +0800] "GET /xingrg/all/function/internal_message.html?_=1600132560185&CODE_STATE=getMsg HTTP/1.1" 200 27
116.238.71.173 - - [15/Sep/2020:09:13:57 +0800] "GET /xingrg/all/function/internal_message.html?_=1600132436541&CODE_STATE=getMsg HTTP/1.1" 200 27
222.69.134.17 - - [15/Sep/2020:09:13:57 +0800] "GET /xingrg/all/function/internal_message.html?_=1600132435040&CODE_STATE=getMsg HTTP/1.1" 200 27
222.69.134.17 - - [15/Sep/2020:09:13:58 +0800] "GET /xingrg/kc/buy/cgsh_order_operate.html?command=get_materiel&rest_code=00149&code=00101008036&supplier_code=00100005&order_time=2020-09-15 HTTP/1.1" 200 408
116.235.241.164 - - [15/Sep/2020:09:14:00 +0800] "GET /xingrg/all/function/internal_message.html?_=1600132442147&CODE_STATE=getMsg HTTP/1.1" 200 27
116.238.71.173 - - [15/Sep/2020:09:14:04 +0800] "POST /xingrg/kc/buy/cgsh_order_operate.html HTTP/1.1" 200 37
116.238.71.173 - - [15/Sep/2020:09:14:05 +0800] "POST /xingrg/kc/buy/cgsh_order_operate.html HTTP/1.1" 200 34594
222.69.134.17 - - [15/Sep/2020:09:14:06 +0800] "POST /xingrg/kc/buy/cgsh_order_operate.html HTTP/1.1" 200 2065
114.88.166.242 - - [15/Sep/2020:09:14:09 +0800] "GET /xingrg/all/function/internal_message.html?_=1600132514840&CODE_STATE=getMsg HTTP/1.1" 200 27
218.81.217.115 - - [15/Sep/2020:09:14:11 +0800] "GET /xingrg/all/function/internal_message.html?_=1600132451560&CODE_STATE=getMsg HTTP/1.1" 200 27
222.69.134.17 - - [15/Sep/2020:09:14:16 +0800] "GET /xingrg/kc/buy/cgsh_order_operate.html?command=get_materiel&rest_code=00149&code=00101008131&supplier_code=00100005&order_time=2020-09-15 HTTP/1.1" 200 408
172.17.0.100 - - [15/Sep/2020:09:14:23 +0800] "GET /xingrg/all/function/internal_message.html?_=1600132461698&CODE_STATE=getMsg HTTP/1.1" 200 27
172.17.200.101 - - [15/Sep/2020:09:14:26 +0800] "GET /xingrg/all/function/internal_message.html?_=1600132467377&CODE_STATE=getMsg HTTP/1.1" 200 27
114.82.29.189 - - [15/Sep/2020:09:14:30 +0800] "GET /xingrg/all/function/internal_message.html?_=1600132470460&CODE_STATE=getMsg HTTP/1.1" 200 27
180.157.253.48 - - [15/Sep/2020:09:14:34 +0800] "GET /xingrg/all/function/internal_message.html?_=1600132477629&CODE_STATE=getMsg HTTP/1.1" 200 27
222.69.134.17 - - [15/Sep/2020:09:14:38 +0800] "POST /xingrg/kc/buy/cgsh_order_operate.html HTTP/1.1" 200 37
222.69.134.17 - - [15/Sep/2020:09:14:39 +0800] "POST /xingrg/kc/buy/cgsh_order_operate.html HTTP/1.1" 200 22753
116.235.241.164 - - [15/Sep/2020:09:14:41 +0800] "GET /xingrg/all/function/internal_message.html?_=1600132482923&CODE_STATE=getMsg HTTP/1.1" 200 27
172.17.0.123 - - [15/Sep/2020:09:14:41 +0800] "GET /xingrg/all/function/internal_message.html?_=1600132483513&CODE_STATE=getMsg HTTP/1.1" 200 27
114.82.29.189 - - [15/Sep/2020:09:14:43 +0800] "GET /xingrg/kc/buy/cgsh_order_list.html HTTP/1.1" 200 43971
114.82.29.189 - - [15/Sep/2020:09:14:45 +0800] "POST /xingrg/kc/buy/cgsh_list_operate.html HTTP/1.1" 200 3129
114.82.29.189 - - [15/Sep/2020:09:14:48 +0800] "POST /xingrg/kc/buy/cgsh_list_operate.html HTTP/1.1" 200 273
114.82.29.189 - - [15/Sep/2020:09:14:48 +0800] "GET /xingrg/kc/buy/cgsh_order_info.html?code=212020091506240 HTTP/1.1" 200 59720
114.82.29.189 - - [15/Sep/2020:09:14:49 +0800] "GET /xingrg/javascript/easyui/themes/default/validatebox.css HTTP/1.1" 404 1104
114.82.29.189 - - [15/Sep/2020:09:14:49 +0800] "POST /xingrg/kc/buy/cgsh_order_operate.html HTTP/1.1" 200 3250
116.230.74.197 - - [15/Sep/2020:09:14:49 +0800] "GET /xingrg/all/function/internal_message.html?_=1600132486571&CODE_STATE=getMsg HTTP/1.1" 200 27
117.131.5.26 - - [15/Sep/2020:09:14:50 +0800] "GET /xingrg/all/function/internal_message.html?_=1600132509445&CODE_STATE=getMsg HTTP/1.1" 200 27
114.82.29.189 - - [15/Sep/2020:09:14:50 +0800] "GET /xingrg/kc/print/load_data.html?order_code=212020091506240&kc_code=cgsh&condition= HTTP/1.1" 200 899
180.157.253.48 - - [15/Sep/2020:09:14:52 +0800] "GET /xingrg/all/function/internal_message.html?_=1600132493429&CODE_STATE=getMsg HTTP/1.1" 200 27
114.86.226.190 - - [15/Sep/2020:09:14:54 +0800] "GET /xingrg/all/function/internal_message.html?_=1600132533375&CODE_STATE=getMsg HTTP/1.1" 200 27
120.253.135.82 - - [15/Sep/2020:09:14:55 +0800] "GET /xingrg/all/function/internal_message.html?_=1600132244206&CODE_STATE=getMsg HTTP/1.1" 200 27
114.82.29.189 - - [15/Sep/2020:09:14:55 +0800] "GET /xingrg/kc/buy/cgsh_order_list.html HTTP/1.1" 200 43971
116.238.71.173 - - [15/Sep/2020:09:14:55 +0800] "GET /xingrg/check_reg.html?_=1600132619127 HTTP/1.1" 200 22
116.238.71.173 - - [15/Sep/2020:09:14:56 +0800] "GET /xingrg/all/function/internal_message.html?_=1600132620292&CODE_STATE=getMsg HTTP/1.1" 200 27
116.238.71.173 - - [15/Sep/2020:09:14:57 +0800] "GET /xingrg/all/function/internal_message.html?_=1600132496584&CODE_STATE=getMsg HTTP/1.1" 200 27
114.82.29.189 - - [15/Sep/2020:09:14:57 +0800] "POST /xingrg/kc/buy/cgsh_list_operate.html HTTP/1.1" 200 3129
222.69.134.17 - - [15/Sep/2020:09:14:57 +0800] "GET /xingrg/check_reg.html?_=1600132494973 HTTP/1.1" 200 22
222.69.134.17 - - [15/Sep/2020:09:14:57 +0800] "GET /xingrg/all/function/internal_message.html?_=1600132494992&CODE_STATE=getMsg HTTP/1.1" 200 27
116.235.241.164 - - [15/Sep/2020:09:15:00 +0800] "GET /xingrg/all/function/internal_message.html?_=1600132502150&CODE_STATE=getMsg HTTP/1.1" 200 27
114.82.29.189 - - [15/Sep/2020:09:15:03 +0800] "POST /xingrg/kc/buy/cgsh_list_operate.html HTTP/1.1" 200 575
114.82.29.189 - - [15/Sep/2020:09:15:04 +0800] "GET /xingrg/kc/buy/cgsh_order_info.html?code=212020091506241 HTTP/1.1" 200 59712
114.82.29.189 - - [15/Sep/2020:09:15:05 +0800] "GET /xingrg/javascript/easyui/themes/default/validatebox.css HTTP/1.1" 404 1104
114.82.29.189 - - [15/Sep/2020:09:15:05 +0800] "POST /xingrg/kc/buy/cgsh_order_operate.html HTTP/1.1" 200 25145
114.88.166.242 - - [15/Sep/2020:09:15:09 +0800] "GET /xingrg/all/function/internal_message.html?_=1600132574838&CODE_STATE=getMsg HTTP/1.1" 200 27
218.81.217.115 - - [15/Sep/2020:09:15:11 +0800] "GET /xingrg/all/function/internal_message.html?_=1600132511572&CODE_STATE=getMsg HTTP/1.1" 200 27
172.17.0.100 - - [15/Sep/2020:09:15:23 +0800] "GET /xingrg/all/function/internal_message.html?_=1600132521693&CODE_STATE=getMsg HTTP/1.1" 200 27
114.82.29.189 - - [15/Sep/2020:09:15:24 +0800] "GET /xingrg/check_reg.html?_=1600132524440 HTTP/1.1" 200 22
172.17.200.101 - - [15/Sep/2020:09:15:26 +0800] "GET /xingrg/check_reg.html?_=1600132527378 HTTP/1.1" 200 22
172.17.200.101 - - [15/Sep/2020:09:15:26 +0800] "GET /xingrg/all/function/internal_message.html?_=1600132527382&CODE_STATE=getMsg HTTP/1.1" 200 27
114.82.29.189 - - [15/Sep/2020:09:15:30 +0800] "GET /xingrg/all/function/internal_message.html?_=1600132530440&CODE_STATE=getMsg HTTP/1.1" 200 27
180.157.253.48 - - [15/Sep/2020:09:15:35 +0800] "GET /xingrg/all/function/internal_message.html?_=1600132537812&CODE_STATE=getMsg HTTP/1.1" 200 27
116.235.241.164 - - [15/Sep/2020:09:15:41 +0800] "GET /xingrg/all/function/internal_message.html?_=1600132542921&CODE_STATE=getMsg HTTP/1.1" 200 27
172.17.0.123 - - [15/Sep/2020:09:15:41 +0800] "GET /xingrg/all/function/internal_message.html?_=1600132543517&CODE_STATE=getMsg HTTP/1.1" 200 27
172.17.0.123 - - [15/Sep/2020:09:15:41 +0800] "GET /xingrg/check_reg.html?_=1600132543519 HTTP/1.1" 200 22
116.230.74.197 - - [15/Sep/2020:09:15:49 +0800] "GET /xingrg/all/function/internal_message.html?_=1600132546555&CODE_STATE=getMsg HTTP/1.1" 200 27
116.230.74.197 - - [15/Sep/2020:09:15:49 +0800] "GET /xingrg/check_reg.html?_=1600132546731 HTTP/1.1" 200 22
117.131.5.26 - - [15/Sep/2020:09:15:50 +0800] "GET /xingrg/all/function/internal_message.html?_=1600132569414&CODE_STATE=getMsg HTTP/1.1" 200 27
117.131.5.26 - - [15/Sep/2020:09:15:50 +0800] "GET /xingrg/check_reg.html?_=1600132569883 HTTP/1.1" 200 22
180.157.253.48 - - [15/Sep/2020:09:15:52 +0800] "GET /xingrg/all/function/internal_message.html?_=1600132553425&CODE_STATE=getMsg HTTP/1.1" 200 27
114.86.226.190 - - [15/Sep/2020:09:15:53 +0800] "GET /xingrg/all/function/internal_message.html?_=1600132593375&CODE_STATE=getMsg HTTP/1.1" 200 27
120.253.135.82 - - [15/Sep/2020:09:15:55 +0800] "GET /xingrg/check_reg.html?_=1600132304038 HTTP/1.1" 200 22
120.253.135.82 - - [15/Sep/2020:09:15:55 +0800] "GET /xingrg/all/function/internal_message.html?_=1600132304220&CODE_STATE=getMsg HTTP/1.1" 200 27
116.238.71.173 - - [15/Sep/2020:09:15:56 +0800] "GET /xingrg/all/function/internal_message.html?_=1600132680295&CODE_STATE=getMsg HTTP/1.1" 200 27
116.238.71.173 - - [15/Sep/2020:09:15:57 +0800] "GET /xingrg/check_reg.html?_=1600132556648 HTTP/1.1" 200 22
116.238.71.173 - - [15/Sep/2020:09:15:57 +0800] "GET /xingrg/all/function/internal_message.html?_=1600132556652&CODE_STATE=getMsg HTTP/1.1" 200 27
222.69.134.17 - - [15/Sep/2020:09:15:57 +0800] "GET /xingrg/all/function/internal_message.html?_=1600132554976&CODE_STATE=getMsg HTTP/1.1" 200 27
116.235.241.164 - - [15/Sep/2020:09:16:00 +0800] "GET /xingrg/all/function/internal_message.html?_=1600132562166&CODE_STATE=getMsg HTTP/1.1" 200 27
114.88.166.242 - - [15/Sep/2020:09:16:09 +0800] "GET /xingrg/all/function/internal_message.html?_=1600132634836&CODE_STATE=getMsg HTTP/1.1" 200 27
218.81.217.115 - - [15/Sep/2020:09:16:11 +0800] "GET /xingrg/all/function/internal_message.html?_=1600132571693&CODE_STATE=getMsg HTTP/1.1" 200 27
172.17.0.100 - - [15/Sep/2020:09:16:22 +0800] "GET /xingrg/check_reg.html?_=1600132581006 HTTP/1.1" 200 22
222.69.134.17 - - [15/Sep/2020:09:16:22 +0800] "POST /xingrg/services/DataTransmitService HTTP/1.1" 200 524
172.17.0.100 - - [15/Sep/2020:09:16:22 +0800] "GET /xingrg/all/function/internal_message.html?_=1600132581669&CODE_STATE=getMsg HTTP/1.1" 200 27
222.69.134.17 - - [15/Sep/2020:09:16:25 +0800] "POST /xingrg/services/DataTransmitService HTTP/1.1" 200 501
172.17.200.101 - - [15/Sep/2020:09:16:26 +0800] "GET /xingrg/all/function/internal_message.html?_=1600132587366&CODE_STATE=getMsg HTTP/1.1" 200 27
114.82.29.189 - - [15/Sep/2020:09:16:30 +0800] "GET /xingrg/all/function/internal_message.html?_=1600132590419&CODE_STATE=getMsg HTTP/1.1" 200 27
222.69.134.17 - - [15/Sep/2020:09:16:34 +0800] "POST /xingrg/services/DataTransmitService HTTP/1.1" 200 524
180.157.253.48 - - [15/Sep/2020:09:16:35 +0800] "GET /xingrg/all/function/internal_message.html?_=1600132597828&CODE_STATE=getMsg HTTP/1.1" 200 27
222.69.134.17 - - [15/Sep/2020:09:16:36 +0800] "POST /xingrg/services/DataTransmitService HTTP/1.1" 200 501
222.69.134.17 - - [15/Sep/2020:09:16:36 +0800] "POST /xingrg/services/DataTransmitService HTTP/1.1" 200 501
116.235.241.164 - - [15/Sep/2020:09:16:41 +0800] "GET /xingrg/all/function/internal_message.html?_=1600132602921&CODE_STATE=getMsg HTTP/1.1" 200 27
116.235.241.164 - - [15/Sep/2020:09:16:41 +0800] "GET /xingrg/check_reg.html?_=1600132602923 HTTP/1.1" 200 22
172.17.0.123 - - [15/Sep/2020:09:16:41 +0800] "GET /xingrg/all/function/internal_message.html?_=1600132603521&CODE_STATE=getMsg HTTP/1.1" 200 27
116.230.74.197 - - [15/Sep/2020:09:16:49 +0800] "GET /xingrg/all/function/internal_message.html?_=1600132606542&CODE_STATE=getMsg HTTP/1.1" 200 27
117.131.5.26 - - [15/Sep/2020:09:16:50 +0800] "GET /xingrg/all/function/internal_message.html?_=1600132629383&CODE_STATE=getMsg HTTP/1.1" 200 27
180.157.253.48 - - [15/Sep/2020:09:16:52 +0800] "GET /xingrg/all/function/internal_message.html?_=1600132613449&CODE_STATE=getMsg HTTP/1.1" 200 27
114.86.226.190 - - [15/Sep/2020:09:16:53 +0800] "GET /xingrg/all/function/internal_message.html?_=1600132653375&CODE_STATE=getMsg HTTP/1.1" 200 27
120.253.135.82 - - [15/Sep/2020:09:16:55 +0800] "GET /xingrg/all/function/internal_message.html?_=1600132364234&CODE_STATE=getMsg HTTP/1.1" 200 27
116.238.71.173 - - [15/Sep/2020:09:16:56 +0800] "GET /xingrg/all/function/internal_message.html?_=1600132740308&CODE_STATE=getMsg HTTP/1.1" 200 27
116.238.71.173 - - [15/Sep/2020:09:16:57 +0800] "GET /xingrg/all/function/internal_message.html?_=1600132616701&CODE_STATE=getMsg HTTP/1.1" 200 27
222.69.134.17 - - [15/Sep/2020:09:16:57 +0800] "GET /xingrg/all/function/internal_message.html?_=1600132614984&CODE_STATE=getMsg HTTP/1.1" 200 27
116.235.241.164 - - [15/Sep/2020:09:17:00 +0800] "GET /xingrg/all/function/internal_message.html?_=1600132622165&CODE_STATE=getMsg HTTP/1.1" 200 27
116.235.241.164 - - [15/Sep/2020:09:17:00 +0800] "GET /xingrg/check_reg.html?_=1600132622166 HTTP/1.1" 200 22
222.69.134.17 - - [15/Sep/2020:09:17:00 +0800] "POST /xingrg/services/DataTransmitService HTTP/1.1" 200 501
114.88.166.242 - - [15/Sep/2020:09:17:09 +0800] "GET /xingrg/all/function/internal_message.html?_=1600132694832&CODE_STATE=getMsg HTTP/1.1" 200 27
114.88.166.242 - - [15/Sep/2020:09:17:10 +0800] "GET /xingrg/kc/buy/cgsh_order_add.html HTTP/1.1" 200 59709
114.88.166.242 - - [15/Sep/2020:09:17:10 +0800] "POST /xingrg/kc/buy/cgsh_order_operate.html HTTP/1.1" 200 8245
114.88.166.242 - - [15/Sep/2020:09:17:11 +0800] "GET /xingrg/javascript/easyui/themes/default/validatebox.css HTTP/1.1" 404 1104
218.81.217.115 - - [15/Sep/2020:09:17:11 +0800] "GET /xingrg/all/function/internal_message.html?_=1600132631694&CODE_STATE=getMsg HTTP/1.1" 200 27
114.88.166.242 - - [15/Sep/2020:09:17:12 +0800] "GET /xingrg/javascript/auto/indicator.gif HTTP/1.1" 404 1066
114.88.166.242 - - [15/Sep/2020:09:17:13 +0800] "GET /xingrg/javascript/jquery_tools/images/prev.gif HTTP/1.1" 404 1086
114.88.166.242 - - [15/Sep/2020:09:17:14 +0800] "GET /xingrg/javascript/jquery_tools/images/next.gif HTTP/1.1" 404 1086
114.88.166.242 - - [15/Sep/2020:09:17:14 +0800] "GET /xingrg/check_reg.html?_=1600132631397 HTTP/1.1" 200 22
114.88.166.242 - - [15/Sep/2020:09:17:18 +0800] "GET /xingrg/kc/buy/cgsh_order_operate.html?command=get_materiel&rest_code=00111&code=00101008049&supplier_code=00100005&order_time=2020-09-15 HTTP/1.1" 200 408
172.17.0.100 - - [15/Sep/2020:09:17:22 +0800] "GET /xingrg/all/function/internal_message.html?_=1600132641647&CODE_STATE=getMsg HTTP/1.1" 200 27
222.69.134.17 - - [15/Sep/2020:09:17:25 +0800] "POST /xingrg/services/DataTransmitService HTTP/1.1" 200 501
114.88.166.242 - - [15/Sep/2020:09:17:26 +0800] "GET /xingrg/kc/buy/cgsh_order_operate.html?command=get_materiel&rest_code=00111&code=00101008038&supplier_code=00100005&order_time=2020-09-15 HTTP/1.1" 200 412
172.17.200.101 - - [15/Sep/2020:09:17:26 +0800] "GET /xingrg/all/function/internal_message.html?_=1600132647373&CODE_STATE=getMsg HTTP/1.1" 200 27
222.69.134.17 - - [15/Sep/2020:09:17:29 +0800] "POST /xingrg/services/DataTransmitService HTTP/1.1" 200 501
222.69.134.17 - - [15/Sep/2020:09:17:30 +0800] "POST /xingrg/services/DataTransmitService HTTP/1.1" 200 501
222.69.134.17 - - [15/Sep/2020:09:17:30 +0800] "POST /xingrg/services/DataTransmitService HTTP/1.1" 200 501
114.82.29.189 - - [15/Sep/2020:09:17:30 +0800] "GET /xingrg/all/function/internal_message.html?_=1600132650397&CODE_STATE=getMsg HTTP/1.1" 200 27
222.69.134.17 - - [15/Sep/2020:09:17:31 +0800] "POST /xingrg/services/DataTransmitService HTTP/1.1" 200 501
114.88.166.242 - - [15/Sep/2020:09:17:31 +0800] "GET /xingrg/kc/buy/cgsh_order_operate.html?command=get_materiel&rest_code=00111&code=00101008358&supplier_code=00100005&order_time=2020-09-15 HTTP/1.1" 200 412
222.69.134.17 - - [15/Sep/2020:09:17:32 +0800] "POST /xingrg/services/DataTransmitService HTTP/1.1" 200 501
180.157.253.48 - - [15/Sep/2020:09:17:34 +0800] "GET /xingrg/check_reg.html?_=1600132657507 HTTP/1.1" 200 22
180.157.253.48 - - [15/Sep/2020:09:17:35 +0800] "GET /xingrg/all/function/internal_message.html?_=1600132657840&CODE_STATE=getMsg HTTP/1.1" 200 27
222.69.134.17 - - [15/Sep/2020:09:17:35 +0800] "POST /xingrg/services/DataTransmitService HTTP/1.1" 200 412
114.88.166.242 - - [15/Sep/2020:09:17:40 +0800] "GET /xingrg/kc/buy/cgsh_order_operate.html?command=get_materiel&rest_code=00111&code=00101008087&supplier_code=00100005&order_time=2020-09-15 HTTP/1.1" 200 412
58.37.9.106 - - [15/Sep/2020:09:17:41 +0800] "GET /xingrg/check_reg.html?_=1600132642969 HTTP/1.1" 200 22
116.235.241.164 - - [15/Sep/2020:09:17:41 +0800] "GET /xingrg/all/function/internal_message.html?_=1600132662926&CODE_STATE=getMsg HTTP/1.1" 200 27
172.17.0.123 - - [15/Sep/2020:09:17:41 +0800] "GET /xingrg/all/function/internal_message.html?_=1600132663509&CODE_STATE=getMsg HTTP/1.1" 200 27
114.82.29.189 - - [15/Sep/2020:09:17:41 +0800] "POST /xingrg/services/DataTransmitService HTTP/1.1" 200 524
114.82.29.189 - - [15/Sep/2020:09:17:41 +0800] "POST /xingrg/services/DataTransmitService HTTP/1.1" 200 501
114.82.29.189 - - [15/Sep/2020:09:17:41 +0800] "POST /xingrg/services/DataTransmitService HTTP/1.1" 200 501
114.82.29.189 - - [15/Sep/2020:09:17:42 +0800] "POST /xingrg/services/DataTransmitService HTTP/1.1" 200 501
114.82.29.189 - - [15/Sep/2020:09:17:42 +0800] "POST /xingrg/services/DataTransmitService HTTP/1.1" 200 501
114.82.29.189 - - [15/Sep/2020:09:17:42 +0800] "POST /xingrg/services/DataTransmitService HTTP/1.1" 200 501
114.88.166.242 - - [15/Sep/2020:09:17:45 +0800] "GET /xingrg/kc/buy/cgsh_order_operate.html?command=get_materiel&rest_code=00111&code=00101008213&supplier_code=00100005&order_time=2020-09-15 HTTP/1.1" 200 412
114.82.29.189 - - [15/Sep/2020:09:17:45 +0800] "POST /xingrg/services/DataTransmitService HTTP/1.1" 200 412
116.230.74.197 - - [15/Sep/2020:09:17:49 +0800] "GET /xingrg/all/function/internal_message.html?_=1600132666525&CODE_STATE=getMsg HTTP/1.1" 200 27
117.131.5.26 - - [15/Sep/2020:09:17:50 +0800] "GET /xingrg/all/function/internal_message.html?_=1600132689352&CODE_STATE=getMsg HTTP/1.1" 200 27
114.88.166.242 - - [15/Sep/2020:09:17:50 +0800] "GET /xingrg/kc/buy/cgsh_order_operate.html?command=get_materiel&rest_code=00111&code=00101008331&supplier_code=00100005&order_time=2020-09-15 HTTP/1.1" 200 416
180.157.253.48 - - [15/Sep/2020:09:17:52 +0800] "GET /xingrg/all/function/internal_message.html?_=1600132673444&CODE_STATE=getMsg HTTP/1.1" 200 27
114.86.226.190 - - [15/Sep/2020:09:17:52 +0800] "GET /xingrg/check_reg.html?_=1600132713296 HTTP/1.1" 200 22
114.86.226.190 - - [15/Sep/2020:09:17:52 +0800] "GET /xingrg/all/function/internal_message.html?_=1600132713375&CODE_STATE=getMsg HTTP/1.1" 200 27
114.88.166.242 - - [15/Sep/2020:09:17:55 +0800] "GET /xingrg/kc/buy/cgsh_order_operate.html?command=get_materiel&rest_code=00111&code=00101008003&supplier_code=00100005&order_time=2020-09-15 HTTP/1.1" 200 408
120.253.135.82 - - [15/Sep/2020:09:17:55 +0800] "GET /xingrg/all/function/internal_message.html?_=1600132424248&CODE_STATE=getMsg HTTP/1.1" 200 27
116.238.71.173 - - [15/Sep/2020:09:17:57 +0800] "GET /xingrg/all/function/internal_message.html?_=1600132800423&CODE_STATE=getMsg HTTP/1.1" 200 27
116.238.71.173 - - [15/Sep/2020:09:17:57 +0800] "GET /xingrg/all/function/internal_message.html?_=1600132676752&CODE_STATE=getMsg HTTP/1.1" 200 27
222.69.134.17 - - [15/Sep/2020:09:17:57 +0800] "GET /xingrg/all/function/internal_message.html?_=1600132674980&CODE_STATE=getMsg HTTP/1.1" 200 27
116.235.241.164 - - [15/Sep/2020:09:18:00 +0800] "GET /xingrg/all/function/internal_message.html?_=1600132682164&CODE_STATE=getMsg HTTP/1.1" 200 27
114.88.166.242 - - [15/Sep/2020:09:18:00 +0800] "GET /xingrg/kc/buy/cgsh_order_operate.html?command=get_materiel&rest_code=00111&code=00101008361&supplier_code=00100005&order_time=2020-09-15 HTTP/1.1" 200 408
114.88.166.242 - - [15/Sep/2020:09:18:05 +0800] "GET /xingrg/kc/buy/cgsh_order_operate.html?command=get_materiel&rest_code=00111&code=00101008144&supplier_code=00100005&order_time=2020-09-15 HTTP/1.1" 200 412
114.88.166.242 - - [15/Sep/2020:09:18:09 +0800] "GET /xingrg/check_reg.html?_=1600132754852 HTTP/1.1" 200 22
114.88.166.242 - - [15/Sep/2020:09:18:09 +0800] "GET /xingrg/all/function/internal_message.html?_=1600132754851&CODE_STATE=getMsg HTTP/1.1" 200 27
222.69.134.17 - - [15/Sep/2020:09:18:10 +0800] "GET /favicon.ico HTTP/1.1" 404 -
218.81.217.115 - - [15/Sep/2020:09:18:11 +0800] "GET /xingrg/all/function/internal_message.html?_=1600132691811&CODE_STATE=getMsg HTTP/1.1" 200 27
114.88.166.242 - - [15/Sep/2020:09:18:13 +0800] "GET /xingrg/kc/buy/cgsh_order_operate.html?command=get_materiel&rest_code=00111&code=00101008270&supplier_code=00100005&order_time=2020-09-15 HTTP/1.1" 200 412
218.81.217.115 - - [15/Sep/2020:09:18:21 +0800] "GET /xingrg/check_reg.html?_=1600132702366 HTTP/1.1" 200 22
172.17.0.100 - - [15/Sep/2020:09:18:22 +0800] "GET /xingrg/all/function/internal_message.html?_=1600132701624&CODE_STATE=getMsg HTTP/1.1" 200 27
114.88.166.242 - - [15/Sep/2020:09:18:23 +0800] "GET /xingrg/kc/buy/cgsh_order_operate.html?command=get_materiel&rest_code=00111&code=00101008323&supplier_code=00100005&order_time=2020-09-15 HTTP/1.1" 200 408
172.17.200.101 - - [15/Sep/2020:09:18:26 +0800] "GET /xingrg/all/function/internal_message.html?_=1600132707374&CODE_STATE=getMsg HTTP/1.1" 200 27
114.82.29.189 - - [15/Sep/2020:09:18:30 +0800] "GET /xingrg/all/function/internal_message.html?_=1600132710365&CODE_STATE=getMsg HTTP/1.1" 200 27
114.88.166.242 - - [15/Sep/2020:09:18:31 +0800] "GET /xingrg/kc/buy/cgsh_order_operate.html?command=get_materiel&rest_code=00111&code=00101008175&supplier_code=00100005&order_time=2020-09-15 HTTP/1.1" 200 412
180.157.253.48 - - [15/Sep/2020:09:18:35 +0800] "GET /xingrg/all/function/internal_message.html?_=1600132717855&CODE_STATE=getMsg HTTP/1.1" 200 27
114.88.166.242 - - [15/Sep/2020:09:18:35 +0800] "GET /xingrg/kc/buy/cgsh_order_operate.html?command=get_materiel&rest_code=00111&code=00101008091&supplier_code=00100005&order_time=2020-09-15 HTTP/1.1" 200 413
117.185.32.26 - - [15/Sep/2020:09:18:38 +0800] "GET /xingrg/check_reg.html?_=1600133141920 HTTP/1.1" 200 22
114.88.166.242 - - [15/Sep/2020:09:18:39 +0800] "GET /xingrg/kc/buy/cgsh_order_operate.html?command=get_materiel&rest_code=00111&code=00101008302&supplier_code=00100005&order_time=2020-09-15 HTTP/1.1" 200 412
116.235.241.164 - - [15/Sep/2020:09:18:41 +0800] "GET /xingrg/all/function/internal_message.html?_=1600132722927&CODE_STATE=getMsg HTTP/1.1" 200 27
172.17.0.123 - - [15/Sep/2020:09:18:41 +0800] "GET /xingrg/all/function/internal_message.html?_=1600132723509&CODE_STATE=getMsg HTTP/1.1" 200 27
116.230.74.197 - - [15/Sep/2020:09:18:49 +0800] "GET /xingrg/all/function/internal_message.html?_=1600132726515&CODE_STATE=getMsg HTTP/1.1" 200 27
114.88.166.242 - - [15/Sep/2020:09:18:49 +0800] "GET /xingrg/kc/buy/cgsh_order_operate.html?command=get_materiel&rest_code=00111&code=00101008132&supplier_code=00100005&order_time=2020-09-15 HTTP/1.1" 200 408
117.131.5.26 - - [15/Sep/2020:09:18:50 +0800] "GET /xingrg/all/function/internal_message.html?_=1600132749320&CODE_STATE=getMsg HTTP/1.1" 200 27
114.86.226.190 - - [15/Sep/2020:09:18:52 +0800] "GET /xingrg/all/function/internal_message.html?_=1600132773375&CODE_STATE=getMsg HTTP/1.1" 200 27
180.157.253.48 - - [15/Sep/2020:09:18:52 +0800] "GET /xingrg/all/function/internal_message.html?_=1600132733456&CODE_STATE=getMsg HTTP/1.1" 200 27
180.157.253.48 - - [15/Sep/2020:09:18:52 +0800] "GET /xingrg/check_reg.html?_=1600132733473 HTTP/1.1" 200 22
120.253.135.82 - - [15/Sep/2020:09:18:55 +0800] "GET /xingrg/all/function/internal_message.html?_=1600132484261&CODE_STATE=getMsg HTTP/1.1" 200 27
116.238.71.173 - - [15/Sep/2020:09:18:57 +0800] "GET /xingrg/all/function/internal_message.html?_=1600132860429&CODE_STATE=getMsg HTTP/1.1" 200 27
116.238.71.173 - - [15/Sep/2020:09:18:57 +0800] "GET /xingrg/all/function/internal_message.html?_=1600132736802&CODE_STATE=getMsg HTTP/1.1" 200 27
222.69.134.17 - - [15/Sep/2020:09:18:57 +0800] "GET /xingrg/all/function/internal_message.html?_=1600132734986&CODE_STATE=getMsg HTTP/1.1" 200 27
114.88.166.242 - - [15/Sep/2020:09:18:57 +0800] "GET /xingrg/kc/buy/cgsh_order_operate.html?command=get_materiel&rest_code=00111&code=00101008067&supplier_code=00100005&order_time=2020-09-15 HTTP/1.1" 200 416
116.235.241.164 - - [15/Sep/2020:09:19:00 +0800] "GET /xingrg/all/function/internal_message.html?_=1600132742162&CODE_STATE=getMsg HTTP/1.1" 200 27
114.88.166.242 - - [15/Sep/2020:09:19:02 +0800] "GET /xingrg/kc/buy/cgsh_order_operate.html?command=get_materiel&rest_code=00111&code=00101008356&supplier_code=00100005&order_time=2020-09-15 HTTP/1.1" 200 409
114.88.166.242 - - [15/Sep/2020:09:19:08 +0800] "GET /xingrg/kc/buy/cgsh_order_operate.html?command=get_materiel&rest_code=00111&code=00101008006&supplier_code=00100005&order_time=2020-09-15 HTTP/1.1" 200 416
114.88.166.242 - - [15/Sep/2020:09:19:09 +0800] "GET /xingrg/all/function/internal_message.html?_=1600132814848&CODE_STATE=getMsg HTTP/1.1" 200 27
114.88.166.242 - - [15/Sep/2020:09:19:10 +0800] "POST /xingrg/kc/buy/cgsh_order_operate.html HTTP/1.1" 200 2065
218.81.217.115 - - [15/Sep/2020:09:19:11 +0800] "GET /xingrg/all/function/internal_message.html?_=1600132751815&CODE_STATE=getMsg HTTP/1.1" 200 27
114.88.166.242 - - [15/Sep/2020:09:19:13 +0800] "GET /xingrg/kc/buy/cgsh_order_operate.html?command=get_materiel&rest_code=00111&code=00101008131&supplier_code=00100005&order_time=2020-09-15 HTTP/1.1" 200 408
114.88.166.242 - - [15/Sep/2020:09:19:19 +0800] "GET /xingrg/kc/buy/cgsh_order_operate.html?command=get_materiel&rest_code=00111&code=00101008295&supplier_code=00100005&order_time=2020-09-15 HTTP/1.1" 200 412
172.17.0.100 - - [15/Sep/2020:09:19:22 +0800] "GET /xingrg/all/function/internal_message.html?_=1600132761599&CODE_STATE=getMsg HTTP/1.1" 200 27
114.88.166.242 - - [15/Sep/2020:09:19:26 +0800] "GET /xingrg/kc/buy/cgsh_order_operate.html?command=get_materiel&rest_code=00111&code=00101008353&supplier_code=00100005&order_time=2020-09-15 HTTP/1.1" 200 408
172.17.200.101 - - [15/Sep/2020:09:19:26 +0800] "GET /xingrg/all/function/internal_message.html?_=1600132767374&CODE_STATE=getMsg HTTP/1.1" 200 27
114.82.29.189 - - [15/Sep/2020:09:19:30 +0800] "GET /xingrg/all/function/internal_message.html?_=1600132770333&CODE_STATE=getMsg HTTP/1.1" 200 27
114.88.166.242 - - [15/Sep/2020:09:19:32 +0800] "GET /xingrg/kc/buy/cgsh_order_operate.html?command=get_materiel&rest_code=00111&code=00101008275&supplier_code=00100005&order_time=2020-09-15 HTTP/1.1" 200 417
180.157.253.48 - - [15/Sep/2020:09:19:35 +0800] "GET /xingrg/all/function/internal_message.html?_=1600132777869&CODE_STATE=getMsg HTTP/1.1" 200 27
116.235.241.164 - - [15/Sep/2020:09:19:41 +0800] "GET /xingrg/all/function/internal_message.html?_=1600132782927&CODE_STATE=getMsg HTTP/1.1" 200 27
172.17.0.123 - - [15/Sep/2020:09:19:41 +0800] "GET /xingrg/all/function/internal_message.html?_=1600132783511&CODE_STATE=getMsg HTTP/1.1" 200 27
114.88.166.242 - - [15/Sep/2020:09:19:42 +0800] "GET /xingrg/kc/buy/cgsh_order_operate.html?command=get_materiel&rest_code=00111&code=00101008305&supplier_code=00100005&order_time=2020-09-15 HTTP/1.1" 200 412
114.88.166.242 - - [15/Sep/2020:09:19:44 +0800] "POST /xingrg/kc/buy/cgsh_order_operate.html HTTP/1.1" 200 2065
