116.233.72.67 - - [14/Sep/2020:09:12:43 +0800] "GET /xingrg/all/function/internal_message.html?_=1600046026140&CODE_STATE=getMsg HTTP/1.1" 200 27
120.253.135.82 - - [14/Sep/2020:09:12:45 +0800] "GET /xingrg/all/function/internal_message.html?_=1600046078680&CODE_STATE=getMsg HTTP/1.1" 200 27
116.238.71.173 - - [14/Sep/2020:09:12:48 +0800] "GET /xingrg/all/function/internal_message.html?_=1600045968629&CODE_STATE=getMsg HTTP/1.1" 200 27
114.88.166.242 - - [14/Sep/2020:09:12:50 +0800] "GET /xingrg/all/function/internal_message.html?_=1600046034705&CODE_STATE=getMsg HTTP/1.1" 200 27
116.230.74.197 - - [14/Sep/2020:09:12:50 +0800] "GET /xingrg/all/function/internal_message.html?_=1600045969318&CODE_STATE=getMsg HTTP/1.1" 200 27
117.131.5.26 - - [14/Sep/2020:09:12:56 +0800] "GET /xingrg/all/function/internal_message.html?_=1600045995554&CODE_STATE=getMsg HTTP/1.1" 200 27
116.235.241.164 - - [14/Sep/2020:09:12:58 +0800] "GET /xingrg/all/function/internal_message.html?_=1600045980443&CODE_STATE=getMsg HTTP/1.1" 200 27
172.17.200.101 - - [14/Sep/2020:09:13:01 +0800] "GET /xingrg/all/function/internal_message.html?_=1600045982816&CODE_STATE=getMsg HTTP/1.1" 200 27
117.184.7.26 - - [14/Sep/2020:09:13:04 +0800] "GET /xingrg/check_reg.html?_=1600045983663 HTTP/1.1" 200 22
117.184.7.26 - - [14/Sep/2020:09:13:05 +0800] "GET /xingrg/all/function/internal_message.html?_=1600045983666&CODE_STATE=getMsg HTTP/1.1" 200 27
172.17.0.105 - - [14/Sep/2020:09:13:16 +0800] "GET /xingrg/all/function/internal_message.html?_=1600045995183&CODE_STATE=getMsg HTTP/1.1" 200 27
172.17.0.105 - - [14/Sep/2020:09:13:16 +0800] "POST /xingrg/kc/buy/cgsh_order_operate.html HTTP/1.1" 200 37
222.69.136.144 - - [14/Sep/2020:09:13:18 +0800] "GET /xingrg/kc/buy/cgsh_order_add.html HTTP/1.1" 200 59762
222.69.136.144 - - [14/Sep/2020:09:13:18 +0800] "POST /xingrg/kc/buy/cgsh_order_operate.html HTTP/1.1" 200 8245
222.69.136.144 - - [14/Sep/2020:09:13:18 +0800] "GET /xingrg/javascript/easyui/themes/default/validatebox.css HTTP/1.1" 404 1104
172.17.0.105 - - [14/Sep/2020:09:13:20 +0800] "POST /xingrg/kc/buy/cgsh_order_operate.html HTTP/1.1" 200 12
172.17.0.105 - - [14/Sep/2020:09:13:21 +0800] "GET /xingrg/kc/buy/cgsh_order_info.html?code=212020091405862 HTTP/1.1" 200 54540
172.17.0.105 - - [14/Sep/2020:09:13:22 +0800] "GET /xingrg/javascript/easyui/themes/default/validatebox.css HTTP/1.1" 404 1104
172.17.0.105 - - [14/Sep/2020:09:13:22 +0800] "POST /xingrg/kc/buy/cgsh_order_operate.html HTTP/1.1" 200 1807
172.17.0.105 - - [14/Sep/2020:09:13:23 +0800] "GET /xingrg/kc/print/load_config.html?kc_code=cgsh HTTP/1.1" 200 1845
218.81.217.115 - - [14/Sep/2020:09:13:23 +0800] "GET /xingrg/all/function/internal_message.html?_=1600046006563&CODE_STATE=getMsg HTTP/1.1" 200 27
172.17.0.105 - - [14/Sep/2020:09:13:23 +0800] "GET /xingrg/kc/print/load_data.html?order_code=212020091405862&kc_code=cgsh&condition= HTTP/1.1" 200 1153
117.131.5.26 - - [14/Sep/2020:09:13:25 +0800] "GET /xingrg/kc/buy/cgsh_order_operate.html?command=get_materiel&rest_code=00104&code=00102002025&supplier_code=00100151&order_time=2020-09-14 HTTP/1.1" 200 452
116.230.74.197 - - [14/Sep/2020:09:13:26 +0800] "GET /xingrg/kc/base/base_main.html HTTP/1.1" 200 12142
116.230.74.197 - - [14/Sep/2020:09:13:27 +0800] "GET /xingrg/kc/base/check_order_list.html HTTP/1.1" 200 16468
116.230.74.197 - - [14/Sep/2020:09:13:28 +0800] "POST /xingrg/kc/base/check_list_operate.html HTTP/1.1" 200 2202
117.131.5.26 - - [14/Sep/2020:09:13:29 +0800] "POST /xingrg/all/common/load_select.html HTTP/1.1" 200 25
222.69.136.144 - - [14/Sep/2020:09:13:30 +0800] "GET /xingrg/all/function/internal_message.html?_=1600046009638&CODE_STATE=getMsg HTTP/1.1" 200 27
116.230.74.197 - - [14/Sep/2020:09:13:31 +0800] "GET /xingrg/kc/base/check_order_info.html?code=452020091300110 HTTP/1.1" 200 26433
116.230.74.197 - - [14/Sep/2020:09:13:31 +0800] "GET /xingrg/dwr/interface/AjaxComOrderService.js HTTP/1.1" 200 18264
116.230.74.197 - - [14/Sep/2020:09:13:31 +0800] "GET /xingrg/dwr/interface/AjaxCheckService.js HTTP/1.1" 200 14003
116.230.74.197 - - [14/Sep/2020:09:13:31 +0800] "GET /xingrg/dwr/engine.js HTTP/1.1" 200 43631
116.230.74.197 - - [14/Sep/2020:09:13:32 +0800] "POST /xingrg/dwr/call/plaincall/AjaxCheckService.loadOrderItems.dwr HTTP/1.1" 200 137344
114.82.29.189 - - [14/Sep/2020:09:13:32 +0800] "GET /xingrg/all/function/internal_message.html?_=1600046012218&CODE_STATE=getMsg HTTP/1.1" 200 27
117.131.5.26 - - [14/Sep/2020:09:13:33 +0800] "GET /xingrg/kc/buy/cgsh_order_operate.html?command=get_materiel_price&rest_code=00104&code=00102002025&unit_code=00100352&supplier_code=00100151&order_time=2020-09-14 HTTP/1.1" 200 29
116.238.71.173 - - [14/Sep/2020:09:13:37 +0800] "GET /xingrg/all/function/internal_message.html?_=1600046142142&CODE_STATE=getMsg HTTP/1.1" 200 27
116.235.241.164 - - [14/Sep/2020:09:13:39 +0800] "GET /xingrg/all/function/internal_message.html?_=1600046021202&CODE_STATE=getMsg HTTP/1.1" 200 27
117.131.5.26 - - [14/Sep/2020:09:13:43 +0800] "GET /xingrg/kc/buy/cgsh_order_operate.html?command=get_materiel&rest_code=00104&code=00102002574&supplier_code=00100151&order_time=2020-09-14 HTTP/1.1" 200 448
222.69.136.144 - - [14/Sep/2020:09:13:43 +0800] "GET /xingrg/kc/buy/cgsh_order_operate.html?command=get_materiel&rest_code=00149&code=00101007061&supplier_code=00100205&order_time=2020-09-14 HTTP/1.1" 200 411
116.233.72.67 - - [14/Sep/2020:09:13:43 +0800] "GET /xingrg/all/function/internal_message.html?_=1600046086140&CODE_STATE=getMsg HTTP/1.1" 200 27
120.253.135.82 - - [14/Sep/2020:09:13:45 +0800] "GET /xingrg/all/function/internal_message.html?_=1600046138700&CODE_STATE=getMsg HTTP/1.1" 200 27
116.230.74.197 - - [14/Sep/2020:09:13:45 +0800] "POST /xingrg/dwr/call/plaincall/AjaxCheckService.setItemNumber.dwr HTTP/1.1" 200 76
116.230.74.197 - - [14/Sep/2020:09:13:48 +0800] "POST /xingrg/dwr/call/plaincall/AjaxCheckService.setItemNumber.dwr HTTP/1.1" 200 76
116.238.71.173 - - [14/Sep/2020:09:13:48 +0800] "GET /xingrg/all/function/internal_message.html?_=1600046028676&CODE_STATE=getMsg HTTP/1.1" 200 27
116.230.74.197 - - [14/Sep/2020:09:13:49 +0800] "POST /xingrg/dwr/call/plaincall/AjaxCheckService.setItemNumber.dwr HTTP/1.1" 200 76
116.230.74.197 - - [14/Sep/2020:09:13:49 +0800] "POST /xingrg/dwr/call/plaincall/AjaxCheckService.setItemNumber.dwr HTTP/1.1" 200 76
116.230.74.197 - - [14/Sep/2020:09:13:50 +0800] "POST /xingrg/dwr/call/plaincall/AjaxCheckService.setItemNumber.dwr HTTP/1.1" 200 76
114.88.166.242 - - [14/Sep/2020:09:13:50 +0800] "GET /xingrg/all/function/internal_message.html?_=1600046094697&CODE_STATE=getMsg HTTP/1.1" 200 27
114.88.166.242 - - [14/Sep/2020:09:13:50 +0800] "GET /xingrg/check_reg.html?_=1600046094699 HTTP/1.1" 200 22
116.230.74.197 - - [14/Sep/2020:09:13:50 +0800] "GET /xingrg/all/function/internal_message.html?_=1600046029351&CODE_STATE=getMsg HTTP/1.1" 200 27
116.230.74.197 - - [14/Sep/2020:09:13:50 +0800] "POST /xingrg/dwr/call/plaincall/AjaxCheckService.setItemNumber.dwr HTTP/1.1" 200 76
116.230.74.197 - - [14/Sep/2020:09:13:51 +0800] "POST /xingrg/dwr/call/plaincall/AjaxCheckService.setItemNumber.dwr HTTP/1.1" 200 76
116.230.74.197 - - [14/Sep/2020:09:13:52 +0800] "POST /xingrg/dwr/call/plaincall/AjaxCheckService.setItemNumber.dwr HTTP/1.1" 200 76
116.230.74.197 - - [14/Sep/2020:09:13:52 +0800] "POST /xingrg/dwr/call/plaincall/AjaxCheckService.setItemNumber.dwr HTTP/1.1" 200 76
116.230.74.197 - - [14/Sep/2020:09:13:53 +0800] "POST /xingrg/dwr/call/plaincall/AjaxCheckService.setItemNumber.dwr HTTP/1.1" 200 77
116.230.74.197 - - [14/Sep/2020:09:13:54 +0800] "POST /xingrg/dwr/call/plaincall/AjaxCheckService.setItemNumber.dwr HTTP/1.1" 200 77
116.230.74.197 - - [14/Sep/2020:09:13:54 +0800] "POST /xingrg/dwr/call/plaincall/AjaxCheckService.setItemNumber.dwr HTTP/1.1" 200 77
116.230.74.197 - - [14/Sep/2020:09:13:55 +0800] "POST /xingrg/dwr/call/plaincall/AjaxCheckService.setItemNumber.dwr HTTP/1.1" 200 77
116.230.74.197 - - [14/Sep/2020:09:13:55 +0800] "POST /xingrg/dwr/call/plaincall/AjaxCheckService.setItemNumber.dwr HTTP/1.1" 200 77
116.230.74.197 - - [14/Sep/2020:09:13:56 +0800] "POST /xingrg/dwr/call/plaincall/AjaxCheckService.setItemNumber.dwr HTTP/1.1" 200 77
117.131.5.26 - - [14/Sep/2020:09:13:56 +0800] "GET /xingrg/all/function/internal_message.html?_=1600046055555&CODE_STATE=getMsg HTTP/1.1" 200 27
116.230.74.197 - - [14/Sep/2020:09:13:56 +0800] "POST /xingrg/dwr/call/plaincall/AjaxCheckService.setItemNumber.dwr HTTP/1.1" 200 77
116.230.74.197 - - [14/Sep/2020:09:13:57 +0800] "POST /xingrg/dwr/call/plaincall/AjaxCheckService.setItemNumber.dwr HTTP/1.1" 200 77
116.230.74.197 - - [14/Sep/2020:09:13:57 +0800] "POST /xingrg/dwr/call/plaincall/AjaxCheckService.setItemNumber.dwr HTTP/1.1" 200 77
116.230.74.197 - - [14/Sep/2020:09:13:58 +0800] "POST /xingrg/dwr/call/plaincall/AjaxCheckService.setItemNumber.dwr HTTP/1.1" 200 77
116.235.241.164 - - [14/Sep/2020:09:13:58 +0800] "GET /xingrg/all/function/internal_message.html?_=1600046040442&CODE_STATE=getMsg HTTP/1.1" 200 27
116.230.74.197 - - [14/Sep/2020:09:13:58 +0800] "POST /xingrg/dwr/call/plaincall/AjaxCheckService.setItemNumber.dwr HTTP/1.1" 200 77
116.230.74.197 - - [14/Sep/2020:09:13:59 +0800] "POST /xingrg/dwr/call/plaincall/AjaxCheckService.setItemNumber.dwr HTTP/1.1" 200 77
116.230.74.197 - - [14/Sep/2020:09:13:59 +0800] "POST /xingrg/dwr/call/plaincall/AjaxCheckService.setItemNumber.dwr HTTP/1.1" 200 77
116.230.74.197 - - [14/Sep/2020:09:14:00 +0800] "POST /xingrg/dwr/call/plaincall/AjaxCheckService.setItemNumber.dwr HTTP/1.1" 200 77
116.230.74.197 - - [14/Sep/2020:09:14:00 +0800] "POST /xingrg/dwr/call/plaincall/AjaxCheckService.setItemNumber.dwr HTTP/1.1" 200 77
116.230.74.197 - - [14/Sep/2020:09:14:01 +0800] "POST /xingrg/dwr/call/plaincall/AjaxCheckService.setItemNumber.dwr HTTP/1.1" 200 77
172.17.200.101 - - [14/Sep/2020:09:14:01 +0800] "GET /xingrg/all/function/internal_message.html?_=1600046042818&CODE_STATE=getMsg HTTP/1.1" 200 27
116.230.74.197 - - [14/Sep/2020:09:14:01 +0800] "POST /xingrg/dwr/call/plaincall/AjaxCheckService.setItemNumber.dwr HTTP/1.1" 200 77
116.230.74.197 - - [14/Sep/2020:09:14:02 +0800] "POST /xingrg/dwr/call/plaincall/AjaxCheckService.setItemNumber.dwr HTTP/1.1" 200 77
116.230.74.197 - - [14/Sep/2020:09:14:03 +0800] "POST /xingrg/dwr/call/plaincall/AjaxCheckService.setItemNumber.dwr HTTP/1.1" 200 77
116.230.74.197 - - [14/Sep/2020:09:14:04 +0800] "POST /xingrg/dwr/call/plaincall/AjaxCheckService.setItemNumber.dwr HTTP/1.1" 200 77
116.230.74.197 - - [14/Sep/2020:09:14:04 +0800] "POST /xingrg/dwr/call/plaincall/AjaxCheckService.setItemNumber.dwr HTTP/1.1" 200 77
116.230.74.197 - - [14/Sep/2020:09:14:04 +0800] "POST /xingrg/dwr/call/plaincall/AjaxCheckService.setItemNumber.dwr HTTP/1.1" 200 77
117.184.7.26 - - [14/Sep/2020:09:14:05 +0800] "GET /xingrg/all/function/internal_message.html?_=1600046043666&CODE_STATE=getMsg HTTP/1.1" 200 27
116.230.74.197 - - [14/Sep/2020:09:14:05 +0800] "POST /xingrg/dwr/call/plaincall/AjaxCheckService.setItemNumber.dwr HTTP/1.1" 200 77
116.230.74.197 - - [14/Sep/2020:09:14:05 +0800] "POST /xingrg/dwr/call/plaincall/AjaxCheckService.setItemNumber.dwr HTTP/1.1" 200 77
116.230.74.197 - - [14/Sep/2020:09:14:06 +0800] "POST /xingrg/dwr/call/plaincall/AjaxCheckService.setItemNumber.dwr HTTP/1.1" 200 77
116.230.74.197 - - [14/Sep/2020:09:14:06 +0800] "POST /xingrg/dwr/call/plaincall/AjaxCheckService.setItemNumber.dwr HTTP/1.1" 200 77
116.230.74.197 - - [14/Sep/2020:09:14:07 +0800] "POST /xingrg/dwr/call/plaincall/AjaxCheckService.setItemNumber.dwr HTTP/1.1" 200 77
116.230.74.197 - - [14/Sep/2020:09:14:07 +0800] "POST /xingrg/dwr/call/plaincall/AjaxCheckService.setItemNumber.dwr HTTP/1.1" 200 77
116.230.74.197 - - [14/Sep/2020:09:14:07 +0800] "POST /xingrg/dwr/call/plaincall/AjaxCheckService.setItemNumber.dwr HTTP/1.1" 200 77
116.230.74.197 - - [14/Sep/2020:09:14:08 +0800] "POST /xingrg/dwr/call/plaincall/AjaxCheckService.setItemNumber.dwr HTTP/1.1" 200 77
116.230.74.197 - - [14/Sep/2020:09:14:08 +0800] "POST /xingrg/dwr/call/plaincall/AjaxCheckService.setItemNumber.dwr HTTP/1.1" 200 77
116.230.74.197 - - [14/Sep/2020:09:14:09 +0800] "POST /xingrg/dwr/call/plaincall/AjaxCheckService.setItemNumber.dwr HTTP/1.1" 200 77
116.230.74.197 - - [14/Sep/2020:09:14:09 +0800] "POST /xingrg/dwr/call/plaincall/AjaxCheckService.setItemNumber.dwr HTTP/1.1" 200 77
116.230.74.197 - - [14/Sep/2020:09:14:10 +0800] "POST /xingrg/dwr/call/plaincall/AjaxCheckService.setItemNumber.dwr HTTP/1.1" 200 77
116.230.74.197 - - [14/Sep/2020:09:14:10 +0800] "POST /xingrg/dwr/call/plaincall/AjaxCheckService.setItemNumber.dwr HTTP/1.1" 200 77
172.17.0.105 - - [14/Sep/2020:09:14:16 +0800] "GET /xingrg/check_reg.html?_=1600046055258 HTTP/1.1" 200 22
172.17.0.105 - - [14/Sep/2020:09:14:16 +0800] "GET /xingrg/all/function/internal_message.html?_=1600046055257&CODE_STATE=getMsg HTTP/1.1" 200 27
116.230.74.197 - - [14/Sep/2020:09:14:16 +0800] "POST /xingrg/dwr/call/plaincall/AjaxCheckService.setItemNumber.dwr HTTP/1.1" 200 77
116.230.74.197 - - [14/Sep/2020:09:14:18 +0800] "POST /xingrg/dwr/call/plaincall/AjaxCheckService.setItemNumber.dwr HTTP/1.1" 200 77
116.230.74.197 - - [14/Sep/2020:09:14:18 +0800] "POST /xingrg/dwr/call/plaincall/AjaxCheckService.setItemNumber.dwr HTTP/1.1" 200 77
116.230.74.197 - - [14/Sep/2020:09:14:19 +0800] "POST /xingrg/dwr/call/plaincall/AjaxCheckService.setItemNumber.dwr HTTP/1.1" 200 77
116.230.74.197 - - [14/Sep/2020:09:14:22 +0800] "POST /xingrg/dwr/call/plaincall/AjaxCheckService.setItemNumber.dwr HTTP/1.1" 200 77
218.81.217.115 - - [14/Sep/2020:09:14:23 +0800] "GET /xingrg/all/function/internal_message.html?_=1600046066567&CODE_STATE=getMsg HTTP/1.1" 200 27
116.230.74.197 - - [14/Sep/2020:09:14:24 +0800] "POST /xingrg/dwr/call/plaincall/AjaxCheckService.setItemNumber.dwr HTTP/1.1" 200 77
116.230.74.197 - - [14/Sep/2020:09:14:24 +0800] "POST /xingrg/dwr/call/plaincall/AjaxCheckService.setItemNumber.dwr HTTP/1.1" 200 77
116.230.74.197 - - [14/Sep/2020:09:14:25 +0800] "POST /xingrg/dwr/call/plaincall/AjaxCheckService.setItemNumber.dwr HTTP/1.1" 200 77
116.230.74.197 - - [14/Sep/2020:09:14:26 +0800] "POST /xingrg/dwr/call/plaincall/AjaxCheckService.setItemNumber.dwr HTTP/1.1" 200 77
116.230.74.197 - - [14/Sep/2020:09:14:26 +0800] "POST /xingrg/dwr/call/plaincall/AjaxCheckService.setItemNumber.dwr HTTP/1.1" 200 77
116.230.74.197 - - [14/Sep/2020:09:14:26 +0800] "POST /xingrg/dwr/call/plaincall/AjaxCheckService.setItemNumber.dwr HTTP/1.1" 200 77
116.230.74.197 - - [14/Sep/2020:09:14:27 +0800] "POST /xingrg/dwr/call/plaincall/AjaxCheckService.setItemNumber.dwr HTTP/1.1" 200 77
116.230.74.197 - - [14/Sep/2020:09:14:28 +0800] "POST /xingrg/dwr/call/plaincall/AjaxCheckService.setItemNumber.dwr HTTP/1.1" 200 77
116.230.74.197 - - [14/Sep/2020:09:14:28 +0800] "POST /xingrg/dwr/call/plaincall/AjaxCheckService.setItemNumber.dwr HTTP/1.1" 200 77
116.230.74.197 - - [14/Sep/2020:09:14:29 +0800] "POST /xingrg/dwr/call/plaincall/AjaxCheckService.setItemNumber.dwr HTTP/1.1" 200 77
116.230.74.197 - - [14/Sep/2020:09:14:29 +0800] "POST /xingrg/dwr/call/plaincall/AjaxCheckService.setItemNumber.dwr HTTP/1.1" 200 77
222.69.136.144 - - [14/Sep/2020:09:14:30 +0800] "GET /xingrg/check_reg.html?_=1600046069015 HTTP/1.1" 200 22
116.230.74.197 - - [14/Sep/2020:09:14:30 +0800] "POST /xingrg/dwr/call/plaincall/AjaxCheckService.setItemNumber.dwr HTTP/1.1" 200 77
116.230.74.197 - - [14/Sep/2020:09:14:30 +0800] "POST /xingrg/dwr/call/plaincall/AjaxCheckService.setItemNumber.dwr HTTP/1.1" 200 77
222.69.136.144 - - [14/Sep/2020:09:14:30 +0800] "GET /xingrg/all/function/internal_message.html?_=1600046069618&CODE_STATE=getMsg HTTP/1.1" 200 27
116.230.74.197 - - [14/Sep/2020:09:14:31 +0800] "POST /xingrg/dwr/call/plaincall/AjaxCheckService.setItemNumber.dwr HTTP/1.1" 200 77
116.230.74.197 - - [14/Sep/2020:09:14:31 +0800] "POST /xingrg/dwr/call/plaincall/AjaxCheckService.setItemNumber.dwr HTTP/1.1" 200 77
114.82.29.189 - - [14/Sep/2020:09:14:32 +0800] "GET /xingrg/all/function/internal_message.html?_=1600046072218&CODE_STATE=getMsg HTTP/1.1" 200 27
116.230.74.197 - - [14/Sep/2020:09:14:33 +0800] "POST /xingrg/dwr/call/plaincall/AjaxCheckService.setItemNumber.dwr HTTP/1.1" 200 77
116.230.74.197 - - [14/Sep/2020:09:14:33 +0800] "POST /xingrg/dwr/call/plaincall/AjaxCheckService.setItemNumber.dwr HTTP/1.1" 200 77
116.230.74.197 - - [14/Sep/2020:09:14:34 +0800] "POST /xingrg/dwr/call/plaincall/AjaxCheckService.setItemNumber.dwr HTTP/1.1" 200 77
116.230.74.197 - - [14/Sep/2020:09:14:34 +0800] "POST /xingrg/dwr/call/plaincall/AjaxCheckService.setItemNumber.dwr HTTP/1.1" 200 77
116.230.74.197 - - [14/Sep/2020:09:14:35 +0800] "POST /xingrg/dwr/call/plaincall/AjaxCheckService.setItemNumber.dwr HTTP/1.1" 200 77
116.230.74.197 - - [14/Sep/2020:09:14:35 +0800] "POST /xingrg/dwr/call/plaincall/AjaxCheckService.setItemNumber.dwr HTTP/1.1" 200 77
116.230.74.197 - - [14/Sep/2020:09:14:36 +0800] "POST /xingrg/dwr/call/plaincall/AjaxCheckService.setItemNumber.dwr HTTP/1.1" 200 77
116.230.74.197 - - [14/Sep/2020:09:14:36 +0800] "POST /xingrg/dwr/call/plaincall/AjaxCheckService.setItemNumber.dwr HTTP/1.1" 200 77
116.230.74.197 - - [14/Sep/2020:09:14:37 +0800] "POST /xingrg/dwr/call/plaincall/AjaxCheckService.setItemNumber.dwr HTTP/1.1" 200 77
116.238.71.173 - - [14/Sep/2020:09:14:37 +0800] "GET /xingrg/all/function/internal_message.html?_=1600046202194&CODE_STATE=getMsg HTTP/1.1" 200 27
116.230.74.197 - - [14/Sep/2020:09:14:37 +0800] "POST /xingrg/dwr/call/plaincall/AjaxCheckService.setItemNumber.dwr HTTP/1.1" 200 77
116.230.74.197 - - [14/Sep/2020:09:14:38 +0800] "POST /xingrg/dwr/call/plaincall/AjaxCheckService.setItemNumber.dwr HTTP/1.1" 200 77
116.230.74.197 - - [14/Sep/2020:09:14:38 +0800] "POST /xingrg/dwr/call/plaincall/AjaxCheckService.setItemNumber.dwr HTTP/1.1" 200 77
116.235.241.164 - - [14/Sep/2020:09:14:39 +0800] "GET /xingrg/all/function/internal_message.html?_=1600046081204&CODE_STATE=getMsg HTTP/1.1" 200 27
116.230.74.197 - - [14/Sep/2020:09:14:40 +0800] "POST /xingrg/dwr/call/plaincall/AjaxCheckService.setItemNumber.dwr HTTP/1.1" 200 77
117.131.5.26 - - [14/Sep/2020:09:14:40 +0800] "POST /xingrg/kc/buy/cgsh_order_operate.html HTTP/1.1" 200 37
116.230.74.197 - - [14/Sep/2020:09:14:40 +0800] "POST /xingrg/dwr/call/plaincall/AjaxCheckService.setItemNumber.dwr HTTP/1.1" 200 77
117.131.5.26 - - [14/Sep/2020:09:14:41 +0800] "POST /xingrg/kc/buy/cgsh_order_operate.html HTTP/1.1" 200 4472
116.230.74.197 - - [14/Sep/2020:09:14:41 +0800] "POST /xingrg/dwr/call/plaincall/AjaxCheckService.setItemNumber.dwr HTTP/1.1" 200 77
116.230.74.197 - - [14/Sep/2020:09:14:42 +0800] "POST /xingrg/dwr/call/plaincall/AjaxCheckService.setItemNumber.dwr HTTP/1.1" 200 77
116.230.74.197 - - [14/Sep/2020:09:14:43 +0800] "POST /xingrg/dwr/call/plaincall/AjaxCheckService.setItemNumber.dwr HTTP/1.1" 200 77
116.233.72.67 - - [14/Sep/2020:09:14:43 +0800] "GET /xingrg/all/function/internal_message.html?_=1600046146140&CODE_STATE=getMsg HTTP/1.1" 200 27
116.230.74.197 - - [14/Sep/2020:09:14:43 +0800] "POST /xingrg/dwr/call/plaincall/AjaxCheckService.setItemNumber.dwr HTTP/1.1" 200 77
116.230.74.197 - - [14/Sep/2020:09:14:44 +0800] "POST /xingrg/dwr/call/plaincall/AjaxCheckService.setItemNumber.dwr HTTP/1.1" 200 77
120.253.135.82 - - [14/Sep/2020:09:14:45 +0800] "GET /xingrg/all/function/internal_message.html?_=1600046198708&CODE_STATE=getMsg HTTP/1.1" 200 27
116.230.74.197 - - [14/Sep/2020:09:14:47 +0800] "GET /xingrg/check_reg.html?_=1600046086196 HTTP/1.1" 200 22
117.131.5.26 - - [14/Sep/2020:09:14:48 +0800] "GET /xingrg/kc/print/load_config.html?kc_code=cgsh HTTP/1.1" 200 1845
117.131.5.26 - - [14/Sep/2020:09:14:48 +0800] "GET /xingrg/kc/print/load_data.html?order_code=212020091405863&kc_code=cgsh&condition= HTTP/1.1" 200 1379
116.238.71.173 - - [14/Sep/2020:09:14:48 +0800] "GET /xingrg/all/function/internal_message.html?_=1600046088726&CODE_STATE=getMsg HTTP/1.1" 200 27
114.88.166.242 - - [14/Sep/2020:09:14:50 +0800] "GET /xingrg/all/function/internal_message.html?_=1600046154698&CODE_STATE=getMsg HTTP/1.1" 200 27
116.230.74.197 - - [14/Sep/2020:09:14:50 +0800] "GET /xingrg/all/function/internal_message.html?_=1600046089332&CODE_STATE=getMsg HTTP/1.1" 200 27
117.131.5.26 - - [14/Sep/2020:09:14:56 +0800] "GET /xingrg/check_reg.html?_=1600046115564 HTTP/1.1" 200 22
117.131.5.26 - - [14/Sep/2020:09:14:56 +0800] "GET /xingrg/all/function/internal_message.html?_=1600046115565&CODE_STATE=getMsg HTTP/1.1" 200 27
116.235.241.164 - - [14/Sep/2020:09:14:58 +0800] "GET /xingrg/all/function/internal_message.html?_=1600046100442&CODE_STATE=getMsg HTTP/1.1" 200 27
172.17.200.101 - - [14/Sep/2020:09:15:01 +0800] "GET /xingrg/all/function/internal_message.html?_=1600046102806&CODE_STATE=getMsg HTTP/1.1" 200 27
116.230.74.197 - - [14/Sep/2020:09:15:03 +0800] "POST /xingrg/dwr/call/plaincall/AjaxCheckService.setItemNumber.dwr HTTP/1.1" 200 77
117.184.7.26 - - [14/Sep/2020:09:15:05 +0800] "GET /xingrg/all/function/internal_message.html?_=1600046103665&CODE_STATE=getMsg HTTP/1.1" 200 27
116.230.74.197 - - [14/Sep/2020:09:15:06 +0800] "POST /xingrg/dwr/call/plaincall/AjaxCheckService.setItemNumber.dwr HTTP/1.1" 200 77
116.230.74.197 - - [14/Sep/2020:09:15:07 +0800] "POST /xingrg/dwr/call/plaincall/AjaxCheckService.setItemNumber.dwr HTTP/1.1" 200 77
116.230.74.197 - - [14/Sep/2020:09:15:08 +0800] "POST /xingrg/dwr/call/plaincall/AjaxCheckService.setItemNumber.dwr HTTP/1.1" 200 77
116.230.74.197 - - [14/Sep/2020:09:15:08 +0800] "POST /xingrg/dwr/call/plaincall/AjaxCheckService.setItemNumber.dwr HTTP/1.1" 200 77
116.230.74.197 - - [14/Sep/2020:09:15:09 +0800] "POST /xingrg/dwr/call/plaincall/AjaxCheckService.setItemNumber.dwr HTTP/1.1" 200 77
116.230.74.197 - - [14/Sep/2020:09:15:09 +0800] "POST /xingrg/dwr/call/plaincall/AjaxCheckService.setItemNumber.dwr HTTP/1.1" 200 77
116.230.74.197 - - [14/Sep/2020:09:15:10 +0800] "POST /xingrg/dwr/call/plaincall/AjaxCheckService.setItemNumber.dwr HTTP/1.1" 200 77
116.230.74.197 - - [14/Sep/2020:09:15:12 +0800] "POST /xingrg/dwr/call/plaincall/AjaxCheckService.setItemNumber.dwr HTTP/1.1" 200 77
116.230.74.197 - - [14/Sep/2020:09:15:13 +0800] "POST /xingrg/dwr/call/plaincall/AjaxCheckService.setItemNumber.dwr HTTP/1.1" 200 77
116.230.74.197 - - [14/Sep/2020:09:15:13 +0800] "POST /xingrg/dwr/call/plaincall/AjaxCheckService.setItemNumber.dwr HTTP/1.1" 200 77
116.230.74.197 - - [14/Sep/2020:09:15:14 +0800] "POST /xingrg/dwr/call/plaincall/AjaxCheckService.setItemNumber.dwr HTTP/1.1" 200 77
116.230.74.197 - - [14/Sep/2020:09:15:14 +0800] "POST /xingrg/dwr/call/plaincall/AjaxCheckService.setItemNumber.dwr HTTP/1.1" 200 77
116.238.71.173 - - [14/Sep/2020:09:15:15 +0800] "GET /xingrg/check_reg.html?_=1600046240437 HTTP/1.1" 200 22
172.17.0.105 - - [14/Sep/2020:09:15:16 +0800] "GET /xingrg/all/function/internal_message.html?_=1600046115208&CODE_STATE=getMsg HTTP/1.1" 200 27
116.230.74.197 - - [14/Sep/2020:09:15:19 +0800] "POST /xingrg/dwr/call/plaincall/AjaxCheckService.setItemNumber.dwr HTTP/1.1" 200 77
116.230.74.197 - - [14/Sep/2020:09:15:19 +0800] "POST /xingrg/dwr/call/plaincall/AjaxCheckService.setItemNumber.dwr HTTP/1.1" 200 77
116.230.74.197 - - [14/Sep/2020:09:15:20 +0800] "POST /xingrg/dwr/call/plaincall/AjaxCheckService.setItemNumber.dwr HTTP/1.1" 200 77
116.230.74.197 - - [14/Sep/2020:09:15:20 +0800] "POST /xingrg/dwr/call/plaincall/AjaxCheckService.setItemNumber.dwr HTTP/1.1" 200 78
116.230.74.197 - - [14/Sep/2020:09:15:21 +0800] "POST /xingrg/dwr/call/plaincall/AjaxCheckService.setItemNumber.dwr HTTP/1.1" 200 78
116.230.74.197 - - [14/Sep/2020:09:15:22 +0800] "POST /xingrg/dwr/call/plaincall/AjaxCheckService.setItemNumber.dwr HTTP/1.1" 200 78
116.230.74.197 - - [14/Sep/2020:09:15:22 +0800] "POST /xingrg/dwr/call/plaincall/AjaxCheckService.setItemNumber.dwr HTTP/1.1" 200 78
116.230.74.197 - - [14/Sep/2020:09:15:22 +0800] "POST /xingrg/dwr/call/plaincall/AjaxCheckService.setItemNumber.dwr HTTP/1.1" 200 78
116.230.74.197 - - [14/Sep/2020:09:15:23 +0800] "POST /xingrg/dwr/call/plaincall/AjaxCheckService.setItemNumber.dwr HTTP/1.1" 200 78
218.81.217.115 - - [14/Sep/2020:09:15:23 +0800] "GET /xingrg/all/function/internal_message.html?_=1600046126655&CODE_STATE=getMsg HTTP/1.1" 200 27
116.230.74.197 - - [14/Sep/2020:09:15:24 +0800] "POST /xingrg/dwr/call/plaincall/AjaxCheckService.setItemNumber.dwr HTTP/1.1" 200 78
218.81.217.115 - - [14/Sep/2020:09:15:24 +0800] "GET /xingrg/check_reg.html?_=1600046127361 HTTP/1.1" 200 22
116.230.74.197 - - [14/Sep/2020:09:15:24 +0800] "POST /xingrg/dwr/call/plaincall/AjaxCheckService.setItemNumber.dwr HTTP/1.1" 200 78
116.230.74.197 - - [14/Sep/2020:09:15:24 +0800] "POST /xingrg/dwr/call/plaincall/AjaxCheckService.setItemNumber.dwr HTTP/1.1" 200 78
116.230.74.197 - - [14/Sep/2020:09:15:25 +0800] "POST /xingrg/dwr/call/plaincall/AjaxCheckService.setItemNumber.dwr HTTP/1.1" 200 78
116.230.74.197 - - [14/Sep/2020:09:15:25 +0800] "POST /xingrg/dwr/call/plaincall/AjaxCheckService.setItemNumber.dwr HTTP/1.1" 200 78
116.230.74.197 - - [14/Sep/2020:09:15:26 +0800] "POST /xingrg/dwr/call/plaincall/AjaxCheckService.setItemNumber.dwr HTTP/1.1" 200 78
116.230.74.197 - - [14/Sep/2020:09:15:26 +0800] "POST /xingrg/dwr/call/plaincall/AjaxCheckService.setItemNumber.dwr HTTP/1.1" 200 78
222.69.136.144 - - [14/Sep/2020:09:15:26 +0800] "GET /xingrg/kc/buy/cgsh_order_operate.html?command=get_materiel&rest_code=00149&code=00101007049&supplier_code=00100205&order_time=2020-09-14 HTTP/1.1" 200 409
116.230.74.197 - - [14/Sep/2020:09:15:27 +0800] "POST /xingrg/dwr/call/plaincall/AjaxCheckService.setItemNumber.dwr HTTP/1.1" 200 78
116.230.74.197 - - [14/Sep/2020:09:15:27 +0800] "POST /xingrg/dwr/call/plaincall/AjaxCheckService.setItemNumber.dwr HTTP/1.1" 200 78
116.230.74.197 - - [14/Sep/2020:09:15:28 +0800] "POST /xingrg/dwr/call/plaincall/AjaxCheckService.setItemNumber.dwr HTTP/1.1" 200 78
116.230.74.197 - - [14/Sep/2020:09:15:28 +0800] "POST /xingrg/dwr/call/plaincall/AjaxCheckService.setItemNumber.dwr HTTP/1.1" 200 78
116.230.74.197 - - [14/Sep/2020:09:15:29 +0800] "POST /xingrg/dwr/call/plaincall/AjaxCheckService.setItemNumber.dwr HTTP/1.1" 200 78
116.230.74.197 - - [14/Sep/2020:09:15:29 +0800] "POST /xingrg/dwr/call/plaincall/AjaxCheckService.setItemNumber.dwr HTTP/1.1" 200 78
116.230.74.197 - - [14/Sep/2020:09:15:30 +0800] "POST /xingrg/dwr/call/plaincall/AjaxCheckService.setItemNumber.dwr HTTP/1.1" 200 78
116.230.74.197 - - [14/Sep/2020:09:15:30 +0800] "POST /xingrg/dwr/call/plaincall/AjaxCheckService.setItemNumber.dwr HTTP/1.1" 200 78
222.69.136.144 - - [14/Sep/2020:09:15:30 +0800] "GET /xingrg/all/function/internal_message.html?_=1600046129598&CODE_STATE=getMsg HTTP/1.1" 200 27
116.230.74.197 - - [14/Sep/2020:09:15:30 +0800] "POST /xingrg/dwr/call/plaincall/AjaxCheckService.setItemNumber.dwr HTTP/1.1" 200 78
116.230.74.197 - - [14/Sep/2020:09:15:31 +0800] "POST /xingrg/dwr/call/plaincall/AjaxCheckService.setItemNumber.dwr HTTP/1.1" 200 78
116.230.74.197 - - [14/Sep/2020:09:15:31 +0800] "POST /xingrg/dwr/call/plaincall/AjaxCheckService.setItemNumber.dwr HTTP/1.1" 200 78
114.82.29.189 - - [14/Sep/2020:09:15:32 +0800] "GET /xingrg/all/function/internal_message.html?_=1600046132213&CODE_STATE=getMsg HTTP/1.1" 200 27
116.230.74.197 - - [14/Sep/2020:09:15:34 +0800] "POST /xingrg/dwr/call/plaincall/AjaxCheckService.setItemNumber.dwr HTTP/1.1" 200 78
116.230.74.197 - - [14/Sep/2020:09:15:35 +0800] "POST /xingrg/dwr/call/plaincall/AjaxCheckService.setItemNumber.dwr HTTP/1.1" 200 78
116.230.74.197 - - [14/Sep/2020:09:15:35 +0800] "POST /xingrg/dwr/call/plaincall/AjaxCheckService.setItemNumber.dwr HTTP/1.1" 200 78
116.230.74.197 - - [14/Sep/2020:09:15:36 +0800] "POST /xingrg/dwr/call/plaincall/AjaxCheckService.setItemNumber.dwr HTTP/1.1" 200 78
116.230.74.197 - - [14/Sep/2020:09:15:36 +0800] "POST /xingrg/dwr/call/plaincall/AjaxCheckService.setItemNumber.dwr HTTP/1.1" 200 78
116.238.71.173 - - [14/Sep/2020:09:15:37 +0800] "GET /xingrg/all/function/internal_message.html?_=1600046262200&CODE_STATE=getMsg HTTP/1.1" 200 27
116.230.74.197 - - [14/Sep/2020:09:15:37 +0800] "POST /xingrg/dwr/call/plaincall/AjaxCheckService.setItemNumber.dwr HTTP/1.1" 200 78
116.230.74.197 - - [14/Sep/2020:09:15:38 +0800] "POST /xingrg/dwr/call/plaincall/AjaxCheckService.setItemNumber.dwr HTTP/1.1" 200 78
222.69.136.144 - - [14/Sep/2020:09:15:38 +0800] "GET /xingrg/kc/buy/cgsh_order_operate.html?command=get_materiel&rest_code=00149&code=00101007048&supplier_code=00100205&order_time=2020-09-14 HTTP/1.1" 200 408
116.230.74.197 - - [14/Sep/2020:09:15:38 +0800] "POST /xingrg/dwr/call/plaincall/AjaxCheckService.setItemNumber.dwr HTTP/1.1" 200 78
116.230.74.197 - - [14/Sep/2020:09:15:39 +0800] "POST /xingrg/dwr/call/plaincall/AjaxCheckService.setItemNumber.dwr HTTP/1.1" 200 78
116.235.241.164 - - [14/Sep/2020:09:15:39 +0800] "GET /xingrg/all/function/internal_message.html?_=1600046141203&CODE_STATE=getMsg HTTP/1.1" 200 27
116.230.74.197 - - [14/Sep/2020:09:15:39 +0800] "POST /xingrg/dwr/call/plaincall/AjaxCheckService.setItemNumber.dwr HTTP/1.1" 200 78
116.230.74.197 - - [14/Sep/2020:09:15:40 +0800] "POST /xingrg/dwr/call/plaincall/AjaxCheckService.setItemNumber.dwr HTTP/1.1" 200 78
116.230.74.197 - - [14/Sep/2020:09:15:41 +0800] "POST /xingrg/dwr/call/plaincall/AjaxCheckService.setItemNumber.dwr HTTP/1.1" 200 78
116.230.74.197 - - [14/Sep/2020:09:15:42 +0800] "POST /xingrg/dwr/call/plaincall/AjaxCheckService.setItemNumber.dwr HTTP/1.1" 200 78
116.233.72.67 - - [14/Sep/2020:09:15:43 +0800] "GET /xingrg/check_reg.html?_=1600046206140 HTTP/1.1" 200 22
116.233.72.67 - - [14/Sep/2020:09:15:43 +0800] "GET /xingrg/all/function/internal_message.html?_=1600046206156&CODE_STATE=getMsg HTTP/1.1" 200 27
116.230.74.197 - - [14/Sep/2020:09:15:43 +0800] "POST /xingrg/dwr/call/plaincall/AjaxCheckService.setItemNumber.dwr HTTP/1.1" 200 78
120.253.135.82 - - [14/Sep/2020:09:15:44 +0800] "GET /xingrg/check_reg.html?_=1600046257823 HTTP/1.1" 200 22
116.230.74.197 - - [14/Sep/2020:09:15:44 +0800] "POST /xingrg/dwr/call/plaincall/AjaxCheckService.setItemNumber.dwr HTTP/1.1" 200 78
120.253.135.82 - - [14/Sep/2020:09:15:45 +0800] "GET /xingrg/all/function/internal_message.html?_=1600046258721&CODE_STATE=getMsg HTTP/1.1" 200 27
116.230.74.197 - - [14/Sep/2020:09:15:45 +0800] "POST /xingrg/dwr/call/plaincall/AjaxCheckService.setItemNumber.dwr HTTP/1.1" 200 78
116.230.74.197 - - [14/Sep/2020:09:15:46 +0800] "POST /xingrg/dwr/call/plaincall/AjaxCheckService.setItemNumber.dwr HTTP/1.1" 200 78
222.69.136.144 - - [14/Sep/2020:09:15:46 +0800] "GET /xingrg/kc/buy/cgsh_order_operate.html?command=get_materiel&rest_code=00149&code=00101007083&supplier_code=00100205&order_time=2020-09-14 HTTP/1.1" 200 423
116.230.74.197 - - [14/Sep/2020:09:15:47 +0800] "POST /xingrg/dwr/call/plaincall/AjaxCheckService.setItemNumber.dwr HTTP/1.1" 200 78
116.238.71.173 - - [14/Sep/2020:09:15:48 +0800] "GET /xingrg/all/function/internal_message.html?_=1600046148775&CODE_STATE=getMsg HTTP/1.1" 200 27
114.88.166.242 - - [14/Sep/2020:09:15:50 +0800] "GET /xingrg/all/function/internal_message.html?_=1600046214697&CODE_STATE=getMsg HTTP/1.1" 200 27
116.230.74.197 - - [14/Sep/2020:09:15:50 +0800] "GET /xingrg/all/function/internal_message.html?_=1600046149324&CODE_STATE=getMsg HTTP/1.1" 200 27
117.131.5.26 - - [14/Sep/2020:09:15:56 +0800] "GET /xingrg/all/function/internal_message.html?_=1600046175560&CODE_STATE=getMsg HTTP/1.1" 200 27
116.235.241.164 - - [14/Sep/2020:09:15:58 +0800] "GET /xingrg/all/function/internal_message.html?_=1600046160441&CODE_STATE=getMsg HTTP/1.1" 200 27
222.69.136.144 - - [14/Sep/2020:09:16:00 +0800] "GET /xingrg/kc/buy/cgsh_order_operate.html?command=get_materiel&rest_code=00149&code=00101007023&supplier_code=00100205&order_time=2020-09-14 HTTP/1.1" 200 409
172.17.200.101 - - [14/Sep/2020:09:16:01 +0800] "GET /xingrg/all/function/internal_message.html?_=1600046162808&CODE_STATE=getMsg HTTP/1.1" 200 27
120.253.135.82 - - [14/Sep/2020:09:16:03 +0800] "GET /xingrg/check_reg.html?_=1600046276744 HTTP/1.1" 200 22
117.184.7.26 - - [14/Sep/2020:09:16:05 +0800] "GET /xingrg/all/function/internal_message.html?_=1600046163666&CODE_STATE=getMsg HTTP/1.1" 200 27
114.82.29.189 - - [14/Sep/2020:09:16:14 +0800] "GET /xingrg/kc/buy/cgsh_order_operate.html?command=get_materiel&rest_code=00105&code=00101008137&supplier_code=00100203&order_time=2020-09-14 HTTP/1.1" 200 408
222.69.136.144 - - [14/Sep/2020:09:16:15 +0800] "GET /xingrg/kc/buy/cgsh_order_operate.html?command=get_materiel&rest_code=00149&code=00101007038&supplier_code=00100205&order_time=2020-09-14 HTTP/1.1" 200 441
172.17.0.105 - - [14/Sep/2020:09:16:16 +0800] "GET /xingrg/all/function/internal_message.html?_=1600046175212&CODE_STATE=getMsg HTTP/1.1" 200 27
218.81.217.115 - - [14/Sep/2020:09:16:23 +0800] "GET /xingrg/all/function/internal_message.html?_=1600046186657&CODE_STATE=getMsg HTTP/1.1" 200 27
222.69.136.144 - - [14/Sep/2020:09:16:24 +0800] "GET /xingrg/kc/buy/cgsh_order_operate.html?command=get_materiel&rest_code=00149&code=00101007081&supplier_code=00100205&order_time=2020-09-14 HTTP/1.1" 200 415
222.69.136.144 - - [14/Sep/2020:09:16:30 +0800] "GET /xingrg/all/function/internal_message.html?_=1600046189588&CODE_STATE=getMsg HTTP/1.1" 200 27
114.82.29.189 - - [14/Sep/2020:09:16:32 +0800] "GET /xingrg/all/function/internal_message.html?_=1600046192218&CODE_STATE=getMsg HTTP/1.1" 200 27
114.82.29.189 - - [14/Sep/2020:09:16:32 +0800] "GET /xingrg/check_reg.html?_=1600046192220 HTTP/1.1" 200 22
222.69.136.144 - - [14/Sep/2020:09:16:33 +0800] "GET /xingrg/kc/buy/cgsh_order_operate.html?command=get_materiel&rest_code=00149&code=00101007082&supplier_code=00100205&order_time=2020-09-14 HTTP/1.1" 200 427
116.238.71.173 - - [14/Sep/2020:09:16:37 +0800] "GET /xingrg/all/function/internal_message.html?_=1600046322213&CODE_STATE=getMsg HTTP/1.1" 200 27
116.235.241.164 - - [14/Sep/2020:09:16:39 +0800] "GET /xingrg/all/function/internal_message.html?_=1600046201203&CODE_STATE=getMsg HTTP/1.1" 200 27
116.235.241.164 - - [14/Sep/2020:09:16:39 +0800] "GET /xingrg/check_reg.html?_=1600046201207 HTTP/1.1" 200 22
114.82.29.189 - - [14/Sep/2020:09:16:39 +0800] "POST /xingrg/kc/buy/cgsh_order_operate.html HTTP/1.1" 200 37
114.82.29.189 - - [14/Sep/2020:09:16:40 +0800] "POST /xingrg/kc/buy/cgsh_order_operate.html HTTP/1.1" 200 28078
116.230.74.197 - - [14/Sep/2020:09:16:43 +0800] "POST /xingrg/dwr/call/plaincall/AjaxCheckService.setItemNumber.dwr HTTP/1.1" 200 78
222.69.136.144 - - [14/Sep/2020:09:16:43 +0800] "GET /xingrg/kc/buy/cgsh_order_operate.html?command=get_materiel&rest_code=00149&code=00101007125&supplier_code=00100205&order_time=2020-09-14 HTTP/1.1" 200 408
116.230.74.197 - - [14/Sep/2020:09:16:43 +0800] "POST /xingrg/dwr/call/plaincall/AjaxCheckService.setItemNumber.dwr HTTP/1.1" 200 78
116.233.72.67 - - [14/Sep/2020:09:16:43 +0800] "GET /xingrg/all/function/internal_message.html?_=1600046266156&CODE_STATE=getMsg HTTP/1.1" 200 27
114.82.29.189 - - [14/Sep/2020:09:16:44 +0800] "GET /xingrg/kc/print/load_data.html?order_code=212020091405849&kc_code=cgsh&condition= HTTP/1.1" 200 10246
120.253.135.82 - - [14/Sep/2020:09:16:45 +0800] "GET /xingrg/all/function/internal_message.html?_=1600046318734&CODE_STATE=getMsg HTTP/1.1" 200 27
116.230.74.197 - - [14/Sep/2020:09:16:45 +0800] "POST /xingrg/dwr/call/plaincall/AjaxCheckService.setItemNumber.dwr HTTP/1.1" 200 78
116.230.74.197 - - [14/Sep/2020:09:16:46 +0800] "POST /xingrg/dwr/call/plaincall/AjaxCheckService.setItemNumber.dwr HTTP/1.1" 200 78
116.230.74.197 - - [14/Sep/2020:09:16:47 +0800] "POST /xingrg/dwr/call/plaincall/AjaxCheckService.setItemNumber.dwr HTTP/1.1" 200 78
116.230.74.197 - - [14/Sep/2020:09:16:47 +0800] "POST /xingrg/dwr/call/plaincall/AjaxCheckService.setItemNumber.dwr HTTP/1.1" 200 78
116.230.74.197 - - [14/Sep/2020:09:16:48 +0800] "POST /xingrg/dwr/call/plaincall/AjaxCheckService.setItemNumber.dwr HTTP/1.1" 200 78
116.238.71.173 - - [14/Sep/2020:09:16:48 +0800] "GET /xingrg/all/function/internal_message.html?_=1600046208823&CODE_STATE=getMsg HTTP/1.1" 200 27
116.238.71.173 - - [14/Sep/2020:09:16:48 +0800] "GET /xingrg/check_reg.html?_=1600046208822 HTTP/1.1" 200 22
114.88.166.242 - - [14/Sep/2020:09:16:50 +0800] "GET /xingrg/all/function/internal_message.html?_=1600046274698&CODE_STATE=getMsg HTTP/1.1" 200 27
116.230.74.197 - - [14/Sep/2020:09:16:50 +0800] "POST /xingrg/dwr/call/plaincall/AjaxCheckService.setItemNumber.dwr HTTP/1.1" 200 78
116.230.74.197 - - [14/Sep/2020:09:16:50 +0800] "GET /xingrg/all/function/internal_message.html?_=1600046209298&CODE_STATE=getMsg HTTP/1.1" 200 27
116.230.74.197 - - [14/Sep/2020:09:16:51 +0800] "POST /xingrg/dwr/call/plaincall/AjaxCheckService.setItemNumber.dwr HTTP/1.1" 200 78
116.230.74.197 - - [14/Sep/2020:09:16:52 +0800] "POST /xingrg/dwr/call/plaincall/AjaxCheckService.setItemNumber.dwr HTTP/1.1" 200 78
116.230.74.197 - - [14/Sep/2020:09:16:52 +0800] "POST /xingrg/dwr/call/plaincall/AjaxCheckService.setItemNumber.dwr HTTP/1.1" 200 78
116.230.74.197 - - [14/Sep/2020:09:16:53 +0800] "POST /xingrg/dwr/call/plaincall/AjaxCheckService.setItemNumber.dwr HTTP/1.1" 200 78
116.230.74.197 - - [14/Sep/2020:09:16:55 +0800] "POST /xingrg/dwr/call/plaincall/AjaxCheckService.setItemNumber.dwr HTTP/1.1" 200 78
116.230.74.197 - - [14/Sep/2020:09:16:56 +0800] "POST /xingrg/dwr/call/plaincall/AjaxCheckService.setItemNumber.dwr HTTP/1.1" 200 78
117.131.5.26 - - [14/Sep/2020:09:16:56 +0800] "GET /xingrg/all/function/internal_message.html?_=1600046235553&CODE_STATE=getMsg HTTP/1.1" 200 27
116.230.74.197 - - [14/Sep/2020:09:16:56 +0800] "POST /xingrg/dwr/call/plaincall/AjaxCheckService.setItemNumber.dwr HTTP/1.1" 200 78
116.230.74.197 - - [14/Sep/2020:09:16:57 +0800] "POST /xingrg/dwr/call/plaincall/AjaxCheckService.setItemNumber.dwr HTTP/1.1" 200 78
222.69.136.144 - - [14/Sep/2020:09:16:58 +0800] "GET /xingrg/kc/buy/cgsh_order_operate.html?command=get_materiel&rest_code=00149&code=00101007141&supplier_code=00100205&order_time=2020-09-14 HTTP/1.1" 200 393
116.230.74.197 - - [14/Sep/2020:09:16:58 +0800] "POST /xingrg/dwr/call/plaincall/AjaxCheckService.setItemNumber.dwr HTTP/1.1" 200 78
116.235.241.164 - - [14/Sep/2020:09:16:58 +0800] "GET /xingrg/all/function/internal_message.html?_=1600046220443&CODE_STATE=getMsg HTTP/1.1" 200 27
116.235.241.164 - - [14/Sep/2020:09:16:58 +0800] "GET /xingrg/check_reg.html?_=1600046220445 HTTP/1.1" 200 22
116.230.74.197 - - [14/Sep/2020:09:16:59 +0800] "POST /xingrg/dwr/call/plaincall/AjaxCheckService.setItemNumber.dwr HTTP/1.1" 200 78
116.230.74.197 - - [14/Sep/2020:09:17:00 +0800] "POST /xingrg/dwr/call/plaincall/AjaxCheckService.setItemNumber.dwr HTTP/1.1" 200 78
116.230.74.197 - - [14/Sep/2020:09:17:01 +0800] "POST /xingrg/dwr/call/plaincall/AjaxCheckService.setItemNumber.dwr HTTP/1.1" 200 78
172.17.200.101 - - [14/Sep/2020:09:17:01 +0800] "GET /xingrg/all/function/internal_message.html?_=1600046222811&CODE_STATE=getMsg HTTP/1.1" 200 27
172.17.200.101 - - [14/Sep/2020:09:17:01 +0800] "GET /xingrg/check_reg.html?_=1600046222814 HTTP/1.1" 200 22
116.230.74.197 - - [14/Sep/2020:09:17:01 +0800] "POST /xingrg/dwr/call/plaincall/AjaxCheckService.setItemNumber.dwr HTTP/1.1" 200 78
116.230.74.197 - - [14/Sep/2020:09:17:02 +0800] "POST /xingrg/dwr/call/plaincall/AjaxCheckService.setItemNumber.dwr HTTP/1.1" 200 78
116.230.74.197 - - [14/Sep/2020:09:17:02 +0800] "POST /xingrg/dwr/call/plaincall/AjaxCheckService.setItemNumber.dwr HTTP/1.1" 200 78
116.230.74.197 - - [14/Sep/2020:09:17:03 +0800] "POST /xingrg/dwr/call/plaincall/AjaxCheckService.setItemNumber.dwr HTTP/1.1" 200 78
116.230.74.197 - - [14/Sep/2020:09:17:03 +0800] "POST /xingrg/dwr/call/plaincall/AjaxCheckService.setItemNumber.dwr HTTP/1.1" 200 78
116.230.74.197 - - [14/Sep/2020:09:17:04 +0800] "POST /xingrg/dwr/call/plaincall/AjaxCheckService.setItemNumber.dwr HTTP/1.1" 200 78
116.230.74.197 - - [14/Sep/2020:09:17:04 +0800] "POST /xingrg/dwr/call/plaincall/AjaxCheckService.setItemNumber.dwr HTTP/1.1" 200 78
114.82.29.189 - - [14/Sep/2020:09:17:04 +0800] "POST /xingrg/services/DataTransmitService HTTP/1.1" 200 524
117.184.7.26 - - [14/Sep/2020:09:17:05 +0800] "GET /xingrg/all/function/internal_message.html?_=1600046223667&CODE_STATE=getMsg HTTP/1.1" 200 27
114.82.29.189 - - [14/Sep/2020:09:17:05 +0800] "POST /xingrg/services/DataTransmitService HTTP/1.1" 200 501
116.230.74.197 - - [14/Sep/2020:09:17:05 +0800] "POST /xingrg/dwr/call/plaincall/AjaxCheckService.setItemNumber.dwr HTTP/1.1" 200 78
114.82.29.189 - - [14/Sep/2020:09:17:05 +0800] "POST /xingrg/services/DataTransmitService HTTP/1.1" 200 501
222.69.136.144 - - [14/Sep/2020:09:17:05 +0800] "GET /xingrg/kc/buy/cgsh_order_operate.html?command=get_materiel&rest_code=00149&code=00101007059&supplier_code=00100205&order_time=2020-09-14 HTTP/1.1" 200 409
116.230.74.197 - - [14/Sep/2020:09:17:05 +0800] "POST /xingrg/dwr/call/plaincall/AjaxCheckService.setItemNumber.dwr HTTP/1.1" 200 78
116.230.74.197 - - [14/Sep/2020:09:17:06 +0800] "POST /xingrg/dwr/call/plaincall/AjaxCheckService.setItemNumber.dwr HTTP/1.1" 200 78
114.82.29.189 - - [14/Sep/2020:09:17:06 +0800] "POST /xingrg/services/DataTransmitService HTTP/1.1" 200 501
116.230.74.197 - - [14/Sep/2020:09:17:06 +0800] "POST /xingrg/dwr/call/plaincall/AjaxCheckService.setItemNumber.dwr HTTP/1.1" 200 78
114.82.29.189 - - [14/Sep/2020:09:17:07 +0800] "POST /xingrg/services/DataTransmitService HTTP/1.1" 200 501
116.230.74.197 - - [14/Sep/2020:09:17:07 +0800] "POST /xingrg/dwr/call/plaincall/AjaxCheckService.setItemNumber.dwr HTTP/1.1" 200 78
114.82.29.189 - - [14/Sep/2020:09:17:07 +0800] "POST /xingrg/services/DataTransmitService HTTP/1.1" 200 501
116.230.74.197 - - [14/Sep/2020:09:17:07 +0800] "POST /xingrg/dwr/call/plaincall/AjaxCheckService.setItemNumber.dwr HTTP/1.1" 200 78
114.82.29.189 - - [14/Sep/2020:09:17:08 +0800] "POST /xingrg/services/DataTransmitService HTTP/1.1" 200 501
116.230.74.197 - - [14/Sep/2020:09:17:08 +0800] "POST /xingrg/dwr/call/plaincall/AjaxCheckService.setItemNumber.dwr HTTP/1.1" 200 78
114.82.29.189 - - [14/Sep/2020:09:17:08 +0800] "POST /xingrg/services/DataTransmitService HTTP/1.1" 200 501
114.82.29.189 - - [14/Sep/2020:09:17:09 +0800] "POST /xingrg/services/DataTransmitService HTTP/1.1" 200 501
116.230.74.197 - - [14/Sep/2020:09:17:10 +0800] "POST /xingrg/dwr/call/plaincall/AjaxCheckService.setItemNumber.dwr HTTP/1.1" 200 78
114.82.29.189 - - [14/Sep/2020:09:17:11 +0800] "POST /xingrg/services/DataTransmitService HTTP/1.1" 200 412
114.88.166.242 - - [14/Sep/2020:09:17:11 +0800] "GET /xingrg/check_reg.html?_=1600046229673 HTTP/1.1" 200 22
116.230.74.197 - - [14/Sep/2020:09:17:16 +0800] "POST /xingrg/dwr/call/plaincall/AjaxCheckService.setItemNumber.dwr HTTP/1.1" 200 78
172.17.0.105 - - [14/Sep/2020:09:17:16 +0800] "GET /xingrg/all/function/internal_message.html?_=1600046235198&CODE_STATE=getMsg HTTP/1.1" 200 27
116.230.74.197 - - [14/Sep/2020:09:17:16 +0800] "POST /xingrg/dwr/call/plaincall/AjaxCheckService.setItemNumber.dwr HTTP/1.1" 200 78
116.230.74.197 - - [14/Sep/2020:09:17:17 +0800] "POST /xingrg/dwr/call/plaincall/AjaxCheckService.setItemNumber.dwr HTTP/1.1" 200 78
116.230.74.197 - - [14/Sep/2020:09:17:17 +0800] "POST /xingrg/dwr/call/plaincall/AjaxCheckService.setItemNumber.dwr HTTP/1.1" 200 78
116.230.74.197 - - [14/Sep/2020:09:17:18 +0800] "POST /xingrg/dwr/call/plaincall/AjaxCheckService.setItemNumber.dwr HTTP/1.1" 200 78
116.230.74.197 - - [14/Sep/2020:09:17:18 +0800] "POST /xingrg/dwr/call/plaincall/AjaxCheckService.setItemNumber.dwr HTTP/1.1" 200 78
116.230.74.197 - - [14/Sep/2020:09:17:18 +0800] "POST /xingrg/dwr/call/plaincall/AjaxCheckService.setItemNumber.dwr HTTP/1.1" 200 78
116.230.74.197 - - [14/Sep/2020:09:17:19 +0800] "POST /xingrg/dwr/call/plaincall/AjaxCheckService.setItemNumber.dwr HTTP/1.1" 200 78
116.230.74.197 - - [14/Sep/2020:09:17:19 +0800] "POST /xingrg/dwr/call/plaincall/AjaxCheckService.setItemNumber.dwr HTTP/1.1" 200 78
222.69.136.144 - - [14/Sep/2020:09:17:20 +0800] "POST /xingrg/kc/buy/cgsh_order_operate.html HTTP/1.1" 200 37
116.230.74.197 - - [14/Sep/2020:09:17:20 +0800] "POST /xingrg/dwr/call/plaincall/AjaxCheckService.setItemNumber.dwr HTTP/1.1" 200 78
116.230.74.197 - - [14/Sep/2020:09:17:20 +0800] "POST /xingrg/dwr/call/plaincall/AjaxCheckService.setItemNumber.dwr HTTP/1.1" 200 78
116.230.74.197 - - [14/Sep/2020:09:17:21 +0800] "POST /xingrg/dwr/call/plaincall/AjaxCheckService.setItemNumber.dwr HTTP/1.1" 200 78
116.230.74.197 - - [14/Sep/2020:09:17:21 +0800] "POST /xingrg/dwr/call/plaincall/AjaxCheckService.setItemNumber.dwr HTTP/1.1" 200 78
116.230.74.197 - - [14/Sep/2020:09:17:22 +0800] "POST /xingrg/dwr/call/plaincall/AjaxCheckService.setItemNumber.dwr HTTP/1.1" 200 78
116.230.74.197 - - [14/Sep/2020:09:17:22 +0800] "POST /xingrg/dwr/call/plaincall/AjaxCheckService.setItemNumber.dwr HTTP/1.1" 200 78
116.230.74.197 - - [14/Sep/2020:09:17:23 +0800] "POST /xingrg/dwr/call/plaincall/AjaxCheckService.setItemNumber.dwr HTTP/1.1" 200 78
58.37.9.106 - - [14/Sep/2020:09:17:23 +0800] "GET /xingrg/check_reg.html?_=1600046226653 HTTP/1.1" 200 22
218.81.217.115 - - [14/Sep/2020:09:17:23 +0800] "GET /xingrg/all/function/internal_message.html?_=1600046246671&CODE_STATE=getMsg HTTP/1.1" 200 27
114.82.29.189 - - [14/Sep/2020:09:17:23 +0800] "POST /xingrg/services/DataTransmitService HTTP/1.1" 200 524
222.69.136.144 - - [14/Sep/2020:09:17:23 +0800] "POST /xingrg/kc/buy/cgsh_order_operate.html HTTP/1.1" 200 12
116.230.74.197 - - [14/Sep/2020:09:17:24 +0800] "POST /xingrg/dwr/call/plaincall/AjaxCheckService.setItemNumber.dwr HTTP/1.1" 200 78
116.230.74.197 - - [14/Sep/2020:09:17:24 +0800] "POST /xingrg/dwr/call/plaincall/AjaxCheckService.setItemNumber.dwr HTTP/1.1" 200 78
114.82.29.189 - - [14/Sep/2020:09:17:24 +0800] "POST /xingrg/services/DataTransmitService HTTP/1.1" 200 501
222.69.136.144 - - [14/Sep/2020:09:17:24 +0800] "GET /xingrg/kc/buy/cgsh_order_info.html?code=212020091405864 HTTP/1.1" 200 54663
114.82.29.189 - - [14/Sep/2020:09:17:25 +0800] "POST /xingrg/services/DataTransmitService HTTP/1.1" 200 501
116.230.74.197 - - [14/Sep/2020:09:17:25 +0800] "POST /xingrg/dwr/call/plaincall/AjaxCheckService.setItemNumber.dwr HTTP/1.1" 200 78
222.69.136.144 - - [14/Sep/2020:09:17:25 +0800] "GET /xingrg/javascript/easyui/themes/default/validatebox.css HTTP/1.1" 404 1104
116.230.74.197 - - [14/Sep/2020:09:17:25 +0800] "POST /xingrg/dwr/call/plaincall/AjaxCheckService.setItemNumber.dwr HTTP/1.1" 200 78
222.69.136.144 - - [14/Sep/2020:09:17:25 +0800] "POST /xingrg/kc/buy/cgsh_order_operate.html HTTP/1.1" 200 5938
116.230.74.197 - - [14/Sep/2020:09:17:26 +0800] "POST /xingrg/dwr/call/plaincall/AjaxCheckService.setItemNumber.dwr HTTP/1.1" 200 78
116.230.74.197 - - [14/Sep/2020:09:17:26 +0800] "POST /xingrg/dwr/call/plaincall/AjaxCheckService.setItemNumber.dwr HTTP/1.1" 200 78
222.69.136.144 - - [14/Sep/2020:09:17:27 +0800] "GET /xingrg/kc/print/load_data.html?order_code=212020091405864&kc_code=cgsh&condition= HTTP/1.1" 200 2725
114.82.29.189 - - [14/Sep/2020:09:17:27 +0800] "POST /xingrg/services/DataTransmitService HTTP/1.1" 200 501
116.230.74.197 - - [14/Sep/2020:09:17:28 +0800] "POST /xingrg/dwr/call/plaincall/AjaxCheckService.setItemNumber.dwr HTTP/1.1" 200 78
116.230.74.197 - - [14/Sep/2020:09:17:28 +0800] "POST /xingrg/dwr/call/plaincall/AjaxCheckService.setItemNumber.dwr HTTP/1.1" 200 78
114.82.29.189 - - [14/Sep/2020:09:17:28 +0800] "POST /xingrg/services/DataTransmitService HTTP/1.1" 200 501
114.82.29.189 - - [14/Sep/2020:09:17:29 +0800] "POST /xingrg/services/DataTransmitService HTTP/1.1" 200 501
116.230.74.197 - - [14/Sep/2020:09:17:29 +0800] "POST /xingrg/dwr/call/plaincall/AjaxCheckService.setItemNumber.dwr HTTP/1.1" 200 78
114.82.29.189 - - [14/Sep/2020:09:17:29 +0800] "POST /xingrg/services/DataTransmitService HTTP/1.1" 200 501
116.230.74.197 - - [14/Sep/2020:09:17:29 +0800] "POST /xingrg/dwr/call/plaincall/AjaxCheckService.setItemNumber.dwr HTTP/1.1" 200 78
116.230.74.197 - - [14/Sep/2020:09:17:30 +0800] "POST /xingrg/dwr/call/plaincall/AjaxCheckService.setItemNumber.dwr HTTP/1.1" 200 78
114.82.29.189 - - [14/Sep/2020:09:17:30 +0800] "POST /xingrg/services/DataTransmitService HTTP/1.1" 200 501
116.230.74.197 - - [14/Sep/2020:09:17:30 +0800] "POST /xingrg/dwr/call/plaincall/AjaxCheckService.setItemNumber.dwr HTTP/1.1" 200 78
114.82.29.189 - - [14/Sep/2020:09:17:30 +0800] "POST /xingrg/services/DataTransmitService HTTP/1.1" 200 501
222.69.136.144 - - [14/Sep/2020:09:17:30 +0800] "GET /xingrg/all/function/internal_message.html?_=1600046249589&CODE_STATE=getMsg HTTP/1.1" 200 27
116.230.74.197 - - [14/Sep/2020:09:17:31 +0800] "POST /xingrg/dwr/call/plaincall/AjaxCheckService.setItemNumber.dwr HTTP/1.1" 200 78
116.230.74.197 - - [14/Sep/2020:09:17:31 +0800] "POST /xingrg/dwr/call/plaincall/AjaxCheckService.setItemNumber.dwr HTTP/1.1" 200 78
116.230.74.197 - - [14/Sep/2020:09:17:32 +0800] "POST /xingrg/dwr/call/plaincall/AjaxCheckService.setItemNumber.dwr HTTP/1.1" 200 78
114.82.29.189 - - [14/Sep/2020:09:17:32 +0800] "POST /xingrg/services/DataTransmitService HTTP/1.1" 200 412
114.82.29.189 - - [14/Sep/2020:09:17:32 +0800] "GET /xingrg/all/function/internal_message.html?_=1600046252223&CODE_STATE=getMsg HTTP/1.1" 200 27
116.230.74.197 - - [14/Sep/2020:09:17:32 +0800] "POST /xingrg/dwr/call/plaincall/AjaxCheckService.setItemNumber.dwr HTTP/1.1" 200 78
116.230.74.197 - - [14/Sep/2020:09:17:34 +0800] "POST /xingrg/dwr/call/plaincall/AjaxCheckService.setItemNumber.dwr HTTP/1.1" 200 78
116.230.74.197 - - [14/Sep/2020:09:17:36 +0800] "POST /xingrg/dwr/call/plaincall/AjaxCheckService.setItemNumber.dwr HTTP/1.1" 200 78
222.69.136.144 - - [14/Sep/2020:09:17:36 +0800] "GET /xingrg/kc/buy/cgsh_order_add.html HTTP/1.1" 200 59762
222.69.136.144 - - [14/Sep/2020:09:17:36 +0800] "POST /xingrg/kc/buy/cgsh_order_operate.html HTTP/1.1" 200 8245
