117.184.7.30 - - [14/Sep/2020:10:03:16 +0800] "POST /xingrg/dwr/call/plaincall/AjaxCheckService.setItemNumber.dwr HTTP/1.1" 200 78
114.82.29.189 - - [14/Sep/2020:10:03:16 +0800] "POST /xingrg/kc/buy/cgsh_order_operate.html HTTP/1.1" 200 8245
114.82.29.189 - - [14/Sep/2020:10:03:16 +0800] "GET /xingrg/javascript/easyui/themes/default/validatebox.css HTTP/1.1" 404 1104
117.184.7.30 - - [14/Sep/2020:10:03:17 +0800] "POST /xingrg/dwr/call/plaincall/AjaxCheckService.setItemNumber.dwr HTTP/1.1" 200 78
117.184.7.30 - - [14/Sep/2020:10:03:17 +0800] "POST /xingrg/dwr/call/plaincall/AjaxCheckService.setItemNumber.dwr HTTP/1.1" 200 78
117.184.7.30 - - [14/Sep/2020:10:03:18 +0800] "POST /xingrg/dwr/call/plaincall/AjaxCheckService.setItemNumber.dwr HTTP/1.1" 200 78
117.184.7.30 - - [14/Sep/2020:10:03:18 +0800] "POST /xingrg/dwr/call/plaincall/AjaxCheckService.setItemNumber.dwr HTTP/1.1" 200 78
117.184.7.30 - - [14/Sep/2020:10:03:18 +0800] "POST /xingrg/dwr/call/plaincall/AjaxCheckService.setItemNumber.dwr HTTP/1.1" 200 78
117.184.7.30 - - [14/Sep/2020:10:03:19 +0800] "POST /xingrg/dwr/call/plaincall/AjaxCheckService.setItemNumber.dwr HTTP/1.1" 200 78
117.184.7.30 - - [14/Sep/2020:10:03:19 +0800] "POST /xingrg/dwr/call/plaincall/AjaxCheckService.setItemNumber.dwr HTTP/1.1" 200 78
117.184.7.30 - - [14/Sep/2020:10:03:20 +0800] "POST /xingrg/dwr/call/plaincall/AjaxCheckService.setItemNumber.dwr HTTP/1.1" 200 78
117.184.7.30 - - [14/Sep/2020:10:03:22 +0800] "POST /xingrg/dwr/call/plaincall/AjaxCheckService.setItemNumber.dwr HTTP/1.1" 200 78
117.184.7.30 - - [14/Sep/2020:10:03:23 +0800] "POST /xingrg/dwr/call/plaincall/AjaxCheckService.setItemNumber.dwr HTTP/1.1" 200 78
117.184.7.30 - - [14/Sep/2020:10:03:23 +0800] "POST /xingrg/dwr/call/plaincall/AjaxCheckService.setItemNumber.dwr HTTP/1.1" 200 78
117.184.7.30 - - [14/Sep/2020:10:03:24 +0800] "POST /xingrg/dwr/call/plaincall/AjaxCheckService.setItemNumber.dwr HTTP/1.1" 200 78
114.82.29.189 - - [14/Sep/2020:10:03:27 +0800] "GET /xingrg/kc/buy/cgsh_order_operate.html?command=get_materiel&rest_code=00105&code=00101006038&supplier_code=00100342&order_time=2020-09-14 HTTP/1.1" 200 423
116.238.71.173 - - [14/Sep/2020:10:03:29 +0800] "POST /xingrg/dwr/call/plaincall/AjaxCheckService.checkOrder.dwr HTTP/1.1" 200 80
117.184.7.30 - - [14/Sep/2020:10:03:29 +0800] "POST /xingrg/dwr/call/plaincall/AjaxCheckService.setItemNumber.dwr HTTP/1.1" 200 78
222.69.160.252 - - [14/Sep/2020:10:03:29 +0800] "GET /xingrg/check_reg.html?_=1600048841600 HTTP/1.1" 200 22
222.69.160.252 - - [14/Sep/2020:10:03:29 +0800] "GET /xingrg/all/function/internal_message.html?_=1600048841602&CODE_STATE=getMsg HTTP/1.1" 200 27
117.184.7.30 - - [14/Sep/2020:10:03:29 +0800] "POST /xingrg/dwr/call/plaincall/AjaxCheckService.setItemNumber.dwr HTTP/1.1" 200 78
116.238.71.173 - - [14/Sep/2020:10:03:30 +0800] "GET /xingrg/kc/base/check_order_info.html?code=452020091300074 HTTP/1.1" 200 22860
222.69.136.144 - - [14/Sep/2020:10:03:30 +0800] "GET /xingrg/all/function/internal_message.html?_=1600049009088&CODE_STATE=getMsg HTTP/1.1" 200 27
116.238.71.173 - - [14/Sep/2020:10:03:30 +0800] "GET /xingrg/dwr/interface/AjaxComOrderService.js HTTP/1.1" 200 18264
116.238.71.173 - - [14/Sep/2020:10:03:30 +0800] "GET /xingrg/dwr/interface/AjaxCheckService.js HTTP/1.1" 200 14003
116.238.71.173 - - [14/Sep/2020:10:03:30 +0800] "GET /xingrg/dwr/engine.js HTTP/1.1" 200 43631
117.184.7.30 - - [14/Sep/2020:10:03:31 +0800] "POST /xingrg/dwr/call/plaincall/AjaxCheckService.setItemNumber.dwr HTTP/1.1" 200 78
116.238.71.173 - - [14/Sep/2020:10:03:31 +0800] "POST /xingrg/dwr/call/plaincall/AjaxCheckService.loadOrderItems.dwr HTTP/1.1" 200 110021
117.184.7.30 - - [14/Sep/2020:10:03:31 +0800] "POST /xingrg/dwr/call/plaincall/AjaxCheckService.setItemNumber.dwr HTTP/1.1" 200 78
117.184.7.30 - - [14/Sep/2020:10:03:32 +0800] "POST /xingrg/dwr/call/plaincall/AjaxCheckService.setItemNumber.dwr HTTP/1.1" 200 78
114.82.29.189 - - [14/Sep/2020:10:03:32 +0800] "GET /xingrg/all/function/internal_message.html?_=1600049012274&CODE_STATE=getMsg HTTP/1.1" 200 27
117.184.7.30 - - [14/Sep/2020:10:03:32 +0800] "POST /xingrg/dwr/call/plaincall/AjaxCheckService.setItemNumber.dwr HTTP/1.1" 200 78
117.184.7.30 - - [14/Sep/2020:10:03:33 +0800] "POST /xingrg/dwr/call/plaincall/AjaxCheckService.setItemNumber.dwr HTTP/1.1" 200 78
117.184.7.30 - - [14/Sep/2020:10:03:33 +0800] "POST /xingrg/dwr/call/plaincall/AjaxCheckService.setItemNumber.dwr HTTP/1.1" 200 78
117.184.7.30 - - [14/Sep/2020:10:03:34 +0800] "POST /xingrg/dwr/call/plaincall/AjaxCheckService.setItemNumber.dwr HTTP/1.1" 200 78
116.238.71.173 - - [14/Sep/2020:10:03:34 +0800] "GET /xingrg/kc/base/check_order_list.html?isBack=1 HTTP/1.1" 200 16468
172.17.0.120 - - [14/Sep/2020:10:03:34 +0800] "GET /xingrg/all/function/internal_message.html?_=1600049013863&CODE_STATE=getMsg HTTP/1.1" 200 27
117.184.7.30 - - [14/Sep/2020:10:03:34 +0800] "POST /xingrg/dwr/call/plaincall/AjaxCheckService.setItemNumber.dwr HTTP/1.1" 200 78
116.238.71.173 - - [14/Sep/2020:10:03:35 +0800] "POST /xingrg/kc/base/check_list_operate.html HTTP/1.1" 200 781
117.184.7.30 - - [14/Sep/2020:10:03:35 +0800] "POST /xingrg/dwr/call/plaincall/AjaxCheckService.setItemNumber.dwr HTTP/1.1" 200 78
117.184.7.30 - - [14/Sep/2020:10:03:35 +0800] "POST /xingrg/dwr/call/plaincall/AjaxCheckService.setItemNumber.dwr HTTP/1.1" 200 78
117.184.7.30 - - [14/Sep/2020:10:03:36 +0800] "POST /xingrg/dwr/call/plaincall/AjaxCheckService.setItemNumber.dwr HTTP/1.1" 200 78
117.184.7.30 - - [14/Sep/2020:10:03:37 +0800] "POST /xingrg/dwr/call/plaincall/AjaxCheckService.setItemNumber.dwr HTTP/1.1" 200 78
117.184.7.30 - - [14/Sep/2020:10:03:37 +0800] "POST /xingrg/dwr/call/plaincall/AjaxCheckService.setItemNumber.dwr HTTP/1.1" 200 78
117.184.7.30 - - [14/Sep/2020:10:03:38 +0800] "POST /xingrg/dwr/call/plaincall/AjaxCheckService.setItemNumber.dwr HTTP/1.1" 200 78
58.37.36.223 - - [14/Sep/2020:10:03:38 +0800] "GET /favicon.ico HTTP/1.1" 404 -
117.184.7.30 - - [14/Sep/2020:10:03:38 +0800] "POST /xingrg/dwr/call/plaincall/AjaxCheckService.setItemNumber.dwr HTTP/1.1" 200 78
58.37.36.223 - - [14/Sep/2020:10:03:38 +0800] "GET /favicon.ico HTTP/1.1" 404 -
116.238.71.173 - - [14/Sep/2020:10:03:38 +0800] "POST /xingrg/kc/buy/cgsh_order_operate.html HTTP/1.1" 200 37
117.184.7.30 - - [14/Sep/2020:10:03:38 +0800] "POST /xingrg/dwr/call/plaincall/AjaxCheckService.setItemNumber.dwr HTTP/1.1" 200 78
58.37.36.223 - - [14/Sep/2020:10:03:39 +0800] "GET /favicon.ico HTTP/1.1" 404 -
116.235.241.164 - - [14/Sep/2020:10:03:39 +0800] "GET /xingrg/all/function/internal_message.html?_=1600049021262&CODE_STATE=getMsg HTTP/1.1" 200 27
117.184.7.30 - - [14/Sep/2020:10:03:39 +0800] "POST /xingrg/dwr/call/plaincall/AjaxCheckService.setItemNumber.dwr HTTP/1.1" 200 78
58.37.36.223 - - [14/Sep/2020:10:03:39 +0800] "GET /favicon.ico HTTP/1.1" 404 -
58.37.36.223 - - [14/Sep/2020:10:03:40 +0800] "GET /favicon.ico HTTP/1.1" 404 -
117.184.7.30 - - [14/Sep/2020:10:03:40 +0800] "POST /xingrg/dwr/call/plaincall/AjaxCheckService.setItemNumber.dwr HTTP/1.1" 200 78
116.238.71.173 - - [14/Sep/2020:10:03:40 +0800] "POST /xingrg/kc/buy/cgsh_order_operate.html HTTP/1.1" 200 12
58.37.36.223 - - [14/Sep/2020:10:03:41 +0800] "GET /favicon.ico HTTP/1.1" 404 -
117.184.7.30 - - [14/Sep/2020:10:03:41 +0800] "POST /xingrg/dwr/call/plaincall/AjaxCheckService.setItemNumber.dwr HTTP/1.1" 200 78
58.37.36.223 - - [14/Sep/2020:10:03:41 +0800] "GET /favicon.ico HTTP/1.1" 404 -
116.238.71.173 - - [14/Sep/2020:10:03:41 +0800] "GET /xingrg/kc/buy/cgsh_order_info.html?code=212020091405891 HTTP/1.1" 200 54270
117.184.7.30 - - [14/Sep/2020:10:03:41 +0800] "POST /xingrg/dwr/call/plaincall/AjaxCheckService.setItemNumber.dwr HTTP/1.1" 200 78
116.238.71.173 - - [14/Sep/2020:10:03:42 +0800] "GET /xingrg/javascript/easyui/themes/default/validatebox.css HTTP/1.1" 404 1104
58.37.36.223 - - [14/Sep/2020:10:03:42 +0800] "GET /favicon.ico HTTP/1.1" 404 -
116.238.71.173 - - [14/Sep/2020:10:03:42 +0800] "POST /xingrg/kc/buy/cgsh_order_operate.html HTTP/1.1" 200 1207
58.37.36.223 - - [14/Sep/2020:10:03:42 +0800] "GET /favicon.ico HTTP/1.1" 404 -
58.37.36.223 - - [14/Sep/2020:10:03:43 +0800] "GET /favicon.ico HTTP/1.1" 404 -
116.238.71.173 - - [14/Sep/2020:10:03:44 +0800] "GET /xingrg/all/function/internal_message.html?_=1600049148874&CODE_STATE=getMsg HTTP/1.1" 200 27
58.37.36.223 - - [14/Sep/2020:10:03:44 +0800] "GET /favicon.ico HTTP/1.1" 404 -
117.184.7.30 - - [14/Sep/2020:10:03:44 +0800] "POST /xingrg/dwr/call/plaincall/AjaxCheckService.setItemNumber.dwr HTTP/1.1" 200 78
58.37.36.223 - - [14/Sep/2020:10:03:44 +0800] "GET /favicon.ico HTTP/1.1" 404 -
58.37.36.223 - - [14/Sep/2020:10:03:45 +0800] "GET /favicon.ico HTTP/1.1" 404 -
117.184.7.30 - - [14/Sep/2020:10:03:45 +0800] "POST /xingrg/dwr/call/plaincall/AjaxCheckService.setItemNumber.dwr HTTP/1.1" 200 78
117.184.7.30 - - [14/Sep/2020:10:03:45 +0800] "POST /xingrg/dwr/call/plaincall/AjaxCheckService.setItemNumber.dwr HTTP/1.1" 200 78
120.253.135.82 - - [14/Sep/2020:10:03:46 +0800] "GET /xingrg/all/function/internal_message.html?_=1600049139377&CODE_STATE=getMsg HTTP/1.1" 200 27
58.37.36.223 - - [14/Sep/2020:10:03:46 +0800] "GET /favicon.ico HTTP/1.1" 404 -
114.82.29.189 - - [14/Sep/2020:10:03:46 +0800] "POST /xingrg/kc/buy/cgsh_order_operate.html HTTP/1.1" 200 37
117.184.7.30 - - [14/Sep/2020:10:03:46 +0800] "POST /xingrg/dwr/call/plaincall/AjaxCheckService.setItemNumber.dwr HTTP/1.1" 200 78
58.37.36.223 - - [14/Sep/2020:10:03:46 +0800] "GET /favicon.ico HTTP/1.1" 404 -
117.184.7.30 - - [14/Sep/2020:10:03:46 +0800] "POST /xingrg/dwr/call/plaincall/AjaxCheckService.setItemNumber.dwr HTTP/1.1" 200 78
117.184.7.30 - - [14/Sep/2020:10:03:47 +0800] "POST /xingrg/dwr/call/plaincall/AjaxCheckService.setItemNumber.dwr HTTP/1.1" 200 78
58.37.36.223 - - [14/Sep/2020:10:03:47 +0800] "GET /favicon.ico HTTP/1.1" 404 -
117.184.7.30 - - [14/Sep/2020:10:03:47 +0800] "POST /xingrg/dwr/call/plaincall/AjaxCheckService.setItemNumber.dwr HTTP/1.1" 200 78
58.37.36.223 - - [14/Sep/2020:10:03:47 +0800] "GET /favicon.ico HTTP/1.1" 404 -
117.184.7.30 - - [14/Sep/2020:10:03:48 +0800] "POST /xingrg/dwr/call/plaincall/AjaxCheckService.setItemNumber.dwr HTTP/1.1" 200 78
58.37.36.223 - - [14/Sep/2020:10:03:48 +0800] "GET /favicon.ico HTTP/1.1" 404 -
117.184.7.30 - - [14/Sep/2020:10:03:48 +0800] "POST /xingrg/dwr/call/plaincall/AjaxCheckService.setItemNumber.dwr HTTP/1.1" 200 78
58.37.36.223 - - [14/Sep/2020:10:03:49 +0800] "GET /favicon.ico HTTP/1.1" 404 -
114.82.29.189 - - [14/Sep/2020:10:03:49 +0800] "POST /xingrg/kc/buy/cgsh_order_operate.html HTTP/1.1" 200 2667
58.37.36.223 - - [14/Sep/2020:10:03:49 +0800] "GET /favicon.ico HTTP/1.1" 404 -
114.88.166.242 - - [14/Sep/2020:10:03:50 +0800] "GET /xingrg/all/function/internal_message.html?_=1600049094303&CODE_STATE=getMsg HTTP/1.1" 200 27
116.238.71.173 - - [14/Sep/2020:10:03:50 +0800] "GET /xingrg/kc/print/load_data.html?order_code=212020091405891&kc_code=cgsh&condition= HTTP/1.1" 200 1037
116.230.74.197 - - [14/Sep/2020:10:03:50 +0800] "GET /xingrg/all/function/internal_message.html?_=1600049028835&CODE_STATE=getMsg HTTP/1.1" 200 27
58.37.36.223 - - [14/Sep/2020:10:03:50 +0800] "GET /favicon.ico HTTP/1.1" 404 -
114.88.166.242 - - [14/Sep/2020:10:03:50 +0800] "GET /xingrg/check_reg.html?_=1600049094706 HTTP/1.1" 200 22
114.82.29.189 - - [14/Sep/2020:10:03:50 +0800] "GET /xingrg/kc/print/load_data.html?order_code=212020091405892&kc_code=cgsh&condition= HTTP/1.1" 200 685
58.37.36.223 - - [14/Sep/2020:10:03:51 +0800] "GET /favicon.ico HTTP/1.1" 404 -
116.238.71.173 - - [14/Sep/2020:10:03:51 +0800] "GET /xingrg/all/function/internal_message.html?_=1600049031530&CODE_STATE=getMsg HTTP/1.1" 200 27
58.37.36.223 - - [14/Sep/2020:10:03:51 +0800] "GET /favicon.ico HTTP/1.1" 404 -
58.37.36.223 - - [14/Sep/2020:10:03:52 +0800] "GET /favicon.ico HTTP/1.1" 404 -
58.37.36.223 - - [14/Sep/2020:10:03:53 +0800] "GET /favicon.ico HTTP/1.1" 404 -
218.81.217.115 - - [14/Sep/2020:10:03:53 +0800] "GET /xingrg/all/function/internal_message.html?_=1600049036383&CODE_STATE=getMsg HTTP/1.1" 200 27
58.37.36.223 - - [14/Sep/2020:10:03:53 +0800] "GET /favicon.ico HTTP/1.1" 404 -
58.37.36.223 - - [14/Sep/2020:10:03:54 +0800] "GET /favicon.ico HTTP/1.1" 404 -
58.37.36.223 - - [14/Sep/2020:10:03:54 +0800] "GET /favicon.ico HTTP/1.1" 404 -
114.82.29.189 - - [14/Sep/2020:10:03:55 +0800] "GET /xingrg/kc/buy/cgsh_order_add.html HTTP/1.1" 200 59709
114.82.29.189 - - [14/Sep/2020:10:03:55 +0800] "GET /xingrg/javascript/easyui/themes/default/validatebox.css HTTP/1.1" 404 1104
58.37.36.223 - - [14/Sep/2020:10:03:55 +0800] "GET /favicon.ico HTTP/1.1" 404 -
114.82.29.189 - - [14/Sep/2020:10:03:55 +0800] "POST /xingrg/kc/buy/cgsh_order_operate.html HTTP/1.1" 200 8245
58.37.36.223 - - [14/Sep/2020:10:03:56 +0800] "GET /favicon.ico HTTP/1.1" 404 -
117.131.5.26 - - [14/Sep/2020:10:03:56 +0800] "GET /xingrg/all/function/internal_message.html?_=1600049055633&CODE_STATE=getMsg HTTP/1.1" 200 27
58.37.36.223 - - [14/Sep/2020:10:03:56 +0800] "GET /favicon.ico HTTP/1.1" 404 -
58.37.36.223 - - [14/Sep/2020:10:03:57 +0800] "GET /favicon.ico HTTP/1.1" 404 -
172.17.200.101 - - [14/Sep/2020:10:03:58 +0800] "GET /xingrg/all/function/internal_message.html?_=1600049039922&CODE_STATE=getMsg HTTP/1.1" 200 27
116.235.241.164 - - [14/Sep/2020:10:03:58 +0800] "GET /xingrg/all/function/internal_message.html?_=1600049040493&CODE_STATE=getMsg HTTP/1.1" 200 27
114.82.29.189 - - [14/Sep/2020:10:04:03 +0800] "GET /xingrg/kc/buy/cgsh_order_operate.html?command=get_materiel&rest_code=00105&code=00101004034&supplier_code=00100085&order_time=2020-09-14 HTTP/1.1" 200 416
117.184.7.30 - - [14/Sep/2020:10:04:05 +0800] "GET /xingrg/all/function/internal_message.html?_=1600049044131&CODE_STATE=getMsg HTTP/1.1" 200 27
116.238.90.59 - - [14/Sep/2020:10:04:15 +0800] "GET /xingrg/all/function/internal_message.html?_=1600049262846&CODE_STATE=getMsg HTTP/1.1" 200 27
114.82.29.189 - - [14/Sep/2020:10:04:15 +0800] "POST /xingrg/kc/buy/cgsh_order_operate.html HTTP/1.1" 200 37
172.17.0.105 - - [14/Sep/2020:10:04:15 +0800] "GET /xingrg/all/function/internal_message.html?_=1600049054608&CODE_STATE=getMsg HTTP/1.1" 200 27
172.17.0.105 - - [14/Sep/2020:10:04:16 +0800] "GET /xingrg/check_reg.html?_=1600049055192 HTTP/1.1" 200 22
114.82.29.189 - - [14/Sep/2020:10:04:21 +0800] "POST /xingrg/kc/buy/cgsh_order_operate.html HTTP/1.1" 200 2663
114.82.29.189 - - [14/Sep/2020:10:04:22 +0800] "GET /xingrg/kc/print/load_data.html?order_code=212020091405893&kc_code=cgsh&condition= HTTP/1.1" 200 724
114.82.29.189 - - [14/Sep/2020:10:04:25 +0800] "GET /xingrg/kc/buy/cgsh_order_add.html HTTP/1.1" 200 59709
114.82.29.189 - - [14/Sep/2020:10:04:25 +0800] "GET /xingrg/javascript/easyui/themes/default/validatebox.css HTTP/1.1" 404 1104
114.82.29.189 - - [14/Sep/2020:10:04:25 +0800] "POST /xingrg/kc/buy/cgsh_order_operate.html HTTP/1.1" 200 8245
117.184.7.30 - - [14/Sep/2020:10:04:26 +0800] "POST /xingrg/dwr/call/plaincall/AjaxCheckService.checkOrder.dwr HTTP/1.1" 200 80
117.184.7.30 - - [14/Sep/2020:10:04:27 +0800] "GET /xingrg/kc/base/check_order_info.html?code=452020091300159 HTTP/1.1" 200 22854
117.184.7.30 - - [14/Sep/2020:10:04:27 +0800] "GET /xingrg/dwr/interface/AjaxComOrderService.js HTTP/1.1" 200 18264
117.184.7.30 - - [14/Sep/2020:10:04:27 +0800] "GET /xingrg/dwr/interface/AjaxCheckService.js HTTP/1.1" 200 14003
117.184.7.30 - - [14/Sep/2020:10:04:27 +0800] "GET /xingrg/dwr/engine.js HTTP/1.1" 200 43631
117.184.7.30 - - [14/Sep/2020:10:04:28 +0800] "POST /xingrg/dwr/call/plaincall/AjaxCheckService.loadOrderItems.dwr HTTP/1.1" 200 48435
222.69.160.252 - - [14/Sep/2020:10:04:30 +0800] "GET /xingrg/all/function/internal_message.html?_=1600048901591&CODE_STATE=getMsg HTTP/1.1" 200 27
222.69.136.144 - - [14/Sep/2020:10:04:30 +0800] "GET /xingrg/all/function/internal_message.html?_=1600049069093&CODE_STATE=getMsg HTTP/1.1" 200 27
222.69.136.144 - - [14/Sep/2020:10:04:30 +0800] "GET /xingrg/check_reg.html?_=1600049069087 HTTP/1.1" 200 22
114.82.29.189 - - [14/Sep/2020:10:04:32 +0800] "GET /xingrg/all/function/internal_message.html?_=1600049072265&CODE_STATE=getMsg HTTP/1.1" 200 27
117.184.7.30 - - [14/Sep/2020:10:04:34 +0800] "GET /xingrg/kc/base/check_order_info.html?code=452020091300163 HTTP/1.1" 200 26362
117.184.7.30 - - [14/Sep/2020:10:04:34 +0800] "GET /xingrg/dwr/interface/AjaxComOrderService.js HTTP/1.1" 200 18264
117.184.7.30 - - [14/Sep/2020:10:04:34 +0800] "GET /xingrg/dwr/interface/AjaxCheckService.js HTTP/1.1" 200 14003
117.184.7.26 - - [14/Sep/2020:10:04:34 +0800] "GET /xingrg/dwr/engine.js HTTP/1.1" 200 43631
172.17.0.120 - - [14/Sep/2020:10:04:34 +0800] "GET /xingrg/all/function/internal_message.html?_=1600049073865&CODE_STATE=getMsg HTTP/1.1" 200 27
172.17.0.120 - - [14/Sep/2020:10:04:34 +0800] "GET /xingrg/check_reg.html?_=1600049073866 HTTP/1.1" 200 22
117.184.7.26 - - [14/Sep/2020:10:04:35 +0800] "POST /xingrg/dwr/call/plaincall/AjaxCheckService.loadOrderItems.dwr HTTP/1.1" 200 49813
114.82.29.189 - - [14/Sep/2020:10:04:35 +0800] "GET /xingrg/kc/buy/cgsh_order_operate.html?command=get_materiel&rest_code=00105&code=00101008512&supplier_code=00100339&order_time=2020-09-14 HTTP/1.1" 200 401
117.184.7.26 - - [14/Sep/2020:10:04:39 +0800] "POST /xingrg/dwr/call/plaincall/AjaxCheckService.setItemNumber.dwr HTTP/1.1" 200 76
116.235.241.164 - - [14/Sep/2020:10:04:39 +0800] "GET /xingrg/all/function/internal_message.html?_=1600049081261&CODE_STATE=getMsg HTTP/1.1" 200 27
117.184.7.26 - - [14/Sep/2020:10:04:40 +0800] "POST /xingrg/dwr/call/plaincall/AjaxCheckService.setItemNumber.dwr HTTP/1.1" 200 76
117.184.7.26 - - [14/Sep/2020:10:04:41 +0800] "POST /xingrg/dwr/call/plaincall/AjaxCheckService.setItemNumber.dwr HTTP/1.1" 200 76
117.184.7.26 - - [14/Sep/2020:10:04:42 +0800] "POST /xingrg/dwr/call/plaincall/AjaxCheckService.setItemNumber.dwr HTTP/1.1" 200 76
117.184.7.26 - - [14/Sep/2020:10:04:43 +0800] "POST /xingrg/dwr/call/plaincall/AjaxCheckService.setItemNumber.dwr HTTP/1.1" 200 76
117.184.7.26 - - [14/Sep/2020:10:04:44 +0800] "POST /xingrg/dwr/call/plaincall/AjaxCheckService.setItemNumber.dwr HTTP/1.1" 200 76
116.238.71.173 - - [14/Sep/2020:10:04:44 +0800] "GET /xingrg/all/function/internal_message.html?_=1600049208887&CODE_STATE=getMsg HTTP/1.1" 200 27
120.253.135.82 - - [14/Sep/2020:10:04:46 +0800] "GET /xingrg/all/function/internal_message.html?_=1600049199386&CODE_STATE=getMsg HTTP/1.1" 200 27
114.82.29.189 - - [14/Sep/2020:10:04:46 +0800] "POST /xingrg/kc/buy/cgsh_order_operate.html HTTP/1.1" 200 37
117.184.7.26 - - [14/Sep/2020:10:04:47 +0800] "POST /xingrg/dwr/call/plaincall/AjaxCheckService.setItemNumber.dwr HTTP/1.1" 200 76
116.230.74.197 - - [14/Sep/2020:10:04:47 +0800] "GET /xingrg/check_reg.html?_=1600049086505 HTTP/1.1" 200 22
114.88.166.242 - - [14/Sep/2020:10:04:50 +0800] "GET /xingrg/all/function/internal_message.html?_=1600049154285&CODE_STATE=getMsg HTTP/1.1" 200 27
116.230.74.197 - - [14/Sep/2020:10:04:50 +0800] "GET /xingrg/all/function/internal_message.html?_=1600049088832&CODE_STATE=getMsg HTTP/1.1" 200 27
114.82.29.189 - - [14/Sep/2020:10:04:51 +0800] "POST /xingrg/kc/buy/cgsh_order_operate.html HTTP/1.1" 200 2656
116.238.71.173 - - [14/Sep/2020:10:04:51 +0800] "GET /xingrg/all/function/internal_message.html?_=1600049091681&CODE_STATE=getMsg HTTP/1.1" 200 27
114.82.29.189 - - [14/Sep/2020:10:04:53 +0800] "GET /xingrg/kc/print/load_data.html?order_code=212020091405894&kc_code=cgsh&condition= HTTP/1.1" 200 666
218.81.217.115 - - [14/Sep/2020:10:04:53 +0800] "GET /xingrg/all/function/internal_message.html?_=1600049096388&CODE_STATE=getMsg HTTP/1.1" 200 27
114.82.29.189 - - [14/Sep/2020:10:04:56 +0800] "GET /xingrg/kc/buy/cgsh_order_add.html HTTP/1.1" 200 59709
117.131.5.26 - - [14/Sep/2020:10:04:56 +0800] "GET /xingrg/all/function/internal_message.html?_=1600049115632&CODE_STATE=getMsg HTTP/1.1" 200 27
117.131.5.26 - - [14/Sep/2020:10:04:56 +0800] "GET /xingrg/check_reg.html?_=1600049115633 HTTP/1.1" 200 22
114.82.29.189 - - [14/Sep/2020:10:04:57 +0800] "GET /xingrg/javascript/easyui/themes/default/validatebox.css HTTP/1.1" 404 1104
114.82.29.189 - - [14/Sep/2020:10:04:57 +0800] "POST /xingrg/kc/buy/cgsh_order_operate.html HTTP/1.1" 200 8245
172.17.200.101 - - [14/Sep/2020:10:04:58 +0800] "GET /xingrg/all/function/internal_message.html?_=1600049099921&CODE_STATE=getMsg HTTP/1.1" 200 27
116.235.241.164 - - [14/Sep/2020:10:04:58 +0800] "GET /xingrg/all/function/internal_message.html?_=1600049100495&CODE_STATE=getMsg HTTP/1.1" 200 27
117.184.7.26 - - [14/Sep/2020:10:05:05 +0800] "GET /xingrg/all/function/internal_message.html?_=1600049104100&CODE_STATE=getMsg HTTP/1.1" 200 27
114.82.29.189 - - [14/Sep/2020:10:05:06 +0800] "GET /xingrg/kc/buy/cgsh_order_operate.html?command=get_materiel&rest_code=00105&code=00101019547&supplier_code=00100338&order_time=2020-09-14 HTTP/1.1" 200 439
117.184.7.26 - - [14/Sep/2020:10:05:07 +0800] "POST /xingrg/dwr/call/plaincall/AjaxCheckService.setItemNumber.dwr HTTP/1.1" 200 76
222.69.160.252 - - [14/Sep/2020:10:05:08 +0800] "GET /xingrg/javascript/easyui/themes/sunny/images/ui-bg_gloss-wave_70_ffdd57_500x100.png HTTP/1.1" 200 3830
117.184.7.26 - - [14/Sep/2020:10:05:09 +0800] "POST /xingrg/dwr/call/plaincall/AjaxCheckService.setItemNumber.dwr HTTP/1.1" 200 76
117.184.7.26 - - [14/Sep/2020:10:05:12 +0800] "POST /xingrg/dwr/call/plaincall/AjaxCheckService.setItemNumber.dwr HTTP/1.1" 200 77
116.238.90.59 - - [14/Sep/2020:10:05:15 +0800] "GET /xingrg/all/function/internal_message.html?_=1600049322855&CODE_STATE=getMsg HTTP/1.1" 200 27
172.17.0.105 - - [14/Sep/2020:10:05:15 +0800] "GET /xingrg/all/function/internal_message.html?_=1600049114584&CODE_STATE=getMsg HTTP/1.1" 200 27
117.184.7.26 - - [14/Sep/2020:10:05:16 +0800] "POST /xingrg/dwr/call/plaincall/AjaxCheckService.setItemNumber.dwr HTTP/1.1" 200 77
116.238.71.173 - - [14/Sep/2020:10:05:17 +0800] "GET /xingrg/kc/base/check_order_add.html HTTP/1.1" 200 26322
116.238.71.173 - - [14/Sep/2020:10:05:17 +0800] "GET /xingrg/dwr/interface/AjaxCheckService.js HTTP/1.1" 200 14003
116.238.71.173 - - [14/Sep/2020:10:05:17 +0800] "GET /xingrg/dwr/interface/AjaxComOrderService.js HTTP/1.1" 200 18264
116.238.71.173 - - [14/Sep/2020:10:05:17 +0800] "GET /xingrg/dwr/engine.js HTTP/1.1" 200 43631
116.238.71.173 - - [14/Sep/2020:10:05:19 +0800] "GET /xingrg/kc/buy/cgsh_order_list.html HTTP/1.1" 200 43977
117.184.7.26 - - [14/Sep/2020:10:05:20 +0800] "POST /xingrg/dwr/call/plaincall/AjaxCheckService.setItemNumber.dwr HTTP/1.1" 200 77
116.238.71.173 - - [14/Sep/2020:10:05:20 +0800] "POST /xingrg/kc/buy/cgsh_list_operate.html HTTP/1.1" 200 1691
117.184.7.26 - - [14/Sep/2020:10:05:21 +0800] "POST /xingrg/dwr/call/plaincall/AjaxCheckService.setItemNumber.dwr HTTP/1.1" 200 77
117.184.7.26 - - [14/Sep/2020:10:05:21 +0800] "POST /xingrg/dwr/call/plaincall/AjaxCheckService.setItemNumber.dwr HTTP/1.1" 200 77
116.238.71.173 - - [14/Sep/2020:10:05:22 +0800] "GET /xingrg/kc/buy/cgsh_order_add.html HTTP/1.1" 200 59633
117.184.7.26 - - [14/Sep/2020:10:05:22 +0800] "POST /xingrg/dwr/call/plaincall/AjaxCheckService.setItemNumber.dwr HTTP/1.1" 200 77
116.238.71.173 - - [14/Sep/2020:10:05:22 +0800] "POST /xingrg/kc/buy/cgsh_order_operate.html HTTP/1.1" 200 8245
116.238.71.173 - - [14/Sep/2020:10:05:23 +0800] "GET /xingrg/javascript/easyui/themes/default/validatebox.css HTTP/1.1" 404 1104
117.184.7.26 - - [14/Sep/2020:10:05:23 +0800] "POST /xingrg/dwr/call/plaincall/AjaxCheckService.setItemNumber.dwr HTTP/1.1" 200 77
114.82.29.189 - - [14/Sep/2020:10:05:23 +0800] "POST /xingrg/kc/buy/cgsh_order_operate.html HTTP/1.1" 200 37
114.82.29.189 - - [14/Sep/2020:10:05:24 +0800] "POST /xingrg/kc/buy/cgsh_order_operate.html HTTP/1.1" 200 2684
117.184.7.26 - - [14/Sep/2020:10:05:24 +0800] "POST /xingrg/dwr/call/plaincall/AjaxCheckService.setItemNumber.dwr HTTP/1.1" 200 77
114.82.29.189 - - [14/Sep/2020:10:05:25 +0800] "GET /xingrg/kc/print/load_data.html?order_code=212020091405895&kc_code=cgsh&condition= HTTP/1.1" 200 704
117.184.7.26 - - [14/Sep/2020:10:05:26 +0800] "POST /xingrg/dwr/call/plaincall/AjaxCheckService.setItemNumber.dwr HTTP/1.1" 200 77
117.184.7.26 - - [14/Sep/2020:10:05:27 +0800] "POST /xingrg/dwr/call/plaincall/AjaxCheckService.setItemNumber.dwr HTTP/1.1" 200 77
114.82.29.189 - - [14/Sep/2020:10:05:29 +0800] "GET /xingrg/kc/buy/cgsh_order_add.html HTTP/1.1" 200 59709
114.82.29.189 - - [14/Sep/2020:10:05:29 +0800] "GET /xingrg/javascript/easyui/themes/default/validatebox.css HTTP/1.1" 404 1104
114.82.29.189 - - [14/Sep/2020:10:05:29 +0800] "POST /xingrg/kc/buy/cgsh_order_operate.html HTTP/1.1" 200 8245
117.184.7.26 - - [14/Sep/2020:10:05:29 +0800] "POST /xingrg/dwr/call/plaincall/AjaxCheckService.setItemNumber.dwr HTTP/1.1" 200 77
222.69.160.252 - - [14/Sep/2020:10:05:29 +0800] "GET /xingrg/all/function/internal_message.html?_=1600048961594&CODE_STATE=getMsg HTTP/1.1" 200 27
222.69.136.144 - - [14/Sep/2020:10:05:30 +0800] "GET /xingrg/all/function/internal_message.html?_=1600049129081&CODE_STATE=getMsg HTTP/1.1" 200 27
116.238.71.173 - - [14/Sep/2020:10:05:31 +0800] "GET /xingrg/kc/buy/cgsh_order_operate.html?command=get_materiel&rest_code=00150&code=00101015076&supplier_code=00100054&order_time=2020-09-14 HTTP/1.1" 200 416
117.184.7.26 - - [14/Sep/2020:10:05:32 +0800] "POST /xingrg/dwr/call/plaincall/AjaxCheckService.setItemNumber.dwr HTTP/1.1" 200 77
114.82.29.189 - - [14/Sep/2020:10:05:32 +0800] "GET /xingrg/all/function/internal_message.html?_=1600049132228&CODE_STATE=getMsg HTTP/1.1" 200 27
117.184.7.26 - - [14/Sep/2020:10:05:34 +0800] "POST /xingrg/dwr/call/plaincall/AjaxCheckService.setItemNumber.dwr HTTP/1.1" 200 77
172.17.0.120 - - [14/Sep/2020:10:05:34 +0800] "GET /xingrg/all/function/internal_message.html?_=1600049133868&CODE_STATE=getMsg HTTP/1.1" 200 27
117.184.7.26 - - [14/Sep/2020:10:05:35 +0800] "POST /xingrg/dwr/call/plaincall/AjaxCheckService.setItemNumber.dwr HTTP/1.1" 200 77
117.184.7.26 - - [14/Sep/2020:10:05:38 +0800] "POST /xingrg/dwr/call/plaincall/AjaxCheckService.setItemNumber.dwr HTTP/1.1" 200 77
114.82.29.189 - - [14/Sep/2020:10:05:38 +0800] "GET /xingrg/kc/buy/cgsh_order_operate.html?command=get_materiel&rest_code=00105&code=00101006191&supplier_code=00100323&order_time=2020-09-14 HTTP/1.1" 200 419
116.235.241.164 - - [14/Sep/2020:10:05:39 +0800] "GET /xingrg/all/function/internal_message.html?_=1600049141260&CODE_STATE=getMsg HTTP/1.1" 200 27
117.184.7.26 - - [14/Sep/2020:10:05:40 +0800] "POST /xingrg/dwr/call/plaincall/AjaxCheckService.setItemNumber.dwr HTTP/1.1" 200 77
116.238.71.173 - - [14/Sep/2020:10:05:41 +0800] "POST /xingrg/kc/buy/cgsh_order_operate.html HTTP/1.1" 200 37
116.238.71.173 - - [14/Sep/2020:10:05:43 +0800] "POST /xingrg/kc/buy/cgsh_order_operate.html HTTP/1.1" 200 12
116.238.71.173 - - [14/Sep/2020:10:05:44 +0800] "GET /xingrg/all/function/internal_message.html?_=1600049268972&CODE_STATE=getMsg HTTP/1.1" 200 27
116.238.71.173 - - [14/Sep/2020:10:05:44 +0800] "GET /xingrg/kc/buy/cgsh_order_info.html?code=212020091405896 HTTP/1.1" 200 54534
120.253.135.82 - - [14/Sep/2020:10:05:44 +0800] "GET /xingrg/check_reg.html?_=1600049257939 HTTP/1.1" 200 22
117.184.7.26 - - [14/Sep/2020:10:05:44 +0800] "POST /xingrg/dwr/call/plaincall/AjaxCheckService.setItemNumber.dwr HTTP/1.1" 200 77
116.238.71.173 - - [14/Sep/2020:10:05:44 +0800] "GET /xingrg/javascript/easyui/themes/default/validatebox.css HTTP/1.1" 404 1104
116.238.71.173 - - [14/Sep/2020:10:05:45 +0800] "POST /xingrg/kc/buy/cgsh_order_operate.html HTTP/1.1" 200 609
117.184.7.26 - - [14/Sep/2020:10:05:45 +0800] "POST /xingrg/dwr/call/plaincall/AjaxCheckService.setItemNumber.dwr HTTP/1.1" 200 77
120.253.135.82 - - [14/Sep/2020:10:05:46 +0800] "GET /xingrg/all/function/internal_message.html?_=1600049259400&CODE_STATE=getMsg HTTP/1.1" 200 27
116.238.71.173 - - [14/Sep/2020:10:05:46 +0800] "GET /xingrg/kc/print/load_data.html?order_code=212020091405896&kc_code=cgsh&condition= HTTP/1.1" 200 700
117.184.7.26 - - [14/Sep/2020:10:05:46 +0800] "POST /xingrg/dwr/call/plaincall/AjaxCheckService.setItemNumber.dwr HTTP/1.1" 200 77
117.184.7.26 - - [14/Sep/2020:10:05:48 +0800] "POST /xingrg/dwr/call/plaincall/AjaxCheckService.setItemNumber.dwr HTTP/1.1" 200 77
114.88.166.242 - - [14/Sep/2020:10:05:50 +0800] "GET /xingrg/all/function/internal_message.html?_=1600049214255&CODE_STATE=getMsg HTTP/1.1" 200 27
116.230.74.197 - - [14/Sep/2020:10:05:50 +0800] "GET /xingrg/all/function/internal_message.html?_=1600049148816&CODE_STATE=getMsg HTTP/1.1" 200 27
117.184.7.26 - - [14/Sep/2020:10:05:51 +0800] "POST /xingrg/dwr/call/plaincall/AjaxCheckService.setItemNumber.dwr HTTP/1.1" 200 77
116.238.71.173 - - [14/Sep/2020:10:05:51 +0800] "GET /xingrg/all/function/internal_message.html?_=1600049151594&CODE_STATE=getMsg HTTP/1.1" 200 27
117.184.7.26 - - [14/Sep/2020:10:05:52 +0800] "POST /xingrg/dwr/call/plaincall/AjaxCheckService.setItemNumber.dwr HTTP/1.1" 200 77
218.81.217.115 - - [14/Sep/2020:10:05:52 +0800] "GET /xingrg/check_reg.html?_=1600049155785 HTTP/1.1" 200 22
218.81.217.115 - - [14/Sep/2020:10:05:53 +0800] "GET /xingrg/all/function/internal_message.html?_=1600049156401&CODE_STATE=getMsg HTTP/1.1" 200 27
117.184.7.26 - - [14/Sep/2020:10:05:53 +0800] "POST /xingrg/dwr/call/plaincall/AjaxCheckService.setItemNumber.dwr HTTP/1.1" 200 77
116.238.71.173 - - [14/Sep/2020:10:05:53 +0800] "POST /xingrg/kc/buy/cgsh_list_operate.html HTTP/1.1" 200 1691
116.238.71.173 - - [14/Sep/2020:10:05:54 +0800] "POST /xingrg/kc/buy/cgsh_list_operate.html HTTP/1.1" 200 565
117.184.7.26 - - [14/Sep/2020:10:05:54 +0800] "POST /xingrg/dwr/call/plaincall/AjaxCheckService.setItemNumber.dwr HTTP/1.1" 200 77
116.238.71.173 - - [14/Sep/2020:10:05:55 +0800] "GET /xingrg/kc/buy/cgsh_order_info.html?code=212020091405878 HTTP/1.1" 200 59642
116.238.71.173 - - [14/Sep/2020:10:05:55 +0800] "GET /xingrg/javascript/easyui/themes/default/validatebox.css HTTP/1.1" 404 1104
116.238.71.173 - - [14/Sep/2020:10:05:55 +0800] "POST /xingrg/kc/buy/cgsh_order_operate.html HTTP/1.1" 200 38755
117.131.5.26 - - [14/Sep/2020:10:05:56 +0800] "GET /xingrg/all/function/internal_message.html?_=1600049175635&CODE_STATE=getMsg HTTP/1.1" 200 27
172.17.200.101 - - [14/Sep/2020:10:05:58 +0800] "GET /xingrg/all/function/internal_message.html?_=1600049159924&CODE_STATE=getMsg HTTP/1.1" 200 27
116.235.241.164 - - [14/Sep/2020:10:05:58 +0800] "GET /xingrg/all/function/internal_message.html?_=1600049160509&CODE_STATE=getMsg HTTP/1.1" 200 27
117.184.7.26 - - [14/Sep/2020:10:05:59 +0800] "POST /xingrg/dwr/call/plaincall/AjaxCheckService.setItemNumber.dwr HTTP/1.1" 200 77
117.184.7.26 - - [14/Sep/2020:10:05:59 +0800] "POST /xingrg/dwr/call/plaincall/AjaxCheckService.setItemNumber.dwr HTTP/1.1" 200 77
117.184.7.26 - - [14/Sep/2020:10:06:00 +0800] "POST /xingrg/dwr/call/plaincall/AjaxCheckService.setItemNumber.dwr HTTP/1.1" 200 77
117.184.7.26 - - [14/Sep/2020:10:06:00 +0800] "POST /xingrg/dwr/call/plaincall/AjaxCheckService.setItemNumber.dwr HTTP/1.1" 200 77
117.184.7.26 - - [14/Sep/2020:10:06:01 +0800] "POST /xingrg/dwr/call/plaincall/AjaxCheckService.setItemNumber.dwr HTTP/1.1" 200 77
120.253.135.82 - - [14/Sep/2020:10:06:03 +0800] "GET /xingrg/check_reg.html?_=1600049276797 HTTP/1.1" 200 22
117.184.7.26 - - [14/Sep/2020:10:06:05 +0800] "GET /xingrg/all/function/internal_message.html?_=1600049164084&CODE_STATE=getMsg HTTP/1.1" 200 27
117.184.7.26 - - [14/Sep/2020:10:06:06 +0800] "POST /xingrg/dwr/call/plaincall/AjaxCheckService.setItemNumber.dwr HTTP/1.1" 200 77
117.184.7.26 - - [14/Sep/2020:10:06:07 +0800] "POST /xingrg/dwr/call/plaincall/AjaxCheckService.setItemNumber.dwr HTTP/1.1" 200 77
117.184.7.26 - - [14/Sep/2020:10:06:08 +0800] "POST /xingrg/dwr/call/plaincall/AjaxCheckService.setItemNumber.dwr HTTP/1.1" 200 77
117.184.7.26 - - [14/Sep/2020:10:06:08 +0800] "POST /xingrg/dwr/call/plaincall/AjaxCheckService.setItemNumber.dwr HTTP/1.1" 200 77
117.184.7.26 - - [14/Sep/2020:10:06:09 +0800] "POST /xingrg/dwr/call/plaincall/AjaxCheckService.setItemNumber.dwr HTTP/1.1" 200 77
114.82.29.189 - - [14/Sep/2020:10:06:10 +0800] "GET /xingrg/kc/buy/cgsh_order_operate.html?command=get_materiel&rest_code=00105&code=00101010247&supplier_code=00100323&order_time=2020-09-14 HTTP/1.1" 200 410
117.184.7.26 - - [14/Sep/2020:10:06:11 +0800] "POST /xingrg/dwr/call/plaincall/AjaxCheckService.setItemNumber.dwr HTTP/1.1" 200 77
117.184.7.26 - - [14/Sep/2020:10:06:12 +0800] "POST /xingrg/dwr/call/plaincall/AjaxCheckService.setItemNumber.dwr HTTP/1.1" 200 77
117.184.7.26 - - [14/Sep/2020:10:06:12 +0800] "POST /xingrg/dwr/call/plaincall/AjaxCheckService.setItemNumber.dwr HTTP/1.1" 200 77
117.184.7.26 - - [14/Sep/2020:10:06:13 +0800] "POST /xingrg/dwr/call/plaincall/AjaxCheckService.setItemNumber.dwr HTTP/1.1" 200 77
117.184.7.26 - - [14/Sep/2020:10:06:14 +0800] "POST /xingrg/dwr/call/plaincall/AjaxCheckService.setItemNumber.dwr HTTP/1.1" 200 77
117.184.7.26 - - [14/Sep/2020:10:06:14 +0800] "POST /xingrg/dwr/call/plaincall/AjaxCheckService.setItemNumber.dwr HTTP/1.1" 200 77
117.184.7.26 - - [14/Sep/2020:10:06:15 +0800] "POST /xingrg/dwr/call/plaincall/AjaxCheckService.setItemNumber.dwr HTTP/1.1" 200 77
116.238.90.59 - - [14/Sep/2020:10:06:15 +0800] "GET /xingrg/check_reg.html?_=1600049382623 HTTP/1.1" 200 22
116.238.90.59 - - [14/Sep/2020:10:06:15 +0800] "GET /xingrg/all/function/internal_message.html?_=1600049382868&CODE_STATE=getMsg HTTP/1.1" 200 27
117.184.7.26 - - [14/Sep/2020:10:06:15 +0800] "POST /xingrg/dwr/call/plaincall/AjaxCheckService.setItemNumber.dwr HTTP/1.1" 200 77
172.17.0.105 - - [14/Sep/2020:10:06:15 +0800] "GET /xingrg/all/function/internal_message.html?_=1600049174567&CODE_STATE=getMsg HTTP/1.1" 200 27
117.184.7.26 - - [14/Sep/2020:10:06:16 +0800] "POST /xingrg/dwr/call/plaincall/AjaxCheckService.setItemNumber.dwr HTTP/1.1" 200 77
117.184.7.26 - - [14/Sep/2020:10:06:16 +0800] "POST /xingrg/dwr/call/plaincall/AjaxCheckService.setItemNumber.dwr HTTP/1.1" 200 77
117.184.7.26 - - [14/Sep/2020:10:06:18 +0800] "POST /xingrg/dwr/call/plaincall/AjaxCheckService.setItemNumber.dwr HTTP/1.1" 200 77
117.184.7.26 - - [14/Sep/2020:10:06:23 +0800] "POST /xingrg/dwr/call/plaincall/AjaxCheckService.setItemNumber.dwr HTTP/1.1" 200 77
117.184.7.26 - - [14/Sep/2020:10:06:23 +0800] "POST /xingrg/dwr/call/plaincall/AjaxCheckService.setItemNumber.dwr HTTP/1.1" 200 77
114.82.29.189 - - [14/Sep/2020:10:06:23 +0800] "POST /xingrg/kc/buy/cgsh_order_operate.html HTTP/1.1" 200 37
114.82.29.189 - - [14/Sep/2020:10:06:24 +0800] "POST /xingrg/kc/buy/cgsh_order_operate.html HTTP/1.1" 200 3257
117.184.7.26 - - [14/Sep/2020:10:06:24 +0800] "POST /xingrg/dwr/call/plaincall/AjaxCheckService.setItemNumber.dwr HTTP/1.1" 200 77
114.82.29.189 - - [14/Sep/2020:10:06:25 +0800] "GET /xingrg/kc/print/load_data.html?order_code=212020091405897&kc_code=cgsh&condition= HTTP/1.1" 200 906
117.184.7.26 - - [14/Sep/2020:10:06:25 +0800] "POST /xingrg/dwr/call/plaincall/AjaxCheckService.setItemNumber.dwr HTTP/1.1" 200 77
117.184.7.26 - - [14/Sep/2020:10:06:28 +0800] "POST /xingrg/dwr/call/plaincall/AjaxCheckService.setItemNumber.dwr HTTP/1.1" 200 77
114.82.29.189 - - [14/Sep/2020:10:06:28 +0800] "GET /xingrg/kc/buy/cgsh_order_add.html HTTP/1.1" 200 59709
114.82.29.189 - - [14/Sep/2020:10:06:29 +0800] "POST /xingrg/kc/buy/cgsh_order_operate.html HTTP/1.1" 200 8245
114.82.29.189 - - [14/Sep/2020:10:06:29 +0800] "GET /xingrg/javascript/easyui/themes/default/validatebox.css HTTP/1.1" 404 1104
117.184.7.26 - - [14/Sep/2020:10:06:29 +0800] "POST /xingrg/dwr/call/plaincall/AjaxCheckService.setItemNumber.dwr HTTP/1.1" 200 77
222.69.160.252 - - [14/Sep/2020:10:06:29 +0800] "GET /xingrg/all/function/internal_message.html?_=1600049021602&CODE_STATE=getMsg HTTP/1.1" 200 27
222.69.136.144 - - [14/Sep/2020:10:06:30 +0800] "GET /xingrg/all/function/internal_message.html?_=1600049189083&CODE_STATE=getMsg HTTP/1.1" 200 27
117.184.7.26 - - [14/Sep/2020:10:06:31 +0800] "POST /xingrg/dwr/call/plaincall/AjaxCheckService.setItemNumber.dwr HTTP/1.1" 200 77
114.82.29.189 - - [14/Sep/2020:10:06:32 +0800] "GET /xingrg/all/function/internal_message.html?_=1600049192202&CODE_STATE=getMsg HTTP/1.1" 200 27
114.82.29.189 - - [14/Sep/2020:10:06:32 +0800] "GET /xingrg/check_reg.html?_=1600049192268 HTTP/1.1" 200 22
117.184.7.26 - - [14/Sep/2020:10:06:33 +0800] "POST /xingrg/dwr/call/plaincall/AjaxCheckService.setItemNumber.dwr HTTP/1.1" 200 77
172.17.0.120 - - [14/Sep/2020:10:06:34 +0800] "GET /xingrg/all/function/internal_message.html?_=1600049193870&CODE_STATE=getMsg HTTP/1.1" 200 27
222.69.136.144 - - [14/Sep/2020:10:06:37 +0800] "GET /xingrg/kc/buy/cgsh_order_add.html HTTP/1.1" 200 59762
222.69.136.144 - - [14/Sep/2020:10:06:37 +0800] "POST /xingrg/kc/buy/cgsh_order_operate.html HTTP/1.1" 200 8245
222.69.136.144 - - [14/Sep/2020:10:06:38 +0800] "GET /xingrg/javascript/easyui/themes/default/validatebox.css HTTP/1.1" 404 1104
114.82.29.189 - - [14/Sep/2020:10:06:39 +0800] "GET /xingrg/kc/buy/cgsh_order_operate.html?command=get_materiel&rest_code=00105&code=00101006001&supplier_code=00100404&order_time=2020-09-14 HTTP/1.1" 200 450
116.235.241.164 - - [14/Sep/2020:10:06:39 +0800] "GET /xingrg/all/function/internal_message.html?_=1600049201259&CODE_STATE=getMsg HTTP/1.1" 200 27
116.235.241.164 - - [14/Sep/2020:10:06:39 +0800] "GET /xingrg/check_reg.html?_=1600049201260 HTTP/1.1" 200 22
116.238.71.173 - - [14/Sep/2020:10:06:44 +0800] "GET /xingrg/check_reg.html?_=1600049328790 HTTP/1.1" 200 22
116.238.71.173 - - [14/Sep/2020:10:06:44 +0800] "GET /xingrg/all/function/internal_message.html?_=1600049328977&CODE_STATE=getMsg HTTP/1.1" 200 27
120.253.135.82 - - [14/Sep/2020:10:06:46 +0800] "GET /xingrg/all/function/internal_message.html?_=1600049319414&CODE_STATE=getMsg HTTP/1.1" 200 27
114.88.166.242 - - [14/Sep/2020:10:06:49 +0800] "GET /xingrg/all/function/internal_message.html?_=1600049274223&CODE_STATE=getMsg HTTP/1.1" 200 27
116.230.74.197 - - [14/Sep/2020:10:06:50 +0800] "GET /xingrg/all/function/internal_message.html?_=1600049208801&CODE_STATE=getMsg HTTP/1.1" 200 27
114.82.29.189 - - [14/Sep/2020:10:06:50 +0800] "POST /xingrg/kc/buy/cgsh_order_operate.html HTTP/1.1" 200 37
116.238.71.173 - - [14/Sep/2020:10:06:51 +0800] "GET /xingrg/check_reg.html?_=1600049211333 HTTP/1.1" 200 22
114.82.29.189 - - [14/Sep/2020:10:06:51 +0800] "POST /xingrg/kc/buy/cgsh_order_operate.html HTTP/1.1" 200 2674
116.238.71.173 - - [14/Sep/2020:10:06:51 +0800] "GET /xingrg/all/function/internal_message.html?_=1600049211681&CODE_STATE=getMsg HTTP/1.1" 200 27
222.69.136.144 - - [14/Sep/2020:10:06:52 +0800] "GET /xingrg/kc/buy/cgsh_order_operate.html?command=get_materiel&rest_code=00149&code=00101009109&supplier_code=00100201&order_time=2020-09-14 HTTP/1.1" 200 399
117.184.7.26 - - [14/Sep/2020:10:06:52 +0800] "POST /xingrg/dwr/call/plaincall/AjaxCheckService.checkOrder.dwr HTTP/1.1" 200 79
218.81.217.115 - - [14/Sep/2020:10:06:53 +0800] "GET /xingrg/all/function/internal_message.html?_=1600049216415&CODE_STATE=getMsg HTTP/1.1" 200 27
117.184.7.26 - - [14/Sep/2020:10:06:53 +0800] "GET /xingrg/kc/base/check_order_info.html?code=452020091300163 HTTP/1.1" 200 22858
116.232.53.181 - - [14/Sep/2020:10:06:53 +0800] "POST /xingrg/services/DataTransmitService HTTP/1.1" 200 524
117.184.7.26 - - [14/Sep/2020:10:06:53 +0800] "GET /xingrg/dwr/engine.js HTTP/1.1" 200 43631
117.184.7.30 - - [14/Sep/2020:10:06:53 +0800] "GET /xingrg/dwr/interface/AjaxCheckService.js HTTP/1.1" 200 14003
117.184.7.30 - - [14/Sep/2020:10:06:53 +0800] "GET /xingrg/dwr/interface/AjaxComOrderService.js HTTP/1.1" 200 18264
117.184.7.30 - - [14/Sep/2020:10:06:54 +0800] "POST /xingrg/dwr/call/plaincall/AjaxCheckService.loadOrderItems.dwr HTTP/1.1" 200 22028
117.184.7.30 - - [14/Sep/2020:10:06:56 +0800] "GET /xingrg/kc/base/check_order_info.html?code=452020091300160 HTTP/1.1" 200 26362
117.184.7.30 - - [14/Sep/2020:10:06:56 +0800] "GET /xingrg/dwr/interface/AjaxCheckService.js HTTP/1.1" 200 14003
117.184.7.30 - - [14/Sep/2020:10:06:56 +0800] "GET /xingrg/dwr/interface/AjaxComOrderService.js HTTP/1.1" 200 18264
117.184.7.26 - - [14/Sep/2020:10:06:56 +0800] "GET /xingrg/dwr/engine.js HTTP/1.1" 200 43631
117.131.5.26 - - [14/Sep/2020:10:06:56 +0800] "GET /xingrg/all/function/internal_message.html?_=1600049235633&CODE_STATE=getMsg HTTP/1.1" 200 27
117.184.7.26 - - [14/Sep/2020:10:06:56 +0800] "POST /xingrg/dwr/call/plaincall/AjaxCheckService.loadOrderItems.dwr HTTP/1.1" 200 13033
172.17.200.101 - - [14/Sep/2020:10:06:58 +0800] "GET /xingrg/all/function/internal_message.html?_=1600049219925&CODE_STATE=getMsg HTTP/1.1" 200 27
116.238.90.59 - - [14/Sep/2020:10:06:58 +0800] "GET /xingrg/kc/buy/cgsh_order_list.html HTTP/1.1" 200 43971
116.235.241.164 - - [14/Sep/2020:10:06:58 +0800] "GET /xingrg/check_reg.html?_=1600049220508 HTTP/1.1" 200 22
116.235.241.164 - - [14/Sep/2020:10:06:58 +0800] "GET /xingrg/all/function/internal_message.html?_=1600049220513&CODE_STATE=getMsg HTTP/1.1" 200 27
116.238.90.59 - - [14/Sep/2020:10:06:59 +0800] "POST /xingrg/kc/buy/cgsh_list_operate.html HTTP/1.1" 200 876
117.184.7.26 - - [14/Sep/2020:10:06:59 +0800] "POST /xingrg/dwr/call/plaincall/AjaxCheckService.setItemNumber.dwr HTTP/1.1" 200 76
117.184.7.26 - - [14/Sep/2020:10:07:01 +0800] "POST /xingrg/dwr/call/plaincall/AjaxCheckService.setItemNumber.dwr HTTP/1.1" 200 76
116.238.90.59 - - [14/Sep/2020:10:07:01 +0800] "GET /xingrg/kc/buy/cgsh_order_add.html HTTP/1.1" 200 59621
116.238.90.59 - - [14/Sep/2020:10:07:02 +0800] "GET /xingrg/javascript/easyui/themes/icons/template_new.png HTTP/1.1" 304 -
116.238.90.59 - - [14/Sep/2020:10:07:02 +0800] "GET /xingrg/javascript/easyui/themes/icons/ok.png HTTP/1.1" 304 -
116.238.90.59 - - [14/Sep/2020:10:07:02 +0800] "POST /xingrg/kc/buy/cgsh_order_operate.html HTTP/1.1" 200 8245
116.238.90.59 - - [14/Sep/2020:10:07:02 +0800] "GET /xingrg/all/common/auto_word.html?type=employee&rest_code=00102 HTTP/1.1" 200 189
116.238.90.59 - - [14/Sep/2020:10:07:02 +0800] "GET /xingrg/all/common/auto_word.html?type=employee&rest_code=00102 HTTP/1.1" 200 189
116.238.90.59 - - [14/Sep/2020:10:07:02 +0800] "GET /xingrg/javascript/easyui/themes/default/validatebox.css HTTP/1.1" 404 1104
116.238.90.59 - - [14/Sep/2020:10:07:02 +0800] "GET /xingrg/javascript/auto/indicator.gif HTTP/1.1" 404 1066
117.184.7.26 - - [14/Sep/2020:10:07:03 +0800] "POST /xingrg/dwr/call/plaincall/AjaxCheckService.setItemNumber.dwr HTTP/1.1" 200 76
117.184.7.26 - - [14/Sep/2020:10:07:04 +0800] "POST /xingrg/dwr/call/plaincall/AjaxCheckService.setItemNumber.dwr HTTP/1.1" 200 76
117.184.7.26 - - [14/Sep/2020:10:07:05 +0800] "POST /xingrg/dwr/call/plaincall/AjaxCheckService.setItemNumber.dwr HTTP/1.1" 200 76
117.184.7.26 - - [14/Sep/2020:10:07:05 +0800] "GET /xingrg/all/function/internal_message.html?_=1600049224070&CODE_STATE=getMsg HTTP/1.1" 200 27
117.184.7.26 - - [14/Sep/2020:10:07:06 +0800] "POST /xingrg/dwr/call/plaincall/AjaxCheckService.setItemNumber.dwr HTTP/1.1" 200 76
117.184.7.26 - - [14/Sep/2020:10:07:07 +0800] "POST /xingrg/dwr/call/plaincall/AjaxCheckService.setItemNumber.dwr HTTP/1.1" 200 76
116.238.90.59 - - [14/Sep/2020:10:07:07 +0800] "GET /xingrg/javascript/easyui/plugins/jquery.draggable.js HTTP/1.1" 304 -
116.238.90.59 - - [14/Sep/2020:10:07:07 +0800] "GET /xingrg/css/images/panel_loading.gif HTTP/1.1" 304 -
116.238.90.59 - - [14/Sep/2020:10:07:07 +0800] "GET /xingrg/javascript/easyui/plugins/jquery.droppable.js HTTP/1.1" 304 -
116.238.90.59 - - [14/Sep/2020:10:07:08 +0800] "GET /xingrg/javascript/easyui/themes/default/tree.css HTTP/1.1" 404 1090
116.238.90.59 - - [14/Sep/2020:10:07:08 +0800] "GET /xingrg/javascript/easyui/plugins/jquery.tree.js HTTP/1.1" 304 -
116.238.90.59 - - [14/Sep/2020:10:07:08 +0800] "POST /xingrg/all/common/load_tree.html?tree=supplier_tree_json&isDelete=1 HTTP/1.1" 200 50169
116.238.90.59 - - [14/Sep/2020:10:07:10 +0800] "GET /xingrg/javascript/easyui/themes/default/images/tree_arrows.gif HTTP/1.1" 304 -
116.238.90.59 - - [14/Sep/2020:10:07:10 +0800] "GET /xingrg/javascript/easyui/themes/default/images/tree_folder_open.gif HTTP/1.1" 304 -
116.238.90.59 - - [14/Sep/2020:10:07:10 +0800] "GET /xingrg/javascript/easyui/themes/default/images/tree_folder.gif HTTP/1.1" 304 -
116.238.90.59 - - [14/Sep/2020:10:07:10 +0800] "GET /xingrg/javascript/easyui/themes/default/images/tree_file.gif HTTP/1.1" 304 -
117.184.7.26 - - [14/Sep/2020:10:07:10 +0800] "POST /xingrg/dwr/call/plaincall/AjaxCheckService.setItemNumber.dwr HTTP/1.1" 200 76
114.88.166.242 - - [14/Sep/2020:10:07:11 +0800] "GET /xingrg/check_reg.html?_=1600049229730 HTTP/1.1" 200 22
117.184.7.26 - - [14/Sep/2020:10:07:13 +0800] "POST /xingrg/dwr/call/plaincall/AjaxCheckService.setItemNumber.dwr HTTP/1.1" 200 76
117.184.7.26 - - [14/Sep/2020:10:07:15 +0800] "POST /xingrg/dwr/call/plaincall/AjaxCheckService.setItemNumber.dwr HTTP/1.1" 200 77
116.238.90.59 - - [14/Sep/2020:10:07:15 +0800] "GET /xingrg/all/function/internal_message.html?_=1600049442881&CODE_STATE=getMsg HTTP/1.1" 200 27
117.184.7.26 - - [14/Sep/2020:10:07:15 +0800] "POST /xingrg/dwr/call/plaincall/AjaxCheckService.setItemNumber.dwr HTTP/1.1" 200 77
172.17.0.105 - - [14/Sep/2020:10:07:15 +0800] "GET /xingrg/all/function/internal_message.html?_=1600049234537&CODE_STATE=getMsg HTTP/1.1" 200 27
117.184.7.26 - - [14/Sep/2020:10:07:16 +0800] "POST /xingrg/dwr/call/plaincall/AjaxCheckService.setItemNumber.dwr HTTP/1.1" 200 77
114.82.29.189 - - [14/Sep/2020:10:07:17 +0800] "GET /xingrg/kc/print/load_data.html?order_code=212020091405898&kc_code=cgsh&condition= HTTP/1.1" 200 703
117.184.7.26 - - [14/Sep/2020:10:07:17 +0800] "POST /xingrg/dwr/call/plaincall/AjaxCheckService.setItemNumber.dwr HTTP/1.1" 200 77
117.184.7.26 - - [14/Sep/2020:10:07:18 +0800] "POST /xingrg/dwr/call/plaincall/AjaxCheckService.setItemNumber.dwr HTTP/1.1" 200 77
114.82.29.189 - - [14/Sep/2020:10:07:22 +0800] "GET /xingrg/kc/buy/cgsh_order_add.html HTTP/1.1" 200 59709
117.184.7.26 - - [14/Sep/2020:10:07:22 +0800] "POST /xingrg/dwr/call/plaincall/AjaxCheckService.checkOrder.dwr HTTP/1.1" 200 79
114.82.29.189 - - [14/Sep/2020:10:07:22 +0800] "POST /xingrg/kc/buy/cgsh_order_operate.html HTTP/1.1" 200 8245
114.82.29.189 - - [14/Sep/2020:10:07:22 +0800] "GET /xingrg/javascript/easyui/themes/default/validatebox.css HTTP/1.1" 404 1104
117.184.7.26 - - [14/Sep/2020:10:07:23 +0800] "GET /xingrg/kc/base/check_order_info.html?code=452020091300160 HTTP/1.1" 200 22854
58.37.9.106 - - [14/Sep/2020:10:07:23 +0800] "GET /xingrg/check_reg.html?_=1600049226503 HTTP/1.1" 200 22
117.184.7.26 - - [14/Sep/2020:10:07:23 +0800] "GET /xingrg/dwr/interface/AjaxComOrderService.js HTTP/1.1" 200 18264
117.184.7.30 - - [14/Sep/2020:10:07:23 +0800] "GET /xingrg/dwr/interface/AjaxCheckService.js HTTP/1.1" 200 14003
117.184.7.30 - - [14/Sep/2020:10:07:23 +0800] "GET /xingrg/dwr/engine.js HTTP/1.1" 200 43631
117.184.7.30 - - [14/Sep/2020:10:07:23 +0800] "POST /xingrg/dwr/call/plaincall/AjaxCheckService.loadOrderItems.dwr HTTP/1.1" 200 5903
117.184.7.30 - - [14/Sep/2020:10:07:26 +0800] "GET /xingrg/kc/base/check_order_info.html?code=452020091300161 HTTP/1.1" 200 26362
117.184.7.30 - - [14/Sep/2020:10:07:26 +0800] "GET /xingrg/dwr/interface/AjaxCheckService.js HTTP/1.1" 200 14003
117.184.7.30 - - [14/Sep/2020:10:07:26 +0800] "GET /xingrg/dwr/interface/AjaxComOrderService.js HTTP/1.1" 200 18264
117.184.7.26 - - [14/Sep/2020:10:07:27 +0800] "GET /xingrg/dwr/engine.js HTTP/1.1" 200 43631
117.184.7.26 - - [14/Sep/2020:10:07:27 +0800] "POST /xingrg/dwr/call/plaincall/AjaxCheckService.loadOrderItems.dwr HTTP/1.1" 200 12512
222.69.160.252 - - [14/Sep/2020:10:07:29 +0800] "GET /xingrg/all/function/internal_message.html?_=1600049081603&CODE_STATE=getMsg HTTP/1.1" 200 27
222.69.136.144 - - [14/Sep/2020:10:07:30 +0800] "GET /xingrg/all/function/internal_message.html?_=1600049249091&CODE_STATE=getMsg HTTP/1.1" 200 27
117.184.7.26 - - [14/Sep/2020:10:07:30 +0800] "POST /xingrg/dwr/call/plaincall/AjaxCheckService.setItemNumber.dwr HTTP/1.1" 200 76
117.184.7.26 - - [14/Sep/2020:10:07:32 +0800] "POST /xingrg/dwr/call/plaincall/AjaxCheckService.setItemNumber.dwr HTTP/1.1" 200 76
114.82.29.189 - - [14/Sep/2020:10:07:32 +0800] "GET /xingrg/kc/buy/cgsh_order_operate.html?command=get_materiel&rest_code=00105&code=00101018007&supplier_code=00100330&order_time=2020-09-14 HTTP/1.1" 200 409
114.82.29.189 - - [14/Sep/2020:10:07:32 +0800] "GET /xingrg/all/function/internal_message.html?_=1600049252180&CODE_STATE=getMsg HTTP/1.1" 200 27
172.17.0.120 - - [14/Sep/2020:10:07:34 +0800] "GET /xingrg/all/function/internal_message.html?_=1600049253871&CODE_STATE=getMsg HTTP/1.1" 200 27
222.69.136.144 - - [14/Sep/2020:10:07:35 +0800] "GET /xingrg/kc/buy/cgsh_order_operate.html?command=get_materiel&rest_code=00149&code=00101009062&supplier_code=00100201&order_time=2020-09-14 HTTP/1.1" 200 433
117.184.7.26 - - [14/Sep/2020:10:07:35 +0800] "POST /xingrg/dwr/call/plaincall/AjaxCheckService.setItemNumber.dwr HTTP/1.1" 200 76
117.184.7.26 - - [14/Sep/2020:10:07:36 +0800] "POST /xingrg/dwr/call/plaincall/AjaxCheckService.setItemNumber.dwr HTTP/1.1" 200 76
117.184.7.26 - - [14/Sep/2020:10:07:37 +0800] "POST /xingrg/dwr/call/plaincall/AjaxCheckService.setItemNumber.dwr HTTP/1.1" 200 76
117.184.7.26 - - [14/Sep/2020:10:07:38 +0800] "POST /xingrg/dwr/call/plaincall/AjaxCheckService.setItemNumber.dwr HTTP/1.1" 200 76
116.235.241.164 - - [14/Sep/2020:10:07:39 +0800] "GET /xingrg/all/function/internal_message.html?_=1600049261261&CODE_STATE=getMsg HTTP/1.1" 200 27
117.184.7.26 - - [14/Sep/2020:10:07:39 +0800] "POST /xingrg/dwr/call/plaincall/AjaxCheckService.setItemNumber.dwr HTTP/1.1" 200 76
117.184.7.26 - - [14/Sep/2020:10:07:40 +0800] "POST /xingrg/dwr/call/plaincall/AjaxCheckService.setItemNumber.dwr HTTP/1.1" 200 76
117.184.7.26 - - [14/Sep/2020:10:07:41 +0800] "POST /xingrg/dwr/call/plaincall/AjaxCheckService.setItemNumber.dwr HTTP/1.1" 200 76
