117.184.7.26 - - [13/Sep/2020:09:16:57 +0800] "GET /xingrg/all/function/internal_message.html?_=1599960668483&CODE_STATE=getMsg HTTP/1.1" 200 27
172.17.0.123 - - [13/Sep/2020:09:16:58 +0800] "GET /xingrg/all/function/internal_message.html?_=1599959819511&CODE_STATE=getMsg HTTP/1.1" 302 -
172.17.0.123 - - [13/Sep/2020:09:16:58 +0800] "GET /xingrg/check_reg.html?_=1599959819515 HTTP/1.1" 302 -
218.81.217.115 - - [13/Sep/2020:09:16:59 +0800] "GET /xingrg/kc/buy/cgsh_order_operate.html?command=get_materiel&rest_code=00146&code=00101008019&supplier_code=00100005&order_time=2020-09-13 HTTP/1.1" 200 416
116.235.241.164 - - [13/Sep/2020:09:17:00 +0800] "GET /xingrg/all/function/internal_message.html?_=1599959818732&CODE_STATE=getMsg HTTP/1.1" 200 27
116.235.241.164 - - [13/Sep/2020:09:17:00 +0800] "GET /xingrg/check_reg.html?_=1599959818734 HTTP/1.1" 200 22
114.82.29.189 - - [13/Sep/2020:09:17:00 +0800] "GET /xingrg/kc/buy/cgsh_order_operate.html?command=get_materiel&rest_code=00105&code=00101008236&supplier_code=00100203&order_time=2020-09-13 HTTP/1.1" 200 417
116.232.54.42 - - [13/Sep/2020:09:17:06 +0800] "GET /xingrg/all/function/internal_message.html?_=1599959888062&CODE_STATE=getMsg HTTP/1.1" 200 27
114.82.29.189 - - [13/Sep/2020:09:17:08 +0800] "GET /xingrg/all/function/internal_message.html?_=1599959825492&CODE_STATE=getMsg HTTP/1.1" 200 27
114.88.166.242 - - [13/Sep/2020:09:17:11 +0800] "GET /xingrg/check_reg.html?_=1599959827801 HTTP/1.1" 200 22
114.88.166.242 - - [13/Sep/2020:09:17:12 +0800] "GET /xingrg/all/function/internal_message.html?_=1599959894649&CODE_STATE=getMsg HTTP/1.1" 200 27
218.81.217.115 - - [13/Sep/2020:09:17:12 +0800] "GET /xingrg/kc/buy/cgsh_order_operate.html?command=get_materiel&rest_code=00146&code=00101008261&supplier_code=00100005&order_time=2020-09-13 HTTP/1.1" 200 408
218.81.217.115 - - [13/Sep/2020:09:17:15 +0800] "POST /xingrg/kc/buy/cgsh_order_operate.html HTTP/1.1" 200 2065
222.69.137.87 - - [13/Sep/2020:09:17:16 +0800] "GET /xingrg/all/function/internal_message.html?_=1599959833808&CODE_STATE=getMsg HTTP/1.1" 200 27
58.37.9.106 - - [13/Sep/2020:09:17:20 +0800] "GET /xingrg/check_reg.html?_=1599959826569 HTTP/1.1" 200 22
218.81.217.115 - - [13/Sep/2020:09:17:27 +0800] "GET /xingrg/all/function/internal_message.html?_=1599959845645&CODE_STATE=getMsg HTTP/1.1" 200 27
116.238.71.173 - - [13/Sep/2020:09:17:27 +0800] "POST /xingrg/dwr/call/plaincall/AjaxComOrderService.getMaterielSearchList.dwr HTTP/1.1" 200 20542
116.238.71.173 - - [13/Sep/2020:09:17:28 +0800] "POST /xingrg/dwr/call/plaincall/AjaxComOrderService.getMaterielSearchList.dwr HTTP/1.1" 200 547
218.81.217.115 - - [13/Sep/2020:09:17:30 +0800] "GET /xingrg/kc/buy/cgsh_order_operate.html?command=get_materiel&rest_code=00146&code=00101008010&supplier_code=00100005&order_time=2020-09-13 HTTP/1.1" 200 412
116.238.71.173 - - [13/Sep/2020:09:17:31 +0800] "POST /xingrg/dwr/call/plaincall/AjaxYddbService.getMaterielByMap.dwr HTTP/1.1" 200 3668
114.82.29.189 - - [13/Sep/2020:09:17:31 +0800] "GET /xingrg/kc/buy/cgsh_order_operate.html?command=get_materiel&rest_code=00105&code=00101015006&supplier_code=00100203&order_time=2020-09-13 HTTP/1.1" 200 413
116.238.71.173 - - [13/Sep/2020:09:17:34 +0800] "POST /xingrg/dwr/call/plaincall/AjaxYddbService.saveMaterielItem.dwr HTTP/1.1" 200 79
218.81.217.115 - - [13/Sep/2020:09:17:38 +0800] "GET /xingrg/kc/buy/cgsh_order_operate.html?command=get_materiel&rest_code=00146&code=00101008306&supplier_code=00100005&order_time=2020-09-13 HTTP/1.1" 200 412
116.238.71.173 - - [13/Sep/2020:09:17:38 +0800] "POST /xingrg/dwr/call/plaincall/AjaxYddbService.checkOrder.dwr HTTP/1.1" 200 79
116.238.71.173 - - [13/Sep/2020:09:17:39 +0800] "GET /xingrg/kc/base/yddb_order_info.html?code=482020091300113 HTTP/1.1" 200 29191
116.238.71.173 - - [13/Sep/2020:09:17:39 +0800] "GET /xingrg/dwr/engine.js HTTP/1.1" 200 43631
116.238.71.173 - - [13/Sep/2020:09:17:39 +0800] "GET /xingrg/dwr/interface/AjaxYddbService.js HTTP/1.1" 200 13201
116.238.71.173 - - [13/Sep/2020:09:17:39 +0800] "GET /xingrg/dwr/interface/AjaxComOrderService.js HTTP/1.1" 200 18264
116.238.71.173 - - [13/Sep/2020:09:17:39 +0800] "POST /xingrg/dwr/call/plaincall/AjaxYddbService.loadMaterielItems.dwr HTTP/1.1" 200 719
116.238.71.173 - - [13/Sep/2020:09:17:40 +0800] "GET /xingrg/all/function/internal_message.html?_=1599959857969&CODE_STATE=getMsg HTTP/1.1" 200 27
172.17.200.101 - - [13/Sep/2020:09:17:40 +0800] "GET /xingrg/all/function/internal_message.html?_=1599959858544&CODE_STATE=getMsg HTTP/1.1" 200 27
172.17.200.101 - - [13/Sep/2020:09:17:40 +0800] "GET /xingrg/check_reg.html?_=1599959858548 HTTP/1.1" 200 22
116.235.241.164 - - [13/Sep/2020:09:17:40 +0800] "GET /xingrg/all/function/internal_message.html?_=1599959859490&CODE_STATE=getMsg HTTP/1.1" 200 27
116.238.90.59 - - [13/Sep/2020:09:17:40 +0800] "GET /xingrg/all/function/internal_message.html?_=1599960065416&CODE_STATE=getMsg HTTP/1.1" 200 27
114.82.29.189 - - [13/Sep/2020:09:17:42 +0800] "GET /xingrg/kc/buy/cgsh_order_operate.html?command=get_materiel&rest_code=00105&code=00101015053&supplier_code=00100203&order_time=2020-09-13 HTTP/1.1" 200 413
101.89.239.120 - - [13/Sep/2020:09:17:47 +0800] "GET /xingrg/check_reg.html?_=1599959226583 HTTP/1.1" 302 -
114.82.29.189 - - [13/Sep/2020:09:17:51 +0800] "GET /xingrg/kc/buy/cgsh_order_operate.html?command=get_materiel&rest_code=00105&code=00101015038&supplier_code=00100203&order_time=2020-09-13 HTTP/1.1" 200 418
172.17.0.105 - - [13/Sep/2020:09:17:51 +0800] "GET /xingrg/all/function/internal_message.html?_=1599959868809&CODE_STATE=getMsg HTTP/1.1" 200 27
218.81.217.115 - - [13/Sep/2020:09:17:57 +0800] "GET /xingrg/kc/buy/cgsh_order_operate.html?command=get_materiel&rest_code=00146&code=00101008026&supplier_code=00100005&order_time=2020-09-13 HTTP/1.1" 200 409
117.184.7.26 - - [13/Sep/2020:09:17:57 +0800] "GET /xingrg/all/function/internal_message.html?_=1599960728481&CODE_STATE=getMsg HTTP/1.1" 200 27
101.89.239.120 - - [13/Sep/2020:09:17:57 +0800] "GET /xingrg/login.html HTTP/1.1" 200 7641
172.17.0.123 - - [13/Sep/2020:09:17:58 +0800] "GET /xingrg/all/function/internal_message.html?_=1599959879517&CODE_STATE=getMsg HTTP/1.1" 302 -
116.235.241.164 - - [13/Sep/2020:09:18:00 +0800] "GET /xingrg/all/function/internal_message.html?_=1599959878721&CODE_STATE=getMsg HTTP/1.1" 200 27
116.232.54.42 - - [13/Sep/2020:09:18:04 +0800] "GET /xingrg/all/function/internal_message.html?_=1599959948062&CODE_STATE=getMsg HTTP/1.1" 200 27
218.81.217.115 - - [13/Sep/2020:09:18:07 +0800] "GET /xingrg/kc/buy/cgsh_order_operate.html?command=get_materiel&rest_code=00146&code=00101008038&supplier_code=00100005&order_time=2020-09-13 HTTP/1.1" 200 412
114.82.29.189 - - [13/Sep/2020:09:18:08 +0800] "GET /xingrg/all/function/internal_message.html?_=1599959885486&CODE_STATE=getMsg HTTP/1.1" 200 27
218.81.217.115 - - [13/Sep/2020:09:18:10 +0800] "POST /xingrg/kc/buy/cgsh_order_operate.html HTTP/1.1" 200 2065
114.88.166.242 - - [13/Sep/2020:09:18:12 +0800] "GET /xingrg/all/function/internal_message.html?_=1599959954651&CODE_STATE=getMsg HTTP/1.1" 200 27
114.88.166.242 - - [13/Sep/2020:09:18:12 +0800] "GET /xingrg/check_reg.html?_=1599959954650 HTTP/1.1" 200 22
114.82.29.189 - - [13/Sep/2020:09:18:12 +0800] "GET /xingrg/kc/buy/cgsh_order_operate.html?command=get_materiel&rest_code=00105&code=00101008358&supplier_code=00100203&order_time=2020-09-13 HTTP/1.1" 200 412
222.69.137.87 - - [13/Sep/2020:09:18:15 +0800] "GET /xingrg/check_reg.html?_=1599959892751 HTTP/1.1" 200 22
222.69.137.87 - - [13/Sep/2020:09:18:16 +0800] "GET /xingrg/all/function/internal_message.html?_=1599959893783&CODE_STATE=getMsg HTTP/1.1" 200 27
116.238.71.173 - - [13/Sep/2020:09:18:18 +0800] "GET /xingrg/kc/base/yddb_order_report.html?fileType=servlets/html&code=482020091300113&reportName=ck_order_report&subName=yddb HTTP/1.1" 302 -
116.238.71.173 - - [13/Sep/2020:09:18:18 +0800] "GET /xingrg/servlets/html?sysBaseUrl=http%3A%2F%2F180.169.147.146%3A18081%2Fxingrg%2F&costTime=123×tamp=1599959898489 HTTP/1.1" 200 17514
116.238.71.173 - - [13/Sep/2020:09:18:18 +0800] "GET /xingrg/servlets/image?image=px HTTP/1.1" 200 807
116.238.71.173 - - [13/Sep/2020:09:18:18 +0800] "GET /favicon.ico HTTP/1.1" 404 -
114.82.29.189 - - [13/Sep/2020:09:18:22 +0800] "GET /xingrg/kc/buy/cgsh_order_operate.html?command=get_materiel&rest_code=00105&code=00101008333&supplier_code=00100203&order_time=2020-09-13 HTTP/1.1" 200 412
218.81.217.115 - - [13/Sep/2020:09:18:27 +0800] "GET /xingrg/all/function/internal_message.html?_=1599959905654&CODE_STATE=getMsg HTTP/1.1" 200 27
114.82.29.189 - - [13/Sep/2020:09:18:36 +0800] "GET /xingrg/kc/buy/cgsh_order_operate.html?command=get_materiel&rest_code=00105&code=00101008087&supplier_code=00100203&order_time=2020-09-13 HTTP/1.1" 200 412
116.232.49.242 - - [13/Sep/2020:09:18:38 +0800] "GET /xingrg/check_reg.html?_=1599959891393 HTTP/1.1" 200 22
172.17.200.101 - - [13/Sep/2020:09:18:40 +0800] "GET /xingrg/all/function/internal_message.html?_=1599959918548&CODE_STATE=getMsg HTTP/1.1" 200 27
116.238.71.173 - - [13/Sep/2020:09:18:40 +0800] "GET /xingrg/all/function/internal_message.html?_=1599959918003&CODE_STATE=getMsg HTTP/1.1" 200 27
116.235.241.164 - - [13/Sep/2020:09:18:40 +0800] "GET /xingrg/all/function/internal_message.html?_=1599959919491&CODE_STATE=getMsg HTTP/1.1" 200 27
116.238.90.59 - - [13/Sep/2020:09:18:40 +0800] "GET /xingrg/all/function/internal_message.html?_=1599960125429&CODE_STATE=getMsg HTTP/1.1" 200 27
114.82.29.189 - - [13/Sep/2020:09:18:42 +0800] "POST /xingrg/kc/buy/cgsh_order_operate.html HTTP/1.1" 200 2065
117.184.7.26 - - [13/Sep/2020:09:18:48 +0800] "GET /xingrg/login.html HTTP/1.1" 200 7641
218.81.217.115 - - [13/Sep/2020:09:18:49 +0800] "GET /xingrg/kc/buy/cgsh_order_operate.html?command=get_materiel&rest_code=00146&code=00101008197&supplier_code=00100005&order_time=2020-09-13 HTTP/1.1" 200 416
172.17.0.105 - - [13/Sep/2020:09:18:51 +0800] "GET /xingrg/all/function/internal_message.html?_=1599959928809&CODE_STATE=getMsg HTTP/1.1" 200 27
117.184.7.26 - - [13/Sep/2020:09:18:52 +0800] "GET /favicon.ico HTTP/1.1" 404 -
117.184.7.26 - - [13/Sep/2020:09:18:57 +0800] "GET /xingrg/all/function/internal_message.html?_=1599960788481&CODE_STATE=getMsg HTTP/1.1" 200 27
117.184.7.26 - - [13/Sep/2020:09:18:57 +0800] "GET /xingrg/check_reg.html?_=1599960788483 HTTP/1.1" 200 22
117.184.7.26 - - [13/Sep/2020:09:18:58 +0800] "POST /xingrg/login.do HTTP/1.1" 302 -
117.184.7.26 - - [13/Sep/2020:09:18:58 +0800] "GET /xingrg/index.html?sysBaseUrl=http%3A%2F%2F180.169.147.146%3A18081%2Fxingrg%2F&costTime=107×tamp=1599959938040 HTTP/1.1" 200 17179
172.17.0.123 - - [13/Sep/2020:09:18:58 +0800] "GET /xingrg/all/function/internal_message.html?_=1599959939521&CODE_STATE=getMsg HTTP/1.1" 302 -
117.184.7.26 - - [13/Sep/2020:09:18:59 +0800] "GET /favicon.ico HTTP/1.1" 404 -
117.184.7.26 - - [13/Sep/2020:09:18:59 +0800] "POST /xingrg/all/common/load_tree.html?tree=area_rest_tree_json&manage=1 HTTP/1.1" 200 470
117.184.7.26 - - [13/Sep/2020:09:18:59 +0800] "GET /xingrg/all/function/internal_message.html?_=1599959937091&CODE_STATE=count HTTP/1.1" 200 11
117.184.7.26 - - [13/Sep/2020:09:18:59 +0800] "GET /xingrg/check_reg.html?_=1599959937093 HTTP/1.1" 200 22
116.235.241.164 - - [13/Sep/2020:09:19:00 +0800] "GET /xingrg/all/function/internal_message.html?_=1599959938722&CODE_STATE=getMsg HTTP/1.1" 200 27
117.184.7.26 - - [13/Sep/2020:09:19:00 +0800] "POST /xingrg/load_menu.html HTTP/1.1" 200 5138
116.232.54.42 - - [13/Sep/2020:09:19:03 +0800] "GET /xingrg/check_reg.html?_=1599960008031 HTTP/1.1" 200 22
116.232.54.42 - - [13/Sep/2020:09:19:03 +0800] "GET /xingrg/all/function/internal_message.html?_=1599960008062&CODE_STATE=getMsg HTTP/1.1" 200 27
117.184.7.26 - - [13/Sep/2020:09:19:03 +0800] "GET /xingrg/images/control/ajaxLoader.gif HTTP/1.1" 304 -
117.184.7.26 - - [13/Sep/2020:09:19:03 +0800] "POST /xingrg/all/user/operate.html HTTP/1.1" 200 36
117.184.7.26 - - [13/Sep/2020:09:19:04 +0800] "GET /xingrg/index.html?sysBaseUrl=http%3A%2F%2F180.169.147.146%3A18081%2Fxingrg%2F&costTime=107×tamp=1599959938040 HTTP/1.1" 200 17173
117.184.7.26 - - [13/Sep/2020:09:19:04 +0800] "GET /xingrg/javascript/jquery_easy_ui/themes/default/easyui.css HTTP/1.1" 304 -
117.184.7.26 - - [13/Sep/2020:09:19:04 +0800] "GET /xingrg/javascript/jquery_easy_ui/themes/icon.css HTTP/1.1" 304 -
117.184.7.26 - - [13/Sep/2020:09:19:04 +0800] "GET /xingrg/css/form.css HTTP/1.1" 304 -
117.184.7.26 - - [13/Sep/2020:09:19:04 +0800] "GET /xingrg/javascript/jquery-1.4.2.min.js HTTP/1.1" 304 -
117.184.7.26 - - [13/Sep/2020:09:19:04 +0800] "GET /xingrg/javascript/jquery_easy_ui/jquery.easyui.min.js HTTP/1.1" 304 -
117.184.7.26 - - [13/Sep/2020:09:19:04 +0800] "GET /xingrg/javascript/jquery_easy_ui/easyui-lang-zh_CN.js HTTP/1.1" 304 -
117.184.7.26 - - [13/Sep/2020:09:19:04 +0800] "GET /xingrg/javascript/jquery.form.js HTTP/1.1" 304 -
117.184.7.26 - - [13/Sep/2020:09:19:04 +0800] "GET /xingrg/javascript/jquery.utils.js HTTP/1.1" 304 -
117.184.7.26 - - [13/Sep/2020:09:19:04 +0800] "GET /xingrg/javascript/jquery.timers.js HTTP/1.1" 304 -
117.184.7.26 - - [13/Sep/2020:09:19:04 +0800] "GET /xingrg/images/blue/jxLogo.png HTTP/1.1" 304 -
117.184.7.26 - - [13/Sep/2020:09:19:04 +0800] "GET /xingrg/javascript/jquery_easy_ui/themes/icons/settle_new.png HTTP/1.1" 304 -
117.184.7.26 - - [13/Sep/2020:09:19:04 +0800] "GET /xingrg/images/blue/navBackgound.jpg HTTP/1.1" 304 -
117.184.7.26 - - [13/Sep/2020:09:19:04 +0800] "POST /xingrg/all/common/load_tree.html?tree=area_rest_tree_json&manage=1 HTTP/1.1" 200 470
117.184.7.26 - - [13/Sep/2020:09:19:04 +0800] "GET /xingrg/check_reg.html?_=1599959941547 HTTP/1.1" 200 22
117.184.7.26 - - [13/Sep/2020:09:19:04 +0800] "GET /xingrg/all/function/internal_message.html?_=1599959941545&CODE_STATE=count HTTP/1.1" 200 11
117.184.7.26 - - [13/Sep/2020:09:19:04 +0800] "GET /xingrg/images/blue/pingpu.png HTTP/1.1" 304 -
117.184.7.26 - - [13/Sep/2020:09:19:04 +0800] "GET /xingrg/javascript/jquery_easy_ui/themes/default/images/panel_tool_collapse.gif HTTP/1.1" 304 -
117.184.7.26 - - [13/Sep/2020:09:19:04 +0800] "GET /xingrg/javascript/jquery_easy_ui/themes/default/images/tabs_rightarrow.png HTTP/1.1" 304 -
117.184.7.26 - - [13/Sep/2020:09:19:04 +0800] "GET /xingrg/javascript/jquery_easy_ui/themes/default/images/tabs_leftarrow.png HTTP/1.1" 304 -
117.184.7.26 - - [13/Sep/2020:09:19:04 +0800] "POST /xingrg/load_menu.html HTTP/1.1" 200 5138
218.81.217.115 - - [13/Sep/2020:09:19:05 +0800] "POST /xingrg/kc/buy/cgsh_order_operate.html HTTP/1.1" 200 2065
117.184.7.26 - - [13/Sep/2020:09:19:07 +0800] "GET /xingrg/kc/base/base_main.html HTTP/1.1" 200 12142
117.184.7.26 - - [13/Sep/2020:09:19:07 +0800] "GET /xingrg/javascript/jquery_easy_ui/themes/default/images/tabs_close.gif HTTP/1.1" 304 -
117.184.7.26 - - [13/Sep/2020:09:19:07 +0800] "GET /xingrg/images/blue/button/kc.gif HTTP/1.1" 304 -
117.184.7.26 - - [13/Sep/2020:09:19:07 +0800] "GET /xingrg/images/blue/pic_form2.gif HTTP/1.1" 304 -
117.184.7.26 - - [13/Sep/2020:09:19:07 +0800] "GET /xingrg/images/blue/button/right_ah.jpg HTTP/1.1" 304 -
117.184.7.26 - - [13/Sep/2020:09:19:07 +0800] "GET /xingrg/images/blue/bg_dotted.jpg HTTP/1.1" 304 -
172.17.0.102 - - [13/Sep/2020:09:19:07 +0800] "GET /favicon.ico HTTP/1.1" 404 -
114.82.29.189 - - [13/Sep/2020:09:19:08 +0800] "GET /xingrg/all/function/internal_message.html?_=1599959945491&CODE_STATE=getMsg HTTP/1.1" 200 27
117.184.7.26 - - [13/Sep/2020:09:19:08 +0800] "GET /xingrg/kc/base/yddb_order_list.html HTTP/1.1" 200 16902
117.184.7.26 - - [13/Sep/2020:09:19:08 +0800] "GET /xingrg/css/base.css HTTP/1.1" 304 -
117.184.7.26 - - [13/Sep/2020:09:19:08 +0800] "GET /xingrg/css/site.css HTTP/1.1" 304 -
117.184.7.26 - - [13/Sep/2020:09:19:08 +0800] "GET /xingrg/javascript/jquery_tools/datebox.css HTTP/1.1" 304 -
117.184.7.26 - - [13/Sep/2020:09:19:08 +0800] "GET /xingrg/javascript/easyui/themes/default/easyui.css HTTP/1.1" 304 -
117.184.7.26 - - [13/Sep/2020:09:19:08 +0800] "GET /xingrg/javascript/easyui/themes/icon.css HTTP/1.1" 304 -
117.184.7.26 - - [13/Sep/2020:09:19:08 +0800] "GET /xingrg/javascript/jquery_tools/fix.css HTTP/1.1" 304 -
117.184.7.26 - - [13/Sep/2020:09:19:08 +0800] "GET /xingrg/javascript/jquery_tools/table.css HTTP/1.1" 304 -
117.184.7.26 - - [13/Sep/2020:09:19:08 +0800] "GET /xingrg/javascript/jquery_tools/jquery.tools.min.js HTTP/1.1" 304 -
117.184.7.26 - - [13/Sep/2020:09:19:08 +0800] "GET /xingrg/javascript/jquery_tools/jquery.tools.extend.js HTTP/1.1" 304 -
117.184.7.26 - - [13/Sep/2020:09:19:08 +0800] "GET /xingrg/javascript/jquery_tools/jquery.tools.hotkey.js HTTP/1.1" 304 -
117.184.7.26 - - [13/Sep/2020:09:19:08 +0800] "GET /xingrg/javascript/jquery_tools/jquery.tools.table.js HTTP/1.1" 304 -
117.184.7.26 - - [13/Sep/2020:09:19:08 +0800] "GET /xingrg/javascript/jquery_tools/list_manager.js HTTP/1.1" 304 -
117.184.7.26 - - [13/Sep/2020:09:19:08 +0800] "GET /xingrg/javascript/easyui/easyloader.js HTTP/1.1" 304 -
117.184.7.26 - - [13/Sep/2020:09:19:08 +0800] "GET /xingrg/javascript/jquery.cookie.js HTTP/1.1" 304 -
117.184.7.26 - - [13/Sep/2020:09:19:10 +0800] "GET /xingrg/javascript/easyui/themes/icons/edit_add_new.png HTTP/1.1" 304 -
117.184.7.26 - - [13/Sep/2020:09:19:10 +0800] "GET /xingrg/javascript/easyui/themes/icons/import_new.png HTTP/1.1" 304 -
117.184.7.26 - - [13/Sep/2020:09:19:10 +0800] "GET /xingrg/javascript/easyui/themes/icons/field_new.png HTTP/1.1" 304 -
117.184.7.26 - - [13/Sep/2020:09:19:10 +0800] "GET /xingrg/javascript/easyui/plugins/jquery.parser.js HTTP/1.1" 304 -
117.184.7.26 - - [13/Sep/2020:09:19:10 +0800] "POST /xingrg/kc/base/yddb_list_operate.html HTTP/1.1" 200 636
114.82.29.189 - - [13/Sep/2020:09:19:12 +0800] "GET /xingrg/kc/buy/cgsh_order_operate.html?command=get_materiel&rest_code=00105&code=00101008059&supplier_code=00100203&order_time=2020-09-13 HTTP/1.1" 200 408
114.88.166.242 - - [13/Sep/2020:09:19:12 +0800] "GET /xingrg/all/function/internal_message.html?_=1599960014649&CODE_STATE=getMsg HTTP/1.1" 200 27
117.184.7.26 - - [13/Sep/2020:09:19:13 +0800] "POST /xingrg/kc/base/yddb_list_operate.html HTTP/1.1" 200 1842
117.184.7.26 - - [13/Sep/2020:09:19:14 +0800] "POST /xingrg/kc/base/yddb_list_operate.html HTTP/1.1" 200 284
222.69.137.87 - - [13/Sep/2020:09:19:16 +0800] "GET /xingrg/all/function/internal_message.html?_=1599959953767&CODE_STATE=getMsg HTTP/1.1" 200 27
117.184.7.26 - - [13/Sep/2020:09:19:18 +0800] "GET /xingrg/kc/base/yddb_order_info.html?code=482020091300113 HTTP/1.1" 200 31089
117.184.7.26 - - [13/Sep/2020:09:19:18 +0800] "GET /xingrg/dwr/interface/AjaxComOrderService.js HTTP/1.1" 200 18264
117.184.7.26 - - [13/Sep/2020:09:19:18 +0800] "GET /xingrg/dwr/interface/AjaxYddbService.js HTTP/1.1" 200 13201
117.184.7.26 - - [13/Sep/2020:09:19:18 +0800] "GET /xingrg/dwr/util.js HTTP/1.1" 304 -
117.184.7.26 - - [13/Sep/2020:09:19:18 +0800] "GET /xingrg/dwr/engine.js HTTP/1.1" 200 43631
117.184.7.26 - - [13/Sep/2020:09:19:19 +0800] "POST /xingrg/dwr/call/plaincall/AjaxYddbService.loadMaterielItems.dwr HTTP/1.1" 200 719
117.184.7.26 - - [13/Sep/2020:09:19:26 +0800] "GET /xingrg/javascript/jquery_easy_ui/themes/default/images/tabs_active.png HTTP/1.1" 304 -
218.81.217.115 - - [13/Sep/2020:09:19:27 +0800] "GET /xingrg/all/function/internal_message.html?_=1599959965667&CODE_STATE=getMsg HTTP/1.1" 200 27
172.17.200.101 - - [13/Sep/2020:09:19:40 +0800] "GET /xingrg/all/function/internal_message.html?_=1599959978553&CODE_STATE=getMsg HTTP/1.1" 200 27
116.235.241.164 - - [13/Sep/2020:09:19:40 +0800] "GET /xingrg/all/function/internal_message.html?_=1599959979496&CODE_STATE=getMsg HTTP/1.1" 200 27
116.238.71.173 - - [13/Sep/2020:09:19:40 +0800] "GET /xingrg/check_reg.html?_=1599959978078 HTTP/1.1" 200 22
116.238.71.173 - - [13/Sep/2020:09:19:40 +0800] "GET /xingrg/all/function/internal_message.html?_=1599959978079&CODE_STATE=getMsg HTTP/1.1" 200 27
116.238.90.59 - - [13/Sep/2020:09:19:41 +0800] "GET /xingrg/all/function/internal_message.html?_=1599960185444&CODE_STATE=getMsg HTTP/1.1" 200 27
114.82.29.189 - - [13/Sep/2020:09:19:44 +0800] "POST /xingrg/kc/buy/cgsh_order_operate.html HTTP/1.1" 200 37
114.82.29.189 - - [13/Sep/2020:09:19:46 +0800] "POST /xingrg/kc/buy/cgsh_order_operate.html HTTP/1.1" 200 55270
116.238.90.59 - - [13/Sep/2020:09:19:48 +0800] "GET /xingrg/javascript/jquery_easy_ui/themes/default/images/tabs_close.gif HTTP/1.1" 304 -
116.238.90.59 - - [13/Sep/2020:09:19:48 +0800] "GET /xingrg/css/base.css HTTP/1.1" 304 -
116.238.90.59 - - [13/Sep/2020:09:19:48 +0800] "GET /xingrg/css/site.css HTTP/1.1" 304 -
116.238.90.59 - - [13/Sep/2020:09:19:48 +0800] "GET /xingrg/javascript/jquery_tools/datebox.css HTTP/1.1" 304 -
116.238.90.59 - - [13/Sep/2020:09:19:48 +0800] "GET /xingrg/javascript/easyui/themes/default/easyui.css HTTP/1.1" 304 -
116.238.90.59 - - [13/Sep/2020:09:19:48 +0800] "GET /xingrg/javascript/jquery_tools/jquery.tools.extend.js HTTP/1.1" 304 -
116.238.90.59 - - [13/Sep/2020:09:19:48 +0800] "GET /xingrg/javascript/auto/jquery.autocomplete.css HTTP/1.1" 304 -
116.238.90.59 - - [13/Sep/2020:09:19:48 +0800] "GET /xingrg/javascript/easyui/themes/icon.css HTTP/1.1" 304 -
116.238.90.59 - - [13/Sep/2020:09:19:48 +0800] "GET /xingrg/javascript/jquery_tools/fix.css HTTP/1.1" 304 -
116.238.90.59 - - [13/Sep/2020:09:19:48 +0800] "GET /xingrg/javascript/jquery_tools/table.css HTTP/1.1" 304 -
116.238.90.59 - - [13/Sep/2020:09:19:48 +0800] "GET /xingrg/javascript/jquery_tools/jquery.tools.min.js HTTP/1.1" 304 -
116.238.90.59 - - [13/Sep/2020:09:19:48 +0800] "GET /xingrg/javascript/jquery_tools/jquery.tools.hotkey.js HTTP/1.1" 304 -
116.238.90.59 - - [13/Sep/2020:09:19:48 +0800] "GET /xingrg/javascript/jquery_tools/jquery.tools.table.js HTTP/1.1" 304 -
116.238.90.59 - - [13/Sep/2020:09:19:48 +0800] "GET /xingrg/javascript/jquery_tools/list_manager.js HTTP/1.1" 304 -
116.238.90.59 - - [13/Sep/2020:09:19:48 +0800] "GET /xingrg/javascript/auto/jquery.autocomplete.js HTTP/1.1" 304 -
116.238.90.59 - - [13/Sep/2020:09:19:48 +0800] "GET /xingrg/javascript/easyui/easyloader.js HTTP/1.1" 304 -
116.238.90.59 - - [13/Sep/2020:09:19:48 +0800] "GET /xingrg/javascript/jquery.cookie.js HTTP/1.1" 304 -
116.238.90.59 - - [13/Sep/2020:09:19:48 +0800] "GET /xingrg/javascript/print/LodopFuncs.js HTTP/1.1" 304 -
116.238.90.59 - - [13/Sep/2020:09:19:48 +0800] "GET /xingrg/kc/buy/cgsh_order_list.html HTTP/1.1" 200 43930
116.238.90.59 - - [13/Sep/2020:09:19:49 +0800] "GET /xingrg/javascript/easyui/themes/icons/edit_add_new.png HTTP/1.1" 304 -
116.238.90.59 - - [13/Sep/2020:09:19:49 +0800] "GET /xingrg/javascript/easyui/themes/icons/cance_new.png HTTP/1.1" 304 -
116.238.90.59 - - [13/Sep/2020:09:19:49 +0800] "GET /xingrg/javascript/easyui/themes/icons/check_new.png HTTP/1.1" 304 -
116.238.90.59 - - [13/Sep/2020:09:19:49 +0800] "GET /xingrg/javascript/easyui/themes/icons/field_new.png HTTP/1.1" 304 -
116.238.90.59 - - [13/Sep/2020:09:19:49 +0800] "GET /xingrg/javascript/easyui/themes/icons/import_new.png HTTP/1.1" 304 -
116.238.90.59 - - [13/Sep/2020:09:19:49 +0800] "GET /xingrg/javascript/jquery_easy_ui/themes/icons/area.png HTTP/1.1" 304 -
116.238.90.59 - - [13/Sep/2020:09:19:49 +0800] "GET /xingrg/javascript/jquery_easy_ui/themes/icons/rest.png HTTP/1.1" 304 -
116.238.90.59 - - [13/Sep/2020:09:19:49 +0800] "GET /xingrg/javascript/easyui/plugins/jquery.parser.js HTTP/1.1" 304 -
116.238.90.59 - - [13/Sep/2020:09:19:49 +0800] "GET /xingrg/images/control/ajaxLoader.gif HTTP/1.1" 304 -
116.238.90.59 - - [13/Sep/2020:09:19:50 +0800] "POST /xingrg/kc/buy/cgsh_list_operate.html HTTP/1.1" 200 876
116.238.90.59 - - [13/Sep/2020:09:19:50 +0800] "GET /xingrg/javascript/easyui/themes/default/images/button_plain_hover.png HTTP/1.1" 304 -
116.238.90.59 - - [13/Sep/2020:09:19:50 +0800] "GET /xingrg/javascript/pic_change.js HTTP/1.1" 304 -
116.238.90.59 - - [13/Sep/2020:09:19:50 +0800] "GET /xingrg/javascript/jquery_tools/order_manager.js HTTP/1.1" 304 -
116.238.90.59 - - [13/Sep/2020:09:19:50 +0800] "GET /xingrg/javascript/convert.js HTTP/1.1" 304 -
116.238.90.59 - - [13/Sep/2020:09:19:50 +0800] "GET /xingrg/javascript/json2.js HTTP/1.1" 304 -
116.238.90.59 - - [13/Sep/2020:09:19:50 +0800] "GET /xingrg/javascript/print/kc_print.js HTTP/1.1" 304 -
116.238.90.59 - - [13/Sep/2020:09:19:51 +0800] "GET /xingrg/kc/buy/cgsh_order_add.html HTTP/1.1" 200 59580
116.238.90.59 - - [13/Sep/2020:09:19:51 +0800] "GET /xingrg/words/20200912153113_words.js HTTP/1.1" 200 762207
116.238.90.59 - - [13/Sep/2020:09:19:51 +0800] "GET /xingrg/javascript/easyui/themes/icons/copy_new.png HTTP/1.1" 304 -
116.238.90.59 - - [13/Sep/2020:09:19:51 +0800] "GET /xingrg/javascript/easyui/themes/icons/template_new.png HTTP/1.1" 304 -
116.238.90.59 - - [13/Sep/2020:09:19:51 +0800] "GET /xingrg/javascript/easyui/themes/icons/ok.png HTTP/1.1" 304 -
116.238.90.59 - - [13/Sep/2020:09:19:51 +0800] "GET /xingrg/javascript/easyui/themes/icons/print.png HTTP/1.1" 304 -
116.238.90.59 - - [13/Sep/2020:09:19:51 +0800] "GET /xingrg/javascript/easyui/themes/default/images/menu_downarrow.png HTTP/1.1" 304 -
116.238.90.59 - - [13/Sep/2020:09:19:51 +0800] "GET /xingrg/javascript/easyui/themes/icons/cancel.png HTTP/1.1" 304 -
218.81.217.115 - - [13/Sep/2020:09:19:51 +0800] "GET /xingrg/kc/buy/cgsh_order_operate.html?command=get_materiel&rest_code=00146&code=00101008318&supplier_code=00100005&order_time=2020-09-13 HTTP/1.1" 200 408
172.17.0.105 - - [13/Sep/2020:09:19:51 +0800] "GET /xingrg/all/function/internal_message.html?_=1599959988837&CODE_STATE=getMsg HTTP/1.1" 200 27
58.40.7.146 - - [13/Sep/2020:09:19:52 +0800] "GET /xingrg/check_reg.html?_=1599959989343 HTTP/1.1" 200 22
116.238.90.59 - - [13/Sep/2020:09:19:52 +0800] "POST /xingrg/kc/buy/cgsh_order_operate.html HTTP/1.1" 200 8245
116.238.90.59 - - [13/Sep/2020:09:19:52 +0800] "GET /xingrg/javascript/easyui/themes/icons/edit_remove.png HTTP/1.1" 304 -
116.238.90.59 - - [13/Sep/2020:09:19:52 +0800] "GET /xingrg/all/common/auto_word.html?type=employee&rest_code=00102 HTTP/1.1" 200 189
116.238.90.59 - - [13/Sep/2020:09:19:52 +0800] "GET /xingrg/all/common/auto_word.html?type=employee&rest_code=00102 HTTP/1.1" 200 189
116.238.90.59 - - [13/Sep/2020:09:19:52 +0800] "GET /xingrg/javascript/easyui/themes/default/validatebox.css HTTP/1.1" 404 1104
116.238.90.59 - - [13/Sep/2020:09:19:52 +0800] "GET /xingrg/javascript/easyui/plugins/jquery.validatebox.js HTTP/1.1" 304 -
116.238.90.59 - - [13/Sep/2020:09:19:52 +0800] "GET /xingrg/javascript/easyui/plugins/jquery.numberbox.js HTTP/1.1" 304 -
218.81.217.115 - - [13/Sep/2020:09:19:54 +0800] "POST /xingrg/kc/buy/cgsh_order_operate.html HTTP/1.1" 200 2065
116.238.90.59 - - [13/Sep/2020:09:19:54 +0800] "GET /xingrg/javascript/auto/indicator.gif HTTP/1.1" 404 1066
117.184.7.26 - - [13/Sep/2020:09:19:57 +0800] "GET /xingrg/all/function/internal_message.html?_=1599960848481&CODE_STATE=getMsg HTTP/1.1" 200 27
172.17.0.123 - - [13/Sep/2020:09:19:58 +0800] "GET /xingrg/all/function/internal_message.html?_=1599959999509&CODE_STATE=getMsg HTTP/1.1" 302 -
116.235.241.164 - - [13/Sep/2020:09:20:00 +0800] "GET /xingrg/all/function/internal_message.html?_=1599959998722&CODE_STATE=getMsg HTTP/1.1" 200 27
116.232.54.42 - - [13/Sep/2020:09:20:02 +0800] "GET /xingrg/all/function/internal_message.html?_=1599960068062&CODE_STATE=getMsg HTTP/1.1" 200 27
117.184.7.26 - - [13/Sep/2020:09:20:02 +0800] "POST /xingrg/kc/base/yddb_list_operate.html HTTP/1.1" 200 284
218.81.217.115 - - [13/Sep/2020:09:20:02 +0800] "GET /xingrg/check_reg.html?_=1599960001581 HTTP/1.1" 200 22
117.184.7.26 - - [13/Sep/2020:09:20:04 +0800] "GET /xingrg/all/function/internal_message.html?_=1599960001551&CODE_STATE=getMsg HTTP/1.1" 200 27
117.184.7.26 - - [13/Sep/2020:09:20:05 +0800] "GET /xingrg/kc/base/yddb_order_info.html?code=482020091200112 HTTP/1.1" 200 31097
117.184.7.26 - - [13/Sep/2020:09:20:05 +0800] "GET /xingrg/dwr/interface/AjaxYddbService.js HTTP/1.1" 200 13201
117.184.7.26 - - [13/Sep/2020:09:20:05 +0800] "GET /xingrg/dwr/interface/AjaxComOrderService.js HTTP/1.1" 200 18264
117.184.7.26 - - [13/Sep/2020:09:20:05 +0800] "GET /xingrg/dwr/engine.js HTTP/1.1" 200 43631
117.184.7.26 - - [13/Sep/2020:09:20:05 +0800] "POST /xingrg/dwr/call/plaincall/AjaxYddbService.loadMaterielItems.dwr HTTP/1.1" 200 731
218.81.217.115 - - [13/Sep/2020:09:20:06 +0800] "GET /xingrg/kc/buy/cgsh_order_operate.html?command=get_materiel&rest_code=00146&code=00101008352&supplier_code=00100005&order_time=2020-09-13 HTTP/1.1" 200 412
114.82.29.189 - - [13/Sep/2020:09:20:08 +0800] "GET /xingrg/all/function/internal_message.html?_=1599960005489&CODE_STATE=getMsg HTTP/1.1" 200 27
114.82.29.189 - - [13/Sep/2020:09:20:08 +0800] "GET /xingrg/check_reg.html?_=1599960005497 HTTP/1.1" 200 22
117.184.7.26 - - [13/Sep/2020:09:20:12 +0800] "POST /xingrg/dwr/call/plaincall/AjaxYddbService.saveOrder.dwr HTTP/1.1" 200 78
114.88.166.242 - - [13/Sep/2020:09:20:12 +0800] "GET /xingrg/all/function/internal_message.html?_=1599960074647&CODE_STATE=getMsg HTTP/1.1" 200 27
222.69.137.87 - - [13/Sep/2020:09:20:16 +0800] "GET /xingrg/all/function/internal_message.html?_=1599960013738&CODE_STATE=getMsg HTTP/1.1" 200 27
117.184.7.26 - - [13/Sep/2020:09:20:17 +0800] "POST /xingrg/dwr/call/plaincall/AjaxYddbService.objCheckOrder.dwr HTTP/1.1" 200 78
116.238.90.59 - - [13/Sep/2020:09:20:18 +0800] "GET /xingrg/kc/buy/cgsh_order_operate.html?command=get_materiel&rest_code=00102&code=00101019344&supplier_code=00100151&order_time=2020-09-13 HTTP/1.1" 200 420
117.184.7.26 - - [13/Sep/2020:09:20:18 +0800] "GET /xingrg/kc/base/yddb_order_info.html?code=482020091200112 HTTP/1.1" 200 31216
117.184.7.26 - - [13/Sep/2020:09:20:18 +0800] "GET /xingrg/dwr/interface/AjaxYddbService.js HTTP/1.1" 200 13201
117.184.7.26 - - [13/Sep/2020:09:20:18 +0800] "GET /xingrg/dwr/interface/AjaxComOrderService.js HTTP/1.1" 200 18264
117.184.7.26 - - [13/Sep/2020:09:20:18 +0800] "GET /xingrg/dwr/engine.js HTTP/1.1" 200 43631
117.184.7.26 - - [13/Sep/2020:09:20:19 +0800] "POST /xingrg/dwr/call/plaincall/AjaxYddbService.loadMaterielItems.dwr HTTP/1.1" 200 731
117.184.7.26 - - [13/Sep/2020:09:20:22 +0800] "GET /xingrg/kc/base/yddb_order_info.html?code=482020091300113 HTTP/1.1" 200 31089
117.184.7.26 - - [13/Sep/2020:09:20:23 +0800] "GET /xingrg/dwr/interface/AjaxComOrderService.js HTTP/1.1" 200 18264
117.184.7.26 - - [13/Sep/2020:09:20:23 +0800] "GET /xingrg/dwr/interface/AjaxYddbService.js HTTP/1.1" 200 13201
117.184.7.26 - - [13/Sep/2020:09:20:23 +0800] "GET /xingrg/dwr/engine.js HTTP/1.1" 200 43631
117.184.7.26 - - [13/Sep/2020:09:20:23 +0800] "POST /xingrg/dwr/call/plaincall/AjaxYddbService.loadMaterielItems.dwr HTTP/1.1" 200 719
218.81.217.115 - - [13/Sep/2020:09:20:25 +0800] "GET /xingrg/kc/buy/cgsh_order_operate.html?command=get_materiel&rest_code=00146&code=00101008005&supplier_code=00100005&order_time=2020-09-13 HTTP/1.1" 200 412
218.81.217.115 - - [13/Sep/2020:09:20:27 +0800] "GET /xingrg/all/function/internal_message.html?_=1599960025680&CODE_STATE=getMsg HTTP/1.1" 200 27
172.17.200.101 - - [13/Sep/2020:09:20:40 +0800] "GET /xingrg/all/function/internal_message.html?_=1599960038555&CODE_STATE=getMsg HTTP/1.1" 200 27
116.235.241.164 - - [13/Sep/2020:09:20:40 +0800] "GET /xingrg/all/function/internal_message.html?_=1599960039494&CODE_STATE=getMsg HTTP/1.1" 200 27
116.238.71.173 - - [13/Sep/2020:09:20:40 +0800] "GET /xingrg/all/function/internal_message.html?_=1599960038119&CODE_STATE=getMsg HTTP/1.1" 200 27
116.238.90.59 - - [13/Sep/2020:09:20:41 +0800] "GET /xingrg/all/function/internal_message.html?_=1599960245456&CODE_STATE=getMsg HTTP/1.1" 200 27
117.184.7.26 - - [13/Sep/2020:09:20:49 +0800] "POST /xingrg/kc/base/yddb_list_operate.html HTTP/1.1" 200 4295
218.81.217.115 - - [13/Sep/2020:09:20:49 +0800] "GET /xingrg/kc/buy/cgsh_order_operate.html?command=get_materiel&rest_code=00146&code=00101008283&supplier_code=00100005&order_time=2020-09-13 HTTP/1.1" 200 408
117.184.7.26 - - [13/Sep/2020:09:20:51 +0800] "POST /xingrg/kc/base/yddb_list_operate.html HTTP/1.1" 200 284
172.17.0.105 - - [13/Sep/2020:09:20:51 +0800] "GET /xingrg/all/function/internal_message.html?_=1599960048836&CODE_STATE=getMsg HTTP/1.1" 200 27
117.184.7.26 - - [13/Sep/2020:09:20:54 +0800] "GET /xingrg/kc/base/yddb_order_info.html?code=482020091200112 HTTP/1.1" 200 31216
117.184.7.26 - - [13/Sep/2020:09:20:54 +0800] "GET /xingrg/dwr/interface/AjaxComOrderService.js HTTP/1.1" 200 18264
117.184.7.26 - - [13/Sep/2020:09:20:54 +0800] "GET /xingrg/dwr/interface/AjaxYddbService.js HTTP/1.1" 200 13201
117.184.7.26 - - [13/Sep/2020:09:20:54 +0800] "GET /xingrg/dwr/engine.js HTTP/1.1" 200 43631
117.184.7.26 - - [13/Sep/2020:09:20:55 +0800] "POST /xingrg/dwr/call/plaincall/AjaxYddbService.loadMaterielItems.dwr HTTP/1.1" 200 731
117.184.7.26 - - [13/Sep/2020:09:20:57 +0800] "GET /xingrg/all/function/internal_message.html?_=1599960908496&CODE_STATE=getMsg HTTP/1.1" 200 27
172.17.0.123 - - [13/Sep/2020:09:20:58 +0800] "GET /xingrg/all/function/internal_message.html?_=1599960059511&CODE_STATE=getMsg HTTP/1.1" 302 -
116.238.90.59 - - [13/Sep/2020:09:20:58 +0800] "GET /xingrg/kc/buy/cgsh_order_operate.html?command=get_materiel&rest_code=00102&code=00101010522&supplier_code=00100151&order_time=2020-09-13 HTTP/1.1" 200 407
120.253.135.82 - - [13/Sep/2020:09:20:59 +0800] "GET /xingrg/check_reg.html?_=1599960171422 HTTP/1.1" 302 -
116.235.241.164 - - [13/Sep/2020:09:21:00 +0800] "GET /xingrg/all/function/internal_message.html?_=1599960058724&CODE_STATE=getMsg HTTP/1.1" 200 27
116.232.54.42 - - [13/Sep/2020:09:21:01 +0800] "GET /xingrg/all/function/internal_message.html?_=1599960128062&CODE_STATE=getMsg HTTP/1.1" 200 27
117.184.7.26 - - [13/Sep/2020:09:21:04 +0800] "GET /xingrg/all/function/internal_message.html?_=1599960061554&CODE_STATE=getMsg HTTP/1.1" 200 27
218.81.217.115 - - [13/Sep/2020:09:21:07 +0800] "POST /xingrg/kc/buy/cgsh_order_operate.html HTTP/1.1" 200 2065
117.184.7.26 - - [13/Sep/2020:09:21:07 +0800] "POST /xingrg/kc/base/yddb_list_operate.html HTTP/1.1" 200 202
114.82.29.189 - - [13/Sep/2020:09:21:08 +0800] "GET /xingrg/all/function/internal_message.html?_=1599960065487&CODE_STATE=getMsg HTTP/1.1" 200 27
117.184.7.26 - - [13/Sep/2020:09:21:10 +0800] "POST /xingrg/kc/base/yddb_list_operate.html HTTP/1.1" 200 284
114.88.166.242 - - [13/Sep/2020:09:21:12 +0800] "GET /xingrg/all/function/internal_message.html?_=1599960134645&CODE_STATE=getMsg HTTP/1.1" 200 27
218.81.217.115 - - [13/Sep/2020:09:21:12 +0800] "GET /xingrg/kc/buy/cgsh_order_operate.html?command=get_materiel&rest_code=00146&code=00101008114&supplier_code=00100005&order_time=2020-09-13 HTTP/1.1" 200 412
116.238.90.59 - - [13/Sep/2020:09:21:14 +0800] "GET /xingrg/kc/buy/cgsh_order_operate.html?command=get_materiel&rest_code=00102&code=00101008064&supplier_code=00100151&order_time=2020-09-13 HTTP/1.1" 200 412
117.184.7.26 - - [13/Sep/2020:09:21:15 +0800] "GET /xingrg/kc/base/yddb_order_info.html?code=482020090500039 HTTP/1.1" 200 31204
117.184.7.26 - - [13/Sep/2020:09:21:16 +0800] "GET /xingrg/dwr/interface/AjaxComOrderService.js HTTP/1.1" 200 18264
117.184.7.26 - - [13/Sep/2020:09:21:16 +0800] "GET /xingrg/dwr/interface/AjaxYddbService.js HTTP/1.1" 200 13201
117.184.7.26 - - [13/Sep/2020:09:21:16 +0800] "GET /xingrg/dwr/engine.js HTTP/1.1" 200 43631
117.184.7.26 - - [13/Sep/2020:09:21:16 +0800] "POST /xingrg/dwr/call/plaincall/AjaxYddbService.loadMaterielItems.dwr HTTP/1.1" 200 719
222.69.137.87 - - [13/Sep/2020:09:21:16 +0800] "GET /xingrg/all/function/internal_message.html?_=1599960073710&CODE_STATE=getMsg HTTP/1.1" 200 27
218.81.217.115 - - [13/Sep/2020:09:21:22 +0800] "GET /xingrg/kc/buy/cgsh_order_operate.html?command=get_materiel&rest_code=00146&code=00101008095&supplier_code=00100005&order_time=2020-09-13 HTTP/1.1" 200 412
116.230.74.197 - - [13/Sep/2020:09:21:22 +0800] "GET /xingrg/check_reg.html?_=1599960080958 HTTP/1.1" 200 22
218.81.217.115 - - [13/Sep/2020:09:21:27 +0800] "GET /xingrg/all/function/internal_message.html?_=1599960085694&CODE_STATE=getMsg HTTP/1.1" 200 27
218.81.217.115 - - [13/Sep/2020:09:21:29 +0800] "GET /xingrg/kc/buy/cgsh_order_operate.html?command=get_materiel&rest_code=00146&code=00101008110&supplier_code=00100005&order_time=2020-09-13 HTTP/1.1" 200 408
117.184.7.26 - - [13/Sep/2020:09:21:31 +0800] "POST /xingrg/kc/base/yddb_list_operate.html HTTP/1.1" 200 4390
116.238.90.59 - - [13/Sep/2020:09:21:33 +0800] "GET /xingrg/kc/buy/cgsh_order_operate.html?command=get_materiel&rest_code=00102&code=00101013151&supplier_code=00100151&order_time=2020-09-13 HTTP/1.1" 200 412
117.184.7.26 - - [13/Sep/2020:09:21:34 +0800] "POST /xingrg/kc/base/yddb_list_operate.html HTTP/1.1" 200 4295
218.81.217.115 - - [13/Sep/2020:09:21:40 +0800] "GET /xingrg/kc/buy/cgsh_order_operate.html?command=get_materiel&rest_code=00146&code=00101008236&supplier_code=00100005&order_time=2020-09-13 HTTP/1.1" 200 417
116.238.90.59 - - [13/Sep/2020:09:21:40 +0800] "GET /xingrg/check_reg.html?_=1599960304975 HTTP/1.1" 200 22
172.17.200.101 - - [13/Sep/2020:09:21:40 +0800] "GET /xingrg/all/function/internal_message.html?_=1599960098559&CODE_STATE=getMsg HTTP/1.1" 200 27
116.235.241.164 - - [13/Sep/2020:09:21:40 +0800] "GET /xingrg/check_reg.html?_=1599960099494 HTTP/1.1" 200 22
116.235.241.164 - - [13/Sep/2020:09:21:40 +0800] "GET /xingrg/all/function/internal_message.html?_=1599960099495&CODE_STATE=getMsg HTTP/1.1" 200 27
116.238.71.173 - - [13/Sep/2020:09:21:40 +0800] "GET /xingrg/all/function/internal_message.html?_=1599960098174&CODE_STATE=getMsg HTTP/1.1" 200 27
116.238.90.59 - - [13/Sep/2020:09:21:41 +0800] "GET /xingrg/all/function/internal_message.html?_=1599960305470&CODE_STATE=getMsg HTTP/1.1" 200 27
116.238.90.59 - - [13/Sep/2020:09:21:43 +0800] "GET /xingrg/kc/buy/cgsh_order_operate.html?command=get_materiel&rest_code=00102&code=00101020029&supplier_code=00100151&order_time=2020-09-13 HTTP/1.1" 200 413
117.184.7.26 - - [13/Sep/2020:09:21:48 +0800] "POST /xingrg/kc/base/yddb_list_operate.html HTTP/1.1" 200 284
117.184.7.26 - - [13/Sep/2020:09:21:48 +0800] "GET /xingrg/kc/base/yddb_order_info.html?code=482020091300113 HTTP/1.1" 200 31089
117.184.7.26 - - [13/Sep/2020:09:21:48 +0800] "GET /xingrg/dwr/interface/AjaxComOrderService.js HTTP/1.1" 200 18264
117.184.7.26 - - [13/Sep/2020:09:21:48 +0800] "GET /xingrg/dwr/interface/AjaxYddbService.js HTTP/1.1" 200 13201
117.184.7.26 - - [13/Sep/2020:09:21:48 +0800] "GET /xingrg/dwr/engine.js HTTP/1.1" 200 43631
117.184.7.26 - - [13/Sep/2020:09:21:48 +0800] "POST /xingrg/dwr/call/plaincall/AjaxYddbService.loadMaterielItems.dwr HTTP/1.1" 200 719
218.81.217.115 - - [13/Sep/2020:09:21:50 +0800] "GET /xingrg/kc/buy/cgsh_order_operate.html?command=get_materiel&rest_code=00146&code=00101008168&supplier_code=00100005&order_time=2020-09-13 HTTP/1.1" 200 413
114.88.166.242 - - [13/Sep/2020:09:21:51 +0800] "GET /xingrg/kc/buy/cgsh_order_add.html HTTP/1.1" 200 59668
114.88.166.242 - - [13/Sep/2020:09:21:51 +0800] "GET /xingrg/javascript/easyui/themes/default/validatebox.css HTTP/1.1" 404 1104
114.88.166.242 - - [13/Sep/2020:09:21:51 +0800] "POST /xingrg/kc/buy/cgsh_order_operate.html HTTP/1.1" 200 8245
172.17.0.105 - - [13/Sep/2020:09:21:51 +0800] "GET /xingrg/all/function/internal_message.html?_=1599960108835&CODE_STATE=getMsg HTTP/1.1" 200 27
172.17.0.105 - - [13/Sep/2020:09:21:51 +0800] "GET /xingrg/check_reg.html?_=1599960108838 HTTP/1.1" 200 22
218.81.217.115 - - [13/Sep/2020:09:21:53 +0800] "POST /xingrg/kc/buy/cgsh_order_operate.html HTTP/1.1" 200 2065
117.184.7.26 - - [13/Sep/2020:09:21:57 +0800] "GET /xingrg/all/function/internal_message.html?_=1599960968483&CODE_STATE=getMsg HTTP/1.1" 200 27
172.17.0.123 - - [13/Sep/2020:09:21:58 +0800] "GET /xingrg/all/function/internal_message.html?_=1599960119513&CODE_STATE=getMsg HTTP/1.1" 302 -
172.17.0.123 - - [13/Sep/2020:09:21:58 +0800] "GET /xingrg/check_reg.html?_=1599960119517 HTTP/1.1" 302 -
116.238.90.59 - - [13/Sep/2020:09:21:58 +0800] "GET /xingrg/kc/buy/cgsh_order_operate.html?command=get_materiel&rest_code=00102&code=00101019286&supplier_code=00100151&order_time=2020-09-13 HTTP/1.1" 200 435
218.81.217.115 - - [13/Sep/2020:09:21:59 +0800] "GET /xingrg/kc/buy/cgsh_order_operate.html?command=get_materiel&rest_code=00146&code=00101008061&supplier_code=00100005&order_time=2020-09-13 HTTP/1.1" 200 422
116.235.241.164 - - [13/Sep/2020:09:22:00 +0800] "GET /xingrg/all/function/internal_message.html?_=1599960118724&CODE_STATE=getMsg HTTP/1.1" 200 27
116.235.241.164 - - [13/Sep/2020:09:22:00 +0800] "GET /xingrg/check_reg.html?_=1599960118725 HTTP/1.1" 200 22
116.232.54.42 - - [13/Sep/2020:09:22:00 +0800] "GET /xingrg/all/function/internal_message.html?_=1599960188062&CODE_STATE=getMsg HTTP/1.1" 200 27
117.184.7.26 - - [13/Sep/2020:09:22:04 +0800] "GET /xingrg/all/function/internal_message.html?_=1599960121558&CODE_STATE=getMsg HTTP/1.1" 200 27
114.82.29.189 - - [13/Sep/2020:09:22:08 +0800] "GET /xingrg/all/function/internal_message.html?_=1599960125484&CODE_STATE=getMsg HTTP/1.1" 200 27
116.238.90.59 - - [13/Sep/2020:09:22:11 +0800] "GET /xingrg/kc/buy/cgsh_order_operate.html?command=get_materiel&rest_code=00102&code=00101008354&supplier_code=00100151&order_time=2020-09-13 HTTP/1.1" 200 412
114.88.166.242 - - [13/Sep/2020:09:22:11 +0800] "GET /xingrg/check_reg.html?_=1599960127813 HTTP/1.1" 200 22
114.88.166.242 - - [13/Sep/2020:09:22:12 +0800] "GET /xingrg/all/function/internal_message.html?_=1599960194682&CODE_STATE=getMsg HTTP/1.1" 200 27
222.69.137.87 - - [13/Sep/2020:09:22:16 +0800] "GET /xingrg/all/function/internal_message.html?_=1599960133680&CODE_STATE=getMsg HTTP/1.1" 200 27
58.37.9.106 - - [13/Sep/2020:09:22:20 +0800] "GET /xingrg/check_reg.html?_=1599960126538 HTTP/1.1" 200 22
218.81.217.115 - - [13/Sep/2020:09:22:27 +0800] "GET /xingrg/all/function/internal_message.html?_=1599960145777&CODE_STATE=getMsg HTTP/1.1" 200 27
117.184.7.26 - - [13/Sep/2020:09:22:29 +0800] "POST /xingrg/kc/base/yddb_list_operate.html HTTP/1.1" 200 284
117.184.7.26 - - [13/Sep/2020:09:22:30 +0800] "GET /xingrg/kc/base/yddb_order_info.html?code=482020091200112 HTTP/1.1" 200 31216
117.184.7.26 - - [13/Sep/2020:09:22:30 +0800] "GET /xingrg/dwr/interface/AjaxYddbService.js HTTP/1.1" 200 13201
117.184.7.26 - - [13/Sep/2020:09:22:30 +0800] "GET /xingrg/dwr/interface/AjaxComOrderService.js HTTP/1.1" 200 18264
117.184.7.26 - - [13/Sep/2020:09:22:30 +0800] "GET /xingrg/dwr/engine.js HTTP/1.1" 200 43631
117.184.7.26 - - [13/Sep/2020:09:22:30 +0800] "POST /xingrg/dwr/call/plaincall/AjaxYddbService.loadMaterielItems.dwr HTTP/1.1" 200 731
116.238.90.59 - - [13/Sep/2020:09:22:39 +0800] "GET /xingrg/kc/buy/cgsh_order_operate.html?command=get_materiel&rest_code=00102&code=00101008209&supplier_code=00100151&order_time=2020-09-13 HTTP/1.1" 200 409
114.88.166.242 - - [13/Sep/2020:09:22:39 +0800] "GET /xingrg/kc/buy/cgsh_order_operate.html?command=get_materiel&rest_code=00111&code=00101008358&supplier_code=00100005&order_time=2020-09-13 HTTP/1.1" 200 412
172.17.200.101 - - [13/Sep/2020:09:22:40 +0800] "GET /xingrg/check_reg.html?_=1599960158558 HTTP/1.1" 200 22
172.17.200.101 - - [13/Sep/2020:09:22:40 +0800] "GET /xingrg/all/function/internal_message.html?_=1599960158561&CODE_STATE=getMsg HTTP/1.1" 200 27
116.235.241.164 - - [13/Sep/2020:09:22:40 +0800] "GET /xingrg/all/function/internal_message.html?_=1599960159496&CODE_STATE=getMsg HTTP/1.1" 200 27
116.238.71.173 - - [13/Sep/2020:09:22:40 +0800] "GET /xingrg/all/function/internal_message.html?_=1599960158220&CODE_STATE=getMsg HTTP/1.1" 200 27
116.238.90.59 - - [13/Sep/2020:09:22:41 +0800] "GET /xingrg/all/function/internal_message.html?_=1599960365485&CODE_STATE=getMsg HTTP/1.1" 200 27
114.88.166.242 - - [13/Sep/2020:09:22:46 +0800] "GET /xingrg/kc/buy/cgsh_order_operate.html?command=get_materiel&rest_code=00111&code=00101008301&supplier_code=00100005&order_time=2020-09-13 HTTP/1.1" 200 422
172.17.0.105 - - [13/Sep/2020:09:22:51 +0800] "GET /xingrg/all/function/internal_message.html?_=1599960168835&CODE_STATE=getMsg HTTP/1.1" 200 27
114.88.166.242 - - [13/Sep/2020:09:22:52 +0800] "GET /xingrg/kc/buy/cgsh_order_operate.html?command=get_materiel&rest_code=00111&code=00101008089&supplier_code=00100005&order_time=2020-09-13 HTTP/1.1" 200 408
218.81.217.115 - - [13/Sep/2020:09:22:56 +0800] "GET /xingrg/kc/buy/cgsh_order_operate.html?command=get_materiel&rest_code=00146&code=00101008230&supplier_code=00100005&order_time=2020-09-13 HTTP/1.1" 200 408
117.184.7.26 - - [13/Sep/2020:09:22:57 +0800] "GET /xingrg/all/function/internal_message.html?_=1599961028482&CODE_STATE=getMsg HTTP/1.1" 200 27
116.238.90.59 - - [13/Sep/2020:09:22:58 +0800] "GET /xingrg/kc/buy/cgsh_order_operate.html?command=get_materiel&rest_code=00102&code=00101008238&supplier_code=00100151&order_time=2020-09-13 HTTP/1.1" 200 416
172.17.0.123 - - [13/Sep/2020:09:22:58 +0800] "GET /xingrg/all/function/internal_message.html?_=1599960179517&CODE_STATE=getMsg HTTP/1.1" 302 -
116.232.54.42 - - [13/Sep/2020:09:22:59 +0800] "GET /xingrg/all/function/internal_message.html?_=1599960248062&CODE_STATE=getMsg HTTP/1.1" 200 27
172.17.0.185 - - [13/Sep/2020:09:22:59 +0800] "GET /xingrg/check_reg.html?_=1599960176111 HTTP/1.1" 200 22
114.88.166.242 - - [13/Sep/2020:09:22:59 +0800] "GET /xingrg/kc/buy/cgsh_order_operate.html?command=get_materiel&rest_code=00111&code=00101008351&supplier_code=00100005&order_time=2020-09-13 HTTP/1.1" 200 408
116.235.241.164 - - [13/Sep/2020:09:23:00 +0800] "GET /xingrg/all/function/internal_message.html?_=1599960178728&CODE_STATE=getMsg HTTP/1.1" 200 27
114.88.166.242 - - [13/Sep/2020:09:23:03 +0800] "GET /xingrg/kc/buy/cgsh_order_operate.html?command=get_materiel&rest_code=00111&code=00101008096&supplier_code=00100005&order_time=2020-09-13 HTTP/1.1" 200 412
117.184.7.26 - - [13/Sep/2020:09:23:04 +0800] "GET /xingrg/all/function/internal_message.html?_=1599960181565&CODE_STATE=getMsg HTTP/1.1" 200 27
114.82.29.189 - - [13/Sep/2020:09:23:08 +0800] "GET /xingrg/all/function/internal_message.html?_=1599960185505&CODE_STATE=getMsg HTTP/1.1" 200 27
114.88.166.242 - - [13/Sep/2020:09:23:09 +0800] "GET /xingrg/kc/buy/cgsh_order_operate.html?command=get_materiel&rest_code=00111&code=00101008003&supplier_code=00100005&order_time=2020-09-13 HTTP/1.1" 200 408
114.88.166.242 - - [13/Sep/2020:09:23:12 +0800] "GET /xingrg/check_reg.html?_=1599960254698 HTTP/1.1" 200 22
114.88.166.242 - - [13/Sep/2020:09:23:12 +0800] "GET /xingrg/all/function/internal_message.html?_=1599960254699&CODE_STATE=getMsg HTTP/1.1" 200 27
114.88.166.242 - - [13/Sep/2020:09:23:15 +0800] "GET /xingrg/kc/buy/cgsh_order_operate.html?command=get_materiel&rest_code=00111&code=00101008067&supplier_code=00100005&order_time=2020-09-13 HTTP/1.1" 200 416
222.69.137.87 - - [13/Sep/2020:09:23:15 +0800] "GET /xingrg/check_reg.html?_=1599960192762 HTTP/1.1" 200 22
222.69.137.87 - - [13/Sep/2020:09:23:16 +0800] "GET /xingrg/all/function/internal_message.html?_=1599960193657&CODE_STATE=getMsg HTTP/1.1" 200 27
114.88.166.242 - - [13/Sep/2020:09:23:21 +0800] "GET /xingrg/kc/buy/cgsh_order_operate.html?command=get_materiel&rest_code=00111&code=00101008323&supplier_code=00100005&order_time=2020-09-13 HTTP/1.1" 200 408
218.81.217.115 - - [13/Sep/2020:09:23:27 +0800] "GET /xingrg/all/function/internal_message.html?_=1599960205784&CODE_STATE=getMsg HTTP/1.1" 200 27
114.88.166.242 - - [13/Sep/2020:09:23:29 +0800] "GET /xingrg/kc/buy/cgsh_order_operate.html?command=get_materiel&rest_code=00111&code=00101008302&supplier_code=00100005&order_time=2020-09-13 HTTP/1.1" 200 412
116.238.90.59 - - [13/Sep/2020:09:23:30 +0800] "GET /xingrg/kc/buy/cgsh_order_operate.html?command=get_materiel&rest_code=00102&code=00101009001&supplier_code=00100151&order_time=2020-09-13 HTTP/1.1" 200 417
114.88.166.242 - - [13/Sep/2020:09:23:36 +0800] "GET /xingrg/kc/buy/cgsh_order_operate.html?command=get_materiel&rest_code=00111&code=00101008088&supplier_code=00100005&order_time=2020-09-13 HTTP/1.1" 200 408
116.232.49.242 - - [13/Sep/2020:09:23:39 +0800] "GET /xingrg/check_reg.html?_=1599960191401 HTTP/1.1" 200 22
172.17.200.101 - - [13/Sep/2020:09:23:40 +0800] "GET /xingrg/all/function/internal_message.html?_=1599960218549&CODE_STATE=getMsg HTTP/1.1" 200 27
116.235.241.164 - - [13/Sep/2020:09:23:40 +0800] "GET /xingrg/all/function/internal_message.html?_=1599960219502&CODE_STATE=getMsg HTTP/1.1" 200 27
116.238.71.173 - - [13/Sep/2020:09:23:41 +0800] "GET /xingrg/all/function/internal_message.html?_=1599960218260&CODE_STATE=getMsg HTTP/1.1" 200 27
116.238.90.59 - - [13/Sep/2020:09:23:41 +0800] "GET /xingrg/all/function/internal_message.html?_=1599960425515&CODE_STATE=getMsg HTTP/1.1" 200 27
114.88.166.242 - - [13/Sep/2020:09:23:43 +0800] "GET /xingrg/kc/buy/cgsh_order_operate.html?command=get_materiel&rest_code=00111&code=00101019254&supplier_code=00100005&order_time=2020-09-13 HTTP/1.1" 200 465
116.238.90.59 - - [13/Sep/2020:09:23:48 +0800] "GET /xingrg/kc/buy/cgsh_order_operate.html?command=get_materiel&rest_code=00102&code=00101009041&supplier_code=00100151&order_time=2020-09-13 HTTP/1.1" 200 408
172.17.0.105 - - [13/Sep/2020:09:23:51 +0800] "GET /xingrg/all/function/internal_message.html?_=1599960228834&CODE_STATE=getMsg HTTP/1.1" 200 27
218.81.217.115 - - [13/Sep/2020:09:23:52 +0800] "POST /xingrg/kc/buy/cgsh_order_operate.html HTTP/1.1" 200 2065
114.88.166.242 - - [13/Sep/2020:09:23:53 +0800] "GET /xingrg/kc/buy/cgsh_order_operate.html?command=get_materiel&rest_code=00111&code=00101008126&supplier_code=00100005&order_time=2020-09-13 HTTP/1.1" 200 412
117.184.7.26 - - [13/Sep/2020:09:23:57 +0800] "GET /xingrg/all/function/internal_message.html?_=1599961088481&CODE_STATE=getMsg HTTP/1.1" 200 27
117.184.7.26 - - [13/Sep/2020:09:23:57 +0800] "GET /xingrg/check_reg.html?_=1599961088508 HTTP/1.1" 200 22
116.232.54.42 - - [13/Sep/2020:09:23:57 +0800] "GET /xingrg/check_reg.html?_=1599960308031 HTTP/1.1" 200 22
