58.37.9.106 - - [13/Sep/2020:10:42:24 +0800] "POST /xingrg/kc/buy/cgsh_order_operate.html HTTP/1.1" 200 604
180.157.253.48 - - [13/Sep/2020:10:42:24 +0800] "GET /xingrg/kc/buy/cgsh_order_operate.html?command=get_materiel&rest_code=00148&code=00101019150&supplier_code=00100337&order_time=2020-09-13 HTTP/1.1" 200 453
58.37.9.106 - - [13/Sep/2020:10:42:25 +0800] "GET /xingrg/kc/print/load_data.html?order_code=212020091305497&kc_code=cgsh&condition= HTTP/1.1" 200 703
117.184.7.26 - - [13/Sep/2020:10:42:25 +0800] "GET /xingrg/kc/buy/cgsh_order_operate.html?command=get_materiel&rest_code=00108&code=00101008069&supplier_code=00100008&order_time=2020-09-13 HTTP/1.1" 200 412
116.238.71.173 - - [13/Sep/2020:10:42:27 +0800] "POST /xingrg/dwr/call/plaincall/AjaxYddbService.checkOrder.dwr HTTP/1.1" 200 79
116.238.90.59 - - [13/Sep/2020:10:42:27 +0800] "GET /xingrg/kc/buy/cgsh_order_operate.html?command=get_materiel&rest_code=00102&code=00101008072&supplier_code=00100008&order_time=2020-09-13 HTTP/1.1" 200 409
116.238.71.173 - - [13/Sep/2020:10:42:28 +0800] "GET /xingrg/kc/base/yddb_order_info.html?code=482020091300121 HTTP/1.1" 200 29199
116.238.71.173 - - [13/Sep/2020:10:42:28 +0800] "GET /xingrg/dwr/interface/AjaxComOrderService.js HTTP/1.1" 200 18264
114.82.29.189 - - [13/Sep/2020:10:42:28 +0800] "GET /xingrg/kc/buy/cgsh_order_operate.html?command=get_materiel&rest_code=00105&code=00101004030&supplier_code=00100312&order_time=2020-09-13 HTTP/1.1" 200 408
114.82.29.189 - - [13/Sep/2020:10:42:29 +0800] "GET /xingrg/all/function/internal_message.html?_=1599964931279&CODE_STATE=getMsg HTTP/1.1" 200 27
58.37.9.106 - - [13/Sep/2020:10:42:29 +0800] "GET /xingrg/kc/buy/cgsh_order_add.html HTTP/1.1" 200 59674
58.37.9.106 - - [13/Sep/2020:10:42:29 +0800] "POST /xingrg/kc/buy/cgsh_order_operate.html HTTP/1.1" 200 8245
58.37.9.106 - - [13/Sep/2020:10:42:29 +0800] "GET /xingrg/javascript/easyui/themes/default/validatebox.css HTTP/1.1" 404 1104
117.131.5.26 - - [13/Sep/2020:10:42:30 +0800] "GET /xingrg/all/function/internal_message.html?_=1599964947278&CODE_STATE=getMsg HTTP/1.1" 200 27
116.238.71.173 - - [13/Sep/2020:10:42:31 +0800] "GET /xingrg/dwr/interface/AjaxYddbService.js HTTP/1.1" 200 13201
116.238.71.173 - - [13/Sep/2020:10:42:31 +0800] "GET /xingrg/dwr/engine.js HTTP/1.1" 200 43631
180.157.253.48 - - [13/Sep/2020:10:42:32 +0800] "POST /xingrg/kc/buy/cgsh_order_operate.html HTTP/1.1" 200 37
116.238.71.173 - - [13/Sep/2020:10:42:32 +0800] "POST /xingrg/dwr/call/plaincall/AjaxYddbService.loadMaterielItems.dwr HTTP/1.1" 200 1160
172.17.0.120 - - [13/Sep/2020:10:42:32 +0800] "GET /xingrg/all/function/internal_message.html?_=1599964949813&CODE_STATE=getMsg HTTP/1.1" 200 27
58.37.9.106 - - [13/Sep/2020:10:42:32 +0800] "GET /xingrg/kc/buy/cgsh_order_operate.html?command=get_materiel&rest_code=00141&code=00101009030&supplier_code=00100007&order_time=2020-09-13 HTTP/1.1" 200 412
116.238.90.59 - - [13/Sep/2020:10:42:33 +0800] "GET /xingrg/kc/buy/cgsh_order_operate.html?command=get_materiel&rest_code=00102&code=00101008219&supplier_code=00100008&order_time=2020-09-13 HTTP/1.1" 200 412
114.82.29.189 - - [13/Sep/2020:10:42:34 +0800] "GET /xingrg/kc/buy/cgsh_order_operate.html?command=get_materiel&rest_code=00105&code=00101001029&supplier_code=00100312&order_time=2020-09-13 HTTP/1.1" 200 414
116.238.90.59 - - [13/Sep/2020:10:42:37 +0800] "GET /xingrg/all/function/internal_message.html?_=1599964962342&CODE_STATE=getMsg HTTP/1.1" 200 27
116.238.71.173 - - [13/Sep/2020:10:42:38 +0800] "GET /xingrg/all/function/internal_message.html?_=1599965081589&CODE_STATE=getMsg HTTP/1.1" 200 27
218.81.217.115 - - [13/Sep/2020:10:42:38 +0800] "GET /xingrg/all/function/internal_message.html?_=1599964957558&CODE_STATE=getMsg HTTP/1.1" 200 27
116.238.71.173 - - [13/Sep/2020:10:42:39 +0800] "GET /xingrg/kc/base/yddb_order_add.html HTTP/1.1" 200 29565
116.238.71.173 - - [13/Sep/2020:10:42:39 +0800] "GET /xingrg/dwr/interface/AjaxYddbService.js HTTP/1.1" 200 13201
116.238.71.173 - - [13/Sep/2020:10:42:39 +0800] "GET /xingrg/dwr/interface/AjaxComOrderService.js HTTP/1.1" 200 18264
116.238.71.173 - - [13/Sep/2020:10:42:39 +0800] "GET /xingrg/dwr/engine.js HTTP/1.1" 200 43631
116.238.90.59 - - [13/Sep/2020:10:42:40 +0800] "GET /xingrg/kc/buy/cgsh_order_operate.html?command=get_materiel&rest_code=00102&code=00101008087&supplier_code=00100008&order_time=2020-09-13 HTTP/1.1" 200 414
172.17.200.101 - - [13/Sep/2020:10:42:40 +0800] "GET /xingrg/check_reg.html?_=1599964958679 HTTP/1.1" 200 22
172.17.200.101 - - [13/Sep/2020:10:42:40 +0800] "GET /xingrg/all/function/internal_message.html?_=1599964958684&CODE_STATE=getMsg HTTP/1.1" 200 27
116.235.241.164 - - [13/Sep/2020:10:42:40 +0800] "GET /xingrg/all/function/internal_message.html?_=1599964959600&CODE_STATE=getMsg HTTP/1.1" 200 27
58.37.9.106 - - [13/Sep/2020:10:42:41 +0800] "GET /xingrg/kc/buy/cgsh_order_operate.html?command=get_materiel&rest_code=00141&code=00101006164&supplier_code=00100326&order_time=2020-09-13 HTTP/1.1" 200 415
58.37.9.106 - - [13/Sep/2020:10:42:41 +0800] "GET /xingrg/kc/buy/cgsh_order_operate.html?command=get_materiel&rest_code=00141&code=00101008137&supplier_code=00100007&order_time=2020-09-13 HTTP/1.1" 200 408
180.157.253.48 - - [13/Sep/2020:10:42:42 +0800] "POST /xingrg/kc/buy/cgsh_order_operate.html HTTP/1.1" 200 12
116.238.71.173 - - [13/Sep/2020:10:42:42 +0800] "POST /xingrg/dwr/call/plaincall/AjaxYddbService.getRestBases.dwr HTTP/1.1" 200 1514
180.157.253.48 - - [13/Sep/2020:10:42:42 +0800] "GET /xingrg/kc/buy/cgsh_order_info.html?code=212020091305498 HTTP/1.1" 200 54579
117.184.7.26 - - [13/Sep/2020:10:42:43 +0800] "GET /xingrg/kc/buy/cgsh_order_operate.html?command=get_materiel&rest_code=00108&code=00101008296&supplier_code=00100008&order_time=2020-09-13 HTTP/1.1" 200 435
117.185.32.26 - - [13/Sep/2020:10:42:43 +0800] "GET /xingrg/kc/buy/cgsh_order_operate.html?command=get_materiel&rest_code=00106&code=00101008059&supplier_code=00100007&order_time=2020-09-13 HTTP/1.1" 200 410
180.157.253.48 - - [13/Sep/2020:10:42:43 +0800] "GET /xingrg/javascript/easyui/themes/default/validatebox.css HTTP/1.1" 404 1104
114.82.29.189 - - [13/Sep/2020:10:42:43 +0800] "GET /xingrg/kc/buy/cgsh_order_operate.html?command=get_materiel&rest_code=00105&code=00101001096&supplier_code=00100312&order_time=2020-09-13 HTTP/1.1" 200 413
180.157.253.48 - - [13/Sep/2020:10:42:43 +0800] "POST /xingrg/kc/buy/cgsh_order_operate.html HTTP/1.1" 200 1215
180.157.253.48 - - [13/Sep/2020:10:42:44 +0800] "GET /xingrg/kc/print/load_data.html?order_code=212020091305498&kc_code=cgsh&condition= HTTP/1.1" 200 955
116.238.90.59 - - [13/Sep/2020:10:42:45 +0800] "GET /xingrg/all/function/internal_message.html?_=1599965170407&CODE_STATE=getMsg HTTP/1.1" 200 27
116.238.90.59 - - [13/Sep/2020:10:42:46 +0800] "GET /xingrg/kc/buy/cgsh_order_operate.html?command=get_materiel&rest_code=00102&code=00101008318&supplier_code=00100008&order_time=2020-09-13 HTTP/1.1" 200 408
180.157.253.48 - - [13/Sep/2020:10:42:48 +0800] "GET /xingrg/kc/buy/cgsh_order_add.html HTTP/1.1" 200 59674
58.37.9.106 - - [13/Sep/2020:10:42:48 +0800] "GET /xingrg/kc/buy/cgsh_order_operate.html?command=get_materiel&rest_code=00141&code=00101008362&supplier_code=00100007&order_time=2020-09-13 HTTP/1.1" 200 408
180.157.253.48 - - [13/Sep/2020:10:42:49 +0800] "GET /xingrg/javascript/easyui/themes/default/validatebox.css HTTP/1.1" 404 1104
180.157.253.48 - - [13/Sep/2020:10:42:49 +0800] "POST /xingrg/kc/buy/cgsh_order_operate.html HTTP/1.1" 200 8245
116.238.71.173 - - [13/Sep/2020:10:42:49 +0800] "POST /xingrg/dwr/call/plaincall/AjaxYddbService.saveOrder.dwr HTTP/1.1" 200 78
116.238.90.59 - - [13/Sep/2020:10:42:50 +0800] "POST /xingrg/kc/buy/cgsh_order_operate.html HTTP/1.1" 200 37
116.238.90.59 - - [13/Sep/2020:10:42:51 +0800] "POST /xingrg/kc/buy/cgsh_order_operate.html HTTP/1.1" 200 12713
183.192.164.85 - - [13/Sep/2020:10:42:51 +0800] "GET /xingrg/kc/buy/cgsh_order_operate.html?command=get_materiel&rest_code=00106&code=00101006129&supplier_code=00100015&order_time=2020-09-13 HTTP/1.1" 302 -
116.238.90.59 - - [13/Sep/2020:10:42:51 +0800] "GET /xingrg/javascript/jquery_easy_ui/themes/default/images/tabs_active.png HTTP/1.1" 304 -
117.185.32.26 - - [13/Sep/2020:10:42:51 +0800] "GET /xingrg/kc/buy/cgsh_order_operate.html?command=get_materiel&rest_code=00106&code=00101008069&supplier_code=00100007&order_time=2020-09-13 HTTP/1.1" 200 412
116.238.71.173 - - [13/Sep/2020:10:42:51 +0800] "GET /xingrg/images/yd/bt.gif HTTP/1.1" 404 1040
172.17.0.105 - - [13/Sep/2020:10:42:52 +0800] "GET /xingrg/all/function/internal_message.html?_=1599964969198&CODE_STATE=getMsg HTTP/1.1" 200 27
117.184.7.26 - - [13/Sep/2020:10:42:52 +0800] "GET /xingrg/kc/buy/cgsh_order_operate.html?command=get_materiel&rest_code=00108&code=00101008098&supplier_code=00100008&order_time=2020-09-13 HTTP/1.1" 200 412
116.238.71.173 - - [13/Sep/2020:10:42:53 +0800] "GET /xingrg/all/function/internal_message.html?_=1599964970318&CODE_STATE=getMsg HTTP/1.1" 200 27
116.238.90.59 - - [13/Sep/2020:10:42:53 +0800] "POST /xingrg/kc/buy/cgsh_list_operate.html HTTP/1.1" 200 2412
116.238.71.173 - - [13/Sep/2020:10:42:53 +0800] "POST /xingrg/dwr/call/plaincall/AjaxComOrderService.getMaterielSearchList.dwr HTTP/1.1" 200 373028
116.238.71.173 - - [13/Sep/2020:10:42:54 +0800] "POST /xingrg/dwr/call/plaincall/AjaxComOrderService.getMaterielSearchList.dwr HTTP/1.1" 200 76
58.37.9.106 - - [13/Sep/2020:10:42:55 +0800] "GET /xingrg/kc/buy/cgsh_order_operate.html?command=get_materiel&rest_code=00141&code=00101013229&supplier_code=00100007&order_time=2020-09-13 HTTP/1.1" 200 432
117.185.32.26 - - [13/Sep/2020:10:42:55 +0800] "GET /xingrg/all/function/internal_message.html?_=1599964970549&CODE_STATE=getMsg HTTP/1.1" 200 27
116.238.71.173 - - [13/Sep/2020:10:42:55 +0800] "POST /xingrg/dwr/call/plaincall/AjaxComOrderService.getMaterielSearchList.dwr HTTP/1.1" 200 23547
180.157.253.48 - - [13/Sep/2020:10:42:55 +0800] "GET /xingrg/kc/buy/cgsh_order_operate.html?command=get_materiel&rest_code=00148&code=00101002038&supplier_code=00100087&order_time=2020-09-13 HTTP/1.1" 200 416
116.238.71.173 - - [13/Sep/2020:10:42:56 +0800] "POST /xingrg/dwr/call/plaincall/AjaxComOrderService.getMaterielSearchList.dwr HTTP/1.1" 200 3371
117.184.7.26 - - [13/Sep/2020:10:42:56 +0800] "POST /xingrg/kc/buy/cgsh_order_operate.html HTTP/1.1" 200 2065
116.238.90.59 - - [13/Sep/2020:10:42:56 +0800] "POST /xingrg/kc/buy/cgsh_list_operate.html HTTP/1.1" 200 573
117.184.7.30 - - [13/Sep/2020:10:42:56 +0800] "GET /xingrg/all/function/internal_message.html?_=1599965828559&CODE_STATE=getMsg HTTP/1.1" 200 27
117.185.32.26 - - [13/Sep/2020:10:42:57 +0800] "GET /xingrg/kc/buy/cgsh_order_operate.html?command=get_materiel&rest_code=00106&code=00101008286&supplier_code=00100007&order_time=2020-09-13 HTTP/1.1" 200 408
116.238.90.59 - - [13/Sep/2020:10:42:57 +0800] "POST /xingrg/kc/buy/cgsh_list_operate.html HTTP/1.1" 200 571
116.238.71.173 - - [13/Sep/2020:10:42:57 +0800] "POST /xingrg/dwr/call/plaincall/AjaxYddbService.getMaterielByMap.dwr HTTP/1.1" 200 3753
172.17.0.123 - - [13/Sep/2020:10:42:58 +0800] "GET /xingrg/all/function/internal_message.html?_=1599964979515&CODE_STATE=getMsg HTTP/1.1" 302 -
116.238.90.59 - - [13/Sep/2020:10:42:58 +0800] "GET /xingrg/kc/buy/cgsh_order_info.html?code=212020091305453 HTTP/1.1" 200 59595
172.17.0.185 - - [13/Sep/2020:10:42:58 +0800] "GET /xingrg/check_reg.html?_=1599964975745 HTTP/1.1" 200 22
183.192.164.85 - - [13/Sep/2020:10:42:58 +0800] "GET /xingrg/login.html HTTP/1.1" 200 7641
116.238.90.59 - - [13/Sep/2020:10:42:59 +0800] "GET /xingrg/javascript/easyui/themes/default/validatebox.css HTTP/1.1" 404 1104
116.238.71.173 - - [13/Sep/2020:10:42:59 +0800] "POST /xingrg/dwr/call/plaincall/AjaxYddbService.saveMaterielItem.dwr HTTP/1.1" 200 78
58.37.9.106 - - [13/Sep/2020:10:42:59 +0800] "POST /xingrg/kc/buy/cgsh_order_operate.html HTTP/1.1" 200 37
116.238.90.59 - - [13/Sep/2020:10:42:59 +0800] "POST /xingrg/kc/buy/cgsh_order_operate.html HTTP/1.1" 200 21576
116.235.241.164 - - [13/Sep/2020:10:43:00 +0800] "GET /xingrg/all/function/internal_message.html?_=1599964978830&CODE_STATE=getMsg HTTP/1.1" 200 27
114.88.166.242 - - [13/Sep/2020:10:43:01 +0800] "POST /xingrg/login.do HTTP/1.1" 302 -
114.88.166.242 - - [13/Sep/2020:10:43:01 +0800] "GET /xingrg/index.html?sysBaseUrl=http%3A%2F%2F180.169.147.146%3A18081%2Fxingrg%2F&costTime=40×tamp=1599964981458 HTTP/1.1" 200 17173
114.88.166.242 - - [13/Sep/2020:10:43:01 +0800] "GET /favicon.ico HTTP/1.1" 404 -
114.88.166.242 - - [13/Sep/2020:10:43:02 +0800] "POST /xingrg/all/common/load_tree.html?tree=area_rest_tree_json&manage=1 HTTP/1.1" 200 342
114.88.166.242 - - [13/Sep/2020:10:43:02 +0800] "GET /xingrg/all/function/internal_message.html?_=1599965044070&CODE_STATE=count HTTP/1.1" 200 11
114.88.166.242 - - [13/Sep/2020:10:43:02 +0800] "GET /xingrg/check_reg.html?_=1599965044071 HTTP/1.1" 200 22
114.88.166.242 - - [13/Sep/2020:10:43:02 +0800] "POST /xingrg/load_menu.html HTTP/1.1" 200 5138
58.37.9.106 - - [13/Sep/2020:10:43:02 +0800] "POST /xingrg/kc/buy/cgsh_order_operate.html HTTP/1.1" 200 12
58.37.9.106 - - [13/Sep/2020:10:43:03 +0800] "GET /xingrg/kc/buy/cgsh_order_info.html?code=212020091305500 HTTP/1.1" 200 54581
116.238.71.173 - - [13/Sep/2020:10:43:03 +0800] "POST /xingrg/dwr/call/plaincall/AjaxYddbService.checkOrder.dwr HTTP/1.1" 200 78
114.88.166.242 - - [13/Sep/2020:10:43:03 +0800] "GET /xingrg/kc/base/wldb_order_list.html HTTP/1.1" 200 19296
58.37.9.106 - - [13/Sep/2020:10:43:03 +0800] "GET /xingrg/javascript/easyui/themes/default/validatebox.css HTTP/1.1" 404 1104
180.157.253.48 - - [13/Sep/2020:10:43:04 +0800] "GET /xingrg/all/function/internal_message.html?_=1599964986767&CODE_STATE=getMsg HTTP/1.1" 200 27
58.37.9.106 - - [13/Sep/2020:10:43:04 +0800] "POST /xingrg/kc/buy/cgsh_order_operate.html HTTP/1.1" 200 612
183.192.164.71 - - [13/Sep/2020:10:43:04 +0800] "GET /xingrg/kc/buy/cgsh_order_operate.html?command=get_materiel&rest_code=00106&code=00101006055&supplier_code=00100015&order_time=2020-09-13 HTTP/1.1" 302 -
116.238.71.173 - - [13/Sep/2020:10:43:04 +0800] "GET /xingrg/kc/base/yddb_order_info.html?code=482020091300122 HTTP/1.1" 200 29199
116.238.71.173 - - [13/Sep/2020:10:43:04 +0800] "GET /xingrg/dwr/interface/AjaxComOrderService.js HTTP/1.1" 200 18264
116.238.71.173 - - [13/Sep/2020:10:43:04 +0800] "GET /xingrg/dwr/interface/AjaxYddbService.js HTTP/1.1" 200 13201
116.238.71.173 - - [13/Sep/2020:10:43:04 +0800] "GET /xingrg/dwr/engine.js HTTP/1.1" 200 43631
114.88.166.242 - - [13/Sep/2020:10:43:04 +0800] "POST /xingrg/kc/base/wldb_list_operate.html HTTP/1.1" 200 2557
117.184.7.26 - - [13/Sep/2020:10:43:04 +0800] "GET /xingrg/all/function/internal_message.html?_=1599964981776&CODE_STATE=getMsg HTTP/1.1" 200 27
58.37.9.106 - - [13/Sep/2020:10:43:05 +0800] "GET /xingrg/kc/print/load_data.html?order_code=212020091305500&kc_code=cgsh&condition= HTTP/1.1" 200 720
114.88.166.242 - - [13/Sep/2020:10:43:05 +0800] "GET /xingrg/kc/base/wldb_order_add.html HTTP/1.1" 200 30408
114.88.166.242 - - [13/Sep/2020:10:43:05 +0800] "GET /xingrg/all/common/auto_word.html?type=base&rest_code=00111 HTTP/1.1" 200 1753
114.88.166.242 - - [13/Sep/2020:10:43:05 +0800] "GET /xingrg/all/common/auto_word.html?type=base&rest_code=00111 HTTP/1.1" 200 1753
114.88.166.242 - - [13/Sep/2020:10:43:05 +0800] "GET /xingrg/javascript/easyui/themes/default/validatebox.css HTTP/1.1" 404 1104
114.88.166.242 - - [13/Sep/2020:10:43:05 +0800] "POST /xingrg/kc/base/wldb_order_operate.html HTTP/1.1" 200 6806
116.238.71.173 - - [13/Sep/2020:10:43:05 +0800] "POST /xingrg/dwr/call/plaincall/AjaxYddbService.loadMaterielItems.dwr HTTP/1.1" 200 454
114.82.29.189 - - [13/Sep/2020:10:43:06 +0800] "GET /xingrg/kc/buy/cgsh_order_operate.html?command=get_materiel&rest_code=00105&code=00101005028&supplier_code=00100312&order_time=2020-09-13 HTTP/1.1" 200 409
117.185.32.26 - - [13/Sep/2020:10:43:06 +0800] "GET /xingrg/kc/buy/cgsh_order_operate.html?command=get_materiel&rest_code=00106&code=00101008131&supplier_code=00100007&order_time=2020-09-13 HTTP/1.1" 200 408
180.157.253.48 - - [13/Sep/2020:10:43:08 +0800] "POST /xingrg/kc/buy/cgsh_order_operate.html HTTP/1.1" 200 37
114.82.29.189 - - [13/Sep/2020:10:43:08 +0800] "GET /xingrg/all/function/internal_message.html?_=1599964985539&CODE_STATE=getMsg HTTP/1.1" 200 27
117.185.32.26 - - [13/Sep/2020:10:43:08 +0800] "POST /xingrg/kc/buy/cgsh_order_operate.html HTTP/1.1" 200 2065
58.37.9.106 - - [13/Sep/2020:10:43:09 +0800] "GET /xingrg/kc/buy/cgsh_order_add.html HTTP/1.1" 200 59674
58.37.9.106 - - [13/Sep/2020:10:43:09 +0800] "POST /xingrg/kc/buy/cgsh_order_operate.html HTTP/1.1" 200 8245
58.37.9.106 - - [13/Sep/2020:10:43:09 +0800] "GET /xingrg/javascript/easyui/themes/default/validatebox.css HTTP/1.1" 404 1104
58.37.9.106 - - [13/Sep/2020:10:43:10 +0800] "GET /xingrg/kc/buy/cgsh_order_operate.html?command=get_materiel&rest_code=00141&code=00101013115&supplier_code=00100007&order_time=2020-09-13 HTTP/1.1" 200 435
180.171.125.150 - - [13/Sep/2020:10:43:13 +0800] "GET /xingrg/check_reg.html?_=1599964986477 HTTP/1.1" 200 22
180.171.125.150 - - [13/Sep/2020:10:43:13 +0800] "GET /xingrg/all/function/internal_message.html?_=1599964986732&CODE_STATE=getMsg HTTP/1.1" 200 27
183.192.164.71 - - [13/Sep/2020:10:43:13 +0800] "GET /xingrg/login.html HTTP/1.1" 200 7641
116.238.71.173 - - [13/Sep/2020:10:43:14 +0800] "GET /xingrg/kc/base/yddb_order_add.html HTTP/1.1" 200 29565
116.238.71.173 - - [13/Sep/2020:10:43:14 +0800] "GET /xingrg/dwr/interface/AjaxYddbService.js HTTP/1.1" 200 13201
116.238.71.173 - - [13/Sep/2020:10:43:14 +0800] "GET /xingrg/dwr/interface/AjaxComOrderService.js HTTP/1.1" 200 18264
116.238.71.173 - - [13/Sep/2020:10:43:14 +0800] "GET /xingrg/dwr/engine.js HTTP/1.1" 200 43631
180.157.253.48 - - [13/Sep/2020:10:43:15 +0800] "POST /xingrg/kc/buy/cgsh_order_operate.html HTTP/1.1" 200 12
117.185.32.26 - - [13/Sep/2020:10:43:15 +0800] "GET /xingrg/kc/buy/cgsh_order_operate.html?command=get_materiel&rest_code=00106&code=00101008318&supplier_code=00100007&order_time=2020-09-13 HTTP/1.1" 200 408
222.69.137.87 - - [13/Sep/2020:10:43:15 +0800] "GET /xingrg/check_reg.html?_=1599964992870 HTTP/1.1" 200 22
222.69.137.87 - - [13/Sep/2020:10:43:15 +0800] "GET /xingrg/all/function/internal_message.html?_=1599964992872&CODE_STATE=getMsg HTTP/1.1" 200 27
117.184.7.26 - - [13/Sep/2020:10:43:16 +0800] "GET /xingrg/kc/buy/cgsh_order_operate.html?command=get_materiel&rest_code=00108&code=00101008213&supplier_code=00100008&order_time=2020-09-13 HTTP/1.1" 200 412
116.238.71.173 - - [13/Sep/2020:10:43:17 +0800] "POST /xingrg/dwr/call/plaincall/AjaxYddbService.getRestBases.dwr HTTP/1.1" 200 1514
183.192.164.214 - - [13/Sep/2020:10:43:18 +0800] "GET /xingrg/kc/buy/cgsh_order_operate.html?command=get_materiel&rest_code=00106&code=00101006131&supplier_code=00100015&order_time=2020-09-13 HTTP/1.1" 302 -
180.157.253.48 - - [13/Sep/2020:10:43:19 +0800] "GET /xingrg/kc/buy/cgsh_order_info.html?code=212020091305501 HTTP/1.1" 200 54577
180.157.253.48 - - [13/Sep/2020:10:43:20 +0800] "GET /xingrg/javascript/easyui/themes/default/validatebox.css HTTP/1.1" 404 1104
180.157.253.48 - - [13/Sep/2020:10:43:21 +0800] "POST /xingrg/kc/buy/cgsh_order_operate.html HTTP/1.1" 200 613
180.157.253.48 - - [13/Sep/2020:10:43:22 +0800] "GET /xingrg/kc/print/load_data.html?order_code=212020091305501&kc_code=cgsh&condition= HTTP/1.1" 200 760
120.204.17.72 - - [13/Sep/2020:10:43:22 +0800] "GET /xingrg/kc/buy/cgsh_order_operate.html?command=get_materiel&rest_code=00106&code=00101006177&supplier_code=00100015&order_time=2020-09-13 HTTP/1.1" 302 -
117.185.32.26 - - [13/Sep/2020:10:43:23 +0800] "GET /xingrg/kc/buy/cgsh_order_operate.html?command=get_materiel&rest_code=00106&code=00101008352&supplier_code=00100007&order_time=2020-09-13 HTTP/1.1" 200 412
114.82.29.189 - - [13/Sep/2020:10:43:23 +0800] "GET /xingrg/kc/buy/cgsh_order_operate.html?command=get_materiel&rest_code=00105&code=00101004023&supplier_code=00100312&order_time=2020-09-13 HTTP/1.1" 200 409
116.238.71.173 - - [13/Sep/2020:10:43:25 +0800] "POST /xingrg/dwr/call/plaincall/AjaxYddbService.saveOrder.dwr HTTP/1.1" 200 78
58.37.9.106 - - [13/Sep/2020:10:43:25 +0800] "GET /xingrg/kc/buy/cgsh_order_operate.html?command=get_materiel&rest_code=00141&code=00101008304&supplier_code=00100007&order_time=2020-09-13 HTTP/1.1" 200 412
180.157.253.48 - - [13/Sep/2020:10:43:26 +0800] "GET /xingrg/kc/buy/cgsh_order_add.html HTTP/1.1" 200 59674
183.192.164.214 - - [13/Sep/2020:10:43:26 +0800] "GET /xingrg/login.html HTTP/1.1" 200 7641
58.37.9.106 - - [13/Sep/2020:10:43:26 +0800] "GET /xingrg/kc/buy/cgsh_order_operate.html?command=get_materiel&rest_code=00141&code=00101001093&supplier_code=00100090&order_time=2020-09-13 HTTP/1.1" 200 411
180.157.253.48 - - [13/Sep/2020:10:43:26 +0800] "POST /xingrg/kc/buy/cgsh_order_operate.html HTTP/1.1" 200 8245
180.157.253.48 - - [13/Sep/2020:10:43:26 +0800] "GET /xingrg/javascript/easyui/themes/default/validatebox.css HTTP/1.1" 404 1104
180.157.253.48 - - [13/Sep/2020:10:43:27 +0800] "POST /xingrg/services/DataTransmitService HTTP/1.1" 200 524
116.238.90.59 - - [13/Sep/2020:10:43:27 +0800] "GET /xingrg/kc/buy/cgsh_order_operate.html?command=get_materiel&rest_code=00102&code=00101012030&supplier_code=00100031&order_time=2020-09-13 HTTP/1.1" 200 416
180.157.253.48 - - [13/Sep/2020:10:43:27 +0800] "POST /xingrg/services/DataTransmitService HTTP/1.1" 200 501
180.157.253.48 - - [13/Sep/2020:10:43:27 +0800] "POST /xingrg/services/DataTransmitService HTTP/1.1" 200 501
180.157.253.48 - - [13/Sep/2020:10:43:28 +0800] "POST /xingrg/services/DataTransmitService HTTP/1.1" 200 501
183.192.164.214 - - [13/Sep/2020:10:43:28 +0800] "GET /xingrg/kc/buy/cgsh_order_operate.html?command=get_materiel&rest_code=00106&code=00101006133&supplier_code=00100015&order_time=2020-09-13 HTTP/1.1" 302 -
180.157.253.48 - - [13/Sep/2020:10:43:28 +0800] "POST /xingrg/services/DataTransmitService HTTP/1.1" 200 501
114.82.29.189 - - [13/Sep/2020:10:43:29 +0800] "GET /xingrg/all/function/internal_message.html?_=1599964991282&CODE_STATE=getMsg HTTP/1.1" 200 27
117.131.5.26 - - [13/Sep/2020:10:43:30 +0800] "GET /xingrg/all/function/internal_message.html?_=1599965007289&CODE_STATE=getMsg HTTP/1.1" 200 27
116.238.71.173 - - [13/Sep/2020:10:43:30 +0800] "POST /xingrg/dwr/call/plaincall/AjaxComOrderService.getMaterielSearchList.dwr HTTP/1.1" 200 13894
117.184.7.26 - - [13/Sep/2020:10:43:30 +0800] "GET /xingrg/kc/buy/cgsh_order_operate.html?command=get_materiel&rest_code=00108&code=00101008297&supplier_code=00100008&order_time=2020-09-13 HTTP/1.1" 200 412
180.157.253.48 - - [13/Sep/2020:10:43:30 +0800] "POST /xingrg/services/DataTransmitService HTTP/1.1" 200 412
116.238.71.173 - - [13/Sep/2020:10:43:30 +0800] "POST /xingrg/dwr/call/plaincall/AjaxComOrderService.getMaterielSearchList.dwr HTTP/1.1" 200 1159
116.238.71.173 - - [13/Sep/2020:10:43:32 +0800] "POST /xingrg/dwr/call/plaincall/AjaxYddbService.getMaterielByMap.dwr HTTP/1.1" 200 3726
117.185.32.26 - - [13/Sep/2020:10:43:32 +0800] "GET /xingrg/kc/buy/cgsh_order_operate.html?command=get_materiel&rest_code=00106&code=00101008005&supplier_code=00100007&order_time=2020-09-13 HTTP/1.1" 200 412
120.204.17.72 - - [13/Sep/2020:10:43:32 +0800] "GET /xingrg/login.html HTTP/1.1" 200 7641
172.17.0.120 - - [13/Sep/2020:10:43:32 +0800] "GET /xingrg/all/function/internal_message.html?_=1599965009809&CODE_STATE=getMsg HTTP/1.1" 200 27
116.238.71.173 - - [13/Sep/2020:10:43:35 +0800] "POST /xingrg/dwr/call/plaincall/AjaxYddbService.saveMaterielItem.dwr HTTP/1.1" 200 78
116.238.90.59 - - [13/Sep/2020:10:43:35 +0800] "GET /xingrg/kc/buy/cgsh_order_operate.html?command=get_materiel&rest_code=00102&code=00101005037&supplier_code=00100031&order_time=2020-09-13 HTTP/1.1" 200 409
116.238.71.173 - - [13/Sep/2020:10:43:35 +0800] "POST /xingrg/dwr/call/plaincall/AjaxComOrderService.getMaterielSearchList.dwr HTTP/1.1" 200 76
183.192.164.214 - - [13/Sep/2020:10:43:36 +0800] "GET /xingrg/login.html HTTP/1.1" 200 7641
58.37.9.106 - - [13/Sep/2020:10:43:36 +0800] "GET /xingrg/kc/buy/cgsh_order_operate.html?command=get_materiel&rest_code=00141&code=00101008350&supplier_code=00100007&order_time=2020-09-13 HTTP/1.1" 200 408
180.157.253.48 - - [13/Sep/2020:10:43:36 +0800] "GET /xingrg/kc/buy/cgsh_order_operate.html?command=get_materiel&rest_code=00148&code=00102009797&supplier_code=00100094&order_time=2020-09-13 HTTP/1.1" 200 412
116.238.71.173 - - [13/Sep/2020:10:43:36 +0800] "GET /xingrg/images/yd/bt.gif HTTP/1.1" 404 1040
116.238.90.59 - - [13/Sep/2020:10:43:37 +0800] "GET /xingrg/all/function/internal_message.html?_=1599965022413&CODE_STATE=getMsg HTTP/1.1" 200 27
116.238.71.173 - - [13/Sep/2020:10:43:38 +0800] "GET /xingrg/all/function/internal_message.html?_=1599965141602&CODE_STATE=getMsg HTTP/1.1" 200 27
218.81.217.115 - - [13/Sep/2020:10:43:38 +0800] "GET /xingrg/all/function/internal_message.html?_=1599965017572&CODE_STATE=getMsg HTTP/1.1" 200 27
116.238.71.173 - - [13/Sep/2020:10:43:38 +0800] "POST /xingrg/dwr/call/plaincall/AjaxComOrderService.getMaterielSearchList.dwr HTTP/1.1" 200 403480
116.232.49.242 - - [13/Sep/2020:10:43:39 +0800] "GET /xingrg/check_reg.html?_=1599964991497 HTTP/1.1" 200 22
116.238.71.173 - - [13/Sep/2020:10:43:39 +0800] "POST /xingrg/dwr/call/plaincall/AjaxComOrderService.getMaterielSearchList.dwr HTTP/1.1" 200 16869
183.192.164.85 - - [13/Sep/2020:10:43:40 +0800] "GET /xingrg/kc/buy/cgsh_order_operate.html?command=get_materiel&rest_code=00106&code=00101006056&supplier_code=00100015&order_time=2020-09-13 HTTP/1.1" 302 -
117.185.32.26 - - [13/Sep/2020:10:43:40 +0800] "GET /xingrg/kc/buy/cgsh_order_operate.html?command=get_materiel&rest_code=00106&code=00101008353&supplier_code=00100007&order_time=2020-09-13 HTTP/1.1" 200 408
180.157.253.48 - - [13/Sep/2020:10:43:40 +0800] "GET /xingrg/kc/buy/cgsh_order_operate.html?command=get_materiel&rest_code=00148&code=00101001037&supplier_code=00100094&order_time=2020-09-13 HTTP/1.1" 200 414
172.17.200.101 - - [13/Sep/2020:10:43:40 +0800] "GET /xingrg/all/function/internal_message.html?_=1599965018685&CODE_STATE=getMsg HTTP/1.1" 200 27
116.235.241.164 - - [13/Sep/2020:10:43:40 +0800] "GET /xingrg/all/function/internal_message.html?_=1599965019605&CODE_STATE=getMsg HTTP/1.1" 200 27
117.184.7.26 - - [13/Sep/2020:10:43:41 +0800] "GET /xingrg/kc/buy/cgsh_order_operate.html?command=get_materiel&rest_code=00108&code=00101008154&supplier_code=00100008&order_time=2020-09-13 HTTP/1.1" 200 413
116.238.90.59 - - [13/Sep/2020:10:43:42 +0800] "GET /xingrg/kc/buy/cgsh_order_operate.html?command=get_materiel&rest_code=00102&code=00101016038&supplier_code=00100031&order_time=2020-09-13 HTTP/1.1" 200 408
116.238.90.59 - - [13/Sep/2020:10:43:43 +0800] "POST /xingrg/kc/buy/cgsh_list_operate.html HTTP/1.1" 200 2412
116.238.71.173 - - [13/Sep/2020:10:43:44 +0800] "POST /xingrg/dwr/call/plaincall/AjaxYddbService.getMaterielByMap.dwr HTTP/1.1" 200 3655
116.238.90.59 - - [13/Sep/2020:10:43:45 +0800] "GET /xingrg/all/function/internal_message.html?_=1599965230521&CODE_STATE=getMsg HTTP/1.1" 200 27
116.238.71.173 - - [13/Sep/2020:10:43:47 +0800] "POST /xingrg/dwr/call/plaincall/AjaxYddbService.saveMaterielItem.dwr HTTP/1.1" 200 79
116.238.71.173 - - [13/Sep/2020:10:43:47 +0800] "POST /xingrg/dwr/call/plaincall/AjaxComOrderService.getMaterielSearchList.dwr HTTP/1.1" 200 77
58.37.9.106 - - [13/Sep/2020:10:43:47 +0800] "GET /xingrg/kc/buy/cgsh_order_operate.html?command=get_materiel&rest_code=00141&code=00101008356&supplier_code=00100007&order_time=2020-09-13 HTTP/1.1" 200 409
116.238.90.59 - - [13/Sep/2020:10:43:48 +0800] "POST /xingrg/kc/buy/cgsh_list_operate.html HTTP/1.1" 200 573
114.82.29.189 - - [13/Sep/2020:10:43:49 +0800] "POST /xingrg/kc/buy/cgsh_order_operate.html HTTP/1.1" 200 37
116.238.90.59 - - [13/Sep/2020:10:43:49 +0800] "GET /xingrg/kc/buy/cgsh_order_info.html?code=212020091305487 HTTP/1.1" 200 59595
116.238.90.59 - - [13/Sep/2020:10:43:50 +0800] "GET /xingrg/javascript/easyui/themes/default/validatebox.css HTTP/1.1" 404 1104
183.192.164.85 - - [13/Sep/2020:10:43:50 +0800] "GET /xingrg/login.html HTTP/1.1" 200 7641
114.82.29.189 - - [13/Sep/2020:10:43:50 +0800] "POST /xingrg/kc/buy/cgsh_order_operate.html HTTP/1.1" 200 8592
116.238.90.59 - - [13/Sep/2020:10:43:50 +0800] "POST /xingrg/kc/buy/cgsh_order_operate.html HTTP/1.1" 200 23376
114.82.29.189 - - [13/Sep/2020:10:43:51 +0800] "GET /xingrg/kc/print/load_data.html?order_code=212020091305502&kc_code=cgsh&condition= HTTP/1.1" 200 2918
116.238.71.173 - - [13/Sep/2020:10:43:51 +0800] "POST /xingrg/dwr/call/plaincall/AjaxComOrderService.getMaterielSearchList.dwr HTTP/1.1" 200 7312
116.238.71.173 - - [13/Sep/2020:10:43:52 +0800] "POST /xingrg/dwr/call/plaincall/AjaxComOrderService.getMaterielSearchList.dwr HTTP/1.1" 200 7312
116.238.71.173 - - [13/Sep/2020:10:43:52 +0800] "GET /xingrg/images/yd/bt.gif HTTP/1.1" 404 1040
172.17.0.105 - - [13/Sep/2020:10:43:52 +0800] "GET /xingrg/all/function/internal_message.html?_=1599965029226&CODE_STATE=getMsg HTTP/1.1" 200 27
58.37.9.106 - - [13/Sep/2020:10:43:52 +0800] "POST /xingrg/kc/buy/cgsh_order_operate.html HTTP/1.1" 200 37
116.238.71.173 - - [13/Sep/2020:10:43:53 +0800] "GET /xingrg/check_reg.html?_=1599965030372 HTTP/1.1" 200 22
116.238.71.173 - - [13/Sep/2020:10:43:53 +0800] "GET /xingrg/all/function/internal_message.html?_=1599965030368&CODE_STATE=getMsg HTTP/1.1" 200 27
116.238.90.59 - - [13/Sep/2020:10:43:53 +0800] "GET /xingrg/kc/buy/cgsh_order_operate.html?command=get_materiel&rest_code=00102&code=00101016105&supplier_code=00100031&order_time=2020-09-13 HTTP/1.1" 200 409
180.157.253.48 - - [13/Sep/2020:10:43:53 +0800] "GET /xingrg/kc/buy/cgsh_order_operate.html?command=get_materiel&rest_code=00148&code=00101003016&supplier_code=00100094&order_time=2020-09-13 HTTP/1.1" 200 418
117.185.32.26 - - [13/Sep/2020:10:43:53 +0800] "GET /xingrg/kc/buy/cgsh_order_operate.html?command=get_materiel&rest_code=00106&code=00101008114&supplier_code=00100007&order_time=2020-09-13 HTTP/1.1" 200 412
117.185.32.26 - - [13/Sep/2020:10:43:55 +0800] "POST /xingrg/kc/buy/cgsh_order_operate.html HTTP/1.1" 200 2065
117.185.32.26 - - [13/Sep/2020:10:43:55 +0800] "GET /xingrg/all/function/internal_message.html?_=1599965030537&CODE_STATE=getMsg HTTP/1.1" 200 27
116.238.71.173 - - [13/Sep/2020:10:43:55 +0800] "POST /xingrg/dwr/call/plaincall/AjaxYddbService.getMaterielByMap.dwr HTTP/1.1" 200 3696
117.184.7.30 - - [13/Sep/2020:10:43:56 +0800] "GET /xingrg/all/function/internal_message.html?_=1599965888558&CODE_STATE=getMsg HTTP/1.1" 200 27
117.184.7.30 - - [13/Sep/2020:10:43:57 +0800] "GET /xingrg/check_reg.html?_=1599965888560 HTTP/1.1" 200 22
58.37.9.106 - - [13/Sep/2020:10:43:57 +0800] "POST /xingrg/kc/buy/cgsh_order_operate.html HTTP/1.1" 200 12
58.37.9.106 - - [13/Sep/2020:10:43:58 +0800] "GET /xingrg/kc/buy/cgsh_order_info.html?code=212020091305503 HTTP/1.1" 200 54581
172.17.0.123 - - [13/Sep/2020:10:43:58 +0800] "GET /xingrg/all/function/internal_message.html?_=1599965039521&CODE_STATE=getMsg HTTP/1.1" 302 -
120.253.135.82 - - [13/Sep/2020:10:43:58 +0800] "GET /xingrg/check_reg.html?_=1599965150349 HTTP/1.1" 302 -
58.37.9.106 - - [13/Sep/2020:10:43:58 +0800] "GET /xingrg/javascript/easyui/themes/default/validatebox.css HTTP/1.1" 404 1104
58.37.9.106 - - [13/Sep/2020:10:43:58 +0800] "POST /xingrg/kc/buy/cgsh_order_operate.html HTTP/1.1" 200 607
116.238.71.173 - - [13/Sep/2020:10:43:59 +0800] "POST /xingrg/dwr/call/plaincall/AjaxYddbService.saveMaterielItem.dwr HTTP/1.1" 200 79
117.185.32.26 - - [13/Sep/2020:10:43:59 +0800] "GET /xingrg/kc/buy/cgsh_order_operate.html?command=get_materiel&rest_code=00106&code=00101008125&supplier_code=00100007&order_time=2020-09-13 HTTP/1.1" 200 413
58.37.9.106 - - [13/Sep/2020:10:43:59 +0800] "GET /xingrg/kc/print/load_data.html?order_code=212020091305503&kc_code=cgsh&condition= HTTP/1.1" 200 776
116.235.241.164 - - [13/Sep/2020:10:44:00 +0800] "GET /xingrg/all/function/internal_message.html?_=1599965038831&CODE_STATE=getMsg HTTP/1.1" 200 27
114.88.166.242 - - [13/Sep/2020:10:44:00 +0800] "GET /xingrg/javascript/auto/indicator.gif HTTP/1.1" 404 1066
58.37.9.106 - - [13/Sep/2020:10:44:00 +0800] "GET /xingrg/all/function/internal_message.html?_=1599964664184&CODE_STATE=getMsg HTTP/1.1" 200 27
114.88.166.242 - - [13/Sep/2020:10:44:01 +0800] "GET /xingrg/javascript/jquery_tools/images/next.gif HTTP/1.1" 404 1086
114.88.166.242 - - [13/Sep/2020:10:44:01 +0800] "GET /xingrg/javascript/jquery_tools/images/prev.gif HTTP/1.1" 404 1086
114.88.166.242 - - [13/Sep/2020:10:44:02 +0800] "GET /xingrg/all/function/internal_message.html?_=1599965104091&CODE_STATE=getMsg HTTP/1.1" 200 27
116.238.71.173 - - [13/Sep/2020:10:44:02 +0800] "POST /xingrg/dwr/call/plaincall/AjaxComOrderService.getMaterielSearchList.dwr HTTP/1.1" 200 20969
116.238.90.59 - - [13/Sep/2020:10:44:02 +0800] "POST /xingrg/kc/buy/cgsh_list_operate.html HTTP/1.1" 200 2412
116.238.71.173 - - [13/Sep/2020:10:44:03 +0800] "POST /xingrg/dwr/call/plaincall/AjaxComOrderService.getMaterielSearchList.dwr HTTP/1.1" 200 2540
58.37.9.106 - - [13/Sep/2020:10:44:03 +0800] "GET /xingrg/kc/buy/cgsh_order_add.html HTTP/1.1" 200 59674
114.82.29.189 - - [13/Sep/2020:10:44:03 +0800] "GET /xingrg/kc/buy/cgsh_order_add.html HTTP/1.1" 200 59668
180.157.253.48 - - [13/Sep/2020:10:44:04 +0800] "GET /xingrg/all/function/internal_message.html?_=1599965046755&CODE_STATE=getMsg HTTP/1.1" 200 27
58.37.9.106 - - [13/Sep/2020:10:44:04 +0800] "POST /xingrg/kc/buy/cgsh_order_operate.html HTTP/1.1" 200 8245
58.37.9.106 - - [13/Sep/2020:10:44:04 +0800] "GET /xingrg/javascript/easyui/themes/default/validatebox.css HTTP/1.1" 404 1104
114.82.29.189 - - [13/Sep/2020:10:44:04 +0800] "GET /xingrg/javascript/easyui/themes/default/validatebox.css HTTP/1.1" 404 1104
180.157.253.48 - - [13/Sep/2020:10:44:04 +0800] "POST /xingrg/kc/buy/cgsh_order_operate.html HTTP/1.1" 200 37
116.238.90.59 - - [13/Sep/2020:10:44:04 +0800] "POST /xingrg/kc/buy/cgsh_list_operate.html HTTP/1.1" 200 560
114.82.29.189 - - [13/Sep/2020:10:44:04 +0800] "POST /xingrg/kc/buy/cgsh_order_operate.html HTTP/1.1" 200 8245
117.184.7.26 - - [13/Sep/2020:10:44:04 +0800] "GET /xingrg/check_reg.html?_=1599965041713 HTTP/1.1" 200 22
117.184.7.26 - - [13/Sep/2020:10:44:04 +0800] "GET /xingrg/all/function/internal_message.html?_=1599965041751&CODE_STATE=getMsg HTTP/1.1" 200 27
116.238.90.59 - - [13/Sep/2020:10:44:04 +0800] "GET /xingrg/kc/buy/cgsh_order_operate.html?command=get_materiel&rest_code=00102&code=00101018008&supplier_code=00100031&order_time=2020-09-13 HTTP/1.1" 200 432
116.238.71.173 - - [13/Sep/2020:10:44:04 +0800] "POST /xingrg/dwr/call/plaincall/AjaxYddbService.getMaterielByMap.dwr HTTP/1.1" 200 3773
116.238.90.59 - - [13/Sep/2020:10:44:05 +0800] "GET /xingrg/kc/buy/cgsh_order_info.html?code=212020091305499 HTTP/1.1" 200 59595
116.238.90.59 - - [13/Sep/2020:10:44:05 +0800] "GET /xingrg/javascript/easyui/themes/default/validatebox.css HTTP/1.1" 404 1104
116.238.90.59 - - [13/Sep/2020:10:44:05 +0800] "POST /xingrg/kc/buy/cgsh_order_operate.html HTTP/1.1" 200 12713
117.185.32.26 - - [13/Sep/2020:10:44:06 +0800] "GET /xingrg/kc/buy/cgsh_order_operate.html?command=get_materiel&rest_code=00106&code=00101008330&supplier_code=00100007&order_time=2020-09-13 HTTP/1.1" 200 408
114.88.166.242 - - [13/Sep/2020:10:44:06 +0800] "GET /xingrg/kc/base/wldb_order_operate.html?command=get_materiel&rest_code=00111&base_code=0010283&code=00101019368 HTTP/1.1" 200 464
114.82.29.189 - - [13/Sep/2020:10:44:08 +0800] "GET /xingrg/all/function/internal_message.html?_=1599965045517&CODE_STATE=getMsg HTTP/1.1" 200 27
116.238.71.173 - - [13/Sep/2020:10:44:08 +0800] "POST /xingrg/dwr/call/plaincall/AjaxYddbService.saveMaterielItem.dwr HTTP/1.1" 200 79
116.238.71.173 - - [13/Sep/2020:10:44:08 +0800] "POST /xingrg/dwr/call/plaincall/AjaxComOrderService.getMaterielSearchList.dwr HTTP/1.1" 200 77
120.204.17.72 - - [13/Sep/2020:10:44:09 +0800] "GET /xingrg/kc/print/load_data.html?order_code=212020091305468&kc_code=cgsh&condition= HTTP/1.1" 302 -
114.88.166.242 - - [13/Sep/2020:10:44:10 +0800] "GET /xingrg/kc/base/wldb_order_operate.html?command=get_materiel&rest_code=00111&base_code=0010283&code=00101016035 HTTP/1.1" 200 469
116.238.71.173 - - [13/Sep/2020:10:44:11 +0800] "POST /xingrg/dwr/call/plaincall/AjaxComOrderService.getMaterielSearchList.dwr HTTP/1.1" 200 1596
116.238.71.173 - - [13/Sep/2020:10:44:12 +0800] "POST /xingrg/dwr/call/plaincall/AjaxComOrderService.getMaterielSearchList.dwr HTTP/1.1" 200 1596
114.82.29.189 - - [13/Sep/2020:10:44:12 +0800] "GET /xingrg/kc/buy/cgsh_order_operate.html?command=get_materiel&rest_code=00105&code=00101004011&supplier_code=00100086&order_time=2020-09-13 HTTP/1.1" 200 435
58.37.9.106 - - [13/Sep/2020:10:44:13 +0800] "GET /xingrg/kc/buy/cgsh_order_operate.html?command=get_materiel&rest_code=00141&code=00101008043&supplier_code=00100007&order_time=2020-09-13 HTTP/1.1" 200 416
180.157.253.48 - - [13/Sep/2020:10:44:13 +0800] "POST /xingrg/kc/buy/cgsh_order_operate.html HTTP/1.1" 200 12
180.171.125.150 - - [13/Sep/2020:10:44:13 +0800] "GET /xingrg/all/function/internal_message.html?_=1599965046745&CODE_STATE=getMsg HTTP/1.1" 200 27
117.185.32.26 - - [13/Sep/2020:10:44:13 +0800] "GET /xingrg/kc/buy/cgsh_order_operate.html?command=get_materiel&rest_code=00106&code=00101008283&supplier_code=00100007&order_time=2020-09-13 HTTP/1.1" 200 408
116.238.71.173 - - [13/Sep/2020:10:44:13 +0800] "POST /xingrg/dwr/call/plaincall/AjaxYddbService.getMaterielByMap.dwr HTTP/1.1" 200 3752
180.157.253.48 - - [13/Sep/2020:10:44:13 +0800] "GET /xingrg/kc/buy/cgsh_order_info.html?code=212020091305504 HTTP/1.1" 200 54577
180.157.253.48 - - [13/Sep/2020:10:44:14 +0800] "GET /xingrg/javascript/easyui/themes/default/validatebox.css HTTP/1.1" 404 1104
58.37.9.106 - - [13/Sep/2020:10:44:14 +0800] "POST /xingrg/kc/buy/cgsh_order_operate.html HTTP/1.1" 200 2065
180.157.253.48 - - [13/Sep/2020:10:44:14 +0800] "POST /xingrg/kc/buy/cgsh_order_operate.html HTTP/1.1" 200 1217
222.69.137.87 - - [13/Sep/2020:10:44:15 +0800] "GET /xingrg/all/function/internal_message.html?_=1599965052862&CODE_STATE=getMsg HTTP/1.1" 200 27
120.204.17.72 - - [13/Sep/2020:10:44:15 +0800] "GET /xingrg/login.html HTTP/1.1" 200 7641
116.238.90.59 - - [13/Sep/2020:10:44:16 +0800] "POST /xingrg/kc/buy/cgsh_order_operate.html HTTP/1.1" 200 37
114.88.166.242 - - [13/Sep/2020:10:44:16 +0800] "GET /xingrg/kc/base/wldb_order_operate.html?command=get_materiel&rest_code=00111&base_code=0010283&code=00101019503 HTTP/1.1" 200 465
116.238.71.173 - - [13/Sep/2020:10:44:18 +0800] "POST /xingrg/dwr/call/plaincall/AjaxYddbService.saveMaterielItem.dwr HTTP/1.1" 200 79
180.157.253.48 - - [13/Sep/2020:10:44:18 +0800] "GET /xingrg/kc/print/load_data.html?order_code=212020091305504&kc_code=cgsh&condition= HTTP/1.1" 200 1027
116.238.90.59 - - [13/Sep/2020:10:44:19 +0800] "POST /xingrg/kc/buy/cgsh_order_operate.html HTTP/1.1" 200 12
58.37.9.106 - - [13/Sep/2020:10:44:19 +0800] "GET /xingrg/kc/buy/cgsh_order_operate.html?command=get_materiel&rest_code=00141&code=00101006153&supplier_code=00100344&order_time=2020-09-13 HTTP/1.1" 200 415
58.37.9.106 - - [13/Sep/2020:10:44:19 +0800] "GET /xingrg/kc/buy/cgsh_order_operate.html?command=get_materiel&rest_code=00141&code=00101008049&supplier_code=00100007&order_time=2020-09-13 HTTP/1.1" 200 408
116.238.71.173 - - [13/Sep/2020:10:44:21 +0800] "POST /xingrg/dwr/call/plaincall/AjaxComOrderService.getMaterielSearchList.dwr HTTP/1.1" 200 744
116.238.90.59 - - [13/Sep/2020:10:44:21 +0800] "GET /xingrg/kc/buy/cgsh_order_info.html?code=212020091305505 HTTP/1.1" 200 54483
117.185.32.26 - - [13/Sep/2020:10:44:21 +0800] "GET /xingrg/kc/buy/cgsh_order_operate.html?command=get_materiel&rest_code=00106&code=00101008323&supplier_code=00100007&order_time=2020-09-13 HTTP/1.1" 200 408
114.82.29.189 - - [13/Sep/2020:10:44:22 +0800] "GET /xingrg/kc/buy/cgsh_order_operate.html?command=get_materiel&rest_code=00105&code=00101004065&supplier_code=00100086&order_time=2020-09-13 HTTP/1.1" 200 433
180.157.253.48 - - [13/Sep/2020:10:44:22 +0800] "GET /xingrg/kc/buy/cgsh_order_add.html HTTP/1.1" 200 59674
116.238.90.59 - - [13/Sep/2020:10:44:22 +0800] "GET /xingrg/javascript/easyui/themes/default/validatebox.css HTTP/1.1" 404 1104
116.238.90.59 - - [13/Sep/2020:10:44:22 +0800] "POST /xingrg/kc/buy/cgsh_order_operate.html HTTP/1.1" 200 2964
116.238.71.173 - - [13/Sep/2020:10:44:22 +0800] "POST /xingrg/dwr/call/plaincall/AjaxYddbService.getMaterielByMap.dwr HTTP/1.1" 200 3736
180.157.253.48 - - [13/Sep/2020:10:44:23 +0800] "POST /xingrg/kc/buy/cgsh_order_operate.html HTTP/1.1" 200 8245
180.157.253.48 - - [13/Sep/2020:10:44:23 +0800] "GET /xingrg/javascript/easyui/themes/default/validatebox.css HTTP/1.1" 404 1104
114.88.166.242 - - [13/Sep/2020:10:44:23 +0800] "GET /xingrg/kc/base/wldb_order_operate.html?command=get_materiel&rest_code=00111&base_code=0010283&code=00101019084 HTTP/1.1" 200 471
116.238.90.59 - - [13/Sep/2020:10:44:24 +0800] "GET /xingrg/kc/print/load_data.html?order_code=212020091305505&kc_code=cgsh&condition= HTTP/1.1" 200 1609
116.238.90.59 - - [13/Sep/2020:10:44:25 +0800] "POST /xingrg/kc/buy/cgsh_list_operate.html HTTP/1.1" 200 2412
116.238.71.173 - - [13/Sep/2020:10:44:26 +0800] "POST /xingrg/dwr/call/plaincall/AjaxYddbService.saveMaterielItem.dwr HTTP/1.1" 200 79
116.238.71.173 - - [13/Sep/2020:10:44:26 +0800] "POST /xingrg/dwr/call/plaincall/AjaxComOrderService.getMaterielSearchList.dwr HTTP/1.1" 200 77
116.238.90.59 - - [13/Sep/2020:10:44:27 +0800] "POST /xingrg/kc/buy/cgsh_list_operate.html HTTP/1.1" 200 571
116.238.90.59 - - [13/Sep/2020:10:44:27 +0800] "GET /xingrg/kc/buy/cgsh_order_info.html?code=212020091305453 HTTP/1.1" 200 59595
116.238.71.173 - - [13/Sep/2020:10:44:28 +0800] "GET /xingrg/images/yd/bt.gif HTTP/1.1" 404 1040
116.238.90.59 - - [13/Sep/2020:10:44:28 +0800] "GET /xingrg/javascript/easyui/themes/default/validatebox.css HTTP/1.1" 404 1104
58.37.9.106 - - [13/Sep/2020:10:44:28 +0800] "GET /xingrg/kc/buy/cgsh_order_operate.html?command=get_materiel&rest_code=00141&code=00101008261&supplier_code=00100007&order_time=2020-09-13 HTTP/1.1" 200 408
116.238.90.59 - - [13/Sep/2020:10:44:28 +0800] "POST /xingrg/kc/buy/cgsh_order_operate.html HTTP/1.1" 200 21576
114.88.166.242 - - [13/Sep/2020:10:44:28 +0800] "POST /xingrg/kc/base/wldb_order_operate.html HTTP/1.1" 200 37
114.88.166.242 - - [13/Sep/2020:10:44:28 +0800] "POST /xingrg/kc/base/wldb_order_operate.html HTTP/1.1" 200 3705
114.82.29.189 - - [13/Sep/2020:10:44:29 +0800] "GET /xingrg/all/function/internal_message.html?_=1599965051281&CODE_STATE=getMsg HTTP/1.1" 200 27
114.88.166.242 - - [13/Sep/2020:10:44:29 +0800] "GET /xingrg/kc/base/wldb_order_info.html?code=422020091301468 HTTP/1.1" 200 30423
114.88.166.242 - - [13/Sep/2020:10:44:29 +0800] "GET /xingrg/javascript/easyui/themes/default/validatebox.css HTTP/1.1" 404 1104
116.238.71.173 - - [13/Sep/2020:10:44:29 +0800] "POST /xingrg/dwr/call/plaincall/AjaxComOrderService.getMaterielSearchList.dwr HTTP/1.1" 200 5957
180.157.253.48 - - [13/Sep/2020:10:44:29 +0800] "GET /xingrg/kc/buy/cgsh_order_operate.html?command=get_materiel&rest_code=00148&code=00101003004&supplier_code=00100094&order_time=2020-09-13 HTTP/1.1" 200 422
114.88.166.242 - - [13/Sep/2020:10:44:29 +0800] "POST /xingrg/kc/base/wldb_order_operate.html HTTP/1.1" 200 3705
117.131.5.26 - - [13/Sep/2020:10:44:29 +0800] "GET /xingrg/check_reg.html?_=1599965067127 HTTP/1.1" 200 22
117.185.32.26 - - [13/Sep/2020:10:44:29 +0800] "GET /xingrg/kc/buy/cgsh_order_operate.html?command=get_materiel&rest_code=00106&code=00101008302&supplier_code=00100007&order_time=2020-09-13 HTTP/1.1" 200 412
117.131.5.26 - - [13/Sep/2020:10:44:30 +0800] "GET /xingrg/all/function/internal_message.html?_=1599965067304&CODE_STATE=getMsg HTTP/1.1" 200 27
116.238.71.173 - - [13/Sep/2020:10:44:30 +0800] "POST /xingrg/dwr/call/plaincall/AjaxComOrderService.getMaterielSearchList.dwr HTTP/1.1" 200 288
116.238.71.173 - - [13/Sep/2020:10:44:31 +0800] "POST /xingrg/dwr/call/plaincall/AjaxYddbService.getMaterielByMap.dwr HTTP/1.1" 200 3714
117.185.32.26 - - [13/Sep/2020:10:44:32 +0800] "POST /xingrg/kc/buy/cgsh_order_operate.html HTTP/1.1" 200 2065
172.17.0.120 - - [13/Sep/2020:10:44:32 +0800] "GET /xingrg/all/function/internal_message.html?_=1599965069815&CODE_STATE=getMsg HTTP/1.1" 200 27
114.82.29.189 - - [13/Sep/2020:10:44:34 +0800] "POST /xingrg/kc/buy/cgsh_order_operate.html HTTP/1.1" 200 37
116.238.71.173 - - [13/Sep/2020:10:44:34 +0800] "POST /xingrg/dwr/call/plaincall/AjaxYddbService.saveMaterielItem.dwr HTTP/1.1" 200 79
183.192.164.97 - - [13/Sep/2020:10:44:34 +0800] "GET /xingrg/check_reg.html?_=1599964310526 HTTP/1.1" 302 -
58.37.9.106 - - [13/Sep/2020:10:44:35 +0800] "POST /xingrg/kc/buy/cgsh_order_operate.html HTTP/1.1" 200 37
116.238.71.173 - - [13/Sep/2020:10:44:35 +0800] "POST /xingrg/dwr/call/plaincall/AjaxComOrderService.getMaterielSearchList.dwr HTTP/1.1" 200 77
58.37.9.106 - - [13/Sep/2020:10:44:35 +0800] "GET /xingrg/kc/buy/cgsh_order_operate.html?command=get_materiel&rest_code=00141&code=00101008141&supplier_code=00100007&order_time=2020-09-13 HTTP/1.1" 200 412
114.82.29.189 - - [13/Sep/2020:10:44:36 +0800] "POST /xingrg/kc/buy/cgsh_order_operate.html HTTP/1.1" 200 3255
58.37.9.106 - - [13/Sep/2020:10:44:37 +0800] "POST /xingrg/kc/buy/cgsh_order_operate.html HTTP/1.1" 200 12
116.238.90.59 - - [13/Sep/2020:10:44:37 +0800] "POST /xingrg/kc/buy/cgsh_list_operate.html HTTP/1.1" 200 5680
116.238.90.59 - - [13/Sep/2020:10:44:37 +0800] "GET /xingrg/check_reg.html?_=1599965082175 HTTP/1.1" 200 22
114.82.29.189 - - [13/Sep/2020:10:44:37 +0800] "GET /xingrg/kc/print/load_data.html?order_code=212020091305506&kc_code=cgsh&condition= HTTP/1.1" 200 958
116.238.90.59 - - [13/Sep/2020:10:44:37 +0800] "GET /xingrg/all/function/internal_message.html?_=1599965082435&CODE_STATE=getMsg HTTP/1.1" 200 27
183.192.164.97 - - [13/Sep/2020:10:44:38 +0800] "GET /xingrg/login.html HTTP/1.1" 200 7641
116.238.71.173 - - [13/Sep/2020:10:44:38 +0800] "POST /xingrg/dwr/call/plaincall/AjaxComOrderService.getMaterielSearchList.dwr HTTP/1.1" 200 33731
116.238.71.173 - - [13/Sep/2020:10:44:38 +0800] "GET /xingrg/all/function/internal_message.html?_=1599965201640&CODE_STATE=getMsg HTTP/1.1" 200 27
116.238.71.173 - - [13/Sep/2020:10:44:39 +0800] "POST /xingrg/dwr/call/plaincall/AjaxComOrderService.getMaterielSearchList.dwr HTTP/1.1" 200 542
218.81.217.115 - - [13/Sep/2020:10:44:39 +0800] "GET /xingrg/all/function/internal_message.html?_=1599965077979&CODE_STATE=getMsg HTTP/1.1" 200 27
58.37.9.106 - - [13/Sep/2020:10:44:40 +0800] "GET /xingrg/kc/buy/cgsh_order_info.html?code=212020091305507 HTTP/1.1" 200 54581
116.238.71.173 - - [13/Sep/2020:10:44:40 +0800] "POST /xingrg/dwr/call/plaincall/AjaxYddbService.getMaterielByMap.dwr HTTP/1.1" 200 3663
172.17.200.101 - - [13/Sep/2020:10:44:40 +0800] "GET /xingrg/all/function/internal_message.html?_=1599965078681&CODE_STATE=getMsg HTTP/1.1" 200 27
58.37.9.106 - - [13/Sep/2020:10:44:40 +0800] "GET /xingrg/javascript/easyui/themes/default/validatebox.css HTTP/1.1" 404 1104
116.235.241.164 - - [13/Sep/2020:10:44:40 +0800] "GET /xingrg/all/function/internal_message.html?_=1599965079604&CODE_STATE=getMsg HTTP/1.1" 200 27
58.37.9.106 - - [13/Sep/2020:10:44:41 +0800] "POST /xingrg/kc/buy/cgsh_order_operate.html HTTP/1.1" 200 608
183.192.164.97 - - [13/Sep/2020:10:44:41 +0800] "GET /xingrg/kc/buy/cgsh_order_operate.html?command=get_materiel&rest_code=00106&code=00101007049&supplier_code=00100002&order_time=2020-09-13 HTTP/1.1" 302 -
180.157.253.48 - - [13/Sep/2020:10:44:42 +0800] "POST /xingrg/kc/buy/cgsh_order_operate.html HTTP/1.1" 200 37
117.185.32.26 - - [13/Sep/2020:10:44:42 +0800] "GET /xingrg/kc/buy/cgsh_order_operate.html?command=get_materiel&rest_code=00106&code=00101008055&supplier_code=00100007&order_time=2020-09-13 HTTP/1.1" 200 408
58.37.9.106 - - [13/Sep/2020:10:44:42 +0800] "GET /xingrg/kc/print/load_data.html?order_code=212020091305507&kc_code=cgsh&condition= HTTP/1.1" 200 711
58.37.9.106 - - [13/Sep/2020:10:44:44 +0800] "GET /xingrg/kc/buy/cgsh_order_operate.html?command=get_materiel&rest_code=00141&code=00101008270&supplier_code=00100007&order_time=2020-09-13 HTTP/1.1" 200 412
116.238.90.59 - - [13/Sep/2020:10:44:45 +0800] "GET /xingrg/all/function/internal_message.html?_=1599965290528&CODE_STATE=getMsg HTTP/1.1" 200 27
58.37.9.106 - - [13/Sep/2020:10:44:45 +0800] "GET /xingrg/kc/buy/cgsh_order_add.html HTTP/1.1" 200 59674
58.37.9.106 - - [13/Sep/2020:10:44:46 +0800] "POST /xingrg/kc/buy/cgsh_order_operate.html HTTP/1.1" 200 8245
114.82.29.189 - - [13/Sep/2020:10:44:46 +0800] "GET /xingrg/kc/buy/cgsh_order_add.html HTTP/1.1" 200 59668
58.37.9.106 - - [13/Sep/2020:10:44:46 +0800] "GET /xingrg/javascript/easyui/themes/default/validatebox.css HTTP/1.1" 404 1104
114.82.29.189 - - [13/Sep/2020:10:44:46 +0800] "GET /xingrg/javascript/easyui/themes/default/validatebox.css HTTP/1.1" 404 1104
114.82.29.189 - - [13/Sep/2020:10:44:46 +0800] "POST /xingrg/kc/buy/cgsh_order_operate.html HTTP/1.1" 200 8245
116.238.71.173 - - [13/Sep/2020:10:44:47 +0800] "POST /xingrg/dwr/call/plaincall/AjaxYddbService.saveMaterielItem.dwr HTTP/1.1" 200 79
116.238.71.173 - - [13/Sep/2020:10:44:48 +0800] "POST /xingrg/dwr/call/plaincall/AjaxComOrderService.getMaterielSearchList.dwr HTTP/1.1" 200 77
116.238.71.173 - - [13/Sep/2020:10:44:49 +0800] "POST /xingrg/dwr/call/plaincall/AjaxComOrderService.getMaterielSearchList.dwr HTTP/1.1" 200 2256
116.238.71.173 - - [13/Sep/2020:10:44:50 +0800] "POST /xingrg/dwr/call/plaincall/AjaxComOrderService.getMaterielSearchList.dwr HTTP/1.1" 200 2256
58.40.7.146 - - [13/Sep/2020:10:44:51 +0800] "GET /xingrg/check_reg.html?_=1599965088927 HTTP/1.1" 200 22
183.192.164.97 - - [13/Sep/2020:10:44:51 +0800] "GET /xingrg/login.html HTTP/1.1" 200 7641
