116.238.90.59 - - [13/Sep/2020:10:25:59 +0800] "POST /xingrg/kc/buy/cgsh_order_operate.html HTTP/1.1" 200 13882
116.238.90.59 - - [13/Sep/2020:10:25:59 +0800] "GET /xingrg/javascript/easyui/themes/default/validatebox.css HTTP/1.1" 404 1104
116.235.241.164 - - [13/Sep/2020:10:26:00 +0800] "GET /xingrg/all/function/internal_message.html?_=1599963958806&CODE_STATE=getMsg HTTP/1.1" 200 27
120.253.135.82 - - [13/Sep/2020:10:26:00 +0800] "GET /xingrg/check_reg.html?_=1599964072449 HTTP/1.1" 302 -
58.37.9.106 - - [13/Sep/2020:10:26:00 +0800] "GET /xingrg/check_reg.html?_=1599963584079 HTTP/1.1" 200 22
58.37.9.106 - - [13/Sep/2020:10:26:00 +0800] "GET /xingrg/all/function/internal_message.html?_=1599963584076&CODE_STATE=getMsg HTTP/1.1" 200 27
116.232.54.42 - - [13/Sep/2020:10:26:03 +0800] "GET /xingrg/all/function/internal_message.html?_=1599964022078&CODE_STATE=getMsg HTTP/1.1" 200 27
117.184.7.26 - - [13/Sep/2020:10:26:03 +0800] "GET /xingrg/kc/buy/cgsh_order_operate.html?command=get_materiel&rest_code=00108&code=00101008352&supplier_code=00100008&order_time=2020-09-13 HTTP/1.1" 200 412
116.238.71.173 - - [13/Sep/2020:10:26:04 +0800] "POST /xingrg/dwr/call/plaincall/AjaxComOrderService.getMaterielSearchList.dwr HTTP/1.1" 200 12961
180.157.253.48 - - [13/Sep/2020:10:26:04 +0800] "GET /xingrg/all/function/internal_message.html?_=1599963966807&CODE_STATE=getMsg HTTP/1.1" 200 27
116.238.71.173 - - [13/Sep/2020:10:26:04 +0800] "GET /xingrg/all/function/internal_message.html?_=1599963961644&CODE_STATE=getMsg HTTP/1.1" 200 27
117.184.7.26 - - [13/Sep/2020:10:26:04 +0800] "GET /xingrg/all/function/internal_message.html?_=1599963961678&CODE_STATE=getMsg HTTP/1.1" 200 27
116.238.71.173 - - [13/Sep/2020:10:26:04 +0800] "POST /xingrg/dwr/call/plaincall/AjaxComOrderService.getMaterielSearchList.dwr HTTP/1.1" 200 298
114.88.166.242 - - [13/Sep/2020:10:26:05 +0800] "GET /xingrg/kc/buy/cgsh_order_operate.html?command=get_materiel&rest_code=00111&code=00101015038&supplier_code=00100037&order_time=2020-09-13 HTTP/1.1" 200 418
116.238.71.173 - - [13/Sep/2020:10:26:05 +0800] "POST /xingrg/dwr/call/plaincall/AjaxYddbService.getMaterielByMap.dwr HTTP/1.1" 200 3729
116.238.71.173 - - [13/Sep/2020:10:26:07 +0800] "POST /xingrg/dwr/call/plaincall/AjaxYddbService.getUnitPrice.dwr HTTP/1.1" 200 88
114.82.29.189 - - [13/Sep/2020:10:26:08 +0800] "GET /xingrg/all/function/internal_message.html?_=1599963965583&CODE_STATE=getMsg HTTP/1.1" 200 27
116.238.71.173 - - [13/Sep/2020:10:26:10 +0800] "POST /xingrg/dwr/call/plaincall/AjaxYddbService.saveMaterielItem.dwr HTTP/1.1" 200 79
116.238.71.173 - - [13/Sep/2020:10:26:11 +0800] "POST /xingrg/kc/base/wldb_order_operate.html HTTP/1.1" 200 37
116.238.71.173 - - [13/Sep/2020:10:26:12 +0800] "POST /xingrg/kc/base/wldb_order_operate.html HTTP/1.1" 200 12
116.238.71.173 - - [13/Sep/2020:10:26:12 +0800] "POST /xingrg/kc/base/wldb_order_operate.html HTTP/1.1" 200 2667
180.157.253.48 - - [13/Sep/2020:10:26:12 +0800] "GET /xingrg/kc/buy/cgsh_order_operate.html?command=get_materiel&rest_code=00148&code=00101006152&supplier_code=00100344&order_time=2020-09-13 HTTP/1.1" 200 409
116.238.71.173 - - [13/Sep/2020:10:26:12 +0800] "POST /xingrg/dwr/call/plaincall/AjaxComOrderService.getMaterielSearchList.dwr HTTP/1.1" 200 2114
116.238.71.173 - - [13/Sep/2020:10:26:13 +0800] "GET /xingrg/kc/base/wldb_order_info.html?code=422020091301459 HTTP/1.1" 200 26306
114.88.166.242 - - [13/Sep/2020:10:26:14 +0800] "GET /xingrg/all/function/internal_message.html?_=1599964036324&CODE_STATE=getMsg HTTP/1.1" 200 27
116.238.71.173 - - [13/Sep/2020:10:26:14 +0800] "POST /xingrg/kc/base/wldb_order_operate.html HTTP/1.1" 200 946
116.238.71.173 - - [13/Sep/2020:10:26:14 +0800] "GET /xingrg/javascript/easyui/themes/default/validatebox.css HTTP/1.1" 404 1104
222.69.137.87 - - [13/Sep/2020:10:26:15 +0800] "GET /xingrg/all/function/internal_message.html?_=1599963972856&CODE_STATE=getMsg HTTP/1.1" 200 27
116.238.71.173 - - [13/Sep/2020:10:26:18 +0800] "POST /xingrg/dwr/call/plaincall/AjaxYddbService.getMaterielByMap.dwr HTTP/1.1" 200 3735
180.157.253.48 - - [13/Sep/2020:10:26:20 +0800] "POST /xingrg/kc/buy/cgsh_order_operate.html HTTP/1.1" 200 37
116.238.71.173 - - [13/Sep/2020:10:26:20 +0800] "POST /xingrg/dwr/call/plaincall/AjaxYddbService.saveMaterielItem.dwr HTTP/1.1" 200 79
116.230.74.197 - - [13/Sep/2020:10:26:22 +0800] "GET /xingrg/check_reg.html?_=1599963980657 HTTP/1.1" 200 22
114.88.166.242 - - [13/Sep/2020:10:26:23 +0800] "POST /xingrg/kc/buy/cgsh_order_operate.html HTTP/1.1" 200 37
180.157.253.48 - - [13/Sep/2020:10:26:23 +0800] "POST /xingrg/kc/buy/cgsh_order_operate.html HTTP/1.1" 200 12
180.157.253.48 - - [13/Sep/2020:10:26:23 +0800] "GET /xingrg/kc/buy/cgsh_order_info.html?code=212020091305457 HTTP/1.1" 200 54581
114.88.166.242 - - [13/Sep/2020:10:26:24 +0800] "POST /xingrg/kc/buy/cgsh_order_operate.html HTTP/1.1" 200 14524
180.157.253.48 - - [13/Sep/2020:10:26:24 +0800] "GET /xingrg/javascript/easyui/themes/default/validatebox.css HTTP/1.1" 404 1104
116.238.71.173 - - [13/Sep/2020:10:26:24 +0800] "GET /xingrg/kc/base/wldb_order_add.html HTTP/1.1" 200 30422
180.157.253.48 - - [13/Sep/2020:10:26:24 +0800] "POST /xingrg/kc/buy/cgsh_order_operate.html HTTP/1.1" 200 604
116.238.71.173 - - [13/Sep/2020:10:26:25 +0800] "POST /xingrg/kc/base/wldb_order_operate.html HTTP/1.1" 200 6806
114.88.166.242 - - [13/Sep/2020:10:26:25 +0800] "GET /xingrg/kc/print/load_data.html?order_code=212020091305458&kc_code=cgsh&condition= HTTP/1.1" 200 5213
116.238.71.173 - - [13/Sep/2020:10:26:25 +0800] "POST /xingrg/dwr/call/plaincall/AjaxYddbService.checkOrder.dwr HTTP/1.1" 200 288
116.238.71.173 - - [13/Sep/2020:10:26:25 +0800] "GET /xingrg/javascript/easyui/themes/default/validatebox.css HTTP/1.1" 404 1104
180.157.253.48 - - [13/Sep/2020:10:26:25 +0800] "GET /xingrg/kc/print/load_data.html?order_code=212020091305457&kc_code=cgsh&condition= HTTP/1.1" 200 714
116.238.71.173 - - [13/Sep/2020:10:26:25 +0800] "POST /xingrg/all/common/load_combo.html?type=base HTTP/1.1" 200 2966
117.184.7.26 - - [13/Sep/2020:10:26:26 +0800] "GET /xingrg/kc/buy/cgsh_order_operate.html?command=get_materiel&rest_code=00108&code=00101008005&supplier_code=00100008&order_time=2020-09-13 HTTP/1.1" 200 412
114.82.29.189 - - [13/Sep/2020:10:26:29 +0800] "GET /xingrg/all/function/internal_message.html?_=1599963971265&CODE_STATE=getMsg HTTP/1.1" 200 27
116.238.71.173 - - [13/Sep/2020:10:26:29 +0800] "GET /xingrg/all/function/internal_message.html?_=1599964112509&CODE_STATE=getMsg HTTP/1.1" 200 27
172.17.0.120 - - [13/Sep/2020:10:26:32 +0800] "GET /xingrg/all/function/internal_message.html?_=1599963989806&CODE_STATE=getMsg HTTP/1.1" 200 27
117.185.32.26 - - [13/Sep/2020:10:26:33 +0800] "GET /favicon.ico HTTP/1.1" 404 -
116.238.71.173 - - [13/Sep/2020:10:26:34 +0800] "GET /xingrg/kc/base/wldb_order_operate.html?command=get_materiel&rest_code=00150&base_code=0010445&code=00101019041 HTTP/1.1" 200 468
180.157.253.48 - - [13/Sep/2020:10:26:35 +0800] "GET /xingrg/kc/buy/cgsh_order_add.html HTTP/1.1" 200 59674
218.81.217.115 - - [13/Sep/2020:10:26:35 +0800] "GET /xingrg/all/function/internal_message.html?_=1599963994534&CODE_STATE=getMsg HTTP/1.1" 200 27
180.157.253.48 - - [13/Sep/2020:10:26:36 +0800] "POST /xingrg/kc/buy/cgsh_order_operate.html HTTP/1.1" 200 8245
116.238.90.59 - - [13/Sep/2020:10:26:36 +0800] "GET /xingrg/kc/buy/cgsh_order_operate.html?command=get_materiel&rest_code=00102&code=00101008005&supplier_code=00100008&order_time=2020-09-13 HTTP/1.1" 200 412
180.157.253.48 - - [13/Sep/2020:10:26:36 +0800] "GET /xingrg/javascript/easyui/themes/default/validatebox.css HTTP/1.1" 404 1104
117.184.7.26 - - [13/Sep/2020:10:26:39 +0800] "GET /xingrg/kc/buy/cgsh_order_operate.html?command=get_materiel&rest_code=00108&code=00101008271&supplier_code=00100008&order_time=2020-09-13 HTTP/1.1" 200 408
116.238.71.173 - - [13/Sep/2020:10:26:39 +0800] "GET /xingrg/kc/base/wldb_order_operate.html?command=get_materiel&rest_code=00150&base_code=0010445&code=00101016001 HTTP/1.1" 200 457
172.17.200.101 - - [13/Sep/2020:10:26:40 +0800] "GET /xingrg/all/function/internal_message.html?_=1599963998661&CODE_STATE=getMsg HTTP/1.1" 200 27
116.235.241.164 - - [13/Sep/2020:10:26:40 +0800] "GET /xingrg/all/function/internal_message.html?_=1599963999575&CODE_STATE=getMsg HTTP/1.1" 200 27
116.235.241.164 - - [13/Sep/2020:10:26:40 +0800] "GET /xingrg/check_reg.html?_=1599963999577 HTTP/1.1" 200 22
116.238.71.173 - - [13/Sep/2020:10:26:41 +0800] "POST /xingrg/dwr/call/plaincall/AjaxYddbService.saveMaterielItem.dwr HTTP/1.1" 200 79
180.157.253.48 - - [13/Sep/2020:10:26:42 +0800] "GET /xingrg/kc/buy/cgsh_order_operate.html?command=get_materiel&rest_code=00148&code=00101010079&supplier_code=00100336&order_time=2020-09-13 HTTP/1.1" 200 413
116.238.90.59 - - [13/Sep/2020:10:26:42 +0800] "GET /xingrg/check_reg.html?_=1599964207006 HTTP/1.1" 200 22
117.184.7.26 - - [13/Sep/2020:10:26:43 +0800] "POST /xingrg/kc/buy/cgsh_order_operate.html HTTP/1.1" 200 2065
116.238.90.59 - - [13/Sep/2020:10:26:44 +0800] "GET /xingrg/all/function/internal_message.html?_=1599964209051&CODE_STATE=getMsg HTTP/1.1" 200 27
116.238.90.59 - - [13/Sep/2020:10:26:46 +0800] "GET /xingrg/kc/buy/cgsh_order_operate.html?command=get_materiel&rest_code=00102&code=00101008271&supplier_code=00100008&order_time=2020-09-13 HTTP/1.1" 200 408
180.157.253.48 - - [13/Sep/2020:10:26:47 +0800] "POST /xingrg/kc/buy/cgsh_order_operate.html HTTP/1.1" 200 37
117.184.7.26 - - [13/Sep/2020:10:26:47 +0800] "GET /xingrg/kc/buy/cgsh_order_operate.html?command=get_materiel&rest_code=00108&code=00101008353&supplier_code=00100008&order_time=2020-09-13 HTTP/1.1" 200 408
116.238.71.173 - - [13/Sep/2020:10:26:48 +0800] "POST /xingrg/dwr/call/plaincall/AjaxYddbService.checkOrder.dwr HTTP/1.1" 200 288
117.185.32.26 - - [13/Sep/2020:10:26:51 +0800] "GET /xingrg/login.html HTTP/1.1" 200 7641
172.17.0.105 - - [13/Sep/2020:10:26:52 +0800] "GET /xingrg/all/function/internal_message.html?_=1599964009146&CODE_STATE=getMsg HTTP/1.1" 200 27
172.17.0.105 - - [13/Sep/2020:10:26:52 +0800] "GET /xingrg/check_reg.html?_=1599964009148 HTTP/1.1" 200 22
116.238.90.59 - - [13/Sep/2020:10:26:52 +0800] "GET /xingrg/kc/buy/cgsh_order_operate.html?command=get_materiel&rest_code=00102&code=00101008353&supplier_code=00100008&order_time=2020-09-13 HTTP/1.1" 200 408
117.185.32.26 - - [13/Sep/2020:10:26:53 +0800] "GET /favicon.ico HTTP/1.1" 404 -
117.185.32.26 - - [13/Sep/2020:10:26:54 +0800] "POST /xingrg/login.do HTTP/1.1" 302 -
117.185.32.26 - - [13/Sep/2020:10:26:55 +0800] "GET /xingrg/index.html?sysBaseUrl=http%3A%2F%2F180.169.147.146%3A18081%2Fxingrg%2F&costTime=110×tamp=1599964014991 HTTP/1.1" 200 17173
117.185.32.26 - - [13/Sep/2020:10:26:55 +0800] "POST /xingrg/all/common/load_tree.html?tree=area_rest_tree_json&manage=1 HTTP/1.1" 200 342
117.185.32.26 - - [13/Sep/2020:10:26:55 +0800] "GET /xingrg/all/function/internal_message.html?_=1599964010513&CODE_STATE=count HTTP/1.1" 200 11
117.185.32.26 - - [13/Sep/2020:10:26:55 +0800] "GET /xingrg/check_reg.html?_=1599964010514 HTTP/1.1" 200 22
117.185.32.26 - - [13/Sep/2020:10:26:55 +0800] "POST /xingrg/load_menu.html HTTP/1.1" 200 5138
117.185.32.26 - - [13/Sep/2020:10:26:55 +0800] "GET /favicon.ico HTTP/1.1" 404 -
116.238.90.59 - - [13/Sep/2020:10:26:55 +0800] "GET /xingrg/all/function/internal_message.html?_=1599964020117&CODE_STATE=getMsg HTTP/1.1" 200 27
116.238.71.173 - - [13/Sep/2020:10:26:56 +0800] "POST /xingrg/kc/base/wldb_order_operate.html HTTP/1.1" 200 37
180.157.253.48 - - [13/Sep/2020:10:26:56 +0800] "POST /xingrg/kc/buy/cgsh_order_operate.html HTTP/1.1" 200 12
117.184.7.30 - - [13/Sep/2020:10:26:57 +0800] "GET /xingrg/all/function/internal_message.html?_=1599964868567&CODE_STATE=getMsg HTTP/1.1" 200 27
180.157.253.48 - - [13/Sep/2020:10:26:57 +0800] "GET /xingrg/kc/buy/cgsh_order_info.html?code=212020091305459 HTTP/1.1" 200 54577
117.185.32.26 - - [13/Sep/2020:10:26:57 +0800] "GET /xingrg/kc/buy/buy_main.html HTTP/1.1" 200 12412
117.185.32.26 - - [13/Sep/2020:10:26:57 +0800] "GET /xingrg/css/new_ie.css HTTP/1.1" 404 1036
172.17.0.123 - - [13/Sep/2020:10:26:58 +0800] "GET /xingrg/check_reg.html?_=1599964019517 HTTP/1.1" 302 -
172.17.0.123 - - [13/Sep/2020:10:26:58 +0800] "GET /xingrg/all/function/internal_message.html?_=1599964019519&CODE_STATE=getMsg HTTP/1.1" 302 -
116.238.71.173 - - [13/Sep/2020:10:26:58 +0800] "POST /xingrg/kc/base/wldb_order_operate.html HTTP/1.1" 200 12
180.157.253.48 - - [13/Sep/2020:10:26:58 +0800] "GET /xingrg/javascript/easyui/themes/default/validatebox.css HTTP/1.1" 404 1104
116.238.71.173 - - [13/Sep/2020:10:26:58 +0800] "POST /xingrg/kc/base/wldb_order_operate.html HTTP/1.1" 200 3180
117.184.7.26 - - [13/Sep/2020:10:26:58 +0800] "GET /xingrg/kc/buy/cgsh_order_operate.html?command=get_materiel&rest_code=00108&code=00101016071&supplier_code=00100008&order_time=2020-09-13 HTTP/1.1" 200 416
117.185.32.26 - - [13/Sep/2020:10:26:58 +0800] "GET /xingrg/images/yd/bt.gif HTTP/1.1" 404 1040
180.157.253.48 - - [13/Sep/2020:10:26:58 +0800] "POST /xingrg/kc/buy/cgsh_order_operate.html HTTP/1.1" 200 608
117.185.32.26 - - [13/Sep/2020:10:26:59 +0800] "GET /xingrg/kc/buy/cgsh_order_list.html HTTP/1.1" 200 43930
116.238.71.173 - - [13/Sep/2020:10:26:59 +0800] "GET /xingrg/kc/base/wldb_order_info.html?code=422020091301460 HTTP/1.1" 200 26305
116.238.90.59 - - [13/Sep/2020:10:27:00 +0800] "GET /xingrg/kc/buy/cgsh_order_operate.html?command=get_materiel&rest_code=00102&code=00101008291&supplier_code=00100008&order_time=2020-09-13 HTTP/1.1" 200 408
116.238.71.173 - - [13/Sep/2020:10:27:00 +0800] "POST /xingrg/kc/base/wldb_order_operate.html HTTP/1.1" 200 1453
116.238.71.173 - - [13/Sep/2020:10:27:00 +0800] "GET /xingrg/javascript/easyui/themes/default/validatebox.css HTTP/1.1" 404 1104
180.157.253.48 - - [13/Sep/2020:10:27:00 +0800] "GET /xingrg/kc/print/load_data.html?order_code=212020091305459&kc_code=cgsh&condition= HTTP/1.1" 200 703
116.235.241.164 - - [13/Sep/2020:10:27:00 +0800] "GET /xingrg/all/function/internal_message.html?_=1599964018805&CODE_STATE=getMsg HTTP/1.1" 200 27
116.235.241.164 - - [13/Sep/2020:10:27:00 +0800] "GET /xingrg/check_reg.html?_=1599964018807 HTTP/1.1" 200 22
58.37.9.106 - - [13/Sep/2020:10:27:00 +0800] "GET /xingrg/all/function/internal_message.html?_=1599963644063&CODE_STATE=getMsg HTTP/1.1" 200 27
116.238.90.59 - - [13/Sep/2020:10:27:02 +0800] "POST /xingrg/kc/buy/cgsh_order_operate.html HTTP/1.1" 200 2065
116.238.71.173 - - [13/Sep/2020:10:27:02 +0800] "GET /xingrg/kc/base/wldb_order_add.html HTTP/1.1" 200 30422
116.232.54.42 - - [13/Sep/2020:10:27:02 +0800] "GET /xingrg/all/function/internal_message.html?_=1599964082078&CODE_STATE=getMsg HTTP/1.1" 200 27
117.185.32.26 - - [13/Sep/2020:10:27:02 +0800] "POST /xingrg/kc/buy/cgsh_list_operate.html HTTP/1.1" 200 876
116.238.71.173 - - [13/Sep/2020:10:27:02 +0800] "POST /xingrg/kc/base/wldb_order_operate.html HTTP/1.1" 200 6806
116.238.71.173 - - [13/Sep/2020:10:27:03 +0800] "GET /xingrg/javascript/easyui/themes/default/validatebox.css HTTP/1.1" 404 1104
117.185.32.26 - - [13/Sep/2020:10:27:03 +0800] "GET /xingrg/kc/buy/cgsh_order_add.html HTTP/1.1" 200 59674
117.185.32.26 - - [13/Sep/2020:10:27:03 +0800] "GET /xingrg/words/20200912153113_words.js HTTP/1.1" 304 -
117.185.32.26 - - [13/Sep/2020:10:27:03 +0800] "GET /xingrg/all/common/auto_word.html?type=employee&rest_code=00106 HTTP/1.1" 200 205
117.185.32.26 - - [13/Sep/2020:10:27:03 +0800] "GET /xingrg/javascript/easyui/themes/default/validatebox.css HTTP/1.1" 404 1104
117.185.32.26 - - [13/Sep/2020:10:27:03 +0800] "GET /xingrg/all/common/auto_word.html?type=employee&rest_code=00106 HTTP/1.1" 200 205
117.185.32.26 - - [13/Sep/2020:10:27:03 +0800] "POST /xingrg/kc/buy/cgsh_order_operate.html HTTP/1.1" 200 8245
180.157.253.48 - - [13/Sep/2020:10:27:03 +0800] "GET /xingrg/check_reg.html?_=1599964026547 HTTP/1.1" 200 22
116.238.71.173 - - [13/Sep/2020:10:27:04 +0800] "POST /xingrg/all/common/load_combo.html?type=base HTTP/1.1" 200 2966
180.157.253.48 - - [13/Sep/2020:10:27:04 +0800] "GET /xingrg/all/function/internal_message.html?_=1599964026783&CODE_STATE=getMsg HTTP/1.1" 200 27
116.238.71.173 - - [13/Sep/2020:10:27:04 +0800] "GET /xingrg/all/function/internal_message.html?_=1599964021695&CODE_STATE=getMsg HTTP/1.1" 200 27
180.157.253.48 - - [13/Sep/2020:10:27:04 +0800] "GET /xingrg/kc/buy/cgsh_order_add.html HTTP/1.1" 200 59674
117.185.32.26 - - [13/Sep/2020:10:27:04 +0800] "GET /xingrg/javascript/easyui/themes/default/tree.css HTTP/1.1" 404 1090
117.184.7.30 - - [13/Sep/2020:10:27:04 +0800] "GET /xingrg/all/function/internal_message.html?_=1599964021701&CODE_STATE=getMsg HTTP/1.1" 200 27
117.185.32.26 - - [13/Sep/2020:10:27:04 +0800] "POST /xingrg/all/common/load_tree.html?tree=supplier_tree_json&isDelete=1 HTTP/1.1" 200 50169
180.157.253.48 - - [13/Sep/2020:10:27:05 +0800] "POST /xingrg/kc/buy/cgsh_order_operate.html HTTP/1.1" 200 8245
180.157.253.48 - - [13/Sep/2020:10:27:05 +0800] "GET /xingrg/javascript/easyui/themes/default/validatebox.css HTTP/1.1" 404 1104
117.184.7.26 - - [13/Sep/2020:10:27:05 +0800] "GET /xingrg/kc/buy/cgsh_order_operate.html?command=get_materiel&rest_code=00108&code=00101008275&supplier_code=00100008&order_time=2020-09-13 HTTP/1.1" 200 417
116.238.90.59 - - [13/Sep/2020:10:27:07 +0800] "GET /xingrg/kc/buy/cgsh_order_operate.html?command=get_materiel&rest_code=00102&code=00101008114&supplier_code=00100008&order_time=2020-09-13 HTTP/1.1" 200 412
114.82.29.189 - - [13/Sep/2020:10:27:08 +0800] "GET /xingrg/all/function/internal_message.html?_=1599964025583&CODE_STATE=getMsg HTTP/1.1" 200 27
114.88.166.242 - - [13/Sep/2020:10:27:11 +0800] "GET /xingrg/check_reg.html?_=1599964027881 HTTP/1.1" 200 22
116.238.71.173 - - [13/Sep/2020:10:27:12 +0800] "GET /xingrg/images/yd/bt2.gif HTTP/1.1" 404 1042
180.157.253.48 - - [13/Sep/2020:10:27:12 +0800] "GET /xingrg/kc/buy/cgsh_order_operate.html?command=get_materiel&rest_code=00148&code=00101005040&supplier_code=00100334&order_time=2020-09-13 HTTP/1.1" 200 417
116.238.71.173 - - [13/Sep/2020:10:27:12 +0800] "POST /xingrg/dwr/call/plaincall/AjaxYddbService.saveMaterielItem.dwr HTTP/1.1" 200 79
114.88.166.242 - - [13/Sep/2020:10:27:14 +0800] "GET /xingrg/all/function/internal_message.html?_=1599964096337&CODE_STATE=getMsg HTTP/1.1" 200 27
117.184.7.26 - - [13/Sep/2020:10:27:14 +0800] "GET /xingrg/kc/buy/cgsh_order_operate.html?command=get_materiel&rest_code=00108&code=00101008519&supplier_code=00100008&order_time=2020-09-13 HTTP/1.1" 200 394
222.69.137.87 - - [13/Sep/2020:10:27:15 +0800] "GET /xingrg/all/function/internal_message.html?_=1599964032847&CODE_STATE=getMsg HTTP/1.1" 200 27
116.238.71.173 - - [13/Sep/2020:10:27:16 +0800] "POST /xingrg/dwr/call/plaincall/AjaxYddbService.checkOrder.dwr HTTP/1.1" 200 79
116.238.71.173 - - [13/Sep/2020:10:27:17 +0800] "GET /xingrg/kc/base/yddb_order_info.html?code=482020091300115 HTTP/1.1" 200 29191
116.238.71.173 - - [13/Sep/2020:10:27:17 +0800] "GET /xingrg/dwr/interface/AjaxYddbService.js HTTP/1.1" 200 13201
116.238.71.173 - - [13/Sep/2020:10:27:17 +0800] "GET /xingrg/dwr/interface/AjaxComOrderService.js HTTP/1.1" 200 18264
116.238.71.173 - - [13/Sep/2020:10:27:17 +0800] "GET /xingrg/dwr/engine.js HTTP/1.1" 200 43631
116.238.71.173 - - [13/Sep/2020:10:27:17 +0800] "POST /xingrg/dwr/call/plaincall/AjaxYddbService.loadMaterielItems.dwr HTTP/1.1" 200 2284
58.37.9.106 - - [13/Sep/2020:10:27:19 +0800] "GET /xingrg/check_reg.html?_=1599964026374 HTTP/1.1" 200 22
180.157.253.48 - - [13/Sep/2020:10:27:22 +0800] "POST /xingrg/kc/buy/cgsh_order_operate.html HTTP/1.1" 200 37
117.184.7.26 - - [13/Sep/2020:10:27:23 +0800] "GET /xingrg/kc/buy/cgsh_order_operate.html?command=get_materiel&rest_code=00108&code=00101008165&supplier_code=00100008&order_time=2020-09-13 HTTP/1.1" 200 416
117.184.7.26 - - [13/Sep/2020:10:27:26 +0800] "POST /xingrg/kc/buy/cgsh_order_operate.html HTTP/1.1" 200 2065
116.238.90.59 - - [13/Sep/2020:10:27:26 +0800] "GET /xingrg/kc/buy/cgsh_order_operate.html?command=get_materiel&rest_code=00102&code=00101008529&supplier_code=00100008&order_time=2020-09-13 HTTP/1.1" 200 402
114.82.29.189 - - [13/Sep/2020:10:27:29 +0800] "GET /xingrg/all/function/internal_message.html?_=1599964031267&CODE_STATE=getMsg HTTP/1.1" 200 27
180.157.253.48 - - [13/Sep/2020:10:27:29 +0800] "POST /xingrg/kc/buy/cgsh_order_operate.html HTTP/1.1" 200 12
180.157.253.48 - - [13/Sep/2020:10:27:30 +0800] "GET /xingrg/kc/buy/cgsh_order_info.html?code=212020091305460 HTTP/1.1" 200 54581
117.184.7.26 - - [13/Sep/2020:10:27:30 +0800] "GET /xingrg/kc/buy/cgsh_order_operate.html?command=get_materiel&rest_code=00108&code=00101008125&supplier_code=00100008&order_time=2020-09-13 HTTP/1.1" 200 413
116.238.71.173 - - [13/Sep/2020:10:27:30 +0800] "POST /xingrg/kc/base/wldb_order_operate.html HTTP/1.1" 200 37
114.88.166.242 - - [13/Sep/2020:10:27:31 +0800] "GET /xingrg/kc/buy/cgsh_order_add.html HTTP/1.1" 200 59668
180.157.253.48 - - [13/Sep/2020:10:27:31 +0800] "GET /xingrg/javascript/easyui/themes/default/validatebox.css HTTP/1.1" 404 1104
180.157.253.48 - - [13/Sep/2020:10:27:31 +0800] "POST /xingrg/kc/buy/cgsh_order_operate.html HTTP/1.1" 200 613
114.88.166.242 - - [13/Sep/2020:10:27:31 +0800] "GET /xingrg/javascript/easyui/themes/default/validatebox.css HTTP/1.1" 404 1104
114.88.166.242 - - [13/Sep/2020:10:27:31 +0800] "POST /xingrg/kc/buy/cgsh_order_operate.html HTTP/1.1" 200 8245
116.238.71.173 - - [13/Sep/2020:10:27:32 +0800] "POST /xingrg/kc/base/wldb_order_operate.html HTTP/1.1" 200 12
116.238.71.173 - - [13/Sep/2020:10:27:32 +0800] "POST /xingrg/kc/base/wldb_order_operate.html HTTP/1.1" 200 2190
172.17.0.120 - - [13/Sep/2020:10:27:32 +0800] "GET /xingrg/all/function/internal_message.html?_=1599964049814&CODE_STATE=getMsg HTTP/1.1" 200 27
180.157.253.48 - - [13/Sep/2020:10:27:32 +0800] "GET /xingrg/kc/print/load_data.html?order_code=212020091305460&kc_code=cgsh&condition= HTTP/1.1" 200 718
116.238.71.173 - - [13/Sep/2020:10:27:33 +0800] "GET /xingrg/kc/base/wldb_order_info.html?code=422020091301461 HTTP/1.1" 200 26304
116.238.71.173 - - [13/Sep/2020:10:27:33 +0800] "POST /xingrg/kc/base/wldb_order_operate.html HTTP/1.1" 200 484
116.238.71.173 - - [13/Sep/2020:10:27:33 +0800] "GET /xingrg/javascript/easyui/themes/default/validatebox.css HTTP/1.1" 404 1104
116.238.71.173 - - [13/Sep/2020:10:27:34 +0800] "GET /xingrg/all/function/internal_message.html?_=1599964177453&CODE_STATE=getMsg HTTP/1.1" 200 27
180.157.253.48 - - [13/Sep/2020:10:27:36 +0800] "GET /xingrg/kc/buy/cgsh_order_add.html HTTP/1.1" 200 59674
218.81.217.115 - - [13/Sep/2020:10:27:36 +0800] "GET /xingrg/all/function/internal_message.html?_=1599964054950&CODE_STATE=getMsg HTTP/1.1" 200 27
180.157.253.48 - - [13/Sep/2020:10:27:36 +0800] "POST /xingrg/kc/buy/cgsh_order_operate.html HTTP/1.1" 200 8245
180.157.253.48 - - [13/Sep/2020:10:27:36 +0800] "GET /xingrg/javascript/easyui/themes/default/validatebox.css HTTP/1.1" 404 1104
116.238.71.173 - - [13/Sep/2020:10:27:37 +0800] "GET /xingrg/kc/base/wldb_order_add.html HTTP/1.1" 200 30422
116.238.71.173 - - [13/Sep/2020:10:27:38 +0800] "POST /xingrg/kc/base/wldb_order_operate.html HTTP/1.1" 200 6806
116.238.71.173 - - [13/Sep/2020:10:27:38 +0800] "GET /xingrg/javascript/easyui/themes/default/validatebox.css HTTP/1.1" 404 1104
114.88.166.242 - - [13/Sep/2020:10:27:38 +0800] "GET /xingrg/kc/buy/cgsh_order_operate.html?command=get_materiel&rest_code=00111&code=00101028011&supplier_code=00100017&order_time=2020-09-13 HTTP/1.1" 200 475
117.185.32.26 - - [13/Sep/2020:10:27:38 +0800] "GET /xingrg/javascript/auto/indicator.gif HTTP/1.1" 404 1066
172.17.200.101 - - [13/Sep/2020:10:27:40 +0800] "GET /xingrg/check_reg.html?_=1599964058649 HTTP/1.1" 200 22
172.17.200.101 - - [13/Sep/2020:10:27:40 +0800] "GET /xingrg/all/function/internal_message.html?_=1599964058653&CODE_STATE=getMsg HTTP/1.1" 200 27
116.235.241.164 - - [13/Sep/2020:10:27:40 +0800] "GET /xingrg/all/function/internal_message.html?_=1599964059579&CODE_STATE=getMsg HTTP/1.1" 200 27
116.238.71.173 - - [13/Sep/2020:10:27:41 +0800] "POST /xingrg/all/common/load_combo.html?type=base HTTP/1.1" 200 2966
117.185.32.26 - - [13/Sep/2020:10:27:41 +0800] "GET /xingrg/kc/buy/cgsh_order_operate.html?command=get_materiel&rest_code=00106&code=00101008146&supplier_code=00100009&order_time=2020-09-13 HTTP/1.1" 200 416
180.157.253.48 - - [13/Sep/2020:10:27:42 +0800] "GET /xingrg/kc/buy/cgsh_order_operate.html?command=get_materiel&rest_code=00148&code=00101004061&supplier_code=00100312&order_time=2020-09-13 HTTP/1.1" 200 409
116.238.90.59 - - [13/Sep/2020:10:27:44 +0800] "GET /xingrg/all/function/internal_message.html?_=1599964269065&CODE_STATE=getMsg HTTP/1.1" 200 27
117.184.7.26 - - [13/Sep/2020:10:27:46 +0800] "POST /xingrg/kc/buy/cgsh_order_operate.html HTTP/1.1" 200 37
117.184.7.26 - - [13/Sep/2020:10:27:47 +0800] "POST /xingrg/kc/buy/cgsh_order_operate.html HTTP/1.1" 200 22748
116.238.90.59 - - [13/Sep/2020:10:27:48 +0800] "GET /xingrg/kc/buy/cgsh_order_operate.html?command=get_materiel&rest_code=00102&code=00101008101&supplier_code=00100008&order_time=2020-09-13 HTTP/1.1" 200 412
180.157.253.48 - - [13/Sep/2020:10:27:49 +0800] "GET /xingrg/kc/buy/cgsh_order_operate.html?command=get_materiel&rest_code=00148&code=00101004057&supplier_code=00100312&order_time=2020-09-13 HTTP/1.1" 200 409
116.238.71.173 - - [13/Sep/2020:10:27:50 +0800] "GET /xingrg/kc/base/wldb_order_operate.html?command=get_materiel&rest_code=00150&base_code=0010445&code=00101019283 HTTP/1.1" 200 450
117.185.32.26 - - [13/Sep/2020:10:27:51 +0800] "GET /xingrg/kc/buy/cgsh_order_operate.html?command=get_materiel&rest_code=00106&code=00101008134&supplier_code=00100009&order_time=2020-09-13 HTTP/1.1" 200 413
172.17.0.105 - - [13/Sep/2020:10:27:52 +0800] "GET /xingrg/all/function/internal_message.html?_=1599964069147&CODE_STATE=getMsg HTTP/1.1" 200 27
114.88.166.242 - - [13/Sep/2020:10:27:52 +0800] "POST /xingrg/services/DataTransmitService HTTP/1.1" 200 524
114.88.166.242 - - [13/Sep/2020:10:27:52 +0800] "POST /xingrg/services/DataTransmitService HTTP/1.1" 200 501
114.88.166.242 - - [13/Sep/2020:10:27:52 +0800] "POST /xingrg/services/DataTransmitService HTTP/1.1" 200 501
180.157.253.48 - - [13/Sep/2020:10:27:53 +0800] "GET /xingrg/kc/buy/cgsh_order_operate.html?command=get_materiel&rest_code=00148&code=00101004044&supplier_code=00100312&order_time=2020-09-13 HTTP/1.1" 200 413
114.88.166.242 - - [13/Sep/2020:10:27:53 +0800] "GET /xingrg/kc/buy/cgsh_order_operate.html?command=get_materiel&rest_code=00111&code=00101028016&supplier_code=00100017&order_time=2020-09-13 HTTP/1.1" 200 447
114.88.166.242 - - [13/Sep/2020:10:27:53 +0800] "POST /xingrg/services/DataTransmitService HTTP/1.1" 200 501
116.238.90.59 - - [13/Sep/2020:10:27:53 +0800] "GET /xingrg/kc/buy/cgsh_order_operate.html?command=get_materiel&rest_code=00102&code=00101008229&supplier_code=00100008&order_time=2020-09-13 HTTP/1.1" 200 420
114.88.166.242 - - [13/Sep/2020:10:27:54 +0800] "POST /xingrg/services/DataTransmitService HTTP/1.1" 200 501
114.88.166.242 - - [13/Sep/2020:10:27:55 +0800] "POST /xingrg/services/DataTransmitService HTTP/1.1" 200 501
114.88.166.242 - - [13/Sep/2020:10:27:55 +0800] "POST /xingrg/services/DataTransmitService HTTP/1.1" 200 501
114.88.166.242 - - [13/Sep/2020:10:27:55 +0800] "POST /xingrg/services/DataTransmitService HTTP/1.1" 200 501
117.185.32.26 - - [13/Sep/2020:10:27:55 +0800] "GET /xingrg/all/function/internal_message.html?_=1599964070544&CODE_STATE=getMsg HTTP/1.1" 200 27
116.238.90.59 - - [13/Sep/2020:10:27:55 +0800] "GET /xingrg/check_reg.html?_=1599964079929 HTTP/1.1" 200 22
114.88.166.242 - - [13/Sep/2020:10:27:55 +0800] "POST /xingrg/services/DataTransmitService HTTP/1.1" 200 501
116.238.90.59 - - [13/Sep/2020:10:27:55 +0800] "GET /xingrg/all/function/internal_message.html?_=1599964080169&CODE_STATE=getMsg HTTP/1.1" 200 27
114.88.166.242 - - [13/Sep/2020:10:27:56 +0800] "POST /xingrg/services/DataTransmitService HTTP/1.1" 200 412
117.184.7.30 - - [13/Sep/2020:10:27:57 +0800] "GET /xingrg/all/function/internal_message.html?_=1599964928566&CODE_STATE=getMsg HTTP/1.1" 200 27
116.238.71.173 - - [13/Sep/2020:10:27:57 +0800] "GET /xingrg/kc/base/wldb_order_operate.html?command=get_materiel&rest_code=00150&base_code=0010445&code=00101019536 HTTP/1.1" 200 470
172.17.0.123 - - [13/Sep/2020:10:27:58 +0800] "GET /xingrg/all/function/internal_message.html?_=1599964079507&CODE_STATE=getMsg HTTP/1.1" 302 -
172.17.0.185 - - [13/Sep/2020:10:27:58 +0800] "GET /xingrg/check_reg.html?_=1599964075815 HTTP/1.1" 200 22
180.157.253.48 - - [13/Sep/2020:10:27:59 +0800] "GET /xingrg/kc/buy/cgsh_order_operate.html?command=get_materiel&rest_code=00148&code=00101004030&supplier_code=00100312&order_time=2020-09-13 HTTP/1.1" 200 408
116.235.241.164 - - [13/Sep/2020:10:28:00 +0800] "GET /xingrg/all/function/internal_message.html?_=1599964078808&CODE_STATE=getMsg HTTP/1.1" 200 27
117.185.32.26 - - [13/Sep/2020:10:28:00 +0800] "POST /xingrg/kc/buy/cgsh_order_operate.html HTTP/1.1" 200 37
116.238.90.59 - - [13/Sep/2020:10:28:00 +0800] "GET /xingrg/kc/buy/cgsh_order_operate.html?command=get_materiel&rest_code=00102&code=00101008306&supplier_code=00100008&order_time=2020-09-13 HTTP/1.1" 200 412
58.37.9.106 - - [13/Sep/2020:10:28:00 +0800] "GET /xingrg/all/function/internal_message.html?_=1599963704078&CODE_STATE=getMsg HTTP/1.1" 200 27
116.232.54.42 - - [13/Sep/2020:10:28:01 +0800] "GET /xingrg/check_reg.html?_=1599964141984 HTTP/1.1" 200 22
116.232.54.42 - - [13/Sep/2020:10:28:01 +0800] "GET /xingrg/all/function/internal_message.html?_=1599964142078&CODE_STATE=getMsg HTTP/1.1" 200 27
117.185.32.26 - - [13/Sep/2020:10:28:02 +0800] "POST /xingrg/kc/buy/cgsh_order_operate.html HTTP/1.1" 200 12
116.238.90.59 - - [13/Sep/2020:10:28:02 +0800] "POST /xingrg/kc/buy/cgsh_order_operate.html HTTP/1.1" 200 2065
117.185.32.26 - - [13/Sep/2020:10:28:03 +0800] "GET /xingrg/kc/buy/cgsh_order_info.html?code=212020091305462 HTTP/1.1" 200 54583
117.185.32.26 - - [13/Sep/2020:10:28:03 +0800] "GET /xingrg/javascript/easyui/themes/default/validatebox.css HTTP/1.1" 404 1104
117.185.32.26 - - [13/Sep/2020:10:28:04 +0800] "POST /xingrg/kc/buy/cgsh_order_operate.html HTTP/1.1" 200 1206
180.157.253.48 - - [13/Sep/2020:10:28:04 +0800] "GET /xingrg/kc/buy/cgsh_order_operate.html?command=get_materiel&rest_code=00148&code=00101001045&supplier_code=00100312&order_time=2020-09-13 HTTP/1.1" 200 423
114.88.166.242 - - [13/Sep/2020:10:28:04 +0800] "GET /xingrg/kc/buy/cgsh_order_operate.html?command=get_materiel&rest_code=00111&code=00101026081&supplier_code=00100017&order_time=2020-09-13 HTTP/1.1" 200 473
180.157.253.48 - - [13/Sep/2020:10:28:04 +0800] "GET /xingrg/all/function/internal_message.html?_=1599964086901&CODE_STATE=getMsg HTTP/1.1" 200 27
180.171.125.150 - - [13/Sep/2020:10:28:04 +0800] "GET /xingrg/login.html HTTP/1.1" 200 7641
116.238.71.173 - - [13/Sep/2020:10:28:04 +0800] "GET /xingrg/all/function/internal_message.html?_=1599964081753&CODE_STATE=getMsg HTTP/1.1" 200 27
117.184.7.26 - - [13/Sep/2020:10:28:04 +0800] "GET /xingrg/all/function/internal_message.html?_=1599964081683&CODE_STATE=getMsg HTTP/1.1" 200 27
180.171.125.150 - - [13/Sep/2020:10:28:04 +0800] "GET /xingrg/images/blue/jxLogo.png HTTP/1.1" 304 -
180.171.125.150 - - [13/Sep/2020:10:28:04 +0800] "GET /xingrg/images/blue/login_bg.png HTTP/1.1" 304 -
180.171.125.150 - - [13/Sep/2020:10:28:04 +0800] "GET /xingrg/images/blue/hj.png HTTP/1.1" 304 -
180.171.125.150 - - [13/Sep/2020:10:28:04 +0800] "GET /xingrg/images/blue/srbg.png HTTP/1.1" 304 -
180.171.125.150 - - [13/Sep/2020:10:28:04 +0800] "GET /favicon.ico HTTP/1.1" 404 -
117.185.32.26 - - [13/Sep/2020:10:28:05 +0800] "GET /xingrg/kc/print/load_config.html?kc_code=cgsh HTTP/1.1" 200 1845
117.185.32.26 - - [13/Sep/2020:10:28:05 +0800] "GET /xingrg/kc/print/load_data.html?order_code=212020091305462&kc_code=cgsh&condition= HTTP/1.1" 200 1009
114.82.29.189 - - [13/Sep/2020:10:28:08 +0800] "GET /xingrg/all/function/internal_message.html?_=1599964085582&CODE_STATE=getMsg HTTP/1.1" 200 27
117.185.32.26 - - [13/Sep/2020:10:28:09 +0800] "GET /xingrg/kc/print/load_data.html?order_code=212020091305462&kc_code=cgsh HTTP/1.1" 200 1009
180.157.253.48 - - [13/Sep/2020:10:28:11 +0800] "GET /xingrg/kc/buy/cgsh_order_operate.html?command=get_materiel&rest_code=00148&code=00101001096&supplier_code=00100312&order_time=2020-09-13 HTTP/1.1" 200 413
116.238.90.59 - - [13/Sep/2020:10:28:12 +0800] "GET /xingrg/kc/buy/cgsh_order_operate.html?command=get_materiel&rest_code=00102&code=00101008010&supplier_code=00100008&order_time=2020-09-13 HTTP/1.1" 200 412
180.171.125.150 - - [13/Sep/2020:10:28:12 +0800] "POST /xingrg/login.do HTTP/1.1" 302 -
180.171.125.150 - - [13/Sep/2020:10:28:12 +0800] "GET /xingrg/index.html?sysBaseUrl=http%3A%2F%2F180.169.147.146%3A18081%2Fxingrg%2F&costTime=44×tamp=1599964092585 HTTP/1.1" 200 17503
180.171.125.150 - - [13/Sep/2020:10:28:12 +0800] "GET /xingrg/javascript/jquery_easy_ui/themes/default/easyui.css HTTP/1.1" 304 -
180.171.125.150 - - [13/Sep/2020:10:28:12 +0800] "GET /xingrg/css/form.css HTTP/1.1" 304 -
180.171.125.150 - - [13/Sep/2020:10:28:12 +0800] "GET /xingrg/javascript/jquery_easy_ui/themes/icon.css HTTP/1.1" 304 -
180.171.125.150 - - [13/Sep/2020:10:28:12 +0800] "GET /xingrg/javascript/jquery-1.4.2.min.js HTTP/1.1" 304 -
180.171.125.150 - - [13/Sep/2020:10:28:12 +0800] "GET /xingrg/javascript/jquery_easy_ui/jquery.easyui.min.js HTTP/1.1" 304 -
180.171.125.150 - - [13/Sep/2020:10:28:12 +0800] "GET /xingrg/javascript/jquery.utils.js HTTP/1.1" 304 -
180.171.125.150 - - [13/Sep/2020:10:28:12 +0800] "GET /xingrg/javascript/jquery.form.js HTTP/1.1" 304 -
180.171.125.150 - - [13/Sep/2020:10:28:12 +0800] "GET /xingrg/javascript/jquery.timers.js HTTP/1.1" 304 -
180.171.125.150 - - [13/Sep/2020:10:28:12 +0800] "GET /xingrg/javascript/jquery_easy_ui/easyui-lang-zh_CN.js HTTP/1.1" 304 -
180.171.125.150 - - [13/Sep/2020:10:28:12 +0800] "GET /xingrg/images/blue/navBackgound.jpg HTTP/1.1" 304 -
180.171.125.150 - - [13/Sep/2020:10:28:12 +0800] "GET /xingrg/javascript/jquery_easy_ui/themes/icons/settle_new.png HTTP/1.1" 304 -
180.171.125.150 - - [13/Sep/2020:10:28:12 +0800] "GET /favicon.ico HTTP/1.1" 404 -
180.171.125.150 - - [13/Sep/2020:10:28:12 +0800] "POST /xingrg/all/common/load_tree.html?tree=area_rest_tree_json&manage=1 HTTP/1.1" 200 3216
180.171.125.150 - - [13/Sep/2020:10:28:12 +0800] "GET /xingrg/images/blue/pingpu.png HTTP/1.1" 304 -
180.171.125.150 - - [13/Sep/2020:10:28:12 +0800] "GET /xingrg/javascript/jquery_easy_ui/themes/default/images/tabs_leftarrow.png HTTP/1.1" 304 -
180.171.125.150 - - [13/Sep/2020:10:28:12 +0800] "GET /xingrg/javascript/jquery_easy_ui/themes/default/images/tabs_rightarrow.png HTTP/1.1" 304 -
180.171.125.150 - - [13/Sep/2020:10:28:12 +0800] "GET /xingrg/javascript/jquery_easy_ui/themes/default/images/panel_tool_expand.gif HTTP/1.1" 304 -
180.171.125.150 - - [13/Sep/2020:10:28:12 +0800] "GET /xingrg/javascript/jquery_easy_ui/themes/default/images/panel_tool_collapse.gif HTTP/1.1" 304 -
180.171.125.150 - - [13/Sep/2020:10:28:13 +0800] "GET /xingrg/all/function/internal_message.html?_=1599964086437&CODE_STATE=count HTTP/1.1" 200 11
180.171.125.150 - - [13/Sep/2020:10:28:13 +0800] "GET /xingrg/check_reg.html?_=1599964086444 HTTP/1.1" 200 22
180.171.125.150 - - [13/Sep/2020:10:28:13 +0800] "POST /xingrg/load_menu.html HTTP/1.1" 200 11564
180.171.125.150 - - [13/Sep/2020:10:28:13 +0800] "GET /xingrg/javascript/jquery_easy_ui/themes/default/images/tree_arrows.gif HTTP/1.1" 304 -
180.171.125.150 - - [13/Sep/2020:10:28:13 +0800] "GET /xingrg/javascript/jquery_easy_ui/themes/icons/search_new.png HTTP/1.1" 304 -
180.171.125.150 - - [13/Sep/2020:10:28:13 +0800] "GET /xingrg/javascript/jquery_easy_ui/themes/default/images/tree_folder_open.gif HTTP/1.1" 304 -
180.171.125.150 - - [13/Sep/2020:10:28:13 +0800] "GET /xingrg/javascript/jquery_easy_ui/themes/icons/checkout_new.png HTTP/1.1" 304 -
180.171.125.150 - - [13/Sep/2020:10:28:13 +0800] "GET /xingrg/javascript/jquery_easy_ui/themes/icons/delivery_new.png HTTP/1.1" 304 -
180.171.125.150 - - [13/Sep/2020:10:28:13 +0800] "GET /xingrg/javascript/jquery_easy_ui/themes/icons/storage_new.png HTTP/1.1" 304 -
180.171.125.150 - - [13/Sep/2020:10:28:13 +0800] "GET /xingrg/javascript/jquery_easy_ui/themes/icons/forms_new.png HTTP/1.1" 304 -
180.171.125.150 - - [13/Sep/2020:10:28:13 +0800] "GET /xingrg/javascript/jquery_easy_ui/themes/icons/setting_new.png HTTP/1.1" 304 -
180.171.125.150 - - [13/Sep/2020:10:28:13 +0800] "GET /xingrg/javascript/jquery_easy_ui/themes/icons/systemset_new.png HTTP/1.1" 304 -
114.88.166.242 - - [13/Sep/2020:10:28:14 +0800] "GET /xingrg/all/function/internal_message.html?_=1599964156340&CODE_STATE=getMsg HTTP/1.1" 200 27
180.171.125.150 - - [13/Sep/2020:10:28:15 +0800] "GET /xingrg/javascript/jquery_easy_ui/themes/icons/area.png HTTP/1.1" 304 -
180.171.125.150 - - [13/Sep/2020:10:28:15 +0800] "GET /xingrg/javascript/jquery_easy_ui/themes/icons/manage.png HTTP/1.1" 304 -
180.171.125.150 - - [13/Sep/2020:10:28:15 +0800] "GET /xingrg/javascript/jquery_easy_ui/themes/icons/rest.png HTTP/1.1" 304 -
180.171.125.150 - - [13/Sep/2020:10:28:15 +0800] "GET /xingrg/javascript/jquery_easy_ui/themes/default/images/button_a_bg.gif HTTP/1.1" 304 -
180.171.125.150 - - [13/Sep/2020:10:28:15 +0800] "GET /xingrg/javascript/jquery_easy_ui/themes/default/images/button_span_bg.gif HTTP/1.1" 304 -
180.171.125.150 - - [13/Sep/2020:10:28:15 +0800] "GET /xingrg/javascript/jquery_easy_ui/themes/icons/ok.png HTTP/1.1" 304 -
180.171.125.150 - - [13/Sep/2020:10:28:15 +0800] "GET /xingrg/javascript/jquery_easy_ui/themes/default/images/panel_tools.gif HTTP/1.1" 304 -
180.171.125.150 - - [13/Sep/2020:10:28:15 +0800] "GET /xingrg/javascript/jquery_easy_ui/themes/default/images/panel_title.png HTTP/1.1" 304 -
222.69.137.87 - - [13/Sep/2020:10:28:15 +0800] "GET /xingrg/all/function/internal_message.html?_=1599964092837&CODE_STATE=getMsg HTTP/1.1" 200 27
222.69.137.87 - - [13/Sep/2020:10:28:15 +0800] "GET /xingrg/check_reg.html?_=1599964092841 HTTP/1.1" 200 22
116.238.71.173 - - [13/Sep/2020:10:28:16 +0800] "GET /xingrg/kc/base/wldb_order_operate.html?command=get_materiel&rest_code=00150&base_code=0010445&code=00101019390 HTTP/1.1" 200 455
180.171.125.150 - - [13/Sep/2020:10:28:17 +0800] "POST /xingrg/load_menu.html HTTP/1.1" 200 10483
180.171.125.150 - - [13/Sep/2020:10:28:17 +0800] "GET /xingrg/javascript/jquery_easy_ui/themes/default/images/tree_file.gif HTTP/1.1" 304 -
180.171.125.150 - - [13/Sep/2020:10:28:17 +0800] "GET /xingrg/javascript/jquery_easy_ui/themes/default/images/tree_folder.gif HTTP/1.1" 304 -
180.157.253.48 - - [13/Sep/2020:10:28:18 +0800] "GET /xingrg/kc/buy/cgsh_order_operate.html?command=get_materiel&rest_code=00148&code=00101001029&supplier_code=00100312&order_time=2020-09-13 HTTP/1.1" 200 415
180.171.125.150 - - [13/Sep/2020:10:28:18 +0800] "GET /xingrg/javascript/jquery_easy_ui/themes/default/images/tabs_close.gif HTTP/1.1" 304 -
116.238.90.59 - - [13/Sep/2020:10:28:18 +0800] "GET /xingrg/kc/buy/cgsh_order_operate.html?command=get_materiel&rest_code=00102&code=00101008238&supplier_code=00100008&order_time=2020-09-13 HTTP/1.1" 200 418
180.171.125.150 - - [13/Sep/2020:10:28:18 +0800] "GET /xingrg/all/report/report_query.html?fileName=dma/new_5.0/yingye/order_list.xml HTTP/1.1" 200 55281
180.171.125.150 - - [13/Sep/2020:10:28:18 +0800] "GET /xingrg/css/blue.css HTTP/1.1" 304 -
180.171.125.150 - - [13/Sep/2020:10:28:18 +0800] "GET /xingrg/javascript/multi_select/jqueryMultiSelect.css HTTP/1.1" 304 -
180.171.125.150 - - [13/Sep/2020:10:28:18 +0800] "GET /xingrg/javascript/calendar/timePicker.css HTTP/1.1" 304 -
180.171.125.150 - - [13/Sep/2020:10:28:18 +0800] "GET /xingrg/javascript/bigrid/fix.css HTTP/1.1" 304 -
180.171.125.150 - - [13/Sep/2020:10:28:18 +0800] "GET /xingrg/javascript/pic_change.js HTTP/1.1" 304 -
180.171.125.150 - - [13/Sep/2020:10:28:18 +0800] "GET /xingrg/dwr/util.js HTTP/1.1" 304 -
180.171.125.150 - - [13/Sep/2020:10:28:18 +0800] "GET /xingrg/javascript/myfunction.js HTTP/1.1" 304 -
180.171.125.150 - - [13/Sep/2020:10:28:18 +0800] "GET /xingrg/javascript/bigrid/fix.js HTTP/1.1" 304 -
180.171.125.150 - - [13/Sep/2020:10:28:18 +0800] "GET /xingrg/dwr/interface/AjaxReportQueryService.js HTTP/1.1" 200 13203
180.171.125.150 - - [13/Sep/2020:10:28:18 +0800] "GET /xingrg/javascript/calendar/jquery.timePicker.min.js HTTP/1.1" 304 -
180.171.125.150 - - [13/Sep/2020:10:28:18 +0800] "GET /xingrg/javascript/Calendar.js HTTP/1.1" 304 -
180.171.125.150 - - [13/Sep/2020:10:28:18 +0800] "GET /xingrg/javascript/jqueryMultiSelect.js HTTP/1.1" 304 -
180.171.125.150 - - [13/Sep/2020:10:28:18 +0800] "GET /xingrg/dwr/engine.js HTTP/1.1" 200 43631
222.69.137.87 - - [13/Sep/2020:10:28:18 +0800] "GET /xingrg/kc/buy/cgsh_order_add.html HTTP/1.1" 200 59721
180.171.125.150 - - [13/Sep/2020:10:28:18 +0800] "GET /xingrg/images/control/loading.gif HTTP/1.1" 304 -
180.171.125.150 - - [13/Sep/2020:10:28:18 +0800] "GET /xingrg/images/blue/button/advanceover.gif HTTP/1.1" 304 -
180.171.125.150 - - [13/Sep/2020:10:28:18 +0800] "GET /xingrg/images/blue/button/advance2over.gif HTTP/1.1" 304 -
180.171.125.150 - - [13/Sep/2020:10:28:18 +0800] "GET /xingrg/images/blue/button/back2over.gif HTTP/1.1" 304 -
180.171.125.150 - - [13/Sep/2020:10:28:18 +0800] "GET /xingrg/images/blue/button/backover.gif HTTP/1.1" 304 -
180.171.125.150 - - [13/Sep/2020:10:28:18 +0800] "GET /xingrg/javascript/jquery_easy_ui/themes/icons/help.png HTTP/1.1" 304 -
180.171.125.150 - - [13/Sep/2020:10:28:18 +0800] "GET /xingrg/javascript/jquery_easy_ui/themes/default/images/menu_downarrow.png HTTP/1.1" 304 -
180.171.125.150 - - [13/Sep/2020:10:28:18 +0800] "GET /xingrg/javascript/jquery_easy_ui/themes/default/images/menu.gif HTTP/1.1" 304 -
180.171.125.150 - - [13/Sep/2020:10:28:18 +0800] "GET /xingrg/javascript/jquery_easy_ui/themes/default/images/menu_downarrow.png HTTP/1.1" 304 -
180.171.125.150 - - [13/Sep/2020:10:28:18 +0800] "GET /xingrg/javascript/jquery_easy_ui/themes/icons/print.png HTTP/1.1" 304 -
180.171.125.150 - - [13/Sep/2020:10:28:18 +0800] "GET /xingrg/javascript/jquery_easy_ui/themes/icons/pencil.png HTTP/1.1" 304 -
180.171.125.150 - - [13/Sep/2020:10:28:18 +0800] "GET /xingrg/javascript/jquery_easy_ui/themes/default/images/menu_rightarrow.png HTTP/1.1" 304 -
222.69.137.87 - - [13/Sep/2020:10:28:18 +0800] "GET /xingrg/words/20200912153113_words.js HTTP/1.1" 304 -
180.171.125.150 - - [13/Sep/2020:10:28:18 +0800] "POST /xingrg/dwr/call/plaincall/AjaxReportQueryService.getFixDate.dwr HTTP/1.1" 200 111
222.69.137.87 - - [13/Sep/2020:10:28:18 +0800] "POST /xingrg/kc/buy/cgsh_order_operate.html HTTP/1.1" 200 8245
180.171.125.150 - - [13/Sep/2020:10:28:18 +0800] "GET /xingrg/javascript/jquery_easy_ui/themes/default/images/combo_arrow_dot.gif HTTP/1.1" 304 -
222.69.137.87 - - [13/Sep/2020:10:28:18 +0800] "GET /xingrg/javascript/easyui/themes/default/validatebox.css HTTP/1.1" 404 1104
180.171.125.150 - - [13/Sep/2020:10:28:18 +0800] "POST /xingrg/all/common/load_tree.html?tree=area_station_tree_json&manage=1 HTTP/1.1" 200 3116
180.171.125.150 - - [13/Sep/2020:10:28:18 +0800] "GET /xingrg/javascript/jquery_easy_ui/themes/default/images/tree_checkbox_0.gif HTTP/1.1" 304 -
180.171.125.150 - - [13/Sep/2020:10:28:19 +0800] "POST /xingrg/dwr/call/plaincall/AjaxReportQueryService.getInitString.dwr HTTP/1.1" 200 76
180.171.125.150 - - [13/Sep/2020:10:28:19 +0800] "GET /xingrg/javascript/multi_select/dropdown.gif HTTP/1.1" 304 -
114.88.166.242 - - [13/Sep/2020:10:28:21 +0800] "GET /xingrg/kc/buy/cgsh_order_operate.html?command=get_materiel&rest_code=00111&code=00101029010&supplier_code=00100017&order_time=2020-09-13 HTTP/1.1" 200 459
180.171.125.150 - - [13/Sep/2020:10:28:22 +0800] "POST /xingrg/dwr/call/plaincall/AjaxReportQueryService.getFixDate.dwr HTTP/1.1" 200 111
180.171.125.150 - - [13/Sep/2020:10:28:24 +0800] "GET /xingrg/javascript/jquery_easy_ui/themes/default/images/tree_checkbox_1.gif HTTP/1.1" 304 -
180.171.125.150 - - [13/Sep/2020:10:28:24 +0800] "GET /xingrg/javascript/jquery_easy_ui/themes/default/images/tree_checkbox_2.gif HTTP/1.1" 304 -
180.171.125.150 - - [13/Sep/2020:10:28:24 +0800] "POST /xingrg/dwr/call/plaincall/AjaxReportQueryService.queryInitializeString.dwr HTTP/1.1" 200 315
180.157.253.48 - - [13/Sep/2020:10:28:26 +0800] "GET /xingrg/kc/buy/cgsh_order_operate.html?command=get_materiel&rest_code=00148&code=00101001138&supplier_code=00100312&order_time=2020-09-13 HTTP/1.1" 200 413
180.171.125.150 - - [13/Sep/2020:10:28:26 +0800] "POST /xingrg/dwr/call/plaincall/AjaxReportQueryService.refreshCache.dwr HTTP/1.1" 200 78
180.171.125.150 - - [13/Sep/2020:10:28:27 +0800] "POST /xingrg/all/report/load_report_page.html HTTP/1.1" 200 152738
180.171.125.150 - - [13/Sep/2020:10:28:27 +0800] "GET /xingrg/images/blue/button/back2.gif HTTP/1.1" 304 -
180.171.125.150 - - [13/Sep/2020:10:28:27 +0800] "GET /xingrg/images/blue/button/back.gif HTTP/1.1" 304 -
180.171.125.150 - - [13/Sep/2020:10:28:27 +0800] "GET /xingrg/servlets/image?cache=0.6087994335163989&image=px HTTP/1.1" 200 807
116.238.90.59 - - [13/Sep/2020:10:28:27 +0800] "GET /xingrg/kc/buy/cgsh_order_operate.html?command=get_materiel&rest_code=00102&code=00101008031&supplier_code=00100008&order_time=2020-09-13 HTTP/1.1" 200 413
114.82.29.189 - - [13/Sep/2020:10:28:29 +0800] "GET /xingrg/all/function/internal_message.html?_=1599964091253&CODE_STATE=getMsg HTTP/1.1" 200 27
172.17.0.120 - - [13/Sep/2020:10:28:32 +0800] "GET /xingrg/all/function/internal_message.html?_=1599964109818&CODE_STATE=getMsg HTTP/1.1" 200 27
114.88.166.242 - - [13/Sep/2020:10:28:32 +0800] "GET /xingrg/kc/buy/cgsh_order_operate.html?command=get_materiel&rest_code=00111&code=00101029002&supplier_code=00100017&order_time=2020-09-13 HTTP/1.1" 200 470
180.171.125.150 - - [13/Sep/2020:10:28:33 +0800] "GET /xingrg/all/report/report_query.html?isQuery=1&fileName=dma/new_5.0/yingye/yh.xml&rh=99999&queryString=%2520a.sid%253D10%2520and%2520a.order_id%253D7755&queryText=%25E9%2597%25A8%25E5%25BA%2597%25E3%2580%2590%25E6%25A6%2595%25E6%25B8%25AF%25E8%2599%25B9%25E5%258F%25A3%25E5%25BA%2597%25E3%2580%2591%25E8%25B4%25A6%25E5%258D%2595%25E3%2580%25907755%25E3%2580%2591 HTTP/1.1" 200 52791
180.171.125.150 - - [13/Sep/2020:10:28:33 +0800] "GET /xingrg/dwr/interface/AjaxReportQueryService.js HTTP/1.1" 200 13203
180.171.125.150 - - [13/Sep/2020:10:28:33 +0800] "GET /xingrg/dwr/engine.js HTTP/1.1" 200 43631
117.185.32.26 - - [13/Sep/2020:10:28:33 +0800] "GET /xingrg/kc/buy/cgsh_order_add.html HTTP/1.1" 200 59674
117.185.32.26 - - [13/Sep/2020:10:28:33 +0800] "GET /xingrg/javascript/easyui/themes/default/validatebox.css HTTP/1.1" 404 1104
117.185.32.26 - - [13/Sep/2020:10:28:34 +0800] "POST /xingrg/kc/buy/cgsh_order_operate.html HTTP/1.1" 200 8245
116.238.71.173 - - [13/Sep/2020:10:28:34 +0800] "GET /xingrg/all/function/internal_message.html?_=1599964237466&CODE_STATE=getMsg HTTP/1.1" 200 27
180.171.125.150 - - [13/Sep/2020:10:28:34 +0800] "POST /xingrg/all/report/load_report_page.html HTTP/1.1" 200 8786
180.171.125.150 - - [13/Sep/2020:10:28:34 +0800] "GET /xingrg/servlets/image?cache=0.7156916923151119&image=px HTTP/1.1" 200 807
180.157.253.48 - - [13/Sep/2020:10:28:34 +0800] "POST /xingrg/kc/buy/cgsh_order_operate.html HTTP/1.1" 200 37
116.238.90.59 - - [13/Sep/2020:10:28:34 +0800] "GET /xingrg/kc/buy/cgsh_order_operate.html?command=get_materiel&rest_code=00102&code=00101008041&supplier_code=00100008&order_time=2020-09-13 HTTP/1.1" 200 408
116.238.90.59 - - [13/Sep/2020:10:28:36 +0800] "POST /xingrg/services/DataTransmitService HTTP/1.1" 200 524
218.81.217.115 - - [13/Sep/2020:10:28:36 +0800] "GET /xingrg/all/function/internal_message.html?_=1599964114965&CODE_STATE=getMsg HTTP/1.1" 200 27
116.238.90.59 - - [13/Sep/2020:10:28:36 +0800] "POST /xingrg/services/DataTransmitService HTTP/1.1" 200 501
180.171.125.150 - - [13/Sep/2020:10:28:36 +0800] "GET /xingrg/dwr/interface/AjaxReportQueryService.js HTTP/1.1" 200 13203
180.171.125.150 - - [13/Sep/2020:10:28:36 +0800] "GET /xingrg/all/report/report_query.html?fileName=dma/new_5.0/yingye/order_list.xml HTTP/1.1" 200 55281
180.171.125.150 - - [13/Sep/2020:10:28:36 +0800] "GET /xingrg/dwr/engine.js HTTP/1.1" 200 43631
180.171.125.150 - - [13/Sep/2020:10:28:36 +0800] "POST /xingrg/dwr/call/plaincall/AjaxReportQueryService.getFixDate.dwr HTTP/1.1" 200 111
180.171.125.150 - - [13/Sep/2020:10:28:37 +0800] "POST /xingrg/all/common/load_tree.html?tree=area_station_tree_json&manage=1 HTTP/1.1" 200 3116
180.171.125.150 - - [13/Sep/2020:10:28:37 +0800] "GET /xingrg/javascript/jquery_easy_ui/themes/default/images/tabs_active.png HTTP/1.1" 304 -
180.171.125.150 - - [13/Sep/2020:10:28:37 +0800] "POST /xingrg/dwr/call/plaincall/AjaxReportQueryService.getInitString.dwr HTTP/1.1" 200 76
116.238.71.173 - - [13/Sep/2020:10:28:38 +0800] "POST /xingrg/kc/base/wldb_order_operate.html HTTP/1.1" 200 37
116.232.49.242 - - [13/Sep/2020:10:28:39 +0800] "GET /xingrg/check_reg.html?_=1599964091491 HTTP/1.1" 200 22
180.171.125.150 - - [13/Sep/2020:10:28:40 +0800] "POST /xingrg/dwr/call/plaincall/AjaxReportQueryService.getFixDate.dwr HTTP/1.1" 200 111
172.17.200.101 - - [13/Sep/2020:10:28:40 +0800] "GET /xingrg/all/function/internal_message.html?_=1599964118653&CODE_STATE=getMsg HTTP/1.1" 200 27
116.235.241.164 - - [13/Sep/2020:10:28:40 +0800] "GET /xingrg/all/function/internal_message.html?_=1599964119578&CODE_STATE=getMsg HTTP/1.1" 200 27
116.238.71.173 - - [13/Sep/2020:10:28:41 +0800] "POST /xingrg/kc/base/wldb_order_operate.html HTTP/1.1" 200 12
116.238.71.173 - - [13/Sep/2020:10:28:41 +0800] "POST /xingrg/kc/base/wldb_order_operate.html HTTP/1.1" 200 3720
116.238.90.59 - - [13/Sep/2020:10:28:41 +0800] "POST /xingrg/kc/buy/cgsh_order_operate.html HTTP/1.1" 200 37
