172.17.0.123 - - [13/Sep/2020:08:16:58 +0800] "GET /xingrg/check_reg.html?_=1599956219515 HTTP/1.1" 302 -
172.17.0.123 - - [13/Sep/2020:08:16:58 +0800] "GET /xingrg/all/function/internal_message.html?_=1599956219517&CODE_STATE=getMsg HTTP/1.1" 302 -
116.235.241.164 - - [13/Sep/2020:08:16:59 +0800] "GET /xingrg/all/function/internal_message.html?_=1599956218658&CODE_STATE=getMsg HTTP/1.1" 200 27
116.235.241.164 - - [13/Sep/2020:08:16:59 +0800] "GET /xingrg/check_reg.html?_=1599956218660 HTTP/1.1" 200 22
114.88.166.242 - - [13/Sep/2020:08:17:04 +0800] "POST /xingrg/kc/base/wldb_order_operate.html HTTP/1.1" 200 37
114.88.166.242 - - [13/Sep/2020:08:17:04 +0800] "POST /xingrg/kc/base/wldb_order_operate.html HTTP/1.1" 200 19694
114.88.166.242 - - [13/Sep/2020:08:17:04 +0800] "GET /xingrg/kc/base/wldb_order_info.html?code=422020091301441 HTTP/1.1" 200 30425
114.88.166.242 - - [13/Sep/2020:08:17:05 +0800] "GET /xingrg/javascript/easyui/themes/default/validatebox.css HTTP/1.1" 404 1104
114.88.166.242 - - [13/Sep/2020:08:17:06 +0800] "POST /xingrg/kc/base/wldb_order_operate.html HTTP/1.1" 200 19694
114.88.166.242 - - [13/Sep/2020:08:17:11 +0800] "GET /xingrg/check_reg.html?_=1599956227740 HTTP/1.1" 200 22
114.88.166.242 - - [13/Sep/2020:08:17:12 +0800] "GET /xingrg/all/function/internal_message.html?_=1599956294944&CODE_STATE=getMsg HTTP/1.1" 200 27
58.37.9.106 - - [13/Sep/2020:08:17:20 +0800] "GET /xingrg/check_reg.html?_=1599956226765 HTTP/1.1" 200 22
218.81.217.115 - - [13/Sep/2020:08:17:22 +0800] "GET /xingrg/all/function/internal_message.html?_=1599956241273&CODE_STATE=getMsg HTTP/1.1" 200 27
114.88.166.242 - - [13/Sep/2020:08:17:27 +0800] "GET /xingrg/kc/base/wldb_order_add.html HTTP/1.1" 200 30408
114.88.166.242 - - [13/Sep/2020:08:17:27 +0800] "GET /xingrg/javascript/easyui/themes/default/validatebox.css HTTP/1.1" 404 1104
114.88.166.242 - - [13/Sep/2020:08:17:27 +0800] "POST /xingrg/kc/base/wldb_order_operate.html HTTP/1.1" 200 6806
114.88.166.242 - - [13/Sep/2020:08:17:36 +0800] "GET /xingrg/kc/base/wldb_order_operate.html?command=get_materiel&rest_code=00111&base_code=0010290&code=00101025020 HTTP/1.1" 200 473
120.253.135.82 - - [13/Sep/2020:08:17:37 +0800] "GET /xingrg/check_reg.html?_=1599956004360 HTTP/1.1" 200 22
120.253.135.82 - - [13/Sep/2020:08:17:39 +0800] "GET /xingrg/kc/pszx/mdqp_order_list.html?state=10 HTTP/1.1" 200 10125
120.253.135.82 - - [13/Sep/2020:08:17:39 +0800] "GET /xingrg/dwr/interface/AjaxReportQueryService.js HTTP/1.1" 200 13203
120.253.135.82 - - [13/Sep/2020:08:17:39 +0800] "GET /xingrg/dwr/interface/AjaxQqpsService.js HTTP/1.1" 200 16326
120.253.135.82 - - [13/Sep/2020:08:17:39 +0800] "GET /xingrg/dwr/engine.js HTTP/1.1" 200 43631
114.88.166.242 - - [13/Sep/2020:08:17:40 +0800] "GET /xingrg/kc/base/wldb_order_operate.html?command=get_materiel&rest_code=00111&base_code=0010290&code=00101025041 HTTP/1.1" 200 455
116.235.241.164 - - [13/Sep/2020:08:17:40 +0800] "GET /xingrg/all/function/internal_message.html?_=1599956259415&CODE_STATE=getMsg HTTP/1.1" 200 27
120.253.135.82 - - [13/Sep/2020:08:17:42 +0800] "GET /xingrg/all/function/internal_message.html?_=1599956009238&CODE_STATE=getMsg HTTP/1.1" 200 27
120.253.135.82 - - [13/Sep/2020:08:17:43 +0800] "GET /xingrg/kc/pszx/mdps_order_list.html?orderType=0 HTTP/1.1" 200 21059
120.253.135.82 - - [13/Sep/2020:08:17:43 +0800] "POST /xingrg/kc/pszx/mdps_list_operate.html HTTP/1.1" 200 5476
114.88.166.242 - - [13/Sep/2020:08:17:47 +0800] "GET /xingrg/kc/base/wldb_order_operate.html?command=get_materiel&rest_code=00111&base_code=0010290&code=00101026082 HTTP/1.1" 200 477
120.253.135.82 - - [13/Sep/2020:08:17:49 +0800] "GET /xingrg/kc/pszx/mdth_order_list.html HTTP/1.1" 200 18483
120.253.135.82 - - [13/Sep/2020:08:17:49 +0800] "POST /xingrg/kc/pszx/mdth_order_new_list.html HTTP/1.1" 200 3799
114.88.166.242 - - [13/Sep/2020:08:17:52 +0800] "POST /xingrg/kc/base/wldb_order_operate.html HTTP/1.1" 200 37
114.88.166.242 - - [13/Sep/2020:08:17:53 +0800] "POST /xingrg/kc/base/wldb_order_operate.html HTTP/1.1" 200 3218
120.253.135.82 - - [13/Sep/2020:08:17:53 +0800] "POST /xingrg/kc/pszx/mdth_order_new_list.html HTTP/1.1" 200 212
114.88.166.242 - - [13/Sep/2020:08:17:53 +0800] "GET /xingrg/kc/base/wldb_order_info.html?code=422020091301442 HTTP/1.1" 200 30423
114.88.166.242 - - [13/Sep/2020:08:17:54 +0800] "GET /xingrg/javascript/easyui/themes/default/validatebox.css HTTP/1.1" 404 1104
114.88.166.242 - - [13/Sep/2020:08:17:54 +0800] "POST /xingrg/kc/base/wldb_order_operate.html HTTP/1.1" 200 3218
120.253.135.82 - - [13/Sep/2020:08:17:56 +0800] "GET /xingrg/kc/pszx/mdqp_order_list.html?state=10 HTTP/1.1" 200 10125
120.253.135.82 - - [13/Sep/2020:08:17:56 +0800] "GET /xingrg/dwr/interface/AjaxReportQueryService.js HTTP/1.1" 200 13203
120.253.135.82 - - [13/Sep/2020:08:17:56 +0800] "GET /xingrg/dwr/interface/AjaxQqpsService.js HTTP/1.1" 200 16326
120.253.135.82 - - [13/Sep/2020:08:17:56 +0800] "GET /xingrg/dwr/engine.js HTTP/1.1" 200 43631
117.184.7.26 - - [13/Sep/2020:08:17:57 +0800] "GET /xingrg/all/function/internal_message.html?_=1599957128442&CODE_STATE=getMsg HTTP/1.1" 200 27
172.17.0.123 - - [13/Sep/2020:08:17:58 +0800] "GET /xingrg/all/function/internal_message.html?_=1599956279521&CODE_STATE=getMsg HTTP/1.1" 302 -
116.235.241.164 - - [13/Sep/2020:08:17:59 +0800] "GET /xingrg/all/function/internal_message.html?_=1599956278644&CODE_STATE=getMsg HTTP/1.1" 200 27
114.88.166.242 - - [13/Sep/2020:08:18:07 +0800] "GET /xingrg/javascript/jquery_easy_ui/themes/icons/rest.png HTTP/1.1" 304 -
114.88.166.242 - - [13/Sep/2020:08:18:07 +0800] "GET /xingrg/javascript/jquery_easy_ui/themes/icons/area.png HTTP/1.1" 304 -
114.88.166.242 - - [13/Sep/2020:08:18:11 +0800] "GET /xingrg/kc/base/wldb_order_list.html HTTP/1.1" 200 19296
114.88.166.242 - - [13/Sep/2020:08:18:12 +0800] "POST /xingrg/kc/base/wldb_list_operate.html HTTP/1.1" 200 2557
114.88.166.242 - - [13/Sep/2020:08:18:12 +0800] "GET /xingrg/check_reg.html?_=1599956354560 HTTP/1.1" 200 22
114.88.166.242 - - [13/Sep/2020:08:18:12 +0800] "GET /xingrg/all/function/internal_message.html?_=1599956354918&CODE_STATE=getMsg HTTP/1.1" 200 27
114.88.166.242 - - [13/Sep/2020:08:18:13 +0800] "GET /xingrg/kc/base/wldb_order_list.html HTTP/1.1" 200 19296
114.88.166.242 - - [13/Sep/2020:08:18:13 +0800] "POST /xingrg/kc/base/wldb_list_operate.html HTTP/1.1" 200 2557
114.88.166.242 - - [13/Sep/2020:08:18:15 +0800] "GET /xingrg/kc/buy/cgsh_order_list.html HTTP/1.1" 200 43930
114.88.166.242 - - [13/Sep/2020:08:18:16 +0800] "POST /xingrg/kc/buy/cgsh_list_operate.html HTTP/1.1" 200 876
218.81.217.115 - - [13/Sep/2020:08:18:22 +0800] "GET /xingrg/all/function/internal_message.html?_=1599956301281&CODE_STATE=getMsg HTTP/1.1" 200 27
116.232.49.242 - - [13/Sep/2020:08:18:38 +0800] "GET /xingrg/check_reg.html?_=1599956291323 HTTP/1.1" 200 22
116.235.241.164 - - [13/Sep/2020:08:18:40 +0800] "GET /xingrg/all/function/internal_message.html?_=1599956319415&CODE_STATE=getMsg HTTP/1.1" 200 27
120.253.135.82 - - [13/Sep/2020:08:18:42 +0800] "GET /xingrg/all/function/internal_message.html?_=1599956069418&CODE_STATE=getMsg HTTP/1.1" 200 27
117.184.7.26 - - [13/Sep/2020:08:18:57 +0800] "GET /xingrg/check_reg.html?_=1599957188441 HTTP/1.1" 200 22
117.184.7.26 - - [13/Sep/2020:08:18:57 +0800] "GET /xingrg/all/function/internal_message.html?_=1599957188442&CODE_STATE=getMsg HTTP/1.1" 200 27
172.17.0.123 - - [13/Sep/2020:08:18:58 +0800] "GET /xingrg/all/function/internal_message.html?_=1599956339507&CODE_STATE=getMsg HTTP/1.1" 302 -
116.235.241.164 - - [13/Sep/2020:08:18:59 +0800] "GET /xingrg/all/function/internal_message.html?_=1599956338650&CODE_STATE=getMsg HTTP/1.1" 200 27
114.88.166.242 - - [13/Sep/2020:08:19:12 +0800] "GET /xingrg/all/function/internal_message.html?_=1599956414892&CODE_STATE=getMsg HTTP/1.1" 200 27
218.81.217.115 - - [13/Sep/2020:08:19:23 +0800] "GET /xingrg/all/function/internal_message.html?_=1599956361476&CODE_STATE=getMsg HTTP/1.1" 200 27
116.235.241.164 - - [13/Sep/2020:08:19:40 +0800] "GET /xingrg/all/function/internal_message.html?_=1599956379419&CODE_STATE=getMsg HTTP/1.1" 200 27
120.253.135.82 - - [13/Sep/2020:08:19:42 +0800] "GET /xingrg/all/function/internal_message.html?_=1599956129421&CODE_STATE=getMsg HTTP/1.1" 200 27
58.40.7.146 - - [13/Sep/2020:08:19:52 +0800] "GET /xingrg/check_reg.html?_=1599956389603 HTTP/1.1" 200 22
117.184.7.26 - - [13/Sep/2020:08:19:57 +0800] "GET /xingrg/all/function/internal_message.html?_=1599957248440&CODE_STATE=getMsg HTTP/1.1" 200 27
172.17.0.123 - - [13/Sep/2020:08:19:58 +0800] "GET /xingrg/all/function/internal_message.html?_=1599956399509&CODE_STATE=getMsg HTTP/1.1" 302 -
116.235.241.164 - - [13/Sep/2020:08:19:59 +0800] "GET /xingrg/all/function/internal_message.html?_=1599956398664&CODE_STATE=getMsg HTTP/1.1" 200 27
218.81.217.115 - - [13/Sep/2020:08:20:03 +0800] "GET /xingrg/check_reg.html?_=1599956401516 HTTP/1.1" 200 22
114.88.166.242 - - [13/Sep/2020:08:20:12 +0800] "GET /xingrg/all/function/internal_message.html?_=1599956474863&CODE_STATE=getMsg HTTP/1.1" 200 27
58.37.9.106 - - [13/Sep/2020:08:20:21 +0800] "POST /xingrg/services/DataTransmitService HTTP/1.1" 200 524
218.81.217.115 - - [13/Sep/2020:08:20:23 +0800] "GET /xingrg/all/function/internal_message.html?_=1599956421480&CODE_STATE=getMsg HTTP/1.1" 200 27
116.235.241.164 - - [13/Sep/2020:08:20:40 +0800] "GET /xingrg/all/function/internal_message.html?_=1599956439435&CODE_STATE=getMsg HTTP/1.1" 200 27
120.253.135.82 - - [13/Sep/2020:08:20:42 +0800] "GET /xingrg/all/function/internal_message.html?_=1599956189610&CODE_STATE=getMsg HTTP/1.1" 200 27
117.184.7.26 - - [13/Sep/2020:08:20:57 +0800] "GET /xingrg/all/function/internal_message.html?_=1599957308439&CODE_STATE=getMsg HTTP/1.1" 200 27
172.17.0.123 - - [13/Sep/2020:08:20:58 +0800] "GET /xingrg/all/function/internal_message.html?_=1599956459509&CODE_STATE=getMsg HTTP/1.1" 302 -
120.253.135.82 - - [13/Sep/2020:08:20:58 +0800] "GET /xingrg/check_reg.html?_=1599956570497 HTTP/1.1" 302 -
116.235.241.164 - - [13/Sep/2020:08:20:59 +0800] "GET /xingrg/all/function/internal_message.html?_=1599956458666&CODE_STATE=getMsg HTTP/1.1" 200 27
114.88.166.242 - - [13/Sep/2020:08:21:12 +0800] "GET /xingrg/all/function/internal_message.html?_=1599956534833&CODE_STATE=getMsg HTTP/1.1" 200 27
218.81.217.115 - - [13/Sep/2020:08:21:23 +0800] "GET /xingrg/all/function/internal_message.html?_=1599956481495&CODE_STATE=getMsg HTTP/1.1" 200 27
116.235.241.164 - - [13/Sep/2020:08:21:40 +0800] "GET /xingrg/check_reg.html?_=1599956499420 HTTP/1.1" 200 22
116.235.241.164 - - [13/Sep/2020:08:21:40 +0800] "GET /xingrg/all/function/internal_message.html?_=1599956499422&CODE_STATE=getMsg HTTP/1.1" 200 27
120.253.135.82 - - [13/Sep/2020:08:21:42 +0800] "GET /xingrg/all/function/internal_message.html?_=1599956249620&CODE_STATE=getMsg HTTP/1.1" 200 27
117.184.7.26 - - [13/Sep/2020:08:21:57 +0800] "GET /xingrg/all/function/internal_message.html?_=1599957368440&CODE_STATE=getMsg HTTP/1.1" 200 27
172.17.0.123 - - [13/Sep/2020:08:21:58 +0800] "GET /xingrg/all/function/internal_message.html?_=1599956519511&CODE_STATE=getMsg HTTP/1.1" 302 -
172.17.0.123 - - [13/Sep/2020:08:21:58 +0800] "GET /xingrg/check_reg.html?_=1599956519513 HTTP/1.1" 302 -
116.235.241.164 - - [13/Sep/2020:08:21:59 +0800] "GET /xingrg/all/function/internal_message.html?_=1599956518665&CODE_STATE=getMsg HTTP/1.1" 200 27
116.235.241.164 - - [13/Sep/2020:08:21:59 +0800] "GET /xingrg/check_reg.html?_=1599956518667 HTTP/1.1" 200 22
114.88.166.242 - - [13/Sep/2020:08:22:11 +0800] "GET /xingrg/check_reg.html?_=1599956527743 HTTP/1.1" 200 22
114.88.166.242 - - [13/Sep/2020:08:22:12 +0800] "GET /xingrg/all/function/internal_message.html?_=1599956594805&CODE_STATE=getMsg HTTP/1.1" 200 27
120.253.135.82 - - [13/Sep/2020:08:22:19 +0800] "GET /xingrg/kc/pszx/mdqp_order_list.html?state=10 HTTP/1.1" 200 10125
120.253.135.82 - - [13/Sep/2020:08:22:19 +0800] "GET /xingrg/dwr/interface/AjaxReportQueryService.js HTTP/1.1" 200 13203
120.253.135.82 - - [13/Sep/2020:08:22:19 +0800] "GET /xingrg/dwr/interface/AjaxQqpsService.js HTTP/1.1" 200 16326
120.253.135.82 - - [13/Sep/2020:08:22:19 +0800] "GET /xingrg/dwr/engine.js HTTP/1.1" 200 43631
58.37.9.106 - - [13/Sep/2020:08:22:20 +0800] "GET /xingrg/check_reg.html?_=1599956526733 HTTP/1.1" 200 22
218.81.217.115 - - [13/Sep/2020:08:22:23 +0800] "GET /xingrg/all/function/internal_message.html?_=1599956541691&CODE_STATE=getMsg HTTP/1.1" 200 27
120.253.135.82 - - [13/Sep/2020:08:22:23 +0800] "GET /xingrg/kc/pszx/mdps_order_list.html?orderType=0 HTTP/1.1" 200 21059
120.253.135.82 - - [13/Sep/2020:08:22:23 +0800] "POST /xingrg/kc/pszx/mdps_list_operate.html HTTP/1.1" 200 5476
120.253.135.82 - - [13/Sep/2020:08:22:29 +0800] "GET /xingrg/kc/pszx/mdqp_order_list.html?state=10 HTTP/1.1" 200 10125
120.253.135.82 - - [13/Sep/2020:08:22:29 +0800] "GET /xingrg/dwr/interface/AjaxQqpsService.js HTTP/1.1" 200 16326
120.253.135.82 - - [13/Sep/2020:08:22:29 +0800] "GET /xingrg/dwr/interface/AjaxReportQueryService.js HTTP/1.1" 200 13203
120.253.135.82 - - [13/Sep/2020:08:22:29 +0800] "GET /xingrg/dwr/engine.js HTTP/1.1" 200 43631
120.253.135.82 - - [13/Sep/2020:08:22:37 +0800] "GET /xingrg/kc/pszx/mdqp_order_list.html?state=10 HTTP/1.1" 200 10125
120.253.135.82 - - [13/Sep/2020:08:22:37 +0800] "GET /xingrg/dwr/interface/AjaxQqpsService.js HTTP/1.1" 200 16326
120.253.135.82 - - [13/Sep/2020:08:22:37 +0800] "GET /xingrg/dwr/interface/AjaxReportQueryService.js HTTP/1.1" 200 13203
120.253.135.82 - - [13/Sep/2020:08:22:37 +0800] "GET /xingrg/dwr/engine.js HTTP/1.1" 200 43631
120.253.135.82 - - [13/Sep/2020:08:22:37 +0800] "GET /xingrg/check_reg.html?_=1599956304360 HTTP/1.1" 200 22
116.235.241.164 - - [13/Sep/2020:08:22:40 +0800] "GET /xingrg/all/function/internal_message.html?_=1599956559421&CODE_STATE=getMsg HTTP/1.1" 200 27
120.253.135.82 - - [13/Sep/2020:08:22:42 +0800] "GET /xingrg/all/function/internal_message.html?_=1599956309633&CODE_STATE=getMsg HTTP/1.1" 200 27
117.184.7.26 - - [13/Sep/2020:08:22:57 +0800] "GET /xingrg/all/function/internal_message.html?_=1599957428439&CODE_STATE=getMsg HTTP/1.1" 200 27
172.17.0.123 - - [13/Sep/2020:08:22:58 +0800] "GET /xingrg/all/function/internal_message.html?_=1599956579513&CODE_STATE=getMsg HTTP/1.1" 302 -
116.235.241.164 - - [13/Sep/2020:08:22:59 +0800] "GET /xingrg/all/function/internal_message.html?_=1599956578668&CODE_STATE=getMsg HTTP/1.1" 200 27
114.88.166.242 - - [13/Sep/2020:08:23:12 +0800] "GET /xingrg/check_reg.html?_=1599956654554 HTTP/1.1" 200 22
114.88.166.242 - - [13/Sep/2020:08:23:12 +0800] "GET /xingrg/all/function/internal_message.html?_=1599956654779&CODE_STATE=getMsg HTTP/1.1" 200 27
218.81.217.115 - - [13/Sep/2020:08:23:23 +0800] "GET /xingrg/all/function/internal_message.html?_=1599956601692&CODE_STATE=getMsg HTTP/1.1" 200 27
116.232.49.242 - - [13/Sep/2020:08:23:38 +0800] "GET /xingrg/check_reg.html?_=1599956591321 HTTP/1.1" 200 22
116.235.241.164 - - [13/Sep/2020:08:23:40 +0800] "GET /xingrg/all/function/internal_message.html?_=1599956619425&CODE_STATE=getMsg HTTP/1.1" 200 27
120.253.135.82 - - [13/Sep/2020:08:23:42 +0800] "GET /xingrg/all/function/internal_message.html?_=1599956369647&CODE_STATE=getMsg HTTP/1.1" 200 27
117.184.7.26 - - [13/Sep/2020:08:23:57 +0800] "GET /xingrg/all/function/internal_message.html?_=1599957488437&CODE_STATE=getMsg HTTP/1.1" 200 27
117.184.7.26 - - [13/Sep/2020:08:23:57 +0800] "GET /xingrg/check_reg.html?_=1599957488439 HTTP/1.1" 200 22
172.17.0.123 - - [13/Sep/2020:08:23:58 +0800] "GET /xingrg/all/function/internal_message.html?_=1599956639515&CODE_STATE=getMsg HTTP/1.1" 302 -
116.235.241.164 - - [13/Sep/2020:08:23:59 +0800] "GET /xingrg/all/function/internal_message.html?_=1599956638667&CODE_STATE=getMsg HTTP/1.1" 200 27
114.88.166.242 - - [13/Sep/2020:08:24:12 +0800] "GET /xingrg/all/function/internal_message.html?_=1599956714755&CODE_STATE=getMsg HTTP/1.1" 200 27
218.81.217.115 - - [13/Sep/2020:08:24:23 +0800] "GET /xingrg/all/function/internal_message.html?_=1599956661879&CODE_STATE=getMsg HTTP/1.1" 200 27
116.235.241.164 - - [13/Sep/2020:08:24:40 +0800] "GET /xingrg/all/function/internal_message.html?_=1599956679439&CODE_STATE=getMsg HTTP/1.1" 200 27
120.253.135.82 - - [13/Sep/2020:08:24:43 +0800] "GET /xingrg/all/function/internal_message.html?_=1599956429851&CODE_STATE=getMsg HTTP/1.1" 200 27
58.40.7.146 - - [13/Sep/2020:08:24:52 +0800] "GET /xingrg/check_reg.html?_=1599956689580 HTTP/1.1" 200 22
117.184.7.26 - - [13/Sep/2020:08:24:57 +0800] "GET /xingrg/all/function/internal_message.html?_=1599957548438&CODE_STATE=getMsg HTTP/1.1" 200 27
172.17.0.123 - - [13/Sep/2020:08:24:58 +0800] "GET /xingrg/all/function/internal_message.html?_=1599956699517&CODE_STATE=getMsg HTTP/1.1" 302 -
116.235.241.164 - - [13/Sep/2020:08:24:59 +0800] "GET /xingrg/all/function/internal_message.html?_=1599956698668&CODE_STATE=getMsg HTTP/1.1" 200 27
218.81.217.115 - - [13/Sep/2020:08:25:03 +0800] "GET /xingrg/check_reg.html?_=1599956701517 HTTP/1.1" 200 22
58.247.206.158 - - [13/Sep/2020:08:25:03 +0800] "GET /xingrg/check_reg.html?_=1599956526733 HTTP/1.1" 302 -
58.247.206.158 - - [13/Sep/2020:08:25:09 +0800] "GET /xingrg/login.html HTTP/1.1" 200 7641
114.88.166.242 - - [13/Sep/2020:08:25:12 +0800] "GET /xingrg/all/function/internal_message.html?_=1599956774729&CODE_STATE=getMsg HTTP/1.1" 200 27
218.81.217.115 - - [13/Sep/2020:08:25:23 +0800] "GET /xingrg/all/function/internal_message.html?_=1599956721891&CODE_STATE=getMsg HTTP/1.1" 200 27
116.235.241.164 - - [13/Sep/2020:08:25:40 +0800] "GET /xingrg/all/function/internal_message.html?_=1599956739441&CODE_STATE=getMsg HTTP/1.1" 200 27
120.253.135.82 - - [13/Sep/2020:08:25:43 +0800] "GET /xingrg/all/function/internal_message.html?_=1599956489861&CODE_STATE=getMsg HTTP/1.1" 200 27
117.184.7.26 - - [13/Sep/2020:08:25:57 +0800] "GET /xingrg/all/function/internal_message.html?_=1599957608437&CODE_STATE=getMsg HTTP/1.1" 200 27
172.17.0.123 - - [13/Sep/2020:08:25:58 +0800] "GET /xingrg/all/function/internal_message.html?_=1599956759523&CODE_STATE=getMsg HTTP/1.1" 302 -
120.253.135.82 - - [13/Sep/2020:08:25:58 +0800] "GET /xingrg/check_reg.html?_=1599956870560 HTTP/1.1" 302 -
116.235.241.164 - - [13/Sep/2020:08:25:59 +0800] "GET /xingrg/all/function/internal_message.html?_=1599956758666&CODE_STATE=getMsg HTTP/1.1" 200 27
114.88.166.242 - - [13/Sep/2020:08:26:12 +0800] "GET /xingrg/all/function/internal_message.html?_=1599956834707&CODE_STATE=getMsg HTTP/1.1" 200 27
218.81.217.115 - - [13/Sep/2020:08:26:23 +0800] "GET /xingrg/all/function/internal_message.html?_=1599956781905&CODE_STATE=getMsg HTTP/1.1" 200 27
116.235.241.164 - - [13/Sep/2020:08:26:40 +0800] "GET /xingrg/check_reg.html?_=1599956799440 HTTP/1.1" 200 22
116.235.241.164 - - [13/Sep/2020:08:26:40 +0800] "GET /xingrg/all/function/internal_message.html?_=1599956799442&CODE_STATE=getMsg HTTP/1.1" 200 27
120.253.135.82 - - [13/Sep/2020:08:26:43 +0800] "GET /xingrg/all/function/internal_message.html?_=1599956550077&CODE_STATE=getMsg HTTP/1.1" 200 27
117.184.7.26 - - [13/Sep/2020:08:26:57 +0800] "GET /xingrg/all/function/internal_message.html?_=1599957668436&CODE_STATE=getMsg HTTP/1.1" 200 27
172.17.0.123 - - [13/Sep/2020:08:26:58 +0800] "GET /xingrg/check_reg.html?_=1599956819509 HTTP/1.1" 302 -
172.17.0.123 - - [13/Sep/2020:08:26:58 +0800] "GET /xingrg/all/function/internal_message.html?_=1599956819511&CODE_STATE=getMsg HTTP/1.1" 302 -
116.235.241.164 - - [13/Sep/2020:08:26:59 +0800] "GET /xingrg/all/function/internal_message.html?_=1599956818668&CODE_STATE=getMsg HTTP/1.1" 200 27
116.235.241.164 - - [13/Sep/2020:08:26:59 +0800] "GET /xingrg/check_reg.html?_=1599956818671 HTTP/1.1" 200 22
114.88.166.242 - - [13/Sep/2020:08:27:11 +0800] "GET /xingrg/check_reg.html?_=1599956827747 HTTP/1.1" 200 22
114.88.166.242 - - [13/Sep/2020:08:27:12 +0800] "GET /xingrg/all/function/internal_message.html?_=1599956894685&CODE_STATE=getMsg HTTP/1.1" 200 27
58.37.9.106 - - [13/Sep/2020:08:27:20 +0800] "GET /xingrg/check_reg.html?_=1599956826703 HTTP/1.1" 200 22
218.81.217.115 - - [13/Sep/2020:08:27:23 +0800] "GET /xingrg/all/function/internal_message.html?_=1599956842080&CODE_STATE=getMsg HTTP/1.1" 200 27
120.253.135.82 - - [13/Sep/2020:08:27:37 +0800] "GET /xingrg/check_reg.html?_=1599956604370 HTTP/1.1" 200 22
116.235.241.164 - - [13/Sep/2020:08:27:40 +0800] "GET /xingrg/all/function/internal_message.html?_=1599956859444&CODE_STATE=getMsg HTTP/1.1" 200 27
120.253.135.82 - - [13/Sep/2020:08:27:43 +0800] "GET /xingrg/all/function/internal_message.html?_=1599956610091&CODE_STATE=getMsg HTTP/1.1" 200 27
117.184.7.26 - - [13/Sep/2020:08:27:57 +0800] "GET /xingrg/all/function/internal_message.html?_=1599957728435&CODE_STATE=getMsg HTTP/1.1" 200 27
172.17.0.123 - - [13/Sep/2020:08:27:58 +0800] "GET /xingrg/all/function/internal_message.html?_=1599956879511&CODE_STATE=getMsg HTTP/1.1" 302 -
116.235.241.164 - - [13/Sep/2020:08:27:59 +0800] "GET /xingrg/all/function/internal_message.html?_=1599956878669&CODE_STATE=getMsg HTTP/1.1" 200 27
114.88.166.242 - - [13/Sep/2020:08:28:12 +0800] "GET /xingrg/check_reg.html?_=1599956954559 HTTP/1.1" 200 22
114.88.166.242 - - [13/Sep/2020:08:28:12 +0800] "GET /xingrg/all/function/internal_message.html?_=1599956954667&CODE_STATE=getMsg HTTP/1.1" 200 27
218.81.217.115 - - [13/Sep/2020:08:28:23 +0800] "GET /xingrg/all/function/internal_message.html?_=1599956902088&CODE_STATE=getMsg HTTP/1.1" 200 27
116.232.49.242 - - [13/Sep/2020:08:28:38 +0800] "GET /xingrg/check_reg.html?_=1599956891348 HTTP/1.1" 200 22
116.235.241.164 - - [13/Sep/2020:08:28:40 +0800] "GET /xingrg/all/function/internal_message.html?_=1599956919442&CODE_STATE=getMsg HTTP/1.1" 200 27
120.253.135.82 - - [13/Sep/2020:08:28:43 +0800] "GET /xingrg/all/function/internal_message.html?_=1599956670106&CODE_STATE=getMsg HTTP/1.1" 200 27
117.184.7.26 - - [13/Sep/2020:08:28:57 +0800] "GET /xingrg/all/function/internal_message.html?_=1599957788463&CODE_STATE=getMsg HTTP/1.1" 200 27
117.184.7.26 - - [13/Sep/2020:08:28:57 +0800] "GET /xingrg/check_reg.html?_=1599957788464 HTTP/1.1" 200 22
172.17.0.123 - - [13/Sep/2020:08:28:58 +0800] "GET /xingrg/all/function/internal_message.html?_=1599956939513&CODE_STATE=getMsg HTTP/1.1" 302 -
116.235.241.164 - - [13/Sep/2020:08:28:59 +0800] "GET /xingrg/all/function/internal_message.html?_=1599956938672&CODE_STATE=getMsg HTTP/1.1" 200 27
114.88.166.242 - - [13/Sep/2020:08:29:12 +0800] "GET /xingrg/all/function/internal_message.html?_=1599957014645&CODE_STATE=getMsg HTTP/1.1" 200 27
114.88.166.242 - - [13/Sep/2020:08:29:17 +0800] "GET /xingrg/kc/buy/cgsh_order_add.html HTTP/1.1" 200 59668
114.88.166.242 - - [13/Sep/2020:08:29:17 +0800] "GET /xingrg/javascript/easyui/themes/icons/copy_new.png HTTP/1.1" 304 -
114.88.166.242 - - [13/Sep/2020:08:29:17 +0800] "POST /xingrg/kc/buy/cgsh_order_operate.html HTTP/1.1" 200 8245
114.88.166.242 - - [13/Sep/2020:08:29:17 +0800] "GET /xingrg/all/common/auto_word.html?type=employee&rest_code=00111 HTTP/1.1" 200 205
114.88.166.242 - - [13/Sep/2020:08:29:17 +0800] "GET /xingrg/all/common/auto_word.html?type=employee&rest_code=00111 HTTP/1.1" 200 205
114.88.166.242 - - [13/Sep/2020:08:29:17 +0800] "GET /xingrg/javascript/easyui/themes/default/validatebox.css HTTP/1.1" 404 1104
218.81.217.115 - - [13/Sep/2020:08:29:23 +0800] "GET /xingrg/all/function/internal_message.html?_=1599956962264&CODE_STATE=getMsg HTTP/1.1" 200 27
114.88.166.242 - - [13/Sep/2020:08:29:31 +0800] "GET /xingrg/kc/buy/cgsh_order_operate.html?command=get_materiel&rest_code=00111&code=00101002027&supplier_code=00100199&order_time=2020-09-13 HTTP/1.1" 200 413
116.235.241.164 - - [13/Sep/2020:08:29:40 +0800] "GET /xingrg/all/function/internal_message.html?_=1599956979441&CODE_STATE=getMsg HTTP/1.1" 200 27
120.253.135.82 - - [13/Sep/2020:08:29:43 +0800] "GET /xingrg/all/function/internal_message.html?_=1599956730320&CODE_STATE=getMsg HTTP/1.1" 200 27
58.40.7.146 - - [13/Sep/2020:08:29:52 +0800] "GET /xingrg/check_reg.html?_=1599956989562 HTTP/1.1" 200 22
117.184.7.26 - - [13/Sep/2020:08:29:57 +0800] "GET /xingrg/all/function/internal_message.html?_=1599957848462&CODE_STATE=getMsg HTTP/1.1" 200 27
172.17.0.123 - - [13/Sep/2020:08:29:58 +0800] "GET /xingrg/all/function/internal_message.html?_=1599956999515&CODE_STATE=getMsg HTTP/1.1" 302 -
116.235.241.164 - - [13/Sep/2020:08:29:59 +0800] "GET /xingrg/all/function/internal_message.html?_=1599956998685&CODE_STATE=getMsg HTTP/1.1" 200 27
218.81.217.115 - - [13/Sep/2020:08:30:03 +0800] "GET /xingrg/check_reg.html?_=1599957001527 HTTP/1.1" 200 22
114.88.166.242 - - [13/Sep/2020:08:30:12 +0800] "GET /xingrg/all/function/internal_message.html?_=1599957074646&CODE_STATE=getMsg HTTP/1.1" 200 27
218.81.217.115 - - [13/Sep/2020:08:30:23 +0800] "GET /xingrg/all/function/internal_message.html?_=1599957022272&CODE_STATE=getMsg HTTP/1.1" 200 27
116.235.241.164 - - [13/Sep/2020:08:30:40 +0800] "GET /xingrg/all/function/internal_message.html?_=1599957039440&CODE_STATE=getMsg HTTP/1.1" 200 27
120.253.135.82 - - [13/Sep/2020:08:30:43 +0800] "GET /xingrg/all/function/internal_message.html?_=1599956790335&CODE_STATE=getMsg HTTP/1.1" 200 27
117.184.7.26 - - [13/Sep/2020:08:30:57 +0800] "GET /xingrg/all/function/internal_message.html?_=1599957908461&CODE_STATE=getMsg HTTP/1.1" 200 27
172.17.0.123 - - [13/Sep/2020:08:30:58 +0800] "GET /xingrg/all/function/internal_message.html?_=1599957059517&CODE_STATE=getMsg HTTP/1.1" 302 -
120.253.135.82 - - [13/Sep/2020:08:30:58 +0800] "GET /xingrg/check_reg.html?_=1599957170640 HTTP/1.1" 302 -
116.235.241.164 - - [13/Sep/2020:08:30:59 +0800] "GET /xingrg/all/function/internal_message.html?_=1599957058672&CODE_STATE=getMsg HTTP/1.1" 200 27
114.88.166.242 - - [13/Sep/2020:08:31:12 +0800] "GET /xingrg/all/function/internal_message.html?_=1599957134613&CODE_STATE=getMsg HTTP/1.1" 200 27
116.230.74.197 - - [13/Sep/2020:08:31:22 +0800] "GET /xingrg/check_reg.html?_=1599957081195 HTTP/1.1" 200 22
218.81.217.115 - - [13/Sep/2020:08:31:23 +0800] "GET /xingrg/all/function/internal_message.html?_=1599957082286&CODE_STATE=getMsg HTTP/1.1" 200 27
116.235.241.164 - - [13/Sep/2020:08:31:40 +0800] "GET /xingrg/all/function/internal_message.html?_=1599957099440&CODE_STATE=getMsg HTTP/1.1" 200 27
116.235.241.164 - - [13/Sep/2020:08:31:40 +0800] "GET /xingrg/check_reg.html?_=1599957099441 HTTP/1.1" 200 22
120.253.135.82 - - [13/Sep/2020:08:31:43 +0800] "GET /xingrg/all/function/internal_message.html?_=1599956850528&CODE_STATE=getMsg HTTP/1.1" 200 27
117.184.7.26 - - [13/Sep/2020:08:31:57 +0800] "GET /xingrg/all/function/internal_message.html?_=1599957968460&CODE_STATE=getMsg HTTP/1.1" 200 27
172.17.0.123 - - [13/Sep/2020:08:31:58 +0800] "GET /xingrg/check_reg.html?_=1599957119521 HTTP/1.1" 302 -
172.17.0.123 - - [13/Sep/2020:08:31:58 +0800] "GET /xingrg/all/function/internal_message.html?_=1599957119523&CODE_STATE=getMsg HTTP/1.1" 302 -
116.235.241.164 - - [13/Sep/2020:08:31:59 +0800] "GET /xingrg/all/function/internal_message.html?_=1599957118671&CODE_STATE=getMsg HTTP/1.1" 200 27
116.235.241.164 - - [13/Sep/2020:08:31:59 +0800] "GET /xingrg/check_reg.html?_=1599957118676 HTTP/1.1" 200 22
114.88.166.242 - - [13/Sep/2020:08:32:11 +0800] "GET /xingrg/check_reg.html?_=1599957127758 HTTP/1.1" 200 22
114.88.166.242 - - [13/Sep/2020:08:32:12 +0800] "GET /xingrg/all/function/internal_message.html?_=1599957194591&CODE_STATE=getMsg HTTP/1.1" 200 27
58.37.9.106 - - [13/Sep/2020:08:32:20 +0800] "GET /xingrg/check_reg.html?_=1599957126702 HTTP/1.1" 200 22
218.81.217.115 - - [13/Sep/2020:08:32:24 +0800] "GET /xingrg/all/function/internal_message.html?_=1599957142452&CODE_STATE=getMsg HTTP/1.1" 200 27
120.253.135.82 - - [13/Sep/2020:08:32:37 +0800] "GET /xingrg/check_reg.html?_=1599956904371 HTTP/1.1" 200 22
116.235.241.164 - - [13/Sep/2020:08:32:40 +0800] "GET /xingrg/all/function/internal_message.html?_=1599957159441&CODE_STATE=getMsg HTTP/1.1" 200 27
120.253.135.82 - - [13/Sep/2020:08:32:43 +0800] "GET /xingrg/all/function/internal_message.html?_=1599956910533&CODE_STATE=getMsg HTTP/1.1" 200 27
117.184.7.26 - - [13/Sep/2020:08:32:57 +0800] "GET /xingrg/all/function/internal_message.html?_=1599958028459&CODE_STATE=getMsg HTTP/1.1" 200 27
172.17.0.123 - - [13/Sep/2020:08:32:58 +0800] "GET /xingrg/all/function/internal_message.html?_=1599957179507&CODE_STATE=getMsg HTTP/1.1" 302 -
116.235.241.164 - - [13/Sep/2020:08:32:59 +0800] "GET /xingrg/all/function/internal_message.html?_=1599957178676&CODE_STATE=getMsg HTTP/1.1" 200 27
114.88.166.242 - - [13/Sep/2020:08:33:12 +0800] "GET /xingrg/check_reg.html?_=1599957254573 HTTP/1.1" 200 22
114.88.166.242 - - [13/Sep/2020:08:33:12 +0800] "GET /xingrg/all/function/internal_message.html?_=1599957254576&CODE_STATE=getMsg HTTP/1.1" 200 27
218.81.217.115 - - [13/Sep/2020:08:33:23 +0800] "GET /xingrg/all/function/internal_message.html?_=1599957202452&CODE_STATE=getMsg HTTP/1.1" 200 27
116.232.49.242 - - [13/Sep/2020:08:33:38 +0800] "GET /xingrg/check_reg.html?_=1599957191350 HTTP/1.1" 200 22
116.235.241.164 - - [13/Sep/2020:08:33:40 +0800] "GET /xingrg/all/function/internal_message.html?_=1599957219446&CODE_STATE=getMsg HTTP/1.1" 200 27
120.253.135.82 - - [13/Sep/2020:08:33:43 +0800] "GET /xingrg/all/function/internal_message.html?_=1599956970547&CODE_STATE=getMsg HTTP/1.1" 200 27
117.184.7.26 - - [13/Sep/2020:08:33:57 +0800] "GET /xingrg/all/function/internal_message.html?_=1599958088458&CODE_STATE=getMsg HTTP/1.1" 200 27
117.184.7.26 - - [13/Sep/2020:08:33:57 +0800] "GET /xingrg/check_reg.html?_=1599958088459 HTTP/1.1" 200 22
120.253.135.82 - - [13/Sep/2020:08:33:57 +0800] "GET /xingrg/kc/pszx/mdqp_order_list.html?state=10 HTTP/1.1" 200 10125
120.253.135.82 - - [13/Sep/2020:08:33:57 +0800] "GET /xingrg/dwr/interface/AjaxReportQueryService.js HTTP/1.1" 200 13203
120.253.135.82 - - [13/Sep/2020:08:33:57 +0800] "GET /xingrg/dwr/engine.js HTTP/1.1" 200 43631
120.253.135.82 - - [13/Sep/2020:08:33:57 +0800] "GET /xingrg/dwr/interface/AjaxQqpsService.js HTTP/1.1" 200 16326
172.17.0.123 - - [13/Sep/2020:08:33:58 +0800] "GET /xingrg/all/function/internal_message.html?_=1599957239509&CODE_STATE=getMsg HTTP/1.1" 302 -
116.235.241.164 - - [13/Sep/2020:08:33:59 +0800] "GET /xingrg/all/function/internal_message.html?_=1599957238676&CODE_STATE=getMsg HTTP/1.1" 200 27
120.253.135.82 - - [13/Sep/2020:08:34:04 +0800] "GET /xingrg/kc/pszx/mdps_order_list.html?orderType=0 HTTP/1.1" 200 21059
120.253.135.82 - - [13/Sep/2020:08:34:04 +0800] "POST /xingrg/kc/pszx/mdps_list_operate.html HTTP/1.1" 200 5476
120.253.135.82 - - [13/Sep/2020:08:34:10 +0800] "GET /xingrg/kc/pszx/mdth_order_list.html HTTP/1.1" 200 18483
120.253.135.82 - - [13/Sep/2020:08:34:11 +0800] "POST /xingrg/kc/pszx/mdth_order_new_list.html HTTP/1.1" 200 3799
114.88.166.242 - - [13/Sep/2020:08:34:12 +0800] "GET /xingrg/all/function/internal_message.html?_=1599957314570&CODE_STATE=getMsg HTTP/1.1" 200 27
120.253.135.82 - - [13/Sep/2020:08:34:19 +0800] "GET /xingrg/kc/base/wldb_order_list.html HTTP/1.1" 200 19551
120.253.135.82 - - [13/Sep/2020:08:34:19 +0800] "POST /xingrg/kc/base/wldb_list_operate.html HTTP/1.1" 200 928
218.81.217.115 - - [13/Sep/2020:08:34:24 +0800] "GET /xingrg/all/function/internal_message.html?_=1599957262623&CODE_STATE=getMsg HTTP/1.1" 200 27
120.253.135.82 - - [13/Sep/2020:08:34:24 +0800] "GET /xingrg/kc/pszx/mdqp_order_list.html?state=10 HTTP/1.1" 200 10125
120.253.135.82 - - [13/Sep/2020:08:34:24 +0800] "GET /xingrg/dwr/interface/AjaxQqpsService.js HTTP/1.1" 200 16326
120.253.135.82 - - [13/Sep/2020:08:34:24 +0800] "GET /xingrg/dwr/interface/AjaxReportQueryService.js HTTP/1.1" 200 13203
120.253.135.82 - - [13/Sep/2020:08:34:24 +0800] "GET /xingrg/dwr/engine.js HTTP/1.1" 200 43631
116.232.54.42 - - [13/Sep/2020:08:34:36 +0800] "GET /xingrg/login.html HTTP/1.1" 200 7641
116.232.54.42 - - [13/Sep/2020:08:34:37 +0800] "GET /favicon.ico HTTP/1.1" 404 -
116.232.54.42 - - [13/Sep/2020:08:34:40 +0800] "POST /xingrg/login.do HTTP/1.1" 302 -
116.232.54.42 - - [13/Sep/2020:08:34:40 +0800] "GET /xingrg/index.html?sysBaseUrl=http%3A%2F%2F180.169.147.146%3A18081%2Fxingrg%2F&costTime=51×tamp=1599957280372 HTTP/1.1" 200 17173
116.232.54.42 - - [13/Sep/2020:08:34:40 +0800] "POST /xingrg/all/common/load_tree.html?tree=area_rest_tree_json&manage=1 HTTP/1.1" 200 342
116.232.54.42 - - [13/Sep/2020:08:34:40 +0800] "GET /xingrg/all/function/internal_message.html?_=1599957289504&CODE_STATE=count HTTP/1.1" 200 11
116.232.54.42 - - [13/Sep/2020:08:34:40 +0800] "GET /xingrg/check_reg.html?_=1599957289504 HTTP/1.1" 200 22
116.235.241.164 - - [13/Sep/2020:08:34:40 +0800] "GET /xingrg/all/function/internal_message.html?_=1599957279445&CODE_STATE=getMsg HTTP/1.1" 200 27
116.232.54.42 - - [13/Sep/2020:08:34:40 +0800] "POST /xingrg/load_menu.html HTTP/1.1" 200 5138
116.232.54.42 - - [13/Sep/2020:08:34:43 +0800] "GET /xingrg/kc/report/report_main.html HTTP/1.1" 200 7345
120.253.135.82 - - [13/Sep/2020:08:34:44 +0800] "GET /xingrg/all/function/internal_message.html?_=1599957030730&CODE_STATE=getMsg HTTP/1.1" 200 27
116.232.54.42 - - [13/Sep/2020:08:34:47 +0800] "GET /xingrg/all/report/report_query.html?fileName=kc/base/rk_by_base.xml&rh=9999 HTTP/1.1" 200 51953
116.232.54.42 - - [13/Sep/2020:08:34:47 +0800] "GET /xingrg/javascript/multi_select/jqueryMultiSelect.css HTTP/1.1" 200 951
116.232.54.42 - - [13/Sep/2020:08:34:47 +0800] "GET /xingrg/javascript/calendar/timePicker.css HTTP/1.1" 200 523
116.232.54.42 - - [13/Sep/2020:08:34:47 +0800] "GET /xingrg/javascript/bigrid/fix.css HTTP/1.1" 200 1702
116.232.54.42 - - [13/Sep/2020:08:34:47 +0800] "GET /xingrg/dwr/interface/AjaxReportQueryService.js HTTP/1.1" 200 13203
116.232.54.42 - - [13/Sep/2020:08:34:47 +0800] "GET /xingrg/dwr/util.js HTTP/1.1" 304 -
116.232.54.42 - - [13/Sep/2020:08:34:47 +0800] "GET /xingrg/dwr/engine.js HTTP/1.1" 200 43631
116.232.54.42 - - [13/Sep/2020:08:34:47 +0800] "GET /xingrg/javascript/jqueryMultiSelect.js HTTP/1.1" 200 11866
116.232.54.42 - - [13/Sep/2020:08:34:47 +0800] "GET /xingrg/javascript/calendar/jquery.timePicker.min.js HTTP/1.1" 200 2997
116.232.54.42 - - [13/Sep/2020:08:34:47 +0800] "GET /xingrg/javascript/bigrid/fix.js HTTP/1.1" 200 6439
116.232.54.42 - - [13/Sep/2020:08:34:47 +0800] "GET /xingrg/images/blue/button/advanceover.gif HTTP/1.1" 200 1347
116.232.54.42 - - [13/Sep/2020:08:34:47 +0800] "GET /xingrg/images/blue/button/back2over.gif HTTP/1.1" 200 1335
116.232.54.42 - - [13/Sep/2020:08:34:47 +0800] "GET /xingrg/images/blue/button/advance2over.gif HTTP/1.1" 200 1336
116.232.54.42 - - [13/Sep/2020:08:34:47 +0800] "GET /xingrg/images/control/loading.gif HTTP/1.1" 200 13463
116.232.54.42 - - [13/Sep/2020:08:34:47 +0800] "GET /xingrg/images/blue/button/backover.gif HTTP/1.1" 200 1348
116.232.54.42 - - [13/Sep/2020:08:34:48 +0800] "GET /xingrg/javascript/jquery_easy_ui/themes/icons/help.png HTTP/1.1" 200 1187
116.232.54.42 - - [13/Sep/2020:08:34:48 +0800] "GET /xingrg/javascript/jquery_easy_ui/themes/default/images/menu.gif HTTP/1.1" 200 834
116.232.54.42 - - [13/Sep/2020:08:34:48 +0800] "GET /xingrg/javascript/jquery_easy_ui/themes/default/images/menu_rightarrow.png HTTP/1.1" 200 3617
116.232.54.42 - - [13/Sep/2020:08:34:48 +0800] "GET /xingrg/javascript/jquery_easy_ui/themes/icons/pencil.png HTTP/1.1" 200 713
116.232.54.42 - - [13/Sep/2020:08:34:49 +0800] "POST /xingrg/all/common/load_tree.html?tree=materiel_sort_tree_json HTTP/1.1" 200 8666
58.40.7.146 - - [13/Sep/2020:08:34:52 +0800] "GET /xingrg/check_reg.html?_=1599957289540 HTTP/1.1" 200 22
116.232.54.42 - - [13/Sep/2020:08:34:53 +0800] "GET /xingrg/index.html?sysBaseUrl=http%3A%2F%2F180.169.147.146%3A18081%2Fxingrg%2F&costTime=51×tamp=1599957280372 HTTP/1.1" 200 17173
116.232.54.42 - - [13/Sep/2020:08:34:53 +0800] "GET /xingrg/javascript/jquery_easy_ui/themes/default/easyui.css HTTP/1.1" 304 -
116.232.54.42 - - [13/Sep/2020:08:34:54 +0800] "GET /xingrg/javascript/jquery_easy_ui/themes/icon.css HTTP/1.1" 304 -
116.232.54.42 - - [13/Sep/2020:08:34:54 +0800] "GET /xingrg/css/form.css HTTP/1.1" 304 -
116.232.54.42 - - [13/Sep/2020:08:34:54 +0800] "GET /xingrg/javascript/jquery-1.4.2.min.js HTTP/1.1" 304 -
116.232.54.42 - - [13/Sep/2020:08:34:54 +0800] "GET /xingrg/javascript/jquery_easy_ui/jquery.easyui.min.js HTTP/1.1" 304 -
116.232.54.42 - - [13/Sep/2020:08:34:54 +0800] "GET /xingrg/javascript/jquery_easy_ui/easyui-lang-zh_CN.js HTTP/1.1" 304 -
116.232.54.42 - - [13/Sep/2020:08:34:54 +0800] "GET /xingrg/javascript/jquery.form.js HTTP/1.1" 304 -
116.232.54.42 - - [13/Sep/2020:08:34:54 +0800] "GET /xingrg/javascript/jquery.utils.js HTTP/1.1" 304 -
116.232.54.42 - - [13/Sep/2020:08:34:54 +0800] "GET /xingrg/javascript/jquery.timers.js HTTP/1.1" 304 -
116.232.54.42 - - [13/Sep/2020:08:34:54 +0800] "GET /xingrg/images/blue/navBackgound.jpg HTTP/1.1" 304 -
116.232.54.42 - - [13/Sep/2020:08:34:54 +0800] "GET /xingrg/images/blue/jxLogo.png HTTP/1.1" 304 -
116.232.54.42 - - [13/Sep/2020:08:34:54 +0800] "GET /xingrg/javascript/jquery_easy_ui/themes/icons/settle_new.png HTTP/1.1" 304 -
116.232.54.42 - - [13/Sep/2020:08:34:54 +0800] "POST /xingrg/all/common/load_tree.html?tree=area_rest_tree_json&manage=1 HTTP/1.1" 200 342
116.232.54.42 - - [13/Sep/2020:08:34:54 +0800] "GET /xingrg/images/blue/pingpu.png HTTP/1.1" 304 -
116.232.54.42 - - [13/Sep/2020:08:34:54 +0800] "GET /xingrg/javascript/jquery_easy_ui/themes/default/images/tabs_leftarrow.png HTTP/1.1" 304 -
116.232.54.42 - - [13/Sep/2020:08:34:54 +0800] "GET /xingrg/javascript/jquery_easy_ui/themes/default/images/tabs_rightarrow.png HTTP/1.1" 304 -
116.232.54.42 - - [13/Sep/2020:08:34:54 +0800] "GET /xingrg/javascript/jquery_easy_ui/themes/default/images/panel_tool_collapse.gif HTTP/1.1" 304 -
116.232.54.42 - - [13/Sep/2020:08:34:54 +0800] "GET /xingrg/all/function/internal_message.html?_=1599957303906&CODE_STATE=count HTTP/1.1" 200 11
116.232.54.42 - - [13/Sep/2020:08:34:54 +0800] "GET /xingrg/check_reg.html?_=1599957303906 HTTP/1.1" 200 22
116.232.54.42 - - [13/Sep/2020:08:34:54 +0800] "POST /xingrg/load_menu.html HTTP/1.1" 200 5138
116.232.54.42 - - [13/Sep/2020:08:34:54 +0800] "GET /xingrg/javascript/jquery_easy_ui/themes/default/images/tree_arrows.gif HTTP/1.1" 304 -
116.232.54.42 - - [13/Sep/2020:08:34:55 +0800] "GET /xingrg/javascript/jquery_easy_ui/themes/default/images/tree_folder_open.gif HTTP/1.1" 304 -
116.232.54.42 - - [13/Sep/2020:08:34:55 +0800] "GET /xingrg/javascript/jquery_easy_ui/themes/icons/search_new.png HTTP/1.1" 304 -
116.232.54.42 - - [13/Sep/2020:08:34:55 +0800] "GET /xingrg/javascript/jquery_easy_ui/themes/default/images/tree_folder.gif HTTP/1.1" 304 -
116.232.54.42 - - [13/Sep/2020:08:34:55 +0800] "GET /xingrg/javascript/jquery_easy_ui/themes/icons/storage_new.png HTTP/1.1" 304 -
116.232.54.42 - - [13/Sep/2020:08:34:55 +0800] "GET /xingrg/javascript/jquery_easy_ui/themes/icons/forms_new.png HTTP/1.1" 304 -
117.184.7.26 - - [13/Sep/2020:08:34:57 +0800] "GET /xingrg/all/function/internal_message.html?_=1599958148457&CODE_STATE=getMsg HTTP/1.1" 200 27
172.17.0.123 - - [13/Sep/2020:08:34:58 +0800] "GET /xingrg/all/function/internal_message.html?_=1599957299513&CODE_STATE=getMsg HTTP/1.1" 302 -
116.232.54.42 - - [13/Sep/2020:08:34:58 +0800] "GET /xingrg/index.html?sysBaseUrl=http%3A%2F%2F180.169.147.146%3A18081%2Fxingrg%2F&costTime=51×tamp=1599957280372 HTTP/1.1" 200 17173
116.232.54.42 - - [13/Sep/2020:08:34:58 +0800] "GET /xingrg/javascript/jquery_easy_ui/themes/default/easyui.css HTTP/1.1" 304 -
116.232.54.42 - - [13/Sep/2020:08:34:58 +0800] "GET /xingrg/css/form.css HTTP/1.1" 304 -
116.232.54.42 - - [13/Sep/2020:08:34:58 +0800] "GET /xingrg/javascript/jquery_easy_ui/themes/icon.css HTTP/1.1" 304 -
116.232.54.42 - - [13/Sep/2020:08:34:58 +0800] "GET /xingrg/javascript/jquery-1.4.2.min.js HTTP/1.1" 304 -
116.232.54.42 - - [13/Sep/2020:08:34:58 +0800] "GET /xingrg/javascript/jquery_easy_ui/jquery.easyui.min.js HTTP/1.1" 304 -
116.232.54.42 - - [13/Sep/2020:08:34:58 +0800] "GET /xingrg/javascript/jquery.form.js HTTP/1.1" 304 -
116.232.54.42 - - [13/Sep/2020:08:34:58 +0800] "GET /xingrg/javascript/jquery_easy_ui/easyui-lang-zh_CN.js HTTP/1.1" 304 -
116.232.54.42 - - [13/Sep/2020:08:34:58 +0800] "GET /xingrg/javascript/jquery.utils.js HTTP/1.1" 304 -
116.232.54.42 - - [13/Sep/2020:08:34:58 +0800] "GET /xingrg/javascript/jquery.timers.js HTTP/1.1" 304 -
116.232.54.42 - - [13/Sep/2020:08:34:58 +0800] "GET /xingrg/images/blue/jxLogo.png HTTP/1.1" 304 -
116.232.54.42 - - [13/Sep/2020:08:34:58 +0800] "GET /xingrg/images/blue/navBackgound.jpg HTTP/1.1" 304 -
116.232.54.42 - - [13/Sep/2020:08:34:58 +0800] "GET /xingrg/javascript/jquery_easy_ui/themes/icons/settle_new.png HTTP/1.1" 304 -
116.232.54.42 - - [13/Sep/2020:08:34:58 +0800] "POST /xingrg/all/common/load_tree.html?tree=area_rest_tree_json&manage=1 HTTP/1.1" 200 342
116.232.54.42 - - [13/Sep/2020:08:34:58 +0800] "GET /xingrg/images/blue/pingpu.png HTTP/1.1" 304 -
116.232.54.42 - - [13/Sep/2020:08:34:58 +0800] "GET /xingrg/javascript/jquery_easy_ui/themes/default/images/tabs_leftarrow.png HTTP/1.1" 304 -
116.232.54.42 - - [13/Sep/2020:08:34:58 +0800] "GET /xingrg/javascript/jquery_easy_ui/themes/default/images/tabs_rightarrow.png HTTP/1.1" 304 -
116.232.54.42 - - [13/Sep/2020:08:34:58 +0800] "GET /xingrg/javascript/jquery_easy_ui/themes/default/images/panel_tool_collapse.gif HTTP/1.1" 304 -
116.232.54.42 - - [13/Sep/2020:08:34:58 +0800] "GET /xingrg/check_reg.html?_=1599957308015 HTTP/1.1" 200 22
116.232.54.42 - - [13/Sep/2020:08:34:58 +0800] "GET /xingrg/all/function/internal_message.html?_=1599957308015&CODE_STATE=count HTTP/1.1" 200 11
116.232.54.42 - - [13/Sep/2020:08:34:58 +0800] "POST /xingrg/load_menu.html HTTP/1.1" 200 5138
116.232.54.42 - - [13/Sep/2020:08:34:58 +0800] "GET /xingrg/javascript/jquery_easy_ui/themes/default/images/tree_arrows.gif HTTP/1.1" 304 -
116.232.54.42 - - [13/Sep/2020:08:34:59 +0800] "GET /xingrg/javascript/jquery_easy_ui/themes/default/images/tree_folder_open.gif HTTP/1.1" 304 -
116.232.54.42 - - [13/Sep/2020:08:34:59 +0800] "GET /xingrg/javascript/jquery_easy_ui/themes/icons/search_new.png HTTP/1.1" 304 -
116.232.54.42 - - [13/Sep/2020:08:34:59 +0800] "GET /xingrg/javascript/jquery_easy_ui/themes/default/images/tree_folder.gif HTTP/1.1" 304 -
116.232.54.42 - - [13/Sep/2020:08:34:59 +0800] "GET /xingrg/javascript/jquery_easy_ui/themes/icons/storage_new.png HTTP/1.1" 304 -
116.232.54.42 - - [13/Sep/2020:08:34:59 +0800] "GET /xingrg/javascript/jquery_easy_ui/themes/icons/forms_new.png HTTP/1.1" 304 -
116.232.54.42 - - [13/Sep/2020:08:34:59 +0800] "GET /xingrg/javascript/jquery_easy_ui/themes/default/images/tree_file.gif HTTP/1.1" 304 -
116.232.54.42 - - [13/Sep/2020:08:34:59 +0800] "GET /xingrg/kc/report/report_main.html HTTP/1.1" 200 7345
116.232.54.42 - - [13/Sep/2020:08:34:59 +0800] "GET /xingrg/javascript/jquery_easy_ui/themes/default/images/tabs_close.gif HTTP/1.1" 304 -
116.232.54.42 - - [13/Sep/2020:08:34:59 +0800] "GET /xingrg/css/blue.css HTTP/1.1" 304 -
116.232.54.42 - - [13/Sep/2020:08:34:59 +0800] "GET /xingrg/javascript/jquery_ui/themes/humanity/humanity.css HTTP/1.1" 304 -
116.232.54.42 - - [13/Sep/2020:08:34:59 +0800] "GET /xingrg/javascript/pic_change.js HTTP/1.1" 304 -
116.232.54.42 - - [13/Sep/2020:08:34:59 +0800] "GET /xingrg/javascript/myfunction.js HTTP/1.1" 304 -
116.232.54.42 - - [13/Sep/2020:08:34:59 +0800] "GET /xingrg/javascript/json2.js HTTP/1.1" 304 -
116.235.241.164 - - [13/Sep/2020:08:34:59 +0800] "GET /xingrg/all/function/internal_message.html?_=1599957298678&CODE_STATE=getMsg HTTP/1.1" 200 27
116.232.54.42 - - [13/Sep/2020:08:35:00 +0800] "GET /xingrg/javascript/jquery_easy_ui/themes/icons/back_new.png HTTP/1.1" 304 -
116.232.54.42 - - [13/Sep/2020:08:35:01 +0800] "GET /xingrg/all/report/report_query.html?fileName=kc/base/rk_by_base.xml&rh=9999 HTTP/1.1" 200 51953
116.232.54.42 - - [13/Sep/2020:08:35:01 +0800] "GET /xingrg/javascript/multi_select/jqueryMultiSelect.css HTTP/1.1" 304 -
116.232.54.42 - - [13/Sep/2020:08:35:01 +0800] "GET /xingrg/javascript/calendar/timePicker.css HTTP/1.1" 304 -
116.232.54.42 - - [13/Sep/2020:08:35:01 +0800] "GET /xingrg/javascript/bigrid/fix.css HTTP/1.1" 304 -
116.232.54.42 - - [13/Sep/2020:08:35:01 +0800] "GET /xingrg/dwr/util.js HTTP/1.1" 304 -
116.232.54.42 - - [13/Sep/2020:08:35:01 +0800] "GET /xingrg/javascript/jqueryMultiSelect.js HTTP/1.1" 304 -
116.232.54.42 - - [13/Sep/2020:08:35:01 +0800] "GET /xingrg/javascript/Calendar.js HTTP/1.1" 304 -
116.232.54.42 - - [13/Sep/2020:08:35:01 +0800] "GET /xingrg/javascript/calendar/jquery.timePicker.min.js HTTP/1.1" 304 -
116.232.54.42 - - [13/Sep/2020:08:35:01 +0800] "GET /xingrg/javascript/bigrid/fix.js HTTP/1.1" 304 -
116.232.54.42 - - [13/Sep/2020:08:35:01 +0800] "GET /xingrg/dwr/interface/AjaxReportQueryService.js HTTP/1.1" 200 13203
116.232.54.42 - - [13/Sep/2020:08:35:01 +0800] "GET /xingrg/dwr/engine.js HTTP/1.1" 200 43631
116.232.54.42 - - [13/Sep/2020:08:35:01 +0800] "GET /xingrg/images/control/loading.gif HTTP/1.1" 304 -
116.232.54.42 - - [13/Sep/2020:08:35:01 +0800] "GET /xingrg/images/blue/button/advanceover.gif HTTP/1.1" 304 -
116.232.54.42 - - [13/Sep/2020:08:35:01 +0800] "GET /xingrg/images/blue/button/back2over.gif HTTP/1.1" 304 -
116.232.54.42 - - [13/Sep/2020:08:35:01 +0800] "GET /xingrg/images/blue/button/advance2over.gif HTTP/1.1" 304 -
116.232.54.42 - - [13/Sep/2020:08:35:01 +0800] "GET /xingrg/images/blue/button/backover.gif HTTP/1.1" 304 -
116.232.54.42 - - [13/Sep/2020:08:35:01 +0800] "GET /xingrg/javascript/jquery_easy_ui/themes/icons/help.png HTTP/1.1" 304 -
116.232.54.42 - - [13/Sep/2020:08:35:01 +0800] "GET /xingrg/javascript/jquery_easy_ui/themes/default/images/menu_downarrow.png HTTP/1.1" 304 -
116.232.54.42 - - [13/Sep/2020:08:35:01 +0800] "GET /xingrg/javascript/jquery_easy_ui/themes/default/images/menu.gif HTTP/1.1" 304 -
116.232.54.42 - - [13/Sep/2020:08:35:01 +0800] "GET /xingrg/javascript/jquery_easy_ui/themes/icons/print.png HTTP/1.1" 304 -
116.232.54.42 - - [13/Sep/2020:08:35:02 +0800] "GET /xingrg/javascript/jquery_easy_ui/themes/icons/pencil.png HTTP/1.1" 304 -
116.232.54.42 - - [13/Sep/2020:08:35:02 +0800] "GET /xingrg/javascript/jquery_easy_ui/themes/default/images/menu_rightarrow.png HTTP/1.1" 304 -
116.232.54.42 - - [13/Sep/2020:08:35:02 +0800] "POST /xingrg/dwr/call/plaincall/AjaxReportQueryService.getFixDate.dwr HTTP/1.1" 200 111
116.232.54.42 - - [13/Sep/2020:08:35:02 +0800] "GET /xingrg/javascript/jquery_easy_ui/themes/default/images/combo_arrow_dot.gif HTTP/1.1" 304 -
116.232.54.42 - - [13/Sep/2020:08:35:02 +0800] "POST /xingrg/all/common/load_tree.html?tree=materiel_sort_tree_json HTTP/1.1" 200 8666
116.232.54.42 - - [13/Sep/2020:08:35:02 +0800] "GET /xingrg/javascript/jquery_easy_ui/themes/default/images/tree_checkbox_0.gif HTTP/1.1" 304 -
116.232.54.42 - - [13/Sep/2020:08:35:02 +0800] "POST /xingrg/dwr/call/plaincall/AjaxReportQueryService.getInitString.dwr HTTP/1.1" 200 1014
116.232.54.42 - - [13/Sep/2020:08:35:02 +0800] "GET /xingrg/javascript/multi_select/dropdown.gif HTTP/1.1" 304 -
218.81.217.115 - - [13/Sep/2020:08:35:03 +0800] "GET /xingrg/check_reg.html?_=1599957301530 HTTP/1.1" 200 22
114.88.166.242 - - [13/Sep/2020:08:35:12 +0800] "GET /xingrg/all/function/internal_message.html?_=1599957374569&CODE_STATE=getMsg HTTP/1.1" 200 27
116.232.54.42 - - [13/Sep/2020:08:35:15 +0800] "GET /xingrg/javascript/multi_select/dropdown_hover.gif HTTP/1.1" 304 -
116.232.54.42 - - [13/Sep/2020:08:35:16 +0800] "GET /xingrg/javascript/multi_select/dropdown_active.gif HTTP/1.1" 304 -
218.81.217.115 - - [13/Sep/2020:08:35:24 +0800] "GET /xingrg/all/function/internal_message.html?_=1599957322636&CODE_STATE=getMsg HTTP/1.1" 200 27
116.232.54.42 - - [13/Sep/2020:08:35:35 +0800] "GET /xingrg/javascript/jquery_easy_ui/themes/default/images/tree_checkbox_1.gif HTTP/1.1" 304 -
116.232.54.42 - - [13/Sep/2020:08:35:35 +0800] "GET /xingrg/javascript/jquery_easy_ui/themes/default/images/tree_checkbox_2.gif HTTP/1.1" 304 -
116.232.54.42 - - [13/Sep/2020:08:35:36 +0800] "POST /xingrg/dwr/call/plaincall/AjaxReportQueryService.refreshCache.dwr HTTP/1.1" 200 78
116.232.54.42 - - [13/Sep/2020:08:35:37 +0800] "POST /xingrg/all/report/load_report_page.html HTTP/1.1" 200 20650
116.232.54.42 - - [13/Sep/2020:08:35:37 +0800] "GET /xingrg/servlets/image?cache=0.1673718769149637&image=px HTTP/1.1" 200 807
116.235.241.164 - - [13/Sep/2020:08:35:40 +0800] "GET /xingrg/all/function/internal_message.html?_=1599957339446&CODE_STATE=getMsg HTTP/1.1" 200 27
120.253.135.82 - - [13/Sep/2020:08:35:44 +0800] "GET /xingrg/all/function/internal_message.html?_=1599957090730&CODE_STATE=getMsg HTTP/1.1" 200 27
114.88.166.242 - - [13/Sep/2020:08:35:53 +0800] "GET /xingrg/kc/buy/cgsh_order_operate.html?command=get_materiel&rest_code=00111&code=00101002006&supplier_code=00100199&order_time=2020-09-13 HTTP/1.1" 200 414
117.184.7.26 - - [13/Sep/2020:08:35:57 +0800] "GET /xingrg/all/function/internal_message.html?_=1599958208456&CODE_STATE=getMsg HTTP/1.1" 200 27
116.232.54.42 - - [13/Sep/2020:08:35:57 +0800] "GET /xingrg/all/function/internal_message.html?_=1599957368015&CODE_STATE=getMsg HTTP/1.1" 200 27
114.88.166.242 - - [13/Sep/2020:08:35:58 +0800] "POST /xingrg/kc/buy/cgsh_order_operate.html HTTP/1.1" 200 37
172.17.0.123 - - [13/Sep/2020:08:35:58 +0800] "GET /xingrg/all/function/internal_message.html?_=1599957359515&CODE_STATE=getMsg HTTP/1.1" 302 -
120.253.135.82 - - [13/Sep/2020:08:35:58 +0800] "GET /xingrg/check_reg.html?_=1599957470709 HTTP/1.1" 302 -
114.88.166.242 - - [13/Sep/2020:08:35:58 +0800] "POST /xingrg/kc/buy/cgsh_order_operate.html HTTP/1.1" 200 4439
114.88.166.242 - - [13/Sep/2020:08:35:59 +0800] "GET /xingrg/kc/print/load_config.html?kc_code=cgsh HTTP/1.1" 200 1845
114.88.166.242 - - [13/Sep/2020:08:35:59 +0800] "GET /xingrg/kc/print/load_data.html?order_code=212020091305384&kc_code=cgsh&condition= HTTP/1.1" 200 1361
