116.238.90.59 - - [13/Sep/2020:10:47:05 +0800] "POST /xingrg/kc/buy/cgsh_order_operate.html HTTP/1.1" 200 37
116.238.71.173 - - [13/Sep/2020:10:47:05 +0800] "POST /xingrg/kc/base/yddb_list_operate.html HTTP/1.1" 200 641
180.157.253.48 - - [13/Sep/2020:10:47:05 +0800] "GET /xingrg/kc/buy/cgsh_order_operate.html?command=get_materiel&rest_code=00148&code=00101001135&supplier_code=00100313&order_time=2020-09-13 HTTP/1.1" 200 415
116.238.71.173 - - [13/Sep/2020:10:47:06 +0800] "GET /xingrg/all/function/internal_message.html?_=1599965349364&CODE_STATE=getMsg HTTP/1.1" 200 27
120.204.17.70 - - [13/Sep/2020:10:47:06 +0800] "GET /xingrg/kc/buy/cgsh_order_operate.html?command=get_materiel&rest_code=00106&code=00101016053&supplier_code=00100032&order_time=2020-09-13 HTTP/1.1" 302 -
116.238.71.173 - - [13/Sep/2020:10:47:06 +0800] "GET /xingrg/kc/base/yddb_order_info.html?code=482020091300120 HTTP/1.1" 200 30764
116.238.71.173 - - [13/Sep/2020:10:47:06 +0800] "GET /xingrg/dwr/interface/AjaxComOrderService.js HTTP/1.1" 200 18264
116.238.71.173 - - [13/Sep/2020:10:47:06 +0800] "GET /xingrg/dwr/interface/AjaxYddbService.js HTTP/1.1" 200 13201
116.238.71.173 - - [13/Sep/2020:10:47:06 +0800] "GET /xingrg/dwr/engine.js HTTP/1.1" 200 43631
116.238.71.173 - - [13/Sep/2020:10:47:07 +0800] "POST /xingrg/dwr/call/plaincall/AjaxYddbService.loadMaterielItems.dwr HTTP/1.1" 200 2651
114.82.29.189 - - [13/Sep/2020:10:47:07 +0800] "POST /xingrg/kc/buy/cgsh_order_operate.html HTTP/1.1" 200 37
116.238.90.59 - - [13/Sep/2020:10:47:07 +0800] "POST /xingrg/kc/buy/cgsh_order_operate.html HTTP/1.1" 200 23373
114.82.29.189 - - [13/Sep/2020:10:47:08 +0800] "POST /xingrg/kc/buy/cgsh_order_operate.html HTTP/1.1" 200 3849
114.82.29.189 - - [13/Sep/2020:10:47:09 +0800] "GET /xingrg/kc/print/load_data.html?order_code=212020091305515&kc_code=cgsh&condition= HTTP/1.1" 200 1132
116.238.71.173 - - [13/Sep/2020:10:47:11 +0800] "POST /xingrg/dwr/call/plaincall/AjaxYddbService.saveOrder.dwr HTTP/1.1" 200 78
114.88.166.242 - - [13/Sep/2020:10:47:12 +0800] "GET /xingrg/check_reg.html?_=1599965227901 HTTP/1.1" 200 22
114.82.29.189 - - [13/Sep/2020:10:47:12 +0800] "GET /xingrg/kc/buy/cgsh_order_add.html HTTP/1.1" 200 59668
114.82.29.189 - - [13/Sep/2020:10:47:13 +0800] "POST /xingrg/kc/buy/cgsh_order_operate.html HTTP/1.1" 200 8245
114.82.29.189 - - [13/Sep/2020:10:47:13 +0800] "GET /xingrg/javascript/easyui/themes/default/validatebox.css HTTP/1.1" 404 1104
180.171.125.150 - - [13/Sep/2020:10:47:13 +0800] "GET /xingrg/all/function/internal_message.html?_=1599965226785&CODE_STATE=getMsg HTTP/1.1" 200 27
120.204.17.72 - - [13/Sep/2020:10:47:13 +0800] "GET /xingrg/kc/buy/cgsh_order_operate.html?command=get_materiel&rest_code=00106&code=00101001111&supplier_code=00100032&order_time=2020-09-13 HTTP/1.1" 302 -
58.37.9.106 - - [13/Sep/2020:10:47:13 +0800] "GET /xingrg/kc/buy/cgsh_order_operate.html?command=get_materiel&rest_code=00141&code=00101010553&supplier_code=00100312&order_time=2020-09-13 HTTP/1.1" 200 402
116.238.71.173 - - [13/Sep/2020:10:47:14 +0800] "POST /xingrg/dwr/call/plaincall/AjaxYddbService.objCheckOrder.dwr HTTP/1.1" 200 78
222.69.137.87 - - [13/Sep/2020:10:47:15 +0800] "GET /xingrg/all/function/internal_message.html?_=1599965232865&CODE_STATE=getMsg HTTP/1.1" 200 27
116.238.71.173 - - [13/Sep/2020:10:47:15 +0800] "GET /xingrg/kc/base/yddb_order_info.html?code=482020091300120 HTTP/1.1" 200 30889
116.238.71.173 - - [13/Sep/2020:10:47:15 +0800] "GET /xingrg/dwr/interface/AjaxYddbService.js HTTP/1.1" 200 13201
116.238.71.173 - - [13/Sep/2020:10:47:15 +0800] "GET /xingrg/dwr/interface/AjaxComOrderService.js HTTP/1.1" 200 18264
116.238.71.173 - - [13/Sep/2020:10:47:15 +0800] "GET /xingrg/dwr/engine.js HTTP/1.1" 200 43631
116.238.71.173 - - [13/Sep/2020:10:47:15 +0800] "POST /xingrg/dwr/call/plaincall/AjaxYddbService.loadMaterielItems.dwr HTTP/1.1" 200 2651
180.157.253.48 - - [13/Sep/2020:10:47:16 +0800] "GET /xingrg/kc/buy/cgsh_order_operate.html?command=get_materiel&rest_code=00148&code=00101001138&supplier_code=00100313&order_time=2020-09-13 HTTP/1.1" 200 413
120.204.17.70 - - [13/Sep/2020:10:47:16 +0800] "GET /xingrg/login.html HTTP/1.1" 200 7641
114.82.29.189 - - [13/Sep/2020:10:47:17 +0800] "GET /xingrg/system/info/materiel_import.html?isSelect=1&singleSelect=false HTTP/1.1" 200 5600
114.82.29.189 - - [13/Sep/2020:10:47:17 +0800] "GET /favicon.ico HTTP/1.1" 404 -
114.82.29.189 - - [13/Sep/2020:10:47:17 +0800] "POST /xingrg/all/common/load_tree.html?tree=materiel_sort_tree_json HTTP/1.1" 200 8666
58.37.9.106 - - [13/Sep/2020:10:47:19 +0800] "GET /xingrg/check_reg.html?_=1599965226347 HTTP/1.1" 200 22
120.204.17.72 - - [13/Sep/2020:10:47:19 +0800] "GET /xingrg/login.html HTTP/1.1" 200 7641
116.238.71.173 - - [13/Sep/2020:10:47:22 +0800] "GET /xingrg/kc/base/yddb_order_info.html?code=482020091300119 HTTP/1.1" 200 30764
116.238.71.173 - - [13/Sep/2020:10:47:22 +0800] "GET /xingrg/dwr/interface/AjaxYddbService.js HTTP/1.1" 200 13201
116.238.71.173 - - [13/Sep/2020:10:47:22 +0800] "GET /xingrg/dwr/interface/AjaxComOrderService.js HTTP/1.1" 200 18264
116.238.71.173 - - [13/Sep/2020:10:47:22 +0800] "GET /xingrg/dwr/engine.js HTTP/1.1" 200 43631
116.238.71.173 - - [13/Sep/2020:10:47:22 +0800] "POST /xingrg/dwr/call/plaincall/AjaxYddbService.loadMaterielItems.dwr HTTP/1.1" 200 1138
58.37.9.106 - - [13/Sep/2020:10:47:22 +0800] "GET /xingrg/kc/buy/cgsh_order_operate.html?command=get_materiel&rest_code=00141&code=00101008351&supplier_code=00100007&order_time=2020-09-13 HTTP/1.1" 200 408
180.157.253.48 - - [13/Sep/2020:10:47:24 +0800] "GET /xingrg/kc/buy/cgsh_order_operate.html?command=get_materiel&rest_code=00148&code=00101001096&supplier_code=00100313&order_time=2020-09-13 HTTP/1.1" 200 413
114.82.29.189 - - [13/Sep/2020:10:47:26 +0800] "GET /xingrg/kc/buy/cgsh_order_operate.html?command=get_materiel&rest_code=00105&code=00101012049&supplier_code=00100338&order_time=2020-09-13 HTTP/1.1" 200 430
116.238.71.173 - - [13/Sep/2020:10:47:27 +0800] "POST /xingrg/dwr/call/plaincall/AjaxYddbService.saveOrder.dwr HTTP/1.1" 200 78
114.82.29.189 - - [13/Sep/2020:10:47:27 +0800] "POST /xingrg/all/common/load_select.html HTTP/1.1" 200 25
114.82.29.189 - - [13/Sep/2020:10:47:28 +0800] "GET /xingrg/javascript/jquery_tools/images/prev.gif HTTP/1.1" 404 1086
114.82.29.189 - - [13/Sep/2020:10:47:28 +0800] "GET /xingrg/javascript/jquery_tools/images/next.gif HTTP/1.1" 404 1086
114.82.29.189 - - [13/Sep/2020:10:47:29 +0800] "GET /xingrg/all/function/internal_message.html?_=1599965231287&CODE_STATE=getMsg HTTP/1.1" 200 27
114.82.29.189 - - [13/Sep/2020:10:47:29 +0800] "GET /xingrg/kc/buy/cgsh_order_operate.html?command=get_materiel_price&rest_code=00105&code=00101012049&unit_code=00100086&supplier_code=00100338&order_time=2020-09-13 HTTP/1.1" 200 29
117.131.5.26 - - [13/Sep/2020:10:47:30 +0800] "GET /xingrg/all/function/internal_message.html?_=1599965247346&CODE_STATE=getMsg HTTP/1.1" 200 27
116.238.71.173 - - [13/Sep/2020:10:47:30 +0800] "POST /xingrg/dwr/call/plaincall/AjaxYddbService.objCheckOrder.dwr HTTP/1.1" 200 78
58.37.9.106 - - [13/Sep/2020:10:47:31 +0800] "GET /xingrg/kc/buy/cgsh_order_operate.html?command=get_materiel&rest_code=00141&code=00101008096&supplier_code=00100007&order_time=2020-09-13 HTTP/1.1" 200 412
116.238.71.173 - - [13/Sep/2020:10:47:31 +0800] "GET /xingrg/kc/base/yddb_order_info.html?code=482020091300119 HTTP/1.1" 200 30889
116.238.71.173 - - [13/Sep/2020:10:47:31 +0800] "GET /xingrg/dwr/interface/AjaxComOrderService.js HTTP/1.1" 200 18264
116.238.71.173 - - [13/Sep/2020:10:47:31 +0800] "GET /xingrg/dwr/interface/AjaxYddbService.js HTTP/1.1" 200 13201
116.238.71.173 - - [13/Sep/2020:10:47:31 +0800] "GET /xingrg/dwr/engine.js HTTP/1.1" 200 43631
116.238.71.173 - - [13/Sep/2020:10:47:31 +0800] "POST /xingrg/dwr/call/plaincall/AjaxYddbService.loadMaterielItems.dwr HTTP/1.1" 200 1138
180.157.253.48 - - [13/Sep/2020:10:47:31 +0800] "GET /xingrg/kc/buy/cgsh_order_operate.html?command=get_materiel&rest_code=00148&code=00101001142&supplier_code=00100313&order_time=2020-09-13 HTTP/1.1" 200 413
172.17.0.120 - - [13/Sep/2020:10:47:32 +0800] "GET /xingrg/all/function/internal_message.html?_=1599965249818&CODE_STATE=getMsg HTTP/1.1" 200 27
116.238.71.173 - - [13/Sep/2020:10:47:35 +0800] "POST /xingrg/kc/base/yddb_list_operate.html HTTP/1.1" 200 458
116.238.71.173 - - [13/Sep/2020:10:47:37 +0800] "GET /xingrg/kc/base/yddb_order_info.html?code=482020091300118 HTTP/1.1" 200 30764
116.238.71.173 - - [13/Sep/2020:10:47:37 +0800] "GET /xingrg/dwr/interface/AjaxYddbService.js HTTP/1.1" 200 13201
116.238.71.173 - - [13/Sep/2020:10:47:37 +0800] "GET /xingrg/dwr/interface/AjaxComOrderService.js HTTP/1.1" 200 18264
116.238.71.173 - - [13/Sep/2020:10:47:37 +0800] "GET /xingrg/dwr/engine.js HTTP/1.1" 200 43631
116.238.71.173 - - [13/Sep/2020:10:47:37 +0800] "POST /xingrg/dwr/call/plaincall/AjaxYddbService.loadMaterielItems.dwr HTTP/1.1" 200 1525
116.238.90.59 - - [13/Sep/2020:10:47:38 +0800] "GET /xingrg/all/function/internal_message.html?_=1599965262614&CODE_STATE=getMsg HTTP/1.1" 200 27
218.81.217.115 - - [13/Sep/2020:10:47:39 +0800] "GET /xingrg/all/function/internal_message.html?_=1599965258410&CODE_STATE=getMsg HTTP/1.1" 200 27
116.238.90.59 - - [13/Sep/2020:10:47:39 +0800] "GET /xingrg/kc/buy/cgsh_order_add.html HTTP/1.1" 200 59580
116.238.90.59 - - [13/Sep/2020:10:47:40 +0800] "POST /xingrg/kc/buy/cgsh_order_operate.html HTTP/1.1" 200 8245
116.238.71.173 - - [13/Sep/2020:10:47:40 +0800] "POST /xingrg/dwr/call/plaincall/AjaxYddbService.saveOrder.dwr HTTP/1.1" 200 78
116.238.90.59 - - [13/Sep/2020:10:47:40 +0800] "GET /xingrg/javascript/easyui/themes/default/validatebox.css HTTP/1.1" 404 1104
180.157.253.48 - - [13/Sep/2020:10:47:40 +0800] "GET /xingrg/kc/buy/cgsh_order_operate.html?command=get_materiel&rest_code=00148&code=00102026001&supplier_code=00100313&order_time=2020-09-13 HTTP/1.1" 200 409
172.17.200.101 - - [13/Sep/2020:10:47:40 +0800] "GET /xingrg/check_reg.html?_=1599965258691 HTTP/1.1" 200 22
172.17.200.101 - - [13/Sep/2020:10:47:40 +0800] "GET /xingrg/all/function/internal_message.html?_=1599965258696&CODE_STATE=getMsg HTTP/1.1" 200 27
116.235.241.164 - - [13/Sep/2020:10:47:40 +0800] "GET /xingrg/all/function/internal_message.html?_=1599965259607&CODE_STATE=getMsg HTTP/1.1" 200 27
116.238.71.173 - - [13/Sep/2020:10:47:44 +0800] "POST /xingrg/dwr/call/plaincall/AjaxYddbService.objCheckOrder.dwr HTTP/1.1" 200 78
116.238.71.173 - - [13/Sep/2020:10:47:44 +0800] "GET /xingrg/kc/base/yddb_order_info.html?code=482020091300118 HTTP/1.1" 200 30889
116.238.71.173 - - [13/Sep/2020:10:47:45 +0800] "GET /xingrg/dwr/interface/AjaxComOrderService.js HTTP/1.1" 200 18264
116.238.71.173 - - [13/Sep/2020:10:47:45 +0800] "GET /xingrg/dwr/interface/AjaxYddbService.js HTTP/1.1" 200 13201
116.238.71.173 - - [13/Sep/2020:10:47:45 +0800] "GET /xingrg/dwr/engine.js HTTP/1.1" 200 43631
116.238.71.173 - - [13/Sep/2020:10:47:45 +0800] "POST /xingrg/dwr/call/plaincall/AjaxYddbService.loadMaterielItems.dwr HTTP/1.1" 200 1525
116.238.90.59 - - [13/Sep/2020:10:47:46 +0800] "GET /xingrg/all/function/internal_message.html?_=1599965470960&CODE_STATE=getMsg HTTP/1.1" 200 27
116.238.90.59 - - [13/Sep/2020:10:47:47 +0800] "POST /xingrg/kc/buy/cgsh_order_operate.html HTTP/1.1" 200 37
180.157.253.48 - - [13/Sep/2020:10:47:48 +0800] "POST /xingrg/kc/buy/cgsh_order_operate.html HTTP/1.1" 200 37
116.238.90.59 - - [13/Sep/2020:10:47:48 +0800] "POST /xingrg/kc/buy/cgsh_order_operate.html HTTP/1.1" 200 23373
116.238.90.59 - - [13/Sep/2020:10:47:49 +0800] "GET /xingrg/kc/buy/cgsh_order_operate.html?command=get_materiel&rest_code=00102&code=00101001010&supplier_code=00100151&order_time=2020-09-13 HTTP/1.1" 200 429
116.238.71.173 - - [13/Sep/2020:10:47:49 +0800] "POST /xingrg/kc/base/yddb_list_operate.html HTTP/1.1" 200 198
114.82.29.189 - - [13/Sep/2020:10:47:50 +0800] "GET /xingrg/kc/buy/cgsh_order_operate.html?command=get_materiel&rest_code=00105&code=00101012060&supplier_code=00100338&order_time=2020-09-13 HTTP/1.1" 200 408
116.238.90.59 - - [13/Sep/2020:10:47:50 +0800] "POST /xingrg/kc/buy/cgsh_list_operate.html HTTP/1.1" 200 2412
116.238.90.59 - - [13/Sep/2020:10:47:51 +0800] "POST /xingrg/kc/buy/cgsh_list_operate.html HTTP/1.1" 200 2412
172.17.0.105 - - [13/Sep/2020:10:47:52 +0800] "GET /xingrg/all/function/internal_message.html?_=1599965269234&CODE_STATE=getMsg HTTP/1.1" 200 27
116.238.71.173 - - [13/Sep/2020:10:47:53 +0800] "GET /xingrg/all/function/internal_message.html?_=1599965270571&CODE_STATE=getMsg HTTP/1.1" 200 27
116.238.71.173 - - [13/Sep/2020:10:47:53 +0800] "GET /xingrg/kc/base/yddb_order_info.html?code=482020091300116 HTTP/1.1" 200 30764
116.238.71.173 - - [13/Sep/2020:10:47:53 +0800] "GET /xingrg/dwr/interface/AjaxYddbService.js HTTP/1.1" 200 13201
116.238.71.173 - - [13/Sep/2020:10:47:53 +0800] "GET /xingrg/dwr/interface/AjaxComOrderService.js HTTP/1.1" 200 18264
116.238.71.173 - - [13/Sep/2020:10:47:53 +0800] "GET /xingrg/dwr/engine.js HTTP/1.1" 200 43631
116.238.71.173 - - [13/Sep/2020:10:47:53 +0800] "POST /xingrg/dwr/call/plaincall/AjaxYddbService.loadMaterielItems.dwr HTTP/1.1" 200 383
222.69.160.252 - - [13/Sep/2020:10:47:54 +0800] "GET /xingrg/all/function/internal_message.html?_=1599965104687&CODE_STATE=getMsg HTTP/1.1" 200 27
114.82.29.189 - - [13/Sep/2020:10:47:54 +0800] "POST /xingrg/kc/buy/cgsh_order_operate.html HTTP/1.1" 200 37
114.82.29.189 - - [13/Sep/2020:10:47:55 +0800] "POST /xingrg/kc/buy/cgsh_order_operate.html HTTP/1.1" 200 3254
180.157.253.48 - - [13/Sep/2020:10:47:55 +0800] "POST /xingrg/kc/buy/cgsh_order_operate.html HTTP/1.1" 200 12
117.185.32.26 - - [13/Sep/2020:10:47:55 +0800] "GET /xingrg/all/function/internal_message.html?_=1599965270602&CODE_STATE=getMsg HTTP/1.1" 200 27
114.82.29.189 - - [13/Sep/2020:10:47:56 +0800] "GET /xingrg/kc/print/load_data.html?order_code=212020091305517&kc_code=cgsh&condition= HTTP/1.1" 200 906
116.238.71.173 - - [13/Sep/2020:10:47:56 +0800] "POST /xingrg/dwr/call/plaincall/AjaxYddbService.saveOrder.dwr HTTP/1.1" 200 78
117.184.7.30 - - [13/Sep/2020:10:47:56 +0800] "GET /xingrg/all/function/internal_message.html?_=1599966128585&CODE_STATE=getMsg HTTP/1.1" 200 27
172.17.0.123 - - [13/Sep/2020:10:47:58 +0800] "GET /xingrg/all/function/internal_message.html?_=1599965279515&CODE_STATE=getMsg HTTP/1.1" 302 -
172.17.0.185 - - [13/Sep/2020:10:47:58 +0800] "GET /xingrg/check_reg.html?_=1599965275722 HTTP/1.1" 200 22
116.238.90.59 - - [13/Sep/2020:10:47:59 +0800] "POST /xingrg/kc/buy/cgsh_list_operate.html HTTP/1.1" 200 4
180.157.253.48 - - [13/Sep/2020:10:47:59 +0800] "GET /xingrg/kc/buy/cgsh_order_info.html?code=212020091305516 HTTP/1.1" 200 54581
180.157.253.48 - - [13/Sep/2020:10:48:00 +0800] "GET /xingrg/javascript/easyui/themes/default/validatebox.css HTTP/1.1" 404 1104
116.235.241.164 - - [13/Sep/2020:10:48:00 +0800] "GET /xingrg/all/function/internal_message.html?_=1599965278833&CODE_STATE=getMsg HTTP/1.1" 200 27
180.157.253.48 - - [13/Sep/2020:10:48:00 +0800] "POST /xingrg/kc/buy/cgsh_order_operate.html HTTP/1.1" 200 2985
58.37.9.106 - - [13/Sep/2020:10:48:00 +0800] "GET /xingrg/kc/buy/cgsh_order_operate.html?command=get_materiel&rest_code=00141&code=00101001047&supplier_code=00100312&order_time=2020-09-13 HTTP/1.1" 200 421
58.37.9.106 - - [13/Sep/2020:10:48:00 +0800] "GET /xingrg/all/function/internal_message.html?_=1599964904096&CODE_STATE=getMsg HTTP/1.1" 200 27
114.82.29.189 - - [13/Sep/2020:10:48:01 +0800] "GET /xingrg/kc/buy/cgsh_order_add.html HTTP/1.1" 200 59668
180.157.253.48 - - [13/Sep/2020:10:48:01 +0800] "GET /xingrg/kc/print/load_data.html?order_code=212020091305516&kc_code=cgsh&condition= HTTP/1.1" 200 1620
114.82.29.189 - - [13/Sep/2020:10:48:01 +0800] "POST /xingrg/kc/buy/cgsh_order_operate.html HTTP/1.1" 200 8245
114.82.29.189 - - [13/Sep/2020:10:48:01 +0800] "GET /xingrg/javascript/easyui/themes/default/validatebox.css HTTP/1.1" 404 1104
114.88.166.242 - - [13/Sep/2020:10:48:02 +0800] "GET /xingrg/all/function/internal_message.html?_=1599965344084&CODE_STATE=getMsg HTTP/1.1" 200 27
114.88.166.242 - - [13/Sep/2020:10:48:02 +0800] "GET /xingrg/check_reg.html?_=1599965344083 HTTP/1.1" 200 22
116.238.71.173 - - [13/Sep/2020:10:48:02 +0800] "POST /xingrg/dwr/call/plaincall/AjaxYddbService.objCheckOrder.dwr HTTP/1.1" 200 78
116.238.71.173 - - [13/Sep/2020:10:48:03 +0800] "GET /xingrg/kc/base/yddb_order_info.html?code=482020091300116 HTTP/1.1" 200 30889
116.238.71.173 - - [13/Sep/2020:10:48:03 +0800] "GET /xingrg/dwr/interface/AjaxYddbService.js HTTP/1.1" 200 13201
116.238.71.173 - - [13/Sep/2020:10:48:03 +0800] "GET /xingrg/dwr/interface/AjaxComOrderService.js HTTP/1.1" 200 18264
116.238.71.173 - - [13/Sep/2020:10:48:03 +0800] "GET /xingrg/dwr/engine.js HTTP/1.1" 200 43631
116.238.71.173 - - [13/Sep/2020:10:48:03 +0800] "POST /xingrg/dwr/call/plaincall/AjaxYddbService.loadMaterielItems.dwr HTTP/1.1" 200 383
180.157.253.48 - - [13/Sep/2020:10:48:04 +0800] "GET /xingrg/all/function/internal_message.html?_=1599965286773&CODE_STATE=getMsg HTTP/1.1" 200 27
117.184.7.26 - - [13/Sep/2020:10:48:04 +0800] "GET /xingrg/all/function/internal_message.html?_=1599965281716&CODE_STATE=getMsg HTTP/1.1" 200 27
218.81.217.115 - - [13/Sep/2020:10:48:04 +0800] "POST /xingrg/kc/buy/cgsh_list_operate.html HTTP/1.1" 200 2771
116.238.71.173 - - [13/Sep/2020:10:48:06 +0800] "GET /xingrg/all/function/internal_message.html?_=1599965409378&CODE_STATE=getMsg HTTP/1.1" 200 27
172.17.0.119 - - [13/Sep/2020:10:48:07 +0800] "GET /xingrg/login.html HTTP/1.1" 200 7636
172.17.0.119 - - [13/Sep/2020:10:48:07 +0800] "GET /xingrg/images/blue/jxLogo.png HTTP/1.1" 200 6156
116.238.71.173 - - [13/Sep/2020:10:48:07 +0800] "POST /xingrg/kc/base/yddb_list_operate.html HTTP/1.1" 200 201
172.17.0.119 - - [13/Sep/2020:10:48:07 +0800] "GET /xingrg/images/blue/login_bg.png HTTP/1.1" 200 22101
172.17.0.119 - - [13/Sep/2020:10:48:07 +0800] "GET /xingrg/images/blue/hj.png HTTP/1.1" 200 1014
172.17.0.119 - - [13/Sep/2020:10:48:07 +0800] "GET /xingrg/images/blue/srbg.png HTTP/1.1" 200 138
172.17.0.119 - - [13/Sep/2020:10:48:07 +0800] "GET /favicon.ico HTTP/1.1" 404 -
114.82.29.189 - - [13/Sep/2020:10:48:08 +0800] "GET /xingrg/all/function/internal_message.html?_=1599965285474&CODE_STATE=getMsg HTTP/1.1" 200 27
58.37.9.106 - - [13/Sep/2020:10:48:08 +0800] "GET /xingrg/kc/buy/cgsh_order_operate.html?command=get_materiel&rest_code=00141&code=00101001016&supplier_code=00100312&order_time=2020-09-13 HTTP/1.1" 200 415
172.17.0.119 - - [13/Sep/2020:10:48:08 +0800] "POST /xingrg/login.do HTTP/1.1" 302 -
172.17.0.119 - - [13/Sep/2020:10:48:08 +0800] "GET /xingrg/index.html?sysBaseUrl=http%3A%2F%2F172.17.0.8%3A18081%2Fxingrg%2F&costTime=42×tamp=1599965288812 HTTP/1.1" 200 17448
172.17.0.119 - - [13/Sep/2020:10:48:08 +0800] "GET /xingrg/javascript/jquery_easy_ui/themes/default/easyui.css HTTP/1.1" 200 26500
172.17.0.119 - - [13/Sep/2020:10:48:08 +0800] "GET /xingrg/javascript/jquery_easy_ui/themes/icon.css HTTP/1.1" 200 3949
172.17.0.119 - - [13/Sep/2020:10:48:08 +0800] "GET /xingrg/css/form.css HTTP/1.1" 200 893
172.17.0.119 - - [13/Sep/2020:10:48:08 +0800] "GET /xingrg/javascript/jquery-1.4.2.min.js HTTP/1.1" 200 72205
172.17.0.119 - - [13/Sep/2020:10:48:08 +0800] "GET /xingrg/javascript/jquery_easy_ui/jquery.easyui.min.js HTTP/1.1" 200 213662
172.17.0.119 - - [13/Sep/2020:10:48:08 +0800] "GET /xingrg/javascript/jquery_easy_ui/easyui-lang-zh_CN.js HTTP/1.1" 200 1900
172.17.0.119 - - [13/Sep/2020:10:48:08 +0800] "GET /xingrg/javascript/jquery.form.js HTTP/1.1" 200 23110
172.17.0.119 - - [13/Sep/2020:10:48:08 +0800] "GET /xingrg/javascript/jquery.utils.js HTTP/1.1" 200 11805
172.17.0.119 - - [13/Sep/2020:10:48:08 +0800] "GET /xingrg/javascript/jquery.timers.js HTTP/1.1" 200 3532
114.82.29.189 - - [13/Sep/2020:10:48:08 +0800] "GET /xingrg/kc/buy/cgsh_order_operate.html?command=get_materiel&rest_code=00105&code=00101003035&supplier_code=00100092&order_time=2020-09-13 HTTP/1.1" 200 411
172.17.0.119 - - [13/Sep/2020:10:48:08 +0800] "GET /favicon.ico HTTP/1.1" 404 -
172.17.0.119 - - [13/Sep/2020:10:48:09 +0800] "GET /xingrg/javascript/jquery_easy_ui/themes/icons/settle_new.png HTTP/1.1" 200 826
172.17.0.119 - - [13/Sep/2020:10:48:09 +0800] "GET /xingrg/images/blue/navBackgound.jpg HTTP/1.1" 200 12378
172.17.0.119 - - [13/Sep/2020:10:48:09 +0800] "POST /xingrg/all/common/load_tree.html?tree=area_rest_tree_json&manage=1 HTTP/1.1" 200 3216
172.17.0.119 - - [13/Sep/2020:10:48:09 +0800] "GET /xingrg/all/function/internal_message.html?_=1599965286449&CODE_STATE=count HTTP/1.1" 200 11
172.17.0.119 - - [13/Sep/2020:10:48:09 +0800] "GET /xingrg/check_reg.html?_=1599965286451 HTTP/1.1" 200 22
172.17.0.119 - - [13/Sep/2020:10:48:09 +0800] "GET /xingrg/images/blue/pingpu.png HTTP/1.1" 200 231
172.17.0.119 - - [13/Sep/2020:10:48:09 +0800] "GET /xingrg/javascript/jquery_easy_ui/themes/default/images/tabs_leftarrow.png HTTP/1.1" 200 389
172.17.0.119 - - [13/Sep/2020:10:48:09 +0800] "GET /xingrg/javascript/jquery_easy_ui/themes/default/images/tabs_rightarrow.png HTTP/1.1" 200 395
172.17.0.119 - - [13/Sep/2020:10:48:09 +0800] "GET /xingrg/javascript/jquery_easy_ui/themes/default/images/panel_tool_expand.gif HTTP/1.1" 200 247
172.17.0.119 - - [13/Sep/2020:10:48:09 +0800] "GET /xingrg/javascript/jquery_easy_ui/themes/default/images/panel_tool_collapse.gif HTTP/1.1" 200 246
172.17.0.119 - - [13/Sep/2020:10:48:09 +0800] "POST /xingrg/load_menu.html HTTP/1.1" 200 11529
172.17.0.119 - - [13/Sep/2020:10:48:09 +0800] "GET /xingrg/javascript/jquery_easy_ui/themes/default/images/tree_arrows.gif HTTP/1.1" 200 1043
172.17.0.119 - - [13/Sep/2020:10:48:09 +0800] "GET /xingrg/javascript/jquery_easy_ui/themes/default/images/tree_folder_open.gif HTTP/1.1" 200 956
172.17.0.119 - - [13/Sep/2020:10:48:09 +0800] "GET /xingrg/javascript/jquery_easy_ui/themes/icons/search_new.png HTTP/1.1" 200 586
172.17.0.119 - - [13/Sep/2020:10:48:09 +0800] "GET /xingrg/javascript/jquery_easy_ui/themes/icons/delivery_new.png HTTP/1.1" 200 700
172.17.0.119 - - [13/Sep/2020:10:48:09 +0800] "GET /xingrg/javascript/jquery_easy_ui/themes/icons/storage_new.png HTTP/1.1" 200 853
172.17.0.119 - - [13/Sep/2020:10:48:09 +0800] "GET /xingrg/javascript/jquery_easy_ui/themes/icons/checkout_new.png HTTP/1.1" 200 744
172.17.0.119 - - [13/Sep/2020:10:48:09 +0800] "GET /xingrg/javascript/jquery_easy_ui/themes/icons/forms_new.png HTTP/1.1" 200 350
172.17.0.119 - - [13/Sep/2020:10:48:09 +0800] "GET /xingrg/javascript/jquery_easy_ui/themes/icons/setting_new.png HTTP/1.1" 200 450
172.17.0.119 - - [13/Sep/2020:10:48:09 +0800] "GET /xingrg/javascript/jquery_easy_ui/themes/icons/systemset_new.png HTTP/1.1" 200 606
172.17.0.119 - - [13/Sep/2020:10:48:09 +0800] "GET /xingrg/javascript/jquery_easy_ui/themes/default/images/tree_file.gif HTTP/1.1" 200 118
172.17.0.119 - - [13/Sep/2020:10:48:09 +0800] "GET /xingrg/javascript/jquery_easy_ui/themes/default/images/tree_folder.gif HTTP/1.1" 200 952
116.238.71.173 - - [13/Sep/2020:10:48:10 +0800] "GET /xingrg/kc/base/yddb_order_info.html?code=482020091300117 HTTP/1.1" 200 30764
116.238.71.173 - - [13/Sep/2020:10:48:10 +0800] "GET /xingrg/dwr/interface/AjaxComOrderService.js HTTP/1.1" 200 18264
116.238.71.173 - - [13/Sep/2020:10:48:10 +0800] "GET /xingrg/dwr/interface/AjaxYddbService.js HTTP/1.1" 200 13201
116.238.71.173 - - [13/Sep/2020:10:48:10 +0800] "GET /xingrg/dwr/engine.js HTTP/1.1" 200 43631
116.238.71.173 - - [13/Sep/2020:10:48:10 +0800] "POST /xingrg/dwr/call/plaincall/AjaxYddbService.loadMaterielItems.dwr HTTP/1.1" 200 395
172.17.0.119 - - [13/Sep/2020:10:48:10 +0800] "GET /xingrg/javascript/jquery_easy_ui/themes/icons/area.png HTTP/1.1" 200 262
172.17.0.119 - - [13/Sep/2020:10:48:10 +0800] "GET /xingrg/javascript/jquery_easy_ui/themes/icons/manage.png HTTP/1.1" 200 696
172.17.0.119 - - [13/Sep/2020:10:48:10 +0800] "GET /xingrg/javascript/jquery_easy_ui/themes/icons/rest.png HTTP/1.1" 200 695
172.17.0.119 - - [13/Sep/2020:10:48:10 +0800] "GET /xingrg/javascript/jquery_easy_ui/themes/default/images/button_a_bg.gif HTTP/1.1" 200 1194
172.17.0.119 - - [13/Sep/2020:10:48:10 +0800] "GET /xingrg/javascript/jquery_easy_ui/themes/default/images/button_span_bg.gif HTTP/1.1" 200 2061
172.17.0.119 - - [13/Sep/2020:10:48:10 +0800] "GET /xingrg/javascript/jquery_easy_ui/themes/icons/ok.png HTTP/1.1" 200 883
172.17.0.119 - - [13/Sep/2020:10:48:10 +0800] "GET /xingrg/javascript/jquery_easy_ui/themes/default/images/panel_title.png HTTP/1.1" 200 266
172.17.0.119 - - [13/Sep/2020:10:48:10 +0800] "GET /xingrg/javascript/jquery_easy_ui/themes/default/images/panel_tools.gif HTTP/1.1" 200 737
116.238.90.59 - - [13/Sep/2020:10:48:12 +0800] "POST /xingrg/kc/buy/cgsh_list_operate.html HTTP/1.1" 200 876
180.171.125.150 - - [13/Sep/2020:10:48:13 +0800] "GET /xingrg/check_reg.html?_=1599965286480 HTTP/1.1" 200 22
180.171.125.150 - - [13/Sep/2020:10:48:13 +0800] "GET /xingrg/all/function/internal_message.html?_=1599965286799&CODE_STATE=getMsg HTTP/1.1" 200 27
116.238.71.173 - - [13/Sep/2020:10:48:13 +0800] "POST /xingrg/dwr/call/plaincall/AjaxYddbService.saveOrder.dwr HTTP/1.1" 200 78
222.69.137.87 - - [13/Sep/2020:10:48:15 +0800] "GET /xingrg/all/function/internal_message.html?_=1599965292875&CODE_STATE=getMsg HTTP/1.1" 200 27
222.69.137.87 - - [13/Sep/2020:10:48:15 +0800] "GET /xingrg/check_reg.html?_=1599965292879 HTTP/1.1" 200 22
183.192.164.85 - - [13/Sep/2020:10:48:16 +0800] "GET /xingrg/all/function/internal_message.html?_=1599964550539&CODE_STATE=getMsg HTTP/1.1" 302 -
116.238.71.173 - - [13/Sep/2020:10:48:17 +0800] "POST /xingrg/dwr/call/plaincall/AjaxYddbService.objCheckOrder.dwr HTTP/1.1" 200 78
172.17.0.119 - - [13/Sep/2020:10:48:17 +0800] "GET /xingrg/images/control/ajaxLoader.gif HTTP/1.1" 200 4659
172.17.0.119 - - [13/Sep/2020:10:48:17 +0800] "POST /xingrg/all/user/operate.html HTTP/1.1" 200 36
172.17.0.119 - - [13/Sep/2020:10:48:17 +0800] "GET /xingrg/index.html?sysBaseUrl=http%3A%2F%2F172.17.0.8%3A18081%2Fxingrg%2F&costTime=42×tamp=1599965288812 HTTP/1.1" 200 17454
172.17.0.119 - - [13/Sep/2020:10:48:17 +0800] "GET /xingrg/javascript/jquery_easy_ui/themes/default/easyui.css HTTP/1.1" 304 -
172.17.0.119 - - [13/Sep/2020:10:48:17 +0800] "GET /xingrg/javascript/jquery_easy_ui/themes/icon.css HTTP/1.1" 304 -
172.17.0.119 - - [13/Sep/2020:10:48:17 +0800] "GET /xingrg/css/form.css HTTP/1.1" 304 -
172.17.0.119 - - [13/Sep/2020:10:48:17 +0800] "GET /xingrg/javascript/jquery-1.4.2.min.js HTTP/1.1" 304 -
172.17.0.119 - - [13/Sep/2020:10:48:17 +0800] "GET /xingrg/javascript/jquery_easy_ui/jquery.easyui.min.js HTTP/1.1" 304 -
172.17.0.119 - - [13/Sep/2020:10:48:17 +0800] "GET /xingrg/javascript/jquery_easy_ui/easyui-lang-zh_CN.js HTTP/1.1" 304 -
172.17.0.119 - - [13/Sep/2020:10:48:17 +0800] "GET /xingrg/javascript/jquery.form.js HTTP/1.1" 304 -
172.17.0.119 - - [13/Sep/2020:10:48:17 +0800] "GET /xingrg/javascript/jquery.utils.js HTTP/1.1" 304 -
172.17.0.119 - - [13/Sep/2020:10:48:17 +0800] "GET /xingrg/javascript/jquery.timers.js HTTP/1.1" 304 -
172.17.0.119 - - [13/Sep/2020:10:48:17 +0800] "GET /xingrg/images/blue/jxLogo.png HTTP/1.1" 304 -
172.17.0.119 - - [13/Sep/2020:10:48:17 +0800] "GET /xingrg/images/blue/navBackgound.jpg HTTP/1.1" 304 -
172.17.0.119 - - [13/Sep/2020:10:48:17 +0800] "GET /xingrg/javascript/jquery_easy_ui/themes/icons/settle_new.png HTTP/1.1" 304 -
172.17.0.119 - - [13/Sep/2020:10:48:17 +0800] "POST /xingrg/all/common/load_tree.html?tree=area_rest_tree_json&manage=1 HTTP/1.1" 200 3216
172.17.0.119 - - [13/Sep/2020:10:48:18 +0800] "GET /xingrg/all/function/internal_message.html?_=1599965295272&CODE_STATE=count HTTP/1.1" 200 11
172.17.0.119 - - [13/Sep/2020:10:48:18 +0800] "GET /xingrg/check_reg.html?_=1599965295274 HTTP/1.1" 200 22
172.17.0.119 - - [13/Sep/2020:10:48:18 +0800] "GET /xingrg/javascript/jquery_easy_ui/themes/default/images/tabs_leftarrow.png HTTP/1.1" 304 -
172.17.0.119 - - [13/Sep/2020:10:48:18 +0800] "GET /xingrg/javascript/jquery_easy_ui/themes/default/images/tabs_rightarrow.png HTTP/1.1" 304 -
172.17.0.119 - - [13/Sep/2020:10:48:18 +0800] "GET /xingrg/images/blue/pingpu.png HTTP/1.1" 304 -
172.17.0.119 - - [13/Sep/2020:10:48:18 +0800] "GET /xingrg/javascript/jquery_easy_ui/themes/default/images/panel_tool_expand.gif HTTP/1.1" 304 -
172.17.0.119 - - [13/Sep/2020:10:48:18 +0800] "GET /xingrg/javascript/jquery_easy_ui/themes/default/images/panel_tool_collapse.gif HTTP/1.1" 304 -
172.17.0.119 - - [13/Sep/2020:10:48:18 +0800] "POST /xingrg/load_menu.html HTTP/1.1" 200 9924
116.238.71.173 - - [13/Sep/2020:10:48:18 +0800] "GET /xingrg/kc/base/yddb_order_info.html?code=482020091300117 HTTP/1.1" 200 30889
116.238.71.173 - - [13/Sep/2020:10:48:18 +0800] "GET /xingrg/dwr/interface/AjaxComOrderService.js HTTP/1.1" 200 18264
116.238.71.173 - - [13/Sep/2020:10:48:18 +0800] "GET /xingrg/dwr/interface/AjaxYddbService.js HTTP/1.1" 200 13201
116.238.71.173 - - [13/Sep/2020:10:48:18 +0800] "GET /xingrg/dwr/engine.js HTTP/1.1" 200 43631
116.238.71.173 - - [13/Sep/2020:10:48:18 +0800] "POST /xingrg/dwr/call/plaincall/AjaxYddbService.loadMaterielItems.dwr HTTP/1.1" 200 395
172.17.0.119 - - [13/Sep/2020:10:48:19 +0800] "GET /xingrg/kc/report/report_main.html HTTP/1.1" 200 7325
172.17.0.119 - - [13/Sep/2020:10:48:19 +0800] "GET /xingrg/javascript/jquery_easy_ui/themes/default/images/tabs_close.gif HTTP/1.1" 200 829
172.17.0.119 - - [13/Sep/2020:10:48:19 +0800] "GET /xingrg/css/blue.css HTTP/1.1" 200 15949
172.17.0.119 - - [13/Sep/2020:10:48:19 +0800] "GET /xingrg/javascript/pic_change.js HTTP/1.1" 200 4739
172.17.0.119 - - [13/Sep/2020:10:48:19 +0800] "GET /xingrg/javascript/jquery_ui/themes/humanity/humanity.css HTTP/1.1" 200 27801
172.17.0.119 - - [13/Sep/2020:10:48:19 +0800] "GET /xingrg/javascript/myfunction.js HTTP/1.1" 200 24559
172.17.0.119 - - [13/Sep/2020:10:48:19 +0800] "GET /xingrg/javascript/json2.js HTTP/1.1" 200 11259
172.17.0.119 - - [13/Sep/2020:10:48:19 +0800] "GET /xingrg/javascript/jquery_easy_ui/themes/icons/back_new.png HTTP/1.1" 200 3414
58.37.9.106 - - [13/Sep/2020:10:48:20 +0800] "GET /xingrg/kc/buy/cgsh_order_operate.html?command=get_materiel&rest_code=00141&code=00101014083&supplier_code=00100312&order_time=2020-09-13 HTTP/1.1" 200 409
172.17.0.119 - - [13/Sep/2020:10:48:20 +0800] "GET /xingrg/all/report/report_query.html?fileName=kc/buy/wlcg_mx.xml HTTP/1.1" 200 51573
172.17.0.119 - - [13/Sep/2020:10:48:20 +0800] "GET /xingrg/javascript/multi_select/jqueryMultiSelect.css HTTP/1.1" 200 951
172.17.0.119 - - [13/Sep/2020:10:48:20 +0800] "GET /xingrg/javascript/calendar/timePicker.css HTTP/1.1" 200 523
172.17.0.119 - - [13/Sep/2020:10:48:20 +0800] "GET /xingrg/javascript/bigrid/fix.css HTTP/1.1" 200 1702
172.17.0.119 - - [13/Sep/2020:10:48:20 +0800] "GET /xingrg/dwr/interface/AjaxReportQueryService.js HTTP/1.1" 200 13203
172.17.0.119 - - [13/Sep/2020:10:48:20 +0800] "GET /xingrg/dwr/engine.js HTTP/1.1" 200 43631
172.17.0.119 - - [13/Sep/2020:10:48:20 +0800] "GET /xingrg/dwr/util.js HTTP/1.1" 200 35990
180.157.253.48 - - [13/Sep/2020:10:48:20 +0800] "GET /xingrg/kc/buy/cgsh_order_add.html HTTP/1.1" 200 59674
172.17.0.119 - - [13/Sep/2020:10:48:20 +0800] "GET /xingrg/javascript/jqueryMultiSelect.js HTTP/1.1" 200 11866
172.17.0.119 - - [13/Sep/2020:10:48:20 +0800] "GET /xingrg/javascript/Calendar.js HTTP/1.1" 200 31561
172.17.0.119 - - [13/Sep/2020:10:48:20 +0800] "GET /xingrg/javascript/calendar/jquery.timePicker.min.js HTTP/1.1" 200 2997
172.17.0.119 - - [13/Sep/2020:10:48:20 +0800] "GET /xingrg/javascript/bigrid/fix.js HTTP/1.1" 200 6439
172.17.0.119 - - [13/Sep/2020:10:48:20 +0800] "GET /xingrg/images/control/loading.gif HTTP/1.1" 200 13463
172.17.0.119 - - [13/Sep/2020:10:48:20 +0800] "GET /xingrg/images/blue/button/advanceover.gif HTTP/1.1" 200 1347
172.17.0.119 - - [13/Sep/2020:10:48:20 +0800] "GET /xingrg/images/blue/button/advance2over.gif HTTP/1.1" 200 1336
172.17.0.119 - - [13/Sep/2020:10:48:20 +0800] "GET /xingrg/images/blue/button/back2over.gif HTTP/1.1" 200 1335
172.17.0.119 - - [13/Sep/2020:10:48:20 +0800] "GET /xingrg/images/blue/button/backover.gif HTTP/1.1" 200 1348
172.17.0.119 - - [13/Sep/2020:10:48:20 +0800] "GET /xingrg/javascript/jquery_easy_ui/themes/icons/print.png HTTP/1.1" 200 1057
172.17.0.119 - - [13/Sep/2020:10:48:20 +0800] "GET /xingrg/javascript/jquery_easy_ui/themes/default/images/menu.gif HTTP/1.1" 200 834
172.17.0.119 - - [13/Sep/2020:10:48:20 +0800] "GET /xingrg/javascript/jquery_easy_ui/themes/icons/pencil.png HTTP/1.1" 200 713
172.17.0.119 - - [13/Sep/2020:10:48:20 +0800] "GET /xingrg/javascript/jquery_easy_ui/themes/default/images/menu_downarrow.png HTTP/1.1" 200 173
172.17.0.119 - - [13/Sep/2020:10:48:20 +0800] "GET /xingrg/javascript/jquery_easy_ui/themes/icons/help.png HTTP/1.1" 200 1187
172.17.0.119 - - [13/Sep/2020:10:48:20 +0800] "GET /xingrg/javascript/jquery_easy_ui/themes/default/images/menu_rightarrow.png HTTP/1.1" 200 3617
172.17.0.119 - - [13/Sep/2020:10:48:20 +0800] "POST /xingrg/dwr/call/plaincall/AjaxReportQueryService.getFixDate.dwr HTTP/1.1" 200 111
172.17.0.119 - - [13/Sep/2020:10:48:20 +0800] "POST /xingrg/dwr/call/plaincall/AjaxReportQueryService.getInitString.dwr HTTP/1.1" 200 22292
180.157.253.48 - - [13/Sep/2020:10:48:21 +0800] "POST /xingrg/kc/buy/cgsh_order_operate.html HTTP/1.1" 200 8245
172.17.0.119 - - [13/Sep/2020:10:48:21 +0800] "GET /xingrg/javascript/multi_select/dropdown.gif HTTP/1.1" 200 61
172.17.0.119 - - [13/Sep/2020:10:48:21 +0800] "POST /xingrg/dwr/call/plaincall/AjaxReportQueryService.getInitString.dwr HTTP/1.1" 200 975
180.157.253.48 - - [13/Sep/2020:10:48:21 +0800] "GET /xingrg/javascript/easyui/themes/default/validatebox.css HTTP/1.1" 404 1104
172.17.0.119 - - [13/Sep/2020:10:48:21 +0800] "POST /xingrg/dwr/call/plaincall/AjaxReportQueryService.getInitString.dwr HTTP/1.1" 200 125
114.82.29.189 - - [13/Sep/2020:10:48:22 +0800] "GET /xingrg/kc/buy/cgsh_order_operate.html?command=get_materiel&rest_code=00105&code=00101003006&supplier_code=00100092&order_time=2020-09-13 HTTP/1.1" 200 411
172.17.0.119 - - [13/Sep/2020:10:48:23 +0800] "POST /xingrg/load_menu.html HTTP/1.1" 200 10208
183.192.164.85 - - [13/Sep/2020:10:48:24 +0800] "GET /xingrg/kc/buy/cgsh_order_operate.html?command=get_materiel&rest_code=00106&code=00101010161&supplier_code=00100032&order_time=2020-09-13 HTTP/1.1" 302 -
172.17.0.119 - - [13/Sep/2020:10:48:24 +0800] "GET /xingrg/all/report/report_query.html?fileName=dma/new_5.0/menu/menu_category_hz.xml HTTP/1.1" 200 52989
172.17.0.119 - - [13/Sep/2020:10:48:24 +0800] "GET /xingrg/dwr/interface/AjaxReportQueryService.js HTTP/1.1" 200 13203
172.17.0.119 - - [13/Sep/2020:10:48:24 +0800] "GET /xingrg/dwr/engine.js HTTP/1.1" 200 43631
172.17.0.119 - - [13/Sep/2020:10:48:24 +0800] "POST /xingrg/dwr/call/plaincall/AjaxReportQueryService.getFixDate.dwr HTTP/1.1" 200 111
172.17.0.119 - - [13/Sep/2020:10:48:24 +0800] "GET /xingrg/javascript/jquery_easy_ui/themes/default/images/combo_arrow_dot.gif HTTP/1.1" 200 79
172.17.0.119 - - [13/Sep/2020:10:48:24 +0800] "POST /xingrg/all/common/load_tree.html?tree=area_station_tree_json&manage=1 HTTP/1.1" 200 3116
58.37.9.106 - - [13/Sep/2020:10:48:25 +0800] "GET /xingrg/kc/buy/cgsh_order_operate.html?command=get_materiel&rest_code=00141&code=00101008224&supplier_code=00100007&order_time=2020-09-13 HTTP/1.1" 200 416
172.17.0.119 - - [13/Sep/2020:10:48:25 +0800] "GET /xingrg/all/report/report_query.html?fileName=dma/new_5.0/menu/menu_hz.xml HTTP/1.1" 200 53622
172.17.0.119 - - [13/Sep/2020:10:48:25 +0800] "GET /xingrg/dwr/interface/AjaxReportQueryService.js HTTP/1.1" 200 13203
172.17.0.119 - - [13/Sep/2020:10:48:25 +0800] "GET /xingrg/dwr/engine.js HTTP/1.1" 200 43631
183.192.164.85 - - [13/Sep/2020:10:48:26 +0800] "GET /xingrg/login.html HTTP/1.1" 200 7641
172.17.0.119 - - [13/Sep/2020:10:48:26 +0800] "POST /xingrg/dwr/call/plaincall/AjaxReportQueryService.getFixDate.dwr HTTP/1.1" 200 111
172.17.0.119 - - [13/Sep/2020:10:48:26 +0800] "POST /xingrg/all/common/load_tree.html?tree=area_station_tree_json&manage=1 HTTP/1.1" 200 3116
172.17.0.119 - - [13/Sep/2020:10:48:26 +0800] "GET /xingrg/javascript/multi_select/dropdown_hover.gif HTTP/1.1" 200 61
114.82.29.189 - - [13/Sep/2020:10:48:29 +0800] "GET /xingrg/all/function/internal_message.html?_=1599965291288&CODE_STATE=getMsg HTTP/1.1" 200 27
172.17.0.119 - - [13/Sep/2020:10:48:29 +0800] "POST /xingrg/dwr/call/plaincall/AjaxReportQueryService.refreshCache.dwr HTTP/1.1" 200 78
117.131.5.26 - - [13/Sep/2020:10:48:30 +0800] "GET /xingrg/all/function/internal_message.html?_=1599965307357&CODE_STATE=getMsg HTTP/1.1" 200 27
58.37.9.106 - - [13/Sep/2020:10:48:30 +0800] "GET /xingrg/kc/buy/cgsh_order_operate.html?command=get_materiel&rest_code=00141&code=00101008003&supplier_code=00100007&order_time=2020-09-13 HTTP/1.1" 200 408
172.17.0.119 - - [13/Sep/2020:10:48:30 +0800] "POST /xingrg/all/report/load_report_page.html HTTP/1.1" 200 50258
172.17.0.119 - - [13/Sep/2020:10:48:30 +0800] "GET /xingrg/servlets/image?cache=0.6754959343586887&image=px HTTP/1.1" 200 807
172.17.0.119 - - [13/Sep/2020:10:48:32 +0800] "POST /xingrg/dwr/call/plaincall/AjaxReportQueryService.getFixDate.dwr HTTP/1.1" 200 111
183.192.164.85 - - [13/Sep/2020:10:48:32 +0800] "GET /xingrg/login.html HTTP/1.1" 200 7641
172.17.0.120 - - [13/Sep/2020:10:48:32 +0800] "GET /xingrg/all/function/internal_message.html?_=1599965309803&CODE_STATE=getMsg HTTP/1.1" 200 27
114.82.29.189 - - [13/Sep/2020:10:48:33 +0800] "GET /xingrg/kc/buy/cgsh_order_operate.html?command=get_materiel&rest_code=00105&code=00101003036&supplier_code=00100092&order_time=2020-09-13 HTTP/1.1" 200 415
172.17.0.119 - - [13/Sep/2020:10:48:34 +0800] "POST /xingrg/dwr/call/plaincall/AjaxReportQueryService.queryInitializeString.dwr HTTP/1.1" 200 1042
172.17.0.119 - - [13/Sep/2020:10:48:35 +0800] "POST /xingrg/dwr/call/plaincall/AjaxReportQueryService.refreshCache.dwr HTTP/1.1" 200 78
172.17.0.119 - - [13/Sep/2020:10:48:35 +0800] "POST /xingrg/all/report/load_report_page.html HTTP/1.1" 200 36042
172.17.0.119 - - [13/Sep/2020:10:48:35 +0800] "GET /xingrg/servlets/image?cache=0.23244697026663175&image=px HTTP/1.1" 200 807
116.238.90.59 - - [13/Sep/2020:10:48:38 +0800] "GET /xingrg/all/function/internal_message.html?_=1599965322631&CODE_STATE=getMsg HTTP/1.1" 200 27
116.232.49.242 - - [13/Sep/2020:10:48:39 +0800] "GET /xingrg/check_reg.html?_=1599965291510 HTTP/1.1" 200 22
218.81.217.115 - - [13/Sep/2020:10:48:39 +0800] "POST /xingrg/kc/buy/cgsh_list_operate.html HTTP/1.1" 200 5406
218.81.217.115 - - [13/Sep/2020:10:48:39 +0800] "GET /xingrg/all/function/internal_message.html?_=1599965318421&CODE_STATE=getMsg HTTP/1.1" 200 27
180.157.253.48 - - [13/Sep/2020:10:48:40 +0800] "GET /xingrg/kc/buy/cgsh_order_operate.html?command=get_materiel&rest_code=00148&code=00101012046&supplier_code=00100347&order_time=2020-09-13 HTTP/1.1" 200 417
172.17.200.101 - - [13/Sep/2020:10:48:40 +0800] "GET /xingrg/all/function/internal_message.html?_=1599965318685&CODE_STATE=getMsg HTTP/1.1" 200 27
116.235.241.164 - - [13/Sep/2020:10:48:40 +0800] "GET /xingrg/all/function/internal_message.html?_=1599965319606&CODE_STATE=getMsg HTTP/1.1" 200 27
218.81.217.115 - - [13/Sep/2020:10:48:42 +0800] "POST /xingrg/kc/buy/cgsh_list_operate.html HTTP/1.1" 200 295
58.37.9.106 - - [13/Sep/2020:10:48:45 +0800] "POST /xingrg/kc/buy/cgsh_order_operate.html HTTP/1.1" 200 37
58.37.9.106 - - [13/Sep/2020:10:48:46 +0800] "GET /xingrg/kc/buy/cgsh_order_operate.html?command=get_materiel&rest_code=00141&code=00101008300&supplier_code=00100007&order_time=2020-09-13 HTTP/1.1" 200 412
218.81.217.115 - - [13/Sep/2020:10:48:46 +0800] "POST /xingrg/kc/buy/cgsh_list_operate.html HTTP/1.1" 200 212
116.238.90.59 - - [13/Sep/2020:10:48:46 +0800] "GET /xingrg/all/function/internal_message.html?_=1599965531573&CODE_STATE=getMsg HTTP/1.1" 200 27
58.37.9.106 - - [13/Sep/2020:10:48:47 +0800] "POST /xingrg/kc/buy/cgsh_order_operate.html HTTP/1.1" 200 12
58.37.9.106 - - [13/Sep/2020:10:48:48 +0800] "GET /xingrg/kc/buy/cgsh_order_info.html?code=212020091305518 HTTP/1.1" 200 54581
58.37.9.106 - - [13/Sep/2020:10:48:48 +0800] "GET /xingrg/javascript/easyui/themes/default/validatebox.css HTTP/1.1" 404 1104
58.37.9.106 - - [13/Sep/2020:10:48:49 +0800] "POST /xingrg/kc/buy/cgsh_order_operate.html HTTP/1.1" 200 4189
218.81.217.115 - - [13/Sep/2020:10:48:49 +0800] "POST /xingrg/kc/buy/cgsh_list_operate.html HTTP/1.1" 200 298
172.17.0.119 - - [13/Sep/2020:10:48:49 +0800] "GET /xingrg/all/report/report_query.html?isQuery=1&fileName=dma/new_5.0/menu/menu_mx.xml&queryString=(a.sale_day%2520between%252020200801%2520and%252020200831)%2520and%2520(a.sid%2520%253D%252011)%2520and%2520((1%253D1))%2520and%2520(a.menu_name%2520like%2520'%2524bf%2524%25E5%25B8%259D%25E7%258E%258B%25E8%259F%25B9%2524bf%2524')%2520and%2520(a.menu_name%253D'(%25E5%2585%2588)%25E5%25B8%259D%25E7%258E%258B%25E8%259F%25B9'%2520and%2520a.menu_unit%253D'%25E6%2596%25A4')&queryText=%25E3%2580%2590%25E8%2590%25A5%25E4%25B8%259A%25E6%2597%25A5%25E6%259C%259F%253A2020-08-01%2520%25E8%2587%25B3%25202020-08-31%25E3%2580%2591%2520%25E5%25B9%25B6%25E4%25B8%2594%2520%2520%25E3%2580%2590%25E9%2597%25A8%25E5%25BA%2597%25E5%2590%258D%25E7%25A7%25B0%2520%253D%2520%25E6%25B7%25B1%25E6%25B5%25B7%25E6%25B8%2594%25E6%25B8%25AF%25E9%2595%25BF%25E5%25AF%25BF%25E8%25B7%25AF1_11%25E3%2580%2591%2520%25E5%25B9%25B6%25E4%25B8%2594%2520%2520%25E3%2580%2590%25E7%25B1%25BB%25E5%259E%258B%25E8%25BF%2587%25E6%25BB%25A4%2520%253D%2520%25E5%258D%2595%25E5%2593%2581%252C%25E5%25A5%2597%25E9%25A4%2590%25E5%2592%258C%25E7%25BB%2584%25E4%25BB%25BD%25E3%2580%2591%2520%25E5%25B9%25B6%25E4%25B8%2594%2520%2520%25E3%2580%2590%25E8%258F%259C%25E5%2593%2581%25E5%2590%258D%25E7%25A7%25B0%2520%25E5%258C%2585%25E5%2590%25AB%2520%25E5%25B8%259D%25E7%258E%258B%25E8%259F%25B9%25E3%2580%2591%2520%25E5%25B9%25B6%25E4%25B8%2594%2520%25E3%2580%2590%25E8%258F%259C%25E5%2593%2581%25E5%2590%258D%25E7%25A7%25B0%2520%253D%2520(%25E5%2585%2588)%25E5%25B8%259D%25E7%258E%258B%25E8%259F%25B9%25E3%2580%2591%2520%25E3%2580%2590%25E5%258D%2595%25E4%25BD%258D%2520%253D%2520%25E6%2596%25A4%25E3%2580%2591 HTTP/1.1" 200 51867
58.37.9.106 - - [13/Sep/2020:10:48:50 +0800] "GET /xingrg/kc/print/load_data.html?order_code=212020091305518&kc_code=cgsh&condition= HTTP/1.1" 200 2097
172.17.0.119 - - [13/Sep/2020:10:48:50 +0800] "GET /xingrg/dwr/engine.js HTTP/1.1" 200 43631
172.17.0.119 - - [13/Sep/2020:10:48:50 +0800] "GET /favicon.ico HTTP/1.1" 404 -
172.17.0.119 - - [13/Sep/2020:10:48:50 +0800] "POST /xingrg/all/report/load_report_page.html HTTP/1.1" 200 162616
172.17.0.119 - - [13/Sep/2020:10:48:50 +0800] "GET /xingrg/images/blue/button/back2.gif HTTP/1.1" 200 1339
172.17.0.119 - - [13/Sep/2020:10:48:50 +0800] "GET /xingrg/images/blue/button/back.gif HTTP/1.1" 200 1352
116.238.90.59 - - [13/Sep/2020:10:48:50 +0800] "GET /xingrg/kc/buy/cgsh_order_operate.html?command=get_materiel&rest_code=00102&code=00101002027&supplier_code=00100151&order_time=2020-09-13 HTTP/1.1" 200 413
172.17.0.119 - - [13/Sep/2020:10:48:51 +0800] "GET /xingrg/servlets/image?cache=0.9460838276087141&image=px HTTP/1.1" 200 807
172.17.0.105 - - [13/Sep/2020:10:48:52 +0800] "GET /xingrg/all/function/internal_message.html?_=1599965329244&CODE_STATE=getMsg HTTP/1.1" 200 27
116.238.71.173 - - [13/Sep/2020:10:48:53 +0800] "GET /xingrg/check_reg.html?_=1599965330606 HTTP/1.1" 200 22
116.238.71.173 - - [13/Sep/2020:10:48:53 +0800] "GET /xingrg/all/function/internal_message.html?_=1599965330609&CODE_STATE=getMsg HTTP/1.1" 200 27
114.82.29.189 - - [13/Sep/2020:10:48:53 +0800] "POST /xingrg/kc/buy/cgsh_order_operate.html HTTP/1.1" 200 37
222.69.160.252 - - [13/Sep/2020:10:48:53 +0800] "GET /xingrg/all/function/internal_message.html?_=1599965164696&CODE_STATE=getMsg HTTP/1.1" 200 27
117.185.32.26 - - [13/Sep/2020:10:48:55 +0800] "GET /xingrg/all/function/internal_message.html?_=1599965330580&CODE_STATE=getMsg HTTP/1.1" 200 27
117.184.7.26 - - [13/Sep/2020:10:48:55 +0800] "POST /xingrg/kc/buy/cgsh_order_operate.html HTTP/1.1" 200 37
114.82.29.189 - - [13/Sep/2020:10:48:55 +0800] "POST /xingrg/kc/buy/cgsh_order_operate.html HTTP/1.1" 200 3848
180.157.253.48 - - [13/Sep/2020:10:48:56 +0800] "GET /xingrg/kc/buy/cgsh_order_operate.html?command=get_materiel&rest_code=00148&code=00101007165&supplier_code=00100347&order_time=2020-09-13 HTTP/1.1" 200 418
117.184.7.30 - - [13/Sep/2020:10:48:56 +0800] "GET /xingrg/all/function/internal_message.html?_=1599966188585&CODE_STATE=getMsg HTTP/1.1" 200 27
117.184.7.26 - - [13/Sep/2020:10:48:57 +0800] "GET /xingrg/check_reg.html?_=1599966188584 HTTP/1.1" 200 22
183.192.164.71 - - [13/Sep/2020:10:48:57 +0800] "GET /xingrg/kc/buy/cgsh_order_operate.html?command=get_materiel&rest_code=00106&code=00101016071&supplier_code=00100032&order_time=2020-09-13 HTTP/1.1" 302 -
114.82.29.189 - - [13/Sep/2020:10:48:57 +0800] "GET /xingrg/kc/print/load_data.html?order_code=212020091305519&kc_code=cgsh&condition= HTTP/1.1" 200 1178
117.184.7.26 - - [13/Sep/2020:10:48:57 +0800] "POST /xingrg/kc/buy/cgsh_order_operate.html HTTP/1.1" 200 33961
172.17.0.123 - - [13/Sep/2020:10:48:58 +0800] "GET /xingrg/all/function/internal_message.html?_=1599965339517&CODE_STATE=getMsg HTTP/1.1" 302 -
120.253.135.82 - - [13/Sep/2020:10:48:58 +0800] "GET /xingrg/check_reg.html?_=1599965450459 HTTP/1.1" 302 -
58.37.9.106 - - [13/Sep/2020:10:48:58 +0800] "GET /xingrg/kc/buy/cgsh_order_add.html HTTP/1.1" 200 59674
172.17.0.119 - - [13/Sep/2020:10:48:58 +0800] "GET /xingrg/javascript/jquery_easy_ui/themes/default/images/button_plain_hover.png HTTP/1.1" 200 252
58.37.9.106 - - [13/Sep/2020:10:48:59 +0800] "POST /xingrg/kc/buy/cgsh_order_operate.html HTTP/1.1" 200 8245
58.37.9.106 - - [13/Sep/2020:10:48:59 +0800] "GET /xingrg/javascript/easyui/themes/default/validatebox.css HTTP/1.1" 404 1104
58.37.9.106 - - [13/Sep/2020:10:48:59 +0800] "GET /xingrg/kc/buy/cgsh_order_operate.html?command=get_materiel&rest_code=00141&code=00101008108&supplier_code=00100007&order_time=2020-09-13 HTTP/1.1" 200 412
218.81.217.115 - - [13/Sep/2020:10:48:59 +0800] "POST /xingrg/kc/buy/cgsh_list_operate.html HTTP/1.1" 200 212
116.235.241.164 - - [13/Sep/2020:10:49:00 +0800] "GET /xingrg/all/function/internal_message.html?_=1599965338833&CODE_STATE=getMsg HTTP/1.1" 200 27
114.82.29.189 - - [13/Sep/2020:10:49:00 +0800] "GET /xingrg/kc/buy/cgsh_order_add.html HTTP/1.1" 200 59668
58.37.9.106 - - [13/Sep/2020:10:49:00 +0800] "GET /xingrg/all/function/internal_message.html?_=1599964964075&CODE_STATE=getMsg HTTP/1.1" 200 27
114.82.29.189 - - [13/Sep/2020:10:49:00 +0800] "POST /xingrg/kc/buy/cgsh_order_operate.html HTTP/1.1" 200 8245
114.82.29.189 - - [13/Sep/2020:10:49:01 +0800] "GET /xingrg/javascript/easyui/themes/default/validatebox.css HTTP/1.1" 404 1104
58.37.9.106 - - [13/Sep/2020:10:49:01 +0800] "POST /xingrg/kc/buy/cgsh_order_operate.html HTTP/1.1" 200 2065
180.157.253.48 - - [13/Sep/2020:10:49:02 +0800] "GET /xingrg/kc/buy/cgsh_order_operate.html?command=get_materiel&rest_code=00148&code=00101010604&supplier_code=00100347&order_time=2020-09-13 HTTP/1.1" 200 408
114.88.166.242 - - [13/Sep/2020:10:49:02 +0800] "GET /xingrg/all/function/internal_message.html?_=1599965404083&CODE_STATE=getMsg HTTP/1.1" 200 27
117.185.32.26 - - [13/Sep/2020:10:49:02 +0800] "GET /xingrg/kc/buy/cgsh_order_operate.html?command=get_materiel&rest_code=00106&code=00101008175&supplier_code=00100007&order_time=2020-09-13 HTTP/1.1" 200 412
180.157.253.48 - - [13/Sep/2020:10:49:04 +0800] "GET /xingrg/all/function/internal_message.html?_=1599965346821&CODE_STATE=getMsg HTTP/1.1" 200 27
117.184.7.26 - - [13/Sep/2020:10:49:04 +0800] "GET /xingrg/all/function/internal_message.html?_=1599965341720&CODE_STATE=getMsg HTTP/1.1" 200 27
117.184.7.26 - - [13/Sep/2020:10:49:04 +0800] "GET /xingrg/check_reg.html?_=1599965341725 HTTP/1.1" 200 22
116.238.71.173 - - [13/Sep/2020:10:49:06 +0800] "GET /xingrg/all/function/internal_message.html?_=1599965469391&CODE_STATE=getMsg HTTP/1.1" 200 27
183.192.164.71 - - [13/Sep/2020:10:49:06 +0800] "GET /xingrg/login.html HTTP/1.1" 200 7641
172.17.0.119 - - [13/Sep/2020:10:49:06 +0800] "POST /xingrg/all/report/report_print.html HTTP/1.1" 200 80469
218.81.217.115 - - [13/Sep/2020:10:49:06 +0800] "POST /xingrg/kc/buy/cgsh_list_operate.html HTTP/1.1" 200 295
114.82.29.189 - - [13/Sep/2020:10:49:08 +0800] "GET /xingrg/all/function/internal_message.html?_=1599965345457&CODE_STATE=getMsg HTTP/1.1" 200 27
114.82.29.189 - - [13/Sep/2020:10:49:08 +0800] "GET /xingrg/kc/buy/cgsh_order_operate.html?command=get_materiel&rest_code=00105&code=00101004063&supplier_code=00100085&order_time=2020-09-13 HTTP/1.1" 200 432
180.157.253.48 - - [13/Sep/2020:10:49:11 +0800] "GET /xingrg/kc/buy/cgsh_order_operate.html?command=get_materiel&rest_code=00148&code=00101010553&supplier_code=00100347&order_time=2020-09-13 HTTP/1.1" 200 400
117.185.32.26 - - [13/Sep/2020:10:49:13 +0800] "GET /xingrg/kc/buy/cgsh_order_operate.html?command=get_materiel&rest_code=00106&code=00101008331&supplier_code=00100007&order_time=2020-09-13 HTTP/1.1" 200 416
180.171.125.150 - - [13/Sep/2020:10:49:13 +0800] "GET /xingrg/all/function/internal_message.html?_=1599965346816&CODE_STATE=getMsg HTTP/1.1" 200 27
116.238.90.59 - - [13/Sep/2020:10:49:14 +0800] "GET /xingrg/kc/mdqp/pssh_order_list.html HTTP/1.1" 200 17753
116.238.90.59 - - [13/Sep/2020:10:49:14 +0800] "POST /xingrg/kc/mdqp/pssh_list_operate.html HTTP/1.1" 200 5409
222.69.137.87 - - [13/Sep/2020:10:49:15 +0800] "GET /xingrg/all/function/internal_message.html?_=1599965352867&CODE_STATE=getMsg HTTP/1.1" 200 27
172.17.0.119 - - [13/Sep/2020:10:49:18 +0800] "GET /xingrg/all/function/internal_message.html?_=1599965355286&CODE_STATE=getMsg HTTP/1.1" 200 27
58.37.9.106 - - [13/Sep/2020:10:49:22 +0800] "GET /xingrg/kc/buy/cgsh_order_operate.html?command=get_materiel&rest_code=00141&code=00101004050&supplier_code=00100312&order_time=2020-09-13 HTTP/1.1" 200 409
