58.37.9.106 - - [13/Sep/2020:10:44:51 +0800] "POST /xingrg/kc/buy/cgsh_order_operate.html HTTP/1.1" 200 2065
180.157.253.48 - - [13/Sep/2020:10:44:52 +0800] "POST /xingrg/kc/buy/cgsh_order_operate.html HTTP/1.1" 200 12
172.17.0.105 - - [13/Sep/2020:10:44:52 +0800] "GET /xingrg/all/function/internal_message.html?_=1599965089225&CODE_STATE=getMsg HTTP/1.1" 200 27
116.238.71.173 - - [13/Sep/2020:10:44:52 +0800] "POST /xingrg/dwr/call/plaincall/AjaxYddbService.getMaterielByMap.dwr HTTP/1.1" 200 3741
116.238.71.173 - - [13/Sep/2020:10:44:53 +0800] "GET /xingrg/all/function/internal_message.html?_=1599965090424&CODE_STATE=getMsg HTTP/1.1" 200 27
117.185.32.26 - - [13/Sep/2020:10:44:53 +0800] "GET /xingrg/kc/buy/cgsh_order_operate.html?command=get_materiel&rest_code=00106&code=00101008244&supplier_code=00100007&order_time=2020-09-13 HTTP/1.1" 200 408
114.82.29.189 - - [13/Sep/2020:10:44:54 +0800] "GET /xingrg/kc/buy/cgsh_order_operate.html?command=get_materiel&rest_code=00105&code=00101003025&supplier_code=00100093&order_time=2020-09-13 HTTP/1.1" 200 411
180.157.253.48 - - [13/Sep/2020:10:44:54 +0800] "GET /xingrg/kc/buy/cgsh_order_info.html?code=212020091305508 HTTP/1.1" 200 54577
117.185.32.26 - - [13/Sep/2020:10:44:55 +0800] "GET /xingrg/all/function/internal_message.html?_=1599965090526&CODE_STATE=getMsg HTTP/1.1" 200 27
180.157.253.48 - - [13/Sep/2020:10:44:55 +0800] "GET /xingrg/javascript/easyui/themes/default/validatebox.css HTTP/1.1" 404 1104
180.157.253.48 - - [13/Sep/2020:10:44:55 +0800] "POST /xingrg/kc/buy/cgsh_order_operate.html HTTP/1.1" 200 619
116.238.71.173 - - [13/Sep/2020:10:44:56 +0800] "POST /xingrg/dwr/call/plaincall/AjaxYddbService.saveMaterielItem.dwr HTTP/1.1" 200 79
180.157.253.48 - - [13/Sep/2020:10:44:56 +0800] "GET /xingrg/kc/print/load_data.html?order_code=212020091305508&kc_code=cgsh&condition= HTTP/1.1" 200 789
117.184.7.30 - - [13/Sep/2020:10:44:56 +0800] "GET /xingrg/all/function/internal_message.html?_=1599965948558&CODE_STATE=getMsg HTTP/1.1" 200 27
58.37.9.106 - - [13/Sep/2020:10:44:57 +0800] "GET /xingrg/kc/buy/cgsh_order_operate.html?command=get_materiel&rest_code=00141&code=00101010079&supplier_code=00100336&order_time=2020-09-13 HTTP/1.1" 200 413
58.37.9.106 - - [13/Sep/2020:10:44:57 +0800] "GET /xingrg/kc/buy/cgsh_order_operate.html?command=get_materiel&rest_code=00141&code=00101008329&supplier_code=00100007&order_time=2020-09-13 HTTP/1.1" 200 421
172.17.0.123 - - [13/Sep/2020:10:44:58 +0800] "GET /xingrg/all/function/internal_message.html?_=1599965099507&CODE_STATE=getMsg HTTP/1.1" 302 -
116.235.241.164 - - [13/Sep/2020:10:45:00 +0800] "GET /xingrg/all/function/internal_message.html?_=1599965098831&CODE_STATE=getMsg HTTP/1.1" 200 27
180.157.253.48 - - [13/Sep/2020:10:45:00 +0800] "GET /xingrg/kc/buy/cgsh_order_add.html HTTP/1.1" 200 59674
58.37.9.106 - - [13/Sep/2020:10:45:00 +0800] "GET /xingrg/all/function/internal_message.html?_=1599964724166&CODE_STATE=getMsg HTTP/1.1" 200 27
180.157.253.48 - - [13/Sep/2020:10:45:01 +0800] "POST /xingrg/kc/buy/cgsh_order_operate.html HTTP/1.1" 200 8245
180.157.253.48 - - [13/Sep/2020:10:45:01 +0800] "GET /xingrg/javascript/easyui/themes/default/validatebox.css HTTP/1.1" 404 1104
114.82.29.189 - - [13/Sep/2020:10:45:01 +0800] "POST /xingrg/kc/buy/cgsh_order_operate.html HTTP/1.1" 200 37
114.88.166.242 - - [13/Sep/2020:10:45:02 +0800] "GET /xingrg/all/function/internal_message.html?_=1599965164121&CODE_STATE=getMsg HTTP/1.1" 200 27
117.185.32.26 - - [13/Sep/2020:10:45:02 +0800] "GET /xingrg/kc/buy/cgsh_order_operate.html?command=get_materiel&rest_code=00106&code=00101008351&supplier_code=00100007&order_time=2020-09-13 HTTP/1.1" 200 408
218.81.217.115 - - [13/Sep/2020:10:45:03 +0800] "GET /xingrg/check_reg.html?_=1599965101969 HTTP/1.1" 200 22
180.157.253.48 - - [13/Sep/2020:10:45:04 +0800] "GET /xingrg/all/function/internal_message.html?_=1599965106764&CODE_STATE=getMsg HTTP/1.1" 200 27
114.82.29.189 - - [13/Sep/2020:10:45:04 +0800] "POST /xingrg/kc/buy/cgsh_order_operate.html HTTP/1.1" 200 2655
117.184.7.26 - - [13/Sep/2020:10:45:04 +0800] "GET /xingrg/all/function/internal_message.html?_=1599965101737&CODE_STATE=getMsg HTTP/1.1" 200 27
58.37.9.106 - - [13/Sep/2020:10:45:05 +0800] "POST /xingrg/kc/buy/cgsh_order_operate.html HTTP/1.1" 200 37
114.82.29.189 - - [13/Sep/2020:10:45:05 +0800] "GET /xingrg/kc/print/load_data.html?order_code=212020091305509&kc_code=cgsh&condition= HTTP/1.1" 200 713
180.157.253.48 - - [13/Sep/2020:10:45:06 +0800] "GET /xingrg/kc/buy/cgsh_order_operate.html?command=get_materiel&rest_code=00148&code=00101010281&supplier_code=00100331&order_time=2020-09-13 HTTP/1.1" 200 414
114.82.29.189 - - [13/Sep/2020:10:45:08 +0800] "GET /xingrg/all/function/internal_message.html?_=1599965105486&CODE_STATE=getMsg HTTP/1.1" 200 27
58.37.9.106 - - [13/Sep/2020:10:45:08 +0800] "POST /xingrg/kc/buy/cgsh_order_operate.html HTTP/1.1" 200 12
114.82.29.189 - - [13/Sep/2020:10:45:08 +0800] "GET /xingrg/check_reg.html?_=1599965105612 HTTP/1.1" 200 22
58.37.9.106 - - [13/Sep/2020:10:45:09 +0800] "GET /xingrg/kc/buy/cgsh_order_info.html?code=212020091305510 HTTP/1.1" 200 54577
116.238.71.173 - - [13/Sep/2020:10:45:09 +0800] "POST /xingrg/dwr/call/plaincall/AjaxYddbService.checkOrder.dwr HTTP/1.1" 200 79
58.37.9.106 - - [13/Sep/2020:10:45:09 +0800] "GET /xingrg/javascript/easyui/themes/default/validatebox.css HTTP/1.1" 404 1104
58.37.9.106 - - [13/Sep/2020:10:45:09 +0800] "POST /xingrg/kc/buy/cgsh_order_operate.html HTTP/1.1" 200 608
116.238.71.173 - - [13/Sep/2020:10:45:10 +0800] "GET /xingrg/kc/base/yddb_order_info.html?code=482020091300123 HTTP/1.1" 200 29200
116.238.71.173 - - [13/Sep/2020:10:45:10 +0800] "GET /xingrg/dwr/interface/AjaxYddbService.js HTTP/1.1" 200 13201
116.238.71.173 - - [13/Sep/2020:10:45:10 +0800] "GET /xingrg/dwr/interface/AjaxComOrderService.js HTTP/1.1" 200 18264
116.238.71.173 - - [13/Sep/2020:10:45:10 +0800] "GET /xingrg/dwr/engine.js HTTP/1.1" 200 43631
116.238.71.173 - - [13/Sep/2020:10:45:11 +0800] "POST /xingrg/dwr/call/plaincall/AjaxYddbService.loadMaterielItems.dwr HTTP/1.1" 200 3272
180.157.253.48 - - [13/Sep/2020:10:45:13 +0800] "POST /xingrg/kc/buy/cgsh_order_operate.html HTTP/1.1" 200 37
180.171.125.150 - - [13/Sep/2020:10:45:13 +0800] "GET /xingrg/all/function/internal_message.html?_=1599965106759&CODE_STATE=getMsg HTTP/1.1" 200 27
116.238.71.173 - - [13/Sep/2020:10:45:13 +0800] "GET /xingrg/kc/base/wldb_order_list.html HTTP/1.1" 200 19302
116.238.71.173 - - [13/Sep/2020:10:45:14 +0800] "POST /xingrg/kc/base/wldb_list_operate.html HTTP/1.1" 200 928
114.82.29.189 - - [13/Sep/2020:10:45:14 +0800] "GET /xingrg/kc/buy/cgsh_order_add.html HTTP/1.1" 200 59668
114.82.29.189 - - [13/Sep/2020:10:45:15 +0800] "GET /xingrg/javascript/easyui/themes/default/validatebox.css HTTP/1.1" 404 1104
114.82.29.189 - - [13/Sep/2020:10:45:15 +0800] "POST /xingrg/kc/buy/cgsh_order_operate.html HTTP/1.1" 200 8245
222.69.137.87 - - [13/Sep/2020:10:45:15 +0800] "GET /xingrg/all/function/internal_message.html?_=1599965112861&CODE_STATE=getMsg HTTP/1.1" 200 27
116.238.71.173 - - [13/Sep/2020:10:45:15 +0800] "GET /xingrg/kc/base/wldb_order_add.html HTTP/1.1" 200 30422
116.238.71.173 - - [13/Sep/2020:10:45:16 +0800] "POST /xingrg/kc/base/wldb_order_operate.html HTTP/1.1" 200 6806
116.238.71.173 - - [13/Sep/2020:10:45:16 +0800] "GET /xingrg/javascript/easyui/themes/default/validatebox.css HTTP/1.1" 404 1104
116.238.71.173 - - [13/Sep/2020:10:45:17 +0800] "POST /xingrg/all/common/load_combo.html?type=base HTTP/1.1" 200 2966
116.238.71.173 - - [13/Sep/2020:10:45:17 +0800] "GET /xingrg/check_reg.html?_=1599965240668 HTTP/1.1" 200 22
58.37.9.106 - - [13/Sep/2020:10:45:20 +0800] "GET /xingrg/kc/print/load_data.html?order_code=212020091305510&kc_code=cgsh&condition= HTTP/1.1" 200 703
117.185.32.26 - - [13/Sep/2020:10:45:21 +0800] "GET /xingrg/kc/buy/cgsh_order_operate.html?command=get_materiel&rest_code=00106&code=00101008224&supplier_code=00100007&order_time=2020-09-13 HTTP/1.1" 200 416
180.157.253.48 - - [13/Sep/2020:10:45:22 +0800] "POST /xingrg/kc/buy/cgsh_order_operate.html HTTP/1.1" 200 12
180.157.253.48 - - [13/Sep/2020:10:45:23 +0800] "GET /xingrg/kc/buy/cgsh_order_info.html?code=212020091305511 HTTP/1.1" 200 54579
180.157.253.48 - - [13/Sep/2020:10:45:24 +0800] "GET /xingrg/javascript/easyui/themes/default/validatebox.css HTTP/1.1" 404 1104
180.157.253.48 - - [13/Sep/2020:10:45:24 +0800] "POST /xingrg/kc/buy/cgsh_order_operate.html HTTP/1.1" 200 607
114.82.29.189 - - [13/Sep/2020:10:45:25 +0800] "GET /xingrg/kc/buy/cgsh_order_operate.html?command=get_materiel&rest_code=00105&code=00101003066&supplier_code=00100088&order_time=2020-09-13 HTTP/1.1" 200 412
180.157.253.48 - - [13/Sep/2020:10:45:25 +0800] "GET /xingrg/kc/print/load_data.html?order_code=212020091305511&kc_code=cgsh&condition= HTTP/1.1" 200 701
58.37.9.106 - - [13/Sep/2020:10:45:26 +0800] "GET /xingrg/kc/buy/cgsh_order_add.html HTTP/1.1" 200 59674
58.37.9.106 - - [13/Sep/2020:10:45:26 +0800] "POST /xingrg/kc/buy/cgsh_order_operate.html HTTP/1.1" 200 8245
58.37.9.106 - - [13/Sep/2020:10:45:26 +0800] "GET /xingrg/javascript/easyui/themes/default/validatebox.css HTTP/1.1" 404 1104
58.37.9.106 - - [13/Sep/2020:10:45:28 +0800] "POST /xingrg/kc/buy/cgsh_order_operate.html HTTP/1.1" 200 37
114.82.29.189 - - [13/Sep/2020:10:45:29 +0800] "GET /xingrg/check_reg.html?_=1599965111285 HTTP/1.1" 200 22
114.82.29.189 - - [13/Sep/2020:10:45:29 +0800] "GET /xingrg/all/function/internal_message.html?_=1599965111287&CODE_STATE=getMsg HTTP/1.1" 200 27
117.185.32.26 - - [13/Sep/2020:10:45:29 +0800] "GET /xingrg/kc/buy/cgsh_order_operate.html?command=get_materiel&rest_code=00106&code=00101008126&supplier_code=00100007&order_time=2020-09-13 HTTP/1.1" 200 412
183.192.164.97 - - [13/Sep/2020:10:45:29 +0800] "GET /xingrg/all/function/internal_message.html?_=1599964370529&CODE_STATE=getMsg HTTP/1.1" 302 -
117.131.5.26 - - [13/Sep/2020:10:45:30 +0800] "GET /xingrg/all/function/internal_message.html?_=1599965127316&CODE_STATE=getMsg HTTP/1.1" 200 27
116.238.71.173 - - [13/Sep/2020:10:45:30 +0800] "GET /xingrg/system/info/materiel_import.html?isSelect=1&singleSelect=false HTTP/1.1" 200 5600
116.238.71.173 - - [13/Sep/2020:10:45:30 +0800] "GET /xingrg/css/xtree.css HTTP/1.1" 304 -
116.238.71.173 - - [13/Sep/2020:10:45:30 +0800] "GET /xingrg/javascript/jquery_ui/themes/base/base.css HTTP/1.1" 304 -
180.157.253.48 - - [13/Sep/2020:10:45:30 +0800] "GET /xingrg/kc/buy/cgsh_order_add.html HTTP/1.1" 200 59674
116.238.71.173 - - [13/Sep/2020:10:45:30 +0800] "GET /xingrg/javascript/jquery_easy_ui/themes/icons/search.png HTTP/1.1" 304 -
116.238.71.173 - - [13/Sep/2020:10:45:31 +0800] "POST /xingrg/all/common/load_tree.html?tree=materiel_sort_tree_json HTTP/1.1" 200 8666
116.238.71.173 - - [13/Sep/2020:10:45:31 +0800] "GET /favicon.ico HTTP/1.1" 404 -
180.157.253.48 - - [13/Sep/2020:10:45:31 +0800] "POST /xingrg/kc/buy/cgsh_order_operate.html HTTP/1.1" 200 8245
180.157.253.48 - - [13/Sep/2020:10:45:31 +0800] "GET /xingrg/javascript/easyui/themes/default/validatebox.css HTTP/1.1" 404 1104
117.185.32.26 - - [13/Sep/2020:10:45:32 +0800] "POST /xingrg/kc/buy/cgsh_order_operate.html HTTP/1.1" 200 2065
172.17.0.120 - - [13/Sep/2020:10:45:32 +0800] "GET /xingrg/check_reg.html?_=1599965129821 HTTP/1.1" 200 22
172.17.0.120 - - [13/Sep/2020:10:45:32 +0800] "GET /xingrg/all/function/internal_message.html?_=1599965129825&CODE_STATE=getMsg HTTP/1.1" 200 27
58.37.9.106 - - [13/Sep/2020:10:45:32 +0800] "POST /xingrg/kc/buy/cgsh_order_operate.html HTTP/1.1" 200 12
58.37.9.106 - - [13/Sep/2020:10:45:33 +0800] "GET /xingrg/kc/buy/cgsh_order_info.html?code=212020091305512 HTTP/1.1" 200 54577
58.37.9.106 - - [13/Sep/2020:10:45:34 +0800] "GET /xingrg/javascript/easyui/themes/default/validatebox.css HTTP/1.1" 404 1104
58.37.9.106 - - [13/Sep/2020:10:45:34 +0800] "POST /xingrg/kc/buy/cgsh_order_operate.html HTTP/1.1" 200 14816
58.37.9.106 - - [13/Sep/2020:10:45:36 +0800] "GET /xingrg/kc/print/load_data.html?order_code=212020091305512&kc_code=cgsh&condition= HTTP/1.1" 200 6140
116.238.71.173 - - [13/Sep/2020:10:45:36 +0800] "GET /xingrg/kc/base/wldb_order_operate.html?command=get_materiel&rest_code=00150&base_code=0010445&code=00101008417 HTTP/1.1" 200 416
58.37.9.106 - - [13/Sep/2020:10:45:36 +0800] "GET /xingrg/kc/buy/cgsh_order_operate.html?command=get_materiel&rest_code=00141&code=00101001029&supplier_code=00100312&order_time=2020-09-13 HTTP/1.1" 200 413
116.238.90.59 - - [13/Sep/2020:10:45:37 +0800] "GET /xingrg/all/function/internal_message.html?_=1599965142451&CODE_STATE=getMsg HTTP/1.1" 200 27
116.238.71.173 - - [13/Sep/2020:10:45:38 +0800] "GET /xingrg/all/function/internal_message.html?_=1599965261645&CODE_STATE=getMsg HTTP/1.1" 200 27
180.157.253.48 - - [13/Sep/2020:10:45:38 +0800] "GET /xingrg/kc/buy/cgsh_order_operate.html?command=get_materiel&rest_code=00148&code=00101010537&supplier_code=00100329&order_time=2020-09-13 HTTP/1.1" 200 422
183.192.164.97 - - [13/Sep/2020:10:45:38 +0800] "GET /xingrg/login.html HTTP/1.1" 200 7641
218.81.217.115 - - [13/Sep/2020:10:45:39 +0800] "GET /xingrg/all/function/internal_message.html?_=1599965137990&CODE_STATE=getMsg HTTP/1.1" 200 27
183.192.164.85 - - [13/Sep/2020:10:45:40 +0800] "GET /xingrg/kc/print/load_data.html?order_code=212020091305471&kc_code=cgsh HTTP/1.1" 302 -
172.17.200.101 - - [13/Sep/2020:10:45:40 +0800] "GET /xingrg/all/function/internal_message.html?_=1599965138685&CODE_STATE=getMsg HTTP/1.1" 200 27
116.235.241.164 - - [13/Sep/2020:10:45:40 +0800] "GET /xingrg/all/function/internal_message.html?_=1599965139605&CODE_STATE=getMsg HTTP/1.1" 200 27
183.192.164.85 - - [13/Sep/2020:10:45:43 +0800] "GET /xingrg/login.html HTTP/1.1" 200 7641
116.238.71.173 - - [13/Sep/2020:10:45:43 +0800] "GET /xingrg/kc/base/wldb_order_operate.html?command=get_materiel&rest_code=00150&base_code=0010445&code=00101013225 HTTP/1.1" 200 448
117.185.32.26 - - [13/Sep/2020:10:45:43 +0800] "GET /xingrg/kc/buy/cgsh_order_operate.html?command=get_materiel&rest_code=00106&code=00101008357&supplier_code=00100007&order_time=2020-09-13 HTTP/1.1" 200 408
58.37.9.106 - - [13/Sep/2020:10:45:45 +0800] "GET /xingrg/kc/buy/cgsh_order_operate.html?command=get_materiel&rest_code=00141&code=00101001096&supplier_code=00100312&order_time=2020-09-13 HTTP/1.1" 200 413
116.238.90.59 - - [13/Sep/2020:10:45:46 +0800] "GET /xingrg/all/function/internal_message.html?_=1599965350932&CODE_STATE=getMsg HTTP/1.1" 200 27
114.82.29.189 - - [13/Sep/2020:10:45:46 +0800] "GET /xingrg/kc/buy/cgsh_order_operate.html?command=get_materiel&rest_code=00105&code=00101002035&supplier_code=00100088&order_time=2020-09-13 HTTP/1.1" 200 415
58.37.9.106 - - [13/Sep/2020:10:45:47 +0800] "GET /xingrg/kc/buy/cgsh_order_add.html HTTP/1.1" 200 59674
58.37.9.106 - - [13/Sep/2020:10:45:48 +0800] "POST /xingrg/kc/buy/cgsh_order_operate.html HTTP/1.1" 200 8245
58.37.9.106 - - [13/Sep/2020:10:45:48 +0800] "GET /xingrg/javascript/easyui/themes/default/validatebox.css HTTP/1.1" 404 1104
180.157.253.48 - - [13/Sep/2020:10:45:49 +0800] "GET /xingrg/system/info/materiel_import.html?isSelect=1&singleSelect=false HTTP/1.1" 200 5600
180.157.253.48 - - [13/Sep/2020:10:45:50 +0800] "POST /xingrg/all/common/load_tree.html?tree=materiel_sort_tree_json HTTP/1.1" 200 8666
180.157.253.48 - - [13/Sep/2020:10:45:51 +0800] "GET /favicon.ico HTTP/1.1" 404 -
116.238.71.173 - - [13/Sep/2020:10:45:51 +0800] "POST /xingrg/kc/base/wldb_order_operate.html HTTP/1.1" 200 37
172.17.0.105 - - [13/Sep/2020:10:45:52 +0800] "GET /xingrg/all/function/internal_message.html?_=1599965149225&CODE_STATE=getMsg HTTP/1.1" 200 27
116.238.71.173 - - [13/Sep/2020:10:45:52 +0800] "POST /xingrg/kc/base/wldb_order_operate.html HTTP/1.1" 200 12
116.238.71.173 - - [13/Sep/2020:10:45:52 +0800] "POST /xingrg/kc/base/wldb_order_operate.html HTTP/1.1" 200 3142
116.238.71.173 - - [13/Sep/2020:10:45:53 +0800] "GET /xingrg/all/function/internal_message.html?_=1599965150473&CODE_STATE=getMsg HTTP/1.1" 200 27
116.238.90.59 - - [13/Sep/2020:10:45:54 +0800] "POST /xingrg/kc/buy/cgsh_list_operate.html HTTP/1.1" 200 2412
114.88.166.242 - - [13/Sep/2020:10:45:54 +0800] "GET /xingrg/kc/base/wldb_order_add.html HTTP/1.1" 200 30408
116.238.71.173 - - [13/Sep/2020:10:45:54 +0800] "GET /xingrg/kc/base/wldb_order_info.html?code=422020091301469 HTTP/1.1" 200 26306
114.88.166.242 - - [13/Sep/2020:10:45:55 +0800] "GET /xingrg/javascript/easyui/themes/default/validatebox.css HTTP/1.1" 404 1104
114.88.166.242 - - [13/Sep/2020:10:45:55 +0800] "POST /xingrg/kc/base/wldb_order_operate.html HTTP/1.1" 200 6806
116.238.90.59 - - [13/Sep/2020:10:45:55 +0800] "POST /xingrg/kc/buy/cgsh_list_operate.html HTTP/1.1" 200 573
116.238.71.173 - - [13/Sep/2020:10:45:55 +0800] "POST /xingrg/kc/base/wldb_order_operate.html HTTP/1.1" 200 1414
116.238.71.173 - - [13/Sep/2020:10:45:55 +0800] "GET /xingrg/javascript/easyui/themes/default/validatebox.css HTTP/1.1" 404 1104
117.185.32.26 - - [13/Sep/2020:10:45:55 +0800] "GET /xingrg/all/function/internal_message.html?_=1599965150552&CODE_STATE=getMsg HTTP/1.1" 200 27
116.238.90.59 - - [13/Sep/2020:10:45:55 +0800] "GET /xingrg/kc/buy/cgsh_order_info.html?code=212020091305487 HTTP/1.1" 200 59595
58.37.9.106 - - [13/Sep/2020:10:45:55 +0800] "GET /xingrg/kc/buy/cgsh_order_operate.html?command=get_materiel&rest_code=00141&code=00101001015&supplier_code=00100312&order_time=2020-09-13 HTTP/1.1" 200 414
116.238.90.59 - - [13/Sep/2020:10:45:56 +0800] "GET /xingrg/javascript/easyui/themes/default/validatebox.css HTTP/1.1" 404 1104
116.238.90.59 - - [13/Sep/2020:10:45:56 +0800] "POST /xingrg/kc/buy/cgsh_order_operate.html HTTP/1.1" 200 23376
117.184.7.30 - - [13/Sep/2020:10:45:56 +0800] "GET /xingrg/all/function/internal_message.html?_=1599966008557&CODE_STATE=getMsg HTTP/1.1" 200 27
180.157.253.48 - - [13/Sep/2020:10:45:57 +0800] "GET /xingrg/kc/buy/cgsh_order_operate.html?command=get_materiel&rest_code=00148&code=00101006064&supplier_code=00100329&order_time=2020-09-13 HTTP/1.1" 200 421
172.17.0.123 - - [13/Sep/2020:10:45:58 +0800] "GET /xingrg/all/function/internal_message.html?_=1599965159509&CODE_STATE=getMsg HTTP/1.1" 302 -
116.235.241.164 - - [13/Sep/2020:10:46:00 +0800] "GET /xingrg/all/function/internal_message.html?_=1599965158830&CODE_STATE=getMsg HTTP/1.1" 200 27
58.37.9.106 - - [13/Sep/2020:10:46:00 +0800] "GET /xingrg/check_reg.html?_=1599964784143 HTTP/1.1" 200 22
58.37.9.106 - - [13/Sep/2020:10:46:00 +0800] "GET /xingrg/all/function/internal_message.html?_=1599964784145&CODE_STATE=getMsg HTTP/1.1" 200 27
120.253.135.82 - - [13/Sep/2020:10:46:01 +0800] "GET /xingrg/check_reg.html?_=1599965272793 HTTP/1.1" 302 -
114.82.29.189 - - [13/Sep/2020:10:46:01 +0800] "GET /xingrg/kc/buy/cgsh_order_operate.html?command=get_materiel&rest_code=00105&code=00101002009&supplier_code=00100088&order_time=2020-09-13 HTTP/1.1" 200 416
58.37.9.106 - - [13/Sep/2020:10:46:01 +0800] "GET /xingrg/kc/buy/cgsh_order_operate.html?command=get_materiel&rest_code=00141&code=00101008176&supplier_code=00100007&order_time=2020-09-13 HTTP/1.1" 200 431
172.17.0.120 - - [13/Sep/2020:10:46:01 +0800] "POST /xingrg/kc/buy/cgsh_list_operate.html HTTP/1.1" 200 4628
117.185.32.26 - - [13/Sep/2020:10:46:01 +0800] "GET /xingrg/kc/buy/cgsh_order_operate.html?command=get_materiel&rest_code=00106&code=00101008295&supplier_code=00100007&order_time=2020-09-13 HTTP/1.1" 200 412
114.88.166.242 - - [13/Sep/2020:10:46:02 +0800] "GET /xingrg/all/function/internal_message.html?_=1599965224093&CODE_STATE=getMsg HTTP/1.1" 200 27
58.37.9.106 - - [13/Sep/2020:10:46:02 +0800] "GET /xingrg/kc/buy/cgsh_order_operate.html?command=get_materiel&rest_code=00141&code=00101001104&supplier_code=00100312&order_time=2020-09-13 HTTP/1.1" 200 413
116.238.71.173 - - [13/Sep/2020:10:46:03 +0800] "POST /xingrg/all/user/operate.html HTTP/1.1" 200 36
180.157.253.48 - - [13/Sep/2020:10:46:04 +0800] "GET /xingrg/all/function/internal_message.html?_=1599965166739&CODE_STATE=getMsg HTTP/1.1" 200 27
117.184.7.26 - - [13/Sep/2020:10:46:04 +0800] "GET /xingrg/all/function/internal_message.html?_=1599965161704&CODE_STATE=getMsg HTTP/1.1" 200 27
180.157.253.48 - - [13/Sep/2020:10:46:05 +0800] "GET /xingrg/kc/buy/cgsh_order_operate.html?command=get_materiel&rest_code=00148&code=00101010220&supplier_code=00100329&order_time=2020-09-13 HTTP/1.1" 200 431
116.238.71.173 - - [13/Sep/2020:10:46:05 +0800] "GET /xingrg/index.html?sysBaseUrl=http%3A%2F%2F180.169.147.146%3A18081%2Fxingrg%2F&costTime=40×tamp=1599961122884 HTTP/1.1" 200 17177
116.238.71.173 - - [13/Sep/2020:10:46:05 +0800] "GET /xingrg/javascript/jquery_easy_ui/themes/default/easyui.css HTTP/1.1" 304 -
116.238.71.173 - - [13/Sep/2020:10:46:05 +0800] "GET /xingrg/javascript/jquery_easy_ui/themes/icon.css HTTP/1.1" 304 -
116.238.71.173 - - [13/Sep/2020:10:46:05 +0800] "GET /xingrg/css/form.css HTTP/1.1" 304 -
116.238.71.173 - - [13/Sep/2020:10:46:05 +0800] "GET /xingrg/javascript/jquery-1.4.2.min.js HTTP/1.1" 304 -
116.238.71.173 - - [13/Sep/2020:10:46:05 +0800] "GET /xingrg/javascript/jquery_easy_ui/jquery.easyui.min.js HTTP/1.1" 304 -
116.238.71.173 - - [13/Sep/2020:10:46:06 +0800] "GET /xingrg/javascript/jquery_easy_ui/easyui-lang-zh_CN.js HTTP/1.1" 304 -
116.238.71.173 - - [13/Sep/2020:10:46:06 +0800] "GET /xingrg/javascript/jquery.form.js HTTP/1.1" 304 -
116.238.71.173 - - [13/Sep/2020:10:46:06 +0800] "GET /xingrg/javascript/jquery.utils.js HTTP/1.1" 304 -
116.238.71.173 - - [13/Sep/2020:10:46:06 +0800] "GET /xingrg/javascript/jquery.timers.js HTTP/1.1" 304 -
116.238.71.173 - - [13/Sep/2020:10:46:06 +0800] "GET /xingrg/images/blue/jxLogo.png HTTP/1.1" 304 -
116.238.71.173 - - [13/Sep/2020:10:46:06 +0800] "GET /xingrg/images/blue/navBackgound.jpg HTTP/1.1" 304 -
116.238.71.173 - - [13/Sep/2020:10:46:06 +0800] "GET /xingrg/javascript/jquery_easy_ui/themes/icons/settle_new.png HTTP/1.1" 304 -
116.238.71.173 - - [13/Sep/2020:10:46:06 +0800] "GET /xingrg/images/blue/pingpu.png HTTP/1.1" 304 -
116.238.71.173 - - [13/Sep/2020:10:46:06 +0800] "GET /xingrg/javascript/jquery_easy_ui/themes/default/images/tabs_leftarrow.png HTTP/1.1" 304 -
116.238.71.173 - - [13/Sep/2020:10:46:06 +0800] "GET /xingrg/javascript/jquery_easy_ui/themes/default/images/tabs_rightarrow.png HTTP/1.1" 304 -
116.238.71.173 - - [13/Sep/2020:10:46:06 +0800] "GET /xingrg/javascript/jquery_easy_ui/themes/default/images/panel_tool_collapse.gif HTTP/1.1" 304 -
116.238.71.173 - - [13/Sep/2020:10:46:06 +0800] "GET /xingrg/all/function/internal_message.html?_=1599965289357&CODE_STATE=count HTTP/1.1" 200 11
116.238.71.173 - - [13/Sep/2020:10:46:06 +0800] "GET /xingrg/check_reg.html?_=1599965289358 HTTP/1.1" 200 22
116.238.71.173 - - [13/Sep/2020:10:46:06 +0800] "POST /xingrg/all/common/load_tree.html?tree=area_rest_tree_json&manage=1 HTTP/1.1" 200 476
116.238.71.173 - - [13/Sep/2020:10:46:06 +0800] "POST /xingrg/load_menu.html HTTP/1.1" 200 5138
114.82.29.189 - - [13/Sep/2020:10:46:08 +0800] "GET /xingrg/all/function/internal_message.html?_=1599965165468&CODE_STATE=getMsg HTTP/1.1" 200 27
114.88.166.242 - - [13/Sep/2020:10:46:09 +0800] "GET /xingrg/kc/base/wldb_order_operate.html?command=get_materiel&rest_code=00111&base_code=0010306&code=00102002025 HTTP/1.1" 200 452
116.238.71.173 - - [13/Sep/2020:10:46:10 +0800] "GET /xingrg/kc/base/yddb_order_list.html HTTP/1.1" 200 16906
116.238.71.173 - - [13/Sep/2020:10:46:10 +0800] "POST /xingrg/kc/base/yddb_list_operate.html HTTP/1.1" 200 636
114.88.166.242 - - [13/Sep/2020:10:46:10 +0800] "POST /xingrg/all/common/load_select.html HTTP/1.1" 200 25
117.185.32.26 - - [13/Sep/2020:10:46:11 +0800] "POST /xingrg/kc/buy/cgsh_order_operate.html HTTP/1.1" 200 2065
58.37.9.106 - - [13/Sep/2020:10:46:11 +0800] "GET /xingrg/kc/buy/cgsh_order_operate.html?command=get_materiel&rest_code=00141&code=00101008323&supplier_code=00100007&order_time=2020-09-13 HTTP/1.1" 200 408
114.88.166.242 - - [13/Sep/2020:10:46:11 +0800] "GET /xingrg/kc/base/wldb_order_operate.html?command=get_materiel_price&rest_code=00111&base_code=0010306&code=00102002025&unit_code=00100351 HTTP/1.1" 200 34
180.171.125.150 - - [13/Sep/2020:10:46:13 +0800] "GET /xingrg/all/function/internal_message.html?_=1599965166776&CODE_STATE=getMsg HTTP/1.1" 200 27
116.238.71.173 - - [13/Sep/2020:10:46:13 +0800] "POST /xingrg/kc/base/yddb_list_operate.html HTTP/1.1" 200 3156
114.82.29.189 - - [13/Sep/2020:10:46:14 +0800] "POST /xingrg/kc/buy/cgsh_order_operate.html HTTP/1.1" 200 37
172.17.0.120 - - [13/Sep/2020:10:46:14 +0800] "GET /xingrg/kc/info/info_main.html HTTP/1.1" 200 5880
172.17.0.120 - - [13/Sep/2020:10:46:14 +0800] "GET /xingrg/images/blue/cldwgl.gif HTTP/1.1" 200 2487
172.17.0.120 - - [13/Sep/2020:10:46:14 +0800] "GET /xingrg/images/blue/clxx.gif HTTP/1.1" 200 1916
172.17.0.120 - - [13/Sep/2020:10:46:14 +0800] "GET /xingrg/images/blue/ckxx.gif HTTP/1.1" 200 2041
172.17.0.120 - - [13/Sep/2020:10:46:14 +0800] "GET /xingrg/images/blue/gysxxgl.gif HTTP/1.1" 200 1945
172.17.0.120 - - [13/Sep/2020:10:46:14 +0800] "GET /xingrg/images/blue/gyslbgl.gif HTTP/1.1" 200 1480
172.17.0.120 - - [13/Sep/2020:10:46:14 +0800] "GET /xingrg/images/blue/gyscljg.gif HTTP/1.1" 200 2081
180.157.253.48 - - [13/Sep/2020:10:46:14 +0800] "GET /xingrg/kc/buy/cgsh_order_operate.html?command=get_materiel&rest_code=00148&code=00101010355&supplier_code=00100329&order_time=2020-09-13 HTTP/1.1" 200 426
114.82.29.189 - - [13/Sep/2020:10:46:15 +0800] "POST /xingrg/kc/buy/cgsh_order_operate.html HTTP/1.1" 200 3876
117.185.32.26 - - [13/Sep/2020:10:46:15 +0800] "GET /xingrg/kc/buy/cgsh_order_operate.html?command=get_materiel&rest_code=00106&code=00101008347&supplier_code=00100007&order_time=2020-09-13 HTTP/1.1" 200 408
222.69.137.87 - - [13/Sep/2020:10:46:15 +0800] "GET /xingrg/all/function/internal_message.html?_=1599965172859&CODE_STATE=getMsg HTTP/1.1" 200 27
183.192.164.85 - - [13/Sep/2020:10:46:16 +0800] "GET /xingrg/kc/buy/cgsh_order_operate.html?command=get_materiel&rest_code=00106&code=00101006161&supplier_code=00100032&order_time=2020-09-13 HTTP/1.1" 302 -
114.82.29.189 - - [13/Sep/2020:10:46:16 +0800] "GET /xingrg/kc/print/load_data.html?order_code=212020091305513&kc_code=cgsh&condition= HTTP/1.1" 200 1224
172.17.0.120 - - [13/Sep/2020:10:46:16 +0800] "POST /xingrg/load_menu.html HTTP/1.1" 200 9445
120.204.17.73 - - [13/Sep/2020:10:46:16 +0800] "GET /xingrg/kc/buy/cgsh_order_operate.html?command=get_materiel&rest_code=00106&code=00101007061&supplier_code=00100002&order_time=2020-09-13 HTTP/1.1" 302 -
58.37.9.106 - - [13/Sep/2020:10:46:17 +0800] "GET /xingrg/kc/buy/cgsh_order_operate.html?command=get_materiel&rest_code=00141&code=00101008302&supplier_code=00100007&order_time=2020-09-13 HTTP/1.1" 200 412
116.238.71.173 - - [13/Sep/2020:10:46:18 +0800] "POST /xingrg/kc/base/yddb_list_operate.html HTTP/1.1" 200 615
114.88.166.242 - - [13/Sep/2020:10:46:18 +0800] "GET /xingrg/kc/base/wldb_order_operate.html?command=get_materiel&rest_code=00111&base_code=0010306&code=00102002022 HTTP/1.1" 200 458
172.17.0.120 - - [13/Sep/2020:10:46:18 +0800] "GET /xingrg/all/report/report_query.html?fileName=dma/new_5.0/menu/menu_category_hz.xml HTTP/1.1" 200 52989
172.17.0.120 - - [13/Sep/2020:10:46:18 +0800] "GET /xingrg/javascript/multi_select/jqueryMultiSelect.css HTTP/1.1" 200 951
172.17.0.120 - - [13/Sep/2020:10:46:18 +0800] "GET /xingrg/javascript/calendar/timePicker.css HTTP/1.1" 200 523
172.17.0.120 - - [13/Sep/2020:10:46:19 +0800] "GET /xingrg/javascript/bigrid/fix.css HTTP/1.1" 200 1702
172.17.0.120 - - [13/Sep/2020:10:46:19 +0800] "GET /xingrg/dwr/interface/AjaxReportQueryService.js HTTP/1.1" 200 13203
172.17.0.120 - - [13/Sep/2020:10:46:19 +0800] "GET /xingrg/dwr/engine.js HTTP/1.1" 200 43631
172.17.0.120 - - [13/Sep/2020:10:46:19 +0800] "GET /xingrg/dwr/util.js HTTP/1.1" 200 35990
172.17.0.120 - - [13/Sep/2020:10:46:19 +0800] "GET /xingrg/javascript/jqueryMultiSelect.js HTTP/1.1" 200 11866
172.17.0.120 - - [13/Sep/2020:10:46:19 +0800] "GET /xingrg/javascript/Calendar.js HTTP/1.1" 200 31561
172.17.0.120 - - [13/Sep/2020:10:46:19 +0800] "GET /xingrg/javascript/calendar/jquery.timePicker.min.js HTTP/1.1" 200 2997
172.17.0.120 - - [13/Sep/2020:10:46:19 +0800] "GET /xingrg/javascript/bigrid/fix.js HTTP/1.1" 200 6439
172.17.0.120 - - [13/Sep/2020:10:46:19 +0800] "GET /xingrg/images/control/loading.gif HTTP/1.1" 200 13463
172.17.0.120 - - [13/Sep/2020:10:46:19 +0800] "GET /xingrg/images/blue/button/advanceover.gif HTTP/1.1" 200 1347
172.17.0.120 - - [13/Sep/2020:10:46:19 +0800] "GET /xingrg/images/blue/button/advance2over.gif HTTP/1.1" 200 1336
172.17.0.120 - - [13/Sep/2020:10:46:19 +0800] "GET /xingrg/images/blue/button/back2over.gif HTTP/1.1" 200 1335
172.17.0.120 - - [13/Sep/2020:10:46:19 +0800] "GET /xingrg/images/blue/button/backover.gif HTTP/1.1" 200 1348
172.17.0.120 - - [13/Sep/2020:10:46:19 +0800] "GET /xingrg/javascript/jquery_easy_ui/themes/default/images/menu.gif HTTP/1.1" 200 834
172.17.0.120 - - [13/Sep/2020:10:46:19 +0800] "GET /xingrg/javascript/jquery_easy_ui/themes/icons/pencil.png HTTP/1.1" 200 713
172.17.0.120 - - [13/Sep/2020:10:46:19 +0800] "GET /xingrg/javascript/jquery_easy_ui/themes/default/images/menu_downarrow.png HTTP/1.1" 200 173
172.17.0.120 - - [13/Sep/2020:10:46:19 +0800] "GET /xingrg/javascript/jquery_easy_ui/themes/icons/help.png HTTP/1.1" 200 1187
172.17.0.120 - - [13/Sep/2020:10:46:19 +0800] "GET /xingrg/javascript/jquery_easy_ui/themes/default/images/menu_rightarrow.png HTTP/1.1" 200 3617
172.17.0.120 - - [13/Sep/2020:10:46:19 +0800] "GET /xingrg/javascript/jquery_easy_ui/themes/icons/print.png HTTP/1.1" 200 1057
172.17.0.120 - - [13/Sep/2020:10:46:19 +0800] "POST /xingrg/dwr/call/plaincall/AjaxReportQueryService.getFixDate.dwr HTTP/1.1" 200 111
172.17.0.120 - - [13/Sep/2020:10:46:19 +0800] "GET /xingrg/javascript/jquery_easy_ui/themes/default/images/combo_arrow_dot.gif HTTP/1.1" 200 79
172.17.0.120 - - [13/Sep/2020:10:46:19 +0800] "POST /xingrg/all/common/load_tree.html?tree=area_station_tree_json&manage=1 HTTP/1.1" 200 3116
172.17.0.120 - - [13/Sep/2020:10:46:19 +0800] "GET /xingrg/javascript/multi_select/dropdown.gif HTTP/1.1" 200 61
116.238.71.173 - - [13/Sep/2020:10:46:19 +0800] "GET /xingrg/kc/base/yddb_order_info.html?code=482020091300123 HTTP/1.1" 200 30765
116.238.71.173 - - [13/Sep/2020:10:46:19 +0800] "GET /xingrg/dwr/interface/AjaxYddbService.js HTTP/1.1" 200 13201
116.238.71.173 - - [13/Sep/2020:10:46:19 +0800] "GET /xingrg/dwr/interface/AjaxComOrderService.js HTTP/1.1" 200 18264
116.238.71.173 - - [13/Sep/2020:10:46:19 +0800] "GET /xingrg/dwr/engine.js HTTP/1.1" 200 43631
116.238.71.173 - - [13/Sep/2020:10:46:19 +0800] "POST /xingrg/dwr/call/plaincall/AjaxYddbService.loadMaterielItems.dwr HTTP/1.1" 200 3272
114.82.29.189 - - [13/Sep/2020:10:46:19 +0800] "GET /xingrg/kc/buy/cgsh_order_add.html HTTP/1.1" 200 59668
114.82.29.189 - - [13/Sep/2020:10:46:20 +0800] "GET /xingrg/javascript/easyui/themes/default/validatebox.css HTTP/1.1" 404 1104
114.82.29.189 - - [13/Sep/2020:10:46:20 +0800] "POST /xingrg/kc/buy/cgsh_order_operate.html HTTP/1.1" 200 8245
180.157.253.48 - - [13/Sep/2020:10:46:20 +0800] "POST /xingrg/kc/buy/cgsh_order_operate.html HTTP/1.1" 200 37
116.230.74.197 - - [13/Sep/2020:10:46:22 +0800] "GET /xingrg/check_reg.html?_=1599965180553 HTTP/1.1" 200 22
172.17.0.120 - - [13/Sep/2020:10:46:22 +0800] "GET /xingrg/all/report/report_query.html?fileName=dma/new_5.0/menu/menu_stca_hz.xml HTTP/1.1" 200 51343
172.17.0.120 - - [13/Sep/2020:10:46:22 +0800] "GET /xingrg/dwr/interface/AjaxReportQueryService.js HTTP/1.1" 200 13203
172.17.0.120 - - [13/Sep/2020:10:46:22 +0800] "GET /xingrg/dwr/engine.js HTTP/1.1" 200 43631
172.17.0.120 - - [13/Sep/2020:10:46:22 +0800] "POST /xingrg/dwr/call/plaincall/AjaxReportQueryService.getFixDate.dwr HTTP/1.1" 200 111
172.17.0.120 - - [13/Sep/2020:10:46:22 +0800] "POST /xingrg/all/common/load_tree.html?tree=area_station_tree_json&manage=1 HTTP/1.1" 200 3116
172.17.0.120 - - [13/Sep/2020:10:46:22 +0800] "GET /xingrg/javascript/jquery_easy_ui/themes/default/images/tree_checkbox_0.gif HTTP/1.1" 200 168
114.88.166.242 - - [13/Sep/2020:10:46:23 +0800] "POST /xingrg/kc/base/wldb_order_operate.html HTTP/1.1" 200 37
116.238.71.173 - - [13/Sep/2020:10:46:23 +0800] "POST /xingrg/dwr/call/plaincall/AjaxYddbService.saveOrder.dwr HTTP/1.1" 200 78
114.88.166.242 - - [13/Sep/2020:10:46:23 +0800] "POST /xingrg/kc/base/wldb_order_operate.html HTTP/1.1" 200 2705
120.204.17.73 - - [13/Sep/2020:10:46:23 +0800] "GET /xingrg/login.html HTTP/1.1" 200 7641
114.88.166.242 - - [13/Sep/2020:10:46:23 +0800] "GET /xingrg/kc/base/wldb_order_info.html?code=422020091301470 HTTP/1.1" 200 30422
117.185.32.26 - - [13/Sep/2020:10:46:24 +0800] "GET /xingrg/kc/buy/cgsh_order_operate.html?command=get_materiel&rest_code=00106&code=00101008100&supplier_code=00100007&order_time=2020-09-13 HTTP/1.1" 200 408
114.88.166.242 - - [13/Sep/2020:10:46:24 +0800] "GET /xingrg/javascript/easyui/themes/default/validatebox.css HTTP/1.1" 404 1104
114.88.166.242 - - [13/Sep/2020:10:46:24 +0800] "POST /xingrg/kc/base/wldb_order_operate.html HTTP/1.1" 200 2705
183.192.164.214 - - [13/Sep/2020:10:46:25 +0800] "GET /xingrg/kc/buy/cgsh_order_operate.html?command=get_materiel&rest_code=00106&code=00101020153&supplier_code=00100032&order_time=2020-09-13 HTTP/1.1" 302 -
183.192.164.85 - - [13/Sep/2020:10:46:26 +0800] "GET /xingrg/login.html HTTP/1.1" 200 7641
116.238.71.173 - - [13/Sep/2020:10:46:27 +0800] "POST /xingrg/dwr/call/plaincall/AjaxYddbService.objCheckOrder.dwr HTTP/1.1" 200 78
114.82.29.189 - - [13/Sep/2020:10:46:29 +0800] "GET /xingrg/all/function/internal_message.html?_=1599965171287&CODE_STATE=getMsg HTTP/1.1" 200 27
172.17.0.120 - - [13/Sep/2020:10:46:29 +0800] "POST /xingrg/dwr/call/plaincall/AjaxReportQueryService.getFixDate.dwr HTTP/1.1" 200 111
116.238.71.173 - - [13/Sep/2020:10:46:29 +0800] "GET /xingrg/dwr/interface/AjaxComOrderService.js HTTP/1.1" 200 18264
116.238.71.173 - - [13/Sep/2020:10:46:29 +0800] "GET /xingrg/dwr/interface/AjaxYddbService.js HTTP/1.1" 200 13201
116.238.71.173 - - [13/Sep/2020:10:46:29 +0800] "GET /xingrg/dwr/engine.js HTTP/1.1" 200 43631
120.204.17.70 - - [13/Sep/2020:10:46:29 +0800] "GET /xingrg/kc/buy/cgsh_order_operate.html?command=get_materiel&rest_code=00106&code=00101012025&supplier_code=00100032&order_time=2020-09-13 HTTP/1.1" 302 -
116.238.71.173 - - [13/Sep/2020:10:46:29 +0800] "GET /xingrg/kc/base/yddb_order_info.html?code=482020091300123 HTTP/1.1" 200 30890
116.238.90.59 - - [13/Sep/2020:10:46:29 +0800] "POST /xingrg/kc/buy/cgsh_order_operate.html HTTP/1.1" 200 37
116.238.71.173 - - [13/Sep/2020:10:46:30 +0800] "POST /xingrg/dwr/call/plaincall/AjaxYddbService.loadMaterielItems.dwr HTTP/1.1" 200 3272
117.131.5.26 - - [13/Sep/2020:10:46:30 +0800] "GET /xingrg/all/function/internal_message.html?_=1599965187331&CODE_STATE=getMsg HTTP/1.1" 200 27
183.192.164.214 - - [13/Sep/2020:10:46:31 +0800] "GET /xingrg/login.html HTTP/1.1" 200 7641
117.185.32.26 - - [13/Sep/2020:10:46:31 +0800] "POST /xingrg/kc/buy/cgsh_order_operate.html HTTP/1.1" 200 37
116.238.90.59 - - [13/Sep/2020:10:46:31 +0800] "POST /xingrg/kc/buy/cgsh_order_operate.html HTTP/1.1" 200 23964
114.82.29.189 - - [13/Sep/2020:10:46:32 +0800] "GET /xingrg/kc/buy/cgsh_order_operate.html?command=get_materiel&rest_code=00105&code=00101008061&supplier_code=00100339&order_time=2020-09-13 HTTP/1.1" 200 423
172.17.0.120 - - [13/Sep/2020:10:46:32 +0800] "GET /xingrg/all/function/internal_message.html?_=1599965189847&CODE_STATE=getMsg HTTP/1.1" 200 27
116.238.71.173 - - [13/Sep/2020:10:46:33 +0800] "POST /xingrg/kc/base/yddb_list_operate.html HTTP/1.1" 200 217
117.185.32.26 - - [13/Sep/2020:10:46:33 +0800] "POST /xingrg/kc/buy/cgsh_order_operate.html HTTP/1.1" 200 24459
172.17.0.120 - - [13/Sep/2020:10:46:33 +0800] "GET /xingrg/javascript/jquery_easy_ui/themes/default/images/tree_checkbox_2.gif HTTP/1.1" 200 181
172.17.0.120 - - [13/Sep/2020:10:46:33 +0800] "GET /xingrg/javascript/jquery_easy_ui/themes/default/images/tree_checkbox_1.gif HTTP/1.1" 200 174
116.238.90.59 - - [13/Sep/2020:10:46:34 +0800] "POST /xingrg/kc/buy/cgsh_list_operate.html HTTP/1.1" 200 2412
116.238.71.173 - - [13/Sep/2020:10:46:34 +0800] "GET /xingrg/dwr/interface/AjaxYddbService.js HTTP/1.1" 200 13201
116.238.71.173 - - [13/Sep/2020:10:46:34 +0800] "GET /xingrg/kc/base/yddb_order_info.html?code=482020091300122 HTTP/1.1" 200 30764
116.238.71.173 - - [13/Sep/2020:10:46:34 +0800] "GET /xingrg/dwr/interface/AjaxComOrderService.js HTTP/1.1" 200 18264
116.238.71.173 - - [13/Sep/2020:10:46:34 +0800] "GET /xingrg/dwr/engine.js HTTP/1.1" 200 43631
116.238.71.173 - - [13/Sep/2020:10:46:34 +0800] "POST /xingrg/dwr/call/plaincall/AjaxYddbService.loadMaterielItems.dwr HTTP/1.1" 200 454
116.238.90.59 - - [13/Sep/2020:10:46:35 +0800] "POST /xingrg/kc/buy/cgsh_list_operate.html HTTP/1.1" 200 2412
172.17.0.120 - - [13/Sep/2020:10:46:37 +0800] "POST /xingrg/dwr/call/plaincall/AjaxReportQueryService.refreshCache.dwr HTTP/1.1" 200 78
116.238.90.59 - - [13/Sep/2020:10:46:38 +0800] "GET /xingrg/all/function/internal_message.html?_=1599965202589&CODE_STATE=getMsg HTTP/1.1" 200 27
172.17.0.120 - - [13/Sep/2020:10:46:38 +0800] "POST /xingrg/all/report/load_report_page.html HTTP/1.1" 200 58954
172.17.0.120 - - [13/Sep/2020:10:46:38 +0800] "GET /xingrg/servlets/image?cache=0.3243412698843723&image=px HTTP/1.1" 200 807
116.238.71.173 - - [13/Sep/2020:10:46:38 +0800] "POST /xingrg/dwr/call/plaincall/AjaxYddbService.saveOrder.dwr HTTP/1.1" 200 78
58.37.9.106 - - [13/Sep/2020:10:46:38 +0800] "GET /xingrg/kc/buy/cgsh_order_operate.html?command=get_materiel&rest_code=00141&code=00101008132&supplier_code=00100007&order_time=2020-09-13 HTTP/1.1" 200 408
180.157.253.48 - - [13/Sep/2020:10:46:39 +0800] "POST /xingrg/kc/buy/cgsh_order_operate.html HTTP/1.1" 200 12
218.81.217.115 - - [13/Sep/2020:10:46:39 +0800] "GET /xingrg/all/function/internal_message.html?_=1599965198003&CODE_STATE=getMsg HTTP/1.1" 200 27
120.204.17.70 - - [13/Sep/2020:10:46:39 +0800] "GET /xingrg/login.html HTTP/1.1" 200 7641
116.238.90.59 - - [13/Sep/2020:10:46:40 +0800] "POST /xingrg/kc/buy/cgsh_list_operate.html HTTP/1.1" 200 574
172.17.200.101 - - [13/Sep/2020:10:46:40 +0800] "GET /xingrg/all/function/internal_message.html?_=1599965198690&CODE_STATE=getMsg HTTP/1.1" 200 27
116.235.241.164 - - [13/Sep/2020:10:46:40 +0800] "GET /xingrg/all/function/internal_message.html?_=1599965199603&CODE_STATE=getMsg HTTP/1.1" 200 27
116.235.241.164 - - [13/Sep/2020:10:46:40 +0800] "GET /xingrg/check_reg.html?_=1599965199605 HTTP/1.1" 200 22
116.238.90.59 - - [13/Sep/2020:10:46:41 +0800] "GET /xingrg/kc/buy/cgsh_order_info.html?code=212020091305487 HTTP/1.1" 200 59595
116.238.90.59 - - [13/Sep/2020:10:46:41 +0800] "GET /xingrg/javascript/easyui/themes/default/validatebox.css HTTP/1.1" 404 1104
116.238.90.59 - - [13/Sep/2020:10:46:41 +0800] "POST /xingrg/kc/buy/cgsh_order_operate.html HTTP/1.1" 200 23964
116.238.71.173 - - [13/Sep/2020:10:46:42 +0800] "POST /xingrg/dwr/call/plaincall/AjaxYddbService.objCheckOrder.dwr HTTP/1.1" 200 78
180.157.253.48 - - [13/Sep/2020:10:46:43 +0800] "GET /xingrg/kc/buy/cgsh_order_info.html?code=212020091305514 HTTP/1.1" 200 54581
116.238.71.173 - - [13/Sep/2020:10:46:43 +0800] "GET /xingrg/kc/base/yddb_order_info.html?code=482020091300122 HTTP/1.1" 200 30889
116.238.71.173 - - [13/Sep/2020:10:46:43 +0800] "GET /xingrg/dwr/interface/AjaxYddbService.js HTTP/1.1" 200 13201
116.238.71.173 - - [13/Sep/2020:10:46:43 +0800] "GET /xingrg/dwr/interface/AjaxComOrderService.js HTTP/1.1" 200 18264
116.238.71.173 - - [13/Sep/2020:10:46:43 +0800] "GET /xingrg/dwr/engine.js HTTP/1.1" 200 43631
116.238.71.173 - - [13/Sep/2020:10:46:43 +0800] "POST /xingrg/dwr/call/plaincall/AjaxYddbService.loadMaterielItems.dwr HTTP/1.1" 200 454
116.238.90.59 - - [13/Sep/2020:10:46:43 +0800] "GET /xingrg/check_reg.html?_=1599965408280 HTTP/1.1" 200 22
180.157.253.48 - - [13/Sep/2020:10:46:43 +0800] "GET /xingrg/javascript/easyui/themes/default/validatebox.css HTTP/1.1" 404 1104
180.157.253.48 - - [13/Sep/2020:10:46:44 +0800] "POST /xingrg/kc/buy/cgsh_order_operate.html HTTP/1.1" 200 2443
116.238.90.59 - - [13/Sep/2020:10:46:46 +0800] "GET /xingrg/all/function/internal_message.html?_=1599965410946&CODE_STATE=getMsg HTTP/1.1" 200 27
180.157.253.48 - - [13/Sep/2020:10:46:47 +0800] "GET /xingrg/kc/print/load_data.html?order_code=212020091305514&kc_code=cgsh&condition= HTTP/1.1" 200 1460
116.238.71.173 - - [13/Sep/2020:10:46:47 +0800] "POST /xingrg/kc/base/yddb_list_operate.html HTTP/1.1" 200 387
58.37.9.106 - - [13/Sep/2020:10:46:47 +0800] "GET /xingrg/kc/buy/cgsh_order_operate.html?command=get_materiel&rest_code=00141&code=00101008244&supplier_code=00100007&order_time=2020-09-13 HTTP/1.1" 200 408
172.17.0.120 - - [13/Sep/2020:10:46:49 +0800] "POST /xingrg/dwr/call/plaincall/AjaxReportQueryService.refreshCache.dwr HTTP/1.1" 200 78
116.238.71.173 - - [13/Sep/2020:10:46:49 +0800] "GET /xingrg/kc/base/yddb_order_info.html?code=482020091300121 HTTP/1.1" 200 30764
116.238.71.173 - - [13/Sep/2020:10:46:49 +0800] "GET /xingrg/dwr/interface/AjaxYddbService.js HTTP/1.1" 200 13201
116.238.71.173 - - [13/Sep/2020:10:46:49 +0800] "GET /xingrg/dwr/interface/AjaxComOrderService.js HTTP/1.1" 200 18264
116.238.71.173 - - [13/Sep/2020:10:46:49 +0800] "GET /xingrg/dwr/engine.js HTTP/1.1" 200 43631
172.17.0.120 - - [13/Sep/2020:10:46:49 +0800] "POST /xingrg/all/report/load_report_page.html HTTP/1.1" 200 51350
172.17.0.120 - - [13/Sep/2020:10:46:49 +0800] "GET /xingrg/servlets/image?cache=0.4386019980106123&image=px HTTP/1.1" 200 807
116.238.71.173 - - [13/Sep/2020:10:46:49 +0800] "POST /xingrg/dwr/call/plaincall/AjaxYddbService.loadMaterielItems.dwr HTTP/1.1" 200 1160
114.82.29.189 - - [13/Sep/2020:10:46:52 +0800] "GET /xingrg/kc/buy/cgsh_order_operate.html?command=get_materiel&rest_code=00105&code=00101008314&supplier_code=00100339&order_time=2020-09-13 HTTP/1.1" 200 413
172.17.0.105 - - [13/Sep/2020:10:46:52 +0800] "GET /xingrg/all/function/internal_message.html?_=1599965209224&CODE_STATE=getMsg HTTP/1.1" 200 27
172.17.0.105 - - [13/Sep/2020:10:46:52 +0800] "GET /xingrg/check_reg.html?_=1599965209227 HTTP/1.1" 200 22
222.69.160.252 - - [13/Sep/2020:10:46:52 +0800] "POST /xingrg/login.do HTTP/1.1" 302 -
222.69.160.252 - - [13/Sep/2020:10:46:52 +0800] "GET /xingrg/index.html?sysBaseUrl=http%3A%2F%2F180.169.147.146%3A18081%2Fxingrg%2F&costTime=41×tamp=1599965212953 HTTP/1.1" 200 17179
222.69.160.252 - - [13/Sep/2020:10:46:53 +0800] "GET /xingrg/javascript/jquery-1.4.2.min.js HTTP/1.1" 200 72205
222.69.160.252 - - [13/Sep/2020:10:46:53 +0800] "GET /xingrg/css/form.css HTTP/1.1" 200 893
222.69.160.252 - - [13/Sep/2020:10:46:53 +0800] "GET /xingrg/javascript/jquery_easy_ui/themes/icon.css HTTP/1.1" 200 3949
222.69.160.252 - - [13/Sep/2020:10:46:53 +0800] "GET /xingrg/javascript/jquery_easy_ui/easyui-lang-zh_CN.js HTTP/1.1" 200 1900
222.69.160.252 - - [13/Sep/2020:10:46:53 +0800] "GET /xingrg/javascript/jquery_easy_ui/jquery.easyui.min.js HTTP/1.1" 200 213662
222.69.160.252 - - [13/Sep/2020:10:46:53 +0800] "GET /xingrg/javascript/jquery.timers.js HTTP/1.1" 200 3532
222.69.160.252 - - [13/Sep/2020:10:46:53 +0800] "GET /xingrg/javascript/jquery.utils.js HTTP/1.1" 200 11805
222.69.160.252 - - [13/Sep/2020:10:46:53 +0800] "GET /xingrg/javascript/jquery.form.js HTTP/1.1" 200 23110
222.69.160.252 - - [13/Sep/2020:10:46:53 +0800] "GET /xingrg/javascript/jquery_easy_ui/themes/default/easyui.css HTTP/1.1" 200 26500
222.69.160.252 - - [13/Sep/2020:10:46:53 +0800] "GET /favicon.ico HTTP/1.1" 404 -
116.238.71.173 - - [13/Sep/2020:10:46:53 +0800] "GET /xingrg/all/function/internal_message.html?_=1599965210522&CODE_STATE=getMsg HTTP/1.1" 200 27
222.69.160.252 - - [13/Sep/2020:10:46:53 +0800] "GET /xingrg/javascript/jquery_easy_ui/themes/icons/settle_new.png HTTP/1.1" 200 826
222.69.160.252 - - [13/Sep/2020:10:46:53 +0800] "GET /xingrg/images/blue/navBackgound.jpg HTTP/1.1" 200 12378
222.69.160.252 - - [13/Sep/2020:10:46:53 +0800] "POST /xingrg/all/common/load_tree.html?tree=area_rest_tree_json&manage=1 HTTP/1.1" 200 351
222.69.160.252 - - [13/Sep/2020:10:46:53 +0800] "GET /xingrg/all/function/internal_message.html?_=1599965044681&CODE_STATE=count HTTP/1.1" 200 11
222.69.160.252 - - [13/Sep/2020:10:46:53 +0800] "GET /xingrg/check_reg.html?_=1599965044682 HTTP/1.1" 200 22
222.69.160.252 - - [13/Sep/2020:10:46:53 +0800] "GET /xingrg/images/blue/pingpu.png HTTP/1.1" 200 231
222.69.160.252 - - [13/Sep/2020:10:46:53 +0800] "GET /xingrg/javascript/jquery_easy_ui/themes/default/images/tabs_rightarrow.png HTTP/1.1" 200 395
222.69.160.252 - - [13/Sep/2020:10:46:53 +0800] "GET /xingrg/javascript/jquery_easy_ui/themes/default/images/panel_tool_collapse.gif HTTP/1.1" 200 246
222.69.160.252 - - [13/Sep/2020:10:46:53 +0800] "GET /xingrg/javascript/jquery_easy_ui/themes/default/images/tabs_leftarrow.png HTTP/1.1" 200 389
222.69.160.252 - - [13/Sep/2020:10:46:53 +0800] "GET /xingrg/javascript/jquery_easy_ui/themes/default/images/tree_arrows.gif HTTP/1.1" 200 1043
222.69.160.252 - - [13/Sep/2020:10:46:53 +0800] "POST /xingrg/load_menu.html HTTP/1.1" 200 5138
222.69.160.252 - - [13/Sep/2020:10:46:54 +0800] "GET /xingrg/javascript/jquery_easy_ui/themes/icons/search_new.png HTTP/1.1" 200 586
222.69.160.252 - - [13/Sep/2020:10:46:54 +0800] "GET /xingrg/javascript/jquery_easy_ui/themes/default/images/tree_folder_open.gif HTTP/1.1" 200 956
222.69.160.252 - - [13/Sep/2020:10:46:54 +0800] "GET /xingrg/javascript/jquery_easy_ui/themes/default/images/tree_folder.gif HTTP/1.1" 200 952
222.69.160.252 - - [13/Sep/2020:10:46:54 +0800] "GET /xingrg/javascript/jquery_easy_ui/themes/icons/forms_new.png HTTP/1.1" 200 350
222.69.160.252 - - [13/Sep/2020:10:46:54 +0800] "GET /xingrg/javascript/jquery_easy_ui/themes/icons/storage_new.png HTTP/1.1" 200 853
222.69.160.252 - - [13/Sep/2020:10:46:54 +0800] "GET /xingrg/javascript/jquery_easy_ui/themes/default/images/tree_file.gif HTTP/1.1" 200 118
58.37.9.106 - - [13/Sep/2020:10:46:54 +0800] "GET /xingrg/kc/buy/cgsh_order_operate.html?command=get_materiel&rest_code=00141&code=00101008028&supplier_code=00100007&order_time=2020-09-13 HTTP/1.1" 200 412
116.238.71.173 - - [13/Sep/2020:10:46:55 +0800] "POST /xingrg/dwr/call/plaincall/AjaxYddbService.saveOrder.dwr HTTP/1.1" 200 78
117.185.32.26 - - [13/Sep/2020:10:46:55 +0800] "GET /xingrg/check_reg.html?_=1599965210620 HTTP/1.1" 200 22
117.185.32.26 - - [13/Sep/2020:10:46:55 +0800] "GET /xingrg/all/function/internal_message.html?_=1599965210621&CODE_STATE=getMsg HTTP/1.1" 200 27
180.157.253.48 - - [13/Sep/2020:10:46:55 +0800] "GET /xingrg/kc/buy/cgsh_order_add.html HTTP/1.1" 200 59674
180.157.253.48 - - [13/Sep/2020:10:46:56 +0800] "POST /xingrg/kc/buy/cgsh_order_operate.html HTTP/1.1" 200 8245
180.157.253.48 - - [13/Sep/2020:10:46:56 +0800] "GET /xingrg/javascript/easyui/themes/default/validatebox.css HTTP/1.1" 404 1104
117.184.7.30 - - [13/Sep/2020:10:46:56 +0800] "GET /xingrg/all/function/internal_message.html?_=1599966068558&CODE_STATE=getMsg HTTP/1.1" 200 27
120.204.17.73 - - [13/Sep/2020:10:46:57 +0800] "GET /xingrg/kc/buy/cgsh_order_info.html?code=212020091305471 HTTP/1.1" 302 -
172.17.0.123 - - [13/Sep/2020:10:46:58 +0800] "GET /xingrg/all/function/internal_message.html?_=1599965219511&CODE_STATE=getMsg HTTP/1.1" 302 -
172.17.0.123 - - [13/Sep/2020:10:46:58 +0800] "GET /xingrg/check_reg.html?_=1599965219513 HTTP/1.1" 302 -
116.238.71.173 - - [13/Sep/2020:10:46:59 +0800] "POST /xingrg/dwr/call/plaincall/AjaxYddbService.objCheckOrder.dwr HTTP/1.1" 200 78
116.235.241.164 - - [13/Sep/2020:10:47:00 +0800] "GET /xingrg/all/function/internal_message.html?_=1599965218830&CODE_STATE=getMsg HTTP/1.1" 200 27
116.235.241.164 - - [13/Sep/2020:10:47:00 +0800] "GET /xingrg/check_reg.html?_=1599965218834 HTTP/1.1" 200 22
114.82.29.189 - - [13/Sep/2020:10:47:00 +0800] "GET /xingrg/kc/buy/cgsh_order_operate.html?command=get_materiel&rest_code=00105&code=00101008517&supplier_code=00100339&order_time=2020-09-13 HTTP/1.1" 200 400
58.37.9.106 - - [13/Sep/2020:10:47:00 +0800] "GET /xingrg/all/function/internal_message.html?_=1599964844122&CODE_STATE=getMsg HTTP/1.1" 200 27
116.238.71.173 - - [13/Sep/2020:10:47:00 +0800] "GET /xingrg/kc/base/yddb_order_info.html?code=482020091300121 HTTP/1.1" 200 30889
116.238.71.173 - - [13/Sep/2020:10:47:00 +0800] "GET /xingrg/dwr/engine.js HTTP/1.1" 200 43631
116.238.71.173 - - [13/Sep/2020:10:47:00 +0800] "GET /xingrg/dwr/interface/AjaxComOrderService.js HTTP/1.1" 200 18264
116.238.71.173 - - [13/Sep/2020:10:47:00 +0800] "GET /xingrg/dwr/interface/AjaxYddbService.js HTTP/1.1" 200 13201
116.238.71.173 - - [13/Sep/2020:10:47:00 +0800] "POST /xingrg/dwr/call/plaincall/AjaxYddbService.loadMaterielItems.dwr HTTP/1.1" 200 1160
114.88.166.242 - - [13/Sep/2020:10:47:02 +0800] "GET /xingrg/all/function/internal_message.html?_=1599965284114&CODE_STATE=getMsg HTTP/1.1" 200 27
180.157.253.48 - - [13/Sep/2020:10:47:04 +0800] "GET /xingrg/all/function/internal_message.html?_=1599965226748&CODE_STATE=getMsg HTTP/1.1" 200 27
120.204.17.73 - - [13/Sep/2020:10:47:04 +0800] "GET /xingrg/login.html HTTP/1.1" 200 7641
180.157.253.48 - - [13/Sep/2020:10:47:04 +0800] "GET /xingrg/check_reg.html?_=1599965226864 HTTP/1.1" 200 22
116.238.71.173 - - [13/Sep/2020:10:47:04 +0800] "POST /xingrg/kc/base/yddb_list_operate.html HTTP/1.1" 200 369
117.184.7.26 - - [13/Sep/2020:10:47:04 +0800] "GET /xingrg/all/function/internal_message.html?_=1599965221714&CODE_STATE=getMsg HTTP/1.1" 200 27
58.37.9.106 - - [13/Sep/2020:10:47:04 +0800] "GET /xingrg/kc/buy/cgsh_order_operate.html?command=get_materiel&rest_code=00141&code=00101008313&supplier_code=00100007&order_time=2020-09-13 HTTP/1.1" 200 412
58.37.9.106 - - [13/Sep/2020:10:47:04 +0800] "GET /xingrg/kc/buy/cgsh_order_operate.html?command=get_materiel&rest_code=00141&code=00101010563&supplier_code=00100312&order_time=2020-09-13 HTTP/1.1" 200 398
