116.235.241.164 - - [13/Sep/2020:08:35:59 +0800] "GET /xingrg/all/function/internal_message.html?_=1599957358677&CODE_STATE=getMsg HTTP/1.1" 200 27
114.88.166.242 - - [13/Sep/2020:08:36:12 +0800] "GET /xingrg/all/function/internal_message.html?_=1599957434590&CODE_STATE=getMsg HTTP/1.1" 200 27
116.230.74.197 - - [13/Sep/2020:08:36:22 +0800] "GET /xingrg/check_reg.html?_=1599957381183 HTTP/1.1" 200 22
218.81.217.115 - - [13/Sep/2020:08:36:24 +0800] "GET /xingrg/all/function/internal_message.html?_=1599957382649&CODE_STATE=getMsg HTTP/1.1" 200 27
116.235.241.164 - - [13/Sep/2020:08:36:40 +0800] "GET /xingrg/all/function/internal_message.html?_=1599957399447&CODE_STATE=getMsg HTTP/1.1" 200 27
116.235.241.164 - - [13/Sep/2020:08:36:40 +0800] "GET /xingrg/check_reg.html?_=1599957399448 HTTP/1.1" 200 22
120.253.135.82 - - [13/Sep/2020:08:36:44 +0800] "GET /xingrg/all/function/internal_message.html?_=1599957150925&CODE_STATE=getMsg HTTP/1.1" 200 27
172.17.0.105 - - [13/Sep/2020:08:36:45 +0800] "GET /xingrg/index.html?sysBaseUrl=http%3A%2F%2F172.17.0.8%3A18081%2Fxingrg%2F&costTime=32×tamp=1585227824564 HTTP/1.1" 302 -
172.17.0.105 - - [13/Sep/2020:08:36:45 +0800] "GET /xingrg/login.html HTTP/1.1" 200 7636
172.17.0.105 - - [13/Sep/2020:08:36:45 +0800] "GET /favicon.ico HTTP/1.1" 404 -
172.17.0.105 - - [13/Sep/2020:08:36:51 +0800] "POST /xingrg/login.do HTTP/1.1" 302 -
172.17.0.105 - - [13/Sep/2020:08:36:51 +0800] "GET /xingrg/index.html?sysBaseUrl=http%3A%2F%2F172.17.0.8%3A18081%2Fxingrg%2F&costTime=40×tamp=1599957411252 HTTP/1.1" 200 17124
172.17.0.105 - - [13/Sep/2020:08:36:51 +0800] "GET /favicon.ico HTTP/1.1" 404 -
172.17.0.105 - - [13/Sep/2020:08:36:51 +0800] "POST /xingrg/all/common/load_tree.html?tree=area_rest_tree_json&manage=1 HTTP/1.1" 200 604
172.17.0.105 - - [13/Sep/2020:08:36:51 +0800] "GET /xingrg/all/function/internal_message.html?_=1599957408624&CODE_STATE=count HTTP/1.1" 200 11
172.17.0.105 - - [13/Sep/2020:08:36:51 +0800] "GET /xingrg/check_reg.html?_=1599957408624 HTTP/1.1" 200 22
172.17.0.105 - - [13/Sep/2020:08:36:51 +0800] "POST /xingrg/load_menu.html HTTP/1.1" 200 5103
172.17.0.105 - - [13/Sep/2020:08:36:54 +0800] "GET /xingrg/kc/base/wldb_order_list.html HTTP/1.1" 200 19282
172.17.0.105 - - [13/Sep/2020:08:36:56 +0800] "POST /xingrg/kc/base/wldb_list_operate.html HTTP/1.1" 200 928
116.232.54.42 - - [13/Sep/2020:08:36:56 +0800] "GET /xingrg/all/function/internal_message.html?_=1599957428015&CODE_STATE=getMsg HTTP/1.1" 200 27
117.184.7.26 - - [13/Sep/2020:08:36:57 +0800] "GET /xingrg/all/function/internal_message.html?_=1599958268455&CODE_STATE=getMsg HTTP/1.1" 200 27
172.17.0.123 - - [13/Sep/2020:08:36:58 +0800] "GET /xingrg/all/function/internal_message.html?_=1599957419517&CODE_STATE=getMsg HTTP/1.1" 302 -
172.17.0.123 - - [13/Sep/2020:08:36:58 +0800] "GET /xingrg/check_reg.html?_=1599957419517 HTTP/1.1" 302 -
172.17.0.105 - - [13/Sep/2020:08:36:59 +0800] "GET /xingrg/kc/base/wldb_order_add.html HTTP/1.1" 200 30379
172.17.0.105 - - [13/Sep/2020:08:36:59 +0800] "GET /xingrg/words/20200912153113_words.js HTTP/1.1" 304 -
172.17.0.105 - - [13/Sep/2020:08:36:59 +0800] "POST /xingrg/kc/base/wldb_order_operate.html HTTP/1.1" 200 6806
172.17.0.105 - - [13/Sep/2020:08:36:59 +0800] "GET /xingrg/all/common/auto_word.html?type=base&rest_code=00147 HTTP/1.1" 200 1707
172.17.0.105 - - [13/Sep/2020:08:36:59 +0800] "GET /xingrg/all/common/auto_word.html?type=base&rest_code=00147 HTTP/1.1" 200 1707
172.17.0.105 - - [13/Sep/2020:08:36:59 +0800] "GET /xingrg/javascript/easyui/themes/default/validatebox.css HTTP/1.1" 404 1104
116.235.241.164 - - [13/Sep/2020:08:36:59 +0800] "GET /xingrg/all/function/internal_message.html?_=1599957418677&CODE_STATE=getMsg HTTP/1.1" 200 27
116.235.241.164 - - [13/Sep/2020:08:36:59 +0800] "GET /xingrg/check_reg.html?_=1599957418683 HTTP/1.1" 200 22
172.17.0.105 - - [13/Sep/2020:08:37:04 +0800] "GET /xingrg/javascript/auto/indicator.gif HTTP/1.1" 404 1066
172.17.0.105 - - [13/Sep/2020:08:37:11 +0800] "GET /xingrg/javascript/jquery_tools/images/prev.gif HTTP/1.1" 404 1086
172.17.0.105 - - [13/Sep/2020:08:37:11 +0800] "GET /xingrg/javascript/jquery_tools/images/next.gif HTTP/1.1" 404 1086
114.88.166.242 - - [13/Sep/2020:08:37:11 +0800] "GET /xingrg/check_reg.html?_=1599957427758 HTTP/1.1" 200 22
114.88.166.242 - - [13/Sep/2020:08:37:12 +0800] "GET /xingrg/all/function/internal_message.html?_=1599957494589&CODE_STATE=getMsg HTTP/1.1" 200 27
114.82.29.189 - - [13/Sep/2020:08:37:12 +0800] "POST /xingrg/services/DataTransmitService HTTP/1.1" 200 524
114.82.29.189 - - [13/Sep/2020:08:37:13 +0800] "POST /xingrg/services/DataTransmitService HTTP/1.1" 200 501
114.82.29.189 - - [13/Sep/2020:08:37:13 +0800] "POST /xingrg/services/DataTransmitService HTTP/1.1" 200 501
114.82.29.189 - - [13/Sep/2020:08:37:15 +0800] "POST /xingrg/services/DataTransmitService HTTP/1.1" 200 501
114.82.29.189 - - [13/Sep/2020:08:37:17 +0800] "POST /xingrg/services/DataTransmitService HTTP/1.1" 200 501
114.82.29.189 - - [13/Sep/2020:08:37:17 +0800] "POST /xingrg/services/DataTransmitService HTTP/1.1" 200 501
114.82.29.189 - - [13/Sep/2020:08:37:17 +0800] "POST /xingrg/services/DataTransmitService HTTP/1.1" 200 501
114.82.29.189 - - [13/Sep/2020:08:37:17 +0800] "POST /xingrg/services/DataTransmitService HTTP/1.1" 200 501
172.17.0.105 - - [13/Sep/2020:08:37:18 +0800] "GET /xingrg/kc/base/wldb_order_operate.html?command=get_materiel&rest_code=00147&base_code=0010341&code=00101026094 HTTP/1.1" 200 440
114.82.29.189 - - [13/Sep/2020:08:37:18 +0800] "POST /xingrg/services/DataTransmitService HTTP/1.1" 200 501
114.82.29.189 - - [13/Sep/2020:08:37:19 +0800] "POST /xingrg/services/DataTransmitService HTTP/1.1" 200 501
114.82.29.189 - - [13/Sep/2020:08:37:19 +0800] "POST /xingrg/services/DataTransmitService HTTP/1.1" 200 412
58.37.9.106 - - [13/Sep/2020:08:37:20 +0800] "GET /xingrg/check_reg.html?_=1599957426674 HTTP/1.1" 200 22
218.81.217.115 - - [13/Sep/2020:08:37:24 +0800] "GET /xingrg/all/function/internal_message.html?_=1599957442820&CODE_STATE=getMsg HTTP/1.1" 200 27
172.17.0.105 - - [13/Sep/2020:08:37:24 +0800] "POST /xingrg/kc/base/wldb_order_operate.html HTTP/1.1" 200 37
172.17.0.105 - - [13/Sep/2020:08:37:25 +0800] "POST /xingrg/kc/base/wldb_order_operate.html HTTP/1.1" 200 2191
172.17.0.105 - - [13/Sep/2020:08:37:25 +0800] "GET /xingrg/kc/base/wldb_order_info.html?code=422020091301443 HTTP/1.1" 200 30394
172.17.0.105 - - [13/Sep/2020:08:37:26 +0800] "GET /xingrg/javascript/easyui/themes/default/validatebox.css HTTP/1.1" 404 1104
172.17.0.105 - - [13/Sep/2020:08:37:26 +0800] "POST /xingrg/kc/base/wldb_order_operate.html HTTP/1.1" 200 2191
172.17.0.105 - - [13/Sep/2020:08:37:27 +0800] "GET /xingrg/kc/base/wldb_order_add.html HTTP/1.1" 200 30379
172.17.0.105 - - [13/Sep/2020:08:37:27 +0800] "GET /xingrg/javascript/easyui/themes/default/validatebox.css HTTP/1.1" 404 1104
172.17.0.105 - - [13/Sep/2020:08:37:27 +0800] "POST /xingrg/kc/base/wldb_order_operate.html HTTP/1.1" 200 6806
114.82.29.189 - - [13/Sep/2020:08:37:30 +0800] "POST /xingrg/services/DataTransmitService HTTP/1.1" 200 524
114.82.29.189 - - [13/Sep/2020:08:37:31 +0800] "POST /xingrg/services/DataTransmitService HTTP/1.1" 200 501
114.82.29.189 - - [13/Sep/2020:08:37:31 +0800] "POST /xingrg/services/DataTransmitService HTTP/1.1" 200 501
114.82.29.189 - - [13/Sep/2020:08:37:33 +0800] "POST /xingrg/services/DataTransmitService HTTP/1.1" 200 501
114.82.29.189 - - [13/Sep/2020:08:37:34 +0800] "POST /xingrg/services/DataTransmitService HTTP/1.1" 200 501
114.82.29.189 - - [13/Sep/2020:08:37:35 +0800] "POST /xingrg/services/DataTransmitService HTTP/1.1" 200 501
114.82.29.189 - - [13/Sep/2020:08:37:35 +0800] "POST /xingrg/services/DataTransmitService HTTP/1.1" 200 501
114.82.29.189 - - [13/Sep/2020:08:37:35 +0800] "POST /xingrg/services/DataTransmitService HTTP/1.1" 200 501
172.17.0.105 - - [13/Sep/2020:08:37:36 +0800] "GET /xingrg/kc/base/wldb_order_operate.html?command=get_materiel&rest_code=00147&base_code=0010340&code=00101036002 HTTP/1.1" 200 439
114.82.29.189 - - [13/Sep/2020:08:37:36 +0800] "POST /xingrg/services/DataTransmitService HTTP/1.1" 200 501
114.82.29.189 - - [13/Sep/2020:08:37:37 +0800] "POST /xingrg/services/DataTransmitService HTTP/1.1" 200 501
120.253.135.82 - - [13/Sep/2020:08:37:37 +0800] "GET /xingrg/check_reg.html?_=1599957204382 HTTP/1.1" 200 22
114.82.29.189 - - [13/Sep/2020:08:37:37 +0800] "POST /xingrg/services/DataTransmitService HTTP/1.1" 200 412
116.235.241.164 - - [13/Sep/2020:08:37:40 +0800] "GET /xingrg/all/function/internal_message.html?_=1599957459450&CODE_STATE=getMsg HTTP/1.1" 200 27
172.17.0.105 - - [13/Sep/2020:08:37:41 +0800] "POST /xingrg/kc/base/wldb_order_operate.html HTTP/1.1" 200 37
172.17.0.105 - - [13/Sep/2020:08:37:41 +0800] "POST /xingrg/kc/base/wldb_order_operate.html HTTP/1.1" 200 2190
172.17.0.105 - - [13/Sep/2020:08:37:42 +0800] "GET /xingrg/kc/base/wldb_order_info.html?code=422020091301444 HTTP/1.1" 200 30391
172.17.0.105 - - [13/Sep/2020:08:37:42 +0800] "GET /xingrg/javascript/easyui/themes/default/validatebox.css HTTP/1.1" 404 1104
172.17.0.105 - - [13/Sep/2020:08:37:42 +0800] "POST /xingrg/kc/base/wldb_order_operate.html HTTP/1.1" 200 2190
120.253.135.82 - - [13/Sep/2020:08:37:44 +0800] "GET /xingrg/all/function/internal_message.html?_=1599957210930&CODE_STATE=getMsg HTTP/1.1" 200 27
172.17.0.105 - - [13/Sep/2020:08:37:45 +0800] "POST /xingrg/kc/base/wldb_list_operate.html HTTP/1.1" 200 2180
172.17.0.105 - - [13/Sep/2020:08:37:50 +0800] "POST /xingrg/kc/base/wldb_list_operate.html HTTP/1.1" 200 4
172.17.0.105 - - [13/Sep/2020:08:37:51 +0800] "GET /xingrg/all/function/internal_message.html?_=1599957468630&CODE_STATE=getMsg HTTP/1.1" 200 27
172.17.0.105 - - [13/Sep/2020:08:37:51 +0800] "POST /xingrg/kc/base/wldb_list_operate.html HTTP/1.1" 200 928
116.232.54.42 - - [13/Sep/2020:08:37:55 +0800] "GET /xingrg/all/function/internal_message.html?_=1599957488015&CODE_STATE=getMsg HTTP/1.1" 200 27
117.184.7.26 - - [13/Sep/2020:08:37:57 +0800] "GET /xingrg/all/function/internal_message.html?_=1599958328458&CODE_STATE=getMsg HTTP/1.1" 200 27
172.17.0.105 - - [13/Sep/2020:08:37:57 +0800] "GET /xingrg/kc/base/wldb_order_add.html HTTP/1.1" 200 30379
172.17.0.105 - - [13/Sep/2020:08:37:57 +0800] "GET /xingrg/javascript/easyui/themes/default/validatebox.css HTTP/1.1" 404 1104
172.17.0.105 - - [13/Sep/2020:08:37:57 +0800] "POST /xingrg/kc/base/wldb_order_operate.html HTTP/1.1" 200 6806
172.17.0.123 - - [13/Sep/2020:08:37:58 +0800] "GET /xingrg/all/function/internal_message.html?_=1599957479519&CODE_STATE=getMsg HTTP/1.1" 302 -
116.235.241.164 - - [13/Sep/2020:08:37:59 +0800] "GET /xingrg/all/function/internal_message.html?_=1599957478683&CODE_STATE=getMsg HTTP/1.1" 200 27
172.17.0.105 - - [13/Sep/2020:08:38:04 +0800] "GET /xingrg/kc/base/wldb_order_operate.html?command=get_materiel&rest_code=00147&base_code=0010341&code=00101025025 HTTP/1.1" 200 468
172.17.0.105 - - [13/Sep/2020:08:38:10 +0800] "GET /xingrg/kc/base/wldb_order_operate.html?command=get_materiel&rest_code=00147&base_code=0010341&code=00101025022 HTTP/1.1" 200 483
114.88.166.242 - - [13/Sep/2020:08:38:12 +0800] "GET /xingrg/check_reg.html?_=1599957554587 HTTP/1.1" 200 22
114.88.166.242 - - [13/Sep/2020:08:38:12 +0800] "GET /xingrg/all/function/internal_message.html?_=1599957554592&CODE_STATE=getMsg HTTP/1.1" 200 27
172.17.0.105 - - [13/Sep/2020:08:38:19 +0800] "GET /xingrg/kc/base/wldb_order_operate.html?command=get_materiel&rest_code=00147&base_code=0010341&code=00101025041 HTTP/1.1" 200 455
218.81.217.115 - - [13/Sep/2020:08:38:24 +0800] "GET /xingrg/all/function/internal_message.html?_=1599957502832&CODE_STATE=getMsg HTTP/1.1" 200 27
116.232.49.242 - - [13/Sep/2020:08:38:39 +0800] "GET /xingrg/check_reg.html?_=1599957491360 HTTP/1.1" 200 22
116.235.241.164 - - [13/Sep/2020:08:38:40 +0800] "GET /xingrg/all/function/internal_message.html?_=1599957519451&CODE_STATE=getMsg HTTP/1.1" 200 27
172.17.0.105 - - [13/Sep/2020:08:38:41 +0800] "GET /xingrg/kc/base/wldb_order_operate.html?command=get_materiel&rest_code=00147&base_code=0010341&code=00101026177 HTTP/1.1" 200 421
120.253.135.82 - - [13/Sep/2020:08:38:44 +0800] "GET /xingrg/all/function/internal_message.html?_=1599957270943&CODE_STATE=getMsg HTTP/1.1" 200 27
172.17.0.105 - - [13/Sep/2020:08:38:51 +0800] "GET /xingrg/all/function/internal_message.html?_=1599957528765&CODE_STATE=getMsg HTTP/1.1" 200 27
172.17.0.105 - - [13/Sep/2020:08:38:52 +0800] "POST /xingrg/kc/base/wldb_list_operate.html HTTP/1.1" 200 928
116.232.54.42 - - [13/Sep/2020:08:38:53 +0800] "GET /xingrg/all/function/internal_message.html?_=1599957548015&CODE_STATE=getMsg HTTP/1.1" 200 27
172.17.0.105 - - [13/Sep/2020:08:38:56 +0800] "GET /xingrg/kc/mdqp/qqps_order_list.html HTTP/1.1" 200 9192
172.17.0.105 - - [13/Sep/2020:08:38:56 +0800] "GET /xingrg/dwr/interface/AjaxQqpsService.js HTTP/1.1" 200 16326
172.17.0.105 - - [13/Sep/2020:08:38:56 +0800] "GET /xingrg/dwr/interface/AjaxReportQueryService.js HTTP/1.1" 200 13203
172.17.0.105 - - [13/Sep/2020:08:38:56 +0800] "GET /xingrg/dwr/engine.js HTTP/1.1" 200 43631
172.17.0.105 - - [13/Sep/2020:08:38:56 +0800] "GET /xingrg/dwr/util.js HTTP/1.1" 304 -
114.82.29.189 - - [13/Sep/2020:08:38:56 +0800] "GET /xingrg/index.html?sysBaseUrl=http%3A%2F%2F180.169.147.146%3A18081%2Fxingrg%2F&costTime=36×tamp=1585223203754 HTTP/1.1" 302 -
114.82.29.189 - - [13/Sep/2020:08:38:56 +0800] "GET /favicon.ico HTTP/1.1" 404 -
114.82.29.189 - - [13/Sep/2020:08:38:56 +0800] "GET /xingrg/login.html HTTP/1.1" 200 7641
114.82.29.189 - - [13/Sep/2020:08:38:57 +0800] "GET /favicon.ico HTTP/1.1" 404 -
117.184.7.26 - - [13/Sep/2020:08:38:57 +0800] "GET /xingrg/all/function/internal_message.html?_=1599958388457&CODE_STATE=getMsg HTTP/1.1" 200 27
117.184.7.26 - - [13/Sep/2020:08:38:57 +0800] "GET /xingrg/check_reg.html?_=1599958388462 HTTP/1.1" 200 22
172.17.0.123 - - [13/Sep/2020:08:38:58 +0800] "GET /xingrg/all/function/internal_message.html?_=1599957539507&CODE_STATE=getMsg HTTP/1.1" 302 -
172.17.0.105 - - [13/Sep/2020:08:38:59 +0800] "GET /xingrg/kc/mdqp/qqps_order_add.html HTTP/1.1" 200 28044
172.17.0.105 - - [13/Sep/2020:08:38:59 +0800] "GET /xingrg/dwr/interface/AjaxComOrderService.js HTTP/1.1" 200 18264
172.17.0.105 - - [13/Sep/2020:08:38:59 +0800] "GET /xingrg/dwr/engine.js HTTP/1.1" 200 43631
172.17.0.105 - - [13/Sep/2020:08:38:59 +0800] "GET /xingrg/dwr/interface/AjaxQqpsService.js HTTP/1.1" 200 16326
116.235.241.164 - - [13/Sep/2020:08:38:59 +0800] "GET /xingrg/all/function/internal_message.html?_=1599957538684&CODE_STATE=getMsg HTTP/1.1" 200 27
114.82.29.189 - - [13/Sep/2020:08:39:01 +0800] "POST /xingrg/login.do HTTP/1.1" 200 2421
114.82.29.189 - - [13/Sep/2020:08:39:01 +0800] "GET /favicon.ico HTTP/1.1" 404 -
114.82.29.189 - - [13/Sep/2020:08:39:03 +0800] "GET /xingrg/login.html HTTP/1.1" 200 7641
114.82.29.189 - - [13/Sep/2020:08:39:03 +0800] "GET /favicon.ico HTTP/1.1" 404 -
114.82.29.189 - - [13/Sep/2020:08:39:04 +0800] "POST /xingrg/login.do HTTP/1.1" 302 -
114.82.29.189 - - [13/Sep/2020:08:39:04 +0800] "GET /xingrg/index.html?sysBaseUrl=http%3A%2F%2F180.169.147.146%3A18081%2Fxingrg%2F&costTime=44×tamp=1599957544705 HTTP/1.1" 200 17173
114.82.29.189 - - [13/Sep/2020:08:39:04 +0800] "POST /xingrg/all/common/load_tree.html?tree=area_rest_tree_json&manage=1 HTTP/1.1" 200 3216
114.82.29.189 - - [13/Sep/2020:08:39:04 +0800] "GET /xingrg/all/function/internal_message.html?_=1599957542159&CODE_STATE=count HTTP/1.1" 200 11
114.82.29.189 - - [13/Sep/2020:08:39:04 +0800] "GET /xingrg/check_reg.html?_=1599957542160 HTTP/1.1" 200 22
114.82.29.189 - - [13/Sep/2020:08:39:04 +0800] "GET /favicon.ico HTTP/1.1" 404 -
114.82.29.189 - - [13/Sep/2020:08:39:05 +0800] "POST /xingrg/load_menu.html HTTP/1.1" 200 5138
114.82.29.189 - - [13/Sep/2020:08:39:07 +0800] "GET /xingrg/kc/buy/cgsh_order_list.html HTTP/1.1" 200 43930
172.17.0.105 - - [13/Sep/2020:08:39:07 +0800] "POST /xingrg/dwr/call/plaincall/AjaxQqpsService.saveOrder.dwr HTTP/1.1" 200 78
114.82.29.189 - - [13/Sep/2020:08:39:08 +0800] "POST /xingrg/kc/buy/cgsh_list_operate.html HTTP/1.1" 200 876
114.82.29.189 - - [13/Sep/2020:08:39:09 +0800] "GET /xingrg/kc/buy/cgsh_order_add.html HTTP/1.1" 200 59668
114.82.29.189 - - [13/Sep/2020:08:39:09 +0800] "GET /xingrg/words/20200912153113_words.js HTTP/1.1" 304 -
114.82.29.189 - - [13/Sep/2020:08:39:09 +0800] "GET /xingrg/all/common/auto_word.html?type=employee&rest_code=00105 HTTP/1.1" 200 193
114.82.29.189 - - [13/Sep/2020:08:39:09 +0800] "GET /xingrg/javascript/easyui/themes/default/validatebox.css HTTP/1.1" 404 1104
114.82.29.189 - - [13/Sep/2020:08:39:09 +0800] "GET /xingrg/all/common/auto_word.html?type=employee&rest_code=00105 HTTP/1.1" 200 193
114.82.29.189 - - [13/Sep/2020:08:39:09 +0800] "POST /xingrg/kc/buy/cgsh_order_operate.html HTTP/1.1" 200 8245
114.82.29.189 - - [13/Sep/2020:08:39:10 +0800] "GET /xingrg/javascript/auto/indicator.gif HTTP/1.1" 404 1066
172.17.0.105 - - [13/Sep/2020:08:39:11 +0800] "POST /xingrg/dwr/call/plaincall/AjaxQqpsService.getMaterielByCode.dwr HTTP/1.1" 200 2763
114.88.166.242 - - [13/Sep/2020:08:39:12 +0800] "GET /xingrg/all/function/internal_message.html?_=1599957614591&CODE_STATE=getMsg HTTP/1.1" 200 27
172.17.0.105 - - [13/Sep/2020:08:39:18 +0800] "POST /xingrg/dwr/call/plaincall/AjaxQqpsService.saveMaterielItem.dwr HTTP/1.1" 200 78
172.17.0.105 - - [13/Sep/2020:08:39:24 +0800] "POST /xingrg/dwr/call/plaincall/AjaxQqpsService.removeMaterielItem.dwr HTTP/1.1" 200 78
218.81.217.115 - - [13/Sep/2020:08:39:24 +0800] "GET /xingrg/all/function/internal_message.html?_=1599957563008&CODE_STATE=getMsg HTTP/1.1" 200 27
172.17.0.105 - - [13/Sep/2020:08:39:27 +0800] "POST /xingrg/dwr/call/plaincall/AjaxQqpsService.saveMaterielItem.dwr HTTP/1.1" 200 78
116.230.74.197 - - [13/Sep/2020:08:39:28 +0800] "POST /xingrg/services/DataTransmitService HTTP/1.1" 200 524
114.82.29.189 - - [13/Sep/2020:08:39:29 +0800] "GET /xingrg/kc/buy/cgsh_order_operate.html?command=get_materiel&rest_code=00105&code=00101006130&supplier_code=00100013&order_time=2020-09-13 HTTP/1.1" 200 427
172.17.0.105 - - [13/Sep/2020:08:39:32 +0800] "POST /xingrg/dwr/call/plaincall/AjaxQqpsService.getMaterielByCode.dwr HTTP/1.1" 200 2689
222.69.137.87 - - [13/Sep/2020:08:39:36 +0800] "GET /favicon.ico HTTP/1.1" 404 -
172.17.0.105 - - [13/Sep/2020:08:39:38 +0800] "POST /xingrg/dwr/call/plaincall/AjaxQqpsService.saveMaterielItem.dwr HTTP/1.1" 200 78
116.235.241.164 - - [13/Sep/2020:08:39:40 +0800] "GET /xingrg/all/function/internal_message.html?_=1599957579450&CODE_STATE=getMsg HTTP/1.1" 200 27
172.17.0.105 - - [13/Sep/2020:08:39:43 +0800] "POST /xingrg/dwr/call/plaincall/AjaxQqpsService.getMaterielByCode.dwr HTTP/1.1" 200 2690
120.253.135.82 - - [13/Sep/2020:08:39:44 +0800] "GET /xingrg/all/function/internal_message.html?_=1599957331118&CODE_STATE=getMsg HTTP/1.1" 200 27
114.82.29.189 - - [13/Sep/2020:08:39:45 +0800] "GET /xingrg/kc/buy/cgsh_order_operate.html?command=get_materiel&rest_code=00105&code=00101006129&supplier_code=00100013&order_time=2020-09-13 HTTP/1.1" 200 431
172.17.0.105 - - [13/Sep/2020:08:39:46 +0800] "POST /xingrg/dwr/call/plaincall/AjaxQqpsService.saveMaterielItem.dwr HTTP/1.1" 200 78
116.230.74.197 - - [13/Sep/2020:08:39:47 +0800] "POST /xingrg/services/DataTransmitService HTTP/1.1" 200 524
172.17.0.105 - - [13/Sep/2020:08:39:51 +0800] "GET /xingrg/all/function/internal_message.html?_=1599957588771&CODE_STATE=getMsg HTTP/1.1" 200 27
58.40.7.146 - - [13/Sep/2020:08:39:52 +0800] "GET /xingrg/check_reg.html?_=1599957589522 HTTP/1.1" 200 22
116.232.54.42 - - [13/Sep/2020:08:39:52 +0800] "GET /xingrg/check_reg.html?_=1599957608015 HTTP/1.1" 200 22
116.232.54.42 - - [13/Sep/2020:08:39:52 +0800] "GET /xingrg/all/function/internal_message.html?_=1599957608015&CODE_STATE=getMsg HTTP/1.1" 200 27
114.82.29.189 - - [13/Sep/2020:08:39:56 +0800] "GET /xingrg/kc/buy/cgsh_order_operate.html?command=get_materiel&rest_code=00105&code=00101010248&supplier_code=00100013&order_time=2020-09-13 HTTP/1.1" 200 430
117.184.7.26 - - [13/Sep/2020:08:39:57 +0800] "GET /xingrg/all/function/internal_message.html?_=1599958448460&CODE_STATE=getMsg HTTP/1.1" 200 27
114.82.29.189 - - [13/Sep/2020:08:39:57 +0800] "POST /xingrg/all/common/load_select.html HTTP/1.1" 200 25
172.17.0.123 - - [13/Sep/2020:08:39:58 +0800] "GET /xingrg/all/function/internal_message.html?_=1599957599507&CODE_STATE=getMsg HTTP/1.1" 302 -
116.235.241.164 - - [13/Sep/2020:08:39:59 +0800] "GET /xingrg/all/function/internal_message.html?_=1599957598682&CODE_STATE=getMsg HTTP/1.1" 200 27
114.82.29.189 - - [13/Sep/2020:08:40:00 +0800] "GET /xingrg/kc/buy/cgsh_order_operate.html?command=get_materiel_price&rest_code=00105&code=00101010248&unit_code=00100043&supplier_code=00100013&order_time=2020-09-13 HTTP/1.1" 200 29
114.82.29.189 - - [13/Sep/2020:08:40:01 +0800] "GET /favicon.ico HTTP/1.1" 404 -
218.81.217.115 - - [13/Sep/2020:08:40:03 +0800] "GET /xingrg/check_reg.html?_=1599957601536 HTTP/1.1" 200 22
114.82.29.189 - - [13/Sep/2020:08:40:05 +0800] "GET /xingrg/login.html HTTP/1.1" 200 7641
114.82.29.189 - - [13/Sep/2020:08:40:05 +0800] "GET /favicon.ico HTTP/1.1" 404 -
114.82.29.189 - - [13/Sep/2020:08:40:07 +0800] "POST /xingrg/login.do HTTP/1.1" 302 -
114.82.29.189 - - [13/Sep/2020:08:40:07 +0800] "GET /xingrg/index.html?sysBaseUrl=http%3A%2F%2F180.169.147.146%3A18081%2Fxingrg%2F&costTime=43×tamp=1599957607898 HTTP/1.1" 200 17173
172.17.0.105 - - [13/Sep/2020:08:40:08 +0800] "POST /xingrg/dwr/call/plaincall/AjaxQqpsService.removeMaterielItem.dwr HTTP/1.1" 200 78
114.82.29.189 - - [13/Sep/2020:08:40:08 +0800] "GET /favicon.ico HTTP/1.1" 404 -
114.82.29.189 - - [13/Sep/2020:08:40:08 +0800] "POST /xingrg/all/common/load_tree.html?tree=area_rest_tree_json&manage=1 HTTP/1.1" 200 3216
114.82.29.189 - - [13/Sep/2020:08:40:08 +0800] "GET /xingrg/all/function/internal_message.html?_=1599957605433&CODE_STATE=count HTTP/1.1" 200 11
114.82.29.189 - - [13/Sep/2020:08:40:08 +0800] "GET /xingrg/check_reg.html?_=1599957605434 HTTP/1.1" 200 22
114.82.29.189 - - [13/Sep/2020:08:40:08 +0800] "POST /xingrg/load_menu.html HTTP/1.1" 200 5138
172.17.0.105 - - [13/Sep/2020:08:40:11 +0800] "POST /xingrg/dwr/call/plaincall/AjaxQqpsService.removeMaterielItem.dwr HTTP/1.1" 200 79
114.88.166.242 - - [13/Sep/2020:08:40:12 +0800] "GET /xingrg/all/function/internal_message.html?_=1599957674589&CODE_STATE=getMsg HTTP/1.1" 200 27
114.82.29.189 - - [13/Sep/2020:08:40:13 +0800] "GET /xingrg/kc/buy/cgsh_order_list.html HTTP/1.1" 200 43930
172.17.0.105 - - [13/Sep/2020:08:40:13 +0800] "POST /xingrg/dwr/call/plaincall/AjaxQqpsService.removeMaterielItem.dwr HTTP/1.1" 200 79
114.82.29.189 - - [13/Sep/2020:08:40:14 +0800] "POST /xingrg/kc/buy/cgsh_list_operate.html HTTP/1.1" 200 876
114.82.29.189 - - [13/Sep/2020:08:40:15 +0800] "GET /xingrg/kc/buy/cgsh_order_add.html HTTP/1.1" 200 59668
114.82.29.189 - - [13/Sep/2020:08:40:15 +0800] "POST /xingrg/kc/buy/cgsh_order_operate.html HTTP/1.1" 200 8245
114.82.29.189 - - [13/Sep/2020:08:40:15 +0800] "GET /xingrg/javascript/easyui/themes/default/validatebox.css HTTP/1.1" 404 1104
114.82.29.189 - - [13/Sep/2020:08:40:16 +0800] "GET /xingrg/javascript/auto/indicator.gif HTTP/1.1" 404 1066
218.81.217.115 - - [13/Sep/2020:08:40:24 +0800] "GET /xingrg/all/function/internal_message.html?_=1599957623016&CODE_STATE=getMsg HTTP/1.1" 200 27
172.17.0.105 - - [13/Sep/2020:08:40:31 +0800] "GET /xingrg/kc/base/check_order_list.html HTTP/1.1" 200 16401
172.17.0.105 - - [13/Sep/2020:08:40:31 +0800] "POST /xingrg/kc/base/check_list_operate.html HTTP/1.1" 200 781
172.17.0.105 - - [13/Sep/2020:08:40:35 +0800] "GET /xingrg/javascript/jquery_tools/images/next.gif HTTP/1.1" 404 1086
172.17.0.105 - - [13/Sep/2020:08:40:35 +0800] "GET /xingrg/javascript/jquery_tools/images/prev.gif HTTP/1.1" 404 1086
116.235.241.164 - - [13/Sep/2020:08:40:40 +0800] "GET /xingrg/all/function/internal_message.html?_=1599957639450&CODE_STATE=getMsg HTTP/1.1" 200 27
120.253.135.82 - - [13/Sep/2020:08:40:44 +0800] "GET /xingrg/all/function/internal_message.html?_=1599957391126&CODE_STATE=getMsg HTTP/1.1" 200 27
172.17.0.105 - - [13/Sep/2020:08:40:46 +0800] "POST /xingrg/kc/base/check_list_operate.html HTTP/1.1" 200 4500
116.230.74.197 - - [13/Sep/2020:08:40:49 +0800] "POST /xingrg/services/DataTransmitService HTTP/1.1" 200 524
172.17.0.105 - - [13/Sep/2020:08:40:49 +0800] "GET /xingrg/kc/base/check_order_info.html?code=452020063000676 HTTP/1.1" 200 22834
172.17.0.105 - - [13/Sep/2020:08:40:49 +0800] "GET /xingrg/dwr/interface/AjaxCheckService.js HTTP/1.1" 200 14003
172.17.0.105 - - [13/Sep/2020:08:40:49 +0800] "GET /xingrg/dwr/interface/AjaxComOrderService.js HTTP/1.1" 200 18264
172.17.0.105 - - [13/Sep/2020:08:40:49 +0800] "GET /xingrg/dwr/engine.js HTTP/1.1" 200 43631
172.17.0.105 - - [13/Sep/2020:08:40:50 +0800] "GET /xingrg/javascript/jquery_easy_ui/themes/icons/exam_new.png HTTP/1.1" 304 -
172.17.0.105 - - [13/Sep/2020:08:40:50 +0800] "POST /xingrg/dwr/call/plaincall/AjaxCheckService.loadOrderItems.dwr HTTP/1.1" 200 5735
116.230.74.197 - - [13/Sep/2020:08:40:50 +0800] "POST /xingrg/services/DataTransmitService HTTP/1.1" 200 501
116.232.54.42 - - [13/Sep/2020:08:40:51 +0800] "GET /xingrg/all/function/internal_message.html?_=1599957668015&CODE_STATE=getMsg HTTP/1.1" 200 27
116.230.74.197 - - [13/Sep/2020:08:40:51 +0800] "POST /xingrg/services/DataTransmitService HTTP/1.1" 200 501
172.17.0.105 - - [13/Sep/2020:08:40:51 +0800] "GET /xingrg/all/function/internal_message.html?_=1599957648736&CODE_STATE=getMsg HTTP/1.1" 200 27
116.230.74.197 - - [13/Sep/2020:08:40:53 +0800] "POST /xingrg/services/DataTransmitService HTTP/1.1" 200 501
116.230.74.197 - - [13/Sep/2020:08:40:55 +0800] "POST /xingrg/services/DataTransmitService HTTP/1.1" 200 501
114.82.29.189 - - [13/Sep/2020:08:40:55 +0800] "POST /xingrg/all/common/load_select.html HTTP/1.1" 200 25
116.230.74.197 - - [13/Sep/2020:08:40:56 +0800] "POST /xingrg/services/DataTransmitService HTTP/1.1" 200 501
116.230.74.197 - - [13/Sep/2020:08:40:57 +0800] "POST /xingrg/services/DataTransmitService HTTP/1.1" 200 501
117.184.7.26 - - [13/Sep/2020:08:40:57 +0800] "GET /xingrg/all/function/internal_message.html?_=1599958508459&CODE_STATE=getMsg HTTP/1.1" 200 27
116.230.74.197 - - [13/Sep/2020:08:40:57 +0800] "POST /xingrg/services/DataTransmitService HTTP/1.1" 200 501
172.17.0.123 - - [13/Sep/2020:08:40:58 +0800] "GET /xingrg/all/function/internal_message.html?_=1599957659511&CODE_STATE=getMsg HTTP/1.1" 302 -
116.230.74.197 - - [13/Sep/2020:08:40:58 +0800] "POST /xingrg/services/DataTransmitService HTTP/1.1" 200 501
116.230.74.197 - - [13/Sep/2020:08:40:58 +0800] "POST /xingrg/services/DataTransmitService HTTP/1.1" 200 501
120.253.135.82 - - [13/Sep/2020:08:40:58 +0800] "GET /xingrg/check_reg.html?_=1599957770789 HTTP/1.1" 302 -
116.235.241.164 - - [13/Sep/2020:08:40:59 +0800] "GET /xingrg/all/function/internal_message.html?_=1599957658680&CODE_STATE=getMsg HTTP/1.1" 200 27
116.230.74.197 - - [13/Sep/2020:08:41:01 +0800] "POST /xingrg/services/DataTransmitService HTTP/1.1" 200 412
114.82.29.189 - - [13/Sep/2020:08:41:06 +0800] "GET /xingrg/kc/buy/cgsh_order_operate.html?command=get_materiel&rest_code=00105&code=00101006112&supplier_code=00100013&order_time=2020-09-13 HTTP/1.1" 200 409
114.82.29.189 - - [13/Sep/2020:08:41:08 +0800] "GET /xingrg/all/function/internal_message.html?_=1599957665486&CODE_STATE=getMsg HTTP/1.1" 200 27
114.88.166.242 - - [13/Sep/2020:08:41:12 +0800] "GET /xingrg/all/function/internal_message.html?_=1599957734590&CODE_STATE=getMsg HTTP/1.1" 200 27
116.238.90.59 - - [13/Sep/2020:08:41:13 +0800] "GET /xingrg/login.html HTTP/1.1" 200 7641
114.82.29.189 - - [13/Sep/2020:08:41:13 +0800] "GET /xingrg/kc/buy/cgsh_order_operate.html?command=get_materiel&rest_code=00105&code=00101006106&supplier_code=00100013&order_time=2020-09-13 HTTP/1.1" 200 421
116.238.90.59 - - [13/Sep/2020:08:41:13 +0800] "GET /xingrg/images/blue/jxLogo.png HTTP/1.1" 304 -
116.238.90.59 - - [13/Sep/2020:08:41:13 +0800] "GET /xingrg/images/blue/hj.png HTTP/1.1" 304 -
116.238.90.59 - - [13/Sep/2020:08:41:13 +0800] "GET /xingrg/images/blue/login_bg.png HTTP/1.1" 304 -
116.238.90.59 - - [13/Sep/2020:08:41:14 +0800] "GET /xingrg/images/blue/srbg.png HTTP/1.1" 304 -
116.238.90.59 - - [13/Sep/2020:08:41:14 +0800] "GET /favicon.ico HTTP/1.1" 404 -
172.17.0.105 - - [13/Sep/2020:08:41:22 +0800] "GET /xingrg/kc/base/wldb_order_list.html HTTP/1.1" 200 19282
114.82.29.189 - - [13/Sep/2020:08:41:22 +0800] "GET /xingrg/kc/buy/cgsh_order_operate.html?command=get_materiel&rest_code=00105&code=00101010136&supplier_code=00100013&order_time=2020-09-13 HTTP/1.1" 200 408
172.17.0.105 - - [13/Sep/2020:08:41:22 +0800] "POST /xingrg/kc/base/wldb_list_operate.html HTTP/1.1" 200 928
116.230.74.197 - - [13/Sep/2020:08:41:22 +0800] "GET /xingrg/check_reg.html?_=1599957681159 HTTP/1.1" 200 22
172.17.0.105 - - [13/Sep/2020:08:41:23 +0800] "GET /xingrg/kc/base/wldb_order_add.html HTTP/1.1" 200 30379
172.17.0.105 - - [13/Sep/2020:08:41:23 +0800] "POST /xingrg/kc/base/wldb_order_operate.html HTTP/1.1" 200 6806
172.17.0.105 - - [13/Sep/2020:08:41:23 +0800] "GET /xingrg/javascript/easyui/themes/default/validatebox.css HTTP/1.1" 404 1104
218.81.217.115 - - [13/Sep/2020:08:41:24 +0800] "GET /xingrg/all/function/internal_message.html?_=1599957683029&CODE_STATE=getMsg HTTP/1.1" 200 27
172.17.0.105 - - [13/Sep/2020:08:41:25 +0800] "GET /xingrg/javascript/jquery_tools/images/prev.gif HTTP/1.1" 404 1086
172.17.0.105 - - [13/Sep/2020:08:41:25 +0800] "GET /xingrg/javascript/jquery_tools/images/next.gif HTTP/1.1" 404 1086
114.82.29.189 - - [13/Sep/2020:08:41:28 +0800] "GET /xingrg/kc/buy/cgsh_order_operate.html?command=get_materiel&rest_code=00105&code=00101006133&supplier_code=00100013&order_time=2020-09-13 HTTP/1.1" 200 413
172.17.0.105 - - [13/Sep/2020:08:41:29 +0800] "GET /xingrg/kc/base/wldb_order_operate.html?command=get_materiel&rest_code=00147&base_code=0010341&code=00101025039 HTTP/1.1" 200 457
172.17.0.105 - - [13/Sep/2020:08:41:36 +0800] "GET /xingrg/kc/mdqp/qqps_order_list.html HTTP/1.1" 200 9612
172.17.0.105 - - [13/Sep/2020:08:41:36 +0800] "GET /xingrg/dwr/interface/AjaxQqpsService.js HTTP/1.1" 200 16326
172.17.0.105 - - [13/Sep/2020:08:41:36 +0800] "GET /xingrg/dwr/engine.js HTTP/1.1" 200 43631
172.17.0.105 - - [13/Sep/2020:08:41:36 +0800] "GET /xingrg/dwr/interface/AjaxReportQueryService.js HTTP/1.1" 200 13203
172.17.0.105 - - [13/Sep/2020:08:41:37 +0800] "GET /xingrg/kc/mdqp/qqps_order_info.html?code=302020091300272 HTTP/1.1" 200 28206
172.17.0.105 - - [13/Sep/2020:08:41:37 +0800] "GET /xingrg/dwr/interface/AjaxComOrderService.js HTTP/1.1" 200 18264
172.17.0.105 - - [13/Sep/2020:08:41:37 +0800] "GET /xingrg/dwr/interface/AjaxQqpsService.js HTTP/1.1" 200 16326
172.17.0.105 - - [13/Sep/2020:08:41:37 +0800] "GET /xingrg/dwr/engine.js HTTP/1.1" 200 43631
172.17.0.105 - - [13/Sep/2020:08:41:38 +0800] "POST /xingrg/dwr/call/plaincall/AjaxQqpsService.loadMaterielItems.dwr HTTP/1.1" 200 385
116.238.90.59 - - [13/Sep/2020:08:41:39 +0800] "POST /xingrg/login.do HTTP/1.1" 302 -
116.238.90.59 - - [13/Sep/2020:08:41:39 +0800] "GET /xingrg/index.html?sysBaseUrl=http%3A%2F%2F180.169.147.146%3A18081%2Fxingrg%2F&costTime=39×tamp=1599957699613 HTTP/1.1" 200 17173
116.238.90.59 - - [13/Sep/2020:08:41:39 +0800] "GET /xingrg/javascript/jquery_easy_ui/themes/default/easyui.css HTTP/1.1" 304 -
116.238.90.59 - - [13/Sep/2020:08:41:39 +0800] "GET /xingrg/javascript/jquery_easy_ui/themes/icon.css HTTP/1.1" 304 -
116.238.90.59 - - [13/Sep/2020:08:41:39 +0800] "GET /xingrg/css/form.css HTTP/1.1" 304 -
116.238.90.59 - - [13/Sep/2020:08:41:39 +0800] "GET /xingrg/javascript/jquery_easy_ui/jquery.easyui.min.js HTTP/1.1" 304 -
116.238.90.59 - - [13/Sep/2020:08:41:39 +0800] "GET /xingrg/javascript/jquery.utils.js HTTP/1.1" 304 -
116.238.90.59 - - [13/Sep/2020:08:41:39 +0800] "GET /xingrg/javascript/jquery-1.4.2.min.js HTTP/1.1" 304 -
116.238.90.59 - - [13/Sep/2020:08:41:39 +0800] "GET /xingrg/javascript/jquery.form.js HTTP/1.1" 304 -
116.238.90.59 - - [13/Sep/2020:08:41:39 +0800] "GET /xingrg/javascript/jquery_easy_ui/easyui-lang-zh_CN.js HTTP/1.1" 304 -
116.238.90.59 - - [13/Sep/2020:08:41:39 +0800] "GET /xingrg/javascript/jquery.timers.js HTTP/1.1" 304 -
116.238.90.59 - - [13/Sep/2020:08:41:40 +0800] "GET /xingrg/images/blue/navBackgound.jpg HTTP/1.1" 304 -
116.238.90.59 - - [13/Sep/2020:08:41:40 +0800] "GET /xingrg/javascript/jquery_easy_ui/themes/icons/settle_new.png HTTP/1.1" 304 -
116.238.90.59 - - [13/Sep/2020:08:41:40 +0800] "GET /favicon.ico HTTP/1.1" 404 -
116.238.90.59 - - [13/Sep/2020:08:41:40 +0800] "GET /xingrg/images/blue/pingpu.png HTTP/1.1" 304 -
116.238.90.59 - - [13/Sep/2020:08:41:40 +0800] "GET /xingrg/javascript/jquery_easy_ui/themes/default/images/tabs_leftarrow.png HTTP/1.1" 304 -
116.238.90.59 - - [13/Sep/2020:08:41:40 +0800] "GET /xingrg/javascript/jquery_easy_ui/themes/default/images/tabs_rightarrow.png HTTP/1.1" 304 -
116.238.90.59 - - [13/Sep/2020:08:41:40 +0800] "POST /xingrg/all/common/load_tree.html?tree=area_rest_tree_json&manage=1 HTTP/1.1" 200 342
116.238.90.59 - - [13/Sep/2020:08:41:40 +0800] "GET /xingrg/javascript/jquery_easy_ui/themes/default/images/panel_tool_collapse.gif HTTP/1.1" 304 -
116.238.90.59 - - [13/Sep/2020:08:41:40 +0800] "GET /xingrg/all/function/internal_message.html?_=1599957904925&CODE_STATE=count HTTP/1.1" 200 11
116.238.90.59 - - [13/Sep/2020:08:41:40 +0800] "GET /xingrg/check_reg.html?_=1599957904926 HTTP/1.1" 200 22
116.238.90.59 - - [13/Sep/2020:08:41:40 +0800] "GET /xingrg/javascript/jquery_easy_ui/themes/default/images/tree_arrows.gif HTTP/1.1" 304 -
116.238.90.59 - - [13/Sep/2020:08:41:40 +0800] "POST /xingrg/load_menu.html HTTP/1.1" 200 5138
116.235.241.164 - - [13/Sep/2020:08:41:40 +0800] "GET /xingrg/all/function/internal_message.html?_=1599957699454&CODE_STATE=getMsg HTTP/1.1" 200 27
116.235.241.164 - - [13/Sep/2020:08:41:40 +0800] "GET /xingrg/check_reg.html?_=1599957699456 HTTP/1.1" 200 22
116.238.90.59 - - [13/Sep/2020:08:41:40 +0800] "GET /xingrg/javascript/jquery_easy_ui/themes/icons/search_new.png HTTP/1.1" 304 -
116.238.90.59 - - [13/Sep/2020:08:41:40 +0800] "GET /xingrg/javascript/jquery_easy_ui/themes/default/images/tree_folder.gif HTTP/1.1" 304 -
116.238.90.59 - - [13/Sep/2020:08:41:40 +0800] "GET /xingrg/javascript/jquery_easy_ui/themes/icons/storage_new.png HTTP/1.1" 304 -
116.238.90.59 - - [13/Sep/2020:08:41:40 +0800] "GET /xingrg/javascript/jquery_easy_ui/themes/icons/forms_new.png HTTP/1.1" 304 -
116.238.90.59 - - [13/Sep/2020:08:41:40 +0800] "GET /xingrg/javascript/jquery_easy_ui/themes/default/images/tree_file.gif HTTP/1.1" 304 -
116.238.90.59 - - [13/Sep/2020:08:41:40 +0800] "GET /xingrg/javascript/jquery_easy_ui/themes/default/images/tree_folder_open.gif HTTP/1.1" 304 -
120.253.135.82 - - [13/Sep/2020:08:41:44 +0800] "GET /xingrg/all/function/internal_message.html?_=1599957451302&CODE_STATE=getMsg HTTP/1.1" 200 27
116.232.54.42 - - [13/Sep/2020:08:41:50 +0800] "GET /xingrg/all/function/internal_message.html?_=1599957728015&CODE_STATE=getMsg HTTP/1.1" 200 27
172.17.0.105 - - [13/Sep/2020:08:41:51 +0800] "GET /xingrg/check_reg.html?_=1599957708660 HTTP/1.1" 200 22
172.17.0.105 - - [13/Sep/2020:08:41:51 +0800] "GET /xingrg/all/function/internal_message.html?_=1599957708720&CODE_STATE=getMsg HTTP/1.1" 200 27
114.82.29.189 - - [13/Sep/2020:08:41:54 +0800] "GET /xingrg/kc/buy/cgsh_order_operate.html?command=get_materiel&rest_code=00105&code=00101006184&supplier_code=00100013&order_time=2020-09-13 HTTP/1.1" 200 408
117.184.7.26 - - [13/Sep/2020:08:41:57 +0800] "GET /xingrg/all/function/internal_message.html?_=1599958568458&CODE_STATE=getMsg HTTP/1.1" 200 27
172.17.0.123 - - [13/Sep/2020:08:41:58 +0800] "GET /xingrg/all/function/internal_message.html?_=1599957719511&CODE_STATE=getMsg HTTP/1.1" 302 -
172.17.0.123 - - [13/Sep/2020:08:41:58 +0800] "GET /xingrg/check_reg.html?_=1599957719513 HTTP/1.1" 302 -
116.235.241.164 - - [13/Sep/2020:08:41:59 +0800] "GET /xingrg/all/function/internal_message.html?_=1599957718683&CODE_STATE=getMsg HTTP/1.1" 200 27
116.235.241.164 - - [13/Sep/2020:08:41:59 +0800] "GET /xingrg/check_reg.html?_=1599957718687 HTTP/1.1" 200 22
114.82.29.189 - - [13/Sep/2020:08:42:01 +0800] "GET /xingrg/kc/buy/cgsh_order_operate.html?command=get_materiel&rest_code=00105&code=00101006195&supplier_code=00100013&order_time=2020-09-13 HTTP/1.1" 200 409
114.82.29.189 - - [13/Sep/2020:08:42:08 +0800] "GET /xingrg/all/function/internal_message.html?_=1599957725492&CODE_STATE=getMsg HTTP/1.1" 200 27
114.88.166.242 - - [13/Sep/2020:08:42:11 +0800] "GET /xingrg/check_reg.html?_=1599957727767 HTTP/1.1" 200 22
114.88.166.242 - - [13/Sep/2020:08:42:12 +0800] "GET /xingrg/all/function/internal_message.html?_=1599957794589&CODE_STATE=getMsg HTTP/1.1" 200 27
172.17.0.105 - - [13/Sep/2020:08:42:15 +0800] "POST /xingrg/dwr/call/plaincall/AjaxQqpsService.saveMaterielItem.dwr HTTP/1.1" 200 78
172.17.0.105 - - [13/Sep/2020:08:42:17 +0800] "POST /xingrg/dwr/call/plaincall/AjaxQqpsService.checkOrder.dwr HTTP/1.1" 200 78
172.17.0.105 - - [13/Sep/2020:08:42:18 +0800] "GET /xingrg/kc/mdqp/qqps_order_info.html?code=302020091300272 HTTP/1.1" 200 26447
172.17.0.105 - - [13/Sep/2020:08:42:18 +0800] "GET /xingrg/dwr/interface/AjaxComOrderService.js HTTP/1.1" 200 18264
172.17.0.105 - - [13/Sep/2020:08:42:18 +0800] "GET /xingrg/dwr/engine.js HTTP/1.1" 200 43631
172.17.0.105 - - [13/Sep/2020:08:42:18 +0800] "GET /xingrg/dwr/interface/AjaxQqpsService.js HTTP/1.1" 200 16326
172.17.0.105 - - [13/Sep/2020:08:42:19 +0800] "POST /xingrg/dwr/call/plaincall/AjaxQqpsService.loadMaterielItems.dwr HTTP/1.1" 200 385
58.37.9.106 - - [13/Sep/2020:08:42:20 +0800] "GET /xingrg/check_reg.html?_=1599957726652 HTTP/1.1" 200 22
218.81.217.115 - - [13/Sep/2020:08:42:24 +0800] "GET /xingrg/all/function/internal_message.html?_=1599957743210&CODE_STATE=getMsg HTTP/1.1" 200 27
172.17.0.105 - - [13/Sep/2020:08:42:34 +0800] "GET /xingrg/kc/mdqp/qqps_order_list.html?isBack=1 HTTP/1.1" 200 9647
172.17.0.105 - - [13/Sep/2020:08:42:34 +0800] "GET /xingrg/dwr/engine.js HTTP/1.1" 200 43631
172.17.0.105 - - [13/Sep/2020:08:42:34 +0800] "GET /xingrg/dwr/interface/AjaxQqpsService.js HTTP/1.1" 200 16326
172.17.0.105 - - [13/Sep/2020:08:42:34 +0800] "GET /xingrg/dwr/interface/AjaxReportQueryService.js HTTP/1.1" 200 13203
114.82.29.189 - - [13/Sep/2020:08:42:36 +0800] "GET /xingrg/kc/buy/cgsh_order_operate.html?command=get_materiel&rest_code=00105&code=00101006115&supplier_code=00100013&order_time=2020-09-13 HTTP/1.1" 200 409
120.253.135.82 - - [13/Sep/2020:08:42:37 +0800] "GET /xingrg/check_reg.html?_=1599957504382 HTTP/1.1" 200 22
116.238.90.59 - - [13/Sep/2020:08:42:40 +0800] "GET /xingrg/all/function/internal_message.html?_=1599957964942&CODE_STATE=getMsg HTTP/1.1" 200 27
116.235.241.164 - - [13/Sep/2020:08:42:40 +0800] "GET /xingrg/all/function/internal_message.html?_=1599957759455&CODE_STATE=getMsg HTTP/1.1" 200 27
120.253.135.82 - - [13/Sep/2020:08:42:44 +0800] "GET /xingrg/all/function/internal_message.html?_=1599957511309&CODE_STATE=getMsg HTTP/1.1" 200 27
114.82.29.189 - - [13/Sep/2020:08:42:45 +0800] "GET /xingrg/kc/buy/cgsh_order_operate.html?command=get_materiel&rest_code=00105&code=00101006087&supplier_code=00100013&order_time=2020-09-13 HTTP/1.1" 200 409
116.232.54.42 - - [13/Sep/2020:08:42:48 +0800] "GET /xingrg/all/function/internal_message.html?_=1599957788015&CODE_STATE=getMsg HTTP/1.1" 200 27
172.17.0.105 - - [13/Sep/2020:08:42:51 +0800] "GET /xingrg/all/function/internal_message.html?_=1599957768709&CODE_STATE=getMsg HTTP/1.1" 200 27
114.82.29.189 - - [13/Sep/2020:08:42:56 +0800] "GET /xingrg/kc/buy/cgsh_order_operate.html?command=get_materiel&rest_code=00105&code=00101006063&supplier_code=00100013&order_time=2020-09-13 HTTP/1.1" 200 413
117.184.7.26 - - [13/Sep/2020:08:42:57 +0800] "GET /xingrg/all/function/internal_message.html?_=1599958628456&CODE_STATE=getMsg HTTP/1.1" 200 27
172.17.0.123 - - [13/Sep/2020:08:42:58 +0800] "GET /xingrg/all/function/internal_message.html?_=1599957779513&CODE_STATE=getMsg HTTP/1.1" 302 -
116.235.241.164 - - [13/Sep/2020:08:42:59 +0800] "GET /xingrg/all/function/internal_message.html?_=1599957778687&CODE_STATE=getMsg HTTP/1.1" 200 27
114.82.29.189 - - [13/Sep/2020:08:43:08 +0800] "GET /xingrg/all/function/internal_message.html?_=1599957785441&CODE_STATE=getMsg HTTP/1.1" 200 27
222.69.137.87 - - [13/Sep/2020:08:43:12 +0800] "GET /xingrg/index.html?sysBaseUrl=http%3A%2F%2F180.169.147.146%3A18081%2Fxingrg%2F&costTime=52×tamp=1591679117969 HTTP/1.1" 302 -
222.69.137.87 - - [13/Sep/2020:08:43:12 +0800] "GET /xingrg/login.html HTTP/1.1" 200 7641
114.88.166.242 - - [13/Sep/2020:08:43:12 +0800] "GET /xingrg/check_reg.html?_=1599957854590 HTTP/1.1" 200 22
114.88.166.242 - - [13/Sep/2020:08:43:12 +0800] "GET /xingrg/all/function/internal_message.html?_=1599957854594&CODE_STATE=getMsg HTTP/1.1" 200 27
222.69.137.87 - - [13/Sep/2020:08:43:12 +0800] "GET /favicon.ico HTTP/1.1" 404 -
114.82.29.189 - - [13/Sep/2020:08:43:14 +0800] "GET /xingrg/kc/buy/cgsh_order_operate.html?command=get_materiel&rest_code=00105&code=00101006174&supplier_code=00100013&order_time=2020-09-13 HTTP/1.1" 200 415
222.69.137.87 - - [13/Sep/2020:08:43:15 +0800] "POST /xingrg/login.do HTTP/1.1" 302 -
222.69.137.87 - - [13/Sep/2020:08:43:15 +0800] "GET /xingrg/index.html?sysBaseUrl=http%3A%2F%2F180.169.147.146%3A18081%2Fxingrg%2F&costTime=51×tamp=1599957795080 HTTP/1.1" 200 17179
222.69.137.87 - - [13/Sep/2020:08:43:15 +0800] "GET /favicon.ico HTTP/1.1" 404 -
222.69.137.87 - - [13/Sep/2020:08:43:15 +0800] "POST /xingrg/all/common/load_tree.html?tree=area_rest_tree_json&manage=1 HTTP/1.1" 200 351
222.69.137.87 - - [13/Sep/2020:08:43:15 +0800] "GET /xingrg/all/function/internal_message.html?_=1599957792695&CODE_STATE=count HTTP/1.1" 200 11
222.69.137.87 - - [13/Sep/2020:08:43:15 +0800] "GET /xingrg/check_reg.html?_=1599957792696 HTTP/1.1" 200 22
222.69.137.87 - - [13/Sep/2020:08:43:15 +0800] "POST /xingrg/load_menu.html HTTP/1.1" 200 5138
222.69.137.87 - - [13/Sep/2020:08:43:19 +0800] "GET /xingrg/kc/buy/cgsh_order_list.html HTTP/1.1" 200 43936
222.69.137.87 - - [13/Sep/2020:08:43:20 +0800] "POST /xingrg/kc/buy/cgsh_list_operate.html HTTP/1.1" 200 1689
222.69.137.87 - - [13/Sep/2020:08:43:21 +0800] "GET /xingrg/kc/buy/cgsh_order_add.html HTTP/1.1" 200 59721
222.69.137.87 - - [13/Sep/2020:08:43:21 +0800] "GET /xingrg/words/20200912153113_words.js HTTP/1.1" 200 762207
222.69.137.87 - - [13/Sep/2020:08:43:21 +0800] "POST /xingrg/kc/buy/cgsh_order_operate.html HTTP/1.1" 200 8245
222.69.137.87 - - [13/Sep/2020:08:43:21 +0800] "GET /xingrg/all/common/auto_word.html?type=employee&rest_code=00149 HTTP/1.1" 200 197
222.69.137.87 - - [13/Sep/2020:08:43:21 +0800] "GET /xingrg/all/common/auto_word.html?type=employee&rest_code=00149 HTTP/1.1" 200 197
222.69.137.87 - - [13/Sep/2020:08:43:21 +0800] "GET /xingrg/javascript/easyui/themes/default/validatebox.css HTTP/1.1" 404 1104
114.82.29.189 - - [13/Sep/2020:08:43:22 +0800] "POST /xingrg/all/common/load_select.html HTTP/1.1" 200 25
218.81.217.115 - - [13/Sep/2020:08:43:24 +0800] "GET /xingrg/all/function/internal_message.html?_=1599957803212&CODE_STATE=getMsg HTTP/1.1" 200 27
222.69.137.87 - - [13/Sep/2020:08:43:25 +0800] "POST /xingrg/kc/buy/cgsh_list_operate.html HTTP/1.1" 200 578
222.69.137.87 - - [13/Sep/2020:08:43:25 +0800] "GET /xingrg/kc/buy/cgsh_order_info.html?code=212020091204939 HTTP/1.1" 200 59730
222.69.137.87 - - [13/Sep/2020:08:43:26 +0800] "GET /xingrg/javascript/easyui/themes/default/validatebox.css HTTP/1.1" 404 1104
222.69.137.87 - - [13/Sep/2020:08:43:26 +0800] "POST /xingrg/kc/buy/cgsh_order_operate.html HTTP/1.1" 200 6210
222.69.137.87 - - [13/Sep/2020:08:43:26 +0800] "POST /xingrg/kc/buy/cgsh_list_operate.html HTTP/1.1" 200 1689
222.69.137.87 - - [13/Sep/2020:08:43:27 +0800] "GET /xingrg/javascript/auto/indicator.gif HTTP/1.1" 404 1066
114.82.29.189 - - [13/Sep/2020:08:43:29 +0800] "POST /xingrg/kc/buy/cgsh_order_operate.html HTTP/1.1" 200 37
172.17.0.105 - - [13/Sep/2020:08:43:30 +0800] "GET /xingrg/kc/buy/cgsh_order_list.html HTTP/1.1" 200 43916
114.82.29.189 - - [13/Sep/2020:08:43:30 +0800] "POST /xingrg/kc/buy/cgsh_order_operate.html HTTP/1.1" 200 11634
172.17.0.105 - - [13/Sep/2020:08:43:31 +0800] "POST /xingrg/kc/buy/cgsh_list_operate.html HTTP/1.1" 200 5178
114.82.29.189 - - [13/Sep/2020:08:43:31 +0800] "GET /xingrg/kc/buy/cgsh_order_add.html HTTP/1.1" 200 59668
114.82.29.189 - - [13/Sep/2020:08:43:31 +0800] "GET /xingrg/javascript/easyui/themes/default/validatebox.css HTTP/1.1" 404 1104
114.82.29.189 - - [13/Sep/2020:08:43:31 +0800] "POST /xingrg/kc/buy/cgsh_order_operate.html HTTP/1.1" 200 8245
222.69.137.87 - - [13/Sep/2020:08:43:38 +0800] "POST /xingrg/kc/buy/cgsh_order_operate.html HTTP/1.1" 200 37
116.232.49.242 - - [13/Sep/2020:08:43:38 +0800] "GET /xingrg/check_reg.html?_=1599957791346 HTTP/1.1" 200 22
116.238.90.59 - - [13/Sep/2020:08:43:40 +0800] "GET /xingrg/all/function/internal_message.html?_=1599958024954&CODE_STATE=getMsg HTTP/1.1" 200 27
116.235.241.164 - - [13/Sep/2020:08:43:40 +0800] "GET /xingrg/all/function/internal_message.html?_=1599957819455&CODE_STATE=getMsg HTTP/1.1" 200 27
222.69.137.87 - - [13/Sep/2020:08:43:41 +0800] "POST /xingrg/kc/buy/cgsh_order_operate.html HTTP/1.1" 200 12
114.82.29.189 - - [13/Sep/2020:08:43:43 +0800] "GET /xingrg/kc/buy/cgsh_order_operate.html?command=get_materiel&rest_code=00105&code=00101002027&supplier_code=00100397&order_time=2020-09-13 HTTP/1.1" 200 413
222.69.137.87 - - [13/Sep/2020:08:43:44 +0800] "GET /xingrg/kc/buy/cgsh_order_info.html?code=212020091204939 HTTP/1.1" 200 54624
222.69.137.87 - - [13/Sep/2020:08:43:44 +0800] "GET /xingrg/javascript/easyui/themes/default/validatebox.css HTTP/1.1" 404 1104
120.253.135.82 - - [13/Sep/2020:08:43:44 +0800] "GET /xingrg/all/function/internal_message.html?_=1599957571322&CODE_STATE=getMsg HTTP/1.1" 200 27
222.69.137.87 - - [13/Sep/2020:08:43:44 +0800] "POST /xingrg/kc/buy/cgsh_order_operate.html HTTP/1.1" 200 4157
116.232.54.42 - - [13/Sep/2020:08:43:47 +0800] "GET /xingrg/all/function/internal_message.html?_=1599957848015&CODE_STATE=getMsg HTTP/1.1" 200 27
172.17.0.105 - - [13/Sep/2020:08:43:47 +0800] "POST /xingrg/kc/buy/cgsh_list_operate.html HTTP/1.1" 200 4
172.17.0.105 - - [13/Sep/2020:08:43:50 +0800] "POST /xingrg/kc/buy/cgsh_list_operate.html HTTP/1.1" 200 5164
172.17.0.105 - - [13/Sep/2020:08:43:51 +0800] "GET /xingrg/all/function/internal_message.html?_=1599957828700&CODE_STATE=getMsg HTTP/1.1" 200 27
117.184.7.26 - - [13/Sep/2020:08:43:57 +0800] "GET /xingrg/all/function/internal_message.html?_=1599958688455&CODE_STATE=getMsg HTTP/1.1" 200 27
117.184.7.26 - - [13/Sep/2020:08:43:57 +0800] "GET /xingrg/check_reg.html?_=1599958688457 HTTP/1.1" 200 22
172.17.0.123 - - [13/Sep/2020:08:43:58 +0800] "GET /xingrg/all/function/internal_message.html?_=1599957839515&CODE_STATE=getMsg HTTP/1.1" 302 -
116.235.241.164 - - [13/Sep/2020:08:43:59 +0800] "GET /xingrg/all/function/internal_message.html?_=1599957838687&CODE_STATE=getMsg HTTP/1.1" 200 27
172.17.0.105 - - [13/Sep/2020:08:44:05 +0800] "POST /xingrg/kc/buy/cgsh_list_operate.html HTTP/1.1" 200 4
172.17.0.105 - - [13/Sep/2020:08:44:08 +0800] "POST /xingrg/kc/buy/cgsh_list_operate.html HTTP/1.1" 200 3877
114.82.29.189 - - [13/Sep/2020:08:44:08 +0800] "GET /xingrg/all/function/internal_message.html?_=1599957845454&CODE_STATE=getMsg HTTP/1.1" 200 27
114.82.29.189 - - [13/Sep/2020:08:44:10 +0800] "GET /xingrg/kc/buy/cgsh_order_operate.html?command=get_materiel&rest_code=00105&code=00101001010&supplier_code=00100397&order_time=2020-09-13 HTTP/1.1" 200 428
114.88.166.242 - - [13/Sep/2020:08:44:12 +0800] "GET /xingrg/all/function/internal_message.html?_=1599957914578&CODE_STATE=getMsg HTTP/1.1" 200 27
222.69.137.87 - - [13/Sep/2020:08:44:15 +0800] "GET /xingrg/all/function/internal_message.html?_=1599957852703&CODE_STATE=getMsg HTTP/1.1" 200 27
172.17.0.105 - - [13/Sep/2020:08:44:20 +0800] "POST /xingrg/kc/buy/cgsh_list_operate.html HTTP/1.1" 200 4
172.17.0.105 - - [13/Sep/2020:08:44:21 +0800] "POST /xingrg/kc/buy/cgsh_list_operate.html HTTP/1.1" 200 876
218.81.217.115 - - [13/Sep/2020:08:44:24 +0800] "GET /xingrg/all/function/internal_message.html?_=1599957863387&CODE_STATE=getMsg HTTP/1.1" 200 27
116.238.90.59 - - [13/Sep/2020:08:44:40 +0800] "GET /xingrg/all/function/internal_message.html?_=1599958084970&CODE_STATE=getMsg HTTP/1.1" 200 27
116.235.241.164 - - [13/Sep/2020:08:44:40 +0800] "GET /xingrg/all/function/internal_message.html?_=1599957879457&CODE_STATE=getMsg HTTP/1.1" 200 27
120.253.135.82 - - [13/Sep/2020:08:44:44 +0800] "GET /xingrg/all/function/internal_message.html?_=1599957631509&CODE_STATE=getMsg HTTP/1.1" 200 27
116.232.54.42 - - [13/Sep/2020:08:44:46 +0800] "GET /xingrg/check_reg.html?_=1599957908015 HTTP/1.1" 200 22
116.232.54.42 - - [13/Sep/2020:08:44:46 +0800] "GET /xingrg/all/function/internal_message.html?_=1599957908015&CODE_STATE=getMsg HTTP/1.1" 200 27
114.82.29.189 - - [13/Sep/2020:08:44:48 +0800] "GET /xingrg/kc/buy/cgsh_order_operate.html?command=get_materiel&rest_code=00105&code=00101005037&supplier_code=00100397&order_time=2020-09-13 HTTP/1.1" 200 409
172.17.0.105 - - [13/Sep/2020:08:44:51 +0800] "GET /xingrg/all/function/internal_message.html?_=1599957888680&CODE_STATE=getMsg HTTP/1.1" 200 27
58.40.7.146 - - [13/Sep/2020:08:44:52 +0800] "GET /xingrg/check_reg.html?_=1599957889498 HTTP/1.1" 200 22
114.82.29.189 - - [13/Sep/2020:08:44:53 +0800] "POST /xingrg/kc/buy/cgsh_order_operate.html HTTP/1.1" 200 37
114.82.29.189 - - [13/Sep/2020:08:44:54 +0800] "POST /xingrg/kc/buy/cgsh_order_operate.html HTTP/1.1" 200 5020
117.184.7.26 - - [13/Sep/2020:08:44:57 +0800] "GET /xingrg/all/function/internal_message.html?_=1599958748457&CODE_STATE=getMsg HTTP/1.1" 200 27
