116.238.71.173 - - [13/Sep/2020:10:06:40 +0800] "GET /xingrg/kc/print/load_data.html?order_code=212020091305421&kc_code=cgsh&condition= HTTP/1.1" 200 9960
172.17.200.101 - - [13/Sep/2020:10:06:40 +0800] "GET /xingrg/all/function/internal_message.html?_=1599962798630&CODE_STATE=getMsg HTTP/1.1" 200 27
116.235.241.164 - - [13/Sep/2020:10:06:40 +0800] "GET /xingrg/all/function/internal_message.html?_=1599962799556&CODE_STATE=getMsg HTTP/1.1" 200 27
116.235.241.164 - - [13/Sep/2020:10:06:40 +0800] "GET /xingrg/check_reg.html?_=1599962799557 HTTP/1.1" 200 22
114.88.166.242 - - [13/Sep/2020:10:06:41 +0800] "POST /xingrg/kc/buy/cgsh_order_operate.html HTTP/1.1" 200 2669
116.238.90.59 - - [13/Sep/2020:10:06:41 +0800] "GET /xingrg/check_reg.html?_=1599963006242 HTTP/1.1" 200 22
114.88.166.242 - - [13/Sep/2020:10:06:41 +0800] "GET /xingrg/kc/print/load_data.html?order_code=212020091305430&kc_code=cgsh&condition= HTTP/1.1" 200 753
116.238.90.59 - - [13/Sep/2020:10:06:43 +0800] "GET /xingrg/all/function/internal_message.html?_=1599963007672&CODE_STATE=getMsg HTTP/1.1" 200 27
172.17.0.105 - - [13/Sep/2020:10:06:52 +0800] "GET /xingrg/all/function/internal_message.html?_=1599962809025&CODE_STATE=getMsg HTTP/1.1" 200 27
172.17.0.105 - - [13/Sep/2020:10:06:52 +0800] "GET /xingrg/check_reg.html?_=1599962809030 HTTP/1.1" 200 22
117.184.7.26 - - [13/Sep/2020:10:06:57 +0800] "GET /xingrg/all/function/internal_message.html?_=1599963668532&CODE_STATE=getMsg HTTP/1.1" 200 27
172.17.0.120 - - [13/Sep/2020:10:06:57 +0800] "GET /xingrg/all/function/internal_message.html?_=1599962814344&CODE_STATE=getMsg HTTP/1.1" 200 27
114.88.166.242 - - [13/Sep/2020:10:06:57 +0800] "GET /xingrg/kc/buy/cgsh_order_add.html HTTP/1.1" 200 59668
114.88.166.242 - - [13/Sep/2020:10:06:58 +0800] "GET /xingrg/javascript/easyui/themes/default/validatebox.css HTTP/1.1" 404 1104
114.88.166.242 - - [13/Sep/2020:10:06:58 +0800] "POST /xingrg/kc/buy/cgsh_order_operate.html HTTP/1.1" 200 8245
172.17.0.123 - - [13/Sep/2020:10:06:58 +0800] "GET /xingrg/check_reg.html?_=1599962819517 HTTP/1.1" 302 -
172.17.0.123 - - [13/Sep/2020:10:06:58 +0800] "GET /xingrg/all/function/internal_message.html?_=1599962819519&CODE_STATE=getMsg HTTP/1.1" 302 -
116.235.241.164 - - [13/Sep/2020:10:07:00 +0800] "GET /xingrg/all/function/internal_message.html?_=1599962818777&CODE_STATE=getMsg HTTP/1.1" 200 27
116.235.241.164 - - [13/Sep/2020:10:07:00 +0800] "GET /xingrg/check_reg.html?_=1599962818779 HTTP/1.1" 200 22
116.238.71.173 - - [13/Sep/2020:10:07:04 +0800] "GET /xingrg/all/function/internal_message.html?_=1599962821533&CODE_STATE=getMsg HTTP/1.1" 200 27
117.184.7.30 - - [13/Sep/2020:10:07:04 +0800] "GET /xingrg/all/function/internal_message.html?_=1599962821822&CODE_STATE=getMsg HTTP/1.1" 200 27
58.247.206.143 - - [13/Sep/2020:10:07:05 +0800] "GET /xingrg/kc/buy/cgsh_order_operate.html?command=get_materiel&rest_code=00141&code=00101008361&supplier_code=00100007&order_time=2020-09-13 HTTP/1.1" 302 -
114.88.166.242 - - [13/Sep/2020:10:07:07 +0800] "GET /xingrg/kc/buy/cgsh_order_operate.html?command=get_materiel&rest_code=00111&code=00101010355&supplier_code=00100329&order_time=2020-09-13 HTTP/1.1" 200 426
114.82.29.189 - - [13/Sep/2020:10:07:08 +0800] "GET /xingrg/all/function/internal_message.html?_=1599962825564&CODE_STATE=getMsg HTTP/1.1" 200 27
61.129.7.236 - - [13/Sep/2020:10:07:09 +0800] "GET /xingrg/kc/buy/cgsh_order_operate.html?command=get_materiel&rest_code=00141&code=00101008201&supplier_code=00100007&order_time=2020-09-13 HTTP/1.1" 302 -
61.129.7.236 - - [13/Sep/2020:10:07:11 +0800] "GET /xingrg/login.html HTTP/1.1" 200 7641
114.88.166.242 - - [13/Sep/2020:10:07:11 +0800] "GET /xingrg/check_reg.html?_=1599962827858 HTTP/1.1" 200 22
58.247.206.143 - - [13/Sep/2020:10:07:13 +0800] "GET /xingrg/login.html HTTP/1.1" 200 7641
114.88.166.242 - - [13/Sep/2020:10:07:14 +0800] "GET /xingrg/all/function/internal_message.html?_=1599962896298&CODE_STATE=getMsg HTTP/1.1" 200 27
222.69.137.87 - - [13/Sep/2020:10:07:15 +0800] "GET /xingrg/all/function/internal_message.html?_=1599962832819&CODE_STATE=getMsg HTTP/1.1" 200 27
120.253.135.82 - - [13/Sep/2020:10:07:16 +0800] "GET /xingrg/all/function/internal_message.html?_=1599962582714&CODE_STATE=getMsg HTTP/1.1" 200 27
114.88.166.242 - - [13/Sep/2020:10:07:17 +0800] "GET /xingrg/kc/buy/cgsh_order_operate.html?command=get_materiel&rest_code=00111&code=00101010571&supplier_code=00100329&order_time=2020-09-13 HTTP/1.1" 200 430
58.37.9.106 - - [13/Sep/2020:10:07:19 +0800] "GET /xingrg/check_reg.html?_=1599962826412 HTTP/1.1" 200 22
114.88.166.242 - - [13/Sep/2020:10:07:23 +0800] "POST /xingrg/kc/buy/cgsh_order_operate.html HTTP/1.1" 200 37
116.232.54.42 - - [13/Sep/2020:10:07:23 +0800] "GET /xingrg/all/function/internal_message.html?_=1599962882078&CODE_STATE=getMsg HTTP/1.1" 200 27
114.88.166.242 - - [13/Sep/2020:10:07:23 +0800] "POST /xingrg/kc/buy/cgsh_order_operate.html HTTP/1.1" 200 3294
114.88.166.242 - - [13/Sep/2020:10:07:24 +0800] "GET /xingrg/kc/print/load_data.html?order_code=212020091305431&kc_code=cgsh&condition= HTTP/1.1" 200 953
101.89.239.230 - - [13/Sep/2020:10:07:28 +0800] "GET /xingrg/kc/buy/cgsh_order_operate.html?command=get_materiel&rest_code=00141&code=00101008357&supplier_code=00100007&order_time=2020-09-13 HTTP/1.1" 302 -
218.81.217.115 - - [13/Sep/2020:10:07:32 +0800] "GET /xingrg/all/function/internal_message.html?_=1599962851550&CODE_STATE=getMsg HTTP/1.1" 200 27
116.238.71.173 - - [13/Sep/2020:10:07:33 +0800] "GET /xingrg/kc/buy/cgsh_order_operate.html?command=get_materiel&rest_code=00151&code=00101006058&supplier_code=00100012&order_time=2020-09-13 HTTP/1.1" 200 413
101.89.239.230 - - [13/Sep/2020:10:07:36 +0800] "GET /xingrg/login.html HTTP/1.1" 200 7641
116.238.71.173 - - [13/Sep/2020:10:07:37 +0800] "GET /xingrg/all/function/internal_message.html?_=1599962981144&CODE_STATE=getMsg HTTP/1.1" 200 27
172.17.200.101 - - [13/Sep/2020:10:07:40 +0800] "GET /xingrg/check_reg.html?_=1599962858622 HTTP/1.1" 200 22
172.17.200.101 - - [13/Sep/2020:10:07:40 +0800] "GET /xingrg/all/function/internal_message.html?_=1599962858628&CODE_STATE=getMsg HTTP/1.1" 200 27
116.235.241.164 - - [13/Sep/2020:10:07:40 +0800] "GET /xingrg/all/function/internal_message.html?_=1599962859557&CODE_STATE=getMsg HTTP/1.1" 200 27
180.97.118.219 - - [13/Sep/2020:10:07:42 +0800] "GET /xingrg/kc/buy/cgsh_order_operate.html?command=get_materiel&rest_code=00141&code=00101008199&supplier_code=00100007&order_time=2020-09-13 HTTP/1.1" 302 -
116.238.90.59 - - [13/Sep/2020:10:07:43 +0800] "GET /xingrg/all/function/internal_message.html?_=1599963067686&CODE_STATE=getMsg HTTP/1.1" 200 27
61.129.6.225 - - [13/Sep/2020:10:07:44 +0800] "GET /xingrg/kc/buy/cgsh_order_operate.html?command=get_materiel&rest_code=00141&code=00101008069&supplier_code=00100007&order_time=2020-09-13 HTTP/1.1" 302 -
116.238.71.173 - - [13/Sep/2020:10:07:44 +0800] "GET /xingrg/kc/buy/cgsh_order_operate.html?command=get_materiel&rest_code=00151&code=00101006057&supplier_code=00100012&order_time=2020-09-13 HTTP/1.1" 200 413
58.247.206.143 - - [13/Sep/2020:10:07:47 +0800] "GET /xingrg/kc/buy/cgsh_order_operate.html?command=get_materiel&rest_code=00141&code=00101008286&supplier_code=00100007&order_time=2020-09-13 HTTP/1.1" 302 -
58.247.206.143 - - [13/Sep/2020:10:07:49 +0800] "GET /xingrg/login.html HTTP/1.1" 200 7641
61.129.6.225 - - [13/Sep/2020:10:07:50 +0800] "GET /xingrg/login.html HTTP/1.1" 200 7641
172.17.0.105 - - [13/Sep/2020:10:07:52 +0800] "GET /xingrg/all/function/internal_message.html?_=1599962869058&CODE_STATE=getMsg HTTP/1.1" 200 27
180.97.118.219 - - [13/Sep/2020:10:07:52 +0800] "GET /xingrg/login.html HTTP/1.1" 200 7641
117.184.7.26 - - [13/Sep/2020:10:07:57 +0800] "GET /xingrg/all/function/internal_message.html?_=1599963728531&CODE_STATE=getMsg HTTP/1.1" 200 27
172.17.0.120 - - [13/Sep/2020:10:07:57 +0800] "GET /xingrg/all/function/internal_message.html?_=1599962874346&CODE_STATE=getMsg HTTP/1.1" 200 27
172.17.0.120 - - [13/Sep/2020:10:07:57 +0800] "GET /xingrg/check_reg.html?_=1599962874348 HTTP/1.1" 200 22
172.17.0.123 - - [13/Sep/2020:10:07:58 +0800] "GET /xingrg/all/function/internal_message.html?_=1599962879521&CODE_STATE=getMsg HTTP/1.1" 302 -
172.17.0.185 - - [13/Sep/2020:10:07:59 +0800] "GET /xingrg/check_reg.html?_=1599962875903 HTTP/1.1" 200 22
116.235.241.164 - - [13/Sep/2020:10:08:00 +0800] "GET /xingrg/all/function/internal_message.html?_=1599962878777&CODE_STATE=getMsg HTTP/1.1" 200 27
116.238.71.173 - - [13/Sep/2020:10:08:04 +0800] "GET /xingrg/all/function/internal_message.html?_=1599962881590&CODE_STATE=getMsg HTTP/1.1" 200 27
116.238.71.173 - - [13/Sep/2020:10:08:04 +0800] "GET /xingrg/check_reg.html?_=1599962881625 HTTP/1.1" 200 22
117.184.7.30 - - [13/Sep/2020:10:08:05 +0800] "GET /xingrg/all/function/internal_message.html?_=1599962881803&CODE_STATE=getMsg HTTP/1.1" 200 27
114.82.29.189 - - [13/Sep/2020:10:08:08 +0800] "GET /xingrg/all/function/internal_message.html?_=1599962885567&CODE_STATE=getMsg HTTP/1.1" 200 27
116.238.71.173 - - [13/Sep/2020:10:08:10 +0800] "POST /xingrg/kc/buy/cgsh_order_operate.html HTTP/1.1" 200 37
116.238.71.173 - - [13/Sep/2020:10:08:13 +0800] "POST /xingrg/kc/buy/cgsh_order_operate.html HTTP/1.1" 200 12
61.151.178.165 - - [13/Sep/2020:10:08:13 +0800] "GET /xingrg/kc/buy/cgsh_order_operate.html?command=get_materiel&rest_code=00141&code=00101008283&supplier_code=00100007&order_time=2020-09-13 HTTP/1.1" 302 -
116.238.71.173 - - [13/Sep/2020:10:08:13 +0800] "GET /xingrg/kc/buy/cgsh_order_info.html?code=212020091305432 HTTP/1.1" 200 54229
116.238.71.173 - - [13/Sep/2020:10:08:14 +0800] "GET /xingrg/javascript/easyui/themes/default/validatebox.css HTTP/1.1" 404 1104
114.88.166.242 - - [13/Sep/2020:10:08:14 +0800] "GET /xingrg/all/function/internal_message.html?_=1599962956311&CODE_STATE=getMsg HTTP/1.1" 200 27
116.238.71.173 - - [13/Sep/2020:10:08:14 +0800] "POST /xingrg/kc/buy/cgsh_order_operate.html HTTP/1.1" 200 4186
222.69.137.87 - - [13/Sep/2020:10:08:15 +0800] "GET /xingrg/check_reg.html?_=1599962892807 HTTP/1.1" 200 22
222.69.137.87 - - [13/Sep/2020:10:08:15 +0800] "GET /xingrg/all/function/internal_message.html?_=1599962892814&CODE_STATE=getMsg HTTP/1.1" 200 27
61.151.178.236 - - [13/Sep/2020:10:08:15 +0800] "GET /xingrg/kc/buy/cgsh_order_operate.html?command=get_materiel&rest_code=00141&code=00101008318&supplier_code=00100007&order_time=2020-09-13 HTTP/1.1" 302 -
120.253.135.82 - - [13/Sep/2020:10:08:16 +0800] "GET /xingrg/all/function/internal_message.html?_=1599962642728&CODE_STATE=getMsg HTTP/1.1" 200 27
116.238.71.173 - - [13/Sep/2020:10:08:16 +0800] "GET /xingrg/kc/print/load_data.html?order_code=212020091305432&kc_code=cgsh&condition= HTTP/1.1" 200 2207
61.151.178.165 - - [13/Sep/2020:10:08:20 +0800] "GET /xingrg/login.html HTTP/1.1" 200 7641
116.232.54.42 - - [13/Sep/2020:10:08:22 +0800] "GET /xingrg/check_reg.html?_=1599962941984 HTTP/1.1" 200 22
116.232.54.42 - - [13/Sep/2020:10:08:22 +0800] "GET /xingrg/all/function/internal_message.html?_=1599962942078&CODE_STATE=getMsg HTTP/1.1" 200 27
61.151.178.236 - - [13/Sep/2020:10:08:25 +0800] "GET /xingrg/login.html HTTP/1.1" 200 7641
116.238.71.173 - - [13/Sep/2020:10:08:26 +0800] "GET /xingrg/javascript/jquery_tools/images/prev.gif HTTP/1.1" 404 1086
116.238.71.173 - - [13/Sep/2020:10:08:26 +0800] "GET /xingrg/javascript/jquery_tools/images/next.gif HTTP/1.1" 404 1086
116.238.71.173 - - [13/Sep/2020:10:08:32 +0800] "POST /xingrg/kc/buy/cgsh_list_operate.html HTTP/1.1" 200 3703
218.81.217.115 - - [13/Sep/2020:10:08:32 +0800] "GET /xingrg/all/function/internal_message.html?_=1599962911558&CODE_STATE=getMsg HTTP/1.1" 200 27
116.238.71.173 - - [13/Sep/2020:10:08:35 +0800] "POST /xingrg/kc/buy/cgsh_list_operate.html HTTP/1.1" 200 345
116.238.90.59 - - [13/Sep/2020:10:08:35 +0800] "GET /xingrg/kc/buy/cgsh_order_operate.html?command=get_materiel&rest_code=00102&code=00101015021&supplier_code=00100054&order_time=2020-09-13 HTTP/1.1" 200 408
116.238.71.173 - - [13/Sep/2020:10:08:35 +0800] "GET /xingrg/check_reg.html?_=1599963039131 HTTP/1.1" 200 22
116.238.71.173 - - [13/Sep/2020:10:08:35 +0800] "GET /xingrg/kc/buy/cgsh_order_info.html?code=212020091305423 HTTP/1.1" 200 54231
116.238.71.173 - - [13/Sep/2020:10:08:36 +0800] "GET /xingrg/javascript/easyui/themes/default/validatebox.css HTTP/1.1" 404 1104
116.238.71.173 - - [13/Sep/2020:10:08:36 +0800] "POST /xingrg/kc/buy/cgsh_order_operate.html HTTP/1.1" 200 1797
116.238.71.173 - - [13/Sep/2020:10:08:38 +0800] "GET /xingrg/all/function/internal_message.html?_=1599963041356&CODE_STATE=getMsg HTTP/1.1" 200 27
116.232.49.242 - - [13/Sep/2020:10:08:39 +0800] "GET /xingrg/check_reg.html?_=1599962891466 HTTP/1.1" 200 22
172.17.200.101 - - [13/Sep/2020:10:08:40 +0800] "GET /xingrg/all/function/internal_message.html?_=1599962918627&CODE_STATE=getMsg HTTP/1.1" 200 27
116.235.241.164 - - [13/Sep/2020:10:08:40 +0800] "GET /xingrg/all/function/internal_message.html?_=1599962919557&CODE_STATE=getMsg HTTP/1.1" 200 27
116.238.90.59 - - [13/Sep/2020:10:08:43 +0800] "GET /xingrg/all/function/internal_message.html?_=1599963127700&CODE_STATE=getMsg HTTP/1.1" 200 27
61.129.6.225 - - [13/Sep/2020:10:08:43 +0800] "GET /xingrg/kc/buy/cgsh_order_operate.html?command=get_materiel&rest_code=00141&code=00101008355&supplier_code=00100007&order_time=2020-09-13 HTTP/1.1" 302 -
101.89.29.92 - - [13/Sep/2020:10:08:44 +0800] "GET /xingrg/kc/buy/cgsh_order_operate.html?command=get_materiel&rest_code=00141&code=00101008213&supplier_code=00100007&order_time=2020-09-13 HTTP/1.1" 302 -
116.238.90.59 - - [13/Sep/2020:10:08:47 +0800] "GET /xingrg/kc/buy/cgsh_order_operate.html?command=get_materiel&rest_code=00102&code=00101015040&supplier_code=00100054&order_time=2020-09-13 HTTP/1.1" 200 408
101.89.29.78 - - [13/Sep/2020:10:08:49 +0800] "GET /xingrg/kc/buy/cgsh_order_operate.html?command=get_materiel&rest_code=00141&code=00101008264&supplier_code=00100007&order_time=2020-09-13 HTTP/1.1" 302 -
116.238.90.59 - - [13/Sep/2020:10:08:49 +0800] "GET /xingrg/login.html HTTP/1.1" 200 7641
116.238.90.59 - - [13/Sep/2020:10:08:50 +0800] "GET /favicon.ico HTTP/1.1" 404 -
172.17.0.105 - - [13/Sep/2020:10:08:52 +0800] "GET /xingrg/all/function/internal_message.html?_=1599962929056&CODE_STATE=getMsg HTTP/1.1" 200 27
101.89.29.92 - - [13/Sep/2020:10:08:52 +0800] "GET /xingrg/login.html HTTP/1.1" 200 7641
61.129.6.225 - - [13/Sep/2020:10:08:52 +0800] "GET /xingrg/login.html HTTP/1.1" 200 7641
117.184.7.26 - - [13/Sep/2020:10:08:57 +0800] "GET /xingrg/all/function/internal_message.html?_=1599963788534&CODE_STATE=getMsg HTTP/1.1" 200 27
117.184.7.26 - - [13/Sep/2020:10:08:57 +0800] "GET /xingrg/check_reg.html?_=1599963788536 HTTP/1.1" 200 22
101.89.29.78 - - [13/Sep/2020:10:08:57 +0800] "GET /xingrg/login.html HTTP/1.1" 200 7641
172.17.0.120 - - [13/Sep/2020:10:08:57 +0800] "GET /xingrg/all/function/internal_message.html?_=1599962934350&CODE_STATE=getMsg HTTP/1.1" 200 27
120.253.135.82 - - [13/Sep/2020:10:08:57 +0800] "GET /xingrg/check_reg.html?_=1599963049613 HTTP/1.1" 302 -
172.17.0.123 - - [13/Sep/2020:10:08:58 +0800] "GET /xingrg/all/function/internal_message.html?_=1599962939507&CODE_STATE=getMsg HTTP/1.1" 302 -
116.235.241.164 - - [13/Sep/2020:10:09:00 +0800] "GET /xingrg/all/function/internal_message.html?_=1599962938776&CODE_STATE=getMsg HTTP/1.1" 200 27
116.238.90.59 - - [13/Sep/2020:10:09:01 +0800] "POST /xingrg/kc/buy/cgsh_order_operate.html HTTP/1.1" 200 37
116.238.71.173 - - [13/Sep/2020:10:09:04 +0800] "GET /xingrg/all/function/internal_message.html?_=1599962941645&CODE_STATE=getMsg HTTP/1.1" 200 27
116.238.90.59 - - [13/Sep/2020:10:09:04 +0800] "POST /xingrg/kc/buy/cgsh_order_operate.html HTTP/1.1" 200 12
117.184.7.30 - - [13/Sep/2020:10:09:04 +0800] "GET /xingrg/check_reg.html?_=1599962941642 HTTP/1.1" 200 22
117.184.7.30 - - [13/Sep/2020:10:09:04 +0800] "GET /xingrg/all/function/internal_message.html?_=1599962941780&CODE_STATE=getMsg HTTP/1.1" 200 27
116.238.90.59 - - [13/Sep/2020:10:09:05 +0800] "GET /xingrg/kc/buy/cgsh_order_info.html?code=212020091305433 HTTP/1.1" 200 54479
116.238.90.59 - - [13/Sep/2020:10:09:06 +0800] "GET /xingrg/javascript/easyui/themes/default/validatebox.css HTTP/1.1" 404 1104
116.238.90.59 - - [13/Sep/2020:10:09:07 +0800] "POST /xingrg/kc/buy/cgsh_order_operate.html HTTP/1.1" 200 4715
114.82.29.189 - - [13/Sep/2020:10:09:08 +0800] "GET /xingrg/all/function/internal_message.html?_=1599962945553&CODE_STATE=getMsg HTTP/1.1" 200 27
116.238.90.59 - - [13/Sep/2020:10:09:09 +0800] "GET /xingrg/kc/print/load_data.html?order_code=212020091305433&kc_code=cgsh&condition= HTTP/1.1" 200 2216
114.88.166.242 - - [13/Sep/2020:10:09:14 +0800] "GET /xingrg/all/function/internal_message.html?_=1599963016310&CODE_STATE=getMsg HTTP/1.1" 200 27
222.69.137.87 - - [13/Sep/2020:10:09:15 +0800] "GET /xingrg/all/function/internal_message.html?_=1599962952813&CODE_STATE=getMsg HTTP/1.1" 200 27
120.253.135.82 - - [13/Sep/2020:10:09:16 +0800] "GET /xingrg/all/function/internal_message.html?_=1599962702938&CODE_STATE=getMsg HTTP/1.1" 200 27
116.232.54.42 - - [13/Sep/2020:10:09:21 +0800] "GET /xingrg/all/function/internal_message.html?_=1599963002078&CODE_STATE=getMsg HTTP/1.1" 200 27
116.238.90.59 - - [13/Sep/2020:10:09:22 +0800] "GET /xingrg/kc/buy/cgsh_order_add.html HTTP/1.1" 200 59580
116.238.90.59 - - [13/Sep/2020:10:09:24 +0800] "POST /xingrg/kc/buy/cgsh_order_operate.html HTTP/1.1" 200 8245
116.238.90.59 - - [13/Sep/2020:10:09:24 +0800] "GET /xingrg/javascript/easyui/themes/default/validatebox.css HTTP/1.1" 404 1104
222.69.160.252 - - [13/Sep/2020:10:09:27 +0800] "GET /xingrg HTTP/1.1" 302 -
222.69.160.252 - - [13/Sep/2020:10:09:27 +0800] "GET /xingrg/ HTTP/1.1" 200 292
222.69.160.252 - - [13/Sep/2020:10:09:27 +0800] "GET /xingrg/index.html HTTP/1.1" 302 -
222.69.160.252 - - [13/Sep/2020:10:09:27 +0800] "GET /xingrg/login.html HTTP/1.1" 200 7641
222.69.160.252 - - [13/Sep/2020:10:09:27 +0800] "GET /favicon.ico HTTP/1.1" 404 -
222.69.160.252 - - [13/Sep/2020:10:09:27 +0800] "GET /xingrg/images/blue/jxLogo.png HTTP/1.1" 200 6156
222.69.160.252 - - [13/Sep/2020:10:09:28 +0800] "GET /xingrg/images/blue/hj.png HTTP/1.1" 200 1014
222.69.160.252 - - [13/Sep/2020:10:09:28 +0800] "GET /xingrg/images/blue/srbg.png HTTP/1.1" 200 138
222.69.160.252 - - [13/Sep/2020:10:09:28 +0800] "GET /xingrg/images/blue/login_bg.png HTTP/1.1" 200 22101
222.69.160.252 - - [13/Sep/2020:10:09:28 +0800] "GET /favicon.ico HTTP/1.1" 404 -
218.81.217.115 - - [13/Sep/2020:10:09:33 +0800] "GET /xingrg/all/function/internal_message.html?_=1599962971952&CODE_STATE=getMsg HTTP/1.1" 200 27
61.151.207.205 - - [13/Sep/2020:10:09:33 +0800] "GET /xingrg/kc/buy/cgsh_order_operate.html?command=get_materiel&rest_code=00141&code=00101008298&supplier_code=00100007&order_time=2020-09-13 HTTP/1.1" 302 -
116.238.71.173 - - [13/Sep/2020:10:09:38 +0800] "GET /xingrg/all/function/internal_message.html?_=1599963101407&CODE_STATE=getMsg HTTP/1.1" 200 27
172.17.200.101 - - [13/Sep/2020:10:09:40 +0800] "GET /xingrg/all/function/internal_message.html?_=1599962978628&CODE_STATE=getMsg HTTP/1.1" 200 27
116.235.241.164 - - [13/Sep/2020:10:09:40 +0800] "GET /xingrg/all/function/internal_message.html?_=1599962979557&CODE_STATE=getMsg HTTP/1.1" 200 27
61.151.207.205 - - [13/Sep/2020:10:09:41 +0800] "GET /xingrg/login.html HTTP/1.1" 200 7641
116.238.90.59 - - [13/Sep/2020:10:09:43 +0800] "GET /xingrg/all/function/internal_message.html?_=1599963188068&CODE_STATE=getMsg HTTP/1.1" 200 27
58.40.7.146 - - [13/Sep/2020:10:09:51 +0800] "GET /xingrg/check_reg.html?_=1599962989089 HTTP/1.1" 200 22
172.17.0.105 - - [13/Sep/2020:10:09:52 +0800] "GET /xingrg/all/function/internal_message.html?_=1599962989056&CODE_STATE=getMsg HTTP/1.1" 200 27
116.232.49.242 - - [13/Sep/2020:10:09:55 +0800] "POST /xingrg/services/DataTransmitService HTTP/1.1" 200 524
117.184.7.26 - - [13/Sep/2020:10:09:57 +0800] "GET /xingrg/all/function/internal_message.html?_=1599963848535&CODE_STATE=getMsg HTTP/1.1" 200 27
172.17.0.120 - - [13/Sep/2020:10:09:57 +0800] "GET /xingrg/all/function/internal_message.html?_=1599962994336&CODE_STATE=getMsg HTTP/1.1" 200 27
172.17.0.123 - - [13/Sep/2020:10:09:58 +0800] "GET /xingrg/all/function/internal_message.html?_=1599962999509&CODE_STATE=getMsg HTTP/1.1" 302 -
116.235.241.164 - - [13/Sep/2020:10:10:00 +0800] "GET /xingrg/all/function/internal_message.html?_=1599962998789&CODE_STATE=getMsg HTTP/1.1" 200 27
218.81.217.115 - - [13/Sep/2020:10:10:03 +0800] "GET /xingrg/check_reg.html?_=1599963001935 HTTP/1.1" 200 22
116.238.71.173 - - [13/Sep/2020:10:10:04 +0800] "GET /xingrg/all/function/internal_message.html?_=1599963001694&CODE_STATE=getMsg HTTP/1.1" 200 27
117.184.7.30 - - [13/Sep/2020:10:10:04 +0800] "GET /xingrg/all/function/internal_message.html?_=1599963001750&CODE_STATE=getMsg HTTP/1.1" 200 27
114.82.29.189 - - [13/Sep/2020:10:10:08 +0800] "GET /xingrg/check_reg.html?_=1599963005554 HTTP/1.1" 200 22
114.82.29.189 - - [13/Sep/2020:10:10:08 +0800] "GET /xingrg/all/function/internal_message.html?_=1599963005555&CODE_STATE=getMsg HTTP/1.1" 200 27
116.238.71.173 - - [13/Sep/2020:10:10:11 +0800] "POST /xingrg/all/user/operate.html HTTP/1.1" 200 36
116.238.71.173 - - [13/Sep/2020:10:10:12 +0800] "GET /xingrg/index.html?sysBaseUrl=http%3A%2F%2F180.169.147.146%3A18081%2Fxingrg%2F&costTime=40×tamp=1599961122884 HTTP/1.1" 200 17179
116.238.71.173 - - [13/Sep/2020:10:10:12 +0800] "GET /xingrg/javascript/jquery_easy_ui/themes/default/easyui.css HTTP/1.1" 304 -
116.238.71.173 - - [13/Sep/2020:10:10:12 +0800] "GET /xingrg/javascript/jquery_easy_ui/themes/icon.css HTTP/1.1" 304 -
116.238.71.173 - - [13/Sep/2020:10:10:12 +0800] "GET /xingrg/css/form.css HTTP/1.1" 304 -
116.238.71.173 - - [13/Sep/2020:10:10:12 +0800] "GET /xingrg/javascript/jquery-1.4.2.min.js HTTP/1.1" 304 -
116.238.71.173 - - [13/Sep/2020:10:10:12 +0800] "GET /xingrg/javascript/jquery_easy_ui/jquery.easyui.min.js HTTP/1.1" 304 -
116.238.71.173 - - [13/Sep/2020:10:10:12 +0800] "GET /xingrg/javascript/jquery_easy_ui/easyui-lang-zh_CN.js HTTP/1.1" 304 -
116.238.71.173 - - [13/Sep/2020:10:10:12 +0800] "GET /xingrg/javascript/jquery.form.js HTTP/1.1" 304 -
116.238.71.173 - - [13/Sep/2020:10:10:12 +0800] "GET /xingrg/javascript/jquery.utils.js HTTP/1.1" 304 -
116.238.71.173 - - [13/Sep/2020:10:10:12 +0800] "GET /xingrg/javascript/jquery.timers.js HTTP/1.1" 304 -
116.238.71.173 - - [13/Sep/2020:10:10:12 +0800] "GET /xingrg/images/blue/jxLogo.png HTTP/1.1" 304 -
116.238.71.173 - - [13/Sep/2020:10:10:12 +0800] "GET /xingrg/images/blue/navBackgound.jpg HTTP/1.1" 304 -
116.238.71.173 - - [13/Sep/2020:10:10:12 +0800] "GET /xingrg/javascript/jquery_easy_ui/themes/icons/settle_new.png HTTP/1.1" 304 -
116.238.71.173 - - [13/Sep/2020:10:10:12 +0800] "POST /xingrg/all/common/load_tree.html?tree=area_rest_tree_json&manage=1 HTTP/1.1" 200 476
116.238.71.173 - - [13/Sep/2020:10:10:12 +0800] "GET /xingrg/images/blue/pingpu.png HTTP/1.1" 304 -
116.238.71.173 - - [13/Sep/2020:10:10:12 +0800] "GET /xingrg/javascript/jquery_easy_ui/themes/default/images/tabs_leftarrow.png HTTP/1.1" 304 -
116.238.71.173 - - [13/Sep/2020:10:10:12 +0800] "GET /xingrg/javascript/jquery_easy_ui/themes/default/images/tabs_rightarrow.png HTTP/1.1" 304 -
116.238.71.173 - - [13/Sep/2020:10:10:12 +0800] "GET /xingrg/javascript/jquery_easy_ui/themes/default/images/panel_tool_collapse.gif HTTP/1.1" 304 -
116.238.71.173 - - [13/Sep/2020:10:10:12 +0800] "GET /xingrg/all/function/internal_message.html?_=1599963135720&CODE_STATE=count HTTP/1.1" 200 11
116.238.71.173 - - [13/Sep/2020:10:10:12 +0800] "GET /xingrg/check_reg.html?_=1599963135721 HTTP/1.1" 200 22
116.238.71.173 - - [13/Sep/2020:10:10:12 +0800] "POST /xingrg/load_menu.html HTTP/1.1" 200 5138
114.88.166.242 - - [13/Sep/2020:10:10:14 +0800] "GET /xingrg/check_reg.html?_=1599963076309 HTTP/1.1" 200 22
114.88.166.242 - - [13/Sep/2020:10:10:14 +0800] "GET /xingrg/all/function/internal_message.html?_=1599963076312&CODE_STATE=getMsg HTTP/1.1" 200 27
222.69.137.87 - - [13/Sep/2020:10:10:15 +0800] "GET /xingrg/all/function/internal_message.html?_=1599963012812&CODE_STATE=getMsg HTTP/1.1" 200 27
116.238.71.173 - - [13/Sep/2020:10:10:16 +0800] "GET /xingrg/kc/base/wldb_order_list.html HTTP/1.1" 200 19302
120.253.135.82 - - [13/Sep/2020:10:10:16 +0800] "GET /xingrg/all/function/internal_message.html?_=1599962762942&CODE_STATE=getMsg HTTP/1.1" 200 27
116.238.71.173 - - [13/Sep/2020:10:10:16 +0800] "POST /xingrg/kc/base/wldb_list_operate.html HTTP/1.1" 200 928
116.238.71.173 - - [13/Sep/2020:10:10:19 +0800] "GET /xingrg/kc/base/wldb_order_add.html HTTP/1.1" 200 30422
116.238.71.173 - - [13/Sep/2020:10:10:19 +0800] "POST /xingrg/kc/base/wldb_order_operate.html HTTP/1.1" 200 6806
116.238.71.173 - - [13/Sep/2020:10:10:19 +0800] "GET /xingrg/all/common/auto_word.html?type=base&rest_code=00150 HTTP/1.1" 200 1653
116.238.71.173 - - [13/Sep/2020:10:10:19 +0800] "GET /xingrg/all/common/auto_word.html?type=base&rest_code=00150 HTTP/1.1" 200 1653
116.238.71.173 - - [13/Sep/2020:10:10:19 +0800] "GET /xingrg/javascript/easyui/themes/default/validatebox.css HTTP/1.1" 404 1104
116.232.54.42 - - [13/Sep/2020:10:10:20 +0800] "GET /xingrg/all/function/internal_message.html?_=1599963062078&CODE_STATE=getMsg HTTP/1.1" 200 27
116.238.71.173 - - [13/Sep/2020:10:10:21 +0800] "POST /xingrg/all/common/load_combo.html?type=base HTTP/1.1" 200 2966
116.238.71.173 - - [13/Sep/2020:10:10:23 +0800] "GET /xingrg/javascript/auto/indicator.gif HTTP/1.1" 404 1066
218.81.217.115 - - [13/Sep/2020:10:10:33 +0800] "GET /xingrg/all/function/internal_message.html?_=1599963031960&CODE_STATE=getMsg HTTP/1.1" 200 27
116.238.71.173 - - [13/Sep/2020:10:10:34 +0800] "GET /xingrg/kc/base/wldb_order_operate.html?command=get_materiel&rest_code=00150&base_code=0010446&code=00102002572 HTTP/1.1" 200 435
101.91.60.11 - - [13/Sep/2020:10:10:35 +0800] "GET /xingrg/kc/print/report_design.html?orderType=cgsh HTTP/1.1" 302 -
172.17.200.101 - - [13/Sep/2020:10:10:40 +0800] "GET /xingrg/all/function/internal_message.html?_=1599963038632&CODE_STATE=getMsg HTTP/1.1" 200 27
116.235.241.164 - - [13/Sep/2020:10:10:40 +0800] "GET /xingrg/all/function/internal_message.html?_=1599963039564&CODE_STATE=getMsg HTTP/1.1" 200 27
101.91.60.11 - - [13/Sep/2020:10:10:43 +0800] "GET /xingrg/login.html HTTP/1.1" 200 7641
116.238.90.59 - - [13/Sep/2020:10:10:43 +0800] "GET /xingrg/all/function/internal_message.html?_=1599963248071&CODE_STATE=getMsg HTTP/1.1" 200 27
61.151.178.180 - - [13/Sep/2020:10:10:51 +0800] "GET /xingrg/kc/print/load_data.html?order_code=212020091305417&kc_code=cgsh&condition= HTTP/1.1" 302 -
172.17.0.105 - - [13/Sep/2020:10:10:52 +0800] "GET /xingrg/all/function/internal_message.html?_=1599963049054&CODE_STATE=getMsg HTTP/1.1" 200 27
61.151.178.180 - - [13/Sep/2020:10:10:54 +0800] "GET /xingrg/login.html HTTP/1.1" 200 7641
114.88.166.242 - - [13/Sep/2020:10:10:54 +0800] "GET /xingrg/kc/buy/cgsh_order_add.html HTTP/1.1" 200 59668
114.88.166.242 - - [13/Sep/2020:10:10:55 +0800] "GET /xingrg/javascript/easyui/themes/default/validatebox.css HTTP/1.1" 404 1104
114.88.166.242 - - [13/Sep/2020:10:10:55 +0800] "POST /xingrg/kc/buy/cgsh_order_operate.html HTTP/1.1" 200 8245
117.184.7.26 - - [13/Sep/2020:10:10:57 +0800] "GET /xingrg/all/function/internal_message.html?_=1599963908537&CODE_STATE=getMsg HTTP/1.1" 200 27
172.17.0.120 - - [13/Sep/2020:10:10:57 +0800] "GET /xingrg/all/function/internal_message.html?_=1599963054340&CODE_STATE=getMsg HTTP/1.1" 200 27
172.17.0.123 - - [13/Sep/2020:10:10:58 +0800] "GET /xingrg/all/function/internal_message.html?_=1599963059509&CODE_STATE=getMsg HTTP/1.1" 302 -
116.238.71.173 - - [13/Sep/2020:10:10:58 +0800] "GET /xingrg/kc/base/wldb_order_operate.html?command=get_materiel&rest_code=00150&base_code=0010446&code=00102002551 HTTP/1.1" 200 439
58.37.9.106 - - [13/Sep/2020:10:10:59 +0800] "GET /xingrg/login.html HTTP/1.1" 200 7641
58.37.9.106 - - [13/Sep/2020:10:10:59 +0800] "GET /favicon.ico HTTP/1.1" 404 -
116.235.241.164 - - [13/Sep/2020:10:11:00 +0800] "GET /xingrg/all/function/internal_message.html?_=1599963058788&CODE_STATE=getMsg HTTP/1.1" 200 27
114.88.166.242 - - [13/Sep/2020:10:11:00 +0800] "GET /xingrg/kc/buy/cgsh_order_operate.html?command=get_materiel&rest_code=00111&code=00101001145&supplier_code=00100314&order_time=2020-09-13 HTTP/1.1" 200 415
120.253.135.82 - - [13/Sep/2020:10:11:00 +0800] "GET /xingrg/check_reg.html?_=1599963172192 HTTP/1.1" 302 -
58.37.9.106 - - [13/Sep/2020:10:11:00 +0800] "POST /xingrg/login.do HTTP/1.1" 302 -
58.37.9.106 - - [13/Sep/2020:10:11:00 +0800] "GET /xingrg/index.html?sysBaseUrl=http%3A%2F%2F180.169.147.146%3A18081%2Fxingrg%2F&costTime=39×tamp=1599963060422 HTTP/1.1" 200 17179
58.37.9.106 - - [13/Sep/2020:10:11:00 +0800] "GET /favicon.ico HTTP/1.1" 404 -
58.37.9.106 - - [13/Sep/2020:10:11:00 +0800] "POST /xingrg/all/common/load_tree.html?tree=area_rest_tree_json&manage=1 HTTP/1.1" 200 351
58.37.9.106 - - [13/Sep/2020:10:11:00 +0800] "GET /xingrg/all/function/internal_message.html?_=1599962684033&CODE_STATE=count HTTP/1.1" 200 11
58.37.9.106 - - [13/Sep/2020:10:11:00 +0800] "GET /xingrg/check_reg.html?_=1599962684034 HTTP/1.1" 200 22
58.37.9.106 - - [13/Sep/2020:10:11:00 +0800] "POST /xingrg/load_menu.html HTTP/1.1" 200 5138
58.37.9.106 - - [13/Sep/2020:10:11:02 +0800] "GET /xingrg/kc/buy/buy_main.html HTTP/1.1" 200 12412
58.37.9.106 - - [13/Sep/2020:10:11:02 +0800] "GET /xingrg/css/new_ie.css HTTP/1.1" 404 1036
58.37.9.106 - - [13/Sep/2020:10:11:03 +0800] "GET /xingrg/images/yd/bt.gif HTTP/1.1" 404 1040
58.37.9.106 - - [13/Sep/2020:10:11:03 +0800] "GET /xingrg/kc/buy/cgsh_order_list.html HTTP/1.1" 200 43936
116.238.71.173 - - [13/Sep/2020:10:11:04 +0800] "GET /xingrg/all/function/internal_message.html?_=1599963061744&CODE_STATE=getMsg HTTP/1.1" 200 27
117.184.7.26 - - [13/Sep/2020:10:11:04 +0800] "GET /xingrg/all/function/internal_message.html?_=1599963061741&CODE_STATE=getMsg HTTP/1.1" 200 27
58.37.9.106 - - [13/Sep/2020:10:11:04 +0800] "POST /xingrg/kc/buy/cgsh_list_operate.html HTTP/1.1" 200 1688
58.37.9.106 - - [13/Sep/2020:10:11:06 +0800] "POST /xingrg/kc/buy/cgsh_list_operate.html HTTP/1.1" 200 202
58.37.9.106 - - [13/Sep/2020:10:11:06 +0800] "GET /xingrg/kc/buy/cgsh_order_info.html?code=212020091204991 HTTP/1.1" 200 59683
58.37.9.106 - - [13/Sep/2020:10:11:06 +0800] "GET /xingrg/words/20200912153113_words.js HTTP/1.1" 304 -
58.37.9.106 - - [13/Sep/2020:10:11:07 +0800] "GET /xingrg/all/common/auto_word.html?type=employee&rest_code=00141 HTTP/1.1" 200 201
58.37.9.106 - - [13/Sep/2020:10:11:07 +0800] "GET /xingrg/javascript/easyui/themes/default/validatebox.css HTTP/1.1" 404 1104
58.37.9.106 - - [13/Sep/2020:10:11:07 +0800] "GET /xingrg/all/common/auto_word.html?type=employee&rest_code=00141 HTTP/1.1" 200 201
114.88.166.242 - - [13/Sep/2020:10:11:07 +0800] "POST /xingrg/kc/buy/cgsh_order_operate.html HTTP/1.1" 200 37
58.37.9.106 - - [13/Sep/2020:10:11:07 +0800] "POST /xingrg/kc/buy/cgsh_order_operate.html HTTP/1.1" 200 2661
114.88.166.242 - - [13/Sep/2020:10:11:08 +0800] "POST /xingrg/kc/buy/cgsh_order_operate.html HTTP/1.1" 200 2662
114.82.29.189 - - [13/Sep/2020:10:11:08 +0800] "GET /xingrg/all/function/internal_message.html?_=1599963065553&CODE_STATE=getMsg HTTP/1.1" 200 27
114.88.166.242 - - [13/Sep/2020:10:11:08 +0800] "GET /xingrg/kc/print/load_data.html?order_code=212020091305434&kc_code=cgsh&condition= HTTP/1.1" 200 673
58.37.9.106 - - [13/Sep/2020:10:11:10 +0800] "GET /xingrg/javascript/auto/indicator.gif HTTP/1.1" 404 1066
116.238.71.173 - - [13/Sep/2020:10:11:12 +0800] "GET /xingrg/all/function/internal_message.html?_=1599963195723&CODE_STATE=getMsg HTTP/1.1" 200 27
58.37.9.106 - - [13/Sep/2020:10:11:13 +0800] "GET /xingrg/javascript/jquery_tools/images/prev.gif HTTP/1.1" 404 1086
58.37.9.106 - - [13/Sep/2020:10:11:13 +0800] "GET /xingrg/javascript/jquery_tools/images/next.gif HTTP/1.1" 404 1086
114.88.166.242 - - [13/Sep/2020:10:11:13 +0800] "GET /xingrg/kc/buy/cgsh_order_add.html HTTP/1.1" 200 59668
114.88.166.242 - - [13/Sep/2020:10:11:13 +0800] "GET /xingrg/javascript/easyui/themes/default/validatebox.css HTTP/1.1" 404 1104
114.88.166.242 - - [13/Sep/2020:10:11:13 +0800] "POST /xingrg/kc/buy/cgsh_order_operate.html HTTP/1.1" 200 8245
116.238.71.173 - - [13/Sep/2020:10:11:13 +0800] "GET /xingrg/kc/base/wldb_order_operate.html?command=get_materiel&rest_code=00150&base_code=0010446&code=00102002006 HTTP/1.1" 200 469
114.88.166.242 - - [13/Sep/2020:10:11:14 +0800] "GET /xingrg/all/function/internal_message.html?_=1599963136307&CODE_STATE=getMsg HTTP/1.1" 200 27
222.69.137.87 - - [13/Sep/2020:10:11:15 +0800] "GET /xingrg/all/function/internal_message.html?_=1599963072813&CODE_STATE=getMsg HTTP/1.1" 200 27
120.253.135.82 - - [13/Sep/2020:10:11:16 +0800] "GET /xingrg/check_reg.html?_=1599962822647 HTTP/1.1" 200 22
120.253.135.82 - - [13/Sep/2020:10:11:16 +0800] "GET /xingrg/all/function/internal_message.html?_=1599962822956&CODE_STATE=getMsg HTTP/1.1" 200 27
58.37.9.106 - - [13/Sep/2020:10:11:17 +0800] "POST /xingrg/kc/buy/cgsh_order_operate.html HTTP/1.1" 200 37
116.232.54.42 - - [13/Sep/2020:10:11:18 +0800] "GET /xingrg/all/function/internal_message.html?_=1599963122078&CODE_STATE=getMsg HTTP/1.1" 200 27
58.37.9.106 - - [13/Sep/2020:10:11:19 +0800] "POST /xingrg/kc/buy/cgsh_order_operate.html HTTP/1.1" 200 12
116.238.71.173 - - [13/Sep/2020:10:11:19 +0800] "GET /xingrg/kc/base/wldb_order_operate.html?command=get_materiel&rest_code=00150&base_code=0010446&code=00102002321 HTTP/1.1" 200 447
58.37.9.106 - - [13/Sep/2020:10:11:20 +0800] "GET /xingrg/kc/buy/cgsh_order_info.html?code=212020091204991 HTTP/1.1" 200 54577
58.37.9.106 - - [13/Sep/2020:10:11:20 +0800] "GET /xingrg/javascript/easyui/themes/default/validatebox.css HTTP/1.1" 404 1104
58.37.9.106 - - [13/Sep/2020:10:11:21 +0800] "POST /xingrg/kc/buy/cgsh_order_operate.html HTTP/1.1" 200 611
116.230.74.197 - - [13/Sep/2020:10:11:22 +0800] "GET /xingrg/check_reg.html?_=1599963080723 HTTP/1.1" 200 22
114.88.166.242 - - [13/Sep/2020:10:11:25 +0800] "GET /xingrg/kc/buy/cgsh_order_operate.html?command=get_materiel&rest_code=00111&code=00101006164&supplier_code=00100326&order_time=2020-09-13 HTTP/1.1" 200 415
116.238.71.173 - - [13/Sep/2020:10:11:29 +0800] "POST /xingrg/kc/base/wldb_order_operate.html HTTP/1.1" 200 37
116.238.71.173 - - [13/Sep/2020:10:11:31 +0800] "POST /xingrg/kc/base/wldb_order_operate.html HTTP/1.1" 200 12
116.238.71.173 - - [13/Sep/2020:10:11:31 +0800] "POST /xingrg/kc/base/wldb_order_operate.html HTTP/1.1" 200 3171
114.88.166.242 - - [13/Sep/2020:10:11:31 +0800] "POST /xingrg/kc/buy/cgsh_order_operate.html HTTP/1.1" 200 37
116.238.71.173 - - [13/Sep/2020:10:11:32 +0800] "GET /xingrg/kc/base/wldb_order_info.html?code=422020091301445 HTTP/1.1" 200 26301
114.88.166.242 - - [13/Sep/2020:10:11:32 +0800] "POST /xingrg/kc/buy/cgsh_order_operate.html HTTP/1.1" 200 2658
116.238.71.173 - - [13/Sep/2020:10:11:32 +0800] "POST /xingrg/kc/base/wldb_order_operate.html HTTP/1.1" 200 1445
116.238.71.173 - - [13/Sep/2020:10:11:32 +0800] "GET /xingrg/javascript/easyui/themes/default/validatebox.css HTTP/1.1" 404 1104
218.81.217.115 - - [13/Sep/2020:10:11:33 +0800] "GET /xingrg/all/function/internal_message.html?_=1599963091974&CODE_STATE=getMsg HTTP/1.1" 200 27
114.88.166.242 - - [13/Sep/2020:10:11:33 +0800] "GET /xingrg/kc/print/load_data.html?order_code=212020091305435&kc_code=cgsh&condition= HTTP/1.1" 200 670
114.88.166.242 - - [13/Sep/2020:10:11:39 +0800] "GET /xingrg/kc/buy/cgsh_order_add.html HTTP/1.1" 200 59668
114.88.166.242 - - [13/Sep/2020:10:11:40 +0800] "GET /xingrg/javascript/easyui/themes/default/validatebox.css HTTP/1.1" 404 1104
114.88.166.242 - - [13/Sep/2020:10:11:40 +0800] "POST /xingrg/kc/buy/cgsh_order_operate.html HTTP/1.1" 200 8245
116.238.71.173 - - [13/Sep/2020:10:11:40 +0800] "GET /xingrg/kc/base/wldb_order_add.html HTTP/1.1" 200 30422
116.238.71.173 - - [13/Sep/2020:10:11:40 +0800] "POST /xingrg/kc/base/wldb_order_operate.html HTTP/1.1" 200 6806
172.17.200.101 - - [13/Sep/2020:10:11:40 +0800] "GET /xingrg/all/function/internal_message.html?_=1599963098634&CODE_STATE=getMsg HTTP/1.1" 200 27
116.235.241.164 - - [13/Sep/2020:10:11:40 +0800] "GET /xingrg/all/function/internal_message.html?_=1599963099563&CODE_STATE=getMsg HTTP/1.1" 200 27
116.235.241.164 - - [13/Sep/2020:10:11:40 +0800] "GET /xingrg/check_reg.html?_=1599963099565 HTTP/1.1" 200 22
116.238.71.173 - - [13/Sep/2020:10:11:40 +0800] "GET /xingrg/javascript/easyui/themes/default/validatebox.css HTTP/1.1" 404 1104
116.238.90.59 - - [13/Sep/2020:10:11:41 +0800] "GET /xingrg/check_reg.html?_=1599963306249 HTTP/1.1" 200 22
116.238.71.173 - - [13/Sep/2020:10:11:43 +0800] "POST /xingrg/all/common/load_combo.html?type=base HTTP/1.1" 200 2966
116.238.90.59 - - [13/Sep/2020:10:11:43 +0800] "GET /xingrg/all/function/internal_message.html?_=1599963308083&CODE_STATE=getMsg HTTP/1.1" 200 27
114.88.166.242 - - [13/Sep/2020:10:11:50 +0800] "GET /xingrg/kc/buy/cgsh_order_operate.html?command=get_materiel&rest_code=00111&code=00101005020&supplier_code=00100340&order_time=2020-09-13 HTTP/1.1" 200 413
172.17.0.105 - - [13/Sep/2020:10:11:52 +0800] "GET /xingrg/all/function/internal_message.html?_=1599963109053&CODE_STATE=getMsg HTTP/1.1" 200 27
172.17.0.105 - - [13/Sep/2020:10:11:52 +0800] "GET /xingrg/check_reg.html?_=1599963109054 HTTP/1.1" 200 22
116.238.71.173 - - [13/Sep/2020:10:11:54 +0800] "GET /xingrg/kc/base/wldb_order_operate.html?command=get_materiel&rest_code=00150&base_code=0010445&code=00101013148 HTTP/1.1" 200 427
117.184.7.26 - - [13/Sep/2020:10:11:57 +0800] "GET /xingrg/all/function/internal_message.html?_=1599963968536&CODE_STATE=getMsg HTTP/1.1" 200 27
172.17.0.120 - - [13/Sep/2020:10:11:57 +0800] "GET /xingrg/all/function/internal_message.html?_=1599963114341&CODE_STATE=getMsg HTTP/1.1" 200 27
172.17.0.123 - - [13/Sep/2020:10:11:58 +0800] "GET /xingrg/all/function/internal_message.html?_=1599963119513&CODE_STATE=getMsg HTTP/1.1" 302 -
172.17.0.123 - - [13/Sep/2020:10:11:58 +0800] "GET /xingrg/check_reg.html?_=1599963119515 HTTP/1.1" 302 -
114.88.166.242 - - [13/Sep/2020:10:11:59 +0800] "POST /xingrg/kc/buy/cgsh_order_operate.html HTTP/1.1" 200 37
114.88.166.242 - - [13/Sep/2020:10:11:59 +0800] "POST /xingrg/kc/buy/cgsh_order_operate.html HTTP/1.1" 200 2657
116.235.241.164 - - [13/Sep/2020:10:12:00 +0800] "GET /xingrg/all/function/internal_message.html?_=1599963118788&CODE_STATE=getMsg HTTP/1.1" 200 27
116.235.241.164 - - [13/Sep/2020:10:12:00 +0800] "GET /xingrg/check_reg.html?_=1599963118793 HTTP/1.1" 200 22
114.88.166.242 - - [13/Sep/2020:10:12:00 +0800] "GET /xingrg/kc/print/load_data.html?order_code=212020091305436&kc_code=cgsh&condition= HTTP/1.1" 200 673
58.37.9.106 - - [13/Sep/2020:10:12:00 +0800] "GET /xingrg/all/function/internal_message.html?_=1599962744042&CODE_STATE=getMsg HTTP/1.1" 200 27
116.238.71.173 - - [13/Sep/2020:10:12:01 +0800] "GET /xingrg/kc/base/wldb_order_operate.html?command=get_materiel&rest_code=00150&base_code=0010445&code=00101013111 HTTP/1.1" 200 431
116.238.71.173 - - [13/Sep/2020:10:12:04 +0800] "GET /xingrg/all/function/internal_message.html?_=1599963121793&CODE_STATE=getMsg HTTP/1.1" 200 27
117.184.7.26 - - [13/Sep/2020:10:12:04 +0800] "GET /xingrg/all/function/internal_message.html?_=1599963121733&CODE_STATE=getMsg HTTP/1.1" 200 27
114.88.166.242 - - [13/Sep/2020:10:12:05 +0800] "GET /xingrg/kc/buy/cgsh_order_add.html HTTP/1.1" 200 59668
114.88.166.242 - - [13/Sep/2020:10:12:05 +0800] "GET /xingrg/javascript/easyui/themes/default/validatebox.css HTTP/1.1" 404 1104
114.88.166.242 - - [13/Sep/2020:10:12:05 +0800] "POST /xingrg/kc/buy/cgsh_order_operate.html HTTP/1.1" 200 8245
114.82.29.189 - - [13/Sep/2020:10:12:08 +0800] "GET /xingrg/all/function/internal_message.html?_=1599963125552&CODE_STATE=getMsg HTTP/1.1" 200 27
116.238.71.173 - - [13/Sep/2020:10:12:08 +0800] "GET /xingrg/kc/base/wldb_order_operate.html?command=get_materiel&rest_code=00150&base_code=0010445&code=00101013188 HTTP/1.1" 200 431
101.91.62.89 - - [13/Sep/2020:10:12:11 +0800] "GET /xingrg/kc/print/design_operate.html?_=1599962266121&command=load_config&code=cgsh HTTP/1.1" 302 -
114.88.166.242 - - [13/Sep/2020:10:12:11 +0800] "GET /xingrg/check_reg.html?_=1599963127863 HTTP/1.1" 200 22
116.238.71.173 - - [13/Sep/2020:10:12:12 +0800] "GET /xingrg/all/function/internal_message.html?_=1599963255736&CODE_STATE=getMsg HTTP/1.1" 200 27
114.88.166.242 - - [13/Sep/2020:10:12:14 +0800] "GET /xingrg/all/function/internal_message.html?_=1599963196322&CODE_STATE=getMsg HTTP/1.1" 200 27
114.88.166.242 - - [13/Sep/2020:10:12:14 +0800] "GET /xingrg/kc/buy/cgsh_order_operate.html?command=get_materiel&rest_code=00111&code=00101001099&supplier_code=00100319&order_time=2020-09-13 HTTP/1.1" 200 411
101.91.62.89 - - [13/Sep/2020:10:12:15 +0800] "GET /xingrg/login.html HTTP/1.1" 200 7641
222.69.137.87 - - [13/Sep/2020:10:12:15 +0800] "GET /xingrg/all/function/internal_message.html?_=1599963132827&CODE_STATE=getMsg HTTP/1.1" 200 27
120.253.135.82 - - [13/Sep/2020:10:12:16 +0800] "GET /xingrg/all/function/internal_message.html?_=1599962882969&CODE_STATE=getMsg HTTP/1.1" 200 27
116.238.71.173 - - [13/Sep/2020:10:12:16 +0800] "GET /xingrg/kc/base/wldb_order_operate.html?command=get_materiel&rest_code=00150&base_code=0010445&code=00101019066 HTTP/1.1" 200 441
116.232.54.42 - - [13/Sep/2020:10:12:18 +0800] "GET /xingrg/all/function/internal_message.html?_=1599963182078&CODE_STATE=getMsg HTTP/1.1" 200 27
58.37.9.106 - - [13/Sep/2020:10:12:19 +0800] "GET /xingrg/check_reg.html?_=1599963126414 HTTP/1.1" 200 22
116.238.71.173 - - [13/Sep/2020:10:12:31 +0800] "GET /xingrg/kc/base/wldb_order_operate.html?command=get_materiel&rest_code=00150&base_code=0010445&code=00101013003 HTTP/1.1" 200 430
114.88.166.242 - - [13/Sep/2020:10:12:33 +0800] "GET /xingrg/kc/buy/cgsh_order_operate.html?command=get_materiel&rest_code=00111&code=00101001125&supplier_code=00100319&order_time=2020-09-13 HTTP/1.1" 200 413
218.81.217.115 - - [13/Sep/2020:10:12:33 +0800] "GET /xingrg/all/function/internal_message.html?_=1599963152383&CODE_STATE=getMsg HTTP/1.1" 200 27
116.238.71.173 - - [13/Sep/2020:10:12:37 +0800] "GET /xingrg/kc/base/wldb_order_operate.html?command=get_materiel&rest_code=00150&base_code=0010445&code=00101016028 HTTP/1.1" 200 432
172.17.200.101 - - [13/Sep/2020:10:12:40 +0800] "GET /xingrg/check_reg.html?_=1599963158634 HTTP/1.1" 200 22
172.17.200.101 - - [13/Sep/2020:10:12:40 +0800] "GET /xingrg/all/function/internal_message.html?_=1599963158637&CODE_STATE=getMsg HTTP/1.1" 200 27
116.235.241.164 - - [13/Sep/2020:10:12:40 +0800] "GET /xingrg/all/function/internal_message.html?_=1599963159565&CODE_STATE=getMsg HTTP/1.1" 200 27
114.88.166.242 - - [13/Sep/2020:10:12:42 +0800] "POST /xingrg/kc/buy/cgsh_order_operate.html HTTP/1.1" 200 37
114.88.166.242 - - [13/Sep/2020:10:12:43 +0800] "POST /xingrg/kc/buy/cgsh_order_operate.html HTTP/1.1" 200 3256
116.238.90.59 - - [13/Sep/2020:10:12:43 +0800] "GET /xingrg/all/function/internal_message.html?_=1599963368096&CODE_STATE=getMsg HTTP/1.1" 200 27
114.88.166.242 - - [13/Sep/2020:10:12:43 +0800] "GET /xingrg/kc/print/load_data.html?order_code=212020091305437&kc_code=cgsh&condition= HTTP/1.1" 200 907
116.238.71.173 - - [13/Sep/2020:10:12:44 +0800] "GET /xingrg/kc/base/wldb_order_operate.html?command=get_materiel&rest_code=00150&base_code=0010445&code=00101019529 HTTP/1.1" 200 476
116.238.71.173 - - [13/Sep/2020:10:12:50 +0800] "GET /xingrg/kc/base/wldb_order_operate.html?command=get_materiel&rest_code=00150&base_code=0010445&code=00101019400 HTTP/1.1" 200 451
172.17.0.105 - - [13/Sep/2020:10:12:52 +0800] "GET /xingrg/all/function/internal_message.html?_=1599963169052&CODE_STATE=getMsg HTTP/1.1" 200 27
114.88.166.242 - - [13/Sep/2020:10:12:52 +0800] "GET /xingrg/kc/buy/cgsh_order_add.html HTTP/1.1" 200 59668
114.88.166.242 - - [13/Sep/2020:10:12:53 +0800] "POST /xingrg/kc/buy/cgsh_order_operate.html HTTP/1.1" 200 8245
114.88.166.242 - - [13/Sep/2020:10:12:53 +0800] "GET /xingrg/javascript/easyui/themes/default/validatebox.css HTTP/1.1" 404 1104
116.238.90.59 - - [13/Sep/2020:10:12:54 +0800] "POST /xingrg/login.do HTTP/1.1" 302 -
116.238.90.59 - - [13/Sep/2020:10:12:54 +0800] "GET /xingrg/index.html?sysBaseUrl=http%3A%2F%2F180.169.147.146%3A18081%2Fxingrg%2F&costTime=40×tamp=1599963174521 HTTP/1.1" 200 17173
116.238.90.59 - - [13/Sep/2020:10:12:54 +0800] "GET /xingrg/javascript/jquery_easy_ui/themes/default/easyui.css HTTP/1.1" 304 -
116.238.90.59 - - [13/Sep/2020:10:12:54 +0800] "GET /xingrg/javascript/jquery-1.4.2.min.js HTTP/1.1" 304 -
116.238.90.59 - - [13/Sep/2020:10:12:54 +0800] "GET /xingrg/javascript/jquery_easy_ui/themes/icon.css HTTP/1.1" 304 -
116.238.90.59 - - [13/Sep/2020:10:12:54 +0800] "GET /xingrg/css/form.css HTTP/1.1" 304 -
116.238.90.59 - - [13/Sep/2020:10:12:54 +0800] "GET /xingrg/javascript/jquery_easy_ui/jquery.easyui.min.js HTTP/1.1" 304 -
116.238.90.59 - - [13/Sep/2020:10:12:54 +0800] "GET /xingrg/javascript/jquery_easy_ui/easyui-lang-zh_CN.js HTTP/1.1" 304 -
116.238.90.59 - - [13/Sep/2020:10:12:54 +0800] "GET /xingrg/javascript/jquery.form.js HTTP/1.1" 304 -
116.238.90.59 - - [13/Sep/2020:10:12:54 +0800] "GET /xingrg/javascript/jquery.timers.js HTTP/1.1" 304 -
116.238.90.59 - - [13/Sep/2020:10:12:54 +0800] "GET /xingrg/javascript/jquery.utils.js HTTP/1.1" 304 -
116.238.90.59 - - [13/Sep/2020:10:12:54 +0800] "GET /favicon.ico HTTP/1.1" 404 -
116.238.90.59 - - [13/Sep/2020:10:12:54 +0800] "POST /xingrg/all/common/load_tree.html?tree=area_rest_tree_json&manage=1 HTTP/1.1" 200 342
116.238.90.59 - - [13/Sep/2020:10:12:55 +0800] "GET /xingrg/all/function/internal_message.html?_=1599963179783&CODE_STATE=count HTTP/1.1" 200 11
116.238.90.59 - - [13/Sep/2020:10:12:55 +0800] "GET /xingrg/check_reg.html?_=1599963179786 HTTP/1.1" 200 22
116.238.90.59 - - [13/Sep/2020:10:12:55 +0800] "POST /xingrg/load_menu.html HTTP/1.1" 200 5138
117.184.7.26 - - [13/Sep/2020:10:12:57 +0800] "GET /xingrg/all/function/internal_message.html?_=1599964028535&CODE_STATE=getMsg HTTP/1.1" 200 27
172.17.0.120 - - [13/Sep/2020:10:12:57 +0800] "GET /xingrg/all/function/internal_message.html?_=1599963174343&CODE_STATE=getMsg HTTP/1.1" 200 27
172.17.0.120 - - [13/Sep/2020:10:12:57 +0800] "GET /xingrg/check_reg.html?_=1599963174344 HTTP/1.1" 200 22
114.88.166.242 - - [13/Sep/2020:10:12:57 +0800] "GET /xingrg/kc/buy/cgsh_order_operate.html?command=get_materiel&rest_code=00111&code=00101004067&supplier_code=00100312&order_time=2020-09-13 HTTP/1.1" 200 413
116.238.90.59 - - [13/Sep/2020:10:12:58 +0800] "GET /xingrg/kc/buy/cgsh_order_list.html HTTP/1.1" 200 43930
116.238.90.59 - - [13/Sep/2020:10:12:58 +0800] "GET /xingrg/css/base.css HTTP/1.1" 304 -
116.238.90.59 - - [13/Sep/2020:10:12:58 +0800] "GET /xingrg/css/site.css HTTP/1.1" 304 -
116.238.90.59 - - [13/Sep/2020:10:12:58 +0800] "GET /xingrg/javascript/jquery_tools/datebox.css HTTP/1.1" 304 -
116.238.90.59 - - [13/Sep/2020:10:12:58 +0800] "GET /xingrg/javascript/easyui/themes/default/easyui.css HTTP/1.1" 304 -
116.238.90.59 - - [13/Sep/2020:10:12:58 +0800] "GET /xingrg/javascript/easyui/themes/icon.css HTTP/1.1" 304 -
116.238.90.59 - - [13/Sep/2020:10:12:58 +0800] "GET /xingrg/javascript/auto/jquery.autocomplete.css HTTP/1.1" 304 -
116.238.90.59 - - [13/Sep/2020:10:12:58 +0800] "GET /xingrg/javascript/jquery_tools/fix.css HTTP/1.1" 304 -
116.238.90.59 - - [13/Sep/2020:10:12:58 +0800] "GET /xingrg/javascript/jquery_tools/table.css HTTP/1.1" 304 -
116.238.90.59 - - [13/Sep/2020:10:12:58 +0800] "GET /xingrg/javascript/jquery_tools/jquery.tools.min.js HTTP/1.1" 304 -
116.238.90.59 - - [13/Sep/2020:10:12:58 +0800] "GET /xingrg/javascript/jquery_tools/jquery.tools.extend.js HTTP/1.1" 304 -
116.238.90.59 - - [13/Sep/2020:10:12:58 +0800] "GET /xingrg/javascript/jquery_tools/jquery.tools.hotkey.js HTTP/1.1" 304 -
116.238.90.59 - - [13/Sep/2020:10:12:58 +0800] "GET /xingrg/javascript/jquery_tools/jquery.tools.table.js HTTP/1.1" 304 -
116.238.90.59 - - [13/Sep/2020:10:12:58 +0800] "GET /xingrg/javascript/jquery_tools/list_manager.js HTTP/1.1" 304 -
172.17.0.123 - - [13/Sep/2020:10:12:58 +0800] "GET /xingrg/all/function/internal_message.html?_=1599963179515&CODE_STATE=getMsg HTTP/1.1" 302 -
116.238.90.59 - - [13/Sep/2020:10:12:58 +0800] "GET /xingrg/javascript/auto/jquery.autocomplete.js HTTP/1.1" 304 -
116.238.90.59 - - [13/Sep/2020:10:12:58 +0800] "GET /xingrg/javascript/easyui/easyloader.js HTTP/1.1" 304 -
116.238.90.59 - - [13/Sep/2020:10:12:58 +0800] "GET /xingrg/javascript/jquery.cookie.js HTTP/1.1" 304 -
116.238.90.59 - - [13/Sep/2020:10:12:58 +0800] "GET /xingrg/javascript/print/LodopFuncs.js HTTP/1.1" 304 -
172.17.0.185 - - [13/Sep/2020:10:12:59 +0800] "GET /xingrg/check_reg.html?_=1599963175885 HTTP/1.1" 200 22
116.238.90.59 - - [13/Sep/2020:10:12:59 +0800] "GET /xingrg/javascript/easyui/plugins/jquery.parser.js HTTP/1.1" 304 -
116.235.241.164 - - [13/Sep/2020:10:13:00 +0800] "GET /xingrg/all/function/internal_message.html?_=1599963178794&CODE_STATE=getMsg HTTP/1.1" 200 27
116.238.90.59 - - [13/Sep/2020:10:13:00 +0800] "POST /xingrg/kc/buy/cgsh_list_operate.html HTTP/1.1" 200 876
58.37.9.106 - - [13/Sep/2020:10:13:00 +0800] "GET /xingrg/all/function/internal_message.html?_=1599962804041&CODE_STATE=getMsg HTTP/1.1" 200 27
116.238.71.173 - - [13/Sep/2020:10:13:01 +0800] "GET /xingrg/kc/base/wldb_order_operate.html?command=get_materiel&rest_code=00150&base_code=0010445&code=00101019375 HTTP/1.1" 200 464
117.185.32.26 - - [13/Sep/2020:10:13:02 +0800] "POST /xingrg/services/DataTransmitService HTTP/1.1" 200 524
114.88.166.242 - - [13/Sep/2020:10:13:03 +0800] "POST /xingrg/kc/buy/cgsh_order_operate.html HTTP/1.1" 200 37
114.88.166.242 - - [13/Sep/2020:10:13:04 +0800] "POST /xingrg/kc/buy/cgsh_order_operate.html HTTP/1.1" 200 2660
