120.253.135.82 - - [12/Sep/2020:08:47:45 +0800] "GET /xingrg/all/function/internal_message.html?_=1599871778606&CODE_STATE=getMsg HTTP/1.1" 200 27
222.69.138.46 - - [12/Sep/2020:08:47:45 +0800] "GET /xingrg/all/function/internal_message.html?_=1599871653588&CODE_STATE=getMsg HTTP/1.1" 200 27
222.69.138.46 - - [12/Sep/2020:08:47:45 +0800] "GET /xingrg/check_reg.html?_=1599871653592 HTTP/1.1" 200 22
114.82.29.189 - - [12/Sep/2020:08:47:47 +0800] "GET /xingrg/kc/buy/cgsh_order_operate.html?command=get_materiel&rest_code=00105&code=00101006109&supplier_code=00100013&order_time=2020-09-12 HTTP/1.1" 200 409
172.17.0.104 - - [12/Sep/2020:08:47:48 +0800] "GET /xingrg/dwr/engine.js HTTP/1.1" 200 43631
172.17.0.104 - - [12/Sep/2020:08:47:48 +0800] "GET /xingrg/dwr/interface/AjaxQqpsService.js HTTP/1.1" 200 16326
172.17.0.104 - - [12/Sep/2020:08:47:48 +0800] "GET /xingrg/dwr/interface/AjaxReportQueryService.js HTTP/1.1" 200 13203
172.17.0.104 - - [12/Sep/2020:08:47:48 +0800] "GET /xingrg/kc/mdqp/qqps_order_list.html HTTP/1.1" 200 9192
172.17.0.104 - - [12/Sep/2020:08:47:51 +0800] "GET /xingrg/kc/mdqp/pssh_order_list.html HTTP/1.1" 200 17780
172.17.0.104 - - [12/Sep/2020:08:47:51 +0800] "POST /xingrg/kc/mdqp/pssh_list_operate.html HTTP/1.1" 200 5270
172.17.0.104 - - [12/Sep/2020:08:47:54 +0800] "GET /xingrg/kc/base/wldb_order_list.html HTTP/1.1" 200 19282
172.17.0.104 - - [12/Sep/2020:08:47:54 +0800] "POST /xingrg/kc/base/wldb_list_operate.html HTTP/1.1" 200 928
114.82.29.189 - - [12/Sep/2020:08:47:54 +0800] "GET /xingrg/kc/buy/cgsh_order_operate.html?command=get_materiel&rest_code=00105&code=00101010136&supplier_code=00100013&order_time=2020-09-12 HTTP/1.1" 200 408
116.235.241.164 - - [12/Sep/2020:08:47:58 +0800] "GET /xingrg/all/function/internal_message.html?_=1599871676982&CODE_STATE=getMsg HTTP/1.1" 200 27
114.82.29.189 - - [12/Sep/2020:08:48:01 +0800] "POST /xingrg/kc/buy/cgsh_order_operate.html HTTP/1.1" 200 37
114.82.29.189 - - [12/Sep/2020:08:48:02 +0800] "POST /xingrg/kc/buy/cgsh_order_operate.html HTTP/1.1" 200 7436
114.82.29.189 - - [12/Sep/2020:08:48:03 +0800] "GET /xingrg/kc/print/load_config.html?kc_code=cgsh HTTP/1.1" 200 1845
116.238.71.173 - - [12/Sep/2020:08:48:03 +0800] "GET /xingrg/all/function/internal_message.html?_=1599871794594&CODE_STATE=getMsg HTTP/1.1" 200 27
114.82.29.189 - - [12/Sep/2020:08:48:03 +0800] "GET /xingrg/kc/print/load_data.html?order_code=212020091204903&kc_code=cgsh&condition= HTTP/1.1" 200 2569
114.82.29.189 - - [12/Sep/2020:08:48:12 +0800] "GET /xingrg/kc/buy/cgsh_order_add.html HTTP/1.1" 200 59668
114.82.29.189 - - [12/Sep/2020:08:48:12 +0800] "GET /xingrg/javascript/easyui/themes/default/validatebox.css HTTP/1.1" 404 1104
114.82.29.189 - - [12/Sep/2020:08:48:12 +0800] "POST /xingrg/kc/buy/cgsh_order_operate.html HTTP/1.1" 200 8245
114.82.29.189 - - [12/Sep/2020:08:48:22 +0800] "GET /xingrg/check_reg.html?_=1599871685586 HTTP/1.1" 200 22
114.82.29.189 - - [12/Sep/2020:08:48:22 +0800] "GET /xingrg/all/function/internal_message.html?_=1599871685589&CODE_STATE=getMsg HTTP/1.1" 200 27
114.82.29.189 - - [12/Sep/2020:08:48:27 +0800] "GET /xingrg/kc/buy/cgsh_order_operate.html?command=get_materiel&rest_code=00105&code=00101008323&supplier_code=00100203&order_time=2020-09-12 HTTP/1.1" 200 408
172.17.0.104 - - [12/Sep/2020:08:48:27 +0800] "GET /xingrg/all/function/internal_message.html?_=1599871704285&CODE_STATE=getMsg HTTP/1.1" 200 27
114.82.29.189 - - [12/Sep/2020:08:48:30 +0800] "GET /xingrg/check_reg.html?_=1599871710565 HTTP/1.1" 200 22
114.82.29.189 - - [12/Sep/2020:08:48:30 +0800] "GET /xingrg/all/function/internal_message.html?_=1599871710567&CODE_STATE=getMsg HTTP/1.1" 200 27
120.253.135.82 - - [12/Sep/2020:08:48:32 +0800] "GET /xingrg/check_reg.html?_=1599871825564 HTTP/1.1" 200 22
120.253.135.82 - - [12/Sep/2020:08:48:32 +0800] "GET /xingrg/all/function/internal_message.html?_=1599871459207&CODE_STATE=getMsg HTTP/1.1" 200 27
116.235.241.164 - - [12/Sep/2020:08:48:39 +0800] "GET /xingrg/all/function/internal_message.html?_=1599871717745&CODE_STATE=getMsg HTTP/1.1" 200 27
120.253.135.82 - - [12/Sep/2020:08:48:45 +0800] "GET /xingrg/all/function/internal_message.html?_=1599871838621&CODE_STATE=getMsg HTTP/1.1" 200 27
222.69.138.46 - - [12/Sep/2020:08:48:45 +0800] "GET /xingrg/all/function/internal_message.html?_=1599871713583&CODE_STATE=getMsg HTTP/1.1" 200 27
116.235.241.164 - - [12/Sep/2020:08:48:58 +0800] "GET /xingrg/all/function/internal_message.html?_=1599871736981&CODE_STATE=getMsg HTTP/1.1" 200 27
116.238.71.173 - - [12/Sep/2020:08:49:03 +0800] "GET /xingrg/check_reg.html?_=1599871854338 HTTP/1.1" 200 22
116.238.71.173 - - [12/Sep/2020:08:49:03 +0800] "GET /xingrg/all/function/internal_message.html?_=1599871854608&CODE_STATE=getMsg HTTP/1.1" 200 27
114.82.29.189 - - [12/Sep/2020:08:49:22 +0800] "GET /xingrg/all/function/internal_message.html?_=1599871745589&CODE_STATE=getMsg HTTP/1.1" 200 27
172.17.0.104 - - [12/Sep/2020:08:49:27 +0800] "GET /xingrg/all/function/internal_message.html?_=1599871764276&CODE_STATE=getMsg HTTP/1.1" 200 27
114.82.29.189 - - [12/Sep/2020:08:49:30 +0800] "GET /xingrg/all/function/internal_message.html?_=1599871770574&CODE_STATE=getMsg HTTP/1.1" 200 27
120.253.135.82 - - [12/Sep/2020:08:49:32 +0800] "GET /xingrg/all/function/internal_message.html?_=1599871519566&CODE_STATE=getMsg HTTP/1.1" 200 27
116.235.241.164 - - [12/Sep/2020:08:49:39 +0800] "GET /xingrg/all/function/internal_message.html?_=1599871777747&CODE_STATE=getMsg HTTP/1.1" 200 27
120.253.135.82 - - [12/Sep/2020:08:49:45 +0800] "GET /xingrg/all/function/internal_message.html?_=1599871898635&CODE_STATE=getMsg HTTP/1.1" 200 27
222.69.138.46 - - [12/Sep/2020:08:49:45 +0800] "GET /xingrg/all/function/internal_message.html?_=1599871773581&CODE_STATE=getMsg HTTP/1.1" 200 27
222.69.138.46 - - [12/Sep/2020:08:49:54 +0800] "POST /xingrg/services/DataTransmitService HTTP/1.1" 200 524
116.235.241.164 - - [12/Sep/2020:08:49:58 +0800] "GET /xingrg/all/function/internal_message.html?_=1599871796983&CODE_STATE=getMsg HTTP/1.1" 200 27
58.40.7.146 - - [12/Sep/2020:08:49:58 +0800] "GET /xingrg/check_reg.html?_=1599871795980 HTTP/1.1" 200 22
116.238.71.173 - - [12/Sep/2020:08:50:03 +0800] "GET /xingrg/all/function/internal_message.html?_=1599871914621&CODE_STATE=getMsg HTTP/1.1" 200 27
114.82.29.189 - - [12/Sep/2020:08:50:09 +0800] "GET /xingrg/kc/buy/cgsh_order_operate.html?command=get_materiel&rest_code=00105&code=00102002504&supplier_code=00100151&order_time=2020-09-12 HTTP/1.1" 200 417
222.69.138.46 - - [12/Sep/2020:08:50:19 +0800] "GET /xingrg/kc/buy/cgsh_order_operate.html?command=get_materiel&rest_code=00149&code=00101008357&supplier_code=00100005&order_time=2020-09-12 HTTP/1.1" 200 408
114.82.29.189 - - [12/Sep/2020:08:50:22 +0800] "GET /xingrg/all/function/internal_message.html?_=1599871805616&CODE_STATE=getMsg HTTP/1.1" 200 27
172.17.0.104 - - [12/Sep/2020:08:50:27 +0800] "GET /xingrg/check_reg.html?_=1599871824260 HTTP/1.1" 200 22
172.17.0.104 - - [12/Sep/2020:08:50:27 +0800] "GET /xingrg/all/function/internal_message.html?_=1599871824263&CODE_STATE=getMsg HTTP/1.1" 200 27
114.82.29.189 - - [12/Sep/2020:08:50:30 +0800] "GET /xingrg/all/function/internal_message.html?_=1599871830587&CODE_STATE=getMsg HTTP/1.1" 200 27
120.253.135.82 - - [12/Sep/2020:08:50:32 +0800] "GET /xingrg/check_reg.html?_=1599871578782 HTTP/1.1" 200 22
120.253.135.82 - - [12/Sep/2020:08:50:33 +0800] "GET /xingrg/all/function/internal_message.html?_=1599871579904&CODE_STATE=getMsg HTTP/1.1" 200 27
116.235.241.164 - - [12/Sep/2020:08:50:39 +0800] "GET /xingrg/all/function/internal_message.html?_=1599871837747&CODE_STATE=getMsg HTTP/1.1" 200 27
120.253.135.82 - - [12/Sep/2020:08:50:45 +0800] "GET /xingrg/all/function/internal_message.html?_=1599871958658&CODE_STATE=getMsg HTTP/1.1" 200 27
222.69.138.46 - - [12/Sep/2020:08:50:45 +0800] "GET /xingrg/all/function/internal_message.html?_=1599871833595&CODE_STATE=getMsg HTTP/1.1" 200 27
222.69.138.46 - - [12/Sep/2020:08:50:47 +0800] "GET /xingrg/kc/buy/cgsh_order_operate.html?command=get_materiel&rest_code=00149&code=00101008286&supplier_code=00100005&order_time=2020-09-12 HTTP/1.1" 200 408
222.69.138.46 - - [12/Sep/2020:08:50:58 +0800] "GET /xingrg/kc/buy/cgsh_order_operate.html?command=get_materiel&rest_code=00149&code=00101008036&supplier_code=00100005&order_time=2020-09-12 HTTP/1.1" 200 408
116.235.241.164 - - [12/Sep/2020:08:50:58 +0800] "GET /xingrg/all/function/internal_message.html?_=1599871856982&CODE_STATE=getMsg HTTP/1.1" 200 27
222.69.138.46 - - [12/Sep/2020:08:51:01 +0800] "POST /xingrg/kc/buy/cgsh_order_operate.html HTTP/1.1" 200 2065
116.238.71.173 - - [12/Sep/2020:08:51:03 +0800] "GET /xingrg/all/function/internal_message.html?_=1599871974635&CODE_STATE=getMsg HTTP/1.1" 200 27
117.184.7.30 - - [12/Sep/2020:08:51:05 +0800] "POST /xingrg/services/DataTransmitService HTTP/1.1" 200 524
117.184.7.30 - - [12/Sep/2020:08:51:19 +0800] "POST /xingrg/services/DataTransmitService HTTP/1.1" 200 524
117.184.7.30 - - [12/Sep/2020:08:51:20 +0800] "POST /xingrg/services/DataTransmitService HTTP/1.1" 200 501
114.82.29.189 - - [12/Sep/2020:08:51:22 +0800] "GET /xingrg/all/function/internal_message.html?_=1599871865617&CODE_STATE=getMsg HTTP/1.1" 200 27
172.17.0.104 - - [12/Sep/2020:08:51:27 +0800] "GET /xingrg/all/function/internal_message.html?_=1599871884262&CODE_STATE=getMsg HTTP/1.1" 200 27
114.82.29.189 - - [12/Sep/2020:08:51:30 +0800] "GET /xingrg/all/function/internal_message.html?_=1599871890574&CODE_STATE=getMsg HTTP/1.1" 200 27
120.253.135.82 - - [12/Sep/2020:08:51:33 +0800] "GET /xingrg/all/function/internal_message.html?_=1599871639919&CODE_STATE=getMsg HTTP/1.1" 200 27
116.235.241.164 - - [12/Sep/2020:08:51:39 +0800] "GET /xingrg/all/function/internal_message.html?_=1599871897748&CODE_STATE=getMsg HTTP/1.1" 200 27
116.235.241.164 - - [12/Sep/2020:08:51:39 +0800] "GET /xingrg/check_reg.html?_=1599871897749 HTTP/1.1" 200 22
120.253.135.82 - - [12/Sep/2020:08:51:45 +0800] "GET /xingrg/all/function/internal_message.html?_=1599872018661&CODE_STATE=getMsg HTTP/1.1" 200 27
222.69.138.46 - - [12/Sep/2020:08:51:45 +0800] "GET /xingrg/kc/buy/cgsh_order_operate.html?command=get_materiel&rest_code=00149&code=00101008296&supplier_code=00100005&order_time=2020-09-12 HTTP/1.1" 200 435
222.69.138.46 - - [12/Sep/2020:08:51:45 +0800] "GET /xingrg/all/function/internal_message.html?_=1599871893590&CODE_STATE=getMsg HTTP/1.1" 200 27
116.235.241.164 - - [12/Sep/2020:08:51:58 +0800] "GET /xingrg/all/function/internal_message.html?_=1599871916982&CODE_STATE=getMsg HTTP/1.1" 200 27
116.235.241.164 - - [12/Sep/2020:08:51:58 +0800] "GET /xingrg/check_reg.html?_=1599871916988 HTTP/1.1" 200 22
116.238.71.173 - - [12/Sep/2020:08:52:03 +0800] "GET /xingrg/all/function/internal_message.html?_=1599872034768&CODE_STATE=getMsg HTTP/1.1" 200 27
222.69.138.46 - - [12/Sep/2020:08:52:05 +0800] "GET /xingrg/kc/buy/cgsh_order_operate.html?command=get_materiel&rest_code=00149&code=00101008352&supplier_code=00100005&order_time=2020-09-12 HTTP/1.1" 200 412
222.69.138.46 - - [12/Sep/2020:08:52:15 +0800] "GET /xingrg/kc/buy/cgsh_order_operate.html?command=get_materiel&rest_code=00149&code=00101008098&supplier_code=00100005&order_time=2020-09-12 HTTP/1.1" 200 412
114.82.29.189 - - [12/Sep/2020:08:52:22 +0800] "GET /xingrg/all/function/internal_message.html?_=1599871925617&CODE_STATE=getMsg HTTP/1.1" 200 27
172.17.0.104 - - [12/Sep/2020:08:52:27 +0800] "GET /xingrg/all/function/internal_message.html?_=1599871944262&CODE_STATE=getMsg HTTP/1.1" 200 27
114.82.29.189 - - [12/Sep/2020:08:52:30 +0800] "GET /xingrg/all/function/internal_message.html?_=1599871950574&CODE_STATE=getMsg HTTP/1.1" 200 27
120.253.135.82 - - [12/Sep/2020:08:52:33 +0800] "GET /xingrg/all/function/internal_message.html?_=1599871699933&CODE_STATE=getMsg HTTP/1.1" 200 27
116.235.241.164 - - [12/Sep/2020:08:52:39 +0800] "GET /xingrg/all/function/internal_message.html?_=1599871957748&CODE_STATE=getMsg HTTP/1.1" 200 27
120.253.135.82 - - [12/Sep/2020:08:52:45 +0800] "GET /xingrg/all/function/internal_message.html?_=1599872078686&CODE_STATE=getMsg HTTP/1.1" 200 27
222.69.138.46 - - [12/Sep/2020:08:52:45 +0800] "GET /xingrg/all/function/internal_message.html?_=1599871953605&CODE_STATE=getMsg HTTP/1.1" 200 27
222.69.138.46 - - [12/Sep/2020:08:52:45 +0800] "GET /xingrg/check_reg.html?_=1599871953620 HTTP/1.1" 200 22
116.235.241.164 - - [12/Sep/2020:08:52:58 +0800] "GET /xingrg/all/function/internal_message.html?_=1599871976987&CODE_STATE=getMsg HTTP/1.1" 200 27
116.238.71.173 - - [12/Sep/2020:08:53:03 +0800] "GET /xingrg/all/function/internal_message.html?_=1599872094772&CODE_STATE=getMsg HTTP/1.1" 200 27
114.82.29.189 - - [12/Sep/2020:08:53:22 +0800] "GET /xingrg/check_reg.html?_=1599871985617 HTTP/1.1" 200 22
114.82.29.189 - - [12/Sep/2020:08:53:22 +0800] "GET /xingrg/all/function/internal_message.html?_=1599871985620&CODE_STATE=getMsg HTTP/1.1" 200 27
172.17.0.104 - - [12/Sep/2020:08:53:27 +0800] "GET /xingrg/all/function/internal_message.html?_=1599872004261&CODE_STATE=getMsg HTTP/1.1" 200 27
114.82.29.189 - - [12/Sep/2020:08:53:30 +0800] "GET /xingrg/check_reg.html?_=1599872010574 HTTP/1.1" 200 22
114.82.29.189 - - [12/Sep/2020:08:53:30 +0800] "GET /xingrg/all/function/internal_message.html?_=1599872010575&CODE_STATE=getMsg HTTP/1.1" 200 27
120.253.135.82 - - [12/Sep/2020:08:53:32 +0800] "GET /xingrg/check_reg.html?_=1599872125569 HTTP/1.1" 200 22
120.253.135.82 - - [12/Sep/2020:08:53:33 +0800] "GET /xingrg/all/function/internal_message.html?_=1599871760260&CODE_STATE=getMsg HTTP/1.1" 200 27
116.235.241.164 - - [12/Sep/2020:08:53:39 +0800] "GET /xingrg/all/function/internal_message.html?_=1599872017750&CODE_STATE=getMsg HTTP/1.1" 200 27
114.82.29.189 - - [12/Sep/2020:08:53:39 +0800] "POST /xingrg/kc/buy/cgsh_order_operate.html HTTP/1.1" 200 37
114.82.29.189 - - [12/Sep/2020:08:53:40 +0800] "POST /xingrg/kc/buy/cgsh_order_operate.html HTTP/1.1" 200 2678
114.82.29.189 - - [12/Sep/2020:08:53:41 +0800] "GET /xingrg/kc/print/load_data.html?order_code=212020091204904&kc_code=cgsh&condition= HTTP/1.1" 200 664
120.253.135.82 - - [12/Sep/2020:08:53:45 +0800] "GET /xingrg/all/function/internal_message.html?_=1599872138689&CODE_STATE=getMsg HTTP/1.1" 200 27
222.69.138.46 - - [12/Sep/2020:08:53:45 +0800] "GET /xingrg/all/function/internal_message.html?_=1599872013588&CODE_STATE=getMsg HTTP/1.1" 200 27
114.82.29.189 - - [12/Sep/2020:08:53:56 +0800] "POST /xingrg/kc/buy/cgsh_order_operate.html HTTP/1.1" 200 37
114.82.29.189 - - [12/Sep/2020:08:53:57 +0800] "POST /xingrg/kc/buy/cgsh_order_operate.html HTTP/1.1" 200 2678
116.235.241.164 - - [12/Sep/2020:08:53:58 +0800] "GET /xingrg/all/function/internal_message.html?_=1599872036985&CODE_STATE=getMsg HTTP/1.1" 200 27
116.238.71.173 - - [12/Sep/2020:08:54:03 +0800] "GET /xingrg/check_reg.html?_=1599872154453 HTTP/1.1" 200 22
116.238.71.173 - - [12/Sep/2020:08:54:03 +0800] "GET /xingrg/all/function/internal_message.html?_=1599872154785&CODE_STATE=getMsg HTTP/1.1" 200 27
114.82.29.189 - - [12/Sep/2020:08:54:04 +0800] "GET /xingrg/index.html?sysBaseUrl=http%3A%2F%2F180.169.147.146%3A18081%2Fxingrg%2F&costTime=36×tamp=1585222720700 HTTP/1.1" 200 17173
114.82.29.189 - - [12/Sep/2020:08:54:04 +0800] "POST /xingrg/all/common/load_tree.html?tree=area_rest_tree_json&manage=1 HTTP/1.1" 200 3216
114.82.29.189 - - [12/Sep/2020:08:54:04 +0800] "GET /xingrg/all/function/internal_message.html?_=1599872045251&CODE_STATE=count HTTP/1.1" 200 11
114.82.29.189 - - [12/Sep/2020:08:54:04 +0800] "GET /xingrg/check_reg.html?_=1599872045251 HTTP/1.1" 200 22
114.82.29.189 - - [12/Sep/2020:08:54:04 +0800] "GET /favicon.ico HTTP/1.1" 404 -
114.82.29.189 - - [12/Sep/2020:08:54:04 +0800] "POST /xingrg/load_menu.html HTTP/1.1" 200 5138
114.82.29.189 - - [12/Sep/2020:08:54:07 +0800] "GET /xingrg/kc/buy/cgsh_order_list.html HTTP/1.1" 200 43930
114.82.29.189 - - [12/Sep/2020:08:54:08 +0800] "POST /xingrg/kc/buy/cgsh_list_operate.html HTTP/1.1" 200 2035
114.82.29.189 - - [12/Sep/2020:08:54:10 +0800] "POST /xingrg/kc/buy/cgsh_list_operate.html HTTP/1.1" 200 204
114.82.29.189 - - [12/Sep/2020:08:54:11 +0800] "GET /xingrg/kc/buy/cgsh_order_info.html?code=212020091204904 HTTP/1.1" 200 59667
114.82.29.189 - - [12/Sep/2020:08:54:11 +0800] "GET /xingrg/all/common/auto_word.html?type=employee&rest_code=00105 HTTP/1.1" 200 193
114.82.29.189 - - [12/Sep/2020:08:54:11 +0800] "GET /xingrg/all/common/auto_word.html?type=employee&rest_code=00105 HTTP/1.1" 200 193
114.82.29.189 - - [12/Sep/2020:08:54:11 +0800] "GET /xingrg/javascript/easyui/themes/default/validatebox.css HTTP/1.1" 404 1104
114.82.29.189 - - [12/Sep/2020:08:54:11 +0800] "POST /xingrg/kc/buy/cgsh_order_operate.html HTTP/1.1" 200 2678
114.82.29.189 - - [12/Sep/2020:08:54:13 +0800] "GET /xingrg/kc/print/load_config.html?kc_code=cgsh HTTP/1.1" 200 1845
114.82.29.189 - - [12/Sep/2020:08:54:13 +0800] "GET /xingrg/kc/print/load_data.html?order_code=212020091204904&kc_code=cgsh&condition= HTTP/1.1" 200 664
114.82.29.189 - - [12/Sep/2020:08:54:22 +0800] "GET /xingrg/all/function/internal_message.html?_=1599872045605&CODE_STATE=getMsg HTTP/1.1" 200 27
172.17.0.104 - - [12/Sep/2020:08:54:27 +0800] "GET /xingrg/all/function/internal_message.html?_=1599872064290&CODE_STATE=getMsg HTTP/1.1" 200 27
222.69.138.46 - - [12/Sep/2020:08:54:28 +0800] "POST /xingrg/services/DataTransmitService HTTP/1.1" 200 524
222.69.138.46 - - [12/Sep/2020:08:54:28 +0800] "POST /xingrg/services/DataTransmitService HTTP/1.1" 200 1755
222.69.138.46 - - [12/Sep/2020:08:54:28 +0800] "POST /xingrg/services/DataTransmitService HTTP/1.1" 200 2459
222.69.138.46 - - [12/Sep/2020:08:54:28 +0800] "POST /xingrg/services/DataTransmitService HTTP/1.1" 200 1443
222.69.138.46 - - [12/Sep/2020:08:54:29 +0800] "POST /xingrg/services/DataTransmitService HTTP/1.1" 200 144040
120.253.135.82 - - [12/Sep/2020:08:54:33 +0800] "GET /xingrg/all/function/internal_message.html?_=1599871820271&CODE_STATE=getMsg HTTP/1.1" 200 27
116.235.241.164 - - [12/Sep/2020:08:54:39 +0800] "GET /xingrg/all/function/internal_message.html?_=1599872077749&CODE_STATE=getMsg HTTP/1.1" 200 27
120.253.135.82 - - [12/Sep/2020:08:54:45 +0800] "GET /xingrg/all/function/internal_message.html?_=1599872198702&CODE_STATE=getMsg HTTP/1.1" 200 27
222.69.138.46 - - [12/Sep/2020:08:54:45 +0800] "GET /xingrg/all/function/internal_message.html?_=1599872073593&CODE_STATE=getMsg HTTP/1.1" 200 27
116.235.241.164 - - [12/Sep/2020:08:54:58 +0800] "GET /xingrg/all/function/internal_message.html?_=1599872096985&CODE_STATE=getMsg HTTP/1.1" 200 27
58.40.7.146 - - [12/Sep/2020:08:54:58 +0800] "GET /xingrg/check_reg.html?_=1599872095955 HTTP/1.1" 200 22
116.238.71.173 - - [12/Sep/2020:08:55:03 +0800] "GET /xingrg/all/function/internal_message.html?_=1599872214799&CODE_STATE=getMsg HTTP/1.1" 200 27
114.82.29.189 - - [12/Sep/2020:08:55:04 +0800] "GET /xingrg/all/function/internal_message.html?_=1599872105294&CODE_STATE=getMsg HTTP/1.1" 200 27
114.82.29.189 - - [12/Sep/2020:08:55:22 +0800] "GET /xingrg/all/function/internal_message.html?_=1599872105605&CODE_STATE=getMsg HTTP/1.1" 200 27
172.17.0.104 - - [12/Sep/2020:08:55:27 +0800] "GET /xingrg/check_reg.html?_=1599872124304 HTTP/1.1" 200 22
172.17.0.104 - - [12/Sep/2020:08:55:27 +0800] "GET /xingrg/all/function/internal_message.html?_=1599872124305&CODE_STATE=getMsg HTTP/1.1" 200 27
120.253.135.82 - - [12/Sep/2020:08:55:32 +0800] "GET /xingrg/check_reg.html?_=1599871879136 HTTP/1.1" 200 22
120.253.135.82 - - [12/Sep/2020:08:55:33 +0800] "GET /xingrg/all/function/internal_message.html?_=1599871880285&CODE_STATE=getMsg HTTP/1.1" 200 27
116.235.241.164 - - [12/Sep/2020:08:55:39 +0800] "GET /xingrg/all/function/internal_message.html?_=1599872137750&CODE_STATE=getMsg HTTP/1.1" 200 27
120.253.135.82 - - [12/Sep/2020:08:55:45 +0800] "GET /xingrg/all/function/internal_message.html?_=1599872258733&CODE_STATE=getMsg HTTP/1.1" 200 27
222.69.138.46 - - [12/Sep/2020:08:55:45 +0800] "GET /xingrg/all/function/internal_message.html?_=1599872133601&CODE_STATE=getMsg HTTP/1.1" 200 27
222.69.138.46 - - [12/Sep/2020:08:55:52 +0800] "GET /xingrg/kc/buy/cgsh_order_operate.html?command=get_materiel&rest_code=00149&code=00101008005&supplier_code=00100005&order_time=2020-09-12 HTTP/1.1" 200 412
116.235.241.164 - - [12/Sep/2020:08:55:58 +0800] "GET /xingrg/all/function/internal_message.html?_=1599872156985&CODE_STATE=getMsg HTTP/1.1" 200 27
222.69.138.46 - - [12/Sep/2020:08:55:59 +0800] "POST /xingrg/kc/buy/cgsh_order_operate.html HTTP/1.1" 200 2065
222.69.138.46 - - [12/Sep/2020:08:56:03 +0800] "GET /xingrg/kc/buy/cgsh_order_operate.html?command=get_materiel&rest_code=00149&code=00101008353&supplier_code=00100005&order_time=2020-09-12 HTTP/1.1" 200 408
116.238.71.173 - - [12/Sep/2020:08:56:03 +0800] "GET /xingrg/all/function/internal_message.html?_=1599872274811&CODE_STATE=getMsg HTTP/1.1" 200 27
114.82.29.189 - - [12/Sep/2020:08:56:04 +0800] "GET /xingrg/all/function/internal_message.html?_=1599872165291&CODE_STATE=getMsg HTTP/1.1" 200 27
222.69.138.46 - - [12/Sep/2020:08:56:13 +0800] "GET /xingrg/kc/buy/cgsh_order_operate.html?command=get_materiel&rest_code=00149&code=00101008213&supplier_code=00100005&order_time=2020-09-12 HTTP/1.1" 200 412
114.82.29.189 - - [12/Sep/2020:08:56:19 +0800] "GET /xingrg/kc/buy/cgsh_order_add.html HTTP/1.1" 200 59668
114.82.29.189 - - [12/Sep/2020:08:56:19 +0800] "POST /xingrg/kc/buy/cgsh_order_operate.html HTTP/1.1" 200 8245
114.82.29.189 - - [12/Sep/2020:08:56:19 +0800] "GET /xingrg/javascript/easyui/themes/default/validatebox.css HTTP/1.1" 404 1104
114.82.29.189 - - [12/Sep/2020:08:56:20 +0800] "GET /xingrg/javascript/auto/indicator.gif HTTP/1.1" 404 1066
114.82.29.189 - - [12/Sep/2020:08:56:22 +0800] "GET /xingrg/all/function/internal_message.html?_=1599872165605&CODE_STATE=getMsg HTTP/1.1" 200 27
172.17.0.104 - - [12/Sep/2020:08:56:27 +0800] "GET /xingrg/all/function/internal_message.html?_=1599872184303&CODE_STATE=getMsg HTTP/1.1" 200 27
222.69.138.46 - - [12/Sep/2020:08:56:30 +0800] "GET /xingrg/kc/buy/cgsh_order_operate.html?command=get_materiel&rest_code=00149&code=00101008304&supplier_code=00100005&order_time=2020-09-12 HTTP/1.1" 200 412
114.82.29.189 - - [12/Sep/2020:08:56:31 +0800] "GET /xingrg/kc/buy/cgsh_order_operate.html?command=get_materiel&rest_code=00105&code=00101002027&supplier_code=00100397&order_time=2020-09-12 HTTP/1.1" 200 413
120.253.135.82 - - [12/Sep/2020:08:56:33 +0800] "GET /xingrg/all/function/internal_message.html?_=1599871940299&CODE_STATE=getMsg HTTP/1.1" 200 27
116.235.241.164 - - [12/Sep/2020:08:56:39 +0800] "GET /xingrg/check_reg.html?_=1599872197756 HTTP/1.1" 200 22
116.235.241.164 - - [12/Sep/2020:08:56:39 +0800] "GET /xingrg/all/function/internal_message.html?_=1599872197758&CODE_STATE=getMsg HTTP/1.1" 200 27
114.82.29.189 - - [12/Sep/2020:08:56:43 +0800] "GET /xingrg/kc/buy/cgsh_order_operate.html?command=get_materiel&rest_code=00105&code=00101001010&supplier_code=00100397&order_time=2020-09-12 HTTP/1.1" 200 428
120.253.135.82 - - [12/Sep/2020:08:56:45 +0800] "GET /xingrg/all/function/internal_message.html?_=1599872318744&CODE_STATE=getMsg HTTP/1.1" 200 27
222.69.138.46 - - [12/Sep/2020:08:56:45 +0800] "GET /xingrg/all/function/internal_message.html?_=1599872193596&CODE_STATE=getMsg HTTP/1.1" 200 27
222.69.138.46 - - [12/Sep/2020:08:56:49 +0800] "GET /xingrg/kc/buy/cgsh_order_operate.html?command=get_materiel&rest_code=00149&code=00101008257&supplier_code=00100005&order_time=2020-09-12 HTTP/1.1" 200 416
222.69.138.46 - - [12/Sep/2020:08:56:51 +0800] "POST /xingrg/kc/buy/cgsh_order_operate.html HTTP/1.1" 200 2065
114.82.29.189 - - [12/Sep/2020:08:56:54 +0800] "GET /xingrg/kc/buy/cgsh_order_operate.html?command=get_materiel&rest_code=00105&code=00101005037&supplier_code=00100397&order_time=2020-09-12 HTTP/1.1" 200 409
222.69.138.46 - - [12/Sep/2020:08:56:57 +0800] "GET /xingrg/kc/buy/cgsh_order_operate.html?command=get_materiel&rest_code=00149&code=00101015033&supplier_code=00100005&order_time=2020-09-12 HTTP/1.1" 200 408
116.235.241.164 - - [12/Sep/2020:08:56:58 +0800] "GET /xingrg/all/function/internal_message.html?_=1599872216990&CODE_STATE=getMsg HTTP/1.1" 200 27
116.235.241.164 - - [12/Sep/2020:08:56:58 +0800] "GET /xingrg/check_reg.html?_=1599872216993 HTTP/1.1" 200 22
222.69.138.46 - - [12/Sep/2020:08:57:01 +0800] "POST /xingrg/services/DataTransmitService HTTP/1.1" 200 524
116.238.71.173 - - [12/Sep/2020:08:57:03 +0800] "GET /xingrg/all/function/internal_message.html?_=1599872334948&CODE_STATE=getMsg HTTP/1.1" 200 27
114.82.29.189 - - [12/Sep/2020:08:57:04 +0800] "GET /xingrg/all/function/internal_message.html?_=1599872225302&CODE_STATE=getMsg HTTP/1.1" 200 27
222.69.138.46 - - [12/Sep/2020:08:57:04 +0800] "POST /xingrg/services/DataTransmitService HTTP/1.1" 200 501
222.69.138.46 - - [12/Sep/2020:08:57:05 +0800] "GET /xingrg/kc/buy/cgsh_order_operate.html?command=get_materiel&rest_code=00149&code=00101008095&supplier_code=00100005&order_time=2020-09-12 HTTP/1.1" 200 412
222.69.138.46 - - [12/Sep/2020:08:57:12 +0800] "POST /xingrg/services/DataTransmitService HTTP/1.1" 200 524
222.69.138.46 - - [12/Sep/2020:08:57:14 +0800] "POST /xingrg/services/DataTransmitService HTTP/1.1" 200 501
222.69.138.46 - - [12/Sep/2020:08:57:15 +0800] "POST /xingrg/services/DataTransmitService HTTP/1.1" 200 501
222.69.138.46 - - [12/Sep/2020:08:57:15 +0800] "GET /xingrg/kc/buy/cgsh_order_operate.html?command=get_materiel&rest_code=00149&code=00101008110&supplier_code=00100005&order_time=2020-09-12 HTTP/1.1" 200 408
114.82.29.189 - - [12/Sep/2020:08:57:17 +0800] "POST /xingrg/kc/buy/cgsh_order_operate.html HTTP/1.1" 200 37
114.82.29.189 - - [12/Sep/2020:08:57:18 +0800] "POST /xingrg/kc/buy/cgsh_order_operate.html HTTP/1.1" 200 3837
114.82.29.189 - - [12/Sep/2020:08:57:20 +0800] "GET /xingrg/kc/print/load_data.html?order_code=212020091204905&kc_code=cgsh&condition= HTTP/1.1" 200 1126
114.82.29.189 - - [12/Sep/2020:08:57:22 +0800] "GET /xingrg/all/function/internal_message.html?_=1599872225603&CODE_STATE=getMsg HTTP/1.1" 200 27
222.69.138.46 - - [12/Sep/2020:08:57:25 +0800] "GET /xingrg/kc/buy/cgsh_order_operate.html?command=get_materiel&rest_code=00149&code=00101008114&supplier_code=00100005&order_time=2020-09-12 HTTP/1.1" 200 412
172.17.0.104 - - [12/Sep/2020:08:57:27 +0800] "GET /xingrg/all/function/internal_message.html?_=1599872244310&CODE_STATE=getMsg HTTP/1.1" 200 27
222.69.138.46 - - [12/Sep/2020:08:57:31 +0800] "POST /xingrg/services/DataTransmitService HTTP/1.1" 200 501
120.253.135.82 - - [12/Sep/2020:08:57:34 +0800] "GET /xingrg/all/function/internal_message.html?_=1599872000633&CODE_STATE=getMsg HTTP/1.1" 200 27
222.69.138.46 - - [12/Sep/2020:08:57:38 +0800] "GET /xingrg/kc/buy/cgsh_order_operate.html?command=get_materiel&rest_code=00149&code=00101008060&supplier_code=00100005&order_time=2020-09-12 HTTP/1.1" 200 416
116.235.241.164 - - [12/Sep/2020:08:57:39 +0800] "GET /xingrg/all/function/internal_message.html?_=1599872257758&CODE_STATE=getMsg HTTP/1.1" 200 27
114.82.29.189 - - [12/Sep/2020:08:57:43 +0800] "GET /xingrg/kc/buy/cgsh_order_add.html HTTP/1.1" 200 59668
114.82.29.189 - - [12/Sep/2020:08:57:43 +0800] "POST /xingrg/kc/buy/cgsh_order_operate.html HTTP/1.1" 200 8245
114.82.29.189 - - [12/Sep/2020:08:57:43 +0800] "GET /xingrg/javascript/easyui/themes/default/validatebox.css HTTP/1.1" 404 1104
222.69.138.46 - - [12/Sep/2020:08:57:45 +0800] "GET /xingrg/kc/buy/cgsh_order_operate.html?command=get_materiel&rest_code=00149&code=00101008061&supplier_code=00100005&order_time=2020-09-12 HTTP/1.1" 200 422
120.253.135.82 - - [12/Sep/2020:08:57:45 +0800] "GET /xingrg/all/function/internal_message.html?_=1599872378777&CODE_STATE=getMsg HTTP/1.1" 200 27
222.69.138.46 - - [12/Sep/2020:08:57:45 +0800] "GET /xingrg/all/function/internal_message.html?_=1599872253598&CODE_STATE=getMsg HTTP/1.1" 200 27
222.69.138.46 - - [12/Sep/2020:08:57:45 +0800] "GET /xingrg/check_reg.html?_=1599872253604 HTTP/1.1" 200 22
222.69.138.46 - - [12/Sep/2020:08:57:47 +0800] "POST /xingrg/services/DataTransmitService HTTP/1.1" 200 501
222.69.138.46 - - [12/Sep/2020:08:57:49 +0800] "POST /xingrg/services/DataTransmitService HTTP/1.1" 200 501
222.69.138.46 - - [12/Sep/2020:08:57:50 +0800] "POST /xingrg/services/DataTransmitService HTTP/1.1" 200 501
222.69.138.46 - - [12/Sep/2020:08:57:50 +0800] "POST /xingrg/services/DataTransmitService HTTP/1.1" 200 501
222.69.138.46 - - [12/Sep/2020:08:57:50 +0800] "POST /xingrg/kc/buy/cgsh_order_operate.html HTTP/1.1" 200 2065
222.69.138.46 - - [12/Sep/2020:08:57:50 +0800] "POST /xingrg/services/DataTransmitService HTTP/1.1" 200 501
222.69.138.46 - - [12/Sep/2020:08:57:51 +0800] "POST /xingrg/services/DataTransmitService HTTP/1.1" 200 501
114.82.29.189 - - [12/Sep/2020:08:57:54 +0800] "GET /xingrg/kc/buy/cgsh_order_operate.html?command=get_materiel&rest_code=00105&code=00101008323&supplier_code=00100203&order_time=2020-09-12 HTTP/1.1" 200 408
222.69.138.46 - - [12/Sep/2020:08:57:55 +0800] "POST /xingrg/services/DataTransmitService HTTP/1.1" 200 412
116.235.241.164 - - [12/Sep/2020:08:57:58 +0800] "GET /xingrg/all/function/internal_message.html?_=1599872276992&CODE_STATE=getMsg HTTP/1.1" 200 27
222.69.138.46 - - [12/Sep/2020:08:57:59 +0800] "GET /xingrg/kc/buy/cgsh_order_operate.html?command=get_materiel&rest_code=00149&code=00101015024&supplier_code=00100005&order_time=2020-09-12 HTTP/1.1" 200 413
116.238.71.173 - - [12/Sep/2020:08:58:03 +0800] "GET /xingrg/all/function/internal_message.html?_=1599872394948&CODE_STATE=getMsg HTTP/1.1" 200 27
114.82.29.189 - - [12/Sep/2020:08:58:04 +0800] "GET /xingrg/all/function/internal_message.html?_=1599872285318&CODE_STATE=getMsg HTTP/1.1" 200 27
222.69.138.46 - - [12/Sep/2020:08:58:06 +0800] "GET /xingrg/kc/buy/cgsh_order_operate.html?command=get_materiel&rest_code=00149&code=00101008236&supplier_code=00100005&order_time=2020-09-12 HTTP/1.1" 200 417
114.82.29.189 - - [12/Sep/2020:08:58:07 +0800] "GET /xingrg/kc/buy/cgsh_order_operate.html?command=get_materiel&rest_code=00105&code=00101008256&supplier_code=00100203&order_time=2020-09-12 HTTP/1.1" 200 413
114.82.29.189 - - [12/Sep/2020:08:58:18 +0800] "GET /xingrg/system/info/materiel_import.html?isSelect=1&singleSelect=false HTTP/1.1" 200 5600
114.82.29.189 - - [12/Sep/2020:08:58:19 +0800] "POST /xingrg/all/common/load_tree.html?tree=materiel_sort_tree_json HTTP/1.1" 200 8666
114.82.29.189 - - [12/Sep/2020:08:58:19 +0800] "GET /favicon.ico HTTP/1.1" 404 -
222.69.138.46 - - [12/Sep/2020:08:58:19 +0800] "GET /xingrg/kc/buy/cgsh_order_operate.html?command=get_materiel&rest_code=00149&code=00101015006&supplier_code=00100005&order_time=2020-09-12 HTTP/1.1" 200 413
114.82.29.189 - - [12/Sep/2020:08:58:22 +0800] "GET /xingrg/all/function/internal_message.html?_=1599872285604&CODE_STATE=getMsg HTTP/1.1" 200 27
114.82.29.189 - - [12/Sep/2020:08:58:22 +0800] "GET /xingrg/check_reg.html?_=1599872285605 HTTP/1.1" 200 22
172.17.0.104 - - [12/Sep/2020:08:58:27 +0800] "GET /xingrg/all/function/internal_message.html?_=1599872304295&CODE_STATE=getMsg HTTP/1.1" 200 27
114.82.29.189 - - [12/Sep/2020:08:58:31 +0800] "GET /xingrg/kc/buy/cgsh_order_operate.html?command=get_materiel&rest_code=00105&code=00101008045&supplier_code=00100203&order_time=2020-09-12 HTTP/1.1" 200 412
120.253.135.82 - - [12/Sep/2020:08:58:32 +0800] "GET /xingrg/check_reg.html?_=1599872425576 HTTP/1.1" 200 22
222.69.138.46 - - [12/Sep/2020:08:58:33 +0800] "GET /xingrg/kc/buy/cgsh_order_operate.html?command=get_materiel&rest_code=00149&code=00101008183&supplier_code=00100005&order_time=2020-09-12 HTTP/1.1" 200 413
120.253.135.82 - - [12/Sep/2020:08:58:33 +0800] "GET /xingrg/all/function/internal_message.html?_=1599872060638&CODE_STATE=getMsg HTTP/1.1" 200 27
114.82.29.189 - - [12/Sep/2020:08:58:36 +0800] "GET /xingrg/kc/buy/cgsh_order_operate.html?command=get_materiel&rest_code=00105&code=00101008155&supplier_code=00100203&order_time=2020-09-12 HTTP/1.1" 200 408
116.235.241.164 - - [12/Sep/2020:08:58:39 +0800] "GET /xingrg/all/function/internal_message.html?_=1599872317760&CODE_STATE=getMsg HTTP/1.1" 200 27
114.82.29.189 - - [12/Sep/2020:08:58:44 +0800] "GET /xingrg/kc/buy/cgsh_order_operate.html?command=get_materiel&rest_code=00105&code=00101008354&supplier_code=00100203&order_time=2020-09-12 HTTP/1.1" 200 412
120.253.135.82 - - [12/Sep/2020:08:58:45 +0800] "GET /xingrg/all/function/internal_message.html?_=1599872438788&CODE_STATE=getMsg HTTP/1.1" 200 27
222.69.138.46 - - [12/Sep/2020:08:58:45 +0800] "GET /xingrg/all/function/internal_message.html?_=1599872313597&CODE_STATE=getMsg HTTP/1.1" 200 27
222.69.138.46 - - [12/Sep/2020:08:58:50 +0800] "GET /xingrg/kc/buy/cgsh_order_operate.html?command=get_materiel&rest_code=00149&code=00101015044&supplier_code=00100005&order_time=2020-09-12 HTTP/1.1" 200 408
114.82.29.189 - - [12/Sep/2020:08:58:51 +0800] "GET /xingrg/kc/buy/cgsh_order_operate.html?command=get_materiel&rest_code=00105&code=00101008026&supplier_code=00100203&order_time=2020-09-12 HTTP/1.1" 200 409
222.69.138.46 - - [12/Sep/2020:08:58:53 +0800] "POST /xingrg/kc/buy/cgsh_order_operate.html HTTP/1.1" 200 2065
116.235.241.164 - - [12/Sep/2020:08:58:58 +0800] "GET /xingrg/all/function/internal_message.html?_=1599872336992&CODE_STATE=getMsg HTTP/1.1" 200 27
114.82.29.189 - - [12/Sep/2020:08:58:59 +0800] "GET /xingrg/kc/buy/cgsh_order_operate.html?command=get_materiel&rest_code=00105&code=00101008312&supplier_code=00100203&order_time=2020-09-12 HTTP/1.1" 200 412
116.238.71.173 - - [12/Sep/2020:08:59:03 +0800] "GET /xingrg/check_reg.html?_=1599872454566 HTTP/1.1" 200 22
116.238.71.173 - - [12/Sep/2020:08:59:04 +0800] "GET /xingrg/all/function/internal_message.html?_=1599872454961&CODE_STATE=getMsg HTTP/1.1" 200 27
114.82.29.189 - - [12/Sep/2020:08:59:04 +0800] "GET /xingrg/kc/buy/cgsh_order_operate.html?command=get_materiel&rest_code=00105&code=00101008096&supplier_code=00100203&order_time=2020-09-12 HTTP/1.1" 200 412
114.82.29.189 - - [12/Sep/2020:08:59:04 +0800] "GET /xingrg/check_reg.html?_=1599872345290 HTTP/1.1" 200 22
114.82.29.189 - - [12/Sep/2020:08:59:04 +0800] "GET /xingrg/all/function/internal_message.html?_=1599872345291&CODE_STATE=getMsg HTTP/1.1" 200 27
222.69.138.46 - - [12/Sep/2020:08:59:12 +0800] "GET /xingrg/kc/buy/cgsh_order_operate.html?command=get_materiel&rest_code=00149&code=00101015066&supplier_code=00100005&order_time=2020-09-12 HTTP/1.1" 200 413
114.82.29.189 - - [12/Sep/2020:08:59:19 +0800] "GET /xingrg/kc/buy/cgsh_order_operate.html?command=get_materiel&rest_code=00105&code=00101008038&supplier_code=00100203&order_time=2020-09-12 HTTP/1.1" 200 412
114.82.29.189 - - [12/Sep/2020:08:59:22 +0800] "GET /xingrg/all/function/internal_message.html?_=1599872345603&CODE_STATE=getMsg HTTP/1.1" 200 27
114.82.29.189 - - [12/Sep/2020:08:59:26 +0800] "GET /xingrg/kc/buy/cgsh_order_operate.html?command=get_materiel&rest_code=00105&code=00101008221&supplier_code=00100203&order_time=2020-09-12 HTTP/1.1" 200 412
172.17.0.104 - - [12/Sep/2020:08:59:27 +0800] "GET /xingrg/all/function/internal_message.html?_=1599872364295&CODE_STATE=getMsg HTTP/1.1" 200 27
114.82.29.189 - - [12/Sep/2020:08:59:34 +0800] "GET /xingrg/kc/buy/cgsh_order_operate.html?command=get_materiel&rest_code=00105&code=00101008088&supplier_code=00100203&order_time=2020-09-12 HTTP/1.1" 200 408
120.253.135.82 - - [12/Sep/2020:08:59:34 +0800] "GET /xingrg/all/function/internal_message.html?_=1599872120967&CODE_STATE=getMsg HTTP/1.1" 200 27
222.69.138.46 - - [12/Sep/2020:08:59:37 +0800] "GET /xingrg/kc/buy/cgsh_order_operate.html?command=get_materiel&rest_code=00149&code=00101008165&supplier_code=00100005&order_time=2020-09-12 HTTP/1.1" 200 416
116.235.241.164 - - [12/Sep/2020:08:59:39 +0800] "GET /xingrg/all/function/internal_message.html?_=1599872377759&CODE_STATE=getMsg HTTP/1.1" 200 27
114.82.29.189 - - [12/Sep/2020:08:59:41 +0800] "GET /xingrg/kc/buy/cgsh_order_operate.html?command=get_materiel&rest_code=00105&code=00101008163&supplier_code=00100203&order_time=2020-09-12 HTTP/1.1" 200 408
120.253.135.82 - - [12/Sep/2020:08:59:45 +0800] "GET /xingrg/all/function/internal_message.html?_=1599872498801&CODE_STATE=getMsg HTTP/1.1" 200 27
222.69.138.46 - - [12/Sep/2020:08:59:45 +0800] "GET /xingrg/all/function/internal_message.html?_=1599872373595&CODE_STATE=getMsg HTTP/1.1" 200 27
222.69.138.46 - - [12/Sep/2020:08:59:48 +0800] "GET /xingrg/kc/buy/cgsh_order_operate.html?command=get_materiel&rest_code=00149&code=00101008010&supplier_code=00100005&order_time=2020-09-12 HTTP/1.1" 200 412
114.82.29.189 - - [12/Sep/2020:08:59:51 +0800] "GET /xingrg/kc/buy/cgsh_order_operate.html?command=get_materiel&rest_code=00105&code=00101008361&supplier_code=00100203&order_time=2020-09-12 HTTP/1.1" 200 408
114.82.29.189 - - [12/Sep/2020:08:59:54 +0800] "POST /xingrg/kc/buy/cgsh_order_operate.html HTTP/1.1" 200 2065
114.82.29.189 - - [12/Sep/2020:08:59:56 +0800] "POST /xingrg/kc/buy/cgsh_order_operate.html HTTP/1.1" 200 2065
116.235.241.164 - - [12/Sep/2020:08:59:58 +0800] "GET /xingrg/all/function/internal_message.html?_=1599872396991&CODE_STATE=getMsg HTTP/1.1" 200 27
58.40.7.146 - - [12/Sep/2020:08:59:58 +0800] "GET /xingrg/check_reg.html?_=1599872395933 HTTP/1.1" 200 22
222.69.138.46 - - [12/Sep/2020:09:00:00 +0800] "GET /xingrg/kc/buy/cgsh_order_operate.html?command=get_materiel&rest_code=00149&code=00101008312&supplier_code=00100005&order_time=2020-09-12 HTTP/1.1" 200 412
116.238.90.59 - - [12/Sep/2020:09:00:03 +0800] "GET /xingrg/login.html HTTP/1.1" 200 7641
116.238.90.59 - - [12/Sep/2020:09:00:03 +0800] "GET /xingrg/images/blue/jxLogo.png HTTP/1.1" 304 -
116.238.90.59 - - [12/Sep/2020:09:00:03 +0800] "GET /xingrg/images/blue/login_bg.png HTTP/1.1" 304 -
116.238.90.59 - - [12/Sep/2020:09:00:03 +0800] "GET /xingrg/images/blue/hj.png HTTP/1.1" 304 -
116.238.90.59 - - [12/Sep/2020:09:00:03 +0800] "GET /xingrg/images/blue/srbg.png HTTP/1.1" 304 -
116.238.71.173 - - [12/Sep/2020:09:00:04 +0800] "GET /xingrg/all/function/internal_message.html?_=1599872514975&CODE_STATE=getMsg HTTP/1.1" 200 27
116.238.90.59 - - [12/Sep/2020:09:00:04 +0800] "GET /favicon.ico HTTP/1.1" 404 -
114.82.29.189 - - [12/Sep/2020:09:00:04 +0800] "GET /xingrg/all/function/internal_message.html?_=1599872405295&CODE_STATE=getMsg HTTP/1.1" 200 27
114.82.29.189 - - [12/Sep/2020:09:00:05 +0800] "GET /xingrg/kc/buy/cgsh_order_operate.html?command=get_materiel&rest_code=00105&code=00101008148&supplier_code=00100203&order_time=2020-09-12 HTTP/1.1" 200 416
116.238.90.59 - - [12/Sep/2020:09:00:08 +0800] "POST /xingrg/login.do HTTP/1.1" 302 -
116.238.90.59 - - [12/Sep/2020:09:00:08 +0800] "GET /xingrg/javascript/jquery_easy_ui/themes/default/easyui.css HTTP/1.1" 304 -
116.238.90.59 - - [12/Sep/2020:09:00:08 +0800] "GET /xingrg/javascript/jquery_easy_ui/themes/icon.css HTTP/1.1" 304 -
116.238.90.59 - - [12/Sep/2020:09:00:08 +0800] "GET /xingrg/index.html?sysBaseUrl=http%3A%2F%2F180.169.147.146%3A18081%2Fxingrg%2F&costTime=45×tamp=1599872408819 HTTP/1.1" 200 17173
116.238.90.59 - - [12/Sep/2020:09:00:08 +0800] "GET /xingrg/css/form.css HTTP/1.1" 304 -
116.238.90.59 - - [12/Sep/2020:09:00:08 +0800] "GET /xingrg/javascript/jquery.utils.js HTTP/1.1" 304 -
116.238.90.59 - - [12/Sep/2020:09:00:08 +0800] "GET /xingrg/javascript/jquery-1.4.2.min.js HTTP/1.1" 304 -
116.238.90.59 - - [12/Sep/2020:09:00:08 +0800] "GET /xingrg/javascript/jquery_easy_ui/jquery.easyui.min.js HTTP/1.1" 304 -
116.238.90.59 - - [12/Sep/2020:09:00:08 +0800] "GET /xingrg/javascript/jquery.form.js HTTP/1.1" 304 -
116.238.90.59 - - [12/Sep/2020:09:00:08 +0800] "GET /xingrg/javascript/jquery_easy_ui/easyui-lang-zh_CN.js HTTP/1.1" 304 -
116.238.90.59 - - [12/Sep/2020:09:00:08 +0800] "GET /xingrg/javascript/jquery.timers.js HTTP/1.1" 304 -
116.238.90.59 - - [12/Sep/2020:09:00:09 +0800] "GET /xingrg/images/blue/navBackgound.jpg HTTP/1.1" 304 -
116.238.90.59 - - [12/Sep/2020:09:00:09 +0800] "GET /xingrg/javascript/jquery_easy_ui/themes/icons/settle_new.png HTTP/1.1" 304 -
116.238.90.59 - - [12/Sep/2020:09:00:09 +0800] "GET /favicon.ico HTTP/1.1" 404 -
116.238.90.59 - - [12/Sep/2020:09:00:09 +0800] "POST /xingrg/all/common/load_tree.html?tree=area_rest_tree_json&manage=1 HTTP/1.1" 200 342
116.238.90.59 - - [12/Sep/2020:09:00:09 +0800] "GET /xingrg/javascript/jquery_easy_ui/themes/default/images/tabs_leftarrow.png HTTP/1.1" 304 -
116.238.90.59 - - [12/Sep/2020:09:00:09 +0800] "GET /xingrg/javascript/jquery_easy_ui/themes/default/images/tabs_rightarrow.png HTTP/1.1" 304 -
116.238.90.59 - - [12/Sep/2020:09:00:09 +0800] "GET /xingrg/images/blue/pingpu.png HTTP/1.1" 304 -
116.238.90.59 - - [12/Sep/2020:09:00:09 +0800] "GET /xingrg/javascript/jquery_easy_ui/themes/default/images/panel_tool_collapse.gif HTTP/1.1" 304 -
116.238.90.59 - - [12/Sep/2020:09:00:09 +0800] "GET /xingrg/all/function/internal_message.html?_=1599872614315&CODE_STATE=count HTTP/1.1" 200 11
116.238.90.59 - - [12/Sep/2020:09:00:09 +0800] "POST /xingrg/load_menu.html HTTP/1.1" 200 5138
116.238.90.59 - - [12/Sep/2020:09:00:09 +0800] "GET /xingrg/check_reg.html?_=1599872614316 HTTP/1.1" 200 22
116.238.90.59 - - [12/Sep/2020:09:00:09 +0800] "GET /xingrg/javascript/jquery_easy_ui/themes/default/images/tree_arrows.gif HTTP/1.1" 304 -
116.238.90.59 - - [12/Sep/2020:09:00:10 +0800] "GET /xingrg/javascript/jquery_easy_ui/themes/default/images/tree_folder_open.gif HTTP/1.1" 304 -
116.238.90.59 - - [12/Sep/2020:09:00:10 +0800] "GET /xingrg/javascript/jquery_easy_ui/themes/icons/storage_new.png HTTP/1.1" 304 -
116.238.90.59 - - [12/Sep/2020:09:00:10 +0800] "GET /xingrg/javascript/jquery_easy_ui/themes/icons/search_new.png HTTP/1.1" 304 -
116.238.90.59 - - [12/Sep/2020:09:00:10 +0800] "GET /xingrg/javascript/jquery_easy_ui/themes/default/images/tree_folder.gif HTTP/1.1" 304 -
116.238.90.59 - - [12/Sep/2020:09:00:10 +0800] "GET /xingrg/javascript/jquery_easy_ui/themes/icons/forms_new.png HTTP/1.1" 304 -
116.238.90.59 - - [12/Sep/2020:09:00:10 +0800] "GET /xingrg/javascript/jquery_easy_ui/themes/default/images/tree_file.gif HTTP/1.1" 304 -
114.82.29.189 - - [12/Sep/2020:09:00:10 +0800] "GET /xingrg/kc/buy/cgsh_order_operate.html?command=get_materiel&rest_code=00105&code=00101008264&supplier_code=00100203&order_time=2020-09-12 HTTP/1.1" 200 412
222.69.138.46 - - [12/Sep/2020:09:00:11 +0800] "GET /xingrg/kc/buy/cgsh_order_operate.html?command=get_materiel&rest_code=00149&code=00101008125&supplier_code=00100005&order_time=2020-09-12 HTTP/1.1" 200 413
222.69.138.46 - - [12/Sep/2020:09:00:17 +0800] "POST /xingrg/kc/buy/cgsh_order_operate.html HTTP/1.1" 200 2065
114.82.29.189 - - [12/Sep/2020:09:00:17 +0800] "GET /xingrg/kc/buy/cgsh_order_operate.html?command=get_materiel&rest_code=00105&code=00101008356&supplier_code=00100203&order_time=2020-09-12 HTTP/1.1" 200 409
116.238.90.59 - - [12/Sep/2020:09:00:19 +0800] "GET /xingrg/javascript/jquery_easy_ui/themes/icons/area.png HTTP/1.1" 304 -
116.238.90.59 - - [12/Sep/2020:09:00:19 +0800] "GET /xingrg/javascript/jquery_easy_ui/themes/icons/rest.png HTTP/1.1" 304 -
114.82.29.189 - - [12/Sep/2020:09:00:22 +0800] "GET /xingrg/all/function/internal_message.html?_=1599872405603&CODE_STATE=getMsg HTTP/1.1" 200 27
222.69.138.46 - - [12/Sep/2020:09:00:22 +0800] "GET /xingrg/kc/buy/cgsh_order_operate.html?command=get_materiel&rest_code=00149&code=00101019224&supplier_code=00100005&order_time=2020-09-12 HTTP/1.1" 200 408
114.82.29.189 - - [12/Sep/2020:09:00:26 +0800] "GET /xingrg/kc/buy/cgsh_order_operate.html?command=get_materiel&rest_code=00105&code=00101008362&supplier_code=00100203&order_time=2020-09-12 HTTP/1.1" 200 408
172.17.0.104 - - [12/Sep/2020:09:00:27 +0800] "GET /xingrg/all/function/internal_message.html?_=1599872424321&CODE_STATE=getMsg HTTP/1.1" 200 27
172.17.0.104 - - [12/Sep/2020:09:00:27 +0800] "GET /xingrg/check_reg.html?_=1599872424323 HTTP/1.1" 200 22
120.253.135.82 - - [12/Sep/2020:09:00:32 +0800] "GET /xingrg/check_reg.html?_=1599872179136 HTTP/1.1" 200 22
222.69.138.46 - - [12/Sep/2020:09:00:33 +0800] "GET /xingrg/kc/buy/cgsh_order_operate.html?command=get_materiel&rest_code=00149&code=00101010237&supplier_code=00100005&order_time=2020-09-12 HTTP/1.1" 200 412
114.82.29.189 - - [12/Sep/2020:09:00:33 +0800] "GET /xingrg/kc/buy/cgsh_order_operate.html?command=get_materiel&rest_code=00105&code=00101008196&supplier_code=00100203&order_time=2020-09-12 HTTP/1.1" 200 416
120.253.135.82 - - [12/Sep/2020:09:00:34 +0800] "GET /xingrg/all/function/internal_message.html?_=1599872181287&CODE_STATE=getMsg HTTP/1.1" 200 27
116.235.241.164 - - [12/Sep/2020:09:00:39 +0800] "GET /xingrg/all/function/internal_message.html?_=1599872437760&CODE_STATE=getMsg HTTP/1.1" 200 27
114.82.29.189 - - [12/Sep/2020:09:00:39 +0800] "GET /xingrg/kc/buy/cgsh_order_operate.html?command=get_materiel&rest_code=00105&code=00101008223&supplier_code=00100203&order_time=2020-09-12 HTTP/1.1" 200 412
114.82.29.189 - - [12/Sep/2020:09:00:44 +0800] "GET /xingrg/kc/buy/cgsh_order_operate.html?command=get_materiel&rest_code=00105&code=00101008136&supplier_code=00100203&order_time=2020-09-12 HTTP/1.1" 200 413
120.253.135.82 - - [12/Sep/2020:09:00:45 +0800] "GET /xingrg/all/function/internal_message.html?_=1599872558833&CODE_STATE=getMsg HTTP/1.1" 200 27
222.69.138.46 - - [12/Sep/2020:09:00:45 +0800] "GET /xingrg/all/function/internal_message.html?_=1599872433606&CODE_STATE=getMsg HTTP/1.1" 200 27
114.82.29.189 - - [12/Sep/2020:09:00:54 +0800] "GET /xingrg/kc/buy/cgsh_order_operate.html?command=get_materiel&rest_code=00105&code=00101008238&supplier_code=00100203&order_time=2020-09-12 HTTP/1.1" 200 416
116.235.241.164 - - [12/Sep/2020:09:00:58 +0800] "GET /xingrg/all/function/internal_message.html?_=1599872456995&CODE_STATE=getMsg HTTP/1.1" 200 27
114.82.29.189 - - [12/Sep/2020:09:01:01 +0800] "GET /xingrg/kc/buy/cgsh_order_operate.html?command=get_materiel&rest_code=00105&code=00101008357&supplier_code=00100203&order_time=2020-09-12 HTTP/1.1" 200 408
116.238.71.173 - - [12/Sep/2020:09:01:04 +0800] "GET /xingrg/all/function/internal_message.html?_=1599872574989&CODE_STATE=getMsg HTTP/1.1" 200 27
114.82.29.189 - - [12/Sep/2020:09:01:04 +0800] "GET /xingrg/all/function/internal_message.html?_=1599872465315&CODE_STATE=getMsg HTTP/1.1" 200 27
114.82.29.189 - - [12/Sep/2020:09:01:07 +0800] "GET /xingrg/kc/buy/cgsh_order_operate.html?command=get_materiel&rest_code=00105&code=00101008069&supplier_code=00100203&order_time=2020-09-12 HTTP/1.1" 200 412
116.238.90.59 - - [12/Sep/2020:09:01:09 +0800] "GET /xingrg/all/function/internal_message.html?_=1599872674324&CODE_STATE=getMsg HTTP/1.1" 200 27
222.69.138.46 - - [12/Sep/2020:09:01:11 +0800] "POST /xingrg/kc/buy/cgsh_order_operate.html HTTP/1.1" 200 37
222.69.138.46 - - [12/Sep/2020:09:01:12 +0800] "POST /xingrg/kc/buy/cgsh_order_operate.html HTTP/1.1" 200 44679
114.82.29.189 - - [12/Sep/2020:09:01:13 +0800] "GET /xingrg/kc/buy/cgsh_order_operate.html?command=get_materiel&rest_code=00105&code=00101008036&supplier_code=00100203&order_time=2020-09-12 HTTP/1.1" 200 408
114.82.29.189 - - [12/Sep/2020:09:01:20 +0800] "GET /xingrg/kc/buy/cgsh_order_operate.html?command=get_materiel&rest_code=00105&code=00101008286&supplier_code=00100203&order_time=2020-09-12 HTTP/1.1" 200 408
114.82.29.189 - - [12/Sep/2020:09:01:22 +0800] "GET /xingrg/all/function/internal_message.html?_=1599872465603&CODE_STATE=getMsg HTTP/1.1" 200 27
114.82.29.189 - - [12/Sep/2020:09:01:26 +0800] "GET /xingrg/kc/buy/cgsh_order_operate.html?command=get_materiel&rest_code=00105&code=00101008131&supplier_code=00100203&order_time=2020-09-12 HTTP/1.1" 200 408
172.17.0.104 - - [12/Sep/2020:09:01:27 +0800] "GET /xingrg/all/function/internal_message.html?_=1599872484322&CODE_STATE=getMsg HTTP/1.1" 200 27
114.82.29.189 - - [12/Sep/2020:09:01:29 +0800] "POST /xingrg/kc/buy/cgsh_order_operate.html HTTP/1.1" 200 2065
114.82.29.189 - - [12/Sep/2020:09:01:31 +0800] "POST /xingrg/kc/buy/cgsh_order_operate.html HTTP/1.1" 200 2065
120.253.135.82 - - [12/Sep/2020:09:01:34 +0800] "GET /xingrg/all/function/internal_message.html?_=1599872241305&CODE_STATE=getMsg HTTP/1.1" 200 27
116.235.241.164 - - [12/Sep/2020:09:01:39 +0800] "GET /xingrg/all/function/internal_message.html?_=1599872497761&CODE_STATE=getMsg HTTP/1.1" 200 27
116.235.241.164 - - [12/Sep/2020:09:01:39 +0800] "GET /xingrg/check_reg.html?_=1599872497764 HTTP/1.1" 200 22
114.82.29.189 - - [12/Sep/2020:09:01:40 +0800] "GET /xingrg/kc/buy/cgsh_order_operate.html?command=get_materiel&rest_code=00105&code=00101008108&supplier_code=00100203&order_time=2020-09-12 HTTP/1.1" 200 412
120.253.135.82 - - [12/Sep/2020:09:01:45 +0800] "GET /xingrg/all/function/internal_message.html?_=1599872618844&CODE_STATE=getMsg HTTP/1.1" 200 27
222.69.138.46 - - [12/Sep/2020:09:01:45 +0800] "GET /xingrg/all/function/internal_message.html?_=1599872493596&CODE_STATE=getMsg HTTP/1.1" 200 27
114.82.29.189 - - [12/Sep/2020:09:01:45 +0800] "GET /xingrg/kc/buy/cgsh_order_operate.html?command=get_materiel&rest_code=00105&code=00101008318&supplier_code=00100203&order_time=2020-09-12 HTTP/1.1" 200 408
114.82.29.189 - - [12/Sep/2020:09:01:52 +0800] "GET /xingrg/kc/buy/cgsh_order_operate.html?command=get_materiel&rest_code=00105&code=00101008352&supplier_code=00100203&order_time=2020-09-12 HTTP/1.1" 200 412
116.235.241.164 - - [12/Sep/2020:09:01:58 +0800] "GET /xingrg/all/function/internal_message.html?_=1599872516993&CODE_STATE=getMsg HTTP/1.1" 200 27
116.235.241.164 - - [12/Sep/2020:09:01:58 +0800] "GET /xingrg/check_reg.html?_=1599872516995 HTTP/1.1" 200 22
114.82.29.189 - - [12/Sep/2020:09:02:00 +0800] "GET /xingrg/kc/buy/cgsh_order_operate.html?command=get_materiel&rest_code=00105&code=00101008005&supplier_code=00100203&order_time=2020-09-12 HTTP/1.1" 200 412
116.238.71.173 - - [12/Sep/2020:09:02:04 +0800] "GET /xingrg/all/function/internal_message.html?_=1599872635128&CODE_STATE=getMsg HTTP/1.1" 200 27
