222.69.138.46 - - [12/Sep/2020:09:19:45 +0800] "GET /xingrg/all/function/internal_message.html?_=1599873573628&CODE_STATE=getMsg HTTP/1.1" 200 27
114.88.166.242 - - [12/Sep/2020:09:19:50 +0800] "GET /xingrg/kc/buy/cgsh_order_operate.html?command=get_materiel&rest_code=00111&code=00101008357&supplier_code=00100005&order_time=2020-09-12 HTTP/1.1" 200 408
116.230.74.197 - - [12/Sep/2020:09:19:52 +0800] "GET /xingrg/all/function/internal_message.html?_=1599873590530&CODE_STATE=getMsg HTTP/1.1" 200 27
114.88.166.242 - - [12/Sep/2020:09:19:55 +0800] "GET /xingrg/kc/buy/cgsh_order_operate.html?command=get_materiel&rest_code=00111&code=00101008069&supplier_code=00100005&order_time=2020-09-12 HTTP/1.1" 200 412
58.40.7.146 - - [12/Sep/2020:09:19:58 +0800] "GET /xingrg/check_reg.html?_=1599873595844 HTTP/1.1" 200 22
116.235.241.164 - - [12/Sep/2020:09:19:58 +0800] "GET /xingrg/all/function/internal_message.html?_=1599873597021&CODE_STATE=getMsg HTTP/1.1" 200 27
114.88.166.242 - - [12/Sep/2020:09:20:00 +0800] "GET /xingrg/kc/buy/cgsh_order_operate.html?command=get_materiel&rest_code=00111&code=00101008006&supplier_code=00100005&order_time=2020-09-12 HTTP/1.1" 200 416
172.17.0.185 - - [12/Sep/2020:09:20:04 +0800] "GET /xingrg/check_reg.html?_=1599873600440 HTTP/1.1" 200 22
116.238.71.173 - - [12/Sep/2020:09:20:04 +0800] "GET /xingrg/all/function/internal_message.html?_=1599873715699&CODE_STATE=getMsg HTTP/1.1" 200 27
114.82.29.189 - - [12/Sep/2020:09:20:04 +0800] "GET /xingrg/all/function/internal_message.html?_=1599873605309&CODE_STATE=getMsg HTTP/1.1" 200 27
114.88.166.242 - - [12/Sep/2020:09:20:06 +0800] "GET /xingrg/kc/buy/cgsh_order_operate.html?command=get_materiel&rest_code=00111&code=00101008131&supplier_code=00100005&order_time=2020-09-12 HTTP/1.1" 200 408
114.88.166.242 - - [12/Sep/2020:09:20:07 +0800] "POST /xingrg/kc/buy/cgsh_order_operate.html HTTP/1.1" 200 2065
116.238.90.59 - - [12/Sep/2020:09:20:09 +0800] "GET /xingrg/check_reg.html?_=1599873814335 HTTP/1.1" 200 22
116.238.90.59 - - [12/Sep/2020:09:20:10 +0800] "GET /xingrg/all/function/internal_message.html?_=1599873815252&CODE_STATE=getMsg HTTP/1.1" 200 27
114.88.166.242 - - [12/Sep/2020:09:20:12 +0800] "GET /xingrg/kc/buy/cgsh_order_operate.html?command=get_materiel&rest_code=00111&code=00101008318&supplier_code=00100005&order_time=2020-09-12 HTTP/1.1" 200 408
114.82.29.189 - - [12/Sep/2020:09:20:22 +0800] "GET /xingrg/all/function/internal_message.html?_=1599873605639&CODE_STATE=getMsg HTTP/1.1" 200 27
172.17.0.104 - - [12/Sep/2020:09:20:27 +0800] "GET /xingrg/all/function/internal_message.html?_=1599873624401&CODE_STATE=getMsg HTTP/1.1" 200 27
172.17.0.104 - - [12/Sep/2020:09:20:27 +0800] "GET /xingrg/check_reg.html?_=1599873624403 HTTP/1.1" 200 22
114.88.166.242 - - [12/Sep/2020:09:20:36 +0800] "GET /xingrg/kc/buy/cgsh_order_operate.html?command=get_materiel&rest_code=00111&code=00101015070&supplier_code=00100005&order_time=2020-09-12 HTTP/1.1" 200 412
114.88.166.242 - - [12/Sep/2020:09:20:38 +0800] "GET /xingrg/check_reg.html?_=1599873701242 HTTP/1.1" 200 22
114.88.166.242 - - [12/Sep/2020:09:20:38 +0800] "GET /xingrg/all/function/internal_message.html?_=1599873701243&CODE_STATE=getMsg HTTP/1.1" 200 27
116.235.241.164 - - [12/Sep/2020:09:20:39 +0800] "GET /xingrg/all/function/internal_message.html?_=1599873637778&CODE_STATE=getMsg HTTP/1.1" 200 27
114.88.166.242 - - [12/Sep/2020:09:20:44 +0800] "GET /xingrg/kc/buy/cgsh_order_operate.html?command=get_materiel&rest_code=00111&code=00101008352&supplier_code=00100005&order_time=2020-09-12 HTTP/1.1" 200 412
120.253.135.82 - - [12/Sep/2020:09:20:45 +0800] "GET /xingrg/all/function/internal_message.html?_=1599873759114&CODE_STATE=getMsg HTTP/1.1" 200 27
222.69.138.46 - - [12/Sep/2020:09:20:45 +0800] "GET /xingrg/all/function/internal_message.html?_=1599873633632&CODE_STATE=getMsg HTTP/1.1" 200 27
114.88.166.242 - - [12/Sep/2020:09:20:52 +0800] "GET /xingrg/kc/buy/cgsh_order_operate.html?command=get_materiel&rest_code=00111&code=00101008005&supplier_code=00100005&order_time=2020-09-12 HTTP/1.1" 200 412
116.230.74.197 - - [12/Sep/2020:09:20:52 +0800] "GET /xingrg/all/function/internal_message.html?_=1599873650528&CODE_STATE=getMsg HTTP/1.1" 200 27
116.235.241.164 - - [12/Sep/2020:09:20:58 +0800] "GET /xingrg/all/function/internal_message.html?_=1599873657020&CODE_STATE=getMsg HTTP/1.1" 200 27
114.88.166.242 - - [12/Sep/2020:09:21:01 +0800] "GET /xingrg/kc/buy/cgsh_order_operate.html?command=get_materiel&rest_code=00111&code=00101008092&supplier_code=00100005&order_time=2020-09-12 HTTP/1.1" 200 412
114.88.166.242 - - [12/Sep/2020:09:21:03 +0800] "POST /xingrg/kc/buy/cgsh_order_operate.html HTTP/1.1" 200 2065
116.238.71.173 - - [12/Sep/2020:09:21:04 +0800] "GET /xingrg/all/function/internal_message.html?_=1599873775713&CODE_STATE=getMsg HTTP/1.1" 200 27
114.82.29.189 - - [12/Sep/2020:09:21:04 +0800] "GET /xingrg/all/function/internal_message.html?_=1599873665309&CODE_STATE=getMsg HTTP/1.1" 200 27
114.88.166.242 - - [12/Sep/2020:09:21:10 +0800] "GET /xingrg/kc/buy/cgsh_order_operate.html?command=get_materiel&rest_code=00111&code=00101008353&supplier_code=00100005&order_time=2020-09-12 HTTP/1.1" 200 408
116.238.90.59 - - [12/Sep/2020:09:21:10 +0800] "GET /xingrg/all/function/internal_message.html?_=1599873875421&CODE_STATE=getMsg HTTP/1.1" 200 27
114.88.166.242 - - [12/Sep/2020:09:21:17 +0800] "GET /xingrg/kc/buy/cgsh_order_operate.html?command=get_materiel&rest_code=00111&code=00101008298&supplier_code=00100005&order_time=2020-09-12 HTTP/1.1" 200 431
114.82.29.189 - - [12/Sep/2020:09:21:22 +0800] "GET /xingrg/all/function/internal_message.html?_=1599873665639&CODE_STATE=getMsg HTTP/1.1" 200 27
114.88.166.242 - - [12/Sep/2020:09:21:23 +0800] "GET /xingrg/kc/buy/cgsh_order_operate.html?command=get_materiel&rest_code=00111&code=00101008089&supplier_code=00100005&order_time=2020-09-12 HTTP/1.1" 200 408
172.17.0.104 - - [12/Sep/2020:09:21:27 +0800] "GET /xingrg/all/function/internal_message.html?_=1599873684402&CODE_STATE=getMsg HTTP/1.1" 200 27
114.88.166.242 - - [12/Sep/2020:09:21:38 +0800] "GET /xingrg/all/function/internal_message.html?_=1599873761215&CODE_STATE=getMsg HTTP/1.1" 200 27
114.88.166.242 - - [12/Sep/2020:09:21:39 +0800] "GET /xingrg/kc/buy/cgsh_order_operate.html?command=get_materiel&rest_code=00111&code=00101008036&supplier_code=00100005&order_time=2020-09-12 HTTP/1.1" 200 408
116.235.241.164 - - [12/Sep/2020:09:21:39 +0800] "GET /xingrg/check_reg.html?_=1599873697779 HTTP/1.1" 200 22
116.235.241.164 - - [12/Sep/2020:09:21:39 +0800] "GET /xingrg/all/function/internal_message.html?_=1599873697781&CODE_STATE=getMsg HTTP/1.1" 200 27
114.88.166.242 - - [12/Sep/2020:09:21:41 +0800] "POST /xingrg/kc/buy/cgsh_order_operate.html HTTP/1.1" 200 2065
114.88.166.242 - - [12/Sep/2020:09:21:45 +0800] "GET /xingrg/kc/buy/cgsh_order_operate.html?command=get_materiel&rest_code=00111&code=00101008350&supplier_code=00100005&order_time=2020-09-12 HTTP/1.1" 200 408
120.253.135.82 - - [12/Sep/2020:09:21:45 +0800] "GET /xingrg/all/function/internal_message.html?_=1599873819132&CODE_STATE=getMsg HTTP/1.1" 200 27
222.69.138.46 - - [12/Sep/2020:09:21:45 +0800] "GET /xingrg/all/function/internal_message.html?_=1599873693623&CODE_STATE=getMsg HTTP/1.1" 200 27
116.230.74.197 - - [12/Sep/2020:09:21:52 +0800] "GET /xingrg/all/function/internal_message.html?_=1599873710527&CODE_STATE=getMsg HTTP/1.1" 200 27
114.88.166.242 - - [12/Sep/2020:09:21:56 +0800] "GET /xingrg/kc/buy/cgsh_order_operate.html?command=get_materiel&rest_code=00111&code=00101008323&supplier_code=00100005&order_time=2020-09-12 HTTP/1.1" 200 408
116.235.241.164 - - [12/Sep/2020:09:21:58 +0800] "GET /xingrg/check_reg.html?_=1599873717022 HTTP/1.1" 200 22
116.235.241.164 - - [12/Sep/2020:09:21:58 +0800] "GET /xingrg/all/function/internal_message.html?_=1599873717023&CODE_STATE=getMsg HTTP/1.1" 200 27
114.88.166.242 - - [12/Sep/2020:09:22:04 +0800] "GET /xingrg/kc/buy/cgsh_order_operate.html?command=get_materiel&rest_code=00111&code=00101008175&supplier_code=00100005&order_time=2020-09-12 HTTP/1.1" 200 412
114.82.29.189 - - [12/Sep/2020:09:22:04 +0800] "GET /xingrg/all/function/internal_message.html?_=1599873725311&CODE_STATE=getMsg HTTP/1.1" 200 27
116.238.71.173 - - [12/Sep/2020:09:22:04 +0800] "GET /xingrg/all/function/internal_message.html?_=1599873835846&CODE_STATE=getMsg HTTP/1.1" 200 27
116.238.90.59 - - [12/Sep/2020:09:22:10 +0800] "GET /xingrg/all/function/internal_message.html?_=1599873935436&CODE_STATE=getMsg HTTP/1.1" 200 27
114.88.166.242 - - [12/Sep/2020:09:22:13 +0800] "GET /xingrg/kc/buy/cgsh_order_operate.html?command=get_materiel&rest_code=00111&code=00101008091&supplier_code=00100005&order_time=2020-09-12 HTTP/1.1" 200 413
114.88.166.242 - - [12/Sep/2020:09:22:19 +0800] "GET /xingrg/kc/buy/cgsh_order_operate.html?command=get_materiel&rest_code=00111&code=00101008302&supplier_code=00100005&order_time=2020-09-12 HTTP/1.1" 200 412
114.88.166.242 - - [12/Sep/2020:09:22:21 +0800] "POST /xingrg/kc/buy/cgsh_order_operate.html HTTP/1.1" 200 2065
114.82.29.189 - - [12/Sep/2020:09:22:22 +0800] "GET /xingrg/all/function/internal_message.html?_=1599873725639&CODE_STATE=getMsg HTTP/1.1" 200 27
58.37.9.106 - - [12/Sep/2020:09:22:26 +0800] "GET /xingrg/check_reg.html?_=1599873730736 HTTP/1.1" 200 22
172.17.0.104 - - [12/Sep/2020:09:22:27 +0800] "GET /xingrg/all/function/internal_message.html?_=1599873744401&CODE_STATE=getMsg HTTP/1.1" 200 27
114.88.166.242 - - [12/Sep/2020:09:22:38 +0800] "GET /xingrg/all/function/internal_message.html?_=1599873821185&CODE_STATE=getMsg HTTP/1.1" 200 27
116.235.241.164 - - [12/Sep/2020:09:22:39 +0800] "GET /xingrg/all/function/internal_message.html?_=1599873757781&CODE_STATE=getMsg HTTP/1.1" 200 27
120.253.135.82 - - [12/Sep/2020:09:22:45 +0800] "GET /xingrg/all/function/internal_message.html?_=1599873879155&CODE_STATE=getMsg HTTP/1.1" 200 27
222.69.138.46 - - [12/Sep/2020:09:22:45 +0800] "GET /xingrg/all/function/internal_message.html?_=1599873753624&CODE_STATE=getMsg HTTP/1.1" 200 27
222.69.138.46 - - [12/Sep/2020:09:22:45 +0800] "GET /xingrg/check_reg.html?_=1599873753628 HTTP/1.1" 200 22
116.230.74.197 - - [12/Sep/2020:09:22:52 +0800] "GET /xingrg/all/function/internal_message.html?_=1599873770543&CODE_STATE=getMsg HTTP/1.1" 200 27
116.230.74.197 - - [12/Sep/2020:09:22:52 +0800] "GET /xingrg/check_reg.html?_=1599873770545 HTTP/1.1" 200 22
114.88.166.242 - - [12/Sep/2020:09:22:53 +0800] "GET /xingrg/kc/buy/cgsh_order_operate.html?command=get_materiel&rest_code=00111&code=00101008132&supplier_code=00100005&order_time=2020-09-12 HTTP/1.1" 200 408
116.235.241.164 - - [12/Sep/2020:09:22:58 +0800] "GET /xingrg/all/function/internal_message.html?_=1599873777009&CODE_STATE=getMsg HTTP/1.1" 200 27
114.82.29.189 - - [12/Sep/2020:09:23:04 +0800] "GET /xingrg/all/function/internal_message.html?_=1599873785311&CODE_STATE=getMsg HTTP/1.1" 200 27
116.238.71.173 - - [12/Sep/2020:09:23:04 +0800] "GET /xingrg/all/function/internal_message.html?_=1599873895849&CODE_STATE=getMsg HTTP/1.1" 200 27
114.88.166.242 - - [12/Sep/2020:09:23:07 +0800] "GET /xingrg/kc/buy/cgsh_order_operate.html?command=get_materiel&rest_code=00111&code=00101008349&supplier_code=00100005&order_time=2020-09-12 HTTP/1.1" 200 414
116.238.90.59 - - [12/Sep/2020:09:23:11 +0800] "GET /xingrg/all/function/internal_message.html?_=1599873995687&CODE_STATE=getMsg HTTP/1.1" 200 27
114.82.29.189 - - [12/Sep/2020:09:23:22 +0800] "GET /xingrg/check_reg.html?_=1599873785639 HTTP/1.1" 200 22
114.82.29.189 - - [12/Sep/2020:09:23:22 +0800] "GET /xingrg/all/function/internal_message.html?_=1599873785642&CODE_STATE=getMsg HTTP/1.1" 200 27
172.17.0.104 - - [12/Sep/2020:09:23:27 +0800] "GET /xingrg/all/function/internal_message.html?_=1599873804400&CODE_STATE=getMsg HTTP/1.1" 200 27
120.253.135.82 - - [12/Sep/2020:09:23:32 +0800] "GET /xingrg/check_reg.html?_=1599873925607 HTTP/1.1" 200 22
114.88.166.242 - - [12/Sep/2020:09:23:36 +0800] "POST /xingrg/kc/buy/cgsh_order_operate.html HTTP/1.1" 200 2065
114.88.166.242 - - [12/Sep/2020:09:23:38 +0800] "GET /xingrg/all/function/internal_message.html?_=1599873881244&CODE_STATE=getMsg HTTP/1.1" 200 27
116.235.241.164 - - [12/Sep/2020:09:23:39 +0800] "GET /xingrg/all/function/internal_message.html?_=1599873817787&CODE_STATE=getMsg HTTP/1.1" 200 27
120.253.135.82 - - [12/Sep/2020:09:23:45 +0800] "GET /xingrg/all/function/internal_message.html?_=1599873939158&CODE_STATE=getMsg HTTP/1.1" 200 27
222.69.138.46 - - [12/Sep/2020:09:23:45 +0800] "GET /xingrg/all/function/internal_message.html?_=1599873813624&CODE_STATE=getMsg HTTP/1.1" 200 27
114.88.166.242 - - [12/Sep/2020:09:23:48 +0800] "GET /xingrg/kc/buy/cgsh_order_operate.html?command=get_materiel&rest_code=00111&code=00101008126&supplier_code=00100005&order_time=2020-09-12 HTTP/1.1" 200 412
116.230.74.197 - - [12/Sep/2020:09:23:52 +0800] "GET /xingrg/all/function/internal_message.html?_=1599873830545&CODE_STATE=getMsg HTTP/1.1" 200 27
116.235.241.164 - - [12/Sep/2020:09:23:58 +0800] "GET /xingrg/all/function/internal_message.html?_=1599873837025&CODE_STATE=getMsg HTTP/1.1" 200 27
116.230.74.197 - - [12/Sep/2020:09:24:03 +0800] "GET /xingrg/kc/buy/cgsh_order_add.html HTTP/1.1" 200 59715
116.230.74.197 - - [12/Sep/2020:09:24:04 +0800] "GET /xingrg/javascript/easyui/themes/default/validatebox.css HTTP/1.1" 404 1104
116.230.74.197 - - [12/Sep/2020:09:24:04 +0800] "POST /xingrg/kc/buy/cgsh_order_operate.html HTTP/1.1" 200 8245
116.238.71.173 - - [12/Sep/2020:09:24:04 +0800] "GET /xingrg/check_reg.html?_=1599873955039 HTTP/1.1" 200 22
114.82.29.189 - - [12/Sep/2020:09:24:04 +0800] "GET /xingrg/all/function/internal_message.html?_=1599873845340&CODE_STATE=getMsg HTTP/1.1" 200 27
114.82.29.189 - - [12/Sep/2020:09:24:04 +0800] "GET /xingrg/check_reg.html?_=1599873845343 HTTP/1.1" 200 22
116.238.71.173 - - [12/Sep/2020:09:24:04 +0800] "GET /xingrg/all/function/internal_message.html?_=1599873955863&CODE_STATE=getMsg HTTP/1.1" 200 27
116.230.74.197 - - [12/Sep/2020:09:24:06 +0800] "GET /xingrg/javascript/easyui/themes/default/tree.css HTTP/1.1" 404 1090
116.230.74.197 - - [12/Sep/2020:09:24:06 +0800] "POST /xingrg/all/common/load_tree.html?tree=supplier_tree_json&isDelete=1 HTTP/1.1" 200 50169
116.238.90.59 - - [12/Sep/2020:09:24:11 +0800] "GET /xingrg/all/function/internal_message.html?_=1599874055903&CODE_STATE=getMsg HTTP/1.1" 200 27
114.88.166.242 - - [12/Sep/2020:09:24:18 +0800] "GET /xingrg/kc/buy/cgsh_order_operate.html?command=get_materiel&rest_code=00111&code=00101008196&supplier_code=00100005&order_time=2020-09-12 HTTP/1.1" 200 416
114.88.166.242 - - [12/Sep/2020:09:24:20 +0800] "POST /xingrg/kc/buy/cgsh_order_operate.html HTTP/1.1" 200 2065
114.82.29.189 - - [12/Sep/2020:09:24:22 +0800] "GET /xingrg/all/function/internal_message.html?_=1599873845667&CODE_STATE=getMsg HTTP/1.1" 200 27
172.17.0.104 - - [12/Sep/2020:09:24:27 +0800] "GET /xingrg/all/function/internal_message.html?_=1599873864426&CODE_STATE=getMsg HTTP/1.1" 200 27
114.88.166.242 - - [12/Sep/2020:09:24:31 +0800] "GET /xingrg/kc/buy/cgsh_order_operate.html?command=get_materiel&rest_code=00111&code=00101008295&supplier_code=00100005&order_time=2020-09-12 HTTP/1.1" 200 412
114.88.166.242 - - [12/Sep/2020:09:24:38 +0800] "GET /xingrg/all/function/internal_message.html?_=1599873941172&CODE_STATE=getMsg HTTP/1.1" 200 27
116.235.241.164 - - [12/Sep/2020:09:24:39 +0800] "GET /xingrg/all/function/internal_message.html?_=1599873877787&CODE_STATE=getMsg HTTP/1.1" 200 27
114.88.166.242 - - [12/Sep/2020:09:24:45 +0800] "GET /xingrg/kc/buy/cgsh_order_operate.html?command=get_materiel&rest_code=00111&code=00101008305&supplier_code=00100005&order_time=2020-09-12 HTTP/1.1" 200 412
116.230.74.197 - - [12/Sep/2020:09:24:45 +0800] "GET /xingrg/kc/buy/cgsh_order_operate.html?command=get_materiel&rest_code=00107&code=00101008045&supplier_code=00100006&order_time=2020-09-12 HTTP/1.1" 200 412
222.69.138.46 - - [12/Sep/2020:09:24:45 +0800] "GET /xingrg/all/function/internal_message.html?_=1599873873627&CODE_STATE=getMsg HTTP/1.1" 200 27
120.253.135.82 - - [12/Sep/2020:09:24:45 +0800] "GET /xingrg/all/function/internal_message.html?_=1599873999171&CODE_STATE=getMsg HTTP/1.1" 200 27
114.88.166.242 - - [12/Sep/2020:09:24:48 +0800] "POST /xingrg/kc/buy/cgsh_order_operate.html HTTP/1.1" 200 2065
114.88.166.242 - - [12/Sep/2020:09:24:50 +0800] "GET /xingrg/kc/buy/cgsh_order_operate.html?command=get_materiel&rest_code=00111&code=00101008010&supplier_code=00100005&order_time=2020-09-12 HTTP/1.1" 200 412
116.230.74.197 - - [12/Sep/2020:09:24:53 +0800] "GET /xingrg/all/function/internal_message.html?_=1599873890545&CODE_STATE=getMsg HTTP/1.1" 200 27
116.238.90.59 - - [12/Sep/2020:09:24:54 +0800] "GET /xingrg/javascript/easyui/themes/default/tree.css HTTP/1.1" 404 1090
116.238.90.59 - - [12/Sep/2020:09:24:54 +0800] "POST /xingrg/all/common/load_tree.html?tree=supplier_tree_json&isDelete=1 HTTP/1.1" 200 50169
114.88.166.242 - - [12/Sep/2020:09:24:55 +0800] "GET /xingrg/kc/buy/cgsh_order_operate.html?command=get_materiel&rest_code=00111&code=00101008306&supplier_code=00100005&order_time=2020-09-12 HTTP/1.1" 200 412
58.40.7.146 - - [12/Sep/2020:09:24:58 +0800] "GET /xingrg/check_reg.html?_=1599873895821 HTTP/1.1" 200 22
116.235.241.164 - - [12/Sep/2020:09:24:58 +0800] "GET /xingrg/all/function/internal_message.html?_=1599873897024&CODE_STATE=getMsg HTTP/1.1" 200 27
116.230.74.197 - - [12/Sep/2020:09:24:58 +0800] "GET /xingrg/kc/buy/cgsh_order_operate.html?command=get_materiel&rest_code=00107&code=00101008351&supplier_code=00100006&order_time=2020-09-12 HTTP/1.1" 200 409
114.88.166.242 - - [12/Sep/2020:09:25:00 +0800] "GET /xingrg/kc/buy/cgsh_order_operate.html?command=get_materiel&rest_code=00111&code=00101008055&supplier_code=00100005&order_time=2020-09-12 HTTP/1.1" 200 409
172.17.0.185 - - [12/Sep/2020:09:25:04 +0800] "GET /xingrg/check_reg.html?_=1599873900425 HTTP/1.1" 200 22
114.82.29.189 - - [12/Sep/2020:09:25:04 +0800] "GET /xingrg/all/function/internal_message.html?_=1599873905343&CODE_STATE=getMsg HTTP/1.1" 200 27
116.238.71.173 - - [12/Sep/2020:09:25:04 +0800] "GET /xingrg/all/function/internal_message.html?_=1599874015877&CODE_STATE=getMsg HTTP/1.1" 200 27
116.238.90.59 - - [12/Sep/2020:09:25:10 +0800] "GET /xingrg/check_reg.html?_=1599874114342 HTTP/1.1" 200 22
116.238.90.59 - - [12/Sep/2020:09:25:11 +0800] "GET /xingrg/all/function/internal_message.html?_=1599874116071&CODE_STATE=getMsg HTTP/1.1" 200 27
116.230.74.197 - - [12/Sep/2020:09:25:11 +0800] "GET /xingrg/kc/buy/cgsh_order_operate.html?command=get_materiel&rest_code=00107&code=00101008119&supplier_code=00100006&order_time=2020-09-12 HTTP/1.1" 200 412
116.238.90.59 - - [12/Sep/2020:09:25:14 +0800] "GET /xingrg/kc/buy/cgsh_order_operate.html?command=get_materiel&rest_code=00102&code=00101007001&supplier_code=00100002&order_time=2020-09-12 HTTP/1.1" 200 409
114.88.166.242 - - [12/Sep/2020:09:25:15 +0800] "POST /xingrg/kc/buy/cgsh_order_operate.html HTTP/1.1" 200 2065
116.230.74.197 - - [12/Sep/2020:09:25:20 +0800] "GET /xingrg/kc/buy/cgsh_order_operate.html?command=get_materiel&rest_code=00107&code=00101008096&supplier_code=00100006&order_time=2020-09-12 HTTP/1.1" 200 412
114.82.29.189 - - [12/Sep/2020:09:25:22 +0800] "GET /xingrg/all/function/internal_message.html?_=1599873905666&CODE_STATE=getMsg HTTP/1.1" 200 27
114.88.166.242 - - [12/Sep/2020:09:25:26 +0800] "GET /xingrg/kc/buy/cgsh_order_operate.html?command=get_materiel&rest_code=00111&code=00101008112&supplier_code=00100005&order_time=2020-09-12 HTTP/1.1" 200 412
172.17.0.104 - - [12/Sep/2020:09:25:27 +0800] "GET /xingrg/all/function/internal_message.html?_=1599873924427&CODE_STATE=getMsg HTTP/1.1" 200 27
172.17.0.104 - - [12/Sep/2020:09:25:27 +0800] "GET /xingrg/check_reg.html?_=1599873924429 HTTP/1.1" 200 22
116.238.90.59 - - [12/Sep/2020:09:25:30 +0800] "GET /xingrg/kc/buy/cgsh_order_operate.html?command=get_materiel&rest_code=00102&code=00101007048&supplier_code=00100002&order_time=2020-09-12 HTTP/1.1" 200 408
114.88.166.242 - - [12/Sep/2020:09:25:33 +0800] "GET /xingrg/kc/buy/cgsh_order_operate.html?command=get_materiel&rest_code=00111&code=00101008168&supplier_code=00100005&order_time=2020-09-12 HTTP/1.1" 200 413
114.88.166.242 - - [12/Sep/2020:09:25:38 +0800] "GET /xingrg/kc/buy/cgsh_order_operate.html?command=get_materiel&rest_code=00111&code=00101008165&supplier_code=00100005&order_time=2020-09-12 HTTP/1.1" 200 416
114.88.166.242 - - [12/Sep/2020:09:25:38 +0800] "GET /xingrg/check_reg.html?_=1599874001158 HTTP/1.1" 200 22
114.88.166.242 - - [12/Sep/2020:09:25:38 +0800] "GET /xingrg/all/function/internal_message.html?_=1599874001159&CODE_STATE=getMsg HTTP/1.1" 200 27
116.235.241.164 - - [12/Sep/2020:09:25:39 +0800] "GET /xingrg/all/function/internal_message.html?_=1599873937790&CODE_STATE=getMsg HTTP/1.1" 200 27
114.88.166.242 - - [12/Sep/2020:09:25:39 +0800] "POST /xingrg/kc/buy/cgsh_order_operate.html HTTP/1.1" 200 2065
116.238.90.59 - - [12/Sep/2020:09:25:44 +0800] "GET /xingrg/kc/buy/cgsh_order_operate.html?command=get_materiel&rest_code=00102&code=00101007081&supplier_code=00100002&order_time=2020-09-12 HTTP/1.1" 200 413
222.69.138.46 - - [12/Sep/2020:09:25:45 +0800] "GET /xingrg/all/function/internal_message.html?_=1599873933630&CODE_STATE=getMsg HTTP/1.1" 200 27
120.253.135.82 - - [12/Sep/2020:09:25:45 +0800] "GET /xingrg/all/function/internal_message.html?_=1599874059201&CODE_STATE=getMsg HTTP/1.1" 200 27
114.88.166.242 - - [12/Sep/2020:09:25:46 +0800] "GET /xingrg/kc/buy/cgsh_order_operate.html?command=get_materiel&rest_code=00111&code=00101008236&supplier_code=00100005&order_time=2020-09-12 HTTP/1.1" 200 417
116.230.74.197 - - [12/Sep/2020:09:25:47 +0800] "GET /xingrg/kc/buy/cgsh_order_operate.html?command=get_materiel&rest_code=00107&code=00101008038&supplier_code=00100006&order_time=2020-09-12 HTTP/1.1" 200 412
116.230.74.197 - - [12/Sep/2020:09:25:52 +0800] "GET /xingrg/all/function/internal_message.html?_=1599873950559&CODE_STATE=getMsg HTTP/1.1" 200 27
116.238.90.59 - - [12/Sep/2020:09:25:55 +0800] "GET /xingrg/kc/buy/cgsh_order_operate.html?command=get_materiel&rest_code=00102&code=00101007085&supplier_code=00100002&order_time=2020-09-12 HTTP/1.1" 200 413
116.235.241.164 - - [12/Sep/2020:09:25:58 +0800] "GET /xingrg/all/function/internal_message.html?_=1599873957026&CODE_STATE=getMsg HTTP/1.1" 200 27
114.88.166.242 - - [12/Sep/2020:09:25:59 +0800] "GET /xingrg/kc/buy/cgsh_order_operate.html?command=get_materiel&rest_code=00111&code=00101008223&supplier_code=00100005&order_time=2020-09-12 HTTP/1.1" 200 412
114.88.166.242 - - [12/Sep/2020:09:26:04 +0800] "GET /xingrg/kc/buy/cgsh_order_operate.html?command=get_materiel&rest_code=00111&code=00101008230&supplier_code=00100005&order_time=2020-09-12 HTTP/1.1" 200 408
114.82.29.189 - - [12/Sep/2020:09:26:04 +0800] "GET /xingrg/all/function/internal_message.html?_=1599873965345&CODE_STATE=getMsg HTTP/1.1" 200 27
116.238.71.173 - - [12/Sep/2020:09:26:04 +0800] "GET /xingrg/all/function/internal_message.html?_=1599874075890&CODE_STATE=getMsg HTTP/1.1" 200 27
116.238.90.59 - - [12/Sep/2020:09:26:06 +0800] "GET /xingrg/kc/buy/cgsh_order_operate.html?command=get_materiel&rest_code=00102&code=00101007038&supplier_code=00100002&order_time=2020-09-12 HTTP/1.1" 200 443
114.88.166.242 - - [12/Sep/2020:09:26:09 +0800] "POST /xingrg/kc/buy/cgsh_order_operate.html HTTP/1.1" 200 2065
116.238.90.59 - - [12/Sep/2020:09:26:12 +0800] "GET /xingrg/all/function/internal_message.html?_=1599874176594&CODE_STATE=getMsg HTTP/1.1" 200 27
116.230.74.197 - - [12/Sep/2020:09:26:18 +0800] "GET /xingrg/kc/buy/cgsh_order_operate.html?command=get_materiel&rest_code=00107&code=00101008283&supplier_code=00100006&order_time=2020-09-12 HTTP/1.1" 200 408
114.82.29.189 - - [12/Sep/2020:09:26:22 +0800] "GET /xingrg/all/function/internal_message.html?_=1599873965666&CODE_STATE=getMsg HTTP/1.1" 200 27
116.230.74.197 - - [12/Sep/2020:09:26:26 +0800] "GET /xingrg/kc/buy/cgsh_order_operate.html?command=get_materiel&rest_code=00107&code=00101008362&supplier_code=00100006&order_time=2020-09-12 HTTP/1.1" 200 408
172.17.0.104 - - [12/Sep/2020:09:26:27 +0800] "GET /xingrg/all/function/internal_message.html?_=1599873984429&CODE_STATE=getMsg HTTP/1.1" 200 27
116.230.74.197 - - [12/Sep/2020:09:26:36 +0800] "GET /xingrg/kc/buy/cgsh_order_operate.html?command=get_materiel&rest_code=00107&code=00101008146&supplier_code=00100006&order_time=2020-09-12 HTTP/1.1" 200 416
114.88.166.242 - - [12/Sep/2020:09:26:38 +0800] "GET /xingrg/all/function/internal_message.html?_=1599874061306&CODE_STATE=getMsg HTTP/1.1" 200 27
116.235.241.164 - - [12/Sep/2020:09:26:39 +0800] "GET /xingrg/check_reg.html?_=1599873997789 HTTP/1.1" 200 22
116.235.241.164 - - [12/Sep/2020:09:26:39 +0800] "GET /xingrg/all/function/internal_message.html?_=1599873997790&CODE_STATE=getMsg HTTP/1.1" 200 27
114.88.166.242 - - [12/Sep/2020:09:26:42 +0800] "GET /xingrg/kc/buy/cgsh_order_operate.html?command=get_materiel&rest_code=00111&code=00101008114&supplier_code=00100005&order_time=2020-09-12 HTTP/1.1" 200 412
116.238.90.59 - - [12/Sep/2020:09:26:43 +0800] "GET /xingrg/kc/buy/cgsh_order_operate.html?command=get_materiel&rest_code=00102&code=00101007044&supplier_code=00100002&order_time=2020-09-12 HTTP/1.1" 200 424
222.69.138.46 - - [12/Sep/2020:09:26:45 +0800] "GET /xingrg/all/function/internal_message.html?_=1599873993629&CODE_STATE=getMsg HTTP/1.1" 200 27
120.253.135.82 - - [12/Sep/2020:09:26:45 +0800] "GET /xingrg/all/function/internal_message.html?_=1599874119215&CODE_STATE=getMsg HTTP/1.1" 200 27
116.230.74.197 - - [12/Sep/2020:09:26:46 +0800] "GET /xingrg/kc/buy/cgsh_order_operate.html?command=get_materiel&rest_code=00107&code=00101008168&supplier_code=00100006&order_time=2020-09-12 HTTP/1.1" 200 413
116.230.74.197 - - [12/Sep/2020:09:26:53 +0800] "GET /xingrg/all/function/internal_message.html?_=1599874010548&CODE_STATE=getMsg HTTP/1.1" 200 27
114.88.166.242 - - [12/Sep/2020:09:26:53 +0800] "GET /xingrg/kc/buy/cgsh_order_operate.html?command=get_materiel&rest_code=00111&code=00101008061&supplier_code=00100005&order_time=2020-09-12 HTTP/1.1" 200 422
116.230.74.197 - - [12/Sep/2020:09:26:56 +0800] "GET /xingrg/kc/buy/cgsh_order_operate.html?command=get_materiel&rest_code=00107&code=00101008147&supplier_code=00100006&order_time=2020-09-12 HTTP/1.1" 200 416
114.88.166.242 - - [12/Sep/2020:09:26:57 +0800] "POST /xingrg/kc/buy/cgsh_order_operate.html HTTP/1.1" 200 2065
116.235.241.164 - - [12/Sep/2020:09:26:58 +0800] "GET /xingrg/check_reg.html?_=1599874017026 HTTP/1.1" 200 22
116.235.241.164 - - [12/Sep/2020:09:26:58 +0800] "GET /xingrg/all/function/internal_message.html?_=1599874017028&CODE_STATE=getMsg HTTP/1.1" 200 27
114.88.166.242 - - [12/Sep/2020:09:27:03 +0800] "GET /xingrg/kc/buy/cgsh_order_operate.html?command=get_materiel&rest_code=00111&code=00101008095&supplier_code=00100005&order_time=2020-09-12 HTTP/1.1" 200 412
114.82.29.189 - - [12/Sep/2020:09:27:04 +0800] "GET /xingrg/all/function/internal_message.html?_=1599874025346&CODE_STATE=getMsg HTTP/1.1" 200 27
116.238.71.173 - - [12/Sep/2020:09:27:04 +0800] "GET /xingrg/all/function/internal_message.html?_=1599874135904&CODE_STATE=getMsg HTTP/1.1" 200 27
116.230.74.197 - - [12/Sep/2020:09:27:07 +0800] "GET /xingrg/kc/buy/cgsh_order_operate.html?command=get_materiel&rest_code=00107&code=00101008357&supplier_code=00100006&order_time=2020-09-12 HTTP/1.1" 200 408
116.238.90.59 - - [12/Sep/2020:09:27:12 +0800] "GET /xingrg/all/function/internal_message.html?_=1599874236596&CODE_STATE=getMsg HTTP/1.1" 200 27
116.230.74.197 - - [12/Sep/2020:09:27:14 +0800] "GET /xingrg/kc/buy/cgsh_order_operate.html?command=get_materiel&rest_code=00107&code=00101008230&supplier_code=00100006&order_time=2020-09-12 HTTP/1.1" 200 408
114.82.29.189 - - [12/Sep/2020:09:27:22 +0800] "GET /xingrg/all/function/internal_message.html?_=1599874025666&CODE_STATE=getMsg HTTP/1.1" 200 27
114.88.166.242 - - [12/Sep/2020:09:27:24 +0800] "POST /xingrg/kc/buy/cgsh_order_operate.html HTTP/1.1" 200 37
116.230.74.197 - - [12/Sep/2020:09:27:24 +0800] "GET /xingrg/kc/buy/cgsh_order_operate.html?command=get_materiel&rest_code=00107&code=00101008286&supplier_code=00100006&order_time=2020-09-12 HTTP/1.1" 200 408
114.88.166.242 - - [12/Sep/2020:09:27:26 +0800] "POST /xingrg/kc/buy/cgsh_order_operate.html HTTP/1.1" 200 50525
58.37.9.106 - - [12/Sep/2020:09:27:26 +0800] "GET /xingrg/check_reg.html?_=1599874030744 HTTP/1.1" 200 22
172.17.0.104 - - [12/Sep/2020:09:27:27 +0800] "GET /xingrg/all/function/internal_message.html?_=1599874044429&CODE_STATE=getMsg HTTP/1.1" 200 27
114.88.166.242 - - [12/Sep/2020:09:27:28 +0800] "GET /xingrg/kc/print/load_config.html?kc_code=cgsh HTTP/1.1" 200 1845
114.88.166.242 - - [12/Sep/2020:09:27:28 +0800] "GET /xingrg/kc/print/load_data.html?order_code=212020091204919&kc_code=cgsh&condition= HTTP/1.1" 200 18765
116.230.74.197 - - [12/Sep/2020:09:27:37 +0800] "GET /xingrg/kc/buy/cgsh_order_operate.html?command=get_materiel&rest_code=00107&code=00101008036&supplier_code=00100006&order_time=2020-09-12 HTTP/1.1" 200 408
114.88.166.242 - - [12/Sep/2020:09:27:38 +0800] "GET /xingrg/all/function/internal_message.html?_=1599874121192&CODE_STATE=getMsg HTTP/1.1" 200 27
116.235.241.164 - - [12/Sep/2020:09:27:39 +0800] "GET /xingrg/all/function/internal_message.html?_=1599874057791&CODE_STATE=getMsg HTTP/1.1" 200 27
222.69.138.46 - - [12/Sep/2020:09:27:45 +0800] "GET /xingrg/check_reg.html?_=1599874053637 HTTP/1.1" 200 22
222.69.138.46 - - [12/Sep/2020:09:27:45 +0800] "GET /xingrg/all/function/internal_message.html?_=1599874053633&CODE_STATE=getMsg HTTP/1.1" 200 27
120.253.135.82 - - [12/Sep/2020:09:27:45 +0800] "GET /xingrg/all/function/internal_message.html?_=1599874179238&CODE_STATE=getMsg HTTP/1.1" 200 27
114.82.29.189 - - [12/Sep/2020:09:27:49 +0800] "POST /xingrg/services/DataTransmitService HTTP/1.1" 200 524
114.82.29.189 - - [12/Sep/2020:09:27:50 +0800] "POST /xingrg/services/DataTransmitService HTTP/1.1" 200 501
114.82.29.189 - - [12/Sep/2020:09:27:50 +0800] "POST /xingrg/services/DataTransmitService HTTP/1.1" 200 501
116.230.74.197 - - [12/Sep/2020:09:27:50 +0800] "GET /xingrg/kc/buy/cgsh_order_operate.html?command=get_materiel&rest_code=00107&code=00101008131&supplier_code=00100006&order_time=2020-09-12 HTTP/1.1" 200 408
114.82.29.189 - - [12/Sep/2020:09:27:51 +0800] "POST /xingrg/services/DataTransmitService HTTP/1.1" 200 501
114.82.29.189 - - [12/Sep/2020:09:27:52 +0800] "POST /xingrg/services/DataTransmitService HTTP/1.1" 200 501
116.230.74.197 - - [12/Sep/2020:09:27:52 +0800] "GET /xingrg/all/function/internal_message.html?_=1599874070571&CODE_STATE=getMsg HTTP/1.1" 200 27
116.230.74.197 - - [12/Sep/2020:09:27:52 +0800] "GET /xingrg/check_reg.html?_=1599874070580 HTTP/1.1" 200 22
114.82.29.189 - - [12/Sep/2020:09:27:53 +0800] "POST /xingrg/services/DataTransmitService HTTP/1.1" 200 501
114.82.29.189 - - [12/Sep/2020:09:27:53 +0800] "POST /xingrg/services/DataTransmitService HTTP/1.1" 200 501
114.82.29.189 - - [12/Sep/2020:09:27:54 +0800] "POST /xingrg/services/DataTransmitService HTTP/1.1" 200 501
114.82.29.189 - - [12/Sep/2020:09:27:54 +0800] "POST /xingrg/services/DataTransmitService HTTP/1.1" 200 501
114.82.29.189 - - [12/Sep/2020:09:27:57 +0800] "POST /xingrg/services/DataTransmitService HTTP/1.1" 200 412
116.235.241.164 - - [12/Sep/2020:09:27:58 +0800] "GET /xingrg/all/function/internal_message.html?_=1599874077030&CODE_STATE=getMsg HTTP/1.1" 200 27
116.230.74.197 - - [12/Sep/2020:09:27:59 +0800] "GET /xingrg/kc/buy/cgsh_order_operate.html?command=get_materiel&rest_code=00107&code=00101008318&supplier_code=00100006&order_time=2020-09-12 HTTP/1.1" 200 408
114.88.166.242 - - [12/Sep/2020:09:28:00 +0800] "GET /xingrg/index.html?sysBaseUrl=http%3A%2F%2F180.169.147.146%3A18081%2Fxingrg%2F&costTime=38×tamp=1588335986102 HTTP/1.1" 302 -
114.88.166.242 - - [12/Sep/2020:09:28:00 +0800] "GET /xingrg/login.html HTTP/1.1" 200 7641
114.88.166.242 - - [12/Sep/2020:09:28:01 +0800] "GET /favicon.ico HTTP/1.1" 404 -
114.82.29.189 - - [12/Sep/2020:09:28:04 +0800] "GET /xingrg/all/function/internal_message.html?_=1599874085347&CODE_STATE=getMsg HTTP/1.1" 200 27
116.238.71.173 - - [12/Sep/2020:09:28:05 +0800] "GET /xingrg/all/function/internal_message.html?_=1599874196029&CODE_STATE=getMsg HTTP/1.1" 200 27
114.82.29.189 - - [12/Sep/2020:09:28:06 +0800] "POST /xingrg/services/DataTransmitService HTTP/1.1" 200 524
114.82.29.189 - - [12/Sep/2020:09:28:06 +0800] "POST /xingrg/services/DataTransmitService HTTP/1.1" 200 501
114.82.29.189 - - [12/Sep/2020:09:28:06 +0800] "POST /xingrg/services/DataTransmitService HTTP/1.1" 200 501
114.88.166.242 - - [12/Sep/2020:09:28:07 +0800] "POST /xingrg/login.do HTTP/1.1" 302 -
114.88.166.242 - - [12/Sep/2020:09:28:07 +0800] "GET /xingrg/index.html?sysBaseUrl=http%3A%2F%2F180.169.147.146%3A18081%2Fxingrg%2F&costTime=37×tamp=1599874087014 HTTP/1.1" 200 17173
114.88.166.242 - - [12/Sep/2020:09:28:07 +0800] "GET /favicon.ico HTTP/1.1" 404 -
114.88.166.242 - - [12/Sep/2020:09:28:07 +0800] "POST /xingrg/all/common/load_tree.html?tree=area_rest_tree_json&manage=1 HTTP/1.1" 200 342
114.88.166.242 - - [12/Sep/2020:09:28:07 +0800] "GET /xingrg/all/function/internal_message.html?_=1599874149975&CODE_STATE=count HTTP/1.1" 200 11
114.88.166.242 - - [12/Sep/2020:09:28:07 +0800] "GET /xingrg/check_reg.html?_=1599874149977 HTTP/1.1" 200 22
114.88.166.242 - - [12/Sep/2020:09:28:07 +0800] "POST /xingrg/load_menu.html HTTP/1.1" 200 5138
114.82.29.189 - - [12/Sep/2020:09:28:07 +0800] "POST /xingrg/services/DataTransmitService HTTP/1.1" 200 501
114.82.29.189 - - [12/Sep/2020:09:28:09 +0800] "POST /xingrg/services/DataTransmitService HTTP/1.1" 200 501
114.82.29.189 - - [12/Sep/2020:09:28:09 +0800] "POST /xingrg/services/DataTransmitService HTTP/1.1" 200 501
114.82.29.189 - - [12/Sep/2020:09:28:09 +0800] "POST /xingrg/services/DataTransmitService HTTP/1.1" 200 501
114.88.166.242 - - [12/Sep/2020:09:28:10 +0800] "GET /xingrg/kc/buy/cgsh_order_list.html HTTP/1.1" 200 43930
114.82.29.189 - - [12/Sep/2020:09:28:10 +0800] "POST /xingrg/services/DataTransmitService HTTP/1.1" 200 501
114.82.29.189 - - [12/Sep/2020:09:28:11 +0800] "POST /xingrg/services/DataTransmitService HTTP/1.1" 200 501
114.88.166.242 - - [12/Sep/2020:09:28:11 +0800] "POST /xingrg/kc/buy/cgsh_list_operate.html HTTP/1.1" 200 1690
116.238.90.59 - - [12/Sep/2020:09:28:12 +0800] "GET /xingrg/all/function/internal_message.html?_=1599874296609&CODE_STATE=getMsg HTTP/1.1" 200 27
114.82.29.189 - - [12/Sep/2020:09:28:12 +0800] "POST /xingrg/services/DataTransmitService HTTP/1.1" 200 412
114.88.166.242 - - [12/Sep/2020:09:28:12 +0800] "GET /xingrg/index.html?sysBaseUrl=http%3A%2F%2F180.169.147.146%3A18081%2Fxingrg%2F&costTime=37×tamp=1599874087014 HTTP/1.1" 200 17173
114.88.166.242 - - [12/Sep/2020:09:28:12 +0800] "GET /xingrg/javascript/jquery_easy_ui/themes/default/easyui.css HTTP/1.1" 304 -
114.88.166.242 - - [12/Sep/2020:09:28:12 +0800] "GET /xingrg/javascript/jquery_easy_ui/jquery.easyui.min.js HTTP/1.1" 304 -
114.88.166.242 - - [12/Sep/2020:09:28:12 +0800] "GET /xingrg/javascript/jquery_easy_ui/themes/icon.css HTTP/1.1" 304 -
114.88.166.242 - - [12/Sep/2020:09:28:12 +0800] "GET /xingrg/javascript/jquery_easy_ui/easyui-lang-zh_CN.js HTTP/1.1" 304 -
114.88.166.242 - - [12/Sep/2020:09:28:12 +0800] "GET /xingrg/css/form.css HTTP/1.1" 304 -
114.88.166.242 - - [12/Sep/2020:09:28:12 +0800] "GET /xingrg/javascript/jquery.form.js HTTP/1.1" 304 -
114.88.166.242 - - [12/Sep/2020:09:28:12 +0800] "GET /xingrg/images/blue/jxLogo.png HTTP/1.1" 304 -
114.88.166.242 - - [12/Sep/2020:09:28:12 +0800] "GET /xingrg/javascript/jquery.timers.js HTTP/1.1" 304 -
114.88.166.242 - - [12/Sep/2020:09:28:12 +0800] "GET /xingrg/javascript/jquery.utils.js HTTP/1.1" 304 -
114.88.166.242 - - [12/Sep/2020:09:28:12 +0800] "GET /xingrg/javascript/jquery-1.4.2.min.js HTTP/1.1" 304 -
114.88.166.242 - - [12/Sep/2020:09:28:13 +0800] "GET /xingrg/images/blue/navBackgound.jpg HTTP/1.1" 304 -
114.88.166.242 - - [12/Sep/2020:09:28:13 +0800] "GET /xingrg/javascript/jquery_easy_ui/themes/icons/settle_new.png HTTP/1.1" 304 -
114.88.166.242 - - [12/Sep/2020:09:28:13 +0800] "POST /xingrg/all/common/load_tree.html?tree=area_rest_tree_json&manage=1 HTTP/1.1" 200 342
114.88.166.242 - - [12/Sep/2020:09:28:13 +0800] "GET /xingrg/check_reg.html?_=1599874155773 HTTP/1.1" 200 22
114.88.166.242 - - [12/Sep/2020:09:28:13 +0800] "GET /xingrg/all/function/internal_message.html?_=1599874155772&CODE_STATE=count HTTP/1.1" 200 11
114.88.166.242 - - [12/Sep/2020:09:28:13 +0800] "POST /xingrg/load_menu.html HTTP/1.1" 200 5138
116.230.74.197 - - [12/Sep/2020:09:28:14 +0800] "GET /xingrg/kc/buy/cgsh_order_operate.html?command=get_materiel&rest_code=00107&code=00101008352&supplier_code=00100006&order_time=2020-09-12 HTTP/1.1" 200 414
114.88.166.242 - - [12/Sep/2020:09:28:16 +0800] "GET /xingrg/index.html?sysBaseUrl=http%3A%2F%2F180.169.147.146%3A18081%2Fxingrg%2F&costTime=37×tamp=1599874087014 HTTP/1.1" 200 17173
114.88.166.242 - - [12/Sep/2020:09:28:16 +0800] "GET /xingrg/javascript/jquery_easy_ui/themes/icon.css HTTP/1.1" 304 -
114.88.166.242 - - [12/Sep/2020:09:28:16 +0800] "GET /xingrg/javascript/jquery_easy_ui/themes/default/easyui.css HTTP/1.1" 304 -
114.88.166.242 - - [12/Sep/2020:09:28:16 +0800] "GET /xingrg/css/form.css HTTP/1.1" 304 -
114.88.166.242 - - [12/Sep/2020:09:28:16 +0800] "GET /xingrg/javascript/jquery-1.4.2.min.js HTTP/1.1" 304 -
114.88.166.242 - - [12/Sep/2020:09:28:16 +0800] "GET /xingrg/javascript/jquery_easy_ui/jquery.easyui.min.js HTTP/1.1" 304 -
114.88.166.242 - - [12/Sep/2020:09:28:16 +0800] "GET /xingrg/javascript/jquery_easy_ui/easyui-lang-zh_CN.js HTTP/1.1" 304 -
114.88.166.242 - - [12/Sep/2020:09:28:16 +0800] "GET /xingrg/javascript/jquery.utils.js HTTP/1.1" 304 -
114.88.166.242 - - [12/Sep/2020:09:28:16 +0800] "GET /xingrg/javascript/jquery.form.js HTTP/1.1" 304 -
114.88.166.242 - - [12/Sep/2020:09:28:16 +0800] "GET /xingrg/javascript/jquery.timers.js HTTP/1.1" 304 -
114.88.166.242 - - [12/Sep/2020:09:28:16 +0800] "GET /xingrg/images/blue/jxLogo.png HTTP/1.1" 304 -
114.88.166.242 - - [12/Sep/2020:09:28:16 +0800] "GET /xingrg/javascript/jquery_easy_ui/themes/icons/settle_new.png HTTP/1.1" 304 -
114.88.166.242 - - [12/Sep/2020:09:28:16 +0800] "GET /xingrg/images/blue/navBackgound.jpg HTTP/1.1" 304 -
114.88.166.242 - - [12/Sep/2020:09:28:16 +0800] "POST /xingrg/all/common/load_tree.html?tree=area_rest_tree_json&manage=1 HTTP/1.1" 200 342
114.88.166.242 - - [12/Sep/2020:09:28:16 +0800] "GET /xingrg/all/function/internal_message.html?_=1599874158910&CODE_STATE=count HTTP/1.1" 200 11
114.88.166.242 - - [12/Sep/2020:09:28:16 +0800] "GET /xingrg/check_reg.html?_=1599874158911 HTTP/1.1" 200 22
114.88.166.242 - - [12/Sep/2020:09:28:16 +0800] "GET /xingrg/javascript/jquery_easy_ui/themes/default/images/panel_tool_collapse.gif HTTP/1.1" 304 -
114.88.166.242 - - [12/Sep/2020:09:28:16 +0800] "GET /xingrg/javascript/jquery_easy_ui/themes/default/images/tabs_rightarrow.png HTTP/1.1" 304 -
114.88.166.242 - - [12/Sep/2020:09:28:16 +0800] "GET /xingrg/images/blue/pingpu.png HTTP/1.1" 304 -
114.88.166.242 - - [12/Sep/2020:09:28:16 +0800] "GET /xingrg/javascript/jquery_easy_ui/themes/default/images/tabs_leftarrow.png HTTP/1.1" 304 -
114.88.166.242 - - [12/Sep/2020:09:28:16 +0800] "POST /xingrg/load_menu.html HTTP/1.1" 200 5138
114.88.166.242 - - [12/Sep/2020:09:28:16 +0800] "GET /xingrg/javascript/jquery_easy_ui/themes/default/images/tree_arrows.gif HTTP/1.1" 304 -
114.88.166.242 - - [12/Sep/2020:09:28:17 +0800] "GET /xingrg/index.html?sysBaseUrl=http%3A%2F%2F180.169.147.146%3A18081%2Fxingrg%2F&costTime=37×tamp=1599874087014 HTTP/1.1" 200 17173
114.88.166.242 - - [12/Sep/2020:09:28:17 +0800] "GET /xingrg/javascript/jquery_easy_ui/themes/icon.css HTTP/1.1" 304 -
114.88.166.242 - - [12/Sep/2020:09:28:17 +0800] "GET /xingrg/css/form.css HTTP/1.1" 304 -
114.88.166.242 - - [12/Sep/2020:09:28:17 +0800] "GET /xingrg/javascript/jquery-1.4.2.min.js HTTP/1.1" 304 -
114.88.166.242 - - [12/Sep/2020:09:28:17 +0800] "GET /xingrg/javascript/jquery_easy_ui/jquery.easyui.min.js HTTP/1.1" 304 -
114.88.166.242 - - [12/Sep/2020:09:28:17 +0800] "GET /xingrg/javascript/jquery.utils.js HTTP/1.1" 304 -
114.88.166.242 - - [12/Sep/2020:09:28:17 +0800] "GET /xingrg/javascript/jquery_easy_ui/easyui-lang-zh_CN.js HTTP/1.1" 304 -
114.88.166.242 - - [12/Sep/2020:09:28:17 +0800] "GET /xingrg/javascript/jquery.form.js HTTP/1.1" 304 -
114.88.166.242 - - [12/Sep/2020:09:28:17 +0800] "GET /xingrg/javascript/jquery.timers.js HTTP/1.1" 304 -
114.88.166.242 - - [12/Sep/2020:09:28:17 +0800] "GET /xingrg/images/blue/jxLogo.png HTTP/1.1" 304 -
114.88.166.242 - - [12/Sep/2020:09:28:17 +0800] "GET /xingrg/javascript/jquery_easy_ui/themes/default/easyui.css HTTP/1.1" 304 -
114.88.166.242 - - [12/Sep/2020:09:28:17 +0800] "GET /xingrg/javascript/jquery_easy_ui/themes/icons/settle_new.png HTTP/1.1" 304 -
114.88.166.242 - - [12/Sep/2020:09:28:17 +0800] "GET /xingrg/images/blue/navBackgound.jpg HTTP/1.1" 304 -
114.88.166.242 - - [12/Sep/2020:09:28:17 +0800] "POST /xingrg/all/common/load_tree.html?tree=area_rest_tree_json&manage=1 HTTP/1.1" 200 342
114.88.166.242 - - [12/Sep/2020:09:28:17 +0800] "GET /xingrg/all/function/internal_message.html?_=1599874160123&CODE_STATE=count HTTP/1.1" 200 11
114.88.166.242 - - [12/Sep/2020:09:28:17 +0800] "GET /xingrg/javascript/jquery_easy_ui/themes/default/images/tabs_rightarrow.png HTTP/1.1" 304 -
114.88.166.242 - - [12/Sep/2020:09:28:17 +0800] "GET /xingrg/javascript/jquery_easy_ui/themes/default/images/tabs_leftarrow.png HTTP/1.1" 304 -
114.88.166.242 - - [12/Sep/2020:09:28:17 +0800] "GET /xingrg/check_reg.html?_=1599874160124 HTTP/1.1" 200 22
114.88.166.242 - - [12/Sep/2020:09:28:17 +0800] "GET /xingrg/javascript/jquery_easy_ui/themes/default/images/panel_tool_collapse.gif HTTP/1.1" 304 -
114.88.166.242 - - [12/Sep/2020:09:28:17 +0800] "GET /xingrg/images/blue/pingpu.png HTTP/1.1" 304 -
114.88.166.242 - - [12/Sep/2020:09:28:17 +0800] "POST /xingrg/load_menu.html HTTP/1.1" 200 5138
114.88.166.242 - - [12/Sep/2020:09:28:17 +0800] "GET /xingrg/javascript/jquery_easy_ui/themes/default/images/tree_arrows.gif HTTP/1.1" 304 -
114.82.29.189 - - [12/Sep/2020:09:28:18 +0800] "POST /xingrg/services/DataTransmitService HTTP/1.1" 200 524
114.82.29.189 - - [12/Sep/2020:09:28:18 +0800] "POST /xingrg/services/DataTransmitService HTTP/1.1" 200 2011
114.82.29.189 - - [12/Sep/2020:09:28:18 +0800] "POST /xingrg/services/DataTransmitService HTTP/1.1" 200 2471
114.82.29.189 - - [12/Sep/2020:09:28:18 +0800] "POST /xingrg/services/DataTransmitService HTTP/1.1" 200 1423
114.82.29.189 - - [12/Sep/2020:09:28:19 +0800] "POST /xingrg/services/DataTransmitService HTTP/1.1" 200 140547
114.82.29.189 - - [12/Sep/2020:09:28:22 +0800] "GET /xingrg/check_reg.html?_=1599874085667 HTTP/1.1" 200 22
114.82.29.189 - - [12/Sep/2020:09:28:22 +0800] "GET /xingrg/all/function/internal_message.html?_=1599874085670&CODE_STATE=getMsg HTTP/1.1" 200 27
172.17.0.104 - - [12/Sep/2020:09:28:27 +0800] "GET /xingrg/all/function/internal_message.html?_=1599874104429&CODE_STATE=getMsg HTTP/1.1" 200 27
120.253.135.82 - - [12/Sep/2020:09:28:32 +0800] "GET /xingrg/check_reg.html?_=1599874225607 HTTP/1.1" 200 22
116.230.74.197 - - [12/Sep/2020:09:28:34 +0800] "GET /xingrg/kc/buy/cgsh_order_operate.html?command=get_materiel&rest_code=00107&code=00101008005&supplier_code=00100006&order_time=2020-09-12 HTTP/1.1" 200 412
116.235.241.164 - - [12/Sep/2020:09:28:39 +0800] "GET /xingrg/all/function/internal_message.html?_=1599874117792&CODE_STATE=getMsg HTTP/1.1" 200 27
222.69.138.46 - - [12/Sep/2020:09:28:45 +0800] "GET /xingrg/all/function/internal_message.html?_=1599874113643&CODE_STATE=getMsg HTTP/1.1" 200 27
120.253.135.82 - - [12/Sep/2020:09:28:45 +0800] "GET /xingrg/all/function/internal_message.html?_=1599874239242&CODE_STATE=getMsg HTTP/1.1" 200 27
116.230.74.197 - - [12/Sep/2020:09:28:51 +0800] "GET /xingrg/kc/buy/cgsh_order_operate.html?command=get_materiel&rest_code=00107&code=00101008271&supplier_code=00100006&order_time=2020-09-12 HTTP/1.1" 200 408
116.230.74.197 - - [12/Sep/2020:09:28:52 +0800] "GET /xingrg/all/function/internal_message.html?_=1599874130562&CODE_STATE=getMsg HTTP/1.1" 200 27
116.230.74.197 - - [12/Sep/2020:09:28:55 +0800] "POST /xingrg/kc/buy/cgsh_order_operate.html HTTP/1.1" 200 2065
116.235.241.164 - - [12/Sep/2020:09:28:58 +0800] "GET /xingrg/all/function/internal_message.html?_=1599874137031&CODE_STATE=getMsg HTTP/1.1" 200 27
116.238.71.173 - - [12/Sep/2020:09:29:04 +0800] "GET /xingrg/check_reg.html?_=1599874255187 HTTP/1.1" 200 22
114.82.29.189 - - [12/Sep/2020:09:29:04 +0800] "GET /xingrg/check_reg.html?_=1599874145347 HTTP/1.1" 200 22
114.82.29.189 - - [12/Sep/2020:09:29:04 +0800] "GET /xingrg/all/function/internal_message.html?_=1599874145350&CODE_STATE=getMsg HTTP/1.1" 200 27
116.238.71.173 - - [12/Sep/2020:09:29:05 +0800] "GET /xingrg/all/function/internal_message.html?_=1599874256143&CODE_STATE=getMsg HTTP/1.1" 200 27
116.230.74.197 - - [12/Sep/2020:09:29:07 +0800] "GET /xingrg/kc/buy/cgsh_order_operate.html?command=get_materiel&rest_code=00107&code=00101008353&supplier_code=00100006&order_time=2020-09-12 HTTP/1.1" 200 408
116.238.90.59 - - [12/Sep/2020:09:29:12 +0800] "GET /xingrg/all/function/internal_message.html?_=1599874356845&CODE_STATE=getMsg HTTP/1.1" 200 27
116.230.74.197 - - [12/Sep/2020:09:29:17 +0800] "GET /xingrg/kc/buy/cgsh_order_operate.html?command=get_materiel&rest_code=00107&code=00101008264&supplier_code=00100006&order_time=2020-09-12 HTTP/1.1" 200 412
114.88.166.242 - - [12/Sep/2020:09:29:17 +0800] "GET /xingrg/all/function/internal_message.html?_=1599874220133&CODE_STATE=getMsg HTTP/1.1" 200 27
114.82.29.189 - - [12/Sep/2020:09:29:22 +0800] "GET /xingrg/all/function/internal_message.html?_=1599874145655&CODE_STATE=getMsg HTTP/1.1" 200 27
172.17.0.104 - - [12/Sep/2020:09:29:27 +0800] "GET /xingrg/all/function/internal_message.html?_=1599874164430&CODE_STATE=getMsg HTTP/1.1" 200 27
116.230.74.197 - - [12/Sep/2020:09:29:38 +0800] "GET /xingrg/kc/buy/cgsh_order_operate.html?command=get_materiel&rest_code=00107&code=00101008085&supplier_code=00100006&order_time=2020-09-12 HTTP/1.1" 200 412
116.235.241.164 - - [12/Sep/2020:09:29:39 +0800] "GET /xingrg/all/function/internal_message.html?_=1599874177792&CODE_STATE=getMsg HTTP/1.1" 200 27
222.69.138.46 - - [12/Sep/2020:09:29:45 +0800] "GET /xingrg/all/function/internal_message.html?_=1599874173645&CODE_STATE=getMsg HTTP/1.1" 200 27
120.253.135.82 - - [12/Sep/2020:09:29:45 +0800] "GET /xingrg/all/function/internal_message.html?_=1599874299255&CODE_STATE=getMsg HTTP/1.1" 200 27
116.230.74.197 - - [12/Sep/2020:09:29:50 +0800] "GET /xingrg/kc/buy/cgsh_order_operate.html?command=get_materiel&rest_code=00107&code=00101015062&supplier_code=00100006&order_time=2020-09-12 HTTP/1.1" 200 432
116.230.74.197 - - [12/Sep/2020:09:29:53 +0800] "GET /xingrg/all/function/internal_message.html?_=1599874190564&CODE_STATE=getMsg HTTP/1.1" 200 27
58.40.7.146 - - [12/Sep/2020:09:29:58 +0800] "GET /xingrg/check_reg.html?_=1599874195800 HTTP/1.1" 200 22
116.235.241.164 - - [12/Sep/2020:09:29:58 +0800] "GET /xingrg/all/function/internal_message.html?_=1599874197030&CODE_STATE=getMsg HTTP/1.1" 200 27
116.230.74.197 - - [12/Sep/2020:09:29:59 +0800] "GET /xingrg/kc/buy/cgsh_order_operate.html?command=get_materiel&rest_code=00107&code=00101015033&supplier_code=00100006&order_time=2020-09-12 HTTP/1.1" 200 408
116.230.74.197 - - [12/Sep/2020:09:30:02 +0800] "POST /xingrg/kc/buy/cgsh_order_operate.html HTTP/1.1" 200 2065
172.17.0.185 - - [12/Sep/2020:09:30:04 +0800] "GET /xingrg/check_reg.html?_=1599874200398 HTTP/1.1" 200 22
114.82.29.189 - - [12/Sep/2020:09:30:04 +0800] "GET /xingrg/all/function/internal_message.html?_=1599874205336&CODE_STATE=getMsg HTTP/1.1" 200 27
116.238.71.173 - - [12/Sep/2020:09:30:05 +0800] "GET /xingrg/all/function/internal_message.html?_=1599874316148&CODE_STATE=getMsg HTTP/1.1" 200 27
114.88.166.242 - - [12/Sep/2020:09:30:07 +0800] "GET /xingrg/kc/buy/cgsh_order_list.html HTTP/1.1" 200 43930
114.88.166.242 - - [12/Sep/2020:09:30:08 +0800] "POST /xingrg/kc/buy/cgsh_list_operate.html HTTP/1.1" 200 1690
114.88.166.242 - - [12/Sep/2020:09:30:09 +0800] "GET /xingrg/kc/buy/cgsh_order_add.html HTTP/1.1" 200 59668
116.238.90.59 - - [12/Sep/2020:09:30:09 +0800] "GET /xingrg/check_reg.html?_=1599874414344 HTTP/1.1" 200 22
114.88.166.242 - - [12/Sep/2020:09:30:10 +0800] "POST /xingrg/kc/buy/cgsh_order_operate.html HTTP/1.1" 200 8245
114.88.166.242 - - [12/Sep/2020:09:30:10 +0800] "GET /xingrg/all/common/auto_word.html?type=employee&rest_code=00111 HTTP/1.1" 200 205
114.88.166.242 - - [12/Sep/2020:09:30:10 +0800] "GET /xingrg/all/common/auto_word.html?type=employee&rest_code=00111 HTTP/1.1" 200 205
114.88.166.242 - - [12/Sep/2020:09:30:10 +0800] "GET /xingrg/javascript/easyui/themes/default/validatebox.css HTTP/1.1" 404 1104
114.88.166.242 - - [12/Sep/2020:09:30:10 +0800] "GET /xingrg/javascript/auto/indicator.gif HTTP/1.1" 404 1066
114.88.166.242 - - [12/Sep/2020:09:30:11 +0800] "GET /xingrg/javascript/jquery_tools/images/next.gif HTTP/1.1" 404 1086
114.88.166.242 - - [12/Sep/2020:09:30:11 +0800] "GET /xingrg/javascript/jquery_tools/images/prev.gif HTTP/1.1" 404 1086
116.238.90.59 - - [12/Sep/2020:09:30:12 +0800] "GET /xingrg/all/function/internal_message.html?_=1599874417071&CODE_STATE=getMsg HTTP/1.1" 200 27
114.88.166.242 - - [12/Sep/2020:09:30:16 +0800] "GET /xingrg/kc/buy/cgsh_order_operate.html?command=get_materiel&rest_code=00111&code=00101007061&supplier_code=00100004&order_time=2020-09-12 HTTP/1.1" 200 409
114.88.166.242 - - [12/Sep/2020:09:30:17 +0800] "GET /xingrg/all/function/internal_message.html?_=1599874280142&CODE_STATE=getMsg HTTP/1.1" 200 27
