117.184.7.30 - - [12/Sep/2020:09:50:55 +0800] "GET /xingrg/kc/buy/cgsh_order_operate.html?command=get_materiel&rest_code=00108&code=00101008323&supplier_code=00100008&order_time=2020-09-12 HTTP/1.1" 200 408
116.235.241.164 - - [12/Sep/2020:09:50:58 +0800] "GET /xingrg/all/function/internal_message.html?_=1599875457057&CODE_STATE=getMsg HTTP/1.1" 200 27
117.184.7.30 - - [12/Sep/2020:09:51:04 +0800] "GET /xingrg/kc/buy/cgsh_order_operate.html?command=get_materiel&rest_code=00108&code=00101008175&supplier_code=00100008&order_time=2020-09-12 HTTP/1.1" 200 412
116.238.71.173 - - [12/Sep/2020:09:51:06 +0800] "GET /xingrg/kc/buy/cgsh_order_operate.html?command=get_materiel&rest_code=00150&code=00101007071&supplier_code=00100002&order_time=2020-09-12 HTTP/1.1" 200 417
114.82.29.189 - - [12/Sep/2020:09:51:08 +0800] "GET /xingrg/all/function/internal_message.html?_=1599875469051&CODE_STATE=getMsg HTTP/1.1" 200 27
116.238.90.59 - - [12/Sep/2020:09:51:14 +0800] "GET /xingrg/all/function/internal_message.html?_=1599875678638&CODE_STATE=getMsg HTTP/1.1" 200 27
117.184.7.30 - - [12/Sep/2020:09:51:14 +0800] "GET /xingrg/kc/buy/cgsh_order_operate.html?command=get_materiel&rest_code=00108&code=00101008219&supplier_code=00100008&order_time=2020-09-12 HTTP/1.1" 200 412
114.88.166.242 - - [12/Sep/2020:09:51:17 +0800] "GET /xingrg/all/function/internal_message.html?_=1599875540158&CODE_STATE=getMsg HTTP/1.1" 200 27
116.238.71.173 - - [12/Sep/2020:09:51:19 +0800] "GET /xingrg/all/function/internal_message.html?_=1599875590566&CODE_STATE=getMsg HTTP/1.1" 200 27
114.82.29.189 - - [12/Sep/2020:09:51:22 +0800] "GET /xingrg/all/function/internal_message.html?_=1599875465690&CODE_STATE=getMsg HTTP/1.1" 200 27
117.184.7.30 - - [12/Sep/2020:09:51:22 +0800] "GET /xingrg/kc/buy/cgsh_order_operate.html?command=get_materiel&rest_code=00108&code=00101008244&supplier_code=00100008&order_time=2020-09-12 HTTP/1.1" 200 408
117.184.7.30 - - [12/Sep/2020:09:51:24 +0800] "GET /xingrg/all/function/internal_message.html?_=1599875472689&CODE_STATE=getMsg HTTP/1.1" 200 27
117.184.7.30 - - [12/Sep/2020:09:51:25 +0800] "POST /xingrg/kc/buy/cgsh_order_operate.html HTTP/1.1" 200 2065
172.17.0.104 - - [12/Sep/2020:09:51:28 +0800] "GET /xingrg/all/function/internal_message.html?_=1599875484526&CODE_STATE=getMsg HTTP/1.1" 200 27
117.184.7.30 - - [12/Sep/2020:09:51:31 +0800] "GET /xingrg/kc/buy/cgsh_order_operate.html?command=get_materiel&rest_code=00108&code=00101008313&supplier_code=00100008&order_time=2020-09-12 HTTP/1.1" 200 412
116.238.71.173 - - [12/Sep/2020:09:51:37 +0800] "GET /xingrg/kc/buy/cgsh_order_operate.html?command=get_materiel&rest_code=00150&code=00101007077&supplier_code=00100002&order_time=2020-09-12 HTTP/1.1" 200 415
116.235.241.164 - - [12/Sep/2020:09:51:39 +0800] "GET /xingrg/all/function/internal_message.html?_=1599875497810&CODE_STATE=getMsg HTTP/1.1" 200 27
116.235.241.164 - - [12/Sep/2020:09:51:39 +0800] "GET /xingrg/check_reg.html?_=1599875497812 HTTP/1.1" 200 22
222.69.138.46 - - [12/Sep/2020:09:51:45 +0800] "GET /xingrg/all/function/internal_message.html?_=1599875493661&CODE_STATE=getMsg HTTP/1.1" 200 27
120.253.135.82 - - [12/Sep/2020:09:51:46 +0800] "GET /xingrg/all/function/internal_message.html?_=1599875619602&CODE_STATE=getMsg HTTP/1.1" 200 27
116.238.71.173 - - [12/Sep/2020:09:51:51 +0800] "POST /xingrg/kc/buy/cgsh_order_operate.html HTTP/1.1" 200 37
117.184.7.30 - - [12/Sep/2020:09:51:52 +0800] "GET /xingrg/kc/buy/cgsh_order_operate.html?command=get_materiel&rest_code=00108&code=00101008290&supplier_code=00100008&order_time=2020-09-12 HTTP/1.1" 200 416
116.238.71.173 - - [12/Sep/2020:09:51:53 +0800] "POST /xingrg/kc/buy/cgsh_order_operate.html HTTP/1.1" 200 12
114.82.29.189 - - [12/Sep/2020:09:51:55 +0800] "POST /xingrg/kc/buy/cgsh_order_operate.html HTTP/1.1" 200 37
116.238.71.173 - - [12/Sep/2020:09:51:55 +0800] "GET /xingrg/kc/buy/cgsh_order_info.html?code=212020091204930 HTTP/1.1" 200 54511
116.230.74.197 - - [12/Sep/2020:09:51:55 +0800] "GET /xingrg/all/function/internal_message.html?_=1599875513064&CODE_STATE=getMsg HTTP/1.1" 200 27
116.238.71.173 - - [12/Sep/2020:09:51:55 +0800] "GET /xingrg/javascript/easyui/themes/default/validatebox.css HTTP/1.1" 404 1104
116.238.71.173 - - [12/Sep/2020:09:51:55 +0800] "POST /xingrg/kc/buy/cgsh_order_operate.html HTTP/1.1" 200 1816
114.82.29.189 - - [12/Sep/2020:09:51:56 +0800] "POST /xingrg/kc/buy/cgsh_order_operate.html HTTP/1.1" 200 11580
114.82.29.189 - - [12/Sep/2020:09:51:57 +0800] "GET /xingrg/kc/print/load_config.html?kc_code=cgsh HTTP/1.1" 200 1845
114.82.29.189 - - [12/Sep/2020:09:51:57 +0800] "GET /xingrg/kc/print/load_data.html?order_code=212020091204931&kc_code=cgsh&condition= HTTP/1.1" 200 4085
116.238.71.173 - - [12/Sep/2020:09:51:57 +0800] "GET /xingrg/kc/buy/cgsh_order_add.html HTTP/1.1" 200 59604
116.238.71.173 - - [12/Sep/2020:09:51:57 +0800] "POST /xingrg/kc/buy/cgsh_order_operate.html HTTP/1.1" 200 8245
116.238.71.173 - - [12/Sep/2020:09:51:58 +0800] "GET /xingrg/javascript/easyui/themes/default/validatebox.css HTTP/1.1" 404 1104
116.235.241.164 - - [12/Sep/2020:09:51:58 +0800] "GET /xingrg/all/function/internal_message.html?_=1599875517057&CODE_STATE=getMsg HTTP/1.1" 200 27
116.235.241.164 - - [12/Sep/2020:09:51:58 +0800] "GET /xingrg/check_reg.html?_=1599875517062 HTTP/1.1" 200 22
117.184.7.30 - - [12/Sep/2020:09:52:01 +0800] "GET /xingrg/kc/buy/cgsh_order_operate.html?command=get_materiel&rest_code=00108&code=00101008003&supplier_code=00100008&order_time=2020-09-12 HTTP/1.1" 200 408
117.184.7.30 - - [12/Sep/2020:09:52:08 +0800] "GET /xingrg/kc/buy/cgsh_order_operate.html?command=get_materiel&rest_code=00108&code=00101008126&supplier_code=00100008&order_time=2020-09-12 HTTP/1.1" 200 412
114.82.29.189 - - [12/Sep/2020:09:52:08 +0800] "GET /xingrg/check_reg.html?_=1599875529048 HTTP/1.1" 200 22
114.82.29.189 - - [12/Sep/2020:09:52:08 +0800] "GET /xingrg/all/function/internal_message.html?_=1599875529051&CODE_STATE=getMsg HTTP/1.1" 200 27
116.238.90.59 - - [12/Sep/2020:09:52:14 +0800] "GET /xingrg/all/function/internal_message.html?_=1599875738673&CODE_STATE=getMsg HTTP/1.1" 200 27
116.238.90.59 - - [12/Sep/2020:09:52:14 +0800] "GET /xingrg/kc/buy/cgsh_order_add.html HTTP/1.1" 200 59580
116.238.90.59 - - [12/Sep/2020:09:52:14 +0800] "POST /xingrg/kc/buy/cgsh_order_operate.html HTTP/1.1" 200 8245
116.238.90.59 - - [12/Sep/2020:09:52:14 +0800] "GET /xingrg/javascript/easyui/themes/default/validatebox.css HTTP/1.1" 404 1104
116.238.71.173 - - [12/Sep/2020:09:52:15 +0800] "GET /xingrg/kc/buy/cgsh_order_operate.html?command=get_materiel&rest_code=00150&code=00101011005&supplier_code=00100047&order_time=2020-09-12 HTTP/1.1" 200 428
114.88.166.242 - - [12/Sep/2020:09:52:17 +0800] "GET /xingrg/all/function/internal_message.html?_=1599875600156&CODE_STATE=getMsg HTTP/1.1" 200 27
117.184.7.30 - - [12/Sep/2020:09:52:17 +0800] "GET /xingrg/kc/buy/cgsh_order_operate.html?command=get_materiel&rest_code=00108&code=00101008356&supplier_code=00100008&order_time=2020-09-12 HTTP/1.1" 200 409
116.238.71.173 - - [12/Sep/2020:09:52:19 +0800] "GET /xingrg/all/function/internal_message.html?_=1599875650579&CODE_STATE=getMsg HTTP/1.1" 200 27
117.184.7.30 - - [12/Sep/2020:09:52:21 +0800] "POST /xingrg/kc/buy/cgsh_order_operate.html HTTP/1.1" 200 2065
114.82.29.189 - - [12/Sep/2020:09:52:22 +0800] "GET /xingrg/all/function/internal_message.html?_=1599875525690&CODE_STATE=getMsg HTTP/1.1" 200 27
117.184.7.30 - - [12/Sep/2020:09:52:24 +0800] "GET /xingrg/check_reg.html?_=1599875532686 HTTP/1.1" 200 22
117.184.7.30 - - [12/Sep/2020:09:52:24 +0800] "GET /xingrg/all/function/internal_message.html?_=1599875532691&CODE_STATE=getMsg HTTP/1.1" 200 27
117.184.7.30 - - [12/Sep/2020:09:52:26 +0800] "GET /xingrg/kc/buy/cgsh_order_operate.html?command=get_materiel&rest_code=00108&code=00101008212&supplier_code=00100008&order_time=2020-09-12 HTTP/1.1" 200 412
58.37.9.106 - - [12/Sep/2020:09:52:26 +0800] "GET /xingrg/check_reg.html?_=1599875530642 HTTP/1.1" 200 22
172.17.0.104 - - [12/Sep/2020:09:52:28 +0800] "GET /xingrg/all/function/internal_message.html?_=1599875544526&CODE_STATE=getMsg HTTP/1.1" 200 27
116.238.71.173 - - [12/Sep/2020:09:52:28 +0800] "POST /xingrg/kc/buy/cgsh_order_operate.html HTTP/1.1" 200 37
116.238.71.173 - - [12/Sep/2020:09:52:30 +0800] "POST /xingrg/kc/buy/cgsh_order_operate.html HTTP/1.1" 200 12
116.238.71.173 - - [12/Sep/2020:09:52:31 +0800] "GET /xingrg/kc/buy/cgsh_order_info.html?code=212020091204932 HTTP/1.1" 200 54511
116.238.71.173 - - [12/Sep/2020:09:52:32 +0800] "GET /xingrg/javascript/easyui/themes/default/validatebox.css HTTP/1.1" 404 1104
116.238.71.173 - - [12/Sep/2020:09:52:32 +0800] "POST /xingrg/kc/buy/cgsh_order_operate.html HTTP/1.1" 200 606
116.238.71.173 - - [12/Sep/2020:09:52:34 +0800] "GET /xingrg/kc/print/load_config.html?kc_code=cgsh HTTP/1.1" 200 1845
116.238.71.173 - - [12/Sep/2020:09:52:34 +0800] "GET /xingrg/kc/print/load_data.html?order_code=212020091204932&kc_code=cgsh&condition= HTTP/1.1" 200 783
116.235.241.164 - - [12/Sep/2020:09:52:39 +0800] "GET /xingrg/all/function/internal_message.html?_=1599875557812&CODE_STATE=getMsg HTTP/1.1" 200 27
222.69.138.46 - - [12/Sep/2020:09:52:45 +0800] "GET /xingrg/check_reg.html?_=1599875553682 HTTP/1.1" 200 22
222.69.138.46 - - [12/Sep/2020:09:52:45 +0800] "GET /xingrg/all/function/internal_message.html?_=1599875553677&CODE_STATE=getMsg HTTP/1.1" 200 27
116.238.90.59 - - [12/Sep/2020:09:52:46 +0800] "GET /xingrg/kc/buy/cgsh_order_operate.html?command=get_materiel&rest_code=00102&code=00101009019&supplier_code=00100096&order_time=2020-09-12 HTTP/1.1" 200 433
120.253.135.82 - - [12/Sep/2020:09:52:46 +0800] "GET /xingrg/all/function/internal_message.html?_=1599875679632&CODE_STATE=getMsg HTTP/1.1" 200 27
116.230.74.197 - - [12/Sep/2020:09:52:55 +0800] "GET /xingrg/all/function/internal_message.html?_=1599875573038&CODE_STATE=getMsg HTTP/1.1" 200 27
116.230.74.197 - - [12/Sep/2020:09:52:55 +0800] "GET /xingrg/check_reg.html?_=1599875573036 HTTP/1.1" 200 22
116.238.71.173 - - [12/Sep/2020:09:52:55 +0800] "GET /xingrg/kc/buy/cgsh_order_add.html HTTP/1.1" 200 59604
116.238.71.173 - - [12/Sep/2020:09:52:56 +0800] "POST /xingrg/kc/buy/cgsh_order_operate.html HTTP/1.1" 200 8245
116.238.71.173 - - [12/Sep/2020:09:52:56 +0800] "GET /xingrg/javascript/easyui/themes/default/validatebox.css HTTP/1.1" 404 1104
116.235.241.164 - - [12/Sep/2020:09:52:58 +0800] "GET /xingrg/all/function/internal_message.html?_=1599875577047&CODE_STATE=getMsg HTTP/1.1" 200 27
117.184.7.30 - - [12/Sep/2020:09:52:59 +0800] "GET /xingrg/kc/buy/cgsh_order_operate.html?command=get_materiel&rest_code=00108&code=00102011202&supplier_code=00100008&order_time=2020-09-12 HTTP/1.1" 200 406
116.238.90.59 - - [12/Sep/2020:09:53:00 +0800] "GET /xingrg/kc/buy/cgsh_order_operate.html?command=get_materiel&rest_code=00102&code=00101009011&supplier_code=00100096&order_time=2020-09-12 HTTP/1.1" 200 418
116.238.71.173 - - [12/Sep/2020:09:53:06 +0800] "GET /xingrg/kc/buy/cgsh_order_operate.html?command=get_materiel&rest_code=00150&code=00101009001&supplier_code=00100096&order_time=2020-09-12 HTTP/1.1" 200 416
114.82.29.189 - - [12/Sep/2020:09:53:08 +0800] "GET /xingrg/all/function/internal_message.html?_=1599875589059&CODE_STATE=getMsg HTTP/1.1" 200 27
116.238.90.59 - - [12/Sep/2020:09:53:09 +0800] "GET /xingrg/kc/buy/cgsh_order_operate.html?command=get_materiel&rest_code=00102&code=00101009041&supplier_code=00100096&order_time=2020-09-12 HTTP/1.1" 200 410
117.184.7.30 - - [12/Sep/2020:09:53:11 +0800] "POST /xingrg/kc/buy/cgsh_order_operate.html HTTP/1.1" 200 2065
116.238.90.59 - - [12/Sep/2020:09:53:14 +0800] "GET /xingrg/all/function/internal_message.html?_=1599875798680&CODE_STATE=getMsg HTTP/1.1" 200 27
114.88.166.242 - - [12/Sep/2020:09:53:17 +0800] "GET /xingrg/check_reg.html?_=1599875660173 HTTP/1.1" 200 22
114.88.166.242 - - [12/Sep/2020:09:53:17 +0800] "GET /xingrg/all/function/internal_message.html?_=1599875660171&CODE_STATE=getMsg HTTP/1.1" 200 27
116.238.71.173 - - [12/Sep/2020:09:53:19 +0800] "GET /xingrg/check_reg.html?_=1599875710477 HTTP/1.1" 200 22
116.238.71.173 - - [12/Sep/2020:09:53:19 +0800] "GET /xingrg/all/function/internal_message.html?_=1599875710594&CODE_STATE=getMsg HTTP/1.1" 200 27
117.184.7.30 - - [12/Sep/2020:09:53:20 +0800] "GET /xingrg/kc/buy/cgsh_order_operate.html?command=get_materiel&rest_code=00108&code=00101008213&supplier_code=00100008&order_time=2020-09-12 HTTP/1.1" 200 412
114.82.29.189 - - [12/Sep/2020:09:53:22 +0800] "GET /xingrg/check_reg.html?_=1599875585691 HTTP/1.1" 200 22
114.82.29.189 - - [12/Sep/2020:09:53:22 +0800] "GET /xingrg/all/function/internal_message.html?_=1599875585693&CODE_STATE=getMsg HTTP/1.1" 200 27
117.184.7.30 - - [12/Sep/2020:09:53:24 +0800] "GET /xingrg/all/function/internal_message.html?_=1599875592701&CODE_STATE=getMsg HTTP/1.1" 200 27
117.184.7.30 - - [12/Sep/2020:09:53:27 +0800] "GET /xingrg/kc/buy/cgsh_order_operate.html?command=get_materiel&rest_code=00108&code=00101008297&supplier_code=00100008&order_time=2020-09-12 HTTP/1.1" 200 412
172.17.0.104 - - [12/Sep/2020:09:53:28 +0800] "GET /xingrg/all/function/internal_message.html?_=1599875604525&CODE_STATE=getMsg HTTP/1.1" 200 27
120.253.135.82 - - [12/Sep/2020:09:53:32 +0800] "GET /xingrg/check_reg.html?_=1599875725638 HTTP/1.1" 200 22
117.184.7.30 - - [12/Sep/2020:09:53:36 +0800] "GET /xingrg/kc/buy/cgsh_order_operate.html?command=get_materiel&rest_code=00108&code=00101008072&supplier_code=00100008&order_time=2020-09-12 HTTP/1.1" 200 408
116.235.241.164 - - [12/Sep/2020:09:53:39 +0800] "GET /xingrg/all/function/internal_message.html?_=1599875617814&CODE_STATE=getMsg HTTP/1.1" 200 27
222.69.138.46 - - [12/Sep/2020:09:53:45 +0800] "GET /xingrg/all/function/internal_message.html?_=1599875613670&CODE_STATE=getMsg HTTP/1.1" 200 27
117.184.7.30 - - [12/Sep/2020:09:53:45 +0800] "GET /xingrg/kc/buy/cgsh_order_operate.html?command=get_materiel&rest_code=00108&code=00101008298&supplier_code=00100008&order_time=2020-09-12 HTTP/1.1" 200 431
120.253.135.82 - - [12/Sep/2020:09:53:46 +0800] "GET /xingrg/all/function/internal_message.html?_=1599875739643&CODE_STATE=getMsg HTTP/1.1" 200 27
116.230.74.197 - - [12/Sep/2020:09:53:55 +0800] "GET /xingrg/all/function/internal_message.html?_=1599875633023&CODE_STATE=getMsg HTTP/1.1" 200 27
116.235.241.164 - - [12/Sep/2020:09:53:58 +0800] "GET /xingrg/all/function/internal_message.html?_=1599875637049&CODE_STATE=getMsg HTTP/1.1" 200 27
116.238.71.173 - - [12/Sep/2020:09:53:59 +0800] "GET /xingrg/kc/buy/cgsh_order_operate.html?command=get_materiel&rest_code=00150&code=00101009019&supplier_code=00100096&order_time=2020-09-12 HTTP/1.1" 200 435
114.82.29.189 - - [12/Sep/2020:09:54:08 +0800] "GET /xingrg/all/function/internal_message.html?_=1599875649186&CODE_STATE=getMsg HTTP/1.1" 200 27
117.184.7.30 - - [12/Sep/2020:09:54:09 +0800] "POST /xingrg/kc/buy/cgsh_order_operate.html HTTP/1.1" 200 2065
117.184.7.30 - - [12/Sep/2020:09:54:13 +0800] "GET /xingrg/kc/buy/cgsh_order_operate.html?command=get_materiel&rest_code=00108&code=00101008331&supplier_code=00100008&order_time=2020-09-12 HTTP/1.1" 200 416
116.238.90.59 - - [12/Sep/2020:09:54:14 +0800] "GET /xingrg/all/function/internal_message.html?_=1599875858695&CODE_STATE=getMsg HTTP/1.1" 200 27
114.88.166.242 - - [12/Sep/2020:09:54:17 +0800] "GET /xingrg/all/function/internal_message.html?_=1599875720158&CODE_STATE=getMsg HTTP/1.1" 200 27
116.238.71.173 - - [12/Sep/2020:09:54:19 +0800] "GET /xingrg/all/function/internal_message.html?_=1599875770641&CODE_STATE=getMsg HTTP/1.1" 200 27
114.82.29.189 - - [12/Sep/2020:09:54:22 +0800] "GET /xingrg/all/function/internal_message.html?_=1599875645693&CODE_STATE=getMsg HTTP/1.1" 200 27
117.184.7.30 - - [12/Sep/2020:09:54:24 +0800] "GET /xingrg/all/function/internal_message.html?_=1599875652765&CODE_STATE=getMsg HTTP/1.1" 200 27
172.17.0.104 - - [12/Sep/2020:09:54:28 +0800] "GET /xingrg/all/function/internal_message.html?_=1599875664552&CODE_STATE=getMsg HTTP/1.1" 200 27
117.184.7.30 - - [12/Sep/2020:09:54:28 +0800] "POST /xingrg/kc/buy/cgsh_order_operate.html HTTP/1.1" 200 37
117.184.7.30 - - [12/Sep/2020:09:54:29 +0800] "POST /xingrg/kc/buy/cgsh_order_operate.html HTTP/1.1" 200 32776
117.184.7.30 - - [12/Sep/2020:09:54:37 +0800] "GET /xingrg/kc/buy/cgsh_order_operate.html?command=get_materiel&rest_code=00108&code=00101008350&supplier_code=00100008&order_time=2020-09-12 HTTP/1.1" 200 408
116.235.241.164 - - [12/Sep/2020:09:54:39 +0800] "GET /xingrg/all/function/internal_message.html?_=1599875677820&CODE_STATE=getMsg HTTP/1.1" 200 27
222.69.138.46 - - [12/Sep/2020:09:54:45 +0800] "GET /xingrg/all/function/internal_message.html?_=1599875673672&CODE_STATE=getMsg HTTP/1.1" 200 27
120.253.135.82 - - [12/Sep/2020:09:54:46 +0800] "GET /xingrg/all/function/internal_message.html?_=1599875799658&CODE_STATE=getMsg HTTP/1.1" 200 27
117.184.7.30 - - [12/Sep/2020:09:54:47 +0800] "GET /xingrg/kc/buy/cgsh_order_operate.html?command=get_materiel&rest_code=00108&code=00101008149&supplier_code=00100008&order_time=2020-09-12 HTTP/1.1" 200 408
116.238.71.173 - - [12/Sep/2020:09:54:53 +0800] "GET /xingrg/kc/buy/cgsh_order_operate.html?command=get_materiel&rest_code=00150&code=00101009066&supplier_code=00100096&order_time=2020-09-12 HTTP/1.1" 200 438
117.184.7.30 - - [12/Sep/2020:09:54:54 +0800] "GET /xingrg/kc/buy/cgsh_order_operate.html?command=get_materiel&rest_code=00108&code=00101008095&supplier_code=00100008&order_time=2020-09-12 HTTP/1.1" 200 412
116.230.74.197 - - [12/Sep/2020:09:54:55 +0800] "GET /xingrg/all/function/internal_message.html?_=1599875693022&CODE_STATE=getMsg HTTP/1.1" 200 27
58.40.7.146 - - [12/Sep/2020:09:54:58 +0800] "GET /xingrg/check_reg.html?_=1599875695682 HTTP/1.1" 200 22
116.235.241.164 - - [12/Sep/2020:09:54:58 +0800] "GET /xingrg/all/function/internal_message.html?_=1599875697049&CODE_STATE=getMsg HTTP/1.1" 200 27
116.238.71.173 - - [12/Sep/2020:09:55:03 +0800] "GET /xingrg/kc/buy/cgsh_order_operate.html?command=get_materiel&rest_code=00150&code=00101009041&supplier_code=00100096&order_time=2020-09-12 HTTP/1.1" 200 408
172.17.0.185 - - [12/Sep/2020:09:55:03 +0800] "GET /xingrg/check_reg.html?_=1599875700273 HTTP/1.1" 200 22
61.151.178.225 - - [12/Sep/2020:09:55:05 +0800] "GET /xingrg/check_reg.html?_=1599874930695 HTTP/1.1" 302 -
117.184.7.30 - - [12/Sep/2020:09:55:05 +0800] "POST /xingrg/kc/buy/cgsh_order_operate.html HTTP/1.1" 200 2065
114.82.29.189 - - [12/Sep/2020:09:55:08 +0800] "GET /xingrg/all/function/internal_message.html?_=1599875709061&CODE_STATE=getMsg HTTP/1.1" 200 27
117.184.7.30 - - [12/Sep/2020:09:55:09 +0800] "GET /xingrg/kc/buy/cgsh_order_operate.html?command=get_materiel&rest_code=00108&code=00101015038&supplier_code=00100008&order_time=2020-09-12 HTTP/1.1" 200 418
116.238.90.59 - - [12/Sep/2020:09:55:10 +0800] "GET /xingrg/check_reg.html?_=1599875915088 HTTP/1.1" 200 22
61.151.178.225 - - [12/Sep/2020:09:55:12 +0800] "GET /xingrg/login.html HTTP/1.1" 200 7641
116.238.90.59 - - [12/Sep/2020:09:55:14 +0800] "GET /xingrg/all/function/internal_message.html?_=1599875918706&CODE_STATE=getMsg HTTP/1.1" 200 27
117.184.7.30 - - [12/Sep/2020:09:55:16 +0800] "GET /xingrg/kc/buy/cgsh_order_operate.html?command=get_materiel&rest_code=00108&code=00101008168&supplier_code=00100008&order_time=2020-09-12 HTTP/1.1" 200 412
114.88.166.242 - - [12/Sep/2020:09:55:17 +0800] "GET /xingrg/all/function/internal_message.html?_=1599875780159&CODE_STATE=getMsg HTTP/1.1" 200 27
116.238.71.173 - - [12/Sep/2020:09:55:19 +0800] "GET /xingrg/all/function/internal_message.html?_=1599875830652&CODE_STATE=getMsg HTTP/1.1" 200 27
114.82.29.189 - - [12/Sep/2020:09:55:22 +0800] "GET /xingrg/all/function/internal_message.html?_=1599875705693&CODE_STATE=getMsg HTTP/1.1" 200 27
117.184.7.30 - - [12/Sep/2020:09:55:22 +0800] "GET /xingrg/kc/buy/cgsh_order_operate.html?command=get_materiel&rest_code=00108&code=00101008114&supplier_code=00100008&order_time=2020-09-12 HTTP/1.1" 200 412
117.184.7.30 - - [12/Sep/2020:09:55:24 +0800] "GET /xingrg/all/function/internal_message.html?_=1599875712838&CODE_STATE=getMsg HTTP/1.1" 200 27
172.17.0.104 - - [12/Sep/2020:09:55:28 +0800] "GET /xingrg/check_reg.html?_=1599875724552 HTTP/1.1" 200 22
172.17.0.104 - - [12/Sep/2020:09:55:28 +0800] "GET /xingrg/all/function/internal_message.html?_=1599875724554&CODE_STATE=getMsg HTTP/1.1" 200 27
117.184.7.30 - - [12/Sep/2020:09:55:29 +0800] "GET /xingrg/kc/buy/cgsh_order_operate.html?command=get_materiel&rest_code=00108&code=00101008236&supplier_code=00100008&order_time=2020-09-12 HTTP/1.1" 200 417
116.238.71.173 - - [12/Sep/2020:09:55:29 +0800] "GET /xingrg/kc/buy/cgsh_order_operate.html?command=get_materiel&rest_code=00150&code=00101009062&supplier_code=00100096&order_time=2020-09-12 HTTP/1.1" 200 435
117.185.32.26 - - [12/Sep/2020:09:55:35 +0800] "GET /xingrg/login.html HTTP/1.1" 200 7641
117.185.32.26 - - [12/Sep/2020:09:55:38 +0800] "GET /favicon.ico HTTP/1.1" 404 -
116.235.241.164 - - [12/Sep/2020:09:55:39 +0800] "GET /xingrg/all/function/internal_message.html?_=1599875737819&CODE_STATE=getMsg HTTP/1.1" 200 27
117.185.32.26 - - [12/Sep/2020:09:55:40 +0800] "POST /xingrg/login.do HTTP/1.1" 302 -
117.185.32.26 - - [12/Sep/2020:09:55:40 +0800] "GET /xingrg/index.html?sysBaseUrl=http%3A%2F%2F180.169.147.146%3A18081%2Fxingrg%2F&costTime=39×tamp=1599875740467 HTTP/1.1" 200 17173
117.185.32.26 - - [12/Sep/2020:09:55:41 +0800] "POST /xingrg/all/common/load_tree.html?tree=area_rest_tree_json&manage=1 HTTP/1.1" 200 342
117.185.32.26 - - [12/Sep/2020:09:55:41 +0800] "GET /xingrg/all/function/internal_message.html?_=1599875737369&CODE_STATE=count HTTP/1.1" 200 11
117.185.32.26 - - [12/Sep/2020:09:55:41 +0800] "GET /xingrg/check_reg.html?_=1599875737369 HTTP/1.1" 200 22
117.185.32.26 - - [12/Sep/2020:09:55:41 +0800] "POST /xingrg/load_menu.html HTTP/1.1" 200 5138
117.185.32.26 - - [12/Sep/2020:09:55:41 +0800] "GET /favicon.ico HTTP/1.1" 404 -
222.69.138.46 - - [12/Sep/2020:09:55:45 +0800] "GET /xingrg/all/function/internal_message.html?_=1599875733672&CODE_STATE=getMsg HTTP/1.1" 200 27
117.184.7.30 - - [12/Sep/2020:09:55:45 +0800] "POST /xingrg/kc/buy/cgsh_order_operate.html HTTP/1.1" 200 37
117.185.32.26 - - [12/Sep/2020:09:55:46 +0800] "GET /xingrg/kc/buy/buy_main.html HTTP/1.1" 200 12412
117.185.32.26 - - [12/Sep/2020:09:55:46 +0800] "GET /xingrg/css/new_ie.css HTTP/1.1" 404 1036
120.253.135.82 - - [12/Sep/2020:09:55:46 +0800] "GET /xingrg/all/function/internal_message.html?_=1599875859681&CODE_STATE=getMsg HTTP/1.1" 200 27
117.184.7.30 - - [12/Sep/2020:09:55:46 +0800] "POST /xingrg/kc/buy/cgsh_order_operate.html HTTP/1.1" 200 37510
117.185.32.26 - - [12/Sep/2020:09:55:47 +0800] "GET /xingrg/images/yd/bt.gif HTTP/1.1" 404 1040
117.185.32.26 - - [12/Sep/2020:09:55:48 +0800] "GET /xingrg/kc/buy/cgsh_order_list.html HTTP/1.1" 200 43930
117.185.32.26 - - [12/Sep/2020:09:55:50 +0800] "POST /xingrg/kc/buy/cgsh_list_operate.html HTTP/1.1" 200 876
116.230.74.197 - - [12/Sep/2020:09:55:55 +0800] "GET /xingrg/all/function/internal_message.html?_=1599875753037&CODE_STATE=getMsg HTTP/1.1" 200 27
117.185.32.26 - - [12/Sep/2020:09:55:57 +0800] "GET /xingrg/kc/buy/cgsh_order_add.html HTTP/1.1" 200 59674
117.185.32.26 - - [12/Sep/2020:09:55:57 +0800] "GET /xingrg/words/20200911113324_words.js HTTP/1.1" 304 -
117.185.32.26 - - [12/Sep/2020:09:55:57 +0800] "GET /xingrg/all/common/auto_word.html?type=employee&rest_code=00106 HTTP/1.1" 200 205
117.185.32.26 - - [12/Sep/2020:09:55:57 +0800] "GET /xingrg/all/common/auto_word.html?type=employee&rest_code=00106 HTTP/1.1" 200 205
117.185.32.26 - - [12/Sep/2020:09:55:57 +0800] "GET /xingrg/javascript/easyui/themes/default/validatebox.css HTTP/1.1" 404 1104
117.185.32.26 - - [12/Sep/2020:09:55:57 +0800] "POST /xingrg/kc/buy/cgsh_order_operate.html HTTP/1.1" 200 8245
116.235.241.164 - - [12/Sep/2020:09:55:58 +0800] "GET /xingrg/all/function/internal_message.html?_=1599875757050&CODE_STATE=getMsg HTTP/1.1" 200 27
117.185.32.26 - - [12/Sep/2020:09:55:58 +0800] "GET /xingrg/javascript/easyui/themes/default/tree.css HTTP/1.1" 404 1090
117.185.32.26 - - [12/Sep/2020:09:55:58 +0800] "POST /xingrg/all/common/load_tree.html?tree=supplier_tree_json&isDelete=1 HTTP/1.1" 200 50169
116.238.71.173 - - [12/Sep/2020:09:55:58 +0800] "GET /xingrg/kc/buy/cgsh_order_operate.html?command=get_materiel&rest_code=00150&code=00101009007&supplier_code=00100096&order_time=2020-09-12 HTTP/1.1" 200 410
117.185.32.26 - - [12/Sep/2020:09:56:06 +0800] "GET /xingrg/javascript/auto/indicator.gif HTTP/1.1" 404 1066
114.82.29.189 - - [12/Sep/2020:09:56:08 +0800] "GET /xingrg/all/function/internal_message.html?_=1599875769046&CODE_STATE=getMsg HTTP/1.1" 200 27
117.185.32.26 - - [12/Sep/2020:09:56:08 +0800] "GET /xingrg/kc/buy/cgsh_order_operate.html?command=get_materiel&rest_code=00106&code=00101006109&supplier_code=00100015&order_time=2020-09-12 HTTP/1.1" 200 409
116.238.90.59 - - [12/Sep/2020:09:56:14 +0800] "GET /xingrg/all/function/internal_message.html?_=1599875978721&CODE_STATE=getMsg HTTP/1.1" 200 27
117.185.32.26 - - [12/Sep/2020:09:56:16 +0800] "GET /xingrg/kc/buy/cgsh_order_operate.html?command=get_materiel&rest_code=00106&code=00101006058&supplier_code=00100015&order_time=2020-09-12 HTTP/1.1" 200 415
114.88.166.242 - - [12/Sep/2020:09:56:17 +0800] "GET /xingrg/all/function/internal_message.html?_=1599875840159&CODE_STATE=getMsg HTTP/1.1" 200 27
116.238.71.173 - - [12/Sep/2020:09:56:19 +0800] "GET /xingrg/all/function/internal_message.html?_=1599875890701&CODE_STATE=getMsg HTTP/1.1" 200 27
114.82.29.189 - - [12/Sep/2020:09:56:22 +0800] "GET /xingrg/all/function/internal_message.html?_=1599875765693&CODE_STATE=getMsg HTTP/1.1" 200 27
117.184.7.30 - - [12/Sep/2020:09:56:24 +0800] "GET /xingrg/all/function/internal_message.html?_=1599875772820&CODE_STATE=getMsg HTTP/1.1" 200 27
172.17.0.104 - - [12/Sep/2020:09:56:28 +0800] "GET /xingrg/all/function/internal_message.html?_=1599875784553&CODE_STATE=getMsg HTTP/1.1" 200 27
117.185.32.26 - - [12/Sep/2020:09:56:28 +0800] "GET /xingrg/kc/buy/cgsh_order_operate.html?command=get_materiel&rest_code=00106&code=00101006062&supplier_code=00100015&order_time=2020-09-12 HTTP/1.1" 200 409
116.235.241.164 - - [12/Sep/2020:09:56:39 +0800] "GET /xingrg/all/function/internal_message.html?_=1599875797821&CODE_STATE=getMsg HTTP/1.1" 200 27
116.235.241.164 - - [12/Sep/2020:09:56:39 +0800] "GET /xingrg/check_reg.html?_=1599875797822 HTTP/1.1" 200 22
117.185.32.26 - - [12/Sep/2020:09:56:40 +0800] "GET /xingrg/kc/buy/cgsh_order_operate.html?command=get_materiel&rest_code=00106&code=00101006029&supplier_code=00100015&order_time=2020-09-12 HTTP/1.1" 200 409
117.185.32.26 - - [12/Sep/2020:09:56:41 +0800] "GET /xingrg/all/function/internal_message.html?_=1599875797374&CODE_STATE=getMsg HTTP/1.1" 200 27
222.69.138.46 - - [12/Sep/2020:09:56:45 +0800] "GET /xingrg/all/function/internal_message.html?_=1599875793666&CODE_STATE=getMsg HTTP/1.1" 200 27
120.253.135.82 - - [12/Sep/2020:09:56:46 +0800] "GET /xingrg/all/function/internal_message.html?_=1599875919684&CODE_STATE=getMsg HTTP/1.1" 200 27
116.230.74.197 - - [12/Sep/2020:09:56:55 +0800] "GET /xingrg/all/function/internal_message.html?_=1599875813022&CODE_STATE=getMsg HTTP/1.1" 200 27
116.235.241.164 - - [12/Sep/2020:09:56:58 +0800] "GET /xingrg/all/function/internal_message.html?_=1599875817051&CODE_STATE=getMsg HTTP/1.1" 200 27
116.235.241.164 - - [12/Sep/2020:09:56:58 +0800] "GET /xingrg/check_reg.html?_=1599875817053 HTTP/1.1" 200 22
114.82.29.189 - - [12/Sep/2020:09:57:08 +0800] "GET /xingrg/all/function/internal_message.html?_=1599875829047&CODE_STATE=getMsg HTTP/1.1" 200 27
114.82.29.189 - - [12/Sep/2020:09:57:08 +0800] "GET /xingrg/check_reg.html?_=1599875829054 HTTP/1.1" 200 22
117.185.32.26 - - [12/Sep/2020:09:57:10 +0800] "POST /xingrg/kc/buy/cgsh_order_operate.html HTTP/1.1" 200 37
117.185.32.26 - - [12/Sep/2020:09:57:12 +0800] "POST /xingrg/kc/buy/cgsh_order_operate.html HTTP/1.1" 200 12
117.185.32.26 - - [12/Sep/2020:09:57:13 +0800] "GET /xingrg/kc/buy/cgsh_order_info.html?code=212020091204933 HTTP/1.1" 200 54579
117.185.32.26 - - [12/Sep/2020:09:57:13 +0800] "GET /xingrg/javascript/easyui/themes/default/validatebox.css HTTP/1.1" 404 1104
117.185.32.26 - - [12/Sep/2020:09:57:14 +0800] "POST /xingrg/kc/buy/cgsh_order_operate.html HTTP/1.1" 200 2373
116.238.90.59 - - [12/Sep/2020:09:57:14 +0800] "GET /xingrg/all/function/internal_message.html?_=1599876039014&CODE_STATE=getMsg HTTP/1.1" 200 27
117.185.32.26 - - [12/Sep/2020:09:57:17 +0800] "GET /xingrg/kc/print/load_config.html?kc_code=cgsh HTTP/1.1" 200 1845
117.185.32.26 - - [12/Sep/2020:09:57:17 +0800] "GET /xingrg/kc/print/load_data.html?order_code=212020091204933&kc_code=cgsh&condition= HTTP/1.1" 200 1460
114.88.166.242 - - [12/Sep/2020:09:57:17 +0800] "GET /xingrg/all/function/internal_message.html?_=1599875900161&CODE_STATE=getMsg HTTP/1.1" 200 27
116.238.71.173 - - [12/Sep/2020:09:57:19 +0800] "GET /xingrg/all/function/internal_message.html?_=1599875950710&CODE_STATE=getMsg HTTP/1.1" 200 27
114.82.29.189 - - [12/Sep/2020:09:57:22 +0800] "GET /xingrg/all/function/internal_message.html?_=1599875825693&CODE_STATE=getMsg HTTP/1.1" 200 27
117.185.32.26 - - [12/Sep/2020:09:57:23 +0800] "GET /xingrg/kc/print/load_data.html?order_code=212020091204933&kc_code=cgsh HTTP/1.1" 200 1460
117.184.7.30 - - [12/Sep/2020:09:57:24 +0800] "GET /xingrg/check_reg.html?_=1599875832706 HTTP/1.1" 200 22
117.184.7.30 - - [12/Sep/2020:09:57:24 +0800] "GET /xingrg/all/function/internal_message.html?_=1599875832804&CODE_STATE=getMsg HTTP/1.1" 200 27
58.37.9.106 - - [12/Sep/2020:09:57:26 +0800] "GET /xingrg/check_reg.html?_=1599875830653 HTTP/1.1" 200 22
172.17.0.104 - - [12/Sep/2020:09:57:28 +0800] "GET /xingrg/all/function/internal_message.html?_=1599875844551&CODE_STATE=getMsg HTTP/1.1" 200 27
117.184.7.30 - - [12/Sep/2020:09:57:30 +0800] "GET /xingrg/kc/buy/cgsh_order_add.html HTTP/1.1" 200 59627
117.184.7.30 - - [12/Sep/2020:09:57:31 +0800] "POST /xingrg/kc/buy/cgsh_order_operate.html HTTP/1.1" 200 8245
117.184.7.26 - - [12/Sep/2020:09:57:31 +0800] "GET /xingrg/javascript/easyui/themes/default/validatebox.css HTTP/1.1" 404 1104
117.184.7.30 - - [12/Sep/2020:09:57:33 +0800] "GET /xingrg/javascript/jquery_tools/images/prev.gif HTTP/1.1" 404 1086
117.184.7.30 - - [12/Sep/2020:09:57:33 +0800] "GET /xingrg/javascript/jquery_tools/images/next.gif HTTP/1.1" 404 1086
116.235.241.164 - - [12/Sep/2020:09:57:39 +0800] "GET /xingrg/all/function/internal_message.html?_=1599875857822&CODE_STATE=getMsg HTTP/1.1" 200 27
117.185.32.26 - - [12/Sep/2020:09:57:41 +0800] "GET /xingrg/all/function/internal_message.html?_=1599875857386&CODE_STATE=getMsg HTTP/1.1" 200 27
116.238.90.59 - - [12/Sep/2020:09:57:43 +0800] "GET /favicon.ico HTTP/1.1" 404 -
222.69.138.46 - - [12/Sep/2020:09:57:45 +0800] "GET /xingrg/check_reg.html?_=1599875853695 HTTP/1.1" 200 22
222.69.138.46 - - [12/Sep/2020:09:57:45 +0800] "GET /xingrg/all/function/internal_message.html?_=1599875853682&CODE_STATE=getMsg HTTP/1.1" 200 27
120.253.135.82 - - [12/Sep/2020:09:57:46 +0800] "GET /xingrg/all/function/internal_message.html?_=1599875979709&CODE_STATE=getMsg HTTP/1.1" 200 27
117.185.32.26 - - [12/Sep/2020:09:57:52 +0800] "GET /xingrg/kc/buy/cgsh_order_add.html HTTP/1.1" 200 59674
117.185.32.26 - - [12/Sep/2020:09:57:52 +0800] "GET /xingrg/javascript/easyui/themes/default/validatebox.css HTTP/1.1" 404 1104
117.185.32.26 - - [12/Sep/2020:09:57:52 +0800] "POST /xingrg/kc/buy/cgsh_order_operate.html HTTP/1.1" 200 8245
117.185.32.26 - - [12/Sep/2020:09:57:53 +0800] "GET /xingrg/javascript/easyui/themes/default/tree.css HTTP/1.1" 404 1090
117.185.32.26 - - [12/Sep/2020:09:57:53 +0800] "POST /xingrg/all/common/load_tree.html?tree=supplier_tree_json&isDelete=1 HTTP/1.1" 200 50169
116.230.74.197 - - [12/Sep/2020:09:57:55 +0800] "GET /xingrg/all/function/internal_message.html?_=1599875873022&CODE_STATE=getMsg HTTP/1.1" 200 27
116.230.74.197 - - [12/Sep/2020:09:57:55 +0800] "GET /xingrg/check_reg.html?_=1599875873024 HTTP/1.1" 200 22
116.235.241.164 - - [12/Sep/2020:09:57:58 +0800] "GET /xingrg/all/function/internal_message.html?_=1599875877053&CODE_STATE=getMsg HTTP/1.1" 200 27
117.184.7.30 - - [12/Sep/2020:09:58:04 +0800] "GET /xingrg/kc/buy/cgsh_order_operate.html?command=get_materiel&rest_code=00108&code=00101009050&supplier_code=00100096&order_time=2020-09-12 HTTP/1.1" 200 431
114.82.29.189 - - [12/Sep/2020:09:58:08 +0800] "GET /xingrg/all/function/internal_message.html?_=1599875889053&CODE_STATE=getMsg HTTP/1.1" 200 27
117.185.32.26 - - [12/Sep/2020:09:58:10 +0800] "GET /xingrg/kc/buy/cgsh_order_operate.html?command=get_materiel&rest_code=00106&code=00101007090&supplier_code=00100002&order_time=2020-09-12 HTTP/1.1" 200 415
116.238.90.59 - - [12/Sep/2020:09:58:14 +0800] "GET /xingrg/all/function/internal_message.html?_=1599876099029&CODE_STATE=getMsg HTTP/1.1" 200 27
114.88.166.242 - - [12/Sep/2020:09:58:17 +0800] "GET /xingrg/check_reg.html?_=1599875960164 HTTP/1.1" 200 22
114.88.166.242 - - [12/Sep/2020:09:58:17 +0800] "GET /xingrg/all/function/internal_message.html?_=1599875960159&CODE_STATE=getMsg HTTP/1.1" 200 27
117.184.7.30 - - [12/Sep/2020:09:58:18 +0800] "GET /xingrg/kc/buy/cgsh_order_operate.html?command=get_materiel&rest_code=00108&code=00101009010&supplier_code=00100096&order_time=2020-09-12 HTTP/1.1" 200 412
116.238.71.173 - - [12/Sep/2020:09:58:19 +0800] "GET /xingrg/check_reg.html?_=1599876010480 HTTP/1.1" 200 22
116.238.71.173 - - [12/Sep/2020:09:58:19 +0800] "GET /xingrg/all/function/internal_message.html?_=1599876010724&CODE_STATE=getMsg HTTP/1.1" 200 27
117.185.32.26 - - [12/Sep/2020:09:58:19 +0800] "GET /xingrg/kc/buy/cgsh_order_operate.html?command=get_materiel&rest_code=00106&code=00101007048&supplier_code=00100002&order_time=2020-09-12 HTTP/1.1" 200 408
114.82.29.189 - - [12/Sep/2020:09:58:22 +0800] "GET /xingrg/check_reg.html?_=1599875885720 HTTP/1.1" 200 22
114.82.29.189 - - [12/Sep/2020:09:58:22 +0800] "GET /xingrg/all/function/internal_message.html?_=1599875885723&CODE_STATE=getMsg HTTP/1.1" 200 27
117.184.7.30 - - [12/Sep/2020:09:58:24 +0800] "GET /xingrg/all/function/internal_message.html?_=1599875892789&CODE_STATE=getMsg HTTP/1.1" 200 27
172.17.0.104 - - [12/Sep/2020:09:58:28 +0800] "GET /xingrg/all/function/internal_message.html?_=1599875904551&CODE_STATE=getMsg HTTP/1.1" 200 27
117.185.32.26 - - [12/Sep/2020:09:58:28 +0800] "GET /xingrg/kc/buy/cgsh_order_operate.html?command=get_materiel&rest_code=00106&code=00101007059&supplier_code=00100002&order_time=2020-09-12 HTTP/1.1" 200 411
117.184.7.30 - - [12/Sep/2020:09:58:31 +0800] "GET /xingrg/kc/buy/cgsh_order_operate.html?command=get_materiel&rest_code=00108&code=00101009011&supplier_code=00100096&order_time=2020-09-12 HTTP/1.1" 200 416
120.253.135.82 - - [12/Sep/2020:09:58:32 +0800] "GET /xingrg/check_reg.html?_=1599876025641 HTTP/1.1" 200 22
117.185.32.26 - - [12/Sep/2020:09:58:36 +0800] "GET /xingrg/kc/buy/cgsh_order_operate.html?command=get_materiel&rest_code=00106&code=00101007077&supplier_code=00100002&order_time=2020-09-12 HTTP/1.1" 200 417
116.235.241.164 - - [12/Sep/2020:09:58:39 +0800] "GET /xingrg/all/function/internal_message.html?_=1599875917822&CODE_STATE=getMsg HTTP/1.1" 200 27
117.185.32.26 - - [12/Sep/2020:09:58:41 +0800] "GET /xingrg/all/function/internal_message.html?_=1599875917411&CODE_STATE=getMsg HTTP/1.1" 200 27
117.184.7.30 - - [12/Sep/2020:09:58:42 +0800] "GET /xingrg/kc/buy/cgsh_order_operate.html?command=get_materiel&rest_code=00108&code=00101009041&supplier_code=00100096&order_time=2020-09-12 HTTP/1.1" 200 408
222.69.138.46 - - [12/Sep/2020:09:58:45 +0800] "GET /xingrg/all/function/internal_message.html?_=1599875913683&CODE_STATE=getMsg HTTP/1.1" 200 27
120.253.135.82 - - [12/Sep/2020:09:58:46 +0800] "GET /xingrg/all/function/internal_message.html?_=1599876039711&CODE_STATE=getMsg HTTP/1.1" 200 27
117.184.7.30 - - [12/Sep/2020:09:58:49 +0800] "GET /xingrg/kc/buy/cgsh_order_operate.html?command=get_materiel&rest_code=00108&code=00101009062&supplier_code=00100096&order_time=2020-09-12 HTTP/1.1" 200 433
116.230.74.197 - - [12/Sep/2020:09:58:55 +0800] "GET /xingrg/all/function/internal_message.html?_=1599875933023&CODE_STATE=getMsg HTTP/1.1" 200 27
116.235.241.164 - - [12/Sep/2020:09:58:58 +0800] "GET /xingrg/all/function/internal_message.html?_=1599875937053&CODE_STATE=getMsg HTTP/1.1" 200 27
117.185.32.26 - - [12/Sep/2020:09:59:01 +0800] "POST /xingrg/kc/buy/cgsh_order_operate.html HTTP/1.1" 200 37
117.184.7.30 - - [12/Sep/2020:09:59:01 +0800] "GET /xingrg/kc/buy/cgsh_order_operate.html?command=get_materiel&rest_code=00108&code=00101009016&supplier_code=00100096&order_time=2020-09-12 HTTP/1.1" 200 412
117.185.32.26 - - [12/Sep/2020:09:59:02 +0800] "POST /xingrg/kc/buy/cgsh_order_operate.html HTTP/1.1" 200 12
117.185.32.26 - - [12/Sep/2020:09:59:03 +0800] "GET /xingrg/kc/buy/cgsh_order_info.html?code=212020091204934 HTTP/1.1" 200 54579
117.185.32.26 - - [12/Sep/2020:09:59:04 +0800] "GET /xingrg/javascript/easyui/themes/default/validatebox.css HTTP/1.1" 404 1104
117.185.32.26 - - [12/Sep/2020:09:59:04 +0800] "POST /xingrg/kc/buy/cgsh_order_operate.html HTTP/1.1" 200 2975
117.185.32.26 - - [12/Sep/2020:09:59:05 +0800] "GET /xingrg/kc/print/load_data.html?order_code=212020091204934&kc_code=cgsh&condition= HTTP/1.1" 200 1684
114.82.29.189 - - [12/Sep/2020:09:59:08 +0800] "GET /xingrg/all/function/internal_message.html?_=1599875949049&CODE_STATE=getMsg HTTP/1.1" 200 27
117.185.32.26 - - [12/Sep/2020:09:59:10 +0800] "GET /xingrg/kc/print/load_data.html?order_code=212020091204934&kc_code=cgsh HTTP/1.1" 200 1684
116.238.71.173 - - [12/Sep/2020:09:59:12 +0800] "GET /xingrg/kc/buy/cgsh_order_operate.html?command=get_materiel&rest_code=00150&code=00102011021&supplier_code=00100096&order_time=2020-09-12 HTTP/1.1" 200 408
116.238.90.59 - - [12/Sep/2020:09:59:14 +0800] "GET /xingrg/all/function/internal_message.html?_=1599876159042&CODE_STATE=getMsg HTTP/1.1" 200 27
222.69.138.46 - - [12/Sep/2020:09:59:15 +0800] "GET /xingrg/kc/buy/cgsh_order_add.html HTTP/1.1" 200 59721
222.69.138.46 - - [12/Sep/2020:09:59:15 +0800] "POST /xingrg/kc/buy/cgsh_order_operate.html HTTP/1.1" 200 8245
222.69.138.46 - - [12/Sep/2020:09:59:15 +0800] "GET /xingrg/javascript/easyui/themes/default/validatebox.css HTTP/1.1" 404 1104
116.238.71.173 - - [12/Sep/2020:09:59:17 +0800] "GET /xingrg/kc/buy/cgsh_order_operate.html?command=get_materiel&rest_code=00150&code=00101009006&supplier_code=00100096&order_time=2020-09-12 HTTP/1.1" 200 408
114.88.166.242 - - [12/Sep/2020:09:59:17 +0800] "GET /xingrg/all/function/internal_message.html?_=1599876020162&CODE_STATE=getMsg HTTP/1.1" 200 27
116.238.71.173 - - [12/Sep/2020:09:59:19 +0800] "GET /xingrg/all/function/internal_message.html?_=1599876070737&CODE_STATE=getMsg HTTP/1.1" 200 27
114.82.29.189 - - [12/Sep/2020:09:59:22 +0800] "GET /xingrg/all/function/internal_message.html?_=1599875945707&CODE_STATE=getMsg HTTP/1.1" 200 27
117.184.7.30 - - [12/Sep/2020:09:59:24 +0800] "GET /xingrg/all/function/internal_message.html?_=1599875952770&CODE_STATE=getMsg HTTP/1.1" 200 27
117.184.7.30 - - [12/Sep/2020:09:59:25 +0800] "GET /xingrg/kc/buy/cgsh_order_operate.html?command=get_materiel&rest_code=00108&code=00101009013&supplier_code=00100096&order_time=2020-09-12 HTTP/1.1" 200 420
172.17.0.104 - - [12/Sep/2020:09:59:28 +0800] "GET /xingrg/all/function/internal_message.html?_=1599875964552&CODE_STATE=getMsg HTTP/1.1" 200 27
222.69.138.46 - - [12/Sep/2020:09:59:30 +0800] "GET /xingrg/kc/buy/cgsh_order_operate.html?command=get_materiel&rest_code=00149&code=00101009109&supplier_code=00100039&order_time=2020-09-12 HTTP/1.1" 200 399
218.81.217.115 - - [12/Sep/2020:09:59:37 +0800] "POST /xingrg/services/DataTransmitService HTTP/1.1" 200 524
218.81.217.115 - - [12/Sep/2020:09:59:38 +0800] "POST /xingrg/services/DataTransmitService HTTP/1.1" 200 1863
218.81.217.115 - - [12/Sep/2020:09:59:38 +0800] "POST /xingrg/services/DataTransmitService HTTP/1.1" 200 144780
116.235.241.164 - - [12/Sep/2020:09:59:39 +0800] "GET /xingrg/all/function/internal_message.html?_=1599875977824&CODE_STATE=getMsg HTTP/1.1" 200 27
117.184.7.30 - - [12/Sep/2020:09:59:40 +0800] "GET /xingrg/kc/buy/cgsh_order_operate.html?command=get_materiel&rest_code=00108&code=00101009007&supplier_code=00100096&order_time=2020-09-12 HTTP/1.1" 200 410
117.185.32.26 - - [12/Sep/2020:09:59:41 +0800] "GET /xingrg/all/function/internal_message.html?_=1599875977384&CODE_STATE=getMsg HTTP/1.1" 200 27
117.185.32.26 - - [12/Sep/2020:09:59:44 +0800] "GET /xingrg/kc/buy/cgsh_order_add.html HTTP/1.1" 200 59674
117.185.32.26 - - [12/Sep/2020:09:59:45 +0800] "GET /xingrg/javascript/easyui/themes/default/validatebox.css HTTP/1.1" 404 1104
117.185.32.26 - - [12/Sep/2020:09:59:45 +0800] "POST /xingrg/kc/buy/cgsh_order_operate.html HTTP/1.1" 200 8245
222.69.138.46 - - [12/Sep/2020:09:59:45 +0800] "GET /xingrg/all/function/internal_message.html?_=1599875973677&CODE_STATE=getMsg HTTP/1.1" 200 27
120.253.135.82 - - [12/Sep/2020:09:59:46 +0800] "GET /xingrg/all/function/internal_message.html?_=1599876099725&CODE_STATE=getMsg HTTP/1.1" 200 27
117.185.32.26 - - [12/Sep/2020:09:59:46 +0800] "GET /xingrg/javascript/easyui/themes/default/tree.css HTTP/1.1" 404 1090
117.185.32.26 - - [12/Sep/2020:09:59:47 +0800] "POST /xingrg/all/common/load_tree.html?tree=supplier_tree_json&isDelete=1 HTTP/1.1" 200 50169
116.238.71.173 - - [12/Sep/2020:09:59:49 +0800] "GET /xingrg/kc/buy/cgsh_order_operate.html?command=get_materiel&rest_code=00150&code=00101009011&supplier_code=00100096&order_time=2020-09-12 HTTP/1.1" 200 416
116.230.74.197 - - [12/Sep/2020:09:59:55 +0800] "GET /xingrg/all/function/internal_message.html?_=1599875993023&CODE_STATE=getMsg HTTP/1.1" 200 27
58.40.7.146 - - [12/Sep/2020:09:59:58 +0800] "GET /xingrg/check_reg.html?_=1599875995658 HTTP/1.1" 200 22
116.235.241.164 - - [12/Sep/2020:09:59:58 +0800] "GET /xingrg/all/function/internal_message.html?_=1599875997055&CODE_STATE=getMsg HTTP/1.1" 200 27
117.184.7.30 - - [12/Sep/2020:10:00:00 +0800] "GET /xingrg/kc/buy/cgsh_order_operate.html?command=get_materiel&rest_code=00108&code=00101009039&supplier_code=00100096&order_time=2020-09-12 HTTP/1.1" 200 408
172.17.0.185 - - [12/Sep/2020:10:00:03 +0800] "GET /xingrg/check_reg.html?_=1599876000258 HTTP/1.1" 200 22
114.82.29.189 - - [12/Sep/2020:10:00:08 +0800] "GET /xingrg/all/function/internal_message.html?_=1599876009053&CODE_STATE=getMsg HTTP/1.1" 200 27
116.238.90.59 - - [12/Sep/2020:10:00:10 +0800] "GET /xingrg/check_reg.html?_=1599876215366 HTTP/1.1" 200 22
116.238.90.59 - - [12/Sep/2020:10:00:14 +0800] "GET /xingrg/all/function/internal_message.html?_=1599876219055&CODE_STATE=getMsg HTTP/1.1" 200 27
114.88.166.242 - - [12/Sep/2020:10:00:17 +0800] "GET /xingrg/all/function/internal_message.html?_=1599876080160&CODE_STATE=getMsg HTTP/1.1" 200 27
117.185.32.26 - - [12/Sep/2020:10:00:19 +0800] "GET /xingrg/kc/buy/cgsh_order_operate.html?command=get_materiel&rest_code=00106&code=00101006161&supplier_code=00100032&order_time=2020-09-12 HTTP/1.1" 200 409
116.238.71.173 - - [12/Sep/2020:10:00:19 +0800] "GET /xingrg/all/function/internal_message.html?_=1599876130751&CODE_STATE=getMsg HTTP/1.1" 200 27
114.82.29.189 - - [12/Sep/2020:10:00:22 +0800] "GET /xingrg/all/function/internal_message.html?_=1599876005707&CODE_STATE=getMsg HTTP/1.1" 200 27
117.184.7.30 - - [12/Sep/2020:10:00:24 +0800] "GET /xingrg/all/function/internal_message.html?_=1599876012748&CODE_STATE=getMsg HTTP/1.1" 200 27
222.69.138.46 - - [12/Sep/2020:10:00:24 +0800] "GET /xingrg/kc/buy/cgsh_order_operate.html?command=get_materiel&rest_code=00149&code=00101009062&supplier_code=00100039&order_time=2020-09-12 HTTP/1.1" 200 433
172.17.0.104 - - [12/Sep/2020:10:00:28 +0800] "GET /xingrg/all/function/internal_message.html?_=1599876024577&CODE_STATE=getMsg HTTP/1.1" 200 27
172.17.0.104 - - [12/Sep/2020:10:00:28 +0800] "GET /xingrg/check_reg.html?_=1599876024580 HTTP/1.1" 200 22
117.185.32.26 - - [12/Sep/2020:10:00:29 +0800] "GET /xingrg/kc/buy/cgsh_order_operate.html?command=get_materiel&rest_code=00106&code=00101016025&supplier_code=00100032&order_time=2020-09-12 HTTP/1.1" 200 408
218.81.217.115 - - [12/Sep/2020:10:00:36 +0800] "POST /xingrg/services/DataTransmitService HTTP/1.1" 200 524
222.69.138.46 - - [12/Sep/2020:10:00:37 +0800] "GET /xingrg/kc/buy/cgsh_order_operate.html?command=get_materiel&rest_code=00149&code=00101009011&supplier_code=00100039&order_time=2020-09-12 HTTP/1.1" 200 416
218.81.217.115 - - [12/Sep/2020:10:00:37 +0800] "POST /xingrg/services/DataTransmitService HTTP/1.1" 200 1863
218.81.217.115 - - [12/Sep/2020:10:00:38 +0800] "POST /xingrg/services/DataTransmitService HTTP/1.1" 200 524
117.184.7.30 - - [12/Sep/2020:10:00:38 +0800] "POST /xingrg/kc/buy/cgsh_order_operate.html HTTP/1.1" 200 37
218.81.217.115 - - [12/Sep/2020:10:00:38 +0800] "POST /xingrg/services/DataTransmitService HTTP/1.1" 200 1863
116.235.241.164 - - [12/Sep/2020:10:00:39 +0800] "GET /xingrg/all/function/internal_message.html?_=1599876037823&CODE_STATE=getMsg HTTP/1.1" 200 27
218.81.217.115 - - [12/Sep/2020:10:00:39 +0800] "POST /xingrg/services/DataTransmitService HTTP/1.1" 200 524
117.184.7.30 - - [12/Sep/2020:10:00:39 +0800] "POST /xingrg/kc/buy/cgsh_order_operate.html HTTP/1.1" 200 7984
218.81.217.115 - - [12/Sep/2020:10:00:39 +0800] "POST /xingrg/services/DataTransmitService HTTP/1.1" 200 1863
117.185.32.26 - - [12/Sep/2020:10:00:41 +0800] "GET /xingrg/all/function/internal_message.html?_=1599876037405&CODE_STATE=getMsg HTTP/1.1" 200 27
117.185.32.26 - - [12/Sep/2020:10:00:41 +0800] "GET /xingrg/check_reg.html?_=1599876037404 HTTP/1.1" 200 22
117.184.7.30 - - [12/Sep/2020:10:00:45 +0800] "GET /xingrg/kc/print/load_config.html?kc_code=cgsh HTTP/1.1" 200 1845
117.184.7.30 - - [12/Sep/2020:10:00:45 +0800] "GET /xingrg/kc/print/load_data.html?order_code=212020091204935&kc_code=cgsh&condition= HTTP/1.1" 200 2652
222.69.138.46 - - [12/Sep/2020:10:00:45 +0800] "GET /xingrg/all/function/internal_message.html?_=1599876033682&CODE_STATE=getMsg HTTP/1.1" 200 27
218.81.217.115 - - [12/Sep/2020:10:00:45 +0800] "POST /xingrg/services/DataTransmitService HTTP/1.1" 200 524
218.81.217.115 - - [12/Sep/2020:10:00:46 +0800] "POST /xingrg/services/DataTransmitService HTTP/1.1" 200 1863
120.253.135.82 - - [12/Sep/2020:10:00:46 +0800] "GET /xingrg/all/function/internal_message.html?_=1599876159756&CODE_STATE=getMsg HTTP/1.1" 200 27
116.230.74.197 - - [12/Sep/2020:10:00:55 +0800] "GET /xingrg/all/function/internal_message.html?_=1599876053037&CODE_STATE=getMsg HTTP/1.1" 200 27
116.235.241.164 - - [12/Sep/2020:10:00:58 +0800] "GET /xingrg/all/function/internal_message.html?_=1599876057053&CODE_STATE=getMsg HTTP/1.1" 200 27
116.238.71.173 - - [12/Sep/2020:10:01:01 +0800] "GET /xingrg/kc/buy/cgsh_order_operate.html?command=get_materiel&rest_code=00150&code=00101009016&supplier_code=00100096&order_time=2020-09-12 HTTP/1.1" 200 414
117.185.32.26 - - [12/Sep/2020:10:01:06 +0800] "GET /xingrg/kc/buy/cgsh_order_operate.html?command=get_materiel&rest_code=00106&code=00101005037&supplier_code=00100032&order_time=2020-09-12 HTTP/1.1" 200 409
114.82.29.189 - - [12/Sep/2020:10:01:08 +0800] "GET /xingrg/all/function/internal_message.html?_=1599876069055&CODE_STATE=getMsg HTTP/1.1" 200 27
116.238.90.59 - - [12/Sep/2020:10:01:14 +0800] "GET /xingrg/all/function/internal_message.html?_=1599876279070&CODE_STATE=getMsg HTTP/1.1" 200 27
117.185.32.26 - - [12/Sep/2020:10:01:15 +0800] "GET /xingrg/kc/buy/cgsh_order_operate.html?command=get_materiel&rest_code=00106&code=00101010161&supplier_code=00100032&order_time=2020-09-12 HTTP/1.1" 200 411
117.184.7.30 - - [12/Sep/2020:10:01:16 +0800] "POST /xingrg/kc/buy/cgsh_list_operate.html HTTP/1.1" 200 2018
114.88.166.242 - - [12/Sep/2020:10:01:17 +0800] "GET /xingrg/all/function/internal_message.html?_=1599876140159&CODE_STATE=getMsg HTTP/1.1" 200 27
222.69.138.46 - - [12/Sep/2020:10:01:18 +0800] "GET /xingrg/kc/buy/cgsh_order_operate.html?command=get_materiel&rest_code=00149&code=00101009019&supplier_code=00100039&order_time=2020-09-12 HTTP/1.1" 200 433
116.238.71.173 - - [12/Sep/2020:10:01:18 +0800] "GET /xingrg/kc/buy/cgsh_order_operate.html?command=get_materiel&rest_code=00150&code=00101009063&supplier_code=00100096&order_time=2020-09-12 HTTP/1.1" 200 409
117.184.7.30 - - [12/Sep/2020:10:01:18 +0800] "POST /xingrg/kc/buy/cgsh_list_operate.html HTTP/1.1" 200 569
117.184.7.30 - - [12/Sep/2020:10:01:19 +0800] "POST /xingrg/kc/buy/cgsh_list_operate.html HTTP/1.1" 200 564
116.238.71.173 - - [12/Sep/2020:10:01:19 +0800] "GET /xingrg/all/function/internal_message.html?_=1599876190764&CODE_STATE=getMsg HTTP/1.1" 200 27
117.184.7.30 - - [12/Sep/2020:10:01:19 +0800] "GET /xingrg/kc/buy/cgsh_order_info.html?code=212020091204929 HTTP/1.1" 200 59636
117.184.7.26 - - [12/Sep/2020:10:01:20 +0800] "GET /xingrg/javascript/easyui/themes/default/validatebox.css HTTP/1.1" 404 1104
117.184.7.30 - - [12/Sep/2020:10:01:20 +0800] "POST /xingrg/kc/buy/cgsh_order_operate.html HTTP/1.1" 200 37510
114.82.29.189 - - [12/Sep/2020:10:01:22 +0800] "GET /xingrg/all/function/internal_message.html?_=1599876065707&CODE_STATE=getMsg HTTP/1.1" 200 27
117.185.32.26 - - [12/Sep/2020:10:01:24 +0800] "POST /xingrg/kc/buy/cgsh_order_operate.html HTTP/1.1" 200 37
117.184.7.30 - - [12/Sep/2020:10:01:24 +0800] "GET /xingrg/all/function/internal_message.html?_=1599876072872&CODE_STATE=getMsg HTTP/1.1" 200 27
117.184.7.30 - - [12/Sep/2020:10:01:25 +0800] "GET /xingrg/kc/print/load_data.html?order_code=212020091204929&kc_code=cgsh&condition= HTTP/1.1" 200 13811
172.17.0.104 - - [12/Sep/2020:10:01:28 +0800] "GET /xingrg/all/function/internal_message.html?_=1599876084579&CODE_STATE=getMsg HTTP/1.1" 200 27
