58.37.9.106 - - [09/Sep/2020:09:52:11 +0800] "GET /xingrg/javascript/myfunction.js HTTP/1.1" 200 24559
58.37.9.106 - - [09/Sep/2020:09:52:11 +0800] "GET /xingrg/javascript/calendar/jquery.timePicker.min.js HTTP/1.1" 200 2997
58.37.9.106 - - [09/Sep/2020:09:52:11 +0800] "GET /xingrg/dwr/util.js HTTP/1.1" 200 35990
58.37.9.106 - - [09/Sep/2020:09:52:11 +0800] "GET /xingrg/javascript/jqueryMultiSelect.js HTTP/1.1" 200 11866
58.37.9.106 - - [09/Sep/2020:09:52:11 +0800] "GET /xingrg/javascript/bigrid/fix.js HTTP/1.1" 200 6439
58.37.9.106 - - [09/Sep/2020:09:52:11 +0800] "GET /xingrg/javascript/Calendar.js HTTP/1.1" 200 31561
58.37.9.106 - - [09/Sep/2020:09:52:11 +0800] "GET /xingrg/images/blue/button/advanceover.gif HTTP/1.1" 200 1347
58.37.9.106 - - [09/Sep/2020:09:52:11 +0800] "GET /xingrg/images/control/loading.gif HTTP/1.1" 200 13463
58.37.9.106 - - [09/Sep/2020:09:52:11 +0800] "GET /xingrg/images/blue/button/back2over.gif HTTP/1.1" 200 1335
58.37.9.106 - - [09/Sep/2020:09:52:11 +0800] "GET /xingrg/images/blue/button/advance2over.gif HTTP/1.1" 200 1336
58.37.9.106 - - [09/Sep/2020:09:52:11 +0800] "GET /xingrg/images/blue/button/backover.gif HTTP/1.1" 200 1348
58.37.9.106 - - [09/Sep/2020:09:52:11 +0800] "GET /xingrg/javascript/jquery_easy_ui/themes/icons/help.png HTTP/1.1" 200 1187
58.37.9.106 - - [09/Sep/2020:09:52:11 +0800] "GET /xingrg/javascript/jquery_easy_ui/themes/default/images/menu_downarrow.png HTTP/1.1" 200 173
58.37.9.106 - - [09/Sep/2020:09:52:11 +0800] "GET /xingrg/javascript/jquery_easy_ui/themes/default/images/button_a_bg.gif HTTP/1.1" 200 1194
58.37.9.106 - - [09/Sep/2020:09:52:11 +0800] "GET /xingrg/javascript/jquery_easy_ui/themes/default/images/menu.gif HTTP/1.1" 200 834
58.37.9.106 - - [09/Sep/2020:09:52:11 +0800] "GET /xingrg/javascript/jquery_easy_ui/themes/icons/print.png HTTP/1.1" 200 1057
58.37.9.106 - - [09/Sep/2020:09:52:11 +0800] "GET /xingrg/javascript/jquery_easy_ui/themes/icons/pencil.png HTTP/1.1" 200 713
58.37.9.106 - - [09/Sep/2020:09:52:11 +0800] "POST /xingrg/dwr/call/plaincall/AjaxReportQueryService.getFixDate.dwr HTTP/1.1" 200 111
58.37.9.106 - - [09/Sep/2020:09:52:11 +0800] "GET /xingrg/javascript/jquery_easy_ui/themes/default/images/menu_rightarrow.png HTTP/1.1" 200 3617
58.37.9.106 - - [09/Sep/2020:09:52:11 +0800] "POST /xingrg/all/common/load_tree.html?tree=area_station_tree_json&manage=1 HTTP/1.1" 200 3116
58.37.9.106 - - [09/Sep/2020:09:52:11 +0800] "GET /xingrg/javascript/jquery_easy_ui/themes/default/images/combo_arrow_dot.gif HTTP/1.1" 200 79
58.37.9.106 - - [09/Sep/2020:09:52:11 +0800] "GET /xingrg/javascript/jquery_easy_ui/themes/default/images/tree_checkbox_0.gif HTTP/1.1" 200 168
58.37.9.106 - - [09/Sep/2020:09:52:11 +0800] "GET /xingrg/javascript/jquery_easy_ui/themes/icons/rest.png HTTP/1.1" 200 695
117.185.32.26 - - [09/Sep/2020:09:52:12 +0800] "GET /xingrg/kc/buy/buy_main.html HTTP/1.1" 200 12412
117.185.32.26 - - [09/Sep/2020:09:52:12 +0800] "GET /xingrg/css/new_ie.css HTTP/1.1" 404 1036
58.37.9.106 - - [09/Sep/2020:09:52:12 +0800] "GET /xingrg/javascript/jquery_easy_ui/themes/icons/area.png HTTP/1.1" 200 262
58.37.9.106 - - [09/Sep/2020:09:52:12 +0800] "GET /xingrg/javascript/jquery_easy_ui/themes/icons/manage.png HTTP/1.1" 200 696
117.185.32.26 - - [09/Sep/2020:09:52:14 +0800] "GET /xingrg/kc/buy/cgsh_order_list.html HTTP/1.1" 200 43930
218.81.217.115 - - [09/Sep/2020:09:52:14 +0800] "GET /xingrg/all/function/internal_message.html?_=1599616341287&CODE_STATE=getMsg HTTP/1.1" 200 27
116.238.71.173 - - [09/Sep/2020:09:52:15 +0800] "GET /xingrg/all/function/internal_message.html?_=1599616334415&CODE_STATE=getMsg HTTP/1.1" 200 27
117.185.32.26 - - [09/Sep/2020:09:52:16 +0800] "POST /xingrg/kc/buy/cgsh_list_operate.html HTTP/1.1" 200 1690
58.37.9.106 - - [09/Sep/2020:09:52:17 +0800] "GET /xingrg/javascript/jquery_easy_ui/themes/default/images/tree_checkbox_1.gif HTTP/1.1" 200 174
58.37.9.106 - - [09/Sep/2020:09:52:17 +0800] "GET /xingrg/javascript/jquery_easy_ui/themes/default/images/tree_checkbox_2.gif HTTP/1.1" 200 181
117.185.32.26 - - [09/Sep/2020:09:52:19 +0800] "GET /xingrg/kc/buy/cgsh_order_add.html HTTP/1.1" 200 59668
117.185.32.26 - - [09/Sep/2020:09:52:19 +0800] "GET /xingrg/words/20200909072024_words.js HTTP/1.1" 304 -
117.185.32.26 - - [09/Sep/2020:09:52:20 +0800] "GET /xingrg/javascript/easyui/themes/default/validatebox.css HTTP/1.1" 404 1104
117.185.32.26 - - [09/Sep/2020:09:52:20 +0800] "POST /xingrg/kc/buy/cgsh_order_operate.html HTTP/1.1" 200 8245
58.37.9.106 - - [09/Sep/2020:09:52:22 +0800] "GET /xingrg/all/function/internal_message.html?_=1599616336267&CODE_STATE=getMsg HTTP/1.1" 200 27
117.185.32.26 - - [09/Sep/2020:09:52:23 +0800] "GET /xingrg/javascript/easyui/themes/default/tree.css HTTP/1.1" 404 1090
117.185.32.26 - - [09/Sep/2020:09:52:23 +0800] "POST /xingrg/all/common/load_tree.html?tree=supplier_tree_json&isDelete=1 HTTP/1.1" 200 50169
218.81.217.115 - - [09/Sep/2020:09:52:23 +0800] "GET /xingrg/kc/buy/cgsh_order_add.html HTTP/1.1" 200 59674
218.81.217.115 - - [09/Sep/2020:09:52:23 +0800] "POST /xingrg/kc/buy/cgsh_order_operate.html HTTP/1.1" 200 8245
218.81.217.115 - - [09/Sep/2020:09:52:23 +0800] "GET /xingrg/javascript/easyui/themes/default/validatebox.css HTTP/1.1" 404 1104
116.238.71.173 - - [09/Sep/2020:09:52:25 +0800] "GET /xingrg/all/function/internal_message.html?_=1599616460409&CODE_STATE=getMsg HTTP/1.1" 200 27
114.88.166.242 - - [09/Sep/2020:09:52:25 +0800] "GET /xingrg/all/function/internal_message.html?_=1599616403953&CODE_STATE=getMsg HTTP/1.1" 200 27
117.184.7.26 - - [09/Sep/2020:09:52:26 +0800] "GET /xingrg/all/function/internal_message.html?_=1599616341192&CODE_STATE=getMsg HTTP/1.1" 200 27
114.88.166.242 - - [09/Sep/2020:09:52:26 +0800] "GET /xingrg/kc/buy/cgsh_order_operate.html?command=get_materiel&rest_code=00111&code=00101008165&supplier_code=00100005&order_time=2020-09-09 HTTP/1.1" 200 416
116.233.79.183 - - [09/Sep/2020:09:52:27 +0800] "GET /xingrg/all/function/internal_message.html?_=1599616374515&CODE_STATE=getMsg HTTP/1.1" 200 27
58.37.9.106 - - [09/Sep/2020:09:52:30 +0800] "GET /xingrg/javascript/jquery_easy_ui/themes/default/images/button_plain_hover.png HTTP/1.1" 200 252
58.37.9.106 - - [09/Sep/2020:09:52:30 +0800] "POST /xingrg/dwr/call/plaincall/AjaxReportQueryService.refreshCache.dwr HTTP/1.1" 200 78
58.37.9.106 - - [09/Sep/2020:09:52:30 +0800] "POST /xingrg/all/report/load_report_page.html HTTP/1.1" 200 16323
58.37.9.106 - - [09/Sep/2020:09:52:30 +0800] "GET /xingrg/servlets/image?cache=0.3921024571195627&image=px HTTP/1.1" 200 807
114.88.166.242 - - [09/Sep/2020:09:52:34 +0800] "GET /xingrg/kc/buy/cgsh_order_operate.html?command=get_materiel&rest_code=00111&code=00101008168&supplier_code=00100005&order_time=2020-09-09 HTTP/1.1" 200 413
116.235.241.164 - - [09/Sep/2020:09:52:34 +0800] "GET /xingrg/all/function/internal_message.html?_=1599616352667&CODE_STATE=getMsg HTTP/1.1" 200 27
172.17.0.240 - - [09/Sep/2020:09:52:34 +0800] "GET /xingrg/all/function/internal_message.html?_=1599616352661&CODE_STATE=getMsg HTTP/1.1" 200 27
116.230.74.197 - - [09/Sep/2020:09:52:35 +0800] "GET /xingrg/all/function/internal_message.html?_=1599616352391&CODE_STATE=getMsg HTTP/1.1" 200 27
116.230.74.197 - - [09/Sep/2020:09:52:35 +0800] "GET /xingrg/check_reg.html?_=1599616352412 HTTP/1.1" 200 22
222.69.141.189 - - [09/Sep/2020:09:52:35 +0800] "GET /xingrg/all/function/internal_message.html?_=1599616348683&CODE_STATE=getMsg HTTP/1.1" 200 27
218.81.217.115 - - [09/Sep/2020:09:52:35 +0800] "GET /xingrg/kc/buy/cgsh_order_operate.html?command=get_materiel&rest_code=00146&code=00101006129&supplier_code=00100012&order_time=2020-09-09 HTTP/1.1" 200 431
114.88.166.242 - - [09/Sep/2020:09:52:35 +0800] "POST /xingrg/kc/buy/cgsh_order_operate.html HTTP/1.1" 200 2065
172.17.0.120 - - [09/Sep/2020:09:52:38 +0800] "GET /xingrg/all/function/internal_message.html?_=1599616355204&CODE_STATE=getMsg HTTP/1.1" 200 27
114.88.166.242 - - [09/Sep/2020:09:52:39 +0800] "GET /xingrg/kc/buy/cgsh_order_operate.html?command=get_materiel&rest_code=00111&code=00101008223&supplier_code=00100005&order_time=2020-09-09 HTTP/1.1" 200 412
117.185.32.26 - - [09/Sep/2020:09:52:40 +0800] "GET /xingrg/javascript/auto/indicator.gif HTTP/1.1" 404 1066
58.37.9.106 - - [09/Sep/2020:09:52:40 +0800] "POST /xingrg/dwr/call/plaincall/AjaxReportQueryService.refreshCache.dwr HTTP/1.1" 200 78
120.253.135.82 - - [09/Sep/2020:09:52:41 +0800] "GET /xingrg/all/function/internal_message.html?_=1599616109517&CODE_STATE=getMsg HTTP/1.1" 200 27
172.17.0.185 - - [09/Sep/2020:09:52:41 +0800] "GET /xingrg/all/function/internal_message.html?_=1599616359126&CODE_STATE=getMsg HTTP/1.1" 302 -
58.37.9.106 - - [09/Sep/2020:09:52:41 +0800] "POST /xingrg/all/report/load_report_page.html HTTP/1.1" 200 16437
58.37.9.106 - - [09/Sep/2020:09:52:41 +0800] "GET /xingrg/servlets/image?cache=0.6388305032902772&image=px HTTP/1.1" 200 807
117.185.32.26 - - [09/Sep/2020:09:52:43 +0800] "GET /xingrg/kc/buy/cgsh_order_operate.html?command=get_materiel&rest_code=00106&code=00101006109&supplier_code=00100015&order_time=2020-09-09 HTTP/1.1" 200 409
218.81.217.115 - - [09/Sep/2020:09:52:44 +0800] "GET /xingrg/check_reg.html?_=1599616372808 HTTP/1.1" 200 22
117.185.32.26 - - [09/Sep/2020:09:52:44 +0800] "GET /xingrg/all/function/internal_message.html?_=1599616794222&CODE_STATE=getMsg HTTP/1.1" 200 27
117.185.32.26 - - [09/Sep/2020:09:52:44 +0800] "GET /xingrg/check_reg.html?_=1599616794239 HTTP/1.1" 200 22
218.81.217.115 - - [09/Sep/2020:09:52:45 +0800] "GET /xingrg/all/function/internal_message.html?_=1599616373456&CODE_STATE=getMsg HTTP/1.1" 200 27
180.157.253.48 - - [09/Sep/2020:09:52:46 +0800] "GET /xingrg/all/function/internal_message.html?_=1599616366942&CODE_STATE=getMsg HTTP/1.1" 200 27
218.81.217.115 - - [09/Sep/2020:09:52:47 +0800] "GET /xingrg/kc/buy/cgsh_order_operate.html?command=get_materiel&rest_code=00146&code=00101006006&supplier_code=00100012&order_time=2020-09-09 HTTP/1.1" 200 409
117.184.7.30 - - [09/Sep/2020:09:52:47 +0800] "GET /xingrg/all/function/internal_message.html?_=1599617220757&CODE_STATE=getMsg HTTP/1.1" 200 27
114.82.29.189 - - [09/Sep/2020:09:52:52 +0800] "GET /xingrg/all/function/internal_message.html?_=1599616372276&CODE_STATE=getMsg HTTP/1.1" 200 27
114.82.29.189 - - [09/Sep/2020:09:52:52 +0800] "GET /xingrg/check_reg.html?_=1599616372277 HTTP/1.1" 200 22
218.81.217.115 - - [09/Sep/2020:09:52:55 +0800] "GET /xingrg/kc/buy/cgsh_order_operate.html?command=get_materiel&rest_code=00146&code=00101006177&supplier_code=00100012&order_time=2020-09-09 HTTP/1.1" 200 409
172.17.0.117 - - [09/Sep/2020:09:52:59 +0800] "GET /xingrg/all/function/internal_message.html?_=1599616382778&CODE_STATE=getMsg HTTP/1.1" 200 27
116.238.90.59 - - [09/Sep/2020:09:53:00 +0800] "GET /xingrg/all/function/internal_message.html?_=1599616585760&CODE_STATE=getMsg HTTP/1.1" 200 27
114.88.166.242 - - [09/Sep/2020:09:53:01 +0800] "GET /xingrg/check_reg.html?_=1599616379367 HTTP/1.1" 200 22
114.88.166.242 - - [09/Sep/2020:09:53:02 +0800] "GET /xingrg/all/function/internal_message.html?_=1599616380530&CODE_STATE=getMsg HTTP/1.1" 200 27
114.88.166.242 - - [09/Sep/2020:09:53:06 +0800] "POST /xingrg/kc/buy/cgsh_order_operate.html HTTP/1.1" 200 2065
58.37.9.106 - - [09/Sep/2020:09:53:08 +0800] "GET /xingrg/all/function/internal_message.html?_=1599616384927&CODE_STATE=getMsg HTTP/1.1" 200 27
218.81.217.115 - - [09/Sep/2020:09:53:09 +0800] "GET /xingrg/kc/buy/cgsh_order_operate.html?command=get_materiel&rest_code=00146&code=00101006184&supplier_code=00100012&order_time=2020-09-09 HTTP/1.1" 200 408
114.88.166.242 - - [09/Sep/2020:09:53:09 +0800] "GET /xingrg/kc/buy/cgsh_order_operate.html?command=get_materiel&rest_code=00111&code=00101008114&supplier_code=00100005&order_time=2020-09-09 HTTP/1.1" 200 412
172.17.200.101 - - [09/Sep/2020:09:53:10 +0800] "GET /xingrg/check_reg.html?_=1599616390206 HTTP/1.1" 200 22
172.17.200.101 - - [09/Sep/2020:09:53:10 +0800] "GET /xingrg/all/function/internal_message.html?_=1599616390238&CODE_STATE=getMsg HTTP/1.1" 200 27
117.185.32.26 - - [09/Sep/2020:09:53:13 +0800] "GET /xingrg/kc/buy/cgsh_order_operate.html?command=get_materiel&rest_code=00106&code=00101006240&supplier_code=00100015&order_time=2020-09-09 HTTP/1.1" 200 407
218.81.217.115 - - [09/Sep/2020:09:53:14 +0800] "GET /xingrg/all/function/internal_message.html?_=1599616401302&CODE_STATE=getMsg HTTP/1.1" 200 27
114.88.166.242 - - [09/Sep/2020:09:53:15 +0800] "GET /xingrg/kc/buy/cgsh_order_operate.html?command=get_materiel&rest_code=00111&code=00101008061&supplier_code=00100005&order_time=2020-09-09 HTTP/1.1" 200 422
116.238.71.173 - - [09/Sep/2020:09:53:16 +0800] "GET /xingrg/all/function/internal_message.html?_=1599616394478&CODE_STATE=getMsg HTTP/1.1" 200 27
58.37.9.106 - - [09/Sep/2020:09:53:22 +0800] "GET /xingrg/all/function/internal_message.html?_=1599616396265&CODE_STATE=getMsg HTTP/1.1" 200 27
58.37.9.106 - - [09/Sep/2020:09:53:22 +0800] "GET /xingrg/check_reg.html?_=1599616396266 HTTP/1.1" 200 22
114.88.166.242 - - [09/Sep/2020:09:53:24 +0800] "GET /xingrg/kc/buy/cgsh_order_operate.html?command=get_materiel&rest_code=00111&code=00101008095&supplier_code=00100005&order_time=2020-09-09 HTTP/1.1" 200 412
116.238.71.173 - - [09/Sep/2020:09:53:25 +0800] "GET /xingrg/all/function/internal_message.html?_=1599616520454&CODE_STATE=getMsg HTTP/1.1" 200 27
114.88.166.242 - - [09/Sep/2020:09:53:25 +0800] "GET /xingrg/check_reg.html?_=1599616463987 HTTP/1.1" 200 22
114.88.166.242 - - [09/Sep/2020:09:53:25 +0800] "GET /xingrg/all/function/internal_message.html?_=1599616463988&CODE_STATE=getMsg HTTP/1.1" 200 27
117.184.7.26 - - [09/Sep/2020:09:53:26 +0800] "GET /xingrg/all/function/internal_message.html?_=1599616401195&CODE_STATE=getMsg HTTP/1.1" 200 27
117.184.7.30 - - [09/Sep/2020:09:53:26 +0800] "GET /xingrg/check_reg.html?_=1599616401197 HTTP/1.1" 200 22
116.233.79.183 - - [09/Sep/2020:09:53:27 +0800] "GET /xingrg/all/function/internal_message.html?_=1599616434515&CODE_STATE=getMsg HTTP/1.1" 200 27
218.81.217.115 - - [09/Sep/2020:09:53:29 +0800] "POST /xingrg/kc/buy/cgsh_order_operate.html HTTP/1.1" 200 37
218.81.217.115 - - [09/Sep/2020:09:53:30 +0800] "POST /xingrg/kc/buy/cgsh_order_operate.html HTTP/1.1" 200 4444
218.81.217.115 - - [09/Sep/2020:09:53:32 +0800] "GET /xingrg/kc/print/load_data.html?order_code=212020090903589&kc_code=cgsh&condition= HTTP/1.1" 200 1466
116.235.241.164 - - [09/Sep/2020:09:53:34 +0800] "GET /xingrg/all/function/internal_message.html?_=1599616412666&CODE_STATE=getMsg HTTP/1.1" 200 27
172.17.0.240 - - [09/Sep/2020:09:53:34 +0800] "GET /xingrg/check_reg.html?_=1599616412663 HTTP/1.1" 200 22
172.17.0.240 - - [09/Sep/2020:09:53:34 +0800] "GET /xingrg/all/function/internal_message.html?_=1599616412665&CODE_STATE=getMsg HTTP/1.1" 200 27
116.230.74.197 - - [09/Sep/2020:09:53:35 +0800] "GET /xingrg/all/function/internal_message.html?_=1599616412397&CODE_STATE=getMsg HTTP/1.1" 200 27
222.69.141.189 - - [09/Sep/2020:09:53:35 +0800] "GET /xingrg/all/function/internal_message.html?_=1599616408682&CODE_STATE=getMsg HTTP/1.1" 200 27
114.88.166.242 - - [09/Sep/2020:09:53:35 +0800] "POST /xingrg/kc/buy/cgsh_order_operate.html HTTP/1.1" 200 37
114.88.166.242 - - [09/Sep/2020:09:53:36 +0800] "POST /xingrg/kc/buy/cgsh_order_operate.html HTTP/1.1" 200 42263
114.88.166.242 - - [09/Sep/2020:09:53:38 +0800] "GET /xingrg/kc/print/load_data.html?order_code=212020090903590&kc_code=cgsh&condition= HTTP/1.1" 200 15661
172.17.0.120 - - [09/Sep/2020:09:53:38 +0800] "GET /xingrg/all/function/internal_message.html?_=1599616415189&CODE_STATE=getMsg HTTP/1.1" 200 27
172.17.0.120 - - [09/Sep/2020:09:53:38 +0800] "GET /xingrg/check_reg.html?_=1599616415191 HTTP/1.1" 200 22
172.17.0.185 - - [09/Sep/2020:09:53:41 +0800] "GET /xingrg/all/function/internal_message.html?_=1599616419128&CODE_STATE=getMsg HTTP/1.1" 302 -
120.253.135.82 - - [09/Sep/2020:09:53:41 +0800] "GET /xingrg/all/function/internal_message.html?_=1599616169619&CODE_STATE=getMsg HTTP/1.1" 200 27
117.185.32.26 - - [09/Sep/2020:09:53:44 +0800] "GET /xingrg/all/function/internal_message.html?_=1599616854201&CODE_STATE=getMsg HTTP/1.1" 200 27
218.81.217.115 - - [09/Sep/2020:09:53:45 +0800] "GET /xingrg/all/function/internal_message.html?_=1599616433469&CODE_STATE=getMsg HTTP/1.1" 200 27
180.157.253.48 - - [09/Sep/2020:09:53:46 +0800] "GET /xingrg/all/function/internal_message.html?_=1599616426917&CODE_STATE=getMsg HTTP/1.1" 200 27
117.184.7.30 - - [09/Sep/2020:09:53:47 +0800] "GET /xingrg/all/function/internal_message.html?_=1599617280756&CODE_STATE=getMsg HTTP/1.1" 200 27
117.185.32.26 - - [09/Sep/2020:09:53:50 +0800] "GET /xingrg/kc/buy/cgsh_order_operate.html?command=get_materiel&rest_code=00106&code=00101006130&supplier_code=00100015&order_time=2020-09-09 HTTP/1.1" 200 429
114.82.29.189 - - [09/Sep/2020:09:53:52 +0800] "GET /xingrg/all/function/internal_message.html?_=1599616432275&CODE_STATE=getMsg HTTP/1.1" 200 27
172.17.0.117 - - [09/Sep/2020:09:53:59 +0800] "GET /xingrg/all/function/internal_message.html?_=1599616442779&CODE_STATE=getMsg HTTP/1.1" 200 27
116.238.90.59 - - [09/Sep/2020:09:54:00 +0800] "GET /xingrg/all/function/internal_message.html?_=1599616645871&CODE_STATE=getMsg HTTP/1.1" 200 27
114.88.166.242 - - [09/Sep/2020:09:54:02 +0800] "GET /xingrg/all/function/internal_message.html?_=1599616440542&CODE_STATE=getMsg HTTP/1.1" 200 27
172.17.0.240 - - [09/Sep/2020:09:54:06 +0800] "GET /xingrg/check_reg.html?_=1599616444693 HTTP/1.1" 200 22
58.37.9.106 - - [09/Sep/2020:09:54:08 +0800] "GET /xingrg/all/function/internal_message.html?_=1599616444927&CODE_STATE=getMsg HTTP/1.1" 200 27
117.185.32.26 - - [09/Sep/2020:09:54:09 +0800] "GET /xingrg/kc/buy/cgsh_order_operate.html?command=get_materiel&rest_code=00106&code=00101006133&supplier_code=00100015&order_time=2020-09-09 HTTP/1.1" 200 413
172.17.200.101 - - [09/Sep/2020:09:54:10 +0800] "GET /xingrg/all/function/internal_message.html?_=1599616450222&CODE_STATE=getMsg HTTP/1.1" 200 27
180.157.253.48 - - [09/Sep/2020:09:54:10 +0800] "GET /xingrg/check_reg.html?_=1599616451513 HTTP/1.1" 200 22
218.81.217.115 - - [09/Sep/2020:09:54:14 +0800] "GET /xingrg/check_reg.html?_=1599616460776 HTTP/1.1" 200 22
218.81.217.115 - - [09/Sep/2020:09:54:14 +0800] "GET /xingrg/all/function/internal_message.html?_=1599616461316&CODE_STATE=getMsg HTTP/1.1" 200 27
116.238.71.173 - - [09/Sep/2020:09:54:16 +0800] "GET /xingrg/all/function/internal_message.html?_=1599616454525&CODE_STATE=getMsg HTTP/1.1" 200 27
58.37.9.106 - - [09/Sep/2020:09:54:22 +0800] "GET /xingrg/all/function/internal_message.html?_=1599616456264&CODE_STATE=getMsg HTTP/1.1" 200 27
116.238.71.173 - - [09/Sep/2020:09:54:25 +0800] "GET /xingrg/all/function/internal_message.html?_=1599616580469&CODE_STATE=getMsg HTTP/1.1" 200 27
114.88.166.242 - - [09/Sep/2020:09:54:25 +0800] "GET /xingrg/all/function/internal_message.html?_=1599616523977&CODE_STATE=getMsg HTTP/1.1" 200 27
117.184.7.26 - - [09/Sep/2020:09:54:26 +0800] "GET /xingrg/all/function/internal_message.html?_=1599616461203&CODE_STATE=getMsg HTTP/1.1" 200 27
116.233.79.183 - - [09/Sep/2020:09:54:27 +0800] "GET /xingrg/all/function/internal_message.html?_=1599616494515&CODE_STATE=getMsg HTTP/1.1" 200 27
116.238.90.59 - - [09/Sep/2020:09:54:30 +0800] "GET /xingrg/kc/buy/cgsh_order_operate.html?command=get_materiel&rest_code=00102&code=00101016080&supplier_code=00100031&order_time=2020-09-09 HTTP/1.1" 200 408
116.235.241.164 - - [09/Sep/2020:09:54:34 +0800] "GET /xingrg/all/function/internal_message.html?_=1599616472666&CODE_STATE=getMsg HTTP/1.1" 200 27
172.17.0.240 - - [09/Sep/2020:09:54:34 +0800] "GET /xingrg/all/function/internal_message.html?_=1599616472650&CODE_STATE=getMsg HTTP/1.1" 200 27
116.230.74.197 - - [09/Sep/2020:09:54:35 +0800] "GET /xingrg/all/function/internal_message.html?_=1599616472397&CODE_STATE=getMsg HTTP/1.1" 200 27
222.69.141.189 - - [09/Sep/2020:09:54:35 +0800] "GET /xingrg/all/function/internal_message.html?_=1599616468681&CODE_STATE=getMsg HTTP/1.1" 200 27
222.69.141.189 - - [09/Sep/2020:09:54:35 +0800] "GET /xingrg/check_reg.html?_=1599616468682 HTTP/1.1" 200 22
117.185.32.26 - - [09/Sep/2020:09:54:37 +0800] "GET /xingrg/kc/buy/cgsh_order_operate.html?command=get_materiel&rest_code=00106&code=00101006203&supplier_code=00100015&order_time=2020-09-09 HTTP/1.1" 200 410
172.17.0.120 - - [09/Sep/2020:09:54:38 +0800] "GET /xingrg/all/function/internal_message.html?_=1599616475192&CODE_STATE=getMsg HTTP/1.1" 200 27
120.253.135.82 - - [09/Sep/2020:09:54:39 +0800] "POST /xingrg/kc/pszx/mdps_order_operate.html HTTP/1.1" 200 37
120.253.135.82 - - [09/Sep/2020:09:54:40 +0800] "POST /xingrg/kc/pszx/mdps_order_operate.html HTTP/1.1" 200 12
172.17.0.185 - - [09/Sep/2020:09:54:41 +0800] "GET /xingrg/all/function/internal_message.html?_=1599616479131&CODE_STATE=getMsg HTTP/1.1" 302 -
120.253.135.82 - - [09/Sep/2020:09:54:44 +0800] "GET /xingrg/kc/pszx/mdps_order_info.html?code=312020090800248 HTTP/1.1" 200 19509
120.253.135.82 - - [09/Sep/2020:09:54:44 +0800] "POST /xingrg/kc/pszx/mdps_order_operate.html HTTP/1.1" 200 507
120.253.135.82 - - [09/Sep/2020:09:54:44 +0800] "GET /xingrg/javascript/easyui/themes/default/validatebox.css HTTP/1.1" 404 1104
117.185.32.26 - - [09/Sep/2020:09:54:44 +0800] "GET /xingrg/all/function/internal_message.html?_=1599616914227&CODE_STATE=getMsg HTTP/1.1" 200 27
120.253.135.82 - - [09/Sep/2020:09:54:45 +0800] "GET /xingrg/all/function/internal_message.html?_=1599616233537&CODE_STATE=getMsg HTTP/1.1" 200 27
218.81.217.115 - - [09/Sep/2020:09:54:45 +0800] "GET /xingrg/all/function/internal_message.html?_=1599616493482&CODE_STATE=getMsg HTTP/1.1" 200 27
180.157.253.48 - - [09/Sep/2020:09:54:46 +0800] "GET /xingrg/all/function/internal_message.html?_=1599616486918&CODE_STATE=getMsg HTTP/1.1" 200 27
120.253.135.82 - - [09/Sep/2020:09:54:46 +0800] "POST /xingrg/kc/pszx/mdps_list_operate.html HTTP/1.1" 200 1686
117.184.7.30 - - [09/Sep/2020:09:54:47 +0800] "GET /xingrg/all/function/internal_message.html?_=1599617340783&CODE_STATE=getMsg HTTP/1.1" 200 27
120.253.135.82 - - [09/Sep/2020:09:54:48 +0800] "POST /xingrg/kc/pszx/mdps_list_operate.html HTTP/1.1" 200 200
116.238.90.59 - - [09/Sep/2020:09:54:49 +0800] "GET /xingrg/kc/buy/cgsh_order_operate.html?command=get_materiel&rest_code=00102&code=00101018014&supplier_code=00100031&order_time=2020-09-09 HTTP/1.1" 200 439
114.82.29.189 - - [09/Sep/2020:09:54:52 +0800] "GET /xingrg/all/function/internal_message.html?_=1599616492274&CODE_STATE=getMsg HTTP/1.1" 200 27
117.185.32.26 - - [09/Sep/2020:09:54:52 +0800] "POST /xingrg/kc/buy/cgsh_order_operate.html HTTP/1.1" 200 37
117.185.32.26 - - [09/Sep/2020:09:54:53 +0800] "POST /xingrg/kc/buy/cgsh_order_operate.html HTTP/1.1" 200 4447
172.17.0.117 - - [09/Sep/2020:09:54:59 +0800] "GET /xingrg/check_reg.html?_=1599616502779 HTTP/1.1" 200 22
172.17.0.117 - - [09/Sep/2020:09:54:59 +0800] "GET /xingrg/all/function/internal_message.html?_=1599616502784&CODE_STATE=getMsg HTTP/1.1" 200 27
116.238.90.59 - - [09/Sep/2020:09:55:02 +0800] "POST /xingrg/kc/buy/cgsh_order_operate.html HTTP/1.1" 200 37
114.88.166.242 - - [09/Sep/2020:09:55:02 +0800] "GET /xingrg/all/function/internal_message.html?_=1599616500557&CODE_STATE=getMsg HTTP/1.1" 200 27
117.185.32.26 - - [09/Sep/2020:09:55:03 +0800] "POST /xingrg/kc/buy/cgsh_order_operate.html HTTP/1.1" 200 37
116.238.90.59 - - [09/Sep/2020:09:55:04 +0800] "POST /xingrg/kc/buy/cgsh_order_operate.html HTTP/1.1" 200 12
117.185.32.26 - - [09/Sep/2020:09:55:04 +0800] "POST /xingrg/kc/buy/cgsh_order_operate.html HTTP/1.1" 200 4447
116.238.90.59 - - [09/Sep/2020:09:55:05 +0800] "GET /xingrg/kc/buy/cgsh_order_info.html?code=212020090903592 HTTP/1.1" 200 54483
116.238.90.59 - - [09/Sep/2020:09:55:05 +0800] "GET /xingrg/javascript/easyui/themes/default/validatebox.css HTTP/1.1" 404 1104
116.238.90.59 - - [09/Sep/2020:09:55:05 +0800] "GET /xingrg/all/function/internal_message.html?_=1599616711212&CODE_STATE=getMsg HTTP/1.1" 200 27
116.238.90.59 - - [09/Sep/2020:09:55:06 +0800] "POST /xingrg/kc/buy/cgsh_order_operate.html HTTP/1.1" 200 1807
117.185.32.26 - - [09/Sep/2020:09:55:06 +0800] "GET /xingrg/kc/buy/cgsh_order_add.html HTTP/1.1" 200 59668
117.185.32.26 - - [09/Sep/2020:09:55:06 +0800] "GET /xingrg/javascript/easyui/themes/default/validatebox.css HTTP/1.1" 404 1104
117.185.32.26 - - [09/Sep/2020:09:55:06 +0800] "POST /xingrg/kc/buy/cgsh_order_operate.html HTTP/1.1" 200 8245
58.37.9.106 - - [09/Sep/2020:09:55:08 +0800] "GET /xingrg/all/function/internal_message.html?_=1599616504934&CODE_STATE=getMsg HTTP/1.1" 200 27
117.185.32.26 - - [09/Sep/2020:09:55:08 +0800] "GET /xingrg/javascript/easyui/themes/default/tree.css HTTP/1.1" 404 1090
117.185.32.26 - - [09/Sep/2020:09:55:08 +0800] "POST /xingrg/all/common/load_tree.html?tree=supplier_tree_json&isDelete=1 HTTP/1.1" 200 50169
116.238.90.59 - - [09/Sep/2020:09:55:08 +0800] "GET /xingrg/kc/print/load_data.html?order_code=212020090903592&kc_code=cgsh&condition= HTTP/1.1" 200 1173
172.17.200.101 - - [09/Sep/2020:09:55:10 +0800] "GET /xingrg/all/function/internal_message.html?_=1599616510210&CODE_STATE=getMsg HTTP/1.1" 200 27
218.81.217.115 - - [09/Sep/2020:09:55:14 +0800] "GET /xingrg/all/function/internal_message.html?_=1599616521329&CODE_STATE=getMsg HTTP/1.1" 200 27
116.238.71.173 - - [09/Sep/2020:09:55:16 +0800] "GET /xingrg/all/function/internal_message.html?_=1599616514573&CODE_STATE=getMsg HTTP/1.1" 200 27
116.238.90.59 - - [09/Sep/2020:09:55:19 +0800] "GET /xingrg/kc/buy/cgsh_order_add.html HTTP/1.1" 200 59580
116.238.90.59 - - [09/Sep/2020:09:55:20 +0800] "POST /xingrg/kc/buy/cgsh_order_operate.html HTTP/1.1" 200 8245
116.238.90.59 - - [09/Sep/2020:09:55:20 +0800] "GET /xingrg/javascript/easyui/themes/default/validatebox.css HTTP/1.1" 404 1104
58.37.9.106 - - [09/Sep/2020:09:55:22 +0800] "GET /xingrg/all/function/internal_message.html?_=1599616516265&CODE_STATE=getMsg HTTP/1.1" 200 27
116.238.71.173 - - [09/Sep/2020:09:55:25 +0800] "GET /xingrg/check_reg.html?_=1599616640250 HTTP/1.1" 200 22
116.238.71.173 - - [09/Sep/2020:09:55:25 +0800] "GET /xingrg/all/function/internal_message.html?_=1599616640481&CODE_STATE=getMsg HTTP/1.1" 200 27
117.185.32.26 - - [09/Sep/2020:09:55:26 +0800] "GET /xingrg/kc/buy/cgsh_order_operate.html?command=get_materiel&rest_code=00106&code=00101028020&supplier_code=00100017&order_time=2020-09-09 HTTP/1.1" 200 451
117.184.7.26 - - [09/Sep/2020:09:55:26 +0800] "GET /xingrg/all/function/internal_message.html?_=1599616521204&CODE_STATE=getMsg HTTP/1.1" 200 27
116.238.90.59 - - [09/Sep/2020:09:55:27 +0800] "GET /xingrg/javascript/easyui/themes/default/tree.css HTTP/1.1" 404 1090
116.238.90.59 - - [09/Sep/2020:09:55:27 +0800] "POST /xingrg/all/common/load_tree.html?tree=supplier_tree_json&isDelete=1 HTTP/1.1" 200 50169
116.233.79.183 - - [09/Sep/2020:09:55:28 +0800] "GET /xingrg/check_reg.html?_=1599616554515 HTTP/1.1" 200 22
116.233.79.183 - - [09/Sep/2020:09:55:28 +0800] "GET /xingrg/all/function/internal_message.html?_=1599616554531&CODE_STATE=getMsg HTTP/1.1" 200 27
116.235.241.164 - - [09/Sep/2020:09:55:34 +0800] "GET /xingrg/all/function/internal_message.html?_=1599616532670&CODE_STATE=getMsg HTTP/1.1" 200 27
172.17.0.240 - - [09/Sep/2020:09:55:34 +0800] "GET /xingrg/all/function/internal_message.html?_=1599616532652&CODE_STATE=getMsg HTTP/1.1" 200 27
116.230.74.197 - - [09/Sep/2020:09:55:35 +0800] "GET /xingrg/all/function/internal_message.html?_=1599616532396&CODE_STATE=getMsg HTTP/1.1" 200 27
222.69.141.189 - - [09/Sep/2020:09:55:35 +0800] "GET /xingrg/all/function/internal_message.html?_=1599616528685&CODE_STATE=getMsg HTTP/1.1" 200 27
172.17.0.120 - - [09/Sep/2020:09:55:38 +0800] "GET /xingrg/all/function/internal_message.html?_=1599616535195&CODE_STATE=getMsg HTTP/1.1" 200 27
120.253.135.82 - - [09/Sep/2020:09:55:39 +0800] "GET /xingrg/check_reg.html?_=1599616287492 HTTP/1.1" 200 22
117.185.32.26 - - [09/Sep/2020:09:55:40 +0800] "POST /xingrg/kc/buy/cgsh_order_operate.html HTTP/1.1" 200 37
117.185.32.26 - - [09/Sep/2020:09:55:41 +0800] "POST /xingrg/kc/buy/cgsh_order_operate.html HTTP/1.1" 200 2690
172.17.0.185 - - [09/Sep/2020:09:55:41 +0800] "GET /xingrg/all/function/internal_message.html?_=1599616539136&CODE_STATE=getMsg HTTP/1.1" 302 -
172.17.0.185 - - [09/Sep/2020:09:55:41 +0800] "GET /xingrg/check_reg.html?_=1599616539137 HTTP/1.1" 302 -
117.185.32.26 - - [09/Sep/2020:09:55:44 +0800] "GET /xingrg/all/function/internal_message.html?_=1599616974210&CODE_STATE=getMsg HTTP/1.1" 200 27
120.253.135.82 - - [09/Sep/2020:09:55:45 +0800] "GET /xingrg/all/function/internal_message.html?_=1599616293551&CODE_STATE=getMsg HTTP/1.1" 200 27
218.81.217.115 - - [09/Sep/2020:09:55:45 +0800] "GET /xingrg/all/function/internal_message.html?_=1599616553514&CODE_STATE=getMsg HTTP/1.1" 200 27
180.157.253.48 - - [09/Sep/2020:09:55:46 +0800] "GET /xingrg/all/function/internal_message.html?_=1599616546890&CODE_STATE=getMsg HTTP/1.1" 200 27
117.184.7.30 - - [09/Sep/2020:09:55:47 +0800] "GET /xingrg/all/function/internal_message.html?_=1599617400781&CODE_STATE=getMsg HTTP/1.1" 200 27
117.185.32.26 - - [09/Sep/2020:09:55:50 +0800] "GET /xingrg/kc/buy/buy_main.html HTTP/1.1" 200 12412
117.185.32.26 - - [09/Sep/2020:09:55:50 +0800] "GET /xingrg/css/new_ie.css HTTP/1.1" 404 1036
117.185.32.26 - - [09/Sep/2020:09:55:50 +0800] "POST /xingrg/kc/buy/cgsh_list_operate.html HTTP/1.1" 200 2409
117.185.32.26 - - [09/Sep/2020:09:55:52 +0800] "GET /xingrg/kc/buy/cgsh_order_list.html HTTP/1.1" 200 43930
114.82.29.189 - - [09/Sep/2020:09:55:52 +0800] "GET /xingrg/all/function/internal_message.html?_=1599616552271&CODE_STATE=getMsg HTTP/1.1" 200 27
117.185.32.26 - - [09/Sep/2020:09:55:53 +0800] "POST /xingrg/kc/buy/cgsh_list_operate.html HTTP/1.1" 200 2409
172.17.0.117 - - [09/Sep/2020:09:55:59 +0800] "GET /xingrg/all/function/internal_message.html?_=1599616562782&CODE_STATE=getMsg HTTP/1.1" 200 27
114.88.166.242 - - [09/Sep/2020:09:56:02 +0800] "GET /xingrg/all/function/internal_message.html?_=1599616560660&CODE_STATE=getMsg HTTP/1.1" 200 27
116.238.90.59 - - [09/Sep/2020:09:56:04 +0800] "GET /xingrg/kc/buy/cgsh_order_operate.html?command=get_materiel&rest_code=00102&code=00101015021&supplier_code=00100054&order_time=2020-09-09 HTTP/1.1" 200 408
116.238.90.59 - - [09/Sep/2020:09:56:05 +0800] "GET /xingrg/all/function/internal_message.html?_=1599616771214&CODE_STATE=getMsg HTTP/1.1" 200 27
58.37.9.106 - - [09/Sep/2020:09:56:08 +0800] "GET /xingrg/all/function/internal_message.html?_=1599616564924&CODE_STATE=getMsg HTTP/1.1" 200 27
172.17.200.101 - - [09/Sep/2020:09:56:10 +0800] "GET /xingrg/all/function/internal_message.html?_=1599616570212&CODE_STATE=getMsg HTTP/1.1" 200 27
218.81.217.115 - - [09/Sep/2020:09:56:14 +0800] "GET /xingrg/all/function/internal_message.html?_=1599616581343&CODE_STATE=getMsg HTTP/1.1" 200 27
116.238.71.173 - - [09/Sep/2020:09:56:16 +0800] "GET /xingrg/all/function/internal_message.html?_=1599616574620&CODE_STATE=getMsg HTTP/1.1" 200 27
116.238.71.173 - - [09/Sep/2020:09:56:16 +0800] "GET /xingrg/check_reg.html?_=1599616574623 HTTP/1.1" 200 22
116.238.90.59 - - [09/Sep/2020:09:56:19 +0800] "GET /xingrg/kc/buy/cgsh_order_operate.html?command=get_materiel&rest_code=00102&code=00101015040&supplier_code=00100054&order_time=2020-09-09 HTTP/1.1" 200 408
117.185.32.26 - - [09/Sep/2020:09:56:21 +0800] "GET /xingrg/kc/base/base_main.html HTTP/1.1" 200 12142
58.37.9.106 - - [09/Sep/2020:09:56:22 +0800] "GET /xingrg/all/function/internal_message.html?_=1599616576263&CODE_STATE=getMsg HTTP/1.1" 200 27
117.185.32.26 - - [09/Sep/2020:09:56:24 +0800] "GET /xingrg/kc/base/wldb_order_list.html HTTP/1.1" 200 19296
120.253.135.82 - - [09/Sep/2020:09:56:24 +0800] "GET /xingrg/kc/buy/cgth_order_list.html HTTP/1.1" 200 43588
120.253.135.82 - - [09/Sep/2020:09:56:24 +0800] "POST /xingrg/kc/buy/cgth_list_operate.html HTTP/1.1" 200 1035
117.185.32.26 - - [09/Sep/2020:09:56:24 +0800] "POST /xingrg/kc/base/wldb_list_operate.html HTTP/1.1" 200 928
116.238.71.173 - - [09/Sep/2020:09:56:25 +0800] "GET /xingrg/all/function/internal_message.html?_=1599616700495&CODE_STATE=getMsg HTTP/1.1" 200 27
116.238.90.59 - - [09/Sep/2020:09:56:26 +0800] "GET /xingrg/kc/buy/cgsh_order_operate.html?command=get_materiel&rest_code=00102&code=00101015042&supplier_code=00100054&order_time=2020-09-09 HTTP/1.1" 200 408
117.184.7.26 - - [09/Sep/2020:09:56:26 +0800] "GET /xingrg/all/function/internal_message.html?_=1599616581197&CODE_STATE=getMsg HTTP/1.1" 200 27
117.185.32.26 - - [09/Sep/2020:09:56:27 +0800] "GET /xingrg/kc/buy/buy_main.html HTTP/1.1" 200 12412
117.185.32.26 - - [09/Sep/2020:09:56:27 +0800] "GET /xingrg/css/new_ie.css HTTP/1.1" 404 1036
116.233.79.183 - - [09/Sep/2020:09:56:27 +0800] "GET /xingrg/all/function/internal_message.html?_=1599616614531&CODE_STATE=getMsg HTTP/1.1" 200 27
117.185.32.26 - - [09/Sep/2020:09:56:28 +0800] "GET /xingrg/images/yd/bt.gif HTTP/1.1" 404 1040
117.185.32.26 - - [09/Sep/2020:09:56:29 +0800] "GET /xingrg/kc/buy/cgsh_order_list.html HTTP/1.1" 200 43930
120.253.135.82 - - [09/Sep/2020:09:56:30 +0800] "POST /xingrg/kc/buy/cgth_list_operate.html HTTP/1.1" 200 6754
117.185.32.26 - - [09/Sep/2020:09:56:30 +0800] "POST /xingrg/kc/buy/cgsh_list_operate.html HTTP/1.1" 200 2409
116.238.90.59 - - [09/Sep/2020:09:56:33 +0800] "POST /xingrg/kc/buy/cgsh_order_operate.html HTTP/1.1" 200 37
116.235.241.164 - - [09/Sep/2020:09:56:34 +0800] "GET /xingrg/check_reg.html?_=1599616592669 HTTP/1.1" 200 22
116.235.241.164 - - [09/Sep/2020:09:56:34 +0800] "GET /xingrg/all/function/internal_message.html?_=1599616592672&CODE_STATE=getMsg HTTP/1.1" 200 27
172.17.0.240 - - [09/Sep/2020:09:56:34 +0800] "GET /xingrg/all/function/internal_message.html?_=1599616592657&CODE_STATE=getMsg HTTP/1.1" 200 27
116.230.74.197 - - [09/Sep/2020:09:56:35 +0800] "GET /xingrg/all/function/internal_message.html?_=1599616592396&CODE_STATE=getMsg HTTP/1.1" 200 27
222.69.141.189 - - [09/Sep/2020:09:56:35 +0800] "GET /xingrg/all/function/internal_message.html?_=1599616588687&CODE_STATE=getMsg HTTP/1.1" 200 27
120.253.135.82 - - [09/Sep/2020:09:56:35 +0800] "POST /xingrg/kc/buy/cgth_list_operate.html HTTP/1.1" 200 284
117.185.32.26 - - [09/Sep/2020:09:56:36 +0800] "GET /xingrg/kc/buy/buy_main.html HTTP/1.1" 200 12412
117.185.32.26 - - [09/Sep/2020:09:56:36 +0800] "GET /xingrg/css/new_ie.css HTTP/1.1" 404 1036
116.238.90.59 - - [09/Sep/2020:09:56:36 +0800] "POST /xingrg/kc/buy/cgsh_order_operate.html HTTP/1.1" 200 12
116.238.90.59 - - [09/Sep/2020:09:56:37 +0800] "GET /xingrg/kc/buy/cgsh_order_info.html?code=212020090903594 HTTP/1.1" 200 54479
172.17.0.120 - - [09/Sep/2020:09:56:38 +0800] "GET /xingrg/all/function/internal_message.html?_=1599616595201&CODE_STATE=getMsg HTTP/1.1" 200 27
116.238.90.59 - - [09/Sep/2020:09:56:38 +0800] "GET /xingrg/javascript/easyui/themes/default/validatebox.css HTTP/1.1" 404 1104
116.238.90.59 - - [09/Sep/2020:09:56:38 +0800] "POST /xingrg/kc/buy/cgsh_order_operate.html HTTP/1.1" 200 1775
120.253.135.82 - - [09/Sep/2020:09:56:40 +0800] "POST /xingrg/kc/buy/cgth_list_operate.html HTTP/1.1" 200 207
172.17.0.185 - - [09/Sep/2020:09:56:41 +0800] "GET /xingrg/all/function/internal_message.html?_=1599616599122&CODE_STATE=getMsg HTTP/1.1" 302 -
116.238.90.59 - - [09/Sep/2020:09:56:41 +0800] "GET /xingrg/kc/print/load_data.html?order_code=212020090903594&kc_code=cgsh&condition= HTTP/1.1" 200 1114
101.91.62.65 - - [09/Sep/2020:09:56:43 +0800] "GET /xingrg/all/function/internal_message.html?_=1599615856261&CODE_STATE=getMsg HTTP/1.1" 302 -
117.185.32.26 - - [09/Sep/2020:09:56:44 +0800] "GET /xingrg/all/function/internal_message.html?_=1599617034204&CODE_STATE=getMsg HTTP/1.1" 200 27
120.253.135.82 - - [09/Sep/2020:09:56:45 +0800] "GET /xingrg/all/function/internal_message.html?_=1599616353564&CODE_STATE=getMsg HTTP/1.1" 200 27
218.81.217.115 - - [09/Sep/2020:09:56:45 +0800] "GET /xingrg/all/function/internal_message.html?_=1599616613525&CODE_STATE=getMsg HTTP/1.1" 200 27
180.157.253.48 - - [09/Sep/2020:09:56:46 +0800] "GET /xingrg/all/function/internal_message.html?_=1599616606873&CODE_STATE=getMsg HTTP/1.1" 200 27
116.238.90.59 - - [09/Sep/2020:09:56:47 +0800] "GET /xingrg/javascript/jquery_easy_ui/themes/default/images/tabs_active.png HTTP/1.1" 304 -
117.184.7.30 - - [09/Sep/2020:09:56:47 +0800] "GET /xingrg/check_reg.html?_=1599617460783 HTTP/1.1" 200 22
117.184.7.26 - - [09/Sep/2020:09:56:47 +0800] "GET /xingrg/all/function/internal_message.html?_=1599617460785&CODE_STATE=getMsg HTTP/1.1" 200 27
101.91.62.65 - - [09/Sep/2020:09:56:50 +0800] "GET /xingrg/login.html HTTP/1.1" 200 7641
114.82.29.189 - - [09/Sep/2020:09:56:52 +0800] "GET /xingrg/all/function/internal_message.html?_=1599616612269&CODE_STATE=getMsg HTTP/1.1" 200 27
116.238.90.59 - - [09/Sep/2020:09:56:52 +0800] "POST /xingrg/kc/buy/cgsh_list_operate.html HTTP/1.1" 200 5767
116.238.90.59 - - [09/Sep/2020:09:56:59 +0800] "GET /xingrg/check_reg.html?_=1599616824863 HTTP/1.1" 200 22
172.17.0.117 - - [09/Sep/2020:09:56:59 +0800] "GET /xingrg/all/function/internal_message.html?_=1599616622783&CODE_STATE=getMsg HTTP/1.1" 200 27
114.88.166.242 - - [09/Sep/2020:09:57:02 +0800] "GET /xingrg/all/function/internal_message.html?_=1599616620663&CODE_STATE=getMsg HTTP/1.1" 200 27
116.238.90.59 - - [09/Sep/2020:09:57:05 +0800] "GET /xingrg/all/function/internal_message.html?_=1599616831227&CODE_STATE=getMsg HTTP/1.1" 200 27
58.37.9.106 - - [09/Sep/2020:09:57:08 +0800] "GET /xingrg/check_reg.html?_=1599616624927 HTTP/1.1" 200 22
58.37.9.106 - - [09/Sep/2020:09:57:08 +0800] "GET /xingrg/all/function/internal_message.html?_=1599616624931&CODE_STATE=getMsg HTTP/1.1" 200 27
172.17.200.101 - - [09/Sep/2020:09:57:10 +0800] "GET /xingrg/all/function/internal_message.html?_=1599616630215&CODE_STATE=getMsg HTTP/1.1" 200 27
218.81.217.115 - - [09/Sep/2020:09:57:14 +0800] "GET /xingrg/all/function/internal_message.html?_=1599616641372&CODE_STATE=getMsg HTTP/1.1" 200 27
116.238.71.173 - - [09/Sep/2020:09:57:16 +0800] "GET /xingrg/all/function/internal_message.html?_=1599616634670&CODE_STATE=getMsg HTTP/1.1" 200 27
58.37.9.106 - - [09/Sep/2020:09:57:22 +0800] "GET /xingrg/all/function/internal_message.html?_=1599616636290&CODE_STATE=getMsg HTTP/1.1" 200 27
120.253.135.82 - - [09/Sep/2020:09:57:25 +0800] "GET /xingrg/kc/base/wldb_order_list.html HTTP/1.1" 200 19551
120.253.135.82 - - [09/Sep/2020:09:57:25 +0800] "POST /xingrg/kc/base/wldb_list_operate.html HTTP/1.1" 200 928
116.238.71.173 - - [09/Sep/2020:09:57:25 +0800] "GET /xingrg/all/function/internal_message.html?_=1599616760508&CODE_STATE=getMsg HTTP/1.1" 200 27
117.184.7.26 - - [09/Sep/2020:09:57:26 +0800] "GET /xingrg/all/function/internal_message.html?_=1599616641201&CODE_STATE=getMsg HTTP/1.1" 200 27
116.233.79.183 - - [09/Sep/2020:09:57:27 +0800] "GET /xingrg/all/function/internal_message.html?_=1599616674531&CODE_STATE=getMsg HTTP/1.1" 200 27
120.253.135.82 - - [09/Sep/2020:09:57:31 +0800] "POST /xingrg/kc/base/wldb_list_operate.html HTTP/1.1" 200 6113
120.253.135.82 - - [09/Sep/2020:09:57:33 +0800] "POST /xingrg/kc/base/wldb_list_operate.html HTTP/1.1" 200 284
116.235.241.164 - - [09/Sep/2020:09:57:34 +0800] "GET /xingrg/all/function/internal_message.html?_=1599616652673&CODE_STATE=getMsg HTTP/1.1" 200 27
172.17.0.240 - - [09/Sep/2020:09:57:34 +0800] "GET /xingrg/all/function/internal_message.html?_=1599616652659&CODE_STATE=getMsg HTTP/1.1" 200 27
116.230.74.197 - - [09/Sep/2020:09:57:35 +0800] "GET /xingrg/all/function/internal_message.html?_=1599616652395&CODE_STATE=getMsg HTTP/1.1" 200 27
116.230.74.197 - - [09/Sep/2020:09:57:35 +0800] "GET /xingrg/check_reg.html?_=1599616652398 HTTP/1.1" 200 22
222.69.141.189 - - [09/Sep/2020:09:57:35 +0800] "GET /xingrg/all/function/internal_message.html?_=1599616648684&CODE_STATE=getMsg HTTP/1.1" 200 27
120.253.135.82 - - [09/Sep/2020:09:57:36 +0800] "POST /xingrg/kc/base/wldb_list_operate.html HTTP/1.1" 200 233
172.17.0.120 - - [09/Sep/2020:09:57:38 +0800] "GET /xingrg/all/function/internal_message.html?_=1599616655203&CODE_STATE=getMsg HTTP/1.1" 200 27
172.17.0.185 - - [09/Sep/2020:09:57:41 +0800] "GET /xingrg/all/function/internal_message.html?_=1599616659124&CODE_STATE=getMsg HTTP/1.1" 302 -
120.253.135.82 - - [09/Sep/2020:09:57:41 +0800] "GET /xingrg/kc/pszx/mdps_order_list.html?orderType=0 HTTP/1.1" 200 21059
120.253.135.82 - - [09/Sep/2020:09:57:41 +0800] "POST /xingrg/kc/pszx/mdps_list_operate.html HTTP/1.1" 200 5335
218.81.217.115 - - [09/Sep/2020:09:57:44 +0800] "GET /xingrg/check_reg.html?_=1599616672819 HTTP/1.1" 200 22
117.185.32.26 - - [09/Sep/2020:09:57:44 +0800] "GET /xingrg/all/function/internal_message.html?_=1599617094206&CODE_STATE=getMsg HTTP/1.1" 200 27
117.185.32.26 - - [09/Sep/2020:09:57:44 +0800] "GET /xingrg/check_reg.html?_=1599617094238 HTTP/1.1" 200 22
120.253.135.82 - - [09/Sep/2020:09:57:45 +0800] "GET /xingrg/all/function/internal_message.html?_=1599616413578&CODE_STATE=getMsg HTTP/1.1" 200 27
218.81.217.115 - - [09/Sep/2020:09:57:45 +0800] "GET /xingrg/all/function/internal_message.html?_=1599616673541&CODE_STATE=getMsg HTTP/1.1" 200 27
180.157.253.48 - - [09/Sep/2020:09:57:46 +0800] "GET /xingrg/all/function/internal_message.html?_=1599616666853&CODE_STATE=getMsg HTTP/1.1" 200 27
117.184.7.30 - - [09/Sep/2020:09:57:47 +0800] "GET /xingrg/all/function/internal_message.html?_=1599617520783&CODE_STATE=getMsg HTTP/1.1" 200 27
120.253.135.82 - - [09/Sep/2020:09:57:50 +0800] "GET /xingrg/kc/pszx/mdps_order_add.html HTTP/1.1" 200 28999
120.253.135.82 - - [09/Sep/2020:09:57:50 +0800] "POST /xingrg/kc/pszx/mdps_order_operate.html HTTP/1.1" 200 7126
120.253.135.82 - - [09/Sep/2020:09:57:50 +0800] "GET /xingrg/javascript/easyui/themes/default/validatebox.css HTTP/1.1" 404 1104
114.82.29.189 - - [09/Sep/2020:09:57:52 +0800] "GET /xingrg/all/function/internal_message.html?_=1599616672268&CODE_STATE=getMsg HTTP/1.1" 200 27
114.82.29.189 - - [09/Sep/2020:09:57:52 +0800] "GET /xingrg/check_reg.html?_=1599616672270 HTTP/1.1" 200 22
172.17.0.117 - - [09/Sep/2020:09:57:59 +0800] "GET /xingrg/all/function/internal_message.html?_=1599616682805&CODE_STATE=getMsg HTTP/1.1" 200 27
114.88.166.242 - - [09/Sep/2020:09:58:01 +0800] "GET /xingrg/check_reg.html?_=1599616679451 HTTP/1.1" 200 22
114.88.166.242 - - [09/Sep/2020:09:58:02 +0800] "GET /xingrg/all/function/internal_message.html?_=1599616680676&CODE_STATE=getMsg HTTP/1.1" 200 27
116.238.90.59 - - [09/Sep/2020:09:58:06 +0800] "GET /xingrg/all/function/internal_message.html?_=1599616891414&CODE_STATE=getMsg HTTP/1.1" 200 27
120.253.135.82 - - [09/Sep/2020:09:58:06 +0800] "POST /xingrg/all/common/load_combo.html?type=base HTTP/1.1" 200 899
58.37.9.106 - - [09/Sep/2020:09:58:08 +0800] "GET /xingrg/all/function/internal_message.html?_=1599616684933&CODE_STATE=getMsg HTTP/1.1" 200 27
172.17.200.101 - - [09/Sep/2020:09:58:10 +0800] "GET /xingrg/check_reg.html?_=1599616690217 HTTP/1.1" 200 22
172.17.200.101 - - [09/Sep/2020:09:58:10 +0800] "GET /xingrg/all/function/internal_message.html?_=1599616690221&CODE_STATE=getMsg HTTP/1.1" 200 27
218.81.217.115 - - [09/Sep/2020:09:58:14 +0800] "GET /xingrg/all/function/internal_message.html?_=1599616701385&CODE_STATE=getMsg HTTP/1.1" 200 27
116.238.71.173 - - [09/Sep/2020:09:58:16 +0800] "GET /xingrg/all/function/internal_message.html?_=1599616694718&CODE_STATE=getMsg HTTP/1.1" 200 27
58.37.9.106 - - [09/Sep/2020:09:58:22 +0800] "GET /xingrg/all/function/internal_message.html?_=1599616696291&CODE_STATE=getMsg HTTP/1.1" 200 27
58.37.9.106 - - [09/Sep/2020:09:58:22 +0800] "GET /xingrg/check_reg.html?_=1599616696294 HTTP/1.1" 200 22
116.238.71.173 - - [09/Sep/2020:09:58:25 +0800] "GET /xingrg/all/function/internal_message.html?_=1599616820554&CODE_STATE=getMsg HTTP/1.1" 200 27
117.184.7.26 - - [09/Sep/2020:09:58:26 +0800] "GET /xingrg/check_reg.html?_=1599616701210 HTTP/1.1" 200 22
117.184.7.30 - - [09/Sep/2020:09:58:26 +0800] "GET /xingrg/all/function/internal_message.html?_=1599616701204&CODE_STATE=getMsg HTTP/1.1" 200 27
116.233.79.183 - - [09/Sep/2020:09:58:27 +0800] "GET /xingrg/all/function/internal_message.html?_=1599616734531&CODE_STATE=getMsg HTTP/1.1" 200 27
116.235.241.164 - - [09/Sep/2020:09:58:34 +0800] "GET /xingrg/all/function/internal_message.html?_=1599616712675&CODE_STATE=getMsg HTTP/1.1" 200 27
172.17.0.240 - - [09/Sep/2020:09:58:34 +0800] "GET /xingrg/all/function/internal_message.html?_=1599616712667&CODE_STATE=getMsg HTTP/1.1" 200 27
172.17.0.240 - - [09/Sep/2020:09:58:34 +0800] "GET /xingrg/check_reg.html?_=1599616712669 HTTP/1.1" 200 22
116.230.74.197 - - [09/Sep/2020:09:58:35 +0800] "GET /xingrg/all/function/internal_message.html?_=1599616712398&CODE_STATE=getMsg HTTP/1.1" 200 27
222.69.141.189 - - [09/Sep/2020:09:58:35 +0800] "GET /xingrg/all/function/internal_message.html?_=1599616708687&CODE_STATE=getMsg HTTP/1.1" 200 27
120.253.135.82 - - [09/Sep/2020:09:58:36 +0800] "GET /xingrg/kc/pszx/mdps_order_operate.html?command=get_materiel&pszx_code=00101&rest_code=00111&base_code=0010246&code=00101032002 HTTP/1.1" 200 438
172.17.0.120 - - [09/Sep/2020:09:58:38 +0800] "GET /xingrg/check_reg.html?_=1599616715190 HTTP/1.1" 200 22
172.17.0.120 - - [09/Sep/2020:09:58:38 +0800] "GET /xingrg/all/function/internal_message.html?_=1599616715192&CODE_STATE=getMsg HTTP/1.1" 200 27
172.17.0.185 - - [09/Sep/2020:09:58:41 +0800] "GET /xingrg/all/function/internal_message.html?_=1599616719126&CODE_STATE=getMsg HTTP/1.1" 302 -
117.185.32.26 - - [09/Sep/2020:09:58:44 +0800] "GET /xingrg/all/function/internal_message.html?_=1599617154219&CODE_STATE=getMsg HTTP/1.1" 200 27
120.253.135.82 - - [09/Sep/2020:09:58:45 +0800] "GET /xingrg/all/function/internal_message.html?_=1599616473591&CODE_STATE=getMsg HTTP/1.1" 200 27
218.81.217.115 - - [09/Sep/2020:09:58:45 +0800] "GET /xingrg/all/function/internal_message.html?_=1599616733552&CODE_STATE=getMsg HTTP/1.1" 200 27
180.157.253.48 - - [09/Sep/2020:09:58:46 +0800] "GET /xingrg/all/function/internal_message.html?_=1599616726840&CODE_STATE=getMsg HTTP/1.1" 200 27
117.184.7.30 - - [09/Sep/2020:09:58:47 +0800] "GET /xingrg/all/function/internal_message.html?_=1599617580781&CODE_STATE=getMsg HTTP/1.1" 200 27
114.82.29.189 - - [09/Sep/2020:09:58:52 +0800] "GET /xingrg/all/function/internal_message.html?_=1599616732268&CODE_STATE=getMsg HTTP/1.1" 200 27
172.17.0.117 - - [09/Sep/2020:09:58:59 +0800] "GET /xingrg/all/function/internal_message.html?_=1599616742807&CODE_STATE=getMsg HTTP/1.1" 200 27
114.88.166.242 - - [09/Sep/2020:09:59:02 +0800] "GET /xingrg/all/function/internal_message.html?_=1599616740689&CODE_STATE=getMsg HTTP/1.1" 200 27
116.238.90.59 - - [09/Sep/2020:09:59:06 +0800] "GET /xingrg/all/function/internal_message.html?_=1599616951584&CODE_STATE=getMsg HTTP/1.1" 200 27
172.17.0.240 - - [09/Sep/2020:09:59:06 +0800] "GET /xingrg/check_reg.html?_=1599616744678 HTTP/1.1" 200 22
58.37.9.106 - - [09/Sep/2020:09:59:08 +0800] "GET /xingrg/all/function/internal_message.html?_=1599616744935&CODE_STATE=getMsg HTTP/1.1" 200 27
120.253.135.82 - - [09/Sep/2020:09:59:09 +0800] "GET /xingrg/kc/pszx/mdps_order_operate.html?command=get_materiel&pszx_code=00101&rest_code=00111&base_code=0010246&code=00101032006 HTTP/1.1" 200 438
172.17.200.101 - - [09/Sep/2020:09:59:10 +0800] "GET /xingrg/all/function/internal_message.html?_=1599616750221&CODE_STATE=getMsg HTTP/1.1" 200 27
180.157.253.48 - - [09/Sep/2020:09:59:10 +0800] "GET /xingrg/check_reg.html?_=1599616751504 HTTP/1.1" 200 22
218.81.217.115 - - [09/Sep/2020:09:59:14 +0800] "GET /xingrg/check_reg.html?_=1599616760779 HTTP/1.1" 200 22
218.81.217.115 - - [09/Sep/2020:09:59:14 +0800] "GET /xingrg/all/function/internal_message.html?_=1599616761415&CODE_STATE=getMsg HTTP/1.1" 200 27
116.238.71.173 - - [09/Sep/2020:09:59:16 +0800] "GET /xingrg/all/function/internal_message.html?_=1599616754765&CODE_STATE=getMsg HTTP/1.1" 200 27
58.37.9.106 - - [09/Sep/2020:09:59:22 +0800] "GET /xingrg/all/function/internal_message.html?_=1599616756292&CODE_STATE=getMsg HTTP/1.1" 200 27
116.238.71.173 - - [09/Sep/2020:09:59:25 +0800] "GET /xingrg/all/function/internal_message.html?_=1599616880568&CODE_STATE=getMsg HTTP/1.1" 200 27
117.184.7.26 - - [09/Sep/2020:09:59:26 +0800] "GET /xingrg/all/function/internal_message.html?_=1599616761232&CODE_STATE=getMsg HTTP/1.1" 200 27
116.233.79.183 - - [09/Sep/2020:09:59:27 +0800] "GET /xingrg/all/function/internal_message.html?_=1599616794531&CODE_STATE=getMsg HTTP/1.1" 200 27
116.235.241.164 - - [09/Sep/2020:09:59:34 +0800] "GET /xingrg/all/function/internal_message.html?_=1599616772677&CODE_STATE=getMsg HTTP/1.1" 200 27
172.17.0.240 - - [09/Sep/2020:09:59:34 +0800] "GET /xingrg/all/function/internal_message.html?_=1599616772663&CODE_STATE=getMsg HTTP/1.1" 200 27
116.230.74.197 - - [09/Sep/2020:09:59:35 +0800] "GET /xingrg/all/function/internal_message.html?_=1599616772399&CODE_STATE=getMsg HTTP/1.1" 200 27
222.69.141.189 - - [09/Sep/2020:09:59:35 +0800] "GET /xingrg/check_reg.html?_=1599616768689 HTTP/1.1" 200 22
222.69.141.189 - - [09/Sep/2020:09:59:35 +0800] "GET /xingrg/all/function/internal_message.html?_=1599616768686&CODE_STATE=getMsg HTTP/1.1" 200 27
172.17.0.120 - - [09/Sep/2020:09:59:38 +0800] "GET /xingrg/all/function/internal_message.html?_=1599616775194&CODE_STATE=getMsg HTTP/1.1" 200 27
172.17.0.185 - - [09/Sep/2020:09:59:41 +0800] "GET /xingrg/all/function/internal_message.html?_=1599616779126&CODE_STATE=getMsg HTTP/1.1" 302 -
117.185.32.26 - - [09/Sep/2020:09:59:44 +0800] "GET /xingrg/all/function/internal_message.html?_=1599617214210&CODE_STATE=getMsg HTTP/1.1" 200 27
120.253.135.82 - - [09/Sep/2020:09:59:45 +0800] "GET /xingrg/all/function/internal_message.html?_=1599616533606&CODE_STATE=getMsg HTTP/1.1" 200 27
218.81.217.115 - - [09/Sep/2020:09:59:45 +0800] "GET /xingrg/all/function/internal_message.html?_=1599616793568&CODE_STATE=getMsg HTTP/1.1" 200 27
