222.69.141.189 - - [09/Sep/2020:09:35:16 +0800] "GET /xingrg/kc/buy/cgsh_order_operate.html?command=get_materiel&rest_code=00149&code=00101004011&supplier_code=00100083&order_time=2020-09-09 HTTP/1.1" 200 433
116.238.71.173 - - [09/Sep/2020:09:35:19 +0800] "GET /xingrg/kc/buy/cgsh_order_add.html HTTP/1.1" 200 59322
116.238.71.173 - - [09/Sep/2020:09:35:20 +0800] "POST /xingrg/kc/buy/cgsh_order_operate.html HTTP/1.1" 200 8245
116.238.71.173 - - [09/Sep/2020:09:35:20 +0800] "GET /xingrg/javascript/easyui/themes/default/validatebox.css HTTP/1.1" 404 1104
58.37.9.106 - - [09/Sep/2020:09:35:22 +0800] "GET /xingrg/all/function/internal_message.html?_=1599615316242&CODE_STATE=getMsg HTTP/1.1" 200 27
222.69.141.189 - - [09/Sep/2020:09:35:24 +0800] "GET /xingrg/kc/buy/cgsh_order_operate.html?command=get_materiel&rest_code=00149&code=00101004061&supplier_code=00100083&order_time=2020-09-09 HTTP/1.1" 200 409
116.238.71.173 - - [09/Sep/2020:09:35:24 +0800] "POST /xingrg/all/user/operate.html HTTP/1.1" 200 36
116.238.71.173 - - [09/Sep/2020:09:35:24 +0800] "GET /xingrg/index.html?sysBaseUrl=http%3A%2F%2F180.169.147.146%3A18081%2Fxingrg%2F&costTime=38×tamp=1599614433348 HTTP/1.1" 200 17179
116.238.71.173 - - [09/Sep/2020:09:35:24 +0800] "GET /xingrg/javascript/jquery_easy_ui/themes/default/easyui.css HTTP/1.1" 304 -
116.238.71.173 - - [09/Sep/2020:09:35:24 +0800] "GET /xingrg/javascript/jquery_easy_ui/themes/icon.css HTTP/1.1" 304 -
116.238.71.173 - - [09/Sep/2020:09:35:24 +0800] "GET /xingrg/css/form.css HTTP/1.1" 304 -
116.238.71.173 - - [09/Sep/2020:09:35:24 +0800] "GET /xingrg/javascript/jquery-1.4.2.min.js HTTP/1.1" 304 -
116.238.71.173 - - [09/Sep/2020:09:35:24 +0800] "GET /xingrg/javascript/jquery_easy_ui/jquery.easyui.min.js HTTP/1.1" 304 -
116.238.71.173 - - [09/Sep/2020:09:35:24 +0800] "GET /xingrg/javascript/jquery_easy_ui/easyui-lang-zh_CN.js HTTP/1.1" 304 -
116.238.71.173 - - [09/Sep/2020:09:35:24 +0800] "GET /xingrg/javascript/jquery.form.js HTTP/1.1" 304 -
116.238.71.173 - - [09/Sep/2020:09:35:24 +0800] "GET /xingrg/javascript/jquery.utils.js HTTP/1.1" 304 -
116.238.71.173 - - [09/Sep/2020:09:35:24 +0800] "GET /xingrg/javascript/jquery.timers.js HTTP/1.1" 304 -
116.238.71.173 - - [09/Sep/2020:09:35:24 +0800] "GET /xingrg/images/blue/jxLogo.png HTTP/1.1" 304 -
116.238.71.173 - - [09/Sep/2020:09:35:24 +0800] "GET /xingrg/images/blue/navBackgound.jpg HTTP/1.1" 304 -
116.238.71.173 - - [09/Sep/2020:09:35:24 +0800] "GET /xingrg/javascript/jquery_easy_ui/themes/icons/settle_new.png HTTP/1.1" 304 -
116.238.71.173 - - [09/Sep/2020:09:35:24 +0800] "POST /xingrg/all/common/load_tree.html?tree=area_rest_tree_json&manage=1 HTTP/1.1" 200 476
116.238.71.173 - - [09/Sep/2020:09:35:24 +0800] "GET /xingrg/images/blue/pingpu.png HTTP/1.1" 304 -
116.238.71.173 - - [09/Sep/2020:09:35:24 +0800] "GET /xingrg/javascript/jquery_easy_ui/themes/default/images/tabs_leftarrow.png HTTP/1.1" 304 -
116.238.71.173 - - [09/Sep/2020:09:35:24 +0800] "GET /xingrg/javascript/jquery_easy_ui/themes/default/images/tabs_rightarrow.png HTTP/1.1" 304 -
116.238.71.173 - - [09/Sep/2020:09:35:24 +0800] "GET /xingrg/javascript/jquery_easy_ui/themes/default/images/panel_tool_collapse.gif HTTP/1.1" 304 -
116.238.71.173 - - [09/Sep/2020:09:35:24 +0800] "GET /xingrg/all/function/internal_message.html?_=1599615440116&CODE_STATE=count HTTP/1.1" 200 11
116.238.71.173 - - [09/Sep/2020:09:35:24 +0800] "GET /xingrg/check_reg.html?_=1599615440117 HTTP/1.1" 200 22
116.238.71.173 - - [09/Sep/2020:09:35:24 +0800] "POST /xingrg/load_menu.html HTTP/1.1" 200 5138
114.82.29.189 - - [09/Sep/2020:09:35:24 +0800] "GET /xingrg/kc/buy/cgsh_order_operate.html?command=get_materiel&rest_code=00105&code=00101009021&supplier_code=00100024&order_time=2020-09-09 HTTP/1.1" 200 416
114.88.166.242 - - [09/Sep/2020:09:35:25 +0800] "GET /xingrg/all/function/internal_message.html?_=1599615383924&CODE_STATE=getMsg HTTP/1.1" 200 27
116.230.74.197 - - [09/Sep/2020:09:35:26 +0800] "POST /xingrg/kc/buy/cgsh_order_operate.html HTTP/1.1" 200 37
117.184.7.26 - - [09/Sep/2020:09:35:26 +0800] "GET /xingrg/all/function/internal_message.html?_=1599615321216&CODE_STATE=getMsg HTTP/1.1" 200 27
116.230.74.197 - - [09/Sep/2020:09:35:27 +0800] "POST /xingrg/kc/buy/cgsh_order_operate.html HTTP/1.1" 200 4430
116.233.79.183 - - [09/Sep/2020:09:35:28 +0800] "GET /xingrg/check_reg.html?_=1599615354484 HTTP/1.1" 200 22
116.233.79.183 - - [09/Sep/2020:09:35:28 +0800] "GET /xingrg/all/function/internal_message.html?_=1599615354484&CODE_STATE=getMsg HTTP/1.1" 200 27
172.17.0.101 - - [09/Sep/2020:09:35:28 +0800] "GET /xingrg/all/function/internal_message.html?_=1599615324485&CODE_STATE=getMsg HTTP/1.1" 200 27
116.230.74.197 - - [09/Sep/2020:09:35:28 +0800] "GET /xingrg/kc/print/load_data.html?order_code=212020090903576&kc_code=cgsh&condition= HTTP/1.1" 200 1416
116.238.71.173 - - [09/Sep/2020:09:35:32 +0800] "GET /xingrg/kc/buy/cgsh_order_list.html HTTP/1.1" 200 43936
222.69.141.189 - - [09/Sep/2020:09:35:32 +0800] "GET /xingrg/kc/buy/cgsh_order_operate.html?command=get_materiel&rest_code=00149&code=00101004065&supplier_code=00100083&order_time=2020-09-09 HTTP/1.1" 200 435
116.238.71.173 - - [09/Sep/2020:09:35:32 +0800] "POST /xingrg/kc/buy/cgsh_list_operate.html HTTP/1.1" 200 876
116.230.74.197 - - [09/Sep/2020:09:35:33 +0800] "GET /xingrg/kc/base/base_main.html HTTP/1.1" 200 12142
116.235.241.164 - - [09/Sep/2020:09:35:34 +0800] "GET /xingrg/all/function/internal_message.html?_=1599615332648&CODE_STATE=getMsg HTTP/1.1" 200 27
172.17.0.240 - - [09/Sep/2020:09:35:34 +0800] "GET /xingrg/all/function/internal_message.html?_=1599615332650&CODE_STATE=getMsg HTTP/1.1" 200 27
116.238.71.173 - - [09/Sep/2020:09:35:34 +0800] "GET /xingrg/kc/buy/cgsh_order_add.html HTTP/1.1" 200 59604
116.238.71.173 - - [09/Sep/2020:09:35:34 +0800] "POST /xingrg/kc/buy/cgsh_order_operate.html HTTP/1.1" 200 8245
116.238.71.173 - - [09/Sep/2020:09:35:35 +0800] "GET /xingrg/javascript/easyui/themes/default/validatebox.css HTTP/1.1" 404 1104
222.69.141.189 - - [09/Sep/2020:09:35:35 +0800] "GET /xingrg/all/function/internal_message.html?_=1599615328654&CODE_STATE=getMsg HTTP/1.1" 200 27
116.230.74.197 - - [09/Sep/2020:09:35:35 +0800] "GET /xingrg/all/function/internal_message.html?_=1599615332599&CODE_STATE=getMsg HTTP/1.1" 200 27
114.82.29.189 - - [09/Sep/2020:09:35:35 +0800] "GET /xingrg/kc/buy/cgsh_order_operate.html?command=get_materiel&rest_code=00105&code=00101009011&supplier_code=00100024&order_time=2020-09-09 HTTP/1.1" 200 418
116.238.71.173 - - [09/Sep/2020:09:35:36 +0800] "GET /xingrg/javascript/auto/indicator.gif HTTP/1.1" 404 1066
120.253.135.82 - - [09/Sep/2020:09:35:38 +0800] "GET /xingrg/check_reg.html?_=1599615087211 HTTP/1.1" 200 22
120.253.135.82 - - [09/Sep/2020:09:35:40 +0800] "GET /xingrg/all/function/internal_message.html?_=1599615089113&CODE_STATE=getMsg HTTP/1.1" 200 27
116.230.74.197 - - [09/Sep/2020:09:35:40 +0800] "GET /xingrg/kc/base/wldb_order_list.html HTTP/1.1" 200 19302
172.17.0.185 - - [09/Sep/2020:09:35:41 +0800] "GET /xingrg/all/function/internal_message.html?_=1599615339131&CODE_STATE=getMsg HTTP/1.1" 302 -
172.17.0.185 - - [09/Sep/2020:09:35:41 +0800] "GET /xingrg/check_reg.html?_=1599615339135 HTTP/1.1" 302 -
116.230.74.197 - - [09/Sep/2020:09:35:41 +0800] "POST /xingrg/kc/base/wldb_list_operate.html HTTP/1.1" 200 928
116.230.74.197 - - [09/Sep/2020:09:35:43 +0800] "GET /xingrg/kc/base/wldb_order_add.html HTTP/1.1" 200 30410
116.230.74.197 - - [09/Sep/2020:09:35:43 +0800] "GET /xingrg/all/common/auto_word.html?type=base&rest_code=00107 HTTP/1.1" 200 1811
116.230.74.197 - - [09/Sep/2020:09:35:43 +0800] "GET /xingrg/all/common/auto_word.html?type=base&rest_code=00107 HTTP/1.1" 200 1811
116.230.74.197 - - [09/Sep/2020:09:35:43 +0800] "GET /xingrg/javascript/easyui/themes/default/validatebox.css HTTP/1.1" 404 1104
116.230.74.197 - - [09/Sep/2020:09:35:43 +0800] "POST /xingrg/kc/base/wldb_order_operate.html HTTP/1.1" 200 6806
116.238.71.173 - - [09/Sep/2020:09:35:43 +0800] "GET /xingrg/kc/buy/cgsh_order_operate.html?command=get_materiel&rest_code=00150&code=00101001010&supplier_code=00100040&order_time=2020-09-09 HTTP/1.1" 200 428
116.238.71.173 - - [09/Sep/2020:09:35:44 +0800] "GET /xingrg/all/function/internal_message.html?_=1599615342696&CODE_STATE=getMsg HTTP/1.1" 200 27
117.185.32.26 - - [09/Sep/2020:09:35:44 +0800] "GET /xingrg/all/function/internal_message.html?_=1599615774107&CODE_STATE=getMsg HTTP/1.1" 200 27
116.230.74.197 - - [09/Sep/2020:09:35:44 +0800] "POST /xingrg/all/common/load_combo.html?type=base HTTP/1.1" 200 3236
218.81.217.115 - - [09/Sep/2020:09:35:45 +0800] "GET /xingrg/all/function/internal_message.html?_=1599615353177&CODE_STATE=getMsg HTTP/1.1" 200 27
222.69.141.189 - - [09/Sep/2020:09:35:46 +0800] "GET /xingrg/kc/buy/cgsh_order_operate.html?command=get_materiel&rest_code=00149&code=00101004090&supplier_code=00100083&order_time=2020-09-09 HTTP/1.1" 200 412
180.157.253.48 - - [09/Sep/2020:09:35:46 +0800] "GET /xingrg/all/function/internal_message.html?_=1599615347272&CODE_STATE=getMsg HTTP/1.1" 200 27
117.184.7.30 - - [09/Sep/2020:09:35:47 +0800] "GET /xingrg/all/function/internal_message.html?_=1599616200761&CODE_STATE=getMsg HTTP/1.1" 200 27
116.230.74.197 - - [09/Sep/2020:09:35:48 +0800] "POST /xingrg/all/common/load_combo.html?type=base HTTP/1.1" 200 3236
114.82.29.189 - - [09/Sep/2020:09:35:52 +0800] "GET /xingrg/all/function/internal_message.html?_=1599615352276&CODE_STATE=getMsg HTTP/1.1" 200 27
114.82.29.189 - - [09/Sep/2020:09:35:53 +0800] "GET /xingrg/kc/buy/cgsh_order_operate.html?command=get_materiel&rest_code=00105&code=00101009062&supplier_code=00100024&order_time=2020-09-09 HTTP/1.1" 200 433
222.69.141.189 - - [09/Sep/2020:09:35:54 +0800] "GET /xingrg/kc/buy/cgsh_order_operate.html?command=get_materiel&rest_code=00149&code=00101004030&supplier_code=00100083&order_time=2020-09-09 HTTP/1.1" 200 410
116.230.74.197 - - [09/Sep/2020:09:35:59 +0800] "GET /xingrg/kc/base/wldb_order_operate.html?command=get_materiel&rest_code=00107&base_code=0010152&code=00102002441 HTTP/1.1" 200 447
172.17.0.117 - - [09/Sep/2020:09:35:59 +0800] "GET /xingrg/all/function/internal_message.html?_=1599615362710&CODE_STATE=getMsg HTTP/1.1" 200 27
116.238.90.59 - - [09/Sep/2020:09:36:00 +0800] "GET /xingrg/all/function/internal_message.html?_=1599615565341&CODE_STATE=getMsg HTTP/1.1" 200 27
116.238.71.173 - - [09/Sep/2020:09:36:00 +0800] "POST /xingrg/kc/buy/cgsh_order_operate.html HTTP/1.1" 200 64
180.157.253.48 - - [09/Sep/2020:09:36:01 +0800] "POST /xingrg/kc/buy/cgsh_order_operate.html HTTP/1.1" 200 37
114.88.166.242 - - [09/Sep/2020:09:36:01 +0800] "GET /xingrg/all/function/internal_message.html?_=1599615360114&CODE_STATE=getMsg HTTP/1.1" 200 27
222.69.141.189 - - [09/Sep/2020:09:36:02 +0800] "POST /xingrg/kc/buy/cgsh_order_operate.html HTTP/1.1" 200 37
114.82.29.189 - - [09/Sep/2020:09:36:02 +0800] "GET /xingrg/kc/buy/cgsh_order_operate.html?command=get_materiel&rest_code=00105&code=00101008507&supplier_code=00100024&order_time=2020-09-09 HTTP/1.1" 200 395
180.157.253.48 - - [09/Sep/2020:09:36:03 +0800] "POST /xingrg/kc/buy/cgsh_order_operate.html HTTP/1.1" 200 12
180.157.253.48 - - [09/Sep/2020:09:36:04 +0800] "GET /xingrg/kc/buy/cgsh_order_info.html?code=212020090903578 HTTP/1.1" 200 54577
180.157.253.48 - - [09/Sep/2020:09:36:05 +0800] "GET /xingrg/javascript/easyui/themes/default/validatebox.css HTTP/1.1" 404 1104
116.238.71.173 - - [09/Sep/2020:09:36:06 +0800] "POST /xingrg/kc/buy/cgsh_order_operate.html HTTP/1.1" 200 37
180.157.253.48 - - [09/Sep/2020:09:36:06 +0800] "POST /xingrg/kc/buy/cgsh_order_operate.html HTTP/1.1" 200 4769
222.69.141.189 - - [09/Sep/2020:09:36:07 +0800] "POST /xingrg/kc/buy/cgsh_order_operate.html HTTP/1.1" 200 12
116.238.71.173 - - [09/Sep/2020:09:36:07 +0800] "POST /xingrg/kc/buy/cgsh_order_operate.html HTTP/1.1" 200 2653
180.157.253.48 - - [09/Sep/2020:09:36:07 +0800] "GET /xingrg/kc/print/load_data.html?order_code=212020090903578&kc_code=cgsh&condition= HTTP/1.1" 200 2369
172.17.200.101 - - [09/Sep/2020:09:36:10 +0800] "GET /xingrg/all/function/internal_message.html?_=1599615370196&CODE_STATE=getMsg HTTP/1.1" 200 27
222.69.141.189 - - [09/Sep/2020:09:36:11 +0800] "GET /xingrg/kc/buy/cgsh_order_info.html?code=212020090903579 HTTP/1.1" 200 54622
222.69.141.189 - - [09/Sep/2020:09:36:11 +0800] "GET /xingrg/javascript/easyui/themes/default/validatebox.css HTTP/1.1" 404 1104
222.69.141.189 - - [09/Sep/2020:09:36:11 +0800] "POST /xingrg/kc/buy/cgsh_order_operate.html HTTP/1.1" 200 3588
116.230.74.197 - - [09/Sep/2020:09:36:12 +0800] "POST /xingrg/kc/base/wldb_order_operate.html HTTP/1.1" 200 37
116.238.71.173 - - [09/Sep/2020:09:36:12 +0800] "POST /xingrg/kc/buy/cgsh_order_operate.html HTTP/1.1" 200 37
114.82.29.189 - - [09/Sep/2020:09:36:12 +0800] "GET /xingrg/kc/buy/cgsh_order_operate.html?command=get_materiel&rest_code=00105&code=00101009019&supplier_code=00100024&order_time=2020-09-09 HTTP/1.1" 200 433
116.230.74.197 - - [09/Sep/2020:09:36:12 +0800] "POST /xingrg/kc/base/wldb_order_operate.html HTTP/1.1" 200 2198
116.230.74.197 - - [09/Sep/2020:09:36:13 +0800] "GET /xingrg/kc/base/wldb_order_info.html?code=422020090900966 HTTP/1.1" 200 30424
222.69.141.189 - - [09/Sep/2020:09:36:13 +0800] "GET /xingrg/kc/print/load_data.html?order_code=212020090903579&kc_code=cgsh&condition= HTTP/1.1" 200 1870
116.230.74.197 - - [09/Sep/2020:09:36:14 +0800] "GET /xingrg/javascript/easyui/themes/default/validatebox.css HTTP/1.1" 404 1104
218.81.217.115 - - [09/Sep/2020:09:36:14 +0800] "GET /xingrg/all/function/internal_message.html?_=1599615380993&CODE_STATE=getMsg HTTP/1.1" 200 27
116.238.71.173 - - [09/Sep/2020:09:36:15 +0800] "POST /xingrg/kc/buy/cgsh_order_operate.html HTTP/1.1" 200 12
116.230.74.197 - - [09/Sep/2020:09:36:15 +0800] "POST /xingrg/kc/base/wldb_order_operate.html HTTP/1.1" 200 2198
116.238.71.173 - - [09/Sep/2020:09:36:16 +0800] "GET /xingrg/kc/buy/cgsh_order_info.html?code=212020090903580 HTTP/1.1" 200 54511
116.238.71.173 - - [09/Sep/2020:09:36:16 +0800] "GET /xingrg/javascript/easyui/themes/default/validatebox.css HTTP/1.1" 404 1104
116.230.74.197 - - [09/Sep/2020:09:36:16 +0800] "GET /xingrg/kc/base/wldb_order_add.html HTTP/1.1" 200 30410
116.238.71.173 - - [09/Sep/2020:09:36:16 +0800] "POST /xingrg/kc/buy/cgsh_order_operate.html HTTP/1.1" 200 603
116.230.74.197 - - [09/Sep/2020:09:36:17 +0800] "GET /xingrg/javascript/easyui/themes/default/validatebox.css HTTP/1.1" 404 1104
116.230.74.197 - - [09/Sep/2020:09:36:17 +0800] "POST /xingrg/kc/base/wldb_order_operate.html HTTP/1.1" 200 6806
116.230.74.197 - - [09/Sep/2020:09:36:18 +0800] "POST /xingrg/all/common/load_combo.html?type=base HTTP/1.1" 200 3236
116.238.71.173 - - [09/Sep/2020:09:36:18 +0800] "GET /xingrg/kc/print/load_data.html?order_code=212020090903580&kc_code=cgsh&condition= HTTP/1.1" 200 799
120.253.135.82 - - [09/Sep/2020:09:36:22 +0800] "GET /xingrg/kc/pszx/mdps_order_info.html?code=312020090900256 HTTP/1.1" 200 23849
58.37.9.106 - - [09/Sep/2020:09:36:22 +0800] "GET /xingrg/all/function/internal_message.html?_=1599615376242&CODE_STATE=getMsg HTTP/1.1" 200 27
120.253.135.82 - - [09/Sep/2020:09:36:22 +0800] "POST /xingrg/kc/pszx/mdps_order_operate.html HTTP/1.1" 200 4746
120.253.135.82 - - [09/Sep/2020:09:36:22 +0800] "GET /xingrg/javascript/easyui/themes/default/validatebox.css HTTP/1.1" 404 1104
116.230.74.197 - - [09/Sep/2020:09:36:23 +0800] "POST /xingrg/all/common/load_combo.html?type=base HTTP/1.1" 200 3236
116.238.71.173 - - [09/Sep/2020:09:36:24 +0800] "GET /xingrg/all/function/internal_message.html?_=1599615500129&CODE_STATE=getMsg HTTP/1.1" 200 27
114.88.166.242 - - [09/Sep/2020:09:36:25 +0800] "GET /xingrg/all/function/internal_message.html?_=1599615443922&CODE_STATE=getMsg HTTP/1.1" 200 27
120.253.135.82 - - [09/Sep/2020:09:36:26 +0800] "POST /xingrg/kc/pszx/mdps_list_operate.html HTTP/1.1" 200 2435
117.184.7.26 - - [09/Sep/2020:09:36:26 +0800] "GET /xingrg/all/function/internal_message.html?_=1599615381224&CODE_STATE=getMsg HTTP/1.1" 200 27
180.157.253.48 - - [09/Sep/2020:09:36:26 +0800] "GET /xingrg/kc/buy/cgsh_order_add.html HTTP/1.1" 200 59674
180.157.253.48 - - [09/Sep/2020:09:36:27 +0800] "POST /xingrg/kc/buy/cgsh_order_operate.html HTTP/1.1" 200 8245
180.157.253.48 - - [09/Sep/2020:09:36:27 +0800] "GET /xingrg/javascript/easyui/themes/default/validatebox.css HTTP/1.1" 404 1104
116.233.79.183 - - [09/Sep/2020:09:36:28 +0800] "GET /xingrg/all/function/internal_message.html?_=1599615414484&CODE_STATE=getMsg HTTP/1.1" 200 27
172.17.0.101 - - [09/Sep/2020:09:36:28 +0800] "GET /xingrg/all/function/internal_message.html?_=1599615384465&CODE_STATE=getMsg HTTP/1.1" 200 27
172.17.0.101 - - [09/Sep/2020:09:36:29 +0800] "GET /xingrg/check_reg.html?_=1599615385597 HTTP/1.1" 200 22
120.253.135.82 - - [09/Sep/2020:09:36:33 +0800] "GET /xingrg/kc/base/wldb_order_list.html HTTP/1.1" 200 19551
120.253.135.82 - - [09/Sep/2020:09:36:33 +0800] "POST /xingrg/kc/base/wldb_list_operate.html HTTP/1.1" 200 928
116.235.241.164 - - [09/Sep/2020:09:36:34 +0800] "GET /xingrg/all/function/internal_message.html?_=1599615392648&CODE_STATE=getMsg HTTP/1.1" 200 27
116.235.241.164 - - [09/Sep/2020:09:36:34 +0800] "GET /xingrg/check_reg.html?_=1599615392651 HTTP/1.1" 200 22
172.17.0.240 - - [09/Sep/2020:09:36:34 +0800] "GET /xingrg/all/function/internal_message.html?_=1599615392654&CODE_STATE=getMsg HTTP/1.1" 200 27
222.69.141.189 - - [09/Sep/2020:09:36:35 +0800] "GET /xingrg/all/function/internal_message.html?_=1599615388664&CODE_STATE=getMsg HTTP/1.1" 200 27
116.230.74.197 - - [09/Sep/2020:09:36:35 +0800] "GET /xingrg/all/function/internal_message.html?_=1599615392571&CODE_STATE=getMsg HTTP/1.1" 200 27
120.253.135.82 - - [09/Sep/2020:09:36:35 +0800] "GET /xingrg/kc/base/wldb_order_add.html HTTP/1.1" 200 30408
120.253.135.82 - - [09/Sep/2020:09:36:36 +0800] "GET /xingrg/javascript/easyui/themes/icons/template_new.png HTTP/1.1" 304 -
120.253.135.82 - - [09/Sep/2020:09:36:36 +0800] "POST /xingrg/kc/base/wldb_order_operate.html HTTP/1.1" 200 6806
120.253.135.82 - - [09/Sep/2020:09:36:36 +0800] "GET /xingrg/javascript/easyui/themes/default/validatebox.css HTTP/1.1" 404 1104
120.253.135.82 - - [09/Sep/2020:09:36:38 +0800] "POST /xingrg/all/common/load_combo.html?type=base HTTP/1.1" 200 899
116.238.71.173 - - [09/Sep/2020:09:36:39 +0800] "GET /xingrg/kc/buy/cgsh_order_add.html HTTP/1.1" 200 59604
116.238.71.173 - - [09/Sep/2020:09:36:39 +0800] "POST /xingrg/kc/buy/cgsh_order_operate.html HTTP/1.1" 200 8245
116.238.71.173 - - [09/Sep/2020:09:36:39 +0800] "GET /xingrg/javascript/easyui/themes/default/validatebox.css HTTP/1.1" 404 1104
120.253.135.82 - - [09/Sep/2020:09:36:40 +0800] "GET /xingrg/all/function/internal_message.html?_=1599615149128&CODE_STATE=getMsg HTTP/1.1" 200 27
116.230.74.197 - - [09/Sep/2020:09:36:41 +0800] "GET /xingrg/kc/base/wldb_order_operate.html?command=get_materiel&rest_code=00107&base_code=0010151&code=00101019358 HTTP/1.1" 200 460
172.17.0.185 - - [09/Sep/2020:09:36:41 +0800] "GET /xingrg/all/function/internal_message.html?_=1599615399124&CODE_STATE=getMsg HTTP/1.1" 302 -
120.253.135.82 - - [09/Sep/2020:09:36:41 +0800] "POST /xingrg/all/common/load_combo.html?type=base HTTP/1.1" 200 899
116.238.71.173 - - [09/Sep/2020:09:36:42 +0800] "GET /xingrg/kc/mdqp/qqps_order_list.html HTTP/1.1" 200 9642
116.238.71.173 - - [09/Sep/2020:09:36:42 +0800] "GET /xingrg/dwr/interface/AjaxReportQueryService.js HTTP/1.1" 200 13203
116.238.71.173 - - [09/Sep/2020:09:36:42 +0800] "GET /xingrg/dwr/engine.js HTTP/1.1" 200 43631
116.238.71.173 - - [09/Sep/2020:09:36:42 +0800] "GET /xingrg/dwr/interface/AjaxQqpsService.js HTTP/1.1" 200 16326
180.157.253.48 - - [09/Sep/2020:09:36:42 +0800] "GET /xingrg/kc/buy/cgsh_order_operate.html?command=get_materiel&rest_code=00148&code=00101011005&supplier_code=00100036&order_time=2020-09-09 HTTP/1.1" 200 430
116.238.71.173 - - [09/Sep/2020:09:36:44 +0800] "GET /xingrg/all/function/internal_message.html?_=1599615402740&CODE_STATE=getMsg HTTP/1.1" 200 27
116.238.71.173 - - [09/Sep/2020:09:36:44 +0800] "GET /xingrg/check_reg.html?_=1599615402815 HTTP/1.1" 200 22
117.185.32.26 - - [09/Sep/2020:09:36:44 +0800] "GET /xingrg/all/function/internal_message.html?_=1599615834107&CODE_STATE=getMsg HTTP/1.1" 200 27
116.238.71.173 - - [09/Sep/2020:09:36:45 +0800] "GET /xingrg/kc/mdqp/qqps_order_info.html?code=302020090900173 HTTP/1.1" 200 28160
116.238.71.173 - - [09/Sep/2020:09:36:45 +0800] "GET /xingrg/dwr/interface/AjaxComOrderService.js HTTP/1.1" 200 18264
218.81.217.115 - - [09/Sep/2020:09:36:45 +0800] "GET /xingrg/all/function/internal_message.html?_=1599615413191&CODE_STATE=getMsg HTTP/1.1" 200 27
116.238.71.173 - - [09/Sep/2020:09:36:45 +0800] "GET /xingrg/dwr/interface/AjaxQqpsService.js HTTP/1.1" 200 16326
116.238.71.173 - - [09/Sep/2020:09:36:45 +0800] "GET /xingrg/dwr/engine.js HTTP/1.1" 200 43631
116.238.71.173 - - [09/Sep/2020:09:36:46 +0800] "POST /xingrg/dwr/call/plaincall/AjaxQqpsService.loadMaterielItems.dwr HTTP/1.1" 200 4825
180.157.253.48 - - [09/Sep/2020:09:36:46 +0800] "GET /xingrg/all/function/internal_message.html?_=1599615407249&CODE_STATE=getMsg HTTP/1.1" 200 27
117.184.7.30 - - [09/Sep/2020:09:36:47 +0800] "GET /xingrg/check_reg.html?_=1599616260760 HTTP/1.1" 200 22
117.184.7.26 - - [09/Sep/2020:09:36:47 +0800] "GET /xingrg/all/function/internal_message.html?_=1599616260761&CODE_STATE=getMsg HTTP/1.1" 200 27
116.238.71.173 - - [09/Sep/2020:09:36:49 +0800] "GET /xingrg/images/yd/bt.gif HTTP/1.1" 404 1040
114.82.29.189 - - [09/Sep/2020:09:36:52 +0800] "GET /xingrg/all/function/internal_message.html?_=1599615412270&CODE_STATE=getMsg HTTP/1.1" 200 27
116.230.74.197 - - [09/Sep/2020:09:36:53 +0800] "GET /xingrg/kc/base/wldb_order_operate.html?command=get_materiel&rest_code=00107&base_code=0010151&code=00101019373 HTTP/1.1" 200 453
120.253.135.82 - - [09/Sep/2020:09:36:54 +0800] "GET /xingrg/kc/base/wldb_order_operate.html?command=get_materiel&rest_code=00101&base_code=0010246&code=00101032006 HTTP/1.1" 200 441
116.238.71.173 - - [09/Sep/2020:09:36:54 +0800] "GET /xingrg/images/yd/bt2.gif HTTP/1.1" 404 1042
116.238.71.173 - - [09/Sep/2020:09:36:55 +0800] "GET /xingrg/kc/buy/cgsh_order_operate.html?command=get_materiel&rest_code=00150&code=00101006130&supplier_code=00100012&order_time=2020-09-09 HTTP/1.1" 200 427
116.238.71.173 - - [09/Sep/2020:09:36:57 +0800] "POST /xingrg/dwr/call/plaincall/AjaxQqpsService.getMaterielByCode.dwr HTTP/1.1" 200 3641
116.238.71.173 - - [09/Sep/2020:09:36:59 +0800] "POST /xingrg/dwr/call/plaincall/AjaxQqpsService.saveMaterielItem.dwr HTTP/1.1" 200 78
116.238.90.59 - - [09/Sep/2020:09:36:59 +0800] "GET /xingrg/check_reg.html?_=1599615624707 HTTP/1.1" 200 22
172.17.0.117 - - [09/Sep/2020:09:36:59 +0800] "GET /xingrg/all/function/internal_message.html?_=1599615422714&CODE_STATE=getMsg HTTP/1.1" 200 27
116.238.90.59 - - [09/Sep/2020:09:37:00 +0800] "GET /xingrg/all/function/internal_message.html?_=1599615625356&CODE_STATE=getMsg HTTP/1.1" 200 27
114.88.166.242 - - [09/Sep/2020:09:37:01 +0800] "GET /xingrg/all/function/internal_message.html?_=1599615420124&CODE_STATE=getMsg HTTP/1.1" 200 27
116.238.71.173 - - [09/Sep/2020:09:37:06 +0800] "GET /xingrg/kc/buy/cgsh_order_operate.html?command=get_materiel&rest_code=00150&code=00101006055&supplier_code=00100012&order_time=2020-09-09 HTTP/1.1" 200 409
116.238.71.173 - - [09/Sep/2020:09:37:06 +0800] "POST /xingrg/dwr/call/plaincall/AjaxQqpsService.getMaterielByCode.dwr HTTP/1.1" 200 3648
116.238.71.173 - - [09/Sep/2020:09:37:09 +0800] "POST /xingrg/dwr/call/plaincall/AjaxQqpsService.saveMaterielItem.dwr HTTP/1.1" 200 78
180.157.253.48 - - [09/Sep/2020:09:37:10 +0800] "GET /xingrg/kc/buy/cgsh_order_operate.html?command=get_materiel&rest_code=00148&code=00101005037&supplier_code=00100036&order_time=2020-09-09 HTTP/1.1" 200 409
172.17.200.101 - - [09/Sep/2020:09:37:10 +0800] "GET /xingrg/all/function/internal_message.html?_=1599615430198&CODE_STATE=getMsg HTTP/1.1" 200 27
218.81.217.115 - - [09/Sep/2020:09:37:14 +0800] "GET /xingrg/all/function/internal_message.html?_=1599615441010&CODE_STATE=getMsg HTTP/1.1" 200 27
116.230.74.197 - - [09/Sep/2020:09:37:15 +0800] "POST /xingrg/kc/base/wldb_order_operate.html HTTP/1.1" 200 37
116.230.74.197 - - [09/Sep/2020:09:37:15 +0800] "POST /xingrg/kc/base/wldb_order_operate.html HTTP/1.1" 200 2701
116.230.74.197 - - [09/Sep/2020:09:37:17 +0800] "GET /xingrg/kc/base/wldb_order_info.html?code=422020090900967 HTTP/1.1" 200 30422
116.238.71.173 - - [09/Sep/2020:09:37:18 +0800] "GET /xingrg/kc/buy/cgsh_order_operate.html?command=get_materiel&rest_code=00150&code=00101006065&supplier_code=00100012&order_time=2020-09-09 HTTP/1.1" 200 409
116.230.74.197 - - [09/Sep/2020:09:37:18 +0800] "GET /xingrg/javascript/easyui/themes/default/validatebox.css HTTP/1.1" 404 1104
116.230.74.197 - - [09/Sep/2020:09:37:18 +0800] "POST /xingrg/kc/base/wldb_order_operate.html HTTP/1.1" 200 2701
120.253.135.82 - - [09/Sep/2020:09:37:19 +0800] "GET /xingrg/kc/base/wldb_order_operate.html?command=get_materiel&rest_code=00101&base_code=0010246&code=00101032008 HTTP/1.1" 200 427
116.238.71.173 - - [09/Sep/2020:09:37:19 +0800] "POST /xingrg/dwr/call/plaincall/AjaxQqpsService.getMaterielByCode.dwr HTTP/1.1" 200 3600
116.230.74.197 - - [09/Sep/2020:09:37:20 +0800] "GET /xingrg/kc/base/wldb_order_add.html HTTP/1.1" 200 30410
114.82.29.189 - - [09/Sep/2020:09:37:21 +0800] "POST /xingrg/kc/buy/cgsh_order_operate.html HTTP/1.1" 200 37
116.230.74.197 - - [09/Sep/2020:09:37:21 +0800] "GET /xingrg/javascript/easyui/themes/default/validatebox.css HTTP/1.1" 404 1104
116.230.74.197 - - [09/Sep/2020:09:37:21 +0800] "POST /xingrg/kc/base/wldb_order_operate.html HTTP/1.1" 200 6806
180.157.253.48 - - [09/Sep/2020:09:37:22 +0800] "GET /xingrg/kc/buy/cgsh_order_operate.html?command=get_materiel&rest_code=00148&code=00101016053&supplier_code=00100036&order_time=2020-09-09 HTTP/1.1" 200 408
114.82.29.189 - - [09/Sep/2020:09:37:22 +0800] "POST /xingrg/kc/buy/cgsh_order_operate.html HTTP/1.1" 200 7395
58.37.9.106 - - [09/Sep/2020:09:37:22 +0800] "GET /xingrg/all/function/internal_message.html?_=1599615436241&CODE_STATE=getMsg HTTP/1.1" 200 27
116.230.74.197 - - [09/Sep/2020:09:37:22 +0800] "POST /xingrg/all/common/load_combo.html?type=base HTTP/1.1" 200 3236
116.238.71.173 - - [09/Sep/2020:09:37:23 +0800] "POST /xingrg/dwr/call/plaincall/AjaxQqpsService.saveMaterielItem.dwr HTTP/1.1" 200 78
116.230.74.197 - - [09/Sep/2020:09:37:24 +0800] "POST /xingrg/all/common/load_combo.html?type=base HTTP/1.1" 200 3236
116.238.71.173 - - [09/Sep/2020:09:37:24 +0800] "GET /xingrg/all/function/internal_message.html?_=1599615560145&CODE_STATE=getMsg HTTP/1.1" 200 27
114.88.166.242 - - [09/Sep/2020:09:37:25 +0800] "GET /xingrg/all/function/internal_message.html?_=1599615503920&CODE_STATE=getMsg HTTP/1.1" 200 27
114.82.29.189 - - [09/Sep/2020:09:37:25 +0800] "GET /xingrg/kc/print/load_data.html?order_code=212020090903581&kc_code=cgsh&condition= HTTP/1.1" 200 2487
116.238.71.173 - - [09/Sep/2020:09:37:25 +0800] "GET /xingrg/kc/buy/cgsh_order_operate.html?command=get_materiel&rest_code=00150&code=00101016104&supplier_code=00100012&order_time=2020-09-09 HTTP/1.1" 200 409
117.184.7.26 - - [09/Sep/2020:09:37:26 +0800] "GET /xingrg/all/function/internal_message.html?_=1599615441233&CODE_STATE=getMsg HTTP/1.1" 200 27
116.233.79.183 - - [09/Sep/2020:09:37:28 +0800] "GET /xingrg/all/function/internal_message.html?_=1599615474484&CODE_STATE=getMsg HTTP/1.1" 200 27
172.17.0.101 - - [09/Sep/2020:09:37:28 +0800] "GET /xingrg/all/function/internal_message.html?_=1599615444433&CODE_STATE=getMsg HTTP/1.1" 200 27
114.82.29.189 - - [09/Sep/2020:09:37:28 +0800] "GET /xingrg/kc/buy/cgsh_order_add.html HTTP/1.1" 200 59668
114.82.29.189 - - [09/Sep/2020:09:37:29 +0800] "GET /xingrg/javascript/easyui/themes/default/validatebox.css HTTP/1.1" 404 1104
114.82.29.189 - - [09/Sep/2020:09:37:29 +0800] "POST /xingrg/kc/buy/cgsh_order_operate.html HTTP/1.1" 200 8245
116.235.241.164 - - [09/Sep/2020:09:37:34 +0800] "GET /xingrg/all/function/internal_message.html?_=1599615452650&CODE_STATE=getMsg HTTP/1.1" 200 27
172.17.0.240 - - [09/Sep/2020:09:37:34 +0800] "GET /xingrg/all/function/internal_message.html?_=1599615452658&CODE_STATE=getMsg HTTP/1.1" 200 27
116.230.74.197 - - [09/Sep/2020:09:37:35 +0800] "GET /xingrg/check_reg.html?_=1599615452464 HTTP/1.1" 200 22
222.69.141.189 - - [09/Sep/2020:09:37:35 +0800] "GET /xingrg/all/function/internal_message.html?_=1599615448660&CODE_STATE=getMsg HTTP/1.1" 200 27
116.230.74.197 - - [09/Sep/2020:09:37:35 +0800] "GET /xingrg/all/function/internal_message.html?_=1599615452545&CODE_STATE=getMsg HTTP/1.1" 200 27
116.238.71.173 - - [09/Sep/2020:09:37:35 +0800] "GET /xingrg/kc/buy/cgsh_order_operate.html?command=get_materiel&rest_code=00150&code=00101006133&supplier_code=00100012&order_time=2020-09-09 HTTP/1.1" 200 413
116.230.74.197 - - [09/Sep/2020:09:37:35 +0800] "GET /xingrg/kc/base/wldb_order_operate.html?command=get_materiel&rest_code=00107&base_code=0010152&code=00102002258 HTTP/1.1" 200 432
120.253.135.82 - - [09/Sep/2020:09:37:36 +0800] "POST /xingrg/kc/base/wldb_order_operate.html HTTP/1.1" 200 37
120.253.135.82 - - [09/Sep/2020:09:37:36 +0800] "POST /xingrg/kc/base/wldb_order_operate.html HTTP/1.1" 200 2670
120.253.135.82 - - [09/Sep/2020:09:37:36 +0800] "GET /xingrg/kc/base/wldb_order_info.html?code=422020090900968 HTTP/1.1" 200 30422
120.253.135.82 - - [09/Sep/2020:09:37:37 +0800] "POST /xingrg/kc/base/wldb_order_operate.html HTTP/1.1" 200 2670
114.82.29.189 - - [09/Sep/2020:09:37:37 +0800] "GET /xingrg/kc/buy/cgsh_order_operate.html?command=get_materiel&rest_code=00105&code=00101016100&supplier_code=00100034&order_time=2020-09-09 HTTP/1.1" 200 412
120.253.135.82 - - [09/Sep/2020:09:37:37 +0800] "GET /xingrg/javascript/easyui/themes/default/validatebox.css HTTP/1.1" 404 1104
120.253.135.82 - - [09/Sep/2020:09:37:39 +0800] "GET /xingrg/kc/print/load_config.html?kc_code=wldb HTTP/1.1" 200 2173
120.253.135.82 - - [09/Sep/2020:09:37:39 +0800] "GET /xingrg/kc/print/load_data.html?order_code=422020090900968&kc_code=wldb&condition= HTTP/1.1" 200 671
120.253.135.82 - - [09/Sep/2020:09:37:40 +0800] "GET /xingrg/all/function/internal_message.html?_=1599615209157&CODE_STATE=getMsg HTTP/1.1" 200 27
172.17.0.185 - - [09/Sep/2020:09:37:41 +0800] "GET /xingrg/all/function/internal_message.html?_=1599615459132&CODE_STATE=getMsg HTTP/1.1" 302 -
116.238.71.173 - - [09/Sep/2020:09:37:44 +0800] "GET /xingrg/all/function/internal_message.html?_=1599615462741&CODE_STATE=getMsg HTTP/1.1" 200 27
218.81.217.115 - - [09/Sep/2020:09:37:44 +0800] "GET /xingrg/check_reg.html?_=1599615472735 HTTP/1.1" 200 22
117.185.32.26 - - [09/Sep/2020:09:37:44 +0800] "GET /xingrg/check_reg.html?_=1599615894137 HTTP/1.1" 200 22
117.185.32.26 - - [09/Sep/2020:09:37:44 +0800] "GET /xingrg/all/function/internal_message.html?_=1599615894177&CODE_STATE=getMsg HTTP/1.1" 200 27
218.81.217.115 - - [09/Sep/2020:09:37:45 +0800] "GET /xingrg/all/function/internal_message.html?_=1599615473205&CODE_STATE=getMsg HTTP/1.1" 200 27
180.157.253.48 - - [09/Sep/2020:09:37:46 +0800] "GET /xingrg/all/function/internal_message.html?_=1599615467235&CODE_STATE=getMsg HTTP/1.1" 200 27
117.184.7.30 - - [09/Sep/2020:09:37:47 +0800] "GET /xingrg/all/function/internal_message.html?_=1599616320759&CODE_STATE=getMsg HTTP/1.1" 200 27
116.238.71.173 - - [09/Sep/2020:09:37:50 +0800] "POST /xingrg/kc/buy/cgsh_order_operate.html HTTP/1.1" 200 37
114.82.29.189 - - [09/Sep/2020:09:37:50 +0800] "GET /xingrg/kc/buy/cgsh_order_operate.html?command=get_materiel&rest_code=00105&code=00101016030&supplier_code=00100034&order_time=2020-09-09 HTTP/1.1" 200 412
116.238.71.173 - - [09/Sep/2020:09:37:52 +0800] "POST /xingrg/kc/buy/cgsh_order_operate.html HTTP/1.1" 200 12
114.82.29.189 - - [09/Sep/2020:09:37:52 +0800] "GET /xingrg/check_reg.html?_=1599615472266 HTTP/1.1" 200 22
114.82.29.189 - - [09/Sep/2020:09:37:52 +0800] "GET /xingrg/all/function/internal_message.html?_=1599615472267&CODE_STATE=getMsg HTTP/1.1" 200 27
116.238.71.173 - - [09/Sep/2020:09:37:52 +0800] "GET /xingrg/kc/buy/cgsh_order_info.html?code=212020090903582 HTTP/1.1" 200 54511
116.238.71.173 - - [09/Sep/2020:09:37:53 +0800] "GET /xingrg/javascript/easyui/themes/default/validatebox.css HTTP/1.1" 404 1104
116.238.71.173 - - [09/Sep/2020:09:37:53 +0800] "POST /xingrg/kc/buy/cgsh_order_operate.html HTTP/1.1" 200 2979
116.238.71.173 - - [09/Sep/2020:09:37:55 +0800] "GET /xingrg/kc/print/load_data.html?order_code=212020090903582&kc_code=cgsh&condition= HTTP/1.1" 200 1728
116.230.74.197 - - [09/Sep/2020:09:37:59 +0800] "GET /xingrg/kc/base/wldb_order_operate.html?command=get_materiel&rest_code=00107&base_code=0010152&code=00102002453 HTTP/1.1" 200 436
172.17.0.117 - - [09/Sep/2020:09:37:59 +0800] "GET /xingrg/all/function/internal_message.html?_=1599615482714&CODE_STATE=getMsg HTTP/1.1" 200 27
116.238.90.59 - - [09/Sep/2020:09:38:00 +0800] "GET /xingrg/all/function/internal_message.html?_=1599615685369&CODE_STATE=getMsg HTTP/1.1" 200 27
114.88.166.242 - - [09/Sep/2020:09:38:00 +0800] "GET /xingrg/check_reg.html?_=1599615479158 HTTP/1.1" 200 22
222.69.141.189 - - [09/Sep/2020:09:38:01 +0800] "GET /xingrg/kc/report/report_main.html HTTP/1.1" 200 7345
180.157.253.48 - - [09/Sep/2020:09:38:01 +0800] "POST /xingrg/kc/buy/cgsh_order_operate.html HTTP/1.1" 200 37
114.88.166.242 - - [09/Sep/2020:09:38:01 +0800] "GET /xingrg/all/function/internal_message.html?_=1599615480138&CODE_STATE=getMsg HTTP/1.1" 200 27
114.82.29.189 - - [09/Sep/2020:09:38:01 +0800] "GET /xingrg/kc/buy/cgsh_order_operate.html?command=get_materiel&rest_code=00105&code=00101016071&supplier_code=00100034&order_time=2020-09-09 HTTP/1.1" 200 416
222.69.141.189 - - [09/Sep/2020:09:38:02 +0800] "GET /xingrg/all/report/report_query.html?fileName=kc/buy/wlcg_cate_hz.xml HTTP/1.1" 200 53941
222.69.141.189 - - [09/Sep/2020:09:38:02 +0800] "GET /xingrg/dwr/interface/AjaxReportQueryService.js HTTP/1.1" 200 13203
222.69.141.189 - - [09/Sep/2020:09:38:02 +0800] "GET /xingrg/dwr/util.js HTTP/1.1" 304 -
222.69.141.189 - - [09/Sep/2020:09:38:02 +0800] "GET /xingrg/dwr/engine.js HTTP/1.1" 200 43631
222.69.141.189 - - [09/Sep/2020:09:38:02 +0800] "POST /xingrg/dwr/call/plaincall/AjaxReportQueryService.getFixDate.dwr HTTP/1.1" 200 111
222.69.141.189 - - [09/Sep/2020:09:38:02 +0800] "POST /xingrg/all/common/load_tree.html?tree=supplier_tree_json&manage=1 HTTP/1.1" 200 50901
180.157.253.48 - - [09/Sep/2020:09:38:03 +0800] "POST /xingrg/kc/buy/cgsh_order_operate.html HTTP/1.1" 200 12
116.238.71.173 - - [09/Sep/2020:09:38:03 +0800] "GET /xingrg/kc/buy/cgsh_order_add.html HTTP/1.1" 200 59604
116.238.71.173 - - [09/Sep/2020:09:38:03 +0800] "POST /xingrg/kc/buy/cgsh_order_operate.html HTTP/1.1" 200 8245
222.69.141.189 - - [09/Sep/2020:09:38:04 +0800] "POST /xingrg/all/common/load_tree.html?tree=materiel_sort_tree_json HTTP/1.1" 200 8666
116.238.71.173 - - [09/Sep/2020:09:38:04 +0800] "GET /xingrg/javascript/easyui/themes/default/validatebox.css HTTP/1.1" 404 1104
222.69.141.189 - - [09/Sep/2020:09:38:04 +0800] "POST /xingrg/all/common/load_tree.html?tree=base_tree_json HTTP/1.1" 200 3769
114.82.29.189 - - [09/Sep/2020:09:38:07 +0800] "GET /xingrg/kc/buy/cgsh_order_operate.html?command=get_materiel&rest_code=00105&code=00101012039&supplier_code=00100034&order_time=2020-09-09 HTTP/1.1" 200 408
116.230.74.197 - - [09/Sep/2020:09:38:09 +0800] "GET /xingrg/kc/base/wldb_order_operate.html?command=get_materiel&rest_code=00107&base_code=0010152&code=00102002334 HTTP/1.1" 200 431
172.17.200.101 - - [09/Sep/2020:09:38:10 +0800] "GET /xingrg/check_reg.html?_=1599615490201 HTTP/1.1" 200 22
172.17.200.101 - - [09/Sep/2020:09:38:10 +0800] "GET /xingrg/all/function/internal_message.html?_=1599615490205&CODE_STATE=getMsg HTTP/1.1" 200 27
116.238.71.173 - - [09/Sep/2020:09:38:13 +0800] "GET /xingrg/kc/buy/cgsh_order_operate.html?command=get_materiel&rest_code=00150&code=00101012039&supplier_code=00100036&order_time=2020-09-09 HTTP/1.1" 200 408
218.81.217.115 - - [09/Sep/2020:09:38:14 +0800] "GET /xingrg/all/function/internal_message.html?_=1599615501020&CODE_STATE=getMsg HTTP/1.1" 200 27
114.82.29.189 - - [09/Sep/2020:09:38:17 +0800] "GET /xingrg/kc/buy/cgsh_order_operate.html?command=get_materiel&rest_code=00105&code=00101012029&supplier_code=00100034&order_time=2020-09-09 HTTP/1.1" 200 412
116.230.74.197 - - [09/Sep/2020:09:38:17 +0800] "GET /xingrg/kc/base/wldb_order_operate.html?command=get_materiel&rest_code=00107&base_code=0010152&code=00102002335 HTTP/1.1" 200 439
58.37.9.106 - - [09/Sep/2020:09:38:22 +0800] "GET /xingrg/all/function/internal_message.html?_=1599615496241&CODE_STATE=getMsg HTTP/1.1" 200 27
58.37.9.106 - - [09/Sep/2020:09:38:22 +0800] "GET /xingrg/check_reg.html?_=1599615496243 HTTP/1.1" 200 22
116.230.74.197 - - [09/Sep/2020:09:38:22 +0800] "GET /xingrg/kc/base/wldb_order_operate.html?command=get_materiel&rest_code=00107&base_code=0010152&code=00102002586 HTTP/1.1" 200 438
180.157.253.48 - - [09/Sep/2020:09:38:23 +0800] "GET /xingrg/kc/buy/cgsh_order_info.html?code=212020090903583 HTTP/1.1" 200 54579
180.157.253.48 - - [09/Sep/2020:09:38:23 +0800] "GET /xingrg/javascript/easyui/themes/default/validatebox.css HTTP/1.1" 404 1104
180.157.253.48 - - [09/Sep/2020:09:38:24 +0800] "POST /xingrg/kc/buy/cgsh_order_operate.html HTTP/1.1" 200 1780
172.17.0.120 - - [09/Sep/2020:09:38:24 +0800] "GET /favicon.ico HTTP/1.1" 404 -
172.17.0.108 - - [09/Sep/2020:09:38:24 +0800] "GET /favicon.ico HTTP/1.1" 404 -
116.238.71.173 - - [09/Sep/2020:09:38:24 +0800] "GET /xingrg/all/function/internal_message.html?_=1599615620157&CODE_STATE=getMsg HTTP/1.1" 200 27
114.88.166.242 - - [09/Sep/2020:09:38:25 +0800] "GET /xingrg/all/function/internal_message.html?_=1599615563920&CODE_STATE=getMsg HTTP/1.1" 200 27
114.88.166.242 - - [09/Sep/2020:09:38:25 +0800] "GET /xingrg/check_reg.html?_=1599615563922 HTTP/1.1" 200 22
114.82.29.189 - - [09/Sep/2020:09:38:26 +0800] "POST /xingrg/kc/buy/cgsh_order_operate.html HTTP/1.1" 200 37
117.184.7.26 - - [09/Sep/2020:09:38:26 +0800] "GET /xingrg/check_reg.html?_=1599615501171 HTTP/1.1" 200 22
117.184.7.26 - - [09/Sep/2020:09:38:26 +0800] "GET /xingrg/all/function/internal_message.html?_=1599615501215&CODE_STATE=getMsg HTTP/1.1" 200 27
172.17.0.120 - - [09/Sep/2020:09:38:27 +0800] "GET /xingrg/index.html HTTP/1.1" 302 -
172.17.0.120 - - [09/Sep/2020:09:38:27 +0800] "GET /xingrg/login.html HTTP/1.1" 200 7636
114.82.29.189 - - [09/Sep/2020:09:38:27 +0800] "POST /xingrg/kc/buy/cgsh_order_operate.html HTTP/1.1" 200 5019
116.238.71.173 - - [09/Sep/2020:09:38:27 +0800] "GET /xingrg/kc/buy/cgsh_order_operate.html?command=get_materiel&rest_code=00150&code=00101016025&supplier_code=00100036&order_time=2020-09-09 HTTP/1.1" 200 408
180.157.253.48 - - [09/Sep/2020:09:38:27 +0800] "GET /xingrg/kc/print/load_data.html?order_code=212020090903583&kc_code=cgsh&condition= HTTP/1.1" 200 1230
172.17.0.120 - - [09/Sep/2020:09:38:27 +0800] "GET /xingrg/images/blue/login_bg.png HTTP/1.1" 200 22101
172.17.0.120 - - [09/Sep/2020:09:38:27 +0800] "GET /xingrg/images/blue/hj.png HTTP/1.1" 200 1014
172.17.0.120 - - [09/Sep/2020:09:38:27 +0800] "GET /xingrg/images/blue/srbg.png HTTP/1.1" 200 138
116.233.79.183 - - [09/Sep/2020:09:38:28 +0800] "GET /xingrg/all/function/internal_message.html?_=1599615534484&CODE_STATE=getMsg HTTP/1.1" 200 27
172.17.0.101 - - [09/Sep/2020:09:38:28 +0800] "GET /xingrg/all/function/internal_message.html?_=1599615504411&CODE_STATE=getMsg HTTP/1.1" 200 27
114.82.29.189 - - [09/Sep/2020:09:38:28 +0800] "GET /xingrg/kc/print/load_data.html?order_code=212020090903584&kc_code=cgsh&condition= HTTP/1.1" 200 1608
172.17.0.120 - - [09/Sep/2020:09:38:28 +0800] "GET /favicon.ico HTTP/1.1" 404 -
218.81.217.115 - - [09/Sep/2020:09:38:28 +0800] "GET /xingrg/kc/buy/cgsh_order_add.html HTTP/1.1" 200 59674
218.81.217.115 - - [09/Sep/2020:09:38:28 +0800] "POST /xingrg/kc/buy/cgsh_order_operate.html HTTP/1.1" 200 8245
218.81.217.115 - - [09/Sep/2020:09:38:28 +0800] "GET /xingrg/javascript/easyui/themes/default/validatebox.css HTTP/1.1" 404 1104
116.235.241.164 - - [09/Sep/2020:09:38:34 +0800] "GET /xingrg/all/function/internal_message.html?_=1599615512649&CODE_STATE=getMsg HTTP/1.1" 200 27
172.17.0.240 - - [09/Sep/2020:09:38:34 +0800] "GET /xingrg/check_reg.html?_=1599615512661 HTTP/1.1" 200 22
172.17.0.240 - - [09/Sep/2020:09:38:34 +0800] "GET /xingrg/all/function/internal_message.html?_=1599615512666&CODE_STATE=getMsg HTTP/1.1" 200 27
116.238.71.173 - - [09/Sep/2020:09:38:35 +0800] "GET /xingrg/kc/buy/cgsh_order_operate.html?command=get_materiel&rest_code=00150&code=00101012022&supplier_code=00100036&order_time=2020-09-09 HTTP/1.1" 200 427
222.69.141.189 - - [09/Sep/2020:09:38:35 +0800] "GET /xingrg/all/function/internal_message.html?_=1599615508665&CODE_STATE=getMsg HTTP/1.1" 200 27
116.230.74.197 - - [09/Sep/2020:09:38:35 +0800] "GET /xingrg/all/function/internal_message.html?_=1599615512523&CODE_STATE=getMsg HTTP/1.1" 200 27
172.17.0.120 - - [09/Sep/2020:09:38:35 +0800] "POST /xingrg/login.do HTTP/1.1" 302 -
172.17.0.120 - - [09/Sep/2020:09:38:35 +0800] "GET /xingrg/index.html?sysBaseUrl=http%3A%2F%2F172.17.0.8%3A18081%2Fxingrg%2F&costTime=39×tamp=1599615515314 HTTP/1.1" 200 17448
172.17.0.120 - - [09/Sep/2020:09:38:35 +0800] "GET /favicon.ico HTTP/1.1" 404 -
172.17.0.120 - - [09/Sep/2020:09:38:35 +0800] "POST /xingrg/all/common/load_tree.html?tree=area_rest_tree_json&manage=1 HTTP/1.1" 200 3216
172.17.0.120 - - [09/Sep/2020:09:38:35 +0800] "GET /xingrg/all/function/internal_message.html?_=1599615512505&CODE_STATE=count HTTP/1.1" 200 11
172.17.0.120 - - [09/Sep/2020:09:38:35 +0800] "GET /xingrg/check_reg.html?_=1599615512507 HTTP/1.1" 200 22
172.17.0.120 - - [09/Sep/2020:09:38:35 +0800] "GET /xingrg/images/blue/pingpu.png HTTP/1.1" 304 -
172.17.0.120 - - [09/Sep/2020:09:38:35 +0800] "GET /xingrg/javascript/jquery_easy_ui/themes/default/images/panel_tool_expand.gif HTTP/1.1" 200 247
172.17.0.120 - - [09/Sep/2020:09:38:35 +0800] "GET /xingrg/javascript/jquery_easy_ui/themes/default/images/panel_tool_collapse.gif HTTP/1.1" 200 246
172.17.0.120 - - [09/Sep/2020:09:38:35 +0800] "POST /xingrg/load_menu.html HTTP/1.1" 200 11408
172.17.0.120 - - [09/Sep/2020:09:38:35 +0800] "GET /xingrg/javascript/jquery_easy_ui/themes/icons/delivery_new.png HTTP/1.1" 200 700
218.81.217.115 - - [09/Sep/2020:09:38:36 +0800] "GET /xingrg/javascript/auto/indicator.gif HTTP/1.1" 404 1066
218.81.217.115 - - [09/Sep/2020:09:38:37 +0800] "GET /xingrg/javascript/jquery_tools/images/prev.gif HTTP/1.1" 404 1086
218.81.217.115 - - [09/Sep/2020:09:38:37 +0800] "GET /xingrg/javascript/jquery_tools/images/next.gif HTTP/1.1" 404 1086
172.17.0.120 - - [09/Sep/2020:09:38:38 +0800] "POST /xingrg/all/user/operate.html HTTP/1.1" 200 36
172.17.0.120 - - [09/Sep/2020:09:38:38 +0800] "GET /xingrg/index.html?sysBaseUrl=http%3A%2F%2F172.17.0.8%3A18081%2Fxingrg%2F&costTime=39×tamp=1599615515314 HTTP/1.1" 200 17448
172.17.0.120 - - [09/Sep/2020:09:38:38 +0800] "GET /xingrg/javascript/jquery_easy_ui/themes/default/easyui.css HTTP/1.1" 304 -
172.17.0.120 - - [09/Sep/2020:09:38:38 +0800] "GET /xingrg/javascript/jquery_easy_ui/themes/icon.css HTTP/1.1" 304 -
172.17.0.120 - - [09/Sep/2020:09:38:38 +0800] "GET /xingrg/css/form.css HTTP/1.1" 304 -
172.17.0.120 - - [09/Sep/2020:09:38:38 +0800] "GET /xingrg/javascript/jquery-1.4.2.min.js HTTP/1.1" 304 -
172.17.0.120 - - [09/Sep/2020:09:38:38 +0800] "GET /xingrg/javascript/jquery_easy_ui/jquery.easyui.min.js HTTP/1.1" 304 -
172.17.0.120 - - [09/Sep/2020:09:38:38 +0800] "GET /xingrg/javascript/jquery_easy_ui/easyui-lang-zh_CN.js HTTP/1.1" 304 -
172.17.0.120 - - [09/Sep/2020:09:38:38 +0800] "GET /xingrg/javascript/jquery.form.js HTTP/1.1" 304 -
172.17.0.120 - - [09/Sep/2020:09:38:38 +0800] "GET /xingrg/javascript/jquery.utils.js HTTP/1.1" 304 -
172.17.0.120 - - [09/Sep/2020:09:38:38 +0800] "GET /xingrg/javascript/jquery.timers.js HTTP/1.1" 304 -
172.17.0.120 - - [09/Sep/2020:09:38:38 +0800] "GET /xingrg/images/blue/jxLogo.png HTTP/1.1" 304 -
172.17.0.120 - - [09/Sep/2020:09:38:38 +0800] "GET /xingrg/images/blue/navBackgound.jpg HTTP/1.1" 304 -
172.17.0.120 - - [09/Sep/2020:09:38:38 +0800] "GET /xingrg/javascript/jquery_easy_ui/themes/icons/settle_new.png HTTP/1.1" 304 -
172.17.0.120 - - [09/Sep/2020:09:38:38 +0800] "POST /xingrg/all/common/load_tree.html?tree=area_rest_tree_json&manage=1 HTTP/1.1" 200 3216
172.17.0.120 - - [09/Sep/2020:09:38:38 +0800] "GET /xingrg/all/function/internal_message.html?_=1599615515187&CODE_STATE=count HTTP/1.1" 200 11
172.17.0.120 - - [09/Sep/2020:09:38:38 +0800] "GET /xingrg/check_reg.html?_=1599615515188 HTTP/1.1" 200 22
172.17.0.120 - - [09/Sep/2020:09:38:38 +0800] "GET /xingrg/javascript/jquery_easy_ui/themes/default/images/tabs_leftarrow.png HTTP/1.1" 304 -
172.17.0.120 - - [09/Sep/2020:09:38:38 +0800] "GET /xingrg/javascript/jquery_easy_ui/themes/default/images/panel_tool_expand.gif HTTP/1.1" 304 -
172.17.0.120 - - [09/Sep/2020:09:38:38 +0800] "GET /xingrg/javascript/jquery_easy_ui/themes/default/images/panel_tool_collapse.gif HTTP/1.1" 304 -
172.17.0.120 - - [09/Sep/2020:09:38:38 +0800] "GET /xingrg/javascript/jquery_easy_ui/themes/default/images/tabs_rightarrow.png HTTP/1.1" 304 -
172.17.0.120 - - [09/Sep/2020:09:38:38 +0800] "GET /xingrg/images/blue/pingpu.png HTTP/1.1" 304 -
172.17.0.120 - - [09/Sep/2020:09:38:38 +0800] "POST /xingrg/load_menu.html HTTP/1.1" 200 9924
120.253.135.82 - - [09/Sep/2020:09:38:39 +0800] "POST /xingrg/kc/base/wldb_order_operate.html HTTP/1.1" 200 37
172.17.0.120 - - [09/Sep/2020:09:38:39 +0800] "GET /xingrg/kc/base/base_main.html HTTP/1.1" 200 12132
172.17.0.120 - - [09/Sep/2020:09:38:40 +0800] "GET /xingrg/kc/buy/buy_main.html HTTP/1.1" 200 12377
172.17.0.120 - - [09/Sep/2020:09:38:40 +0800] "GET /xingrg/css/new_ie.css HTTP/1.1" 404 1036
120.253.135.82 - - [09/Sep/2020:09:38:40 +0800] "GET /xingrg/all/function/internal_message.html?_=1599615269170&CODE_STATE=getMsg HTTP/1.1" 200 27
120.253.135.82 - - [09/Sep/2020:09:38:40 +0800] "POST /xingrg/kc/base/wldb_order_operate.html HTTP/1.1" 200 12
120.253.135.82 - - [09/Sep/2020:09:38:40 +0800] "POST /xingrg/kc/base/wldb_order_operate.html HTTP/1.1" 200 2669
172.17.0.185 - - [09/Sep/2020:09:38:41 +0800] "GET /xingrg/all/function/internal_message.html?_=1599615519123&CODE_STATE=getMsg HTTP/1.1" 302 -
120.253.135.82 - - [09/Sep/2020:09:38:42 +0800] "GET /xingrg/kc/base/wldb_order_info.html?code=422020090900968 HTTP/1.1" 200 26543
218.81.217.115 - - [09/Sep/2020:09:38:42 +0800] "GET /xingrg/kc/buy/cgsh_order_operate.html?command=get_materiel&rest_code=00146&code=00101016080&supplier_code=00100033&order_time=2020-09-09 HTTP/1.1" 200 408
116.230.74.197 - - [09/Sep/2020:09:38:42 +0800] "GET /xingrg/kc/base/wldb_order_operate.html?command=get_materiel&rest_code=00107&base_code=0010152&code=00102021018 HTTP/1.1" 200 446
120.253.135.82 - - [09/Sep/2020:09:38:42 +0800] "POST /xingrg/kc/base/wldb_order_operate.html HTTP/1.1" 200 949
120.253.135.82 - - [09/Sep/2020:09:38:42 +0800] "GET /xingrg/javascript/easyui/themes/default/validatebox.css HTTP/1.1" 404 1104
172.17.0.120 - - [09/Sep/2020:09:38:42 +0800] "GET /xingrg/kc/report/report_main.html HTTP/1.1" 200 7325
116.238.71.173 - - [09/Sep/2020:09:38:44 +0800] "GET /xingrg/all/function/internal_message.html?_=1599615522787&CODE_STATE=getMsg HTTP/1.1" 200 27
117.185.32.26 - - [09/Sep/2020:09:38:44 +0800] "GET /xingrg/all/function/internal_message.html?_=1599615954163&CODE_STATE=getMsg HTTP/1.1" 200 27
218.81.217.115 - - [09/Sep/2020:09:38:45 +0800] "GET /xingrg/all/function/internal_message.html?_=1599615533219&CODE_STATE=getMsg HTTP/1.1" 200 27
116.238.71.173 - - [09/Sep/2020:09:38:46 +0800] "POST /xingrg/kc/buy/cgsh_order_operate.html HTTP/1.1" 200 37
180.157.253.48 - - [09/Sep/2020:09:38:46 +0800] "GET /xingrg/all/function/internal_message.html?_=1599615527225&CODE_STATE=getMsg HTTP/1.1" 200 27
117.184.7.30 - - [09/Sep/2020:09:38:47 +0800] "GET /xingrg/all/function/internal_message.html?_=1599616380758&CODE_STATE=getMsg HTTP/1.1" 200 27
116.230.74.197 - - [09/Sep/2020:09:38:47 +0800] "POST /xingrg/kc/base/wldb_order_operate.html HTTP/1.1" 200 37
116.238.71.173 - - [09/Sep/2020:09:38:47 +0800] "POST /xingrg/kc/buy/cgsh_order_operate.html HTTP/1.1" 200 12
116.230.74.197 - - [09/Sep/2020:09:38:47 +0800] "POST /xingrg/kc/base/wldb_order_operate.html HTTP/1.1" 200 3146
116.230.74.197 - - [09/Sep/2020:09:38:48 +0800] "GET /xingrg/kc/base/wldb_order_info.html?code=422020090900969 HTTP/1.1" 200 30425
116.238.71.173 - - [09/Sep/2020:09:38:49 +0800] "GET /xingrg/kc/buy/cgsh_order_info.html?code=212020090903585 HTTP/1.1" 200 54513
116.230.74.197 - - [09/Sep/2020:09:38:49 +0800] "GET /xingrg/javascript/easyui/themes/default/validatebox.css HTTP/1.1" 404 1104
116.238.71.173 - - [09/Sep/2020:09:38:50 +0800] "GET /xingrg/javascript/easyui/themes/default/validatebox.css HTTP/1.1" 404 1104
116.230.74.197 - - [09/Sep/2020:09:38:50 +0800] "POST /xingrg/kc/base/wldb_order_operate.html HTTP/1.1" 200 3146
172.17.0.120 - - [09/Sep/2020:09:38:50 +0800] "GET /xingrg/kc/mdqp/qqps_order_list.html HTTP/1.1" 200 9192
172.17.0.120 - - [09/Sep/2020:09:38:50 +0800] "GET /xingrg/dwr/interface/AjaxQqpsService.js HTTP/1.1" 200 16326
172.17.0.120 - - [09/Sep/2020:09:38:50 +0800] "GET /xingrg/dwr/interface/AjaxReportQueryService.js HTTP/1.1" 200 13203
172.17.0.120 - - [09/Sep/2020:09:38:50 +0800] "GET /xingrg/dwr/util.js HTTP/1.1" 304 -
172.17.0.120 - - [09/Sep/2020:09:38:50 +0800] "GET /xingrg/dwr/engine.js HTTP/1.1" 200 43631
116.238.71.173 - - [09/Sep/2020:09:38:50 +0800] "POST /xingrg/kc/buy/cgsh_order_operate.html HTTP/1.1" 200 1776
172.17.0.120 - - [09/Sep/2020:09:38:50 +0800] "GET /xingrg/javascript/jquery_easy_ui/themes/icons/cance_new.png HTTP/1.1" 200 3986
