218.81.217.115 - - [09/Sep/2020:08:44:59 +0800] "GET /xingrg/javascript/jquery_tools/list_manager.js HTTP/1.1" 304 -
218.81.217.115 - - [09/Sep/2020:08:44:59 +0800] "GET /xingrg/javascript/auto/jquery.autocomplete.js HTTP/1.1" 304 -
218.81.217.115 - - [09/Sep/2020:08:44:59 +0800] "GET /xingrg/javascript/jquery.cookie.js HTTP/1.1" 304 -
218.81.217.115 - - [09/Sep/2020:08:44:59 +0800] "GET /xingrg/javascript/jquery_tools/jquery.tools.hotkey.js HTTP/1.1" 304 -
218.81.217.115 - - [09/Sep/2020:08:44:59 +0800] "GET /xingrg/javascript/print/LodopFuncs.js HTTP/1.1" 304 -
218.81.217.115 - - [09/Sep/2020:08:44:59 +0800] "GET /xingrg/javascript/easyui/easyloader.js HTTP/1.1" 304 -
172.17.0.117 - - [09/Sep/2020:08:44:59 +0800] "GET /xingrg/all/function/internal_message.html?_=1599612302520&CODE_STATE=getMsg HTTP/1.1" 200 27
172.17.0.117 - - [09/Sep/2020:08:44:59 +0800] "GET /xingrg/check_reg.html?_=1599612302524 HTTP/1.1" 200 22
218.81.217.115 - - [09/Sep/2020:08:44:59 +0800] "GET /xingrg/javascript/easyui/plugins/jquery.parser.js HTTP/1.1" 304 -
114.88.166.242 - - [09/Sep/2020:08:45:00 +0800] "GET /xingrg/all/function/internal_message.html?_=1599612298575&CODE_STATE=getMsg HTTP/1.1" 200 27
218.81.217.115 - - [09/Sep/2020:08:45:00 +0800] "POST /xingrg/kc/buy/cgsh_list_operate.html HTTP/1.1" 200 876
218.81.217.115 - - [09/Sep/2020:08:45:06 +0800] "GET /xingrg/javascript/jquery_tools/order_manager.js HTTP/1.1" 304 -
218.81.217.115 - - [09/Sep/2020:08:45:06 +0800] "GET /xingrg/javascript/json2.js HTTP/1.1" 304 -
218.81.217.115 - - [09/Sep/2020:08:45:06 +0800] "GET /xingrg/javascript/convert.js HTTP/1.1" 304 -
218.81.217.115 - - [09/Sep/2020:08:45:06 +0800] "GET /xingrg/kc/buy/cgsh_order_add.html HTTP/1.1" 200 59674
218.81.217.115 - - [09/Sep/2020:08:45:06 +0800] "GET /xingrg/javascript/print/kc_print.js HTTP/1.1" 304 -
218.81.217.115 - - [09/Sep/2020:08:45:06 +0800] "GET /xingrg/words/20200909072024_words.js HTTP/1.1" 200 761275
180.157.253.48 - - [09/Sep/2020:08:45:06 +0800] "GET /xingrg/kc/buy/cgsh_order_operate.html?command=get_materiel&rest_code=00148&code=00101009019&supplier_code=00100022&order_time=2020-09-09 HTTP/1.1" 200 433
218.81.217.115 - - [09/Sep/2020:08:45:07 +0800] "POST /xingrg/kc/buy/cgsh_order_operate.html HTTP/1.1" 200 8245
218.81.217.115 - - [09/Sep/2020:08:45:07 +0800] "GET /xingrg/all/common/auto_word.html?type=employee&rest_code=00146 HTTP/1.1" 200 197
218.81.217.115 - - [09/Sep/2020:08:45:07 +0800] "GET /xingrg/all/common/auto_word.html?type=employee&rest_code=00146 HTTP/1.1" 200 197
218.81.217.115 - - [09/Sep/2020:08:45:07 +0800] "GET /xingrg/javascript/easyui/themes/default/validatebox.css HTTP/1.1" 404 1104
218.81.217.115 - - [09/Sep/2020:08:45:07 +0800] "GET /xingrg/javascript/easyui/plugins/jquery.validatebox.js HTTP/1.1" 304 -
218.81.217.115 - - [09/Sep/2020:08:45:07 +0800] "GET /xingrg/javascript/easyui/plugins/jquery.numberbox.js HTTP/1.1" 304 -
114.82.29.189 - - [09/Sep/2020:08:45:09 +0800] "GET /xingrg/kc/buy/cgsh_order_operate.html?command=get_materiel&rest_code=00105&code=00101008350&supplier_code=00100203&order_time=2020-09-09 HTTP/1.1" 200 408
222.69.141.189 - - [09/Sep/2020:08:45:10 +0800] "GET /xingrg/kc/buy/cgsh_order_operate.html?command=get_materiel&rest_code=00149&code=00101008112&supplier_code=00100005&order_time=2020-09-09 HTTP/1.1" 200 412
180.157.253.48 - - [09/Sep/2020:08:45:10 +0800] "GET /xingrg/all/function/internal_message.html?_=1599612311400&CODE_STATE=getMsg HTTP/1.1" 200 27
218.81.217.115 - - [09/Sep/2020:08:45:12 +0800] "GET /xingrg/javascript/auto/indicator.gif HTTP/1.1" 404 1066
218.81.217.115 - - [09/Sep/2020:08:45:13 +0800] "GET /xingrg/javascript/jquery_tools/images/prev.gif HTTP/1.1" 404 1086
218.81.217.115 - - [09/Sep/2020:08:45:13 +0800] "GET /xingrg/javascript/jquery_tools/images/next.gif HTTP/1.1" 404 1086
180.157.253.48 - - [09/Sep/2020:08:45:20 +0800] "GET /xingrg/kc/buy/cgsh_order_operate.html?command=get_materiel&rest_code=00148&code=00101009011&supplier_code=00100022&order_time=2020-09-09 HTTP/1.1" 200 416
114.82.29.189 - - [09/Sep/2020:08:45:20 +0800] "GET /xingrg/all/function/internal_message.html?_=1599612320931&CODE_STATE=getMsg HTTP/1.1" 200 27
114.82.29.189 - - [09/Sep/2020:08:45:21 +0800] "GET /xingrg/kc/buy/cgsh_order_operate.html?command=get_materiel&rest_code=00105&code=00101008149&supplier_code=00100203&order_time=2020-09-09 HTTP/1.1" 200 408
58.37.9.106 - - [09/Sep/2020:08:45:22 +0800] "GET /xingrg/all/function/internal_message.html?_=1599612316143&CODE_STATE=getMsg HTTP/1.1" 200 27
114.82.29.189 - - [09/Sep/2020:08:45:23 +0800] "POST /xingrg/kc/buy/cgsh_order_operate.html HTTP/1.1" 200 2065
218.81.217.115 - - [09/Sep/2020:08:45:23 +0800] "GET /xingrg/kc/buy/cgsh_order_operate.html?command=get_materiel&rest_code=00146&code=00101008049&supplier_code=00100005&order_time=2020-09-09 HTTP/1.1" 200 408
114.82.29.189 - - [09/Sep/2020:08:45:25 +0800] "POST /xingrg/kc/buy/cgsh_order_operate.html HTTP/1.1" 200 2065
114.82.29.189 - - [09/Sep/2020:08:45:26 +0800] "POST /xingrg/kc/buy/cgsh_order_operate.html HTTP/1.1" 200 2065
180.157.253.48 - - [09/Sep/2020:08:45:27 +0800] "GET /xingrg/kc/buy/cgsh_order_operate.html?command=get_materiel&rest_code=00148&code=00101009001&supplier_code=00100022&order_time=2020-09-09 HTTP/1.1" 200 416
172.17.0.101 - - [09/Sep/2020:08:45:29 +0800] "GET /xingrg/all/function/internal_message.html?_=1599612325572&CODE_STATE=getMsg HTTP/1.1" 200 27
218.81.217.115 - - [09/Sep/2020:08:45:29 +0800] "GET /xingrg/all/function/internal_message.html?_=1599612337815&CODE_STATE=getMsg HTTP/1.1" 302 -
218.81.217.115 - - [09/Sep/2020:08:45:33 +0800] "GET /xingrg/kc/buy/cgsh_order_operate.html?command=get_materiel&rest_code=00146&code=00101008087&supplier_code=00100005&order_time=2020-09-09 HTTP/1.1" 200 412
116.235.241.164 - - [09/Sep/2020:08:45:34 +0800] "GET /xingrg/all/function/internal_message.html?_=1599612332584&CODE_STATE=getMsg HTTP/1.1" 200 27
114.82.29.189 - - [09/Sep/2020:08:45:34 +0800] "GET /xingrg/kc/buy/cgsh_order_operate.html?command=get_materiel&rest_code=00105&code=00101008112&supplier_code=00100203&order_time=2020-09-09 HTTP/1.1" 200 412
172.17.0.240 - - [09/Sep/2020:08:45:34 +0800] "GET /xingrg/all/function/internal_message.html?_=1599612332649&CODE_STATE=getMsg HTTP/1.1" 200 27
116.230.74.197 - - [09/Sep/2020:08:45:35 +0800] "GET /xingrg/all/function/internal_message.html?_=1599612332329&CODE_STATE=getMsg HTTP/1.1" 200 27
222.69.141.189 - - [09/Sep/2020:08:45:35 +0800] "GET /xingrg/all/function/internal_message.html?_=1599612328579&CODE_STATE=getMsg HTTP/1.1" 200 27
180.157.253.48 - - [09/Sep/2020:08:45:36 +0800] "POST /xingrg/kc/buy/cgsh_order_operate.html HTTP/1.1" 200 37
222.69.141.189 - - [09/Sep/2020:08:45:36 +0800] "GET /xingrg/kc/buy/cgsh_order_operate.html?command=get_materiel&rest_code=00149&code=00101008185&supplier_code=00100005&order_time=2020-09-09 HTTP/1.1" 200 408
180.157.253.48 - - [09/Sep/2020:08:45:37 +0800] "POST /xingrg/kc/buy/cgsh_order_operate.html HTTP/1.1" 200 4438
120.253.135.82 - - [09/Sep/2020:08:45:38 +0800] "GET /xingrg/check_reg.html?_=1599612086890 HTTP/1.1" 200 22
120.253.135.82 - - [09/Sep/2020:08:45:39 +0800] "GET /xingrg/all/function/internal_message.html?_=1599612088014&CODE_STATE=getMsg HTTP/1.1" 200 27
172.17.0.185 - - [09/Sep/2020:08:45:41 +0800] "GET /xingrg/check_reg.html?_=1599612339132 HTTP/1.1" 302 -
172.17.0.185 - - [09/Sep/2020:08:45:41 +0800] "GET /xingrg/all/function/internal_message.html?_=1599612339136&CODE_STATE=getMsg HTTP/1.1" 302 -
180.157.253.48 - - [09/Sep/2020:08:45:42 +0800] "POST /xingrg/kc/buy/cgsh_list_operate.html HTTP/1.1" 200 1685
114.82.29.189 - - [09/Sep/2020:08:45:42 +0800] "GET /xingrg/kc/buy/cgsh_order_operate.html?command=get_materiel&rest_code=00105&code=00101008010&supplier_code=00100203&order_time=2020-09-09 HTTP/1.1" 200 412
218.81.217.115 - - [09/Sep/2020:08:45:42 +0800] "GET /xingrg/kc/buy/cgsh_order_operate.html?command=get_materiel&rest_code=00146&code=00101008355&supplier_code=00100005&order_time=2020-09-09 HTTP/1.1" 200 408
58.247.206.150 - - [09/Sep/2020:08:45:45 +0800] "GET /xingrg/all/function/internal_message.html?_=1599611896109&CODE_STATE=getMsg HTTP/1.1" 302 -
117.184.7.26 - - [09/Sep/2020:08:45:47 +0800] "GET /xingrg/all/function/internal_message.html?_=1599613200710&CODE_STATE=getMsg HTTP/1.1" 200 27
116.238.71.173 - - [09/Sep/2020:08:45:49 +0800] "GET /xingrg/all/function/internal_message.html?_=1599612347719&CODE_STATE=getMsg HTTP/1.1" 200 27
218.81.217.115 - - [09/Sep/2020:08:45:50 +0800] "GET /xingrg/kc/buy/cgsh_order_operate.html?command=get_materiel&rest_code=00146&code=00101008137&supplier_code=00100005&order_time=2020-09-09 HTTP/1.1" 200 408
222.69.141.189 - - [09/Sep/2020:08:45:51 +0800] "GET /xingrg/kc/buy/cgsh_order_operate.html?command=get_materiel&rest_code=00149&code=00101008110&supplier_code=00100005&order_time=2020-09-09 HTTP/1.1" 200 408
114.82.29.189 - - [09/Sep/2020:08:45:52 +0800] "GET /xingrg/kc/buy/cgsh_order_operate.html?command=get_materiel&rest_code=00105&code=00101008223&supplier_code=00100203&order_time=2020-09-09 HTTP/1.1" 200 412
58.247.206.150 - - [09/Sep/2020:08:45:52 +0800] "GET /xingrg/login.html HTTP/1.1" 200 7641
218.81.217.115 - - [09/Sep/2020:08:45:55 +0800] "GET /xingrg/all/function/internal_message.html?_=1599612361874&CODE_STATE=getMsg HTTP/1.1" 200 27
218.81.217.115 - - [09/Sep/2020:08:45:56 +0800] "GET /xingrg/kc/buy/cgsh_order_operate.html?command=get_materiel&rest_code=00146&code=00101008213&supplier_code=00100005&order_time=2020-09-09 HTTP/1.1" 200 412
172.17.0.117 - - [09/Sep/2020:08:45:59 +0800] "GET /xingrg/all/function/internal_message.html?_=1599612362526&CODE_STATE=getMsg HTTP/1.1" 200 27
114.88.166.242 - - [09/Sep/2020:08:46:00 +0800] "GET /xingrg/all/function/internal_message.html?_=1599612358679&CODE_STATE=getMsg HTTP/1.1" 200 27
222.69.141.189 - - [09/Sep/2020:08:46:04 +0800] "GET /xingrg/kc/buy/cgsh_order_operate.html?command=get_materiel&rest_code=00149&code=00101008096&supplier_code=00100005&order_time=2020-09-09 HTTP/1.1" 200 412
218.81.217.115 - - [09/Sep/2020:08:46:04 +0800] "GET /xingrg/kc/buy/cgsh_order_operate.html?command=get_materiel&rest_code=00146&code=00101008115&supplier_code=00100005&order_time=2020-09-09 HTTP/1.1" 200 412
222.69.141.189 - - [09/Sep/2020:08:46:10 +0800] "POST /xingrg/kc/buy/cgsh_order_operate.html HTTP/1.1" 200 2065
180.157.253.48 - - [09/Sep/2020:08:46:10 +0800] "GET /xingrg/all/function/internal_message.html?_=1599612371395&CODE_STATE=getMsg HTTP/1.1" 200 27
222.69.141.189 - - [09/Sep/2020:08:46:13 +0800] "GET /xingrg/kc/buy/cgsh_order_operate.html?command=get_materiel&rest_code=00149&code=00101008283&supplier_code=00100005&order_time=2020-09-09 HTTP/1.1" 200 408
218.81.217.115 - - [09/Sep/2020:08:46:13 +0800] "GET /xingrg/kc/buy/cgsh_order_operate.html?command=get_materiel&rest_code=00146&code=00101008017&supplier_code=00100005&order_time=2020-09-09 HTTP/1.1" 200 416
172.17.0.101 - - [09/Sep/2020:08:46:17 +0800] "GET /xingrg/kc/buy/cgsh_order_list.html HTTP/1.1" 200 43916
172.17.0.101 - - [09/Sep/2020:08:46:18 +0800] "POST /xingrg/kc/buy/cgsh_list_operate.html HTTP/1.1" 200 5213
114.82.29.189 - - [09/Sep/2020:08:46:20 +0800] "GET /xingrg/all/function/internal_message.html?_=1599612380970&CODE_STATE=getMsg HTTP/1.1" 200 27
114.82.29.189 - - [09/Sep/2020:08:46:20 +0800] "GET /xingrg/check_reg.html?_=1599612380971 HTTP/1.1" 200 22
114.82.29.189 - - [09/Sep/2020:08:46:22 +0800] "GET /xingrg/kc/buy/cgsh_order_operate.html?command=get_materiel&rest_code=00105&code=00101008114&supplier_code=00100203&order_time=2020-09-09 HTTP/1.1" 200 412
58.37.9.106 - - [09/Sep/2020:08:46:22 +0800] "GET /xingrg/all/function/internal_message.html?_=1599612376143&CODE_STATE=getMsg HTTP/1.1" 200 27
218.81.217.115 - - [09/Sep/2020:08:46:23 +0800] "GET /xingrg/kc/buy/cgsh_order_operate.html?command=get_materiel&rest_code=00146&code=00101008027&supplier_code=00100005&order_time=2020-09-09 HTTP/1.1" 200 409
114.82.29.189 - - [09/Sep/2020:08:46:28 +0800] "GET /xingrg/kc/buy/cgsh_order_operate.html?command=get_materiel&rest_code=00105&code=00101015046&supplier_code=00100203&order_time=2020-09-09 HTTP/1.1" 200 412
172.17.0.101 - - [09/Sep/2020:08:46:29 +0800] "GET /xingrg/all/function/internal_message.html?_=1599612385584&CODE_STATE=getMsg HTTP/1.1" 200 27
172.17.0.101 - - [09/Sep/2020:08:46:29 +0800] "GET /xingrg/check_reg.html?_=1599612385587 HTTP/1.1" 200 22
218.81.217.115 - - [09/Sep/2020:08:46:29 +0800] "GET /xingrg/all/function/internal_message.html?_=1599612397818&CODE_STATE=getMsg HTTP/1.1" 302 -
218.81.217.115 - - [09/Sep/2020:08:46:32 +0800] "GET /xingrg/kc/buy/cgsh_order_operate.html?command=get_materiel&rest_code=00146&code=00101008257&supplier_code=00100005&order_time=2020-09-09 HTTP/1.1" 200 416
222.69.141.189 - - [09/Sep/2020:08:46:32 +0800] "GET /xingrg/kc/buy/cgsh_order_operate.html?command=get_materiel&rest_code=00149&code=00101008163&supplier_code=00100005&order_time=2020-09-09 HTTP/1.1" 200 408
116.235.241.164 - - [09/Sep/2020:08:46:34 +0800] "GET /xingrg/all/function/internal_message.html?_=1599612392583&CODE_STATE=getMsg HTTP/1.1" 200 27
116.235.241.164 - - [09/Sep/2020:08:46:34 +0800] "GET /xingrg/check_reg.html?_=1599612392590 HTTP/1.1" 200 22
172.17.0.240 - - [09/Sep/2020:08:46:34 +0800] "GET /xingrg/all/function/internal_message.html?_=1599612392652&CODE_STATE=getMsg HTTP/1.1" 200 27
114.82.29.189 - - [09/Sep/2020:08:46:34 +0800] "GET /xingrg/kc/buy/cgsh_order_operate.html?command=get_materiel&rest_code=00105&code=00101008168&supplier_code=00100203&order_time=2020-09-09 HTTP/1.1" 200 413
116.230.74.197 - - [09/Sep/2020:08:46:35 +0800] "GET /xingrg/all/function/internal_message.html?_=1599612392328&CODE_STATE=getMsg HTTP/1.1" 200 27
222.69.141.189 - - [09/Sep/2020:08:46:35 +0800] "GET /xingrg/all/function/internal_message.html?_=1599612388584&CODE_STATE=getMsg HTTP/1.1" 200 27
172.17.0.101 - - [09/Sep/2020:08:46:35 +0800] "POST /xingrg/kc/buy/cgsh_list_operate.html HTTP/1.1" 200 4
101.89.19.197 - - [09/Sep/2020:08:46:39 +0800] "GET /xingrg/check_reg.html?_=1599611896110 HTTP/1.1" 302 -
120.253.135.82 - - [09/Sep/2020:08:46:39 +0800] "GET /xingrg/all/function/internal_message.html?_=1599612148059&CODE_STATE=getMsg HTTP/1.1" 200 27
218.81.217.115 - - [09/Sep/2020:08:46:39 +0800] "GET /xingrg/kc/buy/cgsh_order_operate.html?command=get_materiel&rest_code=00146&code=00101008354&supplier_code=00100005&order_time=2020-09-09 HTTP/1.1" 200 412
172.17.0.185 - - [09/Sep/2020:08:46:41 +0800] "GET /xingrg/all/function/internal_message.html?_=1599612399122&CODE_STATE=getMsg HTTP/1.1" 302 -
222.69.141.189 - - [09/Sep/2020:08:46:41 +0800] "GET /xingrg/kc/buy/cgsh_order_operate.html?command=get_materiel&rest_code=00149&code=00101008126&supplier_code=00100005&order_time=2020-09-09 HTTP/1.1" 200 412
172.17.0.101 - - [09/Sep/2020:08:46:42 +0800] "POST /xingrg/kc/buy/cgsh_list_operate.html HTTP/1.1" 200 5140
114.82.29.189 - - [09/Sep/2020:08:46:43 +0800] "GET /xingrg/kc/buy/cgsh_order_operate.html?command=get_materiel&rest_code=00105&code=00101008236&supplier_code=00100203&order_time=2020-09-09 HTTP/1.1" 200 417
101.89.19.197 - - [09/Sep/2020:08:46:45 +0800] "GET /xingrg/login.html HTTP/1.1" 200 7641
218.81.217.115 - - [09/Sep/2020:08:46:47 +0800] "GET /xingrg/kc/buy/cgsh_order_operate.html?command=get_materiel&rest_code=00146&code=00101008028&supplier_code=00100005&order_time=2020-09-09 HTTP/1.1" 200 412
117.184.7.26 - - [09/Sep/2020:08:46:47 +0800] "GET /xingrg/all/function/internal_message.html?_=1599613260708&CODE_STATE=getMsg HTTP/1.1" 200 27
117.184.7.26 - - [09/Sep/2020:08:46:47 +0800] "GET /xingrg/check_reg.html?_=1599613260710 HTTP/1.1" 200 22
116.238.71.173 - - [09/Sep/2020:08:46:49 +0800] "GET /xingrg/all/function/internal_message.html?_=1599612407766&CODE_STATE=getMsg HTTP/1.1" 200 27
218.81.217.115 - - [09/Sep/2020:08:46:54 +0800] "GET /xingrg/kc/buy/cgsh_order_operate.html?command=get_materiel&rest_code=00146&code=00101008096&supplier_code=00100005&order_time=2020-09-09 HTTP/1.1" 200 412
222.69.141.189 - - [09/Sep/2020:08:46:55 +0800] "GET /xingrg/kc/buy/cgsh_order_operate.html?command=get_materiel&rest_code=00149&code=00101008148&supplier_code=00100005&order_time=2020-09-09 HTTP/1.1" 200 416
218.81.217.115 - - [09/Sep/2020:08:46:55 +0800] "GET /xingrg/all/function/internal_message.html?_=1599612421888&CODE_STATE=getMsg HTTP/1.1" 200 27
114.82.29.189 - - [09/Sep/2020:08:46:57 +0800] "POST /xingrg/kc/buy/cgsh_order_operate.html HTTP/1.1" 200 2065
114.82.29.189 - - [09/Sep/2020:08:46:58 +0800] "POST /xingrg/kc/buy/cgsh_order_operate.html HTTP/1.1" 200 2065
172.17.0.117 - - [09/Sep/2020:08:46:59 +0800] "GET /xingrg/all/function/internal_message.html?_=1599612422528&CODE_STATE=getMsg HTTP/1.1" 200 27
114.88.166.242 - - [09/Sep/2020:08:47:00 +0800] "GET /xingrg/all/function/internal_message.html?_=1599612418680&CODE_STATE=getMsg HTTP/1.1" 200 27
172.17.0.101 - - [09/Sep/2020:08:47:01 +0800] "POST /xingrg/kc/buy/cgsh_list_operate.html HTTP/1.1" 200 4
218.81.217.115 - - [09/Sep/2020:08:47:02 +0800] "GET /xingrg/kc/buy/cgsh_order_operate.html?command=get_materiel&rest_code=00146&code=00101008038&supplier_code=00100005&order_time=2020-09-09 HTTP/1.1" 200 412
222.69.141.189 - - [09/Sep/2020:08:47:05 +0800] "GET /xingrg/kc/buy/cgsh_order_operate.html?command=get_materiel&rest_code=00149&code=00101008004&supplier_code=00100005&order_time=2020-09-09 HTTP/1.1" 200 416
172.17.0.101 - - [09/Sep/2020:08:47:06 +0800] "POST /xingrg/kc/buy/cgsh_list_operate.html HTTP/1.1" 200 3147
218.81.217.115 - - [09/Sep/2020:08:47:08 +0800] "GET /xingrg/kc/buy/cgsh_order_operate.html?command=get_materiel&rest_code=00146&code=00101008358&supplier_code=00100005&order_time=2020-09-09 HTTP/1.1" 200 412
222.69.141.189 - - [09/Sep/2020:08:47:10 +0800] "POST /xingrg/kc/buy/cgsh_order_operate.html HTTP/1.1" 200 2065
180.157.253.48 - - [09/Sep/2020:08:47:10 +0800] "GET /xingrg/all/function/internal_message.html?_=1599612431398&CODE_STATE=getMsg HTTP/1.1" 200 27
172.17.0.101 - - [09/Sep/2020:08:47:16 +0800] "POST /xingrg/kc/buy/cgsh_list_operate.html HTTP/1.1" 200 4
222.69.141.189 - - [09/Sep/2020:08:47:17 +0800] "GET /xingrg/kc/buy/cgsh_order_operate.html?command=get_materiel&rest_code=00149&code=00101008264&supplier_code=00100005&order_time=2020-09-09 HTTP/1.1" 200 412
114.82.29.189 - - [09/Sep/2020:08:47:19 +0800] "GET /xingrg/kc/buy/cgsh_order_operate.html?command=get_materiel&rest_code=00105&code=00101008176&supplier_code=00100203&order_time=2020-09-09 HTTP/1.1" 200 431
114.82.29.189 - - [09/Sep/2020:08:47:20 +0800] "GET /xingrg/all/function/internal_message.html?_=1599612440940&CODE_STATE=getMsg HTTP/1.1" 200 27
218.81.217.115 - - [09/Sep/2020:08:47:22 +0800] "GET /xingrg/kc/buy/cgsh_order_operate.html?command=get_materiel&rest_code=00146&code=00101008088&supplier_code=00100005&order_time=2020-09-09 HTTP/1.1" 200 408
58.37.9.106 - - [09/Sep/2020:08:47:22 +0800] "GET /xingrg/all/function/internal_message.html?_=1599612436142&CODE_STATE=getMsg HTTP/1.1" 200 27
222.69.141.189 - - [09/Sep/2020:08:47:28 +0800] "GET /xingrg/kc/buy/cgsh_order_operate.html?command=get_materiel&rest_code=00149&code=00101008321&supplier_code=00100005&order_time=2020-09-09 HTTP/1.1" 200 412
218.81.217.115 - - [09/Sep/2020:08:47:28 +0800] "GET /xingrg/kc/buy/cgsh_order_operate.html?command=get_materiel&rest_code=00146&code=00101008290&supplier_code=00100005&order_time=2020-09-09 HTTP/1.1" 200 416
218.81.217.115 - - [09/Sep/2020:08:47:29 +0800] "GET /xingrg/all/function/internal_message.html?_=1599612457844&CODE_STATE=getMsg HTTP/1.1" 302 -
116.235.241.164 - - [09/Sep/2020:08:47:34 +0800] "GET /xingrg/all/function/internal_message.html?_=1599612452587&CODE_STATE=getMsg HTTP/1.1" 200 27
172.17.0.240 - - [09/Sep/2020:08:47:34 +0800] "GET /xingrg/all/function/internal_message.html?_=1599612452653&CODE_STATE=getMsg HTTP/1.1" 200 27
116.230.74.197 - - [09/Sep/2020:08:47:35 +0800] "GET /xingrg/all/function/internal_message.html?_=1599612452327&CODE_STATE=getMsg HTTP/1.1" 200 27
116.230.74.197 - - [09/Sep/2020:08:47:35 +0800] "GET /xingrg/check_reg.html?_=1599612452330 HTTP/1.1" 200 22
222.69.141.189 - - [09/Sep/2020:08:47:35 +0800] "GET /xingrg/all/function/internal_message.html?_=1599612448588&CODE_STATE=getMsg HTTP/1.1" 200 27
218.81.217.115 - - [09/Sep/2020:08:47:35 +0800] "GET /xingrg/kc/buy/cgsh_order_operate.html?command=get_materiel&rest_code=00146&code=00101008003&supplier_code=00100005&order_time=2020-09-09 HTTP/1.1" 200 408
120.253.135.82 - - [09/Sep/2020:08:47:39 +0800] "GET /xingrg/all/function/internal_message.html?_=1599612208071&CODE_STATE=getMsg HTTP/1.1" 200 27
172.17.0.185 - - [09/Sep/2020:08:47:41 +0800] "GET /xingrg/all/function/internal_message.html?_=1599612459123&CODE_STATE=getMsg HTTP/1.1" 302 -
117.184.7.26 - - [09/Sep/2020:08:47:47 +0800] "GET /xingrg/all/function/internal_message.html?_=1599613320708&CODE_STATE=getMsg HTTP/1.1" 200 27
114.82.29.189 - - [09/Sep/2020:08:47:48 +0800] "GET /xingrg/kc/buy/cgsh_order_operate.html?command=get_materiel&rest_code=00105&code=00101008333&supplier_code=00100203&order_time=2020-09-09 HTTP/1.1" 200 412
222.69.141.189 - - [09/Sep/2020:08:47:48 +0800] "GET /xingrg/kc/buy/cgsh_order_operate.html?command=get_materiel&rest_code=00149&code=00101009030&supplier_code=00100005&order_time=2020-09-09 HTTP/1.1" 200 412
116.238.71.173 - - [09/Sep/2020:08:47:49 +0800] "GET /xingrg/all/function/internal_message.html?_=1599612467830&CODE_STATE=getMsg HTTP/1.1" 200 27
116.238.71.173 - - [09/Sep/2020:08:47:49 +0800] "GET /xingrg/check_reg.html?_=1599612467832 HTTP/1.1" 200 22
218.81.217.115 - - [09/Sep/2020:08:47:50 +0800] "GET /xingrg/kc/buy/cgsh_order_operate.html?command=get_materiel&rest_code=00146&code=00101008361&supplier_code=00100005&order_time=2020-09-09 HTTP/1.1" 200 408
218.81.217.115 - - [09/Sep/2020:08:47:55 +0800] "GET /xingrg/all/function/internal_message.html?_=1599612481902&CODE_STATE=getMsg HTTP/1.1" 200 27
218.81.217.115 - - [09/Sep/2020:08:47:56 +0800] "GET /xingrg/kc/buy/cgsh_order_operate.html?command=get_materiel&rest_code=00146&code=00101008067&supplier_code=00100005&order_time=2020-09-09 HTTP/1.1" 200 416
172.17.0.117 - - [09/Sep/2020:08:47:59 +0800] "GET /xingrg/all/function/internal_message.html?_=1599612482528&CODE_STATE=getMsg HTTP/1.1" 200 27
222.69.141.189 - - [09/Sep/2020:08:47:59 +0800] "GET /xingrg/kc/buy/cgsh_order_operate.html?command=get_materiel&rest_code=00149&code=00101008356&supplier_code=00100005&order_time=2020-09-09 HTTP/1.1" 200 409
114.88.166.242 - - [09/Sep/2020:08:47:59 +0800] "GET /xingrg/check_reg.html?_=1599612478233 HTTP/1.1" 200 22
114.88.166.242 - - [09/Sep/2020:08:48:00 +0800] "GET /xingrg/all/function/internal_message.html?_=1599612478694&CODE_STATE=getMsg HTTP/1.1" 200 27
218.81.217.115 - - [09/Sep/2020:08:48:00 +0800] "POST /xingrg/kc/buy/cgsh_order_operate.html HTTP/1.1" 200 2065
114.82.29.189 - - [09/Sep/2020:08:48:02 +0800] "GET /xingrg/kc/buy/cgsh_order_operate.html?command=get_materiel&rest_code=00105&code=00101008141&supplier_code=00100203&order_time=2020-09-09 HTTP/1.1" 200 412
222.69.141.189 - - [09/Sep/2020:08:48:07 +0800] "GET /xingrg/kc/buy/cgsh_order_operate.html?command=get_materiel&rest_code=00149&code=00101008301&supplier_code=00100005&order_time=2020-09-09 HTTP/1.1" 200 422
218.81.217.115 - - [09/Sep/2020:08:48:08 +0800] "GET /xingrg/kc/buy/cgsh_order_operate.html?command=get_materiel&rest_code=00146&code=00101008264&supplier_code=00100005&order_time=2020-09-09 HTTP/1.1" 200 412
180.157.253.48 - - [09/Sep/2020:08:48:10 +0800] "GET /xingrg/all/function/internal_message.html?_=1599612491392&CODE_STATE=getMsg HTTP/1.1" 200 27
222.69.141.189 - - [09/Sep/2020:08:48:12 +0800] "POST /xingrg/kc/buy/cgsh_order_operate.html HTTP/1.1" 200 2065
218.81.217.115 - - [09/Sep/2020:08:48:16 +0800] "GET /xingrg/kc/buy/cgsh_order_operate.html?command=get_materiel&rest_code=00146&code=00101008356&supplier_code=00100005&order_time=2020-09-09 HTTP/1.1" 200 409
222.69.141.189 - - [09/Sep/2020:08:48:17 +0800] "GET /xingrg/kc/buy/cgsh_order_operate.html?command=get_materiel&rest_code=00149&code=00101008137&supplier_code=00100005&order_time=2020-09-09 HTTP/1.1" 200 408
114.82.29.189 - - [09/Sep/2020:08:48:19 +0800] "GET /xingrg/kc/buy/cgsh_order_operate.html?command=get_materiel&rest_code=00105&code=00101008144&supplier_code=00100203&order_time=2020-09-09 HTTP/1.1" 200 412
114.82.29.189 - - [09/Sep/2020:08:48:20 +0800] "GET /xingrg/all/function/internal_message.html?_=1599612500935&CODE_STATE=getMsg HTTP/1.1" 200 27
172.17.0.101 - - [09/Sep/2020:08:48:21 +0800] "POST /xingrg/kc/buy/cgsh_list_operate.html HTTP/1.1" 200 876
58.37.9.106 - - [09/Sep/2020:08:48:22 +0800] "GET /xingrg/all/function/internal_message.html?_=1599612496141&CODE_STATE=getMsg HTTP/1.1" 200 27
218.81.217.115 - - [09/Sep/2020:08:48:22 +0800] "GET /xingrg/kc/buy/cgsh_order_operate.html?command=get_materiel&rest_code=00146&code=00101008196&supplier_code=00100005&order_time=2020-09-09 HTTP/1.1" 200 416
58.37.9.106 - - [09/Sep/2020:08:48:22 +0800] "GET /xingrg/check_reg.html?_=1599612496142 HTTP/1.1" 200 22
114.88.166.242 - - [09/Sep/2020:08:48:24 +0800] "POST /xingrg/login.do HTTP/1.1" 302 -
114.88.166.242 - - [09/Sep/2020:08:48:24 +0800] "GET /xingrg/index.html?sysBaseUrl=http%3A%2F%2F180.169.147.146%3A18081%2Fxingrg%2F&costTime=37×tamp=1599612504182 HTTP/1.1" 200 17173
114.88.166.242 - - [09/Sep/2020:08:48:25 +0800] "POST /xingrg/all/common/load_tree.html?tree=area_rest_tree_json&manage=1 HTTP/1.1" 200 342
114.88.166.242 - - [09/Sep/2020:08:48:25 +0800] "GET /xingrg/all/function/internal_message.html?_=1599612563864&CODE_STATE=count HTTP/1.1" 200 11
114.88.166.242 - - [09/Sep/2020:08:48:25 +0800] "GET /xingrg/check_reg.html?_=1599612563872 HTTP/1.1" 200 22
114.88.166.242 - - [09/Sep/2020:08:48:25 +0800] "GET /favicon.ico HTTP/1.1" 404 -
114.88.166.242 - - [09/Sep/2020:08:48:25 +0800] "POST /xingrg/load_menu.html HTTP/1.1" 200 5138
114.88.166.242 - - [09/Sep/2020:08:48:27 +0800] "GET /xingrg/kc/buy/cgsh_order_list.html HTTP/1.1" 200 43930
172.17.0.101 - - [09/Sep/2020:08:48:29 +0800] "GET /xingrg/all/function/internal_message.html?_=1599612505618&CODE_STATE=getMsg HTTP/1.1" 200 27
222.69.141.189 - - [09/Sep/2020:08:48:29 +0800] "GET /xingrg/kc/buy/cgsh_order_operate.html?command=get_materiel&rest_code=00149&code=00101008360&supplier_code=00100005&order_time=2020-09-09 HTTP/1.1" 200 412
218.81.217.115 - - [09/Sep/2020:08:48:29 +0800] "GET /xingrg/all/function/internal_message.html?_=1599612517860&CODE_STATE=getMsg HTTP/1.1" 302 -
114.88.166.242 - - [09/Sep/2020:08:48:30 +0800] "POST /xingrg/kc/buy/cgsh_list_operate.html HTTP/1.1" 200 1691
218.81.217.115 - - [09/Sep/2020:08:48:30 +0800] "GET /xingrg/kc/buy/cgsh_order_operate.html?command=get_materiel&rest_code=00146&code=00101008357&supplier_code=00100005&order_time=2020-09-09 HTTP/1.1" 200 408
114.88.166.242 - - [09/Sep/2020:08:48:31 +0800] "GET /xingrg/kc/buy/cgsh_order_add.html HTTP/1.1" 200 59668
114.88.166.242 - - [09/Sep/2020:08:48:31 +0800] "GET /xingrg/words/20200909072024_words.js HTTP/1.1" 200 761275
114.82.29.189 - - [09/Sep/2020:08:48:31 +0800] "GET /xingrg/kc/buy/cgsh_order_operate.html?command=get_materiel&rest_code=00105&code=00101008118&supplier_code=00100203&order_time=2020-09-09 HTTP/1.1" 200 418
114.88.166.242 - - [09/Sep/2020:08:48:31 +0800] "GET /xingrg/all/common/auto_word.html?type=employee&rest_code=00111 HTTP/1.1" 200 205
114.88.166.242 - - [09/Sep/2020:08:48:31 +0800] "GET /xingrg/all/common/auto_word.html?type=employee&rest_code=00111 HTTP/1.1" 200 205
114.88.166.242 - - [09/Sep/2020:08:48:31 +0800] "GET /xingrg/javascript/easyui/themes/default/validatebox.css HTTP/1.1" 404 1104
114.88.166.242 - - [09/Sep/2020:08:48:32 +0800] "POST /xingrg/kc/buy/cgsh_order_operate.html HTTP/1.1" 200 8245
114.88.166.242 - - [09/Sep/2020:08:48:32 +0800] "GET /xingrg/javascript/auto/indicator.gif HTTP/1.1" 404 1066
114.88.166.242 - - [09/Sep/2020:08:48:33 +0800] "GET /xingrg/javascript/jquery_tools/images/prev.gif HTTP/1.1" 404 1086
114.88.166.242 - - [09/Sep/2020:08:48:33 +0800] "GET /xingrg/javascript/jquery_tools/images/next.gif HTTP/1.1" 404 1086
116.235.241.164 - - [09/Sep/2020:08:48:34 +0800] "GET /xingrg/all/function/internal_message.html?_=1599612512588&CODE_STATE=getMsg HTTP/1.1" 200 27
172.17.0.240 - - [09/Sep/2020:08:48:34 +0800] "GET /xingrg/all/function/internal_message.html?_=1599612512657&CODE_STATE=getMsg HTTP/1.1" 200 27
172.17.0.240 - - [09/Sep/2020:08:48:34 +0800] "GET /xingrg/check_reg.html?_=1599612512659 HTTP/1.1" 200 22
116.230.74.197 - - [09/Sep/2020:08:48:35 +0800] "GET /xingrg/all/function/internal_message.html?_=1599612512328&CODE_STATE=getMsg HTTP/1.1" 200 27
222.69.141.189 - - [09/Sep/2020:08:48:35 +0800] "GET /xingrg/all/function/internal_message.html?_=1599612508594&CODE_STATE=getMsg HTTP/1.1" 200 27
114.88.166.242 - - [09/Sep/2020:08:48:37 +0800] "GET /xingrg/kc/buy/cgsh_order_operate.html?command=get_materiel&rest_code=00111&code=00101002027&supplier_code=00100199&order_time=2020-09-09 HTTP/1.1" 200 413
218.81.217.115 - - [09/Sep/2020:08:48:37 +0800] "GET /xingrg/kc/buy/cgsh_order_operate.html?command=get_materiel&rest_code=00146&code=00101008006&supplier_code=00100005&order_time=2020-09-09 HTTP/1.1" 200 416
114.82.29.189 - - [09/Sep/2020:08:48:38 +0800] "GET /xingrg/kc/buy/cgsh_order_operate.html?command=get_materiel&rest_code=00105&code=00101008059&supplier_code=00100203&order_time=2020-09-09 HTTP/1.1" 200 408
120.253.135.82 - - [09/Sep/2020:08:48:39 +0800] "GET /xingrg/all/function/internal_message.html?_=1599612268121&CODE_STATE=getMsg HTTP/1.1" 200 27
218.81.217.115 - - [09/Sep/2020:08:48:39 +0800] "POST /xingrg/kc/buy/cgsh_order_operate.html HTTP/1.1" 200 2065
172.17.0.185 - - [09/Sep/2020:08:48:41 +0800] "GET /xingrg/all/function/internal_message.html?_=1599612519127&CODE_STATE=getMsg HTTP/1.1" 302 -
222.69.141.189 - - [09/Sep/2020:08:48:43 +0800] "GET /xingrg/kc/buy/cgsh_order_operate.html?command=get_materiel&rest_code=00149&code=00101008059&supplier_code=00100005&order_time=2020-09-09 HTTP/1.1" 200 408
218.81.217.115 - - [09/Sep/2020:08:48:44 +0800] "GET /xingrg/kc/buy/cgsh_order_operate.html?command=get_materiel&rest_code=00146&code=00101008131&supplier_code=00100005&order_time=2020-09-09 HTTP/1.1" 200 408
114.82.29.189 - - [09/Sep/2020:08:48:44 +0800] "GET /xingrg/kc/buy/cgsh_order_operate.html?command=get_materiel&rest_code=00105&code=00101008357&supplier_code=00100203&order_time=2020-09-09 HTTP/1.1" 200 408
61.151.178.166 - - [09/Sep/2020:08:48:45 +0800] "GET /xingrg/all/function/internal_message.html?_=1599612016134&CODE_STATE=getMsg HTTP/1.1" 302 -
117.184.7.26 - - [09/Sep/2020:08:48:47 +0800] "GET /xingrg/all/function/internal_message.html?_=1599613380706&CODE_STATE=getMsg HTTP/1.1" 200 27
116.238.71.173 - - [09/Sep/2020:08:48:49 +0800] "GET /xingrg/all/function/internal_message.html?_=1599612527865&CODE_STATE=getMsg HTTP/1.1" 200 27
218.81.217.115 - - [09/Sep/2020:08:48:50 +0800] "GET /xingrg/kc/buy/cgsh_order_operate.html?command=get_materiel&rest_code=00146&code=00101008296&supplier_code=00100005&order_time=2020-09-09 HTTP/1.1" 200 416
114.88.166.242 - - [09/Sep/2020:08:48:51 +0800] "GET /xingrg/kc/buy/cgsh_order_operate.html?command=get_materiel&rest_code=00111&code=00101002006&supplier_code=00100199&order_time=2020-09-09 HTTP/1.1" 200 414
61.151.178.166 - - [09/Sep/2020:08:48:51 +0800] "GET /xingrg/login.html HTTP/1.1" 200 7641
114.82.29.189 - - [09/Sep/2020:08:48:52 +0800] "GET /xingrg/kc/buy/cgsh_order_operate.html?command=get_materiel&rest_code=00105&code=00101008098&supplier_code=00100203&order_time=2020-09-09 HTTP/1.1" 200 412
222.69.141.189 - - [09/Sep/2020:08:48:53 +0800] "GET /xingrg/kc/buy/cgsh_order_operate.html?command=get_materiel&rest_code=00149&code=00101008223&supplier_code=00100005&order_time=2020-09-09 HTTP/1.1" 200 412
218.81.217.115 - - [09/Sep/2020:08:48:55 +0800] "GET /xingrg/all/function/internal_message.html?_=1599612541915&CODE_STATE=getMsg HTTP/1.1" 200 27
114.88.166.242 - - [09/Sep/2020:08:48:58 +0800] "POST /xingrg/kc/buy/cgsh_order_operate.html HTTP/1.1" 200 37
114.88.166.242 - - [09/Sep/2020:08:48:59 +0800] "POST /xingrg/kc/buy/cgsh_order_operate.html HTTP/1.1" 200 3847
218.81.217.115 - - [09/Sep/2020:08:48:59 +0800] "GET /xingrg/kc/buy/cgsh_order_operate.html?command=get_materiel&rest_code=00146&code=00101008353&supplier_code=00100005&order_time=2020-09-09 HTTP/1.1" 200 408
172.17.0.117 - - [09/Sep/2020:08:48:59 +0800] "GET /xingrg/all/function/internal_message.html?_=1599612542529&CODE_STATE=getMsg HTTP/1.1" 200 27
114.88.166.242 - - [09/Sep/2020:08:49:00 +0800] "GET /xingrg/kc/print/load_config.html?kc_code=cgsh HTTP/1.1" 200 1845
114.88.166.242 - - [09/Sep/2020:08:49:00 +0800] "GET /xingrg/kc/print/load_data.html?order_code=212020090903550&kc_code=cgsh&condition= HTTP/1.1" 200 1129
114.82.29.189 - - [09/Sep/2020:08:49:00 +0800] "GET /xingrg/kc/buy/cgsh_order_operate.html?command=get_materiel&rest_code=00105&code=00101008353&supplier_code=00100203&order_time=2020-09-09 HTTP/1.1" 200 408
114.88.166.242 - - [09/Sep/2020:08:49:00 +0800] "GET /xingrg/all/function/internal_message.html?_=1599612538709&CODE_STATE=getMsg HTTP/1.1" 200 27
222.69.141.189 - - [09/Sep/2020:08:49:02 +0800] "POST /xingrg/services/DataTransmitService HTTP/1.1" 200 524
222.69.141.189 - - [09/Sep/2020:08:49:02 +0800] "POST /xingrg/services/DataTransmitService HTTP/1.1" 200 497
222.69.141.189 - - [09/Sep/2020:08:49:04 +0800] "GET /xingrg/kc/buy/cgsh_order_operate.html?command=get_materiel&rest_code=00149&code=00101008079&supplier_code=00100005&order_time=2020-09-09 HTTP/1.1" 200 416
114.82.29.189 - - [09/Sep/2020:08:49:08 +0800] "POST /xingrg/kc/buy/cgsh_order_operate.html HTTP/1.1" 200 37
222.69.141.189 - - [09/Sep/2020:08:49:08 +0800] "POST /xingrg/kc/buy/cgsh_order_operate.html HTTP/1.1" 200 2065
172.17.200.101 - - [09/Sep/2020:08:49:10 +0800] "GET /xingrg/login.html HTTP/1.1" 200 7636
180.157.253.48 - - [09/Sep/2020:08:49:10 +0800] "GET /xingrg/check_reg.html?_=1599612551373 HTTP/1.1" 200 22
180.157.253.48 - - [09/Sep/2020:08:49:10 +0800] "GET /xingrg/all/function/internal_message.html?_=1599612551378&CODE_STATE=getMsg HTTP/1.1" 200 27
114.82.29.189 - - [09/Sep/2020:08:49:12 +0800] "POST /xingrg/kc/buy/cgsh_order_operate.html HTTP/1.1" 200 43460
218.81.217.115 - - [09/Sep/2020:08:49:18 +0800] "GET /xingrg/check_reg.html?_=1599612565977 HTTP/1.1" 302 -
172.17.200.101 - - [09/Sep/2020:08:49:18 +0800] "GET /favicon.ico HTTP/1.1" 404 -
172.17.0.101 - - [09/Sep/2020:08:49:20 +0800] "GET /xingrg/kc/base/wldb_order_list.html HTTP/1.1" 200 19282
172.17.0.101 - - [09/Sep/2020:08:49:20 +0800] "POST /xingrg/kc/base/wldb_list_operate.html HTTP/1.1" 200 928
114.82.29.189 - - [09/Sep/2020:08:49:21 +0800] "GET /xingrg/all/function/internal_message.html?_=1599612561062&CODE_STATE=getMsg HTTP/1.1" 200 27
58.37.9.106 - - [09/Sep/2020:08:49:22 +0800] "GET /xingrg/all/function/internal_message.html?_=1599612556139&CODE_STATE=getMsg HTTP/1.1" 200 27
172.17.0.101 - - [09/Sep/2020:08:49:23 +0800] "GET /xingrg/kc/base/wldb_order_add.html HTTP/1.1" 200 30379
172.17.0.101 - - [09/Sep/2020:08:49:23 +0800] "GET /xingrg/words/20200909072024_words.js HTTP/1.1" 200 761275
172.17.0.101 - - [09/Sep/2020:08:49:23 +0800] "POST /xingrg/kc/base/wldb_order_operate.html HTTP/1.1" 200 6806
172.17.0.101 - - [09/Sep/2020:08:49:23 +0800] "GET /xingrg/all/common/auto_word.html?type=base&rest_code=00147 HTTP/1.1" 200 1707
172.17.0.101 - - [09/Sep/2020:08:49:23 +0800] "GET /xingrg/all/common/auto_word.html?type=base&rest_code=00147 HTTP/1.1" 200 1707
172.17.0.101 - - [09/Sep/2020:08:49:23 +0800] "GET /xingrg/javascript/easyui/themes/default/validatebox.css HTTP/1.1" 404 1104
114.88.166.242 - - [09/Sep/2020:08:49:25 +0800] "GET /xingrg/all/function/internal_message.html?_=1599612623888&CODE_STATE=getMsg HTTP/1.1" 200 27
172.17.0.101 - - [09/Sep/2020:08:49:29 +0800] "GET /xingrg/all/function/internal_message.html?_=1599612565592&CODE_STATE=getMsg HTTP/1.1" 200 27
172.17.0.101 - - [09/Sep/2020:08:49:29 +0800] "GET /xingrg/javascript/jquery_tools/images/prev.gif HTTP/1.1" 404 1086
172.17.0.101 - - [09/Sep/2020:08:49:29 +0800] "GET /xingrg/javascript/jquery_tools/images/next.gif HTTP/1.1" 404 1086
218.81.217.115 - - [09/Sep/2020:08:49:29 +0800] "GET /xingrg/all/function/internal_message.html?_=1599612577882&CODE_STATE=getMsg HTTP/1.1" 302 -
222.69.141.189 - - [09/Sep/2020:08:49:32 +0800] "GET /xingrg/kc/buy/cgsh_order_operate.html?command=get_materiel&rest_code=00149&code=00101008357&supplier_code=00100005&order_time=2020-09-09 HTTP/1.1" 200 408
172.17.0.101 - - [09/Sep/2020:08:49:33 +0800] "GET /xingrg/kc/base/wldb_order_operate.html?command=get_materiel&rest_code=00147&base_code=0010341&code=00101026094 HTTP/1.1" 200 440
116.235.241.164 - - [09/Sep/2020:08:49:34 +0800] "GET /xingrg/all/function/internal_message.html?_=1599612572588&CODE_STATE=getMsg HTTP/1.1" 200 27
172.17.0.240 - - [09/Sep/2020:08:49:34 +0800] "GET /xingrg/all/function/internal_message.html?_=1599612572660&CODE_STATE=getMsg HTTP/1.1" 200 27
116.230.74.197 - - [09/Sep/2020:08:49:35 +0800] "GET /xingrg/all/function/internal_message.html?_=1599612572328&CODE_STATE=getMsg HTTP/1.1" 200 27
222.69.141.189 - - [09/Sep/2020:08:49:35 +0800] "GET /xingrg/check_reg.html?_=1599612568595 HTTP/1.1" 200 22
222.69.141.189 - - [09/Sep/2020:08:49:35 +0800] "GET /xingrg/all/function/internal_message.html?_=1599612568599&CODE_STATE=getMsg HTTP/1.1" 200 27
218.81.217.115 - - [09/Sep/2020:08:49:39 +0800] "GET /xingrg/kc/buy/cgsh_order_operate.html?command=get_materiel&rest_code=00146&code=00101008330&supplier_code=00100005&order_time=2020-09-09 HTTP/1.1" 200 408
120.253.135.82 - - [09/Sep/2020:08:49:39 +0800] "GET /xingrg/all/function/internal_message.html?_=1599612328131&CODE_STATE=getMsg HTTP/1.1" 200 27
172.17.0.185 - - [09/Sep/2020:08:49:41 +0800] "GET /xingrg/all/function/internal_message.html?_=1599612579129&CODE_STATE=getMsg HTTP/1.1" 302 -
222.69.141.189 - - [09/Sep/2020:08:49:41 +0800] "GET /xingrg/kc/buy/cgsh_order_operate.html?command=get_materiel&rest_code=00149&code=00101008069&supplier_code=00100005&order_time=2020-09-09 HTTP/1.1" 200 412
218.81.217.115 - - [09/Sep/2020:08:49:41 +0800] "POST /xingrg/kc/buy/cgsh_order_operate.html HTTP/1.1" 200 2065
172.17.0.101 - - [09/Sep/2020:08:49:42 +0800] "POST /xingrg/kc/base/wldb_order_operate.html HTTP/1.1" 200 37
172.17.0.101 - - [09/Sep/2020:08:49:43 +0800] "POST /xingrg/kc/base/wldb_order_operate.html HTTP/1.1" 200 12
172.17.0.101 - - [09/Sep/2020:08:49:43 +0800] "POST /xingrg/kc/base/wldb_order_operate.html HTTP/1.1" 200 2191
172.17.0.101 - - [09/Sep/2020:08:49:44 +0800] "GET /xingrg/kc/base/wldb_order_info.html?code=422020090900964 HTTP/1.1" 200 26263
172.17.0.101 - - [09/Sep/2020:08:49:44 +0800] "GET /xingrg/javascript/easyui/themes/default/validatebox.css HTTP/1.1" 404 1104
172.17.0.101 - - [09/Sep/2020:08:49:44 +0800] "POST /xingrg/kc/base/wldb_order_operate.html HTTP/1.1" 200 485
218.81.217.115 - - [09/Sep/2020:08:49:46 +0800] "GET /xingrg/kc/buy/cgsh_order_operate.html?command=get_materiel&rest_code=00146&code=00101008276&supplier_code=00100005&order_time=2020-09-09 HTTP/1.1" 200 412
117.184.7.26 - - [09/Sep/2020:08:49:47 +0800] "GET /xingrg/all/function/internal_message.html?_=1599613440705&CODE_STATE=getMsg HTTP/1.1" 200 27
172.17.0.101 - - [09/Sep/2020:08:49:47 +0800] "POST /xingrg/kc/base/wldb_list_operate.html HTTP/1.1" 200 928
116.238.71.173 - - [09/Sep/2020:08:49:49 +0800] "GET /xingrg/all/function/internal_message.html?_=1599612587912&CODE_STATE=getMsg HTTP/1.1" 200 27
218.81.217.115 - - [09/Sep/2020:08:49:55 +0800] "GET /xingrg/check_reg.html?_=1599612601866 HTTP/1.1" 200 22
218.81.217.115 - - [09/Sep/2020:08:49:55 +0800] "GET /xingrg/all/function/internal_message.html?_=1599612601929&CODE_STATE=getMsg HTTP/1.1" 200 27
218.81.217.115 - - [09/Sep/2020:08:49:59 +0800] "GET /xingrg/kc/buy/cgsh_order_operate.html?command=get_materiel&rest_code=00146&code=00101008091&supplier_code=00100005&order_time=2020-09-09 HTTP/1.1" 200 413
172.17.0.117 - - [09/Sep/2020:08:49:59 +0800] "GET /xingrg/check_reg.html?_=1599612602548 HTTP/1.1" 200 22
172.17.0.117 - - [09/Sep/2020:08:49:59 +0800] "GET /xingrg/all/function/internal_message.html?_=1599612602550&CODE_STATE=getMsg HTTP/1.1" 200 27
114.88.166.242 - - [09/Sep/2020:08:50:00 +0800] "GET /xingrg/all/function/internal_message.html?_=1599612598722&CODE_STATE=getMsg HTTP/1.1" 200 27
222.69.141.189 - - [09/Sep/2020:08:50:08 +0800] "GET /xingrg/kc/buy/cgsh_order_operate.html?command=get_materiel&rest_code=00149&code=00101008286&supplier_code=00100005&order_time=2020-09-09 HTTP/1.1" 200 408
116.230.74.197 - - [09/Sep/2020:08:50:08 +0800] "GET /xingrg/index.html?sysBaseUrl=http%3A%2F%2F180.169.147.146%3A18081%2Fxingrg%2F&costTime=33×tamp=1585306063269 HTTP/1.1" 302 -
218.81.217.115 - - [09/Sep/2020:08:50:08 +0800] "GET /xingrg/kc/buy/cgsh_order_operate.html?command=get_materiel&rest_code=00146&code=00101008256&supplier_code=00100005&order_time=2020-09-09 HTTP/1.1" 200 413
116.230.74.197 - - [09/Sep/2020:08:50:08 +0800] "GET /xingrg/login.html HTTP/1.1" 200 7641
180.157.253.48 - - [09/Sep/2020:08:50:10 +0800] "GET /xingrg/all/function/internal_message.html?_=1599612611375&CODE_STATE=getMsg HTTP/1.1" 200 27
222.69.141.189 - - [09/Sep/2020:08:50:14 +0800] "GET /xingrg/kc/buy/cgsh_order_operate.html?command=get_materiel&rest_code=00149&code=00101008036&supplier_code=00100005&order_time=2020-09-09 HTTP/1.1" 200 408
218.81.217.115 - - [09/Sep/2020:08:50:14 +0800] "GET /xingrg/kc/buy/cgsh_order_operate.html?command=get_materiel&rest_code=00146&code=00101008055&supplier_code=00100005&order_time=2020-09-09 HTTP/1.1" 200 409
222.69.141.189 - - [09/Sep/2020:08:50:15 +0800] "POST /xingrg/kc/buy/cgsh_order_operate.html HTTP/1.1" 200 2065
116.238.71.173 - - [09/Sep/2020:08:50:16 +0800] "GET /xingrg/kc/mdqp/qqps_order_list.html HTTP/1.1" 200 9222
116.238.71.173 - - [09/Sep/2020:08:50:16 +0800] "GET /xingrg/dwr/interface/AjaxQqpsService.js HTTP/1.1" 200 16326
116.238.71.173 - - [09/Sep/2020:08:50:16 +0800] "GET /xingrg/dwr/interface/AjaxReportQueryService.js HTTP/1.1" 200 13203
116.238.71.173 - - [09/Sep/2020:08:50:16 +0800] "GET /xingrg/dwr/engine.js HTTP/1.1" 200 43631
116.238.71.173 - - [09/Sep/2020:08:50:18 +0800] "GET /xingrg/kc/mdqp/qqps_order_add.html HTTP/1.1" 200 27998
116.238.71.173 - - [09/Sep/2020:08:50:18 +0800] "GET /xingrg/dwr/interface/AjaxComOrderService.js HTTP/1.1" 200 18264
116.238.71.173 - - [09/Sep/2020:08:50:18 +0800] "GET /xingrg/dwr/interface/AjaxQqpsService.js HTTP/1.1" 200 16326
116.238.71.173 - - [09/Sep/2020:08:50:18 +0800] "GET /xingrg/dwr/engine.js HTTP/1.1" 200 43631
116.238.71.173 - - [09/Sep/2020:08:50:18 +0800] "GET /xingrg/words/20200909072024_words.js HTTP/1.1" 200 761275
222.69.141.189 - - [09/Sep/2020:08:50:18 +0800] "GET /xingrg/kc/buy/cgsh_order_operate.html?command=get_materiel&rest_code=00149&code=00101008131&supplier_code=00100005&order_time=2020-09-09 HTTP/1.1" 200 408
114.82.29.189 - - [09/Sep/2020:08:50:20 +0800] "GET /xingrg/all/function/internal_message.html?_=1599612620936&CODE_STATE=getMsg HTTP/1.1" 200 27
58.37.9.106 - - [09/Sep/2020:08:50:22 +0800] "GET /xingrg/all/function/internal_message.html?_=1599612616138&CODE_STATE=getMsg HTTP/1.1" 200 27
218.81.217.115 - - [09/Sep/2020:08:50:23 +0800] "POST /xingrg/kc/buy/cgsh_order_operate.html HTTP/1.1" 200 2065
114.88.166.242 - - [09/Sep/2020:08:50:25 +0800] "GET /xingrg/all/function/internal_message.html?_=1599612683888&CODE_STATE=getMsg HTTP/1.1" 200 27
116.238.71.173 - - [09/Sep/2020:08:50:27 +0800] "POST /xingrg/dwr/call/plaincall/AjaxQqpsService.saveOrder.dwr HTTP/1.1" 200 78
172.17.0.101 - - [09/Sep/2020:08:50:29 +0800] "GET /xingrg/all/function/internal_message.html?_=1599612625581&CODE_STATE=getMsg HTTP/1.1" 200 27
218.81.217.115 - - [09/Sep/2020:08:50:29 +0800] "GET /xingrg/all/function/internal_message.html?_=1599612637886&CODE_STATE=getMsg HTTP/1.1" 302 -
116.238.71.173 - - [09/Sep/2020:08:50:30 +0800] "POST /xingrg/dwr/call/plaincall/AjaxQqpsService.getMaterielByCode.dwr HTTP/1.1" 200 3591
222.69.141.189 - - [09/Sep/2020:08:50:30 +0800] "GET /xingrg/kc/buy/cgsh_order_operate.html?command=get_materiel&rest_code=00149&code=00101015070&supplier_code=00100005&order_time=2020-09-09 HTTP/1.1" 200 412
116.238.71.173 - - [09/Sep/2020:08:50:33 +0800] "POST /xingrg/dwr/call/plaincall/AjaxQqpsService.saveMaterielItem.dwr HTTP/1.1" 200 78
116.235.241.164 - - [09/Sep/2020:08:50:34 +0800] "GET /xingrg/all/function/internal_message.html?_=1599612632589&CODE_STATE=getMsg HTTP/1.1" 200 27
172.17.0.240 - - [09/Sep/2020:08:50:34 +0800] "GET /xingrg/all/function/internal_message.html?_=1599612632662&CODE_STATE=getMsg HTTP/1.1" 200 27
116.230.74.197 - - [09/Sep/2020:08:50:35 +0800] "GET /xingrg/all/function/internal_message.html?_=1599612632334&CODE_STATE=getMsg HTTP/1.1" 200 27
222.69.141.189 - - [09/Sep/2020:08:50:35 +0800] "GET /xingrg/all/function/internal_message.html?_=1599612628591&CODE_STATE=getMsg HTTP/1.1" 200 27
120.253.135.82 - - [09/Sep/2020:08:50:38 +0800] "GET /xingrg/check_reg.html?_=1599612386945 HTTP/1.1" 200 22
120.253.135.82 - - [09/Sep/2020:08:50:39 +0800] "GET /xingrg/all/function/internal_message.html?_=1599612388144&CODE_STATE=getMsg HTTP/1.1" 200 27
218.81.217.115 - - [09/Sep/2020:08:50:40 +0800] "GET /xingrg/kc/buy/cgsh_order_operate.html?command=get_materiel&rest_code=00146&code=00101008155&supplier_code=00100005&order_time=2020-09-09 HTTP/1.1" 200 408
172.17.0.185 - - [09/Sep/2020:08:50:41 +0800] "GET /xingrg/all/function/internal_message.html?_=1599612639131&CODE_STATE=getMsg HTTP/1.1" 302 -
172.17.0.185 - - [09/Sep/2020:08:50:41 +0800] "GET /xingrg/check_reg.html?_=1599612639131 HTTP/1.1" 302 -
117.184.7.26 - - [09/Sep/2020:08:50:47 +0800] "GET /xingrg/all/function/internal_message.html?_=1599613500703&CODE_STATE=getMsg HTTP/1.1" 200 27
116.238.71.173 - - [09/Sep/2020:08:50:48 +0800] "POST /xingrg/dwr/call/plaincall/AjaxQqpsService.getMaterielByCode.dwr HTTP/1.1" 200 3586
116.238.71.173 - - [09/Sep/2020:08:50:49 +0800] "GET /xingrg/all/function/internal_message.html?_=1599612647943&CODE_STATE=getMsg HTTP/1.1" 200 27
218.81.217.115 - - [09/Sep/2020:08:50:50 +0800] "GET /xingrg/kc/buy/cgsh_order_operate.html?command=get_materiel&rest_code=00146&code=00101008350&supplier_code=00100005&order_time=2020-09-09 HTTP/1.1" 200 408
116.238.71.173 - - [09/Sep/2020:08:50:51 +0800] "POST /xingrg/dwr/call/plaincall/AjaxQqpsService.saveMaterielItem.dwr HTTP/1.1" 200 78
218.81.217.115 - - [09/Sep/2020:08:50:55 +0800] "GET /xingrg/all/function/internal_message.html?_=1599612661942&CODE_STATE=getMsg HTTP/1.1" 200 27
116.238.71.173 - - [09/Sep/2020:08:50:57 +0800] "POST /xingrg/dwr/call/plaincall/AjaxQqpsService.getMaterielByCode.dwr HTTP/1.1" 200 3591
172.17.0.117 - - [09/Sep/2020:08:50:59 +0800] "GET /xingrg/all/function/internal_message.html?_=1599612662536&CODE_STATE=getMsg HTTP/1.1" 200 27
218.81.217.115 - - [09/Sep/2020:08:50:59 +0800] "GET /xingrg/kc/buy/cgsh_order_operate.html?command=get_materiel&rest_code=00146&code=00101012067&supplier_code=00100005&order_time=2020-09-09 HTTP/1.1" 200 424
114.88.166.242 - - [09/Sep/2020:08:51:00 +0800] "GET /xingrg/all/function/internal_message.html?_=1599612658822&CODE_STATE=getMsg HTTP/1.1" 200 27
116.238.71.173 - - [09/Sep/2020:08:51:00 +0800] "POST /xingrg/dwr/call/plaincall/AjaxQqpsService.saveMaterielItem.dwr HTTP/1.1" 200 78
116.238.71.173 - - [09/Sep/2020:08:51:04 +0800] "POST /xingrg/dwr/call/plaincall/AjaxQqpsService.getMaterielByCode.dwr HTTP/1.1" 200 3584
116.238.71.173 - - [09/Sep/2020:08:51:06 +0800] "POST /xingrg/dwr/call/plaincall/AjaxQqpsService.saveMaterielItem.dwr HTTP/1.1" 200 78
218.81.217.115 - - [09/Sep/2020:08:51:09 +0800] "GET /xingrg/kc/buy/cgsh_order_operate.html?command=get_materiel&rest_code=00146&code=00101008225&supplier_code=00100005&order_time=2020-09-09 HTTP/1.1" 200 416
180.157.253.48 - - [09/Sep/2020:08:51:10 +0800] "GET /xingrg/all/function/internal_message.html?_=1599612671378&CODE_STATE=getMsg HTTP/1.1" 200 27
218.81.217.115 - - [09/Sep/2020:08:51:11 +0800] "POST /xingrg/kc/buy/cgsh_order_operate.html HTTP/1.1" 200 2065
218.81.217.115 - - [09/Sep/2020:08:51:17 +0800] "GET /xingrg/kc/buy/cgsh_order_operate.html?command=get_materiel&rest_code=00146&code=00101008010&supplier_code=00100005&order_time=2020-09-09 HTTP/1.1" 200 412
114.82.29.189 - - [09/Sep/2020:08:51:20 +0800] "GET /xingrg/all/function/internal_message.html?_=1599612680937&CODE_STATE=getMsg HTTP/1.1" 200 27
114.82.29.189 - - [09/Sep/2020:08:51:20 +0800] "GET /xingrg/check_reg.html?_=1599612680943 HTTP/1.1" 200 22
58.37.9.106 - - [09/Sep/2020:08:51:22 +0800] "GET /xingrg/all/function/internal_message.html?_=1599612676136&CODE_STATE=getMsg HTTP/1.1" 200 27
218.81.217.115 - - [09/Sep/2020:08:51:22 +0800] "GET /xingrg/kc/buy/cgsh_order_operate.html?command=get_materiel&rest_code=00146&code=00101008128&supplier_code=00100005&order_time=2020-09-09 HTTP/1.1" 200 413
114.88.166.242 - - [09/Sep/2020:08:51:25 +0800] "GET /xingrg/all/function/internal_message.html?_=1599612743887&CODE_STATE=getMsg HTTP/1.1" 200 27
116.238.71.173 - - [09/Sep/2020:08:51:26 +0800] "POST /xingrg/dwr/call/plaincall/AjaxQqpsService.getMaterielByCode.dwr HTTP/1.1" 200 3584
101.89.19.149 - - [09/Sep/2020:08:51:28 +0800] "GET /xingrg/all/function/internal_message.html?_=1599611836110&CODE_STATE=getMsg HTTP/1.1" 302 -
116.238.71.173 - - [09/Sep/2020:08:51:28 +0800] "POST /xingrg/dwr/call/plaincall/AjaxQqpsService.saveMaterielItem.dwr HTTP/1.1" 200 79
172.17.0.101 - - [09/Sep/2020:08:51:29 +0800] "GET /xingrg/all/function/internal_message.html?_=1599612685539&CODE_STATE=getMsg HTTP/1.1" 200 27
172.17.0.101 - - [09/Sep/2020:08:51:29 +0800] "GET /xingrg/check_reg.html?_=1599612685599 HTTP/1.1" 200 22
