180.157.253.48 - - [09/Sep/2020:09:08:18 +0800] "GET /xingrg/kc/buy/cgsh_order_operate.html?command=get_materiel&rest_code=00148&code=00101008223&supplier_code=00100007&order_time=2020-09-09 HTTP/1.1" 200 412
58.37.9.106 - - [09/Sep/2020:09:08:22 +0800] "GET /xingrg/check_reg.html?_=1599613696193 HTTP/1.1" 200 22
58.37.9.106 - - [09/Sep/2020:09:08:22 +0800] "GET /xingrg/all/function/internal_message.html?_=1599613696194&CODE_STATE=getMsg HTTP/1.1" 200 27
218.81.217.115 - - [09/Sep/2020:09:08:24 +0800] "GET /xingrg/kc/buy/cgsh_order_operate.html?command=get_materiel&rest_code=00146&code=00101009011&supplier_code=00100005&order_time=2020-09-09 HTTP/1.1" 200 416
114.88.166.242 - - [09/Sep/2020:09:08:25 +0800] "GET /xingrg/check_reg.html?_=1599613763892 HTTP/1.1" 200 22
114.88.166.242 - - [09/Sep/2020:09:08:25 +0800] "GET /xingrg/all/function/internal_message.html?_=1599613763889&CODE_STATE=getMsg HTTP/1.1" 200 27
117.184.7.30 - - [09/Sep/2020:09:08:26 +0800] "GET /xingrg/all/function/internal_message.html?_=1599613701126&CODE_STATE=getMsg HTTP/1.1" 200 27
117.184.7.30 - - [09/Sep/2020:09:08:26 +0800] "GET /xingrg/check_reg.html?_=1599613701132 HTTP/1.1" 200 22
172.17.0.101 - - [09/Sep/2020:09:08:28 +0800] "GET /xingrg/all/function/internal_message.html?_=1599613705132&CODE_STATE=getMsg HTTP/1.1" 200 27
218.81.217.115 - - [09/Sep/2020:09:08:30 +0800] "GET /xingrg/kc/buy/cgsh_order_operate.html?command=get_materiel&rest_code=00146&code=00101009015&supplier_code=00100005&order_time=2020-09-09 HTTP/1.1" 200 417
180.157.253.48 - - [09/Sep/2020:09:08:31 +0800] "POST /xingrg/kc/buy/cgsh_order_operate.html HTTP/1.1" 200 2065
116.235.241.164 - - [09/Sep/2020:09:08:34 +0800] "GET /xingrg/all/function/internal_message.html?_=1599613712611&CODE_STATE=getMsg HTTP/1.1" 200 27
172.17.0.240 - - [09/Sep/2020:09:08:34 +0800] "GET /xingrg/check_reg.html?_=1599613712650 HTTP/1.1" 200 22
172.17.0.240 - - [09/Sep/2020:09:08:34 +0800] "GET /xingrg/all/function/internal_message.html?_=1599613712655&CODE_STATE=getMsg HTTP/1.1" 200 27
222.69.141.189 - - [09/Sep/2020:09:08:35 +0800] "GET /xingrg/all/function/internal_message.html?_=1599613708677&CODE_STATE=getMsg HTTP/1.1" 200 27
116.230.74.197 - - [09/Sep/2020:09:08:35 +0800] "GET /xingrg/all/function/internal_message.html?_=1599613712407&CODE_STATE=getMsg HTTP/1.1" 200 27
180.157.253.48 - - [09/Sep/2020:09:08:38 +0800] "GET /xingrg/kc/buy/cgsh_order_operate.html?command=get_materiel&rest_code=00148&code=00101012026&supplier_code=00100007&order_time=2020-09-09 HTTP/1.1" 200 408
120.253.135.82 - - [09/Sep/2020:09:08:40 +0800] "GET /xingrg/all/function/internal_message.html?_=1599613468513&CODE_STATE=getMsg HTTP/1.1" 200 27
172.17.0.185 - - [09/Sep/2020:09:08:41 +0800] "GET /xingrg/all/function/internal_message.html?_=1599613719121&CODE_STATE=getMsg HTTP/1.1" 302 -
218.81.217.115 - - [09/Sep/2020:09:08:41 +0800] "GET /xingrg/kc/buy/cgsh_order_operate.html?command=get_materiel&rest_code=00146&code=00101008061&supplier_code=00100005&order_time=2020-09-09 HTTP/1.1" 200 422
116.230.74.197 - - [09/Sep/2020:09:08:41 +0800] "GET /xingrg/kc/buy/cgsh_order_operate.html?command=get_materiel&rest_code=00107&code=00101008323&supplier_code=00100006&order_time=2020-09-09 HTTP/1.1" 200 408
218.81.217.115 - - [09/Sep/2020:09:08:42 +0800] "POST /xingrg/kc/buy/cgsh_order_operate.html HTTP/1.1" 200 2065
218.81.217.115 - - [09/Sep/2020:09:08:44 +0800] "GET /xingrg/all/function/internal_message.html?_=1599613732764&CODE_STATE=getMsg HTTP/1.1" 200 27
180.157.253.48 - - [09/Sep/2020:09:08:47 +0800] "GET /xingrg/kc/buy/cgsh_order_operate.html?command=get_materiel&rest_code=00148&code=00101008168&supplier_code=00100007&order_time=2020-09-09 HTTP/1.1" 200 413
117.184.7.26 - - [09/Sep/2020:09:08:47 +0800] "GET /xingrg/all/function/internal_message.html?_=1599614580739&CODE_STATE=getMsg HTTP/1.1" 200 27
218.81.217.115 - - [09/Sep/2020:09:08:49 +0800] "GET /xingrg/kc/buy/cgsh_order_operate.html?command=get_materiel&rest_code=00146&code=00101008221&supplier_code=00100005&order_time=2020-09-09 HTTP/1.1" 200 412
114.82.29.189 - - [09/Sep/2020:09:08:52 +0800] "GET /xingrg/all/function/internal_message.html?_=1599613732246&CODE_STATE=getMsg HTTP/1.1" 200 27
180.157.253.48 - - [09/Sep/2020:09:08:52 +0800] "GET /xingrg/kc/buy/cgsh_order_operate.html?command=get_materiel&rest_code=00148&code=00101009004&supplier_code=00100007&order_time=2020-09-09 HTTP/1.1" 200 409
58.40.7.146 - - [09/Sep/2020:09:08:54 +0800] "GET /xingrg/index.html?sysBaseUrl=http%3A%2F%2F180.169.147.146%3A18081%2Fxingrg%2F&costTime=45×tamp=1597139721527 HTTP/1.1" 302 -
58.40.7.146 - - [09/Sep/2020:09:08:54 +0800] "GET /xingrg/login.html HTTP/1.1" 200 7641
58.40.7.146 - - [09/Sep/2020:09:08:54 +0800] "GET /xingrg/images/blue/jxLogo.png HTTP/1.1" 200 6156
116.230.74.197 - - [09/Sep/2020:09:08:55 +0800] "GET /xingrg/kc/buy/cgsh_order_operate.html?command=get_materiel&rest_code=00107&code=00101008302&supplier_code=00100006&order_time=2020-09-09 HTTP/1.1" 200 412
218.81.217.115 - - [09/Sep/2020:09:08:55 +0800] "GET /xingrg/all/function/internal_message.html?_=1599613742452&CODE_STATE=getMsg HTTP/1.1" 200 27
116.238.90.59 - - [09/Sep/2020:09:08:59 +0800] "GET /xingrg/all/function/internal_message.html?_=1599613944570&CODE_STATE=getMsg HTTP/1.1" 200 27
172.17.0.117 - - [09/Sep/2020:09:08:59 +0800] "GET /xingrg/all/function/internal_message.html?_=1599613742615&CODE_STATE=getMsg HTTP/1.1" 200 27
114.88.166.242 - - [09/Sep/2020:09:09:00 +0800] "GET /xingrg/all/function/internal_message.html?_=1599613739308&CODE_STATE=getMsg HTTP/1.1" 200 27
180.157.253.48 - - [09/Sep/2020:09:09:02 +0800] "GET /xingrg/kc/buy/cgsh_order_operate.html?command=get_materiel&rest_code=00148&code=00101009011&supplier_code=00100007&order_time=2020-09-09 HTTP/1.1" 200 416
116.238.71.173 - - [09/Sep/2020:09:09:02 +0800] "GET /xingrg/check_reg.html?_=1599613741240 HTTP/1.1" 200 22
116.238.71.173 - - [09/Sep/2020:09:09:02 +0800] "GET /xingrg/all/function/internal_message.html?_=1599613741351&CODE_STATE=getMsg HTTP/1.1" 200 27
218.81.217.115 - - [09/Sep/2020:09:09:07 +0800] "GET /xingrg/kc/buy/cgsh_order_operate.html?command=get_materiel&rest_code=00146&code=00101015038&supplier_code=00100005&order_time=2020-09-09 HTTP/1.1" 200 418
180.157.253.48 - - [09/Sep/2020:09:09:08 +0800] "GET /xingrg/kc/buy/cgsh_order_operate.html?command=get_materiel&rest_code=00148&code=00101009003&supplier_code=00100007&order_time=2020-09-09 HTTP/1.1" 200 408
180.157.253.48 - - [09/Sep/2020:09:09:10 +0800] "GET /xingrg/check_reg.html?_=1599613751423 HTTP/1.1" 200 22
172.17.200.101 - - [09/Sep/2020:09:09:10 +0800] "GET /xingrg/all/function/internal_message.html?_=1599613750153&CODE_STATE=getMsg HTTP/1.1" 200 27
180.157.253.48 - - [09/Sep/2020:09:09:11 +0800] "GET /xingrg/all/function/internal_message.html?_=1599613751748&CODE_STATE=getMsg HTTP/1.1" 200 27
180.157.253.48 - - [09/Sep/2020:09:09:13 +0800] "POST /xingrg/kc/buy/cgsh_order_operate.html HTTP/1.1" 200 2065
218.81.217.115 - - [09/Sep/2020:09:09:16 +0800] "GET /xingrg/kc/buy/cgsh_order_operate.html?command=get_materiel&rest_code=00146&code=00101015044&supplier_code=00100005&order_time=2020-09-09 HTTP/1.1" 200 408
116.230.74.197 - - [09/Sep/2020:09:09:19 +0800] "GET /xingrg/kc/buy/cgsh_order_operate.html?command=get_materiel&rest_code=00107&code=00101008257&supplier_code=00100006&order_time=2020-09-09 HTTP/1.1" 200 416
180.157.253.48 - - [09/Sep/2020:09:09:22 +0800] "GET /xingrg/kc/buy/cgsh_order_operate.html?command=get_materiel&rest_code=00148&code=00101009016&supplier_code=00100007&order_time=2020-09-09 HTTP/1.1" 200 414
58.37.9.106 - - [09/Sep/2020:09:09:22 +0800] "GET /xingrg/all/function/internal_message.html?_=1599613756192&CODE_STATE=getMsg HTTP/1.1" 200 27
114.88.166.242 - - [09/Sep/2020:09:09:25 +0800] "GET /xingrg/all/function/internal_message.html?_=1599613823890&CODE_STATE=getMsg HTTP/1.1" 200 27
117.184.7.30 - - [09/Sep/2020:09:09:26 +0800] "GET /xingrg/all/function/internal_message.html?_=1599613761164&CODE_STATE=getMsg HTTP/1.1" 200 27
218.81.217.115 - - [09/Sep/2020:09:09:28 +0800] "GET /xingrg/kc/buy/cgsh_order_operate.html?command=get_materiel&rest_code=00146&code=00101008102&supplier_code=00100005&order_time=2020-09-09 HTTP/1.1" 200 431
172.17.0.101 - - [09/Sep/2020:09:09:28 +0800] "GET /xingrg/all/function/internal_message.html?_=1599613765114&CODE_STATE=getMsg HTTP/1.1" 200 27
180.157.253.48 - - [09/Sep/2020:09:09:29 +0800] "GET /xingrg/kc/buy/cgsh_order_operate.html?command=get_materiel&rest_code=00148&code=00101009013&supplier_code=00100007&order_time=2020-09-09 HTTP/1.1" 200 420
218.81.217.115 - - [09/Sep/2020:09:09:29 +0800] "POST /xingrg/services/DataTransmitService HTTP/1.1" 200 524
218.81.217.115 - - [09/Sep/2020:09:09:31 +0800] "POST /xingrg/kc/buy/cgsh_order_operate.html HTTP/1.1" 200 2065
116.230.74.197 - - [09/Sep/2020:09:09:32 +0800] "GET /xingrg/kc/buy/cgsh_order_operate.html?command=get_materiel&rest_code=00107&code=00101008244&supplier_code=00100006&order_time=2020-09-09 HTTP/1.1" 200 408
116.235.241.164 - - [09/Sep/2020:09:09:34 +0800] "GET /xingrg/all/function/internal_message.html?_=1599613772610&CODE_STATE=getMsg HTTP/1.1" 200 27
172.17.0.240 - - [09/Sep/2020:09:09:34 +0800] "GET /xingrg/all/function/internal_message.html?_=1599613772656&CODE_STATE=getMsg HTTP/1.1" 200 27
172.17.0.101 - - [09/Sep/2020:09:09:34 +0800] "GET /xingrg/kc/buy/cgsh_order_list.html HTTP/1.1" 200 43916
116.230.74.197 - - [09/Sep/2020:09:09:35 +0800] "GET /xingrg/all/function/internal_message.html?_=1599613772389&CODE_STATE=getMsg HTTP/1.1" 200 27
222.69.141.189 - - [09/Sep/2020:09:09:35 +0800] "GET /xingrg/check_reg.html?_=1599613768621 HTTP/1.1" 200 22
222.69.141.189 - - [09/Sep/2020:09:09:35 +0800] "GET /xingrg/all/function/internal_message.html?_=1599613768643&CODE_STATE=getMsg HTTP/1.1" 200 27
172.17.0.101 - - [09/Sep/2020:09:09:35 +0800] "POST /xingrg/kc/buy/cgsh_list_operate.html HTTP/1.1" 200 876
218.81.217.115 - - [09/Sep/2020:09:09:36 +0800] "GET /xingrg/kc/buy/cgsh_order_operate.html?command=get_materiel&rest_code=00146&code=00101008123&supplier_code=00100005&order_time=2020-09-09 HTTP/1.1" 200 412
180.157.253.48 - - [09/Sep/2020:09:09:38 +0800] "GET /xingrg/kc/buy/cgsh_order_operate.html?command=get_materiel&rest_code=00148&code=00101020152&supplier_code=00100007&order_time=2020-09-09 HTTP/1.1" 200 416
120.253.135.82 - - [09/Sep/2020:09:09:40 +0800] "GET /xingrg/all/function/internal_message.html?_=1599613528566&CODE_STATE=getMsg HTTP/1.1" 200 27
172.17.0.185 - - [09/Sep/2020:09:09:41 +0800] "GET /xingrg/all/function/internal_message.html?_=1599613779131&CODE_STATE=getMsg HTTP/1.1" 302 -
218.81.217.115 - - [09/Sep/2020:09:09:43 +0800] "GET /xingrg/kc/buy/cgsh_order_operate.html?command=get_materiel&rest_code=00146&code=00101008271&supplier_code=00100005&order_time=2020-09-09 HTTP/1.1" 200 408
116.230.74.197 - - [09/Sep/2020:09:09:44 +0800] "GET /xingrg/kc/buy/cgsh_order_operate.html?command=get_materiel&rest_code=00107&code=00101008028&supplier_code=00100006&order_time=2020-09-09 HTTP/1.1" 200 412
180.157.253.48 - - [09/Sep/2020:09:09:44 +0800] "GET /xingrg/kc/buy/cgsh_order_operate.html?command=get_materiel&rest_code=00148&code=00101008236&supplier_code=00100007&order_time=2020-09-09 HTTP/1.1" 200 417
218.81.217.115 - - [09/Sep/2020:09:09:44 +0800] "GET /xingrg/all/function/internal_message.html?_=1599613792777&CODE_STATE=getMsg HTTP/1.1" 200 27
117.184.7.26 - - [09/Sep/2020:09:09:47 +0800] "GET /xingrg/all/function/internal_message.html?_=1599614640738&CODE_STATE=getMsg HTTP/1.1" 200 27
172.17.0.101 - - [09/Sep/2020:09:09:51 +0800] "POST /xingrg/kc/buy/cgsh_list_operate.html HTTP/1.1" 200 2815
180.157.253.48 - - [09/Sep/2020:09:09:51 +0800] "GET /xingrg/kc/buy/cgsh_order_operate.html?command=get_materiel&rest_code=00148&code=00101020144&supplier_code=00100007&order_time=2020-09-09 HTTP/1.1" 200 449
114.82.29.189 - - [09/Sep/2020:09:09:52 +0800] "GET /xingrg/all/function/internal_message.html?_=1599613792237&CODE_STATE=getMsg HTTP/1.1" 200 27
172.17.0.101 - - [09/Sep/2020:09:09:53 +0800] "POST /xingrg/kc/buy/cgsh_list_operate.html HTTP/1.1" 200 278
116.230.74.197 - - [09/Sep/2020:09:09:53 +0800] "GET /xingrg/kc/buy/cgsh_order_operate.html?command=get_materiel&rest_code=00107&code=00101008298&supplier_code=00100006&order_time=2020-09-09 HTTP/1.1" 200 431
218.81.217.115 - - [09/Sep/2020:09:09:53 +0800] "GET /xingrg/kc/buy/cgsh_order_operate.html?command=get_materiel&rest_code=00146&code=00101008362&supplier_code=00100005&order_time=2020-09-09 HTTP/1.1" 200 408
172.17.0.101 - - [09/Sep/2020:09:09:54 +0800] "POST /xingrg/kc/buy/cgsh_list_operate.html HTTP/1.1" 200 202
218.81.217.115 - - [09/Sep/2020:09:09:55 +0800] "GET /xingrg/check_reg.html?_=1599613801924 HTTP/1.1" 200 22
218.81.217.115 - - [09/Sep/2020:09:09:55 +0800] "GET /xingrg/all/function/internal_message.html?_=1599613802466&CODE_STATE=getMsg HTTP/1.1" 200 27
172.17.0.101 - - [09/Sep/2020:09:09:56 +0800] "POST /xingrg/kc/buy/cgsh_list_operate.html HTTP/1.1" 200 200
116.230.74.197 - - [09/Sep/2020:09:09:57 +0800] "POST /xingrg/kc/buy/cgsh_order_operate.html HTTP/1.1" 200 2065
172.17.0.101 - - [09/Sep/2020:09:09:58 +0800] "POST /xingrg/kc/buy/cgsh_list_operate.html HTTP/1.1" 200 278
116.238.90.59 - - [09/Sep/2020:09:09:59 +0800] "GET /xingrg/all/function/internal_message.html?_=1599614004656&CODE_STATE=getMsg HTTP/1.1" 200 27
172.17.0.117 - - [09/Sep/2020:09:09:59 +0800] "GET /xingrg/check_reg.html?_=1599613802622 HTTP/1.1" 200 22
172.17.0.117 - - [09/Sep/2020:09:09:59 +0800] "GET /xingrg/all/function/internal_message.html?_=1599613802625&CODE_STATE=getMsg HTTP/1.1" 200 27
114.88.166.242 - - [09/Sep/2020:09:10:00 +0800] "GET /xingrg/all/function/internal_message.html?_=1599613799320&CODE_STATE=getMsg HTTP/1.1" 200 27
116.238.71.173 - - [09/Sep/2020:09:10:02 +0800] "GET /xingrg/all/function/internal_message.html?_=1599613801383&CODE_STATE=getMsg HTTP/1.1" 200 27
116.230.74.197 - - [09/Sep/2020:09:10:03 +0800] "GET /xingrg/kc/buy/cgsh_order_operate.html?command=get_materiel&rest_code=00107&code=00101008038&supplier_code=00100006&order_time=2020-09-09 HTTP/1.1" 200 412
61.151.178.197 - - [09/Sep/2020:09:10:05 +0800] "GET /xingrg/all/function/internal_message.html?_=1599613036167&CODE_STATE=getMsg HTTP/1.1" 302 -
172.17.0.101 - - [09/Sep/2020:09:10:06 +0800] "POST /xingrg/kc/buy/cgsh_list_operate.html HTTP/1.1" 200 3558
172.17.0.101 - - [09/Sep/2020:09:10:07 +0800] "POST /xingrg/kc/buy/cgsh_list_operate.html HTTP/1.1" 200 579
172.17.200.101 - - [09/Sep/2020:09:10:10 +0800] "GET /xingrg/all/function/internal_message.html?_=1599613810154&CODE_STATE=getMsg HTTP/1.1" 200 27
180.157.253.48 - - [09/Sep/2020:09:10:11 +0800] "GET /xingrg/all/function/internal_message.html?_=1599613811726&CODE_STATE=getMsg HTTP/1.1" 200 27
116.238.71.173 - - [09/Sep/2020:09:10:13 +0800] "GET /xingrg/kc/buy/cgsh_order_operate.html?command=get_materiel&rest_code=00150&code=00101008296&supplier_code=00100007&order_time=2020-09-09 HTTP/1.1" 200 416
61.151.178.197 - - [09/Sep/2020:09:10:15 +0800] "GET /xingrg/login.html HTTP/1.1" 200 7641
172.17.0.101 - - [09/Sep/2020:09:10:15 +0800] "POST /xingrg/kc/buy/cgsh_list_operate.html HTTP/1.1" 200 278
116.230.74.197 - - [09/Sep/2020:09:10:16 +0800] "GET /xingrg/kc/buy/cgsh_order_operate.html?command=get_materiel&rest_code=00107&code=00101008283&supplier_code=00100006&order_time=2020-09-09 HTTP/1.1" 200 408
172.17.0.101 - - [09/Sep/2020:09:10:17 +0800] "POST /xingrg/kc/buy/cgsh_list_operate.html HTTP/1.1" 200 278
218.81.217.115 - - [09/Sep/2020:09:10:18 +0800] "GET /xingrg/kc/buy/cgsh_order_operate.html?command=get_materiel&rest_code=00146&code=00101008092&supplier_code=00100005&order_time=2020-09-09 HTTP/1.1" 200 412
172.17.0.101 - - [09/Sep/2020:09:10:18 +0800] "POST /xingrg/kc/buy/cgsh_list_operate.html HTTP/1.1" 200 200
172.17.0.101 - - [09/Sep/2020:09:10:19 +0800] "POST /xingrg/kc/buy/cgsh_list_operate.html HTTP/1.1" 200 202
180.157.253.48 - - [09/Sep/2020:09:10:19 +0800] "POST /xingrg/kc/buy/cgsh_order_operate.html HTTP/1.1" 200 2065
172.17.0.101 - - [09/Sep/2020:09:10:20 +0800] "POST /xingrg/kc/buy/cgsh_list_operate.html HTTP/1.1" 200 278
116.238.71.173 - - [09/Sep/2020:09:10:22 +0800] "GET /xingrg/kc/buy/cgsh_order_operate.html?command=get_materiel&rest_code=00150&code=00101015038&supplier_code=00100007&order_time=2020-09-09 HTTP/1.1" 200 419
58.37.9.106 - - [09/Sep/2020:09:10:22 +0800] "GET /xingrg/all/function/internal_message.html?_=1599613816191&CODE_STATE=getMsg HTTP/1.1" 200 27
114.88.166.242 - - [09/Sep/2020:09:10:25 +0800] "GET /xingrg/all/function/internal_message.html?_=1599613883889&CODE_STATE=getMsg HTTP/1.1" 200 27
117.184.7.30 - - [09/Sep/2020:09:10:26 +0800] "GET /xingrg/all/function/internal_message.html?_=1599613821148&CODE_STATE=getMsg HTTP/1.1" 200 27
116.238.71.173 - - [09/Sep/2020:09:10:27 +0800] "GET /xingrg/kc/buy/cgsh_order_operate.html?command=get_materiel&rest_code=00150&code=00101008102&supplier_code=00100007&order_time=2020-09-09 HTTP/1.1" 200 432
172.17.0.101 - - [09/Sep/2020:09:10:28 +0800] "GET /xingrg/all/function/internal_message.html?_=1599613825100&CODE_STATE=getMsg HTTP/1.1" 200 27
116.230.74.197 - - [09/Sep/2020:09:10:28 +0800] "GET /xingrg/kc/buy/cgsh_order_operate.html?command=get_materiel&rest_code=00107&code=00101008224&supplier_code=00100006&order_time=2020-09-09 HTTP/1.1" 200 416
218.81.217.115 - - [09/Sep/2020:09:10:29 +0800] "GET /xingrg/kc/buy/cgsh_order_operate.html?command=get_materiel&rest_code=00146&code=00101008499&supplier_code=00100005&order_time=2020-09-09 HTTP/1.1" 200 403
116.238.71.173 - - [09/Sep/2020:09:10:33 +0800] "GET /xingrg/kc/buy/cgsh_order_operate.html?command=get_materiel&rest_code=00150&code=00101008095&supplier_code=00100007&order_time=2020-09-09 HTTP/1.1" 200 412
116.235.241.164 - - [09/Sep/2020:09:10:34 +0800] "GET /xingrg/all/function/internal_message.html?_=1599613832628&CODE_STATE=getMsg HTTP/1.1" 200 27
218.81.217.115 - - [09/Sep/2020:09:10:34 +0800] "POST /xingrg/kc/buy/cgsh_order_operate.html HTTP/1.1" 200 2065
172.17.0.240 - - [09/Sep/2020:09:10:34 +0800] "GET /xingrg/all/function/internal_message.html?_=1599613832660&CODE_STATE=getMsg HTTP/1.1" 200 27
116.230.74.197 - - [09/Sep/2020:09:10:35 +0800] "GET /xingrg/all/function/internal_message.html?_=1599613832372&CODE_STATE=getMsg HTTP/1.1" 200 27
222.69.141.189 - - [09/Sep/2020:09:10:35 +0800] "GET /xingrg/all/function/internal_message.html?_=1599613828624&CODE_STATE=getMsg HTTP/1.1" 200 27
120.253.135.82 - - [09/Sep/2020:09:10:38 +0800] "GET /xingrg/check_reg.html?_=1599613587029 HTTP/1.1" 200 22
120.253.135.82 - - [09/Sep/2020:09:10:40 +0800] "GET /xingrg/all/function/internal_message.html?_=1599613588611&CODE_STATE=getMsg HTTP/1.1" 200 27
172.17.0.185 - - [09/Sep/2020:09:10:41 +0800] "GET /xingrg/check_reg.html?_=1599613839133 HTTP/1.1" 302 -
172.17.0.185 - - [09/Sep/2020:09:10:41 +0800] "GET /xingrg/all/function/internal_message.html?_=1599613839134&CODE_STATE=getMsg HTTP/1.1" 302 -
218.81.217.115 - - [09/Sep/2020:09:10:41 +0800] "GET /xingrg/kc/buy/cgsh_order_operate.html?command=get_materiel&rest_code=00146&code=00101008307&supplier_code=00100005&order_time=2020-09-09 HTTP/1.1" 200 422
116.238.71.173 - - [09/Sep/2020:09:10:43 +0800] "POST /xingrg/kc/buy/cgsh_order_operate.html HTTP/1.1" 200 37
116.230.74.197 - - [09/Sep/2020:09:10:43 +0800] "GET /xingrg/kc/buy/cgsh_order_operate.html?command=get_materiel&rest_code=00107&code=00101008185&supplier_code=00100006&order_time=2020-09-09 HTTP/1.1" 200 408
116.238.71.173 - - [09/Sep/2020:09:10:44 +0800] "POST /xingrg/kc/buy/cgsh_order_operate.html HTTP/1.1" 200 24540
218.81.217.115 - - [09/Sep/2020:09:10:44 +0800] "GET /xingrg/all/function/internal_message.html?_=1599613852809&CODE_STATE=getMsg HTTP/1.1" 200 27
117.184.7.26 - - [09/Sep/2020:09:10:47 +0800] "GET /xingrg/all/function/internal_message.html?_=1599614700736&CODE_STATE=getMsg HTTP/1.1" 200 27
114.82.29.189 - - [09/Sep/2020:09:10:52 +0800] "GET /xingrg/all/function/internal_message.html?_=1599613852235&CODE_STATE=getMsg HTTP/1.1" 200 27
116.230.74.197 - - [09/Sep/2020:09:10:52 +0800] "GET /xingrg/kc/buy/cgsh_order_operate.html?command=get_materiel&rest_code=00107&code=00101008003&supplier_code=00100006&order_time=2020-09-09 HTTP/1.1" 200 408
116.230.74.197 - - [09/Sep/2020:09:10:54 +0800] "POST /xingrg/kc/buy/cgsh_order_operate.html HTTP/1.1" 200 2065
218.81.217.115 - - [09/Sep/2020:09:10:56 +0800] "GET /xingrg/all/function/internal_message.html?_=1599613862479&CODE_STATE=getMsg HTTP/1.1" 200 27
116.238.71.173 - - [09/Sep/2020:09:10:56 +0800] "POST /xingrg/kc/buy/cgsh_order_operate.html HTTP/1.1" 200 37
116.238.71.173 - - [09/Sep/2020:09:10:57 +0800] "POST /xingrg/kc/buy/cgsh_order_operate.html HTTP/1.1" 200 24540
116.238.90.59 - - [09/Sep/2020:09:10:59 +0800] "GET /xingrg/all/function/internal_message.html?_=1599614064660&CODE_STATE=getMsg HTTP/1.1" 200 27
172.17.0.117 - - [09/Sep/2020:09:10:59 +0800] "GET /xingrg/all/function/internal_message.html?_=1599613862629&CODE_STATE=getMsg HTTP/1.1" 200 27
114.88.166.242 - - [09/Sep/2020:09:11:01 +0800] "GET /xingrg/all/function/internal_message.html?_=1599613859420&CODE_STATE=getMsg HTTP/1.1" 200 27
116.230.74.197 - - [09/Sep/2020:09:11:02 +0800] "GET /xingrg/kc/buy/cgsh_order_operate.html?command=get_materiel&rest_code=00107&code=00101008356&supplier_code=00100006&order_time=2020-09-09 HTTP/1.1" 200 409
116.238.71.173 - - [09/Sep/2020:09:11:02 +0800] "POST /xingrg/all/user/operate.html HTTP/1.1" 200 36
116.238.71.173 - - [09/Sep/2020:09:11:04 +0800] "GET /xingrg/javascript/jquery_easy_ui/themes/default/easyui.css HTTP/1.1" 304 -
116.238.71.173 - - [09/Sep/2020:09:11:04 +0800] "GET /xingrg/javascript/jquery_easy_ui/themes/icon.css HTTP/1.1" 304 -
116.238.71.173 - - [09/Sep/2020:09:11:04 +0800] "GET /xingrg/css/form.css HTTP/1.1" 304 -
116.238.71.173 - - [09/Sep/2020:09:11:04 +0800] "GET /xingrg/javascript/jquery-1.4.2.min.js HTTP/1.1" 304 -
116.238.71.173 - - [09/Sep/2020:09:11:04 +0800] "GET /xingrg/javascript/jquery_easy_ui/jquery.easyui.min.js HTTP/1.1" 304 -
116.238.71.173 - - [09/Sep/2020:09:11:04 +0800] "GET /xingrg/javascript/jquery_easy_ui/easyui-lang-zh_CN.js HTTP/1.1" 304 -
58.247.206.155 - - [09/Sep/2020:09:11:05 +0800] "GET /xingrg/all/function/internal_message.html?_=1599613096167&CODE_STATE=getMsg HTTP/1.1" 302 -
116.238.71.173 - - [09/Sep/2020:09:11:05 +0800] "GET /xingrg/javascript/jquery.form.js HTTP/1.1" 304 -
116.238.71.173 - - [09/Sep/2020:09:11:05 +0800] "GET /xingrg/javascript/jquery.utils.js HTTP/1.1" 304 -
116.238.71.173 - - [09/Sep/2020:09:11:05 +0800] "GET /xingrg/javascript/jquery.timers.js HTTP/1.1" 304 -
116.238.71.173 - - [09/Sep/2020:09:11:05 +0800] "GET /xingrg/index.html?sysBaseUrl=http%3A%2F%2F180.169.147.146%3A18081%2Fxingrg%2F&costTime=85×tamp=1599613404211 HTTP/1.1" 200 17177
116.238.71.173 - - [09/Sep/2020:09:11:05 +0800] "GET /xingrg/images/blue/jxLogo.png HTTP/1.1" 304 -
116.238.71.173 - - [09/Sep/2020:09:11:05 +0800] "GET /xingrg/images/blue/navBackgound.jpg HTTP/1.1" 304 -
116.238.71.173 - - [09/Sep/2020:09:11:05 +0800] "GET /xingrg/javascript/jquery_easy_ui/themes/icons/settle_new.png HTTP/1.1" 304 -
116.238.71.173 - - [09/Sep/2020:09:11:05 +0800] "POST /xingrg/all/common/load_tree.html?tree=area_rest_tree_json&manage=1 HTTP/1.1" 200 476
116.238.71.173 - - [09/Sep/2020:09:11:05 +0800] "GET /xingrg/all/function/internal_message.html?_=1599613864108&CODE_STATE=count HTTP/1.1" 200 11
116.238.71.173 - - [09/Sep/2020:09:11:05 +0800] "GET /xingrg/check_reg.html?_=1599613864110 HTTP/1.1" 200 22
116.238.71.173 - - [09/Sep/2020:09:11:05 +0800] "GET /xingrg/javascript/jquery_easy_ui/themes/default/images/tabs_rightarrow.png HTTP/1.1" 304 -
116.238.71.173 - - [09/Sep/2020:09:11:05 +0800] "GET /xingrg/javascript/jquery_easy_ui/themes/default/images/tabs_leftarrow.png HTTP/1.1" 304 -
116.238.71.173 - - [09/Sep/2020:09:11:05 +0800] "GET /xingrg/images/blue/pingpu.png HTTP/1.1" 304 -
116.238.71.173 - - [09/Sep/2020:09:11:05 +0800] "GET /xingrg/javascript/jquery_easy_ui/themes/default/images/panel_tool_collapse.gif HTTP/1.1" 304 -
116.238.71.173 - - [09/Sep/2020:09:11:05 +0800] "POST /xingrg/load_menu.html HTTP/1.1" 200 5138
116.238.71.173 - - [09/Sep/2020:09:11:08 +0800] "GET /xingrg/kc/buy/cgsh_order_list.html HTTP/1.1" 200 43934
116.238.71.173 - - [09/Sep/2020:09:11:08 +0800] "POST /xingrg/kc/buy/cgsh_list_operate.html HTTP/1.1" 200 876
116.230.74.197 - - [09/Sep/2020:09:11:10 +0800] "GET /xingrg/kc/buy/cgsh_order_operate.html?command=get_materiel&rest_code=00107&code=00101008415&supplier_code=00100006&order_time=2020-09-09 HTTP/1.1" 200 398
116.238.71.173 - - [09/Sep/2020:09:11:10 +0800] "GET /xingrg/kc/buy/cgsh_order_add.html HTTP/1.1" 200 59310
116.238.71.173 - - [09/Sep/2020:09:11:10 +0800] "POST /xingrg/kc/buy/cgsh_order_operate.html HTTP/1.1" 200 8245
116.238.71.173 - - [09/Sep/2020:09:11:10 +0800] "GET /xingrg/javascript/easyui/themes/default/validatebox.css HTTP/1.1" 404 1104
172.17.200.101 - - [09/Sep/2020:09:11:10 +0800] "GET /xingrg/all/function/internal_message.html?_=1599613870161&CODE_STATE=getMsg HTTP/1.1" 200 27
180.157.253.48 - - [09/Sep/2020:09:11:11 +0800] "GET /xingrg/all/function/internal_message.html?_=1599613871718&CODE_STATE=getMsg HTTP/1.1" 200 27
116.238.71.173 - - [09/Sep/2020:09:11:12 +0800] "GET /xingrg/javascript/auto/indicator.gif HTTP/1.1" 404 1066
58.247.206.155 - - [09/Sep/2020:09:11:13 +0800] "GET /xingrg/login.html HTTP/1.1" 200 7641
61.151.178.180 - - [09/Sep/2020:09:11:17 +0800] "GET /xingrg/check_reg.html?_=1599613096166 HTTP/1.1" 302 -
61.151.178.180 - - [09/Sep/2020:09:11:19 +0800] "GET /xingrg/login.html HTTP/1.1" 200 7641
116.238.71.173 - - [09/Sep/2020:09:11:20 +0800] "GET /xingrg/kc/buy/cgsh_order_operate.html?command=get_materiel&rest_code=00151&code=00101008323&supplier_code=00100007&order_time=2020-09-09 HTTP/1.1" 200 408
116.230.74.197 - - [09/Sep/2020:09:11:21 +0800] "GET /xingrg/kc/buy/cgsh_order_operate.html?command=get_materiel&rest_code=00107&code=00101008188&supplier_code=00100006&order_time=2020-09-09 HTTP/1.1" 200 412
58.37.9.106 - - [09/Sep/2020:09:11:22 +0800] "GET /xingrg/all/function/internal_message.html?_=1599613876189&CODE_STATE=getMsg HTTP/1.1" 200 27
114.88.166.242 - - [09/Sep/2020:09:11:25 +0800] "GET /xingrg/all/function/internal_message.html?_=1599613943915&CODE_STATE=getMsg HTTP/1.1" 200 27
117.184.7.30 - - [09/Sep/2020:09:11:26 +0800] "GET /xingrg/all/function/internal_message.html?_=1599613881133&CODE_STATE=getMsg HTTP/1.1" 200 27
172.17.0.101 - - [09/Sep/2020:09:11:28 +0800] "GET /xingrg/all/function/internal_message.html?_=1599613885070&CODE_STATE=getMsg HTTP/1.1" 200 27
172.17.0.101 - - [09/Sep/2020:09:11:29 +0800] "GET /xingrg/check_reg.html?_=1599613885587 HTTP/1.1" 200 22
116.238.71.173 - - [09/Sep/2020:09:11:33 +0800] "GET /xingrg/kc/buy/cgsh_order_operate.html?command=get_materiel&rest_code=00151&code=00101008372&supplier_code=00100007&order_time=2020-09-09 HTTP/1.1" 200 408
116.230.74.197 - - [09/Sep/2020:09:11:33 +0800] "GET /xingrg/kc/buy/cgsh_order_operate.html?command=get_materiel&rest_code=00107&code=00101008137&supplier_code=00100006&order_time=2020-09-09 HTTP/1.1" 200 408
116.235.241.164 - - [09/Sep/2020:09:11:34 +0800] "GET /xingrg/check_reg.html?_=1599613892627 HTTP/1.1" 200 22
116.235.241.164 - - [09/Sep/2020:09:11:34 +0800] "GET /xingrg/all/function/internal_message.html?_=1599613892630&CODE_STATE=getMsg HTTP/1.1" 200 27
172.17.0.240 - - [09/Sep/2020:09:11:34 +0800] "GET /xingrg/all/function/internal_message.html?_=1599613892647&CODE_STATE=getMsg HTTP/1.1" 200 27
222.69.141.189 - - [09/Sep/2020:09:11:35 +0800] "GET /xingrg/all/function/internal_message.html?_=1599613888617&CODE_STATE=getMsg HTTP/1.1" 200 27
116.230.74.197 - - [09/Sep/2020:09:11:35 +0800] "GET /xingrg/all/function/internal_message.html?_=1599613892478&CODE_STATE=getMsg HTTP/1.1" 200 27
120.253.135.82 - - [09/Sep/2020:09:11:40 +0800] "GET /xingrg/all/function/internal_message.html?_=1599613648617&CODE_STATE=getMsg HTTP/1.1" 200 27
116.238.71.173 - - [09/Sep/2020:09:11:40 +0800] "GET /xingrg/kc/buy/cgsh_order_operate.html?command=get_materiel&rest_code=00151&code=00101008083&supplier_code=00100007&order_time=2020-09-09 HTTP/1.1" 200 427
172.17.0.185 - - [09/Sep/2020:09:11:41 +0800] "GET /xingrg/all/function/internal_message.html?_=1599613899135&CODE_STATE=getMsg HTTP/1.1" 302 -
180.157.253.48 - - [09/Sep/2020:09:11:42 +0800] "GET /xingrg/kc/buy/cgsh_order_operate.html?command=get_materiel&rest_code=00148&code=00101008248&supplier_code=00100007&order_time=2020-09-09 HTTP/1.1" 200 412
116.238.71.173 - - [09/Sep/2020:09:11:43 +0800] "POST /xingrg/all/common/load_select.html HTTP/1.1" 200 25
116.230.74.197 - - [09/Sep/2020:09:11:43 +0800] "GET /xingrg/kc/buy/cgsh_order_operate.html?command=get_materiel&rest_code=00107&code=00101008225&supplier_code=00100006&order_time=2020-09-09 HTTP/1.1" 200 416
218.81.217.115 - - [09/Sep/2020:09:11:44 +0800] "GET /xingrg/all/function/internal_message.html?_=1599613912820&CODE_STATE=getMsg HTTP/1.1" 200 27
116.238.71.173 - - [09/Sep/2020:09:11:45 +0800] "GET /xingrg/kc/buy/cgsh_order_operate.html?command=get_materiel_price&rest_code=00151&code=00101008083&unit_code=00100026&supplier_code=00100007&order_time=2020-09-09 HTTP/1.1" 200 27
116.230.74.197 - - [09/Sep/2020:09:11:46 +0800] "POST /xingrg/kc/buy/cgsh_order_operate.html HTTP/1.1" 200 2065
117.184.7.26 - - [09/Sep/2020:09:11:47 +0800] "GET /xingrg/check_reg.html?_=1599614760736 HTTP/1.1" 200 22
117.184.7.26 - - [09/Sep/2020:09:11:47 +0800] "GET /xingrg/all/function/internal_message.html?_=1599614760735&CODE_STATE=getMsg HTTP/1.1" 200 27
116.238.71.173 - - [09/Sep/2020:09:11:51 +0800] "GET /xingrg/kc/buy/cgsh_order_operate.html?command=get_materiel&rest_code=00151&code=00101008318&supplier_code=00100007&order_time=2020-09-09 HTTP/1.1" 200 408
180.157.253.48 - - [09/Sep/2020:09:11:52 +0800] "GET /xingrg/kc/buy/cgsh_order_operate.html?command=get_materiel&rest_code=00148&code=00101008261&supplier_code=00100007&order_time=2020-09-09 HTTP/1.1" 200 408
114.82.29.189 - - [09/Sep/2020:09:11:52 +0800] "GET /xingrg/all/function/internal_message.html?_=1599613912234&CODE_STATE=getMsg HTTP/1.1" 200 27
116.230.74.197 - - [09/Sep/2020:09:11:55 +0800] "GET /xingrg/kc/buy/cgsh_order_operate.html?command=get_materiel&rest_code=00107&code=00101008286&supplier_code=00100006&order_time=2020-09-09 HTTP/1.1" 200 408
218.81.217.115 - - [09/Sep/2020:09:11:56 +0800] "GET /xingrg/all/function/internal_message.html?_=1599613922493&CODE_STATE=getMsg HTTP/1.1" 200 27
116.238.71.173 - - [09/Sep/2020:09:11:58 +0800] "GET /xingrg/kc/buy/cgsh_order_operate.html?command=get_materiel&rest_code=00151&code=00101008114&supplier_code=00100007&order_time=2020-09-09 HTTP/1.1" 200 412
116.238.90.59 - - [09/Sep/2020:09:11:59 +0800] "GET /xingrg/check_reg.html?_=1599614124291 HTTP/1.1" 200 22
218.81.217.115 - - [09/Sep/2020:09:11:59 +0800] "GET /xingrg/kc/buy/cgsh_order_operate.html?command=get_materiel&rest_code=00146&code=00101008212&supplier_code=00100005&order_time=2020-09-09 HTTP/1.1" 200 412
116.238.90.59 - - [09/Sep/2020:09:11:59 +0800] "GET /xingrg/all/function/internal_message.html?_=1599614124673&CODE_STATE=getMsg HTTP/1.1" 200 27
172.17.0.117 - - [09/Sep/2020:09:11:59 +0800] "GET /xingrg/all/function/internal_message.html?_=1599613922632&CODE_STATE=getMsg HTTP/1.1" 200 27
114.88.166.242 - - [09/Sep/2020:09:12:01 +0800] "GET /xingrg/all/function/internal_message.html?_=1599613919426&CODE_STATE=getMsg HTTP/1.1" 200 27
180.157.253.48 - - [09/Sep/2020:09:12:02 +0800] "GET /xingrg/kc/buy/cgsh_order_operate.html?command=get_materiel&rest_code=00148&code=00101008087&supplier_code=00100007&order_time=2020-09-09 HTTP/1.1" 200 412
116.238.71.173 - - [09/Sep/2020:09:12:05 +0800] "GET /xingrg/kc/buy/cgsh_order_operate.html?command=get_materiel&rest_code=00151&code=00101008077&supplier_code=00100007&order_time=2020-09-09 HTTP/1.1" 200 416
116.238.71.173 - - [09/Sep/2020:09:12:05 +0800] "GET /xingrg/all/function/internal_message.html?_=1599613924154&CODE_STATE=getMsg HTTP/1.1" 200 27
116.230.74.197 - - [09/Sep/2020:09:12:07 +0800] "GET /xingrg/kc/buy/cgsh_order_operate.html?command=get_materiel&rest_code=00107&code=00101008036&supplier_code=00100006&order_time=2020-09-09 HTTP/1.1" 200 408
172.17.200.101 - - [09/Sep/2020:09:12:10 +0800] "GET /xingrg/all/function/internal_message.html?_=1599613930163&CODE_STATE=getMsg HTTP/1.1" 200 27
180.157.253.48 - - [09/Sep/2020:09:12:11 +0800] "GET /xingrg/all/function/internal_message.html?_=1599613931700&CODE_STATE=getMsg HTTP/1.1" 200 27
116.238.71.173 - - [09/Sep/2020:09:12:12 +0800] "GET /xingrg/kc/buy/cgsh_order_operate.html?command=get_materiel&rest_code=00151&code=00101008095&supplier_code=00100007&order_time=2020-09-09 HTTP/1.1" 200 412
180.157.253.48 - - [09/Sep/2020:09:12:13 +0800] "GET /xingrg/kc/buy/cgsh_order_operate.html?command=get_materiel&rest_code=00148&code=00101008270&supplier_code=00100007&order_time=2020-09-09 HTTP/1.1" 200 412
116.238.71.173 - - [09/Sep/2020:09:12:18 +0800] "GET /xingrg/kc/buy/cgsh_order_operate.html?command=get_materiel&rest_code=00151&code=00101008221&supplier_code=00100007&order_time=2020-09-09 HTTP/1.1" 200 412
116.230.74.197 - - [09/Sep/2020:09:12:20 +0800] "GET /xingrg/kc/buy/cgsh_order_operate.html?command=get_materiel&rest_code=00107&code=00101008296&supplier_code=00100006&order_time=2020-09-09 HTTP/1.1" 200 416
58.37.9.106 - - [09/Sep/2020:09:12:22 +0800] "GET /xingrg/all/function/internal_message.html?_=1599613936186&CODE_STATE=getMsg HTTP/1.1" 200 27
180.157.253.48 - - [09/Sep/2020:09:12:22 +0800] "GET /xingrg/kc/buy/cgsh_order_operate.html?command=get_materiel&rest_code=00148&code=00101008283&supplier_code=00100007&order_time=2020-09-09 HTTP/1.1" 200 408
116.238.71.173 - - [09/Sep/2020:09:12:24 +0800] "GET /xingrg/kc/buy/cgsh_order_operate.html?command=get_materiel&rest_code=00151&code=00101008264&supplier_code=00100007&order_time=2020-09-09 HTTP/1.1" 200 412
114.88.166.242 - - [09/Sep/2020:09:12:25 +0800] "GET /xingrg/all/function/internal_message.html?_=1599614003916&CODE_STATE=getMsg HTTP/1.1" 200 27
180.157.253.48 - - [09/Sep/2020:09:12:25 +0800] "POST /xingrg/kc/buy/cgsh_order_operate.html HTTP/1.1" 200 2065
117.184.7.30 - - [09/Sep/2020:09:12:26 +0800] "GET /xingrg/all/function/internal_message.html?_=1599613941132&CODE_STATE=getMsg HTTP/1.1" 200 27
172.17.0.101 - - [09/Sep/2020:09:12:28 +0800] "GET /xingrg/all/function/internal_message.html?_=1599613945052&CODE_STATE=getMsg HTTP/1.1" 200 27
180.157.253.48 - - [09/Sep/2020:09:12:29 +0800] "GET /xingrg/kc/buy/cgsh_order_operate.html?command=get_materiel&rest_code=00148&code=00101008417&supplier_code=00100007&order_time=2020-09-09 HTTP/1.1" 200 414
116.238.71.173 - - [09/Sep/2020:09:12:30 +0800] "GET /xingrg/kc/buy/cgsh_order_operate.html?command=get_materiel&rest_code=00151&code=00101008096&supplier_code=00100007&order_time=2020-09-09 HTTP/1.1" 200 412
116.230.74.197 - - [09/Sep/2020:09:12:30 +0800] "GET /xingrg/kc/buy/cgsh_order_operate.html?command=get_materiel&rest_code=00107&code=00101008344&supplier_code=00100006&order_time=2020-09-09 HTTP/1.1" 200 412
116.235.241.164 - - [09/Sep/2020:09:12:34 +0800] "GET /xingrg/all/function/internal_message.html?_=1599613952616&CODE_STATE=getMsg HTTP/1.1" 200 27
172.17.0.240 - - [09/Sep/2020:09:12:34 +0800] "GET /xingrg/all/function/internal_message.html?_=1599613952650&CODE_STATE=getMsg HTTP/1.1" 200 27
116.230.74.197 - - [09/Sep/2020:09:12:35 +0800] "GET /xingrg/check_reg.html?_=1599613952359 HTTP/1.1" 200 22
222.69.141.189 - - [09/Sep/2020:09:12:35 +0800] "GET /xingrg/all/function/internal_message.html?_=1599613948631&CODE_STATE=getMsg HTTP/1.1" 200 27
116.230.74.197 - - [09/Sep/2020:09:12:35 +0800] "GET /xingrg/all/function/internal_message.html?_=1599613952456&CODE_STATE=getMsg HTTP/1.1" 200 27
120.253.135.82 - - [09/Sep/2020:09:12:37 +0800] "GET /xingrg/kc/pszx/mdps_order_list.html?orderType=0 HTTP/1.1" 200 21059
116.238.71.173 - - [09/Sep/2020:09:12:37 +0800] "GET /xingrg/kc/buy/cgsh_order_operate.html?command=get_materiel&rest_code=00151&code=00101008358&supplier_code=00100007&order_time=2020-09-09 HTTP/1.1" 200 412
120.253.135.82 - - [09/Sep/2020:09:12:37 +0800] "POST /xingrg/kc/pszx/mdps_list_operate.html HTTP/1.1" 200 5335
120.253.135.82 - - [09/Sep/2020:09:12:40 +0800] "GET /xingrg/all/function/internal_message.html?_=1599613708669&CODE_STATE=getMsg HTTP/1.1" 200 27
172.17.0.185 - - [09/Sep/2020:09:12:41 +0800] "GET /xingrg/all/function/internal_message.html?_=1599613959121&CODE_STATE=getMsg HTTP/1.1" 302 -
116.230.74.197 - - [09/Sep/2020:09:12:41 +0800] "GET /xingrg/kc/buy/cgsh_order_operate.html?command=get_materiel&rest_code=00107&code=00101008330&supplier_code=00100006&order_time=2020-09-09 HTTP/1.1" 200 408
116.238.71.173 - - [09/Sep/2020:09:12:43 +0800] "GET /xingrg/kc/buy/cgsh_order_operate.html?command=get_materiel&rest_code=00151&code=00101008033&supplier_code=00100007&order_time=2020-09-09 HTTP/1.1" 200 408
218.81.217.115 - - [09/Sep/2020:09:12:44 +0800] "GET /xingrg/check_reg.html?_=1599613972651 HTTP/1.1" 200 22
218.81.217.115 - - [09/Sep/2020:09:12:44 +0800] "GET /xingrg/all/function/internal_message.html?_=1599613972833&CODE_STATE=getMsg HTTP/1.1" 200 27
61.129.6.151 - - [09/Sep/2020:09:12:45 +0800] "GET /xingrg/all/function/internal_message.html?_=1599613216163&CODE_STATE=getMsg HTTP/1.1" 302 -
116.230.74.197 - - [09/Sep/2020:09:12:45 +0800] "POST /xingrg/kc/buy/cgsh_order_operate.html HTTP/1.1" 200 2065
117.184.7.26 - - [09/Sep/2020:09:12:47 +0800] "GET /xingrg/all/function/internal_message.html?_=1599614820734&CODE_STATE=getMsg HTTP/1.1" 200 27
116.238.71.173 - - [09/Sep/2020:09:12:51 +0800] "GET /xingrg/kc/buy/cgsh_order_operate.html?command=get_materiel&rest_code=00151&code=00101016030&supplier_code=00100007&order_time=2020-09-09 HTTP/1.1" 200 412
116.230.74.197 - - [09/Sep/2020:09:12:52 +0800] "GET /xingrg/kc/buy/cgsh_order_operate.html?command=get_materiel&rest_code=00107&code=00101008261&supplier_code=00100006&order_time=2020-09-09 HTTP/1.1" 200 408
114.82.29.189 - - [09/Sep/2020:09:12:52 +0800] "GET /xingrg/check_reg.html?_=1599613972235 HTTP/1.1" 200 22
114.82.29.189 - - [09/Sep/2020:09:12:52 +0800] "GET /xingrg/all/function/internal_message.html?_=1599613972239&CODE_STATE=getMsg HTTP/1.1" 200 27
120.253.135.82 - - [09/Sep/2020:09:12:52 +0800] "POST /xingrg/kc/pszx/mdps_list_operate.html HTTP/1.1" 200 2435
61.129.6.151 - - [09/Sep/2020:09:12:54 +0800] "GET /xingrg/login.html HTTP/1.1" 200 7641
218.81.217.115 - - [09/Sep/2020:09:12:56 +0800] "GET /xingrg/all/function/internal_message.html?_=1599613982506&CODE_STATE=getMsg HTTP/1.1" 200 27
120.253.135.82 - - [09/Sep/2020:09:12:57 +0800] "POST /xingrg/kc/pszx/mdps_list_operate.html HTTP/1.1" 200 365
120.253.135.82 - - [09/Sep/2020:09:12:58 +0800] "GET /xingrg/kc/pszx/mdps_order_info.html?code=312020090900256 HTTP/1.1" 200 23849
120.253.135.82 - - [09/Sep/2020:09:12:59 +0800] "POST /xingrg/kc/pszx/mdps_order_operate.html HTTP/1.1" 200 3267
120.253.135.82 - - [09/Sep/2020:09:12:59 +0800] "GET /xingrg/javascript/easyui/themes/default/validatebox.css HTTP/1.1" 404 1104
116.238.90.59 - - [09/Sep/2020:09:12:59 +0800] "GET /xingrg/all/function/internal_message.html?_=1599614184686&CODE_STATE=getMsg HTTP/1.1" 200 27
172.17.0.117 - - [09/Sep/2020:09:12:59 +0800] "GET /xingrg/all/function/internal_message.html?_=1599613982636&CODE_STATE=getMsg HTTP/1.1" 200 27
180.157.253.48 - - [09/Sep/2020:09:13:00 +0800] "POST /xingrg/kc/buy/cgsh_order_operate.html HTTP/1.1" 200 37
114.88.166.242 - - [09/Sep/2020:09:13:00 +0800] "GET /xingrg/check_reg.html?_=1599613978702 HTTP/1.1" 200 22
114.88.166.242 - - [09/Sep/2020:09:13:01 +0800] "GET /xingrg/all/function/internal_message.html?_=1599613979440&CODE_STATE=getMsg HTTP/1.1" 200 27
180.157.253.48 - - [09/Sep/2020:09:13:01 +0800] "POST /xingrg/kc/buy/cgsh_order_operate.html HTTP/1.1" 200 35175
116.238.71.173 - - [09/Sep/2020:09:13:05 +0800] "GET /xingrg/all/function/internal_message.html?_=1599613984209&CODE_STATE=getMsg HTTP/1.1" 200 27
116.230.74.197 - - [09/Sep/2020:09:13:06 +0800] "GET /xingrg/kc/buy/cgsh_order_operate.html?command=get_materiel&rest_code=00107&code=00101008072&supplier_code=00100006&order_time=2020-09-09 HTTP/1.1" 200 408
116.238.71.173 - - [09/Sep/2020:09:13:07 +0800] "GET /xingrg/kc/buy/cgsh_order_operate.html?command=get_materiel&rest_code=00151&code=00101008357&supplier_code=00100007&order_time=2020-09-09 HTTP/1.1" 200 408
172.17.200.101 - - [09/Sep/2020:09:13:10 +0800] "GET /xingrg/check_reg.html?_=1599613990168 HTTP/1.1" 200 22
172.17.200.101 - - [09/Sep/2020:09:13:10 +0800] "GET /xingrg/all/function/internal_message.html?_=1599613990163&CODE_STATE=getMsg HTTP/1.1" 200 27
180.157.253.48 - - [09/Sep/2020:09:13:11 +0800] "GET /xingrg/all/function/internal_message.html?_=1599613991670&CODE_STATE=getMsg HTTP/1.1" 200 27
116.238.71.173 - - [09/Sep/2020:09:13:13 +0800] "GET /xingrg/kc/buy/cgsh_order_operate.html?command=get_materiel&rest_code=00151&code=00101008244&supplier_code=00100007&order_time=2020-09-09 HTTP/1.1" 200 408
116.238.71.173 - - [09/Sep/2020:09:13:21 +0800] "GET /xingrg/kc/buy/cgsh_order_operate.html?command=get_materiel&rest_code=00151&code=00101008353&supplier_code=00100007&order_time=2020-09-09 HTTP/1.1" 200 408
116.230.74.197 - - [09/Sep/2020:09:13:21 +0800] "GET /xingrg/kc/buy/cgsh_order_operate.html?command=get_materiel&rest_code=00107&code=00101008248&supplier_code=00100006&order_time=2020-09-09 HTTP/1.1" 200 412
58.37.9.106 - - [09/Sep/2020:09:13:22 +0800] "GET /xingrg/check_reg.html?_=1599613996186 HTTP/1.1" 200 22
58.37.9.106 - - [09/Sep/2020:09:13:22 +0800] "GET /xingrg/all/function/internal_message.html?_=1599613996185&CODE_STATE=getMsg HTTP/1.1" 200 27
114.88.166.242 - - [09/Sep/2020:09:13:25 +0800] "GET /xingrg/all/function/internal_message.html?_=1599614063920&CODE_STATE=getMsg HTTP/1.1" 200 27
114.88.166.242 - - [09/Sep/2020:09:13:25 +0800] "GET /xingrg/check_reg.html?_=1599614063923 HTTP/1.1" 200 22
117.184.7.30 - - [09/Sep/2020:09:13:26 +0800] "GET /xingrg/all/function/internal_message.html?_=1599614001171&CODE_STATE=getMsg HTTP/1.1" 200 27
117.184.7.26 - - [09/Sep/2020:09:13:26 +0800] "GET /xingrg/check_reg.html?_=1599614001153 HTTP/1.1" 200 22
172.17.0.101 - - [09/Sep/2020:09:13:28 +0800] "GET /xingrg/all/function/internal_message.html?_=1599614005026&CODE_STATE=getMsg HTTP/1.1" 200 27
116.238.71.173 - - [09/Sep/2020:09:13:28 +0800] "GET /xingrg/kc/buy/cgsh_order_operate.html?command=get_materiel&rest_code=00151&code=00101016025&supplier_code=00100007&order_time=2020-09-09 HTTP/1.1" 200 408
116.235.241.164 - - [09/Sep/2020:09:13:34 +0800] "GET /xingrg/all/function/internal_message.html?_=1599614012616&CODE_STATE=getMsg HTTP/1.1" 200 27
172.17.0.240 - - [09/Sep/2020:09:13:34 +0800] "GET /xingrg/check_reg.html?_=1599614012651 HTTP/1.1" 200 22
172.17.0.240 - - [09/Sep/2020:09:13:34 +0800] "GET /xingrg/all/function/internal_message.html?_=1599614012653&CODE_STATE=getMsg HTTP/1.1" 200 27
116.238.71.173 - - [09/Sep/2020:09:13:34 +0800] "GET /xingrg/kc/buy/cgsh_order_operate.html?command=get_materiel&rest_code=00151&code=00101008049&supplier_code=00100007&order_time=2020-09-09 HTTP/1.1" 200 408
222.69.141.189 - - [09/Sep/2020:09:13:35 +0800] "GET /xingrg/all/function/internal_message.html?_=1599614008616&CODE_STATE=getMsg HTTP/1.1" 200 27
116.230.74.197 - - [09/Sep/2020:09:13:35 +0800] "GET /xingrg/all/function/internal_message.html?_=1599614012454&CODE_STATE=getMsg HTTP/1.1" 200 27
120.253.135.82 - - [09/Sep/2020:09:13:40 +0800] "GET /xingrg/all/function/internal_message.html?_=1599613768675&CODE_STATE=getMsg HTTP/1.1" 200 27
172.17.0.185 - - [09/Sep/2020:09:13:41 +0800] "GET /xingrg/all/function/internal_message.html?_=1599614019129&CODE_STATE=getMsg HTTP/1.1" 302 -
180.157.253.48 - - [09/Sep/2020:09:13:44 +0800] "GET /xingrg/kc/buy/cgsh_order_operate.html?command=get_materiel&rest_code=00148&code=00101008210&supplier_code=00100007&order_time=2020-09-09 HTTP/1.1" 200 408
218.81.217.115 - - [09/Sep/2020:09:13:44 +0800] "GET /xingrg/all/function/internal_message.html?_=1599614032850&CODE_STATE=getMsg HTTP/1.1" 200 27
116.238.71.173 - - [09/Sep/2020:09:13:47 +0800] "GET /xingrg/kc/buy/cgsh_order_operate.html?command=get_materiel&rest_code=00151&code=00101008370&supplier_code=00100007&order_time=2020-09-09 HTTP/1.1" 200 412
117.184.7.26 - - [09/Sep/2020:09:13:47 +0800] "GET /xingrg/all/function/internal_message.html?_=1599614880733&CODE_STATE=getMsg HTTP/1.1" 200 27
116.238.71.173 - - [09/Sep/2020:09:13:51 +0800] "POST /xingrg/kc/buy/cgsh_order_operate.html HTTP/1.1" 200 2065
114.82.29.189 - - [09/Sep/2020:09:13:52 +0800] "GET /xingrg/all/function/internal_message.html?_=1599614032239&CODE_STATE=getMsg HTTP/1.1" 200 27
218.81.217.115 - - [09/Sep/2020:09:13:56 +0800] "GET /xingrg/all/function/internal_message.html?_=1599614042681&CODE_STATE=getMsg HTTP/1.1" 200 27
116.238.71.173 - - [09/Sep/2020:09:13:58 +0800] "GET /xingrg/kc/buy/cgsh_order_operate.html?command=get_materiel&rest_code=00151&code=00101008261&supplier_code=00100007&order_time=2020-09-09 HTTP/1.1" 200 408
116.238.90.59 - - [09/Sep/2020:09:13:59 +0800] "GET /xingrg/all/function/internal_message.html?_=1599614244700&CODE_STATE=getMsg HTTP/1.1" 200 27
172.17.0.117 - - [09/Sep/2020:09:13:59 +0800] "GET /xingrg/all/function/internal_message.html?_=1599614042623&CODE_STATE=getMsg HTTP/1.1" 200 27
114.88.166.242 - - [09/Sep/2020:09:14:01 +0800] "GET /xingrg/all/function/internal_message.html?_=1599614039454&CODE_STATE=getMsg HTTP/1.1" 200 27
218.81.217.115 - - [09/Sep/2020:09:14:01 +0800] "POST /xingrg/kc/buy/cgsh_order_operate.html HTTP/1.1" 200 37
218.81.217.115 - - [09/Sep/2020:09:14:02 +0800] "POST /xingrg/kc/buy/cgsh_order_operate.html HTTP/1.1" 200 51755
116.238.71.173 - - [09/Sep/2020:09:14:05 +0800] "GET /xingrg/kc/buy/cgsh_order_operate.html?command=get_materiel&rest_code=00151&code=00101008355&supplier_code=00100007&order_time=2020-09-09 HTTP/1.1" 200 408
116.238.71.173 - - [09/Sep/2020:09:14:05 +0800] "GET /xingrg/all/function/internal_message.html?_=1599614044273&CODE_STATE=getMsg HTTP/1.1" 200 27
172.17.0.240 - - [09/Sep/2020:09:14:06 +0800] "GET /xingrg/check_reg.html?_=1599614044836 HTTP/1.1" 200 22
172.17.200.101 - - [09/Sep/2020:09:14:10 +0800] "GET /xingrg/all/function/internal_message.html?_=1599614050157&CODE_STATE=getMsg HTTP/1.1" 200 27
180.157.253.48 - - [09/Sep/2020:09:14:10 +0800] "GET /xingrg/check_reg.html?_=1599614051546 HTTP/1.1" 200 22
180.157.253.48 - - [09/Sep/2020:09:14:11 +0800] "GET /xingrg/all/function/internal_message.html?_=1599614052077&CODE_STATE=getMsg HTTP/1.1" 200 27
218.81.217.115 - - [09/Sep/2020:09:14:11 +0800] "GET /xingrg/login.html HTTP/1.1" 200 7641
218.81.217.115 - - [09/Sep/2020:09:14:12 +0800] "GET /favicon.ico HTTP/1.1" 404 -
116.238.71.173 - - [09/Sep/2020:09:14:12 +0800] "GET /xingrg/kc/buy/cgsh_order_operate.html?command=get_materiel&rest_code=00151&code=00101008450&supplier_code=00100007&order_time=2020-09-09 HTTP/1.1" 200 391
218.81.217.115 - - [09/Sep/2020:09:14:13 +0800] "POST /xingrg/login.do HTTP/1.1" 302 -
218.81.217.115 - - [09/Sep/2020:09:14:14 +0800] "GET /xingrg/index.html?sysBaseUrl=http%3A%2F%2F180.169.147.146%3A18081%2Fxingrg%2F&costTime=39×tamp=1599614053997 HTTP/1.1" 200 17179
61.151.178.225 - - [09/Sep/2020:09:14:14 +0800] "GET /xingrg/all/function/internal_message.html?_=1599613336160&CODE_STATE=getMsg HTTP/1.1" 302 -
218.81.217.115 - - [09/Sep/2020:09:14:14 +0800] "GET /xingrg/javascript/jquery.utils.js HTTP/1.1" 304 -
218.81.217.115 - - [09/Sep/2020:09:14:14 +0800] "GET /xingrg/javascript/jquery_easy_ui/themes/icon.css HTTP/1.1" 304 -
218.81.217.115 - - [09/Sep/2020:09:14:14 +0800] "GET /xingrg/javascript/jquery_easy_ui/themes/default/easyui.css HTTP/1.1" 304 -
218.81.217.115 - - [09/Sep/2020:09:14:14 +0800] "GET /xingrg/css/form.css HTTP/1.1" 304 -
218.81.217.115 - - [09/Sep/2020:09:14:14 +0800] "GET /xingrg/javascript/jquery-1.4.2.min.js HTTP/1.1" 304 -
218.81.217.115 - - [09/Sep/2020:09:14:14 +0800] "GET /xingrg/javascript/jquery_easy_ui/jquery.easyui.min.js HTTP/1.1" 304 -
218.81.217.115 - - [09/Sep/2020:09:14:14 +0800] "GET /xingrg/javascript/jquery_easy_ui/easyui-lang-zh_CN.js HTTP/1.1" 304 -
218.81.217.115 - - [09/Sep/2020:09:14:14 +0800] "GET /xingrg/javascript/jquery.form.js HTTP/1.1" 304 -
218.81.217.115 - - [09/Sep/2020:09:14:14 +0800] "GET /xingrg/javascript/jquery.timers.js HTTP/1.1" 304 -
218.81.217.115 - - [09/Sep/2020:09:14:14 +0800] "GET /favicon.ico HTTP/1.1" 404 -
218.81.217.115 - - [09/Sep/2020:09:14:14 +0800] "POST /xingrg/all/common/load_tree.html?tree=area_rest_tree_json&manage=1 HTTP/1.1" 200 351
218.81.217.115 - - [09/Sep/2020:09:14:14 +0800] "GET /xingrg/all/function/internal_message.html?_=1599614060703&CODE_STATE=count HTTP/1.1" 200 11
218.81.217.115 - - [09/Sep/2020:09:14:14 +0800] "GET /xingrg/check_reg.html?_=1599614060704 HTTP/1.1" 200 22
218.81.217.115 - - [09/Sep/2020:09:14:14 +0800] "POST /xingrg/load_menu.html HTTP/1.1" 200 5138
218.81.217.115 - - [09/Sep/2020:09:14:16 +0800] "GET /xingrg/kc/buy/buy_main.html HTTP/1.1" 200 12412
218.81.217.115 - - [09/Sep/2020:09:14:16 +0800] "GET /xingrg/css/new_ie.css HTTP/1.1" 404 1036
218.81.217.115 - - [09/Sep/2020:09:14:16 +0800] "GET /xingrg/css/blue.css HTTP/1.1" 304 -
218.81.217.115 - - [09/Sep/2020:09:14:16 +0800] "GET /xingrg/javascript/jquery_ui/themes/humanity/humanity.css HTTP/1.1" 304 -
218.81.217.115 - - [09/Sep/2020:09:14:16 +0800] "GET /xingrg/javascript/pic_change.js HTTP/1.1" 304 -
218.81.217.115 - - [09/Sep/2020:09:14:16 +0800] "GET /xingrg/javascript/ToolTips.js HTTP/1.1" 304 -
218.81.217.115 - - [09/Sep/2020:09:14:16 +0800] "GET /xingrg/javascript/myfunction.js HTTP/1.1" 304 -
218.81.217.115 - - [09/Sep/2020:09:14:16 +0800] "GET /xingrg/javascript/jquery_ui/jquery-ui.min.js HTTP/1.1" 304 -
