172.17.0.101 - - [09/Sep/2020:08:56:28 +0800] "GET /xingrg/all/function/internal_message.html?_=1599612985423&CODE_STATE=getMsg HTTP/1.1" 200 27
172.17.0.101 - - [09/Sep/2020:08:56:29 +0800] "GET /xingrg/check_reg.html?_=1599612985610 HTTP/1.1" 200 22
218.81.217.115 - - [09/Sep/2020:08:56:30 +0800] "GET /xingrg/all/function/internal_message.html?_=1599612997984&CODE_STATE=getMsg HTTP/1.1" 302 -
116.235.241.164 - - [09/Sep/2020:08:56:34 +0800] "GET /xingrg/all/function/internal_message.html?_=1599612992596&CODE_STATE=getMsg HTTP/1.1" 200 27
116.235.241.164 - - [09/Sep/2020:08:56:34 +0800] "GET /xingrg/check_reg.html?_=1599612992599 HTTP/1.1" 200 22
172.17.0.240 - - [09/Sep/2020:08:56:34 +0800] "GET /xingrg/all/function/internal_message.html?_=1599612992662&CODE_STATE=getMsg HTTP/1.1" 200 27
222.69.141.189 - - [09/Sep/2020:08:56:35 +0800] "GET /xingrg/all/function/internal_message.html?_=1599612988610&CODE_STATE=getMsg HTTP/1.1" 200 27
116.230.74.197 - - [09/Sep/2020:08:56:35 +0800] "GET /xingrg/all/function/internal_message.html?_=1599612992345&CODE_STATE=getMsg HTTP/1.1" 200 27
180.157.253.48 - - [09/Sep/2020:08:56:38 +0800] "GET /xingrg/kc/buy/cgsh_order_operate.html?command=get_materiel&rest_code=00148&code=00101008199&supplier_code=00100007&order_time=2020-09-09 HTTP/1.1" 200 408
120.253.135.82 - - [09/Sep/2020:08:56:39 +0800] "GET /xingrg/all/function/internal_message.html?_=1599612748272&CODE_STATE=getMsg HTTP/1.1" 200 27
172.17.0.185 - - [09/Sep/2020:08:56:41 +0800] "GET /xingrg/all/function/internal_message.html?_=1599612999130&CODE_STATE=getMsg HTTP/1.1" 302 -
180.157.253.48 - - [09/Sep/2020:08:56:43 +0800] "GET /xingrg/kc/buy/cgsh_order_operate.html?command=get_materiel&rest_code=00148&code=00101008224&supplier_code=00100007&order_time=2020-09-09 HTTP/1.1" 200 416
117.184.7.26 - - [09/Sep/2020:08:56:47 +0800] "GET /xingrg/all/function/internal_message.html?_=1599613860702&CODE_STATE=getMsg HTTP/1.1" 200 27
117.184.7.26 - - [09/Sep/2020:08:56:47 +0800] "GET /xingrg/check_reg.html?_=1599613860704 HTTP/1.1" 200 22
180.157.253.48 - - [09/Sep/2020:08:56:49 +0800] "GET /xingrg/kc/buy/cgsh_order_operate.html?command=get_materiel&rest_code=00148&code=00101008264&supplier_code=00100007&order_time=2020-09-09 HTTP/1.1" 200 412
116.238.71.173 - - [09/Sep/2020:08:56:49 +0800] "GET /xingrg/all/function/internal_message.html?_=1599613008256&CODE_STATE=getMsg HTTP/1.1" 200 27
218.81.217.115 - - [09/Sep/2020:08:56:55 +0800] "GET /xingrg/all/function/internal_message.html?_=1599613022102&CODE_STATE=getMsg HTTP/1.1" 200 27
222.69.141.189 - - [09/Sep/2020:08:56:56 +0800] "POST /xingrg/kc/buy/cgsh_order_operate.html HTTP/1.1" 200 37
222.69.141.189 - - [09/Sep/2020:08:56:57 +0800] "POST /xingrg/kc/buy/cgsh_order_operate.html HTTP/1.1" 200 30435
116.238.90.59 - - [09/Sep/2020:08:56:58 +0800] "GET /xingrg/check_reg.html?_=1599613224118 HTTP/1.1" 200 22
116.238.90.59 - - [09/Sep/2020:08:56:58 +0800] "GET /xingrg/all/function/internal_message.html?_=1599613224173&CODE_STATE=getMsg HTTP/1.1" 200 27
172.17.0.117 - - [09/Sep/2020:08:56:59 +0800] "GET /xingrg/all/function/internal_message.html?_=1599613022567&CODE_STATE=getMsg HTTP/1.1" 200 27
114.88.166.242 - - [09/Sep/2020:08:57:00 +0800] "GET /xingrg/all/function/internal_message.html?_=1599613018989&CODE_STATE=getMsg HTTP/1.1" 200 27
180.157.253.48 - - [09/Sep/2020:08:57:10 +0800] "GET /xingrg/all/function/internal_message.html?_=1599613031387&CODE_STATE=getMsg HTTP/1.1" 200 27
172.17.200.101 - - [09/Sep/2020:08:57:10 +0800] "GET /xingrg/all/function/internal_message.html?_=1599613030139&CODE_STATE=getMsg HTTP/1.1" 200 27
61.151.179.84 - - [09/Sep/2020:08:57:16 +0800] "GET /xingrg/all/function/internal_message.html?_=1599612256129&CODE_STATE=getMsg HTTP/1.1" 302 -
218.81.217.115 - - [09/Sep/2020:08:57:21 +0800] "GET /xingrg/kc/base/wldb_order_list.html HTTP/1.1" 302 -
218.81.217.115 - - [09/Sep/2020:08:57:21 +0800] "GET /xingrg/login.html HTTP/1.1" 200 7641
218.81.217.115 - - [09/Sep/2020:08:57:21 +0800] "GET /xingrg/login.html HTTP/1.1" 200 7641
218.81.217.115 - - [09/Sep/2020:08:57:21 +0800] "GET /favicon.ico HTTP/1.1" 404 -
58.37.9.106 - - [09/Sep/2020:08:57:22 +0800] "GET /xingrg/all/function/internal_message.html?_=1599613036167&CODE_STATE=getMsg HTTP/1.1" 200 27
61.151.179.84 - - [09/Sep/2020:08:57:23 +0800] "GET /xingrg/login.html HTTP/1.1" 200 7641
114.88.166.242 - - [09/Sep/2020:08:57:25 +0800] "GET /xingrg/all/function/internal_message.html?_=1599613103883&CODE_STATE=getMsg HTTP/1.1" 200 27
116.238.71.173 - - [09/Sep/2020:08:57:25 +0800] "POST /xingrg/dwr/call/plaincall/AjaxQqpsService.getMaterielByCode.dwr HTTP/1.1" 200 3578
117.184.7.26 - - [09/Sep/2020:08:57:26 +0800] "GET /xingrg/all/function/internal_message.html?_=1599613041112&CODE_STATE=getMsg HTTP/1.1" 200 27
116.238.71.173 - - [09/Sep/2020:08:57:27 +0800] "POST /xingrg/dwr/call/plaincall/AjaxQqpsService.saveMaterielItem.dwr HTTP/1.1" 200 79
172.17.0.101 - - [09/Sep/2020:08:57:28 +0800] "GET /xingrg/all/function/internal_message.html?_=1599613045404&CODE_STATE=getMsg HTTP/1.1" 200 27
116.235.241.164 - - [09/Sep/2020:08:57:34 +0800] "GET /xingrg/all/function/internal_message.html?_=1599613052599&CODE_STATE=getMsg HTTP/1.1" 200 27
172.17.0.240 - - [09/Sep/2020:08:57:34 +0800] "GET /xingrg/all/function/internal_message.html?_=1599613052649&CODE_STATE=getMsg HTTP/1.1" 200 27
116.230.74.197 - - [09/Sep/2020:08:57:35 +0800] "GET /xingrg/all/function/internal_message.html?_=1599613052341&CODE_STATE=getMsg HTTP/1.1" 200 27
116.230.74.197 - - [09/Sep/2020:08:57:35 +0800] "GET /xingrg/check_reg.html?_=1599613052344 HTTP/1.1" 200 22
222.69.141.189 - - [09/Sep/2020:08:57:35 +0800] "GET /xingrg/all/function/internal_message.html?_=1599613048600&CODE_STATE=getMsg HTTP/1.1" 200 27
116.238.71.173 - - [09/Sep/2020:08:57:38 +0800] "POST /xingrg/dwr/call/plaincall/AjaxQqpsService.getMaterielByCode.dwr HTTP/1.1" 200 3667
120.253.135.82 - - [09/Sep/2020:08:57:39 +0800] "GET /xingrg/all/function/internal_message.html?_=1599612808286&CODE_STATE=getMsg HTTP/1.1" 200 27
116.238.71.173 - - [09/Sep/2020:08:57:39 +0800] "POST /xingrg/dwr/call/plaincall/AjaxQqpsService.saveMaterielItem.dwr HTTP/1.1" 200 79
172.17.0.185 - - [09/Sep/2020:08:57:41 +0800] "GET /xingrg/all/function/internal_message.html?_=1599613059132&CODE_STATE=getMsg HTTP/1.1" 302 -
218.81.217.115 - - [09/Sep/2020:08:57:44 +0800] "POST /xingrg/login.do HTTP/1.1" 302 -
218.81.217.115 - - [09/Sep/2020:08:57:44 +0800] "GET /xingrg/index.html?sysBaseUrl=http%3A%2F%2F180.169.147.146%3A18081%2Fxingrg%2F&costTime=41×tamp=1599613064516 HTTP/1.1" 200 17179
218.81.217.115 - - [09/Sep/2020:08:57:44 +0800] "GET /xingrg/javascript/jquery_easy_ui/themes/icon.css HTTP/1.1" 304 -
218.81.217.115 - - [09/Sep/2020:08:57:44 +0800] "GET /xingrg/javascript/jquery-1.4.2.min.js HTTP/1.1" 304 -
218.81.217.115 - - [09/Sep/2020:08:57:44 +0800] "GET /xingrg/css/form.css HTTP/1.1" 304 -
218.81.217.115 - - [09/Sep/2020:08:57:44 +0800] "GET /xingrg/javascript/jquery_easy_ui/themes/default/easyui.css HTTP/1.1" 304 -
218.81.217.115 - - [09/Sep/2020:08:57:44 +0800] "GET /xingrg/javascript/jquery_easy_ui/jquery.easyui.min.js HTTP/1.1" 304 -
218.81.217.115 - - [09/Sep/2020:08:57:44 +0800] "GET /xingrg/javascript/jquery_easy_ui/easyui-lang-zh_CN.js HTTP/1.1" 304 -
218.81.217.115 - - [09/Sep/2020:08:57:44 +0800] "GET /xingrg/javascript/jquery.form.js HTTP/1.1" 304 -
218.81.217.115 - - [09/Sep/2020:08:57:44 +0800] "GET /xingrg/javascript/jquery.timers.js HTTP/1.1" 304 -
218.81.217.115 - - [09/Sep/2020:08:57:44 +0800] "GET /xingrg/javascript/jquery.utils.js HTTP/1.1" 304 -
218.81.217.115 - - [09/Sep/2020:08:57:44 +0800] "GET /favicon.ico HTTP/1.1" 404 -
218.81.217.115 - - [09/Sep/2020:08:57:44 +0800] "POST /xingrg/all/common/load_tree.html?tree=area_rest_tree_json&manage=1 HTTP/1.1" 200 479
218.81.217.115 - - [09/Sep/2020:08:57:44 +0800] "GET /xingrg/all/function/internal_message.html?_=1599613072607&CODE_STATE=count HTTP/1.1" 200 11
218.81.217.115 - - [09/Sep/2020:08:57:44 +0800] "GET /xingrg/check_reg.html?_=1599613072608 HTTP/1.1" 200 22
218.81.217.115 - - [09/Sep/2020:08:57:44 +0800] "POST /xingrg/load_menu.html HTTP/1.1" 200 5138
117.184.7.26 - - [09/Sep/2020:08:57:47 +0800] "GET /xingrg/all/function/internal_message.html?_=1599613920703&CODE_STATE=getMsg HTTP/1.1" 200 27
114.82.29.189 - - [09/Sep/2020:08:57:48 +0800] "GET /xingrg/index.html?sysBaseUrl=http%3A%2F%2F180.169.147.146%3A18081%2Fxingrg%2F&costTime=36×tamp=1585223203754 HTTP/1.1" 302 -
114.82.29.189 - - [09/Sep/2020:08:57:48 +0800] "GET /xingrg/login.html HTTP/1.1" 200 7641
114.82.29.189 - - [09/Sep/2020:08:57:48 +0800] "GET /favicon.ico HTTP/1.1" 404 -
116.238.71.173 - - [09/Sep/2020:08:57:49 +0800] "GET /xingrg/check_reg.html?_=1599613068286 HTTP/1.1" 200 22
116.238.71.173 - - [09/Sep/2020:08:57:49 +0800] "GET /xingrg/all/function/internal_message.html?_=1599613068313&CODE_STATE=getMsg HTTP/1.1" 200 27
218.81.217.115 - - [09/Sep/2020:08:57:50 +0800] "GET /xingrg/kc/base/wldb_order_list.html HTTP/1.1" 200 19302
218.81.217.115 - - [09/Sep/2020:08:57:50 +0800] "GET /xingrg/css/base.css HTTP/1.1" 304 -
218.81.217.115 - - [09/Sep/2020:08:57:50 +0800] "GET /xingrg/javascript/jquery_tools/datebox.css HTTP/1.1" 304 -
218.81.217.115 - - [09/Sep/2020:08:57:50 +0800] "GET /xingrg/javascript/easyui/themes/icon.css HTTP/1.1" 304 -
218.81.217.115 - - [09/Sep/2020:08:57:50 +0800] "GET /xingrg/javascript/auto/jquery.autocomplete.css HTTP/1.1" 304 -
218.81.217.115 - - [09/Sep/2020:08:57:50 +0800] "GET /xingrg/javascript/jquery_tools/fix.css HTTP/1.1" 304 -
218.81.217.115 - - [09/Sep/2020:08:57:50 +0800] "GET /xingrg/javascript/jquery_tools/jquery.tools.min.js HTTP/1.1" 304 -
218.81.217.115 - - [09/Sep/2020:08:57:50 +0800] "GET /xingrg/javascript/auto/jquery.autocomplete.js HTTP/1.1" 304 -
218.81.217.115 - - [09/Sep/2020:08:57:50 +0800] "GET /xingrg/javascript/jquery_tools/jquery.tools.extend.js HTTP/1.1" 304 -
218.81.217.115 - - [09/Sep/2020:08:57:50 +0800] "GET /xingrg/javascript/jquery_tools/jquery.tools.table.js HTTP/1.1" 304 -
218.81.217.115 - - [09/Sep/2020:08:57:50 +0800] "GET /xingrg/javascript/easyui/themes/default/easyui.css HTTP/1.1" 304 -
218.81.217.115 - - [09/Sep/2020:08:57:50 +0800] "GET /xingrg/css/site.css HTTP/1.1" 304 -
218.81.217.115 - - [09/Sep/2020:08:57:50 +0800] "GET /xingrg/javascript/easyui/easyloader.js HTTP/1.1" 304 -
218.81.217.115 - - [09/Sep/2020:08:57:50 +0800] "GET /xingrg/javascript/jquery_tools/table.css HTTP/1.1" 304 -
218.81.217.115 - - [09/Sep/2020:08:57:50 +0800] "GET /xingrg/javascript/jquery_tools/jquery.tools.hotkey.js HTTP/1.1" 304 -
218.81.217.115 - - [09/Sep/2020:08:57:50 +0800] "GET /xingrg/javascript/jquery.cookie.js HTTP/1.1" 304 -
218.81.217.115 - - [09/Sep/2020:08:57:50 +0800] "GET /xingrg/javascript/jquery_tools/list_manager.js HTTP/1.1" 304 -
218.81.217.115 - - [09/Sep/2020:08:57:50 +0800] "GET /xingrg/javascript/print/LodopFuncs.js HTTP/1.1" 304 -
218.81.217.115 - - [09/Sep/2020:08:57:50 +0800] "GET /xingrg/javascript/easyui/plugins/jquery.parser.js HTTP/1.1" 304 -
218.81.217.115 - - [09/Sep/2020:08:57:50 +0800] "POST /xingrg/kc/base/wldb_list_operate.html HTTP/1.1" 200 928
116.238.71.173 - - [09/Sep/2020:08:57:51 +0800] "POST /xingrg/dwr/call/plaincall/AjaxQqpsService.getMaterielByCode.dwr HTTP/1.1" 200 3635
218.81.217.115 - - [09/Sep/2020:08:57:52 +0800] "GET /xingrg/kc/base/wldb_order_add.html HTTP/1.1" 200 30414
218.81.217.115 - - [09/Sep/2020:08:57:52 +0800] "GET /xingrg/javascript/pic_change.js HTTP/1.1" 304 -
218.81.217.115 - - [09/Sep/2020:08:57:52 +0800] "GET /xingrg/javascript/jquery_tools/order_manager.js HTTP/1.1" 304 -
218.81.217.115 - - [09/Sep/2020:08:57:52 +0800] "GET /xingrg/javascript/convert.js HTTP/1.1" 304 -
218.81.217.115 - - [09/Sep/2020:08:57:52 +0800] "GET /xingrg/javascript/json2.js HTTP/1.1" 304 -
218.81.217.115 - - [09/Sep/2020:08:57:52 +0800] "GET /xingrg/javascript/print/kc_print.js HTTP/1.1" 304 -
218.81.217.115 - - [09/Sep/2020:08:57:52 +0800] "GET /xingrg/words/20200909072024_words.js HTTP/1.1" 200 761275
218.81.217.115 - - [09/Sep/2020:08:57:53 +0800] "POST /xingrg/kc/base/wldb_order_operate.html HTTP/1.1" 200 6806
218.81.217.115 - - [09/Sep/2020:08:57:53 +0800] "GET /xingrg/all/common/auto_word.html?type=base&rest_code=00146 HTTP/1.1" 200 1753
218.81.217.115 - - [09/Sep/2020:08:57:53 +0800] "GET /xingrg/all/common/auto_word.html?type=base&rest_code=00146 HTTP/1.1" 200 1753
218.81.217.115 - - [09/Sep/2020:08:57:53 +0800] "GET /xingrg/javascript/easyui/themes/default/validatebox.css HTTP/1.1" 404 1104
218.81.217.115 - - [09/Sep/2020:08:57:53 +0800] "GET /xingrg/javascript/easyui/plugins/jquery.validatebox.js HTTP/1.1" 304 -
218.81.217.115 - - [09/Sep/2020:08:57:53 +0800] "GET /xingrg/javascript/easyui/plugins/jquery.numberbox.js HTTP/1.1" 304 -
116.238.71.173 - - [09/Sep/2020:08:57:55 +0800] "POST /xingrg/dwr/call/plaincall/AjaxQqpsService.saveMaterielItem.dwr HTTP/1.1" 200 79
218.81.217.115 - - [09/Sep/2020:08:57:55 +0800] "GET /xingrg/javascript/auto/indicator.gif HTTP/1.1" 404 1066
218.81.217.115 - - [09/Sep/2020:08:57:55 +0800] "GET /xingrg/all/function/internal_message.html?_=1599613082115&CODE_STATE=getMsg HTTP/1.1" 200 27
116.238.90.59 - - [09/Sep/2020:08:57:59 +0800] "GET /xingrg/all/function/internal_message.html?_=1599613284186&CODE_STATE=getMsg HTTP/1.1" 200 27
172.17.0.117 - - [09/Sep/2020:08:57:59 +0800] "GET /xingrg/all/function/internal_message.html?_=1599613082569&CODE_STATE=getMsg HTTP/1.1" 200 27
114.88.166.242 - - [09/Sep/2020:08:58:00 +0800] "GET /xingrg/check_reg.html?_=1599613078425 HTTP/1.1" 200 22
114.88.166.242 - - [09/Sep/2020:08:58:00 +0800] "GET /xingrg/all/function/internal_message.html?_=1599613079002&CODE_STATE=getMsg HTTP/1.1" 200 27
218.81.217.115 - - [09/Sep/2020:08:58:02 +0800] "GET /xingrg/javascript/jquery_tools/images/prev.gif HTTP/1.1" 404 1086
218.81.217.115 - - [09/Sep/2020:08:58:02 +0800] "GET /xingrg/javascript/jquery_tools/images/next.gif HTTP/1.1" 404 1086
218.81.217.115 - - [09/Sep/2020:08:58:06 +0800] "GET /xingrg/kc/base/wldb_order_operate.html?command=get_materiel&rest_code=00146&base_code=0010063&code=00101016049 HTTP/1.1" 200 447
218.81.217.115 - - [09/Sep/2020:08:58:07 +0800] "POST /xingrg/kc/buy/cgsh_list_operate.html HTTP/1.1" 200 876
116.238.71.173 - - [09/Sep/2020:08:58:09 +0800] "POST /xingrg/dwr/call/plaincall/AjaxQqpsService.getMaterielByCode.dwr HTTP/1.1" 200 3649
180.157.253.48 - - [09/Sep/2020:08:58:10 +0800] "GET /xingrg/all/function/internal_message.html?_=1599613091390&CODE_STATE=getMsg HTTP/1.1" 200 27
172.17.200.101 - - [09/Sep/2020:08:58:10 +0800] "GET /xingrg/check_reg.html?_=1599613090140 HTTP/1.1" 200 22
172.17.200.101 - - [09/Sep/2020:08:58:10 +0800] "GET /xingrg/all/function/internal_message.html?_=1599613090144&CODE_STATE=getMsg HTTP/1.1" 200 27
116.238.71.173 - - [09/Sep/2020:08:58:18 +0800] "POST /xingrg/dwr/call/plaincall/AjaxQqpsService.saveMaterielItem.dwr HTTP/1.1" 200 79
58.37.9.106 - - [09/Sep/2020:08:58:22 +0800] "GET /xingrg/check_reg.html?_=1599613096166 HTTP/1.1" 200 22
58.37.9.106 - - [09/Sep/2020:08:58:22 +0800] "GET /xingrg/all/function/internal_message.html?_=1599613096167&CODE_STATE=getMsg HTTP/1.1" 200 27
218.81.217.115 - - [09/Sep/2020:08:58:25 +0800] "POST /xingrg/kc/buy/cgsh_list_operate.html HTTP/1.1" 200 5440
114.88.166.242 - - [09/Sep/2020:08:58:25 +0800] "GET /xingrg/check_reg.html?_=1599613163903 HTTP/1.1" 200 22
114.88.166.242 - - [09/Sep/2020:08:58:25 +0800] "GET /xingrg/all/function/internal_message.html?_=1599613163884&CODE_STATE=getMsg HTTP/1.1" 200 27
117.184.7.26 - - [09/Sep/2020:08:58:26 +0800] "GET /xingrg/check_reg.html?_=1599613101120 HTTP/1.1" 200 22
117.184.7.26 - - [09/Sep/2020:08:58:26 +0800] "GET /xingrg/all/function/internal_message.html?_=1599613101122&CODE_STATE=getMsg HTTP/1.1" 200 27
172.17.0.101 - - [09/Sep/2020:08:58:28 +0800] "GET /xingrg/all/function/internal_message.html?_=1599613105373&CODE_STATE=getMsg HTTP/1.1" 200 27
218.81.217.115 - - [09/Sep/2020:08:58:29 +0800] "POST /xingrg/kc/buy/cgsh_list_operate.html HTTP/1.1" 200 567
116.235.241.164 - - [09/Sep/2020:08:58:34 +0800] "GET /xingrg/all/function/internal_message.html?_=1599613112598&CODE_STATE=getMsg HTTP/1.1" 200 27
172.17.0.240 - - [09/Sep/2020:08:58:34 +0800] "GET /xingrg/all/function/internal_message.html?_=1599613112650&CODE_STATE=getMsg HTTP/1.1" 200 27
172.17.0.240 - - [09/Sep/2020:08:58:34 +0800] "GET /xingrg/check_reg.html?_=1599613112653 HTTP/1.1" 200 22
116.230.74.197 - - [09/Sep/2020:08:58:35 +0800] "GET /xingrg/all/function/internal_message.html?_=1599613112344&CODE_STATE=getMsg HTTP/1.1" 200 27
222.69.141.189 - - [09/Sep/2020:08:58:35 +0800] "GET /xingrg/all/function/internal_message.html?_=1599613108601&CODE_STATE=getMsg HTTP/1.1" 200 27
120.253.135.82 - - [09/Sep/2020:08:58:39 +0800] "GET /xingrg/all/function/internal_message.html?_=1599612868333&CODE_STATE=getMsg HTTP/1.1" 200 27
172.17.0.185 - - [09/Sep/2020:08:58:41 +0800] "GET /xingrg/all/function/internal_message.html?_=1599613119134&CODE_STATE=getMsg HTTP/1.1" 302 -
218.81.217.115 - - [09/Sep/2020:08:58:44 +0800] "GET /xingrg/all/function/internal_message.html?_=1599613132613&CODE_STATE=getMsg HTTP/1.1" 200 27
116.238.71.173 - - [09/Sep/2020:08:58:45 +0800] "POST /xingrg/dwr/call/plaincall/AjaxQqpsService.getMaterielByCode.dwr HTTP/1.1" 200 3674
114.82.29.189 - - [09/Sep/2020:08:58:46 +0800] "GET /xingrg/index.html?sysBaseUrl=http%3A%2F%2F180.169.147.146%3A18081%2Fxingrg%2F&costTime=36×tamp=1585223203754 HTTP/1.1" 302 -
114.82.29.189 - - [09/Sep/2020:08:58:46 +0800] "GET /xingrg/login.html HTTP/1.1" 200 7641
114.82.29.189 - - [09/Sep/2020:08:58:47 +0800] "GET /favicon.ico HTTP/1.1" 404 -
117.184.7.26 - - [09/Sep/2020:08:58:47 +0800] "GET /xingrg/all/function/internal_message.html?_=1599613980702&CODE_STATE=getMsg HTTP/1.1" 200 27
116.238.71.173 - - [09/Sep/2020:08:58:49 +0800] "POST /xingrg/dwr/call/plaincall/AjaxQqpsService.saveMaterielItem.dwr HTTP/1.1" 200 79
116.238.71.173 - - [09/Sep/2020:08:58:49 +0800] "GET /xingrg/all/function/internal_message.html?_=1599613128338&CODE_STATE=getMsg HTTP/1.1" 200 27
218.81.217.115 - - [09/Sep/2020:08:58:55 +0800] "GET /xingrg/all/function/internal_message.html?_=1599613142218&CODE_STATE=getMsg HTTP/1.1" 200 27
116.238.71.173 - - [09/Sep/2020:08:58:57 +0800] "POST /xingrg/dwr/call/plaincall/AjaxQqpsService.getMaterielByCode.dwr HTTP/1.1" 200 3644
116.238.90.59 - - [09/Sep/2020:08:58:59 +0800] "GET /xingrg/all/function/internal_message.html?_=1599613344199&CODE_STATE=getMsg HTTP/1.1" 200 27
172.17.0.117 - - [09/Sep/2020:08:58:59 +0800] "GET /xingrg/all/function/internal_message.html?_=1599613142572&CODE_STATE=getMsg HTTP/1.1" 200 27
114.88.166.242 - - [09/Sep/2020:08:59:00 +0800] "GET /xingrg/all/function/internal_message.html?_=1599613139016&CODE_STATE=getMsg HTTP/1.1" 200 27
218.81.217.115 - - [09/Sep/2020:08:59:04 +0800] "GET /xingrg/kc/base/wldb_order_operate.html?command=get_materiel&rest_code=00146&base_code=0010063&code=00101016050 HTTP/1.1" 200 462
116.238.71.173 - - [09/Sep/2020:08:59:05 +0800] "POST /xingrg/dwr/call/plaincall/AjaxQqpsService.saveMaterielItem.dwr HTTP/1.1" 200 79
222.69.141.189 - - [09/Sep/2020:08:59:05 +0800] "POST /xingrg/services/DataTransmitService HTTP/1.1" 200 524
222.69.141.189 - - [09/Sep/2020:08:59:05 +0800] "POST /xingrg/services/DataTransmitService HTTP/1.1" 200 1759
222.69.141.189 - - [09/Sep/2020:08:59:05 +0800] "POST /xingrg/services/DataTransmitService HTTP/1.1" 200 2427
222.69.141.189 - - [09/Sep/2020:08:59:05 +0800] "GET /xingrg/kc/buy/cgsh_order_operate.html?command=get_materiel&rest_code=00149&code=00101008519&supplier_code=00100005&order_time=2020-09-09 HTTP/1.1" 200 394
222.69.141.189 - - [09/Sep/2020:08:59:06 +0800] "POST /xingrg/services/DataTransmitService HTTP/1.1" 200 143580
180.157.253.48 - - [09/Sep/2020:08:59:10 +0800] "GET /xingrg/check_reg.html?_=1599613151385 HTTP/1.1" 200 22
180.157.253.48 - - [09/Sep/2020:08:59:10 +0800] "GET /xingrg/all/function/internal_message.html?_=1599613151391&CODE_STATE=getMsg HTTP/1.1" 200 27
172.17.200.101 - - [09/Sep/2020:08:59:10 +0800] "GET /xingrg/all/function/internal_message.html?_=1599613150137&CODE_STATE=getMsg HTTP/1.1" 200 27
114.82.29.189 - - [09/Sep/2020:08:59:21 +0800] "GET /favicon.ico HTTP/1.1" 404 -
58.37.9.106 - - [09/Sep/2020:08:59:22 +0800] "GET /xingrg/all/function/internal_message.html?_=1599613156165&CODE_STATE=getMsg HTTP/1.1" 200 27
114.82.29.189 - - [09/Sep/2020:08:59:22 +0800] "GET /favicon.ico HTTP/1.1" 404 -
116.238.71.173 - - [09/Sep/2020:08:59:22 +0800] "POST /xingrg/dwr/call/plaincall/AjaxQqpsService.getMaterielByCode.dwr HTTP/1.1" 200 3628
114.82.29.189 - - [09/Sep/2020:08:59:23 +0800] "GET /favicon.ico HTTP/1.1" 404 -
114.82.29.189 - - [09/Sep/2020:08:59:23 +0800] "GET /favicon.ico HTTP/1.1" 404 -
114.82.29.189 - - [09/Sep/2020:08:59:24 +0800] "GET /favicon.ico HTTP/1.1" 404 -
114.82.29.189 - - [09/Sep/2020:08:59:24 +0800] "GET /favicon.ico HTTP/1.1" 404 -
114.88.166.242 - - [09/Sep/2020:08:59:25 +0800] "GET /xingrg/all/function/internal_message.html?_=1599613223886&CODE_STATE=getMsg HTTP/1.1" 200 27
114.82.29.189 - - [09/Sep/2020:08:59:25 +0800] "GET /favicon.ico HTTP/1.1" 404 -
117.184.7.26 - - [09/Sep/2020:08:59:26 +0800] "GET /xingrg/all/function/internal_message.html?_=1599613161110&CODE_STATE=getMsg HTTP/1.1" 200 27
116.238.71.173 - - [09/Sep/2020:08:59:27 +0800] "POST /xingrg/dwr/call/plaincall/AjaxQqpsService.saveMaterielItem.dwr HTTP/1.1" 200 79
114.82.29.189 - - [09/Sep/2020:08:59:27 +0800] "GET /favicon.ico HTTP/1.1" 404 -
172.17.0.101 - - [09/Sep/2020:08:59:28 +0800] "GET /xingrg/all/function/internal_message.html?_=1599613165348&CODE_STATE=getMsg HTTP/1.1" 200 27
222.69.141.189 - - [09/Sep/2020:08:59:29 +0800] "GET /xingrg/kc/buy/cgsh_order_operate.html?command=get_materiel&rest_code=00149&code=00101008165&supplier_code=00100005&order_time=2020-09-09 HTTP/1.1" 200 416
218.81.217.115 - - [09/Sep/2020:08:59:30 +0800] "GET /xingrg/kc/base/wldb_order_operate.html?command=get_materiel&rest_code=00146&base_code=0010063&code=00101016048 HTTP/1.1" 200 468
116.235.241.164 - - [09/Sep/2020:08:59:34 +0800] "GET /xingrg/all/function/internal_message.html?_=1599613172598&CODE_STATE=getMsg HTTP/1.1" 200 27
172.17.0.240 - - [09/Sep/2020:08:59:34 +0800] "GET /xingrg/all/function/internal_message.html?_=1599613172653&CODE_STATE=getMsg HTTP/1.1" 200 27
116.230.74.197 - - [09/Sep/2020:08:59:35 +0800] "GET /xingrg/all/function/internal_message.html?_=1599613172346&CODE_STATE=getMsg HTTP/1.1" 200 27
222.69.141.189 - - [09/Sep/2020:08:59:35 +0800] "GET /xingrg/all/function/internal_message.html?_=1599613168602&CODE_STATE=getMsg HTTP/1.1" 200 27
222.69.141.189 - - [09/Sep/2020:08:59:35 +0800] "GET /xingrg/check_reg.html?_=1599613168606 HTTP/1.1" 200 22
116.238.71.173 - - [09/Sep/2020:08:59:35 +0800] "POST /xingrg/dwr/call/plaincall/AjaxQqpsService.getMaterielByCode.dwr HTTP/1.1" 200 3584
116.238.71.173 - - [09/Sep/2020:08:59:39 +0800] "POST /xingrg/dwr/call/plaincall/AjaxQqpsService.saveMaterielItem.dwr HTTP/1.1" 200 79
120.253.135.82 - - [09/Sep/2020:08:59:39 +0800] "GET /xingrg/all/function/internal_message.html?_=1599612928344&CODE_STATE=getMsg HTTP/1.1" 200 27
172.17.0.185 - - [09/Sep/2020:08:59:41 +0800] "GET /xingrg/all/function/internal_message.html?_=1599613179135&CODE_STATE=getMsg HTTP/1.1" 302 -
222.69.141.189 - - [09/Sep/2020:08:59:42 +0800] "GET /xingrg/kc/buy/cgsh_order_operate.html?command=get_materiel&rest_code=00149&code=00101015059&supplier_code=00100005&order_time=2020-09-09 HTTP/1.1" 200 412
218.81.217.115 - - [09/Sep/2020:08:59:44 +0800] "GET /xingrg/all/function/internal_message.html?_=1599613192626&CODE_STATE=getMsg HTTP/1.1" 200 27
218.81.217.115 - - [09/Sep/2020:08:59:46 +0800] "POST /xingrg/kc/buy/cgsh_list_operate.html HTTP/1.1" 200 5439
117.184.7.26 - - [09/Sep/2020:08:59:47 +0800] "GET /xingrg/all/function/internal_message.html?_=1599614040726&CODE_STATE=getMsg HTTP/1.1" 200 27
116.238.71.173 - - [09/Sep/2020:08:59:49 +0800] "GET /xingrg/all/function/internal_message.html?_=1599613188378&CODE_STATE=getMsg HTTP/1.1" 200 27
218.81.217.115 - - [09/Sep/2020:08:59:53 +0800] "POST /xingrg/kc/buy/cgsh_list_operate.html HTTP/1.1" 200 562
218.81.217.115 - - [09/Sep/2020:08:59:55 +0800] "GET /xingrg/check_reg.html?_=1599613201913 HTTP/1.1" 200 22
218.81.217.115 - - [09/Sep/2020:08:59:55 +0800] "GET /xingrg/all/function/internal_message.html?_=1599613202221&CODE_STATE=getMsg HTTP/1.1" 200 27
218.81.217.115 - - [09/Sep/2020:08:59:56 +0800] "POST /xingrg/kc/buy/cgsh_list_operate.html HTTP/1.1" 200 573
116.238.90.59 - - [09/Sep/2020:08:59:59 +0800] "GET /xingrg/all/function/internal_message.html?_=1599613404214&CODE_STATE=getMsg HTTP/1.1" 200 27
172.17.0.117 - - [09/Sep/2020:08:59:59 +0800] "GET /xingrg/check_reg.html?_=1599613202572 HTTP/1.1" 200 22
172.17.0.117 - - [09/Sep/2020:08:59:59 +0800] "GET /xingrg/all/function/internal_message.html?_=1599613202574&CODE_STATE=getMsg HTTP/1.1" 200 27
116.238.71.173 - - [09/Sep/2020:08:59:59 +0800] "POST /xingrg/dwr/call/plaincall/AjaxQqpsService.saveOrder.dwr HTTP/1.1" 200 79
114.88.166.242 - - [09/Sep/2020:09:00:00 +0800] "GET /xingrg/all/function/internal_message.html?_=1599613199029&CODE_STATE=getMsg HTTP/1.1" 200 27
180.157.253.48 - - [09/Sep/2020:09:00:10 +0800] "GET /xingrg/all/function/internal_message.html?_=1599613211396&CODE_STATE=getMsg HTTP/1.1" 200 27
172.17.200.101 - - [09/Sep/2020:09:00:10 +0800] "GET /xingrg/all/function/internal_message.html?_=1599613210143&CODE_STATE=getMsg HTTP/1.1" 200 27
58.37.9.106 - - [09/Sep/2020:09:00:22 +0800] "GET /xingrg/all/function/internal_message.html?_=1599613216163&CODE_STATE=getMsg HTTP/1.1" 200 27
114.88.166.242 - - [09/Sep/2020:09:00:25 +0800] "GET /xingrg/all/function/internal_message.html?_=1599613283885&CODE_STATE=getMsg HTTP/1.1" 200 27
117.184.7.26 - - [09/Sep/2020:09:00:26 +0800] "GET /xingrg/all/function/internal_message.html?_=1599613221123&CODE_STATE=getMsg HTTP/1.1" 200 27
172.17.0.101 - - [09/Sep/2020:09:00:28 +0800] "GET /xingrg/all/function/internal_message.html?_=1599613225318&CODE_STATE=getMsg HTTP/1.1" 200 27
116.235.241.164 - - [09/Sep/2020:09:00:34 +0800] "GET /xingrg/all/function/internal_message.html?_=1599613232601&CODE_STATE=getMsg HTTP/1.1" 200 27
172.17.0.240 - - [09/Sep/2020:09:00:34 +0800] "GET /xingrg/all/function/internal_message.html?_=1599613232659&CODE_STATE=getMsg HTTP/1.1" 200 27
116.230.74.197 - - [09/Sep/2020:09:00:35 +0800] "GET /xingrg/all/function/internal_message.html?_=1599613232346&CODE_STATE=getMsg HTTP/1.1" 200 27
222.69.141.189 - - [09/Sep/2020:09:00:35 +0800] "GET /xingrg/all/function/internal_message.html?_=1599613228612&CODE_STATE=getMsg HTTP/1.1" 200 27
218.81.217.115 - - [09/Sep/2020:09:00:35 +0800] "GET /xingrg/kc/base/wldb_order_list.html HTTP/1.1" 200 19302
218.81.217.115 - - [09/Sep/2020:09:00:35 +0800] "POST /xingrg/kc/base/wldb_list_operate.html HTTP/1.1" 200 928
120.253.135.82 - - [09/Sep/2020:09:00:38 +0800] "GET /xingrg/check_reg.html?_=1599612986994 HTTP/1.1" 200 22
120.253.135.82 - - [09/Sep/2020:09:00:39 +0800] "GET /xingrg/all/function/internal_message.html?_=1599612988358&CODE_STATE=getMsg HTTP/1.1" 200 27
172.17.0.185 - - [09/Sep/2020:09:00:41 +0800] "GET /xingrg/check_reg.html?_=1599613239121 HTTP/1.1" 302 -
172.17.0.185 - - [09/Sep/2020:09:00:41 +0800] "GET /xingrg/all/function/internal_message.html?_=1599613239123&CODE_STATE=getMsg HTTP/1.1" 302 -
116.238.71.173 - - [09/Sep/2020:09:00:44 +0800] "POST /xingrg/dwr/call/plaincall/AjaxQqpsService.getMaterielByCode.dwr HTTP/1.1" 200 3584
218.81.217.115 - - [09/Sep/2020:09:00:44 +0800] "GET /xingrg/all/function/internal_message.html?_=1599613252640&CODE_STATE=getMsg HTTP/1.1" 200 27
218.81.217.115 - - [09/Sep/2020:09:00:45 +0800] "GET /xingrg/kc/base/wldb_order_list.html HTTP/1.1" 200 19302
61.129.6.151 - - [09/Sep/2020:09:00:46 +0800] "GET /xingrg/check_reg.html?_=1599612496142 HTTP/1.1" 302 -
218.81.217.115 - - [09/Sep/2020:09:00:46 +0800] "POST /xingrg/kc/base/wldb_list_operate.html HTTP/1.1" 200 928
117.184.7.26 - - [09/Sep/2020:09:00:47 +0800] "GET /xingrg/all/function/internal_message.html?_=1599614100725&CODE_STATE=getMsg HTTP/1.1" 200 27
116.238.71.173 - - [09/Sep/2020:09:00:49 +0800] "GET /xingrg/all/function/internal_message.html?_=1599613248443&CODE_STATE=getMsg HTTP/1.1" 200 27
61.129.6.151 - - [09/Sep/2020:09:00:53 +0800] "GET /xingrg/login.html HTTP/1.1" 200 7641
116.238.71.173 - - [09/Sep/2020:09:00:53 +0800] "POST /xingrg/dwr/call/plaincall/AjaxQqpsService.saveMaterielItem.dwr HTTP/1.1" 200 79
218.81.217.115 - - [09/Sep/2020:09:00:55 +0800] "GET /xingrg/all/function/internal_message.html?_=1599613262234&CODE_STATE=getMsg HTTP/1.1" 200 27
218.81.217.115 - - [09/Sep/2020:09:00:57 +0800] "GET /xingrg/kc/base/wldb_order_add.html HTTP/1.1" 200 30414
218.81.217.115 - - [09/Sep/2020:09:00:57 +0800] "POST /xingrg/kc/base/wldb_order_operate.html HTTP/1.1" 200 6806
218.81.217.115 - - [09/Sep/2020:09:00:57 +0800] "GET /xingrg/all/common/auto_word.html?type=base&rest_code=00146 HTTP/1.1" 200 1753
218.81.217.115 - - [09/Sep/2020:09:00:57 +0800] "GET /xingrg/all/common/auto_word.html?type=base&rest_code=00146 HTTP/1.1" 200 1753
218.81.217.115 - - [09/Sep/2020:09:00:57 +0800] "GET /xingrg/javascript/easyui/themes/default/validatebox.css HTTP/1.1" 404 1104
116.238.71.173 - - [09/Sep/2020:09:00:58 +0800] "POST /xingrg/dwr/call/plaincall/AjaxQqpsService.getMaterielByCode.dwr HTTP/1.1" 200 3594
116.238.90.59 - - [09/Sep/2020:09:00:59 +0800] "GET /xingrg/all/function/internal_message.html?_=1599613464308&CODE_STATE=getMsg HTTP/1.1" 200 27
172.17.0.117 - - [09/Sep/2020:09:00:59 +0800] "GET /xingrg/all/function/internal_message.html?_=1599613262560&CODE_STATE=getMsg HTTP/1.1" 200 27
114.88.166.242 - - [09/Sep/2020:09:01:00 +0800] "GET /xingrg/all/function/internal_message.html?_=1599613259124&CODE_STATE=getMsg HTTP/1.1" 200 27
116.238.71.173 - - [09/Sep/2020:09:01:03 +0800] "POST /xingrg/dwr/call/plaincall/AjaxQqpsService.saveMaterielItem.dwr HTTP/1.1" 200 79
222.69.141.189 - - [09/Sep/2020:09:01:06 +0800] "GET /xingrg/kc/buy/cgsh_order_operate.html?command=get_materiel&rest_code=00149&code=00101015032&supplier_code=00100005&order_time=2020-09-09 HTTP/1.1" 200 418
222.69.141.189 - - [09/Sep/2020:09:01:07 +0800] "POST /xingrg/services/DataTransmitService HTTP/1.1" 200 524
222.69.141.189 - - [09/Sep/2020:09:01:09 +0800] "POST /xingrg/kc/buy/cgsh_order_operate.html HTTP/1.1" 200 2065
180.157.253.48 - - [09/Sep/2020:09:01:10 +0800] "GET /xingrg/all/function/internal_message.html?_=1599613271398&CODE_STATE=getMsg HTTP/1.1" 200 27
172.17.200.101 - - [09/Sep/2020:09:01:10 +0800] "GET /xingrg/all/function/internal_message.html?_=1599613270144&CODE_STATE=getMsg HTTP/1.1" 200 27
116.238.71.173 - - [09/Sep/2020:09:01:13 +0800] "POST /xingrg/dwr/call/plaincall/AjaxQqpsService.removeMaterielItem.dwr HTTP/1.1" 200 79
222.69.141.189 - - [09/Sep/2020:09:01:14 +0800] "POST /xingrg/services/DataTransmitService HTTP/1.1" 200 501
116.238.71.173 - - [09/Sep/2020:09:01:18 +0800] "POST /xingrg/dwr/call/plaincall/AjaxQqpsService.removeMaterielItem.dwr HTTP/1.1" 200 79
222.69.141.189 - - [09/Sep/2020:09:01:20 +0800] "GET /xingrg/kc/buy/cgsh_order_operate.html?command=get_materiel&rest_code=00149&code=00101008330&supplier_code=00100005&order_time=2020-09-09 HTTP/1.1" 200 408
222.69.141.189 - - [09/Sep/2020:09:01:22 +0800] "POST /xingrg/services/DataTransmitService HTTP/1.1" 200 524
58.37.9.106 - - [09/Sep/2020:09:01:22 +0800] "GET /xingrg/all/function/internal_message.html?_=1599613276162&CODE_STATE=getMsg HTTP/1.1" 200 27
218.81.217.115 - - [09/Sep/2020:09:01:25 +0800] "GET /xingrg/javascript/easyui/plugins/jquery.draggable.js HTTP/1.1" 304 -
218.81.217.115 - - [09/Sep/2020:09:01:25 +0800] "GET /xingrg/css/images/panel_loading.gif HTTP/1.1" 304 -
218.81.217.115 - - [09/Sep/2020:09:01:25 +0800] "GET /xingrg/javascript/easyui/plugins/jquery.droppable.js HTTP/1.1" 304 -
218.81.217.115 - - [09/Sep/2020:09:01:25 +0800] "GET /xingrg/javascript/easyui/themes/default/tree.css HTTP/1.1" 404 1090
218.81.217.115 - - [09/Sep/2020:09:01:25 +0800] "GET /xingrg/javascript/easyui/plugins/jquery.tree.js HTTP/1.1" 304 -
218.81.217.115 - - [09/Sep/2020:09:01:25 +0800] "POST /xingrg/all/common/load_tree.html?tree=rest_base_tree_json HTTP/1.1" 200 66108
114.88.166.242 - - [09/Sep/2020:09:01:25 +0800] "GET /xingrg/all/function/internal_message.html?_=1599613343885&CODE_STATE=getMsg HTTP/1.1" 200 27
222.69.141.189 - - [09/Sep/2020:09:01:26 +0800] "POST /xingrg/services/DataTransmitService HTTP/1.1" 200 501
117.184.7.26 - - [09/Sep/2020:09:01:26 +0800] "GET /xingrg/all/function/internal_message.html?_=1599613281123&CODE_STATE=getMsg HTTP/1.1" 200 27
218.81.217.115 - - [09/Sep/2020:09:01:26 +0800] "GET /xingrg/javascript/easyui/themes/default/images/tree_arrows.gif HTTP/1.1" 304 -
218.81.217.115 - - [09/Sep/2020:09:01:26 +0800] "GET /xingrg/javascript/easyui/themes/default/images/tree_checkbox_0.gif HTTP/1.1" 304 -
218.81.217.115 - - [09/Sep/2020:09:01:26 +0800] "GET /xingrg/javascript/easyui/themes/default/images/tree_folder_open.gif HTTP/1.1" 304 -
218.81.217.115 - - [09/Sep/2020:09:01:26 +0800] "GET /xingrg/javascript/easyui/themes/icons/areas.png HTTP/1.1" 304 -
218.81.217.115 - - [09/Sep/2020:09:01:26 +0800] "GET /xingrg/javascript/easyui/themes/icons/rest.png HTTP/1.1" 304 -
218.81.217.115 - - [09/Sep/2020:09:01:26 +0800] "GET /xingrg/javascript/easyui/themes/default/images/tree_file.gif HTTP/1.1" 304 -
222.69.141.189 - - [09/Sep/2020:09:01:27 +0800] "POST /xingrg/services/DataTransmitService HTTP/1.1" 200 501
172.17.0.101 - - [09/Sep/2020:09:01:28 +0800] "GET /xingrg/all/function/internal_message.html?_=1599613285292&CODE_STATE=getMsg HTTP/1.1" 200 27
172.17.0.101 - - [09/Sep/2020:09:01:29 +0800] "GET /xingrg/check_reg.html?_=1599613285589 HTTP/1.1" 200 22
222.69.141.189 - - [09/Sep/2020:09:01:31 +0800] "GET /xingrg/kc/buy/cgsh_order_operate.html?command=get_materiel&rest_code=00149&code=00101008512&supplier_code=00100005&order_time=2020-09-09 HTTP/1.1" 200 399
116.235.241.164 - - [09/Sep/2020:09:01:34 +0800] "GET /xingrg/all/function/internal_message.html?_=1599613292601&CODE_STATE=getMsg HTTP/1.1" 200 27
116.235.241.164 - - [09/Sep/2020:09:01:34 +0800] "GET /xingrg/check_reg.html?_=1599613292603 HTTP/1.1" 200 22
172.17.0.240 - - [09/Sep/2020:09:01:34 +0800] "GET /xingrg/all/function/internal_message.html?_=1599613292663&CODE_STATE=getMsg HTTP/1.1" 200 27
116.230.74.197 - - [09/Sep/2020:09:01:35 +0800] "GET /xingrg/all/function/internal_message.html?_=1599613292346&CODE_STATE=getMsg HTTP/1.1" 200 27
222.69.141.189 - - [09/Sep/2020:09:01:35 +0800] "GET /xingrg/all/function/internal_message.html?_=1599613288611&CODE_STATE=getMsg HTTP/1.1" 200 27
116.238.71.173 - - [09/Sep/2020:09:01:38 +0800] "POST /xingrg/dwr/call/plaincall/AjaxQqpsService.saveOrder.dwr HTTP/1.1" 200 79
120.253.135.82 - - [09/Sep/2020:09:01:39 +0800] "GET /xingrg/all/function/internal_message.html?_=1599613048371&CODE_STATE=getMsg HTTP/1.1" 200 27
172.17.0.185 - - [09/Sep/2020:09:01:41 +0800] "GET /xingrg/all/function/internal_message.html?_=1599613299123&CODE_STATE=getMsg HTTP/1.1" 302 -
222.69.141.189 - - [09/Sep/2020:09:01:41 +0800] "GET /xingrg/kc/buy/cgsh_order_operate.html?command=get_materiel&rest_code=00149&code=00101008276&supplier_code=00100005&order_time=2020-09-09 HTTP/1.1" 200 412
218.81.217.115 - - [09/Sep/2020:09:01:41 +0800] "GET /xingrg/javascript/easyui/themes/default/images/tree_checkbox_1.gif HTTP/1.1" 304 -
218.81.217.115 - - [09/Sep/2020:09:01:41 +0800] "GET /xingrg/javascript/easyui/themes/default/images/tree_checkbox_2.gif HTTP/1.1" 304 -
116.238.71.173 - - [09/Sep/2020:09:01:42 +0800] "GET /xingrg/kc/buy/cgsh_order_list.html HTTP/1.1" 200 43936
116.238.71.173 - - [09/Sep/2020:09:01:43 +0800] "POST /xingrg/kc/buy/cgsh_list_operate.html HTTP/1.1" 200 876
116.238.71.173 - - [09/Sep/2020:09:01:43 +0800] "GET /xingrg/kc/buy/cgsh_order_add.html HTTP/1.1" 200 59592
116.238.71.173 - - [09/Sep/2020:09:01:43 +0800] "GET /xingrg/words/20200909072024_words.js HTTP/1.1" 304 -
116.238.71.173 - - [09/Sep/2020:09:01:44 +0800] "GET /xingrg/all/common/auto_word.html?type=employee&rest_code=00150 HTTP/1.1" 200 205
116.238.71.173 - - [09/Sep/2020:09:01:44 +0800] "GET /xingrg/javascript/easyui/themes/default/validatebox.css HTTP/1.1" 404 1104
116.238.71.173 - - [09/Sep/2020:09:01:44 +0800] "GET /xingrg/all/common/auto_word.html?type=employee&rest_code=00150 HTTP/1.1" 200 205
116.238.71.173 - - [09/Sep/2020:09:01:44 +0800] "POST /xingrg/kc/buy/cgsh_order_operate.html HTTP/1.1" 200 8245
218.81.217.115 - - [09/Sep/2020:09:01:44 +0800] "POST /xingrg/all/common/load_tree.html?tree=rest_base_tree_json HTTP/1.1" 200 66108
218.81.217.115 - - [09/Sep/2020:09:01:44 +0800] "GET /xingrg/all/function/internal_message.html?_=1599613312653&CODE_STATE=getMsg HTTP/1.1" 200 27
117.184.7.26 - - [09/Sep/2020:09:01:47 +0800] "GET /xingrg/check_reg.html?_=1599614160728 HTTP/1.1" 200 22
117.184.7.26 - - [09/Sep/2020:09:01:47 +0800] "GET /xingrg/all/function/internal_message.html?_=1599614160727&CODE_STATE=getMsg HTTP/1.1" 200 27
116.238.71.173 - - [09/Sep/2020:09:01:50 +0800] "GET /xingrg/all/function/internal_message.html?_=1599613308489&CODE_STATE=getMsg HTTP/1.1" 200 27
222.69.141.189 - - [09/Sep/2020:09:01:50 +0800] "POST /xingrg/services/DataTransmitService HTTP/1.1" 200 501
222.69.141.189 - - [09/Sep/2020:09:01:54 +0800] "GET /xingrg/kc/buy/cgsh_order_operate.html?command=get_materiel&rest_code=00149&code=00101008114&supplier_code=00100005&order_time=2020-09-09 HTTP/1.1" 200 412
218.81.217.115 - - [09/Sep/2020:09:01:55 +0800] "GET /xingrg/all/function/internal_message.html?_=1599613322248&CODE_STATE=getMsg HTTP/1.1" 200 27
116.238.71.173 - - [09/Sep/2020:09:01:55 +0800] "GET /xingrg/kc/buy/cgsh_order_operate.html?command=get_materiel&rest_code=00150&code=00101008261&supplier_code=00100007&order_time=2020-09-09 HTTP/1.1" 200 408
61.129.6.151 - - [09/Sep/2020:09:01:58 +0800] "GET /xingrg/check_reg.html?_=1599612496142 HTTP/1.1" 302 -
116.238.90.59 - - [09/Sep/2020:09:01:58 +0800] "GET /xingrg/check_reg.html?_=1599613524121 HTTP/1.1" 200 22
116.238.90.59 - - [09/Sep/2020:09:01:59 +0800] "GET /xingrg/all/function/internal_message.html?_=1599613524419&CODE_STATE=getMsg HTTP/1.1" 200 27
172.17.0.117 - - [09/Sep/2020:09:01:59 +0800] "GET /xingrg/all/function/internal_message.html?_=1599613322587&CODE_STATE=getMsg HTTP/1.1" 200 27
114.88.166.242 - - [09/Sep/2020:09:02:00 +0800] "GET /xingrg/all/function/internal_message.html?_=1599613319134&CODE_STATE=getMsg HTTP/1.1" 200 27
116.238.71.173 - - [09/Sep/2020:09:02:06 +0800] "GET /xingrg/kc/buy/cgsh_order_operate.html?command=get_materiel&rest_code=00150&code=00101008210&supplier_code=00100007&order_time=2020-09-09 HTTP/1.1" 200 408
61.129.6.151 - - [09/Sep/2020:09:02:06 +0800] "GET /xingrg/login.html HTTP/1.1" 200 7641
218.81.217.115 - - [09/Sep/2020:09:02:07 +0800] "POST /xingrg/kc/base/wldb_list_operate.html HTTP/1.1" 200 2215
222.69.141.189 - - [09/Sep/2020:09:02:07 +0800] "GET /xingrg/kc/buy/cgsh_order_operate.html?command=get_materiel&rest_code=00149&code=00101015024&supplier_code=00100005&order_time=2020-09-09 HTTP/1.1" 200 413
222.69.141.189 - - [09/Sep/2020:09:02:10 +0800] "POST /xingrg/kc/buy/cgsh_order_operate.html HTTP/1.1" 200 2065
180.157.253.48 - - [09/Sep/2020:09:02:10 +0800] "GET /xingrg/all/function/internal_message.html?_=1599613331401&CODE_STATE=getMsg HTTP/1.1" 200 27
172.17.200.101 - - [09/Sep/2020:09:02:10 +0800] "GET /xingrg/all/function/internal_message.html?_=1599613330148&CODE_STATE=getMsg HTTP/1.1" 200 27
222.69.141.189 - - [09/Sep/2020:09:02:11 +0800] "POST /xingrg/services/DataTransmitService HTTP/1.1" 200 501
116.238.71.173 - - [09/Sep/2020:09:02:12 +0800] "GET /xingrg/kc/buy/cgsh_order_operate.html?command=get_materiel&rest_code=00150&code=00101008349&supplier_code=00100007&order_time=2020-09-09 HTTP/1.1" 200 412
218.81.217.115 - - [09/Sep/2020:09:02:13 +0800] "POST /xingrg/kc/base/wldb_list_operate.html HTTP/1.1" 200 603
218.81.217.115 - - [09/Sep/2020:09:02:14 +0800] "GET /xingrg/kc/base/wldb_order_info.html?code=422020090700788 HTTP/1.1" 200 26293
218.81.217.115 - - [09/Sep/2020:09:02:15 +0800] "GET /xingrg/javascript/easyui/themes/default/validatebox.css HTTP/1.1" 404 1104
218.81.217.115 - - [09/Sep/2020:09:02:15 +0800] "POST /xingrg/kc/base/wldb_order_operate.html HTTP/1.1" 200 3362
222.69.141.189 - - [09/Sep/2020:09:02:15 +0800] "POST /xingrg/services/DataTransmitService HTTP/1.1" 200 501
222.69.141.189 - - [09/Sep/2020:09:02:15 +0800] "POST /xingrg/services/DataTransmitService HTTP/1.1" 200 501
222.69.141.189 - - [09/Sep/2020:09:02:16 +0800] "POST /xingrg/services/DataTransmitService HTTP/1.1" 200 501
222.69.141.189 - - [09/Sep/2020:09:02:17 +0800] "POST /xingrg/services/DataTransmitService HTTP/1.1" 200 501
222.69.141.189 - - [09/Sep/2020:09:02:17 +0800] "POST /xingrg/services/DataTransmitService HTTP/1.1" 200 501
222.69.141.189 - - [09/Sep/2020:09:02:18 +0800] "GET /xingrg/kc/buy/cgsh_order_operate.html?command=get_materiel&rest_code=00149&code=00101008061&supplier_code=00100005&order_time=2020-09-09 HTTP/1.1" 200 422
116.238.71.173 - - [09/Sep/2020:09:02:18 +0800] "GET /xingrg/kc/buy/cgsh_order_operate.html?command=get_materiel&rest_code=00150&code=00101008244&supplier_code=00100007&order_time=2020-09-09 HTTP/1.1" 200 408
114.82.29.189 - - [09/Sep/2020:09:02:19 +0800] "GET /xingrg/index.html?sysBaseUrl=http%3A%2F%2F180.169.147.146%3A18081%2Fxingrg%2F&costTime=36×tamp=1585223203754 HTTP/1.1" 302 -
114.82.29.189 - - [09/Sep/2020:09:02:19 +0800] "GET /xingrg/login.html HTTP/1.1" 200 7641
114.82.29.189 - - [09/Sep/2020:09:02:20 +0800] "GET /favicon.ico HTTP/1.1" 404 -
58.37.9.106 - - [09/Sep/2020:09:02:22 +0800] "GET /xingrg/all/function/internal_message.html?_=1599613336160&CODE_STATE=getMsg HTTP/1.1" 200 27
222.69.141.189 - - [09/Sep/2020:09:02:24 +0800] "POST /xingrg/services/DataTransmitService HTTP/1.1" 200 412
114.88.166.242 - - [09/Sep/2020:09:02:25 +0800] "GET /xingrg/all/function/internal_message.html?_=1599613403890&CODE_STATE=getMsg HTTP/1.1" 200 27
117.184.7.26 - - [09/Sep/2020:09:02:26 +0800] "GET /xingrg/all/function/internal_message.html?_=1599613341130&CODE_STATE=getMsg HTTP/1.1" 200 27
116.238.71.173 - - [09/Sep/2020:09:02:28 +0800] "GET /xingrg/kc/buy/cgsh_order_operate.html?command=get_materiel&rest_code=00150&code=00101008149&supplier_code=00100007&order_time=2020-09-09 HTTP/1.1" 200 408
172.17.0.101 - - [09/Sep/2020:09:02:28 +0800] "GET /xingrg/all/function/internal_message.html?_=1599613345266&CODE_STATE=getMsg HTTP/1.1" 200 27
222.69.141.189 - - [09/Sep/2020:09:02:30 +0800] "GET /xingrg/kc/buy/cgsh_order_operate.html?command=get_materiel&rest_code=00149&code=00101008236&supplier_code=00100005&order_time=2020-09-09 HTTP/1.1" 200 417
116.235.241.164 - - [09/Sep/2020:09:02:34 +0800] "GET /xingrg/all/function/internal_message.html?_=1599613352603&CODE_STATE=getMsg HTTP/1.1" 200 27
116.238.71.173 - - [09/Sep/2020:09:02:34 +0800] "GET /xingrg/kc/buy/cgsh_order_operate.html?command=get_materiel&rest_code=00150&code=00101008185&supplier_code=00100007&order_time=2020-09-09 HTTP/1.1" 200 408
172.17.0.240 - - [09/Sep/2020:09:02:34 +0800] "GET /xingrg/all/function/internal_message.html?_=1599613352649&CODE_STATE=getMsg HTTP/1.1" 200 27
116.230.74.197 - - [09/Sep/2020:09:02:35 +0800] "GET /xingrg/all/function/internal_message.html?_=1599613352346&CODE_STATE=getMsg HTTP/1.1" 200 27
222.69.141.189 - - [09/Sep/2020:09:02:35 +0800] "GET /xingrg/all/function/internal_message.html?_=1599613348612&CODE_STATE=getMsg HTTP/1.1" 200 27
116.230.74.197 - - [09/Sep/2020:09:02:35 +0800] "GET /xingrg/check_reg.html?_=1599613352349 HTTP/1.1" 200 22
120.253.135.82 - - [09/Sep/2020:09:02:39 +0800] "GET /xingrg/all/function/internal_message.html?_=1599613108385&CODE_STATE=getMsg HTTP/1.1" 200 27
172.17.0.185 - - [09/Sep/2020:09:02:41 +0800] "GET /xingrg/all/function/internal_message.html?_=1599613359125&CODE_STATE=getMsg HTTP/1.1" 302 -
218.81.217.115 - - [09/Sep/2020:09:02:44 +0800] "GET /xingrg/check_reg.html?_=1599613372625 HTTP/1.1" 200 22
218.81.217.115 - - [09/Sep/2020:09:02:44 +0800] "GET /xingrg/all/function/internal_message.html?_=1599613372666&CODE_STATE=getMsg HTTP/1.1" 200 27
117.184.7.26 - - [09/Sep/2020:09:02:47 +0800] "GET /xingrg/all/function/internal_message.html?_=1599614220726&CODE_STATE=getMsg HTTP/1.1" 200 27
116.238.71.173 - - [09/Sep/2020:09:02:50 +0800] "GET /xingrg/all/function/internal_message.html?_=1599613368564&CODE_STATE=getMsg HTTP/1.1" 200 27
116.238.71.173 - - [09/Sep/2020:09:02:50 +0800] "GET /xingrg/check_reg.html?_=1599613368566 HTTP/1.1" 200 22
116.238.71.173 - - [09/Sep/2020:09:02:51 +0800] "GET /xingrg/kc/buy/cgsh_order_operate.html?command=get_materiel&rest_code=00150&code=00101008354&supplier_code=00100007&order_time=2020-09-09 HTTP/1.1" 200 412
218.81.217.115 - - [09/Sep/2020:09:02:51 +0800] "GET /xingrg/kc/buy/buy_main.html HTTP/1.1" 200 12412
218.81.217.115 - - [09/Sep/2020:09:02:51 +0800] "GET /xingrg/css/new_ie.css HTTP/1.1" 404 1036
218.81.217.115 - - [09/Sep/2020:09:02:53 +0800] "GET /xingrg/images/yd/bt.gif HTTP/1.1" 404 1040
218.81.217.115 - - [09/Sep/2020:09:02:53 +0800] "GET /xingrg/kc/buy/cgsh_order_list.html HTTP/1.1" 200 43936
218.81.217.115 - - [09/Sep/2020:09:02:55 +0800] "POST /xingrg/kc/buy/cgsh_list_operate.html HTTP/1.1" 200 2412
218.81.217.115 - - [09/Sep/2020:09:02:55 +0800] "GET /xingrg/all/function/internal_message.html?_=1599613382261&CODE_STATE=getMsg HTTP/1.1" 200 27
218.81.217.115 - - [09/Sep/2020:09:02:59 +0800] "POST /xingrg/kc/buy/cgsh_list_operate.html HTTP/1.1" 200 563
116.238.90.59 - - [09/Sep/2020:09:02:59 +0800] "GET /xingrg/all/function/internal_message.html?_=1599613584428&CODE_STATE=getMsg HTTP/1.1" 200 27
172.17.0.117 - - [09/Sep/2020:09:02:59 +0800] "GET /xingrg/all/function/internal_message.html?_=1599613382586&CODE_STATE=getMsg HTTP/1.1" 200 27
218.81.217.115 - - [09/Sep/2020:09:02:59 +0800] "GET /xingrg/kc/buy/cgsh_order_info.html?code=212020090903552 HTTP/1.1" 200 59683
218.81.217.115 - - [09/Sep/2020:09:03:00 +0800] "GET /xingrg/javascript/easyui/themes/default/validatebox.css HTTP/1.1" 404 1104
114.88.166.242 - - [09/Sep/2020:09:03:00 +0800] "GET /xingrg/check_reg.html?_=1599613378521 HTTP/1.1" 200 22
101.227.139.173 - - [09/Sep/2020:09:03:00 +0800] "GET /xingrg/all/function/internal_message.html?_=1599612616138&CODE_STATE=getMsg HTTP/1.1" 302 -
114.88.166.242 - - [09/Sep/2020:09:03:00 +0800] "GET /xingrg/all/function/internal_message.html?_=1599613379148&CODE_STATE=getMsg HTTP/1.1" 200 27
222.69.141.189 - - [09/Sep/2020:09:03:02 +0800] "POST /xingrg/kc/buy/cgsh_order_operate.html HTTP/1.1" 200 37
218.81.217.115 - - [09/Sep/2020:09:03:02 +0800] "POST /xingrg/kc/buy/cgsh_order_operate.html HTTP/1.1" 200 30450
116.238.71.173 - - [09/Sep/2020:09:03:02 +0800] "GET /xingrg/kc/buy/cgsh_order_operate.html?command=get_materiel&rest_code=00150&code=00101008015&supplier_code=00100007&order_time=2020-09-09 HTTP/1.1" 200 23
180.157.253.48 - - [09/Sep/2020:09:03:04 +0800] "GET /xingrg/kc/buy/cgsh_order_operate.html?command=get_materiel&rest_code=00148&code=00101008137&supplier_code=00100007&order_time=2020-09-09 HTTP/1.1" 200 408
222.69.141.189 - - [09/Sep/2020:09:03:05 +0800] "POST /xingrg/kc/buy/cgsh_order_operate.html HTTP/1.1" 200 36975
116.238.71.173 - - [09/Sep/2020:09:03:07 +0800] "POST /xingrg/kc/buy/cgsh_order_operate.html HTTP/1.1" 200 37
180.157.253.48 - - [09/Sep/2020:09:03:09 +0800] "GET /xingrg/kc/buy/cgsh_order_operate.html?command=get_materiel&rest_code=00148&code=00101008078&supplier_code=00100007&order_time=2020-09-09 HTTP/1.1" 200 416
116.238.71.173 - - [09/Sep/2020:09:03:09 +0800] "POST /xingrg/kc/buy/cgsh_order_operate.html HTTP/1.1" 200 6190
101.227.139.173 - - [09/Sep/2020:09:03:10 +0800] "GET /xingrg/login.html HTTP/1.1" 200 7641
180.157.253.48 - - [09/Sep/2020:09:03:10 +0800] "GET /xingrg/all/function/internal_message.html?_=1599613391418&CODE_STATE=getMsg HTTP/1.1" 200 27
172.17.200.101 - - [09/Sep/2020:09:03:10 +0800] "GET /xingrg/check_reg.html?_=1599613390150 HTTP/1.1" 200 22
172.17.200.101 - - [09/Sep/2020:09:03:10 +0800] "GET /xingrg/all/function/internal_message.html?_=1599613390153&CODE_STATE=getMsg HTTP/1.1" 200 27
116.238.71.173 - - [09/Sep/2020:09:03:15 +0800] "GET /xingrg/login.html HTTP/1.1" 200 7641
116.238.71.173 - - [09/Sep/2020:09:03:16 +0800] "GET /favicon.ico HTTP/1.1" 404 -
180.157.253.48 - - [09/Sep/2020:09:03:17 +0800] "GET /xingrg/kc/buy/cgsh_order_operate.html?command=get_materiel&rest_code=00148&code=00101008357&supplier_code=00100007&order_time=2020-09-09 HTTP/1.1" 200 408
218.81.217.115 - - [09/Sep/2020:09:03:19 +0800] "GET /xingrg/kc/buy/cgsh_order_operate.html?command=get_materiel&rest_code=00146&code=00101008360&supplier_code=00100005&order_time=2020-09-09 HTTP/1.1" 200 412
58.37.9.106 - - [09/Sep/2020:09:03:22 +0800] "GET /xingrg/all/function/internal_message.html?_=1599613396159&CODE_STATE=getMsg HTTP/1.1" 200 27
58.37.9.106 - - [09/Sep/2020:09:03:22 +0800] "GET /xingrg/check_reg.html?_=1599613396160 HTTP/1.1" 200 22
180.157.253.48 - - [09/Sep/2020:09:03:22 +0800] "GET /xingrg/kc/buy/cgsh_order_operate.html?command=get_materiel&rest_code=00148&code=00101008069&supplier_code=00100007&order_time=2020-09-09 HTTP/1.1" 200 412
116.238.71.173 - - [09/Sep/2020:09:03:24 +0800] "POST /xingrg/login.do HTTP/1.1" 302 -
116.238.71.173 - - [09/Sep/2020:09:03:24 +0800] "GET /xingrg/index.html?sysBaseUrl=http%3A%2F%2F180.169.147.146%3A18081%2Fxingrg%2F&costTime=85×tamp=1599613404211 HTTP/1.1" 200 17177
116.238.71.173 - - [09/Sep/2020:09:03:24 +0800] "GET /favicon.ico HTTP/1.1" 404 -
116.238.71.173 - - [09/Sep/2020:09:03:24 +0800] "POST /xingrg/all/common/load_tree.html?tree=area_rest_tree_json&manage=1 HTTP/1.1" 200 476
