116.230.74.197 - - [07/Sep/2020:10:51:48 +0800] "GET /xingrg/kc/buy/cgsh_order_operate.html?command=get_materiel&rest_code=00107&code=00101010571&supplier_code=00100329&order_time=2020-09-07 HTTP/1.1" 200 428
218.81.217.115 - - [07/Sep/2020:10:51:49 +0800] "POST /xingrg/kc/buy/cgsh_list_operate.html HTTP/1.1" 200 3496
172.17.0.185 - - [07/Sep/2020:10:51:50 +0800] "GET /xingrg/all/function/internal_message.html?_=1599447109993&CODE_STATE=getMsg HTTP/1.1" 200 27
114.82.29.189 - - [07/Sep/2020:10:51:56 +0800] "GET /xingrg/all/function/internal_message.html?_=1599447117820&CODE_STATE=getMsg HTTP/1.1" 200 27
116.232.51.212 - - [07/Sep/2020:10:52:00 +0800] "GET /xingrg/all/function/internal_message.html?_=1599447195968&CODE_STATE=getMsg HTTP/1.1" 200 27
180.152.230.204 - - [07/Sep/2020:10:52:01 +0800] "GET /xingrg/check_reg.html?_=1599447118574 HTTP/1.1" 200 22
180.152.230.204 - - [07/Sep/2020:10:52:01 +0800] "GET /xingrg/all/function/internal_message.html?_=1599447118580&CODE_STATE=getMsg HTTP/1.1" 200 27
120.253.135.82 - - [07/Sep/2020:10:52:02 +0800] "GET /xingrg/all/function/internal_message.html?_=1599447178318&CODE_STATE=getMsg HTTP/1.1" 200 27
116.238.71.173 - - [07/Sep/2020:10:52:04 +0800] "GET /xingrg/all/function/internal_message.html?_=1599447123803&CODE_STATE=getMsg HTTP/1.1" 200 27
222.69.160.252 - - [07/Sep/2020:10:52:05 +0800] "GET /xingrg/all/function/internal_message.html?_=1599446968242&CODE_STATE=getMsg HTTP/1.1" 200 27
218.81.217.115 - - [07/Sep/2020:10:52:08 +0800] "POST /xingrg/kc/buy/cgsh_list_operate.html HTTP/1.1" 200 3260
172.17.0.185 - - [07/Sep/2020:10:52:08 +0800] "GET /xingrg/kc/report/report_main.html HTTP/1.1" 200 7325
114.88.166.242 - - [07/Sep/2020:10:52:11 +0800] "GET /xingrg/all/function/internal_message.html?_=1599447130718&CODE_STATE=getMsg HTTP/1.1" 200 27
120.253.135.82 - - [07/Sep/2020:10:52:12 +0800] "GET /xingrg/all/function/internal_message.html?_=1599446882096&CODE_STATE=getMsg HTTP/1.1" 200 27
117.131.5.26 - - [07/Sep/2020:10:52:12 +0800] "POST /xingrg/services/DataTransmitService HTTP/1.1" 200 524
117.131.5.26 - - [07/Sep/2020:10:52:12 +0800] "POST /xingrg/services/DataTransmitService HTTP/1.1" 200 2007
117.131.5.26 - - [07/Sep/2020:10:52:12 +0800] "POST /xingrg/services/DataTransmitService HTTP/1.1" 200 134759
180.157.253.48 - - [07/Sep/2020:10:52:14 +0800] "GET /xingrg/all/function/internal_message.html?_=1599447134803&CODE_STATE=getMsg HTTP/1.1" 200 27
116.230.74.197 - - [07/Sep/2020:10:52:15 +0800] "POST /xingrg/kc/buy/cgsh_order_operate.html HTTP/1.1" 200 37
172.17.0.185 - - [07/Sep/2020:10:52:15 +0800] "GET /xingrg/all/report/report_query.html?fileName=dma/new_5.0/menu/menu_category_hz.xml HTTP/1.1" 200 52989
172.17.0.185 - - [07/Sep/2020:10:52:15 +0800] "GET /xingrg/dwr/interface/AjaxReportQueryService.js HTTP/1.1" 200 13203
172.17.0.185 - - [07/Sep/2020:10:52:15 +0800] "GET /xingrg/dwr/engine.js HTTP/1.1" 200 43631
172.17.0.185 - - [07/Sep/2020:10:52:15 +0800] "GET /xingrg/dwr/util.js HTTP/1.1" 304 -
116.230.74.197 - - [07/Sep/2020:10:52:16 +0800] "POST /xingrg/kc/buy/cgsh_order_operate.html HTTP/1.1" 200 3281
172.17.0.185 - - [07/Sep/2020:10:52:16 +0800] "POST /xingrg/dwr/call/plaincall/AjaxReportQueryService.getFixDate.dwr HTTP/1.1" 200 111
172.17.0.185 - - [07/Sep/2020:10:52:16 +0800] "POST /xingrg/all/common/load_tree.html?tree=area_station_tree_json&manage=1 HTTP/1.1" 200 3116
172.17.0.185 - - [07/Sep/2020:10:52:17 +0800] "GET /xingrg/all/report/report_query.html?fileName=dma/new_5.0/menu/menu_stca_hz.xml HTTP/1.1" 200 51343
172.17.0.185 - - [07/Sep/2020:10:52:17 +0800] "GET /xingrg/dwr/interface/AjaxReportQueryService.js HTTP/1.1" 200 13203
172.17.0.185 - - [07/Sep/2020:10:52:17 +0800] "GET /xingrg/dwr/engine.js HTTP/1.1" 200 43631
172.17.0.185 - - [07/Sep/2020:10:52:18 +0800] "POST /xingrg/dwr/call/plaincall/AjaxReportQueryService.getFixDate.dwr HTTP/1.1" 200 111
172.17.0.185 - - [07/Sep/2020:10:52:18 +0800] "POST /xingrg/all/common/load_tree.html?tree=area_station_tree_json&manage=1 HTTP/1.1" 200 3116
172.17.0.185 - - [07/Sep/2020:10:52:19 +0800] "POST /xingrg/dwr/call/plaincall/AjaxReportQueryService.getFixDate.dwr HTTP/1.1" 200 111
116.230.74.197 - - [07/Sep/2020:10:52:20 +0800] "GET /xingrg/all/function/internal_message.html?_=1599447143360&CODE_STATE=getMsg HTTP/1.1" 200 27
180.152.230.204 - - [07/Sep/2020:10:52:23 +0800] "GET /xingrg/all/report/report_query.html?isQuery=1&fileName=kc/buy/wlcg_cate_hz.xml&queryString=(CONVERT(char(10)%252Ca.order_time%252C%2520120)%253E%253D'2020-07-01')%2520and%2520(CONVERT(char(10)%252Ca.order_time%252C%2520120)%253C%253D'2020-07-31')%2520and%2520(a.supplier_code%2520in%2520('00100192'))%2520and%2520(a.number%253E0%2520and%2520a.supplier_code%253D'00100192')&queryText=%25E3%2580%2590%25E9%2587%2587%25E8%25B4%25AD%25E6%2597%25A5%25E6%259C%259F%253A2020-07-01%2520%25E8%2587%25B3%25202020-07-31%25E3%2580%2591%2520%25E5%25B9%25B6%25E4%25B8%2594%2520%2520%25E3%2580%2590%25E4%25BE%259B%25E5%25BA%2594%25E5%2595%2586%2520%253D%2520%25E9%25A4%2590%25E5%25B7%25BE%25E7%25BA%25B8(%25E9%259F%25A9%25E4%25BC%259F)%25E3%2580%2591%2520%25E5%25B9%25B6%25E4%25B8%2594%2520%25E3%2580%2590%25E4%25BE%259B%25E5%25BA%2594%25E5%2595%2586%253D%25E9%25A4%2590%25E5%25B7%25BE%25E7%25BA%25B8(%25E9%259F%25A9%25E4%25BC%259F)%25E3%2580%2591 HTTP/1.1" 200 54472
180.152.230.204 - - [07/Sep/2020:10:52:23 +0800] "GET /xingrg/dwr/interface/AjaxReportQueryService.js HTTP/1.1" 200 13203
180.152.230.204 - - [07/Sep/2020:10:52:23 +0800] "GET /xingrg/dwr/engine.js HTTP/1.1" 200 43631
172.17.0.185 - - [07/Sep/2020:10:52:23 +0800] "POST /xingrg/dwr/call/plaincall/AjaxReportQueryService.refreshCache.dwr HTTP/1.1" 200 78
180.152.230.204 - - [07/Sep/2020:10:52:24 +0800] "POST /xingrg/all/report/load_report_page.html HTTP/1.1" 200 8722
180.152.230.204 - - [07/Sep/2020:10:52:24 +0800] "GET /xingrg/servlets/image?cache=0.03218568680821099&image=px HTTP/1.1" 200 807
172.17.0.185 - - [07/Sep/2020:10:52:24 +0800] "POST /xingrg/all/report/load_report_page.html HTTP/1.1" 200 69158
172.17.0.185 - - [07/Sep/2020:10:52:24 +0800] "GET /xingrg/servlets/image?cache=0.6365407068043482&image=px HTTP/1.1" 200 807
180.152.230.204 - - [07/Sep/2020:10:52:25 +0800] "POST /xingrg/all/report/load_report_page.html HTTP/1.1" 200 19832
180.152.230.204 - - [07/Sep/2020:10:52:25 +0800] "GET /xingrg/servlets/image?cache=0.14344882828586958&image=px HTTP/1.1" 200 807
172.17.0.185 - - [07/Sep/2020:10:52:27 +0800] "GET /xingrg/all/report/report_query.html?isQuery=1&fileName=dma/new_5.0/menu/menu_hz.xml&queryString=(a.sale_day%2520between%252020200801%2520and%252020200831)%2520and%2520(a.sid%2520in%2520(6))%2520and%2520(a.tj_code%253D9)&queryText=%25E3%2580%2590%25E8%2590%25A5%25E4%25B8%259A%25E6%2597%25A5%25E6%259C%259F%253A2020-08-01%2520%25E8%2587%25B3%25202020-08-31%25E3%2580%2591%2520%25E5%25B9%25B6%25E4%25B8%2594%2520%2520%25E3%2580%2590%25E9%2597%25A8%25E5%25BA%2597%25E5%2590%258D%25E7%25A7%25B0%2520%253D%2520%25E6%25B7%25B1%25E6%25B5%25B7%25E6%25B8%2594%25E6%25B8%25AF%25E6%259D%25A8%25E6%25B5%25A6%25E5%25BA%2597%25E3%2580%2591%2520%25E5%25B9%25B6%25E4%25B8%2594%2520%25E3%2580%2590%25E7%25BB%259F%25E8%25AE%25A1%25E7%25B1%25BB%25E5%2588%25AB%2520%253D%2520%25E6%25A5%25BC%25E9%259D%25A2%25E3%2580%2591 HTTP/1.1" 200 54039
172.17.0.185 - - [07/Sep/2020:10:52:27 +0800] "GET /xingrg/dwr/engine.js HTTP/1.1" 200 43631
172.17.0.185 - - [07/Sep/2020:10:52:28 +0800] "GET /favicon.ico HTTP/1.1" 404 -
172.17.0.119 - - [07/Sep/2020:10:52:28 +0800] "GET /xingrg/check_reg.html?_=1599447148183 HTTP/1.1" 200 22
172.17.0.119 - - [07/Sep/2020:10:52:28 +0800] "GET /xingrg/all/function/internal_message.html?_=1599447148186&CODE_STATE=getMsg HTTP/1.1" 200 27
116.238.90.59 - - [07/Sep/2020:10:52:28 +0800] "GET /xingrg/all/function/internal_message.html?_=1599447356021&CODE_STATE=getMsg HTTP/1.1" 200 27
172.17.0.185 - - [07/Sep/2020:10:52:28 +0800] "POST /xingrg/all/report/load_report_page.html HTTP/1.1" 200 155426
180.152.230.204 - - [07/Sep/2020:10:52:28 +0800] "POST /xingrg/all/report/report_print.html HTTP/1.1" 200 6144
172.17.0.185 - - [07/Sep/2020:10:52:28 +0800] "GET /xingrg/servlets/image?cache=0.27731888701254404&image=px HTTP/1.1" 200 807
101.93.73.215 - - [07/Sep/2020:10:52:31 +0800] "GET /xingrg/all/function/internal_message.html?_=1599447151048&CODE_STATE=getMsg HTTP/1.1" 200 27
172.17.0.185 - - [07/Sep/2020:10:52:33 +0800] "POST /xingrg/all/report/report_print.html HTTP/1.1" 200 14869
222.69.130.66 - - [07/Sep/2020:10:52:35 +0800] "GET /xingrg/all/function/internal_message.html?_=1599447154029&CODE_STATE=getMsg HTTP/1.1" 200 27
218.81.217.115 - - [07/Sep/2020:10:52:36 +0800] "GET /xingrg/all/function/internal_message.html?_=1599447158161&CODE_STATE=getMsg HTTP/1.1" 200 27
180.157.253.48 - - [07/Sep/2020:10:52:37 +0800] "GET /xingrg/all/function/internal_message.html?_=1599447158115&CODE_STATE=getMsg HTTP/1.1" 200 27
180.157.253.48 - - [07/Sep/2020:10:52:37 +0800] "GET /xingrg/check_reg.html?_=1599447158322 HTTP/1.1" 200 22
58.221.95.50 - - [07/Sep/2020:10:52:38 +0800] "GET /xingrg/all/function/internal_message.html?_=1599447303611&CODE_STATE=getMsg HTTP/1.1" 200 27
116.230.74.197 - - [07/Sep/2020:10:52:38 +0800] "POST /xingrg/kc/buy/cgsh_order_operate.html HTTP/1.1" 200 37
218.81.217.115 - - [07/Sep/2020:10:52:38 +0800] "GET /xingrg/all/function/internal_message.html?_=1599447159936&CODE_STATE=getMsg HTTP/1.1" 200 27
116.238.71.173 - - [07/Sep/2020:10:52:39 +0800] "POST /xingrg/all/user/operate.html HTTP/1.1" 200 36
116.230.74.197 - - [07/Sep/2020:10:52:39 +0800] "POST /xingrg/kc/buy/cgsh_order_operate.html HTTP/1.1" 200 3281
116.238.71.173 - - [07/Sep/2020:10:52:39 +0800] "GET /xingrg/javascript/jquery_easy_ui/themes/default/easyui.css HTTP/1.1" 304 -
116.238.71.173 - - [07/Sep/2020:10:52:39 +0800] "GET /xingrg/index.html?sysBaseUrl=http%3A%2F%2F180.169.147.146%3A18081%2Fxingrg%2F&costTime=40×tamp=1599350648577 HTTP/1.1" 200 17179
116.238.71.173 - - [07/Sep/2020:10:52:39 +0800] "GET /xingrg/javascript/jquery_easy_ui/themes/icon.css HTTP/1.1" 304 -
116.238.71.173 - - [07/Sep/2020:10:52:39 +0800] "GET /xingrg/css/form.css HTTP/1.1" 304 -
116.238.71.173 - - [07/Sep/2020:10:52:39 +0800] "GET /xingrg/javascript/jquery-1.4.2.min.js HTTP/1.1" 304 -
116.238.71.173 - - [07/Sep/2020:10:52:39 +0800] "GET /xingrg/javascript/jquery_easy_ui/jquery.easyui.min.js HTTP/1.1" 304 -
116.238.71.173 - - [07/Sep/2020:10:52:39 +0800] "GET /xingrg/javascript/jquery_easy_ui/easyui-lang-zh_CN.js HTTP/1.1" 304 -
116.238.71.173 - - [07/Sep/2020:10:52:39 +0800] "GET /xingrg/javascript/jquery.form.js HTTP/1.1" 304 -
116.238.71.173 - - [07/Sep/2020:10:52:39 +0800] "GET /xingrg/javascript/jquery.utils.js HTTP/1.1" 304 -
117.185.32.26 - - [07/Sep/2020:10:52:39 +0800] "GET /xingrg/all/function/internal_message.html?_=1599447592474&CODE_STATE=getMsg HTTP/1.1" 200 27
116.238.71.173 - - [07/Sep/2020:10:52:39 +0800] "GET /xingrg/javascript/jquery.timers.js HTTP/1.1" 304 -
116.238.71.173 - - [07/Sep/2020:10:52:39 +0800] "GET /xingrg/images/blue/jxLogo.png HTTP/1.1" 304 -
116.238.71.173 - - [07/Sep/2020:10:52:39 +0800] "GET /xingrg/javascript/jquery_easy_ui/themes/icons/settle_new.png HTTP/1.1" 304 -
116.238.71.173 - - [07/Sep/2020:10:52:39 +0800] "GET /xingrg/images/blue/navBackgound.jpg HTTP/1.1" 304 -
116.238.71.173 - - [07/Sep/2020:10:52:39 +0800] "POST /xingrg/all/common/load_tree.html?tree=area_rest_tree_json&manage=1 HTTP/1.1" 200 476
116.238.71.173 - - [07/Sep/2020:10:52:39 +0800] "GET /xingrg/all/function/internal_message.html?_=1599447159501&CODE_STATE=count HTTP/1.1" 200 11
116.238.71.173 - - [07/Sep/2020:10:52:39 +0800] "GET /xingrg/check_reg.html?_=1599447159504 HTTP/1.1" 200 22
116.238.71.173 - - [07/Sep/2020:10:52:39 +0800] "GET /xingrg/javascript/jquery_easy_ui/themes/default/images/tabs_rightarrow.png HTTP/1.1" 304 -
116.238.71.173 - - [07/Sep/2020:10:52:39 +0800] "GET /xingrg/images/blue/pingpu.png HTTP/1.1" 304 -
116.238.71.173 - - [07/Sep/2020:10:52:39 +0800] "GET /xingrg/javascript/jquery_easy_ui/themes/default/images/panel_tool_collapse.gif HTTP/1.1" 304 -
116.238.71.173 - - [07/Sep/2020:10:52:39 +0800] "GET /xingrg/javascript/jquery_easy_ui/themes/default/images/tabs_leftarrow.png HTTP/1.1" 304 -
116.238.71.173 - - [07/Sep/2020:10:52:39 +0800] "POST /xingrg/load_menu.html HTTP/1.1" 200 5138
116.230.74.197 - - [07/Sep/2020:10:52:40 +0800] "GET /xingrg/kc/print/load_data.html?order_code=212020090702784&kc_code=cgsh&condition= HTTP/1.1" 200 932
172.17.0.103 - - [07/Sep/2020:10:52:42 +0800] "GET /xingrg/all/function/internal_message.html?_=1599447191979&CODE_STATE=getMsg HTTP/1.1" 200 27
172.17.0.103 - - [07/Sep/2020:10:52:42 +0800] "GET /xingrg/check_reg.html?_=1599447191988 HTTP/1.1" 200 22
116.238.71.173 - - [07/Sep/2020:10:52:42 +0800] "GET /xingrg/kc/base/wldb_order_list.html HTTP/1.1" 200 19302
116.238.71.173 - - [07/Sep/2020:10:52:43 +0800] "POST /xingrg/kc/base/wldb_list_operate.html HTTP/1.1" 200 928
117.185.32.26 - - [07/Sep/2020:10:52:43 +0800] "GET /xingrg/kc/buy/cgsh_order_add.html HTTP/1.1" 200 59668
117.185.32.26 - - [07/Sep/2020:10:52:44 +0800] "POST /xingrg/kc/buy/cgsh_order_operate.html HTTP/1.1" 200 8245
116.238.71.173 - - [07/Sep/2020:10:52:44 +0800] "GET /xingrg/kc/base/wldb_order_add.html HTTP/1.1" 200 30414
117.185.32.26 - - [07/Sep/2020:10:52:44 +0800] "GET /xingrg/javascript/easyui/themes/default/validatebox.css HTTP/1.1" 404 1104
116.238.71.173 - - [07/Sep/2020:10:52:44 +0800] "GET /xingrg/words/20200907064115_words.js HTTP/1.1" 304 -
116.238.71.173 - - [07/Sep/2020:10:52:44 +0800] "POST /xingrg/kc/base/wldb_order_operate.html HTTP/1.1" 200 6806
116.238.71.173 - - [07/Sep/2020:10:52:44 +0800] "GET /xingrg/javascript/easyui/themes/default/validatebox.css HTTP/1.1" 404 1104
117.184.7.26 - - [07/Sep/2020:10:52:45 +0800] "GET /xingrg/all/function/internal_message.html?_=1599447164855&CODE_STATE=getMsg HTTP/1.1" 200 27
116.238.71.173 - - [07/Sep/2020:10:52:45 +0800] "GET /xingrg/javascript/auto/indicator.gif HTTP/1.1" 404 1066
117.185.32.26 - - [07/Sep/2020:10:52:45 +0800] "GET /xingrg/javascript/easyui/themes/default/tree.css HTTP/1.1" 404 1090
116.230.74.197 - - [07/Sep/2020:10:52:45 +0800] "GET /xingrg/kc/buy/cgsh_order_add.html HTTP/1.1" 200 59715
117.185.32.26 - - [07/Sep/2020:10:52:45 +0800] "POST /xingrg/all/common/load_tree.html?tree=supplier_tree_json&isDelete=1 HTTP/1.1" 200 50169
114.88.166.242 - - [07/Sep/2020:10:52:46 +0800] "GET /xingrg/all/function/internal_message.html?_=1599447226913&CODE_STATE=getMsg HTTP/1.1" 200 27
116.230.74.197 - - [07/Sep/2020:10:52:46 +0800] "GET /xingrg/javascript/easyui/themes/default/validatebox.css HTTP/1.1" 404 1104
116.230.74.197 - - [07/Sep/2020:10:52:46 +0800] "POST /xingrg/kc/buy/cgsh_order_operate.html HTTP/1.1" 200 8245
116.230.74.197 - - [07/Sep/2020:10:52:48 +0800] "GET /xingrg/javascript/easyui/themes/default/tree.css HTTP/1.1" 404 1090
116.230.74.197 - - [07/Sep/2020:10:52:49 +0800] "POST /xingrg/all/common/load_tree.html?tree=supplier_tree_json&isDelete=1 HTTP/1.1" 200 50169
218.81.217.115 - - [07/Sep/2020:10:52:49 +0800] "GET /xingrg/check_reg.html?_=1599447170888 HTTP/1.1" 200 22
172.17.0.185 - - [07/Sep/2020:10:52:50 +0800] "GET /xingrg/all/function/internal_message.html?_=1599447169999&CODE_STATE=getMsg HTTP/1.1" 200 27
116.238.71.173 - - [07/Sep/2020:10:52:51 +0800] "GET /xingrg/kc/base/wldb_order_operate.html?command=get_materiel&rest_code=00150&base_code=0010447&code=00101014075 HTTP/1.1" 200 436
218.81.217.115 - - [07/Sep/2020:10:52:51 +0800] "POST /xingrg/kc/buy/cgsh_list_operate.html HTTP/1.1" 200 5440
180.152.230.204 - - [07/Sep/2020:10:52:56 +0800] "POST /xingrg/all/report/report_print.html HTTP/1.1" 200 6144
114.82.29.189 - - [07/Sep/2020:10:52:56 +0800] "GET /xingrg/all/function/internal_message.html?_=1599447177831&CODE_STATE=getMsg HTTP/1.1" 200 27
116.232.51.212 - - [07/Sep/2020:10:53:00 +0800] "GET /xingrg/all/function/internal_message.html?_=1599447255984&CODE_STATE=getMsg HTTP/1.1" 200 27
180.152.230.204 - - [07/Sep/2020:10:53:01 +0800] "GET /xingrg/all/function/internal_message.html?_=1599447178582&CODE_STATE=getMsg HTTP/1.1" 200 27
120.253.135.82 - - [07/Sep/2020:10:53:02 +0800] "GET /xingrg/all/function/internal_message.html?_=1599447238332&CODE_STATE=getMsg HTTP/1.1" 200 27
222.69.160.252 - - [07/Sep/2020:10:53:05 +0800] "GET /xingrg/all/function/internal_message.html?_=1599447028243&CODE_STATE=getMsg HTTP/1.1" 200 27
117.185.32.26 - - [07/Sep/2020:10:53:08 +0800] "GET /xingrg/kc/buy/cgsh_order_operate.html?command=get_materiel&rest_code=00106&code=00101001140&supplier_code=00100090&order_time=2020-09-07 HTTP/1.1" 200 415
116.238.90.59 - - [07/Sep/2020:10:53:08 +0800] "GET /xingrg/check_reg.html?_=1599447396170 HTTP/1.1" 200 22
116.238.71.173 - - [07/Sep/2020:10:53:09 +0800] "GET /xingrg/kc/base/wldb_order_operate.html?command=get_materiel&rest_code=00150&base_code=0010447&code=00101014041 HTTP/1.1" 200 433
114.88.166.242 - - [07/Sep/2020:10:53:11 +0800] "GET /xingrg/all/function/internal_message.html?_=1599447190746&CODE_STATE=getMsg HTTP/1.1" 200 27
120.253.135.82 - - [07/Sep/2020:10:53:12 +0800] "GET /xingrg/check_reg.html?_=1599446941803 HTTP/1.1" 200 22
120.253.135.82 - - [07/Sep/2020:10:53:12 +0800] "GET /xingrg/all/function/internal_message.html?_=1599446942110&CODE_STATE=getMsg HTTP/1.1" 200 27
180.157.253.48 - - [07/Sep/2020:10:53:14 +0800] "GET /xingrg/all/function/internal_message.html?_=1599447194820&CODE_STATE=getMsg HTTP/1.1" 200 27
116.238.71.173 - - [07/Sep/2020:10:53:17 +0800] "GET /xingrg/kc/base/wldb_order_operate.html?command=get_materiel&rest_code=00150&base_code=0010447&code=00101014087 HTTP/1.1" 200 426
116.230.74.197 - - [07/Sep/2020:10:53:17 +0800] "GET /xingrg/kc/buy/cgsh_order_operate.html?command=get_materiel&rest_code=00107&code=00101006170&supplier_code=00100340&order_time=2020-09-07 HTTP/1.1" 200 413
116.230.74.197 - - [07/Sep/2020:10:53:20 +0800] "GET /xingrg/check_reg.html?_=1599447203335 HTTP/1.1" 200 22
116.230.74.197 - - [07/Sep/2020:10:53:20 +0800] "GET /xingrg/all/function/internal_message.html?_=1599447203346&CODE_STATE=getMsg HTTP/1.1" 200 27
116.230.74.197 - - [07/Sep/2020:10:53:25 +0800] "POST /xingrg/kc/buy/cgsh_order_operate.html HTTP/1.1" 200 37
116.230.74.197 - - [07/Sep/2020:10:53:27 +0800] "POST /xingrg/kc/buy/cgsh_order_operate.html HTTP/1.1" 200 2658
172.17.0.119 - - [07/Sep/2020:10:53:28 +0800] "GET /xingrg/all/function/internal_message.html?_=1599447208187&CODE_STATE=getMsg HTTP/1.1" 200 27
116.230.74.197 - - [07/Sep/2020:10:53:28 +0800] "GET /xingrg/kc/print/load_data.html?order_code=212020090702785&kc_code=cgsh&condition= HTTP/1.1" 200 674
116.238.90.59 - - [07/Sep/2020:10:53:28 +0800] "GET /xingrg/all/function/internal_message.html?_=1599447416026&CODE_STATE=getMsg HTTP/1.1" 200 27
101.93.73.215 - - [07/Sep/2020:10:53:31 +0800] "GET /xingrg/all/function/internal_message.html?_=1599447211059&CODE_STATE=getMsg HTTP/1.1" 200 27
117.185.32.26 - - [07/Sep/2020:10:53:31 +0800] "POST /xingrg/kc/buy/cgsh_order_operate.html HTTP/1.1" 200 37
116.230.74.197 - - [07/Sep/2020:10:53:33 +0800] "GET /xingrg/kc/buy/cgsh_order_add.html HTTP/1.1" 200 59715
117.185.32.26 - - [07/Sep/2020:10:53:33 +0800] "POST /xingrg/kc/buy/cgsh_order_operate.html HTTP/1.1" 200 12
116.230.74.197 - - [07/Sep/2020:10:53:33 +0800] "GET /xingrg/javascript/easyui/themes/default/validatebox.css HTTP/1.1" 404 1104
116.230.74.197 - - [07/Sep/2020:10:53:33 +0800] "POST /xingrg/kc/buy/cgsh_order_operate.html HTTP/1.1" 200 8245
117.185.32.26 - - [07/Sep/2020:10:53:34 +0800] "GET /xingrg/kc/buy/cgsh_order_info.html?code=212020090702786 HTTP/1.1" 200 54575
117.185.32.26 - - [07/Sep/2020:10:53:34 +0800] "GET /xingrg/javascript/easyui/themes/default/validatebox.css HTTP/1.1" 404 1104
117.185.32.26 - - [07/Sep/2020:10:53:34 +0800] "POST /xingrg/kc/buy/cgsh_order_operate.html HTTP/1.1" 200 612
116.230.74.197 - - [07/Sep/2020:10:53:35 +0800] "GET /xingrg/javascript/easyui/themes/default/tree.css HTTP/1.1" 404 1090
116.230.74.197 - - [07/Sep/2020:10:53:35 +0800] "POST /xingrg/all/common/load_tree.html?tree=supplier_tree_json&isDelete=1 HTTP/1.1" 200 50169
222.69.130.66 - - [07/Sep/2020:10:53:35 +0800] "GET /xingrg/all/function/internal_message.html?_=1599447214014&CODE_STATE=getMsg HTTP/1.1" 200 27
218.81.217.115 - - [07/Sep/2020:10:53:36 +0800] "GET /xingrg/all/function/internal_message.html?_=1599447218172&CODE_STATE=getMsg HTTP/1.1" 200 27
117.185.32.26 - - [07/Sep/2020:10:53:36 +0800] "GET /xingrg/kc/print/load_config.html?kc_code=cgsh HTTP/1.1" 200 1845
117.185.32.26 - - [07/Sep/2020:10:53:37 +0800] "GET /xingrg/kc/print/load_data.html?order_code=212020090702786&kc_code=cgsh&condition= HTTP/1.1" 200 771
180.157.253.48 - - [07/Sep/2020:10:53:37 +0800] "GET /xingrg/all/function/internal_message.html?_=1599447218106&CODE_STATE=getMsg HTTP/1.1" 200 27
58.221.95.50 - - [07/Sep/2020:10:53:38 +0800] "GET /xingrg/all/function/internal_message.html?_=1599447363578&CODE_STATE=getMsg HTTP/1.1" 200 27
218.81.217.115 - - [07/Sep/2020:10:53:39 +0800] "GET /xingrg/all/function/internal_message.html?_=1599447220137&CODE_STATE=getMsg HTTP/1.1" 200 27
117.185.32.26 - - [07/Sep/2020:10:53:39 +0800] "GET /xingrg/all/function/internal_message.html?_=1599447652490&CODE_STATE=getMsg HTTP/1.1" 200 27
116.238.71.173 - - [07/Sep/2020:10:53:39 +0800] "GET /xingrg/all/function/internal_message.html?_=1599447219554&CODE_STATE=getMsg HTTP/1.1" 200 27
172.17.0.103 - - [07/Sep/2020:10:53:42 +0800] "GET /xingrg/all/function/internal_message.html?_=1599447251974&CODE_STATE=getMsg HTTP/1.1" 200 27
117.184.7.26 - - [07/Sep/2020:10:53:45 +0800] "GET /xingrg/all/function/internal_message.html?_=1599447224840&CODE_STATE=getMsg HTTP/1.1" 200 27
114.88.166.242 - - [07/Sep/2020:10:53:46 +0800] "GET /xingrg/all/function/internal_message.html?_=1599447286912&CODE_STATE=getMsg HTTP/1.1" 200 27
172.17.0.185 - - [07/Sep/2020:10:53:50 +0800] "GET /xingrg/all/function/internal_message.html?_=1599447230002&CODE_STATE=getMsg HTTP/1.1" 200 27
172.17.0.185 - - [07/Sep/2020:10:53:50 +0800] "GET /xingrg/check_reg.html?_=1599447230006 HTTP/1.1" 200 22
117.185.32.26 - - [07/Sep/2020:10:53:55 +0800] "GET /xingrg/kc/buy/cgsh_order_add.html HTTP/1.1" 200 59668
117.185.32.26 - - [07/Sep/2020:10:53:56 +0800] "POST /xingrg/kc/buy/cgsh_order_operate.html HTTP/1.1" 200 8245
117.185.32.26 - - [07/Sep/2020:10:53:56 +0800] "GET /xingrg/javascript/easyui/themes/default/validatebox.css HTTP/1.1" 404 1104
114.82.29.189 - - [07/Sep/2020:10:53:56 +0800] "GET /xingrg/all/function/internal_message.html?_=1599447237824&CODE_STATE=getMsg HTTP/1.1" 200 27
117.185.32.26 - - [07/Sep/2020:10:53:57 +0800] "GET /xingrg/javascript/easyui/themes/default/tree.css HTTP/1.1" 404 1090
117.185.32.26 - - [07/Sep/2020:10:53:57 +0800] "POST /xingrg/all/common/load_tree.html?tree=supplier_tree_json&isDelete=1 HTTP/1.1" 200 50169
116.232.51.212 - - [07/Sep/2020:10:54:00 +0800] "GET /xingrg/check_reg.html?_=1599447315983 HTTP/1.1" 200 22
116.232.51.212 - - [07/Sep/2020:10:54:00 +0800] "GET /xingrg/all/function/internal_message.html?_=1599447315983&CODE_STATE=getMsg HTTP/1.1" 200 27
180.152.230.204 - - [07/Sep/2020:10:54:01 +0800] "GET /xingrg/all/function/internal_message.html?_=1599447238579&CODE_STATE=getMsg HTTP/1.1" 200 27
120.253.135.82 - - [07/Sep/2020:10:54:02 +0800] "GET /xingrg/all/function/internal_message.html?_=1599447298363&CODE_STATE=getMsg HTTP/1.1" 200 27
222.69.160.252 - - [07/Sep/2020:10:54:05 +0800] "GET /xingrg/all/function/internal_message.html?_=1599447088243&CODE_STATE=getMsg HTTP/1.1" 200 27
116.230.74.197 - - [07/Sep/2020:10:54:08 +0800] "GET /xingrg/kc/buy/cgsh_order_operate.html?command=get_materiel&rest_code=00107&code=00101008328&supplier_code=00100338&order_time=2020-09-07 HTTP/1.1" 200 410
114.88.166.242 - - [07/Sep/2020:10:54:11 +0800] "GET /xingrg/all/function/internal_message.html?_=1599447250760&CODE_STATE=getMsg HTTP/1.1" 200 27
120.253.135.82 - - [07/Sep/2020:10:54:12 +0800] "GET /xingrg/all/function/internal_message.html?_=1599447002123&CODE_STATE=getMsg HTTP/1.1" 200 27
180.157.253.48 - - [07/Sep/2020:10:54:14 +0800] "GET /xingrg/all/function/internal_message.html?_=1599447254830&CODE_STATE=getMsg HTTP/1.1" 200 27
116.230.74.197 - - [07/Sep/2020:10:54:23 +0800] "POST /xingrg/kc/buy/cgsh_order_operate.html HTTP/1.1" 200 37
116.230.74.197 - - [07/Sep/2020:10:54:24 +0800] "POST /xingrg/kc/buy/cgsh_order_operate.html HTTP/1.1" 200 2653
116.230.74.197 - - [07/Sep/2020:10:54:26 +0800] "GET /xingrg/kc/print/load_data.html?order_code=212020090702787&kc_code=cgsh&condition= HTTP/1.1" 200 666
172.17.0.119 - - [07/Sep/2020:10:54:28 +0800] "GET /xingrg/all/function/internal_message.html?_=1599447268190&CODE_STATE=getMsg HTTP/1.1" 200 27
116.238.90.59 - - [07/Sep/2020:10:54:28 +0800] "GET /xingrg/all/function/internal_message.html?_=1599447476041&CODE_STATE=getMsg HTTP/1.1" 200 27
101.93.73.215 - - [07/Sep/2020:10:54:31 +0800] "GET /xingrg/all/function/internal_message.html?_=1599447271062&CODE_STATE=getMsg HTTP/1.1" 200 27
116.230.74.197 - - [07/Sep/2020:10:54:33 +0800] "GET /xingrg/kc/buy/cgsh_order_add.html HTTP/1.1" 200 59715
114.88.166.242 - - [07/Sep/2020:10:54:34 +0800] "GET /favicon.ico HTTP/1.1" 404 -
116.230.74.197 - - [07/Sep/2020:10:54:34 +0800] "GET /xingrg/javascript/easyui/themes/default/validatebox.css HTTP/1.1" 404 1104
116.230.74.197 - - [07/Sep/2020:10:54:34 +0800] "POST /xingrg/kc/buy/cgsh_order_operate.html HTTP/1.1" 200 8245
116.230.74.197 - - [07/Sep/2020:10:54:35 +0800] "GET /xingrg/javascript/easyui/themes/default/tree.css HTTP/1.1" 404 1090
116.230.74.197 - - [07/Sep/2020:10:54:35 +0800] "POST /xingrg/all/common/load_tree.html?tree=supplier_tree_json&isDelete=1 HTTP/1.1" 200 50169
222.69.130.66 - - [07/Sep/2020:10:54:35 +0800] "GET /xingrg/all/function/internal_message.html?_=1599447274000&CODE_STATE=getMsg HTTP/1.1" 200 27
218.81.217.115 - - [07/Sep/2020:10:54:36 +0800] "GET /xingrg/all/function/internal_message.html?_=1599447278184&CODE_STATE=getMsg HTTP/1.1" 200 27
222.69.130.66 - - [07/Sep/2020:10:54:37 +0800] "GET /xingrg/check_reg.html?_=1599447275313 HTTP/1.1" 200 22
58.221.95.50 - - [07/Sep/2020:10:54:38 +0800] "GET /xingrg/all/function/internal_message.html?_=1599447423553&CODE_STATE=getMsg HTTP/1.1" 200 27
116.238.71.173 - - [07/Sep/2020:10:54:39 +0800] "POST /xingrg/services/DataTransmitService HTTP/1.1" 200 524
116.238.71.173 - - [07/Sep/2020:10:54:39 +0800] "POST /xingrg/services/DataTransmitService HTTP/1.1" 200 1767
218.81.217.115 - - [07/Sep/2020:10:54:39 +0800] "GET /xingrg/all/function/internal_message.html?_=1599447280329&CODE_STATE=getMsg HTTP/1.1" 200 27
116.238.71.173 - - [07/Sep/2020:10:54:39 +0800] "POST /xingrg/services/DataTransmitService HTTP/1.1" 200 90136
117.185.32.26 - - [07/Sep/2020:10:54:39 +0800] "GET /xingrg/check_reg.html?_=1599447712469 HTTP/1.1" 200 22
117.185.32.26 - - [07/Sep/2020:10:54:39 +0800] "GET /xingrg/all/function/internal_message.html?_=1599447712473&CODE_STATE=getMsg HTTP/1.1" 200 27
116.238.71.173 - - [07/Sep/2020:10:54:39 +0800] "GET /xingrg/all/function/internal_message.html?_=1599447279614&CODE_STATE=getMsg HTTP/1.1" 200 27
172.17.0.103 - - [07/Sep/2020:10:54:42 +0800] "GET /xingrg/all/function/internal_message.html?_=1599447311980&CODE_STATE=getMsg HTTP/1.1" 200 27
117.184.7.26 - - [07/Sep/2020:10:54:43 +0800] "GET /xingrg/check_reg.html?_=1599447282642 HTTP/1.1" 200 22
117.184.7.26 - - [07/Sep/2020:10:54:45 +0800] "GET /xingrg/all/function/internal_message.html?_=1599447284813&CODE_STATE=getMsg HTTP/1.1" 200 27
117.185.32.26 - - [07/Sep/2020:10:54:46 +0800] "GET /xingrg/kc/buy/cgsh_order_operate.html?command=get_materiel&rest_code=00106&code=00101002002&supplier_code=00100087&order_time=2020-09-07 HTTP/1.1" 200 418
114.88.166.242 - - [07/Sep/2020:10:54:46 +0800] "GET /xingrg/all/function/internal_message.html?_=1599447346910&CODE_STATE=getMsg HTTP/1.1" 200 27
172.17.0.185 - - [07/Sep/2020:10:54:50 +0800] "GET /xingrg/all/function/internal_message.html?_=1599447289995&CODE_STATE=getMsg HTTP/1.1" 200 27
114.82.29.189 - - [07/Sep/2020:10:54:56 +0800] "GET /xingrg/check_reg.html?_=1599447297817 HTTP/1.1" 200 22
114.82.29.189 - - [07/Sep/2020:10:54:56 +0800] "GET /xingrg/all/function/internal_message.html?_=1599447297819&CODE_STATE=getMsg HTTP/1.1" 200 27
116.232.51.212 - - [07/Sep/2020:10:54:57 +0800] "GET /xingrg/kc/buy/cgsh_order_add.html HTTP/1.1" 200 59715
116.232.51.212 - - [07/Sep/2020:10:54:57 +0800] "GET /xingrg/words/20200907064115_words.js HTTP/1.1" 304 -
116.232.51.212 - - [07/Sep/2020:10:54:57 +0800] "POST /xingrg/kc/buy/cgsh_order_operate.html HTTP/1.1" 200 8245
116.232.51.212 - - [07/Sep/2020:10:54:57 +0800] "GET /xingrg/all/common/auto_word.html?type=employee&rest_code=00109 HTTP/1.1" 200 255
116.232.51.212 - - [07/Sep/2020:10:54:57 +0800] "GET /xingrg/all/common/auto_word.html?type=employee&rest_code=00109 HTTP/1.1" 200 255
116.232.51.212 - - [07/Sep/2020:10:54:57 +0800] "GET /xingrg/javascript/easyui/themes/default/validatebox.css HTTP/1.1" 404 1104
116.232.51.212 - - [07/Sep/2020:10:54:59 +0800] "GET /xingrg/all/function/internal_message.html?_=1599447375977&CODE_STATE=getMsg HTTP/1.1" 200 27
180.152.230.204 - - [07/Sep/2020:10:55:01 +0800] "GET /xingrg/all/function/internal_message.html?_=1599447298581&CODE_STATE=getMsg HTTP/1.1" 200 27
116.230.74.197 - - [07/Sep/2020:10:55:02 +0800] "GET /xingrg/kc/buy/cgsh_order_operate.html?command=get_materiel&rest_code=00107&code=00101004046&supplier_code=00100312&order_time=2020-09-07 HTTP/1.1" 200 417
120.253.135.82 - - [07/Sep/2020:10:55:02 +0800] "GET /xingrg/all/function/internal_message.html?_=1599447358376&CODE_STATE=getMsg HTTP/1.1" 200 27
116.232.51.212 - - [07/Sep/2020:10:55:03 +0800] "GET /xingrg/javascript/jquery_tools/images/prev.gif HTTP/1.1" 404 1086
116.232.51.212 - - [07/Sep/2020:10:55:03 +0800] "GET /xingrg/javascript/jquery_tools/images/next.gif HTTP/1.1" 404 1086
120.253.135.82 - - [07/Sep/2020:10:55:05 +0800] "GET /xingrg/javascript/jquery_easy_ui/themes/default/images/tabs_active.png HTTP/1.1" 200 2894
222.69.160.252 - - [07/Sep/2020:10:55:05 +0800] "GET /xingrg/all/function/internal_message.html?_=1599447148243&CODE_STATE=getMsg HTTP/1.1" 200 27
117.185.32.26 - - [07/Sep/2020:10:55:07 +0800] "POST /xingrg/kc/buy/cgsh_order_operate.html HTTP/1.1" 200 37
116.232.51.212 - - [07/Sep/2020:10:55:08 +0800] "GET /xingrg/kc/buy/cgsh_order_operate.html?command=get_materiel&rest_code=00109&code=00101011001&supplier_code=00100046&order_time=2020-09-07 HTTP/1.1" 200 423
120.253.135.82 - - [07/Sep/2020:10:55:09 +0800] "GET /xingrg/javascript/jquery_tools/table.css HTTP/1.1" 200 1032
120.253.135.82 - - [07/Sep/2020:10:55:09 +0800] "GET /xingrg/javascript/jquery_tools/jquery.tools.table.js HTTP/1.1" 200 6994
120.253.135.82 - - [07/Sep/2020:10:55:09 +0800] "GET /xingrg/kc/buy/cgsh_order_list.html HTTP/1.1" 200 44185
120.253.135.82 - - [07/Sep/2020:10:55:09 +0800] "GET /xingrg/javascript/easyui/themes/default/easyui.css HTTP/1.1" 200 30432
117.185.32.26 - - [07/Sep/2020:10:55:09 +0800] "POST /xingrg/kc/buy/cgsh_order_operate.html HTTP/1.1" 200 12
120.253.135.82 - - [07/Sep/2020:10:55:09 +0800] "GET /xingrg/javascript/easyui/themes/icons/cance_new.png HTTP/1.1" 200 3986
120.253.135.82 - - [07/Sep/2020:10:55:09 +0800] "GET /xingrg/javascript/easyui/themes/icons/edit_add_new.png HTTP/1.1" 200 2997
120.253.135.82 - - [07/Sep/2020:10:55:09 +0800] "GET /xingrg/javascript/easyui/themes/icons/uncheck_new.png HTTP/1.1" 200 3197
120.253.135.82 - - [07/Sep/2020:10:55:09 +0800] "GET /xingrg/javascript/easyui/themes/icons/check_new.png HTTP/1.1" 200 3224
120.253.135.82 - - [07/Sep/2020:10:55:09 +0800] "POST /xingrg/kc/buy/cgsh_list_operate.html HTTP/1.1" 200 876
117.185.32.26 - - [07/Sep/2020:10:55:10 +0800] "GET /xingrg/kc/buy/cgsh_order_info.html?code=212020090702788 HTTP/1.1" 200 54571
117.185.32.26 - - [07/Sep/2020:10:55:10 +0800] "GET /xingrg/words/20200907064115_words.js HTTP/1.1" 304 -
117.185.32.26 - - [07/Sep/2020:10:55:10 +0800] "GET /xingrg/javascript/easyui/themes/default/validatebox.css HTTP/1.1" 404 1104
117.185.32.26 - - [07/Sep/2020:10:55:10 +0800] "POST /xingrg/kc/buy/cgsh_order_operate.html HTTP/1.1" 200 618
120.253.135.82 - - [07/Sep/2020:10:55:11 +0800] "GET /xingrg/javascript/easyui/themes/default/images/button_plain_hover.png HTTP/1.1" 200 144
114.88.166.242 - - [07/Sep/2020:10:55:11 +0800] "GET /xingrg/all/function/internal_message.html?_=1599447310798&CODE_STATE=getMsg HTTP/1.1" 200 27
120.253.135.82 - - [07/Sep/2020:10:55:12 +0800] "GET /xingrg/all/function/internal_message.html?_=1599447062137&CODE_STATE=getMsg HTTP/1.1" 200 27
116.232.51.212 - - [07/Sep/2020:10:55:13 +0800] "POST /xingrg/kc/buy/cgsh_order_operate.html HTTP/1.1" 200 37
117.185.32.26 - - [07/Sep/2020:10:55:13 +0800] "GET /xingrg/kc/print/load_data.html?order_code=212020090702788&kc_code=cgsh&condition= HTTP/1.1" 200 763
116.232.51.212 - - [07/Sep/2020:10:55:13 +0800] "POST /xingrg/kc/buy/cgsh_order_operate.html HTTP/1.1" 200 2666
180.157.253.48 - - [07/Sep/2020:10:55:14 +0800] "GET /xingrg/check_reg.html?_=1599447314727 HTTP/1.1" 200 22
180.157.253.48 - - [07/Sep/2020:10:55:14 +0800] "GET /xingrg/all/function/internal_message.html?_=1599447314845&CODE_STATE=getMsg HTTP/1.1" 200 27
116.232.51.212 - - [07/Sep/2020:10:55:14 +0800] "GET /xingrg/kc/print/load_config.html?kc_code=cgsh HTTP/1.1" 200 1845
116.232.51.212 - - [07/Sep/2020:10:55:14 +0800] "GET /xingrg/kc/print/load_data.html?order_code=212020090702789&kc_code=cgsh&condition= HTTP/1.1" 200 689
116.230.74.197 - - [07/Sep/2020:10:55:17 +0800] "GET /xingrg/kc/buy/cgsh_order_operate.html?command=get_materiel&rest_code=00107&code=00101004020&supplier_code=00100312&order_time=2020-09-07 HTTP/1.1" 200 409
116.230.74.197 - - [07/Sep/2020:10:55:20 +0800] "GET /xingrg/all/function/internal_message.html?_=1599447323405&CODE_STATE=getMsg HTTP/1.1" 200 27
114.82.29.189 - - [07/Sep/2020:10:55:21 +0800] "GET /xingrg/kc/buy/cgsh_order_list.html HTTP/1.1" 200 43930
117.185.32.26 - - [07/Sep/2020:10:55:21 +0800] "GET /xingrg/kc/buy/cgsh_order_add.html HTTP/1.1" 200 59668
114.82.29.189 - - [07/Sep/2020:10:55:22 +0800] "POST /xingrg/kc/buy/cgsh_list_operate.html HTTP/1.1" 200 5149
117.185.32.26 - - [07/Sep/2020:10:55:22 +0800] "GET /xingrg/javascript/easyui/themes/default/validatebox.css HTTP/1.1" 404 1104
117.185.32.26 - - [07/Sep/2020:10:55:22 +0800] "POST /xingrg/kc/buy/cgsh_order_operate.html HTTP/1.1" 200 8245
117.185.32.26 - - [07/Sep/2020:10:55:23 +0800] "GET /xingrg/javascript/easyui/themes/default/tree.css HTTP/1.1" 404 1090
117.185.32.26 - - [07/Sep/2020:10:55:23 +0800] "POST /xingrg/all/common/load_tree.html?tree=supplier_tree_json&isDelete=1 HTTP/1.1" 200 50169
172.17.0.119 - - [07/Sep/2020:10:55:28 +0800] "GET /xingrg/all/function/internal_message.html?_=1599447328191&CODE_STATE=getMsg HTTP/1.1" 200 27
116.238.90.59 - - [07/Sep/2020:10:55:29 +0800] "GET /xingrg/all/function/internal_message.html?_=1599447536471&CODE_STATE=getMsg HTTP/1.1" 200 27
58.37.9.106 - - [07/Sep/2020:10:55:30 +0800] "GET /xingrg/check_reg.html?_=1599447333881 HTTP/1.1" 200 22
101.93.73.215 - - [07/Sep/2020:10:55:31 +0800] "GET /xingrg/all/function/internal_message.html?_=1599447331061&CODE_STATE=getMsg HTTP/1.1" 200 27
101.93.73.215 - - [07/Sep/2020:10:55:31 +0800] "GET /xingrg/check_reg.html?_=1599447331063 HTTP/1.1" 200 22
114.82.29.189 - - [07/Sep/2020:10:55:32 +0800] "GET /xingrg/kc/buy/cgsh_order_add.html HTTP/1.1" 200 59668
114.82.29.189 - - [07/Sep/2020:10:55:32 +0800] "GET /xingrg/javascript/easyui/themes/default/validatebox.css HTTP/1.1" 404 1104
114.82.29.189 - - [07/Sep/2020:10:55:32 +0800] "POST /xingrg/kc/buy/cgsh_order_operate.html HTTP/1.1" 200 8245
116.230.74.197 - - [07/Sep/2020:10:55:33 +0800] "GET /xingrg/kc/buy/cgsh_order_operate.html?command=get_materiel&rest_code=00107&code=00101004027&supplier_code=00100312&order_time=2020-09-07 HTTP/1.1" 200 409
222.69.130.66 - - [07/Sep/2020:10:55:35 +0800] "GET /xingrg/all/function/internal_message.html?_=1599447333970&CODE_STATE=getMsg HTTP/1.1" 200 27
218.81.217.115 - - [07/Sep/2020:10:55:36 +0800] "GET /xingrg/all/function/internal_message.html?_=1599447338309&CODE_STATE=getMsg HTTP/1.1" 200 27
58.221.95.50 - - [07/Sep/2020:10:55:38 +0800] "GET /xingrg/all/function/internal_message.html?_=1599447483524&CODE_STATE=getMsg HTTP/1.1" 200 27
117.185.32.26 - - [07/Sep/2020:10:55:38 +0800] "GET /xingrg/kc/buy/cgsh_order_operate.html?command=get_materiel&rest_code=00106&code=00101004065&supplier_code=00100086&order_time=2020-09-07 HTTP/1.1" 200 433
218.81.217.115 - - [07/Sep/2020:10:55:39 +0800] "GET /xingrg/all/function/internal_message.html?_=1599447340334&CODE_STATE=getMsg HTTP/1.1" 200 27
117.185.32.26 - - [07/Sep/2020:10:55:39 +0800] "GET /xingrg/all/function/internal_message.html?_=1599447772508&CODE_STATE=getMsg HTTP/1.1" 200 27
116.238.71.173 - - [07/Sep/2020:10:55:39 +0800] "GET /xingrg/all/function/internal_message.html?_=1599447339658&CODE_STATE=getMsg HTTP/1.1" 200 27
172.17.0.103 - - [07/Sep/2020:10:55:42 +0800] "GET /xingrg/all/function/internal_message.html?_=1599447371972&CODE_STATE=getMsg HTTP/1.1" 200 27
117.184.7.26 - - [07/Sep/2020:10:55:45 +0800] "GET /xingrg/all/function/internal_message.html?_=1599447344803&CODE_STATE=getMsg HTTP/1.1" 200 27
114.88.166.242 - - [07/Sep/2020:10:55:46 +0800] "GET /xingrg/all/function/internal_message.html?_=1599447406909&CODE_STATE=getMsg HTTP/1.1" 200 27
117.185.32.26 - - [07/Sep/2020:10:55:50 +0800] "POST /xingrg/kc/buy/cgsh_order_operate.html HTTP/1.1" 200 37
172.17.0.185 - - [07/Sep/2020:10:55:50 +0800] "GET /xingrg/all/function/internal_message.html?_=1599447349997&CODE_STATE=getMsg HTTP/1.1" 200 27
116.230.74.197 - - [07/Sep/2020:10:55:51 +0800] "GET /xingrg/kc/buy/cgsh_order_operate.html?command=get_materiel&rest_code=00107&code=00101004030&supplier_code=00100312&order_time=2020-09-07 HTTP/1.1" 200 408
117.185.32.26 - - [07/Sep/2020:10:55:52 +0800] "POST /xingrg/kc/buy/cgsh_order_operate.html HTTP/1.1" 200 12
117.185.32.26 - - [07/Sep/2020:10:55:52 +0800] "GET /xingrg/kc/buy/cgsh_order_info.html?code=212020090702790 HTTP/1.1" 200 54575
117.185.32.26 - - [07/Sep/2020:10:55:53 +0800] "GET /xingrg/javascript/easyui/themes/default/validatebox.css HTTP/1.1" 404 1104
117.185.32.26 - - [07/Sep/2020:10:55:54 +0800] "POST /xingrg/kc/buy/cgsh_order_operate.html HTTP/1.1" 200 611
114.82.29.189 - - [07/Sep/2020:10:55:54 +0800] "GET /xingrg/kc/buy/cgsh_order_operate.html?command=get_materiel&rest_code=00105&code=00101007085&supplier_code=00100328&order_time=2020-09-07 HTTP/1.1" 200 413
58.37.9.106 - - [07/Sep/2020:10:55:55 +0800] "GET /xingrg/check_reg.html?_=1599446985052 HTTP/1.1" 302 -
117.185.32.26 - - [07/Sep/2020:10:55:56 +0800] "GET /xingrg/kc/print/load_data.html?order_code=212020090702790&kc_code=cgsh&condition= HTTP/1.1" 200 766
114.82.29.189 - - [07/Sep/2020:10:55:56 +0800] "GET /xingrg/all/function/internal_message.html?_=1599447357839&CODE_STATE=getMsg HTTP/1.1" 200 27
116.232.51.212 - - [07/Sep/2020:10:55:59 +0800] "GET /xingrg/all/function/internal_message.html?_=1599447436546&CODE_STATE=getMsg HTTP/1.1" 200 27
180.152.230.204 - - [07/Sep/2020:10:56:01 +0800] "GET /xingrg/all/function/internal_message.html?_=1599447358584&CODE_STATE=getMsg HTTP/1.1" 200 27
116.230.74.197 - - [07/Sep/2020:10:56:01 +0800] "GET /xingrg/kc/buy/cgsh_order_operate.html?command=get_materiel&rest_code=00107&code=00101001096&supplier_code=00100312&order_time=2020-09-07 HTTP/1.1" 200 413
120.253.135.82 - - [07/Sep/2020:10:56:02 +0800] "GET /xingrg/check_reg.html?_=1599447417713 HTTP/1.1" 200 22
120.253.135.82 - - [07/Sep/2020:10:56:02 +0800] "GET /xingrg/all/function/internal_message.html?_=1599447418388&CODE_STATE=getMsg HTTP/1.1" 200 27
114.88.166.242 - - [07/Sep/2020:10:56:04 +0800] "GET /xingrg/check_reg.html?_=1599447363909 HTTP/1.1" 200 22
117.185.32.26 - - [07/Sep/2020:10:56:05 +0800] "GET /xingrg/kc/buy/cgsh_order_add.html HTTP/1.1" 200 59668
117.185.32.26 - - [07/Sep/2020:10:56:05 +0800] "POST /xingrg/kc/buy/cgsh_order_operate.html HTTP/1.1" 200 8245
117.185.32.26 - - [07/Sep/2020:10:56:05 +0800] "GET /xingrg/javascript/easyui/themes/default/validatebox.css HTTP/1.1" 404 1104
222.69.160.252 - - [07/Sep/2020:10:56:05 +0800] "GET /xingrg/check_reg.html?_=1599447208244 HTTP/1.1" 200 22
222.69.160.252 - - [07/Sep/2020:10:56:05 +0800] "GET /xingrg/all/function/internal_message.html?_=1599447208248&CODE_STATE=getMsg HTTP/1.1" 200 27
117.185.32.26 - - [07/Sep/2020:10:56:07 +0800] "GET /xingrg/javascript/easyui/themes/default/tree.css HTTP/1.1" 404 1090
117.185.32.26 - - [07/Sep/2020:10:56:07 +0800] "POST /xingrg/all/common/load_tree.html?tree=supplier_tree_json&isDelete=1 HTTP/1.1" 200 50169
114.82.29.189 - - [07/Sep/2020:10:56:08 +0800] "POST /xingrg/kc/buy/cgsh_order_operate.html HTTP/1.1" 200 37
114.82.29.189 - - [07/Sep/2020:10:56:09 +0800] "POST /xingrg/kc/buy/cgsh_order_operate.html HTTP/1.1" 200 3248
114.82.29.189 - - [07/Sep/2020:10:56:10 +0800] "GET /xingrg/kc/print/load_data.html?order_code=212020090702791&kc_code=cgsh&condition= HTTP/1.1" 200 900
114.88.166.242 - - [07/Sep/2020:10:56:11 +0800] "GET /xingrg/all/function/internal_message.html?_=1599447370804&CODE_STATE=getMsg HTTP/1.1" 200 27
120.253.135.82 - - [07/Sep/2020:10:56:12 +0800] "GET /xingrg/all/function/internal_message.html?_=1599447122155&CODE_STATE=getMsg HTTP/1.1" 200 27
180.157.253.48 - - [07/Sep/2020:10:56:14 +0800] "GET /xingrg/all/function/internal_message.html?_=1599447374858&CODE_STATE=getMsg HTTP/1.1" 200 27
116.230.74.197 - - [07/Sep/2020:10:56:19 +0800] "POST /xingrg/kc/buy/cgsh_order_operate.html HTTP/1.1" 200 37
114.82.29.189 - - [07/Sep/2020:10:56:20 +0800] "GET /xingrg/kc/buy/cgsh_order_add.html HTTP/1.1" 200 59668
114.82.29.189 - - [07/Sep/2020:10:56:20 +0800] "GET /xingrg/javascript/easyui/themes/default/validatebox.css HTTP/1.1" 404 1104
114.82.29.189 - - [07/Sep/2020:10:56:20 +0800] "POST /xingrg/kc/buy/cgsh_order_operate.html HTTP/1.1" 200 8245
116.230.74.197 - - [07/Sep/2020:10:56:21 +0800] "POST /xingrg/kc/buy/cgsh_order_operate.html HTTP/1.1" 200 5033
117.185.32.26 - - [07/Sep/2020:10:56:21 +0800] "GET /xingrg/kc/buy/cgsh_order_operate.html?command=get_materiel&rest_code=00106&code=00101002006&supplier_code=00100091&order_time=2020-09-07 HTTP/1.1" 200 414
116.230.74.197 - - [07/Sep/2020:10:56:22 +0800] "GET /xingrg/kc/print/load_data.html?order_code=212020090702792&kc_code=cgsh&condition= HTTP/1.1" 200 1581
172.17.0.119 - - [07/Sep/2020:10:56:28 +0800] "GET /xingrg/all/function/internal_message.html?_=1599447388192&CODE_STATE=getMsg HTTP/1.1" 200 27
116.230.74.197 - - [07/Sep/2020:10:56:28 +0800] "GET /xingrg/kc/buy/cgsh_order_add.html HTTP/1.1" 200 59715
116.238.90.59 - - [07/Sep/2020:10:56:29 +0800] "GET /xingrg/all/function/internal_message.html?_=1599447596473&CODE_STATE=getMsg HTTP/1.1" 200 27
116.230.74.197 - - [07/Sep/2020:10:56:29 +0800] "GET /xingrg/javascript/easyui/themes/default/validatebox.css HTTP/1.1" 404 1104
116.230.74.197 - - [07/Sep/2020:10:56:29 +0800] "POST /xingrg/kc/buy/cgsh_order_operate.html HTTP/1.1" 200 8245
116.230.74.197 - - [07/Sep/2020:10:56:31 +0800] "GET /xingrg/javascript/easyui/themes/default/tree.css HTTP/1.1" 404 1090
101.93.73.215 - - [07/Sep/2020:10:56:31 +0800] "GET /xingrg/all/function/internal_message.html?_=1599447391073&CODE_STATE=getMsg HTTP/1.1" 200 27
116.230.74.197 - - [07/Sep/2020:10:56:31 +0800] "POST /xingrg/all/common/load_tree.html?tree=supplier_tree_json&isDelete=1 HTTP/1.1" 200 50169
117.185.32.26 - - [07/Sep/2020:10:56:34 +0800] "POST /xingrg/kc/buy/cgsh_order_operate.html HTTP/1.1" 200 37
222.69.130.66 - - [07/Sep/2020:10:56:35 +0800] "GET /xingrg/all/function/internal_message.html?_=1599447393941&CODE_STATE=getMsg HTTP/1.1" 200 27
218.81.217.115 - - [07/Sep/2020:10:56:36 +0800] "GET /xingrg/check_reg.html?_=1599447397266 HTTP/1.1" 200 22
117.185.32.26 - - [07/Sep/2020:10:56:36 +0800] "POST /xingrg/kc/buy/cgsh_order_operate.html HTTP/1.1" 200 12
117.185.32.26 - - [07/Sep/2020:10:56:36 +0800] "GET /xingrg/kc/buy/cgsh_order_info.html?code=212020090702793 HTTP/1.1" 200 54575
218.81.217.115 - - [07/Sep/2020:10:56:36 +0800] "GET /xingrg/all/function/internal_message.html?_=1599447398321&CODE_STATE=getMsg HTTP/1.1" 200 27
117.185.32.26 - - [07/Sep/2020:10:56:37 +0800] "GET /xingrg/javascript/easyui/themes/default/validatebox.css HTTP/1.1" 404 1104
58.221.95.50 - - [07/Sep/2020:10:56:37 +0800] "GET /xingrg/check_reg.html?_=1599447542835 HTTP/1.1" 200 22
117.185.32.26 - - [07/Sep/2020:10:56:37 +0800] "POST /xingrg/kc/buy/cgsh_order_operate.html HTTP/1.1" 200 611
58.221.95.50 - - [07/Sep/2020:10:56:38 +0800] "GET /xingrg/all/function/internal_message.html?_=1599447543496&CODE_STATE=getMsg HTTP/1.1" 200 27
218.81.217.115 - - [07/Sep/2020:10:56:39 +0800] "GET /xingrg/all/function/internal_message.html?_=1599447400476&CODE_STATE=getMsg HTTP/1.1" 200 27
117.185.32.26 - - [07/Sep/2020:10:56:39 +0800] "GET /xingrg/all/function/internal_message.html?_=1599447832491&CODE_STATE=getMsg HTTP/1.1" 200 27
116.238.71.173 - - [07/Sep/2020:10:56:39 +0800] "GET /xingrg/all/function/internal_message.html?_=1599447399702&CODE_STATE=getMsg HTTP/1.1" 200 27
117.185.32.26 - - [07/Sep/2020:10:56:40 +0800] "GET /xingrg/kc/print/load_data.html?order_code=212020090702793&kc_code=cgsh&condition= HTTP/1.1" 200 763
172.17.0.103 - - [07/Sep/2020:10:56:42 +0800] "GET /xingrg/all/function/internal_message.html?_=1599447432000&CODE_STATE=getMsg HTTP/1.1" 200 27
117.184.7.26 - - [07/Sep/2020:10:56:45 +0800] "GET /xingrg/all/function/internal_message.html?_=1599447404789&CODE_STATE=getMsg HTTP/1.1" 200 27
114.88.166.242 - - [07/Sep/2020:10:56:46 +0800] "GET /xingrg/check_reg.html?_=1599447466936 HTTP/1.1" 200 22
114.88.166.242 - - [07/Sep/2020:10:56:46 +0800] "GET /xingrg/all/function/internal_message.html?_=1599447466935&CODE_STATE=getMsg HTTP/1.1" 200 27
117.185.32.26 - - [07/Sep/2020:10:56:49 +0800] "GET /xingrg/kc/buy/cgsh_order_add.html HTTP/1.1" 200 59668
117.185.32.26 - - [07/Sep/2020:10:56:49 +0800] "POST /xingrg/kc/buy/cgsh_order_operate.html HTTP/1.1" 200 8245
117.185.32.26 - - [07/Sep/2020:10:56:49 +0800] "GET /xingrg/javascript/easyui/themes/default/validatebox.css HTTP/1.1" 404 1104
172.17.0.185 - - [07/Sep/2020:10:56:50 +0800] "GET /xingrg/all/function/internal_message.html?_=1599447409994&CODE_STATE=getMsg HTTP/1.1" 200 27
117.185.32.26 - - [07/Sep/2020:10:56:55 +0800] "GET /xingrg/javascript/easyui/themes/default/tree.css HTTP/1.1" 404 1090
117.185.32.26 - - [07/Sep/2020:10:56:56 +0800] "POST /xingrg/all/common/load_tree.html?tree=supplier_tree_json&isDelete=1 HTTP/1.1" 200 50169
114.82.29.189 - - [07/Sep/2020:10:56:56 +0800] "GET /xingrg/all/function/internal_message.html?_=1599447417826&CODE_STATE=getMsg HTTP/1.1" 200 27
116.230.74.197 - - [07/Sep/2020:10:56:57 +0800] "GET /xingrg/kc/buy/cgsh_order_operate.html?command=get_materiel&rest_code=00107&code=00101006038&supplier_code=00100342&order_time=2020-09-07 HTTP/1.1" 200 422
116.232.51.212 - - [07/Sep/2020:10:56:58 +0800] "GET /xingrg/all/function/internal_message.html?_=1599447496532&CODE_STATE=getMsg HTTP/1.1" 200 27
180.152.230.204 - - [07/Sep/2020:10:57:01 +0800] "GET /xingrg/check_reg.html?_=1599447418588 HTTP/1.1" 200 22
180.152.230.204 - - [07/Sep/2020:10:57:01 +0800] "GET /xingrg/all/function/internal_message.html?_=1599447418591&CODE_STATE=getMsg HTTP/1.1" 200 27
120.253.135.82 - - [07/Sep/2020:10:57:02 +0800] "GET /xingrg/all/function/internal_message.html?_=1599447478403&CODE_STATE=getMsg HTTP/1.1" 200 27
114.82.29.189 - - [07/Sep/2020:10:57:03 +0800] "GET /xingrg/kc/buy/cgsh_order_operate.html?command=get_materiel&rest_code=00105&code=00101008060&supplier_code=00100339&order_time=2020-09-07 HTTP/1.1" 200 416
222.69.160.252 - - [07/Sep/2020:10:57:05 +0800] "GET /xingrg/all/function/internal_message.html?_=1599447268232&CODE_STATE=getMsg HTTP/1.1" 200 27
116.230.74.197 - - [07/Sep/2020:10:57:08 +0800] "POST /xingrg/kc/buy/cgsh_order_operate.html HTTP/1.1" 200 37
116.230.74.197 - - [07/Sep/2020:10:57:09 +0800] "POST /xingrg/kc/buy/cgsh_order_operate.html HTTP/1.1" 200 2668
116.230.74.197 - - [07/Sep/2020:10:57:11 +0800] "GET /xingrg/kc/print/load_data.html?order_code=212020090702794&kc_code=cgsh&condition= HTTP/1.1" 200 688
114.88.166.242 - - [07/Sep/2020:10:57:11 +0800] "GET /xingrg/all/function/internal_message.html?_=1599447430816&CODE_STATE=getMsg HTTP/1.1" 200 27
120.253.135.82 - - [07/Sep/2020:10:57:12 +0800] "GET /xingrg/all/function/internal_message.html?_=1599447182165&CODE_STATE=getMsg HTTP/1.1" 200 27
114.82.29.189 - - [07/Sep/2020:10:57:13 +0800] "GET /xingrg/kc/buy/cgsh_order_operate.html?command=get_materiel&rest_code=00105&code=00101008061&supplier_code=00100339&order_time=2020-09-07 HTTP/1.1" 200 423
180.157.253.48 - - [07/Sep/2020:10:57:14 +0800] "GET /xingrg/all/function/internal_message.html?_=1599447434871&CODE_STATE=getMsg HTTP/1.1" 200 27
116.230.74.197 - - [07/Sep/2020:10:57:16 +0800] "GET /xingrg/kc/buy/cgsh_order_add.html HTTP/1.1" 200 59715
116.230.74.197 - - [07/Sep/2020:10:57:16 +0800] "GET /xingrg/javascript/easyui/themes/default/validatebox.css HTTP/1.1" 404 1104
116.230.74.197 - - [07/Sep/2020:10:57:16 +0800] "POST /xingrg/kc/buy/cgsh_order_operate.html HTTP/1.1" 200 8245
116.230.74.197 - - [07/Sep/2020:10:57:20 +0800] "GET /xingrg/all/function/internal_message.html?_=1599447443421&CODE_STATE=getMsg HTTP/1.1" 200 27
117.185.32.26 - - [07/Sep/2020:10:57:22 +0800] "GET /xingrg/kc/buy/cgsh_order_operate.html?command=get_materiel&rest_code=00106&code=00101003037&supplier_code=00100088&order_time=2020-09-07 HTTP/1.1" 200 415
116.230.74.197 - - [07/Sep/2020:10:57:25 +0800] "GET /xingrg/javascript/easyui/themes/default/tree.css HTTP/1.1" 404 1090
116.230.74.197 - - [07/Sep/2020:10:57:26 +0800] "POST /xingrg/all/common/load_tree.html?tree=supplier_tree_json&isDelete=1 HTTP/1.1" 200 50169
