114.82.29.189 - - [07/Sep/2020:10:31:53 +0800] "GET /xingrg/kc/buy/cgsh_order_add.html HTTP/1.1" 200 59668
117.185.32.26 - - [07/Sep/2020:10:31:53 +0800] "GET /xingrg/kc/buy/cgsh_order_operate.html?command=get_materiel&rest_code=00106&code=00101006122&supplier_code=00100015&order_time=2020-09-07 HTTP/1.1" 200 411
114.82.29.189 - - [07/Sep/2020:10:31:53 +0800] "POST /xingrg/kc/buy/cgsh_order_operate.html HTTP/1.1" 200 8245
114.82.29.189 - - [07/Sep/2020:10:31:54 +0800] "GET /xingrg/javascript/easyui/themes/default/validatebox.css HTTP/1.1" 404 1104
116.232.51.212 - - [07/Sep/2020:10:31:54 +0800] "GET /xingrg/kc/buy/cgsh_order_operate.html?command=get_materiel&rest_code=00109&code=00101012051&supplier_code=00100035&order_time=2020-09-07 HTTP/1.1" 200 408
114.82.29.189 - - [07/Sep/2020:10:31:56 +0800] "GET /xingrg/all/function/internal_message.html?_=1599445917836&CODE_STATE=getMsg HTTP/1.1" 200 27
116.238.71.173 - - [07/Sep/2020:10:31:57 +0800] "GET /xingrg/all/function/internal_message.html?_=1599446036228&CODE_STATE=getMsg HTTP/1.1" 200 27
116.230.74.197 - - [07/Sep/2020:10:31:58 +0800] "POST /xingrg/kc/buy/cgsh_order_operate.html HTTP/1.1" 200 37
116.230.74.197 - - [07/Sep/2020:10:32:00 +0800] "POST /xingrg/kc/buy/cgsh_order_operate.html HTTP/1.1" 200 4449
120.253.135.82 - - [07/Sep/2020:10:32:02 +0800] "GET /xingrg/all/function/internal_message.html?_=1599445977924&CODE_STATE=getMsg HTTP/1.1" 200 27
116.238.71.173 - - [07/Sep/2020:10:32:03 +0800] "GET /xingrg/all/function/internal_message.html?_=1599445922838&CODE_STATE=getMsg HTTP/1.1" 200 27
116.230.74.197 - - [07/Sep/2020:10:32:04 +0800] "GET /xingrg/kc/print/load_data.html?order_code=212020090702754&kc_code=cgsh&condition= HTTP/1.1" 200 1373
116.232.51.212 - - [07/Sep/2020:10:32:04 +0800] "GET /xingrg/kc/buy/cgsh_order_operate.html?command=get_materiel&rest_code=00109&code=00101012019&supplier_code=00100035&order_time=2020-09-07 HTTP/1.1" 200 412
222.69.160.252 - - [07/Sep/2020:10:32:05 +0800] "GET /xingrg/all/function/internal_message.html?_=1599445768210&CODE_STATE=getMsg HTTP/1.1" 200 27
116.230.74.197 - - [07/Sep/2020:10:32:09 +0800] "GET /xingrg/kc/buy/cgsh_order_add.html HTTP/1.1" 200 59715
116.230.74.197 - - [07/Sep/2020:10:32:11 +0800] "GET /xingrg/javascript/easyui/themes/default/validatebox.css HTTP/1.1" 404 1104
116.230.74.197 - - [07/Sep/2020:10:32:11 +0800] "POST /xingrg/kc/buy/cgsh_order_operate.html HTTP/1.1" 200 8245
114.88.166.242 - - [07/Sep/2020:10:32:11 +0800] "GET /xingrg/all/function/internal_message.html?_=1599445930336&CODE_STATE=getMsg HTTP/1.1" 200 27
116.232.51.212 - - [07/Sep/2020:10:32:11 +0800] "GET /xingrg/kc/buy/cgsh_order_operate.html?command=get_materiel&rest_code=00109&code=00101012051&supplier_code=00100035&order_time=2020-09-07 HTTP/1.1" 200 408
120.253.135.82 - - [07/Sep/2020:10:32:11 +0800] "GET /xingrg/all/function/internal_message.html?_=1599445681825&CODE_STATE=getMsg HTTP/1.1" 200 27
116.230.74.197 - - [07/Sep/2020:10:32:12 +0800] "GET /xingrg/javascript/easyui/themes/default/tree.css HTTP/1.1" 404 1090
116.230.74.197 - - [07/Sep/2020:10:32:12 +0800] "POST /xingrg/all/common/load_tree.html?tree=supplier_tree_json&isDelete=1 HTTP/1.1" 200 50169
117.185.32.26 - - [07/Sep/2020:10:32:18 +0800] "GET /xingrg/kc/buy/cgsh_order_operate.html?command=get_materiel&rest_code=00106&code=00101006111&supplier_code=00100015&order_time=2020-09-07 HTTP/1.1" 200 409
114.82.29.189 - - [07/Sep/2020:10:32:18 +0800] "GET /xingrg/kc/buy/cgsh_order_operate.html?command=get_materiel&rest_code=00105&code=00101001037&supplier_code=00100090&order_time=2020-09-07 HTTP/1.1" 200 416
116.232.51.212 - - [07/Sep/2020:10:32:18 +0800] "GET /xingrg/kc/buy/cgsh_order_operate.html?command=get_materiel&rest_code=00109&code=00101016010&supplier_code=00100035&order_time=2020-09-07 HTTP/1.1" 200 408
116.230.74.197 - - [07/Sep/2020:10:32:21 +0800] "GET /xingrg/all/function/internal_message.html?_=1599445943737&CODE_STATE=getMsg HTTP/1.1" 200 27
116.232.51.212 - - [07/Sep/2020:10:32:24 +0800] "GET /xingrg/kc/buy/cgsh_order_operate.html?command=get_materiel&rest_code=00109&code=00101012025&supplier_code=00100035&order_time=2020-09-07 HTTP/1.1" 200 412
116.238.90.59 - - [07/Sep/2020:10:32:24 +0800] "GET /xingrg/all/function/internal_message.html?_=1599446152091&CODE_STATE=getMsg HTTP/1.1" 200 27
180.157.253.48 - - [07/Sep/2020:10:32:28 +0800] "GET /xingrg/login.html HTTP/1.1" 200 7641
101.93.73.215 - - [07/Sep/2020:10:32:31 +0800] "GET /xingrg/all/function/internal_message.html?_=1599445950971&CODE_STATE=getMsg HTTP/1.1" 200 27
116.232.51.212 - - [07/Sep/2020:10:32:32 +0800] "POST /xingrg/kc/buy/cgsh_order_operate.html HTTP/1.1" 200 37
116.232.51.212 - - [07/Sep/2020:10:32:32 +0800] "POST /xingrg/kc/buy/cgsh_order_operate.html HTTP/1.1" 200 6782
116.230.74.197 - - [07/Sep/2020:10:32:32 +0800] "GET /xingrg/kc/buy/cgsh_order_operate.html?command=get_materiel&rest_code=00107&code=00101010534&supplier_code=00100322&order_time=2020-09-07 HTTP/1.1" 200 428
180.157.253.48 - - [07/Sep/2020:10:32:33 +0800] "GET /favicon.ico HTTP/1.1" 404 -
116.232.51.212 - - [07/Sep/2020:10:32:33 +0800] "GET /xingrg/kc/print/load_config.html?kc_code=cgsh HTTP/1.1" 200 1845
116.232.51.212 - - [07/Sep/2020:10:32:33 +0800] "GET /xingrg/kc/print/load_data.html?order_code=212020090702755&kc_code=cgsh&condition= HTTP/1.1" 200 2242
58.40.7.146 - - [07/Sep/2020:10:32:35 +0800] "GET /xingrg/all/function/internal_message.html?_=1599445955022&CODE_STATE=getMsg HTTP/1.1" 200 27
218.81.217.115 - - [07/Sep/2020:10:32:35 +0800] "GET /xingrg/all/function/internal_message.html?_=1599445957119&CODE_STATE=getMsg HTTP/1.1" 200 27
180.157.253.48 - - [07/Sep/2020:10:32:36 +0800] "POST /xingrg/login.do HTTP/1.1" 302 -
222.69.130.66 - - [07/Sep/2020:10:32:36 +0800] "GET /xingrg/all/function/internal_message.html?_=1599445954341&CODE_STATE=getMsg HTTP/1.1" 200 27
180.157.253.48 - - [07/Sep/2020:10:32:36 +0800] "GET /xingrg/index.html?sysBaseUrl=http%3A%2F%2F180.169.147.146%3A18081%2Fxingrg%2F&costTime=41×tamp=1599445956242 HTTP/1.1" 200 17179
180.157.253.48 - - [07/Sep/2020:10:32:36 +0800] "GET /favicon.ico HTTP/1.1" 404 -
180.157.253.48 - - [07/Sep/2020:10:32:37 +0800] "POST /xingrg/all/common/load_tree.html?tree=area_rest_tree_json&manage=1 HTTP/1.1" 200 351
180.157.253.48 - - [07/Sep/2020:10:32:37 +0800] "GET /xingrg/all/function/internal_message.html?_=1599445958243&CODE_STATE=count HTTP/1.1" 200 11
180.157.253.48 - - [07/Sep/2020:10:32:37 +0800] "GET /xingrg/check_reg.html?_=1599445958246 HTTP/1.1" 200 22
180.157.253.48 - - [07/Sep/2020:10:32:37 +0800] "POST /xingrg/load_menu.html HTTP/1.1" 200 5138
218.81.217.115 - - [07/Sep/2020:10:32:38 +0800] "GET /xingrg/all/function/internal_message.html?_=1599445959180&CODE_STATE=getMsg HTTP/1.1" 200 27
58.221.95.50 - - [07/Sep/2020:10:32:38 +0800] "GET /xingrg/all/function/internal_message.html?_=1599446104061&CODE_STATE=getMsg HTTP/1.1" 200 27
117.185.32.26 - - [07/Sep/2020:10:32:39 +0800] "GET /xingrg/all/function/internal_message.html?_=1599446392382&CODE_STATE=getMsg HTTP/1.1" 200 27
116.232.51.212 - - [07/Sep/2020:10:32:39 +0800] "GET /xingrg/all/function/internal_message.html?_=1599445987936&CODE_STATE=getMsg HTTP/1.1" 200 27
180.157.253.48 - - [07/Sep/2020:10:32:40 +0800] "GET /xingrg/kc/buy/cgsh_order_list.html HTTP/1.1" 200 43936
172.17.0.103 - - [07/Sep/2020:10:32:42 +0800] "GET /xingrg/all/function/internal_message.html?_=1599445991948&CODE_STATE=getMsg HTTP/1.1" 200 27
172.17.0.103 - - [07/Sep/2020:10:32:42 +0800] "GET /xingrg/check_reg.html?_=1599445991957 HTTP/1.1" 200 22
116.230.74.197 - - [07/Sep/2020:10:32:42 +0800] "POST /xingrg/kc/buy/cgsh_order_operate.html HTTP/1.1" 200 37
180.157.253.48 - - [07/Sep/2020:10:32:43 +0800] "POST /xingrg/kc/buy/cgsh_list_operate.html HTTP/1.1" 200 876
116.230.74.197 - - [07/Sep/2020:10:32:44 +0800] "POST /xingrg/kc/buy/cgsh_order_operate.html HTTP/1.1" 200 2679
180.157.253.48 - - [07/Sep/2020:10:32:44 +0800] "GET /xingrg/kc/buy/cgsh_order_add.html HTTP/1.1" 200 59674
180.157.253.48 - - [07/Sep/2020:10:32:44 +0800] "GET /xingrg/words/20200907064115_words.js HTTP/1.1" 200 760927
180.157.253.48 - - [07/Sep/2020:10:32:45 +0800] "GET /xingrg/all/common/auto_word.html?type=employee&rest_code=00148 HTTP/1.1" 200 147
180.157.253.48 - - [07/Sep/2020:10:32:45 +0800] "GET /xingrg/all/common/auto_word.html?type=employee&rest_code=00148 HTTP/1.1" 200 147
180.157.253.48 - - [07/Sep/2020:10:32:45 +0800] "GET /xingrg/javascript/easyui/themes/default/validatebox.css HTTP/1.1" 404 1104
180.157.253.48 - - [07/Sep/2020:10:32:45 +0800] "POST /xingrg/kc/buy/cgsh_order_operate.html HTTP/1.1" 200 8245
117.184.7.26 - - [07/Sep/2020:10:32:45 +0800] "GET /xingrg/all/function/internal_message.html?_=1599445965259&CODE_STATE=getMsg HTTP/1.1" 200 27
180.157.253.48 - - [07/Sep/2020:10:32:45 +0800] "GET /xingrg/javascript/auto/indicator.gif HTTP/1.1" 404 1066
114.88.166.242 - - [07/Sep/2020:10:32:46 +0800] "GET /xingrg/all/function/internal_message.html?_=1599446026879&CODE_STATE=getMsg HTTP/1.1" 200 27
172.17.0.119 - - [07/Sep/2020:10:32:49 +0800] "GET /xingrg/all/function/internal_message.html?_=1599445968989&CODE_STATE=getMsg HTTP/1.1" 200 27
218.81.217.115 - - [07/Sep/2020:10:32:49 +0800] "GET /xingrg/check_reg.html?_=1599445970867 HTTP/1.1" 200 22
116.230.74.197 - - [07/Sep/2020:10:32:49 +0800] "GET /xingrg/kc/print/load_data.html?order_code=212020090702756&kc_code=cgsh&condition= HTTP/1.1" 200 682
180.157.253.48 - - [07/Sep/2020:10:32:50 +0800] "GET /xingrg/kc/buy/cgsh_order_operate.html?command=get_materiel&rest_code=00148&code=00101002006&supplier_code=00100091&order_time=2020-09-07 HTTP/1.1" 200 414
116.238.71.173 - - [07/Sep/2020:10:32:50 +0800] "POST /xingrg/kc/buy/cgsh_list_operate.html HTTP/1.1" 200 876
172.17.0.185 - - [07/Sep/2020:10:32:50 +0800] "GET /xingrg/all/function/internal_message.html?_=1599445969994&CODE_STATE=getMsg HTTP/1.1" 200 27
114.82.29.189 - - [07/Sep/2020:10:32:51 +0800] "GET /xingrg/kc/buy/cgsh_order_operate.html?command=get_materiel&rest_code=00105&code=00101001140&supplier_code=00100090&order_time=2020-09-07 HTTP/1.1" 200 415
116.230.74.197 - - [07/Sep/2020:10:32:53 +0800] "GET /xingrg/kc/buy/cgsh_order_add.html HTTP/1.1" 200 59715
116.230.74.197 - - [07/Sep/2020:10:32:54 +0800] "GET /xingrg/javascript/easyui/themes/default/validatebox.css HTTP/1.1" 404 1104
116.230.74.197 - - [07/Sep/2020:10:32:54 +0800] "POST /xingrg/kc/buy/cgsh_order_operate.html HTTP/1.1" 200 8245
116.230.74.197 - - [07/Sep/2020:10:32:55 +0800] "GET /xingrg/javascript/easyui/themes/default/tree.css HTTP/1.1" 404 1090
116.230.74.197 - - [07/Sep/2020:10:32:56 +0800] "POST /xingrg/all/common/load_tree.html?tree=supplier_tree_json&isDelete=1 HTTP/1.1" 200 50169
114.82.29.189 - - [07/Sep/2020:10:32:56 +0800] "GET /xingrg/all/function/internal_message.html?_=1599445977817&CODE_STATE=getMsg HTTP/1.1" 200 27
180.157.253.48 - - [07/Sep/2020:10:32:58 +0800] "GET /xingrg/kc/buy/cgsh_order_operate.html?command=get_materiel&rest_code=00148&code=00101002034&supplier_code=00100091&order_time=2020-09-07 HTTP/1.1" 200 409
120.253.135.82 - - [07/Sep/2020:10:33:02 +0800] "GET /xingrg/all/function/internal_message.html?_=1599446037953&CODE_STATE=getMsg HTTP/1.1" 200 27
114.82.29.189 - - [07/Sep/2020:10:33:02 +0800] "POST /xingrg/kc/buy/cgsh_order_operate.html HTTP/1.1" 200 37
117.185.32.26 - - [07/Sep/2020:10:33:02 +0800] "GET /xingrg/kc/buy/cgsh_order_operate.html?command=get_materiel&rest_code=00106&code=00101006195&supplier_code=00100015&order_time=2020-09-07 HTTP/1.1" 200 411
116.238.71.173 - - [07/Sep/2020:10:33:03 +0800] "GET /xingrg/all/function/internal_message.html?_=1599445982887&CODE_STATE=getMsg HTTP/1.1" 200 27
180.157.253.48 - - [07/Sep/2020:10:33:03 +0800] "GET /xingrg/kc/buy/cgsh_order_operate.html?command=get_materiel&rest_code=00148&code=00101003037&supplier_code=00100091&order_time=2020-09-07 HTTP/1.1" 200 413
114.82.29.189 - - [07/Sep/2020:10:33:03 +0800] "POST /xingrg/kc/buy/cgsh_order_operate.html HTTP/1.1" 200 3260
114.82.29.189 - - [07/Sep/2020:10:33:04 +0800] "GET /xingrg/kc/print/load_data.html?order_code=212020090702757&kc_code=cgsh&condition= HTTP/1.1" 200 977
222.69.160.252 - - [07/Sep/2020:10:33:05 +0800] "GET /xingrg/all/function/internal_message.html?_=1599445828213&CODE_STATE=getMsg HTTP/1.1" 200 27
116.238.90.59 - - [07/Sep/2020:10:33:08 +0800] "GET /xingrg/check_reg.html?_=1599446195692 HTTP/1.1" 200 22
114.82.29.189 - - [07/Sep/2020:10:33:09 +0800] "GET /xingrg/kc/buy/cgsh_order_add.html HTTP/1.1" 200 59668
114.82.29.189 - - [07/Sep/2020:10:33:10 +0800] "GET /xingrg/javascript/easyui/themes/default/validatebox.css HTTP/1.1" 404 1104
114.82.29.189 - - [07/Sep/2020:10:33:10 +0800] "POST /xingrg/kc/buy/cgsh_order_operate.html HTTP/1.1" 200 8245
114.88.166.242 - - [07/Sep/2020:10:33:11 +0800] "GET /xingrg/all/function/internal_message.html?_=1599445990375&CODE_STATE=getMsg HTTP/1.1" 200 27
120.253.135.82 - - [07/Sep/2020:10:33:11 +0800] "GET /xingrg/check_reg.html?_=1599445741777 HTTP/1.1" 200 22
120.253.135.82 - - [07/Sep/2020:10:33:11 +0800] "GET /xingrg/all/function/internal_message.html?_=1599445741839&CODE_STATE=getMsg HTTP/1.1" 200 27
180.157.253.48 - - [07/Sep/2020:10:33:15 +0800] "GET /xingrg/kc/buy/cgsh_order_operate.html?command=get_materiel&rest_code=00148&code=00101003019&supplier_code=00100091&order_time=2020-09-07 HTTP/1.1" 200 413
116.230.74.197 - - [07/Sep/2020:10:33:18 +0800] "GET /xingrg/kc/buy/cgsh_order_operate.html?command=get_materiel&rest_code=00107&code=00101008061&supplier_code=00100339&order_time=2020-09-07 HTTP/1.1" 200 423
116.230.74.197 - - [07/Sep/2020:10:33:20 +0800] "GET /xingrg/check_reg.html?_=1599446003381 HTTP/1.1" 200 22
116.230.74.197 - - [07/Sep/2020:10:33:21 +0800] "GET /xingrg/all/function/internal_message.html?_=1599446003711&CODE_STATE=getMsg HTTP/1.1" 200 27
116.238.90.59 - - [07/Sep/2020:10:33:24 +0800] "GET /xingrg/all/function/internal_message.html?_=1599446212104&CODE_STATE=getMsg HTTP/1.1" 200 27
180.157.253.48 - - [07/Sep/2020:10:33:28 +0800] "POST /xingrg/kc/buy/cgsh_order_operate.html HTTP/1.1" 200 37
101.93.73.215 - - [07/Sep/2020:10:33:31 +0800] "GET /xingrg/all/function/internal_message.html?_=1599446010967&CODE_STATE=getMsg HTTP/1.1" 200 27
180.157.253.48 - - [07/Sep/2020:10:33:32 +0800] "POST /xingrg/kc/buy/cgsh_order_operate.html HTTP/1.1" 200 12
117.185.32.26 - - [07/Sep/2020:10:33:32 +0800] "GET /xingrg/kc/buy/cgsh_order_operate.html?command=get_materiel&rest_code=00106&code=00101006056&supplier_code=00100015&order_time=2020-09-07 HTTP/1.1" 200 413
180.157.253.48 - - [07/Sep/2020:10:33:33 +0800] "GET /xingrg/kc/buy/cgsh_order_info.html?code=212020090702758 HTTP/1.1" 200 54581
180.157.253.48 - - [07/Sep/2020:10:33:34 +0800] "GET /xingrg/javascript/easyui/themes/default/validatebox.css HTTP/1.1" 404 1104
180.157.253.48 - - [07/Sep/2020:10:33:34 +0800] "POST /xingrg/kc/buy/cgsh_order_operate.html HTTP/1.1" 200 2398
58.40.7.146 - - [07/Sep/2020:10:33:35 +0800] "GET /xingrg/all/function/internal_message.html?_=1599446015024&CODE_STATE=getMsg HTTP/1.1" 200 27
218.81.217.115 - - [07/Sep/2020:10:33:35 +0800] "GET /xingrg/all/function/internal_message.html?_=1599446017134&CODE_STATE=getMsg HTTP/1.1" 200 27
180.157.253.48 - - [07/Sep/2020:10:33:35 +0800] "GET /xingrg/kc/print/load_config.html?kc_code=cgsh HTTP/1.1" 200 1845
180.157.253.48 - - [07/Sep/2020:10:33:36 +0800] "GET /xingrg/kc/print/load_data.html?order_code=212020090702758&kc_code=cgsh&condition= HTTP/1.1" 200 1469
222.69.130.66 - - [07/Sep/2020:10:33:36 +0800] "GET /xingrg/all/function/internal_message.html?_=1599446014325&CODE_STATE=getMsg HTTP/1.1" 200 27
116.230.74.197 - - [07/Sep/2020:10:33:37 +0800] "GET /xingrg/kc/buy/cgsh_order_operate.html?command=get_materiel&rest_code=00107&code=00101013032&supplier_code=00100339&order_time=2020-09-07 HTTP/1.1" 200 430
180.157.253.48 - - [07/Sep/2020:10:33:37 +0800] "GET /xingrg/all/function/internal_message.html?_=1599446018362&CODE_STATE=getMsg HTTP/1.1" 200 27
218.81.217.115 - - [07/Sep/2020:10:33:38 +0800] "GET /xingrg/all/function/internal_message.html?_=1599446019194&CODE_STATE=getMsg HTTP/1.1" 200 27
58.221.95.50 - - [07/Sep/2020:10:33:38 +0800] "GET /xingrg/all/function/internal_message.html?_=1599446164041&CODE_STATE=getMsg HTTP/1.1" 200 27
116.232.51.212 - - [07/Sep/2020:10:33:38 +0800] "GET /xingrg/all/function/internal_message.html?_=1599446046927&CODE_STATE=getMsg HTTP/1.1" 200 27
117.185.32.26 - - [07/Sep/2020:10:33:39 +0800] "GET /xingrg/all/function/internal_message.html?_=1599446452371&CODE_STATE=getMsg HTTP/1.1" 200 27
180.157.253.48 - - [07/Sep/2020:10:33:42 +0800] "GET /xingrg/kc/buy/cgsh_order_add.html HTTP/1.1" 200 59674
172.17.0.103 - - [07/Sep/2020:10:33:42 +0800] "GET /xingrg/all/function/internal_message.html?_=1599446051957&CODE_STATE=getMsg HTTP/1.1" 200 27
180.157.253.48 - - [07/Sep/2020:10:33:43 +0800] "POST /xingrg/kc/buy/cgsh_order_operate.html HTTP/1.1" 200 8245
180.157.253.48 - - [07/Sep/2020:10:33:43 +0800] "GET /xingrg/javascript/easyui/themes/default/validatebox.css HTTP/1.1" 404 1104
114.82.29.189 - - [07/Sep/2020:10:33:43 +0800] "GET /xingrg/kc/buy/cgsh_order_operate.html?command=get_materiel&rest_code=00105&code=00101014053&supplier_code=00100090&order_time=2020-09-07 HTTP/1.1" 200 441
117.184.7.26 - - [07/Sep/2020:10:33:45 +0800] "GET /xingrg/all/function/internal_message.html?_=1599446025242&CODE_STATE=getMsg HTTP/1.1" 200 27
180.157.253.48 - - [07/Sep/2020:10:33:45 +0800] "GET /xingrg/javascript/jquery_tools/images/prev.gif HTTP/1.1" 404 1086
180.157.253.48 - - [07/Sep/2020:10:33:45 +0800] "GET /xingrg/javascript/jquery_tools/images/next.gif HTTP/1.1" 404 1086
114.88.166.242 - - [07/Sep/2020:10:33:46 +0800] "GET /xingrg/all/function/internal_message.html?_=1599446086880&CODE_STATE=getMsg HTTP/1.1" 200 27
172.17.0.119 - - [07/Sep/2020:10:33:49 +0800] "GET /xingrg/all/function/internal_message.html?_=1599446028992&CODE_STATE=getMsg HTTP/1.1" 200 27
117.185.32.26 - - [07/Sep/2020:10:33:49 +0800] "GET /xingrg/kc/buy/cgsh_order_operate.html?command=get_materiel&rest_code=00106&code=00101006131&supplier_code=00100015&order_time=2020-09-07 HTTP/1.1" 200 417
180.157.253.48 - - [07/Sep/2020:10:33:49 +0800] "GET /xingrg/kc/buy/cgsh_order_operate.html?command=get_materiel&rest_code=00148&code=00101010161&supplier_code=00100334&order_time=2020-09-07 HTTP/1.1" 200 409
172.17.0.185 - - [07/Sep/2020:10:33:50 +0800] "GET /xingrg/check_reg.html?_=1599446029999 HTTP/1.1" 200 22
172.17.0.185 - - [07/Sep/2020:10:33:50 +0800] "GET /xingrg/all/function/internal_message.html?_=1599446030005&CODE_STATE=getMsg HTTP/1.1" 200 27
114.82.29.189 - - [07/Sep/2020:10:33:56 +0800] "GET /xingrg/all/function/internal_message.html?_=1599446037805&CODE_STATE=getMsg HTTP/1.1" 200 27
117.185.32.26 - - [07/Sep/2020:10:33:58 +0800] "POST /xingrg/kc/buy/cgsh_order_operate.html HTTP/1.1" 200 37
117.185.32.26 - - [07/Sep/2020:10:33:59 +0800] "POST /xingrg/kc/buy/cgsh_order_operate.html HTTP/1.1" 200 5615
120.253.135.82 - - [07/Sep/2020:10:34:02 +0800] "GET /xingrg/all/function/internal_message.html?_=1599446097966&CODE_STATE=getMsg HTTP/1.1" 200 27
116.230.74.197 - - [07/Sep/2020:10:34:02 +0800] "POST /xingrg/kc/buy/cgsh_order_operate.html HTTP/1.1" 200 37
114.82.29.189 - - [07/Sep/2020:10:34:02 +0800] "GET /xingrg/kc/buy/cgsh_order_operate.html?command=get_materiel&rest_code=00105&code=00101014015&supplier_code=00100090&order_time=2020-09-07 HTTP/1.1" 200 416
116.238.71.173 - - [07/Sep/2020:10:34:03 +0800] "GET /xingrg/all/function/internal_message.html?_=1599446042936&CODE_STATE=getMsg HTTP/1.1" 200 27
116.230.74.197 - - [07/Sep/2020:10:34:03 +0800] "POST /xingrg/kc/buy/cgsh_order_operate.html HTTP/1.1" 200 3268
116.230.74.197 - - [07/Sep/2020:10:34:05 +0800] "GET /favicon.ico HTTP/1.1" 404 -
116.230.74.197 - - [07/Sep/2020:10:34:05 +0800] "GET /favicon.ico HTTP/1.1" 404 -
222.69.160.252 - - [07/Sep/2020:10:34:05 +0800] "GET /xingrg/all/function/internal_message.html?_=1599445888213&CODE_STATE=getMsg HTTP/1.1" 200 27
117.185.32.26 - - [07/Sep/2020:10:34:06 +0800] "GET /xingrg/kc/buy/cgsh_order_add.html HTTP/1.1" 200 59668
116.230.74.197 - - [07/Sep/2020:10:34:06 +0800] "GET /favicon.ico HTTP/1.1" 404 -
180.157.253.48 - - [07/Sep/2020:10:34:06 +0800] "POST /xingrg/kc/buy/cgsh_order_operate.html HTTP/1.1" 200 37
117.185.32.26 - - [07/Sep/2020:10:34:06 +0800] "GET /xingrg/javascript/easyui/themes/default/validatebox.css HTTP/1.1" 404 1104
117.185.32.26 - - [07/Sep/2020:10:34:06 +0800] "POST /xingrg/kc/buy/cgsh_order_operate.html HTTP/1.1" 200 8245
116.230.74.197 - - [07/Sep/2020:10:34:06 +0800] "GET /favicon.ico HTTP/1.1" 404 -
116.230.74.197 - - [07/Sep/2020:10:34:07 +0800] "GET /xingrg/kc/print/load_data.html?order_code=212020090702760&kc_code=cgsh&condition= HTTP/1.1" 200 914
116.230.74.197 - - [07/Sep/2020:10:34:07 +0800] "GET /favicon.ico HTTP/1.1" 404 -
116.230.74.197 - - [07/Sep/2020:10:34:08 +0800] "GET /favicon.ico HTTP/1.1" 404 -
117.185.32.26 - - [07/Sep/2020:10:34:09 +0800] "GET /xingrg/javascript/easyui/themes/default/tree.css HTTP/1.1" 404 1090
117.185.32.26 - - [07/Sep/2020:10:34:09 +0800] "POST /xingrg/all/common/load_tree.html?tree=supplier_tree_json&isDelete=1 HTTP/1.1" 200 50169
180.157.253.48 - - [07/Sep/2020:10:34:10 +0800] "POST /xingrg/kc/buy/cgsh_order_operate.html HTTP/1.1" 200 12
180.157.253.48 - - [07/Sep/2020:10:34:11 +0800] "GET /xingrg/kc/buy/cgsh_order_info.html?code=212020090702761 HTTP/1.1" 200 54581
114.88.166.242 - - [07/Sep/2020:10:34:11 +0800] "GET /xingrg/all/function/internal_message.html?_=1599446050379&CODE_STATE=getMsg HTTP/1.1" 200 27
116.230.74.197 - - [07/Sep/2020:10:34:11 +0800] "GET /xingrg/kc/buy/cgsh_order_add.html HTTP/1.1" 200 59715
120.253.135.82 - - [07/Sep/2020:10:34:11 +0800] "GET /xingrg/all/function/internal_message.html?_=1599445801854&CODE_STATE=getMsg HTTP/1.1" 200 27
180.157.253.48 - - [07/Sep/2020:10:34:11 +0800] "GET /xingrg/javascript/easyui/themes/default/validatebox.css HTTP/1.1" 404 1104
180.157.253.48 - - [07/Sep/2020:10:34:12 +0800] "POST /xingrg/kc/buy/cgsh_order_operate.html HTTP/1.1" 200 603
116.230.74.197 - - [07/Sep/2020:10:34:12 +0800] "POST /xingrg/kc/buy/cgsh_order_operate.html HTTP/1.1" 200 8245
116.230.74.197 - - [07/Sep/2020:10:34:12 +0800] "GET /xingrg/javascript/easyui/themes/default/validatebox.css HTTP/1.1" 404 1104
180.157.253.48 - - [07/Sep/2020:10:34:13 +0800] "GET /xingrg/kc/print/load_data.html?order_code=212020090702761&kc_code=cgsh&condition= HTTP/1.1" 200 710
116.230.74.197 - - [07/Sep/2020:10:34:13 +0800] "GET /xingrg/javascript/easyui/themes/default/tree.css HTTP/1.1" 404 1090
116.230.74.197 - - [07/Sep/2020:10:34:14 +0800] "POST /xingrg/all/common/load_tree.html?tree=supplier_tree_json&isDelete=1 HTTP/1.1" 200 50169
180.157.253.48 - - [07/Sep/2020:10:34:17 +0800] "GET /xingrg/kc/buy/cgsh_order_add.html HTTP/1.1" 200 59674
180.157.253.48 - - [07/Sep/2020:10:34:17 +0800] "GET /xingrg/javascript/easyui/themes/default/validatebox.css HTTP/1.1" 404 1104
180.157.253.48 - - [07/Sep/2020:10:34:18 +0800] "POST /xingrg/kc/buy/cgsh_order_operate.html HTTP/1.1" 200 8245
116.230.74.197 - - [07/Sep/2020:10:34:21 +0800] "GET /xingrg/all/function/internal_message.html?_=1599446063693&CODE_STATE=getMsg HTTP/1.1" 200 27
116.238.90.59 - - [07/Sep/2020:10:34:24 +0800] "GET /xingrg/all/function/internal_message.html?_=1599446272120&CODE_STATE=getMsg HTTP/1.1" 200 27
117.185.32.26 - - [07/Sep/2020:10:34:25 +0800] "GET /xingrg/kc/buy/cgsh_order_operate.html?command=get_materiel&rest_code=00106&code=00101016094&supplier_code=00100028&order_time=2020-09-07 HTTP/1.1" 200 468
180.157.253.48 - - [07/Sep/2020:10:34:25 +0800] "GET /xingrg/kc/buy/cgsh_order_operate.html?command=get_materiel&rest_code=00148&code=00101001093&supplier_code=00100090&order_time=2020-09-07 HTTP/1.1" 200 409
101.93.73.215 - - [07/Sep/2020:10:34:31 +0800] "GET /xingrg/all/function/internal_message.html?_=1599446070973&CODE_STATE=getMsg HTTP/1.1" 200 27
180.157.253.48 - - [07/Sep/2020:10:34:33 +0800] "POST /xingrg/kc/buy/cgsh_order_operate.html HTTP/1.1" 200 37
58.40.7.146 - - [07/Sep/2020:10:34:35 +0800] "GET /xingrg/all/function/internal_message.html?_=1599446075028&CODE_STATE=getMsg HTTP/1.1" 200 27
218.81.217.115 - - [07/Sep/2020:10:34:35 +0800] "GET /xingrg/all/function/internal_message.html?_=1599446077148&CODE_STATE=getMsg HTTP/1.1" 200 27
222.69.130.66 - - [07/Sep/2020:10:34:36 +0800] "GET /xingrg/all/function/internal_message.html?_=1599446074312&CODE_STATE=getMsg HTTP/1.1" 200 27
222.69.130.66 - - [07/Sep/2020:10:34:37 +0800] "GET /xingrg/check_reg.html?_=1599446075297 HTTP/1.1" 200 22
218.81.217.115 - - [07/Sep/2020:10:34:38 +0800] "GET /xingrg/all/function/internal_message.html?_=1599446079360&CODE_STATE=getMsg HTTP/1.1" 200 27
58.221.95.50 - - [07/Sep/2020:10:34:38 +0800] "GET /xingrg/all/function/internal_message.html?_=1599446224023&CODE_STATE=getMsg HTTP/1.1" 200 27
116.232.51.212 - - [07/Sep/2020:10:34:38 +0800] "GET /xingrg/check_reg.html?_=1599446106937 HTTP/1.1" 200 22
116.232.51.212 - - [07/Sep/2020:10:34:38 +0800] "GET /xingrg/all/function/internal_message.html?_=1599446106937&CODE_STATE=getMsg HTTP/1.1" 200 27
180.157.253.48 - - [07/Sep/2020:10:34:39 +0800] "POST /xingrg/kc/buy/cgsh_order_operate.html HTTP/1.1" 200 12
117.185.32.26 - - [07/Sep/2020:10:34:39 +0800] "GET /xingrg/all/function/internal_message.html?_=1599446512390&CODE_STATE=getMsg HTTP/1.1" 200 27
117.185.32.26 - - [07/Sep/2020:10:34:39 +0800] "GET /xingrg/check_reg.html?_=1599446512393 HTTP/1.1" 200 22
180.157.253.48 - - [07/Sep/2020:10:34:39 +0800] "GET /xingrg/kc/buy/cgsh_order_info.html?code=212020090702762 HTTP/1.1" 200 54581
180.157.253.48 - - [07/Sep/2020:10:34:40 +0800] "GET /xingrg/javascript/easyui/themes/default/validatebox.css HTTP/1.1" 404 1104
180.157.253.48 - - [07/Sep/2020:10:34:40 +0800] "POST /xingrg/kc/buy/cgsh_order_operate.html HTTP/1.1" 200 609
116.230.74.197 - - [07/Sep/2020:10:34:41 +0800] "GET /xingrg/kc/buy/cgsh_order_operate.html?command=get_materiel&rest_code=00107&code=00101019150&supplier_code=00100337&order_time=2020-09-07 HTTP/1.1" 200 453
180.157.253.48 - - [07/Sep/2020:10:34:41 +0800] "GET /xingrg/kc/print/load_data.html?order_code=212020090702762&kc_code=cgsh&condition= HTTP/1.1" 200 774
172.17.0.103 - - [07/Sep/2020:10:34:42 +0800] "GET /xingrg/all/function/internal_message.html?_=1599446111949&CODE_STATE=getMsg HTTP/1.1" 200 27
117.184.7.26 - - [07/Sep/2020:10:34:43 +0800] "GET /xingrg/check_reg.html?_=1599446082621 HTTP/1.1" 200 22
117.184.7.26 - - [07/Sep/2020:10:34:45 +0800] "GET /xingrg/all/function/internal_message.html?_=1599446085217&CODE_STATE=getMsg HTTP/1.1" 200 27
114.88.166.242 - - [07/Sep/2020:10:34:46 +0800] "GET /xingrg/all/function/internal_message.html?_=1599446146906&CODE_STATE=getMsg HTTP/1.1" 200 27
180.157.253.48 - - [07/Sep/2020:10:34:46 +0800] "GET /xingrg/kc/buy/cgsh_order_add.html HTTP/1.1" 200 59674
180.157.253.48 - - [07/Sep/2020:10:34:47 +0800] "POST /xingrg/kc/buy/cgsh_order_operate.html HTTP/1.1" 200 8245
180.157.253.48 - - [07/Sep/2020:10:34:47 +0800] "GET /xingrg/javascript/easyui/themes/default/validatebox.css HTTP/1.1" 404 1104
172.17.0.119 - - [07/Sep/2020:10:34:49 +0800] "GET /xingrg/check_reg.html?_=1599446088995 HTTP/1.1" 200 22
172.17.0.119 - - [07/Sep/2020:10:34:49 +0800] "GET /xingrg/all/function/internal_message.html?_=1599446088996&CODE_STATE=getMsg HTTP/1.1" 200 27
172.17.0.185 - - [07/Sep/2020:10:34:50 +0800] "GET /xingrg/all/function/internal_message.html?_=1599446089992&CODE_STATE=getMsg HTTP/1.1" 200 27
117.185.32.26 - - [07/Sep/2020:10:34:51 +0800] "GET /xingrg/kc/buy/cgsh_order_operate.html?command=get_materiel&rest_code=00106&code=00101016097&supplier_code=00100028&order_time=2020-09-07 HTTP/1.1" 200 470
117.185.32.26 - - [07/Sep/2020:10:34:52 +0800] "POST /xingrg/all/common/load_select.html HTTP/1.1" 200 25
180.157.253.48 - - [07/Sep/2020:10:34:56 +0800] "GET /xingrg/kc/buy/cgsh_order_operate.html?command=get_materiel&rest_code=00148&code=00101002038&supplier_code=00100087&order_time=2020-09-07 HTTP/1.1" 200 414
117.185.32.26 - - [07/Sep/2020:10:34:56 +0800] "GET /xingrg/kc/buy/cgsh_order_operate.html?command=get_materiel_price&rest_code=00106&code=00101016097&unit_code=00100163&supplier_code=00100028&order_time=2020-09-07 HTTP/1.1" 200 30
114.82.29.189 - - [07/Sep/2020:10:34:56 +0800] "GET /xingrg/all/function/internal_message.html?_=1599446097828&CODE_STATE=getMsg HTTP/1.1" 200 27
114.82.29.189 - - [07/Sep/2020:10:34:56 +0800] "GET /xingrg/check_reg.html?_=1599446097831 HTTP/1.1" 200 22
120.253.135.82 - - [07/Sep/2020:10:35:02 +0800] "GET /xingrg/all/function/internal_message.html?_=1599446157991&CODE_STATE=getMsg HTTP/1.1" 200 27
116.238.71.173 - - [07/Sep/2020:10:35:03 +0800] "GET /xingrg/all/function/internal_message.html?_=1599446102985&CODE_STATE=getMsg HTTP/1.1" 200 27
180.157.253.48 - - [07/Sep/2020:10:35:04 +0800] "POST /xingrg/kc/buy/cgsh_order_operate.html HTTP/1.1" 200 37
222.69.160.252 - - [07/Sep/2020:10:35:05 +0800] "GET /xingrg/all/function/internal_message.html?_=1599445948212&CODE_STATE=getMsg HTTP/1.1" 200 27
116.232.51.212 - - [07/Sep/2020:10:35:07 +0800] "GET /xingrg/kc/buy/cgsh_order_add.html HTTP/1.1" 200 59715
116.232.51.212 - - [07/Sep/2020:10:35:08 +0800] "POST /xingrg/kc/buy/cgsh_order_operate.html HTTP/1.1" 200 8245
116.232.51.212 - - [07/Sep/2020:10:35:08 +0800] "GET /xingrg/all/common/auto_word.html?type=employee&rest_code=00109 HTTP/1.1" 200 255
116.232.51.212 - - [07/Sep/2020:10:35:08 +0800] "GET /xingrg/all/common/auto_word.html?type=employee&rest_code=00109 HTTP/1.1" 200 255
116.232.51.212 - - [07/Sep/2020:10:35:08 +0800] "GET /xingrg/javascript/easyui/themes/default/validatebox.css HTTP/1.1" 404 1104
114.88.166.242 - - [07/Sep/2020:10:35:11 +0800] "GET /xingrg/all/function/internal_message.html?_=1599446110418&CODE_STATE=getMsg HTTP/1.1" 200 27
120.253.135.82 - - [07/Sep/2020:10:35:11 +0800] "GET /xingrg/all/function/internal_message.html?_=1599445861865&CODE_STATE=getMsg HTTP/1.1" 200 27
180.157.253.48 - - [07/Sep/2020:10:35:12 +0800] "POST /xingrg/kc/buy/cgsh_order_operate.html HTTP/1.1" 200 12
116.230.74.197 - - [07/Sep/2020:10:35:12 +0800] "GET /xingrg/kc/buy/cgsh_order_operate.html?command=get_materiel&rest_code=00107&code=00101019343&supplier_code=00100337&order_time=2020-09-07 HTTP/1.1" 200 433
180.157.253.48 - - [07/Sep/2020:10:35:13 +0800] "GET /xingrg/kc/buy/cgsh_order_info.html?code=212020090702763 HTTP/1.1" 200 54577
180.157.253.48 - - [07/Sep/2020:10:35:14 +0800] "GET /xingrg/javascript/easyui/themes/default/validatebox.css HTTP/1.1" 404 1104
180.157.253.48 - - [07/Sep/2020:10:35:14 +0800] "POST /xingrg/kc/buy/cgsh_order_operate.html HTTP/1.1" 200 614
180.157.253.48 - - [07/Sep/2020:10:35:15 +0800] "GET /xingrg/kc/print/load_data.html?order_code=212020090702763&kc_code=cgsh&condition= HTTP/1.1" 200 769
117.185.32.26 - - [07/Sep/2020:10:35:17 +0800] "GET /xingrg/kc/buy/cgsh_order_operate.html?command=get_materiel&rest_code=00106&code=00101016037&supplier_code=00100028&order_time=2020-09-07 HTTP/1.1" 200 451
116.232.51.212 - - [07/Sep/2020:10:35:18 +0800] "GET /xingrg/javascript/jquery_tools/images/prev.gif HTTP/1.1" 404 1086
116.232.51.212 - - [07/Sep/2020:10:35:18 +0800] "GET /xingrg/javascript/jquery_tools/images/next.gif HTTP/1.1" 404 1086
117.185.32.26 - - [07/Sep/2020:10:35:19 +0800] "POST /xingrg/all/common/load_select.html HTTP/1.1" 200 25
116.230.74.197 - - [07/Sep/2020:10:35:21 +0800] "GET /xingrg/all/function/internal_message.html?_=1599446123684&CODE_STATE=getMsg HTTP/1.1" 200 27
180.157.253.48 - - [07/Sep/2020:10:35:22 +0800] "GET /xingrg/kc/buy/cgsh_order_add.html HTTP/1.1" 200 59674
116.232.51.212 - - [07/Sep/2020:10:35:23 +0800] "GET /xingrg/javascript/auto/indicator.gif HTTP/1.1" 404 1066
180.157.253.48 - - [07/Sep/2020:10:35:23 +0800] "POST /xingrg/kc/buy/cgsh_order_operate.html HTTP/1.1" 200 8245
180.157.253.48 - - [07/Sep/2020:10:35:23 +0800] "GET /xingrg/javascript/easyui/themes/default/validatebox.css HTTP/1.1" 404 1104
116.232.51.212 - - [07/Sep/2020:10:35:23 +0800] "GET /xingrg/kc/buy/cgsh_order_operate.html?command=get_materiel&rest_code=00109&code=00101006127&supplier_code=00100015&order_time=2020-09-07 HTTP/1.1" 200 423
117.185.32.26 - - [07/Sep/2020:10:35:23 +0800] "GET /xingrg/kc/buy/cgsh_order_operate.html?command=get_materiel_price&rest_code=00106&code=00101016037&unit_code=00100098&supplier_code=00100028&order_time=2020-09-07 HTTP/1.1" 200 30
116.238.90.59 - - [07/Sep/2020:10:35:25 +0800] "GET /xingrg/all/function/internal_message.html?_=1599446332380&CODE_STATE=getMsg HTTP/1.1" 200 27
116.230.74.197 - - [07/Sep/2020:10:35:25 +0800] "GET /xingrg/kc/buy/cgsh_order_operate.html?command=get_materiel&rest_code=00107&code=00101020165&supplier_code=00100337&order_time=2020-09-07 HTTP/1.1" 200 412
180.157.253.48 - - [07/Sep/2020:10:35:30 +0800] "GET /xingrg/kc/buy/cgsh_order_operate.html?command=get_materiel&rest_code=00148&code=00101004063&supplier_code=00100094&order_time=2020-09-07 HTTP/1.1" 200 413
116.232.51.212 - - [07/Sep/2020:10:35:30 +0800] "GET /xingrg/kc/buy/cgsh_order_operate.html?command=get_materiel&rest_code=00109&code=00101006133&supplier_code=00100015&order_time=2020-09-07 HTTP/1.1" 200 413
58.37.9.106 - - [07/Sep/2020:10:35:30 +0800] "GET /xingrg/check_reg.html?_=1599446133905 HTTP/1.1" 200 22
101.93.73.215 - - [07/Sep/2020:10:35:31 +0800] "GET /xingrg/all/function/internal_message.html?_=1599446130980&CODE_STATE=getMsg HTTP/1.1" 200 27
101.93.73.215 - - [07/Sep/2020:10:35:31 +0800] "GET /xingrg/check_reg.html?_=1599446130981 HTTP/1.1" 200 22
58.40.7.146 - - [07/Sep/2020:10:35:35 +0800] "GET /xingrg/all/function/internal_message.html?_=1599446135031&CODE_STATE=getMsg HTTP/1.1" 200 27
218.81.217.115 - - [07/Sep/2020:10:35:35 +0800] "GET /xingrg/all/function/internal_message.html?_=1599446137281&CODE_STATE=getMsg HTTP/1.1" 200 27
222.69.130.66 - - [07/Sep/2020:10:35:36 +0800] "GET /xingrg/all/function/internal_message.html?_=1599446134298&CODE_STATE=getMsg HTTP/1.1" 200 27
116.232.51.212 - - [07/Sep/2020:10:35:37 +0800] "GET /xingrg/all/function/internal_message.html?_=1599446166937&CODE_STATE=getMsg HTTP/1.1" 200 27
180.157.253.48 - - [07/Sep/2020:10:35:37 +0800] "GET /xingrg/all/function/internal_message.html?_=1599446138485&CODE_STATE=getMsg HTTP/1.1" 200 27
218.81.217.115 - - [07/Sep/2020:10:35:38 +0800] "GET /xingrg/all/function/internal_message.html?_=1599446139362&CODE_STATE=getMsg HTTP/1.1" 200 27
58.221.95.50 - - [07/Sep/2020:10:35:38 +0800] "GET /xingrg/all/function/internal_message.html?_=1599446284003&CODE_STATE=getMsg HTTP/1.1" 200 27
117.185.32.26 - - [07/Sep/2020:10:35:39 +0800] "GET /xingrg/all/function/internal_message.html?_=1599446572381&CODE_STATE=getMsg HTTP/1.1" 200 27
180.157.253.48 - - [07/Sep/2020:10:35:40 +0800] "GET /xingrg/kc/buy/cgsh_order_operate.html?command=get_materiel&rest_code=00148&code=00101003041&supplier_code=00100094&order_time=2020-09-07 HTTP/1.1" 200 414
172.17.0.103 - - [07/Sep/2020:10:35:42 +0800] "GET /xingrg/all/function/internal_message.html?_=1599446171956&CODE_STATE=getMsg HTTP/1.1" 200 27
116.232.51.212 - - [07/Sep/2020:10:35:43 +0800] "GET /xingrg/kc/buy/cgsh_order_operate.html?command=get_materiel&rest_code=00109&code=00101006130&supplier_code=00100015&order_time=2020-09-07 HTTP/1.1" 200 427
117.184.7.26 - - [07/Sep/2020:10:35:45 +0800] "GET /xingrg/all/function/internal_message.html?_=1599446145201&CODE_STATE=getMsg HTTP/1.1" 200 27
114.88.166.242 - - [07/Sep/2020:10:35:46 +0800] "GET /xingrg/all/function/internal_message.html?_=1599446206904&CODE_STATE=getMsg HTTP/1.1" 200 27
180.157.253.48 - - [07/Sep/2020:10:35:48 +0800] "GET /xingrg/kc/buy/cgsh_order_operate.html?command=get_materiel&rest_code=00148&code=00101003040&supplier_code=00100094&order_time=2020-09-07 HTTP/1.1" 200 415
172.17.0.119 - - [07/Sep/2020:10:35:49 +0800] "GET /xingrg/all/function/internal_message.html?_=1599446148982&CODE_STATE=getMsg HTTP/1.1" 200 27
172.17.0.185 - - [07/Sep/2020:10:35:50 +0800] "GET /xingrg/all/function/internal_message.html?_=1599446149997&CODE_STATE=getMsg HTTP/1.1" 200 27
58.37.9.106 - - [07/Sep/2020:10:35:55 +0800] "GET /xingrg/check_reg.html?_=1599445785097 HTTP/1.1" 302 -
58.37.9.106 - - [07/Sep/2020:10:35:55 +0800] "GET /xingrg/login.html HTTP/1.1" 200 7641
116.232.51.212 - - [07/Sep/2020:10:35:56 +0800] "POST /xingrg/kc/buy/cgsh_order_operate.html HTTP/1.1" 200 37
180.157.253.48 - - [07/Sep/2020:10:35:56 +0800] "GET /xingrg/kc/buy/cgsh_order_operate.html?command=get_materiel&rest_code=00148&code=00101001037&supplier_code=00100094&order_time=2020-09-07 HTTP/1.1" 200 416
114.82.29.189 - - [07/Sep/2020:10:35:56 +0800] "GET /xingrg/all/function/internal_message.html?_=1599446157811&CODE_STATE=getMsg HTTP/1.1" 200 27
116.232.51.212 - - [07/Sep/2020:10:35:57 +0800] "POST /xingrg/kc/buy/cgsh_order_operate.html HTTP/1.1" 200 3866
116.230.74.197 - - [07/Sep/2020:10:35:58 +0800] "GET /xingrg/kc/buy/cgsh_order_operate.html?command=get_materiel&rest_code=00107&code=00101019098&supplier_code=00100337&order_time=2020-09-07 HTTP/1.1" 200 475
120.253.135.82 - - [07/Sep/2020:10:36:02 +0800] "GET /xingrg/check_reg.html?_=1599446217639 HTTP/1.1" 200 22
120.253.135.82 - - [07/Sep/2020:10:36:02 +0800] "GET /xingrg/all/function/internal_message.html?_=1599446218007&CODE_STATE=getMsg HTTP/1.1" 200 27
116.238.71.173 - - [07/Sep/2020:10:36:03 +0800] "GET /xingrg/check_reg.html?_=1599446163019 HTTP/1.1" 200 22
116.238.71.173 - - [07/Sep/2020:10:36:03 +0800] "GET /xingrg/all/function/internal_message.html?_=1599446163024&CODE_STATE=getMsg HTTP/1.1" 200 27
114.88.166.242 - - [07/Sep/2020:10:36:04 +0800] "GET /xingrg/check_reg.html?_=1599446163888 HTTP/1.1" 200 22
222.69.160.252 - - [07/Sep/2020:10:36:05 +0800] "GET /xingrg/check_reg.html?_=1599446008213 HTTP/1.1" 200 22
222.69.160.252 - - [07/Sep/2020:10:36:05 +0800] "GET /xingrg/all/function/internal_message.html?_=1599446008214&CODE_STATE=getMsg HTTP/1.1" 200 27
101.93.73.215 - - [07/Sep/2020:10:36:06 +0800] "GET /xingrg/kc/mdqp/qqps_order_list.html?isBack=1 HTTP/1.1" 200 10062
101.93.73.215 - - [07/Sep/2020:10:36:06 +0800] "GET /xingrg/dwr/interface/AjaxReportQueryService.js HTTP/1.1" 200 13203
101.93.73.215 - - [07/Sep/2020:10:36:06 +0800] "GET /xingrg/dwr/interface/AjaxQqpsService.js HTTP/1.1" 200 16326
101.93.73.215 - - [07/Sep/2020:10:36:06 +0800] "GET /xingrg/dwr/engine.js HTTP/1.1" 200 43631
180.157.253.48 - - [07/Sep/2020:10:36:08 +0800] "POST /xingrg/kc/buy/cgsh_order_operate.html HTTP/1.1" 200 37
116.232.51.212 - - [07/Sep/2020:10:36:09 +0800] "GET /xingrg/kc/buy/cgsh_order_operate.html?command=get_materiel&rest_code=00109&code=00101006129&supplier_code=00100015&order_time=2020-09-07 HTTP/1.1" 200 431
114.88.166.242 - - [07/Sep/2020:10:36:11 +0800] "GET /xingrg/all/function/internal_message.html?_=1599446170422&CODE_STATE=getMsg HTTP/1.1" 200 27
120.253.135.82 - - [07/Sep/2020:10:36:11 +0800] "GET /xingrg/all/function/internal_message.html?_=1599445921884&CODE_STATE=getMsg HTTP/1.1" 200 27
116.230.74.197 - - [07/Sep/2020:10:36:14 +0800] "GET /xingrg/kc/buy/cgsh_order_operate.html?command=get_materiel&rest_code=00107&code=00101013128&supplier_code=00100337&order_time=2020-09-07 HTTP/1.1" 200 408
180.157.253.48 - - [07/Sep/2020:10:36:18 +0800] "POST /xingrg/kc/buy/cgsh_order_operate.html HTTP/1.1" 200 12
180.157.253.48 - - [07/Sep/2020:10:36:19 +0800] "GET /xingrg/kc/buy/cgsh_order_info.html?code=212020090702765 HTTP/1.1" 200 54577
180.157.253.48 - - [07/Sep/2020:10:36:20 +0800] "GET /xingrg/javascript/easyui/themes/default/validatebox.css HTTP/1.1" 404 1104
180.157.253.48 - - [07/Sep/2020:10:36:20 +0800] "POST /xingrg/kc/buy/cgsh_order_operate.html HTTP/1.1" 200 2406
116.230.74.197 - - [07/Sep/2020:10:36:21 +0800] "GET /xingrg/all/function/internal_message.html?_=1599446183724&CODE_STATE=getMsg HTTP/1.1" 200 27
180.157.253.48 - - [07/Sep/2020:10:36:22 +0800] "GET /xingrg/kc/print/load_data.html?order_code=212020090702765&kc_code=cgsh&condition= HTTP/1.1" 200 1486
116.238.90.59 - - [07/Sep/2020:10:36:25 +0800] "GET /xingrg/all/function/internal_message.html?_=1599446392396&CODE_STATE=getMsg HTTP/1.1" 200 27
180.157.253.48 - - [07/Sep/2020:10:36:26 +0800] "GET /xingrg/kc/buy/cgsh_order_add.html HTTP/1.1" 200 59674
180.157.253.48 - - [07/Sep/2020:10:36:26 +0800] "POST /xingrg/kc/buy/cgsh_order_operate.html HTTP/1.1" 200 8245
180.157.253.48 - - [07/Sep/2020:10:36:27 +0800] "GET /xingrg/javascript/easyui/themes/default/validatebox.css HTTP/1.1" 404 1104
114.82.29.189 - - [07/Sep/2020:10:36:28 +0800] "POST /xingrg/kc/buy/cgsh_order_operate.html HTTP/1.1" 200 37
116.232.51.212 - - [07/Sep/2020:10:36:28 +0800] "GET /xingrg/kc/buy/cgsh_order_operate.html?command=get_materiel&rest_code=00109&code=00101006195&supplier_code=00100015&order_time=2020-09-07 HTTP/1.1" 200 409
114.82.29.189 - - [07/Sep/2020:10:36:30 +0800] "POST /xingrg/kc/buy/cgsh_order_operate.html HTTP/1.1" 200 3867
101.93.73.215 - - [07/Sep/2020:10:36:31 +0800] "GET /xingrg/all/function/internal_message.html?_=1599446190997&CODE_STATE=getMsg HTTP/1.1" 200 27
114.82.29.189 - - [07/Sep/2020:10:36:31 +0800] "GET /xingrg/kc/print/load_data.html?order_code=212020090702766&kc_code=cgsh&condition= HTTP/1.1" 200 1210
58.40.7.146 - - [07/Sep/2020:10:36:35 +0800] "GET /xingrg/all/function/internal_message.html?_=1599446195018&CODE_STATE=getMsg HTTP/1.1" 200 27
58.40.7.146 - - [07/Sep/2020:10:36:35 +0800] "GET /xingrg/check_reg.html?_=1599446195020 HTTP/1.1" 200 22
114.82.29.189 - - [07/Sep/2020:10:36:35 +0800] "GET /xingrg/kc/buy/cgsh_order_add.html HTTP/1.1" 200 59668
114.82.29.189 - - [07/Sep/2020:10:36:35 +0800] "POST /xingrg/kc/buy/cgsh_order_operate.html HTTP/1.1" 200 8245
114.82.29.189 - - [07/Sep/2020:10:36:35 +0800] "GET /xingrg/javascript/easyui/themes/default/validatebox.css HTTP/1.1" 404 1104
218.81.217.115 - - [07/Sep/2020:10:36:35 +0800] "GET /xingrg/check_reg.html?_=1599446196872 HTTP/1.1" 200 22
218.81.217.115 - - [07/Sep/2020:10:36:35 +0800] "GET /xingrg/all/function/internal_message.html?_=1599446197284&CODE_STATE=getMsg HTTP/1.1" 200 27
222.69.130.66 - - [07/Sep/2020:10:36:36 +0800] "GET /xingrg/all/function/internal_message.html?_=1599446194283&CODE_STATE=getMsg HTTP/1.1" 200 27
116.232.51.212 - - [07/Sep/2020:10:36:37 +0800] "GET /xingrg/all/function/internal_message.html?_=1599446229265&CODE_STATE=getMsg HTTP/1.1" 200 27
58.221.95.50 - - [07/Sep/2020:10:36:37 +0800] "GET /xingrg/check_reg.html?_=1599446342800 HTTP/1.1" 200 22
180.157.253.48 - - [07/Sep/2020:10:36:37 +0800] "GET /xingrg/all/function/internal_message.html?_=1599446198473&CODE_STATE=getMsg HTTP/1.1" 200 27
218.81.217.115 - - [07/Sep/2020:10:36:38 +0800] "GET /xingrg/all/function/internal_message.html?_=1599446199374&CODE_STATE=getMsg HTTP/1.1" 200 27
58.221.95.50 - - [07/Sep/2020:10:36:38 +0800] "GET /xingrg/all/function/internal_message.html?_=1599446343971&CODE_STATE=getMsg HTTP/1.1" 200 27
117.185.32.26 - - [07/Sep/2020:10:36:39 +0800] "GET /xingrg/all/function/internal_message.html?_=1599446632385&CODE_STATE=getMsg HTTP/1.1" 200 27
172.17.0.103 - - [07/Sep/2020:10:36:42 +0800] "GET /xingrg/all/function/internal_message.html?_=1599446231959&CODE_STATE=getMsg HTTP/1.1" 200 27
114.82.29.189 - - [07/Sep/2020:10:36:43 +0800] "GET /xingrg/kc/buy/cgsh_order_operate.html?command=get_materiel&rest_code=00105&code=00101001044&supplier_code=00100319&order_time=2020-09-07 HTTP/1.1" 200 411
117.184.7.26 - - [07/Sep/2020:10:36:45 +0800] "GET /xingrg/all/function/internal_message.html?_=1599446205187&CODE_STATE=getMsg HTTP/1.1" 200 27
114.88.166.242 - - [07/Sep/2020:10:36:46 +0800] "GET /xingrg/all/function/internal_message.html?_=1599446266902&CODE_STATE=getMsg HTTP/1.1" 200 27
114.88.166.242 - - [07/Sep/2020:10:36:46 +0800] "GET /xingrg/check_reg.html?_=1599446266904 HTTP/1.1" 200 22
172.17.0.119 - - [07/Sep/2020:10:36:49 +0800] "GET /xingrg/all/function/internal_message.html?_=1599446208986&CODE_STATE=getMsg HTTP/1.1" 200 27
172.17.0.185 - - [07/Sep/2020:10:36:50 +0800] "GET /xingrg/all/function/internal_message.html?_=1599446209998&CODE_STATE=getMsg HTTP/1.1" 200 27
180.152.230.204 - - [07/Sep/2020:10:36:52 +0800] "GET /xingrg/login.html HTTP/1.1" 200 7641
180.152.230.204 - - [07/Sep/2020:10:36:54 +0800] "GET /favicon.ico HTTP/1.1" 404 -
116.230.74.197 - - [07/Sep/2020:10:36:54 +0800] "GET /xingrg/kc/buy/cgsh_order_operate.html?command=get_materiel&rest_code=00107&code=00101019676&supplier_code=00100337&order_time=2020-09-07 HTTP/1.1" 200 409
114.82.29.189 - - [07/Sep/2020:10:36:56 +0800] "GET /xingrg/all/function/internal_message.html?_=1599446217824&CODE_STATE=getMsg HTTP/1.1" 200 27
180.152.230.204 - - [07/Sep/2020:10:37:00 +0800] "POST /xingrg/login.do HTTP/1.1" 302 -
180.152.230.204 - - [07/Sep/2020:10:37:00 +0800] "GET /xingrg/index.html?sysBaseUrl=http%3A%2F%2F180.169.147.146%3A18081%2Fxingrg%2F&costTime=40×tamp=1599446220242 HTTP/1.1" 200 17179
180.152.230.204 - - [07/Sep/2020:10:37:00 +0800] "GET /favicon.ico HTTP/1.1" 404 -
180.152.230.204 - - [07/Sep/2020:10:37:01 +0800] "POST /xingrg/all/common/load_tree.html?tree=area_rest_tree_json&manage=1 HTTP/1.1" 200 351
180.152.230.204 - - [07/Sep/2020:10:37:01 +0800] "POST /xingrg/load_menu.html HTTP/1.1" 200 5138
180.152.230.204 - - [07/Sep/2020:10:37:01 +0800] "GET /xingrg/all/function/internal_message.html?_=1599446218551&CODE_STATE=count HTTP/1.1" 200 11
180.152.230.204 - - [07/Sep/2020:10:37:02 +0800] "GET /xingrg/css/new_ie.css HTTP/1.1" 404 1036
180.152.230.204 - - [07/Sep/2020:10:37:02 +0800] "GET /xingrg/kc/buy/buy_main.html HTTP/1.1" 200 12412
120.253.135.82 - - [07/Sep/2020:10:37:02 +0800] "GET /xingrg/all/function/internal_message.html?_=1599446278021&CODE_STATE=getMsg HTTP/1.1" 200 27
180.152.230.204 - - [07/Sep/2020:10:37:03 +0800] "GET /xingrg/images/yd/bt.gif HTTP/1.1" 404 1040
116.238.71.173 - - [07/Sep/2020:10:37:03 +0800] "GET /xingrg/all/function/internal_message.html?_=1599446223072&CODE_STATE=getMsg HTTP/1.1" 200 27
180.152.230.204 - - [07/Sep/2020:10:37:03 +0800] "GET /xingrg/kc/buy/cgsh_order_list.html HTTP/1.1" 200 43936
180.152.230.204 - - [07/Sep/2020:10:37:04 +0800] "GET /xingrg/check_reg.html?_=1599446218553 HTTP/1.1" 200 22
180.152.230.204 - - [07/Sep/2020:10:37:05 +0800] "POST /xingrg/kc/buy/cgsh_list_operate.html HTTP/1.1" 200 876
222.69.160.252 - - [07/Sep/2020:10:37:05 +0800] "GET /xingrg/all/function/internal_message.html?_=1599446068212&CODE_STATE=getMsg HTTP/1.1" 200 27
114.82.29.189 - - [07/Sep/2020:10:37:08 +0800] "GET /xingrg/kc/buy/cgsh_order_operate.html?command=get_materiel&rest_code=00105&code=00101001169&supplier_code=00100319&order_time=2020-09-07 HTTP/1.1" 200 435
180.152.230.204 - - [07/Sep/2020:10:37:11 +0800] "POST /xingrg/kc/buy/cgsh_list_operate.html HTTP/1.1" 200 5847
114.88.166.242 - - [07/Sep/2020:10:37:11 +0800] "GET /xingrg/all/function/internal_message.html?_=1599446230436&CODE_STATE=getMsg HTTP/1.1" 200 27
120.253.135.82 - - [07/Sep/2020:10:37:11 +0800] "GET /xingrg/all/function/internal_message.html?_=1599445981893&CODE_STATE=getMsg HTTP/1.1" 200 27
180.152.230.204 - - [07/Sep/2020:10:37:15 +0800] "POST /xingrg/kc/buy/cgsh_list_operate.html HTTP/1.1" 200 5982
116.230.74.197 - - [07/Sep/2020:10:37:17 +0800] "GET /xingrg/kc/buy/cgsh_order_operate.html?command=get_materiel&rest_code=00107&code=00101008504&supplier_code=00100337&order_time=2020-09-07 HTTP/1.1" 200 399
114.82.29.189 - - [07/Sep/2020:10:37:17 +0800] "GET /xingrg/kc/buy/cgsh_order_operate.html?command=get_materiel&rest_code=00105&code=00101001040&supplier_code=00100319&order_time=2020-09-07 HTTP/1.1" 200 415
116.232.51.212 - - [07/Sep/2020:10:37:18 +0800] "GET /xingrg/kc/buy/cgsh_order_operate.html?command=get_materiel&rest_code=00109&code=00101006144&supplier_code=00100015&order_time=2020-09-07 HTTP/1.1" 200 409
116.230.74.197 - - [07/Sep/2020:10:37:21 +0800] "GET /xingrg/all/function/internal_message.html?_=1599446243694&CODE_STATE=getMsg HTTP/1.1" 200 27
114.82.29.189 - - [07/Sep/2020:10:37:24 +0800] "POST /xingrg/kc/buy/cgsh_order_operate.html HTTP/1.1" 200 37
116.232.51.212 - - [07/Sep/2020:10:37:24 +0800] "GET /xingrg/kc/buy/cgsh_order_operate.html?command=get_materiel&rest_code=00109&code=00101006058&supplier_code=00100015&order_time=2020-09-07 HTTP/1.1" 200 413
116.238.90.59 - - [07/Sep/2020:10:37:25 +0800] "GET /xingrg/all/function/internal_message.html?_=1599446452652&CODE_STATE=getMsg HTTP/1.1" 200 27
114.82.29.189 - - [07/Sep/2020:10:37:25 +0800] "POST /xingrg/kc/buy/cgsh_order_operate.html HTTP/1.1" 200 3848
116.232.51.212 - - [07/Sep/2020:10:37:26 +0800] "POST /xingrg/kc/buy/cgsh_order_operate.html HTTP/1.1" 200 2065
114.82.29.189 - - [07/Sep/2020:10:37:27 +0800] "GET /xingrg/kc/print/load_data.html?order_code=212020090702767&kc_code=cgsh&condition= HTTP/1.1" 200 1129
172.17.0.119 - - [07/Sep/2020:10:37:28 +0800] "POST /xingrg/all/user/operate.html HTTP/1.1" 200 36
172.17.0.119 - - [07/Sep/2020:10:37:28 +0800] "GET /xingrg/javascript/jquery_easy_ui/themes/default/easyui.css HTTP/1.1" 304 -
172.17.0.119 - - [07/Sep/2020:10:37:28 +0800] "GET /xingrg/javascript/jquery_easy_ui/themes/icon.css HTTP/1.1" 304 -
172.17.0.119 - - [07/Sep/2020:10:37:28 +0800] "GET /xingrg/index.html?sysBaseUrl=http%3A%2F%2F172.17.0.8%3A18081%2Fxingrg%2F&costTime=40×tamp=1599445789036 HTTP/1.1" 200 17454
172.17.0.119 - - [07/Sep/2020:10:37:28 +0800] "GET /xingrg/css/form.css HTTP/1.1" 304 -
172.17.0.119 - - [07/Sep/2020:10:37:28 +0800] "GET /xingrg/javascript/jquery-1.4.2.min.js HTTP/1.1" 304 -
172.17.0.119 - - [07/Sep/2020:10:37:28 +0800] "GET /xingrg/javascript/jquery_easy_ui/jquery.easyui.min.js HTTP/1.1" 304 -
172.17.0.119 - - [07/Sep/2020:10:37:28 +0800] "GET /xingrg/javascript/jquery_easy_ui/easyui-lang-zh_CN.js HTTP/1.1" 304 -
172.17.0.119 - - [07/Sep/2020:10:37:28 +0800] "GET /xingrg/javascript/jquery.form.js HTTP/1.1" 304 -
