58.37.9.106 - - [07/Sep/2020:11:19:21 +0800] "GET /xingrg/kc/buy/cgsh_order_operate.html?command=get_materiel&rest_code=00141&code=00101007077&supplier_code=00100328&order_time=2020-09-07 HTTP/1.1" 200 415
58.40.7.146 - - [07/Sep/2020:11:19:23 +0800] "GET /xingrg/all/function/internal_message.html?_=1599448762970&CODE_STATE=getMsg HTTP/1.1" 200 27
114.82.29.189 - - [07/Sep/2020:11:19:28 +0800] "GET /xingrg/kc/buy/cgsh_order_operate.html?command=get_materiel&rest_code=00105&code=00101010550&supplier_code=00100347&order_time=2020-09-07 HTTP/1.1" 200 399
172.17.0.119 - - [07/Sep/2020:11:19:28 +0800] "GET /xingrg/all/function/internal_message.html?_=1599448768196&CODE_STATE=getMsg HTTP/1.1" 200 27
114.88.166.242 - - [07/Sep/2020:11:19:30 +0800] "GET /xingrg/kc/base/wldb_order_operate.html?command=get_materiel&rest_code=00111&base_code=0010283&code=00101019359 HTTP/1.1" 200 446
120.253.135.82 - - [07/Sep/2020:11:19:31 +0800] "GET /xingrg/kc/pszx/mdps_order_list.html?orderType=0 HTTP/1.1" 200 21059
120.253.135.82 - - [07/Sep/2020:11:19:31 +0800] "POST /xingrg/kc/pszx/mdps_list_operate.html HTTP/1.1" 200 5537
180.174.103.55 - - [07/Sep/2020:11:19:33 +0800] "GET /xingrg/kc/buy/cgsh_order_operate.html?command=get_materiel&rest_code=00143&code=00101013076&supplier_code=00100207&order_time=2020-09-07 HTTP/1.1" 200 440
116.238.90.59 - - [07/Sep/2020:11:19:34 +0800] "GET /xingrg/all/function/internal_message.html?_=1599448981450&CODE_STATE=getMsg HTTP/1.1" 200 27
180.157.253.48 - - [07/Sep/2020:11:19:34 +0800] "GET /xingrg/kc/buy/cgsh_order_operate.html?command=get_materiel&rest_code=00148&code=00101020120&supplier_code=00100329&order_time=2020-09-07 HTTP/1.1" 200 437
222.69.130.66 - - [07/Sep/2020:11:19:35 +0800] "GET /xingrg/all/function/internal_message.html?_=1599448773546&CODE_STATE=getMsg HTTP/1.1" 200 27
218.81.217.115 - - [07/Sep/2020:11:19:35 +0800] "GET /xingrg/kc/buy/cgsh_order_operate.html?command=get_materiel&rest_code=00146&code=00101005054&supplier_code=00100347&order_time=2020-09-07 HTTP/1.1" 200 412
58.37.9.106 - - [07/Sep/2020:11:19:37 +0800] "POST /xingrg/kc/buy/cgsh_order_operate.html HTTP/1.1" 200 37
117.185.32.26 - - [07/Sep/2020:11:19:37 +0800] "GET /xingrg/kc/buy/cgsh_order_operate.html?command=get_materiel&rest_code=00106&code=00101004067&supplier_code=00100312&order_time=2020-09-07 HTTP/1.1" 200 413
222.69.130.66 - - [07/Sep/2020:11:19:37 +0800] "GET /xingrg/check_reg.html?_=1599448775345 HTTP/1.1" 200 22
58.221.95.50 - - [07/Sep/2020:11:19:37 +0800] "GET /xingrg/all/function/internal_message.html?_=1599448922993&CODE_STATE=getMsg HTTP/1.1" 200 27
218.81.217.115 - - [07/Sep/2020:11:19:38 +0800] "GET /xingrg/all/function/internal_message.html?_=1599448779585&CODE_STATE=getMsg HTTP/1.1" 200 27
58.37.9.106 - - [07/Sep/2020:11:19:38 +0800] "POST /xingrg/kc/buy/cgsh_order_operate.html HTTP/1.1" 200 12
58.37.9.106 - - [07/Sep/2020:11:19:39 +0800] "GET /xingrg/kc/buy/cgsh_order_info.html?code=212020090702870 HTTP/1.1" 200 54581
172.17.0.104 - - [07/Sep/2020:11:19:39 +0800] "GET /xingrg/index.html?sysBaseUrl=http%3A%2F%2F172.17.0.8%3A18081%2Fxingrg%2F&costTime=32×tamp=1585227824564 HTTP/1.1" 302 -
172.17.0.104 - - [07/Sep/2020:11:19:39 +0800] "GET /xingrg/login.html HTTP/1.1" 200 7636
120.253.135.82 - - [07/Sep/2020:11:19:39 +0800] "POST /xingrg/kc/pszx/mdps_list_operate.html HTTP/1.1" 200 3494
117.185.32.26 - - [07/Sep/2020:11:19:39 +0800] "GET /xingrg/check_reg.html?_=1599449212580 HTTP/1.1" 200 22
114.82.29.189 - - [07/Sep/2020:11:19:39 +0800] "GET /xingrg/kc/buy/cgsh_order_operate.html?command=get_materiel&rest_code=00105&code=00101001060&supplier_code=00100347&order_time=2020-09-07 HTTP/1.1" 200 421
58.37.9.106 - - [07/Sep/2020:11:19:39 +0800] "GET /xingrg/javascript/easyui/themes/default/validatebox.css HTTP/1.1" 404 1104
172.17.0.104 - - [07/Sep/2020:11:19:39 +0800] "GET /favicon.ico HTTP/1.1" 404 -
218.81.217.115 - - [07/Sep/2020:11:19:40 +0800] "GET /xingrg/all/function/internal_message.html?_=1599448781223&CODE_STATE=getMsg HTTP/1.1" 200 27
58.37.9.106 - - [07/Sep/2020:11:19:40 +0800] "POST /xingrg/kc/buy/cgsh_order_operate.html HTTP/1.1" 200 1203
117.185.32.26 - - [07/Sep/2020:11:19:40 +0800] "GET /xingrg/all/function/internal_message.html?_=1599449213526&CODE_STATE=getMsg HTTP/1.1" 200 27
116.238.71.173 - - [07/Sep/2020:11:19:40 +0800] "GET /xingrg/all/function/internal_message.html?_=1599448780702&CODE_STATE=getMsg HTTP/1.1" 200 27
58.37.9.106 - - [07/Sep/2020:11:19:41 +0800] "GET /xingrg/kc/print/load_data.html?order_code=212020090702870&kc_code=cgsh&condition= HTTP/1.1" 200 946
172.17.0.103 - - [07/Sep/2020:11:19:42 +0800] "GET /xingrg/all/function/internal_message.html?_=1599448812034&CODE_STATE=getMsg HTTP/1.1" 200 27
172.17.0.240 - - [07/Sep/2020:11:19:42 +0800] "GET /xingrg/all/function/internal_message.html?_=1599448781201&CODE_STATE=getMsg HTTP/1.1" 200 27
117.184.7.26 - - [07/Sep/2020:11:19:43 +0800] "GET /xingrg/check_reg.html?_=1599448782661 HTTP/1.1" 200 22
180.157.253.48 - - [07/Sep/2020:11:19:43 +0800] "POST /xingrg/kc/buy/cgsh_order_operate.html HTTP/1.1" 200 37
120.253.135.82 - - [07/Sep/2020:11:19:44 +0800] "POST /xingrg/kc/pszx/mdps_list_operate.html HTTP/1.1" 200 627
117.184.7.26 - - [07/Sep/2020:11:19:44 +0800] "GET /xingrg/all/function/internal_message.html?_=1599448784379&CODE_STATE=getMsg HTTP/1.1" 200 27
120.253.135.82 - - [07/Sep/2020:11:19:45 +0800] "GET /xingrg/kc/pszx/mdps_order_info.html?code=312020090600173 HTTP/1.1" 200 23843
120.253.135.82 - - [07/Sep/2020:11:19:45 +0800] "POST /xingrg/kc/pszx/mdps_order_operate.html HTTP/1.1" 200 20746
120.253.135.82 - - [07/Sep/2020:11:19:45 +0800] "GET /xingrg/javascript/easyui/themes/default/validatebox.css HTTP/1.1" 404 1104
58.37.9.106 - - [07/Sep/2020:11:19:45 +0800] "GET /xingrg/kc/buy/cgsh_order_add.html HTTP/1.1" 200 59674
172.17.0.104 - - [07/Sep/2020:11:19:45 +0800] "POST /xingrg/login.do HTTP/1.1" 302 -
172.17.0.104 - - [07/Sep/2020:11:19:45 +0800] "GET /xingrg/index.html?sysBaseUrl=http%3A%2F%2F172.17.0.8%3A18081%2Fxingrg%2F&costTime=39×tamp=1599448785874 HTTP/1.1" 200 17124
172.17.0.104 - - [07/Sep/2020:11:19:46 +0800] "GET /favicon.ico HTTP/1.1" 404 -
172.17.0.104 - - [07/Sep/2020:11:19:46 +0800] "POST /xingrg/all/common/load_tree.html?tree=area_rest_tree_json&manage=1 HTTP/1.1" 200 604
172.17.0.104 - - [07/Sep/2020:11:19:46 +0800] "GET /xingrg/all/function/internal_message.html?_=1599448785598&CODE_STATE=count HTTP/1.1" 200 11
172.17.0.104 - - [07/Sep/2020:11:19:46 +0800] "GET /xingrg/check_reg.html?_=1599448785598 HTTP/1.1" 200 22
172.17.0.104 - - [07/Sep/2020:11:19:46 +0800] "POST /xingrg/load_menu.html HTTP/1.1" 200 5103
58.37.9.106 - - [07/Sep/2020:11:19:46 +0800] "POST /xingrg/kc/buy/cgsh_order_operate.html HTTP/1.1" 200 8245
58.37.9.106 - - [07/Sep/2020:11:19:46 +0800] "GET /xingrg/javascript/easyui/themes/default/validatebox.css HTTP/1.1" 404 1104
218.81.217.115 - - [07/Sep/2020:11:19:46 +0800] "GET /xingrg/kc/buy/cgsh_order_operate.html?command=get_materiel&rest_code=00146&code=00101005022&supplier_code=00100347&order_time=2020-09-07 HTTP/1.1" 200 417
114.88.166.242 - - [07/Sep/2020:11:19:46 +0800] "GET /xingrg/all/function/internal_message.html?_=1599448846953&CODE_STATE=getMsg HTTP/1.1" 200 27
117.185.32.26 - - [07/Sep/2020:11:19:46 +0800] "GET /xingrg/kc/buy/cgsh_order_operate.html?command=get_materiel&rest_code=00106&code=00101004071&supplier_code=00100312&order_time=2020-09-07 HTTP/1.1" 200 409
172.17.0.120 - - [07/Sep/2020:11:19:46 +0800] "GET /xingrg/all/function/internal_message.html?_=1599448786569&CODE_STATE=getMsg HTTP/1.1" 200 27
180.157.253.48 - - [07/Sep/2020:11:19:46 +0800] "POST /xingrg/kc/buy/cgsh_order_operate.html HTTP/1.1" 200 12
114.88.166.242 - - [07/Sep/2020:11:19:46 +0800] "GET /xingrg/kc/base/wldb_order_operate.html?command=get_materiel&rest_code=00111&base_code=0010283&code=00101027001 HTTP/1.1" 200 471
172.17.0.104 - - [07/Sep/2020:11:19:47 +0800] "GET /xingrg/kc/buy/buy_main.html HTTP/1.1" 200 12377
172.17.0.104 - - [07/Sep/2020:11:19:47 +0800] "GET /xingrg/css/new_ie.css HTTP/1.1" 404 1036
172.17.0.104 - - [07/Sep/2020:11:19:47 +0800] "GET /favicon.ico HTTP/1.1" 404 -
172.17.0.104 - - [07/Sep/2020:11:19:47 +0800] "GET /xingrg/kc/mdqp/qp_main.html HTTP/1.1" 200 10613
172.17.0.104 - - [07/Sep/2020:11:19:48 +0800] "GET /xingrg/images/yd/bt.gif HTTP/1.1" 404 1040
180.157.253.48 - - [07/Sep/2020:11:19:48 +0800] "GET /xingrg/kc/buy/cgsh_order_info.html?code=212020090702871 HTTP/1.1" 200 54581
180.157.253.48 - - [07/Sep/2020:11:19:49 +0800] "GET /xingrg/javascript/easyui/themes/default/validatebox.css HTTP/1.1" 404 1104
180.157.253.48 - - [07/Sep/2020:11:19:49 +0800] "POST /xingrg/kc/buy/cgsh_order_operate.html HTTP/1.1" 200 633
180.157.253.48 - - [07/Sep/2020:11:19:50 +0800] "GET /xingrg/all/function/internal_message.html?_=1599448791409&CODE_STATE=getMsg HTTP/1.1" 200 27
180.157.253.48 - - [07/Sep/2020:11:19:51 +0800] "GET /xingrg/kc/print/load_data.html?order_code=212020090702871&kc_code=cgsh&condition= HTTP/1.1" 200 738
172.17.0.104 - - [07/Sep/2020:11:19:51 +0800] "GET /xingrg/kc/buy/buy_main.html HTTP/1.1" 200 12377
172.17.0.104 - - [07/Sep/2020:11:19:51 +0800] "GET /xingrg/css/new_ie.css HTTP/1.1" 404 1036
114.88.166.242 - - [07/Sep/2020:11:19:51 +0800] "GET /xingrg/kc/base/wldb_order_operate.html?command=get_materiel&rest_code=00111&base_code=0010283&code=00101019313 HTTP/1.1" 200 443
172.17.0.104 - - [07/Sep/2020:11:19:52 +0800] "GET /xingrg/kc/buy/cgsh_order_list.html HTTP/1.1" 200 43916
114.82.29.189 - - [07/Sep/2020:11:19:53 +0800] "GET /xingrg/kc/buy/cgsh_order_operate.html?command=get_materiel&rest_code=00105&code=00101012046&supplier_code=00100347&order_time=2020-09-07 HTTP/1.1" 200 417
172.17.0.104 - - [07/Sep/2020:11:19:53 +0800] "POST /xingrg/kc/buy/cgsh_list_operate.html HTTP/1.1" 200 5121
120.253.135.82 - - [07/Sep/2020:11:19:55 +0800] "POST /xingrg/kc/pszx/mdps_order_operate.html HTTP/1.1" 200 37
180.157.253.48 - - [07/Sep/2020:11:19:55 +0800] "GET /xingrg/kc/buy/cgsh_order_add.html HTTP/1.1" 200 59674
120.253.135.82 - - [07/Sep/2020:11:19:56 +0800] "POST /xingrg/kc/pszx/mdps_order_operate.html HTTP/1.1" 200 12
180.157.253.48 - - [07/Sep/2020:11:19:56 +0800] "POST /xingrg/kc/buy/cgsh_order_operate.html HTTP/1.1" 200 8245
180.157.253.48 - - [07/Sep/2020:11:19:56 +0800] "GET /xingrg/javascript/easyui/themes/default/validatebox.css HTTP/1.1" 404 1104
114.82.29.189 - - [07/Sep/2020:11:19:56 +0800] "GET /xingrg/check_reg.html?_=1599448797901 HTTP/1.1" 200 22
114.82.29.189 - - [07/Sep/2020:11:19:56 +0800] "GET /xingrg/all/function/internal_message.html?_=1599448797903&CODE_STATE=getMsg HTTP/1.1" 200 27
114.88.166.242 - - [07/Sep/2020:11:19:58 +0800] "GET /xingrg/kc/base/wldb_order_operate.html?command=get_materiel&rest_code=00111&base_code=0010283&code=00101019066 HTTP/1.1" 200 442
120.253.135.82 - - [07/Sep/2020:11:19:59 +0800] "GET /xingrg/kc/pszx/mdps_order_info.html?code=312020090600173 HTTP/1.1" 200 19503
120.253.135.82 - - [07/Sep/2020:11:19:59 +0800] "POST /xingrg/kc/pszx/mdps_order_operate.html HTTP/1.1" 200 18822
120.253.135.82 - - [07/Sep/2020:11:19:59 +0800] "GET /xingrg/javascript/easyui/themes/default/validatebox.css HTTP/1.1" 404 1104
114.82.29.189 - - [07/Sep/2020:11:20:00 +0800] "POST /xingrg/kc/buy/cgsh_order_operate.html HTTP/1.1" 200 37
218.81.217.115 - - [07/Sep/2020:11:20:00 +0800] "GET /xingrg/kc/buy/cgsh_order_operate.html?command=get_materiel&rest_code=00146&code=00101020225&supplier_code=00100347&order_time=2020-09-07 HTTP/1.1" 200 403
117.185.32.26 - - [07/Sep/2020:11:20:00 +0800] "GET /xingrg/kc/buy/cgsh_order_operate.html?command=get_materiel&rest_code=00106&code=00101004030&supplier_code=00100312&order_time=2020-09-07 HTTP/1.1" 200 408
114.82.29.189 - - [07/Sep/2020:11:20:01 +0800] "POST /xingrg/kc/buy/cgsh_order_operate.html HTTP/1.1" 200 6234
180.152.230.204 - - [07/Sep/2020:11:20:01 +0800] "GET /xingrg/all/function/internal_message.html?_=1599448798605&CODE_STATE=getMsg HTTP/1.1" 200 27
58.37.9.106 - - [07/Sep/2020:11:20:01 +0800] "GET /xingrg/kc/buy/cgsh_order_operate.html?command=get_materiel&rest_code=00141&code=00101008125&supplier_code=00100339&order_time=2020-09-07 HTTP/1.1" 200 413
172.17.0.104 - - [07/Sep/2020:11:20:02 +0800] "POST /xingrg/kc/buy/cgsh_list_operate.html HTTP/1.1" 200 5144
114.82.29.189 - - [07/Sep/2020:11:20:02 +0800] "GET /xingrg/kc/print/load_data.html?order_code=212020090702872&kc_code=cgsh&condition= HTTP/1.1" 200 2038
120.253.135.82 - - [07/Sep/2020:11:20:03 +0800] "GET /xingrg/all/function/internal_message.html?_=1599448858792&CODE_STATE=getMsg HTTP/1.1" 200 27
180.157.253.48 - - [07/Sep/2020:11:20:05 +0800] "GET /xingrg/kc/buy/cgsh_order_operate.html?command=get_materiel&rest_code=00148&code=00101010281&supplier_code=00100331&order_time=2020-09-07 HTTP/1.1" 200 414
172.17.0.104 - - [07/Sep/2020:11:20:05 +0800] "POST /xingrg/kc/buy/cgsh_list_operate.html HTTP/1.1" 200 272
172.17.0.104 - - [07/Sep/2020:11:20:06 +0800] "GET /xingrg/kc/buy/cgsh_order_info.html?code=212020090602622 HTTP/1.1" 200 59610
172.17.0.104 - - [07/Sep/2020:11:20:06 +0800] "GET /xingrg/words/20200907064115_words.js HTTP/1.1" 200 760927
172.17.0.104 - - [07/Sep/2020:11:20:06 +0800] "GET /xingrg/all/common/auto_word.html?type=employee&rest_code=00147 HTTP/1.1" 200 201
172.17.0.104 - - [07/Sep/2020:11:20:06 +0800] "GET /xingrg/all/common/auto_word.html?type=employee&rest_code=00147 HTTP/1.1" 200 201
172.17.0.104 - - [07/Sep/2020:11:20:06 +0800] "GET /xingrg/javascript/easyui/themes/default/validatebox.css HTTP/1.1" 404 1104
172.17.0.104 - - [07/Sep/2020:11:20:07 +0800] "POST /xingrg/kc/buy/cgsh_order_operate.html HTTP/1.1" 200 3249
180.174.103.55 - - [07/Sep/2020:11:20:09 +0800] "GET /xingrg/system/info/materiel_import.html?isSelect=1&singleSelect=false HTTP/1.1" 200 5600
180.174.103.55 - - [07/Sep/2020:11:20:09 +0800] "GET /xingrg/javascript/jquery_ui/themes/base/base.css HTTP/1.1" 200 28568
180.174.103.55 - - [07/Sep/2020:11:20:09 +0800] "GET /xingrg/css/xtree.css HTTP/1.1" 200 880
180.174.103.55 - - [07/Sep/2020:11:20:09 +0800] "GET /xingrg/javascript/jquery_easy_ui/themes/default/images/button_a_bg.gif HTTP/1.1" 200 1194
180.174.103.55 - - [07/Sep/2020:11:20:09 +0800] "POST /xingrg/all/common/load_tree.html?tree=materiel_sort_tree_json HTTP/1.1" 200 8666
180.174.103.55 - - [07/Sep/2020:11:20:09 +0800] "GET /xingrg/javascript/jquery_easy_ui/themes/default/images/button_span_bg.gif HTTP/1.1" 200 2061
180.174.103.55 - - [07/Sep/2020:11:20:09 +0800] "GET /xingrg/javascript/jquery_easy_ui/themes/default/images/pagination_load.png HTTP/1.1" 200 827
180.174.103.55 - - [07/Sep/2020:11:20:09 +0800] "GET /xingrg/javascript/jquery_easy_ui/themes/default/images/datagrid_header_bg.gif HTTP/1.1" 200 97
180.174.103.55 - - [07/Sep/2020:11:20:09 +0800] "GET /xingrg/javascript/jquery_easy_ui/themes/icons/edit_add.png HTTP/1.1" 200 1088
180.174.103.55 - - [07/Sep/2020:11:20:09 +0800] "GET /xingrg/javascript/jquery_easy_ui/themes/default/images/pagination_prev.gif HTTP/1.1" 200 879
180.174.103.55 - - [07/Sep/2020:11:20:09 +0800] "GET /xingrg/javascript/jquery_easy_ui/themes/icons/search.png HTTP/1.1" 200 813
180.174.103.55 - - [07/Sep/2020:11:20:09 +0800] "GET /xingrg/javascript/jquery_easy_ui/themes/default/images/pagination_last.gif HTTP/1.1" 200 923
180.174.103.55 - - [07/Sep/2020:11:20:09 +0800] "GET /xingrg/javascript/jquery_easy_ui/themes/default/images/pagination_next.gif HTTP/1.1" 200 875
180.174.103.55 - - [07/Sep/2020:11:20:09 +0800] "GET /favicon.ico HTTP/1.1" 404 -
180.174.103.55 - - [07/Sep/2020:11:20:09 +0800] "GET /xingrg/javascript/jquery_easy_ui/themes/default/images/pagination_first.gif HTTP/1.1" 200 925
172.17.0.104 - - [07/Sep/2020:11:20:10 +0800] "GET /xingrg/javascript/auto/indicator.gif HTTP/1.1" 404 1066
180.174.103.55 - - [07/Sep/2020:11:20:11 +0800] "GET /xingrg/all/function/internal_message.html?_=1599448835544&CODE_STATE=getMsg HTTP/1.1" 200 27
114.88.166.242 - - [07/Sep/2020:11:20:12 +0800] "GET /xingrg/all/function/internal_message.html?_=1599448811219&CODE_STATE=getMsg HTTP/1.1" 200 27
180.157.253.48 - - [07/Sep/2020:11:20:12 +0800] "POST /xingrg/kc/buy/cgsh_order_operate.html HTTP/1.1" 200 37
120.253.135.82 - - [07/Sep/2020:11:20:12 +0800] "GET /xingrg/all/function/internal_message.html?_=1599448562516&CODE_STATE=getMsg HTTP/1.1" 200 27
114.88.166.242 - - [07/Sep/2020:11:20:12 +0800] "GET /xingrg/kc/base/wldb_order_operate.html?command=get_materiel&rest_code=00111&base_code=0010283&code=00101019127 HTTP/1.1" 200 465
58.37.9.106 - - [07/Sep/2020:11:20:12 +0800] "GET /xingrg/all/function/internal_message.html?_=1599448442137&CODE_STATE=getMsg HTTP/1.1" 200 27
117.184.7.26 - - [07/Sep/2020:11:20:14 +0800] "GET /xingrg/kc/mdqp/qp_main.html HTTP/1.1" 200 10633
117.184.7.26 - - [07/Sep/2020:11:20:14 +0800] "GET /xingrg/images/yd/bt.gif HTTP/1.1" 404 1040
117.184.7.30 - - [07/Sep/2020:11:20:15 +0800] "GET /xingrg/kc/mdqp/pssh_order_list.html HTTP/1.1" 200 17797
114.88.166.242 - - [07/Sep/2020:11:20:15 +0800] "GET /xingrg/kc/base/wldb_order_operate.html?command=get_materiel&rest_code=00111&base_code=0010283&code=00101019250 HTTP/1.1" 200 455
117.184.7.30 - - [07/Sep/2020:11:20:15 +0800] "POST /xingrg/kc/mdqp/pssh_list_operate.html HTTP/1.1" 200 5235
120.253.135.82 - - [07/Sep/2020:11:20:17 +0800] "POST /xingrg/kc/pszx/mdps_list_operate.html HTTP/1.1" 200 212
58.37.9.106 - - [07/Sep/2020:11:20:17 +0800] "GET /xingrg/kc/buy/cgsh_order_operate.html?command=get_materiel&rest_code=00141&code=00101008512&supplier_code=00100339&order_time=2020-09-07 HTTP/1.1" 200 399
120.253.135.82 - - [07/Sep/2020:11:20:17 +0800] "GET /xingrg/kc/pszx/mdps_order_info.html?code=312020090700191 HTTP/1.1" 200 23843
120.253.135.82 - - [07/Sep/2020:11:20:18 +0800] "GET /xingrg/javascript/easyui/themes/default/validatebox.css HTTP/1.1" 404 1104
117.184.7.30 - - [07/Sep/2020:11:20:18 +0800] "POST /xingrg/kc/mdqp/pssh_list_operate.html HTTP/1.1" 200 257
172.17.0.185 - - [07/Sep/2020:11:20:18 +0800] "GET /xingrg/all/function/internal_message.html?_=1599448817535&CODE_STATE=getMsg HTTP/1.1" 200 27
172.17.0.104 - - [07/Sep/2020:11:20:19 +0800] "POST /xingrg/kc/buy/cgsh_order_operate.html HTTP/1.1" 200 37
117.185.32.26 - - [07/Sep/2020:11:20:19 +0800] "GET /xingrg/kc/buy/cgsh_order_operate.html?command=get_materiel&rest_code=00106&code=00101001138&supplier_code=00100312&order_time=2020-09-07 HTTP/1.1" 200 415
180.157.253.48 - - [07/Sep/2020:11:20:19 +0800] "POST /xingrg/kc/buy/cgsh_order_operate.html HTTP/1.1" 200 12
114.88.166.242 - - [07/Sep/2020:11:20:19 +0800] "GET /xingrg/kc/base/wldb_order_operate.html?command=get_materiel&rest_code=00111&base_code=0010283&code=00101019249 HTTP/1.1" 200 470
120.253.135.82 - - [07/Sep/2020:11:20:19 +0800] "POST /xingrg/kc/pszx/mdps_order_operate.html HTTP/1.1" 200 2307
180.157.253.48 - - [07/Sep/2020:11:20:20 +0800] "GET /xingrg/kc/buy/cgsh_order_info.html?code=212020090702873 HTTP/1.1" 200 54579
116.230.74.197 - - [07/Sep/2020:11:20:20 +0800] "GET /xingrg/all/function/internal_message.html?_=1599448823020&CODE_STATE=getMsg HTTP/1.1" 200 27
117.184.7.30 - - [07/Sep/2020:11:20:20 +0800] "GET /xingrg/kc/mdqp/pssh_order_info.html?code=312020090300106 HTTP/1.1" 200 17266
117.184.7.30 - - [07/Sep/2020:11:20:20 +0800] "GET /xingrg/javascript/jquery_tools/jquery-1.4.2.min.js HTTP/1.1" 404 1094
117.184.7.30 - - [07/Sep/2020:11:20:20 +0800] "GET /xingrg/words/20200907064115_words.js HTTP/1.1" 304 -
172.17.0.104 - - [07/Sep/2020:11:20:20 +0800] "POST /xingrg/kc/buy/cgsh_order_operate.html HTTP/1.1" 200 3243
117.184.7.30 - - [07/Sep/2020:11:20:20 +0800] "GET /xingrg/all/common/auto_word.html?type=base&rest_code=00108&rest_code=00108 HTTP/1.1" 200 1711
117.184.7.30 - - [07/Sep/2020:11:20:20 +0800] "GET /xingrg/javascript/easyui/themes/default/validatebox.css HTTP/1.1" 404 1104
117.184.7.30 - - [07/Sep/2020:11:20:20 +0800] "POST /xingrg/kc/mdqp/pssh_order_operate.html HTTP/1.1" 200 530
180.157.253.48 - - [07/Sep/2020:11:20:21 +0800] "GET /xingrg/javascript/easyui/themes/default/validatebox.css HTTP/1.1" 404 1104
180.157.253.48 - - [07/Sep/2020:11:20:21 +0800] "POST /xingrg/kc/buy/cgsh_order_operate.html HTTP/1.1" 200 607
114.88.166.242 - - [07/Sep/2020:11:20:21 +0800] "GET /xingrg/kc/base/wldb_order_operate.html?command=get_materiel&rest_code=00111&base_code=0010283&code=00101019253 HTTP/1.1" 200 465
180.157.253.48 - - [07/Sep/2020:11:20:23 +0800] "GET /xingrg/kc/print/load_data.html?order_code=212020090702873&kc_code=cgsh&condition= HTTP/1.1" 200 701
180.174.103.55 - - [07/Sep/2020:11:20:23 +0800] "GET /xingrg/kc/buy/cgsh_order_operate.html?command=get_materiel&rest_code=00143&code=00101019359&supplier_code=00100207&order_time=2020-09-07 HTTP/1.1" 200 447
58.40.7.146 - - [07/Sep/2020:11:20:23 +0800] "GET /xingrg/check_reg.html?_=1599448822966 HTTP/1.1" 200 22
58.40.7.146 - - [07/Sep/2020:11:20:23 +0800] "GET /xingrg/all/function/internal_message.html?_=1599448822967&CODE_STATE=getMsg HTTP/1.1" 200 27
120.253.135.82 - - [07/Sep/2020:11:20:24 +0800] "POST /xingrg/kc/pszx/mdps_order_operate.html HTTP/1.1" 200 37
120.253.135.82 - - [07/Sep/2020:11:20:25 +0800] "POST /xingrg/kc/pszx/mdps_order_operate.html HTTP/1.1" 200 12
114.88.166.242 - - [07/Sep/2020:11:20:25 +0800] "GET /xingrg/kc/base/wldb_order_operate.html?command=get_materiel&rest_code=00111&base_code=0010283&code=00101013092 HTTP/1.1" 200 432
120.253.135.82 - - [07/Sep/2020:11:20:26 +0800] "GET /xingrg/kc/pszx/mdps_order_info.html?code=312020090700191 HTTP/1.1" 200 19503
120.253.135.82 - - [07/Sep/2020:11:20:26 +0800] "POST /xingrg/kc/pszx/mdps_order_operate.html HTTP/1.1" 200 529
120.253.135.82 - - [07/Sep/2020:11:20:26 +0800] "GET /xingrg/javascript/easyui/themes/default/validatebox.css HTTP/1.1" 404 1104
180.157.253.48 - - [07/Sep/2020:11:20:27 +0800] "GET /xingrg/kc/buy/cgsh_order_add.html HTTP/1.1" 200 59674
120.253.135.82 - - [07/Sep/2020:11:20:28 +0800] "POST /xingrg/kc/pszx/mdps_list_operate.html HTTP/1.1" 200 2768
172.17.0.119 - - [07/Sep/2020:11:20:28 +0800] "GET /xingrg/all/function/internal_message.html?_=1599448828198&CODE_STATE=getMsg HTTP/1.1" 200 27
180.157.253.48 - - [07/Sep/2020:11:20:28 +0800] "POST /xingrg/kc/buy/cgsh_order_operate.html HTTP/1.1" 200 8245
180.157.253.48 - - [07/Sep/2020:11:20:28 +0800] "GET /xingrg/javascript/easyui/themes/default/validatebox.css HTTP/1.1" 404 1104
114.88.166.242 - - [07/Sep/2020:11:20:29 +0800] "GET /xingrg/kc/base/wldb_order_operate.html?command=get_materiel&rest_code=00111&base_code=0010283&code=00101019185 HTTP/1.1" 200 455
180.157.253.48 - - [07/Sep/2020:11:20:29 +0800] "GET /xingrg/javascript/easyui/themes/default/images/button_plain_hover.png HTTP/1.1" 304 -
180.157.253.48 - - [07/Sep/2020:11:20:29 +0800] "GET /xingrg/javascript/easyui/themes/default/images/button_plain_hover.png HTTP/1.1" 304 -
58.37.9.106 - - [07/Sep/2020:11:20:31 +0800] "GET /xingrg/check_reg.html?_=1599448833785 HTTP/1.1" 200 22
114.88.166.242 - - [07/Sep/2020:11:20:32 +0800] "GET /xingrg/kc/base/wldb_order_operate.html?command=get_materiel&rest_code=00111&base_code=0010283&code=00101019184 HTTP/1.1" 200 443
180.157.253.48 - - [07/Sep/2020:11:20:32 +0800] "POST /xingrg/kc/buy/cgsh_order_operate.html HTTP/1.1" 200 37
180.157.253.48 - - [07/Sep/2020:11:20:33 +0800] "POST /xingrg/kc/buy/cgsh_order_operate.html HTTP/1.1" 200 9185
58.37.9.106 - - [07/Sep/2020:11:20:33 +0800] "GET /xingrg/kc/buy/cgsh_order_operate.html?command=get_materiel&rest_code=00141&code=00101008061&supplier_code=00100339&order_time=2020-09-07 HTTP/1.1" 200 423
117.185.32.26 - - [07/Sep/2020:11:20:34 +0800] "GET /xingrg/kc/buy/cgsh_order_operate.html?command=get_materiel&rest_code=00106&code=00101001096&supplier_code=00100312&order_time=2020-09-07 HTTP/1.1" 200 413
116.238.90.59 - - [07/Sep/2020:11:20:34 +0800] "GET /xingrg/all/function/internal_message.html?_=1599449041865&CODE_STATE=getMsg HTTP/1.1" 200 27
222.69.130.66 - - [07/Sep/2020:11:20:35 +0800] "GET /xingrg/all/function/internal_message.html?_=1599448833524&CODE_STATE=getMsg HTTP/1.1" 200 27
180.157.253.48 - - [07/Sep/2020:11:20:35 +0800] "GET /xingrg/kc/buy/cgsh_order_operate.html?command=get_materiel&rest_code=00148&code=00101004046&supplier_code=00100312&order_time=2020-09-07 HTTP/1.1" 200 418
114.88.166.242 - - [07/Sep/2020:11:20:36 +0800] "GET /xingrg/kc/base/wldb_order_operate.html?command=get_materiel&rest_code=00111&base_code=0010283&code=00101016092 HTTP/1.1" 200 451
58.221.95.50 - - [07/Sep/2020:11:20:37 +0800] "GET /xingrg/all/function/internal_message.html?_=1599448982968&CODE_STATE=getMsg HTTP/1.1" 200 27
218.81.217.115 - - [07/Sep/2020:11:20:37 +0800] "GET /xingrg/kc/buy/cgsh_order_operate.html?command=get_materiel&rest_code=00146&code=00101002007&supplier_code=00100347&order_time=2020-09-07 HTTP/1.1" 200 409
117.184.7.30 - - [07/Sep/2020:11:20:38 +0800] "POST /xingrg/all/common/load_combo.html?type=base&rest_code=00108 HTTP/1.1" 200 3060
218.81.217.115 - - [07/Sep/2020:11:20:38 +0800] "GET /xingrg/all/function/internal_message.html?_=1599448839698&CODE_STATE=getMsg HTTP/1.1" 200 27
218.81.217.115 - - [07/Sep/2020:11:20:40 +0800] "GET /xingrg/all/function/internal_message.html?_=1599448841236&CODE_STATE=getMsg HTTP/1.1" 200 27
120.253.135.82 - - [07/Sep/2020:11:20:40 +0800] "POST /xingrg/kc/pszx/mdps_list_operate.html HTTP/1.1" 200 202
117.185.32.26 - - [07/Sep/2020:11:20:40 +0800] "GET /xingrg/all/function/internal_message.html?_=1599449273498&CODE_STATE=getMsg HTTP/1.1" 200 27
116.238.71.173 - - [07/Sep/2020:11:20:41 +0800] "GET /xingrg/all/function/internal_message.html?_=1599448840731&CODE_STATE=getMsg HTTP/1.1" 200 27
114.88.166.242 - - [07/Sep/2020:11:20:41 +0800] "GET /xingrg/kc/base/wldb_order_operate.html?command=get_materiel&rest_code=00111&base_code=0010283&code=00101019270 HTTP/1.1" 200 464
120.253.135.82 - - [07/Sep/2020:11:20:41 +0800] "GET /xingrg/kc/pszx/mdps_order_info.html?code=312020090600174 HTTP/1.1" 200 23841
120.253.135.82 - - [07/Sep/2020:11:20:41 +0800] "GET /xingrg/javascript/easyui/themes/default/validatebox.css HTTP/1.1" 404 1104
120.253.135.82 - - [07/Sep/2020:11:20:41 +0800] "POST /xingrg/kc/pszx/mdps_order_operate.html HTTP/1.1" 200 2285
172.17.0.103 - - [07/Sep/2020:11:20:42 +0800] "GET /xingrg/all/function/internal_message.html?_=1599448872027&CODE_STATE=getMsg HTTP/1.1" 200 27
172.17.0.240 - - [07/Sep/2020:11:20:42 +0800] "GET /xingrg/all/function/internal_message.html?_=1599448841205&CODE_STATE=getMsg HTTP/1.1" 200 27
58.37.9.106 - - [07/Sep/2020:11:20:42 +0800] "POST /xingrg/kc/buy/cgsh_order_operate.html HTTP/1.1" 200 37
180.157.253.48 - - [07/Sep/2020:11:20:44 +0800] "GET /xingrg/kc/buy/cgsh_order_operate.html?command=get_materiel&rest_code=00148&code=00101004067&supplier_code=00100312&order_time=2020-09-07 HTTP/1.1" 200 413
117.185.32.26 - - [07/Sep/2020:11:20:44 +0800] "GET /xingrg/kc/buy/cgsh_order_operate.html?command=get_materiel&rest_code=00106&code=00101005017&supplier_code=00100312&order_time=2020-09-07 HTTP/1.1" 200 409
117.184.7.30 - - [07/Sep/2020:11:20:44 +0800] "GET /xingrg/all/function/internal_message.html?_=1599448844366&CODE_STATE=getMsg HTTP/1.1" 200 27
58.37.9.106 - - [07/Sep/2020:11:20:44 +0800] "POST /xingrg/kc/buy/cgsh_order_operate.html HTTP/1.1" 200 12
120.253.135.82 - - [07/Sep/2020:11:20:45 +0800] "POST /xingrg/kc/pszx/mdps_order_operate.html HTTP/1.1" 200 37
114.88.166.242 - - [07/Sep/2020:11:20:45 +0800] "POST /xingrg/kc/base/wldb_order_operate.html HTTP/1.1" 200 37
172.17.0.104 - - [07/Sep/2020:11:20:46 +0800] "GET /xingrg/all/function/internal_message.html?_=1599448845610&CODE_STATE=getMsg HTTP/1.1" 200 27
114.88.166.242 - - [07/Sep/2020:11:20:46 +0800] "GET /xingrg/kc/base/wldb_order_info.html?code=422020090700761 HTTP/1.1" 200 30423
58.37.9.106 - - [07/Sep/2020:11:20:46 +0800] "GET /xingrg/kc/buy/cgsh_order_info.html?code=212020090702875 HTTP/1.1" 200 54580
114.88.166.242 - - [07/Sep/2020:11:20:46 +0800] "GET /xingrg/all/function/internal_message.html?_=1599448907169&CODE_STATE=getMsg HTTP/1.1" 200 27
120.253.135.82 - - [07/Sep/2020:11:20:46 +0800] "POST /xingrg/kc/pszx/mdps_order_operate.html HTTP/1.1" 200 12
114.88.166.242 - - [07/Sep/2020:11:20:46 +0800] "GET /xingrg/javascript/easyui/themes/default/validatebox.css HTTP/1.1" 404 1104
114.88.166.242 - - [07/Sep/2020:11:20:46 +0800] "POST /xingrg/kc/base/wldb_order_operate.html HTTP/1.1" 200 8212
58.37.9.106 - - [07/Sep/2020:11:20:46 +0800] "GET /xingrg/javascript/easyui/themes/default/validatebox.css HTTP/1.1" 404 1104
172.17.0.120 - - [07/Sep/2020:11:20:46 +0800] "GET /xingrg/all/function/internal_message.html?_=1599448846557&CODE_STATE=getMsg HTTP/1.1" 200 27
114.88.166.242 - - [07/Sep/2020:11:20:46 +0800] "POST /xingrg/kc/base/wldb_order_operate.html HTTP/1.1" 200 9648
117.184.7.30 - - [07/Sep/2020:11:20:46 +0800] "POST /xingrg/all/common/load_combo.html?type=employee HTTP/1.1" 200 271
58.37.9.106 - - [07/Sep/2020:11:20:47 +0800] "POST /xingrg/kc/buy/cgsh_order_operate.html HTTP/1.1" 200 1798
120.253.135.82 - - [07/Sep/2020:11:20:47 +0800] "GET /xingrg/kc/pszx/mdps_order_info.html?code=312020090600174 HTTP/1.1" 200 19501
120.253.135.82 - - [07/Sep/2020:11:20:47 +0800] "POST /xingrg/kc/pszx/mdps_order_operate.html HTTP/1.1" 200 506
120.253.135.82 - - [07/Sep/2020:11:20:47 +0800] "GET /xingrg/javascript/easyui/themes/default/validatebox.css HTTP/1.1" 404 1104
58.37.9.106 - - [07/Sep/2020:11:20:48 +0800] "GET /xingrg/kc/print/load_data.html?order_code=212020090702875&kc_code=cgsh&condition= HTTP/1.1" 200 1169
120.253.135.82 - - [07/Sep/2020:11:20:49 +0800] "POST /xingrg/kc/pszx/mdps_list_operate.html HTTP/1.1" 200 2408
180.157.253.48 - - [07/Sep/2020:11:20:50 +0800] "GET /xingrg/kc/buy/cgsh_order_operate.html?command=get_materiel&rest_code=00148&code=00101004030&supplier_code=00100312&order_time=2020-09-07 HTTP/1.1" 200 408
218.81.217.115 - - [07/Sep/2020:11:20:50 +0800] "GET /xingrg/kc/buy/cgsh_order_operate.html?command=get_materiel&rest_code=00146&code=00101010553&supplier_code=00100347&order_time=2020-09-07 HTTP/1.1" 200 402
180.157.253.48 - - [07/Sep/2020:11:20:50 +0800] "GET /xingrg/all/function/internal_message.html?_=1599448851422&CODE_STATE=getMsg HTTP/1.1" 200 27
117.184.7.30 - - [07/Sep/2020:11:20:51 +0800] "POST /xingrg/kc/mdqp/pssh_order_operate.html HTTP/1.1" 200 37
58.37.9.106 - - [07/Sep/2020:11:20:51 +0800] "GET /xingrg/kc/buy/cgsh_order_add.html HTTP/1.1" 200 59674
117.184.7.30 - - [07/Sep/2020:11:20:51 +0800] "POST /xingrg/kc/mdqp/pssh_order_operate.html HTTP/1.1" 200 12
58.37.9.106 - - [07/Sep/2020:11:20:52 +0800] "POST /xingrg/kc/buy/cgsh_order_operate.html HTTP/1.1" 200 8245
58.37.9.106 - - [07/Sep/2020:11:20:52 +0800] "GET /xingrg/javascript/easyui/themes/default/validatebox.css HTTP/1.1" 404 1104
117.184.7.30 - - [07/Sep/2020:11:20:52 +0800] "GET /xingrg/kc/mdqp/pssh_order_info.html?code=312020090300106 HTTP/1.1" 200 14380
117.184.7.30 - - [07/Sep/2020:11:20:52 +0800] "GET /xingrg/javascript/jquery_tools/jquery-1.4.2.min.js HTTP/1.1" 404 1094
117.184.7.30 - - [07/Sep/2020:11:20:52 +0800] "POST /xingrg/kc/mdqp/pssh_order_operate.html HTTP/1.1" 200 530
117.184.7.30 - - [07/Sep/2020:11:20:52 +0800] "GET /xingrg/javascript/easyui/themes/default/validatebox.css HTTP/1.1" 404 1104
117.184.7.30 - - [07/Sep/2020:11:20:54 +0800] "GET /xingrg/kc/print/load_config.html?kc_code=pssh HTTP/1.1" 200 2290
117.184.7.30 - - [07/Sep/2020:11:20:54 +0800] "GET /xingrg/kc/print/load_data.html?order_code=312020090300106&kc_code=pssh&condition= HTTP/1.1" 200 659
180.157.253.48 - - [07/Sep/2020:11:20:55 +0800] "GET /xingrg/kc/buy/cgsh_order_operate.html?command=get_materiel&rest_code=00148&code=00101004044&supplier_code=00100312&order_time=2020-09-07 HTTP/1.1" 200 413
114.82.29.189 - - [07/Sep/2020:11:20:56 +0800] "GET /xingrg/all/function/internal_message.html?_=1599448857882&CODE_STATE=getMsg HTTP/1.1" 200 27
114.88.166.242 - - [07/Sep/2020:11:20:58 +0800] "GET /xingrg/kc/base/wldb_order_add.html HTTP/1.1" 200 30408
114.88.166.242 - - [07/Sep/2020:11:20:59 +0800] "GET /xingrg/javascript/easyui/themes/default/validatebox.css HTTP/1.1" 404 1104
114.88.166.242 - - [07/Sep/2020:11:20:59 +0800] "POST /xingrg/kc/base/wldb_order_operate.html HTTP/1.1" 200 6806
180.174.103.55 - - [07/Sep/2020:11:21:00 +0800] "GET /xingrg/kc/buy/cgsh_order_operate.html?command=get_materiel&rest_code=00143&code=00101007061&supplier_code=00100207&order_time=2020-09-07 HTTP/1.1" 200 409
180.157.253.48 - - [07/Sep/2020:11:21:00 +0800] "GET /xingrg/kc/buy/cgsh_order_operate.html?command=get_materiel&rest_code=00148&code=00101001156&supplier_code=00100312&order_time=2020-09-07 HTTP/1.1" 200 409
180.152.230.204 - - [07/Sep/2020:11:21:01 +0800] "GET /xingrg/all/function/internal_message.html?_=1599448858606&CODE_STATE=getMsg HTTP/1.1" 200 27
120.253.135.82 - - [07/Sep/2020:11:21:02 +0800] "GET /xingrg/check_reg.html?_=1599448917807 HTTP/1.1" 200 22
120.253.135.82 - - [07/Sep/2020:11:21:03 +0800] "POST /xingrg/kc/pszx/mdps_list_operate.html HTTP/1.1" 200 317
120.253.135.82 - - [07/Sep/2020:11:21:03 +0800] "GET /xingrg/all/function/internal_message.html?_=1599448918807&CODE_STATE=getMsg HTTP/1.1" 200 27
120.253.135.82 - - [07/Sep/2020:11:21:04 +0800] "GET /xingrg/kc/pszx/mdps_order_info.html?code=312020090600172 HTTP/1.1" 200 23843
120.253.135.82 - - [07/Sep/2020:11:21:04 +0800] "POST /xingrg/kc/pszx/mdps_order_operate.html HTTP/1.1" 200 2846
120.253.135.82 - - [07/Sep/2020:11:21:04 +0800] "GET /xingrg/javascript/easyui/themes/default/validatebox.css HTTP/1.1" 404 1104
114.88.166.242 - - [07/Sep/2020:11:21:04 +0800] "GET /xingrg/check_reg.html?_=1599448863937 HTTP/1.1" 200 22
114.88.166.242 - - [07/Sep/2020:11:21:06 +0800] "GET /xingrg/kc/base/wldb_order_operate.html?command=get_materiel&rest_code=00111&base_code=0010306&code=00102002118 HTTP/1.1" 200 451
114.88.166.242 - - [07/Sep/2020:11:21:07 +0800] "POST /xingrg/all/common/load_select.html HTTP/1.1" 200 38
120.253.135.82 - - [07/Sep/2020:11:21:08 +0800] "POST /xingrg/kc/pszx/mdps_order_operate.html HTTP/1.1" 200 37
114.88.166.242 - - [07/Sep/2020:11:21:08 +0800] "GET /xingrg/kc/base/wldb_order_operate.html?command=get_materiel_price&rest_code=00111&base_code=0010306&code=00102002118&unit_code=00100339 HTTP/1.1" 200 36
180.157.253.48 - - [07/Sep/2020:11:21:08 +0800] "GET /xingrg/kc/buy/cgsh_order_operate.html?command=get_materiel&rest_code=00148&code=00101001096&supplier_code=00100312&order_time=2020-09-07 HTTP/1.1" 200 413
120.253.135.82 - - [07/Sep/2020:11:21:10 +0800] "POST /xingrg/kc/pszx/mdps_order_operate.html HTTP/1.1" 200 12
120.253.135.82 - - [07/Sep/2020:11:21:11 +0800] "GET /xingrg/kc/pszx/mdps_order_info.html?code=312020090600172 HTTP/1.1" 200 19503
120.253.135.82 - - [07/Sep/2020:11:21:11 +0800] "POST /xingrg/kc/pszx/mdps_order_operate.html HTTP/1.1" 200 1063
120.253.135.82 - - [07/Sep/2020:11:21:11 +0800] "GET /xingrg/javascript/easyui/themes/default/validatebox.css HTTP/1.1" 404 1104
180.174.103.55 - - [07/Sep/2020:11:21:11 +0800] "GET /xingrg/check_reg.html?_=1599448895372 HTTP/1.1" 200 22
180.174.103.55 - - [07/Sep/2020:11:21:11 +0800] "GET /xingrg/all/function/internal_message.html?_=1599448895517&CODE_STATE=getMsg HTTP/1.1" 200 27
58.37.9.106 - - [07/Sep/2020:11:21:11 +0800] "GET /xingrg/kc/buy/cgsh_order_operate.html?command=get_materiel&rest_code=00141&code=00101008245&supplier_code=00100337&order_time=2020-09-07 HTTP/1.1" 200 409
114.88.166.242 - - [07/Sep/2020:11:21:12 +0800] "GET /xingrg/all/function/internal_message.html?_=1599448871220&CODE_STATE=getMsg HTTP/1.1" 200 27
114.88.166.242 - - [07/Sep/2020:11:21:12 +0800] "GET /xingrg/kc/base/wldb_order_operate.html?command=get_materiel&rest_code=00111&base_code=0010306&code=00102002204 HTTP/1.1" 200 434
120.253.135.82 - - [07/Sep/2020:11:21:12 +0800] "GET /xingrg/all/function/internal_message.html?_=1599448622521&CODE_STATE=getMsg HTTP/1.1" 200 27
58.37.9.106 - - [07/Sep/2020:11:21:12 +0800] "GET /xingrg/all/function/internal_message.html?_=1599448502144&CODE_STATE=getMsg HTTP/1.1" 200 27
120.253.135.82 - - [07/Sep/2020:11:21:13 +0800] "POST /xingrg/kc/pszx/mdps_list_operate.html HTTP/1.1" 200 2046
117.184.7.30 - - [07/Sep/2020:11:21:16 +0800] "POST /xingrg/kc/mdqp/pssh_list_operate.html HTTP/1.1" 200 782
114.88.166.242 - - [07/Sep/2020:11:21:17 +0800] "GET /xingrg/kc/base/wldb_order_operate.html?command=get_materiel&rest_code=00111&base_code=0010306&code=00102002189 HTTP/1.1" 200 433
172.17.0.185 - - [07/Sep/2020:11:21:18 +0800] "GET /xingrg/all/function/internal_message.html?_=1599448877538&CODE_STATE=getMsg HTTP/1.1" 200 27
116.230.74.197 - - [07/Sep/2020:11:21:20 +0800] "GET /xingrg/all/function/internal_message.html?_=1599448882993&CODE_STATE=getMsg HTTP/1.1" 200 27
116.238.71.173 - - [07/Sep/2020:11:21:21 +0800] "GET /xingrg/kc/buy/cgsh_order_operate.html?command=get_materiel&rest_code=00150&code=00101006023&supplier_code=00100323&order_time=2020-09-07 HTTP/1.1" 200 420
114.88.166.242 - - [07/Sep/2020:11:21:21 +0800] "GET /xingrg/kc/base/wldb_order_operate.html?command=get_materiel&rest_code=00111&base_code=0010306&code=00102002451 HTTP/1.1" 200 418
117.184.7.30 - - [07/Sep/2020:11:21:21 +0800] "GET /xingrg/kc/mdqp/pssh_order_info.html?code=312020090600173 HTTP/1.1" 200 17297
117.184.7.30 - - [07/Sep/2020:11:21:21 +0800] "GET /xingrg/javascript/jquery_tools/jquery-1.4.2.min.js HTTP/1.1" 404 1094
117.184.7.30 - - [07/Sep/2020:11:21:22 +0800] "GET /xingrg/javascript/easyui/themes/default/validatebox.css HTTP/1.1" 404 1104
117.184.7.30 - - [07/Sep/2020:11:21:22 +0800] "POST /xingrg/kc/mdqp/pssh_order_operate.html HTTP/1.1" 200 19778
218.81.217.115 - - [07/Sep/2020:11:21:22 +0800] "GET /xingrg/kc/buy/cgsh_order_operate.html?command=get_materiel&rest_code=00146&code=00101001045&supplier_code=00100347&order_time=2020-09-07 HTTP/1.1" 200 422
58.37.9.106 - - [07/Sep/2020:11:21:23 +0800] "GET /xingrg/kc/buy/cgsh_order_operate.html?command=get_materiel&rest_code=00141&code=00101013197&supplier_code=00100337&order_time=2020-09-07 HTTP/1.1" 200 448
58.40.7.146 - - [07/Sep/2020:11:21:23 +0800] "GET /xingrg/all/function/internal_message.html?_=1599448882970&CODE_STATE=getMsg HTTP/1.1" 200 27
180.157.253.48 - - [07/Sep/2020:11:21:24 +0800] "GET /xingrg/javascript/easyui/themes/default/images/button_plain_hover.png HTTP/1.1" 304 -
180.157.253.48 - - [07/Sep/2020:11:21:24 +0800] "GET /xingrg/javascript/easyui/themes/default/images/button_plain_hover.png HTTP/1.1" 304 -
180.157.253.48 - - [07/Sep/2020:11:21:24 +0800] "GET /xingrg/javascript/easyui/themes/default/images/button_plain_hover.png HTTP/1.1" 304 -
117.184.7.30 - - [07/Sep/2020:11:21:24 +0800] "GET /xingrg/kc/print/load_data.html?order_code=312020090600173&kc_code=pssh&condition= HTTP/1.1" 200 7360
180.157.253.48 - - [07/Sep/2020:11:21:24 +0800] "GET /xingrg/css/site.css HTTP/1.1" 304 -
180.157.253.48 - - [07/Sep/2020:11:21:24 +0800] "GET /xingrg/javascript/jquery_tools/datebox.css HTTP/1.1" 304 -
180.157.253.48 - - [07/Sep/2020:11:21:24 +0800] "GET /xingrg/javascript/easyui/themes/default/easyui.css HTTP/1.1" 304 -
180.157.253.48 - - [07/Sep/2020:11:21:24 +0800] "GET /xingrg/javascript/auto/jquery.autocomplete.css HTTP/1.1" 304 -
180.157.253.48 - - [07/Sep/2020:11:21:24 +0800] "GET /xingrg/javascript/easyui/themes/icon.css HTTP/1.1" 304 -
180.157.253.48 - - [07/Sep/2020:11:21:24 +0800] "GET /xingrg/javascript/jquery_tools/fix.css HTTP/1.1" 304 -
180.157.253.48 - - [07/Sep/2020:11:21:24 +0800] "GET /xingrg/javascript/jquery_tools/table.css HTTP/1.1" 304 -
180.157.253.48 - - [07/Sep/2020:11:21:24 +0800] "GET /xingrg/css/base.css HTTP/1.1" 304 -
180.157.253.48 - - [07/Sep/2020:11:21:24 +0800] "GET /xingrg/javascript/pic_change.js HTTP/1.1" 304 -
180.157.253.48 - - [07/Sep/2020:11:21:24 +0800] "GET /xingrg/javascript/jquery_tools/jquery.tools.extend.js HTTP/1.1" 304 -
180.157.253.48 - - [07/Sep/2020:11:21:24 +0800] "GET /xingrg/javascript/jquery_tools/jquery.tools.min.js HTTP/1.1" 304 -
180.157.253.48 - - [07/Sep/2020:11:21:24 +0800] "GET /xingrg/javascript/jquery_tools/jquery.tools.hotkey.js HTTP/1.1" 304 -
180.157.253.48 - - [07/Sep/2020:11:21:24 +0800] "GET /xingrg/javascript/jquery_tools/jquery.tools.table.js HTTP/1.1" 304 -
180.157.253.48 - - [07/Sep/2020:11:21:24 +0800] "GET /xingrg/javascript/auto/jquery.autocomplete.js HTTP/1.1" 304 -
180.157.253.48 - - [07/Sep/2020:11:21:24 +0800] "GET /xingrg/javascript/easyui/easyloader.js HTTP/1.1" 304 -
180.157.253.48 - - [07/Sep/2020:11:21:24 +0800] "GET /xingrg/javascript/jquery.utils.js HTTP/1.1" 304 -
180.157.253.48 - - [07/Sep/2020:11:21:24 +0800] "GET /xingrg/javascript/jquery_tools/order_manager.js HTTP/1.1" 304 -
180.157.253.48 - - [07/Sep/2020:11:21:24 +0800] "GET /xingrg/javascript/convert.js HTTP/1.1" 304 -
180.157.253.48 - - [07/Sep/2020:11:21:24 +0800] "GET /xingrg/javascript/json2.js HTTP/1.1" 304 -
180.157.253.48 - - [07/Sep/2020:11:21:24 +0800] "GET /xingrg/javascript/jquery.cookie.js HTTP/1.1" 304 -
180.157.253.48 - - [07/Sep/2020:11:21:24 +0800] "GET /xingrg/javascript/print/kc_print.js HTTP/1.1" 304 -
180.157.253.48 - - [07/Sep/2020:11:21:24 +0800] "GET /xingrg/javascript/print/LodopFuncs.js HTTP/1.1" 304 -
180.157.253.48 - - [07/Sep/2020:11:21:24 +0800] "GET /xingrg/kc/buy/cgsh_order_add.html HTTP/1.1" 200 59668
180.157.253.48 - - [07/Sep/2020:11:21:24 +0800] "GET /xingrg/words/20200907064115_words.js HTTP/1.1" 304 -
180.157.253.48 - - [07/Sep/2020:11:21:25 +0800] "GET /xingrg/javascript/easyui/themes/icons/copy_new.png HTTP/1.1" 304 -
180.157.253.48 - - [07/Sep/2020:11:21:25 +0800] "GET /xingrg/javascript/easyui/themes/icons/template_new.png HTTP/1.1" 304 -
180.157.253.48 - - [07/Sep/2020:11:21:25 +0800] "GET /xingrg/javascript/easyui/themes/icons/print.png HTTP/1.1" 304 -
180.157.253.48 - - [07/Sep/2020:11:21:25 +0800] "GET /xingrg/javascript/easyui/themes/default/images/menu_downarrow.png HTTP/1.1" 304 -
180.157.253.48 - - [07/Sep/2020:11:21:25 +0800] "GET /xingrg/javascript/easyui/themes/icons/ok.png HTTP/1.1" 304 -
180.157.253.48 - - [07/Sep/2020:11:21:25 +0800] "GET /xingrg/javascript/easyui/themes/icons/cancel.png HTTP/1.1" 304 -
180.157.253.48 - - [07/Sep/2020:11:21:25 +0800] "GET /xingrg/javascript/easyui/plugins/jquery.parser.js HTTP/1.1" 304 -
120.253.135.82 - - [07/Sep/2020:11:21:25 +0800] "POST /xingrg/kc/pszx/mdps_list_operate.html HTTP/1.1" 200 201
180.157.253.48 - - [07/Sep/2020:11:21:25 +0800] "GET /xingrg/all/common/auto_word.html?type=employee&rest_code=00148 HTTP/1.1" 200 147
180.157.253.48 - - [07/Sep/2020:11:21:25 +0800] "GET /xingrg/all/common/auto_word.html?type=employee&rest_code=00148 HTTP/1.1" 200 147
180.157.253.48 - - [07/Sep/2020:11:21:25 +0800] "POST /xingrg/kc/buy/cgsh_order_operate.html HTTP/1.1" 200 8245
180.157.253.48 - - [07/Sep/2020:11:21:25 +0800] "GET /xingrg/javascript/easyui/themes/default/validatebox.css HTTP/1.1" 404 1104
180.157.253.48 - - [07/Sep/2020:11:21:25 +0800] "GET /xingrg/javascript/easyui/plugins/jquery.validatebox.js HTTP/1.1" 304 -
180.157.253.48 - - [07/Sep/2020:11:21:25 +0800] "GET /xingrg/javascript/easyui/plugins/jquery.numberbox.js HTTP/1.1" 304 -
117.185.32.26 - - [07/Sep/2020:11:21:25 +0800] "POST /xingrg/kc/buy/cgsh_order_operate.html HTTP/1.1" 200 37
120.253.135.82 - - [07/Sep/2020:11:21:25 +0800] "GET /xingrg/kc/pszx/mdps_order_info.html?code=312020090500140 HTTP/1.1" 200 23843
120.253.135.82 - - [07/Sep/2020:11:21:26 +0800] "GET /xingrg/javascript/easyui/themes/default/validatebox.css HTTP/1.1" 404 1104
120.253.135.82 - - [07/Sep/2020:11:21:26 +0800] "POST /xingrg/kc/pszx/mdps_order_operate.html HTTP/1.1" 200 2273
222.69.160.252 - - [07/Sep/2020:11:21:28 +0800] "GET /xingrg HTTP/1.1" 302 -
222.69.160.252 - - [07/Sep/2020:11:21:28 +0800] "GET /xingrg/ HTTP/1.1" 200 292
172.17.0.119 - - [07/Sep/2020:11:21:28 +0800] "POST /xingrg/load_menu.html HTTP/1.1" 200 10208
222.69.160.252 - - [07/Sep/2020:11:21:28 +0800] "GET /xingrg/index.html HTTP/1.1" 302 -
222.69.160.252 - - [07/Sep/2020:11:21:28 +0800] "GET /xingrg/login.html HTTP/1.1" 200 7641
222.69.160.252 - - [07/Sep/2020:11:21:28 +0800] "GET /favicon.ico HTTP/1.1" 404 -
222.69.160.252 - - [07/Sep/2020:11:21:28 +0800] "GET /xingrg/images/blue/jxLogo.png HTTP/1.1" 200 6156
172.17.0.119 - - [07/Sep/2020:11:21:28 +0800] "GET /xingrg/all/function/internal_message.html?_=1599448888196&CODE_STATE=getMsg HTTP/1.1" 200 27
222.69.160.252 - - [07/Sep/2020:11:21:28 +0800] "GET /xingrg/images/blue/hj.png HTTP/1.1" 200 1014
222.69.160.252 - - [07/Sep/2020:11:21:28 +0800] "GET /xingrg/images/blue/login_bg.png HTTP/1.1" 200 22101
222.69.160.252 - - [07/Sep/2020:11:21:28 +0800] "GET /xingrg/images/blue/srbg.png HTTP/1.1" 200 138
222.69.160.252 - - [07/Sep/2020:11:21:28 +0800] "GET /favicon.ico HTTP/1.1" 404 -
117.185.32.26 - - [07/Sep/2020:11:21:28 +0800] "POST /xingrg/kc/buy/cgsh_order_operate.html HTTP/1.1" 200 12
120.253.135.82 - - [07/Sep/2020:11:21:29 +0800] "POST /xingrg/kc/pszx/mdps_order_operate.html HTTP/1.1" 200 37
117.185.32.26 - - [07/Sep/2020:11:21:29 +0800] "GET /xingrg/kc/buy/cgsh_order_info.html?code=212020090702876 HTTP/1.1" 200 54575
120.253.135.82 - - [07/Sep/2020:11:21:30 +0800] "GET /xingrg/kc/pszx/mdps_order_info.html?code=312020090500140 HTTP/1.1" 200 23843
117.185.32.26 - - [07/Sep/2020:11:21:30 +0800] "GET /xingrg/words/20200907064115_words.js HTTP/1.1" 304 -
117.185.32.26 - - [07/Sep/2020:11:21:30 +0800] "GET /xingrg/javascript/easyui/themes/default/validatebox.css HTTP/1.1" 404 1104
120.253.135.82 - - [07/Sep/2020:11:21:30 +0800] "GET /xingrg/javascript/easyui/themes/default/validatebox.css HTTP/1.1" 404 1104
120.253.135.82 - - [07/Sep/2020:11:21:30 +0800] "POST /xingrg/kc/pszx/mdps_order_operate.html HTTP/1.1" 200 2273
116.238.71.173 - - [07/Sep/2020:11:21:30 +0800] "GET /xingrg/kc/buy/cgsh_order_operate.html?command=get_materiel&rest_code=00150&code=00101012074&supplier_code=00100323&order_time=2020-09-07 HTTP/1.1" 200 416
117.185.32.26 - - [07/Sep/2020:11:21:30 +0800] "POST /xingrg/kc/buy/cgsh_order_operate.html HTTP/1.1" 200 4169
172.17.0.119 - - [07/Sep/2020:11:21:31 +0800] "GET /xingrg/all/report/report_query.html?fileName=dma/new_5.0/menu/menu_category_hz.xml HTTP/1.1" 200 52989
172.17.0.119 - - [07/Sep/2020:11:21:31 +0800] "GET /xingrg/dwr/interface/AjaxReportQueryService.js HTTP/1.1" 200 13203
172.17.0.119 - - [07/Sep/2020:11:21:31 +0800] "GET /xingrg/dwr/engine.js HTTP/1.1" 200 43631
172.17.0.119 - - [07/Sep/2020:11:21:31 +0800] "GET /xingrg/dwr/util.js HTTP/1.1" 304 -
172.17.0.119 - - [07/Sep/2020:11:21:31 +0800] "POST /xingrg/dwr/call/plaincall/AjaxReportQueryService.getFixDate.dwr HTTP/1.1" 200 111
172.17.0.119 - - [07/Sep/2020:11:21:31 +0800] "POST /xingrg/all/common/load_tree.html?tree=area_station_tree_json&manage=1 HTTP/1.1" 200 3116
58.37.9.106 - - [07/Sep/2020:11:21:32 +0800] "GET /xingrg/kc/buy/cgsh_order_operate.html?command=get_materiel&rest_code=00141&code=00101019371&supplier_code=00100337&order_time=2020-09-07 HTTP/1.1" 200 475
180.157.253.48 - - [07/Sep/2020:11:21:32 +0800] "GET /xingrg/kc/buy/cgsh_order_operate.html?command=get_materiel&rest_code=00148&code=00101001134&supplier_code=00100312&order_time=2020-09-07 HTTP/1.1" 200 415
117.185.32.26 - - [07/Sep/2020:11:21:33 +0800] "GET /xingrg/kc/print/load_data.html?order_code=212020090702876&kc_code=cgsh&condition= HTTP/1.1" 200 2063
117.184.7.30 - - [07/Sep/2020:11:21:34 +0800] "POST /xingrg/all/common/load_combo.html?type=employee HTTP/1.1" 200 271
120.253.135.82 - - [07/Sep/2020:11:21:34 +0800] "POST /xingrg/kc/pszx/mdps_order_operate.html HTTP/1.1" 200 37
116.238.90.59 - - [07/Sep/2020:11:21:34 +0800] "GET /xingrg/all/function/internal_message.html?_=1599449101867&CODE_STATE=getMsg HTTP/1.1" 200 27
222.69.130.66 - - [07/Sep/2020:11:21:35 +0800] "GET /xingrg/all/function/internal_message.html?_=1599448893507&CODE_STATE=getMsg HTTP/1.1" 200 27
120.253.135.82 - - [07/Sep/2020:11:21:36 +0800] "POST /xingrg/kc/pszx/mdps_order_operate.html HTTP/1.1" 200 12
218.81.217.115 - - [07/Sep/2020:11:21:36 +0800] "GET /xingrg/check_reg.html?_=1599448897581 HTTP/1.1" 200 22
58.221.95.50 - - [07/Sep/2020:11:21:37 +0800] "GET /xingrg/check_reg.html?_=1599449042889 HTTP/1.1" 200 22
117.184.7.30 - - [07/Sep/2020:11:21:37 +0800] "POST /xingrg/kc/mdqp/pssh_order_operate.html HTTP/1.1" 200 37
58.221.95.50 - - [07/Sep/2020:11:21:37 +0800] "GET /xingrg/all/function/internal_message.html?_=1599449042948&CODE_STATE=getMsg HTTP/1.1" 200 27
218.81.217.115 - - [07/Sep/2020:11:21:38 +0800] "GET /xingrg/all/function/internal_message.html?_=1599448899706&CODE_STATE=getMsg HTTP/1.1" 200 27
117.184.7.30 - - [07/Sep/2020:11:21:38 +0800] "POST /xingrg/kc/mdqp/pssh_order_operate.html HTTP/1.1" 200 12
120.253.135.82 - - [07/Sep/2020:11:21:38 +0800] "GET /xingrg/kc/pszx/mdps_order_info.html?code=312020090500140 HTTP/1.1" 200 19503
120.253.135.82 - - [07/Sep/2020:11:21:38 +0800] "POST /xingrg/kc/pszx/mdps_order_operate.html HTTP/1.1" 200 494
120.253.135.82 - - [07/Sep/2020:11:21:38 +0800] "GET /xingrg/javascript/easyui/themes/default/validatebox.css HTTP/1.1" 404 1104
116.238.71.173 - - [07/Sep/2020:11:21:38 +0800] "GET /xingrg/kc/buy/cgsh_order_operate.html?command=get_materiel&rest_code=00150&code=00101006026&supplier_code=00100323&order_time=2020-09-07 HTTP/1.1" 200 409
117.184.7.30 - - [07/Sep/2020:11:21:39 +0800] "GET /xingrg/kc/mdqp/pssh_order_info.html?code=312020090600173 HTTP/1.1" 200 14382
117.184.7.30 - - [07/Sep/2020:11:21:39 +0800] "GET /xingrg/javascript/jquery_tools/jquery-1.4.2.min.js HTTP/1.1" 404 1094
117.184.7.26 - - [07/Sep/2020:11:21:39 +0800] "GET /xingrg/javascript/easyui/themes/default/validatebox.css HTTP/1.1" 404 1104
117.184.7.26 - - [07/Sep/2020:11:21:39 +0800] "POST /xingrg/kc/mdqp/pssh_order_operate.html HTTP/1.1" 200 19778
218.81.217.115 - - [07/Sep/2020:11:21:40 +0800] "GET /xingrg/all/function/internal_message.html?_=1599448901250&CODE_STATE=getMsg HTTP/1.1" 200 27
114.88.166.242 - - [07/Sep/2020:11:21:40 +0800] "POST /xingrg/kc/base/wldb_order_operate.html HTTP/1.1" 200 37
