218.81.217.115 - - [07/Sep/2020:09:07:25 +0800] "GET /xingrg/kc/buy/cgsh_order_operate.html?command=get_materiel&rest_code=00146&code=00101008154&supplier_code=00100005&order_time=2020-09-07 HTTP/1.1" 200 413
114.88.166.242 - - [07/Sep/2020:09:07:30 +0800] "GET /xingrg/kc/buy/cgsh_order_operate.html?command=get_materiel&rest_code=00111&code=00101008358&supplier_code=00100005&order_time=2020-09-07 HTTP/1.1" 200 412
222.69.130.66 - - [07/Sep/2020:09:07:30 +0800] "GET /xingrg/kc/buy/cgsh_order_info.html?code=212020090702708 HTTP/1.1" 200 54624
222.69.130.66 - - [07/Sep/2020:09:07:31 +0800] "GET /xingrg/words/20200907064115_words.js HTTP/1.1" 304 -
222.69.130.66 - - [07/Sep/2020:09:07:31 +0800] "GET /xingrg/javascript/easyui/themes/default/validatebox.css HTTP/1.1" 404 1104
218.81.217.115 - - [07/Sep/2020:09:07:31 +0800] "GET /xingrg/all/function/internal_message.html?_=1599440852531&CODE_STATE=getMsg HTTP/1.1" 200 27
222.69.130.66 - - [07/Sep/2020:09:07:31 +0800] "POST /xingrg/kc/buy/cgsh_order_operate.html HTTP/1.1" 200 28397
218.81.217.115 - - [07/Sep/2020:09:07:34 +0800] "GET /xingrg/all/function/internal_message.html?_=1599440855202&CODE_STATE=getMsg HTTP/1.1" 200 27
222.69.130.66 - - [07/Sep/2020:09:07:37 +0800] "GET /xingrg/all/function/internal_message.html?_=1599440855177&CODE_STATE=getMsg HTTP/1.1" 200 27
58.221.95.50 - - [07/Sep/2020:09:07:37 +0800] "GET /xingrg/all/function/internal_message.html?_=1599441002661&CODE_STATE=getMsg HTTP/1.1" 200 27
218.81.217.115 - - [07/Sep/2020:09:07:37 +0800] "GET /xingrg/kc/buy/cgsh_order_operate.html?command=get_materiel&rest_code=00146&code=00101008323&supplier_code=00100005&order_time=2020-09-07 HTTP/1.1" 200 408
114.88.166.242 - - [07/Sep/2020:09:07:39 +0800] "GET /xingrg/kc/buy/cgsh_order_operate.html?command=get_materiel&rest_code=00111&code=00101008270&supplier_code=00100005&order_time=2020-09-07 HTTP/1.1" 200 412
117.184.7.30 - - [07/Sep/2020:09:07:42 +0800] "GET /xingrg/all/function/internal_message.html?_=1599440862564&CODE_STATE=getMsg HTTP/1.1" 200 27
116.238.71.173 - - [07/Sep/2020:09:07:43 +0800] "GET /xingrg/all/function/internal_message.html?_=1599440863562&CODE_STATE=getMsg HTTP/1.1" 200 27
222.69.130.66 - - [07/Sep/2020:09:07:44 +0800] "GET /xingrg/kc/print/load_data.html?order_code=212020090702708&kc_code=cgsh&condition= HTTP/1.1" 200 11266
114.88.166.242 - - [07/Sep/2020:09:07:46 +0800] "GET /xingrg/kc/buy/cgsh_order_operate.html?command=get_materiel&rest_code=00111&code=00101008005&supplier_code=00100005&order_time=2020-09-07 HTTP/1.1" 200 412
218.81.217.115 - - [07/Sep/2020:09:07:47 +0800] "GET /xingrg/kc/buy/cgsh_order_operate.html?command=get_materiel&rest_code=00146&code=00101008256&supplier_code=00100005&order_time=2020-09-07 HTTP/1.1" 200 413
218.81.217.115 - - [07/Sep/2020:09:07:49 +0800] "GET /xingrg/check_reg.html?_=1599440870772 HTTP/1.1" 200 22
218.81.217.115 - - [07/Sep/2020:09:07:49 +0800] "POST /xingrg/kc/buy/cgsh_order_operate.html HTTP/1.1" 200 2065
172.17.0.185 - - [07/Sep/2020:09:07:50 +0800] "GET /xingrg/all/function/internal_message.html?_=1599440869998&CODE_STATE=getMsg HTTP/1.1" 200 27
172.17.0.119 - - [07/Sep/2020:09:07:52 +0800] "GET /xingrg/all/function/internal_message.html?_=1599440872554&CODE_STATE=getMsg HTTP/1.1" 302 -
114.88.166.242 - - [07/Sep/2020:09:07:53 +0800] "GET /xingrg/kc/buy/cgsh_order_operate.html?command=get_materiel&rest_code=00111&code=00101008091&supplier_code=00100005&order_time=2020-09-07 HTTP/1.1" 200 413
114.88.166.242 - - [07/Sep/2020:09:07:53 +0800] "GET /xingrg/all/function/internal_message.html?_=1599440934396&CODE_STATE=getMsg HTTP/1.1" 200 27
114.88.166.242 - - [07/Sep/2020:09:07:53 +0800] "GET /xingrg/check_reg.html?_=1599440934396 HTTP/1.1" 200 22
218.81.217.115 - - [07/Sep/2020:09:07:56 +0800] "GET /xingrg/kc/buy/cgsh_order_operate.html?command=get_materiel&rest_code=00146&code=00101008261&supplier_code=00100005&order_time=2020-09-07 HTTP/1.1" 200 408
114.82.29.189 - - [07/Sep/2020:09:07:56 +0800] "GET /xingrg/all/function/internal_message.html?_=1599440877700&CODE_STATE=getMsg HTTP/1.1" 200 27
114.88.166.242 - - [07/Sep/2020:09:08:00 +0800] "GET /xingrg/kc/buy/cgsh_order_operate.html?command=get_materiel&rest_code=00111&code=00101008132&supplier_code=00100005&order_time=2020-09-07 HTTP/1.1" 200 408
218.81.217.115 - - [07/Sep/2020:09:08:02 +0800] "GET /xingrg/kc/buy/cgsh_order_operate.html?command=get_materiel&rest_code=00146&code=00101008055&supplier_code=00100005&order_time=2020-09-07 HTTP/1.1" 200 409
114.88.166.242 - - [07/Sep/2020:09:08:05 +0800] "GET /xingrg/kc/buy/cgsh_order_operate.html?command=get_materiel&rest_code=00111&code=00101008354&supplier_code=00100005&order_time=2020-09-07 HTTP/1.1" 200 412
114.88.166.242 - - [07/Sep/2020:09:08:11 +0800] "GET /xingrg/kc/buy/cgsh_order_operate.html?command=get_materiel&rest_code=00111&code=00101008088&supplier_code=00100005&order_time=2020-09-07 HTTP/1.1" 200 408
101.91.60.108 - - [07/Sep/2020:09:08:20 +0800] "GET /xingrg/check_reg.html?_=1599440134228 HTTP/1.1" 302 -
116.230.74.197 - - [07/Sep/2020:09:08:21 +0800] "GET /xingrg/all/function/internal_message.html?_=1599440903528&CODE_STATE=getMsg HTTP/1.1" 200 27
116.230.74.197 - - [07/Sep/2020:09:08:21 +0800] "GET /xingrg/check_reg.html?_=1599440903678 HTTP/1.1" 200 22
114.88.166.242 - - [07/Sep/2020:09:08:22 +0800] "GET /xingrg/kc/buy/cgsh_order_operate.html?command=get_materiel&rest_code=00111&code=00101008006&supplier_code=00100005&order_time=2020-09-07 HTTP/1.1" 200 416
101.91.60.108 - - [07/Sep/2020:09:08:27 +0800] "GET /xingrg/login.html HTTP/1.1" 200 7641
114.88.166.242 - - [07/Sep/2020:09:08:28 +0800] "GET /xingrg/kc/buy/cgsh_order_operate.html?command=get_materiel&rest_code=00111&code=00101008131&supplier_code=00100005&order_time=2020-09-07 HTTP/1.1" 200 408
218.81.217.115 - - [07/Sep/2020:09:08:31 +0800] "GET /xingrg/all/function/internal_message.html?_=1599440912532&CODE_STATE=getMsg HTTP/1.1" 200 27
218.81.217.115 - - [07/Sep/2020:09:08:34 +0800] "GET /xingrg/all/function/internal_message.html?_=1599440915216&CODE_STATE=getMsg HTTP/1.1" 200 27
114.88.166.242 - - [07/Sep/2020:09:08:34 +0800] "GET /xingrg/kc/buy/cgsh_order_operate.html?command=get_materiel&rest_code=00111&code=00101008295&supplier_code=00100005&order_time=2020-09-07 HTTP/1.1" 200 412
116.238.71.173 - - [07/Sep/2020:09:08:35 +0800] "GET /xingrg/kc/buy/cgsh_order_operate.html?command=get_materiel&rest_code=00150&code=00101008323&supplier_code=00100007&order_time=2020-09-07 HTTP/1.1" 200 408
114.82.29.189 - - [07/Sep/2020:09:08:35 +0800] "POST /xingrg/kc/buy/cgsh_order_operate.html HTTP/1.1" 200 37
222.69.130.66 - - [07/Sep/2020:09:08:37 +0800] "GET /xingrg/all/function/internal_message.html?_=1599440915173&CODE_STATE=getMsg HTTP/1.1" 200 27
114.82.29.189 - - [07/Sep/2020:09:08:37 +0800] "POST /xingrg/kc/buy/cgsh_order_operate.html HTTP/1.1" 200 45215
58.221.95.50 - - [07/Sep/2020:09:08:37 +0800] "GET /xingrg/all/function/internal_message.html?_=1599441062660&CODE_STATE=getMsg HTTP/1.1" 200 27
117.184.7.30 - - [07/Sep/2020:09:08:42 +0800] "GET /xingrg/all/function/internal_message.html?_=1599440922538&CODE_STATE=getMsg HTTP/1.1" 200 27
116.238.71.173 - - [07/Sep/2020:09:08:43 +0800] "GET /xingrg/check_reg.html?_=1599440923476 HTTP/1.1" 200 22
116.238.71.173 - - [07/Sep/2020:09:08:43 +0800] "GET /xingrg/all/function/internal_message.html?_=1599440923479&CODE_STATE=getMsg HTTP/1.1" 200 27
114.88.166.242 - - [07/Sep/2020:09:08:45 +0800] "GET /xingrg/kc/buy/cgsh_order_operate.html?command=get_materiel&rest_code=00111&code=00101015048&supplier_code=00100005&order_time=2020-09-07 HTTP/1.1" 200 412
114.88.166.242 - - [07/Sep/2020:09:08:49 +0800] "GET /xingrg/kc/buy/cgsh_order_operate.html?command=get_materiel&rest_code=00111&code=00101008256&supplier_code=00100005&order_time=2020-09-07 HTTP/1.1" 200 413
172.17.0.185 - - [07/Sep/2020:09:08:50 +0800] "GET /xingrg/all/function/internal_message.html?_=1599440930003&CODE_STATE=getMsg HTTP/1.1" 200 27
172.17.0.185 - - [07/Sep/2020:09:08:50 +0800] "GET /xingrg/check_reg.html?_=1599440930008 HTTP/1.1" 200 22
116.238.71.173 - - [07/Sep/2020:09:08:51 +0800] "GET /xingrg/kc/buy/cgsh_order_operate.html?command=get_materiel&rest_code=00150&code=00101008185&supplier_code=00100007&order_time=2020-09-07 HTTP/1.1" 200 408
172.17.0.119 - - [07/Sep/2020:09:08:52 +0800] "GET /xingrg/all/function/internal_message.html?_=1599440932527&CODE_STATE=getMsg HTTP/1.1" 302 -
114.88.166.242 - - [07/Sep/2020:09:08:53 +0800] "GET /xingrg/all/function/internal_message.html?_=1599440994381&CODE_STATE=getMsg HTTP/1.1" 200 27
114.82.29.189 - - [07/Sep/2020:09:08:56 +0800] "GET /xingrg/kc/buy/cgsh_order_add.html HTTP/1.1" 200 59668
114.82.29.189 - - [07/Sep/2020:09:08:56 +0800] "GET /xingrg/all/function/internal_message.html?_=1599440937748&CODE_STATE=getMsg HTTP/1.1" 200 27
114.82.29.189 - - [07/Sep/2020:09:08:57 +0800] "GET /xingrg/javascript/easyui/themes/default/validatebox.css HTTP/1.1" 404 1104
114.82.29.189 - - [07/Sep/2020:09:08:57 +0800] "POST /xingrg/kc/buy/cgsh_order_operate.html HTTP/1.1" 200 8245
114.88.166.242 - - [07/Sep/2020:09:08:59 +0800] "GET /xingrg/kc/buy/cgsh_order_operate.html?command=get_materiel&rest_code=00111&code=00101008045&supplier_code=00100005&order_time=2020-09-07 HTTP/1.1" 200 412
116.238.71.173 - - [07/Sep/2020:09:09:01 +0800] "GET /xingrg/kc/buy/cgsh_order_operate.html?command=get_materiel&rest_code=00150&code=00101008354&supplier_code=00100007&order_time=2020-09-07 HTTP/1.1" 200 412
114.88.166.242 - - [07/Sep/2020:09:09:05 +0800] "GET /xingrg/kc/buy/cgsh_order_operate.html?command=get_materiel&rest_code=00111&code=00101008163&supplier_code=00100005&order_time=2020-09-07 HTTP/1.1" 200 408
116.238.71.173 - - [07/Sep/2020:09:09:07 +0800] "GET /xingrg/kc/buy/cgsh_order_operate.html?command=get_materiel&rest_code=00150&code=00101008351&supplier_code=00100007&order_time=2020-09-07 HTTP/1.1" 200 408
114.82.29.189 - - [07/Sep/2020:09:09:08 +0800] "GET /xingrg/kc/buy/cgsh_order_operate.html?command=get_materiel&rest_code=00105&code=00101007061&supplier_code=00100002&order_time=2020-09-07 HTTP/1.1" 200 409
114.88.166.242 - - [07/Sep/2020:09:09:12 +0800] "GET /xingrg/kc/buy/cgsh_order_operate.html?command=get_materiel&rest_code=00111&code=00101008355&supplier_code=00100005&order_time=2020-09-07 HTTP/1.1" 200 408
116.238.71.173 - - [07/Sep/2020:09:09:15 +0800] "GET /xingrg/kc/buy/cgsh_order_operate.html?command=get_materiel&rest_code=00150&code=00101008038&supplier_code=00100007&order_time=2020-09-07 HTTP/1.1" 200 412
114.88.166.242 - - [07/Sep/2020:09:09:17 +0800] "GET /xingrg/kc/buy/cgsh_order_operate.html?command=get_materiel&rest_code=00111&code=00101008264&supplier_code=00100005&order_time=2020-09-07 HTTP/1.1" 200 412
114.88.166.242 - - [07/Sep/2020:09:09:19 +0800] "POST /xingrg/kc/buy/cgsh_order_operate.html HTTP/1.1" 200 2065
116.230.74.197 - - [07/Sep/2020:09:09:20 +0800] "GET /xingrg/all/function/internal_message.html?_=1599440963500&CODE_STATE=getMsg HTTP/1.1" 200 27
116.238.71.173 - - [07/Sep/2020:09:09:24 +0800] "GET /xingrg/kc/buy/cgsh_order_operate.html?command=get_materiel&rest_code=00150&code=00101008199&supplier_code=00100007&order_time=2020-09-07 HTTP/1.1" 200 408
114.88.166.242 - - [07/Sep/2020:09:09:27 +0800] "GET /xingrg/kc/buy/cgsh_order_operate.html?command=get_materiel&rest_code=00111&code=00101015004&supplier_code=00100005&order_time=2020-09-07 HTTP/1.1" 200 408
114.82.29.189 - - [07/Sep/2020:09:09:28 +0800] "GET /xingrg/kc/buy/cgsh_order_operate.html?command=get_materiel&rest_code=00105&code=00101007049&supplier_code=00100002&order_time=2020-09-07 HTTP/1.1" 200 409
120.253.135.82 - - [07/Sep/2020:09:09:30 +0800] "GET /xingrg/check_reg.html?_=1599440719731 HTTP/1.1" 200 22
116.238.71.173 - - [07/Sep/2020:09:09:30 +0800] "GET /xingrg/kc/buy/cgsh_order_operate.html?command=get_materiel&rest_code=00150&code=00101008163&supplier_code=00100007&order_time=2020-09-07 HTTP/1.1" 200 408
218.81.217.115 - - [07/Sep/2020:09:09:31 +0800] "GET /xingrg/kc/buy/cgsh_order_operate.html?command=get_materiel&rest_code=00146&code=00101008225&supplier_code=00100005&order_time=2020-09-07 HTTP/1.1" 200 416
218.81.217.115 - - [07/Sep/2020:09:09:31 +0800] "GET /xingrg/all/function/internal_message.html?_=1599440972548&CODE_STATE=getMsg HTTP/1.1" 200 27
222.69.130.66 - - [07/Sep/2020:09:09:33 +0800] "GET /xingrg/kc/buy/cgsh_order_add.html HTTP/1.1" 200 59721
222.69.130.66 - - [07/Sep/2020:09:09:34 +0800] "POST /xingrg/kc/buy/cgsh_order_operate.html HTTP/1.1" 200 8245
222.69.130.66 - - [07/Sep/2020:09:09:34 +0800] "GET /xingrg/javascript/easyui/themes/default/validatebox.css HTTP/1.1" 404 1104
114.88.166.242 - - [07/Sep/2020:09:09:34 +0800] "GET /xingrg/kc/buy/cgsh_order_operate.html?command=get_materiel&rest_code=00111&code=00101008137&supplier_code=00100005&order_time=2020-09-07 HTTP/1.1" 200 408
218.81.217.115 - - [07/Sep/2020:09:09:34 +0800] "GET /xingrg/all/function/internal_message.html?_=1599440975293&CODE_STATE=getMsg HTTP/1.1" 200 27
222.69.130.66 - - [07/Sep/2020:09:09:37 +0800] "GET /xingrg/all/function/internal_message.html?_=1599440975177&CODE_STATE=getMsg HTTP/1.1" 200 27
58.221.95.50 - - [07/Sep/2020:09:09:37 +0800] "GET /xingrg/all/function/internal_message.html?_=1599441122666&CODE_STATE=getMsg HTTP/1.1" 200 27
222.69.130.66 - - [07/Sep/2020:09:09:37 +0800] "GET /xingrg/check_reg.html?_=1599440975285 HTTP/1.1" 200 22
114.82.29.189 - - [07/Sep/2020:09:09:39 +0800] "GET /xingrg/kc/buy/cgsh_order_operate.html?command=get_materiel&rest_code=00105&code=00101007024&supplier_code=00100002&order_time=2020-09-07 HTTP/1.1" 200 415
116.238.71.173 - - [07/Sep/2020:09:09:39 +0800] "GET /xingrg/kc/buy/cgsh_order_operate.html?command=get_materiel&rest_code=00150&code=00101008370&supplier_code=00100007&order_time=2020-09-07 HTTP/1.1" 200 412
114.88.166.242 - - [07/Sep/2020:09:09:40 +0800] "GET /xingrg/kc/buy/cgsh_order_operate.html?command=get_materiel&rest_code=00111&code=00101008069&supplier_code=00100005&order_time=2020-09-07 HTTP/1.1" 200 412
117.184.7.30 - - [07/Sep/2020:09:09:42 +0800] "GET /xingrg/all/function/internal_message.html?_=1599440982539&CODE_STATE=getMsg HTTP/1.1" 200 27
117.184.7.30 - - [07/Sep/2020:09:09:42 +0800] "GET /xingrg/check_reg.html?_=1599440982543 HTTP/1.1" 200 22
218.81.217.115 - - [07/Sep/2020:09:09:42 +0800] "GET /xingrg/kc/buy/cgsh_order_operate.html?command=get_materiel&rest_code=00146&code=00101008125&supplier_code=00100005&order_time=2020-09-07 HTTP/1.1" 200 413
116.238.71.173 - - [07/Sep/2020:09:09:43 +0800] "GET /xingrg/all/function/internal_message.html?_=1599440983530&CODE_STATE=getMsg HTTP/1.1" 200 27
116.238.71.173 - - [07/Sep/2020:09:09:46 +0800] "GET /xingrg/kc/buy/cgsh_order_operate.html?command=get_materiel&rest_code=00150&code=00101008361&supplier_code=00100007&order_time=2020-09-07 HTTP/1.1" 200 408
172.17.0.185 - - [07/Sep/2020:09:09:50 +0800] "GET /xingrg/all/function/internal_message.html?_=1599440989995&CODE_STATE=getMsg HTTP/1.1" 200 27
218.81.217.115 - - [07/Sep/2020:09:09:52 +0800] "GET /xingrg/kc/buy/cgsh_order_operate.html?command=get_materiel&rest_code=00146&code=00101008010&supplier_code=00100005&order_time=2020-09-07 HTTP/1.1" 200 412
172.17.0.119 - - [07/Sep/2020:09:09:52 +0800] "GET /xingrg/all/function/internal_message.html?_=1599440992498&CODE_STATE=getMsg HTTP/1.1" 302 -
114.88.166.242 - - [07/Sep/2020:09:09:53 +0800] "GET /xingrg/all/function/internal_message.html?_=1599441054372&CODE_STATE=getMsg HTTP/1.1" 200 27
218.81.217.115 - - [07/Sep/2020:09:09:54 +0800] "POST /xingrg/kc/buy/cgsh_order_operate.html HTTP/1.1" 200 2065
114.82.29.189 - - [07/Sep/2020:09:09:57 +0800] "GET /xingrg/check_reg.html?_=1599440997975 HTTP/1.1" 200 22
114.82.29.189 - - [07/Sep/2020:09:09:57 +0800] "GET /xingrg/all/function/internal_message.html?_=1599440997973&CODE_STATE=getMsg HTTP/1.1" 200 27
114.88.166.242 - - [07/Sep/2020:09:09:57 +0800] "POST /xingrg/kc/buy/cgsh_order_operate.html HTTP/1.1" 200 2065
116.238.71.173 - - [07/Sep/2020:09:10:00 +0800] "GET /xingrg/kc/buy/cgsh_order_operate.html?command=get_materiel&rest_code=00150&code=00101008355&supplier_code=00100007&order_time=2020-09-07 HTTP/1.1" 200 408
114.88.166.242 - - [07/Sep/2020:09:10:01 +0800] "GET /xingrg/kc/buy/cgsh_order_operate.html?command=get_materiel&rest_code=00111&code=00101008318&supplier_code=00100005&order_time=2020-09-07 HTTP/1.1" 200 408
114.88.166.242 - - [07/Sep/2020:09:10:07 +0800] "GET /xingrg/kc/buy/cgsh_order_operate.html?command=get_materiel&rest_code=00111&code=00101008352&supplier_code=00100005&order_time=2020-09-07 HTTP/1.1" 200 412
116.238.71.173 - - [07/Sep/2020:09:10:10 +0800] "GET /xingrg/kc/buy/cgsh_order_operate.html?command=get_materiel&rest_code=00150&code=00101009030&supplier_code=00100007&order_time=2020-09-07 HTTP/1.1" 200 412
114.88.166.242 - - [07/Sep/2020:09:10:13 +0800] "GET /xingrg/kc/buy/cgsh_order_operate.html?command=get_materiel&rest_code=00111&code=00101008271&supplier_code=00100005&order_time=2020-09-07 HTTP/1.1" 200 408
222.69.130.66 - - [07/Sep/2020:09:10:15 +0800] "GET /xingrg/kc/buy/cgsh_order_operate.html?command=get_materiel&rest_code=00149&code=00102010906&supplier_code=00100219&order_time=2020-09-07 HTTP/1.1" 200 412
116.238.71.173 - - [07/Sep/2020:09:10:15 +0800] "GET /xingrg/kc/buy/cgsh_order_operate.html?command=get_materiel&rest_code=00150&code=00101008356&supplier_code=00100007&order_time=2020-09-07 HTTP/1.1" 200 409
218.81.217.115 - - [07/Sep/2020:09:10:19 +0800] "GET /xingrg/kc/buy/cgsh_order_operate.html?command=get_materiel&rest_code=00146&code=00101008038&supplier_code=00100005&order_time=2020-09-07 HTTP/1.1" 200 412
114.88.166.242 - - [07/Sep/2020:09:10:20 +0800] "GET /xingrg/kc/buy/cgsh_order_operate.html?command=get_materiel&rest_code=00111&code=00101008353&supplier_code=00100005&order_time=2020-09-07 HTTP/1.1" 200 408
116.230.74.197 - - [07/Sep/2020:09:10:20 +0800] "GET /xingrg/all/function/internal_message.html?_=1599441023473&CODE_STATE=getMsg HTTP/1.1" 200 27
116.238.71.173 - - [07/Sep/2020:09:10:22 +0800] "GET /xingrg/kc/buy/cgsh_order_operate.html?command=get_materiel&rest_code=00150&code=00101008270&supplier_code=00100007&order_time=2020-09-07 HTTP/1.1" 200 412
114.88.166.242 - - [07/Sep/2020:09:10:26 +0800] "GET /xingrg/kc/buy/cgsh_order_operate.html?command=get_materiel&rest_code=00111&code=00101008085&supplier_code=00100005&order_time=2020-09-07 HTTP/1.1" 200 412
114.88.166.242 - - [07/Sep/2020:09:10:28 +0800] "POST /xingrg/kc/buy/cgsh_order_operate.html HTTP/1.1" 200 2065
116.238.71.173 - - [07/Sep/2020:09:10:29 +0800] "GET /xingrg/kc/buy/cgsh_order_operate.html?command=get_materiel&rest_code=00150&code=00101008069&supplier_code=00100007&order_time=2020-09-07 HTTP/1.1" 200 412
58.37.9.106 - - [07/Sep/2020:09:10:31 +0800] "GET /xingrg/check_reg.html?_=1599441034188 HTTP/1.1" 200 22
218.81.217.115 - - [07/Sep/2020:09:10:31 +0800] "GET /xingrg/all/function/internal_message.html?_=1599441032653&CODE_STATE=getMsg HTTP/1.1" 200 27
218.81.217.115 - - [07/Sep/2020:09:10:33 +0800] "GET /xingrg/kc/buy/cgsh_order_operate.html?command=get_materiel&rest_code=00146&code=00101008163&supplier_code=00100005&order_time=2020-09-07 HTTP/1.1" 200 408
218.81.217.115 - - [07/Sep/2020:09:10:34 +0800] "GET /xingrg/all/function/internal_message.html?_=1599441035304&CODE_STATE=getMsg HTTP/1.1" 200 27
116.238.71.173 - - [07/Sep/2020:09:10:35 +0800] "GET /xingrg/kc/buy/cgsh_order_operate.html?command=get_materiel&rest_code=00150&code=00101008286&supplier_code=00100007&order_time=2020-09-07 HTTP/1.1" 200 408
222.69.130.66 - - [07/Sep/2020:09:10:37 +0800] "GET /xingrg/all/function/internal_message.html?_=1599441035191&CODE_STATE=getMsg HTTP/1.1" 200 27
58.221.95.50 - - [07/Sep/2020:09:10:37 +0800] "GET /xingrg/all/function/internal_message.html?_=1599441182664&CODE_STATE=getMsg HTTP/1.1" 200 27
222.69.130.66 - - [07/Sep/2020:09:10:37 +0800] "GET /xingrg/kc/buy/cgsh_order_operate.html?command=get_materiel&rest_code=00149&code=00102009876&supplier_code=00100219&order_time=2020-09-07 HTTP/1.1" 200 413
116.238.71.173 - - [07/Sep/2020:09:10:40 +0800] "GET /xingrg/kc/buy/cgsh_order_operate.html?command=get_materiel&rest_code=00150&code=00101008036&supplier_code=00100007&order_time=2020-09-07 HTTP/1.1" 200 408
114.88.166.242 - - [07/Sep/2020:09:10:41 +0800] "GET /xingrg/kc/buy/cgsh_order_operate.html?command=get_materiel&rest_code=00111&code=00101008323&supplier_code=00100005&order_time=2020-09-07 HTTP/1.1" 200 408
117.184.7.30 - - [07/Sep/2020:09:10:42 +0800] "GET /xingrg/all/function/internal_message.html?_=1599441042543&CODE_STATE=getMsg HTTP/1.1" 200 27
116.238.71.173 - - [07/Sep/2020:09:10:43 +0800] "GET /xingrg/all/function/internal_message.html?_=1599441043672&CODE_STATE=getMsg HTTP/1.1" 200 27
116.238.71.173 - - [07/Sep/2020:09:10:47 +0800] "GET /xingrg/kc/buy/cgsh_order_operate.html?command=get_materiel&rest_code=00150&code=00101008131&supplier_code=00100007&order_time=2020-09-07 HTTP/1.1" 200 408
114.88.166.242 - - [07/Sep/2020:09:10:48 +0800] "GET /xingrg/kc/buy/cgsh_order_operate.html?command=get_materiel&rest_code=00111&code=00101008350&supplier_code=00100005&order_time=2020-09-07 HTTP/1.1" 200 408
172.17.0.185 - - [07/Sep/2020:09:10:50 +0800] "GET /xingrg/all/function/internal_message.html?_=1599441050000&CODE_STATE=getMsg HTTP/1.1" 200 27
222.69.130.66 - - [07/Sep/2020:09:10:51 +0800] "GET /xingrg/kc/buy/cgsh_order_operate.html?command=get_materiel&rest_code=00149&code=00102016341&supplier_code=00100219&order_time=2020-09-07 HTTP/1.1" 200 414
172.17.0.119 - - [07/Sep/2020:09:10:52 +0800] "GET /xingrg/all/function/internal_message.html?_=1599441052470&CODE_STATE=getMsg HTTP/1.1" 302 -
114.88.166.242 - - [07/Sep/2020:09:10:53 +0800] "GET /xingrg/all/function/internal_message.html?_=1599441114373&CODE_STATE=getMsg HTTP/1.1" 200 27
114.82.29.189 - - [07/Sep/2020:09:10:57 +0800] "GET /xingrg/all/function/internal_message.html?_=1599441057958&CODE_STATE=getMsg HTTP/1.1" 200 27
114.88.166.242 - - [07/Sep/2020:09:11:09 +0800] "GET /xingrg/kc/buy/cgsh_order_operate.html?command=get_materiel&rest_code=00111&code=00101008112&supplier_code=00100005&order_time=2020-09-07 HTTP/1.1" 200 412
218.81.217.115 - - [07/Sep/2020:09:11:10 +0800] "GET /xingrg/kc/buy/cgsh_order_operate.html?command=get_materiel&rest_code=00146&code=00101008355&supplier_code=00100005&order_time=2020-09-07 HTTP/1.1" 200 408
218.81.217.115 - - [07/Sep/2020:09:11:13 +0800] "POST /xingrg/kc/buy/cgsh_order_operate.html HTTP/1.1" 200 2065
114.88.166.242 - - [07/Sep/2020:09:11:16 +0800] "GET /xingrg/kc/buy/cgsh_order_operate.html?command=get_materiel&rest_code=00111&code=00101008010&supplier_code=00100005&order_time=2020-09-07 HTTP/1.1" 200 412
114.88.166.242 - - [07/Sep/2020:09:11:18 +0800] "POST /xingrg/kc/buy/cgsh_order_operate.html HTTP/1.1" 200 2065
116.230.74.197 - - [07/Sep/2020:09:11:20 +0800] "GET /xingrg/all/function/internal_message.html?_=1599441083446&CODE_STATE=getMsg HTTP/1.1" 200 27
114.88.166.242 - - [07/Sep/2020:09:11:23 +0800] "GET /xingrg/kc/buy/cgsh_order_operate.html?command=get_materiel&rest_code=00111&code=00101008168&supplier_code=00100005&order_time=2020-09-07 HTTP/1.1" 200 413
114.88.166.242 - - [07/Sep/2020:09:11:29 +0800] "GET /xingrg/kc/buy/cgsh_order_operate.html?command=get_materiel&rest_code=00111&code=00101008165&supplier_code=00100005&order_time=2020-09-07 HTTP/1.1" 200 416
218.81.217.115 - - [07/Sep/2020:09:11:31 +0800] "GET /xingrg/all/function/internal_message.html?_=1599441092666&CODE_STATE=getMsg HTTP/1.1" 200 27
218.81.217.115 - - [07/Sep/2020:09:11:34 +0800] "GET /xingrg/check_reg.html?_=1599441095006 HTTP/1.1" 200 22
218.81.217.115 - - [07/Sep/2020:09:11:34 +0800] "GET /xingrg/all/function/internal_message.html?_=1599441095318&CODE_STATE=getMsg HTTP/1.1" 200 27
114.88.166.242 - - [07/Sep/2020:09:11:35 +0800] "GET /xingrg/kc/buy/cgsh_order_operate.html?command=get_materiel&rest_code=00111&code=00101008223&supplier_code=00100005&order_time=2020-09-07 HTTP/1.1" 200 412
222.69.130.66 - - [07/Sep/2020:09:11:37 +0800] "GET /xingrg/all/function/internal_message.html?_=1599441095184&CODE_STATE=getMsg HTTP/1.1" 200 27
58.221.95.50 - - [07/Sep/2020:09:11:37 +0800] "GET /xingrg/check_reg.html?_=1599441242664 HTTP/1.1" 200 22
58.221.95.50 - - [07/Sep/2020:09:11:37 +0800] "GET /xingrg/all/function/internal_message.html?_=1599441242677&CODE_STATE=getMsg HTTP/1.1" 200 27
218.81.217.115 - - [07/Sep/2020:09:11:38 +0800] "GET /xingrg/kc/buy/cgsh_order_operate.html?command=get_materiel&rest_code=00146&code=00101008137&supplier_code=00100005&order_time=2020-09-07 HTTP/1.1" 200 408
222.69.130.66 - - [07/Sep/2020:09:11:40 +0800] "GET /xingrg/kc/buy/cgsh_order_operate.html?command=get_materiel&rest_code=00149&code=00102009879&supplier_code=00100219&order_time=2020-09-07 HTTP/1.1" 200 418
117.184.7.30 - - [07/Sep/2020:09:11:42 +0800] "GET /xingrg/all/function/internal_message.html?_=1599441102543&CODE_STATE=getMsg HTTP/1.1" 200 27
116.238.71.173 - - [07/Sep/2020:09:11:43 +0800] "GET /xingrg/all/function/internal_message.html?_=1599441103723&CODE_STATE=getMsg HTTP/1.1" 200 27
114.88.166.242 - - [07/Sep/2020:09:11:47 +0800] "POST /xingrg/kc/buy/cgsh_order_operate.html HTTP/1.1" 200 2065
172.17.0.185 - - [07/Sep/2020:09:11:50 +0800] "GET /xingrg/all/function/internal_message.html?_=1599441110004&CODE_STATE=getMsg HTTP/1.1" 200 27
222.69.130.66 - - [07/Sep/2020:09:11:50 +0800] "GET /xingrg/kc/buy/cgsh_order_operate.html?command=get_materiel&rest_code=00149&code=00102009632&supplier_code=00100219&order_time=2020-09-07 HTTP/1.1" 200 408
218.81.217.115 - - [07/Sep/2020:09:11:52 +0800] "GET /xingrg/kc/buy/cgsh_order_operate.html?command=get_materiel&rest_code=00146&code=00101008270&supplier_code=00100005&order_time=2020-09-07 HTTP/1.1" 200 412
172.17.0.119 - - [07/Sep/2020:09:11:52 +0800] "GET /xingrg/all/function/internal_message.html?_=1599441112439&CODE_STATE=getMsg HTTP/1.1" 302 -
172.17.0.119 - - [07/Sep/2020:09:11:52 +0800] "GET /xingrg/check_reg.html?_=1599441112567 HTTP/1.1" 302 -
114.88.166.242 - - [07/Sep/2020:09:11:53 +0800] "GET /xingrg/kc/buy/cgsh_order_operate.html?command=get_materiel&rest_code=00111&code=00101008183&supplier_code=00100005&order_time=2020-09-07 HTTP/1.1" 200 413
114.88.166.242 - - [07/Sep/2020:09:11:53 +0800] "GET /xingrg/all/function/internal_message.html?_=1599441174464&CODE_STATE=getMsg HTTP/1.1" 200 27
114.82.29.189 - - [07/Sep/2020:09:11:56 +0800] "GET /xingrg/all/function/internal_message.html?_=1599441117703&CODE_STATE=getMsg HTTP/1.1" 200 27
218.81.217.115 - - [07/Sep/2020:09:12:01 +0800] "POST /xingrg/kc/buy/cgsh_order_operate.html HTTP/1.1" 200 2065
114.88.166.242 - - [07/Sep/2020:09:12:01 +0800] "GET /xingrg/kc/buy/cgsh_order_operate.html?command=get_materiel&rest_code=00111&code=00101008061&supplier_code=00100005&order_time=2020-09-07 HTTP/1.1" 200 422
218.81.217.115 - - [07/Sep/2020:09:12:05 +0800] "GET /xingrg/kc/buy/cgsh_order_operate.html?command=get_materiel&rest_code=00146&code=00101008197&supplier_code=00100005&order_time=2020-09-07 HTTP/1.1" 200 416
222.69.130.66 - - [07/Sep/2020:09:12:06 +0800] "GET /xingrg/kc/buy/cgsh_order_operate.html?command=get_materiel&rest_code=00149&code=00102010887&supplier_code=00100219&order_time=2020-09-07 HTTP/1.1" 200 409
114.88.166.242 - - [07/Sep/2020:09:12:07 +0800] "GET /xingrg/kc/buy/cgsh_order_operate.html?command=get_materiel&rest_code=00111&code=00101008095&supplier_code=00100005&order_time=2020-09-07 HTTP/1.1" 200 412
218.81.217.115 - - [07/Sep/2020:09:12:11 +0800] "GET /xingrg/kc/buy/cgsh_order_operate.html?command=get_materiel&rest_code=00146&code=00101008069&supplier_code=00100005&order_time=2020-09-07 HTTP/1.1" 200 412
114.88.166.242 - - [07/Sep/2020:09:12:13 +0800] "GET /xingrg/kc/buy/cgsh_order_operate.html?command=get_materiel&rest_code=00111&code=00101008110&supplier_code=00100005&order_time=2020-09-07 HTTP/1.1" 200 408
114.88.166.242 - - [07/Sep/2020:09:12:19 +0800] "GET /xingrg/kc/buy/cgsh_order_operate.html?command=get_materiel&rest_code=00111&code=00101008114&supplier_code=00100005&order_time=2020-09-07 HTTP/1.1" 200 412
116.230.74.197 - - [07/Sep/2020:09:12:20 +0800] "GET /xingrg/all/function/internal_message.html?_=1599441143430&CODE_STATE=getMsg HTTP/1.1" 200 27
114.88.166.242 - - [07/Sep/2020:09:12:21 +0800] "POST /xingrg/kc/buy/cgsh_order_operate.html HTTP/1.1" 200 2065
114.88.166.242 - - [07/Sep/2020:09:12:29 +0800] "POST /xingrg/kc/buy/cgsh_order_operate.html HTTP/1.1" 200 37
222.69.130.66 - - [07/Sep/2020:09:12:30 +0800] "GET /xingrg/kc/buy/cgsh_order_operate.html?command=get_materiel&rest_code=00149&code=00102002460&supplier_code=00100219&order_time=2020-09-07 HTTP/1.1" 200 412
114.88.166.242 - - [07/Sep/2020:09:12:30 +0800] "POST /xingrg/kc/buy/cgsh_order_operate.html HTTP/1.1" 200 28080
218.81.217.115 - - [07/Sep/2020:09:12:31 +0800] "GET /xingrg/all/function/internal_message.html?_=1599441152781&CODE_STATE=getMsg HTTP/1.1" 200 27
218.81.217.115 - - [07/Sep/2020:09:12:34 +0800] "GET /xingrg/all/function/internal_message.html?_=1599441155332&CODE_STATE=getMsg HTTP/1.1" 200 27
218.81.217.115 - - [07/Sep/2020:09:12:35 +0800] "GET /xingrg/kc/buy/cgsh_order_operate.html?command=get_materiel&rest_code=00146&code=00101008318&supplier_code=00100005&order_time=2020-09-07 HTTP/1.1" 200 408
114.88.166.242 - - [07/Sep/2020:09:12:36 +0800] "GET /xingrg/kc/print/load_data.html?order_code=212020090702709&kc_code=cgsh&condition= HTTP/1.1" 200 10318
222.69.130.66 - - [07/Sep/2020:09:12:37 +0800] "GET /xingrg/all/function/internal_message.html?_=1599441155178&CODE_STATE=getMsg HTTP/1.1" 200 27
58.221.95.50 - - [07/Sep/2020:09:12:37 +0800] "GET /xingrg/all/function/internal_message.html?_=1599441302663&CODE_STATE=getMsg HTTP/1.1" 200 27
218.81.217.115 - - [07/Sep/2020:09:12:38 +0800] "POST /xingrg/kc/buy/cgsh_order_operate.html HTTP/1.1" 200 2065
222.69.130.66 - - [07/Sep/2020:09:12:40 +0800] "GET /xingrg/kc/buy/cgsh_order_operate.html?command=get_materiel&rest_code=00149&code=00102009915&supplier_code=00100219&order_time=2020-09-07 HTTP/1.1" 200 418
117.184.7.30 - - [07/Sep/2020:09:12:42 +0800] "GET /xingrg/all/function/internal_message.html?_=1599441162543&CODE_STATE=getMsg HTTP/1.1" 200 27
116.238.71.173 - - [07/Sep/2020:09:12:43 +0800] "GET /xingrg/all/function/internal_message.html?_=1599441163748&CODE_STATE=getMsg HTTP/1.1" 200 27
218.81.217.115 - - [07/Sep/2020:09:12:45 +0800] "GET /xingrg/kc/buy/cgsh_order_operate.html?command=get_materiel&rest_code=00146&code=00101008352&supplier_code=00100005&order_time=2020-09-07 HTTP/1.1" 200 412
218.81.217.115 - - [07/Sep/2020:09:12:49 +0800] "GET /xingrg/check_reg.html?_=1599441170777 HTTP/1.1" 200 22
172.17.0.185 - - [07/Sep/2020:09:12:50 +0800] "GET /xingrg/all/function/internal_message.html?_=1599441169992&CODE_STATE=getMsg HTTP/1.1" 200 27
172.17.0.119 - - [07/Sep/2020:09:12:52 +0800] "GET /xingrg/all/function/internal_message.html?_=1599441172411&CODE_STATE=getMsg HTTP/1.1" 302 -
114.88.166.242 - - [07/Sep/2020:09:12:53 +0800] "GET /xingrg/all/function/internal_message.html?_=1599441234381&CODE_STATE=getMsg HTTP/1.1" 200 27
114.88.166.242 - - [07/Sep/2020:09:12:53 +0800] "GET /xingrg/check_reg.html?_=1599441234382 HTTP/1.1" 200 22
222.69.130.66 - - [07/Sep/2020:09:12:56 +0800] "GET /xingrg/kc/buy/cgsh_order_operate.html?command=get_materiel&rest_code=00149&code=00102009949&supplier_code=00100219&order_time=2020-09-07 HTTP/1.1" 200 410
114.82.29.189 - - [07/Sep/2020:09:12:56 +0800] "GET /xingrg/all/function/internal_message.html?_=1599441177709&CODE_STATE=getMsg HTTP/1.1" 200 27
222.69.130.66 - - [07/Sep/2020:09:13:03 +0800] "POST /xingrg/all/common/load_select.html HTTP/1.1" 200 12
218.81.217.115 - - [07/Sep/2020:09:13:04 +0800] "GET /xingrg/kc/buy/cgsh_order_operate.html?command=get_materiel&rest_code=00146&code=00101008005&supplier_code=00100005&order_time=2020-09-07 HTTP/1.1" 200 412
222.69.130.66 - - [07/Sep/2020:09:13:05 +0800] "GET /xingrg/kc/buy/cgsh_order_operate.html?command=get_materiel_price&rest_code=00149&code=00102009949&unit_code=00100020&supplier_code=00100219&order_time=2020-09-07 HTTP/1.1" 200 29
116.230.74.197 - - [07/Sep/2020:09:13:20 +0800] "GET /xingrg/all/function/internal_message.html?_=1599441203415&CODE_STATE=getMsg HTTP/1.1" 200 27
116.230.74.197 - - [07/Sep/2020:09:13:21 +0800] "GET /xingrg/check_reg.html?_=1599441203650 HTTP/1.1" 200 22
114.82.29.189 - - [07/Sep/2020:09:13:23 +0800] "POST /xingrg/kc/buy/cgsh_order_operate.html HTTP/1.1" 200 37
114.82.29.189 - - [07/Sep/2020:09:13:24 +0800] "POST /xingrg/kc/buy/cgsh_order_operate.html HTTP/1.1" 200 3836
114.82.29.189 - - [07/Sep/2020:09:13:25 +0800] "GET /xingrg/kc/print/load_data.html?order_code=212020090702710&kc_code=cgsh&condition= HTTP/1.1" 200 1185
218.81.217.115 - - [07/Sep/2020:09:13:28 +0800] "GET /xingrg/kc/buy/cgsh_order_operate.html?command=get_materiel&rest_code=00146&code=00101008312&supplier_code=00100005&order_time=2020-09-07 HTTP/1.1" 200 412
218.81.217.115 - - [07/Sep/2020:09:13:31 +0800] "GET /xingrg/all/function/internal_message.html?_=1599441212788&CODE_STATE=getMsg HTTP/1.1" 200 27
218.81.217.115 - - [07/Sep/2020:09:13:33 +0800] "POST /xingrg/kc/buy/cgsh_order_operate.html HTTP/1.1" 200 2065
218.81.217.115 - - [07/Sep/2020:09:13:34 +0800] "GET /xingrg/all/function/internal_message.html?_=1599441215346&CODE_STATE=getMsg HTTP/1.1" 200 27
222.69.130.66 - - [07/Sep/2020:09:13:37 +0800] "GET /xingrg/all/function/internal_message.html?_=1599441215182&CODE_STATE=getMsg HTTP/1.1" 200 27
58.221.95.50 - - [07/Sep/2020:09:13:37 +0800] "GET /xingrg/all/function/internal_message.html?_=1599441362661&CODE_STATE=getMsg HTTP/1.1" 200 27
218.81.217.115 - - [07/Sep/2020:09:13:37 +0800] "GET /xingrg/kc/buy/cgsh_order_operate.html?command=get_materiel&rest_code=00146&code=00101008291&supplier_code=00100005&order_time=2020-09-07 HTTP/1.1" 200 410
222.69.130.66 - - [07/Sep/2020:09:13:39 +0800] "GET /xingrg/kc/buy/cgsh_order_operate.html?command=get_materiel&rest_code=00149&code=00102010240&supplier_code=00100219&order_time=2020-09-07 HTTP/1.1" 200 413
117.184.7.30 - - [07/Sep/2020:09:13:42 +0800] "GET /xingrg/all/function/internal_message.html?_=1599441222560&CODE_STATE=getMsg HTTP/1.1" 200 27
116.238.71.173 - - [07/Sep/2020:09:13:43 +0800] "GET /xingrg/check_reg.html?_=1599441223729 HTTP/1.1" 200 22
116.238.71.173 - - [07/Sep/2020:09:13:44 +0800] "GET /xingrg/all/function/internal_message.html?_=1599441223780&CODE_STATE=getMsg HTTP/1.1" 200 27
172.17.0.185 - - [07/Sep/2020:09:13:50 +0800] "GET /xingrg/all/function/internal_message.html?_=1599441230000&CODE_STATE=getMsg HTTP/1.1" 200 27
172.17.0.185 - - [07/Sep/2020:09:13:50 +0800] "GET /xingrg/check_reg.html?_=1599441230006 HTTP/1.1" 200 22
222.69.130.66 - - [07/Sep/2020:09:13:51 +0800] "GET /xingrg/kc/buy/cgsh_order_operate.html?command=get_materiel&rest_code=00149&code=00102010263&supplier_code=00100219&order_time=2020-09-07 HTTP/1.1" 200 414
172.17.0.119 - - [07/Sep/2020:09:13:52 +0800] "GET /xingrg/all/function/internal_message.html?_=1599441232381&CODE_STATE=getMsg HTTP/1.1" 302 -
114.88.166.242 - - [07/Sep/2020:09:13:53 +0800] "GET /xingrg/all/function/internal_message.html?_=1599441294383&CODE_STATE=getMsg HTTP/1.1" 200 27
116.230.74.197 - - [07/Sep/2020:09:13:56 +0800] "POST /xingrg/services/DataTransmitService HTTP/1.1" 200 524
114.82.29.189 - - [07/Sep/2020:09:13:56 +0800] "GET /xingrg/all/function/internal_message.html?_=1599441237713&CODE_STATE=getMsg HTTP/1.1" 200 27
114.88.166.242 - - [07/Sep/2020:09:14:01 +0800] "GET /xingrg/kc/buy/cgsh_order_list.html HTTP/1.1" 200 43930
114.88.166.242 - - [07/Sep/2020:09:14:02 +0800] "POST /xingrg/kc/buy/cgsh_list_operate.html HTTP/1.1" 200 2047
222.69.130.66 - - [07/Sep/2020:09:14:03 +0800] "GET /xingrg/kc/buy/cgsh_order_operate.html?command=get_materiel&rest_code=00149&code=00102009819&supplier_code=00100219&order_time=2020-09-07 HTTP/1.1" 200 421
218.81.217.115 - - [07/Sep/2020:09:14:09 +0800] "GET /xingrg/kc/buy/cgsh_order_operate.html?command=get_materiel&rest_code=00146&code=00101008061&supplier_code=00100005&order_time=2020-09-07 HTTP/1.1" 200 422
218.81.217.115 - - [07/Sep/2020:09:14:18 +0800] "GET /xingrg/kc/buy/cgsh_order_operate.html?command=get_materiel&rest_code=00146&code=00101008095&supplier_code=00100005&order_time=2020-09-07 HTTP/1.1" 200 412
218.81.217.115 - - [07/Sep/2020:09:14:20 +0800] "POST /xingrg/kc/buy/cgsh_order_operate.html HTTP/1.1" 200 2065
116.230.74.197 - - [07/Sep/2020:09:14:20 +0800] "GET /xingrg/all/function/internal_message.html?_=1599441263399&CODE_STATE=getMsg HTTP/1.1" 200 27
222.69.130.66 - - [07/Sep/2020:09:14:23 +0800] "GET /xingrg/kc/buy/cgsh_order_operate.html?command=get_materiel&rest_code=00149&code=00102016031&supplier_code=00100219&order_time=2020-09-07 HTTP/1.1" 200 416
117.185.32.26 - - [07/Sep/2020:09:14:26 +0800] "GET /xingrg/login.html HTTP/1.1" 200 7641
218.81.217.115 - - [07/Sep/2020:09:14:27 +0800] "GET /xingrg/kc/buy/cgsh_order_operate.html?command=get_materiel&rest_code=00146&code=00101015038&supplier_code=00100005&order_time=2020-09-07 HTTP/1.1" 200 418
120.253.135.82 - - [07/Sep/2020:09:14:30 +0800] "GET /xingrg/check_reg.html?_=1599441019739 HTTP/1.1" 200 22
218.81.217.115 - - [07/Sep/2020:09:14:31 +0800] "GET /xingrg/all/function/internal_message.html?_=1599441272800&CODE_STATE=getMsg HTTP/1.1" 200 27
117.185.32.26 - - [07/Sep/2020:09:14:32 +0800] "GET /favicon.ico HTTP/1.1" 404 -
218.81.217.115 - - [07/Sep/2020:09:14:33 +0800] "GET /xingrg/kc/buy/cgsh_order_operate.html?command=get_materiel&rest_code=00146&code=00101008123&supplier_code=00100005&order_time=2020-09-07 HTTP/1.1" 200 412
218.81.217.115 - - [07/Sep/2020:09:14:34 +0800] "GET /xingrg/all/function/internal_message.html?_=1599441275361&CODE_STATE=getMsg HTTP/1.1" 200 27
117.185.32.26 - - [07/Sep/2020:09:14:35 +0800] "POST /xingrg/login.do HTTP/1.1" 302 -
117.185.32.26 - - [07/Sep/2020:09:14:35 +0800] "GET /xingrg/index.html?sysBaseUrl=http%3A%2F%2F180.169.147.146%3A18081%2Fxingrg%2F&costTime=106×tamp=1599441275294 HTTP/1.1" 200 17173
117.185.32.26 - - [07/Sep/2020:09:14:37 +0800] "GET /favicon.ico HTTP/1.1" 404 -
222.69.130.66 - - [07/Sep/2020:09:14:37 +0800] "GET /xingrg/all/function/internal_message.html?_=1599441275183&CODE_STATE=getMsg HTTP/1.1" 200 27
222.69.130.66 - - [07/Sep/2020:09:14:37 +0800] "GET /xingrg/check_reg.html?_=1599441275185 HTTP/1.1" 200 22
58.221.95.50 - - [07/Sep/2020:09:14:37 +0800] "GET /xingrg/all/function/internal_message.html?_=1599441422660&CODE_STATE=getMsg HTTP/1.1" 200 27
117.185.32.26 - - [07/Sep/2020:09:14:38 +0800] "POST /xingrg/all/common/load_tree.html?tree=area_rest_tree_json&manage=1 HTTP/1.1" 200 342
117.185.32.26 - - [07/Sep/2020:09:14:39 +0800] "GET /xingrg/check_reg.html?_=1599441712051 HTTP/1.1" 200 22
117.185.32.26 - - [07/Sep/2020:09:14:39 +0800] "GET /xingrg/all/function/internal_message.html?_=1599441712048&CODE_STATE=count HTTP/1.1" 200 11
117.185.32.26 - - [07/Sep/2020:09:14:39 +0800] "POST /xingrg/load_menu.html HTTP/1.1" 200 5138
117.185.32.26 - - [07/Sep/2020:09:14:42 +0800] "GET /xingrg/kc/buy/buy_main.html HTTP/1.1" 200 12412
117.185.32.26 - - [07/Sep/2020:09:14:42 +0800] "GET /xingrg/css/new_ie.css HTTP/1.1" 404 1036
218.81.217.115 - - [07/Sep/2020:09:14:42 +0800] "GET /xingrg/kc/buy/cgsh_order_operate.html?command=get_materiel&rest_code=00146&code=00101015052&supplier_code=00100005&order_time=2020-09-07 HTTP/1.1" 200 413
117.184.7.30 - - [07/Sep/2020:09:14:42 +0800] "GET /xingrg/check_reg.html?_=1599441282557 HTTP/1.1" 200 22
117.184.7.30 - - [07/Sep/2020:09:14:42 +0800] "GET /xingrg/all/function/internal_message.html?_=1599441282559&CODE_STATE=getMsg HTTP/1.1" 200 27
116.238.71.173 - - [07/Sep/2020:09:14:44 +0800] "GET /xingrg/all/function/internal_message.html?_=1599441283807&CODE_STATE=getMsg HTTP/1.1" 200 27
117.185.32.26 - - [07/Sep/2020:09:14:44 +0800] "GET /xingrg/images/yd/bt.gif HTTP/1.1" 404 1040
117.185.32.26 - - [07/Sep/2020:09:14:45 +0800] "GET /xingrg/kc/buy/cgsh_order_list.html HTTP/1.1" 200 43930
117.185.32.26 - - [07/Sep/2020:09:14:48 +0800] "POST /xingrg/kc/buy/cgsh_list_operate.html HTTP/1.1" 200 876
117.185.32.26 - - [07/Sep/2020:09:14:50 +0800] "GET /xingrg/kc/buy/cgsh_order_add.html HTTP/1.1" 200 59668
117.185.32.26 - - [07/Sep/2020:09:14:50 +0800] "GET /xingrg/words/20200907064115_words.js HTTP/1.1" 200 760927
172.17.0.185 - - [07/Sep/2020:09:14:50 +0800] "GET /xingrg/all/function/internal_message.html?_=1599441290013&CODE_STATE=getMsg HTTP/1.1" 200 27
218.81.217.115 - - [07/Sep/2020:09:14:51 +0800] "GET /xingrg/kc/buy/cgsh_order_operate.html?command=get_materiel&rest_code=00146&code=00101008090&supplier_code=00100005&order_time=2020-09-07 HTTP/1.1" 200 408
117.185.32.26 - - [07/Sep/2020:09:14:51 +0800] "POST /xingrg/kc/buy/cgsh_order_operate.html HTTP/1.1" 200 8245
117.185.32.26 - - [07/Sep/2020:09:14:51 +0800] "GET /xingrg/all/common/auto_word.html?type=employee&rest_code=00106 HTTP/1.1" 200 205
117.185.32.26 - - [07/Sep/2020:09:14:51 +0800] "GET /xingrg/all/common/auto_word.html?type=employee&rest_code=00106 HTTP/1.1" 200 205
117.185.32.26 - - [07/Sep/2020:09:14:51 +0800] "GET /xingrg/javascript/easyui/themes/default/validatebox.css HTTP/1.1" 404 1104
172.17.0.119 - - [07/Sep/2020:09:14:52 +0800] "GET /xingrg/all/function/internal_message.html?_=1599441292351&CODE_STATE=getMsg HTTP/1.1" 302 -
117.185.32.26 - - [07/Sep/2020:09:14:52 +0800] "GET /xingrg/javascript/easyui/themes/default/tree.css HTTP/1.1" 404 1090
117.185.32.26 - - [07/Sep/2020:09:14:52 +0800] "POST /xingrg/all/common/load_tree.html?tree=supplier_tree_json&isDelete=1 HTTP/1.1" 200 50169
114.88.166.242 - - [07/Sep/2020:09:14:53 +0800] "POST /xingrg/kc/buy/cgsh_list_operate.html HTTP/1.1" 200 2047
114.88.166.242 - - [07/Sep/2020:09:14:53 +0800] "GET /xingrg/all/function/internal_message.html?_=1599441354389&CODE_STATE=getMsg HTTP/1.1" 200 27
114.82.29.189 - - [07/Sep/2020:09:14:56 +0800] "GET /xingrg/all/function/internal_message.html?_=1599441297715&CODE_STATE=getMsg HTTP/1.1" 200 27
114.82.29.189 - - [07/Sep/2020:09:14:57 +0800] "GET /xingrg/check_reg.html?_=1599441297954 HTTP/1.1" 200 22
222.69.130.66 - - [07/Sep/2020:09:14:58 +0800] "POST /xingrg/kc/buy/cgsh_order_operate.html HTTP/1.1" 200 37
218.81.217.115 - - [07/Sep/2020:09:15:00 +0800] "GET /xingrg/kc/buy/cgsh_order_operate.html?command=get_materiel&rest_code=00146&code=00101009056&supplier_code=00100005&order_time=2020-09-07 HTTP/1.1" 200 413
222.69.130.66 - - [07/Sep/2020:09:15:01 +0800] "POST /xingrg/kc/buy/cgsh_order_operate.html HTTP/1.1" 200 12
222.69.130.66 - - [07/Sep/2020:09:15:01 +0800] "GET /xingrg/kc/buy/cgsh_order_info.html?code=212020090702711 HTTP/1.1" 200 54618
222.69.130.66 - - [07/Sep/2020:09:15:02 +0800] "GET /xingrg/javascript/easyui/themes/default/validatebox.css HTTP/1.1" 404 1104
222.69.130.66 - - [07/Sep/2020:09:15:02 +0800] "POST /xingrg/kc/buy/cgsh_order_operate.html HTTP/1.1" 200 7181
222.69.130.66 - - [07/Sep/2020:09:15:04 +0800] "GET /xingrg/kc/print/load_data.html?order_code=212020090702711&kc_code=cgsh&condition= HTTP/1.1" 200 3226
117.185.32.26 - - [07/Sep/2020:09:15:08 +0800] "GET /xingrg/javascript/auto/indicator.gif HTTP/1.1" 404 1066
218.81.217.115 - - [07/Sep/2020:09:15:09 +0800] "POST /xingrg/kc/buy/cgsh_order_operate.html HTTP/1.1" 200 2065
117.185.32.26 - - [07/Sep/2020:09:15:12 +0800] "GET /xingrg/kc/buy/cgsh_order_operate.html?command=get_materiel&rest_code=00106&code=00101007090&supplier_code=00100002&order_time=2020-09-07 HTTP/1.1" 200 414
218.81.217.115 - - [07/Sep/2020:09:15:14 +0800] "GET /xingrg/kc/buy/cgsh_order_operate.html?command=get_materiel&rest_code=00146&code=00101015066&supplier_code=00100005&order_time=2020-09-07 HTTP/1.1" 200 413
116.230.74.197 - - [07/Sep/2020:09:15:20 +0800] "GET /xingrg/all/function/internal_message.html?_=1599441323390&CODE_STATE=getMsg HTTP/1.1" 200 27
58.37.9.106 - - [07/Sep/2020:09:15:31 +0800] "GET /xingrg/check_reg.html?_=1599441334156 HTTP/1.1" 200 22
218.81.217.115 - - [07/Sep/2020:09:15:31 +0800] "GET /xingrg/all/function/internal_message.html?_=1599441332922&CODE_STATE=getMsg HTTP/1.1" 200 27
218.81.217.115 - - [07/Sep/2020:09:15:34 +0800] "GET /xingrg/all/function/internal_message.html?_=1599441335372&CODE_STATE=getMsg HTTP/1.1" 200 27
222.69.130.66 - - [07/Sep/2020:09:15:37 +0800] "GET /xingrg/all/function/internal_message.html?_=1599441335178&CODE_STATE=getMsg HTTP/1.1" 200 27
58.221.95.50 - - [07/Sep/2020:09:15:37 +0800] "GET /xingrg/all/function/internal_message.html?_=1599441482658&CODE_STATE=getMsg HTTP/1.1" 200 27
117.185.32.26 - - [07/Sep/2020:09:15:38 +0800] "GET /xingrg/kc/buy/cgsh_order_operate.html?command=get_materiel&rest_code=00106&code=00101007059&supplier_code=00100002&order_time=2020-09-07 HTTP/1.1" 200 411
117.185.32.26 - - [07/Sep/2020:09:15:39 +0800] "GET /xingrg/all/function/internal_message.html?_=1599441772063&CODE_STATE=getMsg HTTP/1.1" 200 27
117.184.7.30 - - [07/Sep/2020:09:15:42 +0800] "GET /xingrg/all/function/internal_message.html?_=1599441342552&CODE_STATE=getMsg HTTP/1.1" 200 27
116.238.71.173 - - [07/Sep/2020:09:15:44 +0800] "GET /xingrg/all/function/internal_message.html?_=1599441343826&CODE_STATE=getMsg HTTP/1.1" 200 27
172.17.0.185 - - [07/Sep/2020:09:15:50 +0800] "GET /xingrg/all/function/internal_message.html?_=1599441350000&CODE_STATE=getMsg HTTP/1.1" 200 27
172.17.0.119 - - [07/Sep/2020:09:15:52 +0800] "GET /xingrg/all/function/internal_message.html?_=1599441352320&CODE_STATE=getMsg HTTP/1.1" 302 -
114.88.166.242 - - [07/Sep/2020:09:15:53 +0800] "GET /xingrg/all/function/internal_message.html?_=1599441414379&CODE_STATE=getMsg HTTP/1.1" 200 27
114.82.29.189 - - [07/Sep/2020:09:15:56 +0800] "GET /xingrg/all/function/internal_message.html?_=1599441357719&CODE_STATE=getMsg HTTP/1.1" 200 27
117.185.32.26 - - [07/Sep/2020:09:15:59 +0800] "GET /xingrg/kc/buy/cgsh_order_operate.html?command=get_materiel&rest_code=00106&code=00101007077&supplier_code=00100002&order_time=2020-09-07 HTTP/1.1" 200 415
218.81.217.115 - - [07/Sep/2020:09:16:06 +0800] "GET /xingrg/kc/buy/cgsh_order_operate.html?command=get_materiel&rest_code=00146&code=00102006465&supplier_code=00100005&order_time=2020-09-07 HTTP/1.1" 200 406
222.69.160.252 - - [07/Sep/2020:09:16:16 +0800] "GET /xingrg HTTP/1.1" 302 -
222.69.160.252 - - [07/Sep/2020:09:16:16 +0800] "GET /xingrg/ HTTP/1.1" 200 292
172.17.0.100 - - [07/Sep/2020:09:16:16 +0800] "GET /favicon.ico HTTP/1.1" 404 -
117.185.32.26 - - [07/Sep/2020:09:16:17 +0800] "POST /xingrg/kc/buy/cgsh_order_operate.html HTTP/1.1" 200 37
218.81.217.115 - - [07/Sep/2020:09:16:17 +0800] "GET /xingrg/kc/buy/cgsh_order_operate.html?command=get_materiel&rest_code=00146&code=00101015060&supplier_code=00100005&order_time=2020-09-07 HTTP/1.1" 200 413
117.185.32.26 - - [07/Sep/2020:09:16:17 +0800] "POST /xingrg/kc/buy/cgsh_order_operate.html HTTP/1.1" 200 3850
222.69.160.252 - - [07/Sep/2020:09:16:18 +0800] "GET /xingrg/index.html HTTP/1.1" 302 -
222.69.160.252 - - [07/Sep/2020:09:16:18 +0800] "GET /xingrg/login.html HTTP/1.1" 200 7641
222.69.160.252 - - [07/Sep/2020:09:16:18 +0800] "GET /xingrg/images/blue/jxLogo.png HTTP/1.1" 200 6156
222.69.160.252 - - [07/Sep/2020:09:16:18 +0800] "GET /xingrg/images/blue/login_bg.png HTTP/1.1" 200 22101
222.69.160.252 - - [07/Sep/2020:09:16:18 +0800] "GET /xingrg/images/blue/hj.png HTTP/1.1" 200 1014
222.69.160.252 - - [07/Sep/2020:09:16:18 +0800] "GET /xingrg/images/blue/srbg.png HTTP/1.1" 200 138
222.69.160.252 - - [07/Sep/2020:09:16:19 +0800] "GET /favicon.ico HTTP/1.1" 404 -
222.69.160.252 - - [07/Sep/2020:09:16:20 +0800] "GET /favicon.ico HTTP/1.1" 404 -
116.230.74.197 - - [07/Sep/2020:09:16:20 +0800] "GET /xingrg/all/function/internal_message.html?_=1599441383361&CODE_STATE=getMsg HTTP/1.1" 200 27
117.185.32.26 - - [07/Sep/2020:09:16:22 +0800] "GET /xingrg/kc/buy/cgsh_order_add.html HTTP/1.1" 200 59668
117.185.32.26 - - [07/Sep/2020:09:16:23 +0800] "GET /xingrg/javascript/easyui/themes/default/validatebox.css HTTP/1.1" 404 1104
117.185.32.26 - - [07/Sep/2020:09:16:23 +0800] "POST /xingrg/kc/buy/cgsh_order_operate.html HTTP/1.1" 200 8245
117.185.32.26 - - [07/Sep/2020:09:16:26 +0800] "GET /xingrg/kc/buy/buy_main.html HTTP/1.1" 200 12412
117.185.32.26 - - [07/Sep/2020:09:16:27 +0800] "GET /xingrg/css/new_ie.css HTTP/1.1" 404 1036
117.185.32.26 - - [07/Sep/2020:09:16:28 +0800] "GET /xingrg/images/yd/bt.gif HTTP/1.1" 404 1040
117.185.32.26 - - [07/Sep/2020:09:16:28 +0800] "GET /xingrg/kc/buy/cgsh_order_list.html HTTP/1.1" 200 43930
117.185.32.26 - - [07/Sep/2020:09:16:30 +0800] "POST /xingrg/kc/buy/cgsh_list_operate.html HTTP/1.1" 200 1690
218.81.217.115 - - [07/Sep/2020:09:16:31 +0800] "GET /xingrg/all/function/internal_message.html?_=1599441392937&CODE_STATE=getMsg HTTP/1.1" 200 27
218.81.217.115 - - [07/Sep/2020:09:16:34 +0800] "GET /xingrg/check_reg.html?_=1599441395012 HTTP/1.1" 200 22
218.81.217.115 - - [07/Sep/2020:09:16:34 +0800] "GET /xingrg/all/function/internal_message.html?_=1599441395386&CODE_STATE=getMsg HTTP/1.1" 200 27
222.69.130.66 - - [07/Sep/2020:09:16:37 +0800] "GET /xingrg/all/function/internal_message.html?_=1599441395188&CODE_STATE=getMsg HTTP/1.1" 200 27
58.221.95.50 - - [07/Sep/2020:09:16:37 +0800] "GET /xingrg/check_reg.html?_=1599441542652 HTTP/1.1" 200 22
58.221.95.50 - - [07/Sep/2020:09:16:37 +0800] "GET /xingrg/all/function/internal_message.html?_=1599441542651&CODE_STATE=getMsg HTTP/1.1" 200 27
117.185.32.26 - - [07/Sep/2020:09:16:39 +0800] "GET /xingrg/all/function/internal_message.html?_=1599441832069&CODE_STATE=getMsg HTTP/1.1" 200 27
117.184.7.30 - - [07/Sep/2020:09:16:42 +0800] "GET /xingrg/all/function/internal_message.html?_=1599441402547&CODE_STATE=getMsg HTTP/1.1" 200 27
116.238.71.173 - - [07/Sep/2020:09:16:44 +0800] "GET /xingrg/all/function/internal_message.html?_=1599441403882&CODE_STATE=getMsg HTTP/1.1" 200 27
