116.238.90.59 - - [07/Sep/2020:09:44:53 +0800] "GET /xingrg/all/function/internal_message.html?_=1599443093751&CODE_STATE=getMsg HTTP/1.1" 200 27
114.88.166.242 - - [07/Sep/2020:09:44:53 +0800] "GET /xingrg/all/function/internal_message.html?_=1599443154408&CODE_STATE=getMsg HTTP/1.1" 200 27
114.82.29.189 - - [07/Sep/2020:09:44:56 +0800] "GET /xingrg/all/function/internal_message.html?_=1599443097741&CODE_STATE=getMsg HTTP/1.1" 200 27
114.82.29.189 - - [07/Sep/2020:09:44:56 +0800] "GET /xingrg/check_reg.html?_=1599443097820 HTTP/1.1" 200 22
117.184.7.26 - - [07/Sep/2020:09:44:57 +0800] "GET /xingrg/kc/buy/cgsh_order_operate.html?command=get_materiel&rest_code=00108&code=00101008165&supplier_code=00100008&order_time=2020-09-07 HTTP/1.1" 200 416
117.184.7.26 - - [07/Sep/2020:09:45:01 +0800] "POST /xingrg/kc/buy/cgsh_order_operate.html HTTP/1.1" 200 2065
222.69.160.252 - - [07/Sep/2020:09:45:05 +0800] "GET /xingrg/all/function/internal_message.html?_=1599442948164&CODE_STATE=getMsg HTTP/1.1" 200 27
116.238.90.59 - - [07/Sep/2020:09:45:07 +0800] "GET /xingrg/all/function/internal_message.html?_=1599443314886&CODE_STATE=getMsg HTTP/1.1" 200 27
116.238.90.59 - - [07/Sep/2020:09:45:08 +0800] "GET /xingrg/kc/buy/cgsh_order_operate.html?command=get_materiel&rest_code=00102&code=00101005037&supplier_code=00100031&order_time=2020-09-07 HTTP/1.1" 200 409
116.238.90.59 - - [07/Sep/2020:09:45:17 +0800] "GET /xingrg/kc/buy/cgsh_order_operate.html?command=get_materiel&rest_code=00102&code=00101016038&supplier_code=00100031&order_time=2020-09-07 HTTP/1.1" 200 408
116.230.74.197 - - [07/Sep/2020:09:45:20 +0800] "GET /xingrg/all/function/internal_message.html?_=1599443122968&CODE_STATE=getMsg HTTP/1.1" 200 27
116.238.71.173 - - [07/Sep/2020:09:45:21 +0800] "GET /xingrg/all/function/internal_message.html?_=1599443121033&CODE_STATE=getMsg HTTP/1.1" 200 27
117.184.7.26 - - [07/Sep/2020:09:45:22 +0800] "GET /xingrg/kc/buy/cgsh_order_operate.html?command=get_materiel&rest_code=00108&code=00101008519&supplier_code=00100008&order_time=2020-09-07 HTTP/1.1" 200 394
58.37.9.106 - - [07/Sep/2020:09:45:31 +0800] "GET /xingrg/check_reg.html?_=1599443134058 HTTP/1.1" 200 22
218.81.217.115 - - [07/Sep/2020:09:45:33 +0800] "GET /xingrg/all/function/internal_message.html?_=1599443134575&CODE_STATE=getMsg HTTP/1.1" 200 27
218.81.217.115 - - [07/Sep/2020:09:45:36 +0800] "GET /xingrg/all/function/internal_message.html?_=1599443137216&CODE_STATE=getMsg HTTP/1.1" 200 27
117.184.7.26 - - [07/Sep/2020:09:45:36 +0800] "POST /xingrg/kc/buy/cgsh_order_operate.html HTTP/1.1" 200 37
222.69.130.66 - - [07/Sep/2020:09:45:37 +0800] "GET /xingrg/all/function/internal_message.html?_=1599443135128&CODE_STATE=getMsg HTTP/1.1" 200 27
117.185.32.26 - - [07/Sep/2020:09:45:39 +0800] "GET /xingrg/all/function/internal_message.html?_=1599443572191&CODE_STATE=getMsg HTTP/1.1" 200 27
58.221.95.50 - - [07/Sep/2020:09:45:39 +0800] "GET /xingrg/all/function/internal_message.html?_=1599443285036&CODE_STATE=getMsg HTTP/1.1" 200 27
117.184.7.30 - - [07/Sep/2020:09:45:46 +0800] "GET /xingrg/all/function/internal_message.html?_=1599443146135&CODE_STATE=getMsg HTTP/1.1" 200 27
117.184.7.26 - - [07/Sep/2020:09:45:46 +0800] "POST /xingrg/kc/buy/cgsh_order_operate.html HTTP/1.1" 200 19801
172.17.0.185 - - [07/Sep/2020:09:45:50 +0800] "GET /xingrg/all/function/internal_message.html?_=1599443150005&CODE_STATE=getMsg HTTP/1.1" 200 27
172.17.0.119 - - [07/Sep/2020:09:45:51 +0800] "GET /xingrg/all/function/internal_message.html?_=1599443151587&CODE_STATE=getMsg HTTP/1.1" 302 -
116.238.90.59 - - [07/Sep/2020:09:45:53 +0800] "GET /xingrg/all/function/internal_message.html?_=1599443153764&CODE_STATE=getMsg HTTP/1.1" 200 27
114.88.166.242 - - [07/Sep/2020:09:45:53 +0800] "GET /xingrg/all/function/internal_message.html?_=1599443214407&CODE_STATE=getMsg HTTP/1.1" 200 27
114.82.29.189 - - [07/Sep/2020:09:45:56 +0800] "GET /xingrg/all/function/internal_message.html?_=1599443157749&CODE_STATE=getMsg HTTP/1.1" 200 27
114.88.166.242 - - [07/Sep/2020:09:46:03 +0800] "POST /xingrg/login.do HTTP/1.1" 302 -
114.88.166.242 - - [07/Sep/2020:09:46:03 +0800] "GET /xingrg/index.html?sysBaseUrl=http%3A%2F%2F180.169.147.146%3A18081%2Fxingrg%2F&costTime=46×tamp=1599443163586 HTTP/1.1" 200 17173
114.88.166.242 - - [07/Sep/2020:09:46:03 +0800] "GET /xingrg/javascript/jquery_easy_ui/themes/default/easyui.css HTTP/1.1" 304 -
114.88.166.242 - - [07/Sep/2020:09:46:03 +0800] "GET /xingrg/javascript/jquery_easy_ui/themes/icon.css HTTP/1.1" 304 -
114.88.166.242 - - [07/Sep/2020:09:46:03 +0800] "GET /xingrg/javascript/jquery.form.js HTTP/1.1" 304 -
114.88.166.242 - - [07/Sep/2020:09:46:03 +0800] "GET /xingrg/css/form.css HTTP/1.1" 304 -
114.88.166.242 - - [07/Sep/2020:09:46:03 +0800] "GET /xingrg/javascript/jquery-1.4.2.min.js HTTP/1.1" 304 -
114.88.166.242 - - [07/Sep/2020:09:46:03 +0800] "GET /xingrg/javascript/jquery.utils.js HTTP/1.1" 304 -
114.88.166.242 - - [07/Sep/2020:09:46:03 +0800] "GET /xingrg/javascript/jquery_easy_ui/jquery.easyui.min.js HTTP/1.1" 304 -
114.88.166.242 - - [07/Sep/2020:09:46:03 +0800] "GET /xingrg/javascript/jquery.timers.js HTTP/1.1" 304 -
114.88.166.242 - - [07/Sep/2020:09:46:03 +0800] "GET /xingrg/javascript/jquery_easy_ui/easyui-lang-zh_CN.js HTTP/1.1" 304 -
114.88.166.242 - - [07/Sep/2020:09:46:04 +0800] "POST /xingrg/all/common/load_tree.html?tree=area_rest_tree_json&manage=1 HTTP/1.1" 200 342
116.238.90.59 - - [07/Sep/2020:09:46:04 +0800] "POST /xingrg/kc/buy/cgsh_order_operate.html HTTP/1.1" 200 37
114.88.166.242 - - [07/Sep/2020:09:46:04 +0800] "GET /xingrg/check_reg.html?_=1599443163837 HTTP/1.1" 200 22
114.88.166.242 - - [07/Sep/2020:09:46:04 +0800] "GET /xingrg/all/function/internal_message.html?_=1599443163836&CODE_STATE=count HTTP/1.1" 200 11
114.88.166.242 - - [07/Sep/2020:09:46:04 +0800] "POST /xingrg/load_menu.html HTTP/1.1" 200 5138
114.88.166.242 - - [07/Sep/2020:09:46:04 +0800] "GET /favicon.ico HTTP/1.1" 404 -
222.69.160.252 - - [07/Sep/2020:09:46:05 +0800] "GET /xingrg/all/function/internal_message.html?_=1599443008167&CODE_STATE=getMsg HTTP/1.1" 200 27
222.69.160.252 - - [07/Sep/2020:09:46:05 +0800] "GET /xingrg/check_reg.html?_=1599443008164 HTTP/1.1" 200 22
116.238.90.59 - - [07/Sep/2020:09:46:06 +0800] "POST /xingrg/kc/buy/cgsh_order_operate.html HTTP/1.1" 200 12
116.238.90.59 - - [07/Sep/2020:09:46:07 +0800] "GET /xingrg/kc/buy/cgsh_order_info.html?code=212020090702721 HTTP/1.1" 200 54483
116.238.90.59 - - [07/Sep/2020:09:46:07 +0800] "GET /xingrg/javascript/easyui/themes/default/validatebox.css HTTP/1.1" 404 1104
116.238.90.59 - - [07/Sep/2020:09:46:07 +0800] "GET /xingrg/all/function/internal_message.html?_=1599443375123&CODE_STATE=getMsg HTTP/1.1" 200 27
58.221.95.50 - - [07/Sep/2020:09:46:07 +0800] "GET /xingrg/kc/mdqp/qp_main.html HTTP/1.1" 200 10633
114.88.166.242 - - [07/Sep/2020:09:46:07 +0800] "GET /xingrg/kc/buy/buy_main.html HTTP/1.1" 200 12412
114.88.166.242 - - [07/Sep/2020:09:46:08 +0800] "GET /xingrg/css/new_ie.css HTTP/1.1" 404 1036
114.88.166.242 - - [07/Sep/2020:09:46:08 +0800] "GET /xingrg/css/blue.css HTTP/1.1" 304 -
114.88.166.242 - - [07/Sep/2020:09:46:08 +0800] "GET /xingrg/javascript/jquery_ui/themes/humanity/humanity.css HTTP/1.1" 304 -
114.88.166.242 - - [07/Sep/2020:09:46:08 +0800] "GET /xingrg/javascript/pic_change.js HTTP/1.1" 304 -
114.88.166.242 - - [07/Sep/2020:09:46:08 +0800] "GET /xingrg/javascript/ToolTips.js HTTP/1.1" 304 -
114.88.166.242 - - [07/Sep/2020:09:46:08 +0800] "GET /xingrg/javascript/jquery_ui/jquery-ui.min.js HTTP/1.1" 304 -
114.88.166.242 - - [07/Sep/2020:09:46:08 +0800] "GET /xingrg/javascript/myfunction.js HTTP/1.1" 304 -
116.238.90.59 - - [07/Sep/2020:09:46:08 +0800] "POST /xingrg/kc/buy/cgsh_order_operate.html HTTP/1.1" 200 1782
58.221.95.50 - - [07/Sep/2020:09:46:08 +0800] "GET /xingrg/kc/base/base_main.html HTTP/1.1" 200 12142
114.88.166.242 - - [07/Sep/2020:09:46:08 +0800] "GET /xingrg/images/yd/bt.gif HTTP/1.1" 404 1040
58.221.95.50 - - [07/Sep/2020:09:46:09 +0800] "GET /xingrg/images/blue/button/qqpsd.gif HTTP/1.1" 200 2548
58.221.95.50 - - [07/Sep/2020:09:46:09 +0800] "GET /xingrg/images/blue/button/pszx.gif HTTP/1.1" 200 2648
58.221.95.50 - - [07/Sep/2020:09:46:09 +0800] "GET /xingrg/images/blue/button/psshd.gif HTTP/1.1" 200 2692
114.88.166.242 - - [07/Sep/2020:09:46:09 +0800] "GET /xingrg/css/base.css HTTP/1.1" 304 -
114.88.166.242 - - [07/Sep/2020:09:46:09 +0800] "GET /xingrg/kc/buy/cgsh_order_list.html HTTP/1.1" 200 43930
114.88.166.242 - - [07/Sep/2020:09:46:09 +0800] "GET /xingrg/css/site.css HTTP/1.1" 304 -
114.88.166.242 - - [07/Sep/2020:09:46:09 +0800] "GET /xingrg/javascript/easyui/themes/default/easyui.css HTTP/1.1" 304 -
114.88.166.242 - - [07/Sep/2020:09:46:09 +0800] "GET /xingrg/javascript/jquery_tools/datebox.css HTTP/1.1" 304 -
114.88.166.242 - - [07/Sep/2020:09:46:09 +0800] "GET /xingrg/javascript/easyui/themes/icon.css HTTP/1.1" 304 -
114.88.166.242 - - [07/Sep/2020:09:46:09 +0800] "GET /xingrg/javascript/auto/jquery.autocomplete.css HTTP/1.1" 304 -
114.88.166.242 - - [07/Sep/2020:09:46:09 +0800] "GET /xingrg/javascript/jquery_tools/jquery.tools.extend.js HTTP/1.1" 304 -
114.88.166.242 - - [07/Sep/2020:09:46:09 +0800] "GET /xingrg/javascript/jquery_tools/jquery.tools.hotkey.js HTTP/1.1" 304 -
114.88.166.242 - - [07/Sep/2020:09:46:09 +0800] "GET /xingrg/javascript/jquery_tools/list_manager.js HTTP/1.1" 304 -
114.88.166.242 - - [07/Sep/2020:09:46:09 +0800] "GET /xingrg/javascript/jquery_tools/fix.css HTTP/1.1" 304 -
114.88.166.242 - - [07/Sep/2020:09:46:09 +0800] "GET /xingrg/javascript/auto/jquery.autocomplete.js HTTP/1.1" 304 -
114.88.166.242 - - [07/Sep/2020:09:46:09 +0800] "GET /xingrg/javascript/jquery.cookie.js HTTP/1.1" 304 -
114.88.166.242 - - [07/Sep/2020:09:46:09 +0800] "GET /xingrg/javascript/jquery_tools/table.css HTTP/1.1" 304 -
114.88.166.242 - - [07/Sep/2020:09:46:09 +0800] "GET /xingrg/javascript/jquery_tools/jquery.tools.min.js HTTP/1.1" 304 -
114.88.166.242 - - [07/Sep/2020:09:46:09 +0800] "GET /xingrg/javascript/easyui/easyloader.js HTTP/1.1" 304 -
114.88.166.242 - - [07/Sep/2020:09:46:09 +0800] "GET /xingrg/javascript/print/LodopFuncs.js HTTP/1.1" 304 -
114.88.166.242 - - [07/Sep/2020:09:46:09 +0800] "GET /xingrg/javascript/jquery_tools/jquery.tools.table.js HTTP/1.1" 304 -
116.238.90.59 - - [07/Sep/2020:09:46:10 +0800] "GET /xingrg/kc/print/load_config.html?kc_code=cgsh HTTP/1.1" 200 1845
114.88.166.242 - - [07/Sep/2020:09:46:10 +0800] "GET /xingrg/javascript/easyui/plugins/jquery.parser.js HTTP/1.1" 304 -
116.238.90.59 - - [07/Sep/2020:09:46:10 +0800] "GET /xingrg/kc/print/load_data.html?order_code=212020090702721&kc_code=cgsh&condition= HTTP/1.1" 200 1148
117.184.7.26 - - [07/Sep/2020:09:46:10 +0800] "GET /xingrg/kc/buy/cgsh_order_operate.html?command=get_materiel&rest_code=00108&code=00101008210&supplier_code=00100008&order_time=2020-09-07 HTTP/1.1" 200 409
114.88.166.242 - - [07/Sep/2020:09:46:11 +0800] "POST /xingrg/kc/buy/cgsh_list_operate.html HTTP/1.1" 200 2409
114.88.166.242 - - [07/Sep/2020:09:46:13 +0800] "GET /xingrg/javascript/jquery_tools/order_manager.js HTTP/1.1" 304 -
114.88.166.242 - - [07/Sep/2020:09:46:13 +0800] "GET /xingrg/javascript/convert.js HTTP/1.1" 304 -
114.88.166.242 - - [07/Sep/2020:09:46:13 +0800] "GET /xingrg/javascript/print/kc_print.js HTTP/1.1" 304 -
114.88.166.242 - - [07/Sep/2020:09:46:13 +0800] "GET /xingrg/javascript/json2.js HTTP/1.1" 304 -
114.88.166.242 - - [07/Sep/2020:09:46:13 +0800] "GET /xingrg/kc/buy/cgsh_order_add.html HTTP/1.1" 200 59668
114.88.166.242 - - [07/Sep/2020:09:46:13 +0800] "GET /xingrg/words/20200907064115_words.js HTTP/1.1" 200 760927
114.88.166.242 - - [07/Sep/2020:09:46:13 +0800] "POST /xingrg/kc/buy/cgsh_order_operate.html HTTP/1.1" 200 8245
58.221.95.50 - - [07/Sep/2020:09:46:13 +0800] "GET /xingrg/kc/base/check_order_list.html HTTP/1.1" 200 16424
114.88.166.242 - - [07/Sep/2020:09:46:14 +0800] "GET /xingrg/all/common/auto_word.html?type=employee&rest_code=00111 HTTP/1.1" 200 205
114.88.166.242 - - [07/Sep/2020:09:46:14 +0800] "GET /xingrg/all/common/auto_word.html?type=employee&rest_code=00111 HTTP/1.1" 200 205
114.88.166.242 - - [07/Sep/2020:09:46:14 +0800] "GET /xingrg/javascript/easyui/themes/default/validatebox.css HTTP/1.1" 404 1104
114.88.166.242 - - [07/Sep/2020:09:46:14 +0800] "GET /xingrg/javascript/easyui/plugins/jquery.validatebox.js HTTP/1.1" 304 -
114.88.166.242 - - [07/Sep/2020:09:46:14 +0800] "GET /xingrg/javascript/easyui/plugins/jquery.numberbox.js HTTP/1.1" 304 -
114.88.166.242 - - [07/Sep/2020:09:46:14 +0800] "GET /xingrg/javascript/auto/indicator.gif HTTP/1.1" 404 1066
58.221.95.50 - - [07/Sep/2020:09:46:18 +0800] "POST /xingrg/kc/base/check_list_operate.html HTTP/1.1" 200 781
116.230.74.197 - - [07/Sep/2020:09:46:20 +0800] "GET /xingrg/all/function/internal_message.html?_=1599443182972&CODE_STATE=getMsg HTTP/1.1" 200 27
116.238.71.173 - - [07/Sep/2020:09:46:21 +0800] "GET /xingrg/check_reg.html?_=1599443181081 HTTP/1.1" 200 22
116.238.71.173 - - [07/Sep/2020:09:46:21 +0800] "GET /xingrg/all/function/internal_message.html?_=1599443181085&CODE_STATE=getMsg HTTP/1.1" 200 27
117.184.7.26 - - [07/Sep/2020:09:46:21 +0800] "GET /xingrg/kc/buy/cgsh_order_operate.html?command=get_materiel&rest_code=00108&code=00101008290&supplier_code=00100008&order_time=2020-09-07 HTTP/1.1" 200 416
58.221.95.50 - - [07/Sep/2020:09:46:22 +0800] "POST /xingrg/kc/base/check_list_operate.html HTTP/1.1" 200 5143
116.238.90.59 - - [07/Sep/2020:09:46:23 +0800] "GET /xingrg/kc/buy/cgsh_order_add.html HTTP/1.1" 200 59580
116.238.90.59 - - [07/Sep/2020:09:46:23 +0800] "POST /xingrg/kc/buy/cgsh_order_operate.html HTTP/1.1" 200 8245
116.238.90.59 - - [07/Sep/2020:09:46:24 +0800] "GET /xingrg/javascript/easyui/themes/default/validatebox.css HTTP/1.1" 404 1104
58.221.95.50 - - [07/Sep/2020:09:46:24 +0800] "GET /xingrg/kc/base/check_order_info.html?code=452020090100001 HTTP/1.1" 200 22868
58.221.95.50 - - [07/Sep/2020:09:46:24 +0800] "GET /xingrg/dwr/util.js HTTP/1.1" 304 -
58.221.95.50 - - [07/Sep/2020:09:46:24 +0800] "GET /xingrg/dwr/interface/AjaxComOrderService.js HTTP/1.1" 200 18264
58.221.95.50 - - [07/Sep/2020:09:46:24 +0800] "GET /xingrg/dwr/interface/AjaxCheckService.js HTTP/1.1" 200 14003
58.221.95.50 - - [07/Sep/2020:09:46:24 +0800] "GET /xingrg/dwr/engine.js HTTP/1.1" 200 43631
116.238.90.59 - - [07/Sep/2020:09:46:25 +0800] "GET /xingrg/javascript/easyui/themes/default/tree.css HTTP/1.1" 404 1090
116.238.90.59 - - [07/Sep/2020:09:46:26 +0800] "POST /xingrg/all/common/load_tree.html?tree=supplier_tree_json&isDelete=1 HTTP/1.1" 200 50169
58.221.95.50 - - [07/Sep/2020:09:46:27 +0800] "POST /xingrg/dwr/call/plaincall/AjaxCheckService.loadOrderItems.dwr HTTP/1.1" 200 45453
117.184.7.26 - - [07/Sep/2020:09:46:27 +0800] "GET /xingrg/kc/buy/cgsh_order_operate.html?command=get_materiel&rest_code=00108&code=00101008003&supplier_code=00100008&order_time=2020-09-07 HTTP/1.1" 200 408
114.88.166.242 - - [07/Sep/2020:09:46:28 +0800] "GET /xingrg/javascript/jquery_tools/images/prev.gif HTTP/1.1" 404 1086
114.88.166.242 - - [07/Sep/2020:09:46:28 +0800] "GET /xingrg/javascript/jquery_tools/images/next.gif HTTP/1.1" 404 1086
218.81.217.115 - - [07/Sep/2020:09:46:33 +0800] "GET /xingrg/all/function/internal_message.html?_=1599443194576&CODE_STATE=getMsg HTTP/1.1" 200 27
218.81.217.115 - - [07/Sep/2020:09:46:34 +0800] "GET /xingrg/check_reg.html?_=1599443195462 HTTP/1.1" 200 22
218.81.217.115 - - [07/Sep/2020:09:46:36 +0800] "GET /xingrg/all/function/internal_message.html?_=1599443197229&CODE_STATE=getMsg HTTP/1.1" 200 27
117.184.7.26 - - [07/Sep/2020:09:46:36 +0800] "POST /xingrg/kc/buy/cgsh_order_operate.html HTTP/1.1" 200 2065
222.69.130.66 - - [07/Sep/2020:09:46:37 +0800] "GET /xingrg/all/function/internal_message.html?_=1599443195100&CODE_STATE=getMsg HTTP/1.1" 200 27
114.88.166.242 - - [07/Sep/2020:09:46:37 +0800] "GET /xingrg/javascript/jquery_easy_ui/themes/default/images/tabs_active.png HTTP/1.1" 304 -
58.221.95.50 - - [07/Sep/2020:09:46:37 +0800] "GET /xingrg/check_reg.html?_=1599443342722 HTTP/1.1" 200 22
117.185.32.26 - - [07/Sep/2020:09:46:39 +0800] "GET /xingrg/all/function/internal_message.html?_=1599443632190&CODE_STATE=getMsg HTTP/1.1" 200 27
58.221.95.50 - - [07/Sep/2020:09:46:39 +0800] "GET /xingrg/all/function/internal_message.html?_=1599443345093&CODE_STATE=getMsg HTTP/1.1" 200 27
117.184.7.26 - - [07/Sep/2020:09:46:41 +0800] "GET /xingrg/kc/buy/cgsh_order_operate.html?command=get_materiel&rest_code=00108&code=00101008356&supplier_code=00100008&order_time=2020-09-07 HTTP/1.1" 200 409
117.184.7.30 - - [07/Sep/2020:09:46:46 +0800] "GET /xingrg/all/function/internal_message.html?_=1599443206110&CODE_STATE=getMsg HTTP/1.1" 200 27
117.184.7.26 - - [07/Sep/2020:09:46:46 +0800] "GET /xingrg/kc/buy/cgsh_order_operate.html?command=get_materiel&rest_code=00108&code=00101008212&supplier_code=00100008&order_time=2020-09-07 HTTP/1.1" 200 412
172.17.0.185 - - [07/Sep/2020:09:46:50 +0800] "GET /xingrg/all/function/internal_message.html?_=1599443209994&CODE_STATE=getMsg HTTP/1.1" 200 27
172.17.0.119 - - [07/Sep/2020:09:46:51 +0800] "GET /xingrg/all/function/internal_message.html?_=1599443211559&CODE_STATE=getMsg HTTP/1.1" 302 -
172.17.0.119 - - [07/Sep/2020:09:46:52 +0800] "GET /xingrg/check_reg.html?_=1599443212421 HTTP/1.1" 302 -
116.238.90.59 - - [07/Sep/2020:09:46:53 +0800] "GET /xingrg/check_reg.html?_=1599443213592 HTTP/1.1" 200 22
116.238.90.59 - - [07/Sep/2020:09:46:53 +0800] "GET /xingrg/all/function/internal_message.html?_=1599443213777&CODE_STATE=getMsg HTTP/1.1" 200 27
114.88.166.242 - - [07/Sep/2020:09:46:53 +0800] "GET /xingrg/all/function/internal_message.html?_=1599443274406&CODE_STATE=getMsg HTTP/1.1" 200 27
114.88.166.242 - - [07/Sep/2020:09:46:55 +0800] "GET /xingrg/kc/buy/cgsh_order_operate.html?command=get_materiel&rest_code=00111&code=00101034077&supplier_code=00100361&order_time=2020-09-07 HTTP/1.1" 200 403
114.82.29.189 - - [07/Sep/2020:09:46:56 +0800] "GET /xingrg/all/function/internal_message.html?_=1599443217750&CODE_STATE=getMsg HTTP/1.1" 200 27
116.238.90.59 - - [07/Sep/2020:09:46:59 +0800] "GET /xingrg/javascript/jquery_easy_ui/themes/default/images/tabs_close.gif HTTP/1.1" 304 -
116.238.90.59 - - [07/Sep/2020:09:46:59 +0800] "GET /xingrg/css/base.css HTTP/1.1" 304 -
116.238.90.59 - - [07/Sep/2020:09:46:59 +0800] "GET /xingrg/css/site.css HTTP/1.1" 304 -
116.238.90.59 - - [07/Sep/2020:09:46:59 +0800] "GET /xingrg/javascript/easyui/themes/icon.css HTTP/1.1" 304 -
116.238.90.59 - - [07/Sep/2020:09:46:59 +0800] "GET /xingrg/javascript/jquery_tools/datebox.css HTTP/1.1" 304 -
116.238.90.59 - - [07/Sep/2020:09:46:59 +0800] "GET /xingrg/javascript/easyui/themes/default/easyui.css HTTP/1.1" 304 -
116.238.90.59 - - [07/Sep/2020:09:46:59 +0800] "GET /xingrg/javascript/auto/jquery.autocomplete.css HTTP/1.1" 304 -
116.238.90.59 - - [07/Sep/2020:09:46:59 +0800] "GET /xingrg/javascript/jquery_tools/jquery.tools.min.js HTTP/1.1" 304 -
116.238.90.59 - - [07/Sep/2020:09:46:59 +0800] "GET /xingrg/kc/buy/cgsh_order_list.html HTTP/1.1" 200 43930
116.238.90.59 - - [07/Sep/2020:09:46:59 +0800] "GET /xingrg/javascript/jquery_tools/jquery.tools.extend.js HTTP/1.1" 304 -
116.238.90.59 - - [07/Sep/2020:09:46:59 +0800] "GET /xingrg/javascript/jquery_tools/fix.css HTTP/1.1" 304 -
116.238.90.59 - - [07/Sep/2020:09:46:59 +0800] "GET /xingrg/javascript/jquery_tools/table.css HTTP/1.1" 304 -
116.238.90.59 - - [07/Sep/2020:09:46:59 +0800] "GET /xingrg/javascript/jquery_tools/jquery.tools.hotkey.js HTTP/1.1" 304 -
116.238.90.59 - - [07/Sep/2020:09:46:59 +0800] "GET /xingrg/javascript/jquery_tools/jquery.tools.table.js HTTP/1.1" 304 -
116.238.90.59 - - [07/Sep/2020:09:46:59 +0800] "GET /xingrg/javascript/jquery_tools/list_manager.js HTTP/1.1" 304 -
116.238.90.59 - - [07/Sep/2020:09:46:59 +0800] "GET /xingrg/javascript/auto/jquery.autocomplete.js HTTP/1.1" 304 -
116.238.90.59 - - [07/Sep/2020:09:46:59 +0800] "GET /xingrg/javascript/easyui/easyloader.js HTTP/1.1" 304 -
116.238.90.59 - - [07/Sep/2020:09:46:59 +0800] "GET /xingrg/javascript/jquery.cookie.js HTTP/1.1" 304 -
116.238.90.59 - - [07/Sep/2020:09:46:59 +0800] "GET /xingrg/javascript/print/LodopFuncs.js HTTP/1.1" 304 -
116.238.90.59 - - [07/Sep/2020:09:47:00 +0800] "GET /xingrg/javascript/easyui/themes/icons/edit_add_new.png HTTP/1.1" 304 -
116.238.90.59 - - [07/Sep/2020:09:47:00 +0800] "GET /xingrg/javascript/easyui/themes/icons/cance_new.png HTTP/1.1" 304 -
116.238.90.59 - - [07/Sep/2020:09:47:00 +0800] "GET /xingrg/javascript/easyui/themes/icons/check_new.png HTTP/1.1" 304 -
116.238.90.59 - - [07/Sep/2020:09:47:00 +0800] "GET /xingrg/javascript/easyui/themes/icons/field_new.png HTTP/1.1" 304 -
116.238.90.59 - - [07/Sep/2020:09:47:00 +0800] "GET /xingrg/javascript/easyui/themes/icons/import_new.png HTTP/1.1" 304 -
116.238.90.59 - - [07/Sep/2020:09:47:00 +0800] "GET /xingrg/javascript/easyui/plugins/jquery.parser.js HTTP/1.1" 304 -
116.238.90.59 - - [07/Sep/2020:09:47:00 +0800] "GET /xingrg/images/control/ajaxLoader.gif HTTP/1.1" 304 -
116.238.90.59 - - [07/Sep/2020:09:47:01 +0800] "POST /xingrg/kc/buy/cgsh_list_operate.html HTTP/1.1" 200 876
117.184.7.26 - - [07/Sep/2020:09:47:01 +0800] "GET /xingrg/kc/buy/cgsh_order_operate.html?command=get_materiel&rest_code=00108&code=00101008296&supplier_code=00100008&order_time=2020-09-07 HTTP/1.1" 200 416
116.238.90.59 - - [07/Sep/2020:09:47:01 +0800] "GET /xingrg/javascript/easyui/themes/default/images/button_plain_hover.png HTTP/1.1" 304 -
116.238.90.59 - - [07/Sep/2020:09:47:01 +0800] "GET /xingrg/javascript/easyui/themes/default/images/button_plain_hover.png HTTP/1.1" 304 -
116.238.90.59 - - [07/Sep/2020:09:47:01 +0800] "GET /xingrg/javascript/easyui/themes/default/images/button_plain_hover.png HTTP/1.1" 304 -
116.238.90.59 - - [07/Sep/2020:09:47:02 +0800] "GET /xingrg/kc/buy/cgsh_order_add.html HTTP/1.1" 200 59586
116.238.90.59 - - [07/Sep/2020:09:47:02 +0800] "GET /xingrg/javascript/pic_change.js HTTP/1.1" 304 -
116.238.90.59 - - [07/Sep/2020:09:47:02 +0800] "GET /xingrg/javascript/jquery_tools/order_manager.js HTTP/1.1" 304 -
116.238.90.59 - - [07/Sep/2020:09:47:02 +0800] "GET /xingrg/javascript/convert.js HTTP/1.1" 304 -
116.238.90.59 - - [07/Sep/2020:09:47:02 +0800] "GET /xingrg/javascript/json2.js HTTP/1.1" 304 -
116.238.90.59 - - [07/Sep/2020:09:47:02 +0800] "GET /xingrg/javascript/print/kc_print.js HTTP/1.1" 304 -
116.238.90.59 - - [07/Sep/2020:09:47:02 +0800] "GET /xingrg/words/20200907064115_words.js HTTP/1.1" 200 760927
116.238.90.59 - - [07/Sep/2020:09:47:02 +0800] "GET /xingrg/javascript/easyui/themes/icons/copy_new.png HTTP/1.1" 304 -
116.238.90.59 - - [07/Sep/2020:09:47:02 +0800] "GET /xingrg/javascript/easyui/themes/icons/template_new.png HTTP/1.1" 304 -
116.238.90.59 - - [07/Sep/2020:09:47:02 +0800] "GET /xingrg/javascript/easyui/themes/icons/ok.png HTTP/1.1" 304 -
116.238.90.59 - - [07/Sep/2020:09:47:02 +0800] "GET /xingrg/javascript/easyui/themes/icons/print.png HTTP/1.1" 304 -
116.238.90.59 - - [07/Sep/2020:09:47:02 +0800] "GET /xingrg/javascript/easyui/themes/default/images/menu_downarrow.png HTTP/1.1" 304 -
116.238.90.59 - - [07/Sep/2020:09:47:02 +0800] "GET /xingrg/javascript/easyui/themes/icons/cancel.png HTTP/1.1" 304 -
116.238.90.59 - - [07/Sep/2020:09:47:03 +0800] "POST /xingrg/kc/buy/cgsh_order_operate.html HTTP/1.1" 200 8245
116.238.90.59 - - [07/Sep/2020:09:47:03 +0800] "GET /xingrg/javascript/easyui/themes/icons/edit_remove.png HTTP/1.1" 304 -
116.238.90.59 - - [07/Sep/2020:09:47:03 +0800] "GET /xingrg/all/common/auto_word.html?type=employee&rest_code=00102 HTTP/1.1" 200 189
116.238.90.59 - - [07/Sep/2020:09:47:03 +0800] "GET /xingrg/all/common/auto_word.html?type=employee&rest_code=00102 HTTP/1.1" 200 189
116.238.90.59 - - [07/Sep/2020:09:47:03 +0800] "GET /xingrg/javascript/easyui/themes/default/validatebox.css HTTP/1.1" 404 1104
116.238.90.59 - - [07/Sep/2020:09:47:03 +0800] "GET /xingrg/javascript/easyui/plugins/jquery.validatebox.js HTTP/1.1" 304 -
116.238.90.59 - - [07/Sep/2020:09:47:03 +0800] "GET /xingrg/javascript/easyui/plugins/jquery.numberbox.js HTTP/1.1" 304 -
116.238.90.59 - - [07/Sep/2020:09:47:03 +0800] "GET /xingrg/javascript/auto/indicator.gif HTTP/1.1" 404 1066
114.88.166.242 - - [07/Sep/2020:09:47:04 +0800] "GET /xingrg/all/function/internal_message.html?_=1599443223843&CODE_STATE=getMsg HTTP/1.1" 200 27
116.238.90.59 - - [07/Sep/2020:09:47:05 +0800] "GET /xingrg/javascript/jquery_tools/images/prev.gif HTTP/1.1" 404 1086
116.238.90.59 - - [07/Sep/2020:09:47:05 +0800] "GET /xingrg/javascript/jquery_tools/images/next.gif HTTP/1.1" 404 1086
222.69.160.252 - - [07/Sep/2020:09:47:05 +0800] "GET /xingrg/all/function/internal_message.html?_=1599443068167&CODE_STATE=getMsg HTTP/1.1" 200 27
116.238.90.59 - - [07/Sep/2020:09:47:07 +0800] "GET /xingrg/all/function/internal_message.html?_=1599443435132&CODE_STATE=getMsg HTTP/1.1" 200 27
117.184.7.26 - - [07/Sep/2020:09:47:08 +0800] "GET /xingrg/kc/buy/cgsh_order_operate.html?command=get_materiel&rest_code=00108&code=00101008098&supplier_code=00100008&order_time=2020-09-07 HTTP/1.1" 200 412
116.238.90.59 - - [07/Sep/2020:09:47:10 +0800] "GET /xingrg/kc/buy/cgsh_order_operate.html?command=get_materiel&rest_code=00102&code=00101008219&supplier_code=00100008&order_time=2020-09-07 HTTP/1.1" 200 412
117.184.7.26 - - [07/Sep/2020:09:47:11 +0800] "POST /xingrg/kc/buy/cgsh_order_operate.html HTTP/1.1" 200 2065
117.184.7.26 - - [07/Sep/2020:09:47:14 +0800] "GET /xingrg/kc/buy/cgsh_order_operate.html?command=get_materiel&rest_code=00108&code=00101008005&supplier_code=00100008&order_time=2020-09-07 HTTP/1.1" 200 412
116.230.74.197 - - [07/Sep/2020:09:47:20 +0800] "GET /xingrg/all/function/internal_message.html?_=1599443242967&CODE_STATE=getMsg HTTP/1.1" 200 27
116.238.71.173 - - [07/Sep/2020:09:47:21 +0800] "GET /xingrg/all/function/internal_message.html?_=1599443241119&CODE_STATE=getMsg HTTP/1.1" 200 27
117.184.7.26 - - [07/Sep/2020:09:47:21 +0800] "GET /xingrg/kc/buy/cgsh_order_operate.html?command=get_materiel&rest_code=00108&code=00101008213&supplier_code=00100008&order_time=2020-09-07 HTTP/1.1" 200 412
116.238.90.59 - - [07/Sep/2020:09:47:25 +0800] "GET /xingrg/kc/buy/cgsh_order_operate.html?command=get_materiel&rest_code=00102&code=00101008155&supplier_code=00100008&order_time=2020-09-07 HTTP/1.1" 200 408
116.238.90.59 - - [07/Sep/2020:09:47:28 +0800] "GET /xingrg/javascript/jquery_easy_ui/themes/default/images/tabs_active.png HTTP/1.1" 304 -
116.238.90.59 - - [07/Sep/2020:09:47:31 +0800] "GET /xingrg/kc/buy/cgsh_order_operate.html?command=get_materiel&rest_code=00102&code=00101008350&supplier_code=00100008&order_time=2020-09-07 HTTP/1.1" 200 408
218.81.217.115 - - [07/Sep/2020:09:47:33 +0800] "GET /xingrg/all/function/internal_message.html?_=1599443254704&CODE_STATE=getMsg HTTP/1.1" 200 27
218.81.217.115 - - [07/Sep/2020:09:47:36 +0800] "GET /xingrg/all/function/internal_message.html?_=1599443257242&CODE_STATE=getMsg HTTP/1.1" 200 27
222.69.130.66 - - [07/Sep/2020:09:47:37 +0800] "GET /xingrg/all/function/internal_message.html?_=1599443255073&CODE_STATE=getMsg HTTP/1.1" 200 27
117.185.32.26 - - [07/Sep/2020:09:47:39 +0800] "GET /xingrg/all/function/internal_message.html?_=1599443692181&CODE_STATE=getMsg HTTP/1.1" 200 27
58.221.95.50 - - [07/Sep/2020:09:47:39 +0800] "GET /xingrg/all/function/internal_message.html?_=1599443405072&CODE_STATE=getMsg HTTP/1.1" 200 27
117.184.7.26 - - [07/Sep/2020:09:47:41 +0800] "GET /xingrg/kc/buy/cgsh_order_operate.html?command=get_materiel&rest_code=00108&code=00101008297&supplier_code=00100008&order_time=2020-09-07 HTTP/1.1" 200 412
117.184.7.26 - - [07/Sep/2020:09:47:46 +0800] "GET /xingrg/all/function/internal_message.html?_=1599443266089&CODE_STATE=getMsg HTTP/1.1" 200 27
117.184.7.26 - - [07/Sep/2020:09:47:48 +0800] "GET /xingrg/kc/buy/cgsh_order_operate.html?command=get_materiel&rest_code=00108&code=00101008101&supplier_code=00100008&order_time=2020-09-07 HTTP/1.1" 200 412
218.81.217.115 - - [07/Sep/2020:09:47:49 +0800] "GET /xingrg/check_reg.html?_=1599443270817 HTTP/1.1" 200 22
61.151.178.175 - - [07/Sep/2020:09:47:50 +0800] "GET /xingrg/check_reg.html?_=1599442534085 HTTP/1.1" 302 -
172.17.0.185 - - [07/Sep/2020:09:47:50 +0800] "GET /xingrg/all/function/internal_message.html?_=1599443269999&CODE_STATE=getMsg HTTP/1.1" 200 27
172.17.0.119 - - [07/Sep/2020:09:47:51 +0800] "GET /xingrg/all/function/internal_message.html?_=1599443271533&CODE_STATE=getMsg HTTP/1.1" 302 -
116.238.90.59 - - [07/Sep/2020:09:47:52 +0800] "GET /xingrg/kc/buy/cgsh_order_operate.html?command=get_materiel&rest_code=00102&code=00101008185&supplier_code=00100008&order_time=2020-09-07 HTTP/1.1" 200 408
116.238.90.59 - - [07/Sep/2020:09:47:53 +0800] "GET /xingrg/all/function/internal_message.html?_=1599443273791&CODE_STATE=getMsg HTTP/1.1" 200 27
114.88.166.242 - - [07/Sep/2020:09:47:53 +0800] "GET /xingrg/check_reg.html?_=1599443334406 HTTP/1.1" 200 22
114.88.166.242 - - [07/Sep/2020:09:47:53 +0800] "GET /xingrg/all/function/internal_message.html?_=1599443334405&CODE_STATE=getMsg HTTP/1.1" 200 27
61.151.178.175 - - [07/Sep/2020:09:47:56 +0800] "GET /xingrg/login.html HTTP/1.1" 200 7641
114.82.29.189 - - [07/Sep/2020:09:47:56 +0800] "GET /xingrg/all/function/internal_message.html?_=1599443277751&CODE_STATE=getMsg HTTP/1.1" 200 27
116.238.90.59 - - [07/Sep/2020:09:47:57 +0800] "GET /xingrg/kc/buy/cgsh_order_operate.html?command=get_materiel&rest_code=00102&code=00101008028&supplier_code=00100008&order_time=2020-09-07 HTTP/1.1" 200 412
114.88.166.242 - - [07/Sep/2020:09:48:04 +0800] "GET /xingrg/all/function/internal_message.html?_=1599443283875&CODE_STATE=getMsg HTTP/1.1" 200 27
222.69.160.252 - - [07/Sep/2020:09:48:05 +0800] "GET /xingrg/all/function/internal_message.html?_=1599443128167&CODE_STATE=getMsg HTTP/1.1" 200 27
116.238.90.59 - - [07/Sep/2020:09:48:07 +0800] "GET /xingrg/check_reg.html?_=1599443494475 HTTP/1.1" 200 22
116.238.90.59 - - [07/Sep/2020:09:48:07 +0800] "GET /xingrg/all/function/internal_message.html?_=1599443495144&CODE_STATE=getMsg HTTP/1.1" 200 27
116.238.90.59 - - [07/Sep/2020:09:48:09 +0800] "GET /xingrg/kc/buy/cgsh_order_operate.html?command=get_materiel&rest_code=00102&code=00101008351&supplier_code=00100008&order_time=2020-09-07 HTTP/1.1" 200 408
117.184.7.26 - - [07/Sep/2020:09:48:09 +0800] "POST /xingrg/kc/buy/cgsh_order_operate.html HTTP/1.1" 200 37
117.184.7.26 - - [07/Sep/2020:09:48:11 +0800] "POST /xingrg/kc/buy/cgsh_order_operate.html HTTP/1.1" 200 27479
116.238.90.59 - - [07/Sep/2020:09:48:17 +0800] "GET /xingrg/kc/buy/cgsh_order_operate.html?command=get_materiel&rest_code=00102&code=00101008283&supplier_code=00100008&order_time=2020-09-07 HTTP/1.1" 200 408
116.230.74.197 - - [07/Sep/2020:09:48:20 +0800] "GET /xingrg/all/function/internal_message.html?_=1599443302966&CODE_STATE=getMsg HTTP/1.1" 200 27
116.230.74.197 - - [07/Sep/2020:09:48:20 +0800] "GET /xingrg/check_reg.html?_=1599443303551 HTTP/1.1" 200 22
116.238.71.173 - - [07/Sep/2020:09:48:21 +0800] "GET /xingrg/all/function/internal_message.html?_=1599443301170&CODE_STATE=getMsg HTTP/1.1" 200 27
116.238.90.59 - - [07/Sep/2020:09:48:22 +0800] "GET /xingrg/kc/buy/cgsh_order_operate.html?command=get_materiel&rest_code=00102&code=00101008038&supplier_code=00100008&order_time=2020-09-07 HTTP/1.1" 200 412
116.238.90.59 - - [07/Sep/2020:09:48:26 +0800] "GET /xingrg/kc/buy/cgsh_order_operate.html?command=get_materiel&rest_code=00102&code=00101008224&supplier_code=00100008&order_time=2020-09-07 HTTP/1.1" 200 416
116.238.90.59 - - [07/Sep/2020:09:48:27 +0800] "GET /xingrg/kc/buy/cgsh_order_operate.html?command=get_materiel&rest_code=00102&code=00101007061&supplier_code=00100002&order_time=2020-09-07 HTTP/1.1" 200 409
116.238.90.59 - - [07/Sep/2020:09:48:30 +0800] "GET /xingrg/kc/buy/cgsh_order_operate.html?command=get_materiel&rest_code=00102&code=00101007143&supplier_code=00100008&order_time=2020-09-07 HTTP/1.1" 200 395
117.184.7.26 - - [07/Sep/2020:09:48:32 +0800] "GET /xingrg/kc/buy/cgsh_order_operate.html?command=get_materiel&rest_code=00108&code=00101008149&supplier_code=00100008&order_time=2020-09-07 HTTP/1.1" 200 408
218.81.217.115 - - [07/Sep/2020:09:48:33 +0800] "GET /xingrg/all/function/internal_message.html?_=1599443314713&CODE_STATE=getMsg HTTP/1.1" 200 27
116.238.90.59 - - [07/Sep/2020:09:48:33 +0800] "GET /xingrg/kc/buy/cgsh_order_operate.html?command=get_materiel&rest_code=00102&code=00101008141&supplier_code=00100008&order_time=2020-09-07 HTTP/1.1" 200 414
218.81.217.115 - - [07/Sep/2020:09:48:36 +0800] "GET /xingrg/all/function/internal_message.html?_=1599443317257&CODE_STATE=getMsg HTTP/1.1" 200 27
222.69.130.66 - - [07/Sep/2020:09:48:37 +0800] "GET /xingrg/all/function/internal_message.html?_=1599443315056&CODE_STATE=getMsg HTTP/1.1" 200 27
117.185.32.26 - - [07/Sep/2020:09:48:39 +0800] "GET /xingrg/all/function/internal_message.html?_=1599443752183&CODE_STATE=getMsg HTTP/1.1" 200 27
58.221.95.50 - - [07/Sep/2020:09:48:39 +0800] "GET /xingrg/all/function/internal_message.html?_=1599443465052&CODE_STATE=getMsg HTTP/1.1" 200 27
116.238.90.59 - - [07/Sep/2020:09:48:40 +0800] "GET /xingrg/kc/buy/cgsh_order_operate.html?command=get_materiel&rest_code=00102&code=00101008355&supplier_code=00100008&order_time=2020-09-07 HTTP/1.1" 200 410
116.238.90.59 - - [07/Sep/2020:09:48:44 +0800] "GET /xingrg/kc/buy/cgsh_order_operate.html?command=get_materiel&rest_code=00102&code=00101008264&supplier_code=00100008&order_time=2020-09-07 HTTP/1.1" 200 412
116.238.90.59 - - [07/Sep/2020:09:48:45 +0800] "GET /xingrg/kc/buy/cgsh_order_operate.html?command=get_materiel&rest_code=00102&code=00101007034&supplier_code=00100002&order_time=2020-09-07 HTTP/1.1" 200 408
117.184.7.26 - - [07/Sep/2020:09:48:46 +0800] "GET /xingrg/all/function/internal_message.html?_=1599443326068&CODE_STATE=getMsg HTTP/1.1" 200 27
117.184.7.26 - - [07/Sep/2020:09:48:47 +0800] "GET /xingrg/kc/buy/cgsh_order_operate.html?command=get_materiel&rest_code=00108&code=00101008236&supplier_code=00100008&order_time=2020-09-07 HTTP/1.1" 200 417
117.184.7.26 - - [07/Sep/2020:09:48:50 +0800] "POST /xingrg/kc/buy/cgsh_order_operate.html HTTP/1.1" 200 2065
172.17.0.185 - - [07/Sep/2020:09:48:50 +0800] "GET /xingrg/check_reg.html?_=1599443329991 HTTP/1.1" 200 22
172.17.0.185 - - [07/Sep/2020:09:48:50 +0800] "GET /xingrg/all/function/internal_message.html?_=1599443329999&CODE_STATE=getMsg HTTP/1.1" 200 27
172.17.0.119 - - [07/Sep/2020:09:48:51 +0800] "GET /xingrg/all/function/internal_message.html?_=1599443331504&CODE_STATE=getMsg HTTP/1.1" 302 -
114.88.166.242 - - [07/Sep/2020:09:48:51 +0800] "GET /xingrg/kc/buy/cgsh_order_operate.html?command=get_materiel&rest_code=00111&code=00101009094&supplier_code=00100361&order_time=2020-09-07 HTTP/1.1" 200 400
116.238.90.59 - - [07/Sep/2020:09:48:52 +0800] "GET /xingrg/kc/buy/cgsh_order_operate.html?command=get_materiel&rest_code=00102&code=00101008356&supplier_code=00100008&order_time=2020-09-07 HTTP/1.1" 200 409
116.238.90.59 - - [07/Sep/2020:09:48:53 +0800] "GET /xingrg/all/function/internal_message.html?_=1599443333804&CODE_STATE=getMsg HTTP/1.1" 200 27
117.184.7.26 - - [07/Sep/2020:09:48:53 +0800] "GET /xingrg/kc/buy/cgsh_order_operate.html?command=get_materiel&rest_code=00108&code=00101008123&supplier_code=00100008&order_time=2020-09-07 HTTP/1.1" 200 412
114.88.166.242 - - [07/Sep/2020:09:48:53 +0800] "GET /xingrg/all/function/internal_message.html?_=1599443394405&CODE_STATE=getMsg HTTP/1.1" 200 27
116.238.90.59 - - [07/Sep/2020:09:48:54 +0800] "GET /xingrg/kc/buy/cgsh_order_operate.html?command=get_materiel&rest_code=00102&code=00101007081&supplier_code=00100002&order_time=2020-09-07 HTTP/1.1" 200 413
114.82.29.189 - - [07/Sep/2020:09:48:56 +0800] "GET /xingrg/all/function/internal_message.html?_=1599443337737&CODE_STATE=getMsg HTTP/1.1" 200 27
116.238.90.59 - - [07/Sep/2020:09:48:58 +0800] "GET /xingrg/kc/buy/cgsh_order_operate.html?command=get_materiel&rest_code=00102&code=00101008360&supplier_code=00100008&order_time=2020-09-07 HTTP/1.1" 200 412
116.238.90.59 - - [07/Sep/2020:09:49:01 +0800] "GET /xingrg/kc/buy/cgsh_order_operate.html?command=get_materiel&rest_code=00102&code=00101007048&supplier_code=00100002&order_time=2020-09-07 HTTP/1.1" 200 408
116.238.90.59 - - [07/Sep/2020:09:49:02 +0800] "GET /xingrg/kc/buy/cgsh_order_operate.html?command=get_materiel&rest_code=00102&code=00101008077&supplier_code=00100008&order_time=2020-09-07 HTTP/1.1" 200 416
117.184.7.26 - - [07/Sep/2020:09:49:05 +0800] "POST /xingrg/kc/buy/cgsh_order_operate.html HTTP/1.1" 200 37
222.69.160.252 - - [07/Sep/2020:09:49:05 +0800] "GET /xingrg/all/function/internal_message.html?_=1599443188158&CODE_STATE=getMsg HTTP/1.1" 200 27
114.88.166.242 - - [07/Sep/2020:09:49:06 +0800] "POST /xingrg/kc/buy/cgsh_order_operate.html HTTP/1.1" 200 37
117.184.7.26 - - [07/Sep/2020:09:49:06 +0800] "POST /xingrg/kc/buy/cgsh_order_operate.html HTTP/1.1" 200 30426
114.88.166.242 - - [07/Sep/2020:09:49:07 +0800] "POST /xingrg/kc/buy/cgsh_order_operate.html HTTP/1.1" 200 3262
58.40.7.146 - - [07/Sep/2020:09:49:07 +0800] "POST /xingrg/services/DataTransmitService HTTP/1.1" 200 524
116.238.90.59 - - [07/Sep/2020:09:49:07 +0800] "GET /xingrg/all/function/internal_message.html?_=1599443555157&CODE_STATE=getMsg HTTP/1.1" 200 27
114.88.166.242 - - [07/Sep/2020:09:49:08 +0800] "GET /xingrg/kc/print/load_config.html?kc_code=cgsh HTTP/1.1" 200 1845
114.88.166.242 - - [07/Sep/2020:09:49:08 +0800] "GET /xingrg/kc/print/load_data.html?order_code=212020090702722&kc_code=cgsh&condition= HTTP/1.1" 200 915
116.238.90.59 - - [07/Sep/2020:09:49:09 +0800] "GET /xingrg/kc/buy/cgsh_order_operate.html?command=get_materiel&rest_code=00102&code=00101007038&supplier_code=00100002&order_time=2020-09-07 HTTP/1.1" 200 443
114.88.166.242 - - [07/Sep/2020:09:49:10 +0800] "GET /xingrg/all/function/internal_message.html?_=1599443349603&CODE_STATE=getMsg HTTP/1.1" 200 27
116.238.90.59 - - [07/Sep/2020:09:49:16 +0800] "GET /xingrg/kc/buy/cgsh_order_operate.html?command=get_materiel&rest_code=00102&code=00101008357&supplier_code=00100008&order_time=2020-09-07 HTTP/1.1" 200 408
116.230.74.197 - - [07/Sep/2020:09:49:20 +0800] "GET /xingrg/all/function/internal_message.html?_=1599443362974&CODE_STATE=getMsg HTTP/1.1" 200 27
116.238.90.59 - - [07/Sep/2020:09:49:21 +0800] "GET /xingrg/kc/buy/cgsh_order_operate.html?command=get_materiel&rest_code=00102&code=00101008069&supplier_code=00100008&order_time=2020-09-07 HTTP/1.1" 200 412
116.238.71.173 - - [07/Sep/2020:09:49:21 +0800] "GET /xingrg/all/function/internal_message.html?_=1599443361219&CODE_STATE=getMsg HTTP/1.1" 200 27
116.238.90.59 - - [07/Sep/2020:09:49:29 +0800] "GET /xingrg/kc/buy/cgsh_order_operate.html?command=get_materiel&rest_code=00102&code=00101008286&supplier_code=00100008&order_time=2020-09-07 HTTP/1.1" 200 408
218.81.217.115 - - [07/Sep/2020:09:49:33 +0800] "GET /xingrg/all/function/internal_message.html?_=1599443374727&CODE_STATE=getMsg HTTP/1.1" 200 27
218.81.217.115 - - [07/Sep/2020:09:49:36 +0800] "GET /xingrg/all/function/internal_message.html?_=1599443377430&CODE_STATE=getMsg HTTP/1.1" 200 27
222.69.130.66 - - [07/Sep/2020:09:49:36 +0800] "GET /xingrg/all/function/internal_message.html?_=1599443375042&CODE_STATE=getMsg HTTP/1.1" 200 27
222.69.130.66 - - [07/Sep/2020:09:49:37 +0800] "GET /xingrg/check_reg.html?_=1599443375232 HTTP/1.1" 200 22
117.185.32.26 - - [07/Sep/2020:09:49:39 +0800] "GET /xingrg/all/function/internal_message.html?_=1599443812177&CODE_STATE=getMsg HTTP/1.1" 200 27
117.185.32.26 - - [07/Sep/2020:09:49:39 +0800] "GET /xingrg/check_reg.html?_=1599443812180 HTTP/1.1" 200 22
58.221.95.50 - - [07/Sep/2020:09:49:39 +0800] "GET /xingrg/all/function/internal_message.html?_=1599443525023&CODE_STATE=getMsg HTTP/1.1" 200 27
116.238.90.59 - - [07/Sep/2020:09:49:41 +0800] "GET /xingrg/kc/buy/cgsh_order_operate.html?command=get_materiel&rest_code=00102&code=00101008036&supplier_code=00100008&order_time=2020-09-07 HTTP/1.1" 200 410
117.184.7.26 - - [07/Sep/2020:09:49:42 +0800] "GET /xingrg/check_reg.html?_=1599443382574 HTTP/1.1" 200 22
116.238.90.59 - - [07/Sep/2020:09:49:43 +0800] "POST /xingrg/kc/buy/cgsh_order_operate.html HTTP/1.1" 200 2065
117.184.7.26 - - [07/Sep/2020:09:49:46 +0800] "GET /xingrg/all/function/internal_message.html?_=1599443386041&CODE_STATE=getMsg HTTP/1.1" 200 27
116.238.90.59 - - [07/Sep/2020:09:49:47 +0800] "GET /xingrg/kc/buy/cgsh_order_operate.html?command=get_materiel&rest_code=00102&code=00101006055&supplier_code=00100008&order_time=2020-09-07 HTTP/1.1" 200 409
116.238.90.59 - - [07/Sep/2020:09:49:50 +0800] "GET /xingrg/kc/buy/cgsh_order_operate.html?command=get_materiel&rest_code=00102&code=00101008131&supplier_code=00100008&order_time=2020-09-07 HTTP/1.1" 200 408
172.17.0.185 - - [07/Sep/2020:09:49:50 +0800] "GET /xingrg/all/function/internal_message.html?_=1599443390002&CODE_STATE=getMsg HTTP/1.1" 200 27
172.17.0.119 - - [07/Sep/2020:09:49:51 +0800] "GET /xingrg/all/function/internal_message.html?_=1599443391489&CODE_STATE=getMsg HTTP/1.1" 302 -
116.238.90.59 - - [07/Sep/2020:09:49:53 +0800] "GET /xingrg/all/function/internal_message.html?_=1599443393817&CODE_STATE=getMsg HTTP/1.1" 200 27
114.88.166.242 - - [07/Sep/2020:09:49:53 +0800] "GET /xingrg/all/function/internal_message.html?_=1599443454405&CODE_STATE=getMsg HTTP/1.1" 200 27
116.238.90.59 - - [07/Sep/2020:09:49:56 +0800] "GET /xingrg/kc/buy/cgsh_order_operate.html?command=get_materiel&rest_code=00102&code=00101008318&supplier_code=00100008&order_time=2020-09-07 HTTP/1.1" 200 408
114.82.29.189 - - [07/Sep/2020:09:49:56 +0800] "GET /xingrg/all/function/internal_message.html?_=1599443397737&CODE_STATE=getMsg HTTP/1.1" 200 27
114.82.29.189 - - [07/Sep/2020:09:49:56 +0800] "GET /xingrg/check_reg.html?_=1599443397801 HTTP/1.1" 200 22
116.238.90.59 - - [07/Sep/2020:09:50:02 +0800] "GET /xingrg/kc/buy/cgsh_order_operate.html?command=get_materiel&rest_code=00102&code=00101008098&supplier_code=00100008&order_time=2020-09-07 HTTP/1.1" 200 412
222.69.160.252 - - [07/Sep/2020:09:50:05 +0800] "GET /xingrg/all/function/internal_message.html?_=1599443248157&CODE_STATE=getMsg HTTP/1.1" 200 27
116.238.90.59 - - [07/Sep/2020:09:50:06 +0800] "GET /xingrg/kc/buy/cgsh_order_operate.html?command=get_materiel&rest_code=00102&code=00101008005&supplier_code=00100008&order_time=2020-09-07 HTTP/1.1" 200 412
114.88.166.242 - - [07/Sep/2020:09:50:10 +0800] "GET /xingrg/all/function/internal_message.html?_=1599443409609&CODE_STATE=getMsg HTTP/1.1" 200 27
117.184.7.26 - - [07/Sep/2020:09:50:12 +0800] "POST /xingrg/kc/buy/cgsh_order_operate.html HTTP/1.1" 200 37
116.238.90.59 - - [07/Sep/2020:09:50:12 +0800] "GET /xingrg/kc/buy/cgsh_order_operate.html?command=get_materiel&rest_code=00102&code=00101008353&supplier_code=00100008&order_time=2020-09-07 HTTP/1.1" 200 408
117.184.7.26 - - [07/Sep/2020:09:50:13 +0800] "POST /xingrg/kc/buy/cgsh_order_operate.html HTTP/1.1" 200 30426
116.238.90.59 - - [07/Sep/2020:09:50:15 +0800] "POST /xingrg/kc/buy/cgsh_order_operate.html HTTP/1.1" 200 2065
117.184.7.26 - - [07/Sep/2020:09:50:15 +0800] "GET /xingrg/kc/print/load_config.html?kc_code=cgsh HTTP/1.1" 200 1845
117.184.7.26 - - [07/Sep/2020:09:50:16 +0800] "GET /xingrg/kc/print/load_data.html?order_code=212020090702720&kc_code=cgsh&condition= HTTP/1.1" 200 11147
116.238.90.59 - - [07/Sep/2020:09:50:18 +0800] "GET /xingrg/kc/buy/cgsh_order_operate.html?command=get_materiel&rest_code=00102&code=00101008125&supplier_code=00100008&order_time=2020-09-07 HTTP/1.1" 200 413
116.230.74.197 - - [07/Sep/2020:09:50:20 +0800] "GET /xingrg/all/function/internal_message.html?_=1599443422972&CODE_STATE=getMsg HTTP/1.1" 200 27
116.238.71.173 - - [07/Sep/2020:09:50:21 +0800] "GET /xingrg/all/function/internal_message.html?_=1599443421268&CODE_STATE=getMsg HTTP/1.1" 200 27
116.238.90.59 - - [07/Sep/2020:09:50:26 +0800] "GET /xingrg/kc/buy/cgsh_order_operate.html?command=get_materiel&rest_code=00102&code=00101006075&supplier_code=00100008&order_time=2020-09-07 HTTP/1.1" 200 416
58.37.9.106 - - [07/Sep/2020:09:50:31 +0800] "GET /xingrg/check_reg.html?_=1599443434036 HTTP/1.1" 200 22
218.81.217.115 - - [07/Sep/2020:09:50:33 +0800] "GET /xingrg/all/function/internal_message.html?_=1599443434858&CODE_STATE=getMsg HTTP/1.1" 200 27
116.238.90.59 - - [07/Sep/2020:09:50:33 +0800] "GET /xingrg/kc/buy/cgsh_order_operate.html?command=get_materiel&rest_code=00102&code=00101010204&supplier_code=00100008&order_time=2020-09-07 HTTP/1.1" 200 409
218.81.217.115 - - [07/Sep/2020:09:50:36 +0800] "GET /xingrg/all/function/internal_message.html?_=1599443437439&CODE_STATE=getMsg HTTP/1.1" 200 27
222.69.130.66 - - [07/Sep/2020:09:50:36 +0800] "GET /xingrg/all/function/internal_message.html?_=1599443435013&CODE_STATE=getMsg HTTP/1.1" 200 27
117.185.32.26 - - [07/Sep/2020:09:50:39 +0800] "GET /xingrg/all/function/internal_message.html?_=1599443872206&CODE_STATE=getMsg HTTP/1.1" 200 27
58.221.95.50 - - [07/Sep/2020:09:50:39 +0800] "GET /xingrg/all/function/internal_message.html?_=1599443585005&CODE_STATE=getMsg HTTP/1.1" 200 27
116.238.90.59 - - [07/Sep/2020:09:50:40 +0800] "GET /xingrg/kc/buy/cgsh_order_operate.html?command=get_materiel&rest_code=00102&code=00101008101&supplier_code=00100008&order_time=2020-09-07 HTTP/1.1" 200 413
116.238.90.59 - - [07/Sep/2020:09:50:46 +0800] "GET /xingrg/kc/buy/cgsh_order_operate.html?command=get_materiel&rest_code=00102&code=00101008114&supplier_code=00100008&order_time=2020-09-07 HTTP/1.1" 200 412
117.184.7.26 - - [07/Sep/2020:09:50:46 +0800] "GET /xingrg/all/function/internal_message.html?_=1599443446016&CODE_STATE=getMsg HTTP/1.1" 200 27
116.238.90.59 - - [07/Sep/2020:09:50:50 +0800] "POST /xingrg/kc/buy/cgsh_order_operate.html HTTP/1.1" 200 2065
172.17.0.185 - - [07/Sep/2020:09:50:50 +0800] "GET /xingrg/all/function/internal_message.html?_=1599443449990&CODE_STATE=getMsg HTTP/1.1" 200 27
172.17.0.119 - - [07/Sep/2020:09:50:51 +0800] "GET /xingrg/all/function/internal_message.html?_=1599443451458&CODE_STATE=getMsg HTTP/1.1" 302 -
101.93.73.215 - - [07/Sep/2020:09:50:53 +0800] "GET /favicon.ico HTTP/1.1" 404 -
116.238.90.59 - - [07/Sep/2020:09:50:53 +0800] "GET /xingrg/all/function/internal_message.html?_=1599443453832&CODE_STATE=getMsg HTTP/1.1" 200 27
114.88.166.242 - - [07/Sep/2020:09:50:53 +0800] "GET /xingrg/all/function/internal_message.html?_=1599443514405&CODE_STATE=getMsg HTTP/1.1" 200 27
116.238.90.59 - - [07/Sep/2020:09:50:56 +0800] "GET /xingrg/kc/buy/cgsh_order_operate.html?command=get_materiel&rest_code=00102&code=00101008229&supplier_code=00100008&order_time=2020-09-07 HTTP/1.1" 200 420
114.82.29.189 - - [07/Sep/2020:09:50:56 +0800] "GET /xingrg/all/function/internal_message.html?_=1599443457738&CODE_STATE=getMsg HTTP/1.1" 200 27
116.238.90.59 - - [07/Sep/2020:09:51:03 +0800] "GET /xingrg/kc/buy/cgsh_order_operate.html?command=get_materiel&rest_code=00102&code=00101008529&supplier_code=00100008&order_time=2020-09-07 HTTP/1.1" 200 402
114.88.166.242 - - [07/Sep/2020:09:51:04 +0800] "GET /xingrg/check_reg.html?_=1599443463836 HTTP/1.1" 200 22
222.69.160.252 - - [07/Sep/2020:09:51:05 +0800] "GET /xingrg/all/function/internal_message.html?_=1599443308168&CODE_STATE=getMsg HTTP/1.1" 200 27
222.69.160.252 - - [07/Sep/2020:09:51:05 +0800] "GET /xingrg/check_reg.html?_=1599443308170 HTTP/1.1" 200 22
114.88.166.242 - - [07/Sep/2020:09:51:10 +0800] "GET /xingrg/all/function/internal_message.html?_=1599443469623&CODE_STATE=getMsg HTTP/1.1" 200 27
116.238.90.59 - - [07/Sep/2020:09:51:12 +0800] "POST /xingrg/kc/buy/cgsh_order_operate.html HTTP/1.1" 200 37
116.238.90.59 - - [07/Sep/2020:09:51:14 +0800] "POST /xingrg/kc/buy/cgsh_order_operate.html HTTP/1.1" 200 20380
116.238.90.59 - - [07/Sep/2020:09:51:15 +0800] "POST /xingrg/kc/buy/cgsh_order_operate.html HTTP/1.1" 200 37
116.238.90.59 - - [07/Sep/2020:09:51:19 +0800] "POST /xingrg/kc/buy/cgsh_order_operate.html HTTP/1.1" 200 12
116.238.90.59 - - [07/Sep/2020:09:51:20 +0800] "POST /xingrg/kc/buy/cgsh_order_operate.html HTTP/1.1" 200 37
116.230.74.197 - - [07/Sep/2020:09:51:20 +0800] "GET /xingrg/all/function/internal_message.html?_=1599443482971&CODE_STATE=getMsg HTTP/1.1" 200 27
116.238.90.59 - - [07/Sep/2020:09:51:21 +0800] "GET /xingrg/kc/buy/cgsh_order_info.html?code=212020090702724 HTTP/1.1" 200 54481
116.238.71.173 - - [07/Sep/2020:09:51:21 +0800] "GET /xingrg/all/function/internal_message.html?_=1599443481319&CODE_STATE=getMsg HTTP/1.1" 200 27
116.238.71.173 - - [07/Sep/2020:09:51:21 +0800] "GET /xingrg/check_reg.html?_=1599443481323 HTTP/1.1" 200 22
116.238.90.59 - - [07/Sep/2020:09:51:21 +0800] "GET /xingrg/javascript/easyui/themes/default/validatebox.css HTTP/1.1" 404 1104
116.238.90.59 - - [07/Sep/2020:09:51:21 +0800] "GET /xingrg/all/function/internal_message.html?_=1599443689240&CODE_STATE=getMsg HTTP/1.1" 200 27
116.238.90.59 - - [07/Sep/2020:09:51:21 +0800] "POST /xingrg/kc/buy/cgsh_order_operate.html HTTP/1.1" 200 2965
116.238.90.59 - - [07/Sep/2020:09:51:22 +0800] "POST /xingrg/kc/buy/cgsh_order_operate.html HTTP/1.1" 200 20380
116.238.90.59 - - [07/Sep/2020:09:51:24 +0800] "GET /xingrg/kc/print/load_data.html?order_code=212020090702724&kc_code=cgsh&condition= HTTP/1.1" 200 1651
116.238.90.59 - - [07/Sep/2020:09:51:24 +0800] "GET /xingrg/javascript/jquery_easy_ui/themes/default/images/tabs_active.png HTTP/1.1" 304 -
116.238.90.59 - - [07/Sep/2020:09:51:26 +0800] "POST /xingrg/kc/buy/cgsh_list_operate.html HTTP/1.1" 200 1690
116.238.90.59 - - [07/Sep/2020:09:51:27 +0800] "GET /xingrg/kc/buy/cgsh_order_add.html HTTP/1.1" 200 59586
116.238.90.59 - - [07/Sep/2020:09:51:27 +0800] "POST /xingrg/kc/buy/cgsh_order_operate.html HTTP/1.1" 200 8245
116.238.90.59 - - [07/Sep/2020:09:51:28 +0800] "GET /xingrg/javascript/easyui/themes/default/validatebox.css HTTP/1.1" 404 1104
