58.40.7.146 - - [07/Sep/2020:10:11:40 +0800] "POST /xingrg/all/common/load_tree.html?tree=area_station_tree_json&manage=1 HTTP/1.1" 200 468
58.40.7.146 - - [07/Sep/2020:10:11:40 +0800] "GET /xingrg/javascript/jquery_easy_ui/themes/default/images/combo_arrow_dot.gif HTTP/1.1" 200 79
58.40.7.146 - - [07/Sep/2020:10:11:40 +0800] "GET /xingrg/javascript/jquery_easy_ui/themes/default/images/tree_checkbox_0.gif HTTP/1.1" 200 168
58.40.7.146 - - [07/Sep/2020:10:11:40 +0800] "GET /xingrg/javascript/jquery_easy_ui/themes/icons/rest.png HTTP/1.1" 200 695
58.40.7.146 - - [07/Sep/2020:10:11:41 +0800] "POST /xingrg/dwr/call/plaincall/AjaxReportQueryService.getInitString.dwr HTTP/1.1" 200 76
58.40.7.146 - - [07/Sep/2020:10:11:41 +0800] "GET /xingrg/javascript/multi_select/dropdown.gif HTTP/1.1" 200 61
120.253.135.82 - - [07/Sep/2020:10:11:41 +0800] "GET /xingrg/kc/buy/cgsh_order_operate.html?command=get_materiel&rest_code=00101&code=00102012048&supplier_code=00100132&order_time=2020-09-07 HTTP/1.1" 200 445
58.40.7.146 - - [07/Sep/2020:10:11:42 +0800] "GET /xingrg/javascript/jquery_easy_ui/themes/icons/area.png HTTP/1.1" 200 262
172.17.0.103 - - [07/Sep/2020:10:11:42 +0800] "GET /xingrg/all/function/internal_message.html?_=1599444731905&CODE_STATE=getMsg HTTP/1.1" 200 27
58.40.7.146 - - [07/Sep/2020:10:11:42 +0800] "POST /xingrg/dwr/call/plaincall/AjaxReportQueryService.getFixDate.dwr HTTP/1.1" 200 111
58.40.7.146 - - [07/Sep/2020:10:11:44 +0800] "GET /xingrg/javascript/jquery_easy_ui/themes/default/images/tree_checkbox_1.gif HTTP/1.1" 200 174
58.40.7.146 - - [07/Sep/2020:10:11:44 +0800] "GET /xingrg/javascript/jquery_easy_ui/themes/default/images/tree_checkbox_2.gif HTTP/1.1" 200 181
58.40.7.146 - - [07/Sep/2020:10:11:44 +0800] "POST /xingrg/dwr/call/plaincall/AjaxReportQueryService.queryInitializeString.dwr HTTP/1.1" 200 203
114.88.166.242 - - [07/Sep/2020:10:11:45 +0800] "GET /xingrg/index.html?sysBaseUrl=http%3A%2F%2F180.169.147.146%3A18081%2Fxingrg%2F&costTime=38×tamp=1588335986102 HTTP/1.1" 200 17173
120.253.135.82 - - [07/Sep/2020:10:11:45 +0800] "POST /xingrg/all/common/load_select.html HTTP/1.1" 200 25
58.40.7.146 - - [07/Sep/2020:10:11:45 +0800] "POST /xingrg/dwr/call/plaincall/AjaxReportQueryService.refreshCache.dwr HTTP/1.1" 200 78
117.184.7.26 - - [07/Sep/2020:10:11:46 +0800] "GET /xingrg/all/function/internal_message.html?_=1599444705605&CODE_STATE=getMsg HTTP/1.1" 200 27
114.88.166.242 - - [07/Sep/2020:10:11:46 +0800] "GET /favicon.ico HTTP/1.1" 404 -
114.88.166.242 - - [07/Sep/2020:10:11:46 +0800] "POST /xingrg/all/common/load_tree.html?tree=area_rest_tree_json&manage=1 HTTP/1.1" 200 342
114.88.166.242 - - [07/Sep/2020:10:11:46 +0800] "GET /xingrg/all/function/internal_message.html?_=1599444766868&CODE_STATE=count HTTP/1.1" 200 11
114.88.166.242 - - [07/Sep/2020:10:11:46 +0800] "GET /xingrg/check_reg.html?_=1599444766870 HTTP/1.1" 200 22
58.40.7.146 - - [07/Sep/2020:10:11:46 +0800] "POST /xingrg/all/report/load_report_page.html HTTP/1.1" 200 184860
114.88.166.242 - - [07/Sep/2020:10:11:46 +0800] "POST /xingrg/load_menu.html HTTP/1.1" 200 5138
58.40.7.146 - - [07/Sep/2020:10:11:46 +0800] "GET /xingrg/servlets/image?cache=0.7811644630106751&image=px HTTP/1.1" 200 807
114.88.166.242 - - [07/Sep/2020:10:11:48 +0800] "GET /xingrg/kc/buy/cgsh_order_list.html HTTP/1.1" 200 43930
120.253.135.82 - - [07/Sep/2020:10:11:49 +0800] "GET /xingrg/kc/buy/cgsh_order_operate.html?command=get_materiel_price&rest_code=00101&code=00102012048&unit_code=00100393&supplier_code=00100132&order_time=2020-09-07 HTTP/1.1" 200 30
114.88.166.242 - - [07/Sep/2020:10:11:50 +0800] "POST /xingrg/kc/buy/cgsh_list_operate.html HTTP/1.1" 200 2777
172.17.0.185 - - [07/Sep/2020:10:11:50 +0800] "GET /xingrg/all/function/internal_message.html?_=1599444710005&CODE_STATE=getMsg HTTP/1.1" 200 27
172.17.0.119 - - [07/Sep/2020:10:11:51 +0800] "GET /xingrg/all/function/internal_message.html?_=1599444710928&CODE_STATE=getMsg HTTP/1.1" 302 -
114.88.166.242 - - [07/Sep/2020:10:11:51 +0800] "GET /xingrg/kc/buy/cgsh_order_add.html HTTP/1.1" 200 59668
114.88.166.242 - - [07/Sep/2020:10:11:51 +0800] "GET /xingrg/words/20200907064115_words.js HTTP/1.1" 304 -
114.88.166.242 - - [07/Sep/2020:10:11:51 +0800] "GET /xingrg/all/common/auto_word.html?type=employee&rest_code=00111 HTTP/1.1" 200 205
114.88.166.242 - - [07/Sep/2020:10:11:51 +0800] "GET /xingrg/all/common/auto_word.html?type=employee&rest_code=00111 HTTP/1.1" 200 205
114.88.166.242 - - [07/Sep/2020:10:11:51 +0800] "POST /xingrg/kc/buy/cgsh_order_operate.html HTTP/1.1" 200 8245
114.88.166.242 - - [07/Sep/2020:10:11:51 +0800] "GET /xingrg/javascript/easyui/themes/default/validatebox.css HTTP/1.1" 404 1104
172.17.0.119 - - [07/Sep/2020:10:11:52 +0800] "GET /xingrg/check_reg.html?_=1599444712321 HTTP/1.1" 302 -
114.88.166.242 - - [07/Sep/2020:10:11:53 +0800] "GET /xingrg/javascript/auto/indicator.gif HTTP/1.1" 404 1066
116.238.71.173 - - [07/Sep/2020:10:11:54 +0800] "POST /xingrg/all/user/operate.html HTTP/1.1" 200 36
114.88.166.242 - - [07/Sep/2020:10:11:54 +0800] "GET /xingrg/javascript/jquery_tools/images/prev.gif HTTP/1.1" 404 1086
114.88.166.242 - - [07/Sep/2020:10:11:54 +0800] "GET /xingrg/javascript/jquery_tools/images/next.gif HTTP/1.1" 404 1086
116.238.71.173 - - [07/Sep/2020:10:11:54 +0800] "GET /xingrg/javascript/jquery_easy_ui/themes/default/easyui.css HTTP/1.1" 304 -
116.238.71.173 - - [07/Sep/2020:10:11:54 +0800] "GET /xingrg/index.html?sysBaseUrl=http%3A%2F%2F180.169.147.146%3A18081%2Fxingrg%2F&costTime=40×tamp=1599350648577 HTTP/1.1" 200 17179
116.238.71.173 - - [07/Sep/2020:10:11:54 +0800] "GET /xingrg/javascript/jquery_easy_ui/themes/icon.css HTTP/1.1" 304 -
116.238.71.173 - - [07/Sep/2020:10:11:54 +0800] "GET /xingrg/css/form.css HTTP/1.1" 304 -
116.238.71.173 - - [07/Sep/2020:10:11:54 +0800] "GET /xingrg/javascript/jquery-1.4.2.min.js HTTP/1.1" 304 -
116.238.71.173 - - [07/Sep/2020:10:11:54 +0800] "GET /xingrg/javascript/jquery_easy_ui/jquery.easyui.min.js HTTP/1.1" 304 -
116.238.71.173 - - [07/Sep/2020:10:11:54 +0800] "GET /xingrg/javascript/jquery_easy_ui/easyui-lang-zh_CN.js HTTP/1.1" 304 -
116.238.71.173 - - [07/Sep/2020:10:11:54 +0800] "GET /xingrg/javascript/jquery.form.js HTTP/1.1" 304 -
116.238.71.173 - - [07/Sep/2020:10:11:54 +0800] "GET /xingrg/javascript/jquery.utils.js HTTP/1.1" 304 -
116.238.71.173 - - [07/Sep/2020:10:11:54 +0800] "GET /xingrg/javascript/jquery.timers.js HTTP/1.1" 304 -
116.238.71.173 - - [07/Sep/2020:10:11:54 +0800] "GET /xingrg/images/blue/jxLogo.png HTTP/1.1" 304 -
116.238.71.173 - - [07/Sep/2020:10:11:54 +0800] "GET /xingrg/images/blue/navBackgound.jpg HTTP/1.1" 304 -
116.238.71.173 - - [07/Sep/2020:10:11:54 +0800] "GET /xingrg/javascript/jquery_easy_ui/themes/icons/settle_new.png HTTP/1.1" 304 -
116.238.71.173 - - [07/Sep/2020:10:11:54 +0800] "POST /xingrg/all/common/load_tree.html?tree=area_rest_tree_json&manage=1 HTTP/1.1" 200 476
116.238.71.173 - - [07/Sep/2020:10:11:54 +0800] "GET /xingrg/all/function/internal_message.html?_=1599444714620&CODE_STATE=count HTTP/1.1" 200 11
116.238.71.173 - - [07/Sep/2020:10:11:54 +0800] "GET /xingrg/check_reg.html?_=1599444714621 HTTP/1.1" 200 22
116.238.71.173 - - [07/Sep/2020:10:11:54 +0800] "GET /xingrg/javascript/jquery_easy_ui/themes/default/images/tabs_rightarrow.png HTTP/1.1" 304 -
116.238.71.173 - - [07/Sep/2020:10:11:54 +0800] "GET /xingrg/images/blue/pingpu.png HTTP/1.1" 304 -
116.238.71.173 - - [07/Sep/2020:10:11:54 +0800] "GET /xingrg/javascript/jquery_easy_ui/themes/default/images/tabs_leftarrow.png HTTP/1.1" 304 -
116.238.71.173 - - [07/Sep/2020:10:11:54 +0800] "GET /xingrg/javascript/jquery_easy_ui/themes/default/images/panel_tool_collapse.gif HTTP/1.1" 304 -
116.238.71.173 - - [07/Sep/2020:10:11:54 +0800] "POST /xingrg/load_menu.html HTTP/1.1" 200 5138
114.82.29.189 - - [07/Sep/2020:10:11:56 +0800] "GET /xingrg/all/function/internal_message.html?_=1599444717773&CODE_STATE=getMsg HTTP/1.1" 200 27
116.238.71.173 - - [07/Sep/2020:10:11:57 +0800] "GET /xingrg/all/function/internal_message.html?_=1599444835784&CODE_STATE=getMsg HTTP/1.1" 200 27
116.238.71.173 - - [07/Sep/2020:10:11:57 +0800] "GET /xingrg/kc/buy/cgsh_order_list.html HTTP/1.1" 200 43936
116.238.71.173 - - [07/Sep/2020:10:11:57 +0800] "POST /xingrg/kc/buy/cgsh_list_operate.html HTTP/1.1" 200 876
114.88.166.242 - - [07/Sep/2020:10:11:59 +0800] "GET /xingrg/kc/buy/cgsh_order_operate.html?command=get_materiel&rest_code=00111&code=00101007061&supplier_code=00100004&order_time=2020-09-07 HTTP/1.1" 200 409
120.253.135.82 - - [07/Sep/2020:10:12:02 +0800] "GET /xingrg/all/function/internal_message.html?_=1599444777572&CODE_STATE=getMsg HTTP/1.1" 200 27
116.238.71.173 - - [07/Sep/2020:10:12:03 +0800] "GET /xingrg/javascript/jquery_tools/images/next.gif HTTP/1.1" 404 1086
116.238.71.173 - - [07/Sep/2020:10:12:03 +0800] "GET /xingrg/javascript/jquery_tools/images/prev.gif HTTP/1.1" 404 1086
222.69.160.252 - - [07/Sep/2020:10:12:05 +0800] "GET /xingrg/all/function/internal_message.html?_=1599444568189&CODE_STATE=getMsg HTTP/1.1" 200 27
114.88.166.242 - - [07/Sep/2020:10:12:06 +0800] "GET /xingrg/kc/buy/cgsh_order_operate.html?command=get_materiel&rest_code=00111&code=00101007076&supplier_code=00100004&order_time=2020-09-07 HTTP/1.1" 200 408
116.238.71.173 - - [07/Sep/2020:10:12:08 +0800] "POST /xingrg/kc/buy/cgsh_list_operate.html HTTP/1.1" 200 3334
114.88.166.242 - - [07/Sep/2020:10:12:10 +0800] "GET /xingrg/all/function/internal_message.html?_=1599444729987&CODE_STATE=getMsg HTTP/1.1" 200 27
120.253.135.82 - - [07/Sep/2020:10:12:14 +0800] "GET /xingrg/kc/buy/cgsh_order_operate.html?command=get_materiel&rest_code=00101&code=00102002433&supplier_code=00100132&order_time=2020-09-07 HTTP/1.1" 200 457
120.253.135.82 - - [07/Sep/2020:10:12:16 +0800] "POST /xingrg/all/common/load_select.html HTTP/1.1" 200 25
114.88.166.242 - - [07/Sep/2020:10:12:17 +0800] "POST /xingrg/kc/buy/cgsh_order_operate.html HTTP/1.1" 200 37
114.88.166.242 - - [07/Sep/2020:10:12:18 +0800] "POST /xingrg/kc/buy/cgsh_order_operate.html HTTP/1.1" 200 3247
114.88.166.242 - - [07/Sep/2020:10:12:18 +0800] "GET /xingrg/kc/print/load_config.html?kc_code=cgsh HTTP/1.1" 200 1845
120.253.135.82 - - [07/Sep/2020:10:12:18 +0800] "GET /xingrg/kc/buy/cgsh_order_operate.html?command=get_materiel_price&rest_code=00101&code=00102002433&unit_code=00100105&supplier_code=00100132&order_time=2020-09-07 HTTP/1.1" 200 31
114.88.166.242 - - [07/Sep/2020:10:12:18 +0800] "GET /xingrg/kc/print/load_data.html?order_code=212020090702740&kc_code=cgsh&condition= HTTP/1.1" 200 945
116.230.74.197 - - [07/Sep/2020:10:12:20 +0800] "GET /xingrg/all/function/internal_message.html?_=1599444742996&CODE_STATE=getMsg HTTP/1.1" 200 27
114.88.166.242 - - [07/Sep/2020:10:12:22 +0800] "GET /xingrg/kc/buy/cgsh_order_add.html HTTP/1.1" 200 59668
114.88.166.242 - - [07/Sep/2020:10:12:22 +0800] "POST /xingrg/kc/buy/cgsh_order_operate.html HTTP/1.1" 200 8245
114.88.166.242 - - [07/Sep/2020:10:12:22 +0800] "GET /xingrg/javascript/easyui/themes/default/validatebox.css HTTP/1.1" 404 1104
116.238.90.59 - - [07/Sep/2020:10:12:22 +0800] "GET /xingrg/all/function/internal_message.html?_=1599444950229&CODE_STATE=getMsg HTTP/1.1" 200 27
116.238.71.173 - - [07/Sep/2020:10:12:27 +0800] "POST /xingrg/kc/buy/cgsh_list_operate.html HTTP/1.1" 200 452
114.88.166.242 - - [07/Sep/2020:10:12:28 +0800] "GET /xingrg/kc/buy/cgsh_order_operate.html?command=get_materiel&rest_code=00111&code=00101028020&supplier_code=00100017&order_time=2020-09-07 HTTP/1.1" 200 451
218.81.217.115 - - [07/Sep/2020:10:12:34 +0800] "GET /xingrg/all/function/internal_message.html?_=1599444756028&CODE_STATE=getMsg HTTP/1.1" 200 27
58.40.7.146 - - [07/Sep/2020:10:12:35 +0800] "GET /xingrg/all/function/internal_message.html?_=1599444755011&CODE_STATE=getMsg HTTP/1.1" 200 27
114.88.166.242 - - [07/Sep/2020:10:12:35 +0800] "POST /xingrg/kc/buy/cgsh_order_operate.html HTTP/1.1" 200 37
114.88.166.242 - - [07/Sep/2020:10:12:36 +0800] "POST /xingrg/kc/buy/cgsh_order_operate.html HTTP/1.1" 200 2690
222.69.130.66 - - [07/Sep/2020:10:12:36 +0800] "GET /xingrg/all/function/internal_message.html?_=1599444754692&CODE_STATE=getMsg HTTP/1.1" 200 27
114.88.166.242 - - [07/Sep/2020:10:12:36 +0800] "GET /xingrg/kc/print/load_data.html?order_code=212020090702741&kc_code=cgsh&condition= HTTP/1.1" 200 759
218.81.217.115 - - [07/Sep/2020:10:12:37 +0800] "GET /xingrg/all/function/internal_message.html?_=1599444758347&CODE_STATE=getMsg HTTP/1.1" 200 27
58.221.95.50 - - [07/Sep/2020:10:12:39 +0800] "GET /xingrg/all/function/internal_message.html?_=1599444904491&CODE_STATE=getMsg HTTP/1.1" 200 27
117.185.32.26 - - [07/Sep/2020:10:12:39 +0800] "GET /xingrg/all/function/internal_message.html?_=1599445192291&CODE_STATE=getMsg HTTP/1.1" 200 27
222.69.130.66 - - [07/Sep/2020:10:12:40 +0800] "POST /xingrg/services/DataTransmitService HTTP/1.1" 200 524
222.69.130.66 - - [07/Sep/2020:10:12:40 +0800] "POST /xingrg/services/DataTransmitService HTTP/1.1" 200 501
172.17.0.103 - - [07/Sep/2020:10:12:42 +0800] "GET /xingrg/all/function/internal_message.html?_=1599444791923&CODE_STATE=getMsg HTTP/1.1" 200 27
172.17.0.103 - - [07/Sep/2020:10:12:42 +0800] "GET /xingrg/check_reg.html?_=1599444791930 HTTP/1.1" 200 22
117.184.7.26 - - [07/Sep/2020:10:12:45 +0800] "GET /xingrg/all/function/internal_message.html?_=1599444765592&CODE_STATE=getMsg HTTP/1.1" 200 27
114.88.166.242 - - [07/Sep/2020:10:12:46 +0800] "GET /xingrg/all/function/internal_message.html?_=1599444826890&CODE_STATE=getMsg HTTP/1.1" 200 27
120.253.135.82 - - [07/Sep/2020:10:12:47 +0800] "GET /xingrg/kc/buy/cgsh_order_operate.html?command=get_materiel&rest_code=00101&code=00102002256&supplier_code=00100132&order_time=2020-09-07 HTTP/1.1" 200 442
218.81.217.115 - - [07/Sep/2020:10:12:49 +0800] "GET /xingrg/check_reg.html?_=1599444770846 HTTP/1.1" 200 22
58.40.7.146 - - [07/Sep/2020:10:12:50 +0800] "GET /xingrg/javascript/jquery_easy_ui/themes/default/images/button_plain_hover.png HTTP/1.1" 200 252
172.17.0.185 - - [07/Sep/2020:10:12:50 +0800] "GET /xingrg/all/function/internal_message.html?_=1599444769994&CODE_STATE=getMsg HTTP/1.1" 200 27
172.17.0.119 - - [07/Sep/2020:10:12:51 +0800] "GET /xingrg/all/function/internal_message.html?_=1599444770901&CODE_STATE=getMsg HTTP/1.1" 302 -
58.40.7.146 - - [07/Sep/2020:10:12:52 +0800] "POST /xingrg/all/report/report_print.html HTTP/1.1" 200 13845
101.89.239.216 - - [07/Sep/2020:10:12:54 +0800] "GET /xingrg/check_reg.html?_=1599444034015 HTTP/1.1" 302 -
116.238.71.173 - - [07/Sep/2020:10:12:54 +0800] "GET /xingrg/all/function/internal_message.html?_=1599444774687&CODE_STATE=getMsg HTTP/1.1" 200 27
114.82.29.189 - - [07/Sep/2020:10:12:56 +0800] "GET /xingrg/all/function/internal_message.html?_=1599444777775&CODE_STATE=getMsg HTTP/1.1" 200 27
116.238.71.173 - - [07/Sep/2020:10:12:57 +0800] "GET /xingrg/all/function/internal_message.html?_=1599444895798&CODE_STATE=getMsg HTTP/1.1" 200 27
120.253.135.82 - - [07/Sep/2020:10:13:02 +0800] "GET /xingrg/all/function/internal_message.html?_=1599444837586&CODE_STATE=getMsg HTTP/1.1" 200 27
101.89.239.216 - - [07/Sep/2020:10:13:03 +0800] "GET /xingrg/login.html HTTP/1.1" 200 7641
222.69.160.252 - - [07/Sep/2020:10:13:05 +0800] "GET /xingrg/all/function/internal_message.html?_=1599444628189&CODE_STATE=getMsg HTTP/1.1" 200 27
120.253.135.82 - - [07/Sep/2020:10:13:06 +0800] "GET /xingrg/kc/buy/cgsh_order_operate.html?command=get_materiel&rest_code=00101&code=00102002574&supplier_code=00100132&order_time=2020-09-07 HTTP/1.1" 200 428
116.238.90.59 - - [07/Sep/2020:10:13:08 +0800] "GET /xingrg/check_reg.html?_=1599444995240 HTTP/1.1" 200 22
114.88.166.242 - - [07/Sep/2020:10:13:10 +0800] "GET /xingrg/all/function/internal_message.html?_=1599444790022&CODE_STATE=getMsg HTTP/1.1" 200 27
120.253.135.82 - - [07/Sep/2020:10:13:15 +0800] "GET /xingrg/kc/buy/cgsh_order_operate.html?command=get_materiel&rest_code=00101&code=00102002025&supplier_code=00100132&order_time=2020-09-07 HTTP/1.1" 200 452
120.253.135.82 - - [07/Sep/2020:10:13:15 +0800] "GET /xingrg/kc/pszx/mdqp_order_list.html?state=10 HTTP/1.1" 200 10565
120.253.135.82 - - [07/Sep/2020:10:13:15 +0800] "GET /xingrg/dwr/interface/AjaxReportQueryService.js HTTP/1.1" 200 13203
120.253.135.82 - - [07/Sep/2020:10:13:15 +0800] "GET /xingrg/dwr/interface/AjaxQqpsService.js HTTP/1.1" 200 16326
120.253.135.82 - - [07/Sep/2020:10:13:15 +0800] "GET /xingrg/dwr/engine.js HTTP/1.1" 200 43631
116.230.74.197 - - [07/Sep/2020:10:13:20 +0800] "GET /xingrg/all/function/internal_message.html?_=1599444802998&CODE_STATE=getMsg HTTP/1.1" 200 27
116.230.74.197 - - [07/Sep/2020:10:13:20 +0800] "GET /xingrg/check_reg.html?_=1599444803437 HTTP/1.1" 200 22
120.253.135.82 - - [07/Sep/2020:10:13:21 +0800] "GET /xingrg/kc/pszx/mdps_order_list.html?orderType=0 HTTP/1.1" 200 21059
120.253.135.82 - - [07/Sep/2020:10:13:22 +0800] "POST /xingrg/kc/pszx/mdps_list_operate.html HTTP/1.1" 200 5537
116.238.90.59 - - [07/Sep/2020:10:13:22 +0800] "GET /xingrg/all/function/internal_message.html?_=1599445010242&CODE_STATE=getMsg HTTP/1.1" 200 27
120.253.135.82 - - [07/Sep/2020:10:13:23 +0800] "GET /xingrg/kc/pszx/mdps_order_add.html HTTP/1.1" 200 28999
120.253.135.82 - - [07/Sep/2020:10:13:23 +0800] "POST /xingrg/kc/pszx/mdps_order_operate.html HTTP/1.1" 200 7126
120.253.135.82 - - [07/Sep/2020:10:13:24 +0800] "GET /xingrg/javascript/easyui/themes/default/validatebox.css HTTP/1.1" 404 1104
218.81.217.115 - - [07/Sep/2020:10:13:34 +0800] "GET /xingrg/all/function/internal_message.html?_=1599444816035&CODE_STATE=getMsg HTTP/1.1" 200 27
58.40.7.146 - - [07/Sep/2020:10:13:35 +0800] "GET /xingrg/all/function/internal_message.html?_=1599444815012&CODE_STATE=getMsg HTTP/1.1" 200 27
222.69.130.66 - - [07/Sep/2020:10:13:36 +0800] "GET /xingrg/all/function/internal_message.html?_=1599444814672&CODE_STATE=getMsg HTTP/1.1" 200 27
218.81.217.115 - - [07/Sep/2020:10:13:37 +0800] "GET /xingrg/all/function/internal_message.html?_=1599444818361&CODE_STATE=getMsg HTTP/1.1" 200 27
58.221.95.50 - - [07/Sep/2020:10:13:39 +0800] "GET /xingrg/all/function/internal_message.html?_=1599444964461&CODE_STATE=getMsg HTTP/1.1" 200 27
117.185.32.26 - - [07/Sep/2020:10:13:39 +0800] "GET /xingrg/all/function/internal_message.html?_=1599445252292&CODE_STATE=getMsg HTTP/1.1" 200 27
120.253.135.82 - - [07/Sep/2020:10:13:42 +0800] "POST /xingrg/kc/buy/cgsh_order_operate.html HTTP/1.1" 200 37
172.17.0.103 - - [07/Sep/2020:10:13:42 +0800] "GET /xingrg/all/function/internal_message.html?_=1599444851931&CODE_STATE=getMsg HTTP/1.1" 200 27
120.253.135.82 - - [07/Sep/2020:10:13:43 +0800] "POST /xingrg/kc/buy/cgsh_order_operate.html HTTP/1.1" 200 4510
117.184.7.26 - - [07/Sep/2020:10:13:45 +0800] "GET /xingrg/all/function/internal_message.html?_=1599444825577&CODE_STATE=getMsg HTTP/1.1" 200 27
114.88.166.242 - - [07/Sep/2020:10:13:46 +0800] "GET /xingrg/all/function/internal_message.html?_=1599444886881&CODE_STATE=getMsg HTTP/1.1" 200 27
172.17.0.185 - - [07/Sep/2020:10:13:50 +0800] "GET /xingrg/all/function/internal_message.html?_=1599444829998&CODE_STATE=getMsg HTTP/1.1" 200 27
172.17.0.185 - - [07/Sep/2020:10:13:50 +0800] "GET /xingrg/check_reg.html?_=1599444830003 HTTP/1.1" 200 22
172.17.0.119 - - [07/Sep/2020:10:13:51 +0800] "GET /xingrg/all/function/internal_message.html?_=1599444830871&CODE_STATE=getMsg HTTP/1.1" 302 -
116.238.71.173 - - [07/Sep/2020:10:13:54 +0800] "GET /xingrg/all/function/internal_message.html?_=1599444834718&CODE_STATE=getMsg HTTP/1.1" 200 27
120.253.135.82 - - [07/Sep/2020:10:13:55 +0800] "POST /xingrg/kc/buy/cgsh_order_operate.html HTTP/1.1" 200 37
114.82.29.189 - - [07/Sep/2020:10:13:56 +0800] "GET /xingrg/all/function/internal_message.html?_=1599444837776&CODE_STATE=getMsg HTTP/1.1" 200 27
116.238.71.173 - - [07/Sep/2020:10:13:57 +0800] "GET /xingrg/all/function/internal_message.html?_=1599444955855&CODE_STATE=getMsg HTTP/1.1" 200 27
120.253.135.82 - - [07/Sep/2020:10:13:57 +0800] "POST /xingrg/kc/buy/cgsh_order_operate.html HTTP/1.1" 200 4510
120.253.135.82 - - [07/Sep/2020:10:14:02 +0800] "GET /xingrg/all/function/internal_message.html?_=1599444897599&CODE_STATE=getMsg HTTP/1.1" 200 27
222.69.160.252 - - [07/Sep/2020:10:14:05 +0800] "GET /xingrg/all/function/internal_message.html?_=1599444688188&CODE_STATE=getMsg HTTP/1.1" 200 27
114.88.166.242 - - [07/Sep/2020:10:14:10 +0800] "GET /xingrg/all/function/internal_message.html?_=1599444850029&CODE_STATE=getMsg HTTP/1.1" 200 27
120.253.135.82 - - [07/Sep/2020:10:14:14 +0800] "POST /xingrg/all/common/load_combo.html?type=base HTTP/1.1" 200 899
120.253.135.82 - - [07/Sep/2020:10:14:18 +0800] "GET /xingrg/system/info/materiel_import.html?isSelect=1&singleSelect=false HTTP/1.1" 200 5600
120.253.135.82 - - [07/Sep/2020:10:14:18 +0800] "GET /xingrg/css/xtree.css HTTP/1.1" 200 880
120.253.135.82 - - [07/Sep/2020:10:14:18 +0800] "GET /xingrg/javascript/jquery_ui/themes/base/base.css HTTP/1.1" 200 28568
120.253.135.82 - - [07/Sep/2020:10:14:19 +0800] "GET /xingrg/javascript/jquery_easy_ui/themes/icons/edit_add.png HTTP/1.1" 200 1088
120.253.135.82 - - [07/Sep/2020:10:14:19 +0800] "GET /xingrg/javascript/jquery_easy_ui/themes/default/images/pagination_first.gif HTTP/1.1" 200 925
120.253.135.82 - - [07/Sep/2020:10:14:19 +0800] "GET /xingrg/javascript/jquery_easy_ui/themes/default/images/pagination_prev.gif HTTP/1.1" 200 879
120.253.135.82 - - [07/Sep/2020:10:14:19 +0800] "GET /xingrg/javascript/jquery_easy_ui/themes/default/images/pagination_next.gif HTTP/1.1" 200 875
120.253.135.82 - - [07/Sep/2020:10:14:19 +0800] "GET /xingrg/javascript/jquery_easy_ui/themes/default/images/pagination_last.gif HTTP/1.1" 200 923
120.253.135.82 - - [07/Sep/2020:10:14:19 +0800] "GET /xingrg/javascript/jquery_easy_ui/themes/default/images/pagination_load.png HTTP/1.1" 200 827
120.253.135.82 - - [07/Sep/2020:10:14:19 +0800] "POST /xingrg/all/common/load_tree.html?tree=materiel_sort_tree_json HTTP/1.1" 200 8666
120.253.135.82 - - [07/Sep/2020:10:14:19 +0800] "GET /favicon.ico HTTP/1.1" 404 -
116.230.74.197 - - [07/Sep/2020:10:14:20 +0800] "GET /xingrg/all/function/internal_message.html?_=1599444862999&CODE_STATE=getMsg HTTP/1.1" 200 27
116.238.90.59 - - [07/Sep/2020:10:14:22 +0800] "GET /xingrg/all/function/internal_message.html?_=1599445070256&CODE_STATE=getMsg HTTP/1.1" 200 27
120.253.135.82 - - [07/Sep/2020:10:14:27 +0800] "GET /xingrg/kc/pszx/mdps_order_operate.html?command=get_materiel&pszx_code=00101&rest_code=00143&base_code=0010250&code=00102002083 HTTP/1.1" 200 455
180.157.253.48 - - [07/Sep/2020:10:14:27 +0800] "POST /xingrg/services/DataTransmitService HTTP/1.1" 200 524
180.157.253.48 - - [07/Sep/2020:10:14:27 +0800] "POST /xingrg/services/DataTransmitService HTTP/1.1" 200 497
218.81.217.115 - - [07/Sep/2020:10:14:34 +0800] "GET /xingrg/all/function/internal_message.html?_=1599444876049&CODE_STATE=getMsg HTTP/1.1" 200 27
58.40.7.146 - - [07/Sep/2020:10:14:35 +0800] "GET /xingrg/all/function/internal_message.html?_=1599444875016&CODE_STATE=getMsg HTTP/1.1" 200 27
222.69.130.66 - - [07/Sep/2020:10:14:36 +0800] "GET /xingrg/all/function/internal_message.html?_=1599444874656&CODE_STATE=getMsg HTTP/1.1" 200 27
222.69.130.66 - - [07/Sep/2020:10:14:37 +0800] "GET /xingrg/check_reg.html?_=1599444875265 HTTP/1.1" 200 22
218.81.217.115 - - [07/Sep/2020:10:14:37 +0800] "GET /xingrg/all/function/internal_message.html?_=1599444878525&CODE_STATE=getMsg HTTP/1.1" 200 27
58.221.95.50 - - [07/Sep/2020:10:14:39 +0800] "GET /xingrg/all/function/internal_message.html?_=1599445024440&CODE_STATE=getMsg HTTP/1.1" 200 27
117.185.32.26 - - [07/Sep/2020:10:14:39 +0800] "GET /xingrg/all/function/internal_message.html?_=1599445312291&CODE_STATE=getMsg HTTP/1.1" 200 27
117.185.32.26 - - [07/Sep/2020:10:14:39 +0800] "GET /xingrg/check_reg.html?_=1599445312293 HTTP/1.1" 200 22
172.17.0.103 - - [07/Sep/2020:10:14:42 +0800] "GET /xingrg/all/function/internal_message.html?_=1599444911928&CODE_STATE=getMsg HTTP/1.1" 200 27
117.184.7.26 - - [07/Sep/2020:10:14:43 +0800] "GET /xingrg/check_reg.html?_=1599444882644 HTTP/1.1" 200 22
117.184.7.26 - - [07/Sep/2020:10:14:45 +0800] "GET /xingrg/all/function/internal_message.html?_=1599444885565&CODE_STATE=getMsg HTTP/1.1" 200 27
114.88.166.242 - - [07/Sep/2020:10:14:46 +0800] "GET /xingrg/all/function/internal_message.html?_=1599444946877&CODE_STATE=getMsg HTTP/1.1" 200 27
120.253.135.82 - - [07/Sep/2020:10:14:50 +0800] "POST /xingrg/kc/pszx/mdps_order_operate.html HTTP/1.1" 200 37
172.17.0.185 - - [07/Sep/2020:10:14:50 +0800] "GET /xingrg/all/function/internal_message.html?_=1599444890006&CODE_STATE=getMsg HTTP/1.1" 200 27
120.253.135.82 - - [07/Sep/2020:10:14:50 +0800] "GET /xingrg/kc/pszx/mdps_order_info.html?code=312020090700206 HTTP/1.1" 200 23849
172.17.0.119 - - [07/Sep/2020:10:14:51 +0800] "GET /xingrg/all/function/internal_message.html?_=1599444890842&CODE_STATE=getMsg HTTP/1.1" 302 -
120.253.135.82 - - [07/Sep/2020:10:14:52 +0800] "POST /xingrg/kc/pszx/mdps_order_operate.html HTTP/1.1" 200 2294
120.253.135.82 - - [07/Sep/2020:10:14:52 +0800] "GET /xingrg/javascript/easyui/themes/default/validatebox.css HTTP/1.1" 404 1104
116.238.71.173 - - [07/Sep/2020:10:14:55 +0800] "GET /xingrg/all/function/internal_message.html?_=1599444894769&CODE_STATE=getMsg HTTP/1.1" 200 27
114.82.29.189 - - [07/Sep/2020:10:14:56 +0800] "GET /xingrg/check_reg.html?_=1599444897762 HTTP/1.1" 200 22
114.82.29.189 - - [07/Sep/2020:10:14:56 +0800] "GET /xingrg/all/function/internal_message.html?_=1599444897768&CODE_STATE=getMsg HTTP/1.1" 200 27
116.238.71.173 - - [07/Sep/2020:10:14:57 +0800] "GET /xingrg/all/function/internal_message.html?_=1599445015857&CODE_STATE=getMsg HTTP/1.1" 200 27
120.253.135.82 - - [07/Sep/2020:10:15:02 +0800] "GET /xingrg/all/function/internal_message.html?_=1599444957613&CODE_STATE=getMsg HTTP/1.1" 200 27
222.69.160.252 - - [07/Sep/2020:10:15:05 +0800] "GET /xingrg/all/function/internal_message.html?_=1599444748194&CODE_STATE=getMsg HTTP/1.1" 200 27
114.88.166.242 - - [07/Sep/2020:10:15:10 +0800] "GET /xingrg/all/function/internal_message.html?_=1599444910055&CODE_STATE=getMsg HTTP/1.1" 200 27
120.253.135.82 - - [07/Sep/2020:10:15:13 +0800] "POST /xingrg/kc/pszx/mdps_order_operate.html HTTP/1.1" 200 37
120.253.135.82 - - [07/Sep/2020:10:15:14 +0800] "GET /xingrg/kc/pszx/mdps_order_info.html?code=312020090700206 HTTP/1.1" 200 23849
120.253.135.82 - - [07/Sep/2020:10:15:15 +0800] "POST /xingrg/kc/pszx/mdps_order_operate.html HTTP/1.1" 200 2294
120.253.135.82 - - [07/Sep/2020:10:15:15 +0800] "GET /xingrg/javascript/easyui/themes/default/validatebox.css HTTP/1.1" 404 1104
120.253.135.82 - - [07/Sep/2020:10:15:20 +0800] "GET /xingrg/kc/pszx/mdps_order_add.html HTTP/1.1" 200 28999
116.230.74.197 - - [07/Sep/2020:10:15:20 +0800] "GET /xingrg/all/function/internal_message.html?_=1599444923001&CODE_STATE=getMsg HTTP/1.1" 200 27
120.253.135.82 - - [07/Sep/2020:10:15:20 +0800] "POST /xingrg/kc/pszx/mdps_order_operate.html HTTP/1.1" 200 7126
120.253.135.82 - - [07/Sep/2020:10:15:20 +0800] "GET /xingrg/javascript/easyui/themes/default/validatebox.css HTTP/1.1" 404 1104
116.238.90.59 - - [07/Sep/2020:10:15:23 +0800] "GET /xingrg/all/function/internal_message.html?_=1599445130493&CODE_STATE=getMsg HTTP/1.1" 200 27
101.93.73.215 - - [07/Sep/2020:10:15:28 +0800] "GET /xingrg/index.html?sysBaseUrl=http%3A%2F%2F180.169.147.146%3A18081%2Fxingrg%2F&costTime=38×tamp=1591973018273 HTTP/1.1" 302 -
101.93.73.215 - - [07/Sep/2020:10:15:28 +0800] "GET /xingrg/login.html HTTP/1.1" 200 7641
101.93.73.215 - - [07/Sep/2020:10:15:29 +0800] "GET /favicon.ico HTTP/1.1" 404 -
120.253.135.82 - - [07/Sep/2020:10:15:30 +0800] "POST /xingrg/all/common/load_combo.html?type=base HTTP/1.1" 200 899
101.93.73.215 - - [07/Sep/2020:10:15:30 +0800] "POST /xingrg/login.do HTTP/1.1" 302 -
101.93.73.215 - - [07/Sep/2020:10:15:30 +0800] "GET /xingrg/index.html?sysBaseUrl=http%3A%2F%2F180.169.147.146%3A18081%2Fxingrg%2F&costTime=41×tamp=1599444930849 HTTP/1.1" 200 17179
58.37.9.106 - - [07/Sep/2020:10:15:30 +0800] "GET /xingrg/check_reg.html?_=1599444933969 HTTP/1.1" 200 22
101.93.73.215 - - [07/Sep/2020:10:15:31 +0800] "GET /favicon.ico HTTP/1.1" 404 -
101.93.73.215 - - [07/Sep/2020:10:15:31 +0800] "POST /xingrg/all/common/load_tree.html?tree=area_rest_tree_json&manage=1 HTTP/1.1" 200 604
101.93.73.215 - - [07/Sep/2020:10:15:31 +0800] "GET /xingrg/all/function/internal_message.html?_=1599444930888&CODE_STATE=count HTTP/1.1" 200 11
101.93.73.215 - - [07/Sep/2020:10:15:31 +0800] "GET /xingrg/check_reg.html?_=1599444930889 HTTP/1.1" 200 22
101.93.73.215 - - [07/Sep/2020:10:15:31 +0800] "POST /xingrg/load_menu.html HTTP/1.1" 200 5138
218.81.217.115 - - [07/Sep/2020:10:15:34 +0800] "GET /xingrg/all/function/internal_message.html?_=1599444936174&CODE_STATE=getMsg HTTP/1.1" 200 27
58.40.7.146 - - [07/Sep/2020:10:15:35 +0800] "GET /xingrg/all/function/internal_message.html?_=1599444935018&CODE_STATE=getMsg HTTP/1.1" 200 27
222.69.130.66 - - [07/Sep/2020:10:15:36 +0800] "GET /xingrg/all/function/internal_message.html?_=1599444934627&CODE_STATE=getMsg HTTP/1.1" 200 27
218.81.217.115 - - [07/Sep/2020:10:15:37 +0800] "GET /xingrg/all/function/internal_message.html?_=1599444938527&CODE_STATE=getMsg HTTP/1.1" 200 27
120.253.135.82 - - [07/Sep/2020:10:15:37 +0800] "GET /xingrg/kc/pszx/mdps_order_operate.html?command=get_materiel&pszx_code=00101&rest_code=00142&base_code=0010250&code=00102002083 HTTP/1.1" 200 455
101.93.73.215 - - [07/Sep/2020:10:15:38 +0800] "GET /xingrg/javascript/jquery_easy_ui/themes/icons/area.png HTTP/1.1" 304 -
101.93.73.215 - - [07/Sep/2020:10:15:38 +0800] "GET /xingrg/javascript/jquery_easy_ui/themes/icons/rest.png HTTP/1.1" 304 -
58.221.95.50 - - [07/Sep/2020:10:15:38 +0800] "GET /xingrg/all/function/internal_message.html?_=1599445084443&CODE_STATE=getMsg HTTP/1.1" 200 27
117.185.32.26 - - [07/Sep/2020:10:15:39 +0800] "GET /xingrg/all/function/internal_message.html?_=1599445372286&CODE_STATE=getMsg HTTP/1.1" 200 27
172.17.0.103 - - [07/Sep/2020:10:15:42 +0800] "GET /xingrg/all/function/internal_message.html?_=1599444971920&CODE_STATE=getMsg HTTP/1.1" 200 27
120.253.135.82 - - [07/Sep/2020:10:15:44 +0800] "POST /xingrg/kc/pszx/mdps_order_operate.html HTTP/1.1" 200 37
120.253.135.82 - - [07/Sep/2020:10:15:44 +0800] "GET /xingrg/kc/pszx/mdps_order_info.html?code=312020090700207 HTTP/1.1" 200 23849
120.253.135.82 - - [07/Sep/2020:10:15:45 +0800] "POST /xingrg/kc/pszx/mdps_order_operate.html HTTP/1.1" 200 2294
120.253.135.82 - - [07/Sep/2020:10:15:45 +0800] "GET /xingrg/javascript/easyui/themes/default/validatebox.css HTTP/1.1" 404 1104
117.184.7.26 - - [07/Sep/2020:10:15:45 +0800] "GET /xingrg/all/function/internal_message.html?_=1599444945549&CODE_STATE=getMsg HTTP/1.1" 200 27
114.88.166.242 - - [07/Sep/2020:10:15:46 +0800] "GET /xingrg/all/function/internal_message.html?_=1599445006876&CODE_STATE=getMsg HTTP/1.1" 200 27
120.253.135.82 - - [07/Sep/2020:10:15:49 +0800] "GET /xingrg/kc/print/load_config.html?kc_code=mdps HTTP/1.1" 200 2396
120.253.135.82 - - [07/Sep/2020:10:15:49 +0800] "GET /xingrg/kc/print/load_data.html?order_code=312020090700207&kc_code=mdps&condition= HTTP/1.1" 200 694
172.17.0.185 - - [07/Sep/2020:10:15:50 +0800] "GET /xingrg/all/function/internal_message.html?_=1599444950006&CODE_STATE=getMsg HTTP/1.1" 200 27
172.17.0.119 - - [07/Sep/2020:10:15:51 +0800] "GET /xingrg/all/function/internal_message.html?_=1599444950812&CODE_STATE=getMsg HTTP/1.1" 302 -
116.238.71.173 - - [07/Sep/2020:10:15:55 +0800] "GET /xingrg/all/function/internal_message.html?_=1599444954853&CODE_STATE=getMsg HTTP/1.1" 200 27
120.253.135.82 - - [07/Sep/2020:10:15:55 +0800] "POST /xingrg/kc/pszx/mdps_list_operate.html HTTP/1.1" 200 5537
116.238.71.173 - - [07/Sep/2020:10:15:56 +0800] "GET /xingrg/check_reg.html?_=1599445075506 HTTP/1.1" 200 22
114.82.29.189 - - [07/Sep/2020:10:15:56 +0800] "GET /xingrg/all/function/internal_message.html?_=1599444957769&CODE_STATE=getMsg HTTP/1.1" 200 27
116.238.71.173 - - [07/Sep/2020:10:15:57 +0800] "GET /xingrg/all/function/internal_message.html?_=1599445075871&CODE_STATE=getMsg HTTP/1.1" 200 27
120.253.135.82 - - [07/Sep/2020:10:16:01 +0800] "POST /xingrg/kc/pszx/mdps_list_operate.html HTTP/1.1" 200 1690
116.238.71.173 - - [07/Sep/2020:10:16:01 +0800] "POST /xingrg/all/user/operate.html HTTP/1.1" 200 36
116.238.71.173 - - [07/Sep/2020:10:16:02 +0800] "GET /xingrg/javascript/jquery_easy_ui/themes/default/easyui.css HTTP/1.1" 304 -
116.238.71.173 - - [07/Sep/2020:10:16:02 +0800] "GET /xingrg/index.html?sysBaseUrl=http%3A%2F%2F180.169.147.146%3A18081%2Fxingrg%2F&costTime=40×tamp=1599350648577 HTTP/1.1" 200 17177
116.238.71.173 - - [07/Sep/2020:10:16:02 +0800] "GET /xingrg/javascript/jquery_easy_ui/themes/icon.css HTTP/1.1" 304 -
116.238.71.173 - - [07/Sep/2020:10:16:02 +0800] "GET /xingrg/css/form.css HTTP/1.1" 304 -
116.238.71.173 - - [07/Sep/2020:10:16:02 +0800] "GET /xingrg/javascript/jquery-1.4.2.min.js HTTP/1.1" 304 -
120.253.135.82 - - [07/Sep/2020:10:16:02 +0800] "GET /xingrg/check_reg.html?_=1599445017577 HTTP/1.1" 200 22
116.238.71.173 - - [07/Sep/2020:10:16:02 +0800] "GET /xingrg/javascript/jquery_easy_ui/jquery.easyui.min.js HTTP/1.1" 304 -
120.253.135.82 - - [07/Sep/2020:10:16:02 +0800] "GET /xingrg/all/function/internal_message.html?_=1599445017626&CODE_STATE=getMsg HTTP/1.1" 200 27
116.238.71.173 - - [07/Sep/2020:10:16:02 +0800] "GET /xingrg/javascript/jquery_easy_ui/easyui-lang-zh_CN.js HTTP/1.1" 304 -
116.238.71.173 - - [07/Sep/2020:10:16:02 +0800] "GET /xingrg/javascript/jquery.form.js HTTP/1.1" 304 -
116.238.71.173 - - [07/Sep/2020:10:16:02 +0800] "GET /xingrg/javascript/jquery.utils.js HTTP/1.1" 304 -
116.238.71.173 - - [07/Sep/2020:10:16:02 +0800] "GET /xingrg/javascript/jquery.timers.js HTTP/1.1" 304 -
116.238.71.173 - - [07/Sep/2020:10:16:02 +0800] "GET /xingrg/images/blue/jxLogo.png HTTP/1.1" 304 -
116.238.71.173 - - [07/Sep/2020:10:16:02 +0800] "GET /xingrg/images/blue/navBackgound.jpg HTTP/1.1" 304 -
116.238.71.173 - - [07/Sep/2020:10:16:02 +0800] "GET /xingrg/javascript/jquery_easy_ui/themes/icons/settle_new.png HTTP/1.1" 304 -
116.238.71.173 - - [07/Sep/2020:10:16:02 +0800] "POST /xingrg/all/common/load_tree.html?tree=area_rest_tree_json&manage=1 HTTP/1.1" 200 476
116.238.71.173 - - [07/Sep/2020:10:16:02 +0800] "GET /xingrg/all/function/internal_message.html?_=1599444962049&CODE_STATE=count HTTP/1.1" 200 11
116.238.71.173 - - [07/Sep/2020:10:16:02 +0800] "GET /xingrg/check_reg.html?_=1599444962050 HTTP/1.1" 200 22
116.238.71.173 - - [07/Sep/2020:10:16:02 +0800] "GET /xingrg/images/blue/pingpu.png HTTP/1.1" 304 -
116.238.71.173 - - [07/Sep/2020:10:16:02 +0800] "GET /xingrg/javascript/jquery_easy_ui/themes/default/images/panel_tool_collapse.gif HTTP/1.1" 304 -
116.238.71.173 - - [07/Sep/2020:10:16:02 +0800] "GET /xingrg/javascript/jquery_easy_ui/themes/default/images/tabs_leftarrow.png HTTP/1.1" 304 -
116.238.71.173 - - [07/Sep/2020:10:16:02 +0800] "GET /xingrg/javascript/jquery_easy_ui/themes/default/images/tabs_rightarrow.png HTTP/1.1" 304 -
116.238.71.173 - - [07/Sep/2020:10:16:02 +0800] "POST /xingrg/load_menu.html HTTP/1.1" 200 5138
120.253.135.82 - - [07/Sep/2020:10:16:02 +0800] "POST /xingrg/kc/pszx/mdps_list_operate.html HTTP/1.1" 200 211
120.253.135.82 - - [07/Sep/2020:10:16:03 +0800] "GET /xingrg/kc/pszx/mdps_order_info.html?code=312020090700206 HTTP/1.1" 200 23849
120.253.135.82 - - [07/Sep/2020:10:16:03 +0800] "POST /xingrg/kc/pszx/mdps_order_operate.html HTTP/1.1" 200 2294
120.253.135.82 - - [07/Sep/2020:10:16:03 +0800] "GET /xingrg/javascript/easyui/themes/default/validatebox.css HTTP/1.1" 404 1104
116.238.71.173 - - [07/Sep/2020:10:16:03 +0800] "GET /xingrg/kc/buy/cgsh_order_list.html HTTP/1.1" 200 43934
114.88.166.242 - - [07/Sep/2020:10:16:04 +0800] "GET /xingrg/check_reg.html?_=1599444963863 HTTP/1.1" 200 22
116.238.71.173 - - [07/Sep/2020:10:16:05 +0800] "POST /xingrg/kc/buy/cgsh_list_operate.html HTTP/1.1" 200 1708
120.253.135.82 - - [07/Sep/2020:10:16:05 +0800] "GET /xingrg/kc/print/load_data.html?order_code=312020090700206&kc_code=mdps&condition= HTTP/1.1" 200 700
222.69.160.252 - - [07/Sep/2020:10:16:05 +0800] "GET /xingrg/check_reg.html?_=1599444808195 HTTP/1.1" 200 22
222.69.160.252 - - [07/Sep/2020:10:16:05 +0800] "GET /xingrg/all/function/internal_message.html?_=1599444808197&CODE_STATE=getMsg HTTP/1.1" 200 27
116.238.71.173 - - [07/Sep/2020:10:16:07 +0800] "POST /xingrg/kc/buy/cgsh_list_operate.html HTTP/1.1" 200 575
116.238.71.173 - - [07/Sep/2020:10:16:08 +0800] "GET /xingrg/kc/buy/cgsh_order_info.html?code=212020090702733 HTTP/1.1" 200 59331
116.238.71.173 - - [07/Sep/2020:10:16:09 +0800] "GET /xingrg/words/20200907064115_words.js HTTP/1.1" 304 -
116.238.71.173 - - [07/Sep/2020:10:16:09 +0800] "GET /xingrg/javascript/easyui/themes/default/validatebox.css HTTP/1.1" 404 1104
116.238.71.173 - - [07/Sep/2020:10:16:09 +0800] "POST /xingrg/kc/buy/cgsh_order_operate.html HTTP/1.1" 200 9228
114.88.166.242 - - [07/Sep/2020:10:16:10 +0800] "GET /xingrg/all/function/internal_message.html?_=1599444970056&CODE_STATE=getMsg HTTP/1.1" 200 27
120.253.135.82 - - [07/Sep/2020:10:16:11 +0800] "POST /xingrg/kc/pszx/mdps_list_operate.html HTTP/1.1" 200 1690
116.230.74.197 - - [07/Sep/2020:10:16:20 +0800] "GET /xingrg/all/function/internal_message.html?_=1599444983002&CODE_STATE=getMsg HTTP/1.1" 200 27
120.253.135.82 - - [07/Sep/2020:10:16:22 +0800] "POST /xingrg/kc/pszx/mdps_list_operate.html HTTP/1.1" 200 1690
116.238.90.59 - - [07/Sep/2020:10:16:23 +0800] "GET /xingrg/all/function/internal_message.html?_=1599445190502&CODE_STATE=getMsg HTTP/1.1" 200 27
101.93.73.215 - - [07/Sep/2020:10:16:31 +0800] "GET /xingrg/all/function/internal_message.html?_=1599444990893&CODE_STATE=getMsg HTTP/1.1" 200 27
218.81.217.115 - - [07/Sep/2020:10:16:34 +0800] "GET /xingrg/all/function/internal_message.html?_=1599444996186&CODE_STATE=getMsg HTTP/1.1" 200 27
218.81.217.115 - - [07/Sep/2020:10:16:35 +0800] "GET /xingrg/check_reg.html?_=1599444996249 HTTP/1.1" 200 22
58.40.7.146 - - [07/Sep/2020:10:16:35 +0800] "GET /xingrg/check_reg.html?_=1599444995022 HTTP/1.1" 200 22
58.40.7.146 - - [07/Sep/2020:10:16:35 +0800] "GET /xingrg/all/function/internal_message.html?_=1599444995023&CODE_STATE=getMsg HTTP/1.1" 200 27
120.253.135.82 - - [07/Sep/2020:10:16:35 +0800] "GET /xingrg/check_reg.html?_=1599444745631 HTTP/1.1" 200 22
222.69.130.66 - - [07/Sep/2020:10:16:36 +0800] "GET /xingrg/all/function/internal_message.html?_=1599444994619&CODE_STATE=getMsg HTTP/1.1" 200 27
58.221.95.50 - - [07/Sep/2020:10:16:37 +0800] "GET /xingrg/check_reg.html?_=1599445142773 HTTP/1.1" 200 22
218.81.217.115 - - [07/Sep/2020:10:16:37 +0800] "GET /xingrg/all/function/internal_message.html?_=1599444998541&CODE_STATE=getMsg HTTP/1.1" 200 27
58.221.95.50 - - [07/Sep/2020:10:16:38 +0800] "GET /xingrg/all/function/internal_message.html?_=1599445144417&CODE_STATE=getMsg HTTP/1.1" 200 27
117.185.32.26 - - [07/Sep/2020:10:16:39 +0800] "GET /xingrg/all/function/internal_message.html?_=1599445432314&CODE_STATE=getMsg HTTP/1.1" 200 27
172.17.0.103 - - [07/Sep/2020:10:16:42 +0800] "GET /xingrg/all/function/internal_message.html?_=1599445031926&CODE_STATE=getMsg HTTP/1.1" 200 27
117.184.7.26 - - [07/Sep/2020:10:16:45 +0800] "GET /xingrg/all/function/internal_message.html?_=1599445005535&CODE_STATE=getMsg HTTP/1.1" 200 27
114.88.166.242 - - [07/Sep/2020:10:16:46 +0800] "GET /xingrg/check_reg.html?_=1599445066874 HTTP/1.1" 200 22
114.88.166.242 - - [07/Sep/2020:10:16:46 +0800] "GET /xingrg/all/function/internal_message.html?_=1599445066876&CODE_STATE=getMsg HTTP/1.1" 200 27
101.93.73.215 - - [07/Sep/2020:10:16:49 +0800] "GET /xingrg/kc/mdqp/qqps_order_list.html HTTP/1.1" 200 9222
101.93.73.215 - - [07/Sep/2020:10:16:49 +0800] "GET /xingrg/dwr/util.js HTTP/1.1" 304 -
101.93.73.215 - - [07/Sep/2020:10:16:49 +0800] "GET /xingrg/dwr/interface/AjaxReportQueryService.js HTTP/1.1" 200 13203
101.93.73.215 - - [07/Sep/2020:10:16:49 +0800] "GET /xingrg/dwr/interface/AjaxQqpsService.js HTTP/1.1" 200 16326
101.93.73.215 - - [07/Sep/2020:10:16:49 +0800] "GET /xingrg/dwr/engine.js HTTP/1.1" 200 43631
101.93.73.215 - - [07/Sep/2020:10:16:50 +0800] "GET /xingrg/kc/mdqp/qqps_order_add.html HTTP/1.1" 200 28079
101.93.73.215 - - [07/Sep/2020:10:16:50 +0800] "GET /xingrg/dwr/interface/AjaxComOrderService.js HTTP/1.1" 200 18264
101.93.73.215 - - [07/Sep/2020:10:16:50 +0800] "GET /xingrg/dwr/interface/AjaxQqpsService.js HTTP/1.1" 200 16326
101.93.73.215 - - [07/Sep/2020:10:16:50 +0800] "GET /xingrg/dwr/engine.js HTTP/1.1" 200 43631
101.93.73.215 - - [07/Sep/2020:10:16:50 +0800] "GET /xingrg/words/20200907064115_words.js HTTP/1.1" 200 760927
172.17.0.185 - - [07/Sep/2020:10:16:50 +0800] "GET /xingrg/all/function/internal_message.html?_=1599445010000&CODE_STATE=getMsg HTTP/1.1" 200 27
172.17.0.119 - - [07/Sep/2020:10:16:51 +0800] "GET /xingrg/all/function/internal_message.html?_=1599445010783&CODE_STATE=getMsg HTTP/1.1" 302 -
172.17.0.119 - - [07/Sep/2020:10:16:52 +0800] "GET /xingrg/check_reg.html?_=1599445012300 HTTP/1.1" 302 -
114.82.29.189 - - [07/Sep/2020:10:16:56 +0800] "GET /xingrg/all/function/internal_message.html?_=1599445017770&CODE_STATE=getMsg HTTP/1.1" 200 27
116.238.71.173 - - [07/Sep/2020:10:16:57 +0800] "GET /xingrg/all/function/internal_message.html?_=1599445135884&CODE_STATE=getMsg HTTP/1.1" 200 27
101.93.73.215 - - [07/Sep/2020:10:17:01 +0800] "POST /xingrg/dwr/call/plaincall/AjaxQqpsService.saveOrder.dwr HTTP/1.1" 200 78
120.253.135.82 - - [07/Sep/2020:10:17:02 +0800] "GET /xingrg/all/function/internal_message.html?_=1599445077641&CODE_STATE=getMsg HTTP/1.1" 200 27
116.238.71.173 - - [07/Sep/2020:10:17:02 +0800] "GET /xingrg/all/function/internal_message.html?_=1599445022085&CODE_STATE=getMsg HTTP/1.1" 200 27
222.69.160.252 - - [07/Sep/2020:10:17:05 +0800] "GET /xingrg/all/function/internal_message.html?_=1599444868181&CODE_STATE=getMsg HTTP/1.1" 200 27
114.88.166.242 - - [07/Sep/2020:10:17:10 +0800] "GET /xingrg/all/function/internal_message.html?_=1599445030070&CODE_STATE=getMsg HTTP/1.1" 200 27
101.93.73.215 - - [07/Sep/2020:10:17:12 +0800] "GET /xingrg/javascript/auto/indicator.gif HTTP/1.1" 404 1066
101.91.60.108 - - [07/Sep/2020:10:17:14 +0800] "GET /xingrg/check_reg.html?_=1599444333987 HTTP/1.1" 302 -
101.93.73.215 - - [07/Sep/2020:10:17:14 +0800] "POST /xingrg/dwr/call/plaincall/AjaxQqpsService.getMaterielByCode.dwr HTTP/1.1" 200 2769
120.253.135.82 - - [07/Sep/2020:10:17:16 +0800] "GET /xingrg/kc/buy/cgsh_order_list.html HTTP/1.1" 200 44185
120.253.135.82 - - [07/Sep/2020:10:17:17 +0800] "POST /xingrg/kc/buy/cgsh_list_operate.html HTTP/1.1" 200 1689
101.91.60.108 - - [07/Sep/2020:10:17:18 +0800] "GET /xingrg/login.html HTTP/1.1" 200 7641
101.93.73.215 - - [07/Sep/2020:10:17:18 +0800] "POST /xingrg/dwr/call/plaincall/AjaxQqpsService.saveMaterielItem.dwr HTTP/1.1" 200 78
120.253.135.82 - - [07/Sep/2020:10:17:19 +0800] "POST /xingrg/kc/buy/cgsh_list_operate.html HTTP/1.1" 200 454
116.230.74.197 - - [07/Sep/2020:10:17:20 +0800] "GET /xingrg/all/function/internal_message.html?_=1599445043004&CODE_STATE=getMsg HTTP/1.1" 200 27
120.253.135.82 - - [07/Sep/2020:10:17:20 +0800] "GET /xingrg/kc/buy/cgsh_order_info.html?code=212020090702742 HTTP/1.1" 200 58654
120.253.135.82 - - [07/Sep/2020:10:17:21 +0800] "GET /xingrg/javascript/easyui/themes/default/validatebox.css HTTP/1.1" 404 1104
120.253.135.82 - - [07/Sep/2020:10:17:21 +0800] "POST /xingrg/kc/buy/cgsh_order_operate.html HTTP/1.1" 200 4510
101.93.73.215 - - [07/Sep/2020:10:17:23 +0800] "POST /xingrg/dwr/call/plaincall/AjaxQqpsService.getMaterielByCode.dwr HTTP/1.1" 200 2759
116.238.90.59 - - [07/Sep/2020:10:17:23 +0800] "GET /xingrg/all/function/internal_message.html?_=1599445250731&CODE_STATE=getMsg HTTP/1.1" 200 27
101.93.73.215 - - [07/Sep/2020:10:17:25 +0800] "POST /xingrg/dwr/call/plaincall/AjaxQqpsService.saveMaterielItem.dwr HTTP/1.1" 200 78
101.93.73.215 - - [07/Sep/2020:10:17:31 +0800] "GET /xingrg/all/function/internal_message.html?_=1599445050904&CODE_STATE=getMsg HTTP/1.1" 200 27
218.81.217.115 - - [07/Sep/2020:10:17:35 +0800] "GET /xingrg/all/function/internal_message.html?_=1599445056304&CODE_STATE=getMsg HTTP/1.1" 200 27
58.40.7.146 - - [07/Sep/2020:10:17:35 +0800] "GET /xingrg/all/function/internal_message.html?_=1599445055009&CODE_STATE=getMsg HTTP/1.1" 200 27
222.69.130.66 - - [07/Sep/2020:10:17:36 +0800] "GET /xingrg/all/function/internal_message.html?_=1599445054602&CODE_STATE=getMsg HTTP/1.1" 200 27
218.81.217.115 - - [07/Sep/2020:10:17:37 +0800] "GET /xingrg/all/function/internal_message.html?_=1599445058555&CODE_STATE=getMsg HTTP/1.1" 200 27
58.221.95.50 - - [07/Sep/2020:10:17:38 +0800] "GET /xingrg/all/function/internal_message.html?_=1599445204396&CODE_STATE=getMsg HTTP/1.1" 200 27
117.185.32.26 - - [07/Sep/2020:10:17:39 +0800] "GET /xingrg/all/function/internal_message.html?_=1599445492315&CODE_STATE=getMsg HTTP/1.1" 200 27
172.17.0.103 - - [07/Sep/2020:10:17:42 +0800] "GET /xingrg/check_reg.html?_=1599445091944 HTTP/1.1" 200 22
172.17.0.103 - - [07/Sep/2020:10:17:42 +0800] "GET /xingrg/all/function/internal_message.html?_=1599445091934&CODE_STATE=getMsg HTTP/1.1" 200 27
117.184.7.26 - - [07/Sep/2020:10:17:45 +0800] "GET /xingrg/all/function/internal_message.html?_=1599445065522&CODE_STATE=getMsg HTTP/1.1" 200 27
114.88.166.242 - - [07/Sep/2020:10:17:46 +0800] "GET /xingrg/all/function/internal_message.html?_=1599445126875&CODE_STATE=getMsg HTTP/1.1" 200 27
218.81.217.115 - - [07/Sep/2020:10:17:49 +0800] "GET /xingrg/check_reg.html?_=1599445070849 HTTP/1.1" 200 22
172.17.0.185 - - [07/Sep/2020:10:17:50 +0800] "GET /xingrg/all/function/internal_message.html?_=1599445070007&CODE_STATE=getMsg HTTP/1.1" 200 27
172.17.0.119 - - [07/Sep/2020:10:17:51 +0800] "GET /xingrg/all/function/internal_message.html?_=1599445070755&CODE_STATE=getMsg HTTP/1.1" 302 -
114.82.29.189 - - [07/Sep/2020:10:17:56 +0800] "GET /xingrg/all/function/internal_message.html?_=1599445077773&CODE_STATE=getMsg HTTP/1.1" 200 27
101.93.73.215 - - [07/Sep/2020:10:17:57 +0800] "POST /xingrg/dwr/call/plaincall/AjaxQqpsService.getMaterielByCode.dwr HTTP/1.1" 200 2735
116.238.71.173 - - [07/Sep/2020:10:17:57 +0800] "GET /xingrg/all/function/internal_message.html?_=1599445195897&CODE_STATE=getMsg HTTP/1.1" 200 27
101.93.73.215 - - [07/Sep/2020:10:17:59 +0800] "POST /xingrg/dwr/call/plaincall/AjaxQqpsService.saveMaterielItem.dwr HTTP/1.1" 200 78
120.253.135.82 - - [07/Sep/2020:10:18:02 +0800] "GET /xingrg/all/function/internal_message.html?_=1599445137655&CODE_STATE=getMsg HTTP/1.1" 200 27
116.238.71.173 - - [07/Sep/2020:10:18:02 +0800] "GET /xingrg/all/function/internal_message.html?_=1599445082147&CODE_STATE=getMsg HTTP/1.1" 200 27
222.69.160.252 - - [07/Sep/2020:10:18:05 +0800] "GET /xingrg/all/function/internal_message.html?_=1599444928196&CODE_STATE=getMsg HTTP/1.1" 200 27
101.93.73.215 - - [07/Sep/2020:10:18:06 +0800] "POST /xingrg/dwr/call/plaincall/AjaxQqpsService.getMaterielByCode.dwr HTTP/1.1" 200 2743
116.238.90.59 - - [07/Sep/2020:10:18:08 +0800] "GET /xingrg/check_reg.html?_=1599445295442 HTTP/1.1" 200 22
101.93.73.215 - - [07/Sep/2020:10:18:08 +0800] "POST /xingrg/dwr/call/plaincall/AjaxQqpsService.saveMaterielItem.dwr HTTP/1.1" 200 78
114.88.166.242 - - [07/Sep/2020:10:18:10 +0800] "GET /xingrg/all/function/internal_message.html?_=1599445090093&CODE_STATE=getMsg HTTP/1.1" 200 27
101.93.73.215 - - [07/Sep/2020:10:18:18 +0800] "POST /xingrg/dwr/call/plaincall/AjaxQqpsService.getMaterielByCode.dwr HTTP/1.1" 200 2705
116.230.74.197 - - [07/Sep/2020:10:18:20 +0800] "GET /xingrg/all/function/internal_message.html?_=1599445103005&CODE_STATE=getMsg HTTP/1.1" 200 27
116.230.74.197 - - [07/Sep/2020:10:18:20 +0800] "GET /xingrg/check_reg.html?_=1599445103428 HTTP/1.1" 200 22
101.93.73.215 - - [07/Sep/2020:10:18:22 +0800] "POST /xingrg/dwr/call/plaincall/AjaxQqpsService.saveMaterielItem.dwr HTTP/1.1" 200 79
116.238.90.59 - - [07/Sep/2020:10:18:23 +0800] "GET /xingrg/all/function/internal_message.html?_=1599445310746&CODE_STATE=getMsg HTTP/1.1" 200 27
101.93.73.215 - - [07/Sep/2020:10:18:31 +0800] "GET /xingrg/all/function/internal_message.html?_=1599445110911&CODE_STATE=getMsg HTTP/1.1" 200 27
218.81.217.115 - - [07/Sep/2020:10:18:35 +0800] "GET /xingrg/all/function/internal_message.html?_=1599445116307&CODE_STATE=getMsg HTTP/1.1" 200 27
58.40.7.146 - - [07/Sep/2020:10:18:35 +0800] "GET /xingrg/all/function/internal_message.html?_=1599445115011&CODE_STATE=getMsg HTTP/1.1" 200 27
101.93.73.215 - - [07/Sep/2020:10:18:35 +0800] "POST /xingrg/dwr/call/plaincall/AjaxQqpsService.getMaterielByCode.dwr HTTP/1.1" 200 2738
222.69.130.66 - - [07/Sep/2020:10:18:36 +0800] "GET /xingrg/all/function/internal_message.html?_=1599445114585&CODE_STATE=getMsg HTTP/1.1" 200 27
218.81.217.115 - - [07/Sep/2020:10:18:37 +0800] "GET /xingrg/all/function/internal_message.html?_=1599445118569&CODE_STATE=getMsg HTTP/1.1" 200 27
101.93.73.215 - - [07/Sep/2020:10:18:38 +0800] "POST /xingrg/dwr/call/plaincall/AjaxQqpsService.saveMaterielItem.dwr HTTP/1.1" 200 79
58.221.95.50 - - [07/Sep/2020:10:18:38 +0800] "GET /xingrg/all/function/internal_message.html?_=1599445264376&CODE_STATE=getMsg HTTP/1.1" 200 27
117.185.32.26 - - [07/Sep/2020:10:18:39 +0800] "GET /xingrg/all/function/internal_message.html?_=1599445552314&CODE_STATE=getMsg HTTP/1.1" 200 27
172.17.0.103 - - [07/Sep/2020:10:18:42 +0800] "GET /xingrg/all/function/internal_message.html?_=1599445151929&CODE_STATE=getMsg HTTP/1.1" 200 27
101.93.73.215 - - [07/Sep/2020:10:18:45 +0800] "POST /xingrg/dwr/call/plaincall/AjaxQqpsService.getMaterielByCode.dwr HTTP/1.1" 200 2769
117.184.7.26 - - [07/Sep/2020:10:18:45 +0800] "GET /xingrg/all/function/internal_message.html?_=1599445125508&CODE_STATE=getMsg HTTP/1.1" 200 27
114.88.166.242 - - [07/Sep/2020:10:18:46 +0800] "GET /xingrg/all/function/internal_message.html?_=1599445186874&CODE_STATE=getMsg HTTP/1.1" 200 27
