172.17.0.119 - - [07/Sep/2020:10:37:28 +0800] "GET /xingrg/javascript/jquery.utils.js HTTP/1.1" 304 -
172.17.0.119 - - [07/Sep/2020:10:37:28 +0800] "GET /xingrg/javascript/jquery.timers.js HTTP/1.1" 304 -
172.17.0.119 - - [07/Sep/2020:10:37:28 +0800] "GET /xingrg/images/blue/jxLogo.png HTTP/1.1" 304 -
172.17.0.119 - - [07/Sep/2020:10:37:28 +0800] "GET /xingrg/javascript/jquery_easy_ui/themes/icons/settle_new.png HTTP/1.1" 304 -
172.17.0.119 - - [07/Sep/2020:10:37:28 +0800] "GET /xingrg/images/blue/navBackgound.jpg HTTP/1.1" 304 -
172.17.0.119 - - [07/Sep/2020:10:37:28 +0800] "POST /xingrg/all/common/load_tree.html?tree=area_rest_tree_json&manage=1 HTTP/1.1" 200 3216
172.17.0.119 - - [07/Sep/2020:10:37:28 +0800] "GET /xingrg/all/function/internal_message.html?_=1599446248181&CODE_STATE=count HTTP/1.1" 200 11
172.17.0.119 - - [07/Sep/2020:10:37:28 +0800] "GET /xingrg/check_reg.html?_=1599446248181 HTTP/1.1" 200 22
172.17.0.119 - - [07/Sep/2020:10:37:28 +0800] "GET /xingrg/javascript/jquery_easy_ui/themes/default/images/tabs_leftarrow.png HTTP/1.1" 304 -
172.17.0.119 - - [07/Sep/2020:10:37:28 +0800] "GET /xingrg/images/blue/pingpu.png HTTP/1.1" 304 -
172.17.0.119 - - [07/Sep/2020:10:37:28 +0800] "GET /xingrg/javascript/jquery_easy_ui/themes/default/images/tabs_rightarrow.png HTTP/1.1" 304 -
172.17.0.119 - - [07/Sep/2020:10:37:28 +0800] "GET /xingrg/javascript/jquery_easy_ui/themes/default/images/panel_tool_expand.gif HTTP/1.1" 304 -
172.17.0.119 - - [07/Sep/2020:10:37:28 +0800] "GET /xingrg/javascript/jquery_easy_ui/themes/default/images/panel_tool_collapse.gif HTTP/1.1" 304 -
172.17.0.119 - - [07/Sep/2020:10:37:28 +0800] "POST /xingrg/load_menu.html HTTP/1.1" 200 9924
116.232.51.212 - - [07/Sep/2020:10:37:30 +0800] "GET /xingrg/kc/buy/cgsh_order_operate.html?command=get_materiel&rest_code=00109&code=00101006110&supplier_code=00100015&order_time=2020-09-07 HTTP/1.1" 200 408
114.82.29.189 - - [07/Sep/2020:10:37:30 +0800] "GET /xingrg/kc/buy/cgsh_order_add.html HTTP/1.1" 200 59668
114.82.29.189 - - [07/Sep/2020:10:37:30 +0800] "GET /xingrg/javascript/easyui/themes/default/validatebox.css HTTP/1.1" 404 1104
114.82.29.189 - - [07/Sep/2020:10:37:30 +0800] "POST /xingrg/kc/buy/cgsh_order_operate.html HTTP/1.1" 200 8245
101.93.73.215 - - [07/Sep/2020:10:37:31 +0800] "GET /xingrg/all/function/internal_message.html?_=1599446250998&CODE_STATE=getMsg HTTP/1.1" 200 27
116.232.51.212 - - [07/Sep/2020:10:37:34 +0800] "GET /xingrg/all/function/internal_message.html?_=1599446288346&CODE_STATE=getMsg HTTP/1.1" 200 27
116.232.51.212 - - [07/Sep/2020:10:37:35 +0800] "GET /xingrg/kc/buy/cgsh_order_operate.html?command=get_materiel&rest_code=00109&code=00101006062&supplier_code=00100015&order_time=2020-09-07 HTTP/1.1" 200 409
58.40.7.146 - - [07/Sep/2020:10:37:35 +0800] "GET /xingrg/all/function/internal_message.html?_=1599446255022&CODE_STATE=getMsg HTTP/1.1" 200 27
218.81.217.115 - - [07/Sep/2020:10:37:36 +0800] "GET /xingrg/all/function/internal_message.html?_=1599446257392&CODE_STATE=getMsg HTTP/1.1" 200 27
222.69.130.66 - - [07/Sep/2020:10:37:36 +0800] "GET /xingrg/all/function/internal_message.html?_=1599446254270&CODE_STATE=getMsg HTTP/1.1" 200 27
180.157.253.48 - - [07/Sep/2020:10:37:37 +0800] "GET /xingrg/check_reg.html?_=1599446258270 HTTP/1.1" 200 22
180.157.253.48 - - [07/Sep/2020:10:37:37 +0800] "GET /xingrg/all/function/internal_message.html?_=1599446258432&CODE_STATE=getMsg HTTP/1.1" 200 27
218.81.217.115 - - [07/Sep/2020:10:37:38 +0800] "GET /xingrg/all/function/internal_message.html?_=1599446259388&CODE_STATE=getMsg HTTP/1.1" 200 27
58.221.95.50 - - [07/Sep/2020:10:37:38 +0800] "GET /xingrg/all/function/internal_message.html?_=1599446403952&CODE_STATE=getMsg HTTP/1.1" 200 27
117.185.32.26 - - [07/Sep/2020:10:37:39 +0800] "GET /xingrg/all/function/internal_message.html?_=1599446692387&CODE_STATE=getMsg HTTP/1.1" 200 27
116.232.51.212 - - [07/Sep/2020:10:37:40 +0800] "GET /xingrg/kc/buy/cgsh_order_operate.html?command=get_materiel&rest_code=00109&code=00101006057&supplier_code=00100015&order_time=2020-09-07 HTTP/1.1" 200 413
172.17.0.103 - - [07/Sep/2020:10:37:42 +0800] "GET /xingrg/all/function/internal_message.html?_=1599446291958&CODE_STATE=getMsg HTTP/1.1" 200 27
172.17.0.103 - - [07/Sep/2020:10:37:42 +0800] "GET /xingrg/check_reg.html?_=1599446291949 HTTP/1.1" 200 22
116.230.74.197 - - [07/Sep/2020:10:37:44 +0800] "GET /xingrg/kc/buy/cgsh_order_operate.html?command=get_materiel&rest_code=00107&code=00101013119&supplier_code=00100337&order_time=2020-09-07 HTTP/1.1" 200 440
114.82.29.189 - - [07/Sep/2020:10:37:45 +0800] "GET /xingrg/kc/buy/cgsh_order_operate.html?command=get_materiel&rest_code=00105&code=00101002035&supplier_code=00100088&order_time=2020-09-07 HTTP/1.1" 200 415
117.184.7.26 - - [07/Sep/2020:10:37:45 +0800] "GET /xingrg/all/function/internal_message.html?_=1599446265157&CODE_STATE=getMsg HTTP/1.1" 200 27
116.232.51.212 - - [07/Sep/2020:10:37:45 +0800] "GET /xingrg/kc/buy/cgsh_order_operate.html?command=get_materiel&rest_code=00109&code=00101006058&supplier_code=00100015&order_time=2020-09-07 HTTP/1.1" 200 413
114.88.166.242 - - [07/Sep/2020:10:37:46 +0800] "GET /xingrg/all/function/internal_message.html?_=1599446326902&CODE_STATE=getMsg HTTP/1.1" 200 27
218.81.217.115 - - [07/Sep/2020:10:37:49 +0800] "GET /xingrg/check_reg.html?_=1599446270871 HTTP/1.1" 200 22
117.184.7.26 - - [07/Sep/2020:10:37:49 +0800] "POST /xingrg/services/DataTransmitService HTTP/1.1" 401 565
117.184.7.26 - - [07/Sep/2020:10:37:49 +0800] "POST /xingrg/services/DataTransmitService HTTP/1.1" 200 478
117.184.7.26 - - [07/Sep/2020:10:37:50 +0800] "POST /xingrg/services/DataTransmitService HTTP/1.1" 200 1320
117.184.7.26 - - [07/Sep/2020:10:37:50 +0800] "POST /xingrg/services/DataTransmitService HTTP/1.1" 200 478
117.184.7.26 - - [07/Sep/2020:10:37:50 +0800] "POST /xingrg/services/DataTransmitService HTTP/1.1" 200 1320
117.184.7.26 - - [07/Sep/2020:10:37:50 +0800] "POST /xingrg/services/DataTransmitService HTTP/1.1" 200 524
117.184.7.26 - - [07/Sep/2020:10:37:50 +0800] "POST /xingrg/services/DataTransmitService HTTP/1.1" 200 2003
117.184.7.26 - - [07/Sep/2020:10:37:50 +0800] "POST /xingrg/services/DataTransmitService HTTP/1.1" 200 143648
172.17.0.185 - - [07/Sep/2020:10:37:50 +0800] "GET /xingrg/all/function/internal_message.html?_=1599446269990&CODE_STATE=getMsg HTTP/1.1" 200 27
116.232.51.212 - - [07/Sep/2020:10:37:53 +0800] "POST /xingrg/kc/buy/cgsh_order_operate.html HTTP/1.1" 200 37
116.232.51.212 - - [07/Sep/2020:10:37:54 +0800] "POST /xingrg/kc/buy/cgsh_order_operate.html HTTP/1.1" 200 8634
116.232.51.212 - - [07/Sep/2020:10:37:55 +0800] "GET /xingrg/kc/print/load_config.html?kc_code=cgsh HTTP/1.1" 200 1845
116.232.51.212 - - [07/Sep/2020:10:37:55 +0800] "GET /xingrg/kc/print/load_data.html?order_code=212020090702764&kc_code=cgsh&condition= HTTP/1.1" 200 3049
114.82.29.189 - - [07/Sep/2020:10:37:56 +0800] "GET /xingrg/all/function/internal_message.html?_=1599446277830&CODE_STATE=getMsg HTTP/1.1" 200 27
180.152.230.204 - - [07/Sep/2020:10:38:01 +0800] "GET /xingrg/all/function/internal_message.html?_=1599446278569&CODE_STATE=getMsg HTTP/1.1" 200 27
120.253.135.82 - - [07/Sep/2020:10:38:02 +0800] "GET /xingrg/all/function/internal_message.html?_=1599446338034&CODE_STATE=getMsg HTTP/1.1" 200 27
116.232.51.212 - - [07/Sep/2020:10:38:03 +0800] "GET /xingrg/kc/buy/cgsh_order_add.html HTTP/1.1" 200 59715
116.232.51.212 - - [07/Sep/2020:10:38:03 +0800] "POST /xingrg/kc/buy/cgsh_order_operate.html HTTP/1.1" 200 8245
116.232.51.212 - - [07/Sep/2020:10:38:03 +0800] "GET /xingrg/all/common/auto_word.html?type=employee&rest_code=00109 HTTP/1.1" 200 255
116.232.51.212 - - [07/Sep/2020:10:38:03 +0800] "GET /xingrg/all/common/auto_word.html?type=employee&rest_code=00109 HTTP/1.1" 200 255
116.238.71.173 - - [07/Sep/2020:10:38:03 +0800] "GET /xingrg/all/function/internal_message.html?_=1599446283123&CODE_STATE=getMsg HTTP/1.1" 200 27
116.232.51.212 - - [07/Sep/2020:10:38:03 +0800] "GET /xingrg/javascript/easyui/themes/default/validatebox.css HTTP/1.1" 404 1104
114.82.29.189 - - [07/Sep/2020:10:38:04 +0800] "POST /xingrg/kc/buy/cgsh_order_operate.html HTTP/1.1" 200 37
114.82.29.189 - - [07/Sep/2020:10:38:05 +0800] "POST /xingrg/kc/buy/cgsh_order_operate.html HTTP/1.1" 200 2664
222.69.160.252 - - [07/Sep/2020:10:38:05 +0800] "GET /xingrg/all/function/internal_message.html?_=1599446128211&CODE_STATE=getMsg HTTP/1.1" 200 27
116.232.51.212 - - [07/Sep/2020:10:38:06 +0800] "GET /xingrg/javascript/jquery_tools/images/prev.gif HTTP/1.1" 404 1086
116.232.51.212 - - [07/Sep/2020:10:38:06 +0800] "GET /xingrg/javascript/jquery_tools/images/next.gif HTTP/1.1" 404 1086
116.238.90.59 - - [07/Sep/2020:10:38:08 +0800] "GET /xingrg/check_reg.html?_=1599446495707 HTTP/1.1" 200 22
117.184.7.26 - - [07/Sep/2020:10:38:09 +0800] "POST /xingrg/services/DataTransmitService HTTP/1.1" 200 45454
117.184.7.26 - - [07/Sep/2020:10:38:09 +0800] "POST /xingrg/services/DataTransmitService HTTP/1.1" 200 19237
116.232.51.212 - - [07/Sep/2020:10:38:11 +0800] "GET /xingrg/kc/buy/cgsh_order_operate.html?command=get_materiel&rest_code=00109&code=00101009109&supplier_code=00100022&order_time=2020-09-07 HTTP/1.1" 200 399
114.88.166.242 - - [07/Sep/2020:10:38:11 +0800] "GET /xingrg/all/function/internal_message.html?_=1599446290463&CODE_STATE=getMsg HTTP/1.1" 200 27
120.253.135.82 - - [07/Sep/2020:10:38:11 +0800] "GET /xingrg/check_reg.html?_=1599446041785 HTTP/1.1" 200 22
120.253.135.82 - - [07/Sep/2020:10:38:11 +0800] "GET /xingrg/all/function/internal_message.html?_=1599446041906&CODE_STATE=getMsg HTTP/1.1" 200 27
116.230.74.197 - - [07/Sep/2020:10:38:11 +0800] "GET /xingrg/kc/buy/cgsh_order_operate.html?command=get_materiel&rest_code=00107&code=00101013103&supplier_code=00100337&order_time=2020-09-07 HTTP/1.1" 200 413
180.157.253.48 - - [07/Sep/2020:10:38:15 +0800] "POST /xingrg/services/DataTransmitService HTTP/1.1" 200 524
114.82.29.189 - - [07/Sep/2020:10:38:15 +0800] "GET /xingrg/kc/print/load_data.html?order_code=212020090702768&kc_code=cgsh&condition= HTTP/1.1" 200 747
180.157.253.48 - - [07/Sep/2020:10:38:15 +0800] "POST /xingrg/services/DataTransmitService HTTP/1.1" 200 2007
116.230.74.197 - - [07/Sep/2020:10:38:20 +0800] "GET /xingrg/check_reg.html?_=1599446303365 HTTP/1.1" 200 22
116.230.74.197 - - [07/Sep/2020:10:38:21 +0800] "GET /xingrg/all/function/internal_message.html?_=1599446303677&CODE_STATE=getMsg HTTP/1.1" 200 27
114.82.29.189 - - [07/Sep/2020:10:38:22 +0800] "GET /xingrg/kc/buy/cgsh_order_add.html HTTP/1.1" 200 59668
114.82.29.189 - - [07/Sep/2020:10:38:23 +0800] "POST /xingrg/kc/buy/cgsh_order_operate.html HTTP/1.1" 200 8245
114.82.29.189 - - [07/Sep/2020:10:38:23 +0800] "GET /xingrg/javascript/easyui/themes/default/validatebox.css HTTP/1.1" 404 1104
116.238.90.59 - - [07/Sep/2020:10:38:25 +0800] "GET /xingrg/all/function/internal_message.html?_=1599446512657&CODE_STATE=getMsg HTTP/1.1" 200 27
116.232.51.212 - - [07/Sep/2020:10:38:25 +0800] "GET /xingrg/kc/buy/cgsh_order_operate.html?command=get_materiel&rest_code=00109&code=00101009062&supplier_code=00100022&order_time=2020-09-07 HTTP/1.1" 200 433
180.152.230.204 - - [07/Sep/2020:10:38:26 +0800] "GET /xingrg/kc/report/report_main.html HTTP/1.1" 200 7345
172.17.0.119 - - [07/Sep/2020:10:38:28 +0800] "GET /xingrg/all/function/internal_message.html?_=1599446308187&CODE_STATE=getMsg HTTP/1.1" 200 27
180.152.230.204 - - [07/Sep/2020:10:38:29 +0800] "GET /xingrg/all/report/report_query.html?fileName=kc/buy/gys_amount.xml&rh=99999 HTTP/1.1" 200 52006
180.152.230.204 - - [07/Sep/2020:10:38:29 +0800] "GET /xingrg/javascript/multi_select/jqueryMultiSelect.css HTTP/1.1" 200 951
180.152.230.204 - - [07/Sep/2020:10:38:29 +0800] "GET /xingrg/javascript/bigrid/fix.css HTTP/1.1" 200 1702
180.152.230.204 - - [07/Sep/2020:10:38:29 +0800] "GET /xingrg/javascript/calendar/timePicker.css HTTP/1.1" 200 523
180.152.230.204 - - [07/Sep/2020:10:38:29 +0800] "GET /xingrg/javascript/bigrid/fix.js HTTP/1.1" 200 6439
180.152.230.204 - - [07/Sep/2020:10:38:29 +0800] "GET /xingrg/javascript/calendar/jquery.timePicker.min.js HTTP/1.1" 200 2997
180.152.230.204 - - [07/Sep/2020:10:38:29 +0800] "GET /xingrg/dwr/interface/AjaxReportQueryService.js HTTP/1.1" 200 13203
180.152.230.204 - - [07/Sep/2020:10:38:29 +0800] "GET /xingrg/javascript/jqueryMultiSelect.js HTTP/1.1" 200 11866
180.152.230.204 - - [07/Sep/2020:10:38:29 +0800] "GET /xingrg/dwr/util.js HTTP/1.1" 200 35990
180.152.230.204 - - [07/Sep/2020:10:38:29 +0800] "GET /xingrg/dwr/engine.js HTTP/1.1" 200 43631
180.152.230.204 - - [07/Sep/2020:10:38:29 +0800] "GET /xingrg/javascript/Calendar.js HTTP/1.1" 200 31561
180.152.230.204 - - [07/Sep/2020:10:38:29 +0800] "GET /xingrg/images/blue/button/advanceover.gif HTTP/1.1" 200 1347
180.152.230.204 - - [07/Sep/2020:10:38:29 +0800] "GET /xingrg/images/blue/button/advance2over.gif HTTP/1.1" 200 1336
180.152.230.204 - - [07/Sep/2020:10:38:29 +0800] "GET /xingrg/images/blue/button/back2over.gif HTTP/1.1" 200 1335
180.152.230.204 - - [07/Sep/2020:10:38:29 +0800] "GET /xingrg/images/blue/button/backover.gif HTTP/1.1" 200 1348
180.152.230.204 - - [07/Sep/2020:10:38:29 +0800] "GET /xingrg/images/control/loading.gif HTTP/1.1" 200 13463
180.152.230.204 - - [07/Sep/2020:10:38:30 +0800] "GET /xingrg/javascript/jquery_easy_ui/themes/icons/pencil.png HTTP/1.1" 200 713
180.152.230.204 - - [07/Sep/2020:10:38:30 +0800] "GET /xingrg/javascript/jquery_easy_ui/themes/default/images/menu_rightarrow.png HTTP/1.1" 200 3617
180.152.230.204 - - [07/Sep/2020:10:38:30 +0800] "GET /xingrg/javascript/jquery_easy_ui/themes/icons/help.png HTTP/1.1" 200 1187
180.152.230.204 - - [07/Sep/2020:10:38:30 +0800] "POST /xingrg/dwr/call/plaincall/AjaxReportQueryService.getFixDate.dwr HTTP/1.1" 200 111
180.152.230.204 - - [07/Sep/2020:10:38:30 +0800] "GET /xingrg/javascript/jquery_easy_ui/themes/default/images/combo_arrow_dot.gif HTTP/1.1" 200 79
180.152.230.204 - - [07/Sep/2020:10:38:30 +0800] "POST /xingrg/all/common/load_tree.html?tree=materiel_sort_tree_json HTTP/1.1" 200 8666
180.152.230.204 - - [07/Sep/2020:10:38:30 +0800] "POST /xingrg/all/common/load_tree.html?tree=supplier_tree_json&manage=1 HTTP/1.1" 200 50901
180.152.230.204 - - [07/Sep/2020:10:38:30 +0800] "GET /xingrg/javascript/jquery_easy_ui/themes/default/images/tree_checkbox_0.gif HTTP/1.1" 200 168
180.152.230.204 - - [07/Sep/2020:10:38:30 +0800] "POST /xingrg/dwr/call/plaincall/AjaxReportQueryService.getInitString.dwr HTTP/1.1" 200 411
101.93.73.215 - - [07/Sep/2020:10:38:31 +0800] "GET /xingrg/all/function/internal_message.html?_=1599446311002&CODE_STATE=getMsg HTTP/1.1" 200 27
180.152.230.204 - - [07/Sep/2020:10:38:32 +0800] "GET /xingrg/javascript/multi_select/dropdown.gif HTTP/1.1" 200 61
114.82.29.189 - - [07/Sep/2020:10:38:32 +0800] "GET /xingrg/kc/buy/cgsh_order_operate.html?command=get_materiel&rest_code=00105&code=00101007016&supplier_code=00100323&order_time=2020-09-07 HTTP/1.1" 200 409
116.232.51.212 - - [07/Sep/2020:10:38:32 +0800] "GET /xingrg/all/function/internal_message.html?_=1599446348995&CODE_STATE=getMsg HTTP/1.1" 200 27
116.232.51.212 - - [07/Sep/2020:10:38:32 +0800] "GET /xingrg/kc/buy/cgsh_order_operate.html?command=get_materiel&rest_code=00109&code=00101009011&supplier_code=00100022&order_time=2020-09-07 HTTP/1.1" 200 416
58.40.7.146 - - [07/Sep/2020:10:38:35 +0800] "GET /xingrg/all/function/internal_message.html?_=1599446315025&CODE_STATE=getMsg HTTP/1.1" 200 27
218.81.217.115 - - [07/Sep/2020:10:38:36 +0800] "GET /xingrg/all/function/internal_message.html?_=1599446317406&CODE_STATE=getMsg HTTP/1.1" 200 27
222.69.130.66 - - [07/Sep/2020:10:38:36 +0800] "GET /xingrg/all/function/internal_message.html?_=1599446314254&CODE_STATE=getMsg HTTP/1.1" 200 27
116.230.74.197 - - [07/Sep/2020:10:38:37 +0800] "GET /xingrg/kc/buy/cgsh_order_operate.html?command=get_materiel&rest_code=00107&code=00101019009&supplier_code=00100337&order_time=2020-09-07 HTTP/1.1" 200 428
180.157.253.48 - - [07/Sep/2020:10:38:37 +0800] "GET /xingrg/all/function/internal_message.html?_=1599446318415&CODE_STATE=getMsg HTTP/1.1" 200 27
218.81.217.115 - - [07/Sep/2020:10:38:38 +0800] "GET /xingrg/all/function/internal_message.html?_=1599446319402&CODE_STATE=getMsg HTTP/1.1" 200 27
58.221.95.50 - - [07/Sep/2020:10:38:38 +0800] "GET /xingrg/all/function/internal_message.html?_=1599446463921&CODE_STATE=getMsg HTTP/1.1" 200 27
116.232.51.212 - - [07/Sep/2020:10:38:38 +0800] "GET /xingrg/kc/buy/cgsh_order_operate.html?command=get_materiel&rest_code=00109&code=00101009019&supplier_code=00100022&order_time=2020-09-07 HTTP/1.1" 200 433
117.185.32.26 - - [07/Sep/2020:10:38:39 +0800] "GET /xingrg/all/function/internal_message.html?_=1599446752388&CODE_STATE=getMsg HTTP/1.1" 200 27
172.17.0.103 - - [07/Sep/2020:10:38:42 +0800] "GET /xingrg/all/function/internal_message.html?_=1599446351960&CODE_STATE=getMsg HTTP/1.1" 200 27
116.232.51.212 - - [07/Sep/2020:10:38:44 +0800] "GET /xingrg/kc/buy/cgsh_order_operate.html?command=get_materiel&rest_code=00109&code=00101009062&supplier_code=00100022&order_time=2020-09-07 HTTP/1.1" 200 433
117.184.7.26 - - [07/Sep/2020:10:38:45 +0800] "GET /xingrg/all/function/internal_message.html?_=1599446325145&CODE_STATE=getMsg HTTP/1.1" 200 27
114.88.166.242 - - [07/Sep/2020:10:38:46 +0800] "GET /xingrg/all/function/internal_message.html?_=1599446386903&CODE_STATE=getMsg HTTP/1.1" 200 27
172.17.0.185 - - [07/Sep/2020:10:38:50 +0800] "GET /xingrg/all/function/internal_message.html?_=1599446329995&CODE_STATE=getMsg HTTP/1.1" 200 27
172.17.0.185 - - [07/Sep/2020:10:38:50 +0800] "GET /xingrg/check_reg.html?_=1599446330000 HTTP/1.1" 200 22
114.82.29.189 - - [07/Sep/2020:10:38:54 +0800] "GET /xingrg/kc/buy/cgsh_order_operate.html?command=get_materiel&rest_code=00105&code=00101010088&supplier_code=00100323&order_time=2020-09-07 HTTP/1.1" 200 418
116.238.90.59 - - [07/Sep/2020:10:38:55 +0800] "GET /xingrg/kc/base/wldb_order_list.html HTTP/1.1" 200 19296
116.232.51.212 - - [07/Sep/2020:10:38:55 +0800] "GET /xingrg/kc/buy/cgsh_order_operate.html?command=get_materiel&rest_code=00109&code=00101009063&supplier_code=00100022&order_time=2020-09-07 HTTP/1.1" 200 410
116.238.90.59 - - [07/Sep/2020:10:38:55 +0800] "POST /xingrg/kc/base/wldb_list_operate.html HTTP/1.1" 200 928
116.230.74.197 - - [07/Sep/2020:10:38:56 +0800] "GET /xingrg/kc/buy/cgsh_order_operate.html?command=get_materiel&rest_code=00107&code=00101013205&supplier_code=00100337&order_time=2020-09-07 HTTP/1.1" 200 421
114.82.29.189 - - [07/Sep/2020:10:38:56 +0800] "GET /xingrg/all/function/internal_message.html?_=1599446337807&CODE_STATE=getMsg HTTP/1.1" 200 27
116.238.90.59 - - [07/Sep/2020:10:38:59 +0800] "GET /xingrg/kc/base/wldb_order_add.html HTTP/1.1" 200 30404
116.238.90.59 - - [07/Sep/2020:10:38:59 +0800] "POST /xingrg/kc/base/wldb_order_operate.html HTTP/1.1" 200 6806
116.238.90.59 - - [07/Sep/2020:10:38:59 +0800] "GET /xingrg/all/common/auto_word.html?type=base&rest_code=00102 HTTP/1.1" 200 1653
116.238.90.59 - - [07/Sep/2020:10:38:59 +0800] "GET /xingrg/all/common/auto_word.html?type=base&rest_code=00102 HTTP/1.1" 200 1653
116.238.90.59 - - [07/Sep/2020:10:39:00 +0800] "GET /xingrg/javascript/easyui/themes/default/validatebox.css HTTP/1.1" 404 1104
116.238.90.59 - - [07/Sep/2020:10:39:01 +0800] "POST /xingrg/all/common/load_combo.html?type=base HTTP/1.1" 200 2966
180.152.230.204 - - [07/Sep/2020:10:39:01 +0800] "GET /xingrg/all/function/internal_message.html?_=1599446338561&CODE_STATE=getMsg HTTP/1.1" 200 27
120.253.135.82 - - [07/Sep/2020:10:39:02 +0800] "GET /xingrg/all/function/internal_message.html?_=1599446398120&CODE_STATE=getMsg HTTP/1.1" 200 27
116.238.71.173 - - [07/Sep/2020:10:39:03 +0800] "GET /xingrg/all/function/internal_message.html?_=1599446343172&CODE_STATE=getMsg HTTP/1.1" 200 27
116.238.90.59 - - [07/Sep/2020:10:39:03 +0800] "POST /xingrg/all/common/load_combo.html?type=base HTTP/1.1" 200 2966
114.82.29.189 - - [07/Sep/2020:10:39:05 +0800] "GET /xingrg/kc/buy/cgsh_order_operate.html?command=get_materiel&rest_code=00105&code=00101016008&supplier_code=00100323&order_time=2020-09-07 HTTP/1.1" 200 412
222.69.160.252 - - [07/Sep/2020:10:39:05 +0800] "GET /xingrg/all/function/internal_message.html?_=1599446188209&CODE_STATE=getMsg HTTP/1.1" 200 27
116.238.90.59 - - [07/Sep/2020:10:39:09 +0800] "GET /xingrg/kc/base/wldb_order_operate.html?command=get_materiel&rest_code=00102&base_code=0010476&code=00101019222 HTTP/1.1" 200 453
117.185.32.26 - - [07/Sep/2020:10:39:10 +0800] "POST /xingrg/kc/buy/cgsh_order_operate.html HTTP/1.1" 200 37
114.88.166.242 - - [07/Sep/2020:10:39:11 +0800] "GET /xingrg/all/function/internal_message.html?_=1599446350478&CODE_STATE=getMsg HTTP/1.1" 200 27
114.82.29.189 - - [07/Sep/2020:10:39:11 +0800] "GET /xingrg/kc/buy/cgsh_order_operate.html?command=get_materiel&rest_code=00105&code=00101016009&supplier_code=00100323&order_time=2020-09-07 HTTP/1.1" 200 419
117.185.32.26 - - [07/Sep/2020:10:39:11 +0800] "POST /xingrg/kc/buy/cgsh_order_operate.html HTTP/1.1" 200 3924
120.253.135.82 - - [07/Sep/2020:10:39:11 +0800] "GET /xingrg/all/function/internal_message.html?_=1599446101921&CODE_STATE=getMsg HTTP/1.1" 200 27
117.185.32.26 - - [07/Sep/2020:10:39:13 +0800] "GET /xingrg/kc/buy/buy_main.html HTTP/1.1" 200 12412
117.185.32.26 - - [07/Sep/2020:10:39:13 +0800] "GET /xingrg/css/new_ie.css HTTP/1.1" 404 1036
117.185.32.26 - - [07/Sep/2020:10:39:14 +0800] "GET /xingrg/images/yd/bt.gif HTTP/1.1" 404 1040
117.185.32.26 - - [07/Sep/2020:10:39:15 +0800] "GET /xingrg/kc/buy/cgsh_order_list.html HTTP/1.1" 200 43930
116.232.51.212 - - [07/Sep/2020:10:39:16 +0800] "GET /xingrg/kc/buy/cgsh_order_operate.html?command=get_materiel&rest_code=00109&code=00101009013&supplier_code=00100022&order_time=2020-09-07 HTTP/1.1" 200 420
117.185.32.26 - - [07/Sep/2020:10:39:17 +0800] "POST /xingrg/kc/buy/cgsh_list_operate.html HTTP/1.1" 200 3145
101.91.60.104 - - [07/Sep/2020:10:39:19 +0800] "GET /xingrg/check_reg.html?_=1599445533952 HTTP/1.1" 302 -
116.230.74.197 - - [07/Sep/2020:10:39:20 +0800] "GET /xingrg/all/function/internal_message.html?_=1599446363647&CODE_STATE=getMsg HTTP/1.1" 200 27
116.232.51.212 - - [07/Sep/2020:10:39:21 +0800] "GET /xingrg/kc/buy/cgsh_order_operate.html?command=get_materiel&rest_code=00109&code=00101009016&supplier_code=00100022&order_time=2020-09-07 HTTP/1.1" 200 412
116.238.90.59 - - [07/Sep/2020:10:39:22 +0800] "GET /xingrg/kc/base/wldb_order_operate.html?command=get_materiel&rest_code=00102&base_code=0010476&code=00101019400 HTTP/1.1" 200 450
114.82.29.189 - - [07/Sep/2020:10:39:23 +0800] "GET /xingrg/kc/buy/cgsh_order_operate.html?command=get_materiel&rest_code=00105&code=00101012041&supplier_code=00100323&order_time=2020-09-07 HTTP/1.1" 200 418
101.91.60.104 - - [07/Sep/2020:10:39:24 +0800] "GET /xingrg/login.html HTTP/1.1" 200 7641
116.238.90.59 - - [07/Sep/2020:10:39:25 +0800] "GET /xingrg/all/function/internal_message.html?_=1599446572670&CODE_STATE=getMsg HTTP/1.1" 200 27
116.232.51.212 - - [07/Sep/2020:10:39:26 +0800] "POST /xingrg/kc/buy/cgsh_order_operate.html HTTP/1.1" 200 37
116.232.51.212 - - [07/Sep/2020:10:39:27 +0800] "POST /xingrg/kc/buy/cgsh_order_operate.html HTTP/1.1" 200 6810
116.232.51.212 - - [07/Sep/2020:10:39:28 +0800] "GET /xingrg/kc/print/load_config.html?kc_code=cgsh HTTP/1.1" 200 1845
172.17.0.119 - - [07/Sep/2020:10:39:28 +0800] "GET /xingrg/all/function/internal_message.html?_=1599446368190&CODE_STATE=getMsg HTTP/1.1" 200 27
116.232.51.212 - - [07/Sep/2020:10:39:28 +0800] "GET /xingrg/kc/print/load_data.html?order_code=212020090702770&kc_code=cgsh&condition= HTTP/1.1" 200 2285
116.238.90.59 - - [07/Sep/2020:10:39:28 +0800] "GET /xingrg/kc/base/wldb_order_operate.html?command=get_materiel&rest_code=00102&base_code=0010476&code=00101019015 HTTP/1.1" 200 437
101.93.73.215 - - [07/Sep/2020:10:39:31 +0800] "GET /xingrg/all/function/internal_message.html?_=1599446371005&CODE_STATE=getMsg HTTP/1.1" 200 27
116.232.51.212 - - [07/Sep/2020:10:39:31 +0800] "GET /xingrg/check_reg.html?_=1599446409709 HTTP/1.1" 200 22
116.232.51.212 - - [07/Sep/2020:10:39:31 +0800] "GET /xingrg/all/function/internal_message.html?_=1599446409710&CODE_STATE=getMsg HTTP/1.1" 200 27
116.230.74.197 - - [07/Sep/2020:10:39:34 +0800] "POST /xingrg/kc/buy/cgsh_order_operate.html HTTP/1.1" 200 37
58.40.7.146 - - [07/Sep/2020:10:39:35 +0800] "GET /xingrg/all/function/internal_message.html?_=1599446375028&CODE_STATE=getMsg HTTP/1.1" 200 27
116.232.51.212 - - [07/Sep/2020:10:39:35 +0800] "GET /xingrg/kc/buy/cgsh_order_add.html HTTP/1.1" 200 59715
116.238.90.59 - - [07/Sep/2020:10:39:35 +0800] "GET /xingrg/kc/base/wldb_order_operate.html?command=get_materiel&rest_code=00102&base_code=0010476&code=00101019185 HTTP/1.1" 200 455
116.232.51.212 - - [07/Sep/2020:10:39:36 +0800] "POST /xingrg/kc/buy/cgsh_order_operate.html HTTP/1.1" 200 8245
116.232.51.212 - - [07/Sep/2020:10:39:36 +0800] "GET /xingrg/all/common/auto_word.html?type=employee&rest_code=00109 HTTP/1.1" 200 255
218.81.217.115 - - [07/Sep/2020:10:39:36 +0800] "GET /xingrg/all/function/internal_message.html?_=1599446377418&CODE_STATE=getMsg HTTP/1.1" 200 27
116.232.51.212 - - [07/Sep/2020:10:39:36 +0800] "GET /xingrg/all/common/auto_word.html?type=employee&rest_code=00109 HTTP/1.1" 200 255
116.232.51.212 - - [07/Sep/2020:10:39:36 +0800] "GET /xingrg/javascript/easyui/themes/default/validatebox.css HTTP/1.1" 404 1104
222.69.130.66 - - [07/Sep/2020:10:39:36 +0800] "GET /xingrg/all/function/internal_message.html?_=1599446374239&CODE_STATE=getMsg HTTP/1.1" 200 27
116.230.74.197 - - [07/Sep/2020:10:39:37 +0800] "POST /xingrg/kc/buy/cgsh_order_operate.html HTTP/1.1" 200 8711
222.69.130.66 - - [07/Sep/2020:10:39:37 +0800] "GET /xingrg/check_reg.html?_=1599446375303 HTTP/1.1" 200 22
180.157.253.48 - - [07/Sep/2020:10:39:37 +0800] "GET /xingrg/all/function/internal_message.html?_=1599446378407&CODE_STATE=getMsg HTTP/1.1" 200 27
180.152.230.204 - - [07/Sep/2020:10:39:38 +0800] "GET /xingrg/javascript/jquery_easy_ui/themes/default/images/tree_checkbox_1.gif HTTP/1.1" 200 174
116.232.51.212 - - [07/Sep/2020:10:39:38 +0800] "GET /xingrg/javascript/jquery_tools/images/prev.gif HTTP/1.1" 404 1086
116.232.51.212 - - [07/Sep/2020:10:39:38 +0800] "GET /xingrg/javascript/jquery_tools/images/next.gif HTTP/1.1" 404 1086
58.221.95.50 - - [07/Sep/2020:10:39:38 +0800] "GET /xingrg/all/function/internal_message.html?_=1599446523888&CODE_STATE=getMsg HTTP/1.1" 200 27
218.81.217.115 - - [07/Sep/2020:10:39:38 +0800] "GET /xingrg/all/function/internal_message.html?_=1599446379571&CODE_STATE=getMsg HTTP/1.1" 200 27
116.230.74.197 - - [07/Sep/2020:10:39:38 +0800] "GET /xingrg/kc/print/load_data.html?order_code=212020090702771&kc_code=cgsh&condition= HTTP/1.1" 200 3039
180.152.230.204 - - [07/Sep/2020:10:39:39 +0800] "GET /xingrg/javascript/jquery_easy_ui/themes/default/images/button_plain_hover.png HTTP/1.1" 200 252
117.185.32.26 - - [07/Sep/2020:10:39:39 +0800] "GET /xingrg/all/function/internal_message.html?_=1599446812407&CODE_STATE=getMsg HTTP/1.1" 200 27
117.185.32.26 - - [07/Sep/2020:10:39:39 +0800] "GET /xingrg/check_reg.html?_=1599446812419 HTTP/1.1" 200 22
180.152.230.204 - - [07/Sep/2020:10:39:39 +0800] "POST /xingrg/dwr/call/plaincall/AjaxReportQueryService.refreshCache.dwr HTTP/1.1" 200 78
180.152.230.204 - - [07/Sep/2020:10:39:40 +0800] "POST /xingrg/all/report/load_report_page.html HTTP/1.1" 200 8904
180.152.230.204 - - [07/Sep/2020:10:39:40 +0800] "GET /xingrg/servlets/image?cache=0.9679211609957071&image=px HTTP/1.1" 200 807
116.238.90.59 - - [07/Sep/2020:10:39:41 +0800] "GET /xingrg/kc/base/wldb_order_operate.html?command=get_materiel&rest_code=00102&base_code=0010476&code=00101019315 HTTP/1.1" 200 463
180.152.230.204 - - [07/Sep/2020:10:39:41 +0800] "GET /xingrg/javascript/jquery_easy_ui/themes/default/images/tree_checkbox_2.gif HTTP/1.1" 200 181
180.152.230.204 - - [07/Sep/2020:10:39:42 +0800] "GET /xingrg/all/report/report_query.html?isQuery=1&fileName=kc/buy/wlcg_cate_hz.xml&queryString=(CONVERT(char(10)%252Ca.order_time%252C%2520120)%253E%253D'2020-07-01')%2520and%2520(CONVERT(char(10)%252Ca.order_time%252C%2520120)%253C%253D'2020-07-31')%2520and%2520(a.supplier_code%2520in%2520('00100192'))%2520and%2520(a.number%253E0%2520and%2520a.supplier_code%253D'00100192')&queryText=%25E3%2580%2590%25E9%2587%2587%25E8%25B4%25AD%25E6%2597%25A5%25E6%259C%259F%253A2020-07-01%2520%25E8%2587%25B3%25202020-07-31%25E3%2580%2591%2520%25E5%25B9%25B6%25E4%25B8%2594%2520%2520%25E3%2580%2590%25E4%25BE%259B%25E5%25BA%2594%25E5%2595%2586%2520%253D%2520%25E9%25A4%2590%25E5%25B7%25BE%25E7%25BA%25B8(%25E9%259F%25A9%25E4%25BC%259F)%25E3%2580%2591%2520%25E5%25B9%25B6%25E4%25B8%2594%2520%25E3%2580%2590%25E4%25BE%259B%25E5%25BA%2594%25E5%2595%2586%253D%25E9%25A4%2590%25E5%25B7%25BE%25E7%25BA%25B8(%25E9%259F%25A9%25E4%25BC%259F)%25E3%2580%2591 HTTP/1.1" 200 54472
180.152.230.204 - - [07/Sep/2020:10:39:42 +0800] "GET /xingrg/dwr/interface/AjaxReportQueryService.js HTTP/1.1" 200 13203
180.152.230.204 - - [07/Sep/2020:10:39:42 +0800] "GET /xingrg/dwr/engine.js HTTP/1.1" 200 43631
116.232.51.212 - - [07/Sep/2020:10:39:42 +0800] "GET /xingrg/kc/buy/cgsh_order_operate.html?command=get_materiel&rest_code=00109&code=00101001111&supplier_code=00100038&order_time=2020-09-07 HTTP/1.1" 200 408
172.17.0.103 - - [07/Sep/2020:10:39:42 +0800] "GET /xingrg/all/function/internal_message.html?_=1599446411949&CODE_STATE=getMsg HTTP/1.1" 200 27
117.184.7.26 - - [07/Sep/2020:10:39:43 +0800] "GET /xingrg/check_reg.html?_=1599446382619 HTTP/1.1" 200 22
180.152.230.204 - - [07/Sep/2020:10:39:43 +0800] "POST /xingrg/all/report/load_report_page.html HTTP/1.1" 200 8722
180.152.230.204 - - [07/Sep/2020:10:39:43 +0800] "GET /xingrg/servlets/image?cache=0.09161976598388244&image=px HTTP/1.1" 200 807
116.230.74.197 - - [07/Sep/2020:10:39:43 +0800] "GET /xingrg/kc/buy/cgsh_order_add.html HTTP/1.1" 200 59715
116.230.74.197 - - [07/Sep/2020:10:39:44 +0800] "POST /xingrg/kc/buy/cgsh_order_operate.html HTTP/1.1" 200 8245
180.152.230.204 - - [07/Sep/2020:10:39:44 +0800] "POST /xingrg/all/report/load_report_page.html HTTP/1.1" 200 19818
180.152.230.204 - - [07/Sep/2020:10:39:44 +0800] "GET /xingrg/servlets/image?cache=0.6024107417064866&image=px HTTP/1.1" 200 807
116.230.74.197 - - [07/Sep/2020:10:39:44 +0800] "GET /xingrg/javascript/easyui/themes/default/validatebox.css HTTP/1.1" 404 1104
117.184.7.26 - - [07/Sep/2020:10:39:45 +0800] "GET /xingrg/all/function/internal_message.html?_=1599446385118&CODE_STATE=getMsg HTTP/1.1" 200 27
114.88.166.242 - - [07/Sep/2020:10:39:46 +0800] "GET /xingrg/all/function/internal_message.html?_=1599446446901&CODE_STATE=getMsg HTTP/1.1" 200 27
116.238.90.59 - - [07/Sep/2020:10:39:47 +0800] "GET /xingrg/kc/base/wldb_order_operate.html?command=get_materiel&rest_code=00102&base_code=0010476&code=00101019071 HTTP/1.1" 200 455
116.232.51.212 - - [07/Sep/2020:10:39:48 +0800] "POST /xingrg/kc/buy/cgsh_order_operate.html HTTP/1.1" 200 37
180.152.230.204 - - [07/Sep/2020:10:39:49 +0800] "POST /xingrg/all/report/report_print.html HTTP/1.1" 200 6144
116.232.51.212 - - [07/Sep/2020:10:39:49 +0800] "POST /xingrg/kc/buy/cgsh_order_operate.html HTTP/1.1" 200 2653
116.232.51.212 - - [07/Sep/2020:10:39:50 +0800] "GET /xingrg/kc/print/load_config.html?kc_code=cgsh HTTP/1.1" 200 1845
116.232.51.212 - - [07/Sep/2020:10:39:50 +0800] "GET /xingrg/kc/print/load_data.html?order_code=212020090702772&kc_code=cgsh&condition= HTTP/1.1" 200 689
172.17.0.185 - - [07/Sep/2020:10:39:50 +0800] "GET /xingrg/all/function/internal_message.html?_=1599446390002&CODE_STATE=getMsg HTTP/1.1" 200 27
114.82.29.189 - - [07/Sep/2020:10:39:56 +0800] "GET /xingrg/all/function/internal_message.html?_=1599446397836&CODE_STATE=getMsg HTTP/1.1" 200 27
114.82.29.189 - - [07/Sep/2020:10:39:56 +0800] "GET /xingrg/check_reg.html?_=1599446397838 HTTP/1.1" 200 22
116.238.90.59 - - [07/Sep/2020:10:39:57 +0800] "GET /xingrg/kc/base/wldb_order_operate.html?command=get_materiel&rest_code=00102&base_code=0010476&code=00101019183 HTTP/1.1" 200 433
116.232.51.212 - - [07/Sep/2020:10:39:58 +0800] "GET /xingrg/kc/buy/cgsh_order_add.html HTTP/1.1" 200 59715
116.232.51.212 - - [07/Sep/2020:10:39:58 +0800] "POST /xingrg/kc/buy/cgsh_order_operate.html HTTP/1.1" 200 8245
116.232.51.212 - - [07/Sep/2020:10:39:58 +0800] "GET /xingrg/all/common/auto_word.html?type=employee&rest_code=00109 HTTP/1.1" 200 255
116.232.51.212 - - [07/Sep/2020:10:39:58 +0800] "GET /xingrg/all/common/auto_word.html?type=employee&rest_code=00109 HTTP/1.1" 200 255
116.232.51.212 - - [07/Sep/2020:10:39:58 +0800] "GET /xingrg/javascript/easyui/themes/default/validatebox.css HTTP/1.1" 404 1104
116.232.51.212 - - [07/Sep/2020:10:40:01 +0800] "GET /xingrg/javascript/jquery_tools/images/prev.gif HTTP/1.1" 404 1086
116.232.51.212 - - [07/Sep/2020:10:40:01 +0800] "GET /xingrg/javascript/jquery_tools/images/next.gif HTTP/1.1" 404 1086
180.152.230.204 - - [07/Sep/2020:10:40:01 +0800] "GET /xingrg/all/function/internal_message.html?_=1599446398574&CODE_STATE=getMsg HTTP/1.1" 200 27
120.253.135.82 - - [07/Sep/2020:10:40:02 +0800] "GET /xingrg/all/function/internal_message.html?_=1599446458124&CODE_STATE=getMsg HTTP/1.1" 200 27
114.82.29.189 - - [07/Sep/2020:10:40:03 +0800] "GET /xingrg/kc/buy/cgsh_order_list.html HTTP/1.1" 200 43930
116.238.90.59 - - [07/Sep/2020:10:40:03 +0800] "GET /xingrg/kc/base/wldb_order_operate.html?command=get_materiel&rest_code=00102&base_code=0010476&code=00102009574 HTTP/1.1" 200 449
116.238.71.173 - - [07/Sep/2020:10:40:03 +0800] "GET /xingrg/all/function/internal_message.html?_=1599446403222&CODE_STATE=getMsg HTTP/1.1" 200 27
114.82.29.189 - - [07/Sep/2020:10:40:04 +0800] "POST /xingrg/kc/buy/cgsh_list_operate.html HTTP/1.1" 200 5158
222.69.160.252 - - [07/Sep/2020:10:40:05 +0800] "GET /xingrg/all/function/internal_message.html?_=1599446248211&CODE_STATE=getMsg HTTP/1.1" 200 27
116.238.90.59 - - [07/Sep/2020:10:40:10 +0800] "GET /xingrg/kc/base/wldb_order_operate.html?command=get_materiel&rest_code=00102&base_code=0010476&code=00101019134 HTTP/1.1" 200 466
114.88.166.242 - - [07/Sep/2020:10:40:11 +0800] "GET /xingrg/all/function/internal_message.html?_=1599446410503&CODE_STATE=getMsg HTTP/1.1" 200 27
120.253.135.82 - - [07/Sep/2020:10:40:11 +0800] "GET /xingrg/all/function/internal_message.html?_=1599446161935&CODE_STATE=getMsg HTTP/1.1" 200 27
116.238.90.59 - - [07/Sep/2020:10:40:18 +0800] "GET /xingrg/kc/base/wldb_order_operate.html?command=get_materiel&rest_code=00102&base_code=0010476&code=00101019127 HTTP/1.1" 200 466
114.82.29.189 - - [07/Sep/2020:10:40:18 +0800] "POST /xingrg/kc/buy/cgsh_list_operate.html HTTP/1.1" 200 4063
116.232.51.212 - - [07/Sep/2020:10:40:19 +0800] "GET /xingrg/kc/buy/cgsh_order_operate.html?command=get_materiel&rest_code=00109&code=00101007081&supplier_code=00100004&order_time=2020-09-07 HTTP/1.1" 200 413
114.82.29.189 - - [07/Sep/2020:10:40:20 +0800] "POST /xingrg/kc/buy/cgsh_list_operate.html HTTP/1.1" 200 602
116.230.74.197 - - [07/Sep/2020:10:40:20 +0800] "GET /xingrg/all/function/internal_message.html?_=1599446423623&CODE_STATE=getMsg HTTP/1.1" 200 27
114.82.29.189 - - [07/Sep/2020:10:40:23 +0800] "POST /xingrg/kc/buy/cgsh_list_operate.html HTTP/1.1" 200 588
116.238.90.59 - - [07/Sep/2020:10:40:23 +0800] "GET /xingrg/kc/base/wldb_order_operate.html?command=get_materiel&rest_code=00102&base_code=0010476&code=00101019297 HTTP/1.1" 200 464
116.238.90.59 - - [07/Sep/2020:10:40:25 +0800] "GET /xingrg/all/function/internal_message.html?_=1599446632729&CODE_STATE=getMsg HTTP/1.1" 200 27
116.232.51.212 - - [07/Sep/2020:10:40:26 +0800] "GET /xingrg/kc/buy/cgsh_order_operate.html?command=get_materiel&rest_code=00109&code=00101007049&supplier_code=00100004&order_time=2020-09-07 HTTP/1.1" 200 409
172.17.0.119 - - [07/Sep/2020:10:40:28 +0800] "GET /xingrg/all/function/internal_message.html?_=1599446428189&CODE_STATE=getMsg HTTP/1.1" 200 27
116.232.51.212 - - [07/Sep/2020:10:40:29 +0800] "GET /xingrg/all/function/internal_message.html?_=1599446470212&CODE_STATE=getMsg HTTP/1.1" 200 27
114.82.29.189 - - [07/Sep/2020:10:40:29 +0800] "GET /xingrg/kc/buy/cgsh_order_info.html?code=212020090100046 HTTP/1.1" 200 54574
114.82.29.189 - - [07/Sep/2020:10:40:29 +0800] "GET /xingrg/javascript/easyui/themes/default/validatebox.css HTTP/1.1" 404 1104
116.238.90.59 - - [07/Sep/2020:10:40:30 +0800] "GET /xingrg/kc/base/wldb_order_operate.html?command=get_materiel&rest_code=00102&base_code=0010476&code=00101019543 HTTP/1.1" 200 470
58.37.9.106 - - [07/Sep/2020:10:40:30 +0800] "GET /xingrg/check_reg.html?_=1599446433911 HTTP/1.1" 200 22
116.232.51.212 - - [07/Sep/2020:10:40:30 +0800] "POST /xingrg/kc/buy/cgsh_order_operate.html HTTP/1.1" 200 37
114.82.29.189 - - [07/Sep/2020:10:40:30 +0800] "POST /xingrg/kc/buy/cgsh_order_operate.html HTTP/1.1" 200 4797
101.93.73.215 - - [07/Sep/2020:10:40:31 +0800] "GET /xingrg/check_reg.html?_=1599446431005 HTTP/1.1" 200 22
101.93.73.215 - - [07/Sep/2020:10:40:31 +0800] "GET /xingrg/all/function/internal_message.html?_=1599446431008&CODE_STATE=getMsg HTTP/1.1" 200 27
116.232.51.212 - - [07/Sep/2020:10:40:31 +0800] "POST /xingrg/kc/buy/cgsh_order_operate.html HTTP/1.1" 200 3244
116.232.51.212 - - [07/Sep/2020:10:40:32 +0800] "GET /xingrg/kc/print/load_config.html?kc_code=cgsh HTTP/1.1" 200 1845
116.232.51.212 - - [07/Sep/2020:10:40:32 +0800] "GET /xingrg/kc/print/load_data.html?order_code=212020090702773&kc_code=cgsh&condition= HTTP/1.1" 200 941
58.40.7.146 - - [07/Sep/2020:10:40:35 +0800] "GET /xingrg/all/function/internal_message.html?_=1599446435034&CODE_STATE=getMsg HTTP/1.1" 200 27
114.82.29.189 - - [07/Sep/2020:10:40:35 +0800] "POST /xingrg/kc/buy/cgsh_list_operate.html HTTP/1.1" 200 4063
222.69.130.66 - - [07/Sep/2020:10:40:36 +0800] "GET /xingrg/all/function/internal_message.html?_=1599446434226&CODE_STATE=getMsg HTTP/1.1" 200 27
218.81.217.115 - - [07/Sep/2020:10:40:36 +0800] "GET /xingrg/all/function/internal_message.html?_=1599446437541&CODE_STATE=getMsg HTTP/1.1" 200 27
116.238.90.59 - - [07/Sep/2020:10:40:36 +0800] "GET /xingrg/kc/base/wldb_order_operate.html?command=get_materiel&rest_code=00102&base_code=0010476&code=00101013093 HTTP/1.1" 200 447
180.157.253.48 - - [07/Sep/2020:10:40:37 +0800] "GET /xingrg/all/function/internal_message.html?_=1599446438396&CODE_STATE=getMsg HTTP/1.1" 200 27
58.221.95.50 - - [07/Sep/2020:10:40:38 +0800] "GET /xingrg/all/function/internal_message.html?_=1599446583860&CODE_STATE=getMsg HTTP/1.1" 200 27
218.81.217.115 - - [07/Sep/2020:10:40:38 +0800] "GET /xingrg/all/function/internal_message.html?_=1599446439585&CODE_STATE=getMsg HTTP/1.1" 200 27
116.232.51.212 - - [07/Sep/2020:10:40:39 +0800] "GET /xingrg/kc/buy/cgsh_order_add.html HTTP/1.1" 200 59715
180.152.230.204 - - [07/Sep/2020:10:40:39 +0800] "GET /xingrg/kc/base/base_main.html HTTP/1.1" 200 12142
116.232.51.212 - - [07/Sep/2020:10:40:39 +0800] "POST /xingrg/kc/buy/cgsh_order_operate.html HTTP/1.1" 200 8245
116.232.51.212 - - [07/Sep/2020:10:40:39 +0800] "GET /xingrg/all/common/auto_word.html?type=employee&rest_code=00109 HTTP/1.1" 200 255
116.232.51.212 - - [07/Sep/2020:10:40:39 +0800] "GET /xingrg/all/common/auto_word.html?type=employee&rest_code=00109 HTTP/1.1" 200 255
117.185.32.26 - - [07/Sep/2020:10:40:39 +0800] "GET /xingrg/all/function/internal_message.html?_=1599446872404&CODE_STATE=getMsg HTTP/1.1" 200 27
116.232.51.212 - - [07/Sep/2020:10:40:39 +0800] "GET /xingrg/javascript/easyui/themes/default/validatebox.css HTTP/1.1" 404 1104
114.82.29.189 - - [07/Sep/2020:10:40:39 +0800] "POST /xingrg/kc/buy/cgsh_list_operate.html HTTP/1.1" 200 5542
180.152.230.204 - - [07/Sep/2020:10:40:40 +0800] "GET /xingrg/kc/base/yddb_order_list.html HTTP/1.1" 200 16908
180.152.230.204 - - [07/Sep/2020:10:40:41 +0800] "POST /xingrg/kc/base/yddb_list_operate.html HTTP/1.1" 200 636
114.82.29.189 - - [07/Sep/2020:10:40:41 +0800] "POST /xingrg/kc/buy/cgsh_list_operate.html HTTP/1.1" 200 586
116.232.51.212 - - [07/Sep/2020:10:40:41 +0800] "GET /xingrg/javascript/jquery_tools/images/prev.gif HTTP/1.1" 404 1086
116.232.51.212 - - [07/Sep/2020:10:40:41 +0800] "GET /xingrg/javascript/jquery_tools/images/next.gif HTTP/1.1" 404 1086
180.152.230.204 - - [07/Sep/2020:10:40:42 +0800] "GET /xingrg/dwr/interface/AjaxComOrderService.js HTTP/1.1" 200 18264
180.152.230.204 - - [07/Sep/2020:10:40:42 +0800] "GET /xingrg/kc/base/yddb_order_add.html HTTP/1.1" 200 29561
180.152.230.204 - - [07/Sep/2020:10:40:42 +0800] "GET /xingrg/javascript/Grid.js HTTP/1.1" 200 58908
180.152.230.204 - - [07/Sep/2020:10:40:42 +0800] "GET /xingrg/javascript/checkform.js HTTP/1.1" 200 18351
180.152.230.204 - - [07/Sep/2020:10:40:42 +0800] "GET /xingrg/dwr/engine.js HTTP/1.1" 200 43631
180.152.230.204 - - [07/Sep/2020:10:40:42 +0800] "GET /xingrg/dwr/interface/AjaxYddbService.js HTTP/1.1" 200 13201
172.17.0.103 - - [07/Sep/2020:10:40:42 +0800] "GET /xingrg/all/function/internal_message.html?_=1599446471958&CODE_STATE=getMsg HTTP/1.1" 200 27
114.82.29.189 - - [07/Sep/2020:10:40:44 +0800] "GET /xingrg/kc/buy/cgsh_order_info.html?code=212020082209458 HTTP/1.1" 200 54574
114.82.29.189 - - [07/Sep/2020:10:40:44 +0800] "GET /xingrg/javascript/easyui/themes/default/validatebox.css HTTP/1.1" 404 1104
114.82.29.189 - - [07/Sep/2020:10:40:44 +0800] "POST /xingrg/kc/buy/cgsh_order_operate.html HTTP/1.1" 200 5956
180.152.230.204 - - [07/Sep/2020:10:40:45 +0800] "GET /xingrg/javascript/AjaxInfoList.js HTTP/1.1" 200 3774
180.152.230.204 - - [07/Sep/2020:10:40:45 +0800] "GET /xingrg/javascript/jquery_easy_ui/themes/icons/check_new.png HTTP/1.1" 200 3224
180.152.230.204 - - [07/Sep/2020:10:40:45 +0800] "GET /xingrg/javascript/jquery_easy_ui/themes/icons/edit_add_new.png HTTP/1.1" 200 2997
180.152.230.204 - - [07/Sep/2020:10:40:45 +0800] "GET /xingrg/javascript/jquery_easy_ui/themes/icons/cance_new.png HTTP/1.1" 200 3986
180.152.230.204 - - [07/Sep/2020:10:40:45 +0800] "GET /xingrg/images/blue/button/kc_tab_add.gif HTTP/1.1" 200 375
180.152.230.204 - - [07/Sep/2020:10:40:45 +0800] "GET /xingrg/images/blue/button/kc_tab_save.gif HTTP/1.1" 200 777
180.152.230.204 - - [07/Sep/2020:10:40:45 +0800] "GET /xingrg/images/blue/button/kc_tab_del.gif HTTP/1.1" 200 383
180.152.230.204 - - [07/Sep/2020:10:40:45 +0800] "GET /xingrg/images/blue/button/kc_tab_edit.gif HTTP/1.1" 200 551
180.152.230.204 - - [07/Sep/2020:10:40:45 +0800] "GET /xingrg/images/blue/kc_tab_left.gif HTTP/1.1" 200 188
180.152.230.204 - - [07/Sep/2020:10:40:45 +0800] "GET /xingrg/images/blue/kc_tab_mid.gif HTTP/1.1" 200 44
180.152.230.204 - - [07/Sep/2020:10:40:45 +0800] "GET /xingrg/images/blue/kc_tab2_left.gif HTTP/1.1" 200 625
180.152.230.204 - - [07/Sep/2020:10:40:45 +0800] "GET /xingrg/images/blue/kc_tab2_right.gif HTTP/1.1" 200 192
180.152.230.204 - - [07/Sep/2020:10:40:45 +0800] "GET /xingrg/images/blue/kc_tab_right.gif HTTP/1.1" 200 643
117.184.7.26 - - [07/Sep/2020:10:40:45 +0800] "GET /xingrg/all/function/internal_message.html?_=1599446445102&CODE_STATE=getMsg HTTP/1.1" 200 27
116.238.90.59 - - [07/Sep/2020:10:40:45 +0800] "GET /xingrg/kc/base/wldb_order_operate.html?command=get_materiel&rest_code=00102&base_code=0010476&code=00101013011 HTTP/1.1" 200 451
114.88.166.242 - - [07/Sep/2020:10:40:46 +0800] "GET /xingrg/all/function/internal_message.html?_=1599446506899&CODE_STATE=getMsg HTTP/1.1" 200 27
180.152.230.204 - - [07/Sep/2020:10:40:49 +0800] "GET /xingrg/images/blue/wait.gif HTTP/1.1" 200 1100
180.152.230.204 - - [07/Sep/2020:10:40:49 +0800] "POST /xingrg/dwr/call/plaincall/AjaxYddbService.getRestBases.dwr HTTP/1.1" 200 443
114.82.29.189 - - [07/Sep/2020:10:40:49 +0800] "GET /xingrg/kc/buy/cgsh_order_list.html HTTP/1.1" 200 43930
114.82.29.189 - - [07/Sep/2020:10:40:49 +0800] "POST /xingrg/kc/buy/cgsh_list_operate.html HTTP/1.1" 200 5542
114.82.29.189 - - [07/Sep/2020:10:40:50 +0800] "GET /xingrg/kc/buy/cgsh_order_list.html HTTP/1.1" 200 43930
172.17.0.185 - - [07/Sep/2020:10:40:50 +0800] "GET /xingrg/all/function/internal_message.html?_=1599446449991&CODE_STATE=getMsg HTTP/1.1" 200 27
114.82.29.189 - - [07/Sep/2020:10:40:51 +0800] "POST /xingrg/kc/buy/cgsh_list_operate.html HTTP/1.1" 200 5158
114.82.29.189 - - [07/Sep/2020:10:40:51 +0800] "POST /xingrg/kc/buy/cgsh_list_operate.html HTTP/1.1" 200 5158
114.82.29.189 - - [07/Sep/2020:10:40:52 +0800] "GET /xingrg/kc/buy/cgsh_order_add.html HTTP/1.1" 200 59668
114.82.29.189 - - [07/Sep/2020:10:40:52 +0800] "GET /xingrg/javascript/easyui/themes/default/validatebox.css HTTP/1.1" 404 1104
114.82.29.189 - - [07/Sep/2020:10:40:52 +0800] "POST /xingrg/kc/buy/cgsh_order_operate.html HTTP/1.1" 200 8245
180.152.230.204 - - [07/Sep/2020:10:40:55 +0800] "POST /xingrg/dwr/call/plaincall/AjaxYddbService.saveOrder.dwr HTTP/1.1" 200 78
58.37.9.106 - - [07/Sep/2020:10:40:55 +0800] "GET /xingrg/check_reg.html?_=1599446085069 HTTP/1.1" 302 -
114.82.29.189 - - [07/Sep/2020:10:40:56 +0800] "GET /xingrg/all/function/internal_message.html?_=1599446457844&CODE_STATE=getMsg HTTP/1.1" 200 27
116.232.51.212 - - [07/Sep/2020:10:40:58 +0800] "GET /xingrg/kc/buy/cgsh_order_operate.html?command=get_materiel&rest_code=00109&code=00101008323&supplier_code=00100005&order_time=2020-09-07 HTTP/1.1" 200 408
180.152.230.204 - - [07/Sep/2020:10:41:00 +0800] "POST /xingrg/dwr/call/plaincall/AjaxComOrderService.getMaterielSearchList.dwr HTTP/1.1" 200 76
180.152.230.204 - - [07/Sep/2020:10:41:01 +0800] "GET /xingrg/all/function/internal_message.html?_=1599446458565&CODE_STATE=getMsg HTTP/1.1" 200 27
180.152.230.204 - - [07/Sep/2020:10:41:01 +0800] "POST /xingrg/dwr/call/plaincall/AjaxComOrderService.getMaterielSearchList.dwr HTTP/1.1" 200 76
120.253.135.82 - - [07/Sep/2020:10:41:02 +0800] "GET /xingrg/check_reg.html?_=1599446517657 HTTP/1.1" 200 22
120.253.135.82 - - [07/Sep/2020:10:41:02 +0800] "GET /xingrg/all/function/internal_message.html?_=1599446518138&CODE_STATE=getMsg HTTP/1.1" 200 27
180.152.230.204 - - [07/Sep/2020:10:41:03 +0800] "POST /xingrg/dwr/call/plaincall/AjaxComOrderService.getMaterielSearchList.dwr HTTP/1.1" 200 2548
116.238.71.173 - - [07/Sep/2020:10:41:03 +0800] "GET /xingrg/check_reg.html?_=1599446463272 HTTP/1.1" 200 22
116.238.71.173 - - [07/Sep/2020:10:41:03 +0800] "GET /xingrg/all/function/internal_message.html?_=1599446463273&CODE_STATE=getMsg HTTP/1.1" 200 27
114.88.166.242 - - [07/Sep/2020:10:41:04 +0800] "GET /xingrg/check_reg.html?_=1599446463891 HTTP/1.1" 200 22
180.152.230.204 - - [07/Sep/2020:10:41:05 +0800] "POST /xingrg/dwr/call/plaincall/AjaxComOrderService.getMaterielSearchList.dwr HTTP/1.1" 200 76
180.152.230.204 - - [07/Sep/2020:10:41:05 +0800] "POST /xingrg/dwr/call/plaincall/AjaxComOrderService.getMaterielSearchList.dwr HTTP/1.1" 200 203
180.152.230.204 - - [07/Sep/2020:10:41:05 +0800] "POST /xingrg/dwr/call/plaincall/AjaxComOrderService.getMaterielSearchList.dwr HTTP/1.1" 200 203
222.69.160.252 - - [07/Sep/2020:10:41:05 +0800] "GET /xingrg/all/function/internal_message.html?_=1599446308211&CODE_STATE=getMsg HTTP/1.1" 200 27
222.69.160.252 - - [07/Sep/2020:10:41:05 +0800] "GET /xingrg/check_reg.html?_=1599446308213 HTTP/1.1" 200 22
180.152.230.204 - - [07/Sep/2020:10:41:06 +0800] "POST /xingrg/dwr/call/plaincall/AjaxComOrderService.getMaterielSearchList.dwr HTTP/1.1" 200 203
180.152.230.204 - - [07/Sep/2020:10:41:06 +0800] "POST /xingrg/dwr/call/plaincall/AjaxComOrderService.getMaterielSearchList.dwr HTTP/1.1" 200 2548
116.238.90.59 - - [07/Sep/2020:10:41:07 +0800] "GET /xingrg/kc/base/wldb_order_operate.html?command=get_materiel&rest_code=00102&base_code=0010476&code=00101027001 HTTP/1.1" 200 471
116.232.51.212 - - [07/Sep/2020:10:41:08 +0800] "GET /xingrg/kc/buy/cgsh_order_operate.html?command=get_materiel&rest_code=00109&code=00101008176&supplier_code=00100005&order_time=2020-09-07 HTTP/1.1" 200 431
180.152.230.204 - - [07/Sep/2020:10:41:10 +0800] "GET /xingrg/images/yd/bt.gif HTTP/1.1" 404 1040
114.88.166.242 - - [07/Sep/2020:10:41:11 +0800] "GET /xingrg/all/function/internal_message.html?_=1599446470505&CODE_STATE=getMsg HTTP/1.1" 200 27
120.253.135.82 - - [07/Sep/2020:10:41:11 +0800] "GET /xingrg/all/function/internal_message.html?_=1599446221951&CODE_STATE=getMsg HTTP/1.1" 200 27
180.152.230.204 - - [07/Sep/2020:10:41:12 +0800] "POST /xingrg/dwr/call/plaincall/AjaxComOrderService.getMaterielSearchList.dwr HTTP/1.1" 200 77
180.152.230.204 - - [07/Sep/2020:10:41:13 +0800] "POST /xingrg/dwr/call/plaincall/AjaxComOrderService.getMaterielSearchList.dwr HTTP/1.1" 200 77
116.232.51.212 - - [07/Sep/2020:10:41:13 +0800] "GET /xingrg/kc/buy/cgsh_order_operate.html?command=get_materiel&rest_code=00109&code=00101008072&supplier_code=00100005&order_time=2020-09-07 HTTP/1.1" 200 408
180.152.230.204 - - [07/Sep/2020:10:41:14 +0800] "POST /xingrg/dwr/call/plaincall/AjaxComOrderService.getMaterielSearchList.dwr HTTP/1.1" 200 77
180.152.230.204 - - [07/Sep/2020:10:41:15 +0800] "POST /xingrg/dwr/call/plaincall/AjaxComOrderService.getMaterielSearchList.dwr HTTP/1.1" 200 77
180.152.230.204 - - [07/Sep/2020:10:41:16 +0800] "POST /xingrg/dwr/call/plaincall/AjaxComOrderService.getMaterielSearchList.dwr HTTP/1.1" 200 3093
116.238.90.59 - - [07/Sep/2020:10:41:18 +0800] "GET /xingrg/kc/base/wldb_order_operate.html?command=get_materiel&rest_code=00102&base_code=0010476&code=00101019026 HTTP/1.1" 200 467
116.232.51.212 - - [07/Sep/2020:10:41:18 +0800] "GET /xingrg/kc/buy/cgsh_order_operate.html?command=get_materiel&rest_code=00109&code=00101008349&supplier_code=00100005&order_time=2020-09-07 HTTP/1.1" 200 412
116.230.74.197 - - [07/Sep/2020:10:41:20 +0800] "GET /xingrg/all/function/internal_message.html?_=1599446483601&CODE_STATE=getMsg HTTP/1.1" 200 27
116.238.90.59 - - [07/Sep/2020:10:41:24 +0800] "GET /xingrg/kc/base/wldb_order_operate.html?command=get_materiel&rest_code=00102&base_code=0010476&code=00101016044 HTTP/1.1" 200 464
