222.69.129.160 - - [06/Sep/2020:09:07:33 +0800] "GET /xingrg/check_reg.html?_=1599354449719 HTTP/1.1" 200 22
61.172.5.115 - - [06/Sep/2020:09:07:33 +0800] "GET /xingrg/kc/buy/cgsh_order_operate.html?command=get_materiel&rest_code=00105&code=00101008286&supplier_code=00100203&order_time=2020-09-06 HTTP/1.1" 200 408
172.17.200.101 - - [06/Sep/2020:09:07:34 +0800] "POST /xingrg/dwr/call/plaincall/AjaxReportQueryService.refreshCache.dwr HTTP/1.1" 200 78
172.17.200.101 - - [06/Sep/2020:09:07:35 +0800] "POST /xingrg/all/report/load_report_page.html HTTP/1.1" 200 47089
172.17.200.101 - - [06/Sep/2020:09:07:35 +0800] "GET /xingrg/servlets/image?cache=0.6264632032057224&image=px HTTP/1.1" 200 807
116.230.74.197 - - [06/Sep/2020:09:07:38 +0800] "GET /xingrg/kc/buy/cgsh_order_operate.html?command=get_materiel&rest_code=00107&code=00101008312&supplier_code=00100006&order_time=2020-09-06 HTTP/1.1" 200 412
61.172.5.115 - - [06/Sep/2020:09:07:40 +0800] "GET /xingrg/kc/buy/cgsh_order_operate.html?command=get_materiel&rest_code=00105&code=00101008131&supplier_code=00100203&order_time=2020-09-06 HTTP/1.1" 200 408
116.238.90.59 - - [06/Sep/2020:09:07:40 +0800] "GET /xingrg/all/function/internal_message.html?_=1599354663205&CODE_STATE=getMsg HTTP/1.1" 200 27
218.81.217.115 - - [06/Sep/2020:09:07:41 +0800] "GET /xingrg/kc/buy/cgsh_order_operate.html?command=get_materiel&rest_code=00146&code=00101008323&supplier_code=00100005&order_time=2020-09-06 HTTP/1.1" 200 408
172.17.0.240 - - [06/Sep/2020:09:07:42 +0800] "GET /xingrg/all/function/internal_message.html?_=1599354457688&CODE_STATE=getMsg HTTP/1.1" 302 -
61.172.5.115 - - [06/Sep/2020:09:07:43 +0800] "POST /xingrg/kc/buy/cgsh_order_operate.html HTTP/1.1" 200 2065
61.172.5.115 - - [06/Sep/2020:09:07:44 +0800] "POST /xingrg/kc/buy/cgsh_order_operate.html HTTP/1.1" 200 2065
222.69.129.160 - - [06/Sep/2020:09:07:44 +0800] "GET /xingrg/all/function/internal_message.html?_=1599354461677&CODE_STATE=getMsg HTTP/1.1" 200 27
61.172.5.115 - - [06/Sep/2020:09:07:45 +0800] "POST /xingrg/kc/buy/cgsh_order_operate.html HTTP/1.1" 200 2065
117.184.7.26 - - [06/Sep/2020:09:07:46 +0800] "GET /xingrg/check_reg.html?_=1599354450136 HTTP/1.1" 200 22
222.69.129.160 - - [06/Sep/2020:09:07:47 +0800] "POST /xingrg/services/DataTransmitService HTTP/1.1" 200 501
218.81.217.115 - - [06/Sep/2020:09:07:47 +0800] "GET /xingrg/all/function/internal_message.html?_=1599354484593&CODE_STATE=getMsg HTTP/1.1" 200 27
116.230.74.197 - - [06/Sep/2020:09:07:48 +0800] "GET /xingrg/kc/buy/cgsh_order_operate.html?command=get_materiel&rest_code=00107&code=00101008354&supplier_code=00100006&order_time=2020-09-06 HTTP/1.1" 200 412
172.17.200.101 - - [06/Sep/2020:09:07:52 +0800] "POST /xingrg/dwr/call/plaincall/AjaxReportQueryService.refreshCache.dwr HTTP/1.1" 200 78
61.172.5.115 - - [06/Sep/2020:09:07:53 +0800] "GET /xingrg/kc/buy/cgsh_order_operate.html?command=get_materiel&rest_code=00105&code=00101008108&supplier_code=00100203&order_time=2020-09-06 HTTP/1.1" 200 412
172.17.200.101 - - [06/Sep/2020:09:07:53 +0800] "POST /xingrg/all/report/load_report_page.html HTTP/1.1" 200 47085
172.17.200.101 - - [06/Sep/2020:09:07:53 +0800] "GET /xingrg/servlets/image?cache=0.5033623425084683&image=px HTTP/1.1" 200 807
58.37.9.106 - - [06/Sep/2020:09:07:58 +0800] "POST /xingrg/kc/buy/cgsh_list_operate.html HTTP/1.1" 200 5503
116.230.74.197 - - [06/Sep/2020:09:07:59 +0800] "GET /xingrg/kc/buy/cgsh_order_operate.html?command=get_materiel&rest_code=00107&code=00101008351&supplier_code=00100006&order_time=2020-09-06 HTTP/1.1" 200 408
61.172.5.115 - - [06/Sep/2020:09:08:00 +0800] "GET /xingrg/kc/buy/cgsh_order_operate.html?command=get_materiel&rest_code=00105&code=00101008318&supplier_code=00100203&order_time=2020-09-06 HTTP/1.1" 200 408
222.69.129.160 - - [06/Sep/2020:09:08:01 +0800] "POST /xingrg/services/DataTransmitService HTTP/1.1" 200 501
222.69.129.160 - - [06/Sep/2020:09:08:02 +0800] "GET /xingrg/kc/buy/cgsh_order_operate.html?command=get_materiel&rest_code=00149&code=00101008110&supplier_code=00100005&order_time=2020-09-06 HTTP/1.1" 200 408
61.172.5.115 - - [06/Sep/2020:09:08:03 +0800] "GET /xingrg/all/function/internal_message.html?_=1599354479072&CODE_STATE=getMsg HTTP/1.1" 200 27
222.69.129.160 - - [06/Sep/2020:09:08:03 +0800] "POST /xingrg/services/DataTransmitService HTTP/1.1" 200 501
222.69.129.160 - - [06/Sep/2020:09:08:03 +0800] "POST /xingrg/services/DataTransmitService HTTP/1.1" 200 501
222.69.129.160 - - [06/Sep/2020:09:08:03 +0800] "POST /xingrg/services/DataTransmitService HTTP/1.1" 200 501
222.69.129.160 - - [06/Sep/2020:09:08:04 +0800] "POST /xingrg/services/DataTransmitService HTTP/1.1" 200 501
222.69.129.160 - - [06/Sep/2020:09:08:05 +0800] "POST /xingrg/services/DataTransmitService HTTP/1.1" 200 501
114.88.166.242 - - [06/Sep/2020:09:08:07 +0800] "GET /xingrg/check_reg.html?_=1599354543024 HTTP/1.1" 200 22
114.88.166.242 - - [06/Sep/2020:09:08:07 +0800] "GET /xingrg/all/function/internal_message.html?_=1599354543029&CODE_STATE=getMsg HTTP/1.1" 200 27
218.81.217.115 - - [06/Sep/2020:09:08:07 +0800] "GET /xingrg/kc/buy/cgsh_order_operate.html?command=get_materiel&rest_code=00146&code=00101008256&supplier_code=00100005&order_time=2020-09-06 HTTP/1.1" 200 413
222.69.129.160 - - [06/Sep/2020:09:08:08 +0800] "POST /xingrg/services/DataTransmitService HTTP/1.1" 200 412
61.172.5.115 - - [06/Sep/2020:09:08:09 +0800] "GET /xingrg/kc/buy/cgsh_order_operate.html?command=get_materiel&rest_code=00105&code=00101008352&supplier_code=00100203&order_time=2020-09-06 HTTP/1.1" 200 412
218.81.217.115 - - [06/Sep/2020:09:08:13 +0800] "GET /xingrg/kc/buy/cgsh_order_operate.html?command=get_materiel&rest_code=00146&code=00101008155&supplier_code=00100005&order_time=2020-09-06 HTTP/1.1" 200 408
58.221.95.50 - - [06/Sep/2020:09:08:13 +0800] "GET /xingrg/all/function/internal_message.html?_=1599354634910&CODE_STATE=getMsg HTTP/1.1" 200 27
218.81.217.115 - - [06/Sep/2020:09:08:14 +0800] "POST /xingrg/kc/buy/cgsh_order_operate.html HTTP/1.1" 200 2065
222.69.129.160 - - [06/Sep/2020:09:08:15 +0800] "POST /xingrg/services/DataTransmitService HTTP/1.1" 200 524
218.81.217.115 - - [06/Sep/2020:09:08:17 +0800] "GET /xingrg/all/function/internal_message.html?_=1599354494472&CODE_STATE=getMsg HTTP/1.1" 200 27
222.69.129.160 - - [06/Sep/2020:09:08:19 +0800] "POST /xingrg/services/DataTransmitService HTTP/1.1" 200 501
116.230.74.197 - - [06/Sep/2020:09:08:20 +0800] "GET /xingrg/all/function/internal_message.html?_=1599354496294&CODE_STATE=getMsg HTTP/1.1" 200 27
222.69.129.160 - - [06/Sep/2020:09:08:20 +0800] "POST /xingrg/services/DataTransmitService HTTP/1.1" 200 501
218.81.217.115 - - [06/Sep/2020:09:08:21 +0800] "GET /xingrg/kc/buy/cgsh_order_operate.html?command=get_materiel&rest_code=00146&code=00101008244&supplier_code=00100005&order_time=2020-09-06 HTTP/1.1" 200 408
218.81.217.115 - - [06/Sep/2020:09:08:28 +0800] "GET /xingrg/kc/buy/cgsh_order_operate.html?command=get_materiel&rest_code=00146&code=00101008185&supplier_code=00100005&order_time=2020-09-06 HTTP/1.1" 200 408
116.238.71.173 - - [06/Sep/2020:09:08:28 +0800] "GET /xingrg/check_reg.html?_=1599354504206 HTTP/1.1" 200 22
116.238.71.173 - - [06/Sep/2020:09:08:28 +0800] "GET /xingrg/all/function/internal_message.html?_=1599354504202&CODE_STATE=getMsg HTTP/1.1" 200 27
172.17.200.101 - - [06/Sep/2020:09:08:30 +0800] "POST /xingrg/dwr/call/plaincall/AjaxReportQueryService.refreshCache.dwr HTTP/1.1" 200 78
222.69.129.160 - - [06/Sep/2020:09:08:31 +0800] "GET /xingrg/kc/buy/cgsh_order_operate.html?command=get_materiel&rest_code=00149&code=00101008038&supplier_code=00100005&order_time=2020-09-06 HTTP/1.1" 200 412
172.17.200.101 - - [06/Sep/2020:09:08:31 +0800] "POST /xingrg/all/report/load_report_page.html HTTP/1.1" 200 47169
172.17.200.101 - - [06/Sep/2020:09:08:31 +0800] "GET /xingrg/servlets/image?cache=0.045818597540795314&image=px HTTP/1.1" 200 807
172.17.200.101 - - [06/Sep/2020:09:08:32 +0800] "GET /xingrg/all/function/internal_message.html?_=1599354508352&CODE_STATE=getMsg HTTP/1.1" 200 27
172.17.200.101 - - [06/Sep/2020:09:08:32 +0800] "GET /xingrg/check_reg.html?_=1599354508353 HTTP/1.1" 200 22
222.69.129.160 - - [06/Sep/2020:09:08:33 +0800] "GET /xingrg/all/function/internal_message.html?_=1599354509717&CODE_STATE=getMsg HTTP/1.1" 200 27
222.69.129.160 - - [06/Sep/2020:09:08:34 +0800] "POST /xingrg/services/DataTransmitService HTTP/1.1" 200 501
116.230.74.197 - - [06/Sep/2020:09:08:39 +0800] "GET /xingrg/kc/buy/cgsh_order_operate.html?command=get_materiel&rest_code=00107&code=00101008038&supplier_code=00100006&order_time=2020-09-06 HTTP/1.1" 200 412
116.238.90.59 - - [06/Sep/2020:09:08:40 +0800] "GET /xingrg/all/function/internal_message.html?_=1599354723281&CODE_STATE=getMsg HTTP/1.1" 200 27
172.17.0.240 - - [06/Sep/2020:09:08:42 +0800] "GET /xingrg/all/function/internal_message.html?_=1599354517689&CODE_STATE=getMsg HTTP/1.1" 302 -
218.81.217.115 - - [06/Sep/2020:09:08:42 +0800] "GET /xingrg/kc/buy/cgsh_order_operate.html?command=get_materiel&rest_code=00146&code=00101008128&supplier_code=00100005&order_time=2020-09-06 HTTP/1.1" 200 413
222.69.129.160 - - [06/Sep/2020:09:08:43 +0800] "GET /xingrg/kc/buy/cgsh_order_operate.html?command=get_materiel&rest_code=00149&code=00101008163&supplier_code=00100005&order_time=2020-09-06 HTTP/1.1" 200 408
222.69.129.160 - - [06/Sep/2020:09:08:44 +0800] "GET /xingrg/all/function/internal_message.html?_=1599354521682&CODE_STATE=getMsg HTTP/1.1" 200 27
218.81.217.115 - - [06/Sep/2020:09:08:47 +0800] "GET /xingrg/all/function/internal_message.html?_=1599354544697&CODE_STATE=getMsg HTTP/1.1" 200 27
222.69.129.160 - - [06/Sep/2020:09:08:49 +0800] "POST /xingrg/services/DataTransmitService HTTP/1.1" 200 501
116.230.74.197 - - [06/Sep/2020:09:08:49 +0800] "GET /xingrg/kc/buy/cgsh_order_operate.html?command=get_materiel&rest_code=00107&code=00101008358&supplier_code=00100006&order_time=2020-09-06 HTTP/1.1" 200 412
222.69.129.160 - - [06/Sep/2020:09:08:51 +0800] "POST /xingrg/services/DataTransmitService HTTP/1.1" 200 501
222.69.129.160 - - [06/Sep/2020:09:08:51 +0800] "POST /xingrg/services/DataTransmitService HTTP/1.1" 200 501
222.69.129.160 - - [06/Sep/2020:09:08:51 +0800] "POST /xingrg/services/DataTransmitService HTTP/1.1" 200 501
218.81.217.115 - - [06/Sep/2020:09:08:52 +0800] "GET /xingrg/kc/buy/cgsh_order_operate.html?command=get_materiel&rest_code=00146&code=00101008038&supplier_code=00100005&order_time=2020-09-06 HTTP/1.1" 200 412
222.69.129.160 - - [06/Sep/2020:09:08:52 +0800] "POST /xingrg/services/DataTransmitService HTTP/1.1" 200 501
222.69.129.160 - - [06/Sep/2020:09:08:53 +0800] "POST /xingrg/services/DataTransmitService HTTP/1.1" 200 501
218.81.217.115 - - [06/Sep/2020:09:08:54 +0800] "GET /xingrg/check_reg.html?_=1599354551737 HTTP/1.1" 200 22
218.81.217.115 - - [06/Sep/2020:09:08:54 +0800] "POST /xingrg/kc/buy/cgsh_order_operate.html HTTP/1.1" 200 2065
222.69.129.160 - - [06/Sep/2020:09:08:54 +0800] "GET /xingrg/kc/buy/cgsh_order_operate.html?command=get_materiel&rest_code=00149&code=00101008224&supplier_code=00100005&order_time=2020-09-06 HTTP/1.1" 200 416
222.69.129.160 - - [06/Sep/2020:09:08:56 +0800] "POST /xingrg/services/DataTransmitService HTTP/1.1" 200 412
218.81.217.115 - - [06/Sep/2020:09:08:59 +0800] "GET /xingrg/kc/buy/cgsh_order_operate.html?command=get_materiel&rest_code=00146&code=00101008358&supplier_code=00100005&order_time=2020-09-06 HTTP/1.1" 200 412
61.172.5.115 - - [06/Sep/2020:09:09:03 +0800] "GET /xingrg/all/function/internal_message.html?_=1599354539088&CODE_STATE=getMsg HTTP/1.1" 200 27
116.230.74.197 - - [06/Sep/2020:09:09:04 +0800] "GET /xingrg/kc/buy/cgsh_order_operate.html?command=get_materiel&rest_code=00107&code=00101008163&supplier_code=00100006&order_time=2020-09-06 HTTP/1.1" 200 408
222.69.129.160 - - [06/Sep/2020:09:09:05 +0800] "POST /xingrg/kc/buy/cgsh_order_operate.html HTTP/1.1" 200 2065
114.88.166.242 - - [06/Sep/2020:09:09:07 +0800] "GET /xingrg/all/function/internal_message.html?_=1599354603029&CODE_STATE=getMsg HTTP/1.1" 200 27
218.81.217.115 - - [06/Sep/2020:09:09:07 +0800] "GET /xingrg/kc/buy/cgsh_order_operate.html?command=get_materiel&rest_code=00146&code=00101008141&supplier_code=00100005&order_time=2020-09-06 HTTP/1.1" 200 412
58.221.95.50 - - [06/Sep/2020:09:09:13 +0800] "GET /xingrg/all/function/internal_message.html?_=1599354694891&CODE_STATE=getMsg HTTP/1.1" 200 27
222.69.129.160 - - [06/Sep/2020:09:09:13 +0800] "GET /xingrg/kc/buy/cgsh_order_operate.html?command=get_materiel&rest_code=00149&code=00101008126&supplier_code=00100005&order_time=2020-09-06 HTTP/1.1" 200 412
218.81.217.115 - - [06/Sep/2020:09:09:17 +0800] "GET /xingrg/check_reg.html?_=1599354554203 HTTP/1.1" 200 22
218.81.217.115 - - [06/Sep/2020:09:09:17 +0800] "GET /xingrg/all/function/internal_message.html?_=1599354554484&CODE_STATE=getMsg HTTP/1.1" 200 27
117.185.32.26 - - [06/Sep/2020:09:09:19 +0800] "GET /xingrg/login.html HTTP/1.1" 200 7641
116.230.74.197 - - [06/Sep/2020:09:09:20 +0800] "GET /xingrg/all/function/internal_message.html?_=1599354556285&CODE_STATE=getMsg HTTP/1.1" 200 27
117.185.32.26 - - [06/Sep/2020:09:09:21 +0800] "GET /favicon.ico HTTP/1.1" 404 -
222.69.129.160 - - [06/Sep/2020:09:09:23 +0800] "GET /xingrg/kc/buy/cgsh_order_operate.html?command=get_materiel&rest_code=00149&code=00101008148&supplier_code=00100005&order_time=2020-09-06 HTTP/1.1" 200 416
218.81.217.115 - - [06/Sep/2020:09:09:25 +0800] "GET /xingrg/kc/buy/cgsh_order_operate.html?command=get_materiel&rest_code=00146&code=00101008264&supplier_code=00100005&order_time=2020-09-06 HTTP/1.1" 200 412
117.185.32.26 - - [06/Sep/2020:09:09:27 +0800] "POST /xingrg/login.do HTTP/1.1" 302 -
117.185.32.26 - - [06/Sep/2020:09:09:27 +0800] "GET /xingrg/index.html?sysBaseUrl=http%3A%2F%2F180.169.147.146%3A18081%2Fxingrg%2F&costTime=76×tamp=1599354567617 HTTP/1.1" 200 17173
116.238.71.173 - - [06/Sep/2020:09:09:28 +0800] "GET /xingrg/all/function/internal_message.html?_=1599354564255&CODE_STATE=getMsg HTTP/1.1" 200 27
117.185.32.26 - - [06/Sep/2020:09:09:28 +0800] "GET /favicon.ico HTTP/1.1" 404 -
117.185.32.26 - - [06/Sep/2020:09:09:29 +0800] "POST /xingrg/all/common/load_tree.html?tree=area_rest_tree_json&manage=1 HTTP/1.1" 200 342
117.185.32.26 - - [06/Sep/2020:09:09:29 +0800] "GET /xingrg/all/function/internal_message.html?_=1599354994384&CODE_STATE=count HTTP/1.1" 200 11
117.185.32.26 - - [06/Sep/2020:09:09:29 +0800] "GET /xingrg/check_reg.html?_=1599354994385 HTTP/1.1" 200 22
117.185.32.26 - - [06/Sep/2020:09:09:29 +0800] "POST /xingrg/load_menu.html HTTP/1.1" 200 5138
61.172.5.115 - - [06/Sep/2020:09:09:30 +0800] "GET /xingrg/kc/buy/cgsh_order_operate.html?command=get_materiel&rest_code=00105&code=00101008005&supplier_code=00100203&order_time=2020-09-06 HTTP/1.1" 200 412
116.230.74.197 - - [06/Sep/2020:09:09:30 +0800] "GET /xingrg/kc/buy/cgsh_order_operate.html?command=get_materiel&rest_code=00107&code=00101008083&supplier_code=00100006&order_time=2020-09-06 HTTP/1.1" 200 427
117.185.32.26 - - [06/Sep/2020:09:09:32 +0800] "GET /xingrg/kc/buy/buy_main.html HTTP/1.1" 200 12412
117.185.32.26 - - [06/Sep/2020:09:09:32 +0800] "GET /xingrg/css/new_ie.css HTTP/1.1" 404 1036
172.17.200.101 - - [06/Sep/2020:09:09:32 +0800] "GET /xingrg/all/function/internal_message.html?_=1599354568351&CODE_STATE=getMsg HTTP/1.1" 200 27
117.185.32.26 - - [06/Sep/2020:09:09:33 +0800] "GET /xingrg/images/yd/bt.gif HTTP/1.1" 404 1040
222.69.129.160 - - [06/Sep/2020:09:09:33 +0800] "GET /xingrg/all/function/internal_message.html?_=1599354569727&CODE_STATE=getMsg HTTP/1.1" 200 27
116.230.74.197 - - [06/Sep/2020:09:09:34 +0800] "POST /xingrg/all/common/load_select.html HTTP/1.1" 200 25
117.185.32.26 - - [06/Sep/2020:09:09:34 +0800] "GET /xingrg/kc/buy/cgsh_order_list.html HTTP/1.1" 200 43930
218.81.217.115 - - [06/Sep/2020:09:09:36 +0800] "POST /xingrg/kc/buy/cgsh_order_operate.html HTTP/1.1" 200 2065
117.185.32.26 - - [06/Sep/2020:09:09:36 +0800] "POST /xingrg/kc/buy/cgsh_list_operate.html HTTP/1.1" 200 876
222.69.129.160 - - [06/Sep/2020:09:09:36 +0800] "GET /xingrg/kc/buy/cgsh_order_operate.html?command=get_materiel&rest_code=00149&code=00101008004&supplier_code=00100005&order_time=2020-09-06 HTTP/1.1" 200 416
117.185.32.26 - - [06/Sep/2020:09:09:38 +0800] "GET /xingrg/kc/buy/cgsh_order_add.html HTTP/1.1" 200 59668
117.185.32.26 - - [06/Sep/2020:09:09:38 +0800] "GET /xingrg/words/20200905160344_words.js HTTP/1.1" 304 -
117.185.32.26 - - [06/Sep/2020:09:09:39 +0800] "GET /xingrg/all/common/auto_word.html?type=employee&rest_code=00106 HTTP/1.1" 200 205
117.185.32.26 - - [06/Sep/2020:09:09:39 +0800] "GET /xingrg/all/common/auto_word.html?type=employee&rest_code=00106 HTTP/1.1" 200 205
117.185.32.26 - - [06/Sep/2020:09:09:39 +0800] "GET /xingrg/javascript/easyui/themes/default/validatebox.css HTTP/1.1" 404 1104
117.185.32.26 - - [06/Sep/2020:09:09:39 +0800] "POST /xingrg/kc/buy/cgsh_order_operate.html HTTP/1.1" 200 8245
116.238.90.59 - - [06/Sep/2020:09:09:40 +0800] "GET /xingrg/all/function/internal_message.html?_=1599354783295&CODE_STATE=getMsg HTTP/1.1" 200 27
117.185.32.26 - - [06/Sep/2020:09:09:40 +0800] "GET /xingrg/javascript/easyui/themes/default/tree.css HTTP/1.1" 404 1090
117.185.32.26 - - [06/Sep/2020:09:09:40 +0800] "POST /xingrg/all/common/load_tree.html?tree=supplier_tree_json&isDelete=1 HTTP/1.1" 200 50169
218.81.217.115 - - [06/Sep/2020:09:09:40 +0800] "GET /xingrg/kc/buy/cgsh_order_operate.html?command=get_materiel&rest_code=00146&code=00101008197&supplier_code=00100005&order_time=2020-09-06 HTTP/1.1" 200 416
172.17.0.240 - - [06/Sep/2020:09:09:42 +0800] "GET /xingrg/all/function/internal_message.html?_=1599354577676&CODE_STATE=getMsg HTTP/1.1" 302 -
116.230.74.197 - - [06/Sep/2020:09:09:42 +0800] "GET /xingrg/kc/buy/cgsh_order_operate.html?command=get_materiel_price&rest_code=00107&code=00101008083&unit_code=00100026&supplier_code=00100006&order_time=2020-09-06 HTTP/1.1" 200 27
61.172.5.115 - - [06/Sep/2020:09:09:44 +0800] "GET /xingrg/kc/buy/cgsh_order_operate.html?command=get_materiel&rest_code=00105&code=00101008353&supplier_code=00100203&order_time=2020-09-06 HTTP/1.1" 200 408
222.69.129.160 - - [06/Sep/2020:09:09:44 +0800] "GET /xingrg/all/function/internal_message.html?_=1599354581688&CODE_STATE=getMsg HTTP/1.1" 200 27
222.69.129.160 - - [06/Sep/2020:09:09:44 +0800] "GET /xingrg/check_reg.html?_=1599354581693 HTTP/1.1" 200 22
218.81.217.115 - - [06/Sep/2020:09:09:47 +0800] "GET /xingrg/all/function/internal_message.html?_=1599354604698&CODE_STATE=getMsg HTTP/1.1" 200 27
172.17.0.120 - - [06/Sep/2020:09:09:48 +0800] "GET /xingrg/index.html HTTP/1.1" 302 -
172.17.0.120 - - [06/Sep/2020:09:09:48 +0800] "GET /xingrg/login.html HTTP/1.1" 200 7636
172.17.0.120 - - [06/Sep/2020:09:09:48 +0800] "GET /xingrg/images/blue/jxLogo.png HTTP/1.1" 200 6156
172.17.0.120 - - [06/Sep/2020:09:09:48 +0800] "GET /xingrg/images/blue/login_bg.png HTTP/1.1" 200 22101
172.17.0.120 - - [06/Sep/2020:09:09:48 +0800] "GET /xingrg/images/blue/srbg.png HTTP/1.1" 200 138
172.17.0.120 - - [06/Sep/2020:09:09:48 +0800] "GET /xingrg/images/blue/hj.png HTTP/1.1" 200 1014
172.17.0.120 - - [06/Sep/2020:09:09:48 +0800] "GET /favicon.ico HTTP/1.1" 404 -
218.81.217.115 - - [06/Sep/2020:09:09:51 +0800] "GET /xingrg/kc/buy/cgsh_order_operate.html?command=get_materiel&rest_code=00146&code=00101008238&supplier_code=00100005&order_time=2020-09-06 HTTP/1.1" 200 416
61.172.5.115 - - [06/Sep/2020:09:09:51 +0800] "GET /xingrg/kc/buy/cgsh_order_operate.html?command=get_materiel&rest_code=00105&code=00101008213&supplier_code=00100203&order_time=2020-09-06 HTTP/1.1" 200 412
116.230.74.197 - - [06/Sep/2020:09:09:51 +0800] "GET /xingrg/kc/buy/cgsh_order_operate.html?command=get_materiel&rest_code=00107&code=00101008355&supplier_code=00100006&order_time=2020-09-06 HTTP/1.1" 200 408
222.69.129.160 - - [06/Sep/2020:09:09:56 +0800] "GET /xingrg/kc/buy/cgsh_order_operate.html?command=get_materiel&rest_code=00149&code=00101008264&supplier_code=00100005&order_time=2020-09-06 HTTP/1.1" 200 412
117.185.32.26 - - [06/Sep/2020:09:09:56 +0800] "GET /xingrg/javascript/auto/indicator.gif HTTP/1.1" 404 1066
61.172.5.115 - - [06/Sep/2020:09:09:57 +0800] "GET /xingrg/kc/buy/cgsh_order_operate.html?command=get_materiel&rest_code=00105&code=00101008298&supplier_code=00100203&order_time=2020-09-06 HTTP/1.1" 200 431
172.17.0.120 - - [06/Sep/2020:09:09:57 +0800] "POST /xingrg/login.do HTTP/1.1" 302 -
172.17.0.120 - - [06/Sep/2020:09:09:58 +0800] "GET /xingrg/javascript/jquery_easy_ui/themes/default/easyui.css HTTP/1.1" 200 26500
172.17.0.120 - - [06/Sep/2020:09:09:58 +0800] "GET /xingrg/javascript/jquery_easy_ui/themes/icon.css HTTP/1.1" 200 3949
172.17.0.120 - - [06/Sep/2020:09:09:58 +0800] "GET /xingrg/css/form.css HTTP/1.1" 200 893
172.17.0.120 - - [06/Sep/2020:09:09:58 +0800] "GET /xingrg/index.html?sysBaseUrl=http%3A%2F%2F172.17.0.8%3A18081%2Fxingrg%2F&costTime=82×tamp=1599354597978 HTTP/1.1" 200 17448
172.17.0.120 - - [06/Sep/2020:09:09:58 +0800] "GET /xingrg/javascript/jquery-1.4.2.min.js HTTP/1.1" 200 72205
172.17.0.120 - - [06/Sep/2020:09:09:58 +0800] "GET /xingrg/javascript/jquery_easy_ui/jquery.easyui.min.js HTTP/1.1" 200 213662
172.17.0.120 - - [06/Sep/2020:09:09:58 +0800] "GET /xingrg/javascript/jquery_easy_ui/easyui-lang-zh_CN.js HTTP/1.1" 200 1900
172.17.0.120 - - [06/Sep/2020:09:09:58 +0800] "GET /xingrg/javascript/jquery.form.js HTTP/1.1" 200 23110
172.17.0.120 - - [06/Sep/2020:09:09:58 +0800] "GET /xingrg/javascript/jquery.utils.js HTTP/1.1" 200 11805
172.17.0.120 - - [06/Sep/2020:09:09:58 +0800] "GET /xingrg/javascript/jquery.timers.js HTTP/1.1" 200 3532
172.17.0.120 - - [06/Sep/2020:09:09:58 +0800] "GET /favicon.ico HTTP/1.1" 404 -
172.17.0.120 - - [06/Sep/2020:09:09:58 +0800] "GET /xingrg/javascript/jquery_easy_ui/themes/icons/settle_new.png HTTP/1.1" 200 826
172.17.0.120 - - [06/Sep/2020:09:09:58 +0800] "GET /xingrg/images/blue/navBackgound.jpg HTTP/1.1" 200 12378
172.17.0.120 - - [06/Sep/2020:09:09:58 +0800] "POST /xingrg/all/common/load_tree.html?tree=area_rest_tree_json&manage=1 HTTP/1.1" 200 3216
172.17.0.120 - - [06/Sep/2020:09:09:58 +0800] "GET /xingrg/all/function/internal_message.html?_=1599354620220&CODE_STATE=count HTTP/1.1" 200 11
172.17.0.120 - - [06/Sep/2020:09:09:58 +0800] "GET /xingrg/check_reg.html?_=1599354620221 HTTP/1.1" 200 22
172.17.0.120 - - [06/Sep/2020:09:09:58 +0800] "GET /xingrg/images/blue/pingpu.png HTTP/1.1" 200 231
172.17.0.120 - - [06/Sep/2020:09:09:58 +0800] "GET /xingrg/javascript/jquery_easy_ui/themes/default/images/tabs_leftarrow.png HTTP/1.1" 200 389
172.17.0.120 - - [06/Sep/2020:09:09:58 +0800] "GET /xingrg/javascript/jquery_easy_ui/themes/default/images/tabs_rightarrow.png HTTP/1.1" 200 395
172.17.0.120 - - [06/Sep/2020:09:09:58 +0800] "GET /xingrg/javascript/jquery_easy_ui/themes/default/images/panel_tool_expand.gif HTTP/1.1" 200 247
172.17.0.120 - - [06/Sep/2020:09:09:58 +0800] "GET /xingrg/javascript/jquery_easy_ui/themes/default/images/panel_tool_collapse.gif HTTP/1.1" 200 246
172.17.0.120 - - [06/Sep/2020:09:09:58 +0800] "POST /xingrg/load_menu.html HTTP/1.1" 200 11408
172.17.0.120 - - [06/Sep/2020:09:09:58 +0800] "GET /xingrg/javascript/jquery_easy_ui/themes/default/images/tree_arrows.gif HTTP/1.1" 200 1043
172.17.0.120 - - [06/Sep/2020:09:09:58 +0800] "GET /xingrg/javascript/jquery_easy_ui/themes/default/images/tree_folder_open.gif HTTP/1.1" 200 956
172.17.0.120 - - [06/Sep/2020:09:09:58 +0800] "GET /xingrg/javascript/jquery_easy_ui/themes/icons/search_new.png HTTP/1.1" 200 586
172.17.0.120 - - [06/Sep/2020:09:09:58 +0800] "GET /xingrg/javascript/jquery_easy_ui/themes/icons/delivery_new.png HTTP/1.1" 200 700
172.17.0.120 - - [06/Sep/2020:09:09:58 +0800] "GET /xingrg/javascript/jquery_easy_ui/themes/icons/storage_new.png HTTP/1.1" 200 853
172.17.0.120 - - [06/Sep/2020:09:09:58 +0800] "GET /xingrg/javascript/jquery_easy_ui/themes/icons/checkout_new.png HTTP/1.1" 200 744
172.17.0.120 - - [06/Sep/2020:09:09:58 +0800] "GET /xingrg/javascript/jquery_easy_ui/themes/icons/forms_new.png HTTP/1.1" 200 350
172.17.0.120 - - [06/Sep/2020:09:09:58 +0800] "GET /xingrg/javascript/jquery_easy_ui/themes/icons/setting_new.png HTTP/1.1" 200 450
172.17.0.120 - - [06/Sep/2020:09:09:58 +0800] "GET /xingrg/javascript/jquery_easy_ui/themes/icons/systemset_new.png HTTP/1.1" 200 606
172.17.0.120 - - [06/Sep/2020:09:09:58 +0800] "GET /xingrg/javascript/jquery_easy_ui/themes/default/images/tree_file.gif HTTP/1.1" 200 118
172.17.0.120 - - [06/Sep/2020:09:09:58 +0800] "GET /xingrg/javascript/jquery_easy_ui/themes/default/images/tree_folder.gif HTTP/1.1" 200 952
172.17.0.120 - - [06/Sep/2020:09:09:59 +0800] "GET /xingrg/javascript/jquery_easy_ui/themes/icons/area.png HTTP/1.1" 200 262
172.17.0.120 - - [06/Sep/2020:09:09:59 +0800] "GET /xingrg/javascript/jquery_easy_ui/themes/icons/manage.png HTTP/1.1" 200 696
172.17.0.120 - - [06/Sep/2020:09:09:59 +0800] "GET /xingrg/javascript/jquery_easy_ui/themes/icons/rest.png HTTP/1.1" 200 695
172.17.0.120 - - [06/Sep/2020:09:09:59 +0800] "GET /xingrg/javascript/jquery_easy_ui/themes/default/images/button_a_bg.gif HTTP/1.1" 200 1194
172.17.0.120 - - [06/Sep/2020:09:09:59 +0800] "GET /xingrg/javascript/jquery_easy_ui/themes/default/images/button_span_bg.gif HTTP/1.1" 200 2061
172.17.0.120 - - [06/Sep/2020:09:09:59 +0800] "GET /xingrg/javascript/jquery_easy_ui/themes/icons/ok.png HTTP/1.1" 200 883
172.17.0.120 - - [06/Sep/2020:09:09:59 +0800] "GET /xingrg/javascript/jquery_easy_ui/themes/default/images/panel_title.png HTTP/1.1" 200 266
172.17.0.120 - - [06/Sep/2020:09:09:59 +0800] "GET /xingrg/javascript/jquery_easy_ui/themes/default/images/panel_tools.gif HTTP/1.1" 200 737
117.185.32.26 - - [06/Sep/2020:09:10:00 +0800] "GET /xingrg/kc/buy/cgsh_order_operate.html?command=get_materiel&rest_code=00106&code=00101007061&supplier_code=00100002&order_time=2020-09-06 HTTP/1.1" 200 409
218.81.217.115 - - [06/Sep/2020:09:10:00 +0800] "GET /xingrg/kc/buy/cgsh_order_operate.html?command=get_materiel&rest_code=00146&code=00101008069&supplier_code=00100005&order_time=2020-09-06 HTTP/1.1" 200 412
172.17.0.120 - - [06/Sep/2020:09:10:01 +0800] "GET /xingrg/images/control/ajaxLoader.gif HTTP/1.1" 200 4659
172.17.0.120 - - [06/Sep/2020:09:10:01 +0800] "POST /xingrg/all/user/operate.html HTTP/1.1" 200 36
172.17.0.120 - - [06/Sep/2020:09:10:01 +0800] "GET /xingrg/index.html?sysBaseUrl=http%3A%2F%2F172.17.0.8%3A18081%2Fxingrg%2F&costTime=82×tamp=1599354597978 HTTP/1.1" 200 17454
172.17.0.120 - - [06/Sep/2020:09:10:01 +0800] "GET /xingrg/javascript/jquery_easy_ui/themes/default/easyui.css HTTP/1.1" 304 -
172.17.0.120 - - [06/Sep/2020:09:10:01 +0800] "GET /xingrg/javascript/jquery_easy_ui/themes/icon.css HTTP/1.1" 304 -
172.17.0.120 - - [06/Sep/2020:09:10:01 +0800] "GET /xingrg/css/form.css HTTP/1.1" 304 -
172.17.0.120 - - [06/Sep/2020:09:10:01 +0800] "GET /xingrg/javascript/jquery-1.4.2.min.js HTTP/1.1" 304 -
172.17.0.120 - - [06/Sep/2020:09:10:01 +0800] "GET /xingrg/javascript/jquery_easy_ui/jquery.easyui.min.js HTTP/1.1" 304 -
172.17.0.120 - - [06/Sep/2020:09:10:01 +0800] "GET /xingrg/javascript/jquery_easy_ui/easyui-lang-zh_CN.js HTTP/1.1" 304 -
172.17.0.120 - - [06/Sep/2020:09:10:01 +0800] "GET /xingrg/javascript/jquery.form.js HTTP/1.1" 304 -
172.17.0.120 - - [06/Sep/2020:09:10:01 +0800] "GET /xingrg/javascript/jquery.utils.js HTTP/1.1" 304 -
172.17.0.120 - - [06/Sep/2020:09:10:01 +0800] "GET /xingrg/javascript/jquery.timers.js HTTP/1.1" 304 -
172.17.0.120 - - [06/Sep/2020:09:10:01 +0800] "GET /xingrg/images/blue/jxLogo.png HTTP/1.1" 304 -
172.17.0.120 - - [06/Sep/2020:09:10:01 +0800] "GET /xingrg/images/blue/navBackgound.jpg HTTP/1.1" 304 -
172.17.0.120 - - [06/Sep/2020:09:10:01 +0800] "GET /xingrg/javascript/jquery_easy_ui/themes/icons/settle_new.png HTTP/1.1" 304 -
172.17.0.120 - - [06/Sep/2020:09:10:01 +0800] "POST /xingrg/all/common/load_tree.html?tree=area_rest_tree_json&manage=1 HTTP/1.1" 200 3216
172.17.0.120 - - [06/Sep/2020:09:10:01 +0800] "GET /xingrg/javascript/jquery_easy_ui/themes/default/images/tabs_rightarrow.png HTTP/1.1" 304 -
172.17.0.120 - - [06/Sep/2020:09:10:01 +0800] "GET /xingrg/javascript/jquery_easy_ui/themes/default/images/tabs_leftarrow.png HTTP/1.1" 304 -
172.17.0.120 - - [06/Sep/2020:09:10:01 +0800] "GET /xingrg/all/function/internal_message.html?_=1599354623493&CODE_STATE=count HTTP/1.1" 200 11
172.17.0.120 - - [06/Sep/2020:09:10:01 +0800] "GET /xingrg/check_reg.html?_=1599354623494 HTTP/1.1" 200 22
172.17.0.120 - - [06/Sep/2020:09:10:01 +0800] "GET /xingrg/javascript/jquery_easy_ui/themes/default/images/panel_tool_collapse.gif HTTP/1.1" 304 -
172.17.0.120 - - [06/Sep/2020:09:10:01 +0800] "GET /xingrg/javascript/jquery_easy_ui/themes/default/images/panel_tool_expand.gif HTTP/1.1" 304 -
172.17.0.120 - - [06/Sep/2020:09:10:01 +0800] "GET /xingrg/images/blue/pingpu.png HTTP/1.1" 304 -
172.17.0.120 - - [06/Sep/2020:09:10:01 +0800] "POST /xingrg/load_menu.html HTTP/1.1" 200 9924
61.172.5.115 - - [06/Sep/2020:09:10:03 +0800] "GET /xingrg/check_reg.html?_=1599354599001 HTTP/1.1" 200 22
61.172.5.115 - - [06/Sep/2020:09:10:03 +0800] "GET /xingrg/all/function/internal_message.html?_=1599354599004&CODE_STATE=getMsg HTTP/1.1" 200 27
172.17.0.120 - - [06/Sep/2020:09:10:03 +0800] "GET /xingrg/javascript/jquery_easy_ui/themes/default/images/tabs_close.gif HTTP/1.1" 200 829
172.17.0.120 - - [06/Sep/2020:09:10:03 +0800] "GET /xingrg/kc/report/report_main.html HTTP/1.1" 200 7325
172.17.0.120 - - [06/Sep/2020:09:10:03 +0800] "GET /xingrg/css/blue.css HTTP/1.1" 200 15949
172.17.0.120 - - [06/Sep/2020:09:10:03 +0800] "GET /xingrg/javascript/pic_change.js HTTP/1.1" 200 4739
172.17.0.120 - - [06/Sep/2020:09:10:03 +0800] "GET /xingrg/javascript/jquery_ui/themes/humanity/humanity.css HTTP/1.1" 200 27801
172.17.0.120 - - [06/Sep/2020:09:10:03 +0800] "GET /xingrg/javascript/myfunction.js HTTP/1.1" 200 24559
172.17.0.120 - - [06/Sep/2020:09:10:03 +0800] "GET /xingrg/javascript/json2.js HTTP/1.1" 200 11259
172.17.0.120 - - [06/Sep/2020:09:10:03 +0800] "GET /xingrg/javascript/jquery_easy_ui/themes/icons/back_new.png HTTP/1.1" 200 3414
172.17.0.120 - - [06/Sep/2020:09:10:04 +0800] "GET /xingrg/kc/buy/buy_main.html HTTP/1.1" 200 12377
172.17.0.120 - - [06/Sep/2020:09:10:04 +0800] "GET /xingrg/css/new_ie.css HTTP/1.1" 404 1036
172.17.0.120 - - [06/Sep/2020:09:10:04 +0800] "GET /xingrg/javascript/ToolTips.js HTTP/1.1" 200 5615
172.17.0.120 - - [06/Sep/2020:09:10:04 +0800] "GET /xingrg/javascript/jquery_ui/jquery-ui.min.js HTTP/1.1" 200 186181
172.17.0.120 - - [06/Sep/2020:09:10:04 +0800] "GET /xingrg/images/blue/button/cgxqd.gif HTTP/1.1" 200 2619
172.17.0.120 - - [06/Sep/2020:09:10:04 +0800] "GET /xingrg/images/blue/button/cgydd.gif HTTP/1.1" 200 2712
172.17.0.120 - - [06/Sep/2020:09:10:04 +0800] "GET /xingrg/images/blue/button/cgshd.gif HTTP/1.1" 200 2618
172.17.0.120 - - [06/Sep/2020:09:10:04 +0800] "GET /xingrg/images/blue/button/cgfkd.gif HTTP/1.1" 200 2075
172.17.0.120 - - [06/Sep/2020:09:10:04 +0800] "GET /xingrg/images/blue/button/kc.gif HTTP/1.1" 200 2160
172.17.0.120 - - [06/Sep/2020:09:10:04 +0800] "GET /xingrg/images/blue/button/ckthd.gif HTTP/1.1" 200 2045
172.17.0.120 - - [06/Sep/2020:09:10:04 +0800] "GET /xingrg/images/blue/pic_form2.gif HTTP/1.1" 200 1853
172.17.0.120 - - [06/Sep/2020:09:10:04 +0800] "GET /xingrg/images/blue/button/right_ah.jpg HTTP/1.1" 200 1744
172.17.0.120 - - [06/Sep/2020:09:10:04 +0800] "GET /xingrg/images/blue/bg_dotted.jpg HTTP/1.1" 200 319
172.17.0.120 - - [06/Sep/2020:09:10:04 +0800] "GET /xingrg/images/blue/button/down_ah.jpg HTTP/1.1" 200 1732
172.17.0.120 - - [06/Sep/2020:09:10:04 +0800] "GET /xingrg/javascript/jquery_ui/themes/humanity/images/ui-bg_inset-soft_100_f4f0ec_1x100.png HTTP/1.1" 200 141
172.17.0.120 - - [06/Sep/2020:09:10:04 +0800] "GET /xingrg/javascript/jquery_ui/themes/humanity/images/ui-icons_c47a23_256x240.png HTTP/1.1" 200 5355
172.17.0.120 - - [06/Sep/2020:09:10:04 +0800] "GET /xingrg/javascript/jquery_ui/themes/humanity/images/ui-iconsnew.jpg HTTP/1.1" 200 337
172.17.0.120 - - [06/Sep/2020:09:10:04 +0800] "GET /xingrg/javascript/jquery_ui/themes/humanity/images/ui-icons_ffffff_256x240.png HTTP/1.1" 200 4369
172.17.0.120 - - [06/Sep/2020:09:10:04 +0800] "GET /xingrg/javascript/jquery_ui/themes/humanity/images/ui-bg_glass_70_ede4d4_1x400.png HTTP/1.1" 200 161
172.17.0.120 - - [06/Sep/2020:09:10:05 +0800] "GET /xingrg/images/yd/bt.gif HTTP/1.1" 404 1040
61.172.5.115 - - [06/Sep/2020:09:10:05 +0800] "GET /xingrg/kc/buy/cgsh_order_operate.html?command=get_materiel&rest_code=00105&code=00101008105&supplier_code=00100203&order_time=2020-09-06 HTTP/1.1" 200 412
172.17.0.120 - - [06/Sep/2020:09:10:05 +0800] "GET /xingrg/kc/buy/cgsh_order_list.html HTTP/1.1" 200 44171
172.17.0.120 - - [06/Sep/2020:09:10:05 +0800] "GET /xingrg/css/base.css HTTP/1.1" 200 2811
172.17.0.120 - - [06/Sep/2020:09:10:05 +0800] "GET /xingrg/css/site.css HTTP/1.1" 200 7541
172.17.0.120 - - [06/Sep/2020:09:10:05 +0800] "GET /xingrg/javascript/jquery_tools/datebox.css HTTP/1.1" 200 2597
172.17.0.120 - - [06/Sep/2020:09:10:05 +0800] "GET /xingrg/javascript/easyui/themes/default/easyui.css HTTP/1.1" 200 30432
172.17.0.120 - - [06/Sep/2020:09:10:05 +0800] "GET /xingrg/javascript/easyui/themes/icon.css HTTP/1.1" 200 4483
172.17.0.120 - - [06/Sep/2020:09:10:05 +0800] "GET /xingrg/javascript/auto/jquery.autocomplete.css HTTP/1.1" 200 587
172.17.0.120 - - [06/Sep/2020:09:10:05 +0800] "GET /xingrg/javascript/jquery_tools/fix.css HTTP/1.1" 200 1702
172.17.0.120 - - [06/Sep/2020:09:10:05 +0800] "GET /xingrg/javascript/jquery_tools/table.css HTTP/1.1" 200 1032
172.17.0.120 - - [06/Sep/2020:09:10:05 +0800] "GET /xingrg/javascript/jquery_tools/jquery.tools.min.js HTTP/1.1" 200 138801
172.17.0.120 - - [06/Sep/2020:09:10:05 +0800] "GET /xingrg/javascript/jquery_tools/jquery.tools.extend.js HTTP/1.1" 200 15385
172.17.0.120 - - [06/Sep/2020:09:10:05 +0800] "GET /xingrg/javascript/jquery_tools/jquery.tools.hotkey.js HTTP/1.1" 200 3242
172.17.0.120 - - [06/Sep/2020:09:10:05 +0800] "GET /xingrg/javascript/jquery_tools/jquery.tools.table.js HTTP/1.1" 200 6994
172.17.0.120 - - [06/Sep/2020:09:10:05 +0800] "GET /xingrg/javascript/jquery_tools/list_manager.js HTTP/1.1" 200 3652
172.17.0.120 - - [06/Sep/2020:09:10:05 +0800] "GET /xingrg/javascript/auto/jquery.autocomplete.js HTTP/1.1" 200 21624
172.17.0.120 - - [06/Sep/2020:09:10:05 +0800] "GET /xingrg/javascript/easyui/easyloader.js HTTP/1.1" 200 5975
172.17.0.120 - - [06/Sep/2020:09:10:05 +0800] "GET /xingrg/javascript/jquery.cookie.js HTTP/1.1" 200 5513
172.17.0.120 - - [06/Sep/2020:09:10:05 +0800] "GET /xingrg/javascript/print/LodopFuncs.js HTTP/1.1" 200 5121
172.17.0.120 - - [06/Sep/2020:09:10:05 +0800] "GET /xingrg/javascript/easyui/themes/icons/check_new.png HTTP/1.1" 200 3224
172.17.0.120 - - [06/Sep/2020:09:10:05 +0800] "GET /xingrg/javascript/easyui/themes/icons/cance_new.png HTTP/1.1" 200 3986
172.17.0.120 - - [06/Sep/2020:09:10:05 +0800] "GET /xingrg/javascript/easyui/themes/icons/uncheck_new.png HTTP/1.1" 200 3197
172.17.0.120 - - [06/Sep/2020:09:10:05 +0800] "GET /xingrg/javascript/easyui/themes/icons/edit_add_new.png HTTP/1.1" 200 2997
172.17.0.120 - - [06/Sep/2020:09:10:05 +0800] "GET /xingrg/javascript/easyui/themes/icons/field_new.png HTTP/1.1" 200 1097
172.17.0.120 - - [06/Sep/2020:09:10:05 +0800] "GET /xingrg/javascript/easyui/themes/icons/import_new.png HTTP/1.1" 200 1247
172.17.0.120 - - [06/Sep/2020:09:10:05 +0800] "GET /xingrg/javascript/easyui/plugins/jquery.parser.js HTTP/1.1" 200 1142
172.17.0.120 - - [06/Sep/2020:09:10:06 +0800] "POST /xingrg/kc/buy/cgsh_list_operate.html HTTP/1.1" 200 876
114.88.166.242 - - [06/Sep/2020:09:10:07 +0800] "GET /xingrg/all/function/internal_message.html?_=1599354663029&CODE_STATE=getMsg HTTP/1.1" 200 27
172.17.0.120 - - [06/Sep/2020:09:10:08 +0800] "GET /xingrg/javascript/jquery_tools/images/next.gif HTTP/1.1" 404 1086
172.17.0.120 - - [06/Sep/2020:09:10:08 +0800] "GET /xingrg/javascript/jquery_tools/images/prev.gif HTTP/1.1" 404 1086
61.172.5.115 - - [06/Sep/2020:09:10:11 +0800] "GET /xingrg/kc/buy/cgsh_order_operate.html?command=get_materiel&rest_code=00105&code=00101008119&supplier_code=00100203&order_time=2020-09-06 HTTP/1.1" 200 412
58.221.95.50 - - [06/Sep/2020:09:10:13 +0800] "GET /xingrg/all/function/internal_message.html?_=1599354754868&CODE_STATE=getMsg HTTP/1.1" 200 27
218.81.217.115 - - [06/Sep/2020:09:10:15 +0800] "POST /xingrg/kc/buy/cgsh_order_operate.html HTTP/1.1" 200 2065
218.81.217.115 - - [06/Sep/2020:09:10:17 +0800] "GET /xingrg/all/function/internal_message.html?_=1599354614498&CODE_STATE=getMsg HTTP/1.1" 200 27
172.17.0.120 - - [06/Sep/2020:09:10:19 +0800] "POST /xingrg/kc/buy/cgsh_list_operate.html HTTP/1.1" 200 5525
116.230.74.197 - - [06/Sep/2020:09:10:20 +0800] "GET /xingrg/all/function/internal_message.html?_=1599354616283&CODE_STATE=getMsg HTTP/1.1" 200 27
61.172.5.115 - - [06/Sep/2020:09:10:22 +0800] "GET /xingrg/kc/buy/cgsh_order_operate.html?command=get_materiel&rest_code=00105&code=00101008185&supplier_code=00100203&order_time=2020-09-06 HTTP/1.1" 200 408
222.69.129.160 - - [06/Sep/2020:09:10:25 +0800] "GET /xingrg/kc/buy/cgsh_order_operate.html?command=get_materiel&rest_code=00149&code=00101009030&supplier_code=00100005&order_time=2020-09-06 HTTP/1.1" 200 412
117.185.32.26 - - [06/Sep/2020:09:10:25 +0800] "GET /xingrg/kc/buy/cgsh_order_operate.html?command=get_materiel&rest_code=00106&code=00101007125&supplier_code=00100002&order_time=2020-09-06 HTTP/1.1" 200 408
218.81.217.115 - - [06/Sep/2020:09:10:26 +0800] "GET /xingrg/kc/buy/cgsh_order_operate.html?command=get_materiel&rest_code=00146&code=00101008318&supplier_code=00100005&order_time=2020-09-06 HTTP/1.1" 200 408
172.17.0.120 - - [06/Sep/2020:09:10:28 +0800] "POST /xingrg/kc/buy/cgsh_list_operate.html HTTP/1.1" 200 5664
116.238.71.173 - - [06/Sep/2020:09:10:28 +0800] "GET /xingrg/all/function/internal_message.html?_=1599354624290&CODE_STATE=getMsg HTTP/1.1" 200 27
222.69.129.160 - - [06/Sep/2020:09:10:28 +0800] "POST /xingrg/kc/buy/cgsh_order_operate.html HTTP/1.1" 200 2065
117.185.32.26 - - [06/Sep/2020:09:10:29 +0800] "GET /xingrg/all/function/internal_message.html?_=1599355054395&CODE_STATE=getMsg HTTP/1.1" 200 27
172.17.0.120 - - [06/Sep/2020:09:10:31 +0800] "POST /xingrg/kc/buy/cgsh_list_operate.html HTTP/1.1" 200 5525
61.172.5.115 - - [06/Sep/2020:09:10:31 +0800] "GET /xingrg/kc/buy/cgsh_order_operate.html?command=get_materiel&rest_code=00105&code=00101008114&supplier_code=00100203&order_time=2020-09-06 HTTP/1.1" 200 412
172.17.200.101 - - [06/Sep/2020:09:10:32 +0800] "GET /xingrg/all/function/internal_message.html?_=1599354628354&CODE_STATE=getMsg HTTP/1.1" 200 27
172.17.0.120 - - [06/Sep/2020:09:10:32 +0800] "POST /xingrg/kc/buy/cgsh_list_operate.html HTTP/1.1" 200 355
222.69.129.160 - - [06/Sep/2020:09:10:33 +0800] "GET /xingrg/all/function/internal_message.html?_=1599354629716&CODE_STATE=getMsg HTTP/1.1" 200 27
172.17.0.120 - - [06/Sep/2020:09:10:33 +0800] "GET /xingrg/javascript/easyui/themes/default/images/button_plain_hover.png HTTP/1.1" 200 144
172.17.0.120 - - [06/Sep/2020:09:10:35 +0800] "POST /xingrg/kc/buy/cgsh_list_operate.html HTTP/1.1" 200 4
222.69.129.160 - - [06/Sep/2020:09:10:36 +0800] "GET /xingrg/kc/buy/cgsh_order_operate.html?command=get_materiel&rest_code=00149&code=00101008356&supplier_code=00100005&order_time=2020-09-06 HTTP/1.1" 200 409
218.81.217.115 - - [06/Sep/2020:09:10:36 +0800] "GET /xingrg/kc/buy/cgsh_order_operate.html?command=get_materiel&rest_code=00146&code=00101008352&supplier_code=00100005&order_time=2020-09-06 HTTP/1.1" 200 412
172.17.0.120 - - [06/Sep/2020:09:10:38 +0800] "POST /xingrg/kc/buy/cgsh_list_operate.html HTTP/1.1" 200 5524
116.238.90.59 - - [06/Sep/2020:09:10:39 +0800] "GET /xingrg/check_reg.html?_=1599354842174 HTTP/1.1" 200 22
116.238.90.59 - - [06/Sep/2020:09:10:40 +0800] "GET /xingrg/all/function/internal_message.html?_=1599354843417&CODE_STATE=getMsg HTTP/1.1" 200 27
172.17.0.240 - - [06/Sep/2020:09:10:42 +0800] "GET /xingrg/all/function/internal_message.html?_=1599354637679&CODE_STATE=getMsg HTTP/1.1" 302 -
58.37.9.106 - - [06/Sep/2020:09:10:42 +0800] "GET /xingrg/check_reg.html?_=1599354638471 HTTP/1.1" 200 22
116.238.90.59 - - [06/Sep/2020:09:10:43 +0800] "GET /xingrg/kc/buy/cgsh_order_operate.html?command=get_materiel&rest_code=00102&code=00101008361&supplier_code=00100151&order_time=2020-09-06 HTTP/1.1" 200 408
222.69.129.160 - - [06/Sep/2020:09:10:44 +0800] "GET /xingrg/all/function/internal_message.html?_=1599354641683&CODE_STATE=getMsg HTTP/1.1" 200 27
218.81.217.115 - - [06/Sep/2020:09:10:47 +0800] "GET /xingrg/all/function/internal_message.html?_=1599354664712&CODE_STATE=getMsg HTTP/1.1" 200 27
61.172.5.115 - - [06/Sep/2020:09:10:47 +0800] "GET /xingrg/kc/buy/cgsh_order_operate.html?command=get_materiel&rest_code=00105&code=00101008405&supplier_code=00100203&order_time=2020-09-06 HTTP/1.1" 200 413
117.185.32.26 - - [06/Sep/2020:09:10:48 +0800] "GET /xingrg/kc/buy/cgsh_order_operate.html?command=get_materiel&rest_code=00106&code=00101007049&supplier_code=00100002&order_time=2020-09-06 HTTP/1.1" 200 409
61.172.5.115 - - [06/Sep/2020:09:10:57 +0800] "GET /xingrg/kc/buy/cgsh_order_operate.html?command=get_materiel&rest_code=00105&code=00101008197&supplier_code=00100203&order_time=2020-09-06 HTTP/1.1" 200 416
117.185.32.26 - - [06/Sep/2020:09:11:00 +0800] "GET /xingrg/kc/buy/cgsh_order_operate.html?command=get_materiel&rest_code=00106&code=00101007048&supplier_code=00100002&order_time=2020-09-06 HTTP/1.1" 200 408
222.69.129.160 - - [06/Sep/2020:09:11:00 +0800] "GET /xingrg/kc/buy/cgsh_order_operate.html?command=get_materiel&rest_code=00149&code=00101008301&supplier_code=00100005&order_time=2020-09-06 HTTP/1.1" 200 422
172.17.0.120 - - [06/Sep/2020:09:11:01 +0800] "GET /xingrg/all/function/internal_message.html?_=1599354683503&CODE_STATE=getMsg HTTP/1.1" 200 27
61.172.5.115 - - [06/Sep/2020:09:11:03 +0800] "GET /xingrg/all/function/internal_message.html?_=1599354659000&CODE_STATE=getMsg HTTP/1.1" 200 27
116.238.90.59 - - [06/Sep/2020:09:11:03 +0800] "GET /xingrg/kc/buy/cgsh_order_operate.html?command=get_materiel&rest_code=00102&code=00101007035&supplier_code=00100151&order_time=2020-09-06 HTTP/1.1" 200 408
114.88.166.242 - - [06/Sep/2020:09:11:07 +0800] "GET /xingrg/all/function/internal_message.html?_=1599354723028&CODE_STATE=getMsg HTTP/1.1" 200 27
61.172.5.115 - - [06/Sep/2020:09:11:10 +0800] "GET /xingrg/kc/buy/cgsh_order_operate.html?command=get_materiel&rest_code=00105&code=00101008210&supplier_code=00100203&order_time=2020-09-06 HTTP/1.1" 200 408
222.69.129.160 - - [06/Sep/2020:09:11:10 +0800] "GET /xingrg/kc/buy/cgsh_order_operate.html?command=get_materiel&rest_code=00149&code=00101008300&supplier_code=00100005&order_time=2020-09-06 HTTP/1.1" 200 412
117.185.32.26 - - [06/Sep/2020:09:11:11 +0800] "GET /xingrg/kc/buy/cgsh_order_operate.html?command=get_materiel&rest_code=00106&code=00101007077&supplier_code=00100002&order_time=2020-09-06 HTTP/1.1" 200 415
58.221.95.50 - - [06/Sep/2020:09:11:13 +0800] "GET /xingrg/all/function/internal_message.html?_=1599354814841&CODE_STATE=getMsg HTTP/1.1" 200 27
116.238.90.59 - - [06/Sep/2020:09:11:14 +0800] "GET /xingrg/kc/buy/cgsh_order_operate.html?command=get_materiel&rest_code=00102&code=00101008209&supplier_code=00100151&order_time=2020-09-06 HTTP/1.1" 200 409
218.81.217.115 - - [06/Sep/2020:09:11:17 +0800] "GET /xingrg/all/function/internal_message.html?_=1599354674596&CODE_STATE=getMsg HTTP/1.1" 200 27
61.172.5.115 - - [06/Sep/2020:09:11:18 +0800] "GET /xingrg/kc/buy/cgsh_order_operate.html?command=get_materiel&rest_code=00105&code=00101008244&supplier_code=00100203&order_time=2020-09-06 HTTP/1.1" 200 408
61.172.5.115 - - [06/Sep/2020:09:11:19 +0800] "POST /xingrg/kc/buy/cgsh_order_operate.html HTTP/1.1" 200 2065
116.230.74.197 - - [06/Sep/2020:09:11:20 +0800] "GET /xingrg/all/function/internal_message.html?_=1599354676285&CODE_STATE=getMsg HTTP/1.1" 200 27
61.172.5.115 - - [06/Sep/2020:09:11:21 +0800] "POST /xingrg/kc/buy/cgsh_order_operate.html HTTP/1.1" 200 2065
116.230.74.197 - - [06/Sep/2020:09:11:21 +0800] "GET /xingrg/kc/buy/cgsh_order_operate.html?command=get_materiel&rest_code=00107&code=00101008360&supplier_code=00100006&order_time=2020-09-06 HTTP/1.1" 200 412
61.172.5.115 - - [06/Sep/2020:09:11:22 +0800] "POST /xingrg/kc/buy/cgsh_order_operate.html HTTP/1.1" 200 2065
222.69.129.160 - - [06/Sep/2020:09:11:24 +0800] "GET /xingrg/kc/buy/cgsh_order_operate.html?command=get_materiel&rest_code=00149&code=00101008118&supplier_code=00100005&order_time=2020-09-06 HTTP/1.1" 200 418
61.172.5.115 - - [06/Sep/2020:09:11:25 +0800] "POST /xingrg/kc/buy/cgsh_order_operate.html HTTP/1.1" 200 2065
61.172.5.115 - - [06/Sep/2020:09:11:27 +0800] "POST /xingrg/kc/buy/cgsh_order_operate.html HTTP/1.1" 200 2065
117.185.32.26 - - [06/Sep/2020:09:11:28 +0800] "POST /xingrg/kc/buy/cgsh_order_operate.html HTTP/1.1" 200 37
116.238.71.173 - - [06/Sep/2020:09:11:28 +0800] "GET /xingrg/all/function/internal_message.html?_=1599354684337&CODE_STATE=getMsg HTTP/1.1" 200 27
61.172.5.115 - - [06/Sep/2020:09:11:28 +0800] "POST /xingrg/kc/buy/cgsh_order_operate.html HTTP/1.1" 200 2065
117.185.32.26 - - [06/Sep/2020:09:11:29 +0800] "POST /xingrg/kc/buy/cgsh_order_operate.html HTTP/1.1" 200 5012
117.185.32.26 - - [06/Sep/2020:09:11:29 +0800] "GET /xingrg/all/function/internal_message.html?_=1599355114393&CODE_STATE=getMsg HTTP/1.1" 200 27
172.17.200.101 - - [06/Sep/2020:09:11:32 +0800] "GET /xingrg/all/function/internal_message.html?_=1599354688355&CODE_STATE=getMsg HTTP/1.1" 200 27
222.69.129.160 - - [06/Sep/2020:09:11:33 +0800] "GET /xingrg/all/function/internal_message.html?_=1599354689721&CODE_STATE=getMsg HTTP/1.1" 200 27
222.69.129.160 - - [06/Sep/2020:09:11:34 +0800] "GET /xingrg/kc/buy/cgsh_order_operate.html?command=get_materiel&rest_code=00149&code=00101008137&supplier_code=00100005&order_time=2020-09-06 HTTP/1.1" 200 408
117.185.32.26 - - [06/Sep/2020:09:11:36 +0800] "GET /xingrg/kc/buy/cgsh_order_add.html HTTP/1.1" 200 59668
117.185.32.26 - - [06/Sep/2020:09:11:37 +0800] "POST /xingrg/kc/buy/cgsh_order_operate.html HTTP/1.1" 200 8245
117.185.32.26 - - [06/Sep/2020:09:11:37 +0800] "GET /xingrg/javascript/easyui/themes/default/validatebox.css HTTP/1.1" 404 1104
116.230.74.197 - - [06/Sep/2020:09:11:37 +0800] "GET /xingrg/kc/buy/cgsh_order_operate.html?command=get_materiel&rest_code=00107&code=00101008146&supplier_code=00100006&order_time=2020-09-06 HTTP/1.1" 200 416
58.221.95.50 - - [06/Sep/2020:09:11:38 +0800] "GET /xingrg/check_reg.html?_=1599354840099 HTTP/1.1" 200 22
117.185.32.26 - - [06/Sep/2020:09:11:38 +0800] "GET /xingrg/javascript/easyui/themes/default/tree.css HTTP/1.1" 404 1090
117.185.32.26 - - [06/Sep/2020:09:11:38 +0800] "POST /xingrg/all/common/load_tree.html?tree=supplier_tree_json&isDelete=1 HTTP/1.1" 200 50169
222.69.129.160 - - [06/Sep/2020:09:11:39 +0800] "POST /xingrg/kc/buy/cgsh_order_operate.html HTTP/1.1" 200 2065
116.238.90.59 - - [06/Sep/2020:09:11:40 +0800] "GET /xingrg/all/function/internal_message.html?_=1599354903432&CODE_STATE=getMsg HTTP/1.1" 200 27
61.172.5.115 - - [06/Sep/2020:09:11:40 +0800] "GET /xingrg/kc/buy/cgsh_order_operate.html?command=get_materiel&rest_code=00105&code=00101008096&supplier_code=00100203&order_time=2020-09-06 HTTP/1.1" 200 412
172.17.0.240 - - [06/Sep/2020:09:11:42 +0800] "GET /xingrg/all/function/internal_message.html?_=1599354697681&CODE_STATE=getMsg HTTP/1.1" 302 -
172.17.0.240 - - [06/Sep/2020:09:11:42 +0800] "GET /xingrg/check_reg.html?_=1599354697684 HTTP/1.1" 302 -
222.69.129.160 - - [06/Sep/2020:09:11:44 +0800] "GET /xingrg/all/function/internal_message.html?_=1599354701692&CODE_STATE=getMsg HTTP/1.1" 200 27
222.69.129.160 - - [06/Sep/2020:09:11:45 +0800] "GET /xingrg/kc/buy/cgsh_order_operate.html?command=get_materiel&rest_code=00149&code=00101008360&supplier_code=00100005&order_time=2020-09-06 HTTP/1.1" 200 412
61.172.5.115 - - [06/Sep/2020:09:11:46 +0800] "GET /xingrg/kc/buy/cgsh_order_operate.html?command=get_materiel&rest_code=00105&code=00101008088&supplier_code=00100203&order_time=2020-09-06 HTTP/1.1" 200 408
116.238.90.59 - - [06/Sep/2020:09:11:46 +0800] "GET /xingrg/kc/buy/cgsh_order_operate.html?command=get_materiel&rest_code=00102&code=00101008328&supplier_code=00100151&order_time=2020-09-06 HTTP/1.1" 200 408
218.81.217.115 - - [06/Sep/2020:09:11:47 +0800] "GET /xingrg/all/function/internal_message.html?_=1599354724820&CODE_STATE=getMsg HTTP/1.1" 200 27
116.230.74.197 - - [06/Sep/2020:09:11:47 +0800] "GET /xingrg/kc/buy/cgsh_order_operate.html?command=get_materiel&rest_code=00107&code=00101008223&supplier_code=00100006&order_time=2020-09-06 HTTP/1.1" 200 412
61.172.5.115 - - [06/Sep/2020:09:11:53 +0800] "GET /xingrg/kc/buy/cgsh_order_operate.html?command=get_materiel&rest_code=00105&code=00101008224&supplier_code=00100203&order_time=2020-09-06 HTTP/1.1" 200 416
61.172.5.115 - - [06/Sep/2020:09:12:00 +0800] "GET /xingrg/kc/buy/cgsh_order_operate.html?command=get_materiel&rest_code=00105&code=00101008003&supplier_code=00100203&order_time=2020-09-06 HTTP/1.1" 200 408
116.238.90.59 - - [06/Sep/2020:09:12:01 +0800] "GET /xingrg/kc/buy/cgsh_order_operate.html?command=get_materiel&rest_code=00102&code=00101008064&supplier_code=00100151&order_time=2020-09-06 HTTP/1.1" 200 412
172.17.0.120 - - [06/Sep/2020:09:12:01 +0800] "GET /xingrg/all/function/internal_message.html?_=1599354743508&CODE_STATE=getMsg HTTP/1.1" 200 27
117.185.32.26 - - [06/Sep/2020:09:12:03 +0800] "GET /xingrg/kc/buy/cgsh_order_operate.html?command=get_materiel&rest_code=00106&code=00101006130&supplier_code=00100015&order_time=2020-09-06 HTTP/1.1" 200 429
61.172.5.115 - - [06/Sep/2020:09:12:03 +0800] "GET /xingrg/all/function/internal_message.html?_=1599354719103&CODE_STATE=getMsg HTTP/1.1" 200 27
