116.238.71.173 - - [06/Sep/2020:08:33:29 +0800] "POST /xingrg/kc/buy/cgsh_list_operate.html HTTP/1.1" 200 1690
116.230.74.197 - - [06/Sep/2020:08:33:29 +0800] "GET /xingrg/login.html HTTP/1.1" 200 7641
116.238.71.173 - - [06/Sep/2020:08:33:30 +0800] "GET /xingrg/kc/buy/cgsh_order_add.html HTTP/1.1" 200 59310
116.238.71.173 - - [06/Sep/2020:08:33:30 +0800] "POST /xingrg/kc/buy/cgsh_order_operate.html HTTP/1.1" 200 8245
116.238.71.173 - - [06/Sep/2020:08:33:30 +0800] "GET /xingrg/javascript/easyui/themes/default/validatebox.css HTTP/1.1" 404 1104
116.238.71.173 - - [06/Sep/2020:08:33:31 +0800] "GET /xingrg/javascript/auto/indicator.gif HTTP/1.1" 404 1066
116.230.74.197 - - [06/Sep/2020:08:33:34 +0800] "GET /favicon.ico HTTP/1.1" 404 -
116.238.90.59 - - [06/Sep/2020:08:33:39 +0800] "GET /xingrg/all/function/internal_message.html?_=1599352622226&CODE_STATE=getMsg HTTP/1.1" 200 27
116.238.71.173 - - [06/Sep/2020:08:33:41 +0800] "GET /xingrg/kc/buy/cgsh_order_operate.html?command=get_materiel&rest_code=00151&code=00101016105&supplier_code=00100036&order_time=2020-09-06 HTTP/1.1" 200 409
172.17.0.240 - - [06/Sep/2020:08:33:42 +0800] "GET /xingrg/all/function/internal_message.html?_=1599352417684&CODE_STATE=getMsg HTTP/1.1" 302 -
222.69.129.160 - - [06/Sep/2020:08:33:44 +0800] "GET /xingrg/all/function/internal_message.html?_=1599352421607&CODE_STATE=getMsg HTTP/1.1" 200 27
218.81.217.115 - - [06/Sep/2020:08:33:45 +0800] "GET /xingrg/all/function/internal_message.html?_=1599352442951&CODE_STATE=getMsg HTTP/1.1" 200 27
116.238.71.173 - - [06/Sep/2020:08:33:47 +0800] "POST /xingrg/kc/buy/cgsh_order_operate.html HTTP/1.1" 200 37
116.238.71.173 - - [06/Sep/2020:08:33:49 +0800] "POST /xingrg/kc/buy/cgsh_order_operate.html HTTP/1.1" 200 2652
172.17.200.101 - - [06/Sep/2020:08:33:49 +0800] "POST /xingrg/login.do HTTP/1.1" 302 -
172.17.200.101 - - [06/Sep/2020:08:33:49 +0800] "GET /xingrg/index.html?sysBaseUrl=http%3A%2F%2F172.17.0.8%3A18081%2Fxingrg%2F&costTime=39×tamp=1599352429482 HTTP/1.1" 200 17448
116.238.71.173 - - [06/Sep/2020:08:33:50 +0800] "GET /xingrg/kc/buy/cgsh_order_add.html HTTP/1.1" 200 59310
116.238.71.173 - - [06/Sep/2020:08:33:50 +0800] "POST /xingrg/kc/buy/cgsh_order_operate.html HTTP/1.1" 200 8245
116.238.71.173 - - [06/Sep/2020:08:33:50 +0800] "GET /xingrg/javascript/easyui/themes/default/validatebox.css HTTP/1.1" 404 1104
116.238.71.173 - - [06/Sep/2020:08:33:53 +0800] "GET /xingrg/javascript/jquery_tools/images/next.gif HTTP/1.1" 404 1086
116.238.71.173 - - [06/Sep/2020:08:33:53 +0800] "GET /xingrg/javascript/jquery_tools/images/prev.gif HTTP/1.1" 404 1086
172.17.200.101 - - [06/Sep/2020:08:33:53 +0800] "GET /favicon.ico HTTP/1.1" 404 -
218.81.217.115 - - [06/Sep/2020:08:33:54 +0800] "GET /xingrg/check_reg.html?_=1599352451701 HTTP/1.1" 200 22
172.17.200.101 - - [06/Sep/2020:08:33:55 +0800] "POST /xingrg/all/common/load_tree.html?tree=area_rest_tree_json&manage=1 HTTP/1.1" 200 3088
172.17.200.101 - - [06/Sep/2020:08:33:56 +0800] "GET /xingrg/all/function/internal_message.html?_=1599352432254&CODE_STATE=count HTTP/1.1" 200 11
172.17.200.101 - - [06/Sep/2020:08:33:56 +0800] "GET /xingrg/check_reg.html?_=1599352432292 HTTP/1.1" 200 22
172.17.200.101 - - [06/Sep/2020:08:33:57 +0800] "POST /xingrg/load_menu.html HTTP/1.1" 200 11529
114.88.166.242 - - [06/Sep/2020:08:34:06 +0800] "GET /xingrg/all/function/internal_message.html?_=1599352502963&CODE_STATE=getMsg HTTP/1.1" 200 27
218.81.217.115 - - [06/Sep/2020:08:34:08 +0800] "GET /xingrg/all/function/internal_message.html?_=1599352445820&CODE_STATE=getMsg HTTP/1.1" 200 27
58.221.95.50 - - [06/Sep/2020:08:34:14 +0800] "GET /xingrg/all/function/internal_message.html?_=1599352595679&CODE_STATE=getMsg HTTP/1.1" 200 27
116.238.71.173 - - [06/Sep/2020:08:34:14 +0800] "GET /xingrg/kc/buy/cgsh_order_operate.html?command=get_materiel&rest_code=00151&code=00101006168&supplier_code=00100012&order_time=2020-09-06 HTTP/1.1" 200 440
116.238.71.173 - - [06/Sep/2020:08:34:23 +0800] "GET /xingrg/kc/buy/cgsh_order_operate.html?command=get_materiel&rest_code=00151&code=00101006058&supplier_code=00100012&order_time=2020-09-06 HTTP/1.1" 200 413
116.238.71.173 - - [06/Sep/2020:08:34:26 +0800] "GET /xingrg/all/function/internal_message.html?_=1599352462565&CODE_STATE=getMsg HTTP/1.1" 200 27
116.238.71.173 - - [06/Sep/2020:08:34:31 +0800] "GET /xingrg/kc/buy/cgsh_order_operate.html?command=get_materiel&rest_code=00151&code=00101006084&supplier_code=00100012&order_time=2020-09-06 HTTP/1.1" 200 413
116.238.90.59 - - [06/Sep/2020:08:34:39 +0800] "GET /xingrg/all/function/internal_message.html?_=1599352682244&CODE_STATE=getMsg HTTP/1.1" 200 27
116.238.71.173 - - [06/Sep/2020:08:34:40 +0800] "GET /xingrg/kc/buy/cgsh_order_operate.html?command=get_materiel&rest_code=00151&code=00101006056&supplier_code=00100012&order_time=2020-09-06 HTTP/1.1" 200 413
172.17.0.240 - - [06/Sep/2020:08:34:42 +0800] "GET /xingrg/all/function/internal_message.html?_=1599352477687&CODE_STATE=getMsg HTTP/1.1" 302 -
222.69.129.160 - - [06/Sep/2020:08:34:44 +0800] "GET /xingrg/all/function/internal_message.html?_=1599352481605&CODE_STATE=getMsg HTTP/1.1" 200 27
222.69.129.160 - - [06/Sep/2020:08:34:44 +0800] "GET /xingrg/check_reg.html?_=1599352481610 HTTP/1.1" 200 22
218.81.217.115 - - [06/Sep/2020:08:34:45 +0800] "GET /xingrg/all/function/internal_message.html?_=1599352502959&CODE_STATE=getMsg HTTP/1.1" 200 27
101.89.239.230 - - [06/Sep/2020:08:34:46 +0800] "GET /xingrg/check_reg.html?_=1599352238593 HTTP/1.1" 302 -
116.238.71.173 - - [06/Sep/2020:08:34:46 +0800] "GET /xingrg/kc/buy/cgsh_order_operate.html?command=get_materiel&rest_code=00151&code=00101006013&supplier_code=00100012&order_time=2020-09-06 HTTP/1.1" 200 409
101.89.239.230 - - [06/Sep/2020:08:34:54 +0800] "GET /xingrg/login.html HTTP/1.1" 200 7641
172.17.200.101 - - [06/Sep/2020:08:34:56 +0800] "GET /xingrg/all/function/internal_message.html?_=1599352492362&CODE_STATE=getMsg HTTP/1.1" 200 27
116.238.71.173 - - [06/Sep/2020:08:35:05 +0800] "POST /xingrg/kc/buy/cgsh_order_operate.html HTTP/1.1" 200 37
114.88.166.242 - - [06/Sep/2020:08:35:06 +0800] "GET /xingrg/all/function/internal_message.html?_=1599352562963&CODE_STATE=getMsg HTTP/1.1" 200 27
116.238.71.173 - - [06/Sep/2020:08:35:07 +0800] "POST /xingrg/kc/buy/cgsh_order_operate.html HTTP/1.1" 200 5669
116.238.71.173 - - [06/Sep/2020:08:35:08 +0800] "GET /xingrg/kc/buy/cgsh_order_add.html HTTP/1.1" 200 59310
116.238.71.173 - - [06/Sep/2020:08:35:08 +0800] "POST /xingrg/kc/buy/cgsh_order_operate.html HTTP/1.1" 200 8245
116.238.71.173 - - [06/Sep/2020:08:35:08 +0800] "GET /xingrg/javascript/easyui/themes/default/validatebox.css HTTP/1.1" 404 1104
218.81.217.115 - - [06/Sep/2020:08:35:08 +0800] "GET /xingrg/all/function/internal_message.html?_=1599352505889&CODE_STATE=getMsg HTTP/1.1" 200 27
58.221.95.50 - - [06/Sep/2020:08:35:14 +0800] "GET /xingrg/all/function/internal_message.html?_=1599352655659&CODE_STATE=getMsg HTTP/1.1" 200 27
114.92.198.157 - - [06/Sep/2020:08:35:14 +0800] "GET /xingrg/javascript/easyui/themes/default/tree.css HTTP/1.1" 404 1090
114.92.198.157 - - [06/Sep/2020:08:35:14 +0800] "POST /xingrg/all/common/load_tree.html?tree=area_rest_tree_json HTTP/1.1" 200 3216
116.238.71.173 - - [06/Sep/2020:08:35:18 +0800] "GET /xingrg/kc/buy/cgsh_order_operate.html?command=get_materiel&rest_code=00151&code=00101001010&supplier_code=00100040&order_time=2020-09-06 HTTP/1.1" 200 428
114.92.198.157 - - [06/Sep/2020:08:35:19 +0800] "POST /xingrg/supplier/cgsh_list_operate.html HTTP/1.1" 200 2194
116.238.71.173 - - [06/Sep/2020:08:35:26 +0800] "GET /xingrg/all/function/internal_message.html?_=1599352522592&CODE_STATE=getMsg HTTP/1.1" 200 27
116.238.71.173 - - [06/Sep/2020:08:35:27 +0800] "POST /xingrg/kc/buy/cgsh_order_operate.html HTTP/1.1" 200 37
116.238.71.173 - - [06/Sep/2020:08:35:28 +0800] "POST /xingrg/kc/buy/cgsh_order_operate.html HTTP/1.1" 200 2656
114.92.198.157 - - [06/Sep/2020:08:35:37 +0800] "POST /xingrg/supplier/cgsh_list_operate.html HTTP/1.1" 200 3007
116.238.90.59 - - [06/Sep/2020:08:35:39 +0800] "GET /xingrg/check_reg.html?_=1599352742039 HTTP/1.1" 200 22
116.238.90.59 - - [06/Sep/2020:08:35:39 +0800] "GET /xingrg/all/function/internal_message.html?_=1599352742256&CODE_STATE=getMsg HTTP/1.1" 200 27
172.17.0.240 - - [06/Sep/2020:08:35:42 +0800] "GET /xingrg/all/function/internal_message.html?_=1599352537689&CODE_STATE=getMsg HTTP/1.1" 302 -
58.37.9.106 - - [06/Sep/2020:08:35:42 +0800] "GET /xingrg/check_reg.html?_=1599352538568 HTTP/1.1" 200 22
222.69.129.160 - - [06/Sep/2020:08:35:44 +0800] "GET /xingrg/all/function/internal_message.html?_=1599352541597&CODE_STATE=getMsg HTTP/1.1" 200 27
218.81.217.115 - - [06/Sep/2020:08:35:45 +0800] "GET /xingrg/all/function/internal_message.html?_=1599352562973&CODE_STATE=getMsg HTTP/1.1" 200 27
172.17.200.101 - - [06/Sep/2020:08:35:56 +0800] "GET /xingrg/all/function/internal_message.html?_=1599352552363&CODE_STATE=getMsg HTTP/1.1" 200 27
114.88.166.242 - - [06/Sep/2020:08:36:06 +0800] "GET /xingrg/all/function/internal_message.html?_=1599352622990&CODE_STATE=getMsg HTTP/1.1" 200 27
218.81.217.115 - - [06/Sep/2020:08:36:08 +0800] "GET /xingrg/all/function/internal_message.html?_=1599352565894&CODE_STATE=getMsg HTTP/1.1" 200 27
58.221.95.50 - - [06/Sep/2020:08:36:14 +0800] "GET /xingrg/all/function/internal_message.html?_=1599352715632&CODE_STATE=getMsg HTTP/1.1" 200 27
116.238.71.173 - - [06/Sep/2020:08:36:26 +0800] "GET /xingrg/all/function/internal_message.html?_=1599352582657&CODE_STATE=getMsg HTTP/1.1" 200 27
172.17.200.101 - - [06/Sep/2020:08:36:30 +0800] "GET /xingrg/kc/report/report_main.html HTTP/1.1" 200 9350
172.17.200.101 - - [06/Sep/2020:08:36:36 +0800] "GET /xingrg/all/report/report_query.html?fileName=kc/buy/gys_amount_base_rest.xml HTTP/1.1" 200 51589
172.17.200.101 - - [06/Sep/2020:08:36:37 +0800] "GET /xingrg/dwr/interface/AjaxReportQueryService.js HTTP/1.1" 200 13203
172.17.200.101 - - [06/Sep/2020:08:36:37 +0800] "GET /xingrg/dwr/engine.js HTTP/1.1" 200 43631
172.17.200.101 - - [06/Sep/2020:08:36:37 +0800] "GET /xingrg/dwr/util.js HTTP/1.1" 304 -
58.221.95.50 - - [06/Sep/2020:08:36:38 +0800] "GET /xingrg/check_reg.html?_=1599352740047 HTTP/1.1" 200 22
116.238.90.59 - - [06/Sep/2020:08:36:39 +0800] "GET /xingrg/all/function/internal_message.html?_=1599352802271&CODE_STATE=getMsg HTTP/1.1" 200 27
172.17.200.101 - - [06/Sep/2020:08:36:41 +0800] "POST /xingrg/all/common/load_tree.html?tree=area_rest_tree_json&manage=1 HTTP/1.1" 200 3088
172.17.200.101 - - [06/Sep/2020:08:36:42 +0800] "POST /xingrg/dwr/call/plaincall/AjaxReportQueryService.getFixDate.dwr HTTP/1.1" 200 111
172.17.0.240 - - [06/Sep/2020:08:36:42 +0800] "GET /xingrg/check_reg.html?_=1599352597690 HTTP/1.1" 302 -
172.17.0.240 - - [06/Sep/2020:08:36:42 +0800] "GET /xingrg/all/function/internal_message.html?_=1599352597696&CODE_STATE=getMsg HTTP/1.1" 302 -
172.17.200.101 - - [06/Sep/2020:08:36:42 +0800] "POST /xingrg/all/common/load_tree.html?tree=supplier_tree_json&manage=1 HTTP/1.1" 200 50901
222.69.129.160 - - [06/Sep/2020:08:36:44 +0800] "GET /xingrg/all/function/internal_message.html?_=1599352601598&CODE_STATE=getMsg HTTP/1.1" 200 27
218.81.217.115 - - [06/Sep/2020:08:36:45 +0800] "GET /xingrg/all/function/internal_message.html?_=1599352623084&CODE_STATE=getMsg HTTP/1.1" 200 27
172.17.200.101 - - [06/Sep/2020:08:36:46 +0800] "POST /xingrg/dwr/call/plaincall/AjaxReportQueryService.getFixDate.dwr HTTP/1.1" 200 111
172.17.200.101 - - [06/Sep/2020:08:36:56 +0800] "GET /xingrg/all/function/internal_message.html?_=1599352612362&CODE_STATE=getMsg HTTP/1.1" 200 27
172.17.200.101 - - [06/Sep/2020:08:37:02 +0800] "POST /xingrg/dwr/call/plaincall/AjaxReportQueryService.refreshCache.dwr HTTP/1.1" 200 78
172.17.200.101 - - [06/Sep/2020:08:37:03 +0800] "POST /xingrg/all/report/load_report_page.html HTTP/1.1" 200 89
172.17.0.240 - - [06/Sep/2020:08:37:06 +0800] "GET /xingrg/check_reg.html?_=1599352622239 HTTP/1.1" 302 -
114.88.166.242 - - [06/Sep/2020:08:37:06 +0800] "GET /xingrg/all/function/internal_message.html?_=1599352682990&CODE_STATE=getMsg HTTP/1.1" 200 27
218.81.217.115 - - [06/Sep/2020:08:37:08 +0800] "GET /xingrg/all/function/internal_message.html?_=1599352625964&CODE_STATE=getMsg HTTP/1.1" 200 27
58.221.95.50 - - [06/Sep/2020:08:37:14 +0800] "GET /xingrg/all/function/internal_message.html?_=1599352775611&CODE_STATE=getMsg HTTP/1.1" 200 27
172.17.200.101 - - [06/Sep/2020:08:37:14 +0800] "POST /xingrg/dwr/call/plaincall/AjaxReportQueryService.refreshCache.dwr HTTP/1.1" 200 78
172.17.200.101 - - [06/Sep/2020:08:37:15 +0800] "POST /xingrg/all/report/load_report_page.html HTTP/1.1" 200 89
116.238.90.59 - - [06/Sep/2020:08:37:16 +0800] "GET /xingrg/javascript/auto/indicator.gif HTTP/1.1" 404 1066
172.17.200.101 - - [06/Sep/2020:08:37:22 +0800] "POST /xingrg/dwr/call/plaincall/AjaxReportQueryService.refreshCache.dwr HTTP/1.1" 200 78
172.17.200.101 - - [06/Sep/2020:08:37:24 +0800] "POST /xingrg/all/report/load_report_page.html HTTP/1.1" 200 89
116.238.71.173 - - [06/Sep/2020:08:37:26 +0800] "GET /xingrg/all/function/internal_message.html?_=1599352642708&CODE_STATE=getMsg HTTP/1.1" 200 27
172.17.200.101 - - [06/Sep/2020:08:37:31 +0800] "POST /xingrg/dwr/call/plaincall/AjaxReportQueryService.refreshCache.dwr HTTP/1.1" 200 78
172.17.200.101 - - [06/Sep/2020:08:37:32 +0800] "POST /xingrg/all/report/load_report_page.html HTTP/1.1" 200 89
218.81.217.115 - - [06/Sep/2020:08:37:36 +0800] "GET /xingrg/check_reg.html?_=1599352653331 HTTP/1.1" 200 22
116.238.90.59 - - [06/Sep/2020:08:37:39 +0800] "GET /xingrg/all/function/internal_message.html?_=1599352862283&CODE_STATE=getMsg HTTP/1.1" 200 27
172.17.0.240 - - [06/Sep/2020:08:37:42 +0800] "GET /xingrg/all/function/internal_message.html?_=1599352657684&CODE_STATE=getMsg HTTP/1.1" 302 -
222.69.129.160 - - [06/Sep/2020:08:37:44 +0800] "GET /xingrg/all/function/internal_message.html?_=1599352661633&CODE_STATE=getMsg HTTP/1.1" 200 27
172.17.200.101 - - [06/Sep/2020:08:37:44 +0800] "POST /xingrg/all/user/operate.html HTTP/1.1" 200 36
218.81.217.115 - - [06/Sep/2020:08:37:45 +0800] "GET /xingrg/all/function/internal_message.html?_=1599352683094&CODE_STATE=getMsg HTTP/1.1" 200 27
117.184.7.30 - - [06/Sep/2020:08:37:46 +0800] "GET /xingrg/check_reg.html?_=1599352650227 HTTP/1.1" 200 22
172.17.200.101 - - [06/Sep/2020:08:37:46 +0800] "GET /xingrg/index.html?sysBaseUrl=http%3A%2F%2F172.17.0.8%3A18081%2Fxingrg%2F&costTime=39×tamp=1599352429482 HTTP/1.1" 200 17448
172.17.200.101 - - [06/Sep/2020:08:37:47 +0800] "GET /xingrg/javascript/jquery_easy_ui/themes/default/easyui.css HTTP/1.1" 304 -
172.17.200.101 - - [06/Sep/2020:08:37:47 +0800] "GET /xingrg/javascript/jquery_easy_ui/themes/icon.css HTTP/1.1" 304 -
172.17.200.101 - - [06/Sep/2020:08:37:47 +0800] "GET /xingrg/css/form.css HTTP/1.1" 304 -
172.17.200.101 - - [06/Sep/2020:08:37:47 +0800] "GET /xingrg/javascript/jquery-1.4.2.min.js HTTP/1.1" 304 -
172.17.200.101 - - [06/Sep/2020:08:37:48 +0800] "GET /xingrg/javascript/jquery_easy_ui/jquery.easyui.min.js HTTP/1.1" 304 -
172.17.200.101 - - [06/Sep/2020:08:37:48 +0800] "GET /xingrg/javascript/jquery_easy_ui/easyui-lang-zh_CN.js HTTP/1.1" 304 -
172.17.200.101 - - [06/Sep/2020:08:37:49 +0800] "GET /xingrg/javascript/jquery.form.js HTTP/1.1" 304 -
172.17.200.101 - - [06/Sep/2020:08:37:49 +0800] "GET /xingrg/javascript/jquery.utils.js HTTP/1.1" 304 -
172.17.200.101 - - [06/Sep/2020:08:37:49 +0800] "GET /xingrg/javascript/jquery.timers.js HTTP/1.1" 304 -
172.17.200.101 - - [06/Sep/2020:08:37:49 +0800] "GET /xingrg/images/blue/jxLogo.png HTTP/1.1" 304 -
172.17.200.101 - - [06/Sep/2020:08:37:49 +0800] "GET /xingrg/images/blue/navBackgound.jpg HTTP/1.1" 304 -
172.17.200.101 - - [06/Sep/2020:08:37:49 +0800] "GET /xingrg/javascript/jquery_easy_ui/themes/icons/settle_new.png HTTP/1.1" 304 -
172.17.200.101 - - [06/Sep/2020:08:37:49 +0800] "POST /xingrg/all/common/load_tree.html?tree=area_rest_tree_json&manage=1 HTTP/1.1" 200 3088
172.17.200.101 - - [06/Sep/2020:08:37:50 +0800] "GET /xingrg/all/function/internal_message.html?_=1599352666105&CODE_STATE=count HTTP/1.1" 200 11
172.17.200.101 - - [06/Sep/2020:08:37:50 +0800] "GET /xingrg/check_reg.html?_=1599352666106 HTTP/1.1" 200 22
172.17.200.101 - - [06/Sep/2020:08:37:50 +0800] "GET /xingrg/javascript/jquery_easy_ui/themes/default/images/tabs_rightarrow.png HTTP/1.1" 304 -
172.17.200.101 - - [06/Sep/2020:08:37:50 +0800] "GET /xingrg/javascript/jquery_easy_ui/themes/default/images/panel_tool_expand.gif HTTP/1.1" 304 -
172.17.200.101 - - [06/Sep/2020:08:37:50 +0800] "GET /xingrg/javascript/jquery_easy_ui/themes/default/images/panel_tool_collapse.gif HTTP/1.1" 304 -
172.17.200.101 - - [06/Sep/2020:08:37:50 +0800] "GET /xingrg/images/blue/pingpu.png HTTP/1.1" 304 -
172.17.200.101 - - [06/Sep/2020:08:37:50 +0800] "GET /xingrg/javascript/jquery_easy_ui/themes/default/images/tabs_leftarrow.png HTTP/1.1" 304 -
172.17.200.101 - - [06/Sep/2020:08:37:51 +0800] "POST /xingrg/load_menu.html HTTP/1.1" 200 9924
172.17.200.101 - - [06/Sep/2020:08:38:00 +0800] "GET /xingrg/javascript/jquery_easy_ui/themes/default/images/tabs_active.png HTTP/1.1" 304 -
172.17.200.101 - - [06/Sep/2020:08:38:02 +0800] "GET /xingrg/kc/buy/cgsh_order_list.html HTTP/1.1" 200 44165
172.17.200.101 - - [06/Sep/2020:08:38:02 +0800] "GET /xingrg/css/base.css HTTP/1.1" 304 -
172.17.200.101 - - [06/Sep/2020:08:38:02 +0800] "GET /xingrg/css/site.css HTTP/1.1" 304 -
172.17.200.101 - - [06/Sep/2020:08:38:02 +0800] "GET /xingrg/javascript/jquery_tools/datebox.css HTTP/1.1" 304 -
172.17.200.101 - - [06/Sep/2020:08:38:02 +0800] "GET /xingrg/javascript/easyui/themes/default/easyui.css HTTP/1.1" 304 -
172.17.200.101 - - [06/Sep/2020:08:38:02 +0800] "GET /xingrg/javascript/easyui/themes/icon.css HTTP/1.1" 304 -
172.17.200.101 - - [06/Sep/2020:08:38:02 +0800] "GET /xingrg/javascript/auto/jquery.autocomplete.css HTTP/1.1" 304 -
172.17.200.101 - - [06/Sep/2020:08:38:02 +0800] "GET /xingrg/javascript/jquery_tools/fix.css HTTP/1.1" 304 -
172.17.200.101 - - [06/Sep/2020:08:38:02 +0800] "GET /xingrg/javascript/jquery_tools/table.css HTTP/1.1" 304 -
172.17.200.101 - - [06/Sep/2020:08:38:02 +0800] "GET /xingrg/javascript/jquery_tools/jquery.tools.min.js HTTP/1.1" 304 -
172.17.200.101 - - [06/Sep/2020:08:38:02 +0800] "GET /xingrg/javascript/jquery_tools/jquery.tools.extend.js HTTP/1.1" 304 -
172.17.200.101 - - [06/Sep/2020:08:38:02 +0800] "GET /xingrg/javascript/jquery_tools/jquery.tools.hotkey.js HTTP/1.1" 304 -
172.17.200.101 - - [06/Sep/2020:08:38:02 +0800] "GET /xingrg/javascript/jquery_tools/jquery.tools.table.js HTTP/1.1" 304 -
172.17.200.101 - - [06/Sep/2020:08:38:03 +0800] "GET /xingrg/javascript/jquery_tools/list_manager.js HTTP/1.1" 304 -
172.17.200.101 - - [06/Sep/2020:08:38:03 +0800] "GET /xingrg/javascript/auto/jquery.autocomplete.js HTTP/1.1" 304 -
172.17.200.101 - - [06/Sep/2020:08:38:03 +0800] "GET /xingrg/javascript/easyui/easyloader.js HTTP/1.1" 304 -
172.17.200.101 - - [06/Sep/2020:08:38:03 +0800] "GET /xingrg/javascript/jquery.cookie.js HTTP/1.1" 304 -
172.17.200.101 - - [06/Sep/2020:08:38:03 +0800] "GET /xingrg/javascript/print/LodopFuncs.js HTTP/1.1" 304 -
114.88.166.242 - - [06/Sep/2020:08:38:06 +0800] "GET /xingrg/all/function/internal_message.html?_=1599352742993&CODE_STATE=getMsg HTTP/1.1" 200 27
114.88.166.242 - - [06/Sep/2020:08:38:06 +0800] "GET /xingrg/check_reg.html?_=1599352742996 HTTP/1.1" 200 22
218.81.217.115 - - [06/Sep/2020:08:38:08 +0800] "GET /xingrg/all/function/internal_message.html?_=1599352685968&CODE_STATE=getMsg HTTP/1.1" 200 27
58.221.95.50 - - [06/Sep/2020:08:38:14 +0800] "GET /xingrg/all/function/internal_message.html?_=1599352835589&CODE_STATE=getMsg HTTP/1.1" 200 27
172.17.200.101 - - [06/Sep/2020:08:38:14 +0800] "GET /xingrg/javascript/easyui/themes/icons/import_new.png HTTP/1.1" 304 -
172.17.200.101 - - [06/Sep/2020:08:38:14 +0800] "GET /xingrg/javascript/easyui/themes/icons/cance_new.png HTTP/1.1" 304 -
172.17.200.101 - - [06/Sep/2020:08:38:15 +0800] "GET /xingrg/javascript/easyui/themes/icons/edit_add_new.png HTTP/1.1" 304 -
172.17.200.101 - - [06/Sep/2020:08:38:15 +0800] "GET /xingrg/javascript/easyui/themes/icons/field_new.png HTTP/1.1" 304 -
172.17.200.101 - - [06/Sep/2020:08:38:15 +0800] "GET /xingrg/javascript/easyui/themes/icons/check_new.png HTTP/1.1" 304 -
172.17.200.101 - - [06/Sep/2020:08:38:15 +0800] "GET /xingrg/javascript/easyui/themes/icons/uncheck_new.png HTTP/1.1" 304 -
172.17.200.101 - - [06/Sep/2020:08:38:15 +0800] "GET /xingrg/javascript/easyui/plugins/jquery.parser.js HTTP/1.1" 304 -
172.17.200.101 - - [06/Sep/2020:08:38:16 +0800] "POST /xingrg/kc/buy/cgsh_list_operate.html HTTP/1.1" 200 876
172.17.200.101 - - [06/Sep/2020:08:38:20 +0800] "POST /xingrg/kc/buy/cgsh_list_operate.html HTTP/1.1" 200 9780
116.238.71.173 - - [06/Sep/2020:08:38:26 +0800] "GET /xingrg/check_reg.html?_=1599352702742 HTTP/1.1" 200 22
116.238.71.173 - - [06/Sep/2020:08:38:26 +0800] "GET /xingrg/all/function/internal_message.html?_=1599352702745&CODE_STATE=getMsg HTTP/1.1" 200 27
172.17.200.101 - - [06/Sep/2020:08:38:27 +0800] "GET /xingrg/javascript/easyui/themes/default/images/button_plain_hover.png HTTP/1.1" 304 -
172.17.200.101 - - [06/Sep/2020:08:38:30 +0800] "POST /xingrg/all/user/operate.html HTTP/1.1" 200 36
172.17.200.101 - - [06/Sep/2020:08:38:30 +0800] "GET /xingrg/index.html?sysBaseUrl=http%3A%2F%2F172.17.0.8%3A18081%2Fxingrg%2F&costTime=39×tamp=1599352429482 HTTP/1.1" 200 17448
172.17.200.101 - - [06/Sep/2020:08:38:31 +0800] "GET /xingrg/javascript/jquery_easy_ui/themes/default/easyui.css HTTP/1.1" 304 -
172.17.200.101 - - [06/Sep/2020:08:38:31 +0800] "GET /xingrg/javascript/jquery_easy_ui/themes/icon.css HTTP/1.1" 304 -
172.17.200.101 - - [06/Sep/2020:08:38:31 +0800] "GET /xingrg/css/form.css HTTP/1.1" 304 -
172.17.200.101 - - [06/Sep/2020:08:38:31 +0800] "GET /xingrg/javascript/jquery-1.4.2.min.js HTTP/1.1" 304 -
172.17.200.101 - - [06/Sep/2020:08:38:31 +0800] "GET /xingrg/javascript/jquery_easy_ui/jquery.easyui.min.js HTTP/1.1" 304 -
172.17.200.101 - - [06/Sep/2020:08:38:31 +0800] "GET /xingrg/javascript/jquery_easy_ui/easyui-lang-zh_CN.js HTTP/1.1" 304 -
172.17.200.101 - - [06/Sep/2020:08:38:31 +0800] "GET /xingrg/javascript/jquery.form.js HTTP/1.1" 304 -
172.17.200.101 - - [06/Sep/2020:08:38:31 +0800] "GET /xingrg/javascript/jquery.utils.js HTTP/1.1" 304 -
172.17.200.101 - - [06/Sep/2020:08:38:31 +0800] "GET /xingrg/javascript/jquery.timers.js HTTP/1.1" 304 -
172.17.200.101 - - [06/Sep/2020:08:38:32 +0800] "GET /xingrg/images/blue/jxLogo.png HTTP/1.1" 304 -
172.17.200.101 - - [06/Sep/2020:08:38:32 +0800] "GET /xingrg/images/blue/navBackgound.jpg HTTP/1.1" 304 -
172.17.200.101 - - [06/Sep/2020:08:38:32 +0800] "GET /xingrg/javascript/jquery_easy_ui/themes/icons/settle_new.png HTTP/1.1" 304 -
172.17.200.101 - - [06/Sep/2020:08:38:32 +0800] "POST /xingrg/all/common/load_tree.html?tree=area_rest_tree_json&manage=1 HTTP/1.1" 200 3088
172.17.200.101 - - [06/Sep/2020:08:38:32 +0800] "GET /xingrg/all/function/internal_message.html?_=1599352708299&CODE_STATE=count HTTP/1.1" 200 11
172.17.200.101 - - [06/Sep/2020:08:38:32 +0800] "GET /xingrg/check_reg.html?_=1599352708301 HTTP/1.1" 200 22
172.17.200.101 - - [06/Sep/2020:08:38:32 +0800] "GET /xingrg/javascript/jquery_easy_ui/themes/default/images/panel_tool_expand.gif HTTP/1.1" 304 -
172.17.200.101 - - [06/Sep/2020:08:38:32 +0800] "GET /xingrg/images/blue/pingpu.png HTTP/1.1" 304 -
172.17.200.101 - - [06/Sep/2020:08:38:32 +0800] "GET /xingrg/javascript/jquery_easy_ui/themes/default/images/tabs_rightarrow.png HTTP/1.1" 304 -
172.17.200.101 - - [06/Sep/2020:08:38:32 +0800] "GET /xingrg/javascript/jquery_easy_ui/themes/default/images/tabs_leftarrow.png HTTP/1.1" 304 -
172.17.200.101 - - [06/Sep/2020:08:38:32 +0800] "GET /xingrg/javascript/jquery_easy_ui/themes/default/images/panel_tool_collapse.gif HTTP/1.1" 304 -
172.17.200.101 - - [06/Sep/2020:08:38:32 +0800] "POST /xingrg/load_menu.html HTTP/1.1" 200 11529
114.88.166.242 - - [06/Sep/2020:08:38:34 +0800] "POST /xingrg/services/DataTransmitService HTTP/1.1" 200 524
172.17.200.101 - - [06/Sep/2020:08:38:34 +0800] "GET /xingrg/kc/report/report_main.html HTTP/1.1" 200 9350
172.17.200.101 - - [06/Sep/2020:08:38:36 +0800] "GET /xingrg/all/report/report_query.html?fileName=kc/buy/gys_amount_base_rest.xml HTTP/1.1" 200 51589
172.17.200.101 - - [06/Sep/2020:08:38:38 +0800] "GET /xingrg/dwr/interface/AjaxReportQueryService.js HTTP/1.1" 200 13203
172.17.200.101 - - [06/Sep/2020:08:38:38 +0800] "GET /xingrg/dwr/engine.js HTTP/1.1" 200 43631
172.17.200.101 - - [06/Sep/2020:08:38:39 +0800] "POST /xingrg/dwr/call/plaincall/AjaxReportQueryService.getFixDate.dwr HTTP/1.1" 200 111
172.17.200.101 - - [06/Sep/2020:08:38:39 +0800] "POST /xingrg/all/common/load_tree.html?tree=area_rest_tree_json&manage=1 HTTP/1.1" 200 3088
114.88.166.242 - - [06/Sep/2020:08:38:39 +0800] "POST /xingrg/services/DataTransmitService HTTP/1.1" 200 501
116.238.90.59 - - [06/Sep/2020:08:38:39 +0800] "GET /xingrg/all/function/internal_message.html?_=1599352922297&CODE_STATE=getMsg HTTP/1.1" 200 27
172.17.200.101 - - [06/Sep/2020:08:38:39 +0800] "POST /xingrg/all/common/load_tree.html?tree=supplier_tree_json&manage=1 HTTP/1.1" 200 50901
172.17.200.101 - - [06/Sep/2020:08:38:41 +0800] "POST /xingrg/dwr/call/plaincall/AjaxReportQueryService.getFixDate.dwr HTTP/1.1" 200 111
172.17.0.240 - - [06/Sep/2020:08:38:42 +0800] "GET /xingrg/all/function/internal_message.html?_=1599352717686&CODE_STATE=getMsg HTTP/1.1" 302 -
222.69.129.160 - - [06/Sep/2020:08:38:44 +0800] "GET /xingrg/all/function/internal_message.html?_=1599352721637&CODE_STATE=getMsg HTTP/1.1" 200 27
218.81.217.115 - - [06/Sep/2020:08:38:45 +0800] "GET /xingrg/all/function/internal_message.html?_=1599352743208&CODE_STATE=getMsg HTTP/1.1" 200 27
116.238.90.59 - - [06/Sep/2020:08:38:47 +0800] "GET /xingrg/kc/buy/cgsh_order_operate.html?command=get_materiel&rest_code=00102&code=00102003249&supplier_code=00100151&order_time=2020-09-06 HTTP/1.1" 200 412
172.17.200.101 - - [06/Sep/2020:08:38:47 +0800] "POST /xingrg/dwr/call/plaincall/AjaxReportQueryService.refreshCache.dwr HTTP/1.1" 200 78
172.17.200.101 - - [06/Sep/2020:08:38:48 +0800] "POST /xingrg/all/report/load_report_page.html HTTP/1.1" 200 46735
172.17.200.101 - - [06/Sep/2020:08:38:48 +0800] "GET /xingrg/servlets/image?cache=0.41730539583875004&image=px HTTP/1.1" 200 807
218.81.217.115 - - [06/Sep/2020:08:38:54 +0800] "GET /xingrg/check_reg.html?_=1599352751706 HTTP/1.1" 200 22
114.88.166.242 - - [06/Sep/2020:08:39:06 +0800] "GET /xingrg/all/function/internal_message.html?_=1599352802995&CODE_STATE=getMsg HTTP/1.1" 200 27
218.81.217.115 - - [06/Sep/2020:08:39:09 +0800] "GET /xingrg/all/function/internal_message.html?_=1599352745980&CODE_STATE=getMsg HTTP/1.1" 200 27
58.221.95.50 - - [06/Sep/2020:08:39:14 +0800] "GET /xingrg/all/function/internal_message.html?_=1599352895566&CODE_STATE=getMsg HTTP/1.1" 200 27
116.238.71.173 - - [06/Sep/2020:08:39:26 +0800] "GET /xingrg/all/function/internal_message.html?_=1599352762795&CODE_STATE=getMsg HTTP/1.1" 200 27
172.17.200.101 - - [06/Sep/2020:08:39:32 +0800] "GET /xingrg/all/function/internal_message.html?_=1599352768317&CODE_STATE=getMsg HTTP/1.1" 200 27
116.238.90.59 - - [06/Sep/2020:08:39:39 +0800] "GET /xingrg/all/function/internal_message.html?_=1599352982311&CODE_STATE=getMsg HTTP/1.1" 200 27
222.69.129.160 - - [06/Sep/2020:08:39:41 +0800] "GET /favicon.ico HTTP/1.1" 404 -
172.17.0.240 - - [06/Sep/2020:08:39:42 +0800] "GET /xingrg/all/function/internal_message.html?_=1599352777688&CODE_STATE=getMsg HTTP/1.1" 302 -
222.69.129.160 - - [06/Sep/2020:08:39:44 +0800] "GET /xingrg/check_reg.html?_=1599352781627 HTTP/1.1" 200 22
222.69.129.160 - - [06/Sep/2020:08:39:44 +0800] "GET /xingrg/all/function/internal_message.html?_=1599352781632&CODE_STATE=getMsg HTTP/1.1" 200 27
218.81.217.115 - - [06/Sep/2020:08:39:45 +0800] "GET /xingrg/all/function/internal_message.html?_=1599352803214&CODE_STATE=getMsg HTTP/1.1" 200 27
114.88.166.242 - - [06/Sep/2020:08:39:52 +0800] "POST /xingrg/kc/buy/cgsh_list_operate.html HTTP/1.1" 200 876
116.238.90.59 - - [06/Sep/2020:08:39:56 +0800] "GET /xingrg/kc/buy/cgsh_order_operate.html?command=get_materiel&rest_code=00102&code=00102003034&supplier_code=00100151&order_time=2020-09-06 HTTP/1.1" 200 422
114.88.166.242 - - [06/Sep/2020:08:40:06 +0800] "GET /xingrg/all/function/internal_message.html?_=1599352863015&CODE_STATE=getMsg HTTP/1.1" 200 27
218.81.217.115 - - [06/Sep/2020:08:40:09 +0800] "GET /xingrg/all/function/internal_message.html?_=1599352806057&CODE_STATE=getMsg HTTP/1.1" 200 27
114.88.166.242 - - [06/Sep/2020:08:40:11 +0800] "GET /xingrg/kc/buy/cgsh_order_add.html HTTP/1.1" 200 59668
114.88.166.242 - - [06/Sep/2020:08:40:11 +0800] "GET /xingrg/all/common/auto_word.html?type=employee&rest_code=00111 HTTP/1.1" 200 205
114.88.166.242 - - [06/Sep/2020:08:40:11 +0800] "GET /xingrg/all/common/auto_word.html?type=employee&rest_code=00111 HTTP/1.1" 200 205
114.88.166.242 - - [06/Sep/2020:08:40:11 +0800] "GET /xingrg/javascript/easyui/themes/default/validatebox.css HTTP/1.1" 404 1104
114.88.166.242 - - [06/Sep/2020:08:40:11 +0800] "POST /xingrg/kc/buy/cgsh_order_operate.html HTTP/1.1" 200 8245
58.221.95.50 - - [06/Sep/2020:08:40:14 +0800] "GET /xingrg/all/function/internal_message.html?_=1599352955540&CODE_STATE=getMsg HTTP/1.1" 200 27
114.88.166.242 - - [06/Sep/2020:08:40:18 +0800] "GET /xingrg/kc/buy/cgsh_order_operate.html?command=get_materiel&rest_code=00111&code=00101002027&supplier_code=00100199&order_time=2020-09-06 HTTP/1.1" 200 413
116.238.90.59 - - [06/Sep/2020:08:40:19 +0800] "GET /xingrg/kc/buy/cgsh_order_operate.html?command=get_materiel&rest_code=00102&code=00102002849&supplier_code=00100151&order_time=2020-09-06 HTTP/1.1" 200 394
116.238.71.173 - - [06/Sep/2020:08:40:26 +0800] "GET /xingrg/all/function/internal_message.html?_=1599352822844&CODE_STATE=getMsg HTTP/1.1" 200 27
114.88.166.242 - - [06/Sep/2020:08:40:31 +0800] "GET /xingrg/kc/buy/cgsh_order_operate.html?command=get_materiel&rest_code=00111&code=00101002006&supplier_code=00100199&order_time=2020-09-06 HTTP/1.1" 200 414
172.17.200.101 - - [06/Sep/2020:08:40:32 +0800] "GET /xingrg/all/function/internal_message.html?_=1599352828313&CODE_STATE=getMsg HTTP/1.1" 200 27
116.238.90.59 - - [06/Sep/2020:08:40:39 +0800] "GET /xingrg/check_reg.html?_=1599353042049 HTTP/1.1" 200 22
116.238.90.59 - - [06/Sep/2020:08:40:39 +0800] "GET /xingrg/all/function/internal_message.html?_=1599353042485&CODE_STATE=getMsg HTTP/1.1" 200 27
114.88.166.242 - - [06/Sep/2020:08:40:41 +0800] "POST /xingrg/kc/buy/cgsh_order_operate.html HTTP/1.1" 200 37
172.17.0.240 - - [06/Sep/2020:08:40:42 +0800] "GET /xingrg/all/function/internal_message.html?_=1599352837692&CODE_STATE=getMsg HTTP/1.1" 302 -
114.88.166.242 - - [06/Sep/2020:08:40:42 +0800] "POST /xingrg/kc/buy/cgsh_order_operate.html HTTP/1.1" 200 3848
58.37.9.106 - - [06/Sep/2020:08:40:42 +0800] "GET /xingrg/check_reg.html?_=1599352838570 HTTP/1.1" 200 22
116.238.90.59 - - [06/Sep/2020:08:40:43 +0800] "GET /xingrg/kc/buy/cgsh_order_operate.html?command=get_materiel&rest_code=00102&code=00102005289&supplier_code=00100151&order_time=2020-09-06 HTTP/1.1" 200 421
222.69.129.160 - - [06/Sep/2020:08:40:44 +0800] "GET /xingrg/all/function/internal_message.html?_=1599352841639&CODE_STATE=getMsg HTTP/1.1" 200 27
218.81.217.115 - - [06/Sep/2020:08:40:45 +0800] "GET /xingrg/all/function/internal_message.html?_=1599352863228&CODE_STATE=getMsg HTTP/1.1" 200 27
114.88.166.242 - - [06/Sep/2020:08:41:06 +0800] "GET /xingrg/all/function/internal_message.html?_=1599352923032&CODE_STATE=getMsg HTTP/1.1" 200 27
218.81.217.115 - - [06/Sep/2020:08:41:09 +0800] "GET /xingrg/all/function/internal_message.html?_=1599352866070&CODE_STATE=getMsg HTTP/1.1" 200 27
58.221.95.50 - - [06/Sep/2020:08:41:14 +0800] "GET /xingrg/all/function/internal_message.html?_=1599353015535&CODE_STATE=getMsg HTTP/1.1" 200 27
116.238.71.173 - - [06/Sep/2020:08:41:26 +0800] "GET /xingrg/all/function/internal_message.html?_=1599352882893&CODE_STATE=getMsg HTTP/1.1" 200 27
172.17.200.101 - - [06/Sep/2020:08:41:32 +0800] "GET /xingrg/all/function/internal_message.html?_=1599352888308&CODE_STATE=getMsg HTTP/1.1" 200 27
58.221.95.50 - - [06/Sep/2020:08:41:38 +0800] "GET /xingrg/check_reg.html?_=1599353040042 HTTP/1.1" 200 22
116.238.90.59 - - [06/Sep/2020:08:41:39 +0800] "GET /xingrg/all/function/internal_message.html?_=1599353102531&CODE_STATE=getMsg HTTP/1.1" 200 27
172.17.0.240 - - [06/Sep/2020:08:41:42 +0800] "GET /xingrg/check_reg.html?_=1599352897692 HTTP/1.1" 302 -
172.17.0.240 - - [06/Sep/2020:08:41:42 +0800] "GET /xingrg/all/function/internal_message.html?_=1599352897696&CODE_STATE=getMsg HTTP/1.1" 302 -
222.69.129.160 - - [06/Sep/2020:08:41:44 +0800] "GET /xingrg/all/function/internal_message.html?_=1599352901630&CODE_STATE=getMsg HTTP/1.1" 200 27
218.81.217.115 - - [06/Sep/2020:08:41:45 +0800] "GET /xingrg/all/function/internal_message.html?_=1599352923326&CODE_STATE=getMsg HTTP/1.1" 200 27
61.151.207.158 - - [06/Sep/2020:08:41:53 +0800] "GET /xingrg/check_reg.html?_=1599352838570 HTTP/1.1" 302 -
61.151.207.158 - - [06/Sep/2020:08:41:59 +0800] "GET /xingrg/login.html HTTP/1.1" 200 7641
116.238.90.59 - - [06/Sep/2020:08:42:00 +0800] "POST /xingrg/kc/buy/cgsh_order_operate.html HTTP/1.1" 200 37
116.238.90.59 - - [06/Sep/2020:08:42:02 +0800] "POST /xingrg/kc/buy/cgsh_order_operate.html HTTP/1.1" 200 12
116.238.90.59 - - [06/Sep/2020:08:42:03 +0800] "GET /xingrg/kc/buy/cgsh_order_info.html?code=212020090602248 HTTP/1.1" 200 54471
116.238.90.59 - - [06/Sep/2020:08:42:03 +0800] "GET /xingrg/javascript/easyui/themes/default/validatebox.css HTTP/1.1" 404 1104
116.238.90.59 - - [06/Sep/2020:08:42:04 +0800] "POST /xingrg/kc/buy/cgsh_order_operate.html HTTP/1.1" 200 2398
116.238.90.59 - - [06/Sep/2020:08:42:05 +0800] "GET /xingrg/kc/print/load_config.html?kc_code=cgsh HTTP/1.1" 200 1845
116.238.90.59 - - [06/Sep/2020:08:42:06 +0800] "GET /xingrg/kc/print/load_data.html?order_code=212020090602248&kc_code=cgsh&condition= HTTP/1.1" 200 1354
172.17.0.240 - - [06/Sep/2020:08:42:06 +0800] "GET /xingrg/check_reg.html?_=1599352922217 HTTP/1.1" 302 -
114.88.166.242 - - [06/Sep/2020:08:42:06 +0800] "GET /xingrg/all/function/internal_message.html?_=1599352982996&CODE_STATE=getMsg HTTP/1.1" 200 27
218.81.217.115 - - [06/Sep/2020:08:42:09 +0800] "GET /xingrg/all/function/internal_message.html?_=1599352926142&CODE_STATE=getMsg HTTP/1.1" 200 27
58.221.95.50 - - [06/Sep/2020:08:42:13 +0800] "GET /xingrg/all/function/internal_message.html?_=1599353075499&CODE_STATE=getMsg HTTP/1.1" 200 27
116.238.90.59 - - [06/Sep/2020:08:42:15 +0800] "GET /xingrg/kc/buy/cgsh_order_add.html HTTP/1.1" 200 59580
116.238.90.59 - - [06/Sep/2020:08:42:16 +0800] "POST /xingrg/kc/buy/cgsh_order_operate.html HTTP/1.1" 200 8245
116.238.90.59 - - [06/Sep/2020:08:42:16 +0800] "GET /xingrg/javascript/easyui/themes/default/validatebox.css HTTP/1.1" 404 1104
116.230.74.197 - - [06/Sep/2020:08:42:17 +0800] "POST /xingrg/login.do HTTP/1.1" 302 -
116.230.74.197 - - [06/Sep/2020:08:42:18 +0800] "GET /xingrg/index.html?sysBaseUrl=http%3A%2F%2F180.169.147.146%3A18081%2Fxingrg%2F&costTime=39×tamp=1599352937996 HTTP/1.1" 200 17179
222.69.129.160 - - [06/Sep/2020:08:42:19 +0800] "GET /favicon.ico HTTP/1.1" 404 -
116.230.74.197 - - [06/Sep/2020:08:42:19 +0800] "GET /favicon.ico HTTP/1.1" 404 -
116.230.74.197 - - [06/Sep/2020:08:42:20 +0800] "POST /xingrg/all/common/load_tree.html?tree=area_rest_tree_json&manage=1 HTTP/1.1" 200 476
116.230.74.197 - - [06/Sep/2020:08:42:20 +0800] "GET /xingrg/all/function/internal_message.html?_=1599352936253&CODE_STATE=count HTTP/1.1" 200 11
116.230.74.197 - - [06/Sep/2020:08:42:20 +0800] "GET /xingrg/check_reg.html?_=1599352936256 HTTP/1.1" 200 22
116.230.74.197 - - [06/Sep/2020:08:42:20 +0800] "POST /xingrg/load_menu.html HTTP/1.1" 200 5138
116.238.71.173 - - [06/Sep/2020:08:42:27 +0800] "GET /xingrg/all/function/internal_message.html?_=1599352942943&CODE_STATE=getMsg HTTP/1.1" 200 27
222.69.129.160 - - [06/Sep/2020:08:42:31 +0800] "GET /xingrg/index.html?sysBaseUrl=http%3A%2F%2F180.169.147.146%3A18081%2Fxingrg%2F&costTime=52×tamp=1591679117969 HTTP/1.1" 302 -
222.69.129.160 - - [06/Sep/2020:08:42:31 +0800] "GET /xingrg/login.html HTTP/1.1" 200 7641
222.69.129.160 - - [06/Sep/2020:08:42:31 +0800] "GET /favicon.ico HTTP/1.1" 404 -
172.17.200.101 - - [06/Sep/2020:08:42:32 +0800] "GET /xingrg/all/function/internal_message.html?_=1599352948310&CODE_STATE=getMsg HTTP/1.1" 200 27
222.69.129.160 - - [06/Sep/2020:08:42:33 +0800] "POST /xingrg/login.do HTTP/1.1" 302 -
222.69.129.160 - - [06/Sep/2020:08:42:33 +0800] "GET /xingrg/index.html?sysBaseUrl=http%3A%2F%2F180.169.147.146%3A18081%2Fxingrg%2F&costTime=51×tamp=1599352953247 HTTP/1.1" 200 17179
222.69.129.160 - - [06/Sep/2020:08:42:33 +0800] "GET /favicon.ico HTTP/1.1" 404 -
222.69.129.160 - - [06/Sep/2020:08:42:33 +0800] "POST /xingrg/all/common/load_tree.html?tree=area_rest_tree_json&manage=1 HTTP/1.1" 200 351
222.69.129.160 - - [06/Sep/2020:08:42:33 +0800] "GET /xingrg/all/function/internal_message.html?_=1599352949668&CODE_STATE=count HTTP/1.1" 200 11
222.69.129.160 - - [06/Sep/2020:08:42:33 +0800] "GET /xingrg/check_reg.html?_=1599352949670 HTTP/1.1" 200 22
222.69.129.160 - - [06/Sep/2020:08:42:33 +0800] "POST /xingrg/load_menu.html HTTP/1.1" 200 5138
218.81.217.115 - - [06/Sep/2020:08:42:36 +0800] "GET /xingrg/check_reg.html?_=1599352953342 HTTP/1.1" 200 22
116.238.90.59 - - [06/Sep/2020:08:42:39 +0800] "GET /xingrg/all/function/internal_message.html?_=1599353162582&CODE_STATE=getMsg HTTP/1.1" 200 27
172.17.0.240 - - [06/Sep/2020:08:42:42 +0800] "GET /xingrg/all/function/internal_message.html?_=1599352957682&CODE_STATE=getMsg HTTP/1.1" 302 -
222.69.129.160 - - [06/Sep/2020:08:42:44 +0800] "GET /xingrg/all/function/internal_message.html?_=1599352961631&CODE_STATE=getMsg HTTP/1.1" 200 27
218.81.217.115 - - [06/Sep/2020:08:42:45 +0800] "GET /xingrg/all/function/internal_message.html?_=1599352983333&CODE_STATE=getMsg HTTP/1.1" 200 27
117.184.7.30 - - [06/Sep/2020:08:42:46 +0800] "GET /xingrg/check_reg.html?_=1599352950184 HTTP/1.1" 200 22
116.238.90.59 - - [06/Sep/2020:08:42:57 +0800] "GET /xingrg/javascript/jquery_easy_ui/themes/default/images/tabs_active.png HTTP/1.1" 200 2894
116.238.90.59 - - [06/Sep/2020:08:43:04 +0800] "POST /xingrg/kc/buy/cgsh_list_operate.html HTTP/1.1" 200 5779
114.88.166.242 - - [06/Sep/2020:08:43:06 +0800] "GET /xingrg/all/function/internal_message.html?_=1599353042995&CODE_STATE=getMsg HTTP/1.1" 200 27
114.88.166.242 - - [06/Sep/2020:08:43:06 +0800] "GET /xingrg/check_reg.html?_=1599353042996 HTTP/1.1" 200 22
218.81.217.115 - - [06/Sep/2020:08:43:09 +0800] "GET /xingrg/all/function/internal_message.html?_=1599352986144&CODE_STATE=getMsg HTTP/1.1" 200 27
116.230.74.197 - - [06/Sep/2020:08:43:10 +0800] "GET /xingrg/kc/buy/buy_main.html HTTP/1.1" 200 12412
116.230.74.197 - - [06/Sep/2020:08:43:11 +0800] "GET /xingrg/css/new_ie.css HTTP/1.1" 404 1036
116.238.90.59 - - [06/Sep/2020:08:43:11 +0800] "POST /xingrg/kc/buy/cgsh_list_operate.html HTTP/1.1" 200 436
116.238.90.59 - - [06/Sep/2020:08:43:12 +0800] "GET /xingrg/kc/buy/cgsh_order_info.html?code=212020090602248 HTTP/1.1" 200 54471
116.230.74.197 - - [06/Sep/2020:08:43:13 +0800] "GET /xingrg/images/yd/bt.gif HTTP/1.1" 404 1040
116.238.90.59 - - [06/Sep/2020:08:43:13 +0800] "GET /xingrg/javascript/easyui/themes/default/validatebox.css HTTP/1.1" 404 1104
116.238.90.59 - - [06/Sep/2020:08:43:13 +0800] "POST /xingrg/kc/buy/cgsh_order_operate.html HTTP/1.1" 200 2398
116.230.74.197 - - [06/Sep/2020:08:43:13 +0800] "GET /xingrg/kc/buy/cgsh_order_list.html HTTP/1.1" 200 43936
58.221.95.50 - - [06/Sep/2020:08:43:13 +0800] "GET /xingrg/all/function/internal_message.html?_=1599353135468&CODE_STATE=getMsg HTTP/1.1" 200 27
116.230.74.197 - - [06/Sep/2020:08:43:15 +0800] "POST /xingrg/kc/buy/cgsh_list_operate.html HTTP/1.1" 200 876
116.230.74.197 - - [06/Sep/2020:08:43:19 +0800] "GET /xingrg/kc/buy/cgsh_order_add.html HTTP/1.1" 200 59715
116.230.74.197 - - [06/Sep/2020:08:43:19 +0800] "GET /xingrg/words/20200905160344_words.js HTTP/1.1" 200 760699
116.230.74.197 - - [06/Sep/2020:08:43:20 +0800] "GET /xingrg/all/function/internal_message.html?_=1599352996440&CODE_STATE=getMsg HTTP/1.1" 200 27
116.230.74.197 - - [06/Sep/2020:08:43:20 +0800] "GET /xingrg/all/common/auto_word.html?type=employee&rest_code=00107 HTTP/1.1" 200 147
116.230.74.197 - - [06/Sep/2020:08:43:20 +0800] "GET /xingrg/all/common/auto_word.html?type=employee&rest_code=00107 HTTP/1.1" 200 147
116.230.74.197 - - [06/Sep/2020:08:43:20 +0800] "GET /xingrg/javascript/easyui/themes/default/validatebox.css HTTP/1.1" 404 1104
116.230.74.197 - - [06/Sep/2020:08:43:20 +0800] "POST /xingrg/kc/buy/cgsh_order_operate.html HTTP/1.1" 200 8245
116.230.74.197 - - [06/Sep/2020:08:43:22 +0800] "GET /xingrg/javascript/easyui/themes/default/tree.css HTTP/1.1" 404 1090
116.230.74.197 - - [06/Sep/2020:08:43:22 +0800] "POST /xingrg/all/common/load_tree.html?tree=supplier_tree_json&isDelete=1 HTTP/1.1" 200 50169
116.238.71.173 - - [06/Sep/2020:08:43:27 +0800] "GET /xingrg/check_reg.html?_=1599353002990 HTTP/1.1" 200 22
116.238.71.173 - - [06/Sep/2020:08:43:27 +0800] "GET /xingrg/all/function/internal_message.html?_=1599353002992&CODE_STATE=getMsg HTTP/1.1" 200 27
114.88.166.242 - - [06/Sep/2020:08:43:28 +0800] "GET /xingrg/kc/buy/cgsh_order_add.html HTTP/1.1" 200 59668
114.88.166.242 - - [06/Sep/2020:08:43:28 +0800] "POST /xingrg/kc/buy/cgsh_order_operate.html HTTP/1.1" 200 8245
114.88.166.242 - - [06/Sep/2020:08:43:28 +0800] "GET /xingrg/javascript/easyui/themes/default/validatebox.css HTTP/1.1" 404 1104
172.17.200.101 - - [06/Sep/2020:08:43:32 +0800] "GET /xingrg/check_reg.html?_=1599353008312 HTTP/1.1" 200 22
172.17.200.101 - - [06/Sep/2020:08:43:32 +0800] "GET /xingrg/all/function/internal_message.html?_=1599353008320&CODE_STATE=getMsg HTTP/1.1" 200 27
222.69.129.160 - - [06/Sep/2020:08:43:33 +0800] "GET /xingrg/all/function/internal_message.html?_=1599353009679&CODE_STATE=getMsg HTTP/1.1" 200 27
114.88.166.242 - - [06/Sep/2020:08:43:36 +0800] "GET /xingrg/kc/buy/cgsh_order_operate.html?command=get_materiel&rest_code=00111&code=00101011005&supplier_code=00100012&order_time=2020-09-06 HTTP/1.1" 200 428
116.238.90.59 - - [06/Sep/2020:08:43:39 +0800] "GET /xingrg/all/function/internal_message.html?_=1599353222600&CODE_STATE=getMsg HTTP/1.1" 200 27
172.17.0.240 - - [06/Sep/2020:08:43:42 +0800] "GET /xingrg/all/function/internal_message.html?_=1599353017685&CODE_STATE=getMsg HTTP/1.1" 302 -
222.69.129.160 - - [06/Sep/2020:08:43:44 +0800] "GET /xingrg/all/function/internal_message.html?_=1599353021637&CODE_STATE=getMsg HTTP/1.1" 200 27
114.88.166.242 - - [06/Sep/2020:08:43:44 +0800] "GET /xingrg/kc/buy/cgsh_order_operate.html?command=get_materiel&rest_code=00111&code=00101006111&supplier_code=00100012&order_time=2020-09-06 HTTP/1.1" 200 409
218.81.217.115 - - [06/Sep/2020:08:43:46 +0800] "GET /xingrg/all/function/internal_message.html?_=1599353043447&CODE_STATE=getMsg HTTP/1.1" 200 27
116.230.74.197 - - [06/Sep/2020:08:43:51 +0800] "GET /xingrg/javascript/auto/indicator.gif HTTP/1.1" 404 1066
116.230.74.197 - - [06/Sep/2020:08:43:54 +0800] "GET /xingrg/kc/buy/cgsh_order_operate.html?command=get_materiel&rest_code=00107&code=00101010248&supplier_code=00100033&order_time=2020-09-06 HTTP/1.1" 200 430
218.81.217.115 - - [06/Sep/2020:08:43:54 +0800] "GET /xingrg/check_reg.html?_=1599353051710 HTTP/1.1" 200 22
114.88.166.242 - - [06/Sep/2020:08:43:54 +0800] "GET /xingrg/kc/buy/cgsh_order_operate.html?command=get_materiel&rest_code=00111&code=00101006177&supplier_code=00100012&order_time=2020-09-06 HTTP/1.1" 200 409
114.88.166.242 - - [06/Sep/2020:08:44:06 +0800] "GET /xingrg/all/function/internal_message.html?_=1599353103009&CODE_STATE=getMsg HTTP/1.1" 200 27
218.81.217.115 - - [06/Sep/2020:08:44:09 +0800] "GET /xingrg/all/function/internal_message.html?_=1599353046157&CODE_STATE=getMsg HTTP/1.1" 200 27
114.88.166.242 - - [06/Sep/2020:08:44:12 +0800] "GET /xingrg/kc/buy/cgsh_order_operate.html?command=get_materiel&rest_code=00111&code=00101018011&supplier_code=00100012&order_time=2020-09-06 HTTP/1.1" 200 413
58.221.95.50 - - [06/Sep/2020:08:44:13 +0800] "GET /xingrg/all/function/internal_message.html?_=1599353195450&CODE_STATE=getMsg HTTP/1.1" 200 27
116.230.74.197 - - [06/Sep/2020:08:44:15 +0800] "GET /xingrg/kc/buy/cgsh_order_operate.html?command=get_materiel&rest_code=00107&code=00101016010&supplier_code=00100033&order_time=2020-09-06 HTTP/1.1" 200 408
114.88.166.242 - - [06/Sep/2020:08:44:17 +0800] "GET /xingrg/kc/buy/cgsh_order_operate.html?command=get_materiel&rest_code=00111&code=00101006038&supplier_code=00100012&order_time=2020-09-06 HTTP/1.1" 200 421
116.230.74.197 - - [06/Sep/2020:08:44:20 +0800] "GET /xingrg/all/function/internal_message.html?_=1599353056425&CODE_STATE=getMsg HTTP/1.1" 200 27
114.88.166.242 - - [06/Sep/2020:08:44:23 +0800] "GET /xingrg/kc/buy/cgsh_order_operate.html?command=get_materiel&rest_code=00111&code=00101006055&supplier_code=00100012&order_time=2020-09-06 HTTP/1.1" 200 409
116.238.71.173 - - [06/Sep/2020:08:44:27 +0800] "GET /xingrg/all/function/internal_message.html?_=1599353063042&CODE_STATE=getMsg HTTP/1.1" 200 27
116.230.74.197 - - [06/Sep/2020:08:44:29 +0800] "GET /xingrg/kc/buy/cgsh_order_operate.html?command=get_materiel&rest_code=00107&code=00101016080&supplier_code=00100033&order_time=2020-09-06 HTTP/1.1" 200 408
114.88.166.242 - - [06/Sep/2020:08:44:29 +0800] "GET /xingrg/kc/buy/cgsh_order_operate.html?command=get_materiel&rest_code=00111&code=00101006056&supplier_code=00100012&order_time=2020-09-06 HTTP/1.1" 200 413
172.17.200.101 - - [06/Sep/2020:08:44:32 +0800] "GET /xingrg/all/function/internal_message.html?_=1599353068321&CODE_STATE=getMsg HTTP/1.1" 200 27
222.69.129.160 - - [06/Sep/2020:08:44:33 +0800] "GET /xingrg/all/function/internal_message.html?_=1599353069680&CODE_STATE=getMsg HTTP/1.1" 200 27
114.88.166.242 - - [06/Sep/2020:08:44:37 +0800] "GET /xingrg/kc/buy/cgsh_order_operate.html?command=get_materiel&rest_code=00111&code=00101006079&supplier_code=00100012&order_time=2020-09-06 HTTP/1.1" 200 409
116.230.74.197 - - [06/Sep/2020:08:44:39 +0800] "GET /xingrg/kc/buy/cgsh_order_operate.html?command=get_materiel&rest_code=00107&code=00101010136&supplier_code=00100033&order_time=2020-09-06 HTTP/1.1" 200 408
116.238.90.59 - - [06/Sep/2020:08:44:39 +0800] "GET /xingrg/all/function/internal_message.html?_=1599353282659&CODE_STATE=getMsg HTTP/1.1" 200 27
172.17.0.240 - - [06/Sep/2020:08:44:42 +0800] "GET /xingrg/all/function/internal_message.html?_=1599353077688&CODE_STATE=getMsg HTTP/1.1" 302 -
114.88.166.242 - - [06/Sep/2020:08:44:43 +0800] "GET /xingrg/kc/buy/cgsh_order_operate.html?command=get_materiel&rest_code=00111&code=00101006065&supplier_code=00100012&order_time=2020-09-06 HTTP/1.1" 200 409
222.69.129.160 - - [06/Sep/2020:08:44:44 +0800] "GET /xingrg/check_reg.html?_=1599353081626 HTTP/1.1" 200 22
222.69.129.160 - - [06/Sep/2020:08:44:44 +0800] "GET /xingrg/all/function/internal_message.html?_=1599353081631&CODE_STATE=getMsg HTTP/1.1" 200 27
218.81.217.115 - - [06/Sep/2020:08:44:46 +0800] "GET /xingrg/all/function/internal_message.html?_=1599353103453&CODE_STATE=getMsg HTTP/1.1" 200 27
61.172.5.115 - - [06/Sep/2020:08:44:46 +0800] "POST /xingrg/login.do HTTP/1.1" 302 -
61.172.5.115 - - [06/Sep/2020:08:44:46 +0800] "GET /xingrg/index.html?sysBaseUrl=http%3A%2F%2F180.169.147.146%3A18081%2Fxingrg%2F&costTime=42×tamp=1599353086657 HTTP/1.1" 200 17173
61.172.5.115 - - [06/Sep/2020:08:44:46 +0800] "GET /favicon.ico HTTP/1.1" 404 -
222.69.129.160 - - [06/Sep/2020:08:44:46 +0800] "GET /xingrg/kc/buy/cgsh_order_list.html HTTP/1.1" 200 43936
61.172.5.115 - - [06/Sep/2020:08:44:47 +0800] "POST /xingrg/all/common/load_tree.html?tree=area_rest_tree_json&manage=1 HTTP/1.1" 200 3216
61.172.5.115 - - [06/Sep/2020:08:44:47 +0800] "GET /xingrg/all/function/internal_message.html?_=1599353082997&CODE_STATE=count HTTP/1.1" 200 11
61.172.5.115 - - [06/Sep/2020:08:44:47 +0800] "GET /xingrg/check_reg.html?_=1599353082998 HTTP/1.1" 200 22
61.172.5.115 - - [06/Sep/2020:08:44:47 +0800] "POST /xingrg/load_menu.html HTTP/1.1" 200 5138
222.69.129.160 - - [06/Sep/2020:08:44:47 +0800] "POST /xingrg/kc/buy/cgsh_list_operate.html HTTP/1.1" 200 876
61.172.5.115 - - [06/Sep/2020:08:44:52 +0800] "GET /xingrg/kc/mdqp/qqps_order_list.html HTTP/1.1" 200 9222
61.172.5.115 - - [06/Sep/2020:08:44:52 +0800] "GET /xingrg/dwr/util.js HTTP/1.1" 304 -
61.172.5.115 - - [06/Sep/2020:08:44:52 +0800] "GET /xingrg/dwr/interface/AjaxQqpsService.js HTTP/1.1" 200 16326
61.172.5.115 - - [06/Sep/2020:08:44:52 +0800] "GET /xingrg/dwr/interface/AjaxReportQueryService.js HTTP/1.1" 200 13203
61.172.5.115 - - [06/Sep/2020:08:44:52 +0800] "GET /xingrg/dwr/engine.js HTTP/1.1" 200 43631
114.88.166.242 - - [06/Sep/2020:08:44:53 +0800] "POST /xingrg/kc/buy/cgsh_order_operate.html HTTP/1.1" 200 37
116.230.74.197 - - [06/Sep/2020:08:44:54 +0800] "GET /xingrg/kc/buy/cgsh_order_operate.html?command=get_materiel&rest_code=00107&code=00101016100&supplier_code=00100033&order_time=2020-09-06 HTTP/1.1" 200 412
114.88.166.242 - - [06/Sep/2020:08:44:54 +0800] "POST /xingrg/kc/buy/cgsh_order_operate.html HTTP/1.1" 200 7390
61.172.5.115 - - [06/Sep/2020:08:44:58 +0800] "POST /xingrg/dwr/call/plaincall/AjaxReportQueryService.getFixDate.dwr HTTP/1.1" 200 111
61.172.5.115 - - [06/Sep/2020:08:44:59 +0800] "GET /xingrg/kc/mdqp/qqps_order_list.html?isQuery=1&timeSelect=1&orderTime=yesterday&startTime=2020-09-05&endTime=2020-09-05&state=all&query=%C8%B7++%B6%A8 HTTP/1.1" 200 11413
61.172.5.115 - - [06/Sep/2020:08:44:59 +0800] "GET /xingrg/dwr/interface/AjaxReportQueryService.js HTTP/1.1" 200 13203
