222.69.129.160 - - [06/Sep/2020:08:57:33 +0800] "GET /xingrg/all/function/internal_message.html?_=1599353849704&CODE_STATE=getMsg HTTP/1.1" 200 27
222.69.129.160 - - [06/Sep/2020:08:57:33 +0800] "GET /xingrg/check_reg.html?_=1599353849705 HTTP/1.1" 200 22
58.37.9.106 - - [06/Sep/2020:08:57:36 +0800] "POST /xingrg/kc/buy/cgsh_list_operate.html HTTP/1.1" 200 5503
61.172.5.115 - - [06/Sep/2020:08:57:39 +0800] "GET /xingrg/kc/buy/cgsh_order_operate.html?command=get_materiel&rest_code=00105&code=00101008362&supplier_code=00100397&order_time=2020-09-06 HTTP/1.1" 200 408
116.238.90.59 - - [06/Sep/2020:08:57:39 +0800] "GET /xingrg/all/function/internal_message.html?_=1599354063009&CODE_STATE=getMsg HTTP/1.1" 200 27
172.17.0.240 - - [06/Sep/2020:08:57:42 +0800] "GET /xingrg/all/function/internal_message.html?_=1599353857684&CODE_STATE=getMsg HTTP/1.1" 302 -
222.69.129.160 - - [06/Sep/2020:08:57:44 +0800] "GET /xingrg/all/function/internal_message.html?_=1599353861654&CODE_STATE=getMsg HTTP/1.1" 200 27
117.184.7.26 - - [06/Sep/2020:08:57:46 +0800] "GET /xingrg/check_reg.html?_=1599353850134 HTTP/1.1" 200 22
218.81.217.115 - - [06/Sep/2020:08:57:46 +0800] "GET /xingrg/all/function/internal_message.html?_=1599353884098&CODE_STATE=getMsg HTTP/1.1" 200 27
61.172.5.115 - - [06/Sep/2020:08:57:47 +0800] "GET /xingrg/all/function/internal_message.html?_=1599353863029&CODE_STATE=getMsg HTTP/1.1" 200 27
61.172.5.115 - - [06/Sep/2020:08:57:48 +0800] "GET /xingrg/kc/buy/cgsh_order_operate.html?command=get_materiel&rest_code=00105&code=00101008196&supplier_code=00100397&order_time=2020-09-06 HTTP/1.1" 200 416
61.172.5.115 - - [06/Sep/2020:08:57:58 +0800] "GET /xingrg/kc/buy/cgsh_order_operate.html?command=get_materiel&rest_code=00105&code=00101008069&supplier_code=00100397&order_time=2020-09-06 HTTP/1.1" 200 412
61.172.5.115 - - [06/Sep/2020:08:58:05 +0800] "GET /xingrg/kc/buy/cgsh_order_operate.html?command=get_materiel&rest_code=00105&code=00101008036&supplier_code=00100397&order_time=2020-09-06 HTTP/1.1" 200 408
114.88.166.242 - - [06/Sep/2020:08:58:06 +0800] "GET /xingrg/check_reg.html?_=1599353943000 HTTP/1.1" 200 22
114.88.166.242 - - [06/Sep/2020:08:58:06 +0800] "GET /xingrg/all/function/internal_message.html?_=1599353943001&CODE_STATE=getMsg HTTP/1.1" 200 27
58.221.95.50 - - [06/Sep/2020:08:58:13 +0800] "GET /xingrg/all/function/internal_message.html?_=1599354035148&CODE_STATE=getMsg HTTP/1.1" 200 27
116.238.90.59 - - [06/Sep/2020:08:58:13 +0800] "GET /xingrg/kc/buy/cgsh_order_add.html HTTP/1.1" 200 59580
116.238.90.59 - - [06/Sep/2020:08:58:14 +0800] "POST /xingrg/kc/buy/cgsh_order_operate.html HTTP/1.1" 200 8245
61.172.5.115 - - [06/Sep/2020:08:58:14 +0800] "GET /xingrg/kc/buy/cgsh_order_operate.html?command=get_materiel&rest_code=00105&code=00101008286&supplier_code=00100397&order_time=2020-09-06 HTTP/1.1" 200 408
116.238.90.59 - - [06/Sep/2020:08:58:14 +0800] "GET /xingrg/javascript/easyui/themes/default/validatebox.css HTTP/1.1" 404 1104
218.81.217.115 - - [06/Sep/2020:08:58:17 +0800] "GET /xingrg/all/function/internal_message.html?_=1599353894275&CODE_STATE=getMsg HTTP/1.1" 200 27
116.230.74.197 - - [06/Sep/2020:08:58:20 +0800] "GET /xingrg/all/function/internal_message.html?_=1599353896278&CODE_STATE=getMsg HTTP/1.1" 200 27
61.172.5.115 - - [06/Sep/2020:08:58:20 +0800] "GET /xingrg/kc/buy/cgsh_order_operate.html?command=get_materiel&rest_code=00105&code=00101008131&supplier_code=00100397&order_time=2020-09-06 HTTP/1.1" 200 408
61.172.5.115 - - [06/Sep/2020:08:58:24 +0800] "POST /xingrg/kc/buy/cgsh_order_operate.html HTTP/1.1" 200 2065
61.172.5.115 - - [06/Sep/2020:08:58:25 +0800] "POST /xingrg/kc/buy/cgsh_order_operate.html HTTP/1.1" 200 2065
116.238.71.173 - - [06/Sep/2020:08:58:27 +0800] "GET /xingrg/all/function/internal_message.html?_=1599353903721&CODE_STATE=getMsg HTTP/1.1" 200 27
116.238.71.173 - - [06/Sep/2020:08:58:27 +0800] "GET /xingrg/check_reg.html?_=1599353903719 HTTP/1.1" 200 22
172.17.200.101 - - [06/Sep/2020:08:58:32 +0800] "GET /xingrg/check_reg.html?_=1599353908346 HTTP/1.1" 200 22
172.17.200.101 - - [06/Sep/2020:08:58:32 +0800] "GET /xingrg/all/function/internal_message.html?_=1599353908339&CODE_STATE=getMsg HTTP/1.1" 200 27
222.69.129.160 - - [06/Sep/2020:08:58:33 +0800] "GET /xingrg/all/function/internal_message.html?_=1599353909702&CODE_STATE=getMsg HTTP/1.1" 200 27
61.172.5.115 - - [06/Sep/2020:08:58:35 +0800] "POST /xingrg/kc/buy/cgsh_order_operate.html HTTP/1.1" 200 2065
116.238.90.59 - - [06/Sep/2020:08:58:39 +0800] "GET /xingrg/all/function/internal_message.html?_=1599354123021&CODE_STATE=getMsg HTTP/1.1" 200 27
172.17.0.240 - - [06/Sep/2020:08:58:42 +0800] "GET /xingrg/all/function/internal_message.html?_=1599353917686&CODE_STATE=getMsg HTTP/1.1" 302 -
61.172.5.115 - - [06/Sep/2020:08:58:42 +0800] "GET /xingrg/kc/buy/cgsh_order_operate.html?command=get_materiel&rest_code=00105&code=00101008108&supplier_code=00100397&order_time=2020-09-06 HTTP/1.1" 200 412
222.69.129.160 - - [06/Sep/2020:08:58:44 +0800] "GET /xingrg/all/function/internal_message.html?_=1599353921662&CODE_STATE=getMsg HTTP/1.1" 200 27
218.81.217.115 - - [06/Sep/2020:08:58:46 +0800] "GET /xingrg/all/function/internal_message.html?_=1599353944215&CODE_STATE=getMsg HTTP/1.1" 200 27
61.172.5.115 - - [06/Sep/2020:08:58:47 +0800] "GET /xingrg/all/function/internal_message.html?_=1599353923010&CODE_STATE=getMsg HTTP/1.1" 200 27
61.172.5.115 - - [06/Sep/2020:08:58:49 +0800] "GET /xingrg/kc/buy/cgsh_order_operate.html?command=get_materiel&rest_code=00105&code=00101008318&supplier_code=00100397&order_time=2020-09-06 HTTP/1.1" 200 408
218.81.217.115 - - [06/Sep/2020:08:58:54 +0800] "GET /xingrg/check_reg.html?_=1599353951727 HTTP/1.1" 200 22
61.172.5.115 - - [06/Sep/2020:08:58:55 +0800] "GET /xingrg/kc/buy/cgsh_order_operate.html?command=get_materiel&rest_code=00105&code=00101008352&supplier_code=00100397&order_time=2020-09-06 HTTP/1.1" 200 412
61.172.5.115 - - [06/Sep/2020:08:59:02 +0800] "GET /xingrg/kc/buy/cgsh_order_operate.html?command=get_materiel&rest_code=00105&code=00101008005&supplier_code=00100397&order_time=2020-09-06 HTTP/1.1" 200 412
114.88.166.242 - - [06/Sep/2020:08:59:06 +0800] "GET /xingrg/all/function/internal_message.html?_=1599354003009&CODE_STATE=getMsg HTTP/1.1" 200 27
61.172.5.115 - - [06/Sep/2020:08:59:09 +0800] "GET /xingrg/kc/buy/cgsh_order_operate.html?command=get_materiel&rest_code=00105&code=00101008353&supplier_code=00100397&order_time=2020-09-06 HTTP/1.1" 200 408
58.221.95.50 - - [06/Sep/2020:08:59:13 +0800] "GET /xingrg/all/function/internal_message.html?_=1599354095123&CODE_STATE=getMsg HTTP/1.1" 200 27
61.172.5.115 - - [06/Sep/2020:08:59:14 +0800] "GET /xingrg/kc/buy/cgsh_order_operate.html?command=get_materiel&rest_code=00105&code=00101008213&supplier_code=00100397&order_time=2020-09-06 HTTP/1.1" 200 412
218.81.217.115 - - [06/Sep/2020:08:59:17 +0800] "GET /xingrg/check_reg.html?_=1599353954181 HTTP/1.1" 200 22
218.81.217.115 - - [06/Sep/2020:08:59:17 +0800] "GET /xingrg/all/function/internal_message.html?_=1599353954286&CODE_STATE=getMsg HTTP/1.1" 200 27
116.230.74.197 - - [06/Sep/2020:08:59:20 +0800] "GET /xingrg/all/function/internal_message.html?_=1599353956278&CODE_STATE=getMsg HTTP/1.1" 200 27
61.172.5.115 - - [06/Sep/2020:08:59:20 +0800] "GET /xingrg/kc/buy/cgsh_order_operate.html?command=get_materiel&rest_code=00105&code=00101008298&supplier_code=00100397&order_time=2020-09-06 HTTP/1.1" 200 431
116.238.71.173 - - [06/Sep/2020:08:59:27 +0800] "GET /xingrg/all/function/internal_message.html?_=1599353963769&CODE_STATE=getMsg HTTP/1.1" 200 27
61.172.5.115 - - [06/Sep/2020:08:59:28 +0800] "GET /xingrg/kc/buy/cgsh_order_operate.html?command=get_materiel&rest_code=00105&code=00101008105&supplier_code=00100397&order_time=2020-09-06 HTTP/1.1" 200 412
172.17.200.101 - - [06/Sep/2020:08:59:32 +0800] "GET /xingrg/all/function/internal_message.html?_=1599353968331&CODE_STATE=getMsg HTTP/1.1" 200 27
222.69.129.160 - - [06/Sep/2020:08:59:33 +0800] "GET /xingrg/all/function/internal_message.html?_=1599353969700&CODE_STATE=getMsg HTTP/1.1" 200 27
61.172.5.115 - - [06/Sep/2020:08:59:33 +0800] "GET /xingrg/kc/buy/cgsh_order_operate.html?command=get_materiel&rest_code=00105&code=00101008119&supplier_code=00100397&order_time=2020-09-06 HTTP/1.1" 200 412
61.151.178.180 - - [06/Sep/2020:08:59:34 +0800] "GET /xingrg/kc/buy/buy_main.html HTTP/1.1" 302 -
61.172.5.115 - - [06/Sep/2020:08:59:39 +0800] "GET /xingrg/kc/buy/cgsh_order_operate.html?command=get_materiel&rest_code=00105&code=00101008185&supplier_code=00100397&order_time=2020-09-06 HTTP/1.1" 200 408
116.238.90.59 - - [06/Sep/2020:08:59:39 +0800] "GET /xingrg/all/function/internal_message.html?_=1599354183035&CODE_STATE=getMsg HTTP/1.1" 200 27
61.151.178.180 - - [06/Sep/2020:08:59:40 +0800] "GET /xingrg/login.html HTTP/1.1" 200 7641
172.17.0.240 - - [06/Sep/2020:08:59:42 +0800] "GET /xingrg/all/function/internal_message.html?_=1599353977689&CODE_STATE=getMsg HTTP/1.1" 302 -
222.69.129.160 - - [06/Sep/2020:08:59:44 +0800] "GET /xingrg/all/function/internal_message.html?_=1599353981651&CODE_STATE=getMsg HTTP/1.1" 200 27
222.69.129.160 - - [06/Sep/2020:08:59:44 +0800] "GET /xingrg/check_reg.html?_=1599353981656 HTTP/1.1" 200 22
61.172.5.115 - - [06/Sep/2020:08:59:45 +0800] "GET /xingrg/kc/buy/cgsh_order_operate.html?command=get_materiel&rest_code=00105&code=00101008114&supplier_code=00100397&order_time=2020-09-06 HTTP/1.1" 200 412
218.81.217.115 - - [06/Sep/2020:08:59:46 +0800] "GET /xingrg/all/function/internal_message.html?_=1599354004219&CODE_STATE=getMsg HTTP/1.1" 200 27
61.172.5.115 - - [06/Sep/2020:08:59:47 +0800] "GET /xingrg/all/function/internal_message.html?_=1599353983014&CODE_STATE=getMsg HTTP/1.1" 200 27
61.172.5.115 - - [06/Sep/2020:08:59:47 +0800] "GET /xingrg/check_reg.html?_=1599353983017 HTTP/1.1" 200 22
114.88.166.242 - - [06/Sep/2020:08:59:59 +0800] "GET /xingrg/kc/buy/cgsh_order_list.html HTTP/1.1" 200 43930
114.88.166.242 - - [06/Sep/2020:09:00:00 +0800] "POST /xingrg/kc/buy/cgsh_list_operate.html HTTP/1.1" 200 2049
114.88.166.242 - - [06/Sep/2020:09:00:06 +0800] "GET /xingrg/all/function/internal_message.html?_=1599354063022&CODE_STATE=getMsg HTTP/1.1" 200 27
58.221.95.50 - - [06/Sep/2020:09:00:13 +0800] "GET /xingrg/all/function/internal_message.html?_=1599354155119&CODE_STATE=getMsg HTTP/1.1" 200 27
218.81.217.115 - - [06/Sep/2020:09:00:17 +0800] "GET /xingrg/all/function/internal_message.html?_=1599354014300&CODE_STATE=getMsg HTTP/1.1" 200 27
61.172.5.115 - - [06/Sep/2020:09:00:18 +0800] "GET /xingrg/kc/buy/cgsh_order_operate.html?command=get_materiel&rest_code=00105&code=00101008405&supplier_code=00100397&order_time=2020-09-06 HTTP/1.1" 200 413
116.230.74.197 - - [06/Sep/2020:09:00:20 +0800] "GET /xingrg/all/function/internal_message.html?_=1599354016278&CODE_STATE=getMsg HTTP/1.1" 200 27
61.172.5.115 - - [06/Sep/2020:09:00:26 +0800] "GET /xingrg/kc/buy/cgsh_order_operate.html?command=get_materiel&rest_code=00105&code=00101008197&supplier_code=00100397&order_time=2020-09-06 HTTP/1.1" 200 416
116.238.71.173 - - [06/Sep/2020:09:00:27 +0800] "GET /xingrg/all/function/internal_message.html?_=1599354023818&CODE_STATE=getMsg HTTP/1.1" 200 27
116.230.74.197 - - [06/Sep/2020:09:00:30 +0800] "GET /xingrg/kc/buy/cgsh_order_add.html HTTP/1.1" 200 59715
116.230.74.197 - - [06/Sep/2020:09:00:30 +0800] "POST /xingrg/kc/buy/cgsh_order_operate.html HTTP/1.1" 200 8245
116.230.74.197 - - [06/Sep/2020:09:00:30 +0800] "GET /xingrg/javascript/easyui/themes/default/validatebox.css HTTP/1.1" 404 1104
172.17.200.101 - - [06/Sep/2020:09:00:32 +0800] "GET /xingrg/all/function/internal_message.html?_=1599354028333&CODE_STATE=getMsg HTTP/1.1" 200 27
222.69.129.160 - - [06/Sep/2020:09:00:33 +0800] "GET /xingrg/all/function/internal_message.html?_=1599354029707&CODE_STATE=getMsg HTTP/1.1" 200 27
116.238.90.59 - - [06/Sep/2020:09:00:36 +0800] "GET /xingrg/kc/buy/cgsh_order_operate.html?command=get_materiel&rest_code=00102&code=00101003025&supplier_code=00100151&order_time=2020-09-06 HTTP/1.1" 200 409
116.230.74.197 - - [06/Sep/2020:09:00:37 +0800] "GET /xingrg/javascript/easyui/themes/default/tree.css HTTP/1.1" 404 1090
116.230.74.197 - - [06/Sep/2020:09:00:37 +0800] "POST /xingrg/all/common/load_tree.html?tree=supplier_tree_json&isDelete=1 HTTP/1.1" 200 50169
116.238.90.59 - - [06/Sep/2020:09:00:39 +0800] "GET /xingrg/check_reg.html?_=1599354242112 HTTP/1.1" 200 22
116.238.90.59 - - [06/Sep/2020:09:00:39 +0800] "GET /xingrg/all/function/internal_message.html?_=1599354243049&CODE_STATE=getMsg HTTP/1.1" 200 27
172.17.0.240 - - [06/Sep/2020:09:00:42 +0800] "GET /xingrg/all/function/internal_message.html?_=1599354037677&CODE_STATE=getMsg HTTP/1.1" 302 -
58.37.9.106 - - [06/Sep/2020:09:00:42 +0800] "GET /xingrg/check_reg.html?_=1599354038496 HTTP/1.1" 200 22
58.37.9.106 - - [06/Sep/2020:09:00:42 +0800] "POST /xingrg/kc/buy/cgsh_list_operate.html HTTP/1.1" 200 5466
222.69.129.160 - - [06/Sep/2020:09:00:44 +0800] "GET /xingrg/all/function/internal_message.html?_=1599354041688&CODE_STATE=getMsg HTTP/1.1" 200 27
218.81.217.115 - - [06/Sep/2020:09:00:46 +0800] "GET /xingrg/all/function/internal_message.html?_=1599354064235&CODE_STATE=getMsg HTTP/1.1" 200 27
61.172.5.115 - - [06/Sep/2020:09:00:47 +0800] "GET /xingrg/all/function/internal_message.html?_=1599354043017&CODE_STATE=getMsg HTTP/1.1" 200 27
61.172.5.115 - - [06/Sep/2020:09:00:58 +0800] "GET /xingrg/kc/buy/cgsh_order_operate.html?command=get_materiel&rest_code=00105&code=00101008219&supplier_code=00100397&order_time=2020-09-06 HTTP/1.1" 200 412
116.230.74.197 - - [06/Sep/2020:09:00:58 +0800] "GET /xingrg/kc/buy/cgsh_order_operate.html?command=get_materiel&rest_code=00107&code=00101008155&supplier_code=00100006&order_time=2020-09-06 HTTP/1.1" 200 408
116.238.90.59 - - [06/Sep/2020:09:01:02 +0800] "GET /xingrg/kc/buy/cgsh_order_operate.html?command=get_materiel&rest_code=00102&code=00101008213&supplier_code=00100151&order_time=2020-09-06 HTTP/1.1" 200 412
114.88.166.242 - - [06/Sep/2020:09:01:07 +0800] "GET /xingrg/all/function/internal_message.html?_=1599354123024&CODE_STATE=getMsg HTTP/1.1" 200 27
58.221.95.50 - - [06/Sep/2020:09:01:13 +0800] "GET /xingrg/all/function/internal_message.html?_=1599354215093&CODE_STATE=getMsg HTTP/1.1" 200 27
218.81.217.115 - - [06/Sep/2020:09:01:17 +0800] "GET /xingrg/all/function/internal_message.html?_=1599354074314&CODE_STATE=getMsg HTTP/1.1" 200 27
61.172.5.115 - - [06/Sep/2020:09:01:18 +0800] "GET /xingrg/kc/buy/cgsh_order_operate.html?command=get_materiel&rest_code=00105&code=00101008210&supplier_code=00100397&order_time=2020-09-06 HTTP/1.1" 200 408
116.230.74.197 - - [06/Sep/2020:09:01:20 +0800] "GET /xingrg/all/function/internal_message.html?_=1599354076281&CODE_STATE=getMsg HTTP/1.1" 200 27
116.238.71.173 - - [06/Sep/2020:09:01:27 +0800] "GET /xingrg/all/function/internal_message.html?_=1599354083868&CODE_STATE=getMsg HTTP/1.1" 200 27
172.17.200.101 - - [06/Sep/2020:09:01:32 +0800] "GET /xingrg/all/function/internal_message.html?_=1599354088334&CODE_STATE=getMsg HTTP/1.1" 200 27
61.172.5.115 - - [06/Sep/2020:09:01:33 +0800] "GET /xingrg/kc/buy/cgsh_order_operate.html?command=get_materiel&rest_code=00105&code=00101008244&supplier_code=00100397&order_time=2020-09-06 HTTP/1.1" 200 408
222.69.129.160 - - [06/Sep/2020:09:01:33 +0800] "GET /xingrg/all/function/internal_message.html?_=1599354089704&CODE_STATE=getMsg HTTP/1.1" 200 27
61.172.5.115 - - [06/Sep/2020:09:01:36 +0800] "POST /xingrg/kc/buy/cgsh_order_operate.html HTTP/1.1" 200 2065
61.172.5.115 - - [06/Sep/2020:09:01:37 +0800] "POST /xingrg/kc/buy/cgsh_order_operate.html HTTP/1.1" 200 2065
58.221.95.50 - - [06/Sep/2020:09:01:38 +0800] "GET /xingrg/check_reg.html?_=1599354240100 HTTP/1.1" 200 22
116.238.90.59 - - [06/Sep/2020:09:01:40 +0800] "GET /xingrg/all/function/internal_message.html?_=1599354303061&CODE_STATE=getMsg HTTP/1.1" 200 27
61.172.5.115 - - [06/Sep/2020:09:01:40 +0800] "POST /xingrg/kc/buy/cgsh_order_operate.html HTTP/1.1" 200 2065
172.17.0.240 - - [06/Sep/2020:09:01:42 +0800] "GET /xingrg/all/function/internal_message.html?_=1599354097679&CODE_STATE=getMsg HTTP/1.1" 302 -
172.17.0.240 - - [06/Sep/2020:09:01:42 +0800] "GET /xingrg/check_reg.html?_=1599354097682 HTTP/1.1" 302 -
222.69.129.160 - - [06/Sep/2020:09:01:44 +0800] "GET /xingrg/all/function/internal_message.html?_=1599354101696&CODE_STATE=getMsg HTTP/1.1" 200 27
218.81.217.115 - - [06/Sep/2020:09:01:46 +0800] "GET /xingrg/all/function/internal_message.html?_=1599354124345&CODE_STATE=getMsg HTTP/1.1" 200 27
61.172.5.115 - - [06/Sep/2020:09:01:47 +0800] "GET /xingrg/all/function/internal_message.html?_=1599354103012&CODE_STATE=getMsg HTTP/1.1" 200 27
61.172.5.115 - - [06/Sep/2020:09:01:51 +0800] "GET /xingrg/kc/buy/cgsh_order_operate.html?command=get_materiel&rest_code=00105&code=00101008096&supplier_code=00100397&order_time=2020-09-06 HTTP/1.1" 200 412
61.172.5.115 - - [06/Sep/2020:09:01:59 +0800] "GET /xingrg/kc/buy/cgsh_order_operate.html?command=get_materiel&rest_code=00105&code=00101008088&supplier_code=00100397&order_time=2020-09-06 HTTP/1.1" 200 408
172.17.0.240 - - [06/Sep/2020:09:02:06 +0800] "GET /xingrg/check_reg.html?_=1599354122114 HTTP/1.1" 302 -
114.88.166.242 - - [06/Sep/2020:09:02:06 +0800] "GET /xingrg/all/function/internal_message.html?_=1599354183016&CODE_STATE=getMsg HTTP/1.1" 200 27
61.172.5.115 - - [06/Sep/2020:09:02:07 +0800] "GET /xingrg/kc/buy/cgsh_order_operate.html?command=get_materiel&rest_code=00105&code=00101008224&supplier_code=00100397&order_time=2020-09-06 HTTP/1.1" 200 416
58.221.95.50 - - [06/Sep/2020:09:02:13 +0800] "GET /xingrg/all/function/internal_message.html?_=1599354275062&CODE_STATE=getMsg HTTP/1.1" 200 27
61.172.5.115 - - [06/Sep/2020:09:02:13 +0800] "GET /xingrg/kc/buy/cgsh_order_operate.html?command=get_materiel&rest_code=00105&code=00101008003&supplier_code=00100397&order_time=2020-09-06 HTTP/1.1" 200 408
218.81.217.115 - - [06/Sep/2020:09:02:17 +0800] "GET /xingrg/all/function/internal_message.html?_=1599354134349&CODE_STATE=getMsg HTTP/1.1" 200 27
116.230.74.197 - - [06/Sep/2020:09:02:20 +0800] "GET /xingrg/all/function/internal_message.html?_=1599354136280&CODE_STATE=getMsg HTTP/1.1" 200 27
116.230.74.197 - - [06/Sep/2020:09:02:20 +0800] "GET /xingrg/check_reg.html?_=1599354136281 HTTP/1.1" 200 22
61.172.5.115 - - [06/Sep/2020:09:02:20 +0800] "GET /xingrg/kc/buy/cgsh_order_operate.html?command=get_materiel&rest_code=00105&code=00101008126&supplier_code=00100397&order_time=2020-09-06 HTTP/1.1" 200 412
172.17.0.128 - - [06/Sep/2020:09:02:27 +0800] "GET /favicon.ico HTTP/1.1" 404 -
116.238.71.173 - - [06/Sep/2020:09:02:28 +0800] "GET /xingrg/all/function/internal_message.html?_=1599354143916&CODE_STATE=getMsg HTTP/1.1" 200 27
222.69.129.160 - - [06/Sep/2020:09:02:30 +0800] "POST /xingrg/services/DataTransmitService HTTP/1.1" 200 524
222.69.129.160 - - [06/Sep/2020:09:02:31 +0800] "POST /xingrg/services/DataTransmitService HTTP/1.1" 200 501
222.69.129.160 - - [06/Sep/2020:09:02:31 +0800] "POST /xingrg/services/DataTransmitService HTTP/1.1" 200 501
172.17.200.101 - - [06/Sep/2020:09:02:32 +0800] "GET /xingrg/all/function/internal_message.html?_=1599354148337&CODE_STATE=getMsg HTTP/1.1" 200 27
222.69.129.160 - - [06/Sep/2020:09:02:33 +0800] "GET /xingrg/all/function/internal_message.html?_=1599354149708&CODE_STATE=getMsg HTTP/1.1" 200 27
222.69.129.160 - - [06/Sep/2020:09:02:33 +0800] "GET /xingrg/check_reg.html?_=1599354149709 HTTP/1.1" 200 22
61.172.5.115 - - [06/Sep/2020:09:02:35 +0800] "GET /xingrg/kc/buy/cgsh_order_operate.html?command=get_materiel&rest_code=00105&code=00101008063&supplier_code=00100397&order_time=2020-09-06 HTTP/1.1" 200 412
222.69.129.160 - - [06/Sep/2020:09:02:36 +0800] "POST /xingrg/services/DataTransmitService HTTP/1.1" 200 501
116.238.90.59 - - [06/Sep/2020:09:02:40 +0800] "GET /xingrg/all/function/internal_message.html?_=1599354363076&CODE_STATE=getMsg HTTP/1.1" 200 27
222.69.129.160 - - [06/Sep/2020:09:02:41 +0800] "POST /xingrg/services/DataTransmitService HTTP/1.1" 200 501
172.17.0.240 - - [06/Sep/2020:09:02:42 +0800] "GET /xingrg/all/function/internal_message.html?_=1599354157685&CODE_STATE=getMsg HTTP/1.1" 302 -
222.69.129.160 - - [06/Sep/2020:09:02:42 +0800] "POST /xingrg/services/DataTransmitService HTTP/1.1" 200 501
222.69.129.160 - - [06/Sep/2020:09:02:42 +0800] "POST /xingrg/services/DataTransmitService HTTP/1.1" 200 501
222.69.129.160 - - [06/Sep/2020:09:02:42 +0800] "POST /xingrg/services/DataTransmitService HTTP/1.1" 200 501
222.69.129.160 - - [06/Sep/2020:09:02:42 +0800] "POST /xingrg/services/DataTransmitService HTTP/1.1" 200 501
222.69.129.160 - - [06/Sep/2020:09:02:43 +0800] "POST /xingrg/services/DataTransmitService HTTP/1.1" 200 501
222.69.129.160 - - [06/Sep/2020:09:02:44 +0800] "GET /xingrg/all/function/internal_message.html?_=1599354161688&CODE_STATE=getMsg HTTP/1.1" 200 27
222.69.129.160 - - [06/Sep/2020:09:02:45 +0800] "POST /xingrg/services/DataTransmitService HTTP/1.1" 200 412
117.184.7.26 - - [06/Sep/2020:09:02:46 +0800] "GET /xingrg/check_reg.html?_=1599354150128 HTTP/1.1" 200 22
218.81.217.115 - - [06/Sep/2020:09:02:46 +0800] "GET /xingrg/all/function/internal_message.html?_=1599354184354&CODE_STATE=getMsg HTTP/1.1" 200 27
61.172.5.115 - - [06/Sep/2020:09:02:47 +0800] "GET /xingrg/all/function/internal_message.html?_=1599354163126&CODE_STATE=getMsg HTTP/1.1" 200 27
61.172.5.115 - - [06/Sep/2020:09:02:52 +0800] "GET /xingrg/kc/buy/cgsh_order_operate.html?command=get_materiel&rest_code=00105&code=00101008137&supplier_code=00100397&order_time=2020-09-06 HTTP/1.1" 200 408
114.88.166.242 - - [06/Sep/2020:09:03:07 +0800] "GET /xingrg/check_reg.html?_=1599354243019 HTTP/1.1" 200 22
114.88.166.242 - - [06/Sep/2020:09:03:07 +0800] "GET /xingrg/all/function/internal_message.html?_=1599354243016&CODE_STATE=getMsg HTTP/1.1" 200 27
61.172.5.115 - - [06/Sep/2020:09:03:08 +0800] "GET /xingrg/kc/buy/cgsh_order_operate.html?command=get_materiel&rest_code=00105&code=00101008295&supplier_code=00100397&order_time=2020-09-06 HTTP/1.1" 200 412
222.69.129.160 - - [06/Sep/2020:09:03:09 +0800] "GET /xingrg/kc/buy/cgsh_order_operate.html?command=get_materiel&rest_code=00149&code=00101008219&supplier_code=00100005&order_time=2020-09-06 HTTP/1.1" 200 412
58.221.95.50 - - [06/Sep/2020:09:03:13 +0800] "GET /xingrg/all/function/internal_message.html?_=1599354335037&CODE_STATE=getMsg HTTP/1.1" 200 27
218.81.217.115 - - [06/Sep/2020:09:03:17 +0800] "GET /xingrg/all/function/internal_message.html?_=1599354194356&CODE_STATE=getMsg HTTP/1.1" 200 27
116.230.74.197 - - [06/Sep/2020:09:03:20 +0800] "GET /xingrg/all/function/internal_message.html?_=1599354196286&CODE_STATE=getMsg HTTP/1.1" 200 27
222.69.129.160 - - [06/Sep/2020:09:03:21 +0800] "GET /xingrg/kc/buy/cgsh_order_operate.html?command=get_materiel&rest_code=00149&code=00101008027&supplier_code=00100005&order_time=2020-09-06 HTTP/1.1" 200 409
116.238.71.173 - - [06/Sep/2020:09:03:28 +0800] "GET /xingrg/check_reg.html?_=1599354203963 HTTP/1.1" 200 22
116.238.71.173 - - [06/Sep/2020:09:03:28 +0800] "GET /xingrg/all/function/internal_message.html?_=1599354203965&CODE_STATE=getMsg HTTP/1.1" 200 27
222.69.129.160 - - [06/Sep/2020:09:03:31 +0800] "GET /xingrg/kc/buy/cgsh_order_operate.html?command=get_materiel&rest_code=00149&code=00101008132&supplier_code=00100005&order_time=2020-09-06 HTTP/1.1" 200 408
172.17.200.101 - - [06/Sep/2020:09:03:32 +0800] "GET /xingrg/all/function/internal_message.html?_=1599354208339&CODE_STATE=getMsg HTTP/1.1" 200 27
172.17.200.101 - - [06/Sep/2020:09:03:32 +0800] "GET /xingrg/check_reg.html?_=1599354208345 HTTP/1.1" 200 22
61.172.5.115 - - [06/Sep/2020:09:03:32 +0800] "GET /xingrg/kc/buy/cgsh_order_operate.html?command=get_materiel&rest_code=00105&code=00101008188&supplier_code=00100397&order_time=2020-09-06 HTTP/1.1" 200 412
222.69.129.160 - - [06/Sep/2020:09:03:33 +0800] "GET /xingrg/all/function/internal_message.html?_=1599354209717&CODE_STATE=getMsg HTTP/1.1" 200 27
116.238.90.59 - - [06/Sep/2020:09:03:40 +0800] "GET /xingrg/all/function/internal_message.html?_=1599354423154&CODE_STATE=getMsg HTTP/1.1" 200 27
172.17.0.240 - - [06/Sep/2020:09:03:42 +0800] "GET /xingrg/all/function/internal_message.html?_=1599354217688&CODE_STATE=getMsg HTTP/1.1" 302 -
222.69.129.160 - - [06/Sep/2020:09:03:44 +0800] "GET /xingrg/kc/buy/cgsh_order_operate.html?command=get_materiel&rest_code=00149&code=00101008257&supplier_code=00100005&order_time=2020-09-06 HTTP/1.1" 200 416
222.69.129.160 - - [06/Sep/2020:09:03:44 +0800] "GET /xingrg/all/function/internal_message.html?_=1599354221679&CODE_STATE=getMsg HTTP/1.1" 200 27
218.81.217.115 - - [06/Sep/2020:09:03:47 +0800] "GET /xingrg/all/function/internal_message.html?_=1599354244454&CODE_STATE=getMsg HTTP/1.1" 200 27
61.172.5.115 - - [06/Sep/2020:09:03:47 +0800] "GET /xingrg/all/function/internal_message.html?_=1599354223017&CODE_STATE=getMsg HTTP/1.1" 200 27
172.17.200.101 - - [06/Sep/2020:09:03:48 +0800] "POST /xingrg/dwr/call/plaincall/AjaxReportQueryService.getFixDate.dwr HTTP/1.1" 200 111
218.81.217.115 - - [06/Sep/2020:09:03:54 +0800] "GET /xingrg/check_reg.html?_=1599354251733 HTTP/1.1" 200 22
58.37.9.106 - - [06/Sep/2020:09:04:00 +0800] "POST /xingrg/kc/buy/cgsh_list_operate.html HTTP/1.1" 200 5407
172.17.200.101 - - [06/Sep/2020:09:04:02 +0800] "POST /xingrg/dwr/call/plaincall/AjaxReportQueryService.refreshCache.dwr HTTP/1.1" 200 78
61.172.5.115 - - [06/Sep/2020:09:04:03 +0800] "GET /xingrg/kc/buy/cgsh_order_operate.html?command=get_materiel&rest_code=00105&code=00101008350&supplier_code=00100397&order_time=2020-09-06 HTTP/1.1" 200 408
114.88.166.242 - - [06/Sep/2020:09:04:07 +0800] "GET /xingrg/all/function/internal_message.html?_=1599354303030&CODE_STATE=getMsg HTTP/1.1" 200 27
172.17.200.101 - - [06/Sep/2020:09:04:07 +0800] "POST /xingrg/all/report/load_report_page.html HTTP/1.1" 200 260196
172.17.200.101 - - [06/Sep/2020:09:04:07 +0800] "GET /xingrg/images/blue/button/back2.gif HTTP/1.1" 304 -
172.17.200.101 - - [06/Sep/2020:09:04:07 +0800] "GET /xingrg/images/blue/button/back.gif HTTP/1.1" 304 -
172.17.200.101 - - [06/Sep/2020:09:04:07 +0800] "GET /xingrg/servlets/image?cache=0.11738307183045793&image=px HTTP/1.1" 200 807
222.69.129.160 - - [06/Sep/2020:09:04:08 +0800] "GET /xingrg/kc/buy/cgsh_order_operate.html?command=get_materiel&rest_code=00149&code=00101008155&supplier_code=00100005&order_time=2020-09-06 HTTP/1.1" 200 408
172.17.200.101 - - [06/Sep/2020:09:04:10 +0800] "POST /xingrg/all/report/load_report_page.html HTTP/1.1" 200 103262
172.17.200.101 - - [06/Sep/2020:09:04:10 +0800] "GET /xingrg/servlets/image?cache=0.9150079529628123&image=px HTTP/1.1" 200 807
61.172.5.115 - - [06/Sep/2020:09:04:12 +0800] "POST /xingrg/kc/buy/cgsh_order_operate.html HTTP/1.1" 200 2065
58.221.95.50 - - [06/Sep/2020:09:04:13 +0800] "GET /xingrg/all/function/internal_message.html?_=1599354395009&CODE_STATE=getMsg HTTP/1.1" 200 27
61.172.5.115 - - [06/Sep/2020:09:04:14 +0800] "POST /xingrg/kc/buy/cgsh_order_operate.html HTTP/1.1" 200 2065
61.172.5.115 - - [06/Sep/2020:09:04:15 +0800] "POST /xingrg/kc/buy/cgsh_order_operate.html HTTP/1.1" 200 2065
218.81.217.115 - - [06/Sep/2020:09:04:17 +0800] "GET /xingrg/check_reg.html?_=1599354254202 HTTP/1.1" 200 22
218.81.217.115 - - [06/Sep/2020:09:04:17 +0800] "GET /xingrg/all/function/internal_message.html?_=1599354254370&CODE_STATE=getMsg HTTP/1.1" 200 27
116.230.74.197 - - [06/Sep/2020:09:04:20 +0800] "GET /xingrg/all/function/internal_message.html?_=1599354256286&CODE_STATE=getMsg HTTP/1.1" 200 27
218.81.217.115 - - [06/Sep/2020:09:04:24 +0800] "GET /xingrg/kc/buy/cgsh_order_operate.html?command=get_materiel&rest_code=00146&code=00101008027&supplier_code=00100005&order_time=2020-09-06 HTTP/1.1" 200 409
116.238.71.173 - - [06/Sep/2020:09:04:28 +0800] "GET /xingrg/all/function/internal_message.html?_=1599354264018&CODE_STATE=getMsg HTTP/1.1" 200 27
172.17.200.101 - - [06/Sep/2020:09:04:32 +0800] "GET /xingrg/all/function/internal_message.html?_=1599354268338&CODE_STATE=getMsg HTTP/1.1" 200 27
222.69.129.160 - - [06/Sep/2020:09:04:33 +0800] "GET /xingrg/all/function/internal_message.html?_=1599354269711&CODE_STATE=getMsg HTTP/1.1" 200 27
218.81.217.115 - - [06/Sep/2020:09:04:33 +0800] "GET /xingrg/kc/buy/cgsh_order_operate.html?command=get_materiel&rest_code=00146&code=00101008257&supplier_code=00100005&order_time=2020-09-06 HTTP/1.1" 200 416
222.69.129.160 - - [06/Sep/2020:09:04:38 +0800] "GET /xingrg/kc/buy/cgsh_order_operate.html?command=get_materiel&rest_code=00149&code=00101008331&supplier_code=00100005&order_time=2020-09-06 HTTP/1.1" 200 416
116.238.90.59 - - [06/Sep/2020:09:04:40 +0800] "GET /xingrg/all/function/internal_message.html?_=1599354483165&CODE_STATE=getMsg HTTP/1.1" 200 27
172.17.200.101 - - [06/Sep/2020:09:04:41 +0800] "POST /xingrg/dwr/call/plaincall/AjaxReportQueryService.refreshCache.dwr HTTP/1.1" 200 78
172.17.0.240 - - [06/Sep/2020:09:04:42 +0800] "GET /xingrg/all/function/internal_message.html?_=1599354277674&CODE_STATE=getMsg HTTP/1.1" 302 -
61.172.5.115 - - [06/Sep/2020:09:04:43 +0800] "GET /favicon.ico HTTP/1.1" 404 -
222.69.129.160 - - [06/Sep/2020:09:04:44 +0800] "GET /xingrg/all/function/internal_message.html?_=1599354281687&CODE_STATE=getMsg HTTP/1.1" 200 27
222.69.129.160 - - [06/Sep/2020:09:04:44 +0800] "GET /xingrg/check_reg.html?_=1599354281693 HTTP/1.1" 200 22
172.17.200.101 - - [06/Sep/2020:09:04:46 +0800] "POST /xingrg/all/report/load_report_page.html HTTP/1.1" 200 259928
172.17.200.101 - - [06/Sep/2020:09:04:46 +0800] "GET /xingrg/servlets/image?cache=0.8219059406122607&image=px HTTP/1.1" 200 807
218.81.217.115 - - [06/Sep/2020:09:04:47 +0800] "GET /xingrg/all/function/internal_message.html?_=1599354304459&CODE_STATE=getMsg HTTP/1.1" 200 27
218.81.217.115 - - [06/Sep/2020:09:04:47 +0800] "GET /xingrg/kc/buy/cgsh_order_operate.html?command=get_materiel&rest_code=00146&code=00101008354&supplier_code=00100005&order_time=2020-09-06 HTTP/1.1" 200 412
172.17.200.101 - - [06/Sep/2020:09:04:49 +0800] "POST /xingrg/all/report/load_report_page.html HTTP/1.1" 200 89130
172.17.200.101 - - [06/Sep/2020:09:04:49 +0800] "GET /xingrg/servlets/image?cache=0.022498764722002407&image=px HTTP/1.1" 200 807
61.172.5.115 - - [06/Sep/2020:09:04:49 +0800] "POST /xingrg/login.do HTTP/1.1" 302 -
61.172.5.115 - - [06/Sep/2020:09:04:49 +0800] "GET /xingrg/index.html?sysBaseUrl=http%3A%2F%2F180.169.147.146%3A18081%2Fxingrg%2F&costTime=95×tamp=1599354289465 HTTP/1.1" 200 17173
61.172.5.115 - - [06/Sep/2020:09:04:49 +0800] "GET /favicon.ico HTTP/1.1" 404 -
61.172.5.115 - - [06/Sep/2020:09:04:49 +0800] "GET /xingrg/all/function/internal_message.html?_=1599354285683&CODE_STATE=count HTTP/1.1" 200 11
61.172.5.115 - - [06/Sep/2020:09:04:49 +0800] "GET /xingrg/check_reg.html?_=1599354285684 HTTP/1.1" 200 22
61.172.5.115 - - [06/Sep/2020:09:04:49 +0800] "POST /xingrg/all/common/load_tree.html?tree=area_rest_tree_json&manage=1 HTTP/1.1" 200 3216
61.172.5.115 - - [06/Sep/2020:09:04:49 +0800] "POST /xingrg/load_menu.html HTTP/1.1" 200 5138
61.172.5.115 - - [06/Sep/2020:09:04:52 +0800] "GET /xingrg/kc/buy/cgsh_order_list.html HTTP/1.1" 200 43930
222.69.129.160 - - [06/Sep/2020:09:04:54 +0800] "GET /xingrg/kc/buy/cgsh_order_operate.html?command=get_materiel&rest_code=00149&code=00101008350&supplier_code=00100005&order_time=2020-09-06 HTTP/1.1" 200 408
61.172.5.115 - - [06/Sep/2020:09:04:54 +0800] "POST /xingrg/kc/buy/cgsh_list_operate.html HTTP/1.1" 200 2051
61.172.5.115 - - [06/Sep/2020:09:04:56 +0800] "GET /xingrg/kc/buy/cgsh_order_add.html HTTP/1.1" 200 59668
218.81.217.115 - - [06/Sep/2020:09:04:57 +0800] "GET /xingrg/kc/buy/cgsh_order_operate.html?command=get_materiel&rest_code=00146&code=00101008028&supplier_code=00100005&order_time=2020-09-06 HTTP/1.1" 200 412
61.172.5.115 - - [06/Sep/2020:09:04:57 +0800] "POST /xingrg/kc/buy/cgsh_order_operate.html HTTP/1.1" 200 8245
61.172.5.115 - - [06/Sep/2020:09:04:57 +0800] "GET /xingrg/javascript/easyui/themes/default/validatebox.css HTTP/1.1" 404 1104
117.131.5.26 - - [06/Sep/2020:09:04:59 +0800] "POST /xingrg/services/DataTransmitService HTTP/1.1" 200 524
58.37.9.106 - - [06/Sep/2020:09:04:59 +0800] "POST /xingrg/kc/buy/cgsh_list_operate.html HTTP/1.1" 200 5219
61.172.5.115 - - [06/Sep/2020:09:05:02 +0800] "GET /xingrg/index.html?sysBaseUrl=http%3A%2F%2F180.169.147.146%3A18081%2Fxingrg%2F&costTime=36×tamp=1585222720700 HTTP/1.1" 200 17173
61.172.5.115 - - [06/Sep/2020:09:05:02 +0800] "GET /favicon.ico HTTP/1.1" 404 -
61.172.5.115 - - [06/Sep/2020:09:05:03 +0800] "POST /xingrg/all/common/load_tree.html?tree=area_rest_tree_json&manage=1 HTTP/1.1" 200 3216
61.172.5.115 - - [06/Sep/2020:09:05:03 +0800] "GET /xingrg/all/function/internal_message.html?_=1599354298998&CODE_STATE=count HTTP/1.1" 200 11
61.172.5.115 - - [06/Sep/2020:09:05:03 +0800] "GET /xingrg/check_reg.html?_=1599354298999 HTTP/1.1" 200 22
61.172.5.115 - - [06/Sep/2020:09:05:03 +0800] "POST /xingrg/load_menu.html HTTP/1.1" 200 5138
61.172.5.115 - - [06/Sep/2020:09:05:05 +0800] "GET /xingrg/kc/buy/cgsh_order_list.html HTTP/1.1" 200 43930
117.131.5.26 - - [06/Sep/2020:09:05:06 +0800] "POST /xingrg/services/DataTransmitService HTTP/1.1" 200 501
218.81.217.115 - - [06/Sep/2020:09:05:06 +0800] "GET /xingrg/kc/buy/cgsh_order_operate.html?command=get_materiel&rest_code=00146&code=00101008290&supplier_code=00100005&order_time=2020-09-06 HTTP/1.1" 200 416
114.88.166.242 - - [06/Sep/2020:09:05:07 +0800] "GET /xingrg/all/function/internal_message.html?_=1599354363026&CODE_STATE=getMsg HTTP/1.1" 200 27
61.172.5.115 - - [06/Sep/2020:09:05:07 +0800] "POST /xingrg/kc/buy/cgsh_list_operate.html HTTP/1.1" 200 2051
61.172.5.115 - - [06/Sep/2020:09:05:08 +0800] "GET /xingrg/kc/buy/cgsh_order_add.html HTTP/1.1" 200 59668
61.172.5.115 - - [06/Sep/2020:09:05:08 +0800] "GET /xingrg/javascript/easyui/themes/default/validatebox.css HTTP/1.1" 404 1104
61.172.5.115 - - [06/Sep/2020:09:05:08 +0800] "GET /xingrg/all/common/auto_word.html?type=employee&rest_code=00105 HTTP/1.1" 200 193
61.172.5.115 - - [06/Sep/2020:09:05:08 +0800] "GET /xingrg/all/common/auto_word.html?type=employee&rest_code=00105 HTTP/1.1" 200 193
61.172.5.115 - - [06/Sep/2020:09:05:08 +0800] "POST /xingrg/kc/buy/cgsh_order_operate.html HTTP/1.1" 200 8245
61.172.5.115 - - [06/Sep/2020:09:05:10 +0800] "GET /xingrg/javascript/auto/indicator.gif HTTP/1.1" 404 1066
61.151.178.197 - - [06/Sep/2020:09:05:12 +0800] "GET /xingrg/check_reg.html?_=1599353438511 HTTP/1.1" 302 -
58.221.95.50 - - [06/Sep/2020:09:05:13 +0800] "GET /xingrg/all/function/internal_message.html?_=1599354454990&CODE_STATE=getMsg HTTP/1.1" 200 27
218.81.217.115 - - [06/Sep/2020:09:05:17 +0800] "GET /xingrg/all/function/internal_message.html?_=1599354314384&CODE_STATE=getMsg HTTP/1.1" 200 27
116.230.74.197 - - [06/Sep/2020:09:05:20 +0800] "GET /xingrg/all/function/internal_message.html?_=1599354316290&CODE_STATE=getMsg HTTP/1.1" 200 27
172.17.200.101 - - [06/Sep/2020:09:05:20 +0800] "POST /xingrg/all/report/load_report_page.html HTTP/1.1" 200 260051
172.17.200.101 - - [06/Sep/2020:09:05:21 +0800] "GET /xingrg/servlets/image?cache=0.7860729162799933&image=px HTTP/1.1" 200 807
222.69.129.160 - - [06/Sep/2020:09:05:21 +0800] "GET /xingrg/kc/buy/cgsh_order_operate.html?command=get_materiel&rest_code=00149&code=00101008244&supplier_code=00100005&order_time=2020-09-06 HTTP/1.1" 200 408
61.151.178.197 - - [06/Sep/2020:09:05:22 +0800] "GET /xingrg/login.html HTTP/1.1" 200 7641
61.172.5.115 - - [06/Sep/2020:09:05:23 +0800] "GET /xingrg/kc/buy/cgsh_order_operate.html?command=get_materiel&rest_code=00105&code=00101008323&supplier_code=00100203&order_time=2020-09-06 HTTP/1.1" 200 408
116.238.71.173 - - [06/Sep/2020:09:05:28 +0800] "GET /xingrg/all/function/internal_message.html?_=1599354324055&CODE_STATE=getMsg HTTP/1.1" 200 27
172.17.200.101 - - [06/Sep/2020:09:05:32 +0800] "GET /xingrg/all/function/internal_message.html?_=1599354328348&CODE_STATE=getMsg HTTP/1.1" 200 27
222.69.129.160 - - [06/Sep/2020:09:05:33 +0800] "GET /xingrg/all/function/internal_message.html?_=1599354329707&CODE_STATE=getMsg HTTP/1.1" 200 27
101.91.60.105 - - [06/Sep/2020:09:05:34 +0800] "GET /xingrg/check_reg.html?_=1599354038496 HTTP/1.1" 302 -
58.37.9.106 - - [06/Sep/2020:09:05:35 +0800] "POST /xingrg/kc/buy/cgsh_list_operate.html HTTP/1.1" 200 570
222.69.129.160 - - [06/Sep/2020:09:05:37 +0800] "GET /xingrg/kc/buy/cgsh_order_operate.html?command=get_materiel&rest_code=00149&code=00101008149&supplier_code=00100005&order_time=2020-09-06 HTTP/1.1" 200 408
116.238.90.59 - - [06/Sep/2020:09:05:39 +0800] "GET /xingrg/check_reg.html?_=1599354542178 HTTP/1.1" 200 22
218.81.217.115 - - [06/Sep/2020:09:05:39 +0800] "GET /xingrg/kc/buy/cgsh_order_operate.html?command=get_materiel&rest_code=00146&code=00101008356&supplier_code=00100005&order_time=2020-09-06 HTTP/1.1" 200 409
116.238.90.59 - - [06/Sep/2020:09:05:40 +0800] "GET /xingrg/all/function/internal_message.html?_=1599354543179&CODE_STATE=getMsg HTTP/1.1" 200 27
61.172.5.115 - - [06/Sep/2020:09:05:40 +0800] "GET /xingrg/kc/buy/cgsh_order_operate.html?command=get_materiel&rest_code=00105&code=00101008256&supplier_code=00100203&order_time=2020-09-06 HTTP/1.1" 200 413
101.91.60.105 - - [06/Sep/2020:09:05:41 +0800] "GET /xingrg/login.html HTTP/1.1" 200 7641
172.17.0.240 - - [06/Sep/2020:09:05:42 +0800] "GET /xingrg/all/function/internal_message.html?_=1599354337677&CODE_STATE=getMsg HTTP/1.1" 302 -
58.37.9.106 - - [06/Sep/2020:09:05:42 +0800] "GET /xingrg/check_reg.html?_=1599354338471 HTTP/1.1" 200 22
222.69.129.160 - - [06/Sep/2020:09:05:44 +0800] "GET /xingrg/all/function/internal_message.html?_=1599354341689&CODE_STATE=getMsg HTTP/1.1" 200 27
218.81.217.115 - - [06/Sep/2020:09:05:45 +0800] "GET /xingrg/kc/buy/cgsh_order_operate.html?command=get_materiel&rest_code=00146&code=00101008212&supplier_code=00100005&order_time=2020-09-06 HTTP/1.1" 200 412
218.81.217.115 - - [06/Sep/2020:09:05:47 +0800] "GET /xingrg/all/function/internal_message.html?_=1599354364472&CODE_STATE=getMsg HTTP/1.1" 200 27
61.172.5.115 - - [06/Sep/2020:09:05:47 +0800] "GET /xingrg/kc/buy/cgsh_order_operate.html?command=get_materiel&rest_code=00105&code=00101008045&supplier_code=00100203&order_time=2020-09-06 HTTP/1.1" 200 412
222.69.129.160 - - [06/Sep/2020:09:05:49 +0800] "POST /xingrg/kc/buy/cgsh_order_operate.html HTTP/1.1" 200 2065
172.17.0.120 - - [06/Sep/2020:09:05:50 +0800] "GET /favicon.ico HTTP/1.1" 404 -
218.81.217.115 - - [06/Sep/2020:09:05:53 +0800] "POST /xingrg/kc/buy/cgsh_order_operate.html HTTP/1.1" 200 2065
61.172.5.115 - - [06/Sep/2020:09:05:54 +0800] "GET /xingrg/kc/buy/cgsh_order_operate.html?command=get_materiel&rest_code=00105&code=00101008155&supplier_code=00100203&order_time=2020-09-06 HTTP/1.1" 200 408
222.69.129.160 - - [06/Sep/2020:09:05:57 +0800] "GET /xingrg/kc/buy/cgsh_order_operate.html?command=get_materiel&rest_code=00149&code=00101008112&supplier_code=00100005&order_time=2020-09-06 HTTP/1.1" 200 412
218.81.217.115 - - [06/Sep/2020:09:05:57 +0800] "GET /xingrg/kc/buy/cgsh_order_operate.html?command=get_materiel&rest_code=00146&code=00101008196&supplier_code=00100005&order_time=2020-09-06 HTTP/1.1" 200 416
61.172.5.115 - - [06/Sep/2020:09:06:01 +0800] "GET /xingrg/kc/buy/cgsh_order_operate.html?command=get_materiel&rest_code=00105&code=00101008149&supplier_code=00100203&order_time=2020-09-06 HTTP/1.1" 200 408
61.172.5.115 - - [06/Sep/2020:09:06:03 +0800] "GET /xingrg/all/function/internal_message.html?_=1599354359047&CODE_STATE=getMsg HTTP/1.1" 200 27
218.81.217.115 - - [06/Sep/2020:09:06:06 +0800] "GET /xingrg/kc/buy/cgsh_order_operate.html?command=get_materiel&rest_code=00146&code=00101008357&supplier_code=00100005&order_time=2020-09-06 HTTP/1.1" 200 408
114.88.166.242 - - [06/Sep/2020:09:06:07 +0800] "GET /xingrg/all/function/internal_message.html?_=1599354423024&CODE_STATE=getMsg HTTP/1.1" 200 27
61.172.5.115 - - [06/Sep/2020:09:06:08 +0800] "GET /xingrg/kc/buy/cgsh_order_operate.html?command=get_materiel&rest_code=00105&code=00101008354&supplier_code=00100203&order_time=2020-09-06 HTTP/1.1" 200 412
58.221.95.50 - - [06/Sep/2020:09:06:13 +0800] "GET /xingrg/all/function/internal_message.html?_=1599354514965&CODE_STATE=getMsg HTTP/1.1" 200 27
218.81.217.115 - - [06/Sep/2020:09:06:14 +0800] "GET /xingrg/kc/buy/cgsh_order_operate.html?command=get_materiel&rest_code=00146&code=00101008006&supplier_code=00100005&order_time=2020-09-06 HTTP/1.1" 200 416
61.172.5.115 - - [06/Sep/2020:09:06:15 +0800] "GET /xingrg/kc/buy/cgsh_order_operate.html?command=get_materiel&rest_code=00105&code=00101008186&supplier_code=00100203&order_time=2020-09-06 HTTP/1.1" 200 408
218.81.217.115 - - [06/Sep/2020:09:06:17 +0800] "GET /xingrg/all/function/internal_message.html?_=1599354374398&CODE_STATE=getMsg HTTP/1.1" 200 27
222.69.129.160 - - [06/Sep/2020:09:06:17 +0800] "GET /xingrg/kc/buy/cgsh_order_operate.html?command=get_materiel&rest_code=00149&code=00101008185&supplier_code=00100005&order_time=2020-09-06 HTTP/1.1" 200 408
116.230.74.197 - - [06/Sep/2020:09:06:20 +0800] "GET /xingrg/all/function/internal_message.html?_=1599354376294&CODE_STATE=getMsg HTTP/1.1" 200 27
61.172.5.115 - - [06/Sep/2020:09:06:21 +0800] "GET /xingrg/kc/buy/cgsh_order_operate.html?command=get_materiel&rest_code=00105&code=00101008312&supplier_code=00100203&order_time=2020-09-06 HTTP/1.1" 200 412
218.81.217.115 - - [06/Sep/2020:09:06:21 +0800] "GET /xingrg/kc/buy/cgsh_order_operate.html?command=get_materiel&rest_code=00146&code=00101008131&supplier_code=00100005&order_time=2020-09-06 HTTP/1.1" 200 408
116.238.71.173 - - [06/Sep/2020:09:06:28 +0800] "GET /xingrg/all/function/internal_message.html?_=1599354384105&CODE_STATE=getMsg HTTP/1.1" 200 27
218.81.217.115 - - [06/Sep/2020:09:06:29 +0800] "GET /xingrg/kc/buy/cgsh_order_operate.html?command=get_materiel&rest_code=00146&code=00101008296&supplier_code=00100005&order_time=2020-09-06 HTTP/1.1" 200 416
61.172.5.115 - - [06/Sep/2020:09:06:29 +0800] "GET /xingrg/kc/buy/cgsh_order_operate.html?command=get_materiel&rest_code=00105&code=00101008163&supplier_code=00100203&order_time=2020-09-06 HTTP/1.1" 200 408
218.81.217.115 - - [06/Sep/2020:09:06:31 +0800] "POST /xingrg/kc/buy/cgsh_order_operate.html HTTP/1.1" 200 2065
172.17.200.101 - - [06/Sep/2020:09:06:32 +0800] "GET /xingrg/all/function/internal_message.html?_=1599354388348&CODE_STATE=getMsg HTTP/1.1" 200 27
222.69.129.160 - - [06/Sep/2020:09:06:33 +0800] "GET /xingrg/all/function/internal_message.html?_=1599354389712&CODE_STATE=getMsg HTTP/1.1" 200 27
218.81.217.115 - - [06/Sep/2020:09:06:36 +0800] "GET /xingrg/kc/buy/cgsh_order_operate.html?command=get_materiel&rest_code=00146&code=00101008353&supplier_code=00100005&order_time=2020-09-06 HTTP/1.1" 200 408
61.172.5.115 - - [06/Sep/2020:09:06:37 +0800] "GET /xingrg/kc/buy/cgsh_order_operate.html?command=get_materiel&rest_code=00105&code=00101008148&supplier_code=00100203&order_time=2020-09-06 HTTP/1.1" 200 416
58.221.95.50 - - [06/Sep/2020:09:06:38 +0800] "GET /xingrg/check_reg.html?_=1599354540099 HTTP/1.1" 200 22
116.238.90.59 - - [06/Sep/2020:09:06:40 +0800] "GET /xingrg/all/function/internal_message.html?_=1599354603192&CODE_STATE=getMsg HTTP/1.1" 200 27
172.17.0.240 - - [06/Sep/2020:09:06:42 +0800] "GET /xingrg/all/function/internal_message.html?_=1599354397679&CODE_STATE=getMsg HTTP/1.1" 302 -
172.17.0.240 - - [06/Sep/2020:09:06:42 +0800] "GET /xingrg/check_reg.html?_=1599354397686 HTTP/1.1" 302 -
116.233.76.17 - - [06/Sep/2020:09:06:42 +0800] "POST /xingrg/services/DataTransmitService HTTP/1.1" 200 524
116.233.76.17 - - [06/Sep/2020:09:06:42 +0800] "POST /xingrg/services/DataTransmitService HTTP/1.1" 200 501
61.172.5.115 - - [06/Sep/2020:09:06:43 +0800] "GET /xingrg/kc/buy/cgsh_order_operate.html?command=get_materiel&rest_code=00105&code=00101008264&supplier_code=00100203&order_time=2020-09-06 HTTP/1.1" 200 412
222.69.129.160 - - [06/Sep/2020:09:06:44 +0800] "GET /xingrg/all/function/internal_message.html?_=1599354401676&CODE_STATE=getMsg HTTP/1.1" 200 27
218.81.217.115 - - [06/Sep/2020:09:06:47 +0800] "GET /xingrg/all/function/internal_message.html?_=1599354424588&CODE_STATE=getMsg HTTP/1.1" 200 27
61.172.5.115 - - [06/Sep/2020:09:06:49 +0800] "GET /xingrg/kc/buy/cgsh_order_operate.html?command=get_materiel&rest_code=00105&code=00101008356&supplier_code=00100203&order_time=2020-09-06 HTTP/1.1" 200 409
218.81.217.115 - - [06/Sep/2020:09:06:59 +0800] "GET /xingrg/kc/buy/cgsh_order_operate.html?command=get_materiel&rest_code=00146&code=00101008125&supplier_code=00100005&order_time=2020-09-06 HTTP/1.1" 200 413
61.172.5.115 - - [06/Sep/2020:09:06:59 +0800] "GET /xingrg/kc/buy/cgsh_order_operate.html?command=get_materiel&rest_code=00105&code=00101008301&supplier_code=00100203&order_time=2020-09-06 HTTP/1.1" 200 422
222.69.129.160 - - [06/Sep/2020:09:06:59 +0800] "GET /xingrg/kc/buy/cgsh_order_operate.html?command=get_materiel&rest_code=00149&code=00101008354&supplier_code=00100005&order_time=2020-09-06 HTTP/1.1" 200 412
61.172.5.115 - - [06/Sep/2020:09:07:03 +0800] "GET /xingrg/all/function/internal_message.html?_=1599354419011&CODE_STATE=getMsg HTTP/1.1" 200 27
61.172.5.115 - - [06/Sep/2020:09:07:05 +0800] "GET /xingrg/kc/buy/cgsh_order_operate.html?command=get_materiel&rest_code=00105&code=00101008362&supplier_code=00100203&order_time=2020-09-06 HTTP/1.1" 200 408
172.17.0.240 - - [06/Sep/2020:09:07:06 +0800] "GET /xingrg/check_reg.html?_=1599354422086 HTTP/1.1" 302 -
114.88.166.242 - - [06/Sep/2020:09:07:07 +0800] "GET /xingrg/all/function/internal_message.html?_=1599354483024&CODE_STATE=getMsg HTTP/1.1" 200 27
218.81.217.115 - - [06/Sep/2020:09:07:07 +0800] "GET /xingrg/kc/buy/cgsh_order_operate.html?command=get_materiel&rest_code=00146&code=00101008225&supplier_code=00100005&order_time=2020-09-06 HTTP/1.1" 200 416
222.69.129.160 - - [06/Sep/2020:09:07:08 +0800] "POST /xingrg/services/DataTransmitService HTTP/1.1" 200 524
222.69.129.160 - - [06/Sep/2020:09:07:08 +0800] "POST /xingrg/services/DataTransmitService HTTP/1.1" 200 1755
61.172.5.115 - - [06/Sep/2020:09:07:11 +0800] "GET /xingrg/kc/buy/cgsh_order_operate.html?command=get_materiel&rest_code=00105&code=00101008196&supplier_code=00100203&order_time=2020-09-06 HTTP/1.1" 200 416
58.221.95.50 - - [06/Sep/2020:09:07:13 +0800] "GET /xingrg/all/function/internal_message.html?_=1599354574936&CODE_STATE=getMsg HTTP/1.1" 200 27
222.69.129.160 - - [06/Sep/2020:09:07:15 +0800] "GET /xingrg/kc/buy/cgsh_order_operate.html?command=get_materiel&rest_code=00149&code=00101008351&supplier_code=00100005&order_time=2020-09-06 HTTP/1.1" 200 408
218.81.217.115 - - [06/Sep/2020:09:07:16 +0800] "GET /xingrg/kc/buy/cgsh_order_operate.html?command=get_materiel&rest_code=00146&code=00101008154&supplier_code=00100005&order_time=2020-09-06 HTTP/1.1" 200 413
58.37.9.106 - - [06/Sep/2020:09:07:16 +0800] "POST /xingrg/kc/buy/cgsh_list_operate.html HTTP/1.1" 200 5466
218.81.217.115 - - [06/Sep/2020:09:07:17 +0800] "GET /xingrg/all/function/internal_message.html?_=1599354434471&CODE_STATE=getMsg HTTP/1.1" 200 27
222.69.129.160 - - [06/Sep/2020:09:07:17 +0800] "POST /xingrg/services/DataTransmitService HTTP/1.1" 200 524
222.69.129.160 - - [06/Sep/2020:09:07:17 +0800] "POST /xingrg/services/DataTransmitService HTTP/1.1" 200 1755
218.81.217.115 - - [06/Sep/2020:09:07:18 +0800] "POST /xingrg/kc/buy/cgsh_order_operate.html HTTP/1.1" 200 2065
61.172.5.115 - - [06/Sep/2020:09:07:19 +0800] "GET /xingrg/kc/buy/cgsh_order_operate.html?command=get_materiel&rest_code=00105&code=00101008069&supplier_code=00100203&order_time=2020-09-06 HTTP/1.1" 200 412
116.230.74.197 - - [06/Sep/2020:09:07:20 +0800] "GET /xingrg/all/function/internal_message.html?_=1599354436289&CODE_STATE=getMsg HTTP/1.1" 200 27
116.230.74.197 - - [06/Sep/2020:09:07:20 +0800] "GET /xingrg/check_reg.html?_=1599354436287 HTTP/1.1" 200 22
58.37.9.106 - - [06/Sep/2020:09:07:24 +0800] "POST /xingrg/kc/buy/cgsh_list_operate.html HTTP/1.1" 200 5466
222.69.129.160 - - [06/Sep/2020:09:07:25 +0800] "GET /xingrg/kc/buy/cgsh_order_operate.html?command=get_materiel&rest_code=00149&code=00101008026&supplier_code=00100005&order_time=2020-09-06 HTTP/1.1" 200 409
61.172.5.115 - - [06/Sep/2020:09:07:26 +0800] "GET /xingrg/kc/buy/cgsh_order_operate.html?command=get_materiel&rest_code=00105&code=00101008036&supplier_code=00100203&order_time=2020-09-06 HTTP/1.1" 200 408
172.17.200.101 - - [06/Sep/2020:09:07:28 +0800] "POST /xingrg/dwr/call/plaincall/AjaxReportQueryService.refreshCache.dwr HTTP/1.1" 200 78
116.238.71.173 - - [06/Sep/2020:09:07:28 +0800] "GET /xingrg/all/function/internal_message.html?_=1599354444153&CODE_STATE=getMsg HTTP/1.1" 200 27
222.69.129.160 - - [06/Sep/2020:09:07:28 +0800] "POST /xingrg/services/DataTransmitService HTTP/1.1" 200 524
172.17.200.101 - - [06/Sep/2020:09:07:29 +0800] "POST /xingrg/all/report/load_report_page.html HTTP/1.1" 200 47097
172.17.200.101 - - [06/Sep/2020:09:07:29 +0800] "GET /xingrg/servlets/image?cache=0.6070474748573463&image=px HTTP/1.1" 200 807
116.230.74.197 - - [06/Sep/2020:09:07:30 +0800] "GET /xingrg/kc/buy/cgsh_order_operate.html?command=get_materiel&rest_code=00107&code=00101008049&supplier_code=00100006&order_time=2020-09-06 HTTP/1.1" 200 408
222.69.129.160 - - [06/Sep/2020:09:07:31 +0800] "POST /xingrg/services/DataTransmitService HTTP/1.1" 200 501
222.69.129.160 - - [06/Sep/2020:09:07:31 +0800] "POST /xingrg/kc/buy/cgsh_order_operate.html HTTP/1.1" 200 2065
172.17.200.101 - - [06/Sep/2020:09:07:32 +0800] "GET /xingrg/all/function/internal_message.html?_=1599354448351&CODE_STATE=getMsg HTTP/1.1" 200 27
222.69.129.160 - - [06/Sep/2020:09:07:32 +0800] "POST /xingrg/services/DataTransmitService HTTP/1.1" 200 501
222.69.129.160 - - [06/Sep/2020:09:07:33 +0800] "GET /xingrg/all/function/internal_message.html?_=1599354449718&CODE_STATE=getMsg HTTP/1.1" 200 27
