114.88.166.242 - - [06/Sep/2020:10:36:07 +0800] "GET /xingrg/all/function/internal_message.html?_=1599359823219&CODE_STATE=getMsg HTTP/1.1" 200 27
218.81.217.115 - - [06/Sep/2020:10:36:11 +0800] "GET /xingrg/kc/buy/cgsh_order_operate.html?command=get_materiel&rest_code=00146&code=00101001135&supplier_code=00100313&order_time=2020-09-06 HTTP/1.1" 200 413
58.221.95.50 - - [06/Sep/2020:10:36:11 +0800] "GET /xingrg/all/function/internal_message.html?_=1599359912830&CODE_STATE=getMsg HTTP/1.1" 200 27
120.253.135.82 - - [06/Sep/2020:10:36:15 +0800] "GET /xingrg/kc/buy/cgsh_order_operate.html?command=get_materiel&rest_code=00101&code=00101019750&supplier_code=00100151&order_time=2020-09-06 HTTP/1.1" 200 442
114.88.166.242 - - [06/Sep/2020:10:36:15 +0800] "GET /xingrg/kc/buy/cgsh_order_operate.html?command=get_materiel&rest_code=00111&code=00101008089&supplier_code=00100005&order_time=2020-09-06 HTTP/1.1" 200 408
114.86.227.136 - - [06/Sep/2020:10:36:17 +0800] "GET /xingrg/all/function/internal_message.html?_=1599359787671&CODE_STATE=getMsg HTTP/1.1" 200 27
120.253.135.82 - - [06/Sep/2020:10:36:17 +0800] "POST /xingrg/all/common/load_select.html HTTP/1.1" 200 25
114.88.166.242 - - [06/Sep/2020:10:36:17 +0800] "POST /xingrg/kc/buy/cgsh_order_operate.html HTTP/1.1" 200 2065
172.17.0.117 - - [06/Sep/2020:10:36:20 +0800] "GET /xingrg/all/function/internal_message.html?_=1599359776103&CODE_STATE=getMsg HTTP/1.1" 200 27
116.230.74.197 - - [06/Sep/2020:10:36:20 +0800] "GET /xingrg/all/function/internal_message.html?_=1599359776362&CODE_STATE=getMsg HTTP/1.1" 200 27
120.253.135.82 - - [06/Sep/2020:10:36:20 +0800] "GET /xingrg/kc/buy/cgsh_order_operate.html?command=get_materiel_price&rest_code=00101&code=00101019750&unit_code=00100050&supplier_code=00100151&order_time=2020-09-06 HTTP/1.1" 200 30
172.17.0.185 - - [06/Sep/2020:10:36:22 +0800] "GET /xingrg/all/function/internal_message.html?_=1599359777588&CODE_STATE=getMsg HTTP/1.1" 200 27
172.17.0.120 - - [06/Sep/2020:10:36:23 +0800] "GET /xingrg/all/function/internal_message.html?_=1599359779325&CODE_STATE=getMsg HTTP/1.1" 200 27
114.88.166.242 - - [06/Sep/2020:10:36:24 +0800] "GET /xingrg/kc/buy/cgsh_order_operate.html?command=get_materiel&rest_code=00111&code=00101008350&supplier_code=00100005&order_time=2020-09-06 HTTP/1.1" 200 408
218.81.217.115 - - [06/Sep/2020:10:36:25 +0800] "GET /xingrg/kc/buy/cgsh_order_operate.html?command=get_materiel&rest_code=00146&code=00101001161&supplier_code=00100313&order_time=2020-09-06 HTTP/1.1" 200 409
117.185.32.26 - - [06/Sep/2020:10:36:30 +0800] "GET /xingrg/all/function/internal_message.html?_=1599360214781&CODE_STATE=getMsg HTTP/1.1" 200 27
116.238.71.173 - - [06/Sep/2020:10:36:30 +0800] "GET /xingrg/all/function/internal_message.html?_=1599359786639&CODE_STATE=getMsg HTTP/1.1" 200 27
58.40.7.146 - - [06/Sep/2020:10:36:31 +0800] "GET /xingrg/all/function/internal_message.html?_=1599359787264&CODE_STATE=getMsg HTTP/1.1" 200 27
120.253.135.82 - - [06/Sep/2020:10:36:31 +0800] "POST /xingrg/kc/buy/cgsh_order_operate.html HTTP/1.1" 200 37
172.17.200.101 - - [06/Sep/2020:10:36:32 +0800] "GET /xingrg/all/function/internal_message.html?_=1599359788476&CODE_STATE=getMsg HTTP/1.1" 200 27
218.81.217.115 - - [06/Sep/2020:10:36:32 +0800] "GET /xingrg/kc/buy/cgsh_order_operate.html?command=get_materiel&rest_code=00146&code=00101001096&supplier_code=00100313&order_time=2020-09-06 HTTP/1.1" 200 413
120.253.135.82 - - [06/Sep/2020:10:36:33 +0800] "POST /xingrg/kc/buy/cgsh_order_operate.html HTTP/1.1" 200 2684
58.221.95.50 - - [06/Sep/2020:10:36:38 +0800] "GET /xingrg/check_reg.html?_=1599359940257 HTTP/1.1" 200 22
114.88.166.242 - - [06/Sep/2020:10:36:39 +0800] "GET /xingrg/kc/buy/cgsh_order_operate.html?command=get_materiel&rest_code=00111&code=00101008112&supplier_code=00100005&order_time=2020-09-06 HTTP/1.1" 200 412
120.253.135.82 - - [06/Sep/2020:10:36:39 +0800] "POST /xingrg/kc/buy/cgsh_order_operate.html HTTP/1.1" 200 37
120.253.135.82 - - [06/Sep/2020:10:36:41 +0800] "POST /xingrg/kc/buy/cgsh_order_operate.html HTTP/1.1" 200 12
120.253.135.82 - - [06/Sep/2020:10:36:42 +0800] "GET /xingrg/kc/buy/cgsh_order_info.html?code=212020090602347 HTTP/1.1" 200 53795
120.253.135.82 - - [06/Sep/2020:10:36:43 +0800] "GET /xingrg/javascript/easyui/themes/default/validatebox.css HTTP/1.1" 404 1104
120.253.135.82 - - [06/Sep/2020:10:36:43 +0800] "POST /xingrg/kc/buy/cgsh_order_operate.html HTTP/1.1" 200 634
222.69.129.160 - - [06/Sep/2020:10:36:44 +0800] "GET /xingrg/all/function/internal_message.html?_=1599359801885&CODE_STATE=getMsg HTTP/1.1" 200 27
120.253.135.82 - - [06/Sep/2020:10:36:45 +0800] "GET /xingrg/kc/print/load_config.html?kc_code=cgsh HTTP/1.1" 200 1845
120.253.135.82 - - [06/Sep/2020:10:36:45 +0800] "GET /xingrg/kc/print/load_data.html?order_code=212020090602347&kc_code=cgsh&condition= HTTP/1.1" 200 707
114.88.166.242 - - [06/Sep/2020:10:36:45 +0800] "GET /xingrg/kc/buy/cgsh_order_operate.html?command=get_materiel&rest_code=00111&code=00101008236&supplier_code=00100005&order_time=2020-09-06 HTTP/1.1" 200 417
218.81.217.115 - - [06/Sep/2020:10:36:47 +0800] "GET /xingrg/all/function/internal_message.html?_=1599359804589&CODE_STATE=getMsg HTTP/1.1" 200 27
218.81.217.115 - - [06/Sep/2020:10:36:47 +0800] "GET /xingrg/kc/buy/cgsh_order_operate.html?command=get_materiel&rest_code=00146&code=00101001136&supplier_code=00100313&order_time=2020-09-06 HTTP/1.1" 200 413
172.17.0.240 - - [06/Sep/2020:10:36:49 +0800] "GET /favicon.ico HTTP/1.1" 404 -
61.172.5.115 - - [06/Sep/2020:10:36:50 +0800] "GET /xingrg/kc/buy/cgsh_order_operate.html?command=get_materiel&rest_code=00105&code=00101001033&supplier_code=00100313&order_time=2020-09-06 HTTP/1.1" 200 419
218.81.217.115 - - [06/Sep/2020:10:36:51 +0800] "GET /xingrg/all/function/internal_message.html?_=1599359829126&CODE_STATE=getMsg HTTP/1.1" 200 27
114.88.166.242 - - [06/Sep/2020:10:36:51 +0800] "GET /xingrg/kc/buy/cgsh_order_operate.html?command=get_materiel&rest_code=00111&code=00101008165&supplier_code=00100005&order_time=2020-09-06 HTTP/1.1" 200 416
114.88.166.242 - - [06/Sep/2020:10:36:54 +0800] "POST /xingrg/kc/buy/cgsh_order_operate.html HTTP/1.1" 200 2065
116.238.90.59 - - [06/Sep/2020:10:36:54 +0800] "GET /xingrg/all/function/internal_message.html?_=1599360018081&CODE_STATE=getMsg HTTP/1.1" 200 27
222.69.129.160 - - [06/Sep/2020:10:36:55 +0800] "GET /xingrg/all/function/internal_message.html?_=1599359811040&CODE_STATE=getMsg HTTP/1.1" 200 27
114.88.166.242 - - [06/Sep/2020:10:36:57 +0800] "GET /xingrg/kc/buy/cgsh_order_operate.html?command=get_materiel&rest_code=00111&code=00101008168&supplier_code=00100005&order_time=2020-09-06 HTTP/1.1" 200 413
61.172.5.115 - - [06/Sep/2020:10:36:57 +0800] "GET /xingrg/kc/buy/cgsh_order_operate.html?command=get_materiel&rest_code=00105&code=00101001135&supplier_code=00100313&order_time=2020-09-06 HTTP/1.1" 200 413
117.131.5.26 - - [06/Sep/2020:10:36:59 +0800] "GET /xingrg/all/function/internal_message.html?_=1599359815211&CODE_STATE=getMsg HTTP/1.1" 200 27
218.81.217.115 - - [06/Sep/2020:10:37:01 +0800] "GET /xingrg/kc/buy/cgsh_order_operate.html?command=get_materiel&rest_code=00146&code=00101001138&supplier_code=00100313&order_time=2020-09-06 HTTP/1.1" 200 413
61.172.5.115 - - [06/Sep/2020:10:37:01 +0800] "GET /xingrg/all/function/internal_message.html?_=1599359817647&CODE_STATE=getMsg HTTP/1.1" 200 27
61.172.5.115 - - [06/Sep/2020:10:37:04 +0800] "GET /xingrg/kc/buy/cgsh_order_operate.html?command=get_materiel&rest_code=00105&code=00101001136&supplier_code=00100313&order_time=2020-09-06 HTTP/1.1" 200 413
114.88.166.242 - - [06/Sep/2020:10:37:07 +0800] "GET /xingrg/all/function/internal_message.html?_=1599359883188&CODE_STATE=getMsg HTTP/1.1" 200 27
180.157.253.48 - - [06/Sep/2020:10:37:11 +0800] "GET /xingrg/login.html HTTP/1.1" 200 7641
180.157.253.48 - - [06/Sep/2020:10:37:11 +0800] "GET /xingrg/images/blue/jxLogo.png HTTP/1.1" 304 -
180.157.253.48 - - [06/Sep/2020:10:37:11 +0800] "GET /xingrg/images/blue/login_bg.png HTTP/1.1" 304 -
180.157.253.48 - - [06/Sep/2020:10:37:11 +0800] "GET /xingrg/images/blue/hj.png HTTP/1.1" 304 -
180.157.253.48 - - [06/Sep/2020:10:37:11 +0800] "GET /xingrg/images/blue/srbg.png HTTP/1.1" 304 -
180.157.253.48 - - [06/Sep/2020:10:37:11 +0800] "GET /favicon.ico HTTP/1.1" 404 -
58.221.95.50 - - [06/Sep/2020:10:37:11 +0800] "GET /xingrg/all/function/internal_message.html?_=1599359972809&CODE_STATE=getMsg HTTP/1.1" 200 27
114.88.166.242 - - [06/Sep/2020:10:37:13 +0800] "GET /xingrg/kc/buy/cgsh_order_operate.html?command=get_materiel&rest_code=00111&code=00101020152&supplier_code=00100005&order_time=2020-09-06 HTTP/1.1" 200 416
61.172.5.115 - - [06/Sep/2020:10:37:13 +0800] "GET /xingrg/kc/buy/cgsh_order_operate.html?command=get_materiel&rest_code=00105&code=00101001162&supplier_code=00100313&order_time=2020-09-06 HTTP/1.1" 200 413
218.81.217.115 - - [06/Sep/2020:10:37:13 +0800] "GET /xingrg/kc/buy/cgsh_order_operate.html?command=get_materiel&rest_code=00146&code=00101001235&supplier_code=00100313&order_time=2020-09-06 HTTP/1.1" 200 396
180.157.253.48 - - [06/Sep/2020:10:37:13 +0800] "POST /xingrg/login.do HTTP/1.1" 302 -
180.157.253.48 - - [06/Sep/2020:10:37:13 +0800] "GET /xingrg/index.html?sysBaseUrl=http%3A%2F%2F180.169.147.146%3A18081%2Fxingrg%2F&costTime=41×tamp=1599359833911 HTTP/1.1" 200 17179
180.157.253.48 - - [06/Sep/2020:10:37:13 +0800] "GET /xingrg/javascript/jquery_easy_ui/themes/icon.css HTTP/1.1" 304 -
180.157.253.48 - - [06/Sep/2020:10:37:13 +0800] "GET /xingrg/css/form.css HTTP/1.1" 304 -
180.157.253.48 - - [06/Sep/2020:10:37:13 +0800] "GET /xingrg/javascript/jquery-1.4.2.min.js HTTP/1.1" 304 -
180.157.253.48 - - [06/Sep/2020:10:37:13 +0800] "GET /xingrg/javascript/jquery_easy_ui/themes/default/easyui.css HTTP/1.1" 304 -
180.157.253.48 - - [06/Sep/2020:10:37:13 +0800] "GET /xingrg/javascript/jquery_easy_ui/jquery.easyui.min.js HTTP/1.1" 304 -
180.157.253.48 - - [06/Sep/2020:10:37:13 +0800] "GET /xingrg/javascript/jquery.form.js HTTP/1.1" 304 -
180.157.253.48 - - [06/Sep/2020:10:37:13 +0800] "GET /xingrg/javascript/jquery_easy_ui/easyui-lang-zh_CN.js HTTP/1.1" 304 -
180.157.253.48 - - [06/Sep/2020:10:37:14 +0800] "GET /xingrg/javascript/jquery.utils.js HTTP/1.1" 304 -
180.157.253.48 - - [06/Sep/2020:10:37:14 +0800] "GET /xingrg/javascript/jquery.timers.js HTTP/1.1" 304 -
180.157.253.48 - - [06/Sep/2020:10:37:14 +0800] "GET /favicon.ico HTTP/1.1" 404 -
180.157.253.48 - - [06/Sep/2020:10:37:14 +0800] "GET /xingrg/images/blue/jxLogo.png HTTP/1.1" 304 -
180.157.253.48 - - [06/Sep/2020:10:37:14 +0800] "GET /xingrg/images/blue/navBackgound.jpg HTTP/1.1" 304 -
180.157.253.48 - - [06/Sep/2020:10:37:14 +0800] "GET /xingrg/javascript/jquery_easy_ui/themes/icons/settle_new.png HTTP/1.1" 304 -
180.157.253.48 - - [06/Sep/2020:10:37:14 +0800] "POST /xingrg/all/common/load_tree.html?tree=area_rest_tree_json&manage=1 HTTP/1.1" 200 351
180.157.253.48 - - [06/Sep/2020:10:37:14 +0800] "GET /xingrg/images/blue/pingpu.png HTTP/1.1" 304 -
180.157.253.48 - - [06/Sep/2020:10:37:14 +0800] "GET /xingrg/javascript/jquery_easy_ui/themes/default/images/tabs_rightarrow.png HTTP/1.1" 304 -
180.157.253.48 - - [06/Sep/2020:10:37:14 +0800] "GET /xingrg/javascript/jquery_easy_ui/themes/default/images/tabs_leftarrow.png HTTP/1.1" 304 -
180.157.253.48 - - [06/Sep/2020:10:37:14 +0800] "GET /xingrg/javascript/jquery_easy_ui/themes/default/images/panel_tool_collapse.gif HTTP/1.1" 304 -
180.157.253.48 - - [06/Sep/2020:10:37:14 +0800] "GET /xingrg/check_reg.html?_=1599359830106 HTTP/1.1" 200 22
180.157.253.48 - - [06/Sep/2020:10:37:14 +0800] "GET /xingrg/all/function/internal_message.html?_=1599359830105&CODE_STATE=count HTTP/1.1" 200 11
180.157.253.48 - - [06/Sep/2020:10:37:14 +0800] "GET /xingrg/javascript/jquery_easy_ui/themes/default/images/tree_arrows.gif HTTP/1.1" 304 -
180.157.253.48 - - [06/Sep/2020:10:37:14 +0800] "POST /xingrg/load_menu.html HTTP/1.1" 200 5138
180.157.253.48 - - [06/Sep/2020:10:37:14 +0800] "GET /xingrg/javascript/jquery_easy_ui/themes/default/images/tree_folder_open.gif HTTP/1.1" 304 -
180.157.253.48 - - [06/Sep/2020:10:37:14 +0800] "GET /xingrg/javascript/jquery_easy_ui/themes/icons/search_new.png HTTP/1.1" 304 -
180.157.253.48 - - [06/Sep/2020:10:37:14 +0800] "GET /xingrg/javascript/jquery_easy_ui/themes/default/images/tree_folder.gif HTTP/1.1" 304 -
180.157.253.48 - - [06/Sep/2020:10:37:14 +0800] "GET /xingrg/javascript/jquery_easy_ui/themes/icons/storage_new.png HTTP/1.1" 304 -
180.157.253.48 - - [06/Sep/2020:10:37:14 +0800] "GET /xingrg/javascript/jquery_easy_ui/themes/icons/forms_new.png HTTP/1.1" 304 -
180.157.253.48 - - [06/Sep/2020:10:37:14 +0800] "GET /xingrg/javascript/jquery_easy_ui/themes/default/images/tree_file.gif HTTP/1.1" 304 -
180.157.253.48 - - [06/Sep/2020:10:37:17 +0800] "GET /xingrg/javascript/jquery_easy_ui/themes/default/images/tabs_close.gif HTTP/1.1" 304 -
180.157.253.48 - - [06/Sep/2020:10:37:17 +0800] "GET /xingrg/css/base.css HTTP/1.1" 304 -
180.157.253.48 - - [06/Sep/2020:10:37:17 +0800] "GET /xingrg/css/site.css HTTP/1.1" 304 -
180.157.253.48 - - [06/Sep/2020:10:37:17 +0800] "GET /xingrg/javascript/jquery_tools/datebox.css HTTP/1.1" 304 -
180.157.253.48 - - [06/Sep/2020:10:37:17 +0800] "GET /xingrg/javascript/auto/jquery.autocomplete.css HTTP/1.1" 304 -
180.157.253.48 - - [06/Sep/2020:10:37:17 +0800] "GET /xingrg/javascript/easyui/themes/default/easyui.css HTTP/1.1" 304 -
180.157.253.48 - - [06/Sep/2020:10:37:17 +0800] "GET /xingrg/javascript/easyui/themes/icon.css HTTP/1.1" 304 -
180.157.253.48 - - [06/Sep/2020:10:37:17 +0800] "GET /xingrg/javascript/auto/jquery.autocomplete.js HTTP/1.1" 304 -
180.157.253.48 - - [06/Sep/2020:10:37:17 +0800] "GET /xingrg/kc/buy/cgsh_order_list.html HTTP/1.1" 200 43936
180.157.253.48 - - [06/Sep/2020:10:37:17 +0800] "GET /xingrg/javascript/jquery_tools/jquery.tools.hotkey.js HTTP/1.1" 304 -
180.157.253.48 - - [06/Sep/2020:10:37:17 +0800] "GET /xingrg/javascript/jquery_tools/table.css HTTP/1.1" 304 -
180.157.253.48 - - [06/Sep/2020:10:37:17 +0800] "GET /xingrg/javascript/easyui/easyloader.js HTTP/1.1" 304 -
180.157.253.48 - - [06/Sep/2020:10:37:17 +0800] "GET /xingrg/javascript/jquery.utils.js HTTP/1.1" 304 -
180.157.253.48 - - [06/Sep/2020:10:37:17 +0800] "GET /xingrg/javascript/jquery_tools/jquery.tools.min.js HTTP/1.1" 304 -
180.157.253.48 - - [06/Sep/2020:10:37:17 +0800] "GET /xingrg/javascript/jquery_tools/jquery.tools.extend.js HTTP/1.1" 304 -
180.157.253.48 - - [06/Sep/2020:10:37:17 +0800] "GET /xingrg/javascript/print/LodopFuncs.js HTTP/1.1" 304 -
180.157.253.48 - - [06/Sep/2020:10:37:17 +0800] "GET /xingrg/javascript/jquery_tools/fix.css HTTP/1.1" 304 -
180.157.253.48 - - [06/Sep/2020:10:37:17 +0800] "GET /xingrg/javascript/jquery.cookie.js HTTP/1.1" 304 -
114.86.227.136 - - [06/Sep/2020:10:37:17 +0800] "GET /xingrg/all/function/internal_message.html?_=1599359847671&CODE_STATE=getMsg HTTP/1.1" 200 27
180.157.253.48 - - [06/Sep/2020:10:37:17 +0800] "GET /xingrg/javascript/jquery_tools/jquery.tools.table.js HTTP/1.1" 304 -
180.157.253.48 - - [06/Sep/2020:10:37:17 +0800] "GET /xingrg/javascript/jquery_tools/list_manager.js HTTP/1.1" 304 -
180.157.253.48 - - [06/Sep/2020:10:37:17 +0800] "GET /xingrg/javascript/easyui/themes/icons/cance_new.png HTTP/1.1" 304 -
180.157.253.48 - - [06/Sep/2020:10:37:17 +0800] "GET /xingrg/javascript/easyui/themes/icons/edit_add_new.png HTTP/1.1" 304 -
180.157.253.48 - - [06/Sep/2020:10:37:17 +0800] "GET /xingrg/javascript/easyui/themes/icons/field_new.png HTTP/1.1" 304 -
180.157.253.48 - - [06/Sep/2020:10:37:17 +0800] "GET /xingrg/javascript/easyui/themes/icons/check_new.png HTTP/1.1" 304 -
180.157.253.48 - - [06/Sep/2020:10:37:17 +0800] "GET /xingrg/javascript/easyui/themes/icons/import_new.png HTTP/1.1" 304 -
180.157.253.48 - - [06/Sep/2020:10:37:17 +0800] "GET /xingrg/javascript/easyui/plugins/jquery.parser.js HTTP/1.1" 304 -
180.157.253.48 - - [06/Sep/2020:10:37:17 +0800] "GET /xingrg/images/control/ajaxLoader.gif HTTP/1.1" 304 -
180.157.253.48 - - [06/Sep/2020:10:37:17 +0800] "GET /xingrg/javascript/jquery_easy_ui/themes/icons/area.png HTTP/1.1" 304 -
180.157.253.48 - - [06/Sep/2020:10:37:17 +0800] "GET /xingrg/javascript/jquery_easy_ui/themes/icons/rest.png HTTP/1.1" 304 -
180.157.253.48 - - [06/Sep/2020:10:37:18 +0800] "POST /xingrg/kc/buy/cgsh_list_operate.html HTTP/1.1" 200 1680
172.17.0.117 - - [06/Sep/2020:10:37:20 +0800] "GET /xingrg/all/function/internal_message.html?_=1599359836106&CODE_STATE=getMsg HTTP/1.1" 200 27
172.17.0.117 - - [06/Sep/2020:10:37:20 +0800] "GET /xingrg/check_reg.html?_=1599359836116 HTTP/1.1" 200 22
116.230.74.197 - - [06/Sep/2020:10:37:20 +0800] "GET /xingrg/all/function/internal_message.html?_=1599359836366&CODE_STATE=getMsg HTTP/1.1" 200 27
116.230.74.197 - - [06/Sep/2020:10:37:20 +0800] "GET /xingrg/check_reg.html?_=1599359836364 HTTP/1.1" 200 22
61.172.5.115 - - [06/Sep/2020:10:37:20 +0800] "GET /xingrg/kc/buy/cgsh_order_operate.html?command=get_materiel&rest_code=00105&code=00101001096&supplier_code=00100313&order_time=2020-09-06 HTTP/1.1" 200 413
114.88.166.242 - - [06/Sep/2020:10:37:21 +0800] "GET /xingrg/kc/buy/cgsh_order_operate.html?command=get_materiel&rest_code=00111&code=00101008356&supplier_code=00100005&order_time=2020-09-06 HTTP/1.1" 200 409
180.157.253.48 - - [06/Sep/2020:10:37:21 +0800] "GET /xingrg/kc/base/wldb_order_list.html HTTP/1.1" 200 19302
180.157.253.48 - - [06/Sep/2020:10:37:21 +0800] "GET /xingrg/css/site.css HTTP/1.1" 304 -
180.157.253.48 - - [06/Sep/2020:10:37:21 +0800] "GET /xingrg/css/base.css HTTP/1.1" 304 -
180.157.253.48 - - [06/Sep/2020:10:37:21 +0800] "GET /xingrg/javascript/jquery_tools/datebox.css HTTP/1.1" 304 -
180.157.253.48 - - [06/Sep/2020:10:37:21 +0800] "GET /xingrg/javascript/easyui/themes/default/easyui.css HTTP/1.1" 304 -
180.157.253.48 - - [06/Sep/2020:10:37:21 +0800] "GET /xingrg/javascript/easyui/themes/icon.css HTTP/1.1" 304 -
180.157.253.48 - - [06/Sep/2020:10:37:21 +0800] "GET /xingrg/javascript/auto/jquery.autocomplete.css HTTP/1.1" 304 -
180.157.253.48 - - [06/Sep/2020:10:37:21 +0800] "GET /xingrg/javascript/jquery_tools/fix.css HTTP/1.1" 304 -
180.157.253.48 - - [06/Sep/2020:10:37:21 +0800] "GET /xingrg/javascript/jquery_tools/jquery.tools.min.js HTTP/1.1" 304 -
180.157.253.48 - - [06/Sep/2020:10:37:21 +0800] "GET /xingrg/javascript/jquery_tools/jquery.tools.extend.js HTTP/1.1" 304 -
180.157.253.48 - - [06/Sep/2020:10:37:21 +0800] "GET /xingrg/javascript/jquery_tools/table.css HTTP/1.1" 304 -
180.157.253.48 - - [06/Sep/2020:10:37:21 +0800] "GET /xingrg/javascript/jquery_tools/jquery.tools.hotkey.js HTTP/1.1" 304 -
180.157.253.48 - - [06/Sep/2020:10:37:21 +0800] "GET /xingrg/javascript/jquery_tools/jquery.tools.table.js HTTP/1.1" 304 -
180.157.253.48 - - [06/Sep/2020:10:37:21 +0800] "GET /xingrg/javascript/jquery_tools/list_manager.js HTTP/1.1" 304 -
180.157.253.48 - - [06/Sep/2020:10:37:21 +0800] "GET /xingrg/javascript/easyui/easyloader.js HTTP/1.1" 304 -
180.157.253.48 - - [06/Sep/2020:10:37:21 +0800] "GET /xingrg/javascript/jquery.utils.js HTTP/1.1" 304 -
180.157.253.48 - - [06/Sep/2020:10:37:21 +0800] "GET /xingrg/javascript/print/LodopFuncs.js HTTP/1.1" 304 -
180.157.253.48 - - [06/Sep/2020:10:37:21 +0800] "GET /xingrg/javascript/auto/jquery.autocomplete.js HTTP/1.1" 304 -
180.157.253.48 - - [06/Sep/2020:10:37:21 +0800] "GET /xingrg/javascript/jquery.cookie.js HTTP/1.1" 304 -
180.157.253.48 - - [06/Sep/2020:10:37:21 +0800] "GET /xingrg/javascript/easyui/themes/icons/check_new.png HTTP/1.1" 304 -
180.157.253.48 - - [06/Sep/2020:10:37:21 +0800] "GET /xingrg/javascript/easyui/themes/icons/edit_add_new.png HTTP/1.1" 304 -
180.157.253.48 - - [06/Sep/2020:10:37:21 +0800] "GET /xingrg/javascript/easyui/themes/icons/cance_new.png HTTP/1.1" 304 -
180.157.253.48 - - [06/Sep/2020:10:37:21 +0800] "GET /xingrg/javascript/easyui/themes/icons/field_new.png HTTP/1.1" 304 -
180.157.253.48 - - [06/Sep/2020:10:37:21 +0800] "GET /xingrg/javascript/easyui/themes/icons/import_new.png HTTP/1.1" 304 -
180.157.253.48 - - [06/Sep/2020:10:37:21 +0800] "GET /xingrg/javascript/easyui/plugins/jquery.parser.js HTTP/1.1" 304 -
180.157.253.48 - - [06/Sep/2020:10:37:21 +0800] "GET /xingrg/images/control/ajaxLoader.gif HTTP/1.1" 304 -
180.157.253.48 - - [06/Sep/2020:10:37:22 +0800] "POST /xingrg/kc/base/wldb_list_operate.html HTTP/1.1" 200 928
172.17.0.185 - - [06/Sep/2020:10:37:22 +0800] "GET /xingrg/all/function/internal_message.html?_=1599359837581&CODE_STATE=getMsg HTTP/1.1" 200 27
172.17.0.120 - - [06/Sep/2020:10:37:23 +0800] "GET /xingrg/all/function/internal_message.html?_=1599359839330&CODE_STATE=getMsg HTTP/1.1" 200 27
172.17.0.120 - - [06/Sep/2020:10:37:23 +0800] "GET /xingrg/check_reg.html?_=1599359839333 HTTP/1.1" 200 22
180.157.253.48 - - [06/Sep/2020:10:37:24 +0800] "GET /xingrg/kc/base/kc_stocks.html HTTP/1.1" 200 16335
180.157.253.48 - - [06/Sep/2020:10:37:24 +0800] "GET /xingrg/css/site.css HTTP/1.1" 304 -
180.157.253.48 - - [06/Sep/2020:10:37:24 +0800] "GET /xingrg/javascript/jquery_tools/datebox.css HTTP/1.1" 304 -
180.157.253.48 - - [06/Sep/2020:10:37:24 +0800] "GET /xingrg/css/base.css HTTP/1.1" 304 -
180.157.253.48 - - [06/Sep/2020:10:37:24 +0800] "GET /xingrg/javascript/jquery_tools/fix.css HTTP/1.1" 304 -
180.157.253.48 - - [06/Sep/2020:10:37:24 +0800] "GET /xingrg/javascript/easyui/themes/sunny/easyui.css HTTP/1.1" 304 -
180.157.253.48 - - [06/Sep/2020:10:37:24 +0800] "GET /xingrg/javascript/easyui/themes/icon.css HTTP/1.1" 304 -
180.157.253.48 - - [06/Sep/2020:10:37:24 +0800] "GET /xingrg/javascript/jquery_tools/jquery.tools.min.js HTTP/1.1" 304 -
180.157.253.48 - - [06/Sep/2020:10:37:24 +0800] "GET /xingrg/javascript/jquery_tools/jquery.tools.extend.js HTTP/1.1" 304 -
180.157.253.48 - - [06/Sep/2020:10:37:24 +0800] "GET /xingrg/javascript/jquery_tools/jquery.tools.hotkey.js HTTP/1.1" 304 -
180.157.253.48 - - [06/Sep/2020:10:37:24 +0800] "GET /xingrg/javascript/auto/jquery.autocomplete.css HTTP/1.1" 304 -
180.157.253.48 - - [06/Sep/2020:10:37:24 +0800] "GET /xingrg/javascript/jquery_tools/list_manager.js HTTP/1.1" 304 -
180.157.253.48 - - [06/Sep/2020:10:37:24 +0800] "GET /xingrg/javascript/auto/jquery.autocomplete.js HTTP/1.1" 304 -
180.157.253.48 - - [06/Sep/2020:10:37:24 +0800] "GET /xingrg/javascript/easyui/easyloader.js HTTP/1.1" 304 -
180.157.253.48 - - [06/Sep/2020:10:37:24 +0800] "GET /xingrg/javascript/jquery.utils.js HTTP/1.1" 304 -
180.157.253.48 - - [06/Sep/2020:10:37:24 +0800] "GET /xingrg/javascript/convert.js HTTP/1.1" 304 -
180.157.253.48 - - [06/Sep/2020:10:37:24 +0800] "GET /xingrg/javascript/print/LodopFuncs.js HTTP/1.1" 304 -
180.157.253.48 - - [06/Sep/2020:10:37:24 +0800] "GET /xingrg/javascript/json2.js HTTP/1.1" 304 -
180.157.253.48 - - [06/Sep/2020:10:37:24 +0800] "GET /xingrg/javascript/jquery.cookie.js HTTP/1.1" 304 -
180.157.253.48 - - [06/Sep/2020:10:37:24 +0800] "GET /xingrg/javascript/easyui/themes/icons/field_new.png HTTP/1.1" 304 -
180.157.253.48 - - [06/Sep/2020:10:37:24 +0800] "GET /xingrg/javascript/easyui/themes/icons/print_new.png HTTP/1.1" 304 -
180.157.253.48 - - [06/Sep/2020:10:37:24 +0800] "GET /xingrg/javascript/easyui/themes/icons/filter_new.png HTTP/1.1" 304 -
180.157.253.48 - - [06/Sep/2020:10:37:24 +0800] "GET /xingrg/javascript/easyui/themes/icons/refresh_new.png HTTP/1.1" 304 -
180.157.253.48 - - [06/Sep/2020:10:37:24 +0800] "GET /xingrg/javascript/easyui/themes/icons/import_new.png HTTP/1.1" 304 -
180.157.253.48 - - [06/Sep/2020:10:37:24 +0800] "GET /xingrg/javascript/easyui/plugins/jquery.parser.js HTTP/1.1" 304 -
180.157.253.48 - - [06/Sep/2020:10:37:24 +0800] "GET /xingrg/images/control/ajaxLoader.gif HTTP/1.1" 304 -
180.157.253.48 - - [06/Sep/2020:10:37:24 +0800] "GET /xingrg/javascript/easyui/plugins/jquery.draggable.js HTTP/1.1" 304 -
180.157.253.48 - - [06/Sep/2020:10:37:24 +0800] "GET /xingrg/javascript/easyui/plugins/jquery.droppable.js HTTP/1.1" 304 -
180.157.253.48 - - [06/Sep/2020:10:37:24 +0800] "GET /xingrg/javascript/easyui/themes/default/tree.css HTTP/1.1" 404 1090
180.157.253.48 - - [06/Sep/2020:10:37:24 +0800] "GET /xingrg/javascript/easyui/plugins/jquery.tree.js HTTP/1.1" 304 -
180.157.253.48 - - [06/Sep/2020:10:37:24 +0800] "GET /xingrg/all/common/auto_word.html?type=base&rest_code=00148 HTTP/1.1" 200 1753
180.157.253.48 - - [06/Sep/2020:10:37:24 +0800] "POST /xingrg/all/common/load_tree.html?tree=materiel_sort_tree_json HTTP/1.1" 200 8666
180.157.253.48 - - [06/Sep/2020:10:37:24 +0800] "GET /xingrg/javascript/easyui/themes/sunny/images/tree_arrows.gif HTTP/1.1" 304 -
180.157.253.48 - - [06/Sep/2020:10:37:24 +0800] "GET /xingrg/javascript/easyui/themes/sunny/images/tree_folder_open.gif HTTP/1.1" 304 -
180.157.253.48 - - [06/Sep/2020:10:37:24 +0800] "GET /xingrg/javascript/easyui/themes/sunny/images/tree_folder.gif HTTP/1.1" 304 -
180.157.253.48 - - [06/Sep/2020:10:37:24 +0800] "GET /xingrg/javascript/easyui/themes/sunny/images/tree_file.gif HTTP/1.1" 304 -
61.172.5.115 - - [06/Sep/2020:10:37:26 +0800] "GET /xingrg/kc/buy/cgsh_order_operate.html?command=get_materiel&rest_code=00105&code=00101001161&supplier_code=00100313&order_time=2020-09-06 HTTP/1.1" 200 409
218.81.217.115 - - [06/Sep/2020:10:37:26 +0800] "GET /xingrg/kc/buy/cgsh_order_operate.html?command=get_materiel&rest_code=00146&code=00101001162&supplier_code=00100313&order_time=2020-09-06 HTTP/1.1" 200 413
117.131.5.26 - - [06/Sep/2020:10:37:27 +0800] "GET /xingrg/kc/report/report_main.html HTTP/1.1" 200 7345
117.131.5.26 - - [06/Sep/2020:10:37:27 +0800] "GET /xingrg/javascript/jquery_ui/themes/humanity/humanity.css HTTP/1.1" 304 -
117.131.5.26 - - [06/Sep/2020:10:37:27 +0800] "GET /xingrg/javascript/json2.js HTTP/1.1" 304 -
180.157.253.48 - - [06/Sep/2020:10:37:29 +0800] "POST /xingrg/kc/base/stock_operate.html HTTP/1.1" 200 3774
180.157.253.48 - - [06/Sep/2020:10:37:29 +0800] "GET /xingrg/javascript/jquery_tools/fix_table.js HTTP/1.1" 304 -
117.185.32.26 - - [06/Sep/2020:10:37:30 +0800] "GET /xingrg/all/function/internal_message.html?_=1599360274797&CODE_STATE=getMsg HTTP/1.1" 200 27
116.238.71.173 - - [06/Sep/2020:10:37:30 +0800] "GET /xingrg/all/function/internal_message.html?_=1599359846688&CODE_STATE=getMsg HTTP/1.1" 200 27
58.40.7.146 - - [06/Sep/2020:10:37:31 +0800] "GET /xingrg/all/function/internal_message.html?_=1599359847268&CODE_STATE=getMsg HTTP/1.1" 200 27
172.17.200.101 - - [06/Sep/2020:10:37:32 +0800] "GET /xingrg/all/function/internal_message.html?_=1599359848466&CODE_STATE=getMsg HTTP/1.1" 200 27
61.172.5.115 - - [06/Sep/2020:10:37:32 +0800] "GET /xingrg/kc/buy/cgsh_order_operate.html?command=get_materiel&rest_code=00105&code=00101014083&supplier_code=00100313&order_time=2020-09-06 HTTP/1.1" 200 409
114.88.166.242 - - [06/Sep/2020:10:37:33 +0800] "GET /xingrg/kc/buy/cgsh_order_operate.html?command=get_materiel&rest_code=00111&code=00101008223&supplier_code=00100005&order_time=2020-09-06 HTTP/1.1" 200 412
180.157.253.48 - - [06/Sep/2020:10:37:34 +0800] "POST /xingrg/kc/base/stock_operate.html HTTP/1.1" 200 1627
180.157.253.48 - - [06/Sep/2020:10:37:34 +0800] "GET /xingrg/javascript/jquery_tools/fix_table.js HTTP/1.1" 304 -
180.157.253.48 - - [06/Sep/2020:10:37:36 +0800] "POST /xingrg/kc/base/stock_operate.html HTTP/1.1" 200 3774
180.157.253.48 - - [06/Sep/2020:10:37:36 +0800] "GET /xingrg/javascript/jquery_tools/fix_table.js HTTP/1.1" 304 -
218.81.217.115 - - [06/Sep/2020:10:37:38 +0800] "GET /xingrg/kc/buy/cgsh_order_operate.html?command=get_materiel&rest_code=00146&code=00101008108&supplier_code=00100313&order_time=2020-09-06 HTTP/1.1" 200 412
61.172.5.115 - - [06/Sep/2020:10:37:38 +0800] "GET /xingrg/kc/buy/cgsh_order_operate.html?command=get_materiel&rest_code=00105&code=00102026001&supplier_code=00100313&order_time=2020-09-06 HTTP/1.1" 200 409
117.131.5.26 - - [06/Sep/2020:10:37:40 +0800] "GET /xingrg/kc/base/crk_hz.html HTTP/1.1" 200 11247
117.131.5.26 - - [06/Sep/2020:10:37:40 +0800] "GET /xingrg/css/table.css HTTP/1.1" 304 -
117.131.5.26 - - [06/Sep/2020:10:37:40 +0800] "GET /xingrg/javascript/step/step.css HTTP/1.1" 304 -
117.131.5.26 - - [06/Sep/2020:10:37:40 +0800] "GET /xingrg/javascript/jquery_easy_ui/themes/default/images/button_a_bg.gif HTTP/1.1" 304 -
117.131.5.26 - - [06/Sep/2020:10:37:40 +0800] "GET /xingrg/javascript/jquery_easy_ui/themes/default/images/button_span_bg.gif HTTP/1.1" 304 -
117.131.5.26 - - [06/Sep/2020:10:37:40 +0800] "GET /xingrg/javascript/jquery_easy_ui/themes/icons/search.png HTTP/1.1" 304 -
117.131.5.26 - - [06/Sep/2020:10:37:40 +0800] "POST /xingrg/kc/cost/cost_operate.html?command=get_base_tree HTTP/1.1" 200 2450
117.131.5.26 - - [06/Sep/2020:10:37:40 +0800] "POST /xingrg/all/common/load_tree.html?tree=materiel_sort_tree_json HTTP/1.1" 200 8666
117.131.5.26 - - [06/Sep/2020:10:37:40 +0800] "GET /xingrg/javascript/jquery_easy_ui/themes/default/images/calendar_prevmonth.gif HTTP/1.1" 304 -
117.131.5.26 - - [06/Sep/2020:10:37:40 +0800] "GET /xingrg/javascript/jquery_easy_ui/themes/default/images/calendar_nextmonth.gif HTTP/1.1" 304 -
117.131.5.26 - - [06/Sep/2020:10:37:40 +0800] "GET /xingrg/javascript/jquery_easy_ui/themes/default/images/calendar_prevyear.gif HTTP/1.1" 304 -
117.131.5.26 - - [06/Sep/2020:10:37:40 +0800] "GET /xingrg/javascript/jquery_easy_ui/themes/default/images/calendar_nextyear.gif HTTP/1.1" 304 -
117.131.5.26 - - [06/Sep/2020:10:37:40 +0800] "GET /xingrg/images/control/ajaxLoader.gif HTTP/1.1" 304 -
180.157.253.48 - - [06/Sep/2020:10:37:41 +0800] "GET /xingrg/kc/base/stock_detail.html?m=00101013063 HTTP/1.1" 200 7277
180.157.253.48 - - [06/Sep/2020:10:37:41 +0800] "GET /xingrg/css/blue.css HTTP/1.1" 304 -
180.157.253.48 - - [06/Sep/2020:10:37:41 +0800] "GET /xingrg/javascript/jquery_easy_ui/themes/icon.css HTTP/1.1" 304 -
180.157.253.48 - - [06/Sep/2020:10:37:41 +0800] "GET /xingrg/javascript/jquery_easy_ui/themes/default/easyui.css HTTP/1.1" 304 -
180.157.253.48 - - [06/Sep/2020:10:37:41 +0800] "GET /xingrg/javascript/jquery-1.4.2.min.js HTTP/1.1" 304 -
180.157.253.48 - - [06/Sep/2020:10:37:41 +0800] "GET /xingrg/javascript/jquery.utils.js HTTP/1.1" 304 -
180.157.253.48 - - [06/Sep/2020:10:37:41 +0800] "GET /xingrg/javascript/jquery_easy_ui/easyui-lang-zh_CN.js HTTP/1.1" 304 -
180.157.253.48 - - [06/Sep/2020:10:37:41 +0800] "GET /xingrg/javascript/jquery_easy_ui/jquery.easyui.min.js HTTP/1.1" 304 -
180.157.253.48 - - [06/Sep/2020:10:37:41 +0800] "GET /xingrg/javascript/jquery_easy_ui/themes/default/images/button_a_bg.gif HTTP/1.1" 304 -
180.157.253.48 - - [06/Sep/2020:10:37:41 +0800] "GET /xingrg/javascript/jquery_easy_ui/themes/default/images/button_span_bg.gif HTTP/1.1" 304 -
180.157.253.48 - - [06/Sep/2020:10:37:41 +0800] "GET /xingrg/javascript/jquery_easy_ui/themes/icons/search.png HTTP/1.1" 304 -
180.157.253.48 - - [06/Sep/2020:10:37:41 +0800] "GET /xingrg/javascript/jquery_easy_ui/themes/default/images/menu_downarrow.png HTTP/1.1" 304 -
180.157.253.48 - - [06/Sep/2020:10:37:41 +0800] "GET /xingrg/javascript/jquery_easy_ui/themes/icons/print.png HTTP/1.1" 304 -
180.157.253.48 - - [06/Sep/2020:10:37:41 +0800] "GET /xingrg/javascript/jquery_easy_ui/themes/default/images/menu.gif HTTP/1.1" 304 -
180.157.253.48 - - [06/Sep/2020:10:37:41 +0800] "GET /xingrg/javascript/jquery_easy_ui/themes/default/images/calendar_prevmonth.gif HTTP/1.1" 304 -
180.157.253.48 - - [06/Sep/2020:10:37:41 +0800] "GET /xingrg/javascript/jquery_easy_ui/themes/default/images/calendar_nextmonth.gif HTTP/1.1" 304 -
180.157.253.48 - - [06/Sep/2020:10:37:41 +0800] "GET /xingrg/javascript/jquery_easy_ui/themes/default/images/calendar_prevyear.gif HTTP/1.1" 304 -
180.157.253.48 - - [06/Sep/2020:10:37:41 +0800] "GET /xingrg/javascript/jquery_easy_ui/themes/default/images/calendar_nextyear.gif HTTP/1.1" 304 -
117.131.5.26 - - [06/Sep/2020:10:37:42 +0800] "GET /xingrg/kc/base/crk_hz.html?_=1599359858675&command=get_cost_id&end_date=2020-09-30&start_date=2020-09-01 HTTP/1.1" 200 51
117.131.5.26 - - [06/Sep/2020:10:37:42 +0800] "GET /xingrg/dwr/interface/AjaxReportQueryService.js HTTP/1.1" 200 13203
117.131.5.26 - - [06/Sep/2020:10:37:42 +0800] "GET /xingrg/all/report/report_query.html?isQuery=1&onlyBody=1&rh=99999&rw=1800&varString=start:20200901,cost_id:2821,mid:20200901&fileName=kc/base/crk_hz_type_by_base.xml&queryString=&queryText=ÈÕÆÚ£º2020-09-01ÖÁ2020-09-30&tableQueryString=materiel_table$sp1$$sp$before_table$sp1$$sp$crk_table$sp1$order_day%20between%2020200901%20and%2020200930 HTTP/1.1" 200 49363
117.131.5.26 - - [06/Sep/2020:10:37:42 +0800] "GET /xingrg/dwr/engine.js HTTP/1.1" 200 43631
222.69.129.160 - - [06/Sep/2020:10:37:44 +0800] "GET /xingrg/all/function/internal_message.html?_=1599359861890&CODE_STATE=getMsg HTTP/1.1" 200 27
117.131.5.26 - - [06/Sep/2020:10:37:44 +0800] "POST /xingrg/all/report/load_report_page.html HTTP/1.1" 200 761308
117.131.5.26 - - [06/Sep/2020:10:37:44 +0800] "GET /xingrg/servlets/image?cache=0.7201315605512497&image=px HTTP/1.1" 200 807
117.184.7.26 - - [06/Sep/2020:10:37:46 +0800] "GET /xingrg/check_reg.html?_=1599359850094 HTTP/1.1" 200 22
218.81.217.115 - - [06/Sep/2020:10:37:47 +0800] "GET /xingrg/all/function/internal_message.html?_=1599359864602&CODE_STATE=getMsg HTTP/1.1" 200 27
120.253.135.82 - - [06/Sep/2020:10:37:49 +0800] "GET /xingrg/kc/report/report_main.html HTTP/1.1" 200 9370
120.253.135.82 - - [06/Sep/2020:10:37:49 +0800] "GET /xingrg/javascript/jquery_ui/themes/humanity/humanity.css HTTP/1.1" 304 -
180.157.253.48 - - [06/Sep/2020:10:37:49 +0800] "GET /xingrg/kc/base/stock_operate.html?_=1599359865630&command=get_report_file&start_day=20200701 HTTP/1.1" 200 53
180.157.253.48 - - [06/Sep/2020:10:37:49 +0800] "GET /xingrg/css/blue.css HTTP/1.1" 304 -
180.157.253.48 - - [06/Sep/2020:10:37:49 +0800] "GET /xingrg/javascript/multi_select/jqueryMultiSelect.css HTTP/1.1" 304 -
180.157.253.48 - - [06/Sep/2020:10:37:49 +0800] "GET /xingrg/javascript/calendar/timePicker.css HTTP/1.1" 304 -
180.157.253.48 - - [06/Sep/2020:10:37:49 +0800] "GET /xingrg/javascript/jquery_easy_ui/themes/icon.css HTTP/1.1" 304 -
180.157.253.48 - - [06/Sep/2020:10:37:49 +0800] "GET /xingrg/javascript/jquery_easy_ui/themes/default/easyui.css HTTP/1.1" 304 -
180.157.253.48 - - [06/Sep/2020:10:37:49 +0800] "GET /xingrg/all/report/report_query.html?isQuery=1&onlyBody=1&rh=2000&fileName=kc/base/kc_stock_detail_new.xml&queryString=(1=1)&queryText=&tableQueryString=init_table$sp1$$sp$crk_table$sp1$order_day%20between%2020200701%20and%2020200930&varString=start_day:20200701,materiel_code:00101013063,cost_id:2738,end_date:20200630 HTTP/1.1" 200 48701
180.157.253.48 - - [06/Sep/2020:10:37:49 +0800] "GET /xingrg/css/form.css HTTP/1.1" 304 -
180.157.253.48 - - [06/Sep/2020:10:37:49 +0800] "GET /xingrg/javascript/bigrid/fix.css HTTP/1.1" 304 -
180.157.253.48 - - [06/Sep/2020:10:37:49 +0800] "GET /xingrg/javascript/pic_change.js HTTP/1.1" 304 -
180.157.253.48 - - [06/Sep/2020:10:37:49 +0800] "GET /xingrg/dwr/interface/AjaxReportQueryService.js HTTP/1.1" 200 13203
180.157.253.48 - - [06/Sep/2020:10:37:49 +0800] "GET /xingrg/dwr/util.js HTTP/1.1" 304 -
180.157.253.48 - - [06/Sep/2020:10:37:49 +0800] "GET /xingrg/javascript/myfunction.js HTTP/1.1" 304 -
180.157.253.48 - - [06/Sep/2020:10:37:49 +0800] "GET /xingrg/javascript/jquery-1.4.2.min.js HTTP/1.1" 304 -
180.157.253.48 - - [06/Sep/2020:10:37:49 +0800] "GET /xingrg/javascript/jquery_easy_ui/jquery.easyui.min.js HTTP/1.1" 304 -
180.157.253.48 - - [06/Sep/2020:10:37:49 +0800] "GET /xingrg/javascript/jqueryMultiSelect.js HTTP/1.1" 304 -
180.157.253.48 - - [06/Sep/2020:10:37:49 +0800] "GET /xingrg/javascript/jquery.utils.js HTTP/1.1" 304 -
180.157.253.48 - - [06/Sep/2020:10:37:49 +0800] "GET /xingrg/javascript/Calendar.js HTTP/1.1" 304 -
180.157.253.48 - - [06/Sep/2020:10:37:49 +0800] "GET /xingrg/javascript/calendar/jquery.timePicker.min.js HTTP/1.1" 304 -
180.157.253.48 - - [06/Sep/2020:10:37:49 +0800] "GET /xingrg/javascript/bigrid/fix.js HTTP/1.1" 304 -
180.157.253.48 - - [06/Sep/2020:10:37:49 +0800] "GET /xingrg/dwr/engine.js HTTP/1.1" 200 43631
180.157.253.48 - - [06/Sep/2020:10:37:49 +0800] "GET /xingrg/images/control/loading.gif HTTP/1.1" 304 -
180.157.253.48 - - [06/Sep/2020:10:37:49 +0800] "GET /xingrg/images/blue/button/advanceover.gif HTTP/1.1" 304 -
180.157.253.48 - - [06/Sep/2020:10:37:49 +0800] "GET /xingrg/images/blue/button/advance2over.gif HTTP/1.1" 304 -
180.157.253.48 - - [06/Sep/2020:10:37:49 +0800] "GET /xingrg/images/blue/button/backover.gif HTTP/1.1" 304 -
180.157.253.48 - - [06/Sep/2020:10:37:49 +0800] "GET /xingrg/images/blue/button/back2over.gif HTTP/1.1" 304 -
180.157.253.48 - - [06/Sep/2020:10:37:49 +0800] "GET /xingrg/javascript/jquery_easy_ui/themes/icons/help.png HTTP/1.1" 304 -
120.253.135.82 - - [06/Sep/2020:10:37:50 +0800] "GET /xingrg/kc/base/kc_stocks.html HTTP/1.1" 200 16329
120.253.135.82 - - [06/Sep/2020:10:37:50 +0800] "GET /xingrg/javascript/easyui/themes/sunny/easyui.css HTTP/1.1" 304 -
120.253.135.82 - - [06/Sep/2020:10:37:50 +0800] "GET /xingrg/javascript/easyui/themes/icons/print_new.png HTTP/1.1" 304 -
120.253.135.82 - - [06/Sep/2020:10:37:50 +0800] "GET /xingrg/javascript/easyui/themes/icons/filter_new.png HTTP/1.1" 304 -
120.253.135.82 - - [06/Sep/2020:10:37:50 +0800] "GET /xingrg/javascript/easyui/themes/icons/refresh_new.png HTTP/1.1" 304 -
180.157.253.48 - - [06/Sep/2020:10:37:50 +0800] "POST /xingrg/all/report/load_report_page.html HTTP/1.1" 200 20152
120.253.135.82 - - [06/Sep/2020:10:37:50 +0800] "GET /xingrg/javascript/easyui/plugins/jquery.draggable.js HTTP/1.1" 304 -
180.157.253.48 - - [06/Sep/2020:10:37:50 +0800] "GET /xingrg/servlets/image?cache=0.1014643810801692&image=px HTTP/1.1" 200 807
120.253.135.82 - - [06/Sep/2020:10:37:50 +0800] "GET /xingrg/javascript/easyui/plugins/jquery.droppable.js HTTP/1.1" 304 -
120.253.135.82 - - [06/Sep/2020:10:37:50 +0800] "GET /xingrg/javascript/easyui/themes/default/tree.css HTTP/1.1" 404 1090
120.253.135.82 - - [06/Sep/2020:10:37:50 +0800] "GET /xingrg/javascript/easyui/plugins/jquery.tree.js HTTP/1.1" 304 -
120.253.135.82 - - [06/Sep/2020:10:37:51 +0800] "POST /xingrg/all/common/load_tree.html?tree=materiel_sort_tree_json HTTP/1.1" 200 8666
120.253.135.82 - - [06/Sep/2020:10:37:51 +0800] "GET /xingrg/javascript/easyui/themes/sunny/images/tree_arrows.gif HTTP/1.1" 304 -
120.253.135.82 - - [06/Sep/2020:10:37:51 +0800] "GET /xingrg/javascript/easyui/themes/sunny/images/tree_folder.gif HTTP/1.1" 304 -
120.253.135.82 - - [06/Sep/2020:10:37:51 +0800] "GET /xingrg/javascript/easyui/themes/sunny/images/tree_folder_open.gif HTTP/1.1" 304 -
120.253.135.82 - - [06/Sep/2020:10:37:51 +0800] "GET /xingrg/javascript/easyui/themes/sunny/images/tree_file.gif HTTP/1.1" 304 -
117.131.5.26 - - [06/Sep/2020:10:37:51 +0800] "GET /xingrg/all/report/report_query.html?isQuery=1&fileName=kc/base/crk_detail_by_small.xml&rh=99999&queryString=&queryText=%25E3%2580%2590%25E4%25BB%2593%25E5%25BA%2593%25E5%2590%258D%25E7%25A7%25B0%253A%25E9%25A3%259F%25E5%2593%2581%25E4%25BB%2593%25E5%25BA%2593%25E3%2580%2591%25E3%2580%2590%25E4%25B8%259A%25E5%258A%25A1%25E7%25B1%25BB%25E5%259E%258B%25EF%25BC%259A%25E9%2587%2587%25E8%25B4%25AD%25E5%2585%25A5%25E5%25BA%2593%25E3%2580%2591%2520%253F%253F%253F%253F%253F2020-09-01%253F%253F2020-09-30&tableQueryString=crk_table%2524sp1%2524order_day%2520between%252020200901%2520and%252020200930%2520and%2520(base_code%253D'0010032')%2520and%2520(src_order_type%2520in%2520(21))%2520and%2520(is_rk%2520in%2520(1)) HTTP/1.1" 200 53770
218.81.217.115 - - [06/Sep/2020:10:37:51 +0800] "GET /xingrg/all/function/internal_message.html?_=1599359889139&CODE_STATE=getMsg HTTP/1.1" 200 27
120.253.135.82 - - [06/Sep/2020:10:37:52 +0800] "POST /xingrg/all/common/load_combo.html?type=base HTTP/1.1" 200 899
117.131.5.26 - - [06/Sep/2020:10:37:52 +0800] "GET /xingrg/dwr/interface/AjaxReportQueryService.js HTTP/1.1" 200 13203
117.131.5.26 - - [06/Sep/2020:10:37:52 +0800] "GET /xingrg/dwr/engine.js HTTP/1.1" 200 43631
117.131.5.26 - - [06/Sep/2020:10:37:53 +0800] "POST /xingrg/all/report/load_report_page.html HTTP/1.1" 200 11729
117.131.5.26 - - [06/Sep/2020:10:37:53 +0800] "GET /xingrg/servlets/image?cache=0.8209045908959579&image=px HTTP/1.1" 200 807
222.69.129.160 - - [06/Sep/2020:10:37:55 +0800] "GET /xingrg/all/function/internal_message.html?_=1599359871042&CODE_STATE=getMsg HTTP/1.1" 200 27
222.69.129.160 - - [06/Sep/2020:10:37:55 +0800] "GET /xingrg/check_reg.html?_=1599359871041 HTTP/1.1" 200 22
116.238.90.59 - - [06/Sep/2020:10:37:55 +0800] "GET /xingrg/all/function/internal_message.html?_=1599360078781&CODE_STATE=getMsg HTTP/1.1" 200 27
180.157.253.48 - - [06/Sep/2020:10:37:57 +0800] "GET /xingrg/kc/base/stock_operate.html?_=1599359872960&command=get_report_file&start_day=20200201 HTTP/1.1" 200 53
180.157.253.48 - - [06/Sep/2020:10:37:57 +0800] "GET /xingrg/all/report/report_query.html?isQuery=1&onlyBody=1&rh=2000&fileName=kc/base/kc_stock_detail_new.xml&queryString=(1=1)&queryText=&tableQueryString=init_table$sp1$$sp$crk_table$sp1$order_day%20between%2020200201%20and%2020200930&varString=start_day:20200201,materiel_code:00101013063,cost_id:2547,end_date:20200131 HTTP/1.1" 200 48701
180.157.253.48 - - [06/Sep/2020:10:37:57 +0800] "GET /xingrg/javascript/multi_select/jqueryMultiSelect.css HTTP/1.1" 304 -
180.157.253.48 - - [06/Sep/2020:10:37:57 +0800] "GET /xingrg/javascript/jquery_easy_ui/themes/default/easyui.css HTTP/1.1" 304 -
180.157.253.48 - - [06/Sep/2020:10:37:57 +0800] "GET /xingrg/javascript/calendar/timePicker.css HTTP/1.1" 304 -
180.157.253.48 - - [06/Sep/2020:10:37:57 +0800] "GET /xingrg/css/form.css HTTP/1.1" 304 -
180.157.253.48 - - [06/Sep/2020:10:37:57 +0800] "GET /xingrg/javascript/jquery_easy_ui/themes/icon.css HTTP/1.1" 304 -
180.157.253.48 - - [06/Sep/2020:10:37:57 +0800] "GET /xingrg/javascript/pic_change.js HTTP/1.1" 304 -
180.157.253.48 - - [06/Sep/2020:10:37:57 +0800] "GET /xingrg/javascript/bigrid/fix.css HTTP/1.1" 304 -
180.157.253.48 - - [06/Sep/2020:10:37:57 +0800] "GET /xingrg/dwr/util.js HTTP/1.1" 304 -
180.157.253.48 - - [06/Sep/2020:10:37:57 +0800] "GET /xingrg/dwr/interface/AjaxReportQueryService.js HTTP/1.1" 200 13203
180.157.253.48 - - [06/Sep/2020:10:37:57 +0800] "GET /xingrg/javascript/myfunction.js HTTP/1.1" 304 -
180.157.253.48 - - [06/Sep/2020:10:37:57 +0800] "GET /xingrg/javascript/Calendar.js HTTP/1.1" 304 -
180.157.253.48 - - [06/Sep/2020:10:37:57 +0800] "GET /xingrg/javascript/jquery_easy_ui/jquery.easyui.min.js HTTP/1.1" 304 -
180.157.253.48 - - [06/Sep/2020:10:37:57 +0800] "GET /xingrg/javascript/jquery.utils.js HTTP/1.1" 304 -
180.157.253.48 - - [06/Sep/2020:10:37:57 +0800] "GET /xingrg/javascript/jqueryMultiSelect.js HTTP/1.1" 304 -
180.157.253.48 - - [06/Sep/2020:10:37:57 +0800] "GET /xingrg/javascript/jquery-1.4.2.min.js HTTP/1.1" 304 -
180.157.253.48 - - [06/Sep/2020:10:37:57 +0800] "GET /xingrg/javascript/calendar/jquery.timePicker.min.js HTTP/1.1" 304 -
180.157.253.48 - - [06/Sep/2020:10:37:57 +0800] "GET /xingrg/css/blue.css HTTP/1.1" 304 -
180.157.253.48 - - [06/Sep/2020:10:37:57 +0800] "GET /xingrg/javascript/bigrid/fix.js HTTP/1.1" 304 -
180.157.253.48 - - [06/Sep/2020:10:37:57 +0800] "GET /xingrg/dwr/engine.js HTTP/1.1" 200 43631
180.157.253.48 - - [06/Sep/2020:10:37:57 +0800] "GET /xingrg/images/control/loading.gif HTTP/1.1" 304 -
180.157.253.48 - - [06/Sep/2020:10:37:57 +0800] "GET /xingrg/images/blue/button/advance2over.gif HTTP/1.1" 304 -
180.157.253.48 - - [06/Sep/2020:10:37:57 +0800] "GET /xingrg/images/blue/button/backover.gif HTTP/1.1" 304 -
180.157.253.48 - - [06/Sep/2020:10:37:57 +0800] "GET /xingrg/images/blue/button/back2over.gif HTTP/1.1" 304 -
180.157.253.48 - - [06/Sep/2020:10:37:57 +0800] "GET /xingrg/images/blue/button/advanceover.gif HTTP/1.1" 304 -
180.157.253.48 - - [06/Sep/2020:10:37:57 +0800] "GET /xingrg/javascript/jquery_easy_ui/themes/icons/help.png HTTP/1.1" 304 -
61.172.5.115 - - [06/Sep/2020:10:37:57 +0800] "POST /xingrg/kc/buy/cgsh_order_operate.html HTTP/1.1" 200 37
218.81.217.115 - - [06/Sep/2020:10:37:57 +0800] "GET /xingrg/kc/buy/cgsh_order_operate.html?command=get_materiel&rest_code=00146&code=00101001142&supplier_code=00100313&order_time=2020-09-06 HTTP/1.1" 200 413
180.157.253.48 - - [06/Sep/2020:10:37:58 +0800] "POST /xingrg/all/report/load_report_page.html HTTP/1.1" 200 20152
180.157.253.48 - - [06/Sep/2020:10:37:58 +0800] "GET /xingrg/servlets/image?cache=0.6787795213865304&image=px HTTP/1.1" 200 807
61.172.5.115 - - [06/Sep/2020:10:37:58 +0800] "POST /xingrg/kc/buy/cgsh_order_operate.html HTTP/1.1" 200 6818
117.131.5.26 - - [06/Sep/2020:10:37:59 +0800] "GET /xingrg/all/function/internal_message.html?_=1599359875286&CODE_STATE=getMsg HTTP/1.1" 200 27
61.172.5.115 - - [06/Sep/2020:10:37:59 +0800] "GET /xingrg/kc/print/load_data.html?order_code=212020090602348&kc_code=cgsh&condition= HTTP/1.1" 200 2262
180.157.253.48 - - [06/Sep/2020:10:38:00 +0800] "GET /xingrg/javascript/jquery_easy_ui/themes/default/images/tabs_active.png HTTP/1.1" 304 -
61.172.5.115 - - [06/Sep/2020:10:38:01 +0800] "GET /xingrg/all/function/internal_message.html?_=1599359877628&CODE_STATE=getMsg HTTP/1.1" 200 27
116.230.74.197 - - [06/Sep/2020:10:38:03 +0800] "GET /xingrg/kc/buy/cgsh_order_add.html HTTP/1.1" 200 59715
61.172.5.115 - - [06/Sep/2020:10:38:03 +0800] "GET /xingrg/kc/buy/cgsh_order_add.html HTTP/1.1" 200 59668
116.230.74.197 - - [06/Sep/2020:10:38:04 +0800] "GET /xingrg/words/20200905160344_words.js HTTP/1.1" 304 -
116.230.74.197 - - [06/Sep/2020:10:38:04 +0800] "GET /xingrg/javascript/easyui/themes/default/validatebox.css HTTP/1.1" 404 1104
116.230.74.197 - - [06/Sep/2020:10:38:04 +0800] "POST /xingrg/kc/buy/cgsh_order_operate.html HTTP/1.1" 200 8245
61.172.5.115 - - [06/Sep/2020:10:38:04 +0800] "GET /xingrg/javascript/easyui/themes/default/validatebox.css HTTP/1.1" 404 1104
117.131.5.26 - - [06/Sep/2020:10:38:04 +0800] "GET /xingrg/javascript/jquery_easy_ui/themes/default/images/tree_checkbox_2.gif HTTP/1.1" 304 -
61.172.5.115 - - [06/Sep/2020:10:38:05 +0800] "POST /xingrg/kc/buy/cgsh_order_operate.html HTTP/1.1" 200 8245
114.88.166.242 - - [06/Sep/2020:10:38:07 +0800] "GET /xingrg/all/function/internal_message.html?_=1599359943172&CODE_STATE=getMsg HTTP/1.1" 200 27
114.88.166.242 - - [06/Sep/2020:10:38:07 +0800] "GET /xingrg/check_reg.html?_=1599359943270 HTTP/1.1" 200 22
120.253.135.82 - - [06/Sep/2020:10:38:10 +0800] "POST /xingrg/kc/base/stock_operate.html HTTP/1.1" 200 1478
120.253.135.82 - - [06/Sep/2020:10:38:10 +0800] "GET /xingrg/javascript/jquery_tools/fix_table.js HTTP/1.1" 304 -
58.221.95.50 - - [06/Sep/2020:10:38:11 +0800] "GET /xingrg/all/function/internal_message.html?_=1599360032777&CODE_STATE=getMsg HTTP/1.1" 200 27
117.131.5.26 - - [06/Sep/2020:10:38:14 +0800] "GET /xingrg/kc/base/crk_hz.html?_=1599359890084&command=get_cost_id&end_date=2020-09-30&start_date=2020-09-01 HTTP/1.1" 200 51
180.157.253.48 - - [06/Sep/2020:10:38:14 +0800] "GET /xingrg/all/function/internal_message.html?_=1599359890142&CODE_STATE=getMsg HTTP/1.1" 200 27
117.131.5.26 - - [06/Sep/2020:10:38:14 +0800] "GET /xingrg/all/report/report_query.html?isQuery=1&onlyBody=1&rh=99999&rw=1800&varString=start:20200901,cost_id:2821,mid:20200901&fileName=kc/base/crk_hz_type_by_base.xml&queryString=%20a.base_code%20in%20('0010326')%20&queryText=ÈÕÆÚ£º2020-09-01ÖÁ2020-09-30%20²Ö¿â£º°Ę́&tableQueryString=materiel_table$sp1$$sp$before_table$sp1$$sp$crk_table$sp1$order_day%20between%2020200901%20and%2020200930 HTTP/1.1" 200 49398
117.131.5.26 - - [06/Sep/2020:10:38:14 +0800] "GET /xingrg/dwr/interface/AjaxReportQueryService.js HTTP/1.1" 200 13203
117.131.5.26 - - [06/Sep/2020:10:38:14 +0800] "GET /xingrg/dwr/engine.js HTTP/1.1" 200 43631
117.131.5.26 - - [06/Sep/2020:10:38:15 +0800] "POST /xingrg/all/report/load_report_page.html HTTP/1.1" 200 94426
117.131.5.26 - - [06/Sep/2020:10:38:15 +0800] "GET /xingrg/servlets/image?cache=0.7335637161234709&image=px HTTP/1.1" 200 807
114.86.227.136 - - [06/Sep/2020:10:38:17 +0800] "GET /xingrg/all/function/internal_message.html?_=1599359907671&CODE_STATE=getMsg HTTP/1.1" 200 27
218.81.217.115 - - [06/Sep/2020:10:38:18 +0800] "GET /xingrg/kc/buy/cgsh_order_operate.html?command=get_materiel&rest_code=00146&code=00102026001&supplier_code=00100313&order_time=2020-09-06 HTTP/1.1" 200 409
172.17.0.117 - - [06/Sep/2020:10:38:20 +0800] "GET /xingrg/all/function/internal_message.html?_=1599359896115&CODE_STATE=getMsg HTTP/1.1" 200 27
116.230.74.197 - - [06/Sep/2020:10:38:20 +0800] "GET /xingrg/all/function/internal_message.html?_=1599359896362&CODE_STATE=getMsg HTTP/1.1" 200 27
172.17.0.185 - - [06/Sep/2020:10:38:22 +0800] "GET /xingrg/all/function/internal_message.html?_=1599359897583&CODE_STATE=getMsg HTTP/1.1" 200 27
172.17.0.120 - - [06/Sep/2020:10:38:23 +0800] "GET /xingrg/all/function/internal_message.html?_=1599359899321&CODE_STATE=getMsg HTTP/1.1" 200 27
61.172.5.115 - - [06/Sep/2020:10:38:23 +0800] "GET /xingrg/kc/buy/cgsh_order_operate.html?command=get_materiel&rest_code=00105&code=00101011005&supplier_code=00100347&order_time=2020-09-06 HTTP/1.1" 200 428
120.253.135.82 - - [06/Sep/2020:10:38:25 +0800] "GET /xingrg/javascript/easyui/themes/sunny/images/ui-bg_gloss-wave_60_fece2f_500x100.png HTTP/1.1" 200 3512
