61.172.5.115 - - [06/Sep/2020:08:44:59 +0800] "GET /xingrg/dwr/interface/AjaxQqpsService.js HTTP/1.1" 200 16326
61.172.5.115 - - [06/Sep/2020:08:44:59 +0800] "GET /xingrg/dwr/engine.js HTTP/1.1" 200 43631
61.172.5.115 - - [06/Sep/2020:08:45:02 +0800] "GET /xingrg/kc/buy/cgsh_order_list.html HTTP/1.1" 200 43930
61.172.5.115 - - [06/Sep/2020:08:45:03 +0800] "POST /xingrg/kc/buy/cgsh_list_operate.html HTTP/1.1" 200 876
61.172.5.115 - - [06/Sep/2020:08:45:04 +0800] "GET /xingrg/kc/buy/cgsh_order_add.html HTTP/1.1" 200 59668
61.172.5.115 - - [06/Sep/2020:08:45:04 +0800] "GET /xingrg/words/20200905160344_words.js HTTP/1.1" 304 -
61.172.5.115 - - [06/Sep/2020:08:45:04 +0800] "GET /xingrg/all/common/auto_word.html?type=employee&rest_code=00105 HTTP/1.1" 200 193
61.172.5.115 - - [06/Sep/2020:08:45:04 +0800] "GET /xingrg/all/common/auto_word.html?type=employee&rest_code=00105 HTTP/1.1" 200 193
61.172.5.115 - - [06/Sep/2020:08:45:04 +0800] "GET /xingrg/javascript/easyui/themes/default/validatebox.css HTTP/1.1" 404 1104
61.172.5.115 - - [06/Sep/2020:08:45:04 +0800] "POST /xingrg/kc/buy/cgsh_order_operate.html HTTP/1.1" 200 8245
61.172.5.115 - - [06/Sep/2020:08:45:05 +0800] "GET /xingrg/javascript/auto/indicator.gif HTTP/1.1" 404 1066
116.230.74.197 - - [06/Sep/2020:08:45:06 +0800] "POST /xingrg/kc/buy/cgsh_order_operate.html HTTP/1.1" 200 37
114.88.166.242 - - [06/Sep/2020:08:45:07 +0800] "GET /xingrg/all/function/internal_message.html?_=1599353163054&CODE_STATE=getMsg HTTP/1.1" 200 27
116.230.74.197 - - [06/Sep/2020:08:45:07 +0800] "POST /xingrg/kc/buy/cgsh_order_operate.html HTTP/1.1" 200 5021
218.81.217.115 - - [06/Sep/2020:08:45:09 +0800] "GET /xingrg/all/function/internal_message.html?_=1599353106231&CODE_STATE=getMsg HTTP/1.1" 200 27
116.230.74.197 - - [06/Sep/2020:08:45:10 +0800] "GET /xingrg/kc/print/load_config.html?kc_code=cgsh HTTP/1.1" 200 1845
116.230.74.197 - - [06/Sep/2020:08:45:10 +0800] "GET /xingrg/kc/print/load_data.html?order_code=212020090602250&kc_code=cgsh&condition= HTTP/1.1" 200 1613
58.221.95.50 - - [06/Sep/2020:08:45:13 +0800] "GET /xingrg/all/function/internal_message.html?_=1599353255445&CODE_STATE=getMsg HTTP/1.1" 200 27
61.172.5.115 - - [06/Sep/2020:08:45:13 +0800] "GET /xingrg/system/info/materiel_import.html?isSelect=1&singleSelect=false HTTP/1.1" 200 5600
61.172.5.115 - - [06/Sep/2020:08:45:14 +0800] "POST /xingrg/all/common/load_tree.html?tree=materiel_sort_tree_json HTTP/1.1" 200 8666
61.172.5.115 - - [06/Sep/2020:08:45:14 +0800] "GET /favicon.ico HTTP/1.1" 404 -
116.230.74.197 - - [06/Sep/2020:08:45:20 +0800] "GET /xingrg/all/function/internal_message.html?_=1599353116407&CODE_STATE=getMsg HTTP/1.1" 200 27
61.172.5.115 - - [06/Sep/2020:08:45:23 +0800] "GET /xingrg/kc/buy/cgsh_order_operate.html?command=get_materiel&rest_code=00105&code=00101006193&supplier_code=00100013&order_time=2020-09-06 HTTP/1.1" 200 409
116.238.71.173 - - [06/Sep/2020:08:45:27 +0800] "GET /xingrg/all/function/internal_message.html?_=1599353123092&CODE_STATE=getMsg HTTP/1.1" 200 27
172.17.200.101 - - [06/Sep/2020:08:45:32 +0800] "GET /xingrg/all/function/internal_message.html?_=1599353128323&CODE_STATE=getMsg HTTP/1.1" 200 27
222.69.129.160 - - [06/Sep/2020:08:45:33 +0800] "GET /xingrg/all/function/internal_message.html?_=1599353129685&CODE_STATE=getMsg HTTP/1.1" 200 27
61.172.5.115 - - [06/Sep/2020:08:45:35 +0800] "GET /xingrg/kc/buy/cgsh_order_operate.html?command=get_materiel&rest_code=00105&code=00101016104&supplier_code=00100013&order_time=2020-09-06 HTTP/1.1" 200 409
116.238.90.59 - - [06/Sep/2020:08:45:39 +0800] "GET /xingrg/check_reg.html?_=1599353342051 HTTP/1.1" 200 22
116.238.90.59 - - [06/Sep/2020:08:45:39 +0800] "GET /xingrg/all/function/internal_message.html?_=1599353342672&CODE_STATE=getMsg HTTP/1.1" 200 27
172.17.0.240 - - [06/Sep/2020:08:45:42 +0800] "GET /xingrg/all/function/internal_message.html?_=1599353137690&CODE_STATE=getMsg HTTP/1.1" 302 -
58.37.9.106 - - [06/Sep/2020:08:45:42 +0800] "GET /xingrg/check_reg.html?_=1599353138544 HTTP/1.1" 200 22
222.69.129.160 - - [06/Sep/2020:08:45:44 +0800] "GET /xingrg/all/function/internal_message.html?_=1599353141636&CODE_STATE=getMsg HTTP/1.1" 200 27
218.81.217.115 - - [06/Sep/2020:08:45:46 +0800] "GET /xingrg/all/function/internal_message.html?_=1599353163467&CODE_STATE=getMsg HTTP/1.1" 200 27
61.172.5.115 - - [06/Sep/2020:08:45:46 +0800] "GET /xingrg/kc/buy/cgsh_order_operate.html?command=get_materiel&rest_code=00105&code=00101010248&supplier_code=00100013&order_time=2020-09-06 HTTP/1.1" 200 430
61.172.5.115 - - [06/Sep/2020:08:45:47 +0800] "GET /xingrg/all/function/internal_message.html?_=1599353143003&CODE_STATE=getMsg HTTP/1.1" 200 27
61.172.5.115 - - [06/Sep/2020:08:45:54 +0800] "POST /xingrg/all/common/load_select.html HTTP/1.1" 200 25
61.151.178.165 - - [06/Sep/2020:08:45:54 +0800] "GET /xingrg/check_reg.html?_=1599352538568 HTTP/1.1" 302 -
61.172.5.115 - - [06/Sep/2020:08:45:56 +0800] "GET /xingrg/kc/buy/cgsh_order_operate.html?command=get_materiel_price&rest_code=00105&code=00101010248&unit_code=00100043&supplier_code=00100013&order_time=2020-09-06 HTTP/1.1" 200 29
61.151.178.165 - - [06/Sep/2020:08:46:01 +0800] "GET /xingrg/login.html HTTP/1.1" 200 7641
61.172.5.115 - - [06/Sep/2020:08:46:04 +0800] "GET /xingrg/kc/buy/cgsh_order_operate.html?command=get_materiel&rest_code=00105&code=00101006112&supplier_code=00100013&order_time=2020-09-06 HTTP/1.1" 200 409
114.88.166.242 - - [06/Sep/2020:08:46:06 +0800] "GET /xingrg/all/function/internal_message.html?_=1599353223007&CODE_STATE=getMsg HTTP/1.1" 200 27
218.81.217.115 - - [06/Sep/2020:08:46:09 +0800] "GET /xingrg/all/function/internal_message.html?_=1599353166231&CODE_STATE=getMsg HTTP/1.1" 200 27
61.172.5.115 - - [06/Sep/2020:08:46:11 +0800] "GET /xingrg/kc/buy/cgsh_order_operate.html?command=get_materiel&rest_code=00105&code=00101006106&supplier_code=00100013&order_time=2020-09-06 HTTP/1.1" 200 421
58.221.95.50 - - [06/Sep/2020:08:46:13 +0800] "GET /xingrg/all/function/internal_message.html?_=1599353315427&CODE_STATE=getMsg HTTP/1.1" 200 27
116.230.74.197 - - [06/Sep/2020:08:46:20 +0800] "GET /xingrg/all/function/internal_message.html?_=1599353176394&CODE_STATE=getMsg HTTP/1.1" 200 27
61.172.5.115 - - [06/Sep/2020:08:46:26 +0800] "GET /xingrg/kc/buy/cgsh_order_operate.html?command=get_materiel&rest_code=00105&code=00101006129&supplier_code=00100013&order_time=2020-09-06 HTTP/1.1" 200 431
116.238.71.173 - - [06/Sep/2020:08:46:27 +0800] "GET /xingrg/all/function/internal_message.html?_=1599353183142&CODE_STATE=getMsg HTTP/1.1" 200 27
172.17.200.101 - - [06/Sep/2020:08:46:32 +0800] "GET /xingrg/all/function/internal_message.html?_=1599353188326&CODE_STATE=getMsg HTTP/1.1" 200 27
222.69.129.160 - - [06/Sep/2020:08:46:33 +0800] "GET /xingrg/all/function/internal_message.html?_=1599353189685&CODE_STATE=getMsg HTTP/1.1" 200 27
58.221.95.50 - - [06/Sep/2020:08:46:38 +0800] "GET /xingrg/check_reg.html?_=1599353340061 HTTP/1.1" 200 22
116.238.90.59 - - [06/Sep/2020:08:46:39 +0800] "GET /xingrg/all/function/internal_message.html?_=1599353402686&CODE_STATE=getMsg HTTP/1.1" 200 27
172.17.0.240 - - [06/Sep/2020:08:46:42 +0800] "GET /xingrg/all/function/internal_message.html?_=1599353197676&CODE_STATE=getMsg HTTP/1.1" 302 -
172.17.0.240 - - [06/Sep/2020:08:46:42 +0800] "GET /xingrg/check_reg.html?_=1599353197678 HTTP/1.1" 302 -
61.172.5.115 - - [06/Sep/2020:08:46:44 +0800] "GET /xingrg/kc/buy/cgsh_order_operate.html?command=get_materiel&rest_code=00105&code=00101010136&supplier_code=00100013&order_time=2020-09-06 HTTP/1.1" 200 408
222.69.129.160 - - [06/Sep/2020:08:46:44 +0800] "GET /xingrg/all/function/internal_message.html?_=1599353201628&CODE_STATE=getMsg HTTP/1.1" 200 27
218.81.217.115 - - [06/Sep/2020:08:46:46 +0800] "GET /xingrg/all/function/internal_message.html?_=1599353223566&CODE_STATE=getMsg HTTP/1.1" 200 27
61.172.5.115 - - [06/Sep/2020:08:46:47 +0800] "GET /xingrg/all/function/internal_message.html?_=1599353203068&CODE_STATE=getMsg HTTP/1.1" 200 27
172.17.0.240 - - [06/Sep/2020:08:47:06 +0800] "GET /xingrg/check_reg.html?_=1599353222188 HTTP/1.1" 302 -
114.88.166.242 - - [06/Sep/2020:08:47:06 +0800] "GET /xingrg/all/function/internal_message.html?_=1599353283005&CODE_STATE=getMsg HTTP/1.1" 200 27
61.172.5.115 - - [06/Sep/2020:08:47:09 +0800] "GET /xingrg/kc/buy/cgsh_order_operate.html?command=get_materiel&rest_code=00105&code=00101006133&supplier_code=00100013&order_time=2020-09-06 HTTP/1.1" 200 413
218.81.217.115 - - [06/Sep/2020:08:47:09 +0800] "GET /xingrg/all/function/internal_message.html?_=1599353226303&CODE_STATE=getMsg HTTP/1.1" 200 27
58.221.95.50 - - [06/Sep/2020:08:47:13 +0800] "GET /xingrg/all/function/internal_message.html?_=1599353375401&CODE_STATE=getMsg HTTP/1.1" 200 27
61.172.5.115 - - [06/Sep/2020:08:47:16 +0800] "POST /xingrg/services/DataTransmitService HTTP/1.1" 200 524
61.172.5.115 - - [06/Sep/2020:08:47:16 +0800] "POST /xingrg/services/DataTransmitService HTTP/1.1" 200 501
61.172.5.115 - - [06/Sep/2020:08:47:16 +0800] "POST /xingrg/services/DataTransmitService HTTP/1.1" 200 501
61.172.5.115 - - [06/Sep/2020:08:47:18 +0800] "POST /xingrg/services/DataTransmitService HTTP/1.1" 200 501
61.172.5.115 - - [06/Sep/2020:08:47:19 +0800] "POST /xingrg/services/DataTransmitService HTTP/1.1" 200 501
61.172.5.115 - - [06/Sep/2020:08:47:20 +0800] "POST /xingrg/services/DataTransmitService HTTP/1.1" 200 501
116.230.74.197 - - [06/Sep/2020:08:47:20 +0800] "GET /xingrg/check_reg.html?_=1599353236274 HTTP/1.1" 200 22
116.230.74.197 - - [06/Sep/2020:08:47:20 +0800] "GET /xingrg/all/function/internal_message.html?_=1599353236369&CODE_STATE=getMsg HTTP/1.1" 200 27
61.172.5.115 - - [06/Sep/2020:08:47:20 +0800] "POST /xingrg/all/common/load_select.html HTTP/1.1" 200 25
61.172.5.115 - - [06/Sep/2020:08:47:22 +0800] "POST /xingrg/services/DataTransmitService HTTP/1.1" 200 501
61.172.5.115 - - [06/Sep/2020:08:47:24 +0800] "POST /xingrg/services/DataTransmitService HTTP/1.1" 200 501
61.172.5.115 - - [06/Sep/2020:08:47:26 +0800] "POST /xingrg/services/DataTransmitService HTTP/1.1" 200 412
116.238.71.173 - - [06/Sep/2020:08:47:27 +0800] "GET /xingrg/all/function/internal_message.html?_=1599353243191&CODE_STATE=getMsg HTTP/1.1" 200 27
172.17.200.101 - - [06/Sep/2020:08:47:32 +0800] "GET /xingrg/all/function/internal_message.html?_=1599353248313&CODE_STATE=getMsg HTTP/1.1" 200 27
222.69.129.160 - - [06/Sep/2020:08:47:33 +0800] "GET /xingrg/check_reg.html?_=1599353249688 HTTP/1.1" 200 22
222.69.129.160 - - [06/Sep/2020:08:47:33 +0800] "GET /xingrg/all/function/internal_message.html?_=1599353249690&CODE_STATE=getMsg HTTP/1.1" 200 27
218.81.217.115 - - [06/Sep/2020:08:47:36 +0800] "GET /xingrg/check_reg.html?_=1599353253342 HTTP/1.1" 200 22
116.238.90.59 - - [06/Sep/2020:08:47:39 +0800] "GET /xingrg/all/function/internal_message.html?_=1599353462699&CODE_STATE=getMsg HTTP/1.1" 200 27
172.17.0.240 - - [06/Sep/2020:08:47:42 +0800] "GET /xingrg/all/function/internal_message.html?_=1599353257678&CODE_STATE=getMsg HTTP/1.1" 302 -
61.172.5.115 - - [06/Sep/2020:08:47:42 +0800] "GET /xingrg/kc/buy/cgsh_order_operate.html?command=get_materiel&rest_code=00105&code=00101006130&supplier_code=00100013&order_time=2020-09-06 HTTP/1.1" 200 427
222.69.129.160 - - [06/Sep/2020:08:47:44 +0800] "GET /xingrg/all/function/internal_message.html?_=1599353261636&CODE_STATE=getMsg HTTP/1.1" 200 27
218.81.217.115 - - [06/Sep/2020:08:47:46 +0800] "GET /xingrg/all/function/internal_message.html?_=1599353283573&CODE_STATE=getMsg HTTP/1.1" 200 27
117.184.7.26 - - [06/Sep/2020:08:47:46 +0800] "GET /xingrg/check_reg.html?_=1599353250164 HTTP/1.1" 200 22
61.172.5.115 - - [06/Sep/2020:08:47:47 +0800] "GET /xingrg/all/function/internal_message.html?_=1599353263080&CODE_STATE=getMsg HTTP/1.1" 200 27
114.88.166.242 - - [06/Sep/2020:08:48:06 +0800] "GET /xingrg/all/function/internal_message.html?_=1599353343004&CODE_STATE=getMsg HTTP/1.1" 200 27
114.88.166.242 - - [06/Sep/2020:08:48:06 +0800] "GET /xingrg/check_reg.html?_=1599353343003 HTTP/1.1" 200 22
218.81.217.115 - - [06/Sep/2020:08:48:09 +0800] "GET /xingrg/all/function/internal_message.html?_=1599353286305&CODE_STATE=getMsg HTTP/1.1" 200 27
222.69.129.160 - - [06/Sep/2020:08:48:11 +0800] "GET /xingrg/kc/buy/cgsh_order_add.html HTTP/1.1" 200 59721
222.69.129.160 - - [06/Sep/2020:08:48:11 +0800] "GET /xingrg/words/20200905160344_words.js HTTP/1.1" 200 760699
222.69.129.160 - - [06/Sep/2020:08:48:11 +0800] "POST /xingrg/kc/buy/cgsh_order_operate.html HTTP/1.1" 200 8245
222.69.129.160 - - [06/Sep/2020:08:48:11 +0800] "GET /xingrg/all/common/auto_word.html?type=employee&rest_code=00149 HTTP/1.1" 200 197
222.69.129.160 - - [06/Sep/2020:08:48:11 +0800] "GET /xingrg/all/common/auto_word.html?type=employee&rest_code=00149 HTTP/1.1" 200 197
222.69.129.160 - - [06/Sep/2020:08:48:11 +0800] "GET /xingrg/javascript/easyui/themes/default/validatebox.css HTTP/1.1" 404 1104
58.221.95.50 - - [06/Sep/2020:08:48:13 +0800] "GET /xingrg/all/function/internal_message.html?_=1599353435376&CODE_STATE=getMsg HTTP/1.1" 200 27
116.230.74.197 - - [06/Sep/2020:08:48:20 +0800] "GET /xingrg/all/function/internal_message.html?_=1599353296353&CODE_STATE=getMsg HTTP/1.1" 200 27
116.238.71.173 - - [06/Sep/2020:08:48:27 +0800] "GET /xingrg/check_reg.html?_=1599353303226 HTTP/1.1" 200 22
116.238.71.173 - - [06/Sep/2020:08:48:27 +0800] "GET /xingrg/all/function/internal_message.html?_=1599353303229&CODE_STATE=getMsg HTTP/1.1" 200 27
172.17.200.101 - - [06/Sep/2020:08:48:32 +0800] "GET /xingrg/all/function/internal_message.html?_=1599353308314&CODE_STATE=getMsg HTTP/1.1" 200 27
172.17.200.101 - - [06/Sep/2020:08:48:32 +0800] "GET /xingrg/check_reg.html?_=1599353308319 HTTP/1.1" 200 22
222.69.129.160 - - [06/Sep/2020:08:48:33 +0800] "GET /xingrg/all/function/internal_message.html?_=1599353309682&CODE_STATE=getMsg HTTP/1.1" 200 27
61.172.5.115 - - [06/Sep/2020:08:48:39 +0800] "POST /xingrg/kc/buy/cgsh_order_operate.html HTTP/1.1" 200 37
116.238.90.59 - - [06/Sep/2020:08:48:39 +0800] "GET /xingrg/all/function/internal_message.html?_=1599353522756&CODE_STATE=getMsg HTTP/1.1" 200 27
61.172.5.115 - - [06/Sep/2020:08:48:41 +0800] "POST /xingrg/kc/buy/cgsh_order_operate.html HTTP/1.1" 200 8046
172.17.0.240 - - [06/Sep/2020:08:48:42 +0800] "GET /xingrg/all/function/internal_message.html?_=1599353317680&CODE_STATE=getMsg HTTP/1.1" 302 -
61.172.5.115 - - [06/Sep/2020:08:48:42 +0800] "GET /xingrg/kc/print/load_config.html?kc_code=cgsh HTTP/1.1" 200 1845
61.172.5.115 - - [06/Sep/2020:08:48:42 +0800] "GET /xingrg/kc/print/load_data.html?order_code=212020090602251&kc_code=cgsh&condition= HTTP/1.1" 200 2812
222.69.129.160 - - [06/Sep/2020:08:48:44 +0800] "GET /xingrg/all/function/internal_message.html?_=1599353321650&CODE_STATE=getMsg HTTP/1.1" 200 27
218.81.217.115 - - [06/Sep/2020:08:48:46 +0800] "GET /xingrg/all/function/internal_message.html?_=1599353343689&CODE_STATE=getMsg HTTP/1.1" 200 27
61.172.5.115 - - [06/Sep/2020:08:48:47 +0800] "GET /xingrg/all/function/internal_message.html?_=1599353323014&CODE_STATE=getMsg HTTP/1.1" 200 27
61.172.5.115 - - [06/Sep/2020:08:48:47 +0800] "GET /xingrg/kc/buy/cgsh_order_add.html HTTP/1.1" 200 59668
61.172.5.115 - - [06/Sep/2020:08:48:47 +0800] "GET /xingrg/javascript/easyui/themes/default/validatebox.css HTTP/1.1" 404 1104
61.172.5.115 - - [06/Sep/2020:08:48:47 +0800] "POST /xingrg/kc/buy/cgsh_order_operate.html HTTP/1.1" 200 8245
218.81.217.115 - - [06/Sep/2020:08:48:54 +0800] "GET /xingrg/check_reg.html?_=1599353351718 HTTP/1.1" 200 22
222.69.129.160 - - [06/Sep/2020:08:48:59 +0800] "GET /xingrg/javascript/auto/indicator.gif HTTP/1.1" 404 1066
222.69.129.160 - - [06/Sep/2020:08:49:01 +0800] "GET /xingrg/javascript/jquery_tools/images/prev.gif HTTP/1.1" 404 1086
222.69.129.160 - - [06/Sep/2020:08:49:01 +0800] "GET /xingrg/javascript/jquery_tools/images/next.gif HTTP/1.1" 404 1086
114.88.166.242 - - [06/Sep/2020:08:49:06 +0800] "GET /xingrg/all/function/internal_message.html?_=1599353403003&CODE_STATE=getMsg HTTP/1.1" 200 27
218.81.217.115 - - [06/Sep/2020:08:49:09 +0800] "GET /xingrg/all/function/internal_message.html?_=1599353346319&CODE_STATE=getMsg HTTP/1.1" 200 27
58.221.95.50 - - [06/Sep/2020:08:49:13 +0800] "GET /xingrg/all/function/internal_message.html?_=1599353495350&CODE_STATE=getMsg HTTP/1.1" 200 27
61.172.5.115 - - [06/Sep/2020:08:49:16 +0800] "GET /xingrg/kc/buy/cgsh_order_operate.html?command=get_materiel&rest_code=00105&code=00101007081&supplier_code=00100002&order_time=2020-09-06 HTTP/1.1" 200 413
116.230.74.197 - - [06/Sep/2020:08:49:20 +0800] "GET /xingrg/all/function/internal_message.html?_=1599353356325&CODE_STATE=getMsg HTTP/1.1" 200 27
116.238.71.173 - - [06/Sep/2020:08:49:27 +0800] "GET /xingrg/all/function/internal_message.html?_=1599353363277&CODE_STATE=getMsg HTTP/1.1" 200 27
172.17.200.101 - - [06/Sep/2020:08:49:32 +0800] "GET /xingrg/all/function/internal_message.html?_=1599353368320&CODE_STATE=getMsg HTTP/1.1" 200 27
222.69.129.160 - - [06/Sep/2020:08:49:33 +0800] "GET /xingrg/all/function/internal_message.html?_=1599353369682&CODE_STATE=getMsg HTTP/1.1" 200 27
116.238.90.59 - - [06/Sep/2020:08:49:39 +0800] "GET /xingrg/all/function/internal_message.html?_=1599353582758&CODE_STATE=getMsg HTTP/1.1" 200 27
222.69.129.160 - - [06/Sep/2020:08:49:40 +0800] "GET /xingrg/kc/buy/cgsh_order_operate.html?command=get_materiel&rest_code=00149&code=00101008323&supplier_code=00100005&order_time=2020-09-06 HTTP/1.1" 200 408
172.17.0.240 - - [06/Sep/2020:08:49:42 +0800] "GET /xingrg/all/function/internal_message.html?_=1599353377685&CODE_STATE=getMsg HTTP/1.1" 302 -
222.69.129.160 - - [06/Sep/2020:08:49:44 +0800] "GET /xingrg/all/function/internal_message.html?_=1599353381661&CODE_STATE=getMsg HTTP/1.1" 200 27
222.69.129.160 - - [06/Sep/2020:08:49:44 +0800] "GET /xingrg/check_reg.html?_=1599353381666 HTTP/1.1" 200 22
218.81.217.115 - - [06/Sep/2020:08:49:46 +0800] "GET /xingrg/all/function/internal_message.html?_=1599353403694&CODE_STATE=getMsg HTTP/1.1" 200 27
61.172.5.115 - - [06/Sep/2020:08:49:47 +0800] "GET /xingrg/check_reg.html?_=1599353383016 HTTP/1.1" 200 22
61.172.5.115 - - [06/Sep/2020:08:49:47 +0800] "GET /xingrg/all/function/internal_message.html?_=1599353383021&CODE_STATE=getMsg HTTP/1.1" 200 27
114.88.166.242 - - [06/Sep/2020:08:50:06 +0800] "GET /xingrg/all/function/internal_message.html?_=1599353463001&CODE_STATE=getMsg HTTP/1.1" 200 27
218.81.217.115 - - [06/Sep/2020:08:50:09 +0800] "GET /xingrg/all/function/internal_message.html?_=1599353406392&CODE_STATE=getMsg HTTP/1.1" 200 27
58.221.95.50 - - [06/Sep/2020:08:50:13 +0800] "GET /xingrg/all/function/internal_message.html?_=1599353555325&CODE_STATE=getMsg HTTP/1.1" 200 27
116.230.74.197 - - [06/Sep/2020:08:50:20 +0800] "GET /xingrg/all/function/internal_message.html?_=1599353416308&CODE_STATE=getMsg HTTP/1.1" 200 27
116.238.71.173 - - [06/Sep/2020:08:50:27 +0800] "GET /xingrg/all/function/internal_message.html?_=1599353423326&CODE_STATE=getMsg HTTP/1.1" 200 27
222.69.129.160 - - [06/Sep/2020:08:50:29 +0800] "GET /xingrg/kc/buy/cgsh_order_operate.html?command=get_materiel&rest_code=00149&code=00101008176&supplier_code=00100005&order_time=2020-09-06 HTTP/1.1" 200 431
172.17.200.101 - - [06/Sep/2020:08:50:32 +0800] "GET /xingrg/all/function/internal_message.html?_=1599353428327&CODE_STATE=getMsg HTTP/1.1" 200 27
222.69.129.160 - - [06/Sep/2020:08:50:33 +0800] "GET /xingrg/all/function/internal_message.html?_=1599353429691&CODE_STATE=getMsg HTTP/1.1" 200 27
61.172.5.115 - - [06/Sep/2020:08:50:36 +0800] "POST /xingrg/kc/buy/cgsh_order_operate.html HTTP/1.1" 200 37
61.172.5.115 - - [06/Sep/2020:08:50:37 +0800] "POST /xingrg/kc/buy/cgsh_order_operate.html HTTP/1.1" 200 3249
222.69.129.160 - - [06/Sep/2020:08:50:37 +0800] "GET /xingrg/kc/buy/cgsh_order_operate.html?command=get_materiel&rest_code=00149&code=00101008091&supplier_code=00100005&order_time=2020-09-06 HTTP/1.1" 200 413
61.172.5.115 - - [06/Sep/2020:08:50:38 +0800] "GET /xingrg/kc/print/load_data.html?order_code=212020090602252&kc_code=cgsh&condition= HTTP/1.1" 200 971
116.238.90.59 - - [06/Sep/2020:08:50:39 +0800] "GET /xingrg/check_reg.html?_=1599353642101 HTTP/1.1" 200 22
116.238.90.59 - - [06/Sep/2020:08:50:39 +0800] "GET /xingrg/all/function/internal_message.html?_=1599353642773&CODE_STATE=getMsg HTTP/1.1" 200 27
172.17.0.240 - - [06/Sep/2020:08:50:42 +0800] "GET /xingrg/all/function/internal_message.html?_=1599353437688&CODE_STATE=getMsg HTTP/1.1" 302 -
58.37.9.106 - - [06/Sep/2020:08:50:42 +0800] "GET /xingrg/check_reg.html?_=1599353438511 HTTP/1.1" 200 22
222.69.129.160 - - [06/Sep/2020:08:50:44 +0800] "GET /xingrg/all/function/internal_message.html?_=1599353441656&CODE_STATE=getMsg HTTP/1.1" 200 27
222.69.129.160 - - [06/Sep/2020:08:50:45 +0800] "GET /xingrg/kc/buy/cgsh_order_operate.html?command=get_materiel&rest_code=00149&code=00101008302&supplier_code=00100005&order_time=2020-09-06 HTTP/1.1" 200 412
218.81.217.115 - - [06/Sep/2020:08:50:46 +0800] "GET /xingrg/all/function/internal_message.html?_=1599353463708&CODE_STATE=getMsg HTTP/1.1" 200 27
61.172.5.115 - - [06/Sep/2020:08:50:47 +0800] "GET /xingrg/all/function/internal_message.html?_=1599353443008&CODE_STATE=getMsg HTTP/1.1" 200 27
114.88.166.242 - - [06/Sep/2020:08:51:06 +0800] "GET /xingrg/all/function/internal_message.html?_=1599353522997&CODE_STATE=getMsg HTTP/1.1" 200 27
218.81.217.115 - - [06/Sep/2020:08:51:09 +0800] "GET /xingrg/all/function/internal_message.html?_=1599353466393&CODE_STATE=getMsg HTTP/1.1" 200 27
58.221.95.50 - - [06/Sep/2020:08:51:13 +0800] "GET /xingrg/all/function/internal_message.html?_=1599353615305&CODE_STATE=getMsg HTTP/1.1" 200 27
116.230.74.197 - - [06/Sep/2020:08:51:20 +0800] "GET /xingrg/all/function/internal_message.html?_=1599353476295&CODE_STATE=getMsg HTTP/1.1" 200 27
116.238.71.173 - - [06/Sep/2020:08:51:27 +0800] "GET /xingrg/all/function/internal_message.html?_=1599353483373&CODE_STATE=getMsg HTTP/1.1" 200 27
172.17.200.101 - - [06/Sep/2020:08:51:32 +0800] "GET /xingrg/all/function/internal_message.html?_=1599353488328&CODE_STATE=getMsg HTTP/1.1" 200 27
222.69.129.160 - - [06/Sep/2020:08:51:33 +0800] "GET /xingrg/all/function/internal_message.html?_=1599353489698&CODE_STATE=getMsg HTTP/1.1" 200 27
58.221.95.50 - - [06/Sep/2020:08:51:38 +0800] "GET /xingrg/check_reg.html?_=1599353640064 HTTP/1.1" 200 22
116.238.90.59 - - [06/Sep/2020:08:51:39 +0800] "GET /xingrg/all/function/internal_message.html?_=1599353702785&CODE_STATE=getMsg HTTP/1.1" 200 27
172.17.0.240 - - [06/Sep/2020:08:51:42 +0800] "GET /xingrg/check_reg.html?_=1599353497690 HTTP/1.1" 302 -
172.17.0.240 - - [06/Sep/2020:08:51:42 +0800] "GET /xingrg/all/function/internal_message.html?_=1599353497691&CODE_STATE=getMsg HTTP/1.1" 302 -
222.69.129.160 - - [06/Sep/2020:08:51:44 +0800] "GET /xingrg/all/function/internal_message.html?_=1599353501661&CODE_STATE=getMsg HTTP/1.1" 200 27
218.81.217.115 - - [06/Sep/2020:08:51:46 +0800] "GET /xingrg/all/function/internal_message.html?_=1599353523831&CODE_STATE=getMsg HTTP/1.1" 200 27
61.172.5.115 - - [06/Sep/2020:08:51:47 +0800] "GET /xingrg/all/function/internal_message.html?_=1599353503006&CODE_STATE=getMsg HTTP/1.1" 200 27
172.17.0.240 - - [06/Sep/2020:08:52:06 +0800] "GET /xingrg/check_reg.html?_=1599353522161 HTTP/1.1" 302 -
114.88.166.242 - - [06/Sep/2020:08:52:06 +0800] "GET /xingrg/all/function/internal_message.html?_=1599353583001&CODE_STATE=getMsg HTTP/1.1" 200 27
218.81.217.115 - - [06/Sep/2020:08:52:09 +0800] "GET /xingrg/all/function/internal_message.html?_=1599353526466&CODE_STATE=getMsg HTTP/1.1" 200 27
58.221.95.50 - - [06/Sep/2020:08:52:13 +0800] "GET /xingrg/all/function/internal_message.html?_=1599353675288&CODE_STATE=getMsg HTTP/1.1" 200 27
116.230.74.197 - - [06/Sep/2020:08:52:20 +0800] "GET /xingrg/check_reg.html?_=1599353536281 HTTP/1.1" 200 22
116.230.74.197 - - [06/Sep/2020:08:52:20 +0800] "GET /xingrg/all/function/internal_message.html?_=1599353536282&CODE_STATE=getMsg HTTP/1.1" 200 27
61.129.6.145 - - [06/Sep/2020:08:52:22 +0800] "GET /xingrg/check_reg.html?_=1599353138544 HTTP/1.1" 302 -
116.238.71.173 - - [06/Sep/2020:08:52:27 +0800] "GET /xingrg/all/function/internal_message.html?_=1599353543421&CODE_STATE=getMsg HTTP/1.1" 200 27
61.129.6.145 - - [06/Sep/2020:08:52:28 +0800] "GET /xingrg/login.html HTTP/1.1" 200 7641
172.17.200.101 - - [06/Sep/2020:08:52:32 +0800] "GET /xingrg/all/function/internal_message.html?_=1599353548329&CODE_STATE=getMsg HTTP/1.1" 200 27
222.69.129.160 - - [06/Sep/2020:08:52:33 +0800] "GET /xingrg/check_reg.html?_=1599353549698 HTTP/1.1" 200 22
222.69.129.160 - - [06/Sep/2020:08:52:33 +0800] "GET /xingrg/all/function/internal_message.html?_=1599353549699&CODE_STATE=getMsg HTTP/1.1" 200 27
218.81.217.115 - - [06/Sep/2020:08:52:36 +0800] "GET /xingrg/check_reg.html?_=1599353553352 HTTP/1.1" 200 22
116.238.90.59 - - [06/Sep/2020:08:52:39 +0800] "GET /xingrg/all/function/internal_message.html?_=1599353762800&CODE_STATE=getMsg HTTP/1.1" 200 27
172.17.0.240 - - [06/Sep/2020:08:52:42 +0800] "GET /xingrg/all/function/internal_message.html?_=1599353557679&CODE_STATE=getMsg HTTP/1.1" 302 -
222.69.129.160 - - [06/Sep/2020:08:52:44 +0800] "GET /xingrg/all/function/internal_message.html?_=1599353561649&CODE_STATE=getMsg HTTP/1.1" 200 27
218.81.217.115 - - [06/Sep/2020:08:52:46 +0800] "GET /xingrg/all/function/internal_message.html?_=1599353583843&CODE_STATE=getMsg HTTP/1.1" 200 27
117.184.7.30 - - [06/Sep/2020:08:52:46 +0800] "GET /xingrg/check_reg.html?_=1599353550164 HTTP/1.1" 200 22
61.172.5.115 - - [06/Sep/2020:08:52:47 +0800] "GET /xingrg/all/function/internal_message.html?_=1599353563009&CODE_STATE=getMsg HTTP/1.1" 200 27
114.88.166.242 - - [06/Sep/2020:08:53:06 +0800] "GET /xingrg/all/function/internal_message.html?_=1599353643000&CODE_STATE=getMsg HTTP/1.1" 200 27
114.88.166.242 - - [06/Sep/2020:08:53:06 +0800] "GET /xingrg/check_reg.html?_=1599353643001 HTTP/1.1" 200 22
218.81.217.115 - - [06/Sep/2020:08:53:09 +0800] "GET /xingrg/all/function/internal_message.html?_=1599353586467&CODE_STATE=getMsg HTTP/1.1" 200 27
58.221.95.50 - - [06/Sep/2020:08:53:13 +0800] "GET /xingrg/all/function/internal_message.html?_=1599353735258&CODE_STATE=getMsg HTTP/1.1" 200 27
116.230.74.197 - - [06/Sep/2020:08:53:20 +0800] "GET /xingrg/all/function/internal_message.html?_=1599353596274&CODE_STATE=getMsg HTTP/1.1" 200 27
116.238.71.173 - - [06/Sep/2020:08:53:27 +0800] "GET /xingrg/check_reg.html?_=1599353603471 HTTP/1.1" 200 22
116.238.71.173 - - [06/Sep/2020:08:53:27 +0800] "GET /xingrg/all/function/internal_message.html?_=1599353603474&CODE_STATE=getMsg HTTP/1.1" 200 27
172.17.200.101 - - [06/Sep/2020:08:53:32 +0800] "GET /xingrg/check_reg.html?_=1599353608329 HTTP/1.1" 200 22
172.17.200.101 - - [06/Sep/2020:08:53:32 +0800] "GET /xingrg/all/function/internal_message.html?_=1599353608334&CODE_STATE=getMsg HTTP/1.1" 200 27
222.69.129.160 - - [06/Sep/2020:08:53:33 +0800] "GET /xingrg/all/function/internal_message.html?_=1599353609696&CODE_STATE=getMsg HTTP/1.1" 200 27
116.238.90.59 - - [06/Sep/2020:08:53:39 +0800] "GET /xingrg/all/function/internal_message.html?_=1599353822864&CODE_STATE=getMsg HTTP/1.1" 200 27
172.17.0.240 - - [06/Sep/2020:08:53:42 +0800] "GET /xingrg/all/function/internal_message.html?_=1599353617682&CODE_STATE=getMsg HTTP/1.1" 302 -
222.69.129.160 - - [06/Sep/2020:08:53:44 +0800] "GET /xingrg/all/function/internal_message.html?_=1599353621659&CODE_STATE=getMsg HTTP/1.1" 200 27
218.81.217.115 - - [06/Sep/2020:08:53:46 +0800] "GET /xingrg/all/function/internal_message.html?_=1599353643953&CODE_STATE=getMsg HTTP/1.1" 200 27
61.172.5.115 - - [06/Sep/2020:08:53:47 +0800] "GET /xingrg/all/function/internal_message.html?_=1599353623009&CODE_STATE=getMsg HTTP/1.1" 200 27
58.37.9.106 - - [06/Sep/2020:08:53:51 +0800] "GET /xingrg/kc/buy/buy_main.html HTTP/1.1" 200 12412
58.37.9.106 - - [06/Sep/2020:08:53:51 +0800] "GET /xingrg/css/new_ie.css HTTP/1.1" 404 1036
58.37.9.106 - - [06/Sep/2020:08:53:52 +0800] "GET /xingrg/images/yd/bt.gif HTTP/1.1" 404 1040
58.37.9.106 - - [06/Sep/2020:08:53:52 +0800] "GET /xingrg/kc/buy/cgsh_order_list.html HTTP/1.1" 200 43936
58.37.9.106 - - [06/Sep/2020:08:53:53 +0800] "POST /xingrg/kc/buy/cgsh_list_operate.html HTTP/1.1" 200 876
218.81.217.115 - - [06/Sep/2020:08:53:54 +0800] "GET /xingrg/check_reg.html?_=1599353651727 HTTP/1.1" 200 22
218.81.217.115 - - [06/Sep/2020:08:54:02 +0800] "GET /xingrg/login.html HTTP/1.1" 200 7641
218.81.217.115 - - [06/Sep/2020:08:54:02 +0800] "GET /xingrg/images/blue/jxLogo.png HTTP/1.1" 304 -
218.81.217.115 - - [06/Sep/2020:08:54:02 +0800] "GET /xingrg/images/blue/login_bg.png HTTP/1.1" 304 -
218.81.217.115 - - [06/Sep/2020:08:54:02 +0800] "GET /xingrg/images/blue/hj.png HTTP/1.1" 304 -
218.81.217.115 - - [06/Sep/2020:08:54:02 +0800] "GET /xingrg/images/blue/srbg.png HTTP/1.1" 304 -
218.81.217.115 - - [06/Sep/2020:08:54:03 +0800] "GET /favicon.ico HTTP/1.1" 404 -
114.88.166.242 - - [06/Sep/2020:08:54:06 +0800] "GET /xingrg/all/function/internal_message.html?_=1599353702999&CODE_STATE=getMsg HTTP/1.1" 200 27
58.37.9.106 - - [06/Sep/2020:08:54:12 +0800] "POST /xingrg/kc/buy/cgsh_list_operate.html HTTP/1.1" 200 5436
58.221.95.50 - - [06/Sep/2020:08:54:13 +0800] "GET /xingrg/all/function/internal_message.html?_=1599353795239&CODE_STATE=getMsg HTTP/1.1" 200 27
218.81.217.115 - - [06/Sep/2020:08:54:16 +0800] "POST /xingrg/login.do HTTP/1.1" 302 -
218.81.217.115 - - [06/Sep/2020:08:54:16 +0800] "GET /xingrg/javascript/jquery_easy_ui/themes/default/easyui.css HTTP/1.1" 304 -
218.81.217.115 - - [06/Sep/2020:08:54:16 +0800] "GET /xingrg/javascript/jquery_easy_ui/themes/icon.css HTTP/1.1" 304 -
218.81.217.115 - - [06/Sep/2020:08:54:16 +0800] "GET /xingrg/index.html?sysBaseUrl=http%3A%2F%2F180.169.147.146%3A18081%2Fxingrg%2F&costTime=39×tamp=1599353656949 HTTP/1.1" 200 17179
218.81.217.115 - - [06/Sep/2020:08:54:16 +0800] "GET /xingrg/css/form.css HTTP/1.1" 304 -
218.81.217.115 - - [06/Sep/2020:08:54:16 +0800] "GET /xingrg/javascript/jquery-1.4.2.min.js HTTP/1.1" 304 -
218.81.217.115 - - [06/Sep/2020:08:54:16 +0800] "GET /xingrg/javascript/jquery_easy_ui/jquery.easyui.min.js HTTP/1.1" 304 -
218.81.217.115 - - [06/Sep/2020:08:54:16 +0800] "GET /xingrg/javascript/jquery_easy_ui/easyui-lang-zh_CN.js HTTP/1.1" 304 -
218.81.217.115 - - [06/Sep/2020:08:54:16 +0800] "GET /xingrg/javascript/jquery.utils.js HTTP/1.1" 304 -
218.81.217.115 - - [06/Sep/2020:08:54:16 +0800] "GET /xingrg/javascript/jquery.form.js HTTP/1.1" 304 -
218.81.217.115 - - [06/Sep/2020:08:54:16 +0800] "GET /xingrg/javascript/jquery.timers.js HTTP/1.1" 304 -
218.81.217.115 - - [06/Sep/2020:08:54:17 +0800] "GET /xingrg/images/blue/navBackgound.jpg HTTP/1.1" 304 -
218.81.217.115 - - [06/Sep/2020:08:54:17 +0800] "GET /xingrg/javascript/jquery_easy_ui/themes/icons/settle_new.png HTTP/1.1" 304 -
218.81.217.115 - - [06/Sep/2020:08:54:17 +0800] "POST /xingrg/all/common/load_tree.html?tree=area_rest_tree_json&manage=1 HTTP/1.1" 200 351
218.81.217.115 - - [06/Sep/2020:08:54:17 +0800] "GET /xingrg/images/blue/pingpu.png HTTP/1.1" 304 -
218.81.217.115 - - [06/Sep/2020:08:54:17 +0800] "GET /xingrg/javascript/jquery_easy_ui/themes/default/images/tabs_leftarrow.png HTTP/1.1" 304 -
218.81.217.115 - - [06/Sep/2020:08:54:17 +0800] "GET /xingrg/javascript/jquery_easy_ui/themes/default/images/tabs_rightarrow.png HTTP/1.1" 304 -
218.81.217.115 - - [06/Sep/2020:08:54:17 +0800] "GET /xingrg/javascript/jquery_easy_ui/themes/default/images/panel_tool_collapse.gif HTTP/1.1" 304 -
218.81.217.115 - - [06/Sep/2020:08:54:17 +0800] "GET /xingrg/check_reg.html?_=1599353654174 HTTP/1.1" 200 22
218.81.217.115 - - [06/Sep/2020:08:54:17 +0800] "GET /xingrg/all/function/internal_message.html?_=1599353654173&CODE_STATE=count HTTP/1.1" 200 11
218.81.217.115 - - [06/Sep/2020:08:54:17 +0800] "GET /favicon.ico HTTP/1.1" 404 -
218.81.217.115 - - [06/Sep/2020:08:54:17 +0800] "POST /xingrg/load_menu.html HTTP/1.1" 200 5138
218.81.217.115 - - [06/Sep/2020:08:54:17 +0800] "GET /xingrg/javascript/jquery_easy_ui/themes/default/images/tree_arrows.gif HTTP/1.1" 304 -
218.81.217.115 - - [06/Sep/2020:08:54:17 +0800] "GET /xingrg/javascript/jquery_easy_ui/themes/icons/search_new.png HTTP/1.1" 304 -
218.81.217.115 - - [06/Sep/2020:08:54:17 +0800] "GET /xingrg/javascript/jquery_easy_ui/themes/default/images/tree_folder_open.gif HTTP/1.1" 304 -
218.81.217.115 - - [06/Sep/2020:08:54:17 +0800] "GET /xingrg/javascript/jquery_easy_ui/themes/icons/forms_new.png HTTP/1.1" 304 -
218.81.217.115 - - [06/Sep/2020:08:54:17 +0800] "GET /xingrg/javascript/jquery_easy_ui/themes/icons/storage_new.png HTTP/1.1" 304 -
218.81.217.115 - - [06/Sep/2020:08:54:17 +0800] "GET /xingrg/javascript/jquery_easy_ui/themes/default/images/tree_folder.gif HTTP/1.1" 304 -
218.81.217.115 - - [06/Sep/2020:08:54:17 +0800] "GET /xingrg/javascript/jquery_easy_ui/themes/default/images/tree_file.gif HTTP/1.1" 304 -
116.230.74.197 - - [06/Sep/2020:08:54:20 +0800] "GET /xingrg/all/function/internal_message.html?_=1599353656276&CODE_STATE=getMsg HTTP/1.1" 200 27
218.81.217.115 - - [06/Sep/2020:08:54:20 +0800] "GET /xingrg/javascript/jquery_easy_ui/themes/default/images/tabs_close.gif HTTP/1.1" 304 -
218.81.217.115 - - [06/Sep/2020:08:54:20 +0800] "GET /xingrg/kc/buy/buy_main.html HTTP/1.1" 200 12412
218.81.217.115 - - [06/Sep/2020:08:54:20 +0800] "GET /xingrg/css/new_ie.css HTTP/1.1" 404 1036
218.81.217.115 - - [06/Sep/2020:08:54:20 +0800] "GET /xingrg/css/blue.css HTTP/1.1" 304 -
218.81.217.115 - - [06/Sep/2020:08:54:20 +0800] "GET /xingrg/javascript/pic_change.js HTTP/1.1" 304 -
218.81.217.115 - - [06/Sep/2020:08:54:20 +0800] "GET /xingrg/javascript/jquery_ui/themes/humanity/humanity.css HTTP/1.1" 304 -
218.81.217.115 - - [06/Sep/2020:08:54:20 +0800] "GET /xingrg/javascript/ToolTips.js HTTP/1.1" 304 -
218.81.217.115 - - [06/Sep/2020:08:54:20 +0800] "GET /xingrg/javascript/myfunction.js HTTP/1.1" 304 -
218.81.217.115 - - [06/Sep/2020:08:54:20 +0800] "GET /xingrg/javascript/jquery_ui/jquery-ui.min.js HTTP/1.1" 304 -
218.81.217.115 - - [06/Sep/2020:08:54:20 +0800] "GET /xingrg/images/yd/bt.gif HTTP/1.1" 404 1040
218.81.217.115 - - [06/Sep/2020:08:54:21 +0800] "GET /xingrg/css/base.css HTTP/1.1" 304 -
218.81.217.115 - - [06/Sep/2020:08:54:21 +0800] "GET /xingrg/css/site.css HTTP/1.1" 304 -
218.81.217.115 - - [06/Sep/2020:08:54:21 +0800] "GET /xingrg/javascript/jquery_tools/datebox.css HTTP/1.1" 304 -
218.81.217.115 - - [06/Sep/2020:08:54:21 +0800] "GET /xingrg/javascript/easyui/themes/default/easyui.css HTTP/1.1" 304 -
218.81.217.115 - - [06/Sep/2020:08:54:21 +0800] "GET /xingrg/javascript/easyui/themes/icon.css HTTP/1.1" 304 -
218.81.217.115 - - [06/Sep/2020:08:54:21 +0800] "GET /xingrg/javascript/auto/jquery.autocomplete.css HTTP/1.1" 304 -
218.81.217.115 - - [06/Sep/2020:08:54:21 +0800] "GET /xingrg/javascript/jquery_tools/fix.css HTTP/1.1" 304 -
218.81.217.115 - - [06/Sep/2020:08:54:21 +0800] "GET /xingrg/javascript/jquery_tools/table.css HTTP/1.1" 304 -
218.81.217.115 - - [06/Sep/2020:08:54:21 +0800] "GET /xingrg/javascript/jquery_tools/jquery.tools.min.js HTTP/1.1" 304 -
218.81.217.115 - - [06/Sep/2020:08:54:21 +0800] "GET /xingrg/javascript/jquery_tools/jquery.tools.extend.js HTTP/1.1" 304 -
218.81.217.115 - - [06/Sep/2020:08:54:21 +0800] "GET /xingrg/javascript/jquery_tools/jquery.tools.hotkey.js HTTP/1.1" 304 -
218.81.217.115 - - [06/Sep/2020:08:54:21 +0800] "GET /xingrg/javascript/jquery_tools/list_manager.js HTTP/1.1" 304 -
218.81.217.115 - - [06/Sep/2020:08:54:21 +0800] "GET /xingrg/javascript/jquery_tools/jquery.tools.table.js HTTP/1.1" 304 -
218.81.217.115 - - [06/Sep/2020:08:54:21 +0800] "GET /xingrg/javascript/auto/jquery.autocomplete.js HTTP/1.1" 304 -
218.81.217.115 - - [06/Sep/2020:08:54:21 +0800] "GET /xingrg/javascript/easyui/easyloader.js HTTP/1.1" 304 -
218.81.217.115 - - [06/Sep/2020:08:54:21 +0800] "GET /xingrg/javascript/jquery.cookie.js HTTP/1.1" 304 -
218.81.217.115 - - [06/Sep/2020:08:54:21 +0800] "GET /xingrg/javascript/print/LodopFuncs.js HTTP/1.1" 304 -
218.81.217.115 - - [06/Sep/2020:08:54:21 +0800] "GET /xingrg/kc/buy/cgsh_order_list.html HTTP/1.1" 200 43936
218.81.217.115 - - [06/Sep/2020:08:54:21 +0800] "GET /xingrg/javascript/easyui/plugins/jquery.parser.js HTTP/1.1" 304 -
218.81.217.115 - - [06/Sep/2020:08:54:21 +0800] "GET /xingrg/javascript/jquery_easy_ui/themes/icons/area.png HTTP/1.1" 304 -
218.81.217.115 - - [06/Sep/2020:08:54:21 +0800] "GET /xingrg/javascript/jquery_easy_ui/themes/icons/rest.png HTTP/1.1" 304 -
218.81.217.115 - - [06/Sep/2020:08:54:22 +0800] "POST /xingrg/kc/buy/cgsh_list_operate.html HTTP/1.1" 200 876
218.81.217.115 - - [06/Sep/2020:08:54:24 +0800] "GET /xingrg/javascript/jquery_tools/order_manager.js HTTP/1.1" 304 -
218.81.217.115 - - [06/Sep/2020:08:54:24 +0800] "GET /xingrg/javascript/convert.js HTTP/1.1" 304 -
218.81.217.115 - - [06/Sep/2020:08:54:24 +0800] "GET /xingrg/javascript/json2.js HTTP/1.1" 304 -
218.81.217.115 - - [06/Sep/2020:08:54:24 +0800] "GET /xingrg/javascript/print/kc_print.js HTTP/1.1" 304 -
218.81.217.115 - - [06/Sep/2020:08:54:24 +0800] "GET /xingrg/kc/buy/cgsh_order_add.html HTTP/1.1" 200 59674
218.81.217.115 - - [06/Sep/2020:08:54:24 +0800] "GET /xingrg/words/20200905160344_words.js HTTP/1.1" 304 -
218.81.217.115 - - [06/Sep/2020:08:54:24 +0800] "POST /xingrg/kc/buy/cgsh_order_operate.html HTTP/1.1" 200 8245
218.81.217.115 - - [06/Sep/2020:08:54:25 +0800] "GET /xingrg/all/common/auto_word.html?type=employee&rest_code=00146 HTTP/1.1" 200 197
218.81.217.115 - - [06/Sep/2020:08:54:25 +0800] "GET /xingrg/all/common/auto_word.html?type=employee&rest_code=00146 HTTP/1.1" 200 197
218.81.217.115 - - [06/Sep/2020:08:54:25 +0800] "GET /xingrg/javascript/easyui/themes/default/validatebox.css HTTP/1.1" 404 1104
218.81.217.115 - - [06/Sep/2020:08:54:25 +0800] "GET /xingrg/javascript/easyui/plugins/jquery.validatebox.js HTTP/1.1" 304 -
218.81.217.115 - - [06/Sep/2020:08:54:25 +0800] "GET /xingrg/javascript/easyui/plugins/jquery.numberbox.js HTTP/1.1" 304 -
116.238.71.173 - - [06/Sep/2020:08:54:27 +0800] "GET /xingrg/all/function/internal_message.html?_=1599353663524&CODE_STATE=getMsg HTTP/1.1" 200 27
218.81.217.115 - - [06/Sep/2020:08:54:30 +0800] "GET /xingrg/javascript/auto/indicator.gif HTTP/1.1" 404 1066
218.81.217.115 - - [06/Sep/2020:08:54:32 +0800] "GET /xingrg/javascript/jquery_tools/images/prev.gif HTTP/1.1" 404 1086
218.81.217.115 - - [06/Sep/2020:08:54:32 +0800] "GET /xingrg/javascript/jquery_tools/images/next.gif HTTP/1.1" 404 1086
172.17.200.101 - - [06/Sep/2020:08:54:32 +0800] "GET /xingrg/all/function/internal_message.html?_=1599353668321&CODE_STATE=getMsg HTTP/1.1" 200 27
222.69.129.160 - - [06/Sep/2020:08:54:33 +0800] "GET /xingrg/all/function/internal_message.html?_=1599353669698&CODE_STATE=getMsg HTTP/1.1" 200 27
116.238.90.59 - - [06/Sep/2020:08:54:39 +0800] "GET /xingrg/all/function/internal_message.html?_=1599353882922&CODE_STATE=getMsg HTTP/1.1" 200 27
218.81.217.115 - - [06/Sep/2020:08:54:40 +0800] "GET /xingrg/kc/buy/cgsh_order_operate.html?command=get_materiel&rest_code=00146&code=00101008248&supplier_code=00100005&order_time=2020-09-06 HTTP/1.1" 200 412
172.17.0.240 - - [06/Sep/2020:08:54:42 +0800] "GET /xingrg/all/function/internal_message.html?_=1599353677686&CODE_STATE=getMsg HTTP/1.1" 302 -
222.69.129.160 - - [06/Sep/2020:08:54:44 +0800] "GET /xingrg/all/function/internal_message.html?_=1599353681667&CODE_STATE=getMsg HTTP/1.1" 200 27
222.69.129.160 - - [06/Sep/2020:08:54:44 +0800] "GET /xingrg/check_reg.html?_=1599353681673 HTTP/1.1" 200 22
218.81.217.115 - - [06/Sep/2020:08:54:46 +0800] "GET /xingrg/all/function/internal_message.html?_=1599353703966&CODE_STATE=getMsg HTTP/1.1" 200 27
61.172.5.115 - - [06/Sep/2020:08:54:47 +0800] "GET /xingrg/all/function/internal_message.html?_=1599353683009&CODE_STATE=getMsg HTTP/1.1" 200 27
61.172.5.115 - - [06/Sep/2020:08:54:47 +0800] "GET /xingrg/check_reg.html?_=1599353683011 HTTP/1.1" 200 22
218.81.217.115 - - [06/Sep/2020:08:54:51 +0800] "GET /xingrg/kc/buy/cgsh_order_operate.html?command=get_materiel&rest_code=00146&code=00101008003&supplier_code=00100005&order_time=2020-09-06 HTTP/1.1" 200 408
218.81.217.115 - - [06/Sep/2020:08:55:00 +0800] "GET /xingrg/kc/buy/cgsh_order_operate.html?command=get_materiel&rest_code=00146&code=00101008067&supplier_code=00100005&order_time=2020-09-06 HTTP/1.1" 200 416
114.88.166.242 - - [06/Sep/2020:08:55:07 +0800] "GET /xingrg/all/function/internal_message.html?_=1599353762999&CODE_STATE=getMsg HTTP/1.1" 200 27
218.81.217.115 - - [06/Sep/2020:08:55:09 +0800] "GET /xingrg/kc/buy/cgsh_order_operate.html?command=get_materiel&rest_code=00146&code=00101008087&supplier_code=00100005&order_time=2020-09-06 HTTP/1.1" 200 412
58.221.95.50 - - [06/Sep/2020:08:55:13 +0800] "GET /xingrg/all/function/internal_message.html?_=1599353855217&CODE_STATE=getMsg HTTP/1.1" 200 27
218.81.217.115 - - [06/Sep/2020:08:55:17 +0800] "GET /xingrg/all/function/internal_message.html?_=1599353714185&CODE_STATE=getMsg HTTP/1.1" 200 27
116.230.74.197 - - [06/Sep/2020:08:55:20 +0800] "GET /xingrg/all/function/internal_message.html?_=1599353716278&CODE_STATE=getMsg HTTP/1.1" 200 27
218.81.217.115 - - [06/Sep/2020:08:55:23 +0800] "GET /xingrg/kc/buy/cgsh_order_operate.html?command=get_materiel&rest_code=00146&code=00101008355&supplier_code=00100005&order_time=2020-09-06 HTTP/1.1" 200 408
116.238.71.173 - - [06/Sep/2020:08:55:27 +0800] "GET /xingrg/all/function/internal_message.html?_=1599353723571&CODE_STATE=getMsg HTTP/1.1" 200 27
61.172.5.115 - - [06/Sep/2020:08:55:27 +0800] "GET /xingrg/kc/buy/cgsh_order_add.html HTTP/1.1" 200 59668
61.172.5.115 - - [06/Sep/2020:08:55:28 +0800] "GET /xingrg/javascript/easyui/themes/default/validatebox.css HTTP/1.1" 404 1104
61.172.5.115 - - [06/Sep/2020:08:55:28 +0800] "POST /xingrg/kc/buy/cgsh_order_operate.html HTTP/1.1" 200 8245
218.81.217.115 - - [06/Sep/2020:08:55:32 +0800] "GET /xingrg/kc/buy/cgsh_order_operate.html?command=get_materiel&rest_code=00146&code=00101008270&supplier_code=00100005&order_time=2020-09-06 HTTP/1.1" 200 412
172.17.200.101 - - [06/Sep/2020:08:55:32 +0800] "GET /xingrg/all/function/internal_message.html?_=1599353728331&CODE_STATE=getMsg HTTP/1.1" 200 27
222.69.129.160 - - [06/Sep/2020:08:55:33 +0800] "GET /xingrg/all/function/internal_message.html?_=1599353729692&CODE_STATE=getMsg HTTP/1.1" 200 27
61.172.5.115 - - [06/Sep/2020:08:55:37 +0800] "GET /xingrg/kc/buy/cgsh_order_operate.html?command=get_materiel&rest_code=00105&code=00101008323&supplier_code=00100397&order_time=2020-09-06 HTTP/1.1" 200 408
116.238.90.59 - - [06/Sep/2020:08:55:39 +0800] "GET /xingrg/check_reg.html?_=1599353942115 HTTP/1.1" 200 22
218.81.217.115 - - [06/Sep/2020:08:55:39 +0800] "GET /xingrg/kc/buy/cgsh_order_operate.html?command=get_materiel&rest_code=00146&code=00101008213&supplier_code=00100005&order_time=2020-09-06 HTTP/1.1" 200 412
116.238.90.59 - - [06/Sep/2020:08:55:39 +0800] "GET /xingrg/all/function/internal_message.html?_=1599353942984&CODE_STATE=getMsg HTTP/1.1" 200 27
172.17.0.240 - - [06/Sep/2020:08:55:42 +0800] "GET /xingrg/all/function/internal_message.html?_=1599353737688&CODE_STATE=getMsg HTTP/1.1" 302 -
58.37.9.106 - - [06/Sep/2020:08:55:42 +0800] "GET /xingrg/check_reg.html?_=1599353738513 HTTP/1.1" 200 22
222.69.129.160 - - [06/Sep/2020:08:55:44 +0800] "GET /xingrg/all/function/internal_message.html?_=1599353741666&CODE_STATE=getMsg HTTP/1.1" 200 27
218.81.217.115 - - [06/Sep/2020:08:55:46 +0800] "GET /xingrg/all/function/internal_message.html?_=1599353763978&CODE_STATE=getMsg HTTP/1.1" 200 27
61.172.5.115 - - [06/Sep/2020:08:55:47 +0800] "GET /xingrg/all/function/internal_message.html?_=1599353743030&CODE_STATE=getMsg HTTP/1.1" 200 27
218.81.217.115 - - [06/Sep/2020:08:55:48 +0800] "GET /xingrg/kc/buy/cgsh_order_operate.html?command=get_materiel&rest_code=00146&code=00101008017&supplier_code=00100005&order_time=2020-09-06 HTTP/1.1" 200 416
218.81.217.115 - - [06/Sep/2020:08:55:55 +0800] "GET /xingrg/kc/buy/cgsh_order_operate.html?command=get_materiel&rest_code=00146&code=00101008175&supplier_code=00100005&order_time=2020-09-06 HTTP/1.1" 200 412
61.172.5.115 - - [06/Sep/2020:08:56:03 +0800] "GET /xingrg/kc/buy/cgsh_order_operate.html?command=get_materiel&rest_code=00105&code=00101008256&supplier_code=00100397&order_time=2020-09-06 HTTP/1.1" 200 413
218.81.217.115 - - [06/Sep/2020:08:56:04 +0800] "GET /xingrg/kc/buy/cgsh_order_operate.html?command=get_materiel&rest_code=00146&code=00101008219&supplier_code=00100005&order_time=2020-09-06 HTTP/1.1" 200 412
114.88.166.242 - - [06/Sep/2020:08:56:06 +0800] "GET /xingrg/all/function/internal_message.html?_=1599353823002&CODE_STATE=getMsg HTTP/1.1" 200 27
61.172.5.115 - - [06/Sep/2020:08:56:10 +0800] "GET /xingrg/kc/buy/cgsh_order_operate.html?command=get_materiel&rest_code=00105&code=00101008045&supplier_code=00100397&order_time=2020-09-06 HTTP/1.1" 200 412
58.221.95.50 - - [06/Sep/2020:08:56:13 +0800] "GET /xingrg/all/function/internal_message.html?_=1599353915191&CODE_STATE=getMsg HTTP/1.1" 200 27
61.172.5.115 - - [06/Sep/2020:08:56:16 +0800] "GET /xingrg/kc/buy/cgsh_order_operate.html?command=get_materiel&rest_code=00105&code=00101008155&supplier_code=00100397&order_time=2020-09-06 HTTP/1.1" 200 408
218.81.217.115 - - [06/Sep/2020:08:56:17 +0800] "GET /xingrg/all/function/internal_message.html?_=1599353774215&CODE_STATE=getMsg HTTP/1.1" 200 27
116.230.74.197 - - [06/Sep/2020:08:56:20 +0800] "GET /xingrg/all/function/internal_message.html?_=1599353776278&CODE_STATE=getMsg HTTP/1.1" 200 27
61.172.5.115 - - [06/Sep/2020:08:56:25 +0800] "GET /xingrg/kc/buy/cgsh_order_operate.html?command=get_materiel&rest_code=00105&code=00101008149&supplier_code=00100397&order_time=2020-09-06 HTTP/1.1" 200 408
116.238.71.173 - - [06/Sep/2020:08:56:27 +0800] "GET /xingrg/all/function/internal_message.html?_=1599353783620&CODE_STATE=getMsg HTTP/1.1" 200 27
61.172.5.115 - - [06/Sep/2020:08:56:31 +0800] "GET /xingrg/kc/buy/cgsh_order_operate.html?command=get_materiel&rest_code=00105&code=00101008354&supplier_code=00100397&order_time=2020-09-06 HTTP/1.1" 200 412
172.17.200.101 - - [06/Sep/2020:08:56:32 +0800] "GET /xingrg/all/function/internal_message.html?_=1599353788332&CODE_STATE=getMsg HTTP/1.1" 200 27
222.69.129.160 - - [06/Sep/2020:08:56:33 +0800] "GET /xingrg/all/function/internal_message.html?_=1599353789703&CODE_STATE=getMsg HTTP/1.1" 200 27
58.221.95.50 - - [06/Sep/2020:08:56:38 +0800] "GET /xingrg/check_reg.html?_=1599353940074 HTTP/1.1" 200 22
116.238.90.59 - - [06/Sep/2020:08:56:39 +0800] "GET /xingrg/all/function/internal_message.html?_=1599354002994&CODE_STATE=getMsg HTTP/1.1" 200 27
172.17.0.240 - - [06/Sep/2020:08:56:42 +0800] "GET /xingrg/all/function/internal_message.html?_=1599353797689&CODE_STATE=getMsg HTTP/1.1" 302 -
172.17.0.240 - - [06/Sep/2020:08:56:42 +0800] "GET /xingrg/check_reg.html?_=1599353797691 HTTP/1.1" 302 -
61.172.5.115 - - [06/Sep/2020:08:56:42 +0800] "GET /xingrg/kc/buy/cgsh_order_operate.html?command=get_materiel&rest_code=00105&code=00101008186&supplier_code=00100397&order_time=2020-09-06 HTTP/1.1" 200 408
222.69.129.160 - - [06/Sep/2020:08:56:44 +0800] "GET /xingrg/all/function/internal_message.html?_=1599353801660&CODE_STATE=getMsg HTTP/1.1" 200 27
218.81.217.115 - - [06/Sep/2020:08:56:46 +0800] "GET /xingrg/all/function/internal_message.html?_=1599353824085&CODE_STATE=getMsg HTTP/1.1" 200 27
61.172.5.115 - - [06/Sep/2020:08:56:47 +0800] "GET /xingrg/all/function/internal_message.html?_=1599353803043&CODE_STATE=getMsg HTTP/1.1" 200 27
61.172.5.115 - - [06/Sep/2020:08:56:47 +0800] "GET /xingrg/kc/buy/cgsh_order_operate.html?command=get_materiel&rest_code=00105&code=00101008312&supplier_code=00100397&order_time=2020-09-06 HTTP/1.1" 200 412
61.172.5.115 - - [06/Sep/2020:08:56:54 +0800] "GET /xingrg/kc/buy/cgsh_order_operate.html?command=get_materiel&rest_code=00105&code=00101008163&supplier_code=00100397&order_time=2020-09-06 HTTP/1.1" 200 408
61.172.5.115 - - [06/Sep/2020:08:57:03 +0800] "GET /xingrg/kc/buy/cgsh_order_operate.html?command=get_materiel&rest_code=00105&code=00101008148&supplier_code=00100397&order_time=2020-09-06 HTTP/1.1" 200 416
172.17.0.240 - - [06/Sep/2020:08:57:06 +0800] "GET /xingrg/check_reg.html?_=1599353822139 HTTP/1.1" 302 -
114.88.166.242 - - [06/Sep/2020:08:57:06 +0800] "GET /xingrg/all/function/internal_message.html?_=1599353883001&CODE_STATE=getMsg HTTP/1.1" 200 27
61.172.5.115 - - [06/Sep/2020:08:57:10 +0800] "GET /xingrg/kc/buy/cgsh_order_operate.html?command=get_materiel&rest_code=00105&code=00101008264&supplier_code=00100397&order_time=2020-09-06 HTTP/1.1" 200 412
58.221.95.50 - - [06/Sep/2020:08:57:13 +0800] "GET /xingrg/all/function/internal_message.html?_=1599353975173&CODE_STATE=getMsg HTTP/1.1" 200 27
61.172.5.115 - - [06/Sep/2020:08:57:16 +0800] "GET /xingrg/kc/buy/cgsh_order_operate.html?command=get_materiel&rest_code=00105&code=00101008356&supplier_code=00100397&order_time=2020-09-06 HTTP/1.1" 200 409
218.81.217.115 - - [06/Sep/2020:08:57:17 +0800] "GET /xingrg/all/function/internal_message.html?_=1599353834245&CODE_STATE=getMsg HTTP/1.1" 200 27
116.230.74.197 - - [06/Sep/2020:08:57:20 +0800] "GET /xingrg/all/function/internal_message.html?_=1599353836276&CODE_STATE=getMsg HTTP/1.1" 200 27
116.230.74.197 - - [06/Sep/2020:08:57:20 +0800] "GET /xingrg/check_reg.html?_=1599353836278 HTTP/1.1" 200 22
61.172.5.115 - - [06/Sep/2020:08:57:25 +0800] "GET /xingrg/kc/buy/cgsh_order_operate.html?command=get_materiel&rest_code=00105&code=00101008301&supplier_code=00100397&order_time=2020-09-06 HTTP/1.1" 200 422
116.238.71.173 - - [06/Sep/2020:08:57:27 +0800] "GET /xingrg/all/function/internal_message.html?_=1599353843671&CODE_STATE=getMsg HTTP/1.1" 200 27
172.17.200.101 - - [06/Sep/2020:08:57:32 +0800] "GET /xingrg/all/function/internal_message.html?_=1599353848337&CODE_STATE=getMsg HTTP/1.1" 200 27
