117.131.5.26 - - [05/Sep/2020:08:46:59 +0800] "GET /xingrg/javascript/calendar/jquery.timePicker.min.js HTTP/1.1" 304 -
117.131.5.26 - - [05/Sep/2020:08:46:59 +0800] "GET /xingrg/javascript/Calendar.js HTTP/1.1" 304 -
117.131.5.26 - - [05/Sep/2020:08:46:59 +0800] "GET /xingrg/javascript/bigrid/fix.js HTTP/1.1" 304 -
117.131.5.26 - - [05/Sep/2020:08:46:59 +0800] "GET /xingrg/dwr/engine.js HTTP/1.1" 200 43631
222.69.135.99 - - [05/Sep/2020:08:47:00 +0800] "GET /xingrg/all/function/internal_message.html?_=1599266806655&CODE_STATE=getMsg HTTP/1.1" 200 27
172.17.0.123 - - [05/Sep/2020:08:47:00 +0800] "GET /xingrg/all/function/internal_message.html?_=1599266828382&CODE_STATE=getMsg HTTP/1.1" 200 27
117.131.5.26 - - [05/Sep/2020:08:47:01 +0800] "POST /xingrg/all/report/load_report_page.html HTTP/1.1" 200 8718
117.131.5.26 - - [05/Sep/2020:08:47:01 +0800] "GET /xingrg/servlets/image?cache=0.5099588184725512&image=px HTTP/1.1" 200 807
218.81.217.115 - - [05/Sep/2020:08:47:02 +0800] "GET /xingrg/all/function/internal_message.html?_=1599266831226&CODE_STATE=getMsg HTTP/1.1" 200 27
117.131.5.26 - - [05/Sep/2020:08:47:03 +0800] "POST /xingrg/all/report/load_report_page.html HTTP/1.1" 200 90022
117.131.5.26 - - [05/Sep/2020:08:47:03 +0800] "GET /xingrg/images/blue/button/back2.gif HTTP/1.1" 200 1339
117.131.5.26 - - [05/Sep/2020:08:47:03 +0800] "GET /xingrg/images/blue/button/back.gif HTTP/1.1" 200 1352
117.131.5.26 - - [05/Sep/2020:08:47:03 +0800] "GET /xingrg/servlets/image?cache=0.9826734582970271&image=px HTTP/1.1" 200 807
222.69.135.99 - - [05/Sep/2020:08:47:07 +0800] "GET /xingrg/kc/buy/cgsh_order_operate.html?command=get_materiel&rest_code=00149&code=00101008215&supplier_code=00100005&order_time=2020-09-05 HTTP/1.1" 200 413
172.17.0.240 - - [05/Sep/2020:08:47:11 +0800] "GET /xingrg/check_reg.html?_=1599266826164 HTTP/1.1" 302 -
222.69.135.99 - - [05/Sep/2020:08:47:16 +0800] "GET /xingrg/kc/buy/cgsh_order_operate.html?command=get_materiel&rest_code=00149&code=00101008132&supplier_code=00100005&order_time=2020-09-05 HTTP/1.1" 200 408
114.88.166.242 - - [05/Sep/2020:08:47:21 +0800] "GET /xingrg/all/function/internal_message.html?_=1599266898297&CODE_STATE=getMsg HTTP/1.1" 200 27
222.69.135.99 - - [05/Sep/2020:08:47:22 +0800] "GET /xingrg/kc/buy/cgsh_order_operate.html?command=get_materiel&rest_code=00149&code=00101008257&supplier_code=00100005&order_time=2020-09-05 HTTP/1.1" 200 416
116.238.71.173 - - [05/Sep/2020:08:47:27 +0800] "GET /xingrg/all/function/internal_message.html?_=1599266965567&CODE_STATE=getMsg HTTP/1.1" 200 27
117.131.5.26 - - [05/Sep/2020:08:47:29 +0800] "GET /xingrg/all/function/internal_message.html?_=1599267130222&CODE_STATE=getMsg HTTP/1.1" 200 27
222.69.135.99 - - [05/Sep/2020:08:47:29 +0800] "GET /xingrg/kc/buy/cgsh_order_operate.html?command=get_materiel&rest_code=00149&code=00101008155&supplier_code=00100005&order_time=2020-09-05 HTTP/1.1" 200 408
172.17.0.240 - - [05/Sep/2020:08:47:40 +0800] "GET /xingrg/all/function/internal_message.html?_=1599266854864&CODE_STATE=getMsg HTTP/1.1" 302 -
218.81.217.115 - - [05/Sep/2020:08:47:44 +0800] "GET /xingrg/all/function/internal_message.html?_=1599266878256&CODE_STATE=getMsg HTTP/1.1" 200 27
222.69.135.99 - - [05/Sep/2020:08:47:44 +0800] "GET /xingrg/all/function/internal_message.html?_=1599266883786&CODE_STATE=getMsg HTTP/1.1" 200 27
222.69.135.99 - - [05/Sep/2020:08:47:50 +0800] "GET /xingrg/kc/buy/cgsh_order_operate.html?command=get_materiel&rest_code=00149&code=00101008331&supplier_code=00100005&order_time=2020-09-05 HTTP/1.1" 200 416
218.81.217.115 - - [05/Sep/2020:08:47:53 +0800] "GET /xingrg/check_reg.html?_=1599266882247 HTTP/1.1" 200 22
116.238.90.59 - - [05/Sep/2020:08:47:54 +0800] "GET /xingrg/all/function/internal_message.html?_=1599267078568&CODE_STATE=getMsg HTTP/1.1" 200 27
222.69.135.99 - - [05/Sep/2020:08:47:57 +0800] "GET /xingrg/kc/buy/cgsh_order_operate.html?command=get_materiel&rest_code=00149&code=00101008350&supplier_code=00100005&order_time=2020-09-05 HTTP/1.1" 200 408
222.69.135.99 - - [05/Sep/2020:08:48:00 +0800] "GET /xingrg/all/function/internal_message.html?_=1599266866634&CODE_STATE=getMsg HTTP/1.1" 200 27
172.17.0.123 - - [05/Sep/2020:08:48:00 +0800] "GET /xingrg/all/function/internal_message.html?_=1599266888386&CODE_STATE=getMsg HTTP/1.1" 200 27
218.81.217.115 - - [05/Sep/2020:08:48:02 +0800] "GET /xingrg/all/function/internal_message.html?_=1599266891233&CODE_STATE=getMsg HTTP/1.1" 200 27
61.172.5.115 - - [05/Sep/2020:08:48:05 +0800] "GET /xingrg/index.html?sysBaseUrl=http%3A%2F%2F180.169.147.146%3A18081%2Fxingrg%2F&costTime=36×tamp=1585222720700 HTTP/1.1" 302 -
61.172.5.115 - - [05/Sep/2020:08:48:05 +0800] "GET /xingrg/login.html HTTP/1.1" 200 7641
120.253.135.82 - - [05/Sep/2020:08:48:06 +0800] "GET /xingrg/check_reg.html?_=1599266632879 HTTP/1.1" 200 22
61.172.5.115 - - [05/Sep/2020:08:48:06 +0800] "GET /favicon.ico HTTP/1.1" 404 -
61.172.5.115 - - [05/Sep/2020:08:48:08 +0800] "POST /xingrg/login.do HTTP/1.1" 200 2421
61.172.5.115 - - [05/Sep/2020:08:48:08 +0800] "GET /favicon.ico HTTP/1.1" 404 -
117.131.5.26 - - [05/Sep/2020:08:48:08 +0800] "POST /xingrg/all/report/load_report_page.html HTTP/1.1" 200 89913
117.131.5.26 - - [05/Sep/2020:08:48:08 +0800] "GET /xingrg/servlets/image?cache=0.315538371608585&image=px HTTP/1.1" 200 807
61.172.5.115 - - [05/Sep/2020:08:48:09 +0800] "GET /xingrg/login.html HTTP/1.1" 200 7641
61.172.5.115 - - [05/Sep/2020:08:48:09 +0800] "GET /favicon.ico HTTP/1.1" 404 -
61.172.5.115 - - [05/Sep/2020:08:48:09 +0800] "POST /xingrg/login.do HTTP/1.1" 302 -
61.172.5.115 - - [05/Sep/2020:08:48:10 +0800] "GET /xingrg/index.html?sysBaseUrl=http%3A%2F%2F180.169.147.146%3A18081%2Fxingrg%2F&costTime=43×tamp=1599266889975 HTTP/1.1" 200 17173
61.172.5.115 - - [05/Sep/2020:08:48:10 +0800] "POST /xingrg/all/common/load_tree.html?tree=area_rest_tree_json&manage=1 HTTP/1.1" 200 3216
61.172.5.115 - - [05/Sep/2020:08:48:10 +0800] "GET /xingrg/check_reg.html?_=1599266889663 HTTP/1.1" 200 22
61.172.5.115 - - [05/Sep/2020:08:48:10 +0800] "GET /xingrg/all/function/internal_message.html?_=1599266889662&CODE_STATE=count HTTP/1.1" 200 11
61.172.5.115 - - [05/Sep/2020:08:48:10 +0800] "GET /favicon.ico HTTP/1.1" 404 -
61.172.5.115 - - [05/Sep/2020:08:48:10 +0800] "POST /xingrg/load_menu.html HTTP/1.1" 200 5138
117.131.5.26 - - [05/Sep/2020:08:48:11 +0800] "POST /xingrg/all/report/load_report_page.html HTTP/1.1" 200 90060
117.131.5.26 - - [05/Sep/2020:08:48:11 +0800] "GET /xingrg/servlets/image?cache=0.11743783989674583&image=px HTTP/1.1" 200 807
61.172.5.115 - - [05/Sep/2020:08:48:13 +0800] "GET /xingrg/kc/buy/cgsh_order_list.html HTTP/1.1" 200 43930
61.172.5.115 - - [05/Sep/2020:08:48:14 +0800] "POST /xingrg/kc/buy/cgsh_list_operate.html HTTP/1.1" 200 876
61.172.5.115 - - [05/Sep/2020:08:48:15 +0800] "GET /xingrg/kc/buy/cgsh_order_add.html HTTP/1.1" 200 59668
61.172.5.115 - - [05/Sep/2020:08:48:15 +0800] "GET /xingrg/words/20200904134957_words.js HTTP/1.1" 304 -
61.172.5.115 - - [05/Sep/2020:08:48:15 +0800] "GET /xingrg/all/common/auto_word.html?type=employee&rest_code=00105 HTTP/1.1" 200 193
61.172.5.115 - - [05/Sep/2020:08:48:15 +0800] "GET /xingrg/all/common/auto_word.html?type=employee&rest_code=00105 HTTP/1.1" 200 193
61.172.5.115 - - [05/Sep/2020:08:48:15 +0800] "GET /xingrg/javascript/easyui/themes/default/validatebox.css HTTP/1.1" 404 1104
61.172.5.115 - - [05/Sep/2020:08:48:15 +0800] "POST /xingrg/kc/buy/cgsh_order_operate.html HTTP/1.1" 200 8245
222.69.135.99 - - [05/Sep/2020:08:48:17 +0800] "GET /xingrg/kc/buy/cgsh_order_operate.html?command=get_materiel&rest_code=00149&code=00101008244&supplier_code=00100005&order_time=2020-09-05 HTTP/1.1" 200 408
61.172.5.115 - - [05/Sep/2020:08:48:17 +0800] "GET /xingrg/javascript/auto/indicator.gif HTTP/1.1" 404 1066
114.88.166.242 - - [05/Sep/2020:08:48:21 +0800] "GET /xingrg/all/function/internal_message.html?_=1599266958294&CODE_STATE=getMsg HTTP/1.1" 200 27
117.131.5.26 - - [05/Sep/2020:08:48:21 +0800] "GET /xingrg/javascript/jquery_easy_ui/themes/default/images/button_plain_hover.png HTTP/1.1" 304 -
117.131.5.26 - - [05/Sep/2020:08:48:22 +0800] "GET /xingrg/javascript/jquery_easy_ui/themes/default/images/button_plain_hover.png HTTP/1.1" 304 -
61.172.5.115 - - [05/Sep/2020:08:48:25 +0800] "GET /xingrg/kc/buy/cgsh_order_operate.html?command=get_materiel&rest_code=00105&code=00101020133&supplier_code=&order_time=2020-09-05 HTTP/1.1" 200 417
117.131.5.26 - - [05/Sep/2020:08:48:27 +0800] "POST /xingrg/all/report/report_print.html HTTP/1.1" 302 -
117.131.5.26 - - [05/Sep/2020:08:48:27 +0800] "GET /xingrg/servlets/image?image=px HTTP/1.1" 200 807
117.131.5.26 - - [05/Sep/2020:08:48:27 +0800] "GET /xingrg/servlets/html?sysBaseUrl=http%3A%2F%2F180.169.147.146%3A18081%2Fxingrg%2F&costTime=372×tamp=1599266907066 HTTP/1.1" 200 491301
117.131.5.26 - - [05/Sep/2020:08:48:27 +0800] "GET /favicon.ico HTTP/1.1" 404 -
116.238.71.173 - - [05/Sep/2020:08:48:27 +0800] "GET /xingrg/all/function/internal_message.html?_=1599267025744&CODE_STATE=getMsg HTTP/1.1" 200 27
117.131.5.26 - - [05/Sep/2020:08:48:29 +0800] "GET /xingrg/all/function/internal_message.html?_=1599267190235&CODE_STATE=getMsg HTTP/1.1" 200 27
222.69.135.99 - - [05/Sep/2020:08:48:29 +0800] "GET /xingrg/kc/buy/cgsh_order_operate.html?command=get_materiel&rest_code=00149&code=00101008149&supplier_code=00100005&order_time=2020-09-05 HTTP/1.1" 200 408
172.17.0.240 - - [05/Sep/2020:08:48:40 +0800] "GET /xingrg/all/function/internal_message.html?_=1599266914869&CODE_STATE=getMsg HTTP/1.1" 302 -
218.81.217.115 - - [05/Sep/2020:08:48:44 +0800] "GET /xingrg/all/function/internal_message.html?_=1599266938344&CODE_STATE=getMsg HTTP/1.1" 200 27
222.69.135.99 - - [05/Sep/2020:08:48:44 +0800] "GET /xingrg/all/function/internal_message.html?_=1599266943790&CODE_STATE=getMsg HTTP/1.1" 200 27
117.131.5.26 - - [05/Sep/2020:08:48:45 +0800] "GET /xingrg/servlets/image?image=px HTTP/1.1" 200 807
222.69.135.99 - - [05/Sep/2020:08:48:46 +0800] "GET /xingrg/kc/buy/cgsh_order_operate.html?command=get_materiel&rest_code=00149&code=00101008112&supplier_code=00100005&order_time=2020-09-05 HTTP/1.1" 200 412
120.253.135.82 - - [05/Sep/2020:08:48:49 +0800] "GET /favicon.ico HTTP/1.1" 404 -
117.131.5.26 - - [05/Sep/2020:08:48:49 +0800] "GET /xingrg/servlets/image?image=px HTTP/1.1" 200 807
120.253.135.82 - - [05/Sep/2020:08:48:50 +0800] "GET /xingrg/login.html HTTP/1.1" 200 7641
101.89.19.149 - - [05/Sep/2020:08:48:51 +0800] "GET /xingrg/check_reg.html?_=1599266442793 HTTP/1.1" 302 -
120.253.135.82 - - [05/Sep/2020:08:48:51 +0800] "GET /favicon.ico HTTP/1.1" 404 -
218.81.217.115 - - [05/Sep/2020:08:48:51 +0800] "GET /xingrg/check_reg.html?_=1599266945959 HTTP/1.1" 200 22
120.253.135.82 - - [05/Sep/2020:08:48:52 +0800] "GET /xingrg/login.html HTTP/1.1" 200 7641
120.253.135.82 - - [05/Sep/2020:08:48:53 +0800] "GET /favicon.ico HTTP/1.1" 404 -
116.238.90.59 - - [05/Sep/2020:08:48:54 +0800] "GET /xingrg/all/function/internal_message.html?_=1599267138585&CODE_STATE=getMsg HTTP/1.1" 200 27
222.69.135.99 - - [05/Sep/2020:08:48:56 +0800] "GET /xingrg/kc/buy/cgsh_order_operate.html?command=get_materiel&rest_code=00149&code=00102008066&supplier_code=00100005&order_time=2020-09-05 HTTP/1.1" 200 408
101.89.19.149 - - [05/Sep/2020:08:48:56 +0800] "GET /xingrg/login.html HTTP/1.1" 200 7641
120.253.135.82 - - [05/Sep/2020:08:48:57 +0800] "POST /xingrg/login.do HTTP/1.1" 302 -
120.253.135.82 - - [05/Sep/2020:08:48:57 +0800] "GET /xingrg/index.html?sysBaseUrl=http%3A%2F%2F180.169.147.146%3A18081%2Fxingrg%2F&costTime=38×tamp=1599266937317 HTTP/1.1" 200 17173
120.253.135.82 - - [05/Sep/2020:08:48:58 +0800] "POST /xingrg/all/common/load_tree.html?tree=area_rest_tree_json&manage=1 HTTP/1.1" 200 3216
120.253.135.82 - - [05/Sep/2020:08:48:58 +0800] "GET /xingrg/all/function/internal_message.html?_=1599266564495&CODE_STATE=count HTTP/1.1" 200 11
120.253.135.82 - - [05/Sep/2020:08:48:58 +0800] "GET /xingrg/check_reg.html?_=1599266564496 HTTP/1.1" 200 22
120.253.135.82 - - [05/Sep/2020:08:48:58 +0800] "GET /favicon.ico HTTP/1.1" 404 -
120.253.135.82 - - [05/Sep/2020:08:48:58 +0800] "GET /favicon.ico HTTP/1.1" 404 -
120.253.135.82 - - [05/Sep/2020:08:48:58 +0800] "POST /xingrg/load_menu.html HTTP/1.1" 200 6743
222.69.135.99 - - [05/Sep/2020:08:49:00 +0800] "GET /xingrg/all/function/internal_message.html?_=1599266926680&CODE_STATE=getMsg HTTP/1.1" 200 27
172.17.0.123 - - [05/Sep/2020:08:49:00 +0800] "GET /xingrg/all/function/internal_message.html?_=1599266948388&CODE_STATE=getMsg HTTP/1.1" 200 27
120.253.135.82 - - [05/Sep/2020:08:49:01 +0800] "GET /xingrg/kc/buy/buy_main.html HTTP/1.1" 200 12341
120.253.135.82 - - [05/Sep/2020:08:49:01 +0800] "GET /xingrg/css/new_ie.css HTTP/1.1" 404 1036
120.253.135.82 - - [05/Sep/2020:08:49:01 +0800] "GET /xingrg/javascript/ToolTips.js HTTP/1.1" 200 5615
120.253.135.82 - - [05/Sep/2020:08:49:01 +0800] "GET /xingrg/javascript/jquery_ui/jquery-ui.min.js HTTP/1.1" 200 186181
120.253.135.82 - - [05/Sep/2020:08:49:01 +0800] "GET /xingrg/images/blue/button/cgydd.gif HTTP/1.1" 200 2712
120.253.135.82 - - [05/Sep/2020:08:49:01 +0800] "GET /xingrg/images/blue/button/cgxqd.gif HTTP/1.1" 200 2619
120.253.135.82 - - [05/Sep/2020:08:49:01 +0800] "GET /xingrg/javascript/jquery_ui/themes/humanity/humanity.css HTTP/1.1" 200 27801
120.253.135.82 - - [05/Sep/2020:08:49:01 +0800] "GET /xingrg/images/blue/pic_form2.gif HTTP/1.1" 200 1853
120.253.135.82 - - [05/Sep/2020:08:49:01 +0800] "GET /xingrg/images/blue/button/kc.gif HTTP/1.1" 200 2160
120.253.135.82 - - [05/Sep/2020:08:49:01 +0800] "GET /xingrg/images/blue/button/ckthd.gif HTTP/1.1" 200 2045
120.253.135.82 - - [05/Sep/2020:08:49:01 +0800] "GET /xingrg/images/blue/button/cgfkd.gif HTTP/1.1" 200 2075
120.253.135.82 - - [05/Sep/2020:08:49:01 +0800] "GET /xingrg/images/blue/button/cgshd.gif HTTP/1.1" 200 2618
120.253.135.82 - - [05/Sep/2020:08:49:01 +0800] "GET /xingrg/css/blue.css HTTP/1.1" 200 15949
120.253.135.82 - - [05/Sep/2020:08:49:02 +0800] "GET /xingrg/javascript/jquery_ui/themes/humanity/images/ui-bg_inset-soft_100_f4f0ec_1x100.png HTTP/1.1" 200 141
120.253.135.82 - - [05/Sep/2020:08:49:02 +0800] "GET /xingrg/images/blue/button/right_ah.jpg HTTP/1.1" 200 1744
120.253.135.82 - - [05/Sep/2020:08:49:02 +0800] "GET /xingrg/images/blue/bg_dotted.jpg HTTP/1.1" 200 319
120.253.135.82 - - [05/Sep/2020:08:49:02 +0800] "GET /xingrg/javascript/jquery_ui/themes/humanity/images/ui-icons_c47a23_256x240.png HTTP/1.1" 200 5355
120.253.135.82 - - [05/Sep/2020:08:49:02 +0800] "GET /xingrg/images/blue/button/down_ah.jpg HTTP/1.1" 200 1732
120.253.135.82 - - [05/Sep/2020:08:49:02 +0800] "GET /xingrg/javascript/jquery_ui/themes/humanity/images/ui-iconsnew.jpg HTTP/1.1" 200 337
120.253.135.82 - - [05/Sep/2020:08:49:02 +0800] "GET /xingrg/javascript/jquery_ui/themes/humanity/images/ui-bg_glass_70_ede4d4_1x400.png HTTP/1.1" 200 161
120.253.135.82 - - [05/Sep/2020:08:49:02 +0800] "GET /xingrg/javascript/jquery_ui/themes/humanity/images/ui-icons_ffffff_256x240.png HTTP/1.1" 200 4369
222.69.135.99 - - [05/Sep/2020:08:49:02 +0800] "GET /xingrg/kc/buy/cgsh_order_operate.html?command=get_materiel&rest_code=00149&code=00101008185&supplier_code=00100005&order_time=2020-09-05 HTTP/1.1" 200 408
218.81.217.115 - - [05/Sep/2020:08:49:02 +0800] "GET /xingrg/all/function/internal_message.html?_=1599266951246&CODE_STATE=getMsg HTTP/1.1" 200 27
120.253.135.82 - - [05/Sep/2020:08:49:03 +0800] "GET /xingrg/images/yd/bt.gif HTTP/1.1" 404 1040
120.253.135.82 - - [05/Sep/2020:08:49:04 +0800] "GET /xingrg/kc/buy/cgsh_order_list.html HTTP/1.1" 200 43930
120.253.135.82 - - [05/Sep/2020:08:49:06 +0800] "POST /xingrg/kc/buy/cgsh_list_operate.html HTTP/1.1" 200 1684
61.172.5.115 - - [05/Sep/2020:08:49:10 +0800] "GET /xingrg/all/function/internal_message.html?_=1599266949685&CODE_STATE=getMsg HTTP/1.1" 200 27
120.253.135.82 - - [05/Sep/2020:08:49:13 +0800] "GET /xingrg/javascript/auto/indicator.gif HTTP/1.1" 404 1066
114.88.166.242 - - [05/Sep/2020:08:49:21 +0800] "GET /xingrg/all/function/internal_message.html?_=1599267018292&CODE_STATE=getMsg HTTP/1.1" 200 27
222.69.135.99 - - [05/Sep/2020:08:49:22 +0800] "GET /xingrg/kc/buy/cgsh_order_operate.html?command=get_materiel&rest_code=00149&code=00101008354&supplier_code=00100005&order_time=2020-09-05 HTTP/1.1" 200 412
116.238.71.173 - - [05/Sep/2020:08:49:27 +0800] "GET /xingrg/all/function/internal_message.html?_=1599267085750&CODE_STATE=getMsg HTTP/1.1" 200 27
117.131.5.26 - - [05/Sep/2020:08:49:29 +0800] "GET /xingrg/all/function/internal_message.html?_=1599267250247&CODE_STATE=getMsg HTTP/1.1" 200 27
222.69.135.99 - - [05/Sep/2020:08:49:36 +0800] "GET /xingrg/kc/buy/cgsh_order_operate.html?command=get_materiel&rest_code=00149&code=00101008028&supplier_code=00100005&order_time=2020-09-05 HTTP/1.1" 200 412
172.17.0.240 - - [05/Sep/2020:08:49:40 +0800] "GET /xingrg/all/function/internal_message.html?_=1599266974872&CODE_STATE=getMsg HTTP/1.1" 302 -
218.81.217.115 - - [05/Sep/2020:08:49:44 +0800] "GET /xingrg/all/function/internal_message.html?_=1599266998360&CODE_STATE=getMsg HTTP/1.1" 200 27
222.69.135.99 - - [05/Sep/2020:08:49:44 +0800] "GET /xingrg/check_reg.html?_=1599267003800 HTTP/1.1" 200 22
222.69.135.99 - - [05/Sep/2020:08:49:44 +0800] "GET /xingrg/all/function/internal_message.html?_=1599267003805&CODE_STATE=getMsg HTTP/1.1" 200 27
120.253.135.82 - - [05/Sep/2020:08:49:46 +0800] "GET /xingrg/kc/pszx/mdqp_order_list.html?state=10 HTTP/1.1" 200 10565
120.253.135.82 - - [05/Sep/2020:08:49:46 +0800] "POST /xingrg/kc/pszx/mdps_list_operate.html HTTP/1.1" 200 1685
120.253.135.82 - - [05/Sep/2020:08:49:46 +0800] "GET /xingrg/dwr/interface/AjaxReportQueryService.js HTTP/1.1" 200 13203
120.253.135.82 - - [05/Sep/2020:08:49:46 +0800] "GET /xingrg/dwr/interface/AjaxQqpsService.js HTTP/1.1" 200 16326
120.253.135.82 - - [05/Sep/2020:08:49:46 +0800] "GET /xingrg/dwr/engine.js HTTP/1.1" 200 43631
120.253.135.82 - - [05/Sep/2020:08:49:49 +0800] "GET /xingrg/kc/pszx/mdqp_order_info.html?code=302020090400073 HTTP/1.1" 200 13350
120.253.135.82 - - [05/Sep/2020:08:49:49 +0800] "GET /xingrg/dwr/interface/AjaxQqpsService.js HTTP/1.1" 200 16326
120.253.135.82 - - [05/Sep/2020:08:49:49 +0800] "GET /xingrg/dwr/interface/AjaxComOrderService.js HTTP/1.1" 200 18264
120.253.135.82 - - [05/Sep/2020:08:49:49 +0800] "GET /xingrg/dwr/engine.js HTTP/1.1" 200 43631
120.253.135.82 - - [05/Sep/2020:08:49:50 +0800] "POST /xingrg/dwr/call/plaincall/AjaxQqpsService.loadMaterielItems.dwr HTTP/1.1" 200 695
116.238.90.59 - - [05/Sep/2020:08:49:54 +0800] "GET /xingrg/check_reg.html?_=1599267198254 HTTP/1.1" 200 22
116.238.90.59 - - [05/Sep/2020:08:49:54 +0800] "GET /xingrg/all/function/internal_message.html?_=1599267198599&CODE_STATE=getMsg HTTP/1.1" 200 27
120.253.135.82 - - [05/Sep/2020:08:49:58 +0800] "GET /xingrg/all/function/internal_message.html?_=1599266624505&CODE_STATE=getMsg HTTP/1.1" 200 27
222.69.135.99 - - [05/Sep/2020:08:50:00 +0800] "GET /xingrg/check_reg.html?_=1599266986628 HTTP/1.1" 200 22
222.69.135.99 - - [05/Sep/2020:08:50:00 +0800] "GET /xingrg/all/function/internal_message.html?_=1599266986665&CODE_STATE=getMsg HTTP/1.1" 200 27
172.17.0.123 - - [05/Sep/2020:08:50:00 +0800] "GET /xingrg/all/function/internal_message.html?_=1599267008390&CODE_STATE=getMsg HTTP/1.1" 200 27
218.81.217.115 - - [05/Sep/2020:08:50:02 +0800] "GET /xingrg/all/function/internal_message.html?_=1599267011267&CODE_STATE=getMsg HTTP/1.1" 200 27
61.172.5.115 - - [05/Sep/2020:08:50:10 +0800] "GET /xingrg/all/function/internal_message.html?_=1599267009673&CODE_STATE=getMsg HTTP/1.1" 200 27
222.69.135.99 - - [05/Sep/2020:08:50:14 +0800] "GET /xingrg/kc/buy/cgsh_order_operate.html?command=get_materiel&rest_code=00149&code=00101008351&supplier_code=00100005&order_time=2020-09-05 HTTP/1.1" 200 408
222.69.135.99 - - [05/Sep/2020:08:50:16 +0800] "POST /xingrg/kc/buy/cgsh_order_operate.html HTTP/1.1" 200 2065
114.88.166.242 - - [05/Sep/2020:08:50:21 +0800] "GET /xingrg/all/function/internal_message.html?_=1599267078290&CODE_STATE=getMsg HTTP/1.1" 200 27
116.238.71.173 - - [05/Sep/2020:08:50:26 +0800] "GET /xingrg/check_reg.html?_=1599267144747 HTTP/1.1" 200 22
116.238.71.173 - - [05/Sep/2020:08:50:27 +0800] "GET /xingrg/all/function/internal_message.html?_=1599267145762&CODE_STATE=getMsg HTTP/1.1" 200 27
117.131.5.26 - - [05/Sep/2020:08:50:29 +0800] "GET /xingrg/check_reg.html?_=1599267310206 HTTP/1.1" 200 22
117.131.5.26 - - [05/Sep/2020:08:50:29 +0800] "GET /xingrg/all/function/internal_message.html?_=1599267310261&CODE_STATE=getMsg HTTP/1.1" 200 27
222.69.135.99 - - [05/Sep/2020:08:50:30 +0800] "GET /xingrg/kc/buy/cgsh_order_operate.html?command=get_materiel&rest_code=00149&code=00101008110&supplier_code=00100005&order_time=2020-09-05 HTTP/1.1" 200 408
172.17.0.240 - - [05/Sep/2020:08:50:40 +0800] "GET /xingrg/all/function/internal_message.html?_=1599267034876&CODE_STATE=getMsg HTTP/1.1" 302 -
218.81.217.115 - - [05/Sep/2020:08:50:44 +0800] "GET /xingrg/all/function/internal_message.html?_=1599267058375&CODE_STATE=getMsg HTTP/1.1" 200 27
222.69.135.99 - - [05/Sep/2020:08:50:44 +0800] "GET /xingrg/all/function/internal_message.html?_=1599267063801&CODE_STATE=getMsg HTTP/1.1" 200 27
58.37.9.106 - - [05/Sep/2020:08:50:49 +0800] "GET /xingrg/check_reg.html?_=1599267042783 HTTP/1.1" 200 22
222.69.135.99 - - [05/Sep/2020:08:50:53 +0800] "GET /xingrg/kc/buy/cgsh_order_operate.html?command=get_materiel&rest_code=00149&code=00101008096&supplier_code=00100005&order_time=2020-09-05 HTTP/1.1" 200 412
116.238.90.59 - - [05/Sep/2020:08:50:54 +0800] "GET /xingrg/all/function/internal_message.html?_=1599267258613&CODE_STATE=getMsg HTTP/1.1" 200 27
222.69.135.99 - - [05/Sep/2020:08:51:00 +0800] "GET /xingrg/all/function/internal_message.html?_=1599267046661&CODE_STATE=getMsg HTTP/1.1" 200 27
172.17.0.123 - - [05/Sep/2020:08:51:00 +0800] "GET /xingrg/all/function/internal_message.html?_=1599267068392&CODE_STATE=getMsg HTTP/1.1" 200 27
172.17.0.123 - - [05/Sep/2020:08:51:02 +0800] "GET /xingrg/check_reg.html?_=1599267070158 HTTP/1.1" 200 22
218.81.217.115 - - [05/Sep/2020:08:51:02 +0800] "GET /xingrg/all/function/internal_message.html?_=1599267071274&CODE_STATE=getMsg HTTP/1.1" 200 27
222.69.135.99 - - [05/Sep/2020:08:51:03 +0800] "GET /xingrg/kc/buy/cgsh_order_operate.html?command=get_materiel&rest_code=00149&code=00101008038&supplier_code=00100005&order_time=2020-09-05 HTTP/1.1" 200 412
116.230.74.197 - - [05/Sep/2020:08:51:05 +0800] "GET /xingrg/index.html?sysBaseUrl=http%3A%2F%2F180.169.147.146%3A18081%2Fxingrg%2F&costTime=33×tamp=1585306063269 HTTP/1.1" 302 -
116.230.74.197 - - [05/Sep/2020:08:51:05 +0800] "GET /xingrg/login.html HTTP/1.1" 200 7641
61.151.207.158 - - [05/Sep/2020:08:51:07 +0800] "GET /xingrg/check_reg.html?_=1599266742806 HTTP/1.1" 302 -
61.172.5.115 - - [05/Sep/2020:08:51:10 +0800] "GET /xingrg/all/function/internal_message.html?_=1599267069664&CODE_STATE=getMsg HTTP/1.1" 200 27
61.151.207.158 - - [05/Sep/2020:08:51:13 +0800] "GET /xingrg/login.html HTTP/1.1" 200 7641
222.69.135.99 - - [05/Sep/2020:08:51:18 +0800] "GET /xingrg/kc/buy/cgsh_order_operate.html?command=get_materiel&rest_code=00149&code=00101008283&supplier_code=00100005&order_time=2020-09-05 HTTP/1.1" 200 408
114.88.166.242 - - [05/Sep/2020:08:51:21 +0800] "GET /xingrg/check_reg.html?_=1599267138288 HTTP/1.1" 200 22
114.88.166.242 - - [05/Sep/2020:08:51:21 +0800] "GET /xingrg/all/function/internal_message.html?_=1599267138287&CODE_STATE=getMsg HTTP/1.1" 200 27
222.69.135.99 - - [05/Sep/2020:08:51:26 +0800] "POST /xingrg/kc/buy/cgsh_order_operate.html HTTP/1.1" 200 2065
116.238.71.173 - - [05/Sep/2020:08:51:27 +0800] "GET /xingrg/all/function/internal_message.html?_=1599267205777&CODE_STATE=getMsg HTTP/1.1" 200 27
117.131.5.26 - - [05/Sep/2020:08:51:29 +0800] "GET /xingrg/all/function/internal_message.html?_=1599267370275&CODE_STATE=getMsg HTTP/1.1" 200 27
222.69.135.99 - - [05/Sep/2020:08:51:30 +0800] "GET /xingrg/kc/buy/cgsh_order_operate.html?command=get_materiel&rest_code=00149&code=00101008358&supplier_code=00100005&order_time=2020-09-05 HTTP/1.1" 200 412
172.17.0.240 - - [05/Sep/2020:08:51:40 +0800] "GET /xingrg/all/function/internal_message.html?_=1599267094879&CODE_STATE=getMsg HTTP/1.1" 302 -
172.17.0.240 - - [05/Sep/2020:08:51:40 +0800] "GET /xingrg/check_reg.html?_=1599267094880 HTTP/1.1" 302 -
222.69.135.99 - - [05/Sep/2020:08:51:41 +0800] "GET /xingrg/kc/buy/cgsh_order_operate.html?command=get_materiel&rest_code=00149&code=00101008163&supplier_code=00100005&order_time=2020-09-05 HTTP/1.1" 200 408
218.81.217.115 - - [05/Sep/2020:08:51:44 +0800] "GET /xingrg/all/function/internal_message.html?_=1599267118482&CODE_STATE=getMsg HTTP/1.1" 200 27
222.69.135.99 - - [05/Sep/2020:08:51:44 +0800] "GET /xingrg/all/function/internal_message.html?_=1599267123814&CODE_STATE=getMsg HTTP/1.1" 200 27
222.69.135.99 - - [05/Sep/2020:08:51:50 +0800] "GET /xingrg/kc/buy/cgsh_order_operate.html?command=get_materiel&rest_code=00149&code=00101008224&supplier_code=00100005&order_time=2020-09-05 HTTP/1.1" 200 416
114.88.166.242 - - [05/Sep/2020:08:51:52 +0800] "GET /xingrg/check_reg.html?_=1599267106335 HTTP/1.1" 200 22
116.238.90.59 - - [05/Sep/2020:08:51:54 +0800] "GET /xingrg/all/function/internal_message.html?_=1599267318626&CODE_STATE=getMsg HTTP/1.1" 200 27
222.69.135.99 - - [05/Sep/2020:08:52:00 +0800] "GET /xingrg/all/function/internal_message.html?_=1599267106656&CODE_STATE=getMsg HTTP/1.1" 200 27
172.17.0.123 - - [05/Sep/2020:08:52:00 +0800] "GET /xingrg/all/function/internal_message.html?_=1599267128396&CODE_STATE=getMsg HTTP/1.1" 200 27
218.81.217.115 - - [05/Sep/2020:08:52:03 +0800] "GET /xingrg/all/function/internal_message.html?_=1599267131294&CODE_STATE=getMsg HTTP/1.1" 200 27
61.172.5.115 - - [05/Sep/2020:08:52:10 +0800] "GET /xingrg/all/function/internal_message.html?_=1599267129673&CODE_STATE=getMsg HTTP/1.1" 200 27
172.17.0.240 - - [05/Sep/2020:08:52:11 +0800] "GET /xingrg/check_reg.html?_=1599267126141 HTTP/1.1" 302 -
114.88.166.242 - - [05/Sep/2020:08:52:21 +0800] "GET /xingrg/all/function/internal_message.html?_=1599267198285&CODE_STATE=getMsg HTTP/1.1" 200 27
116.238.71.173 - - [05/Sep/2020:08:52:28 +0800] "GET /xingrg/all/function/internal_message.html?_=1599267265791&CODE_STATE=getMsg HTTP/1.1" 200 27
117.131.5.26 - - [05/Sep/2020:08:52:29 +0800] "GET /xingrg/all/function/internal_message.html?_=1599267430289&CODE_STATE=getMsg HTTP/1.1" 200 27
172.17.0.240 - - [05/Sep/2020:08:52:40 +0800] "GET /xingrg/all/function/internal_message.html?_=1599267154869&CODE_STATE=getMsg HTTP/1.1" 302 -
218.81.217.115 - - [05/Sep/2020:08:52:44 +0800] "GET /xingrg/all/function/internal_message.html?_=1599267178495&CODE_STATE=getMsg HTTP/1.1" 200 27
222.69.135.99 - - [05/Sep/2020:08:52:44 +0800] "GET /xingrg/all/function/internal_message.html?_=1599267183816&CODE_STATE=getMsg HTTP/1.1" 200 27
222.69.135.99 - - [05/Sep/2020:08:52:46 +0800] "GET /xingrg/kc/buy/cgsh_order_operate.html?command=get_materiel&rest_code=00149&code=00101008370&supplier_code=00100005&order_time=2020-09-05 HTTP/1.1" 200 412
61.172.5.115 - - [05/Sep/2020:08:52:47 +0800] "GET /xingrg/kc/buy/cgsh_order_add.html HTTP/1.1" 200 59668
61.172.5.115 - - [05/Sep/2020:08:52:47 +0800] "POST /xingrg/kc/buy/cgsh_order_operate.html HTTP/1.1" 200 8245
61.172.5.115 - - [05/Sep/2020:08:52:48 +0800] "GET /xingrg/javascript/easyui/themes/default/validatebox.css HTTP/1.1" 404 1104
222.69.135.99 - - [05/Sep/2020:08:52:52 +0800] "POST /xingrg/kc/buy/cgsh_order_operate.html HTTP/1.1" 200 2065
218.81.217.115 - - [05/Sep/2020:08:52:53 +0800] "GET /xingrg/check_reg.html?_=1599267182257 HTTP/1.1" 200 22
116.238.90.59 - - [05/Sep/2020:08:52:54 +0800] "GET /xingrg/all/function/internal_message.html?_=1599267378688&CODE_STATE=getMsg HTTP/1.1" 200 27
222.69.135.99 - - [05/Sep/2020:08:52:55 +0800] "GET /xingrg/kc/buy/cgsh_order_operate.html?command=get_materiel&rest_code=00149&code=00101008126&supplier_code=00100005&order_time=2020-09-05 HTTP/1.1" 200 412
61.172.5.115 - - [05/Sep/2020:08:52:57 +0800] "GET /xingrg/kc/buy/cgsh_order_operate.html?command=get_materiel&rest_code=00105&code=00101006106&supplier_code=00100013&order_time=2020-09-05 HTTP/1.1" 200 421
222.69.135.99 - - [05/Sep/2020:08:53:00 +0800] "GET /xingrg/all/function/internal_message.html?_=1599267166631&CODE_STATE=getMsg HTTP/1.1" 200 27
172.17.0.123 - - [05/Sep/2020:08:53:00 +0800] "GET /xingrg/all/function/internal_message.html?_=1599267188382&CODE_STATE=getMsg HTTP/1.1" 200 27
222.69.135.99 - - [05/Sep/2020:08:53:02 +0800] "GET /xingrg/kc/buy/cgsh_order_operate.html?command=get_materiel&rest_code=00149&code=00101008087&supplier_code=00100005&order_time=2020-09-05 HTTP/1.1" 200 412
218.81.217.115 - - [05/Sep/2020:08:53:03 +0800] "GET /xingrg/all/function/internal_message.html?_=1599267191301&CODE_STATE=getMsg HTTP/1.1" 200 27
120.253.135.82 - - [05/Sep/2020:08:53:06 +0800] "GET /xingrg/check_reg.html?_=1599266932885 HTTP/1.1" 200 22
61.172.5.115 - - [05/Sep/2020:08:53:10 +0800] "GET /xingrg/check_reg.html?_=1599267189680 HTTP/1.1" 200 22
61.172.5.115 - - [05/Sep/2020:08:53:10 +0800] "GET /xingrg/all/function/internal_message.html?_=1599267189682&CODE_STATE=getMsg HTTP/1.1" 200 27
222.69.135.99 - - [05/Sep/2020:08:53:10 +0800] "GET /xingrg/kc/buy/cgsh_order_operate.html?command=get_materiel&rest_code=00149&code=00101008148&supplier_code=00100005&order_time=2020-09-05 HTTP/1.1" 200 416
61.172.5.115 - - [05/Sep/2020:08:53:12 +0800] "GET /xingrg/kc/buy/cgsh_order_operate.html?command=get_materiel&rest_code=00105&code=00101006109&supplier_code=00100013&order_time=2020-09-05 HTTP/1.1" 200 409
222.69.135.99 - - [05/Sep/2020:08:53:17 +0800] "GET /xingrg/kc/buy/cgsh_order_operate.html?command=get_materiel&rest_code=00149&code=00101008264&supplier_code=00100005&order_time=2020-09-05 HTTP/1.1" 200 412
114.88.166.242 - - [05/Sep/2020:08:53:21 +0800] "GET /xingrg/all/function/internal_message.html?_=1599267258300&CODE_STATE=getMsg HTTP/1.1" 200 27
61.172.5.115 - - [05/Sep/2020:08:53:22 +0800] "GET /xingrg/kc/buy/cgsh_order_operate.html?command=get_materiel&rest_code=00105&code=00101010136&supplier_code=00100013&order_time=2020-09-05 HTTP/1.1" 200 408
116.238.71.173 - - [05/Sep/2020:08:53:28 +0800] "GET /xingrg/all/function/internal_message.html?_=1599267325969&CODE_STATE=getMsg HTTP/1.1" 200 27
117.131.5.26 - - [05/Sep/2020:08:53:29 +0800] "GET /xingrg/all/function/internal_message.html?_=1599267490318&CODE_STATE=getMsg HTTP/1.1" 200 27
222.69.135.99 - - [05/Sep/2020:08:53:32 +0800] "GET /xingrg/kc/buy/cgsh_order_operate.html?command=get_materiel&rest_code=00149&code=00101008004&supplier_code=00100005&order_time=2020-09-05 HTTP/1.1" 200 416
172.17.0.240 - - [05/Sep/2020:08:53:40 +0800] "GET /xingrg/all/function/internal_message.html?_=1599267214873&CODE_STATE=getMsg HTTP/1.1" 302 -
61.172.5.115 - - [05/Sep/2020:08:53:43 +0800] "GET /xingrg/kc/buy/cgsh_order_operate.html?command=get_materiel&rest_code=00105&code=00101010248&supplier_code=00100013&order_time=2020-09-05 HTTP/1.1" 200 430
222.69.135.99 - - [05/Sep/2020:08:53:44 +0800] "GET /xingrg/all/function/internal_message.html?_=1599267243816&CODE_STATE=getMsg HTTP/1.1" 200 27
218.81.217.115 - - [05/Sep/2020:08:53:44 +0800] "GET /xingrg/all/function/internal_message.html?_=1599267238594&CODE_STATE=getMsg HTTP/1.1" 200 27
61.172.5.115 - - [05/Sep/2020:08:53:46 +0800] "POST /xingrg/all/common/load_select.html HTTP/1.1" 200 25
222.69.135.99 - - [05/Sep/2020:08:53:50 +0800] "POST /xingrg/kc/buy/cgsh_order_operate.html HTTP/1.1" 200 2065
218.81.217.115 - - [05/Sep/2020:08:53:51 +0800] "GET /xingrg/check_reg.html?_=1599267245970 HTTP/1.1" 200 22
61.172.5.115 - - [05/Sep/2020:08:53:52 +0800] "GET /xingrg/kc/buy/cgsh_order_operate.html?command=get_materiel_price&rest_code=00105&code=00101010248&unit_code=00100043&supplier_code=00100013&order_time=2020-09-05 HTTP/1.1" 200 29
116.238.90.59 - - [05/Sep/2020:08:53:54 +0800] "GET /xingrg/all/function/internal_message.html?_=1599267438699&CODE_STATE=getMsg HTTP/1.1" 200 27
222.69.135.99 - - [05/Sep/2020:08:53:56 +0800] "GET /xingrg/kc/buy/cgsh_order_operate.html?command=get_materiel&rest_code=00149&code=00101008101&supplier_code=00100005&order_time=2020-09-05 HTTP/1.1" 200 412
222.69.135.99 - - [05/Sep/2020:08:54:00 +0800] "GET /xingrg/all/function/internal_message.html?_=1599267226625&CODE_STATE=getMsg HTTP/1.1" 200 27
120.253.135.82 - - [05/Sep/2020:08:54:00 +0800] "GET /xingrg/images/yd/bt.gif HTTP/1.1" 404 1040
120.253.135.82 - - [05/Sep/2020:08:54:00 +0800] "GET /xingrg/images/yd/bt2.gif HTTP/1.1" 404 1042
172.17.0.123 - - [05/Sep/2020:08:54:00 +0800] "GET /xingrg/all/function/internal_message.html?_=1599267248384&CODE_STATE=getMsg HTTP/1.1" 200 27
120.253.135.82 - - [05/Sep/2020:08:54:01 +0800] "GET /xingrg/kc/pszx/mdqp_order_list.html?isBack=1 HTTP/1.1" 302 -
120.253.135.82 - - [05/Sep/2020:08:54:01 +0800] "GET /xingrg/kc/pszx/mdqp_order_list.html?state=10 HTTP/1.1" 200 10565
120.253.135.82 - - [05/Sep/2020:08:54:01 +0800] "GET /xingrg/dwr/interface/AjaxReportQueryService.js HTTP/1.1" 200 13203
120.253.135.82 - - [05/Sep/2020:08:54:01 +0800] "GET /xingrg/dwr/interface/AjaxQqpsService.js HTTP/1.1" 200 16326
120.253.135.82 - - [05/Sep/2020:08:54:01 +0800] "GET /xingrg/dwr/engine.js HTTP/1.1" 200 43631
218.81.217.115 - - [05/Sep/2020:08:54:03 +0800] "GET /xingrg/all/function/internal_message.html?_=1599267251314&CODE_STATE=getMsg HTTP/1.1" 200 27
120.253.135.82 - - [05/Sep/2020:08:54:04 +0800] "GET /xingrg/kc/report/report_main.html HTTP/1.1" 200 9370
120.253.135.82 - - [05/Sep/2020:08:54:05 +0800] "GET /xingrg/kc/base/kc_stocks.html HTTP/1.1" 200 16329
120.253.135.82 - - [05/Sep/2020:08:54:05 +0800] "GET /xingrg/javascript/easyui/themes/default/tree.css HTTP/1.1" 404 1090
120.253.135.82 - - [05/Sep/2020:08:54:05 +0800] "POST /xingrg/all/common/load_tree.html?tree=materiel_sort_tree_json HTTP/1.1" 200 8666
120.253.135.82 - - [05/Sep/2020:08:54:06 +0800] "POST /xingrg/all/common/load_combo.html?type=base HTTP/1.1" 200 899
61.172.5.115 - - [05/Sep/2020:08:54:09 +0800] "GET /xingrg/kc/buy/cgsh_order_operate.html?command=get_materiel&rest_code=00105&code=00101006130&supplier_code=00100013&order_time=2020-09-05 HTTP/1.1" 200 427
61.172.5.115 - - [05/Sep/2020:08:54:10 +0800] "GET /xingrg/all/function/internal_message.html?_=1599267249674&CODE_STATE=getMsg HTTP/1.1" 200 27
120.253.135.82 - - [05/Sep/2020:08:54:16 +0800] "POST /xingrg/kc/base/stock_operate.html HTTP/1.1" 200 1474
114.88.166.242 - - [05/Sep/2020:08:54:21 +0800] "GET /xingrg/all/function/internal_message.html?_=1599267318325&CODE_STATE=getMsg HTTP/1.1" 200 27
116.238.71.173 - - [05/Sep/2020:08:54:28 +0800] "GET /xingrg/all/function/internal_message.html?_=1599267385974&CODE_STATE=getMsg HTTP/1.1" 200 27
117.131.5.26 - - [05/Sep/2020:08:54:29 +0800] "GET /xingrg/all/function/internal_message.html?_=1599267550332&CODE_STATE=getMsg HTTP/1.1" 200 27
61.172.5.115 - - [05/Sep/2020:08:54:33 +0800] "POST /xingrg/kc/buy/cgsh_order_operate.html HTTP/1.1" 200 37
61.172.5.115 - - [05/Sep/2020:08:54:33 +0800] "POST /xingrg/kc/buy/cgsh_order_operate.html HTTP/1.1" 200 5058
61.172.5.115 - - [05/Sep/2020:08:54:34 +0800] "GET /xingrg/kc/print/load_config.html?kc_code=cgsh HTTP/1.1" 200 1845
61.172.5.115 - - [05/Sep/2020:08:54:35 +0800] "GET /xingrg/kc/print/load_data.html?order_code=212020090501728&kc_code=cgsh&condition= HTTP/1.1" 200 1659
120.253.135.82 - - [05/Sep/2020:08:54:36 +0800] "POST /xingrg/kc/base/stock_operate.html HTTP/1.1" 200 1466
222.69.135.99 - - [05/Sep/2020:08:54:39 +0800] "GET /xingrg/kc/buy/cgsh_order_operate.html?command=get_materiel&rest_code=00149&code=00101008356&supplier_code=00100005&order_time=2020-09-05 HTTP/1.1" 200 409
172.17.0.240 - - [05/Sep/2020:08:54:40 +0800] "GET /xingrg/all/function/internal_message.html?_=1599267274876&CODE_STATE=getMsg HTTP/1.1" 302 -
222.69.135.99 - - [05/Sep/2020:08:54:44 +0800] "GET /xingrg/all/function/internal_message.html?_=1599267303815&CODE_STATE=getMsg HTTP/1.1" 200 27
222.69.135.99 - - [05/Sep/2020:08:54:44 +0800] "GET /xingrg/check_reg.html?_=1599267303817 HTTP/1.1" 200 22
218.81.217.115 - - [05/Sep/2020:08:54:44 +0800] "GET /xingrg/all/function/internal_message.html?_=1599267298598&CODE_STATE=getMsg HTTP/1.1" 200 27
61.172.5.115 - - [05/Sep/2020:08:54:52 +0800] "GET /xingrg/kc/buy/cgsh_order_add.html HTTP/1.1" 200 59668
61.172.5.115 - - [05/Sep/2020:08:54:52 +0800] "GET /xingrg/javascript/easyui/themes/default/validatebox.css HTTP/1.1" 404 1104
61.172.5.115 - - [05/Sep/2020:08:54:52 +0800] "POST /xingrg/kc/buy/cgsh_order_operate.html HTTP/1.1" 200 8245
116.238.90.59 - - [05/Sep/2020:08:54:54 +0800] "GET /xingrg/check_reg.html?_=1599267498313 HTTP/1.1" 200 22
116.238.90.59 - - [05/Sep/2020:08:54:54 +0800] "GET /xingrg/all/function/internal_message.html?_=1599267498713&CODE_STATE=getMsg HTTP/1.1" 200 27
222.69.135.99 - - [05/Sep/2020:08:54:59 +0800] "GET /xingrg/all/function/internal_message.html?_=1599267286623&CODE_STATE=getMsg HTTP/1.1" 200 27
222.69.135.99 - - [05/Sep/2020:08:55:00 +0800] "GET /xingrg/check_reg.html?_=1599267286626 HTTP/1.1" 200 22
172.17.0.123 - - [05/Sep/2020:08:55:00 +0800] "GET /xingrg/all/function/internal_message.html?_=1599267308386&CODE_STATE=getMsg HTTP/1.1" 200 27
222.69.135.99 - - [05/Sep/2020:08:55:02 +0800] "GET /xingrg/kc/buy/cgsh_order_operate.html?command=get_materiel&rest_code=00149&code=00101020152&supplier_code=00100005&order_time=2020-09-05 HTTP/1.1" 200 416
218.81.217.115 - - [05/Sep/2020:08:55:03 +0800] "GET /xingrg/all/function/internal_message.html?_=1599267311335&CODE_STATE=getMsg HTTP/1.1" 200 27
222.69.135.99 - - [05/Sep/2020:08:55:09 +0800] "GET /xingrg/kc/buy/cgsh_order_operate.html?command=get_materiel&rest_code=00149&code=00101008223&supplier_code=00100005&order_time=2020-09-05 HTTP/1.1" 200 412
61.172.5.115 - - [05/Sep/2020:08:55:10 +0800] "GET /xingrg/all/function/internal_message.html?_=1599267309669&CODE_STATE=getMsg HTTP/1.1" 200 27
222.69.135.99 - - [05/Sep/2020:08:55:13 +0800] "POST /xingrg/kc/buy/cgsh_order_operate.html HTTP/1.1" 200 2065
222.69.135.99 - - [05/Sep/2020:08:55:19 +0800] "GET /xingrg/kc/buy/cgsh_order_operate.html?command=get_materiel&rest_code=00149&code=00101008079&supplier_code=00100005&order_time=2020-09-05 HTTP/1.1" 200 416
114.88.166.242 - - [05/Sep/2020:08:55:21 +0800] "GET /xingrg/all/function/internal_message.html?_=1599267378323&CODE_STATE=getMsg HTTP/1.1" 200 27
61.172.5.115 - - [05/Sep/2020:08:55:22 +0800] "GET /xingrg/kc/buy/cgsh_order_operate.html?command=get_materiel&rest_code=00105&code=00101016025&supplier_code=00100034&order_time=2020-09-05 HTTP/1.1" 200 408
116.238.71.173 - - [05/Sep/2020:08:55:27 +0800] "GET /xingrg/check_reg.html?_=1599267444912 HTTP/1.1" 200 22
222.69.135.99 - - [05/Sep/2020:08:55:27 +0800] "GET /xingrg/kc/buy/cgsh_order_operate.html?command=get_materiel&rest_code=00149&code=00101008238&supplier_code=00100005&order_time=2020-09-05 HTTP/1.1" 200 416
116.238.71.173 - - [05/Sep/2020:08:55:28 +0800] "GET /xingrg/all/function/internal_message.html?_=1599267445987&CODE_STATE=getMsg HTTP/1.1" 200 27
117.131.5.26 - - [05/Sep/2020:08:55:29 +0800] "GET /xingrg/check_reg.html?_=1599267610224 HTTP/1.1" 200 22
117.131.5.26 - - [05/Sep/2020:08:55:29 +0800] "GET /xingrg/all/function/internal_message.html?_=1599267610345&CODE_STATE=getMsg HTTP/1.1" 200 27
61.172.5.115 - - [05/Sep/2020:08:55:35 +0800] "GET /xingrg/kc/buy/cgsh_order_operate.html?command=get_materiel&rest_code=00105&code=00101016030&supplier_code=00100034&order_time=2020-09-05 HTTP/1.1" 200 412
172.17.0.240 - - [05/Sep/2020:08:55:40 +0800] "GET /xingrg/all/function/internal_message.html?_=1599267334877&CODE_STATE=getMsg HTTP/1.1" 302 -
222.69.135.99 - - [05/Sep/2020:08:55:44 +0800] "GET /xingrg/all/function/internal_message.html?_=1599267363815&CODE_STATE=getMsg HTTP/1.1" 200 27
218.81.217.115 - - [05/Sep/2020:08:55:44 +0800] "GET /xingrg/all/function/internal_message.html?_=1599267358611&CODE_STATE=getMsg HTTP/1.1" 200 27
58.37.9.106 - - [05/Sep/2020:08:55:49 +0800] "GET /xingrg/check_reg.html?_=1599267342755 HTTP/1.1" 200 22
61.172.5.115 - - [05/Sep/2020:08:55:49 +0800] "GET /xingrg/kc/buy/cgsh_order_operate.html?command=get_materiel&rest_code=00105&code=00101012033&supplier_code=00100034&order_time=2020-09-05 HTTP/1.1" 200 426
116.238.90.59 - - [05/Sep/2020:08:55:54 +0800] "GET /xingrg/all/function/internal_message.html?_=1599267558727&CODE_STATE=getMsg HTTP/1.1" 200 27
222.69.135.99 - - [05/Sep/2020:08:56:00 +0800] "GET /xingrg/all/function/internal_message.html?_=1599267346637&CODE_STATE=getMsg HTTP/1.1" 200 27
172.17.0.123 - - [05/Sep/2020:08:56:00 +0800] "GET /xingrg/all/function/internal_message.html?_=1599267368388&CODE_STATE=getMsg HTTP/1.1" 200 27
172.17.0.123 - - [05/Sep/2020:08:56:02 +0800] "GET /xingrg/check_reg.html?_=1599267370140 HTTP/1.1" 200 22
218.81.217.115 - - [05/Sep/2020:08:56:03 +0800] "GET /xingrg/all/function/internal_message.html?_=1599267371342&CODE_STATE=getMsg HTTP/1.1" 200 27
222.69.135.99 - - [05/Sep/2020:08:56:07 +0800] "GET /xingrg/kc/buy/cgsh_order_operate.html?command=get_materiel&rest_code=00149&code=00101008357&supplier_code=00100005&order_time=2020-09-05 HTTP/1.1" 200 408
61.172.5.115 - - [05/Sep/2020:08:56:10 +0800] "GET /xingrg/all/function/internal_message.html?_=1599267369672&CODE_STATE=getMsg HTTP/1.1" 200 27
61.172.5.115 - - [05/Sep/2020:08:56:17 +0800] "GET /xingrg/kc/buy/cgsh_order_operate.html?command=get_materiel&rest_code=00105&code=00101012029&supplier_code=00100034&order_time=2020-09-05 HTTP/1.1" 200 414
222.69.135.99 - - [05/Sep/2020:08:56:20 +0800] "GET /xingrg/kc/buy/cgsh_order_operate.html?command=get_materiel&rest_code=00149&code=00101008069&supplier_code=00100005&order_time=2020-09-05 HTTP/1.1" 200 412
114.88.166.242 - - [05/Sep/2020:08:56:21 +0800] "GET /xingrg/check_reg.html?_=1599267438322 HTTP/1.1" 200 22
114.88.166.242 - - [05/Sep/2020:08:56:21 +0800] "GET /xingrg/all/function/internal_message.html?_=1599267438323&CODE_STATE=getMsg HTTP/1.1" 200 27
61.172.5.115 - - [05/Sep/2020:08:56:27 +0800] "POST /xingrg/kc/buy/cgsh_order_operate.html HTTP/1.1" 200 37
116.238.71.173 - - [05/Sep/2020:08:56:28 +0800] "GET /xingrg/all/function/internal_message.html?_=1599267506001&CODE_STATE=getMsg HTTP/1.1" 200 27
61.172.5.115 - - [05/Sep/2020:08:56:28 +0800] "POST /xingrg/kc/buy/cgsh_order_operate.html HTTP/1.1" 200 4435
117.131.5.26 - - [05/Sep/2020:08:56:29 +0800] "GET /xingrg/all/function/internal_message.html?_=1599267670357&CODE_STATE=getMsg HTTP/1.1" 200 27
61.172.5.115 - - [05/Sep/2020:08:56:29 +0800] "GET /xingrg/kc/print/load_data.html?order_code=212020090501729&kc_code=cgsh&condition= HTTP/1.1" 200 1399
114.88.166.242 - - [05/Sep/2020:08:56:31 +0800] "GET /xingrg/kc/buy/cgsh_order_list.html HTTP/1.1" 200 43930
222.69.135.99 - - [05/Sep/2020:08:56:32 +0800] "GET /xingrg/kc/buy/cgsh_order_operate.html?command=get_materiel&rest_code=00149&code=00101008286&supplier_code=00100005&order_time=2020-09-05 HTTP/1.1" 200 408
114.88.166.242 - - [05/Sep/2020:08:56:32 +0800] "POST /xingrg/kc/buy/cgsh_list_operate.html HTTP/1.1" 200 2047
222.69.135.99 - - [05/Sep/2020:08:56:36 +0800] "POST /xingrg/kc/buy/cgsh_order_operate.html HTTP/1.1" 200 2065
120.253.135.82 - - [05/Sep/2020:08:56:37 +0800] "GET /xingrg/kc/pszx/mdps_order_list.html?orderType=0 HTTP/1.1" 200 21059
120.253.135.82 - - [05/Sep/2020:08:56:38 +0800] "POST /xingrg/kc/pszx/mdps_list_operate.html HTTP/1.1" 200 5226
222.69.135.99 - - [05/Sep/2020:08:56:40 +0800] "GET /xingrg/kc/buy/cgsh_order_operate.html?command=get_materiel&rest_code=00149&code=00101008036&supplier_code=00100005&order_time=2020-09-05 HTTP/1.1" 200 408
172.17.0.240 - - [05/Sep/2020:08:56:40 +0800] "GET /xingrg/all/function/internal_message.html?_=1599267394864&CODE_STATE=getMsg HTTP/1.1" 302 -
172.17.0.240 - - [05/Sep/2020:08:56:40 +0800] "GET /xingrg/check_reg.html?_=1599267394866 HTTP/1.1" 302 -
222.69.135.99 - - [05/Sep/2020:08:56:44 +0800] "GET /xingrg/all/function/internal_message.html?_=1599267423818&CODE_STATE=getMsg HTTP/1.1" 200 27
218.81.217.115 - - [05/Sep/2020:08:56:44 +0800] "GET /xingrg/all/function/internal_message.html?_=1599267418705&CODE_STATE=getMsg HTTP/1.1" 200 27
117.131.5.26 - - [05/Sep/2020:08:56:51 +0800] "GET /xingrg/javascript/jquery_easy_ui/themes/icons/area.png HTTP/1.1" 304 -
117.131.5.26 - - [05/Sep/2020:08:56:51 +0800] "GET /xingrg/javascript/jquery_easy_ui/themes/icons/rest.png HTTP/1.1" 304 -
114.88.166.242 - - [05/Sep/2020:08:56:52 +0800] "GET /xingrg/check_reg.html?_=1599267406385 HTTP/1.1" 200 22
222.69.135.99 - - [05/Sep/2020:08:56:52 +0800] "GET /xingrg/kc/buy/cgsh_order_operate.html?command=get_materiel&rest_code=00149&code=00101008131&supplier_code=00100005&order_time=2020-09-05 HTTP/1.1" 200 408
117.131.5.26 - - [05/Sep/2020:08:56:52 +0800] "GET /xingrg/javascript/jquery_easy_ui/themes/default/images/tabs_active.png HTTP/1.1" 304 -
116.238.90.59 - - [05/Sep/2020:08:56:54 +0800] "GET /xingrg/all/function/internal_message.html?_=1599267618740&CODE_STATE=getMsg HTTP/1.1" 200 27
120.253.135.82 - - [05/Sep/2020:08:56:57 +0800] "POST /xingrg/kc/pszx/mdps_list_operate.html HTTP/1.1" 200 1692
222.69.135.99 - - [05/Sep/2020:08:57:00 +0800] "GET /xingrg/all/function/internal_message.html?_=1599267406648&CODE_STATE=getMsg HTTP/1.1" 200 27
172.17.0.123 - - [05/Sep/2020:08:57:00 +0800] "GET /xingrg/all/function/internal_message.html?_=1599267428392&CODE_STATE=getMsg HTTP/1.1" 200 27
218.81.217.115 - - [05/Sep/2020:08:57:03 +0800] "GET /xingrg/all/function/internal_message.html?_=1599267431363&CODE_STATE=getMsg HTTP/1.1" 200 27
222.69.135.99 - - [05/Sep/2020:08:57:05 +0800] "GET /xingrg/kc/buy/cgsh_order_operate.html?command=get_materiel&rest_code=00149&code=00101008296&supplier_code=00100005&order_time=2020-09-05 HTTP/1.1" 200 416
120.253.135.82 - - [05/Sep/2020:08:57:06 +0800] "POST /xingrg/kc/pszx/mdps_list_operate.html HTTP/1.1" 200 284
61.172.5.115 - - [05/Sep/2020:08:57:10 +0800] "GET /xingrg/all/function/internal_message.html?_=1599267429674&CODE_STATE=getMsg HTTP/1.1" 200 27
172.17.0.240 - - [05/Sep/2020:08:57:11 +0800] "GET /xingrg/check_reg.html?_=1599267426116 HTTP/1.1" 302 -
117.131.5.26 - - [05/Sep/2020:08:57:20 +0800] "GET /xingrg/javascript/jquery_easy_ui/themes/default/images/tree_checkbox_1.gif HTTP/1.1" 304 -
117.131.5.26 - - [05/Sep/2020:08:57:20 +0800] "GET /xingrg/javascript/jquery_easy_ui/themes/default/images/tree_checkbox_2.gif HTTP/1.1" 304 -
114.88.166.242 - - [05/Sep/2020:08:57:21 +0800] "GET /xingrg/all/function/internal_message.html?_=1599267498323&CODE_STATE=getMsg HTTP/1.1" 200 27
117.131.5.26 - - [05/Sep/2020:08:57:22 +0800] "GET /xingrg/javascript/jquery_easy_ui/themes/default/images/button_plain_hover.png HTTP/1.1" 304 -
117.131.5.26 - - [05/Sep/2020:08:57:22 +0800] "POST /xingrg/dwr/call/plaincall/AjaxReportQueryService.refreshCache.dwr HTTP/1.1" 200 78
117.131.5.26 - - [05/Sep/2020:08:57:23 +0800] "POST /xingrg/all/report/load_report_page.html HTTP/1.1" 200 8920
117.131.5.26 - - [05/Sep/2020:08:57:23 +0800] "GET /xingrg/servlets/image?cache=0.6042466396057358&image=px HTTP/1.1" 200 807
120.253.135.82 - - [05/Sep/2020:08:57:26 +0800] "POST /xingrg/kc/pszx/mdps_list_operate.html HTTP/1.1" 200 1693
222.69.135.99 - - [05/Sep/2020:08:57:26 +0800] "GET /xingrg/kc/buy/cgsh_order_operate.html?command=get_materiel&rest_code=00149&code=00101008098&supplier_code=00100005&order_time=2020-09-05 HTTP/1.1" 200 412
120.253.135.82 - - [05/Sep/2020:08:57:27 +0800] "POST /xingrg/kc/pszx/mdps_list_operate.html HTTP/1.1" 200 288
116.238.71.173 - - [05/Sep/2020:08:57:28 +0800] "GET /xingrg/all/function/internal_message.html?_=1599267566014&CODE_STATE=getMsg HTTP/1.1" 200 27
117.131.5.26 - - [05/Sep/2020:08:57:29 +0800] "GET /xingrg/all/function/internal_message.html?_=1599267730372&CODE_STATE=getMsg HTTP/1.1" 200 27
120.253.135.82 - - [05/Sep/2020:08:57:29 +0800] "GET /xingrg/kc/pszx/mdps_order_info.html?code=312020090200064 HTTP/1.1" 200 23849
120.253.135.82 - - [05/Sep/2020:08:57:30 +0800] "POST /xingrg/kc/pszx/mdps_order_operate.html HTTP/1.1" 200 2782
120.253.135.82 - - [05/Sep/2020:08:57:30 +0800] "GET /xingrg/javascript/easyui/themes/default/validatebox.css HTTP/1.1" 404 1104
222.69.135.99 - - [05/Sep/2020:08:57:38 +0800] "GET /xingrg/kc/buy/cgsh_order_operate.html?command=get_materiel&rest_code=00149&code=00101008271&supplier_code=00100005&order_time=2020-09-05 HTTP/1.1" 200 408
172.17.0.240 - - [05/Sep/2020:08:57:40 +0800] "GET /xingrg/all/function/internal_message.html?_=1599267454869&CODE_STATE=getMsg HTTP/1.1" 302 -
222.69.135.99 - - [05/Sep/2020:08:57:41 +0800] "POST /xingrg/kc/buy/cgsh_order_operate.html HTTP/1.1" 200 2065
222.69.135.99 - - [05/Sep/2020:08:57:44 +0800] "GET /xingrg/all/function/internal_message.html?_=1599267483828&CODE_STATE=getMsg HTTP/1.1" 200 27
218.81.217.115 - - [05/Sep/2020:08:57:44 +0800] "GET /xingrg/all/function/internal_message.html?_=1599267478719&CODE_STATE=getMsg HTTP/1.1" 200 27
222.69.135.99 - - [05/Sep/2020:08:57:47 +0800] "GET /xingrg/kc/buy/cgsh_order_operate.html?command=get_materiel&rest_code=00149&code=00101008353&supplier_code=00100005&order_time=2020-09-05 HTTP/1.1" 200 408
218.81.217.115 - - [05/Sep/2020:08:57:53 +0800] "GET /xingrg/check_reg.html?_=1599267482258 HTTP/1.1" 200 22
116.238.90.59 - - [05/Sep/2020:08:57:54 +0800] "GET /xingrg/all/function/internal_message.html?_=1599267678813&CODE_STATE=getMsg HTTP/1.1" 200 27
222.69.135.99 - - [05/Sep/2020:08:58:00 +0800] "GET /xingrg/all/function/internal_message.html?_=1599267466633&CODE_STATE=getMsg HTTP/1.1" 200 27
172.17.0.123 - - [05/Sep/2020:08:58:00 +0800] "GET /xingrg/all/function/internal_message.html?_=1599267488396&CODE_STATE=getMsg HTTP/1.1" 200 27
