120.253.135.82 - - [05/Sep/2020:10:10:13 +0800] "GET /xingrg/kc/print/load_config.html?kc_code=mdps HTTP/1.1" 200 2396
120.253.135.82 - - [05/Sep/2020:10:10:13 +0800] "GET /xingrg/kc/print/load_data.html?order_code=312020090500129&kc_code=mdps&condition= HTTP/1.1" 200 1825
117.185.32.26 - - [05/Sep/2020:10:10:16 +0800] "GET /xingrg/all/function/internal_message.html?_=1599272242876&CODE_STATE=getMsg HTTP/1.1" 200 27
218.81.217.115 - - [05/Sep/2020:10:10:19 +0800] "GET /xingrg/all/function/internal_message.html?_=1599271827990&CODE_STATE=getMsg HTTP/1.1" 200 27
114.88.166.242 - - [05/Sep/2020:10:10:21 +0800] "GET /xingrg/all/function/internal_message.html?_=1599271878431&CODE_STATE=getMsg HTTP/1.1" 200 27
58.37.9.106 - - [05/Sep/2020:10:10:26 +0800] "GET /xingrg/all/function/internal_message.html?_=1599271454253&CODE_STATE=getMsg HTTP/1.1" 200 27
58.37.9.106 - - [05/Sep/2020:10:10:26 +0800] "GET /xingrg/check_reg.html?_=1599271454251 HTTP/1.1" 200 22
116.230.74.197 - - [05/Sep/2020:10:10:27 +0800] "GET /xingrg/all/function/internal_message.html?_=1599271820865&CODE_STATE=getMsg HTTP/1.1" 200 27
116.230.74.197 - - [05/Sep/2020:10:10:28 +0800] "POST /xingrg/kc/buy/cgsh_order_operate.html HTTP/1.1" 200 2065
120.253.135.82 - - [05/Sep/2020:10:10:28 +0800] "GET /xingrg/all/function/internal_message.html?_=1599271575303&CODE_STATE=getMsg HTTP/1.1" 200 27
117.131.5.26 - - [05/Sep/2020:10:10:29 +0800] "GET /xingrg/check_reg.html?_=1599272110488 HTTP/1.1" 200 22
117.131.5.26 - - [05/Sep/2020:10:10:32 +0800] "GET /xingrg/all/function/internal_message.html?_=1599272113502&CODE_STATE=getMsg HTTP/1.1" 200 27
116.238.71.173 - - [05/Sep/2020:10:10:37 +0800] "GET /xingrg/all/function/internal_message.html?_=1599271954712&CODE_STATE=getMsg HTTP/1.1" 200 27
172.17.0.240 - - [05/Sep/2020:10:10:40 +0800] "GET /xingrg/all/function/internal_message.html?_=1599271834871&CODE_STATE=getMsg HTTP/1.1" 302 -
222.69.135.99 - - [05/Sep/2020:10:10:44 +0800] "GET /xingrg/all/function/internal_message.html?_=1599271863984&CODE_STATE=getMsg HTTP/1.1" 200 27
218.81.217.115 - - [05/Sep/2020:10:10:47 +0800] "GET /xingrg/all/function/internal_message.html?_=1599271862017&CODE_STATE=getMsg HTTP/1.1" 200 27
180.152.230.204 - - [05/Sep/2020:10:10:48 +0800] "GET /xingrg/all/function/internal_message.html?_=1599271842002&CODE_STATE=getMsg HTTP/1.1" 200 27
58.37.9.106 - - [05/Sep/2020:10:10:48 +0800] "GET /xingrg/check_reg.html?_=1599271842559 HTTP/1.1" 200 22
172.17.0.185 - - [05/Sep/2020:10:10:52 +0800] "GET /xingrg/check_reg.html?_=1599271847204 HTTP/1.1" 200 22
116.230.74.197 - - [05/Sep/2020:10:10:57 +0800] "GET /xingrg/kc/buy/cgsh_order_operate.html?command=get_materiel&rest_code=00107&code=00101008118&supplier_code=00100006&order_time=2020-09-05 HTTP/1.1" 200 418
117.184.7.30 - - [05/Sep/2020:10:10:57 +0800] "GET /xingrg/all/function/internal_message.html?_=1599271843773&CODE_STATE=getMsg HTTP/1.1" 200 27
222.69.135.99 - - [05/Sep/2020:10:11:00 +0800] "GET /xingrg/all/function/internal_message.html?_=1599271846754&CODE_STATE=getMsg HTTP/1.1" 200 27
116.238.90.59 - - [05/Sep/2020:10:11:00 +0800] "GET /xingrg/all/function/internal_message.html?_=1599272064395&CODE_STATE=getMsg HTTP/1.1" 200 27
172.17.0.123 - - [05/Sep/2020:10:11:01 +0800] "GET /xingrg/all/function/internal_message.html?_=1599271868398&CODE_STATE=getMsg HTTP/1.1" 200 27
172.17.0.123 - - [05/Sep/2020:10:11:02 +0800] "GET /xingrg/check_reg.html?_=1599271869852 HTTP/1.1" 200 22
183.192.89.226 - - [05/Sep/2020:10:11:07 +0800] "GET /xingrg/check_reg.html?_=1599271900748 HTTP/1.1" 200 22
183.192.89.226 - - [05/Sep/2020:10:11:07 +0800] "GET /xingrg/all/function/internal_message.html?_=1599271900802&CODE_STATE=getMsg HTTP/1.1" 200 27
61.172.5.115 - - [05/Sep/2020:10:11:10 +0800] "GET /xingrg/all/function/internal_message.html?_=1599271869283&CODE_STATE=getMsg HTTP/1.1" 200 27
116.230.74.197 - - [05/Sep/2020:10:11:13 +0800] "GET /xingrg/kc/buy/cgsh_order_operate.html?command=get_materiel&rest_code=00107&code=00101008098&supplier_code=00100006&order_time=2020-09-05 HTTP/1.1" 200 412
117.185.32.26 - - [05/Sep/2020:10:11:16 +0800] "GET /xingrg/kc/buy/cgsh_order_add.html HTTP/1.1" 200 59668
117.185.32.26 - - [05/Sep/2020:10:11:16 +0800] "GET /xingrg/check_reg.html?_=1599272303100 HTTP/1.1" 200 22
117.185.32.26 - - [05/Sep/2020:10:11:16 +0800] "GET /xingrg/all/function/internal_message.html?_=1599272303101&CODE_STATE=getMsg HTTP/1.1" 200 27
117.185.32.26 - - [05/Sep/2020:10:11:16 +0800] "POST /xingrg/kc/buy/cgsh_order_operate.html HTTP/1.1" 200 8245
117.185.32.26 - - [05/Sep/2020:10:11:16 +0800] "GET /xingrg/javascript/easyui/themes/default/validatebox.css HTTP/1.1" 404 1104
218.81.217.115 - - [05/Sep/2020:10:11:19 +0800] "GET /xingrg/all/function/internal_message.html?_=1599271887992&CODE_STATE=getMsg HTTP/1.1" 200 27
117.185.32.26 - - [05/Sep/2020:10:11:20 +0800] "GET /xingrg/javascript/easyui/themes/default/tree.css HTTP/1.1" 404 1090
117.185.32.26 - - [05/Sep/2020:10:11:20 +0800] "POST /xingrg/all/common/load_tree.html?tree=supplier_tree_json&isDelete=1 HTTP/1.1" 200 50169
180.152.230.204 - - [05/Sep/2020:10:11:21 +0800] "POST /xingrg/kc/buy/cgsh_list_operate.html HTTP/1.1" 200 2051
114.88.166.242 - - [05/Sep/2020:10:11:21 +0800] "GET /xingrg/all/function/internal_message.html?_=1599271938429&CODE_STATE=getMsg HTTP/1.1" 200 27
114.88.166.242 - - [05/Sep/2020:10:11:21 +0800] "GET /xingrg/check_reg.html?_=1599271938460 HTTP/1.1" 200 22
58.37.9.106 - - [05/Sep/2020:10:11:26 +0800] "GET /xingrg/all/function/internal_message.html?_=1599271514251&CODE_STATE=getMsg HTTP/1.1" 200 27
116.230.74.197 - - [05/Sep/2020:10:11:27 +0800] "GET /xingrg/all/function/internal_message.html?_=1599271880878&CODE_STATE=getMsg HTTP/1.1" 200 27
120.253.135.82 - - [05/Sep/2020:10:11:28 +0800] "GET /xingrg/all/function/internal_message.html?_=1599271635315&CODE_STATE=getMsg HTTP/1.1" 200 27
117.131.5.26 - - [05/Sep/2020:10:11:32 +0800] "GET /xingrg/all/function/internal_message.html?_=1599272173514&CODE_STATE=getMsg HTTP/1.1" 200 27
116.233.76.17 - - [05/Sep/2020:10:11:35 +0800] "GET /favicon.ico HTTP/1.1" 404 -
116.238.71.173 - - [05/Sep/2020:10:11:37 +0800] "GET /xingrg/all/function/internal_message.html?_=1599272014734&CODE_STATE=getMsg HTTP/1.1" 200 27
172.17.0.240 - - [05/Sep/2020:10:11:40 +0800] "GET /xingrg/all/function/internal_message.html?_=1599271894874&CODE_STATE=getMsg HTTP/1.1" 302 -
172.17.0.240 - - [05/Sep/2020:10:11:40 +0800] "GET /xingrg/check_reg.html?_=1599271894876 HTTP/1.1" 302 -
117.185.32.26 - - [05/Sep/2020:10:11:41 +0800] "GET /xingrg/kc/buy/cgsh_order_operate.html?command=get_materiel&rest_code=00106&code=00101006161&supplier_code=00100032&order_time=2020-09-05 HTTP/1.1" 200 411
222.69.135.99 - - [05/Sep/2020:10:11:44 +0800] "GET /xingrg/all/function/internal_message.html?_=1599271923979&CODE_STATE=getMsg HTTP/1.1" 200 27
218.81.217.115 - - [05/Sep/2020:10:11:47 +0800] "GET /xingrg/all/function/internal_message.html?_=1599271922119&CODE_STATE=getMsg HTTP/1.1" 200 27
180.152.230.204 - - [05/Sep/2020:10:11:48 +0800] "GET /xingrg/all/function/internal_message.html?_=1599271902002&CODE_STATE=getMsg HTTP/1.1" 200 27
114.88.166.242 - - [05/Sep/2020:10:11:52 +0800] "GET /xingrg/check_reg.html?_=1599271906839 HTTP/1.1" 200 22
117.184.7.30 - - [05/Sep/2020:10:11:57 +0800] "GET /xingrg/check_reg.html?_=1599271903787 HTTP/1.1" 200 22
117.184.7.26 - - [05/Sep/2020:10:11:57 +0800] "GET /xingrg/all/function/internal_message.html?_=1599271903789&CODE_STATE=getMsg HTTP/1.1" 200 27
116.230.74.197 - - [05/Sep/2020:10:11:57 +0800] "POST /xingrg/kc/buy/cgsh_order_operate.html HTTP/1.1" 200 2065
117.185.32.26 - - [05/Sep/2020:10:11:57 +0800] "GET /xingrg/kc/buy/cgsh_order_operate.html?command=get_materiel&rest_code=00106&code=00101010161&supplier_code=00100032&order_time=2020-09-05 HTTP/1.1" 200 409
222.69.135.99 - - [05/Sep/2020:10:12:00 +0800] "GET /xingrg/all/function/internal_message.html?_=1599271906756&CODE_STATE=getMsg HTTP/1.1" 200 27
116.238.90.59 - - [05/Sep/2020:10:12:00 +0800] "GET /xingrg/all/function/internal_message.html?_=1599272124848&CODE_STATE=getMsg HTTP/1.1" 200 27
172.17.0.123 - - [05/Sep/2020:10:12:01 +0800] "GET /xingrg/all/function/internal_message.html?_=1599271928384&CODE_STATE=getMsg HTTP/1.1" 200 27
116.230.74.197 - - [05/Sep/2020:10:12:05 +0800] "GET /xingrg/kc/buy/cgsh_order_operate.html?command=get_materiel&rest_code=00107&code=00101008261&supplier_code=00100006&order_time=2020-09-05 HTTP/1.1" 200 408
183.192.89.226 - - [05/Sep/2020:10:12:07 +0800] "GET /xingrg/all/function/internal_message.html?_=1599271960803&CODE_STATE=getMsg HTTP/1.1" 200 27
61.172.5.115 - - [05/Sep/2020:10:12:10 +0800] "GET /xingrg/all/function/internal_message.html?_=1599271929256&CODE_STATE=getMsg HTTP/1.1" 200 27
172.17.0.240 - - [05/Sep/2020:10:12:11 +0800] "GET /xingrg/check_reg.html?_=1599271925766 HTTP/1.1" 302 -
117.185.32.26 - - [05/Sep/2020:10:12:16 +0800] "GET /xingrg/all/function/internal_message.html?_=1599272363073&CODE_STATE=getMsg HTTP/1.1" 200 27
117.185.32.26 - - [05/Sep/2020:10:12:18 +0800] "GET /xingrg/kc/buy/cgsh_order_operate.html?command=get_materiel&rest_code=00106&code=00101016017&supplier_code=00100032&order_time=2020-09-05 HTTP/1.1" 200 408
218.81.217.115 - - [05/Sep/2020:10:12:19 +0800] "GET /xingrg/all/function/internal_message.html?_=1599271948278&CODE_STATE=getMsg HTTP/1.1" 200 27
114.88.166.242 - - [05/Sep/2020:10:12:21 +0800] "GET /xingrg/all/function/internal_message.html?_=1599271998454&CODE_STATE=getMsg HTTP/1.1" 200 27
58.37.9.106 - - [05/Sep/2020:10:12:26 +0800] "GET /xingrg/all/function/internal_message.html?_=1599271574251&CODE_STATE=getMsg HTTP/1.1" 200 27
116.230.74.197 - - [05/Sep/2020:10:12:28 +0800] "GET /xingrg/all/function/internal_message.html?_=1599271941233&CODE_STATE=getMsg HTTP/1.1" 200 27
120.253.135.82 - - [05/Sep/2020:10:12:28 +0800] "GET /xingrg/all/function/internal_message.html?_=1599271695348&CODE_STATE=getMsg HTTP/1.1" 200 27
117.185.32.26 - - [05/Sep/2020:10:12:29 +0800] "GET /xingrg/kc/buy/cgsh_order_operate.html?command=get_materiel&rest_code=00106&code=00101001111&supplier_code=00100032&order_time=2020-09-05 HTTP/1.1" 200 410
117.131.5.26 - - [05/Sep/2020:10:12:32 +0800] "GET /xingrg/all/function/internal_message.html?_=1599272233527&CODE_STATE=getMsg HTTP/1.1" 200 27
116.238.71.173 - - [05/Sep/2020:10:12:37 +0800] "GET /xingrg/all/function/internal_message.html?_=1599272074740&CODE_STATE=getMsg HTTP/1.1" 200 27
172.17.0.240 - - [05/Sep/2020:10:12:40 +0800] "GET /xingrg/all/function/internal_message.html?_=1599271954876&CODE_STATE=getMsg HTTP/1.1" 302 -
222.69.135.99 - - [05/Sep/2020:10:12:44 +0800] "GET /xingrg/all/function/internal_message.html?_=1599271983974&CODE_STATE=getMsg HTTP/1.1" 200 27
58.37.9.106 - - [05/Sep/2020:10:12:45 +0800] "POST /xingrg/services/DataTransmitService HTTP/1.1" 200 524
58.37.9.106 - - [05/Sep/2020:10:12:45 +0800] "POST /xingrg/services/DataTransmitService HTTP/1.1" 200 501
58.37.9.106 - - [05/Sep/2020:10:12:45 +0800] "POST /xingrg/services/DataTransmitService HTTP/1.1" 200 501
58.37.9.106 - - [05/Sep/2020:10:12:45 +0800] "POST /xingrg/services/DataTransmitService HTTP/1.1" 200 501
58.37.9.106 - - [05/Sep/2020:10:12:46 +0800] "POST /xingrg/services/DataTransmitService HTTP/1.1" 200 501
58.37.9.106 - - [05/Sep/2020:10:12:46 +0800] "POST /xingrg/services/DataTransmitService HTTP/1.1" 200 501
58.37.9.106 - - [05/Sep/2020:10:12:46 +0800] "POST /xingrg/services/DataTransmitService HTTP/1.1" 200 501
58.37.9.106 - - [05/Sep/2020:10:12:46 +0800] "POST /xingrg/services/DataTransmitService HTTP/1.1" 200 501
58.37.9.106 - - [05/Sep/2020:10:12:47 +0800] "POST /xingrg/services/DataTransmitService HTTP/1.1" 200 412
218.81.217.115 - - [05/Sep/2020:10:12:47 +0800] "GET /xingrg/all/function/internal_message.html?_=1599271982125&CODE_STATE=getMsg HTTP/1.1" 200 27
180.152.230.204 - - [05/Sep/2020:10:12:48 +0800] "GET /xingrg/check_reg.html?_=1599271962013 HTTP/1.1" 200 22
180.152.230.204 - - [05/Sep/2020:10:12:48 +0800] "GET /xingrg/all/function/internal_message.html?_=1599271962014&CODE_STATE=getMsg HTTP/1.1" 200 27
117.185.32.26 - - [05/Sep/2020:10:12:52 +0800] "POST /xingrg/kc/buy/cgsh_order_operate.html HTTP/1.1" 200 37
218.81.217.115 - - [05/Sep/2020:10:12:54 +0800] "GET /xingrg/check_reg.html?_=1599271982548 HTTP/1.1" 200 22
117.185.32.26 - - [05/Sep/2020:10:12:55 +0800] "POST /xingrg/kc/buy/cgsh_order_operate.html HTTP/1.1" 200 4419
117.185.32.26 - - [05/Sep/2020:10:12:57 +0800] "GET /xingrg/kc/buy/cgsh_order_add.html HTTP/1.1" 200 59668
117.185.32.26 - - [05/Sep/2020:10:12:57 +0800] "POST /xingrg/kc/buy/cgsh_order_operate.html HTTP/1.1" 200 8245
117.185.32.26 - - [05/Sep/2020:10:12:57 +0800] "GET /xingrg/javascript/easyui/themes/default/validatebox.css HTTP/1.1" 404 1104
117.184.7.26 - - [05/Sep/2020:10:12:57 +0800] "GET /xingrg/all/function/internal_message.html?_=1599271963787&CODE_STATE=getMsg HTTP/1.1" 200 27
117.185.32.26 - - [05/Sep/2020:10:12:58 +0800] "GET /xingrg/javascript/easyui/themes/default/tree.css HTTP/1.1" 404 1090
117.185.32.26 - - [05/Sep/2020:10:12:58 +0800] "POST /xingrg/all/common/load_tree.html?tree=supplier_tree_json&isDelete=1 HTTP/1.1" 200 50169
222.69.135.99 - - [05/Sep/2020:10:13:00 +0800] "GET /xingrg/all/function/internal_message.html?_=1599271966756&CODE_STATE=getMsg HTTP/1.1" 200 27
116.238.90.59 - - [05/Sep/2020:10:13:00 +0800] "GET /xingrg/all/function/internal_message.html?_=1599272184859&CODE_STATE=getMsg HTTP/1.1" 200 27
172.17.0.123 - - [05/Sep/2020:10:13:01 +0800] "GET /xingrg/all/function/internal_message.html?_=1599271988386&CODE_STATE=getMsg HTTP/1.1" 200 27
183.192.89.226 - - [05/Sep/2020:10:13:07 +0800] "GET /xingrg/all/function/internal_message.html?_=1599272020800&CODE_STATE=getMsg HTTP/1.1" 200 27
116.230.74.197 - - [05/Sep/2020:10:13:07 +0800] "GET /xingrg/kc/buy/cgsh_order_operate.html?command=get_materiel&rest_code=00107&code=00101008108&supplier_code=00100006&order_time=2020-09-05 HTTP/1.1" 200 412
61.172.5.115 - - [05/Sep/2020:10:13:10 +0800] "GET /xingrg/all/function/internal_message.html?_=1599271989229&CODE_STATE=getMsg HTTP/1.1" 200 27
61.172.5.115 - - [05/Sep/2020:10:13:10 +0800] "GET /xingrg/check_reg.html?_=1599271989692 HTTP/1.1" 200 22
117.185.32.26 - - [05/Sep/2020:10:13:11 +0800] "GET /xingrg/kc/buy/cgsh_order_operate.html?command=get_materiel&rest_code=00106&code=00101009050&supplier_code=00100022&order_time=2020-09-05 HTTP/1.1" 200 430
116.230.74.197 - - [05/Sep/2020:10:13:14 +0800] "POST /xingrg/kc/buy/cgsh_order_operate.html HTTP/1.1" 200 2065
117.185.32.26 - - [05/Sep/2020:10:13:16 +0800] "GET /xingrg/all/function/internal_message.html?_=1599272423052&CODE_STATE=getMsg HTTP/1.1" 200 27
218.81.217.115 - - [05/Sep/2020:10:13:19 +0800] "GET /xingrg/all/function/internal_message.html?_=1599272008284&CODE_STATE=getMsg HTTP/1.1" 200 27
114.88.166.242 - - [05/Sep/2020:10:13:21 +0800] "GET /xingrg/all/function/internal_message.html?_=1599272058452&CODE_STATE=getMsg HTTP/1.1" 200 27
116.230.74.197 - - [05/Sep/2020:10:13:25 +0800] "GET /xingrg/kc/buy/cgsh_order_operate.html?command=get_materiel&rest_code=00107&code=00101008359&supplier_code=00100006&order_time=2020-09-05 HTTP/1.1" 200 408
58.37.9.106 - - [05/Sep/2020:10:13:26 +0800] "GET /xingrg/all/function/internal_message.html?_=1599271634251&CODE_STATE=getMsg HTTP/1.1" 200 27
116.230.74.197 - - [05/Sep/2020:10:13:27 +0800] "GET /xingrg/check_reg.html?_=1599272000341 HTTP/1.1" 200 22
116.230.74.197 - - [05/Sep/2020:10:13:28 +0800] "GET /xingrg/all/function/internal_message.html?_=1599272001576&CODE_STATE=getMsg HTTP/1.1" 200 27
120.253.135.82 - - [05/Sep/2020:10:13:28 +0800] "GET /xingrg/check_reg.html?_=1599271755249 HTTP/1.1" 200 22
120.253.135.82 - - [05/Sep/2020:10:13:28 +0800] "GET /xingrg/all/function/internal_message.html?_=1599271755358&CODE_STATE=getMsg HTTP/1.1" 200 27
117.185.32.26 - - [05/Sep/2020:10:13:30 +0800] "GET /xingrg/kc/buy/cgsh_order_operate.html?command=get_materiel&rest_code=00106&code=00101009011&supplier_code=00100022&order_time=2020-09-05 HTTP/1.1" 200 418
117.131.5.26 - - [05/Sep/2020:10:13:32 +0800] "GET /xingrg/all/function/internal_message.html?_=1599272293544&CODE_STATE=getMsg HTTP/1.1" 200 27
116.238.71.173 - - [05/Sep/2020:10:13:37 +0800] "GET /xingrg/all/function/internal_message.html?_=1599272134762&CODE_STATE=getMsg HTTP/1.1" 200 27
172.17.0.240 - - [05/Sep/2020:10:13:40 +0800] "GET /xingrg/all/function/internal_message.html?_=1599272014878&CODE_STATE=getMsg HTTP/1.1" 302 -
117.185.32.26 - - [05/Sep/2020:10:13:40 +0800] "GET /xingrg/kc/buy/cgsh_order_operate.html?command=get_materiel&rest_code=00106&code=00101009007&supplier_code=00100022&order_time=2020-09-05 HTTP/1.1" 200 410
222.69.135.99 - - [05/Sep/2020:10:13:44 +0800] "GET /xingrg/all/function/internal_message.html?_=1599272044005&CODE_STATE=getMsg HTTP/1.1" 200 27
218.81.217.115 - - [05/Sep/2020:10:13:48 +0800] "GET /xingrg/all/function/internal_message.html?_=1599272042208&CODE_STATE=getMsg HTTP/1.1" 200 27
180.152.230.204 - - [05/Sep/2020:10:13:48 +0800] "GET /xingrg/all/function/internal_message.html?_=1599272022010&CODE_STATE=getMsg HTTP/1.1" 200 27
218.81.217.115 - - [05/Sep/2020:10:13:51 +0800] "GET /xingrg/check_reg.html?_=1599272046052 HTTP/1.1" 200 22
180.157.253.48 - - [05/Sep/2020:10:13:57 +0800] "POST /xingrg/services/DataTransmitService HTTP/1.1" 200 524
180.157.253.48 - - [05/Sep/2020:10:13:57 +0800] "POST /xingrg/services/DataTransmitService HTTP/1.1" 200 497
117.184.7.26 - - [05/Sep/2020:10:13:57 +0800] "GET /xingrg/all/function/internal_message.html?_=1599272023784&CODE_STATE=getMsg HTTP/1.1" 200 27
117.185.32.26 - - [05/Sep/2020:10:13:58 +0800] "POST /xingrg/kc/buy/cgsh_order_operate.html HTTP/1.1" 200 37
117.185.32.26 - - [05/Sep/2020:10:13:59 +0800] "POST /xingrg/kc/buy/cgsh_order_operate.html HTTP/1.1" 200 3842
222.69.135.99 - - [05/Sep/2020:10:14:00 +0800] "GET /xingrg/all/function/internal_message.html?_=1599272026758&CODE_STATE=getMsg HTTP/1.1" 200 27
172.17.0.123 - - [05/Sep/2020:10:14:01 +0800] "GET /xingrg/all/function/internal_message.html?_=1599272048390&CODE_STATE=getMsg HTTP/1.1" 200 27
116.238.90.59 - - [05/Sep/2020:10:14:01 +0800] "GET /xingrg/all/function/internal_message.html?_=1599272245459&CODE_STATE=getMsg HTTP/1.1" 200 27
117.185.32.26 - - [05/Sep/2020:10:14:03 +0800] "GET /xingrg/kc/buy/buy_main.html HTTP/1.1" 200 12412
117.185.32.26 - - [05/Sep/2020:10:14:03 +0800] "GET /xingrg/css/new_ie.css HTTP/1.1" 404 1036
117.185.32.26 - - [05/Sep/2020:10:14:04 +0800] "GET /xingrg/images/yd/bt.gif HTTP/1.1" 404 1040
117.185.32.26 - - [05/Sep/2020:10:14:05 +0800] "GET /xingrg/kc/buy/cgsh_order_list.html HTTP/1.1" 200 43930
183.192.89.226 - - [05/Sep/2020:10:14:06 +0800] "GET /xingrg/all/function/internal_message.html?_=1599272080810&CODE_STATE=getMsg HTTP/1.1" 200 27
117.185.32.26 - - [05/Sep/2020:10:14:06 +0800] "POST /xingrg/kc/buy/cgsh_list_operate.html HTTP/1.1" 200 3501
116.230.74.197 - - [05/Sep/2020:10:14:08 +0800] "GET /xingrg/kc/buy/cgsh_order_operate.html?command=get_materiel&rest_code=00107&code=00101008125&supplier_code=00100006&order_time=2020-09-05 HTTP/1.1" 200 413
61.172.5.115 - - [05/Sep/2020:10:14:10 +0800] "GET /xingrg/all/function/internal_message.html?_=1599272049209&CODE_STATE=getMsg HTTP/1.1" 200 27
61.172.5.115 - - [05/Sep/2020:10:14:15 +0800] "GET /xingrg/kc/buy/cgsh_order_add.html HTTP/1.1" 200 59668
117.185.32.26 - - [05/Sep/2020:10:14:16 +0800] "GET /xingrg/all/function/internal_message.html?_=1599272483028&CODE_STATE=getMsg HTTP/1.1" 200 27
61.172.5.115 - - [05/Sep/2020:10:14:16 +0800] "POST /xingrg/kc/buy/cgsh_order_operate.html HTTP/1.1" 200 8245
61.172.5.115 - - [05/Sep/2020:10:14:16 +0800] "GET /xingrg/javascript/easyui/themes/default/validatebox.css HTTP/1.1" 404 1104
116.230.74.197 - - [05/Sep/2020:10:14:18 +0800] "POST /xingrg/kc/buy/cgsh_order_operate.html HTTP/1.1" 200 37
218.81.217.115 - - [05/Sep/2020:10:14:19 +0800] "GET /xingrg/all/function/internal_message.html?_=1599272068298&CODE_STATE=getMsg HTTP/1.1" 200 27
114.88.166.242 - - [05/Sep/2020:10:14:21 +0800] "GET /xingrg/all/function/internal_message.html?_=1599272118451&CODE_STATE=getMsg HTTP/1.1" 200 27
117.185.32.26 - - [05/Sep/2020:10:14:23 +0800] "POST /xingrg/services/DataTransmitService HTTP/1.1" 200 524
117.185.32.26 - - [05/Sep/2020:10:14:23 +0800] "POST /xingrg/services/DataTransmitService HTTP/1.1" 200 501
117.185.32.26 - - [05/Sep/2020:10:14:23 +0800] "POST /xingrg/services/DataTransmitService HTTP/1.1" 200 501
117.185.32.26 - - [05/Sep/2020:10:14:23 +0800] "POST /xingrg/services/DataTransmitService HTTP/1.1" 200 501
117.185.32.26 - - [05/Sep/2020:10:14:24 +0800] "POST /xingrg/services/DataTransmitService HTTP/1.1" 200 501
117.185.32.26 - - [05/Sep/2020:10:14:24 +0800] "POST /xingrg/services/DataTransmitService HTTP/1.1" 200 412
58.37.9.106 - - [05/Sep/2020:10:14:26 +0800] "GET /xingrg/all/function/internal_message.html?_=1599271694274&CODE_STATE=getMsg HTTP/1.1" 200 27
61.172.5.115 - - [05/Sep/2020:10:14:28 +0800] "GET /xingrg/kc/buy/cgsh_order_operate.html?command=get_materiel&rest_code=00105&code=00101009001&supplier_code=00100024&order_time=2020-09-05 HTTP/1.1" 200 416
120.253.135.82 - - [05/Sep/2020:10:14:28 +0800] "GET /xingrg/all/function/internal_message.html?_=1599271815372&CODE_STATE=getMsg HTTP/1.1" 200 27
117.131.5.26 - - [05/Sep/2020:10:14:32 +0800] "GET /xingrg/all/function/internal_message.html?_=1599272353559&CODE_STATE=getMsg HTTP/1.1" 200 27
116.238.71.173 - - [05/Sep/2020:10:14:36 +0800] "GET /xingrg/check_reg.html?_=1599272194641 HTTP/1.1" 200 22
116.238.71.173 - - [05/Sep/2020:10:14:37 +0800] "GET /xingrg/all/function/internal_message.html?_=1599272194776&CODE_STATE=getMsg HTTP/1.1" 200 27
172.17.0.240 - - [05/Sep/2020:10:14:40 +0800] "GET /xingrg/all/function/internal_message.html?_=1599272074864&CODE_STATE=getMsg HTTP/1.1" 302 -
222.69.135.99 - - [05/Sep/2020:10:14:44 +0800] "GET /xingrg/check_reg.html?_=1599272103996 HTTP/1.1" 200 22
222.69.135.99 - - [05/Sep/2020:10:14:44 +0800] "GET /xingrg/all/function/internal_message.html?_=1599272104001&CODE_STATE=getMsg HTTP/1.1" 200 27
61.172.5.115 - - [05/Sep/2020:10:14:45 +0800] "GET /xingrg/kc/buy/cgsh_order_operate.html?command=get_materiel&rest_code=00105&code=00101009011&supplier_code=00100024&order_time=2020-09-05 HTTP/1.1" 200 416
116.230.74.197 - - [05/Sep/2020:10:14:47 +0800] "POST /xingrg/kc/buy/cgsh_order_operate.html HTTP/1.1" 200 54075
218.81.217.115 - - [05/Sep/2020:10:14:48 +0800] "GET /xingrg/all/function/internal_message.html?_=1599272102213&CODE_STATE=getMsg HTTP/1.1" 200 27
180.152.230.204 - - [05/Sep/2020:10:14:48 +0800] "GET /xingrg/all/function/internal_message.html?_=1599272082008&CODE_STATE=getMsg HTTP/1.1" 200 27
116.238.90.59 - - [05/Sep/2020:10:14:55 +0800] "GET /xingrg/check_reg.html?_=1599272299368 HTTP/1.1" 200 22
117.184.7.26 - - [05/Sep/2020:10:14:57 +0800] "GET /xingrg/all/function/internal_message.html?_=1599272083785&CODE_STATE=getMsg HTTP/1.1" 200 27
222.69.135.99 - - [05/Sep/2020:10:15:00 +0800] "GET /xingrg/check_reg.html?_=1599272086765 HTTP/1.1" 200 22
222.69.135.99 - - [05/Sep/2020:10:15:00 +0800] "GET /xingrg/all/function/internal_message.html?_=1599272086768&CODE_STATE=getMsg HTTP/1.1" 200 27
172.17.0.123 - - [05/Sep/2020:10:15:01 +0800] "GET /xingrg/all/function/internal_message.html?_=1599272108382&CODE_STATE=getMsg HTTP/1.1" 200 27
61.172.5.115 - - [05/Sep/2020:10:15:01 +0800] "GET /xingrg/kc/buy/cgsh_order_operate.html?command=get_materiel&rest_code=00105&code=00101008507&supplier_code=00100024&order_time=2020-09-05 HTTP/1.1" 200 395
116.238.90.59 - - [05/Sep/2020:10:15:01 +0800] "GET /xingrg/all/function/internal_message.html?_=1599272305466&CODE_STATE=getMsg HTTP/1.1" 200 27
183.192.89.226 - - [05/Sep/2020:10:15:05 +0800] "GET /xingrg/all/function/internal_message.html?_=1599272140819&CODE_STATE=getMsg HTTP/1.1" 200 27
61.172.5.115 - - [05/Sep/2020:10:15:08 +0800] "GET /xingrg/kc/buy/cgsh_order_operate.html?command=get_materiel&rest_code=00105&code=00101009019&supplier_code=00100024&order_time=2020-09-05 HTTP/1.1" 200 433
61.172.5.115 - - [05/Sep/2020:10:15:10 +0800] "GET /xingrg/all/function/internal_message.html?_=1599272109188&CODE_STATE=getMsg HTTP/1.1" 200 27
117.185.32.26 - - [05/Sep/2020:10:15:16 +0800] "GET /xingrg/all/function/internal_message.html?_=1599272543012&CODE_STATE=getMsg HTTP/1.1" 200 27
218.81.217.115 - - [05/Sep/2020:10:15:20 +0800] "GET /xingrg/all/function/internal_message.html?_=1599272128589&CODE_STATE=getMsg HTTP/1.1" 200 27
114.88.166.242 - - [05/Sep/2020:10:15:21 +0800] "GET /xingrg/all/function/internal_message.html?_=1599272178450&CODE_STATE=getMsg HTTP/1.1" 200 27
61.172.5.115 - - [05/Sep/2020:10:15:22 +0800] "GET /xingrg/kc/buy/cgsh_order_operate.html?command=get_materiel&rest_code=00105&code=00101009062&supplier_code=00100024&order_time=2020-09-05 HTTP/1.1" 200 433
58.40.7.146 - - [05/Sep/2020:10:15:26 +0800] "GET /xingrg/login.html HTTP/1.1" 200 7641
58.40.7.146 - - [05/Sep/2020:10:15:26 +0800] "GET /xingrg/images/blue/jxLogo.png HTTP/1.1" 200 6156
58.40.7.146 - - [05/Sep/2020:10:15:26 +0800] "GET /xingrg/images/blue/login_bg.png HTTP/1.1" 200 22101
58.40.7.146 - - [05/Sep/2020:10:15:26 +0800] "GET /xingrg/images/blue/srbg.png HTTP/1.1" 200 138
58.40.7.146 - - [05/Sep/2020:10:15:26 +0800] "GET /xingrg/images/blue/hj.png HTTP/1.1" 200 1014
58.40.7.146 - - [05/Sep/2020:10:15:26 +0800] "GET /favicon.ico HTTP/1.1" 404 -
58.37.9.106 - - [05/Sep/2020:10:15:26 +0800] "GET /xingrg/all/function/internal_message.html?_=1599271754273&CODE_STATE=getMsg HTTP/1.1" 200 27
58.37.9.106 - - [05/Sep/2020:10:15:26 +0800] "GET /xingrg/check_reg.html?_=1599271754275 HTTP/1.1" 200 22
116.230.74.197 - - [05/Sep/2020:10:15:28 +0800] "GET /xingrg/all/function/internal_message.html?_=1599272121610&CODE_STATE=getMsg HTTP/1.1" 200 27
120.253.135.82 - - [05/Sep/2020:10:15:28 +0800] "GET /xingrg/all/function/internal_message.html?_=1599271875386&CODE_STATE=getMsg HTTP/1.1" 200 27
117.131.5.26 - - [05/Sep/2020:10:15:29 +0800] "GET /xingrg/check_reg.html?_=1599272410500 HTTP/1.1" 200 22
117.131.5.26 - - [05/Sep/2020:10:15:32 +0800] "GET /xingrg/all/function/internal_message.html?_=1599272413578&CODE_STATE=getMsg HTTP/1.1" 200 27
58.40.7.146 - - [05/Sep/2020:10:15:32 +0800] "POST /xingrg/login.do HTTP/1.1" 302 -
58.40.7.146 - - [05/Sep/2020:10:15:32 +0800] "GET /xingrg/index.html?sysBaseUrl=http%3A%2F%2F180.169.147.146%3A18081%2Fxingrg%2F&costTime=79×tamp=1599272132595 HTTP/1.1" 200 17419
58.40.7.146 - - [05/Sep/2020:10:15:32 +0800] "GET /xingrg/javascript/jquery_easy_ui/themes/icon.css HTTP/1.1" 200 3949
58.40.7.146 - - [05/Sep/2020:10:15:32 +0800] "GET /xingrg/css/form.css HTTP/1.1" 200 893
58.40.7.146 - - [05/Sep/2020:10:15:32 +0800] "GET /xingrg/javascript/jquery-1.4.2.min.js HTTP/1.1" 200 72205
58.40.7.146 - - [05/Sep/2020:10:15:32 +0800] "GET /xingrg/javascript/jquery_easy_ui/jquery.easyui.min.js HTTP/1.1" 200 213662
58.40.7.146 - - [05/Sep/2020:10:15:32 +0800] "GET /xingrg/javascript/jquery_easy_ui/easyui-lang-zh_CN.js HTTP/1.1" 200 1900
58.40.7.146 - - [05/Sep/2020:10:15:32 +0800] "GET /xingrg/javascript/jquery.timers.js HTTP/1.1" 200 3532
58.40.7.146 - - [05/Sep/2020:10:15:32 +0800] "GET /xingrg/javascript/jquery_easy_ui/themes/default/easyui.css HTTP/1.1" 200 26500
58.40.7.146 - - [05/Sep/2020:10:15:32 +0800] "GET /xingrg/javascript/jquery.utils.js HTTP/1.1" 200 11805
58.40.7.146 - - [05/Sep/2020:10:15:32 +0800] "GET /xingrg/javascript/jquery.form.js HTTP/1.1" 200 23110
58.40.7.146 - - [05/Sep/2020:10:15:32 +0800] "GET /favicon.ico HTTP/1.1" 404 -
58.40.7.146 - - [05/Sep/2020:10:15:32 +0800] "GET /xingrg/javascript/jquery_easy_ui/themes/icons/settle_new.png HTTP/1.1" 200 826
58.40.7.146 - - [05/Sep/2020:10:15:32 +0800] "GET /xingrg/images/blue/navBackgound.jpg HTTP/1.1" 200 12378
58.40.7.146 - - [05/Sep/2020:10:15:32 +0800] "POST /xingrg/all/common/load_tree.html?tree=area_rest_tree_json&manage=1 HTTP/1.1" 200 476
58.40.7.146 - - [05/Sep/2020:10:15:33 +0800] "GET /xingrg/check_reg.html?_=1599272129767 HTTP/1.1" 200 22
58.40.7.146 - - [05/Sep/2020:10:15:33 +0800] "GET /xingrg/images/blue/pingpu.png HTTP/1.1" 200 231
58.40.7.146 - - [05/Sep/2020:10:15:33 +0800] "GET /xingrg/javascript/jquery_easy_ui/themes/default/images/tabs_leftarrow.png HTTP/1.1" 200 389
58.40.7.146 - - [05/Sep/2020:10:15:33 +0800] "GET /xingrg/javascript/jquery_easy_ui/themes/default/images/tabs_rightarrow.png HTTP/1.1" 200 395
58.40.7.146 - - [05/Sep/2020:10:15:33 +0800] "GET /xingrg/javascript/jquery_easy_ui/themes/default/images/panel_tool_expand.gif HTTP/1.1" 200 247
58.40.7.146 - - [05/Sep/2020:10:15:33 +0800] "GET /xingrg/javascript/jquery_easy_ui/themes/default/images/panel_tool_collapse.gif HTTP/1.1" 200 246
58.40.7.146 - - [05/Sep/2020:10:15:33 +0800] "GET /xingrg/all/function/internal_message.html?_=1599272129765&CODE_STATE=count HTTP/1.1" 200 11
58.40.7.146 - - [05/Sep/2020:10:15:33 +0800] "POST /xingrg/load_menu.html HTTP/1.1" 200 9959
58.40.7.146 - - [05/Sep/2020:10:15:33 +0800] "GET /xingrg/javascript/jquery_easy_ui/themes/default/images/tree_arrows.gif HTTP/1.1" 200 1043
58.40.7.146 - - [05/Sep/2020:10:15:33 +0800] "GET /xingrg/javascript/jquery_easy_ui/themes/default/images/tree_folder_open.gif HTTP/1.1" 200 956
58.40.7.146 - - [05/Sep/2020:10:15:33 +0800] "GET /xingrg/javascript/jquery_easy_ui/themes/icons/search_new.png HTTP/1.1" 200 586
58.40.7.146 - - [05/Sep/2020:10:15:33 +0800] "GET /xingrg/javascript/jquery_easy_ui/themes/default/images/tree_folder.gif HTTP/1.1" 200 952
58.40.7.146 - - [05/Sep/2020:10:15:33 +0800] "GET /xingrg/javascript/jquery_easy_ui/themes/icons/storage_new.png HTTP/1.1" 200 853
58.40.7.146 - - [05/Sep/2020:10:15:33 +0800] "GET /xingrg/javascript/jquery_easy_ui/themes/icons/checkout_new.png HTTP/1.1" 200 744
58.40.7.146 - - [05/Sep/2020:10:15:33 +0800] "GET /xingrg/javascript/jquery_easy_ui/themes/icons/forms_new.png HTTP/1.1" 200 350
58.40.7.146 - - [05/Sep/2020:10:15:33 +0800] "GET /xingrg/javascript/jquery_easy_ui/themes/icons/setting_new.png HTTP/1.1" 200 450
58.40.7.146 - - [05/Sep/2020:10:15:33 +0800] "GET /xingrg/javascript/jquery_easy_ui/themes/icons/systemset_new.png HTTP/1.1" 200 606
58.40.7.146 - - [05/Sep/2020:10:15:33 +0800] "GET /xingrg/javascript/jquery_easy_ui/themes/default/images/tree_file.gif HTTP/1.1" 200 118
58.40.7.146 - - [05/Sep/2020:10:15:35 +0800] "POST /xingrg/load_menu.html HTTP/1.1" 200 9242
116.238.71.173 - - [05/Sep/2020:10:15:37 +0800] "GET /xingrg/all/function/internal_message.html?_=1599272254780&CODE_STATE=getMsg HTTP/1.1" 200 27
58.40.7.146 - - [05/Sep/2020:10:15:37 +0800] "GET /xingrg/all/report/report_query.html?fileName=dma/new_5.0/yingye/order_list.xml HTTP/1.1" 200 55281
58.40.7.146 - - [05/Sep/2020:10:15:37 +0800] "GET /xingrg/javascript/jquery_easy_ui/themes/default/images/tabs_close.gif HTTP/1.1" 200 829
58.40.7.146 - - [05/Sep/2020:10:15:37 +0800] "GET /xingrg/javascript/multi_select/jqueryMultiSelect.css HTTP/1.1" 200 951
58.40.7.146 - - [05/Sep/2020:10:15:37 +0800] "GET /xingrg/css/blue.css HTTP/1.1" 200 15949
58.40.7.146 - - [05/Sep/2020:10:15:37 +0800] "GET /xingrg/javascript/calendar/timePicker.css HTTP/1.1" 200 523
58.40.7.146 - - [05/Sep/2020:10:15:37 +0800] "GET /xingrg/javascript/bigrid/fix.css HTTP/1.1" 200 1702
58.40.7.146 - - [05/Sep/2020:10:15:37 +0800] "GET /xingrg/javascript/pic_change.js HTTP/1.1" 200 4739
58.40.7.146 - - [05/Sep/2020:10:15:37 +0800] "GET /xingrg/dwr/interface/AjaxReportQueryService.js HTTP/1.1" 200 13203
58.40.7.146 - - [05/Sep/2020:10:15:37 +0800] "GET /xingrg/dwr/engine.js HTTP/1.1" 200 43631
58.40.7.146 - - [05/Sep/2020:10:15:37 +0800] "GET /xingrg/javascript/myfunction.js HTTP/1.1" 200 24559
58.40.7.146 - - [05/Sep/2020:10:15:37 +0800] "GET /xingrg/dwr/util.js HTTP/1.1" 200 35990
58.40.7.146 - - [05/Sep/2020:10:15:37 +0800] "GET /xingrg/javascript/calendar/jquery.timePicker.min.js HTTP/1.1" 200 2997
58.40.7.146 - - [05/Sep/2020:10:15:37 +0800] "GET /xingrg/javascript/jqueryMultiSelect.js HTTP/1.1" 200 11866
58.40.7.146 - - [05/Sep/2020:10:15:37 +0800] "GET /xingrg/javascript/bigrid/fix.js HTTP/1.1" 200 6439
58.40.7.146 - - [05/Sep/2020:10:15:37 +0800] "GET /xingrg/javascript/Calendar.js HTTP/1.1" 200 31561
58.40.7.146 - - [05/Sep/2020:10:15:37 +0800] "GET /xingrg/images/blue/button/advanceover.gif HTTP/1.1" 200 1347
58.40.7.146 - - [05/Sep/2020:10:15:37 +0800] "GET /xingrg/images/blue/button/advance2over.gif HTTP/1.1" 200 1336
58.40.7.146 - - [05/Sep/2020:10:15:37 +0800] "GET /xingrg/images/blue/button/backover.gif HTTP/1.1" 200 1348
58.40.7.146 - - [05/Sep/2020:10:15:37 +0800] "GET /xingrg/images/blue/button/back2over.gif HTTP/1.1" 200 1335
58.40.7.146 - - [05/Sep/2020:10:15:37 +0800] "GET /xingrg/images/control/loading.gif HTTP/1.1" 200 13463
58.40.7.146 - - [05/Sep/2020:10:15:37 +0800] "GET /xingrg/javascript/jquery_easy_ui/themes/icons/help.png HTTP/1.1" 200 1187
58.40.7.146 - - [05/Sep/2020:10:15:37 +0800] "GET /xingrg/javascript/jquery_easy_ui/themes/default/images/menu_downarrow.png HTTP/1.1" 200 173
58.40.7.146 - - [05/Sep/2020:10:15:37 +0800] "GET /xingrg/javascript/jquery_easy_ui/themes/default/images/button_a_bg.gif HTTP/1.1" 200 1194
58.40.7.146 - - [05/Sep/2020:10:15:37 +0800] "GET /xingrg/javascript/jquery_easy_ui/themes/default/images/menu.gif HTTP/1.1" 200 834
58.40.7.146 - - [05/Sep/2020:10:15:37 +0800] "GET /xingrg/javascript/jquery_easy_ui/themes/icons/print.png HTTP/1.1" 200 1057
58.40.7.146 - - [05/Sep/2020:10:15:37 +0800] "GET /xingrg/javascript/jquery_easy_ui/themes/icons/pencil.png HTTP/1.1" 200 713
58.40.7.146 - - [05/Sep/2020:10:15:37 +0800] "POST /xingrg/dwr/call/plaincall/AjaxReportQueryService.getFixDate.dwr HTTP/1.1" 200 111
58.40.7.146 - - [05/Sep/2020:10:15:37 +0800] "GET /xingrg/javascript/jquery_easy_ui/themes/default/images/menu_rightarrow.png HTTP/1.1" 200 3617
58.40.7.146 - - [05/Sep/2020:10:15:37 +0800] "GET /xingrg/javascript/jquery_easy_ui/themes/default/images/combo_arrow_dot.gif HTTP/1.1" 200 79
58.40.7.146 - - [05/Sep/2020:10:15:37 +0800] "POST /xingrg/all/common/load_tree.html?tree=area_station_tree_json&manage=1 HTTP/1.1" 200 468
58.40.7.146 - - [05/Sep/2020:10:15:37 +0800] "GET /xingrg/javascript/jquery_easy_ui/themes/icons/rest.png HTTP/1.1" 200 695
58.40.7.146 - - [05/Sep/2020:10:15:37 +0800] "GET /xingrg/javascript/jquery_easy_ui/themes/default/images/tree_checkbox_0.gif HTTP/1.1" 200 168
58.40.7.146 - - [05/Sep/2020:10:15:37 +0800] "GET /xingrg/javascript/jquery_easy_ui/themes/icons/area.png HTTP/1.1" 200 262
58.40.7.146 - - [05/Sep/2020:10:15:37 +0800] "POST /xingrg/dwr/call/plaincall/AjaxReportQueryService.getInitString.dwr HTTP/1.1" 200 76
58.40.7.146 - - [05/Sep/2020:10:15:37 +0800] "GET /xingrg/javascript/multi_select/dropdown.gif HTTP/1.1" 200 61
58.40.7.146 - - [05/Sep/2020:10:15:40 +0800] "POST /xingrg/dwr/call/plaincall/AjaxReportQueryService.getFixDate.dwr HTTP/1.1" 200 111
172.17.0.240 - - [05/Sep/2020:10:15:40 +0800] "GET /xingrg/all/function/internal_message.html?_=1599272134865&CODE_STATE=getMsg HTTP/1.1" 302 -
58.40.7.146 - - [05/Sep/2020:10:15:43 +0800] "GET /xingrg/javascript/jquery_easy_ui/themes/default/images/tree_checkbox_1.gif HTTP/1.1" 200 174
58.40.7.146 - - [05/Sep/2020:10:15:43 +0800] "GET /xingrg/javascript/jquery_easy_ui/themes/default/images/tree_checkbox_2.gif HTTP/1.1" 200 181
58.40.7.146 - - [05/Sep/2020:10:15:43 +0800] "POST /xingrg/dwr/call/plaincall/AjaxReportQueryService.queryInitializeString.dwr HTTP/1.1" 200 203
222.69.135.99 - - [05/Sep/2020:10:15:44 +0800] "GET /xingrg/all/function/internal_message.html?_=1599272163991&CODE_STATE=getMsg HTTP/1.1" 200 27
58.40.7.146 - - [05/Sep/2020:10:15:45 +0800] "POST /xingrg/dwr/call/plaincall/AjaxReportQueryService.refreshCache.dwr HTTP/1.1" 200 78
58.40.7.146 - - [05/Sep/2020:10:15:46 +0800] "POST /xingrg/all/report/load_report_page.html HTTP/1.1" 200 196456
58.40.7.146 - - [05/Sep/2020:10:15:46 +0800] "GET /xingrg/images/blue/button/back2.gif HTTP/1.1" 200 1339
58.40.7.146 - - [05/Sep/2020:10:15:46 +0800] "GET /xingrg/images/blue/button/back.gif HTTP/1.1" 200 1352
58.40.7.146 - - [05/Sep/2020:10:15:46 +0800] "GET /xingrg/servlets/image?cache=0.18287796895377817&image=px HTTP/1.1" 200 807
61.172.5.115 - - [05/Sep/2020:10:15:47 +0800] "GET /xingrg/kc/buy/cgsh_order_operate.html?command=get_materiel&rest_code=00105&code=00101009039&supplier_code=00100024&order_time=2020-09-05 HTTP/1.1" 200 408
218.81.217.115 - - [05/Sep/2020:10:15:48 +0800] "GET /xingrg/all/function/internal_message.html?_=1599272162228&CODE_STATE=getMsg HTTP/1.1" 200 27
180.152.230.204 - - [05/Sep/2020:10:15:48 +0800] "GET /xingrg/all/function/internal_message.html?_=1599272142006&CODE_STATE=getMsg HTTP/1.1" 200 27
58.37.9.106 - - [05/Sep/2020:10:15:49 +0800] "GET /xingrg/check_reg.html?_=1599272142562 HTTP/1.1" 200 22
58.40.7.146 - - [05/Sep/2020:10:15:51 +0800] "POST /xingrg/all/report/load_report_page.html HTTP/1.1" 200 54387
58.40.7.146 - - [05/Sep/2020:10:15:51 +0800] "GET /xingrg/images/blue/button/advance.gif HTTP/1.1" 200 1354
58.40.7.146 - - [05/Sep/2020:10:15:51 +0800] "GET /xingrg/images/blue/button/advance2.gif HTTP/1.1" 200 1338
58.40.7.146 - - [05/Sep/2020:10:15:51 +0800] "GET /xingrg/servlets/image?cache=0.8555629693361245&image=px HTTP/1.1" 200 807
172.17.0.185 - - [05/Sep/2020:10:15:51 +0800] "GET /xingrg/check_reg.html?_=1599272147178 HTTP/1.1" 200 22
58.40.7.146 - - [05/Sep/2020:10:15:54 +0800] "GET /xingrg/javascript/jquery_easy_ui/themes/default/images/button_plain_hover.png HTTP/1.1" 200 252
58.40.7.146 - - [05/Sep/2020:10:15:56 +0800] "POST /xingrg/all/report/report_print.html HTTP/1.1" 200 16924
117.184.7.26 - - [05/Sep/2020:10:15:57 +0800] "GET /xingrg/all/function/internal_message.html?_=1599272143794&CODE_STATE=getMsg HTTP/1.1" 200 27
222.69.135.99 - - [05/Sep/2020:10:16:00 +0800] "GET /xingrg/all/function/internal_message.html?_=1599272146768&CODE_STATE=getMsg HTTP/1.1" 200 27
172.17.0.123 - - [05/Sep/2020:10:16:01 +0800] "GET /xingrg/all/function/internal_message.html?_=1599272168388&CODE_STATE=getMsg HTTP/1.1" 200 27
116.238.90.59 - - [05/Sep/2020:10:16:01 +0800] "GET /xingrg/all/function/internal_message.html?_=1599272365483&CODE_STATE=getMsg HTTP/1.1" 200 27
172.17.0.123 - - [05/Sep/2020:10:16:02 +0800] "GET /xingrg/check_reg.html?_=1599272169828 HTTP/1.1" 200 22
183.192.89.226 - - [05/Sep/2020:10:16:05 +0800] "GET /xingrg/check_reg.html?_=1599272200742 HTTP/1.1" 200 22
183.192.89.226 - - [05/Sep/2020:10:16:05 +0800] "GET /xingrg/all/function/internal_message.html?_=1599272200812&CODE_STATE=getMsg HTTP/1.1" 200 27
61.172.5.115 - - [05/Sep/2020:10:16:10 +0800] "GET /xingrg/all/function/internal_message.html?_=1599272169168&CODE_STATE=getMsg HTTP/1.1" 200 27
117.185.32.26 - - [05/Sep/2020:10:16:16 +0800] "GET /xingrg/all/function/internal_message.html?_=1599272602987&CODE_STATE=getMsg HTTP/1.1" 200 27
117.185.32.26 - - [05/Sep/2020:10:16:16 +0800] "GET /xingrg/check_reg.html?_=1599272603098 HTTP/1.1" 200 22
218.81.217.115 - - [05/Sep/2020:10:16:20 +0800] "GET /xingrg/all/function/internal_message.html?_=1599272188590&CODE_STATE=getMsg HTTP/1.1" 200 27
114.88.166.242 - - [05/Sep/2020:10:16:21 +0800] "GET /xingrg/all/function/internal_message.html?_=1599272238448&CODE_STATE=getMsg HTTP/1.1" 200 27
114.88.166.242 - - [05/Sep/2020:10:16:21 +0800] "GET /xingrg/check_reg.html?_=1599272238465 HTTP/1.1" 200 22
58.37.9.106 - - [05/Sep/2020:10:16:26 +0800] "GET /xingrg/all/function/internal_message.html?_=1599271814275&CODE_STATE=getMsg HTTP/1.1" 200 27
116.230.74.197 - - [05/Sep/2020:10:16:28 +0800] "GET /xingrg/all/function/internal_message.html?_=1599272181574&CODE_STATE=getMsg HTTP/1.1" 200 27
120.253.135.82 - - [05/Sep/2020:10:16:28 +0800] "GET /xingrg/all/function/internal_message.html?_=1599271935433&CODE_STATE=getMsg HTTP/1.1" 200 27
117.131.5.26 - - [05/Sep/2020:10:16:32 +0800] "GET /xingrg/all/function/internal_message.html?_=1599272473601&CODE_STATE=getMsg HTTP/1.1" 200 27
58.40.7.146 - - [05/Sep/2020:10:16:33 +0800] "GET /xingrg/all/function/internal_message.html?_=1599272189771&CODE_STATE=getMsg HTTP/1.1" 200 27
116.238.71.173 - - [05/Sep/2020:10:16:37 +0800] "GET /xingrg/all/function/internal_message.html?_=1599272314793&CODE_STATE=getMsg HTTP/1.1" 200 27
172.17.0.240 - - [05/Sep/2020:10:16:40 +0800] "GET /xingrg/all/function/internal_message.html?_=1599272194868&CODE_STATE=getMsg HTTP/1.1" 302 -
172.17.0.240 - - [05/Sep/2020:10:16:40 +0800] "GET /xingrg/check_reg.html?_=1599272194869 HTTP/1.1" 302 -
61.172.5.115 - - [05/Sep/2020:10:16:42 +0800] "GET /xingrg/kc/buy/cgsh_order_operate.html?command=get_materiel&rest_code=00105&code=00101009107&supplier_code=00100024&order_time=2020-09-05 HTTP/1.1" 200 396
180.152.230.204 - - [05/Sep/2020:10:16:44 +0800] "GET /xingrg/kc/buy/cgsh_order_add.html HTTP/1.1" 200 58787
180.152.230.204 - - [05/Sep/2020:10:16:44 +0800] "GET /xingrg/javascript/easyui/themes/default/validatebox.css HTTP/1.1" 404 1104
180.152.230.204 - - [05/Sep/2020:10:16:44 +0800] "POST /xingrg/kc/buy/cgsh_order_operate.html HTTP/1.1" 200 8245
222.69.135.99 - - [05/Sep/2020:10:16:44 +0800] "GET /xingrg/all/function/internal_message.html?_=1599272223995&CODE_STATE=getMsg HTTP/1.1" 200 27
120.253.135.82 - - [05/Sep/2020:10:16:44 +0800] "POST /xingrg/kc/pszx/mdps_list_operate.html HTTP/1.1" 200 205
120.253.135.82 - - [05/Sep/2020:10:16:45 +0800] "GET /xingrg/kc/pszx/mdps_order_info.html?code=312020082100514 HTTP/1.1" 200 23843
120.253.135.82 - - [05/Sep/2020:10:16:46 +0800] "GET /xingrg/javascript/easyui/themes/default/validatebox.css HTTP/1.1" 404 1104
120.253.135.82 - - [05/Sep/2020:10:16:46 +0800] "POST /xingrg/kc/pszx/mdps_order_operate.html HTTP/1.1" 200 2282
218.81.217.115 - - [05/Sep/2020:10:16:48 +0800] "GET /xingrg/all/function/internal_message.html?_=1599272222311&CODE_STATE=getMsg HTTP/1.1" 200 27
180.152.230.204 - - [05/Sep/2020:10:16:48 +0800] "GET /xingrg/all/function/internal_message.html?_=1599272202003&CODE_STATE=getMsg HTTP/1.1" 200 27
120.253.135.82 - - [05/Sep/2020:10:16:49 +0800] "POST /xingrg/kc/pszx/mdps_order_operate.html HTTP/1.1" 200 37
120.253.135.82 - - [05/Sep/2020:10:16:51 +0800] "POST /xingrg/kc/pszx/mdps_order_operate.html HTTP/1.1" 200 12
180.152.230.204 - - [05/Sep/2020:10:16:51 +0800] "GET /xingrg/kc/buy/cgsh_order_operate.html?command=get_materiel&rest_code=00145&code=00101011001&supplier_code=00100047&order_time=2020-09-05 HTTP/1.1" 200 422
120.253.135.82 - - [05/Sep/2020:10:16:52 +0800] "GET /xingrg/kc/pszx/mdps_order_info.html?code=312020082100514 HTTP/1.1" 200 19503
114.88.166.242 - - [05/Sep/2020:10:16:52 +0800] "GET /xingrg/check_reg.html?_=1599272206845 HTTP/1.1" 200 22
120.253.135.82 - - [05/Sep/2020:10:16:52 +0800] "GET /xingrg/javascript/easyui/themes/default/validatebox.css HTTP/1.1" 404 1104
120.253.135.82 - - [05/Sep/2020:10:16:52 +0800] "POST /xingrg/kc/pszx/mdps_order_operate.html HTTP/1.1" 200 504
120.253.135.82 - - [05/Sep/2020:10:16:54 +0800] "POST /xingrg/kc/pszx/mdps_list_operate.html HTTP/1.1" 200 1685
120.253.135.82 - - [05/Sep/2020:10:16:55 +0800] "POST /xingrg/kc/pszx/mdps_list_operate.html HTTP/1.1" 200 604
120.253.135.82 - - [05/Sep/2020:10:16:55 +0800] "GET /xingrg/kc/pszx/mdps_order_info.html?code=312020090500129 HTTP/1.1" 200 23843
120.253.135.82 - - [05/Sep/2020:10:16:56 +0800] "GET /xingrg/javascript/easyui/themes/default/validatebox.css HTTP/1.1" 404 1104
120.253.135.82 - - [05/Sep/2020:10:16:56 +0800] "POST /xingrg/kc/pszx/mdps_order_operate.html HTTP/1.1" 200 4747
117.184.7.26 - - [05/Sep/2020:10:16:57 +0800] "GET /xingrg/check_reg.html?_=1599272203800 HTTP/1.1" 200 22
117.184.7.26 - - [05/Sep/2020:10:16:57 +0800] "GET /xingrg/all/function/internal_message.html?_=1599272203802&CODE_STATE=getMsg HTTP/1.1" 200 27
180.152.230.204 - - [05/Sep/2020:10:16:58 +0800] "POST /xingrg/kc/buy/cgsh_order_operate.html HTTP/1.1" 200 37
180.152.230.204 - - [05/Sep/2020:10:16:59 +0800] "POST /xingrg/kc/buy/cgsh_order_operate.html HTTP/1.1" 200 2665
222.69.135.99 - - [05/Sep/2020:10:17:00 +0800] "GET /xingrg/all/function/internal_message.html?_=1599272206769&CODE_STATE=getMsg HTTP/1.1" 200 27
172.17.0.123 - - [05/Sep/2020:10:17:01 +0800] "GET /xingrg/all/function/internal_message.html?_=1599272228392&CODE_STATE=getMsg HTTP/1.1" 200 27
116.238.90.59 - - [05/Sep/2020:10:17:01 +0800] "GET /xingrg/all/function/internal_message.html?_=1599272425490&CODE_STATE=getMsg HTTP/1.1" 200 27
218.81.217.115 - - [05/Sep/2020:10:17:03 +0800] "POST /xingrg/services/DataTransmitService HTTP/1.1" 200 524
218.81.217.115 - - [05/Sep/2020:10:17:03 +0800] "POST /xingrg/services/DataTransmitService HTTP/1.1" 200 501
218.81.217.115 - - [05/Sep/2020:10:17:03 +0800] "POST /xingrg/services/DataTransmitService HTTP/1.1" 200 524
183.192.89.226 - - [05/Sep/2020:10:17:04 +0800] "GET /xingrg/all/function/internal_message.html?_=1599272260819&CODE_STATE=getMsg HTTP/1.1" 200 27
180.152.230.204 - - [05/Sep/2020:10:17:05 +0800] "GET /xingrg/kc/print/load_data.html?order_code=212020090501786&kc_code=cgsh&condition= HTTP/1.1" 200 732
218.81.217.115 - - [05/Sep/2020:10:17:06 +0800] "POST /xingrg/services/DataTransmitService HTTP/1.1" 200 501
218.81.217.115 - - [05/Sep/2020:10:17:06 +0800] "POST /xingrg/services/DataTransmitService HTTP/1.1" 200 501
61.172.5.115 - - [05/Sep/2020:10:17:08 +0800] "GET /xingrg/kc/buy/cgsh_order_operate.html?command=get_materiel&rest_code=00105&code=00101009112&supplier_code=00100024&order_time=2020-09-05 HTTP/1.1" 200 411
61.172.5.115 - - [05/Sep/2020:10:17:09 +0800] "GET /xingrg/all/function/internal_message.html?_=1599272229138&CODE_STATE=getMsg HTTP/1.1" 200 27
218.81.217.115 - - [05/Sep/2020:10:17:10 +0800] "POST /xingrg/services/DataTransmitService HTTP/1.1" 200 501
120.253.135.82 - - [05/Sep/2020:10:17:11 +0800] "POST /xingrg/kc/pszx/mdps_order_operate.html HTTP/1.1" 200 37
172.17.0.240 - - [05/Sep/2020:10:17:11 +0800] "GET /xingrg/check_reg.html?_=1599272225737 HTTP/1.1" 302 -
120.253.135.82 - - [05/Sep/2020:10:17:12 +0800] "POST /xingrg/kc/pszx/mdps_order_operate.html HTTP/1.1" 200 12
218.81.217.115 - - [05/Sep/2020:10:17:12 +0800] "POST /xingrg/services/DataTransmitService HTTP/1.1" 200 501
218.81.217.115 - - [05/Sep/2020:10:17:12 +0800] "POST /xingrg/services/DataTransmitService HTTP/1.1" 200 501
218.81.217.115 - - [05/Sep/2020:10:17:12 +0800] "POST /xingrg/services/DataTransmitService HTTP/1.1" 200 501
120.253.135.82 - - [05/Sep/2020:10:17:13 +0800] "GET /xingrg/kc/pszx/mdps_order_info.html?code=312020090500129 HTTP/1.1" 200 19503
218.81.217.115 - - [05/Sep/2020:10:17:13 +0800] "POST /xingrg/services/DataTransmitService HTTP/1.1" 200 501
120.253.135.82 - - [05/Sep/2020:10:17:13 +0800] "POST /xingrg/kc/pszx/mdps_order_operate.html HTTP/1.1" 200 2935
120.253.135.82 - - [05/Sep/2020:10:17:13 +0800] "GET /xingrg/javascript/easyui/themes/default/validatebox.css HTTP/1.1" 404 1104
218.81.217.115 - - [05/Sep/2020:10:17:13 +0800] "POST /xingrg/services/DataTransmitService HTTP/1.1" 200 501
120.253.135.82 - - [05/Sep/2020:10:17:15 +0800] "POST /xingrg/kc/pszx/mdps_list_operate.html HTTP/1.1" 200 868
218.81.217.115 - - [05/Sep/2020:10:17:15 +0800] "POST /xingrg/services/DataTransmitService HTTP/1.1" 200 412
117.185.32.26 - - [05/Sep/2020:10:17:16 +0800] "GET /xingrg/all/function/internal_message.html?_=1599272662967&CODE_STATE=getMsg HTTP/1.1" 200 27
61.172.5.115 - - [05/Sep/2020:10:17:17 +0800] "POST /xingrg/kc/buy/cgsh_order_operate.html HTTP/1.1" 200 37
61.172.5.115 - - [05/Sep/2020:10:17:18 +0800] "POST /xingrg/kc/buy/cgsh_order_operate.html HTTP/1.1" 200 8006
218.81.217.115 - - [05/Sep/2020:10:17:20 +0800] "GET /xingrg/all/function/internal_message.html?_=1599272248880&CODE_STATE=getMsg HTTP/1.1" 200 27
114.88.166.242 - - [05/Sep/2020:10:17:21 +0800] "GET /xingrg/all/function/internal_message.html?_=1599272298449&CODE_STATE=getMsg HTTP/1.1" 200 27
58.37.9.106 - - [05/Sep/2020:10:17:26 +0800] "GET /xingrg/all/function/internal_message.html?_=1599271874274&CODE_STATE=getMsg HTTP/1.1" 200 27
116.230.74.197 - - [05/Sep/2020:10:17:28 +0800] "GET /xingrg/all/function/internal_message.html?_=1599272241560&CODE_STATE=getMsg HTTP/1.1" 200 27
120.253.135.82 - - [05/Sep/2020:10:17:28 +0800] "GET /xingrg/all/function/internal_message.html?_=1599271995466&CODE_STATE=getMsg HTTP/1.1" 200 27
117.131.5.26 - - [05/Sep/2020:10:17:32 +0800] "GET /xingrg/all/function/internal_message.html?_=1599272533647&CODE_STATE=getMsg HTTP/1.1" 200 27
58.40.7.146 - - [05/Sep/2020:10:17:33 +0800] "GET /xingrg/all/function/internal_message.html?_=1599272249775&CODE_STATE=getMsg HTTP/1.1" 200 27
116.238.71.173 - - [05/Sep/2020:10:17:37 +0800] "GET /xingrg/all/function/internal_message.html?_=1599272374815&CODE_STATE=getMsg HTTP/1.1" 200 27
172.17.0.240 - - [05/Sep/2020:10:17:40 +0800] "GET /xingrg/all/function/internal_message.html?_=1599272254871&CODE_STATE=getMsg HTTP/1.1" 302 -
116.238.90.59 - - [05/Sep/2020:10:17:43 +0800] "GET /xingrg/kc/buy/cgsh_order_operate.html?command=get_materiel&rest_code=00102&code=00101015057&supplier_code=00100054&order_time=2020-09-05 HTTP/1.1" 200 408
222.69.135.99 - - [05/Sep/2020:10:17:44 +0800] "GET /xingrg/all/function/internal_message.html?_=1599272284004&CODE_STATE=getMsg HTTP/1.1" 200 27
180.152.230.204 - - [05/Sep/2020:10:17:48 +0800] "GET /xingrg/all/function/internal_message.html?_=1599272262004&CODE_STATE=getMsg HTTP/1.1" 200 27
180.152.230.204 - - [05/Sep/2020:10:17:48 +0800] "GET /xingrg/check_reg.html?_=1599272262006 HTTP/1.1" 200 22
218.81.217.115 - - [05/Sep/2020:10:17:48 +0800] "GET /xingrg/all/function/internal_message.html?_=1599272282316&CODE_STATE=getMsg HTTP/1.1" 200 27
218.81.217.115 - - [05/Sep/2020:10:17:54 +0800] "GET /xingrg/check_reg.html?_=1599272282549 HTTP/1.1" 200 22
116.238.90.59 - - [05/Sep/2020:10:17:56 +0800] "GET /xingrg/kc/buy/cgsh_order_operate.html?command=get_materiel&rest_code=00102&code=00101015042&supplier_code=00100054&order_time=2020-09-05 HTTP/1.1" 200 408
