116.230.74.197 - - [05/Sep/2020:09:16:48 +0800] "GET /xingrg/javascript/easyui/themes/default/validatebox.css HTTP/1.1" 404 1104
116.230.74.197 - - [05/Sep/2020:09:16:48 +0800] "POST /xingrg/kc/buy/cgsh_order_operate.html HTTP/1.1" 200 8245
116.230.74.197 - - [05/Sep/2020:09:16:51 +0800] "GET /xingrg/javascript/easyui/themes/default/tree.css HTTP/1.1" 404 1090
116.230.74.197 - - [05/Sep/2020:09:16:51 +0800] "POST /xingrg/all/common/load_tree.html?tree=supplier_tree_json&isDelete=1 HTTP/1.1" 200 50169
114.88.166.242 - - [05/Sep/2020:09:16:52 +0800] "GET /xingrg/check_reg.html?_=1599268606400 HTTP/1.1" 200 22
116.238.90.59 - - [05/Sep/2020:09:16:55 +0800] "GET /xingrg/all/function/internal_message.html?_=1599268819355&CODE_STATE=getMsg HTTP/1.1" 200 27
222.69.135.99 - - [05/Sep/2020:09:17:00 +0800] "GET /xingrg/all/function/internal_message.html?_=1599268606666&CODE_STATE=getMsg HTTP/1.1" 200 27
172.17.0.123 - - [05/Sep/2020:09:17:00 +0800] "GET /xingrg/all/function/internal_message.html?_=1599268628390&CODE_STATE=getMsg HTTP/1.1" 200 27
116.230.74.197 - - [05/Sep/2020:09:17:07 +0800] "GET /xingrg/kc/buy/cgsh_order_operate.html?command=get_materiel&rest_code=00107&code=00101007061&supplier_code=00100002&order_time=2020-09-05 HTTP/1.1" 200 409
61.172.5.115 - - [05/Sep/2020:09:17:09 +0800] "GET /xingrg/kc/buy/cgsh_order_operate.html?command=get_materiel&rest_code=00105&code=00101008318&supplier_code=00100203&order_time=2020-09-05 HTTP/1.1" 200 408
61.172.5.115 - - [05/Sep/2020:09:17:10 +0800] "GET /xingrg/all/function/internal_message.html?_=1599268629692&CODE_STATE=getMsg HTTP/1.1" 200 27
172.17.0.240 - - [05/Sep/2020:09:17:11 +0800] "GET /xingrg/check_reg.html?_=1599268626016 HTTP/1.1" 302 -
117.185.32.26 - - [05/Sep/2020:09:17:16 +0800] "GET /xingrg/all/function/internal_message.html?_=1599269062604&CODE_STATE=getMsg HTTP/1.1" 200 27
218.81.217.115 - - [05/Sep/2020:09:17:16 +0800] "GET /xingrg/all/function/internal_message.html?_=1599268644824&CODE_STATE=getMsg HTTP/1.1" 200 27
114.88.166.242 - - [05/Sep/2020:09:17:21 +0800] "POST /xingrg/kc/buy/cgsh_list_operate.html HTTP/1.1" 200 876
114.88.166.242 - - [05/Sep/2020:09:17:21 +0800] "GET /xingrg/all/function/internal_message.html?_=1599268698341&CODE_STATE=getMsg HTTP/1.1" 200 27
61.172.5.115 - - [05/Sep/2020:09:17:24 +0800] "GET /xingrg/kc/buy/cgsh_order_operate.html?command=get_materiel&rest_code=00105&code=00101008352&supplier_code=00100203&order_time=2020-09-05 HTTP/1.1" 200 412
116.230.74.197 - - [05/Sep/2020:09:17:27 +0800] "GET /xingrg/all/function/internal_message.html?_=1599268640078&CODE_STATE=getMsg HTTP/1.1" 200 27
114.88.166.242 - - [05/Sep/2020:09:17:28 +0800] "POST /xingrg/kc/buy/cgsh_list_operate.html HTTP/1.1" 200 9438
116.230.74.197 - - [05/Sep/2020:09:17:29 +0800] "GET /xingrg/kc/buy/cgsh_order_operate.html?command=get_materiel&rest_code=00107&code=00101007086&supplier_code=00100002&order_time=2020-09-05 HTTP/1.1" 200 417
114.88.166.242 - - [05/Sep/2020:09:17:30 +0800] "POST /xingrg/kc/buy/cgsh_list_operate.html HTTP/1.1" 200 282
117.131.5.26 - - [05/Sep/2020:09:17:31 +0800] "GET /xingrg/all/function/internal_message.html?_=1599268932594&CODE_STATE=getMsg HTTP/1.1" 200 27
183.192.89.226 - - [05/Sep/2020:09:17:32 +0800] "GET /xingrg/all/function/internal_message.html?_=1599268660719&CODE_STATE=getMsg HTTP/1.1" 200 27
114.88.166.242 - - [05/Sep/2020:09:17:34 +0800] "POST /xingrg/kc/buy/cgsh_list_operate.html HTTP/1.1" 200 283
61.172.5.115 - - [05/Sep/2020:09:17:34 +0800] "GET /xingrg/kc/buy/cgsh_order_operate.html?command=get_materiel&rest_code=00105&code=00101008005&supplier_code=00100203&order_time=2020-09-05 HTTP/1.1" 200 412
116.238.71.173 - - [05/Sep/2020:09:17:36 +0800] "GET /xingrg/all/function/internal_message.html?_=1599268774428&CODE_STATE=getMsg HTTP/1.1" 200 27
114.88.166.242 - - [05/Sep/2020:09:17:37 +0800] "POST /xingrg/kc/buy/cgsh_list_operate.html HTTP/1.1" 200 199
183.192.89.226 - - [05/Sep/2020:09:17:38 +0800] "POST /xingrg/kc/buy/cgsh_list_operate.html HTTP/1.1" 200 876
114.88.166.242 - - [05/Sep/2020:09:17:39 +0800] "POST /xingrg/kc/buy/cgsh_list_operate.html HTTP/1.1" 200 205
172.17.0.240 - - [05/Sep/2020:09:17:40 +0800] "GET /xingrg/all/function/internal_message.html?_=1599268654879&CODE_STATE=getMsg HTTP/1.1" 302 -
116.230.74.197 - - [05/Sep/2020:09:17:40 +0800] "GET /xingrg/kc/buy/cgsh_order_operate.html?command=get_materiel&rest_code=00107&code=00101007049&supplier_code=00100002&order_time=2020-09-05 HTTP/1.1" 200 409
114.88.166.242 - - [05/Sep/2020:09:17:41 +0800] "POST /xingrg/kc/buy/cgsh_list_operate.html HTTP/1.1" 200 364
61.172.5.115 - - [05/Sep/2020:09:17:44 +0800] "GET /xingrg/kc/buy/cgsh_order_operate.html?command=get_materiel&rest_code=00105&code=00101008271&supplier_code=00100203&order_time=2020-09-05 HTTP/1.1" 200 408
222.69.135.99 - - [05/Sep/2020:09:17:44 +0800] "GET /xingrg/all/function/internal_message.html?_=1599268683875&CODE_STATE=getMsg HTTP/1.1" 200 27
218.81.217.115 - - [05/Sep/2020:09:17:45 +0800] "GET /xingrg/all/function/internal_message.html?_=1599268679630&CODE_STATE=getMsg HTTP/1.1" 200 27
114.88.166.242 - - [05/Sep/2020:09:17:45 +0800] "POST /xingrg/kc/buy/cgsh_list_operate.html HTTP/1.1" 200 208
116.230.74.197 - - [05/Sep/2020:09:17:51 +0800] "POST /xingrg/kc/buy/cgsh_order_operate.html HTTP/1.1" 200 37
116.230.74.197 - - [05/Sep/2020:09:17:53 +0800] "POST /xingrg/kc/buy/cgsh_order_operate.html HTTP/1.1" 200 3838
218.81.217.115 - - [05/Sep/2020:09:17:53 +0800] "GET /xingrg/check_reg.html?_=1599268682280 HTTP/1.1" 200 22
116.238.90.59 - - [05/Sep/2020:09:17:54 +0800] "GET /xingrg/javascript/jquery_easy_ui/themes/default/images/tabs_active.png HTTP/1.1" 304 -
116.238.90.59 - - [05/Sep/2020:09:17:55 +0800] "GET /xingrg/all/function/internal_message.html?_=1599268879369&CODE_STATE=getMsg HTTP/1.1" 200 27
61.172.5.115 - - [05/Sep/2020:09:17:56 +0800] "GET /xingrg/kc/buy/cgsh_order_operate.html?command=get_materiel&rest_code=00105&code=00101020065&supplier_code=00100203&order_time=2020-09-05 HTTP/1.1" 200 435
116.230.74.197 - - [05/Sep/2020:09:17:59 +0800] "POST /xingrg/kc/buy/cgsh_order_operate.html HTTP/1.1" 200 37
222.69.135.99 - - [05/Sep/2020:09:18:00 +0800] "GET /xingrg/all/function/internal_message.html?_=1599268666682&CODE_STATE=getMsg HTTP/1.1" 200 27
116.230.74.197 - - [05/Sep/2020:09:18:00 +0800] "POST /xingrg/kc/buy/cgsh_order_operate.html HTTP/1.1" 200 3838
172.17.0.123 - - [05/Sep/2020:09:18:00 +0800] "GET /xingrg/all/function/internal_message.html?_=1599268688392&CODE_STATE=getMsg HTTP/1.1" 200 27
116.230.74.197 - - [05/Sep/2020:09:18:01 +0800] "GET /xingrg/kc/print/load_data.html?order_code=212020090501746&kc_code=cgsh&condition= HTTP/1.1" 200 1193
120.253.135.82 - - [05/Sep/2020:09:18:06 +0800] "GET /xingrg/check_reg.html?_=1599268433057 HTTP/1.1" 200 22
116.230.74.197 - - [05/Sep/2020:09:18:06 +0800] "GET /xingrg/kc/buy/cgsh_order_add.html HTTP/1.1" 200 59715
116.230.74.197 - - [05/Sep/2020:09:18:07 +0800] "POST /xingrg/kc/buy/cgsh_order_operate.html HTTP/1.1" 200 8245
116.230.74.197 - - [05/Sep/2020:09:18:07 +0800] "GET /xingrg/javascript/easyui/themes/default/validatebox.css HTTP/1.1" 404 1104
61.172.5.115 - - [05/Sep/2020:09:18:10 +0800] "GET /xingrg/check_reg.html?_=1599268689745 HTTP/1.1" 200 22
61.172.5.115 - - [05/Sep/2020:09:18:10 +0800] "GET /xingrg/all/function/internal_message.html?_=1599268689747&CODE_STATE=getMsg HTTP/1.1" 200 27
117.185.32.26 - - [05/Sep/2020:09:18:16 +0800] "GET /xingrg/all/function/internal_message.html?_=1599269122603&CODE_STATE=getMsg HTTP/1.1" 200 27
218.81.217.115 - - [05/Sep/2020:09:18:16 +0800] "GET /xingrg/all/function/internal_message.html?_=1599268704838&CODE_STATE=getMsg HTTP/1.1" 200 27
116.230.74.197 - - [05/Sep/2020:09:18:19 +0800] "GET /xingrg/javascript/easyui/themes/default/tree.css HTTP/1.1" 404 1090
116.230.74.197 - - [05/Sep/2020:09:18:19 +0800] "POST /xingrg/all/common/load_tree.html?tree=supplier_tree_json&isDelete=1 HTTP/1.1" 200 50169
114.88.166.242 - - [05/Sep/2020:09:18:21 +0800] "GET /xingrg/all/function/internal_message.html?_=1599268758366&CODE_STATE=getMsg HTTP/1.1" 200 27
116.230.74.197 - - [05/Sep/2020:09:18:26 +0800] "GET /xingrg/check_reg.html?_=1599268700069 HTTP/1.1" 200 22
116.230.74.197 - - [05/Sep/2020:09:18:27 +0800] "GET /xingrg/all/function/internal_message.html?_=1599268700226&CODE_STATE=getMsg HTTP/1.1" 200 27
61.172.5.115 - - [05/Sep/2020:09:18:28 +0800] "GET /xingrg/kc/buy/cgsh_order_operate.html?command=get_materiel&rest_code=00105&code=00101020133&supplier_code=00100203&order_time=2020-09-05 HTTP/1.1" 200 417
117.131.5.26 - - [05/Sep/2020:09:18:31 +0800] "GET /xingrg/all/function/internal_message.html?_=1599268992626&CODE_STATE=getMsg HTTP/1.1" 200 27
183.192.89.226 - - [05/Sep/2020:09:18:32 +0800] "GET /xingrg/all/function/internal_message.html?_=1599268720725&CODE_STATE=getMsg HTTP/1.1" 200 27
116.238.71.173 - - [05/Sep/2020:09:18:36 +0800] "GET /xingrg/all/function/internal_message.html?_=1599268834442&CODE_STATE=getMsg HTTP/1.1" 200 27
172.17.0.240 - - [05/Sep/2020:09:18:40 +0800] "GET /xingrg/all/function/internal_message.html?_=1599268714866&CODE_STATE=getMsg HTTP/1.1" 302 -
116.230.74.197 - - [05/Sep/2020:09:18:41 +0800] "GET /xingrg/kc/buy/cgsh_order_operate.html?command=get_materiel&rest_code=00107&code=00101010136&supplier_code=00100033&order_time=2020-09-05 HTTP/1.1" 200 408
222.69.135.99 - - [05/Sep/2020:09:18:44 +0800] "GET /xingrg/all/function/internal_message.html?_=1599268743873&CODE_STATE=getMsg HTTP/1.1" 200 27
218.81.217.115 - - [05/Sep/2020:09:18:45 +0800] "GET /xingrg/all/function/internal_message.html?_=1599268739716&CODE_STATE=getMsg HTTP/1.1" 200 27
116.238.90.59 - - [05/Sep/2020:09:18:51 +0800] "GET /xingrg/kc/buy/cgsh_order_add.html HTTP/1.1" 200 59580
218.81.217.115 - - [05/Sep/2020:09:18:51 +0800] "GET /xingrg/check_reg.html?_=1599268745994 HTTP/1.1" 200 22
116.238.90.59 - - [05/Sep/2020:09:18:52 +0800] "POST /xingrg/kc/buy/cgsh_order_operate.html HTTP/1.1" 200 8245
116.238.90.59 - - [05/Sep/2020:09:18:52 +0800] "GET /xingrg/javascript/easyui/themes/default/validatebox.css HTTP/1.1" 404 1104
116.238.90.59 - - [05/Sep/2020:09:18:55 +0800] "GET /xingrg/all/function/internal_message.html?_=1599268939383&CODE_STATE=getMsg HTTP/1.1" 200 27
116.230.74.197 - - [05/Sep/2020:09:18:59 +0800] "GET /xingrg/kc/buy/cgsh_order_operate.html?command=get_materiel&rest_code=00107&code=00101012029&supplier_code=00100033&order_time=2020-09-05 HTTP/1.1" 200 412
222.69.135.99 - - [05/Sep/2020:09:19:00 +0800] "GET /xingrg/all/function/internal_message.html?_=1599268726665&CODE_STATE=getMsg HTTP/1.1" 200 27
172.17.0.123 - - [05/Sep/2020:09:19:00 +0800] "GET /xingrg/all/function/internal_message.html?_=1599268748398&CODE_STATE=getMsg HTTP/1.1" 200 27
61.172.5.115 - - [05/Sep/2020:09:19:10 +0800] "GET /xingrg/all/function/internal_message.html?_=1599268749728&CODE_STATE=getMsg HTTP/1.1" 200 27
120.253.135.82 - - [05/Sep/2020:09:19:12 +0800] "POST /xingrg/kc/pszx/mdps_list_operate.html HTTP/1.1" 200 1701
120.253.135.82 - - [05/Sep/2020:09:19:12 +0800] "POST /xingrg/kc/pszx/mdps_list_operate.html HTTP/1.1" 200 1701
120.253.135.82 - - [05/Sep/2020:09:19:14 +0800] "POST /xingrg/kc/pszx/mdps_list_operate.html HTTP/1.1" 200 365
116.238.71.173 - - [05/Sep/2020:09:19:15 +0800] "POST /xingrg/kc/buy/cgsh_order_operate.html HTTP/1.1" 200 37
117.185.32.26 - - [05/Sep/2020:09:19:16 +0800] "GET /xingrg/all/function/internal_message.html?_=1599269182633&CODE_STATE=getMsg HTTP/1.1" 200 27
116.230.74.197 - - [05/Sep/2020:09:19:16 +0800] "GET /xingrg/kc/buy/cgsh_order_operate.html?command=get_materiel&rest_code=00107&code=00101019502&supplier_code=00100033&order_time=2020-09-05 HTTP/1.1" 200 408
218.81.217.115 - - [05/Sep/2020:09:19:16 +0800] "GET /xingrg/all/function/internal_message.html?_=1599268764852&CODE_STATE=getMsg HTTP/1.1" 200 27
116.238.71.173 - - [05/Sep/2020:09:19:18 +0800] "POST /xingrg/kc/buy/cgsh_order_operate.html HTTP/1.1" 200 33435
114.88.166.242 - - [05/Sep/2020:09:19:21 +0800] "GET /xingrg/all/function/internal_message.html?_=1599268818364&CODE_STATE=getMsg HTTP/1.1" 200 27
120.253.135.82 - - [05/Sep/2020:09:19:23 +0800] "POST /xingrg/kc/pszx/mdps_list_operate.html HTTP/1.1" 200 2072
120.253.135.82 - - [05/Sep/2020:09:19:25 +0800] "POST /xingrg/kc/pszx/mdps_list_operate.html HTTP/1.1" 200 284
116.230.74.197 - - [05/Sep/2020:09:19:27 +0800] "GET /xingrg/all/function/internal_message.html?_=1599268760207&CODE_STATE=getMsg HTTP/1.1" 200 27
120.253.135.82 - - [05/Sep/2020:09:19:27 +0800] "POST /xingrg/kc/pszx/mdps_list_operate.html HTTP/1.1" 200 205
116.238.90.59 - - [05/Sep/2020:09:19:29 +0800] "GET /xingrg/javascript/easyui/themes/default/tree.css HTTP/1.1" 404 1090
116.238.90.59 - - [05/Sep/2020:09:19:29 +0800] "POST /xingrg/all/common/load_tree.html?tree=supplier_tree_json&isDelete=1 HTTP/1.1" 200 50169
116.230.74.197 - - [05/Sep/2020:09:19:30 +0800] "GET /xingrg/kc/buy/cgsh_order_operate.html?command=get_materiel&rest_code=00107&code=00101012030&supplier_code=00100033&order_time=2020-09-05 HTTP/1.1" 200 416
61.172.5.115 - - [05/Sep/2020:09:19:30 +0800] "GET /xingrg/kc/buy/cgsh_order_operate.html?command=get_materiel&rest_code=00105&code=00101008105&supplier_code=00100203&order_time=2020-09-05 HTTP/1.1" 200 412
117.131.5.26 - - [05/Sep/2020:09:19:31 +0800] "GET /xingrg/all/function/internal_message.html?_=1599269052636&CODE_STATE=getMsg HTTP/1.1" 200 27
183.192.89.226 - - [05/Sep/2020:09:19:31 +0800] "GET /xingrg/all/function/internal_message.html?_=1599268780720&CODE_STATE=getMsg HTTP/1.1" 200 27
116.238.71.173 - - [05/Sep/2020:09:19:36 +0800] "GET /xingrg/check_reg.html?_=1599268893817 HTTP/1.1" 200 22
116.238.71.173 - - [05/Sep/2020:09:19:36 +0800] "GET /xingrg/all/function/internal_message.html?_=1599268894457&CODE_STATE=getMsg HTTP/1.1" 200 27
116.230.74.197 - - [05/Sep/2020:09:19:37 +0800] "GET /xingrg/kc/buy/cgsh_order_operate.html?command=get_materiel&rest_code=00107&code=00101016100&supplier_code=00100033&order_time=2020-09-05 HTTP/1.1" 200 412
120.253.135.82 - - [05/Sep/2020:09:19:40 +0800] "GET /xingrg/kc/buy/cgsh_order_list.html HTTP/1.1" 200 44185
172.17.0.240 - - [05/Sep/2020:09:19:40 +0800] "GET /xingrg/all/function/internal_message.html?_=1599268774867&CODE_STATE=getMsg HTTP/1.1" 302 -
120.253.135.82 - - [05/Sep/2020:09:19:41 +0800] "POST /xingrg/kc/buy/cgsh_list_operate.html HTTP/1.1" 200 1684
120.253.135.82 - - [05/Sep/2020:09:19:43 +0800] "POST /xingrg/kc/buy/cgsh_list_operate.html HTTP/1.1" 200 205
61.172.5.115 - - [05/Sep/2020:09:19:43 +0800] "GET /xingrg/kc/buy/cgsh_order_operate.html?command=get_materiel&rest_code=00105&code=00101008119&supplier_code=00100203&order_time=2020-09-05 HTTP/1.1" 200 412
222.69.135.99 - - [05/Sep/2020:09:19:44 +0800] "GET /xingrg/check_reg.html?_=1599268803863 HTTP/1.1" 200 22
222.69.135.99 - - [05/Sep/2020:09:19:44 +0800] "GET /xingrg/all/function/internal_message.html?_=1599268803869&CODE_STATE=getMsg HTTP/1.1" 200 27
120.253.135.82 - - [05/Sep/2020:09:19:44 +0800] "GET /xingrg/kc/buy/cgsh_order_info.html?code=212020090401685 HTTP/1.1" 200 58652
120.253.135.82 - - [05/Sep/2020:09:19:45 +0800] "GET /xingrg/javascript/easyui/themes/icons/template_new.png HTTP/1.1" 200 3956
120.253.135.82 - - [05/Sep/2020:09:19:45 +0800] "GET /xingrg/all/common/auto_word.html?type=employee&rest_code=00101 HTTP/1.1" 200 1173
120.253.135.82 - - [05/Sep/2020:09:19:45 +0800] "GET /xingrg/all/common/auto_word.html?type=employee&rest_code=00101 HTTP/1.1" 200 1173
120.253.135.82 - - [05/Sep/2020:09:19:45 +0800] "GET /xingrg/javascript/easyui/themes/default/validatebox.css HTTP/1.1" 404 1104
120.253.135.82 - - [05/Sep/2020:09:19:45 +0800] "POST /xingrg/kc/buy/cgsh_order_operate.html HTTP/1.1" 200 2674
218.81.217.115 - - [05/Sep/2020:09:19:45 +0800] "GET /xingrg/all/function/internal_message.html?_=1599268799719&CODE_STATE=getMsg HTTP/1.1" 200 27
116.238.71.173 - - [05/Sep/2020:09:19:47 +0800] "POST /xingrg/kc/buy/cgsh_order_operate.html HTTP/1.1" 200 37
116.238.71.173 - - [05/Sep/2020:09:19:47 +0800] "POST /xingrg/kc/buy/cgsh_order_operate.html HTTP/1.1" 200 32843
116.230.74.197 - - [05/Sep/2020:09:19:49 +0800] "GET /xingrg/kc/buy/cgsh_order_operate.html?command=get_materiel&rest_code=00107&code=00101020145&supplier_code=00100033&order_time=2020-09-05 HTTP/1.1" 200 418
61.172.5.115 - - [05/Sep/2020:09:19:50 +0800] "GET /xingrg/kc/buy/cgsh_order_operate.html?command=get_materiel&rest_code=00105&code=00101008185&supplier_code=00100203&order_time=2020-09-05 HTTP/1.1" 200 408
116.238.71.173 - - [05/Sep/2020:09:19:53 +0800] "POST /xingrg/all/user/operate.html HTTP/1.1" 200 36
116.230.74.197 - - [05/Sep/2020:09:19:54 +0800] "GET /xingrg/kc/buy/cgsh_order_operate.html?command=get_materiel&rest_code=00107&code=00101012025&supplier_code=00100033&order_time=2020-09-05 HTTP/1.1" 200 412
116.238.90.59 - - [05/Sep/2020:09:19:54 +0800] "GET /xingrg/check_reg.html?_=1599268998431 HTTP/1.1" 200 22
116.238.71.173 - - [05/Sep/2020:09:19:54 +0800] "GET /xingrg/index.html?sysBaseUrl=http%3A%2F%2F180.169.147.146%3A18081%2Fxingrg%2F&costTime=36×tamp=1599179015136 HTTP/1.1" 200 17177
116.238.71.173 - - [05/Sep/2020:09:19:54 +0800] "GET /xingrg/javascript/jquery_easy_ui/themes/default/easyui.css HTTP/1.1" 304 -
116.238.71.173 - - [05/Sep/2020:09:19:54 +0800] "GET /xingrg/javascript/jquery_easy_ui/themes/icon.css HTTP/1.1" 304 -
116.238.71.173 - - [05/Sep/2020:09:19:54 +0800] "GET /xingrg/css/form.css HTTP/1.1" 304 -
116.238.71.173 - - [05/Sep/2020:09:19:54 +0800] "GET /xingrg/javascript/jquery-1.4.2.min.js HTTP/1.1" 304 -
116.238.71.173 - - [05/Sep/2020:09:19:54 +0800] "GET /xingrg/javascript/jquery_easy_ui/jquery.easyui.min.js HTTP/1.1" 304 -
116.238.71.173 - - [05/Sep/2020:09:19:54 +0800] "GET /xingrg/javascript/jquery_easy_ui/easyui-lang-zh_CN.js HTTP/1.1" 304 -
116.238.71.173 - - [05/Sep/2020:09:19:54 +0800] "GET /xingrg/javascript/jquery.form.js HTTP/1.1" 304 -
116.238.71.173 - - [05/Sep/2020:09:19:54 +0800] "GET /xingrg/javascript/jquery.utils.js HTTP/1.1" 304 -
116.238.71.173 - - [05/Sep/2020:09:19:54 +0800] "GET /xingrg/javascript/jquery.timers.js HTTP/1.1" 304 -
116.238.71.173 - - [05/Sep/2020:09:19:54 +0800] "GET /xingrg/images/blue/jxLogo.png HTTP/1.1" 304 -
116.238.71.173 - - [05/Sep/2020:09:19:54 +0800] "GET /xingrg/images/blue/navBackgound.jpg HTTP/1.1" 304 -
116.238.71.173 - - [05/Sep/2020:09:19:54 +0800] "GET /xingrg/javascript/jquery_easy_ui/themes/icons/settle_new.png HTTP/1.1" 304 -
116.238.71.173 - - [05/Sep/2020:09:19:54 +0800] "GET /xingrg/images/blue/pingpu.png HTTP/1.1" 304 -
116.238.71.173 - - [05/Sep/2020:09:19:54 +0800] "GET /xingrg/javascript/jquery_easy_ui/themes/default/images/tabs_leftarrow.png HTTP/1.1" 304 -
116.238.71.173 - - [05/Sep/2020:09:19:54 +0800] "POST /xingrg/all/common/load_tree.html?tree=area_rest_tree_json&manage=1 HTTP/1.1" 200 476
116.238.71.173 - - [05/Sep/2020:09:19:54 +0800] "GET /xingrg/javascript/jquery_easy_ui/themes/default/images/tabs_rightarrow.png HTTP/1.1" 304 -
116.238.71.173 - - [05/Sep/2020:09:19:54 +0800] "GET /xingrg/javascript/jquery_easy_ui/themes/default/images/panel_tool_collapse.gif HTTP/1.1" 304 -
116.238.71.173 - - [05/Sep/2020:09:19:54 +0800] "GET /xingrg/all/function/internal_message.html?_=1599268912499&CODE_STATE=count HTTP/1.1" 200 11
116.238.71.173 - - [05/Sep/2020:09:19:54 +0800] "GET /xingrg/check_reg.html?_=1599268912501 HTTP/1.1" 200 22
116.238.71.173 - - [05/Sep/2020:09:19:54 +0800] "POST /xingrg/load_menu.html HTTP/1.1" 200 5138
116.238.90.59 - - [05/Sep/2020:09:19:55 +0800] "GET /xingrg/all/function/internal_message.html?_=1599268999396&CODE_STATE=getMsg HTTP/1.1" 200 27
120.253.135.82 - - [05/Sep/2020:09:19:57 +0800] "POST /xingrg/kc/buy/cgsh_order_operate.html HTTP/1.1" 200 12
120.253.135.82 - - [05/Sep/2020:09:19:59 +0800] "POST /xingrg/kc/buy/cgsh_list_operate.html HTTP/1.1" 200 876
222.69.135.99 - - [05/Sep/2020:09:20:00 +0800] "GET /xingrg/all/function/internal_message.html?_=1599268786663&CODE_STATE=getMsg HTTP/1.1" 200 27
222.69.135.99 - - [05/Sep/2020:09:20:00 +0800] "GET /xingrg/check_reg.html?_=1599268786666 HTTP/1.1" 200 22
120.253.135.82 - - [05/Sep/2020:09:20:00 +0800] "GET /xingrg/kc/buy/cgsh_order_list.html HTTP/1.1" 200 44185
116.238.71.173 - - [05/Sep/2020:09:20:00 +0800] "GET /xingrg/kc/buy/cgsh_order_list.html HTTP/1.1" 200 43934
120.253.135.82 - - [05/Sep/2020:09:20:00 +0800] "POST /xingrg/kc/buy/cgsh_list_operate.html HTTP/1.1" 200 876
172.17.0.123 - - [05/Sep/2020:09:20:00 +0800] "GET /xingrg/all/function/internal_message.html?_=1599268808384&CODE_STATE=getMsg HTTP/1.1" 200 27
116.238.71.173 - - [05/Sep/2020:09:20:01 +0800] "POST /xingrg/kc/buy/cgsh_list_operate.html HTTP/1.1" 200 1708
116.238.71.173 - - [05/Sep/2020:09:20:02 +0800] "GET /xingrg/kc/buy/cgsh_order_add.html HTTP/1.1" 200 59322
116.238.71.173 - - [05/Sep/2020:09:20:03 +0800] "POST /xingrg/kc/buy/cgsh_order_operate.html HTTP/1.1" 200 8245
116.238.71.173 - - [05/Sep/2020:09:20:03 +0800] "GET /xingrg/javascript/easyui/themes/default/validatebox.css HTTP/1.1" 404 1104
116.238.71.173 - - [05/Sep/2020:09:20:04 +0800] "GET /xingrg/javascript/auto/indicator.gif HTTP/1.1" 404 1066
116.230.74.197 - - [05/Sep/2020:09:20:09 +0800] "POST /xingrg/kc/buy/cgsh_order_operate.html HTTP/1.1" 200 37
120.253.135.82 - - [05/Sep/2020:09:20:09 +0800] "GET /xingrg/kc/buy/cgsh_order_list.html HTTP/1.1" 200 44185
120.253.135.82 - - [05/Sep/2020:09:20:10 +0800] "POST /xingrg/kc/buy/cgsh_list_operate.html HTTP/1.1" 200 876
61.172.5.115 - - [05/Sep/2020:09:20:10 +0800] "GET /xingrg/all/function/internal_message.html?_=1599268809702&CODE_STATE=getMsg HTTP/1.1" 200 27
116.238.71.173 - - [05/Sep/2020:09:20:11 +0800] "GET /xingrg/kc/buy/cgsh_order_operate.html?command=get_materiel&rest_code=00151&code=00101011005&supplier_code=00100047&order_time=2020-09-05 HTTP/1.1" 200 428
120.253.135.82 - - [05/Sep/2020:09:20:11 +0800] "GET /xingrg/kc/buy/cgsh_order_add.html HTTP/1.1" 200 58647
120.253.135.82 - - [05/Sep/2020:09:20:11 +0800] "POST /xingrg/kc/buy/cgsh_order_operate.html HTTP/1.1" 200 8245
120.253.135.82 - - [05/Sep/2020:09:20:11 +0800] "GET /xingrg/javascript/easyui/themes/default/validatebox.css HTTP/1.1" 404 1104
116.230.74.197 - - [05/Sep/2020:09:20:11 +0800] "POST /xingrg/kc/buy/cgsh_order_operate.html HTTP/1.1" 200 5612
116.230.74.197 - - [05/Sep/2020:09:20:14 +0800] "GET /xingrg/kc/print/load_data.html?order_code=212020090501747&kc_code=cgsh&condition= HTTP/1.1" 200 1836
117.185.32.26 - - [05/Sep/2020:09:20:16 +0800] "GET /xingrg/all/function/internal_message.html?_=1599269242631&CODE_STATE=getMsg HTTP/1.1" 200 27
218.81.217.115 - - [05/Sep/2020:09:20:16 +0800] "GET /xingrg/all/function/internal_message.html?_=1599268824915&CODE_STATE=getMsg HTTP/1.1" 200 27
61.172.5.115 - - [05/Sep/2020:09:20:18 +0800] "GET /xingrg/kc/buy/cgsh_order_operate.html?command=get_materiel&rest_code=00105&code=00101008197&supplier_code=00100203&order_time=2020-09-05 HTTP/1.1" 200 416
120.253.135.82 - - [05/Sep/2020:09:20:19 +0800] "POST /xingrg/all/common/load_combo.html?type=employee HTTP/1.1" 200 2101
116.238.71.173 - - [05/Sep/2020:09:20:21 +0800] "GET /xingrg/kc/buy/cgsh_order_operate.html?command=get_materiel&rest_code=00151&code=00101011001&supplier_code=00100047&order_time=2020-09-05 HTTP/1.1" 200 423
114.88.166.242 - - [05/Sep/2020:09:20:21 +0800] "GET /xingrg/all/function/internal_message.html?_=1599268878362&CODE_STATE=getMsg HTTP/1.1" 200 27
116.230.74.197 - - [05/Sep/2020:09:20:26 +0800] "GET /xingrg/all/function/internal_message.html?_=1599268820189&CODE_STATE=getMsg HTTP/1.1" 200 27
117.131.5.26 - - [05/Sep/2020:09:20:29 +0800] "GET /xingrg/check_reg.html?_=1599269110285 HTTP/1.1" 200 22
116.238.71.173 - - [05/Sep/2020:09:20:29 +0800] "GET /xingrg/kc/buy/cgsh_order_operate.html?command=get_materiel&rest_code=00151&code=00101011010&supplier_code=00100047&order_time=2020-09-05 HTTP/1.1" 200 418
120.253.135.82 - - [05/Sep/2020:09:20:31 +0800] "GET /xingrg/kc/buy/cgsh_order_operate.html?command=get_materiel&rest_code=00101&code=00101014048&supplier_code=00100215&order_time=2020-09-05 HTTP/1.1" 200 437
117.131.5.26 - - [05/Sep/2020:09:20:31 +0800] "GET /xingrg/all/function/internal_message.html?_=1599269112650&CODE_STATE=getMsg HTTP/1.1" 200 27
183.192.89.226 - - [05/Sep/2020:09:20:31 +0800] "GET /xingrg/all/function/internal_message.html?_=1599268840731&CODE_STATE=getMsg HTTP/1.1" 200 27
116.238.71.173 - - [05/Sep/2020:09:20:37 +0800] "POST /xingrg/kc/buy/cgsh_order_operate.html HTTP/1.1" 200 37
116.238.71.173 - - [05/Sep/2020:09:20:39 +0800] "POST /xingrg/kc/buy/cgsh_order_operate.html HTTP/1.1" 200 12
172.17.0.240 - - [05/Sep/2020:09:20:40 +0800] "GET /xingrg/all/function/internal_message.html?_=1599268834870&CODE_STATE=getMsg HTTP/1.1" 302 -
116.238.71.173 - - [05/Sep/2020:09:20:40 +0800] "GET /xingrg/kc/buy/cgsh_order_info.html?code=212020090501748 HTTP/1.1" 200 54229
116.238.71.173 - - [05/Sep/2020:09:20:41 +0800] "GET /xingrg/javascript/easyui/themes/default/validatebox.css HTTP/1.1" 404 1104
116.238.71.173 - - [05/Sep/2020:09:20:41 +0800] "POST /xingrg/kc/buy/cgsh_order_operate.html HTTP/1.1" 200 1828
116.238.71.173 - - [05/Sep/2020:09:20:43 +0800] "GET /xingrg/kc/print/load_data.html?order_code=212020090501748&kc_code=cgsh&condition= HTTP/1.1" 200 1268
222.69.135.99 - - [05/Sep/2020:09:20:44 +0800] "GET /xingrg/all/function/internal_message.html?_=1599268863878&CODE_STATE=getMsg HTTP/1.1" 200 27
218.81.217.115 - - [05/Sep/2020:09:20:45 +0800] "GET /xingrg/all/function/internal_message.html?_=1599268859732&CODE_STATE=getMsg HTTP/1.1" 200 27
58.37.9.106 - - [05/Sep/2020:09:20:49 +0800] "GET /xingrg/check_reg.html?_=1599268842697 HTTP/1.1" 200 22
116.238.71.173 - - [05/Sep/2020:09:20:49 +0800] "GET /xingrg/kc/buy/cgsh_order_add.html HTTP/1.1" 200 59322
116.238.71.173 - - [05/Sep/2020:09:20:49 +0800] "POST /xingrg/kc/buy/cgsh_order_operate.html HTTP/1.1" 200 8245
116.238.71.173 - - [05/Sep/2020:09:20:49 +0800] "GET /xingrg/javascript/easyui/themes/default/validatebox.css HTTP/1.1" 404 1104
172.17.0.185 - - [05/Sep/2020:09:20:52 +0800] "GET /xingrg/check_reg.html?_=1599268847422 HTTP/1.1" 200 22
116.238.71.173 - - [05/Sep/2020:09:20:54 +0800] "GET /xingrg/all/function/internal_message.html?_=1599268972503&CODE_STATE=getMsg HTTP/1.1" 200 27
218.81.217.115 - - [05/Sep/2020:09:20:55 +0800] "GET /xingrg/kc/buy/cgsh_order_add.html HTTP/1.1" 200 59674
218.81.217.115 - - [05/Sep/2020:09:20:55 +0800] "POST /xingrg/kc/buy/cgsh_order_operate.html HTTP/1.1" 200 8245
116.238.90.59 - - [05/Sep/2020:09:20:55 +0800] "GET /xingrg/all/function/internal_message.html?_=1599269059468&CODE_STATE=getMsg HTTP/1.1" 200 27
218.81.217.115 - - [05/Sep/2020:09:20:55 +0800] "GET /xingrg/javascript/easyui/themes/default/validatebox.css HTTP/1.1" 404 1104
116.238.71.173 - - [05/Sep/2020:09:20:57 +0800] "GET /xingrg/kc/buy/cgsh_order_operate.html?command=get_materiel&rest_code=00151&code=00101010136&supplier_code=00100151&order_time=2020-09-05 HTTP/1.1" 200 408
222.69.135.99 - - [05/Sep/2020:09:21:00 +0800] "GET /xingrg/all/function/internal_message.html?_=1599268846675&CODE_STATE=getMsg HTTP/1.1" 200 27
172.17.0.123 - - [05/Sep/2020:09:21:00 +0800] "GET /xingrg/all/function/internal_message.html?_=1599268868384&CODE_STATE=getMsg HTTP/1.1" 200 27
172.17.0.123 - - [05/Sep/2020:09:21:02 +0800] "GET /xingrg/check_reg.html?_=1599268870042 HTTP/1.1" 200 22
120.253.135.82 - - [05/Sep/2020:09:21:04 +0800] "POST /xingrg/kc/buy/cgsh_order_operate.html HTTP/1.1" 200 37
116.238.71.173 - - [05/Sep/2020:09:21:06 +0800] "POST /xingrg/kc/buy/cgsh_order_operate.html HTTP/1.1" 200 37
120.253.135.82 - - [05/Sep/2020:09:21:06 +0800] "POST /xingrg/kc/buy/cgsh_order_operate.html HTTP/1.1" 200 2672
116.238.71.173 - - [05/Sep/2020:09:21:08 +0800] "POST /xingrg/kc/buy/cgsh_order_operate.html HTTP/1.1" 200 12
218.81.217.115 - - [05/Sep/2020:09:21:09 +0800] "GET /xingrg/kc/buy/cgsh_order_operate.html?command=get_materiel&rest_code=00146&code=00101008049&supplier_code=00100005&order_time=2020-09-05 HTTP/1.1" 200 408
116.238.71.173 - - [05/Sep/2020:09:21:09 +0800] "GET /xingrg/kc/buy/cgsh_order_info.html?code=212020090501750 HTTP/1.1" 200 54219
116.238.71.173 - - [05/Sep/2020:09:21:09 +0800] "GET /xingrg/javascript/easyui/themes/default/validatebox.css HTTP/1.1" 404 1104
116.238.71.173 - - [05/Sep/2020:09:21:10 +0800] "POST /xingrg/kc/buy/cgsh_order_operate.html HTTP/1.1" 200 605
61.172.5.115 - - [05/Sep/2020:09:21:10 +0800] "GET /xingrg/all/function/internal_message.html?_=1599268869695&CODE_STATE=getMsg HTTP/1.1" 200 27
116.238.71.173 - - [05/Sep/2020:09:21:11 +0800] "GET /xingrg/kc/print/load_data.html?order_code=212020090501750&kc_code=cgsh&condition= HTTP/1.1" 200 696
117.185.32.26 - - [05/Sep/2020:09:21:16 +0800] "GET /xingrg/all/function/internal_message.html?_=1599269302629&CODE_STATE=getMsg HTTP/1.1" 200 27
117.185.32.26 - - [05/Sep/2020:09:21:16 +0800] "GET /xingrg/check_reg.html?_=1599269302631 HTTP/1.1" 200 22
218.81.217.115 - - [05/Sep/2020:09:21:16 +0800] "GET /xingrg/all/function/internal_message.html?_=1599268884926&CODE_STATE=getMsg HTTP/1.1" 200 27
218.81.217.115 - - [05/Sep/2020:09:21:18 +0800] "GET /xingrg/kc/buy/cgsh_order_operate.html?command=get_materiel&rest_code=00146&code=00101008087&supplier_code=00100005&order_time=2020-09-05 HTTP/1.1" 200 412
114.88.166.242 - - [05/Sep/2020:09:21:21 +0800] "GET /xingrg/check_reg.html?_=1599268938361 HTTP/1.1" 200 22
114.88.166.242 - - [05/Sep/2020:09:21:21 +0800] "GET /xingrg/all/function/internal_message.html?_=1599268938360&CODE_STATE=getMsg HTTP/1.1" 200 27
116.238.71.173 - - [05/Sep/2020:09:21:22 +0800] "GET /xingrg/kc/buy/cgsh_order_add.html HTTP/1.1" 200 59322
116.238.71.173 - - [05/Sep/2020:09:21:23 +0800] "POST /xingrg/kc/buy/cgsh_order_operate.html HTTP/1.1" 200 8245
116.238.71.173 - - [05/Sep/2020:09:21:23 +0800] "GET /xingrg/javascript/easyui/themes/default/validatebox.css HTTP/1.1" 404 1104
116.230.74.197 - - [05/Sep/2020:09:21:26 +0800] "GET /xingrg/all/function/internal_message.html?_=1599268880160&CODE_STATE=getMsg HTTP/1.1" 200 27
218.81.217.115 - - [05/Sep/2020:09:21:29 +0800] "GET /xingrg/kc/buy/cgsh_order_operate.html?command=get_materiel&rest_code=00146&code=00101008355&supplier_code=00100005&order_time=2020-09-05 HTTP/1.1" 200 408
183.192.89.226 - - [05/Sep/2020:09:21:31 +0800] "GET /xingrg/check_reg.html?_=1599268900721 HTTP/1.1" 200 22
183.192.89.226 - - [05/Sep/2020:09:21:31 +0800] "GET /xingrg/all/function/internal_message.html?_=1599268900760&CODE_STATE=getMsg HTTP/1.1" 200 27
117.131.5.26 - - [05/Sep/2020:09:21:31 +0800] "GET /xingrg/all/function/internal_message.html?_=1599269172664&CODE_STATE=getMsg HTTP/1.1" 200 27
116.238.71.173 - - [05/Sep/2020:09:21:31 +0800] "GET /xingrg/kc/buy/cgsh_order_operate.html?command=get_materiel&rest_code=00151&code=00101007090&supplier_code=00100002&order_time=2020-09-05 HTTP/1.1" 200 413
218.81.217.115 - - [05/Sep/2020:09:21:37 +0800] "GET /xingrg/kc/buy/cgsh_order_operate.html?command=get_materiel&rest_code=00146&code=00101008270&supplier_code=00100005&order_time=2020-09-05 HTTP/1.1" 200 412
172.17.0.240 - - [05/Sep/2020:09:21:40 +0800] "GET /xingrg/all/function/internal_message.html?_=1599268894875&CODE_STATE=getMsg HTTP/1.1" 302 -
172.17.0.240 - - [05/Sep/2020:09:21:40 +0800] "GET /xingrg/check_reg.html?_=1599268894879 HTTP/1.1" 302 -
222.69.135.99 - - [05/Sep/2020:09:21:44 +0800] "GET /xingrg/all/function/internal_message.html?_=1599268923875&CODE_STATE=getMsg HTTP/1.1" 200 27
116.238.71.173 - - [05/Sep/2020:09:21:45 +0800] "GET /xingrg/kc/buy/cgsh_order_operate.html?command=get_materiel&rest_code=00151&code=00101007084&supplier_code=00100002&order_time=2020-09-05 HTTP/1.1" 200 417
218.81.217.115 - - [05/Sep/2020:09:21:45 +0800] "GET /xingrg/all/function/internal_message.html?_=1599268919837&CODE_STATE=getMsg HTTP/1.1" 200 27
218.81.217.115 - - [05/Sep/2020:09:21:47 +0800] "GET /xingrg/kc/buy/cgsh_order_operate.html?command=get_materiel&rest_code=00146&code=00101008359&supplier_code=00100005&order_time=2020-09-05 HTTP/1.1" 200 408
114.88.166.242 - - [05/Sep/2020:09:21:52 +0800] "GET /xingrg/check_reg.html?_=1599268906734 HTTP/1.1" 200 22
116.238.71.173 - - [05/Sep/2020:09:21:54 +0800] "GET /xingrg/all/function/internal_message.html?_=1599269032522&CODE_STATE=getMsg HTTP/1.1" 200 27
116.238.71.173 - - [05/Sep/2020:09:21:55 +0800] "POST /xingrg/kc/buy/cgsh_order_operate.html HTTP/1.1" 200 37
116.238.90.59 - - [05/Sep/2020:09:21:55 +0800] "GET /xingrg/kc/buy/cgsh_order_operate.html?command=get_materiel&rest_code=00102&code=00101031001&supplier_code=00100064&order_time=2020-09-05 HTTP/1.1" 200 419
116.238.90.59 - - [05/Sep/2020:09:21:55 +0800] "GET /xingrg/all/function/internal_message.html?_=1599269119521&CODE_STATE=getMsg HTTP/1.1" 200 27
116.238.71.173 - - [05/Sep/2020:09:21:57 +0800] "POST /xingrg/kc/buy/cgsh_order_operate.html HTTP/1.1" 200 12
116.238.71.173 - - [05/Sep/2020:09:21:57 +0800] "GET /xingrg/kc/buy/cgsh_order_info.html?code=212020090501751 HTTP/1.1" 200 54229
116.238.71.173 - - [05/Sep/2020:09:21:58 +0800] "GET /xingrg/javascript/easyui/themes/default/validatebox.css HTTP/1.1" 404 1104
116.238.71.173 - - [05/Sep/2020:09:21:58 +0800] "POST /xingrg/kc/buy/cgsh_order_operate.html HTTP/1.1" 200 1221
116.238.71.173 - - [05/Sep/2020:09:21:59 +0800] "GET /xingrg/kc/print/load_data.html?order_code=212020090501751&kc_code=cgsh&condition= HTTP/1.1" 200 1052
222.69.135.99 - - [05/Sep/2020:09:22:00 +0800] "GET /xingrg/all/function/internal_message.html?_=1599268906680&CODE_STATE=getMsg HTTP/1.1" 200 27
172.17.0.123 - - [05/Sep/2020:09:22:00 +0800] "GET /xingrg/all/function/internal_message.html?_=1599268928386&CODE_STATE=getMsg HTTP/1.1" 200 27
61.172.5.115 - - [05/Sep/2020:09:22:10 +0800] "GET /xingrg/all/function/internal_message.html?_=1599268929684&CODE_STATE=getMsg HTTP/1.1" 200 27
172.17.0.240 - - [05/Sep/2020:09:22:11 +0800] "GET /xingrg/check_reg.html?_=1599268925990 HTTP/1.1" 302 -
218.81.217.115 - - [05/Sep/2020:09:22:12 +0800] "GET /xingrg/kc/buy/cgsh_order_operate.html?command=get_materiel&rest_code=00146&code=00101008008&supplier_code=00100005&order_time=2020-09-05 HTTP/1.1" 200 412
116.238.90.59 - - [05/Sep/2020:09:22:15 +0800] "GET /xingrg/kc/buy/cgsh_order_operate.html?command=get_materiel&rest_code=00102&code=00101031006&supplier_code=00100064&order_time=2020-09-05 HTTP/1.1" 200 417
117.185.32.26 - - [05/Sep/2020:09:22:16 +0800] "GET /xingrg/all/function/internal_message.html?_=1599269362630&CODE_STATE=getMsg HTTP/1.1" 200 27
218.81.217.115 - - [05/Sep/2020:09:22:16 +0800] "GET /xingrg/all/function/internal_message.html?_=1599268944939&CODE_STATE=getMsg HTTP/1.1" 200 27
61.172.5.115 - - [05/Sep/2020:09:22:17 +0800] "GET /xingrg/kc/buy/cgsh_order_operate.html?command=get_materiel&rest_code=00105&code=00101008323&supplier_code=00100203&order_time=2020-09-05 HTTP/1.1" 200 408
218.81.217.115 - - [05/Sep/2020:09:22:19 +0800] "GET /xingrg/kc/buy/cgsh_order_operate.html?command=get_materiel&rest_code=00146&code=00101008115&supplier_code=00100005&order_time=2020-09-05 HTTP/1.1" 200 412
114.88.166.242 - - [05/Sep/2020:09:22:21 +0800] "GET /xingrg/all/function/internal_message.html?_=1599268998358&CODE_STATE=getMsg HTTP/1.1" 200 27
116.230.74.197 - - [05/Sep/2020:09:22:26 +0800] "GET /xingrg/all/function/internal_message.html?_=1599268940145&CODE_STATE=getMsg HTTP/1.1" 200 27
218.81.217.115 - - [05/Sep/2020:09:22:29 +0800] "GET /xingrg/kc/buy/cgsh_order_operate.html?command=get_materiel&rest_code=00146&code=00101008017&supplier_code=00100005&order_time=2020-09-05 HTTP/1.1" 200 416
183.192.89.226 - - [05/Sep/2020:09:22:30 +0800] "GET /xingrg/all/function/internal_message.html?_=1599268960765&CODE_STATE=getMsg HTTP/1.1" 200 27
61.172.5.115 - - [05/Sep/2020:09:22:31 +0800] "POST /xingrg/kc/buy/cgsh_order_operate.html HTTP/1.1" 200 2065
117.131.5.26 - - [05/Sep/2020:09:22:31 +0800] "GET /xingrg/all/function/internal_message.html?_=1599269232677&CODE_STATE=getMsg HTTP/1.1" 200 27
61.172.5.115 - - [05/Sep/2020:09:22:33 +0800] "POST /xingrg/kc/buy/cgsh_order_operate.html HTTP/1.1" 200 2065
172.17.0.240 - - [05/Sep/2020:09:22:40 +0800] "GET /xingrg/all/function/internal_message.html?_=1599268954865&CODE_STATE=getMsg HTTP/1.1" 302 -
116.238.90.59 - - [05/Sep/2020:09:22:42 +0800] "POST /xingrg/kc/buy/cgsh_order_operate.html HTTP/1.1" 200 37
116.238.90.59 - - [05/Sep/2020:09:22:43 +0800] "POST /xingrg/kc/buy/cgsh_order_operate.html HTTP/1.1" 200 12
222.69.135.99 - - [05/Sep/2020:09:22:44 +0800] "GET /xingrg/all/function/internal_message.html?_=1599268983861&CODE_STATE=getMsg HTTP/1.1" 200 27
116.238.90.59 - - [05/Sep/2020:09:22:44 +0800] "GET /xingrg/kc/buy/cgsh_order_info.html?code=212020090501752 HTTP/1.1" 200 54481
116.238.90.59 - - [05/Sep/2020:09:22:45 +0800] "GET /xingrg/javascript/easyui/themes/default/validatebox.css HTTP/1.1" 404 1104
116.238.90.59 - - [05/Sep/2020:09:22:45 +0800] "POST /xingrg/kc/buy/cgsh_order_operate.html HTTP/1.1" 200 1207
218.81.217.115 - - [05/Sep/2020:09:22:45 +0800] "GET /xingrg/all/function/internal_message.html?_=1599268979853&CODE_STATE=getMsg HTTP/1.1" 200 27
116.238.90.59 - - [05/Sep/2020:09:22:51 +0800] "GET /xingrg/kc/print/load_config.html?kc_code=cgsh HTTP/1.1" 200 1845
116.238.90.59 - - [05/Sep/2020:09:22:51 +0800] "GET /xingrg/kc/print/load_data.html?order_code=212020090501752&kc_code=cgsh&condition= HTTP/1.1" 200 965
61.172.5.115 - - [05/Sep/2020:09:22:52 +0800] "GET /xingrg/kc/buy/cgsh_order_operate.html?command=get_materiel&rest_code=00105&code=00101008176&supplier_code=00100203&order_time=2020-09-05 HTTP/1.1" 200 431
218.81.217.115 - - [05/Sep/2020:09:22:53 +0800] "GET /xingrg/check_reg.html?_=1599268982290 HTTP/1.1" 200 22
116.238.71.173 - - [05/Sep/2020:09:22:54 +0800] "GET /xingrg/all/function/internal_message.html?_=1599269092530&CODE_STATE=getMsg HTTP/1.1" 200 27
116.238.90.59 - - [05/Sep/2020:09:22:55 +0800] "GET /xingrg/all/function/internal_message.html?_=1599269179530&CODE_STATE=getMsg HTTP/1.1" 200 27
116.238.90.59 - - [05/Sep/2020:09:22:59 +0800] "GET /xingrg/kc/buy/cgsh_order_add.html HTTP/1.1" 200 59580
116.238.90.59 - - [05/Sep/2020:09:22:59 +0800] "POST /xingrg/kc/buy/cgsh_order_operate.html HTTP/1.1" 200 8245
116.238.90.59 - - [05/Sep/2020:09:23:00 +0800] "GET /xingrg/javascript/easyui/themes/default/validatebox.css HTTP/1.1" 404 1104
222.69.135.99 - - [05/Sep/2020:09:23:00 +0800] "GET /xingrg/all/function/internal_message.html?_=1599268966679&CODE_STATE=getMsg HTTP/1.1" 200 27
172.17.0.123 - - [05/Sep/2020:09:23:00 +0800] "GET /xingrg/all/function/internal_message.html?_=1599268988390&CODE_STATE=getMsg HTTP/1.1" 200 27
116.238.90.59 - - [05/Sep/2020:09:23:03 +0800] "GET /xingrg/javascript/easyui/themes/default/tree.css HTTP/1.1" 404 1090
116.238.90.59 - - [05/Sep/2020:09:23:03 +0800] "POST /xingrg/all/common/load_tree.html?tree=supplier_tree_json&isDelete=1 HTTP/1.1" 200 50169
120.253.135.82 - - [05/Sep/2020:09:23:06 +0800] "GET /xingrg/check_reg.html?_=1599268733057 HTTP/1.1" 200 22
218.81.217.115 - - [05/Sep/2020:09:23:06 +0800] "GET /xingrg/kc/buy/cgsh_order_operate.html?command=get_materiel&rest_code=00146&code=00101008027&supplier_code=00100005&order_time=2020-09-05 HTTP/1.1" 200 409
61.172.5.115 - - [05/Sep/2020:09:23:06 +0800] "GET /xingrg/kc/buy/cgsh_order_operate.html?command=get_materiel&rest_code=00105&code=00101008302&supplier_code=00100203&order_time=2020-09-05 HTTP/1.1" 200 412
61.172.5.115 - - [05/Sep/2020:09:23:10 +0800] "GET /xingrg/all/function/internal_message.html?_=1599268989686&CODE_STATE=getMsg HTTP/1.1" 200 27
61.172.5.115 - - [05/Sep/2020:09:23:10 +0800] "GET /xingrg/check_reg.html?_=1599268989687 HTTP/1.1" 200 22
117.185.32.26 - - [05/Sep/2020:09:23:16 +0800] "GET /xingrg/all/function/internal_message.html?_=1599269422635&CODE_STATE=getMsg HTTP/1.1" 200 27
218.81.217.115 - - [05/Sep/2020:09:23:16 +0800] "GET /xingrg/all/function/internal_message.html?_=1599269004953&CODE_STATE=getMsg HTTP/1.1" 200 27
61.172.5.115 - - [05/Sep/2020:09:23:17 +0800] "GET /xingrg/system/info/materiel_import.html?isSelect=1&singleSelect=false HTTP/1.1" 200 5600
61.172.5.115 - - [05/Sep/2020:09:23:17 +0800] "POST /xingrg/all/common/load_tree.html?tree=materiel_sort_tree_json HTTP/1.1" 200 8666
61.172.5.115 - - [05/Sep/2020:09:23:17 +0800] "GET /favicon.ico HTTP/1.1" 404 -
114.88.166.242 - - [05/Sep/2020:09:23:21 +0800] "GET /xingrg/all/function/internal_message.html?_=1599269058356&CODE_STATE=getMsg HTTP/1.1" 200 27
218.81.217.115 - - [05/Sep/2020:09:23:22 +0800] "GET /xingrg/kc/buy/cgsh_order_operate.html?command=get_materiel&rest_code=00146&code=00101008257&supplier_code=00100005&order_time=2020-09-05 HTTP/1.1" 200 416
61.172.5.115 - - [05/Sep/2020:09:23:24 +0800] "GET /xingrg/kc/buy/cgsh_order_operate.html?command=get_materiel&rest_code=00105&code=00101008132&supplier_code=00100203&order_time=2020-09-05 HTTP/1.1" 200 408
116.230.74.197 - - [05/Sep/2020:09:23:27 +0800] "GET /xingrg/check_reg.html?_=1599269000084 HTTP/1.1" 200 22
116.230.74.197 - - [05/Sep/2020:09:23:27 +0800] "GET /xingrg/all/function/internal_message.html?_=1599269000123&CODE_STATE=getMsg HTTP/1.1" 200 27
61.172.5.115 - - [05/Sep/2020:09:23:30 +0800] "GET /xingrg/kc/buy/cgsh_order_operate.html?command=get_materiel&rest_code=00105&code=00101008257&supplier_code=00100203&order_time=2020-09-05 HTTP/1.1" 200 416
183.192.89.226 - - [05/Sep/2020:09:23:30 +0800] "GET /xingrg/all/function/internal_message.html?_=1599269020769&CODE_STATE=getMsg HTTP/1.1" 200 27
117.131.5.26 - - [05/Sep/2020:09:23:31 +0800] "GET /xingrg/all/function/internal_message.html?_=1599269292708&CODE_STATE=getMsg HTTP/1.1" 200 27
218.81.217.115 - - [05/Sep/2020:09:23:33 +0800] "GET /xingrg/kc/buy/cgsh_order_operate.html?command=get_materiel&rest_code=00146&code=00101008112&supplier_code=00100005&order_time=2020-09-05 HTTP/1.1" 200 412
172.17.0.240 - - [05/Sep/2020:09:23:40 +0800] "GET /xingrg/all/function/internal_message.html?_=1599269014868&CODE_STATE=getMsg HTTP/1.1" 302 -
61.172.5.115 - - [05/Sep/2020:09:23:40 +0800] "GET /xingrg/kc/buy/cgsh_order_operate.html?command=get_materiel&rest_code=00105&code=00101008112&supplier_code=00100203&order_time=2020-09-05 HTTP/1.1" 200 412
218.81.217.115 - - [05/Sep/2020:09:23:41 +0800] "GET /xingrg/kc/buy/cgsh_order_operate.html?command=get_materiel&rest_code=00146&code=00101008354&supplier_code=00100005&order_time=2020-09-05 HTTP/1.1" 200 412
222.69.135.99 - - [05/Sep/2020:09:23:44 +0800] "GET /xingrg/all/function/internal_message.html?_=1599269043868&CODE_STATE=getMsg HTTP/1.1" 200 27
218.81.217.115 - - [05/Sep/2020:09:23:45 +0800] "GET /xingrg/all/function/internal_message.html?_=1599269039961&CODE_STATE=getMsg HTTP/1.1" 200 27
218.81.217.115 - - [05/Sep/2020:09:23:50 +0800] "GET /xingrg/kc/buy/cgsh_order_operate.html?command=get_materiel&rest_code=00146&code=00101008028&supplier_code=00100005&order_time=2020-09-05 HTTP/1.1" 200 412
183.192.89.226 - - [05/Sep/2020:09:23:51 +0800] "GET /xingrg/javascript/easyui/themes/default/images/button_plain_hover.png HTTP/1.1" 304 -
218.81.217.115 - - [05/Sep/2020:09:23:51 +0800] "GET /xingrg/check_reg.html?_=1599269046003 HTTP/1.1" 200 22
183.192.89.226 - - [05/Sep/2020:09:23:53 +0800] "POST /xingrg/kc/buy/cgsh_list_operate.html HTTP/1.1" 200 1701
116.238.71.173 - - [05/Sep/2020:09:23:54 +0800] "GET /xingrg/all/function/internal_message.html?_=1599269152572&CODE_STATE=getMsg HTTP/1.1" 200 27
116.238.90.59 - - [05/Sep/2020:09:23:55 +0800] "GET /xingrg/all/function/internal_message.html?_=1599269239543&CODE_STATE=getMsg HTTP/1.1" 200 27
183.192.89.226 - - [05/Sep/2020:09:23:57 +0800] "POST /xingrg/kc/buy/cgsh_list_operate.html HTTP/1.1" 200 1701
218.81.217.115 - - [05/Sep/2020:09:23:57 +0800] "GET /xingrg/kc/buy/cgsh_order_operate.html?command=get_materiel&rest_code=00146&code=00101008351&supplier_code=00100005&order_time=2020-09-05 HTTP/1.1" 200 408
61.172.5.115 - - [05/Sep/2020:09:23:57 +0800] "GET /xingrg/kc/buy/cgsh_order_operate.html?command=get_materiel&rest_code=00105&code=00101008028&supplier_code=00100203&order_time=2020-09-05 HTTP/1.1" 200 412
222.69.135.99 - - [05/Sep/2020:09:24:00 +0800] "GET /xingrg/all/function/internal_message.html?_=1599269026677&CODE_STATE=getMsg HTTP/1.1" 200 27
172.17.0.123 - - [05/Sep/2020:09:24:00 +0800] "GET /xingrg/all/function/internal_message.html?_=1599269048390&CODE_STATE=getMsg HTTP/1.1" 200 27
61.172.5.115 - - [05/Sep/2020:09:24:05 +0800] "GET /xingrg/kc/buy/cgsh_order_operate.html?command=get_materiel&rest_code=00105&code=00101008038&supplier_code=00100203&order_time=2020-09-05 HTTP/1.1" 200 412
61.172.5.115 - - [05/Sep/2020:09:24:10 +0800] "GET /xingrg/all/function/internal_message.html?_=1599269049690&CODE_STATE=getMsg HTTP/1.1" 200 27
218.81.217.115 - - [05/Sep/2020:09:24:13 +0800] "GET /xingrg/kc/buy/cgsh_order_operate.html?command=get_materiel&rest_code=00146&code=00101008096&supplier_code=00100005&order_time=2020-09-05 HTTP/1.1" 200 412
117.185.32.26 - - [05/Sep/2020:09:24:16 +0800] "GET /xingrg/all/function/internal_message.html?_=1599269482634&CODE_STATE=getMsg HTTP/1.1" 200 27
218.81.217.115 - - [05/Sep/2020:09:24:16 +0800] "GET /xingrg/all/function/internal_message.html?_=1599269064966&CODE_STATE=getMsg HTTP/1.1" 200 27
116.230.74.197 - - [05/Sep/2020:09:24:19 +0800] "GET /xingrg/kc/base/base_main.html HTTP/1.1" 200 12142
114.88.166.242 - - [05/Sep/2020:09:24:21 +0800] "GET /xingrg/all/function/internal_message.html?_=1599269118354&CODE_STATE=getMsg HTTP/1.1" 200 27
116.230.74.197 - - [05/Sep/2020:09:24:21 +0800] "GET /xingrg/kc/base/wldb_order_list.html HTTP/1.1" 200 19302
218.81.217.115 - - [05/Sep/2020:09:24:22 +0800] "GET /xingrg/kc/buy/cgsh_order_operate.html?command=get_materiel&rest_code=00146&code=00101008038&supplier_code=00100005&order_time=2020-09-05 HTTP/1.1" 200 412
116.230.74.197 - - [05/Sep/2020:09:24:22 +0800] "POST /xingrg/kc/base/wldb_list_operate.html HTTP/1.1" 200 928
116.230.74.197 - - [05/Sep/2020:09:24:24 +0800] "GET /xingrg/kc/base/wldb_order_add.html HTTP/1.1" 200 30410
116.230.74.197 - - [05/Sep/2020:09:24:24 +0800] "GET /xingrg/all/common/auto_word.html?type=base&rest_code=00107 HTTP/1.1" 200 1811
116.230.74.197 - - [05/Sep/2020:09:24:25 +0800] "POST /xingrg/kc/base/wldb_order_operate.html HTTP/1.1" 200 6806
116.230.74.197 - - [05/Sep/2020:09:24:25 +0800] "GET /xingrg/all/common/auto_word.html?type=base&rest_code=00107 HTTP/1.1" 200 1811
116.230.74.197 - - [05/Sep/2020:09:24:25 +0800] "GET /xingrg/javascript/easyui/themes/default/validatebox.css HTTP/1.1" 404 1104
116.230.74.197 - - [05/Sep/2020:09:24:26 +0800] "POST /xingrg/all/common/load_combo.html?type=base HTTP/1.1" 200 3236
116.230.74.197 - - [05/Sep/2020:09:24:26 +0800] "GET /xingrg/all/function/internal_message.html?_=1599269060110&CODE_STATE=getMsg HTTP/1.1" 200 27
218.81.217.115 - - [05/Sep/2020:09:24:28 +0800] "GET /xingrg/kc/buy/cgsh_order_operate.html?command=get_materiel&rest_code=00146&code=00101008358&supplier_code=00100005&order_time=2020-09-05 HTTP/1.1" 200 412
61.172.5.115 - - [05/Sep/2020:09:24:28 +0800] "GET /xingrg/kc/buy/cgsh_order_operate.html?command=get_materiel&rest_code=00105&code=00101008088&supplier_code=00100203&order_time=2020-09-05 HTTP/1.1" 200 408
183.192.89.226 - - [05/Sep/2020:09:24:29 +0800] "GET /xingrg/all/function/internal_message.html?_=1599269080765&CODE_STATE=getMsg HTTP/1.1" 200 27
117.131.5.26 - - [05/Sep/2020:09:24:31 +0800] "GET /xingrg/all/function/internal_message.html?_=1599269352720&CODE_STATE=getMsg HTTP/1.1" 200 27
116.238.90.59 - - [05/Sep/2020:09:24:35 +0800] "GET /xingrg/kc/buy/cgsh_order_operate.html?command=get_materiel&rest_code=00102&code=00101007082&supplier_code=00100002&order_time=2020-09-05 HTTP/1.1" 200 427
116.230.74.197 - - [05/Sep/2020:09:24:36 +0800] "POST /xingrg/all/common/load_combo.html?type=base HTTP/1.1" 200 3236
218.81.217.115 - - [05/Sep/2020:09:24:36 +0800] "GET /xingrg/kc/buy/cgsh_order_operate.html?command=get_materiel&rest_code=00146&code=00101008088&supplier_code=00100005&order_time=2020-09-05 HTTP/1.1" 200 408
61.172.5.115 - - [05/Sep/2020:09:24:39 +0800] "GET /xingrg/kc/buy/cgsh_order_operate.html?command=get_materiel&rest_code=00105&code=00101008224&supplier_code=00100203&order_time=2020-09-05 HTTP/1.1" 200 416
172.17.0.240 - - [05/Sep/2020:09:24:40 +0800] "GET /xingrg/all/function/internal_message.html?_=1599269074871&CODE_STATE=getMsg HTTP/1.1" 302 -
222.69.135.99 - - [05/Sep/2020:09:24:44 +0800] "GET /xingrg/check_reg.html?_=1599269103872 HTTP/1.1" 200 22
222.69.135.99 - - [05/Sep/2020:09:24:44 +0800] "GET /xingrg/all/function/internal_message.html?_=1599269103876&CODE_STATE=getMsg HTTP/1.1" 200 27
218.81.217.115 - - [05/Sep/2020:09:24:45 +0800] "GET /xingrg/all/function/internal_message.html?_=1599269099973&CODE_STATE=getMsg HTTP/1.1" 200 27
61.172.5.115 - - [05/Sep/2020:09:24:48 +0800] "GET /xingrg/kc/buy/cgsh_order_operate.html?command=get_materiel&rest_code=00105&code=00101008003&supplier_code=00100203&order_time=2020-09-05 HTTP/1.1" 200 408
218.81.217.115 - - [05/Sep/2020:09:24:49 +0800] "GET /xingrg/kc/buy/cgsh_order_operate.html?command=get_materiel&rest_code=00146&code=00101008290&supplier_code=00100005&order_time=2020-09-05 HTTP/1.1" 200 416
116.238.90.59 - - [05/Sep/2020:09:24:49 +0800] "GET /xingrg/kc/buy/cgsh_order_operate.html?command=get_materiel&rest_code=00102&code=00101007061&supplier_code=00100002&order_time=2020-09-05 HTTP/1.1" 200 409
218.81.217.115 - - [05/Sep/2020:09:24:53 +0800] "POST /xingrg/kc/buy/cgsh_order_operate.html HTTP/1.1" 200 2065
116.238.90.59 - - [05/Sep/2020:09:24:54 +0800] "GET /xingrg/check_reg.html?_=1599269298456 HTTP/1.1" 200 22
116.238.71.173 - - [05/Sep/2020:09:24:54 +0800] "GET /xingrg/check_reg.html?_=1599269212495 HTTP/1.1" 200 22
116.238.71.173 - - [05/Sep/2020:09:24:54 +0800] "GET /xingrg/all/function/internal_message.html?_=1599269212607&CODE_STATE=getMsg HTTP/1.1" 200 27
