116.238.71.173 - - [05/Sep/2020:09:58:55 +0800] "GET /xingrg/all/function/internal_message.html?_=1599271253347&CODE_STATE=getMsg HTTP/1.1" 200 27
116.238.71.173 - - [05/Sep/2020:09:58:56 +0800] "POST /xingrg/kc/buy/cgsh_list_operate.html HTTP/1.1" 200 1708
116.238.71.173 - - [05/Sep/2020:09:58:57 +0800] "POST /xingrg/kc/buy/cgsh_list_operate.html HTTP/1.1" 200 564
116.238.90.59 - - [05/Sep/2020:09:58:58 +0800] "GET /xingrg/all/function/internal_message.html?_=1599271342813&CODE_STATE=getMsg HTTP/1.1" 200 27
222.69.135.99 - - [05/Sep/2020:09:59:00 +0800] "GET /xingrg/all/function/internal_message.html?_=1599271126732&CODE_STATE=getMsg HTTP/1.1" 200 27
172.17.0.123 - - [05/Sep/2020:09:59:01 +0800] "GET /xingrg/all/function/internal_message.html?_=1599271148384&CODE_STATE=getMsg HTTP/1.1" 200 27
218.81.217.115 - - [05/Sep/2020:09:59:01 +0800] "GET /xingrg/kc/buy/cgsh_order_operate.html?command=get_materiel&rest_code=00146&code=00101016071&supplier_code=00100033&order_time=2020-09-05 HTTP/1.1" 200 416
116.238.71.173 - - [05/Sep/2020:09:59:01 +0800] "GET /xingrg/kc/buy/cgsh_order_info.html?code=212020090501725 HTTP/1.1" 200 59331
116.238.71.173 - - [05/Sep/2020:09:59:02 +0800] "GET /xingrg/javascript/easyui/themes/default/validatebox.css HTTP/1.1" 404 1104
116.238.71.173 - - [05/Sep/2020:09:59:02 +0800] "POST /xingrg/kc/buy/cgsh_order_operate.html HTTP/1.1" 200 36719
117.185.32.26 - - [05/Sep/2020:09:59:08 +0800] "GET /xingrg/kc/buy/cgsh_order_operate.html?command=get_materiel&rest_code=00106&code=00101008256&supplier_code=00100007&order_time=2020-09-05 HTTP/1.1" 200 413
218.81.217.115 - - [05/Sep/2020:09:59:09 +0800] "GET /xingrg/kc/buy/cgsh_order_operate.html?command=get_materiel&rest_code=00146&code=00101012026&supplier_code=00100033&order_time=2020-09-05 HTTP/1.1" 200 408
61.172.5.115 - - [05/Sep/2020:09:59:10 +0800] "GET /xingrg/all/function/internal_message.html?_=1599271149390&CODE_STATE=getMsg HTTP/1.1" 200 27
183.192.89.226 - - [05/Sep/2020:09:59:14 +0800] "GET /xingrg/all/function/internal_message.html?_=1599271180789&CODE_STATE=getMsg HTTP/1.1" 200 27
117.185.32.26 - - [05/Sep/2020:09:59:16 +0800] "GET /xingrg/all/function/internal_message.html?_=1599271582903&CODE_STATE=getMsg HTTP/1.1" 200 27
218.81.217.115 - - [05/Sep/2020:09:59:18 +0800] "GET /xingrg/all/function/internal_message.html?_=1599271166830&CODE_STATE=getMsg HTTP/1.1" 200 27
114.88.166.242 - - [05/Sep/2020:09:59:21 +0800] "GET /xingrg/all/function/internal_message.html?_=1599271218492&CODE_STATE=getMsg HTTP/1.1" 200 27
114.86.224.48 - - [05/Sep/2020:09:59:25 +0800] "GET /xingrg/check_reg.html?_=1599271204854 HTTP/1.1" 200 22
114.86.224.48 - - [05/Sep/2020:09:59:25 +0800] "GET /xingrg/all/function/internal_message.html?_=1599271204854&CODE_STATE=getMsg HTTP/1.1" 200 27
116.230.74.197 - - [05/Sep/2020:09:59:26 +0800] "GET /xingrg/all/function/internal_message.html?_=1599271159953&CODE_STATE=getMsg HTTP/1.1" 200 27
117.185.32.26 - - [05/Sep/2020:09:59:26 +0800] "GET /xingrg/kc/buy/cgsh_order_operate.html?command=get_materiel&rest_code=00106&code=00101008234&supplier_code=00100007&order_time=2020-09-05 HTTP/1.1" 200 408
222.69.135.99 - - [05/Sep/2020:09:59:28 +0800] "GET /xingrg/kc/buy/cgsh_order_operate.html?command=get_materiel&rest_code=00149&code=00101002027&supplier_code=00100039&order_time=2020-09-05 HTTP/1.1" 200 415
117.131.5.26 - - [05/Sep/2020:09:59:32 +0800] "GET /xingrg/all/function/internal_message.html?_=1599271453320&CODE_STATE=getMsg HTTP/1.1" 200 27
172.17.0.240 - - [05/Sep/2020:09:59:40 +0800] "GET /xingrg/all/function/internal_message.html?_=1599271174877&CODE_STATE=getMsg HTTP/1.1" 302 -
222.69.135.99 - - [05/Sep/2020:09:59:44 +0800] "GET /xingrg/all/function/internal_message.html?_=1599271203951&CODE_STATE=getMsg HTTP/1.1" 200 27
222.69.135.99 - - [05/Sep/2020:09:59:44 +0800] "GET /xingrg/check_reg.html?_=1599271203955 HTTP/1.1" 200 22
218.81.217.115 - - [05/Sep/2020:09:59:47 +0800] "GET /xingrg/all/function/internal_message.html?_=1599271201556&CODE_STATE=getMsg HTTP/1.1" 200 27
180.152.230.204 - - [05/Sep/2020:09:59:48 +0800] "GET /xingrg/all/function/internal_message.html?_=1599271181985&CODE_STATE=getMsg HTTP/1.1" 200 27
114.88.166.242 - - [05/Sep/2020:09:59:49 +0800] "POST /xingrg/kc/buy/cgsh_order_operate.html HTTP/1.1" 200 37
114.88.166.242 - - [05/Sep/2020:09:59:50 +0800] "POST /xingrg/kc/buy/cgsh_order_operate.html HTTP/1.1" 200 47599
222.69.135.99 - - [05/Sep/2020:09:59:54 +0800] "GET /xingrg/kc/buy/cgsh_order_operate.html?command=get_materiel&rest_code=00149&code=00101001060&supplier_code=00100039&order_time=2020-09-05 HTTP/1.1" 200 419
116.238.71.173 - - [05/Sep/2020:09:59:54 +0800] "GET /xingrg/check_reg.html?_=1599271312644 HTTP/1.1" 200 22
116.238.90.59 - - [05/Sep/2020:09:59:55 +0800] "GET /xingrg/check_reg.html?_=1599271399352 HTTP/1.1" 200 22
116.238.71.173 - - [05/Sep/2020:09:59:55 +0800] "GET /xingrg/all/function/internal_message.html?_=1599271313360&CODE_STATE=getMsg HTTP/1.1" 200 27
117.185.32.26 - - [05/Sep/2020:09:59:57 +0800] "GET /xingrg/kc/buy/cgsh_order_operate.html?command=get_materiel&rest_code=00106&code=00101008337&supplier_code=00100007&order_time=2020-09-05 HTTP/1.1" 200 408
116.238.90.59 - - [05/Sep/2020:09:59:58 +0800] "GET /xingrg/all/function/internal_message.html?_=1599271402825&CODE_STATE=getMsg HTTP/1.1" 200 27
222.69.135.99 - - [05/Sep/2020:10:00:00 +0800] "GET /xingrg/all/function/internal_message.html?_=1599271186741&CODE_STATE=getMsg HTTP/1.1" 200 27
222.69.135.99 - - [05/Sep/2020:10:00:00 +0800] "GET /xingrg/check_reg.html?_=1599271186743 HTTP/1.1" 200 22
172.17.0.123 - - [05/Sep/2020:10:00:01 +0800] "GET /xingrg/all/function/internal_message.html?_=1599271208386&CODE_STATE=getMsg HTTP/1.1" 200 27
120.253.135.82 - - [05/Sep/2020:10:00:01 +0800] "POST /xingrg/kc/buy/cgsh_list_operate.html HTTP/1.1" 200 876
120.253.135.82 - - [05/Sep/2020:10:00:03 +0800] "GET /xingrg/kc/buy/cgsh_order_add.html HTTP/1.1" 200 58647
120.253.135.82 - - [05/Sep/2020:10:00:03 +0800] "POST /xingrg/kc/buy/cgsh_order_operate.html HTTP/1.1" 200 8245
120.253.135.82 - - [05/Sep/2020:10:00:04 +0800] "GET /xingrg/javascript/easyui/themes/default/validatebox.css HTTP/1.1" 404 1104
61.172.5.115 - - [05/Sep/2020:10:00:10 +0800] "GET /xingrg/all/function/internal_message.html?_=1599271209364&CODE_STATE=getMsg HTTP/1.1" 200 27
183.192.89.226 - - [05/Sep/2020:10:00:13 +0800] "GET /xingrg/all/function/internal_message.html?_=1599271240791&CODE_STATE=getMsg HTTP/1.1" 200 27
117.185.32.26 - - [05/Sep/2020:10:00:16 +0800] "GET /xingrg/all/function/internal_message.html?_=1599271642872&CODE_STATE=getMsg HTTP/1.1" 200 27
218.81.217.115 - - [05/Sep/2020:10:00:18 +0800] "GET /xingrg/all/function/internal_message.html?_=1599271226844&CODE_STATE=getMsg HTTP/1.1" 200 27
117.185.32.26 - - [05/Sep/2020:10:00:19 +0800] "GET /xingrg/kc/buy/cgsh_order_operate.html?command=get_materiel&rest_code=00106&code=00101008350&supplier_code=00100007&order_time=2020-09-05 HTTP/1.1" 200 408
114.88.166.242 - - [05/Sep/2020:10:00:21 +0800] "GET /xingrg/all/function/internal_message.html?_=1599271278475&CODE_STATE=getMsg HTTP/1.1" 200 27
120.253.135.82 - - [05/Sep/2020:10:00:23 +0800] "POST /xingrg/all/common/load_combo.html?type=employee HTTP/1.1" 200 2101
114.86.224.48 - - [05/Sep/2020:10:00:25 +0800] "GET /xingrg/all/function/internal_message.html?_=1599271264850&CODE_STATE=getMsg HTTP/1.1" 200 27
116.230.74.197 - - [05/Sep/2020:10:00:26 +0800] "GET /xingrg/all/function/internal_message.html?_=1599271219934&CODE_STATE=getMsg HTTP/1.1" 200 27
117.131.5.26 - - [05/Sep/2020:10:00:29 +0800] "GET /xingrg/check_reg.html?_=1599271510434 HTTP/1.1" 200 22
117.131.5.26 - - [05/Sep/2020:10:00:32 +0800] "GET /xingrg/all/function/internal_message.html?_=1599271513334&CODE_STATE=getMsg HTTP/1.1" 200 27
172.17.0.240 - - [05/Sep/2020:10:00:40 +0800] "GET /xingrg/all/function/internal_message.html?_=1599271234867&CODE_STATE=getMsg HTTP/1.1" 302 -
120.253.135.82 - - [05/Sep/2020:10:00:44 +0800] "GET /xingrg/kc/buy/cgsh_order_operate.html?command=get_materiel&rest_code=00101&code=00101032005&supplier_code=00100292&order_time=2020-09-05 HTTP/1.1" 200 437
222.69.135.99 - - [05/Sep/2020:10:00:44 +0800] "GET /xingrg/all/function/internal_message.html?_=1599271263944&CODE_STATE=getMsg HTTP/1.1" 200 27
218.81.217.115 - - [05/Sep/2020:10:00:47 +0800] "GET /xingrg/all/function/internal_message.html?_=1599271261570&CODE_STATE=getMsg HTTP/1.1" 200 27
180.152.230.204 - - [05/Sep/2020:10:00:48 +0800] "GET /xingrg/all/function/internal_message.html?_=1599271241984&CODE_STATE=getMsg HTTP/1.1" 200 27
58.37.9.106 - - [05/Sep/2020:10:00:48 +0800] "GET /xingrg/check_reg.html?_=1599271242606 HTTP/1.1" 200 22
116.238.90.59 - - [05/Sep/2020:10:00:49 +0800] "POST /xingrg/kc/buy/cgsh_order_operate.html HTTP/1.1" 200 37
172.17.0.185 - - [05/Sep/2020:10:00:52 +0800] "GET /xingrg/check_reg.html?_=1599271247256 HTTP/1.1" 200 22
116.238.71.173 - - [05/Sep/2020:10:00:55 +0800] "GET /xingrg/all/function/internal_message.html?_=1599271373459&CODE_STATE=getMsg HTTP/1.1" 200 27
116.238.90.59 - - [05/Sep/2020:10:00:56 +0800] "POST /xingrg/kc/buy/cgsh_order_operate.html HTTP/1.1" 200 12
116.238.90.59 - - [05/Sep/2020:10:00:58 +0800] "GET /xingrg/kc/buy/cgsh_order_info.html?code=212020090501774 HTTP/1.1" 200 54481
116.238.90.59 - - [05/Sep/2020:10:00:59 +0800] "GET /xingrg/all/function/internal_message.html?_=1599271463084&CODE_STATE=getMsg HTTP/1.1" 200 27
116.238.90.59 - - [05/Sep/2020:10:00:59 +0800] "GET /xingrg/javascript/easyui/themes/default/validatebox.css HTTP/1.1" 404 1104
116.238.90.59 - - [05/Sep/2020:10:00:59 +0800] "POST /xingrg/kc/buy/cgsh_order_operate.html HTTP/1.1" 200 8407
222.69.135.99 - - [05/Sep/2020:10:01:00 +0800] "GET /xingrg/all/function/internal_message.html?_=1599271246738&CODE_STATE=getMsg HTTP/1.1" 200 27
116.230.74.197 - - [05/Sep/2020:10:01:00 +0800] "GET /xingrg/kc/buy/cgsh_order_operate.html?command=get_materiel&rest_code=00107&code=00101008224&supplier_code=00100006&order_time=2020-09-05 HTTP/1.1" 200 416
172.17.0.123 - - [05/Sep/2020:10:01:01 +0800] "GET /xingrg/all/function/internal_message.html?_=1599271268388&CODE_STATE=getMsg HTTP/1.1" 200 27
117.185.32.26 - - [05/Sep/2020:10:01:02 +0800] "POST /xingrg/kc/buy/cgsh_order_operate.html HTTP/1.1" 200 37
172.17.0.123 - - [05/Sep/2020:10:01:02 +0800] "GET /xingrg/check_reg.html?_=1599271269890 HTTP/1.1" 200 22
117.185.32.26 - - [05/Sep/2020:10:01:03 +0800] "POST /xingrg/kc/buy/cgsh_order_operate.html HTTP/1.1" 200 4414
222.69.135.99 - - [05/Sep/2020:10:01:03 +0800] "GET /xingrg/kc/buy/cgsh_order_operate.html?command=get_materiel&rest_code=00149&code=00101005037&supplier_code=00100039&order_time=2020-09-05 HTTP/1.1" 200 409
61.172.5.115 - - [05/Sep/2020:10:01:10 +0800] "GET /xingrg/all/function/internal_message.html?_=1599271269341&CODE_STATE=getMsg HTTP/1.1" 200 27
116.230.74.197 - - [05/Sep/2020:10:01:12 +0800] "GET /xingrg/kc/buy/cgsh_order_operate.html?command=get_materiel&rest_code=00107&code=00101008185&supplier_code=00100006&order_time=2020-09-05 HTTP/1.1" 200 408
183.192.89.226 - - [05/Sep/2020:10:01:13 +0800] "GET /xingrg/check_reg.html?_=1599271300732 HTTP/1.1" 200 22
183.192.89.226 - - [05/Sep/2020:10:01:13 +0800] "GET /xingrg/all/function/internal_message.html?_=1599271300788&CODE_STATE=getMsg HTTP/1.1" 200 27
116.238.90.59 - - [05/Sep/2020:10:01:14 +0800] "GET /xingrg/kc/print/load_data.html?order_code=212020090501774&kc_code=cgsh&condition= HTTP/1.1" 200 3764
222.69.135.99 - - [05/Sep/2020:10:01:16 +0800] "GET /xingrg/kc/buy/cgsh_order_operate.html?command=get_materiel&rest_code=00149&code=00101010161&supplier_code=00100039&order_time=2020-09-05 HTTP/1.1" 200 411
117.185.32.26 - - [05/Sep/2020:10:01:16 +0800] "GET /xingrg/check_reg.html?_=1599271702818 HTTP/1.1" 200 22
117.185.32.26 - - [05/Sep/2020:10:01:16 +0800] "GET /xingrg/all/function/internal_message.html?_=1599271702851&CODE_STATE=getMsg HTTP/1.1" 200 27
218.81.217.115 - - [05/Sep/2020:10:01:18 +0800] "GET /xingrg/all/function/internal_message.html?_=1599271286857&CODE_STATE=getMsg HTTP/1.1" 200 27
114.88.166.242 - - [05/Sep/2020:10:01:21 +0800] "GET /xingrg/all/function/internal_message.html?_=1599271338445&CODE_STATE=getMsg HTTP/1.1" 200 27
114.88.166.242 - - [05/Sep/2020:10:01:21 +0800] "GET /xingrg/check_reg.html?_=1599271338502 HTTP/1.1" 200 22
116.230.74.197 - - [05/Sep/2020:10:01:24 +0800] "GET /xingrg/kc/buy/cgsh_order_operate.html?command=get_materiel&rest_code=00107&code=00101008003&supplier_code=00100006&order_time=2020-09-05 HTTP/1.1" 200 408
114.86.224.48 - - [05/Sep/2020:10:01:25 +0800] "GET /xingrg/all/function/internal_message.html?_=1599271324843&CODE_STATE=getMsg HTTP/1.1" 200 27
222.69.135.99 - - [05/Sep/2020:10:01:25 +0800] "GET /xingrg/kc/buy/cgsh_order_operate.html?command=get_materiel&rest_code=00149&code=00101001010&supplier_code=00100039&order_time=2020-09-05 HTTP/1.1" 200 429
116.230.74.197 - - [05/Sep/2020:10:01:26 +0800] "GET /xingrg/all/function/internal_message.html?_=1599271280095&CODE_STATE=getMsg HTTP/1.1" 200 27
116.230.74.197 - - [05/Sep/2020:10:01:29 +0800] "POST /xingrg/kc/buy/cgsh_order_operate.html HTTP/1.1" 200 2065
120.253.135.82 - - [05/Sep/2020:10:01:31 +0800] "GET /xingrg/kc/buy/cgsh_order_operate.html?command=get_materiel&rest_code=00101&code=00101032006&supplier_code=00100292&order_time=2020-09-05 HTTP/1.1" 200 417
117.131.5.26 - - [05/Sep/2020:10:01:32 +0800] "GET /xingrg/all/function/internal_message.html?_=1599271573347&CODE_STATE=getMsg HTTP/1.1" 200 27
116.230.74.197 - - [05/Sep/2020:10:01:36 +0800] "GET /xingrg/kc/buy/cgsh_order_operate.html?command=get_materiel&rest_code=00107&code=00101008141&supplier_code=00100006&order_time=2020-09-05 HTTP/1.1" 200 412
116.238.90.59 - - [05/Sep/2020:10:01:37 +0800] "GET /xingrg/kc/buy/cgsh_order_add.html HTTP/1.1" 200 59580
116.238.90.59 - - [05/Sep/2020:10:01:39 +0800] "POST /xingrg/kc/buy/cgsh_order_operate.html HTTP/1.1" 200 8245
116.238.90.59 - - [05/Sep/2020:10:01:39 +0800] "GET /xingrg/javascript/easyui/themes/default/validatebox.css HTTP/1.1" 404 1104
172.17.0.240 - - [05/Sep/2020:10:01:40 +0800] "GET /xingrg/all/function/internal_message.html?_=1599271294869&CODE_STATE=getMsg HTTP/1.1" 302 -
172.17.0.240 - - [05/Sep/2020:10:01:40 +0800] "GET /xingrg/check_reg.html?_=1599271294870 HTTP/1.1" 302 -
222.69.135.99 - - [05/Sep/2020:10:01:44 +0800] "GET /xingrg/all/function/internal_message.html?_=1599271323976&CODE_STATE=getMsg HTTP/1.1" 200 27
218.81.217.115 - - [05/Sep/2020:10:01:47 +0800] "GET /xingrg/all/function/internal_message.html?_=1599271321661&CODE_STATE=getMsg HTTP/1.1" 200 27
180.152.230.204 - - [05/Sep/2020:10:01:48 +0800] "GET /xingrg/all/function/internal_message.html?_=1599271301983&CODE_STATE=getMsg HTTP/1.1" 200 27
116.230.74.197 - - [05/Sep/2020:10:01:49 +0800] "GET /xingrg/kc/buy/cgsh_order_operate.html?command=get_materiel&rest_code=00107&code=00101008126&supplier_code=00100006&order_time=2020-09-05 HTTP/1.1" 200 412
117.184.7.30 - - [05/Sep/2020:10:01:51 +0800] "POST /xingrg/login.do HTTP/1.1" 302 -
117.184.7.30 - - [05/Sep/2020:10:01:51 +0800] "GET /xingrg/index.html?sysBaseUrl=http%3A%2F%2F180.169.147.146%3A18081%2Fxingrg%2F&costTime=38×tamp=1599271311338 HTTP/1.1" 200 17179
117.184.7.30 - - [05/Sep/2020:10:01:52 +0800] "GET /favicon.ico HTTP/1.1" 404 -
114.88.166.242 - - [05/Sep/2020:10:01:52 +0800] "GET /xingrg/check_reg.html?_=1599271306829 HTTP/1.1" 200 22
117.184.7.30 - - [05/Sep/2020:10:01:52 +0800] "POST /xingrg/all/common/load_tree.html?tree=area_rest_tree_json&manage=1 HTTP/1.1" 200 470
117.184.7.30 - - [05/Sep/2020:10:01:53 +0800] "GET /xingrg/all/function/internal_message.html?_=1599271299640&CODE_STATE=count HTTP/1.1" 200 11
117.184.7.26 - - [05/Sep/2020:10:01:53 +0800] "GET /xingrg/check_reg.html?_=1599271299646 HTTP/1.1" 200 22
117.184.7.30 - - [05/Sep/2020:10:01:53 +0800] "POST /xingrg/load_menu.html HTTP/1.1" 200 5138
116.238.71.173 - - [05/Sep/2020:10:01:55 +0800] "GET /xingrg/all/function/internal_message.html?_=1599271433552&CODE_STATE=getMsg HTTP/1.1" 200 27
120.253.135.82 - - [05/Sep/2020:10:01:56 +0800] "GET /xingrg/kc/buy/cgsh_order_operate.html?command=get_materiel&rest_code=00101&code=00101032002&supplier_code=00100292&order_time=2020-09-05 HTTP/1.1" 200 417
117.184.7.30 - - [05/Sep/2020:10:01:56 +0800] "POST /xingrg/all/user/operate.html HTTP/1.1" 200 36
117.184.7.30 - - [05/Sep/2020:10:01:57 +0800] "GET /xingrg/index.html?sysBaseUrl=http%3A%2F%2F180.169.147.146%3A18081%2Fxingrg%2F&costTime=38×tamp=1599271311338 HTTP/1.1" 200 17173
117.184.7.30 - - [05/Sep/2020:10:01:57 +0800] "GET /xingrg/javascript/jquery_easy_ui/themes/default/easyui.css HTTP/1.1" 304 -
117.184.7.30 - - [05/Sep/2020:10:01:57 +0800] "GET /xingrg/javascript/jquery_easy_ui/themes/icon.css HTTP/1.1" 304 -
117.184.7.30 - - [05/Sep/2020:10:01:57 +0800] "GET /xingrg/css/form.css HTTP/1.1" 304 -
117.184.7.30 - - [05/Sep/2020:10:01:57 +0800] "GET /xingrg/javascript/jquery-1.4.2.min.js HTTP/1.1" 304 -
117.184.7.30 - - [05/Sep/2020:10:01:57 +0800] "GET /xingrg/javascript/jquery_easy_ui/jquery.easyui.min.js HTTP/1.1" 304 -
117.184.7.30 - - [05/Sep/2020:10:01:57 +0800] "GET /xingrg/javascript/jquery_easy_ui/easyui-lang-zh_CN.js HTTP/1.1" 304 -
117.184.7.30 - - [05/Sep/2020:10:01:57 +0800] "GET /xingrg/javascript/jquery.form.js HTTP/1.1" 304 -
117.184.7.30 - - [05/Sep/2020:10:01:57 +0800] "GET /xingrg/javascript/jquery.utils.js HTTP/1.1" 304 -
117.184.7.30 - - [05/Sep/2020:10:01:57 +0800] "GET /xingrg/javascript/jquery.timers.js HTTP/1.1" 304 -
117.184.7.30 - - [05/Sep/2020:10:01:57 +0800] "GET /xingrg/images/blue/jxLogo.png HTTP/1.1" 304 -
117.184.7.30 - - [05/Sep/2020:10:01:57 +0800] "GET /xingrg/javascript/jquery_easy_ui/themes/icons/settle_new.png HTTP/1.1" 304 -
117.184.7.26 - - [05/Sep/2020:10:01:57 +0800] "GET /xingrg/images/blue/navBackgound.jpg HTTP/1.1" 304 -
117.184.7.26 - - [05/Sep/2020:10:01:57 +0800] "POST /xingrg/all/common/load_tree.html?tree=area_rest_tree_json&manage=1 HTTP/1.1" 200 470
117.184.7.30 - - [05/Sep/2020:10:01:57 +0800] "GET /xingrg/check_reg.html?_=1599271303764 HTTP/1.1" 200 22
117.184.7.30 - - [05/Sep/2020:10:01:57 +0800] "GET /xingrg/all/function/internal_message.html?_=1599271303762&CODE_STATE=count HTTP/1.1" 200 11
117.184.7.26 - - [05/Sep/2020:10:01:57 +0800] "GET /xingrg/images/blue/pingpu.png HTTP/1.1" 304 -
117.184.7.26 - - [05/Sep/2020:10:01:57 +0800] "GET /xingrg/javascript/jquery_easy_ui/themes/default/images/tabs_leftarrow.png HTTP/1.1" 304 -
117.184.7.26 - - [05/Sep/2020:10:01:57 +0800] "GET /xingrg/javascript/jquery_easy_ui/themes/default/images/tabs_rightarrow.png HTTP/1.1" 304 -
117.184.7.26 - - [05/Sep/2020:10:01:57 +0800] "GET /xingrg/javascript/jquery_easy_ui/themes/default/images/panel_tool_collapse.gif HTTP/1.1" 304 -
117.184.7.26 - - [05/Sep/2020:10:01:57 +0800] "POST /xingrg/load_menu.html HTTP/1.1" 200 5138
117.184.7.26 - - [05/Sep/2020:10:01:58 +0800] "GET /xingrg/kc/report/report_main.html HTTP/1.1" 200 7345
116.238.90.59 - - [05/Sep/2020:10:01:59 +0800] "GET /xingrg/all/function/internal_message.html?_=1599271523396&CODE_STATE=getMsg HTTP/1.1" 200 27
117.184.7.26 - - [05/Sep/2020:10:01:59 +0800] "GET /xingrg/kc/base/base_main.html HTTP/1.1" 200 12142
222.69.135.99 - - [05/Sep/2020:10:02:00 +0800] "GET /xingrg/all/function/internal_message.html?_=1599271306739&CODE_STATE=getMsg HTTP/1.1" 200 27
172.17.0.123 - - [05/Sep/2020:10:02:01 +0800] "GET /xingrg/all/function/internal_message.html?_=1599271328392&CODE_STATE=getMsg HTTP/1.1" 200 27
117.184.7.26 - - [05/Sep/2020:10:02:01 +0800] "GET /xingrg/kc/base/wldb_order_list.html HTTP/1.1" 200 19296
117.184.7.26 - - [05/Sep/2020:10:02:03 +0800] "POST /xingrg/kc/base/wldb_list_operate.html HTTP/1.1" 200 928
116.238.90.59 - - [05/Sep/2020:10:02:04 +0800] "GET /xingrg/javascript/easyui/themes/default/tree.css HTTP/1.1" 404 1090
116.238.90.59 - - [05/Sep/2020:10:02:04 +0800] "POST /xingrg/all/common/load_tree.html?tree=supplier_tree_json&isDelete=1 HTTP/1.1" 200 50169
117.184.7.26 - - [05/Sep/2020:10:02:04 +0800] "GET /xingrg/kc/base/wldb_order_add.html HTTP/1.1" 200 30404
117.184.7.26 - - [05/Sep/2020:10:02:04 +0800] "GET /xingrg/words/20200904134957_words.js HTTP/1.1" 304 -
117.184.7.26 - - [05/Sep/2020:10:02:05 +0800] "GET /xingrg/all/common/auto_word.html?type=base&rest_code=00108 HTTP/1.1" 200 1711
117.184.7.26 - - [05/Sep/2020:10:02:05 +0800] "GET /xingrg/all/common/auto_word.html?type=base&rest_code=00108 HTTP/1.1" 200 1711
117.184.7.26 - - [05/Sep/2020:10:02:05 +0800] "GET /xingrg/javascript/easyui/themes/default/validatebox.css HTTP/1.1" 404 1104
117.184.7.26 - - [05/Sep/2020:10:02:05 +0800] "POST /xingrg/kc/base/wldb_order_operate.html HTTP/1.1" 200 6806
117.184.7.26 - - [05/Sep/2020:10:02:06 +0800] "GET /xingrg/javascript/auto/indicator.gif HTTP/1.1" 404 1066
116.230.74.197 - - [05/Sep/2020:10:02:07 +0800] "GET /xingrg/kc/buy/cgsh_order_operate.html?command=get_materiel&rest_code=00107&code=00101008361&supplier_code=00100006&order_time=2020-09-05 HTTP/1.1" 200 408
61.172.5.115 - - [05/Sep/2020:10:02:10 +0800] "GET /xingrg/all/function/internal_message.html?_=1599271329316&CODE_STATE=getMsg HTTP/1.1" 200 27
172.17.0.240 - - [05/Sep/2020:10:02:11 +0800] "GET /xingrg/check_reg.html?_=1599271325805 HTTP/1.1" 302 -
183.192.89.226 - - [05/Sep/2020:10:02:12 +0800] "GET /xingrg/all/function/internal_message.html?_=1599271360783&CODE_STATE=getMsg HTTP/1.1" 200 27
117.185.32.26 - - [05/Sep/2020:10:02:16 +0800] "GET /xingrg/all/function/internal_message.html?_=1599271762831&CODE_STATE=getMsg HTTP/1.1" 200 27
120.253.135.82 - - [05/Sep/2020:10:02:16 +0800] "POST /xingrg/kc/buy/cgsh_order_operate.html HTTP/1.1" 200 37
120.253.135.82 - - [05/Sep/2020:10:02:17 +0800] "POST /xingrg/kc/buy/cgsh_order_operate.html HTTP/1.1" 200 3886
218.81.217.115 - - [05/Sep/2020:10:02:18 +0800] "GET /xingrg/all/function/internal_message.html?_=1599271347121&CODE_STATE=getMsg HTTP/1.1" 200 27
116.230.74.197 - - [05/Sep/2020:10:02:21 +0800] "GET /xingrg/kc/buy/cgsh_order_operate.html?command=get_materiel&rest_code=00107&code=00101008067&supplier_code=00100006&order_time=2020-09-05 HTTP/1.1" 200 416
114.88.166.242 - - [05/Sep/2020:10:02:21 +0800] "GET /xingrg/all/function/internal_message.html?_=1599271398437&CODE_STATE=getMsg HTTP/1.1" 200 27
120.253.135.82 - - [05/Sep/2020:10:02:24 +0800] "POST /xingrg/kc/buy/cgsh_order_operate.html HTTP/1.1" 200 37
114.86.224.48 - - [05/Sep/2020:10:02:25 +0800] "GET /xingrg/all/function/internal_message.html?_=1599271384859&CODE_STATE=getMsg HTTP/1.1" 200 27
116.238.90.59 - - [05/Sep/2020:10:02:26 +0800] "GET /xingrg/kc/buy/cgsh_order_operate.html?command=get_materiel&rest_code=00102&code=00101016080&supplier_code=00100031&order_time=2020-09-05 HTTP/1.1" 200 408
116.230.74.197 - - [05/Sep/2020:10:02:26 +0800] "GET /xingrg/all/function/internal_message.html?_=1599271340073&CODE_STATE=getMsg HTTP/1.1" 200 27
120.253.135.82 - - [05/Sep/2020:10:02:27 +0800] "POST /xingrg/kc/buy/cgsh_order_operate.html HTTP/1.1" 200 12
120.253.135.82 - - [05/Sep/2020:10:02:27 +0800] "GET /xingrg/kc/buy/cgsh_order_info.html?code=212020090501776 HTTP/1.1" 200 53809
120.253.135.82 - - [05/Sep/2020:10:02:28 +0800] "GET /xingrg/javascript/easyui/themes/default/validatebox.css HTTP/1.1" 404 1104
120.253.135.82 - - [05/Sep/2020:10:02:28 +0800] "POST /xingrg/kc/buy/cgsh_order_operate.html HTTP/1.1" 200 1836
120.253.135.82 - - [05/Sep/2020:10:02:30 +0800] "GET /xingrg/kc/print/load_data.html?order_code=212020090501776&kc_code=cgsh&condition= HTTP/1.1" 200 1217
117.131.5.26 - - [05/Sep/2020:10:02:32 +0800] "GET /xingrg/all/function/internal_message.html?_=1599271633361&CODE_STATE=getMsg HTTP/1.1" 200 27
116.230.74.197 - - [05/Sep/2020:10:02:33 +0800] "GET /xingrg/kc/buy/cgsh_order_operate.html?command=get_materiel&rest_code=00107&code=00101008356&supplier_code=00100006&order_time=2020-09-05 HTTP/1.1" 200 409
116.230.74.197 - - [05/Sep/2020:10:02:35 +0800] "POST /xingrg/kc/buy/cgsh_order_operate.html HTTP/1.1" 200 2065
172.17.0.240 - - [05/Sep/2020:10:02:40 +0800] "GET /xingrg/all/function/internal_message.html?_=1599271354873&CODE_STATE=getMsg HTTP/1.1" 302 -
116.238.90.59 - - [05/Sep/2020:10:02:42 +0800] "GET /xingrg/kc/buy/cgsh_order_operate.html?command=get_materiel&rest_code=00102&code=00101018008&supplier_code=00100031&order_time=2020-09-05 HTTP/1.1" 200 432
116.230.74.197 - - [05/Sep/2020:10:02:43 +0800] "GET /xingrg/kc/buy/cgsh_order_operate.html?command=get_materiel&rest_code=00107&code=00101008362&supplier_code=00100006&order_time=2020-09-05 HTTP/1.1" 200 408
222.69.135.99 - - [05/Sep/2020:10:02:44 +0800] "GET /xingrg/all/function/internal_message.html?_=1599271383964&CODE_STATE=getMsg HTTP/1.1" 200 27
218.81.217.115 - - [05/Sep/2020:10:02:47 +0800] "GET /xingrg/all/function/internal_message.html?_=1599271381674&CODE_STATE=getMsg HTTP/1.1" 200 27
180.152.230.204 - - [05/Sep/2020:10:02:48 +0800] "GET /xingrg/all/function/internal_message.html?_=1599271361983&CODE_STATE=getMsg HTTP/1.1" 200 27
180.152.230.204 - - [05/Sep/2020:10:02:48 +0800] "GET /xingrg/check_reg.html?_=1599271361985 HTTP/1.1" 200 22
116.230.74.197 - - [05/Sep/2020:10:02:52 +0800] "GET /xingrg/kc/buy/cgsh_order_operate.html?command=get_materiel&rest_code=00107&code=00101008137&supplier_code=00100006&order_time=2020-09-05 HTTP/1.1" 200 408
218.81.217.115 - - [05/Sep/2020:10:02:54 +0800] "GET /xingrg/check_reg.html?_=1599271382537 HTTP/1.1" 200 22
116.238.71.173 - - [05/Sep/2020:10:02:55 +0800] "GET /xingrg/all/function/internal_message.html?_=1599271493557&CODE_STATE=getMsg HTTP/1.1" 200 27
117.184.7.26 - - [05/Sep/2020:10:02:57 +0800] "GET /xingrg/all/function/internal_message.html?_=1599271363769&CODE_STATE=getMsg HTTP/1.1" 200 27
116.238.90.59 - - [05/Sep/2020:10:02:58 +0800] "GET /xingrg/kc/buy/cgsh_order_operate.html?command=get_materiel&rest_code=00102&code=00101005037&supplier_code=00100031&order_time=2020-09-05 HTTP/1.1" 200 409
116.238.90.59 - - [05/Sep/2020:10:02:59 +0800] "GET /xingrg/all/function/internal_message.html?_=1599271583524&CODE_STATE=getMsg HTTP/1.1" 200 27
222.69.135.99 - - [05/Sep/2020:10:03:00 +0800] "GET /xingrg/all/function/internal_message.html?_=1599271366738&CODE_STATE=getMsg HTTP/1.1" 200 27
172.17.0.123 - - [05/Sep/2020:10:03:01 +0800] "GET /xingrg/all/function/internal_message.html?_=1599271388394&CODE_STATE=getMsg HTTP/1.1" 200 27
116.238.90.59 - - [05/Sep/2020:10:03:04 +0800] "GET /xingrg/kc/buy/cgsh_order_operate.html?command=get_materiel&rest_code=00102&code=00101016038&supplier_code=00100031&order_time=2020-09-05 HTTP/1.1" 200 408
120.253.135.82 - - [05/Sep/2020:10:03:06 +0800] "GET /xingrg/check_reg.html?_=1599271133101 HTTP/1.1" 200 22
222.69.135.99 - - [05/Sep/2020:10:03:09 +0800] "POST /xingrg/kc/buy/cgsh_order_operate.html HTTP/1.1" 200 37
61.172.5.115 - - [05/Sep/2020:10:03:10 +0800] "GET /xingrg/all/function/internal_message.html?_=1599271389288&CODE_STATE=getMsg HTTP/1.1" 200 27
61.172.5.115 - - [05/Sep/2020:10:03:10 +0800] "GET /xingrg/check_reg.html?_=1599271389647 HTTP/1.1" 200 22
116.230.74.197 - - [05/Sep/2020:10:03:10 +0800] "GET /xingrg/kc/buy/cgsh_order_operate.html?command=get_materiel&rest_code=00107&code=00101008225&supplier_code=00100006&order_time=2020-09-05 HTTP/1.1" 200 416
222.69.135.99 - - [05/Sep/2020:10:03:12 +0800] "POST /xingrg/kc/buy/cgsh_order_operate.html HTTP/1.1" 200 12
183.192.89.226 - - [05/Sep/2020:10:03:12 +0800] "GET /xingrg/all/function/internal_message.html?_=1599271420788&CODE_STATE=getMsg HTTP/1.1" 200 27
222.69.135.99 - - [05/Sep/2020:10:03:13 +0800] "GET /xingrg/kc/buy/cgsh_order_info.html?code=212020090501777 HTTP/1.1" 200 54624
222.69.135.99 - - [05/Sep/2020:10:03:13 +0800] "GET /xingrg/javascript/easyui/themes/default/validatebox.css HTTP/1.1" 404 1104
222.69.135.99 - - [05/Sep/2020:10:03:14 +0800] "POST /xingrg/kc/buy/cgsh_order_operate.html HTTP/1.1" 200 3577
117.185.32.26 - - [05/Sep/2020:10:03:16 +0800] "GET /xingrg/all/function/internal_message.html?_=1599271822816&CODE_STATE=getMsg HTTP/1.1" 200 27
218.81.217.115 - - [05/Sep/2020:10:03:18 +0800] "GET /xingrg/all/function/internal_message.html?_=1599271407134&CODE_STATE=getMsg HTTP/1.1" 200 27
222.69.135.99 - - [05/Sep/2020:10:03:20 +0800] "GET /xingrg/kc/print/load_data.html?order_code=212020090501777&kc_code=cgsh&condition= HTTP/1.1" 200 1863
114.88.166.242 - - [05/Sep/2020:10:03:21 +0800] "GET /xingrg/all/function/internal_message.html?_=1599271458424&CODE_STATE=getMsg HTTP/1.1" 200 27
114.86.224.48 - - [05/Sep/2020:10:03:24 +0800] "GET /xingrg/all/function/internal_message.html?_=1599271444855&CODE_STATE=getMsg HTTP/1.1" 200 27
116.238.90.59 - - [05/Sep/2020:10:03:25 +0800] "POST /xingrg/kc/buy/cgsh_order_operate.html HTTP/1.1" 200 37
116.230.74.197 - - [05/Sep/2020:10:03:26 +0800] "GET /xingrg/all/function/internal_message.html?_=1599271400055&CODE_STATE=getMsg HTTP/1.1" 200 27
116.230.74.197 - - [05/Sep/2020:10:03:27 +0800] "GET /xingrg/check_reg.html?_=1599271400331 HTTP/1.1" 200 22
222.69.135.99 - - [05/Sep/2020:10:03:31 +0800] "GET /xingrg/kc/buy/cgsh_order_add.html HTTP/1.1" 200 59721
222.69.135.99 - - [05/Sep/2020:10:03:31 +0800] "POST /xingrg/kc/buy/cgsh_order_operate.html HTTP/1.1" 200 8245
222.69.135.99 - - [05/Sep/2020:10:03:31 +0800] "GET /xingrg/javascript/easyui/themes/default/validatebox.css HTTP/1.1" 404 1104
117.131.5.26 - - [05/Sep/2020:10:03:32 +0800] "GET /xingrg/all/function/internal_message.html?_=1599271693398&CODE_STATE=getMsg HTTP/1.1" 200 27
116.238.90.59 - - [05/Sep/2020:10:03:36 +0800] "POST /xingrg/kc/buy/cgsh_order_operate.html HTTP/1.1" 200 12
116.238.90.59 - - [05/Sep/2020:10:03:39 +0800] "GET /xingrg/kc/buy/cgsh_order_info.html?code=212020090501778 HTTP/1.1" 200 54483
116.238.90.59 - - [05/Sep/2020:10:03:40 +0800] "GET /xingrg/javascript/easyui/themes/default/validatebox.css HTTP/1.1" 404 1104
172.17.0.240 - - [05/Sep/2020:10:03:40 +0800] "GET /xingrg/all/function/internal_message.html?_=1599271414863&CODE_STATE=getMsg HTTP/1.1" 302 -
116.238.90.59 - - [05/Sep/2020:10:03:40 +0800] "POST /xingrg/kc/buy/cgsh_order_operate.html HTTP/1.1" 200 2368
116.238.90.59 - - [05/Sep/2020:10:03:42 +0800] "GET /xingrg/kc/print/load_data.html?order_code=212020090501778&kc_code=cgsh&condition= HTTP/1.1" 200 1374
222.69.135.99 - - [05/Sep/2020:10:03:44 +0800] "GET /xingrg/all/function/internal_message.html?_=1599271443968&CODE_STATE=getMsg HTTP/1.1" 200 27
116.230.74.197 - - [05/Sep/2020:10:03:47 +0800] "POST /xingrg/kc/buy/cgsh_order_operate.html HTTP/1.1" 200 2065
218.81.217.115 - - [05/Sep/2020:10:03:47 +0800] "GET /xingrg/all/function/internal_message.html?_=1599271441767&CODE_STATE=getMsg HTTP/1.1" 200 27
180.152.230.204 - - [05/Sep/2020:10:03:48 +0800] "GET /xingrg/all/function/internal_message.html?_=1599271421991&CODE_STATE=getMsg HTTP/1.1" 200 27
116.238.90.59 - - [05/Sep/2020:10:03:50 +0800] "GET /xingrg/kc/buy/cgsh_order_add.html HTTP/1.1" 200 59580
218.81.217.115 - - [05/Sep/2020:10:03:51 +0800] "GET /xingrg/check_reg.html?_=1599271446049 HTTP/1.1" 200 22
116.238.90.59 - - [05/Sep/2020:10:03:51 +0800] "POST /xingrg/kc/buy/cgsh_order_operate.html HTTP/1.1" 200 8245
116.238.90.59 - - [05/Sep/2020:10:03:52 +0800] "GET /xingrg/javascript/easyui/themes/default/validatebox.css HTTP/1.1" 404 1104
101.227.139.173 - - [05/Sep/2020:10:03:52 +0800] "GET /xingrg/check_reg.html?_=1599270642610 HTTP/1.1" 302 -
116.238.90.59 - - [05/Sep/2020:10:03:53 +0800] "GET /xingrg/javascript/easyui/themes/default/tree.css HTTP/1.1" 404 1090
116.238.90.59 - - [05/Sep/2020:10:03:53 +0800] "POST /xingrg/all/common/load_tree.html?tree=supplier_tree_json&isDelete=1 HTTP/1.1" 200 50169
101.227.139.173 - - [05/Sep/2020:10:03:55 +0800] "GET /xingrg/login.html HTTP/1.1" 200 7641
222.69.135.99 - - [05/Sep/2020:10:03:56 +0800] "GET /xingrg/kc/buy/cgsh_order_operate.html?command=get_materiel&rest_code=00149&code=00101011005&supplier_code=00100051&order_time=2020-09-05 HTTP/1.1" 200 428
117.184.7.26 - - [05/Sep/2020:10:03:57 +0800] "GET /xingrg/all/function/internal_message.html?_=1599271423767&CODE_STATE=getMsg HTTP/1.1" 200 27
116.238.71.173 - - [05/Sep/2020:10:03:58 +0800] "GET /xingrg/all/function/internal_message.html?_=1599271556015&CODE_STATE=getMsg HTTP/1.1" 200 27
116.238.71.173 - - [05/Sep/2020:10:03:59 +0800] "POST /xingrg/kc/buy/cgsh_order_operate.html HTTP/1.1" 200 37
116.238.90.59 - - [05/Sep/2020:10:03:59 +0800] "GET /xingrg/all/function/internal_message.html?_=1599271643535&CODE_STATE=getMsg HTTP/1.1" 200 27
222.69.135.99 - - [05/Sep/2020:10:04:00 +0800] "GET /xingrg/all/function/internal_message.html?_=1599271426749&CODE_STATE=getMsg HTTP/1.1" 200 27
172.17.0.123 - - [05/Sep/2020:10:04:01 +0800] "GET /xingrg/all/function/internal_message.html?_=1599271448398&CODE_STATE=getMsg HTTP/1.1" 200 27
116.238.71.173 - - [05/Sep/2020:10:04:01 +0800] "POST /xingrg/kc/buy/cgsh_order_operate.html HTTP/1.1" 200 12
116.238.71.173 - - [05/Sep/2020:10:04:02 +0800] "GET /xingrg/kc/buy/cgsh_order_info.html?code=212020090501725 HTTP/1.1" 200 54229
116.238.71.173 - - [05/Sep/2020:10:04:02 +0800] "GET /xingrg/javascript/easyui/themes/default/validatebox.css HTTP/1.1" 404 1104
116.238.71.173 - - [05/Sep/2020:10:04:03 +0800] "POST /xingrg/kc/buy/cgsh_order_operate.html HTTP/1.1" 200 34664
222.69.135.99 - - [05/Sep/2020:10:04:04 +0800] "GET /xingrg/kc/buy/cgsh_order_operate.html?command=get_materiel&rest_code=00149&code=00101011010&supplier_code=00100051&order_time=2020-09-05 HTTP/1.1" 200 418
116.238.71.173 - - [05/Sep/2020:10:04:05 +0800] "GET /xingrg/kc/print/load_data.html?order_code=212020090501725&kc_code=cgsh&condition= HTTP/1.1" 200 13868
116.230.74.197 - - [05/Sep/2020:10:04:05 +0800] "GET /xingrg/kc/buy/cgsh_order_operate.html?command=get_materiel&rest_code=00107&code=00101008296&supplier_code=00100006&order_time=2020-09-05 HTTP/1.1" 200 416
116.238.90.59 - - [05/Sep/2020:10:04:06 +0800] "GET /xingrg/kc/buy/cgsh_order_operate.html?command=get_materiel&rest_code=00102&code=00101015037&supplier_code=00100054&order_time=2020-09-05 HTTP/1.1" 200 412
61.172.5.115 - - [05/Sep/2020:10:04:10 +0800] "GET /xingrg/all/function/internal_message.html?_=1599271449261&CODE_STATE=getMsg HTTP/1.1" 200 27
183.192.89.226 - - [05/Sep/2020:10:04:11 +0800] "GET /xingrg/all/function/internal_message.html?_=1599271480793&CODE_STATE=getMsg HTTP/1.1" 200 27
117.185.32.26 - - [05/Sep/2020:10:04:16 +0800] "GET /xingrg/all/function/internal_message.html?_=1599271882840&CODE_STATE=getMsg HTTP/1.1" 200 27
218.81.217.115 - - [05/Sep/2020:10:04:18 +0800] "GET /xingrg/all/function/internal_message.html?_=1599271467148&CODE_STATE=getMsg HTTP/1.1" 200 27
222.69.135.99 - - [05/Sep/2020:10:04:18 +0800] "POST /xingrg/kc/buy/cgsh_order_operate.html HTTP/1.1" 200 37
218.81.217.115 - - [05/Sep/2020:10:04:19 +0800] "GET /xingrg/kc/buy/cgsh_order_operate.html?command=get_materiel&rest_code=00146&code=00101016025&supplier_code=00100033&order_time=2020-09-05 HTTP/1.1" 200 408
222.69.135.99 - - [05/Sep/2020:10:04:21 +0800] "POST /xingrg/kc/buy/cgsh_order_operate.html HTTP/1.1" 200 12
114.88.166.242 - - [05/Sep/2020:10:04:21 +0800] "GET /xingrg/all/function/internal_message.html?_=1599271518423&CODE_STATE=getMsg HTTP/1.1" 200 27
222.69.135.99 - - [05/Sep/2020:10:04:22 +0800] "GET /xingrg/kc/buy/cgsh_order_info.html?code=212020090501779 HTTP/1.1" 200 54624
222.69.135.99 - - [05/Sep/2020:10:04:22 +0800] "GET /xingrg/javascript/easyui/themes/default/validatebox.css HTTP/1.1" 404 1104
222.69.135.99 - - [05/Sep/2020:10:04:23 +0800] "POST /xingrg/kc/buy/cgsh_order_operate.html HTTP/1.1" 200 1208
114.86.224.48 - - [05/Sep/2020:10:04:24 +0800] "GET /xingrg/all/function/internal_message.html?_=1599271504859&CODE_STATE=getMsg HTTP/1.1" 200 27
114.86.224.48 - - [05/Sep/2020:10:04:24 +0800] "GET /xingrg/check_reg.html?_=1599271504859 HTTP/1.1" 200 22
222.69.135.99 - - [05/Sep/2020:10:04:24 +0800] "GET /xingrg/kc/print/load_data.html?order_code=212020090501779&kc_code=cgsh&condition= HTTP/1.1" 200 956
116.230.74.197 - - [05/Sep/2020:10:04:26 +0800] "GET /xingrg/all/function/internal_message.html?_=1599271460027&CODE_STATE=getMsg HTTP/1.1" 200 27
116.230.74.197 - - [05/Sep/2020:10:04:29 +0800] "GET /xingrg/kc/buy/cgsh_order_operate.html?command=get_materiel&rest_code=00107&code=00101008213&supplier_code=00100006&order_time=2020-09-05 HTTP/1.1" 200 412
117.131.5.26 - - [05/Sep/2020:10:04:32 +0800] "GET /xingrg/all/function/internal_message.html?_=1599271753404&CODE_STATE=getMsg HTTP/1.1" 200 27
116.238.71.173 - - [05/Sep/2020:10:04:35 +0800] "POST /xingrg/all/user/operate.html HTTP/1.1" 200 36
116.238.71.173 - - [05/Sep/2020:10:04:36 +0800] "GET /xingrg/index.html?sysBaseUrl=http%3A%2F%2F180.169.147.146%3A18081%2Fxingrg%2F&costTime=36×tamp=1599179015136 HTTP/1.1" 200 17179
116.238.71.173 - - [05/Sep/2020:10:04:36 +0800] "GET /xingrg/javascript/jquery_easy_ui/themes/default/easyui.css HTTP/1.1" 304 -
116.238.71.173 - - [05/Sep/2020:10:04:36 +0800] "GET /xingrg/javascript/jquery_easy_ui/themes/icon.css HTTP/1.1" 304 -
116.238.71.173 - - [05/Sep/2020:10:04:36 +0800] "GET /xingrg/css/form.css HTTP/1.1" 304 -
116.238.71.173 - - [05/Sep/2020:10:04:36 +0800] "GET /xingrg/javascript/jquery-1.4.2.min.js HTTP/1.1" 304 -
116.238.71.173 - - [05/Sep/2020:10:04:36 +0800] "GET /xingrg/javascript/jquery_easy_ui/jquery.easyui.min.js HTTP/1.1" 304 -
116.238.71.173 - - [05/Sep/2020:10:04:36 +0800] "GET /xingrg/javascript/jquery_easy_ui/easyui-lang-zh_CN.js HTTP/1.1" 304 -
116.238.71.173 - - [05/Sep/2020:10:04:36 +0800] "GET /xingrg/javascript/jquery.form.js HTTP/1.1" 304 -
116.238.71.173 - - [05/Sep/2020:10:04:36 +0800] "GET /xingrg/javascript/jquery.utils.js HTTP/1.1" 304 -
116.238.71.173 - - [05/Sep/2020:10:04:36 +0800] "GET /xingrg/javascript/jquery.timers.js HTTP/1.1" 304 -
116.238.71.173 - - [05/Sep/2020:10:04:36 +0800] "GET /xingrg/images/blue/jxLogo.png HTTP/1.1" 304 -
116.238.71.173 - - [05/Sep/2020:10:04:36 +0800] "GET /xingrg/images/blue/navBackgound.jpg HTTP/1.1" 304 -
116.238.71.173 - - [05/Sep/2020:10:04:36 +0800] "GET /xingrg/javascript/jquery_easy_ui/themes/icons/settle_new.png HTTP/1.1" 304 -
116.238.71.173 - - [05/Sep/2020:10:04:36 +0800] "GET /xingrg/images/blue/pingpu.png HTTP/1.1" 304 -
116.238.71.173 - - [05/Sep/2020:10:04:36 +0800] "GET /xingrg/javascript/jquery_easy_ui/themes/default/images/tabs_leftarrow.png HTTP/1.1" 304 -
116.238.71.173 - - [05/Sep/2020:10:04:36 +0800] "POST /xingrg/all/common/load_tree.html?tree=area_rest_tree_json&manage=1 HTTP/1.1" 200 476
116.238.71.173 - - [05/Sep/2020:10:04:36 +0800] "GET /xingrg/javascript/jquery_easy_ui/themes/default/images/tabs_rightarrow.png HTTP/1.1" 304 -
116.238.71.173 - - [05/Sep/2020:10:04:36 +0800] "GET /xingrg/javascript/jquery_easy_ui/themes/default/images/panel_tool_collapse.gif HTTP/1.1" 304 -
116.238.71.173 - - [05/Sep/2020:10:04:36 +0800] "GET /xingrg/check_reg.html?_=1599271594641 HTTP/1.1" 200 22
116.238.71.173 - - [05/Sep/2020:10:04:36 +0800] "GET /xingrg/all/function/internal_message.html?_=1599271594641&CODE_STATE=count HTTP/1.1" 200 11
116.238.71.173 - - [05/Sep/2020:10:04:36 +0800] "GET /xingrg/javascript/jquery_easy_ui/themes/default/images/tree_arrows.gif HTTP/1.1" 304 -
116.238.71.173 - - [05/Sep/2020:10:04:37 +0800] "POST /xingrg/load_menu.html HTTP/1.1" 200 5138
218.81.217.115 - - [05/Sep/2020:10:04:37 +0800] "GET /xingrg/kc/buy/cgsh_order_operate.html?command=get_materiel&rest_code=00146&code=00101012025&supplier_code=00100033&order_time=2020-09-05 HTTP/1.1" 200 412
116.238.71.173 - - [05/Sep/2020:10:04:39 +0800] "GET /xingrg/kc/buy/cgsh_order_list.html HTTP/1.1" 200 43936
116.238.71.173 - - [05/Sep/2020:10:04:40 +0800] "POST /xingrg/kc/buy/cgsh_list_operate.html HTTP/1.1" 200 1708
172.17.0.240 - - [05/Sep/2020:10:04:40 +0800] "GET /xingrg/all/function/internal_message.html?_=1599271474865&CODE_STATE=getMsg HTTP/1.1" 302 -
116.230.74.197 - - [05/Sep/2020:10:04:41 +0800] "GET /xingrg/kc/buy/cgsh_order_operate.html?command=get_materiel&rest_code=00107&code=00101008330&supplier_code=00100006&order_time=2020-09-05 HTTP/1.1" 200 408
116.238.71.173 - - [05/Sep/2020:10:04:41 +0800] "POST /xingrg/kc/buy/cgsh_list_operate.html HTTP/1.1" 200 573
116.238.71.173 - - [05/Sep/2020:10:04:41 +0800] "GET /xingrg/kc/buy/cgsh_order_info.html?code=212020090501724 HTTP/1.1" 200 59613
116.238.71.173 - - [05/Sep/2020:10:04:42 +0800] "GET /xingrg/javascript/easyui/themes/default/validatebox.css HTTP/1.1" 404 1104
222.69.135.99 - - [05/Sep/2020:10:04:42 +0800] "GET /xingrg/kc/buy/cgsh_order_add.html HTTP/1.1" 200 59721
116.238.71.173 - - [05/Sep/2020:10:04:42 +0800] "POST /xingrg/kc/buy/cgsh_order_operate.html HTTP/1.1" 200 32843
222.69.135.99 - - [05/Sep/2020:10:04:42 +0800] "POST /xingrg/kc/buy/cgsh_order_operate.html HTTP/1.1" 200 8245
222.69.135.99 - - [05/Sep/2020:10:04:42 +0800] "GET /xingrg/javascript/easyui/themes/default/validatebox.css HTTP/1.1" 404 1104
222.69.135.99 - - [05/Sep/2020:10:04:44 +0800] "GET /xingrg/all/function/internal_message.html?_=1599271503975&CODE_STATE=getMsg HTTP/1.1" 200 27
222.69.135.99 - - [05/Sep/2020:10:04:44 +0800] "GET /xingrg/check_reg.html?_=1599271503980 HTTP/1.1" 200 22
218.81.217.115 - - [05/Sep/2020:10:04:47 +0800] "GET /xingrg/all/function/internal_message.html?_=1599271501782&CODE_STATE=getMsg HTTP/1.1" 200 27
180.152.230.204 - - [05/Sep/2020:10:04:48 +0800] "GET /xingrg/all/function/internal_message.html?_=1599271481990&CODE_STATE=getMsg HTTP/1.1" 200 27
120.253.135.82 - - [05/Sep/2020:10:04:48 +0800] "POST /xingrg/kc/buy/cgsh_list_operate.html HTTP/1.1" 200 876
120.253.135.82 - - [05/Sep/2020:10:04:50 +0800] "GET /xingrg/kc/pszx/mdps_order_list.html?orderType=0 HTTP/1.1" 200 21059
120.253.135.82 - - [05/Sep/2020:10:04:50 +0800] "POST /xingrg/kc/pszx/mdps_list_operate.html HTTP/1.1" 200 5245
218.81.217.115 - - [05/Sep/2020:10:04:51 +0800] "POST /xingrg/kc/buy/cgsh_order_operate.html HTTP/1.1" 200 37
218.81.217.115 - - [05/Sep/2020:10:04:52 +0800] "POST /xingrg/kc/buy/cgsh_order_operate.html HTTP/1.1" 200 6783
222.69.135.99 - - [05/Sep/2020:10:04:55 +0800] "GET /xingrg/kc/buy/cgsh_order_operate.html?command=get_materiel&rest_code=00149&code=00101004011&supplier_code=00100083&order_time=2020-09-05 HTTP/1.1" 200 433
116.238.90.59 - - [05/Sep/2020:10:04:55 +0800] "GET /xingrg/check_reg.html?_=1599271699354 HTTP/1.1" 200 22
120.253.135.82 - - [05/Sep/2020:10:04:55 +0800] "POST /xingrg/kc/pszx/mdps_list_operate.html HTTP/1.1" 200 1685
218.81.217.115 - - [05/Sep/2020:10:04:57 +0800] "GET /xingrg/kc/print/load_data.html?order_code=212020090501780&kc_code=cgsh&condition= HTTP/1.1" 200 2280
120.253.135.82 - - [05/Sep/2020:10:04:57 +0800] "POST /xingrg/kc/pszx/mdps_list_operate.html HTTP/1.1" 200 288
117.184.7.26 - - [05/Sep/2020:10:04:57 +0800] "GET /xingrg/all/function/internal_message.html?_=1599271483787&CODE_STATE=getMsg HTTP/1.1" 200 27
120.253.135.82 - - [05/Sep/2020:10:04:57 +0800] "GET /xingrg/kc/pszx/mdps_order_info.html?code=312020082100514 HTTP/1.1" 200 23843
120.253.135.82 - - [05/Sep/2020:10:04:58 +0800] "POST /xingrg/kc/pszx/mdps_order_operate.html HTTP/1.1" 200 2781
120.253.135.82 - - [05/Sep/2020:10:04:58 +0800] "GET /xingrg/javascript/easyui/themes/default/validatebox.css HTTP/1.1" 404 1104
116.238.90.59 - - [05/Sep/2020:10:04:59 +0800] "GET /xingrg/all/function/internal_message.html?_=1599271703549&CODE_STATE=getMsg HTTP/1.1" 200 27
222.69.135.99 - - [05/Sep/2020:10:05:00 +0800] "GET /xingrg/check_reg.html?_=1599271486741 HTTP/1.1" 200 22
222.69.135.99 - - [05/Sep/2020:10:05:00 +0800] "GET /xingrg/all/function/internal_message.html?_=1599271486744&CODE_STATE=getMsg HTTP/1.1" 200 27
172.17.0.123 - - [05/Sep/2020:10:05:01 +0800] "GET /xingrg/all/function/internal_message.html?_=1599271508382&CODE_STATE=getMsg HTTP/1.1" 200 27
222.69.135.99 - - [05/Sep/2020:10:05:01 +0800] "GET /xingrg/kc/buy/cgsh_order_operate.html?command=get_materiel&rest_code=00149&code=00101004065&supplier_code=00100083&order_time=2020-09-05 HTTP/1.1" 200 432
116.230.74.197 - - [05/Sep/2020:10:05:04 +0800] "POST /xingrg/kc/buy/cgsh_order_operate.html HTTP/1.1" 200 2065
120.253.135.82 - - [05/Sep/2020:10:05:06 +0800] "POST /xingrg/kc/pszx/mdps_order_operate.html HTTP/1.1" 200 37
120.253.135.82 - - [05/Sep/2020:10:05:07 +0800] "GET /xingrg/kc/pszx/mdps_order_info.html?code=312020082100514 HTTP/1.1" 200 23843
120.253.135.82 - - [05/Sep/2020:10:05:07 +0800] "POST /xingrg/kc/pszx/mdps_order_operate.html HTTP/1.1" 200 2282
120.253.135.82 - - [05/Sep/2020:10:05:07 +0800] "GET /xingrg/javascript/easyui/themes/default/validatebox.css HTTP/1.1" 404 1104
222.69.135.99 - - [05/Sep/2020:10:05:09 +0800] "GET /xingrg/kc/buy/cgsh_order_operate.html?command=get_materiel&rest_code=00149&code=00101004061&supplier_code=00100083&order_time=2020-09-05 HTTP/1.1" 200 411
61.172.5.115 - - [05/Sep/2020:10:05:10 +0800] "GET /xingrg/all/function/internal_message.html?_=1599271509244&CODE_STATE=getMsg HTTP/1.1" 200 27
120.253.135.82 - - [05/Sep/2020:10:05:10 +0800] "GET /xingrg/kc/print/load_config.html?kc_code=mdps HTTP/1.1" 200 2396
116.230.74.197 - - [05/Sep/2020:10:05:10 +0800] "GET /xingrg/kc/buy/cgsh_order_operate.html?command=get_materiel&rest_code=00107&code=00101008331&supplier_code=00100006&order_time=2020-09-05 HTTP/1.1" 200 416
120.253.135.82 - - [05/Sep/2020:10:05:10 +0800] "GET /xingrg/kc/print/load_data.html?order_code=312020082100514&kc_code=mdps&condition= HTTP/1.1" 200 674
183.192.89.226 - - [05/Sep/2020:10:05:11 +0800] "GET /xingrg/all/function/internal_message.html?_=1599271540787&CODE_STATE=getMsg HTTP/1.1" 200 27
117.185.32.26 - - [05/Sep/2020:10:05:16 +0800] "GET /xingrg/all/function/internal_message.html?_=1599271942844&CODE_STATE=getMsg HTTP/1.1" 200 27
218.81.217.115 - - [05/Sep/2020:10:05:18 +0800] "GET /xingrg/all/function/internal_message.html?_=1599271527393&CODE_STATE=getMsg HTTP/1.1" 200 27
58.37.9.106 - - [05/Sep/2020:10:05:19 +0800] "GET /xingrg/check_reg.html?_=1599271147124 HTTP/1.1" 302 -
58.37.9.106 - - [05/Sep/2020:10:05:19 +0800] "GET /xingrg/login.html HTTP/1.1" 200 7641
116.230.74.197 - - [05/Sep/2020:10:05:21 +0800] "GET /xingrg/kc/buy/cgsh_order_operate.html?command=get_materiel&rest_code=00107&code=00101008350&supplier_code=00100006&order_time=2020-09-05 HTTP/1.1" 200 408
222.69.135.99 - - [05/Sep/2020:10:05:21 +0800] "GET /xingrg/kc/buy/cgsh_order_operate.html?command=get_materiel&rest_code=00149&code=00101004048&supplier_code=00100083&order_time=2020-09-05 HTTP/1.1" 200 419
114.88.166.242 - - [05/Sep/2020:10:05:21 +0800] "GET /xingrg/all/function/internal_message.html?_=1599271578438&CODE_STATE=getMsg HTTP/1.1" 200 27
114.86.224.48 - - [05/Sep/2020:10:05:24 +0800] "GET /xingrg/all/function/internal_message.html?_=1599271564859&CODE_STATE=getMsg HTTP/1.1" 200 27
58.37.9.106 - - [05/Sep/2020:10:05:25 +0800] "GET /xingrg/login.html HTTP/1.1" 200 7641
58.37.9.106 - - [05/Sep/2020:10:05:25 +0800] "GET /favicon.ico HTTP/1.1" 404 -
58.37.9.106 - - [05/Sep/2020:10:05:26 +0800] "POST /xingrg/login.do HTTP/1.1" 302 -
58.37.9.106 - - [05/Sep/2020:10:05:26 +0800] "GET /xingrg/index.html?sysBaseUrl=http%3A%2F%2F180.169.147.146%3A18081%2Fxingrg%2F&costTime=37×tamp=1599271526436 HTTP/1.1" 200 17179
58.37.9.106 - - [05/Sep/2020:10:05:26 +0800] "GET /favicon.ico HTTP/1.1" 404 -
58.37.9.106 - - [05/Sep/2020:10:05:26 +0800] "POST /xingrg/all/common/load_tree.html?tree=area_rest_tree_json&manage=1 HTTP/1.1" 200 351
58.37.9.106 - - [05/Sep/2020:10:05:26 +0800] "GET /xingrg/check_reg.html?_=1599271154241 HTTP/1.1" 200 22
58.37.9.106 - - [05/Sep/2020:10:05:26 +0800] "GET /xingrg/all/function/internal_message.html?_=1599271154240&CODE_STATE=count HTTP/1.1" 200 11
58.37.9.106 - - [05/Sep/2020:10:05:26 +0800] "POST /xingrg/load_menu.html HTTP/1.1" 200 5138
116.230.74.197 - - [05/Sep/2020:10:05:26 +0800] "GET /xingrg/all/function/internal_message.html?_=1599271520241&CODE_STATE=getMsg HTTP/1.1" 200 27
58.37.9.106 - - [05/Sep/2020:10:05:27 +0800] "GET /xingrg/kc/buy/buy_main.html HTTP/1.1" 200 12412
58.37.9.106 - - [05/Sep/2020:10:05:27 +0800] "GET /xingrg/css/new_ie.css HTTP/1.1" 404 1036
117.131.5.26 - - [05/Sep/2020:10:05:29 +0800] "GET /xingrg/check_reg.html?_=1599271810457 HTTP/1.1" 200 22
58.37.9.106 - - [05/Sep/2020:10:05:29 +0800] "GET /xingrg/images/yd/bt.gif HTTP/1.1" 404 1040
222.69.135.99 - - [05/Sep/2020:10:05:31 +0800] "GET /xingrg/kc/buy/cgsh_order_operate.html?command=get_materiel&rest_code=00149&code=00101004033&supplier_code=00100083&order_time=2020-09-05 HTTP/1.1" 200 439
117.131.5.26 - - [05/Sep/2020:10:05:32 +0800] "GET /xingrg/all/function/internal_message.html?_=1599271813417&CODE_STATE=getMsg HTTP/1.1" 200 27
120.253.135.82 - - [05/Sep/2020:10:05:32 +0800] "GET /xingrg/kc/pszx/mdps_order_info.html?code=312020082100514 HTTP/1.1" 200 23843
120.253.135.82 - - [05/Sep/2020:10:05:33 +0800] "POST /xingrg/kc/pszx/mdps_order_operate.html HTTP/1.1" 200 2282
120.253.135.82 - - [05/Sep/2020:10:05:33 +0800] "GET /xingrg/javascript/easyui/themes/default/validatebox.css HTTP/1.1" 404 1104
120.253.135.82 - - [05/Sep/2020:10:05:34 +0800] "POST /xingrg/kc/pszx/mdps_list_operate.html HTTP/1.1" 200 1683
120.253.135.82 - - [05/Sep/2020:10:05:36 +0800] "GET /xingrg/kc/pszx/mdps_order_add.html HTTP/1.1" 200 28999
120.253.135.82 - - [05/Sep/2020:10:05:36 +0800] "POST /xingrg/kc/pszx/mdps_order_operate.html HTTP/1.1" 200 7126
120.253.135.82 - - [05/Sep/2020:10:05:36 +0800] "GET /xingrg/javascript/easyui/themes/default/validatebox.css HTTP/1.1" 404 1104
116.238.71.173 - - [05/Sep/2020:10:05:36 +0800] "GET /xingrg/all/function/internal_message.html?_=1599271654650&CODE_STATE=getMsg HTTP/1.1" 200 27
58.37.9.106 - - [05/Sep/2020:10:05:38 +0800] "GET /xingrg/kc/buy/cgsh_order_list.html HTTP/1.1" 200 43936
222.69.135.99 - - [05/Sep/2020:10:05:38 +0800] "POST /xingrg/kc/buy/cgsh_order_operate.html HTTP/1.1" 200 37
58.37.9.106 - - [05/Sep/2020:10:05:39 +0800] "POST /xingrg/kc/buy/cgsh_list_operate.html HTTP/1.1" 200 876
