120.253.135.82 - - [05/Sep/2020:06:02:57 +0800] "GET /xingrg/javascript/step/step.css HTTP/1.1" 200 999
120.253.135.82 - - [05/Sep/2020:06:02:57 +0800] "GET /xingrg/javascript/step/images/navCurrentBtn.gif HTTP/1.1" 200 557
120.253.135.82 - - [05/Sep/2020:06:02:57 +0800] "GET /xingrg/javascript/jquery_easy_ui/themes/default/images/button_a_bg.gif HTTP/1.1" 200 1194
120.253.135.82 - - [05/Sep/2020:06:02:57 +0800] "GET /xingrg/javascript/jquery_easy_ui/themes/default/images/button_span_bg.gif HTTP/1.1" 200 2061
120.253.135.82 - - [05/Sep/2020:06:02:57 +0800] "GET /xingrg/javascript/jquery_easy_ui/themes/icons/search.png HTTP/1.1" 200 813
120.253.135.82 - - [05/Sep/2020:06:02:57 +0800] "GET /xingrg/javascript/jquery_easy_ui/themes/default/images/combo_arrow_dot.gif HTTP/1.1" 200 79
120.253.135.82 - - [05/Sep/2020:06:02:57 +0800] "GET /xingrg/javascript/jquery_easy_ui/themes/default/images/calendar_prevmonth.gif HTTP/1.1" 200 66
120.253.135.82 - - [05/Sep/2020:06:02:57 +0800] "GET /xingrg/javascript/jquery_easy_ui/themes/default/images/calendar_nextyear.gif HTTP/1.1" 200 75
120.253.135.82 - - [05/Sep/2020:06:02:57 +0800] "GET /xingrg/javascript/jquery_easy_ui/themes/default/images/calendar_prevyear.gif HTTP/1.1" 200 76
120.253.135.82 - - [05/Sep/2020:06:02:57 +0800] "GET /xingrg/javascript/jquery_easy_ui/themes/default/images/calendar_nextmonth.gif HTTP/1.1" 200 64
120.253.135.82 - - [05/Sep/2020:06:02:57 +0800] "POST /xingrg/all/common/load_tree.html?tree=area_rest_tree_json HTTP/1.1" 200 3216
120.253.135.82 - - [05/Sep/2020:06:02:57 +0800] "GET /xingrg/javascript/jquery_easy_ui/themes/default/images/datagrid_header_bg.gif HTTP/1.1" 200 97
120.253.135.82 - - [05/Sep/2020:06:02:57 +0800] "GET /xingrg/javascript/jquery_easy_ui/themes/default/images/pagination_loading.gif HTTP/1.1" 200 1737
120.253.135.82 - - [05/Sep/2020:06:02:57 +0800] "GET /xingrg/javascript/jquery_easy_ui/themes/default/images/tree_checkbox_0.gif HTTP/1.1" 200 168
120.253.135.82 - - [05/Sep/2020:06:02:57 +0800] "POST /xingrg/kc/pszx/jzcl_ps_operate.html HTTP/1.1" 200 5085
120.253.135.82 - - [05/Sep/2020:06:02:57 +0800] "POST /xingrg/kc/pszx/jzcl_ps_operate.html HTTP/1.1" 200 5085
120.253.135.82 - - [05/Sep/2020:06:02:59 +0800] "GET /xingrg/javascript/jquery_easy_ui/themes/icons/rest.png HTTP/1.1" 200 695
172.17.0.123 - - [05/Sep/2020:06:03:00 +0800] "GET /xingrg/all/function/internal_message.html?_=1599256988388&CODE_STATE=getMsg HTTP/1.1" 200 27
218.81.217.115 - - [05/Sep/2020:06:03:01 +0800] "GET /xingrg/all/function/internal_message.html?_=1599256988991&CODE_STATE=getMsg HTTP/1.1" 200 27
116.238.71.173 - - [05/Sep/2020:06:03:01 +0800] "GET /xingrg/check_reg.html?_=1599257099597 HTTP/1.1" 200 22
120.253.135.82 - - [05/Sep/2020:06:03:04 +0800] "GET /xingrg/check_reg.html?_=1599256731042 HTTP/1.1" 200 22
120.253.135.82 - - [05/Sep/2020:06:03:04 +0800] "POST /xingrg/kc/pszx/jzcl_ps_operate.html HTTP/1.1" 200 4
120.253.135.82 - - [05/Sep/2020:06:03:04 +0800] "GET /xingrg/javascript/step/images/navBtn.gif HTTP/1.1" 200 361
120.253.135.82 - - [05/Sep/2020:06:03:04 +0800] "GET /xingrg/javascript/step/images/navLastDoneBtn.gif HTTP/1.1" 200 552
120.253.135.82 - - [05/Sep/2020:06:03:04 +0800] "GET /xingrg/javascript/step/images/navDoneBtn.gif HTTP/1.1" 200 394
120.253.135.82 - - [05/Sep/2020:06:03:04 +0800] "GET /xingrg/kc/pszx/mdps_order_list.html HTTP/1.1" 200 21059
120.253.135.82 - - [05/Sep/2020:06:03:05 +0800] "POST /xingrg/kc/pszx/mdps_list_operate.html HTTP/1.1" 200 5210
120.253.135.82 - - [05/Sep/2020:06:03:14 +0800] "GET /xingrg/kc/pszx/mdqp_order_list.html?state=10 HTTP/1.1" 200 14148
120.253.135.82 - - [05/Sep/2020:06:03:14 +0800] "GET /xingrg/dwr/interface/AjaxQqpsService.js HTTP/1.1" 200 16326
120.253.135.82 - - [05/Sep/2020:06:03:14 +0800] "GET /xingrg/dwr/interface/AjaxReportQueryService.js HTTP/1.1" 200 13203
120.253.135.82 - - [05/Sep/2020:06:03:14 +0800] "GET /xingrg/dwr/engine.js HTTP/1.1" 200 43631
120.253.135.82 - - [05/Sep/2020:06:03:21 +0800] "GET /xingrg/kc/pszx/mdqp_order_info.html?code=302020090400065 HTTP/1.1" 200 13338
120.253.135.82 - - [05/Sep/2020:06:03:21 +0800] "GET /xingrg/dwr/interface/AjaxQqpsService.js HTTP/1.1" 200 16326
120.253.135.82 - - [05/Sep/2020:06:03:21 +0800] "GET /xingrg/dwr/interface/AjaxComOrderService.js HTTP/1.1" 200 18264
120.253.135.82 - - [05/Sep/2020:06:03:21 +0800] "GET /xingrg/dwr/engine.js HTTP/1.1" 200 43631
120.253.135.82 - - [05/Sep/2020:06:03:21 +0800] "POST /xingrg/dwr/call/plaincall/AjaxQqpsService.loadMaterielItems.dwr HTTP/1.1" 200 755
117.131.5.26 - - [05/Sep/2020:06:03:22 +0800] "GET /xingrg/all/function/internal_message.html?_=1599257283553&CODE_STATE=getMsg HTTP/1.1" 200 27
120.253.135.82 - - [05/Sep/2020:06:03:24 +0800] "GET /xingrg/kc/pszx/mdqp_order_list.html?isBack=1 HTTP/1.1" 302 -
120.253.135.82 - - [05/Sep/2020:06:03:24 +0800] "GET /xingrg/kc/pszx/mdqp_order_list.html?state=10 HTTP/1.1" 200 14148
120.253.135.82 - - [05/Sep/2020:06:03:24 +0800] "GET /xingrg/dwr/interface/AjaxQqpsService.js HTTP/1.1" 200 16326
120.253.135.82 - - [05/Sep/2020:06:03:24 +0800] "GET /xingrg/dwr/interface/AjaxReportQueryService.js HTTP/1.1" 200 13203
120.253.135.82 - - [05/Sep/2020:06:03:24 +0800] "GET /xingrg/dwr/engine.js HTTP/1.1" 200 43631
120.253.135.82 - - [05/Sep/2020:06:03:26 +0800] "GET /xingrg/kc/pszx/mdqp_order_info.html?code=302020090400066 HTTP/1.1" 200 13338
120.253.135.82 - - [05/Sep/2020:06:03:26 +0800] "GET /xingrg/dwr/interface/AjaxQqpsService.js HTTP/1.1" 200 16326
120.253.135.82 - - [05/Sep/2020:06:03:26 +0800] "GET /xingrg/dwr/interface/AjaxComOrderService.js HTTP/1.1" 200 18264
120.253.135.82 - - [05/Sep/2020:06:03:26 +0800] "GET /xingrg/dwr/engine.js HTTP/1.1" 200 43631
120.253.135.82 - - [05/Sep/2020:06:03:26 +0800] "POST /xingrg/dwr/call/plaincall/AjaxQqpsService.loadMaterielItems.dwr HTTP/1.1" 200 7849
120.253.135.82 - - [05/Sep/2020:06:03:28 +0800] "GET /xingrg/images/yd/bt.gif HTTP/1.1" 404 1040
120.253.135.82 - - [05/Sep/2020:06:03:28 +0800] "GET /xingrg/images/yd/bt2.gif HTTP/1.1" 404 1042
120.253.135.82 - - [05/Sep/2020:06:03:36 +0800] "GET /xingrg/kc/pszx/mdqp_order_list.html?isBack=1 HTTP/1.1" 302 -
120.253.135.82 - - [05/Sep/2020:06:03:36 +0800] "GET /xingrg/kc/pszx/mdqp_order_list.html?state=10 HTTP/1.1" 200 14148
120.253.135.82 - - [05/Sep/2020:06:03:36 +0800] "GET /xingrg/dwr/interface/AjaxReportQueryService.js HTTP/1.1" 200 13203
120.253.135.82 - - [05/Sep/2020:06:03:36 +0800] "GET /xingrg/dwr/interface/AjaxQqpsService.js HTTP/1.1" 200 16326
120.253.135.82 - - [05/Sep/2020:06:03:36 +0800] "GET /xingrg/dwr/engine.js HTTP/1.1" 200 43631
218.81.217.115 - - [05/Sep/2020:06:03:37 +0800] "GET /xingrg/all/function/internal_message.html?_=1599257030752&CODE_STATE=getMsg HTTP/1.1" 200 27
117.184.7.30 - - [05/Sep/2020:06:03:38 +0800] "GET /xingrg/all/function/internal_message.html?_=1599257004622&CODE_STATE=getMsg HTTP/1.1" 200 27
172.17.0.240 - - [05/Sep/2020:06:03:40 +0800] "GET /xingrg/all/function/internal_message.html?_=1599257014875&CODE_STATE=getMsg HTTP/1.1" 302 -
120.253.135.82 - - [05/Sep/2020:06:03:41 +0800] "GET /xingrg/kc/pszx/mdqp_order_info.html?code=302020090400067 HTTP/1.1" 200 13338
120.253.135.82 - - [05/Sep/2020:06:03:41 +0800] "GET /xingrg/dwr/interface/AjaxComOrderService.js HTTP/1.1" 200 18264
120.253.135.82 - - [05/Sep/2020:06:03:41 +0800] "GET /xingrg/dwr/interface/AjaxQqpsService.js HTTP/1.1" 200 16326
120.253.135.82 - - [05/Sep/2020:06:03:41 +0800] "GET /xingrg/dwr/engine.js HTTP/1.1" 200 43631
116.238.71.173 - - [05/Sep/2020:06:03:41 +0800] "GET /xingrg/all/function/internal_message.html?_=1599257139407&CODE_STATE=getMsg HTTP/1.1" 200 27
120.253.135.82 - - [05/Sep/2020:06:03:41 +0800] "POST /xingrg/dwr/call/plaincall/AjaxQqpsService.loadMaterielItems.dwr HTTP/1.1" 200 381
120.253.135.82 - - [05/Sep/2020:06:03:43 +0800] "GET /xingrg/kc/pszx/mdqp_order_list.html?isBack=1 HTTP/1.1" 302 -
120.253.135.82 - - [05/Sep/2020:06:03:43 +0800] "GET /xingrg/kc/pszx/mdqp_order_list.html?state=10 HTTP/1.1" 200 14148
120.253.135.82 - - [05/Sep/2020:06:03:43 +0800] "GET /xingrg/dwr/interface/AjaxQqpsService.js HTTP/1.1" 200 16326
120.253.135.82 - - [05/Sep/2020:06:03:43 +0800] "GET /xingrg/dwr/interface/AjaxReportQueryService.js HTTP/1.1" 200 13203
120.253.135.82 - - [05/Sep/2020:06:03:43 +0800] "GET /xingrg/dwr/engine.js HTTP/1.1" 200 43631
120.253.135.82 - - [05/Sep/2020:06:03:49 +0800] "GET /xingrg/kc/pszx/jzcl_ps.html HTTP/1.1" 200 7683
120.253.135.82 - - [05/Sep/2020:06:03:49 +0800] "POST /xingrg/all/common/load_tree.html?tree=area_rest_tree_json HTTP/1.1" 200 3216
120.253.135.82 - - [05/Sep/2020:06:03:50 +0800] "POST /xingrg/kc/pszx/jzcl_ps_operate.html HTTP/1.1" 200 4238
120.253.135.82 - - [05/Sep/2020:06:03:50 +0800] "POST /xingrg/kc/pszx/jzcl_ps_operate.html HTTP/1.1" 200 4238
218.81.217.115 - - [05/Sep/2020:06:03:52 +0800] "GET /xingrg/check_reg.html?_=1599257045783 HTTP/1.1" 200 22
120.253.135.82 - - [05/Sep/2020:06:03:58 +0800] "POST /xingrg/kc/pszx/jzcl_ps_operate.html HTTP/1.1" 200 4
120.253.135.82 - - [05/Sep/2020:06:03:59 +0800] "GET /xingrg/kc/pszx/mdps_order_list.html HTTP/1.1" 200 21059
120.253.135.82 - - [05/Sep/2020:06:04:00 +0800] "POST /xingrg/kc/pszx/mdps_list_operate.html HTTP/1.1" 200 5182
172.17.0.123 - - [05/Sep/2020:06:04:00 +0800] "GET /xingrg/all/function/internal_message.html?_=1599257048392&CODE_STATE=getMsg HTTP/1.1" 200 27
218.81.217.115 - - [05/Sep/2020:06:04:01 +0800] "GET /xingrg/all/function/internal_message.html?_=1599257049005&CODE_STATE=getMsg HTTP/1.1" 200 27
120.253.135.82 - - [05/Sep/2020:06:04:02 +0800] "GET /xingrg/kc/pszx/jzcl_ps.html HTTP/1.1" 200 7683
120.253.135.82 - - [05/Sep/2020:06:04:02 +0800] "POST /xingrg/all/common/load_tree.html?tree=area_rest_tree_json HTTP/1.1" 200 3216
120.253.135.82 - - [05/Sep/2020:06:04:02 +0800] "POST /xingrg/kc/pszx/jzcl_ps_operate.html HTTP/1.1" 200 2986
120.253.135.82 - - [05/Sep/2020:06:04:02 +0800] "POST /xingrg/kc/pszx/jzcl_ps_operate.html HTTP/1.1" 200 2986
120.253.135.82 - - [05/Sep/2020:06:04:13 +0800] "POST /xingrg/kc/pszx/jzcl_ps_operate.html HTTP/1.1" 200 4
120.253.135.82 - - [05/Sep/2020:06:04:14 +0800] "GET /xingrg/kc/pszx/mdps_order_list.html HTTP/1.1" 200 21059
120.253.135.82 - - [05/Sep/2020:06:04:14 +0800] "POST /xingrg/kc/pszx/mdps_list_operate.html HTTP/1.1" 200 5224
120.253.135.82 - - [05/Sep/2020:06:04:16 +0800] "GET /xingrg/kc/pszx/jzcl_ps.html HTTP/1.1" 200 7683
120.253.135.82 - - [05/Sep/2020:06:04:16 +0800] "POST /xingrg/all/common/load_tree.html?tree=area_rest_tree_json HTTP/1.1" 200 3216
120.253.135.82 - - [05/Sep/2020:06:04:17 +0800] "POST /xingrg/kc/pszx/jzcl_ps_operate.html HTTP/1.1" 200 1324
120.253.135.82 - - [05/Sep/2020:06:04:17 +0800] "POST /xingrg/kc/pszx/jzcl_ps_operate.html HTTP/1.1" 200 1324
117.131.5.26 - - [05/Sep/2020:06:04:22 +0800] "GET /xingrg/all/function/internal_message.html?_=1599257343561&CODE_STATE=getMsg HTTP/1.1" 200 27
120.253.135.82 - - [05/Sep/2020:06:04:23 +0800] "POST /xingrg/kc/pszx/jzcl_ps_operate.html HTTP/1.1" 200 4
120.253.135.82 - - [05/Sep/2020:06:04:24 +0800] "GET /xingrg/kc/pszx/mdps_order_list.html HTTP/1.1" 200 21059
120.253.135.82 - - [05/Sep/2020:06:04:24 +0800] "POST /xingrg/kc/pszx/jzcl_ps_operate.html HTTP/1.1" 200 424
120.253.135.82 - - [05/Sep/2020:06:04:24 +0800] "POST /xingrg/kc/pszx/mdps_list_operate.html HTTP/1.1" 200 5225
120.253.135.82 - - [05/Sep/2020:06:04:28 +0800] "GET /xingrg/kc/pszx/jzcl_ps.html HTTP/1.1" 200 7683
120.253.135.82 - - [05/Sep/2020:06:04:28 +0800] "POST /xingrg/all/common/load_tree.html?tree=area_rest_tree_json HTTP/1.1" 200 3216
120.253.135.82 - - [05/Sep/2020:06:04:29 +0800] "POST /xingrg/kc/pszx/jzcl_ps_operate.html HTTP/1.1" 200 424
120.253.135.82 - - [05/Sep/2020:06:04:29 +0800] "POST /xingrg/kc/pszx/jzcl_ps_operate.html HTTP/1.1" 200 424
120.253.135.82 - - [05/Sep/2020:06:04:31 +0800] "GET /xingrg/kc/pszx/mdps_order_list.html?orderType=0 HTTP/1.1" 200 21059
120.253.135.82 - - [05/Sep/2020:06:04:31 +0800] "POST /xingrg/kc/pszx/mdps_list_operate.html HTTP/1.1" 200 5225
120.253.135.82 - - [05/Sep/2020:06:04:34 +0800] "GET /xingrg/kc/pszx/mdqp_order_list.html?state=10 HTTP/1.1" 200 10565
120.253.135.82 - - [05/Sep/2020:06:04:34 +0800] "GET /xingrg/dwr/interface/AjaxQqpsService.js HTTP/1.1" 200 16326
120.253.135.82 - - [05/Sep/2020:06:04:34 +0800] "GET /xingrg/dwr/interface/AjaxReportQueryService.js HTTP/1.1" 200 13203
120.253.135.82 - - [05/Sep/2020:06:04:34 +0800] "GET /xingrg/dwr/engine.js HTTP/1.1" 200 43631
218.81.217.115 - - [05/Sep/2020:06:04:37 +0800] "GET /xingrg/all/function/internal_message.html?_=1599257090768&CODE_STATE=getMsg HTTP/1.1" 200 27
117.184.7.30 - - [05/Sep/2020:06:04:38 +0800] "GET /xingrg/all/function/internal_message.html?_=1599257064593&CODE_STATE=getMsg HTTP/1.1" 200 27
120.253.135.82 - - [05/Sep/2020:06:04:39 +0800] "GET /xingrg/kc/pszx/mdps_order_list.html?orderType=0 HTTP/1.1" 200 21059
120.253.135.82 - - [05/Sep/2020:06:04:39 +0800] "POST /xingrg/kc/pszx/mdps_list_operate.html HTTP/1.1" 200 5225
172.17.0.240 - - [05/Sep/2020:06:04:40 +0800] "GET /xingrg/all/function/internal_message.html?_=1599257074877&CODE_STATE=getMsg HTTP/1.1" 302 -
116.238.71.173 - - [05/Sep/2020:06:04:41 +0800] "GET /xingrg/all/function/internal_message.html?_=1599257199420&CODE_STATE=getMsg HTTP/1.1" 200 27
120.253.135.82 - - [05/Sep/2020:06:04:41 +0800] "GET /xingrg/javascript/auto/indicator.gif HTTP/1.1" 404 1066
120.253.135.82 - - [05/Sep/2020:06:04:45 +0800] "POST /xingrg/kc/pszx/mdps_list_operate.html HTTP/1.1" 200 1684
120.253.135.82 - - [05/Sep/2020:06:04:47 +0800] "POST /xingrg/kc/pszx/mdps_list_operate.html HTTP/1.1" 200 298
120.253.135.82 - - [05/Sep/2020:06:04:47 +0800] "GET /xingrg/kc/pszx/mdps_order_info.html?code=312020090400113 HTTP/1.1" 200 23845
120.253.135.82 - - [05/Sep/2020:06:04:47 +0800] "GET /xingrg/javascript/convert.js HTTP/1.1" 200 1239
120.253.135.82 - - [05/Sep/2020:06:04:47 +0800] "GET /xingrg/javascript/jquery_tools/order_manager.js HTTP/1.1" 200 11183
120.253.135.82 - - [05/Sep/2020:06:04:47 +0800] "GET /xingrg/javascript/json2.js HTTP/1.1" 200 11259
120.253.135.82 - - [05/Sep/2020:06:04:48 +0800] "GET /xingrg/words/20200904134957_words.js HTTP/1.1" 200 760474
120.253.135.82 - - [05/Sep/2020:06:04:48 +0800] "GET /xingrg/javascript/easyui/themes/icons/copy_new.png HTTP/1.1" 200 815
120.253.135.82 - - [05/Sep/2020:06:04:48 +0800] "GET /xingrg/javascript/easyui/themes/icons/print.png HTTP/1.1" 200 1057
120.253.135.82 - - [05/Sep/2020:06:04:48 +0800] "GET /xingrg/javascript/easyui/themes/icons/ok.png HTTP/1.1" 200 883
120.253.135.82 - - [05/Sep/2020:06:04:48 +0800] "GET /xingrg/javascript/easyui/themes/icons/cancel.png HTTP/1.1" 200 1133
120.253.135.82 - - [05/Sep/2020:06:04:48 +0800] "GET /xingrg/javascript/easyui/themes/default/images/menu_downarrow.png HTTP/1.1" 200 173
120.253.135.82 - - [05/Sep/2020:06:04:48 +0800] "GET /xingrg/all/common/auto_word.html?type=base&rest_code=00101 HTTP/1.1" 200 513
120.253.135.82 - - [05/Sep/2020:06:04:48 +0800] "GET /xingrg/javascript/easyui/themes/default/validatebox.css HTTP/1.1" 404 1104
120.253.135.82 - - [05/Sep/2020:06:04:48 +0800] "GET /xingrg/javascript/easyui/plugins/jquery.validatebox.js HTTP/1.1" 200 6103
120.253.135.82 - - [05/Sep/2020:06:04:48 +0800] "GET /xingrg/javascript/easyui/plugins/jquery.numberbox.js HTTP/1.1" 200 5213
120.253.135.82 - - [05/Sep/2020:06:04:48 +0800] "POST /xingrg/kc/pszx/mdps_order_operate.html HTTP/1.1" 200 2799
120.253.135.82 - - [05/Sep/2020:06:04:48 +0800] "GET /xingrg/javascript/easyui/themes/icons/edit_remove.png HTTP/1.1" 200 625
120.253.135.82 - - [05/Sep/2020:06:04:57 +0800] "GET /xingrg/javascript/easyui/themes/default/images/button_plain_hover.png HTTP/1.1" 200 144
120.253.135.82 - - [05/Sep/2020:06:04:59 +0800] "POST /xingrg/kc/pszx/mdps_order_operate.html HTTP/1.1" 200 37
120.253.135.82 - - [05/Sep/2020:06:05:00 +0800] "GET /xingrg/kc/pszx/mdps_order_info.html?code=312020090400113 HTTP/1.1" 200 23845
120.253.135.82 - - [05/Sep/2020:06:05:00 +0800] "GET /xingrg/javascript/easyui/themes/default/validatebox.css HTTP/1.1" 404 1104
120.253.135.82 - - [05/Sep/2020:06:05:00 +0800] "POST /xingrg/kc/pszx/mdps_order_operate.html HTTP/1.1" 200 2799
172.17.0.123 - - [05/Sep/2020:06:05:00 +0800] "GET /xingrg/all/function/internal_message.html?_=1599257108396&CODE_STATE=getMsg HTTP/1.1" 200 27
218.81.217.115 - - [05/Sep/2020:06:05:01 +0800] "GET /xingrg/all/function/internal_message.html?_=1599257109027&CODE_STATE=getMsg HTTP/1.1" 200 27
117.131.5.26 - - [05/Sep/2020:06:05:19 +0800] "GET /xingrg/check_reg.html?_=1599257400676 HTTP/1.1" 200 22
117.131.5.26 - - [05/Sep/2020:06:05:22 +0800] "GET /xingrg/all/function/internal_message.html?_=1599257403577&CODE_STATE=getMsg HTTP/1.1" 200 27
218.81.217.115 - - [05/Sep/2020:06:05:37 +0800] "GET /xingrg/all/function/internal_message.html?_=1599257150781&CODE_STATE=getMsg HTTP/1.1" 200 27
117.184.7.30 - - [05/Sep/2020:06:05:38 +0800] "GET /xingrg/all/function/internal_message.html?_=1599257124578&CODE_STATE=getMsg HTTP/1.1" 200 27
172.17.0.240 - - [05/Sep/2020:06:05:40 +0800] "GET /xingrg/all/function/internal_message.html?_=1599257134866&CODE_STATE=getMsg HTTP/1.1" 302 -
116.238.71.173 - - [05/Sep/2020:06:05:41 +0800] "GET /xingrg/all/function/internal_message.html?_=1599257259556&CODE_STATE=getMsg HTTP/1.1" 200 27
172.17.0.123 - - [05/Sep/2020:06:06:00 +0800] "GET /xingrg/all/function/internal_message.html?_=1599257168384&CODE_STATE=getMsg HTTP/1.1" 200 27
218.81.217.115 - - [05/Sep/2020:06:06:01 +0800] "GET /xingrg/all/function/internal_message.html?_=1599257169032&CODE_STATE=getMsg HTTP/1.1" 200 27
172.17.0.123 - - [05/Sep/2020:06:06:03 +0800] "GET /xingrg/check_reg.html?_=1599257170794 HTTP/1.1" 200 22
120.253.135.82 - - [05/Sep/2020:06:06:04 +0800] "GET /xingrg/kc/pszx/mdps_order_info.html?code=312020090400113 HTTP/1.1" 200 23845
120.253.135.82 - - [05/Sep/2020:06:06:04 +0800] "POST /xingrg/kc/pszx/mdps_order_operate.html HTTP/1.1" 200 2799
120.253.135.82 - - [05/Sep/2020:06:06:04 +0800] "GET /xingrg/javascript/easyui/themes/default/validatebox.css HTTP/1.1" 404 1104
120.253.135.82 - - [05/Sep/2020:06:06:09 +0800] "POST /xingrg/kc/pszx/mdps_list_operate.html HTTP/1.1" 200 1684
120.253.135.82 - - [05/Sep/2020:06:06:19 +0800] "POST /xingrg/kc/pszx/mdps_list_operate.html HTTP/1.1" 200 2435
120.253.135.82 - - [05/Sep/2020:06:06:20 +0800] "POST /xingrg/kc/pszx/mdps_list_operate.html HTTP/1.1" 200 625
120.253.135.82 - - [05/Sep/2020:06:06:21 +0800] "GET /xingrg/kc/pszx/mdps_order_info.html?code=312020090400112 HTTP/1.1" 200 23847
120.253.135.82 - - [05/Sep/2020:06:06:21 +0800] "GET /xingrg/javascript/easyui/themes/default/validatebox.css HTTP/1.1" 404 1104
120.253.135.82 - - [05/Sep/2020:06:06:21 +0800] "POST /xingrg/kc/pszx/mdps_order_operate.html HTTP/1.1" 200 26423
117.131.5.26 - - [05/Sep/2020:06:06:22 +0800] "GET /xingrg/all/function/internal_message.html?_=1599257463587&CODE_STATE=getMsg HTTP/1.1" 200 27
218.81.217.115 - - [05/Sep/2020:06:06:37 +0800] "GET /xingrg/all/function/internal_message.html?_=1599257210890&CODE_STATE=getMsg HTTP/1.1" 200 27
117.184.7.26 - - [05/Sep/2020:06:06:38 +0800] "GET /xingrg/all/function/internal_message.html?_=1599257184548&CODE_STATE=getMsg HTTP/1.1" 200 27
172.17.0.240 - - [05/Sep/2020:06:06:40 +0800] "GET /xingrg/all/function/internal_message.html?_=1599257194869&CODE_STATE=getMsg HTTP/1.1" 302 -
172.17.0.240 - - [05/Sep/2020:06:06:40 +0800] "GET /xingrg/check_reg.html?_=1599257194871 HTTP/1.1" 302 -
116.238.71.173 - - [05/Sep/2020:06:06:41 +0800] "GET /xingrg/all/function/internal_message.html?_=1599257319556&CODE_STATE=getMsg HTTP/1.1" 200 27
114.88.166.242 - - [05/Sep/2020:06:06:51 +0800] "GET /xingrg/check_reg.html?_=1599257205738 HTTP/1.1" 200 22
172.17.0.123 - - [05/Sep/2020:06:07:00 +0800] "GET /xingrg/all/function/internal_message.html?_=1599257228388&CODE_STATE=getMsg HTTP/1.1" 200 27
218.81.217.115 - - [05/Sep/2020:06:07:01 +0800] "GET /xingrg/all/function/internal_message.html?_=1599257229054&CODE_STATE=getMsg HTTP/1.1" 200 27
172.17.0.240 - - [05/Sep/2020:06:07:12 +0800] "GET /xingrg/check_reg.html?_=1599257226971 HTTP/1.1" 302 -
117.131.5.26 - - [05/Sep/2020:06:07:22 +0800] "GET /xingrg/all/function/internal_message.html?_=1599257523601&CODE_STATE=getMsg HTTP/1.1" 200 27
218.81.217.115 - - [05/Sep/2020:06:07:37 +0800] "GET /xingrg/all/function/internal_message.html?_=1599257270901&CODE_STATE=getMsg HTTP/1.1" 200 27
117.184.7.26 - - [05/Sep/2020:06:07:38 +0800] "GET /xingrg/all/function/internal_message.html?_=1599257244533&CODE_STATE=getMsg HTTP/1.1" 200 27
172.17.0.240 - - [05/Sep/2020:06:07:40 +0800] "GET /xingrg/all/function/internal_message.html?_=1599257254874&CODE_STATE=getMsg HTTP/1.1" 302 -
116.238.71.173 - - [05/Sep/2020:06:07:41 +0800] "GET /xingrg/all/function/internal_message.html?_=1599257379707&CODE_STATE=getMsg HTTP/1.1" 200 27
117.184.7.26 - - [05/Sep/2020:06:07:47 +0800] "GET /xingrg/check_reg.html?_=1599257253526 HTTP/1.1" 200 22
218.81.217.115 - - [05/Sep/2020:06:07:54 +0800] "GET /xingrg/check_reg.html?_=1599257282070 HTTP/1.1" 200 22
172.17.0.123 - - [05/Sep/2020:06:08:00 +0800] "GET /xingrg/all/function/internal_message.html?_=1599257288390&CODE_STATE=getMsg HTTP/1.1" 200 27
218.81.217.115 - - [05/Sep/2020:06:08:01 +0800] "GET /xingrg/all/function/internal_message.html?_=1599257289059&CODE_STATE=getMsg HTTP/1.1" 200 27
116.238.71.173 - - [05/Sep/2020:06:08:01 +0800] "GET /xingrg/check_reg.html?_=1599257399601 HTTP/1.1" 200 22
120.253.135.82 - - [05/Sep/2020:06:08:04 +0800] "GET /xingrg/check_reg.html?_=1599257031050 HTTP/1.1" 200 22
218.81.217.115 - - [05/Sep/2020:06:08:13 +0800] "POST /xingrg/services/DataTransmitService HTTP/1.1" 200 524
218.81.217.115 - - [05/Sep/2020:06:08:13 +0800] "POST /xingrg/services/DataTransmitService HTTP/1.1" 200 501
117.131.5.26 - - [05/Sep/2020:06:08:22 +0800] "GET /xingrg/all/function/internal_message.html?_=1599257583883&CODE_STATE=getMsg HTTP/1.1" 200 27
218.81.217.115 - - [05/Sep/2020:06:08:37 +0800] "GET /xingrg/all/function/internal_message.html?_=1599257330995&CODE_STATE=getMsg HTTP/1.1" 200 27
117.184.7.26 - - [05/Sep/2020:06:08:38 +0800] "GET /xingrg/all/function/internal_message.html?_=1599257304509&CODE_STATE=getMsg HTTP/1.1" 200 27
172.17.0.240 - - [05/Sep/2020:06:08:40 +0800] "GET /xingrg/all/function/internal_message.html?_=1599257314876&CODE_STATE=getMsg HTTP/1.1" 302 -
116.238.71.173 - - [05/Sep/2020:06:08:41 +0800] "GET /xingrg/all/function/internal_message.html?_=1599257439708&CODE_STATE=getMsg HTTP/1.1" 200 27
218.81.217.115 - - [05/Sep/2020:06:08:52 +0800] "GET /xingrg/check_reg.html?_=1599257345783 HTTP/1.1" 200 22
172.17.0.123 - - [05/Sep/2020:06:09:00 +0800] "GET /xingrg/all/function/internal_message.html?_=1599257348392&CODE_STATE=getMsg HTTP/1.1" 200 27
218.81.217.115 - - [05/Sep/2020:06:09:01 +0800] "GET /xingrg/all/function/internal_message.html?_=1599257349073&CODE_STATE=getMsg HTTP/1.1" 200 27
117.131.5.26 - - [05/Sep/2020:06:09:22 +0800] "GET /xingrg/all/function/internal_message.html?_=1599257643894&CODE_STATE=getMsg HTTP/1.1" 200 27
218.81.217.115 - - [05/Sep/2020:06:09:37 +0800] "GET /xingrg/all/function/internal_message.html?_=1599257391006&CODE_STATE=getMsg HTTP/1.1" 200 27
117.184.7.26 - - [05/Sep/2020:06:09:38 +0800] "GET /xingrg/all/function/internal_message.html?_=1599257364494&CODE_STATE=getMsg HTTP/1.1" 200 27
172.17.0.240 - - [05/Sep/2020:06:09:40 +0800] "GET /xingrg/all/function/internal_message.html?_=1599257374879&CODE_STATE=getMsg HTTP/1.1" 302 -
116.238.71.173 - - [05/Sep/2020:06:09:41 +0800] "GET /xingrg/all/function/internal_message.html?_=1599257499721&CODE_STATE=getMsg HTTP/1.1" 200 27
172.17.0.123 - - [05/Sep/2020:06:10:00 +0800] "GET /xingrg/all/function/internal_message.html?_=1599257408396&CODE_STATE=getMsg HTTP/1.1" 200 27
218.81.217.115 - - [05/Sep/2020:06:10:01 +0800] "GET /xingrg/all/function/internal_message.html?_=1599257409093&CODE_STATE=getMsg HTTP/1.1" 200 27
120.253.135.82 - - [05/Sep/2020:06:10:04 +0800] "POST /xingrg/kc/pszx/mdps_order_operate.html HTTP/1.1" 200 37
120.253.135.82 - - [05/Sep/2020:06:10:05 +0800] "GET /xingrg/kc/pszx/mdps_order_info.html?code=312020090400112 HTTP/1.1" 200 23847
120.253.135.82 - - [05/Sep/2020:06:10:06 +0800] "POST /xingrg/kc/pszx/mdps_order_operate.html HTTP/1.1" 200 26424
120.253.135.82 - - [05/Sep/2020:06:10:06 +0800] "GET /xingrg/javascript/easyui/themes/default/validatebox.css HTTP/1.1" 404 1104
117.131.5.26 - - [05/Sep/2020:06:10:19 +0800] "GET /xingrg/check_reg.html?_=1599257700953 HTTP/1.1" 200 22
117.131.5.26 - - [05/Sep/2020:06:10:22 +0800] "GET /xingrg/all/function/internal_message.html?_=1599257703906&CODE_STATE=getMsg HTTP/1.1" 200 27
218.81.217.115 - - [05/Sep/2020:06:10:37 +0800] "GET /xingrg/all/function/internal_message.html?_=1599257451020&CODE_STATE=getMsg HTTP/1.1" 200 27
117.184.7.26 - - [05/Sep/2020:06:10:38 +0800] "GET /xingrg/all/function/internal_message.html?_=1599257424467&CODE_STATE=getMsg HTTP/1.1" 200 27
172.17.0.240 - - [05/Sep/2020:06:10:40 +0800] "GET /xingrg/all/function/internal_message.html?_=1599257434868&CODE_STATE=getMsg HTTP/1.1" 302 -
116.238.71.173 - - [05/Sep/2020:06:10:41 +0800] "GET /xingrg/all/function/internal_message.html?_=1599257559826&CODE_STATE=getMsg HTTP/1.1" 200 27
172.17.0.123 - - [05/Sep/2020:06:11:00 +0800] "GET /xingrg/all/function/internal_message.html?_=1599257468382&CODE_STATE=getMsg HTTP/1.1" 200 27
218.81.217.115 - - [05/Sep/2020:06:11:01 +0800] "GET /xingrg/all/function/internal_message.html?_=1599257469100&CODE_STATE=getMsg HTTP/1.1" 200 27
172.17.0.123 - - [05/Sep/2020:06:11:03 +0800] "GET /xingrg/check_reg.html?_=1599257470774 HTTP/1.1" 200 22
117.131.5.26 - - [05/Sep/2020:06:11:22 +0800] "GET /xingrg/all/function/internal_message.html?_=1599257763920&CODE_STATE=getMsg HTTP/1.1" 200 27
218.81.217.115 - - [05/Sep/2020:06:11:37 +0800] "GET /xingrg/all/function/internal_message.html?_=1599257511113&CODE_STATE=getMsg HTTP/1.1" 200 27
117.184.7.26 - - [05/Sep/2020:06:11:38 +0800] "GET /xingrg/all/function/internal_message.html?_=1599257484452&CODE_STATE=getMsg HTTP/1.1" 200 27
172.17.0.240 - - [05/Sep/2020:06:11:40 +0800] "GET /xingrg/check_reg.html?_=1599257494875 HTTP/1.1" 302 -
172.17.0.240 - - [05/Sep/2020:06:11:40 +0800] "GET /xingrg/all/function/internal_message.html?_=1599257494873&CODE_STATE=getMsg HTTP/1.1" 302 -
116.238.71.173 - - [05/Sep/2020:06:11:41 +0800] "GET /xingrg/all/function/internal_message.html?_=1599257619828&CODE_STATE=getMsg HTTP/1.1" 200 27
222.69.135.99 - - [05/Sep/2020:06:11:44 +0800] "GET /xingrg/all/function/internal_message.html?_=1599257523453&CODE_STATE=getMsg HTTP/1.1" 200 27
114.88.166.242 - - [05/Sep/2020:06:11:51 +0800] "GET /xingrg/check_reg.html?_=1599257505743 HTTP/1.1" 200 22
172.17.0.123 - - [05/Sep/2020:06:12:00 +0800] "GET /xingrg/all/function/internal_message.html?_=1599257528384&CODE_STATE=getMsg HTTP/1.1" 200 27
218.81.217.115 - - [05/Sep/2020:06:12:01 +0800] "GET /xingrg/all/function/internal_message.html?_=1599257529121&CODE_STATE=getMsg HTTP/1.1" 200 27
172.17.0.240 - - [05/Sep/2020:06:12:12 +0800] "GET /xingrg/check_reg.html?_=1599257526957 HTTP/1.1" 302 -
117.131.5.26 - - [05/Sep/2020:06:12:22 +0800] "GET /xingrg/all/function/internal_message.html?_=1599257823933&CODE_STATE=getMsg HTTP/1.1" 200 27
218.81.217.115 - - [05/Sep/2020:06:12:37 +0800] "GET /xingrg/all/function/internal_message.html?_=1599257571125&CODE_STATE=getMsg HTTP/1.1" 200 27
117.184.7.26 - - [05/Sep/2020:06:12:38 +0800] "GET /xingrg/all/function/internal_message.html?_=1599257544441&CODE_STATE=getMsg HTTP/1.1" 200 27
172.17.0.240 - - [05/Sep/2020:06:12:40 +0800] "GET /xingrg/all/function/internal_message.html?_=1599257554876&CODE_STATE=getMsg HTTP/1.1" 302 -
116.238.71.173 - - [05/Sep/2020:06:12:42 +0800] "GET /xingrg/all/function/internal_message.html?_=1599257679976&CODE_STATE=getMsg HTTP/1.1" 200 27
58.37.9.106 - - [05/Sep/2020:06:12:44 +0800] "POST /xingrg/services/DataTransmitService HTTP/1.1" 200 524
222.69.135.99 - - [05/Sep/2020:06:12:44 +0800] "GET /xingrg/all/function/internal_message.html?_=1599257583458&CODE_STATE=getMsg HTTP/1.1" 200 27
58.37.9.106 - - [05/Sep/2020:06:12:45 +0800] "POST /xingrg/services/DataTransmitService HTTP/1.1" 200 501
117.184.7.26 - - [05/Sep/2020:06:12:47 +0800] "GET /xingrg/check_reg.html?_=1599257553506 HTTP/1.1" 200 22
218.81.217.115 - - [05/Sep/2020:06:12:54 +0800] "GET /xingrg/check_reg.html?_=1599257582080 HTTP/1.1" 200 22
172.17.0.123 - - [05/Sep/2020:06:13:00 +0800] "GET /xingrg/all/function/internal_message.html?_=1599257588386&CODE_STATE=getMsg HTTP/1.1" 200 27
218.81.217.115 - - [05/Sep/2020:06:13:01 +0800] "GET /xingrg/all/function/internal_message.html?_=1599257589127&CODE_STATE=getMsg HTTP/1.1" 200 27
116.238.71.173 - - [05/Sep/2020:06:13:01 +0800] "GET /xingrg/check_reg.html?_=1599257699607 HTTP/1.1" 200 22
120.253.135.82 - - [05/Sep/2020:06:13:04 +0800] "GET /xingrg/check_reg.html?_=1599257331054 HTTP/1.1" 200 22
117.131.5.26 - - [05/Sep/2020:06:13:23 +0800] "GET /xingrg/all/function/internal_message.html?_=1599257884216&CODE_STATE=getMsg HTTP/1.1" 200 27
218.81.217.115 - - [05/Sep/2020:06:13:37 +0800] "GET /xingrg/all/function/internal_message.html?_=1599257631236&CODE_STATE=getMsg HTTP/1.1" 200 27
117.184.7.26 - - [05/Sep/2020:06:13:38 +0800] "GET /xingrg/all/function/internal_message.html?_=1599257604428&CODE_STATE=getMsg HTTP/1.1" 200 27
172.17.0.240 - - [05/Sep/2020:06:13:40 +0800] "GET /xingrg/all/function/internal_message.html?_=1599257614879&CODE_STATE=getMsg HTTP/1.1" 302 -
116.238.71.173 - - [05/Sep/2020:06:13:41 +0800] "GET /xingrg/all/function/internal_message.html?_=1599257739979&CODE_STATE=getMsg HTTP/1.1" 200 27
222.69.135.99 - - [05/Sep/2020:06:13:44 +0800] "GET /xingrg/all/function/internal_message.html?_=1599257643452&CODE_STATE=getMsg HTTP/1.1" 200 27
180.157.253.48 - - [05/Sep/2020:06:13:51 +0800] "POST /xingrg/services/DataTransmitService HTTP/1.1" 200 524
180.157.253.48 - - [05/Sep/2020:06:13:52 +0800] "POST /xingrg/services/DataTransmitService HTTP/1.1" 200 501
218.81.217.115 - - [05/Sep/2020:06:13:52 +0800] "GET /xingrg/check_reg.html?_=1599257645787 HTTP/1.1" 200 22
180.157.253.48 - - [05/Sep/2020:06:13:52 +0800] "POST /xingrg/services/DataTransmitService HTTP/1.1" 200 501
180.157.253.48 - - [05/Sep/2020:06:13:53 +0800] "POST /xingrg/services/DataTransmitService HTTP/1.1" 200 501
180.157.253.48 - - [05/Sep/2020:06:13:55 +0800] "POST /xingrg/services/DataTransmitService HTTP/1.1" 200 501
180.157.253.48 - - [05/Sep/2020:06:13:55 +0800] "POST /xingrg/services/DataTransmitService HTTP/1.1" 200 501
180.157.253.48 - - [05/Sep/2020:06:13:55 +0800] "POST /xingrg/services/DataTransmitService HTTP/1.1" 200 501
180.157.253.48 - - [05/Sep/2020:06:13:55 +0800] "POST /xingrg/services/DataTransmitService HTTP/1.1" 200 501
180.157.253.48 - - [05/Sep/2020:06:13:55 +0800] "POST /xingrg/services/DataTransmitService HTTP/1.1" 200 501
180.157.253.48 - - [05/Sep/2020:06:13:56 +0800] "POST /xingrg/services/DataTransmitService HTTP/1.1" 200 501
180.157.253.48 - - [05/Sep/2020:06:13:56 +0800] "POST /xingrg/services/DataTransmitService HTTP/1.1" 200 412
172.17.0.123 - - [05/Sep/2020:06:14:00 +0800] "GET /xingrg/all/function/internal_message.html?_=1599257648388&CODE_STATE=getMsg HTTP/1.1" 200 27
218.81.217.115 - - [05/Sep/2020:06:14:01 +0800] "GET /xingrg/all/function/internal_message.html?_=1599257649141&CODE_STATE=getMsg HTTP/1.1" 200 27
120.253.135.82 - - [05/Sep/2020:06:14:17 +0800] "POST /xingrg/kc/pszx/mdps_order_operate.html HTTP/1.1" 200 37
117.185.32.26 - - [05/Sep/2020:06:14:17 +0800] "POST /xingrg/services/DataTransmitService HTTP/1.1" 200 524
117.185.32.26 - - [05/Sep/2020:06:14:21 +0800] "POST /xingrg/services/DataTransmitService HTTP/1.1" 200 501
120.253.135.82 - - [05/Sep/2020:06:14:22 +0800] "GET /xingrg/kc/pszx/mdps_order_info.html?code=312020090400112 HTTP/1.1" 200 23847
117.131.5.26 - - [05/Sep/2020:06:14:23 +0800] "GET /xingrg/all/function/internal_message.html?_=1599257944227&CODE_STATE=getMsg HTTP/1.1" 200 27
120.253.135.82 - - [05/Sep/2020:06:14:23 +0800] "POST /xingrg/kc/pszx/mdps_order_operate.html HTTP/1.1" 200 26424
120.253.135.82 - - [05/Sep/2020:06:14:23 +0800] "GET /xingrg/javascript/easyui/themes/default/validatebox.css HTTP/1.1" 404 1104
218.81.217.115 - - [05/Sep/2020:06:14:37 +0800] "GET /xingrg/all/function/internal_message.html?_=1599257691247&CODE_STATE=getMsg HTTP/1.1" 200 27
117.184.7.26 - - [05/Sep/2020:06:14:38 +0800] "GET /xingrg/all/function/internal_message.html?_=1599257664417&CODE_STATE=getMsg HTTP/1.1" 200 27
172.17.0.240 - - [05/Sep/2020:06:14:40 +0800] "GET /xingrg/all/function/internal_message.html?_=1599257674866&CODE_STATE=getMsg HTTP/1.1" 302 -
116.238.71.173 - - [05/Sep/2020:06:14:42 +0800] "GET /xingrg/all/function/internal_message.html?_=1599257799993&CODE_STATE=getMsg HTTP/1.1" 200 27
222.69.135.99 - - [05/Sep/2020:06:14:44 +0800] "GET /xingrg/check_reg.html?_=1599257703459 HTTP/1.1" 200 22
222.69.135.99 - - [05/Sep/2020:06:14:44 +0800] "GET /xingrg/all/function/internal_message.html?_=1599257703462&CODE_STATE=getMsg HTTP/1.1" 200 27
172.17.0.123 - - [05/Sep/2020:06:15:00 +0800] "GET /xingrg/all/function/internal_message.html?_=1599257708390&CODE_STATE=getMsg HTTP/1.1" 200 27
218.81.217.115 - - [05/Sep/2020:06:15:01 +0800] "GET /xingrg/all/function/internal_message.html?_=1599257709161&CODE_STATE=getMsg HTTP/1.1" 200 27
120.253.135.82 - - [05/Sep/2020:06:15:18 +0800] "POST /xingrg/kc/pszx/mdps_order_operate.html HTTP/1.1" 200 37
120.253.135.82 - - [05/Sep/2020:06:15:19 +0800] "GET /xingrg/kc/pszx/mdps_order_info.html?code=312020090400112 HTTP/1.1" 200 23847
120.253.135.82 - - [05/Sep/2020:06:15:19 +0800] "GET /xingrg/javascript/easyui/themes/default/validatebox.css HTTP/1.1" 404 1104
120.253.135.82 - - [05/Sep/2020:06:15:19 +0800] "POST /xingrg/kc/pszx/mdps_order_operate.html HTTP/1.1" 200 26424
117.131.5.26 - - [05/Sep/2020:06:15:20 +0800] "GET /xingrg/check_reg.html?_=1599258001194 HTTP/1.1" 200 22
120.253.135.82 - - [05/Sep/2020:06:15:21 +0800] "POST /xingrg/kc/pszx/mdps_list_operate.html HTTP/1.1" 200 2434
120.253.135.82 - - [05/Sep/2020:06:15:23 +0800] "POST /xingrg/kc/pszx/mdps_list_operate.html HTTP/1.1" 200 208
117.131.5.26 - - [05/Sep/2020:06:15:23 +0800] "GET /xingrg/all/function/internal_message.html?_=1599258004457&CODE_STATE=getMsg HTTP/1.1" 200 27
120.253.135.82 - - [05/Sep/2020:06:15:24 +0800] "GET /xingrg/kc/pszx/mdps_order_info.html?code=312020090500114 HTTP/1.1" 200 23849
120.253.135.82 - - [05/Sep/2020:06:15:24 +0800] "POST /xingrg/kc/pszx/mdps_order_operate.html HTTP/1.1" 200 2279
120.253.135.82 - - [05/Sep/2020:06:15:24 +0800] "GET /xingrg/javascript/easyui/themes/default/validatebox.css HTTP/1.1" 404 1104
120.253.135.82 - - [05/Sep/2020:06:15:27 +0800] "POST /xingrg/kc/pszx/mdps_order_operate.html HTTP/1.1" 200 37
120.253.135.82 - - [05/Sep/2020:06:15:28 +0800] "GET /xingrg/kc/pszx/mdps_order_info.html?code=312020090500114 HTTP/1.1" 200 23849
120.253.135.82 - - [05/Sep/2020:06:15:28 +0800] "POST /xingrg/kc/pszx/mdps_order_operate.html HTTP/1.1" 200 2287
120.253.135.82 - - [05/Sep/2020:06:15:28 +0800] "GET /xingrg/javascript/easyui/themes/default/validatebox.css HTTP/1.1" 404 1104
120.253.135.82 - - [05/Sep/2020:06:15:30 +0800] "POST /xingrg/kc/pszx/mdps_list_operate.html HTTP/1.1" 200 2434
120.253.135.82 - - [05/Sep/2020:06:15:31 +0800] "POST /xingrg/kc/pszx/mdps_list_operate.html HTTP/1.1" 200 617
120.253.135.82 - - [05/Sep/2020:06:15:32 +0800] "GET /xingrg/kc/pszx/mdps_order_info.html?code=312020090500115 HTTP/1.1" 200 23849
120.253.135.82 - - [05/Sep/2020:06:15:33 +0800] "POST /xingrg/kc/pszx/mdps_order_operate.html HTTP/1.1" 200 9198
120.253.135.82 - - [05/Sep/2020:06:15:33 +0800] "GET /xingrg/javascript/easyui/themes/default/validatebox.css HTTP/1.1" 404 1104
120.253.135.82 - - [05/Sep/2020:06:15:35 +0800] "GET /xingrg/css/images/panel_loading.gif HTTP/1.1" 200 1737
120.253.135.82 - - [05/Sep/2020:06:15:35 +0800] "POST /xingrg/all/common/load_combo.html?type=base HTTP/1.1" 200 899
218.81.217.115 - - [05/Sep/2020:06:15:37 +0800] "GET /xingrg/all/function/internal_message.html?_=1599257751260&CODE_STATE=getMsg HTTP/1.1" 200 27
117.184.7.26 - - [05/Sep/2020:06:15:38 +0800] "GET /xingrg/all/function/internal_message.html?_=1599257724402&CODE_STATE=getMsg HTTP/1.1" 200 27
120.253.135.82 - - [05/Sep/2020:06:15:38 +0800] "POST /xingrg/kc/pszx/mdps_order_operate.html HTTP/1.1" 200 37
120.253.135.82 - - [05/Sep/2020:06:15:39 +0800] "GET /xingrg/kc/pszx/mdps_order_info.html?code=312020090500115 HTTP/1.1" 200 23849
120.253.135.82 - - [05/Sep/2020:06:15:39 +0800] "POST /xingrg/kc/pszx/mdps_order_operate.html HTTP/1.1" 200 9324
120.253.135.82 - - [05/Sep/2020:06:15:39 +0800] "GET /xingrg/javascript/easyui/themes/default/validatebox.css HTTP/1.1" 404 1104
172.17.0.240 - - [05/Sep/2020:06:15:40 +0800] "GET /xingrg/all/function/internal_message.html?_=1599257734872&CODE_STATE=getMsg HTTP/1.1" 302 -
116.238.71.173 - - [05/Sep/2020:06:15:42 +0800] "GET /xingrg/all/function/internal_message.html?_=1599257860118&CODE_STATE=getMsg HTTP/1.1" 200 27
222.69.135.99 - - [05/Sep/2020:06:15:44 +0800] "GET /xingrg/all/function/internal_message.html?_=1599257763457&CODE_STATE=getMsg HTTP/1.1" 200 27
120.253.135.82 - - [05/Sep/2020:06:15:58 +0800] "POST /xingrg/all/common/load_select.html HTTP/1.1" 200 25
120.253.135.82 - - [05/Sep/2020:06:16:00 +0800] "GET /xingrg/kc/pszx/mdps_order_operate.html?command=get_materiel_price&pszx_code=00101&rest_code=00150&base_code=0010250&code=00102002685&unit_code=00100348&order_time=2020-09-06 HTTP/1.1" 200 35
172.17.0.123 - - [05/Sep/2020:06:16:00 +0800] "GET /xingrg/all/function/internal_message.html?_=1599257768392&CODE_STATE=getMsg HTTP/1.1" 200 27
218.81.217.115 - - [05/Sep/2020:06:16:01 +0800] "GET /xingrg/all/function/internal_message.html?_=1599257769168&CODE_STATE=getMsg HTTP/1.1" 200 27
172.17.0.123 - - [05/Sep/2020:06:16:03 +0800] "GET /xingrg/check_reg.html?_=1599257770752 HTTP/1.1" 200 22
117.131.5.26 - - [05/Sep/2020:06:16:23 +0800] "GET /xingrg/all/function/internal_message.html?_=1599258064472&CODE_STATE=getMsg HTTP/1.1" 200 27
120.253.135.82 - - [05/Sep/2020:06:16:28 +0800] "POST /xingrg/kc/pszx/mdps_order_operate.html HTTP/1.1" 200 37
120.253.135.82 - - [05/Sep/2020:06:16:29 +0800] "GET /xingrg/kc/pszx/mdps_order_info.html?code=312020090500115 HTTP/1.1" 200 23849
120.253.135.82 - - [05/Sep/2020:06:16:30 +0800] "POST /xingrg/kc/pszx/mdps_order_operate.html HTTP/1.1" 200 9324
120.253.135.82 - - [05/Sep/2020:06:16:30 +0800] "GET /xingrg/javascript/easyui/themes/default/validatebox.css HTTP/1.1" 404 1104
218.81.217.115 - - [05/Sep/2020:06:16:37 +0800] "GET /xingrg/all/function/internal_message.html?_=1599257811370&CODE_STATE=getMsg HTTP/1.1" 200 27
117.184.7.26 - - [05/Sep/2020:06:16:38 +0800] "GET /xingrg/all/function/internal_message.html?_=1599257784389&CODE_STATE=getMsg HTTP/1.1" 200 27
172.17.0.240 - - [05/Sep/2020:06:16:40 +0800] "GET /xingrg/all/function/internal_message.html?_=1599257794875&CODE_STATE=getMsg HTTP/1.1" 302 -
172.17.0.240 - - [05/Sep/2020:06:16:40 +0800] "GET /xingrg/check_reg.html?_=1599257794877 HTTP/1.1" 302 -
116.238.71.173 - - [05/Sep/2020:06:16:42 +0800] "GET /xingrg/all/function/internal_message.html?_=1599257920128&CODE_STATE=getMsg HTTP/1.1" 200 27
222.69.135.99 - - [05/Sep/2020:06:16:44 +0800] "GET /xingrg/all/function/internal_message.html?_=1599257823446&CODE_STATE=getMsg HTTP/1.1" 200 27
114.88.166.242 - - [05/Sep/2020:06:16:51 +0800] "GET /xingrg/check_reg.html?_=1599257805749 HTTP/1.1" 200 22
172.17.0.123 - - [05/Sep/2020:06:17:00 +0800] "GET /xingrg/all/function/internal_message.html?_=1599257828396&CODE_STATE=getMsg HTTP/1.1" 200 27
218.81.217.115 - - [05/Sep/2020:06:17:01 +0800] "GET /xingrg/all/function/internal_message.html?_=1599257829189&CODE_STATE=getMsg HTTP/1.1" 200 27
172.17.0.240 - - [05/Sep/2020:06:17:12 +0800] "GET /xingrg/check_reg.html?_=1599257826930 HTTP/1.1" 302 -
120.253.135.82 - - [05/Sep/2020:06:17:18 +0800] "POST /xingrg/kc/pszx/mdps_order_operate.html HTTP/1.1" 200 37
120.253.135.82 - - [05/Sep/2020:06:17:19 +0800] "GET /xingrg/kc/pszx/mdps_order_info.html?code=312020090500115 HTTP/1.1" 200 23849
120.253.135.82 - - [05/Sep/2020:06:17:19 +0800] "POST /xingrg/kc/pszx/mdps_order_operate.html HTTP/1.1" 200 9324
120.253.135.82 - - [05/Sep/2020:06:17:19 +0800] "GET /xingrg/javascript/easyui/themes/default/validatebox.css HTTP/1.1" 404 1104
120.253.135.82 - - [05/Sep/2020:06:17:21 +0800] "POST /xingrg/kc/pszx/mdps_list_operate.html HTTP/1.1" 200 2435
117.131.5.26 - - [05/Sep/2020:06:17:23 +0800] "GET /xingrg/all/function/internal_message.html?_=1599258124747&CODE_STATE=getMsg HTTP/1.1" 200 27
120.253.135.82 - - [05/Sep/2020:06:17:24 +0800] "POST /xingrg/kc/pszx/mdps_list_operate.html HTTP/1.1" 200 208
218.81.217.115 - - [05/Sep/2020:06:17:37 +0800] "GET /xingrg/all/function/internal_message.html?_=1599257871381&CODE_STATE=getMsg HTTP/1.1" 200 27
117.184.7.26 - - [05/Sep/2020:06:17:38 +0800] "GET /xingrg/all/function/internal_message.html?_=1599257844375&CODE_STATE=getMsg HTTP/1.1" 200 27
172.17.0.240 - - [05/Sep/2020:06:17:40 +0800] "GET /xingrg/all/function/internal_message.html?_=1599257854878&CODE_STATE=getMsg HTTP/1.1" 302 -
116.238.71.173 - - [05/Sep/2020:06:17:42 +0800] "GET /xingrg/all/function/internal_message.html?_=1599257980273&CODE_STATE=getMsg HTTP/1.1" 200 27
222.69.135.99 - - [05/Sep/2020:06:17:44 +0800] "GET /xingrg/all/function/internal_message.html?_=1599257883450&CODE_STATE=getMsg HTTP/1.1" 200 27
117.184.7.26 - - [05/Sep/2020:06:17:47 +0800] "GET /xingrg/check_reg.html?_=1599257853488 HTTP/1.1" 200 22
218.81.217.115 - - [05/Sep/2020:06:17:54 +0800] "GET /xingrg/check_reg.html?_=1599257882082 HTTP/1.1" 200 22
172.17.0.123 - - [05/Sep/2020:06:18:00 +0800] "GET /xingrg/all/function/internal_message.html?_=1599257888386&CODE_STATE=getMsg HTTP/1.1" 200 27
218.81.217.115 - - [05/Sep/2020:06:18:01 +0800] "GET /xingrg/all/function/internal_message.html?_=1599257889195&CODE_STATE=getMsg HTTP/1.1" 200 27
116.238.71.173 - - [05/Sep/2020:06:18:01 +0800] "GET /xingrg/check_reg.html?_=1599257999616 HTTP/1.1" 200 22
120.253.135.82 - - [05/Sep/2020:06:18:04 +0800] "GET /xingrg/check_reg.html?_=1599257631122 HTTP/1.1" 200 22
120.253.135.82 - - [05/Sep/2020:06:18:13 +0800] "GET /xingrg/kc/pszx/mdqp_order_list.html?state=10 HTTP/1.1" 200 10565
120.253.135.82 - - [05/Sep/2020:06:18:13 +0800] "GET /xingrg/dwr/interface/AjaxReportQueryService.js HTTP/1.1" 200 13203
120.253.135.82 - - [05/Sep/2020:06:18:13 +0800] "GET /xingrg/dwr/interface/AjaxQqpsService.js HTTP/1.1" 200 16326
120.253.135.82 - - [05/Sep/2020:06:18:13 +0800] "GET /xingrg/dwr/engine.js HTTP/1.1" 200 43631
120.253.135.82 - - [05/Sep/2020:06:18:15 +0800] "GET /xingrg/kc/pszx/mdps_order_list.html?orderType=0 HTTP/1.1" 200 21059
120.253.135.82 - - [05/Sep/2020:06:18:15 +0800] "POST /xingrg/kc/pszx/mdps_list_operate.html HTTP/1.1" 200 5225
120.253.135.82 - - [05/Sep/2020:06:18:20 +0800] "POST /xingrg/kc/pszx/mdps_list_operate.html HTTP/1.1" 200 3505
120.253.135.82 - - [05/Sep/2020:06:18:21 +0800] "POST /xingrg/kc/pszx/mdps_list_operate.html HTTP/1.1" 200 213
120.253.135.82 - - [05/Sep/2020:06:18:22 +0800] "GET /xingrg/kc/pszx/mdps_order_info.html?code=312020090500116 HTTP/1.1" 200 23843
120.253.135.82 - - [05/Sep/2020:06:18:23 +0800] "POST /xingrg/kc/pszx/mdps_order_operate.html HTTP/1.1" 200 2296
120.253.135.82 - - [05/Sep/2020:06:18:23 +0800] "GET /xingrg/javascript/easyui/themes/default/validatebox.css HTTP/1.1" 404 1104
117.131.5.26 - - [05/Sep/2020:06:18:23 +0800] "GET /xingrg/all/function/internal_message.html?_=1599258184749&CODE_STATE=getMsg HTTP/1.1" 200 27
120.253.135.82 - - [05/Sep/2020:06:18:25 +0800] "POST /xingrg/kc/pszx/mdps_order_operate.html HTTP/1.1" 200 37
120.253.135.82 - - [05/Sep/2020:06:18:27 +0800] "GET /xingrg/kc/pszx/mdps_order_info.html?code=312020090500116 HTTP/1.1" 200 23843
120.253.135.82 - - [05/Sep/2020:06:18:28 +0800] "POST /xingrg/kc/pszx/mdps_order_operate.html HTTP/1.1" 200 2304
120.253.135.82 - - [05/Sep/2020:06:18:28 +0800] "GET /xingrg/javascript/easyui/themes/default/validatebox.css HTTP/1.1" 404 1104
120.253.135.82 - - [05/Sep/2020:06:18:31 +0800] "POST /xingrg/kc/pszx/mdps_list_operate.html HTTP/1.1" 200 642
120.253.135.82 - - [05/Sep/2020:06:18:31 +0800] "GET /xingrg/kc/pszx/mdps_order_info.html?code=312020090500117 HTTP/1.1" 200 23843
120.253.135.82 - - [05/Sep/2020:06:18:32 +0800] "GET /xingrg/javascript/easyui/themes/default/validatebox.css HTTP/1.1" 404 1104
120.253.135.82 - - [05/Sep/2020:06:18:32 +0800] "POST /xingrg/kc/pszx/mdps_order_operate.html HTTP/1.1" 200 14349
120.253.135.82 - - [05/Sep/2020:06:18:35 +0800] "POST /xingrg/kc/pszx/mdps_order_operate.html HTTP/1.1" 200 37
120.253.135.82 - - [05/Sep/2020:06:18:36 +0800] "GET /xingrg/kc/pszx/mdps_order_info.html?code=312020090500117 HTTP/1.1" 200 23843
120.253.135.82 - - [05/Sep/2020:06:18:36 +0800] "GET /xingrg/javascript/easyui/themes/default/validatebox.css HTTP/1.1" 404 1104
120.253.135.82 - - [05/Sep/2020:06:18:36 +0800] "POST /xingrg/kc/pszx/mdps_order_operate.html HTTP/1.1" 200 14541
218.81.217.115 - - [05/Sep/2020:06:18:37 +0800] "GET /xingrg/all/function/internal_message.html?_=1599257931485&CODE_STATE=getMsg HTTP/1.1" 200 27
117.184.7.26 - - [05/Sep/2020:06:18:38 +0800] "GET /xingrg/all/function/internal_message.html?_=1599257904349&CODE_STATE=getMsg HTTP/1.1" 200 27
172.17.0.240 - - [05/Sep/2020:06:18:40 +0800] "GET /xingrg/all/function/internal_message.html?_=1599257914866&CODE_STATE=getMsg HTTP/1.1" 302 -
116.238.71.173 - - [05/Sep/2020:06:18:42 +0800] "GET /xingrg/all/function/internal_message.html?_=1599258040281&CODE_STATE=getMsg HTTP/1.1" 200 27
222.69.135.99 - - [05/Sep/2020:06:18:44 +0800] "GET /xingrg/all/function/internal_message.html?_=1599257943451&CODE_STATE=getMsg HTTP/1.1" 200 27
218.81.217.115 - - [05/Sep/2020:06:18:52 +0800] "GET /xingrg/check_reg.html?_=1599257945795 HTTP/1.1" 200 22
172.17.0.123 - - [05/Sep/2020:06:19:00 +0800] "GET /xingrg/all/function/internal_message.html?_=1599257948386&CODE_STATE=getMsg HTTP/1.1" 200 27
218.81.217.115 - - [05/Sep/2020:06:19:01 +0800] "GET /xingrg/all/function/internal_message.html?_=1599257949209&CODE_STATE=getMsg HTTP/1.1" 200 27
117.131.5.26 - - [05/Sep/2020:06:19:23 +0800] "GET /xingrg/all/function/internal_message.html?_=1599258245028&CODE_STATE=getMsg HTTP/1.1" 200 27
218.81.217.115 - - [05/Sep/2020:06:19:37 +0800] "GET /xingrg/all/function/internal_message.html?_=1599257991485&CODE_STATE=getMsg HTTP/1.1" 200 27
117.184.7.26 - - [05/Sep/2020:06:19:38 +0800] "GET /xingrg/all/function/internal_message.html?_=1599257964334&CODE_STATE=getMsg HTTP/1.1" 200 27
172.17.0.240 - - [05/Sep/2020:06:19:40 +0800] "GET /xingrg/all/function/internal_message.html?_=1599257974869&CODE_STATE=getMsg HTTP/1.1" 302 -
116.238.71.173 - - [05/Sep/2020:06:19:42 +0800] "GET /xingrg/all/function/internal_message.html?_=1599258100294&CODE_STATE=getMsg HTTP/1.1" 200 27
222.69.135.99 - - [05/Sep/2020:06:19:44 +0800] "GET /xingrg/all/function/internal_message.html?_=1599258003454&CODE_STATE=getMsg HTTP/1.1" 200 27
222.69.135.99 - - [05/Sep/2020:06:19:44 +0800] "GET /xingrg/check_reg.html?_=1599258003460 HTTP/1.1" 200 22
120.253.135.82 - - [05/Sep/2020:06:19:55 +0800] "POST /xingrg/kc/pszx/mdps_order_operate.html HTTP/1.1" 200 37
120.253.135.82 - - [05/Sep/2020:06:19:56 +0800] "GET /xingrg/kc/pszx/mdps_order_info.html?code=312020090500117 HTTP/1.1" 200 23843
120.253.135.82 - - [05/Sep/2020:06:19:56 +0800] "POST /xingrg/kc/pszx/mdps_order_operate.html HTTP/1.1" 200 14541
120.253.135.82 - - [05/Sep/2020:06:19:56 +0800] "GET /xingrg/javascript/easyui/themes/default/validatebox.css HTTP/1.1" 404 1104
172.17.0.123 - - [05/Sep/2020:06:20:00 +0800] "GET /xingrg/all/function/internal_message.html?_=1599258008388&CODE_STATE=getMsg HTTP/1.1" 200 27
218.81.217.115 - - [05/Sep/2020:06:20:01 +0800] "GET /xingrg/all/function/internal_message.html?_=1599258009229&CODE_STATE=getMsg HTTP/1.1" 200 27
117.131.5.26 - - [05/Sep/2020:06:20:20 +0800] "GET /xingrg/check_reg.html?_=1599258301189 HTTP/1.1" 200 22
117.131.5.26 - - [05/Sep/2020:06:20:23 +0800] "GET /xingrg/all/function/internal_message.html?_=1599258305041&CODE_STATE=getMsg HTTP/1.1" 200 27
120.253.135.82 - - [05/Sep/2020:06:20:36 +0800] "POST /xingrg/kc/pszx/mdps_order_operate.html HTTP/1.1" 200 37
120.253.135.82 - - [05/Sep/2020:06:20:37 +0800] "GET /xingrg/kc/pszx/mdps_order_info.html?code=312020090500117 HTTP/1.1" 200 23843
120.253.135.82 - - [05/Sep/2020:06:20:37 +0800] "GET /xingrg/javascript/easyui/themes/default/validatebox.css HTTP/1.1" 404 1104
218.81.217.115 - - [05/Sep/2020:06:20:37 +0800] "GET /xingrg/all/function/internal_message.html?_=1599258051499&CODE_STATE=getMsg HTTP/1.1" 200 27
120.253.135.82 - - [05/Sep/2020:06:20:37 +0800] "POST /xingrg/kc/pszx/mdps_order_operate.html HTTP/1.1" 200 14541
117.184.7.26 - - [05/Sep/2020:06:20:38 +0800] "GET /xingrg/all/function/internal_message.html?_=1599258024319&CODE_STATE=getMsg HTTP/1.1" 200 27
120.253.135.82 - - [05/Sep/2020:06:20:38 +0800] "POST /xingrg/kc/pszx/mdps_list_operate.html HTTP/1.1" 200 3505
120.253.135.82 - - [05/Sep/2020:06:20:40 +0800] "POST /xingrg/kc/pszx/mdps_list_operate.html HTTP/1.1" 200 325
172.17.0.240 - - [05/Sep/2020:06:20:40 +0800] "GET /xingrg/all/function/internal_message.html?_=1599258034871&CODE_STATE=getMsg HTTP/1.1" 302 -
120.253.135.82 - - [05/Sep/2020:06:20:41 +0800] "GET /xingrg/kc/pszx/mdps_order_info.html?code=312020090500118 HTTP/1.1" 200 23843
120.253.135.82 - - [05/Sep/2020:06:20:41 +0800] "POST /xingrg/kc/pszx/mdps_order_operate.html HTTP/1.1" 200 2832
120.253.135.82 - - [05/Sep/2020:06:20:41 +0800] "GET /xingrg/javascript/easyui/themes/default/validatebox.css HTTP/1.1" 404 1104
