218.81.217.115 - - [05/Sep/2020:07:33:02 +0800] "GET /xingrg/all/function/internal_message.html?_=1599262390214&CODE_STATE=getMsg HTTP/1.1" 200 27
120.253.135.82 - - [05/Sep/2020:07:33:05 +0800] "GET /xingrg/check_reg.html?_=1599262132795 HTTP/1.1" 200 22
117.131.5.26 - - [05/Sep/2020:07:33:32 +0800] "GET /xingrg/all/function/internal_message.html?_=1599262693632&CODE_STATE=getMsg HTTP/1.1" 200 27
117.184.7.26 - - [05/Sep/2020:07:33:37 +0800] "GET /xingrg/all/function/internal_message.html?_=1599262402989&CODE_STATE=getMsg HTTP/1.1" 200 27
172.17.0.240 - - [05/Sep/2020:07:33:40 +0800] "GET /xingrg/all/function/internal_message.html?_=1599262414877&CODE_STATE=getMsg HTTP/1.1" 302 -
218.81.217.115 - - [05/Sep/2020:07:33:41 +0800] "GET /xingrg/all/function/internal_message.html?_=1599262434951&CODE_STATE=getMsg HTTP/1.1" 200 27
222.69.135.99 - - [05/Sep/2020:07:33:44 +0800] "GET /xingrg/all/function/internal_message.html?_=1599262443629&CODE_STATE=getMsg HTTP/1.1" 200 27
116.238.71.173 - - [05/Sep/2020:07:33:46 +0800] "GET /xingrg/all/function/internal_message.html?_=1599262544295&CODE_STATE=getMsg HTTP/1.1" 200 27
218.81.217.115 - - [05/Sep/2020:07:33:52 +0800] "GET /xingrg/check_reg.html?_=1599262445877 HTTP/1.1" 200 22
172.17.0.123 - - [05/Sep/2020:07:34:00 +0800] "GET /xingrg/all/function/internal_message.html?_=1599262448394&CODE_STATE=getMsg HTTP/1.1" 200 27
218.81.217.115 - - [05/Sep/2020:07:34:02 +0800] "GET /xingrg/all/function/internal_message.html?_=1599262450228&CODE_STATE=getMsg HTTP/1.1" 200 27
117.131.5.26 - - [05/Sep/2020:07:34:32 +0800] "GET /xingrg/all/function/internal_message.html?_=1599262753907&CODE_STATE=getMsg HTTP/1.1" 200 27
117.184.7.26 - - [05/Sep/2020:07:34:37 +0800] "GET /xingrg/all/function/internal_message.html?_=1599262462974&CODE_STATE=getMsg HTTP/1.1" 200 27
172.17.0.240 - - [05/Sep/2020:07:34:40 +0800] "GET /xingrg/all/function/internal_message.html?_=1599262474864&CODE_STATE=getMsg HTTP/1.1" 302 -
218.81.217.115 - - [05/Sep/2020:07:34:41 +0800] "GET /xingrg/all/function/internal_message.html?_=1599262494953&CODE_STATE=getMsg HTTP/1.1" 200 27
222.69.135.99 - - [05/Sep/2020:07:34:44 +0800] "GET /xingrg/all/function/internal_message.html?_=1599262503636&CODE_STATE=getMsg HTTP/1.1" 200 27
222.69.135.99 - - [05/Sep/2020:07:34:44 +0800] "GET /xingrg/check_reg.html?_=1599262503638 HTTP/1.1" 200 22
116.238.71.173 - - [05/Sep/2020:07:34:46 +0800] "GET /xingrg/all/function/internal_message.html?_=1599262604309&CODE_STATE=getMsg HTTP/1.1" 200 27
172.17.0.123 - - [05/Sep/2020:07:35:00 +0800] "GET /xingrg/all/function/internal_message.html?_=1599262508396&CODE_STATE=getMsg HTTP/1.1" 200 27
218.81.217.115 - - [05/Sep/2020:07:35:02 +0800] "GET /xingrg/all/function/internal_message.html?_=1599262510248&CODE_STATE=getMsg HTTP/1.1" 200 27
58.40.7.146 - - [05/Sep/2020:07:35:03 +0800] "POST /xingrg/services/DataTransmitService HTTP/1.1" 200 524
117.131.5.26 - - [05/Sep/2020:07:35:20 +0800] "GET /xingrg/check_reg.html?_=1599262801308 HTTP/1.1" 200 22
117.131.5.26 - - [05/Sep/2020:07:35:32 +0800] "GET /xingrg/all/function/internal_message.html?_=1599262813923&CODE_STATE=getMsg HTTP/1.1" 200 27
117.184.7.26 - - [05/Sep/2020:07:35:37 +0800] "GET /xingrg/all/function/internal_message.html?_=1599262522964&CODE_STATE=getMsg HTTP/1.1" 200 27
172.17.0.240 - - [05/Sep/2020:07:35:40 +0800] "GET /xingrg/all/function/internal_message.html?_=1599262534866&CODE_STATE=getMsg HTTP/1.1" 302 -
218.81.217.115 - - [05/Sep/2020:07:35:41 +0800] "GET /xingrg/all/function/internal_message.html?_=1599262554968&CODE_STATE=getMsg HTTP/1.1" 200 27
222.69.135.99 - - [05/Sep/2020:07:35:44 +0800] "GET /xingrg/all/function/internal_message.html?_=1599262563643&CODE_STATE=getMsg HTTP/1.1" 200 27
116.238.71.173 - - [05/Sep/2020:07:35:46 +0800] "GET /xingrg/all/function/internal_message.html?_=1599262664491&CODE_STATE=getMsg HTTP/1.1" 200 27
172.17.0.123 - - [05/Sep/2020:07:36:00 +0800] "GET /xingrg/all/function/internal_message.html?_=1599262568384&CODE_STATE=getMsg HTTP/1.1" 200 27
218.81.217.115 - - [05/Sep/2020:07:36:02 +0800] "GET /xingrg/all/function/internal_message.html?_=1599262570255&CODE_STATE=getMsg HTTP/1.1" 200 27
172.17.0.123 - - [05/Sep/2020:07:36:02 +0800] "GET /xingrg/check_reg.html?_=1599262570448 HTTP/1.1" 200 22
120.253.135.82 - - [05/Sep/2020:07:36:07 +0800] "POST /xingrg/kc/base/stock_operate.html HTTP/1.1" 200 1489
120.253.135.82 - - [05/Sep/2020:07:36:29 +0800] "POST /xingrg/kc/base/stock_operate.html HTTP/1.1" 200 1488
117.131.5.26 - - [05/Sep/2020:07:36:32 +0800] "GET /xingrg/all/function/internal_message.html?_=1599262873935&CODE_STATE=getMsg HTTP/1.1" 200 27
117.184.7.26 - - [05/Sep/2020:07:36:37 +0800] "GET /xingrg/all/function/internal_message.html?_=1599262582950&CODE_STATE=getMsg HTTP/1.1" 200 27
172.17.0.240 - - [05/Sep/2020:07:36:40 +0800] "GET /xingrg/all/function/internal_message.html?_=1599262594868&CODE_STATE=getMsg HTTP/1.1" 302 -
172.17.0.240 - - [05/Sep/2020:07:36:40 +0800] "GET /xingrg/check_reg.html?_=1599262594870 HTTP/1.1" 302 -
218.81.217.115 - - [05/Sep/2020:07:36:41 +0800] "GET /xingrg/all/function/internal_message.html?_=1599262615069&CODE_STATE=getMsg HTTP/1.1" 200 27
222.69.135.99 - - [05/Sep/2020:07:36:44 +0800] "GET /xingrg/all/function/internal_message.html?_=1599262623631&CODE_STATE=getMsg HTTP/1.1" 200 27
116.238.71.173 - - [05/Sep/2020:07:36:46 +0800] "GET /xingrg/all/function/internal_message.html?_=1599262724491&CODE_STATE=getMsg HTTP/1.1" 200 27
114.88.166.242 - - [05/Sep/2020:07:36:51 +0800] "GET /xingrg/check_reg.html?_=1599262605839 HTTP/1.1" 200 22
120.253.135.82 - - [05/Sep/2020:07:36:54 +0800] "POST /xingrg/kc/base/stock_operate.html HTTP/1.1" 200 1477
172.17.0.123 - - [05/Sep/2020:07:37:00 +0800] "GET /xingrg/all/function/internal_message.html?_=1599262628386&CODE_STATE=getMsg HTTP/1.1" 200 27
218.81.217.115 - - [05/Sep/2020:07:37:02 +0800] "GET /xingrg/all/function/internal_message.html?_=1599262630275&CODE_STATE=getMsg HTTP/1.1" 200 27
172.17.0.240 - - [05/Sep/2020:07:37:12 +0800] "GET /xingrg/check_reg.html?_=1599262626521 HTTP/1.1" 302 -
120.253.135.82 - - [05/Sep/2020:07:37:20 +0800] "GET /xingrg/javascript/easyui/themes/sunny/images/ui-bg_gloss-wave_60_fece2f_500x100.png HTTP/1.1" 200 3512
120.253.135.82 - - [05/Sep/2020:07:37:27 +0800] "POST /xingrg/kc/base/stock_operate.html HTTP/1.1" 200 2022
117.131.5.26 - - [05/Sep/2020:07:37:33 +0800] "GET /xingrg/all/function/internal_message.html?_=1599262934214&CODE_STATE=getMsg HTTP/1.1" 200 27
117.184.7.26 - - [05/Sep/2020:07:37:37 +0800] "GET /xingrg/all/function/internal_message.html?_=1599262642921&CODE_STATE=getMsg HTTP/1.1" 200 27
172.17.0.240 - - [05/Sep/2020:07:37:40 +0800] "GET /xingrg/all/function/internal_message.html?_=1599262654872&CODE_STATE=getMsg HTTP/1.1" 302 -
218.81.217.115 - - [05/Sep/2020:07:37:41 +0800] "GET /xingrg/all/function/internal_message.html?_=1599262675071&CODE_STATE=getMsg HTTP/1.1" 200 27
222.69.135.99 - - [05/Sep/2020:07:37:44 +0800] "GET /xingrg/all/function/internal_message.html?_=1599262683639&CODE_STATE=getMsg HTTP/1.1" 200 27
116.238.71.173 - - [05/Sep/2020:07:37:46 +0800] "GET /xingrg/all/function/internal_message.html?_=1599262784591&CODE_STATE=getMsg HTTP/1.1" 200 27
117.184.7.26 - - [05/Sep/2020:07:37:47 +0800] "GET /xingrg/check_reg.html?_=1599262653222 HTTP/1.1" 200 22
218.81.217.115 - - [05/Sep/2020:07:37:54 +0800] "GET /xingrg/check_reg.html?_=1599262682174 HTTP/1.1" 200 22
172.17.0.123 - - [05/Sep/2020:07:38:00 +0800] "GET /xingrg/all/function/internal_message.html?_=1599262688388&CODE_STATE=getMsg HTTP/1.1" 200 27
116.238.71.173 - - [05/Sep/2020:07:38:01 +0800] "GET /xingrg/check_reg.html?_=1599262799699 HTTP/1.1" 200 22
218.81.217.115 - - [05/Sep/2020:07:38:02 +0800] "GET /xingrg/all/function/internal_message.html?_=1599262690282&CODE_STATE=getMsg HTTP/1.1" 200 27
120.253.135.82 - - [05/Sep/2020:07:38:05 +0800] "GET /xingrg/check_reg.html?_=1599262432800 HTTP/1.1" 200 22
117.131.5.26 - - [05/Sep/2020:07:38:33 +0800] "GET /xingrg/all/function/internal_message.html?_=1599262994229&CODE_STATE=getMsg HTTP/1.1" 200 27
117.184.7.26 - - [05/Sep/2020:07:38:37 +0800] "GET /xingrg/all/function/internal_message.html?_=1599262702897&CODE_STATE=getMsg HTTP/1.1" 200 27
172.17.0.240 - - [05/Sep/2020:07:38:40 +0800] "GET /xingrg/all/function/internal_message.html?_=1599262714885&CODE_STATE=getMsg HTTP/1.1" 302 -
218.81.217.115 - - [05/Sep/2020:07:38:41 +0800] "GET /xingrg/all/function/internal_message.html?_=1599262735174&CODE_STATE=getMsg HTTP/1.1" 200 27
222.69.135.99 - - [05/Sep/2020:07:38:44 +0800] "GET /xingrg/all/function/internal_message.html?_=1599262743635&CODE_STATE=getMsg HTTP/1.1" 200 27
116.238.71.173 - - [05/Sep/2020:07:38:46 +0800] "GET /xingrg/all/function/internal_message.html?_=1599262844597&CODE_STATE=getMsg HTTP/1.1" 200 27
218.81.217.115 - - [05/Sep/2020:07:38:52 +0800] "GET /xingrg/check_reg.html?_=1599262745884 HTTP/1.1" 200 22
172.17.0.123 - - [05/Sep/2020:07:39:00 +0800] "GET /xingrg/all/function/internal_message.html?_=1599262748390&CODE_STATE=getMsg HTTP/1.1" 200 27
218.81.217.115 - - [05/Sep/2020:07:39:02 +0800] "GET /xingrg/all/function/internal_message.html?_=1599262750296&CODE_STATE=getMsg HTTP/1.1" 200 27
120.253.135.82 - - [05/Sep/2020:07:39:30 +0800] "POST /xingrg/kc/base/stock_operate.html HTTP/1.1" 200 1462
117.131.5.26 - - [05/Sep/2020:07:39:33 +0800] "GET /xingrg/all/function/internal_message.html?_=1599263054513&CODE_STATE=getMsg HTTP/1.1" 200 27
117.184.7.26 - - [05/Sep/2020:07:39:37 +0800] "GET /xingrg/all/function/internal_message.html?_=1599262762882&CODE_STATE=getMsg HTTP/1.1" 200 27
172.17.0.240 - - [05/Sep/2020:07:39:40 +0800] "GET /xingrg/all/function/internal_message.html?_=1599262774876&CODE_STATE=getMsg HTTP/1.1" 302 -
218.81.217.115 - - [05/Sep/2020:07:39:41 +0800] "GET /xingrg/all/function/internal_message.html?_=1599262795179&CODE_STATE=getMsg HTTP/1.1" 200 27
222.69.135.99 - - [05/Sep/2020:07:39:44 +0800] "GET /xingrg/all/function/internal_message.html?_=1599262803649&CODE_STATE=getMsg HTTP/1.1" 200 27
222.69.135.99 - - [05/Sep/2020:07:39:44 +0800] "GET /xingrg/check_reg.html?_=1599262803655 HTTP/1.1" 200 22
116.238.71.173 - - [05/Sep/2020:07:39:46 +0800] "GET /xingrg/all/function/internal_message.html?_=1599262904610&CODE_STATE=getMsg HTTP/1.1" 200 27
120.253.135.82 - - [05/Sep/2020:07:39:48 +0800] "POST /xingrg/kc/base/stock_operate.html HTTP/1.1" 200 1459
172.17.0.123 - - [05/Sep/2020:07:40:00 +0800] "GET /xingrg/all/function/internal_message.html?_=1599262808392&CODE_STATE=getMsg HTTP/1.1" 200 27
218.81.217.115 - - [05/Sep/2020:07:40:02 +0800] "GET /xingrg/all/function/internal_message.html?_=1599262810316&CODE_STATE=getMsg HTTP/1.1" 200 27
117.131.5.26 - - [05/Sep/2020:07:40:20 +0800] "GET /xingrg/check_reg.html?_=1599263101309 HTTP/1.1" 200 22
117.131.5.26 - - [05/Sep/2020:07:40:33 +0800] "GET /xingrg/all/function/internal_message.html?_=1599263114520&CODE_STATE=getMsg HTTP/1.1" 200 27
117.184.7.26 - - [05/Sep/2020:07:40:37 +0800] "GET /xingrg/all/function/internal_message.html?_=1599262822865&CODE_STATE=getMsg HTTP/1.1" 200 27
172.17.0.240 - - [05/Sep/2020:07:40:40 +0800] "GET /xingrg/all/function/internal_message.html?_=1599262834879&CODE_STATE=getMsg HTTP/1.1" 302 -
218.81.217.115 - - [05/Sep/2020:07:40:41 +0800] "GET /xingrg/all/function/internal_message.html?_=1599262855191&CODE_STATE=getMsg HTTP/1.1" 200 27
222.69.135.99 - - [05/Sep/2020:07:40:44 +0800] "GET /xingrg/all/function/internal_message.html?_=1599262863631&CODE_STATE=getMsg HTTP/1.1" 200 27
116.238.71.173 - - [05/Sep/2020:07:40:46 +0800] "GET /xingrg/all/function/internal_message.html?_=1599262964708&CODE_STATE=getMsg HTTP/1.1" 200 27
172.17.0.123 - - [05/Sep/2020:07:41:00 +0800] "GET /xingrg/all/function/internal_message.html?_=1599262868394&CODE_STATE=getMsg HTTP/1.1" 200 27
218.81.217.115 - - [05/Sep/2020:07:41:02 +0800] "GET /xingrg/all/function/internal_message.html?_=1599262870323&CODE_STATE=getMsg HTTP/1.1" 200 27
172.17.0.123 - - [05/Sep/2020:07:41:02 +0800] "GET /xingrg/check_reg.html?_=1599262870428 HTTP/1.1" 200 22
117.131.5.26 - - [05/Sep/2020:07:41:33 +0800] "GET /xingrg/all/function/internal_message.html?_=1599263174536&CODE_STATE=getMsg HTTP/1.1" 200 27
117.184.7.26 - - [05/Sep/2020:07:41:37 +0800] "GET /xingrg/all/function/internal_message.html?_=1599262882833&CODE_STATE=getMsg HTTP/1.1" 200 27
172.17.0.240 - - [05/Sep/2020:07:41:40 +0800] "GET /xingrg/check_reg.html?_=1599262894868 HTTP/1.1" 302 -
172.17.0.240 - - [05/Sep/2020:07:41:40 +0800] "GET /xingrg/all/function/internal_message.html?_=1599262894869&CODE_STATE=getMsg HTTP/1.1" 302 -
218.81.217.115 - - [05/Sep/2020:07:41:41 +0800] "GET /xingrg/all/function/internal_message.html?_=1599262915295&CODE_STATE=getMsg HTTP/1.1" 200 27
222.69.135.99 - - [05/Sep/2020:07:41:44 +0800] "GET /xingrg/all/function/internal_message.html?_=1599262923659&CODE_STATE=getMsg HTTP/1.1" 200 27
116.238.71.173 - - [05/Sep/2020:07:41:46 +0800] "GET /xingrg/all/function/internal_message.html?_=1599263024715&CODE_STATE=getMsg HTTP/1.1" 200 27
114.88.166.242 - - [05/Sep/2020:07:41:51 +0800] "GET /xingrg/check_reg.html?_=1599262905844 HTTP/1.1" 200 22
172.17.0.123 - - [05/Sep/2020:07:42:00 +0800] "GET /xingrg/all/function/internal_message.html?_=1599262928384&CODE_STATE=getMsg HTTP/1.1" 200 27
218.81.217.115 - - [05/Sep/2020:07:42:02 +0800] "GET /xingrg/all/function/internal_message.html?_=1599262930343&CODE_STATE=getMsg HTTP/1.1" 200 27
172.17.0.240 - - [05/Sep/2020:07:42:12 +0800] "GET /xingrg/check_reg.html?_=1599262926498 HTTP/1.1" 302 -
117.131.5.26 - - [05/Sep/2020:07:42:33 +0800] "GET /xingrg/all/function/internal_message.html?_=1599263234808&CODE_STATE=getMsg HTTP/1.1" 200 27
117.184.7.26 - - [05/Sep/2020:07:42:37 +0800] "GET /xingrg/all/function/internal_message.html?_=1599262942811&CODE_STATE=getMsg HTTP/1.1" 200 27
172.17.0.240 - - [05/Sep/2020:07:42:40 +0800] "GET /xingrg/all/function/internal_message.html?_=1599262954871&CODE_STATE=getMsg HTTP/1.1" 302 -
218.81.217.115 - - [05/Sep/2020:07:42:41 +0800] "GET /xingrg/all/function/internal_message.html?_=1599262975296&CODE_STATE=getMsg HTTP/1.1" 200 27
222.69.135.99 - - [05/Sep/2020:07:42:44 +0800] "GET /xingrg/all/function/internal_message.html?_=1599262983664&CODE_STATE=getMsg HTTP/1.1" 200 27
116.238.71.173 - - [05/Sep/2020:07:42:46 +0800] "GET /xingrg/all/function/internal_message.html?_=1599263084816&CODE_STATE=getMsg HTTP/1.1" 200 27
117.184.7.26 - - [05/Sep/2020:07:42:47 +0800] "GET /xingrg/check_reg.html?_=1599262953203 HTTP/1.1" 200 22
218.81.217.115 - - [05/Sep/2020:07:42:54 +0800] "GET /xingrg/check_reg.html?_=1599262982175 HTTP/1.1" 200 22
172.17.0.123 - - [05/Sep/2020:07:43:00 +0800] "GET /xingrg/all/function/internal_message.html?_=1599262988386&CODE_STATE=getMsg HTTP/1.1" 200 27
116.238.71.173 - - [05/Sep/2020:07:43:01 +0800] "GET /xingrg/check_reg.html?_=1599263099707 HTTP/1.1" 200 22
218.81.217.115 - - [05/Sep/2020:07:43:02 +0800] "GET /xingrg/all/function/internal_message.html?_=1599262990350&CODE_STATE=getMsg HTTP/1.1" 200 27
120.253.135.82 - - [05/Sep/2020:07:43:05 +0800] "GET /xingrg/check_reg.html?_=1599262732807 HTTP/1.1" 200 22
117.131.5.26 - - [05/Sep/2020:07:43:33 +0800] "GET /xingrg/all/function/internal_message.html?_=1599263294811&CODE_STATE=getMsg HTTP/1.1" 200 27
117.184.7.26 - - [05/Sep/2020:07:43:37 +0800] "GET /xingrg/all/function/internal_message.html?_=1599263002788&CODE_STATE=getMsg HTTP/1.1" 200 27
172.17.0.240 - - [05/Sep/2020:07:43:40 +0800] "GET /xingrg/all/function/internal_message.html?_=1599263014876&CODE_STATE=getMsg HTTP/1.1" 302 -
218.81.217.115 - - [05/Sep/2020:07:43:41 +0800] "GET /xingrg/all/function/internal_message.html?_=1599263035402&CODE_STATE=getMsg HTTP/1.1" 200 27
222.69.135.99 - - [05/Sep/2020:07:43:44 +0800] "GET /xingrg/all/function/internal_message.html?_=1599263043658&CODE_STATE=getMsg HTTP/1.1" 200 27
116.238.71.173 - - [05/Sep/2020:07:43:46 +0800] "GET /xingrg/all/function/internal_message.html?_=1599263144820&CODE_STATE=getMsg HTTP/1.1" 200 27
218.81.217.115 - - [05/Sep/2020:07:43:52 +0800] "GET /xingrg/check_reg.html?_=1599263045891 HTTP/1.1" 200 22
172.17.0.123 - - [05/Sep/2020:07:44:00 +0800] "GET /xingrg/all/function/internal_message.html?_=1599263048394&CODE_STATE=getMsg HTTP/1.1" 200 27
218.81.217.115 - - [05/Sep/2020:07:44:02 +0800] "GET /xingrg/all/function/internal_message.html?_=1599263050363&CODE_STATE=getMsg HTTP/1.1" 200 27
120.253.135.82 - - [05/Sep/2020:07:44:09 +0800] "POST /xingrg/kc/base/stock_operate.html HTTP/1.1" 200 1461
120.253.135.82 - - [05/Sep/2020:07:44:17 +0800] "POST /xingrg/kc/base/stock_operate.html HTTP/1.1" 200 1714
120.253.135.82 - - [05/Sep/2020:07:44:30 +0800] "POST /xingrg/kc/base/stock_operate.html HTTP/1.1" 200 1462
117.131.5.26 - - [05/Sep/2020:07:44:33 +0800] "GET /xingrg/all/function/internal_message.html?_=1599263355090&CODE_STATE=getMsg HTTP/1.1" 200 27
117.184.7.26 - - [05/Sep/2020:07:44:37 +0800] "GET /xingrg/all/function/internal_message.html?_=1599263062762&CODE_STATE=getMsg HTTP/1.1" 200 27
172.17.0.240 - - [05/Sep/2020:07:44:40 +0800] "GET /xingrg/all/function/internal_message.html?_=1599263074866&CODE_STATE=getMsg HTTP/1.1" 302 -
218.81.217.115 - - [05/Sep/2020:07:44:41 +0800] "GET /xingrg/all/function/internal_message.html?_=1599263095418&CODE_STATE=getMsg HTTP/1.1" 200 27
222.69.135.99 - - [05/Sep/2020:07:44:44 +0800] "GET /xingrg/all/function/internal_message.html?_=1599263103661&CODE_STATE=getMsg HTTP/1.1" 200 27
222.69.135.99 - - [05/Sep/2020:07:44:44 +0800] "GET /xingrg/check_reg.html?_=1599263103666 HTTP/1.1" 200 22
116.238.71.173 - - [05/Sep/2020:07:44:46 +0800] "GET /xingrg/all/function/internal_message.html?_=1599263204834&CODE_STATE=getMsg HTTP/1.1" 200 27
120.253.135.82 - - [05/Sep/2020:07:44:53 +0800] "POST /xingrg/kc/base/stock_operate.html HTTP/1.1" 200 1716
172.17.0.123 - - [05/Sep/2020:07:45:00 +0800] "GET /xingrg/all/function/internal_message.html?_=1599263108398&CODE_STATE=getMsg HTTP/1.1" 200 27
218.81.217.115 - - [05/Sep/2020:07:45:02 +0800] "GET /xingrg/all/function/internal_message.html?_=1599263110385&CODE_STATE=getMsg HTTP/1.1" 200 27
117.131.5.26 - - [05/Sep/2020:07:45:20 +0800] "GET /xingrg/check_reg.html?_=1599263401318 HTTP/1.1" 200 22
120.253.135.82 - - [05/Sep/2020:07:45:32 +0800] "POST /xingrg/kc/base/stock_operate.html HTTP/1.1" 200 1991
117.131.5.26 - - [05/Sep/2020:07:45:33 +0800] "GET /xingrg/all/function/internal_message.html?_=1599263415103&CODE_STATE=getMsg HTTP/1.1" 200 27
117.184.7.26 - - [05/Sep/2020:07:45:37 +0800] "GET /xingrg/all/function/internal_message.html?_=1599263122732&CODE_STATE=getMsg HTTP/1.1" 200 27
172.17.0.240 - - [05/Sep/2020:07:45:40 +0800] "GET /xingrg/all/function/internal_message.html?_=1599263134871&CODE_STATE=getMsg HTTP/1.1" 302 -
218.81.217.115 - - [05/Sep/2020:07:45:41 +0800] "GET /xingrg/all/function/internal_message.html?_=1599263155431&CODE_STATE=getMsg HTTP/1.1" 200 27
222.69.135.99 - - [05/Sep/2020:07:45:44 +0800] "GET /xingrg/all/function/internal_message.html?_=1599263163657&CODE_STATE=getMsg HTTP/1.1" 200 27
116.238.71.173 - - [05/Sep/2020:07:45:47 +0800] "GET /xingrg/all/function/internal_message.html?_=1599263264927&CODE_STATE=getMsg HTTP/1.1" 200 27
172.17.0.123 - - [05/Sep/2020:07:46:00 +0800] "GET /xingrg/all/function/internal_message.html?_=1599263168382&CODE_STATE=getMsg HTTP/1.1" 200 27
120.253.135.82 - - [05/Sep/2020:07:46:02 +0800] "POST /xingrg/kc/base/stock_operate.html HTTP/1.1" 200 1459
218.81.217.115 - - [05/Sep/2020:07:46:02 +0800] "GET /xingrg/all/function/internal_message.html?_=1599263170391&CODE_STATE=getMsg HTTP/1.1" 200 27
172.17.0.123 - - [05/Sep/2020:07:46:02 +0800] "GET /xingrg/check_reg.html?_=1599263170398 HTTP/1.1" 200 22
120.253.135.82 - - [05/Sep/2020:07:46:11 +0800] "POST /xingrg/kc/base/stock_operate.html HTTP/1.1" 200 1455
117.131.5.26 - - [05/Sep/2020:07:46:33 +0800] "GET /xingrg/all/function/internal_message.html?_=1599263475117&CODE_STATE=getMsg HTTP/1.1" 200 27
117.184.7.26 - - [05/Sep/2020:07:46:37 +0800] "GET /xingrg/all/function/internal_message.html?_=1599263182704&CODE_STATE=getMsg HTTP/1.1" 200 27
172.17.0.240 - - [05/Sep/2020:07:46:40 +0800] "GET /xingrg/check_reg.html?_=1599263194879 HTTP/1.1" 302 -
172.17.0.240 - - [05/Sep/2020:07:46:40 +0800] "GET /xingrg/all/function/internal_message.html?_=1599263194881&CODE_STATE=getMsg HTTP/1.1" 302 -
218.81.217.115 - - [05/Sep/2020:07:46:41 +0800] "GET /xingrg/all/function/internal_message.html?_=1599263215527&CODE_STATE=getMsg HTTP/1.1" 200 27
120.253.135.82 - - [05/Sep/2020:07:46:41 +0800] "POST /xingrg/kc/base/stock_operate.html HTTP/1.1" 200 1457
222.69.135.99 - - [05/Sep/2020:07:46:44 +0800] "GET /xingrg/all/function/internal_message.html?_=1599263223665&CODE_STATE=getMsg HTTP/1.1" 200 27
116.238.71.173 - - [05/Sep/2020:07:46:47 +0800] "GET /xingrg/all/function/internal_message.html?_=1599263324939&CODE_STATE=getMsg HTTP/1.1" 200 27
114.88.166.242 - - [05/Sep/2020:07:46:51 +0800] "GET /xingrg/check_reg.html?_=1599263205848 HTTP/1.1" 200 22
172.17.0.123 - - [05/Sep/2020:07:47:00 +0800] "GET /xingrg/all/function/internal_message.html?_=1599263228386&CODE_STATE=getMsg HTTP/1.1" 200 27
218.81.217.115 - - [05/Sep/2020:07:47:02 +0800] "GET /xingrg/all/function/internal_message.html?_=1599263230412&CODE_STATE=getMsg HTTP/1.1" 200 27
172.17.0.240 - - [05/Sep/2020:07:47:12 +0800] "GET /xingrg/check_reg.html?_=1599263226473 HTTP/1.1" 302 -
117.131.5.26 - - [05/Sep/2020:07:47:34 +0800] "GET /xingrg/all/function/internal_message.html?_=1599263535418&CODE_STATE=getMsg HTTP/1.1" 200 27
117.184.7.26 - - [05/Sep/2020:07:47:37 +0800] "GET /xingrg/all/function/internal_message.html?_=1599263242695&CODE_STATE=getMsg HTTP/1.1" 200 27
172.17.0.240 - - [05/Sep/2020:07:47:40 +0800] "GET /xingrg/all/function/internal_message.html?_=1599263254865&CODE_STATE=getMsg HTTP/1.1" 302 -
218.81.217.115 - - [05/Sep/2020:07:47:41 +0800] "GET /xingrg/all/function/internal_message.html?_=1599263275536&CODE_STATE=getMsg HTTP/1.1" 200 27
222.69.135.99 - - [05/Sep/2020:07:47:44 +0800] "GET /xingrg/all/function/internal_message.html?_=1599263283654&CODE_STATE=getMsg HTTP/1.1" 200 27
116.238.71.173 - - [05/Sep/2020:07:47:47 +0800] "GET /xingrg/all/function/internal_message.html?_=1599263385055&CODE_STATE=getMsg HTTP/1.1" 200 27
117.184.7.26 - - [05/Sep/2020:07:47:47 +0800] "GET /xingrg/check_reg.html?_=1599263253189 HTTP/1.1" 200 22
218.81.217.115 - - [05/Sep/2020:07:47:54 +0800] "GET /xingrg/check_reg.html?_=1599263282183 HTTP/1.1" 200 22
172.17.0.123 - - [05/Sep/2020:07:48:00 +0800] "GET /xingrg/all/function/internal_message.html?_=1599263288388&CODE_STATE=getMsg HTTP/1.1" 200 27
116.238.71.173 - - [05/Sep/2020:07:48:01 +0800] "GET /xingrg/check_reg.html?_=1599263399711 HTTP/1.1" 200 22
218.81.217.115 - - [05/Sep/2020:07:48:02 +0800] "GET /xingrg/all/function/internal_message.html?_=1599263290418&CODE_STATE=getMsg HTTP/1.1" 200 27
120.253.135.82 - - [05/Sep/2020:07:48:05 +0800] "GET /xingrg/check_reg.html?_=1599263032812 HTTP/1.1" 200 22
117.131.5.26 - - [05/Sep/2020:07:48:34 +0800] "GET /xingrg/all/function/internal_message.html?_=1599263595425&CODE_STATE=getMsg HTTP/1.1" 200 27
117.184.7.26 - - [05/Sep/2020:07:48:36 +0800] "GET /xingrg/all/function/internal_message.html?_=1599263302660&CODE_STATE=getMsg HTTP/1.1" 200 27
172.17.0.240 - - [05/Sep/2020:07:48:40 +0800] "GET /xingrg/all/function/internal_message.html?_=1599263314867&CODE_STATE=getMsg HTTP/1.1" 302 -
218.81.217.115 - - [05/Sep/2020:07:48:41 +0800] "GET /xingrg/all/function/internal_message.html?_=1599263335621&CODE_STATE=getMsg HTTP/1.1" 200 27
222.69.135.99 - - [05/Sep/2020:07:48:44 +0800] "GET /xingrg/all/function/internal_message.html?_=1599263343655&CODE_STATE=getMsg HTTP/1.1" 200 27
116.238.71.173 - - [05/Sep/2020:07:48:47 +0800] "GET /xingrg/all/function/internal_message.html?_=1599263445060&CODE_STATE=getMsg HTTP/1.1" 200 27
218.81.217.115 - - [05/Sep/2020:07:48:52 +0800] "GET /xingrg/check_reg.html?_=1599263345891 HTTP/1.1" 200 22
116.238.71.173 - - [05/Sep/2020:07:48:54 +0800] "GET /xingrg/javascript/jquery_tools/datebox.css HTTP/1.1" 304 -
116.238.71.173 - - [05/Sep/2020:07:48:54 +0800] "GET /xingrg/css/site.css HTTP/1.1" 304 -
116.238.71.173 - - [05/Sep/2020:07:48:54 +0800] "GET /xingrg/javascript/easyui/themes/default/easyui.css HTTP/1.1" 304 -
116.238.71.173 - - [05/Sep/2020:07:48:54 +0800] "GET /xingrg/css/base.css HTTP/1.1" 304 -
116.238.71.173 - - [05/Sep/2020:07:48:54 +0800] "GET /xingrg/javascript/easyui/themes/icon.css HTTP/1.1" 304 -
116.238.71.173 - - [05/Sep/2020:07:48:54 +0800] "GET /xingrg/javascript/auto/jquery.autocomplete.css HTTP/1.1" 304 -
116.238.71.173 - - [05/Sep/2020:07:48:54 +0800] "GET /xingrg/javascript/jquery_tools/fix.css HTTP/1.1" 304 -
116.238.71.173 - - [05/Sep/2020:07:48:54 +0800] "GET /xingrg/javascript/jquery_tools/jquery.tools.extend.js HTTP/1.1" 304 -
116.238.71.173 - - [05/Sep/2020:07:48:54 +0800] "GET /xingrg/javascript/jquery_tools/table.css HTTP/1.1" 304 -
116.238.71.173 - - [05/Sep/2020:07:48:54 +0800] "GET /xingrg/kc/buy/cgsh_order_list.html HTTP/1.1" 200 43936
116.238.71.173 - - [05/Sep/2020:07:48:54 +0800] "GET /xingrg/javascript/jquery_tools/jquery.tools.min.js HTTP/1.1" 304 -
116.238.71.173 - - [05/Sep/2020:07:48:54 +0800] "GET /xingrg/javascript/jquery_tools/jquery.tools.hotkey.js HTTP/1.1" 304 -
116.238.71.173 - - [05/Sep/2020:07:48:54 +0800] "GET /xingrg/javascript/auto/jquery.autocomplete.js HTTP/1.1" 304 -
116.238.71.173 - - [05/Sep/2020:07:48:54 +0800] "GET /xingrg/javascript/jquery_tools/jquery.tools.table.js HTTP/1.1" 304 -
116.238.71.173 - - [05/Sep/2020:07:48:54 +0800] "GET /xingrg/javascript/jquery_tools/list_manager.js HTTP/1.1" 304 -
116.238.71.173 - - [05/Sep/2020:07:48:54 +0800] "GET /xingrg/javascript/jquery.cookie.js HTTP/1.1" 304 -
116.238.71.173 - - [05/Sep/2020:07:48:54 +0800] "GET /xingrg/javascript/jquery.utils.js HTTP/1.1" 304 -
116.238.71.173 - - [05/Sep/2020:07:48:54 +0800] "GET /xingrg/javascript/easyui/easyloader.js HTTP/1.1" 304 -
116.238.71.173 - - [05/Sep/2020:07:48:54 +0800] "GET /xingrg/javascript/print/LodopFuncs.js HTTP/1.1" 304 -
116.238.71.173 - - [05/Sep/2020:07:48:54 +0800] "GET /xingrg/javascript/easyui/plugins/jquery.parser.js HTTP/1.1" 304 -
116.238.71.173 - - [05/Sep/2020:07:48:54 +0800] "POST /xingrg/kc/buy/cgsh_list_operate.html HTTP/1.1" 200 876
172.17.0.123 - - [05/Sep/2020:07:49:00 +0800] "GET /xingrg/all/function/internal_message.html?_=1599263348390&CODE_STATE=getMsg HTTP/1.1" 200 27
218.81.217.115 - - [05/Sep/2020:07:49:02 +0800] "GET /xingrg/all/function/internal_message.html?_=1599263350431&CODE_STATE=getMsg HTTP/1.1" 200 27
116.238.71.173 - - [05/Sep/2020:07:49:26 +0800] "POST /xingrg/kc/buy/cgsh_list_operate.html HTTP/1.1" 200 876
116.238.71.173 - - [05/Sep/2020:07:49:28 +0800] "GET /xingrg/javascript/jquery_tools/order_manager.js HTTP/1.1" 304 -
116.238.71.173 - - [05/Sep/2020:07:49:28 +0800] "GET /xingrg/javascript/convert.js HTTP/1.1" 304 -
116.238.71.173 - - [05/Sep/2020:07:49:28 +0800] "GET /xingrg/javascript/json2.js HTTP/1.1" 304 -
116.238.71.173 - - [05/Sep/2020:07:49:28 +0800] "GET /xingrg/javascript/pic_change.js HTTP/1.1" 304 -
116.238.71.173 - - [05/Sep/2020:07:49:28 +0800] "GET /xingrg/javascript/print/kc_print.js HTTP/1.1" 304 -
116.238.71.173 - - [05/Sep/2020:07:49:28 +0800] "GET /xingrg/kc/buy/cgsh_order_add.html HTTP/1.1" 200 59604
116.238.71.173 - - [05/Sep/2020:07:49:29 +0800] "GET /xingrg/words/20200904134957_words.js HTTP/1.1" 304 -
116.238.71.173 - - [05/Sep/2020:07:49:29 +0800] "POST /xingrg/kc/buy/cgsh_order_operate.html HTTP/1.1" 200 8245
116.238.71.173 - - [05/Sep/2020:07:49:29 +0800] "GET /xingrg/all/common/auto_word.html?type=employee&rest_code=00150 HTTP/1.1" 200 205
116.238.71.173 - - [05/Sep/2020:07:49:29 +0800] "GET /xingrg/all/common/auto_word.html?type=employee&rest_code=00150 HTTP/1.1" 200 205
116.238.71.173 - - [05/Sep/2020:07:49:29 +0800] "GET /xingrg/javascript/easyui/themes/default/validatebox.css HTTP/1.1" 404 1104
116.238.71.173 - - [05/Sep/2020:07:49:29 +0800] "GET /xingrg/javascript/easyui/plugins/jquery.validatebox.js HTTP/1.1" 304 -
116.238.71.173 - - [05/Sep/2020:07:49:29 +0800] "GET /xingrg/javascript/easyui/plugins/jquery.numberbox.js HTTP/1.1" 304 -
117.131.5.26 - - [05/Sep/2020:07:49:34 +0800] "GET /xingrg/all/function/internal_message.html?_=1599263655750&CODE_STATE=getMsg HTTP/1.1" 200 27
117.184.7.26 - - [05/Sep/2020:07:49:36 +0800] "GET /xingrg/all/function/internal_message.html?_=1599263362645&CODE_STATE=getMsg HTTP/1.1" 200 27
172.17.0.240 - - [05/Sep/2020:07:49:40 +0800] "GET /xingrg/all/function/internal_message.html?_=1599263374870&CODE_STATE=getMsg HTTP/1.1" 302 -
218.81.217.115 - - [05/Sep/2020:07:49:41 +0800] "GET /xingrg/all/function/internal_message.html?_=1599263395625&CODE_STATE=getMsg HTTP/1.1" 200 27
116.238.71.173 - - [05/Sep/2020:07:49:42 +0800] "GET /xingrg/kc/buy/cgsh_order_operate.html?command=get_materiel&rest_code=00150&code=00101008091&supplier_code=00100007&order_time=2020-09-05 HTTP/1.1" 200 413
222.69.135.99 - - [05/Sep/2020:07:49:44 +0800] "GET /xingrg/all/function/internal_message.html?_=1599263403659&CODE_STATE=getMsg HTTP/1.1" 200 27
222.69.135.99 - - [05/Sep/2020:07:49:44 +0800] "GET /xingrg/check_reg.html?_=1599263403662 HTTP/1.1" 200 22
116.238.71.173 - - [05/Sep/2020:07:49:47 +0800] "GET /xingrg/all/function/internal_message.html?_=1599263505074&CODE_STATE=getMsg HTTP/1.1" 200 27
116.238.71.173 - - [05/Sep/2020:07:49:58 +0800] "GET /xingrg/kc/buy/cgsh_order_operate.html?command=get_materiel&rest_code=00150&code=00101008261&supplier_code=00100007&order_time=2020-09-05 HTTP/1.1" 200 408
172.17.0.123 - - [05/Sep/2020:07:50:00 +0800] "GET /xingrg/all/function/internal_message.html?_=1599263408390&CODE_STATE=getMsg HTTP/1.1" 200 27
218.81.217.115 - - [05/Sep/2020:07:50:02 +0800] "GET /xingrg/all/function/internal_message.html?_=1599263410452&CODE_STATE=getMsg HTTP/1.1" 200 27
116.238.71.173 - - [05/Sep/2020:07:50:07 +0800] "GET /xingrg/kc/buy/cgsh_order_operate.html?command=get_materiel&rest_code=00150&code=00101008257&supplier_code=00100007&order_time=2020-09-05 HTTP/1.1" 200 416
116.238.71.173 - - [05/Sep/2020:07:50:16 +0800] "GET /xingrg/kc/buy/cgsh_order_operate.html?command=get_materiel&rest_code=00150&code=00101008349&supplier_code=00100007&order_time=2020-09-05 HTTP/1.1" 200 412
117.131.5.26 - - [05/Sep/2020:07:50:20 +0800] "GET /xingrg/check_reg.html?_=1599263701321 HTTP/1.1" 200 22
116.238.71.173 - - [05/Sep/2020:07:50:26 +0800] "GET /xingrg/kc/buy/cgsh_order_operate.html?command=get_materiel&rest_code=00150&code=00101008185&supplier_code=00100007&order_time=2020-09-05 HTTP/1.1" 200 408
116.238.71.173 - - [05/Sep/2020:07:50:31 +0800] "GET /xingrg/system/info/materiel_import.html?isSelect=1&singleSelect=false HTTP/1.1" 200 5600
116.238.71.173 - - [05/Sep/2020:07:50:31 +0800] "GET /xingrg/css/blue.css HTTP/1.1" 304 -
116.238.71.173 - - [05/Sep/2020:07:50:31 +0800] "GET /xingrg/css/xtree.css HTTP/1.1" 304 -
116.238.71.173 - - [05/Sep/2020:07:50:31 +0800] "GET /xingrg/javascript/jquery-1.4.2.min.js HTTP/1.1" 304 -
116.238.71.173 - - [05/Sep/2020:07:50:31 +0800] "GET /xingrg/javascript/jquery_easy_ui/themes/icon.css HTTP/1.1" 304 -
116.238.71.173 - - [05/Sep/2020:07:50:31 +0800] "GET /xingrg/javascript/jquery_ui/themes/base/base.css HTTP/1.1" 304 -
116.238.71.173 - - [05/Sep/2020:07:50:31 +0800] "GET /xingrg/javascript/jquery_easy_ui/themes/default/easyui.css HTTP/1.1" 304 -
116.238.71.173 - - [05/Sep/2020:07:50:31 +0800] "GET /xingrg/javascript/jquery_easy_ui/jquery.easyui.min.js HTTP/1.1" 304 -
116.238.71.173 - - [05/Sep/2020:07:50:31 +0800] "GET /xingrg/javascript/jquery_easy_ui/easyui-lang-zh_CN.js HTTP/1.1" 304 -
116.238.71.173 - - [05/Sep/2020:07:50:32 +0800] "POST /xingrg/all/common/load_tree.html?tree=materiel_sort_tree_json HTTP/1.1" 200 8666
116.238.71.173 - - [05/Sep/2020:07:50:32 +0800] "GET /favicon.ico HTTP/1.1" 404 -
117.131.5.26 - - [05/Sep/2020:07:50:34 +0800] "GET /xingrg/all/function/internal_message.html?_=1599263715764&CODE_STATE=getMsg HTTP/1.1" 200 27
117.184.7.26 - - [05/Sep/2020:07:50:36 +0800] "GET /xingrg/all/function/internal_message.html?_=1599263422618&CODE_STATE=getMsg HTTP/1.1" 200 27
116.238.71.173 - - [05/Sep/2020:07:50:39 +0800] "GET /xingrg/kc/buy/cgsh_order_operate.html?command=get_materiel&rest_code=00150&code=00101008354&supplier_code=00100007&order_time=2020-09-05 HTTP/1.1" 200 412
172.17.0.240 - - [05/Sep/2020:07:50:40 +0800] "GET /xingrg/all/function/internal_message.html?_=1599263434872&CODE_STATE=getMsg HTTP/1.1" 302 -
218.81.217.115 - - [05/Sep/2020:07:50:41 +0800] "GET /xingrg/all/function/internal_message.html?_=1599263455639&CODE_STATE=getMsg HTTP/1.1" 200 27
222.69.135.99 - - [05/Sep/2020:07:50:44 +0800] "GET /xingrg/all/function/internal_message.html?_=1599263463667&CODE_STATE=getMsg HTTP/1.1" 200 27
116.238.71.173 - - [05/Sep/2020:07:50:47 +0800] "GET /xingrg/all/function/internal_message.html?_=1599263565087&CODE_STATE=getMsg HTTP/1.1" 200 27
116.238.71.173 - - [05/Sep/2020:07:50:48 +0800] "GET /xingrg/kc/buy/cgsh_order_operate.html?command=get_materiel&rest_code=00150&code=00101008351&supplier_code=00100007&order_time=2020-09-05 HTTP/1.1" 200 408
116.238.71.173 - - [05/Sep/2020:07:50:57 +0800] "GET /xingrg/kc/buy/cgsh_order_operate.html?command=get_materiel&rest_code=00150&code=00101008038&supplier_code=00100007&order_time=2020-09-05 HTTP/1.1" 200 412
172.17.0.123 - - [05/Sep/2020:07:51:00 +0800] "GET /xingrg/all/function/internal_message.html?_=1599263468392&CODE_STATE=getMsg HTTP/1.1" 200 27
218.81.217.115 - - [05/Sep/2020:07:51:02 +0800] "GET /xingrg/all/function/internal_message.html?_=1599263470459&CODE_STATE=getMsg HTTP/1.1" 200 27
172.17.0.123 - - [05/Sep/2020:07:51:02 +0800] "GET /xingrg/check_reg.html?_=1599263470382 HTTP/1.1" 200 22
116.238.71.173 - - [05/Sep/2020:07:51:08 +0800] "GET /xingrg/kc/buy/cgsh_order_operate.html?command=get_materiel&rest_code=00150&code=00101008088&supplier_code=00100007&order_time=2020-09-05 HTTP/1.1" 200 408
116.238.71.173 - - [05/Sep/2020:07:51:17 +0800] "GET /xingrg/kc/buy/cgsh_order_operate.html?command=get_materiel&rest_code=00150&code=00101008163&supplier_code=00100007&order_time=2020-09-05 HTTP/1.1" 200 408
116.238.71.173 - - [05/Sep/2020:07:51:24 +0800] "GET /xingrg/kc/buy/cgsh_order_operate.html?command=get_materiel&rest_code=00150&code=00101008190&supplier_code=00100007&order_time=2020-09-05 HTTP/1.1" 200 412
116.238.71.173 - - [05/Sep/2020:07:51:33 +0800] "GET /xingrg/kc/buy/cgsh_order_operate.html?command=get_materiel&rest_code=00150&code=00101008087&supplier_code=00100007&order_time=2020-09-05 HTTP/1.1" 200 412
117.131.5.26 - - [05/Sep/2020:07:51:34 +0800] "GET /xingrg/all/function/internal_message.html?_=1599263775779&CODE_STATE=getMsg HTTP/1.1" 200 27
117.184.7.26 - - [05/Sep/2020:07:51:36 +0800] "GET /xingrg/all/function/internal_message.html?_=1599263482588&CODE_STATE=getMsg HTTP/1.1" 200 27
172.17.0.240 - - [05/Sep/2020:07:51:40 +0800] "GET /xingrg/all/function/internal_message.html?_=1599263494876&CODE_STATE=getMsg HTTP/1.1" 302 -
172.17.0.240 - - [05/Sep/2020:07:51:40 +0800] "GET /xingrg/check_reg.html?_=1599263494878 HTTP/1.1" 302 -
218.81.217.115 - - [05/Sep/2020:07:51:41 +0800] "GET /xingrg/all/function/internal_message.html?_=1599263515733&CODE_STATE=getMsg HTTP/1.1" 200 27
222.69.135.99 - - [05/Sep/2020:07:51:44 +0800] "GET /xingrg/all/function/internal_message.html?_=1599263523660&CODE_STATE=getMsg HTTP/1.1" 200 27
116.238.71.173 - - [05/Sep/2020:07:51:46 +0800] "GET /xingrg/kc/buy/cgsh_order_operate.html?command=get_materiel&rest_code=00150&code=00101008355&supplier_code=00100007&order_time=2020-09-05 HTTP/1.1" 200 408
116.238.71.173 - - [05/Sep/2020:07:51:47 +0800] "GET /xingrg/all/function/internal_message.html?_=1599263625102&CODE_STATE=getMsg HTTP/1.1" 200 27
114.88.166.242 - - [05/Sep/2020:07:51:51 +0800] "GET /xingrg/check_reg.html?_=1599263505855 HTTP/1.1" 200 22
116.238.71.173 - - [05/Sep/2020:07:51:59 +0800] "GET /xingrg/kc/buy/cgsh_order_operate.html?command=get_materiel&rest_code=00150&code=00101008004&supplier_code=00100007&order_time=2020-09-05 HTTP/1.1" 200 416
172.17.0.123 - - [05/Sep/2020:07:52:00 +0800] "GET /xingrg/all/function/internal_message.html?_=1599263528382&CODE_STATE=getMsg HTTP/1.1" 200 27
218.81.217.115 - - [05/Sep/2020:07:52:02 +0800] "GET /xingrg/all/function/internal_message.html?_=1599263530481&CODE_STATE=getMsg HTTP/1.1" 200 27
116.238.71.173 - - [05/Sep/2020:07:52:08 +0800] "GET /xingrg/kc/buy/cgsh_order_operate.html?command=get_materiel&rest_code=00150&code=00101008264&supplier_code=00100007&order_time=2020-09-05 HTTP/1.1" 200 412
172.17.0.240 - - [05/Sep/2020:07:52:12 +0800] "GET /xingrg/check_reg.html?_=1599263526449 HTTP/1.1" 302 -
116.238.71.173 - - [05/Sep/2020:07:52:16 +0800] "GET /xingrg/kc/buy/cgsh_order_operate.html?command=get_materiel&rest_code=00150&code=00101008300&supplier_code=00100007&order_time=2020-09-05 HTTP/1.1" 200 412
116.238.71.173 - - [05/Sep/2020:07:52:24 +0800] "GET /xingrg/kc/buy/cgsh_order_operate.html?command=get_materiel&rest_code=00150&code=00101008137&supplier_code=00100007&order_time=2020-09-05 HTTP/1.1" 200 408
117.131.5.26 - - [05/Sep/2020:07:52:35 +0800] "GET /xingrg/all/function/internal_message.html?_=1599263836152&CODE_STATE=getMsg HTTP/1.1" 200 27
117.184.7.26 - - [05/Sep/2020:07:52:36 +0800] "GET /xingrg/all/function/internal_message.html?_=1599263542567&CODE_STATE=getMsg HTTP/1.1" 200 27
172.17.0.240 - - [05/Sep/2020:07:52:40 +0800] "GET /xingrg/all/function/internal_message.html?_=1599263554862&CODE_STATE=getMsg HTTP/1.1" 302 -
218.81.217.115 - - [05/Sep/2020:07:52:41 +0800] "GET /xingrg/all/function/internal_message.html?_=1599263575744&CODE_STATE=getMsg HTTP/1.1" 200 27
222.69.135.99 - - [05/Sep/2020:07:52:44 +0800] "GET /xingrg/all/function/internal_message.html?_=1599263583659&CODE_STATE=getMsg HTTP/1.1" 200 27
116.238.71.173 - - [05/Sep/2020:07:52:47 +0800] "GET /xingrg/all/function/internal_message.html?_=1599263685115&CODE_STATE=getMsg HTTP/1.1" 200 27
117.184.7.26 - - [05/Sep/2020:07:52:47 +0800] "GET /xingrg/check_reg.html?_=1599263553180 HTTP/1.1" 200 22
218.81.217.115 - - [05/Sep/2020:07:52:54 +0800] "GET /xingrg/check_reg.html?_=1599263582186 HTTP/1.1" 200 22
116.238.71.173 - - [05/Sep/2020:07:52:57 +0800] "GET /xingrg/kc/buy/cgsh_order_operate.html?command=get_materiel&rest_code=00150&code=00101008360&supplier_code=00100007&order_time=2020-09-05 HTTP/1.1" 200 412
172.17.0.123 - - [05/Sep/2020:07:53:00 +0800] "GET /xingrg/all/function/internal_message.html?_=1599263588384&CODE_STATE=getMsg HTTP/1.1" 200 27
116.238.71.173 - - [05/Sep/2020:07:53:01 +0800] "GET /xingrg/check_reg.html?_=1599263699720 HTTP/1.1" 200 22
218.81.217.115 - - [05/Sep/2020:07:53:02 +0800] "GET /xingrg/all/function/internal_message.html?_=1599263590486&CODE_STATE=getMsg HTTP/1.1" 200 27
120.253.135.82 - - [05/Sep/2020:07:53:05 +0800] "GET /xingrg/check_reg.html?_=1599263332817 HTTP/1.1" 200 22
116.238.71.173 - - [05/Sep/2020:07:53:15 +0800] "GET /xingrg/kc/buy/cgsh_order_operate.html?command=get_materiel&rest_code=00150&code=00101008270&supplier_code=00100007&order_time=2020-09-05 HTTP/1.1" 200 412
116.238.71.173 - - [05/Sep/2020:07:53:31 +0800] "GET /xingrg/kc/buy/cgsh_order_operate.html?command=get_materiel&rest_code=00150&code=00101008136&supplier_code=00100007&order_time=2020-09-05 HTTP/1.1" 200 413
117.131.5.26 - - [05/Sep/2020:07:53:35 +0800] "GET /xingrg/all/function/internal_message.html?_=1599263896165&CODE_STATE=getMsg HTTP/1.1" 200 27
117.184.7.26 - - [05/Sep/2020:07:53:36 +0800] "GET /xingrg/all/function/internal_message.html?_=1599263602542&CODE_STATE=getMsg HTTP/1.1" 200 27
116.238.71.173 - - [05/Sep/2020:07:53:40 +0800] "POST /xingrg/kc/buy/cgsh_order_operate.html HTTP/1.1" 200 37
172.17.0.240 - - [05/Sep/2020:07:53:40 +0800] "GET /xingrg/all/function/internal_message.html?_=1599263614865&CODE_STATE=getMsg HTTP/1.1" 302 -
218.81.217.115 - - [05/Sep/2020:07:53:41 +0800] "GET /xingrg/all/function/internal_message.html?_=1599263635844&CODE_STATE=getMsg HTTP/1.1" 200 27
116.238.71.173 - - [05/Sep/2020:07:53:42 +0800] "POST /xingrg/kc/buy/cgsh_order_operate.html HTTP/1.1" 200 13910
222.69.135.99 - - [05/Sep/2020:07:53:44 +0800] "GET /xingrg/all/function/internal_message.html?_=1599263643687&CODE_STATE=getMsg HTTP/1.1" 200 27
116.238.71.173 - - [05/Sep/2020:07:53:47 +0800] "GET /xingrg/all/function/internal_message.html?_=1599263745129&CODE_STATE=getMsg HTTP/1.1" 200 27
116.238.71.173 - - [05/Sep/2020:07:53:48 +0800] "GET /xingrg/kc/buy/cgsh_order_operate.html?command=get_materiel&rest_code=00150&code=00101008357&supplier_code=00100007&order_time=2020-09-05 HTTP/1.1" 200 408
218.81.217.115 - - [05/Sep/2020:07:53:52 +0800] "GET /xingrg/check_reg.html?_=1599263645901 HTTP/1.1" 200 22
116.238.71.173 - - [05/Sep/2020:07:54:00 +0800] "GET /xingrg/kc/buy/cgsh_order_operate.html?command=get_materiel&rest_code=00150&code=00101008069&supplier_code=00100007&order_time=2020-09-05 HTTP/1.1" 200 412
172.17.0.123 - - [05/Sep/2020:07:54:00 +0800] "GET /xingrg/all/function/internal_message.html?_=1599263648386&CODE_STATE=getMsg HTTP/1.1" 200 27
218.81.217.115 - - [05/Sep/2020:07:54:02 +0800] "GET /xingrg/all/function/internal_message.html?_=1599263650499&CODE_STATE=getMsg HTTP/1.1" 200 27
116.238.71.173 - - [05/Sep/2020:07:54:06 +0800] "GET /xingrg/kc/buy/cgsh_order_operate.html?command=get_materiel&rest_code=00150&code=00101008286&supplier_code=00100007&order_time=2020-09-05 HTTP/1.1" 200 408
116.238.71.173 - - [05/Sep/2020:07:54:12 +0800] "GET /xingrg/kc/buy/cgsh_order_operate.html?command=get_materiel&rest_code=00150&code=00101008036&supplier_code=00100007&order_time=2020-09-05 HTTP/1.1" 200 408
116.238.71.173 - - [05/Sep/2020:07:54:22 +0800] "GET /xingrg/kc/buy/cgsh_order_operate.html?command=get_materiel&rest_code=00150&code=00101008131&supplier_code=00100007&order_time=2020-09-05 HTTP/1.1" 200 408
116.238.71.173 - - [05/Sep/2020:07:54:30 +0800] "POST /xingrg/kc/buy/cgsh_order_operate.html HTTP/1.1" 200 37
116.238.71.173 - - [05/Sep/2020:07:54:31 +0800] "POST /xingrg/kc/buy/cgsh_order_operate.html HTTP/1.1" 200 16856
117.131.5.26 - - [05/Sep/2020:07:54:35 +0800] "GET /xingrg/all/function/internal_message.html?_=1599263956588&CODE_STATE=getMsg HTTP/1.1" 200 27
116.238.71.173 - - [05/Sep/2020:07:54:36 +0800] "GET /xingrg/kc/buy/cgsh_order_operate.html?command=get_materiel&rest_code=00150&code=00101008108&supplier_code=00100007&order_time=2020-09-05 HTTP/1.1" 200 412
117.184.7.26 - - [05/Sep/2020:07:54:36 +0800] "GET /xingrg/all/function/internal_message.html?_=1599263662523&CODE_STATE=getMsg HTTP/1.1" 200 27
172.17.0.240 - - [05/Sep/2020:07:54:40 +0800] "GET /xingrg/all/function/internal_message.html?_=1599263674868&CODE_STATE=getMsg HTTP/1.1" 302 -
218.81.217.115 - - [05/Sep/2020:07:54:41 +0800] "GET /xingrg/all/function/internal_message.html?_=1599263695849&CODE_STATE=getMsg HTTP/1.1" 200 27
116.238.71.173 - - [05/Sep/2020:07:54:43 +0800] "GET /xingrg/kc/buy/cgsh_order_operate.html?command=get_materiel&rest_code=00150&code=00101008318&supplier_code=00100007&order_time=2020-09-05 HTTP/1.1" 200 408
222.69.135.99 - - [05/Sep/2020:07:54:44 +0800] "GET /xingrg/all/function/internal_message.html?_=1599263703690&CODE_STATE=getMsg HTTP/1.1" 200 27
222.69.135.99 - - [05/Sep/2020:07:54:44 +0800] "GET /xingrg/check_reg.html?_=1599263703694 HTTP/1.1" 200 22
116.238.71.173 - - [05/Sep/2020:07:54:47 +0800] "GET /xingrg/all/function/internal_message.html?_=1599263805143&CODE_STATE=getMsg HTTP/1.1" 200 27
116.238.71.173 - - [05/Sep/2020:07:54:51 +0800] "GET /xingrg/kc/buy/cgsh_order_operate.html?command=get_materiel&rest_code=00150&code=00101008005&supplier_code=00100007&order_time=2020-09-05 HTTP/1.1" 200 412
116.238.71.173 - - [05/Sep/2020:07:54:59 +0800] "GET /xingrg/kc/buy/cgsh_order_operate.html?command=get_materiel&rest_code=00150&code=00101008353&supplier_code=00100007&order_time=2020-09-05 HTTP/1.1" 200 408
172.17.0.123 - - [05/Sep/2020:07:55:00 +0800] "GET /xingrg/all/function/internal_message.html?_=1599263708388&CODE_STATE=getMsg HTTP/1.1" 200 27
218.81.217.115 - - [05/Sep/2020:07:55:02 +0800] "GET /xingrg/all/function/internal_message.html?_=1599263710520&CODE_STATE=getMsg HTTP/1.1" 200 27
116.238.71.173 - - [05/Sep/2020:07:55:05 +0800] "GET /xingrg/kc/buy/cgsh_order_operate.html?command=get_materiel&rest_code=00150&code=00101008312&supplier_code=00100007&order_time=2020-09-05 HTTP/1.1" 200 412
116.238.71.173 - - [05/Sep/2020:07:55:16 +0800] "POST /xingrg/kc/buy/cgsh_order_operate.html HTTP/1.1" 200 37
116.238.71.173 - - [05/Sep/2020:07:55:17 +0800] "POST /xingrg/kc/buy/cgsh_order_operate.html HTTP/1.1" 200 19808
117.131.5.26 - - [05/Sep/2020:07:55:20 +0800] "GET /xingrg/check_reg.html?_=1599264001332 HTTP/1.1" 200 22
116.238.71.173 - - [05/Sep/2020:07:55:26 +0800] "GET /xingrg/kc/buy/cgsh_order_operate.html?command=get_materiel&rest_code=00150&code=00101008110&supplier_code=00100007&order_time=2020-09-05 HTTP/1.1" 200 408
117.185.32.26 - - [05/Sep/2020:07:55:33 +0800] "POST /xingrg/services/DataTransmitService HTTP/1.1" 200 524
117.131.5.26 - - [05/Sep/2020:07:55:35 +0800] "GET /xingrg/all/function/internal_message.html?_=1599264016615&CODE_STATE=getMsg HTTP/1.1" 200 27
117.184.7.26 - - [05/Sep/2020:07:55:36 +0800] "GET /xingrg/all/function/internal_message.html?_=1599263722511&CODE_STATE=getMsg HTTP/1.1" 200 27
116.238.71.173 - - [05/Sep/2020:07:55:37 +0800] "GET /xingrg/kc/buy/cgsh_order_operate.html?command=get_materiel&rest_code=00150&code=00101008150&supplier_code=00100007&order_time=2020-09-05 HTTP/1.1" 200 409
172.17.0.240 - - [05/Sep/2020:07:55:40 +0800] "GET /xingrg/all/function/internal_message.html?_=1599263734873&CODE_STATE=getMsg HTTP/1.1" 302 -
218.81.217.115 - - [05/Sep/2020:07:55:41 +0800] "GET /xingrg/all/function/internal_message.html?_=1599263755864&CODE_STATE=getMsg HTTP/1.1" 200 27
222.69.135.99 - - [05/Sep/2020:07:55:44 +0800] "GET /xingrg/all/function/internal_message.html?_=1599263763681&CODE_STATE=getMsg HTTP/1.1" 200 27
116.238.71.173 - - [05/Sep/2020:07:55:45 +0800] "GET /xingrg/kc/buy/cgsh_order_operate.html?command=get_materiel&rest_code=00150&code=00101008010&supplier_code=00100007&order_time=2020-09-05 HTTP/1.1" 200 412
116.238.71.173 - - [05/Sep/2020:07:55:47 +0800] "GET /xingrg/all/function/internal_message.html?_=1599263865155&CODE_STATE=getMsg HTTP/1.1" 200 27
116.238.71.173 - - [05/Sep/2020:07:55:53 +0800] "GET /xingrg/kc/buy/cgsh_order_operate.html?command=get_materiel&rest_code=00150&code=00101008085&supplier_code=00100007&order_time=2020-09-05 HTTP/1.1" 200 412
172.17.0.123 - - [05/Sep/2020:07:56:00 +0800] "GET /xingrg/all/function/internal_message.html?_=1599263768390&CODE_STATE=getMsg HTTP/1.1" 200 27
116.238.71.173 - - [05/Sep/2020:07:56:01 +0800] "GET /xingrg/kc/buy/cgsh_order_operate.html?command=get_materiel&rest_code=00150&code=00101008221&supplier_code=00100007&order_time=2020-09-05 HTTP/1.1" 200 412
218.81.217.115 - - [05/Sep/2020:07:56:02 +0800] "GET /xingrg/all/function/internal_message.html?_=1599263770526&CODE_STATE=getMsg HTTP/1.1" 200 27
172.17.0.123 - - [05/Sep/2020:07:56:02 +0800] "GET /xingrg/check_reg.html?_=1599263770360 HTTP/1.1" 200 22
116.238.71.173 - - [05/Sep/2020:07:56:10 +0800] "POST /xingrg/kc/buy/cgsh_order_operate.html HTTP/1.1" 200 37
116.238.71.173 - - [05/Sep/2020:07:56:30 +0800] "POST /xingrg/kc/buy/cgsh_order_operate.html HTTP/1.1" 200 22758
117.131.5.26 - - [05/Sep/2020:07:56:35 +0800] "GET /xingrg/all/function/internal_message.html?_=1599264076660&CODE_STATE=getMsg HTTP/1.1" 200 27
117.184.7.26 - - [05/Sep/2020:07:56:36 +0800] "GET /xingrg/all/function/internal_message.html?_=1599263782482&CODE_STATE=getMsg HTTP/1.1" 200 27
172.17.0.240 - - [05/Sep/2020:07:56:40 +0800] "GET /xingrg/all/function/internal_message.html?_=1599263794863&CODE_STATE=getMsg HTTP/1.1" 302 -
172.17.0.240 - - [05/Sep/2020:07:56:40 +0800] "GET /xingrg/check_reg.html?_=1599263794865 HTTP/1.1" 302 -
218.81.217.115 - - [05/Sep/2020:07:56:42 +0800] "GET /xingrg/all/function/internal_message.html?_=1599263815966&CODE_STATE=getMsg HTTP/1.1" 200 27
116.238.71.173 - - [05/Sep/2020:07:56:44 +0800] "GET /xingrg/kc/buy/cgsh_order_operate.html?command=get_materiel&rest_code=00150&code=00101008156&supplier_code=00100007&order_time=2020-09-05 HTTP/1.1" 200 414
222.69.135.99 - - [05/Sep/2020:07:56:44 +0800] "GET /xingrg/all/function/internal_message.html?_=1599263823692&CODE_STATE=getMsg HTTP/1.1" 200 27
116.238.71.173 - - [05/Sep/2020:07:56:47 +0800] "GET /xingrg/all/function/internal_message.html?_=1599263925169&CODE_STATE=getMsg HTTP/1.1" 200 27
114.88.166.242 - - [05/Sep/2020:07:56:51 +0800] "GET /xingrg/check_reg.html?_=1599263805861 HTTP/1.1" 200 22
172.17.0.123 - - [05/Sep/2020:07:57:00 +0800] "GET /xingrg/all/function/internal_message.html?_=1599263828396&CODE_STATE=getMsg HTTP/1.1" 200 27
218.81.217.115 - - [05/Sep/2020:07:57:02 +0800] "GET /xingrg/all/function/internal_message.html?_=1599263830547&CODE_STATE=getMsg HTTP/1.1" 200 27
116.238.71.173 - - [05/Sep/2020:07:57:04 +0800] "GET /xingrg/kc/buy/cgsh_order_operate.html?command=get_materiel&rest_code=00150&code=00101008350&supplier_code=00100007&order_time=2020-09-05 HTTP/1.1" 200 408
116.238.71.173 - - [05/Sep/2020:07:57:11 +0800] "GET /xingrg/kc/buy/cgsh_order_operate.html?command=get_materiel&rest_code=00150&code=00101008223&supplier_code=00100007&order_time=2020-09-05 HTTP/1.1" 200 412
172.17.0.240 - - [05/Sep/2020:07:57:12 +0800] "GET /xingrg/check_reg.html?_=1599263826423 HTTP/1.1" 302 -
116.238.71.173 - - [05/Sep/2020:07:57:19 +0800] "GET /xingrg/kc/buy/cgsh_order_operate.html?command=get_materiel&rest_code=00150&code=00101008134&supplier_code=00100007&order_time=2020-09-05 HTTP/1.1" 200 412
116.238.71.173 - - [05/Sep/2020:07:57:25 +0800] "POST /xingrg/kc/buy/cgsh_order_operate.html HTTP/1.1" 200 37
