172.17.0.104 - - [05/Sep/2020:10:22:33 +0800] "GET /xingrg/all/function/internal_message.html?_=1599272550987&CODE_STATE=count HTTP/1.1" 200 11
172.17.0.104 - - [05/Sep/2020:10:22:33 +0800] "GET /xingrg/check_reg.html?_=1599272550987 HTTP/1.1" 200 22
172.17.0.104 - - [05/Sep/2020:10:22:34 +0800] "POST /xingrg/load_menu.html HTTP/1.1" 200 5103
180.174.103.55 - - [05/Sep/2020:10:22:35 +0800] "GET /xingrg/kc/buy/cgsh_order_operate.html?command=get_materiel&rest_code=00143&code=00101012059&supplier_code=00100166&order_time=2020-09-05 HTTP/1.1" 200 412
180.174.103.55 - - [05/Sep/2020:10:22:36 +0800] "GET /xingrg/all/function/internal_message.html?_=1599272579762&CODE_STATE=getMsg HTTP/1.1" 200 27
172.17.0.104 - - [05/Sep/2020:10:22:36 +0800] "GET /xingrg/kc/mdqp/qp_main.html HTTP/1.1" 200 10613
172.17.0.104 - - [05/Sep/2020:10:22:36 +0800] "GET /favicon.ico HTTP/1.1" 404 -
116.238.71.173 - - [05/Sep/2020:10:22:37 +0800] "GET /xingrg/all/function/internal_message.html?_=1599272674923&CODE_STATE=getMsg HTTP/1.1" 200 27
172.17.0.104 - - [05/Sep/2020:10:22:37 +0800] "GET /xingrg/kc/base/base_main.html HTTP/1.1" 200 12132
172.17.0.240 - - [05/Sep/2020:10:22:40 +0800] "GET /xingrg/all/function/internal_message.html?_=1599272554871&CODE_STATE=getMsg HTTP/1.1" 302 -
172.17.0.104 - - [05/Sep/2020:10:22:41 +0800] "GET /xingrg/kc/buy/buy_main.html HTTP/1.1" 200 12377
172.17.0.104 - - [05/Sep/2020:10:22:41 +0800] "GET /xingrg/css/new_ie.css HTTP/1.1" 404 1036
172.17.0.104 - - [05/Sep/2020:10:22:42 +0800] "GET /xingrg/images/yd/bt.gif HTTP/1.1" 404 1040
61.172.5.115 - - [05/Sep/2020:10:22:42 +0800] "GET /xingrg/all/function/internal_message.html?_=1599272545667&CODE_STATE=getMsg HTTP/1.1" 200 27
172.17.0.104 - - [05/Sep/2020:10:22:42 +0800] "GET /xingrg/kc/buy/cgsh_order_list.html HTTP/1.1" 200 43916
172.17.0.104 - - [05/Sep/2020:10:22:44 +0800] "POST /xingrg/kc/buy/cgsh_list_operate.html HTTP/1.1" 200 876
222.69.135.99 - - [05/Sep/2020:10:22:44 +0800] "GET /xingrg/all/function/internal_message.html?_=1599272583996&CODE_STATE=getMsg HTTP/1.1" 200 27
180.152.230.204 - - [05/Sep/2020:10:22:48 +0800] "GET /xingrg/all/function/internal_message.html?_=1599272562024&CODE_STATE=getMsg HTTP/1.1" 200 27
180.152.230.204 - - [05/Sep/2020:10:22:48 +0800] "GET /xingrg/check_reg.html?_=1599272562025 HTTP/1.1" 200 22
218.81.217.115 - - [05/Sep/2020:10:22:48 +0800] "GET /xingrg/all/function/internal_message.html?_=1599272582557&CODE_STATE=getMsg HTTP/1.1" 200 27
218.81.217.115 - - [05/Sep/2020:10:22:54 +0800] "GET /xingrg/check_reg.html?_=1599272582559 HTTP/1.1" 200 22
180.174.103.55 - - [05/Sep/2020:10:22:55 +0800] "GET /xingrg/kc/buy/cgsh_order_operate.html?command=get_materiel&rest_code=00143&code=00101012010&supplier_code=00100166&order_time=2020-09-05 HTTP/1.1" 200 409
222.69.135.99 - - [05/Sep/2020:10:22:56 +0800] "GET /xingrg/kc/buy/cgsh_order_add.html HTTP/1.1" 200 59721
222.69.135.99 - - [05/Sep/2020:10:22:56 +0800] "POST /xingrg/kc/buy/cgsh_order_operate.html HTTP/1.1" 200 8245
222.69.135.99 - - [05/Sep/2020:10:22:56 +0800] "GET /xingrg/javascript/easyui/themes/default/validatebox.css HTTP/1.1" 404 1104
172.17.0.104 - - [05/Sep/2020:10:22:57 +0800] "GET /xingrg/kc/buy/cgsh_order_add.html HTTP/1.1" 200 59601
172.17.0.104 - - [05/Sep/2020:10:22:57 +0800] "GET /xingrg/words/20200904134957_words.js HTTP/1.1" 304 -
117.184.7.26 - - [05/Sep/2020:10:22:57 +0800] "GET /xingrg/all/function/internal_message.html?_=1599272563797&CODE_STATE=getMsg HTTP/1.1" 200 27
172.17.0.104 - - [05/Sep/2020:10:22:57 +0800] "POST /xingrg/kc/buy/cgsh_order_operate.html HTTP/1.1" 200 8245
172.17.0.104 - - [05/Sep/2020:10:22:57 +0800] "GET /xingrg/all/common/auto_word.html?type=employee&rest_code=00147 HTTP/1.1" 200 201
172.17.0.104 - - [05/Sep/2020:10:22:57 +0800] "GET /xingrg/all/common/auto_word.html?type=employee&rest_code=00147 HTTP/1.1" 200 201
172.17.0.104 - - [05/Sep/2020:10:22:57 +0800] "GET /xingrg/javascript/easyui/themes/default/validatebox.css HTTP/1.1" 404 1104
222.69.135.99 - - [05/Sep/2020:10:23:00 +0800] "GET /xingrg/all/function/internal_message.html?_=1599272566781&CODE_STATE=getMsg HTTP/1.1" 200 27
172.17.0.123 - - [05/Sep/2020:10:23:01 +0800] "GET /xingrg/all/function/internal_message.html?_=1599272588396&CODE_STATE=getMsg HTTP/1.1" 200 27
183.192.89.226 - - [05/Sep/2020:10:23:01 +0800] "GET /xingrg/all/function/internal_message.html?_=1599272620812&CODE_STATE=getMsg HTTP/1.1" 200 27
116.238.90.59 - - [05/Sep/2020:10:23:02 +0800] "GET /xingrg/all/function/internal_message.html?_=1599272786039&CODE_STATE=getMsg HTTP/1.1" 200 27
61.172.5.115 - - [05/Sep/2020:10:23:05 +0800] "POST /xingrg/kc/base/wldb_order_operate.html HTTP/1.1" 200 37
61.172.5.115 - - [05/Sep/2020:10:23:06 +0800] "POST /xingrg/kc/base/wldb_order_operate.html HTTP/1.1" 200 5175
61.172.5.115 - - [05/Sep/2020:10:23:06 +0800] "GET /xingrg/kc/base/wldb_order_info.html?code=422020090500508 HTTP/1.1" 200 30423
61.172.5.115 - - [05/Sep/2020:10:23:07 +0800] "GET /xingrg/javascript/easyui/themes/default/validatebox.css HTTP/1.1" 404 1104
61.172.5.115 - - [05/Sep/2020:10:23:07 +0800] "POST /xingrg/kc/base/wldb_order_operate.html HTTP/1.1" 200 5175
114.88.166.242 - - [05/Sep/2020:10:23:07 +0800] "GET /xingrg/all/function/internal_message.html?_=1599272644171&CODE_STATE=getMsg HTTP/1.1" 200 27
120.253.135.82 - - [05/Sep/2020:10:23:08 +0800] "GET /xingrg/kc/pszx/mdps_order_list.html?orderType=0 HTTP/1.1" 200 21059
120.253.135.82 - - [05/Sep/2020:10:23:08 +0800] "POST /xingrg/kc/pszx/mdps_list_operate.html HTTP/1.1" 200 5252
120.253.135.82 - - [05/Sep/2020:10:23:09 +0800] "GET /xingrg/kc/pszx/mdqp_order_list.html?state=10 HTTP/1.1" 200 10565
120.253.135.82 - - [05/Sep/2020:10:23:09 +0800] "GET /xingrg/dwr/util.js HTTP/1.1" 304 -
120.253.135.82 - - [05/Sep/2020:10:23:09 +0800] "GET /xingrg/javascript/Calendar.js HTTP/1.1" 304 -
120.253.135.82 - - [05/Sep/2020:10:23:09 +0800] "GET /xingrg/css/blue.css HTTP/1.1" 304 -
120.253.135.82 - - [05/Sep/2020:10:23:09 +0800] "GET /xingrg/dwr/interface/AjaxReportQueryService.js HTTP/1.1" 200 13203
120.253.135.82 - - [05/Sep/2020:10:23:09 +0800] "GET /xingrg/dwr/interface/AjaxQqpsService.js HTTP/1.1" 200 16326
120.253.135.82 - - [05/Sep/2020:10:23:09 +0800] "GET /xingrg/dwr/engine.js HTTP/1.1" 200 43631
120.253.135.82 - - [05/Sep/2020:10:23:09 +0800] "GET /xingrg/javascript/jquery_easy_ui/themes/icons/check_new.png HTTP/1.1" 304 -
120.253.135.82 - - [05/Sep/2020:10:23:09 +0800] "GET /xingrg/javascript/jquery_easy_ui/themes/icons/back_new.png HTTP/1.1" 304 -
120.253.135.82 - - [05/Sep/2020:10:23:09 +0800] "GET /xingrg/javascript/jquery_easy_ui/themes/icons/uncheck_new.png HTTP/1.1" 304 -
61.172.5.115 - - [05/Sep/2020:10:23:09 +0800] "GET /xingrg/all/function/internal_message.html?_=1599272588988&CODE_STATE=getMsg HTTP/1.1" 200 27
61.172.5.115 - - [05/Sep/2020:10:23:10 +0800] "GET /xingrg/check_reg.html?_=1599272589677 HTTP/1.1" 200 22
120.253.135.82 - - [05/Sep/2020:10:23:11 +0800] "GET /xingrg/kc/pszx/mdps_order_list.html?orderType=0 HTTP/1.1" 200 21059
120.253.135.82 - - [05/Sep/2020:10:23:12 +0800] "POST /xingrg/kc/pszx/mdps_list_operate.html HTTP/1.1" 200 5252
180.174.103.55 - - [05/Sep/2020:10:23:14 +0800] "GET /xingrg/kc/buy/cgsh_order_operate.html?command=get_materiel&rest_code=00143&code=00101012066&supplier_code=00100166&order_time=2020-09-05 HTTP/1.1" 200 418
172.17.0.104 - - [05/Sep/2020:10:23:15 +0800] "GET /xingrg/javascript/auto/indicator.gif HTTP/1.1" 404 1066
117.185.32.26 - - [05/Sep/2020:10:23:16 +0800] "GET /xingrg/all/function/internal_message.html?_=1599273022915&CODE_STATE=getMsg HTTP/1.1" 200 27
172.17.0.104 - - [05/Sep/2020:10:23:20 +0800] "GET /xingrg/javascript/jquery_tools/images/next.gif HTTP/1.1" 404 1086
172.17.0.104 - - [05/Sep/2020:10:23:20 +0800] "GET /xingrg/javascript/jquery_tools/images/prev.gif HTTP/1.1" 404 1086
218.81.217.115 - - [05/Sep/2020:10:23:21 +0800] "GET /xingrg/all/function/internal_message.html?_=1599272609496&CODE_STATE=getMsg HTTP/1.1" 200 27
120.253.135.82 - - [05/Sep/2020:10:23:25 +0800] "GET /xingrg/kc/pszx/mdps_order_add.html HTTP/1.1" 200 28999
120.253.135.82 - - [05/Sep/2020:10:23:25 +0800] "POST /xingrg/kc/pszx/mdps_order_operate.html HTTP/1.1" 200 7126
120.253.135.82 - - [05/Sep/2020:10:23:25 +0800] "GET /xingrg/javascript/easyui/themes/default/validatebox.css HTTP/1.1" 404 1104
58.37.9.106 - - [05/Sep/2020:10:23:26 +0800] "GET /xingrg/all/function/internal_message.html?_=1599272234298&CODE_STATE=getMsg HTTP/1.1" 200 27
116.230.74.197 - - [05/Sep/2020:10:23:26 +0800] "GET /xingrg/check_reg.html?_=1599272600311 HTTP/1.1" 200 22
116.230.74.197 - - [05/Sep/2020:10:23:28 +0800] "GET /xingrg/all/function/internal_message.html?_=1599272601455&CODE_STATE=getMsg HTTP/1.1" 200 27
120.253.135.82 - - [05/Sep/2020:10:23:28 +0800] "GET /xingrg/check_reg.html?_=1599272355260 HTTP/1.1" 200 22
120.253.135.82 - - [05/Sep/2020:10:23:28 +0800] "GET /xingrg/all/function/internal_message.html?_=1599272355556&CODE_STATE=getMsg HTTP/1.1" 200 27
117.131.5.26 - - [05/Sep/2020:10:23:32 +0800] "GET /xingrg/all/function/internal_message.html?_=1599272893756&CODE_STATE=getMsg HTTP/1.1" 200 27
172.17.0.104 - - [05/Sep/2020:10:23:32 +0800] "GET /xingrg/kc/buy/cgsh_order_operate.html?command=get_materiel&rest_code=00147&code=00101008350&supplier_code=00100007&order_time=2020-09-05 HTTP/1.1" 200 408
58.40.7.146 - - [05/Sep/2020:10:23:33 +0800] "GET /xingrg/all/function/internal_message.html?_=1599272609775&CODE_STATE=getMsg HTTP/1.1" 200 27
172.17.0.104 - - [05/Sep/2020:10:23:33 +0800] "GET /xingrg/all/function/internal_message.html?_=1599272611004&CODE_STATE=getMsg HTTP/1.1" 200 27
180.174.103.55 - - [05/Sep/2020:10:23:36 +0800] "GET /xingrg/all/function/internal_message.html?_=1599272639759&CODE_STATE=getMsg HTTP/1.1" 200 27
222.69.135.99 - - [05/Sep/2020:10:23:36 +0800] "GET /xingrg/kc/buy/cgsh_order_operate.html?command=get_materiel&rest_code=00149&code=00101009109&supplier_code=00100201&order_time=2020-09-05 HTTP/1.1" 200 399
120.253.135.82 - - [05/Sep/2020:10:23:36 +0800] "GET /xingrg/css/images/panel_loading.gif HTTP/1.1" 304 -
120.253.135.82 - - [05/Sep/2020:10:23:36 +0800] "POST /xingrg/all/common/load_combo.html?type=base HTTP/1.1" 200 899
116.238.71.173 - - [05/Sep/2020:10:23:37 +0800] "GET /xingrg/all/function/internal_message.html?_=1599272734935&CODE_STATE=getMsg HTTP/1.1" 200 27
172.17.0.240 - - [05/Sep/2020:10:23:40 +0800] "GET /xingrg/all/function/internal_message.html?_=1599272614872&CODE_STATE=getMsg HTTP/1.1" 302 -
180.174.103.55 - - [05/Sep/2020:10:23:42 +0800] "GET /xingrg/kc/buy/cgsh_order_operate.html?command=get_materiel&rest_code=00143&code=00101012082&supplier_code=00100166&order_time=2020-09-05 HTTP/1.1" 200 394
61.172.5.115 - - [05/Sep/2020:10:23:42 +0800] "GET /xingrg/all/function/internal_message.html?_=1599272605662&CODE_STATE=getMsg HTTP/1.1" 200 27
222.69.135.99 - - [05/Sep/2020:10:23:44 +0800] "GET /xingrg/kc/buy/cgsh_order_operate.html?command=get_materiel&rest_code=00149&code=00101009011&supplier_code=00100201&order_time=2020-09-05 HTTP/1.1" 200 416
222.69.135.99 - - [05/Sep/2020:10:23:44 +0800] "GET /xingrg/all/function/internal_message.html?_=1599272644000&CODE_STATE=getMsg HTTP/1.1" 200 27
180.152.230.204 - - [05/Sep/2020:10:23:48 +0800] "GET /xingrg/all/function/internal_message.html?_=1599272622009&CODE_STATE=getMsg HTTP/1.1" 200 27
218.81.217.115 - - [05/Sep/2020:10:23:48 +0800] "GET /xingrg/all/function/internal_message.html?_=1599272642683&CODE_STATE=getMsg HTTP/1.1" 200 27
172.17.0.104 - - [05/Sep/2020:10:23:50 +0800] "GET /xingrg/kc/buy/cgsh_order_operate.html?command=get_materiel&rest_code=00147&code=00101008244&supplier_code=00100007&order_time=2020-09-05 HTTP/1.1" 200 408
218.81.217.115 - - [05/Sep/2020:10:23:51 +0800] "GET /xingrg/check_reg.html?_=1599272646068 HTTP/1.1" 200 22
222.69.135.99 - - [05/Sep/2020:10:23:53 +0800] "GET /xingrg/kc/buy/cgsh_order_operate.html?command=get_materiel&rest_code=00149&code=00101009019&supplier_code=00100201&order_time=2020-09-05 HTTP/1.1" 200 433
120.253.135.82 - - [05/Sep/2020:10:23:56 +0800] "GET /xingrg/kc/pszx/mdps_order_operate.html?command=get_materiel&pszx_code=00101&rest_code=00149&base_code=0010246&code=00101032002 HTTP/1.1" 200 439
117.184.7.26 - - [05/Sep/2020:10:23:57 +0800] "GET /xingrg/all/function/internal_message.html?_=1599272623792&CODE_STATE=getMsg HTTP/1.1" 200 27
222.69.135.99 - - [05/Sep/2020:10:24:00 +0800] "GET /xingrg/all/function/internal_message.html?_=1599272626780&CODE_STATE=getMsg HTTP/1.1" 200 27
172.17.0.123 - - [05/Sep/2020:10:24:01 +0800] "GET /xingrg/all/function/internal_message.html?_=1599272648382&CODE_STATE=getMsg HTTP/1.1" 200 27
183.192.89.226 - - [05/Sep/2020:10:24:01 +0800] "GET /xingrg/all/function/internal_message.html?_=1599272680826&CODE_STATE=getMsg HTTP/1.1" 200 27
116.238.90.59 - - [05/Sep/2020:10:24:02 +0800] "GET /xingrg/all/function/internal_message.html?_=1599272846523&CODE_STATE=getMsg HTTP/1.1" 200 27
222.69.135.99 - - [05/Sep/2020:10:24:05 +0800] "GET /xingrg/kc/buy/cgsh_order_operate.html?command=get_materiel&rest_code=00149&code=00101009059&supplier_code=00100201&order_time=2020-09-05 HTTP/1.1" 200 409
172.17.0.104 - - [05/Sep/2020:10:24:06 +0800] "GET /xingrg/kc/buy/cgsh_order_operate.html?command=get_materiel&rest_code=00147&code=00101008149&supplier_code=00100007&order_time=2020-09-05 HTTP/1.1" 200 408
114.88.166.242 - - [05/Sep/2020:10:24:07 +0800] "GET /xingrg/all/function/internal_message.html?_=1599272704177&CODE_STATE=getMsg HTTP/1.1" 200 27
61.172.5.115 - - [05/Sep/2020:10:24:09 +0800] "GET /xingrg/all/function/internal_message.html?_=1599272648971&CODE_STATE=getMsg HTTP/1.1" 200 27
117.185.32.26 - - [05/Sep/2020:10:24:16 +0800] "GET /xingrg/all/function/internal_message.html?_=1599273082914&CODE_STATE=getMsg HTTP/1.1" 200 27
222.69.135.99 - - [05/Sep/2020:10:24:20 +0800] "GET /xingrg/kc/buy/cgsh_order_operate.html?command=get_materiel&rest_code=00149&code=00101009016&supplier_code=00100201&order_time=2020-09-05 HTTP/1.1" 200 412
218.81.217.115 - - [05/Sep/2020:10:24:21 +0800] "GET /xingrg/all/function/internal_message.html?_=1599272669510&CODE_STATE=getMsg HTTP/1.1" 200 27
58.37.9.106 - - [05/Sep/2020:10:24:26 +0800] "GET /xingrg/all/function/internal_message.html?_=1599272294298&CODE_STATE=getMsg HTTP/1.1" 200 27
116.230.74.197 - - [05/Sep/2020:10:24:28 +0800] "GET /xingrg/all/function/internal_message.html?_=1599272661438&CODE_STATE=getMsg HTTP/1.1" 200 27
120.253.135.82 - - [05/Sep/2020:10:24:28 +0800] "GET /xingrg/all/function/internal_message.html?_=1599272415570&CODE_STATE=getMsg HTTP/1.1" 200 27
120.253.135.82 - - [05/Sep/2020:10:24:29 +0800] "GET /xingrg/kc/pszx/mdps_order_operate.html?command=get_materiel&pszx_code=00101&rest_code=00149&base_code=0010246&code=00101032006 HTTP/1.1" 200 439
117.131.5.26 - - [05/Sep/2020:10:24:32 +0800] "GET /xingrg/all/function/internal_message.html?_=1599272953789&CODE_STATE=getMsg HTTP/1.1" 200 27
180.174.103.55 - - [05/Sep/2020:10:24:33 +0800] "POST /xingrg/kc/buy/cgsh_order_operate.html HTTP/1.1" 200 37
172.17.0.104 - - [05/Sep/2020:10:24:33 +0800] "GET /xingrg/all/function/internal_message.html?_=1599272671013&CODE_STATE=getMsg HTTP/1.1" 200 27
180.174.103.55 - - [05/Sep/2020:10:24:35 +0800] "POST /xingrg/kc/buy/cgsh_order_operate.html HTTP/1.1" 200 5611
180.174.103.55 - - [05/Sep/2020:10:24:36 +0800] "GET /xingrg/all/function/internal_message.html?_=1599272699782&CODE_STATE=getMsg HTTP/1.1" 200 27
116.238.71.173 - - [05/Sep/2020:10:24:36 +0800] "GET /xingrg/check_reg.html?_=1599272794660 HTTP/1.1" 200 22
116.238.71.173 - - [05/Sep/2020:10:24:37 +0800] "GET /xingrg/all/function/internal_message.html?_=1599272794949&CODE_STATE=getMsg HTTP/1.1" 200 27
172.17.0.240 - - [05/Sep/2020:10:24:40 +0800] "GET /xingrg/all/function/internal_message.html?_=1599272674875&CODE_STATE=getMsg HTTP/1.1" 302 -
61.172.5.115 - - [05/Sep/2020:10:24:42 +0800] "GET /xingrg/check_reg.html?_=1599272665670 HTTP/1.1" 200 22
61.172.5.115 - - [05/Sep/2020:10:24:42 +0800] "GET /xingrg/all/function/internal_message.html?_=1599272665673&CODE_STATE=getMsg HTTP/1.1" 200 27
180.174.103.55 - - [05/Sep/2020:10:24:42 +0800] "POST /xingrg/kc/buy/cgsh_order_operate.html HTTP/1.1" 200 37
222.69.135.99 - - [05/Sep/2020:10:24:44 +0800] "GET /xingrg/all/function/internal_message.html?_=1599272704008&CODE_STATE=getMsg HTTP/1.1" 200 27
222.69.135.99 - - [05/Sep/2020:10:24:44 +0800] "GET /xingrg/check_reg.html?_=1599272704039 HTTP/1.1" 200 22
222.69.135.99 - - [05/Sep/2020:10:24:44 +0800] "GET /xingrg/kc/buy/cgsh_order_operate.html?command=get_materiel&rest_code=00149&code=00101009013&supplier_code=00100201&order_time=2020-09-05 HTTP/1.1" 200 420
180.174.103.55 - - [05/Sep/2020:10:24:45 +0800] "POST /xingrg/kc/buy/cgsh_order_operate.html HTTP/1.1" 200 12
180.174.103.55 - - [05/Sep/2020:10:24:46 +0800] "GET /xingrg/kc/buy/cgsh_order_info.html?code=212020090501789 HTTP/1.1" 200 53654
180.174.103.55 - - [05/Sep/2020:10:24:46 +0800] "GET /xingrg/javascript/easyui/themes/default/validatebox.css HTTP/1.1" 404 1104
180.174.103.55 - - [05/Sep/2020:10:24:47 +0800] "POST /xingrg/kc/buy/cgsh_order_operate.html HTTP/1.1" 200 3559
180.152.230.204 - - [05/Sep/2020:10:24:48 +0800] "GET /xingrg/all/function/internal_message.html?_=1599272682029&CODE_STATE=getMsg HTTP/1.1" 200 27
218.81.217.115 - - [05/Sep/2020:10:24:48 +0800] "GET /xingrg/all/function/internal_message.html?_=1599272702693&CODE_STATE=getMsg HTTP/1.1" 200 27
180.174.103.55 - - [05/Sep/2020:10:24:50 +0800] "GET /xingrg/kc/print/load_config.html?kc_code=cgsh HTTP/1.1" 200 1845
180.174.103.55 - - [05/Sep/2020:10:24:50 +0800] "GET /xingrg/kc/print/load_data.html?order_code=212020090501789&kc_code=cgsh&condition= HTTP/1.1" 200 1877
116.238.90.59 - - [05/Sep/2020:10:24:55 +0800] "GET /xingrg/check_reg.html?_=1599272899382 HTTP/1.1" 200 22
117.184.7.26 - - [05/Sep/2020:10:24:57 +0800] "GET /xingrg/all/function/internal_message.html?_=1599272683813&CODE_STATE=getMsg HTTP/1.1" 200 27
222.69.135.99 - - [05/Sep/2020:10:25:00 +0800] "GET /xingrg/all/function/internal_message.html?_=1599272686804&CODE_STATE=getMsg HTTP/1.1" 200 27
222.69.135.99 - - [05/Sep/2020:10:25:00 +0800] "GET /xingrg/check_reg.html?_=1599272686806 HTTP/1.1" 200 22
183.192.89.226 - - [05/Sep/2020:10:25:00 +0800] "GET /xingrg/all/function/internal_message.html?_=1599272740813&CODE_STATE=getMsg HTTP/1.1" 200 27
172.17.0.123 - - [05/Sep/2020:10:25:01 +0800] "GET /xingrg/all/function/internal_message.html?_=1599272708384&CODE_STATE=getMsg HTTP/1.1" 200 27
222.69.135.99 - - [05/Sep/2020:10:25:01 +0800] "GET /xingrg/kc/buy/cgsh_order_operate.html?command=get_materiel&rest_code=00149&code=00101009007&supplier_code=00100201&order_time=2020-09-05 HTTP/1.1" 200 408
116.238.90.59 - - [05/Sep/2020:10:25:02 +0800] "GET /xingrg/all/function/internal_message.html?_=1599272906535&CODE_STATE=getMsg HTTP/1.1" 200 27
120.253.135.82 - - [05/Sep/2020:10:25:04 +0800] "GET /xingrg/kc/pszx/mdps_order_operate.html?command=get_materiel&pszx_code=00101&rest_code=00149&base_code=0010246&code=00101032005 HTTP/1.1" 200 438
114.88.166.242 - - [05/Sep/2020:10:25:07 +0800] "GET /xingrg/check_reg.html?_=1599272764176 HTTP/1.1" 200 22
114.88.166.242 - - [05/Sep/2020:10:25:07 +0800] "GET /xingrg/all/function/internal_message.html?_=1599272764177&CODE_STATE=getMsg HTTP/1.1" 200 27
61.172.5.115 - - [05/Sep/2020:10:25:09 +0800] "GET /xingrg/all/function/internal_message.html?_=1599272708945&CODE_STATE=getMsg HTTP/1.1" 200 27
222.69.135.99 - - [05/Sep/2020:10:25:11 +0800] "POST /xingrg/kc/buy/cgsh_order_operate.html HTTP/1.1" 200 37
222.69.135.99 - - [05/Sep/2020:10:25:14 +0800] "POST /xingrg/kc/buy/cgsh_order_operate.html HTTP/1.1" 200 12
222.69.135.99 - - [05/Sep/2020:10:25:16 +0800] "GET /xingrg/kc/buy/cgsh_order_info.html?code=212020090501790 HTTP/1.1" 200 54624
222.69.135.99 - - [05/Sep/2020:10:25:16 +0800] "GET /xingrg/javascript/easyui/themes/default/validatebox.css HTTP/1.1" 404 1104
117.185.32.26 - - [05/Sep/2020:10:25:16 +0800] "GET /xingrg/all/function/internal_message.html?_=1599273142912&CODE_STATE=getMsg HTTP/1.1" 200 27
222.69.135.99 - - [05/Sep/2020:10:25:16 +0800] "POST /xingrg/kc/buy/cgsh_order_operate.html HTTP/1.1" 200 5341
222.69.135.99 - - [05/Sep/2020:10:25:19 +0800] "GET /xingrg/kc/print/load_data.html?order_code=212020090501790&kc_code=cgsh&condition= HTTP/1.1" 200 2515
218.81.217.115 - - [05/Sep/2020:10:25:21 +0800] "GET /xingrg/all/function/internal_message.html?_=1599272729804&CODE_STATE=getMsg HTTP/1.1" 200 27
120.253.135.82 - - [05/Sep/2020:10:25:21 +0800] "POST /xingrg/kc/pszx/mdps_order_operate.html HTTP/1.1" 200 37
120.253.135.82 - - [05/Sep/2020:10:25:22 +0800] "GET /xingrg/kc/pszx/mdps_order_info.html?code=312020090500130 HTTP/1.1" 200 23849
120.253.135.82 - - [05/Sep/2020:10:25:22 +0800] "GET /xingrg/javascript/easyui/themes/default/validatebox.css HTTP/1.1" 404 1104
120.253.135.82 - - [05/Sep/2020:10:25:22 +0800] "POST /xingrg/kc/pszx/mdps_order_operate.html HTTP/1.1" 200 3267
58.37.9.106 - - [05/Sep/2020:10:25:26 +0800] "GET /xingrg/all/function/internal_message.html?_=1599272354298&CODE_STATE=getMsg HTTP/1.1" 200 27
58.37.9.106 - - [05/Sep/2020:10:25:26 +0800] "GET /xingrg/check_reg.html?_=1599272354300 HTTP/1.1" 200 22
116.230.74.197 - - [05/Sep/2020:10:25:28 +0800] "GET /xingrg/all/function/internal_message.html?_=1599272721423&CODE_STATE=getMsg HTTP/1.1" 200 27
120.253.135.82 - - [05/Sep/2020:10:25:28 +0800] "GET /xingrg/all/function/internal_message.html?_=1599272475584&CODE_STATE=getMsg HTTP/1.1" 200 27
117.131.5.26 - - [05/Sep/2020:10:25:29 +0800] "GET /xingrg/check_reg.html?_=1599273010514 HTTP/1.1" 200 22
120.253.135.82 - - [05/Sep/2020:10:25:31 +0800] "GET /xingrg/kc/pszx/mdps_order_operate.html?command=get_materiel&pszx_code=00101&rest_code=00149&base_code=0010246&code=00101032007 HTTP/1.1" 200 412
117.131.5.26 - - [05/Sep/2020:10:25:32 +0800] "GET /xingrg/all/function/internal_message.html?_=1599273013798&CODE_STATE=getMsg HTTP/1.1" 200 27
117.185.32.26 - - [05/Sep/2020:10:25:33 +0800] "POST /xingrg/services/DataTransmitService HTTP/1.1" 200 524
117.185.32.26 - - [05/Sep/2020:10:25:33 +0800] "POST /xingrg/services/DataTransmitService HTTP/1.1" 200 501
117.185.32.26 - - [05/Sep/2020:10:25:33 +0800] "POST /xingrg/services/DataTransmitService HTTP/1.1" 200 501
172.17.0.104 - - [05/Sep/2020:10:25:33 +0800] "GET /xingrg/all/function/internal_message.html?_=1599272731003&CODE_STATE=getMsg HTTP/1.1" 200 27
117.185.32.26 - - [05/Sep/2020:10:25:34 +0800] "POST /xingrg/services/DataTransmitService HTTP/1.1" 200 501
117.185.32.26 - - [05/Sep/2020:10:25:34 +0800] "POST /xingrg/services/DataTransmitService HTTP/1.1" 200 501
117.185.32.26 - - [05/Sep/2020:10:25:34 +0800] "POST /xingrg/services/DataTransmitService HTTP/1.1" 200 412
180.174.103.55 - - [05/Sep/2020:10:25:36 +0800] "GET /xingrg/check_reg.html?_=1599272759774 HTTP/1.1" 200 22
180.174.103.55 - - [05/Sep/2020:10:25:36 +0800] "GET /xingrg/all/function/internal_message.html?_=1599272759778&CODE_STATE=getMsg HTTP/1.1" 200 27
116.238.71.173 - - [05/Sep/2020:10:25:37 +0800] "GET /xingrg/all/function/internal_message.html?_=1599272854963&CODE_STATE=getMsg HTTP/1.1" 200 27
222.69.135.99 - - [05/Sep/2020:10:25:39 +0800] "GET /xingrg/kc/buy/cgsh_order_add.html HTTP/1.1" 200 59721
222.69.135.99 - - [05/Sep/2020:10:25:39 +0800] "POST /xingrg/kc/buy/cgsh_order_operate.html HTTP/1.1" 200 8245
222.69.135.99 - - [05/Sep/2020:10:25:39 +0800] "GET /xingrg/javascript/easyui/themes/default/validatebox.css HTTP/1.1" 404 1104
172.17.0.240 - - [05/Sep/2020:10:25:40 +0800] "GET /xingrg/all/function/internal_message.html?_=1599272734877&CODE_STATE=getMsg HTTP/1.1" 302 -
61.172.5.115 - - [05/Sep/2020:10:25:42 +0800] "GET /xingrg/all/function/internal_message.html?_=1599272725673&CODE_STATE=getMsg HTTP/1.1" 200 27
222.69.135.99 - - [05/Sep/2020:10:25:44 +0800] "GET /xingrg/all/function/internal_message.html?_=1599272764029&CODE_STATE=getMsg HTTP/1.1" 200 27
172.17.0.104 - - [05/Sep/2020:10:25:45 +0800] "GET /xingrg/kc/buy/cgsh_order_operate.html?command=get_materiel&rest_code=00147&code=00101008110&supplier_code=00100007&order_time=2020-09-05 HTTP/1.1" 200 408
117.185.32.26 - - [05/Sep/2020:10:25:45 +0800] "POST /xingrg/services/DataTransmitService HTTP/1.1" 200 524
117.185.32.26 - - [05/Sep/2020:10:25:47 +0800] "POST /xingrg/services/DataTransmitService HTTP/1.1" 200 501
117.185.32.26 - - [05/Sep/2020:10:25:47 +0800] "POST /xingrg/services/DataTransmitService HTTP/1.1" 200 501
180.152.230.204 - - [05/Sep/2020:10:25:48 +0800] "GET /xingrg/all/function/internal_message.html?_=1599272742029&CODE_STATE=getMsg HTTP/1.1" 200 27
218.81.217.115 - - [05/Sep/2020:10:25:48 +0800] "GET /xingrg/all/function/internal_message.html?_=1599272762707&CODE_STATE=getMsg HTTP/1.1" 200 27
58.37.9.106 - - [05/Sep/2020:10:25:48 +0800] "GET /xingrg/check_reg.html?_=1599272742521 HTTP/1.1" 200 22
172.17.0.185 - - [05/Sep/2020:10:25:51 +0800] "GET /xingrg/check_reg.html?_=1599272747136 HTTP/1.1" 200 22
117.185.32.26 - - [05/Sep/2020:10:25:53 +0800] "POST /xingrg/services/DataTransmitService HTTP/1.1" 200 501
117.185.32.26 - - [05/Sep/2020:10:25:56 +0800] "POST /xingrg/services/DataTransmitService HTTP/1.1" 200 501
117.185.32.26 - - [05/Sep/2020:10:25:57 +0800] "POST /xingrg/services/DataTransmitService HTTP/1.1" 200 501
117.185.32.26 - - [05/Sep/2020:10:25:57 +0800] "POST /xingrg/services/DataTransmitService HTTP/1.1" 200 501
117.184.7.26 - - [05/Sep/2020:10:25:57 +0800] "GET /xingrg/all/function/internal_message.html?_=1599272743808&CODE_STATE=getMsg HTTP/1.1" 200 27
117.185.32.26 - - [05/Sep/2020:10:25:57 +0800] "POST /xingrg/services/DataTransmitService HTTP/1.1" 200 501
117.185.32.26 - - [05/Sep/2020:10:25:58 +0800] "POST /xingrg/services/DataTransmitService HTTP/1.1" 200 501
117.185.32.26 - - [05/Sep/2020:10:25:59 +0800] "POST /xingrg/services/DataTransmitService HTTP/1.1" 200 501
183.192.89.226 - - [05/Sep/2020:10:26:00 +0800] "GET /xingrg/check_reg.html?_=1599272800761 HTTP/1.1" 200 22
183.192.89.226 - - [05/Sep/2020:10:26:00 +0800] "GET /xingrg/all/function/internal_message.html?_=1599272800816&CODE_STATE=getMsg HTTP/1.1" 200 27
222.69.135.99 - - [05/Sep/2020:10:26:00 +0800] "GET /xingrg/all/function/internal_message.html?_=1599272746785&CODE_STATE=getMsg HTTP/1.1" 200 27
117.185.32.26 - - [05/Sep/2020:10:26:00 +0800] "POST /xingrg/services/DataTransmitService HTTP/1.1" 200 412
172.17.0.123 - - [05/Sep/2020:10:26:01 +0800] "GET /xingrg/all/function/internal_message.html?_=1599272768386&CODE_STATE=getMsg HTTP/1.1" 200 27
172.17.0.123 - - [05/Sep/2020:10:26:02 +0800] "GET /xingrg/check_reg.html?_=1599272769794 HTTP/1.1" 200 22
116.238.90.59 - - [05/Sep/2020:10:26:03 +0800] "GET /xingrg/all/function/internal_message.html?_=1599272967090&CODE_STATE=getMsg HTTP/1.1" 200 27
114.88.166.242 - - [05/Sep/2020:10:26:07 +0800] "GET /xingrg/all/function/internal_message.html?_=1599272824175&CODE_STATE=getMsg HTTP/1.1" 200 27
120.253.135.82 - - [05/Sep/2020:10:26:09 +0800] "GET /xingrg/kc/pszx/mdps_order_operate.html?command=get_materiel&pszx_code=00101&rest_code=00149&base_code=0010246&code=00101032008 HTTP/1.1" 200 412
61.172.5.115 - - [05/Sep/2020:10:26:09 +0800] "GET /xingrg/all/function/internal_message.html?_=1599272768925&CODE_STATE=getMsg HTTP/1.1" 200 27
117.185.32.26 - - [05/Sep/2020:10:26:16 +0800] "GET /xingrg/all/function/internal_message.html?_=1599273202955&CODE_STATE=getMsg HTTP/1.1" 200 27
117.185.32.26 - - [05/Sep/2020:10:26:16 +0800] "GET /xingrg/check_reg.html?_=1599273203111 HTTP/1.1" 200 22
117.185.32.26 - - [05/Sep/2020:10:26:16 +0800] "POST /xingrg/services/DataTransmitService HTTP/1.1" 200 524
117.185.32.26 - - [05/Sep/2020:10:26:17 +0800] "POST /xingrg/services/DataTransmitService HTTP/1.1" 200 501
117.185.32.26 - - [05/Sep/2020:10:26:17 +0800] "POST /xingrg/services/DataTransmitService HTTP/1.1" 200 501
117.185.32.26 - - [05/Sep/2020:10:26:19 +0800] "POST /xingrg/services/DataTransmitService HTTP/1.1" 200 501
117.185.32.26 - - [05/Sep/2020:10:26:21 +0800] "POST /xingrg/services/DataTransmitService HTTP/1.1" 200 501
218.81.217.115 - - [05/Sep/2020:10:26:21 +0800] "GET /xingrg/all/function/internal_message.html?_=1599272789818&CODE_STATE=getMsg HTTP/1.1" 200 27
117.185.32.26 - - [05/Sep/2020:10:26:21 +0800] "POST /xingrg/services/DataTransmitService HTTP/1.1" 200 501
117.185.32.26 - - [05/Sep/2020:10:26:21 +0800] "POST /xingrg/services/DataTransmitService HTTP/1.1" 200 501
117.185.32.26 - - [05/Sep/2020:10:26:21 +0800] "POST /xingrg/services/DataTransmitService HTTP/1.1" 200 501
120.253.135.82 - - [05/Sep/2020:10:26:22 +0800] "GET /xingrg/kc/pszx/mdps_order_operate.html?command=get_materiel&pszx_code=00101&rest_code=00149&base_code=0010246&code=00101032009 HTTP/1.1" 200 412
117.185.32.26 - - [05/Sep/2020:10:26:22 +0800] "POST /xingrg/services/DataTransmitService HTTP/1.1" 200 501
117.185.32.26 - - [05/Sep/2020:10:26:24 +0800] "POST /xingrg/services/DataTransmitService HTTP/1.1" 200 501
117.185.32.26 - - [05/Sep/2020:10:26:26 +0800] "POST /xingrg/services/DataTransmitService HTTP/1.1" 200 412
58.37.9.106 - - [05/Sep/2020:10:26:26 +0800] "GET /xingrg/all/function/internal_message.html?_=1599272414299&CODE_STATE=getMsg HTTP/1.1" 200 27
116.230.74.197 - - [05/Sep/2020:10:26:28 +0800] "GET /xingrg/all/function/internal_message.html?_=1599272781409&CODE_STATE=getMsg HTTP/1.1" 200 27
120.253.135.82 - - [05/Sep/2020:10:26:28 +0800] "GET /xingrg/all/function/internal_message.html?_=1599272535597&CODE_STATE=getMsg HTTP/1.1" 200 27
222.69.135.99 - - [05/Sep/2020:10:26:31 +0800] "GET /xingrg/kc/buy/cgsh_order_operate.html?command=get_materiel&rest_code=00149&code=00101012029&supplier_code=00100036&order_time=2020-09-05 HTTP/1.1" 200 412
117.131.5.26 - - [05/Sep/2020:10:26:32 +0800] "GET /xingrg/all/function/internal_message.html?_=1599273073812&CODE_STATE=getMsg HTTP/1.1" 200 27
172.17.0.104 - - [05/Sep/2020:10:26:33 +0800] "GET /xingrg/kc/buy/cgsh_order_operate.html?command=get_materiel&rest_code=00147&code=00101008038&supplier_code=00100007&order_time=2020-09-05 HTTP/1.1" 200 412
172.17.0.104 - - [05/Sep/2020:10:26:33 +0800] "GET /xingrg/all/function/internal_message.html?_=1599272791001&CODE_STATE=getMsg HTTP/1.1" 200 27
180.174.103.55 - - [05/Sep/2020:10:26:36 +0800] "GET /xingrg/all/function/internal_message.html?_=1599272819775&CODE_STATE=getMsg HTTP/1.1" 200 27
116.238.71.173 - - [05/Sep/2020:10:26:37 +0800] "GET /xingrg/all/function/internal_message.html?_=1599272914976&CODE_STATE=getMsg HTTP/1.1" 200 27
222.69.135.99 - - [05/Sep/2020:10:26:40 +0800] "GET /xingrg/kc/buy/cgsh_order_operate.html?command=get_materiel&rest_code=00149&code=00101012051&supplier_code=00100036&order_time=2020-09-05 HTTP/1.1" 200 408
172.17.0.240 - - [05/Sep/2020:10:26:40 +0800] "GET /xingrg/check_reg.html?_=1599272794878 HTTP/1.1" 302 -
172.17.0.240 - - [05/Sep/2020:10:26:40 +0800] "GET /xingrg/all/function/internal_message.html?_=1599272794879&CODE_STATE=getMsg HTTP/1.1" 302 -
120.253.135.82 - - [05/Sep/2020:10:26:41 +0800] "POST /xingrg/kc/pszx/mdps_order_operate.html HTTP/1.1" 200 37
120.253.135.82 - - [05/Sep/2020:10:26:41 +0800] "GET /xingrg/kc/pszx/mdps_order_info.html?code=312020090500130 HTTP/1.1" 200 23849
120.253.135.82 - - [05/Sep/2020:10:26:42 +0800] "GET /xingrg/javascript/easyui/themes/default/validatebox.css HTTP/1.1" 404 1104
120.253.135.82 - - [05/Sep/2020:10:26:42 +0800] "POST /xingrg/kc/pszx/mdps_order_operate.html HTTP/1.1" 200 4747
61.172.5.115 - - [05/Sep/2020:10:26:42 +0800] "GET /xingrg/all/function/internal_message.html?_=1599272785673&CODE_STATE=getMsg HTTP/1.1" 200 27
222.69.135.99 - - [05/Sep/2020:10:26:44 +0800] "GET /xingrg/all/function/internal_message.html?_=1599272824017&CODE_STATE=getMsg HTTP/1.1" 200 27
180.152.230.204 - - [05/Sep/2020:10:26:48 +0800] "GET /xingrg/all/function/internal_message.html?_=1599272802016&CODE_STATE=getMsg HTTP/1.1" 200 27
218.81.217.115 - - [05/Sep/2020:10:26:48 +0800] "GET /xingrg/all/function/internal_message.html?_=1599272822831&CODE_STATE=getMsg HTTP/1.1" 200 27
183.192.89.226 - - [05/Sep/2020:10:26:50 +0800] "POST /xingrg/kc/buy/cgsh_list_operate.html HTTP/1.1" 200 3200
114.88.166.242 - - [05/Sep/2020:10:26:52 +0800] "GET /xingrg/check_reg.html?_=1599272806853 HTTP/1.1" 200 22
222.69.135.99 - - [05/Sep/2020:10:26:53 +0800] "GET /xingrg/kc/buy/cgsh_order_operate.html?command=get_materiel&rest_code=00149&code=00101016010&supplier_code=00100036&order_time=2020-09-05 HTTP/1.1" 200 408
117.184.7.26 - - [05/Sep/2020:10:26:57 +0800] "GET /xingrg/all/function/internal_message.html?_=1599272803817&CODE_STATE=getMsg HTTP/1.1" 200 27
117.184.7.26 - - [05/Sep/2020:10:26:57 +0800] "GET /xingrg/check_reg.html?_=1599272803820 HTTP/1.1" 200 22
183.192.89.226 - - [05/Sep/2020:10:26:59 +0800] "GET /xingrg/all/function/internal_message.html?_=1599272860836&CODE_STATE=getMsg HTTP/1.1" 200 27
222.69.135.99 - - [05/Sep/2020:10:27:00 +0800] "GET /xingrg/all/function/internal_message.html?_=1599272806778&CODE_STATE=getMsg HTTP/1.1" 200 27
172.17.0.123 - - [05/Sep/2020:10:27:01 +0800] "GET /xingrg/all/function/internal_message.html?_=1599272828390&CODE_STATE=getMsg HTTP/1.1" 200 27
222.69.135.99 - - [05/Sep/2020:10:27:02 +0800] "GET /xingrg/kc/buy/cgsh_order_operate.html?command=get_materiel&rest_code=00149&code=00101010348&supplier_code=00100036&order_time=2020-09-05 HTTP/1.1" 200 417
116.238.90.59 - - [05/Sep/2020:10:27:03 +0800] "GET /xingrg/all/function/internal_message.html?_=1599273027107&CODE_STATE=getMsg HTTP/1.1" 200 27
114.88.166.242 - - [05/Sep/2020:10:27:07 +0800] "GET /xingrg/all/function/internal_message.html?_=1599272884174&CODE_STATE=getMsg HTTP/1.1" 200 27
61.172.5.115 - - [05/Sep/2020:10:27:09 +0800] "GET /xingrg/all/function/internal_message.html?_=1599272828902&CODE_STATE=getMsg HTTP/1.1" 200 27
183.192.89.226 - - [05/Sep/2020:10:27:09 +0800] "POST /xingrg/kc/buy/cgsh_list_operate.html HTTP/1.1" 200 5392
172.17.0.240 - - [05/Sep/2020:10:27:11 +0800] "GET /xingrg/check_reg.html?_=1599272825690 HTTP/1.1" 302 -
180.174.103.55 - - [05/Sep/2020:10:27:11 +0800] "GET /xingrg/javascript/jquery_easy_ui/themes/default/images/tabs_active.png HTTP/1.1" 200 2894
222.69.135.99 - - [05/Sep/2020:10:27:12 +0800] "GET /xingrg/kc/buy/cgsh_order_operate.html?command=get_materiel&rest_code=00149&code=00101010092&supplier_code=00100036&order_time=2020-09-05 HTTP/1.1" 200 449
117.185.32.26 - - [05/Sep/2020:10:27:16 +0800] "GET /xingrg/all/function/internal_message.html?_=1599273262954&CODE_STATE=getMsg HTTP/1.1" 200 27
183.192.89.226 - - [05/Sep/2020:10:27:19 +0800] "POST /xingrg/kc/buy/cgsh_list_operate.html HTTP/1.1" 200 3200
222.69.135.99 - - [05/Sep/2020:10:27:21 +0800] "GET /xingrg/kc/buy/cgsh_order_operate.html?command=get_materiel&rest_code=00149&code=00101012026&supplier_code=00100036&order_time=2020-09-05 HTTP/1.1" 200 408
218.81.217.115 - - [05/Sep/2020:10:27:21 +0800] "GET /xingrg/all/function/internal_message.html?_=1599272850108&CODE_STATE=getMsg HTTP/1.1" 200 27
58.37.9.106 - - [05/Sep/2020:10:27:26 +0800] "GET /xingrg/all/function/internal_message.html?_=1599272474299&CODE_STATE=getMsg HTTP/1.1" 200 27
116.230.74.197 - - [05/Sep/2020:10:27:28 +0800] "GET /xingrg/all/function/internal_message.html?_=1599272841403&CODE_STATE=getMsg HTTP/1.1" 200 27
58.40.7.146 - - [05/Sep/2020:10:27:28 +0800] "GET /xingrg/login.html HTTP/1.1" 200 7641
120.253.135.82 - - [05/Sep/2020:10:27:28 +0800] "GET /xingrg/all/function/internal_message.html?_=1599272595611&CODE_STATE=getMsg HTTP/1.1" 200 27
58.40.7.146 - - [05/Sep/2020:10:27:29 +0800] "GET /favicon.ico HTTP/1.1" 404 -
222.69.135.99 - - [05/Sep/2020:10:27:31 +0800] "POST /xingrg/kc/buy/cgsh_order_operate.html HTTP/1.1" 200 37
117.131.5.26 - - [05/Sep/2020:10:27:32 +0800] "GET /xingrg/all/function/internal_message.html?_=1599273133845&CODE_STATE=getMsg HTTP/1.1" 200 27
172.17.0.104 - - [05/Sep/2020:10:27:33 +0800] "GET /xingrg/check_reg.html?_=1599272850999 HTTP/1.1" 200 22
172.17.0.104 - - [05/Sep/2020:10:27:33 +0800] "GET /xingrg/all/function/internal_message.html?_=1599272851000&CODE_STATE=getMsg HTTP/1.1" 200 27
58.40.7.146 - - [05/Sep/2020:10:27:35 +0800] "POST /xingrg/login.do HTTP/1.1" 302 -
58.40.7.146 - - [05/Sep/2020:10:27:35 +0800] "GET /xingrg/index.html?sysBaseUrl=http%3A%2F%2F180.169.147.146%3A18081%2Fxingrg%2F&costTime=39×tamp=1599272855291 HTTP/1.1" 200 17419
58.40.7.146 - - [05/Sep/2020:10:27:35 +0800] "GET /favicon.ico HTTP/1.1" 404 -
222.69.135.99 - - [05/Sep/2020:10:27:35 +0800] "POST /xingrg/kc/buy/cgsh_order_operate.html HTTP/1.1" 200 12
58.40.7.146 - - [05/Sep/2020:10:27:35 +0800] "POST /xingrg/all/common/load_tree.html?tree=area_rest_tree_json&manage=1 HTTP/1.1" 200 476
58.40.7.146 - - [05/Sep/2020:10:27:35 +0800] "GET /xingrg/all/function/internal_message.html?_=1599272852309&CODE_STATE=count HTTP/1.1" 200 11
58.40.7.146 - - [05/Sep/2020:10:27:35 +0800] "GET /xingrg/check_reg.html?_=1599272852310 HTTP/1.1" 200 22
58.40.7.146 - - [05/Sep/2020:10:27:35 +0800] "POST /xingrg/load_menu.html HTTP/1.1" 200 9959
180.174.103.55 - - [05/Sep/2020:10:27:36 +0800] "GET /xingrg/all/function/internal_message.html?_=1599272879772&CODE_STATE=getMsg HTTP/1.1" 200 27
222.69.135.99 - - [05/Sep/2020:10:27:36 +0800] "GET /xingrg/kc/buy/cgsh_order_info.html?code=212020090501791 HTTP/1.1" 200 54626
222.69.135.99 - - [05/Sep/2020:10:27:36 +0800] "GET /xingrg/javascript/easyui/themes/default/validatebox.css HTTP/1.1" 404 1104
222.69.135.99 - - [05/Sep/2020:10:27:37 +0800] "POST /xingrg/kc/buy/cgsh_order_operate.html HTTP/1.1" 200 3579
116.238.71.173 - - [05/Sep/2020:10:27:37 +0800] "GET /xingrg/all/function/internal_message.html?_=1599272974998&CODE_STATE=getMsg HTTP/1.1" 200 27
222.69.135.99 - - [05/Sep/2020:10:27:38 +0800] "GET /xingrg/kc/print/load_data.html?order_code=212020090501791&kc_code=cgsh&condition= HTTP/1.1" 200 1924
58.40.7.146 - - [05/Sep/2020:10:27:38 +0800] "POST /xingrg/load_menu.html HTTP/1.1" 200 9242
172.17.0.104 - - [05/Sep/2020:10:27:39 +0800] "GET /xingrg/kc/buy/cgsh_order_operate.html?command=get_materiel&rest_code=00147&code=00101008283&supplier_code=00100007&order_time=2020-09-05 HTTP/1.1" 200 408
58.40.7.146 - - [05/Sep/2020:10:27:39 +0800] "GET /xingrg/all/report/report_query.html?fileName=dma/new_5.0/yingye/order_list.xml HTTP/1.1" 200 55281
58.40.7.146 - - [05/Sep/2020:10:27:39 +0800] "GET /xingrg/dwr/interface/AjaxReportQueryService.js HTTP/1.1" 200 13203
58.40.7.146 - - [05/Sep/2020:10:27:39 +0800] "GET /xingrg/dwr/engine.js HTTP/1.1" 200 43631
58.40.7.146 - - [05/Sep/2020:10:27:40 +0800] "POST /xingrg/dwr/call/plaincall/AjaxReportQueryService.getFixDate.dwr HTTP/1.1" 200 111
58.40.7.146 - - [05/Sep/2020:10:27:40 +0800] "POST /xingrg/all/common/load_tree.html?tree=area_station_tree_json&manage=1 HTTP/1.1" 200 468
58.40.7.146 - - [05/Sep/2020:10:27:40 +0800] "POST /xingrg/dwr/call/plaincall/AjaxReportQueryService.getInitString.dwr HTTP/1.1" 200 76
172.17.0.240 - - [05/Sep/2020:10:27:40 +0800] "GET /xingrg/all/function/internal_message.html?_=1599272854866&CODE_STATE=getMsg HTTP/1.1" 302 -
58.40.7.146 - - [05/Sep/2020:10:27:41 +0800] "POST /xingrg/dwr/call/plaincall/AjaxReportQueryService.getFixDate.dwr HTTP/1.1" 200 111
222.69.135.99 - - [05/Sep/2020:10:27:42 +0800] "GET /xingrg/kc/buy/cgsh_order_add.html HTTP/1.1" 200 59721
61.172.5.115 - - [05/Sep/2020:10:27:42 +0800] "GET /xingrg/all/function/internal_message.html?_=1599272845674&CODE_STATE=getMsg HTTP/1.1" 200 27
222.69.135.99 - - [05/Sep/2020:10:27:43 +0800] "POST /xingrg/kc/buy/cgsh_order_operate.html HTTP/1.1" 200 8245
222.69.135.99 - - [05/Sep/2020:10:27:43 +0800] "GET /xingrg/javascript/easyui/themes/default/validatebox.css HTTP/1.1" 404 1104
58.40.7.146 - - [05/Sep/2020:10:27:44 +0800] "POST /xingrg/dwr/call/plaincall/AjaxReportQueryService.queryInitializeString.dwr HTTP/1.1" 200 203
222.69.135.99 - - [05/Sep/2020:10:27:44 +0800] "GET /xingrg/all/function/internal_message.html?_=1599272884031&CODE_STATE=getMsg HTTP/1.1" 200 27
58.40.7.146 - - [05/Sep/2020:10:27:46 +0800] "POST /xingrg/dwr/call/plaincall/AjaxReportQueryService.refreshCache.dwr HTTP/1.1" 200 78
58.40.7.146 - - [05/Sep/2020:10:27:46 +0800] "POST /xingrg/all/report/load_report_page.html HTTP/1.1" 200 196456
58.40.7.146 - - [05/Sep/2020:10:27:46 +0800] "GET /xingrg/servlets/image?cache=0.47715334121689534&image=px HTTP/1.1" 200 807
180.152.230.204 - - [05/Sep/2020:10:27:48 +0800] "GET /xingrg/all/function/internal_message.html?_=1599272862026&CODE_STATE=getMsg HTTP/1.1" 200 27
180.152.230.204 - - [05/Sep/2020:10:27:48 +0800] "GET /xingrg/check_reg.html?_=1599272862028 HTTP/1.1" 200 22
218.81.217.115 - - [05/Sep/2020:10:27:48 +0800] "GET /xingrg/all/function/internal_message.html?_=1599272882842&CODE_STATE=getMsg HTTP/1.1" 200 27
218.81.217.115 - - [05/Sep/2020:10:27:54 +0800] "GET /xingrg/check_reg.html?_=1599272882560 HTTP/1.1" 200 22
116.238.189.85 - - [05/Sep/2020:10:27:54 +0800] "GET /favicon.ico HTTP/1.1" 404 -
58.40.7.146 - - [05/Sep/2020:10:27:54 +0800] "POST /xingrg/all/report/load_report_page.html HTTP/1.1" 200 54424
58.40.7.146 - - [05/Sep/2020:10:27:55 +0800] "GET /xingrg/servlets/image?cache=0.13701492697477946&image=px HTTP/1.1" 200 807
117.184.7.26 - - [05/Sep/2020:10:27:57 +0800] "GET /xingrg/all/function/internal_message.html?_=1599272863804&CODE_STATE=getMsg HTTP/1.1" 200 27
183.192.89.226 - - [05/Sep/2020:10:27:59 +0800] "GET /xingrg/all/function/internal_message.html?_=1599272920848&CODE_STATE=getMsg HTTP/1.1" 200 27
58.40.7.146 - - [05/Sep/2020:10:27:59 +0800] "GET /xingrg/dma/order_info.html?id=17499&sid=16&sale_day=20200904 HTTP/1.1" 200 17475
58.40.7.146 - - [05/Sep/2020:10:28:00 +0800] "GET /favicon.ico HTTP/1.1" 404 -
222.69.135.99 - - [05/Sep/2020:10:28:00 +0800] "GET /xingrg/all/function/internal_message.html?_=1599272866783&CODE_STATE=getMsg HTTP/1.1" 200 27
172.17.0.123 - - [05/Sep/2020:10:28:01 +0800] "GET /xingrg/all/function/internal_message.html?_=1599272888392&CODE_STATE=getMsg HTTP/1.1" 200 27
116.238.90.59 - - [05/Sep/2020:10:28:03 +0800] "GET /xingrg/all/function/internal_message.html?_=1599273087122&CODE_STATE=getMsg HTTP/1.1" 200 27
117.184.7.26 - - [05/Sep/2020:10:28:03 +0800] "GET /xingrg/kc/buy/buy_main.html HTTP/1.1" 200 12412
117.184.7.26 - - [05/Sep/2020:10:28:03 +0800] "GET /xingrg/css/new_ie.css HTTP/1.1" 404 1036
117.184.7.30 - - [05/Sep/2020:10:28:04 +0800] "GET /xingrg/images/yd/bt.gif HTTP/1.1" 404 1040
117.184.7.30 - - [05/Sep/2020:10:28:04 +0800] "GET /xingrg/kc/buy/cgsh_order_list.html HTTP/1.1" 200 43930
117.184.7.30 - - [05/Sep/2020:10:28:05 +0800] "POST /xingrg/kc/buy/cgsh_list_operate.html HTTP/1.1" 200 876
114.88.166.242 - - [05/Sep/2020:10:28:07 +0800] "GET /xingrg/all/function/internal_message.html?_=1599272944172&CODE_STATE=getMsg HTTP/1.1" 200 27
61.172.5.115 - - [05/Sep/2020:10:28:09 +0800] "GET /xingrg/all/function/internal_message.html?_=1599272888881&CODE_STATE=getMsg HTTP/1.1" 200 27
61.172.5.115 - - [05/Sep/2020:10:28:10 +0800] "GET /xingrg/check_reg.html?_=1599272889647 HTTP/1.1" 200 22
222.69.135.99 - - [05/Sep/2020:10:28:14 +0800] "GET /xingrg/kc/buy/cgsh_order_operate.html?command=get_materiel&rest_code=00149&code=00101006130&supplier_code=00100012&order_time=2020-09-05 HTTP/1.1" 200 427
117.185.32.26 - - [05/Sep/2020:10:28:16 +0800] "GET /xingrg/all/function/internal_message.html?_=1599273322953&CODE_STATE=getMsg HTTP/1.1" 200 27
172.17.0.104 - - [05/Sep/2020:10:28:16 +0800] "GET /xingrg/kc/buy/cgsh_order_operate.html?command=get_materiel&rest_code=00147&code=00101008355&supplier_code=00100007&order_time=2020-09-05 HTTP/1.1" 200 408
218.81.217.115 - - [05/Sep/2020:10:28:21 +0800] "GET /xingrg/all/function/internal_message.html?_=1599272910110&CODE_STATE=getMsg HTTP/1.1" 200 27
222.69.135.99 - - [05/Sep/2020:10:28:26 +0800] "GET /xingrg/kc/buy/cgsh_order_operate.html?command=get_materiel&rest_code=00149&code=00101006109&supplier_code=00100012&order_time=2020-09-05 HTTP/1.1" 200 409
58.37.9.106 - - [05/Sep/2020:10:28:26 +0800] "GET /xingrg/all/function/internal_message.html?_=1599272534298&CODE_STATE=getMsg HTTP/1.1" 200 27
116.230.74.197 - - [05/Sep/2020:10:28:26 +0800] "GET /xingrg/check_reg.html?_=1599272900294 HTTP/1.1" 200 22
116.230.74.197 - - [05/Sep/2020:10:28:28 +0800] "GET /xingrg/all/function/internal_message.html?_=1599272901387&CODE_STATE=getMsg HTTP/1.1" 200 27
120.253.135.82 - - [05/Sep/2020:10:28:28 +0800] "GET /xingrg/check_reg.html?_=1599272655319 HTTP/1.1" 200 22
120.253.135.82 - - [05/Sep/2020:10:28:28 +0800] "GET /xingrg/all/function/internal_message.html?_=1599272655624&CODE_STATE=getMsg HTTP/1.1" 200 27
116.238.71.173 - - [05/Sep/2020:10:28:29 +0800] "POST /xingrg/kc/buy/cgsh_order_operate.html HTTP/1.1" 200 37
116.238.71.173 - - [05/Sep/2020:10:28:32 +0800] "POST /xingrg/kc/buy/cgsh_order_operate.html HTTP/1.1" 200 12
117.131.5.26 - - [05/Sep/2020:10:28:32 +0800] "GET /xingrg/all/function/internal_message.html?_=1599273193854&CODE_STATE=getMsg HTTP/1.1" 200 27
116.238.71.173 - - [05/Sep/2020:10:28:33 +0800] "GET /xingrg/kc/buy/cgsh_order_info.html?code=212020090501724 HTTP/1.1" 200 54511
117.184.7.30 - - [05/Sep/2020:10:28:33 +0800] "GET /xingrg/kc/buy/cgsh_order_add.html HTTP/1.1" 200 59627
116.238.71.173 - - [05/Sep/2020:10:28:33 +0800] "GET /xingrg/javascript/easyui/themes/default/validatebox.css HTTP/1.1" 404 1104
117.184.7.30 - - [05/Sep/2020:10:28:33 +0800] "POST /xingrg/kc/buy/cgsh_order_operate.html HTTP/1.1" 200 8245
117.184.7.26 - - [05/Sep/2020:10:28:33 +0800] "GET /xingrg/all/common/auto_word.html?type=employee&rest_code=00108 HTTP/1.1" 200 147
117.184.7.26 - - [05/Sep/2020:10:28:33 +0800] "GET /xingrg/all/common/auto_word.html?type=employee&rest_code=00108 HTTP/1.1" 200 147
117.184.7.26 - - [05/Sep/2020:10:28:33 +0800] "GET /xingrg/javascript/easyui/themes/default/validatebox.css HTTP/1.1" 404 1104
116.238.71.173 - - [05/Sep/2020:10:28:33 +0800] "POST /xingrg/kc/buy/cgsh_order_operate.html HTTP/1.1" 200 30786
172.17.0.104 - - [05/Sep/2020:10:28:33 +0800] "GET /xingrg/all/function/internal_message.html?_=1599272911024&CODE_STATE=getMsg HTTP/1.1" 200 27
183.192.89.226 - - [05/Sep/2020:10:28:35 +0800] "POST /xingrg/kc/buy/cgsh_list_operate.html HTTP/1.1" 200 3200
58.40.7.146 - - [05/Sep/2020:10:28:35 +0800] "GET /xingrg/all/function/internal_message.html?_=1599272912315&CODE_STATE=getMsg HTTP/1.1" 200 27
180.174.103.55 - - [05/Sep/2020:10:28:36 +0800] "GET /xingrg/all/function/internal_message.html?_=1599272939773&CODE_STATE=getMsg HTTP/1.1" 200 27
116.238.71.173 - - [05/Sep/2020:10:28:36 +0800] "GET /xingrg/kc/print/load_data.html?order_code=212020090501724&kc_code=cgsh&condition= HTTP/1.1" 200 12205
117.184.7.30 - - [05/Sep/2020:10:28:37 +0800] "GET /xingrg/javascript/jquery_tools/images/next.gif HTTP/1.1" 404 1086
117.184.7.26 - - [05/Sep/2020:10:28:37 +0800] "GET /xingrg/javascript/jquery_tools/images/prev.gif HTTP/1.1" 404 1086
116.238.71.173 - - [05/Sep/2020:10:28:37 +0800] "GET /xingrg/all/function/internal_message.html?_=1599273035339&CODE_STATE=getMsg HTTP/1.1" 200 27
222.69.135.99 - - [05/Sep/2020:10:28:38 +0800] "GET /xingrg/kc/buy/cgsh_order_operate.html?command=get_materiel&rest_code=00149&code=00101006058&supplier_code=00100012&order_time=2020-09-05 HTTP/1.1" 200 413
172.17.0.240 - - [05/Sep/2020:10:28:40 +0800] "GET /xingrg/all/function/internal_message.html?_=1599272914870&CODE_STATE=getMsg HTTP/1.1" 302 -
61.172.5.115 - - [05/Sep/2020:10:28:42 +0800] "GET /xingrg/all/function/internal_message.html?_=1599272905674&CODE_STATE=getMsg HTTP/1.1" 200 27
222.69.135.99 - - [05/Sep/2020:10:28:44 +0800] "GET /xingrg/all/function/internal_message.html?_=1599272944022&CODE_STATE=getMsg HTTP/1.1" 200 27
172.17.0.104 - - [05/Sep/2020:10:28:44 +0800] "GET /xingrg/kc/buy/cgsh_order_operate.html?command=get_materiel&rest_code=00147&code=00101008004&supplier_code=00100007&order_time=2020-09-05 HTTP/1.1" 200 416
222.69.135.99 - - [05/Sep/2020:10:28:44 +0800] "GET /xingrg/kc/buy/cgsh_order_operate.html?command=get_materiel&rest_code=00149&code=00101006108&supplier_code=00100012&order_time=2020-09-05 HTTP/1.1" 200 421
180.152.230.204 - - [05/Sep/2020:10:28:48 +0800] "GET /xingrg/all/function/internal_message.html?_=1599272922029&CODE_STATE=getMsg HTTP/1.1" 200 27
116.238.71.173 - - [05/Sep/2020:10:28:48 +0800] "GET /xingrg/kc/buy/cgsh_order_add.html HTTP/1.1" 200 59604
218.81.217.115 - - [05/Sep/2020:10:28:48 +0800] "GET /xingrg/all/function/internal_message.html?_=1599272942945&CODE_STATE=getMsg HTTP/1.1" 200 27
116.238.71.173 - - [05/Sep/2020:10:28:48 +0800] "POST /xingrg/kc/buy/cgsh_order_operate.html HTTP/1.1" 200 8245
116.238.71.173 - - [05/Sep/2020:10:28:49 +0800] "GET /xingrg/javascript/easyui/themes/default/validatebox.css HTTP/1.1" 404 1104
218.81.217.115 - - [05/Sep/2020:10:28:51 +0800] "GET /xingrg/check_reg.html?_=1599272946072 HTTP/1.1" 200 22
117.184.7.26 - - [05/Sep/2020:10:28:57 +0800] "GET /xingrg/all/function/internal_message.html?_=1599272923825&CODE_STATE=getMsg HTTP/1.1" 200 27
222.69.135.99 - - [05/Sep/2020:10:28:57 +0800] "POST /xingrg/kc/buy/cgsh_order_operate.html HTTP/1.1" 200 37
183.192.89.226 - - [05/Sep/2020:10:28:58 +0800] "GET /xingrg/all/function/internal_message.html?_=1599272980848&CODE_STATE=getMsg HTTP/1.1" 200 27
116.238.71.173 - - [05/Sep/2020:10:28:58 +0800] "GET /xingrg/kc/buy/cgsh_order_operate.html?command=get_materiel&rest_code=00150&code=00101028012&supplier_code=00100017&order_time=2020-09-05 HTTP/1.1" 200 456
222.69.135.99 - - [05/Sep/2020:10:29:00 +0800] "GET /xingrg/all/function/internal_message.html?_=1599272926782&CODE_STATE=getMsg HTTP/1.1" 200 27
116.238.71.173 - - [05/Sep/2020:10:29:00 +0800] "POST /xingrg/all/common/load_select.html HTTP/1.1" 200 25
172.17.0.123 - - [05/Sep/2020:10:29:01 +0800] "GET /xingrg/all/function/internal_message.html?_=1599272948396&CODE_STATE=getMsg HTTP/1.1" 200 27
222.69.135.99 - - [05/Sep/2020:10:29:01 +0800] "POST /xingrg/kc/buy/cgsh_order_operate.html HTTP/1.1" 200 12
