172.17.0.119 - - [04/Sep/2020:10:36:35 +0800] "GET /xingrg/all/function/internal_message.html?_=1599186993631&CODE_STATE=getMsg HTTP/1.1" 200 27
116.230.74.197 - - [04/Sep/2020:10:36:36 +0800] "GET /xingrg/kc/buy/cgsh_order_add.html HTTP/1.1" 200 59658
116.230.74.197 - - [04/Sep/2020:10:36:37 +0800] "GET /xingrg/javascript/easyui/themes/default/validatebox.css HTTP/1.1" 404 1104
116.230.74.197 - - [04/Sep/2020:10:36:37 +0800] "POST /xingrg/kc/buy/cgsh_order_operate.html HTTP/1.1" 200 8245
116.238.90.59 - - [04/Sep/2020:10:36:37 +0800] "GET /xingrg/all/function/internal_message.html?_=1599187202248&CODE_STATE=getMsg HTTP/1.1" 200 27
222.69.27.237 - - [04/Sep/2020:10:36:37 +0800] "GET /xingrg/all/function/internal_message.html?_=1599186841704&CODE_STATE=getMsg HTTP/1.1" 200 27
116.230.74.197 - - [04/Sep/2020:10:36:38 +0800] "GET /xingrg/javascript/easyui/themes/default/tree.css HTTP/1.1" 404 1090
116.230.74.197 - - [04/Sep/2020:10:36:38 +0800] "POST /xingrg/all/common/load_tree.html?tree=supplier_tree_json&isDelete=1 HTTP/1.1" 200 50050
172.17.0.240 - - [04/Sep/2020:10:36:39 +0800] "GET /xingrg/check_reg.html?_=1599186994878 HTTP/1.1" 200 22
172.17.0.240 - - [04/Sep/2020:10:36:39 +0800] "GET /xingrg/all/function/internal_message.html?_=1599186994880&CODE_STATE=getMsg HTTP/1.1" 200 27
218.81.217.115 - - [04/Sep/2020:10:36:42 +0800] "POST /xingrg/kc/buy/cgsh_order_operate.html HTTP/1.1" 200 37
218.81.217.115 - - [04/Sep/2020:10:36:44 +0800] "POST /xingrg/kc/buy/cgsh_order_operate.html HTTP/1.1" 200 3843
172.17.0.100 - - [04/Sep/2020:10:36:47 +0800] "GET /xingrg/all/function/internal_message.html?_=1599187004795&CODE_STATE=getMsg HTTP/1.1" 200 27
172.17.0.100 - - [04/Sep/2020:10:36:47 +0800] "GET /xingrg/kc/buy/cgsh_order_operate.html?command=get_materiel&rest_code=00147&code=00101008131&supplier_code=00100007&order_time=2020-09-04 HTTP/1.1" 200 408
114.86.229.116 - - [04/Sep/2020:10:36:47 +0800] "GET /xingrg/all/function/internal_message.html?_=1599187047072&CODE_STATE=getMsg HTTP/1.1" 200 27
172.17.0.100 - - [04/Sep/2020:10:36:49 +0800] "POST /xingrg/kc/buy/cgsh_order_operate.html HTTP/1.1" 200 2065
116.238.71.173 - - [04/Sep/2020:10:36:50 +0800] "GET /xingrg/all/function/internal_message.html?_=1599187007877&CODE_STATE=getMsg HTTP/1.1" 200 27
218.81.217.115 - - [04/Sep/2020:10:36:51 +0800] "GET /xingrg/kc/print/load_config.html?kc_code=cgsh HTTP/1.1" 200 1845
218.81.217.115 - - [04/Sep/2020:10:36:51 +0800] "GET /xingrg/kc/print/load_data.html?order_code=212020090401325&kc_code=cgsh&condition= HTTP/1.1" 200 1202
172.17.0.100 - - [04/Sep/2020:10:36:53 +0800] "GET /xingrg/kc/buy/cgsh_order_operate.html?command=get_materiel&rest_code=00147&code=00101008296&supplier_code=00100007&order_time=2020-09-04 HTTP/1.1" 200 416
116.230.74.197 - - [04/Sep/2020:10:36:54 +0800] "GET /xingrg/all/function/internal_message.html?_=1599187009136&CODE_STATE=getMsg HTTP/1.1" 200 27
61.172.5.115 - - [04/Sep/2020:10:36:55 +0800] "GET /xingrg/all/function/internal_message.html?_=1599187015123&CODE_STATE=getMsg HTTP/1.1" 200 27
116.230.74.197 - - [04/Sep/2020:10:36:58 +0800] "GET /xingrg/kc/buy/cgsh_order_operate.html?command=get_materiel&rest_code=00107&code=00101004067&supplier_code=00100312&order_time=2020-09-04 HTTP/1.1" 200 413
116.238.71.173 - - [04/Sep/2020:10:36:58 +0800] "GET /xingrg/all/function/internal_message.html?_=1599187138372&CODE_STATE=getMsg HTTP/1.1" 200 27
172.17.0.100 - - [04/Sep/2020:10:36:59 +0800] "GET /xingrg/kc/buy/cgsh_order_operate.html?command=get_materiel&rest_code=00147&code=00101008318&supplier_code=00100007&order_time=2020-09-04 HTTP/1.1" 200 408
218.81.217.115 - - [04/Sep/2020:10:37:00 +0800] "GET /xingrg/all/function/internal_message.html?_=1599187031638&CODE_STATE=getMsg HTTP/1.1" 200 27
61.172.5.115 - - [04/Sep/2020:10:37:01 +0800] "GET /xingrg/all/function/internal_message.html?_=1599187017247&CODE_STATE=getMsg HTTP/1.1" 200 27
172.17.0.100 - - [04/Sep/2020:10:37:05 +0800] "GET /xingrg/kc/buy/cgsh_order_operate.html?command=get_materiel&rest_code=00147&code=00101008371&supplier_code=00100007&order_time=2020-09-04 HTTP/1.1" 200 412
116.230.74.197 - - [04/Sep/2020:10:37:10 +0800] "GET /xingrg/kc/buy/cgsh_order_operate.html?command=get_materiel&rest_code=00107&code=00101004057&supplier_code=00100312&order_time=2020-09-04 HTTP/1.1" 200 409
120.253.135.82 - - [04/Sep/2020:10:37:10 +0800] "GET /xingrg/check_reg.html?_=1599186778346 HTTP/1.1" 200 22
120.253.135.82 - - [04/Sep/2020:10:37:11 +0800] "GET /xingrg/all/function/internal_message.html?_=1599186778712&CODE_STATE=getMsg HTTP/1.1" 200 27
172.17.0.100 - - [04/Sep/2020:10:37:11 +0800] "GET /xingrg/kc/buy/cgsh_order_operate.html?command=get_materiel&rest_code=00147&code=00101008353&supplier_code=00100007&order_time=2020-09-04 HTTP/1.1" 200 408
117.131.5.26 - - [04/Sep/2020:10:37:13 +0800] "POST /xingrg/services/DataTransmitService HTTP/1.1" 200 524
172.17.0.117 - - [04/Sep/2020:10:37:14 +0800] "GET /xingrg/all/function/internal_message.html?_=1599187028391&CODE_STATE=getMsg HTTP/1.1" 200 27
114.86.229.116 - - [04/Sep/2020:10:37:16 +0800] "GET /xingrg/kc/buy/cgsh_order_operate.html?command=get_materiel&rest_code=00109&code=00101001006&supplier_code=00100038&order_time=2020-09-04 HTTP/1.1" 200 414
172.17.0.100 - - [04/Sep/2020:10:37:16 +0800] "GET /xingrg/kc/buy/cgsh_order_operate.html?command=get_materiel&rest_code=00147&code=00101008213&supplier_code=00100007&order_time=2020-09-04 HTTP/1.1" 200 412
172.17.0.240 - - [04/Sep/2020:10:37:17 +0800] "GET /xingrg/check_reg.html?_=1599187032769 HTTP/1.1" 200 22
61.172.5.115 - - [04/Sep/2020:10:37:17 +0800] "GET /xingrg/all/function/internal_message.html?_=1599187019758&CODE_STATE=getMsg HTTP/1.1" 200 27
172.17.200.101 - - [04/Sep/2020:10:37:17 +0800] "GET /xingrg/check_reg.html?_=1599187036524 HTTP/1.1" 200 22
172.17.200.101 - - [04/Sep/2020:10:37:17 +0800] "GET /xingrg/all/function/internal_message.html?_=1599187036545&CODE_STATE=getMsg HTTP/1.1" 200 27
116.238.90.59 - - [04/Sep/2020:10:37:17 +0800] "GET /xingrg/all/function/internal_message.html?_=1599187036307&CODE_STATE=getMsg HTTP/1.1" 200 27
172.17.0.100 - - [04/Sep/2020:10:37:18 +0800] "POST /xingrg/kc/buy/cgsh_order_operate.html HTTP/1.1" 200 2065
222.69.136.86 - - [04/Sep/2020:10:37:19 +0800] "GET /xingrg/all/function/internal_message.html?_=1599187028415&CODE_STATE=getMsg HTTP/1.1" 200 27
116.230.74.197 - - [04/Sep/2020:10:37:20 +0800] "GET /xingrg/kc/buy/cgsh_order_operate.html?command=get_materiel&rest_code=00107&code=00101004020&supplier_code=00100312&order_time=2020-09-04 HTTP/1.1" 200 409
222.69.136.86 - - [04/Sep/2020:10:37:21 +0800] "GET /xingrg/check_reg.html?_=1599187030151 HTTP/1.1" 200 22
172.17.0.100 - - [04/Sep/2020:10:37:23 +0800] "GET /xingrg/kc/buy/cgsh_order_operate.html?command=get_materiel&rest_code=00147&code=00101008291&supplier_code=00100007&order_time=2020-09-04 HTTP/1.1" 200 408
117.185.32.26 - - [04/Sep/2020:10:37:24 +0800] "GET /xingrg/all/function/internal_message.html?_=1599187473032&CODE_STATE=getMsg HTTP/1.1" 200 27
172.17.0.100 - - [04/Sep/2020:10:37:30 +0800] "GET /xingrg/kc/buy/cgsh_order_operate.html?command=get_materiel&rest_code=00147&code=00101008095&supplier_code=00100007&order_time=2020-09-04 HTTP/1.1" 200 412
114.86.229.116 - - [04/Sep/2020:10:37:30 +0800] "GET /xingrg/kc/buy/cgsh_order_operate.html?command=get_materiel&rest_code=00109&code=00101005028&supplier_code=00100038&order_time=2020-09-04 HTTP/1.1" 200 411
116.230.74.197 - - [04/Sep/2020:10:37:33 +0800] "GET /xingrg/kc/buy/cgsh_order_operate.html?command=get_materiel&rest_code=00107&code=00101004027&supplier_code=00100312&order_time=2020-09-04 HTTP/1.1" 200 409
117.184.7.30 - - [04/Sep/2020:10:37:34 +0800] "GET /xingrg/all/function/internal_message.html?_=1599187042422&CODE_STATE=getMsg HTTP/1.1" 200 27
172.17.0.119 - - [04/Sep/2020:10:37:35 +0800] "GET /xingrg/all/function/internal_message.html?_=1599187053633&CODE_STATE=getMsg HTTP/1.1" 200 27
116.238.90.59 - - [04/Sep/2020:10:37:37 +0800] "GET /xingrg/all/function/internal_message.html?_=1599187262262&CODE_STATE=getMsg HTTP/1.1" 200 27
222.69.27.237 - - [04/Sep/2020:10:37:37 +0800] "GET /xingrg/all/function/internal_message.html?_=1599186901703&CODE_STATE=getMsg HTTP/1.1" 200 27
172.17.0.100 - - [04/Sep/2020:10:37:38 +0800] "GET /xingrg/kc/buy/cgsh_order_operate.html?command=get_materiel&rest_code=00147&code=00101008229&supplier_code=00100007&order_time=2020-09-04 HTTP/1.1" 200 420
172.17.0.240 - - [04/Sep/2020:10:37:39 +0800] "GET /xingrg/all/function/internal_message.html?_=1599187054866&CODE_STATE=getMsg HTTP/1.1" 200 27
114.86.229.116 - - [04/Sep/2020:10:37:39 +0800] "GET /xingrg/kc/buy/cgsh_order_operate.html?command=get_materiel&rest_code=00109&code=00101001099&supplier_code=00100038&order_time=2020-09-04 HTTP/1.1" 200 408
114.86.229.116 - - [04/Sep/2020:10:37:44 +0800] "GET /xingrg/all/function/internal_message.html?_=1599187107076&CODE_STATE=getMsg HTTP/1.1" 200 27
114.86.229.116 - - [04/Sep/2020:10:37:46 +0800] "POST /xingrg/kc/buy/cgsh_order_operate.html HTTP/1.1" 200 37
172.17.0.100 - - [04/Sep/2020:10:37:46 +0800] "GET /xingrg/kc/buy/cgsh_order_operate.html?command=get_materiel&rest_code=00147&code=00101008238&supplier_code=00100007&order_time=2020-09-04 HTTP/1.1" 200 416
116.230.74.197 - - [04/Sep/2020:10:37:46 +0800] "GET /xingrg/kc/buy/cgsh_order_operate.html?command=get_materiel&rest_code=00107&code=00101004030&supplier_code=00100312&order_time=2020-09-04 HTTP/1.1" 200 408
172.17.0.100 - - [04/Sep/2020:10:37:47 +0800] "GET /xingrg/all/function/internal_message.html?_=1599187064729&CODE_STATE=getMsg HTTP/1.1" 200 27
114.86.229.116 - - [04/Sep/2020:10:37:47 +0800] "POST /xingrg/kc/buy/cgsh_order_operate.html HTTP/1.1" 200 5015
114.86.229.116 - - [04/Sep/2020:10:37:48 +0800] "GET /xingrg/kc/print/load_config.html?kc_code=cgsh HTTP/1.1" 200 1845
114.86.229.116 - - [04/Sep/2020:10:37:48 +0800] "GET /xingrg/kc/print/load_data.html?order_code=212020090401326&kc_code=cgsh&condition= HTTP/1.1" 200 1582
116.238.71.173 - - [04/Sep/2020:10:37:50 +0800] "GET /xingrg/all/function/internal_message.html?_=1599187067926&CODE_STATE=getMsg HTTP/1.1" 200 27
116.230.74.197 - - [04/Sep/2020:10:37:52 +0800] "GET /xingrg/check_reg.html?_=1599187067731 HTTP/1.1" 200 22
172.17.0.100 - - [04/Sep/2020:10:37:52 +0800] "GET /xingrg/kc/buy/cgsh_order_operate.html?command=get_materiel&rest_code=00147&code=00101008101&supplier_code=00100007&order_time=2020-09-04 HTTP/1.1" 200 412
116.230.74.197 - - [04/Sep/2020:10:37:53 +0800] "GET /xingrg/all/function/internal_message.html?_=1599187069106&CODE_STATE=getMsg HTTP/1.1" 200 27
61.172.5.115 - - [04/Sep/2020:10:37:55 +0800] "GET /xingrg/all/function/internal_message.html?_=1599187075095&CODE_STATE=getMsg HTTP/1.1" 200 27
114.86.229.116 - - [04/Sep/2020:10:37:56 +0800] "GET /xingrg/kc/buy/cgsh_order_add.html HTTP/1.1" 200 59658
114.86.229.116 - - [04/Sep/2020:10:37:56 +0800] "POST /xingrg/kc/buy/cgsh_order_operate.html HTTP/1.1" 200 8245
114.86.229.116 - - [04/Sep/2020:10:37:56 +0800] "GET /xingrg/all/common/auto_word.html?type=employee&rest_code=00109 HTTP/1.1" 200 255
114.86.229.116 - - [04/Sep/2020:10:37:56 +0800] "GET /xingrg/all/common/auto_word.html?type=employee&rest_code=00109 HTTP/1.1" 200 255
114.86.229.116 - - [04/Sep/2020:10:37:56 +0800] "GET /xingrg/javascript/easyui/themes/default/validatebox.css HTTP/1.1" 404 1104
172.17.0.100 - - [04/Sep/2020:10:37:56 +0800] "POST /xingrg/kc/buy/cgsh_order_operate.html HTTP/1.1" 200 2065
172.17.200.101 - - [04/Sep/2020:10:37:57 +0800] "GET /xingrg/kc/base/crk_hz.html?_=1599187077184&command=get_cost_id&end_date=2020-08-31&start_date=2020-08-01 HTTP/1.1" 200 51
172.17.200.101 - - [04/Sep/2020:10:37:57 +0800] "GET /xingrg/all/report/report_query.html?isQuery=1&onlyBody=1&rh=99999&rw=1800&varString=start:20200801,cost_id:2771,mid:20200801&fileName=kc/base/crk_hz_type_by_base.xml&queryString=%20a.base_code%20in%20('0010233','0010235','0010237','0010239','0010404','0010408','0010409')%20%20and%20m.sort_code%20in%20('00101001','00101002','00101003','00101004','00101005','00101006','00101007','00101008','00101009','00101010','00101011','00101012','00101013','00101014','00101015','00101016','00101017','00101018','00101019','00101020','00101021','00101022','00101023','00101024','00101025','00101026','00101027','00101028','00101029','00101030','00101031','00101032','00101033','00101034','00101036','00101037','00101038','00101039')%20&queryText=ÈÕÆÚ£º2020-08-01ÖÁ2020-08-31%20²Ö¿â£ºº£ÏʳØ,º£ÅÉ,ÉÕ±,µãÐÄ,ÔÁ²Ë,Àä²Ë,´ÌÉí&tableQueryString=materiel_table$sp1$$sp$before_table$sp1$$sp$crk_table$sp1$order_day%20between%2020200801%20and%2020200831 HTTP/1.1" 200 49855
172.17.200.101 - - [04/Sep/2020:10:37:58 +0800] "GET /xingrg/dwr/interface/AjaxReportQueryService.js HTTP/1.1" 200 13203
172.17.200.101 - - [04/Sep/2020:10:37:58 +0800] "GET /xingrg/dwr/engine.js HTTP/1.1" 200 43631
116.238.71.173 - - [04/Sep/2020:10:37:58 +0800] "GET /xingrg/check_reg.html?_=1599187198201 HTTP/1.1" 200 22
116.238.71.173 - - [04/Sep/2020:10:37:58 +0800] "GET /xingrg/all/function/internal_message.html?_=1599187198387&CODE_STATE=getMsg HTTP/1.1" 200 27
172.17.200.101 - - [04/Sep/2020:10:37:59 +0800] "POST /xingrg/all/report/load_report_page.html HTTP/1.1" 200 238377
172.17.200.101 - - [04/Sep/2020:10:37:59 +0800] "GET /xingrg/servlets/image?cache=0.45689699365213576&image=px HTTP/1.1" 200 807
172.17.0.100 - - [04/Sep/2020:10:38:00 +0800] "GET /xingrg/kc/buy/cgsh_order_operate.html?command=get_materiel&rest_code=00147&code=00101008298&supplier_code=00100007&order_time=2020-09-04 HTTP/1.1" 200 431
116.230.74.197 - - [04/Sep/2020:10:38:00 +0800] "GET /xingrg/kc/buy/cgsh_order_operate.html?command=get_materiel&rest_code=00107&code=00101001138&supplier_code=00100312&order_time=2020-09-04 HTTP/1.1" 200 413
218.81.217.115 - - [04/Sep/2020:10:38:00 +0800] "GET /xingrg/all/function/internal_message.html?_=1599187091652&CODE_STATE=getMsg HTTP/1.1" 200 27
61.172.5.115 - - [04/Sep/2020:10:38:01 +0800] "GET /xingrg/all/function/internal_message.html?_=1599187077246&CODE_STATE=getMsg HTTP/1.1" 200 27
114.86.229.116 - - [04/Sep/2020:10:38:05 +0800] "GET /xingrg/javascript/jquery_tools/images/next.gif HTTP/1.1" 404 1086
114.86.229.116 - - [04/Sep/2020:10:38:05 +0800] "GET /xingrg/javascript/jquery_tools/images/prev.gif HTTP/1.1" 404 1086
218.81.217.115 - - [04/Sep/2020:10:38:05 +0800] "POST /xingrg/kc/buy/cgsh_order_operate.html HTTP/1.1" 200 37
172.17.0.100 - - [04/Sep/2020:10:38:06 +0800] "GET /xingrg/kc/buy/cgsh_order_operate.html?command=get_materiel&rest_code=00147&code=00101008225&supplier_code=00100007&order_time=2020-09-04 HTTP/1.1" 200 416
172.17.0.120 - - [04/Sep/2020:10:38:06 +0800] "GET /xingrg/index.html HTTP/1.1" 302 -
172.17.0.120 - - [04/Sep/2020:10:38:06 +0800] "GET /xingrg/login.html HTTP/1.1" 200 7636
172.17.0.120 - - [04/Sep/2020:10:38:06 +0800] "GET /xingrg/index.html HTTP/1.1" 302 -
172.17.0.120 - - [04/Sep/2020:10:38:06 +0800] "GET /favicon.ico HTTP/1.1" 404 -
172.17.0.120 - - [04/Sep/2020:10:38:06 +0800] "GET /xingrg/login.html HTTP/1.1" 200 7636
218.81.217.115 - - [04/Sep/2020:10:38:07 +0800] "POST /xingrg/kc/buy/cgsh_order_operate.html HTTP/1.1" 200 3843
172.17.0.120 - - [04/Sep/2020:10:38:07 +0800] "GET /favicon.ico HTTP/1.1" 404 -
218.81.217.115 - - [04/Sep/2020:10:38:09 +0800] "GET /xingrg/kc/buy/cgsh_order_add.html HTTP/1.1" 200 59617
218.81.217.115 - - [04/Sep/2020:10:38:09 +0800] "POST /xingrg/kc/buy/cgsh_order_operate.html HTTP/1.1" 200 8245
218.81.217.115 - - [04/Sep/2020:10:38:09 +0800] "GET /xingrg/javascript/easyui/themes/default/validatebox.css HTTP/1.1" 404 1104
120.253.135.82 - - [04/Sep/2020:10:38:11 +0800] "GET /xingrg/all/function/internal_message.html?_=1599186838725&CODE_STATE=getMsg HTTP/1.1" 200 27
114.86.229.116 - - [04/Sep/2020:10:38:11 +0800] "GET /xingrg/kc/buy/cgsh_order_operate.html?command=get_materiel&rest_code=00109&code=00101009109&supplier_code=00100022&order_time=2020-09-04 HTTP/1.1" 200 399
172.17.0.100 - - [04/Sep/2020:10:38:12 +0800] "GET /xingrg/kc/buy/cgsh_order_operate.html?command=get_materiel&rest_code=00147&code=00101008013&supplier_code=00100007&order_time=2020-09-04 HTTP/1.1" 200 408
116.230.74.197 - - [04/Sep/2020:10:38:13 +0800] "POST /xingrg/kc/buy/cgsh_order_operate.html HTTP/1.1" 200 37
172.17.0.117 - - [04/Sep/2020:10:38:14 +0800] "GET /xingrg/all/function/internal_message.html?_=1599187088395&CODE_STATE=getMsg HTTP/1.1" 200 27
116.230.74.197 - - [04/Sep/2020:10:38:15 +0800] "POST /xingrg/kc/buy/cgsh_order_operate.html HTTP/1.1" 200 5616
116.230.74.197 - - [04/Sep/2020:10:38:16 +0800] "GET /xingrg/kc/print/load_data.html?order_code=212020090401327&kc_code=cgsh&condition= HTTP/1.1" 200 1796
61.172.5.115 - - [04/Sep/2020:10:38:17 +0800] "GET /xingrg/all/function/internal_message.html?_=1599187079759&CODE_STATE=getMsg HTTP/1.1" 200 27
172.17.200.101 - - [04/Sep/2020:10:38:17 +0800] "GET /xingrg/all/function/internal_message.html?_=1599187096534&CODE_STATE=getMsg HTTP/1.1" 200 27
172.17.0.120 - - [04/Sep/2020:10:38:17 +0800] "POST /xingrg/login.do HTTP/1.1" 302 -
172.17.0.120 - - [04/Sep/2020:10:38:17 +0800] "GET /xingrg/index.html?sysBaseUrl=http%3A%2F%2F172.17.0.8%3A18081%2Fxingrg%2F&costTime=81×tamp=1599187097472 HTTP/1.1" 200 17448
172.17.0.120 - - [04/Sep/2020:10:38:17 +0800] "GET /favicon.ico HTTP/1.1" 404 -
172.17.0.120 - - [04/Sep/2020:10:38:17 +0800] "POST /xingrg/all/common/load_tree.html?tree=area_rest_tree_json&manage=1 HTTP/1.1" 200 3216
172.17.0.120 - - [04/Sep/2020:10:38:17 +0800] "GET /xingrg/all/function/internal_message.html?_=1599187107528&CODE_STATE=count HTTP/1.1" 200 11
172.17.0.120 - - [04/Sep/2020:10:38:17 +0800] "GET /xingrg/check_reg.html?_=1599187107529 HTTP/1.1" 200 22
172.17.0.120 - - [04/Sep/2020:10:38:17 +0800] "GET /xingrg/images/blue/pingpu.png HTTP/1.1" 304 -
172.17.0.120 - - [04/Sep/2020:10:38:17 +0800] "GET /xingrg/javascript/jquery_easy_ui/themes/default/images/panel_tool_expand.gif HTTP/1.1" 304 -
172.17.0.120 - - [04/Sep/2020:10:38:17 +0800] "GET /xingrg/javascript/jquery_easy_ui/themes/default/images/panel_tool_collapse.gif HTTP/1.1" 304 -
172.17.0.120 - - [04/Sep/2020:10:38:17 +0800] "POST /xingrg/load_menu.html HTTP/1.1" 200 11408
222.69.136.86 - - [04/Sep/2020:10:38:19 +0800] "GET /xingrg/all/function/internal_message.html?_=1599187088388&CODE_STATE=getMsg HTTP/1.1" 200 27
114.86.229.116 - - [04/Sep/2020:10:38:19 +0800] "GET /xingrg/kc/buy/cgsh_order_operate.html?command=get_materiel&rest_code=00109&code=00101009011&supplier_code=00100022&order_time=2020-09-04 HTTP/1.1" 200 416
172.17.0.100 - - [04/Sep/2020:10:38:19 +0800] "GET /xingrg/kc/buy/cgsh_order_operate.html?command=get_materiel&rest_code=00147&code=00101008265&supplier_code=00100007&order_time=2020-09-04 HTTP/1.1" 200 409
172.17.0.120 - - [04/Sep/2020:10:38:20 +0800] "POST /xingrg/all/user/operate.html HTTP/1.1" 200 36
172.17.0.120 - - [04/Sep/2020:10:38:20 +0800] "GET /xingrg/index.html?sysBaseUrl=http%3A%2F%2F172.17.0.8%3A18081%2Fxingrg%2F&costTime=81×tamp=1599187097472 HTTP/1.1" 200 17448
172.17.0.120 - - [04/Sep/2020:10:38:20 +0800] "GET /xingrg/javascript/jquery_easy_ui/themes/default/easyui.css HTTP/1.1" 304 -
172.17.0.120 - - [04/Sep/2020:10:38:20 +0800] "GET /xingrg/javascript/jquery_easy_ui/themes/icon.css HTTP/1.1" 304 -
172.17.0.120 - - [04/Sep/2020:10:38:20 +0800] "GET /xingrg/css/form.css HTTP/1.1" 304 -
172.17.0.120 - - [04/Sep/2020:10:38:20 +0800] "GET /xingrg/javascript/jquery-1.4.2.min.js HTTP/1.1" 304 -
172.17.0.120 - - [04/Sep/2020:10:38:21 +0800] "GET /xingrg/javascript/jquery_easy_ui/jquery.easyui.min.js HTTP/1.1" 304 -
172.17.0.120 - - [04/Sep/2020:10:38:21 +0800] "GET /xingrg/javascript/jquery_easy_ui/easyui-lang-zh_CN.js HTTP/1.1" 304 -
172.17.0.120 - - [04/Sep/2020:10:38:21 +0800] "GET /xingrg/javascript/jquery.form.js HTTP/1.1" 304 -
172.17.0.120 - - [04/Sep/2020:10:38:21 +0800] "GET /xingrg/javascript/jquery.utils.js HTTP/1.1" 304 -
172.17.0.120 - - [04/Sep/2020:10:38:21 +0800] "GET /xingrg/javascript/jquery.timers.js HTTP/1.1" 304 -
172.17.0.120 - - [04/Sep/2020:10:38:21 +0800] "GET /xingrg/images/blue/jxLogo.png HTTP/1.1" 304 -
172.17.0.120 - - [04/Sep/2020:10:38:21 +0800] "GET /xingrg/images/blue/navBackgound.jpg HTTP/1.1" 304 -
172.17.0.120 - - [04/Sep/2020:10:38:21 +0800] "GET /xingrg/javascript/jquery_easy_ui/themes/icons/settle_new.png HTTP/1.1" 304 -
172.17.0.120 - - [04/Sep/2020:10:38:21 +0800] "POST /xingrg/all/common/load_tree.html?tree=area_rest_tree_json&manage=1 HTTP/1.1" 200 3216
172.17.0.120 - - [04/Sep/2020:10:38:21 +0800] "GET /xingrg/all/function/internal_message.html?_=1599187110856&CODE_STATE=count HTTP/1.1" 200 11
172.17.0.120 - - [04/Sep/2020:10:38:21 +0800] "GET /xingrg/check_reg.html?_=1599187110857 HTTP/1.1" 200 22
172.17.0.120 - - [04/Sep/2020:10:38:21 +0800] "GET /xingrg/javascript/jquery_easy_ui/themes/default/images/tabs_leftarrow.png HTTP/1.1" 304 -
172.17.0.120 - - [04/Sep/2020:10:38:21 +0800] "GET /xingrg/javascript/jquery_easy_ui/themes/default/images/panel_tool_expand.gif HTTP/1.1" 304 -
172.17.0.120 - - [04/Sep/2020:10:38:21 +0800] "GET /xingrg/javascript/jquery_easy_ui/themes/default/images/panel_tool_collapse.gif HTTP/1.1" 304 -
172.17.0.120 - - [04/Sep/2020:10:38:21 +0800] "GET /xingrg/javascript/jquery_easy_ui/themes/default/images/tabs_rightarrow.png HTTP/1.1" 304 -
172.17.0.120 - - [04/Sep/2020:10:38:21 +0800] "GET /xingrg/images/blue/pingpu.png HTTP/1.1" 304 -
172.17.0.120 - - [04/Sep/2020:10:38:21 +0800] "POST /xingrg/load_menu.html HTTP/1.1" 200 9924
116.230.74.197 - - [04/Sep/2020:10:38:21 +0800] "GET /xingrg/kc/buy/cgsh_order_add.html HTTP/1.1" 200 59658
116.230.74.197 - - [04/Sep/2020:10:38:21 +0800] "GET /xingrg/words/20200903153207_words.js HTTP/1.1" 304 -
116.230.74.197 - - [04/Sep/2020:10:38:22 +0800] "GET /xingrg/javascript/easyui/themes/default/validatebox.css HTTP/1.1" 404 1104
116.230.74.197 - - [04/Sep/2020:10:38:22 +0800] "POST /xingrg/kc/buy/cgsh_order_operate.html HTTP/1.1" 200 8245
116.230.74.197 - - [04/Sep/2020:10:38:23 +0800] "GET /xingrg/javascript/easyui/themes/default/tree.css HTTP/1.1" 404 1090
116.230.74.197 - - [04/Sep/2020:10:38:23 +0800] "POST /xingrg/all/common/load_tree.html?tree=supplier_tree_json&isDelete=1 HTTP/1.1" 200 50050
172.17.0.120 - - [04/Sep/2020:10:38:24 +0800] "GET /xingrg/kc/cost/cost_list.html HTTP/1.1" 200 6073
172.17.0.120 - - [04/Sep/2020:10:38:24 +0800] "GET /xingrg/dwr/interface/AjaxReportQueryService.js HTTP/1.1" 200 13203
172.17.0.120 - - [04/Sep/2020:10:38:24 +0800] "GET /xingrg/dwr/engine.js HTTP/1.1" 200 43631
114.86.229.116 - - [04/Sep/2020:10:38:24 +0800] "GET /xingrg/kc/buy/cgsh_order_operate.html?command=get_materiel&rest_code=00109&code=00101009113&supplier_code=00100022&order_time=2020-09-04 HTTP/1.1" 200 398
172.17.0.120 - - [04/Sep/2020:10:38:24 +0800] "GET /xingrg/kc/cost/cost_operate.html?_=1599187114301&command=load_cost_list HTTP/1.1" 200 3583
117.185.32.26 - - [04/Sep/2020:10:38:24 +0800] "GET /xingrg/all/function/internal_message.html?_=1599187533031&CODE_STATE=getMsg HTTP/1.1" 200 27
172.17.0.100 - - [04/Sep/2020:10:38:27 +0800] "GET /xingrg/kc/buy/cgsh_order_operate.html?command=get_materiel&rest_code=00147&code=00101008331&supplier_code=00100007&order_time=2020-09-04 HTTP/1.1" 200 416
218.81.217.115 - - [04/Sep/2020:10:38:28 +0800] "GET /xingrg/kc/buy/cgsh_order_operate.html?command=get_materiel&rest_code=00146&code=00101012025&supplier_code=00100033&order_time=2020-09-04 HTTP/1.1" 200 412
172.17.0.100 - - [04/Sep/2020:10:38:31 +0800] "POST /xingrg/kc/buy/cgsh_order_operate.html HTTP/1.1" 200 2065
117.184.7.30 - - [04/Sep/2020:10:38:34 +0800] "GET /xingrg/all/function/internal_message.html?_=1599187102422&CODE_STATE=getMsg HTTP/1.1" 200 27
172.17.0.100 - - [04/Sep/2020:10:38:34 +0800] "GET /xingrg/kc/buy/cgsh_order_operate.html?command=get_materiel&rest_code=00147&code=00101008049&supplier_code=00100007&order_time=2020-09-04 HTTP/1.1" 200 408
172.17.0.119 - - [04/Sep/2020:10:38:35 +0800] "GET /xingrg/all/function/internal_message.html?_=1599187113620&CODE_STATE=getMsg HTTP/1.1" 200 27
222.69.27.237 - - [04/Sep/2020:10:38:37 +0800] "GET /xingrg/all/function/internal_message.html?_=1599186961704&CODE_STATE=getMsg HTTP/1.1" 200 27
116.238.90.59 - - [04/Sep/2020:10:38:37 +0800] "GET /xingrg/all/function/internal_message.html?_=1599187322669&CODE_STATE=getMsg HTTP/1.1" 200 27
116.230.74.197 - - [04/Sep/2020:10:38:38 +0800] "GET /xingrg/kc/buy/cgsh_order_operate.html?command=get_materiel&rest_code=00107&code=00101001115&supplier_code=00100089&order_time=2020-09-04 HTTP/1.1" 200 415
172.17.0.240 - - [04/Sep/2020:10:38:39 +0800] "GET /xingrg/all/function/internal_message.html?_=1599187114868&CODE_STATE=getMsg HTTP/1.1" 200 27
218.81.217.115 - - [04/Sep/2020:10:38:41 +0800] "GET /xingrg/kc/buy/cgsh_order_operate.html?command=get_materiel&rest_code=00146&code=00101016025&supplier_code=00100033&order_time=2020-09-04 HTTP/1.1" 200 408
172.17.0.100 - - [04/Sep/2020:10:38:41 +0800] "GET /xingrg/kc/buy/cgsh_order_operate.html?command=get_materiel&rest_code=00147&code=00101008300&supplier_code=00100007&order_time=2020-09-04 HTTP/1.1" 200 412
114.86.229.116 - - [04/Sep/2020:10:38:43 +0800] "GET /xingrg/check_reg.html?_=1599187167718 HTTP/1.1" 200 22
114.86.229.116 - - [04/Sep/2020:10:38:43 +0800] "GET /xingrg/all/function/internal_message.html?_=1599187167718&CODE_STATE=getMsg HTTP/1.1" 200 27
172.17.200.101 - - [04/Sep/2020:10:38:43 +0800] "GET /xingrg/kc/base/crk_hz.html?_=1599187122521&command=get_cost_id&end_date=2020-08-31&start_date=2020-08-01 HTTP/1.1" 200 51
172.17.200.101 - - [04/Sep/2020:10:38:43 +0800] "GET /xingrg/all/report/report_query.html?isQuery=1&onlyBody=1&rh=99999&rw=1800&varString=start:20200801,cost_id:2771,mid:20200801&fileName=kc/base/crk_hz_type_by_base.xml&queryString=%20a.base_code%20in%20('0010411')%20%20and%20m.sort_code%20in%20('00101001','00101002','00101003','00101004','00101005','00101006','00101007','00101008','00101009','00101010','00101011','00101012','00101013','00101014','00101015','00101016','00101017','00101018','00101019','00101020','00101021','00101022','00101023','00101024','00101025','00101026','00101027','00101028','00101029','00101030','00101031','00101032','00101033','00101034','00101036','00101037','00101038','00101039','00102001','00102002','00102003','00102004','00102005','00102006','00102007','00102008','00102009','00102010','00102011','00102012','00102013','00102014','00102015','00102016','00102017','00102018','00102019','00102020','00102021','00102022','00102023','00102024','00102025','00102026','00102027','00102028','00102029','00102030','00102031','00102032','00102033')%20&queryText=ÈÕÆÚ£º2020-08-01ÖÁ2020-08-31%20²Ö¿â£ºÍâÂôµµ¿Ú&tableQueryString=materiel_table$sp1$$sp$before_table$sp1$$sp$crk_table$sp1$order_day%20between%2020200801%20and%2020200831 HTTP/1.1" 200 50132
172.17.200.101 - - [04/Sep/2020:10:38:43 +0800] "GET /xingrg/dwr/interface/AjaxReportQueryService.js HTTP/1.1" 200 13203
172.17.200.101 - - [04/Sep/2020:10:38:43 +0800] "GET /xingrg/dwr/engine.js HTTP/1.1" 200 43631
172.17.200.101 - - [04/Sep/2020:10:38:44 +0800] "POST /xingrg/all/report/load_report_page.html HTTP/1.1" 200 94710
172.17.200.101 - - [04/Sep/2020:10:38:44 +0800] "GET /xingrg/servlets/image?cache=0.9649192817660004&image=px HTTP/1.1" 200 807
114.86.229.116 - - [04/Sep/2020:10:38:45 +0800] "POST /xingrg/kc/buy/cgsh_order_operate.html HTTP/1.1" 200 37
114.86.229.116 - - [04/Sep/2020:10:38:46 +0800] "POST /xingrg/kc/buy/cgsh_order_operate.html HTTP/1.1" 200 3844
172.17.0.100 - - [04/Sep/2020:10:38:47 +0800] "GET /xingrg/check_reg.html?_=1599187124812 HTTP/1.1" 200 22
172.17.0.100 - - [04/Sep/2020:10:38:47 +0800] "GET /xingrg/all/function/internal_message.html?_=1599187124813&CODE_STATE=getMsg HTTP/1.1" 200 27
116.230.74.197 - - [04/Sep/2020:10:38:50 +0800] "POST /xingrg/kc/buy/cgsh_order_operate.html HTTP/1.1" 200 37
116.238.71.173 - - [04/Sep/2020:10:38:50 +0800] "GET /xingrg/all/function/internal_message.html?_=1599187127974&CODE_STATE=getMsg HTTP/1.1" 200 27
218.81.217.115 - - [04/Sep/2020:10:38:50 +0800] "GET /xingrg/kc/buy/cgsh_order_operate.html?command=get_materiel&rest_code=00146&code=00101016100&supplier_code=00100033&order_time=2020-09-04 HTTP/1.1" 200 413
116.230.74.197 - - [04/Sep/2020:10:38:51 +0800] "POST /xingrg/kc/buy/cgsh_order_operate.html HTTP/1.1" 200 2659
116.230.74.197 - - [04/Sep/2020:10:38:52 +0800] "GET /xingrg/kc/print/load_data.html?order_code=212020090401329&kc_code=cgsh&condition= HTTP/1.1" 200 745
116.230.74.197 - - [04/Sep/2020:10:38:53 +0800] "GET /xingrg/all/function/internal_message.html?_=1599187129148&CODE_STATE=getMsg HTTP/1.1" 200 27
61.172.5.115 - - [04/Sep/2020:10:38:55 +0800] "GET /xingrg/all/function/internal_message.html?_=1599187135067&CODE_STATE=getMsg HTTP/1.1" 200 27
61.172.5.115 - - [04/Sep/2020:10:38:55 +0800] "GET /xingrg/check_reg.html?_=1599187135574 HTTP/1.1" 200 22
114.86.229.116 - - [04/Sep/2020:10:38:57 +0800] "POST /xingrg/kc/buy/cgsh_order_operate.html HTTP/1.1" 200 37
116.230.74.197 - - [04/Sep/2020:10:38:58 +0800] "GET /xingrg/kc/buy/cgsh_order_add.html HTTP/1.1" 200 59658
116.238.71.173 - - [04/Sep/2020:10:38:58 +0800] "GET /xingrg/all/function/internal_message.html?_=1599187258400&CODE_STATE=getMsg HTTP/1.1" 200 27
114.86.229.116 - - [04/Sep/2020:10:38:58 +0800] "POST /xingrg/kc/buy/cgsh_order_operate.html HTTP/1.1" 200 3844
116.230.74.197 - - [04/Sep/2020:10:38:59 +0800] "GET /xingrg/javascript/easyui/themes/default/validatebox.css HTTP/1.1" 404 1104
116.230.74.197 - - [04/Sep/2020:10:38:59 +0800] "POST /xingrg/kc/buy/cgsh_order_operate.html HTTP/1.1" 200 8245
114.86.229.116 - - [04/Sep/2020:10:39:00 +0800] "GET /xingrg/kc/print/load_config.html?kc_code=cgsh HTTP/1.1" 200 1845
114.86.229.116 - - [04/Sep/2020:10:39:00 +0800] "GET /xingrg/kc/print/load_data.html?order_code=212020090401328&kc_code=cgsh&condition= HTTP/1.1" 200 1160
218.81.217.115 - - [04/Sep/2020:10:39:00 +0800] "GET /xingrg/all/function/internal_message.html?_=1599187151669&CODE_STATE=getMsg HTTP/1.1" 200 27
61.172.5.115 - - [04/Sep/2020:10:39:01 +0800] "GET /xingrg/all/function/internal_message.html?_=1599187137245&CODE_STATE=getMsg HTTP/1.1" 200 27
116.230.74.197 - - [04/Sep/2020:10:39:01 +0800] "GET /xingrg/javascript/easyui/themes/default/tree.css HTTP/1.1" 404 1090
116.230.74.197 - - [04/Sep/2020:10:39:01 +0800] "POST /xingrg/all/common/load_tree.html?tree=supplier_tree_json&isDelete=1 HTTP/1.1" 200 50050
218.81.217.115 - - [04/Sep/2020:10:39:03 +0800] "GET /xingrg/kc/buy/cgsh_order_operate.html?command=get_materiel&rest_code=00146&code=00101016105&supplier_code=00100033&order_time=2020-09-04 HTTP/1.1" 200 409
120.253.135.82 - - [04/Sep/2020:10:39:11 +0800] "GET /xingrg/all/function/internal_message.html?_=1599186898740&CODE_STATE=getMsg HTTP/1.1" 200 27
61.172.5.115 - - [04/Sep/2020:10:39:11 +0800] "GET /xingrg/kc/buy/cgsh_order_add.html HTTP/1.1" 200 59611
61.172.5.115 - - [04/Sep/2020:10:39:12 +0800] "POST /xingrg/kc/buy/cgsh_order_operate.html HTTP/1.1" 200 8245
61.172.5.115 - - [04/Sep/2020:10:39:12 +0800] "GET /xingrg/javascript/easyui/themes/default/validatebox.css HTTP/1.1" 404 1104
172.17.0.117 - - [04/Sep/2020:10:39:14 +0800] "GET /xingrg/all/function/internal_message.html?_=1599187148403&CODE_STATE=getMsg HTTP/1.1" 200 27
172.17.200.101 - - [04/Sep/2020:10:39:16 +0800] "GET /xingrg/kc/base/crk_hz.html?_=1599187155712&command=get_cost_id&end_date=2020-08-31&start_date=2020-08-01 HTTP/1.1" 200 51
172.17.200.101 - - [04/Sep/2020:10:39:16 +0800] "GET /xingrg/all/report/report_query.html?isQuery=1&onlyBody=1&rh=99999&rw=1800&varString=start:20200801,cost_id:2771,mid:20200801&fileName=kc/base/crk_hz_type_by_base.xml&queryString=%20a.base_code%20in%20('0010244')%20%20and%20m.sort_code%20in%20('00101001','00101002','00101003','00101004','00101005','00101006','00101007','00101008','00101009','00101010','00101011','00101012','00101013','00101014','00101015','00101016','00101017','00101018','00101019','00101020','00101021','00101022','00101023','00101024','00101025','00101026','00101027','00101028','00101029','00101030','00101031','00101032','00101033','00101034','00101036','00101037','00101038','00101039','00102001','00102002','00102003','00102004','00102005','00102006','00102007','00102008','00102009','00102010','00102011','00102012','00102013','00102014','00102015','00102016','00102017','00102018','00102019','00102020','00102021','00102022','00102023','00102024','00102025','00102026','00102027','00102028','00102029','00102030','00102031','00102032','00102033')%20&queryText=ÈÕÆÚ£º2020-08-01ÖÁ2020-08-31%20²Ö¿â£ºÂ¥Ãæ&tableQueryString=materiel_table$sp1$$sp$before_table$sp1$$sp$crk_table$sp1$order_day%20between%2020200801%20and%2020200831 HTTP/1.1" 200 50127
172.17.200.101 - - [04/Sep/2020:10:39:16 +0800] "GET /xingrg/dwr/interface/AjaxReportQueryService.js HTTP/1.1" 200 13203
172.17.200.101 - - [04/Sep/2020:10:39:16 +0800] "GET /xingrg/dwr/engine.js HTTP/1.1" 200 43631
61.172.5.115 - - [04/Sep/2020:10:39:17 +0800] "GET /xingrg/all/function/internal_message.html?_=1599187139758&CODE_STATE=getMsg HTTP/1.1" 200 27
61.172.5.115 - - [04/Sep/2020:10:39:17 +0800] "GET /xingrg/check_reg.html?_=1599187139761 HTTP/1.1" 200 22
172.17.200.101 - - [04/Sep/2020:10:39:17 +0800] "GET /xingrg/all/function/internal_message.html?_=1599187156533&CODE_STATE=getMsg HTTP/1.1" 200 27
116.230.74.197 - - [04/Sep/2020:10:39:17 +0800] "GET /xingrg/kc/buy/cgsh_order_operate.html?command=get_materiel&rest_code=00107&code=00101013168&supplier_code=00100337&order_time=2020-09-04 HTTP/1.1" 200 413
172.17.200.101 - - [04/Sep/2020:10:39:17 +0800] "POST /xingrg/all/report/load_report_page.html HTTP/1.1" 200 94724
172.17.200.101 - - [04/Sep/2020:10:39:17 +0800] "GET /xingrg/servlets/image?cache=0.34668406739162283&image=px HTTP/1.1" 200 807
222.69.136.86 - - [04/Sep/2020:10:39:19 +0800] "GET /xingrg/all/function/internal_message.html?_=1599187148377&CODE_STATE=getMsg HTTP/1.1" 200 27
172.17.0.120 - - [04/Sep/2020:10:39:21 +0800] "GET /xingrg/all/function/internal_message.html?_=1599187170864&CODE_STATE=getMsg HTTP/1.1" 200 27
218.81.217.115 - - [04/Sep/2020:10:39:21 +0800] "GET /xingrg/kc/buy/cgsh_order_operate.html?command=get_materiel&rest_code=00146&code=00101020237&supplier_code=00100033&order_time=2020-09-04 HTTP/1.1" 200 400
172.17.0.100 - - [04/Sep/2020:10:39:23 +0800] "GET /xingrg/kc/buy/cgsh_order_operate.html?command=get_materiel&rest_code=00147&code=00101008137&supplier_code=00100007&order_time=2020-09-04 HTTP/1.1" 200 408
172.17.200.101 - - [04/Sep/2020:10:39:23 +0800] "GET /xingrg/kc/base/crk_hz.html?_=1599187163089&command=get_cost_id&end_date=2020-08-31&start_date=2020-08-01 HTTP/1.1" 200 51
172.17.200.101 - - [04/Sep/2020:10:39:23 +0800] "GET /xingrg/all/report/report_query.html?isQuery=1&onlyBody=1&rh=99999&rw=1800&varString=start:20200801,cost_id:2771,mid:20200801&fileName=kc/base/crk_hz_type_by_base.xml&queryString=%20a.base_code%20in%20('0010244')%20%20and%20m.sort_code%20in%20('00101001','00101002','00101003','00101004','00101005','00101006','00101007','00101008','00101009','00101010','00101011','00101012','00101013','00101014','00101015','00101016','00101017','00101018','00101019','00101020','00101021','00101022','00101023','00101024','00101025','00101026','00101027','00101028','00101029','00101030','00101031','00101032','00101033','00101034','00101036','00101037','00101038','00101039')%20&queryText=ÈÕÆÚ£º2020-08-01ÖÁ2020-08-31%20²Ö¿â£ºÂ¥Ãæ&tableQueryString=materiel_table$sp1$$sp$before_table$sp1$$sp$crk_table$sp1$order_day%20between%2020200801%20and%2020200831 HTTP/1.1" 200 49764
172.17.200.101 - - [04/Sep/2020:10:39:24 +0800] "GET /xingrg/dwr/interface/AjaxReportQueryService.js HTTP/1.1" 200 13203
172.17.200.101 - - [04/Sep/2020:10:39:24 +0800] "GET /xingrg/dwr/engine.js HTTP/1.1" 200 43631
117.185.32.26 - - [04/Sep/2020:10:39:24 +0800] "GET /xingrg/all/function/internal_message.html?_=1599187593026&CODE_STATE=getMsg HTTP/1.1" 200 27
61.172.5.115 - - [04/Sep/2020:10:39:25 +0800] "GET /xingrg/kc/buy/cgsh_order_operate.html?command=get_materiel&rest_code=00105&code=00101009001&supplier_code=00100024&order_time=2020-09-04 HTTP/1.1" 200 416
172.17.200.101 - - [04/Sep/2020:10:39:25 +0800] "POST /xingrg/all/report/load_report_page.html HTTP/1.1" 200 94526
172.17.200.101 - - [04/Sep/2020:10:39:25 +0800] "GET /xingrg/servlets/image?cache=0.5209739839956008&image=px HTTP/1.1" 200 807
116.230.74.197 - - [04/Sep/2020:10:39:32 +0800] "GET /xingrg/kc/buy/cgsh_order_operate.html?command=get_materiel&rest_code=00107&code=00101014064&supplier_code=00100337&order_time=2020-09-04 HTTP/1.1" 200 412
172.17.0.100 - - [04/Sep/2020:10:39:32 +0800] "GET /xingrg/kc/buy/cgsh_order_operate.html?command=get_materiel&rest_code=00147&code=00101008108&supplier_code=00100007&order_time=2020-09-04 HTTP/1.1" 200 412
117.184.7.30 - - [04/Sep/2020:10:39:34 +0800] "GET /xingrg/all/function/internal_message.html?_=1599187162426&CODE_STATE=getMsg HTTP/1.1" 200 27
172.17.0.119 - - [04/Sep/2020:10:39:35 +0800] "GET /xingrg/all/function/internal_message.html?_=1599187173621&CODE_STATE=getMsg HTTP/1.1" 200 27
172.17.0.119 - - [04/Sep/2020:10:39:35 +0800] "GET /xingrg/check_reg.html?_=1599187173623 HTTP/1.1" 200 22
222.69.27.237 - - [04/Sep/2020:10:39:37 +0800] "GET /xingrg/all/function/internal_message.html?_=1599187021703&CODE_STATE=getMsg HTTP/1.1" 200 27
222.69.27.237 - - [04/Sep/2020:10:39:37 +0800] "GET /xingrg/check_reg.html?_=1599187021704 HTTP/1.1" 200 22
116.238.90.59 - - [04/Sep/2020:10:39:37 +0800] "GET /xingrg/all/function/internal_message.html?_=1599187382679&CODE_STATE=getMsg HTTP/1.1" 200 27
172.17.0.100 - - [04/Sep/2020:10:39:38 +0800] "GET /xingrg/kc/buy/cgsh_order_operate.html?command=get_materiel&rest_code=00147&code=00101008155&supplier_code=00100007&order_time=2020-09-04 HTTP/1.1" 200 408
172.17.0.240 - - [04/Sep/2020:10:39:39 +0800] "GET /xingrg/all/function/internal_message.html?_=1599187174877&CODE_STATE=getMsg HTTP/1.1" 200 27
172.17.200.101 - - [04/Sep/2020:10:39:39 +0800] "GET /xingrg/kc/base/crk_hz.html?_=1599187178890&command=get_cost_id&end_date=2020-08-31&start_date=2020-08-01 HTTP/1.1" 200 51
172.17.200.101 - - [04/Sep/2020:10:39:39 +0800] "GET /xingrg/all/report/report_query.html?isQuery=1&onlyBody=1&rh=99999&rw=1800&varString=start:20200801,cost_id:2771,mid:20200801&fileName=kc/base/crk_hz_type_by_base.xml&queryString=%20a.base_code%20in%20('0010245')%20%20and%20m.sort_code%20in%20('00101001','00101002','00101003','00101004','00101005','00101006','00101007','00101008','00101009','00101010','00101011','00101012','00101013','00101014','00101015','00101016','00101017','00101018','00101019','00101020','00101021','00101022','00101023','00101024','00101025','00101026','00101027','00101028','00101029','00101030','00101031','00101032','00101033','00101034','00101036','00101037','00101038','00101039')%20&queryText=ÈÕÆÚ£º2020-08-01ÖÁ2020-08-31%20²Ö¿â£º°Ę́&tableQueryString=materiel_table$sp1$$sp$before_table$sp1$$sp$crk_table$sp1$order_day%20between%2020200801%20and%2020200831 HTTP/1.1" 200 49764
172.17.200.101 - - [04/Sep/2020:10:39:39 +0800] "GET /xingrg/dwr/interface/AjaxReportQueryService.js HTTP/1.1" 200 13203
172.17.200.101 - - [04/Sep/2020:10:39:39 +0800] "GET /xingrg/dwr/engine.js HTTP/1.1" 200 43631
172.17.200.101 - - [04/Sep/2020:10:39:40 +0800] "POST /xingrg/all/report/load_report_page.html HTTP/1.1" 200 94682
172.17.200.101 - - [04/Sep/2020:10:39:40 +0800] "GET /xingrg/servlets/image?cache=0.43336194266146244&image=px HTTP/1.1" 200 807
172.17.0.100 - - [04/Sep/2020:10:39:41 +0800] "POST /xingrg/kc/buy/cgsh_order_operate.html HTTP/1.1" 200 2065
114.86.229.116 - - [04/Sep/2020:10:39:43 +0800] "GET /xingrg/all/function/internal_message.html?_=1599187229312&CODE_STATE=getMsg HTTP/1.1" 200 27
61.172.5.115 - - [04/Sep/2020:10:39:44 +0800] "GET /xingrg/kc/buy/cgsh_order_operate.html?command=get_materiel&rest_code=00105&code=00101009011&supplier_code=00100024&order_time=2020-09-04 HTTP/1.1" 200 416
172.17.0.100 - - [04/Sep/2020:10:39:45 +0800] "GET /xingrg/kc/buy/cgsh_order_operate.html?command=get_materiel&rest_code=00147&code=00101008223&supplier_code=00100007&order_time=2020-09-04 HTTP/1.1" 200 412
172.17.0.100 - - [04/Sep/2020:10:39:47 +0800] "GET /xingrg/all/function/internal_message.html?_=1599187184892&CODE_STATE=getMsg HTTP/1.1" 200 27
116.230.74.197 - - [04/Sep/2020:10:39:47 +0800] "GET /xingrg/kc/buy/cgsh_order_operate.html?command=get_materiel&rest_code=00107&code=00101002017&supplier_code=00100337&order_time=2020-09-04 HTTP/1.1" 200 409
172.17.200.101 - - [04/Sep/2020:10:39:50 +0800] "GET /xingrg/all/report/report_query.html?isQuery=1&fileName=kc/base/crk_detail_by_small.xml&rh=99999&queryString=&queryText=%25E3%2580%2590%25E4%25BB%2593%25E5%25BA%2593%25E5%2590%258D%25E7%25A7%25B0%253A%25E5%2590%25A7%25E5%258F%25B0%25E3%2580%2591%25E3%2580%2590%25E4%25B8%259A%25E5%258A%25A1%25E7%25B1%25BB%25E5%259E%258B%25EF%25BC%259A%25E5%2586%2585%25E9%2583%25A8%25E8%25B0%2583%25E5%2585%25A5%25E3%2580%2591%2520%253F%253F%253F%253F%253F2020-08-01%253F%253F2020-08-31%2520%253F%253F%253F%253F%253F%253F&tableQueryString=crk_table%2524sp1%2524order_day%2520between%252020200801%2520and%252020200831%2520and%2520(base_code%253D'0010245')%2520and%2520(src_order_type%2520in%2520(42))%2520and%2520(is_rk%2520in%2520(1)) HTTP/1.1" 200 53701
172.17.200.101 - - [04/Sep/2020:10:39:50 +0800] "GET /xingrg/dwr/interface/AjaxReportQueryService.js HTTP/1.1" 200 13203
172.17.200.101 - - [04/Sep/2020:10:39:50 +0800] "GET /xingrg/dwr/engine.js HTTP/1.1" 200 43631
218.81.217.115 - - [04/Sep/2020:10:39:50 +0800] "GET /xingrg/kc/buy/cgsh_order_operate.html?command=get_materiel&rest_code=00146&code=00101034083&supplier_code=00100033&order_time=2020-09-04 HTTP/1.1" 200 413
172.17.200.101 - - [04/Sep/2020:10:39:50 +0800] "POST /xingrg/all/report/load_report_page.html HTTP/1.1" 200 18251
172.17.200.101 - - [04/Sep/2020:10:39:50 +0800] "GET /xingrg/servlets/image?cache=0.05966486512572755&image=px HTTP/1.1" 200 807
116.238.71.173 - - [04/Sep/2020:10:39:50 +0800] "GET /xingrg/all/function/internal_message.html?_=1599187188023&CODE_STATE=getMsg HTTP/1.1" 200 27
61.172.5.115 - - [04/Sep/2020:10:39:51 +0800] "GET /xingrg/kc/buy/cgsh_order_operate.html?command=get_materiel&rest_code=00105&code=00101009062&supplier_code=00100024&order_time=2020-09-04 HTTP/1.1" 200 433
117.131.5.26 - - [04/Sep/2020:10:39:52 +0800] "POST /xingrg/services/DataTransmitService HTTP/1.1" 200 524
172.17.0.100 - - [04/Sep/2020:10:39:53 +0800] "GET /xingrg/kc/buy/cgsh_order_operate.html?command=get_materiel&rest_code=00147&code=00101008165&supplier_code=00100007&order_time=2020-09-04 HTTP/1.1" 200 417
116.230.74.197 - - [04/Sep/2020:10:39:53 +0800] "GET /xingrg/all/function/internal_message.html?_=1599187189118&CODE_STATE=getMsg HTTP/1.1" 200 27
61.172.5.115 - - [04/Sep/2020:10:39:55 +0800] "GET /xingrg/all/function/internal_message.html?_=1599187195055&CODE_STATE=getMsg HTTP/1.1" 200 27
116.230.74.197 - - [04/Sep/2020:10:39:58 +0800] "POST /xingrg/kc/buy/cgsh_order_operate.html HTTP/1.1" 200 37
116.238.71.173 - - [04/Sep/2020:10:39:58 +0800] "GET /xingrg/all/function/internal_message.html?_=1599187318413&CODE_STATE=getMsg HTTP/1.1" 200 27
172.17.0.100 - - [04/Sep/2020:10:39:59 +0800] "GET /xingrg/kc/buy/cgsh_order_operate.html?command=get_materiel&rest_code=00147&code=00101008168&supplier_code=00100007&order_time=2020-09-04 HTTP/1.1" 200 413
116.230.74.197 - - [04/Sep/2020:10:40:00 +0800] "POST /xingrg/kc/buy/cgsh_order_operate.html HTTP/1.1" 200 3834
218.81.217.115 - - [04/Sep/2020:10:40:00 +0800] "GET /xingrg/kc/buy/cgsh_order_operate.html?command=get_materiel&rest_code=00146&code=00101034022&supplier_code=00100033&order_time=2020-09-04 HTTP/1.1" 200 438
218.81.217.115 - - [04/Sep/2020:10:40:00 +0800] "GET /xingrg/all/function/internal_message.html?_=1599187211678&CODE_STATE=getMsg HTTP/1.1" 200 27
172.17.200.101 - - [04/Sep/2020:10:40:01 +0800] "GET /xingrg/all/report/report_query.html?isQuery=1&fileName=kc/base/crk_detail_by_small.xml&rh=99999&queryString=&queryText=%25E3%2580%2590%25E4%25BB%2593%25E5%25BA%2593%25E5%2590%258D%25E7%25A7%25B0%253A%25E5%2590%25A7%25E5%258F%25B0%25E3%2580%2591%25E3%2580%2590%25E4%25B8%259A%25E5%258A%25A1%25E7%25B1%25BB%25E5%259E%258B%25EF%25BC%259A%25E5%2586%2585%25E9%2583%25A8%25E8%25B0%2583%25E5%2587%25BA%25E3%2580%2591%2520%253F%253F%253F%253F%253F2020-08-01%253F%253F2020-08-31%2520%253F%253F%253F%253F%253F%253F&tableQueryString=crk_table%2524sp1%2524order_day%2520between%252020200801%2520and%252020200831%2520and%2520(base_code%253D'0010245')%2520and%2520(src_order_type%2520in%2520(42))%2520and%2520(is_rk%2520in%2520(0)) HTTP/1.1" 200 53701
61.172.5.115 - - [04/Sep/2020:10:40:01 +0800] "GET /xingrg/all/function/internal_message.html?_=1599187197260&CODE_STATE=getMsg HTTP/1.1" 200 27
61.172.5.115 - - [04/Sep/2020:10:40:01 +0800] "GET /xingrg/check_reg.html?_=1599187197340 HTTP/1.1" 200 22
172.17.200.101 - - [04/Sep/2020:10:40:01 +0800] "GET /xingrg/dwr/interface/AjaxReportQueryService.js HTTP/1.1" 200 13203
172.17.200.101 - - [04/Sep/2020:10:40:01 +0800] "GET /xingrg/dwr/engine.js HTTP/1.1" 200 43631
172.17.200.101 - - [04/Sep/2020:10:40:02 +0800] "POST /xingrg/all/report/load_report_page.html HTTP/1.1" 200 13899
172.17.200.101 - - [04/Sep/2020:10:40:02 +0800] "GET /xingrg/servlets/image?cache=0.6012645065173328&image=px HTTP/1.1" 200 807
116.230.74.197 - - [04/Sep/2020:10:40:02 +0800] "GET /xingrg/kc/print/load_data.html?order_code=212020090401330&kc_code=cgsh&condition= HTTP/1.1" 200 1119
114.86.229.116 - - [04/Sep/2020:10:40:04 +0800] "GET /xingrg/kc/buy/cgsh_order_add.html HTTP/1.1" 200 59658
61.172.5.115 - - [04/Sep/2020:10:40:04 +0800] "GET /xingrg/kc/buy/cgsh_order_operate.html?command=get_materiel&rest_code=00105&code=00101008507&supplier_code=00100024&order_time=2020-09-04 HTTP/1.1" 200 395
114.86.229.116 - - [04/Sep/2020:10:40:04 +0800] "POST /xingrg/kc/buy/cgsh_order_operate.html HTTP/1.1" 200 8245
114.86.229.116 - - [04/Sep/2020:10:40:04 +0800] "GET /xingrg/all/common/auto_word.html?type=employee&rest_code=00109 HTTP/1.1" 200 255
114.86.229.116 - - [04/Sep/2020:10:40:04 +0800] "GET /xingrg/all/common/auto_word.html?type=employee&rest_code=00109 HTTP/1.1" 200 255
114.86.229.116 - - [04/Sep/2020:10:40:04 +0800] "GET /xingrg/javascript/easyui/themes/default/validatebox.css HTTP/1.1" 404 1104
116.230.74.197 - - [04/Sep/2020:10:40:07 +0800] "GET /xingrg/kc/buy/cgsh_order_add.html HTTP/1.1" 200 59658
116.230.74.197 - - [04/Sep/2020:10:40:08 +0800] "GET /xingrg/javascript/easyui/themes/default/validatebox.css HTTP/1.1" 404 1104
116.230.74.197 - - [04/Sep/2020:10:40:08 +0800] "POST /xingrg/kc/buy/cgsh_order_operate.html HTTP/1.1" 200 8245
116.230.74.197 - - [04/Sep/2020:10:40:09 +0800] "GET /xingrg/javascript/easyui/themes/default/tree.css HTTP/1.1" 404 1090
116.230.74.197 - - [04/Sep/2020:10:40:09 +0800] "POST /xingrg/all/common/load_tree.html?tree=supplier_tree_json&isDelete=1 HTTP/1.1" 200 50050
120.253.135.82 - - [04/Sep/2020:10:40:11 +0800] "GET /xingrg/all/function/internal_message.html?_=1599186958759&CODE_STATE=getMsg HTTP/1.1" 200 27
172.17.0.100 - - [04/Sep/2020:10:40:11 +0800] "GET /xingrg/kc/buy/cgsh_order_operate.html?command=get_materiel&rest_code=00147&code=00101009011&supplier_code=00100007&order_time=2020-09-04 HTTP/1.1" 200 416
61.172.5.115 - - [04/Sep/2020:10:40:11 +0800] "GET /xingrg/kc/buy/cgsh_order_operate.html?command=get_materiel&rest_code=00105&code=00101009019&supplier_code=00100024&order_time=2020-09-04 HTTP/1.1" 200 433
172.17.0.100 - - [04/Sep/2020:10:40:13 +0800] "POST /xingrg/kc/buy/cgsh_order_operate.html HTTP/1.1" 200 2065
172.17.0.117 - - [04/Sep/2020:10:40:14 +0800] "GET /xingrg/check_reg.html?_=1599187208403 HTTP/1.1" 200 22
172.17.0.117 - - [04/Sep/2020:10:40:14 +0800] "GET /xingrg/all/function/internal_message.html?_=1599187208413&CODE_STATE=getMsg HTTP/1.1" 200 27
172.17.200.101 - - [04/Sep/2020:10:40:17 +0800] "GET /xingrg/all/function/internal_message.html?_=1599187216523&CODE_STATE=getMsg HTTP/1.1" 200 27
61.172.5.115 - - [04/Sep/2020:10:40:17 +0800] "GET /xingrg/all/function/internal_message.html?_=1599187199761&CODE_STATE=getMsg HTTP/1.1" 200 27
172.17.0.100 - - [04/Sep/2020:10:40:17 +0800] "GET /xingrg/kc/buy/cgsh_order_operate.html?command=get_materiel&rest_code=00147&code=00101009015&supplier_code=00100007&order_time=2020-09-04 HTTP/1.1" 200 416
114.86.229.116 - - [04/Sep/2020:10:40:17 +0800] "GET /xingrg/javascript/jquery_tools/images/prev.gif HTTP/1.1" 404 1086
114.86.229.116 - - [04/Sep/2020:10:40:17 +0800] "GET /xingrg/javascript/jquery_tools/images/next.gif HTTP/1.1" 404 1086
222.69.136.86 - - [04/Sep/2020:10:40:19 +0800] "GET /xingrg/all/function/internal_message.html?_=1599187208348&CODE_STATE=getMsg HTTP/1.1" 200 27
172.17.0.120 - - [04/Sep/2020:10:40:21 +0800] "GET /xingrg/all/function/internal_message.html?_=1599187230872&CODE_STATE=getMsg HTTP/1.1" 200 27
114.86.229.116 - - [04/Sep/2020:10:40:22 +0800] "GET /xingrg/kc/buy/cgsh_order_operate.html?command=get_materiel&rest_code=00109&code=00101011005&supplier_code=00100046&order_time=2020-09-04 HTTP/1.1" 200 428
172.17.0.100 - - [04/Sep/2020:10:40:24 +0800] "GET /xingrg/kc/buy/cgsh_order_operate.html?command=get_materiel&rest_code=00147&code=00101020152&supplier_code=00100007&order_time=2020-09-04 HTTP/1.1" 200 416
117.185.32.26 - - [04/Sep/2020:10:40:24 +0800] "GET /xingrg/all/function/internal_message.html?_=1599187653054&CODE_STATE=getMsg HTTP/1.1" 200 27
218.81.217.115 - - [04/Sep/2020:10:40:25 +0800] "GET /xingrg/kc/buy/cgsh_order_operate.html?command=get_materiel&rest_code=00146&code=00101018007&supplier_code=00100033&order_time=2020-09-04 HTTP/1.1" 200 409
117.131.5.26 - - [04/Sep/2020:10:40:26 +0800] "POST /xingrg/services/DataTransmitService HTTP/1.1" 200 524
