116.238.90.59 - - [04/Sep/2020:08:53:17 +0800] "GET /xingrg/all/function/internal_message.html?_=1599180790012&CODE_STATE=getMsg HTTP/1.1" 200 27
120.253.135.82 - - [04/Sep/2020:08:53:19 +0800] "GET /xingrg/all/function/internal_message.html?_=1599180426835&CODE_STATE=getMsg HTTP/1.1" 200 27
222.69.136.86 - - [04/Sep/2020:08:53:20 +0800] "GET /xingrg/all/function/internal_message.html?_=1599180790002&CODE_STATE=getMsg HTTP/1.1" 200 27
116.230.74.197 - - [04/Sep/2020:08:53:22 +0800] "GET /xingrg/javascript/auto/indicator.gif HTTP/1.1" 404 1066
222.69.136.86 - - [04/Sep/2020:08:53:24 +0800] "GET /xingrg/kc/buy/cgsh_order_operate.html?command=get_materiel&rest_code=00149&code=00101015066&supplier_code=00100005&order_time=2020-09-04 HTTP/1.1" 200 413
116.230.74.197 - - [04/Sep/2020:08:53:24 +0800] "GET /xingrg/kc/buy/cgsh_order_operate.html?command=get_materiel&rest_code=00107&code=00101016100&supplier_code=00100033&order_time=2020-09-04 HTTP/1.1" 200 412
172.17.200.101 - - [04/Sep/2020:08:53:28 +0800] "GET /xingrg/all/function/internal_message.html?_=1599180807697&CODE_STATE=getMsg HTTP/1.1" 200 27
116.238.90.59 - - [04/Sep/2020:08:53:30 +0800] "GET /xingrg/all/function/internal_message.html?_=1599181015218&CODE_STATE=getMsg HTTP/1.1" 200 27
222.69.136.86 - - [04/Sep/2020:08:53:33 +0800] "POST /xingrg/kc/buy/cgsh_order_operate.html HTTP/1.1" 200 37
222.69.136.86 - - [04/Sep/2020:08:53:35 +0800] "POST /xingrg/kc/buy/cgsh_order_operate.html HTTP/1.1" 200 12
222.69.136.86 - - [04/Sep/2020:08:53:36 +0800] "GET /xingrg/kc/buy/cgsh_order_info.html?code=212020090401248 HTTP/1.1" 200 54567
222.69.136.86 - - [04/Sep/2020:08:53:36 +0800] "GET /xingrg/javascript/easyui/themes/default/validatebox.css HTTP/1.1" 404 1104
222.69.136.86 - - [04/Sep/2020:08:53:37 +0800] "POST /xingrg/kc/buy/cgsh_order_operate.html HTTP/1.1" 200 33160
116.230.74.197 - - [04/Sep/2020:08:53:40 +0800] "GET /xingrg/kc/buy/cgsh_order_operate.html?command=get_materiel&rest_code=00107&code=00101010248&supplier_code=00100033&order_time=2020-09-04 HTTP/1.1" 200 430
222.69.136.86 - - [04/Sep/2020:08:53:48 +0800] "GET /xingrg/kc/print/load_config.html?kc_code=cgsh HTTP/1.1" 200 1845
222.69.136.86 - - [04/Sep/2020:08:53:49 +0800] "GET /xingrg/kc/print/load_data.html?order_code=212020090401248&kc_code=cgsh&condition= HTTP/1.1" 200 13075
116.230.74.197 - - [04/Sep/2020:08:53:51 +0800] "GET /xingrg/all/function/internal_message.html?_=1599180827069&CODE_STATE=getMsg HTTP/1.1" 200 27
116.230.74.197 - - [04/Sep/2020:08:53:53 +0800] "GET /xingrg/kc/buy/cgsh_order_operate.html?command=get_materiel&rest_code=00107&code=00101016010&supplier_code=00100033&order_time=2020-09-04 HTTP/1.1" 200 408
116.238.71.173 - - [04/Sep/2020:08:53:54 +0800] "GET /xingrg/all/function/internal_message.html?_=1599180954477&CODE_STATE=getMsg HTTP/1.1" 200 27
116.238.71.173 - - [04/Sep/2020:08:53:58 +0800] "GET /xingrg/all/function/internal_message.html?_=1599180835598&CODE_STATE=getMsg HTTP/1.1" 200 27
218.81.217.115 - - [04/Sep/2020:08:54:00 +0800] "GET /xingrg/all/function/internal_message.html?_=1599180851517&CODE_STATE=getMsg HTTP/1.1" 200 27
61.172.5.115 - - [04/Sep/2020:08:54:01 +0800] "POST /xingrg/dwr/call/plaincall/AjaxReportQueryService.refreshCache.dwr HTTP/1.1" 200 78
61.172.5.115 - - [04/Sep/2020:08:54:01 +0800] "GET /xingrg/all/function/internal_message.html?_=1599180837112&CODE_STATE=getMsg HTTP/1.1" 200 27
61.172.5.115 - - [04/Sep/2020:08:54:02 +0800] "GET /xingrg/all/function/internal_message.html?_=1599180842892&CODE_STATE=getMsg HTTP/1.1" 200 27
61.172.5.115 - - [04/Sep/2020:08:54:02 +0800] "GET /xingrg/check_reg.html?_=1599180842895 HTTP/1.1" 200 22
116.230.74.197 - - [04/Sep/2020:08:54:02 +0800] "GET /xingrg/kc/buy/cgsh_order_operate.html?command=get_materiel&rest_code=00107&code=00101016080&supplier_code=00100033&order_time=2020-09-04 HTTP/1.1" 200 408
61.172.5.115 - - [04/Sep/2020:08:54:04 +0800] "POST /xingrg/all/report/load_report_page.html HTTP/1.1" 200 7307
61.172.5.115 - - [04/Sep/2020:08:54:04 +0800] "GET /xingrg/servlets/image?cache=0.7936163324624571&image=px HTTP/1.1" 200 807
61.172.5.115 - - [04/Sep/2020:08:54:06 +0800] "GET /xingrg/all/report/report_query.html?isQuery=1&fileName=kc/buy/wlcg_cate_hz.xml&queryString=(CONVERT(char(10)%2Ca.order_time%2C%20120)%3E%3D'2020-06-01')%20and%20(CONVERT(char(10)%2Ca.order_time%2C%20120)%3C%3D'2020-06-30')%20and%20(a.supplier_code%20in%20('00100010'%2C'00100011'%2C'00100012'%2C'00100013'%2C'00100014'%2C'00100015'%2C'00100016'%2C'00100294'))%20and%20(a.supplier_code%3D'00100013')%20and%20(a.big_sort%3D'00101')&queryText=%E3%80%90%E9%87%87%E8%B4%AD%E6%97%A5%E6%9C%9F%3A2020-06-01%20%E8%87%B3%202020-06-30%E3%80%91%20%E5%B9%B6%E4%B8%94%20%20%E3%80%90%E4%BE%9B%E5%BA%94%E5%95%86%20%3D%20%E8%82%89%E7%B1%BB%20%5B8%5D%2C%E7%8C%AA%E8%82%89%EF%BC%88%E6%9D%8E%E5%85%89%E5%89%8D%EF%BC%89%2C%E7%8C%AA%E8%82%89%EF%BC%88%E5%BC%A0%E6%98%A5%E5%8D%8E%EF%BC%89%2C%E7%8C%AA%E8%82%89%EF%BC%88%E6%9D%8E%E8%B4%BB%E5%8D%8E%EF%BC%89%2C%E7%8C%AA%E8%82%89%EF%BC%88%E9%99%B6%E5%B7%A7%E8%8B%B1%EF%BC%89%2C%E7%8C%AA%E8%82%89%EF%BC%88%E5%BC%A0%E8%8D%A3%E7%82%B3%EF%BC%89%2C%E7%8C%AA%E8%82%89%EF%BC%88%E7%8E%8B%E5%AF%8C%E6%98%8E%EF%BC%89%2C%E7%89%9B%E5%A4%B4%EF%BC%88%E6%9D%8E%E8%B4%BB%E5%8D%8E%EF%BC%89%2C%E4%B8%87%E4%B8%89%E9%A3%9F%E5%93%81%E6%9C%89%E9%99%90%E5%85%AC%E5%8F%B8%E3%80%91%20%E5%B9%B6%E4%B8%94%20%E3%80%90%E4%BE%9B%E5%BA%94%E5%95%86%3D%E7%8C%AA%E8%82%89%EF%BC%88%E9%99%B6%E5%B7%A7%E8%8B%B1%EF%BC%89%E3%80%91%E5%B9%B6%E4%B8%94%E3%80%90%E7%B1%BB%E5%88%AB%E5%90%8D%E7%A7%B0%20%3D%20%E6%88%90%E6%9C%AC%E7%B1%BB%E3%80%91&rand=0.09399372766687158 HTTP/1.1" 200 49212
61.172.5.115 - - [04/Sep/2020:08:54:06 +0800] "GET /xingrg/all/report/report_query.html?isQuery=1&fileName=kc/buy/wlcg_cate_hz.xml&queryString=(CONVERT(char(10)%2Ca.order_time%2C%20120)%3E%3D'2020-06-01')%20and%20(CONVERT(char(10)%2Ca.order_time%2C%20120)%3C%3D'2020-06-30')%20and%20(a.supplier_code%20in%20('00100010'%2C'00100011'%2C'00100012'%2C'00100013'%2C'00100014'%2C'00100015'%2C'00100016'%2C'00100294'))%20and%20(a.supplier_code%3D'00100013')%20and%20(a.big_sort%3D'00101')&queryText=%E3%80%90%E9%87%87%E8%B4%AD%E6%97%A5%E6%9C%9F%3A2020-06-01%20%E8%87%B3%202020-06-30%E3%80%91%20%E5%B9%B6%E4%B8%94%20%20%E3%80%90%E4%BE%9B%E5%BA%94%E5%95%86%20%3D%20%E8%82%89%E7%B1%BB%20%5B8%5D%2C%E7%8C%AA%E8%82%89%EF%BC%88%E6%9D%8E%E5%85%89%E5%89%8D%EF%BC%89%2C%E7%8C%AA%E8%82%89%EF%BC%88%E5%BC%A0%E6%98%A5%E5%8D%8E%EF%BC%89%2C%E7%8C%AA%E8%82%89%EF%BC%88%E6%9D%8E%E8%B4%BB%E5%8D%8E%EF%BC%89%2C%E7%8C%AA%E8%82%89%EF%BC%88%E9%99%B6%E5%B7%A7%E8%8B%B1%EF%BC%89%2C%E7%8C%AA%E8%82%89%EF%BC%88%E5%BC%A0%E8%8D%A3%E7%82%B3%EF%BC%89%2C%E7%8C%AA%E8%82%89%EF%BC%88%E7%8E%8B%E5%AF%8C%E6%98%8E%EF%BC%89%2C%E7%89%9B%E5%A4%B4%EF%BC%88%E6%9D%8E%E8%B4%BB%E5%8D%8E%EF%BC%89%2C%E4%B8%87%E4%B8%89%E9%A3%9F%E5%93%81%E6%9C%89%E9%99%90%E5%85%AC%E5%8F%B8%E3%80%91%20%E5%B9%B6%E4%B8%94%20%E3%80%90%E4%BE%9B%E5%BA%94%E5%95%86%3D%E7%8C%AA%E8%82%89%EF%BC%88%E9%99%B6%E5%B7%A7%E8%8B%B1%EF%BC%89%E3%80%91%E5%B9%B6%E4%B8%94%E3%80%90%E7%B1%BB%E5%88%AB%E5%90%8D%E7%A7%B0%20%3D%20%E6%88%90%E6%9C%AC%E7%B1%BB%E3%80%91&rand=0.09399372766687158 HTTP/1.1" 200 54849
61.172.5.115 - - [04/Sep/2020:08:54:06 +0800] "GET /xingrg/dwr/interface/AjaxReportQueryService.js HTTP/1.1" 200 13203
61.172.5.115 - - [04/Sep/2020:08:54:06 +0800] "GET /xingrg/dwr/engine.js HTTP/1.1" 200 43631
61.172.5.115 - - [04/Sep/2020:08:54:07 +0800] "POST /xingrg/all/report/load_report_page.html HTTP/1.1" 200 8717
61.172.5.115 - - [04/Sep/2020:08:54:07 +0800] "GET /xingrg/servlets/image?cache=0.6199362712475124&image=px HTTP/1.1" 200 807
61.172.5.115 - - [04/Sep/2020:08:54:11 +0800] "POST /xingrg/all/report/load_report_page.html HTTP/1.1" 200 83344
61.172.5.115 - - [04/Sep/2020:08:54:11 +0800] "GET /xingrg/servlets/image?cache=0.4101390674644769&image=px HTTP/1.1" 200 807
172.17.0.100 - - [04/Sep/2020:08:54:15 +0800] "GET /xingrg/all/function/internal_message.html?_=1599180853291&CODE_STATE=getMsg HTTP/1.1" 200 27
61.172.5.115 - - [04/Sep/2020:08:54:15 +0800] "POST /xingrg/all/report/load_report_page.html HTTP/1.1" 200 83296
61.172.5.115 - - [04/Sep/2020:08:54:15 +0800] "GET /xingrg/servlets/image?cache=0.7596549562298449&image=px HTTP/1.1" 200 807
61.172.5.115 - - [04/Sep/2020:08:54:16 +0800] "GET /xingrg/check_reg.html?_=1599180839573 HTTP/1.1" 200 22
61.172.5.115 - - [04/Sep/2020:08:54:16 +0800] "GET /xingrg/all/function/internal_message.html?_=1599180839576&CODE_STATE=getMsg HTTP/1.1" 200 27
116.238.90.59 - - [04/Sep/2020:08:54:17 +0800] "GET /xingrg/all/function/internal_message.html?_=1599180850010&CODE_STATE=getMsg HTTP/1.1" 200 27
61.172.5.115 - - [04/Sep/2020:08:54:17 +0800] "POST /xingrg/all/report/load_report_page.html HTTP/1.1" 200 83314
61.172.5.115 - - [04/Sep/2020:08:54:17 +0800] "GET /xingrg/servlets/image?cache=0.6221333499754317&image=px HTTP/1.1" 200 807
120.253.135.82 - - [04/Sep/2020:08:54:19 +0800] "GET /xingrg/all/function/internal_message.html?_=1599180486832&CODE_STATE=getMsg HTTP/1.1" 200 27
61.172.5.115 - - [04/Sep/2020:08:54:20 +0800] "POST /xingrg/all/report/report_print.html HTTP/1.1" 200 12821
222.69.136.86 - - [04/Sep/2020:08:54:20 +0800] "GET /xingrg/all/function/internal_message.html?_=1599180849998&CODE_STATE=getMsg HTTP/1.1" 200 27
116.230.74.197 - - [04/Sep/2020:08:54:28 +0800] "GET /xingrg/kc/buy/cgsh_order_operate.html?command=get_materiel&rest_code=00107&code=00101012029&supplier_code=00100033&order_time=2020-09-04 HTTP/1.1" 200 412
172.17.200.101 - - [04/Sep/2020:08:54:29 +0800] "GET /xingrg/check_reg.html?_=1599180868659 HTTP/1.1" 200 22
172.17.200.101 - - [04/Sep/2020:08:54:29 +0800] "GET /xingrg/all/function/internal_message.html?_=1599180868662&CODE_STATE=getMsg HTTP/1.1" 200 27
116.238.90.59 - - [04/Sep/2020:08:54:30 +0800] "GET /xingrg/all/function/internal_message.html?_=1599181075233&CODE_STATE=getMsg HTTP/1.1" 200 27
116.230.74.197 - - [04/Sep/2020:08:54:43 +0800] "GET /xingrg/kc/buy/cgsh_order_operate.html?command=get_materiel&rest_code=00107&code=00101010136&supplier_code=00100033&order_time=2020-09-04 HTTP/1.1" 200 408
116.230.74.197 - - [04/Sep/2020:08:54:51 +0800] "POST /xingrg/kc/buy/cgsh_order_operate.html HTTP/1.1" 200 37
116.238.71.173 - - [04/Sep/2020:08:54:54 +0800] "GET /xingrg/check_reg.html?_=1599181014131 HTTP/1.1" 200 22
116.230.74.197 - - [04/Sep/2020:08:54:54 +0800] "GET /xingrg/all/function/internal_message.html?_=1599180889067&CODE_STATE=getMsg HTTP/1.1" 200 27
116.238.71.173 - - [04/Sep/2020:08:54:54 +0800] "GET /xingrg/all/function/internal_message.html?_=1599181014490&CODE_STATE=getMsg HTTP/1.1" 200 27
116.230.74.197 - - [04/Sep/2020:08:54:54 +0800] "POST /xingrg/kc/buy/cgsh_order_operate.html HTTP/1.1" 200 5614
116.230.74.197 - - [04/Sep/2020:08:54:57 +0800] "GET /xingrg/kc/print/load_config.html?kc_code=cgsh HTTP/1.1" 200 1845
116.230.74.197 - - [04/Sep/2020:08:54:57 +0800] "GET /xingrg/kc/print/load_data.html?order_code=212020090401249&kc_code=cgsh&condition= HTTP/1.1" 200 1838
116.238.71.173 - - [04/Sep/2020:08:54:58 +0800] "GET /xingrg/check_reg.html?_=1599180895646 HTTP/1.1" 200 22
116.238.71.173 - - [04/Sep/2020:08:54:58 +0800] "GET /xingrg/all/function/internal_message.html?_=1599180895647&CODE_STATE=getMsg HTTP/1.1" 200 27
61.172.5.115 - - [04/Sep/2020:08:55:01 +0800] "GET /xingrg/check_reg.html?_=1599180897094 HTTP/1.1" 200 22
61.172.5.115 - - [04/Sep/2020:08:55:01 +0800] "GET /xingrg/all/function/internal_message.html?_=1599180897097&CODE_STATE=getMsg HTTP/1.1" 200 27
218.81.217.115 - - [04/Sep/2020:08:55:01 +0800] "GET /xingrg/all/function/internal_message.html?_=1599180912010&CODE_STATE=getMsg HTTP/1.1" 200 27
61.172.5.115 - - [04/Sep/2020:08:55:02 +0800] "GET /xingrg/all/function/internal_message.html?_=1599180902894&CODE_STATE=getMsg HTTP/1.1" 200 27
116.230.74.197 - - [04/Sep/2020:08:55:07 +0800] "GET /xingrg/kc/buy/cgsh_order_add.html HTTP/1.1" 200 59658
116.230.74.197 - - [04/Sep/2020:08:55:07 +0800] "GET /xingrg/javascript/easyui/themes/default/validatebox.css HTTP/1.1" 404 1104
116.230.74.197 - - [04/Sep/2020:08:55:07 +0800] "POST /xingrg/kc/buy/cgsh_order_operate.html HTTP/1.1" 200 8245
116.230.74.197 - - [04/Sep/2020:08:55:08 +0800] "GET /xingrg/javascript/easyui/themes/default/tree.css HTTP/1.1" 404 1090
116.230.74.197 - - [04/Sep/2020:08:55:09 +0800] "POST /xingrg/all/common/load_tree.html?tree=supplier_tree_json&isDelete=1 HTTP/1.1" 200 50050
172.17.0.100 - - [04/Sep/2020:08:55:15 +0800] "GET /xingrg/all/function/internal_message.html?_=1599180913269&CODE_STATE=getMsg HTTP/1.1" 200 27
61.172.5.115 - - [04/Sep/2020:08:55:16 +0800] "GET /xingrg/all/function/internal_message.html?_=1599180899599&CODE_STATE=getMsg HTTP/1.1" 200 27
116.238.90.59 - - [04/Sep/2020:08:55:17 +0800] "GET /xingrg/all/function/internal_message.html?_=1599180910008&CODE_STATE=getMsg HTTP/1.1" 200 27
116.238.90.59 - - [04/Sep/2020:08:55:17 +0800] "GET /xingrg/check_reg.html?_=1599180910010 HTTP/1.1" 200 22
120.253.135.82 - - [04/Sep/2020:08:55:19 +0800] "GET /xingrg/all/function/internal_message.html?_=1599180546826&CODE_STATE=getMsg HTTP/1.1" 200 27
222.69.136.86 - - [04/Sep/2020:08:55:20 +0800] "GET /xingrg/all/function/internal_message.html?_=1599180909999&CODE_STATE=getMsg HTTP/1.1" 200 27
172.17.0.100 - - [04/Sep/2020:08:55:20 +0800] "GET /xingrg/logout.do HTTP/1.1" 302 -
172.17.0.100 - - [04/Sep/2020:08:55:20 +0800] "GET /xingrg/login.html?sysBaseUrl=http%3A%2F%2F172.17.0.8%3A18081%2Fxingrg%2F&costTime=2×tamp=1599180920975 HTTP/1.1" 200 7636
172.17.0.100 - - [04/Sep/2020:08:55:21 +0800] "GET /favicon.ico HTTP/1.1" 404 -
222.69.136.86 - - [04/Sep/2020:08:55:26 +0800] "GET /xingrg/kc/buy/cgsh_order_add.html HTTP/1.1" 200 59664
222.69.136.86 - - [04/Sep/2020:08:55:26 +0800] "POST /xingrg/kc/buy/cgsh_order_operate.html HTTP/1.1" 200 8245
222.69.136.86 - - [04/Sep/2020:08:55:27 +0800] "GET /xingrg/javascript/easyui/themes/default/validatebox.css HTTP/1.1" 404 1104
172.17.0.100 - - [04/Sep/2020:08:55:28 +0800] "POST /xingrg/login.do HTTP/1.1" 302 -
172.17.0.100 - - [04/Sep/2020:08:55:28 +0800] "GET /xingrg/index.html?sysBaseUrl=http%3A%2F%2F172.17.0.8%3A18081%2Fxingrg%2F&costTime=38×tamp=1599180928727 HTTP/1.1" 200 17448
172.17.0.100 - - [04/Sep/2020:08:55:28 +0800] "POST /xingrg/all/common/load_tree.html?tree=area_rest_tree_json&manage=1 HTTP/1.1" 200 3216
172.17.0.100 - - [04/Sep/2020:08:55:28 +0800] "GET /xingrg/all/function/internal_message.html?_=1599180926461&CODE_STATE=count HTTP/1.1" 200 11
172.17.0.100 - - [04/Sep/2020:08:55:28 +0800] "POST /xingrg/load_menu.html HTTP/1.1" 200 11529
172.17.0.100 - - [04/Sep/2020:08:55:28 +0800] "GET /favicon.ico HTTP/1.1" 404 -
172.17.0.100 - - [04/Sep/2020:08:55:28 +0800] "GET /xingrg/check_reg.html?_=1599180926462 HTTP/1.1" 200 22
172.17.200.101 - - [04/Sep/2020:08:55:29 +0800] "GET /xingrg/all/function/internal_message.html?_=1599180928644&CODE_STATE=getMsg HTTP/1.1" 200 27
116.238.90.59 - - [04/Sep/2020:08:55:30 +0800] "GET /xingrg/check_reg.html?_=1599181135187 HTTP/1.1" 200 22
116.238.90.59 - - [04/Sep/2020:08:55:30 +0800] "GET /xingrg/all/function/internal_message.html?_=1599181135246&CODE_STATE=getMsg HTTP/1.1" 200 27
172.17.0.100 - - [04/Sep/2020:08:55:34 +0800] "POST /xingrg/all/user/operate.html HTTP/1.1" 200 36
172.17.0.100 - - [04/Sep/2020:08:55:34 +0800] "GET /xingrg/index.html?sysBaseUrl=http%3A%2F%2F172.17.0.8%3A18081%2Fxingrg%2F&costTime=38×tamp=1599180928727 HTTP/1.1" 200 17454
172.17.0.100 - - [04/Sep/2020:08:55:34 +0800] "GET /xingrg/javascript/jquery_easy_ui/themes/default/easyui.css HTTP/1.1" 304 -
172.17.0.100 - - [04/Sep/2020:08:55:34 +0800] "GET /xingrg/javascript/jquery_easy_ui/themes/icon.css HTTP/1.1" 304 -
172.17.0.100 - - [04/Sep/2020:08:55:34 +0800] "GET /xingrg/css/form.css HTTP/1.1" 304 -
172.17.0.100 - - [04/Sep/2020:08:55:34 +0800] "GET /xingrg/javascript/jquery-1.4.2.min.js HTTP/1.1" 304 -
172.17.0.100 - - [04/Sep/2020:08:55:34 +0800] "GET /xingrg/javascript/jquery_easy_ui/jquery.easyui.min.js HTTP/1.1" 304 -
172.17.0.100 - - [04/Sep/2020:08:55:34 +0800] "GET /xingrg/javascript/jquery_easy_ui/easyui-lang-zh_CN.js HTTP/1.1" 304 -
172.17.0.100 - - [04/Sep/2020:08:55:34 +0800] "GET /xingrg/javascript/jquery.form.js HTTP/1.1" 304 -
172.17.0.100 - - [04/Sep/2020:08:55:34 +0800] "GET /xingrg/javascript/jquery.utils.js HTTP/1.1" 304 -
172.17.0.100 - - [04/Sep/2020:08:55:34 +0800] "GET /xingrg/javascript/jquery.timers.js HTTP/1.1" 304 -
172.17.0.100 - - [04/Sep/2020:08:55:34 +0800] "GET /xingrg/images/blue/jxLogo.png HTTP/1.1" 304 -
172.17.0.100 - - [04/Sep/2020:08:55:34 +0800] "GET /xingrg/javascript/jquery_easy_ui/themes/icons/settle_new.png HTTP/1.1" 304 -
172.17.0.100 - - [04/Sep/2020:08:55:34 +0800] "GET /xingrg/images/blue/navBackgound.jpg HTTP/1.1" 304 -
172.17.0.100 - - [04/Sep/2020:08:55:34 +0800] "GET /xingrg/all/function/internal_message.html?_=1599180932083&CODE_STATE=count HTTP/1.1" 200 11
172.17.0.100 - - [04/Sep/2020:08:55:34 +0800] "POST /xingrg/all/common/load_tree.html?tree=area_rest_tree_json&manage=1 HTTP/1.1" 200 3216
172.17.0.100 - - [04/Sep/2020:08:55:34 +0800] "GET /xingrg/check_reg.html?_=1599180932084 HTTP/1.1" 200 22
172.17.0.100 - - [04/Sep/2020:08:55:34 +0800] "GET /xingrg/javascript/jquery_easy_ui/themes/default/images/panel_tool_expand.gif HTTP/1.1" 304 -
172.17.0.100 - - [04/Sep/2020:08:55:34 +0800] "GET /xingrg/javascript/jquery_easy_ui/themes/default/images/panel_tool_collapse.gif HTTP/1.1" 304 -
172.17.0.100 - - [04/Sep/2020:08:55:34 +0800] "GET /xingrg/javascript/jquery_easy_ui/themes/default/images/tabs_rightarrow.png HTTP/1.1" 304 -
172.17.0.100 - - [04/Sep/2020:08:55:34 +0800] "GET /xingrg/javascript/jquery_easy_ui/themes/default/images/tabs_leftarrow.png HTTP/1.1" 304 -
172.17.0.100 - - [04/Sep/2020:08:55:34 +0800] "GET /xingrg/images/blue/pingpu.png HTTP/1.1" 304 -
172.17.0.100 - - [04/Sep/2020:08:55:34 +0800] "POST /xingrg/load_menu.html HTTP/1.1" 200 9924
172.17.0.100 - - [04/Sep/2020:08:55:34 +0800] "GET /xingrg/javascript/jquery_easy_ui/themes/default/images/tree_arrows.gif HTTP/1.1" 304 -
172.17.0.100 - - [04/Sep/2020:08:55:34 +0800] "GET /xingrg/javascript/jquery_easy_ui/themes/default/images/tree_file.gif HTTP/1.1" 304 -
172.17.0.100 - - [04/Sep/2020:08:55:34 +0800] "GET /xingrg/javascript/jquery_easy_ui/themes/icons/systemset_new.png HTTP/1.1" 304 -
172.17.0.100 - - [04/Sep/2020:08:55:34 +0800] "GET /xingrg/javascript/jquery_easy_ui/themes/icons/setting_new.png HTTP/1.1" 304 -
172.17.0.100 - - [04/Sep/2020:08:55:34 +0800] "GET /xingrg/javascript/jquery_easy_ui/themes/icons/forms_new.png HTTP/1.1" 304 -
172.17.0.100 - - [04/Sep/2020:08:55:34 +0800] "GET /xingrg/javascript/jquery_easy_ui/themes/icons/checkout_new.png HTTP/1.1" 304 -
172.17.0.100 - - [04/Sep/2020:08:55:34 +0800] "GET /xingrg/javascript/jquery_easy_ui/themes/icons/storage_new.png HTTP/1.1" 304 -
172.17.0.100 - - [04/Sep/2020:08:55:34 +0800] "GET /xingrg/javascript/jquery_easy_ui/themes/icons/search_new.png HTTP/1.1" 304 -
172.17.0.100 - - [04/Sep/2020:08:55:34 +0800] "GET /xingrg/javascript/jquery_easy_ui/themes/default/images/tree_folder_open.gif HTTP/1.1" 304 -
172.17.0.100 - - [04/Sep/2020:08:55:34 +0800] "GET /xingrg/javascript/jquery_easy_ui/themes/default/images/tree_folder.gif HTTP/1.1" 304 -
61.172.5.115 - - [04/Sep/2020:08:55:35 +0800] "POST /xingrg/dwr/call/plaincall/AjaxReportQueryService.refreshCache.dwr HTTP/1.1" 200 78
61.172.5.115 - - [04/Sep/2020:08:55:36 +0800] "POST /xingrg/all/report/load_report_page.html HTTP/1.1" 200 7305
61.172.5.115 - - [04/Sep/2020:08:55:36 +0800] "GET /xingrg/servlets/image?cache=0.7315217375368797&image=px HTTP/1.1" 200 807
172.17.0.100 - - [04/Sep/2020:08:55:36 +0800] "GET /xingrg/kc/buy/cgsh_order_list.html HTTP/1.1" 200 44114
172.17.0.100 - - [04/Sep/2020:08:55:37 +0800] "POST /xingrg/kc/buy/cgsh_list_operate.html HTTP/1.1" 200 876
222.69.136.86 - - [04/Sep/2020:08:55:38 +0800] "GET /xingrg/kc/buy/cgsh_order_operate.html?command=get_materiel&rest_code=00149&code=00101007061&supplier_code=00100205&order_time=2020-09-04 HTTP/1.1" 200 409
172.17.0.100 - - [04/Sep/2020:08:55:41 +0800] "POST /xingrg/kc/buy/cgsh_list_operate.html HTTP/1.1" 200 5852
172.17.0.100 - - [04/Sep/2020:08:55:45 +0800] "POST /xingrg/kc/buy/cgsh_list_operate.html HTTP/1.1" 200 503
172.17.0.100 - - [04/Sep/2020:08:55:47 +0800] "POST /xingrg/kc/buy/cgsh_list_operate.html HTTP/1.1" 200 4
61.172.5.115 - - [04/Sep/2020:08:55:49 +0800] "POST /xingrg/dwr/call/plaincall/AjaxReportQueryService.refreshCache.dwr HTTP/1.1" 200 78
172.17.0.100 - - [04/Sep/2020:08:55:49 +0800] "POST /xingrg/kc/buy/cgsh_list_operate.html HTTP/1.1" 200 5849
61.172.5.115 - - [04/Sep/2020:08:55:50 +0800] "POST /xingrg/all/report/load_report_page.html HTTP/1.1" 200 7309
61.172.5.115 - - [04/Sep/2020:08:55:50 +0800] "GET /xingrg/servlets/image?cache=0.7938676024888853&image=px HTTP/1.1" 200 807
222.69.136.86 - - [04/Sep/2020:08:55:50 +0800] "GET /xingrg/kc/buy/cgsh_order_operate.html?command=get_materiel&rest_code=00149&code=00101007059&supplier_code=00100205&order_time=2020-09-04 HTTP/1.1" 200 411
61.172.5.115 - - [04/Sep/2020:08:55:52 +0800] "GET /xingrg/all/report/report_query.html?isQuery=1&fileName=kc/buy/wlcg_cate_hz.xml&queryString=(CONVERT(char(10)%2Ca.order_time%2C%20120)%3E%3D'2020-05-01')%20and%20(CONVERT(char(10)%2Ca.order_time%2C%20120)%3C%3D'2020-07-31')%20and%20(a.supplier_code%20in%20('00100073'))%20and%20(a.supplier_code%3D'00100073')%20and%20(a.big_sort%3D'00102')&queryText=%E3%80%90%E9%87%87%E8%B4%AD%E6%97%A5%E6%9C%9F%3A2020-05-01%20%E8%87%B3%202020-07-31%E3%80%91%20%E5%B9%B6%E4%B8%94%20%20%E3%80%90%E4%BE%9B%E5%BA%94%E5%95%86%20%3D%20%E7%BA%A2%E8%9C%98%E8%9B%9B%EF%BC%88%E5%91%A8%E8%BE%89%E8%8B%B1%EF%BC%89%E3%80%91%20%E5%B9%B6%E4%B8%94%20%E3%80%90%E4%BE%9B%E5%BA%94%E5%95%86%3D%E7%BA%A2%E8%9C%98%E8%9B%9B%EF%BC%88%E5%91%A8%E8%BE%89%E8%8B%B1%EF%BC%89%E3%80%91%E5%B9%B6%E4%B8%94%E3%80%90%E7%B1%BB%E5%88%AB%E5%90%8D%E7%A7%B0%20%3D%20%E8%B4%B9%E7%94%A8%E7%B1%BB%E3%80%91&rand=0.5165211857687556 HTTP/1.1" 200 54548
61.172.5.115 - - [04/Sep/2020:08:55:52 +0800] "GET /xingrg/all/report/report_query.html?isQuery=1&fileName=kc/buy/wlcg_cate_hz.xml&queryString=(CONVERT(char(10)%2Ca.order_time%2C%20120)%3E%3D'2020-05-01')%20and%20(CONVERT(char(10)%2Ca.order_time%2C%20120)%3C%3D'2020-07-31')%20and%20(a.supplier_code%20in%20('00100073'))%20and%20(a.supplier_code%3D'00100073')%20and%20(a.big_sort%3D'00102')&queryText=%E3%80%90%E9%87%87%E8%B4%AD%E6%97%A5%E6%9C%9F%3A2020-05-01%20%E8%87%B3%202020-07-31%E3%80%91%20%E5%B9%B6%E4%B8%94%20%20%E3%80%90%E4%BE%9B%E5%BA%94%E5%95%86%20%3D%20%E7%BA%A2%E8%9C%98%E8%9B%9B%EF%BC%88%E5%91%A8%E8%BE%89%E8%8B%B1%EF%BC%89%E3%80%91%20%E5%B9%B6%E4%B8%94%20%E3%80%90%E4%BE%9B%E5%BA%94%E5%95%86%3D%E7%BA%A2%E8%9C%98%E8%9B%9B%EF%BC%88%E5%91%A8%E8%BE%89%E8%8B%B1%EF%BC%89%E3%80%91%E5%B9%B6%E4%B8%94%E3%80%90%E7%B1%BB%E5%88%AB%E5%90%8D%E7%A7%B0%20%3D%20%E8%B4%B9%E7%94%A8%E7%B1%BB%E3%80%91&rand=0.5165211857687556 HTTP/1.1" 200 54548
61.172.5.115 - - [04/Sep/2020:08:55:52 +0800] "GET /xingrg/dwr/interface/AjaxReportQueryService.js HTTP/1.1" 200 13203
61.172.5.115 - - [04/Sep/2020:08:55:52 +0800] "GET /xingrg/dwr/engine.js HTTP/1.1" 200 43631
61.172.5.115 - - [04/Sep/2020:08:55:53 +0800] "POST /xingrg/all/report/load_report_page.html HTTP/1.1" 200 8716
61.172.5.115 - - [04/Sep/2020:08:55:53 +0800] "GET /xingrg/servlets/image?cache=0.6948252298643315&image=px HTTP/1.1" 200 807
116.230.74.197 - - [04/Sep/2020:08:55:54 +0800] "GET /xingrg/all/function/internal_message.html?_=1599180949060&CODE_STATE=getMsg HTTP/1.1" 200 27
116.238.71.173 - - [04/Sep/2020:08:55:54 +0800] "GET /xingrg/all/function/internal_message.html?_=1599181074505&CODE_STATE=getMsg HTTP/1.1" 200 27
61.172.5.115 - - [04/Sep/2020:08:55:54 +0800] "POST /xingrg/all/report/load_report_page.html HTTP/1.1" 200 26587
61.172.5.115 - - [04/Sep/2020:08:55:54 +0800] "GET /xingrg/servlets/image?cache=0.37948149497349326&image=px HTTP/1.1" 200 807
61.172.5.115 - - [04/Sep/2020:08:55:58 +0800] "POST /xingrg/all/report/load_report_page.html HTTP/1.1" 200 26573
61.172.5.115 - - [04/Sep/2020:08:55:58 +0800] "GET /xingrg/servlets/image?cache=0.9523136239536816&image=px HTTP/1.1" 200 807
116.238.71.173 - - [04/Sep/2020:08:55:58 +0800] "GET /xingrg/all/function/internal_message.html?_=1599180955695&CODE_STATE=getMsg HTTP/1.1" 200 27
116.230.74.197 - - [04/Sep/2020:08:55:59 +0800] "GET /xingrg/kc/buy/cgsh_order_operate.html?command=get_materiel&rest_code=00107&code=00101006124&supplier_code=00100010&order_time=2020-09-04 HTTP/1.1" 200 409
61.172.5.115 - - [04/Sep/2020:08:56:00 +0800] "POST /xingrg/all/report/load_report_page.html HTTP/1.1" 200 26573
61.172.5.115 - - [04/Sep/2020:08:56:00 +0800] "GET /xingrg/servlets/image?cache=0.7502255339723599&image=px HTTP/1.1" 200 807
61.172.5.115 - - [04/Sep/2020:08:56:01 +0800] "GET /xingrg/all/function/internal_message.html?_=1599180957096&CODE_STATE=getMsg HTTP/1.1" 200 27
218.81.217.115 - - [04/Sep/2020:08:56:01 +0800] "GET /xingrg/all/function/internal_message.html?_=1599180972013&CODE_STATE=getMsg HTTP/1.1" 200 27
61.172.5.115 - - [04/Sep/2020:08:56:02 +0800] "GET /xingrg/all/function/internal_message.html?_=1599180962895&CODE_STATE=getMsg HTTP/1.1" 200 27
61.172.5.115 - - [04/Sep/2020:08:56:03 +0800] "POST /xingrg/all/report/report_print.html HTTP/1.1" 200 6656
116.230.74.197 - - [04/Sep/2020:08:56:12 +0800] "GET /xingrg/kc/buy/cgsh_order_operate.html?command=get_materiel&rest_code=00107&code=00101006110&supplier_code=00100010&order_time=2020-09-04 HTTP/1.1" 200 408
61.172.5.115 - - [04/Sep/2020:08:56:16 +0800] "GET /xingrg/all/function/internal_message.html?_=1599180959604&CODE_STATE=getMsg HTTP/1.1" 200 27
116.238.90.59 - - [04/Sep/2020:08:56:17 +0800] "GET /xingrg/all/function/internal_message.html?_=1599180970009&CODE_STATE=getMsg HTTP/1.1" 200 27
120.253.135.82 - - [04/Sep/2020:08:56:19 +0800] "GET /xingrg/all/function/internal_message.html?_=1599180606827&CODE_STATE=getMsg HTTP/1.1" 200 27
120.253.135.82 - - [04/Sep/2020:08:56:19 +0800] "GET /xingrg/check_reg.html?_=1599180606834 HTTP/1.1" 200 22
222.69.136.86 - - [04/Sep/2020:08:56:20 +0800] "GET /xingrg/all/function/internal_message.html?_=1599180970012&CODE_STATE=getMsg HTTP/1.1" 200 27
116.230.74.197 - - [04/Sep/2020:08:56:22 +0800] "GET /xingrg/kc/buy/cgsh_order_operate.html?command=get_materiel&rest_code=00107&code=00101006133&supplier_code=00100010&order_time=2020-09-04 HTTP/1.1" 200 413
172.17.200.101 - - [04/Sep/2020:08:56:29 +0800] "GET /xingrg/all/function/internal_message.html?_=1599180988644&CODE_STATE=getMsg HTTP/1.1" 200 27
116.238.90.59 - - [04/Sep/2020:08:56:30 +0800] "GET /xingrg/all/function/internal_message.html?_=1599181195259&CODE_STATE=getMsg HTTP/1.1" 200 27
172.17.0.100 - - [04/Sep/2020:08:56:34 +0800] "GET /xingrg/all/function/internal_message.html?_=1599180992085&CODE_STATE=getMsg HTTP/1.1" 200 27
172.17.0.100 - - [04/Sep/2020:08:56:43 +0800] "POST /xingrg/kc/buy/cgsh_list_operate.html HTTP/1.1" 200 6039
172.17.0.100 - - [04/Sep/2020:08:56:46 +0800] "POST /xingrg/kc/buy/cgsh_list_operate.html HTTP/1.1" 200 6001
172.17.0.100 - - [04/Sep/2020:08:56:49 +0800] "POST /xingrg/kc/buy/cgsh_list_operate.html HTTP/1.1" 200 280
116.230.74.197 - - [04/Sep/2020:08:56:49 +0800] "GET /xingrg/kc/buy/cgsh_order_operate.html?command=get_materiel&rest_code=00107&code=00101006175&supplier_code=00100010&order_time=2020-09-04 HTTP/1.1" 200 415
172.17.0.100 - - [04/Sep/2020:08:56:51 +0800] "GET /xingrg/kc/buy/cgsh_order_info.html?code=212020090301189 HTTP/1.1" 200 54701
172.17.0.100 - - [04/Sep/2020:08:56:51 +0800] "GET /xingrg/words/20200903153207_words.js HTTP/1.1" 304 -
172.17.0.100 - - [04/Sep/2020:08:56:51 +0800] "GET /xingrg/javascript/easyui/themes/default/validatebox.css HTTP/1.1" 404 1104
172.17.0.100 - - [04/Sep/2020:08:56:51 +0800] "POST /xingrg/kc/buy/cgsh_order_operate.html HTTP/1.1" 200 1206
116.230.74.197 - - [04/Sep/2020:08:56:54 +0800] "GET /xingrg/all/function/internal_message.html?_=1599181009043&CODE_STATE=getMsg HTTP/1.1" 200 27
116.238.71.173 - - [04/Sep/2020:08:56:54 +0800] "GET /xingrg/all/function/internal_message.html?_=1599181134517&CODE_STATE=getMsg HTTP/1.1" 200 27
116.230.74.197 - - [04/Sep/2020:08:56:58 +0800] "GET /xingrg/kc/buy/cgsh_order_operate.html?command=get_materiel&rest_code=00107&code=00101006109&supplier_code=00100010&order_time=2020-09-04 HTTP/1.1" 200 409
116.238.71.173 - - [04/Sep/2020:08:56:58 +0800] "GET /xingrg/all/function/internal_message.html?_=1599181015729&CODE_STATE=getMsg HTTP/1.1" 200 27
218.81.217.115 - - [04/Sep/2020:08:56:59 +0800] "GET /xingrg/check_reg.html?_=1599181029627 HTTP/1.1" 200 22
61.172.5.115 - - [04/Sep/2020:08:57:01 +0800] "GET /xingrg/all/function/internal_message.html?_=1599181017104&CODE_STATE=getMsg HTTP/1.1" 200 27
218.81.217.115 - - [04/Sep/2020:08:57:01 +0800] "GET /xingrg/all/function/internal_message.html?_=1599181032027&CODE_STATE=getMsg HTTP/1.1" 200 27
61.172.5.115 - - [04/Sep/2020:08:57:02 +0800] "GET /xingrg/all/function/internal_message.html?_=1599181022898&CODE_STATE=getMsg HTTP/1.1" 200 27
172.17.0.100 - - [04/Sep/2020:08:57:03 +0800] "GET /xingrg/kc/print/load_config.html?kc_code=cgsh HTTP/1.1" 200 1845
172.17.0.100 - - [04/Sep/2020:08:57:03 +0800] "GET /xingrg/kc/print/load_data.html?order_code=212020090301189&kc_code=cgsh&condition= HTTP/1.1" 200 928
116.230.74.197 - - [04/Sep/2020:08:57:10 +0800] "GET /xingrg/kc/buy/cgsh_order_operate.html?command=get_materiel&rest_code=00107&code=00101006111&supplier_code=00100010&order_time=2020-09-04 HTTP/1.1" 200 409
172.17.0.100 - - [04/Sep/2020:08:57:10 +0800] "GET /xingrg/logout.do HTTP/1.1" 302 -
172.17.0.100 - - [04/Sep/2020:08:57:10 +0800] "GET /xingrg/login.html?sysBaseUrl=http%3A%2F%2F172.17.0.8%3A18081%2Fxingrg%2F&costTime=2×tamp=1599181030844 HTTP/1.1" 200 7636
172.17.0.100 - - [04/Sep/2020:08:57:10 +0800] "GET /favicon.ico HTTP/1.1" 404 -
172.17.0.100 - - [04/Sep/2020:08:57:16 +0800] "POST /xingrg/login.do HTTP/1.1" 302 -
172.17.0.100 - - [04/Sep/2020:08:57:16 +0800] "GET /xingrg/index.html?sysBaseUrl=http%3A%2F%2F172.17.0.8%3A18081%2Fxingrg%2F&costTime=39×tamp=1599181036244 HTTP/1.1" 200 17124
172.17.0.100 - - [04/Sep/2020:08:57:16 +0800] "POST /xingrg/all/common/load_tree.html?tree=area_rest_tree_json&manage=1 HTTP/1.1" 200 604
172.17.0.100 - - [04/Sep/2020:08:57:16 +0800] "GET /xingrg/all/function/internal_message.html?_=1599181034013&CODE_STATE=count HTTP/1.1" 200 11
172.17.0.100 - - [04/Sep/2020:08:57:16 +0800] "GET /xingrg/check_reg.html?_=1599181034014 HTTP/1.1" 200 22
172.17.0.100 - - [04/Sep/2020:08:57:16 +0800] "GET /favicon.ico HTTP/1.1" 404 -
172.17.0.100 - - [04/Sep/2020:08:57:16 +0800] "POST /xingrg/load_menu.html HTTP/1.1" 200 5103
61.172.5.115 - - [04/Sep/2020:08:57:16 +0800] "GET /xingrg/all/function/internal_message.html?_=1599181019608&CODE_STATE=getMsg HTTP/1.1" 200 27
116.238.90.59 - - [04/Sep/2020:08:57:17 +0800] "GET /xingrg/all/function/internal_message.html?_=1599181030023&CODE_STATE=getMsg HTTP/1.1" 200 27
172.17.0.240 - - [04/Sep/2020:08:57:17 +0800] "GET /xingrg/check_reg.html?_=1599181033254 HTTP/1.1" 302 -
120.253.135.82 - - [04/Sep/2020:08:57:19 +0800] "GET /xingrg/all/function/internal_message.html?_=1599180666834&CODE_STATE=getMsg HTTP/1.1" 200 27
172.17.0.100 - - [04/Sep/2020:08:57:20 +0800] "GET /xingrg/kc/buy/cgsh_order_list.html HTTP/1.1" 200 43859
222.69.136.86 - - [04/Sep/2020:08:57:20 +0800] "GET /xingrg/all/function/internal_message.html?_=1599181029998&CODE_STATE=getMsg HTTP/1.1" 200 27
222.69.136.86 - - [04/Sep/2020:08:57:20 +0800] "GET /xingrg/check_reg.html?_=1599181030000 HTTP/1.1" 200 22
172.17.0.100 - - [04/Sep/2020:08:57:21 +0800] "POST /xingrg/kc/buy/cgsh_list_operate.html HTTP/1.1" 200 1691
172.17.200.101 - - [04/Sep/2020:08:57:29 +0800] "GET /xingrg/all/function/internal_message.html?_=1599181048599&CODE_STATE=getMsg HTTP/1.1" 200 27
116.238.90.59 - - [04/Sep/2020:08:57:30 +0800] "GET /xingrg/all/function/internal_message.html?_=1599181255272&CODE_STATE=getMsg HTTP/1.1" 200 27
61.172.5.115 - - [04/Sep/2020:08:57:35 +0800] "POST /xingrg/dwr/call/plaincall/AjaxReportQueryService.refreshCache.dwr HTTP/1.1" 200 78
61.172.5.115 - - [04/Sep/2020:08:57:39 +0800] "POST /xingrg/all/report/load_report_page.html HTTP/1.1" 200 9164
61.172.5.115 - - [04/Sep/2020:08:57:39 +0800] "GET /xingrg/servlets/image?cache=0.1430399793663284&image=px HTTP/1.1" 200 807
172.17.0.100 - - [04/Sep/2020:08:57:41 +0800] "POST /xingrg/kc/buy/cgsh_list_operate.html HTTP/1.1" 200 503
172.17.0.100 - - [04/Sep/2020:08:57:41 +0800] "GET /xingrg/kc/buy/cgsh_order_info.html?code=212020090301168 HTTP/1.1" 200 59555
172.17.0.100 - - [04/Sep/2020:08:57:41 +0800] "GET /xingrg/all/common/auto_word.html?type=employee&rest_code=00147 HTTP/1.1" 200 201
172.17.0.100 - - [04/Sep/2020:08:57:41 +0800] "GET /xingrg/all/common/auto_word.html?type=employee&rest_code=00147 HTTP/1.1" 200 201
172.17.0.100 - - [04/Sep/2020:08:57:41 +0800] "GET /xingrg/javascript/easyui/themes/default/validatebox.css HTTP/1.1" 404 1104
61.172.5.115 - - [04/Sep/2020:08:57:41 +0800] "GET /xingrg/all/report/report_query.html?isQuery=1&fileName=kc/buy/wlcg_cate_hz.xml&queryString=(CONVERT(char(10)%2Ca.order_time%2C%20120)%3E%3D'2020-07-01')%20and%20(CONVERT(char(10)%2Ca.order_time%2C%20120)%3C%3D'2020-07-31')%20and%20(a.supplier_code%20in%20('00100022'%2C'00100023'%2C'00100024'%2C'00100025'%2C'00100026'%2C'00100027'%2C'00100201'%2C'00100247'%2C'00100259'%2C'00100295'%2C'00100300'%2C'00100304'%2C'00100361'%2C'00100370'%2C'00100381'))%20and%20(a.supplier_code%3D'00100024')%20and%20(a.big_sort%3D'00101')&queryText=%E3%80%90%E9%87%87%E8%B4%AD%E6%97%A5%E6%9C%9F%3A2020-07-01%20%E8%87%B3%202020-07-31%E3%80%91%20%E5%B9%B6%E4%B8%94%20%20%E3%80%90%E4%BE%9B%E5%BA%94%E5%95%86%20%3D%20%E6%B0%B4%E6%9E%9C%E7%B1%BB%20%5B15%5D%2C%E6%B0%B4%E6%9E%9C%EF%BC%88%E7%BD%97%E5%B1%95%EF%BC%89%2C%E6%B0%B4%E6%9E%9C%EF%BC%88%E6%9D%8E%E5%9B%BD%E5%BA%86%EF%BC%89%2C%E6%B0%B4%E6%9E%9C%EF%BC%88%E5%91%A8%E4%BB%81%E6%9E%9D%EF%BC%89%2C%E6%B0%B4%E6%9E%9C%EF%BC%88%E8%83%A1%E7%BA%A2%E6%B3%A2%EF%BC%89%2C%E6%B0%B4%E6%9E%9C%EF%BC%88%E6%9E%97%E5%9D%A4%E6%98%8E%EF%BC%89%2C%E6%B0%B4%E6%9E%9C%EF%BC%88%E4%BD%99%E6%96%87%E8%89%AF%EF%BC%89%2C%E6%B0%B4%E6%9E%9C%EF%BC%88%E9%AD%8F%E4%B8%9C%E6%9D%BE%EF%BC%89%2C%E6%B0%B4%E6%9E%9C%EF%BC%88%E6%9E%9C%E7%84%B6%E4%B8%B0%EF%BC%89%2C%E6%B0%B4%E6%9E%9C%EF%BC%88%E5%BC%A0%E5%8A%A0%E7%8E%89%EF%BC%89%2C%E6%B0%B4%E6%9E%9C%EF%BC%88%E7%8E%8B%E5%B7%A5%E6%88%98%EF%BC%89%2C%E6%B0%B4%E6%9E%9C(%E4%B8%A5%E5%B0%8F%E7%BA%A2)%2C%E6%B0%B4%E6%9E%9C%EF%BC%88%E7%89%9B%E6%AD%A5%E6%98%8E%EF%BC%89%2C%E6%B0%B4%E6%9E%9C%E7%A4%BC%E7%9B%92%EF%BC%88%E5%AD%99%E8%89%B3%E6%99%BA%EF%BC%89%2C%E6%B0%B4%E6%9E%9C%EF%BC%88%E4%BF%8A%E6%80%A1%E6%9E%9C%E4%B8%9A%E5%95%86%E8%A1%8C%EF%BC%89%2C%E6%B0%B4%E6%9E%9C(%E5%88%98%E5%85%B5)%E3%80%91%20%E5%B9%B6%E4%B8%94%20%E3%80%90%E4%BE%9B%E5%BA%94%E5%95%86%3D%E6%B0%B4%E6%9E%9C%EF%BC%88%E5%91%A8%E4%BB%81%E6%9E%9D%EF%BC%89%E3%80%91%E5%B9%B6%E4%B8%94%E3%80%90%E7%B1%BB%E5%88%AB%E5%90%8D%E7%A7%B0%20%3D%20%E6%88%90%E6%9C%AC%E7%B1%BB%E3%80%91&rand=0.8937190256135088 HTTP/1.1" 200 49212
172.17.0.100 - - [04/Sep/2020:08:57:41 +0800] "POST /xingrg/kc/buy/cgsh_order_operate.html HTTP/1.1" 200 5032
61.172.5.115 - - [04/Sep/2020:08:57:41 +0800] "GET /xingrg/all/report/report_query.html?isQuery=1&fileName=kc/buy/wlcg_cate_hz.xml&queryString=(CONVERT(char(10)%2Ca.order_time%2C%20120)%3E%3D'2020-07-01')%20and%20(CONVERT(char(10)%2Ca.order_time%2C%20120)%3C%3D'2020-07-31')%20and%20(a.supplier_code%20in%20('00100022'%2C'00100023'%2C'00100024'%2C'00100025'%2C'00100026'%2C'00100027'%2C'00100201'%2C'00100247'%2C'00100259'%2C'00100295'%2C'00100300'%2C'00100304'%2C'00100361'%2C'00100370'%2C'00100381'))%20and%20(a.supplier_code%3D'00100024')%20and%20(a.big_sort%3D'00101')&queryText=%E3%80%90%E9%87%87%E8%B4%AD%E6%97%A5%E6%9C%9F%3A2020-07-01%20%E8%87%B3%202020-07-31%E3%80%91%20%E5%B9%B6%E4%B8%94%20%20%E3%80%90%E4%BE%9B%E5%BA%94%E5%95%86%20%3D%20%E6%B0%B4%E6%9E%9C%E7%B1%BB%20%5B15%5D%2C%E6%B0%B4%E6%9E%9C%EF%BC%88%E7%BD%97%E5%B1%95%EF%BC%89%2C%E6%B0%B4%E6%9E%9C%EF%BC%88%E6%9D%8E%E5%9B%BD%E5%BA%86%EF%BC%89%2C%E6%B0%B4%E6%9E%9C%EF%BC%88%E5%91%A8%E4%BB%81%E6%9E%9D%EF%BC%89%2C%E6%B0%B4%E6%9E%9C%EF%BC%88%E8%83%A1%E7%BA%A2%E6%B3%A2%EF%BC%89%2C%E6%B0%B4%E6%9E%9C%EF%BC%88%E6%9E%97%E5%9D%A4%E6%98%8E%EF%BC%89%2C%E6%B0%B4%E6%9E%9C%EF%BC%88%E4%BD%99%E6%96%87%E8%89%AF%EF%BC%89%2C%E6%B0%B4%E6%9E%9C%EF%BC%88%E9%AD%8F%E4%B8%9C%E6%9D%BE%EF%BC%89%2C%E6%B0%B4%E6%9E%9C%EF%BC%88%E6%9E%9C%E7%84%B6%E4%B8%B0%EF%BC%89%2C%E6%B0%B4%E6%9E%9C%EF%BC%88%E5%BC%A0%E5%8A%A0%E7%8E%89%EF%BC%89%2C%E6%B0%B4%E6%9E%9C%EF%BC%88%E7%8E%8B%E5%B7%A5%E6%88%98%EF%BC%89%2C%E6%B0%B4%E6%9E%9C(%E4%B8%A5%E5%B0%8F%E7%BA%A2)%2C%E6%B0%B4%E6%9E%9C%EF%BC%88%E7%89%9B%E6%AD%A5%E6%98%8E%EF%BC%89%2C%E6%B0%B4%E6%9E%9C%E7%A4%BC%E7%9B%92%EF%BC%88%E5%AD%99%E8%89%B3%E6%99%BA%EF%BC%89%2C%E6%B0%B4%E6%9E%9C%EF%BC%88%E4%BF%8A%E6%80%A1%E6%9E%9C%E4%B8%9A%E5%95%86%E8%A1%8C%EF%BC%89%2C%E6%B0%B4%E6%9E%9C(%E5%88%98%E5%85%B5)%E3%80%91%20%E5%B9%B6%E4%B8%94%20%E3%80%90%E4%BE%9B%E5%BA%94%E5%95%86%3D%E6%B0%B4%E6%9E%9C%EF%BC%88%E5%91%A8%E4%BB%81%E6%9E%9D%EF%BC%89%E3%80%91%E5%B9%B6%E4%B8%94%E3%80%90%E7%B1%BB%E5%88%AB%E5%90%8D%E7%A7%B0%20%3D%20%E6%88%90%E6%9C%AC%E7%B1%BB%E3%80%91&rand=0.8937190256135088 HTTP/1.1" 200 55142
61.172.5.115 - - [04/Sep/2020:08:57:42 +0800] "GET /xingrg/dwr/interface/AjaxReportQueryService.js HTTP/1.1" 200 13203
61.172.5.115 - - [04/Sep/2020:08:57:42 +0800] "GET /xingrg/dwr/engine.js HTTP/1.1" 200 43631
61.172.5.115 - - [04/Sep/2020:08:57:43 +0800] "POST /xingrg/all/report/load_report_page.html HTTP/1.1" 200 8714
61.172.5.115 - - [04/Sep/2020:08:57:43 +0800] "GET /xingrg/servlets/image?cache=0.6053675123224642&image=px HTTP/1.1" 200 807
61.172.5.115 - - [04/Sep/2020:08:57:48 +0800] "POST /xingrg/all/report/load_report_page.html HTTP/1.1" 200 56820
61.172.5.115 - - [04/Sep/2020:08:57:48 +0800] "GET /xingrg/servlets/image?cache=0.405687914122032&image=px HTTP/1.1" 200 807
172.17.0.100 - - [04/Sep/2020:08:57:48 +0800] "GET /xingrg/javascript/auto/indicator.gif HTTP/1.1" 404 1066
116.230.74.197 - - [04/Sep/2020:08:57:50 +0800] "GET /xingrg/kc/buy/cgsh_order_operate.html?command=get_materiel&rest_code=00107&code=00101006055&supplier_code=00100010&order_time=2020-09-04 HTTP/1.1" 200 409
61.172.5.115 - - [04/Sep/2020:08:57:50 +0800] "POST /xingrg/all/report/load_report_page.html HTTP/1.1" 200 56836
61.172.5.115 - - [04/Sep/2020:08:57:51 +0800] "GET /xingrg/servlets/image?cache=0.8532665600933875&image=px HTTP/1.1" 200 807
116.230.74.197 - - [04/Sep/2020:08:57:52 +0800] "GET /xingrg/check_reg.html?_=1599181067175 HTTP/1.1" 200 22
61.172.5.115 - - [04/Sep/2020:08:57:52 +0800] "POST /xingrg/all/report/load_report_page.html HTTP/1.1" 200 56836
61.172.5.115 - - [04/Sep/2020:08:57:52 +0800] "GET /xingrg/servlets/image?cache=0.8553218051750702&image=px HTTP/1.1" 200 807
116.230.74.197 - - [04/Sep/2020:08:57:53 +0800] "GET /xingrg/all/function/internal_message.html?_=1599181069046&CODE_STATE=getMsg HTTP/1.1" 200 27
116.238.71.173 - - [04/Sep/2020:08:57:55 +0800] "GET /xingrg/all/function/internal_message.html?_=1599181194605&CODE_STATE=getMsg HTTP/1.1" 200 27
61.172.5.115 - - [04/Sep/2020:08:57:55 +0800] "POST /xingrg/all/report/report_print.html HTTP/1.1" 200 8724
116.238.71.173 - - [04/Sep/2020:08:57:58 +0800] "GET /xingrg/all/function/internal_message.html?_=1599181075792&CODE_STATE=getMsg HTTP/1.1" 200 27
61.172.5.115 - - [04/Sep/2020:08:58:01 +0800] "GET /xingrg/all/function/internal_message.html?_=1599181077096&CODE_STATE=getMsg HTTP/1.1" 200 27
218.81.217.115 - - [04/Sep/2020:08:58:01 +0800] "GET /xingrg/all/function/internal_message.html?_=1599181092041&CODE_STATE=getMsg HTTP/1.1" 200 27
172.17.0.100 - - [04/Sep/2020:08:58:01 +0800] "GET /xingrg/kc/buy/cgsh_order_operate.html?command=get_materiel&rest_code=00147&code=00101019098&supplier_code=00100337&order_time=2020-09-03 HTTP/1.1" 200 475
61.172.5.115 - - [04/Sep/2020:08:58:02 +0800] "GET /xingrg/all/function/internal_message.html?_=1599181082902&CODE_STATE=getMsg HTTP/1.1" 200 27
172.17.0.100 - - [04/Sep/2020:08:58:10 +0800] "POST /xingrg/kc/buy/cgsh_order_operate.html HTTP/1.1" 200 37
172.17.0.100 - - [04/Sep/2020:08:58:12 +0800] "POST /xingrg/kc/buy/cgsh_order_operate.html HTTP/1.1" 200 12
172.17.0.100 - - [04/Sep/2020:08:58:13 +0800] "GET /xingrg/kc/buy/cgsh_order_info.html?code=212020090301168 HTTP/1.1" 200 54454
172.17.0.100 - - [04/Sep/2020:08:58:14 +0800] "GET /xingrg/javascript/easyui/themes/default/validatebox.css HTTP/1.1" 404 1104
172.17.0.100 - - [04/Sep/2020:08:58:14 +0800] "POST /xingrg/kc/buy/cgsh_order_operate.html HTTP/1.1" 200 3018
172.17.0.100 - - [04/Sep/2020:08:58:16 +0800] "GET /xingrg/all/function/internal_message.html?_=1599181094042&CODE_STATE=getMsg HTTP/1.1" 200 27
61.172.5.115 - - [04/Sep/2020:08:58:16 +0800] "GET /xingrg/all/function/internal_message.html?_=1599181079611&CODE_STATE=getMsg HTTP/1.1" 200 27
116.238.90.59 - - [04/Sep/2020:08:58:17 +0800] "GET /xingrg/all/function/internal_message.html?_=1599181090022&CODE_STATE=getMsg HTTP/1.1" 200 27
120.253.135.82 - - [04/Sep/2020:08:58:19 +0800] "GET /xingrg/all/function/internal_message.html?_=1599180726817&CODE_STATE=getMsg HTTP/1.1" 200 27
222.69.136.86 - - [04/Sep/2020:08:58:20 +0800] "GET /xingrg/all/function/internal_message.html?_=1599181090000&CODE_STATE=getMsg HTTP/1.1" 200 27
172.17.200.101 - - [04/Sep/2020:08:58:29 +0800] "GET /xingrg/all/function/internal_message.html?_=1599181108577&CODE_STATE=getMsg HTTP/1.1" 200 27
116.238.90.59 - - [04/Sep/2020:08:58:30 +0800] "GET /xingrg/all/function/internal_message.html?_=1599181315286&CODE_STATE=getMsg HTTP/1.1" 200 27
172.17.0.100 - - [04/Sep/2020:08:58:50 +0800] "POST /xingrg/kc/buy/cgsh_list_operate.html HTTP/1.1" 200 64
172.17.0.100 - - [04/Sep/2020:08:58:53 +0800] "GET /xingrg/kc/buy/cgsh_order_list.html HTTP/1.1" 200 43859
116.230.74.197 - - [04/Sep/2020:08:58:53 +0800] "GET /xingrg/kc/buy/cgsh_order_operate.html?command=get_materiel&rest_code=00107&code=00101006065&supplier_code=00100010&order_time=2020-09-04 HTTP/1.1" 200 409
116.230.74.197 - - [04/Sep/2020:08:58:53 +0800] "GET /xingrg/all/function/internal_message.html?_=1599181129027&CODE_STATE=getMsg HTTP/1.1" 200 27
172.17.0.100 - - [04/Sep/2020:08:58:53 +0800] "POST /xingrg/kc/buy/cgsh_list_operate.html HTTP/1.1" 200 876
116.238.71.173 - - [04/Sep/2020:08:58:55 +0800] "GET /xingrg/all/function/internal_message.html?_=1599181254607&CODE_STATE=getMsg HTTP/1.1" 200 27
116.238.71.173 - - [04/Sep/2020:08:58:58 +0800] "GET /xingrg/all/function/internal_message.html?_=1599181135839&CODE_STATE=getMsg HTTP/1.1" 200 27
61.172.5.115 - - [04/Sep/2020:08:59:01 +0800] "GET /xingrg/all/function/internal_message.html?_=1599181137095&CODE_STATE=getMsg HTTP/1.1" 200 27
218.81.217.115 - - [04/Sep/2020:08:59:01 +0800] "GET /xingrg/all/function/internal_message.html?_=1599181152055&CODE_STATE=getMsg HTTP/1.1" 200 27
61.172.5.115 - - [04/Sep/2020:08:59:02 +0800] "GET /xingrg/check_reg.html?_=1599181142903 HTTP/1.1" 200 22
61.172.5.115 - - [04/Sep/2020:08:59:02 +0800] "GET /xingrg/all/function/internal_message.html?_=1599181142905&CODE_STATE=getMsg HTTP/1.1" 200 27
172.17.0.100 - - [04/Sep/2020:08:59:16 +0800] "GET /xingrg/all/function/internal_message.html?_=1599181154036&CODE_STATE=getMsg HTTP/1.1" 200 27
61.172.5.115 - - [04/Sep/2020:08:59:16 +0800] "GET /xingrg/check_reg.html?_=1599181139600 HTTP/1.1" 200 22
61.172.5.115 - - [04/Sep/2020:08:59:16 +0800] "GET /xingrg/all/function/internal_message.html?_=1599181139601&CODE_STATE=getMsg HTTP/1.1" 200 27
116.238.90.59 - - [04/Sep/2020:08:59:17 +0800] "GET /xingrg/all/function/internal_message.html?_=1599181150021&CODE_STATE=getMsg HTTP/1.1" 200 27
172.17.200.101 - - [04/Sep/2020:08:59:28 +0800] "GET /xingrg/check_reg.html?_=1599181167699 HTTP/1.1" 200 22
222.69.136.86 - - [04/Sep/2020:08:59:28 +0800] "POST /xingrg/kc/buy/cgsh_order_operate.html HTTP/1.1" 200 37
172.17.200.101 - - [04/Sep/2020:08:59:29 +0800] "GET /xingrg/all/function/internal_message.html?_=1599181168560&CODE_STATE=getMsg HTTP/1.1" 200 27
116.238.90.59 - - [04/Sep/2020:08:59:30 +0800] "GET /xingrg/all/function/internal_message.html?_=1599181375299&CODE_STATE=getMsg HTTP/1.1" 200 27
116.230.74.197 - - [04/Sep/2020:08:59:45 +0800] "POST /xingrg/kc/buy/cgsh_order_operate.html HTTP/1.1" 200 37
116.230.74.197 - - [04/Sep/2020:08:59:47 +0800] "POST /xingrg/kc/buy/cgsh_order_operate.html HTTP/1.1" 200 8576
222.69.136.86 - - [04/Sep/2020:08:59:47 +0800] "POST /xingrg/kc/buy/cgsh_order_operate.html HTTP/1.1" 200 12
222.69.136.86 - - [04/Sep/2020:08:59:48 +0800] "GET /xingrg/kc/buy/cgsh_order_info.html?code=212020090401250 HTTP/1.1" 200 54565
222.69.136.86 - - [04/Sep/2020:08:59:48 +0800] "GET /xingrg/javascript/easyui/themes/default/validatebox.css HTTP/1.1" 404 1104
222.69.136.86 - - [04/Sep/2020:08:59:49 +0800] "POST /xingrg/kc/buy/cgsh_order_operate.html HTTP/1.1" 200 1192
222.69.136.86 - - [04/Sep/2020:08:59:51 +0800] "GET /xingrg/kc/print/load_data.html?order_code=212020090401250&kc_code=cgsh&condition= HTTP/1.1" 200 915
116.230.74.197 - - [04/Sep/2020:08:59:52 +0800] "GET /xingrg/kc/print/load_data.html?order_code=212020090401251&kc_code=cgsh&condition= HTTP/1.1" 200 2958
116.230.74.197 - - [04/Sep/2020:08:59:53 +0800] "GET /xingrg/all/function/internal_message.html?_=1599181189085&CODE_STATE=getMsg HTTP/1.1" 200 27
116.238.71.173 - - [04/Sep/2020:08:59:54 +0800] "GET /xingrg/check_reg.html?_=1599181314212 HTTP/1.1" 200 22
116.238.71.173 - - [04/Sep/2020:08:59:55 +0800] "GET /xingrg/all/function/internal_message.html?_=1599181314621&CODE_STATE=getMsg HTTP/1.1" 200 27
116.230.74.197 - - [04/Sep/2020:08:59:58 +0800] "GET /xingrg/kc/buy/cgsh_order_add.html HTTP/1.1" 200 59658
116.238.71.173 - - [04/Sep/2020:08:59:58 +0800] "GET /xingrg/check_reg.html?_=1599181195886 HTTP/1.1" 200 22
116.238.71.173 - - [04/Sep/2020:08:59:58 +0800] "GET /xingrg/all/function/internal_message.html?_=1599181195889&CODE_STATE=getMsg HTTP/1.1" 200 27
116.230.74.197 - - [04/Sep/2020:08:59:59 +0800] "POST /xingrg/kc/buy/cgsh_order_operate.html HTTP/1.1" 200 8245
116.230.74.197 - - [04/Sep/2020:08:59:59 +0800] "GET /xingrg/javascript/easyui/themes/default/validatebox.css HTTP/1.1" 404 1104
116.230.74.197 - - [04/Sep/2020:09:00:00 +0800] "GET /xingrg/javascript/easyui/themes/default/tree.css HTTP/1.1" 404 1090
116.230.74.197 - - [04/Sep/2020:09:00:00 +0800] "POST /xingrg/all/common/load_tree.html?tree=supplier_tree_json&isDelete=1 HTTP/1.1" 200 50050
61.172.5.115 - - [04/Sep/2020:09:00:01 +0800] "GET /xingrg/check_reg.html?_=1599181197108 HTTP/1.1" 200 22
61.172.5.115 - - [04/Sep/2020:09:00:01 +0800] "GET /xingrg/all/function/internal_message.html?_=1599181197105&CODE_STATE=getMsg HTTP/1.1" 200 27
218.81.217.115 - - [04/Sep/2020:09:00:01 +0800] "GET /xingrg/all/function/internal_message.html?_=1599181212541&CODE_STATE=getMsg HTTP/1.1" 200 27
61.172.5.115 - - [04/Sep/2020:09:00:02 +0800] "GET /xingrg/all/function/internal_message.html?_=1599181202892&CODE_STATE=getMsg HTTP/1.1" 200 27
116.238.71.173 - - [04/Sep/2020:09:00:14 +0800] "GET /xingrg/kc/mdqp/qqps_order_list.html HTTP/1.1" 200 9222
116.238.71.173 - - [04/Sep/2020:09:00:14 +0800] "GET /xingrg/dwr/util.js HTTP/1.1" 304 -
116.238.71.173 - - [04/Sep/2020:09:00:14 +0800] "GET /xingrg/dwr/interface/AjaxQqpsService.js HTTP/1.1" 200 16326
116.238.71.173 - - [04/Sep/2020:09:00:14 +0800] "GET /xingrg/dwr/interface/AjaxReportQueryService.js HTTP/1.1" 200 13203
116.238.71.173 - - [04/Sep/2020:09:00:14 +0800] "GET /xingrg/dwr/engine.js HTTP/1.1" 200 43631
172.17.0.100 - - [04/Sep/2020:09:00:16 +0800] "GET /xingrg/all/function/internal_message.html?_=1599181214034&CODE_STATE=getMsg HTTP/1.1" 200 27
61.172.5.115 - - [04/Sep/2020:09:00:16 +0800] "GET /xingrg/all/function/internal_message.html?_=1599181199604&CODE_STATE=getMsg HTTP/1.1" 200 27
116.238.90.59 - - [04/Sep/2020:09:00:17 +0800] "GET /xingrg/check_reg.html?_=1599181210047 HTTP/1.1" 200 22
116.238.90.59 - - [04/Sep/2020:09:00:17 +0800] "GET /xingrg/all/function/internal_message.html?_=1599181210048&CODE_STATE=getMsg HTTP/1.1" 200 27
116.238.71.173 - - [04/Sep/2020:09:00:18 +0800] "GET /xingrg/kc/mdqp/qqps_order_add.html HTTP/1.1" 200 27998
116.238.71.173 - - [04/Sep/2020:09:00:18 +0800] "GET /xingrg/dwr/interface/AjaxComOrderService.js HTTP/1.1" 200 18264
116.238.71.173 - - [04/Sep/2020:09:00:18 +0800] "GET /xingrg/dwr/interface/AjaxQqpsService.js HTTP/1.1" 200 16326
116.238.71.173 - - [04/Sep/2020:09:00:18 +0800] "GET /xingrg/dwr/engine.js HTTP/1.1" 200 43631
116.238.71.173 - - [04/Sep/2020:09:00:18 +0800] "GET /xingrg/words/20200903153207_words.js HTTP/1.1" 304 -
222.69.136.86 - - [04/Sep/2020:09:00:20 +0800] "GET /xingrg/all/function/internal_message.html?_=1599181210021&CODE_STATE=getMsg HTTP/1.1" 200 27
116.238.71.173 - - [04/Sep/2020:09:00:27 +0800] "POST /xingrg/dwr/call/plaincall/AjaxQqpsService.saveOrder.dwr HTTP/1.1" 200 78
116.230.74.197 - - [04/Sep/2020:09:00:28 +0800] "GET /xingrg/kc/buy/cgsh_order_operate.html?command=get_materiel&rest_code=00107&code=00101007061&supplier_code=00100002&order_time=2020-09-04 HTTP/1.1" 200 409
172.17.200.101 - - [04/Sep/2020:09:00:29 +0800] "GET /xingrg/all/function/internal_message.html?_=1599181228544&CODE_STATE=getMsg HTTP/1.1" 200 27
116.238.90.59 - - [04/Sep/2020:09:00:30 +0800] "GET /xingrg/check_reg.html?_=1599181435194 HTTP/1.1" 200 22
116.238.90.59 - - [04/Sep/2020:09:00:30 +0800] "GET /xingrg/all/function/internal_message.html?_=1599181435312&CODE_STATE=getMsg HTTP/1.1" 200 27
116.230.74.197 - - [04/Sep/2020:09:00:43 +0800] "GET /xingrg/kc/buy/cgsh_order_operate.html?command=get_materiel&rest_code=00107&code=00101007049&supplier_code=00100002&order_time=2020-09-04 HTTP/1.1" 200 409
116.230.74.197 - - [04/Sep/2020:09:00:54 +0800] "GET /xingrg/all/function/internal_message.html?_=1599181249068&CODE_STATE=getMsg HTTP/1.1" 200 27
