120.253.135.82 - - [28/Aug/2020:08:17:13 +0800] "POST /xingrg/kc/pszx/mdth_order_new_list.html HTTP/1.1" 200 4118
61.172.5.115 - - [28/Aug/2020:08:17:14 +0800] "POST /xingrg/kc/buy/cgsh_order_operate.html HTTP/1.1" 200 2065
172.17.0.115 - - [28/Aug/2020:08:17:14 +0800] "GET /xingrg/all/function/internal_message.html?_=1598573846746&CODE_STATE=getMsg HTTP/1.1" 200 27
120.253.135.82 - - [28/Aug/2020:08:17:16 +0800] "POST /xingrg/kc/pszx/mdth_order_new_list.html HTTP/1.1" 200 561
120.253.135.82 - - [28/Aug/2020:08:17:17 +0800] "POST /xingrg/kc/pszx/mdth_order_new_list.html HTTP/1.1" 200 214
172.17.0.117 - - [28/Aug/2020:08:17:20 +0800] "GET /xingrg/all/function/internal_message.html?_=1598573844872&CODE_STATE=getMsg HTTP/1.1" 200 27
172.17.0.117 - - [28/Aug/2020:08:17:20 +0800] "GET /xingrg/check_reg.html?_=1598573844874 HTTP/1.1" 200 22
58.221.95.50 - - [28/Aug/2020:08:17:21 +0800] "GET /xingrg/all/function/internal_message.html?_=1598573970626&CODE_STATE=getMsg HTTP/1.1" 200 27
117.131.5.26 - - [28/Aug/2020:08:17:21 +0800] "GET /xingrg/all/function/internal_message.html?_=1598574123375&CODE_STATE=getMsg HTTP/1.1" 200 27
120.253.135.82 - - [28/Aug/2020:08:17:22 +0800] "GET /xingrg/kc/pszx/mdqp_order_list.html?state=10 HTTP/1.1" 200 10125
120.253.135.82 - - [28/Aug/2020:08:17:22 +0800] "GET /xingrg/dwr/interface/AjaxReportQueryService.js HTTP/1.1" 200 13203
120.253.135.82 - - [28/Aug/2020:08:17:22 +0800] "GET /xingrg/dwr/interface/AjaxQqpsService.js HTTP/1.1" 200 16326
120.253.135.82 - - [28/Aug/2020:08:17:22 +0800] "GET /xingrg/dwr/engine.js HTTP/1.1" 200 43631
120.253.135.82 - - [28/Aug/2020:08:17:24 +0800] "GET /xingrg/all/function/internal_message.html?_=1598573593134&CODE_STATE=getMsg HTTP/1.1" 200 27
61.172.5.115 - - [28/Aug/2020:08:17:25 +0800] "GET /xingrg/kc/buy/cgsh_order_operate.html?command=get_materiel&rest_code=00105&code=00101008112&supplier_code=00100203&order_time=2020-08-28 HTTP/1.1" 200 414
114.92.198.157 - - [28/Aug/2020:08:17:27 +0800] "GET /xingrg/javascript/easyui/themes/default/tree.css HTTP/1.1" 404 1090
114.92.198.157 - - [28/Aug/2020:08:17:27 +0800] "POST /xingrg/all/common/load_tree.html?tree=area_rest_tree_json HTTP/1.1" 200 3216
58.40.7.146 - - [28/Aug/2020:08:17:34 +0800] "GET /xingrg/all/function/internal_message.html?_=1598573851248&CODE_STATE=getMsg HTTP/1.1" 200 27
114.92.198.157 - - [28/Aug/2020:08:17:34 +0800] "POST /xingrg/supplier/cgsh_list_operate.html HTTP/1.1" 200 5592
172.17.0.123 - - [28/Aug/2020:08:17:38 +0800] "GET /xingrg/all/function/internal_message.html?_=1598573874058&CODE_STATE=getMsg HTTP/1.1" 200 27
172.17.0.185 - - [28/Aug/2020:08:17:44 +0800] "GET /xingrg/all/function/internal_message.html?_=1598573860252&CODE_STATE=getMsg HTTP/1.1" 200 27
61.172.5.115 - - [28/Aug/2020:08:17:53 +0800] "GET /xingrg/kc/buy/cgsh_order_operate.html?command=get_materiel&rest_code=00105&code=00101008230&supplier_code=00100203&order_time=2020-08-28 HTTP/1.1" 200 408
218.81.217.115 - - [28/Aug/2020:08:17:59 +0800] "GET /xingrg/all/function/internal_message.html?_=1598573862059&CODE_STATE=getMsg HTTP/1.1" 200 27
61.172.5.115 - - [28/Aug/2020:08:17:59 +0800] "GET /xingrg/all/function/internal_message.html?_=1598573880224&CODE_STATE=getMsg HTTP/1.1" 200 27
61.172.5.115 - - [28/Aug/2020:08:17:59 +0800] "GET /xingrg/check_reg.html?_=1598573880225 HTTP/1.1" 200 22
161.35.173.153 - - [28/Aug/2020:08:18:01 +0800] "POST /json_rpc HTTP/1.0" 404 -
61.172.5.115 - - [28/Aug/2020:08:18:08 +0800] "GET /xingrg/kc/buy/cgsh_order_operate.html?command=get_materiel&rest_code=00105&code=00101008298&supplier_code=00100203&order_time=2020-08-28 HTTP/1.1" 200 412
172.17.0.115 - - [28/Aug/2020:08:18:14 +0800] "GET /xingrg/all/function/internal_message.html?_=1598573906765&CODE_STATE=getMsg HTTP/1.1" 200 27
172.17.0.117 - - [28/Aug/2020:08:18:20 +0800] "GET /xingrg/all/function/internal_message.html?_=1598573904872&CODE_STATE=getMsg HTTP/1.1" 200 27
58.221.95.50 - - [28/Aug/2020:08:18:21 +0800] "GET /xingrg/all/function/internal_message.html?_=1598574030600&CODE_STATE=getMsg HTTP/1.1" 200 27
117.131.5.26 - - [28/Aug/2020:08:18:21 +0800] "GET /xingrg/all/function/internal_message.html?_=1598574183395&CODE_STATE=getMsg HTTP/1.1" 200 27
58.40.7.146 - - [28/Aug/2020:08:18:33 +0800] "GET /xingrg/all/function/internal_message.html?_=1598573911236&CODE_STATE=getMsg HTTP/1.1" 200 27
61.172.5.115 - - [28/Aug/2020:08:18:34 +0800] "GET /xingrg/kc/buy/cgsh_order_operate.html?command=get_materiel&rest_code=00105&code=00101015038&supplier_code=00100203&order_time=2020-08-28 HTTP/1.1" 200 418
172.17.0.123 - - [28/Aug/2020:08:18:38 +0800] "GET /xingrg/all/function/internal_message.html?_=1598573934061&CODE_STATE=getMsg HTTP/1.1" 200 27
61.172.5.115 - - [28/Aug/2020:08:18:44 +0800] "GET /xingrg/kc/buy/cgsh_order_operate.html?command=get_materiel&rest_code=00105&code=00101015006&supplier_code=00100203&order_time=2020-08-28 HTTP/1.1" 200 413
172.17.0.185 - - [28/Aug/2020:08:18:44 +0800] "GET /xingrg/all/function/internal_message.html?_=1598573920255&CODE_STATE=getMsg HTTP/1.1" 200 27
61.172.5.115 - - [28/Aug/2020:08:18:54 +0800] "GET /xingrg/kc/buy/cgsh_order_operate.html?command=get_materiel&rest_code=00105&code=00101015046&supplier_code=00100203&order_time=2020-08-28 HTTP/1.1" 200 431
58.247.206.143 - - [28/Aug/2020:08:18:55 +0800] "GET /xingrg/check_reg.html?_=1598573834286 HTTP/1.1" 302 -
218.81.217.115 - - [28/Aug/2020:08:18:59 +0800] "GET /xingrg/all/function/internal_message.html?_=1598573922062&CODE_STATE=getMsg HTTP/1.1" 200 27
61.172.5.115 - - [28/Aug/2020:08:18:59 +0800] "GET /xingrg/all/function/internal_message.html?_=1598573940199&CODE_STATE=getMsg HTTP/1.1" 200 27
61.172.5.115 - - [28/Aug/2020:08:19:00 +0800] "GET /xingrg/kc/buy/cgsh_order_operate.html?command=get_materiel&rest_code=00105&code=00101008168&supplier_code=00100203&order_time=2020-08-28 HTTP/1.1" 200 432
58.247.206.143 - - [28/Aug/2020:08:19:01 +0800] "GET /xingrg/login.html HTTP/1.1" 200 7641
172.17.0.115 - - [28/Aug/2020:08:19:02 +0800] "GET /xingrg/check_reg.html?_=1598573955259 HTTP/1.1" 200 22
61.172.5.115 - - [28/Aug/2020:08:19:08 +0800] "GET /xingrg/kc/buy/cgsh_order_operate.html?command=get_materiel&rest_code=00105&code=00101008072&supplier_code=00100203&order_time=2020-08-28 HTTP/1.1" 200 408
58.40.7.146 - - [28/Aug/2020:08:19:09 +0800] "GET /xingrg/check_reg.html?_=1598573946455 HTTP/1.1" 200 22
172.17.0.115 - - [28/Aug/2020:08:19:14 +0800] "GET /xingrg/all/function/internal_message.html?_=1598573966772&CODE_STATE=getMsg HTTP/1.1" 200 27
172.17.0.117 - - [28/Aug/2020:08:19:20 +0800] "GET /xingrg/all/function/internal_message.html?_=1598573964877&CODE_STATE=getMsg HTTP/1.1" 200 27
58.221.95.50 - - [28/Aug/2020:08:19:21 +0800] "GET /xingrg/all/function/internal_message.html?_=1598574090568&CODE_STATE=getMsg HTTP/1.1" 200 27
117.131.5.26 - - [28/Aug/2020:08:19:21 +0800] "GET /xingrg/all/function/internal_message.html?_=1598574243402&CODE_STATE=getMsg HTTP/1.1" 200 27
61.172.5.115 - - [28/Aug/2020:08:19:27 +0800] "POST /xingrg/kc/buy/cgsh_order_operate.html HTTP/1.1" 200 2065
61.172.5.115 - - [28/Aug/2020:08:19:29 +0800] "POST /xingrg/kc/buy/cgsh_order_operate.html HTTP/1.1" 200 2065
58.40.7.146 - - [28/Aug/2020:08:19:33 +0800] "GET /xingrg/all/function/internal_message.html?_=1598573971209&CODE_STATE=getMsg HTTP/1.1" 200 27
61.172.5.115 - - [28/Aug/2020:08:19:37 +0800] "GET /xingrg/kc/buy/cgsh_order_operate.html?command=get_materiel&rest_code=00105&code=00101008358&supplier_code=00100203&order_time=2020-08-28 HTTP/1.1" 200 412
172.17.0.123 - - [28/Aug/2020:08:19:38 +0800] "GET /xingrg/all/function/internal_message.html?_=1598573994064&CODE_STATE=getMsg HTTP/1.1" 200 27
172.17.0.185 - - [28/Aug/2020:08:19:44 +0800] "GET /xingrg/all/function/internal_message.html?_=1598573980258&CODE_STATE=getMsg HTTP/1.1" 200 27
61.172.5.115 - - [28/Aug/2020:08:19:52 +0800] "GET /xingrg/kc/buy/cgsh_order_operate.html?command=get_materiel&rest_code=00105&code=00101008333&supplier_code=00100203&order_time=2020-08-28 HTTP/1.1" 200 412
218.81.217.115 - - [28/Aug/2020:08:19:58 +0800] "GET /xingrg/check_reg.html?_=1598573980853 HTTP/1.1" 200 22
61.172.5.115 - - [28/Aug/2020:08:19:59 +0800] "GET /xingrg/all/function/internal_message.html?_=1598574000169&CODE_STATE=getMsg HTTP/1.1" 200 27
218.81.217.115 - - [28/Aug/2020:08:19:59 +0800] "GET /xingrg/all/function/internal_message.html?_=1598573982074&CODE_STATE=getMsg HTTP/1.1" 200 27
61.172.5.115 - - [28/Aug/2020:08:20:12 +0800] "GET /xingrg/kc/buy/cgsh_order_operate.html?command=get_materiel&rest_code=00105&code=00101008321&supplier_code=00100203&order_time=2020-08-28 HTTP/1.1" 200 412
172.17.0.115 - - [28/Aug/2020:08:20:14 +0800] "GET /xingrg/all/function/internal_message.html?_=1598574026786&CODE_STATE=getMsg HTTP/1.1" 200 27
61.172.5.115 - - [28/Aug/2020:08:20:19 +0800] "GET /xingrg/kc/buy/cgsh_order_operate.html?command=get_materiel&rest_code=00105&code=00101008212&supplier_code=00100203&order_time=2020-08-28 HTTP/1.1" 200 412
172.17.0.117 - - [28/Aug/2020:08:20:20 +0800] "GET /xingrg/all/function/internal_message.html?_=1598574024878&CODE_STATE=getMsg HTTP/1.1" 200 27
58.221.95.50 - - [28/Aug/2020:08:20:21 +0800] "GET /xingrg/all/function/internal_message.html?_=1598574150537&CODE_STATE=getMsg HTTP/1.1" 200 27
117.131.5.26 - - [28/Aug/2020:08:20:21 +0800] "GET /xingrg/all/function/internal_message.html?_=1598574303428&CODE_STATE=getMsg HTTP/1.1" 200 27
58.40.7.146 - - [28/Aug/2020:08:20:33 +0800] "GET /xingrg/all/function/internal_message.html?_=1598574031196&CODE_STATE=getMsg HTTP/1.1" 200 27
172.17.0.123 - - [28/Aug/2020:08:20:38 +0800] "GET /xingrg/all/function/internal_message.html?_=1598574054069&CODE_STATE=getMsg HTTP/1.1" 200 27
172.17.0.185 - - [28/Aug/2020:08:20:44 +0800] "GET /xingrg/all/function/internal_message.html?_=1598574040247&CODE_STATE=getMsg HTTP/1.1" 200 27
172.17.0.185 - - [28/Aug/2020:08:20:44 +0800] "GET /xingrg/check_reg.html?_=1598574040252 HTTP/1.1" 200 22
61.172.5.115 - - [28/Aug/2020:08:20:51 +0800] "POST /xingrg/kc/buy/cgsh_order_operate.html HTTP/1.1" 200 37
61.172.5.115 - - [28/Aug/2020:08:20:52 +0800] "POST /xingrg/kc/buy/cgsh_order_operate.html HTTP/1.1" 200 55210
61.172.5.115 - - [28/Aug/2020:08:20:59 +0800] "GET /xingrg/all/function/internal_message.html?_=1598574060145&CODE_STATE=getMsg HTTP/1.1" 200 27
218.81.217.115 - - [28/Aug/2020:08:20:59 +0800] "GET /xingrg/all/function/internal_message.html?_=1598574042090&CODE_STATE=getMsg HTTP/1.1" 200 27
117.131.5.26 - - [28/Aug/2020:08:21:09 +0800] "GET /xingrg/check_reg.html?_=1598574351647 HTTP/1.1" 200 22
172.17.0.115 - - [28/Aug/2020:08:21:14 +0800] "GET /xingrg/all/function/internal_message.html?_=1598574086806&CODE_STATE=getMsg HTTP/1.1" 200 27
172.17.0.117 - - [28/Aug/2020:08:21:20 +0800] "GET /xingrg/all/function/internal_message.html?_=1598574084880&CODE_STATE=getMsg HTTP/1.1" 200 27
58.221.95.50 - - [28/Aug/2020:08:21:21 +0800] "GET /xingrg/all/function/internal_message.html?_=1598574210506&CODE_STATE=getMsg HTTP/1.1" 200 27
117.131.5.26 - - [28/Aug/2020:08:21:21 +0800] "GET /xingrg/all/function/internal_message.html?_=1598574363446&CODE_STATE=getMsg HTTP/1.1" 200 27
58.40.7.146 - - [28/Aug/2020:08:21:33 +0800] "GET /xingrg/all/function/internal_message.html?_=1598574091168&CODE_STATE=getMsg HTTP/1.1" 200 27
172.17.0.123 - - [28/Aug/2020:08:21:38 +0800] "GET /xingrg/check_reg.html?_=1598574114055 HTTP/1.1" 200 22
172.17.0.123 - - [28/Aug/2020:08:21:38 +0800] "GET /xingrg/all/function/internal_message.html?_=1598574114057&CODE_STATE=getMsg HTTP/1.1" 200 27
172.17.0.185 - - [28/Aug/2020:08:21:44 +0800] "GET /xingrg/all/function/internal_message.html?_=1598574100255&CODE_STATE=getMsg HTTP/1.1" 200 27
58.221.95.50 - - [28/Aug/2020:08:21:47 +0800] "GET /xingrg/check_reg.html?_=1598574236648 HTTP/1.1" 200 22
61.172.5.115 - - [28/Aug/2020:08:21:59 +0800] "GET /xingrg/all/function/internal_message.html?_=1598574120114&CODE_STATE=getMsg HTTP/1.1" 200 27
218.81.217.115 - - [28/Aug/2020:08:21:59 +0800] "GET /xingrg/all/function/internal_message.html?_=1598574102105&CODE_STATE=getMsg HTTP/1.1" 200 27
58.37.227.225 - - [28/Aug/2020:08:22:03 +0800] "GET /xingrg/check_reg.html?_=1598574134268 HTTP/1.1" 200 22
172.17.0.115 - - [28/Aug/2020:08:22:14 +0800] "GET /xingrg/all/function/internal_message.html?_=1598574146814&CODE_STATE=getMsg HTTP/1.1" 200 27
172.17.0.117 - - [28/Aug/2020:08:22:20 +0800] "GET /xingrg/all/function/internal_message.html?_=1598574144881&CODE_STATE=getMsg HTTP/1.1" 200 27
172.17.0.117 - - [28/Aug/2020:08:22:20 +0800] "GET /xingrg/check_reg.html?_=1598574144883 HTTP/1.1" 200 22
58.221.95.50 - - [28/Aug/2020:08:22:21 +0800] "GET /xingrg/all/function/internal_message.html?_=1598574270482&CODE_STATE=getMsg HTTP/1.1" 200 27
117.131.5.26 - - [28/Aug/2020:08:22:21 +0800] "GET /xingrg/all/function/internal_message.html?_=1598574423456&CODE_STATE=getMsg HTTP/1.1" 200 27
58.40.7.146 - - [28/Aug/2020:08:22:33 +0800] "GET /xingrg/all/function/internal_message.html?_=1598574151140&CODE_STATE=getMsg HTTP/1.1" 200 27
172.17.0.123 - - [28/Aug/2020:08:22:38 +0800] "GET /xingrg/all/function/internal_message.html?_=1598574174058&CODE_STATE=getMsg HTTP/1.1" 200 27
172.17.0.185 - - [28/Aug/2020:08:22:44 +0800] "GET /xingrg/all/function/internal_message.html?_=1598574160260&CODE_STATE=getMsg HTTP/1.1" 200 27
117.131.5.26 - - [28/Aug/2020:08:22:57 +0800] "POST /xingrg/services/DataTransmitService HTTP/1.1" 200 524
61.172.5.115 - - [28/Aug/2020:08:22:59 +0800] "GET /xingrg/all/function/internal_message.html?_=1598574180115&CODE_STATE=getMsg HTTP/1.1" 200 27
61.172.5.115 - - [28/Aug/2020:08:22:59 +0800] "GET /xingrg/check_reg.html?_=1598574180193 HTTP/1.1" 200 22
218.81.217.115 - - [28/Aug/2020:08:23:00 +0800] "GET /xingrg/all/function/internal_message.html?_=1598574162463&CODE_STATE=getMsg HTTP/1.1" 200 27
172.17.0.115 - - [28/Aug/2020:08:23:14 +0800] "GET /xingrg/all/function/internal_message.html?_=1598574206834&CODE_STATE=getMsg HTTP/1.1" 200 27
172.17.0.117 - - [28/Aug/2020:08:23:20 +0800] "GET /xingrg/all/function/internal_message.html?_=1598574204882&CODE_STATE=getMsg HTTP/1.1" 200 27
58.221.95.50 - - [28/Aug/2020:08:23:21 +0800] "GET /xingrg/all/function/internal_message.html?_=1598574330452&CODE_STATE=getMsg HTTP/1.1" 200 27
117.131.5.26 - - [28/Aug/2020:08:23:21 +0800] "GET /xingrg/all/function/internal_message.html?_=1598574483482&CODE_STATE=getMsg HTTP/1.1" 200 27
114.92.198.157 - - [28/Aug/2020:08:23:28 +0800] "POST /xingrg/supplier/cgsh_list_operate.html HTTP/1.1" 200 5592
58.40.7.146 - - [28/Aug/2020:08:23:33 +0800] "GET /xingrg/all/function/internal_message.html?_=1598574211111&CODE_STATE=getMsg HTTP/1.1" 200 27
172.17.0.123 - - [28/Aug/2020:08:23:38 +0800] "GET /xingrg/all/function/internal_message.html?_=1598574234059&CODE_STATE=getMsg HTTP/1.1" 200 27
172.17.0.185 - - [28/Aug/2020:08:23:44 +0800] "GET /xingrg/all/function/internal_message.html?_=1598574220250&CODE_STATE=getMsg HTTP/1.1" 200 27
61.172.5.115 - - [28/Aug/2020:08:23:59 +0800] "GET /xingrg/all/function/internal_message.html?_=1598574240115&CODE_STATE=getMsg HTTP/1.1" 200 27
218.81.217.115 - - [28/Aug/2020:08:24:00 +0800] "GET /xingrg/all/function/internal_message.html?_=1598574222472&CODE_STATE=getMsg HTTP/1.1" 200 27
172.17.0.115 - - [28/Aug/2020:08:24:02 +0800] "GET /xingrg/check_reg.html?_=1598574255266 HTTP/1.1" 200 22
58.40.7.146 - - [28/Aug/2020:08:24:09 +0800] "GET /xingrg/check_reg.html?_=1598574246456 HTTP/1.1" 200 22
172.17.0.115 - - [28/Aug/2020:08:24:14 +0800] "GET /xingrg/all/function/internal_message.html?_=1598574266840&CODE_STATE=getMsg HTTP/1.1" 200 27
172.17.0.117 - - [28/Aug/2020:08:24:20 +0800] "GET /xingrg/all/function/internal_message.html?_=1598574264882&CODE_STATE=getMsg HTTP/1.1" 200 27
58.221.95.50 - - [28/Aug/2020:08:24:21 +0800] "GET /xingrg/all/function/internal_message.html?_=1598574390427&CODE_STATE=getMsg HTTP/1.1" 200 27
117.131.5.26 - - [28/Aug/2020:08:24:21 +0800] "GET /xingrg/all/function/internal_message.html?_=1598574543481&CODE_STATE=getMsg HTTP/1.1" 200 27
58.40.7.146 - - [28/Aug/2020:08:24:33 +0800] "GET /xingrg/all/function/internal_message.html?_=1598574271085&CODE_STATE=getMsg HTTP/1.1" 200 27
114.92.198.157 - - [28/Aug/2020:08:24:35 +0800] "POST /xingrg/supplier/cgsh_list_operate.html HTTP/1.1" 200 5710
172.17.0.123 - - [28/Aug/2020:08:24:38 +0800] "GET /xingrg/all/function/internal_message.html?_=1598574294062&CODE_STATE=getMsg HTTP/1.1" 200 27
172.17.0.185 - - [28/Aug/2020:08:24:44 +0800] "GET /xingrg/all/function/internal_message.html?_=1598574280254&CODE_STATE=getMsg HTTP/1.1" 200 27
114.92.198.157 - - [28/Aug/2020:08:24:48 +0800] "POST /xingrg/supplier/cgsh_list_operate.html HTTP/1.1" 200 2601
114.92.198.157 - - [28/Aug/2020:08:24:55 +0800] "POST /xingrg/supplier/cgsh_list_operate.html HTTP/1.1" 200 2600
218.81.217.115 - - [28/Aug/2020:08:24:58 +0800] "GET /xingrg/check_reg.html?_=1598574281190 HTTP/1.1" 200 22
61.172.5.115 - - [28/Aug/2020:08:24:59 +0800] "GET /xingrg/all/function/internal_message.html?_=1598574300103&CODE_STATE=getMsg HTTP/1.1" 200 27
218.81.217.115 - - [28/Aug/2020:08:25:00 +0800] "GET /xingrg/all/function/internal_message.html?_=1598574282486&CODE_STATE=getMsg HTTP/1.1" 200 27
114.92.198.157 - - [28/Aug/2020:08:25:02 +0800] "POST /xingrg/supplier/cgsh_list_operate.html HTTP/1.1" 200 2600
114.92.198.157 - - [28/Aug/2020:08:25:09 +0800] "POST /xingrg/supplier/cgsh_list_operate.html HTTP/1.1" 200 2601
172.17.0.115 - - [28/Aug/2020:08:25:14 +0800] "GET /xingrg/all/function/internal_message.html?_=1598574326855&CODE_STATE=getMsg HTTP/1.1" 200 27
114.92.198.157 - - [28/Aug/2020:08:25:15 +0800] "POST /xingrg/supplier/cgsh_list_operate.html HTTP/1.1" 200 2563
172.17.0.117 - - [28/Aug/2020:08:25:20 +0800] "GET /xingrg/all/function/internal_message.html?_=1598574324885&CODE_STATE=getMsg HTTP/1.1" 200 27
58.221.95.50 - - [28/Aug/2020:08:25:21 +0800] "GET /xingrg/all/function/internal_message.html?_=1598574450395&CODE_STATE=getMsg HTTP/1.1" 200 27
117.131.5.26 - - [28/Aug/2020:08:25:21 +0800] "GET /xingrg/all/function/internal_message.html?_=1598574603516&CODE_STATE=getMsg HTTP/1.1" 200 27
114.92.198.157 - - [28/Aug/2020:08:25:24 +0800] "POST /xingrg/supplier/cgsh_list_operate.html HTTP/1.1" 200 2575
114.92.198.157 - - [28/Aug/2020:08:25:31 +0800] "POST /xingrg/supplier/cgsh_list_operate.html HTTP/1.1" 200 2577
58.40.7.146 - - [28/Aug/2020:08:25:33 +0800] "GET /xingrg/all/function/internal_message.html?_=1598574331072&CODE_STATE=getMsg HTTP/1.1" 200 27
172.17.0.123 - - [28/Aug/2020:08:25:38 +0800] "GET /xingrg/all/function/internal_message.html?_=1598574354065&CODE_STATE=getMsg HTTP/1.1" 200 27
114.92.198.157 - - [28/Aug/2020:08:25:38 +0800] "POST /xingrg/supplier/cgsh_list_operate.html HTTP/1.1" 200 2600
172.17.0.185 - - [28/Aug/2020:08:25:44 +0800] "GET /xingrg/check_reg.html?_=1598574340257 HTTP/1.1" 200 22
172.17.0.185 - - [28/Aug/2020:08:25:44 +0800] "GET /xingrg/all/function/internal_message.html?_=1598574340261&CODE_STATE=getMsg HTTP/1.1" 200 27
114.92.198.157 - - [28/Aug/2020:08:25:45 +0800] "POST /xingrg/supplier/cgsh_list_operate.html HTTP/1.1" 200 1787
114.92.198.157 - - [28/Aug/2020:08:25:52 +0800] "POST /xingrg/supplier/cgsh_list_operate.html HTTP/1.1" 200 2565
114.92.198.157 - - [28/Aug/2020:08:25:59 +0800] "POST /xingrg/supplier/cgsh_list_operate.html HTTP/1.1" 200 2602
61.172.5.115 - - [28/Aug/2020:08:25:59 +0800] "GET /xingrg/all/function/internal_message.html?_=1598574360104&CODE_STATE=getMsg HTTP/1.1" 200 27
218.81.217.115 - - [28/Aug/2020:08:26:00 +0800] "GET /xingrg/all/function/internal_message.html?_=1598574342499&CODE_STATE=getMsg HTTP/1.1" 200 27
114.92.198.157 - - [28/Aug/2020:08:26:07 +0800] "POST /xingrg/supplier/cgsh_list_operate.html HTTP/1.1" 200 2626
117.131.5.26 - - [28/Aug/2020:08:26:09 +0800] "GET /xingrg/check_reg.html?_=1598574651654 HTTP/1.1" 200 22
172.17.0.115 - - [28/Aug/2020:08:26:14 +0800] "GET /xingrg/all/function/internal_message.html?_=1598574386873&CODE_STATE=getMsg HTTP/1.1" 200 27
114.92.198.157 - - [28/Aug/2020:08:26:16 +0800] "POST /xingrg/supplier/cgsh_list_operate.html HTTP/1.1" 200 2193
172.17.0.117 - - [28/Aug/2020:08:26:20 +0800] "GET /xingrg/all/function/internal_message.html?_=1598574384885&CODE_STATE=getMsg HTTP/1.1" 200 27
58.221.95.50 - - [28/Aug/2020:08:26:21 +0800] "GET /xingrg/all/function/internal_message.html?_=1598574510369&CODE_STATE=getMsg HTTP/1.1" 200 27
117.131.5.26 - - [28/Aug/2020:08:26:21 +0800] "GET /xingrg/all/function/internal_message.html?_=1598574663524&CODE_STATE=getMsg HTTP/1.1" 200 27
114.92.198.157 - - [28/Aug/2020:08:26:22 +0800] "POST /xingrg/supplier/cgsh_list_operate.html HTTP/1.1" 200 928
114.92.198.157 - - [28/Aug/2020:08:26:28 +0800] "POST /xingrg/supplier/cgsh_list_operate.html HTTP/1.1" 200 5710
58.40.7.146 - - [28/Aug/2020:08:26:33 +0800] "GET /xingrg/all/function/internal_message.html?_=1598574391058&CODE_STATE=getMsg HTTP/1.1" 200 27
172.17.0.123 - - [28/Aug/2020:08:26:38 +0800] "GET /xingrg/check_reg.html?_=1598574414054 HTTP/1.1" 200 22
172.17.0.123 - - [28/Aug/2020:08:26:38 +0800] "GET /xingrg/all/function/internal_message.html?_=1598574414054&CODE_STATE=getMsg HTTP/1.1" 200 27
172.17.0.185 - - [28/Aug/2020:08:26:44 +0800] "GET /xingrg/all/function/internal_message.html?_=1598574400250&CODE_STATE=getMsg HTTP/1.1" 200 27
58.221.95.50 - - [28/Aug/2020:08:26:47 +0800] "GET /xingrg/check_reg.html?_=1598574536647 HTTP/1.1" 200 22
61.172.5.115 - - [28/Aug/2020:08:26:59 +0800] "GET /xingrg/all/function/internal_message.html?_=1598574420106&CODE_STATE=getMsg HTTP/1.1" 200 27
218.81.217.115 - - [28/Aug/2020:08:27:00 +0800] "GET /xingrg/all/function/internal_message.html?_=1598574402516&CODE_STATE=getMsg HTTP/1.1" 200 27
114.92.198.157 - - [28/Aug/2020:08:27:01 +0800] "POST /xingrg/supplier/cgsh_list_operate.html HTTP/1.1" 200 1787
58.37.227.225 - - [28/Aug/2020:08:27:03 +0800] "GET /xingrg/check_reg.html?_=1598574434282 HTTP/1.1" 200 22
172.17.0.115 - - [28/Aug/2020:08:27:14 +0800] "GET /xingrg/all/function/internal_message.html?_=1598574446881&CODE_STATE=getMsg HTTP/1.1" 200 27
172.17.0.117 - - [28/Aug/2020:08:27:20 +0800] "GET /xingrg/all/function/internal_message.html?_=1598574444883&CODE_STATE=getMsg HTTP/1.1" 200 27
172.17.0.117 - - [28/Aug/2020:08:27:20 +0800] "GET /xingrg/check_reg.html?_=1598574444885 HTTP/1.1" 200 22
58.221.95.50 - - [28/Aug/2020:08:27:21 +0800] "GET /xingrg/all/function/internal_message.html?_=1598574570342&CODE_STATE=getMsg HTTP/1.1" 200 27
117.131.5.26 - - [28/Aug/2020:08:27:21 +0800] "GET /xingrg/all/function/internal_message.html?_=1598574723536&CODE_STATE=getMsg HTTP/1.1" 200 27
58.40.7.146 - - [28/Aug/2020:08:27:33 +0800] "GET /xingrg/all/function/internal_message.html?_=1598574451030&CODE_STATE=getMsg HTTP/1.1" 200 27
172.17.0.123 - - [28/Aug/2020:08:27:38 +0800] "GET /xingrg/all/function/internal_message.html?_=1598574474056&CODE_STATE=getMsg HTTP/1.1" 200 27
172.17.0.185 - - [28/Aug/2020:08:27:44 +0800] "GET /xingrg/all/function/internal_message.html?_=1598574460254&CODE_STATE=getMsg HTTP/1.1" 200 27
120.253.135.82 - - [28/Aug/2020:08:27:47 +0800] "GET /xingrg/login.html HTTP/1.1" 200 7641
120.253.135.82 - - [28/Aug/2020:08:27:48 +0800] "GET /xingrg/images/blue/jxLogo.png HTTP/1.1" 200 6156
120.253.135.82 - - [28/Aug/2020:08:27:48 +0800] "GET /xingrg/images/blue/hj.png HTTP/1.1" 200 1014
120.253.135.82 - - [28/Aug/2020:08:27:48 +0800] "GET /xingrg/images/blue/login_bg.png HTTP/1.1" 200 22101
120.253.135.82 - - [28/Aug/2020:08:27:48 +0800] "GET /xingrg/images/blue/srbg.png HTTP/1.1" 200 138
120.253.135.82 - - [28/Aug/2020:08:27:48 +0800] "GET /favicon.ico HTTP/1.1" 404 -
120.253.135.82 - - [28/Aug/2020:08:27:51 +0800] "POST /xingrg/login.do HTTP/1.1" 302 -
120.253.135.82 - - [28/Aug/2020:08:27:51 +0800] "GET /xingrg/index.html?sysBaseUrl=http%3A%2F%2F180.169.147.146%3A18081%2Fxingrg%2F&costTime=37×tamp=1598574471418 HTTP/1.1" 200 17503
120.253.135.82 - - [28/Aug/2020:08:27:51 +0800] "GET /xingrg/javascript/jquery_easy_ui/themes/icon.css HTTP/1.1" 200 3949
120.253.135.82 - - [28/Aug/2020:08:27:51 +0800] "GET /xingrg/javascript/jquery_easy_ui/easyui-lang-zh_CN.js HTTP/1.1" 200 1900
120.253.135.82 - - [28/Aug/2020:08:27:51 +0800] "GET /xingrg/javascript/jquery-1.4.2.min.js HTTP/1.1" 200 72205
120.253.135.82 - - [28/Aug/2020:08:27:51 +0800] "GET /xingrg/javascript/jquery_easy_ui/jquery.easyui.min.js HTTP/1.1" 200 213662
120.253.135.82 - - [28/Aug/2020:08:27:51 +0800] "GET /xingrg/javascript/jquery.timers.js HTTP/1.1" 200 3532
120.253.135.82 - - [28/Aug/2020:08:27:51 +0800] "GET /xingrg/css/form.css HTTP/1.1" 200 893
120.253.135.82 - - [28/Aug/2020:08:27:51 +0800] "GET /xingrg/javascript/jquery_easy_ui/themes/default/easyui.css HTTP/1.1" 200 26500
120.253.135.82 - - [28/Aug/2020:08:27:51 +0800] "GET /xingrg/javascript/jquery.utils.js HTTP/1.1" 200 11805
120.253.135.82 - - [28/Aug/2020:08:27:51 +0800] "GET /xingrg/javascript/jquery.form.js HTTP/1.1" 200 23110
120.253.135.82 - - [28/Aug/2020:08:27:51 +0800] "GET /favicon.ico HTTP/1.1" 404 -
120.253.135.82 - - [28/Aug/2020:08:27:51 +0800] "GET /xingrg/javascript/jquery_easy_ui/themes/icons/settle_new.png HTTP/1.1" 200 826
120.253.135.82 - - [28/Aug/2020:08:27:51 +0800] "GET /xingrg/images/blue/navBackgound.jpg HTTP/1.1" 200 12378
120.253.135.82 - - [28/Aug/2020:08:27:51 +0800] "GET /xingrg/images/blue/pingpu.png HTTP/1.1" 200 231
120.253.135.82 - - [28/Aug/2020:08:27:51 +0800] "GET /xingrg/javascript/jquery_easy_ui/themes/default/images/tabs_leftarrow.png HTTP/1.1" 200 389
120.253.135.82 - - [28/Aug/2020:08:27:51 +0800] "GET /xingrg/javascript/jquery_easy_ui/themes/default/images/tabs_rightarrow.png HTTP/1.1" 200 395
120.253.135.82 - - [28/Aug/2020:08:27:51 +0800] "POST /xingrg/all/common/load_tree.html?tree=area_rest_tree_json&manage=1 HTTP/1.1" 200 344
120.253.135.82 - - [28/Aug/2020:08:27:51 +0800] "GET /xingrg/javascript/jquery_easy_ui/themes/default/images/panel_tool_collapse.gif HTTP/1.1" 200 246
120.253.135.82 - - [28/Aug/2020:08:27:51 +0800] "GET /xingrg/javascript/jquery_easy_ui/themes/default/images/panel_tool_expand.gif HTTP/1.1" 200 247
120.253.135.82 - - [28/Aug/2020:08:27:51 +0800] "GET /xingrg/all/function/internal_message.html?_=1598574220269&CODE_STATE=count HTTP/1.1" 200 11
120.253.135.82 - - [28/Aug/2020:08:27:51 +0800] "GET /xingrg/check_reg.html?_=1598574220270 HTTP/1.1" 200 22
120.253.135.82 - - [28/Aug/2020:08:27:51 +0800] "GET /xingrg/javascript/jquery_easy_ui/themes/default/images/tree_arrows.gif HTTP/1.1" 200 1043
120.253.135.82 - - [28/Aug/2020:08:27:51 +0800] "POST /xingrg/load_menu.html HTTP/1.1" 200 11443
120.253.135.82 - - [28/Aug/2020:08:27:52 +0800] "GET /xingrg/javascript/jquery_easy_ui/themes/default/images/tree_folder_open.gif HTTP/1.1" 200 956
120.253.135.82 - - [28/Aug/2020:08:27:52 +0800] "GET /xingrg/javascript/jquery_easy_ui/themes/icons/storage_new.png HTTP/1.1" 200 853
120.253.135.82 - - [28/Aug/2020:08:27:52 +0800] "GET /xingrg/javascript/jquery_easy_ui/themes/icons/checkout_new.png HTTP/1.1" 200 744
120.253.135.82 - - [28/Aug/2020:08:27:52 +0800] "GET /xingrg/javascript/jquery_easy_ui/themes/icons/forms_new.png HTTP/1.1" 200 350
120.253.135.82 - - [28/Aug/2020:08:27:52 +0800] "GET /xingrg/javascript/jquery_easy_ui/themes/icons/delivery_new.png HTTP/1.1" 200 700
120.253.135.82 - - [28/Aug/2020:08:27:52 +0800] "GET /xingrg/javascript/jquery_easy_ui/themes/icons/search_new.png HTTP/1.1" 200 586
120.253.135.82 - - [28/Aug/2020:08:27:52 +0800] "GET /xingrg/javascript/jquery_easy_ui/themes/icons/setting_new.png HTTP/1.1" 200 450
120.253.135.82 - - [28/Aug/2020:08:27:52 +0800] "GET /xingrg/javascript/jquery_easy_ui/themes/default/images/tree_file.gif HTTP/1.1" 200 118
120.253.135.82 - - [28/Aug/2020:08:27:52 +0800] "GET /xingrg/javascript/jquery_easy_ui/themes/icons/systemset_new.png HTTP/1.1" 200 606
120.253.135.82 - - [28/Aug/2020:08:27:52 +0800] "GET /xingrg/javascript/jquery_easy_ui/themes/default/images/tree_folder.gif HTTP/1.1" 200 952
120.253.135.82 - - [28/Aug/2020:08:27:55 +0800] "GET /xingrg/javascript/jquery_easy_ui/themes/default/images/tabs_close.gif HTTP/1.1" 200 829
120.253.135.82 - - [28/Aug/2020:08:27:55 +0800] "GET /xingrg/kc/pszx/mdqp_order_list.html?state=10 HTTP/1.1" 200 10125
120.253.135.82 - - [28/Aug/2020:08:27:55 +0800] "GET /xingrg/javascript/pic_change.js HTTP/1.1" 200 4739
120.253.135.82 - - [28/Aug/2020:08:27:55 +0800] "GET /xingrg/dwr/interface/AjaxReportQueryService.js HTTP/1.1" 200 13203
120.253.135.82 - - [28/Aug/2020:08:27:55 +0800] "GET /xingrg/css/blue.css HTTP/1.1" 200 15949
120.253.135.82 - - [28/Aug/2020:08:27:55 +0800] "GET /xingrg/dwr/interface/AjaxQqpsService.js HTTP/1.1" 200 16326
120.253.135.82 - - [28/Aug/2020:08:27:55 +0800] "GET /xingrg/dwr/util.js HTTP/1.1" 200 35990
120.253.135.82 - - [28/Aug/2020:08:27:55 +0800] "GET /xingrg/javascript/Calendar.js HTTP/1.1" 200 31561
120.253.135.82 - - [28/Aug/2020:08:27:55 +0800] "GET /xingrg/javascript/myfunction.js HTTP/1.1" 200 24559
120.253.135.82 - - [28/Aug/2020:08:27:56 +0800] "GET /xingrg/dwr/engine.js HTTP/1.1" 200 43631
120.253.135.82 - - [28/Aug/2020:08:27:56 +0800] "GET /xingrg/javascript/jquery_easy_ui/themes/icons/check_new.png HTTP/1.1" 200 3224
120.253.135.82 - - [28/Aug/2020:08:27:56 +0800] "GET /xingrg/javascript/jquery_easy_ui/themes/icons/back_new.png HTTP/1.1" 200 3414
120.253.135.82 - - [28/Aug/2020:08:27:56 +0800] "GET /xingrg/javascript/jquery_easy_ui/themes/icons/uncheck_new.png HTTP/1.1" 200 3197
120.253.135.82 - - [28/Aug/2020:08:27:57 +0800] "GET /xingrg/javascript/jquery_easy_ui/themes/default/images/button_plain_hover.png HTTP/1.1" 200 252
120.253.135.82 - - [28/Aug/2020:08:27:58 +0800] "GET /xingrg/javascript/jquery_easy_ui/themes/icons/manage.png HTTP/1.1" 200 696
120.253.135.82 - - [28/Aug/2020:08:27:58 +0800] "GET /xingrg/javascript/jquery_easy_ui/themes/icons/area.png HTTP/1.1" 200 262
61.172.5.115 - - [28/Aug/2020:08:27:59 +0800] "GET /xingrg/all/function/internal_message.html?_=1598574480107&CODE_STATE=getMsg HTTP/1.1" 200 27
61.172.5.115 - - [28/Aug/2020:08:27:59 +0800] "GET /xingrg/check_reg.html?_=1598574480171 HTTP/1.1" 200 22
218.81.217.115 - - [28/Aug/2020:08:28:00 +0800] "GET /xingrg/all/function/internal_message.html?_=1598574462882&CODE_STATE=getMsg HTTP/1.1" 200 27
120.253.135.82 - - [28/Aug/2020:08:28:02 +0800] "GET /xingrg/kc/pszx/mdps_order_list.html?orderType=0 HTTP/1.1" 200 21059
120.253.135.82 - - [28/Aug/2020:08:28:02 +0800] "GET /xingrg/css/base.css HTTP/1.1" 200 2811
120.253.135.82 - - [28/Aug/2020:08:28:02 +0800] "GET /xingrg/css/site.css HTTP/1.1" 200 7541
120.253.135.82 - - [28/Aug/2020:08:28:02 +0800] "GET /xingrg/javascript/jquery_tools/datebox.css HTTP/1.1" 200 2597
120.253.135.82 - - [28/Aug/2020:08:28:02 +0800] "GET /xingrg/javascript/easyui/themes/icon.css HTTP/1.1" 200 4483
120.253.135.82 - - [28/Aug/2020:08:28:02 +0800] "GET /xingrg/javascript/auto/jquery.autocomplete.css HTTP/1.1" 200 587
120.253.135.82 - - [28/Aug/2020:08:28:02 +0800] "GET /xingrg/javascript/jquery_tools/fix.css HTTP/1.1" 200 1702
120.253.135.82 - - [28/Aug/2020:08:28:02 +0800] "GET /xingrg/javascript/jquery_tools/table.css HTTP/1.1" 200 1032
120.253.135.82 - - [28/Aug/2020:08:28:02 +0800] "GET /xingrg/javascript/jquery_tools/jquery.tools.min.js HTTP/1.1" 200 138801
120.253.135.82 - - [28/Aug/2020:08:28:02 +0800] "GET /xingrg/javascript/jquery_tools/jquery.tools.hotkey.js HTTP/1.1" 200 3242
120.253.135.82 - - [28/Aug/2020:08:28:02 +0800] "GET /xingrg/javascript/jquery_tools/jquery.tools.extend.js HTTP/1.1" 200 15385
120.253.135.82 - - [28/Aug/2020:08:28:02 +0800] "GET /xingrg/javascript/jquery_tools/jquery.tools.table.js HTTP/1.1" 200 6994
120.253.135.82 - - [28/Aug/2020:08:28:02 +0800] "GET /xingrg/javascript/jquery_tools/list_manager.js HTTP/1.1" 200 3652
120.253.135.82 - - [28/Aug/2020:08:28:02 +0800] "GET /xingrg/javascript/jquery.cookie.js HTTP/1.1" 200 5513
120.253.135.82 - - [28/Aug/2020:08:28:02 +0800] "GET /xingrg/javascript/easyui/themes/default/easyui.css HTTP/1.1" 200 30432
120.253.135.82 - - [28/Aug/2020:08:28:02 +0800] "GET /xingrg/javascript/easyui/easyloader.js HTTP/1.1" 200 5975
120.253.135.82 - - [28/Aug/2020:08:28:02 +0800] "GET /xingrg/javascript/auto/jquery.autocomplete.js HTTP/1.1" 200 21624
120.253.135.82 - - [28/Aug/2020:08:28:02 +0800] "GET /xingrg/javascript/print/LodopFuncs.js HTTP/1.1" 200 5121
120.253.135.82 - - [28/Aug/2020:08:28:02 +0800] "GET /xingrg/javascript/easyui/themes/icons/edit_add_new.png HTTP/1.1" 200 2997
120.253.135.82 - - [28/Aug/2020:08:28:02 +0800] "GET /xingrg/javascript/easyui/themes/icons/cance_new.png HTTP/1.1" 200 3986
120.253.135.82 - - [28/Aug/2020:08:28:02 +0800] "GET /xingrg/javascript/easyui/themes/icons/field_new.png HTTP/1.1" 200 1097
120.253.135.82 - - [28/Aug/2020:08:28:02 +0800] "GET /xingrg/javascript/easyui/themes/icons/uncheck_new.png HTTP/1.1" 200 3197
120.253.135.82 - - [28/Aug/2020:08:28:02 +0800] "GET /xingrg/javascript/easyui/themes/icons/check_new.png HTTP/1.1" 200 3224
120.253.135.82 - - [28/Aug/2020:08:28:02 +0800] "GET /xingrg/javascript/easyui/themes/icons/import_new.png HTTP/1.1" 200 1247
120.253.135.82 - - [28/Aug/2020:08:28:02 +0800] "GET /xingrg/javascript/easyui/plugins/jquery.parser.js HTTP/1.1" 200 1142
120.253.135.82 - - [28/Aug/2020:08:28:02 +0800] "GET /xingrg/images/control/ajaxLoader.gif HTTP/1.1" 200 4659
120.253.135.82 - - [28/Aug/2020:08:28:02 +0800] "POST /xingrg/kc/pszx/mdps_list_operate.html HTTP/1.1" 200 5420
120.253.135.82 - - [28/Aug/2020:08:28:05 +0800] "GET /xingrg/kc/pszx/mdth_order_list.html HTTP/1.1" 200 18483
120.253.135.82 - - [28/Aug/2020:08:28:06 +0800] "POST /xingrg/kc/pszx/mdth_order_new_list.html HTTP/1.1" 200 4118
120.253.135.82 - - [28/Aug/2020:08:28:08 +0800] "GET /xingrg/javascript/jquery_easy_ui/themes/default/images/tabs_active.png HTTP/1.1" 200 2894
172.17.0.115 - - [28/Aug/2020:08:28:14 +0800] "GET /xingrg/all/function/internal_message.html?_=1598574506900&CODE_STATE=getMsg HTTP/1.1" 200 27
114.92.198.157 - - [28/Aug/2020:08:28:19 +0800] "GET /xingrg/logout.do HTTP/1.1" 302 -
114.92.198.157 - - [28/Aug/2020:08:28:20 +0800] "GET /xingrg/login_supplier.html?sysBaseUrl=http%3A%2F%2F180.169.147.146%3A18081%2Fxingrg%2F&costTime=0×tamp=1598574499994 HTTP/1.1" 200 3208
114.92.198.157 - - [28/Aug/2020:08:28:20 +0800] "GET /favicon.ico HTTP/1.1" 404 -
172.17.0.117 - - [28/Aug/2020:08:28:20 +0800] "GET /xingrg/all/function/internal_message.html?_=1598574504885&CODE_STATE=getMsg HTTP/1.1" 200 27
58.221.95.50 - - [28/Aug/2020:08:28:21 +0800] "GET /xingrg/all/function/internal_message.html?_=1598574630340&CODE_STATE=getMsg HTTP/1.1" 200 27
117.131.5.26 - - [28/Aug/2020:08:28:21 +0800] "GET /xingrg/all/function/internal_message.html?_=1598574783563&CODE_STATE=getMsg HTTP/1.1" 200 27
114.92.198.157 - - [28/Aug/2020:08:28:26 +0800] "POST /xingrg/login_supplier.html HTTP/1.1" 302 -
114.92.198.157 - - [28/Aug/2020:08:28:26 +0800] "GET /xingrg/supplier_index.html?sysBaseUrl=http%3A%2F%2F180.169.147.146%3A18081%2Fxingrg%2F&costTime=11×tamp=1598574506620 HTTP/1.1" 200 9061
114.92.198.157 - - [28/Aug/2020:08:28:27 +0800] "GET /favicon.ico HTTP/1.1" 404 -
114.92.198.157 - - [28/Aug/2020:08:28:28 +0800] "GET /xingrg/supplier/cgsh_order_list.html HTTP/1.1" 200 10896
114.92.198.157 - - [28/Aug/2020:08:28:29 +0800] "POST /xingrg/supplier/cgsh_list_operate.html HTTP/1.1" 200 5950
114.92.198.157 - - [28/Aug/2020:08:28:31 +0800] "GET /xingrg/javascript/jquery_tools/images/next.gif HTTP/1.1" 404 1086
114.92.198.157 - - [28/Aug/2020:08:28:31 +0800] "GET /xingrg/javascript/jquery_tools/images/prev.gif HTTP/1.1" 404 1086
58.40.7.146 - - [28/Aug/2020:08:28:33 +0800] "GET /xingrg/all/function/internal_message.html?_=1598574511002&CODE_STATE=getMsg HTTP/1.1" 200 27
114.92.198.157 - - [28/Aug/2020:08:28:36 +0800] "POST /xingrg/supplier/cgsh_list_operate.html HTTP/1.1" 200 4906
172.17.0.123 - - [28/Aug/2020:08:28:38 +0800] "GET /xingrg/all/function/internal_message.html?_=1598574534058&CODE_STATE=getMsg HTTP/1.1" 200 27
172.17.0.185 - - [28/Aug/2020:08:28:44 +0800] "GET /xingrg/all/function/internal_message.html?_=1598574520257&CODE_STATE=getMsg HTTP/1.1" 200 27
114.92.198.157 - - [28/Aug/2020:08:28:45 +0800] "POST /xingrg/supplier/cgsh_list_operate.html HTTP/1.1" 200 4905
114.92.198.157 - - [28/Aug/2020:08:28:51 +0800] "GET /xingrg/javascript/easyui/themes/default/tree.css HTTP/1.1" 404 1090
114.92.198.157 - - [28/Aug/2020:08:28:51 +0800] "POST /xingrg/all/common/load_tree.html?tree=area_rest_tree_json HTTP/1.1" 200 3216
61.172.5.115 - - [28/Aug/2020:08:28:59 +0800] "GET /xingrg/all/function/internal_message.html?_=1598574540110&CODE_STATE=getMsg HTTP/1.1" 200 27
218.81.217.115 - - [28/Aug/2020:08:29:00 +0800] "GET /xingrg/all/function/internal_message.html?_=1598574522884&CODE_STATE=getMsg HTTP/1.1" 200 27
172.17.0.115 - - [28/Aug/2020:08:29:02 +0800] "GET /xingrg/check_reg.html?_=1598574555270 HTTP/1.1" 200 22
58.40.7.146 - - [28/Aug/2020:08:29:09 +0800] "GET /xingrg/check_reg.html?_=1598574546459 HTTP/1.1" 200 22
172.17.0.115 - - [28/Aug/2020:08:29:14 +0800] "GET /xingrg/all/function/internal_message.html?_=1598574566909&CODE_STATE=getMsg HTTP/1.1" 200 27
172.17.0.117 - - [28/Aug/2020:08:29:20 +0800] "GET /xingrg/all/function/internal_message.html?_=1598574564892&CODE_STATE=getMsg HTTP/1.1" 200 27
58.221.95.50 - - [28/Aug/2020:08:29:21 +0800] "GET /xingrg/all/function/internal_message.html?_=1598574690322&CODE_STATE=getMsg HTTP/1.1" 200 27
117.131.5.26 - - [28/Aug/2020:08:29:21 +0800] "GET /xingrg/all/function/internal_message.html?_=1598574843564&CODE_STATE=getMsg HTTP/1.1" 200 27
114.92.198.157 - - [28/Aug/2020:08:29:25 +0800] "POST /xingrg/supplier/cgsh_list_operate.html HTTP/1.1" 200 4492
58.40.7.146 - - [28/Aug/2020:08:29:33 +0800] "GET /xingrg/all/function/internal_message.html?_=1598574570976&CODE_STATE=getMsg HTTP/1.1" 200 27
172.17.0.123 - - [28/Aug/2020:08:29:38 +0800] "GET /xingrg/all/function/internal_message.html?_=1598574594059&CODE_STATE=getMsg HTTP/1.1" 200 27
172.17.0.185 - - [28/Aug/2020:08:29:44 +0800] "GET /xingrg/all/function/internal_message.html?_=1598574580258&CODE_STATE=getMsg HTTP/1.1" 200 27
218.81.217.115 - - [28/Aug/2020:08:29:59 +0800] "GET /xingrg/check_reg.html?_=1598574581549 HTTP/1.1" 200 22
61.172.5.115 - - [28/Aug/2020:08:29:59 +0800] "GET /xingrg/all/function/internal_message.html?_=1598574600111&CODE_STATE=getMsg HTTP/1.1" 200 27
218.81.217.115 - - [28/Aug/2020:08:30:00 +0800] "GET /xingrg/all/function/internal_message.html?_=1598574582897&CODE_STATE=getMsg HTTP/1.1" 200 27
114.92.198.157 - - [28/Aug/2020:08:30:05 +0800] "POST /xingrg/supplier/cgsh_list_operate.html HTTP/1.1" 200 2559
172.17.0.115 - - [28/Aug/2020:08:30:14 +0800] "GET /xingrg/all/function/internal_message.html?_=1598574626922&CODE_STATE=getMsg HTTP/1.1" 200 27
114.92.198.157 - - [28/Aug/2020:08:30:14 +0800] "POST /xingrg/supplier/cgsh_list_operate.html HTTP/1.1" 200 1772
114.92.198.157 - - [28/Aug/2020:08:30:20 +0800] "POST /xingrg/supplier/cgsh_list_operate.html HTTP/1.1" 200 2167
172.17.0.117 - - [28/Aug/2020:08:30:20 +0800] "GET /xingrg/all/function/internal_message.html?_=1598574624893&CODE_STATE=getMsg HTTP/1.1" 200 27
58.221.95.50 - - [28/Aug/2020:08:30:21 +0800] "GET /xingrg/all/function/internal_message.html?_=1598574750297&CODE_STATE=getMsg HTTP/1.1" 200 27
117.131.5.26 - - [28/Aug/2020:08:30:21 +0800] "GET /xingrg/all/function/internal_message.html?_=1598574903606&CODE_STATE=getMsg HTTP/1.1" 200 27
114.92.198.157 - - [28/Aug/2020:08:30:28 +0800] "POST /xingrg/supplier/cgsh_list_operate.html HTTP/1.1" 200 2168
58.40.7.146 - - [28/Aug/2020:08:30:33 +0800] "GET /xingrg/all/function/internal_message.html?_=1598574630948&CODE_STATE=getMsg HTTP/1.1" 200 27
114.92.198.157 - - [28/Aug/2020:08:30:35 +0800] "POST /xingrg/supplier/cgsh_list_operate.html HTTP/1.1" 200 2143
172.17.0.123 - - [28/Aug/2020:08:30:38 +0800] "GET /xingrg/all/function/internal_message.html?_=1598574654060&CODE_STATE=getMsg HTTP/1.1" 200 27
114.92.198.157 - - [28/Aug/2020:08:30:43 +0800] "POST /xingrg/supplier/cgsh_list_operate.html HTTP/1.1" 200 2154
172.17.0.185 - - [28/Aug/2020:08:30:44 +0800] "GET /xingrg/check_reg.html?_=1598574640248 HTTP/1.1" 200 22
172.17.0.185 - - [28/Aug/2020:08:30:44 +0800] "GET /xingrg/all/function/internal_message.html?_=1598574640252&CODE_STATE=getMsg HTTP/1.1" 200 27
114.92.198.157 - - [28/Aug/2020:08:30:49 +0800] "POST /xingrg/supplier/cgsh_list_operate.html HTTP/1.1" 200 2535
114.92.198.157 - - [28/Aug/2020:08:30:56 +0800] "POST /xingrg/supplier/cgsh_list_operate.html HTTP/1.1" 200 1772
61.172.5.115 - - [28/Aug/2020:08:30:59 +0800] "GET /xingrg/all/function/internal_message.html?_=1598574660112&CODE_STATE=getMsg HTTP/1.1" 200 27
218.81.217.115 - - [28/Aug/2020:08:31:00 +0800] "GET /xingrg/all/function/internal_message.html?_=1598574642911&CODE_STATE=getMsg HTTP/1.1" 200 27
114.92.198.157 - - [28/Aug/2020:08:31:02 +0800] "POST /xingrg/supplier/cgsh_list_operate.html HTTP/1.1" 200 928
117.131.5.26 - - [28/Aug/2020:08:31:09 +0800] "GET /xingrg/check_reg.html?_=1598574951666 HTTP/1.1" 200 22
114.92.198.157 - - [28/Aug/2020:08:31:09 +0800] "POST /xingrg/supplier/cgsh_list_operate.html HTTP/1.1" 200 2141
172.17.0.115 - - [28/Aug/2020:08:31:14 +0800] "GET /xingrg/all/function/internal_message.html?_=1598574686942&CODE_STATE=getMsg HTTP/1.1" 200 27
114.92.198.157 - - [28/Aug/2020:08:31:20 +0800] "POST /xingrg/supplier/cgsh_list_operate.html HTTP/1.1" 200 2167
172.17.0.117 - - [28/Aug/2020:08:31:20 +0800] "GET /xingrg/all/function/internal_message.html?_=1598574684891&CODE_STATE=getMsg HTTP/1.1" 200 27
58.221.95.50 - - [28/Aug/2020:08:31:21 +0800] "GET /xingrg/all/function/internal_message.html?_=1598574810275&CODE_STATE=getMsg HTTP/1.1" 200 27
117.131.5.26 - - [28/Aug/2020:08:31:21 +0800] "GET /xingrg/all/function/internal_message.html?_=1598574963614&CODE_STATE=getMsg HTTP/1.1" 200 27
114.92.198.157 - - [28/Aug/2020:08:31:26 +0800] "POST /xingrg/supplier/cgsh_list_operate.html HTTP/1.1" 200 2190
58.40.7.146 - - [28/Aug/2020:08:31:33 +0800] "GET /xingrg/all/function/internal_message.html?_=1598574690919&CODE_STATE=getMsg HTTP/1.1" 200 27
114.92.198.157 - - [28/Aug/2020:08:31:34 +0800] "POST /xingrg/supplier/cgsh_list_operate.html HTTP/1.1" 200 2559
172.17.0.123 - - [28/Aug/2020:08:31:38 +0800] "GET /xingrg/check_reg.html?_=1598574714062 HTTP/1.1" 200 22
172.17.0.123 - - [28/Aug/2020:08:31:38 +0800] "GET /xingrg/all/function/internal_message.html?_=1598574714064&CODE_STATE=getMsg HTTP/1.1" 200 27
114.92.198.157 - - [28/Aug/2020:08:31:40 +0800] "POST /xingrg/supplier/cgsh_list_operate.html HTTP/1.1" 200 1772
172.17.0.185 - - [28/Aug/2020:08:31:44 +0800] "GET /xingrg/all/function/internal_message.html?_=1598574700255&CODE_STATE=getMsg HTTP/1.1" 200 27
58.221.95.50 - - [28/Aug/2020:08:31:47 +0800] "GET /xingrg/check_reg.html?_=1598574836666 HTTP/1.1" 200 22
117.185.32.26 - - [28/Aug/2020:08:31:47 +0800] "GET /xingrg/login.html HTTP/1.1" 200 7641
117.185.32.26 - - [28/Aug/2020:08:31:52 +0800] "GET /favicon.ico HTTP/1.1" 404 -
114.92.198.157 - - [28/Aug/2020:08:31:58 +0800] "POST /xingrg/supplier/cgsh_list_operate.html HTTP/1.1" 200 5527
61.172.5.115 - - [28/Aug/2020:08:31:59 +0800] "GET /xingrg/all/function/internal_message.html?_=1598574720101&CODE_STATE=getMsg HTTP/1.1" 200 27
218.81.217.115 - - [28/Aug/2020:08:32:00 +0800] "GET /xingrg/all/function/internal_message.html?_=1598574702924&CODE_STATE=getMsg HTTP/1.1" 200 27
58.37.227.225 - - [28/Aug/2020:08:32:03 +0800] "GET /xingrg/check_reg.html?_=1598574734251 HTTP/1.1" 200 22
117.185.32.26 - - [28/Aug/2020:08:32:04 +0800] "POST /xingrg/login.do HTTP/1.1" 302 -
117.185.32.26 - - [28/Aug/2020:08:32:04 +0800] "GET /xingrg/index.html?sysBaseUrl=http%3A%2F%2F180.169.147.146%3A18081%2Fxingrg%2F&costTime=38×tamp=1598574724600 HTTP/1.1" 200 17173
117.185.32.26 - - [28/Aug/2020:08:32:05 +0800] "GET /favicon.ico HTTP/1.1" 404 -
117.185.32.26 - - [28/Aug/2020:08:32:06 +0800] "POST /xingrg/all/common/load_tree.html?tree=area_rest_tree_json&manage=1 HTTP/1.1" 200 342
117.185.32.26 - - [28/Aug/2020:08:32:07 +0800] "GET /xingrg/all/function/internal_message.html?_=1598575150433&CODE_STATE=count HTTP/1.1" 200 11
117.185.32.26 - - [28/Aug/2020:08:32:07 +0800] "GET /xingrg/check_reg.html?_=1598575150435 HTTP/1.1" 200 22
117.185.32.26 - - [28/Aug/2020:08:32:07 +0800] "POST /xingrg/load_menu.html HTTP/1.1" 200 5138
117.185.32.26 - - [28/Aug/2020:08:32:10 +0800] "GET /xingrg/kc/buy/buy_main.html HTTP/1.1" 200 12412
117.185.32.26 - - [28/Aug/2020:08:32:10 +0800] "GET /xingrg/css/new_ie.css HTTP/1.1" 404 1036
117.185.32.26 - - [28/Aug/2020:08:32:12 +0800] "GET /xingrg/images/yd/bt.gif HTTP/1.1" 404 1040
117.185.32.26 - - [28/Aug/2020:08:32:13 +0800] "GET /xingrg/kc/buy/cgsh_order_list.html HTTP/1.1" 200 43808
172.17.0.115 - - [28/Aug/2020:08:32:14 +0800] "GET /xingrg/all/function/internal_message.html?_=1598574746950&CODE_STATE=getMsg HTTP/1.1" 200 27
172.17.0.117 - - [28/Aug/2020:08:32:20 +0800] "GET /xingrg/all/function/internal_message.html?_=1598574744891&CODE_STATE=getMsg HTTP/1.1" 200 27
172.17.0.117 - - [28/Aug/2020:08:32:20 +0800] "GET /xingrg/check_reg.html?_=1598574744895 HTTP/1.1" 200 22
58.221.95.50 - - [28/Aug/2020:08:32:21 +0800] "GET /xingrg/all/function/internal_message.html?_=1598574870257&CODE_STATE=getMsg HTTP/1.1" 200 27
117.131.5.26 - - [28/Aug/2020:08:32:21 +0800] "GET /xingrg/all/function/internal_message.html?_=1598575023625&CODE_STATE=getMsg HTTP/1.1" 200 27
117.185.32.26 - - [28/Aug/2020:08:32:23 +0800] "GET /xingrg/kc/buy/buy_main.html HTTP/1.1" 200 12412
117.185.32.26 - - [28/Aug/2020:08:32:23 +0800] "GET /xingrg/css/new_ie.css HTTP/1.1" 404 1036
117.185.32.26 - - [28/Aug/2020:08:32:24 +0800] "POST /xingrg/kc/buy/cgsh_list_operate.html HTTP/1.1" 200 876
117.185.32.26 - - [28/Aug/2020:08:32:24 +0800] "GET /xingrg/images/yd/bt.gif HTTP/1.1" 404 1040
117.185.32.26 - - [28/Aug/2020:08:32:25 +0800] "GET /xingrg/kc/buy/cgsh_order_list.html HTTP/1.1" 200 43808
117.185.32.26 - - [28/Aug/2020:08:32:26 +0800] "POST /xingrg/kc/buy/cgsh_list_operate.html HTTP/1.1" 200 876
117.185.32.26 - - [28/Aug/2020:08:32:32 +0800] "GET /xingrg/kc/buy/cgsh_order_add.html HTTP/1.1" 200 59546
117.185.32.26 - - [28/Aug/2020:08:32:32 +0800] "GET /xingrg/words/20200827110701_words.js HTTP/1.1" 304 -
117.185.32.26 - - [28/Aug/2020:08:32:33 +0800] "POST /xingrg/kc/buy/cgsh_order_operate.html HTTP/1.1" 200 8245
117.185.32.26 - - [28/Aug/2020:08:32:33 +0800] "GET /xingrg/all/common/auto_word.html?type=employee&rest_code=00106 HTTP/1.1" 200 205
117.185.32.26 - - [28/Aug/2020:08:32:33 +0800] "GET /xingrg/all/common/auto_word.html?type=employee&rest_code=00106 HTTP/1.1" 200 205
117.185.32.26 - - [28/Aug/2020:08:32:33 +0800] "GET /xingrg/javascript/easyui/themes/default/validatebox.css HTTP/1.1" 404 1104
58.40.7.146 - - [28/Aug/2020:08:32:33 +0800] "GET /xingrg/all/function/internal_message.html?_=1598574750890&CODE_STATE=getMsg HTTP/1.1" 200 27
117.185.32.26 - - [28/Aug/2020:08:32:34 +0800] "GET /xingrg/javascript/easyui/themes/default/tree.css HTTP/1.1" 404 1090
117.185.32.26 - - [28/Aug/2020:08:32:35 +0800] "POST /xingrg/all/common/load_tree.html?tree=supplier_tree_json&isDelete=1 HTTP/1.1" 200 49925
172.17.0.123 - - [28/Aug/2020:08:32:38 +0800] "GET /xingrg/all/function/internal_message.html?_=1598574774065&CODE_STATE=getMsg HTTP/1.1" 200 27
172.17.0.185 - - [28/Aug/2020:08:32:44 +0800] "GET /xingrg/all/function/internal_message.html?_=1598574760246&CODE_STATE=getMsg HTTP/1.1" 200 27
117.185.32.26 - - [28/Aug/2020:08:32:53 +0800] "GET /xingrg/javascript/auto/indicator.gif HTTP/1.1" 404 1066
117.185.32.26 - - [28/Aug/2020:08:32:57 +0800] "GET /xingrg/kc/buy/cgsh_order_operate.html?command=get_materiel&rest_code=00106&code=00101007090&supplier_code=00100002&order_time=2020-08-28 HTTP/1.1" 200 413
61.172.5.115 - - [28/Aug/2020:08:32:59 +0800] "GET /xingrg/all/function/internal_message.html?_=1598574780102&CODE_STATE=getMsg HTTP/1.1" 200 27
61.172.5.115 - - [28/Aug/2020:08:32:59 +0800] "GET /xingrg/check_reg.html?_=1598574780150 HTTP/1.1" 200 22
218.81.217.115 - - [28/Aug/2020:08:33:00 +0800] "GET /xingrg/all/function/internal_message.html?_=1598574763289&CODE_STATE=getMsg HTTP/1.1" 200 27
117.185.32.26 - - [28/Aug/2020:08:33:07 +0800] "GET /xingrg/all/function/internal_message.html?_=1598575210446&CODE_STATE=getMsg HTTP/1.1" 200 27
172.17.0.115 - - [28/Aug/2020:08:33:14 +0800] "GET /xingrg/all/function/internal_message.html?_=1598574806970&CODE_STATE=getMsg HTTP/1.1" 200 27
172.17.0.117 - - [28/Aug/2020:08:33:20 +0800] "GET /xingrg/all/function/internal_message.html?_=1598574804899&CODE_STATE=getMsg HTTP/1.1" 200 27
117.185.32.26 - - [28/Aug/2020:08:33:20 +0800] "GET /xingrg/kc/buy/cgsh_order_operate.html?command=get_materiel&rest_code=00106&code=00101007048&supplier_code=00100002&order_time=2020-08-28 HTTP/1.1" 200 410
58.221.95.50 - - [28/Aug/2020:08:33:21 +0800] "GET /xingrg/all/function/internal_message.html?_=1598574930234&CODE_STATE=getMsg HTTP/1.1" 200 27
117.131.5.26 - - [28/Aug/2020:08:33:21 +0800] "GET /xingrg/all/function/internal_message.html?_=1598575083648&CODE_STATE=getMsg HTTP/1.1" 200 27
58.40.7.146 - - [28/Aug/2020:08:33:33 +0800] "GET /xingrg/all/function/internal_message.html?_=1598574810862&CODE_STATE=getMsg HTTP/1.1" 200 27
172.17.0.123 - - [28/Aug/2020:08:33:38 +0800] "GET /xingrg/all/function/internal_message.html?_=1598574834054&CODE_STATE=getMsg HTTP/1.1" 200 27
172.17.0.185 - - [28/Aug/2020:08:33:44 +0800] "GET /xingrg/all/function/internal_message.html?_=1598574820251&CODE_STATE=getMsg HTTP/1.1" 200 27
61.129.6.251 - - [28/Aug/2020:08:33:44 +0800] "GET /xingrg/check_reg.html?_=1598574434282 HTTP/1.1" 302 -
117.185.32.26 - - [28/Aug/2020:08:33:50 +0800] "GET /xingrg/kc/buy/cgsh_order_operate.html?command=get_materiel&rest_code=00106&code=00101007077&supplier_code=00100002&order_time=2020-08-28 HTTP/1.1" 200 435
