172.17.0.115 - - [28/Aug/2020:09:14:02 +0800] "GET /xingrg/check_reg.html?_=1598577255320 HTTP/1.1" 200 22
114.89.80.44 - - [28/Aug/2020:09:14:02 +0800] "GET /xingrg/kc/print/load_data.html?order_code=212020082811961&kc_code=cgsh&condition= HTTP/1.1" 200 1017
114.86.188.99 - - [28/Aug/2020:09:14:03 +0800] "GET /xingrg/all/function/internal_message.html?_=1598577248305&CODE_STATE=getMsg HTTP/1.1" 200 27
218.81.217.115 - - [28/Aug/2020:09:14:04 +0800] "GET /xingrg/all/function/internal_message.html?_=1598577226615&CODE_STATE=getMsg HTTP/1.1" 200 27
117.185.32.26 - - [28/Aug/2020:09:14:07 +0800] "GET /xingrg/all/function/internal_message.html?_=1598577670610&CODE_STATE=getMsg HTTP/1.1" 200 27
218.81.217.115 - - [28/Aug/2020:09:14:08 +0800] "GET /xingrg/kc/buy/cgsh_order_operate.html?command=get_materiel&rest_code=00146&code=00101001099&supplier_code=00100199&order_time=2020-08-28 HTTP/1.1" 200 409
114.89.80.44 - - [28/Aug/2020:09:14:09 +0800] "GET /xingrg/kc/buy/cgsh_order_add.html HTTP/1.1" 200 59188
58.40.7.146 - - [28/Aug/2020:09:14:09 +0800] "GET /xingrg/check_reg.html?_=1598577246496 HTTP/1.1" 200 22
114.89.80.44 - - [28/Aug/2020:09:14:09 +0800] "POST /xingrg/kc/buy/cgsh_order_operate.html HTTP/1.1" 200 8245
114.89.80.44 - - [28/Aug/2020:09:14:09 +0800] "GET /xingrg/javascript/easyui/themes/default/validatebox.css HTTP/1.1" 404 1104
172.17.0.115 - - [28/Aug/2020:09:14:14 +0800] "GET /xingrg/all/function/internal_message.html?_=1598577267519&CODE_STATE=getMsg HTTP/1.1" 200 27
114.89.80.44 - - [28/Aug/2020:09:14:17 +0800] "GET /xingrg/kc/buy/cgsh_order_operate.html?command=get_materiel&rest_code=00151&code=00101011005&supplier_code=00100047&order_time=2020-08-28 HTTP/1.1" 200 429
218.81.217.115 - - [28/Aug/2020:09:14:18 +0800] "GET /xingrg/kc/buy/cgsh_order_operate.html?command=get_materiel&rest_code=00146&code=00101004038&supplier_code=00100199&order_time=2020-08-28 HTTP/1.1" 200 429
58.221.95.50 - - [28/Aug/2020:09:14:20 +0800] "GET /xingrg/all/function/internal_message.html?_=1598577389265&CODE_STATE=getMsg HTTP/1.1" 200 27
172.17.0.117 - - [28/Aug/2020:09:14:20 +0800] "GET /xingrg/all/function/internal_message.html?_=1598577264965&CODE_STATE=getMsg HTTP/1.1" 200 27
117.131.5.26 - - [28/Aug/2020:09:14:22 +0800] "GET /xingrg/all/function/internal_message.html?_=1598577544441&CODE_STATE=getMsg HTTP/1.1" 200 27
116.230.74.197 - - [28/Aug/2020:09:14:25 +0800] "GET /xingrg/all/function/internal_message.html?_=1598577260590&CODE_STATE=getMsg HTTP/1.1" 200 27
114.89.80.44 - - [28/Aug/2020:09:14:27 +0800] "GET /xingrg/all/function/internal_message.html?_=1598577259342&CODE_STATE=getMsg HTTP/1.1" 200 27
218.81.217.115 - - [28/Aug/2020:09:14:28 +0800] "GET /xingrg/kc/buy/cgsh_order_operate.html?command=get_materiel&rest_code=00146&code=00101001069&supplier_code=00100199&order_time=2020-08-28 HTTP/1.1" 200 409
58.40.7.146 - - [28/Aug/2020:09:14:32 +0800] "GET /xingrg/all/function/internal_message.html?_=1598577269810&CODE_STATE=getMsg HTTP/1.1" 200 27
117.184.7.30 - - [28/Aug/2020:09:14:34 +0800] "GET /xingrg/kc/buy/cgsh_order_operate.html?command=get_materiel&rest_code=00108&code=00101006084&supplier_code=00100010&order_time=2020-08-28 HTTP/1.1" 200 413
172.17.0.123 - - [28/Aug/2020:09:14:38 +0800] "GET /xingrg/all/function/internal_message.html?_=1598577294068&CODE_STATE=getMsg HTTP/1.1" 200 27
172.17.0.117 - - [28/Aug/2020:09:14:43 +0800] "POST /xingrg/all/report/load_report_page.html HTTP/1.1" 200 81871
172.17.0.117 - - [28/Aug/2020:09:14:43 +0800] "GET /xingrg/images/blue/button/advance.gif HTTP/1.1" 200 1354
172.17.0.117 - - [28/Aug/2020:09:14:43 +0800] "GET /xingrg/images/blue/button/advance2.gif HTTP/1.1" 200 1338
172.17.0.117 - - [28/Aug/2020:09:14:43 +0800] "GET /xingrg/servlets/image?cache=0.09617796435068549&image=px HTTP/1.1" 200 807
172.17.0.185 - - [28/Aug/2020:09:14:44 +0800] "GET /xingrg/all/function/internal_message.html?_=1598577280248&CODE_STATE=getMsg HTTP/1.1" 200 27
218.81.217.115 - - [28/Aug/2020:09:14:47 +0800] "GET /xingrg/all/function/internal_message.html?_=1598577299870&CODE_STATE=getMsg HTTP/1.1" 200 27
117.184.7.30 - - [28/Aug/2020:09:14:50 +0800] "GET /xingrg/kc/buy/cgsh_order_operate.html?command=get_materiel&rest_code=00108&code=00101006109&supplier_code=00100010&order_time=2020-08-28 HTTP/1.1" 200 409
222.69.138.195 - - [28/Aug/2020:09:14:53 +0800] "GET /xingrg/all/function/internal_message.html?_=1598577283158&CODE_STATE=getMsg HTTP/1.1" 200 27
218.81.217.115 - - [28/Aug/2020:09:14:56 +0800] "POST /xingrg/kc/buy/cgsh_order_operate.html HTTP/1.1" 200 37
117.184.7.30 - - [28/Aug/2020:09:14:57 +0800] "GET /xingrg/kc/buy/cgsh_order_operate.html?command=get_materiel&rest_code=00108&code=00101006129&supplier_code=00100010&order_time=2020-08-28 HTTP/1.1" 200 451
218.81.217.115 - - [28/Aug/2020:09:14:59 +0800] "POST /xingrg/kc/buy/cgsh_order_operate.html HTTP/1.1" 200 4430
61.172.5.115 - - [28/Aug/2020:09:14:59 +0800] "GET /xingrg/all/function/internal_message.html?_=1598577300130&CODE_STATE=getMsg HTTP/1.1" 200 27
117.184.7.30 - - [28/Aug/2020:09:15:01 +0800] "GET /xingrg/all/function/internal_message.html?_=1598577292031&CODE_STATE=getMsg HTTP/1.1" 200 27
218.81.217.115 - - [28/Aug/2020:09:15:02 +0800] "GET /xingrg/check_reg.html?_=1598577284758 HTTP/1.1" 200 22
114.86.188.99 - - [28/Aug/2020:09:15:03 +0800] "GET /xingrg/check_reg.html?_=1598577308257 HTTP/1.1" 200 22
114.86.188.99 - - [28/Aug/2020:09:15:03 +0800] "GET /xingrg/all/function/internal_message.html?_=1598577308311&CODE_STATE=getMsg HTTP/1.1" 200 27
218.81.217.115 - - [28/Aug/2020:09:15:04 +0800] "GET /xingrg/all/function/internal_message.html?_=1598577286629&CODE_STATE=getMsg HTTP/1.1" 200 27
117.184.7.30 - - [28/Aug/2020:09:15:04 +0800] "POST /xingrg/kc/buy/cgsh_order_operate.html HTTP/1.1" 200 37
114.86.188.99 - - [28/Aug/2020:09:15:05 +0800] "GET /xingrg/javascript/pic_change.js HTTP/1.1" 304 -
114.86.188.99 - - [28/Aug/2020:09:15:05 +0800] "GET /xingrg/javascript/jquery_tools/jquery.tools.min.js HTTP/1.1" 304 -
114.86.188.99 - - [28/Aug/2020:09:15:05 +0800] "GET /xingrg/javascript/json2.js HTTP/1.1" 304 -
114.86.188.99 - - [28/Aug/2020:09:15:05 +0800] "GET /xingrg/javascript/jquery_tools/jquery.tools.extend.js HTTP/1.1" 304 -
114.86.188.99 - - [28/Aug/2020:09:15:05 +0800] "GET /xingrg/javascript/jquery_tools/jquery.tools.hotkey.js HTTP/1.1" 304 -
114.86.188.99 - - [28/Aug/2020:09:15:05 +0800] "GET /xingrg/javascript/jquery_tools/jquery.tools.table.js HTTP/1.1" 304 -
114.86.188.99 - - [28/Aug/2020:09:15:05 +0800] "GET /xingrg/javascript/auto/jquery.autocomplete.js HTTP/1.1" 304 -
114.86.188.99 - - [28/Aug/2020:09:15:05 +0800] "GET /xingrg/javascript/easyui/easyloader.js HTTP/1.1" 304 -
114.86.188.99 - - [28/Aug/2020:09:15:05 +0800] "GET /xingrg/javascript/jquery.utils.js HTTP/1.1" 304 -
114.86.188.99 - - [28/Aug/2020:09:15:05 +0800] "GET /xingrg/javascript/jquery_tools/order_manager.js HTTP/1.1" 304 -
114.86.188.99 - - [28/Aug/2020:09:15:05 +0800] "GET /xingrg/javascript/convert.js HTTP/1.1" 304 -
114.86.188.99 - - [28/Aug/2020:09:15:05 +0800] "GET /xingrg/javascript/jquery.cookie.js HTTP/1.1" 304 -
114.86.188.99 - - [28/Aug/2020:09:15:05 +0800] "GET /xingrg/javascript/print/kc_print.js HTTP/1.1" 304 -
114.86.188.99 - - [28/Aug/2020:09:15:05 +0800] "GET /xingrg/javascript/print/LodopFuncs.js HTTP/1.1" 304 -
114.86.188.99 - - [28/Aug/2020:09:15:05 +0800] "GET /xingrg/javascript/easyui/plugins/jquery.parser.js HTTP/1.1" 304 -
114.86.188.99 - - [28/Aug/2020:09:15:05 +0800] "GET /xingrg/javascript/easyui/plugins/jquery.validatebox.js HTTP/1.1" 304 -
114.86.188.99 - - [28/Aug/2020:09:15:05 +0800] "GET /xingrg/javascript/easyui/plugins/jquery.numberbox.js HTTP/1.1" 304 -
114.86.188.99 - - [28/Aug/2020:09:15:05 +0800] "GET /xingrg/words/20200827110701_words.js HTTP/1.1" 304 -
117.184.7.30 - - [28/Aug/2020:09:15:05 +0800] "POST /xingrg/kc/buy/cgsh_order_operate.html HTTP/1.1" 200 6216
117.185.32.26 - - [28/Aug/2020:09:15:07 +0800] "GET /xingrg/all/function/internal_message.html?_=1598577730625&CODE_STATE=getMsg HTTP/1.1" 200 27
117.184.7.30 - - [28/Aug/2020:09:15:08 +0800] "GET /xingrg/kc/print/load_config.html?kc_code=cgsh HTTP/1.1" 200 1845
117.184.7.30 - - [28/Aug/2020:09:15:08 +0800] "GET /xingrg/kc/print/load_data.html?order_code=212020082811963&kc_code=cgsh&condition= HTTP/1.1" 200 2092
114.86.188.99 - - [28/Aug/2020:09:15:12 +0800] "GET /xingrg/kc/buy/cgsh_order_operate.html?command=get_materiel&rest_code=00148&code=00102002453&supplier_code=00100071&order_time=2020-08-28 HTTP/1.1" 200 433
218.81.217.115 - - [28/Aug/2020:09:15:13 +0800] "GET /xingrg/kc/buy/cgsh_order_add.html HTTP/1.1" 200 59552
218.81.217.115 - - [28/Aug/2020:09:15:13 +0800] "POST /xingrg/kc/buy/cgsh_order_operate.html HTTP/1.1" 200 8245
218.81.217.115 - - [28/Aug/2020:09:15:13 +0800] "GET /xingrg/javascript/easyui/themes/default/validatebox.css HTTP/1.1" 404 1104
172.17.0.115 - - [28/Aug/2020:09:15:14 +0800] "GET /xingrg/all/function/internal_message.html?_=1598577327533&CODE_STATE=getMsg HTTP/1.1" 200 27
114.89.80.44 - - [28/Aug/2020:09:15:15 +0800] "GET /xingrg/kc/buy/cgsh_order_operate.html?command=get_materiel&rest_code=00151&code=00101011001&supplier_code=00100047&order_time=2020-08-28 HTTP/1.1" 200 423
58.221.95.50 - - [28/Aug/2020:09:15:20 +0800] "GET /xingrg/all/function/internal_message.html?_=1598577449245&CODE_STATE=getMsg HTTP/1.1" 200 27
172.17.0.117 - - [28/Aug/2020:09:15:20 +0800] "GET /xingrg/all/function/internal_message.html?_=1598577324968&CODE_STATE=getMsg HTTP/1.1" 200 27
117.131.5.26 - - [28/Aug/2020:09:15:22 +0800] "GET /xingrg/all/function/internal_message.html?_=1598577604473&CODE_STATE=getMsg HTTP/1.1" 200 27
114.89.80.44 - - [28/Aug/2020:09:15:24 +0800] "GET /xingrg/kc/buy/cgsh_order_operate.html?command=get_materiel&rest_code=00151&code=00101011010&supplier_code=00100047&order_time=2020-08-28 HTTP/1.1" 200 418
218.81.217.115 - - [28/Aug/2020:09:15:24 +0800] "GET /xingrg/kc/buy/cgsh_order_operate.html?command=get_materiel&rest_code=00146&code=00101016105&supplier_code=00100033&order_time=2020-08-28 HTTP/1.1" 200 409
116.230.74.197 - - [28/Aug/2020:09:15:25 +0800] "GET /xingrg/check_reg.html?_=1598577320594 HTTP/1.1" 200 22
116.230.74.197 - - [28/Aug/2020:09:15:25 +0800] "GET /xingrg/all/function/internal_message.html?_=1598577320596&CODE_STATE=getMsg HTTP/1.1" 200 27
114.86.188.99 - - [28/Aug/2020:09:15:25 +0800] "GET /xingrg/kc/buy/cgsh_order_operate.html?command=get_materiel&rest_code=00148&code=00102002335&supplier_code=00100071&order_time=2020-08-28 HTTP/1.1" 200 420
172.17.0.117 - - [28/Aug/2020:09:15:27 +0800] "GET /xingrg/all/report/report_query.html?fileName=dma/new_5.0/qt/discount_query.xml HTTP/1.1" 200 50906
172.17.0.117 - - [28/Aug/2020:09:15:27 +0800] "GET /xingrg/dwr/interface/AjaxReportQueryService.js HTTP/1.1" 200 13203
172.17.0.117 - - [28/Aug/2020:09:15:27 +0800] "GET /xingrg/dwr/engine.js HTTP/1.1" 200 43631
172.17.0.117 - - [28/Aug/2020:09:15:28 +0800] "POST /xingrg/dwr/call/plaincall/AjaxReportQueryService.getFixDate.dwr HTTP/1.1" 200 111
172.17.0.117 - - [28/Aug/2020:09:15:28 +0800] "POST /xingrg/all/common/load_tree.html?tree=area_station_tree_json&manage=1 HTTP/1.1" 200 3116
114.89.80.44 - - [28/Aug/2020:09:15:29 +0800] "POST /xingrg/kc/buy/cgsh_order_operate.html HTTP/1.1" 200 37
172.17.0.117 - - [28/Aug/2020:09:15:30 +0800] "POST /xingrg/dwr/call/plaincall/AjaxReportQueryService.getFixDate.dwr HTTP/1.1" 200 111
114.86.188.99 - - [28/Aug/2020:09:15:30 +0800] "GET /xingrg/kc/buy/cgsh_order_operate.html?command=get_materiel&rest_code=00148&code=00102002334&supplier_code=00100071&order_time=2020-08-28 HTTP/1.1" 200 433
114.89.80.44 - - [28/Aug/2020:09:15:32 +0800] "POST /xingrg/kc/buy/cgsh_order_operate.html HTTP/1.1" 200 12
58.40.7.146 - - [28/Aug/2020:09:15:32 +0800] "GET /xingrg/all/function/internal_message.html?_=1598577329797&CODE_STATE=getMsg HTTP/1.1" 200 27
114.89.80.44 - - [28/Aug/2020:09:15:32 +0800] "GET /xingrg/kc/buy/cgsh_order_info.html?code=212020082811964 HTTP/1.1" 200 54091
218.81.217.115 - - [28/Aug/2020:09:15:33 +0800] "GET /xingrg/kc/buy/cgsh_order_operate.html?command=get_materiel&rest_code=00146&code=00101018007&supplier_code=00100033&order_time=2020-08-28 HTTP/1.1" 200 409
114.89.80.44 - - [28/Aug/2020:09:15:33 +0800] "GET /xingrg/javascript/easyui/themes/default/validatebox.css HTTP/1.1" 404 1104
114.89.80.44 - - [28/Aug/2020:09:15:33 +0800] "POST /xingrg/kc/buy/cgsh_order_operate.html HTTP/1.1" 200 2419
172.17.0.117 - - [28/Aug/2020:09:15:34 +0800] "POST /xingrg/dwr/call/plaincall/AjaxReportQueryService.getFixDate.dwr HTTP/1.1" 200 111
114.89.80.44 - - [28/Aug/2020:09:15:35 +0800] "GET /xingrg/kc/print/load_data.html?order_code=212020082811964&kc_code=cgsh&condition= HTTP/1.1" 200 1468
172.17.0.123 - - [28/Aug/2020:09:15:38 +0800] "GET /xingrg/all/function/internal_message.html?_=1598577354053&CODE_STATE=getMsg HTTP/1.1" 200 27
114.89.80.44 - - [28/Aug/2020:09:15:40 +0800] "GET /xingrg/kc/buy/cgsh_order_add.html HTTP/1.1" 200 59188
114.89.80.44 - - [28/Aug/2020:09:15:40 +0800] "GET /xingrg/javascript/easyui/themes/default/validatebox.css HTTP/1.1" 404 1104
114.89.80.44 - - [28/Aug/2020:09:15:40 +0800] "POST /xingrg/kc/buy/cgsh_order_operate.html HTTP/1.1" 200 8245
114.86.188.99 - - [28/Aug/2020:09:15:41 +0800] "GET /xingrg/javascript/easyui/themes/default/images/button_plain_hover.png HTTP/1.1" 304 -
114.86.188.99 - - [28/Aug/2020:09:15:41 +0800] "GET /xingrg/javascript/easyui/themes/default/images/button_plain_hover.png HTTP/1.1" 304 -
114.86.188.99 - - [28/Aug/2020:09:15:41 +0800] "GET /xingrg/javascript/easyui/themes/default/images/button_plain_hover.png HTTP/1.1" 304 -
114.86.188.99 - - [28/Aug/2020:09:15:41 +0800] "GET /xingrg/javascript/easyui/themes/default/images/button_plain_hover.png HTTP/1.1" 304 -
114.86.188.99 - - [28/Aug/2020:09:15:41 +0800] "GET /xingrg/javascript/easyui/themes/default/images/button_plain_hover.png HTTP/1.1" 304 -
114.86.188.99 - - [28/Aug/2020:09:15:41 +0800] "GET /xingrg/javascript/easyui/themes/default/images/button_plain_hover.png HTTP/1.1" 304 -
114.86.188.99 - - [28/Aug/2020:09:15:41 +0800] "GET /xingrg/javascript/easyui/themes/default/images/button_plain_hover.png HTTP/1.1" 304 -
114.86.188.99 - - [28/Aug/2020:09:15:41 +0800] "GET /xingrg/javascript/easyui/themes/default/images/button_plain_hover.png HTTP/1.1" 304 -
172.17.0.117 - - [28/Aug/2020:09:15:42 +0800] "POST /xingrg/dwr/call/plaincall/AjaxReportQueryService.refreshCache.dwr HTTP/1.1" 200 78
218.81.217.115 - - [28/Aug/2020:09:15:42 +0800] "GET /xingrg/kc/buy/cgsh_order_operate.html?command=get_materiel&rest_code=00146&code=00101016080&supplier_code=00100033&order_time=2020-08-28 HTTP/1.1" 200 408
172.17.0.117 - - [28/Aug/2020:09:15:42 +0800] "POST /xingrg/all/report/load_report_page.html HTTP/1.1" 200 17303
172.17.0.117 - - [28/Aug/2020:09:15:42 +0800] "GET /xingrg/servlets/image?cache=0.8281295028955711&image=px HTTP/1.1" 200 807
172.17.0.185 - - [28/Aug/2020:09:15:44 +0800] "GET /xingrg/all/function/internal_message.html?_=1598577340245&CODE_STATE=getMsg HTTP/1.1" 200 27
172.17.0.185 - - [28/Aug/2020:09:15:44 +0800] "GET /xingrg/check_reg.html?_=1598577340253 HTTP/1.1" 200 22
114.86.188.99 - - [28/Aug/2020:09:15:44 +0800] "POST /xingrg/kc/buy/cgsh_order_operate.html HTTP/1.1" 200 37
114.86.188.99 - - [28/Aug/2020:09:15:45 +0800] "POST /xingrg/kc/buy/cgsh_order_operate.html HTTP/1.1" 200 3265
114.86.188.99 - - [28/Aug/2020:09:15:45 +0800] "GET /xingrg/javascript/easyui/themes/default/images/button_plain_hover.png HTTP/1.1" 304 -
114.86.188.99 - - [28/Aug/2020:09:15:45 +0800] "GET /xingrg/javascript/easyui/themes/default/images/button_plain_hover.png HTTP/1.1" 304 -
114.86.188.99 - - [28/Aug/2020:09:15:46 +0800] "GET /xingrg/kc/buy/cgsh_order_add.html HTTP/1.1" 200 59546
114.86.188.99 - - [28/Aug/2020:09:15:46 +0800] "GET /xingrg/javascript/jquery_tools/jquery.tools.min.js HTTP/1.1" 304 -
114.86.188.99 - - [28/Aug/2020:09:15:46 +0800] "GET /xingrg/javascript/easyui/themes/default/easyui.css HTTP/1.1" 304 -
114.86.188.99 - - [28/Aug/2020:09:15:46 +0800] "GET /xingrg/css/base.css HTTP/1.1" 304 -
114.86.188.99 - - [28/Aug/2020:09:15:46 +0800] "GET /xingrg/javascript/easyui/themes/icon.css HTTP/1.1" 304 -
114.86.188.99 - - [28/Aug/2020:09:15:46 +0800] "GET /xingrg/css/site.css HTTP/1.1" 304 -
114.86.188.99 - - [28/Aug/2020:09:15:46 +0800] "GET /xingrg/javascript/jquery_tools/datebox.css HTTP/1.1" 304 -
114.86.188.99 - - [28/Aug/2020:09:15:46 +0800] "GET /xingrg/javascript/auto/jquery.autocomplete.css HTTP/1.1" 304 -
114.86.188.99 - - [28/Aug/2020:09:15:46 +0800] "GET /xingrg/javascript/jquery_tools/table.css HTTP/1.1" 304 -
114.86.188.99 - - [28/Aug/2020:09:15:46 +0800] "GET /xingrg/javascript/jquery_tools/jquery.tools.extend.js HTTP/1.1" 304 -
114.86.188.99 - - [28/Aug/2020:09:15:46 +0800] "GET /xingrg/javascript/jquery_tools/jquery.tools.table.js HTTP/1.1" 304 -
114.86.188.99 - - [28/Aug/2020:09:15:46 +0800] "GET /xingrg/javascript/auto/jquery.autocomplete.js HTTP/1.1" 304 -
114.86.188.99 - - [28/Aug/2020:09:15:46 +0800] "GET /xingrg/javascript/pic_change.js HTTP/1.1" 304 -
114.86.188.99 - - [28/Aug/2020:09:15:46 +0800] "GET /xingrg/javascript/jquery_tools/jquery.tools.hotkey.js HTTP/1.1" 304 -
114.86.188.99 - - [28/Aug/2020:09:15:46 +0800] "GET /xingrg/javascript/easyui/easyloader.js HTTP/1.1" 304 -
114.86.188.99 - - [28/Aug/2020:09:15:46 +0800] "GET /xingrg/javascript/json2.js HTTP/1.1" 304 -
114.86.188.99 - - [28/Aug/2020:09:15:46 +0800] "GET /xingrg/javascript/jquery_tools/fix.css HTTP/1.1" 304 -
114.86.188.99 - - [28/Aug/2020:09:15:46 +0800] "GET /xingrg/javascript/convert.js HTTP/1.1" 304 -
114.86.188.99 - - [28/Aug/2020:09:15:46 +0800] "GET /xingrg/javascript/jquery.utils.js HTTP/1.1" 304 -
114.86.188.99 - - [28/Aug/2020:09:15:46 +0800] "GET /xingrg/javascript/print/LodopFuncs.js HTTP/1.1" 304 -
114.86.188.99 - - [28/Aug/2020:09:15:46 +0800] "GET /xingrg/javascript/print/kc_print.js HTTP/1.1" 304 -
114.86.188.99 - - [28/Aug/2020:09:15:46 +0800] "GET /xingrg/javascript/jquery_tools/order_manager.js HTTP/1.1" 304 -
114.86.188.99 - - [28/Aug/2020:09:15:46 +0800] "GET /xingrg/javascript/jquery.cookie.js HTTP/1.1" 304 -
114.86.188.99 - - [28/Aug/2020:09:15:46 +0800] "GET /xingrg/words/20200827110701_words.js HTTP/1.1" 304 -
114.86.188.99 - - [28/Aug/2020:09:15:46 +0800] "GET /xingrg/javascript/easyui/themes/icons/copy_new.png HTTP/1.1" 304 -
114.86.188.99 - - [28/Aug/2020:09:15:46 +0800] "GET /xingrg/javascript/easyui/themes/icons/template_new.png HTTP/1.1" 304 -
114.86.188.99 - - [28/Aug/2020:09:15:46 +0800] "GET /xingrg/javascript/easyui/themes/icons/ok.png HTTP/1.1" 304 -
114.86.188.99 - - [28/Aug/2020:09:15:46 +0800] "GET /xingrg/javascript/easyui/themes/default/images/menu_downarrow.png HTTP/1.1" 304 -
114.86.188.99 - - [28/Aug/2020:09:15:46 +0800] "GET /xingrg/javascript/easyui/themes/icons/print.png HTTP/1.1" 304 -
114.86.188.99 - - [28/Aug/2020:09:15:46 +0800] "GET /xingrg/javascript/easyui/themes/icons/cancel.png HTTP/1.1" 304 -
114.86.188.99 - - [28/Aug/2020:09:15:46 +0800] "GET /xingrg/javascript/easyui/plugins/jquery.parser.js HTTP/1.1" 304 -
114.86.188.99 - - [28/Aug/2020:09:15:46 +0800] "POST /xingrg/kc/buy/cgsh_order_operate.html HTTP/1.1" 200 8245
114.86.188.99 - - [28/Aug/2020:09:15:46 +0800] "GET /xingrg/javascript/easyui/themes/default/images/button_plain_hover.png HTTP/1.1" 304 -
114.86.188.99 - - [28/Aug/2020:09:15:46 +0800] "GET /xingrg/all/common/auto_word.html?type=employee&rest_code=00148 HTTP/1.1" 200 147
114.86.188.99 - - [28/Aug/2020:09:15:46 +0800] "GET /xingrg/all/common/auto_word.html?type=employee&rest_code=00148 HTTP/1.1" 200 147
114.86.188.99 - - [28/Aug/2020:09:15:46 +0800] "GET /xingrg/javascript/easyui/themes/default/images/button_plain_hover.png HTTP/1.1" 304 -
114.86.188.99 - - [28/Aug/2020:09:15:46 +0800] "GET /xingrg/javascript/easyui/plugins/jquery.validatebox.js HTTP/1.1" 304 -
114.86.188.99 - - [28/Aug/2020:09:15:46 +0800] "GET /xingrg/javascript/easyui/themes/default/validatebox.css HTTP/1.1" 404 1104
114.86.188.99 - - [28/Aug/2020:09:15:46 +0800] "GET /xingrg/javascript/easyui/plugins/jquery.numberbox.js HTTP/1.1" 304 -
114.86.188.99 - - [28/Aug/2020:09:15:46 +0800] "GET /xingrg/javascript/easyui/themes/default/images/button_plain_hover.png HTTP/1.1" 304 -
114.89.80.44 - - [28/Aug/2020:09:15:46 +0800] "GET /xingrg/kc/buy/cgsh_order_operate.html?command=get_materiel&rest_code=00151&code=00101010136&supplier_code=00100151&order_time=2020-08-28 HTTP/1.1" 200 427
218.81.217.115 - - [28/Aug/2020:09:15:47 +0800] "GET /xingrg/check_reg.html?_=1598577359431 HTTP/1.1" 200 22
222.69.138.195 - - [28/Aug/2020:09:15:47 +0800] "GET /xingrg/kc/buy/cgsh_order_operate.html?command=get_materiel&rest_code=00149&code=00101008010&supplier_code=00100005&order_time=2020-08-28 HTTP/1.1" 200 412
218.81.217.115 - - [28/Aug/2020:09:15:47 +0800] "GET /xingrg/all/function/internal_message.html?_=1598577359883&CODE_STATE=getMsg HTTP/1.1" 200 27
218.81.217.115 - - [28/Aug/2020:09:15:51 +0800] "GET /xingrg/kc/buy/cgsh_order_operate.html?command=get_materiel&rest_code=00146&code=00101007109&supplier_code=00100033&order_time=2020-08-28 HTTP/1.1" 200 429
114.89.80.44 - - [28/Aug/2020:09:15:52 +0800] "POST /xingrg/kc/buy/cgsh_order_operate.html HTTP/1.1" 200 37
222.69.138.195 - - [28/Aug/2020:09:15:53 +0800] "GET /xingrg/all/function/internal_message.html?_=1598577343179&CODE_STATE=getMsg HTTP/1.1" 200 27
114.89.80.44 - - [28/Aug/2020:09:15:54 +0800] "POST /xingrg/kc/buy/cgsh_order_operate.html HTTP/1.1" 200 12
114.89.80.44 - - [28/Aug/2020:09:15:55 +0800] "GET /xingrg/kc/buy/cgsh_order_info.html?code=212020082811966 HTTP/1.1" 200 54081
114.89.80.44 - - [28/Aug/2020:09:15:55 +0800] "GET /xingrg/javascript/easyui/themes/default/validatebox.css HTTP/1.1" 404 1104
114.89.80.44 - - [28/Aug/2020:09:15:55 +0800] "POST /xingrg/kc/buy/cgsh_order_operate.html HTTP/1.1" 200 605
114.89.80.44 - - [28/Aug/2020:09:15:56 +0800] "GET /xingrg/kc/print/load_data.html?order_code=212020082811966&kc_code=cgsh&condition= HTTP/1.1" 200 672
61.172.5.115 - - [28/Aug/2020:09:15:59 +0800] "GET /xingrg/all/function/internal_message.html?_=1598577360131&CODE_STATE=getMsg HTTP/1.1" 200 27
117.184.7.30 - - [28/Aug/2020:09:16:01 +0800] "GET /xingrg/all/function/internal_message.html?_=1598577352014&CODE_STATE=getMsg HTTP/1.1" 200 27
218.81.217.115 - - [28/Aug/2020:09:16:01 +0800] "GET /xingrg/kc/buy/cgsh_order_operate.html?command=get_materiel&rest_code=00146&code=00101016071&supplier_code=00100033&order_time=2020-08-28 HTTP/1.1" 200 416
114.86.188.99 - - [28/Aug/2020:09:16:03 +0800] "GET /xingrg/all/function/internal_message.html?_=1598577368325&CODE_STATE=getMsg HTTP/1.1" 200 27
222.69.138.195 - - [28/Aug/2020:09:16:03 +0800] "GET /xingrg/kc/buy/cgsh_order_operate.html?command=get_materiel&rest_code=00149&code=00101008101&supplier_code=00100005&order_time=2020-08-28 HTTP/1.1" 200 412
218.81.217.115 - - [28/Aug/2020:09:16:04 +0800] "GET /xingrg/all/function/internal_message.html?_=1598577346642&CODE_STATE=getMsg HTTP/1.1" 200 27
117.185.32.26 - - [28/Aug/2020:09:16:07 +0800] "GET /xingrg/all/function/internal_message.html?_=1598577790651&CODE_STATE=getMsg HTTP/1.1" 200 27
218.81.217.115 - - [28/Aug/2020:09:16:09 +0800] "GET /xingrg/kc/buy/cgsh_order_operate.html?command=get_materiel&rest_code=00146&code=00101012026&supplier_code=00100033&order_time=2020-08-28 HTTP/1.1" 200 408
117.131.5.26 - - [28/Aug/2020:09:16:09 +0800] "GET /xingrg/check_reg.html?_=1598577651715 HTTP/1.1" 200 22
222.69.138.195 - - [28/Aug/2020:09:16:12 +0800] "GET /xingrg/kc/buy/cgsh_order_operate.html?command=get_materiel&rest_code=00149&code=00101008197&supplier_code=00100005&order_time=2020-08-28 HTTP/1.1" 200 416
172.17.0.115 - - [28/Aug/2020:09:16:14 +0800] "GET /xingrg/all/function/internal_message.html?_=1598577387555&CODE_STATE=getMsg HTTP/1.1" 200 27
222.69.138.195 - - [28/Aug/2020:09:16:16 +0800] "POST /xingrg/kc/buy/cgsh_order_operate.html HTTP/1.1" 200 2065
218.81.217.115 - - [28/Aug/2020:09:16:18 +0800] "GET /xingrg/kc/buy/cgsh_order_operate.html?command=get_materiel&rest_code=00146&code=00101012025&supplier_code=00100033&order_time=2020-08-28 HTTP/1.1" 200 412
58.221.95.50 - - [28/Aug/2020:09:16:20 +0800] "GET /xingrg/all/function/internal_message.html?_=1598577509219&CODE_STATE=getMsg HTTP/1.1" 200 27
172.17.0.117 - - [28/Aug/2020:09:16:20 +0800] "GET /xingrg/all/function/internal_message.html?_=1598577384969&CODE_STATE=getMsg HTTP/1.1" 200 27
117.131.5.26 - - [28/Aug/2020:09:16:22 +0800] "GET /xingrg/all/function/internal_message.html?_=1598577664485&CODE_STATE=getMsg HTTP/1.1" 200 27
116.230.74.197 - - [28/Aug/2020:09:16:25 +0800] "GET /xingrg/all/function/internal_message.html?_=1598577380595&CODE_STATE=getMsg HTTP/1.1" 200 27
114.89.80.44 - - [28/Aug/2020:09:16:27 +0800] "GET /xingrg/all/function/internal_message.html?_=1598577379445&CODE_STATE=getMsg HTTP/1.1" 200 27
222.69.138.195 - - [28/Aug/2020:09:16:29 +0800] "GET /xingrg/kc/buy/cgsh_order_operate.html?command=get_materiel&rest_code=00149&code=00101008330&supplier_code=00100005&order_time=2020-08-28 HTTP/1.1" 200 408
218.81.217.115 - - [28/Aug/2020:09:16:30 +0800] "GET /xingrg/kc/buy/cgsh_order_operate.html?command=get_materiel&rest_code=00146&code=00101016025&supplier_code=00100033&order_time=2020-08-28 HTTP/1.1" 200 408
58.40.7.146 - - [28/Aug/2020:09:16:32 +0800] "GET /xingrg/all/function/internal_message.html?_=1598577389784&CODE_STATE=getMsg HTTP/1.1" 200 27
172.17.200.101 - - [28/Aug/2020:09:16:35 +0800] "GET /xingrg/login.html HTTP/1.1" 200 7636
172.17.0.123 - - [28/Aug/2020:09:16:38 +0800] "GET /xingrg/all/function/internal_message.html?_=1598577414055&CODE_STATE=getMsg HTTP/1.1" 200 27
172.17.0.123 - - [28/Aug/2020:09:16:38 +0800] "GET /xingrg/check_reg.html?_=1598577414057 HTTP/1.1" 200 22
114.89.80.44 - - [28/Aug/2020:09:16:40 +0800] "GET /xingrg/kc/base/yddb_order_list.html HTTP/1.1" 200 16906
114.89.80.44 - - [28/Aug/2020:09:16:40 +0800] "POST /xingrg/kc/base/yddb_list_operate.html HTTP/1.1" 200 583
172.17.200.101 - - [28/Aug/2020:09:16:42 +0800] "GET /favicon.ico HTTP/1.1" 404 -
114.89.80.44 - - [28/Aug/2020:09:16:43 +0800] "POST /xingrg/kc/base/yddb_list_operate.html HTTP/1.1" 200 1486
172.17.0.185 - - [28/Aug/2020:09:16:44 +0800] "GET /xingrg/all/function/internal_message.html?_=1598577400257&CODE_STATE=getMsg HTTP/1.1" 200 27
114.89.80.44 - - [28/Aug/2020:09:16:44 +0800] "POST /xingrg/kc/base/yddb_list_operate.html HTTP/1.1" 200 199
114.89.80.44 - - [28/Aug/2020:09:16:45 +0800] "GET /xingrg/kc/base/yddb_order_info.html?code=482020082800242 HTTP/1.1" 200 30756
114.89.80.44 - - [28/Aug/2020:09:16:45 +0800] "GET /xingrg/dwr/interface/AjaxComOrderService.js HTTP/1.1" 200 18264
114.89.80.44 - - [28/Aug/2020:09:16:45 +0800] "GET /xingrg/dwr/interface/AjaxYddbService.js HTTP/1.1" 200 13201
114.89.80.44 - - [28/Aug/2020:09:16:45 +0800] "GET /xingrg/dwr/engine.js HTTP/1.1" 200 43631
114.89.80.44 - - [28/Aug/2020:09:16:45 +0800] "POST /xingrg/dwr/call/plaincall/AjaxYddbService.loadMaterielItems.dwr HTTP/1.1" 200 385
58.221.95.50 - - [28/Aug/2020:09:16:47 +0800] "GET /xingrg/check_reg.html?_=1598577536721 HTTP/1.1" 200 22
218.81.217.115 - - [28/Aug/2020:09:16:47 +0800] "GET /xingrg/all/function/internal_message.html?_=1598577419897&CODE_STATE=getMsg HTTP/1.1" 200 27
114.89.80.44 - - [28/Aug/2020:09:16:48 +0800] "POST /xingrg/dwr/call/plaincall/AjaxYddbService.saveOrder.dwr HTTP/1.1" 200 78
172.17.200.101 - - [28/Aug/2020:09:16:51 +0800] "POST /xingrg/login.do HTTP/1.1" 302 -
172.17.200.101 - - [28/Aug/2020:09:16:51 +0800] "GET /xingrg/index.html?sysBaseUrl=http%3A%2F%2F172.17.0.8%3A18081%2Fxingrg%2F&costTime=43×tamp=1598577411125 HTTP/1.1" 200 17448
114.89.80.44 - - [28/Aug/2020:09:16:51 +0800] "POST /xingrg/dwr/call/plaincall/AjaxYddbService.objCheckOrder.dwr HTTP/1.1" 200 78
172.17.200.101 - - [28/Aug/2020:09:16:51 +0800] "GET /favicon.ico HTTP/1.1" 404 -
172.17.200.101 - - [28/Aug/2020:09:16:52 +0800] "POST /xingrg/all/common/load_tree.html?tree=area_rest_tree_json&manage=1 HTTP/1.1" 200 3088
172.17.200.101 - - [28/Aug/2020:09:16:52 +0800] "GET /xingrg/all/function/internal_message.html?_=1598577412583&CODE_STATE=count HTTP/1.1" 200 11
172.17.200.101 - - [28/Aug/2020:09:16:52 +0800] "GET /xingrg/check_reg.html?_=1598577412585 HTTP/1.1" 200 22
172.17.200.101 - - [28/Aug/2020:09:16:52 +0800] "POST /xingrg/load_menu.html HTTP/1.1" 200 11529
114.89.80.44 - - [28/Aug/2020:09:16:52 +0800] "GET /xingrg/kc/base/yddb_order_info.html?code=482020082800242 HTTP/1.1" 200 30877
114.89.80.44 - - [28/Aug/2020:09:16:52 +0800] "GET /xingrg/dwr/interface/AjaxYddbService.js HTTP/1.1" 200 13201
114.89.80.44 - - [28/Aug/2020:09:16:52 +0800] "GET /xingrg/dwr/interface/AjaxComOrderService.js HTTP/1.1" 200 18264
114.89.80.44 - - [28/Aug/2020:09:16:52 +0800] "GET /xingrg/dwr/engine.js HTTP/1.1" 200 43631
114.89.80.44 - - [28/Aug/2020:09:16:52 +0800] "POST /xingrg/dwr/call/plaincall/AjaxYddbService.loadMaterielItems.dwr HTTP/1.1" 200 385
222.69.138.195 - - [28/Aug/2020:09:16:53 +0800] "GET /xingrg/all/function/internal_message.html?_=1598577403159&CODE_STATE=getMsg HTTP/1.1" 200 27
222.69.138.195 - - [28/Aug/2020:09:16:53 +0800] "GET /xingrg/check_reg.html?_=1598577403176 HTTP/1.1" 200 22
114.89.80.44 - - [28/Aug/2020:09:16:54 +0800] "GET /xingrg/kc/base/yddb_order_list.html?isBack=1 HTTP/1.1" 200 16906
114.89.80.44 - - [28/Aug/2020:09:16:54 +0800] "POST /xingrg/kc/base/yddb_list_operate.html HTTP/1.1" 200 583
114.89.80.44 - - [28/Aug/2020:09:16:57 +0800] "POST /xingrg/kc/base/yddb_list_operate.html HTTP/1.1" 200 1260
172.17.200.101 - - [28/Aug/2020:09:16:57 +0800] "GET /xingrg/kc/report/report_main.html HTTP/1.1" 200 9350
114.89.80.44 - - [28/Aug/2020:09:16:58 +0800] "POST /xingrg/kc/base/yddb_list_operate.html HTTP/1.1" 200 293
218.81.217.115 - - [28/Aug/2020:09:16:58 +0800] "GET /xingrg/kc/buy/cgsh_order_operate.html?command=get_materiel&rest_code=00146&code=00101012051&supplier_code=00100033&order_time=2020-08-28 HTTP/1.1" 200 408
114.89.80.44 - - [28/Aug/2020:09:16:58 +0800] "GET /xingrg/kc/base/yddb_order_info.html?code=482020082800241 HTTP/1.1" 200 30755
114.89.80.44 - - [28/Aug/2020:09:16:58 +0800] "GET /xingrg/dwr/interface/AjaxYddbService.js HTTP/1.1" 200 13201
114.89.80.44 - - [28/Aug/2020:09:16:58 +0800] "GET /xingrg/dwr/interface/AjaxComOrderService.js HTTP/1.1" 200 18264
114.89.80.44 - - [28/Aug/2020:09:16:58 +0800] "GET /xingrg/dwr/engine.js HTTP/1.1" 200 43631
114.89.80.44 - - [28/Aug/2020:09:16:58 +0800] "POST /xingrg/dwr/call/plaincall/AjaxYddbService.loadMaterielItems.dwr HTTP/1.1" 200 753
172.17.200.101 - - [28/Aug/2020:09:16:59 +0800] "GET /xingrg/all/report/report_query.html?fileName=kc/buy/gys_amount_base_rest.xml HTTP/1.1" 200 51589
172.17.200.101 - - [28/Aug/2020:09:16:59 +0800] "GET /xingrg/dwr/interface/AjaxReportQueryService.js HTTP/1.1" 200 13203
172.17.200.101 - - [28/Aug/2020:09:16:59 +0800] "GET /xingrg/dwr/engine.js HTTP/1.1" 200 43631
172.17.200.101 - - [28/Aug/2020:09:16:59 +0800] "GET /xingrg/dwr/util.js HTTP/1.1" 304 -
61.172.5.115 - - [28/Aug/2020:09:16:59 +0800] "GET /xingrg/all/function/internal_message.html?_=1598577420131&CODE_STATE=getMsg HTTP/1.1" 200 27
172.17.200.101 - - [28/Aug/2020:09:17:00 +0800] "POST /xingrg/all/common/load_tree.html?tree=area_rest_tree_json&manage=1 HTTP/1.1" 200 3088
172.17.200.101 - - [28/Aug/2020:09:17:00 +0800] "POST /xingrg/dwr/call/plaincall/AjaxReportQueryService.getFixDate.dwr HTTP/1.1" 200 111
172.17.200.101 - - [28/Aug/2020:09:17:00 +0800] "POST /xingrg/all/common/load_tree.html?tree=supplier_tree_json&manage=1 HTTP/1.1" 200 50657
117.184.7.30 - - [28/Aug/2020:09:17:01 +0800] "GET /xingrg/all/function/internal_message.html?_=1598577412074&CODE_STATE=getMsg HTTP/1.1" 200 27
117.184.7.30 - - [28/Aug/2020:09:17:01 +0800] "GET /xingrg/check_reg.html?_=1598577412076 HTTP/1.1" 200 22
114.89.80.44 - - [28/Aug/2020:09:17:02 +0800] "POST /xingrg/dwr/call/plaincall/AjaxYddbService.saveOrder.dwr HTTP/1.1" 200 78
114.86.188.99 - - [28/Aug/2020:09:17:03 +0800] "GET /xingrg/all/function/internal_message.html?_=1598577428338&CODE_STATE=getMsg HTTP/1.1" 200 27
58.37.227.225 - - [28/Aug/2020:09:17:03 +0800] "GET /xingrg/check_reg.html?_=1598577434106 HTTP/1.1" 200 22
218.81.217.115 - - [28/Aug/2020:09:17:04 +0800] "GET /xingrg/all/function/internal_message.html?_=1598577406655&CODE_STATE=getMsg HTTP/1.1" 200 27
117.184.7.30 - - [28/Aug/2020:09:17:04 +0800] "GET /xingrg/kc/buy/cgsh_order_add.html HTTP/1.1" 200 59511
117.184.7.30 - - [28/Aug/2020:09:17:05 +0800] "POST /xingrg/kc/buy/cgsh_order_operate.html HTTP/1.1" 200 8245
117.184.7.30 - - [28/Aug/2020:09:17:05 +0800] "GET /xingrg/javascript/easyui/themes/default/validatebox.css HTTP/1.1" 404 1104
114.89.80.44 - - [28/Aug/2020:09:17:05 +0800] "POST /xingrg/dwr/call/plaincall/AjaxYddbService.objCheckOrder.dwr HTTP/1.1" 200 78
114.89.80.44 - - [28/Aug/2020:09:17:06 +0800] "GET /xingrg/kc/base/yddb_order_info.html?code=482020082800241 HTTP/1.1" 200 30876
114.89.80.44 - - [28/Aug/2020:09:17:06 +0800] "GET /xingrg/dwr/interface/AjaxYddbService.js HTTP/1.1" 200 13201
114.89.80.44 - - [28/Aug/2020:09:17:06 +0800] "GET /xingrg/dwr/interface/AjaxComOrderService.js HTTP/1.1" 200 18264
114.89.80.44 - - [28/Aug/2020:09:17:06 +0800] "GET /xingrg/dwr/engine.js HTTP/1.1" 200 43631
114.89.80.44 - - [28/Aug/2020:09:17:06 +0800] "POST /xingrg/dwr/call/plaincall/AjaxYddbService.loadMaterielItems.dwr HTTP/1.1" 200 753
117.185.32.26 - - [28/Aug/2020:09:17:07 +0800] "GET /xingrg/check_reg.html?_=1598577850649 HTTP/1.1" 200 22
117.185.32.26 - - [28/Aug/2020:09:17:07 +0800] "GET /xingrg/all/function/internal_message.html?_=1598577850652&CODE_STATE=getMsg HTTP/1.1" 200 27
172.17.200.101 - - [28/Aug/2020:09:17:07 +0800] "POST /xingrg/dwr/call/plaincall/AjaxReportQueryService.getFixDate.dwr HTTP/1.1" 200 111
172.17.0.115 - - [28/Aug/2020:09:17:14 +0800] "GET /xingrg/all/function/internal_message.html?_=1598577447560&CODE_STATE=getMsg HTTP/1.1" 200 27
58.221.95.50 - - [28/Aug/2020:09:17:20 +0800] "GET /xingrg/all/function/internal_message.html?_=1598577569199&CODE_STATE=getMsg HTTP/1.1" 200 27
218.81.217.115 - - [28/Aug/2020:09:17:20 +0800] "POST /xingrg/kc/buy/cgsh_order_operate.html HTTP/1.1" 200 37
172.17.0.117 - - [28/Aug/2020:09:17:20 +0800] "GET /xingrg/all/function/internal_message.html?_=1598577444967&CODE_STATE=getMsg HTTP/1.1" 200 27
172.17.0.117 - - [28/Aug/2020:09:17:20 +0800] "GET /xingrg/check_reg.html?_=1598577444967 HTTP/1.1" 200 22
218.81.217.115 - - [28/Aug/2020:09:17:21 +0800] "POST /xingrg/kc/buy/cgsh_order_operate.html HTTP/1.1" 200 7362
117.131.5.26 - - [28/Aug/2020:09:17:22 +0800] "GET /xingrg/all/function/internal_message.html?_=1598577724498&CODE_STATE=getMsg HTTP/1.1" 200 27
116.230.74.197 - - [28/Aug/2020:09:17:25 +0800] "GET /xingrg/all/function/internal_message.html?_=1598577440594&CODE_STATE=getMsg HTTP/1.1" 200 27
114.89.80.44 - - [28/Aug/2020:09:17:27 +0800] "GET /xingrg/check_reg.html?_=1598577439473 HTTP/1.1" 200 22
114.89.80.44 - - [28/Aug/2020:09:17:27 +0800] "GET /xingrg/all/function/internal_message.html?_=1598577439474&CODE_STATE=getMsg HTTP/1.1" 200 27
172.17.200.101 - - [28/Aug/2020:09:17:30 +0800] "POST /xingrg/dwr/call/plaincall/AjaxReportQueryService.refreshCache.dwr HTTP/1.1" 200 78
172.17.200.101 - - [28/Aug/2020:09:17:31 +0800] "POST /xingrg/all/report/load_report_page.html HTTP/1.1" 200 46658
172.17.200.101 - - [28/Aug/2020:09:17:31 +0800] "GET /xingrg/servlets/image?cache=0.2090194176098883&image=px HTTP/1.1" 200 807
58.40.7.146 - - [28/Aug/2020:09:17:32 +0800] "GET /xingrg/all/function/internal_message.html?_=1598577449755&CODE_STATE=getMsg HTTP/1.1" 200 27
218.81.217.115 - - [28/Aug/2020:09:17:37 +0800] "GET /xingrg/kc/print/load_config.html?kc_code=cgsh HTTP/1.1" 200 1845
218.81.217.115 - - [28/Aug/2020:09:17:37 +0800] "GET /xingrg/kc/print/load_data.html?order_code=212020082811967&kc_code=cgsh HTTP/1.1" 200 2491
172.17.0.123 - - [28/Aug/2020:09:17:38 +0800] "GET /xingrg/all/function/internal_message.html?_=1598577474059&CODE_STATE=getMsg HTTP/1.1" 200 27
172.17.0.185 - - [28/Aug/2020:09:17:44 +0800] "GET /xingrg/all/function/internal_message.html?_=1598577460249&CODE_STATE=getMsg HTTP/1.1" 200 27
218.81.217.115 - - [28/Aug/2020:09:17:47 +0800] "GET /xingrg/all/function/internal_message.html?_=1598577479911&CODE_STATE=getMsg HTTP/1.1" 200 27
172.17.200.101 - - [28/Aug/2020:09:17:52 +0800] "GET /xingrg/all/function/internal_message.html?_=1598577472599&CODE_STATE=getMsg HTTP/1.1" 200 27
222.69.138.195 - - [28/Aug/2020:09:17:53 +0800] "GET /xingrg/all/function/internal_message.html?_=1598577463152&CODE_STATE=getMsg HTTP/1.1" 200 27
61.172.5.115 - - [28/Aug/2020:09:17:59 +0800] "GET /xingrg/all/function/internal_message.html?_=1598577480133&CODE_STATE=getMsg HTTP/1.1" 200 27
61.172.5.115 - - [28/Aug/2020:09:17:59 +0800] "GET /xingrg/check_reg.html?_=1598577480136 HTTP/1.1" 200 22
117.184.7.30 - - [28/Aug/2020:09:18:01 +0800] "GET /xingrg/all/function/internal_message.html?_=1598577472054&CODE_STATE=getMsg HTTP/1.1" 200 27
222.69.138.195 - - [28/Aug/2020:09:18:02 +0800] "GET /xingrg/kc/buy/cgsh_order_operate.html?command=get_materiel&rest_code=00149&code=00101008276&supplier_code=00100005&order_time=2020-08-28 HTTP/1.1" 200 412
114.86.188.99 - - [28/Aug/2020:09:18:03 +0800] "GET /xingrg/all/function/internal_message.html?_=1598577488379&CODE_STATE=getMsg HTTP/1.1" 200 27
218.81.217.115 - - [28/Aug/2020:09:18:04 +0800] "GET /xingrg/all/function/internal_message.html?_=1598577467026&CODE_STATE=getMsg HTTP/1.1" 200 27
117.185.32.26 - - [28/Aug/2020:09:18:07 +0800] "GET /xingrg/all/function/internal_message.html?_=1598577910650&CODE_STATE=getMsg HTTP/1.1" 200 27
222.69.138.195 - - [28/Aug/2020:09:18:13 +0800] "GET /xingrg/kc/buy/cgsh_order_operate.html?command=get_materiel&rest_code=00149&code=00101008512&supplier_code=00100005&order_time=2020-08-28 HTTP/1.1" 200 399
172.17.0.115 - - [28/Aug/2020:09:18:14 +0800] "GET /xingrg/all/function/internal_message.html?_=1598577507582&CODE_STATE=getMsg HTTP/1.1" 200 27
58.221.95.50 - - [28/Aug/2020:09:18:20 +0800] "GET /xingrg/all/function/internal_message.html?_=1598577629174&CODE_STATE=getMsg HTTP/1.1" 200 27
172.17.0.117 - - [28/Aug/2020:09:18:20 +0800] "GET /xingrg/all/function/internal_message.html?_=1598577504968&CODE_STATE=getMsg HTTP/1.1" 200 27
222.69.138.195 - - [28/Aug/2020:09:18:21 +0800] "GET /xingrg/kc/buy/cgsh_order_operate.html?command=get_materiel&rest_code=00149&code=00101008306&supplier_code=00100005&order_time=2020-08-28 HTTP/1.1" 200 412
117.131.5.26 - - [28/Aug/2020:09:18:22 +0800] "GET /xingrg/all/function/internal_message.html?_=1598577784532&CODE_STATE=getMsg HTTP/1.1" 200 27
116.230.74.197 - - [28/Aug/2020:09:18:25 +0800] "GET /xingrg/all/function/internal_message.html?_=1598577500605&CODE_STATE=getMsg HTTP/1.1" 200 27
114.89.80.44 - - [28/Aug/2020:09:18:27 +0800] "GET /xingrg/all/function/internal_message.html?_=1598577499524&CODE_STATE=getMsg HTTP/1.1" 200 27
222.69.138.195 - - [28/Aug/2020:09:18:31 +0800] "GET /xingrg/kc/buy/cgsh_order_operate.html?command=get_materiel&rest_code=00149&code=00101008305&supplier_code=00100005&order_time=2020-08-28 HTTP/1.1" 200 412
58.40.7.146 - - [28/Aug/2020:09:18:32 +0800] "GET /xingrg/all/function/internal_message.html?_=1598577509727&CODE_STATE=getMsg HTTP/1.1" 200 27
172.17.0.123 - - [28/Aug/2020:09:18:38 +0800] "GET /xingrg/all/function/internal_message.html?_=1598577534061&CODE_STATE=getMsg HTTP/1.1" 200 27
222.69.138.195 - - [28/Aug/2020:09:18:43 +0800] "POST /xingrg/kc/buy/cgsh_order_operate.html HTTP/1.1" 200 2065
172.17.0.185 - - [28/Aug/2020:09:18:44 +0800] "GET /xingrg/all/function/internal_message.html?_=1598577520256&CODE_STATE=getMsg HTTP/1.1" 200 27
114.86.188.99 - - [28/Aug/2020:09:18:44 +0800] "GET /xingrg/javascript/jquery_tools/jquery.tools.extend.js HTTP/1.1" 304 -
114.86.188.99 - - [28/Aug/2020:09:18:44 +0800] "GET /xingrg/javascript/json2.js HTTP/1.1" 304 -
114.86.188.99 - - [28/Aug/2020:09:18:44 +0800] "GET /xingrg/javascript/auto/jquery.autocomplete.js HTTP/1.1" 304 -
114.86.188.99 - - [28/Aug/2020:09:18:44 +0800] "GET /xingrg/javascript/jquery_tools/jquery.tools.table.js HTTP/1.1" 304 -
114.86.188.99 - - [28/Aug/2020:09:18:44 +0800] "GET /xingrg/javascript/easyui/easyloader.js HTTP/1.1" 304 -
114.86.188.99 - - [28/Aug/2020:09:18:44 +0800] "GET /xingrg/javascript/jquery.utils.js HTTP/1.1" 304 -
114.86.188.99 - - [28/Aug/2020:09:18:44 +0800] "GET /xingrg/javascript/jquery_tools/order_manager.js HTTP/1.1" 304 -
114.86.188.99 - - [28/Aug/2020:09:18:44 +0800] "GET /xingrg/javascript/jquery_tools/jquery.tools.hotkey.js HTTP/1.1" 304 -
114.86.188.99 - - [28/Aug/2020:09:18:44 +0800] "GET /xingrg/javascript/pic_change.js HTTP/1.1" 304 -
114.86.188.99 - - [28/Aug/2020:09:18:44 +0800] "GET /xingrg/javascript/convert.js HTTP/1.1" 304 -
114.86.188.99 - - [28/Aug/2020:09:18:44 +0800] "GET /xingrg/javascript/jquery_tools/jquery.tools.min.js HTTP/1.1" 304 -
114.86.188.99 - - [28/Aug/2020:09:18:44 +0800] "GET /xingrg/javascript/jquery.cookie.js HTTP/1.1" 304 -
114.86.188.99 - - [28/Aug/2020:09:18:44 +0800] "GET /xingrg/javascript/print/kc_print.js HTTP/1.1" 304 -
114.86.188.99 - - [28/Aug/2020:09:18:44 +0800] "GET /xingrg/javascript/print/LodopFuncs.js HTTP/1.1" 304 -
114.86.188.99 - - [28/Aug/2020:09:18:44 +0800] "GET /xingrg/javascript/easyui/plugins/jquery.parser.js HTTP/1.1" 304 -
114.86.188.99 - - [28/Aug/2020:09:18:44 +0800] "GET /xingrg/javascript/easyui/plugins/jquery.validatebox.js HTTP/1.1" 304 -
114.86.188.99 - - [28/Aug/2020:09:18:44 +0800] "GET /xingrg/javascript/easyui/plugins/jquery.numberbox.js HTTP/1.1" 304 -
114.86.188.99 - - [28/Aug/2020:09:18:44 +0800] "GET /xingrg/words/20200827110701_words.js HTTP/1.1" 304 -
117.184.7.30 - - [28/Aug/2020:09:18:47 +0800] "GET /xingrg/kc/buy/cgsh_order_operate.html?command=get_materiel&rest_code=00108&code=00101001084&supplier_code=00100044&order_time=2020-08-28 HTTP/1.1" 200 415
218.81.217.115 - - [28/Aug/2020:09:18:47 +0800] "GET /xingrg/all/function/internal_message.html?_=1598577539925&CODE_STATE=getMsg HTTP/1.1" 200 27
222.69.138.195 - - [28/Aug/2020:09:18:49 +0800] "GET /xingrg/kc/buy/cgsh_order_operate.html?command=get_materiel&rest_code=00149&code=00101008114&supplier_code=00100005&order_time=2020-08-28 HTTP/1.1" 200 431
114.86.188.99 - - [28/Aug/2020:09:18:50 +0800] "GET /xingrg/kc/buy/cgsh_order_operate.html?command=get_materiel&rest_code=00148&code=00101007069&supplier_code=00100010&order_time=2020-08-28 HTTP/1.1" 200 413
172.17.200.101 - - [28/Aug/2020:09:18:52 +0800] "GET /xingrg/all/function/internal_message.html?_=1598577532602&CODE_STATE=getMsg HTTP/1.1" 200 27
222.69.138.195 - - [28/Aug/2020:09:18:53 +0800] "GET /xingrg/all/function/internal_message.html?_=1598577523203&CODE_STATE=getMsg HTTP/1.1" 200 27
117.184.7.30 - - [28/Aug/2020:09:18:55 +0800] "GET /xingrg/kc/buy/cgsh_order_operate.html?command=get_materiel&rest_code=00108&code=00101001075&supplier_code=00100044&order_time=2020-08-28 HTTP/1.1" 200 409
117.131.5.26 - - [28/Aug/2020:09:18:59 +0800] "GET /favicon.ico HTTP/1.1" 404 -
61.172.5.115 - - [28/Aug/2020:09:18:59 +0800] "GET /xingrg/all/function/internal_message.html?_=1598577540137&CODE_STATE=getMsg HTTP/1.1" 200 27
117.184.7.30 - - [28/Aug/2020:09:19:00 +0800] "POST /xingrg/kc/buy/cgsh_order_operate.html HTTP/1.1" 200 37
222.69.138.195 - - [28/Aug/2020:09:19:00 +0800] "GET /xingrg/kc/buy/cgsh_order_operate.html?command=get_materiel&rest_code=00149&code=00101008440&supplier_code=00100005&order_time=2020-08-28 HTTP/1.1" 200 398
172.17.0.115 - - [28/Aug/2020:09:19:02 +0800] "GET /xingrg/check_reg.html?_=1598577555326 HTTP/1.1" 200 22
114.86.188.99 - - [28/Aug/2020:09:19:03 +0800] "GET /xingrg/all/function/internal_message.html?_=1598577548381&CODE_STATE=getMsg HTTP/1.1" 200 27
218.81.217.115 - - [28/Aug/2020:09:19:04 +0800] "GET /xingrg/all/function/internal_message.html?_=1598577527044&CODE_STATE=getMsg HTTP/1.1" 200 27
117.185.32.26 - - [28/Aug/2020:09:19:07 +0800] "GET /xingrg/all/function/internal_message.html?_=1598577970650&CODE_STATE=getMsg HTTP/1.1" 200 27
222.69.138.195 - - [28/Aug/2020:09:19:09 +0800] "GET /xingrg/kc/buy/cgsh_order_operate.html?command=get_materiel&rest_code=00149&code=00101008111&supplier_code=00100005&order_time=2020-08-28 HTTP/1.1" 200 412
58.40.7.146 - - [28/Aug/2020:09:19:09 +0800] "GET /xingrg/check_reg.html?_=1598577546496 HTTP/1.1" 200 22
172.17.0.115 - - [28/Aug/2020:09:19:14 +0800] "GET /xingrg/all/function/internal_message.html?_=1598577567588&CODE_STATE=getMsg HTTP/1.1" 200 27
114.86.188.99 - - [28/Aug/2020:09:19:17 +0800] "GET /xingrg/kc/buy/cgsh_order_operate.html?command=get_materiel&rest_code=00148&code=00101006055&supplier_code=00100010&order_time=2020-08-28 HTTP/1.1" 200 409
58.221.95.50 - - [28/Aug/2020:09:19:19 +0800] "GET /xingrg/all/function/internal_message.html?_=1598577689146&CODE_STATE=getMsg HTTP/1.1" 200 27
222.69.138.195 - - [28/Aug/2020:09:19:20 +0800] "GET /xingrg/kc/buy/cgsh_order_operate.html?command=get_materiel&rest_code=00149&code=00101015026&supplier_code=00100005&order_time=2020-08-28 HTTP/1.1" 200 412
172.17.0.117 - - [28/Aug/2020:09:19:20 +0800] "GET /xingrg/all/function/internal_message.html?_=1598577564984&CODE_STATE=getMsg HTTP/1.1" 200 27
117.184.7.30 - - [28/Aug/2020:09:19:21 +0800] "POST /xingrg/kc/buy/cgsh_order_operate.html HTTP/1.1" 200 3245
117.131.5.26 - - [28/Aug/2020:09:19:22 +0800] "GET /xingrg/all/function/internal_message.html?_=1598577844541&CODE_STATE=getMsg HTTP/1.1" 200 27
117.184.7.30 - - [28/Aug/2020:09:19:23 +0800] "GET /xingrg/kc/print/load_data.html?order_code=212020082811968&kc_code=cgsh&condition= HTTP/1.1" 200 927
116.230.74.197 - - [28/Aug/2020:09:19:25 +0800] "GET /xingrg/all/function/internal_message.html?_=1598577560604&CODE_STATE=getMsg HTTP/1.1" 200 27
114.86.188.99 - - [28/Aug/2020:09:19:25 +0800] "GET /xingrg/kc/buy/cgsh_order_operate.html?command=get_materiel&rest_code=00148&code=00101006084&supplier_code=00100010&order_time=2020-08-28 HTTP/1.1" 200 413
114.89.80.44 - - [28/Aug/2020:09:19:27 +0800] "GET /xingrg/all/function/internal_message.html?_=1598577559557&CODE_STATE=getMsg HTTP/1.1" 200 27
117.184.7.30 - - [28/Aug/2020:09:19:31 +0800] "GET /xingrg/kc/buy/cgsh_order_add.html HTTP/1.1" 200 59511
117.184.7.30 - - [28/Aug/2020:09:19:31 +0800] "POST /xingrg/kc/buy/cgsh_order_operate.html HTTP/1.1" 200 8245
117.184.7.26 - - [28/Aug/2020:09:19:32 +0800] "GET /xingrg/javascript/easyui/themes/default/validatebox.css HTTP/1.1" 404 1104
114.86.188.99 - - [28/Aug/2020:09:19:32 +0800] "GET /xingrg/kc/buy/cgsh_order_operate.html?command=get_materiel&rest_code=00148&code=00101006065&supplier_code=00100010&order_time=2020-08-28 HTTP/1.1" 200 409
58.40.7.146 - - [28/Aug/2020:09:19:32 +0800] "GET /xingrg/all/function/internal_message.html?_=1598577569701&CODE_STATE=getMsg HTTP/1.1" 200 27
222.69.138.195 - - [28/Aug/2020:09:19:35 +0800] "GET /xingrg/kc/buy/cgsh_order_operate.html?command=get_materiel&rest_code=00149&code=00101015040&supplier_code=00100005&order_time=2020-08-28 HTTP/1.1" 200 409
114.86.188.99 - - [28/Aug/2020:09:19:37 +0800] "GET /xingrg/javascript/easyui/themes/default/images/button_plain_hover.png HTTP/1.1" 304 -
114.86.188.99 - - [28/Aug/2020:09:19:37 +0800] "GET /xingrg/javascript/easyui/themes/default/images/button_plain_hover.png HTTP/1.1" 304 -
114.86.188.99 - - [28/Aug/2020:09:19:37 +0800] "GET /xingrg/javascript/easyui/themes/default/images/button_plain_hover.png HTTP/1.1" 304 -
172.17.0.123 - - [28/Aug/2020:09:19:38 +0800] "GET /xingrg/all/function/internal_message.html?_=1598577594064&CODE_STATE=getMsg HTTP/1.1" 200 27
114.86.188.99 - - [28/Aug/2020:09:19:39 +0800] "POST /xingrg/kc/buy/cgsh_order_operate.html HTTP/1.1" 200 37
114.86.188.99 - - [28/Aug/2020:09:19:40 +0800] "POST /xingrg/kc/buy/cgsh_order_operate.html HTTP/1.1" 200 4426
114.86.188.99 - - [28/Aug/2020:09:19:43 +0800] "GET /xingrg/javascript/easyui/themes/default/images/button_plain_hover.png HTTP/1.1" 304 -
114.86.188.99 - - [28/Aug/2020:09:19:43 +0800] "GET /xingrg/javascript/easyui/themes/default/images/button_plain_hover.png HTTP/1.1" 304 -
114.86.188.99 - - [28/Aug/2020:09:19:43 +0800] "GET /xingrg/css/base.css HTTP/1.1" 304 -
114.86.188.99 - - [28/Aug/2020:09:19:43 +0800] "GET /xingrg/css/site.css HTTP/1.1" 304 -
114.86.188.99 - - [28/Aug/2020:09:19:43 +0800] "GET /xingrg/javascript/jquery_tools/datebox.css HTTP/1.1" 304 -
114.86.188.99 - - [28/Aug/2020:09:19:43 +0800] "GET /xingrg/javascript/easyui/themes/default/easyui.css HTTP/1.1" 304 -
114.86.188.99 - - [28/Aug/2020:09:19:43 +0800] "GET /xingrg/javascript/easyui/themes/icon.css HTTP/1.1" 304 -
114.86.188.99 - - [28/Aug/2020:09:19:43 +0800] "GET /xingrg/javascript/jquery_tools/table.css HTTP/1.1" 304 -
114.86.188.99 - - [28/Aug/2020:09:19:43 +0800] "GET /xingrg/javascript/pic_change.js HTTP/1.1" 304 -
114.86.188.99 - - [28/Aug/2020:09:19:43 +0800] "GET /xingrg/javascript/jquery_tools/jquery.tools.min.js HTTP/1.1" 304 -
114.86.188.99 - - [28/Aug/2020:09:19:43 +0800] "GET /xingrg/javascript/jquery_tools/jquery.tools.extend.js HTTP/1.1" 304 -
114.86.188.99 - - [28/Aug/2020:09:19:43 +0800] "GET /xingrg/javascript/convert.js HTTP/1.1" 304 -
114.86.188.99 - - [28/Aug/2020:09:19:43 +0800] "GET /xingrg/javascript/jquery_tools/jquery.tools.table.js HTTP/1.1" 304 -
114.86.188.99 - - [28/Aug/2020:09:19:43 +0800] "GET /xingrg/javascript/auto/jquery.autocomplete.js HTTP/1.1" 304 -
114.86.188.99 - - [28/Aug/2020:09:19:43 +0800] "GET /xingrg/javascript/json2.js HTTP/1.1" 304 -
114.86.188.99 - - [28/Aug/2020:09:19:43 +0800] "GET /xingrg/javascript/easyui/easyloader.js HTTP/1.1" 304 -
114.86.188.99 - - [28/Aug/2020:09:19:43 +0800] "GET /xingrg/javascript/jquery_tools/order_manager.js HTTP/1.1" 304 -
114.86.188.99 - - [28/Aug/2020:09:19:43 +0800] "GET /xingrg/javascript/jquery_tools/jquery.tools.hotkey.js HTTP/1.1" 304 -
