114.86.188.99 - - [28/Aug/2020:09:28:05 +0800] "GET /xingrg/javascript/print/LodopFuncs.js HTTP/1.1" 304 -
114.86.188.99 - - [28/Aug/2020:09:28:05 +0800] "GET /xingrg/javascript/easyui/easyloader.js HTTP/1.1" 304 -
114.86.188.99 - - [28/Aug/2020:09:28:05 +0800] "GET /xingrg/javascript/easyui/plugins/jquery.parser.js HTTP/1.1" 304 -
218.81.217.115 - - [28/Aug/2020:09:28:05 +0800] "GET /xingrg/all/function/internal_message.html?_=1598578067868&CODE_STATE=getMsg HTTP/1.1" 200 27
114.86.188.99 - - [28/Aug/2020:09:28:05 +0800] "POST /xingrg/kc/base/wldb_list_operate.html HTTP/1.1" 200 2164
116.238.90.59 - - [28/Aug/2020:09:28:07 +0800] "POST /xingrg/kc/buy/cgsh_order_operate.html HTTP/1.1" 200 12
117.185.32.26 - - [28/Aug/2020:09:28:07 +0800] "GET /xingrg/all/function/internal_message.html?_=1598578510693&CODE_STATE=getMsg HTTP/1.1" 200 27
114.89.80.44 - - [28/Aug/2020:09:28:08 +0800] "GET /xingrg/kc/buy/cgsh_order_operate.html?command=get_materiel&rest_code=00150&code=00101008036&supplier_code=00100007&order_time=2020-08-28 HTTP/1.1" 200 428
116.238.90.59 - - [28/Aug/2020:09:28:09 +0800] "GET /xingrg/kc/buy/cgsh_order_info.html?code=212020082811974 HTTP/1.1" 200 54359
116.238.90.59 - - [28/Aug/2020:09:28:10 +0800] "GET /xingrg/javascript/easyui/themes/default/validatebox.css HTTP/1.1" 404 1104
116.238.90.59 - - [28/Aug/2020:09:28:10 +0800] "POST /xingrg/kc/buy/cgsh_order_operate.html HTTP/1.1" 200 613
114.89.80.44 - - [28/Aug/2020:09:28:11 +0800] "GET /xingrg/all/function/internal_message.html?_=1598578083283&CODE_STATE=getMsg HTTP/1.1" 200 27
116.230.74.197 - - [28/Aug/2020:09:28:14 +0800] "GET /xingrg/kc/buy/cgsh_order_operate.html?command=get_materiel&rest_code=00107&code=00101008146&supplier_code=00100006&order_time=2020-08-28 HTTP/1.1" 200 416
114.89.80.44 - - [28/Aug/2020:09:28:14 +0800] "GET /xingrg/kc/buy/cgsh_order_operate.html?command=get_materiel&rest_code=00150&code=00101008131&supplier_code=00100007&order_time=2020-08-28 HTTP/1.1" 200 429
172.17.0.115 - - [28/Aug/2020:09:28:14 +0800] "GET /xingrg/all/function/internal_message.html?_=1598578107716&CODE_STATE=getMsg HTTP/1.1" 200 27
183.192.95.184 - - [28/Aug/2020:09:28:16 +0800] "POST /xingrg/kc/base/check_list_operate.html HTTP/1.1" 200 4
183.192.95.184 - - [28/Aug/2020:09:28:18 +0800] "POST /xingrg/kc/base/check_list_operate.html HTTP/1.1" 200 5237
116.238.90.59 - - [28/Aug/2020:09:28:18 +0800] "GET /xingrg/all/function/internal_message.html?_=1598578302859&CODE_STATE=getMsg HTTP/1.1" 200 27
114.89.80.44 - - [28/Aug/2020:09:28:19 +0800] "GET /xingrg/kc/buy/cgsh_order_operate.html?command=get_materiel&rest_code=00150&code=00101008296&supplier_code=00100007&order_time=2020-08-28 HTTP/1.1" 200 436
58.221.95.50 - - [28/Aug/2020:09:28:19 +0800] "GET /xingrg/all/function/internal_message.html?_=1598578228947&CODE_STATE=getMsg HTTP/1.1" 200 27
172.17.0.117 - - [28/Aug/2020:09:28:20 +0800] "GET /xingrg/all/function/internal_message.html?_=1598578104996&CODE_STATE=getMsg HTTP/1.1" 200 27
116.238.90.59 - - [28/Aug/2020:09:28:21 +0800] "GET /xingrg/kc/print/load_config.html?kc_code=cgsh HTTP/1.1" 200 1845
116.238.90.59 - - [28/Aug/2020:09:28:21 +0800] "GET /xingrg/kc/print/load_data.html?order_code=212020082811974&kc_code=cgsh&condition= HTTP/1.1" 200 735
116.230.74.197 - - [28/Aug/2020:09:28:22 +0800] "GET /xingrg/kc/buy/cgsh_order_operate.html?command=get_materiel&rest_code=00107&code=00101008147&supplier_code=00100006&order_time=2020-08-28 HTTP/1.1" 200 416
117.131.5.26 - - [28/Aug/2020:09:28:22 +0800] "GET /xingrg/all/function/internal_message.html?_=1598578384727&CODE_STATE=getMsg HTTP/1.1" 200 27
114.89.80.44 - - [28/Aug/2020:09:28:25 +0800] "GET /xingrg/kc/buy/cgsh_order_operate.html?command=get_materiel&rest_code=00150&code=00101008169&supplier_code=00100007&order_time=2020-08-28 HTTP/1.1" 200 412
116.230.74.197 - - [28/Aug/2020:09:28:25 +0800] "GET /xingrg/all/function/internal_message.html?_=1598578100642&CODE_STATE=getMsg HTTP/1.1" 200 27
116.238.90.59 - - [28/Aug/2020:09:28:29 +0800] "GET /xingrg/kc/buy/cgsh_order_add.html HTTP/1.1" 200 59458
116.238.90.59 - - [28/Aug/2020:09:28:30 +0800] "POST /xingrg/kc/buy/cgsh_order_operate.html HTTP/1.1" 200 8245
58.40.7.146 - - [28/Aug/2020:09:28:30 +0800] "GET /xingrg/all/function/internal_message.html?_=1598578107973&CODE_STATE=getMsg HTTP/1.1" 200 27
116.238.90.59 - - [28/Aug/2020:09:28:31 +0800] "GET /xingrg/javascript/easyui/themes/default/validatebox.css HTTP/1.1" 404 1104
183.192.95.184 - - [28/Aug/2020:09:28:31 +0800] "POST /xingrg/kc/base/check_list_operate.html HTTP/1.1" 200 4
114.89.80.44 - - [28/Aug/2020:09:28:31 +0800] "GET /xingrg/kc/buy/cgsh_order_operate.html?command=get_materiel&rest_code=00150&code=00101008318&supplier_code=00100007&order_time=2020-08-28 HTTP/1.1" 200 408
58.40.7.146 - - [28/Aug/2020:09:28:32 +0800] "GET /xingrg/all/function/internal_message.html?_=1598578109459&CODE_STATE=getMsg HTTP/1.1" 200 27
183.192.95.184 - - [28/Aug/2020:09:28:32 +0800] "POST /xingrg/kc/base/check_list_operate.html HTTP/1.1" 200 5400
116.230.74.197 - - [28/Aug/2020:09:28:33 +0800] "GET /xingrg/kc/buy/cgsh_order_operate.html?command=get_materiel&rest_code=00107&code=00101008357&supplier_code=00100006&order_time=2020-08-28 HTTP/1.1" 200 408
114.88.166.242 - - [28/Aug/2020:09:28:36 +0800] "GET /xingrg/check_reg.html?_=1598578111245 HTTP/1.1" 200 22
114.88.166.242 - - [28/Aug/2020:09:28:36 +0800] "GET /xingrg/all/function/internal_message.html?_=1598578111312&CODE_STATE=getMsg HTTP/1.1" 200 27
114.89.80.44 - - [28/Aug/2020:09:28:36 +0800] "POST /xingrg/kc/buy/cgsh_order_operate.html HTTP/1.1" 200 2065
116.238.90.59 - - [28/Aug/2020:09:28:36 +0800] "GET /xingrg/javascript/easyui/themes/default/tree.css HTTP/1.1" 404 1090
116.238.90.59 - - [28/Aug/2020:09:28:36 +0800] "POST /xingrg/all/common/load_tree.html?tree=supplier_tree_json&isDelete=1 HTTP/1.1" 200 49925
172.17.0.123 - - [28/Aug/2020:09:28:38 +0800] "GET /xingrg/all/function/internal_message.html?_=1598578134060&CODE_STATE=getMsg HTTP/1.1" 200 27
183.192.95.184 - - [28/Aug/2020:09:28:39 +0800] "GET /xingrg/kc/buy/buy_main.html HTTP/1.1" 200 12412
183.192.95.184 - - [28/Aug/2020:09:28:39 +0800] "GET /xingrg/css/new_ie.css HTTP/1.1" 404 1036
183.192.95.184 - - [28/Aug/2020:09:28:39 +0800] "GET /xingrg/javascript/jquery_ui/themes/humanity/humanity.css HTTP/1.1" 304 -
183.192.95.184 - - [28/Aug/2020:09:28:39 +0800] "GET /xingrg/javascript/ToolTips.js HTTP/1.1" 304 -
183.192.95.184 - - [28/Aug/2020:09:28:39 +0800] "GET /xingrg/javascript/jquery_ui/jquery-ui.min.js HTTP/1.1" 304 -
183.192.95.184 - - [28/Aug/2020:09:28:40 +0800] "GET /xingrg/images/yd/bt.gif HTTP/1.1" 404 1040
183.192.95.184 - - [28/Aug/2020:09:28:41 +0800] "GET /xingrg/kc/buy/cgsh_order_list.html HTTP/1.1" 200 44063
183.192.95.184 - - [28/Aug/2020:09:28:41 +0800] "GET /xingrg/javascript/print/LodopFuncs.js HTTP/1.1" 304 -
114.89.80.44 - - [28/Aug/2020:09:28:41 +0800] "GET /xingrg/kc/buy/cgsh_order_operate.html?command=get_materiel&rest_code=00150&code=00101008352&supplier_code=00100007&order_time=2020-08-28 HTTP/1.1" 200 412
183.192.95.184 - - [28/Aug/2020:09:28:42 +0800] "POST /xingrg/kc/buy/cgsh_list_operate.html HTTP/1.1" 200 876
183.192.95.184 - - [28/Aug/2020:09:28:43 +0800] "GET /xingrg/all/function/internal_message.html?_=1598578125485&CODE_STATE=getMsg HTTP/1.1" 200 27
172.17.0.185 - - [28/Aug/2020:09:28:44 +0800] "GET /xingrg/all/function/internal_message.html?_=1598578120247&CODE_STATE=getMsg HTTP/1.1" 200 27
116.230.74.197 - - [28/Aug/2020:09:28:45 +0800] "GET /xingrg/kc/buy/cgsh_order_operate.html?command=get_materiel&rest_code=00107&code=00101008352&supplier_code=00100006&order_time=2020-08-28 HTTP/1.1" 200 414
218.81.217.115 - - [28/Aug/2020:09:28:48 +0800] "GET /xingrg/all/function/internal_message.html?_=1598578141070&CODE_STATE=getMsg HTTP/1.1" 200 27
183.192.95.184 - - [28/Aug/2020:09:28:49 +0800] "GET /xingrg/javascript/jquery_tools/images/prev.gif HTTP/1.1" 404 1086
183.192.95.184 - - [28/Aug/2020:09:28:49 +0800] "GET /xingrg/javascript/jquery_tools/images/next.gif HTTP/1.1" 404 1086
116.238.90.59 - - [28/Aug/2020:09:28:50 +0800] "GET /xingrg/kc/buy/cgsh_order_operate.html?command=get_materiel&rest_code=00102&code=00101007061&supplier_code=00100002&order_time=2020-08-28 HTTP/1.1" 200 428
114.89.80.44 - - [28/Aug/2020:09:28:51 +0800] "GET /xingrg/kc/buy/cgsh_order_operate.html?command=get_materiel&rest_code=00150&code=00101008005&supplier_code=00100007&order_time=2020-08-28 HTTP/1.1" 200 412
172.17.200.101 - - [28/Aug/2020:09:28:52 +0800] "GET /xingrg/all/function/internal_message.html?_=1598578132593&CODE_STATE=getMsg HTTP/1.1" 200 27
222.69.138.195 - - [28/Aug/2020:09:28:53 +0800] "GET /xingrg/all/function/internal_message.html?_=1598578123203&CODE_STATE=getMsg HTTP/1.1" 200 27
183.192.95.184 - - [28/Aug/2020:09:28:56 +0800] "POST /xingrg/kc/buy/cgsh_list_operate.html HTTP/1.1" 200 1701
114.89.80.44 - - [28/Aug/2020:09:28:58 +0800] "GET /xingrg/kc/buy/cgsh_order_operate.html?command=get_materiel&rest_code=00150&code=00101008271&supplier_code=00100007&order_time=2020-08-28 HTTP/1.1" 200 408
61.172.5.115 - - [28/Aug/2020:09:28:59 +0800] "GET /xingrg/all/function/internal_message.html?_=1598578140130&CODE_STATE=getMsg HTTP/1.1" 200 27
117.184.7.30 - - [28/Aug/2020:09:29:01 +0800] "GET /xingrg/all/function/internal_message.html?_=1598578131859&CODE_STATE=getMsg HTTP/1.1" 200 27
172.17.0.115 - - [28/Aug/2020:09:29:02 +0800] "GET /xingrg/check_reg.html?_=1598578155337 HTTP/1.1" 200 22
114.86.188.99 - - [28/Aug/2020:09:29:03 +0800] "GET /xingrg/all/function/internal_message.html?_=1598578148722&CODE_STATE=getMsg HTTP/1.1" 200 27
218.81.217.115 - - [28/Aug/2020:09:29:05 +0800] "GET /xingrg/all/function/internal_message.html?_=1598578127882&CODE_STATE=getMsg HTTP/1.1" 200 27
116.230.74.197 - - [28/Aug/2020:09:29:07 +0800] "GET /xingrg/kc/buy/cgsh_order_operate.html?command=get_materiel&rest_code=00107&code=00101008098&supplier_code=00100006&order_time=2020-08-28 HTTP/1.1" 200 412
117.185.32.26 - - [28/Aug/2020:09:29:07 +0800] "GET /xingrg/all/function/internal_message.html?_=1598578570692&CODE_STATE=getMsg HTTP/1.1" 200 27
114.89.80.44 - - [28/Aug/2020:09:29:08 +0800] "GET /xingrg/kc/buy/cgsh_order_operate.html?command=get_materiel&rest_code=00150&code=00101008353&supplier_code=00100007&order_time=2020-08-28 HTTP/1.1" 200 429
58.40.7.146 - - [28/Aug/2020:09:29:09 +0800] "GET /xingrg/check_reg.html?_=1598578146507 HTTP/1.1" 200 22
116.238.90.59 - - [28/Aug/2020:09:29:09 +0800] "GET /xingrg/kc/buy/cgsh_order_operate.html?command=get_materiel&rest_code=00102&code=00101007049&supplier_code=00100002&order_time=2020-08-28 HTTP/1.1" 200 409
114.89.80.44 - - [28/Aug/2020:09:29:11 +0800] "GET /xingrg/all/function/internal_message.html?_=1598578143332&CODE_STATE=getMsg HTTP/1.1" 200 27
114.89.80.44 - - [28/Aug/2020:09:29:13 +0800] "GET /xingrg/kc/buy/cgsh_order_operate.html?command=get_materiel&rest_code=00150&code=00101008213&supplier_code=00100007&order_time=2020-08-28 HTTP/1.1" 200 412
172.17.0.115 - - [28/Aug/2020:09:29:14 +0800] "GET /xingrg/all/function/internal_message.html?_=1598578167724&CODE_STATE=getMsg HTTP/1.1" 200 27
114.89.80.44 - - [28/Aug/2020:09:29:15 +0800] "POST /xingrg/kc/buy/cgsh_order_operate.html HTTP/1.1" 200 2065
116.238.90.59 - - [28/Aug/2020:09:29:18 +0800] "GET /xingrg/all/function/internal_message.html?_=1598578362873&CODE_STATE=getMsg HTTP/1.1" 200 27
114.89.80.44 - - [28/Aug/2020:09:29:19 +0800] "GET /xingrg/kc/buy/cgsh_order_operate.html?command=get_materiel&rest_code=00150&code=00101008344&supplier_code=00100007&order_time=2020-08-28 HTTP/1.1" 200 412
58.221.95.50 - - [28/Aug/2020:09:29:19 +0800] "GET /xingrg/all/function/internal_message.html?_=1598578288919&CODE_STATE=getMsg HTTP/1.1" 200 27
116.238.90.59 - - [28/Aug/2020:09:29:19 +0800] "GET /xingrg/kc/buy/cgsh_order_operate.html?command=get_materiel&rest_code=00102&code=00101007001&supplier_code=00100002&order_time=2020-08-28 HTTP/1.1" 200 409
172.17.0.117 - - [28/Aug/2020:09:29:20 +0800] "GET /xingrg/all/function/internal_message.html?_=1598578164997&CODE_STATE=getMsg HTTP/1.1" 200 27
117.131.5.26 - - [28/Aug/2020:09:29:22 +0800] "GET /xingrg/all/function/internal_message.html?_=1598578444741&CODE_STATE=getMsg HTTP/1.1" 200 27
116.230.74.197 - - [28/Aug/2020:09:29:23 +0800] "GET /xingrg/kc/buy/cgsh_order_operate.html?command=get_materiel&rest_code=00107&code=00101008005&supplier_code=00100006&order_time=2020-08-28 HTTP/1.1" 200 412
116.230.74.197 - - [28/Aug/2020:09:29:25 +0800] "GET /xingrg/all/function/internal_message.html?_=1598578160705&CODE_STATE=getMsg HTTP/1.1" 200 27
114.89.80.44 - - [28/Aug/2020:09:29:26 +0800] "GET /xingrg/kc/buy/cgsh_order_operate.html?command=get_materiel&rest_code=00150&code=00101008297&supplier_code=00100007&order_time=2020-08-28 HTTP/1.1" 200 412
116.238.90.59 - - [28/Aug/2020:09:29:29 +0800] "GET /xingrg/kc/buy/cgsh_order_operate.html?command=get_materiel&rest_code=00102&code=00101007077&supplier_code=00100002&order_time=2020-08-28 HTTP/1.1" 200 435
58.40.7.146 - - [28/Aug/2020:09:29:30 +0800] "GET /xingrg/all/function/internal_message.html?_=1598578167975&CODE_STATE=getMsg HTTP/1.1" 200 27
58.40.7.146 - - [28/Aug/2020:09:29:32 +0800] "GET /xingrg/all/function/internal_message.html?_=1598578169432&CODE_STATE=getMsg HTTP/1.1" 200 27
116.230.74.197 - - [28/Aug/2020:09:29:33 +0800] "GET /xingrg/kc/buy/cgsh_order_operate.html?command=get_materiel&rest_code=00107&code=00101008271&supplier_code=00100006&order_time=2020-08-28 HTTP/1.1" 200 408
114.89.80.44 - - [28/Aug/2020:09:29:33 +0800] "GET /xingrg/kc/buy/cgsh_order_operate.html?command=get_materiel&rest_code=00150&code=00101008110&supplier_code=00100007&order_time=2020-08-28 HTTP/1.1" 200 427
114.88.166.242 - - [28/Aug/2020:09:29:36 +0800] "GET /xingrg/all/function/internal_message.html?_=1598578171341&CODE_STATE=getMsg HTTP/1.1" 200 27
172.17.0.123 - - [28/Aug/2020:09:29:38 +0800] "GET /xingrg/all/function/internal_message.html?_=1598578194063&CODE_STATE=getMsg HTTP/1.1" 200 27
114.89.80.44 - - [28/Aug/2020:09:29:41 +0800] "GET /xingrg/kc/buy/cgsh_order_operate.html?command=get_materiel&rest_code=00150&code=00101008229&supplier_code=00100007&order_time=2020-08-28 HTTP/1.1" 200 420
116.238.90.59 - - [28/Aug/2020:09:29:42 +0800] "GET /xingrg/kc/buy/cgsh_order_operate.html?command=get_materiel&rest_code=00102&code=00101007085&supplier_code=00100002&order_time=2020-08-28 HTTP/1.1" 200 432
172.17.0.185 - - [28/Aug/2020:09:29:44 +0800] "GET /xingrg/all/function/internal_message.html?_=1598578180249&CODE_STATE=getMsg HTTP/1.1" 200 27
116.230.74.197 - - [28/Aug/2020:09:29:45 +0800] "GET /xingrg/kc/buy/cgsh_order_operate.html?command=get_materiel&rest_code=00107&code=00101008353&supplier_code=00100006&order_time=2020-08-28 HTTP/1.1" 200 429
218.81.217.115 - - [28/Aug/2020:09:29:48 +0800] "GET /xingrg/all/function/internal_message.html?_=1598578201072&CODE_STATE=getMsg HTTP/1.1" 200 27
101.93.221.5 - - [28/Aug/2020:09:29:51 +0800] "POST /xingrg/services/DataTransmitService HTTP/1.1" 200 524
116.238.90.59 - - [28/Aug/2020:09:29:52 +0800] "GET /xingrg/kc/buy/cgsh_order_operate.html?command=get_materiel&rest_code=00102&code=00101007031&supplier_code=00100002&order_time=2020-08-28 HTTP/1.1" 200 413
172.17.200.101 - - [28/Aug/2020:09:29:52 +0800] "GET /xingrg/all/function/internal_message.html?_=1598578192594&CODE_STATE=getMsg HTTP/1.1" 200 27
114.89.80.44 - - [28/Aug/2020:09:29:52 +0800] "GET /xingrg/kc/buy/cgsh_order_operate.html?command=get_materiel&rest_code=00150&code=00101008277&supplier_code=00100007&order_time=2020-08-28 HTTP/1.1" 200 412
222.69.138.195 - - [28/Aug/2020:09:29:53 +0800] "GET /xingrg/all/function/internal_message.html?_=1598578183184&CODE_STATE=getMsg HTTP/1.1" 200 27
114.89.80.44 - - [28/Aug/2020:09:29:53 +0800] "POST /xingrg/kc/buy/cgsh_order_operate.html HTTP/1.1" 200 2065
114.89.80.44 - - [28/Aug/2020:09:29:59 +0800] "GET /xingrg/kc/buy/cgsh_order_operate.html?command=get_materiel&rest_code=00150&code=00101008283&supplier_code=00100007&order_time=2020-08-28 HTTP/1.1" 200 408
61.172.5.115 - - [28/Aug/2020:09:29:59 +0800] "GET /xingrg/all/function/internal_message.html?_=1598578200131&CODE_STATE=getMsg HTTP/1.1" 200 27
101.93.221.5 - - [28/Aug/2020:09:30:00 +0800] "POST /xingrg/services/DataTransmitService HTTP/1.1" 200 501
117.184.7.30 - - [28/Aug/2020:09:30:01 +0800] "GET /xingrg/all/function/internal_message.html?_=1598578191846&CODE_STATE=getMsg HTTP/1.1" 200 27
116.230.74.197 - - [28/Aug/2020:09:30:02 +0800] "GET /xingrg/kc/buy/cgsh_order_operate.html?command=get_materiel&rest_code=00107&code=00101008238&supplier_code=00100006&order_time=2020-08-28 HTTP/1.1" 200 437
218.81.217.115 - - [28/Aug/2020:09:30:03 +0800] "GET /xingrg/check_reg.html?_=1598578185850 HTTP/1.1" 200 22
114.86.188.99 - - [28/Aug/2020:09:30:03 +0800] "GET /xingrg/check_reg.html?_=1598578208379 HTTP/1.1" 200 22
114.86.188.99 - - [28/Aug/2020:09:30:03 +0800] "GET /xingrg/all/function/internal_message.html?_=1598578208733&CODE_STATE=getMsg HTTP/1.1" 200 27
218.81.217.115 - - [28/Aug/2020:09:30:05 +0800] "GET /xingrg/all/function/internal_message.html?_=1598578187893&CODE_STATE=getMsg HTTP/1.1" 200 27
114.89.80.44 - - [28/Aug/2020:09:30:06 +0800] "GET /xingrg/kc/buy/cgsh_order_operate.html?command=get_materiel&rest_code=00150&code=00101008101&supplier_code=00100007&order_time=2020-08-28 HTTP/1.1" 200 412
117.185.32.26 - - [28/Aug/2020:09:30:07 +0800] "GET /xingrg/all/function/internal_message.html?_=1598578630691&CODE_STATE=getMsg HTTP/1.1" 200 27
116.230.74.197 - - [28/Aug/2020:09:30:10 +0800] "GET /xingrg/kc/buy/cgsh_order_operate.html?command=get_materiel&rest_code=00107&code=00101008355&supplier_code=00100006&order_time=2020-08-28 HTTP/1.1" 200 429
114.89.80.44 - - [28/Aug/2020:09:30:11 +0800] "GET /xingrg/all/function/internal_message.html?_=1598578203367&CODE_STATE=getMsg HTTP/1.1" 200 27
116.238.90.59 - - [28/Aug/2020:09:30:13 +0800] "GET /xingrg/kc/buy/cgsh_order_operate.html?command=get_materiel&rest_code=00102&code=00101006166&supplier_code=00100002&order_time=2020-08-28 HTTP/1.1" 200 421
114.89.80.44 - - [28/Aug/2020:09:30:14 +0800] "GET /xingrg/kc/buy/cgsh_order_operate.html?command=get_materiel&rest_code=00150&code=00101008332&supplier_code=00100007&order_time=2020-08-28 HTTP/1.1" 200 412
172.17.0.115 - - [28/Aug/2020:09:30:15 +0800] "GET /xingrg/all/function/internal_message.html?_=1598578227738&CODE_STATE=getMsg HTTP/1.1" 200 27
116.238.90.59 - - [28/Aug/2020:09:30:18 +0800] "GET /xingrg/all/function/internal_message.html?_=1598578422887&CODE_STATE=getMsg HTTP/1.1" 200 27
58.221.95.50 - - [28/Aug/2020:09:30:19 +0800] "GET /xingrg/all/function/internal_message.html?_=1598578348887&CODE_STATE=getMsg HTTP/1.1" 200 27
172.17.0.117 - - [28/Aug/2020:09:30:20 +0800] "GET /xingrg/all/function/internal_message.html?_=1598578224997&CODE_STATE=getMsg HTTP/1.1" 200 27
101.93.221.5 - - [28/Aug/2020:09:30:21 +0800] "POST /xingrg/services/DataTransmitService HTTP/1.1" 200 524
101.93.221.5 - - [28/Aug/2020:09:30:22 +0800] "POST /xingrg/services/DataTransmitService HTTP/1.1" 200 501
101.93.221.5 - - [28/Aug/2020:09:30:22 +0800] "POST /xingrg/services/DataTransmitService HTTP/1.1" 200 501
117.131.5.26 - - [28/Aug/2020:09:30:23 +0800] "GET /xingrg/all/function/internal_message.html?_=1598578504772&CODE_STATE=getMsg HTTP/1.1" 200 27
116.230.74.197 - - [28/Aug/2020:09:30:25 +0800] "GET /xingrg/kc/buy/cgsh_order_operate.html?command=get_materiel&rest_code=00107&code=00101008125&supplier_code=00100006&order_time=2020-08-28 HTTP/1.1" 200 413
101.93.221.5 - - [28/Aug/2020:09:30:25 +0800] "POST /xingrg/services/DataTransmitService HTTP/1.1" 200 501
116.230.74.197 - - [28/Aug/2020:09:30:25 +0800] "GET /xingrg/check_reg.html?_=1598578220648 HTTP/1.1" 200 22
116.238.90.59 - - [28/Aug/2020:09:30:25 +0800] "GET /xingrg/kc/buy/cgsh_order_operate.html?command=get_materiel&rest_code=00102&code=00101007059&supplier_code=00100002&order_time=2020-08-28 HTTP/1.1" 200 409
116.230.74.197 - - [28/Aug/2020:09:30:25 +0800] "GET /xingrg/all/function/internal_message.html?_=1598578220697&CODE_STATE=getMsg HTTP/1.1" 200 27
114.89.80.44 - - [28/Aug/2020:09:30:26 +0800] "GET /xingrg/kc/buy/cgsh_order_operate.html?command=get_materiel&rest_code=00150&code=00101020139&supplier_code=00100007&order_time=2020-08-28 HTTP/1.1" 200 453
101.93.221.5 - - [28/Aug/2020:09:30:28 +0800] "POST /xingrg/services/DataTransmitService HTTP/1.1" 200 501
101.93.221.5 - - [28/Aug/2020:09:30:29 +0800] "POST /xingrg/services/DataTransmitService HTTP/1.1" 200 501
101.93.221.5 - - [28/Aug/2020:09:30:30 +0800] "POST /xingrg/services/DataTransmitService HTTP/1.1" 200 501
101.93.221.5 - - [28/Aug/2020:09:30:30 +0800] "POST /xingrg/services/DataTransmitService HTTP/1.1" 200 501
58.40.7.146 - - [28/Aug/2020:09:30:30 +0800] "GET /xingrg/check_reg.html?_=1598578227980 HTTP/1.1" 200 22
58.40.7.146 - - [28/Aug/2020:09:30:30 +0800] "GET /xingrg/all/function/internal_message.html?_=1598578227982&CODE_STATE=getMsg HTTP/1.1" 200 27
101.93.221.5 - - [28/Aug/2020:09:30:30 +0800] "POST /xingrg/services/DataTransmitService HTTP/1.1" 200 501
101.93.221.5 - - [28/Aug/2020:09:30:31 +0800] "POST /xingrg/services/DataTransmitService HTTP/1.1" 200 501
101.93.221.5 - - [28/Aug/2020:09:30:32 +0800] "POST /xingrg/services/DataTransmitService HTTP/1.1" 200 501
58.40.7.146 - - [28/Aug/2020:09:30:32 +0800] "GET /xingrg/all/function/internal_message.html?_=1598578229402&CODE_STATE=getMsg HTTP/1.1" 200 27
101.93.221.5 - - [28/Aug/2020:09:30:32 +0800] "POST /xingrg/services/DataTransmitService HTTP/1.1" 200 412
114.88.166.242 - - [28/Aug/2020:09:30:36 +0800] "GET /xingrg/all/function/internal_message.html?_=1598578231355&CODE_STATE=getMsg HTTP/1.1" 200 27
172.17.0.123 - - [28/Aug/2020:09:30:38 +0800] "GET /xingrg/all/function/internal_message.html?_=1598578254067&CODE_STATE=getMsg HTTP/1.1" 200 27
116.230.74.197 - - [28/Aug/2020:09:30:39 +0800] "GET /xingrg/kc/buy/cgsh_order_operate.html?command=get_materiel&rest_code=00107&code=00101008085&supplier_code=00100006&order_time=2020-08-28 HTTP/1.1" 200 412
116.238.90.59 - - [28/Aug/2020:09:30:40 +0800] "POST /xingrg/kc/buy/cgsh_order_operate.html HTTP/1.1" 200 37
116.230.74.197 - - [28/Aug/2020:09:30:41 +0800] "POST /xingrg/kc/buy/cgsh_order_operate.html HTTP/1.1" 200 2065
172.17.0.185 - - [28/Aug/2020:09:30:44 +0800] "GET /xingrg/check_reg.html?_=1598578240256 HTTP/1.1" 200 22
172.17.0.185 - - [28/Aug/2020:09:30:44 +0800] "GET /xingrg/all/function/internal_message.html?_=1598578240252&CODE_STATE=getMsg HTTP/1.1" 200 27
116.238.90.59 - - [28/Aug/2020:09:30:44 +0800] "POST /xingrg/kc/buy/cgsh_order_operate.html HTTP/1.1" 200 12
116.238.90.59 - - [28/Aug/2020:09:30:45 +0800] "GET /xingrg/kc/buy/cgsh_order_info.html?code=212020082811975 HTTP/1.1" 200 54359
116.238.90.59 - - [28/Aug/2020:09:30:47 +0800] "GET /xingrg/javascript/easyui/themes/default/validatebox.css HTTP/1.1" 404 1104
116.238.90.59 - - [28/Aug/2020:09:30:47 +0800] "POST /xingrg/kc/buy/cgsh_order_operate.html HTTP/1.1" 200 4749
218.81.217.115 - - [28/Aug/2020:09:30:47 +0800] "GET /xingrg/check_reg.html?_=1598578259660 HTTP/1.1" 200 22
218.81.217.115 - - [28/Aug/2020:09:30:48 +0800] "GET /xingrg/all/function/internal_message.html?_=1598578261086&CODE_STATE=getMsg HTTP/1.1" 200 27
116.230.74.197 - - [28/Aug/2020:09:30:49 +0800] "GET /xingrg/kc/buy/cgsh_order_operate.html?command=get_materiel&rest_code=00107&code=00101008323&supplier_code=00100006&order_time=2020-08-28 HTTP/1.1" 200 408
116.238.90.59 - - [28/Aug/2020:09:30:52 +0800] "GET /xingrg/kc/print/load_data.html?order_code=212020082811975&kc_code=cgsh&condition= HTTP/1.1" 200 2337
172.17.200.101 - - [28/Aug/2020:09:30:52 +0800] "GET /xingrg/all/function/internal_message.html?_=1598578252596&CODE_STATE=getMsg HTTP/1.1" 200 27
222.69.138.195 - - [28/Aug/2020:09:30:53 +0800] "GET /xingrg/all/function/internal_message.html?_=1598578243184&CODE_STATE=getMsg HTTP/1.1" 200 27
61.172.5.115 - - [28/Aug/2020:09:30:59 +0800] "GET /xingrg/all/function/internal_message.html?_=1598578260161&CODE_STATE=getMsg HTTP/1.1" 200 27
116.238.90.59 - - [28/Aug/2020:09:31:00 +0800] "GET /xingrg/kc/buy/cgsh_order_add.html HTTP/1.1" 200 59458
117.184.7.30 - - [28/Aug/2020:09:31:01 +0800] "GET /xingrg/all/function/internal_message.html?_=1598578251831&CODE_STATE=getMsg HTTP/1.1" 200 27
116.238.90.59 - - [28/Aug/2020:09:31:02 +0800] "POST /xingrg/kc/buy/cgsh_order_operate.html HTTP/1.1" 200 8245
116.238.90.59 - - [28/Aug/2020:09:31:02 +0800] "GET /xingrg/javascript/easyui/themes/default/validatebox.css HTTP/1.1" 404 1104
114.86.188.99 - - [28/Aug/2020:09:31:03 +0800] "GET /xingrg/all/function/internal_message.html?_=1598578268748&CODE_STATE=getMsg HTTP/1.1" 200 27
218.81.217.115 - - [28/Aug/2020:09:31:05 +0800] "GET /xingrg/all/function/internal_message.html?_=1598578247906&CODE_STATE=getMsg HTTP/1.1" 200 27
116.230.74.197 - - [28/Aug/2020:09:31:06 +0800] "GET /xingrg/kc/buy/cgsh_order_operate.html?command=get_materiel&rest_code=00107&code=00101008132&supplier_code=00100006&order_time=2020-08-28 HTTP/1.1" 200 408
117.185.32.26 - - [28/Aug/2020:09:31:07 +0800] "GET /xingrg/all/function/internal_message.html?_=1598578690706&CODE_STATE=getMsg HTTP/1.1" 200 27
116.238.90.59 - - [28/Aug/2020:09:31:09 +0800] "GET /xingrg/javascript/easyui/themes/default/tree.css HTTP/1.1" 404 1090
116.238.90.59 - - [28/Aug/2020:09:31:09 +0800] "POST /xingrg/all/common/load_tree.html?tree=supplier_tree_json&isDelete=1 HTTP/1.1" 200 49925
117.131.5.26 - - [28/Aug/2020:09:31:09 +0800] "GET /xingrg/check_reg.html?_=1598578551733 HTTP/1.1" 200 22
114.89.80.44 - - [28/Aug/2020:09:31:11 +0800] "GET /xingrg/all/function/internal_message.html?_=1598578263409&CODE_STATE=getMsg HTTP/1.1" 200 27
172.17.0.115 - - [28/Aug/2020:09:31:15 +0800] "GET /xingrg/all/function/internal_message.html?_=1598578287756&CODE_STATE=getMsg HTTP/1.1" 200 27
116.238.90.59 - - [28/Aug/2020:09:31:18 +0800] "GET /xingrg/all/function/internal_message.html?_=1598578482901&CODE_STATE=getMsg HTTP/1.1" 200 27
58.221.95.50 - - [28/Aug/2020:09:31:19 +0800] "GET /xingrg/all/function/internal_message.html?_=1598578408857&CODE_STATE=getMsg HTTP/1.1" 200 27
172.17.0.117 - - [28/Aug/2020:09:31:20 +0800] "GET /xingrg/all/function/internal_message.html?_=1598578284995&CODE_STATE=getMsg HTTP/1.1" 200 27
116.238.90.59 - - [28/Aug/2020:09:31:21 +0800] "GET /xingrg/kc/buy/cgsh_order_operate.html?command=get_materiel&rest_code=00102&code=00101006109&supplier_code=00100011&order_time=2020-08-28 HTTP/1.1" 200 409
116.230.74.197 - - [28/Aug/2020:09:31:22 +0800] "GET /xingrg/kc/buy/cgsh_order_operate.html?command=get_materiel&rest_code=00107&code=00101008257&supplier_code=00100006&order_time=2020-08-28 HTTP/1.1" 200 436
117.131.5.26 - - [28/Aug/2020:09:31:23 +0800] "GET /xingrg/all/function/internal_message.html?_=1598578564787&CODE_STATE=getMsg HTTP/1.1" 200 27
116.230.74.197 - - [28/Aug/2020:09:31:25 +0800] "GET /xingrg/all/function/internal_message.html?_=1598578280676&CODE_STATE=getMsg HTTP/1.1" 200 27
61.172.5.115 - - [28/Aug/2020:09:31:25 +0800] "POST /xingrg/services/DataTransmitService HTTP/1.1" 200 524
61.172.5.115 - - [28/Aug/2020:09:31:26 +0800] "POST /xingrg/services/DataTransmitService HTTP/1.1" 200 497
58.40.7.146 - - [28/Aug/2020:09:31:30 +0800] "GET /xingrg/all/function/internal_message.html?_=1598578287984&CODE_STATE=getMsg HTTP/1.1" 200 27
58.40.7.146 - - [28/Aug/2020:09:31:32 +0800] "GET /xingrg/all/function/internal_message.html?_=1598578289389&CODE_STATE=getMsg HTTP/1.1" 200 27
116.238.90.59 - - [28/Aug/2020:09:31:33 +0800] "GET /xingrg/kc/buy/cgsh_order_operate.html?command=get_materiel&rest_code=00102&code=00101006084&supplier_code=00100011&order_time=2020-08-28 HTTP/1.1" 200 413
114.88.166.242 - - [28/Aug/2020:09:31:36 +0800] "GET /xingrg/all/function/internal_message.html?_=1598578291380&CODE_STATE=getMsg HTTP/1.1" 200 27
116.230.74.197 - - [28/Aug/2020:09:31:37 +0800] "GET /xingrg/kc/buy/cgsh_order_operate.html?command=get_materiel&rest_code=00107&code=00101008350&supplier_code=00100006&order_time=2020-08-28 HTTP/1.1" 200 408
172.17.0.123 - - [28/Aug/2020:09:31:38 +0800] "GET /xingrg/check_reg.html?_=1598578314054 HTTP/1.1" 200 22
172.17.0.123 - - [28/Aug/2020:09:31:38 +0800] "GET /xingrg/all/function/internal_message.html?_=1598578314056&CODE_STATE=getMsg HTTP/1.1" 200 27
114.89.80.44 - - [28/Aug/2020:09:31:38 +0800] "POST /xingrg/kc/buy/cgsh_order_operate.html HTTP/1.1" 200 37
114.89.80.44 - - [28/Aug/2020:09:31:39 +0800] "POST /xingrg/kc/buy/cgsh_order_operate.html HTTP/1.1" 200 27507
116.238.90.59 - - [28/Aug/2020:09:31:41 +0800] "GET /xingrg/kc/buy/cgsh_order_operate.html?command=get_materiel&rest_code=00102&code=00101006136&supplier_code=00100011&order_time=2020-08-28 HTTP/1.1" 200 417
172.17.0.185 - - [28/Aug/2020:09:31:44 +0800] "GET /xingrg/all/function/internal_message.html?_=1598578300261&CODE_STATE=getMsg HTTP/1.1" 200 27
114.89.80.44 - - [28/Aug/2020:09:31:44 +0800] "GET /xingrg/kc/buy/cgsh_order_operate.html?command=get_materiel&rest_code=00150&code=00101008337&supplier_code=00100007&order_time=2020-08-28 HTTP/1.1" 200 408
116.230.74.197 - - [28/Aug/2020:09:31:46 +0800] "GET /xingrg/kc/buy/cgsh_order_operate.html?command=get_materiel&rest_code=00107&code=00101008244&supplier_code=00100006&order_time=2020-08-28 HTTP/1.1" 200 408
58.221.95.50 - - [28/Aug/2020:09:31:47 +0800] "GET /xingrg/check_reg.html?_=1598578436747 HTTP/1.1" 200 22
116.238.90.59 - - [28/Aug/2020:09:31:48 +0800] "GET /xingrg/kc/buy/cgsh_order_operate.html?command=get_materiel&rest_code=00102&code=00101006195&supplier_code=00100011&order_time=2020-08-28 HTTP/1.1" 200 409
116.230.74.197 - - [28/Aug/2020:09:31:48 +0800] "POST /xingrg/kc/buy/cgsh_order_operate.html HTTP/1.1" 200 2065
218.81.217.115 - - [28/Aug/2020:09:31:48 +0800] "GET /xingrg/all/function/internal_message.html?_=1598578321100&CODE_STATE=getMsg HTTP/1.1" 200 27
172.17.200.101 - - [28/Aug/2020:09:31:52 +0800] "GET /xingrg/all/function/internal_message.html?_=1598578312597&CODE_STATE=getMsg HTTP/1.1" 200 27
172.17.200.101 - - [28/Aug/2020:09:31:52 +0800] "GET /xingrg/check_reg.html?_=1598578312601 HTTP/1.1" 200 22
114.89.80.44 - - [28/Aug/2020:09:31:53 +0800] "GET /xingrg/kc/buy/cgsh_order_operate.html?command=get_materiel&rest_code=00150&code=00101008331&supplier_code=00100007&order_time=2020-08-28 HTTP/1.1" 200 416
222.69.138.195 - - [28/Aug/2020:09:31:53 +0800] "GET /xingrg/all/function/internal_message.html?_=1598578303184&CODE_STATE=getMsg HTTP/1.1" 200 27
222.69.138.195 - - [28/Aug/2020:09:31:53 +0800] "GET /xingrg/check_reg.html?_=1598578303184 HTTP/1.1" 200 22
116.230.74.197 - - [28/Aug/2020:09:31:56 +0800] "GET /xingrg/kc/buy/cgsh_order_operate.html?command=get_materiel&rest_code=00107&code=00101008354&supplier_code=00100006&order_time=2020-08-28 HTTP/1.1" 200 412
61.172.5.115 - - [28/Aug/2020:09:31:59 +0800] "GET /xingrg/all/function/internal_message.html?_=1598578320162&CODE_STATE=getMsg HTTP/1.1" 200 27
116.238.90.59 - - [28/Aug/2020:09:32:00 +0800] "GET /xingrg/kc/buy/cgsh_order_operate.html?command=get_materiel&rest_code=00102&code=00101006106&supplier_code=00100011&order_time=2020-08-28 HTTP/1.1" 200 421
117.184.7.30 - - [28/Aug/2020:09:32:01 +0800] "GET /xingrg/all/function/internal_message.html?_=1598578311825&CODE_STATE=getMsg HTTP/1.1" 200 27
117.184.7.30 - - [28/Aug/2020:09:32:01 +0800] "GET /xingrg/check_reg.html?_=1598578312031 HTTP/1.1" 200 22
58.37.227.225 - - [28/Aug/2020:09:32:03 +0800] "GET /xingrg/check_reg.html?_=1598578334070 HTTP/1.1" 200 22
114.86.188.99 - - [28/Aug/2020:09:32:03 +0800] "GET /xingrg/all/function/internal_message.html?_=1598578328760&CODE_STATE=getMsg HTTP/1.1" 200 27
218.81.217.115 - - [28/Aug/2020:09:32:05 +0800] "GET /xingrg/all/function/internal_message.html?_=1598578307920&CODE_STATE=getMsg HTTP/1.1" 200 27
117.185.32.26 - - [28/Aug/2020:09:32:07 +0800] "GET /xingrg/check_reg.html?_=1598578750690 HTTP/1.1" 200 22
117.185.32.26 - - [28/Aug/2020:09:32:07 +0800] "GET /xingrg/all/function/internal_message.html?_=1598578750691&CODE_STATE=getMsg HTTP/1.1" 200 27
114.89.80.44 - - [28/Aug/2020:09:32:09 +0800] "GET /xingrg/kc/buy/cgsh_order_operate.html?command=get_materiel&rest_code=00150&code=00101008088&supplier_code=00100007&order_time=2020-08-28 HTTP/1.1" 200 408
116.230.74.197 - - [28/Aug/2020:09:32:11 +0800] "GET /xingrg/kc/buy/cgsh_order_operate.html?command=get_materiel&rest_code=00107&code=00101008298&supplier_code=00100006&order_time=2020-08-28 HTTP/1.1" 200 412
114.89.80.44 - - [28/Aug/2020:09:32:11 +0800] "GET /xingrg/all/function/internal_message.html?_=1598578323460&CODE_STATE=getMsg HTTP/1.1" 200 27
114.89.80.44 - - [28/Aug/2020:09:32:11 +0800] "GET /xingrg/check_reg.html?_=1598578323462 HTTP/1.1" 200 22
114.89.80.44 - - [28/Aug/2020:09:32:12 +0800] "POST /xingrg/kc/buy/cgsh_order_operate.html HTTP/1.1" 200 2065
172.17.0.115 - - [28/Aug/2020:09:32:15 +0800] "GET /xingrg/all/function/internal_message.html?_=1598578347765&CODE_STATE=getMsg HTTP/1.1" 200 27
116.238.90.59 - - [28/Aug/2020:09:32:15 +0800] "GET /xingrg/kc/buy/cgsh_order_operate.html?command=get_materiel&rest_code=00102&code=00101006063&supplier_code=00100011&order_time=2020-08-28 HTTP/1.1" 200 413
114.89.80.44 - - [28/Aug/2020:09:32:16 +0800] "GET /xingrg/kc/buy/cgsh_order_operate.html?command=get_materiel&rest_code=00150&code=00101008224&supplier_code=00100007&order_time=2020-08-28 HTTP/1.1" 200 416
116.238.90.59 - - [28/Aug/2020:09:32:18 +0800] "GET /xingrg/check_reg.html?_=1598578542854 HTTP/1.1" 200 22
116.238.90.59 - - [28/Aug/2020:09:32:18 +0800] "GET /xingrg/all/function/internal_message.html?_=1598578542914&CODE_STATE=getMsg HTTP/1.1" 200 27
58.221.95.50 - - [28/Aug/2020:09:32:19 +0800] "GET /xingrg/all/function/internal_message.html?_=1598578468838&CODE_STATE=getMsg HTTP/1.1" 200 27
172.17.0.117 - - [28/Aug/2020:09:32:20 +0800] "GET /xingrg/all/function/internal_message.html?_=1598578344993&CODE_STATE=getMsg HTTP/1.1" 200 27
172.17.0.117 - - [28/Aug/2020:09:32:20 +0800] "GET /xingrg/check_reg.html?_=1598578344996 HTTP/1.1" 200 22
117.131.5.26 - - [28/Aug/2020:09:32:23 +0800] "GET /xingrg/all/function/internal_message.html?_=1598578624796&CODE_STATE=getMsg HTTP/1.1" 200 27
116.230.74.197 - - [28/Aug/2020:09:32:24 +0800] "GET /xingrg/kc/buy/cgsh_order_operate.html?command=get_materiel&rest_code=00107&code=00101008096&supplier_code=00100006&order_time=2020-08-28 HTTP/1.1" 200 412
116.238.90.59 - - [28/Aug/2020:09:32:25 +0800] "GET /xingrg/kc/buy/cgsh_order_operate.html?command=get_materiel&rest_code=00102&code=00101006017&supplier_code=00100011&order_time=2020-08-28 HTTP/1.1" 200 417
116.230.74.197 - - [28/Aug/2020:09:32:25 +0800] "GET /xingrg/all/function/internal_message.html?_=1598578340734&CODE_STATE=getMsg HTTP/1.1" 200 27
58.40.7.146 - - [28/Aug/2020:09:32:30 +0800] "GET /xingrg/all/function/internal_message.html?_=1598578347970&CODE_STATE=getMsg HTTP/1.1" 200 27
116.238.90.59 - - [28/Aug/2020:09:32:30 +0800] "GET /xingrg/kc/buy/cgsh_order_operate.html?command=get_materiel&rest_code=00102&code=00101006133&supplier_code=00100011&order_time=2020-08-28 HTTP/1.1" 200 413
114.89.80.44 - - [28/Aug/2020:09:32:31 +0800] "GET /xingrg/kc/buy/cgsh_order_operate.html?command=get_materiel&rest_code=00150&code=00101008150&supplier_code=00100007&order_time=2020-08-28 HTTP/1.1" 200 409
58.40.7.146 - - [28/Aug/2020:09:32:32 +0800] "GET /xingrg/all/function/internal_message.html?_=1598578349359&CODE_STATE=getMsg HTTP/1.1" 200 27
114.88.166.242 - - [28/Aug/2020:09:32:36 +0800] "GET /xingrg/all/function/internal_message.html?_=1598578351397&CODE_STATE=getMsg HTTP/1.1" 200 27
172.17.0.123 - - [28/Aug/2020:09:32:38 +0800] "GET /xingrg/all/function/internal_message.html?_=1598578374057&CODE_STATE=getMsg HTTP/1.1" 200 27
114.89.80.44 - - [28/Aug/2020:09:32:38 +0800] "GET /xingrg/kc/buy/cgsh_order_operate.html?command=get_materiel&rest_code=00150&code=00101015038&supplier_code=00100007&order_time=2020-08-28 HTTP/1.1" 200 419
116.238.90.59 - - [28/Aug/2020:09:32:41 +0800] "GET /xingrg/kc/buy/cgsh_order_operate.html?command=get_materiel&rest_code=00102&code=00101006112&supplier_code=00100011&order_time=2020-08-28 HTTP/1.1" 200 409
172.17.0.185 - - [28/Aug/2020:09:32:44 +0800] "GET /xingrg/all/function/internal_message.html?_=1598578360254&CODE_STATE=getMsg HTTP/1.1" 200 27
116.230.74.197 - - [28/Aug/2020:09:32:45 +0800] "GET /xingrg/kc/buy/cgsh_order_operate.html?command=get_materiel&rest_code=00107&code=00101008283&supplier_code=00100006&order_time=2020-08-28 HTTP/1.1" 200 408
114.89.80.44 - - [28/Aug/2020:09:32:45 +0800] "GET /xingrg/kc/buy/cgsh_order_operate.html?command=get_materiel&rest_code=00150&code=00101008102&supplier_code=00100007&order_time=2020-08-28 HTTP/1.1" 200 413
114.89.80.44 - - [28/Aug/2020:09:32:48 +0800] "POST /xingrg/kc/buy/cgsh_order_operate.html HTTP/1.1" 200 2065
116.230.74.197 - - [28/Aug/2020:09:32:48 +0800] "POST /xingrg/kc/buy/cgsh_order_operate.html HTTP/1.1" 200 2065
218.81.217.115 - - [28/Aug/2020:09:32:49 +0800] "GET /xingrg/all/function/internal_message.html?_=1598578381114&CODE_STATE=getMsg HTTP/1.1" 200 27
114.86.188.99 - - [28/Aug/2020:09:32:49 +0800] "GET /xingrg/kc/buy/cgyd_order_list.html HTTP/1.1" 200 43281
114.86.188.99 - - [28/Aug/2020:09:32:49 +0800] "GET /xingrg/css/base.css HTTP/1.1" 304 -
114.86.188.99 - - [28/Aug/2020:09:32:49 +0800] "GET /xingrg/javascript/jquery_tools/jquery.tools.table.js HTTP/1.1" 304 -
114.86.188.99 - - [28/Aug/2020:09:32:49 +0800] "GET /xingrg/javascript/easyui/themes/default/easyui.css HTTP/1.1" 304 -
114.86.188.99 - - [28/Aug/2020:09:32:49 +0800] "GET /xingrg/javascript/easyui/themes/icon.css HTTP/1.1" 304 -
114.86.188.99 - - [28/Aug/2020:09:32:49 +0800] "GET /xingrg/javascript/auto/jquery.autocomplete.css HTTP/1.1" 304 -
114.86.188.99 - - [28/Aug/2020:09:32:49 +0800] "GET /xingrg/javascript/jquery_tools/fix.css HTTP/1.1" 304 -
114.86.188.99 - - [28/Aug/2020:09:32:49 +0800] "GET /xingrg/css/site.css HTTP/1.1" 304 -
114.86.188.99 - - [28/Aug/2020:09:32:49 +0800] "GET /xingrg/javascript/jquery_tools/datebox.css HTTP/1.1" 304 -
114.86.188.99 - - [28/Aug/2020:09:32:49 +0800] "GET /xingrg/javascript/auto/jquery.autocomplete.js HTTP/1.1" 304 -
114.86.188.99 - - [28/Aug/2020:09:32:49 +0800] "GET /xingrg/javascript/jquery_tools/table.css HTTP/1.1" 304 -
114.86.188.99 - - [28/Aug/2020:09:32:49 +0800] "GET /xingrg/javascript/jquery_tools/jquery.tools.min.js HTTP/1.1" 304 -
114.86.188.99 - - [28/Aug/2020:09:32:49 +0800] "GET /xingrg/javascript/jquery_tools/list_manager.js HTTP/1.1" 304 -
114.86.188.99 - - [28/Aug/2020:09:32:49 +0800] "GET /xingrg/javascript/jquery_tools/jquery.tools.extend.js HTTP/1.1" 304 -
114.86.188.99 - - [28/Aug/2020:09:32:49 +0800] "GET /xingrg/javascript/jquery_tools/jquery.tools.hotkey.js HTTP/1.1" 304 -
114.86.188.99 - - [28/Aug/2020:09:32:49 +0800] "GET /xingrg/javascript/easyui/easyloader.js HTTP/1.1" 304 -
114.86.188.99 - - [28/Aug/2020:09:32:49 +0800] "GET /xingrg/javascript/jquery.utils.js HTTP/1.1" 304 -
114.86.188.99 - - [28/Aug/2020:09:32:49 +0800] "GET /xingrg/javascript/print/LodopFuncs.js HTTP/1.1" 304 -
114.86.188.99 - - [28/Aug/2020:09:32:49 +0800] "GET /xingrg/javascript/jquery.cookie.js HTTP/1.1" 304 -
114.86.188.99 - - [28/Aug/2020:09:32:49 +0800] "GET /xingrg/javascript/easyui/plugins/jquery.parser.js HTTP/1.1" 304 -
114.86.188.99 - - [28/Aug/2020:09:32:49 +0800] "GET /xingrg/javascript/jquery_tools/datebox.css HTTP/1.1" 304 -
114.86.188.99 - - [28/Aug/2020:09:32:49 +0800] "GET /xingrg/css/site.css HTTP/1.1" 304 -
114.86.188.99 - - [28/Aug/2020:09:32:49 +0800] "GET /xingrg/javascript/easyui/themes/default/easyui.css HTTP/1.1" 304 -
114.86.188.99 - - [28/Aug/2020:09:32:49 +0800] "GET /xingrg/javascript/easyui/themes/icon.css HTTP/1.1" 304 -
114.86.188.99 - - [28/Aug/2020:09:32:49 +0800] "GET /xingrg/javascript/auto/jquery.autocomplete.css HTTP/1.1" 304 -
114.86.188.99 - - [28/Aug/2020:09:32:49 +0800] "GET /xingrg/javascript/jquery_tools/fix.css HTTP/1.1" 304 -
114.86.188.99 - - [28/Aug/2020:09:32:49 +0800] "GET /xingrg/javascript/jquery_tools/jquery.tools.min.js HTTP/1.1" 304 -
114.86.188.99 - - [28/Aug/2020:09:32:49 +0800] "GET /xingrg/css/base.css HTTP/1.1" 304 -
114.86.188.99 - - [28/Aug/2020:09:32:49 +0800] "GET /xingrg/javascript/jquery_tools/table.css HTTP/1.1" 304 -
114.86.188.99 - - [28/Aug/2020:09:32:49 +0800] "GET /xingrg/javascript/jquery_tools/jquery.tools.extend.js HTTP/1.1" 304 -
114.86.188.99 - - [28/Aug/2020:09:32:49 +0800] "GET /xingrg/javascript/jquery_tools/jquery.tools.hotkey.js HTTP/1.1" 304 -
114.86.188.99 - - [28/Aug/2020:09:32:49 +0800] "GET /xingrg/javascript/jquery_tools/list_manager.js HTTP/1.1" 304 -
114.86.188.99 - - [28/Aug/2020:09:32:49 +0800] "GET /xingrg/javascript/jquery_tools/jquery.tools.table.js HTTP/1.1" 304 -
114.86.188.99 - - [28/Aug/2020:09:32:49 +0800] "GET /xingrg/javascript/jquery.utils.js HTTP/1.1" 304 -
114.86.188.99 - - [28/Aug/2020:09:32:49 +0800] "GET /xingrg/javascript/jquery.cookie.js HTTP/1.1" 304 -
114.86.188.99 - - [28/Aug/2020:09:32:49 +0800] "GET /xingrg/javascript/auto/jquery.autocomplete.js HTTP/1.1" 304 -
114.86.188.99 - - [28/Aug/2020:09:32:49 +0800] "POST /xingrg/kc/buy/cgyd_list_operate.html HTTP/1.1" 200 976
114.86.188.99 - - [28/Aug/2020:09:32:49 +0800] "GET /xingrg/javascript/print/LodopFuncs.js HTTP/1.1" 304 -
114.86.188.99 - - [28/Aug/2020:09:32:49 +0800] "GET /xingrg/javascript/easyui/easyloader.js HTTP/1.1" 304 -
114.86.188.99 - - [28/Aug/2020:09:32:49 +0800] "GET /xingrg/kc/buy/cgsh_order_list.html HTTP/1.1" 200 43814
114.86.188.99 - - [28/Aug/2020:09:32:49 +0800] "GET /xingrg/javascript/easyui/plugins/jquery.parser.js HTTP/1.1" 304 -
114.86.188.99 - - [28/Aug/2020:09:32:50 +0800] "POST /xingrg/kc/buy/cgsh_list_operate.html HTTP/1.1" 200 3095
114.86.188.99 - - [28/Aug/2020:09:32:51 +0800] "GET /xingrg/javascript/easyui/themes/default/images/button_plain_hover.png HTTP/1.1" 304 -
114.86.188.99 - - [28/Aug/2020:09:32:51 +0800] "GET /xingrg/javascript/easyui/themes/default/images/button_plain_hover.png HTTP/1.1" 304 -
114.86.188.99 - - [28/Aug/2020:09:32:52 +0800] "GET /xingrg/javascript/jquery_tools/datebox.css HTTP/1.1" 304 -
114.86.188.99 - - [28/Aug/2020:09:32:52 +0800] "GET /xingrg/javascript/easyui/themes/default/easyui.css HTTP/1.1" 304 -
114.86.188.99 - - [28/Aug/2020:09:32:52 +0800] "GET /xingrg/css/base.css HTTP/1.1" 304 -
114.86.188.99 - - [28/Aug/2020:09:32:52 +0800] "GET /xingrg/javascript/jquery_tools/table.css HTTP/1.1" 304 -
114.86.188.99 - - [28/Aug/2020:09:32:52 +0800] "GET /xingrg/javascript/easyui/themes/icon.css HTTP/1.1" 304 -
114.86.188.99 - - [28/Aug/2020:09:32:52 +0800] "GET /xingrg/css/site.css HTTP/1.1" 304 -
114.86.188.99 - - [28/Aug/2020:09:32:52 +0800] "GET /xingrg/javascript/auto/jquery.autocomplete.css HTTP/1.1" 304 -
114.86.188.99 - - [28/Aug/2020:09:32:52 +0800] "GET /xingrg/javascript/jquery_tools/fix.css HTTP/1.1" 304 -
114.86.188.99 - - [28/Aug/2020:09:32:52 +0800] "GET /xingrg/javascript/jquery.utils.js HTTP/1.1" 304 -
114.86.188.99 - - [28/Aug/2020:09:32:52 +0800] "GET /xingrg/javascript/jquery_tools/jquery.tools.extend.js HTTP/1.1" 304 -
114.86.188.99 - - [28/Aug/2020:09:32:52 +0800] "GET /xingrg/javascript/json2.js HTTP/1.1" 304 -
114.86.188.99 - - [28/Aug/2020:09:32:52 +0800] "GET /xingrg/javascript/convert.js HTTP/1.1" 304 -
114.86.188.99 - - [28/Aug/2020:09:32:52 +0800] "GET /xingrg/javascript/jquery_tools/order_manager.js HTTP/1.1" 304 -
114.86.188.99 - - [28/Aug/2020:09:32:52 +0800] "GET /xingrg/javascript/jquery_tools/jquery.tools.min.js HTTP/1.1" 304 -
114.86.188.99 - - [28/Aug/2020:09:32:52 +0800] "GET /xingrg/javascript/jquery.cookie.js HTTP/1.1" 304 -
114.86.188.99 - - [28/Aug/2020:09:32:52 +0800] "GET /xingrg/javascript/easyui/easyloader.js HTTP/1.1" 304 -
114.86.188.99 - - [28/Aug/2020:09:32:52 +0800] "GET /xingrg/javascript/jquery_tools/jquery.tools.hotkey.js HTTP/1.1" 304 -
114.86.188.99 - - [28/Aug/2020:09:32:52 +0800] "GET /xingrg/javascript/pic_change.js HTTP/1.1" 304 -
114.86.188.99 - - [28/Aug/2020:09:32:52 +0800] "GET /xingrg/javascript/auto/jquery.autocomplete.js HTTP/1.1" 304 -
114.86.188.99 - - [28/Aug/2020:09:32:52 +0800] "GET /xingrg/javascript/jquery_tools/jquery.tools.table.js HTTP/1.1" 304 -
114.86.188.99 - - [28/Aug/2020:09:32:52 +0800] "GET /xingrg/javascript/print/LodopFuncs.js HTTP/1.1" 304 -
114.86.188.99 - - [28/Aug/2020:09:32:52 +0800] "GET /xingrg/javascript/print/kc_print.js HTTP/1.1" 304 -
114.86.188.99 - - [28/Aug/2020:09:32:52 +0800] "GET /xingrg/kc/buy/cgsh_order_add.html HTTP/1.1" 200 59546
114.86.188.99 - - [28/Aug/2020:09:32:52 +0800] "GET /xingrg/words/20200827110701_words.js HTTP/1.1" 304 -
172.17.200.101 - - [28/Aug/2020:09:32:52 +0800] "GET /xingrg/all/function/internal_message.html?_=1598578372601&CODE_STATE=getMsg HTTP/1.1" 200 27
114.86.188.99 - - [28/Aug/2020:09:32:52 +0800] "GET /xingrg/javascript/easyui/themes/icons/template_new.png HTTP/1.1" 304 -
114.86.188.99 - - [28/Aug/2020:09:32:52 +0800] "GET /xingrg/javascript/easyui/themes/icons/copy_new.png HTTP/1.1" 304 -
114.86.188.99 - - [28/Aug/2020:09:32:52 +0800] "GET /xingrg/javascript/easyui/themes/icons/print.png HTTP/1.1" 304 -
114.86.188.99 - - [28/Aug/2020:09:32:52 +0800] "GET /xingrg/javascript/easyui/themes/icons/ok.png HTTP/1.1" 304 -
114.86.188.99 - - [28/Aug/2020:09:32:52 +0800] "GET /xingrg/javascript/easyui/themes/default/images/menu_downarrow.png HTTP/1.1" 304 -
114.86.188.99 - - [28/Aug/2020:09:32:52 +0800] "GET /xingrg/javascript/easyui/themes/icons/cancel.png HTTP/1.1" 304 -
114.86.188.99 - - [28/Aug/2020:09:32:52 +0800] "GET /xingrg/javascript/easyui/plugins/jquery.parser.js HTTP/1.1" 304 -
114.86.188.99 - - [28/Aug/2020:09:32:52 +0800] "POST /xingrg/kc/buy/cgsh_order_operate.html HTTP/1.1" 200 8245
114.86.188.99 - - [28/Aug/2020:09:32:52 +0800] "GET /xingrg/all/common/auto_word.html?type=employee&rest_code=00148 HTTP/1.1" 200 147
114.86.188.99 - - [28/Aug/2020:09:32:52 +0800] "GET /xingrg/all/common/auto_word.html?type=employee&rest_code=00148 HTTP/1.1" 200 147
114.86.188.99 - - [28/Aug/2020:09:32:52 +0800] "GET /xingrg/javascript/easyui/themes/default/validatebox.css HTTP/1.1" 404 1104
114.86.188.99 - - [28/Aug/2020:09:32:52 +0800] "GET /xingrg/javascript/easyui/plugins/jquery.validatebox.js HTTP/1.1" 304 -
114.86.188.99 - - [28/Aug/2020:09:32:52 +0800] "GET /xingrg/javascript/easyui/plugins/jquery.numberbox.js HTTP/1.1" 304 -
222.69.138.195 - - [28/Aug/2020:09:32:53 +0800] "GET /xingrg/all/function/internal_message.html?_=1598578363188&CODE_STATE=getMsg HTTP/1.1" 200 27
114.89.80.44 - - [28/Aug/2020:09:32:53 +0800] "GET /xingrg/kc/buy/cgsh_order_operate.html?command=get_materiel&rest_code=00150&code=00101008284&supplier_code=00100007&order_time=2020-08-28 HTTP/1.1" 200 413
114.86.188.99 - - [28/Aug/2020:09:32:55 +0800] "GET /xingrg/javascript/pic_change.js HTTP/1.1" 304 -
114.86.188.99 - - [28/Aug/2020:09:32:55 +0800] "GET /xingrg/javascript/jquery_tools/order_manager.js HTTP/1.1" 304 -
114.86.188.99 - - [28/Aug/2020:09:32:55 +0800] "GET /xingrg/javascript/print/kc_print.js HTTP/1.1" 304 -
114.86.188.99 - - [28/Aug/2020:09:32:55 +0800] "GET /xingrg/javascript/jquery_tools/jquery.tools.extend.js HTTP/1.1" 304 -
114.86.188.99 - - [28/Aug/2020:09:32:55 +0800] "GET /xingrg/javascript/jquery.utils.js HTTP/1.1" 304 -
114.86.188.99 - - [28/Aug/2020:09:32:55 +0800] "GET /xingrg/javascript/jquery_tools/jquery.tools.min.js HTTP/1.1" 304 -
114.86.188.99 - - [28/Aug/2020:09:32:55 +0800] "GET /xingrg/javascript/jquery_tools/jquery.tools.hotkey.js HTTP/1.1" 304 -
114.86.188.99 - - [28/Aug/2020:09:32:55 +0800] "GET /xingrg/javascript/auto/jquery.autocomplete.js HTTP/1.1" 304 -
114.86.188.99 - - [28/Aug/2020:09:32:55 +0800] "GET /xingrg/javascript/jquery_tools/jquery.tools.table.js HTTP/1.1" 304 -
114.86.188.99 - - [28/Aug/2020:09:32:55 +0800] "GET /xingrg/javascript/convert.js HTTP/1.1" 304 -
114.86.188.99 - - [28/Aug/2020:09:32:55 +0800] "GET /xingrg/javascript/easyui/plugins/jquery.numberbox.js HTTP/1.1" 304 -
114.86.188.99 - - [28/Aug/2020:09:32:55 +0800] "GET /xingrg/javascript/easyui/plugins/jquery.validatebox.js HTTP/1.1" 304 -
114.86.188.99 - - [28/Aug/2020:09:32:55 +0800] "GET /xingrg/javascript/jquery.cookie.js HTTP/1.1" 304 -
114.86.188.99 - - [28/Aug/2020:09:32:55 +0800] "GET /xingrg/javascript/easyui/easyloader.js HTTP/1.1" 304 -
114.86.188.99 - - [28/Aug/2020:09:32:55 +0800] "GET /xingrg/javascript/easyui/plugins/jquery.parser.js HTTP/1.1" 304 -
114.86.188.99 - - [28/Aug/2020:09:32:55 +0800] "GET /xingrg/words/20200827110701_words.js HTTP/1.1" 304 -
114.86.188.99 - - [28/Aug/2020:09:32:55 +0800] "GET /xingrg/javascript/print/LodopFuncs.js HTTP/1.1" 304 -
114.86.188.99 - - [28/Aug/2020:09:32:55 +0800] "GET /xingrg/javascript/json2.js HTTP/1.1" 304 -
116.230.74.197 - - [28/Aug/2020:09:32:57 +0800] "GET /xingrg/kc/buy/cgsh_order_operate.html?command=get_materiel&rest_code=00107&code=00101008224&supplier_code=00100006&order_time=2020-08-28 HTTP/1.1" 200 416
61.172.5.115 - - [28/Aug/2020:09:32:59 +0800] "GET /xingrg/check_reg.html?_=1598578380150 HTTP/1.1" 200 22
61.172.5.115 - - [28/Aug/2020:09:32:59 +0800] "GET /xingrg/all/function/internal_message.html?_=1598578380154&CODE_STATE=getMsg HTTP/1.1" 200 27
114.86.188.99 - - [28/Aug/2020:09:33:00 +0800] "GET /xingrg/kc/buy/cgsh_order_operate.html?command=get_materiel&rest_code=00148&code=00101008045&supplier_code=00100007&order_time=2020-08-28 HTTP/1.1" 200 412
114.89.80.44 - - [28/Aug/2020:09:33:00 +0800] "GET /xingrg/kc/buy/cgsh_order_operate.html?command=get_materiel&rest_code=00150&code=00101015036&supplier_code=00100007&order_time=2020-08-28 HTTP/1.1" 200 413
117.184.7.30 - - [28/Aug/2020:09:33:01 +0800] "GET /xingrg/all/function/internal_message.html?_=1598578371847&CODE_STATE=getMsg HTTP/1.1" 200 27
