61.129.6.251 - - [28/Aug/2020:08:33:52 +0800] "GET /xingrg/login.html HTTP/1.1" 200 7641
61.172.5.115 - - [28/Aug/2020:08:33:59 +0800] "GET /xingrg/all/function/internal_message.html?_=1598574840103&CODE_STATE=getMsg HTTP/1.1" 200 27
218.81.217.115 - - [28/Aug/2020:08:34:00 +0800] "GET /xingrg/all/function/internal_message.html?_=1598574823295&CODE_STATE=getMsg HTTP/1.1" 200 27
172.17.0.115 - - [28/Aug/2020:08:34:02 +0800] "GET /xingrg/check_reg.html?_=1598574855276 HTTP/1.1" 200 22
117.185.32.26 - - [28/Aug/2020:08:34:07 +0800] "GET /xingrg/all/function/internal_message.html?_=1598575270448&CODE_STATE=getMsg HTTP/1.1" 200 27
58.40.7.146 - - [28/Aug/2020:08:34:09 +0800] "GET /xingrg/check_reg.html?_=1598574846474 HTTP/1.1" 200 22
172.17.0.115 - - [28/Aug/2020:08:34:14 +0800] "GET /xingrg/all/function/internal_message.html?_=1598574866976&CODE_STATE=getMsg HTTP/1.1" 200 27
117.185.32.26 - - [28/Aug/2020:08:34:15 +0800] "POST /xingrg/kc/buy/cgsh_order_operate.html HTTP/1.1" 200 37
117.185.32.26 - - [28/Aug/2020:08:34:17 +0800] "POST /xingrg/kc/buy/cgsh_order_operate.html HTTP/1.1" 200 3845
172.17.0.117 - - [28/Aug/2020:08:34:20 +0800] "GET /xingrg/all/function/internal_message.html?_=1598574864898&CODE_STATE=getMsg HTTP/1.1" 200 27
58.221.95.50 - - [28/Aug/2020:08:34:21 +0800] "GET /xingrg/all/function/internal_message.html?_=1598574990210&CODE_STATE=getMsg HTTP/1.1" 200 27
117.185.32.26 - - [28/Aug/2020:08:34:21 +0800] "GET /xingrg/kc/buy/buy_main.html HTTP/1.1" 200 12412
117.185.32.26 - - [28/Aug/2020:08:34:21 +0800] "GET /xingrg/css/new_ie.css HTTP/1.1" 404 1036
117.131.5.26 - - [28/Aug/2020:08:34:21 +0800] "GET /xingrg/all/function/internal_message.html?_=1598575143649&CODE_STATE=getMsg HTTP/1.1" 200 27
117.185.32.26 - - [28/Aug/2020:08:34:23 +0800] "GET /xingrg/images/yd/bt.gif HTTP/1.1" 404 1040
117.185.32.26 - - [28/Aug/2020:08:34:23 +0800] "GET /xingrg/kc/buy/cgsh_order_list.html HTTP/1.1" 200 43808
117.185.32.26 - - [28/Aug/2020:08:34:25 +0800] "POST /xingrg/kc/buy/cgsh_list_operate.html HTTP/1.1" 200 1688
117.185.32.26 - - [28/Aug/2020:08:34:31 +0800] "POST /xingrg/kc/buy/cgsh_list_operate.html HTTP/1.1" 200 1688
117.185.32.26 - - [28/Aug/2020:08:34:32 +0800] "GET /xingrg/kc/buy/buy_main.html HTTP/1.1" 200 12412
117.185.32.26 - - [28/Aug/2020:08:34:32 +0800] "GET /xingrg/css/new_ie.css HTTP/1.1" 404 1036
58.40.7.146 - - [28/Aug/2020:08:34:33 +0800] "GET /xingrg/all/function/internal_message.html?_=1598574870835&CODE_STATE=getMsg HTTP/1.1" 200 27
172.17.0.123 - - [28/Aug/2020:08:34:38 +0800] "GET /xingrg/all/function/internal_message.html?_=1598574894056&CODE_STATE=getMsg HTTP/1.1" 200 27
172.17.0.185 - - [28/Aug/2020:08:34:44 +0800] "GET /xingrg/all/function/internal_message.html?_=1598574880258&CODE_STATE=getMsg HTTP/1.1" 200 27
218.81.217.115 - - [28/Aug/2020:08:34:59 +0800] "GET /xingrg/check_reg.html?_=1598574881906 HTTP/1.1" 200 22
61.172.5.115 - - [28/Aug/2020:08:34:59 +0800] "GET /xingrg/all/function/internal_message.html?_=1598574900103&CODE_STATE=getMsg HTTP/1.1" 200 27
218.81.217.115 - - [28/Aug/2020:08:35:01 +0800] "GET /xingrg/all/function/internal_message.html?_=1598574883308&CODE_STATE=getMsg HTTP/1.1" 200 27
117.185.32.26 - - [28/Aug/2020:08:35:07 +0800] "GET /xingrg/all/function/internal_message.html?_=1598575330457&CODE_STATE=getMsg HTTP/1.1" 200 27
172.17.0.115 - - [28/Aug/2020:08:35:14 +0800] "GET /xingrg/all/function/internal_message.html?_=1598574926990&CODE_STATE=getMsg HTTP/1.1" 200 27
172.17.0.117 - - [28/Aug/2020:08:35:20 +0800] "GET /xingrg/all/function/internal_message.html?_=1598574924898&CODE_STATE=getMsg HTTP/1.1" 200 27
58.221.95.50 - - [28/Aug/2020:08:35:20 +0800] "GET /xingrg/all/function/internal_message.html?_=1598575050184&CODE_STATE=getMsg HTTP/1.1" 200 27
117.131.5.26 - - [28/Aug/2020:08:35:21 +0800] "GET /xingrg/all/function/internal_message.html?_=1598575203681&CODE_STATE=getMsg HTTP/1.1" 200 27
58.40.7.146 - - [28/Aug/2020:08:35:33 +0800] "GET /xingrg/all/function/internal_message.html?_=1598574930807&CODE_STATE=getMsg HTTP/1.1" 200 27
172.17.0.123 - - [28/Aug/2020:08:35:38 +0800] "GET /xingrg/all/function/internal_message.html?_=1598574954059&CODE_STATE=getMsg HTTP/1.1" 200 27
172.17.0.185 - - [28/Aug/2020:08:35:44 +0800] "GET /xingrg/check_reg.html?_=1598574940248 HTTP/1.1" 200 22
172.17.0.185 - - [28/Aug/2020:08:35:44 +0800] "GET /xingrg/all/function/internal_message.html?_=1598574940252&CODE_STATE=getMsg HTTP/1.1" 200 27
61.172.5.115 - - [28/Aug/2020:08:35:59 +0800] "GET /xingrg/all/function/internal_message.html?_=1598574960104&CODE_STATE=getMsg HTTP/1.1" 200 27
218.81.217.115 - - [28/Aug/2020:08:36:01 +0800] "GET /xingrg/all/function/internal_message.html?_=1598574943321&CODE_STATE=getMsg HTTP/1.1" 200 27
117.185.32.26 - - [28/Aug/2020:08:36:07 +0800] "GET /xingrg/all/function/internal_message.html?_=1598575390456&CODE_STATE=getMsg HTTP/1.1" 200 27
117.131.5.26 - - [28/Aug/2020:08:36:09 +0800] "GET /xingrg/check_reg.html?_=1598575251670 HTTP/1.1" 200 22
172.17.0.115 - - [28/Aug/2020:08:36:14 +0800] "GET /xingrg/all/function/internal_message.html?_=1598574987010&CODE_STATE=getMsg HTTP/1.1" 200 27
172.17.0.117 - - [28/Aug/2020:08:36:20 +0800] "GET /xingrg/all/function/internal_message.html?_=1598574984903&CODE_STATE=getMsg HTTP/1.1" 200 27
58.221.95.50 - - [28/Aug/2020:08:36:20 +0800] "GET /xingrg/all/function/internal_message.html?_=1598575110157&CODE_STATE=getMsg HTTP/1.1" 200 27
117.131.5.26 - - [28/Aug/2020:08:36:21 +0800] "GET /xingrg/all/function/internal_message.html?_=1598575263697&CODE_STATE=getMsg HTTP/1.1" 200 27
58.40.7.146 - - [28/Aug/2020:08:36:33 +0800] "GET /xingrg/all/function/internal_message.html?_=1598574990778&CODE_STATE=getMsg HTTP/1.1" 200 27
172.17.0.123 - - [28/Aug/2020:08:36:38 +0800] "GET /xingrg/all/function/internal_message.html?_=1598575014061&CODE_STATE=getMsg HTTP/1.1" 200 27
172.17.0.123 - - [28/Aug/2020:08:36:38 +0800] "GET /xingrg/check_reg.html?_=1598575014063 HTTP/1.1" 200 22
172.17.0.185 - - [28/Aug/2020:08:36:44 +0800] "GET /xingrg/all/function/internal_message.html?_=1598575000256&CODE_STATE=getMsg HTTP/1.1" 200 27
58.221.95.50 - - [28/Aug/2020:08:36:47 +0800] "GET /xingrg/check_reg.html?_=1598575136673 HTTP/1.1" 200 22
61.172.5.115 - - [28/Aug/2020:08:36:59 +0800] "GET /xingrg/all/function/internal_message.html?_=1598575020107&CODE_STATE=getMsg HTTP/1.1" 200 27
218.81.217.115 - - [28/Aug/2020:08:37:01 +0800] "GET /xingrg/all/function/internal_message.html?_=1598575003336&CODE_STATE=getMsg HTTP/1.1" 200 27
58.37.227.225 - - [28/Aug/2020:08:37:03 +0800] "GET /xingrg/check_reg.html?_=1598575034219 HTTP/1.1" 200 22
117.185.32.26 - - [28/Aug/2020:08:37:07 +0800] "GET /xingrg/check_reg.html?_=1598575450455 HTTP/1.1" 200 22
117.185.32.26 - - [28/Aug/2020:08:37:07 +0800] "GET /xingrg/all/function/internal_message.html?_=1598575450456&CODE_STATE=getMsg HTTP/1.1" 200 27
172.17.0.115 - - [28/Aug/2020:08:37:14 +0800] "GET /xingrg/all/function/internal_message.html?_=1598575047017&CODE_STATE=getMsg HTTP/1.1" 200 27
172.17.0.117 - - [28/Aug/2020:08:37:20 +0800] "GET /xingrg/all/function/internal_message.html?_=1598575044903&CODE_STATE=getMsg HTTP/1.1" 200 27
172.17.0.117 - - [28/Aug/2020:08:37:20 +0800] "GET /xingrg/check_reg.html?_=1598575044907 HTTP/1.1" 200 22
58.221.95.50 - - [28/Aug/2020:08:37:20 +0800] "GET /xingrg/all/function/internal_message.html?_=1598575170138&CODE_STATE=getMsg HTTP/1.1" 200 27
117.131.5.26 - - [28/Aug/2020:08:37:21 +0800] "GET /xingrg/all/function/internal_message.html?_=1598575323705&CODE_STATE=getMsg HTTP/1.1" 200 27
58.40.7.146 - - [28/Aug/2020:08:37:33 +0800] "GET /xingrg/all/function/internal_message.html?_=1598575050749&CODE_STATE=getMsg HTTP/1.1" 200 27
172.17.0.123 - - [28/Aug/2020:08:37:38 +0800] "GET /xingrg/all/function/internal_message.html?_=1598575074064&CODE_STATE=getMsg HTTP/1.1" 200 27
172.17.0.185 - - [28/Aug/2020:08:37:44 +0800] "GET /xingrg/all/function/internal_message.html?_=1598575060246&CODE_STATE=getMsg HTTP/1.1" 200 27
61.172.5.115 - - [28/Aug/2020:08:37:59 +0800] "GET /xingrg/all/function/internal_message.html?_=1598575080108&CODE_STATE=getMsg HTTP/1.1" 200 27
61.172.5.115 - - [28/Aug/2020:08:37:59 +0800] "GET /xingrg/check_reg.html?_=1598575080128 HTTP/1.1" 200 22
218.81.217.115 - - [28/Aug/2020:08:38:01 +0800] "GET /xingrg/all/function/internal_message.html?_=1598575063702&CODE_STATE=getMsg HTTP/1.1" 200 27
117.185.32.26 - - [28/Aug/2020:08:38:07 +0800] "GET /xingrg/all/function/internal_message.html?_=1598575510455&CODE_STATE=getMsg HTTP/1.1" 200 27
172.17.0.115 - - [28/Aug/2020:08:38:14 +0800] "GET /xingrg/all/function/internal_message.html?_=1598575107036&CODE_STATE=getMsg HTTP/1.1" 200 27
172.17.0.117 - - [28/Aug/2020:08:38:20 +0800] "GET /xingrg/all/function/internal_message.html?_=1598575104918&CODE_STATE=getMsg HTTP/1.1" 200 27
58.221.95.50 - - [28/Aug/2020:08:38:20 +0800] "GET /xingrg/all/function/internal_message.html?_=1598575230118&CODE_STATE=getMsg HTTP/1.1" 200 27
117.131.5.26 - - [28/Aug/2020:08:38:21 +0800] "GET /xingrg/all/function/internal_message.html?_=1598575383733&CODE_STATE=getMsg HTTP/1.1" 200 27
58.40.7.146 - - [28/Aug/2020:08:38:33 +0800] "GET /xingrg/all/function/internal_message.html?_=1598575110721&CODE_STATE=getMsg HTTP/1.1" 200 27
172.17.0.123 - - [28/Aug/2020:08:38:38 +0800] "GET /xingrg/all/function/internal_message.html?_=1598575134068&CODE_STATE=getMsg HTTP/1.1" 200 27
172.17.0.185 - - [28/Aug/2020:08:38:44 +0800] "GET /xingrg/all/function/internal_message.html?_=1598575120251&CODE_STATE=getMsg HTTP/1.1" 200 27
61.172.5.115 - - [28/Aug/2020:08:38:59 +0800] "GET /xingrg/all/function/internal_message.html?_=1598575140110&CODE_STATE=getMsg HTTP/1.1" 200 27
218.81.217.115 - - [28/Aug/2020:08:39:01 +0800] "GET /xingrg/all/function/internal_message.html?_=1598575123708&CODE_STATE=getMsg HTTP/1.1" 200 27
172.17.0.115 - - [28/Aug/2020:08:39:02 +0800] "GET /xingrg/check_reg.html?_=1598575155282 HTTP/1.1" 200 22
117.185.32.26 - - [28/Aug/2020:08:39:07 +0800] "GET /xingrg/all/function/internal_message.html?_=1598575570453&CODE_STATE=getMsg HTTP/1.1" 200 27
58.40.7.146 - - [28/Aug/2020:08:39:09 +0800] "GET /xingrg/check_reg.html?_=1598575146473 HTTP/1.1" 200 22
172.17.0.115 - - [28/Aug/2020:08:39:14 +0800] "GET /xingrg/all/function/internal_message.html?_=1598575167045&CODE_STATE=getMsg HTTP/1.1" 200 27
172.17.0.117 - - [28/Aug/2020:08:39:20 +0800] "GET /xingrg/all/function/internal_message.html?_=1598575164902&CODE_STATE=getMsg HTTP/1.1" 200 27
58.221.95.50 - - [28/Aug/2020:08:39:21 +0800] "GET /xingrg/all/function/internal_message.html?_=1598575290092&CODE_STATE=getMsg HTTP/1.1" 200 27
117.131.5.26 - - [28/Aug/2020:08:39:21 +0800] "GET /xingrg/all/function/internal_message.html?_=1598575443754&CODE_STATE=getMsg HTTP/1.1" 200 27
58.40.7.146 - - [28/Aug/2020:08:39:33 +0800] "GET /xingrg/all/function/internal_message.html?_=1598575170692&CODE_STATE=getMsg HTTP/1.1" 200 27
172.17.0.123 - - [28/Aug/2020:08:39:38 +0800] "GET /xingrg/all/function/internal_message.html?_=1598575194053&CODE_STATE=getMsg HTTP/1.1" 200 27
172.17.0.185 - - [28/Aug/2020:08:39:44 +0800] "GET /xingrg/all/function/internal_message.html?_=1598575180258&CODE_STATE=getMsg HTTP/1.1" 200 27
61.172.5.115 - - [28/Aug/2020:08:39:59 +0800] "GET /xingrg/all/function/internal_message.html?_=1598575200111&CODE_STATE=getMsg HTTP/1.1" 200 27
218.81.217.115 - - [28/Aug/2020:08:39:59 +0800] "GET /xingrg/check_reg.html?_=1598575182259 HTTP/1.1" 200 22
218.81.217.115 - - [28/Aug/2020:08:40:01 +0800] "GET /xingrg/all/function/internal_message.html?_=1598575183719&CODE_STATE=getMsg HTTP/1.1" 200 27
117.185.32.26 - - [28/Aug/2020:08:40:07 +0800] "GET /xingrg/all/function/internal_message.html?_=1598575630478&CODE_STATE=getMsg HTTP/1.1" 200 27
172.17.0.115 - - [28/Aug/2020:08:40:14 +0800] "GET /xingrg/all/function/internal_message.html?_=1598575227057&CODE_STATE=getMsg HTTP/1.1" 200 27
172.17.0.117 - - [28/Aug/2020:08:40:20 +0800] "GET /xingrg/all/function/internal_message.html?_=1598575224902&CODE_STATE=getMsg HTTP/1.1" 200 27
58.221.95.50 - - [28/Aug/2020:08:40:20 +0800] "GET /xingrg/all/function/internal_message.html?_=1598575350077&CODE_STATE=getMsg HTTP/1.1" 200 27
117.131.5.26 - - [28/Aug/2020:08:40:22 +0800] "GET /xingrg/all/function/internal_message.html?_=1598575503780&CODE_STATE=getMsg HTTP/1.1" 200 27
58.40.7.146 - - [28/Aug/2020:08:40:33 +0800] "GET /xingrg/all/function/internal_message.html?_=1598575230664&CODE_STATE=getMsg HTTP/1.1" 200 27
172.17.0.123 - - [28/Aug/2020:08:40:38 +0800] "GET /xingrg/all/function/internal_message.html?_=1598575254054&CODE_STATE=getMsg HTTP/1.1" 200 27
172.17.0.185 - - [28/Aug/2020:08:40:44 +0800] "GET /xingrg/check_reg.html?_=1598575240260 HTTP/1.1" 200 22
172.17.0.185 - - [28/Aug/2020:08:40:44 +0800] "GET /xingrg/all/function/internal_message.html?_=1598575240264&CODE_STATE=getMsg HTTP/1.1" 200 27
61.172.5.115 - - [28/Aug/2020:08:40:59 +0800] "GET /xingrg/all/function/internal_message.html?_=1598575260111&CODE_STATE=getMsg HTTP/1.1" 200 27
218.81.217.115 - - [28/Aug/2020:08:41:01 +0800] "GET /xingrg/all/function/internal_message.html?_=1598575243734&CODE_STATE=getMsg HTTP/1.1" 200 27
117.185.32.26 - - [28/Aug/2020:08:41:07 +0800] "GET /xingrg/all/function/internal_message.html?_=1598575690476&CODE_STATE=getMsg HTTP/1.1" 200 27
117.131.5.26 - - [28/Aug/2020:08:41:09 +0800] "GET /xingrg/check_reg.html?_=1598575551674 HTTP/1.1" 200 22
172.17.0.115 - - [28/Aug/2020:08:41:14 +0800] "GET /xingrg/all/function/internal_message.html?_=1598575287077&CODE_STATE=getMsg HTTP/1.1" 200 27
172.17.0.117 - - [28/Aug/2020:08:41:20 +0800] "GET /xingrg/all/function/internal_message.html?_=1598575284903&CODE_STATE=getMsg HTTP/1.1" 200 27
58.221.95.50 - - [28/Aug/2020:08:41:20 +0800] "GET /xingrg/all/function/internal_message.html?_=1598575410073&CODE_STATE=getMsg HTTP/1.1" 200 27
218.81.217.115 - - [28/Aug/2020:08:41:21 +0800] "POST /xingrg/services/DataTransmitService HTTP/1.1" 200 524
117.131.5.26 - - [28/Aug/2020:08:41:22 +0800] "GET /xingrg/all/function/internal_message.html?_=1598575563790&CODE_STATE=getMsg HTTP/1.1" 200 27
58.40.7.146 - - [28/Aug/2020:08:41:33 +0800] "GET /xingrg/all/function/internal_message.html?_=1598575290650&CODE_STATE=getMsg HTTP/1.1" 200 27
172.17.0.123 - - [28/Aug/2020:08:41:38 +0800] "GET /xingrg/all/function/internal_message.html?_=1598575314056&CODE_STATE=getMsg HTTP/1.1" 200 27
172.17.0.123 - - [28/Aug/2020:08:41:38 +0800] "GET /xingrg/check_reg.html?_=1598575314058 HTTP/1.1" 200 22
172.17.0.185 - - [28/Aug/2020:08:41:44 +0800] "GET /xingrg/all/function/internal_message.html?_=1598575300251&CODE_STATE=getMsg HTTP/1.1" 200 27
58.221.95.50 - - [28/Aug/2020:08:41:47 +0800] "GET /xingrg/check_reg.html?_=1598575436668 HTTP/1.1" 200 22
61.172.5.115 - - [28/Aug/2020:08:41:59 +0800] "GET /xingrg/all/function/internal_message.html?_=1598575320112&CODE_STATE=getMsg HTTP/1.1" 200 27
218.81.217.115 - - [28/Aug/2020:08:42:01 +0800] "GET /xingrg/all/function/internal_message.html?_=1598575303747&CODE_STATE=getMsg HTTP/1.1" 200 27
58.37.227.225 - - [28/Aug/2020:08:42:03 +0800] "GET /xingrg/check_reg.html?_=1598575334221 HTTP/1.1" 200 22
117.185.32.26 - - [28/Aug/2020:08:42:07 +0800] "GET /xingrg/check_reg.html?_=1598575750478 HTTP/1.1" 200 22
117.185.32.26 - - [28/Aug/2020:08:42:07 +0800] "GET /xingrg/all/function/internal_message.html?_=1598575750476&CODE_STATE=getMsg HTTP/1.1" 200 27
172.17.0.115 - - [28/Aug/2020:08:42:14 +0800] "GET /xingrg/all/function/internal_message.html?_=1598575347085&CODE_STATE=getMsg HTTP/1.1" 200 27
58.221.95.50 - - [28/Aug/2020:08:42:20 +0800] "GET /xingrg/all/function/internal_message.html?_=1598575470043&CODE_STATE=getMsg HTTP/1.1" 200 27
172.17.0.117 - - [28/Aug/2020:08:42:20 +0800] "GET /xingrg/check_reg.html?_=1598575344910 HTTP/1.1" 200 22
172.17.0.117 - - [28/Aug/2020:08:42:20 +0800] "GET /xingrg/all/function/internal_message.html?_=1598575344908&CODE_STATE=getMsg HTTP/1.1" 200 27
117.131.5.26 - - [28/Aug/2020:08:42:22 +0800] "GET /xingrg/all/function/internal_message.html?_=1598575623803&CODE_STATE=getMsg HTTP/1.1" 200 27
58.40.7.146 - - [28/Aug/2020:08:42:33 +0800] "GET /xingrg/all/function/internal_message.html?_=1598575350620&CODE_STATE=getMsg HTTP/1.1" 200 27
172.17.0.123 - - [28/Aug/2020:08:42:38 +0800] "GET /xingrg/all/function/internal_message.html?_=1598575374059&CODE_STATE=getMsg HTTP/1.1" 200 27
172.17.0.185 - - [28/Aug/2020:08:42:44 +0800] "GET /xingrg/all/function/internal_message.html?_=1598575360258&CODE_STATE=getMsg HTTP/1.1" 200 27
61.172.5.115 - - [28/Aug/2020:08:42:59 +0800] "GET /xingrg/all/function/internal_message.html?_=1598575380112&CODE_STATE=getMsg HTTP/1.1" 200 27
61.172.5.115 - - [28/Aug/2020:08:42:59 +0800] "GET /xingrg/check_reg.html?_=1598575380116 HTTP/1.1" 200 22
218.81.217.115 - - [28/Aug/2020:08:43:01 +0800] "GET /xingrg/all/function/internal_message.html?_=1598575364115&CODE_STATE=getMsg HTTP/1.1" 200 27
117.185.32.26 - - [28/Aug/2020:08:43:07 +0800] "GET /xingrg/all/function/internal_message.html?_=1598575810476&CODE_STATE=getMsg HTTP/1.1" 200 27
172.17.0.115 - - [28/Aug/2020:08:43:14 +0800] "GET /xingrg/all/function/internal_message.html?_=1598575407105&CODE_STATE=getMsg HTTP/1.1" 200 27
172.17.0.117 - - [28/Aug/2020:08:43:20 +0800] "GET /xingrg/all/function/internal_message.html?_=1598575404911&CODE_STATE=getMsg HTTP/1.1" 200 27
58.221.95.50 - - [28/Aug/2020:08:43:20 +0800] "GET /xingrg/all/function/internal_message.html?_=1598575530011&CODE_STATE=getMsg HTTP/1.1" 200 27
117.131.5.26 - - [28/Aug/2020:08:43:22 +0800] "GET /xingrg/all/function/internal_message.html?_=1598575683830&CODE_STATE=getMsg HTTP/1.1" 200 27
61.129.8.179 - - [28/Aug/2020:08:43:27 +0800] "GET /xingrg/check_reg.html?_=1598575034219 HTTP/1.1" 302 -
61.129.8.179 - - [28/Aug/2020:08:43:31 +0800] "GET /xingrg/login.html HTTP/1.1" 200 7641
58.40.7.146 - - [28/Aug/2020:08:43:33 +0800] "GET /xingrg/all/function/internal_message.html?_=1598575410592&CODE_STATE=getMsg HTTP/1.1" 200 27
172.17.0.123 - - [28/Aug/2020:08:43:38 +0800] "GET /xingrg/all/function/internal_message.html?_=1598575434062&CODE_STATE=getMsg HTTP/1.1" 200 27
172.17.0.185 - - [28/Aug/2020:08:43:44 +0800] "GET /xingrg/all/function/internal_message.html?_=1598575420246&CODE_STATE=getMsg HTTP/1.1" 200 27
61.172.5.115 - - [28/Aug/2020:08:43:59 +0800] "GET /xingrg/all/function/internal_message.html?_=1598575440101&CODE_STATE=getMsg HTTP/1.1" 200 27
218.81.217.115 - - [28/Aug/2020:08:44:01 +0800] "GET /xingrg/all/function/internal_message.html?_=1598575424117&CODE_STATE=getMsg HTTP/1.1" 200 27
172.17.0.115 - - [28/Aug/2020:08:44:02 +0800] "GET /xingrg/check_reg.html?_=1598575455293 HTTP/1.1" 200 22
117.185.32.26 - - [28/Aug/2020:08:44:07 +0800] "GET /xingrg/all/function/internal_message.html?_=1598575870476&CODE_STATE=getMsg HTTP/1.1" 200 27
58.40.7.146 - - [28/Aug/2020:08:44:09 +0800] "GET /xingrg/check_reg.html?_=1598575446470 HTTP/1.1" 200 22
172.17.0.115 - - [28/Aug/2020:08:44:14 +0800] "GET /xingrg/all/function/internal_message.html?_=1598575467113&CODE_STATE=getMsg HTTP/1.1" 200 27
172.17.0.117 - - [28/Aug/2020:08:44:20 +0800] "GET /xingrg/all/function/internal_message.html?_=1598575464913&CODE_STATE=getMsg HTTP/1.1" 200 27
58.221.95.50 - - [28/Aug/2020:08:44:21 +0800] "GET /xingrg/all/function/internal_message.html?_=1598575590491&CODE_STATE=getMsg HTTP/1.1" 200 27
117.131.5.26 - - [28/Aug/2020:08:44:22 +0800] "GET /xingrg/all/function/internal_message.html?_=1598575743846&CODE_STATE=getMsg HTTP/1.1" 200 27
58.40.7.146 - - [28/Aug/2020:08:44:33 +0800] "GET /xingrg/all/function/internal_message.html?_=1598575470566&CODE_STATE=getMsg HTTP/1.1" 200 27
172.17.0.123 - - [28/Aug/2020:08:44:38 +0800] "GET /xingrg/all/function/internal_message.html?_=1598575494063&CODE_STATE=getMsg HTTP/1.1" 200 27
172.17.0.185 - - [28/Aug/2020:08:44:44 +0800] "GET /xingrg/all/function/internal_message.html?_=1598575480251&CODE_STATE=getMsg HTTP/1.1" 200 27
61.172.5.115 - - [28/Aug/2020:08:44:59 +0800] "GET /xingrg/all/function/internal_message.html?_=1598575500102&CODE_STATE=getMsg HTTP/1.1" 200 27
218.81.217.115 - - [28/Aug/2020:08:45:00 +0800] "GET /xingrg/check_reg.html?_=1598575482617 HTTP/1.1" 200 22
218.81.217.115 - - [28/Aug/2020:08:45:01 +0800] "GET /xingrg/all/function/internal_message.html?_=1598575484132&CODE_STATE=getMsg HTTP/1.1" 200 27
117.185.32.26 - - [28/Aug/2020:08:45:07 +0800] "GET /xingrg/all/function/internal_message.html?_=1598575930475&CODE_STATE=getMsg HTTP/1.1" 200 27
172.17.0.115 - - [28/Aug/2020:08:45:14 +0800] "GET /xingrg/all/function/internal_message.html?_=1598575527125&CODE_STATE=getMsg HTTP/1.1" 200 27
58.221.95.50 - - [28/Aug/2020:08:45:20 +0800] "GET /xingrg/all/function/internal_message.html?_=1598575649959&CODE_STATE=getMsg HTTP/1.1" 200 27
172.17.0.117 - - [28/Aug/2020:08:45:20 +0800] "GET /xingrg/all/function/internal_message.html?_=1598575524915&CODE_STATE=getMsg HTTP/1.1" 200 27
117.131.5.26 - - [28/Aug/2020:08:45:22 +0800] "GET /xingrg/all/function/internal_message.html?_=1598575803878&CODE_STATE=getMsg HTTP/1.1" 200 27
58.40.7.146 - - [28/Aug/2020:08:45:33 +0800] "GET /xingrg/all/function/internal_message.html?_=1598575530536&CODE_STATE=getMsg HTTP/1.1" 200 27
218.81.217.115 - - [28/Aug/2020:08:45:33 +0800] "GET /xingrg/login.html HTTP/1.1" 200 7641
218.81.217.115 - - [28/Aug/2020:08:45:33 +0800] "GET /xingrg/images/blue/login_bg.png HTTP/1.1" 304 -
218.81.217.115 - - [28/Aug/2020:08:45:33 +0800] "GET /xingrg/images/blue/jxLogo.png HTTP/1.1" 304 -
218.81.217.115 - - [28/Aug/2020:08:45:33 +0800] "GET /xingrg/images/blue/hj.png HTTP/1.1" 304 -
218.81.217.115 - - [28/Aug/2020:08:45:33 +0800] "GET /xingrg/images/blue/srbg.png HTTP/1.1" 304 -
218.81.217.115 - - [28/Aug/2020:08:45:33 +0800] "GET /favicon.ico HTTP/1.1" 404 -
172.17.0.123 - - [28/Aug/2020:08:45:38 +0800] "GET /xingrg/all/function/internal_message.html?_=1598575554065&CODE_STATE=getMsg HTTP/1.1" 200 27
218.81.217.115 - - [28/Aug/2020:08:45:43 +0800] "POST /xingrg/login.do HTTP/1.1" 200 2421
218.81.217.115 - - [28/Aug/2020:08:45:43 +0800] "GET /xingrg/css/blue.css HTTP/1.1" 304 -
218.81.217.115 - - [28/Aug/2020:08:45:43 +0800] "GET /xingrg/javascript/myfunction.js HTTP/1.1" 304 -
218.81.217.115 - - [28/Aug/2020:08:45:43 +0800] "GET /xingrg/images/blue/pic_top.gif HTTP/1.1" 200 3656
218.81.217.115 - - [28/Aug/2020:08:45:43 +0800] "GET /xingrg/images/blue/error_mid.gif HTTP/1.1" 200 215
218.81.217.115 - - [28/Aug/2020:08:45:43 +0800] "GET /xingrg/images/blue/error_buttom.gif HTTP/1.1" 200 1750
218.81.217.115 - - [28/Aug/2020:08:45:43 +0800] "GET /xingrg/images/blue/error_top.gif HTTP/1.1" 200 1790
218.81.217.115 - - [28/Aug/2020:08:45:43 +0800] "GET /xingrg/images/blue/pic_notice.jpg HTTP/1.1" 200 3583
218.81.217.115 - - [28/Aug/2020:08:45:43 +0800] "GET /favicon.ico HTTP/1.1" 404 -
172.17.0.185 - - [28/Aug/2020:08:45:44 +0800] "GET /xingrg/all/function/internal_message.html?_=1598575540255&CODE_STATE=getMsg HTTP/1.1" 200 27
172.17.0.185 - - [28/Aug/2020:08:45:44 +0800] "GET /xingrg/check_reg.html?_=1598575540271 HTTP/1.1" 200 22
218.81.217.115 - - [28/Aug/2020:08:45:45 +0800] "GET /xingrg/login.html HTTP/1.1" 200 7641
218.81.217.115 - - [28/Aug/2020:08:45:45 +0800] "GET /favicon.ico HTTP/1.1" 404 -
218.81.217.115 - - [28/Aug/2020:08:45:47 +0800] "POST /xingrg/login.do HTTP/1.1" 302 -
218.81.217.115 - - [28/Aug/2020:08:45:47 +0800] "GET /xingrg/css/form.css HTTP/1.1" 304 -
218.81.217.115 - - [28/Aug/2020:08:45:47 +0800] "GET /xingrg/javascript/jquery_easy_ui/themes/default/easyui.css HTTP/1.1" 304 -
218.81.217.115 - - [28/Aug/2020:08:45:47 +0800] "GET /xingrg/javascript/jquery_easy_ui/themes/icon.css HTTP/1.1" 304 -
218.81.217.115 - - [28/Aug/2020:08:45:47 +0800] "GET /xingrg/index.html?sysBaseUrl=http%3A%2F%2F180.169.147.146%3A18081%2Fxingrg%2F&costTime=38×tamp=1598575547012 HTTP/1.1" 200 17179
218.81.217.115 - - [28/Aug/2020:08:45:47 +0800] "GET /xingrg/javascript/jquery-1.4.2.min.js HTTP/1.1" 304 -
218.81.217.115 - - [28/Aug/2020:08:45:47 +0800] "GET /xingrg/javascript/jquery.form.js HTTP/1.1" 304 -
218.81.217.115 - - [28/Aug/2020:08:45:47 +0800] "GET /xingrg/javascript/jquery_easy_ui/easyui-lang-zh_CN.js HTTP/1.1" 304 -
218.81.217.115 - - [28/Aug/2020:08:45:47 +0800] "GET /xingrg/javascript/jquery_easy_ui/jquery.easyui.min.js HTTP/1.1" 304 -
218.81.217.115 - - [28/Aug/2020:08:45:47 +0800] "GET /xingrg/javascript/jquery.timers.js HTTP/1.1" 304 -
218.81.217.115 - - [28/Aug/2020:08:45:47 +0800] "GET /xingrg/javascript/jquery.utils.js HTTP/1.1" 304 -
218.81.217.115 - - [28/Aug/2020:08:45:47 +0800] "GET /xingrg/images/blue/navBackgound.jpg HTTP/1.1" 304 -
218.81.217.115 - - [28/Aug/2020:08:45:47 +0800] "GET /xingrg/javascript/jquery_easy_ui/themes/icons/settle_new.png HTTP/1.1" 304 -
218.81.217.115 - - [28/Aug/2020:08:45:47 +0800] "GET /favicon.ico HTTP/1.1" 404 -
218.81.217.115 - - [28/Aug/2020:08:45:47 +0800] "POST /xingrg/all/common/load_tree.html?tree=area_rest_tree_json&manage=1 HTTP/1.1" 200 351
218.81.217.115 - - [28/Aug/2020:08:45:47 +0800] "GET /xingrg/images/blue/pingpu.png HTTP/1.1" 304 -
218.81.217.115 - - [28/Aug/2020:08:45:47 +0800] "GET /xingrg/javascript/jquery_easy_ui/themes/default/images/tabs_leftarrow.png HTTP/1.1" 304 -
218.81.217.115 - - [28/Aug/2020:08:45:47 +0800] "GET /xingrg/javascript/jquery_easy_ui/themes/default/images/tabs_rightarrow.png HTTP/1.1" 304 -
218.81.217.115 - - [28/Aug/2020:08:45:47 +0800] "GET /xingrg/javascript/jquery_easy_ui/themes/default/images/panel_tool_collapse.gif HTTP/1.1" 304 -
218.81.217.115 - - [28/Aug/2020:08:45:47 +0800] "GET /xingrg/all/function/internal_message.html?_=1598575559236&CODE_STATE=count HTTP/1.1" 200 11
218.81.217.115 - - [28/Aug/2020:08:45:47 +0800] "GET /xingrg/check_reg.html?_=1598575559237 HTTP/1.1" 200 22
218.81.217.115 - - [28/Aug/2020:08:45:47 +0800] "GET /xingrg/javascript/jquery_easy_ui/themes/default/images/tree_arrows.gif HTTP/1.1" 304 -
218.81.217.115 - - [28/Aug/2020:08:45:47 +0800] "POST /xingrg/load_menu.html HTTP/1.1" 200 5138
218.81.217.115 - - [28/Aug/2020:08:45:47 +0800] "GET /xingrg/javascript/jquery_easy_ui/themes/default/images/tree_folder_open.gif HTTP/1.1" 304 -
218.81.217.115 - - [28/Aug/2020:08:45:47 +0800] "GET /xingrg/javascript/jquery_easy_ui/themes/icons/search_new.png HTTP/1.1" 304 -
218.81.217.115 - - [28/Aug/2020:08:45:47 +0800] "GET /xingrg/javascript/jquery_easy_ui/themes/default/images/tree_folder.gif HTTP/1.1" 304 -
218.81.217.115 - - [28/Aug/2020:08:45:47 +0800] "GET /xingrg/javascript/jquery_easy_ui/themes/icons/storage_new.png HTTP/1.1" 304 -
218.81.217.115 - - [28/Aug/2020:08:45:47 +0800] "GET /xingrg/javascript/jquery_easy_ui/themes/icons/forms_new.png HTTP/1.1" 304 -
218.81.217.115 - - [28/Aug/2020:08:45:47 +0800] "GET /xingrg/javascript/jquery_easy_ui/themes/default/images/tree_file.gif HTTP/1.1" 304 -
218.81.217.115 - - [28/Aug/2020:08:45:47 +0800] "GET /xingrg/javascript/jquery_easy_ui/themes/default/images/tabs_active.png HTTP/1.1" 304 -
218.81.217.115 - - [28/Aug/2020:08:45:49 +0800] "GET /xingrg/javascript/jquery_easy_ui/themes/default/images/tabs_close.gif HTTP/1.1" 304 -
218.81.217.115 - - [28/Aug/2020:08:45:49 +0800] "GET /xingrg/kc/buy/buy_main.html HTTP/1.1" 200 12412
218.81.217.115 - - [28/Aug/2020:08:45:49 +0800] "GET /xingrg/css/new_ie.css HTTP/1.1" 404 1036
218.81.217.115 - - [28/Aug/2020:08:45:49 +0800] "GET /xingrg/javascript/jquery_ui/themes/humanity/humanity.css HTTP/1.1" 304 -
218.81.217.115 - - [28/Aug/2020:08:45:49 +0800] "GET /xingrg/javascript/pic_change.js HTTP/1.1" 304 -
218.81.217.115 - - [28/Aug/2020:08:45:49 +0800] "GET /xingrg/javascript/ToolTips.js HTTP/1.1" 304 -
218.81.217.115 - - [28/Aug/2020:08:45:49 +0800] "GET /xingrg/javascript/jquery_ui/jquery-ui.min.js HTTP/1.1" 304 -
218.81.217.115 - - [28/Aug/2020:08:45:49 +0800] "GET /xingrg/images/blue/button/cgxqd.gif HTTP/1.1" 304 -
218.81.217.115 - - [28/Aug/2020:08:45:49 +0800] "GET /xingrg/images/blue/button/cgydd.gif HTTP/1.1" 304 -
218.81.217.115 - - [28/Aug/2020:08:45:49 +0800] "GET /xingrg/images/blue/button/cgshd.gif HTTP/1.1" 304 -
218.81.217.115 - - [28/Aug/2020:08:45:49 +0800] "GET /xingrg/images/blue/button/cgfkd.gif HTTP/1.1" 304 -
218.81.217.115 - - [28/Aug/2020:08:45:49 +0800] "GET /xingrg/images/blue/button/kc.gif HTTP/1.1" 304 -
218.81.217.115 - - [28/Aug/2020:08:45:49 +0800] "GET /xingrg/images/blue/pic_form2.gif HTTP/1.1" 304 -
218.81.217.115 - - [28/Aug/2020:08:45:49 +0800] "GET /xingrg/images/blue/button/ckthd.gif HTTP/1.1" 304 -
218.81.217.115 - - [28/Aug/2020:08:45:49 +0800] "GET /xingrg/images/blue/bg_dotted.jpg HTTP/1.1" 304 -
218.81.217.115 - - [28/Aug/2020:08:45:49 +0800] "GET /xingrg/images/blue/button/right_ah.jpg HTTP/1.1" 304 -
218.81.217.115 - - [28/Aug/2020:08:45:49 +0800] "GET /xingrg/javascript/jquery_ui/themes/humanity/images/ui-bg_inset-soft_100_f4f0ec_1x100.png HTTP/1.1" 304 -
218.81.217.115 - - [28/Aug/2020:08:45:49 +0800] "GET /xingrg/javascript/jquery_ui/themes/humanity/images/ui-iconsnew.jpg HTTP/1.1" 304 -
218.81.217.115 - - [28/Aug/2020:08:45:49 +0800] "GET /xingrg/images/blue/button/down_ah.jpg HTTP/1.1" 304 -
218.81.217.115 - - [28/Aug/2020:08:45:49 +0800] "GET /xingrg/javascript/jquery_ui/themes/humanity/images/ui-icons_ffffff_256x240.png HTTP/1.1" 304 -
218.81.217.115 - - [28/Aug/2020:08:45:49 +0800] "GET /xingrg/javascript/jquery_ui/themes/humanity/images/ui-icons_c47a23_256x240.png HTTP/1.1" 304 -
218.81.217.115 - - [28/Aug/2020:08:45:49 +0800] "GET /xingrg/javascript/jquery_ui/themes/humanity/images/ui-bg_glass_70_ede4d4_1x400.png HTTP/1.1" 304 -
218.81.217.115 - - [28/Aug/2020:08:45:49 +0800] "GET /xingrg/images/yd/bt.gif HTTP/1.1" 404 1040
218.81.217.115 - - [28/Aug/2020:08:45:50 +0800] "GET /xingrg/css/base.css HTTP/1.1" 304 -
218.81.217.115 - - [28/Aug/2020:08:45:50 +0800] "GET /xingrg/css/site.css HTTP/1.1" 304 -
218.81.217.115 - - [28/Aug/2020:08:45:50 +0800] "GET /xingrg/javascript/jquery_tools/datebox.css HTTP/1.1" 304 -
218.81.217.115 - - [28/Aug/2020:08:45:50 +0800] "GET /xingrg/javascript/easyui/themes/default/easyui.css HTTP/1.1" 304 -
218.81.217.115 - - [28/Aug/2020:08:45:50 +0800] "GET /xingrg/javascript/easyui/themes/icon.css HTTP/1.1" 304 -
218.81.217.115 - - [28/Aug/2020:08:45:50 +0800] "GET /xingrg/javascript/jquery_tools/fix.css HTTP/1.1" 304 -
218.81.217.115 - - [28/Aug/2020:08:45:50 +0800] "GET /xingrg/javascript/auto/jquery.autocomplete.css HTTP/1.1" 304 -
218.81.217.115 - - [28/Aug/2020:08:45:50 +0800] "GET /xingrg/javascript/jquery_tools/table.css HTTP/1.1" 304 -
218.81.217.115 - - [28/Aug/2020:08:45:50 +0800] "GET /xingrg/javascript/print/LodopFuncs.js HTTP/1.1" 304 -
218.81.217.115 - - [28/Aug/2020:08:45:50 +0800] "GET /xingrg/javascript/jquery_tools/list_manager.js HTTP/1.1" 304 -
218.81.217.115 - - [28/Aug/2020:08:45:50 +0800] "GET /xingrg/javascript/jquery_tools/jquery.tools.hotkey.js HTTP/1.1" 304 -
218.81.217.115 - - [28/Aug/2020:08:45:50 +0800] "GET /xingrg/javascript/jquery_tools/jquery.tools.table.js HTTP/1.1" 304 -
218.81.217.115 - - [28/Aug/2020:08:45:50 +0800] "GET /xingrg/javascript/jquery_tools/jquery.tools.extend.js HTTP/1.1" 304 -
218.81.217.115 - - [28/Aug/2020:08:45:50 +0800] "GET /xingrg/kc/buy/cgsh_order_list.html HTTP/1.1" 200 43814
218.81.217.115 - - [28/Aug/2020:08:45:50 +0800] "GET /xingrg/javascript/jquery_tools/jquery.tools.min.js HTTP/1.1" 304 -
218.81.217.115 - - [28/Aug/2020:08:45:50 +0800] "GET /xingrg/javascript/easyui/easyloader.js HTTP/1.1" 304 -
218.81.217.115 - - [28/Aug/2020:08:45:50 +0800] "GET /xingrg/javascript/jquery.cookie.js HTTP/1.1" 304 -
218.81.217.115 - - [28/Aug/2020:08:45:50 +0800] "GET /xingrg/javascript/auto/jquery.autocomplete.js HTTP/1.1" 304 -
218.81.217.115 - - [28/Aug/2020:08:45:50 +0800] "GET /xingrg/javascript/easyui/themes/icons/edit_add_new.png HTTP/1.1" 304 -
218.81.217.115 - - [28/Aug/2020:08:45:50 +0800] "GET /xingrg/javascript/easyui/themes/icons/check_new.png HTTP/1.1" 304 -
218.81.217.115 - - [28/Aug/2020:08:45:50 +0800] "GET /xingrg/javascript/easyui/themes/icons/cance_new.png HTTP/1.1" 304 -
218.81.217.115 - - [28/Aug/2020:08:45:50 +0800] "GET /xingrg/javascript/easyui/themes/icons/field_new.png HTTP/1.1" 304 -
218.81.217.115 - - [28/Aug/2020:08:45:50 +0800] "GET /xingrg/javascript/easyui/themes/icons/import_new.png HTTP/1.1" 304 -
218.81.217.115 - - [28/Aug/2020:08:45:50 +0800] "GET /xingrg/javascript/easyui/plugins/jquery.parser.js HTTP/1.1" 304 -
218.81.217.115 - - [28/Aug/2020:08:45:50 +0800] "GET /xingrg/images/control/ajaxLoader.gif HTTP/1.1" 304 -
218.81.217.115 - - [28/Aug/2020:08:45:50 +0800] "GET /xingrg/javascript/jquery_easy_ui/themes/icons/area.png HTTP/1.1" 304 -
218.81.217.115 - - [28/Aug/2020:08:45:50 +0800] "GET /xingrg/javascript/jquery_easy_ui/themes/icons/rest.png HTTP/1.1" 304 -
218.81.217.115 - - [28/Aug/2020:08:45:51 +0800] "POST /xingrg/kc/buy/cgsh_list_operate.html HTTP/1.1" 200 876
218.81.217.115 - - [28/Aug/2020:08:45:54 +0800] "GET /xingrg/javascript/easyui/themes/default/images/button_plain_hover.png HTTP/1.1" 304 -
218.81.217.115 - - [28/Aug/2020:08:45:54 +0800] "GET /xingrg/javascript/easyui/themes/default/images/button_plain_hover.png HTTP/1.1" 304 -
218.81.217.115 - - [28/Aug/2020:08:45:55 +0800] "GET /xingrg/javascript/jquery_tools/order_manager.js HTTP/1.1" 304 -
218.81.217.115 - - [28/Aug/2020:08:45:55 +0800] "GET /xingrg/javascript/convert.js HTTP/1.1" 304 -
218.81.217.115 - - [28/Aug/2020:08:45:55 +0800] "GET /xingrg/javascript/json2.js HTTP/1.1" 304 -
218.81.217.115 - - [28/Aug/2020:08:45:55 +0800] "GET /xingrg/kc/buy/cgsh_order_add.html HTTP/1.1" 200 59552
218.81.217.115 - - [28/Aug/2020:08:45:55 +0800] "GET /xingrg/javascript/print/kc_print.js HTTP/1.1" 304 -
218.81.217.115 - - [28/Aug/2020:08:45:55 +0800] "GET /xingrg/words/20200827110701_words.js HTTP/1.1" 304 -
218.81.217.115 - - [28/Aug/2020:08:45:55 +0800] "GET /xingrg/javascript/easyui/themes/icons/copy_new.png HTTP/1.1" 304 -
218.81.217.115 - - [28/Aug/2020:08:45:55 +0800] "GET /xingrg/javascript/easyui/themes/icons/template_new.png HTTP/1.1" 304 -
218.81.217.115 - - [28/Aug/2020:08:45:55 +0800] "GET /xingrg/javascript/easyui/themes/icons/ok.png HTTP/1.1" 304 -
218.81.217.115 - - [28/Aug/2020:08:45:55 +0800] "GET /xingrg/javascript/easyui/themes/icons/print.png HTTP/1.1" 304 -
218.81.217.115 - - [28/Aug/2020:08:45:55 +0800] "GET /xingrg/javascript/easyui/themes/default/images/menu_downarrow.png HTTP/1.1" 304 -
218.81.217.115 - - [28/Aug/2020:08:45:55 +0800] "GET /xingrg/javascript/easyui/themes/icons/cancel.png HTTP/1.1" 304 -
218.81.217.115 - - [28/Aug/2020:08:45:55 +0800] "GET /xingrg/all/common/auto_word.html?type=employee&rest_code=00146 HTTP/1.1" 200 197
218.81.217.115 - - [28/Aug/2020:08:45:55 +0800] "GET /xingrg/all/common/auto_word.html?type=employee&rest_code=00146 HTTP/1.1" 200 197
218.81.217.115 - - [28/Aug/2020:08:45:55 +0800] "GET /xingrg/javascript/easyui/themes/default/validatebox.css HTTP/1.1" 404 1104
218.81.217.115 - - [28/Aug/2020:08:45:55 +0800] "GET /xingrg/javascript/easyui/plugins/jquery.validatebox.js HTTP/1.1" 304 -
218.81.217.115 - - [28/Aug/2020:08:45:55 +0800] "GET /xingrg/javascript/easyui/plugins/jquery.numberbox.js HTTP/1.1" 304 -
218.81.217.115 - - [28/Aug/2020:08:45:56 +0800] "GET /xingrg/javascript/easyui/themes/icons/edit_remove.png HTTP/1.1" 304 -
218.81.217.115 - - [28/Aug/2020:08:45:56 +0800] "POST /xingrg/kc/buy/cgsh_order_operate.html HTTP/1.1" 200 8245
218.81.217.115 - - [28/Aug/2020:08:45:59 +0800] "GET /xingrg/javascript/auto/indicator.gif HTTP/1.1" 404 1066
61.172.5.115 - - [28/Aug/2020:08:45:59 +0800] "GET /xingrg/all/function/internal_message.html?_=1598575560103&CODE_STATE=getMsg HTTP/1.1" 200 27
218.81.217.115 - - [28/Aug/2020:08:46:00 +0800] "GET /xingrg/javascript/jquery_tools/images/prev.gif HTTP/1.1" 404 1086
218.81.217.115 - - [28/Aug/2020:08:46:00 +0800] "GET /xingrg/javascript/jquery_tools/images/next.gif HTTP/1.1" 404 1086
218.81.217.115 - - [28/Aug/2020:08:46:01 +0800] "GET /xingrg/all/function/internal_message.html?_=1598575544146&CODE_STATE=getMsg HTTP/1.1" 200 27
218.81.217.115 - - [28/Aug/2020:08:46:05 +0800] "GET /xingrg/kc/buy/cgsh_order_operate.html?command=get_materiel&rest_code=00146&code=00101007081&supplier_code=00100002&order_time=2020-08-28 HTTP/1.1" 200 433
117.185.32.26 - - [28/Aug/2020:08:46:07 +0800] "GET /xingrg/all/function/internal_message.html?_=1598575990501&CODE_STATE=getMsg HTTP/1.1" 200 27
117.131.5.26 - - [28/Aug/2020:08:46:09 +0800] "GET /xingrg/check_reg.html?_=1598575851678 HTTP/1.1" 200 22
172.17.0.115 - - [28/Aug/2020:08:46:14 +0800] "GET /xingrg/all/function/internal_message.html?_=1598575587144&CODE_STATE=getMsg HTTP/1.1" 200 27
218.81.217.115 - - [28/Aug/2020:08:46:14 +0800] "GET /xingrg/kc/buy/cgsh_order_operate.html?command=get_materiel&rest_code=00146&code=00101007059&supplier_code=00100002&order_time=2020-08-28 HTTP/1.1" 200 409
58.221.95.50 - - [28/Aug/2020:08:46:20 +0800] "GET /xingrg/all/function/internal_message.html?_=1598575709933&CODE_STATE=getMsg HTTP/1.1" 200 27
172.17.0.117 - - [28/Aug/2020:08:46:20 +0800] "GET /xingrg/all/function/internal_message.html?_=1598575584916&CODE_STATE=getMsg HTTP/1.1" 200 27
117.131.5.26 - - [28/Aug/2020:08:46:22 +0800] "GET /xingrg/all/function/internal_message.html?_=1598575863895&CODE_STATE=getMsg HTTP/1.1" 200 27
172.17.0.109 - - [28/Aug/2020:08:46:26 +0800] "GET /xingrg/index.html?sysBaseUrl=http%3A%2F%2F172.17.0.8%3A18081%2Fxingrg%2F&costTime=32×tamp=1585227824564 HTTP/1.1" 302 -
172.17.0.109 - - [28/Aug/2020:08:46:26 +0800] "GET /xingrg/login.html HTTP/1.1" 200 7636
172.17.0.109 - - [28/Aug/2020:08:46:27 +0800] "GET /favicon.ico HTTP/1.1" 404 -
218.81.217.115 - - [28/Aug/2020:08:46:30 +0800] "GET /xingrg/kc/buy/cgsh_order_operate.html?command=get_materiel&rest_code=00146&code=00101007063&supplier_code=00100002&order_time=2020-08-28 HTTP/1.1" 200 409
58.40.7.146 - - [28/Aug/2020:08:46:33 +0800] "GET /xingrg/all/function/internal_message.html?_=1598575590508&CODE_STATE=getMsg HTTP/1.1" 200 27
172.17.0.123 - - [28/Aug/2020:08:46:38 +0800] "GET /xingrg/check_reg.html?_=1598575614068 HTTP/1.1" 200 22
172.17.0.123 - - [28/Aug/2020:08:46:38 +0800] "GET /xingrg/all/function/internal_message.html?_=1598575614070&CODE_STATE=getMsg HTTP/1.1" 200 27
218.81.217.115 - - [28/Aug/2020:08:46:41 +0800] "GET /xingrg/kc/buy/cgsh_order_operate.html?command=get_materiel&rest_code=00146&code=00101007076&supplier_code=00100002&order_time=2020-08-28 HTTP/1.1" 200 408
172.17.0.185 - - [28/Aug/2020:08:46:44 +0800] "GET /xingrg/all/function/internal_message.html?_=1598575600259&CODE_STATE=getMsg HTTP/1.1" 200 27
218.81.217.115 - - [28/Aug/2020:08:46:47 +0800] "GET /xingrg/all/function/internal_message.html?_=1598575619240&CODE_STATE=getMsg HTTP/1.1" 200 27
58.221.95.50 - - [28/Aug/2020:08:46:47 +0800] "GET /xingrg/check_reg.html?_=1598575736695 HTTP/1.1" 200 22
222.69.138.195 - - [28/Aug/2020:08:46:49 +0800] "GET /xingrg/index.html?sysBaseUrl=http%3A%2F%2F180.169.147.146%3A18081%2Fxingrg%2F&costTime=52×tamp=1591679117969 HTTP/1.1" 302 -
222.69.138.195 - - [28/Aug/2020:08:46:49 +0800] "GET /xingrg/login.html HTTP/1.1" 200 7641
222.69.138.195 - - [28/Aug/2020:08:46:50 +0800] "GET /favicon.ico HTTP/1.1" 404 -
222.69.138.195 - - [28/Aug/2020:08:46:52 +0800] "POST /xingrg/login.do HTTP/1.1" 302 -
222.69.138.195 - - [28/Aug/2020:08:46:52 +0800] "GET /xingrg/index.html?sysBaseUrl=http%3A%2F%2F180.169.147.146%3A18081%2Fxingrg%2F&costTime=50×tamp=1598575612845 HTTP/1.1" 200 17179
222.69.138.195 - - [28/Aug/2020:08:46:52 +0800] "GET /favicon.ico HTTP/1.1" 404 -
222.69.138.195 - - [28/Aug/2020:08:46:53 +0800] "POST /xingrg/all/common/load_tree.html?tree=area_rest_tree_json&manage=1 HTTP/1.1" 200 351
222.69.138.195 - - [28/Aug/2020:08:46:53 +0800] "GET /xingrg/all/function/internal_message.html?_=1598575603104&CODE_STATE=count HTTP/1.1" 200 11
222.69.138.195 - - [28/Aug/2020:08:46:53 +0800] "GET /xingrg/check_reg.html?_=1598575603106 HTTP/1.1" 200 22
222.69.138.195 - - [28/Aug/2020:08:46:53 +0800] "POST /xingrg/load_menu.html HTTP/1.1" 200 5138
61.172.5.115 - - [28/Aug/2020:08:46:59 +0800] "GET /xingrg/all/function/internal_message.html?_=1598575620102&CODE_STATE=getMsg HTTP/1.1" 200 27
218.81.217.115 - - [28/Aug/2020:08:47:01 +0800] "GET /xingrg/all/function/internal_message.html?_=1598575604158&CODE_STATE=getMsg HTTP/1.1" 200 27
58.37.227.225 - - [28/Aug/2020:08:47:03 +0800] "GET /xingrg/check_reg.html?_=1598575634200 HTTP/1.1" 200 22
117.185.32.26 - - [28/Aug/2020:08:47:07 +0800] "GET /xingrg/all/function/internal_message.html?_=1598576050516&CODE_STATE=getMsg HTTP/1.1" 200 27
117.185.32.26 - - [28/Aug/2020:08:47:07 +0800] "GET /xingrg/check_reg.html?_=1598576050520 HTTP/1.1" 200 22
218.81.217.115 - - [28/Aug/2020:08:47:07 +0800] "POST /xingrg/kc/buy/cgsh_order_operate.html HTTP/1.1" 200 37
218.81.217.115 - - [28/Aug/2020:08:47:08 +0800] "POST /xingrg/kc/buy/cgsh_order_operate.html HTTP/1.1" 200 4424
172.17.0.115 - - [28/Aug/2020:08:47:14 +0800] "GET /xingrg/all/function/internal_message.html?_=1598575647154&CODE_STATE=getMsg HTTP/1.1" 200 27
58.221.95.50 - - [28/Aug/2020:08:47:20 +0800] "GET /xingrg/all/function/internal_message.html?_=1598575769938&CODE_STATE=getMsg HTTP/1.1" 200 27
172.17.0.117 - - [28/Aug/2020:08:47:20 +0800] "GET /xingrg/all/function/internal_message.html?_=1598575644915&CODE_STATE=getMsg HTTP/1.1" 200 27
172.17.0.117 - - [28/Aug/2020:08:47:20 +0800] "GET /xingrg/check_reg.html?_=1598575644918 HTTP/1.1" 200 22
117.131.5.26 - - [28/Aug/2020:08:47:22 +0800] "GET /xingrg/all/function/internal_message.html?_=1598575923906&CODE_STATE=getMsg HTTP/1.1" 200 27
218.81.217.115 - - [28/Aug/2020:08:47:24 +0800] "GET /xingrg/kc/buy/cgsh_order_add.html HTTP/1.1" 200 59552
218.81.217.115 - - [28/Aug/2020:08:47:25 +0800] "GET /xingrg/javascript/easyui/themes/default/validatebox.css HTTP/1.1" 404 1104
218.81.217.115 - - [28/Aug/2020:08:47:25 +0800] "POST /xingrg/kc/buy/cgsh_order_operate.html HTTP/1.1" 200 8245
116.230.74.197 - - [28/Aug/2020:08:47:26 +0800] "GET /xingrg/login.html HTTP/1.1" 200 7641
116.230.74.197 - - [28/Aug/2020:08:47:28 +0800] "GET /favicon.ico HTTP/1.1" 404 -
222.69.138.195 - - [28/Aug/2020:08:47:31 +0800] "GET /xingrg/kc/buy/cgsh_order_list.html HTTP/1.1" 200 43814
116.230.74.197 - - [28/Aug/2020:08:47:32 +0800] "POST /xingrg/login.do HTTP/1.1" 302 -
116.230.74.197 - - [28/Aug/2020:08:47:32 +0800] "GET /xingrg/index.html?sysBaseUrl=http%3A%2F%2F180.169.147.146%3A18081%2Fxingrg%2F&costTime=43×tamp=1598575652034 HTTP/1.1" 200 17179
222.69.138.195 - - [28/Aug/2020:08:47:32 +0800] "POST /xingrg/kc/buy/cgsh_list_operate.html HTTP/1.1" 200 876
58.40.7.146 - - [28/Aug/2020:08:47:33 +0800] "GET /xingrg/all/function/internal_message.html?_=1598575650494&CODE_STATE=getMsg HTTP/1.1" 200 27
116.230.74.197 - - [28/Aug/2020:08:47:33 +0800] "GET /favicon.ico HTTP/1.1" 404 -
116.230.74.197 - - [28/Aug/2020:08:47:34 +0800] "POST /xingrg/all/common/load_tree.html?tree=area_rest_tree_json&manage=1 HTTP/1.1" 200 476
116.230.74.197 - - [28/Aug/2020:08:47:34 +0800] "GET /xingrg/all/function/internal_message.html?_=1598575649587&CODE_STATE=count HTTP/1.1" 200 11
116.230.74.197 - - [28/Aug/2020:08:47:34 +0800] "GET /xingrg/check_reg.html?_=1598575649597 HTTP/1.1" 200 22
116.230.74.197 - - [28/Aug/2020:08:47:34 +0800] "POST /xingrg/load_menu.html HTTP/1.1" 200 5138
222.69.138.195 - - [28/Aug/2020:08:47:34 +0800] "GET /xingrg/kc/buy/cgsh_order_add.html HTTP/1.1" 200 59599
222.69.138.195 - - [28/Aug/2020:08:47:35 +0800] "GET /xingrg/words/20200827110701_words.js HTTP/1.1" 304 -
222.69.138.195 - - [28/Aug/2020:08:47:35 +0800] "POST /xingrg/kc/buy/cgsh_order_operate.html HTTP/1.1" 200 8245
222.69.138.195 - - [28/Aug/2020:08:47:35 +0800] "GET /xingrg/all/common/auto_word.html?type=employee&rest_code=00149 HTTP/1.1" 200 197
222.69.138.195 - - [28/Aug/2020:08:47:35 +0800] "GET /xingrg/all/common/auto_word.html?type=employee&rest_code=00149 HTTP/1.1" 200 197
222.69.138.195 - - [28/Aug/2020:08:47:35 +0800] "GET /xingrg/javascript/easyui/themes/default/validatebox.css HTTP/1.1" 404 1104
116.230.74.197 - - [28/Aug/2020:08:47:37 +0800] "GET /xingrg/kc/base/base_main.html HTTP/1.1" 200 12142
172.17.0.123 - - [28/Aug/2020:08:47:38 +0800] "GET /xingrg/all/function/internal_message.html?_=1598575674055&CODE_STATE=getMsg HTTP/1.1" 200 27
116.230.74.197 - - [28/Aug/2020:08:47:40 +0800] "GET /xingrg/kc/base/yddb_order_list.html HTTP/1.1" 200 16908
116.230.74.197 - - [28/Aug/2020:08:47:42 +0800] "POST /xingrg/kc/base/yddb_list_operate.html HTTP/1.1" 200 1249
172.17.0.185 - - [28/Aug/2020:08:47:44 +0800] "GET /xingrg/all/function/internal_message.html?_=1598575660249&CODE_STATE=getMsg HTTP/1.1" 200 27
222.69.138.195 - - [28/Aug/2020:08:47:45 +0800] "GET /xingrg/javascript/auto/indicator.gif HTTP/1.1" 404 1066
218.81.217.115 - - [28/Aug/2020:08:47:47 +0800] "GET /xingrg/all/function/internal_message.html?_=1598575679253&CODE_STATE=getMsg HTTP/1.1" 200 27
222.69.138.195 - - [28/Aug/2020:08:47:49 +0800] "GET /xingrg/javascript/jquery_tools/images/prev.gif HTTP/1.1" 404 1086
222.69.138.195 - - [28/Aug/2020:08:47:49 +0800] "GET /xingrg/javascript/jquery_tools/images/next.gif HTTP/1.1" 404 1086
116.230.74.197 - - [28/Aug/2020:08:47:50 +0800] "POST /xingrg/kc/base/yddb_list_operate.html HTTP/1.1" 200 3993
116.230.74.197 - - [28/Aug/2020:08:47:52 +0800] "POST /xingrg/kc/base/yddb_list_operate.html HTTP/1.1" 200 -
222.69.138.195 - - [28/Aug/2020:08:47:53 +0800] "GET /xingrg/all/function/internal_message.html?_=1598575663119&CODE_STATE=getMsg HTTP/1.1" 200 27
218.81.217.115 - - [28/Aug/2020:08:47:54 +0800] "GET /xingrg/kc/buy/cgsh_order_operate.html?command=get_materiel&rest_code=00146&code=00101008261&supplier_code=00100005&order_time=2020-08-28 HTTP/1.1" 200 408
61.172.5.115 - - [28/Aug/2020:08:47:59 +0800] "GET /xingrg/all/function/internal_message.html?_=1598575680103&CODE_STATE=getMsg HTTP/1.1" 200 27
61.172.5.115 - - [28/Aug/2020:08:47:59 +0800] "GET /xingrg/check_reg.html?_=1598575680106 HTTP/1.1" 200 22
116.230.74.197 - - [28/Aug/2020:08:47:59 +0800] "POST /xingrg/kc/base/yddb_list_operate.html HTTP/1.1" 200 -
116.230.74.197 - - [28/Aug/2020:08:48:00 +0800] "GET /xingrg/kc/base/yddb_order_info.html?code=482020082700238 HTTP/1.1" 200 31132
116.230.74.197 - - [28/Aug/2020:08:48:00 +0800] "GET /xingrg/dwr/interface/AjaxComOrderService.js HTTP/1.1" 200 18264
116.230.74.197 - - [28/Aug/2020:08:48:00 +0800] "GET /xingrg/dwr/interface/AjaxYddbService.js HTTP/1.1" 200 13201
116.230.74.197 - - [28/Aug/2020:08:48:00 +0800] "GET /xingrg/dwr/engine.js HTTP/1.1" 200 43631
116.230.74.197 - - [28/Aug/2020:08:48:00 +0800] "POST /xingrg/dwr/call/plaincall/AjaxYddbService.loadMaterielItems.dwr HTTP/1.1" 200 76
218.81.217.115 - - [28/Aug/2020:08:48:02 +0800] "GET /xingrg/all/function/internal_message.html?_=1598575664525&CODE_STATE=getMsg HTTP/1.1" 200 27
116.230.74.197 - - [28/Aug/2020:08:48:02 +0800] "GET /xingrg/javascript/jquery_easy_ui/themes/default/images/tabs_active.png HTTP/1.1" 200 2894
218.81.217.115 - - [28/Aug/2020:08:48:04 +0800] "GET /xingrg/kc/buy/cgsh_order_operate.html?command=get_materiel&rest_code=00146&code=00101008084&supplier_code=00100005&order_time=2020-08-28 HTTP/1.1" 200 412
117.185.32.26 - - [28/Aug/2020:08:48:07 +0800] "GET /xingrg/all/function/internal_message.html?_=1598576110505&CODE_STATE=getMsg HTTP/1.1" 200 27
116.230.74.197 - - [28/Aug/2020:08:48:08 +0800] "POST /xingrg/dwr/call/plaincall/AjaxYddbService.deleteOrder.dwr HTTP/1.1" 200 78
116.230.74.197 - - [28/Aug/2020:08:48:09 +0800] "GET /xingrg/kc/base/yddb_order_list.html HTTP/1.1" 200 16908
116.230.74.197 - - [28/Aug/2020:08:48:09 +0800] "POST /xingrg/kc/base/yddb_list_operate.html HTTP/1.1" 200 583
172.17.0.115 - - [28/Aug/2020:08:48:14 +0800] "GET /xingrg/all/function/internal_message.html?_=1598575707172&CODE_STATE=getMsg HTTP/1.1" 200 27
116.230.74.197 - - [28/Aug/2020:08:48:18 +0800] "POST /xingrg/kc/base/yddb_list_operate.html HTTP/1.1" 200 4005
116.230.74.197 - - [28/Aug/2020:08:48:20 +0800] "POST /xingrg/kc/base/yddb_list_operate.html HTTP/1.1" 200 205
58.221.95.50 - - [28/Aug/2020:08:48:20 +0800] "GET /xingrg/all/function/internal_message.html?_=1598575829909&CODE_STATE=getMsg HTTP/1.1" 200 27
172.17.0.117 - - [28/Aug/2020:08:48:20 +0800] "GET /xingrg/all/function/internal_message.html?_=1598575704919&CODE_STATE=getMsg HTTP/1.1" 200 27
117.131.5.26 - - [28/Aug/2020:08:48:22 +0800] "GET /xingrg/all/function/internal_message.html?_=1598575983928&CODE_STATE=getMsg HTTP/1.1" 200 27
116.230.74.197 - - [28/Aug/2020:08:48:25 +0800] "POST /xingrg/kc/base/yddb_list_operate.html HTTP/1.1" 200 205
222.69.138.195 - - [28/Aug/2020:08:48:26 +0800] "GET /xingrg/kc/buy/cgsh_order_operate.html?command=get_materiel&rest_code=00149&code=00101008323&supplier_code=00100005&order_time=2020-08-28 HTTP/1.1" 200 408
218.81.217.115 - - [28/Aug/2020:08:48:27 +0800] "GET /xingrg/kc/buy/cgsh_order_operate.html?command=get_materiel&rest_code=00146&code=00101008185&supplier_code=00100005&order_time=2020-08-28 HTTP/1.1" 200 429
58.40.7.146 - - [28/Aug/2020:08:48:33 +0800] "GET /xingrg/all/function/internal_message.html?_=1598575710467&CODE_STATE=getMsg HTTP/1.1" 200 27
116.230.74.197 - - [28/Aug/2020:08:48:34 +0800] "GET /xingrg/all/function/internal_message.html?_=1598575709605&CODE_STATE=getMsg HTTP/1.1" 200 27
218.81.217.115 - - [28/Aug/2020:08:48:36 +0800] "GET /xingrg/kc/buy/cgsh_order_operate.html?command=get_materiel&rest_code=00146&code=00101008361&supplier_code=00100005&order_time=2020-08-28 HTTP/1.1" 200 427
172.17.0.123 - - [28/Aug/2020:08:48:38 +0800] "GET /xingrg/all/function/internal_message.html?_=1598575734057&CODE_STATE=getMsg HTTP/1.1" 200 27
222.69.138.195 - - [28/Aug/2020:08:48:42 +0800] "GET /xingrg/kc/buy/cgsh_order_operate.html?command=get_materiel&rest_code=00149&code=00101008091&supplier_code=00100005&order_time=2020-08-28 HTTP/1.1" 200 412
