114.89.80.44 - - [22/Aug/2020:09:47:45 +0800] "GET /xingrg/kc/buy/cgsh_order_operate.html?command=get_materiel&rest_code=00150&code=00101008355&supplier_code=00100007&order_time=2020-08-22 HTTP/1.1" 200 429
117.185.32.26 - - [22/Aug/2020:09:47:45 +0800] "POST /xingrg/all/report/load_report_page.html HTTP/1.1" 200 96757
117.185.32.26 - - [22/Aug/2020:09:47:46 +0800] "GET /xingrg/servlets/image?cache=0.36463660197119396&image=px HTTP/1.1" 200 807
58.221.95.50 - - [22/Aug/2020:09:47:48 +0800] "GET /xingrg/all/function/internal_message.html?_=1598060996819&CODE_STATE=getMsg HTTP/1.1" 200 27
117.185.32.26 - - [22/Aug/2020:09:47:49 +0800] "POST /xingrg/all/report/report_print.html HTTP/1.1" 200 39981
172.17.0.185 - - [22/Aug/2020:09:47:51 +0800] "GET /xingrg/all/function/internal_message.html?_=1598060867527&CODE_STATE=getMsg HTTP/1.1" 302 -
114.89.80.44 - - [22/Aug/2020:09:47:51 +0800] "GET /xingrg/kc/buy/cgsh_order_operate.html?command=get_materiel&rest_code=00150&code=00101008004&supplier_code=00100007&order_time=2020-08-22 HTTP/1.1" 200 416
117.131.5.26 - - [22/Aug/2020:09:47:53 +0800] "GET /xingrg/all/function/internal_message.html?_=1598061249376&CODE_STATE=getMsg HTTP/1.1" 200 27
180.175.214.200 - - [22/Aug/2020:09:47:53 +0800] "GET /xingrg/kc/buy/cgsh_order_operate.html?command=get_materiel&rest_code=00102&code=00101015040&supplier_code=00100054&order_time=2020-08-22 HTTP/1.1" 200 408
114.89.80.44 - - [22/Aug/2020:09:47:56 +0800] "GET /xingrg/kc/buy/cgsh_order_operate.html?command=get_materiel&rest_code=00150&code=00101008264&supplier_code=00100007&order_time=2020-08-22 HTTP/1.1" 200 433
218.81.217.115 - - [22/Aug/2020:09:47:58 +0800] "GET /xingrg/all/function/internal_message.html?_=1598060893606&CODE_STATE=getMsg HTTP/1.1" 200 27
116.232.51.56 - - [22/Aug/2020:09:48:00 +0800] "GET /xingrg/all/function/internal_message.html?_=1598060899230&CODE_STATE=getMsg HTTP/1.1" 200 27
117.185.32.26 - - [22/Aug/2020:09:48:01 +0800] "GET /xingrg/all/function/internal_message.html?_=1598060873228&CODE_STATE=getMsg HTTP/1.1" 200 27
117.184.7.26 - - [22/Aug/2020:09:48:02 +0800] "GET /xingrg/all/function/internal_message.html?_=1598060869115&CODE_STATE=getMsg HTTP/1.1" 200 27
114.89.80.44 - - [22/Aug/2020:09:48:03 +0800] "GET /xingrg/kc/buy/cgsh_order_operate.html?command=get_materiel&rest_code=00150&code=00101009030&supplier_code=00100007&order_time=2020-08-22 HTTP/1.1" 200 412
180.175.214.200 - - [22/Aug/2020:09:48:04 +0800] "GET /xingrg/all/function/internal_message.html?_=1598061089230&CODE_STATE=getMsg HTTP/1.1" 200 27
61.172.5.115 - - [22/Aug/2020:09:48:09 +0800] "GET /xingrg/all/function/internal_message.html?_=1598060888273&CODE_STATE=getMsg HTTP/1.1" 200 27
114.89.80.44 - - [22/Aug/2020:09:48:09 +0800] "GET /xingrg/kc/buy/cgsh_order_operate.html?command=get_materiel&rest_code=00150&code=00101008356&supplier_code=00100007&order_time=2020-08-22 HTTP/1.1" 200 408
61.172.5.115 - - [22/Aug/2020:09:48:10 +0800] "GET /xingrg/check_reg.html?_=1598060889038 HTTP/1.1" 200 22
114.89.80.44 - - [22/Aug/2020:09:48:13 +0800] "GET /xingrg/kc/buy/cgsh_order_operate.html?command=get_materiel&rest_code=00150&code=00101008300&supplier_code=00100007&order_time=2020-08-22 HTTP/1.1" 200 412
218.81.217.115 - - [22/Aug/2020:09:48:16 +0800] "GET /xingrg/check_reg.html?_=1598060914665 HTTP/1.1" 200 22
117.184.7.26 - - [22/Aug/2020:09:48:17 +0800] "GET /xingrg/all/function/internal_message.html?_=1598060892191&CODE_STATE=getMsg HTTP/1.1" 200 27
114.86.188.99 - - [22/Aug/2020:09:48:17 +0800] "GET /xingrg/all/function/internal_message.html?_=1598060899668&CODE_STATE=getMsg HTTP/1.1" 200 27
114.89.80.44 - - [22/Aug/2020:09:48:21 +0800] "GET /xingrg/kc/buy/cgsh_order_operate.html?command=get_materiel&rest_code=00150&code=00101008118&supplier_code=00100007&order_time=2020-08-22 HTTP/1.1" 200 418
222.69.134.134 - - [22/Aug/2020:09:48:21 +0800] "GET /xingrg/all/function/internal_message.html?_=1598060889380&CODE_STATE=getMsg HTTP/1.1" 200 27
114.89.80.44 - - [22/Aug/2020:09:48:22 +0800] "POST /xingrg/kc/buy/cgsh_order_operate.html HTTP/1.1" 200 2065
116.230.74.197 - - [22/Aug/2020:09:48:23 +0800] "GET /xingrg/kc/buy/cgsh_order_operate.html?command=get_materiel&rest_code=00107&code=00101010108&supplier_code=00100336&order_time=2020-08-22 HTTP/1.1" 200 441
180.175.214.200 - - [22/Aug/2020:09:48:25 +0800] "POST /xingrg/kc/buy/cgsh_order_operate.html HTTP/1.1" 200 37
180.175.214.200 - - [22/Aug/2020:09:48:27 +0800] "POST /xingrg/kc/buy/cgsh_order_operate.html HTTP/1.1" 200 12
114.89.80.44 - - [22/Aug/2020:09:48:27 +0800] "GET /xingrg/kc/buy/cgsh_order_operate.html?command=get_materiel&rest_code=00150&code=00101008136&supplier_code=00100007&order_time=2020-08-22 HTTP/1.1" 200 413
180.175.214.200 - - [22/Aug/2020:09:48:28 +0800] "GET /xingrg/kc/buy/cgsh_order_info.html?code=212020082209299 HTTP/1.1" 200 54190
180.175.214.200 - - [22/Aug/2020:09:48:29 +0800] "GET /xingrg/javascript/easyui/themes/default/validatebox.css HTTP/1.1" 404 1104
180.175.214.200 - - [22/Aug/2020:09:48:29 +0800] "POST /xingrg/kc/buy/cgsh_order_operate.html HTTP/1.1" 200 4126
172.17.0.100 - - [22/Aug/2020:09:48:30 +0800] "GET /xingrg/all/function/internal_message.html?_=1598060907329&CODE_STATE=getMsg HTTP/1.1" 200 27
116.230.74.197 - - [22/Aug/2020:09:48:30 +0800] "POST /xingrg/kc/buy/cgsh_order_operate.html HTTP/1.1" 200 37
180.175.214.200 - - [22/Aug/2020:09:48:31 +0800] "GET /xingrg/kc/print/load_data.html?order_code=212020082209299&kc_code=cgsh&condition= HTTP/1.1" 200 2003
116.230.74.197 - - [22/Aug/2020:09:48:31 +0800] "POST /xingrg/kc/buy/cgsh_order_operate.html HTTP/1.1" 200 2665
114.89.80.44 - - [22/Aug/2020:09:48:32 +0800] "GET /xingrg/all/function/internal_message.html?_=1598060903951&CODE_STATE=getMsg HTTP/1.1" 200 27
114.89.80.44 - - [22/Aug/2020:09:48:32 +0800] "GET /xingrg/check_reg.html?_=1598060903954 HTTP/1.1" 200 22
116.230.74.197 - - [22/Aug/2020:09:48:33 +0800] "GET /xingrg/kc/print/load_data.html?order_code=212020082209300&kc_code=cgsh&condition= HTTP/1.1" 200 678
114.89.80.44 - - [22/Aug/2020:09:48:36 +0800] "GET /xingrg/kc/buy/cgsh_order_operate.html?command=get_materiel&rest_code=00150&code=00101008101&supplier_code=00100007&order_time=2020-08-22 HTTP/1.1" 200 412
116.230.74.197 - - [22/Aug/2020:09:48:36 +0800] "GET /xingrg/kc/buy/cgsh_order_add.html HTTP/1.1" 200 59426
116.230.74.197 - - [22/Aug/2020:09:48:37 +0800] "POST /xingrg/kc/buy/cgsh_order_operate.html HTTP/1.1" 200 8245
116.230.74.197 - - [22/Aug/2020:09:48:37 +0800] "GET /xingrg/javascript/easyui/themes/default/validatebox.css HTTP/1.1" 404 1104
114.88.166.242 - - [22/Aug/2020:09:48:37 +0800] "GET /xingrg/all/function/internal_message.html?_=1598060912473&CODE_STATE=getMsg HTTP/1.1" 200 27
116.230.74.197 - - [22/Aug/2020:09:48:38 +0800] "GET /xingrg/javascript/easyui/themes/default/tree.css HTTP/1.1" 404 1090
116.230.74.197 - - [22/Aug/2020:09:48:38 +0800] "POST /xingrg/all/common/load_tree.html?tree=supplier_tree_json&isDelete=1 HTTP/1.1" 200 49675
180.175.214.200 - - [22/Aug/2020:09:48:40 +0800] "POST /xingrg/kc/buy/cgsh_list_operate.html HTTP/1.1" 200 5753
114.89.80.44 - - [22/Aug/2020:09:48:42 +0800] "GET /xingrg/kc/buy/cgsh_order_operate.html?command=get_materiel&rest_code=00150&code=00101008069&supplier_code=00100007&order_time=2020-08-22 HTTP/1.1" 200 432
116.230.74.197 - - [22/Aug/2020:09:48:43 +0800] "GET /xingrg/check_reg.html?_=1598060913150 HTTP/1.1" 200 22
218.81.217.115 - - [22/Aug/2020:09:48:43 +0800] "GET /xingrg/all/function/internal_message.html?_=1598060941700&CODE_STATE=getMsg HTTP/1.1" 200 27
116.230.74.197 - - [22/Aug/2020:09:48:45 +0800] "GET /xingrg/all/function/internal_message.html?_=1598060915208&CODE_STATE=getMsg HTTP/1.1" 200 27
114.89.80.44 - - [22/Aug/2020:09:48:46 +0800] "GET /xingrg/kc/buy/cgsh_order_operate.html?command=get_materiel&rest_code=00150&code=00101008286&supplier_code=00100007&order_time=2020-08-22 HTTP/1.1" 200 429
58.221.95.50 - - [22/Aug/2020:09:48:48 +0800] "GET /xingrg/all/function/internal_message.html?_=1598061056846&CODE_STATE=getMsg HTTP/1.1" 200 27
172.17.0.185 - - [22/Aug/2020:09:48:51 +0800] "GET /xingrg/all/function/internal_message.html?_=1598060927529&CODE_STATE=getMsg HTTP/1.1" 302 -
114.89.80.44 - - [22/Aug/2020:09:48:51 +0800] "GET /xingrg/kc/buy/cgsh_order_operate.html?command=get_materiel&rest_code=00150&code=00101008036&supplier_code=00100007&order_time=2020-08-22 HTTP/1.1" 200 428
117.131.5.26 - - [22/Aug/2020:09:48:53 +0800] "GET /xingrg/all/function/internal_message.html?_=1598061309401&CODE_STATE=getMsg HTTP/1.1" 200 27
114.89.80.44 - - [22/Aug/2020:09:48:54 +0800] "POST /xingrg/kc/buy/cgsh_order_operate.html HTTP/1.1" 200 2065
218.81.217.115 - - [22/Aug/2020:09:48:58 +0800] "GET /xingrg/all/function/internal_message.html?_=1598060953619&CODE_STATE=getMsg HTTP/1.1" 200 27
114.89.80.44 - - [22/Aug/2020:09:48:58 +0800] "GET /xingrg/kc/buy/cgsh_order_operate.html?command=get_materiel&rest_code=00150&code=00101008131&supplier_code=00100007&order_time=2020-08-22 HTTP/1.1" 200 429
116.230.74.197 - - [22/Aug/2020:09:48:58 +0800] "GET /xingrg/kc/buy/cgsh_order_operate.html?command=get_materiel&rest_code=00107&code=00101006159&supplier_code=00100344&order_time=2020-08-22 HTTP/1.1" 200 417
116.232.51.56 - - [22/Aug/2020:09:49:00 +0800] "GET /xingrg/check_reg.html?_=1598060959250 HTTP/1.1" 200 22
116.232.51.56 - - [22/Aug/2020:09:49:00 +0800] "GET /xingrg/all/function/internal_message.html?_=1598060959250&CODE_STATE=getMsg HTTP/1.1" 200 27
117.185.32.26 - - [22/Aug/2020:09:49:01 +0800] "GET /xingrg/all/function/internal_message.html?_=1598060933232&CODE_STATE=getMsg HTTP/1.1" 200 27
117.184.7.26 - - [22/Aug/2020:09:49:02 +0800] "GET /xingrg/all/function/internal_message.html?_=1598060929127&CODE_STATE=getMsg HTTP/1.1" 200 27
114.89.80.44 - - [22/Aug/2020:09:49:03 +0800] "GET /xingrg/kc/buy/cgsh_order_operate.html?command=get_materiel&rest_code=00150&code=00101008318&supplier_code=00100007&order_time=2020-08-22 HTTP/1.1" 200 408
180.175.214.200 - - [22/Aug/2020:09:49:04 +0800] "GET /xingrg/all/function/internal_message.html?_=1598061149244&CODE_STATE=getMsg HTTP/1.1" 200 27
114.89.80.44 - - [22/Aug/2020:09:49:08 +0800] "GET /xingrg/kc/buy/cgsh_order_operate.html?command=get_materiel&rest_code=00150&code=00101008005&supplier_code=00100007&order_time=2020-08-22 HTTP/1.1" 200 412
61.172.5.115 - - [22/Aug/2020:09:49:09 +0800] "GET /xingrg/all/function/internal_message.html?_=1598060948243&CODE_STATE=getMsg HTTP/1.1" 200 27
116.230.74.197 - - [22/Aug/2020:09:49:12 +0800] "GET /xingrg/kc/buy/cgsh_order_operate.html?command=get_materiel&rest_code=00107&code=00101006160&supplier_code=00100344&order_time=2020-08-22 HTTP/1.1" 200 415
114.89.80.44 - - [22/Aug/2020:09:49:14 +0800] "GET /xingrg/kc/buy/cgsh_order_operate.html?command=get_materiel&rest_code=00150&code=00101008092&supplier_code=00100007&order_time=2020-08-22 HTTP/1.1" 200 412
117.184.7.26 - - [22/Aug/2020:09:49:17 +0800] "GET /xingrg/all/function/internal_message.html?_=1598060952192&CODE_STATE=getMsg HTTP/1.1" 200 27
114.86.188.99 - - [22/Aug/2020:09:49:17 +0800] "GET /xingrg/check_reg.html?_=1598060958999 HTTP/1.1" 200 22
114.86.188.99 - - [22/Aug/2020:09:49:17 +0800] "GET /xingrg/all/function/internal_message.html?_=1598060959683&CODE_STATE=getMsg HTTP/1.1" 200 27
116.230.74.197 - - [22/Aug/2020:09:49:19 +0800] "POST /xingrg/kc/buy/cgsh_order_operate.html HTTP/1.1" 200 37
114.89.80.44 - - [22/Aug/2020:09:49:20 +0800] "GET /xingrg/kc/buy/cgsh_order_operate.html?command=get_materiel&rest_code=00150&code=00101008353&supplier_code=00100007&order_time=2020-08-22 HTTP/1.1" 200 429
116.230.74.197 - - [22/Aug/2020:09:49:21 +0800] "POST /xingrg/kc/buy/cgsh_order_operate.html HTTP/1.1" 200 3255
222.69.134.134 - - [22/Aug/2020:09:49:21 +0800] "GET /xingrg/all/function/internal_message.html?_=1598060949393&CODE_STATE=getMsg HTTP/1.1" 200 27
114.89.80.44 - - [22/Aug/2020:09:49:22 +0800] "POST /xingrg/kc/buy/cgsh_order_operate.html HTTP/1.1" 200 2065
116.230.74.197 - - [22/Aug/2020:09:49:22 +0800] "GET /xingrg/kc/print/load_data.html?order_code=212020082209301&kc_code=cgsh&condition= HTTP/1.1" 200 901
116.230.74.197 - - [22/Aug/2020:09:49:26 +0800] "GET /xingrg/kc/buy/cgsh_order_add.html HTTP/1.1" 200 59426
116.230.74.197 - - [22/Aug/2020:09:49:26 +0800] "GET /xingrg/javascript/easyui/themes/default/validatebox.css HTTP/1.1" 404 1104
116.230.74.197 - - [22/Aug/2020:09:49:26 +0800] "POST /xingrg/kc/buy/cgsh_order_operate.html HTTP/1.1" 200 8245
114.89.80.44 - - [22/Aug/2020:09:49:28 +0800] "GET /xingrg/kc/buy/cgsh_order_operate.html?command=get_materiel&rest_code=00150&code=00101008213&supplier_code=00100007&order_time=2020-08-22 HTTP/1.1" 200 412
116.230.74.197 - - [22/Aug/2020:09:49:28 +0800] "GET /xingrg/javascript/easyui/themes/default/tree.css HTTP/1.1" 404 1090
116.230.74.197 - - [22/Aug/2020:09:49:28 +0800] "POST /xingrg/all/common/load_tree.html?tree=supplier_tree_json&isDelete=1 HTTP/1.1" 200 49675
172.17.0.100 - - [22/Aug/2020:09:49:30 +0800] "GET /xingrg/all/function/internal_message.html?_=1598060967329&CODE_STATE=getMsg HTTP/1.1" 200 27
114.89.80.44 - - [22/Aug/2020:09:49:33 +0800] "GET /xingrg/all/function/internal_message.html?_=1598060964120&CODE_STATE=getMsg HTTP/1.1" 200 27
114.89.80.44 - - [22/Aug/2020:09:49:33 +0800] "GET /xingrg/kc/buy/cgsh_order_operate.html?command=get_materiel&rest_code=00150&code=00101008150&supplier_code=00100007&order_time=2020-08-22 HTTP/1.1" 200 409
114.88.166.242 - - [22/Aug/2020:09:49:38 +0800] "GET /xingrg/all/function/internal_message.html?_=1598060972665&CODE_STATE=getMsg HTTP/1.1" 200 27
114.89.80.44 - - [22/Aug/2020:09:49:41 +0800] "GET /xingrg/kc/buy/cgsh_order_operate.html?command=get_materiel&rest_code=00150&code=00101008344&supplier_code=00100007&order_time=2020-08-22 HTTP/1.1" 200 412
218.81.217.115 - - [22/Aug/2020:09:49:43 +0800] "GET /xingrg/all/function/internal_message.html?_=1598061001714&CODE_STATE=getMsg HTTP/1.1" 200 27
116.230.74.197 - - [22/Aug/2020:09:49:45 +0800] "GET /xingrg/all/function/internal_message.html?_=1598060975185&CODE_STATE=getMsg HTTP/1.1" 200 27
116.230.74.197 - - [22/Aug/2020:09:49:46 +0800] "GET /xingrg/kc/buy/cgsh_order_operate.html?command=get_materiel&rest_code=00107&code=00101004046&supplier_code=00100312&order_time=2020-08-22 HTTP/1.1" 200 417
114.89.80.44 - - [22/Aug/2020:09:49:46 +0800] "GET /xingrg/kc/buy/cgsh_order_operate.html?command=get_materiel&rest_code=00150&code=00101008110&supplier_code=00100007&order_time=2020-08-22 HTTP/1.1" 200 408
58.221.95.50 - - [22/Aug/2020:09:49:48 +0800] "GET /xingrg/all/function/internal_message.html?_=1598061116851&CODE_STATE=getMsg HTTP/1.1" 200 27
172.17.0.185 - - [22/Aug/2020:09:49:51 +0800] "GET /xingrg/all/function/internal_message.html?_=1598060987532&CODE_STATE=getMsg HTTP/1.1" 302 -
114.89.80.44 - - [22/Aug/2020:09:49:52 +0800] "GET /xingrg/kc/buy/cgsh_order_operate.html?command=get_materiel&rest_code=00150&code=00101008283&supplier_code=00100007&order_time=2020-08-22 HTTP/1.1" 200 408
117.131.5.26 - - [22/Aug/2020:09:49:53 +0800] "GET /xingrg/check_reg.html?_=1598061369401 HTTP/1.1" 200 22
117.131.5.26 - - [22/Aug/2020:09:49:53 +0800] "GET /xingrg/all/function/internal_message.html?_=1598061369400&CODE_STATE=getMsg HTTP/1.1" 200 27
114.89.80.44 - - [22/Aug/2020:09:49:54 +0800] "POST /xingrg/kc/buy/cgsh_order_operate.html HTTP/1.1" 200 2065
114.89.80.44 - - [22/Aug/2020:09:49:58 +0800] "GET /xingrg/kc/buy/cgsh_order_operate.html?command=get_materiel&rest_code=00150&code=00101008298&supplier_code=00100007&order_time=2020-08-22 HTTP/1.1" 200 412
218.81.217.115 - - [22/Aug/2020:09:49:58 +0800] "GET /xingrg/all/function/internal_message.html?_=1598061013841&CODE_STATE=getMsg HTTP/1.1" 200 27
116.232.51.56 - - [22/Aug/2020:09:50:00 +0800] "GET /xingrg/all/function/internal_message.html?_=1598061019245&CODE_STATE=getMsg HTTP/1.1" 200 27
117.185.32.26 - - [22/Aug/2020:09:50:01 +0800] "GET /xingrg/all/function/internal_message.html?_=1598060993226&CODE_STATE=getMsg HTTP/1.1" 200 27
116.230.74.197 - - [22/Aug/2020:09:50:02 +0800] "GET /xingrg/kc/buy/cgsh_order_operate.html?command=get_materiel&rest_code=00107&code=00101004067&supplier_code=00100312&order_time=2020-08-22 HTTP/1.1" 200 435
117.184.7.30 - - [22/Aug/2020:09:50:02 +0800] "GET /xingrg/check_reg.html?_=1598060988962 HTTP/1.1" 200 22
117.184.7.30 - - [22/Aug/2020:09:50:02 +0800] "GET /xingrg/all/function/internal_message.html?_=1598060989141&CODE_STATE=getMsg HTTP/1.1" 200 27
180.175.214.200 - - [22/Aug/2020:09:50:05 +0800] "GET /xingrg/all/function/internal_message.html?_=1598061209258&CODE_STATE=getMsg HTTP/1.1" 200 27
114.89.80.44 - - [22/Aug/2020:09:50:05 +0800] "POST /xingrg/kc/buy/cgsh_order_operate.html HTTP/1.1" 200 37
114.88.155.84 - - [22/Aug/2020:09:50:05 +0800] "GET /xingrg/check_reg.html?_=1598061004109 HTTP/1.1" 200 22
114.89.80.44 - - [22/Aug/2020:09:50:06 +0800] "POST /xingrg/kc/buy/cgsh_order_operate.html HTTP/1.1" 200 23323
61.172.5.115 - - [22/Aug/2020:09:50:09 +0800] "GET /xingrg/all/function/internal_message.html?_=1598061008226&CODE_STATE=getMsg HTTP/1.1" 200 27
116.230.74.197 - - [22/Aug/2020:09:50:13 +0800] "GET /xingrg/kc/buy/cgsh_order_operate.html?command=get_materiel&rest_code=00107&code=00101004020&supplier_code=00100312&order_time=2020-08-22 HTTP/1.1" 200 409
117.184.7.26 - - [22/Aug/2020:09:50:17 +0800] "GET /xingrg/check_reg.html?_=1598061012200 HTTP/1.1" 200 22
117.184.7.26 - - [22/Aug/2020:09:50:17 +0800] "GET /xingrg/all/function/internal_message.html?_=1598061012202&CODE_STATE=getMsg HTTP/1.1" 200 27
114.86.188.99 - - [22/Aug/2020:09:50:18 +0800] "GET /xingrg/all/function/internal_message.html?_=1598061019696&CODE_STATE=getMsg HTTP/1.1" 200 27
116.230.74.197 - - [22/Aug/2020:09:50:20 +0800] "GET /xingrg/kc/buy/cgsh_order_operate.html?command=get_materiel&rest_code=00107&code=00101004030&supplier_code=00100312&order_time=2020-08-22 HTTP/1.1" 200 428
222.69.134.134 - - [22/Aug/2020:09:50:21 +0800] "GET /xingrg/check_reg.html?_=1598061009382 HTTP/1.1" 200 22
222.69.134.134 - - [22/Aug/2020:09:50:21 +0800] "GET /xingrg/all/function/internal_message.html?_=1598061009383&CODE_STATE=getMsg HTTP/1.1" 200 27
172.17.0.100 - - [22/Aug/2020:09:50:30 +0800] "GET /xingrg/all/function/internal_message.html?_=1598061027328&CODE_STATE=getMsg HTTP/1.1" 200 27
114.89.80.44 - - [22/Aug/2020:09:50:33 +0800] "GET /xingrg/all/function/internal_message.html?_=1598061024157&CODE_STATE=getMsg HTTP/1.1" 200 27
116.230.74.197 - - [22/Aug/2020:09:50:33 +0800] "GET /xingrg/kc/buy/cgsh_order_operate.html?command=get_materiel&rest_code=00107&code=00101001033&supplier_code=00100312&order_time=2020-08-22 HTTP/1.1" 200 419
114.88.166.242 - - [22/Aug/2020:09:50:36 +0800] "GET /xingrg/check_reg.html?_=1598061031584 HTTP/1.1" 200 22
114.88.166.242 - - [22/Aug/2020:09:50:38 +0800] "GET /xingrg/all/function/internal_message.html?_=1598061032840&CODE_STATE=getMsg HTTP/1.1" 200 27
218.81.217.115 - - [22/Aug/2020:09:50:43 +0800] "GET /xingrg/all/function/internal_message.html?_=1598061061970&CODE_STATE=getMsg HTTP/1.1" 200 27
116.230.74.197 - - [22/Aug/2020:09:50:45 +0800] "GET /xingrg/all/function/internal_message.html?_=1598061035188&CODE_STATE=getMsg HTTP/1.1" 200 27
116.230.74.197 - - [22/Aug/2020:09:50:47 +0800] "POST /xingrg/kc/buy/cgsh_order_operate.html HTTP/1.1" 200 37
116.230.74.197 - - [22/Aug/2020:09:50:48 +0800] "POST /xingrg/kc/buy/cgsh_order_operate.html HTTP/1.1" 200 5043
58.221.95.50 - - [22/Aug/2020:09:50:48 +0800] "GET /xingrg/all/function/internal_message.html?_=1598061176843&CODE_STATE=getMsg HTTP/1.1" 200 27
116.230.74.197 - - [22/Aug/2020:09:50:49 +0800] "GET /xingrg/kc/print/load_data.html?order_code=212020082209303&kc_code=cgsh&condition= HTTP/1.1" 200 1589
172.17.0.185 - - [22/Aug/2020:09:50:51 +0800] "GET /xingrg/all/function/internal_message.html?_=1598061047519&CODE_STATE=getMsg HTTP/1.1" 302 -
117.131.5.26 - - [22/Aug/2020:09:50:53 +0800] "GET /xingrg/all/function/internal_message.html?_=1598061429414&CODE_STATE=getMsg HTTP/1.1" 200 27
218.81.217.115 - - [22/Aug/2020:09:50:58 +0800] "GET /xingrg/all/function/internal_message.html?_=1598061073849&CODE_STATE=getMsg HTTP/1.1" 200 27
116.232.51.56 - - [22/Aug/2020:09:51:00 +0800] "GET /xingrg/all/function/internal_message.html?_=1598061079234&CODE_STATE=getMsg HTTP/1.1" 200 27
117.185.32.26 - - [22/Aug/2020:09:51:01 +0800] "GET /xingrg/check_reg.html?_=1598061053232 HTTP/1.1" 200 22
117.185.32.26 - - [22/Aug/2020:09:51:01 +0800] "GET /xingrg/all/function/internal_message.html?_=1598061053234&CODE_STATE=getMsg HTTP/1.1" 200 27
116.230.74.197 - - [22/Aug/2020:09:51:02 +0800] "GET /xingrg/kc/buy/cgsh_order_add.html HTTP/1.1" 200 59426
117.184.7.30 - - [22/Aug/2020:09:51:02 +0800] "GET /xingrg/all/function/internal_message.html?_=1598061049164&CODE_STATE=getMsg HTTP/1.1" 200 27
116.230.74.197 - - [22/Aug/2020:09:51:02 +0800] "GET /xingrg/javascript/easyui/themes/default/validatebox.css HTTP/1.1" 404 1104
116.230.74.197 - - [22/Aug/2020:09:51:02 +0800] "POST /xingrg/kc/buy/cgsh_order_operate.html HTTP/1.1" 200 8245
116.230.74.197 - - [22/Aug/2020:09:51:04 +0800] "GET /xingrg/javascript/easyui/themes/default/tree.css HTTP/1.1" 404 1090
116.230.74.197 - - [22/Aug/2020:09:51:04 +0800] "POST /xingrg/all/common/load_tree.html?tree=supplier_tree_json&isDelete=1 HTTP/1.1" 200 49675
180.175.214.200 - - [22/Aug/2020:09:51:05 +0800] "GET /xingrg/all/function/internal_message.html?_=1598061269482&CODE_STATE=getMsg HTTP/1.1" 200 27
61.172.5.115 - - [22/Aug/2020:09:51:09 +0800] "GET /xingrg/all/function/internal_message.html?_=1598061068193&CODE_STATE=getMsg HTTP/1.1" 200 27
117.184.7.26 - - [22/Aug/2020:09:51:17 +0800] "GET /xingrg/all/function/internal_message.html?_=1598061072202&CODE_STATE=getMsg HTTP/1.1" 200 27
114.86.188.99 - - [22/Aug/2020:09:51:18 +0800] "GET /xingrg/all/function/internal_message.html?_=1598061079709&CODE_STATE=getMsg HTTP/1.1" 200 27
116.230.74.197 - - [22/Aug/2020:09:51:19 +0800] "GET /xingrg/kc/buy/cgsh_order_operate.html?command=get_materiel&rest_code=00107&code=00101002010&supplier_code=00100088&order_time=2020-08-22 HTTP/1.1" 200 415
222.69.134.134 - - [22/Aug/2020:09:51:21 +0800] "GET /xingrg/all/function/internal_message.html?_=1598061069382&CODE_STATE=getMsg HTTP/1.1" 200 27
172.17.0.100 - - [22/Aug/2020:09:51:30 +0800] "GET /xingrg/all/function/internal_message.html?_=1598061087331&CODE_STATE=getMsg HTTP/1.1" 200 27
114.89.80.44 - - [22/Aug/2020:09:51:33 +0800] "GET /xingrg/all/function/internal_message.html?_=1598061084200&CODE_STATE=getMsg HTTP/1.1" 200 27
116.230.74.197 - - [22/Aug/2020:09:51:35 +0800] "POST /xingrg/kc/buy/cgsh_order_operate.html HTTP/1.1" 200 37
116.230.74.197 - - [22/Aug/2020:09:51:36 +0800] "POST /xingrg/kc/buy/cgsh_order_operate.html HTTP/1.1" 200 2662
116.230.74.197 - - [22/Aug/2020:09:51:38 +0800] "GET /xingrg/kc/print/load_data.html?order_code=212020082209304&kc_code=cgsh&condition= HTTP/1.1" 200 753
114.88.166.242 - - [22/Aug/2020:09:51:38 +0800] "GET /xingrg/all/function/internal_message.html?_=1598061092840&CODE_STATE=getMsg HTTP/1.1" 200 27
116.230.74.197 - - [22/Aug/2020:09:51:41 +0800] "GET /xingrg/kc/buy/cgsh_order_add.html HTTP/1.1" 200 59426
116.230.74.197 - - [22/Aug/2020:09:51:42 +0800] "GET /xingrg/javascript/easyui/themes/default/validatebox.css HTTP/1.1" 404 1104
116.230.74.197 - - [22/Aug/2020:09:51:42 +0800] "POST /xingrg/kc/buy/cgsh_order_operate.html HTTP/1.1" 200 8245
218.81.217.115 - - [22/Aug/2020:09:51:43 +0800] "GET /xingrg/all/function/internal_message.html?_=1598061121975&CODE_STATE=getMsg HTTP/1.1" 200 27
116.230.74.197 - - [22/Aug/2020:09:51:43 +0800] "GET /xingrg/javascript/easyui/themes/default/tree.css HTTP/1.1" 404 1090
116.230.74.197 - - [22/Aug/2020:09:51:44 +0800] "POST /xingrg/all/common/load_tree.html?tree=supplier_tree_json&isDelete=1 HTTP/1.1" 200 49675
116.230.74.197 - - [22/Aug/2020:09:51:46 +0800] "GET /xingrg/all/function/internal_message.html?_=1598061096572&CODE_STATE=getMsg HTTP/1.1" 200 27
58.221.95.50 - - [22/Aug/2020:09:51:48 +0800] "GET /xingrg/all/function/internal_message.html?_=1598061236841&CODE_STATE=getMsg HTTP/1.1" 200 27
172.17.0.185 - - [22/Aug/2020:09:51:51 +0800] "GET /xingrg/all/function/internal_message.html?_=1598061107522&CODE_STATE=getMsg HTTP/1.1" 302 -
172.17.0.185 - - [22/Aug/2020:09:51:51 +0800] "GET /xingrg/check_reg.html?_=1598061107523 HTTP/1.1" 302 -
117.131.5.26 - - [22/Aug/2020:09:51:53 +0800] "GET /xingrg/all/function/internal_message.html?_=1598061489412&CODE_STATE=getMsg HTTP/1.1" 200 27
218.81.217.115 - - [22/Aug/2020:09:51:57 +0800] "GET /xingrg/check_reg.html?_=1598061132337 HTTP/1.1" 200 22
116.230.74.197 - - [22/Aug/2020:09:51:58 +0800] "GET /xingrg/kc/buy/cgsh_order_operate.html?command=get_materiel&rest_code=00107&code=00101002017&supplier_code=00100337&order_time=2020-08-22 HTTP/1.1" 200 409
218.81.217.115 - - [22/Aug/2020:09:51:58 +0800] "GET /xingrg/all/function/internal_message.html?_=1598061133863&CODE_STATE=getMsg HTTP/1.1" 200 27
116.232.51.56 - - [22/Aug/2020:09:52:00 +0800] "GET /xingrg/all/function/internal_message.html?_=1598061139234&CODE_STATE=getMsg HTTP/1.1" 200 27
117.185.32.26 - - [22/Aug/2020:09:52:01 +0800] "GET /xingrg/all/function/internal_message.html?_=1598061113218&CODE_STATE=getMsg HTTP/1.1" 200 27
117.184.7.30 - - [22/Aug/2020:09:52:02 +0800] "GET /xingrg/all/function/internal_message.html?_=1598061109168&CODE_STATE=getMsg HTTP/1.1" 200 27
180.175.214.200 - - [22/Aug/2020:09:52:04 +0800] "GET /xingrg/check_reg.html?_=1598061329166 HTTP/1.1" 200 22
180.175.214.200 - - [22/Aug/2020:09:52:05 +0800] "GET /xingrg/all/function/internal_message.html?_=1598061329693&CODE_STATE=getMsg HTTP/1.1" 200 27
101.93.221.5 - - [22/Aug/2020:09:52:08 +0800] "POST /xingrg/services/DataTransmitService HTTP/1.1" 200 524
61.172.5.115 - - [22/Aug/2020:09:52:09 +0800] "GET /xingrg/all/function/internal_message.html?_=1598061128174&CODE_STATE=getMsg HTTP/1.1" 200 27
114.89.80.44 - - [22/Aug/2020:09:52:13 +0800] "GET /xingrg/kc/buy/cgsh_order_operate.html?command=get_materiel&rest_code=00150&code=00101008349&supplier_code=00100007&order_time=2020-08-22 HTTP/1.1" 200 412
116.230.74.197 - - [22/Aug/2020:09:52:16 +0800] "POST /xingrg/kc/buy/cgsh_order_operate.html HTTP/1.1" 200 37
117.184.7.26 - - [22/Aug/2020:09:52:17 +0800] "GET /xingrg/all/function/internal_message.html?_=1598061132202&CODE_STATE=getMsg HTTP/1.1" 200 27
116.230.74.197 - - [22/Aug/2020:09:52:17 +0800] "POST /xingrg/kc/buy/cgsh_order_operate.html HTTP/1.1" 200 2652
114.86.188.99 - - [22/Aug/2020:09:52:18 +0800] "GET /xingrg/all/function/internal_message.html?_=1598061139935&CODE_STATE=getMsg HTTP/1.1" 200 27
116.230.74.197 - - [22/Aug/2020:09:52:19 +0800] "GET /xingrg/kc/print/load_data.html?order_code=212020082209305&kc_code=cgsh&condition= HTTP/1.1" 200 661
222.69.134.134 - - [22/Aug/2020:09:52:21 +0800] "GET /xingrg/all/function/internal_message.html?_=1598061129380&CODE_STATE=getMsg HTTP/1.1" 200 27
116.230.74.197 - - [22/Aug/2020:09:52:22 +0800] "GET /xingrg/kc/buy/cgsh_order_add.html HTTP/1.1" 200 59426
114.89.80.44 - - [22/Aug/2020:09:52:23 +0800] "GET /xingrg/kc/buy/cgsh_order_operate.html?command=get_materiel&rest_code=00150&code=00101008350&supplier_code=00100007&order_time=2020-08-22 HTTP/1.1" 200 408
116.230.74.197 - - [22/Aug/2020:09:52:23 +0800] "GET /xingrg/javascript/easyui/themes/default/validatebox.css HTTP/1.1" 404 1104
116.230.74.197 - - [22/Aug/2020:09:52:23 +0800] "POST /xingrg/kc/buy/cgsh_order_operate.html HTTP/1.1" 200 8245
116.230.74.197 - - [22/Aug/2020:09:52:25 +0800] "GET /xingrg/javascript/easyui/themes/default/tree.css HTTP/1.1" 404 1090
116.230.74.197 - - [22/Aug/2020:09:52:25 +0800] "POST /xingrg/all/common/load_tree.html?tree=supplier_tree_json&isDelete=1 HTTP/1.1" 200 49675
114.89.80.44 - - [22/Aug/2020:09:52:28 +0800] "GET /xingrg/kc/buy/cgsh_order_operate.html?command=get_materiel&rest_code=00150&code=00101008224&supplier_code=00100007&order_time=2020-08-22 HTTP/1.1" 200 416
58.221.95.50 - - [22/Aug/2020:09:52:29 +0800] "GET /xingrg/check_reg.html?_=1598061277457 HTTP/1.1" 200 22
172.17.0.100 - - [22/Aug/2020:09:52:30 +0800] "GET /xingrg/check_reg.html?_=1598061147331 HTTP/1.1" 200 22
172.17.0.100 - - [22/Aug/2020:09:52:30 +0800] "GET /xingrg/all/function/internal_message.html?_=1598061147334&CODE_STATE=getMsg HTTP/1.1" 200 27
114.89.80.44 - - [22/Aug/2020:09:52:33 +0800] "GET /xingrg/all/function/internal_message.html?_=1598061144211&CODE_STATE=getMsg HTTP/1.1" 200 27
114.89.80.44 - - [22/Aug/2020:09:52:38 +0800] "GET /xingrg/kc/buy/cgsh_order_operate.html?command=get_materiel&rest_code=00150&code=00101008223&supplier_code=00100007&order_time=2020-08-22 HTTP/1.1" 200 412
114.88.166.242 - - [22/Aug/2020:09:52:38 +0800] "GET /xingrg/all/function/internal_message.html?_=1598061152854&CODE_STATE=getMsg HTTP/1.1" 200 27
114.89.80.44 - - [22/Aug/2020:09:52:39 +0800] "POST /xingrg/kc/buy/cgsh_order_operate.html HTTP/1.1" 200 2065
218.81.217.115 - - [22/Aug/2020:09:52:43 +0800] "GET /xingrg/all/function/internal_message.html?_=1598061182241&CODE_STATE=getMsg HTTP/1.1" 200 27
114.89.80.44 - - [22/Aug/2020:09:52:45 +0800] "GET /xingrg/kc/buy/cgsh_order_operate.html?command=get_materiel&rest_code=00150&code=00101008230&supplier_code=00100007&order_time=2020-08-22 HTTP/1.1" 200 408
116.230.74.197 - - [22/Aug/2020:09:52:46 +0800] "GET /xingrg/all/function/internal_message.html?_=1598061156545&CODE_STATE=getMsg HTTP/1.1" 200 27
58.221.95.50 - - [22/Aug/2020:09:52:48 +0800] "GET /xingrg/all/function/internal_message.html?_=1598061296853&CODE_STATE=getMsg HTTP/1.1" 200 27
116.230.74.197 - - [22/Aug/2020:09:52:50 +0800] "GET /xingrg/kc/buy/cgsh_order_operate.html?command=get_materiel&rest_code=00107&code=00101006099&supplier_code=00100324&order_time=2020-08-22 HTTP/1.1" 200 437
172.17.0.185 - - [22/Aug/2020:09:52:51 +0800] "GET /xingrg/all/function/internal_message.html?_=1598061167524&CODE_STATE=getMsg HTTP/1.1" 302 -
117.131.5.26 - - [22/Aug/2020:09:52:53 +0800] "GET /xingrg/all/function/internal_message.html?_=1598061549410&CODE_STATE=getMsg HTTP/1.1" 200 27
218.81.217.115 - - [22/Aug/2020:09:52:58 +0800] "GET /xingrg/all/function/internal_message.html?_=1598061193876&CODE_STATE=getMsg HTTP/1.1" 200 27
116.232.51.56 - - [22/Aug/2020:09:52:59 +0800] "GET /xingrg/all/function/internal_message.html?_=1598061199231&CODE_STATE=getMsg HTTP/1.1" 200 27
117.185.32.26 - - [22/Aug/2020:09:53:01 +0800] "GET /xingrg/all/function/internal_message.html?_=1598061173224&CODE_STATE=getMsg HTTP/1.1" 200 27
117.184.7.26 - - [22/Aug/2020:09:53:02 +0800] "GET /xingrg/all/function/internal_message.html?_=1598061169346&CODE_STATE=getMsg HTTP/1.1" 200 27
116.230.74.197 - - [22/Aug/2020:09:53:04 +0800] "POST /xingrg/kc/buy/cgsh_order_operate.html HTTP/1.1" 200 37
180.175.214.200 - - [22/Aug/2020:09:53:05 +0800] "GET /xingrg/all/function/internal_message.html?_=1598061389703&CODE_STATE=getMsg HTTP/1.1" 200 27
116.230.74.197 - - [22/Aug/2020:09:53:07 +0800] "POST /xingrg/kc/buy/cgsh_order_operate.html HTTP/1.1" 200 2682
61.172.5.115 - - [22/Aug/2020:09:53:09 +0800] "GET /xingrg/all/function/internal_message.html?_=1598061188143&CODE_STATE=getMsg HTTP/1.1" 200 27
116.230.74.197 - - [22/Aug/2020:09:53:09 +0800] "GET /xingrg/kc/print/load_data.html?order_code=212020082209306&kc_code=cgsh&condition= HTTP/1.1" 200 699
61.172.5.115 - - [22/Aug/2020:09:53:10 +0800] "GET /xingrg/check_reg.html?_=1598061189033 HTTP/1.1" 200 22
114.89.80.44 - - [22/Aug/2020:09:53:12 +0800] "GET /xingrg/kc/buy/cgsh_order_operate.html?command=get_materiel&rest_code=00150&code=00101008402&supplier_code=00100007&order_time=2020-08-22 HTTP/1.1" 200 410
116.230.74.197 - - [22/Aug/2020:09:53:13 +0800] "GET /xingrg/kc/buy/cgsh_order_add.html HTTP/1.1" 200 59426
116.230.74.197 - - [22/Aug/2020:09:53:14 +0800] "GET /xingrg/javascript/easyui/themes/default/validatebox.css HTTP/1.1" 404 1104
116.230.74.197 - - [22/Aug/2020:09:53:14 +0800] "POST /xingrg/kc/buy/cgsh_order_operate.html HTTP/1.1" 200 8245
116.230.74.197 - - [22/Aug/2020:09:53:15 +0800] "GET /xingrg/javascript/easyui/themes/default/tree.css HTTP/1.1" 404 1090
116.230.74.197 - - [22/Aug/2020:09:53:15 +0800] "POST /xingrg/all/common/load_tree.html?tree=supplier_tree_json&isDelete=1 HTTP/1.1" 200 49675
218.81.217.115 - - [22/Aug/2020:09:53:16 +0800] "GET /xingrg/check_reg.html?_=1598061214675 HTTP/1.1" 200 22
117.184.7.26 - - [22/Aug/2020:09:53:17 +0800] "GET /xingrg/all/function/internal_message.html?_=1598061192202&CODE_STATE=getMsg HTTP/1.1" 200 27
114.86.188.99 - - [22/Aug/2020:09:53:18 +0800] "GET /xingrg/all/function/internal_message.html?_=1598061199940&CODE_STATE=getMsg HTTP/1.1" 200 27
114.89.80.44 - - [22/Aug/2020:09:53:18 +0800] "GET /xingrg/kc/buy/cgsh_order_operate.html?command=get_materiel&rest_code=00150&code=00101008168&supplier_code=00100007&order_time=2020-08-22 HTTP/1.1" 200 413
222.69.134.134 - - [22/Aug/2020:09:53:21 +0800] "GET /xingrg/all/function/internal_message.html?_=1598061189388&CODE_STATE=getMsg HTTP/1.1" 200 27
114.89.80.44 - - [22/Aug/2020:09:53:23 +0800] "GET /xingrg/kc/buy/cgsh_order_operate.html?command=get_materiel&rest_code=00150&code=00101008236&supplier_code=00100007&order_time=2020-08-22 HTTP/1.1" 200 416
114.89.80.44 - - [22/Aug/2020:09:53:25 +0800] "POST /xingrg/kc/buy/cgsh_order_operate.html HTTP/1.1" 200 2065
172.17.0.100 - - [22/Aug/2020:09:53:30 +0800] "GET /xingrg/all/function/internal_message.html?_=1598061207319&CODE_STATE=getMsg HTTP/1.1" 200 27
114.89.80.44 - - [22/Aug/2020:09:53:31 +0800] "GET /xingrg/kc/buy/cgsh_order_operate.html?command=get_materiel&rest_code=00150&code=00101009011&supplier_code=00100007&order_time=2020-08-22 HTTP/1.1" 200 416
116.230.74.197 - - [22/Aug/2020:09:53:32 +0800] "GET /xingrg/kc/buy/cgsh_order_operate.html?command=get_materiel&rest_code=00107&code=00101002006&supplier_code=00100091&order_time=2020-08-22 HTTP/1.1" 200 414
114.89.80.44 - - [22/Aug/2020:09:53:33 +0800] "GET /xingrg/check_reg.html?_=1598061204185 HTTP/1.1" 200 22
114.89.80.44 - - [22/Aug/2020:09:53:33 +0800] "GET /xingrg/all/function/internal_message.html?_=1598061204239&CODE_STATE=getMsg HTTP/1.1" 200 27
114.88.166.242 - - [22/Aug/2020:09:53:38 +0800] "GET /xingrg/all/function/internal_message.html?_=1598061213053&CODE_STATE=getMsg HTTP/1.1" 200 27
114.89.80.44 - - [22/Aug/2020:09:53:38 +0800] "GET /xingrg/kc/buy/cgsh_order_operate.html?command=get_materiel&rest_code=00150&code=00101009015&supplier_code=00100007&order_time=2020-08-22 HTTP/1.1" 200 416
114.88.155.84 - - [22/Aug/2020:09:53:41 +0800] "POST /xingrg/services/DataTransmitService HTTP/1.1" 200 524
114.88.155.84 - - [22/Aug/2020:09:53:42 +0800] "POST /xingrg/services/DataTransmitService HTTP/1.1" 200 501
116.230.74.197 - - [22/Aug/2020:09:53:43 +0800] "GET /xingrg/check_reg.html?_=1598061213171 HTTP/1.1" 200 22
218.81.217.115 - - [22/Aug/2020:09:53:43 +0800] "GET /xingrg/all/function/internal_message.html?_=1598061242252&CODE_STATE=getMsg HTTP/1.1" 200 27
116.230.74.197 - - [22/Aug/2020:09:53:44 +0800] "GET /xingrg/kc/buy/cgsh_order_operate.html?command=get_materiel&rest_code=00107&code=00101003037&supplier_code=00100091&order_time=2020-08-22 HTTP/1.1" 200 436
116.230.74.197 - - [22/Aug/2020:09:53:46 +0800] "GET /xingrg/all/function/internal_message.html?_=1598061216524&CODE_STATE=getMsg HTTP/1.1" 200 27
58.221.95.50 - - [22/Aug/2020:09:53:48 +0800] "GET /xingrg/all/function/internal_message.html?_=1598061356855&CODE_STATE=getMsg HTTP/1.1" 200 27
172.17.0.185 - - [22/Aug/2020:09:53:51 +0800] "GET /xingrg/all/function/internal_message.html?_=1598061227527&CODE_STATE=getMsg HTTP/1.1" 302 -
117.131.5.26 - - [22/Aug/2020:09:53:53 +0800] "GET /xingrg/all/function/internal_message.html?_=1598061609399&CODE_STATE=getMsg HTTP/1.1" 200 27
114.89.80.44 - - [22/Aug/2020:09:53:54 +0800] "GET /xingrg/kc/buy/cgsh_order_operate.html?command=get_materiel&rest_code=00150&code=00101008123&supplier_code=00100007&order_time=2020-08-22 HTTP/1.1" 200 413
218.81.217.115 - - [22/Aug/2020:09:53:59 +0800] "GET /xingrg/all/function/internal_message.html?_=1598061253890&CODE_STATE=getMsg HTTP/1.1" 200 27
116.232.51.56 - - [22/Aug/2020:09:53:59 +0800] "GET /xingrg/check_reg.html?_=1598061259234 HTTP/1.1" 200 22
116.232.51.56 - - [22/Aug/2020:09:53:59 +0800] "GET /xingrg/all/function/internal_message.html?_=1598061259234&CODE_STATE=getMsg HTTP/1.1" 200 27
117.185.32.26 - - [22/Aug/2020:09:54:01 +0800] "GET /xingrg/all/function/internal_message.html?_=1598061233224&CODE_STATE=getMsg HTTP/1.1" 200 27
116.230.74.197 - - [22/Aug/2020:09:54:02 +0800] "GET /xingrg/kc/buy/cgsh_order_operate.html?command=get_materiel&rest_code=00107&code=00101010309&supplier_code=00100091&order_time=2020-08-22 HTTP/1.1" 200 423
117.184.7.30 - - [22/Aug/2020:09:54:02 +0800] "GET /xingrg/all/function/internal_message.html?_=1598061229352&CODE_STATE=getMsg HTTP/1.1" 200 27
180.175.214.200 - - [22/Aug/2020:09:54:05 +0800] "GET /xingrg/all/function/internal_message.html?_=1598061449718&CODE_STATE=getMsg HTTP/1.1" 200 27
61.172.5.115 - - [22/Aug/2020:09:54:09 +0800] "GET /xingrg/all/function/internal_message.html?_=1598061248120&CODE_STATE=getMsg HTTP/1.1" 200 27
114.89.80.44 - - [22/Aug/2020:09:54:12 +0800] "GET /xingrg/kc/buy/cgsh_order_operate.html?command=get_materiel&rest_code=00150&code=00101008134&supplier_code=00100007&order_time=2020-08-22 HTTP/1.1" 200 412
116.230.74.197 - - [22/Aug/2020:09:54:17 +0800] "POST /xingrg/kc/buy/cgsh_order_operate.html HTTP/1.1" 200 37
117.184.7.26 - - [22/Aug/2020:09:54:17 +0800] "GET /xingrg/all/function/internal_message.html?_=1598061252209&CODE_STATE=getMsg HTTP/1.1" 200 27
114.86.188.99 - - [22/Aug/2020:09:54:17 +0800] "GET /xingrg/check_reg.html?_=1598061259266 HTTP/1.1" 200 22
116.230.74.197 - - [22/Aug/2020:09:54:18 +0800] "POST /xingrg/kc/buy/cgsh_order_operate.html HTTP/1.1" 200 3860
114.86.188.99 - - [22/Aug/2020:09:54:18 +0800] "GET /xingrg/all/function/internal_message.html?_=1598061259953&CODE_STATE=getMsg HTTP/1.1" 200 27
114.89.80.44 - - [22/Aug/2020:09:54:18 +0800] "GET /xingrg/kc/buy/cgsh_order_operate.html?command=get_materiel&rest_code=00150&code=00101008061&supplier_code=00100007&order_time=2020-08-22 HTTP/1.1" 200 422
116.230.74.197 - - [22/Aug/2020:09:54:19 +0800] "GET /xingrg/kc/print/load_data.html?order_code=212020082209307&kc_code=cgsh&condition= HTTP/1.1" 200 1212
114.89.80.44 - - [22/Aug/2020:09:54:20 +0800] "POST /xingrg/kc/buy/cgsh_order_operate.html HTTP/1.1" 200 2065
222.69.134.134 - - [22/Aug/2020:09:54:21 +0800] "GET /xingrg/all/function/internal_message.html?_=1598061249403&CODE_STATE=getMsg HTTP/1.1" 200 27
116.230.74.197 - - [22/Aug/2020:09:54:23 +0800] "GET /xingrg/kc/buy/cgsh_order_add.html HTTP/1.1" 200 59426
116.230.74.197 - - [22/Aug/2020:09:54:23 +0800] "POST /xingrg/kc/buy/cgsh_order_operate.html HTTP/1.1" 200 8245
116.230.74.197 - - [22/Aug/2020:09:54:24 +0800] "GET /xingrg/javascript/easyui/themes/default/validatebox.css HTTP/1.1" 404 1104
116.230.74.197 - - [22/Aug/2020:09:54:24 +0800] "GET /xingrg/javascript/easyui/themes/default/tree.css HTTP/1.1" 404 1090
114.86.188.99 - - [22/Aug/2020:09:54:25 +0800] "GET /xingrg/javascript/easyui/themes/default/images/button_plain_hover.png HTTP/1.1" 304 -
114.86.188.99 - - [22/Aug/2020:09:54:25 +0800] "GET /xingrg/javascript/easyui/themes/default/images/button_plain_hover.png HTTP/1.1" 304 -
116.230.74.197 - - [22/Aug/2020:09:54:25 +0800] "POST /xingrg/all/common/load_tree.html?tree=supplier_tree_json&isDelete=1 HTTP/1.1" 200 49675
114.86.188.99 - - [22/Aug/2020:09:54:25 +0800] "GET /xingrg/javascript/easyui/themes/default/images/button_plain_hover.png HTTP/1.1" 304 -
114.86.188.99 - - [22/Aug/2020:09:54:25 +0800] "GET /xingrg/javascript/easyui/themes/default/images/button_plain_hover.png HTTP/1.1" 304 -
114.86.188.99 - - [22/Aug/2020:09:54:25 +0800] "GET /xingrg/javascript/easyui/themes/default/images/button_plain_hover.png HTTP/1.1" 304 -
114.86.188.99 - - [22/Aug/2020:09:54:25 +0800] "GET /xingrg/javascript/easyui/themes/default/images/button_plain_hover.png HTTP/1.1" 304 -
114.86.188.99 - - [22/Aug/2020:09:54:25 +0800] "GET /xingrg/javascript/easyui/themes/default/images/button_plain_hover.png HTTP/1.1" 304 -
114.86.188.99 - - [22/Aug/2020:09:54:25 +0800] "GET /xingrg/javascript/easyui/themes/default/images/button_plain_hover.png HTTP/1.1" 304 -
114.86.188.99 - - [22/Aug/2020:09:54:25 +0800] "GET /xingrg/javascript/easyui/themes/default/images/button_plain_hover.png HTTP/1.1" 304 -
114.86.188.99 - - [22/Aug/2020:09:54:25 +0800] "GET /xingrg/javascript/easyui/themes/default/images/button_plain_hover.png HTTP/1.1" 304 -
114.86.188.99 - - [22/Aug/2020:09:54:25 +0800] "GET /xingrg/javascript/easyui/themes/default/images/button_plain_hover.png HTTP/1.1" 304 -
114.89.80.44 - - [22/Aug/2020:09:54:25 +0800] "GET /xingrg/kc/buy/cgsh_order_operate.html?command=get_materiel&rest_code=00150&code=00101008284&supplier_code=00100007&order_time=2020-08-22 HTTP/1.1" 200 413
114.86.188.99 - - [22/Aug/2020:09:54:29 +0800] "POST /xingrg/kc/buy/cgsh_list_operate.html HTTP/1.1" 200 2742
114.89.80.44 - - [22/Aug/2020:09:54:30 +0800] "GET /xingrg/kc/buy/cgsh_order_operate.html?command=get_materiel&rest_code=00150&code=00101008509&supplier_code=00100007&order_time=2020-08-22 HTTP/1.1" 200 396
172.17.0.100 - - [22/Aug/2020:09:54:30 +0800] "GET /xingrg/all/function/internal_message.html?_=1598061267348&CODE_STATE=getMsg HTTP/1.1" 200 27
114.89.80.44 - - [22/Aug/2020:09:54:33 +0800] "GET /xingrg/all/function/internal_message.html?_=1598061264266&CODE_STATE=getMsg HTTP/1.1" 200 27
114.89.80.44 - - [22/Aug/2020:09:54:36 +0800] "GET /xingrg/kc/buy/cgsh_order_operate.html?command=get_materiel&rest_code=00150&code=00101015038&supplier_code=00100007&order_time=2020-08-22 HTTP/1.1" 200 419
114.88.166.242 - - [22/Aug/2020:09:54:38 +0800] "GET /xingrg/all/function/internal_message.html?_=1598061273068&CODE_STATE=getMsg HTTP/1.1" 200 27
114.86.188.99 - - [22/Aug/2020:09:54:41 +0800] "POST /xingrg/kc/buy/cgsh_list_operate.html HTTP/1.1" 200 5394
114.89.80.44 - - [22/Aug/2020:09:54:43 +0800] "GET /xingrg/kc/buy/cgsh_order_operate.html?command=get_materiel&rest_code=00150&code=00101015036&supplier_code=00100007&order_time=2020-08-22 HTTP/1.1" 200 413
116.230.74.197 - - [22/Aug/2020:09:54:43 +0800] "GET /xingrg/kc/buy/cgsh_order_operate.html?command=get_materiel&rest_code=00107&code=00101008314&supplier_code=00100339&order_time=2020-08-22 HTTP/1.1" 200 413
218.81.217.115 - - [22/Aug/2020:09:54:43 +0800] "GET /xingrg/all/function/internal_message.html?_=1598061302265&CODE_STATE=getMsg HTTP/1.1" 200 27
116.230.74.197 - - [22/Aug/2020:09:54:46 +0800] "GET /xingrg/all/function/internal_message.html?_=1598061276506&CODE_STATE=getMsg HTTP/1.1" 200 27
58.221.95.50 - - [22/Aug/2020:09:54:48 +0800] "GET /xingrg/all/function/internal_message.html?_=1598061416851&CODE_STATE=getMsg HTTP/1.1" 200 27
114.89.80.44 - - [22/Aug/2020:09:54:50 +0800] "POST /xingrg/kc/buy/cgsh_order_operate.html HTTP/1.1" 200 37
172.17.0.185 - - [22/Aug/2020:09:54:51 +0800] "GET /xingrg/all/function/internal_message.html?_=1598061287530&CODE_STATE=getMsg HTTP/1.1" 302 -
114.89.80.44 - - [22/Aug/2020:09:54:51 +0800] "POST /xingrg/kc/buy/cgsh_order_operate.html HTTP/1.1" 200 34600
117.131.5.26 - - [22/Aug/2020:09:54:53 +0800] "GET /xingrg/check_reg.html?_=1598061669415 HTTP/1.1" 200 22
117.131.5.26 - - [22/Aug/2020:09:54:53 +0800] "GET /xingrg/all/function/internal_message.html?_=1598061669414&CODE_STATE=getMsg HTTP/1.1" 200 27
218.81.217.115 - - [22/Aug/2020:09:54:59 +0800] "GET /xingrg/all/function/internal_message.html?_=1598061314113&CODE_STATE=getMsg HTTP/1.1" 200 27
116.232.51.56 - - [22/Aug/2020:09:54:59 +0800] "GET /xingrg/all/function/internal_message.html?_=1598061319232&CODE_STATE=getMsg HTTP/1.1" 200 27
116.230.74.197 - - [22/Aug/2020:09:55:00 +0800] "GET /xingrg/kc/buy/cgsh_order_operate.html?command=get_materiel&rest_code=00107&code=00101008061&supplier_code=00100339&order_time=2020-08-22 HTTP/1.1" 200 422
117.185.32.26 - - [22/Aug/2020:09:55:01 +0800] "GET /xingrg/all/function/internal_message.html?_=1598061293223&CODE_STATE=getMsg HTTP/1.1" 200 27
114.86.188.99 - - [22/Aug/2020:09:55:01 +0800] "POST /xingrg/kc/buy/cgsh_list_operate.html HTTP/1.1" 200 5442
117.184.7.30 - - [22/Aug/2020:09:55:02 +0800] "GET /xingrg/check_reg.html?_=1598061289120 HTTP/1.1" 200 22
117.184.7.30 - - [22/Aug/2020:09:55:02 +0800] "GET /xingrg/all/function/internal_message.html?_=1598061289365&CODE_STATE=getMsg HTTP/1.1" 200 27
114.88.155.84 - - [22/Aug/2020:09:55:05 +0800] "GET /xingrg/check_reg.html?_=1598061304091 HTTP/1.1" 200 22
180.175.214.200 - - [22/Aug/2020:09:55:05 +0800] "GET /xingrg/all/function/internal_message.html?_=1598061509945&CODE_STATE=getMsg HTTP/1.1" 200 27
114.86.188.99 - - [22/Aug/2020:09:55:07 +0800] "GET /xingrg/kc/buy/cgsh_order_list.html HTTP/1.1" 200 43647
114.86.188.99 - - [22/Aug/2020:09:55:07 +0800] "GET /xingrg/javascript/jquery_tools/datebox.css HTTP/1.1" 304 -
114.86.188.99 - - [22/Aug/2020:09:55:07 +0800] "GET /xingrg/javascript/jquery_tools/jquery.tools.extend.js HTTP/1.1" 304 -
114.86.188.99 - - [22/Aug/2020:09:55:07 +0800] "GET /xingrg/css/base.css HTTP/1.1" 304 -
114.86.188.99 - - [22/Aug/2020:09:55:07 +0800] "GET /xingrg/css/site.css HTTP/1.1" 304 -
114.86.188.99 - - [22/Aug/2020:09:55:07 +0800] "GET /xingrg/javascript/jquery_tools/jquery.tools.hotkey.js HTTP/1.1" 304 -
114.86.188.99 - - [22/Aug/2020:09:55:07 +0800] "GET /xingrg/javascript/easyui/themes/default/easyui.css HTTP/1.1" 304 -
114.86.188.99 - - [22/Aug/2020:09:55:07 +0800] "GET /xingrg/javascript/easyui/themes/icon.css HTTP/1.1" 304 -
114.86.188.99 - - [22/Aug/2020:09:55:07 +0800] "GET /xingrg/javascript/auto/jquery.autocomplete.css HTTP/1.1" 304 -
114.86.188.99 - - [22/Aug/2020:09:55:07 +0800] "GET /xingrg/javascript/jquery_tools/fix.css HTTP/1.1" 304 -
114.86.188.99 - - [22/Aug/2020:09:55:07 +0800] "GET /xingrg/javascript/auto/jquery.autocomplete.js HTTP/1.1" 304 -
114.86.188.99 - - [22/Aug/2020:09:55:07 +0800] "GET /xingrg/javascript/jquery_tools/table.css HTTP/1.1" 304 -
114.86.188.99 - - [22/Aug/2020:09:55:07 +0800] "GET /xingrg/javascript/jquery_tools/jquery.tools.min.js HTTP/1.1" 304 -
114.86.188.99 - - [22/Aug/2020:09:55:07 +0800] "GET /xingrg/javascript/jquery_tools/jquery.tools.table.js HTTP/1.1" 304 -
114.86.188.99 - - [22/Aug/2020:09:55:07 +0800] "GET /xingrg/javascript/jquery_tools/list_manager.js HTTP/1.1" 304 -
114.86.188.99 - - [22/Aug/2020:09:55:07 +0800] "GET /xingrg/javascript/easyui/easyloader.js HTTP/1.1" 304 -
114.86.188.99 - - [22/Aug/2020:09:55:07 +0800] "GET /xingrg/javascript/jquery.utils.js HTTP/1.1" 304 -
114.86.188.99 - - [22/Aug/2020:09:55:07 +0800] "GET /xingrg/javascript/jquery.cookie.js HTTP/1.1" 304 -
114.86.188.99 - - [22/Aug/2020:09:55:07 +0800] "GET /xingrg/javascript/print/LodopFuncs.js HTTP/1.1" 304 -
114.86.188.99 - - [22/Aug/2020:09:55:07 +0800] "GET /xingrg/javascript/easyui/plugins/jquery.parser.js HTTP/1.1" 304 -
61.172.5.115 - - [22/Aug/2020:09:55:09 +0800] "GET /xingrg/all/function/internal_message.html?_=1598061308101&CODE_STATE=getMsg HTTP/1.1" 200 27
114.86.188.99 - - [22/Aug/2020:09:55:09 +0800] "POST /xingrg/kc/buy/cgsh_list_operate.html HTTP/1.1" 200 2742
116.230.74.197 - - [22/Aug/2020:09:55:15 +0800] "GET /xingrg/kc/buy/cgsh_order_operate.html?command=get_materiel&rest_code=00107&code=00101008522&supplier_code=00100339&order_time=2020-08-22 HTTP/1.1" 200 399
117.184.7.26 - - [22/Aug/2020:09:55:17 +0800] "GET /xingrg/check_reg.html?_=1598061312210 HTTP/1.1" 200 22
117.184.7.30 - - [22/Aug/2020:09:55:17 +0800] "GET /xingrg/all/function/internal_message.html?_=1598061312213&CODE_STATE=getMsg HTTP/1.1" 200 27
114.86.188.99 - - [22/Aug/2020:09:55:18 +0800] "GET /xingrg/all/function/internal_message.html?_=1598061320190&CODE_STATE=getMsg HTTP/1.1" 200 27
222.69.134.134 - - [22/Aug/2020:09:55:21 +0800] "GET /xingrg/check_reg.html?_=1598061309404 HTTP/1.1" 200 22
222.69.134.134 - - [22/Aug/2020:09:55:21 +0800] "GET /xingrg/all/function/internal_message.html?_=1598061309405&CODE_STATE=getMsg HTTP/1.1" 200 27
172.17.0.100 - - [22/Aug/2020:09:55:30 +0800] "GET /xingrg/all/function/internal_message.html?_=1598061327347&CODE_STATE=getMsg HTTP/1.1" 200 27
114.89.80.44 - - [22/Aug/2020:09:55:33 +0800] "GET /xingrg/all/function/internal_message.html?_=1598061324310&CODE_STATE=getMsg HTTP/1.1" 200 27
116.230.74.197 - - [22/Aug/2020:09:55:36 +0800] "POST /xingrg/all/common/load_select.html HTTP/1.1" 200 12
114.88.166.242 - - [22/Aug/2020:09:55:37 +0800] "GET /xingrg/check_reg.html?_=1598061331770 HTTP/1.1" 200 22
114.88.166.242 - - [22/Aug/2020:09:55:38 +0800] "GET /xingrg/all/function/internal_message.html?_=1598061333082&CODE_STATE=getMsg HTTP/1.1" 200 27
116.230.74.197 - - [22/Aug/2020:09:55:43 +0800] "GET /xingrg/kc/buy/cgsh_order_operate.html?command=get_materiel_price&rest_code=00107&code=00101008522&unit_code=00100012&supplier_code=00100339&order_time=2020-08-22 HTTP/1.1" 200 28
218.81.217.115 - - [22/Aug/2020:09:55:44 +0800] "GET /xingrg/all/function/internal_message.html?_=1598061362516&CODE_STATE=getMsg HTTP/1.1" 200 27
116.230.74.197 - - [22/Aug/2020:09:55:46 +0800] "GET /xingrg/all/function/internal_message.html?_=1598061336488&CODE_STATE=getMsg HTTP/1.1" 200 27
58.221.95.50 - - [22/Aug/2020:09:55:48 +0800] "GET /xingrg/all/function/internal_message.html?_=1598061476842&CODE_STATE=getMsg HTTP/1.1" 200 27
172.17.0.185 - - [22/Aug/2020:09:55:51 +0800] "GET /xingrg/all/function/internal_message.html?_=1598061347516&CODE_STATE=getMsg HTTP/1.1" 302 -
117.131.5.26 - - [22/Aug/2020:09:55:53 +0800] "GET /xingrg/all/function/internal_message.html?_=1598061729414&CODE_STATE=getMsg HTTP/1.1" 200 27
218.81.217.115 - - [22/Aug/2020:09:55:59 +0800] "GET /xingrg/all/function/internal_message.html?_=1598061374120&CODE_STATE=getMsg HTTP/1.1" 200 27
