117.184.7.26 - - [22/Aug/2020:09:37:13 +0800] "GET /xingrg/javascript/easyui/plugins/jquery.validatebox.js HTTP/1.1" 304 -
117.184.7.26 - - [22/Aug/2020:09:37:13 +0800] "GET /xingrg/javascript/easyui/plugins/jquery.numberbox.js HTTP/1.1" 304 -
117.184.7.30 - - [22/Aug/2020:09:37:17 +0800] "GET /xingrg/all/function/internal_message.html?_=1598060232178&CODE_STATE=getMsg HTTP/1.1" 200 27
114.86.188.99 - - [22/Aug/2020:09:37:17 +0800] "GET /xingrg/all/function/internal_message.html?_=1598060239129&CODE_STATE=getMsg HTTP/1.1" 200 27
180.175.214.200 - - [22/Aug/2020:09:37:20 +0800] "GET /xingrg/kc/buy/cgsh_order_operate.html?command=get_materiel&rest_code=00102&code=00101007059&supplier_code=00100002&order_time=2020-08-22 HTTP/1.1" 200 409
222.69.134.134 - - [22/Aug/2020:09:37:21 +0800] "GET /xingrg/all/function/internal_message.html?_=1598060229365&CODE_STATE=getMsg HTTP/1.1" 200 27
117.184.7.26 - - [22/Aug/2020:09:37:24 +0800] "GET /xingrg/javascript/auto/indicator.gif HTTP/1.1" 404 1066
117.184.7.26 - - [22/Aug/2020:09:37:25 +0800] "GET /xingrg/javascript/jquery_tools/images/prev.gif HTTP/1.1" 404 1086
117.184.7.26 - - [22/Aug/2020:09:37:25 +0800] "GET /xingrg/javascript/jquery_tools/images/next.gif HTTP/1.1" 404 1086
58.221.95.50 - - [22/Aug/2020:09:37:29 +0800] "GET /xingrg/check_reg.html?_=1598060377515 HTTP/1.1" 200 22
172.17.0.100 - - [22/Aug/2020:09:37:30 +0800] "GET /xingrg/check_reg.html?_=1598060247271 HTTP/1.1" 200 22
172.17.0.100 - - [22/Aug/2020:09:37:30 +0800] "GET /xingrg/all/function/internal_message.html?_=1598060247273&CODE_STATE=getMsg HTTP/1.1" 200 27
117.184.7.26 - - [22/Aug/2020:09:37:31 +0800] "GET /xingrg/kc/buy/cgsh_order_operate.html?command=get_materiel&rest_code=00108&code=00101008261&supplier_code=00100008&order_time=2020-08-22 HTTP/1.1" 200 408
114.89.80.44 - - [22/Aug/2020:09:37:32 +0800] "GET /xingrg/all/function/internal_message.html?_=1598060243428&CODE_STATE=getMsg HTTP/1.1" 200 27
114.86.188.99 - - [22/Aug/2020:09:37:32 +0800] "GET /xingrg/kc/buy/cgsh_order_operate.html?command=get_materiel&rest_code=00148&code=00101008305&supplier_code=00100007&order_time=2020-08-22 HTTP/1.1" 200 412
114.86.188.99 - - [22/Aug/2020:09:37:35 +0800] "POST /xingrg/kc/buy/cgsh_order_operate.html HTTP/1.1" 200 2065
114.88.166.242 - - [22/Aug/2020:09:37:37 +0800] "GET /xingrg/all/function/internal_message.html?_=1598060251995&CODE_STATE=getMsg HTTP/1.1" 200 27
114.86.188.99 - - [22/Aug/2020:09:37:38 +0800] "GET /xingrg/kc/buy/cgsh_order_operate.html?command=get_materiel&rest_code=00148&code=00101012067&supplier_code=00100007&order_time=2020-08-22 HTTP/1.1" 200 405
180.175.214.200 - - [22/Aug/2020:09:37:40 +0800] "GET /xingrg/kc/buy/cgsh_order_operate.html?command=get_materiel&rest_code=00102&code=00101007031&supplier_code=00100002&order_time=2020-08-22 HTTP/1.1" 200 413
117.184.7.26 - - [22/Aug/2020:09:37:41 +0800] "GET /xingrg/kc/buy/cgsh_order_operate.html?command=get_materiel&rest_code=00108&code=00101008210&supplier_code=00100008&order_time=2020-08-22 HTTP/1.1" 200 408
218.81.217.115 - - [22/Aug/2020:09:37:42 +0800] "GET /xingrg/all/function/internal_message.html?_=1598060280604&CODE_STATE=getMsg HTTP/1.1" 200 27
116.230.74.197 - - [22/Aug/2020:09:37:43 +0800] "GET /xingrg/all/function/internal_message.html?_=1598060253121&CODE_STATE=getMsg HTTP/1.1" 200 27
58.221.95.50 - - [22/Aug/2020:09:37:48 +0800] "GET /xingrg/all/function/internal_message.html?_=1598060396830&CODE_STATE=getMsg HTTP/1.1" 200 27
172.17.0.185 - - [22/Aug/2020:09:37:51 +0800] "GET /xingrg/all/function/internal_message.html?_=1598060267528&CODE_STATE=getMsg HTTP/1.1" 302 -
117.184.7.26 - - [22/Aug/2020:09:37:53 +0800] "GET /xingrg/kc/buy/cgsh_order_operate.html?command=get_materiel&rest_code=00108&code=00101008257&supplier_code=00100008&order_time=2020-08-22 HTTP/1.1" 200 436
117.131.5.26 - - [22/Aug/2020:09:37:53 +0800] "GET /xingrg/all/function/internal_message.html?_=1598060649386&CODE_STATE=getMsg HTTP/1.1" 200 27
114.86.188.99 - - [22/Aug/2020:09:37:57 +0800] "GET /xingrg/kc/buy/cgsh_order_operate.html?command=get_materiel&rest_code=00148&code=00101008356&supplier_code=00100007&order_time=2020-08-22 HTTP/1.1" 200 408
218.81.217.115 - - [22/Aug/2020:09:37:58 +0800] "GET /xingrg/all/function/internal_message.html?_=1598060293064&CODE_STATE=getMsg HTTP/1.1" 200 27
117.184.7.26 - - [22/Aug/2020:09:37:59 +0800] "GET /xingrg/kc/buy/cgsh_order_operate.html?command=get_materiel&rest_code=00108&code=00101008350&supplier_code=00100008&order_time=2020-08-22 HTTP/1.1" 200 408
117.184.7.26 - - [22/Aug/2020:09:38:02 +0800] "GET /xingrg/all/function/internal_message.html?_=1598060268735&CODE_STATE=getMsg HTTP/1.1" 200 27
180.175.214.200 - - [22/Aug/2020:09:38:06 +0800] "GET /xingrg/all/function/internal_message.html?_=1598060490499&CODE_STATE=getMsg HTTP/1.1" 200 27
61.172.5.115 - - [22/Aug/2020:09:38:09 +0800] "GET /xingrg/all/function/internal_message.html?_=1598060288500&CODE_STATE=getMsg HTTP/1.1" 200 27
61.172.5.115 - - [22/Aug/2020:09:38:10 +0800] "GET /xingrg/check_reg.html?_=1598060288999 HTTP/1.1" 200 22
117.184.7.26 - - [22/Aug/2020:09:38:10 +0800] "GET /xingrg/kc/buy/cgsh_order_operate.html?command=get_materiel&rest_code=00108&code=00101008185&supplier_code=00100008&order_time=2020-08-22 HTTP/1.1" 200 429
180.175.214.200 - - [22/Aug/2020:09:38:11 +0800] "GET /xingrg/kc/buy/cgsh_order_operate.html?command=get_materiel&rest_code=00102&code=00101006007&supplier_code=00100002&order_time=2020-08-22 HTTP/1.1" 200 416
218.81.217.115 - - [22/Aug/2020:09:38:16 +0800] "GET /xingrg/check_reg.html?_=1598060314656 HTTP/1.1" 200 22
117.184.7.26 - - [22/Aug/2020:09:38:16 +0800] "GET /xingrg/kc/buy/cgsh_order_operate.html?command=get_materiel&rest_code=00108&code=00101008354&supplier_code=00100008&order_time=2020-08-22 HTTP/1.1" 200 412
117.184.7.30 - - [22/Aug/2020:09:38:17 +0800] "GET /xingrg/all/function/internal_message.html?_=1598060292178&CODE_STATE=getMsg HTTP/1.1" 200 27
114.86.188.99 - - [22/Aug/2020:09:38:17 +0800] "GET /xingrg/all/function/internal_message.html?_=1598060299142&CODE_STATE=getMsg HTTP/1.1" 200 27
222.69.134.134 - - [22/Aug/2020:09:38:21 +0800] "GET /xingrg/all/function/internal_message.html?_=1598060289365&CODE_STATE=getMsg HTTP/1.1" 200 27
180.175.214.200 - - [22/Aug/2020:09:38:22 +0800] "POST /xingrg/kc/buy/cgsh_order_operate.html HTTP/1.1" 200 37
180.175.214.200 - - [22/Aug/2020:09:38:23 +0800] "POST /xingrg/kc/buy/cgsh_order_operate.html HTTP/1.1" 200 7978
117.184.7.26 - - [22/Aug/2020:09:38:23 +0800] "GET /xingrg/kc/buy/cgsh_order_operate.html?command=get_materiel&rest_code=00108&code=00101008312&supplier_code=00100008&order_time=2020-08-22 HTTP/1.1" 200 412
114.86.188.99 - - [22/Aug/2020:09:38:24 +0800] "GET /xingrg/kc/buy/cgsh_order_operate.html?command=get_materiel&rest_code=00148&code=00101008362&supplier_code=00100007&order_time=2020-08-22 HTTP/1.1" 200 408
172.17.0.100 - - [22/Aug/2020:09:38:30 +0800] "GET /xingrg/all/function/internal_message.html?_=1598060307287&CODE_STATE=getMsg HTTP/1.1" 200 27
180.175.214.200 - - [22/Aug/2020:09:38:30 +0800] "POST /xingrg/kc/buy/cgsh_list_operate.html HTTP/1.1" 200 5732
117.184.7.26 - - [22/Aug/2020:09:38:31 +0800] "GET /xingrg/kc/buy/cgsh_order_operate.html?command=get_materiel&rest_code=00108&code=00101008351&supplier_code=00100008&order_time=2020-08-22 HTTP/1.1" 200 408
114.89.80.44 - - [22/Aug/2020:09:38:32 +0800] "GET /xingrg/check_reg.html?_=1598060303476 HTTP/1.1" 200 22
114.89.80.44 - - [22/Aug/2020:09:38:32 +0800] "GET /xingrg/all/function/internal_message.html?_=1598060303478&CODE_STATE=getMsg HTTP/1.1" 200 27
114.88.166.242 - - [22/Aug/2020:09:38:37 +0800] "GET /xingrg/all/function/internal_message.html?_=1598060312009&CODE_STATE=getMsg HTTP/1.1" 200 27
180.175.214.200 - - [22/Aug/2020:09:38:37 +0800] "POST /xingrg/kc/buy/cgsh_list_operate.html HTTP/1.1" 200 6015
117.184.7.30 - - [22/Aug/2020:09:38:40 +0800] "GET /xingrg/kc/buy/cgsh_order_operate.html?command=get_materiel&rest_code=00108&code=00101008110&supplier_code=00100008&order_time=2020-08-22 HTTP/1.1" 200 408
218.81.217.115 - - [22/Aug/2020:09:38:42 +0800] "GET /xingrg/all/function/internal_message.html?_=1598060340613&CODE_STATE=getMsg HTTP/1.1" 200 27
114.86.188.99 - - [22/Aug/2020:09:38:42 +0800] "GET /xingrg/kc/buy/cgsh_order_operate.html?command=get_materiel&rest_code=00148&code=00101008098&supplier_code=00100007&order_time=2020-08-22 HTTP/1.1" 200 412
116.230.74.197 - - [22/Aug/2020:09:38:43 +0800] "GET /xingrg/all/function/internal_message.html?_=1598060313125&CODE_STATE=getMsg HTTP/1.1" 200 27
116.230.74.197 - - [22/Aug/2020:09:38:43 +0800] "GET /xingrg/check_reg.html?_=1598060313128 HTTP/1.1" 200 22
180.175.214.200 - - [22/Aug/2020:09:38:43 +0800] "POST /xingrg/kc/buy/cgsh_list_operate.html HTTP/1.1" 200 352
117.184.7.26 - - [22/Aug/2020:09:38:46 +0800] "GET /xingrg/kc/buy/cgsh_order_operate.html?command=get_materiel&rest_code=00108&code=00101008038&supplier_code=00100008&order_time=2020-08-22 HTTP/1.1" 200 412
58.221.95.50 - - [22/Aug/2020:09:38:48 +0800] "GET /xingrg/all/function/internal_message.html?_=1598060456824&CODE_STATE=getMsg HTTP/1.1" 200 27
180.175.214.200 - - [22/Aug/2020:09:38:48 +0800] "GET /xingrg/kc/buy/cgsh_order_list.html HTTP/1.1" 200 43641
180.175.214.200 - - [22/Aug/2020:09:38:49 +0800] "POST /xingrg/kc/buy/cgsh_list_operate.html HTTP/1.1" 200 1681
172.17.0.185 - - [22/Aug/2020:09:38:51 +0800] "GET /xingrg/all/function/internal_message.html?_=1598060327521&CODE_STATE=getMsg HTTP/1.1" 302 -
117.131.5.26 - - [22/Aug/2020:09:38:53 +0800] "GET /xingrg/all/function/internal_message.html?_=1598060709391&CODE_STATE=getMsg HTTP/1.1" 200 27
114.86.188.99 - - [22/Aug/2020:09:38:56 +0800] "GET /xingrg/kc/buy/cgsh_order_operate.html?command=get_materiel&rest_code=00148&code=00101008175&supplier_code=00100007&order_time=2020-08-22 HTTP/1.1" 200 412
116.232.51.56 - - [22/Aug/2020:09:38:56 +0800] "GET /xingrg/login.html HTTP/1.1" 200 7641
117.184.7.26 - - [22/Aug/2020:09:38:56 +0800] "GET /xingrg/kc/buy/cgsh_order_operate.html?command=get_materiel&rest_code=00108&code=00101008163&supplier_code=00100008&order_time=2020-08-22 HTTP/1.1" 200 408
114.88.166.242 - - [22/Aug/2020:09:38:57 +0800] "GET /xingrg/kc/buy/cgsh_order_operate.html?command=get_materiel&rest_code=00111&code=00101008126&supplier_code=00100037&order_time=2020-08-22 HTTP/1.1" 200 412
218.81.217.115 - - [22/Aug/2020:09:38:58 +0800] "GET /xingrg/all/function/internal_message.html?_=1598060353078&CODE_STATE=getMsg HTTP/1.1" 200 27
116.232.51.56 - - [22/Aug/2020:09:38:58 +0800] "GET /favicon.ico HTTP/1.1" 404 -
117.184.7.26 - - [22/Aug/2020:09:39:02 +0800] "GET /xingrg/all/function/internal_message.html?_=1598060328742&CODE_STATE=getMsg HTTP/1.1" 200 27
116.232.51.56 - - [22/Aug/2020:09:39:02 +0800] "POST /xingrg/login.do HTTP/1.1" 302 -
116.232.51.56 - - [22/Aug/2020:09:39:02 +0800] "GET /xingrg/index.html?sysBaseUrl=http%3A%2F%2F180.169.147.146%3A18081%2Fxingrg%2F&costTime=51×tamp=1598060342838 HTTP/1.1" 200 17173
116.232.51.56 - - [22/Aug/2020:09:39:03 +0800] "POST /xingrg/all/common/load_tree.html?tree=area_rest_tree_json&manage=1 HTTP/1.1" 200 342
116.232.51.56 - - [22/Aug/2020:09:39:03 +0800] "GET /xingrg/all/function/internal_message.html?_=1598060359158&CODE_STATE=count HTTP/1.1" 200 11
116.232.51.56 - - [22/Aug/2020:09:39:03 +0800] "POST /xingrg/load_menu.html HTTP/1.1" 200 5138
116.232.51.56 - - [22/Aug/2020:09:39:03 +0800] "GET /xingrg/check_reg.html?_=1598060359158 HTTP/1.1" 200 22
117.184.7.26 - - [22/Aug/2020:09:39:03 +0800] "GET /xingrg/kc/buy/cgsh_order_operate.html?command=get_materiel&rest_code=00108&code=00101008087&supplier_code=00100008&order_time=2020-08-22 HTTP/1.1" 200 412
114.86.188.99 - - [22/Aug/2020:09:39:03 +0800] "POST /xingrg/kc/buy/cgsh_order_operate.html HTTP/1.1" 200 2065
116.232.51.56 - - [22/Aug/2020:09:39:05 +0800] "GET /xingrg/kc/buy/buy_main.html HTTP/1.1" 200 12412
116.232.51.56 - - [22/Aug/2020:09:39:05 +0800] "GET /xingrg/css/new_ie.css HTTP/1.1" 404 1036
180.175.214.200 - - [22/Aug/2020:09:39:06 +0800] "GET /xingrg/all/function/internal_message.html?_=1598060550672&CODE_STATE=getMsg HTTP/1.1" 200 27
114.88.166.242 - - [22/Aug/2020:09:39:07 +0800] "GET /xingrg/kc/buy/cgsh_order_operate.html?command=get_materiel&rest_code=00111&code=00101008353&supplier_code=00100037&order_time=2020-08-22 HTTP/1.1" 200 429
116.232.51.56 - - [22/Aug/2020:09:39:08 +0800] "GET /xingrg/kc/buy/buy_main.html HTTP/1.1" 200 12412
116.232.51.56 - - [22/Aug/2020:09:39:08 +0800] "GET /xingrg/css/new_ie.css HTTP/1.1" 404 1036
116.232.51.56 - - [22/Aug/2020:09:39:08 +0800] "GET /xingrg/kc/buy/cgsh_order_list.html HTTP/1.1" 200 43641
114.86.188.99 - - [22/Aug/2020:09:39:09 +0800] "GET /xingrg/kc/buy/cgsh_order_operate.html?command=get_materiel&rest_code=00148&code=00101008331&supplier_code=00100007&order_time=2020-08-22 HTTP/1.1" 200 416
61.172.5.115 - - [22/Aug/2020:09:39:09 +0800] "GET /xingrg/all/function/internal_message.html?_=1598060348473&CODE_STATE=getMsg HTTP/1.1" 200 27
116.232.51.56 - - [22/Aug/2020:09:39:09 +0800] "POST /xingrg/kc/buy/cgsh_list_operate.html HTTP/1.1" 200 876
117.184.7.30 - - [22/Aug/2020:09:39:13 +0800] "GET /xingrg/kc/buy/cgsh_order_operate.html?command=get_materiel&rest_code=00108&code=00101008361&supplier_code=00100008&order_time=2020-08-22 HTTP/1.1" 200 427
114.86.188.99 - - [22/Aug/2020:09:39:14 +0800] "GET /xingrg/kc/buy/cgsh_order_operate.html?command=get_materiel&rest_code=00148&code=00101008350&supplier_code=00100007&order_time=2020-08-22 HTTP/1.1" 200 408
114.86.188.99 - - [22/Aug/2020:09:39:17 +0800] "GET /xingrg/check_reg.html?_=1598060358722 HTTP/1.1" 200 22
117.184.7.30 - - [22/Aug/2020:09:39:17 +0800] "GET /xingrg/all/function/internal_message.html?_=1598060352183&CODE_STATE=getMsg HTTP/1.1" 200 27
114.86.188.99 - - [22/Aug/2020:09:39:17 +0800] "GET /xingrg/all/function/internal_message.html?_=1598060359156&CODE_STATE=getMsg HTTP/1.1" 200 27
114.88.166.242 - - [22/Aug/2020:09:39:21 +0800] "GET /xingrg/kc/buy/cgsh_order_operate.html?command=get_materiel&rest_code=00111&code=00101008290&supplier_code=00100037&order_time=2020-08-22 HTTP/1.1" 200 416
222.69.134.134 - - [22/Aug/2020:09:39:21 +0800] "GET /xingrg/all/function/internal_message.html?_=1598060349365&CODE_STATE=getMsg HTTP/1.1" 200 27
114.86.188.99 - - [22/Aug/2020:09:39:22 +0800] "GET /xingrg/kc/buy/cgsh_order_operate.html?command=get_materiel&rest_code=00148&code=00101008112&supplier_code=00100007&order_time=2020-08-22 HTTP/1.1" 200 412
117.184.7.26 - - [22/Aug/2020:09:39:24 +0800] "GET /xingrg/kc/buy/cgsh_order_operate.html?command=get_materiel&rest_code=00108&code=00101008355&supplier_code=00100008&order_time=2020-08-22 HTTP/1.1" 200 429
172.17.0.100 - - [22/Aug/2020:09:39:30 +0800] "GET /xingrg/all/function/internal_message.html?_=1598060367272&CODE_STATE=getMsg HTTP/1.1" 200 27
114.86.188.99 - - [22/Aug/2020:09:39:31 +0800] "GET /xingrg/kc/buy/cgsh_order_operate.html?command=get_materiel&rest_code=00148&code=00101008010&supplier_code=00100007&order_time=2020-08-22 HTTP/1.1" 200 412
114.89.80.44 - - [22/Aug/2020:09:39:32 +0800] "GET /xingrg/all/function/internal_message.html?_=1598060363524&CODE_STATE=getMsg HTTP/1.1" 200 27
117.184.7.30 - - [22/Aug/2020:09:39:32 +0800] "GET /xingrg/kc/buy/cgsh_order_operate.html?command=get_materiel&rest_code=00108&code=00101008004&supplier_code=00100008&order_time=2020-08-22 HTTP/1.1" 200 416
114.86.188.99 - - [22/Aug/2020:09:39:36 +0800] "GET /xingrg/kc/buy/cgsh_order_operate.html?command=get_materiel&rest_code=00148&code=00101008224&supplier_code=00100007&order_time=2020-08-22 HTTP/1.1" 200 416
114.88.166.242 - - [22/Aug/2020:09:39:37 +0800] "GET /xingrg/all/function/internal_message.html?_=1598060372023&CODE_STATE=getMsg HTTP/1.1" 200 27
114.86.188.99 - - [22/Aug/2020:09:39:38 +0800] "POST /xingrg/kc/buy/cgsh_order_operate.html HTTP/1.1" 200 2065
117.184.7.26 - - [22/Aug/2020:09:39:39 +0800] "GET /xingrg/kc/buy/cgsh_order_operate.html?command=get_materiel&rest_code=00108&code=00101008264&supplier_code=00100008&order_time=2020-08-22 HTTP/1.1" 200 433
114.88.166.242 - - [22/Aug/2020:09:39:39 +0800] "GET /xingrg/kc/buy/cgsh_order_operate.html?command=get_materiel&rest_code=00111&code=00101008304&supplier_code=00100037&order_time=2020-08-22 HTTP/1.1" 200 412
180.175.214.200 - - [22/Aug/2020:09:39:41 +0800] "POST /xingrg/kc/buy/cgsh_list_operate.html HTTP/1.1" 200 565
180.175.214.200 - - [22/Aug/2020:09:39:41 +0800] "GET /xingrg/kc/buy/cgsh_order_info.html?code=212020082209288 HTTP/1.1" 200 59300
180.175.214.200 - - [22/Aug/2020:09:39:42 +0800] "GET /xingrg/javascript/easyui/themes/default/validatebox.css HTTP/1.1" 404 1104
218.81.217.115 - - [22/Aug/2020:09:39:42 +0800] "GET /xingrg/all/function/internal_message.html?_=1598060400626&CODE_STATE=getMsg HTTP/1.1" 200 27
180.175.214.200 - - [22/Aug/2020:09:39:42 +0800] "POST /xingrg/kc/buy/cgsh_order_operate.html HTTP/1.1" 200 7978
116.230.74.197 - - [22/Aug/2020:09:39:43 +0800] "GET /xingrg/all/function/internal_message.html?_=1598060373118&CODE_STATE=getMsg HTTP/1.1" 200 27
114.86.188.99 - - [22/Aug/2020:09:39:44 +0800] "GET /xingrg/kc/buy/cgsh_order_operate.html?command=get_materiel&rest_code=00148&code=00101008356&supplier_code=00100007&order_time=2020-08-22 HTTP/1.1" 200 408
117.184.7.30 - - [22/Aug/2020:09:39:47 +0800] "GET /xingrg/kc/buy/cgsh_order_operate.html?command=get_materiel&rest_code=00108&code=00101008137&supplier_code=00100008&order_time=2020-08-22 HTTP/1.1" 200 408
114.88.166.242 - - [22/Aug/2020:09:39:48 +0800] "GET /xingrg/kc/buy/cgsh_order_operate.html?command=get_materiel&rest_code=00111&code=00101012010&supplier_code=00100037&order_time=2020-08-22 HTTP/1.1" 200 409
58.221.95.50 - - [22/Aug/2020:09:39:48 +0800] "GET /xingrg/all/function/internal_message.html?_=1598060516825&CODE_STATE=getMsg HTTP/1.1" 200 27
180.175.214.200 - - [22/Aug/2020:09:39:49 +0800] "GET /xingrg/kc/buy/cgsh_order_operate.html?command=get_materiel&rest_code=00102&code=00101006166&supplier_code=00100002&order_time=2020-08-22 HTTP/1.1" 200 423
114.88.166.242 - - [22/Aug/2020:09:39:51 +0800] "POST /xingrg/kc/buy/cgsh_order_operate.html HTTP/1.1" 200 2065
172.17.0.185 - - [22/Aug/2020:09:39:51 +0800] "GET /xingrg/all/function/internal_message.html?_=1598060387528&CODE_STATE=getMsg HTTP/1.1" 302 -
114.86.188.99 - - [22/Aug/2020:09:39:51 +0800] "GET /xingrg/kc/buy/cgsh_order_operate.html?command=get_materiel&rest_code=00148&code=00101008223&supplier_code=00100007&order_time=2020-08-22 HTTP/1.1" 200 412
117.184.7.30 - - [22/Aug/2020:09:39:53 +0800] "GET /xingrg/kc/buy/cgsh_order_operate.html?command=get_materiel&rest_code=00108&code=00101008059&supplier_code=00100008&order_time=2020-08-22 HTTP/1.1" 200 408
117.131.5.26 - - [22/Aug/2020:09:39:53 +0800] "GET /xingrg/all/function/internal_message.html?_=1598060769382&CODE_STATE=getMsg HTTP/1.1" 200 27
117.131.5.26 - - [22/Aug/2020:09:39:53 +0800] "GET /xingrg/check_reg.html?_=1598060769381 HTTP/1.1" 200 22
180.175.214.200 - - [22/Aug/2020:09:39:57 +0800] "GET /xingrg/check_reg.html?_=1598060602076 HTTP/1.1" 200 22
218.81.217.115 - - [22/Aug/2020:09:39:58 +0800] "GET /xingrg/all/function/internal_message.html?_=1598060413302&CODE_STATE=getMsg HTTP/1.1" 200 27
114.86.188.99 - - [22/Aug/2020:09:40:01 +0800] "GET /xingrg/kc/buy/cgsh_order_operate.html?command=get_materiel&rest_code=00148&code=00101008005&supplier_code=00100007&order_time=2020-08-22 HTTP/1.1" 200 412
120.253.135.82 - - [22/Aug/2020:09:40:01 +0800] "GET /xingrg/login.html HTTP/1.1" 200 7641
120.253.135.82 - - [22/Aug/2020:09:40:01 +0800] "GET /xingrg/images/blue/jxLogo.png HTTP/1.1" 200 6156
117.184.7.30 - - [22/Aug/2020:09:40:02 +0800] "GET /xingrg/check_reg.html?_=1598060388732 HTTP/1.1" 200 22
117.184.7.30 - - [22/Aug/2020:09:40:02 +0800] "GET /xingrg/all/function/internal_message.html?_=1598060388755&CODE_STATE=getMsg HTTP/1.1" 200 27
114.88.166.242 - - [22/Aug/2020:09:40:02 +0800] "GET /xingrg/kc/buy/cgsh_order_operate.html?command=get_materiel&rest_code=00111&code=00101008003&supplier_code=00100037&order_time=2020-08-22 HTTP/1.1" 200 410
116.232.51.56 - - [22/Aug/2020:09:40:02 +0800] "GET /xingrg/all/function/internal_message.html?_=1598060419231&CODE_STATE=getMsg HTTP/1.1" 200 27
117.184.7.30 - - [22/Aug/2020:09:40:03 +0800] "GET /xingrg/kc/buy/cgsh_order_operate.html?command=get_materiel&rest_code=00108&code=00101008230&supplier_code=00100008&order_time=2020-08-22 HTTP/1.1" 200 408
120.253.135.82 - - [22/Aug/2020:09:40:03 +0800] "GET /xingrg/images/blue/login_bg.png HTTP/1.1" 200 22101
120.253.135.82 - - [22/Aug/2020:09:40:03 +0800] "GET /xingrg/images/blue/hj.png HTTP/1.1" 200 1014
120.253.135.82 - - [22/Aug/2020:09:40:03 +0800] "GET /xingrg/images/blue/srbg.png HTTP/1.1" 200 138
120.253.135.82 - - [22/Aug/2020:09:40:04 +0800] "GET /favicon.ico HTTP/1.1" 404 -
114.88.155.84 - - [22/Aug/2020:09:40:05 +0800] "GET /xingrg/check_reg.html?_=1598060404135 HTTP/1.1" 200 22
180.175.214.200 - - [22/Aug/2020:09:40:06 +0800] "GET /xingrg/all/function/internal_message.html?_=1598060610682&CODE_STATE=getMsg HTTP/1.1" 200 27
120.253.135.82 - - [22/Aug/2020:09:40:06 +0800] "POST /xingrg/login.do HTTP/1.1" 302 -
120.253.135.82 - - [22/Aug/2020:09:40:06 +0800] "GET /xingrg/javascript/jquery_easy_ui/themes/icon.css HTTP/1.1" 200 3949
120.253.135.82 - - [22/Aug/2020:09:40:06 +0800] "GET /xingrg/index.html?sysBaseUrl=http%3A%2F%2F180.169.147.146%3A18081%2Fxingrg%2F&costTime=39×tamp=1598060406484 HTTP/1.1" 200 17173
120.253.135.82 - - [22/Aug/2020:09:40:06 +0800] "GET /xingrg/javascript/jquery_easy_ui/themes/default/easyui.css HTTP/1.1" 200 26500
120.253.135.82 - - [22/Aug/2020:09:40:06 +0800] "GET /xingrg/css/form.css HTTP/1.1" 200 893
120.253.135.82 - - [22/Aug/2020:09:40:06 +0800] "GET /xingrg/javascript/jquery_easy_ui/themes/default/easyui.css HTTP/1.1" 200 26500
120.253.135.82 - - [22/Aug/2020:09:40:06 +0800] "GET /xingrg/javascript/jquery_easy_ui/themes/icon.css HTTP/1.1" 200 3949
117.184.7.30 - - [22/Aug/2020:09:40:06 +0800] "POST /xingrg/kc/buy/cgsh_order_operate.html HTTP/1.1" 200 2065
120.253.135.82 - - [22/Aug/2020:09:40:06 +0800] "GET /favicon.ico HTTP/1.1" 404 -
120.253.135.82 - - [22/Aug/2020:09:40:06 +0800] "GET /xingrg/css/form.css HTTP/1.1" 200 893
120.253.135.82 - - [22/Aug/2020:09:40:06 +0800] "GET /xingrg/javascript/jquery-1.4.2.min.js HTTP/1.1" 200 72205
120.253.135.82 - - [22/Aug/2020:09:40:07 +0800] "GET /xingrg/javascript/jquery_easy_ui/jquery.easyui.min.js HTTP/1.1" 200 213662
120.253.135.82 - - [22/Aug/2020:09:40:07 +0800] "GET /favicon.ico HTTP/1.1" 404 -
120.253.135.82 - - [22/Aug/2020:09:40:07 +0800] "GET /xingrg/javascript/jquery_easy_ui/easyui-lang-zh_CN.js HTTP/1.1" 200 1900
120.253.135.82 - - [22/Aug/2020:09:40:07 +0800] "GET /xingrg/javascript/jquery.form.js HTTP/1.1" 200 23110
120.253.135.82 - - [22/Aug/2020:09:40:07 +0800] "GET /xingrg/javascript/jquery.utils.js HTTP/1.1" 200 11805
120.253.135.82 - - [22/Aug/2020:09:40:07 +0800] "GET /xingrg/javascript/jquery.timers.js HTTP/1.1" 200 3532
120.253.135.82 - - [22/Aug/2020:09:40:08 +0800] "GET /xingrg/javascript/jquery_easy_ui/themes/icons/settle_new.png HTTP/1.1" 200 826
120.253.135.82 - - [22/Aug/2020:09:40:08 +0800] "GET /xingrg/images/blue/navBackgound.jpg HTTP/1.1" 200 12378
120.253.135.82 - - [22/Aug/2020:09:40:08 +0800] "POST /xingrg/all/common/load_tree.html?tree=area_rest_tree_json&manage=1 HTTP/1.1" 200 3216
120.253.135.82 - - [22/Aug/2020:09:40:08 +0800] "GET /xingrg/all/function/internal_message.html?_=1598060059183&CODE_STATE=count HTTP/1.1" 200 11
120.253.135.82 - - [22/Aug/2020:09:40:08 +0800] "GET /xingrg/javascript/jquery_easy_ui/themes/default/images/tabs_leftarrow.png HTTP/1.1" 200 389
120.253.135.82 - - [22/Aug/2020:09:40:08 +0800] "GET /xingrg/check_reg.html?_=1598060059183 HTTP/1.1" 200 22
120.253.135.82 - - [22/Aug/2020:09:40:08 +0800] "GET /xingrg/images/blue/pingpu.png HTTP/1.1" 200 231
120.253.135.82 - - [22/Aug/2020:09:40:08 +0800] "GET /xingrg/javascript/jquery_easy_ui/themes/default/images/panel_tool_collapse.gif HTTP/1.1" 200 246
120.253.135.82 - - [22/Aug/2020:09:40:08 +0800] "GET /xingrg/javascript/jquery_easy_ui/themes/default/images/tabs_rightarrow.png HTTP/1.1" 200 395
120.253.135.82 - - [22/Aug/2020:09:40:08 +0800] "POST /xingrg/load_menu.html HTTP/1.1" 200 6743
114.86.188.99 - - [22/Aug/2020:09:40:09 +0800] "GET /xingrg/kc/buy/cgsh_order_operate.html?command=get_materiel&rest_code=00148&code=00101008119&supplier_code=00100007&order_time=2020-08-22 HTTP/1.1" 200 412
120.253.135.82 - - [22/Aug/2020:09:40:09 +0800] "GET /xingrg/javascript/jquery_easy_ui/themes/default/images/tree_folder_open.gif HTTP/1.1" 200 956
120.253.135.82 - - [22/Aug/2020:09:40:09 +0800] "GET /xingrg/javascript/jquery_easy_ui/themes/icons/delivery_new.png HTTP/1.1" 200 700
120.253.135.82 - - [22/Aug/2020:09:40:09 +0800] "GET /xingrg/javascript/jquery_easy_ui/themes/icons/search_new.png HTTP/1.1" 200 586
120.253.135.82 - - [22/Aug/2020:09:40:09 +0800] "GET /xingrg/javascript/jquery_easy_ui/themes/default/images/tree_arrows.gif HTTP/1.1" 200 1043
120.253.135.82 - - [22/Aug/2020:09:40:09 +0800] "GET /xingrg/javascript/jquery_easy_ui/themes/icons/forms_new.png HTTP/1.1" 200 350
120.253.135.82 - - [22/Aug/2020:09:40:09 +0800] "GET /xingrg/javascript/jquery_easy_ui/themes/icons/storage_new.png HTTP/1.1" 200 853
61.172.5.115 - - [22/Aug/2020:09:40:09 +0800] "GET /xingrg/all/function/internal_message.html?_=1598060408443&CODE_STATE=getMsg HTTP/1.1" 200 27
117.184.7.30 - - [22/Aug/2020:09:40:09 +0800] "GET /xingrg/kc/buy/cgsh_order_operate.html?command=get_materiel&rest_code=00108&code=00101008069&supplier_code=00100008&order_time=2020-08-22 HTTP/1.1" 200 432
120.253.135.82 - - [22/Aug/2020:09:40:11 +0800] "GET /xingrg/javascript/jquery_easy_ui/themes/default/images/tree_file.gif HTTP/1.1" 200 118
120.253.135.82 - - [22/Aug/2020:09:40:11 +0800] "GET /xingrg/javascript/jquery_easy_ui/themes/default/images/tree_folder.gif HTTP/1.1" 200 952
120.253.135.82 - - [22/Aug/2020:09:40:13 +0800] "GET /xingrg/javascript/jquery_easy_ui/themes/default/images/tabs_close.gif HTTP/1.1" 200 829
120.253.135.82 - - [22/Aug/2020:09:40:13 +0800] "GET /xingrg/css/base.css HTTP/1.1" 200 2811
120.253.135.82 - - [22/Aug/2020:09:40:13 +0800] "GET /xingrg/css/site.css HTTP/1.1" 200 7541
120.253.135.82 - - [22/Aug/2020:09:40:13 +0800] "GET /xingrg/javascript/jquery_tools/datebox.css HTTP/1.1" 200 2597
120.253.135.82 - - [22/Aug/2020:09:40:13 +0800] "GET /xingrg/javascript/easyui/themes/icon.css HTTP/1.1" 200 4483
120.253.135.82 - - [22/Aug/2020:09:40:13 +0800] "GET /xingrg/javascript/auto/jquery.autocomplete.css HTTP/1.1" 200 587
120.253.135.82 - - [22/Aug/2020:09:40:13 +0800] "GET /xingrg/javascript/jquery_tools/fix.css HTTP/1.1" 200 1702
120.253.135.82 - - [22/Aug/2020:09:40:13 +0800] "GET /xingrg/javascript/jquery_tools/jquery.tools.table.js HTTP/1.1" 200 6994
120.253.135.82 - - [22/Aug/2020:09:40:13 +0800] "GET /xingrg/javascript/jquery_tools/table.css HTTP/1.1" 200 1032
120.253.135.82 - - [22/Aug/2020:09:40:13 +0800] "GET /xingrg/javascript/easyui/themes/default/easyui.css HTTP/1.1" 200 30432
120.253.135.82 - - [22/Aug/2020:09:40:13 +0800] "GET /xingrg/javascript/jquery_tools/jquery.tools.hotkey.js HTTP/1.1" 200 3242
120.253.135.82 - - [22/Aug/2020:09:40:13 +0800] "GET /xingrg/javascript/jquery_tools/list_manager.js HTTP/1.1" 200 3652
120.253.135.82 - - [22/Aug/2020:09:40:13 +0800] "GET /xingrg/javascript/easyui/easyloader.js HTTP/1.1" 200 5975
120.253.135.82 - - [22/Aug/2020:09:40:13 +0800] "GET /xingrg/javascript/jquery.cookie.js HTTP/1.1" 200 5513
120.253.135.82 - - [22/Aug/2020:09:40:13 +0800] "GET /xingrg/javascript/jquery_tools/jquery.tools.min.js HTTP/1.1" 200 138801
120.253.135.82 - - [22/Aug/2020:09:40:13 +0800] "GET /xingrg/javascript/print/LodopFuncs.js HTTP/1.1" 200 5121
120.253.135.82 - - [22/Aug/2020:09:40:13 +0800] "GET /xingrg/javascript/jquery_tools/jquery.tools.extend.js HTTP/1.1" 200 15385
120.253.135.82 - - [22/Aug/2020:09:40:13 +0800] "GET /xingrg/javascript/auto/jquery.autocomplete.js HTTP/1.1" 200 21624
120.253.135.82 - - [22/Aug/2020:09:40:14 +0800] "GET /xingrg/kc/pszx/mdps_order_list.html?orderType=0 HTTP/1.1" 200 21018
120.253.135.82 - - [22/Aug/2020:09:40:15 +0800] "GET /xingrg/javascript/easyui/themes/icons/edit_add_new.png HTTP/1.1" 200 2997
117.184.7.30 - - [22/Aug/2020:09:40:15 +0800] "GET /xingrg/kc/buy/cgsh_order_operate.html?command=get_materiel&rest_code=00108&code=00101008286&supplier_code=00100008&order_time=2020-08-22 HTTP/1.1" 200 429
120.253.135.82 - - [22/Aug/2020:09:40:16 +0800] "GET /xingrg/javascript/easyui/plugins/jquery.parser.js HTTP/1.1" 200 1142
120.253.135.82 - - [22/Aug/2020:09:40:16 +0800] "GET /xingrg/javascript/easyui/themes/icons/cance_new.png HTTP/1.1" 200 3986
120.253.135.82 - - [22/Aug/2020:09:40:16 +0800] "GET /xingrg/javascript/easyui/themes/icons/check_new.png HTTP/1.1" 200 3224
120.253.135.82 - - [22/Aug/2020:09:40:16 +0800] "GET /xingrg/javascript/easyui/themes/icons/import_new.png HTTP/1.1" 200 1247
120.253.135.82 - - [22/Aug/2020:09:40:16 +0800] "GET /xingrg/javascript/easyui/themes/icons/field_new.png HTTP/1.1" 200 1097
120.253.135.82 - - [22/Aug/2020:09:40:16 +0800] "GET /xingrg/javascript/easyui/themes/icons/uncheck_new.png HTTP/1.1" 200 3197
120.253.135.82 - - [22/Aug/2020:09:40:16 +0800] "GET /xingrg/images/control/ajaxLoader.gif HTTP/1.1" 200 4659
120.253.135.82 - - [22/Aug/2020:09:40:16 +0800] "POST /xingrg/kc/pszx/mdps_list_operate.html HTTP/1.1" 200 5469
114.86.188.99 - - [22/Aug/2020:09:40:16 +0800] "GET /xingrg/kc/buy/cgsh_order_operate.html?command=get_materiel&rest_code=00148&code=00101008114&supplier_code=00100007&order_time=2020-08-22 HTTP/1.1" 200 412
120.253.135.82 - - [22/Aug/2020:09:40:16 +0800] "GET /xingrg/javascript/easyui/themes/default/images/button_plain_hover.png HTTP/1.1" 200 144
117.184.7.30 - - [22/Aug/2020:09:40:17 +0800] "GET /xingrg/check_reg.html?_=1598060412186 HTTP/1.1" 200 22
117.184.7.26 - - [22/Aug/2020:09:40:17 +0800] "GET /xingrg/all/function/internal_message.html?_=1598060412190&CODE_STATE=getMsg HTTP/1.1" 200 27
120.253.135.82 - - [22/Aug/2020:09:40:17 +0800] "GET /xingrg/kc/pszx/mdps_order_add.html HTTP/1.1" 200 28958
120.253.135.82 - - [22/Aug/2020:09:40:17 +0800] "GET /xingrg/javascript/convert.js HTTP/1.1" 200 1239
120.253.135.82 - - [22/Aug/2020:09:40:17 +0800] "GET /xingrg/javascript/pic_change.js HTTP/1.1" 200 4739
120.253.135.82 - - [22/Aug/2020:09:40:17 +0800] "GET /xingrg/javascript/json2.js HTTP/1.1" 200 11259
120.253.135.82 - - [22/Aug/2020:09:40:17 +0800] "GET /xingrg/javascript/jquery_tools/order_manager.js HTTP/1.1" 200 11183
120.253.135.82 - - [22/Aug/2020:09:40:17 +0800] "GET /xingrg/javascript/print/kc_print.js HTTP/1.1" 200 11415
120.253.135.82 - - [22/Aug/2020:09:40:17 +0800] "GET /xingrg/javascript/myfunction.js HTTP/1.1" 200 24559
114.86.188.99 - - [22/Aug/2020:09:40:17 +0800] "GET /xingrg/all/function/internal_message.html?_=1598060419169&CODE_STATE=getMsg HTTP/1.1" 200 27
120.253.135.82 - - [22/Aug/2020:09:40:17 +0800] "GET /xingrg/words/20200821105700_words.js HTTP/1.1" 200 757993
120.253.135.82 - - [22/Aug/2020:09:40:17 +0800] "GET /xingrg/javascript/easyui/themes/icons/copy_new.png HTTP/1.1" 200 815
120.253.135.82 - - [22/Aug/2020:09:40:17 +0800] "GET /xingrg/javascript/easyui/themes/icons/ok.png HTTP/1.1" 200 883
120.253.135.82 - - [22/Aug/2020:09:40:17 +0800] "GET /xingrg/javascript/easyui/themes/default/images/menu_downarrow.png HTTP/1.1" 200 173
120.253.135.82 - - [22/Aug/2020:09:40:17 +0800] "GET /xingrg/javascript/easyui/themes/icons/print.png HTTP/1.1" 200 1057
120.253.135.82 - - [22/Aug/2020:09:40:17 +0800] "GET /xingrg/javascript/easyui/themes/icons/cancel.png HTTP/1.1" 200 1133
120.253.135.82 - - [22/Aug/2020:09:40:18 +0800] "POST /xingrg/kc/pszx/mdps_order_operate.html HTTP/1.1" 200 7126
120.253.135.82 - - [22/Aug/2020:09:40:18 +0800] "GET /xingrg/javascript/easyui/themes/default/validatebox.css HTTP/1.1" 404 1104
120.253.135.82 - - [22/Aug/2020:09:40:18 +0800] "GET /xingrg/javascript/easyui/plugins/jquery.validatebox.js HTTP/1.1" 200 6103
120.253.135.82 - - [22/Aug/2020:09:40:18 +0800] "GET /xingrg/all/common/auto_word.html?type=base&rest_code=00101 HTTP/1.1" 200 513
120.253.135.82 - - [22/Aug/2020:09:40:18 +0800] "GET /xingrg/javascript/easyui/plugins/jquery.numberbox.js HTTP/1.1" 200 5213
120.253.135.82 - - [22/Aug/2020:09:40:18 +0800] "GET /xingrg/javascript/easyui/themes/icons/edit_remove.png HTTP/1.1" 200 625
114.86.188.99 - - [22/Aug/2020:09:40:18 +0800] "POST /xingrg/kc/buy/cgsh_order_operate.html HTTP/1.1" 200 2065
120.253.135.82 - - [22/Aug/2020:09:40:20 +0800] "GET /xingrg/javascript/auto/indicator.gif HTTP/1.1" 404 1066
120.253.135.82 - - [22/Aug/2020:09:40:21 +0800] "GET /xingrg/javascript/jquery_tools/images/prev.gif HTTP/1.1" 404 1086
120.253.135.82 - - [22/Aug/2020:09:40:21 +0800] "GET /xingrg/javascript/jquery_tools/images/next.gif HTTP/1.1" 404 1086
222.69.134.134 - - [22/Aug/2020:09:40:21 +0800] "GET /xingrg/all/function/internal_message.html?_=1598060409365&CODE_STATE=getMsg HTTP/1.1" 200 27
222.69.134.134 - - [22/Aug/2020:09:40:21 +0800] "GET /xingrg/check_reg.html?_=1598060409368 HTTP/1.1" 200 22
114.86.188.99 - - [22/Aug/2020:09:40:22 +0800] "GET /xingrg/kc/buy/cgsh_order_operate.html?command=get_materiel&rest_code=00148&code=00101008168&supplier_code=00100007&order_time=2020-08-22 HTTP/1.1" 200 413
117.184.7.30 - - [22/Aug/2020:09:40:22 +0800] "GET /xingrg/kc/buy/cgsh_order_operate.html?command=get_materiel&rest_code=00108&code=00101008131&supplier_code=00100008&order_time=2020-08-22 HTTP/1.1" 200 429
114.86.188.99 - - [22/Aug/2020:09:40:27 +0800] "GET /xingrg/kc/buy/cgsh_order_operate.html?command=get_materiel&rest_code=00148&code=00101009016&supplier_code=00100007&order_time=2020-08-22 HTTP/1.1" 200 412
120.253.135.82 - - [22/Aug/2020:09:40:29 +0800] "GET /xingrg/kc/pszx/mdps_order_operate.html?command=get_materiel&pszx_code=00101&rest_code=00151&base_code=0010250&code=00102003284 HTTP/1.1" 200 430
172.17.0.100 - - [22/Aug/2020:09:40:30 +0800] "GET /xingrg/all/function/internal_message.html?_=1598060427273&CODE_STATE=getMsg HTTP/1.1" 200 27
117.184.7.30 - - [22/Aug/2020:09:40:32 +0800] "GET /xingrg/kc/buy/cgsh_order_operate.html?command=get_materiel&rest_code=00108&code=00101008296&supplier_code=00100008&order_time=2020-08-22 HTTP/1.1" 200 436
114.89.80.44 - - [22/Aug/2020:09:40:32 +0800] "GET /xingrg/all/function/internal_message.html?_=1598060423572&CODE_STATE=getMsg HTTP/1.1" 200 27
114.86.188.99 - - [22/Aug/2020:09:40:35 +0800] "GET /xingrg/kc/buy/cgsh_order_operate.html?command=get_materiel&rest_code=00148&code=00101009011&supplier_code=00100007&order_time=2020-08-22 HTTP/1.1" 200 416
114.88.166.242 - - [22/Aug/2020:09:40:36 +0800] "GET /xingrg/check_reg.html?_=1598060431568 HTTP/1.1" 200 22
114.88.166.242 - - [22/Aug/2020:09:40:37 +0800] "GET /xingrg/all/function/internal_message.html?_=1598060432035&CODE_STATE=getMsg HTTP/1.1" 200 27
218.81.217.115 - - [22/Aug/2020:09:40:42 +0800] "GET /xingrg/all/function/internal_message.html?_=1598060460869&CODE_STATE=getMsg HTTP/1.1" 200 27
116.230.74.197 - - [22/Aug/2020:09:40:43 +0800] "GET /xingrg/all/function/internal_message.html?_=1598060433122&CODE_STATE=getMsg HTTP/1.1" 200 27
114.86.188.99 - - [22/Aug/2020:09:40:44 +0800] "GET /xingrg/kc/buy/cgsh_order_operate.html?command=get_materiel&rest_code=00148&code=00101008236&supplier_code=00100007&order_time=2020-08-22 HTTP/1.1" 200 416
120.253.135.82 - - [22/Aug/2020:09:40:47 +0800] "POST /xingrg/kc/pszx/mdps_order_operate.html HTTP/1.1" 200 37
116.230.74.197 - - [22/Aug/2020:09:40:47 +0800] "GET /xingrg/kc/buy/cgsh_order_add.html HTTP/1.1" 200 59426
117.184.7.30 - - [22/Aug/2020:09:40:47 +0800] "GET /xingrg/kc/buy/cgsh_order_operate.html?command=get_materiel&rest_code=00108&code=00101008352&supplier_code=00100008&order_time=2020-08-22 HTTP/1.1" 200 412
120.253.135.82 - - [22/Aug/2020:09:40:48 +0800] "POST /xingrg/kc/pszx/mdps_order_operate.html HTTP/1.1" 200 12
58.221.95.50 - - [22/Aug/2020:09:40:48 +0800] "GET /xingrg/all/function/internal_message.html?_=1598060576817&CODE_STATE=getMsg HTTP/1.1" 200 27
116.230.74.197 - - [22/Aug/2020:09:40:49 +0800] "GET /xingrg/javascript/easyui/themes/default/validatebox.css HTTP/1.1" 404 1104
116.230.74.197 - - [22/Aug/2020:09:40:49 +0800] "POST /xingrg/kc/buy/cgsh_order_operate.html HTTP/1.1" 200 8245
120.253.135.82 - - [22/Aug/2020:09:40:49 +0800] "GET /xingrg/kc/pszx/mdps_order_info.html?code=312020082200555 HTTP/1.1" 200 19507
120.253.135.82 - - [22/Aug/2020:09:40:50 +0800] "GET /xingrg/javascript/easyui/themes/default/validatebox.css HTTP/1.1" 404 1104
120.253.135.82 - - [22/Aug/2020:09:40:50 +0800] "POST /xingrg/kc/pszx/mdps_order_operate.html HTTP/1.1" 200 492
172.17.0.185 - - [22/Aug/2020:09:40:51 +0800] "GET /xingrg/all/function/internal_message.html?_=1598060447532&CODE_STATE=getMsg HTTP/1.1" 302 -
120.253.135.82 - - [22/Aug/2020:09:40:51 +0800] "GET /xingrg/kc/print/load_config.html?kc_code=mdps HTTP/1.1" 200 2396
120.253.135.82 - - [22/Aug/2020:09:40:51 +0800] "GET /xingrg/kc/print/load_data.html?order_code=312020082200555&kc_code=mdps&condition= HTTP/1.1" 200 734
117.184.7.30 - - [22/Aug/2020:09:40:52 +0800] "POST /xingrg/kc/buy/cgsh_order_operate.html HTTP/1.1" 200 2065
117.131.5.26 - - [22/Aug/2020:09:40:53 +0800] "GET /xingrg/all/function/internal_message.html?_=1598060829383&CODE_STATE=getMsg HTTP/1.1" 200 27
114.86.188.99 - - [22/Aug/2020:09:40:53 +0800] "GET /xingrg/kc/buy/cgsh_order_operate.html?command=get_materiel&rest_code=00148&code=00101012026&supplier_code=00100007&order_time=2020-08-22 HTTP/1.1" 200 408
114.86.188.99 - - [22/Aug/2020:09:40:56 +0800] "POST /xingrg/kc/buy/cgsh_order_operate.html HTTP/1.1" 200 2065
117.184.7.30 - - [22/Aug/2020:09:40:57 +0800] "GET /xingrg/kc/buy/cgsh_order_operate.html?command=get_materiel&rest_code=00108&code=00101008098&supplier_code=00100008&order_time=2020-08-22 HTTP/1.1" 200 412
218.81.217.115 - - [22/Aug/2020:09:40:58 +0800] "GET /xingrg/all/function/internal_message.html?_=1598060473308&CODE_STATE=getMsg HTTP/1.1" 200 27
116.230.74.197 - - [22/Aug/2020:09:40:59 +0800] "GET /xingrg/javascript/easyui/themes/default/tree.css HTTP/1.1" 404 1090
116.230.74.197 - - [22/Aug/2020:09:40:59 +0800] "POST /xingrg/all/common/load_tree.html?tree=supplier_tree_json&isDelete=1 HTTP/1.1" 200 49675
114.86.188.99 - - [22/Aug/2020:09:41:00 +0800] "GET /xingrg/kc/buy/cgsh_order_operate.html?command=get_materiel&rest_code=00148&code=00101009004&supplier_code=00100007&order_time=2020-08-22 HTTP/1.1" 200 409
116.232.51.56 - - [22/Aug/2020:09:41:02 +0800] "GET /xingrg/all/function/internal_message.html?_=1598060479234&CODE_STATE=getMsg HTTP/1.1" 200 27
117.184.7.30 - - [22/Aug/2020:09:41:02 +0800] "GET /xingrg/all/function/internal_message.html?_=1598060448770&CODE_STATE=getMsg HTTP/1.1" 200 27
180.175.214.200 - - [22/Aug/2020:09:41:06 +0800] "GET /xingrg/all/function/internal_message.html?_=1598060670695&CODE_STATE=getMsg HTTP/1.1" 200 27
117.184.7.30 - - [22/Aug/2020:09:41:08 +0800] "GET /xingrg/kc/buy/cgsh_order_operate.html?command=get_materiel&rest_code=00108&code=00101008353&supplier_code=00100008&order_time=2020-08-22 HTTP/1.1" 200 429
120.253.135.82 - - [22/Aug/2020:09:41:08 +0800] "GET /xingrg/all/function/internal_message.html?_=1598060119179&CODE_STATE=getMsg HTTP/1.1" 200 27
61.172.5.115 - - [22/Aug/2020:09:41:09 +0800] "GET /xingrg/all/function/internal_message.html?_=1598060468421&CODE_STATE=getMsg HTTP/1.1" 200 27
114.86.188.99 - - [22/Aug/2020:09:41:10 +0800] "GET /xingrg/kc/buy/cgsh_order_operate.html?command=get_materiel&rest_code=00148&code=00101009062&supplier_code=00100007&order_time=2020-08-22 HTTP/1.1" 200 412
180.175.214.200 - - [22/Aug/2020:09:41:14 +0800] "POST /xingrg/kc/buy/cgsh_order_operate.html HTTP/1.1" 200 37
114.88.166.242 - - [22/Aug/2020:09:41:15 +0800] "GET /xingrg/kc/buy/cgsh_order_operate.html?command=get_materiel&rest_code=00111&code=00101008284&supplier_code=00100037&order_time=2020-08-22 HTTP/1.1" 200 412
180.175.214.200 - - [22/Aug/2020:09:41:16 +0800] "POST /xingrg/kc/buy/cgsh_order_operate.html HTTP/1.1" 200 8601
117.184.7.26 - - [22/Aug/2020:09:41:17 +0800] "GET /xingrg/all/function/internal_message.html?_=1598060472173&CODE_STATE=getMsg HTTP/1.1" 200 27
114.86.188.99 - - [22/Aug/2020:09:41:17 +0800] "GET /xingrg/all/function/internal_message.html?_=1598060479184&CODE_STATE=getMsg HTTP/1.1" 200 27
222.69.134.134 - - [22/Aug/2020:09:41:21 +0800] "GET /xingrg/all/function/internal_message.html?_=1598060469375&CODE_STATE=getMsg HTTP/1.1" 200 27
114.86.188.99 - - [22/Aug/2020:09:41:23 +0800] "GET /xingrg/kc/buy/cgsh_order_operate.html?command=get_materiel&rest_code=00148&code=00101008036&supplier_code=00100007&order_time=2020-08-22 HTTP/1.1" 200 428
180.175.214.200 - - [22/Aug/2020:09:41:26 +0800] "POST /xingrg/kc/buy/cgsh_order_operate.html HTTP/1.1" 200 37
180.175.214.200 - - [22/Aug/2020:09:41:28 +0800] "POST /xingrg/kc/buy/cgsh_order_operate.html HTTP/1.1" 200 12
180.175.214.200 - - [22/Aug/2020:09:41:29 +0800] "GET /xingrg/kc/buy/cgsh_order_info.html?code=212020082209288 HTTP/1.1" 200 54192
172.17.0.100 - - [22/Aug/2020:09:41:30 +0800] "GET /xingrg/all/function/internal_message.html?_=1598060487272&CODE_STATE=getMsg HTTP/1.1" 200 27
180.175.214.200 - - [22/Aug/2020:09:41:30 +0800] "GET /xingrg/javascript/easyui/themes/default/validatebox.css HTTP/1.1" 404 1104
117.184.7.26 - - [22/Aug/2020:09:41:31 +0800] "POST /xingrg/kc/buy/cgsh_order_operate.html HTTP/1.1" 200 37
180.175.214.200 - - [22/Aug/2020:09:41:31 +0800] "POST /xingrg/kc/buy/cgsh_order_operate.html HTTP/1.1" 200 6526
117.184.7.26 - - [22/Aug/2020:09:41:32 +0800] "POST /xingrg/kc/buy/cgsh_order_operate.html HTTP/1.1" 200 17434
114.89.80.44 - - [22/Aug/2020:09:41:32 +0800] "GET /xingrg/all/function/internal_message.html?_=1598060483621&CODE_STATE=getMsg HTTP/1.1" 200 27
180.175.214.200 - - [22/Aug/2020:09:41:33 +0800] "GET /xingrg/kc/print/load_data.html?order_code=212020082209288&kc_code=cgsh&condition= HTTP/1.1" 200 3001
114.86.188.99 - - [22/Aug/2020:09:41:35 +0800] "GET /xingrg/kc/buy/cgsh_order_operate.html?command=get_materiel&rest_code=00148&code=00101008350&supplier_code=00100007&order_time=2020-08-22 HTTP/1.1" 200 408
114.88.166.242 - - [22/Aug/2020:09:41:37 +0800] "GET /xingrg/all/function/internal_message.html?_=1598060492050&CODE_STATE=getMsg HTTP/1.1" 200 27
114.88.166.242 - - [22/Aug/2020:09:41:41 +0800] "GET /xingrg/kc/buy/cgsh_order_operate.html?command=get_materiel&rest_code=00111&code=00101015044&supplier_code=00100037&order_time=2020-08-22 HTTP/1.1" 200 408
117.184.7.30 - - [22/Aug/2020:09:41:41 +0800] "GET /xingrg/kc/buy/cgsh_order_operate.html?command=get_materiel&rest_code=00108&code=00101008132&supplier_code=00100008&order_time=2020-08-22 HTTP/1.1" 200 408
218.81.217.115 - - [22/Aug/2020:09:41:42 +0800] "GET /xingrg/all/function/internal_message.html?_=1598060520872&CODE_STATE=getMsg HTTP/1.1" 200 27
116.230.74.197 - - [22/Aug/2020:09:41:43 +0800] "GET /xingrg/all/function/internal_message.html?_=1598060493132&CODE_STATE=getMsg HTTP/1.1" 200 27
114.86.188.99 - - [22/Aug/2020:09:41:47 +0800] "GET /xingrg/kc/buy/cgsh_order_operate.html?command=get_materiel&rest_code=00148&code=00101008358&supplier_code=00100007&order_time=2020-08-22 HTTP/1.1" 200 412
58.221.95.50 - - [22/Aug/2020:09:41:48 +0800] "GET /xingrg/all/function/internal_message.html?_=1598060636823&CODE_STATE=getMsg HTTP/1.1" 200 27
172.17.0.185 - - [22/Aug/2020:09:41:51 +0800] "GET /xingrg/check_reg.html?_=1598060507519 HTTP/1.1" 302 -
172.17.0.185 - - [22/Aug/2020:09:41:51 +0800] "GET /xingrg/all/function/internal_message.html?_=1598060507520&CODE_STATE=getMsg HTTP/1.1" 302 -
114.86.188.99 - - [22/Aug/2020:09:41:51 +0800] "POST /xingrg/kc/buy/cgsh_order_operate.html HTTP/1.1" 200 2065
117.184.7.26 - - [22/Aug/2020:09:41:53 +0800] "GET /xingrg/kc/buy/cgsh_order_operate.html?command=get_materiel&rest_code=00108&code=00101008244&supplier_code=00100008&order_time=2020-08-22 HTTP/1.1" 200 408
117.131.5.26 - - [22/Aug/2020:09:41:53 +0800] "GET /xingrg/all/function/internal_message.html?_=1598060889382&CODE_STATE=getMsg HTTP/1.1" 200 27
180.175.214.200 - - [22/Aug/2020:09:41:55 +0800] "GET /xingrg/login.html HTTP/1.1" 200 7641
180.175.214.200 - - [22/Aug/2020:09:41:56 +0800] "GET /favicon.ico HTTP/1.1" 404 -
218.81.217.115 - - [22/Aug/2020:09:41:57 +0800] "GET /xingrg/check_reg.html?_=1598060531928 HTTP/1.1" 200 22
218.81.217.115 - - [22/Aug/2020:09:41:58 +0800] "GET /xingrg/all/function/internal_message.html?_=1598060533321&CODE_STATE=getMsg HTTP/1.1" 200 27
117.184.7.26 - - [22/Aug/2020:09:41:59 +0800] "GET /xingrg/kc/buy/cgsh_order_operate.html?command=get_materiel&rest_code=00108&code=00101008088&supplier_code=00100008&order_time=2020-08-22 HTTP/1.1" 200 408
114.86.188.99 - - [22/Aug/2020:09:41:59 +0800] "GET /xingrg/kc/buy/cgsh_order_operate.html?command=get_materiel&rest_code=00148&code=00101008224&supplier_code=00100007&order_time=2020-08-22 HTTP/1.1" 200 416
116.232.51.56 - - [22/Aug/2020:09:42:01 +0800] "GET /xingrg/all/function/internal_message.html?_=1598060539250&CODE_STATE=getMsg HTTP/1.1" 200 27
117.184.7.26 - - [22/Aug/2020:09:42:02 +0800] "GET /xingrg/all/function/internal_message.html?_=1598060508782&CODE_STATE=getMsg HTTP/1.1" 200 27
180.175.214.200 - - [22/Aug/2020:09:42:04 +0800] "POST /xingrg/login.do HTTP/1.1" 302 -
180.175.214.200 - - [22/Aug/2020:09:42:04 +0800] "GET /xingrg/javascript/jquery_easy_ui/themes/default/easyui.css HTTP/1.1" 304 -
180.175.214.200 - - [22/Aug/2020:09:42:04 +0800] "GET /xingrg/index.html?sysBaseUrl=http%3A%2F%2F180.169.147.146%3A18081%2Fxingrg%2F&costTime=39×tamp=1598060524188 HTTP/1.1" 200 17173
180.175.214.200 - - [22/Aug/2020:09:42:04 +0800] "GET /xingrg/javascript/jquery_easy_ui/themes/icon.css HTTP/1.1" 304 -
180.175.214.200 - - [22/Aug/2020:09:42:04 +0800] "GET /xingrg/css/form.css HTTP/1.1" 304 -
180.175.214.200 - - [22/Aug/2020:09:42:04 +0800] "GET /xingrg/javascript/jquery-1.4.2.min.js HTTP/1.1" 304 -
180.175.214.200 - - [22/Aug/2020:09:42:04 +0800] "GET /xingrg/javascript/jquery_easy_ui/jquery.easyui.min.js HTTP/1.1" 304 -
180.175.214.200 - - [22/Aug/2020:09:42:04 +0800] "GET /xingrg/javascript/jquery_easy_ui/easyui-lang-zh_CN.js HTTP/1.1" 304 -
180.175.214.200 - - [22/Aug/2020:09:42:04 +0800] "GET /xingrg/javascript/jquery.form.js HTTP/1.1" 304 -
180.175.214.200 - - [22/Aug/2020:09:42:04 +0800] "GET /xingrg/javascript/jquery.utils.js HTTP/1.1" 304 -
180.175.214.200 - - [22/Aug/2020:09:42:04 +0800] "GET /xingrg/javascript/jquery.timers.js HTTP/1.1" 304 -
180.175.214.200 - - [22/Aug/2020:09:42:04 +0800] "GET /favicon.ico HTTP/1.1" 404 -
180.175.214.200 - - [22/Aug/2020:09:42:04 +0800] "POST /xingrg/all/common/load_tree.html?tree=area_rest_tree_json&manage=1 HTTP/1.1" 200 342
180.175.214.200 - - [22/Aug/2020:09:42:04 +0800] "GET /xingrg/all/function/internal_message.html?_=1598060729146&CODE_STATE=count HTTP/1.1" 200 11
180.175.214.200 - - [22/Aug/2020:09:42:04 +0800] "GET /xingrg/check_reg.html?_=1598060729147 HTTP/1.1" 200 22
180.175.214.200 - - [22/Aug/2020:09:42:05 +0800] "POST /xingrg/load_menu.html HTTP/1.1" 200 5138
114.88.166.242 - - [22/Aug/2020:09:42:05 +0800] "GET /xingrg/kc/buy/cgsh_order_operate.html?command=get_materiel&rest_code=00111&code=00101009011&supplier_code=00100037&order_time=2020-08-22 HTTP/1.1" 200 416
180.175.214.200 - - [22/Aug/2020:09:42:07 +0800] "GET /xingrg/css/base.css HTTP/1.1" 304 -
180.175.214.200 - - [22/Aug/2020:09:42:07 +0800] "GET /xingrg/css/site.css HTTP/1.1" 304 -
180.175.214.200 - - [22/Aug/2020:09:42:07 +0800] "GET /xingrg/javascript/jquery_tools/datebox.css HTTP/1.1" 304 -
180.175.214.200 - - [22/Aug/2020:09:42:07 +0800] "GET /xingrg/javascript/easyui/themes/default/easyui.css HTTP/1.1" 304 -
180.175.214.200 - - [22/Aug/2020:09:42:07 +0800] "GET /xingrg/javascript/auto/jquery.autocomplete.css HTTP/1.1" 304 -
180.175.214.200 - - [22/Aug/2020:09:42:07 +0800] "GET /xingrg/javascript/jquery_tools/jquery.tools.extend.js HTTP/1.1" 304 -
180.175.214.200 - - [22/Aug/2020:09:42:07 +0800] "GET /xingrg/javascript/easyui/themes/icon.css HTTP/1.1" 304 -
180.175.214.200 - - [22/Aug/2020:09:42:07 +0800] "GET /xingrg/javascript/jquery_tools/fix.css HTTP/1.1" 304 -
180.175.214.200 - - [22/Aug/2020:09:42:07 +0800] "GET /xingrg/javascript/jquery_tools/jquery.tools.min.js HTTP/1.1" 304 -
180.175.214.200 - - [22/Aug/2020:09:42:07 +0800] "GET /xingrg/javascript/jquery_tools/jquery.tools.table.js HTTP/1.1" 304 -
180.175.214.200 - - [22/Aug/2020:09:42:07 +0800] "GET /xingrg/javascript/jquery_tools/jquery.tools.hotkey.js HTTP/1.1" 304 -
180.175.214.200 - - [22/Aug/2020:09:42:07 +0800] "GET /xingrg/javascript/jquery_tools/table.css HTTP/1.1" 304 -
180.175.214.200 - - [22/Aug/2020:09:42:07 +0800] "GET /xingrg/javascript/auto/jquery.autocomplete.js HTTP/1.1" 304 -
180.175.214.200 - - [22/Aug/2020:09:42:07 +0800] "GET /xingrg/javascript/easyui/easyloader.js HTTP/1.1" 304 -
180.175.214.200 - - [22/Aug/2020:09:42:07 +0800] "GET /xingrg/javascript/print/LodopFuncs.js HTTP/1.1" 304 -
180.175.214.200 - - [22/Aug/2020:09:42:07 +0800] "GET /xingrg/javascript/jquery_tools/list_manager.js HTTP/1.1" 304 -
180.175.214.200 - - [22/Aug/2020:09:42:07 +0800] "GET /xingrg/javascript/jquery.cookie.js HTTP/1.1" 304 -
180.175.214.200 - - [22/Aug/2020:09:42:07 +0800] "GET /xingrg/kc/buy/cgsh_order_list.html HTTP/1.1" 200 43641
180.175.214.200 - - [22/Aug/2020:09:42:07 +0800] "GET /xingrg/javascript/easyui/plugins/jquery.parser.js HTTP/1.1" 304 -
180.175.214.200 - - [22/Aug/2020:09:42:08 +0800] "POST /xingrg/kc/buy/cgsh_list_operate.html HTTP/1.1" 200 876
120.253.135.82 - - [22/Aug/2020:09:42:08 +0800] "GET /xingrg/all/function/internal_message.html?_=1598060179188&CODE_STATE=getMsg HTTP/1.1" 200 27
