61.172.5.115 - - [22/Aug/2020:08:52:10 +0800] "GET /xingrg/all/function/internal_message.html?_=1598057528931&CODE_STATE=getMsg HTTP/1.1" 200 27
180.175.214.200 - - [22/Aug/2020:08:52:10 +0800] "POST /xingrg/kc/base/yddb_list_operate.html HTTP/1.1" 200 583
180.175.214.200 - - [22/Aug/2020:08:52:12 +0800] "POST /xingrg/kc/base/yddb_list_operate.html HTTP/1.1" 200 583
180.175.214.200 - - [22/Aug/2020:08:52:13 +0800] "POST /xingrg/kc/base/yddb_list_operate.html HTTP/1.1" 200 583
180.175.214.200 - - [22/Aug/2020:08:52:14 +0800] "POST /xingrg/kc/base/yddb_list_operate.html HTTP/1.1" 200 583
116.230.74.197 - - [22/Aug/2020:08:52:15 +0800] "POST /xingrg/kc/buy/cgsh_order_operate.html HTTP/1.1" 200 37
116.230.74.197 - - [22/Aug/2020:08:52:17 +0800] "POST /xingrg/kc/buy/cgsh_order_operate.html HTTP/1.1" 200 6796
180.175.214.200 - - [22/Aug/2020:08:52:18 +0800] "POST /xingrg/kc/base/yddb_list_operate.html HTTP/1.1" 200 1680
222.69.134.134 - - [22/Aug/2020:08:52:21 +0800] "GET /xingrg/all/function/internal_message.html?_=1598057529315&CODE_STATE=getMsg HTTP/1.1" 200 27
180.175.214.200 - - [22/Aug/2020:08:52:25 +0800] "POST /xingrg/kc/base/yddb_list_operate.html HTTP/1.1" 200 208
222.69.134.134 - - [22/Aug/2020:08:52:26 +0800] "GET /xingrg/all/report/report_query.html?fileName=kc/buy/wlcg_mx.xml HTTP/1.1" 200 51648
222.69.134.134 - - [22/Aug/2020:08:52:26 +0800] "GET /xingrg/dwr/interface/AjaxReportQueryService.js HTTP/1.1" 200 13203
222.69.134.134 - - [22/Aug/2020:08:52:26 +0800] "GET /xingrg/dwr/engine.js HTTP/1.1" 200 43631
222.69.134.134 - - [22/Aug/2020:08:52:26 +0800] "POST /xingrg/dwr/call/plaincall/AjaxReportQueryService.getFixDate.dwr HTTP/1.1" 200 111
222.69.134.134 - - [22/Aug/2020:08:52:26 +0800] "POST /xingrg/dwr/call/plaincall/AjaxReportQueryService.getInitString.dwr HTTP/1.1" 200 22024
180.175.214.200 - - [22/Aug/2020:08:52:27 +0800] "GET /xingrg/kc/base/yddb_order_info.html?code=482020081500133 HTTP/1.1" 200 31098
61.172.5.115 - - [22/Aug/2020:08:52:27 +0800] "GET /xingrg/kc/buy/cgsh_order_operate.html?command=get_materiel&rest_code=00105&code=00101006129&supplier_code=00100013&order_time=2020-08-22 HTTP/1.1" 200 451
180.175.214.200 - - [22/Aug/2020:08:52:27 +0800] "GET /xingrg/dwr/interface/AjaxYddbService.js HTTP/1.1" 200 13201
180.175.214.200 - - [22/Aug/2020:08:52:27 +0800] "GET /xingrg/dwr/interface/AjaxComOrderService.js HTTP/1.1" 200 18264
180.175.214.200 - - [22/Aug/2020:08:52:27 +0800] "GET /xingrg/dwr/engine.js HTTP/1.1" 200 43631
218.81.217.115 - - [22/Aug/2020:08:52:27 +0800] "GET /xingrg/kc/buy/cgsh_order_operate.html?command=get_materiel&rest_code=00146&code=00101008283&supplier_code=00100005&order_time=2020-08-22 HTTP/1.1" 200 408
222.69.134.134 - - [22/Aug/2020:08:52:27 +0800] "GET /xingrg/javascript/multi_select/dropdown.gif HTTP/1.1" 304 -
180.175.214.200 - - [22/Aug/2020:08:52:27 +0800] "POST /xingrg/dwr/call/plaincall/AjaxYddbService.loadMaterielItems.dwr HTTP/1.1" 200 403
222.69.134.134 - - [22/Aug/2020:08:52:27 +0800] "POST /xingrg/dwr/call/plaincall/AjaxReportQueryService.getInitString.dwr HTTP/1.1" 200 1014
222.69.134.134 - - [22/Aug/2020:08:52:27 +0800] "POST /xingrg/dwr/call/plaincall/AjaxReportQueryService.getInitString.dwr HTTP/1.1" 200 125
222.69.134.134 - - [22/Aug/2020:08:52:27 +0800] "GET /xingrg/javascript/multi_select/dropdown_hover.gif HTTP/1.1" 304 -
114.88.166.242 - - [22/Aug/2020:08:52:28 +0800] "GET /xingrg/check_reg.html?_=1598057542912 HTTP/1.1" 302 -
58.221.95.50 - - [22/Aug/2020:08:52:29 +0800] "GET /xingrg/check_reg.html?_=1598057677695 HTTP/1.1" 200 22
172.17.0.100 - - [22/Aug/2020:08:52:29 +0800] "GET /xingrg/check_reg.html?_=1598057547033 HTTP/1.1" 200 22
172.17.0.100 - - [22/Aug/2020:08:52:29 +0800] "GET /xingrg/all/function/internal_message.html?_=1598057547035&CODE_STATE=getMsg HTTP/1.1" 200 27
114.89.80.44 - - [22/Aug/2020:08:52:30 +0800] "GET /xingrg/all/function/internal_message.html?_=1598057541250&CODE_STATE=getMsg HTTP/1.1" 200 27
218.81.217.115 - - [22/Aug/2020:08:52:33 +0800] "GET /xingrg/kc/buy/cgsh_order_operate.html?command=get_materiel&rest_code=00146&code=00101008114&supplier_code=00100005&order_time=2020-08-22 HTTP/1.1" 200 412
116.230.74.197 - - [22/Aug/2020:08:52:33 +0800] "GET /xingrg/kc/print/load_config.html?kc_code=cgsh HTTP/1.1" 200 1845
116.230.74.197 - - [22/Aug/2020:08:52:34 +0800] "GET /xingrg/kc/print/load_data.html?order_code=212020082209259&kc_code=cgsh&condition= HTTP/1.1" 200 2304
114.88.166.242 - - [22/Aug/2020:08:52:35 +0800] "GET /xingrg/all/function/internal_message.html?_=1598057550184&CODE_STATE=getMsg HTTP/1.1" 302 -
222.69.134.134 - - [22/Aug/2020:08:52:35 +0800] "POST /xingrg/dwr/call/plaincall/AjaxReportQueryService.refreshCache.dwr HTTP/1.1" 200 78
218.81.217.115 - - [22/Aug/2020:08:52:37 +0800] "GET /xingrg/all/function/internal_message.html?_=1598057575812&CODE_STATE=getMsg HTTP/1.1" 200 27
222.69.134.134 - - [22/Aug/2020:08:52:37 +0800] "POST /xingrg/all/report/load_report_page.html HTTP/1.1" 200 18828
222.69.134.134 - - [22/Aug/2020:08:52:37 +0800] "GET /xingrg/servlets/image?cache=0.7366045193576798&image=px HTTP/1.1" 200 807
116.230.74.197 - - [22/Aug/2020:08:52:43 +0800] "GET /xingrg/all/function/internal_message.html?_=1598057553355&CODE_STATE=getMsg HTTP/1.1" 200 27
116.230.74.197 - - [22/Aug/2020:08:52:45 +0800] "GET /xingrg/kc/buy/cgsh_order_add.html HTTP/1.1" 200 59426
218.81.217.115 - - [22/Aug/2020:08:52:45 +0800] "POST /xingrg/kc/buy/cgsh_order_operate.html HTTP/1.1" 200 2065
116.230.74.197 - - [22/Aug/2020:08:52:46 +0800] "POST /xingrg/kc/buy/cgsh_order_operate.html HTTP/1.1" 200 8245
116.230.74.197 - - [22/Aug/2020:08:52:46 +0800] "GET /xingrg/javascript/easyui/themes/default/validatebox.css HTTP/1.1" 404 1104
116.230.74.197 - - [22/Aug/2020:08:52:47 +0800] "GET /xingrg/javascript/easyui/themes/default/tree.css HTTP/1.1" 404 1090
116.230.74.197 - - [22/Aug/2020:08:52:47 +0800] "POST /xingrg/all/common/load_tree.html?tree=supplier_tree_json&isDelete=1 HTTP/1.1" 200 49675
58.221.95.50 - - [22/Aug/2020:08:52:48 +0800] "GET /xingrg/all/function/internal_message.html?_=1598057696774&CODE_STATE=getMsg HTTP/1.1" 200 27
172.17.0.185 - - [22/Aug/2020:08:52:51 +0800] "GET /xingrg/all/function/internal_message.html?_=1598057567531&CODE_STATE=getMsg HTTP/1.1" 302 -
117.131.5.26 - - [22/Aug/2020:08:52:53 +0800] "GET /xingrg/all/function/internal_message.html?_=1598057949338&CODE_STATE=getMsg HTTP/1.1" 200 27
218.81.217.115 - - [22/Aug/2020:08:52:55 +0800] "GET /xingrg/all/function/internal_message.html?_=1598057590704&CODE_STATE=getMsg HTTP/1.1" 200 27
61.172.5.115 - - [22/Aug/2020:08:53:00 +0800] "GET /xingrg/kc/buy/cgsh_order_operate.html?command=get_materiel&rest_code=00105&code=00101006063&supplier_code=00100013&order_time=2020-08-22 HTTP/1.1" 200 413
180.175.214.200 - - [22/Aug/2020:08:53:03 +0800] "GET /xingrg/all/function/internal_message.html?_=1598057787950&CODE_STATE=getMsg HTTP/1.1" 200 27
218.81.217.115 - - [22/Aug/2020:08:53:04 +0800] "GET /xingrg/kc/buy/cgsh_order_operate.html?command=get_materiel&rest_code=00146&code=00101008111&supplier_code=00100005&order_time=2020-08-22 HTTP/1.1" 200 412
116.230.74.197 - - [22/Aug/2020:08:53:04 +0800] "GET /xingrg/kc/buy/cgsh_order_operate.html?command=get_materiel&rest_code=00107&code=00101007059&supplier_code=00100002&order_time=2020-08-22 HTTP/1.1" 200 409
61.172.5.115 - - [22/Aug/2020:08:53:09 +0800] "GET /xingrg/kc/buy/cgsh_order_operate.html?command=get_materiel&rest_code=00105&code=00101010248&supplier_code=00100013&order_time=2020-08-22 HTTP/1.1" 200 430
218.81.217.115 - - [22/Aug/2020:08:53:09 +0800] "GET /xingrg/kc/buy/cgsh_order_operate.html?command=get_materiel&rest_code=00146&code=00101008440&supplier_code=00100005&order_time=2020-08-22 HTTP/1.1" 200 398
61.172.5.115 - - [22/Aug/2020:08:53:10 +0800] "GET /xingrg/check_reg.html?_=1598057588931 HTTP/1.1" 200 22
61.172.5.115 - - [22/Aug/2020:08:53:10 +0800] "GET /xingrg/all/function/internal_message.html?_=1598057588932&CODE_STATE=getMsg HTTP/1.1" 200 27
61.172.5.115 - - [22/Aug/2020:08:53:10 +0800] "POST /xingrg/all/common/load_select.html HTTP/1.1" 200 25
61.172.5.115 - - [22/Aug/2020:08:53:12 +0800] "GET /xingrg/kc/buy/cgsh_order_operate.html?command=get_materiel_price&rest_code=00105&code=00101010248&unit_code=00100043&supplier_code=00100013&order_time=2020-08-22 HTTP/1.1" 200 29
218.81.217.115 - - [22/Aug/2020:08:53:16 +0800] "GET /xingrg/check_reg.html?_=1598057614612 HTTP/1.1" 200 22
222.69.134.134 - - [22/Aug/2020:08:53:18 +0800] "GET /xingrg/kc/buy/cgsh_order_list.html HTTP/1.1" 200 43647
222.69.134.134 - - [22/Aug/2020:08:53:20 +0800] "POST /xingrg/kc/buy/cgsh_list_operate.html HTTP/1.1" 200 1690
218.81.217.115 - - [22/Aug/2020:08:53:21 +0800] "GET /xingrg/kc/buy/cgsh_order_operate.html?command=get_materiel&rest_code=00146&code=00101008149&supplier_code=00100005&order_time=2020-08-22 HTTP/1.1" 200 408
222.69.134.134 - - [22/Aug/2020:08:53:21 +0800] "GET /xingrg/all/function/internal_message.html?_=1598057589316&CODE_STATE=getMsg HTTP/1.1" 200 27
222.69.134.134 - - [22/Aug/2020:08:53:22 +0800] "POST /xingrg/kc/buy/cgsh_list_operate.html HTTP/1.1" 200 560
61.172.5.115 - - [22/Aug/2020:08:53:25 +0800] "GET /xingrg/kc/buy/cgsh_order_operate.html?command=get_materiel&rest_code=00105&code=00101006106&supplier_code=00100013&order_time=2020-08-22 HTTP/1.1" 200 421
116.230.74.197 - - [22/Aug/2020:08:53:25 +0800] "GET /xingrg/kc/buy/cgsh_order_operate.html?command=get_materiel&rest_code=00107&code=00101007061&supplier_code=00100002&order_time=2020-08-22 HTTP/1.1" 200 428
172.17.0.100 - - [22/Aug/2020:08:53:29 +0800] "GET /xingrg/all/function/internal_message.html?_=1598057607066&CODE_STATE=getMsg HTTP/1.1" 200 27
114.89.80.44 - - [22/Aug/2020:08:53:30 +0800] "GET /xingrg/all/function/internal_message.html?_=1598057601303&CODE_STATE=getMsg HTTP/1.1" 200 27
114.89.80.44 - - [22/Aug/2020:08:53:30 +0800] "GET /xingrg/check_reg.html?_=1598057601299 HTTP/1.1" 200 22
218.81.217.115 - - [22/Aug/2020:08:53:32 +0800] "POST /xingrg/kc/buy/cgsh_order_operate.html HTTP/1.1" 200 2065
114.88.166.242 - - [22/Aug/2020:08:53:35 +0800] "GET /xingrg/all/function/internal_message.html?_=1598057610438&CODE_STATE=getMsg HTTP/1.1" 302 -
218.81.217.115 - - [22/Aug/2020:08:53:37 +0800] "GET /xingrg/all/function/internal_message.html?_=1598057635820&CODE_STATE=getMsg HTTP/1.1" 200 27
61.172.5.115 - - [22/Aug/2020:08:53:37 +0800] "GET /xingrg/kc/buy/cgsh_order_operate.html?command=get_materiel&rest_code=00105&code=00101006144&supplier_code=00100013&order_time=2020-08-22 HTTP/1.1" 200 409
218.81.217.115 - - [22/Aug/2020:08:53:39 +0800] "GET /xingrg/kc/buy/cgsh_order_operate.html?command=get_materiel&rest_code=00146&code=00101008010&supplier_code=00100005&order_time=2020-08-22 HTTP/1.1" 200 412
116.230.74.197 - - [22/Aug/2020:08:53:43 +0800] "GET /xingrg/check_reg.html?_=1598057612978 HTTP/1.1" 200 22
116.230.74.197 - - [22/Aug/2020:08:53:43 +0800] "GET /xingrg/all/function/internal_message.html?_=1598057613335&CODE_STATE=getMsg HTTP/1.1" 200 27
61.172.5.115 - - [22/Aug/2020:08:53:45 +0800] "GET /xingrg/kc/buy/cgsh_order_operate.html?command=get_materiel&rest_code=00105&code=00101006109&supplier_code=00100013&order_time=2020-08-22 HTTP/1.1" 200 409
58.221.95.50 - - [22/Aug/2020:08:53:48 +0800] "GET /xingrg/all/function/internal_message.html?_=1598057756771&CODE_STATE=getMsg HTTP/1.1" 200 27
222.69.134.134 - - [22/Aug/2020:08:53:49 +0800] "GET /xingrg/kc/buy/cgsh_order_info.html?code=212020082209258 HTTP/1.1" 200 59441
222.69.134.134 - - [22/Aug/2020:08:53:50 +0800] "GET /xingrg/javascript/easyui/themes/default/validatebox.css HTTP/1.1" 404 1104
222.69.134.134 - - [22/Aug/2020:08:53:50 +0800] "POST /xingrg/kc/buy/cgsh_order_operate.html HTTP/1.1" 200 15664
172.17.0.185 - - [22/Aug/2020:08:53:51 +0800] "GET /xingrg/all/function/internal_message.html?_=1598057627518&CODE_STATE=getMsg HTTP/1.1" 302 -
117.131.5.26 - - [22/Aug/2020:08:53:53 +0800] "GET /xingrg/all/function/internal_message.html?_=1598058009324&CODE_STATE=getMsg HTTP/1.1" 200 27
61.172.5.115 - - [22/Aug/2020:08:53:55 +0800] "GET /xingrg/kc/buy/cgsh_order_operate.html?command=get_materiel&rest_code=00105&code=00101010136&supplier_code=00100013&order_time=2020-08-22 HTTP/1.1" 200 427
218.81.217.115 - - [22/Aug/2020:08:53:56 +0800] "GET /xingrg/all/function/internal_message.html?_=1598057650783&CODE_STATE=getMsg HTTP/1.1" 200 27
172.17.0.100 - - [22/Aug/2020:08:53:57 +0800] "GET /xingrg/kc/buy/cgsh_order_list.html HTTP/1.1" 200 43627
61.172.5.115 - - [22/Aug/2020:08:54:03 +0800] "POST /xingrg/kc/buy/cgsh_order_operate.html HTTP/1.1" 200 37
180.175.214.200 - - [22/Aug/2020:08:54:03 +0800] "GET /xingrg/all/function/internal_message.html?_=1598057847967&CODE_STATE=getMsg HTTP/1.1" 200 27
61.172.5.115 - - [22/Aug/2020:08:54:04 +0800] "POST /xingrg/kc/buy/cgsh_order_operate.html HTTP/1.1" 200 6859
218.81.217.115 - - [22/Aug/2020:08:54:05 +0800] "GET /xingrg/kc/buy/cgsh_order_operate.html?command=get_materiel&rest_code=00146&code=00101008236&supplier_code=00100005&order_time=2020-08-22 HTTP/1.1" 200 416
61.172.5.115 - - [22/Aug/2020:08:54:06 +0800] "GET /xingrg/kc/print/load_data.html?order_code=212020082209260&kc_code=cgsh&condition= HTTP/1.1" 200 2366
61.172.5.115 - - [22/Aug/2020:08:54:10 +0800] "GET /xingrg/all/function/internal_message.html?_=1598057648936&CODE_STATE=getMsg HTTP/1.1" 200 27
172.17.0.100 - - [22/Aug/2020:08:54:10 +0800] "POST /xingrg/kc/buy/cgsh_list_operate.html HTTP/1.1" 200 5198
218.81.217.115 - - [22/Aug/2020:08:54:11 +0800] "GET /xingrg/kc/buy/cgsh_order_operate.html?command=get_materiel&rest_code=00146&code=00101020152&supplier_code=00100005&order_time=2020-08-22 HTTP/1.1" 200 416
218.81.217.115 - - [22/Aug/2020:08:54:13 +0800] "POST /xingrg/kc/buy/cgsh_order_operate.html HTTP/1.1" 200 2065
218.81.217.115 - - [22/Aug/2020:08:54:18 +0800] "GET /xingrg/kc/buy/cgsh_order_operate.html?command=get_materiel&rest_code=00146&code=00101008223&supplier_code=00100005&order_time=2020-08-22 HTTP/1.1" 200 412
222.69.134.134 - - [22/Aug/2020:08:54:21 +0800] "GET /xingrg/all/function/internal_message.html?_=1598057649326&CODE_STATE=getMsg HTTP/1.1" 200 27
222.69.134.134 - - [22/Aug/2020:08:54:22 +0800] "GET /xingrg/kc/buy/cgsh_order_operate.html?command=get_materiel&rest_code=00149&code=00101008126&supplier_code=00100005&order_time=2020-08-22 HTTP/1.1" 200 412
116.230.74.197 - - [22/Aug/2020:08:54:22 +0800] "GET /xingrg/kc/buy/cgsh_order_operate.html?command=get_materiel&rest_code=00107&code=00101007023&supplier_code=00100002&order_time=2020-08-22 HTTP/1.1" 200 409
218.81.217.115 - - [22/Aug/2020:08:54:29 +0800] "GET /xingrg/kc/buy/cgsh_order_operate.html?command=get_materiel&rest_code=00146&code=00101009011&supplier_code=00100005&order_time=2020-08-22 HTTP/1.1" 200 416
172.17.0.100 - - [22/Aug/2020:08:54:29 +0800] "GET /xingrg/all/function/internal_message.html?_=1598057667081&CODE_STATE=getMsg HTTP/1.1" 200 27
114.89.80.44 - - [22/Aug/2020:08:54:30 +0800] "GET /xingrg/all/function/internal_message.html?_=1598057661351&CODE_STATE=getMsg HTTP/1.1" 200 27
114.88.166.242 - - [22/Aug/2020:08:54:35 +0800] "GET /xingrg/all/function/internal_message.html?_=1598057670446&CODE_STATE=getMsg HTTP/1.1" 302 -
222.69.134.134 - - [22/Aug/2020:08:54:37 +0800] "GET /xingrg/kc/buy/cgsh_order_operate.html?command=get_materiel&rest_code=00149&code=00101008087&supplier_code=00100005&order_time=2020-08-22 HTTP/1.1" 200 412
218.81.217.115 - - [22/Aug/2020:08:54:37 +0800] "GET /xingrg/all/function/internal_message.html?_=1598057695833&CODE_STATE=getMsg HTTP/1.1" 200 27
218.81.217.115 - - [22/Aug/2020:08:54:42 +0800] "GET /xingrg/kc/buy/cgsh_order_operate.html?command=get_materiel&rest_code=00146&code=00101009015&supplier_code=00100005&order_time=2020-08-22 HTTP/1.1" 200 417
116.230.74.197 - - [22/Aug/2020:08:54:43 +0800] "GET /xingrg/all/function/internal_message.html?_=1598057673434&CODE_STATE=getMsg HTTP/1.1" 200 27
222.69.134.134 - - [22/Aug/2020:08:54:45 +0800] "GET /xingrg/kc/buy/cgsh_order_operate.html?command=get_materiel&rest_code=00149&code=00101008148&supplier_code=00100005&order_time=2020-08-22 HTTP/1.1" 200 416
58.221.95.50 - - [22/Aug/2020:08:54:48 +0800] "GET /xingrg/all/function/internal_message.html?_=1598057816772&CODE_STATE=getMsg HTTP/1.1" 200 27
172.17.0.185 - - [22/Aug/2020:08:54:51 +0800] "GET /xingrg/all/function/internal_message.html?_=1598057687520&CODE_STATE=getMsg HTTP/1.1" 302 -
218.81.217.115 - - [22/Aug/2020:08:54:53 +0800] "GET /xingrg/kc/buy/cgsh_order_operate.html?command=get_materiel&rest_code=00146&code=00101008168&supplier_code=00100005&order_time=2020-08-22 HTTP/1.1" 200 413
117.131.5.26 - - [22/Aug/2020:08:54:53 +0800] "GET /xingrg/all/function/internal_message.html?_=1598058069324&CODE_STATE=getMsg HTTP/1.1" 200 27
117.131.5.26 - - [22/Aug/2020:08:54:53 +0800] "GET /xingrg/check_reg.html?_=1598058069325 HTTP/1.1" 200 22
222.69.134.134 - - [22/Aug/2020:08:54:54 +0800] "GET /xingrg/kc/buy/cgsh_order_operate.html?command=get_materiel&rest_code=00149&code=00101008144&supplier_code=00100005&order_time=2020-08-22 HTTP/1.1" 200 412
218.81.217.115 - - [22/Aug/2020:08:54:56 +0800] "GET /xingrg/all/function/internal_message.html?_=1598057710795&CODE_STATE=getMsg HTTP/1.1" 200 27
180.175.214.200 - - [22/Aug/2020:08:54:57 +0800] "GET /xingrg/check_reg.html?_=1598057901978 HTTP/1.1" 200 22
222.69.134.134 - - [22/Aug/2020:08:54:58 +0800] "POST /xingrg/kc/buy/cgsh_order_operate.html HTTP/1.1" 200 2065
222.69.134.134 - - [22/Aug/2020:08:55:02 +0800] "GET /xingrg/kc/buy/cgsh_order_operate.html?command=get_materiel&rest_code=00149&code=00101008264&supplier_code=00100005&order_time=2020-08-22 HTTP/1.1" 200 433
218.81.217.115 - - [22/Aug/2020:08:55:02 +0800] "GET /xingrg/kc/buy/cgsh_order_operate.html?command=get_materiel&rest_code=00146&code=00101008102&supplier_code=00100005&order_time=2020-08-22 HTTP/1.1" 200 412
180.175.214.200 - - [22/Aug/2020:08:55:03 +0800] "GET /xingrg/all/function/internal_message.html?_=1598057907979&CODE_STATE=getMsg HTTP/1.1" 200 27
218.81.217.115 - - [22/Aug/2020:08:55:05 +0800] "POST /xingrg/kc/buy/cgsh_order_operate.html HTTP/1.1" 200 2065
116.230.74.197 - - [22/Aug/2020:08:55:07 +0800] "GET /xingrg/kc/buy/cgsh_order_operate.html?command=get_materiel&rest_code=00107&code=00101007076&supplier_code=00100002&order_time=2020-08-22 HTTP/1.1" 200 408
61.172.5.115 - - [22/Aug/2020:08:55:10 +0800] "GET /xingrg/all/function/internal_message.html?_=1598057708941&CODE_STATE=getMsg HTTP/1.1" 200 27
222.69.134.134 - - [22/Aug/2020:08:55:11 +0800] "GET /xingrg/kc/buy/cgsh_order_operate.html?command=get_materiel&rest_code=00149&code=00101008356&supplier_code=00100005&order_time=2020-08-22 HTTP/1.1" 200 408
218.81.217.115 - - [22/Aug/2020:08:55:12 +0800] "GET /xingrg/kc/buy/cgsh_order_operate.html?command=get_materiel&rest_code=00146&code=00101008509&supplier_code=00100005&order_time=2020-08-22 HTTP/1.1" 200 395
116.230.74.197 - - [22/Aug/2020:08:55:20 +0800] "POST /xingrg/kc/buy/cgsh_order_operate.html HTTP/1.1" 200 37
222.69.134.134 - - [22/Aug/2020:08:55:21 +0800] "GET /xingrg/kc/buy/cgsh_order_operate.html?command=get_materiel&rest_code=00149&code=00101008301&supplier_code=00100005&order_time=2020-08-22 HTTP/1.1" 200 422
222.69.134.134 - - [22/Aug/2020:08:55:21 +0800] "GET /xingrg/check_reg.html?_=1598057709323 HTTP/1.1" 200 22
222.69.134.134 - - [22/Aug/2020:08:55:21 +0800] "GET /xingrg/all/function/internal_message.html?_=1598057709325&CODE_STATE=getMsg HTTP/1.1" 200 27
218.81.217.115 - - [22/Aug/2020:08:55:21 +0800] "GET /xingrg/kc/buy/cgsh_order_operate.html?command=get_materiel&rest_code=00146&code=00101008123&supplier_code=00100005&order_time=2020-08-22 HTTP/1.1" 200 412
116.230.74.197 - - [22/Aug/2020:08:55:22 +0800] "POST /xingrg/kc/buy/cgsh_order_operate.html HTTP/1.1" 200 4420
116.230.74.197 - - [22/Aug/2020:08:55:26 +0800] "GET /xingrg/kc/print/load_data.html?order_code=212020082209261&kc_code=cgsh&condition= HTTP/1.1" 200 1408
218.81.217.115 - - [22/Aug/2020:08:55:29 +0800] "GET /xingrg/kc/buy/cgsh_order_operate.html?command=get_materiel&rest_code=00146&code=00101015038&supplier_code=00100005&order_time=2020-08-22 HTTP/1.1" 200 418
172.17.0.100 - - [22/Aug/2020:08:55:29 +0800] "GET /xingrg/all/function/internal_message.html?_=1598057727065&CODE_STATE=getMsg HTTP/1.1" 200 27
114.89.80.44 - - [22/Aug/2020:08:55:30 +0800] "GET /xingrg/all/function/internal_message.html?_=1598057721399&CODE_STATE=getMsg HTTP/1.1" 200 27
116.230.74.197 - - [22/Aug/2020:08:55:30 +0800] "GET /xingrg/kc/buy/cgsh_order_add.html HTTP/1.1" 200 59426
116.230.74.197 - - [22/Aug/2020:08:55:31 +0800] "GET /xingrg/javascript/easyui/themes/default/validatebox.css HTTP/1.1" 404 1104
116.230.74.197 - - [22/Aug/2020:08:55:31 +0800] "POST /xingrg/kc/buy/cgsh_order_operate.html HTTP/1.1" 200 8245
116.230.74.197 - - [22/Aug/2020:08:55:32 +0800] "GET /xingrg/javascript/easyui/themes/default/tree.css HTTP/1.1" 404 1090
116.230.74.197 - - [22/Aug/2020:08:55:32 +0800] "POST /xingrg/all/common/load_tree.html?tree=supplier_tree_json&isDelete=1 HTTP/1.1" 200 49675
114.88.166.242 - - [22/Aug/2020:08:55:36 +0800] "GET /xingrg/all/function/internal_message.html?_=1598057730714&CODE_STATE=getMsg HTTP/1.1" 302 -
172.17.0.100 - - [22/Aug/2020:08:55:36 +0800] "POST /xingrg/kc/buy/cgsh_list_operate.html HTTP/1.1" 200 485
218.81.217.115 - - [22/Aug/2020:08:55:37 +0800] "GET /xingrg/all/function/internal_message.html?_=1598057756089&CODE_STATE=getMsg HTTP/1.1" 200 27
218.81.217.115 - - [22/Aug/2020:08:55:38 +0800] "GET /xingrg/kc/buy/cgsh_order_operate.html?command=get_materiel&rest_code=00146&code=00101008090&supplier_code=00100005&order_time=2020-08-22 HTTP/1.1" 200 408
172.17.0.100 - - [22/Aug/2020:08:55:38 +0800] "GET /xingrg/kc/buy/cgsh_order_info.html?code=212020082108969 HTTP/1.1" 200 59321
172.17.0.100 - - [22/Aug/2020:08:55:38 +0800] "GET /xingrg/words/20200821105700_words.js HTTP/1.1" 304 -
172.17.0.100 - - [22/Aug/2020:08:55:38 +0800] "GET /xingrg/all/common/auto_word.html?type=employee&rest_code=00147 HTTP/1.1" 200 201
172.17.0.100 - - [22/Aug/2020:08:55:38 +0800] "GET /xingrg/all/common/auto_word.html?type=employee&rest_code=00147 HTTP/1.1" 200 201
172.17.0.100 - - [22/Aug/2020:08:55:38 +0800] "GET /xingrg/javascript/easyui/themes/default/validatebox.css HTTP/1.1" 404 1104
172.17.0.100 - - [22/Aug/2020:08:55:38 +0800] "POST /xingrg/kc/buy/cgsh_order_operate.html HTTP/1.1" 200 5017
222.69.134.134 - - [22/Aug/2020:08:55:42 +0800] "GET /xingrg/kc/buy/cgsh_order_operate.html?command=get_materiel&rest_code=00149&code=00101015004&supplier_code=00100005&order_time=2020-08-22 HTTP/1.1" 200 428
116.230.74.197 - - [22/Aug/2020:08:55:43 +0800] "GET /xingrg/all/function/internal_message.html?_=1598057733409&CODE_STATE=getMsg HTTP/1.1" 200 27
116.230.74.197 - - [22/Aug/2020:08:55:47 +0800] "GET /xingrg/kc/buy/cgsh_order_operate.html?command=get_materiel&rest_code=00107&code=00101016010&supplier_code=00100033&order_time=2020-08-22 HTTP/1.1" 200 408
58.221.95.50 - - [22/Aug/2020:08:55:48 +0800] "GET /xingrg/all/function/internal_message.html?_=1598057876767&CODE_STATE=getMsg HTTP/1.1" 200 27
172.17.0.100 - - [22/Aug/2020:08:55:50 +0800] "GET /xingrg/javascript/auto/indicator.gif HTTP/1.1" 404 1066
172.17.0.185 - - [22/Aug/2020:08:55:51 +0800] "GET /xingrg/all/function/internal_message.html?_=1598057747524&CODE_STATE=getMsg HTTP/1.1" 302 -
117.131.5.26 - - [22/Aug/2020:08:55:53 +0800] "GET /xingrg/all/function/internal_message.html?_=1598058129332&CODE_STATE=getMsg HTTP/1.1" 200 27
218.81.217.115 - - [22/Aug/2020:08:55:54 +0800] "POST /xingrg/kc/buy/cgsh_order_operate.html HTTP/1.1" 200 2065
222.69.134.134 - - [22/Aug/2020:08:55:55 +0800] "GET /xingrg/kc/buy/cgsh_order_operate.html?command=get_materiel&rest_code=00149&code=00101008360&supplier_code=00100005&order_time=2020-08-22 HTTP/1.1" 200 412
218.81.217.115 - - [22/Aug/2020:08:55:56 +0800] "GET /xingrg/all/function/internal_message.html?_=1598057770808&CODE_STATE=getMsg HTTP/1.1" 200 27
116.230.74.197 - - [22/Aug/2020:08:55:57 +0800] "GET /xingrg/kc/buy/cgsh_order_operate.html?command=get_materiel&rest_code=00107&code=00101020089&supplier_code=00100033&order_time=2020-08-22 HTTP/1.1" 200 412
172.17.0.100 - - [22/Aug/2020:08:56:01 +0800] "POST /xingrg/kc/buy/cgsh_order_operate.html HTTP/1.1" 200 37
180.175.214.200 - - [22/Aug/2020:08:56:03 +0800] "GET /xingrg/all/function/internal_message.html?_=1598057967993&CODE_STATE=getMsg HTTP/1.1" 200 27
172.17.0.100 - - [22/Aug/2020:08:56:04 +0800] "POST /xingrg/kc/buy/cgsh_order_operate.html HTTP/1.1" 200 5008
116.230.74.197 - - [22/Aug/2020:08:56:05 +0800] "GET /xingrg/kc/buy/cgsh_order_operate.html?command=get_materiel&rest_code=00107&code=00101016100&supplier_code=00100033&order_time=2020-08-22 HTTP/1.1" 200 412
61.172.5.115 - - [22/Aug/2020:08:56:08 +0800] "GET /xingrg/kc/buy/cgsh_order_add.html HTTP/1.1" 200 59379
61.172.5.115 - - [22/Aug/2020:08:56:09 +0800] "POST /xingrg/kc/buy/cgsh_order_operate.html HTTP/1.1" 200 8245
61.172.5.115 - - [22/Aug/2020:08:56:09 +0800] "GET /xingrg/javascript/easyui/themes/default/validatebox.css HTTP/1.1" 404 1104
61.172.5.115 - - [22/Aug/2020:08:56:10 +0800] "GET /xingrg/all/function/internal_message.html?_=1598057768945&CODE_STATE=getMsg HTTP/1.1" 200 27
218.81.217.115 - - [22/Aug/2020:08:56:12 +0800] "GET /xingrg/kc/buy/cgsh_order_operate.html?command=get_materiel&rest_code=00146&code=00101008092&supplier_code=00100005&order_time=2020-08-22 HTTP/1.1" 200 412
172.17.0.100 - - [22/Aug/2020:08:56:12 +0800] "POST /xingrg/kc/buy/cgsh_list_operate.html HTTP/1.1" 200 340
172.17.0.100 - - [22/Aug/2020:08:56:13 +0800] "GET /xingrg/kc/buy/cgsh_order_info.html?code=212020082108943 HTTP/1.1" 200 59313
172.17.0.100 - - [22/Aug/2020:08:56:14 +0800] "GET /xingrg/javascript/easyui/themes/default/validatebox.css HTTP/1.1" 404 1104
172.17.0.100 - - [22/Aug/2020:08:56:14 +0800] "POST /xingrg/kc/buy/cgsh_order_operate.html HTTP/1.1" 200 3826
116.230.74.197 - - [22/Aug/2020:08:56:17 +0800] "GET /xingrg/kc/buy/cgsh_order_operate.html?command=get_materiel&rest_code=00107&code=00101010136&supplier_code=00100033&order_time=2020-08-22 HTTP/1.1" 200 427
180.175.214.200 - - [22/Aug/2020:08:56:19 +0800] "GET /xingrg/kc/base/yddb_order_list.html HTTP/1.1" 200 16861
180.175.214.200 - - [22/Aug/2020:08:56:19 +0800] "POST /xingrg/kc/base/yddb_list_operate.html HTTP/1.1" 200 583
61.172.5.115 - - [22/Aug/2020:08:56:20 +0800] "GET /xingrg/kc/buy/cgsh_order_operate.html?command=get_materiel&rest_code=00105&code=00101008256&supplier_code=00100203&order_time=2020-08-22 HTTP/1.1" 200 412
222.69.134.134 - - [22/Aug/2020:08:56:21 +0800] "GET /xingrg/all/function/internal_message.html?_=1598057769320&CODE_STATE=getMsg HTTP/1.1" 200 27
218.81.217.115 - - [22/Aug/2020:08:56:22 +0800] "GET /xingrg/kc/buy/cgsh_order_operate.html?command=get_materiel&rest_code=00146&code=00101008307&supplier_code=00100005&order_time=2020-08-22 HTTP/1.1" 200 420
180.175.214.200 - - [22/Aug/2020:08:56:25 +0800] "POST /xingrg/kc/base/yddb_list_operate.html HTTP/1.1" 200 1680
172.17.0.100 - - [22/Aug/2020:08:56:27 +0800] "POST /xingrg/kc/buy/cgsh_list_operate.html HTTP/1.1" 200 5198
172.17.0.100 - - [22/Aug/2020:08:56:29 +0800] "GET /xingrg/all/function/internal_message.html?_=1598057787074&CODE_STATE=getMsg HTTP/1.1" 200 27
114.89.80.44 - - [22/Aug/2020:08:56:30 +0800] "GET /xingrg/all/function/internal_message.html?_=1598057781449&CODE_STATE=getMsg HTTP/1.1" 200 27
116.230.74.197 - - [22/Aug/2020:08:56:30 +0800] "POST /xingrg/kc/buy/cgsh_order_operate.html HTTP/1.1" 200 37
116.230.74.197 - - [22/Aug/2020:08:56:32 +0800] "POST /xingrg/kc/buy/cgsh_order_operate.html HTTP/1.1" 200 4421
61.172.5.115 - - [22/Aug/2020:08:56:33 +0800] "GET /xingrg/kc/buy/cgsh_order_operate.html?command=get_materiel&rest_code=00105&code=00101008045&supplier_code=00100203&order_time=2020-08-22 HTTP/1.1" 200 412
116.230.74.197 - - [22/Aug/2020:08:56:33 +0800] "GET /xingrg/kc/print/load_data.html?order_code=212020082209262&kc_code=cgsh&condition= HTTP/1.1" 200 1378
218.81.217.115 - - [22/Aug/2020:08:56:35 +0800] "GET /xingrg/kc/buy/cgsh_order_operate.html?command=get_materiel&rest_code=00146&code=00101015062&supplier_code=00100005&order_time=2020-08-22 HTTP/1.1" 200 412
114.88.166.242 - - [22/Aug/2020:08:56:36 +0800] "GET /xingrg/all/function/internal_message.html?_=1598057790722&CODE_STATE=getMsg HTTP/1.1" 302 -
222.69.134.134 - - [22/Aug/2020:08:56:36 +0800] "POST /xingrg/kc/buy/cgsh_order_operate.html HTTP/1.1" 200 2065
218.81.217.115 - - [22/Aug/2020:08:56:37 +0800] "GET /xingrg/all/function/internal_message.html?_=1598057816094&CODE_STATE=getMsg HTTP/1.1" 200 27
172.17.0.100 - - [22/Aug/2020:08:56:39 +0800] "POST /xingrg/kc/buy/cgsh_list_operate.html HTTP/1.1" 200 345
61.172.5.115 - - [22/Aug/2020:08:56:39 +0800] "GET /xingrg/kc/buy/cgsh_order_operate.html?command=get_materiel&rest_code=00105&code=00101008155&supplier_code=00100203&order_time=2020-08-22 HTTP/1.1" 200 408
222.69.134.134 - - [22/Aug/2020:08:56:41 +0800] "GET /xingrg/kc/buy/cgsh_order_operate.html?command=get_materiel&rest_code=00149&code=00101008223&supplier_code=00100005&order_time=2020-08-22 HTTP/1.1" 200 412
172.17.0.100 - - [22/Aug/2020:08:56:42 +0800] "POST /xingrg/kc/buy/cgsh_list_operate.html HTTP/1.1" 200 576
116.230.74.197 - - [22/Aug/2020:08:56:43 +0800] "GET /xingrg/all/function/internal_message.html?_=1598057793400&CODE_STATE=getMsg HTTP/1.1" 200 27
172.17.0.100 - - [22/Aug/2020:08:56:43 +0800] "GET /xingrg/kc/buy/cgsh_order_info.html?code=212020082108960 HTTP/1.1" 200 59321
172.17.0.100 - - [22/Aug/2020:08:56:43 +0800] "GET /xingrg/javascript/easyui/themes/default/validatebox.css HTTP/1.1" 404 1104
172.17.0.100 - - [22/Aug/2020:08:56:44 +0800] "POST /xingrg/kc/buy/cgsh_order_operate.html HTTP/1.1" 200 5623
218.81.217.115 - - [22/Aug/2020:08:56:45 +0800] "POST /xingrg/kc/buy/cgsh_order_operate.html HTTP/1.1" 200 37
218.81.217.115 - - [22/Aug/2020:08:56:46 +0800] "POST /xingrg/kc/buy/cgsh_order_operate.html HTTP/1.1" 200 54105
61.172.5.115 - - [22/Aug/2020:08:56:47 +0800] "GET /xingrg/kc/buy/cgsh_order_operate.html?command=get_materiel&rest_code=00105&code=00101008354&supplier_code=00100203&order_time=2020-08-22 HTTP/1.1" 200 412
58.221.95.50 - - [22/Aug/2020:08:56:48 +0800] "GET /xingrg/all/function/internal_message.html?_=1598057936767&CODE_STATE=getMsg HTTP/1.1" 200 27
172.17.0.185 - - [22/Aug/2020:08:56:51 +0800] "GET /xingrg/all/function/internal_message.html?_=1598057807526&CODE_STATE=getMsg HTTP/1.1" 302 -
172.17.0.185 - - [22/Aug/2020:08:56:51 +0800] "GET /xingrg/check_reg.html?_=1598057807529 HTTP/1.1" 302 -
222.69.134.134 - - [22/Aug/2020:08:56:51 +0800] "GET /xingrg/kc/buy/cgsh_order_operate.html?command=get_materiel&rest_code=00149&code=00101008079&supplier_code=00100005&order_time=2020-08-22 HTTP/1.1" 200 416
218.81.217.115 - - [22/Aug/2020:08:56:53 +0800] "GET /xingrg/kc/buy/cgsh_order_add.html HTTP/1.1" 200 59385
218.81.217.115 - - [22/Aug/2020:08:56:53 +0800] "POST /xingrg/kc/buy/cgsh_order_operate.html HTTP/1.1" 200 8245
117.131.5.26 - - [22/Aug/2020:08:56:53 +0800] "GET /xingrg/all/function/internal_message.html?_=1598058189331&CODE_STATE=getMsg HTTP/1.1" 200 27
218.81.217.115 - - [22/Aug/2020:08:56:53 +0800] "GET /xingrg/javascript/easyui/themes/default/validatebox.css HTTP/1.1" 404 1104
222.69.134.134 - - [22/Aug/2020:08:56:55 +0800] "POST /xingrg/services/DataTransmitService HTTP/1.1" 200 524
222.69.134.134 - - [22/Aug/2020:08:56:55 +0800] "POST /xingrg/services/DataTransmitService HTTP/1.1" 200 1759
222.69.134.134 - - [22/Aug/2020:08:56:55 +0800] "POST /xingrg/services/DataTransmitService HTTP/1.1" 200 147592
218.81.217.115 - - [22/Aug/2020:08:56:55 +0800] "GET /xingrg/check_reg.html?_=1598057830564 HTTP/1.1" 200 22
218.81.217.115 - - [22/Aug/2020:08:56:56 +0800] "GET /xingrg/all/function/internal_message.html?_=1598057830851&CODE_STATE=getMsg HTTP/1.1" 200 27
61.172.5.115 - - [22/Aug/2020:08:56:56 +0800] "GET /xingrg/kc/buy/cgsh_order_operate.html?command=get_materiel&rest_code=00105&code=00101008010&supplier_code=00100203&order_time=2020-08-22 HTTP/1.1" 200 412
172.17.0.100 - - [22/Aug/2020:08:57:01 +0800] "POST /xingrg/kc/buy/cgsh_list_operate.html HTTP/1.1" 200 5198
218.81.217.115 - - [22/Aug/2020:08:57:02 +0800] "GET /xingrg/kc/buy/cgsh_order_operate.html?command=get_materiel&rest_code=00146&code=00101007063&supplier_code=00100002&order_time=2020-08-22 HTTP/1.1" 200 409
61.172.5.115 - - [22/Aug/2020:08:57:02 +0800] "GET /xingrg/kc/buy/cgsh_order_operate.html?command=get_materiel&rest_code=00105&code=00101008312&supplier_code=00100203&order_time=2020-08-22 HTTP/1.1" 200 412
180.175.214.200 - - [22/Aug/2020:08:57:03 +0800] "GET /xingrg/all/function/internal_message.html?_=1598058028007&CODE_STATE=getMsg HTTP/1.1" 200 27
222.69.134.134 - - [22/Aug/2020:08:57:06 +0800] "GET /xingrg/kc/buy/cgsh_order_operate.html?command=get_materiel&rest_code=00149&code=00101008078&supplier_code=00100005&order_time=2020-08-22 HTTP/1.1" 200 416
61.172.5.115 - - [22/Aug/2020:08:57:10 +0800] "GET /xingrg/all/function/internal_message.html?_=1598057828944&CODE_STATE=getMsg HTTP/1.1" 200 27
218.81.217.115 - - [22/Aug/2020:08:57:11 +0800] "GET /xingrg/kc/buy/cgsh_order_operate.html?command=get_materiel&rest_code=00146&code=00101007081&supplier_code=00100002&order_time=2020-08-22 HTTP/1.1" 200 433
61.172.5.115 - - [22/Aug/2020:08:57:12 +0800] "GET /xingrg/kc/buy/cgsh_order_operate.html?command=get_materiel&rest_code=00105&code=00101008096&supplier_code=00100203&order_time=2020-08-22 HTTP/1.1" 200 412
222.69.134.134 - - [22/Aug/2020:08:57:12 +0800] "GET /xingrg/kc/buy/cgsh_order_operate.html?command=get_materiel&rest_code=00149&code=00101008238&supplier_code=00100005&order_time=2020-08-22 HTTP/1.1" 200 437
172.17.0.100 - - [22/Aug/2020:08:57:15 +0800] "POST /xingrg/kc/buy/cgsh_list_operate.html HTTP/1.1" 200 210
172.17.0.100 - - [22/Aug/2020:08:57:17 +0800] "GET /xingrg/kc/buy/cgsh_order_info.html?code=212020082109142 HTTP/1.1" 200 59325
172.17.0.100 - - [22/Aug/2020:08:57:17 +0800] "GET /xingrg/javascript/easyui/themes/default/validatebox.css HTTP/1.1" 404 1104
172.17.0.100 - - [22/Aug/2020:08:57:17 +0800] "POST /xingrg/kc/buy/cgsh_order_operate.html HTTP/1.1" 200 2670
61.172.5.115 - - [22/Aug/2020:08:57:18 +0800] "GET /xingrg/kc/buy/cgsh_order_operate.html?command=get_materiel&rest_code=00105&code=00101008221&supplier_code=00100203&order_time=2020-08-22 HTTP/1.1" 200 412
222.69.134.134 - - [22/Aug/2020:08:57:21 +0800] "GET /xingrg/all/function/internal_message.html?_=1598057829311&CODE_STATE=getMsg HTTP/1.1" 200 27
222.69.134.134 - - [22/Aug/2020:08:57:22 +0800] "GET /xingrg/kc/buy/cgsh_order_operate.html?command=get_materiel&rest_code=00149&code=00101008357&supplier_code=00100005&order_time=2020-08-22 HTTP/1.1" 200 408
218.81.217.115 - - [22/Aug/2020:08:57:24 +0800] "GET /xingrg/kc/buy/cgsh_order_operate.html?command=get_materiel&rest_code=00146&code=00101007048&supplier_code=00100002&order_time=2020-08-22 HTTP/1.1" 200 408
61.172.5.115 - - [22/Aug/2020:08:57:25 +0800] "GET /xingrg/kc/buy/cgsh_order_operate.html?command=get_materiel&rest_code=00105&code=00101008088&supplier_code=00100203&order_time=2020-08-22 HTTP/1.1" 200 408
114.88.166.242 - - [22/Aug/2020:08:57:28 +0800] "GET /xingrg/check_reg.html?_=1598057843154 HTTP/1.1" 302 -
58.221.95.50 - - [22/Aug/2020:08:57:29 +0800] "GET /xingrg/check_reg.html?_=1598057977666 HTTP/1.1" 200 22
172.17.0.100 - - [22/Aug/2020:08:57:29 +0800] "GET /xingrg/check_reg.html?_=1598057847094 HTTP/1.1" 200 22
172.17.0.100 - - [22/Aug/2020:08:57:29 +0800] "GET /xingrg/all/function/internal_message.html?_=1598057847097&CODE_STATE=getMsg HTTP/1.1" 200 27
114.89.80.44 - - [22/Aug/2020:08:57:30 +0800] "GET /xingrg/all/function/internal_message.html?_=1598057841496&CODE_STATE=getMsg HTTP/1.1" 200 27
61.172.5.115 - - [22/Aug/2020:08:57:32 +0800] "GET /xingrg/kc/buy/cgsh_order_operate.html?command=get_materiel&rest_code=00105&code=00101008163&supplier_code=00100203&order_time=2020-08-22 HTTP/1.1" 200 408
114.88.166.242 - - [22/Aug/2020:08:57:36 +0800] "GET /xingrg/all/function/internal_message.html?_=1598057850735&CODE_STATE=getMsg HTTP/1.1" 302 -
218.81.217.115 - - [22/Aug/2020:08:57:38 +0800] "GET /xingrg/all/function/internal_message.html?_=1598057876351&CODE_STATE=getMsg HTTP/1.1" 200 27
116.230.74.197 - - [22/Aug/2020:08:57:43 +0800] "GET /xingrg/all/function/internal_message.html?_=1598057853375&CODE_STATE=getMsg HTTP/1.1" 200 27
218.81.217.115 - - [22/Aug/2020:08:57:48 +0800] "GET /xingrg/kc/buy/cgsh_order_operate.html?command=get_materiel&rest_code=00146&code=00101007090&supplier_code=00100002&order_time=2020-08-22 HTTP/1.1" 200 415
58.221.95.50 - - [22/Aug/2020:08:57:48 +0800] "GET /xingrg/all/function/internal_message.html?_=1598057996769&CODE_STATE=getMsg HTTP/1.1" 200 27
222.69.134.134 - - [22/Aug/2020:08:57:49 +0800] "GET /xingrg/kc/buy/cgsh_order_operate.html?command=get_materiel&rest_code=00149&code=00101008286&supplier_code=00100005&order_time=2020-08-22 HTTP/1.1" 200 429
172.17.0.185 - - [22/Aug/2020:08:57:51 +0800] "GET /xingrg/all/function/internal_message.html?_=1598057867533&CODE_STATE=getMsg HTTP/1.1" 302 -
61.172.5.115 - - [22/Aug/2020:08:57:51 +0800] "GET /xingrg/kc/buy/cgsh_order_operate.html?command=get_materiel&rest_code=00105&code=00101008361&supplier_code=00100203&order_time=2020-08-22 HTTP/1.1" 200 427
222.69.134.134 - - [22/Aug/2020:08:57:53 +0800] "POST /xingrg/kc/buy/cgsh_order_operate.html HTTP/1.1" 200 2065
117.131.5.26 - - [22/Aug/2020:08:57:53 +0800] "GET /xingrg/all/function/internal_message.html?_=1598058249334&CODE_STATE=getMsg HTTP/1.1" 200 27
172.17.0.100 - - [22/Aug/2020:08:57:55 +0800] "GET /xingrg/kc/buy/cgsh_order_operate.html?command=get_materiel&rest_code=00147&code=00101006116&supplier_code=00100332&order_time=2020-08-21 HTTP/1.1" 200 418
218.81.217.115 - - [22/Aug/2020:08:57:56 +0800] "GET /xingrg/all/function/internal_message.html?_=1598057890851&CODE_STATE=getMsg HTTP/1.1" 200 27
222.69.134.134 - - [22/Aug/2020:08:57:57 +0800] "GET /xingrg/kc/buy/cgsh_order_operate.html?command=get_materiel&rest_code=00149&code=00101008036&supplier_code=00100005&order_time=2020-08-22 HTTP/1.1" 200 428
61.172.5.115 - - [22/Aug/2020:08:57:58 +0800] "GET /xingrg/kc/buy/cgsh_order_operate.html?command=get_materiel&rest_code=00105&code=00101008148&supplier_code=00100203&order_time=2020-08-22 HTTP/1.1" 200 416
180.175.214.200 - - [22/Aug/2020:08:58:03 +0800] "GET /xingrg/all/function/internal_message.html?_=1598058088035&CODE_STATE=getMsg HTTP/1.1" 200 27
218.81.217.115 - - [22/Aug/2020:08:58:07 +0800] "POST /xingrg/kc/buy/cgsh_order_operate.html HTTP/1.1" 200 37
61.172.5.115 - - [22/Aug/2020:08:58:07 +0800] "GET /xingrg/kc/buy/cgsh_order_operate.html?command=get_materiel&rest_code=00105&code=00101008264&supplier_code=00100203&order_time=2020-08-22 HTTP/1.1" 200 433
218.81.217.115 - - [22/Aug/2020:08:58:08 +0800] "POST /xingrg/kc/buy/cgsh_order_operate.html HTTP/1.1" 200 4431
61.172.5.115 - - [22/Aug/2020:08:58:10 +0800] "GET /xingrg/check_reg.html?_=1598057888943 HTTP/1.1" 200 22
61.172.5.115 - - [22/Aug/2020:08:58:10 +0800] "GET /xingrg/all/function/internal_message.html?_=1598057888944&CODE_STATE=getMsg HTTP/1.1" 200 27
172.17.0.100 - - [22/Aug/2020:08:58:12 +0800] "POST /xingrg/kc/buy/cgsh_order_operate.html HTTP/1.1" 200 37
172.17.0.100 - - [22/Aug/2020:08:58:13 +0800] "POST /xingrg/kc/buy/cgsh_order_operate.html HTTP/1.1" 200 2664
222.69.134.134 - - [22/Aug/2020:08:58:13 +0800] "GET /xingrg/kc/buy/cgsh_order_operate.html?command=get_materiel&rest_code=00149&code=00101008131&supplier_code=00100005&order_time=2020-08-22 HTTP/1.1" 200 429
218.81.217.115 - - [22/Aug/2020:08:58:14 +0800] "GET /xingrg/kc/buy/buy_main.html HTTP/1.1" 200 12412
218.81.217.115 - - [22/Aug/2020:08:58:14 +0800] "GET /xingrg/css/new_ie.css HTTP/1.1" 404 1036
218.81.217.115 - - [22/Aug/2020:08:58:14 +0800] "GET /xingrg/images/yd/bt.gif HTTP/1.1" 404 1040
218.81.217.115 - - [22/Aug/2020:08:58:15 +0800] "GET /xingrg/kc/buy/cgsh_order_list.html HTTP/1.1" 200 43647
218.81.217.115 - - [22/Aug/2020:08:58:16 +0800] "GET /xingrg/check_reg.html?_=1598057914613 HTTP/1.1" 200 22
218.81.217.115 - - [22/Aug/2020:08:58:17 +0800] "POST /xingrg/kc/buy/cgsh_list_operate.html HTTP/1.1" 200 2051
61.172.5.115 - - [22/Aug/2020:08:58:17 +0800] "GET /xingrg/kc/buy/cgsh_order_operate.html?command=get_materiel&rest_code=00105&code=00101008356&supplier_code=00100203&order_time=2020-08-22 HTTP/1.1" 200 408
172.17.0.100 - - [22/Aug/2020:08:58:17 +0800] "POST /xingrg/kc/buy/cgsh_order_operate.html HTTP/1.1" 200 37
172.17.0.100 - - [22/Aug/2020:08:58:18 +0800] "POST /xingrg/kc/buy/cgsh_order_operate.html HTTP/1.1" 200 2664
218.81.217.115 - - [22/Aug/2020:08:58:19 +0800] "POST /xingrg/kc/buy/cgsh_list_operate.html HTTP/1.1" 200 572
218.81.217.115 - - [22/Aug/2020:08:58:20 +0800] "GET /xingrg/kc/buy/cgsh_order_info.html?code=212020082209263 HTTP/1.1" 200 59394
218.81.217.115 - - [22/Aug/2020:08:58:20 +0800] "GET /xingrg/javascript/easyui/themes/default/validatebox.css HTTP/1.1" 404 1104
218.81.217.115 - - [22/Aug/2020:08:58:20 +0800] "POST /xingrg/kc/buy/cgsh_order_operate.html HTTP/1.1" 200 54105
222.69.134.134 - - [22/Aug/2020:08:58:21 +0800] "GET /xingrg/all/function/internal_message.html?_=1598057889315&CODE_STATE=getMsg HTTP/1.1" 200 27
218.81.217.115 - - [22/Aug/2020:08:58:22 +0800] "GET /xingrg/kc/print/load_config.html?kc_code=cgsh HTTP/1.1" 200 1845
218.81.217.115 - - [22/Aug/2020:08:58:22 +0800] "GET /xingrg/kc/print/load_data.html?order_code=212020082209263&kc_code=cgsh HTTP/1.1" 200 20150
61.172.5.115 - - [22/Aug/2020:08:58:24 +0800] "GET /xingrg/kc/buy/cgsh_order_operate.html?command=get_materiel&rest_code=00105&code=00101008362&supplier_code=00100203&order_time=2020-08-22 HTTP/1.1" 200 408
172.17.0.100 - - [22/Aug/2020:08:58:30 +0800] "GET /xingrg/all/function/internal_message.html?_=1598057907116&CODE_STATE=getMsg HTTP/1.1" 200 27
114.89.80.44 - - [22/Aug/2020:08:58:30 +0800] "GET /xingrg/check_reg.html?_=1598057901543 HTTP/1.1" 200 22
114.89.80.44 - - [22/Aug/2020:08:58:30 +0800] "GET /xingrg/all/function/internal_message.html?_=1598057901545&CODE_STATE=getMsg HTTP/1.1" 200 27
172.17.0.100 - - [22/Aug/2020:08:58:30 +0800] "POST /xingrg/kc/buy/cgsh_list_operate.html HTTP/1.1" 200 5198
222.69.134.134 - - [22/Aug/2020:08:58:32 +0800] "GET /xingrg/kc/buy/cgsh_order_operate.html?command=get_materiel&rest_code=00149&code=00101008296&supplier_code=00100005&order_time=2020-08-22 HTTP/1.1" 200 436
114.88.166.242 - - [22/Aug/2020:08:58:36 +0800] "GET /xingrg/all/function/internal_message.html?_=1598057910987&CODE_STATE=getMsg HTTP/1.1" 302 -
218.81.217.115 - - [22/Aug/2020:08:58:38 +0800] "GET /xingrg/all/function/internal_message.html?_=1598057936356&CODE_STATE=getMsg HTTP/1.1" 200 27
116.230.74.197 - - [22/Aug/2020:08:58:43 +0800] "GET /xingrg/check_reg.html?_=1598057912998 HTTP/1.1" 200 22
116.230.74.197 - - [22/Aug/2020:08:58:43 +0800] "GET /xingrg/all/function/internal_message.html?_=1598057913352&CODE_STATE=getMsg HTTP/1.1" 200 27
58.221.95.50 - - [22/Aug/2020:08:58:48 +0800] "GET /xingrg/all/function/internal_message.html?_=1598058056774&CODE_STATE=getMsg HTTP/1.1" 200 27
61.172.5.115 - - [22/Aug/2020:08:58:48 +0800] "GET /xingrg/kc/buy/cgsh_order_operate.html?command=get_materiel&rest_code=00105&code=00101008196&supplier_code=00100203&order_time=2020-08-22 HTTP/1.1" 200 416
172.17.0.100 - - [22/Aug/2020:08:58:49 +0800] "POST /xingrg/kc/buy/cgsh_list_operate.html HTTP/1.1" 200 201
172.17.0.100 - - [22/Aug/2020:08:58:50 +0800] "POST /xingrg/kc/buy/cgsh_list_operate.html HTTP/1.1" 200 276
172.17.0.185 - - [22/Aug/2020:08:58:51 +0800] "GET /xingrg/all/function/internal_message.html?_=1598057927520&CODE_STATE=getMsg HTTP/1.1" 302 -
172.17.0.100 - - [22/Aug/2020:08:58:52 +0800] "GET /xingrg/kc/buy/cgsh_order_info.html?code=212020082109131 HTTP/1.1" 200 59327
172.17.0.100 - - [22/Aug/2020:08:58:52 +0800] "GET /xingrg/javascript/easyui/themes/default/validatebox.css HTTP/1.1" 404 1104
172.17.0.100 - - [22/Aug/2020:08:58:52 +0800] "POST /xingrg/kc/buy/cgsh_order_operate.html HTTP/1.1" 200 3247
117.131.5.26 - - [22/Aug/2020:08:58:53 +0800] "GET /xingrg/all/function/internal_message.html?_=1598058309332&CODE_STATE=getMsg HTTP/1.1" 200 27
218.81.217.115 - - [22/Aug/2020:08:58:56 +0800] "GET /xingrg/all/function/internal_message.html?_=1598057950865&CODE_STATE=getMsg HTTP/1.1" 200 27
61.172.5.115 - - [22/Aug/2020:08:58:57 +0800] "GET /xingrg/kc/buy/cgsh_order_operate.html?command=get_materiel&rest_code=00105&code=00101008136&supplier_code=00100203&order_time=2020-08-22 HTTP/1.1" 200 413
222.69.134.134 - - [22/Aug/2020:08:59:03 +0800] "GET /xingrg/kc/buy/cgsh_order_operate.html?command=get_materiel&rest_code=00149&code=00101008352&supplier_code=00100005&order_time=2020-08-22 HTTP/1.1" 200 412
180.175.214.200 - - [22/Aug/2020:08:59:03 +0800] "GET /xingrg/all/function/internal_message.html?_=1598058148057&CODE_STATE=getMsg HTTP/1.1" 200 27
172.17.0.100 - - [22/Aug/2020:08:59:06 +0800] "POST /xingrg/kc/buy/cgsh_list_operate.html HTTP/1.1" 200 5198
61.172.5.115 - - [22/Aug/2020:08:59:07 +0800] "GET /xingrg/kc/buy/cgsh_order_operate.html?command=get_materiel&rest_code=00105&code=00101008238&supplier_code=00100203&order_time=2020-08-22 HTTP/1.1" 200 437
61.172.5.115 - - [22/Aug/2020:08:59:10 +0800] "GET /xingrg/all/function/internal_message.html?_=1598057948953&CODE_STATE=getMsg HTTP/1.1" 200 27
222.69.134.134 - - [22/Aug/2020:08:59:10 +0800] "POST /xingrg/kc/buy/cgsh_order_operate.html HTTP/1.1" 200 2065
61.172.5.115 - - [22/Aug/2020:08:59:13 +0800] "GET /xingrg/kc/buy/cgsh_order_operate.html?command=get_materiel&rest_code=00105&code=00101008357&supplier_code=00100203&order_time=2020-08-22 HTTP/1.1" 200 408
222.69.134.134 - - [22/Aug/2020:08:59:15 +0800] "GET /xingrg/kc/buy/cgsh_order_operate.html?command=get_materiel&rest_code=00149&code=00101008098&supplier_code=00100005&order_time=2020-08-22 HTTP/1.1" 200 412
61.172.5.115 - - [22/Aug/2020:08:59:18 +0800] "GET /xingrg/kc/buy/cgsh_order_operate.html?command=get_materiel&rest_code=00105&code=00101008069&supplier_code=00100203&order_time=2020-08-22 HTTP/1.1" 200 432
61.172.5.115 - - [22/Aug/2020:08:59:20 +0800] "POST /xingrg/kc/buy/cgsh_order_operate.html HTTP/1.1" 200 2065
222.69.134.134 - - [22/Aug/2020:08:59:21 +0800] "GET /xingrg/all/function/internal_message.html?_=1598057949324&CODE_STATE=getMsg HTTP/1.1" 200 27
61.172.5.115 - - [22/Aug/2020:08:59:22 +0800] "POST /xingrg/kc/buy/cgsh_order_operate.html HTTP/1.1" 200 2065
61.172.5.115 - - [22/Aug/2020:08:59:23 +0800] "POST /xingrg/kc/buy/cgsh_order_operate.html HTTP/1.1" 200 2065
172.17.0.100 - - [22/Aug/2020:08:59:30 +0800] "GET /xingrg/all/function/internal_message.html?_=1598057967114&CODE_STATE=getMsg HTTP/1.1" 200 27
114.89.80.44 - - [22/Aug/2020:08:59:30 +0800] "GET /xingrg/all/function/internal_message.html?_=1598057961592&CODE_STATE=getMsg HTTP/1.1" 200 27
61.172.5.115 - - [22/Aug/2020:08:59:30 +0800] "GET /xingrg/kc/buy/cgsh_order_operate.html?command=get_materiel&rest_code=00105&code=00101008036&supplier_code=00100203&order_time=2020-08-22 HTTP/1.1" 200 428
114.88.166.242 - - [22/Aug/2020:08:59:36 +0800] "GET /xingrg/all/function/internal_message.html?_=1598057970996&CODE_STATE=getMsg HTTP/1.1" 302 -
61.172.5.115 - - [22/Aug/2020:08:59:37 +0800] "GET /xingrg/kc/buy/cgsh_order_operate.html?command=get_materiel&rest_code=00105&code=00101008286&supplier_code=00100203&order_time=2020-08-22 HTTP/1.1" 200 429
218.81.217.115 - - [22/Aug/2020:08:59:38 +0800] "GET /xingrg/all/function/internal_message.html?_=1598057996371&CODE_STATE=getMsg HTTP/1.1" 200 27
117.184.7.26 - - [22/Aug/2020:08:59:40 +0800] "GET /favicon.ico HTTP/1.1" 404 -
116.230.74.197 - - [22/Aug/2020:08:59:43 +0800] "GET /xingrg/all/function/internal_message.html?_=1598057973341&CODE_STATE=getMsg HTTP/1.1" 200 27
61.172.5.115 - - [22/Aug/2020:08:59:45 +0800] "GET /xingrg/kc/buy/cgsh_order_operate.html?command=get_materiel&rest_code=00105&code=00101008131&supplier_code=00100203&order_time=2020-08-22 HTTP/1.1" 200 429
58.221.95.50 - - [22/Aug/2020:08:59:48 +0800] "GET /xingrg/all/function/internal_message.html?_=1598058116775&CODE_STATE=getMsg HTTP/1.1" 200 27
172.17.0.185 - - [22/Aug/2020:08:59:51 +0800] "GET /xingrg/all/function/internal_message.html?_=1598057987521&CODE_STATE=getMsg HTTP/1.1" 302 -
61.172.5.115 - - [22/Aug/2020:08:59:53 +0800] "GET /xingrg/kc/buy/cgsh_order_operate.html?command=get_materiel&rest_code=00105&code=00101008108&supplier_code=00100203&order_time=2020-08-22 HTTP/1.1" 200 412
117.131.5.26 - - [22/Aug/2020:08:59:53 +0800] "GET /xingrg/check_reg.html?_=1598058369336 HTTP/1.1" 200 22
117.131.5.26 - - [22/Aug/2020:08:59:53 +0800] "GET /xingrg/all/function/internal_message.html?_=1598058369337&CODE_STATE=getMsg HTTP/1.1" 200 27
222.69.134.134 - - [22/Aug/2020:08:59:55 +0800] "GET /xingrg/kc/buy/cgsh_order_operate.html?command=get_materiel&rest_code=00149&code=00101008353&supplier_code=00100005&order_time=2020-08-22 HTTP/1.1" 200 429
218.81.217.115 - - [22/Aug/2020:08:59:56 +0800] "GET /xingrg/all/function/internal_message.html?_=1598058011048&CODE_STATE=getMsg HTTP/1.1" 200 27
180.175.214.200 - - [22/Aug/2020:08:59:57 +0800] "GET /xingrg/check_reg.html?_=1598058201981 HTTP/1.1" 200 22
61.172.5.115 - - [22/Aug/2020:08:59:59 +0800] "GET /xingrg/kc/buy/cgsh_order_operate.html?command=get_materiel&rest_code=00105&code=00101008318&supplier_code=00100203&order_time=2020-08-22 HTTP/1.1" 200 408
180.175.214.200 - - [22/Aug/2020:09:00:03 +0800] "GET /xingrg/all/function/internal_message.html?_=1598058208064&CODE_STATE=getMsg HTTP/1.1" 200 27
61.172.5.115 - - [22/Aug/2020:09:00:07 +0800] "GET /xingrg/kc/buy/cgsh_order_operate.html?command=get_materiel&rest_code=00105&code=00101008352&supplier_code=00100203&order_time=2020-08-22 HTTP/1.1" 200 412
