172.17.0.185 - - [19/Aug/2020:10:26:43 +0800] "GET /xingrg/all/function/internal_message.html?_=1597804002231&CODE_STATE=getMsg HTTP/1.1" 200 27
114.86.228.60 - - [19/Aug/2020:10:26:46 +0800] "GET /xingrg/javascript/auto/indicator.gif HTTP/1.1" 404 1066
61.172.5.115 - - [19/Aug/2020:10:26:47 +0800] "POST /xingrg/kc/buy/cgsh_order_operate.html HTTP/1.1" 200 37
114.86.228.60 - - [19/Aug/2020:10:26:48 +0800] "GET /xingrg/kc/buy/cgsh_order_operate.html?command=get_materiel&rest_code=00109&code=00101006124&supplier_code=00100015&order_time=2020-08-19 HTTP/1.1" 200 409
61.172.5.115 - - [19/Aug/2020:10:26:48 +0800] "POST /xingrg/kc/buy/cgsh_order_operate.html HTTP/1.1" 200 3259
61.172.5.115 - - [19/Aug/2020:10:26:49 +0800] "GET /xingrg/kc/print/load_data.html?order_code=212020081907977&kc_code=cgsh&condition= HTTP/1.1" 200 910
114.89.80.44 - - [19/Aug/2020:10:26:50 +0800] "GET /xingrg/all/function/internal_message.html?_=1597804009241&CODE_STATE=getMsg HTTP/1.1" 200 27
222.69.27.237 - - [19/Aug/2020:10:26:51 +0800] "GET /xingrg/kc/buy/cgsh_order_operate.html?command=get_materiel&rest_code=00142&code=00101008261&supplier_code=00100161&order_time=2020-08-19 HTTP/1.1" 200 408
172.17.0.101 - - [19/Aug/2020:10:26:54 +0800] "GET /xingrg/all/function/internal_message.html?_=1597804018619&CODE_STATE=getMsg HTTP/1.1" 302 -
222.69.135.163 - - [19/Aug/2020:10:26:54 +0800] "GET /xingrg/kc/buy/cgsh_order_operate.html?command=get_materiel&rest_code=00149&code=00101004065&supplier_code=00100083&order_time=2020-08-19 HTTP/1.1" 200 434
222.69.27.237 - - [19/Aug/2020:10:26:54 +0800] "GET /xingrg/all/function/internal_message.html?_=1597803885360&CODE_STATE=getMsg HTTP/1.1" 200 27
222.69.27.237 - - [19/Aug/2020:10:26:54 +0800] "GET /xingrg/check_reg.html?_=1597803885361 HTTP/1.1" 200 22
114.86.228.60 - - [19/Aug/2020:10:26:55 +0800] "GET /xingrg/kc/buy/cgsh_order_operate.html?command=get_materiel&rest_code=00109&code=00101006025&supplier_code=00100015&order_time=2020-08-19 HTTP/1.1" 200 417
114.88.166.242 - - [19/Aug/2020:10:26:56 +0800] "GET /xingrg/all/function/internal_message.html?_=1597804014881&CODE_STATE=getMsg HTTP/1.1" 200 27
222.69.135.163 - - [19/Aug/2020:10:26:59 +0800] "GET /xingrg/all/function/internal_message.html?_=1597804013610&CODE_STATE=getMsg HTTP/1.1" 200 27
222.69.27.237 - - [19/Aug/2020:10:26:59 +0800] "GET /xingrg/kc/buy/cgsh_order_operate.html?command=get_materiel&rest_code=00142&code=00101008268&supplier_code=00100161&order_time=2020-08-19 HTTP/1.1" 200 408
172.17.0.120 - - [19/Aug/2020:10:26:59 +0800] "GET /xingrg/all/function/internal_message.html?_=1597804028277&CODE_STATE=getMsg HTTP/1.1" 200 27
114.89.80.44 - - [19/Aug/2020:10:26:59 +0800] "GET /xingrg/all/function/internal_message.html?_=1597804136491&CODE_STATE=getMsg HTTP/1.1" 200 27
114.86.228.60 - - [19/Aug/2020:10:27:01 +0800] "GET /xingrg/kc/buy/cgsh_order_operate.html?command=get_materiel&rest_code=00109&code=00101010248&supplier_code=00100015&order_time=2020-08-19 HTTP/1.1" 200 430
222.69.135.163 - - [19/Aug/2020:10:27:01 +0800] "GET /xingrg/kc/buy/cgsh_order_operate.html?command=get_materiel&rest_code=00149&code=00101004067&supplier_code=00100083&order_time=2020-08-19 HTTP/1.1" 200 435
172.17.0.119 - - [19/Aug/2020:10:27:03 +0800] "GET /xingrg/all/function/internal_message.html?_=1597804021737&CODE_STATE=getMsg HTTP/1.1" 200 27
222.69.27.237 - - [19/Aug/2020:10:27:07 +0800] "GET /xingrg/kc/buy/cgsh_order_operate.html?command=get_materiel&rest_code=00142&code=00101008059&supplier_code=00100161&order_time=2020-08-19 HTTP/1.1" 200 408
114.86.228.60 - - [19/Aug/2020:10:27:07 +0800] "GET /xingrg/kc/buy/cgsh_order_operate.html?command=get_materiel&rest_code=00109&code=00101006062&supplier_code=00100015&order_time=2020-08-19 HTTP/1.1" 200 409
114.88.153.118 - - [19/Aug/2020:10:27:14 +0800] "GET /xingrg/all/function/internal_message.html?_=1597804030076&CODE_STATE=getMsg HTTP/1.1" 302 -
222.69.135.163 - - [19/Aug/2020:10:27:14 +0800] "GET /xingrg/kc/buy/cgsh_order_operate.html?command=get_materiel&rest_code=00149&code=00101004027&supplier_code=00100083&order_time=2020-08-19 HTTP/1.1" 200 429
61.172.5.115 - - [19/Aug/2020:10:27:15 +0800] "GET /xingrg/check_reg.html?_=1597804023632 HTTP/1.1" 200 22
222.69.27.237 - - [19/Aug/2020:10:27:15 +0800] "GET /xingrg/kc/buy/cgsh_order_operate.html?command=get_materiel&rest_code=00142&code=00101008199&supplier_code=00100161&order_time=2020-08-19 HTTP/1.1" 200 408
120.253.135.82 - - [19/Aug/2020:10:27:15 +0800] "GET /xingrg/all/function/internal_message.html?_=1597803786358&CODE_STATE=getMsg HTTP/1.1" 200 27
114.88.153.118 - - [19/Aug/2020:10:27:19 +0800] "GET /xingrg/check_reg.html?_=1597803680415 HTTP/1.1" 302 -
58.221.95.50 - - [19/Aug/2020:10:27:21 +0800] "GET /xingrg/all/function/internal_message.html?_=1597804170668&CODE_STATE=getMsg HTTP/1.1" 200 27
58.221.95.50 - - [19/Aug/2020:10:27:21 +0800] "GET /xingrg/check_reg.html?_=1597804170684 HTTP/1.1" 200 22
172.17.0.119 - - [19/Aug/2020:10:27:21 +0800] "POST /xingrg/dwr/call/plaincall/AjaxReportQueryService.refreshCache.dwr HTTP/1.1" 200 78
172.17.0.119 - - [19/Aug/2020:10:27:23 +0800] "POST /xingrg/all/report/load_report_page.html HTTP/1.1" 200 29877
172.17.0.119 - - [19/Aug/2020:10:27:23 +0800] "GET /xingrg/servlets/image?cache=0.7570312143519852&image=px HTTP/1.1" 200 807
114.86.228.60 - - [19/Aug/2020:10:27:23 +0800] "GET /xingrg/kc/buy/cgsh_order_operate.html?command=get_materiel&rest_code=00109&code=00101006144&supplier_code=00100015&order_time=2020-08-19 HTTP/1.1" 200 409
222.69.27.237 - - [19/Aug/2020:10:27:24 +0800] "GET /xingrg/kc/buy/cgsh_order_operate.html?command=get_materiel&rest_code=00142&code=00101008361&supplier_code=00100161&order_time=2020-08-19 HTTP/1.1" 200 427
172.17.0.102 - - [19/Aug/2020:10:27:25 +0800] "GET /xingrg/all/function/internal_message.html?_=1597804044186&CODE_STATE=getMsg HTTP/1.1" 200 27
222.69.135.163 - - [19/Aug/2020:10:27:25 +0800] "GET /xingrg/kc/buy/cgsh_order_operate.html?command=get_materiel&rest_code=00149&code=00101004048&supplier_code=00100083&order_time=2020-08-19 HTTP/1.1" 200 417
114.88.166.242 - - [19/Aug/2020:10:27:26 +0800] "GET /xingrg/check_reg.html?_=1597804092738 HTTP/1.1" 200 22
114.88.166.242 - - [19/Aug/2020:10:27:26 +0800] "GET /xingrg/all/function/internal_message.html?_=1597804092739&CODE_STATE=getMsg HTTP/1.1" 200 27
61.172.5.115 - - [19/Aug/2020:10:27:29 +0800] "GET /xingrg/kc/buy/cgsh_order_add.html HTTP/1.1" 200 59379
61.172.5.115 - - [19/Aug/2020:10:27:30 +0800] "GET /xingrg/javascript/easyui/themes/default/validatebox.css HTTP/1.1" 404 1104
61.172.5.115 - - [19/Aug/2020:10:27:30 +0800] "POST /xingrg/kc/buy/cgsh_order_operate.html HTTP/1.1" 200 8245
114.86.228.60 - - [19/Aug/2020:10:27:31 +0800] "GET /xingrg/all/function/internal_message.html?_=1597804074026&CODE_STATE=getMsg HTTP/1.1" 200 27
172.17.0.123 - - [19/Aug/2020:10:27:31 +0800] "GET /xingrg/all/function/internal_message.html?_=1597803962470&CODE_STATE=getMsg HTTP/1.1" 200 27
114.86.228.60 - - [19/Aug/2020:10:27:32 +0800] "GET /xingrg/kc/buy/cgsh_order_operate.html?command=get_materiel&rest_code=00109&code=00101006058&supplier_code=00100015&order_time=2020-08-19 HTTP/1.1" 200 413
222.69.27.237 - - [19/Aug/2020:10:27:33 +0800] "GET /xingrg/kc/buy/cgsh_order_operate.html?command=get_materiel&rest_code=00142&code=00101008355&supplier_code=00100161&order_time=2020-08-19 HTTP/1.1" 200 408
172.17.200.101 - - [19/Aug/2020:10:27:33 +0800] "GET /xingrg/all/function/internal_message.html?_=1597804054072&CODE_STATE=getMsg HTTP/1.1" 200 27
116.230.74.197 - - [19/Aug/2020:10:27:37 +0800] "GET /xingrg/all/function/internal_message.html?_=1597804054868&CODE_STATE=getMsg HTTP/1.1" 200 27
222.69.135.163 - - [19/Aug/2020:10:27:38 +0800] "POST /xingrg/kc/buy/cgsh_order_operate.html HTTP/1.1" 200 37
114.86.228.60 - - [19/Aug/2020:10:27:39 +0800] "GET /xingrg/kc/buy/cgsh_order_operate.html?command=get_materiel&rest_code=00109&code=00101006057&supplier_code=00100015&order_time=2020-08-19 HTTP/1.1" 200 413
180.175.214.200 - - [19/Aug/2020:10:27:39 +0800] "GET /xingrg/check_reg.html?_=1597804263165 HTTP/1.1" 200 22
218.81.217.115 - - [19/Aug/2020:10:27:39 +0800] "GET /xingrg/all/function/internal_message.html?_=1597804065742&CODE_STATE=getMsg HTTP/1.1" 200 27
61.172.5.115 - - [19/Aug/2020:10:27:39 +0800] "GET /xingrg/kc/buy/cgsh_order_operate.html?command=get_materiel&rest_code=00105&code=00101007111&supplier_code=00100326&order_time=2020-08-19 HTTP/1.1" 200 417
222.69.27.237 - - [19/Aug/2020:10:27:41 +0800] "GET /xingrg/kc/buy/cgsh_order_operate.html?command=get_materiel&rest_code=00142&code=00101008024&supplier_code=00100161&order_time=2020-08-19 HTTP/1.1" 200 408
180.175.214.200 - - [19/Aug/2020:10:27:41 +0800] "GET /xingrg/all/function/internal_message.html?_=1597804265084&CODE_STATE=getMsg HTTP/1.1" 200 27
117.184.7.30 - - [19/Aug/2020:10:27:41 +0800] "GET /xingrg/all/function/internal_message.html?_=1597804054645&CODE_STATE=getMsg HTTP/1.1" 200 27
222.69.135.163 - - [19/Aug/2020:10:27:41 +0800] "POST /xingrg/kc/buy/cgsh_order_operate.html HTTP/1.1" 200 12
172.17.0.119 - - [19/Aug/2020:10:27:42 +0800] "POST /xingrg/all/user/operate.html HTTP/1.1" 200 36
172.17.0.119 - - [19/Aug/2020:10:27:42 +0800] "GET /xingrg/index.html?sysBaseUrl=http%3A%2F%2F172.17.0.8%3A18081%2Fxingrg%2F&costTime=38×tamp=1597803172001 HTTP/1.1" 200 17448
172.17.0.119 - - [19/Aug/2020:10:27:42 +0800] "GET /xingrg/javascript/jquery_easy_ui/themes/default/easyui.css HTTP/1.1" 304 -
172.17.0.119 - - [19/Aug/2020:10:27:42 +0800] "GET /xingrg/javascript/jquery_easy_ui/themes/icon.css HTTP/1.1" 304 -
172.17.0.119 - - [19/Aug/2020:10:27:42 +0800] "GET /xingrg/css/form.css HTTP/1.1" 304 -
172.17.0.119 - - [19/Aug/2020:10:27:42 +0800] "GET /xingrg/javascript/jquery-1.4.2.min.js HTTP/1.1" 304 -
172.17.0.119 - - [19/Aug/2020:10:27:42 +0800] "GET /xingrg/javascript/jquery_easy_ui/jquery.easyui.min.js HTTP/1.1" 304 -
172.17.0.119 - - [19/Aug/2020:10:27:42 +0800] "GET /xingrg/javascript/jquery_easy_ui/easyui-lang-zh_CN.js HTTP/1.1" 304 -
172.17.0.119 - - [19/Aug/2020:10:27:42 +0800] "GET /xingrg/javascript/jquery.form.js HTTP/1.1" 304 -
172.17.0.119 - - [19/Aug/2020:10:27:42 +0800] "GET /xingrg/javascript/jquery.utils.js HTTP/1.1" 304 -
172.17.0.119 - - [19/Aug/2020:10:27:42 +0800] "GET /xingrg/javascript/jquery.timers.js HTTP/1.1" 304 -
172.17.0.119 - - [19/Aug/2020:10:27:42 +0800] "GET /xingrg/images/blue/jxLogo.png HTTP/1.1" 304 -
172.17.0.119 - - [19/Aug/2020:10:27:42 +0800] "GET /xingrg/javascript/jquery_easy_ui/themes/icons/settle_new.png HTTP/1.1" 304 -
172.17.0.119 - - [19/Aug/2020:10:27:42 +0800] "GET /xingrg/images/blue/navBackgound.jpg HTTP/1.1" 304 -
172.17.0.119 - - [19/Aug/2020:10:27:43 +0800] "POST /xingrg/all/common/load_tree.html?tree=area_rest_tree_json&manage=1 HTTP/1.1" 200 3216
61.172.5.115 - - [19/Aug/2020:10:27:43 +0800] "GET /xingrg/all/function/internal_message.html?_=1597804062346&CODE_STATE=getMsg HTTP/1.1" 200 27
172.17.0.119 - - [19/Aug/2020:10:27:43 +0800] "GET /xingrg/all/function/internal_message.html?_=1597804061697&CODE_STATE=count HTTP/1.1" 200 11
172.17.0.119 - - [19/Aug/2020:10:27:43 +0800] "GET /xingrg/check_reg.html?_=1597804061699 HTTP/1.1" 200 22
172.17.0.119 - - [19/Aug/2020:10:27:43 +0800] "GET /xingrg/javascript/jquery_easy_ui/themes/default/images/tabs_rightarrow.png HTTP/1.1" 304 -
172.17.0.119 - - [19/Aug/2020:10:27:43 +0800] "GET /xingrg/javascript/jquery_easy_ui/themes/default/images/panel_tool_expand.gif HTTP/1.1" 304 -
172.17.0.119 - - [19/Aug/2020:10:27:43 +0800] "GET /xingrg/javascript/jquery_easy_ui/themes/default/images/panel_tool_collapse.gif HTTP/1.1" 304 -
172.17.0.119 - - [19/Aug/2020:10:27:43 +0800] "GET /xingrg/images/blue/pingpu.png HTTP/1.1" 304 -
172.17.0.119 - - [19/Aug/2020:10:27:43 +0800] "GET /xingrg/javascript/jquery_easy_ui/themes/default/images/tabs_leftarrow.png HTTP/1.1" 304 -
172.17.0.119 - - [19/Aug/2020:10:27:43 +0800] "POST /xingrg/load_menu.html HTTP/1.1" 200 9924
172.17.0.185 - - [19/Aug/2020:10:27:43 +0800] "GET /xingrg/check_reg.html?_=1597804062235 HTTP/1.1" 200 22
172.17.0.185 - - [19/Aug/2020:10:27:43 +0800] "GET /xingrg/all/function/internal_message.html?_=1597804062240&CODE_STATE=getMsg HTTP/1.1" 200 27
114.86.228.60 - - [19/Aug/2020:10:27:44 +0800] "POST /xingrg/kc/buy/cgsh_order_operate.html HTTP/1.1" 200 37
222.69.135.163 - - [19/Aug/2020:10:27:44 +0800] "GET /xingrg/kc/buy/cgsh_order_info.html?code=212020081907978 HTTP/1.1" 200 54333
172.17.0.119 - - [19/Aug/2020:10:27:44 +0800] "GET /xingrg/kc/report/report_main.html HTTP/1.1" 200 7325
222.69.135.163 - - [19/Aug/2020:10:27:44 +0800] "GET /xingrg/javascript/easyui/themes/default/validatebox.css HTTP/1.1" 404 1104
222.69.135.163 - - [19/Aug/2020:10:27:45 +0800] "POST /xingrg/kc/buy/cgsh_order_operate.html HTTP/1.1" 200 3015
61.172.5.115 - - [19/Aug/2020:10:27:47 +0800] "POST /xingrg/kc/buy/cgsh_order_operate.html HTTP/1.1" 200 37
114.86.228.60 - - [19/Aug/2020:10:27:47 +0800] "POST /xingrg/kc/buy/cgsh_order_operate.html HTTP/1.1" 200 8611
172.17.0.119 - - [19/Aug/2020:10:27:47 +0800] "GET /xingrg/all/report/report_query.html?fileName=kc/buy/wlcg_price_compare.xml HTTP/1.1" 200 52344
172.17.0.119 - - [19/Aug/2020:10:27:47 +0800] "GET /xingrg/dwr/interface/AjaxReportQueryService.js HTTP/1.1" 200 13203
172.17.0.119 - - [19/Aug/2020:10:27:47 +0800] "GET /xingrg/dwr/engine.js HTTP/1.1" 200 43631
172.17.0.119 - - [19/Aug/2020:10:27:47 +0800] "POST /xingrg/dwr/call/plaincall/AjaxReportQueryService.getFixDate.dwr HTTP/1.1" 200 111
101.89.239.238 - - [19/Aug/2020:10:27:47 +0800] "GET /xingrg/all/function/internal_message.html?_=1597803310350&CODE_STATE=getMsg HTTP/1.1" 302 -
172.17.0.119 - - [19/Aug/2020:10:27:47 +0800] "POST /xingrg/dwr/call/plaincall/AjaxReportQueryService.getFixDate.dwr HTTP/1.1" 200 111
61.172.5.115 - - [19/Aug/2020:10:27:47 +0800] "POST /xingrg/kc/buy/cgsh_order_operate.html HTTP/1.1" 200 2662
114.86.228.60 - - [19/Aug/2020:10:27:47 +0800] "GET /xingrg/kc/print/load_config.html?kc_code=cgsh HTTP/1.1" 200 1845
172.17.0.119 - - [19/Aug/2020:10:27:47 +0800] "POST /xingrg/all/common/load_tree.html?tree=materiel_sort_tree_json HTTP/1.1" 200 8666
114.86.228.60 - - [19/Aug/2020:10:27:48 +0800] "GET /xingrg/kc/print/load_data.html?order_code=212020081907979&kc_code=cgsh&condition= HTTP/1.1" 200 3029
172.17.0.119 - - [19/Aug/2020:10:27:48 +0800] "POST /xingrg/all/common/load_tree.html?tree=supplier_tree_json&manage=1 HTTP/1.1" 200 50407
61.172.5.115 - - [19/Aug/2020:10:27:48 +0800] "GET /xingrg/kc/print/load_data.html?order_code=212020081907980&kc_code=cgsh&condition= HTTP/1.1" 200 681
222.69.27.237 - - [19/Aug/2020:10:27:48 +0800] "GET /xingrg/kc/buy/cgsh_order_operate.html?command=get_materiel&rest_code=00142&code=00101008356&supplier_code=00100161&order_time=2020-08-19 HTTP/1.1" 200 408
222.69.135.163 - - [19/Aug/2020:10:27:49 +0800] "GET /xingrg/kc/print/load_data.html?order_code=212020081907978&kc_code=cgsh&condition= HTTP/1.1" 200 1663
101.89.239.238 - - [19/Aug/2020:10:27:50 +0800] "GET /xingrg/login.html HTTP/1.1" 200 7641
114.89.80.44 - - [19/Aug/2020:10:27:50 +0800] "GET /xingrg/all/function/internal_message.html?_=1597804069231&CODE_STATE=getMsg HTTP/1.1" 200 27
172.17.0.119 - - [19/Aug/2020:10:27:53 +0800] "POST /xingrg/dwr/call/plaincall/AjaxReportQueryService.refreshCache.dwr HTTP/1.1" 200 78
172.17.0.101 - - [19/Aug/2020:10:27:54 +0800] "GET /xingrg/all/function/internal_message.html?_=1597804078632&CODE_STATE=getMsg HTTP/1.1" 302 -
222.69.27.237 - - [19/Aug/2020:10:27:54 +0800] "GET /xingrg/all/function/internal_message.html?_=1597803945358&CODE_STATE=getMsg HTTP/1.1" 200 27
172.17.0.119 - - [19/Aug/2020:10:27:54 +0800] "POST /xingrg/all/report/load_report_page.html HTTP/1.1" 200 29853
172.17.0.119 - - [19/Aug/2020:10:27:54 +0800] "GET /xingrg/servlets/image?cache=0.13145765315253355&image=px HTTP/1.1" 200 807
114.88.166.242 - - [19/Aug/2020:10:27:55 +0800] "GET /xingrg/check_reg.html?_=1597804073819 HTTP/1.1" 200 22
114.88.166.242 - - [19/Aug/2020:10:27:56 +0800] "GET /xingrg/all/function/internal_message.html?_=1597804074895&CODE_STATE=getMsg HTTP/1.1" 200 27
114.86.228.60 - - [19/Aug/2020:10:27:57 +0800] "GET /xingrg/kc/buy/cgsh_order_add.html HTTP/1.1" 200 59426
114.86.228.60 - - [19/Aug/2020:10:27:57 +0800] "POST /xingrg/kc/buy/cgsh_order_operate.html HTTP/1.1" 200 8245
114.86.228.60 - - [19/Aug/2020:10:27:57 +0800] "GET /xingrg/all/common/auto_word.html?type=employee&rest_code=00109 HTTP/1.1" 200 255
114.86.228.60 - - [19/Aug/2020:10:27:57 +0800] "GET /xingrg/javascript/easyui/themes/default/validatebox.css HTTP/1.1" 404 1104
114.86.228.60 - - [19/Aug/2020:10:27:57 +0800] "GET /xingrg/all/common/auto_word.html?type=employee&rest_code=00109 HTTP/1.1" 200 255
61.172.5.115 - - [19/Aug/2020:10:27:58 +0800] "GET /xingrg/kc/buy/cgsh_order_add.html HTTP/1.1" 200 59379
222.69.135.163 - - [19/Aug/2020:10:27:58 +0800] "GET /xingrg/kc/buy/cgsh_order_add.html HTTP/1.1" 200 59432
222.69.27.237 - - [19/Aug/2020:10:27:58 +0800] "GET /xingrg/kc/buy/cgsh_order_operate.html?command=get_materiel&rest_code=00142&code=00101008286&supplier_code=00100161&order_time=2020-08-19 HTTP/1.1" 200 408
222.69.135.163 - - [19/Aug/2020:10:27:58 +0800] "POST /xingrg/kc/buy/cgsh_order_operate.html HTTP/1.1" 200 8245
222.69.135.163 - - [19/Aug/2020:10:27:58 +0800] "GET /xingrg/javascript/easyui/themes/default/validatebox.css HTTP/1.1" 404 1104
61.172.5.115 - - [19/Aug/2020:10:27:59 +0800] "GET /xingrg/javascript/easyui/themes/default/validatebox.css HTTP/1.1" 404 1104
222.69.135.163 - - [19/Aug/2020:10:27:59 +0800] "GET /xingrg/all/function/internal_message.html?_=1597804073592&CODE_STATE=getMsg HTTP/1.1" 200 27
61.172.5.115 - - [19/Aug/2020:10:27:59 +0800] "POST /xingrg/kc/buy/cgsh_order_operate.html HTTP/1.1" 200 8245
172.17.0.120 - - [19/Aug/2020:10:27:59 +0800] "GET /xingrg/all/function/internal_message.html?_=1597804088275&CODE_STATE=getMsg HTTP/1.1" 200 27
114.89.80.44 - - [19/Aug/2020:10:27:59 +0800] "GET /xingrg/all/function/internal_message.html?_=1597804196498&CODE_STATE=getMsg HTTP/1.1" 200 27
114.86.228.60 - - [19/Aug/2020:10:28:02 +0800] "GET /xingrg/javascript/jquery_tools/images/prev.gif HTTP/1.1" 404 1086
114.86.228.60 - - [19/Aug/2020:10:28:02 +0800] "GET /xingrg/javascript/jquery_tools/images/next.gif HTTP/1.1" 404 1086
61.172.5.115 - - [19/Aug/2020:10:28:06 +0800] "GET /xingrg/kc/buy/cgsh_order_operate.html?command=get_materiel&rest_code=00105&code=00101001140&supplier_code=00100090&order_time=2020-08-19 HTTP/1.1" 200 415
222.69.27.237 - - [19/Aug/2020:10:28:07 +0800] "GET /xingrg/kc/buy/cgsh_order_operate.html?command=get_materiel&rest_code=00142&code=00101008353&supplier_code=00100161&order_time=2020-08-19 HTTP/1.1" 200 408
114.86.228.60 - - [19/Aug/2020:10:28:08 +0800] "GET /xingrg/kc/buy/cgsh_order_operate.html?command=get_materiel&rest_code=00109&code=00101008261&supplier_code=00100005&order_time=2020-08-19 HTTP/1.1" 200 408
114.88.153.118 - - [19/Aug/2020:10:28:14 +0800] "GET /xingrg/all/function/internal_message.html?_=1597804090055&CODE_STATE=getMsg HTTP/1.1" 302 -
120.253.135.82 - - [19/Aug/2020:10:28:15 +0800] "GET /xingrg/all/function/internal_message.html?_=1597803846372&CODE_STATE=getMsg HTTP/1.1" 200 27
222.69.27.237 - - [19/Aug/2020:10:28:17 +0800] "GET /xingrg/kc/buy/cgsh_order_operate.html?command=get_materiel&rest_code=00142&code=00101008351&supplier_code=00100161&order_time=2020-08-19 HTTP/1.1" 200 408
58.221.95.50 - - [19/Aug/2020:10:28:21 +0800] "GET /xingrg/all/function/internal_message.html?_=1597804230668&CODE_STATE=getMsg HTTP/1.1" 200 27
222.69.135.163 - - [19/Aug/2020:10:28:21 +0800] "GET /xingrg/kc/buy/cgsh_order_operate.html?command=get_materiel&rest_code=00149&code=00101016010&supplier_code=00100036&order_time=2020-08-19 HTTP/1.1" 200 408
172.17.0.102 - - [19/Aug/2020:10:28:25 +0800] "GET /xingrg/all/function/internal_message.html?_=1597804104207&CODE_STATE=getMsg HTTP/1.1" 200 27
172.17.0.102 - - [19/Aug/2020:10:28:25 +0800] "GET /xingrg/check_reg.html?_=1597804104205 HTTP/1.1" 200 22
61.172.5.115 - - [19/Aug/2020:10:28:25 +0800] "POST /xingrg/kc/buy/cgsh_order_operate.html HTTP/1.1" 200 37
61.172.5.115 - - [19/Aug/2020:10:28:26 +0800] "POST /xingrg/kc/buy/cgsh_order_operate.html HTTP/1.1" 200 2662
114.88.166.242 - - [19/Aug/2020:10:28:26 +0800] "GET /xingrg/all/function/internal_message.html?_=1597804152737&CODE_STATE=getMsg HTTP/1.1" 200 27
222.69.27.237 - - [19/Aug/2020:10:28:27 +0800] "GET /xingrg/kc/buy/cgsh_order_operate.html?command=get_materiel&rest_code=00142&code=00101008350&supplier_code=00100161&order_time=2020-08-19 HTTP/1.1" 200 408
61.172.5.115 - - [19/Aug/2020:10:28:27 +0800] "GET /xingrg/kc/print/load_data.html?order_code=212020081907981&kc_code=cgsh&condition= HTTP/1.1" 200 739
222.69.135.163 - - [19/Aug/2020:10:28:31 +0800] "GET /xingrg/kc/buy/cgsh_order_operate.html?command=get_materiel&rest_code=00149&code=00101012028&supplier_code=00100036&order_time=2020-08-19 HTTP/1.1" 200 414
172.17.0.123 - - [19/Aug/2020:10:28:31 +0800] "GET /xingrg/all/function/internal_message.html?_=1597804022472&CODE_STATE=getMsg HTTP/1.1" 200 27
61.129.6.227 - - [19/Aug/2020:10:28:32 +0800] "GET /xingrg/all/function/internal_message.html?_=1597803370324&CODE_STATE=getMsg HTTP/1.1" 302 -
114.86.228.60 - - [19/Aug/2020:10:28:33 +0800] "GET /xingrg/all/function/internal_message.html?_=1597804135803&CODE_STATE=getMsg HTTP/1.1" 200 27
172.17.200.101 - - [19/Aug/2020:10:28:33 +0800] "GET /xingrg/check_reg.html?_=1597804114075 HTTP/1.1" 200 22
172.17.200.101 - - [19/Aug/2020:10:28:33 +0800] "GET /xingrg/all/function/internal_message.html?_=1597804114079&CODE_STATE=getMsg HTTP/1.1" 200 27
222.69.27.237 - - [19/Aug/2020:10:28:35 +0800] "GET /xingrg/kc/buy/cgsh_order_operate.html?command=get_materiel&rest_code=00142&code=00101008357&supplier_code=00100161&order_time=2020-08-19 HTTP/1.1" 200 408
116.230.74.197 - - [19/Aug/2020:10:28:37 +0800] "GET /xingrg/all/function/internal_message.html?_=1597804114854&CODE_STATE=getMsg HTTP/1.1" 200 27
218.81.217.115 - - [19/Aug/2020:10:28:39 +0800] "GET /xingrg/all/function/internal_message.html?_=1597804125759&CODE_STATE=getMsg HTTP/1.1" 200 27
180.175.214.200 - - [19/Aug/2020:10:28:40 +0800] "GET /xingrg/login.html HTTP/1.1" 200 7641
180.175.214.200 - - [19/Aug/2020:10:28:41 +0800] "GET /xingrg/images/blue/jxLogo.png HTTP/1.1" 304 -
180.175.214.200 - - [19/Aug/2020:10:28:41 +0800] "GET /xingrg/images/blue/login_bg.png HTTP/1.1" 304 -
180.175.214.200 - - [19/Aug/2020:10:28:41 +0800] "GET /xingrg/images/blue/hj.png HTTP/1.1" 304 -
180.175.214.200 - - [19/Aug/2020:10:28:41 +0800] "GET /xingrg/images/blue/srbg.png HTTP/1.1" 304 -
180.175.214.200 - - [19/Aug/2020:10:28:41 +0800] "GET /favicon.ico HTTP/1.1" 404 -
180.175.214.200 - - [19/Aug/2020:10:28:41 +0800] "GET /xingrg/all/function/internal_message.html?_=1597804325364&CODE_STATE=getMsg HTTP/1.1" 200 27
117.184.7.26 - - [19/Aug/2020:10:28:41 +0800] "GET /xingrg/all/function/internal_message.html?_=1597804114776&CODE_STATE=getMsg HTTP/1.1" 200 27
180.175.214.200 - - [19/Aug/2020:10:28:42 +0800] "POST /xingrg/login.do HTTP/1.1" 302 -
180.175.214.200 - - [19/Aug/2020:10:28:42 +0800] "GET /xingrg/index.html?sysBaseUrl=http%3A%2F%2F180.169.147.146%3A18081%2Fxingrg%2F&costTime=39×tamp=1597804122166 HTTP/1.1" 200 17173
180.175.214.200 - - [19/Aug/2020:10:28:42 +0800] "GET /xingrg/javascript/jquery_easy_ui/themes/default/easyui.css HTTP/1.1" 304 -
180.175.214.200 - - [19/Aug/2020:10:28:42 +0800] "GET /xingrg/javascript/jquery_easy_ui/themes/icon.css HTTP/1.1" 304 -
180.175.214.200 - - [19/Aug/2020:10:28:42 +0800] "GET /xingrg/css/form.css HTTP/1.1" 304 -
180.175.214.200 - - [19/Aug/2020:10:28:42 +0800] "GET /xingrg/javascript/jquery_easy_ui/easyui-lang-zh_CN.js HTTP/1.1" 304 -
180.175.214.200 - - [19/Aug/2020:10:28:42 +0800] "GET /xingrg/javascript/jquery.form.js HTTP/1.1" 304 -
180.175.214.200 - - [19/Aug/2020:10:28:42 +0800] "GET /xingrg/javascript/jquery_easy_ui/jquery.easyui.min.js HTTP/1.1" 304 -
180.175.214.200 - - [19/Aug/2020:10:28:42 +0800] "GET /xingrg/javascript/jquery.timers.js HTTP/1.1" 304 -
180.175.214.200 - - [19/Aug/2020:10:28:42 +0800] "GET /xingrg/javascript/jquery.utils.js HTTP/1.1" 304 -
180.175.214.200 - - [19/Aug/2020:10:28:42 +0800] "GET /xingrg/javascript/jquery-1.4.2.min.js HTTP/1.1" 304 -
180.175.214.200 - - [19/Aug/2020:10:28:42 +0800] "GET /xingrg/images/blue/navBackgound.jpg HTTP/1.1" 304 -
180.175.214.200 - - [19/Aug/2020:10:28:42 +0800] "GET /xingrg/javascript/jquery_easy_ui/themes/icons/settle_new.png HTTP/1.1" 304 -
180.175.214.200 - - [19/Aug/2020:10:28:42 +0800] "GET /favicon.ico HTTP/1.1" 404 -
180.175.214.200 - - [19/Aug/2020:10:28:42 +0800] "POST /xingrg/all/common/load_tree.html?tree=area_rest_tree_json&manage=1 HTTP/1.1" 200 342
180.175.214.200 - - [19/Aug/2020:10:28:42 +0800] "GET /xingrg/images/blue/pingpu.png HTTP/1.1" 304 -
180.175.214.200 - - [19/Aug/2020:10:28:42 +0800] "GET /xingrg/javascript/jquery_easy_ui/themes/default/images/tabs_leftarrow.png HTTP/1.1" 304 -
180.175.214.200 - - [19/Aug/2020:10:28:42 +0800] "GET /xingrg/javascript/jquery_easy_ui/themes/default/images/tabs_rightarrow.png HTTP/1.1" 304 -
180.175.214.200 - - [19/Aug/2020:10:28:42 +0800] "GET /xingrg/javascript/jquery_easy_ui/themes/default/images/panel_tool_collapse.gif HTTP/1.1" 304 -
180.175.214.200 - - [19/Aug/2020:10:28:42 +0800] "GET /xingrg/all/function/internal_message.html?_=1597804121064&CODE_STATE=count HTTP/1.1" 200 11
180.175.214.200 - - [19/Aug/2020:10:28:42 +0800] "GET /xingrg/check_reg.html?_=1597804121066 HTTP/1.1" 200 22
180.175.214.200 - - [19/Aug/2020:10:28:42 +0800] "POST /xingrg/load_menu.html HTTP/1.1" 200 5138
180.175.214.200 - - [19/Aug/2020:10:28:42 +0800] "GET /xingrg/javascript/jquery_easy_ui/themes/default/images/tree_arrows.gif HTTP/1.1" 304 -
180.175.214.200 - - [19/Aug/2020:10:28:42 +0800] "GET /xingrg/javascript/jquery_easy_ui/themes/default/images/tree_folder_open.gif HTTP/1.1" 304 -
180.175.214.200 - - [19/Aug/2020:10:28:42 +0800] "GET /xingrg/javascript/jquery_easy_ui/themes/icons/search_new.png HTTP/1.1" 304 -
180.175.214.200 - - [19/Aug/2020:10:28:42 +0800] "GET /xingrg/javascript/jquery_easy_ui/themes/default/images/tree_folder.gif HTTP/1.1" 304 -
180.175.214.200 - - [19/Aug/2020:10:28:42 +0800] "GET /xingrg/javascript/jquery_easy_ui/themes/icons/storage_new.png HTTP/1.1" 304 -
180.175.214.200 - - [19/Aug/2020:10:28:42 +0800] "GET /xingrg/javascript/jquery_easy_ui/themes/icons/forms_new.png HTTP/1.1" 304 -
180.175.214.200 - - [19/Aug/2020:10:28:42 +0800] "GET /xingrg/javascript/jquery_easy_ui/themes/default/images/tree_file.gif HTTP/1.1" 304 -
61.129.6.227 - - [19/Aug/2020:10:28:42 +0800] "GET /xingrg/login.html HTTP/1.1" 200 7641
61.172.5.115 - - [19/Aug/2020:10:28:43 +0800] "GET /xingrg/all/function/internal_message.html?_=1597804122356&CODE_STATE=getMsg HTTP/1.1" 200 27
172.17.0.119 - - [19/Aug/2020:10:28:43 +0800] "GET /xingrg/all/function/internal_message.html?_=1597804121709&CODE_STATE=getMsg HTTP/1.1" 200 27
172.17.0.185 - - [19/Aug/2020:10:28:43 +0800] "GET /xingrg/all/function/internal_message.html?_=1597804122241&CODE_STATE=getMsg HTTP/1.1" 200 27
222.69.27.237 - - [19/Aug/2020:10:28:44 +0800] "GET /xingrg/kc/buy/cgsh_order_operate.html?command=get_materiel&rest_code=00142&code=00101008264&supplier_code=00100161&order_time=2020-08-19 HTTP/1.1" 200 412
180.175.214.200 - - [19/Aug/2020:10:28:44 +0800] "GET /xingrg/javascript/jquery_easy_ui/themes/default/images/tabs_close.gif HTTP/1.1" 304 -
180.175.214.200 - - [19/Aug/2020:10:28:44 +0800] "GET /xingrg/css/base.css HTTP/1.1" 304 -
180.175.214.200 - - [19/Aug/2020:10:28:44 +0800] "GET /xingrg/css/site.css HTTP/1.1" 304 -
180.175.214.200 - - [19/Aug/2020:10:28:44 +0800] "GET /xingrg/kc/buy/cgsh_order_list.html HTTP/1.1" 200 43641
180.175.214.200 - - [19/Aug/2020:10:28:44 +0800] "GET /xingrg/javascript/jquery_tools/datebox.css HTTP/1.1" 304 -
180.175.214.200 - - [19/Aug/2020:10:28:44 +0800] "GET /xingrg/javascript/easyui/themes/default/easyui.css HTTP/1.1" 304 -
180.175.214.200 - - [19/Aug/2020:10:28:44 +0800] "GET /xingrg/javascript/easyui/themes/icon.css HTTP/1.1" 304 -
180.175.214.200 - - [19/Aug/2020:10:28:44 +0800] "GET /xingrg/javascript/auto/jquery.autocomplete.css HTTP/1.1" 304 -
180.175.214.200 - - [19/Aug/2020:10:28:44 +0800] "GET /xingrg/javascript/jquery_tools/fix.css HTTP/1.1" 304 -
180.175.214.200 - - [19/Aug/2020:10:28:44 +0800] "GET /xingrg/javascript/jquery_tools/table.css HTTP/1.1" 304 -
180.175.214.200 - - [19/Aug/2020:10:28:44 +0800] "GET /xingrg/javascript/jquery_tools/jquery.tools.min.js HTTP/1.1" 304 -
180.175.214.200 - - [19/Aug/2020:10:28:44 +0800] "GET /xingrg/javascript/jquery_tools/jquery.tools.extend.js HTTP/1.1" 304 -
180.175.214.200 - - [19/Aug/2020:10:28:44 +0800] "GET /xingrg/javascript/jquery_tools/jquery.tools.hotkey.js HTTP/1.1" 304 -
180.175.214.200 - - [19/Aug/2020:10:28:44 +0800] "GET /xingrg/javascript/jquery_tools/jquery.tools.table.js HTTP/1.1" 304 -
180.175.214.200 - - [19/Aug/2020:10:28:44 +0800] "GET /xingrg/javascript/jquery_tools/list_manager.js HTTP/1.1" 304 -
180.175.214.200 - - [19/Aug/2020:10:28:44 +0800] "GET /xingrg/javascript/auto/jquery.autocomplete.js HTTP/1.1" 304 -
180.175.214.200 - - [19/Aug/2020:10:28:44 +0800] "GET /xingrg/javascript/easyui/easyloader.js HTTP/1.1" 304 -
180.175.214.200 - - [19/Aug/2020:10:28:44 +0800] "GET /xingrg/javascript/jquery.cookie.js HTTP/1.1" 304 -
180.175.214.200 - - [19/Aug/2020:10:28:44 +0800] "GET /xingrg/javascript/print/LodopFuncs.js HTTP/1.1" 304 -
180.175.214.200 - - [19/Aug/2020:10:28:44 +0800] "GET /xingrg/javascript/easyui/themes/icons/edit_add_new.png HTTP/1.1" 304 -
180.175.214.200 - - [19/Aug/2020:10:28:44 +0800] "GET /xingrg/javascript/easyui/themes/icons/cance_new.png HTTP/1.1" 304 -
180.175.214.200 - - [19/Aug/2020:10:28:44 +0800] "GET /xingrg/javascript/easyui/themes/icons/check_new.png HTTP/1.1" 304 -
180.175.214.200 - - [19/Aug/2020:10:28:44 +0800] "GET /xingrg/javascript/easyui/themes/icons/field_new.png HTTP/1.1" 304 -
180.175.214.200 - - [19/Aug/2020:10:28:44 +0800] "GET /xingrg/javascript/easyui/themes/icons/import_new.png HTTP/1.1" 304 -
180.175.214.200 - - [19/Aug/2020:10:28:44 +0800] "GET /xingrg/javascript/easyui/plugins/jquery.parser.js HTTP/1.1" 304 -
180.175.214.200 - - [19/Aug/2020:10:28:44 +0800] "GET /xingrg/images/control/ajaxLoader.gif HTTP/1.1" 304 -
180.175.214.200 - - [19/Aug/2020:10:28:45 +0800] "GET /xingrg/javascript/jquery_easy_ui/themes/icons/area.png HTTP/1.1" 304 -
180.175.214.200 - - [19/Aug/2020:10:28:45 +0800] "GET /xingrg/javascript/jquery_easy_ui/themes/icons/rest.png HTTP/1.1" 304 -
180.175.214.200 - - [19/Aug/2020:10:28:45 +0800] "POST /xingrg/kc/buy/cgsh_list_operate.html HTTP/1.1" 200 876
180.175.214.200 - - [19/Aug/2020:10:28:45 +0800] "GET /xingrg/javascript/easyui/themes/default/images/button_plain_hover.png HTTP/1.1" 304 -
180.175.214.200 - - [19/Aug/2020:10:28:46 +0800] "GET /xingrg/kc/buy/cgsh_order_add.html HTTP/1.1" 200 59297
180.175.214.200 - - [19/Aug/2020:10:28:46 +0800] "GET /xingrg/javascript/pic_change.js HTTP/1.1" 304 -
180.175.214.200 - - [19/Aug/2020:10:28:46 +0800] "GET /xingrg/javascript/jquery_tools/order_manager.js HTTP/1.1" 304 -
180.175.214.200 - - [19/Aug/2020:10:28:46 +0800] "GET /xingrg/javascript/convert.js HTTP/1.1" 304 -
180.175.214.200 - - [19/Aug/2020:10:28:46 +0800] "GET /xingrg/javascript/json2.js HTTP/1.1" 304 -
180.175.214.200 - - [19/Aug/2020:10:28:46 +0800] "GET /xingrg/javascript/print/kc_print.js HTTP/1.1" 304 -
180.175.214.200 - - [19/Aug/2020:10:28:46 +0800] "GET /xingrg/words/20200818174345_words.js HTTP/1.1" 200 757715
180.175.214.200 - - [19/Aug/2020:10:28:46 +0800] "GET /xingrg/javascript/easyui/themes/icons/copy_new.png HTTP/1.1" 304 -
180.175.214.200 - - [19/Aug/2020:10:28:46 +0800] "GET /xingrg/javascript/easyui/themes/icons/template_new.png HTTP/1.1" 304 -
180.175.214.200 - - [19/Aug/2020:10:28:46 +0800] "GET /xingrg/javascript/easyui/themes/icons/ok.png HTTP/1.1" 304 -
180.175.214.200 - - [19/Aug/2020:10:28:46 +0800] "GET /xingrg/javascript/easyui/themes/icons/print.png HTTP/1.1" 304 -
180.175.214.200 - - [19/Aug/2020:10:28:46 +0800] "GET /xingrg/javascript/easyui/themes/default/images/menu_downarrow.png HTTP/1.1" 304 -
180.175.214.200 - - [19/Aug/2020:10:28:46 +0800] "GET /xingrg/javascript/easyui/themes/icons/cancel.png HTTP/1.1" 304 -
180.175.214.200 - - [19/Aug/2020:10:28:47 +0800] "POST /xingrg/kc/buy/cgsh_order_operate.html HTTP/1.1" 200 8245
180.175.214.200 - - [19/Aug/2020:10:28:47 +0800] "GET /xingrg/javascript/easyui/themes/icons/edit_remove.png HTTP/1.1" 304 -
180.175.214.200 - - [19/Aug/2020:10:28:47 +0800] "GET /xingrg/all/common/auto_word.html?type=employee&rest_code=00102 HTTP/1.1" 200 189
180.175.214.200 - - [19/Aug/2020:10:28:47 +0800] "GET /xingrg/all/common/auto_word.html?type=employee&rest_code=00102 HTTP/1.1" 200 189
180.175.214.200 - - [19/Aug/2020:10:28:47 +0800] "GET /xingrg/javascript/easyui/themes/default/validatebox.css HTTP/1.1" 404 1104
180.175.214.200 - - [19/Aug/2020:10:28:47 +0800] "GET /xingrg/javascript/easyui/plugins/jquery.validatebox.js HTTP/1.1" 304 -
180.175.214.200 - - [19/Aug/2020:10:28:47 +0800] "GET /xingrg/javascript/easyui/plugins/jquery.numberbox.js HTTP/1.1" 304 -
180.175.214.200 - - [19/Aug/2020:10:28:47 +0800] "GET /xingrg/javascript/auto/indicator.gif HTTP/1.1" 404 1066
180.175.214.200 - - [19/Aug/2020:10:28:48 +0800] "GET /xingrg/javascript/jquery_tools/images/prev.gif HTTP/1.1" 404 1086
180.175.214.200 - - [19/Aug/2020:10:28:48 +0800] "GET /xingrg/javascript/jquery_tools/images/next.gif HTTP/1.1" 404 1086
222.69.135.163 - - [19/Aug/2020:10:28:49 +0800] "GET /xingrg/kc/buy/cgsh_order_operate.html?command=get_materiel&rest_code=00149&code=00101012026&supplier_code=00100036&order_time=2020-08-19 HTTP/1.1" 200 408
114.89.80.44 - - [19/Aug/2020:10:28:50 +0800] "GET /xingrg/all/function/internal_message.html?_=1597804129237&CODE_STATE=getMsg HTTP/1.1" 200 27
180.175.214.200 - - [19/Aug/2020:10:28:52 +0800] "GET /xingrg/kc/buy/cgsh_order_operate.html?command=get_materiel&rest_code=00102&code=00101008219&supplier_code=00100008&order_time=2020-08-19 HTTP/1.1" 200 412
222.69.27.237 - - [19/Aug/2020:10:28:52 +0800] "GET /xingrg/kc/buy/cgsh_order_operate.html?command=get_materiel&rest_code=00142&code=00101008248&supplier_code=00100161&order_time=2020-08-19 HTTP/1.1" 200 412
172.17.0.101 - - [19/Aug/2020:10:28:54 +0800] "GET /xingrg/all/function/internal_message.html?_=1597804138765&CODE_STATE=getMsg HTTP/1.1" 302 -
222.69.27.237 - - [19/Aug/2020:10:28:54 +0800] "GET /xingrg/all/function/internal_message.html?_=1597804005302&CODE_STATE=getMsg HTTP/1.1" 200 27
180.175.214.200 - - [19/Aug/2020:10:28:56 +0800] "GET /xingrg/kc/buy/cgsh_order_operate.html?command=get_materiel&rest_code=00102&code=00101008257&supplier_code=00100008&order_time=2020-08-19 HTTP/1.1" 200 416
114.88.166.242 - - [19/Aug/2020:10:28:56 +0800] "GET /xingrg/all/function/internal_message.html?_=1597804134908&CODE_STATE=getMsg HTTP/1.1" 200 27
114.86.228.60 - - [19/Aug/2020:10:28:57 +0800] "GET /xingrg/kc/buy/cgsh_order_operate.html?command=get_materiel&rest_code=00109&code=00101008072&supplier_code=00100005&order_time=2020-08-19 HTTP/1.1" 200 408
114.89.80.44 - - [19/Aug/2020:10:28:58 +0800] "GET /xingrg/check_reg.html?_=1597804255685 HTTP/1.1" 200 22
172.17.0.119 - - [19/Aug/2020:10:28:58 +0800] "POST /xingrg/dwr/call/plaincall/AjaxReportQueryService.getFixDate.dwr HTTP/1.1" 200 111
222.69.135.163 - - [19/Aug/2020:10:28:59 +0800] "GET /xingrg/all/function/internal_message.html?_=1597804133566&CODE_STATE=getMsg HTTP/1.1" 200 27
172.17.0.120 - - [19/Aug/2020:10:28:59 +0800] "GET /xingrg/all/function/internal_message.html?_=1597804148271&CODE_STATE=getMsg HTTP/1.1" 200 27
114.89.80.44 - - [19/Aug/2020:10:28:59 +0800] "GET /xingrg/all/function/internal_message.html?_=1597804256511&CODE_STATE=getMsg HTTP/1.1" 200 27
172.17.0.119 - - [19/Aug/2020:10:29:01 +0800] "POST /xingrg/dwr/call/plaincall/AjaxReportQueryService.getFixDate.dwr HTTP/1.1" 200 111
180.175.214.200 - - [19/Aug/2020:10:29:01 +0800] "GET /xingrg/kc/buy/cgsh_order_operate.html?command=get_materiel&rest_code=00102&code=00101008350&supplier_code=00100008&order_time=2020-08-19 HTTP/1.1" 200 408
222.69.27.237 - - [19/Aug/2020:10:29:04 +0800] "GET /xingrg/kc/buy/cgsh_order_operate.html?command=get_materiel&rest_code=00142&code=00101016053&supplier_code=00100161&order_time=2020-08-19 HTTP/1.1" 200 408
180.175.214.200 - - [19/Aug/2020:10:29:05 +0800] "GET /xingrg/kc/buy/cgsh_order_operate.html?command=get_materiel&rest_code=00102&code=00101008185&supplier_code=00100008&order_time=2020-08-19 HTTP/1.1" 200 408
117.185.32.26 - - [19/Aug/2020:10:29:06 +0800] "POST /xingrg/services/DataTransmitService HTTP/1.1" 200 524
117.185.32.26 - - [19/Aug/2020:10:29:06 +0800] "POST /xingrg/services/DataTransmitService HTTP/1.1" 200 501
117.185.32.26 - - [19/Aug/2020:10:29:06 +0800] "POST /xingrg/services/DataTransmitService HTTP/1.1" 200 501
117.185.32.26 - - [19/Aug/2020:10:29:06 +0800] "POST /xingrg/services/DataTransmitService HTTP/1.1" 200 501
222.69.27.237 - - [19/Aug/2020:10:29:06 +0800] "POST /xingrg/kc/buy/cgsh_order_operate.html HTTP/1.1" 200 2065
117.185.32.26 - - [19/Aug/2020:10:29:06 +0800] "POST /xingrg/services/DataTransmitService HTTP/1.1" 200 501
117.185.32.26 - - [19/Aug/2020:10:29:08 +0800] "POST /xingrg/services/DataTransmitService HTTP/1.1" 200 412
222.69.135.163 - - [19/Aug/2020:10:29:10 +0800] "POST /xingrg/kc/buy/cgsh_order_operate.html HTTP/1.1" 200 37
222.69.27.237 - - [19/Aug/2020:10:29:11 +0800] "GET /xingrg/kc/buy/cgsh_order_operate.html?command=get_materiel&rest_code=00142&code=00101016057&supplier_code=00100161&order_time=2020-08-19 HTTP/1.1" 200 408
180.175.214.200 - - [19/Aug/2020:10:29:12 +0800] "GET /xingrg/kc/buy/cgsh_order_operate.html?command=get_materiel&rest_code=00102&code=00101008028&supplier_code=00100008&order_time=2020-08-19 HTTP/1.1" 200 412
222.69.135.163 - - [19/Aug/2020:10:29:13 +0800] "POST /xingrg/kc/buy/cgsh_order_operate.html HTTP/1.1" 200 12
114.88.153.118 - - [19/Aug/2020:10:29:13 +0800] "GET /xingrg/all/function/internal_message.html?_=1597804150055&CODE_STATE=getMsg HTTP/1.1" 302 -
222.69.135.163 - - [19/Aug/2020:10:29:14 +0800] "GET /xingrg/kc/buy/cgsh_order_info.html?code=212020081907982 HTTP/1.1" 200 54337
222.69.135.163 - - [19/Aug/2020:10:29:14 +0800] "GET /xingrg/javascript/easyui/themes/default/validatebox.css HTTP/1.1" 404 1104
222.69.135.163 - - [19/Aug/2020:10:29:14 +0800] "POST /xingrg/kc/buy/cgsh_order_operate.html HTTP/1.1" 200 1779
120.253.135.82 - - [19/Aug/2020:10:29:15 +0800] "GET /xingrg/all/function/internal_message.html?_=1597803906473&CODE_STATE=getMsg HTTP/1.1" 200 27
114.88.153.118 - - [19/Aug/2020:10:29:16 +0800] "GET /xingrg/check_reg.html?_=1597804152316 HTTP/1.1" 302 -
222.69.135.163 - - [19/Aug/2020:10:29:16 +0800] "GET /xingrg/kc/print/load_data.html?order_code=212020081907982&kc_code=cgsh&condition= HTTP/1.1" 200 1222
114.86.228.60 - - [19/Aug/2020:10:29:17 +0800] "GET /xingrg/kc/buy/cgsh_order_operate.html?command=get_materiel&rest_code=00109&code=00101008331&supplier_code=00100005&order_time=2020-08-19 HTTP/1.1" 200 416
180.175.214.200 - - [19/Aug/2020:10:29:18 +0800] "GET /xingrg/kc/buy/cgsh_order_operate.html?command=get_materiel&rest_code=00102&code=00101008283&supplier_code=00100008&order_time=2020-08-19 HTTP/1.1" 200 408
222.69.27.237 - - [19/Aug/2020:10:29:18 +0800] "GET /xingrg/kc/buy/cgsh_order_operate.html?command=get_materiel&rest_code=00142&code=00101008298&supplier_code=00100161&order_time=2020-08-19 HTTP/1.1" 200 412
172.17.0.119 - - [19/Aug/2020:10:29:20 +0800] "POST /xingrg/dwr/call/plaincall/AjaxReportQueryService.refreshCache.dwr HTTP/1.1" 200 78
222.69.135.163 - - [19/Aug/2020:10:29:21 +0800] "GET /xingrg/kc/buy/cgsh_order_add.html HTTP/1.1" 200 59432
58.221.95.50 - - [19/Aug/2020:10:29:21 +0800] "GET /xingrg/all/function/internal_message.html?_=1597804290691&CODE_STATE=getMsg HTTP/1.1" 200 27
222.69.135.163 - - [19/Aug/2020:10:29:21 +0800] "POST /xingrg/kc/buy/cgsh_order_operate.html HTTP/1.1" 200 8245
222.69.135.163 - - [19/Aug/2020:10:29:21 +0800] "GET /xingrg/javascript/easyui/themes/default/validatebox.css HTTP/1.1" 404 1104
114.86.228.60 - - [19/Aug/2020:10:29:22 +0800] "GET /xingrg/kc/buy/cgsh_order_operate.html?command=get_materiel&rest_code=00109&code=00101008358&supplier_code=00100005&order_time=2020-08-19 HTTP/1.1" 200 412
172.17.0.119 - - [19/Aug/2020:10:29:22 +0800] "POST /xingrg/all/report/load_report_page.html HTTP/1.1" 200 26074
172.17.0.119 - - [19/Aug/2020:10:29:22 +0800] "GET /xingrg/servlets/image?cache=0.1271065312291043&image=px HTTP/1.1" 200 807
180.175.214.200 - - [19/Aug/2020:10:29:23 +0800] "GET /xingrg/kc/buy/cgsh_order_operate.html?command=get_materiel&rest_code=00102&code=00101008110&supplier_code=00100008&order_time=2020-08-19 HTTP/1.1" 200 408
172.17.0.102 - - [19/Aug/2020:10:29:25 +0800] "GET /xingrg/all/function/internal_message.html?_=1597804164197&CODE_STATE=getMsg HTTP/1.1" 200 27
114.88.166.242 - - [19/Aug/2020:10:29:26 +0800] "GET /xingrg/all/function/internal_message.html?_=1597804212735&CODE_STATE=getMsg HTTP/1.1" 200 27
222.69.27.237 - - [19/Aug/2020:10:29:27 +0800] "GET /xingrg/kc/buy/cgsh_order_operate.html?command=get_materiel&rest_code=00142&code=00101008300&supplier_code=00100161&order_time=2020-08-19 HTTP/1.1" 200 412
180.175.214.200 - - [19/Aug/2020:10:29:28 +0800] "GET /xingrg/kc/buy/cgsh_order_operate.html?command=get_materiel&rest_code=00102&code=00101008038&supplier_code=00100008&order_time=2020-08-19 HTTP/1.1" 200 412
114.86.228.60 - - [19/Aug/2020:10:29:30 +0800] "GET /xingrg/kc/buy/cgsh_order_operate.html?command=get_materiel&rest_code=00109&code=00101008355&supplier_code=00100005&order_time=2020-08-19 HTTP/1.1" 200 408
172.17.0.123 - - [19/Aug/2020:10:29:31 +0800] "GET /xingrg/all/function/internal_message.html?_=1597804082474&CODE_STATE=getMsg HTTP/1.1" 200 27
114.86.228.60 - - [19/Aug/2020:10:29:33 +0800] "GET /xingrg/all/function/internal_message.html?_=1597804195803&CODE_STATE=getMsg HTTP/1.1" 200 27
172.17.200.101 - - [19/Aug/2020:10:29:33 +0800] "GET /xingrg/all/function/internal_message.html?_=1597804174065&CODE_STATE=getMsg HTTP/1.1" 200 27
180.175.214.200 - - [19/Aug/2020:10:29:33 +0800] "GET /xingrg/kc/buy/cgsh_order_operate.html?command=get_materiel&rest_code=00102&code=00101008358&supplier_code=00100008&order_time=2020-08-19 HTTP/1.1" 200 412
222.69.27.237 - - [19/Aug/2020:10:29:35 +0800] "GET /xingrg/kc/buy/cgsh_order_operate.html?command=get_materiel&rest_code=00142&code=00101008144&supplier_code=00100161&order_time=2020-08-19 HTTP/1.1" 200 412
116.230.74.197 - - [19/Aug/2020:10:29:36 +0800] "GET /xingrg/check_reg.html?_=1597804173235 HTTP/1.1" 200 22
116.230.74.197 - - [19/Aug/2020:10:29:37 +0800] "GET /xingrg/all/function/internal_message.html?_=1597804174828&CODE_STATE=getMsg HTTP/1.1" 200 27
180.175.214.200 - - [19/Aug/2020:10:29:38 +0800] "GET /xingrg/kc/buy/cgsh_order_operate.html?command=get_materiel&rest_code=00102&code=00101008264&supplier_code=00100008&order_time=2020-08-19 HTTP/1.1" 200 412
218.81.217.115 - - [19/Aug/2020:10:29:39 +0800] "GET /xingrg/all/function/internal_message.html?_=1597804185770&CODE_STATE=getMsg HTTP/1.1" 200 27
101.91.60.104 - - [19/Aug/2020:10:29:40 +0800] "GET /xingrg/all/function/internal_message.html?_=1597803430305&CODE_STATE=getMsg HTTP/1.1" 302 -
61.172.5.115 - - [19/Aug/2020:10:29:40 +0800] "GET /xingrg/kc/buy/cgsh_order_add.html HTTP/1.1" 200 59379
180.175.214.200 - - [19/Aug/2020:10:29:41 +0800] "GET /xingrg/all/function/internal_message.html?_=1597804385376&CODE_STATE=getMsg HTTP/1.1" 200 27
61.172.5.115 - - [19/Aug/2020:10:29:41 +0800] "POST /xingrg/kc/buy/cgsh_order_operate.html HTTP/1.1" 200 8245
61.172.5.115 - - [19/Aug/2020:10:29:41 +0800] "GET /xingrg/javascript/easyui/themes/default/validatebox.css HTTP/1.1" 404 1104
117.184.7.26 - - [19/Aug/2020:10:29:41 +0800] "GET /xingrg/all/function/internal_message.html?_=1597804174882&CODE_STATE=getMsg HTTP/1.1" 200 27
222.69.135.163 - - [19/Aug/2020:10:29:42 +0800] "GET /xingrg/kc/buy/cgsh_order_operate.html?command=get_materiel&rest_code=00149&code=00101006130&supplier_code=00100012&order_time=2020-08-19 HTTP/1.1" 200 427
180.175.214.200 - - [19/Aug/2020:10:29:42 +0800] "GET /xingrg/all/function/internal_message.html?_=1597804181068&CODE_STATE=getMsg HTTP/1.1" 200 27
61.172.5.115 - - [19/Aug/2020:10:29:43 +0800] "GET /xingrg/all/function/internal_message.html?_=1597804182367&CODE_STATE=getMsg HTTP/1.1" 200 27
172.17.0.119 - - [19/Aug/2020:10:29:43 +0800] "GET /xingrg/all/function/internal_message.html?_=1597804181713&CODE_STATE=getMsg HTTP/1.1" 200 27
180.175.214.200 - - [19/Aug/2020:10:29:43 +0800] "GET /xingrg/kc/buy/cgsh_order_operate.html?command=get_materiel&rest_code=00102&code=00101008077&supplier_code=00100008&order_time=2020-08-19 HTTP/1.1" 200 416
172.17.0.185 - - [19/Aug/2020:10:29:43 +0800] "GET /xingrg/all/function/internal_message.html?_=1597804182238&CODE_STATE=getMsg HTTP/1.1" 200 27
222.69.27.237 - - [19/Aug/2020:10:29:45 +0800] "GET /xingrg/kc/buy/cgsh_order_operate.html?command=get_materiel&rest_code=00142&code=00101008125&supplier_code=00100161&order_time=2020-08-19 HTTP/1.1" 200 413
101.91.60.104 - - [19/Aug/2020:10:29:45 +0800] "GET /xingrg/login.html HTTP/1.1" 200 7641
114.86.228.60 - - [19/Aug/2020:10:29:48 +0800] "GET /xingrg/kc/buy/cgsh_order_operate.html?command=get_materiel&rest_code=00109&code=00101008144&supplier_code=00100005&order_time=2020-08-19 HTTP/1.1" 200 412
180.175.214.200 - - [19/Aug/2020:10:29:48 +0800] "GET /xingrg/kc/buy/cgsh_order_operate.html?command=get_materiel&rest_code=00102&code=00101008286&supplier_code=00100008&order_time=2020-08-19 HTTP/1.1" 200 408
222.69.27.237 - - [19/Aug/2020:10:29:48 +0800] "POST /xingrg/kc/buy/cgsh_order_operate.html HTTP/1.1" 200 2065
114.89.80.44 - - [19/Aug/2020:10:29:50 +0800] "GET /xingrg/all/function/internal_message.html?_=1597804189236&CODE_STATE=getMsg HTTP/1.1" 200 27
222.69.135.163 - - [19/Aug/2020:10:29:51 +0800] "GET /xingrg/kc/buy/cgsh_order_operate.html?command=get_materiel&rest_code=00149&code=00101006057&supplier_code=00100012&order_time=2020-08-19 HTTP/1.1" 200 413
61.172.5.115 - - [19/Aug/2020:10:29:52 +0800] "GET /xingrg/kc/buy/cgsh_order_operate.html?command=get_materiel&rest_code=00105&code=00101010079&supplier_code=00100336&order_time=2020-08-19 HTTP/1.1" 200 413
222.69.27.237 - - [19/Aug/2020:10:29:53 +0800] "GET /xingrg/kc/buy/cgsh_order_operate.html?command=get_materiel&rest_code=00142&code=00101008275&supplier_code=00100161&order_time=2020-08-19 HTTP/1.1" 200 417
180.175.214.200 - - [19/Aug/2020:10:29:53 +0800] "GET /xingrg/kc/buy/cgsh_order_operate.html?command=get_materiel&rest_code=00102&code=00101008131&supplier_code=00100008&order_time=2020-08-19 HTTP/1.1" 200 408
222.69.27.237 - - [19/Aug/2020:10:29:54 +0800] "GET /xingrg/all/function/internal_message.html?_=1597804065306&CODE_STATE=getMsg HTTP/1.1" 200 27
172.17.0.101 - - [19/Aug/2020:10:29:54 +0800] "GET /xingrg/all/function/internal_message.html?_=1597804198784&CODE_STATE=getMsg HTTP/1.1" 302 -
114.86.228.60 - - [19/Aug/2020:10:29:55 +0800] "GET /xingrg/kc/buy/cgsh_order_operate.html?command=get_materiel&rest_code=00109&code=00101008005&supplier_code=00100005&order_time=2020-08-19 HTTP/1.1" 200 412
114.88.166.242 - - [19/Aug/2020:10:29:56 +0800] "GET /xingrg/all/function/internal_message.html?_=1597804194922&CODE_STATE=getMsg HTTP/1.1" 200 27
61.172.5.115 - - [19/Aug/2020:10:29:58 +0800] "POST /xingrg/kc/buy/cgsh_order_operate.html HTTP/1.1" 200 37
222.69.135.163 - - [19/Aug/2020:10:29:59 +0800] "GET /xingrg/all/function/internal_message.html?_=1597804193545&CODE_STATE=getMsg HTTP/1.1" 200 27
222.69.135.163 - - [19/Aug/2020:10:29:59 +0800] "GET /xingrg/check_reg.html?_=1597804193751 HTTP/1.1" 200 22
172.17.0.120 - - [19/Aug/2020:10:29:59 +0800] "GET /xingrg/all/function/internal_message.html?_=1597804208266&CODE_STATE=getMsg HTTP/1.1" 200 27
172.17.0.120 - - [19/Aug/2020:10:29:59 +0800] "GET /xingrg/check_reg.html?_=1597804208277 HTTP/1.1" 200 22
222.69.135.163 - - [19/Aug/2020:10:29:59 +0800] "GET /xingrg/kc/buy/cgsh_order_operate.html?command=get_materiel&rest_code=00149&code=00101006109&supplier_code=00100012&order_time=2020-08-19 HTTP/1.1" 200 409
114.89.80.44 - - [19/Aug/2020:10:29:59 +0800] "GET /xingrg/all/function/internal_message.html?_=1597804316524&CODE_STATE=getMsg HTTP/1.1" 200 27
61.172.5.115 - - [19/Aug/2020:10:29:59 +0800] "POST /xingrg/kc/buy/cgsh_order_operate.html HTTP/1.1" 200 2657
180.175.214.200 - - [19/Aug/2020:10:29:59 +0800] "GET /xingrg/kc/buy/cgsh_order_operate.html?command=get_materiel&rest_code=00102&code=00101008318&supplier_code=00100008&order_time=2020-08-19 HTTP/1.1" 200 408
61.172.5.115 - - [19/Aug/2020:10:30:00 +0800] "GET /xingrg/kc/print/load_data.html?order_code=212020081907983&kc_code=cgsh&condition= HTTP/1.1" 200 670
222.69.27.237 - - [19/Aug/2020:10:30:00 +0800] "GET /xingrg/kc/buy/cgsh_order_operate.html?command=get_materiel&rest_code=00142&code=00101008092&supplier_code=00100161&order_time=2020-08-19 HTTP/1.1" 200 412
180.175.214.200 - - [19/Aug/2020:10:30:04 +0800] "GET /xingrg/kc/buy/cgsh_order_operate.html?command=get_materiel&rest_code=00102&code=00101008352&supplier_code=00100008&order_time=2020-08-19 HTTP/1.1" 200 412
61.172.5.115 - - [19/Aug/2020:10:30:05 +0800] "GET /xingrg/kc/buy/cgsh_order_add.html HTTP/1.1" 200 59379
61.172.5.115 - - [19/Aug/2020:10:30:05 +0800] "POST /xingrg/kc/buy/cgsh_order_operate.html HTTP/1.1" 200 8245
61.172.5.115 - - [19/Aug/2020:10:30:06 +0800] "GET /xingrg/javascript/easyui/themes/default/validatebox.css HTTP/1.1" 404 1104
