180.175.214.200 - - [19/Aug/2020:10:40:42 +0800] "GET /xingrg/all/function/internal_message.html?_=1597805046510&CODE_STATE=getMsg HTTP/1.1" 200 27
61.172.5.115 - - [19/Aug/2020:10:40:43 +0800] "GET /xingrg/all/function/internal_message.html?_=1597804842374&CODE_STATE=getMsg HTTP/1.1" 200 27
61.172.5.115 - - [19/Aug/2020:10:40:43 +0800] "GET /xingrg/check_reg.html?_=1597804842371 HTTP/1.1" 200 22
172.17.0.119 - - [19/Aug/2020:10:40:43 +0800] "GET /xingrg/all/function/internal_message.html?_=1597804841720&CODE_STATE=getMsg HTTP/1.1" 200 27
218.81.217.115 - - [19/Aug/2020:10:40:43 +0800] "GET /xingrg/kc/buy/cgsh_order_add.html HTTP/1.1" 200 59385
218.81.217.115 - - [19/Aug/2020:10:40:43 +0800] "GET /xingrg/javascript/easyui/themes/default/validatebox.css HTTP/1.1" 404 1104
172.17.0.185 - - [19/Aug/2020:10:40:43 +0800] "GET /xingrg/all/function/internal_message.html?_=1597804842245&CODE_STATE=getMsg HTTP/1.1" 200 27
218.81.217.115 - - [19/Aug/2020:10:40:43 +0800] "POST /xingrg/kc/buy/cgsh_order_operate.html HTTP/1.1" 200 8245
180.175.214.200 - - [19/Aug/2020:10:40:44 +0800] "POST /xingrg/kc/buy/cgsh_order_operate.html HTTP/1.1" 200 37
117.184.7.30 - - [19/Aug/2020:10:40:44 +0800] "GET /xingrg/kc/buy/cgsh_order_operate.html?command=get_materiel&rest_code=00108&code=00101008261&supplier_code=00100008&order_time=2020-08-19 HTTP/1.1" 200 408
180.175.214.200 - - [19/Aug/2020:10:40:45 +0800] "POST /xingrg/kc/buy/cgsh_order_operate.html HTTP/1.1" 200 12
180.175.214.200 - - [19/Aug/2020:10:40:46 +0800] "GET /xingrg/kc/buy/cgsh_order_info.html?code=212020081908008 HTTP/1.1" 200 54202
180.175.214.200 - - [19/Aug/2020:10:40:46 +0800] "GET /xingrg/javascript/jquery_easy_ui/themes/icons/area.png HTTP/1.1" 304 -
180.175.214.200 - - [19/Aug/2020:10:40:46 +0800] "GET /xingrg/javascript/jquery_easy_ui/themes/icons/rest.png HTTP/1.1" 304 -
180.175.214.200 - - [19/Aug/2020:10:40:46 +0800] "GET /xingrg/javascript/easyui/themes/default/validatebox.css HTTP/1.1" 404 1104
180.175.214.200 - - [19/Aug/2020:10:40:46 +0800] "POST /xingrg/kc/buy/cgsh_order_operate.html HTTP/1.1" 200 605
180.175.214.200 - - [19/Aug/2020:10:40:47 +0800] "GET /xingrg/kc/print/load_config.html?kc_code=cgsh HTTP/1.1" 200 1845
180.175.214.200 - - [19/Aug/2020:10:40:47 +0800] "GET /xingrg/kc/print/load_data.html?order_code=212020081908008&kc_code=cgsh&condition= HTTP/1.1" 200 696
116.230.74.197 - - [19/Aug/2020:10:40:50 +0800] "GET /xingrg/all/function/internal_message.html?_=1597804847133&CODE_STATE=getMsg HTTP/1.1" 200 27
180.157.251.101 - - [19/Aug/2020:10:40:50 +0800] "GET /xingrg/all/function/internal_message.html?_=1597804848868&CODE_STATE=getMsg HTTP/1.1" 200 27
180.175.214.200 - - [19/Aug/2020:10:40:50 +0800] "GET /xingrg/kc/buy/cgsh_order_add.html HTTP/1.1" 200 59297
180.175.214.200 - - [19/Aug/2020:10:40:51 +0800] "POST /xingrg/kc/buy/cgsh_order_operate.html HTTP/1.1" 200 8245
117.184.7.26 - - [19/Aug/2020:10:40:51 +0800] "GET /xingrg/kc/buy/cgsh_order_operate.html?command=get_materiel&rest_code=00108&code=00101008072&supplier_code=00100008&order_time=2020-08-19 HTTP/1.1" 200 408
180.175.214.200 - - [19/Aug/2020:10:40:51 +0800] "GET /xingrg/javascript/easyui/themes/default/validatebox.css HTTP/1.1" 404 1104
114.88.153.118 - - [19/Aug/2020:10:40:52 +0800] "GET /xingrg/all/function/internal_message.html?_=1597804493067&CODE_STATE=getMsg HTTP/1.1" 200 27
172.17.0.101 - - [19/Aug/2020:10:40:52 +0800] "GET /xingrg/check_reg.html?_=1597804856536 HTTP/1.1" 302 -
180.157.251.101 - - [19/Aug/2020:10:40:52 +0800] "GET /xingrg/kc/buy/cgsh_order_operate.html?command=get_materiel&rest_code=00148&code=00101016053&supplier_code=00100036&order_time=2020-08-19 HTTP/1.1" 200 408
180.175.214.200 - - [19/Aug/2020:10:40:53 +0800] "GET /xingrg/javascript/auto/indicator.gif HTTP/1.1" 404 1066
222.69.27.237 - - [19/Aug/2020:10:40:54 +0800] "GET /xingrg/all/function/internal_message.html?_=1597804725311&CODE_STATE=getMsg HTTP/1.1" 200 27
116.230.74.197 - - [19/Aug/2020:10:40:54 +0800] "POST /xingrg/kc/buy/cgsh_list_operate.html HTTP/1.1" 200 5071
172.17.0.101 - - [19/Aug/2020:10:40:55 +0800] "GET /xingrg/all/function/internal_message.html?_=1597804859431&CODE_STATE=getMsg HTTP/1.1" 302 -
114.88.166.242 - - [19/Aug/2020:10:40:57 +0800] "GET /xingrg/all/function/internal_message.html?_=1597804855121&CODE_STATE=getMsg HTTP/1.1" 200 27
116.230.74.197 - - [19/Aug/2020:10:40:57 +0800] "POST /xingrg/kc/buy/cgsh_list_operate.html HTTP/1.1" 200 295
222.69.135.163 - - [19/Aug/2020:10:40:58 +0800] "GET /xingrg/all/function/internal_message.html?_=1597804853389&CODE_STATE=getMsg HTTP/1.1" 200 27
116.230.74.197 - - [19/Aug/2020:10:40:58 +0800] "GET /xingrg/kc/buy/cgsh_order_add.html HTTP/1.1" 200 59426
180.175.214.200 - - [19/Aug/2020:10:40:59 +0800] "GET /xingrg/kc/buy/cgsh_order_operate.html?command=get_materiel&rest_code=00102&code=00101008061&supplier_code=00100339&order_time=2020-08-18 HTTP/1.1" 200 422
117.184.7.26 - - [19/Aug/2020:10:40:59 +0800] "GET /xingrg/kc/buy/cgsh_order_operate.html?command=get_materiel&rest_code=00108&code=00101008080&supplier_code=00100008&order_time=2020-08-19 HTTP/1.1" 200 416
172.17.0.120 - - [19/Aug/2020:10:40:59 +0800] "GET /xingrg/all/function/internal_message.html?_=1597804868266&CODE_STATE=getMsg HTTP/1.1" 200 27
116.230.74.197 - - [19/Aug/2020:10:40:59 +0800] "GET /xingrg/javascript/easyui/themes/default/validatebox.css HTTP/1.1" 404 1104
116.230.74.197 - - [19/Aug/2020:10:40:59 +0800] "POST /xingrg/kc/buy/cgsh_order_operate.html HTTP/1.1" 200 8245
114.89.80.44 - - [19/Aug/2020:10:40:59 +0800] "GET /xingrg/all/function/internal_message.html?_=1597804976736&CODE_STATE=getMsg HTTP/1.1" 200 27
180.157.251.101 - - [19/Aug/2020:10:40:59 +0800] "GET /xingrg/kc/buy/cgsh_order_operate.html?command=get_materiel&rest_code=00148&code=00101011005&supplier_code=00100036&order_time=2020-08-19 HTTP/1.1" 200 428
114.88.153.118 - - [19/Aug/2020:10:41:01 +0800] "POST /xingrg/kc/buy/cgsh_order_operate.html HTTP/1.1" 200 37
116.230.74.197 - - [19/Aug/2020:10:41:01 +0800] "GET /xingrg/javascript/easyui/themes/default/tree.css HTTP/1.1" 404 1090
116.230.74.197 - - [19/Aug/2020:10:41:01 +0800] "POST /xingrg/all/common/load_tree.html?tree=supplier_tree_json&isDelete=1 HTTP/1.1" 200 49675
180.157.251.101 - - [19/Aug/2020:10:41:02 +0800] "POST /xingrg/kc/mdqp/pssh_list_operate.html HTTP/1.1" 200 775
114.88.153.118 - - [19/Aug/2020:10:41:03 +0800] "POST /xingrg/kc/buy/cgsh_order_operate.html HTTP/1.1" 200 12
180.175.214.200 - - [19/Aug/2020:10:41:04 +0800] "GET /xingrg/kc/buy/cgsh_order_operate.html?command=get_materiel&rest_code=00102&code=00101015066&supplier_code=00100339&order_time=2020-08-18 HTTP/1.1" 200 413
114.89.80.44 - - [19/Aug/2020:10:41:04 +0800] "GET /xingrg/all/function/internal_message.html?_=1597804863003&CODE_STATE=getMsg HTTP/1.1" 200 27
114.88.153.118 - - [19/Aug/2020:10:41:04 +0800] "GET /xingrg/kc/buy/cgsh_order_info.html?code=212020081908009 HTTP/1.1" 200 54294
114.88.153.118 - - [19/Aug/2020:10:41:05 +0800] "GET /xingrg/javascript/easyui/themes/default/validatebox.css HTTP/1.1" 404 1104
114.88.153.118 - - [19/Aug/2020:10:41:05 +0800] "POST /xingrg/kc/buy/cgsh_order_operate.html HTTP/1.1" 200 608
180.157.251.101 - - [19/Aug/2020:10:41:05 +0800] "GET /xingrg/kc/base/kc_stocks.html HTTP/1.1" 200 16335
180.157.251.101 - - [19/Aug/2020:10:41:06 +0800] "GET /xingrg/javascript/easyui/themes/default/tree.css HTTP/1.1" 404 1090
180.157.251.101 - - [19/Aug/2020:10:41:06 +0800] "GET /xingrg/all/common/auto_word.html?type=base&rest_code=00148 HTTP/1.1" 200 1753
180.157.251.101 - - [19/Aug/2020:10:41:06 +0800] "POST /xingrg/all/common/load_tree.html?tree=materiel_sort_tree_json HTTP/1.1" 200 8666
117.184.7.26 - - [19/Aug/2020:10:41:07 +0800] "GET /xingrg/kc/buy/cgsh_order_operate.html?command=get_materiel&rest_code=00108&code=00101008350&supplier_code=00100008&order_time=2020-08-19 HTTP/1.1" 200 408
218.81.217.115 - - [19/Aug/2020:10:41:08 +0800] "GET /xingrg/kc/buy/cgsh_order_operate.html?command=get_materiel&rest_code=00146&code=00101010079&supplier_code=00100336&order_time=2020-08-19 HTTP/1.1" 200 413
116.230.74.197 - - [19/Aug/2020:10:41:10 +0800] "POST /xingrg/kc/buy/cgsh_list_operate.html HTTP/1.1" 200 5071
114.86.228.60 - - [19/Aug/2020:10:41:11 +0800] "POST /xingrg/kc/buy/cgsh_order_operate.html HTTP/1.1" 200 37
180.175.214.200 - - [19/Aug/2020:10:41:13 +0800] "GET /xingrg/kc/buy/cgsh_order_operate.html?command=get_materiel&rest_code=00102&code=00101008314&supplier_code=00100339&order_time=2020-08-18 HTTP/1.1" 200 413
114.88.153.118 - - [19/Aug/2020:10:41:13 +0800] "GET /xingrg/all/function/internal_message.html?_=1597804869789&CODE_STATE=getMsg HTTP/1.1" 302 -
116.230.74.197 - - [19/Aug/2020:10:41:14 +0800] "GET /xingrg/javascript/auto/indicator.gif HTTP/1.1" 404 1066
114.88.153.118 - - [19/Aug/2020:10:41:15 +0800] "GET /xingrg/kc/print/load_config.html?kc_code=cgsh HTTP/1.1" 200 1845
114.88.153.118 - - [19/Aug/2020:10:41:15 +0800] "GET /xingrg/kc/print/load_data.html?order_code=212020081908009&kc_code=cgsh&condition= HTTP/1.1" 200 709
117.184.7.26 - - [19/Aug/2020:10:41:15 +0800] "GET /xingrg/kc/buy/cgsh_order_operate.html?command=get_materiel&rest_code=00108&code=00101008149&supplier_code=00100008&order_time=2020-08-19 HTTP/1.1" 200 408
114.86.228.60 - - [19/Aug/2020:10:41:16 +0800] "POST /xingrg/kc/buy/cgsh_order_operate.html HTTP/1.1" 200 27505
180.175.214.200 - - [19/Aug/2020:10:41:18 +0800] "GET /xingrg/kc/buy/cgsh_order_operate.html?command=get_materiel&rest_code=00102&code=00101008512&supplier_code=00100339&order_time=2020-08-18 HTTP/1.1" 200 399
180.157.251.101 - - [19/Aug/2020:10:41:18 +0800] "POST /xingrg/kc/base/stock_operate.html HTTP/1.1" 200 2697
116.230.74.197 - - [19/Aug/2020:10:41:19 +0800] "GET /xingrg/kc/buy/cgsh_order_operate.html?command=get_materiel&rest_code=00107&code=00101010162&supplier_code=00100323&order_time=2020-08-19 HTTP/1.1" 200 417
119.61.6.135 - - [19/Aug/2020:10:41:19 +0800] "GET / HTTP/1.0" 404 -
180.157.251.101 - - [19/Aug/2020:10:41:20 +0800] "GET /xingrg/kc/base/stock_detail.html?m=00101010627 HTTP/1.1" 200 7279
58.221.95.50 - - [19/Aug/2020:10:41:21 +0800] "GET /xingrg/all/function/internal_message.html?_=1597805010689&CODE_STATE=getMsg HTTP/1.1" 200 27
114.86.228.60 - - [19/Aug/2020:10:41:21 +0800] "GET /xingrg/kc/buy/cgsh_order_operate.html?command=get_materiel&rest_code=00109&code=00101008361&supplier_code=00100005&order_time=2020-08-19 HTTP/1.1" 200 427
180.157.251.101 - - [19/Aug/2020:10:41:21 +0800] "GET /xingrg/kc/base/stock_operate.html?_=1597804881049&command=get_report_file&start_day=20200801 HTTP/1.1" 200 53
180.157.251.101 - - [19/Aug/2020:10:41:21 +0800] "GET /xingrg/all/report/report_query.html?isQuery=1&onlyBody=1&rh=2000&fileName=kc/base/kc_stock_detail_new.xml&queryString=(1=1)&queryText=&tableQueryString=init_table$sp1$$sp$crk_table$sp1$order_day%20between%2020200801%20and%2020200831&varString=start_day:20200801,materiel_code:00101010627,cost_id:2777,end_date:20200731 HTTP/1.1" 200 48701
180.157.251.101 - - [19/Aug/2020:10:41:21 +0800] "GET /xingrg/dwr/interface/AjaxReportQueryService.js HTTP/1.1" 200 13203
180.157.251.101 - - [19/Aug/2020:10:41:21 +0800] "GET /xingrg/dwr/util.js HTTP/1.1" 304 -
180.157.251.101 - - [19/Aug/2020:10:41:21 +0800] "GET /xingrg/dwr/engine.js HTTP/1.1" 200 43631
180.157.251.101 - - [19/Aug/2020:10:41:22 +0800] "POST /xingrg/all/report/load_report_page.html HTTP/1.1" 200 25238
180.157.251.101 - - [19/Aug/2020:10:41:22 +0800] "GET /xingrg/servlets/image?cache=0.06690106765328441&image=px HTTP/1.1" 200 807
117.184.7.26 - - [19/Aug/2020:10:41:22 +0800] "GET /xingrg/kc/buy/cgsh_order_operate.html?command=get_materiel&rest_code=00108&code=00101008185&supplier_code=00100008&order_time=2020-08-19 HTTP/1.1" 200 408
180.157.251.101 - - [19/Aug/2020:10:41:24 +0800] "GET /xingrg/kc/guide/show_order.html?code=212020081607021&type=21 HTTP/1.1" 302 -
180.157.251.101 - - [19/Aug/2020:10:41:24 +0800] "GET /xingrg/kc/buy/cgsh_order_info.html?code=212020081607021&sysBaseUrl=http%3A%2F%2F180.169.147.146%3A18081%2Fxingrg%2F&costTime=0×tamp=1597804884497 HTTP/1.1" 200 54288
180.175.214.200 - - [19/Aug/2020:10:41:24 +0800] "POST /xingrg/kc/buy/cgsh_order_operate.html HTTP/1.1" 200 37
180.157.251.101 - - [19/Aug/2020:10:41:24 +0800] "GET /favicon.ico HTTP/1.1" 404 -
180.157.251.101 - - [19/Aug/2020:10:41:25 +0800] "GET /xingrg/words/20200818174345_words.js HTTP/1.1" 304 -
218.81.217.115 - - [19/Aug/2020:10:41:25 +0800] "POST /xingrg/kc/buy/cgsh_order_operate.html HTTP/1.1" 200 88
172.17.0.102 - - [19/Aug/2020:10:41:25 +0800] "GET /xingrg/all/function/internal_message.html?_=1597804884232&CODE_STATE=getMsg HTTP/1.1" 200 27
180.157.251.101 - - [19/Aug/2020:10:41:25 +0800] "GET /xingrg/javascript/easyui/themes/default/validatebox.css HTTP/1.1" 404 1104
180.157.251.101 - - [19/Aug/2020:10:41:25 +0800] "POST /xingrg/kc/buy/cgsh_order_operate.html HTTP/1.1" 200 1201
117.184.7.26 - - [19/Aug/2020:10:41:25 +0800] "GET /xingrg/all/function/internal_message.html?_=1597804879075&CODE_STATE=getMsg HTTP/1.1" 200 27
114.86.228.60 - - [19/Aug/2020:10:41:26 +0800] "GET /xingrg/kc/buy/cgsh_order_operate.html?command=get_materiel&rest_code=00109&code=00101008264&supplier_code=00100005&order_time=2020-08-19 HTTP/1.1" 200 412
114.88.166.242 - - [19/Aug/2020:10:41:26 +0800] "GET /xingrg/all/function/internal_message.html?_=1597804932763&CODE_STATE=getMsg HTTP/1.1" 200 27
101.91.60.11 - - [19/Aug/2020:10:41:27 +0800] "GET /xingrg/all/function/internal_message.html?_=1597804150055&CODE_STATE=getMsg HTTP/1.1" 302 -
180.175.214.200 - - [19/Aug/2020:10:41:27 +0800] "POST /xingrg/kc/buy/cgsh_order_operate.html HTTP/1.1" 200 12
116.235.241.164 - - [19/Aug/2020:10:41:28 +0800] "GET /xingrg/all/function/internal_message.html?_=1597804885478&CODE_STATE=getMsg HTTP/1.1" 200 27
180.175.214.200 - - [19/Aug/2020:10:41:29 +0800] "GET /xingrg/kc/buy/cgsh_order_info.html?code=212020081908010 HTTP/1.1" 200 54203
180.175.214.200 - - [19/Aug/2020:10:41:29 +0800] "GET /xingrg/javascript/easyui/themes/default/validatebox.css HTTP/1.1" 404 1104
180.175.214.200 - - [19/Aug/2020:10:41:29 +0800] "POST /xingrg/kc/buy/cgsh_order_operate.html HTTP/1.1" 200 1796
218.81.217.115 - - [19/Aug/2020:10:41:31 +0800] "GET /xingrg/all/function/internal_message.html?_=1597804899239&CODE_STATE=getMsg HTTP/1.1" 200 27
114.86.228.60 - - [19/Aug/2020:10:41:31 +0800] "GET /xingrg/javascript/auto/indicator.gif HTTP/1.1" 404 1066
218.81.217.115 - - [19/Aug/2020:10:41:31 +0800] "POST /xingrg/kc/buy/cgsh_order_operate.html HTTP/1.1" 200 37
180.175.214.200 - - [19/Aug/2020:10:41:31 +0800] "GET /xingrg/kc/print/load_data.html?order_code=212020081908010&kc_code=cgsh&condition= HTTP/1.1" 200 1161
172.17.0.123 - - [19/Aug/2020:10:41:31 +0800] "GET /xingrg/all/function/internal_message.html?_=1597804802468&CODE_STATE=getMsg HTTP/1.1" 200 27
172.17.0.123 - - [19/Aug/2020:10:41:31 +0800] "GET /xingrg/check_reg.html?_=1597804802470 HTTP/1.1" 200 22
180.157.251.101 - - [19/Aug/2020:10:41:31 +0800] "GET /xingrg/kc/buy/cgsh_order_operate.html?command=get_materiel&rest_code=00148&code=00101006161&supplier_code=00100036&order_time=2020-08-19 HTTP/1.1" 200 409
114.86.228.60 - - [19/Aug/2020:10:41:31 +0800] "GET /xingrg/kc/buy/cgsh_order_operate.html?command=get_materiel&rest_code=00109&code=00101008356&supplier_code=00100005&order_time=2020-08-19 HTTP/1.1" 200 408
117.184.7.26 - - [19/Aug/2020:10:41:32 +0800] "GET /xingrg/kc/buy/cgsh_order_operate.html?command=get_materiel&rest_code=00108&code=00101008312&supplier_code=00100008&order_time=2020-08-19 HTTP/1.1" 200 412
180.175.214.200 - - [19/Aug/2020:10:41:32 +0800] "GET /xingrg/all/function/internal_message.html?_=1597804891356&CODE_STATE=getMsg HTTP/1.1" 200 27
218.81.217.115 - - [19/Aug/2020:10:41:32 +0800] "POST /xingrg/kc/buy/cgsh_order_operate.html HTTP/1.1" 200 2658
180.157.251.101 - - [19/Aug/2020:10:41:33 +0800] "GET /xingrg/kc/guide/show_order.html?code=212020081204966&type=21 HTTP/1.1" 302 -
114.88.153.118 - - [19/Aug/2020:10:41:33 +0800] "GET /xingrg/kc/buy/cgsh_order_add.html HTTP/1.1" 200 59385
180.157.251.101 - - [19/Aug/2020:10:41:33 +0800] "GET /xingrg/kc/buy/cgsh_order_info.html?code=212020081204966&sysBaseUrl=http%3A%2F%2F180.169.147.146%3A18081%2Fxingrg%2F&costTime=1×tamp=1597804893268 HTTP/1.1" 200 54288
172.17.200.101 - - [19/Aug/2020:10:41:33 +0800] "GET /xingrg/all/function/internal_message.html?_=1597804894075&CODE_STATE=getMsg HTTP/1.1" 200 27
180.157.251.101 - - [19/Aug/2020:10:41:33 +0800] "GET /favicon.ico HTTP/1.1" 404 -
114.88.153.118 - - [19/Aug/2020:10:41:33 +0800] "POST /xingrg/kc/buy/cgsh_order_operate.html HTTP/1.1" 200 8245
114.88.153.118 - - [19/Aug/2020:10:41:33 +0800] "GET /xingrg/javascript/easyui/themes/default/validatebox.css HTTP/1.1" 404 1104
180.157.251.101 - - [19/Aug/2020:10:41:34 +0800] "GET /xingrg/javascript/easyui/themes/default/validatebox.css HTTP/1.1" 404 1104
180.157.251.101 - - [19/Aug/2020:10:41:34 +0800] "POST /xingrg/kc/buy/cgsh_order_operate.html HTTP/1.1" 200 2396
180.175.214.200 - - [19/Aug/2020:10:41:35 +0800] "GET /xingrg/kc/buy/cgsh_order_add.html HTTP/1.1" 200 59297
218.81.217.115 - - [19/Aug/2020:10:41:35 +0800] "GET /xingrg/kc/print/load_data.html?order_code=212020081908012&kc_code=cgsh&condition= HTTP/1.1" 200 680
180.175.214.200 - - [19/Aug/2020:10:41:36 +0800] "POST /xingrg/kc/buy/cgsh_order_operate.html HTTP/1.1" 200 8245
180.175.214.200 - - [19/Aug/2020:10:41:36 +0800] "GET /xingrg/javascript/easyui/themes/default/validatebox.css HTTP/1.1" 404 1104
114.86.228.60 - - [19/Aug/2020:10:41:36 +0800] "GET /xingrg/kc/buy/cgsh_order_operate.html?command=get_materiel&rest_code=00109&code=00101008301&supplier_code=00100005&order_time=2020-08-19 HTTP/1.1" 200 422
101.91.60.11 - - [19/Aug/2020:10:41:37 +0800] "GET /xingrg/login.html HTTP/1.1" 200 7641
117.184.7.26 - - [19/Aug/2020:10:41:37 +0800] "GET /xingrg/kc/buy/cgsh_order_operate.html?command=get_materiel&rest_code=00108&code=00101008010&supplier_code=00100008&order_time=2020-08-19 HTTP/1.1" 200 412
114.86.228.60 - - [19/Aug/2020:10:41:38 +0800] "POST /xingrg/kc/buy/cgsh_order_operate.html HTTP/1.1" 200 2065
114.86.228.60 - - [19/Aug/2020:10:41:41 +0800] "GET /xingrg/kc/buy/cgsh_order_operate.html?command=get_materiel&rest_code=00109&code=00101008006&supplier_code=00100005&order_time=2020-08-19 HTTP/1.1" 200 416
117.184.7.26 - - [19/Aug/2020:10:41:42 +0800] "GET /xingrg/all/function/internal_message.html?_=1597804895699&CODE_STATE=getMsg HTTP/1.1" 200 27
180.175.214.200 - - [19/Aug/2020:10:41:42 +0800] "GET /xingrg/all/function/internal_message.html?_=1597805106865&CODE_STATE=getMsg HTTP/1.1" 200 27
61.172.5.115 - - [19/Aug/2020:10:41:43 +0800] "GET /xingrg/all/function/internal_message.html?_=1597804902368&CODE_STATE=getMsg HTTP/1.1" 200 27
172.17.0.119 - - [19/Aug/2020:10:41:43 +0800] "GET /xingrg/all/function/internal_message.html?_=1597804901707&CODE_STATE=getMsg HTTP/1.1" 200 27
114.86.228.60 - - [19/Aug/2020:10:41:43 +0800] "GET /xingrg/all/function/internal_message.html?_=1597804926131&CODE_STATE=getMsg HTTP/1.1" 200 27
172.17.0.185 - - [19/Aug/2020:10:41:43 +0800] "GET /xingrg/all/function/internal_message.html?_=1597804902234&CODE_STATE=getMsg HTTP/1.1" 200 27
180.157.251.101 - - [19/Aug/2020:10:41:44 +0800] "GET /xingrg/kc/buy/cgsh_order_operate.html?command=get_materiel&rest_code=00148&code=00101016025&supplier_code=00100036&order_time=2020-08-19 HTTP/1.1" 200 408
117.184.7.26 - - [19/Aug/2020:10:41:45 +0800] "GET /xingrg/kc/buy/cgsh_order_operate.html?command=get_materiel&rest_code=00108&code=00101008351&supplier_code=00100008&order_time=2020-08-19 HTTP/1.1" 200 408
114.86.228.60 - - [19/Aug/2020:10:41:46 +0800] "GET /xingrg/kc/buy/cgsh_order_operate.html?command=get_materiel&rest_code=00109&code=00101008296&supplier_code=00100005&order_time=2020-08-19 HTTP/1.1" 200 416
180.175.214.200 - - [19/Aug/2020:10:41:47 +0800] "GET /xingrg/kc/buy/cgsh_order_operate.html?command=get_materiel&rest_code=00102&code=00101006001&supplier_code=00100404&order_time=2020-08-18 HTTP/1.1" 200 428
117.185.32.26 - - [19/Aug/2020:10:41:49 +0800] "GET /xingrg/login.html HTTP/1.1" 200 7641
116.230.74.197 - - [19/Aug/2020:10:41:49 +0800] "GET /xingrg/kc/buy/cgsh_order_operate.html?command=get_materiel&rest_code=00107&code=00101007057&supplier_code=00100323&order_time=2020-08-19 HTTP/1.1" 200 432
116.230.74.197 - - [19/Aug/2020:10:41:50 +0800] "GET /xingrg/all/function/internal_message.html?_=1597804907139&CODE_STATE=getMsg HTTP/1.1" 200 27
180.157.251.101 - - [19/Aug/2020:10:41:50 +0800] "GET /xingrg/all/function/internal_message.html?_=1597804908881&CODE_STATE=getMsg HTTP/1.1" 200 27
61.172.5.115 - - [19/Aug/2020:10:41:50 +0800] "GET /xingrg/kc/buy/cgsh_order_operate.html?command=get_materiel&rest_code=00105&code=00101003037&supplier_code=00100088&order_time=2020-08-19 HTTP/1.1" 200 436
117.184.7.26 - - [19/Aug/2020:10:41:51 +0800] "GET /xingrg/kc/buy/cgsh_order_operate.html?command=get_materiel&rest_code=00108&code=00101008110&supplier_code=00100008&order_time=2020-08-19 HTTP/1.1" 200 408
114.86.228.60 - - [19/Aug/2020:10:41:51 +0800] "GET /xingrg/kc/buy/cgsh_order_operate.html?command=get_materiel&rest_code=00109&code=00101008213&supplier_code=00100005&order_time=2020-08-19 HTTP/1.1" 200 412
114.88.153.118 - - [19/Aug/2020:10:41:51 +0800] "GET /xingrg/kc/buy/cgsh_order_operate.html?command=get_materiel&rest_code=00141&code=00101010501&supplier_code=00100326&order_time=2020-08-19 HTTP/1.1" 200 396
218.81.217.115 - - [19/Aug/2020:10:41:51 +0800] "GET /xingrg/kc/buy/cgsh_order_add.html HTTP/1.1" 200 59385
218.81.217.115 - - [19/Aug/2020:10:41:52 +0800] "GET /xingrg/javascript/easyui/themes/default/validatebox.css HTTP/1.1" 404 1104
218.81.217.115 - - [19/Aug/2020:10:41:52 +0800] "POST /xingrg/kc/buy/cgsh_order_operate.html HTTP/1.1" 200 8245
114.88.153.118 - - [19/Aug/2020:10:41:52 +0800] "GET /xingrg/all/function/internal_message.html?_=1597804553065&CODE_STATE=getMsg HTTP/1.1" 200 27
117.185.32.26 - - [19/Aug/2020:10:41:52 +0800] "GET /favicon.ico HTTP/1.1" 404 -
222.69.27.237 - - [19/Aug/2020:10:41:54 +0800] "GET /xingrg/check_reg.html?_=1597804785304 HTTP/1.1" 200 22
222.69.27.237 - - [19/Aug/2020:10:41:54 +0800] "GET /xingrg/all/function/internal_message.html?_=1597804785305&CODE_STATE=getMsg HTTP/1.1" 200 27
172.17.0.101 - - [19/Aug/2020:10:41:55 +0800] "GET /xingrg/all/function/internal_message.html?_=1597804919565&CODE_STATE=getMsg HTTP/1.1" 302 -
180.175.214.200 - - [19/Aug/2020:10:41:56 +0800] "POST /xingrg/kc/buy/cgsh_order_operate.html HTTP/1.1" 200 37
180.157.251.101 - - [19/Aug/2020:10:41:56 +0800] "GET /xingrg/kc/buy/cgsh_order_operate.html?command=get_materiel&rest_code=00148&code=00101011001&supplier_code=00100036&order_time=2020-08-19 HTTP/1.1" 200 423
114.88.166.242 - - [19/Aug/2020:10:41:57 +0800] "GET /xingrg/all/function/internal_message.html?_=1597804915131&CODE_STATE=getMsg HTTP/1.1" 200 27
117.184.7.26 - - [19/Aug/2020:10:41:57 +0800] "GET /xingrg/kc/buy/cgsh_order_operate.html?command=get_materiel&rest_code=00108&code=00101008141&supplier_code=00100008&order_time=2020-08-19 HTTP/1.1" 200 412
180.175.214.200 - - [19/Aug/2020:10:41:57 +0800] "POST /xingrg/kc/buy/cgsh_order_operate.html HTTP/1.1" 200 12
180.175.214.200 - - [19/Aug/2020:10:41:58 +0800] "GET /xingrg/kc/buy/cgsh_order_info.html?code=212020081908013 HTTP/1.1" 200 54206
180.175.214.200 - - [19/Aug/2020:10:41:58 +0800] "GET /xingrg/javascript/easyui/themes/default/validatebox.css HTTP/1.1" 404 1104
180.175.214.200 - - [19/Aug/2020:10:41:58 +0800] "POST /xingrg/kc/buy/cgsh_order_operate.html HTTP/1.1" 200 625
222.69.135.163 - - [19/Aug/2020:10:41:58 +0800] "GET /xingrg/all/function/internal_message.html?_=1597804913358&CODE_STATE=getMsg HTTP/1.1" 200 27
172.17.0.120 - - [19/Aug/2020:10:41:59 +0800] "GET /xingrg/all/function/internal_message.html?_=1597804928275&CODE_STATE=getMsg HTTP/1.1" 200 27
114.86.228.60 - - [19/Aug/2020:10:41:59 +0800] "GET /xingrg/kc/buy/cgsh_order_operate.html?command=get_materiel&rest_code=00109&code=00101008225&supplier_code=00100005&order_time=2020-08-19 HTTP/1.1" 200 416
180.175.214.200 - - [19/Aug/2020:10:41:59 +0800] "GET /xingrg/kc/print/load_data.html?order_code=212020081908013&kc_code=cgsh&condition= HTTP/1.1" 200 735
114.89.80.44 - - [19/Aug/2020:10:41:59 +0800] "GET /xingrg/all/function/internal_message.html?_=1597805036793&CODE_STATE=getMsg HTTP/1.1" 200 27
180.175.214.200 - - [19/Aug/2020:10:42:02 +0800] "GET /xingrg/kc/buy/cgsh_order_add.html HTTP/1.1" 200 59297
116.230.74.197 - - [19/Aug/2020:10:42:02 +0800] "GET /xingrg/kc/buy/cgsh_order_operate.html?command=get_materiel&rest_code=00107&code=00101020133&supplier_code=00100323&order_time=2020-08-19 HTTP/1.1" 200 417
180.175.214.200 - - [19/Aug/2020:10:42:03 +0800] "POST /xingrg/kc/buy/cgsh_order_operate.html HTTP/1.1" 200 8245
180.175.214.200 - - [19/Aug/2020:10:42:03 +0800] "GET /xingrg/javascript/easyui/themes/default/validatebox.css HTTP/1.1" 404 1104
117.184.7.26 - - [19/Aug/2020:10:42:03 +0800] "GET /xingrg/kc/buy/cgsh_order_operate.html?command=get_materiel&rest_code=00108&code=00101008126&supplier_code=00100008&order_time=2020-08-19 HTTP/1.1" 200 412
180.157.251.101 - - [19/Aug/2020:10:42:03 +0800] "GET /xingrg/kc/buy/cgsh_order_operate.html?command=get_materiel&rest_code=00148&code=00101012019&supplier_code=00100036&order_time=2020-08-19 HTTP/1.1" 200 412
114.89.80.44 - - [19/Aug/2020:10:42:04 +0800] "GET /xingrg/all/function/internal_message.html?_=1597804923010&CODE_STATE=getMsg HTTP/1.1" 200 27
114.86.228.60 - - [19/Aug/2020:10:42:04 +0800] "GET /xingrg/kc/buy/cgsh_order_operate.html?command=get_materiel&rest_code=00109&code=00101008156&supplier_code=00100005&order_time=2020-08-19 HTTP/1.1" 200 414
61.172.5.115 - - [19/Aug/2020:10:42:07 +0800] "GET /xingrg/kc/buy/cgsh_order_operate.html?command=get_materiel&rest_code=00105&code=00101003066&supplier_code=00100088&order_time=2020-08-19 HTTP/1.1" 200 414
114.86.228.60 - - [19/Aug/2020:10:42:07 +0800] "POST /xingrg/kc/buy/cgsh_order_operate.html HTTP/1.1" 200 2065
218.81.217.115 - - [19/Aug/2020:10:42:10 +0800] "GET /xingrg/kc/buy/cgsh_order_operate.html?command=get_materiel&rest_code=00146&code=00101004049&supplier_code=00100312&order_time=2020-08-19 HTTP/1.1" 200 413
114.86.228.60 - - [19/Aug/2020:10:42:11 +0800] "GET /xingrg/kc/buy/cgsh_order_operate.html?command=get_materiel&rest_code=00109&code=00101008331&supplier_code=00100005&order_time=2020-08-19 HTTP/1.1" 200 416
117.184.7.26 - - [19/Aug/2020:10:42:12 +0800] "GET /xingrg/kc/buy/cgsh_order_operate.html?command=get_materiel&rest_code=00108&code=00101008379&supplier_code=00100008&order_time=2020-08-19 HTTP/1.1" 200 408
180.175.214.200 - - [19/Aug/2020:10:42:13 +0800] "GET /xingrg/kc/buy/cgsh_order_operate.html?command=get_materiel&rest_code=00102&code=00101004011&supplier_code=00100088&order_time=2020-08-18 HTTP/1.1" 200 413
114.88.153.118 - - [19/Aug/2020:10:42:13 +0800] "GET /xingrg/all/function/internal_message.html?_=1597804929770&CODE_STATE=getMsg HTTP/1.1" 302 -
114.88.153.118 - - [19/Aug/2020:10:42:14 +0800] "POST /xingrg/kc/buy/cgsh_order_operate.html HTTP/1.1" 200 37
61.172.5.115 - - [19/Aug/2020:10:42:15 +0800] "GET /xingrg/check_reg.html?_=1597804923558 HTTP/1.1" 200 22
116.230.74.197 - - [19/Aug/2020:10:42:16 +0800] "GET /xingrg/kc/buy/cgsh_order_operate.html?command=get_materiel&rest_code=00107&code=00101010017&supplier_code=00100323&order_time=2020-08-19 HTTP/1.1" 200 423
114.88.153.118 - - [19/Aug/2020:10:42:16 +0800] "POST /xingrg/kc/buy/cgsh_order_operate.html HTTP/1.1" 200 12
117.184.7.26 - - [19/Aug/2020:10:42:16 +0800] "GET /xingrg/kc/buy/cgsh_order_operate.html?command=get_materiel&rest_code=00108&code=00101008361&supplier_code=00100008&order_time=2020-08-19 HTTP/1.1" 200 427
114.86.228.60 - - [19/Aug/2020:10:42:16 +0800] "GET /xingrg/kc/buy/cgsh_order_operate.html?command=get_materiel&rest_code=00109&code=00101008149&supplier_code=00100005&order_time=2020-08-19 HTTP/1.1" 200 408
114.88.153.118 - - [19/Aug/2020:10:42:17 +0800] "GET /xingrg/kc/buy/cgsh_order_info.html?code=212020081908014 HTTP/1.1" 200 54292
114.88.153.118 - - [19/Aug/2020:10:42:18 +0800] "GET /xingrg/javascript/easyui/themes/default/validatebox.css HTTP/1.1" 404 1104
114.88.153.118 - - [19/Aug/2020:10:42:18 +0800] "POST /xingrg/kc/buy/cgsh_order_operate.html HTTP/1.1" 200 605
114.88.153.118 - - [19/Aug/2020:10:42:19 +0800] "GET /xingrg/kc/print/load_data.html?order_code=212020081908014&kc_code=cgsh&condition= HTTP/1.1" 200 712
58.221.95.50 - - [19/Aug/2020:10:42:21 +0800] "GET /xingrg/all/function/internal_message.html?_=1597805070686&CODE_STATE=getMsg HTTP/1.1" 200 27
58.221.95.50 - - [19/Aug/2020:10:42:21 +0800] "GET /xingrg/check_reg.html?_=1597805070701 HTTP/1.1" 200 22
180.157.251.101 - - [19/Aug/2020:10:42:22 +0800] "GET /xingrg/javascript/easyui/themes/default/images/button_plain_hover.png HTTP/1.1" 304 -
180.175.214.200 - - [19/Aug/2020:10:42:22 +0800] "POST /xingrg/kc/buy/cgsh_order_operate.html HTTP/1.1" 200 37
180.157.251.101 - - [19/Aug/2020:10:42:22 +0800] "GET /xingrg/javascript/easyui/themes/default/images/button_plain_hover.png HTTP/1.1" 304 -
114.88.153.118 - - [19/Aug/2020:10:42:23 +0800] "GET /xingrg/kc/buy/cgsh_order_add.html HTTP/1.1" 200 59385
114.86.228.60 - - [19/Aug/2020:10:42:23 +0800] "GET /xingrg/kc/buy/cgsh_order_operate.html?command=get_materiel&rest_code=00109&code=00101008112&supplier_code=00100005&order_time=2020-08-19 HTTP/1.1" 200 412
117.184.7.26 - - [19/Aug/2020:10:42:23 +0800] "GET /xingrg/kc/buy/cgsh_order_operate.html?command=get_materiel&rest_code=00108&code=00101008355&supplier_code=00100008&order_time=2020-08-19 HTTP/1.1" 200 408
114.88.153.118 - - [19/Aug/2020:10:42:23 +0800] "POST /xingrg/kc/buy/cgsh_order_operate.html HTTP/1.1" 200 8245
114.88.153.118 - - [19/Aug/2020:10:42:23 +0800] "GET /xingrg/javascript/easyui/themes/default/validatebox.css HTTP/1.1" 404 1104
180.157.251.101 - - [19/Aug/2020:10:42:24 +0800] "POST /xingrg/kc/buy/cgsh_order_operate.html HTTP/1.1" 200 37
172.17.0.102 - - [19/Aug/2020:10:42:25 +0800] "GET /xingrg/all/function/internal_message.html?_=1597804944217&CODE_STATE=getMsg HTTP/1.1" 200 27
180.175.214.200 - - [19/Aug/2020:10:42:25 +0800] "POST /xingrg/kc/buy/cgsh_order_operate.html HTTP/1.1" 200 12
180.157.251.101 - - [19/Aug/2020:10:42:25 +0800] "POST /xingrg/kc/buy/cgsh_order_operate.html HTTP/1.1" 200 7979
180.175.214.200 - - [19/Aug/2020:10:42:25 +0800] "GET /xingrg/kc/buy/cgsh_order_info.html?code=212020081908015 HTTP/1.1" 200 54202
117.184.7.26 - - [19/Aug/2020:10:42:26 +0800] "GET /xingrg/all/function/internal_message.html?_=1597804939085&CODE_STATE=getMsg HTTP/1.1" 200 27
180.175.214.200 - - [19/Aug/2020:10:42:26 +0800] "GET /xingrg/javascript/easyui/themes/default/validatebox.css HTTP/1.1" 404 1104
180.175.214.200 - - [19/Aug/2020:10:42:26 +0800] "POST /xingrg/kc/buy/cgsh_order_operate.html HTTP/1.1" 200 609
114.88.166.242 - - [19/Aug/2020:10:42:26 +0800] "GET /xingrg/check_reg.html?_=1597804992762 HTTP/1.1" 200 22
114.88.166.242 - - [19/Aug/2020:10:42:26 +0800] "GET /xingrg/all/function/internal_message.html?_=1597804992781&CODE_STATE=getMsg HTTP/1.1" 200 27
180.175.214.200 - - [19/Aug/2020:10:42:27 +0800] "GET /xingrg/kc/print/load_data.html?order_code=212020081908015&kc_code=cgsh&condition= HTTP/1.1" 200 770
218.81.217.115 - - [19/Aug/2020:10:42:28 +0800] "GET /xingrg/kc/buy/cgsh_order_operate.html?command=get_materiel&rest_code=00146&code=00101005015&supplier_code=00100312&order_time=2020-08-19 HTTP/1.1" 200 409
116.235.241.164 - - [19/Aug/2020:10:42:28 +0800] "GET /xingrg/all/function/internal_message.html?_=1597804945477&CODE_STATE=getMsg HTTP/1.1" 200 27
117.184.7.26 - - [19/Aug/2020:10:42:29 +0800] "GET /xingrg/kc/buy/cgsh_order_operate.html?command=get_materiel&rest_code=00108&code=00101008004&supplier_code=00100008&order_time=2020-08-19 HTTP/1.1" 200 416
218.81.217.115 - - [19/Aug/2020:10:42:31 +0800] "GET /xingrg/all/function/internal_message.html?_=1597804959253&CODE_STATE=getMsg HTTP/1.1" 200 27
117.185.32.26 - - [19/Aug/2020:10:42:31 +0800] "POST /xingrg/login.do HTTP/1.1" 302 -
117.185.32.26 - - [19/Aug/2020:10:42:31 +0800] "GET /xingrg/index.html?sysBaseUrl=http%3A%2F%2F180.169.147.146%3A18081%2Fxingrg%2F&costTime=41×tamp=1597804951180 HTTP/1.1" 200 17173
180.175.214.200 - - [19/Aug/2020:10:42:31 +0800] "GET /xingrg/kc/buy/cgsh_order_add.html HTTP/1.1" 200 59297
172.17.0.123 - - [19/Aug/2020:10:42:31 +0800] "GET /xingrg/all/function/internal_message.html?_=1597804862472&CODE_STATE=getMsg HTTP/1.1" 200 27
180.175.214.200 - - [19/Aug/2020:10:42:31 +0800] "POST /xingrg/kc/buy/cgsh_order_operate.html HTTP/1.1" 200 8245
117.185.32.26 - - [19/Aug/2020:10:42:31 +0800] "GET /favicon.ico HTTP/1.1" 404 -
180.175.214.200 - - [19/Aug/2020:10:42:32 +0800] "GET /xingrg/javascript/easyui/themes/default/validatebox.css HTTP/1.1" 404 1104
117.185.32.26 - - [19/Aug/2020:10:42:32 +0800] "POST /xingrg/all/common/load_tree.html?tree=area_rest_tree_json&manage=1 HTTP/1.1" 200 342
117.185.32.26 - - [19/Aug/2020:10:42:32 +0800] "GET /xingrg/all/function/internal_message.html?_=1597805378113&CODE_STATE=count HTTP/1.1" 200 11
117.185.32.26 - - [19/Aug/2020:10:42:32 +0800] "GET /xingrg/check_reg.html?_=1597805378115 HTTP/1.1" 200 22
117.185.32.26 - - [19/Aug/2020:10:42:32 +0800] "POST /xingrg/load_menu.html HTTP/1.1" 200 5138
180.175.214.200 - - [19/Aug/2020:10:42:32 +0800] "GET /xingrg/all/function/internal_message.html?_=1597804951499&CODE_STATE=getMsg HTTP/1.1" 200 27
172.17.200.101 - - [19/Aug/2020:10:42:33 +0800] "GET /xingrg/all/function/internal_message.html?_=1597804954077&CODE_STATE=getMsg HTTP/1.1" 200 27
117.184.7.26 - - [19/Aug/2020:10:42:35 +0800] "GET /xingrg/kc/buy/cgsh_order_operate.html?command=get_materiel&rest_code=00108&code=00101008264&supplier_code=00100008&order_time=2020-08-19 HTTP/1.1" 200 412
117.185.32.26 - - [19/Aug/2020:10:42:37 +0800] "GET /xingrg/kc/buy/buy_main.html HTTP/1.1" 200 12412
117.185.32.26 - - [19/Aug/2020:10:42:37 +0800] "GET /xingrg/css/new_ie.css HTTP/1.1" 404 1036
180.175.214.200 - - [19/Aug/2020:10:42:39 +0800] "GET /xingrg/check_reg.html?_=1597805163813 HTTP/1.1" 200 22
180.175.214.200 - - [19/Aug/2020:10:42:40 +0800] "GET /xingrg/kc/buy/cgsh_order_operate.html?command=get_materiel&rest_code=00102&code=00101007085&supplier_code=00100328&order_time=2020-08-18 HTTP/1.1" 200 432
117.184.7.26 - - [19/Aug/2020:10:42:42 +0800] "GET /xingrg/all/function/internal_message.html?_=1597804955685&CODE_STATE=getMsg HTTP/1.1" 200 27
180.175.214.200 - - [19/Aug/2020:10:42:42 +0800] "GET /xingrg/all/function/internal_message.html?_=1597805166880&CODE_STATE=getMsg HTTP/1.1" 200 27
172.17.0.119 - - [19/Aug/2020:10:42:43 +0800] "GET /xingrg/all/function/internal_message.html?_=1597804961711&CODE_STATE=getMsg HTTP/1.1" 200 27
172.17.0.119 - - [19/Aug/2020:10:42:43 +0800] "GET /xingrg/check_reg.html?_=1597804961712 HTTP/1.1" 200 22
61.172.5.115 - - [19/Aug/2020:10:42:43 +0800] "GET /xingrg/all/function/internal_message.html?_=1597804962377&CODE_STATE=getMsg HTTP/1.1" 200 27
114.86.228.60 - - [19/Aug/2020:10:42:43 +0800] "GET /xingrg/all/function/internal_message.html?_=1597804986234&CODE_STATE=getMsg HTTP/1.1" 200 27
172.17.0.185 - - [19/Aug/2020:10:42:43 +0800] "GET /xingrg/all/function/internal_message.html?_=1597804962240&CODE_STATE=getMsg HTTP/1.1" 200 27
172.17.0.185 - - [19/Aug/2020:10:42:43 +0800] "GET /xingrg/check_reg.html?_=1597804962245 HTTP/1.1" 200 22
117.184.7.26 - - [19/Aug/2020:10:42:44 +0800] "GET /xingrg/kc/buy/cgsh_order_operate.html?command=get_materiel&rest_code=00108&code=00101008137&supplier_code=00100008&order_time=2020-08-19 HTTP/1.1" 200 408
116.230.74.197 - - [19/Aug/2020:10:42:44 +0800] "GET /xingrg/kc/buy/cgsh_order_operate.html?command=get_materiel&rest_code=00107&code=00101008053&supplier_code=00100323&order_time=2020-08-19 HTTP/1.1" 200 413
114.88.153.118 - - [19/Aug/2020:10:42:44 +0800] "GET /xingrg/kc/buy/cgsh_order_operate.html?command=get_materiel&rest_code=00141&code=00101004011&supplier_code=00100090&order_time=2020-08-19 HTTP/1.1" 200 413
180.175.214.200 - - [19/Aug/2020:10:42:46 +0800] "GET /xingrg/kc/buy/cgsh_order_operate.html?command=get_materiel&rest_code=00102&code=00101007032&supplier_code=00100328&order_time=2020-08-18 HTTP/1.1" 200 413
218.81.217.115 - - [19/Aug/2020:10:42:49 +0800] "GET /xingrg/kc/buy/cgsh_order_operate.html?command=get_materiel&rest_code=00146&code=00101001096&supplier_code=00100312&order_time=2020-08-19 HTTP/1.1" 200 412
117.184.7.26 - - [19/Aug/2020:10:42:49 +0800] "GET /xingrg/kc/buy/cgsh_order_operate.html?command=get_materiel&rest_code=00108&code=00102005378&supplier_code=00100008&order_time=2020-08-19 HTTP/1.1" 200 412
116.230.74.197 - - [19/Aug/2020:10:42:50 +0800] "GET /xingrg/all/function/internal_message.html?_=1597804967277&CODE_STATE=getMsg HTTP/1.1" 200 27
180.157.251.101 - - [19/Aug/2020:10:42:50 +0800] "GET /xingrg/all/function/internal_message.html?_=1597804968895&CODE_STATE=getMsg HTTP/1.1" 200 27
114.88.153.118 - - [19/Aug/2020:10:42:52 +0800] "GET /xingrg/all/function/internal_message.html?_=1597804613066&CODE_STATE=getMsg HTTP/1.1" 200 27
117.185.32.26 - - [19/Aug/2020:10:42:53 +0800] "GET /xingrg/kc/buy/buy_main.html HTTP/1.1" 200 12412
117.185.32.26 - - [19/Aug/2020:10:42:53 +0800] "GET /xingrg/css/new_ie.css HTTP/1.1" 404 1036
180.175.214.200 - - [19/Aug/2020:10:42:53 +0800] "POST /xingrg/kc/buy/cgsh_order_operate.html HTTP/1.1" 200 37
117.185.32.26 - - [19/Aug/2020:10:42:53 +0800] "GET /xingrg/images/yd/bt.gif HTTP/1.1" 404 1040
117.184.7.26 - - [19/Aug/2020:10:42:54 +0800] "GET /xingrg/kc/buy/cgsh_order_operate.html?command=get_materiel&rest_code=00108&code=00101008360&supplier_code=00100008&order_time=2020-08-19 HTTP/1.1" 200 412
222.69.27.237 - - [19/Aug/2020:10:42:54 +0800] "GET /xingrg/all/function/internal_message.html?_=1597804845303&CODE_STATE=getMsg HTTP/1.1" 200 27
117.185.32.26 - - [19/Aug/2020:10:42:54 +0800] "GET /xingrg/kc/buy/cgsh_order_list.html HTTP/1.1" 200 43641
180.175.214.200 - - [19/Aug/2020:10:42:54 +0800] "POST /xingrg/kc/buy/cgsh_order_operate.html HTTP/1.1" 200 12
172.17.0.101 - - [19/Aug/2020:10:42:55 +0800] "GET /xingrg/all/function/internal_message.html?_=1597804979583&CODE_STATE=getMsg HTTP/1.1" 302 -
180.175.214.200 - - [19/Aug/2020:10:42:55 +0800] "GET /xingrg/kc/buy/cgsh_order_info.html?code=212020081908017 HTTP/1.1" 200 54204
114.88.166.242 - - [19/Aug/2020:10:42:55 +0800] "GET /xingrg/check_reg.html?_=1597804973884 HTTP/1.1" 200 22
180.175.214.200 - - [19/Aug/2020:10:42:56 +0800] "GET /xingrg/javascript/easyui/themes/default/validatebox.css HTTP/1.1" 404 1104
114.88.153.118 - - [19/Aug/2020:10:42:56 +0800] "GET /xingrg/kc/buy/cgsh_order_operate.html?command=get_materiel&rest_code=00141&code=00101001093&supplier_code=00100090&order_time=2020-08-19 HTTP/1.1" 200 411
180.175.214.200 - - [19/Aug/2020:10:42:56 +0800] "POST /xingrg/kc/buy/cgsh_order_operate.html HTTP/1.1" 200 1199
180.175.214.200 - - [19/Aug/2020:10:42:57 +0800] "GET /xingrg/kc/print/load_data.html?order_code=212020081908017&kc_code=cgsh&condition= HTTP/1.1" 200 930
114.88.166.242 - - [19/Aug/2020:10:42:57 +0800] "GET /xingrg/all/function/internal_message.html?_=1597804975146&CODE_STATE=getMsg HTTP/1.1" 200 27
117.185.32.26 - - [19/Aug/2020:10:42:57 +0800] "POST /xingrg/kc/buy/cgsh_list_operate.html HTTP/1.1" 200 876
61.172.5.115 - - [19/Aug/2020:10:42:58 +0800] "GET /xingrg/kc/buy/cgsh_order_operate.html?command=get_materiel&rest_code=00105&code=00101003041&supplier_code=00100088&order_time=2020-08-19 HTTP/1.1" 200 413
222.69.135.163 - - [19/Aug/2020:10:42:58 +0800] "GET /xingrg/all/function/internal_message.html?_=1597804973347&CODE_STATE=getMsg HTTP/1.1" 200 27
172.17.0.120 - - [19/Aug/2020:10:42:59 +0800] "GET /xingrg/all/function/internal_message.html?_=1597804988271&CODE_STATE=getMsg HTTP/1.1" 200 27
114.89.80.44 - - [19/Aug/2020:10:42:59 +0800] "GET /xingrg/all/function/internal_message.html?_=1597805096796&CODE_STATE=getMsg HTTP/1.1" 200 27
180.175.214.200 - - [19/Aug/2020:10:43:01 +0800] "GET /xingrg/kc/buy/cgsh_order_add.html HTTP/1.1" 200 59297
117.185.32.26 - - [19/Aug/2020:10:43:01 +0800] "GET /xingrg/kc/buy/cgsh_order_add.html HTTP/1.1" 200 59379
180.175.214.200 - - [19/Aug/2020:10:43:01 +0800] "POST /xingrg/kc/buy/cgsh_order_operate.html HTTP/1.1" 200 8245
117.185.32.26 - - [19/Aug/2020:10:43:01 +0800] "GET /xingrg/words/20200818174345_words.js HTTP/1.1" 200 757715
117.184.7.26 - - [19/Aug/2020:10:43:02 +0800] "GET /xingrg/kc/buy/cgsh_order_operate.html?command=get_materiel&rest_code=00108&code=00101008059&supplier_code=00100008&order_time=2020-08-19 HTTP/1.1" 200 408
180.175.214.200 - - [19/Aug/2020:10:43:02 +0800] "GET /xingrg/javascript/easyui/themes/default/validatebox.css HTTP/1.1" 404 1104
117.185.32.26 - - [19/Aug/2020:10:43:02 +0800] "POST /xingrg/kc/buy/cgsh_order_operate.html HTTP/1.1" 200 8245
117.185.32.26 - - [19/Aug/2020:10:43:02 +0800] "GET /xingrg/all/common/auto_word.html?type=employee&rest_code=00106 HTTP/1.1" 200 205
117.185.32.26 - - [19/Aug/2020:10:43:02 +0800] "GET /xingrg/javascript/easyui/themes/default/validatebox.css HTTP/1.1" 404 1104
117.185.32.26 - - [19/Aug/2020:10:43:02 +0800] "GET /xingrg/all/common/auto_word.html?type=employee&rest_code=00106 HTTP/1.1" 200 205
117.185.32.26 - - [19/Aug/2020:10:43:03 +0800] "GET /xingrg/javascript/easyui/themes/default/tree.css HTTP/1.1" 404 1090
117.185.32.26 - - [19/Aug/2020:10:43:03 +0800] "POST /xingrg/all/common/load_tree.html?tree=supplier_tree_json&isDelete=1 HTTP/1.1" 200 49675
114.89.80.44 - - [19/Aug/2020:10:43:04 +0800] "GET /xingrg/check_reg.html?_=1597804983007 HTTP/1.1" 200 22
114.89.80.44 - - [19/Aug/2020:10:43:04 +0800] "GET /xingrg/all/function/internal_message.html?_=1597804983021&CODE_STATE=getMsg HTTP/1.1" 200 27
114.88.153.118 - - [19/Aug/2020:10:43:05 +0800] "GET /xingrg/kc/buy/cgsh_order_operate.html?command=get_materiel&rest_code=00141&code=00101001043&supplier_code=00100090&order_time=2020-08-19 HTTP/1.1" 200 412
117.184.7.26 - - [19/Aug/2020:10:43:08 +0800] "GET /xingrg/kc/buy/cgsh_order_operate.html?command=get_materiel&rest_code=00108&code=00101008357&supplier_code=00100008&order_time=2020-08-19 HTTP/1.1" 200 408
180.175.214.200 - - [19/Aug/2020:10:43:08 +0800] "GET /xingrg/kc/buy/cgsh_order_operate.html?command=get_materiel&rest_code=00102&code=00101002043&supplier_code=00100323&order_time=2020-08-18 HTTP/1.1" 200 445
116.230.74.197 - - [19/Aug/2020:10:43:09 +0800] "GET /xingrg/kc/buy/cgsh_order_operate.html?command=get_materiel&rest_code=00107&code=00101001109&supplier_code=00100323&order_time=2020-08-19 HTTP/1.1" 200 413
117.184.7.26 - - [19/Aug/2020:10:43:10 +0800] "POST /xingrg/kc/buy/cgsh_order_operate.html HTTP/1.1" 200 2065
114.88.153.118 - - [19/Aug/2020:10:43:13 +0800] "GET /xingrg/all/function/internal_message.html?_=1597804989750&CODE_STATE=getMsg HTTP/1.1" 302 -
218.81.217.115 - - [19/Aug/2020:10:43:14 +0800] "POST /xingrg/kc/buy/cgsh_order_operate.html HTTP/1.1" 200 37
180.175.214.200 - - [19/Aug/2020:10:43:14 +0800] "GET /xingrg/kc/buy/cgsh_order_operate.html?command=get_materiel&rest_code=00102&code=00101012074&supplier_code=00100323&order_time=2020-08-18 HTTP/1.1" 200 416
117.184.7.26 - - [19/Aug/2020:10:43:15 +0800] "GET /xingrg/kc/buy/cgsh_order_operate.html?command=get_materiel&rest_code=00108&code=00101008230&supplier_code=00100008&order_time=2020-08-19 HTTP/1.1" 200 408
218.81.217.115 - - [19/Aug/2020:10:43:16 +0800] "POST /xingrg/kc/buy/cgsh_order_operate.html HTTP/1.1" 200 3844
218.81.217.115 - - [19/Aug/2020:10:43:19 +0800] "GET /xingrg/kc/print/load_data.html?order_code=212020081908018&kc_code=cgsh&condition= HTTP/1.1" 200 1138
117.184.7.26 - - [19/Aug/2020:10:43:20 +0800] "GET /xingrg/kc/buy/cgsh_order_operate.html?command=get_materiel&rest_code=00108&code=00101008069&supplier_code=00100008&order_time=2020-08-19 HTTP/1.1" 200 412
58.221.95.50 - - [19/Aug/2020:10:43:21 +0800] "GET /xingrg/all/function/internal_message.html?_=1597805130682&CODE_STATE=getMsg HTTP/1.1" 200 27
116.230.74.197 - - [19/Aug/2020:10:43:23 +0800] "GET /xingrg/kc/buy/cgsh_order_operate.html?command=get_materiel&rest_code=00107&code=00101013075&supplier_code=00100323&order_time=2020-08-19 HTTP/1.1" 200 418
172.17.0.102 - - [19/Aug/2020:10:43:25 +0800] "GET /xingrg/check_reg.html?_=1597805004259 HTTP/1.1" 200 22
180.175.214.200 - - [19/Aug/2020:10:43:25 +0800] "GET /xingrg/kc/buy/cgsh_order_operate.html?command=get_materiel&rest_code=00102&code=00101010017&supplier_code=00100323&order_time=2020-08-18 HTTP/1.1" 200 423
114.86.228.60 - - [19/Aug/2020:10:43:25 +0800] "GET /xingrg/kc/buy/cgsh_order_operate.html?command=get_materiel&rest_code=00109&code=00101008010&supplier_code=00100005&order_time=2020-08-19 HTTP/1.1" 200 412
117.184.7.26 - - [19/Aug/2020:10:43:26 +0800] "GET /xingrg/all/function/internal_message.html?_=1597804999100&CODE_STATE=getMsg HTTP/1.1" 200 27
117.184.7.26 - - [19/Aug/2020:10:43:26 +0800] "GET /xingrg/kc/buy/cgsh_order_operate.html?command=get_materiel&rest_code=00108&code=00101008286&supplier_code=00100008&order_time=2020-08-19 HTTP/1.1" 200 408
114.88.166.242 - - [19/Aug/2020:10:43:26 +0800] "GET /xingrg/all/function/internal_message.html?_=1597805052765&CODE_STATE=getMsg HTTP/1.1" 200 27
172.17.0.102 - - [19/Aug/2020:10:43:28 +0800] "GET /xingrg/all/function/internal_message.html?_=1597805004257&CODE_STATE=getMsg HTTP/1.1" 200 27
116.235.241.164 - - [19/Aug/2020:10:43:28 +0800] "GET /xingrg/check_reg.html?_=1597805005478 HTTP/1.1" 200 22
116.235.241.164 - - [19/Aug/2020:10:43:28 +0800] "GET /xingrg/all/function/internal_message.html?_=1597805005480&CODE_STATE=getMsg HTTP/1.1" 200 27
180.175.214.200 - - [19/Aug/2020:10:43:30 +0800] "GET /xingrg/kc/buy/cgsh_order_operate.html?command=get_materiel&rest_code=00102&code=00101007038&supplier_code=00100323&order_time=2020-08-18 HTTP/1.1" 200 443
114.86.228.60 - - [19/Aug/2020:10:43:31 +0800] "GET /xingrg/kc/buy/cgsh_order_operate.html?command=get_materiel&rest_code=00109&code=00101008096&supplier_code=00100005&order_time=2020-08-19 HTTP/1.1" 200 412
218.81.217.115 - - [19/Aug/2020:10:43:31 +0800] "GET /xingrg/all/function/internal_message.html?_=1597805019316&CODE_STATE=getMsg HTTP/1.1" 200 27
172.17.0.123 - - [19/Aug/2020:10:43:31 +0800] "GET /xingrg/all/function/internal_message.html?_=1597804922476&CODE_STATE=getMsg HTTP/1.1" 200 27
117.185.32.26 - - [19/Aug/2020:10:43:32 +0800] "GET /xingrg/all/function/internal_message.html?_=1597805438134&CODE_STATE=getMsg HTTP/1.1" 200 27
180.175.214.200 - - [19/Aug/2020:10:43:32 +0800] "GET /xingrg/all/function/internal_message.html?_=1597805011508&CODE_STATE=getMsg HTTP/1.1" 200 27
172.17.200.101 - - [19/Aug/2020:10:43:33 +0800] "GET /xingrg/all/function/internal_message.html?_=1597805014085&CODE_STATE=getMsg HTTP/1.1" 200 27
172.17.200.101 - - [19/Aug/2020:10:43:33 +0800] "GET /xingrg/check_reg.html?_=1597805014079 HTTP/1.1" 200 22
117.184.7.26 - - [19/Aug/2020:10:43:34 +0800] "GET /xingrg/kc/buy/cgsh_order_operate.html?command=get_materiel&rest_code=00108&code=00101008036&supplier_code=00100008&order_time=2020-08-19 HTTP/1.1" 200 408
61.151.178.197 - - [19/Aug/2020:10:43:36 +0800] "GET /xingrg/all/function/internal_message.html?_=1597804270010&CODE_STATE=getMsg HTTP/1.1" 302 -
117.184.7.26 - - [19/Aug/2020:10:43:36 +0800] "POST /xingrg/kc/buy/cgsh_order_operate.html HTTP/1.1" 200 2065
180.175.214.200 - - [19/Aug/2020:10:43:37 +0800] "POST /xingrg/kc/buy/cgsh_order_operate.html HTTP/1.1" 200 37
116.230.74.197 - - [19/Aug/2020:10:43:38 +0800] "POST /xingrg/kc/buy/cgsh_order_operate.html HTTP/1.1" 200 37
117.185.32.26 - - [19/Aug/2020:10:43:38 +0800] "GET /xingrg/javascript/auto/indicator.gif HTTP/1.1" 404 1066
180.175.214.200 - - [19/Aug/2020:10:43:39 +0800] "POST /xingrg/kc/buy/cgsh_order_operate.html HTTP/1.1" 200 12
116.230.74.197 - - [19/Aug/2020:10:43:39 +0800] "POST /xingrg/kc/buy/cgsh_order_operate.html HTTP/1.1" 200 6237
180.175.214.200 - - [19/Aug/2020:10:43:40 +0800] "GET /xingrg/kc/buy/cgsh_order_info.html?code=212020081908019 HTTP/1.1" 200 54203
117.184.7.26 - - [19/Aug/2020:10:43:40 +0800] "GET /xingrg/kc/buy/cgsh_order_operate.html?command=get_materiel&rest_code=00108&code=00101008131&supplier_code=00100008&order_time=2020-08-19 HTTP/1.1" 200 408
180.175.214.200 - - [19/Aug/2020:10:43:40 +0800] "GET /xingrg/javascript/easyui/themes/default/validatebox.css HTTP/1.1" 404 1104
218.81.217.115 - - [19/Aug/2020:10:43:40 +0800] "GET /xingrg/kc/buy/cgsh_order_add.html HTTP/1.1" 200 59385
180.175.214.200 - - [19/Aug/2020:10:43:41 +0800] "POST /xingrg/kc/buy/cgsh_order_operate.html HTTP/1.1" 200 2419
218.81.217.115 - - [19/Aug/2020:10:43:41 +0800] "GET /xingrg/javascript/easyui/themes/default/validatebox.css HTTP/1.1" 404 1104
218.81.217.115 - - [19/Aug/2020:10:43:41 +0800] "POST /xingrg/kc/buy/cgsh_order_operate.html HTTP/1.1" 200 8245
61.151.178.197 - - [19/Aug/2020:10:43:41 +0800] "GET /xingrg/login.html HTTP/1.1" 200 7641
116.230.74.197 - - [19/Aug/2020:10:43:41 +0800] "GET /xingrg/kc/print/load_data.html?order_code=212020081908020&kc_code=cgsh&condition= HTTP/1.1" 200 2063
180.175.214.200 - - [19/Aug/2020:10:43:41 +0800] "GET /xingrg/kc/print/load_data.html?order_code=212020081908019&kc_code=cgsh&condition= HTTP/1.1" 200 1424
117.184.7.26 - - [19/Aug/2020:10:43:42 +0800] "GET /xingrg/all/function/internal_message.html?_=1597805015671&CODE_STATE=getMsg HTTP/1.1" 200 27
180.175.214.200 - - [19/Aug/2020:10:43:42 +0800] "GET /xingrg/all/function/internal_message.html?_=1597805226892&CODE_STATE=getMsg HTTP/1.1" 200 27
172.17.0.119 - - [19/Aug/2020:10:43:43 +0800] "GET /xingrg/all/function/internal_message.html?_=1597805021715&CODE_STATE=getMsg HTTP/1.1" 200 27
61.172.5.115 - - [19/Aug/2020:10:43:43 +0800] "GET /xingrg/all/function/internal_message.html?_=1597805022372&CODE_STATE=getMsg HTTP/1.1" 200 27
