114.89.80.44 - - [19/Aug/2020:09:49:27 +0800] "GET /xingrg/javascript/easyui/themes/default/validatebox.css HTTP/1.1" 404 1104
114.89.80.44 - - [19/Aug/2020:09:49:28 +0800] "POST /xingrg/dwr/call/plaincall/AjaxQqpsService.getMaterielByCode.dwr HTTP/1.1" 200 3635
114.89.80.44 - - [19/Aug/2020:09:49:29 +0800] "POST /xingrg/dwr/call/plaincall/AjaxQqpsService.saveMaterielItem.dwr HTTP/1.1" 200 79
172.17.0.123 - - [19/Aug/2020:09:49:31 +0800] "GET /xingrg/all/function/internal_message.html?_=1597801682478&CODE_STATE=getMsg HTTP/1.1" 200 27
172.17.200.101 - - [19/Aug/2020:09:49:33 +0800] "GET /xingrg/all/function/internal_message.html?_=1597801774057&CODE_STATE=getMsg HTTP/1.1" 200 27
116.230.74.197 - - [19/Aug/2020:09:49:36 +0800] "GET /xingrg/all/function/internal_message.html?_=1597801773213&CODE_STATE=getMsg HTTP/1.1" 200 27
116.230.74.197 - - [19/Aug/2020:09:49:36 +0800] "GET /xingrg/check_reg.html?_=1597801773218 HTTP/1.1" 200 22
114.89.80.44 - - [19/Aug/2020:09:49:36 +0800] "POST /xingrg/dwr/call/plaincall/AjaxQqpsService.getMaterielByCode.dwr HTTP/1.1" 200 3649
114.89.80.44 - - [19/Aug/2020:09:49:37 +0800] "POST /xingrg/dwr/call/plaincall/AjaxQqpsService.saveMaterielItem.dwr HTTP/1.1" 200 79
218.81.217.115 - - [19/Aug/2020:09:49:38 +0800] "GET /xingrg/all/function/internal_message.html?_=1597801785240&CODE_STATE=getMsg HTTP/1.1" 200 27
180.175.214.200 - - [19/Aug/2020:09:49:39 +0800] "GET /xingrg/all/function/internal_message.html?_=1597801983139&CODE_STATE=getMsg HTTP/1.1" 200 27
117.184.7.30 - - [19/Aug/2020:09:49:41 +0800] "GET /xingrg/all/function/internal_message.html?_=1597801774377&CODE_STATE=getMsg HTTP/1.1" 200 27
61.172.5.115 - - [19/Aug/2020:09:49:43 +0800] "GET /xingrg/all/function/internal_message.html?_=1597801782271&CODE_STATE=getMsg HTTP/1.1" 200 27
114.89.80.44 - - [19/Aug/2020:09:49:43 +0800] "GET /xingrg/kc/buy/cgsh_order_operate.html?command=get_materiel&rest_code=00151&code=00101006058&supplier_code=00100012&order_time=2020-08-19 HTTP/1.1" 200 413
172.17.0.185 - - [19/Aug/2020:09:49:43 +0800] "GET /xingrg/all/function/internal_message.html?_=1597801782232&CODE_STATE=getMsg HTTP/1.1" 200 27
222.69.27.237 - - [19/Aug/2020:09:49:44 +0800] "GET /xingrg/kc/base/wldb_order_add.html HTTP/1.1" 200 30377
222.69.27.237 - - [19/Aug/2020:09:49:45 +0800] "POST /xingrg/kc/base/wldb_order_operate.html HTTP/1.1" 200 6806
222.69.27.237 - - [19/Aug/2020:09:49:45 +0800] "GET /xingrg/all/common/auto_word.html?type=base&rest_code=00142 HTTP/1.1" 200 665
222.69.27.237 - - [19/Aug/2020:09:49:45 +0800] "GET /xingrg/all/common/auto_word.html?type=base&rest_code=00142 HTTP/1.1" 200 665
222.69.27.237 - - [19/Aug/2020:09:49:45 +0800] "GET /xingrg/javascript/easyui/themes/default/validatebox.css HTTP/1.1" 404 1104
114.89.80.44 - - [19/Aug/2020:09:49:47 +0800] "GET /xingrg/all/function/internal_message.html?_=1597801786488&CODE_STATE=getMsg HTTP/1.1" 200 27
114.89.80.44 - - [19/Aug/2020:09:49:50 +0800] "POST /xingrg/dwr/call/plaincall/AjaxQqpsService.getMaterielByCode.dwr HTTP/1.1" 200 3590
172.17.0.101 - - [19/Aug/2020:09:49:51 +0800] "GET /xingrg/all/function/internal_message.html?_=1597801796226&CODE_STATE=getMsg HTTP/1.1" 302 -
114.89.80.44 - - [19/Aug/2020:09:49:53 +0800] "GET /xingrg/kc/buy/cgsh_order_operate.html?command=get_materiel&rest_code=00151&code=00101006056&supplier_code=00100012&order_time=2020-08-19 HTTP/1.1" 200 413
222.69.27.237 - - [19/Aug/2020:09:49:54 +0800] "GET /xingrg/all/function/internal_message.html?_=1597801665251&CODE_STATE=getMsg HTTP/1.1" 200 27
114.88.166.242 - - [19/Aug/2020:09:49:56 +0800] "GET /xingrg/all/function/internal_message.html?_=1597801794254&CODE_STATE=getMsg HTTP/1.1" 200 27
114.89.80.44 - - [19/Aug/2020:09:49:58 +0800] "GET /xingrg/all/function/internal_message.html?_=1597801915576&CODE_STATE=getMsg HTTP/1.1" 200 27
222.69.135.163 - - [19/Aug/2020:09:49:59 +0800] "GET /xingrg/check_reg.html?_=1597801793693 HTTP/1.1" 200 22
222.69.135.163 - - [19/Aug/2020:09:49:59 +0800] "GET /xingrg/all/function/internal_message.html?_=1597801793695&CODE_STATE=getMsg HTTP/1.1" 200 27
172.17.0.120 - - [19/Aug/2020:09:49:59 +0800] "GET /xingrg/all/function/internal_message.html?_=1597801808261&CODE_STATE=getMsg HTTP/1.1" 200 27
172.17.0.120 - - [19/Aug/2020:09:49:59 +0800] "GET /xingrg/check_reg.html?_=1597801808263 HTTP/1.1" 200 22
61.172.5.115 - - [19/Aug/2020:09:50:01 +0800] "GET /xingrg/all/function/internal_message.html?_=1597801789488&CODE_STATE=getMsg HTTP/1.1" 200 27
61.172.5.115 - - [19/Aug/2020:09:50:01 +0800] "GET /xingrg/check_reg.html?_=1597801789491 HTTP/1.1" 200 22
114.89.80.44 - - [19/Aug/2020:09:50:01 +0800] "POST /xingrg/dwr/call/plaincall/AjaxQqpsService.saveMaterielItem.dwr HTTP/1.1" 200 79
114.89.80.44 - - [19/Aug/2020:09:50:02 +0800] "GET /xingrg/kc/buy/cgsh_order_operate.html?command=get_materiel&rest_code=00151&code=00101006057&supplier_code=00100012&order_time=2020-08-19 HTTP/1.1" 200 413
114.89.80.44 - - [19/Aug/2020:09:50:05 +0800] "POST /xingrg/dwr/call/plaincall/AjaxQqpsService.getMaterielByCode.dwr HTTP/1.1" 200 3584
222.69.27.237 - - [19/Aug/2020:09:50:07 +0800] "GET /xingrg/javascript/jquery_tools/images/next.gif HTTP/1.1" 404 1086
222.69.27.237 - - [19/Aug/2020:09:50:07 +0800] "GET /xingrg/javascript/jquery_tools/images/prev.gif HTTP/1.1" 404 1086
114.89.80.44 - - [19/Aug/2020:09:50:09 +0800] "POST /xingrg/dwr/call/plaincall/AjaxQqpsService.saveMaterielItem.dwr HTTP/1.1" 200 79
120.253.135.82 - - [19/Aug/2020:09:50:14 +0800] "GET /xingrg/all/function/internal_message.html?_=1597801564904&CODE_STATE=getMsg HTTP/1.1" 200 27
114.88.153.118 - - [19/Aug/2020:09:50:14 +0800] "GET /xingrg/all/function/internal_message.html?_=1597801810920&CODE_STATE=getMsg HTTP/1.1" 302 -
222.69.27.237 - - [19/Aug/2020:09:50:17 +0800] "GET /xingrg/kc/base/wldb_order_operate.html?command=get_materiel&rest_code=00142&base_code=0010169&code=00101022099 HTTP/1.1" 200 425
114.89.80.44 - - [19/Aug/2020:09:50:18 +0800] "POST /xingrg/services/DataTransmitService HTTP/1.1" 200 524
114.89.80.44 - - [19/Aug/2020:09:50:19 +0800] "POST /xingrg/dwr/call/plaincall/AjaxQqpsService.getMaterielByCode.dwr HTTP/1.1" 200 3627
58.221.95.50 - - [19/Aug/2020:09:50:21 +0800] "GET /xingrg/all/function/internal_message.html?_=1597801950610&CODE_STATE=getMsg HTTP/1.1" 200 27
114.89.80.44 - - [19/Aug/2020:09:50:22 +0800] "POST /xingrg/dwr/call/plaincall/AjaxQqpsService.saveMaterielItem.dwr HTTP/1.1" 200 79
172.17.0.102 - - [19/Aug/2020:09:50:24 +0800] "GET /xingrg/all/function/internal_message.html?_=1597801824045&CODE_STATE=getMsg HTTP/1.1" 200 27
114.88.166.242 - - [19/Aug/2020:09:50:26 +0800] "GET /xingrg/all/function/internal_message.html?_=1597801872652&CODE_STATE=getMsg HTTP/1.1" 200 27
114.89.80.44 - - [19/Aug/2020:09:50:27 +0800] "POST /xingrg/dwr/call/plaincall/AjaxQqpsService.saveOrder.dwr HTTP/1.1" 200 79
172.17.0.123 - - [19/Aug/2020:09:50:31 +0800] "GET /xingrg/all/function/internal_message.html?_=1597801742464&CODE_STATE=getMsg HTTP/1.1" 200 27
222.69.27.237 - - [19/Aug/2020:09:50:31 +0800] "GET /xingrg/kc/base/wldb_order_operate.html?command=get_materiel&rest_code=00142&base_code=0010169&code=00101022100 HTTP/1.1" 200 415
172.17.200.101 - - [19/Aug/2020:09:50:33 +0800] "GET /xingrg/all/function/internal_message.html?_=1597801834050&CODE_STATE=getMsg HTTP/1.1" 200 27
116.230.74.197 - - [19/Aug/2020:09:50:36 +0800] "GET /xingrg/all/function/internal_message.html?_=1597801833203&CODE_STATE=getMsg HTTP/1.1" 200 27
218.81.217.115 - - [19/Aug/2020:09:50:38 +0800] "GET /xingrg/check_reg.html?_=1597801845167 HTTP/1.1" 200 22
218.81.217.115 - - [19/Aug/2020:09:50:38 +0800] "GET /xingrg/all/function/internal_message.html?_=1597801845240&CODE_STATE=getMsg HTTP/1.1" 200 27
180.175.214.200 - - [19/Aug/2020:09:50:39 +0800] "GET /xingrg/all/function/internal_message.html?_=1597802043166&CODE_STATE=getMsg HTTP/1.1" 200 27
117.184.7.30 - - [19/Aug/2020:09:50:41 +0800] "GET /xingrg/all/function/internal_message.html?_=1597801834380&CODE_STATE=getMsg HTTP/1.1" 200 27
117.184.7.26 - - [19/Aug/2020:09:50:41 +0800] "GET /xingrg/check_reg.html?_=1597801834381 HTTP/1.1" 200 22
61.172.5.115 - - [19/Aug/2020:09:50:43 +0800] "GET /xingrg/all/function/internal_message.html?_=1597801842270&CODE_STATE=getMsg HTTP/1.1" 200 27
61.172.5.115 - - [19/Aug/2020:09:50:43 +0800] "GET /xingrg/check_reg.html?_=1597801842271 HTTP/1.1" 200 22
172.17.0.185 - - [19/Aug/2020:09:50:43 +0800] "GET /xingrg/all/function/internal_message.html?_=1597801842236&CODE_STATE=getMsg HTTP/1.1" 200 27
114.89.80.44 - - [19/Aug/2020:09:50:45 +0800] "POST /xingrg/dwr/call/plaincall/AjaxQqpsService.saveOrder.dwr HTTP/1.1" 200 79
120.253.135.82 - - [19/Aug/2020:09:50:45 +0800] "GET /xingrg/kc/base/stock_detail.html?m=00101026177 HTTP/1.1" 200 6268
120.253.135.82 - - [19/Aug/2020:09:50:47 +0800] "GET /xingrg/kc/base/stock_operate.html?_=1597801597816&command=get_report_file&start_day=20200801 HTTP/1.1" 200 53
120.253.135.82 - - [19/Aug/2020:09:50:47 +0800] "GET /xingrg/all/report/report_query.html?isQuery=1&onlyBody=1&rh=2000&fileName=kc/base/kc_stock_detail_new.xml&queryString=(1=1)&queryText=&tableQueryString=init_table$sp1$$sp$crk_table$sp1$order_day%20between%2020200801%20and%2020200831&varString=start_day:20200801,materiel_code:00101026177,cost_id:2798,end_date:20200731 HTTP/1.1" 200 48701
120.253.135.82 - - [19/Aug/2020:09:50:47 +0800] "GET /xingrg/dwr/interface/AjaxReportQueryService.js HTTP/1.1" 200 13203
120.253.135.82 - - [19/Aug/2020:09:50:47 +0800] "GET /xingrg/dwr/engine.js HTTP/1.1" 200 43631
114.89.80.44 - - [19/Aug/2020:09:50:47 +0800] "GET /xingrg/check_reg.html?_=1597801846433 HTTP/1.1" 200 22
120.253.135.82 - - [19/Aug/2020:09:50:47 +0800] "POST /xingrg/all/report/load_report_page.html HTTP/1.1" 200 25129
114.89.80.44 - - [19/Aug/2020:09:50:47 +0800] "GET /xingrg/all/function/internal_message.html?_=1597801846467&CODE_STATE=getMsg HTTP/1.1" 200 27
120.253.135.82 - - [19/Aug/2020:09:50:47 +0800] "GET /xingrg/servlets/image?cache=0.7900349683870631&image=px HTTP/1.1" 200 807
172.17.0.101 - - [19/Aug/2020:09:50:51 +0800] "GET /xingrg/check_reg.html?_=1597801855226 HTTP/1.1" 302 -
172.17.0.101 - - [19/Aug/2020:09:50:51 +0800] "GET /xingrg/all/function/internal_message.html?_=1597801856241&CODE_STATE=getMsg HTTP/1.1" 302 -
222.69.27.237 - - [19/Aug/2020:09:50:54 +0800] "GET /xingrg/all/function/internal_message.html?_=1597801725253&CODE_STATE=getMsg HTTP/1.1" 200 27
114.88.166.242 - - [19/Aug/2020:09:50:56 +0800] "GET /xingrg/all/function/internal_message.html?_=1597801854285&CODE_STATE=getMsg HTTP/1.1" 200 27
114.89.80.44 - - [19/Aug/2020:09:50:58 +0800] "GET /xingrg/all/function/internal_message.html?_=1597801975589&CODE_STATE=getMsg HTTP/1.1" 200 27
222.69.135.163 - - [19/Aug/2020:09:50:59 +0800] "GET /xingrg/all/function/internal_message.html?_=1597801853694&CODE_STATE=getMsg HTTP/1.1" 200 27
172.17.0.120 - - [19/Aug/2020:09:50:59 +0800] "GET /xingrg/all/function/internal_message.html?_=1597801868264&CODE_STATE=getMsg HTTP/1.1" 200 27
61.172.5.115 - - [19/Aug/2020:09:51:01 +0800] "GET /xingrg/all/function/internal_message.html?_=1597801849491&CODE_STATE=getMsg HTTP/1.1" 200 27
222.69.27.237 - - [19/Aug/2020:09:51:02 +0800] "GET /xingrg/kc/base/wldb_order_operate.html?command=get_materiel&rest_code=00142&base_code=0010169&code=00101016045 HTTP/1.1" 200 463
120.253.135.82 - - [19/Aug/2020:09:51:03 +0800] "GET /xingrg/kc/base/stock_operate.html?_=1597801614032&command=get_report_file&start_day=20200501 HTTP/1.1" 200 53
120.253.135.82 - - [19/Aug/2020:09:51:03 +0800] "GET /xingrg/all/report/report_query.html?isQuery=1&onlyBody=1&rh=2000&fileName=kc/base/kc_stock_detail_new.xml&queryString=(1=1)&queryText=&tableQueryString=init_table$sp1$$sp$crk_table$sp1$order_day%20between%2020200501%20and%2020200831&varString=start_day:20200501,materiel_code:00101026177,cost_id:2721,end_date:20200430 HTTP/1.1" 200 48701
120.253.135.82 - - [19/Aug/2020:09:51:03 +0800] "GET /xingrg/dwr/interface/AjaxReportQueryService.js HTTP/1.1" 200 13203
120.253.135.82 - - [19/Aug/2020:09:51:03 +0800] "GET /xingrg/dwr/engine.js HTTP/1.1" 200 43631
120.253.135.82 - - [19/Aug/2020:09:51:04 +0800] "POST /xingrg/all/report/load_report_page.html HTTP/1.1" 200 59545
120.253.135.82 - - [19/Aug/2020:09:51:04 +0800] "GET /xingrg/servlets/image?cache=0.44580636118510397&image=px HTTP/1.1" 200 807
222.69.27.237 - - [19/Aug/2020:09:51:10 +0800] "GET /xingrg/kc/base/wldb_order_operate.html?command=get_materiel&rest_code=00142&base_code=0010169&code=00101019451 HTTP/1.1" 200 469
120.253.135.82 - - [19/Aug/2020:09:51:12 +0800] "GET /xingrg/kc/guide/show_order.html?code=212020072109070&type=21 HTTP/1.1" 302 -
120.253.135.82 - - [19/Aug/2020:09:51:12 +0800] "GET /xingrg/kc/buy/cgsh_order_info.html?code=212020072109070&sysBaseUrl=http%3A%2F%2F180.169.147.146%3A18081%2Fxingrg%2F&costTime=1×tamp=1597801872757 HTTP/1.1" 200 53508
120.253.135.82 - - [19/Aug/2020:09:51:13 +0800] "GET /favicon.ico HTTP/1.1" 404 -
120.253.135.82 - - [19/Aug/2020:09:51:14 +0800] "GET /xingrg/javascript/easyui/themes/default/validatebox.css HTTP/1.1" 404 1104
120.253.135.82 - - [19/Aug/2020:09:51:14 +0800] "GET /xingrg/check_reg.html?_=1597801624574 HTTP/1.1" 200 22
120.253.135.82 - - [19/Aug/2020:09:51:14 +0800] "POST /xingrg/kc/buy/cgsh_order_operate.html HTTP/1.1" 200 1220
120.253.135.82 - - [19/Aug/2020:09:51:14 +0800] "GET /xingrg/all/function/internal_message.html?_=1597801625012&CODE_STATE=getMsg HTTP/1.1" 200 27
114.88.153.118 - - [19/Aug/2020:09:51:14 +0800] "GET /xingrg/all/function/internal_message.html?_=1597801870896&CODE_STATE=getMsg HTTP/1.1" 302 -
101.89.19.197 - - [19/Aug/2020:09:51:20 +0800] "GET /xingrg/all/function/internal_message.html?_=1597801151149&CODE_STATE=getMsg HTTP/1.1" 302 -
58.221.95.50 - - [19/Aug/2020:09:51:21 +0800] "GET /xingrg/all/function/internal_message.html?_=1597802010612&CODE_STATE=getMsg HTTP/1.1" 200 27
222.69.27.237 - - [19/Aug/2020:09:51:22 +0800] "GET /xingrg/kc/base/wldb_order_operate.html?command=get_materiel&rest_code=00142&base_code=0010169&code=00101022084 HTTP/1.1" 200 432
172.17.0.102 - - [19/Aug/2020:09:51:24 +0800] "GET /xingrg/all/function/internal_message.html?_=1597801884045&CODE_STATE=getMsg HTTP/1.1" 200 27
114.88.166.242 - - [19/Aug/2020:09:51:26 +0800] "GET /xingrg/all/function/internal_message.html?_=1597801932652&CODE_STATE=getMsg HTTP/1.1" 200 27
101.91.60.11 - - [19/Aug/2020:09:51:29 +0800] "GET /xingrg/check_reg.html?_=1597801152424 HTTP/1.1" 302 -
101.89.19.197 - - [19/Aug/2020:09:51:29 +0800] "GET /xingrg/login.html HTTP/1.1" 200 7641
172.17.0.123 - - [19/Aug/2020:09:51:31 +0800] "GET /xingrg/all/function/internal_message.html?_=1597801802470&CODE_STATE=getMsg HTTP/1.1" 200 27
172.17.0.123 - - [19/Aug/2020:09:51:31 +0800] "GET /xingrg/check_reg.html?_=1597801802470 HTTP/1.1" 200 22
222.69.27.237 - - [19/Aug/2020:09:51:31 +0800] "GET /xingrg/kc/base/wldb_order_operate.html?command=get_materiel&rest_code=00142&base_code=0010169&code=00101019249 HTTP/1.1" 200 470
101.91.60.11 - - [19/Aug/2020:09:51:32 +0800] "GET /xingrg/login.html HTTP/1.1" 200 7641
172.17.200.101 - - [19/Aug/2020:09:51:33 +0800] "GET /xingrg/all/function/internal_message.html?_=1597801894051&CODE_STATE=getMsg HTTP/1.1" 200 27
116.230.74.197 - - [19/Aug/2020:09:51:36 +0800] "GET /xingrg/all/function/internal_message.html?_=1597801893201&CODE_STATE=getMsg HTTP/1.1" 200 27
218.81.217.115 - - [19/Aug/2020:09:51:38 +0800] "GET /xingrg/all/function/internal_message.html?_=1597801905253&CODE_STATE=getMsg HTTP/1.1" 200 27
180.175.214.200 - - [19/Aug/2020:09:51:39 +0800] "GET /xingrg/all/function/internal_message.html?_=1597802103177&CODE_STATE=getMsg HTTP/1.1" 200 27
222.69.27.237 - - [19/Aug/2020:09:51:40 +0800] "GET /xingrg/kc/base/wldb_order_operate.html?command=get_materiel&rest_code=00142&base_code=0010169&code=00101012017 HTTP/1.1" 200 446
117.184.7.26 - - [19/Aug/2020:09:51:41 +0800] "GET /xingrg/all/function/internal_message.html?_=1597801894380&CODE_STATE=getMsg HTTP/1.1" 200 27
61.172.5.115 - - [19/Aug/2020:09:51:43 +0800] "GET /xingrg/all/function/internal_message.html?_=1597801902271&CODE_STATE=getMsg HTTP/1.1" 200 27
172.17.0.185 - - [19/Aug/2020:09:51:43 +0800] "GET /xingrg/all/function/internal_message.html?_=1597801902237&CODE_STATE=getMsg HTTP/1.1" 200 27
114.89.80.44 - - [19/Aug/2020:09:51:47 +0800] "GET /xingrg/all/function/internal_message.html?_=1597801906441&CODE_STATE=getMsg HTTP/1.1" 200 27
222.69.27.237 - - [19/Aug/2020:09:51:48 +0800] "GET /xingrg/kc/base/wldb_order_operate.html?command=get_materiel&rest_code=00142&base_code=0010169&code=00101019429 HTTP/1.1" 200 441
222.69.27.237 - - [19/Aug/2020:09:51:51 +0800] "POST /xingrg/all/common/load_select.html HTTP/1.1" 200 25
172.17.0.101 - - [19/Aug/2020:09:51:52 +0800] "GET /xingrg/all/function/internal_message.html?_=1597801916384&CODE_STATE=getMsg HTTP/1.1" 302 -
222.69.27.237 - - [19/Aug/2020:09:51:53 +0800] "GET /xingrg/kc/base/wldb_order_operate.html?command=get_materiel_price&rest_code=00142&base_code=0010169&code=00101019429&unit_code=00100142 HTTP/1.1" 200 33
120.253.135.82 - - [19/Aug/2020:09:51:54 +0800] "GET /xingrg/kc/buy/cgsh_order_list.html HTTP/1.1" 200 43896
222.69.27.237 - - [19/Aug/2020:09:51:54 +0800] "GET /xingrg/check_reg.html?_=1597801785257 HTTP/1.1" 200 22
222.69.27.237 - - [19/Aug/2020:09:51:54 +0800] "GET /xingrg/all/function/internal_message.html?_=1597801785258&CODE_STATE=getMsg HTTP/1.1" 200 27
120.253.135.82 - - [19/Aug/2020:09:51:54 +0800] "POST /xingrg/kc/buy/cgsh_list_operate.html HTTP/1.1" 200 876
114.88.166.242 - - [19/Aug/2020:09:51:56 +0800] "GET /xingrg/all/function/internal_message.html?_=1597801914297&CODE_STATE=getMsg HTTP/1.1" 200 27
114.89.80.44 - - [19/Aug/2020:09:51:58 +0800] "GET /xingrg/all/function/internal_message.html?_=1597802035602&CODE_STATE=getMsg HTTP/1.1" 200 27
222.69.135.163 - - [19/Aug/2020:09:51:59 +0800] "GET /xingrg/all/function/internal_message.html?_=1597801913694&CODE_STATE=getMsg HTTP/1.1" 200 27
172.17.0.120 - - [19/Aug/2020:09:51:59 +0800] "GET /xingrg/all/function/internal_message.html?_=1597801928269&CODE_STATE=getMsg HTTP/1.1" 200 27
61.172.5.115 - - [19/Aug/2020:09:52:01 +0800] "GET /xingrg/all/function/internal_message.html?_=1597801909490&CODE_STATE=getMsg HTTP/1.1" 200 27
222.69.27.237 - - [19/Aug/2020:09:52:02 +0800] "GET /xingrg/kc/base/wldb_order_operate.html?command=get_materiel&rest_code=00142&base_code=0010169&code=00101008022 HTTP/1.1" 200 453
222.69.27.237 - - [19/Aug/2020:09:52:05 +0800] "POST /xingrg/all/common/load_select.html HTTP/1.1" 200 25
222.69.27.237 - - [19/Aug/2020:09:52:06 +0800] "GET /xingrg/kc/base/wldb_order_operate.html?command=get_materiel_price&rest_code=00142&base_code=0010169&code=00101008022&unit_code=00100032 HTTP/1.1" 200 36
120.253.135.82 - - [19/Aug/2020:09:52:14 +0800] "GET /xingrg/all/function/internal_message.html?_=1597801685330&CODE_STATE=getMsg HTTP/1.1" 200 27
114.88.153.118 - - [19/Aug/2020:09:52:14 +0800] "GET /xingrg/all/function/internal_message.html?_=1597801930874&CODE_STATE=getMsg HTTP/1.1" 302 -
222.69.27.237 - - [19/Aug/2020:09:52:16 +0800] "GET /xingrg/kc/base/wldb_order_operate.html?command=get_materiel&rest_code=00142&base_code=0010169&code=00101019184 HTTP/1.1" 200 443
114.88.153.118 - - [19/Aug/2020:09:52:19 +0800] "GET /xingrg/check_reg.html?_=1597801580551 HTTP/1.1" 302 -
58.221.95.50 - - [19/Aug/2020:09:52:21 +0800] "GET /xingrg/all/function/internal_message.html?_=1597802070641&CODE_STATE=getMsg HTTP/1.1" 200 27
58.221.95.50 - - [19/Aug/2020:09:52:21 +0800] "GET /xingrg/check_reg.html?_=1597802070644 HTTP/1.1" 200 22
172.17.0.102 - - [19/Aug/2020:09:52:24 +0800] "GET /xingrg/all/function/internal_message.html?_=1597801944050&CODE_STATE=getMsg HTTP/1.1" 200 27
114.88.166.242 - - [19/Aug/2020:09:52:26 +0800] "GET /xingrg/check_reg.html?_=1597801992651 HTTP/1.1" 200 22
114.88.166.242 - - [19/Aug/2020:09:52:26 +0800] "GET /xingrg/all/function/internal_message.html?_=1597801992650&CODE_STATE=getMsg HTTP/1.1" 200 27
114.88.166.242 - - [19/Aug/2020:09:52:28 +0800] "GET /xingrg/kc/buy/cgsh_order_add.html HTTP/1.1" 200 59379
222.69.27.237 - - [19/Aug/2020:09:52:28 +0800] "GET /xingrg/kc/base/wldb_order_operate.html?command=get_materiel&rest_code=00142&base_code=0010169&code=00101019400 HTTP/1.1" 200 450
114.88.166.242 - - [19/Aug/2020:09:52:28 +0800] "GET /xingrg/words/20200818174345_words.js HTTP/1.1" 304 -
114.88.166.242 - - [19/Aug/2020:09:52:29 +0800] "GET /xingrg/javascript/easyui/themes/default/validatebox.css HTTP/1.1" 404 1104
114.88.166.242 - - [19/Aug/2020:09:52:29 +0800] "POST /xingrg/kc/buy/cgsh_order_operate.html HTTP/1.1" 200 8245
114.88.166.242 - - [19/Aug/2020:09:52:30 +0800] "GET /xingrg/javascript/auto/indicator.gif HTTP/1.1" 404 1066
172.17.0.123 - - [19/Aug/2020:09:52:31 +0800] "GET /xingrg/all/function/internal_message.html?_=1597801862472&CODE_STATE=getMsg HTTP/1.1" 200 27
114.88.166.242 - - [19/Aug/2020:09:52:31 +0800] "GET /xingrg/javascript/jquery_tools/images/prev.gif HTTP/1.1" 404 1086
114.88.166.242 - - [19/Aug/2020:09:52:31 +0800] "GET /xingrg/javascript/jquery_tools/images/next.gif HTTP/1.1" 404 1086
172.17.200.101 - - [19/Aug/2020:09:52:33 +0800] "GET /xingrg/all/function/internal_message.html?_=1597801954054&CODE_STATE=getMsg HTTP/1.1" 200 27
116.230.74.197 - - [19/Aug/2020:09:52:36 +0800] "GET /xingrg/all/function/internal_message.html?_=1597801953208&CODE_STATE=getMsg HTTP/1.1" 200 27
114.88.166.242 - - [19/Aug/2020:09:52:37 +0800] "GET /xingrg/kc/buy/cgsh_order_operate.html?command=get_materiel&rest_code=00111&code=00101018019&supplier_code=00100042&order_time=2020-08-19 HTTP/1.1" 200 421
218.81.217.115 - - [19/Aug/2020:09:52:38 +0800] "GET /xingrg/all/function/internal_message.html?_=1597801965267&CODE_STATE=getMsg HTTP/1.1" 200 27
180.175.214.200 - - [19/Aug/2020:09:52:38 +0800] "GET /xingrg/check_reg.html?_=1597802162902 HTTP/1.1" 200 22
180.175.214.200 - - [19/Aug/2020:09:52:39 +0800] "GET /xingrg/all/function/internal_message.html?_=1597802163220&CODE_STATE=getMsg HTTP/1.1" 200 27
117.184.7.26 - - [19/Aug/2020:09:52:41 +0800] "GET /xingrg/all/function/internal_message.html?_=1597801954380&CODE_STATE=getMsg HTTP/1.1" 200 27
61.172.5.115 - - [19/Aug/2020:09:52:43 +0800] "GET /xingrg/all/function/internal_message.html?_=1597801962269&CODE_STATE=getMsg HTTP/1.1" 200 27
172.17.0.185 - - [19/Aug/2020:09:52:43 +0800] "GET /xingrg/check_reg.html?_=1597801962231 HTTP/1.1" 200 22
172.17.0.185 - - [19/Aug/2020:09:52:43 +0800] "GET /xingrg/all/function/internal_message.html?_=1597801962238&CODE_STATE=getMsg HTTP/1.1" 200 27
114.88.166.242 - - [19/Aug/2020:09:52:43 +0800] "GET /xingrg/kc/buy/cgsh_order_operate.html?command=get_materiel&rest_code=00111&code=00101006067&supplier_code=00100042&order_time=2020-08-19 HTTP/1.1" 200 409
114.89.80.44 - - [19/Aug/2020:09:52:47 +0800] "GET /xingrg/all/function/internal_message.html?_=1597801966437&CODE_STATE=getMsg HTTP/1.1" 200 27
114.88.166.242 - - [19/Aug/2020:09:52:49 +0800] "GET /xingrg/kc/buy/cgsh_order_operate.html?command=get_materiel&rest_code=00111&code=00101001053&supplier_code=00100042&order_time=2020-08-19 HTTP/1.1" 200 409
172.17.0.101 - - [19/Aug/2020:09:52:52 +0800] "GET /xingrg/all/function/internal_message.html?_=1597801976392&CODE_STATE=getMsg HTTP/1.1" 302 -
222.69.27.237 - - [19/Aug/2020:09:52:54 +0800] "GET /xingrg/all/function/internal_message.html?_=1597801845302&CODE_STATE=getMsg HTTP/1.1" 200 27
114.88.166.242 - - [19/Aug/2020:09:52:55 +0800] "GET /xingrg/check_reg.html?_=1597801973687 HTTP/1.1" 200 22
114.88.166.242 - - [19/Aug/2020:09:52:56 +0800] "GET /xingrg/all/function/internal_message.html?_=1597801974310&CODE_STATE=getMsg HTTP/1.1" 200 27
114.88.166.242 - - [19/Aug/2020:09:52:57 +0800] "GET /xingrg/kc/buy/cgsh_order_operate.html?command=get_materiel&rest_code=00111&code=00101010161&supplier_code=00100042&order_time=2020-08-19 HTTP/1.1" 200 409
114.89.80.44 - - [19/Aug/2020:09:52:58 +0800] "GET /xingrg/all/function/internal_message.html?_=1597802095642&CODE_STATE=getMsg HTTP/1.1" 200 27
222.69.135.163 - - [19/Aug/2020:09:52:59 +0800] "GET /xingrg/all/function/internal_message.html?_=1597801973696&CODE_STATE=getMsg HTTP/1.1" 200 27
172.17.0.120 - - [19/Aug/2020:09:52:59 +0800] "GET /xingrg/all/function/internal_message.html?_=1597801988272&CODE_STATE=getMsg HTTP/1.1" 200 27
61.172.5.115 - - [19/Aug/2020:09:53:01 +0800] "GET /xingrg/all/function/internal_message.html?_=1597801969491&CODE_STATE=getMsg HTTP/1.1" 200 27
114.88.166.242 - - [19/Aug/2020:09:53:02 +0800] "GET /xingrg/kc/buy/cgsh_order_operate.html?command=get_materiel&rest_code=00111&code=00101001111&supplier_code=00100042&order_time=2020-08-19 HTTP/1.1" 200 408
222.69.27.237 - - [19/Aug/2020:09:53:03 +0800] "GET /xingrg/kc/base/wldb_order_operate.html?command=get_materiel&rest_code=00142&base_code=0010169&code=00101022083 HTTP/1.1" 200 421
180.175.214.200 - - [19/Aug/2020:09:53:11 +0800] "GET /xingrg/kc/buy/cgsh_order_operate.html?command=get_materiel&rest_code=00102&code=00101009019&supplier_code=00100096&order_time=2020-08-19 HTTP/1.1" 200 414
114.88.166.242 - - [19/Aug/2020:09:53:13 +0800] "POST /xingrg/kc/buy/cgsh_order_operate.html HTTP/1.1" 200 37
114.88.166.242 - - [19/Aug/2020:09:53:14 +0800] "POST /xingrg/kc/buy/cgsh_order_operate.html HTTP/1.1" 200 5023
222.69.27.237 - - [19/Aug/2020:09:53:14 +0800] "GET /xingrg/kc/base/wldb_order_operate.html?command=get_materiel&rest_code=00142&base_code=0010169&code=00101019739 HTTP/1.1" 200 457
120.253.135.82 - - [19/Aug/2020:09:53:14 +0800] "GET /xingrg/all/function/internal_message.html?_=1597801745336&CODE_STATE=getMsg HTTP/1.1" 200 27
114.88.153.118 - - [19/Aug/2020:09:53:14 +0800] "GET /xingrg/all/function/internal_message.html?_=1597801990851&CODE_STATE=getMsg HTTP/1.1" 302 -
114.88.166.242 - - [19/Aug/2020:09:53:15 +0800] "GET /xingrg/kc/print/load_data.html?order_code=212020081907944&kc_code=cgsh&condition= HTTP/1.1" 200 1608
58.221.95.50 - - [19/Aug/2020:09:53:21 +0800] "GET /xingrg/all/function/internal_message.html?_=1597802130629&CODE_STATE=getMsg HTTP/1.1" 200 27
172.17.0.102 - - [19/Aug/2020:09:53:24 +0800] "GET /xingrg/check_reg.html?_=1597802004061 HTTP/1.1" 200 22
172.17.0.102 - - [19/Aug/2020:09:53:24 +0800] "GET /xingrg/all/function/internal_message.html?_=1597802004063&CODE_STATE=getMsg HTTP/1.1" 200 27
180.175.214.200 - - [19/Aug/2020:09:53:25 +0800] "GET /xingrg/kc/buy/cgsh_order_operate.html?command=get_materiel&rest_code=00102&code=00101009011&supplier_code=00100096&order_time=2020-08-19 HTTP/1.1" 200 416
114.88.166.242 - - [19/Aug/2020:09:53:26 +0800] "GET /xingrg/all/function/internal_message.html?_=1597802052683&CODE_STATE=getMsg HTTP/1.1" 200 27
172.17.0.123 - - [19/Aug/2020:09:53:31 +0800] "GET /xingrg/all/function/internal_message.html?_=1597801922474&CODE_STATE=getMsg HTTP/1.1" 200 27
172.17.200.101 - - [19/Aug/2020:09:53:33 +0800] "GET /xingrg/all/function/internal_message.html?_=1597802014059&CODE_STATE=getMsg HTTP/1.1" 200 27
172.17.200.101 - - [19/Aug/2020:09:53:33 +0800] "GET /xingrg/check_reg.html?_=1597802014063 HTTP/1.1" 200 22
116.230.74.197 - - [19/Aug/2020:09:53:36 +0800] "GET /xingrg/all/function/internal_message.html?_=1597802013209&CODE_STATE=getMsg HTTP/1.1" 200 27
222.69.27.237 - - [19/Aug/2020:09:53:36 +0800] "GET /xingrg/kc/base/wldb_order_operate.html?command=get_materiel&rest_code=00142&base_code=0010169&code=00101019174 HTTP/1.1" 200 462
180.175.214.200 - - [19/Aug/2020:09:53:38 +0800] "GET /xingrg/kc/buy/cgsh_order_operate.html?command=get_materiel&rest_code=00102&code=00101009041&supplier_code=00100096&order_time=2020-08-19 HTTP/1.1" 200 410
218.81.217.115 - - [19/Aug/2020:09:53:38 +0800] "GET /xingrg/all/function/internal_message.html?_=1597802025284&CODE_STATE=getMsg HTTP/1.1" 200 27
180.175.214.200 - - [19/Aug/2020:09:53:39 +0800] "GET /xingrg/all/function/internal_message.html?_=1597802223250&CODE_STATE=getMsg HTTP/1.1" 200 27
117.184.7.26 - - [19/Aug/2020:09:53:41 +0800] "GET /xingrg/all/function/internal_message.html?_=1597802014380&CODE_STATE=getMsg HTTP/1.1" 200 27
61.172.5.115 - - [19/Aug/2020:09:53:43 +0800] "GET /xingrg/all/function/internal_message.html?_=1597802022270&CODE_STATE=getMsg HTTP/1.1" 200 27
172.17.0.185 - - [19/Aug/2020:09:53:43 +0800] "GET /xingrg/all/function/internal_message.html?_=1597802022240&CODE_STATE=getMsg HTTP/1.1" 200 27
114.89.80.44 - - [19/Aug/2020:09:53:47 +0800] "GET /xingrg/all/function/internal_message.html?_=1597802026434&CODE_STATE=getMsg HTTP/1.1" 200 27
172.17.0.101 - - [19/Aug/2020:09:53:52 +0800] "GET /xingrg/all/function/internal_message.html?_=1597802036530&CODE_STATE=getMsg HTTP/1.1" 302 -
222.69.27.237 - - [19/Aug/2020:09:53:54 +0800] "GET /xingrg/all/function/internal_message.html?_=1597801905259&CODE_STATE=getMsg HTTP/1.1" 200 27
114.88.166.242 - - [19/Aug/2020:09:53:56 +0800] "GET /xingrg/all/function/internal_message.html?_=1597802034324&CODE_STATE=getMsg HTTP/1.1" 200 27
114.89.80.44 - - [19/Aug/2020:09:53:58 +0800] "GET /xingrg/check_reg.html?_=1597802155506 HTTP/1.1" 200 22
114.89.80.44 - - [19/Aug/2020:09:53:58 +0800] "GET /xingrg/all/function/internal_message.html?_=1597802155676&CODE_STATE=getMsg HTTP/1.1" 200 27
222.69.135.163 - - [19/Aug/2020:09:53:59 +0800] "GET /xingrg/all/function/internal_message.html?_=1597802033696&CODE_STATE=getMsg HTTP/1.1" 200 27
172.17.0.120 - - [19/Aug/2020:09:53:59 +0800] "GET /xingrg/all/function/internal_message.html?_=1597802048270&CODE_STATE=getMsg HTTP/1.1" 200 27
61.172.5.115 - - [19/Aug/2020:09:54:01 +0800] "GET /xingrg/all/function/internal_message.html?_=1597802029491&CODE_STATE=getMsg HTTP/1.1" 200 27
180.175.214.200 - - [19/Aug/2020:09:54:03 +0800] "GET /xingrg/kc/buy/cgsh_order_operate.html?command=get_materiel&rest_code=00102&code=00101009006&supplier_code=00100096&order_time=2020-08-19 HTTP/1.1" 200 409
180.175.214.200 - - [19/Aug/2020:09:54:10 +0800] "GET /xingrg/kc/buy/cgsh_order_operate.html?command=get_materiel&rest_code=00102&code=00101009001&supplier_code=00100096&order_time=2020-08-19 HTTP/1.1" 200 418
120.253.135.82 - - [19/Aug/2020:09:54:14 +0800] "GET /xingrg/all/function/internal_message.html?_=1597801805348&CODE_STATE=getMsg HTTP/1.1" 200 27
114.88.153.118 - - [19/Aug/2020:09:54:14 +0800] "GET /xingrg/all/function/internal_message.html?_=1597802050833&CODE_STATE=getMsg HTTP/1.1" 302 -
61.151.178.197 - - [19/Aug/2020:09:54:15 +0800] "GET /xingrg/all/function/internal_message.html?_=1597801331099&CODE_STATE=getMsg HTTP/1.1" 302 -
114.88.153.118 - - [19/Aug/2020:09:54:16 +0800] "GET /xingrg/check_reg.html?_=1597802052402 HTTP/1.1" 302 -
58.221.95.50 - - [19/Aug/2020:09:54:21 +0800] "GET /xingrg/all/function/internal_message.html?_=1597802190630&CODE_STATE=getMsg HTTP/1.1" 200 27
61.151.178.197 - - [19/Aug/2020:09:54:22 +0800] "GET /xingrg/login.html HTTP/1.1" 200 7641
172.17.0.102 - - [19/Aug/2020:09:54:24 +0800] "GET /xingrg/all/function/internal_message.html?_=1597802064070&CODE_STATE=getMsg HTTP/1.1" 200 27
114.88.166.242 - - [19/Aug/2020:09:54:26 +0800] "GET /xingrg/all/function/internal_message.html?_=1597802112685&CODE_STATE=getMsg HTTP/1.1" 200 27
120.253.135.82 - - [19/Aug/2020:09:54:28 +0800] "POST /xingrg/kc/buy/cgsh_list_operate.html HTTP/1.1" 200 876
180.175.214.200 - - [19/Aug/2020:09:54:30 +0800] "GET /xingrg/kc/buy/cgsh_order_operate.html?command=get_materiel&rest_code=00102&code=00101009028&supplier_code=00100096&order_time=2020-08-19 HTTP/1.1" 200 408
120.253.135.82 - - [19/Aug/2020:09:54:30 +0800] "GET /xingrg/kc/buy/cgsh_order_list.html HTTP/1.1" 200 43896
120.253.135.82 - - [19/Aug/2020:09:54:31 +0800] "POST /xingrg/kc/buy/cgsh_list_operate.html HTTP/1.1" 200 876
172.17.0.123 - - [19/Aug/2020:09:54:31 +0800] "GET /xingrg/all/function/internal_message.html?_=1597801982476&CODE_STATE=getMsg HTTP/1.1" 200 27
172.17.200.101 - - [19/Aug/2020:09:54:33 +0800] "GET /xingrg/all/function/internal_message.html?_=1597802074054&CODE_STATE=getMsg HTTP/1.1" 200 27
120.253.135.82 - - [19/Aug/2020:09:54:34 +0800] "GET /xingrg/kc/buy/cgsh_order_add.html HTTP/1.1" 200 58358
120.253.135.82 - - [19/Aug/2020:09:54:34 +0800] "POST /xingrg/kc/buy/cgsh_order_operate.html HTTP/1.1" 200 8245
120.253.135.82 - - [19/Aug/2020:09:54:35 +0800] "GET /xingrg/javascript/easyui/themes/default/validatebox.css HTTP/1.1" 404 1104
116.230.74.197 - - [19/Aug/2020:09:54:36 +0800] "GET /xingrg/all/function/internal_message.html?_=1597802073208&CODE_STATE=getMsg HTTP/1.1" 200 27
116.230.74.197 - - [19/Aug/2020:09:54:36 +0800] "GET /xingrg/check_reg.html?_=1597802073210 HTTP/1.1" 200 22
218.81.217.115 - - [19/Aug/2020:09:54:38 +0800] "GET /xingrg/all/function/internal_message.html?_=1597802085295&CODE_STATE=getMsg HTTP/1.1" 200 27
180.175.214.200 - - [19/Aug/2020:09:54:39 +0800] "GET /xingrg/all/function/internal_message.html?_=1597802283263&CODE_STATE=getMsg HTTP/1.1" 200 27
117.184.7.26 - - [19/Aug/2020:09:54:41 +0800] "GET /xingrg/all/function/internal_message.html?_=1597802074383&CODE_STATE=getMsg HTTP/1.1" 200 27
120.253.135.82 - - [19/Aug/2020:09:54:42 +0800] "POST /xingrg/all/common/load_combo.html?type=employee HTTP/1.1" 200 2013
61.172.5.115 - - [19/Aug/2020:09:54:43 +0800] "GET /xingrg/all/function/internal_message.html?_=1597802082295&CODE_STATE=getMsg HTTP/1.1" 200 27
172.17.0.185 - - [19/Aug/2020:09:54:43 +0800] "GET /xingrg/all/function/internal_message.html?_=1597802082239&CODE_STATE=getMsg HTTP/1.1" 200 27
114.89.80.44 - - [19/Aug/2020:09:54:47 +0800] "GET /xingrg/all/function/internal_message.html?_=1597802086467&CODE_STATE=getMsg HTTP/1.1" 200 27
172.17.0.101 - - [19/Aug/2020:09:54:52 +0800] "GET /xingrg/all/function/internal_message.html?_=1597802096545&CODE_STATE=getMsg HTTP/1.1" 302 -
222.69.27.237 - - [19/Aug/2020:09:54:54 +0800] "GET /xingrg/all/function/internal_message.html?_=1597801965261&CODE_STATE=getMsg HTTP/1.1" 200 27
114.88.166.242 - - [19/Aug/2020:09:54:56 +0800] "GET /xingrg/all/function/internal_message.html?_=1597802094338&CODE_STATE=getMsg HTTP/1.1" 200 27
114.89.80.44 - - [19/Aug/2020:09:54:58 +0800] "GET /xingrg/all/function/internal_message.html?_=1597802215690&CODE_STATE=getMsg HTTP/1.1" 200 27
222.69.135.163 - - [19/Aug/2020:09:54:59 +0800] "GET /xingrg/all/function/internal_message.html?_=1597802093695&CODE_STATE=getMsg HTTP/1.1" 200 27
222.69.135.163 - - [19/Aug/2020:09:54:59 +0800] "GET /xingrg/check_reg.html?_=1597802093696 HTTP/1.1" 200 22
172.17.0.120 - - [19/Aug/2020:09:54:59 +0800] "GET /xingrg/check_reg.html?_=1597802108271 HTTP/1.1" 200 22
172.17.0.120 - - [19/Aug/2020:09:54:59 +0800] "GET /xingrg/all/function/internal_message.html?_=1597802108273&CODE_STATE=getMsg HTTP/1.1" 200 27
61.172.5.115 - - [19/Aug/2020:09:55:01 +0800] "GET /xingrg/check_reg.html?_=1597802089491 HTTP/1.1" 200 22
61.172.5.115 - - [19/Aug/2020:09:55:01 +0800] "GET /xingrg/all/function/internal_message.html?_=1597802089494&CODE_STATE=getMsg HTTP/1.1" 200 27
120.253.135.82 - - [19/Aug/2020:09:55:09 +0800] "GET /xingrg/kc/buy/cgsh_order_operate.html?command=get_materiel&rest_code=00101&code=00101026177&supplier_code=00100151&order_time=2020-08-19 HTTP/1.1" 200 402
114.88.153.118 - - [19/Aug/2020:09:55:14 +0800] "GET /xingrg/all/function/internal_message.html?_=1597802110810&CODE_STATE=getMsg HTTP/1.1" 302 -
120.253.135.82 - - [19/Aug/2020:09:55:14 +0800] "GET /xingrg/all/function/internal_message.html?_=1597801865362&CODE_STATE=getMsg HTTP/1.1" 200 27
180.175.214.200 - - [19/Aug/2020:09:55:20 +0800] "GET /xingrg/kc/buy/cgsh_order_operate.html?command=get_materiel&rest_code=00102&code=00101009063&supplier_code=00100096&order_time=2020-08-19 HTTP/1.1" 200 410
58.221.95.50 - - [19/Aug/2020:09:55:21 +0800] "GET /xingrg/all/function/internal_message.html?_=1597802250649&CODE_STATE=getMsg HTTP/1.1" 200 27
172.17.0.102 - - [19/Aug/2020:09:55:24 +0800] "GET /xingrg/all/function/internal_message.html?_=1597802124074&CODE_STATE=getMsg HTTP/1.1" 200 27
114.88.166.242 - - [19/Aug/2020:09:55:26 +0800] "GET /xingrg/all/function/internal_message.html?_=1597802172683&CODE_STATE=getMsg HTTP/1.1" 200 27
172.17.0.123 - - [19/Aug/2020:09:55:31 +0800] "GET /xingrg/all/function/internal_message.html?_=1597802042480&CODE_STATE=getMsg HTTP/1.1" 200 27
180.175.214.200 - - [19/Aug/2020:09:55:32 +0800] "GET /xingrg/kc/buy/cgsh_order_operate.html?command=get_materiel&rest_code=00102&code=00101009016&supplier_code=00100096&order_time=2020-08-19 HTTP/1.1" 200 414
172.17.200.101 - - [19/Aug/2020:09:55:33 +0800] "GET /xingrg/all/function/internal_message.html?_=1597802134054&CODE_STATE=getMsg HTTP/1.1" 200 27
116.230.74.197 - - [19/Aug/2020:09:55:36 +0800] "GET /xingrg/all/function/internal_message.html?_=1597802133211&CODE_STATE=getMsg HTTP/1.1" 200 27
218.81.217.115 - - [19/Aug/2020:09:55:38 +0800] "GET /xingrg/check_reg.html?_=1597802145170 HTTP/1.1" 200 22
218.81.217.115 - - [19/Aug/2020:09:55:38 +0800] "GET /xingrg/all/function/internal_message.html?_=1597802145309&CODE_STATE=getMsg HTTP/1.1" 200 27
180.175.214.200 - - [19/Aug/2020:09:55:39 +0800] "GET /xingrg/all/function/internal_message.html?_=1597802343384&CODE_STATE=getMsg HTTP/1.1" 200 27
117.184.7.26 - - [19/Aug/2020:09:55:41 +0800] "GET /xingrg/all/function/internal_message.html?_=1597802134385&CODE_STATE=getMsg HTTP/1.1" 200 27
117.184.7.26 - - [19/Aug/2020:09:55:41 +0800] "GET /xingrg/check_reg.html?_=1597802134389 HTTP/1.1" 200 22
61.172.5.115 - - [19/Aug/2020:09:55:43 +0800] "GET /xingrg/all/function/internal_message.html?_=1597802142294&CODE_STATE=getMsg HTTP/1.1" 200 27
61.172.5.115 - - [19/Aug/2020:09:55:43 +0800] "GET /xingrg/check_reg.html?_=1597802142296 HTTP/1.1" 200 22
172.17.0.185 - - [19/Aug/2020:09:55:43 +0800] "GET /xingrg/all/function/internal_message.html?_=1597802142232&CODE_STATE=getMsg HTTP/1.1" 200 27
180.175.214.200 - - [19/Aug/2020:09:55:47 +0800] "GET /xingrg/kc/buy/cgsh_order_operate.html?command=get_materiel&rest_code=00102&code=00101009013&supplier_code=00100096&order_time=2020-08-19 HTTP/1.1" 200 422
114.89.80.44 - - [19/Aug/2020:09:55:47 +0800] "GET /xingrg/check_reg.html?_=1597802146459 HTTP/1.1" 200 22
114.89.80.44 - - [19/Aug/2020:09:55:47 +0800] "GET /xingrg/all/function/internal_message.html?_=1597802146463&CODE_STATE=getMsg HTTP/1.1" 200 27
172.17.0.101 - - [19/Aug/2020:09:55:51 +0800] "GET /xingrg/check_reg.html?_=1597802155341 HTTP/1.1" 302 -
172.17.0.101 - - [19/Aug/2020:09:55:52 +0800] "GET /xingrg/all/function/internal_message.html?_=1597802156558&CODE_STATE=getMsg HTTP/1.1" 302 -
222.69.27.237 - - [19/Aug/2020:09:55:54 +0800] "GET /xingrg/all/function/internal_message.html?_=1597802025256&CODE_STATE=getMsg HTTP/1.1" 200 27
114.88.166.242 - - [19/Aug/2020:09:55:56 +0800] "GET /xingrg/all/function/internal_message.html?_=1597802154369&CODE_STATE=getMsg HTTP/1.1" 200 27
114.89.80.44 - - [19/Aug/2020:09:55:58 +0800] "GET /xingrg/all/function/internal_message.html?_=1597802275704&CODE_STATE=getMsg HTTP/1.1" 200 27
222.69.135.163 - - [19/Aug/2020:09:55:59 +0800] "GET /xingrg/all/function/internal_message.html?_=1597802153700&CODE_STATE=getMsg HTTP/1.1" 200 27
172.17.0.120 - - [19/Aug/2020:09:55:59 +0800] "GET /xingrg/all/function/internal_message.html?_=1597802168274&CODE_STATE=getMsg HTTP/1.1" 200 27
61.151.207.158 - - [19/Aug/2020:09:55:59 +0800] "GET /xingrg/all/function/internal_message.html?_=1597801451041&CODE_STATE=getMsg HTTP/1.1" 302 -
61.172.5.115 - - [19/Aug/2020:09:56:01 +0800] "GET /xingrg/all/function/internal_message.html?_=1597802149495&CODE_STATE=getMsg HTTP/1.1" 200 27
61.151.207.158 - - [19/Aug/2020:09:56:06 +0800] "GET /xingrg/login.html HTTP/1.1" 200 7641
120.253.135.82 - - [19/Aug/2020:09:56:14 +0800] "GET /xingrg/check_reg.html?_=1597801924582 HTTP/1.1" 200 22
114.88.153.118 - - [19/Aug/2020:09:56:14 +0800] "GET /xingrg/all/function/internal_message.html?_=1597802170788&CODE_STATE=getMsg HTTP/1.1" 302 -
120.253.135.82 - - [19/Aug/2020:09:56:14 +0800] "GET /xingrg/all/function/internal_message.html?_=1597801925375&CODE_STATE=getMsg HTTP/1.1" 200 27
180.175.214.200 - - [19/Aug/2020:09:56:20 +0800] "GET /xingrg/kc/buy/cgsh_order_operate.html?command=get_materiel&rest_code=00102&code=00101009107&supplier_code=00100096&order_time=2020-08-19 HTTP/1.1" 200 396
58.221.95.50 - - [19/Aug/2020:09:56:21 +0800] "GET /xingrg/all/function/internal_message.html?_=1597802310635&CODE_STATE=getMsg HTTP/1.1" 200 27
172.17.0.102 - - [19/Aug/2020:09:56:24 +0800] "GET /xingrg/all/function/internal_message.html?_=1597802184073&CODE_STATE=getMsg HTTP/1.1" 200 27
114.88.166.242 - - [19/Aug/2020:09:56:26 +0800] "GET /xingrg/all/function/internal_message.html?_=1597802232680&CODE_STATE=getMsg HTTP/1.1" 200 27
172.17.0.123 - - [19/Aug/2020:09:56:31 +0800] "GET /xingrg/check_reg.html?_=1597802102466 HTTP/1.1" 200 22
172.17.0.123 - - [19/Aug/2020:09:56:31 +0800] "GET /xingrg/all/function/internal_message.html?_=1597802102466&CODE_STATE=getMsg HTTP/1.1" 200 27
172.17.200.101 - - [19/Aug/2020:09:56:33 +0800] "GET /xingrg/all/function/internal_message.html?_=1597802194053&CODE_STATE=getMsg HTTP/1.1" 200 27
116.230.74.197 - - [19/Aug/2020:09:56:36 +0800] "GET /xingrg/all/function/internal_message.html?_=1597802193210&CODE_STATE=getMsg HTTP/1.1" 200 27
218.81.217.115 - - [19/Aug/2020:09:56:38 +0800] "GET /xingrg/all/function/internal_message.html?_=1597802205321&CODE_STATE=getMsg HTTP/1.1" 200 27
180.175.214.200 - - [19/Aug/2020:09:56:39 +0800] "GET /xingrg/all/function/internal_message.html?_=1597802403400&CODE_STATE=getMsg HTTP/1.1" 200 27
117.184.7.26 - - [19/Aug/2020:09:56:41 +0800] "GET /xingrg/all/function/internal_message.html?_=1597802194390&CODE_STATE=getMsg HTTP/1.1" 200 27
222.69.27.237 - - [19/Aug/2020:09:56:42 +0800] "GET /xingrg/kc/base/wldb_order_operate.html?command=get_materiel&rest_code=00142&base_code=0010169&code=00101022024 HTTP/1.1" 200 431
61.172.5.115 - - [19/Aug/2020:09:56:43 +0800] "GET /xingrg/all/function/internal_message.html?_=1597802202294&CODE_STATE=getMsg HTTP/1.1" 200 27
172.17.0.185 - - [19/Aug/2020:09:56:43 +0800] "GET /xingrg/all/function/internal_message.html?_=1597802202244&CODE_STATE=getMsg HTTP/1.1" 200 27
114.89.80.44 - - [19/Aug/2020:09:56:47 +0800] "GET /xingrg/all/function/internal_message.html?_=1597802206467&CODE_STATE=getMsg HTTP/1.1" 200 27
172.17.0.101 - - [19/Aug/2020:09:56:52 +0800] "GET /xingrg/all/function/internal_message.html?_=1597802216692&CODE_STATE=getMsg HTTP/1.1" 302 -
222.69.27.237 - - [19/Aug/2020:09:56:54 +0800] "GET /xingrg/check_reg.html?_=1597802085264 HTTP/1.1" 200 22
222.69.27.237 - - [19/Aug/2020:09:56:54 +0800] "GET /xingrg/all/function/internal_message.html?_=1597802085263&CODE_STATE=getMsg HTTP/1.1" 200 27
114.88.166.242 - - [19/Aug/2020:09:56:56 +0800] "GET /xingrg/all/function/internal_message.html?_=1597802214380&CODE_STATE=getMsg HTTP/1.1" 200 27
114.89.80.44 - - [19/Aug/2020:09:56:58 +0800] "GET /xingrg/all/function/internal_message.html?_=1597802335743&CODE_STATE=getMsg HTTP/1.1" 200 27
222.69.135.163 - - [19/Aug/2020:09:56:59 +0800] "GET /xingrg/all/function/internal_message.html?_=1597802213700&CODE_STATE=getMsg HTTP/1.1" 200 27
172.17.0.120 - - [19/Aug/2020:09:56:59 +0800] "GET /xingrg/all/function/internal_message.html?_=1597802228275&CODE_STATE=getMsg HTTP/1.1" 200 27
61.172.5.115 - - [19/Aug/2020:09:57:01 +0800] "GET /xingrg/all/function/internal_message.html?_=1597802209494&CODE_STATE=getMsg HTTP/1.1" 200 27
222.69.27.237 - - [19/Aug/2020:09:57:04 +0800] "GET /xingrg/kc/base/wldb_order_operate.html?command=get_materiel&rest_code=00142&base_code=0010169&code=00101008052 HTTP/1.1" 200 450
114.88.153.118 - - [19/Aug/2020:09:57:14 +0800] "GET /xingrg/all/function/internal_message.html?_=1597802230765&CODE_STATE=getMsg HTTP/1.1" 302 -
120.253.135.82 - - [19/Aug/2020:09:57:14 +0800] "GET /xingrg/all/function/internal_message.html?_=1597801985389&CODE_STATE=getMsg HTTP/1.1" 200 27
222.69.27.237 - - [19/Aug/2020:09:57:15 +0800] "POST /xingrg/kc/base/wldb_order_operate.html HTTP/1.1" 200 37
222.69.27.237 - - [19/Aug/2020:09:57:15 +0800] "POST /xingrg/kc/base/wldb_order_operate.html HTTP/1.1" 200 10034
222.69.27.237 - - [19/Aug/2020:09:57:16 +0800] "GET /xingrg/kc/base/wldb_order_info.html?code=422020081902185 HTTP/1.1" 200 30392
222.69.27.237 - - [19/Aug/2020:09:57:16 +0800] "GET /xingrg/javascript/easyui/themes/default/validatebox.css HTTP/1.1" 404 1104
222.69.27.237 - - [19/Aug/2020:09:57:17 +0800] "POST /xingrg/kc/base/wldb_order_operate.html HTTP/1.1" 200 10034
222.69.27.237 - - [19/Aug/2020:09:57:19 +0800] "POST /xingrg/kc/base/wldb_order_operate.html HTTP/1.1" 200 37
222.69.27.237 - - [19/Aug/2020:09:57:19 +0800] "POST /xingrg/kc/base/wldb_order_operate.html HTTP/1.1" 200 10034
114.88.153.118 - - [19/Aug/2020:09:57:19 +0800] "GET /xingrg/check_reg.html?_=1597801880527 HTTP/1.1" 302 -
222.69.27.237 - - [19/Aug/2020:09:57:20 +0800] "GET /xingrg/kc/base/wldb_order_info.html?code=422020081902185 HTTP/1.1" 200 30392
222.69.27.237 - - [19/Aug/2020:09:57:20 +0800] "GET /xingrg/javascript/easyui/themes/default/validatebox.css HTTP/1.1" 404 1104
222.69.27.237 - - [19/Aug/2020:09:57:20 +0800] "POST /xingrg/kc/base/wldb_order_operate.html HTTP/1.1" 200 10034
58.221.95.50 - - [19/Aug/2020:09:57:21 +0800] "GET /xingrg/all/function/internal_message.html?_=1597802370637&CODE_STATE=getMsg HTTP/1.1" 200 27
58.221.95.50 - - [19/Aug/2020:09:57:21 +0800] "GET /xingrg/check_reg.html?_=1597802370638 HTTP/1.1" 200 22
172.17.0.102 - - [19/Aug/2020:09:57:24 +0800] "GET /xingrg/all/function/internal_message.html?_=1597802244087&CODE_STATE=getMsg HTTP/1.1" 200 27
114.88.166.242 - - [19/Aug/2020:09:57:26 +0800] "GET /xingrg/check_reg.html?_=1597802292679 HTTP/1.1" 200 22
114.88.166.242 - - [19/Aug/2020:09:57:26 +0800] "GET /xingrg/all/function/internal_message.html?_=1597802292680&CODE_STATE=getMsg HTTP/1.1" 200 27
120.253.135.82 - - [19/Aug/2020:09:57:30 +0800] "GET /xingrg/kc/buy/cgsh_order_operate.html?command=get_materiel&rest_code=00101&code=00101026094&supplier_code=00100151&order_time=2020-08-19 HTTP/1.1" 200 438
172.17.0.123 - - [19/Aug/2020:09:57:31 +0800] "GET /xingrg/all/function/internal_message.html?_=1597802162468&CODE_STATE=getMsg HTTP/1.1" 200 27
172.17.200.101 - - [19/Aug/2020:09:57:33 +0800] "GET /xingrg/all/function/internal_message.html?_=1597802254055&CODE_STATE=getMsg HTTP/1.1" 200 27
116.230.74.197 - - [19/Aug/2020:09:57:36 +0800] "GET /xingrg/all/function/internal_message.html?_=1597802253210&CODE_STATE=getMsg HTTP/1.1" 200 27
218.81.217.115 - - [19/Aug/2020:09:57:38 +0800] "GET /xingrg/all/function/internal_message.html?_=1597802265335&CODE_STATE=getMsg HTTP/1.1" 200 27
180.175.214.200 - - [19/Aug/2020:09:57:38 +0800] "GET /xingrg/check_reg.html?_=1597802462899 HTTP/1.1" 200 22
180.175.214.200 - - [19/Aug/2020:09:57:39 +0800] "GET /xingrg/all/function/internal_message.html?_=1597802463413&CODE_STATE=getMsg HTTP/1.1" 200 27
117.184.7.26 - - [19/Aug/2020:09:57:41 +0800] "GET /xingrg/all/function/internal_message.html?_=1597802254390&CODE_STATE=getMsg HTTP/1.1" 200 27
222.69.27.237 - - [19/Aug/2020:09:57:42 +0800] "GET /xingrg/javascript/jquery_easy_ui/themes/icons/area.png HTTP/1.1" 200 262
222.69.27.237 - - [19/Aug/2020:09:57:42 +0800] "GET /xingrg/javascript/jquery_easy_ui/themes/icons/rest.png HTTP/1.1" 200 695
61.172.5.115 - - [19/Aug/2020:09:57:43 +0800] "GET /xingrg/all/function/internal_message.html?_=1597802262293&CODE_STATE=getMsg HTTP/1.1" 200 27
172.17.0.185 - - [19/Aug/2020:09:57:43 +0800] "GET /xingrg/check_reg.html?_=1597802262231 HTTP/1.1" 200 22
172.17.0.185 - - [19/Aug/2020:09:57:43 +0800] "GET /xingrg/all/function/internal_message.html?_=1597802262246&CODE_STATE=getMsg HTTP/1.1" 200 27
114.89.80.44 - - [19/Aug/2020:09:57:47 +0800] "GET /xingrg/all/function/internal_message.html?_=1597802266466&CODE_STATE=getMsg HTTP/1.1" 200 27
172.17.0.101 - - [19/Aug/2020:09:57:52 +0800] "GET /xingrg/all/function/internal_message.html?_=1597802276710&CODE_STATE=getMsg HTTP/1.1" 302 -
222.69.27.237 - - [19/Aug/2020:09:57:54 +0800] "GET /xingrg/all/function/internal_message.html?_=1597802145269&CODE_STATE=getMsg HTTP/1.1" 200 27
114.88.166.242 - - [19/Aug/2020:09:57:55 +0800] "GET /xingrg/check_reg.html?_=1597802273709 HTTP/1.1" 200 22
114.88.166.242 - - [19/Aug/2020:09:57:56 +0800] "GET /xingrg/all/function/internal_message.html?_=1597802274395&CODE_STATE=getMsg HTTP/1.1" 200 27
114.89.80.44 - - [19/Aug/2020:09:57:58 +0800] "GET /xingrg/all/function/internal_message.html?_=1597802395746&CODE_STATE=getMsg HTTP/1.1" 200 27
222.69.135.163 - - [19/Aug/2020:09:57:59 +0800] "GET /xingrg/all/function/internal_message.html?_=1597802273695&CODE_STATE=getMsg HTTP/1.1" 200 27
172.17.0.120 - - [19/Aug/2020:09:57:59 +0800] "GET /xingrg/all/function/internal_message.html?_=1597802288261&CODE_STATE=getMsg HTTP/1.1" 200 27
61.172.5.115 - - [19/Aug/2020:09:58:01 +0800] "GET /xingrg/all/function/internal_message.html?_=1597802269494&CODE_STATE=getMsg HTTP/1.1" 200 27
180.175.214.200 - - [19/Aug/2020:09:58:03 +0800] "POST /xingrg/kc/buy/cgsh_order_operate.html HTTP/1.1" 200 37
180.175.214.200 - - [19/Aug/2020:09:58:05 +0800] "POST /xingrg/kc/buy/cgsh_order_operate.html HTTP/1.1" 200 12
180.175.214.200 - - [19/Aug/2020:09:58:06 +0800] "GET /xingrg/kc/buy/cgsh_order_info.html?code=212020081907945 HTTP/1.1" 200 54182
180.175.214.200 - - [19/Aug/2020:09:58:07 +0800] "GET /xingrg/javascript/easyui/themes/default/validatebox.css HTTP/1.1" 404 1104
180.175.214.200 - - [19/Aug/2020:09:58:07 +0800] "POST /xingrg/kc/buy/cgsh_order_operate.html HTTP/1.1" 200 8326
114.88.153.118 - - [19/Aug/2020:09:58:14 +0800] "GET /xingrg/all/function/internal_message.html?_=1597802290733&CODE_STATE=getMsg HTTP/1.1" 302 -
120.253.135.82 - - [19/Aug/2020:09:58:14 +0800] "GET /xingrg/all/function/internal_message.html?_=1597802045403&CODE_STATE=getMsg HTTP/1.1" 200 27
61.151.178.225 - - [19/Aug/2020:09:58:16 +0800] "GET /xingrg/all/function/internal_message.html?_=1597801570999&CODE_STATE=getMsg HTTP/1.1" 302 -
