180.157.251.101 - - [19/Aug/2020:10:48:47 +0800] "GET /xingrg/kc/buy/cgsh_order_operate.html?command=get_materiel&rest_code=00148&code=00101007111&supplier_code=00100326&order_time=2020-08-19 HTTP/1.1" 200 417
117.185.32.26 - - [19/Aug/2020:10:48:49 +0800] "GET /xingrg/kc/buy/cgsh_order_operate.html?command=get_materiel&rest_code=00106&code=00101008110&supplier_code=00100007&order_time=2020-08-19 HTTP/1.1" 200 408
117.185.32.26 - - [19/Aug/2020:10:48:49 +0800] "GET /xingrg/javascript/easyui/themes/default/tree.css HTTP/1.1" 404 1090
117.185.32.26 - - [19/Aug/2020:10:48:49 +0800] "POST /xingrg/all/common/load_tree.html?tree=supplier_tree_json&isDelete=1 HTTP/1.1" 200 49675
61.172.5.115 - - [19/Aug/2020:10:48:49 +0800] "GET /xingrg/kc/buy/cgsh_order_operate.html?command=get_materiel&rest_code=00105&code=00101007032&supplier_code=00100328&order_time=2020-08-19 HTTP/1.1" 200 413
180.157.251.101 - - [19/Aug/2020:10:48:50 +0800] "GET /xingrg/all/function/internal_message.html?_=1597805329117&CODE_STATE=getMsg HTTP/1.1" 200 27
114.88.166.242 - - [19/Aug/2020:10:48:51 +0800] "GET /xingrg/kc/base/wldb_order_operate.html?command=get_materiel&rest_code=00111&base_code=0010283&code=00101019339 HTTP/1.1" 200 455
116.230.74.197 - - [19/Aug/2020:10:48:52 +0800] "GET /xingrg/all/function/internal_message.html?_=1597805329115&CODE_STATE=getMsg HTTP/1.1" 200 27
114.88.153.118 - - [19/Aug/2020:10:48:52 +0800] "GET /xingrg/all/function/internal_message.html?_=1597804973073&CODE_STATE=getMsg HTTP/1.1" 200 27
114.88.153.118 - - [19/Aug/2020:10:48:52 +0800] "GET /xingrg/check_reg.html?_=1597804973070 HTTP/1.1" 200 22
116.230.74.197 - - [19/Aug/2020:10:48:53 +0800] "GET /xingrg/kc/buy/cgsh_order_operate.html?command=get_materiel&rest_code=00107&code=00101005022&supplier_code=00100347&order_time=2020-08-19 HTTP/1.1" 200 436
222.69.27.237 - - [19/Aug/2020:10:48:54 +0800] "GET /xingrg/all/function/internal_message.html?_=1597805205362&CODE_STATE=getMsg HTTP/1.1" 200 27
114.88.166.242 - - [19/Aug/2020:10:48:55 +0800] "GET /xingrg/kc/base/wldb_order_operate.html?command=get_materiel&rest_code=00111&base_code=0010283&code=00101016019 HTTP/1.1" 200 449
114.86.228.60 - - [19/Aug/2020:10:48:55 +0800] "GET /xingrg/kc/buy/cgsh_order_operate.html?command=get_materiel&rest_code=00109&code=00101008323&supplier_code=00100005&order_time=2020-08-19 HTTP/1.1" 200 408
172.17.0.101 - - [19/Aug/2020:10:48:55 +0800] "GET /xingrg/all/function/internal_message.html?_=1597805340023&CODE_STATE=getMsg HTTP/1.1" 302 -
180.157.251.101 - - [19/Aug/2020:10:48:56 +0800] "GET /xingrg/kc/buy/cgsh_order_operate.html?command=get_materiel&rest_code=00148&code=00101010501&supplier_code=00100326&order_time=2020-08-19 HTTP/1.1" 200 396
117.185.32.26 - - [19/Aug/2020:10:48:57 +0800] "GET /xingrg/kc/buy/cgsh_order_operate.html?command=get_materiel&rest_code=00106&code=00101008038&supplier_code=00100007&order_time=2020-08-19 HTTP/1.1" 200 412
114.86.228.60 - - [19/Aug/2020:10:48:57 +0800] "GET /xingrg/all/function/internal_message.html?_=1597805360284&CODE_STATE=getMsg HTTP/1.1" 200 27
114.88.166.242 - - [19/Aug/2020:10:48:57 +0800] "GET /xingrg/all/function/internal_message.html?_=1597805335243&CODE_STATE=getMsg HTTP/1.1" 200 27
222.69.135.163 - - [19/Aug/2020:10:48:58 +0800] "GET /xingrg/all/function/internal_message.html?_=1597805333230&CODE_STATE=getMsg HTTP/1.1" 200 27
114.89.80.44 - - [19/Aug/2020:10:48:58 +0800] "GET /xingrg/check_reg.html?_=1597805455874 HTTP/1.1" 200 22
172.17.0.120 - - [19/Aug/2020:10:48:59 +0800] "GET /xingrg/all/function/internal_message.html?_=1597805348275&CODE_STATE=getMsg HTTP/1.1" 200 27
114.88.166.242 - - [19/Aug/2020:10:48:59 +0800] "GET /xingrg/kc/base/wldb_order_operate.html?command=get_materiel&rest_code=00111&base_code=0010283&code=00101016001 HTTP/1.1" 200 457
114.89.80.44 - - [19/Aug/2020:10:48:59 +0800] "GET /xingrg/all/function/internal_message.html?_=1597805456908&CODE_STATE=getMsg HTTP/1.1" 200 27
114.86.228.60 - - [19/Aug/2020:10:49:02 +0800] "POST /xingrg/kc/buy/cgsh_order_operate.html HTTP/1.1" 200 37
114.86.228.60 - - [19/Aug/2020:10:49:04 +0800] "POST /xingrg/kc/buy/cgsh_order_operate.html HTTP/1.1" 200 50629
114.89.80.44 - - [19/Aug/2020:10:49:04 +0800] "GET /xingrg/all/function/internal_message.html?_=1597805343032&CODE_STATE=getMsg HTTP/1.1" 200 27
114.86.228.60 - - [19/Aug/2020:10:49:05 +0800] "GET /xingrg/kc/print/load_config.html?kc_code=cgsh HTTP/1.1" 200 1845
114.86.228.60 - - [19/Aug/2020:10:49:05 +0800] "GET /xingrg/kc/print/load_data.html?order_code=212020081907991&kc_code=cgsh&condition= HTTP/1.1" 200 18875
114.88.166.242 - - [19/Aug/2020:10:49:05 +0800] "GET /xingrg/kc/base/wldb_order_operate.html?command=get_materiel&rest_code=00111&base_code=0010283&code=00101016092 HTTP/1.1" 200 452
116.230.74.197 - - [19/Aug/2020:10:49:07 +0800] "GET /xingrg/kc/buy/cgsh_order_operate.html?command=get_materiel&rest_code=00107&code=00101012046&supplier_code=00100347&order_time=2020-08-19 HTTP/1.1" 200 417
117.185.32.26 - - [19/Aug/2020:10:49:09 +0800] "GET /xingrg/kc/buy/cgsh_order_operate.html?command=get_materiel&rest_code=00106&code=00101003037&supplier_code=00100088&order_time=2020-08-19 HTTP/1.1" 200 434
114.88.166.242 - - [19/Aug/2020:10:49:10 +0800] "GET /xingrg/kc/base/wldb_order_operate.html?command=get_materiel&rest_code=00111&base_code=0010283&code=00101019183 HTTP/1.1" 200 432
117.185.32.26 - - [19/Aug/2020:10:49:11 +0800] "GET /xingrg/kc/buy/cgsh_order_operate.html?command=get_materiel&rest_code=00106&code=00101008283&supplier_code=00100007&order_time=2020-08-19 HTTP/1.1" 200 408
180.157.251.101 - - [19/Aug/2020:10:49:13 +0800] "GET /xingrg/kc/buy/cgsh_order_operate.html?command=get_materiel&rest_code=00148&code=00101012045&supplier_code=00100326&order_time=2020-08-19 HTTP/1.1" 200 409
114.88.153.118 - - [19/Aug/2020:10:49:15 +0800] "GET /xingrg/kc/buy/cgsh_order_operate.html?command=get_materiel&rest_code=00141&code=00102001112&supplier_code=00100312&order_time=2020-08-19 HTTP/1.1" 200 408
61.172.5.115 - - [19/Aug/2020:10:49:18 +0800] "GET /xingrg/kc/buy/cgsh_order_operate.html?command=get_materiel&rest_code=00105&code=00101007085&supplier_code=00100328&order_time=2020-08-19 HTTP/1.1" 200 432
172.17.0.119 - - [19/Aug/2020:10:49:18 +0800] "GET /xingrg/all/function/internal_message.html?_=1597805357534&CODE_STATE=getMsg HTTP/1.1" 200 27
117.185.32.26 - - [19/Aug/2020:10:49:19 +0800] "GET /xingrg/kc/buy/cgsh_order_operate.html?command=get_materiel&rest_code=00106&code=00101008361&supplier_code=00100007&order_time=2020-08-19 HTTP/1.1" 200 427
58.221.95.50 - - [19/Aug/2020:10:49:21 +0800] "GET /xingrg/all/function/internal_message.html?_=1597805490714&CODE_STATE=getMsg HTTP/1.1" 200 27
114.88.153.118 - - [19/Aug/2020:10:49:22 +0800] "GET /xingrg/kc/buy/cgsh_order_operate.html?command=get_materiel&rest_code=00141&code=00101004050&supplier_code=00100312&order_time=2020-08-19 HTTP/1.1" 200 409
114.88.166.242 - - [19/Aug/2020:10:49:22 +0800] "GET /xingrg/kc/base/wldb_order_operate.html?command=get_materiel&rest_code=00111&base_code=0010283&code=00101013010 HTTP/1.1" 200 436
116.230.74.197 - - [19/Aug/2020:10:49:24 +0800] "GET /xingrg/kc/buy/cgsh_order_operate.html?command=get_materiel&rest_code=00107&code=00101001023&supplier_code=00100347&order_time=2020-08-19 HTTP/1.1" 200 413
172.17.0.102 - - [19/Aug/2020:10:49:25 +0800] "GET /xingrg/all/function/internal_message.html?_=1597805364242&CODE_STATE=getMsg HTTP/1.1" 200 27
61.172.5.115 - - [19/Aug/2020:10:49:26 +0800] "POST /xingrg/kc/buy/cgsh_order_operate.html HTTP/1.1" 200 37
117.184.7.30 - - [19/Aug/2020:10:49:26 +0800] "GET /xingrg/all/function/internal_message.html?_=1597805359420&CODE_STATE=getMsg HTTP/1.1" 200 27
61.172.5.115 - - [19/Aug/2020:10:49:27 +0800] "POST /xingrg/kc/buy/cgsh_order_operate.html HTTP/1.1" 200 3248
114.88.166.242 - - [19/Aug/2020:10:49:27 +0800] "GET /xingrg/all/function/internal_message.html?_=1597805413430&CODE_STATE=getMsg HTTP/1.1" 200 27
117.185.32.26 - - [19/Aug/2020:10:49:27 +0800] "GET /xingrg/kc/buy/cgsh_order_operate.html?command=get_materiel&rest_code=00106&code=00101008355&supplier_code=00100007&order_time=2020-08-19 HTTP/1.1" 200 408
114.88.166.242 - - [19/Aug/2020:10:49:28 +0800] "GET /xingrg/kc/base/wldb_order_operate.html?command=get_materiel&rest_code=00111&base_code=0010283&code=00101016020 HTTP/1.1" 200 446
61.172.5.115 - - [19/Aug/2020:10:49:28 +0800] "GET /xingrg/kc/print/load_data.html?order_code=212020081908046&kc_code=cgsh&condition= HTTP/1.1" 200 900
116.235.241.164 - - [19/Aug/2020:10:49:28 +0800] "GET /xingrg/all/function/internal_message.html?_=1597805365487&CODE_STATE=getMsg HTTP/1.1" 200 27
114.88.153.118 - - [19/Aug/2020:10:49:29 +0800] "GET /xingrg/all/function/internal_message.html?_=1597805365340&CODE_STATE=getMsg HTTP/1.1" 200 27
114.88.153.118 - - [19/Aug/2020:10:49:29 +0800] "GET /xingrg/kc/buy/cgsh_order_operate.html?command=get_materiel&rest_code=00141&code=00101004046&supplier_code=00100312&order_time=2020-08-19 HTTP/1.1" 200 417
218.81.217.115 - - [19/Aug/2020:10:49:31 +0800] "GET /xingrg/all/function/internal_message.html?_=1597805379458&CODE_STATE=getMsg HTTP/1.1" 200 27
172.17.0.123 - - [19/Aug/2020:10:49:31 +0800] "GET /xingrg/all/function/internal_message.html?_=1597805282472&CODE_STATE=getMsg HTTP/1.1" 200 27
117.185.32.26 - - [19/Aug/2020:10:49:32 +0800] "GET /xingrg/all/function/internal_message.html?_=1597805798147&CODE_STATE=getMsg HTTP/1.1" 200 27
61.172.5.115 - - [19/Aug/2020:10:49:32 +0800] "GET /xingrg/kc/buy/cgsh_order_add.html HTTP/1.1" 200 59379
114.88.166.242 - - [19/Aug/2020:10:49:32 +0800] "GET /xingrg/kc/base/wldb_order_operate.html?command=get_materiel&rest_code=00111&base_code=0010283&code=00101019212 HTTP/1.1" 200 464
116.230.74.197 - - [19/Aug/2020:10:49:33 +0800] "GET /xingrg/kc/buy/cgsh_order_operate.html?command=get_materiel&rest_code=00107&code=00101001045&supplier_code=00100347&order_time=2020-08-19 HTTP/1.1" 200 423
117.185.32.26 - - [19/Aug/2020:10:49:33 +0800] "GET /xingrg/all/function/internal_message.html?_=1597805369314&CODE_STATE=getMsg HTTP/1.1" 200 27
117.185.32.26 - - [19/Aug/2020:10:49:33 +0800] "GET /xingrg/check_reg.html?_=1597805369313 HTTP/1.1" 200 22
61.172.5.115 - - [19/Aug/2020:10:49:33 +0800] "GET /xingrg/javascript/easyui/themes/default/validatebox.css HTTP/1.1" 404 1104
61.172.5.115 - - [19/Aug/2020:10:49:33 +0800] "POST /xingrg/kc/buy/cgsh_order_operate.html HTTP/1.1" 200 8245
172.17.200.101 - - [19/Aug/2020:10:49:33 +0800] "GET /xingrg/all/function/internal_message.html?_=1597805374072&CODE_STATE=getMsg HTTP/1.1" 200 27
180.175.214.200 - - [19/Aug/2020:10:49:36 +0800] "GET /xingrg/all/function/internal_message.html?_=1597805374591&CODE_STATE=getMsg HTTP/1.1" 200 27
117.185.32.26 - - [19/Aug/2020:10:49:36 +0800] "GET /xingrg/kc/buy/cgsh_order_operate.html?command=get_materiel&rest_code=00106&code=00101008264&supplier_code=00100007&order_time=2020-08-19 HTTP/1.1" 200 412
114.88.166.242 - - [19/Aug/2020:10:49:36 +0800] "GET /xingrg/kc/base/wldb_order_operate.html?command=get_materiel&rest_code=00111&base_code=0010283&code=00101016083 HTTP/1.1" 200 448
114.88.153.118 - - [19/Aug/2020:10:49:37 +0800] "GET /xingrg/kc/buy/cgsh_order_operate.html?command=get_materiel&rest_code=00141&code=00101004067&supplier_code=00100312&order_time=2020-08-19 HTTP/1.1" 200 435
218.81.217.115 - - [19/Aug/2020:10:49:37 +0800] "GET /xingrg/kc/buy/cgsh_order_operate.html?command=get_materiel&rest_code=00146&code=00101007032&supplier_code=00100328&order_time=2020-08-19 HTTP/1.1" 200 413
114.88.166.242 - - [19/Aug/2020:10:49:40 +0800] "GET /xingrg/kc/base/wldb_order_operate.html?command=get_materiel&rest_code=00111&base_code=0010283&code=00101016040 HTTP/1.1" 200 458
61.172.5.115 - - [19/Aug/2020:10:49:41 +0800] "GET /xingrg/kc/buy/cgsh_order_operate.html?command=get_materiel&rest_code=00105&code=00101001051&supplier_code=00100094&order_time=2020-08-19 HTTP/1.1" 200 424
117.184.7.26 - - [19/Aug/2020:10:49:42 +0800] "GET /xingrg/all/function/internal_message.html?_=1597805375573&CODE_STATE=getMsg HTTP/1.1" 200 27
117.185.32.26 - - [19/Aug/2020:10:49:42 +0800] "GET /xingrg/kc/buy/cgsh_order_operate.html?command=get_materiel&rest_code=00106&code=00101008356&supplier_code=00100007&order_time=2020-08-19 HTTP/1.1" 200 408
61.172.5.115 - - [19/Aug/2020:10:49:43 +0800] "GET /xingrg/all/function/internal_message.html?_=1597805382389&CODE_STATE=getMsg HTTP/1.1" 200 27
172.17.0.185 - - [19/Aug/2020:10:49:43 +0800] "GET /xingrg/all/function/internal_message.html?_=1597805382234&CODE_STATE=getMsg HTTP/1.1" 200 27
117.185.32.26 - - [19/Aug/2020:10:49:44 +0800] "POST /xingrg/kc/buy/cgsh_order_operate.html HTTP/1.1" 200 37
180.175.214.200 - - [19/Aug/2020:10:49:44 +0800] "GET /xingrg/all/function/internal_message.html?_=1597805588260&CODE_STATE=getMsg HTTP/1.1" 200 27
117.185.32.26 - - [19/Aug/2020:10:49:45 +0800] "POST /xingrg/kc/buy/cgsh_order_operate.html HTTP/1.1" 200 12
117.185.32.26 - - [19/Aug/2020:10:49:46 +0800] "GET /xingrg/kc/buy/cgsh_order_info.html?code=212020081908047 HTTP/1.1" 200 54284
114.88.153.118 - - [19/Aug/2020:10:49:47 +0800] "GET /xingrg/kc/buy/cgsh_order_operate.html?command=get_materiel&rest_code=00141&code=00101004027&supplier_code=00100312&order_time=2020-08-19 HTTP/1.1" 200 429
117.185.32.26 - - [19/Aug/2020:10:49:47 +0800] "GET /xingrg/javascript/easyui/themes/default/validatebox.css HTTP/1.1" 404 1104
117.185.32.26 - - [19/Aug/2020:10:49:47 +0800] "POST /xingrg/kc/buy/cgsh_order_operate.html HTTP/1.1" 200 613
117.185.32.26 - - [19/Aug/2020:10:49:48 +0800] "GET /xingrg/kc/buy/cgsh_order_operate.html?command=get_materiel&rest_code=00106&code=00101008360&supplier_code=00100007&order_time=2020-08-19 HTTP/1.1" 200 412
180.175.214.200 - - [19/Aug/2020:10:49:48 +0800] "GET /xingrg/kc/buy/cgsh_order_add.html HTTP/1.1" 200 59297
116.230.74.197 - - [19/Aug/2020:10:49:49 +0800] "POST /xingrg/kc/buy/cgsh_order_operate.html HTTP/1.1" 200 37
117.185.32.26 - - [19/Aug/2020:10:49:49 +0800] "GET /xingrg/kc/print/load_data.html?order_code=212020081908047&kc_code=cgsh&condition= HTTP/1.1" 200 779
180.157.251.101 - - [19/Aug/2020:10:49:50 +0800] "GET /xingrg/check_reg.html?_=1597805388930 HTTP/1.1" 200 22
180.175.214.200 - - [19/Aug/2020:10:49:50 +0800] "POST /xingrg/kc/buy/cgsh_order_operate.html HTTP/1.1" 200 8245
180.157.251.101 - - [19/Aug/2020:10:49:50 +0800] "GET /xingrg/all/function/internal_message.html?_=1597805389130&CODE_STATE=getMsg HTTP/1.1" 200 27
180.175.214.200 - - [19/Aug/2020:10:49:50 +0800] "GET /xingrg/javascript/easyui/themes/default/validatebox.css HTTP/1.1" 404 1104
180.157.251.101 - - [19/Aug/2020:10:49:51 +0800] "POST /xingrg/kc/buy/cgsh_order_operate.html HTTP/1.1" 200 37
116.230.74.197 - - [19/Aug/2020:10:49:51 +0800] "POST /xingrg/kc/buy/cgsh_order_operate.html HTTP/1.1" 200 6248
116.230.74.197 - - [19/Aug/2020:10:49:52 +0800] "GET /xingrg/all/function/internal_message.html?_=1597805389086&CODE_STATE=getMsg HTTP/1.1" 200 27
114.88.153.118 - - [19/Aug/2020:10:49:52 +0800] "GET /xingrg/all/function/internal_message.html?_=1597805033102&CODE_STATE=getMsg HTTP/1.1" 200 27
116.230.74.197 - - [19/Aug/2020:10:49:53 +0800] "GET /xingrg/kc/print/load_data.html?order_code=212020081908048&kc_code=cgsh&condition= HTTP/1.1" 200 2048
222.69.27.237 - - [19/Aug/2020:10:49:54 +0800] "GET /xingrg/all/function/internal_message.html?_=1597805265344&CODE_STATE=getMsg HTTP/1.1" 200 27
218.81.217.115 - - [19/Aug/2020:10:49:54 +0800] "POST /xingrg/kc/buy/cgsh_order_operate.html HTTP/1.1" 200 37
180.157.251.101 - - [19/Aug/2020:10:49:54 +0800] "POST /xingrg/kc/buy/cgsh_order_operate.html HTTP/1.1" 200 12
117.185.32.26 - - [19/Aug/2020:10:49:54 +0800] "GET /xingrg/kc/buy/cgsh_order_operate.html?command=get_materiel&rest_code=00106&code=00101008078&supplier_code=00100007&order_time=2020-08-19 HTTP/1.1" 200 416
114.88.153.118 - - [19/Aug/2020:10:49:55 +0800] "GET /xingrg/kc/buy/cgsh_order_operate.html?command=get_materiel&rest_code=00141&code=00101004061&supplier_code=00100312&order_time=2020-08-19 HTTP/1.1" 200 409
172.17.0.101 - - [19/Aug/2020:10:49:55 +0800] "GET /xingrg/all/function/internal_message.html?_=1597805400037&CODE_STATE=getMsg HTTP/1.1" 302 -
180.157.251.101 - - [19/Aug/2020:10:49:55 +0800] "GET /xingrg/kc/buy/cgsh_order_info.html?code=212020081908049 HTTP/1.1" 200 54292
218.81.217.115 - - [19/Aug/2020:10:49:56 +0800] "POST /xingrg/kc/buy/cgsh_order_operate.html HTTP/1.1" 200 3252
180.157.251.101 - - [19/Aug/2020:10:49:56 +0800] "GET /xingrg/javascript/easyui/themes/default/validatebox.css HTTP/1.1" 404 1104
180.157.251.101 - - [19/Aug/2020:10:49:56 +0800] "POST /xingrg/kc/buy/cgsh_order_operate.html HTTP/1.1" 200 1789
180.175.214.200 - - [19/Aug/2020:10:49:57 +0800] "GET /xingrg/kc/buy/cgsh_order_operate.html?command=get_materiel&rest_code=00102&code=00101001135&supplier_code=00100313&order_time=2020-08-18 HTTP/1.1" 200 413
114.88.166.242 - - [19/Aug/2020:10:49:57 +0800] "GET /xingrg/all/function/internal_message.html?_=1597805395257&CODE_STATE=getMsg HTTP/1.1" 200 27
114.86.228.60 - - [19/Aug/2020:10:49:58 +0800] "GET /xingrg/all/function/internal_message.html?_=1597805421500&CODE_STATE=getMsg HTTP/1.1" 200 27
222.69.135.163 - - [19/Aug/2020:10:49:58 +0800] "GET /xingrg/all/function/internal_message.html?_=1597805393217&CODE_STATE=getMsg HTTP/1.1" 200 27
222.69.135.163 - - [19/Aug/2020:10:49:59 +0800] "GET /xingrg/check_reg.html?_=1597805393688 HTTP/1.1" 200 22
218.81.217.115 - - [19/Aug/2020:10:49:59 +0800] "GET /xingrg/kc/print/load_data.html?order_code=212020081908050&kc_code=cgsh&condition= HTTP/1.1" 200 917
172.17.0.120 - - [19/Aug/2020:10:49:59 +0800] "GET /xingrg/check_reg.html?_=1597805408263 HTTP/1.1" 200 22
172.17.0.120 - - [19/Aug/2020:10:49:59 +0800] "GET /xingrg/all/function/internal_message.html?_=1597805408270&CODE_STATE=getMsg HTTP/1.1" 200 27
114.89.80.44 - - [19/Aug/2020:10:49:59 +0800] "GET /xingrg/all/function/internal_message.html?_=1597805516922&CODE_STATE=getMsg HTTP/1.1" 200 27
116.230.74.197 - - [19/Aug/2020:10:50:00 +0800] "GET /xingrg/kc/buy/cgsh_order_add.html HTTP/1.1" 200 59426
117.185.32.26 - - [19/Aug/2020:10:50:01 +0800] "GET /xingrg/kc/buy/cgsh_order_add.html HTTP/1.1" 200 59379
61.172.5.115 - - [19/Aug/2020:10:50:01 +0800] "POST /xingrg/kc/buy/cgsh_order_operate.html HTTP/1.1" 200 37
116.230.74.197 - - [19/Aug/2020:10:50:01 +0800] "GET /xingrg/javascript/easyui/themes/default/validatebox.css HTTP/1.1" 404 1104
116.230.74.197 - - [19/Aug/2020:10:50:01 +0800] "POST /xingrg/kc/buy/cgsh_order_operate.html HTTP/1.1" 200 8245
117.185.32.26 - - [19/Aug/2020:10:50:01 +0800] "GET /xingrg/kc/buy/cgsh_order_operate.html?command=get_materiel&rest_code=00106&code=00101008357&supplier_code=00100007&order_time=2020-08-19 HTTP/1.1" 200 408
117.185.32.26 - - [19/Aug/2020:10:50:01 +0800] "POST /xingrg/kc/buy/cgsh_order_operate.html HTTP/1.1" 200 8245
117.185.32.26 - - [19/Aug/2020:10:50:01 +0800] "GET /xingrg/javascript/easyui/themes/default/validatebox.css HTTP/1.1" 404 1104
61.172.5.115 - - [19/Aug/2020:10:50:01 +0800] "POST /xingrg/kc/buy/cgsh_order_operate.html HTTP/1.1" 200 2671
116.230.74.197 - - [19/Aug/2020:10:50:02 +0800] "GET /xingrg/javascript/easyui/themes/default/tree.css HTTP/1.1" 404 1090
116.230.74.197 - - [19/Aug/2020:10:50:02 +0800] "POST /xingrg/all/common/load_tree.html?tree=supplier_tree_json&isDelete=1 HTTP/1.1" 200 49675
61.172.5.115 - - [19/Aug/2020:10:50:03 +0800] "GET /xingrg/kc/print/load_data.html?order_code=212020081908051&kc_code=cgsh&condition= HTTP/1.1" 200 750
180.175.214.200 - - [19/Aug/2020:10:50:03 +0800] "GET /xingrg/kc/buy/cgsh_order_operate.html?command=get_materiel&rest_code=00102&code=00101001138&supplier_code=00100313&order_time=2020-08-18 HTTP/1.1" 200 413
180.157.251.101 - - [19/Aug/2020:10:50:03 +0800] "GET /xingrg/kc/print/load_data.html?order_code=212020081908049&kc_code=cgsh&condition= HTTP/1.1" 200 1162
117.185.32.26 - - [19/Aug/2020:10:50:03 +0800] "GET /xingrg/javascript/easyui/themes/default/tree.css HTTP/1.1" 404 1090
117.185.32.26 - - [19/Aug/2020:10:50:04 +0800] "POST /xingrg/all/common/load_tree.html?tree=supplier_tree_json&isDelete=1 HTTP/1.1" 200 49675
114.89.80.44 - - [19/Aug/2020:10:50:04 +0800] "GET /xingrg/all/function/internal_message.html?_=1597805403042&CODE_STATE=getMsg HTTP/1.1" 200 27
114.88.166.242 - - [19/Aug/2020:10:50:05 +0800] "POST /xingrg/kc/base/wldb_order_operate.html HTTP/1.1" 200 37
114.88.166.242 - - [19/Aug/2020:10:50:05 +0800] "POST /xingrg/kc/base/wldb_order_operate.html HTTP/1.1" 200 10079
114.88.166.242 - - [19/Aug/2020:10:50:05 +0800] "GET /xingrg/kc/base/wldb_order_info.html?code=422020081902186 HTTP/1.1" 200 30382
117.185.32.26 - - [19/Aug/2020:10:50:06 +0800] "GET /xingrg/kc/buy/cgsh_order_operate.html?command=get_materiel&rest_code=00106&code=00101008069&supplier_code=00100007&order_time=2020-08-19 HTTP/1.1" 200 412
114.88.166.242 - - [19/Aug/2020:10:50:06 +0800] "GET /xingrg/javascript/easyui/themes/default/validatebox.css HTTP/1.1" 404 1104
114.88.166.242 - - [19/Aug/2020:10:50:07 +0800] "POST /xingrg/kc/base/wldb_order_operate.html HTTP/1.1" 200 10079
180.157.251.101 - - [19/Aug/2020:10:50:08 +0800] "GET /xingrg/css/base.css HTTP/1.1" 304 -
180.157.251.101 - - [19/Aug/2020:10:50:08 +0800] "GET /xingrg/kc/buy/cgsh_order_list.html HTTP/1.1" 200 43647
180.157.251.101 - - [19/Aug/2020:10:50:08 +0800] "GET /xingrg/css/site.css HTTP/1.1" 304 -
180.157.251.101 - - [19/Aug/2020:10:50:08 +0800] "GET /xingrg/javascript/jquery_tools/datebox.css HTTP/1.1" 304 -
180.157.251.101 - - [19/Aug/2020:10:50:08 +0800] "GET /xingrg/javascript/easyui/themes/default/easyui.css HTTP/1.1" 304 -
180.157.251.101 - - [19/Aug/2020:10:50:08 +0800] "GET /xingrg/javascript/jquery_tools/jquery.tools.extend.js HTTP/1.1" 304 -
180.157.251.101 - - [19/Aug/2020:10:50:08 +0800] "GET /xingrg/javascript/easyui/themes/icon.css HTTP/1.1" 304 -
180.157.251.101 - - [19/Aug/2020:10:50:08 +0800] "GET /xingrg/javascript/auto/jquery.autocomplete.css HTTP/1.1" 304 -
180.157.251.101 - - [19/Aug/2020:10:50:08 +0800] "GET /xingrg/javascript/jquery_tools/fix.css HTTP/1.1" 304 -
180.157.251.101 - - [19/Aug/2020:10:50:08 +0800] "GET /xingrg/javascript/jquery_tools/table.css HTTP/1.1" 304 -
180.157.251.101 - - [19/Aug/2020:10:50:08 +0800] "GET /xingrg/javascript/jquery_tools/jquery.tools.min.js HTTP/1.1" 304 -
180.157.251.101 - - [19/Aug/2020:10:50:08 +0800] "GET /xingrg/javascript/auto/jquery.autocomplete.js HTTP/1.1" 304 -
180.157.251.101 - - [19/Aug/2020:10:50:08 +0800] "GET /xingrg/javascript/jquery_tools/jquery.tools.hotkey.js HTTP/1.1" 304 -
180.157.251.101 - - [19/Aug/2020:10:50:08 +0800] "GET /xingrg/javascript/jquery_tools/jquery.tools.table.js HTTP/1.1" 304 -
180.157.251.101 - - [19/Aug/2020:10:50:08 +0800] "GET /xingrg/javascript/jquery_tools/list_manager.js HTTP/1.1" 304 -
180.157.251.101 - - [19/Aug/2020:10:50:08 +0800] "GET /xingrg/javascript/easyui/easyloader.js HTTP/1.1" 304 -
180.157.251.101 - - [19/Aug/2020:10:50:08 +0800] "GET /xingrg/javascript/jquery.utils.js HTTP/1.1" 304 -
180.157.251.101 - - [19/Aug/2020:10:50:08 +0800] "GET /xingrg/javascript/jquery.cookie.js HTTP/1.1" 304 -
180.157.251.101 - - [19/Aug/2020:10:50:08 +0800] "GET /xingrg/javascript/print/LodopFuncs.js HTTP/1.1" 304 -
180.157.251.101 - - [19/Aug/2020:10:50:08 +0800] "GET /xingrg/javascript/easyui/plugins/jquery.parser.js HTTP/1.1" 304 -
61.151.179.84 - - [19/Aug/2020:10:50:09 +0800] "GET /xingrg/all/function/internal_message.html?_=1597804569889&CODE_STATE=getMsg HTTP/1.1" 302 -
114.88.153.118 - - [19/Aug/2020:10:50:09 +0800] "GET /xingrg/kc/buy/cgsh_order_operate.html?command=get_materiel&rest_code=00141&code=00101004071&supplier_code=00100312&order_time=2020-08-19 HTTP/1.1" 200 409
180.157.251.101 - - [19/Aug/2020:10:50:10 +0800] "POST /xingrg/kc/buy/cgsh_list_operate.html HTTP/1.1" 200 2386
180.175.214.200 - - [19/Aug/2020:10:50:10 +0800] "GET /xingrg/kc/buy/cgsh_order_operate.html?command=get_materiel&rest_code=00102&code=00101001016&supplier_code=00100313&order_time=2020-08-18 HTTP/1.1" 200 415
180.157.251.101 - - [19/Aug/2020:10:50:11 +0800] "GET /xingrg/javascript/easyui/themes/default/images/button_plain_hover.png HTTP/1.1" 304 -
180.157.251.101 - - [19/Aug/2020:10:50:12 +0800] "GET /xingrg/javascript/easyui/themes/default/images/button_plain_hover.png HTTP/1.1" 304 -
180.157.251.101 - - [19/Aug/2020:10:50:12 +0800] "GET /xingrg/javascript/easyui/themes/default/images/button_plain_hover.png HTTP/1.1" 304 -
180.157.251.101 - - [19/Aug/2020:10:50:12 +0800] "GET /xingrg/css/site.css HTTP/1.1" 304 -
180.157.251.101 - - [19/Aug/2020:10:50:12 +0800] "GET /xingrg/javascript/easyui/themes/default/easyui.css HTTP/1.1" 304 -
180.157.251.101 - - [19/Aug/2020:10:50:12 +0800] "GET /xingrg/javascript/jquery_tools/datebox.css HTTP/1.1" 304 -
180.157.251.101 - - [19/Aug/2020:10:50:12 +0800] "GET /xingrg/javascript/easyui/themes/icon.css HTTP/1.1" 304 -
180.157.251.101 - - [19/Aug/2020:10:50:12 +0800] "GET /xingrg/javascript/jquery_tools/fix.css HTTP/1.1" 304 -
180.157.251.101 - - [19/Aug/2020:10:50:12 +0800] "GET /xingrg/javascript/auto/jquery.autocomplete.css HTTP/1.1" 304 -
180.157.251.101 - - [19/Aug/2020:10:50:12 +0800] "GET /xingrg/javascript/jquery_tools/table.css HTTP/1.1" 304 -
180.157.251.101 - - [19/Aug/2020:10:50:12 +0800] "GET /xingrg/javascript/pic_change.js HTTP/1.1" 304 -
180.157.251.101 - - [19/Aug/2020:10:50:12 +0800] "GET /xingrg/css/base.css HTTP/1.1" 304 -
180.157.251.101 - - [19/Aug/2020:10:50:12 +0800] "GET /xingrg/javascript/convert.js HTTP/1.1" 304 -
180.157.251.101 - - [19/Aug/2020:10:50:12 +0800] "GET /xingrg/javascript/json2.js HTTP/1.1" 304 -
180.157.251.101 - - [19/Aug/2020:10:50:12 +0800] "GET /xingrg/javascript/jquery_tools/jquery.tools.min.js HTTP/1.1" 304 -
180.157.251.101 - - [19/Aug/2020:10:50:12 +0800] "GET /xingrg/javascript/jquery_tools/jquery.tools.extend.js HTTP/1.1" 304 -
180.157.251.101 - - [19/Aug/2020:10:50:12 +0800] "GET /xingrg/javascript/jquery_tools/jquery.tools.hotkey.js HTTP/1.1" 304 -
180.157.251.101 - - [19/Aug/2020:10:50:12 +0800] "GET /xingrg/javascript/jquery_tools/jquery.tools.table.js HTTP/1.1" 304 -
180.157.251.101 - - [19/Aug/2020:10:50:12 +0800] "GET /xingrg/javascript/easyui/easyloader.js HTTP/1.1" 304 -
180.157.251.101 - - [19/Aug/2020:10:50:12 +0800] "GET /xingrg/javascript/auto/jquery.autocomplete.js HTTP/1.1" 304 -
180.157.251.101 - - [19/Aug/2020:10:50:12 +0800] "GET /xingrg/javascript/jquery.utils.js HTTP/1.1" 304 -
180.157.251.101 - - [19/Aug/2020:10:50:12 +0800] "GET /xingrg/javascript/jquery_tools/order_manager.js HTTP/1.1" 304 -
180.157.251.101 - - [19/Aug/2020:10:50:12 +0800] "GET /xingrg/javascript/print/kc_print.js HTTP/1.1" 304 -
180.157.251.101 - - [19/Aug/2020:10:50:12 +0800] "GET /xingrg/javascript/print/LodopFuncs.js HTTP/1.1" 304 -
180.157.251.101 - - [19/Aug/2020:10:50:12 +0800] "GET /xingrg/javascript/jquery.cookie.js HTTP/1.1" 304 -
180.157.251.101 - - [19/Aug/2020:10:50:12 +0800] "GET /xingrg/kc/buy/cgsh_order_add.html HTTP/1.1" 200 59379
180.157.251.101 - - [19/Aug/2020:10:50:12 +0800] "GET /xingrg/words/20200818174345_words.js HTTP/1.1" 304 -
180.157.251.101 - - [19/Aug/2020:10:50:12 +0800] "GET /xingrg/javascript/easyui/themes/icons/ok.png HTTP/1.1" 304 -
180.157.251.101 - - [19/Aug/2020:10:50:12 +0800] "GET /xingrg/javascript/easyui/themes/icons/copy_new.png HTTP/1.1" 304 -
180.157.251.101 - - [19/Aug/2020:10:50:12 +0800] "GET /xingrg/javascript/easyui/themes/icons/template_new.png HTTP/1.1" 304 -
180.157.251.101 - - [19/Aug/2020:10:50:12 +0800] "GET /xingrg/javascript/easyui/themes/default/images/menu_downarrow.png HTTP/1.1" 304 -
180.157.251.101 - - [19/Aug/2020:10:50:12 +0800] "GET /xingrg/javascript/easyui/themes/icons/print.png HTTP/1.1" 304 -
180.157.251.101 - - [19/Aug/2020:10:50:12 +0800] "GET /xingrg/javascript/easyui/themes/icons/cancel.png HTTP/1.1" 304 -
180.157.251.101 - - [19/Aug/2020:10:50:12 +0800] "GET /xingrg/javascript/easyui/plugins/jquery.parser.js HTTP/1.1" 304 -
180.157.251.101 - - [19/Aug/2020:10:50:12 +0800] "POST /xingrg/kc/buy/cgsh_order_operate.html HTTP/1.1" 200 8245
180.157.251.101 - - [19/Aug/2020:10:50:12 +0800] "GET /xingrg/all/common/auto_word.html?type=employee&rest_code=00148 HTTP/1.1" 200 147
180.157.251.101 - - [19/Aug/2020:10:50:12 +0800] "GET /xingrg/all/common/auto_word.html?type=employee&rest_code=00148 HTTP/1.1" 200 147
180.157.251.101 - - [19/Aug/2020:10:50:13 +0800] "GET /xingrg/javascript/easyui/themes/default/validatebox.css HTTP/1.1" 404 1104
180.157.251.101 - - [19/Aug/2020:10:50:13 +0800] "GET /xingrg/javascript/easyui/plugins/jquery.validatebox.js HTTP/1.1" 304 -
180.157.251.101 - - [19/Aug/2020:10:50:13 +0800] "GET /xingrg/javascript/easyui/plugins/jquery.numberbox.js HTTP/1.1" 304 -
117.185.32.26 - - [19/Aug/2020:10:50:13 +0800] "GET /xingrg/kc/buy/cgsh_order_operate.html?command=get_materiel&rest_code=00106&code=00101008286&supplier_code=00100007&order_time=2020-08-19 HTTP/1.1" 200 408
116.233.78.24 - - [19/Aug/2020:10:50:14 +0800] "POST /xingrg/services/DataTransmitService HTTP/1.1" 200 524
180.175.214.200 - - [19/Aug/2020:10:50:15 +0800] "GET /xingrg/kc/buy/cgsh_order_operate.html?command=get_materiel&rest_code=00102&code=00101001096&supplier_code=00100313&order_time=2020-08-18 HTTP/1.1" 200 414
61.172.5.115 - - [19/Aug/2020:10:50:15 +0800] "GET /xingrg/kc/buy/cgsh_order_add.html HTTP/1.1" 200 59379
61.172.5.115 - - [19/Aug/2020:10:50:16 +0800] "POST /xingrg/kc/buy/cgsh_order_operate.html HTTP/1.1" 200 8245
61.151.179.84 - - [19/Aug/2020:10:50:16 +0800] "GET /xingrg/login.html HTTP/1.1" 200 7641
61.172.5.115 - - [19/Aug/2020:10:50:16 +0800] "GET /xingrg/javascript/easyui/themes/default/validatebox.css HTTP/1.1" 404 1104
180.157.251.101 - - [19/Aug/2020:10:50:17 +0800] "GET /xingrg/javascript/pic_change.js HTTP/1.1" 304 -
180.157.251.101 - - [19/Aug/2020:10:50:17 +0800] "GET /xingrg/javascript/jquery_tools/jquery.tools.min.js HTTP/1.1" 304 -
180.157.251.101 - - [19/Aug/2020:10:50:17 +0800] "GET /xingrg/javascript/jquery_tools/jquery.tools.extend.js HTTP/1.1" 304 -
180.157.251.101 - - [19/Aug/2020:10:50:17 +0800] "GET /xingrg/javascript/jquery_tools/jquery.tools.hotkey.js HTTP/1.1" 304 -
180.157.251.101 - - [19/Aug/2020:10:50:17 +0800] "GET /xingrg/javascript/jquery_tools/jquery.tools.table.js HTTP/1.1" 304 -
180.157.251.101 - - [19/Aug/2020:10:50:17 +0800] "GET /xingrg/javascript/auto/jquery.autocomplete.js HTTP/1.1" 304 -
180.157.251.101 - - [19/Aug/2020:10:50:17 +0800] "GET /xingrg/javascript/jquery_tools/order_manager.js HTTP/1.1" 304 -
180.157.251.101 - - [19/Aug/2020:10:50:17 +0800] "GET /xingrg/javascript/easyui/easyloader.js HTTP/1.1" 304 -
180.157.251.101 - - [19/Aug/2020:10:50:17 +0800] "GET /xingrg/javascript/jquery.utils.js HTTP/1.1" 304 -
180.157.251.101 - - [19/Aug/2020:10:50:17 +0800] "GET /xingrg/javascript/json2.js HTTP/1.1" 304 -
180.157.251.101 - - [19/Aug/2020:10:50:17 +0800] "GET /xingrg/javascript/jquery.cookie.js HTTP/1.1" 304 -
180.157.251.101 - - [19/Aug/2020:10:50:17 +0800] "GET /xingrg/javascript/print/kc_print.js HTTP/1.1" 304 -
180.157.251.101 - - [19/Aug/2020:10:50:17 +0800] "GET /xingrg/javascript/print/LodopFuncs.js HTTP/1.1" 304 -
180.157.251.101 - - [19/Aug/2020:10:50:17 +0800] "GET /xingrg/javascript/easyui/plugins/jquery.validatebox.js HTTP/1.1" 304 -
180.157.251.101 - - [19/Aug/2020:10:50:17 +0800] "GET /xingrg/javascript/easyui/plugins/jquery.numberbox.js HTTP/1.1" 304 -
180.157.251.101 - - [19/Aug/2020:10:50:17 +0800] "GET /xingrg/javascript/easyui/plugins/jquery.parser.js HTTP/1.1" 304 -
180.157.251.101 - - [19/Aug/2020:10:50:17 +0800] "GET /xingrg/words/20200818174345_words.js HTTP/1.1" 304 -
180.157.251.101 - - [19/Aug/2020:10:50:17 +0800] "GET /xingrg/javascript/convert.js HTTP/1.1" 304 -
117.185.32.26 - - [19/Aug/2020:10:50:18 +0800] "GET /xingrg/kc/buy/cgsh_order_operate.html?command=get_materiel&rest_code=00106&code=00101002006&supplier_code=00100091&order_time=2020-08-19 HTTP/1.1" 200 414
114.88.153.118 - - [19/Aug/2020:10:50:18 +0800] "GET /xingrg/kc/buy/cgsh_order_operate.html?command=get_materiel&rest_code=00141&code=00101005017&supplier_code=00100312&order_time=2020-08-19 HTTP/1.1" 200 409
117.185.32.26 - - [19/Aug/2020:10:50:18 +0800] "GET /xingrg/kc/buy/cgsh_order_operate.html?command=get_materiel&rest_code=00106&code=00101008131&supplier_code=00100007&order_time=2020-08-19 HTTP/1.1" 200 408
172.17.0.119 - - [19/Aug/2020:10:50:18 +0800] "GET /xingrg/all/function/internal_message.html?_=1597805417524&CODE_STATE=getMsg HTTP/1.1" 200 27
58.221.95.50 - - [19/Aug/2020:10:50:21 +0800] "GET /xingrg/all/function/internal_message.html?_=1597805550706&CODE_STATE=getMsg HTTP/1.1" 200 27
116.230.74.197 - - [19/Aug/2020:10:50:21 +0800] "GET /xingrg/kc/buy/cgsh_order_operate.html?command=get_materiel&rest_code=00107&code=00101001089&supplier_code=00100094&order_time=2020-08-19 HTTP/1.1" 200 412
180.175.214.200 - - [19/Aug/2020:10:50:22 +0800] "GET /xingrg/kc/buy/cgsh_order_operate.html?command=get_materiel&rest_code=00102&code=00101001161&supplier_code=00100313&order_time=2020-08-18 HTTP/1.1" 200 409
116.233.78.24 - - [19/Aug/2020:10:50:23 +0800] "POST /xingrg/services/DataTransmitService HTTP/1.1" 200 501
117.185.32.26 - - [19/Aug/2020:10:50:24 +0800] "GET /xingrg/kc/buy/cgsh_order_operate.html?command=get_materiel&rest_code=00106&code=00101008005&supplier_code=00100007&order_time=2020-08-19 HTTP/1.1" 200 412
172.17.0.102 - - [19/Aug/2020:10:50:25 +0800] "GET /xingrg/all/function/internal_message.html?_=1597805424279&CODE_STATE=getMsg HTTP/1.1" 200 27
117.184.7.26 - - [19/Aug/2020:10:50:25 +0800] "GET /xingrg/check_reg.html?_=1597805418992 HTTP/1.1" 200 22
114.88.153.118 - - [19/Aug/2020:10:50:26 +0800] "GET /xingrg/kc/buy/cgsh_order_operate.html?command=get_materiel&rest_code=00141&code=00101004022&supplier_code=00100312&order_time=2020-08-19 HTTP/1.1" 200 416
117.184.7.26 - - [19/Aug/2020:10:50:26 +0800] "GET /xingrg/all/function/internal_message.html?_=1597805419583&CODE_STATE=getMsg HTTP/1.1" 200 27
117.185.32.26 - - [19/Aug/2020:10:50:27 +0800] "POST /xingrg/kc/buy/cgsh_order_operate.html HTTP/1.1" 200 2065
114.88.166.242 - - [19/Aug/2020:10:50:27 +0800] "GET /xingrg/all/function/internal_message.html?_=1597805473449&CODE_STATE=getMsg HTTP/1.1" 200 27
180.175.214.200 - - [19/Aug/2020:10:50:27 +0800] "GET /xingrg/kc/buy/cgsh_order_operate.html?command=get_materiel&rest_code=00102&code=00101014083&supplier_code=00100313&order_time=2020-08-18 HTTP/1.1" 200 409
180.157.251.101 - - [19/Aug/2020:10:50:28 +0800] "GET /xingrg/kc/buy/cgsh_order_operate.html?command=get_materiel&rest_code=00148&code=00101006130&supplier_code=00100010&order_time=2020-08-19 HTTP/1.1" 200 427
116.235.241.164 - - [19/Aug/2020:10:50:28 +0800] "GET /xingrg/all/function/internal_message.html?_=1597805425487&CODE_STATE=getMsg HTTP/1.1" 200 27
218.81.217.115 - - [19/Aug/2020:10:50:29 +0800] "GET /xingrg/check_reg.html?_=1597805437197 HTTP/1.1" 200 22
114.88.153.118 - - [19/Aug/2020:10:50:29 +0800] "GET /xingrg/all/function/internal_message.html?_=1597805425332&CODE_STATE=getMsg HTTP/1.1" 200 27
114.88.166.242 - - [19/Aug/2020:10:50:29 +0800] "GET /xingrg/kc/base/wldb_order_add.html HTTP/1.1" 200 30367
114.88.166.242 - - [19/Aug/2020:10:50:30 +0800] "POST /xingrg/kc/base/wldb_order_operate.html HTTP/1.1" 200 6806
114.88.166.242 - - [19/Aug/2020:10:50:30 +0800] "GET /xingrg/javascript/easyui/themes/default/validatebox.css HTTP/1.1" 404 1104
218.81.217.115 - - [19/Aug/2020:10:50:31 +0800] "GET /xingrg/all/function/internal_message.html?_=1597805439471&CODE_STATE=getMsg HTTP/1.1" 200 27
180.175.214.200 - - [19/Aug/2020:10:50:31 +0800] "GET /xingrg/kc/buy/cgsh_order_operate.html?command=get_materiel&rest_code=00102&code=00101001162&supplier_code=00100313&order_time=2020-08-18 HTTP/1.1" 200 415
172.17.0.123 - - [19/Aug/2020:10:50:31 +0800] "GET /xingrg/all/function/internal_message.html?_=1597805342472&CODE_STATE=getMsg HTTP/1.1" 200 27
117.185.32.26 - - [19/Aug/2020:10:50:31 +0800] "GET /xingrg/kc/buy/cgsh_order_operate.html?command=get_materiel&rest_code=00106&code=00101008353&supplier_code=00100007&order_time=2020-08-19 HTTP/1.1" 200 408
117.185.32.26 - - [19/Aug/2020:10:50:32 +0800] "GET /xingrg/all/function/internal_message.html?_=1597805858158&CODE_STATE=getMsg HTTP/1.1" 200 27
180.175.214.200 - - [19/Aug/2020:10:50:32 +0800] "GET /xingrg/check_reg.html?_=1597805431415 HTTP/1.1" 200 22
117.185.32.26 - - [19/Aug/2020:10:50:33 +0800] "GET /xingrg/all/function/internal_message.html?_=1597805429301&CODE_STATE=getMsg HTTP/1.1" 200 27
172.17.200.101 - - [19/Aug/2020:10:50:33 +0800] "GET /xingrg/all/function/internal_message.html?_=1597805434074&CODE_STATE=getMsg HTTP/1.1" 200 27
180.175.214.200 - - [19/Aug/2020:10:50:36 +0800] "GET /xingrg/all/function/internal_message.html?_=1597805434598&CODE_STATE=getMsg HTTP/1.1" 200 27
180.175.214.200 - - [19/Aug/2020:10:50:37 +0800] "GET /xingrg/kc/buy/cgsh_order_operate.html?command=get_materiel&rest_code=00102&code=00101005043&supplier_code=00100313&order_time=2020-08-18 HTTP/1.1" 200 419
117.185.32.26 - - [19/Aug/2020:10:50:38 +0800] "GET /xingrg/kc/buy/cgsh_order_operate.html?command=get_materiel&rest_code=00106&code=00101008092&supplier_code=00100007&order_time=2020-08-19 HTTP/1.1" 200 412
180.157.251.101 - - [19/Aug/2020:10:50:40 +0800] "GET /xingrg/kc/buy/cgsh_order_operate.html?command=get_materiel&rest_code=00148&code=00101006130&supplier_code=00100010&order_time=2020-08-19 HTTP/1.1" 200 427
180.157.251.101 - - [19/Aug/2020:10:50:41 +0800] "GET /xingrg/kc/buy/cgsh_order_add.html HTTP/1.1" 200 59385
117.184.7.26 - - [19/Aug/2020:10:50:41 +0800] "GET /xingrg/check_reg.html?_=1597805434485 HTTP/1.1" 200 22
218.81.217.115 - - [19/Aug/2020:10:50:41 +0800] "GET /xingrg/login.html HTTP/1.1" 200 7641
180.157.251.101 - - [19/Aug/2020:10:50:42 +0800] "GET /xingrg/javascript/easyui/themes/default/validatebox.css HTTP/1.1" 404 1104
180.157.251.101 - - [19/Aug/2020:10:50:42 +0800] "POST /xingrg/kc/buy/cgsh_order_operate.html HTTP/1.1" 200 8245
218.81.217.115 - - [19/Aug/2020:10:50:42 +0800] "GET /favicon.ico HTTP/1.1" 404 -
114.88.153.118 - - [19/Aug/2020:10:50:42 +0800] "GET /xingrg/kc/buy/cgsh_order_operate.html?command=get_materiel&rest_code=00141&code=00101004005&supplier_code=00100312&order_time=2020-08-19 HTTP/1.1" 200 409
117.184.7.26 - - [19/Aug/2020:10:50:42 +0800] "GET /xingrg/all/function/internal_message.html?_=1597805435548&CODE_STATE=getMsg HTTP/1.1" 200 27
218.81.217.115 - - [19/Aug/2020:10:50:42 +0800] "GET /xingrg/kc/buy/cgsh_order_add.html HTTP/1.1" 200 59385
114.88.166.242 - - [19/Aug/2020:10:50:42 +0800] "GET /xingrg/kc/base/wldb_order_operate.html?command=get_materiel&rest_code=00111&base_code=0010306&code=00102002572 HTTP/1.1" 200 435
180.175.214.200 - - [19/Aug/2020:10:50:42 +0800] "GET /xingrg/kc/buy/cgsh_order_operate.html?command=get_materiel&rest_code=00102&code=00102026001&supplier_code=00100313&order_time=2020-08-18 HTTP/1.1" 200 409
218.81.217.115 - - [19/Aug/2020:10:50:43 +0800] "GET /xingrg/javascript/easyui/themes/default/validatebox.css HTTP/1.1" 404 1104
61.172.5.115 - - [19/Aug/2020:10:50:43 +0800] "GET /xingrg/all/function/internal_message.html?_=1597805442413&CODE_STATE=getMsg HTTP/1.1" 200 27
61.172.5.115 - - [19/Aug/2020:10:50:43 +0800] "GET /xingrg/check_reg.html?_=1597805442411 HTTP/1.1" 200 22
218.81.217.115 - - [19/Aug/2020:10:50:43 +0800] "POST /xingrg/kc/buy/cgsh_order_operate.html HTTP/1.1" 200 8245
172.17.0.185 - - [19/Aug/2020:10:50:43 +0800] "GET /xingrg/all/function/internal_message.html?_=1597805442235&CODE_STATE=getMsg HTTP/1.1" 200 27
218.81.217.115 - - [19/Aug/2020:10:50:44 +0800] "POST /xingrg/login.do HTTP/1.1" 302 -
218.81.217.115 - - [19/Aug/2020:10:50:44 +0800] "GET /xingrg/index.html?sysBaseUrl=http%3A%2F%2F180.169.147.146%3A18081%2Fxingrg%2F&costTime=39×tamp=1597805444068 HTTP/1.1" 200 17179
218.81.217.115 - - [19/Aug/2020:10:50:44 +0800] "GET /xingrg/javascript/jquery.utils.js HTTP/1.1" 304 -
218.81.217.115 - - [19/Aug/2020:10:50:44 +0800] "GET /xingrg/javascript/jquery_easy_ui/themes/default/easyui.css HTTP/1.1" 304 -
218.81.217.115 - - [19/Aug/2020:10:50:44 +0800] "GET /xingrg/css/form.css HTTP/1.1" 304 -
218.81.217.115 - - [19/Aug/2020:10:50:44 +0800] "GET /xingrg/javascript/jquery_easy_ui/themes/icon.css HTTP/1.1" 304 -
218.81.217.115 - - [19/Aug/2020:10:50:44 +0800] "GET /xingrg/javascript/jquery-1.4.2.min.js HTTP/1.1" 304 -
218.81.217.115 - - [19/Aug/2020:10:50:44 +0800] "GET /xingrg/javascript/jquery_easy_ui/easyui-lang-zh_CN.js HTTP/1.1" 304 -
218.81.217.115 - - [19/Aug/2020:10:50:44 +0800] "GET /xingrg/javascript/jquery_easy_ui/jquery.easyui.min.js HTTP/1.1" 304 -
218.81.217.115 - - [19/Aug/2020:10:50:44 +0800] "GET /xingrg/javascript/jquery.form.js HTTP/1.1" 304 -
218.81.217.115 - - [19/Aug/2020:10:50:44 +0800] "GET /xingrg/javascript/jquery.timers.js HTTP/1.1" 304 -
218.81.217.115 - - [19/Aug/2020:10:50:44 +0800] "POST /xingrg/all/common/load_tree.html?tree=area_rest_tree_json&manage=1 HTTP/1.1" 200 351
180.175.214.200 - - [19/Aug/2020:10:50:44 +0800] "GET /xingrg/all/function/internal_message.html?_=1597805648280&CODE_STATE=getMsg HTTP/1.1" 200 27
218.81.217.115 - - [19/Aug/2020:10:50:44 +0800] "GET /xingrg/check_reg.html?_=1597805450955 HTTP/1.1" 200 22
218.81.217.115 - - [19/Aug/2020:10:50:44 +0800] "GET /xingrg/all/function/internal_message.html?_=1597805450954&CODE_STATE=count HTTP/1.1" 200 11
218.81.217.115 - - [19/Aug/2020:10:50:44 +0800] "GET /favicon.ico HTTP/1.1" 404 -
218.81.217.115 - - [19/Aug/2020:10:50:44 +0800] "POST /xingrg/load_menu.html HTTP/1.1" 200 5138
114.88.166.242 - - [19/Aug/2020:10:50:45 +0800] "GET /xingrg/kc/base/wldb_order_operate.html?command=get_materiel&rest_code=00111&base_code=0010306&code=00102002551 HTTP/1.1" 200 437
120.253.135.82 - - [19/Aug/2020:10:50:45 +0800] "GET /xingrg/kc/pszx/mdqp_order_list.html?state=10 HTTP/1.1" 200 10125
120.253.135.82 - - [19/Aug/2020:10:50:45 +0800] "GET /xingrg/dwr/interface/AjaxReportQueryService.js HTTP/1.1" 200 13203
120.253.135.82 - - [19/Aug/2020:10:50:45 +0800] "GET /xingrg/dwr/interface/AjaxQqpsService.js HTTP/1.1" 200 16326
120.253.135.82 - - [19/Aug/2020:10:50:46 +0800] "GET /xingrg/dwr/engine.js HTTP/1.1" 200 43631
101.89.239.216 - - [19/Aug/2020:10:50:47 +0800] "GET /xingrg/all/function/internal_message.html?_=1597804689863&CODE_STATE=getMsg HTTP/1.1" 302 -
61.172.5.115 - - [19/Aug/2020:10:50:47 +0800] "GET /xingrg/kc/buy/cgsh_order_operate.html?command=get_materiel&rest_code=00105&code=00101001080&supplier_code=00100323&order_time=2020-08-19 HTTP/1.1" 200 421
120.253.135.82 - - [19/Aug/2020:10:50:48 +0800] "GET /xingrg/kc/pszx/mdps_order_list.html?orderType=0 HTTP/1.1" 200 21018
117.185.32.26 - - [19/Aug/2020:10:50:48 +0800] "GET /xingrg/kc/buy/cgsh_order_operate.html?command=get_materiel&rest_code=00106&code=00101008229&supplier_code=00100007&order_time=2020-08-19 HTTP/1.1" 200 420
117.185.32.26 - - [19/Aug/2020:10:50:48 +0800] "GET /xingrg/kc/buy/cgsh_order_operate.html?command=get_materiel&rest_code=00106&code=00101010309&supplier_code=00100091&order_time=2020-08-19 HTTP/1.1" 200 423
120.253.135.82 - - [19/Aug/2020:10:50:48 +0800] "POST /xingrg/kc/pszx/mdps_list_operate.html HTTP/1.1" 200 5284
114.88.166.242 - - [19/Aug/2020:10:50:50 +0800] "GET /xingrg/kc/base/wldb_order_operate.html?command=get_materiel&rest_code=00111&base_code=0010306&code=00102002118 HTTP/1.1" 200 452
180.157.251.101 - - [19/Aug/2020:10:50:50 +0800] "GET /xingrg/all/function/internal_message.html?_=1597805449144&CODE_STATE=getMsg HTTP/1.1" 200 27
114.88.166.242 - - [19/Aug/2020:10:50:51 +0800] "POST /xingrg/all/common/load_select.html HTTP/1.1" 200 38
101.89.239.216 - - [19/Aug/2020:10:50:52 +0800] "GET /xingrg/login.html HTTP/1.1" 200 7641
116.230.74.197 - - [19/Aug/2020:10:50:52 +0800] "GET /xingrg/all/function/internal_message.html?_=1597805449071&CODE_STATE=getMsg HTTP/1.1" 200 27
114.88.153.118 - - [19/Aug/2020:10:50:52 +0800] "GET /xingrg/all/function/internal_message.html?_=1597805093091&CODE_STATE=getMsg HTTP/1.1" 200 27
172.17.0.101 - - [19/Aug/2020:10:50:52 +0800] "GET /xingrg/check_reg.html?_=1597805456808 HTTP/1.1" 302 -
114.88.166.242 - - [19/Aug/2020:10:50:53 +0800] "GET /xingrg/kc/base/wldb_order_operate.html?command=get_materiel_price&rest_code=00111&base_code=0010306&code=00102002118&unit_code=00100339 HTTP/1.1" 200 35
180.175.214.200 - - [19/Aug/2020:10:50:53 +0800] "POST /xingrg/kc/buy/cgsh_order_operate.html HTTP/1.1" 200 37
222.69.27.237 - - [19/Aug/2020:10:50:54 +0800] "GET /xingrg/all/function/internal_message.html?_=1597805325329&CODE_STATE=getMsg HTTP/1.1" 200 27
114.88.153.118 - - [19/Aug/2020:10:50:54 +0800] "GET /xingrg/kc/buy/cgsh_order_operate.html?command=get_materiel&rest_code=00141&code=00101004044&supplier_code=00100312&order_time=2020-08-19 HTTP/1.1" 200 413
172.17.0.101 - - [19/Aug/2020:10:50:55 +0800] "GET /xingrg/all/function/internal_message.html?_=1597805460051&CODE_STATE=getMsg HTTP/1.1" 302 -
218.81.217.115 - - [19/Aug/2020:10:50:55 +0800] "GET /xingrg/css/base.css HTTP/1.1" 304 -
218.81.217.115 - - [19/Aug/2020:10:50:55 +0800] "GET /xingrg/css/site.css HTTP/1.1" 304 -
218.81.217.115 - - [19/Aug/2020:10:50:55 +0800] "GET /xingrg/javascript/jquery_tools/datebox.css HTTP/1.1" 304 -
218.81.217.115 - - [19/Aug/2020:10:50:55 +0800] "GET /xingrg/javascript/easyui/themes/default/easyui.css HTTP/1.1" 304 -
218.81.217.115 - - [19/Aug/2020:10:50:55 +0800] "GET /xingrg/javascript/easyui/themes/icon.css HTTP/1.1" 304 -
218.81.217.115 - - [19/Aug/2020:10:50:55 +0800] "GET /xingrg/javascript/jquery_tools/fix.css HTTP/1.1" 304 -
218.81.217.115 - - [19/Aug/2020:10:50:55 +0800] "GET /xingrg/javascript/auto/jquery.autocomplete.css HTTP/1.1" 304 -
218.81.217.115 - - [19/Aug/2020:10:50:55 +0800] "GET /xingrg/javascript/jquery_tools/table.css HTTP/1.1" 304 -
218.81.217.115 - - [19/Aug/2020:10:50:55 +0800] "GET /xingrg/javascript/jquery_tools/jquery.tools.extend.js HTTP/1.1" 304 -
218.81.217.115 - - [19/Aug/2020:10:50:55 +0800] "GET /xingrg/javascript/jquery_tools/jquery.tools.hotkey.js HTTP/1.1" 304 -
218.81.217.115 - - [19/Aug/2020:10:50:55 +0800] "GET /xingrg/kc/base/check_order_list.html HTTP/1.1" 200 16380
218.81.217.115 - - [19/Aug/2020:10:50:55 +0800] "GET /xingrg/javascript/jquery_tools/jquery.tools.table.js HTTP/1.1" 304 -
218.81.217.115 - - [19/Aug/2020:10:50:55 +0800] "GET /xingrg/javascript/jquery_tools/list_manager.js HTTP/1.1" 304 -
218.81.217.115 - - [19/Aug/2020:10:50:55 +0800] "GET /xingrg/javascript/jquery.cookie.js HTTP/1.1" 304 -
218.81.217.115 - - [19/Aug/2020:10:50:55 +0800] "GET /xingrg/javascript/jquery_tools/jquery.tools.min.js HTTP/1.1" 304 -
218.81.217.115 - - [19/Aug/2020:10:50:55 +0800] "GET /xingrg/javascript/auto/jquery.autocomplete.js HTTP/1.1" 304 -
218.81.217.115 - - [19/Aug/2020:10:50:55 +0800] "GET /xingrg/javascript/easyui/easyloader.js HTTP/1.1" 304 -
218.81.217.115 - - [19/Aug/2020:10:50:55 +0800] "GET /xingrg/javascript/easyui/plugins/jquery.parser.js HTTP/1.1" 304 -
218.81.217.115 - - [19/Aug/2020:10:50:56 +0800] "POST /xingrg/kc/base/check_list_operate.html HTTP/1.1" 200 3249
117.185.32.26 - - [19/Aug/2020:10:50:56 +0800] "POST /xingrg/kc/buy/cgsh_order_operate.html HTTP/1.1" 200 37
180.157.251.101 - - [19/Aug/2020:10:50:57 +0800] "GET /xingrg/kc/buy/cgsh_order_operate.html?command=get_materiel&rest_code=00148&code=00101001093&supplier_code=00100090&order_time=2020-08-19 HTTP/1.1" 200 411
120.253.135.82 - - [19/Aug/2020:10:50:57 +0800] "POST /xingrg/kc/pszx/mdps_list_operate.html HTTP/1.1" 200 4309
114.88.166.242 - - [19/Aug/2020:10:50:57 +0800] "GET /xingrg/all/function/internal_message.html?_=1597805455287&CODE_STATE=getMsg HTTP/1.1" 200 27
180.175.214.200 - - [19/Aug/2020:10:50:58 +0800] "POST /xingrg/kc/buy/cgsh_order_operate.html HTTP/1.1" 200 12
114.86.228.60 - - [19/Aug/2020:10:50:58 +0800] "GET /xingrg/check_reg.html?_=1597805481499 HTTP/1.1" 200 22
114.86.228.60 - - [19/Aug/2020:10:50:58 +0800] "GET /xingrg/all/function/internal_message.html?_=1597805481500&CODE_STATE=getMsg HTTP/1.1" 200 27
218.81.217.115 - - [19/Aug/2020:10:50:58 +0800] "GET /xingrg/css/blue.css HTTP/1.1" 304 -
218.81.217.115 - - [19/Aug/2020:10:50:58 +0800] "GET /xingrg/css/table.css HTTP/1.1" 304 -
218.81.217.115 - - [19/Aug/2020:10:50:58 +0800] "GET /xingrg/javascript/pic_change.js HTTP/1.1" 304 -
218.81.217.115 - - [19/Aug/2020:10:50:58 +0800] "GET /xingrg/kc/base/check_order_add.html HTTP/1.1" 200 26398
218.81.217.115 - - [19/Aug/2020:10:50:58 +0800] "GET /xingrg/dwr/util.js HTTP/1.1" 304 -
218.81.217.115 - - [19/Aug/2020:10:50:58 +0800] "GET /xingrg/javascript/AjaxInfoList.js HTTP/1.1" 304 -
218.81.217.115 - - [19/Aug/2020:10:50:58 +0800] "GET /xingrg/javascript/Calendar.js HTTP/1.1" 304 -
218.81.217.115 - - [19/Aug/2020:10:50:58 +0800] "GET /xingrg/dwr/interface/AjaxCheckService.js HTTP/1.1" 200 14003
218.81.217.115 - - [19/Aug/2020:10:50:58 +0800] "GET /xingrg/javascript/myfunction.js HTTP/1.1" 304 -
218.81.217.115 - - [19/Aug/2020:10:50:58 +0800] "GET /xingrg/dwr/interface/AjaxComOrderService.js HTTP/1.1" 200 18264
218.81.217.115 - - [19/Aug/2020:10:50:58 +0800] "GET /xingrg/javascript/convert.js HTTP/1.1" 304 -
218.81.217.115 - - [19/Aug/2020:10:50:58 +0800] "GET /xingrg/javascript/print/kc_print.js HTTP/1.1" 304 -
218.81.217.115 - - [19/Aug/2020:10:50:58 +0800] "GET /xingrg/javascript/print/LodopFuncs.js HTTP/1.1" 304 -
218.81.217.115 - - [19/Aug/2020:10:50:58 +0800] "GET /xingrg/dwr/engine.js HTTP/1.1" 200 43631
222.69.135.163 - - [19/Aug/2020:10:50:58 +0800] "GET /xingrg/all/function/internal_message.html?_=1597805453205&CODE_STATE=getMsg HTTP/1.1" 200 27
180.175.214.200 - - [19/Aug/2020:10:50:59 +0800] "GET /xingrg/kc/buy/cgsh_order_info.html?code=212020081908052 HTTP/1.1" 200 54204
172.17.0.120 - - [19/Aug/2020:10:50:59 +0800] "GET /xingrg/all/function/internal_message.html?_=1597805468273&CODE_STATE=getMsg HTTP/1.1" 200 27
