114.86.228.60 - - [19/Aug/2020:10:43:43 +0800] "GET /xingrg/all/function/internal_message.html?_=1597805046132&CODE_STATE=getMsg HTTP/1.1" 200 27
172.17.0.185 - - [19/Aug/2020:10:43:43 +0800] "GET /xingrg/all/function/internal_message.html?_=1597805022235&CODE_STATE=getMsg HTTP/1.1" 200 27
117.131.5.26 - - [19/Aug/2020:10:43:45 +0800] "GET /favicon.ico HTTP/1.1" 404 -
180.175.214.200 - - [19/Aug/2020:10:43:45 +0800] "GET /xingrg/kc/buy/cgsh_order_add.html HTTP/1.1" 200 59297
180.175.214.200 - - [19/Aug/2020:10:43:45 +0800] "POST /xingrg/kc/buy/cgsh_order_operate.html HTTP/1.1" 200 8245
180.175.214.200 - - [19/Aug/2020:10:43:46 +0800] "GET /xingrg/javascript/easyui/themes/default/validatebox.css HTTP/1.1" 404 1104
116.230.74.197 - - [19/Aug/2020:10:43:46 +0800] "GET /xingrg/kc/buy/cgsh_order_add.html HTTP/1.1" 200 59426
117.131.5.26 - - [19/Aug/2020:10:43:47 +0800] "GET /favicon.ico HTTP/1.1" 404 -
116.230.74.197 - - [19/Aug/2020:10:43:47 +0800] "GET /xingrg/javascript/easyui/themes/default/validatebox.css HTTP/1.1" 404 1104
116.230.74.197 - - [19/Aug/2020:10:43:47 +0800] "POST /xingrg/kc/buy/cgsh_order_operate.html HTTP/1.1" 200 8245
117.131.5.26 - - [19/Aug/2020:10:43:47 +0800] "GET /favicon.ico HTTP/1.1" 404 -
117.184.7.30 - - [19/Aug/2020:10:43:47 +0800] "GET /xingrg/kc/buy/cgsh_order_operate.html?command=get_materiel&rest_code=00108&code=00101008352&supplier_code=00100008&order_time=2020-08-19 HTTP/1.1" 200 412
117.131.5.26 - - [19/Aug/2020:10:43:48 +0800] "GET /favicon.ico HTTP/1.1" 404 -
117.131.5.26 - - [19/Aug/2020:10:43:48 +0800] "GET /favicon.ico HTTP/1.1" 404 -
116.230.74.197 - - [19/Aug/2020:10:43:49 +0800] "GET /xingrg/javascript/easyui/themes/default/tree.css HTTP/1.1" 404 1090
116.230.74.197 - - [19/Aug/2020:10:43:49 +0800] "POST /xingrg/all/common/load_tree.html?tree=supplier_tree_json&isDelete=1 HTTP/1.1" 200 49675
117.131.5.26 - - [19/Aug/2020:10:43:49 +0800] "GET /favicon.ico HTTP/1.1" 404 -
117.131.5.26 - - [19/Aug/2020:10:43:50 +0800] "GET /favicon.ico HTTP/1.1" 404 -
180.157.251.101 - - [19/Aug/2020:10:43:50 +0800] "GET /xingrg/all/function/internal_message.html?_=1597805028971&CODE_STATE=getMsg HTTP/1.1" 200 27
117.131.5.26 - - [19/Aug/2020:10:43:50 +0800] "GET /favicon.ico HTTP/1.1" 404 -
117.131.5.26 - - [19/Aug/2020:10:43:51 +0800] "GET /favicon.ico HTTP/1.1" 404 -
180.175.214.200 - - [19/Aug/2020:10:43:51 +0800] "GET /xingrg/kc/buy/cgsh_order_operate.html?command=get_materiel&rest_code=00102&code=00101004067&supplier_code=00100317&order_time=2020-08-18 HTTP/1.1" 200 433
116.230.74.197 - - [19/Aug/2020:10:43:51 +0800] "GET /xingrg/all/function/internal_message.html?_=1597805028910&CODE_STATE=getMsg HTTP/1.1" 200 27
117.131.5.26 - - [19/Aug/2020:10:43:52 +0800] "GET /favicon.ico HTTP/1.1" 404 -
114.88.153.118 - - [19/Aug/2020:10:43:52 +0800] "GET /xingrg/check_reg.html?_=1597804673087 HTTP/1.1" 200 22
114.88.153.118 - - [19/Aug/2020:10:43:52 +0800] "GET /xingrg/all/function/internal_message.html?_=1597804673089&CODE_STATE=getMsg HTTP/1.1" 200 27
117.131.5.26 - - [19/Aug/2020:10:43:52 +0800] "GET /favicon.ico HTTP/1.1" 404 -
114.88.153.118 - - [19/Aug/2020:10:43:52 +0800] "GET /xingrg/kc/buy/cgsh_order_operate.html?command=get_materiel&rest_code=00141&code=00101001149&supplier_code=00100090&order_time=2020-08-19 HTTP/1.1" 200 411
117.131.5.26 - - [19/Aug/2020:10:43:53 +0800] "GET /favicon.ico HTTP/1.1" 404 -
117.184.7.30 - - [19/Aug/2020:10:43:53 +0800] "GET /xingrg/kc/buy/cgsh_order_operate.html?command=get_materiel&rest_code=00108&code=00101008098&supplier_code=00100008&order_time=2020-08-19 HTTP/1.1" 200 412
117.131.5.26 - - [19/Aug/2020:10:43:53 +0800] "GET /favicon.ico HTTP/1.1" 404 -
222.69.27.237 - - [19/Aug/2020:10:43:54 +0800] "GET /xingrg/all/function/internal_message.html?_=1597804905304&CODE_STATE=getMsg HTTP/1.1" 200 27
117.131.5.26 - - [19/Aug/2020:10:43:54 +0800] "GET /favicon.ico HTTP/1.1" 404 -
180.157.251.101 - - [19/Aug/2020:10:43:54 +0800] "GET /xingrg/javascript/easyui/themes/default/images/button_plain_hover.png HTTP/1.1" 304 -
180.157.251.101 - - [19/Aug/2020:10:43:54 +0800] "GET /xingrg/javascript/easyui/themes/default/images/button_plain_hover.png HTTP/1.1" 304 -
61.172.5.115 - - [19/Aug/2020:10:43:54 +0800] "POST /xingrg/kc/buy/cgsh_order_operate.html HTTP/1.1" 200 37
117.131.5.26 - - [19/Aug/2020:10:43:55 +0800] "GET /favicon.ico HTTP/1.1" 404 -
172.17.0.101 - - [19/Aug/2020:10:43:55 +0800] "GET /xingrg/all/function/internal_message.html?_=1597805039727&CODE_STATE=getMsg HTTP/1.1" 302 -
117.131.5.26 - - [19/Aug/2020:10:43:55 +0800] "GET /favicon.ico HTTP/1.1" 404 -
61.172.5.115 - - [19/Aug/2020:10:43:55 +0800] "POST /xingrg/kc/buy/cgsh_order_operate.html HTTP/1.1" 200 3273
180.157.251.101 - - [19/Aug/2020:10:43:55 +0800] "GET /xingrg/kc/buy/cgsh_order_list.html HTTP/1.1" 200 43647
180.157.251.101 - - [19/Aug/2020:10:43:55 +0800] "GET /xingrg/javascript/jquery_tools/jquery.tools.extend.js HTTP/1.1" 304 -
180.157.251.101 - - [19/Aug/2020:10:43:55 +0800] "GET /xingrg/javascript/jquery_tools/jquery.tools.hotkey.js HTTP/1.1" 304 -
180.157.251.101 - - [19/Aug/2020:10:43:55 +0800] "GET /xingrg/css/base.css HTTP/1.1" 304 -
180.157.251.101 - - [19/Aug/2020:10:43:55 +0800] "GET /xingrg/css/site.css HTTP/1.1" 304 -
180.157.251.101 - - [19/Aug/2020:10:43:56 +0800] "GET /xingrg/javascript/jquery_tools/datebox.css HTTP/1.1" 304 -
180.157.251.101 - - [19/Aug/2020:10:43:56 +0800] "GET /xingrg/javascript/easyui/themes/default/easyui.css HTTP/1.1" 304 -
180.157.251.101 - - [19/Aug/2020:10:43:56 +0800] "GET /xingrg/javascript/jquery_tools/jquery.tools.table.js HTTP/1.1" 304 -
180.157.251.101 - - [19/Aug/2020:10:43:56 +0800] "GET /xingrg/javascript/easyui/themes/icon.css HTTP/1.1" 304 -
180.157.251.101 - - [19/Aug/2020:10:43:56 +0800] "GET /xingrg/javascript/auto/jquery.autocomplete.css HTTP/1.1" 304 -
180.157.251.101 - - [19/Aug/2020:10:43:56 +0800] "GET /xingrg/javascript/jquery_tools/fix.css HTTP/1.1" 304 -
180.157.251.101 - - [19/Aug/2020:10:43:56 +0800] "GET /xingrg/javascript/jquery_tools/table.css HTTP/1.1" 304 -
180.157.251.101 - - [19/Aug/2020:10:43:56 +0800] "GET /xingrg/javascript/jquery_tools/list_manager.js HTTP/1.1" 304 -
180.157.251.101 - - [19/Aug/2020:10:43:56 +0800] "GET /xingrg/javascript/jquery_tools/jquery.tools.min.js HTTP/1.1" 304 -
180.157.251.101 - - [19/Aug/2020:10:43:56 +0800] "GET /xingrg/javascript/auto/jquery.autocomplete.js HTTP/1.1" 304 -
180.157.251.101 - - [19/Aug/2020:10:43:56 +0800] "GET /xingrg/javascript/jquery.utils.js HTTP/1.1" 304 -
180.157.251.101 - - [19/Aug/2020:10:43:56 +0800] "GET /xingrg/javascript/easyui/easyloader.js HTTP/1.1" 304 -
180.157.251.101 - - [19/Aug/2020:10:43:56 +0800] "GET /xingrg/javascript/jquery.cookie.js HTTP/1.1" 304 -
180.157.251.101 - - [19/Aug/2020:10:43:56 +0800] "GET /xingrg/javascript/print/LodopFuncs.js HTTP/1.1" 304 -
180.157.251.101 - - [19/Aug/2020:10:43:56 +0800] "GET /xingrg/javascript/easyui/plugins/jquery.parser.js HTTP/1.1" 304 -
117.131.5.26 - - [19/Aug/2020:10:43:56 +0800] "GET /favicon.ico HTTP/1.1" 404 -
117.131.5.26 - - [19/Aug/2020:10:43:56 +0800] "GET /favicon.ico HTTP/1.1" 404 -
180.175.214.200 - - [19/Aug/2020:10:43:57 +0800] "GET /xingrg/kc/buy/cgsh_order_operate.html?command=get_materiel&rest_code=00102&code=00101004027&supplier_code=00100317&order_time=2020-08-18 HTTP/1.1" 200 431
114.88.166.242 - - [19/Aug/2020:10:43:57 +0800] "GET /xingrg/all/function/internal_message.html?_=1597805035159&CODE_STATE=getMsg HTTP/1.1" 200 27
117.131.5.26 - - [19/Aug/2020:10:43:57 +0800] "GET /favicon.ico HTTP/1.1" 404 -
180.157.251.101 - - [19/Aug/2020:10:43:57 +0800] "POST /xingrg/kc/buy/cgsh_list_operate.html HTTP/1.1" 200 2386
117.131.5.26 - - [19/Aug/2020:10:43:58 +0800] "GET /favicon.ico HTTP/1.1" 404 -
117.131.5.26 - - [19/Aug/2020:10:43:58 +0800] "GET /favicon.ico HTTP/1.1" 404 -
222.69.135.163 - - [19/Aug/2020:10:43:58 +0800] "GET /xingrg/all/function/internal_message.html?_=1597805033318&CODE_STATE=getMsg HTTP/1.1" 200 27
114.89.80.44 - - [19/Aug/2020:10:43:58 +0800] "GET /xingrg/check_reg.html?_=1597805155837 HTTP/1.1" 200 22
218.81.217.115 - - [19/Aug/2020:10:43:58 +0800] "GET /xingrg/kc/buy/cgsh_order_operate.html?command=get_materiel&rest_code=00146&code=00101015066&supplier_code=00100339&order_time=2020-08-19 HTTP/1.1" 200 413
172.17.0.120 - - [19/Aug/2020:10:43:59 +0800] "GET /xingrg/all/function/internal_message.html?_=1597805048275&CODE_STATE=getMsg HTTP/1.1" 200 27
114.89.80.44 - - [19/Aug/2020:10:43:59 +0800] "GET /xingrg/all/function/internal_message.html?_=1597805156808&CODE_STATE=getMsg HTTP/1.1" 200 27
117.185.32.26 - - [19/Aug/2020:10:44:00 +0800] "GET /xingrg/kc/buy/cgsh_order_operate.html?command=get_materiel&rest_code=00106&code=00101001149&supplier_code=00100090&order_time=2020-08-19 HTTP/1.1" 200 409
117.184.7.26 - - [19/Aug/2020:10:44:01 +0800] "GET /xingrg/kc/buy/cgsh_order_operate.html?command=get_materiel&rest_code=00108&code=00101008271&supplier_code=00100008&order_time=2020-08-19 HTTP/1.1" 200 408
117.131.5.26 - - [19/Aug/2020:10:44:01 +0800] "GET /favicon.ico HTTP/1.1" 404 -
117.131.5.26 - - [19/Aug/2020:10:44:02 +0800] "GET /favicon.ico HTTP/1.1" 404 -
117.131.5.26 - - [19/Aug/2020:10:44:02 +0800] "GET /favicon.ico HTTP/1.1" 404 -
117.131.5.26 - - [19/Aug/2020:10:44:03 +0800] "GET /favicon.ico HTTP/1.1" 404 -
180.175.214.200 - - [19/Aug/2020:10:44:03 +0800] "GET /xingrg/kc/buy/cgsh_order_operate.html?command=get_materiel&rest_code=00102&code=00101004061&supplier_code=00100317&order_time=2020-08-18 HTTP/1.1" 200 409
117.131.5.26 - - [19/Aug/2020:10:44:04 +0800] "GET /favicon.ico HTTP/1.1" 404 -
114.89.80.44 - - [19/Aug/2020:10:44:04 +0800] "GET /xingrg/all/function/internal_message.html?_=1597805043014&CODE_STATE=getMsg HTTP/1.1" 200 27
117.131.5.26 - - [19/Aug/2020:10:44:04 +0800] "GET /favicon.ico HTTP/1.1" 404 -
117.131.5.26 - - [19/Aug/2020:10:44:05 +0800] "GET /favicon.ico HTTP/1.1" 404 -
117.131.5.26 - - [19/Aug/2020:10:44:06 +0800] "GET /favicon.ico HTTP/1.1" 404 -
117.131.5.26 - - [19/Aug/2020:10:44:06 +0800] "GET /favicon.ico HTTP/1.1" 404 -
61.172.5.115 - - [19/Aug/2020:10:44:06 +0800] "GET /xingrg/kc/print/load_data.html?order_code=212020081908021&kc_code=cgsh&condition= HTTP/1.1" 200 992
117.131.5.26 - - [19/Aug/2020:10:44:07 +0800] "GET /favicon.ico HTTP/1.1" 404 -
117.184.7.26 - - [19/Aug/2020:10:44:07 +0800] "GET /xingrg/kc/buy/cgsh_order_operate.html?command=get_materiel&rest_code=00108&code=00101008353&supplier_code=00100008&order_time=2020-08-19 HTTP/1.1" 200 408
117.131.5.26 - - [19/Aug/2020:10:44:07 +0800] "GET /favicon.ico HTTP/1.1" 404 -
117.131.5.26 - - [19/Aug/2020:10:44:08 +0800] "GET /favicon.ico HTTP/1.1" 404 -
116.230.74.197 - - [19/Aug/2020:10:44:08 +0800] "GET /xingrg/kc/buy/cgsh_order_operate.html?command=get_materiel&rest_code=00107&code=00101019599&supplier_code=00100337&order_time=2020-08-19 HTTP/1.1" 200 404
117.131.5.26 - - [19/Aug/2020:10:44:09 +0800] "GET /favicon.ico HTTP/1.1" 404 -
180.175.214.200 - - [19/Aug/2020:10:44:09 +0800] "GET /xingrg/kc/buy/cgsh_order_operate.html?command=get_materiel&rest_code=00102&code=00101004020&supplier_code=00100317&order_time=2020-08-18 HTTP/1.1" 200 409
117.131.5.26 - - [19/Aug/2020:10:44:09 +0800] "GET /favicon.ico HTTP/1.1" 404 -
117.131.5.26 - - [19/Aug/2020:10:44:10 +0800] "GET /favicon.ico HTTP/1.1" 404 -
218.81.217.115 - - [19/Aug/2020:10:44:13 +0800] "GET /xingrg/kc/buy/cgsh_order_operate.html?command=get_materiel&rest_code=00146&code=00101008314&supplier_code=00100339&order_time=2020-08-19 HTTP/1.1" 200 413
114.88.153.118 - - [19/Aug/2020:10:44:13 +0800] "GET /xingrg/all/function/internal_message.html?_=1597805049719&CODE_STATE=getMsg HTTP/1.1" 302 -
117.185.32.26 - - [19/Aug/2020:10:44:15 +0800] "GET /xingrg/login.html HTTP/1.1" 200 7641
114.88.153.118 - - [19/Aug/2020:10:44:16 +0800] "GET /xingrg/check_reg.html?_=1597805052262 HTTP/1.1" 302 -
180.175.214.200 - - [19/Aug/2020:10:44:17 +0800] "GET /xingrg/kc/buy/cgsh_order_operate.html?command=get_materiel&rest_code=00102&code=00101004030&supplier_code=00100317&order_time=2020-08-18 HTTP/1.1" 200 428
117.184.7.30 - - [19/Aug/2020:10:44:19 +0800] "POST /xingrg/kc/buy/cgsh_order_operate.html HTTP/1.1" 200 37
58.221.95.50 - - [19/Aug/2020:10:44:21 +0800] "GET /xingrg/all/function/internal_message.html?_=1597805190691&CODE_STATE=getMsg HTTP/1.1" 200 27
117.185.32.26 - - [19/Aug/2020:10:44:22 +0800] "GET /favicon.ico HTTP/1.1" 404 -
180.175.214.200 - - [19/Aug/2020:10:44:24 +0800] "POST /xingrg/kc/buy/cgsh_order_operate.html HTTP/1.1" 200 37
116.230.74.197 - - [19/Aug/2020:10:44:24 +0800] "GET /xingrg/kc/buy/cgsh_order_operate.html?command=get_materiel&rest_code=00107&code=00101020105&supplier_code=00100337&order_time=2020-08-19 HTTP/1.1" 200 428
117.184.7.30 - - [19/Aug/2020:10:44:24 +0800] "POST /xingrg/kc/buy/cgsh_order_operate.html HTTP/1.1" 200 19189
172.17.0.102 - - [19/Aug/2020:10:44:25 +0800] "GET /xingrg/all/function/internal_message.html?_=1597805064253&CODE_STATE=getMsg HTTP/1.1" 200 27
180.175.214.200 - - [19/Aug/2020:10:44:25 +0800] "POST /xingrg/kc/buy/cgsh_order_operate.html HTTP/1.1" 200 12
117.184.7.30 - - [19/Aug/2020:10:44:26 +0800] "GET /xingrg/all/function/internal_message.html?_=1597805059114&CODE_STATE=getMsg HTTP/1.1" 200 27
180.175.214.200 - - [19/Aug/2020:10:44:26 +0800] "GET /xingrg/kc/buy/cgsh_order_info.html?code=212020081908023 HTTP/1.1" 200 54204
114.88.166.242 - - [19/Aug/2020:10:44:26 +0800] "GET /xingrg/all/function/internal_message.html?_=1597805112763&CODE_STATE=getMsg HTTP/1.1" 200 27
180.175.214.200 - - [19/Aug/2020:10:44:26 +0800] "GET /xingrg/javascript/easyui/themes/default/validatebox.css HTTP/1.1" 404 1104
180.175.214.200 - - [19/Aug/2020:10:44:26 +0800] "POST /xingrg/kc/buy/cgsh_order_operate.html HTTP/1.1" 200 2973
180.175.214.200 - - [19/Aug/2020:10:44:27 +0800] "GET /xingrg/kc/print/load_data.html?order_code=212020081908023&kc_code=cgsh&condition= HTTP/1.1" 200 1601
117.184.7.30 - - [19/Aug/2020:10:44:28 +0800] "GET /xingrg/kc/buy/cgsh_order_operate.html?command=get_materiel&rest_code=00108&code=00101008323&supplier_code=00100008&order_time=2020-08-19 HTTP/1.1" 200 408
116.235.241.164 - - [19/Aug/2020:10:44:28 +0800] "GET /xingrg/all/function/internal_message.html?_=1597805065483&CODE_STATE=getMsg HTTP/1.1" 200 27
218.81.217.115 - - [19/Aug/2020:10:44:31 +0800] "GET /xingrg/all/function/internal_message.html?_=1597805079328&CODE_STATE=getMsg HTTP/1.1" 200 27
117.185.32.26 - - [19/Aug/2020:10:44:31 +0800] "POST /xingrg/login.do HTTP/1.1" 302 -
117.185.32.26 - - [19/Aug/2020:10:44:31 +0800] "GET /xingrg/index.html?sysBaseUrl=http%3A%2F%2F180.169.147.146%3A18081%2Fxingrg%2F&costTime=39×tamp=1597805071248 HTTP/1.1" 200 17173
172.17.0.123 - - [19/Aug/2020:10:44:31 +0800] "GET /xingrg/all/function/internal_message.html?_=1597804982478&CODE_STATE=getMsg HTTP/1.1" 200 27
117.185.32.26 - - [19/Aug/2020:10:44:32 +0800] "GET /xingrg/all/function/internal_message.html?_=1597805498131&CODE_STATE=getMsg HTTP/1.1" 200 27
117.185.32.26 - - [19/Aug/2020:10:44:32 +0800] "POST /xingrg/all/common/load_tree.html?tree=area_rest_tree_json&manage=1 HTTP/1.1" 200 342
180.175.214.200 - - [19/Aug/2020:10:44:32 +0800] "GET /xingrg/all/function/internal_message.html?_=1597805071521&CODE_STATE=getMsg HTTP/1.1" 200 27
117.185.32.26 - - [19/Aug/2020:10:44:33 +0800] "GET /xingrg/all/function/internal_message.html?_=1597805069251&CODE_STATE=count HTTP/1.1" 200 11
117.185.32.26 - - [19/Aug/2020:10:44:33 +0800] "GET /xingrg/check_reg.html?_=1597805069252 HTTP/1.1" 200 22
172.17.200.101 - - [19/Aug/2020:10:44:33 +0800] "GET /xingrg/all/function/internal_message.html?_=1597805074073&CODE_STATE=getMsg HTTP/1.1" 200 27
117.185.32.26 - - [19/Aug/2020:10:44:33 +0800] "GET /favicon.ico HTTP/1.1" 404 -
117.185.32.26 - - [19/Aug/2020:10:44:33 +0800] "POST /xingrg/load_menu.html HTTP/1.1" 200 5138
218.81.217.115 - - [19/Aug/2020:10:44:33 +0800] "POST /xingrg/kc/buy/cgsh_order_operate.html HTTP/1.1" 200 37
180.157.251.101 - - [19/Aug/2020:10:44:35 +0800] "GET /xingrg/check_reg.html?_=1597805074592 HTTP/1.1" 200 22
218.81.217.115 - - [19/Aug/2020:10:44:35 +0800] "POST /xingrg/kc/buy/cgsh_order_operate.html HTTP/1.1" 200 2656
116.230.74.197 - - [19/Aug/2020:10:44:35 +0800] "GET /xingrg/kc/buy/cgsh_order_operate.html?command=get_materiel&rest_code=00107&code=00101013160&supplier_code=00100337&order_time=2020-08-19 HTTP/1.1" 200 410
180.175.214.200 - - [19/Aug/2020:10:44:35 +0800] "GET /xingrg/kc/buy/cgsh_order_add.html HTTP/1.1" 200 59297
117.184.7.26 - - [19/Aug/2020:10:44:36 +0800] "GET /xingrg/kc/buy/cgsh_order_operate.html?command=get_materiel&rest_code=00108&code=00101008175&supplier_code=00100008&order_time=2020-08-19 HTTP/1.1" 200 412
180.175.214.200 - - [19/Aug/2020:10:44:36 +0800] "POST /xingrg/kc/buy/cgsh_order_operate.html HTTP/1.1" 200 8245
180.175.214.200 - - [19/Aug/2020:10:44:36 +0800] "GET /xingrg/javascript/easyui/themes/default/validatebox.css HTTP/1.1" 404 1104
218.81.217.115 - - [19/Aug/2020:10:44:38 +0800] "GET /xingrg/kc/print/load_data.html?order_code=212020081908024&kc_code=cgsh&condition= HTTP/1.1" 200 675
117.131.5.26 - - [19/Aug/2020:10:44:40 +0800] "GET /xingrg/index.html HTTP/1.1" 302 -
117.131.5.26 - - [19/Aug/2020:10:44:40 +0800] "GET /xingrg/login.html HTTP/1.1" 200 7641
117.131.5.26 - - [19/Aug/2020:10:44:41 +0800] "GET /favicon.ico HTTP/1.1" 404 -
117.131.5.26 - - [19/Aug/2020:10:44:41 +0800] "GET /favicon.ico HTTP/1.1" 404 -
117.184.7.26 - - [19/Aug/2020:10:44:42 +0800] "GET /xingrg/all/function/internal_message.html?_=1597805075659&CODE_STATE=getMsg HTTP/1.1" 200 27
117.184.7.26 - - [19/Aug/2020:10:44:42 +0800] "GET /xingrg/kc/buy/cgsh_order_operate.html?command=get_materiel&rest_code=00108&code=00101008132&supplier_code=00100008&order_time=2020-08-19 HTTP/1.1" 200 408
117.131.5.26 - - [19/Aug/2020:10:44:42 +0800] "POST /xingrg/login.do HTTP/1.1" 302 -
117.131.5.26 - - [19/Aug/2020:10:44:42 +0800] "GET /xingrg/index.html?sysBaseUrl=http%3A%2F%2F180.169.147.146%3A18081%2Fxingrg%2F&costTime=39×tamp=1597805082827 HTTP/1.1" 200 17419
117.131.5.26 - - [19/Aug/2020:10:44:42 +0800] "GET /xingrg/javascript/jquery_easy_ui/themes/default/easyui.css HTTP/1.1" 304 -
180.175.214.200 - - [19/Aug/2020:10:44:42 +0800] "GET /xingrg/all/function/internal_message.html?_=1597805286907&CODE_STATE=getMsg HTTP/1.1" 200 27
117.131.5.26 - - [19/Aug/2020:10:44:42 +0800] "GET /xingrg/javascript/jquery_easy_ui/themes/icon.css HTTP/1.1" 304 -
117.131.5.26 - - [19/Aug/2020:10:44:42 +0800] "GET /xingrg/css/form.css HTTP/1.1" 304 -
117.131.5.26 - - [19/Aug/2020:10:44:42 +0800] "GET /xingrg/javascript/jquery-1.4.2.min.js HTTP/1.1" 304 -
117.131.5.26 - - [19/Aug/2020:10:44:42 +0800] "GET /xingrg/javascript/jquery_easy_ui/jquery.easyui.min.js HTTP/1.1" 304 -
117.131.5.26 - - [19/Aug/2020:10:44:42 +0800] "GET /xingrg/javascript/jquery.timers.js HTTP/1.1" 304 -
117.131.5.26 - - [19/Aug/2020:10:44:42 +0800] "GET /xingrg/javascript/jquery.form.js HTTP/1.1" 304 -
117.131.5.26 - - [19/Aug/2020:10:44:42 +0800] "GET /xingrg/javascript/jquery_easy_ui/easyui-lang-zh_CN.js HTTP/1.1" 304 -
117.131.5.26 - - [19/Aug/2020:10:44:42 +0800] "GET /xingrg/javascript/jquery.utils.js HTTP/1.1" 304 -
114.86.228.60 - - [19/Aug/2020:10:44:43 +0800] "GET /xingrg/all/function/internal_message.html?_=1597805106125&CODE_STATE=getMsg HTTP/1.1" 200 27
117.131.5.26 - - [19/Aug/2020:10:44:43 +0800] "GET /favicon.ico HTTP/1.1" 404 -
172.17.0.119 - - [19/Aug/2020:10:44:43 +0800] "GET /xingrg/all/function/internal_message.html?_=1597805081704&CODE_STATE=getMsg HTTP/1.1" 200 27
61.172.5.115 - - [19/Aug/2020:10:44:43 +0800] "GET /xingrg/all/function/internal_message.html?_=1597805082380&CODE_STATE=getMsg HTTP/1.1" 200 27
117.131.5.26 - - [19/Aug/2020:10:44:43 +0800] "POST /xingrg/all/common/load_tree.html?tree=area_rest_tree_json&manage=1 HTTP/1.1" 200 351
117.131.5.26 - - [19/Aug/2020:10:44:43 +0800] "GET /xingrg/all/function/internal_message.html?_=1597804985970&CODE_STATE=count HTTP/1.1" 200 11
117.131.5.26 - - [19/Aug/2020:10:44:43 +0800] "GET /xingrg/check_reg.html?_=1597804985971 HTTP/1.1" 200 22
117.131.5.26 - - [19/Aug/2020:10:44:43 +0800] "POST /xingrg/load_menu.html HTTP/1.1" 200 9959
172.17.0.185 - - [19/Aug/2020:10:44:43 +0800] "GET /xingrg/all/function/internal_message.html?_=1597805082240&CODE_STATE=getMsg HTTP/1.1" 200 27
180.175.214.200 - - [19/Aug/2020:10:44:44 +0800] "GET /xingrg/kc/buy/cgsh_order_operate.html?command=get_materiel&rest_code=00102&code=00101014083&supplier_code=00100318&order_time=2020-08-18 HTTP/1.1" 200 409
117.131.5.26 - - [19/Aug/2020:10:44:46 +0800] "POST /xingrg/load_menu.html HTTP/1.1" 200 9242
117.184.7.26 - - [19/Aug/2020:10:44:49 +0800] "GET /xingrg/kc/buy/cgsh_order_operate.html?command=get_materiel&rest_code=00108&code=00101008244&supplier_code=00100008&order_time=2020-08-19 HTTP/1.1" 200 408
218.81.217.115 - - [19/Aug/2020:10:44:49 +0800] "GET /xingrg/kc/buy/cgsh_order_add.html HTTP/1.1" 200 59385
218.81.217.115 - - [19/Aug/2020:10:44:49 +0800] "GET /xingrg/javascript/easyui/themes/default/validatebox.css HTTP/1.1" 404 1104
218.81.217.115 - - [19/Aug/2020:10:44:49 +0800] "POST /xingrg/kc/buy/cgsh_order_operate.html HTTP/1.1" 200 8245
180.175.214.200 - - [19/Aug/2020:10:44:50 +0800] "GET /xingrg/kc/buy/cgsh_order_operate.html?command=get_materiel&rest_code=00102&code=00101001019&supplier_code=00100318&order_time=2020-08-18 HTTP/1.1" 200 413
116.230.74.197 - - [19/Aug/2020:10:44:50 +0800] "GET /xingrg/check_reg.html?_=1597805087144 HTTP/1.1" 200 22
180.157.251.101 - - [19/Aug/2020:10:44:50 +0800] "GET /xingrg/check_reg.html?_=1597805088858 HTTP/1.1" 200 22
180.157.251.101 - - [19/Aug/2020:10:44:50 +0800] "GET /xingrg/all/function/internal_message.html?_=1597805088985&CODE_STATE=getMsg HTTP/1.1" 200 27
117.131.5.26 - - [19/Aug/2020:10:44:50 +0800] "GET /xingrg/css/blue.css HTTP/1.1" 304 -
117.131.5.26 - - [19/Aug/2020:10:44:50 +0800] "GET /xingrg/javascript/multi_select/jqueryMultiSelect.css HTTP/1.1" 304 -
117.131.5.26 - - [19/Aug/2020:10:44:50 +0800] "GET /xingrg/javascript/calendar/timePicker.css HTTP/1.1" 304 -
117.131.5.26 - - [19/Aug/2020:10:44:50 +0800] "GET /xingrg/javascript/bigrid/fix.css HTTP/1.1" 304 -
117.131.5.26 - - [19/Aug/2020:10:44:50 +0800] "GET /xingrg/all/report/report_query.html?fileName=dma/new_5.0/yingye/yy_hz.xml&rw=1600 HTTP/1.1" 200 56155
117.131.5.26 - - [19/Aug/2020:10:44:51 +0800] "GET /xingrg/javascript/pic_change.js HTTP/1.1" 304 -
117.131.5.26 - - [19/Aug/2020:10:44:51 +0800] "GET /xingrg/dwr/interface/AjaxReportQueryService.js HTTP/1.1" 200 13203
117.131.5.26 - - [19/Aug/2020:10:44:51 +0800] "GET /xingrg/dwr/util.js HTTP/1.1" 304 -
117.131.5.26 - - [19/Aug/2020:10:44:51 +0800] "GET /xingrg/dwr/engine.js HTTP/1.1" 200 43631
117.131.5.26 - - [19/Aug/2020:10:44:51 +0800] "GET /xingrg/javascript/myfunction.js HTTP/1.1" 304 -
117.131.5.26 - - [19/Aug/2020:10:44:51 +0800] "GET /xingrg/javascript/jqueryMultiSelect.js HTTP/1.1" 304 -
117.131.5.26 - - [19/Aug/2020:10:44:51 +0800] "GET /xingrg/javascript/Calendar.js HTTP/1.1" 304 -
117.131.5.26 - - [19/Aug/2020:10:44:51 +0800] "GET /xingrg/javascript/calendar/jquery.timePicker.min.js HTTP/1.1" 304 -
117.131.5.26 - - [19/Aug/2020:10:44:51 +0800] "GET /xingrg/javascript/bigrid/fix.js HTTP/1.1" 304 -
117.185.32.26 - - [19/Aug/2020:10:44:51 +0800] "GET /xingrg/kc/buy/buy_main.html HTTP/1.1" 200 12412
117.185.32.26 - - [19/Aug/2020:10:44:51 +0800] "GET /xingrg/css/new_ie.css HTTP/1.1" 404 1036
117.185.32.26 - - [19/Aug/2020:10:44:51 +0800] "POST /xingrg/kc/buy/cgsh_order_operate.html HTTP/1.1" 200 37
116.230.74.197 - - [19/Aug/2020:10:44:51 +0800] "GET /xingrg/all/function/internal_message.html?_=1597805088882&CODE_STATE=getMsg HTTP/1.1" 200 27
114.88.153.118 - - [19/Aug/2020:10:44:52 +0800] "GET /xingrg/all/function/internal_message.html?_=1597804733060&CODE_STATE=getMsg HTTP/1.1" 200 27
117.131.5.26 - - [19/Aug/2020:10:44:52 +0800] "POST /xingrg/dwr/call/plaincall/AjaxReportQueryService.getFixDate.dwr HTTP/1.1" 200 111
117.185.32.26 - - [19/Aug/2020:10:44:52 +0800] "GET /xingrg/kc/buy/buy_main.html HTTP/1.1" 200 12412
117.185.32.26 - - [19/Aug/2020:10:44:52 +0800] "GET /xingrg/css/new_ie.css HTTP/1.1" 404 1036
117.131.5.26 - - [19/Aug/2020:10:44:52 +0800] "POST /xingrg/all/common/load_tree.html?tree=area_station_tree_json&manage=1 HTTP/1.1" 200 345
117.184.7.26 - - [19/Aug/2020:10:44:52 +0800] "POST /xingrg/kc/buy/cgsh_order_operate.html HTTP/1.1" 200 2065
116.230.74.197 - - [19/Aug/2020:10:44:53 +0800] "GET /xingrg/kc/buy/cgsh_order_operate.html?command=get_materiel&rest_code=00107&code=00101013226&supplier_code=00100337&order_time=2020-08-19 HTTP/1.1" 200 423
117.185.32.26 - - [19/Aug/2020:10:44:53 +0800] "GET /xingrg/images/yd/bt.gif HTTP/1.1" 404 1040
117.185.32.26 - - [19/Aug/2020:10:44:53 +0800] "GET /xingrg/kc/buy/cgsh_order_list.html HTTP/1.1" 200 43641
117.185.32.26 - - [19/Aug/2020:10:44:53 +0800] "POST /xingrg/kc/buy/cgsh_order_operate.html HTTP/1.1" 200 12
222.69.27.237 - - [19/Aug/2020:10:44:54 +0800] "GET /xingrg/all/function/internal_message.html?_=1597804965304&CODE_STATE=getMsg HTTP/1.1" 200 27
117.185.32.26 - - [19/Aug/2020:10:44:54 +0800] "GET /xingrg/kc/buy/cgsh_order_info.html?code=212020081908025 HTTP/1.1" 200 54286
172.17.0.101 - - [19/Aug/2020:10:44:55 +0800] "GET /xingrg/all/function/internal_message.html?_=1597805099735&CODE_STATE=getMsg HTTP/1.1" 302 -
117.185.32.26 - - [19/Aug/2020:10:44:55 +0800] "GET /xingrg/javascript/easyui/themes/default/validatebox.css HTTP/1.1" 404 1104
114.88.153.118 - - [19/Aug/2020:10:44:56 +0800] "POST /xingrg/kc/buy/cgsh_order_operate.html HTTP/1.1" 200 37
117.185.32.26 - - [19/Aug/2020:10:44:56 +0800] "POST /xingrg/kc/buy/cgsh_order_operate.html HTTP/1.1" 200 608
117.185.32.26 - - [19/Aug/2020:10:44:56 +0800] "POST /xingrg/kc/buy/cgsh_list_operate.html HTTP/1.1" 200 876
114.88.166.242 - - [19/Aug/2020:10:44:57 +0800] "GET /xingrg/all/function/internal_message.html?_=1597805095172&CODE_STATE=getMsg HTTP/1.1" 200 27
117.185.32.26 - - [19/Aug/2020:10:44:57 +0800] "GET /xingrg/kc/buy/cgsh_order_add.html HTTP/1.1" 200 59385
117.185.32.26 - - [19/Aug/2020:10:44:57 +0800] "GET /xingrg/words/20200818174345_words.js HTTP/1.1" 200 757715
117.184.7.26 - - [19/Aug/2020:10:44:57 +0800] "GET /xingrg/kc/buy/cgsh_order_operate.html?command=get_materiel&rest_code=00108&code=00101008354&supplier_code=00100008&order_time=2020-08-19 HTTP/1.1" 200 412
180.175.214.200 - - [19/Aug/2020:10:44:57 +0800] "GET /xingrg/kc/buy/cgsh_order_operate.html?command=get_materiel&rest_code=00102&code=00101001016&supplier_code=00100318&order_time=2020-08-18 HTTP/1.1" 200 415
117.185.32.26 - - [19/Aug/2020:10:44:58 +0800] "GET /xingrg/javascript/easyui/themes/default/validatebox.css HTTP/1.1" 404 1104
117.185.32.26 - - [19/Aug/2020:10:44:58 +0800] "GET /xingrg/all/common/auto_word.html?type=employee&rest_code=00106 HTTP/1.1" 200 205
117.185.32.26 - - [19/Aug/2020:10:44:58 +0800] "GET /xingrg/all/common/auto_word.html?type=employee&rest_code=00106 HTTP/1.1" 200 205
117.185.32.26 - - [19/Aug/2020:10:44:58 +0800] "POST /xingrg/kc/buy/cgsh_order_operate.html HTTP/1.1" 200 8245
117.185.32.26 - - [19/Aug/2020:10:44:58 +0800] "GET /xingrg/kc/print/load_config.html?kc_code=cgsh HTTP/1.1" 200 1845
117.185.32.26 - - [19/Aug/2020:10:44:58 +0800] "GET /xingrg/kc/print/load_data.html?order_code=212020081908025&kc_code=cgsh&condition= HTTP/1.1" 200 758
222.69.135.163 - - [19/Aug/2020:10:44:58 +0800] "GET /xingrg/all/function/internal_message.html?_=1597805093304&CODE_STATE=getMsg HTTP/1.1" 200 27
114.88.153.118 - - [19/Aug/2020:10:44:58 +0800] "POST /xingrg/kc/buy/cgsh_order_operate.html HTTP/1.1" 200 12
222.69.135.163 - - [19/Aug/2020:10:44:59 +0800] "GET /xingrg/check_reg.html?_=1597805093698 HTTP/1.1" 200 22
172.17.0.120 - - [19/Aug/2020:10:44:59 +0800] "GET /xingrg/check_reg.html?_=1597805108264 HTTP/1.1" 200 22
172.17.0.120 - - [19/Aug/2020:10:44:59 +0800] "GET /xingrg/all/function/internal_message.html?_=1597805108266&CODE_STATE=getMsg HTTP/1.1" 200 27
114.88.153.118 - - [19/Aug/2020:10:44:59 +0800] "GET /xingrg/kc/buy/cgsh_order_info.html?code=212020081908026 HTTP/1.1" 200 54292
114.89.80.44 - - [19/Aug/2020:10:44:59 +0800] "GET /xingrg/all/function/internal_message.html?_=1597805216823&CODE_STATE=getMsg HTTP/1.1" 200 27
114.88.153.118 - - [19/Aug/2020:10:45:00 +0800] "GET /xingrg/javascript/easyui/themes/default/validatebox.css HTTP/1.1" 404 1104
114.86.228.60 - - [19/Aug/2020:10:45:01 +0800] "POST /xingrg/kc/buy/cgsh_order_operate.html HTTP/1.1" 200 37
114.88.153.118 - - [19/Aug/2020:10:45:01 +0800] "POST /xingrg/kc/buy/cgsh_order_operate.html HTTP/1.1" 200 2393
114.88.153.118 - - [19/Aug/2020:10:45:02 +0800] "GET /xingrg/kc/print/load_data.html?order_code=212020081908026&kc_code=cgsh&condition= HTTP/1.1" 200 1453
117.185.32.26 - - [19/Aug/2020:10:45:02 +0800] "GET /xingrg/javascript/easyui/themes/default/tree.css HTTP/1.1" 404 1090
117.185.32.26 - - [19/Aug/2020:10:45:02 +0800] "POST /xingrg/all/common/load_tree.html?tree=supplier_tree_json&isDelete=1 HTTP/1.1" 200 49675
117.131.5.26 - - [19/Aug/2020:10:45:03 +0800] "POST /xingrg/dwr/call/plaincall/AjaxReportQueryService.refreshCache.dwr HTTP/1.1" 200 78
116.230.74.197 - - [19/Aug/2020:10:45:03 +0800] "POST /xingrg/kc/buy/cgsh_order_operate.html HTTP/1.1" 200 37
117.131.5.26 - - [19/Aug/2020:10:45:04 +0800] "POST /xingrg/all/report/load_report_page.html HTTP/1.1" 200 32852
117.131.5.26 - - [19/Aug/2020:10:45:04 +0800] "GET /xingrg/servlets/image?cache=0.18714053394501862&image=px HTTP/1.1" 200 807
114.89.80.44 - - [19/Aug/2020:10:45:04 +0800] "GET /xingrg/all/function/internal_message.html?_=1597805103024&CODE_STATE=getMsg HTTP/1.1" 200 27
116.230.74.197 - - [19/Aug/2020:10:45:04 +0800] "POST /xingrg/kc/buy/cgsh_order_operate.html HTTP/1.1" 200 4470
180.175.214.200 - - [19/Aug/2020:10:45:06 +0800] "POST /xingrg/kc/buy/cgsh_order_operate.html HTTP/1.1" 200 37
114.86.228.60 - - [19/Aug/2020:10:45:06 +0800] "POST /xingrg/kc/buy/cgsh_order_operate.html HTTP/1.1" 200 35806
61.172.5.115 - - [19/Aug/2020:10:45:06 +0800] "GET /xingrg/kc/buy/cgsh_order_add.html HTTP/1.1" 200 59379
218.81.217.115 - - [19/Aug/2020:10:45:06 +0800] "GET /xingrg/kc/buy/cgsh_order_operate.html?command=get_materiel&rest_code=00146&code=00101002006&supplier_code=00100091&order_time=2020-08-19 HTTP/1.1" 200 414
61.172.5.115 - - [19/Aug/2020:10:45:07 +0800] "GET /xingrg/javascript/easyui/themes/default/validatebox.css HTTP/1.1" 404 1104
61.172.5.115 - - [19/Aug/2020:10:45:07 +0800] "POST /xingrg/kc/buy/cgsh_order_operate.html HTTP/1.1" 200 8245
180.175.214.200 - - [19/Aug/2020:10:45:07 +0800] "POST /xingrg/kc/buy/cgsh_order_operate.html HTTP/1.1" 200 12
114.88.153.118 - - [19/Aug/2020:10:45:07 +0800] "GET /xingrg/kc/buy/cgsh_order_add.html HTTP/1.1" 200 59385
116.230.74.197 - - [19/Aug/2020:10:45:08 +0800] "GET /xingrg/kc/print/load_data.html?order_code=212020081908027&kc_code=cgsh&condition= HTTP/1.1" 200 1388
180.175.214.200 - - [19/Aug/2020:10:45:08 +0800] "GET /xingrg/kc/buy/cgsh_order_info.html?code=212020081908028 HTTP/1.1" 200 54204
114.88.153.118 - - [19/Aug/2020:10:45:08 +0800] "GET /xingrg/javascript/easyui/themes/default/validatebox.css HTTP/1.1" 404 1104
117.184.7.30 - - [19/Aug/2020:10:45:08 +0800] "GET /xingrg/kc/buy/cgsh_order_operate.html?command=get_materiel&rest_code=00108&code=00101008096&supplier_code=00100008&order_time=2020-08-19 HTTP/1.1" 200 412
114.88.153.118 - - [19/Aug/2020:10:45:08 +0800] "POST /xingrg/kc/buy/cgsh_order_operate.html HTTP/1.1" 200 8245
180.175.214.200 - - [19/Aug/2020:10:45:09 +0800] "GET /xingrg/javascript/easyui/themes/default/validatebox.css HTTP/1.1" 404 1104
180.175.214.200 - - [19/Aug/2020:10:45:09 +0800] "POST /xingrg/kc/buy/cgsh_order_operate.html HTTP/1.1" 200 1797
180.175.214.200 - - [19/Aug/2020:10:45:10 +0800] "GET /xingrg/kc/print/load_data.html?order_code=212020081908028&kc_code=cgsh&condition= HTTP/1.1" 200 1162
116.230.74.197 - - [19/Aug/2020:10:45:12 +0800] "GET /xingrg/kc/buy/cgsh_order_add.html HTTP/1.1" 200 59426
114.88.153.118 - - [19/Aug/2020:10:45:13 +0800] "GET /xingrg/all/function/internal_message.html?_=1597805109697&CODE_STATE=getMsg HTTP/1.1" 302 -
116.230.74.197 - - [19/Aug/2020:10:45:13 +0800] "POST /xingrg/kc/buy/cgsh_order_operate.html HTTP/1.1" 200 8245
116.230.74.197 - - [19/Aug/2020:10:45:13 +0800] "GET /xingrg/javascript/easyui/themes/default/validatebox.css HTTP/1.1" 404 1104
116.230.74.197 - - [19/Aug/2020:10:45:14 +0800] "GET /xingrg/javascript/easyui/themes/default/tree.css HTTP/1.1" 404 1090
180.175.214.200 - - [19/Aug/2020:10:45:14 +0800] "GET /xingrg/kc/buy/cgsh_order_add.html HTTP/1.1" 200 59297
116.230.74.197 - - [19/Aug/2020:10:45:15 +0800] "POST /xingrg/all/common/load_tree.html?tree=supplier_tree_json&isDelete=1 HTTP/1.1" 200 49675
180.175.214.200 - - [19/Aug/2020:10:45:15 +0800] "POST /xingrg/kc/buy/cgsh_order_operate.html HTTP/1.1" 200 8245
117.184.7.30 - - [19/Aug/2020:10:45:16 +0800] "GET /xingrg/kc/buy/cgsh_order_operate.html?command=get_materiel&rest_code=00108&code=00101008003&supplier_code=00100008&order_time=2020-08-19 HTTP/1.1" 200 408
180.175.214.200 - - [19/Aug/2020:10:45:16 +0800] "GET /xingrg/javascript/easyui/themes/default/validatebox.css HTTP/1.1" 404 1104
114.88.153.118 - - [19/Aug/2020:10:45:17 +0800] "GET /xingrg/kc/buy/cgsh_order_operate.html?command=get_materiel&rest_code=00141&code=00101003004&supplier_code=00100093&order_time=2020-08-19 HTTP/1.1" 200 421
61.172.5.115 - - [19/Aug/2020:10:45:20 +0800] "GET /xingrg/kc/buy/cgsh_order_operate.html?command=get_materiel&rest_code=00105&code=00101002006&supplier_code=00100091&order_time=2020-08-19 HTTP/1.1" 200 414
58.221.95.50 - - [19/Aug/2020:10:45:21 +0800] "GET /xingrg/all/function/internal_message.html?_=1597805250690&CODE_STATE=getMsg HTTP/1.1" 200 27
218.81.217.115 - - [19/Aug/2020:10:45:21 +0800] "GET /xingrg/kc/buy/cgsh_order_operate.html?command=get_materiel&rest_code=00146&code=00101002034&supplier_code=00100091&order_time=2020-08-19 HTTP/1.1" 200 409
180.175.214.200 - - [19/Aug/2020:10:45:22 +0800] "GET /xingrg/kc/buy/cgsh_order_operate.html?command=get_materiel&rest_code=00102&code=00101003035&supplier_code=00100092&order_time=2020-08-18 HTTP/1.1" 200 411
172.17.0.102 - - [19/Aug/2020:10:45:25 +0800] "GET /xingrg/all/function/internal_message.html?_=1597805124261&CODE_STATE=getMsg HTTP/1.1" 200 27
117.184.7.30 - - [19/Aug/2020:10:45:25 +0800] "GET /xingrg/check_reg.html?_=1597805118986 HTTP/1.1" 200 22
117.184.7.30 - - [19/Aug/2020:10:45:26 +0800] "GET /xingrg/all/function/internal_message.html?_=1597805119128&CODE_STATE=getMsg HTTP/1.1" 200 27
114.88.166.242 - - [19/Aug/2020:10:45:26 +0800] "GET /xingrg/all/function/internal_message.html?_=1597805172762&CODE_STATE=getMsg HTTP/1.1" 200 27
116.230.74.197 - - [19/Aug/2020:10:45:28 +0800] "GET /xingrg/kc/buy/cgsh_order_operate.html?command=get_materiel&rest_code=00107&code=00101001138&supplier_code=00100313&order_time=2020-08-19 HTTP/1.1" 200 413
116.235.241.164 - - [19/Aug/2020:10:45:28 +0800] "GET /xingrg/all/function/internal_message.html?_=1597805125482&CODE_STATE=getMsg HTTP/1.1" 200 27
218.81.217.115 - - [19/Aug/2020:10:45:28 +0800] "GET /xingrg/check_reg.html?_=1597805137127 HTTP/1.1" 200 22
180.175.214.200 - - [19/Aug/2020:10:45:29 +0800] "POST /xingrg/kc/buy/cgsh_order_operate.html HTTP/1.1" 200 37
218.81.217.115 - - [19/Aug/2020:10:45:31 +0800] "GET /xingrg/all/function/internal_message.html?_=1597805139341&CODE_STATE=getMsg HTTP/1.1" 200 27
180.175.214.200 - - [19/Aug/2020:10:45:31 +0800] "POST /xingrg/kc/buy/cgsh_order_operate.html HTTP/1.1" 200 12
172.17.0.123 - - [19/Aug/2020:10:45:31 +0800] "GET /xingrg/all/function/internal_message.html?_=1597805042464&CODE_STATE=getMsg HTTP/1.1" 200 27
180.175.214.200 - - [19/Aug/2020:10:45:31 +0800] "GET /xingrg/kc/buy/cgsh_order_info.html?code=212020081908029 HTTP/1.1" 200 54202
117.185.32.26 - - [19/Aug/2020:10:45:32 +0800] "GET /xingrg/all/function/internal_message.html?_=1597805558139&CODE_STATE=getMsg HTTP/1.1" 200 27
180.175.214.200 - - [19/Aug/2020:10:45:32 +0800] "GET /xingrg/javascript/easyui/themes/default/validatebox.css HTTP/1.1" 404 1104
180.175.214.200 - - [19/Aug/2020:10:45:32 +0800] "GET /xingrg/check_reg.html?_=1597805131352 HTTP/1.1" 200 22
180.175.214.200 - - [19/Aug/2020:10:45:32 +0800] "POST /xingrg/kc/buy/cgsh_order_operate.html HTTP/1.1" 200 610
180.175.214.200 - - [19/Aug/2020:10:45:32 +0800] "GET /xingrg/all/function/internal_message.html?_=1597805131562&CODE_STATE=getMsg HTTP/1.1" 200 27
114.88.153.118 - - [19/Aug/2020:10:45:33 +0800] "GET /xingrg/kc/buy/cgsh_order_operate.html?command=get_materiel&rest_code=00141&code=00101003016&supplier_code=00100093&order_time=2020-08-19 HTTP/1.1" 200 420
117.185.32.26 - - [19/Aug/2020:10:45:33 +0800] "GET /xingrg/all/function/internal_message.html?_=1597805129254&CODE_STATE=getMsg HTTP/1.1" 200 27
172.17.200.101 - - [19/Aug/2020:10:45:33 +0800] "GET /xingrg/all/function/internal_message.html?_=1597805134073&CODE_STATE=getMsg HTTP/1.1" 200 27
180.175.214.200 - - [19/Aug/2020:10:45:33 +0800] "GET /xingrg/kc/print/load_data.html?order_code=212020081908029&kc_code=cgsh&condition= HTTP/1.1" 200 757
218.81.217.115 - - [19/Aug/2020:10:45:36 +0800] "GET /xingrg/kc/buy/cgsh_order_operate.html?command=get_materiel&rest_code=00146&code=00101003037&supplier_code=00100091&order_time=2020-08-19 HTTP/1.1" 200 436
117.184.7.30 - - [19/Aug/2020:10:45:36 +0800] "POST /xingrg/kc/buy/cgsh_order_operate.html HTTP/1.1" 200 2065
180.175.214.200 - - [19/Aug/2020:10:45:37 +0800] "GET /xingrg/kc/buy/cgsh_order_add.html HTTP/1.1" 200 59297
180.175.214.200 - - [19/Aug/2020:10:45:38 +0800] "POST /xingrg/kc/buy/cgsh_order_operate.html HTTP/1.1" 200 8245
180.175.214.200 - - [19/Aug/2020:10:45:38 +0800] "GET /xingrg/javascript/easyui/themes/default/validatebox.css HTTP/1.1" 404 1104
117.184.7.30 - - [19/Aug/2020:10:45:39 +0800] "GET /xingrg/kc/buy/cgsh_order_operate.html?command=get_materiel&rest_code=00108&code=00101008296&supplier_code=00100008&order_time=2020-08-19 HTTP/1.1" 200 416
117.184.7.26 - - [19/Aug/2020:10:45:41 +0800] "GET /xingrg/check_reg.html?_=1597805134506 HTTP/1.1" 200 22
117.184.7.26 - - [19/Aug/2020:10:45:42 +0800] "GET /xingrg/all/function/internal_message.html?_=1597805135632&CODE_STATE=getMsg HTTP/1.1" 200 27
172.17.0.119 - - [19/Aug/2020:10:45:43 +0800] "GET /xingrg/all/function/internal_message.html?_=1597805141706&CODE_STATE=getMsg HTTP/1.1" 200 27
61.172.5.115 - - [19/Aug/2020:10:45:43 +0800] "GET /xingrg/check_reg.html?_=1597805142382 HTTP/1.1" 200 22
61.172.5.115 - - [19/Aug/2020:10:45:43 +0800] "GET /xingrg/all/function/internal_message.html?_=1597805142384&CODE_STATE=getMsg HTTP/1.1" 200 27
180.175.214.200 - - [19/Aug/2020:10:45:43 +0800] "GET /xingrg/all/function/internal_message.html?_=1597805347373&CODE_STATE=getMsg HTTP/1.1" 200 27
172.17.0.185 - - [19/Aug/2020:10:45:43 +0800] "GET /xingrg/all/function/internal_message.html?_=1597805142238&CODE_STATE=getMsg HTTP/1.1" 200 27
117.184.7.30 - - [19/Aug/2020:10:45:45 +0800] "GET /xingrg/kc/buy/cgsh_order_operate.html?command=get_materiel&rest_code=00108&code=00101008005&supplier_code=00100008&order_time=2020-08-19 HTTP/1.1" 200 412
114.88.153.118 - - [19/Aug/2020:10:45:46 +0800] "POST /xingrg/kc/buy/cgsh_order_operate.html HTTP/1.1" 200 37
180.175.214.200 - - [19/Aug/2020:10:45:46 +0800] "GET /xingrg/kc/buy/cgsh_order_operate.html?command=get_materiel&rest_code=00102&code=00101002038&supplier_code=00100087&order_time=2020-08-18 HTTP/1.1" 200 414
116.230.74.197 - - [19/Aug/2020:10:45:48 +0800] "GET /xingrg/kc/buy/cgsh_order_operate.html?command=get_materiel&rest_code=00107&code=00101001033&supplier_code=00100313&order_time=2020-08-19 HTTP/1.1" 200 419
114.88.153.118 - - [19/Aug/2020:10:45:48 +0800] "POST /xingrg/kc/buy/cgsh_order_operate.html HTTP/1.1" 200 12
114.88.153.118 - - [19/Aug/2020:10:45:49 +0800] "GET /xingrg/kc/buy/cgsh_order_info.html?code=212020081908030 HTTP/1.1" 200 54290
114.86.228.60 - - [19/Aug/2020:10:45:49 +0800] "GET /xingrg/kc/buy/cgsh_order_operate.html?command=get_materiel&rest_code=00109&code=00101008223&supplier_code=00100005&order_time=2020-08-19 HTTP/1.1" 200 412
114.88.153.118 - - [19/Aug/2020:10:45:49 +0800] "GET /xingrg/javascript/easyui/themes/default/validatebox.css HTTP/1.1" 404 1104
114.88.153.118 - - [19/Aug/2020:10:45:50 +0800] "POST /xingrg/kc/buy/cgsh_order_operate.html HTTP/1.1" 200 1220
180.157.251.101 - - [19/Aug/2020:10:45:50 +0800] "GET /xingrg/all/function/internal_message.html?_=1597805148998&CODE_STATE=getMsg HTTP/1.1" 200 27
117.184.7.30 - - [19/Aug/2020:10:45:50 +0800] "GET /xingrg/kc/buy/cgsh_order_operate.html?command=get_materiel&rest_code=00108&code=00101008213&supplier_code=00100008&order_time=2020-08-19 HTTP/1.1" 200 412
114.88.153.118 - - [19/Aug/2020:10:45:51 +0800] "GET /xingrg/kc/print/load_data.html?order_code=212020081908030&kc_code=cgsh&condition= HTTP/1.1" 200 1012
116.230.74.197 - - [19/Aug/2020:10:45:52 +0800] "GET /xingrg/all/function/internal_message.html?_=1597805148919&CODE_STATE=getMsg HTTP/1.1" 200 27
114.88.153.118 - - [19/Aug/2020:10:45:52 +0800] "GET /xingrg/all/function/internal_message.html?_=1597804793118&CODE_STATE=getMsg HTTP/1.1" 200 27
172.17.0.101 - - [19/Aug/2020:10:45:52 +0800] "GET /xingrg/check_reg.html?_=1597805156682 HTTP/1.1" 302 -
61.172.5.115 - - [19/Aug/2020:10:45:52 +0800] "POST /xingrg/kc/buy/cgsh_order_operate.html HTTP/1.1" 200 37
114.86.228.60 - - [19/Aug/2020:10:45:54 +0800] "GET /xingrg/check_reg.html?_=1597805177166 HTTP/1.1" 200 22
114.86.228.60 - - [19/Aug/2020:10:45:54 +0800] "GET /xingrg/all/function/internal_message.html?_=1597805177166&CODE_STATE=getMsg HTTP/1.1" 200 27
222.69.27.237 - - [19/Aug/2020:10:45:54 +0800] "GET /xingrg/all/function/internal_message.html?_=1597805025304&CODE_STATE=getMsg HTTP/1.1" 200 27
172.17.0.101 - - [19/Aug/2020:10:45:55 +0800] "GET /xingrg/all/function/internal_message.html?_=1597805159749&CODE_STATE=getMsg HTTP/1.1" 302 -
114.88.153.118 - - [19/Aug/2020:10:45:57 +0800] "GET /xingrg/kc/buy/cgsh_order_add.html HTTP/1.1" 200 59385
114.88.166.242 - - [19/Aug/2020:10:45:57 +0800] "GET /xingrg/all/function/internal_message.html?_=1597805155203&CODE_STATE=getMsg HTTP/1.1" 200 27
114.88.153.118 - - [19/Aug/2020:10:45:57 +0800] "GET /xingrg/javascript/easyui/themes/default/validatebox.css HTTP/1.1" 404 1104
114.88.153.118 - - [19/Aug/2020:10:45:57 +0800] "POST /xingrg/kc/buy/cgsh_order_operate.html HTTP/1.1" 200 8245
180.175.214.200 - - [19/Aug/2020:10:45:58 +0800] "POST /xingrg/kc/buy/cgsh_order_operate.html HTTP/1.1" 200 37
117.184.7.26 - - [19/Aug/2020:10:45:58 +0800] "GET /xingrg/kc/buy/cgsh_order_operate.html?command=get_materiel&rest_code=00108&code=00101008101&supplier_code=00100008&order_time=2020-08-19 HTTP/1.1" 200 412
222.69.135.163 - - [19/Aug/2020:10:45:58 +0800] "GET /xingrg/all/function/internal_message.html?_=1597805153275&CODE_STATE=getMsg HTTP/1.1" 200 27
172.17.0.120 - - [19/Aug/2020:10:45:59 +0800] "GET /xingrg/all/function/internal_message.html?_=1597805168269&CODE_STATE=getMsg HTTP/1.1" 200 27
180.175.214.200 - - [19/Aug/2020:10:45:59 +0800] "POST /xingrg/kc/buy/cgsh_order_operate.html HTTP/1.1" 200 12
114.89.80.44 - - [19/Aug/2020:10:45:59 +0800] "GET /xingrg/all/function/internal_message.html?_=1597805276836&CODE_STATE=getMsg HTTP/1.1" 200 27
116.230.74.197 - - [19/Aug/2020:10:46:00 +0800] "GET /xingrg/kc/buy/cgsh_order_operate.html?command=get_materiel&rest_code=00107&code=00101001096&supplier_code=00100313&order_time=2020-08-19 HTTP/1.1" 200 412
180.175.214.200 - - [19/Aug/2020:10:46:00 +0800] "GET /xingrg/kc/buy/cgsh_order_info.html?code=212020081908032 HTTP/1.1" 200 54200
180.175.214.200 - - [19/Aug/2020:10:46:01 +0800] "GET /xingrg/javascript/easyui/themes/default/validatebox.css HTTP/1.1" 404 1104
180.175.214.200 - - [19/Aug/2020:10:46:01 +0800] "POST /xingrg/kc/buy/cgsh_order_operate.html HTTP/1.1" 200 613
218.81.217.115 - - [19/Aug/2020:10:46:01 +0800] "GET /xingrg/javascript/jquery_easy_ui/themes/default/images/tabs_active.png HTTP/1.1" 304 -
180.175.214.200 - - [19/Aug/2020:10:46:02 +0800] "GET /xingrg/kc/print/load_data.html?order_code=212020081908032&kc_code=cgsh&condition= HTTP/1.1" 200 760
61.172.5.115 - - [19/Aug/2020:10:46:02 +0800] "POST /xingrg/kc/buy/cgsh_order_operate.html HTTP/1.1" 200 2661
114.89.80.44 - - [19/Aug/2020:10:46:04 +0800] "GET /xingrg/all/function/internal_message.html?_=1597805163020&CODE_STATE=getMsg HTTP/1.1" 200 27
218.81.217.115 - - [19/Aug/2020:10:46:06 +0800] "POST /xingrg/kc/buy/cgsh_order_operate.html HTTP/1.1" 200 37
117.184.7.26 - - [19/Aug/2020:10:46:06 +0800] "GET /xingrg/kc/buy/cgsh_order_operate.html?command=get_materiel&rest_code=00108&code=00101010232&supplier_code=00100008&order_time=2020-08-19 HTTP/1.1" 200 437
180.175.214.200 - - [19/Aug/2020:10:46:06 +0800] "GET /xingrg/kc/buy/cgsh_order_add.html HTTP/1.1" 200 59297
218.81.217.115 - - [19/Aug/2020:10:46:07 +0800] "POST /xingrg/kc/buy/cgsh_order_operate.html HTTP/1.1" 200 3850
180.175.214.200 - - [19/Aug/2020:10:46:07 +0800] "POST /xingrg/kc/buy/cgsh_order_operate.html HTTP/1.1" 200 8245
180.175.214.200 - - [19/Aug/2020:10:46:07 +0800] "GET /xingrg/javascript/easyui/themes/default/validatebox.css HTTP/1.1" 404 1104
117.184.7.26 - - [19/Aug/2020:10:46:08 +0800] "POST /xingrg/kc/buy/cgsh_order_operate.html HTTP/1.1" 200 2065
114.88.153.118 - - [19/Aug/2020:10:46:09 +0800] "GET /xingrg/kc/buy/cgsh_order_operate.html?command=get_materiel&rest_code=00141&code=00101006157&supplier_code=00100344&order_time=2020-08-19 HTTP/1.1" 200 416
218.81.217.115 - - [19/Aug/2020:10:46:09 +0800] "GET /xingrg/kc/print/load_data.html?order_code=212020081908033&kc_code=cgsh&condition= HTTP/1.1" 200 1206
116.230.74.197 - - [19/Aug/2020:10:46:11 +0800] "GET /xingrg/kc/buy/cgsh_order_operate.html?command=get_materiel&rest_code=00107&code=00101001194&supplier_code=00100313&order_time=2020-08-19 HTTP/1.1" 200 399
114.86.228.60 - - [19/Aug/2020:10:46:12 +0800] "GET /xingrg/kc/buy/cgsh_order_operate.html?command=get_materiel&rest_code=00109&code=00101008131&supplier_code=00100005&order_time=2020-08-19 HTTP/1.1" 200 408
117.184.7.26 - - [19/Aug/2020:10:46:12 +0800] "GET /xingrg/kc/buy/cgsh_order_operate.html?command=get_materiel&rest_code=00108&code=00101008297&supplier_code=00100008&order_time=2020-08-19 HTTP/1.1" 200 412
114.88.153.118 - - [19/Aug/2020:10:46:13 +0800] "GET /xingrg/all/function/internal_message.html?_=1597805169666&CODE_STATE=getMsg HTTP/1.1" 302 -
61.172.5.115 - - [19/Aug/2020:10:46:14 +0800] "POST /xingrg/kc/buy/cgsh_order_operate.html HTTP/1.1" 200 37
180.175.214.200 - - [19/Aug/2020:10:46:14 +0800] "GET /xingrg/kc/buy/cgsh_order_operate.html?command=get_materiel&rest_code=00102&code=00101002006&supplier_code=00100091&order_time=2020-08-18 HTTP/1.1" 200 414
61.172.5.115 - - [19/Aug/2020:10:46:15 +0800] "POST /xingrg/kc/buy/cgsh_order_operate.html HTTP/1.1" 200 2661
61.172.5.115 - - [19/Aug/2020:10:46:16 +0800] "GET /xingrg/kc/print/load_data.html?order_code=212020081908031&kc_code=cgsh&condition= HTTP/1.1" 200 740
114.86.228.60 - - [19/Aug/2020:10:46:16 +0800] "GET /xingrg/kc/buy/cgsh_order_operate.html?command=get_materiel&rest_code=00109&code=00101008098&supplier_code=00100005&order_time=2020-08-19 HTTP/1.1" 200 412
117.184.7.26 - - [19/Aug/2020:10:46:19 +0800] "GET /xingrg/kc/buy/cgsh_order_operate.html?command=get_materiel&rest_code=00108&code=00101008276&supplier_code=00100008&order_time=2020-08-19 HTTP/1.1" 200 412
58.221.95.50 - - [19/Aug/2020:10:46:21 +0800] "GET /xingrg/all/function/internal_message.html?_=1597805310694&CODE_STATE=getMsg HTTP/1.1" 200 27
180.175.214.200 - - [19/Aug/2020:10:46:21 +0800] "POST /xingrg/kc/buy/cgsh_order_operate.html HTTP/1.1" 200 37
114.86.228.60 - - [19/Aug/2020:10:46:21 +0800] "GET /xingrg/kc/buy/cgsh_order_operate.html?command=get_materiel&rest_code=00109&code=00101008005&supplier_code=00100005&order_time=2020-08-19 HTTP/1.1" 200 412
180.175.214.200 - - [19/Aug/2020:10:46:23 +0800] "POST /xingrg/kc/buy/cgsh_order_operate.html HTTP/1.1" 200 12
180.175.214.200 - - [19/Aug/2020:10:46:24 +0800] "GET /xingrg/kc/buy/cgsh_order_info.html?code=212020081908034 HTTP/1.1" 200 54204
180.175.214.200 - - [19/Aug/2020:10:46:24 +0800] "GET /xingrg/javascript/easyui/themes/default/validatebox.css HTTP/1.1" 404 1104
172.17.0.102 - - [19/Aug/2020:10:46:25 +0800] "GET /xingrg/all/function/internal_message.html?_=1597805184255&CODE_STATE=getMsg HTTP/1.1" 200 27
180.175.214.200 - - [19/Aug/2020:10:46:25 +0800] "POST /xingrg/kc/buy/cgsh_order_operate.html HTTP/1.1" 200 611
117.185.32.26 - - [19/Aug/2020:10:46:25 +0800] "GET /xingrg/javascript/auto/indicator.gif HTTP/1.1" 404 1066
61.172.5.115 - - [19/Aug/2020:10:46:25 +0800] "GET /xingrg/kc/buy/cgsh_order_add.html HTTP/1.1" 200 59379
180.175.214.200 - - [19/Aug/2020:10:46:25 +0800] "GET /xingrg/kc/print/load_data.html?order_code=212020081908034&kc_code=cgsh&condition= HTTP/1.1" 200 769
117.184.7.26 - - [19/Aug/2020:10:46:26 +0800] "GET /xingrg/all/function/internal_message.html?_=1597805179140&CODE_STATE=getMsg HTTP/1.1" 200 27
114.86.228.60 - - [19/Aug/2020:10:46:26 +0800] "POST /xingrg/kc/buy/cgsh_order_operate.html HTTP/1.1" 200 2065
61.172.5.115 - - [19/Aug/2020:10:46:26 +0800] "GET /xingrg/javascript/easyui/themes/default/validatebox.css HTTP/1.1" 404 1104
61.172.5.115 - - [19/Aug/2020:10:46:26 +0800] "POST /xingrg/kc/buy/cgsh_order_operate.html HTTP/1.1" 200 8245
114.88.166.242 - - [19/Aug/2020:10:46:26 +0800] "GET /xingrg/all/function/internal_message.html?_=1597805232760&CODE_STATE=getMsg HTTP/1.1" 200 27
114.88.153.118 - - [19/Aug/2020:10:46:27 +0800] "GET /xingrg/kc/buy/buy_main.html HTTP/1.1" 302 -
114.88.153.118 - - [19/Aug/2020:10:46:27 +0800] "GET /xingrg/login.html HTTP/1.1" 200 7641
114.88.153.118 - - [19/Aug/2020:10:46:27 +0800] "GET /xingrg/login.html HTTP/1.1" 200 7641
