61.172.5.115 - - [19/Aug/2020:10:53:43 +0800] "GET /xingrg/all/function/internal_message.html?_=1597805622411&CODE_STATE=getMsg HTTP/1.1" 200 27
114.88.153.118 - - [19/Aug/2020:10:53:43 +0800] "POST /xingrg/kc/buy/cgsh_order_operate.html HTTP/1.1" 200 8245
114.88.153.118 - - [19/Aug/2020:10:53:43 +0800] "GET /xingrg/javascript/easyui/themes/default/validatebox.css HTTP/1.1" 404 1104
172.17.0.185 - - [19/Aug/2020:10:53:43 +0800] "GET /xingrg/all/function/internal_message.html?_=1597805622233&CODE_STATE=getMsg HTTP/1.1" 200 27
180.175.214.200 - - [19/Aug/2020:10:53:45 +0800] "GET /xingrg/all/function/internal_message.html?_=1597805829291&CODE_STATE=getMsg HTTP/1.1" 200 27
116.230.74.197 - - [19/Aug/2020:10:53:46 +0800] "POST /xingrg/kc/buy/cgsh_list_operate.html HTTP/1.1" 200 876
180.157.251.101 - - [19/Aug/2020:10:53:48 +0800] "GET /xingrg/kc/buy/cgsh_order_operate.html?command=get_materiel&rest_code=00148&code=00101004027&supplier_code=00100312&order_time=2020-08-19 HTTP/1.1" 200 429
180.157.251.101 - - [19/Aug/2020:10:53:50 +0800] "GET /xingrg/all/function/internal_message.html?_=1597805629258&CODE_STATE=getMsg HTTP/1.1" 200 27
116.230.74.197 - - [19/Aug/2020:10:53:52 +0800] "GET /xingrg/all/function/internal_message.html?_=1597805628999&CODE_STATE=getMsg HTTP/1.1" 200 27
114.88.153.118 - - [19/Aug/2020:10:53:52 +0800] "GET /xingrg/check_reg.html?_=1597805273079 HTTP/1.1" 200 22
114.88.153.118 - - [19/Aug/2020:10:53:52 +0800] "GET /xingrg/all/function/internal_message.html?_=1597805273080&CODE_STATE=getMsg HTTP/1.1" 200 27
117.185.32.26 - - [19/Aug/2020:10:53:53 +0800] "GET /xingrg/kc/buy/cgsh_order_operate.html?command=get_materiel&rest_code=00106&code=00101008295&supplier_code=00100007&order_time=2020-08-19 HTTP/1.1" 200 412
222.69.27.237 - - [19/Aug/2020:10:53:54 +0800] "GET /xingrg/all/function/internal_message.html?_=1597805505324&CODE_STATE=getMsg HTTP/1.1" 200 27
61.172.5.115 - - [19/Aug/2020:10:53:55 +0800] "GET /xingrg/kc/buy/cgsh_order_operate.html?command=get_materiel&rest_code=00105&code=00101019150&supplier_code=00100337&order_time=2020-08-19 HTTP/1.1" 200 434
172.17.0.101 - - [19/Aug/2020:10:53:55 +0800] "GET /xingrg/all/function/internal_message.html?_=1597805640341&CODE_STATE=getMsg HTTP/1.1" 302 -
180.157.251.101 - - [19/Aug/2020:10:53:55 +0800] "GET /xingrg/kc/buy/cgsh_order_operate.html?command=get_materiel&rest_code=00148&code=00101004030&supplier_code=00100312&order_time=2020-08-19 HTTP/1.1" 200 428
114.88.166.242 - - [19/Aug/2020:10:53:57 +0800] "GET /xingrg/all/function/internal_message.html?_=1597805635325&CODE_STATE=getMsg HTTP/1.1" 200 27
114.86.228.60 - - [19/Aug/2020:10:53:58 +0800] "GET /xingrg/all/function/internal_message.html?_=1597805661500&CODE_STATE=getMsg HTTP/1.1" 200 27
222.69.135.163 - - [19/Aug/2020:10:53:58 +0800] "GET /xingrg/all/function/internal_message.html?_=1597805633161&CODE_STATE=getMsg HTTP/1.1" 200 27
114.89.80.44 - - [19/Aug/2020:10:53:58 +0800] "GET /xingrg/check_reg.html?_=1597805755912 HTTP/1.1" 200 22
116.230.74.197 - - [19/Aug/2020:10:53:59 +0800] "POST /xingrg/kc/buy/cgsh_list_operate.html HTTP/1.1" 200 5125
172.17.0.120 - - [19/Aug/2020:10:53:59 +0800] "GET /xingrg/all/function/internal_message.html?_=1597805648274&CODE_STATE=getMsg HTTP/1.1" 200 27
114.89.80.44 - - [19/Aug/2020:10:54:00 +0800] "GET /xingrg/all/function/internal_message.html?_=1597805757007&CODE_STATE=getMsg HTTP/1.1" 200 27
117.185.32.26 - - [19/Aug/2020:10:54:00 +0800] "GET /xingrg/kc/buy/cgsh_order_operate.html?command=get_materiel&rest_code=00106&code=00101008169&supplier_code=00100007&order_time=2020-08-19 HTTP/1.1" 200 412
180.157.251.101 - - [19/Aug/2020:10:54:02 +0800] "GET /xingrg/kc/buy/cgsh_order_operate.html?command=get_materiel&rest_code=00148&code=00101001045&supplier_code=00100312&order_time=2020-08-19 HTTP/1.1" 200 421
114.89.80.44 - - [19/Aug/2020:10:54:04 +0800] "GET /xingrg/all/function/internal_message.html?_=1597805643049&CODE_STATE=getMsg HTTP/1.1" 200 27
114.88.153.118 - - [19/Aug/2020:10:54:04 +0800] "GET /xingrg/kc/buy/cgsh_order_operate.html?command=get_materiel&rest_code=00141&code=00101003037&supplier_code=00100088&order_time=2020-08-19 HTTP/1.1" 200 436
116.230.74.197 - - [19/Aug/2020:10:54:06 +0800] "POST /xingrg/kc/buy/cgsh_list_operate.html HTTP/1.1" 200 3355
180.157.251.101 - - [19/Aug/2020:10:54:08 +0800] "GET /xingrg/kc/buy/cgsh_order_operate.html?command=get_materiel&rest_code=00148&code=00101001096&supplier_code=00100312&order_time=2020-08-19 HTTP/1.1" 200 412
172.17.0.120 - - [19/Aug/2020:10:54:11 +0800] "POST /xingrg/kc/buy/cgsh_list_operate.html HTTP/1.1" 200 5407
116.230.74.197 - - [19/Aug/2020:10:54:12 +0800] "POST /xingrg/kc/buy/cgsh_list_operate.html HTTP/1.1" 200 5242
116.230.74.197 - - [19/Aug/2020:10:54:14 +0800] "POST /xingrg/kc/buy/cgsh_list_operate.html HTTP/1.1" 200 582
180.157.251.101 - - [19/Aug/2020:10:54:15 +0800] "GET /xingrg/kc/buy/cgsh_order_operate.html?command=get_materiel&rest_code=00148&code=00101001029&supplier_code=00100312&order_time=2020-08-19 HTTP/1.1" 200 415
116.230.74.197 - - [19/Aug/2020:10:54:15 +0800] "GET /xingrg/kc/buy/cgsh_order_info.html?code=212020081908048 HTTP/1.1" 200 59427
116.230.74.197 - - [19/Aug/2020:10:54:16 +0800] "GET /xingrg/javascript/easyui/themes/default/validatebox.css HTTP/1.1" 404 1104
116.230.74.197 - - [19/Aug/2020:10:54:16 +0800] "POST /xingrg/kc/buy/cgsh_order_operate.html HTTP/1.1" 200 6248
117.185.32.26 - - [19/Aug/2020:10:54:18 +0800] "POST /xingrg/kc/buy/cgsh_order_operate.html HTTP/1.1" 200 37
172.17.0.119 - - [19/Aug/2020:10:54:18 +0800] "GET /xingrg/all/function/internal_message.html?_=1597805657532&CODE_STATE=getMsg HTTP/1.1" 200 27
117.185.32.26 - - [19/Aug/2020:10:54:21 +0800] "POST /xingrg/kc/buy/cgsh_order_operate.html HTTP/1.1" 200 26272
58.221.95.50 - - [19/Aug/2020:10:54:21 +0800] "GET /xingrg/all/function/internal_message.html?_=1597805790707&CODE_STATE=getMsg HTTP/1.1" 200 27
114.88.153.118 - - [19/Aug/2020:10:54:21 +0800] "POST /xingrg/kc/buy/cgsh_order_operate.html HTTP/1.1" 200 37
61.172.5.115 - - [19/Aug/2020:10:54:23 +0800] "GET /xingrg/kc/buy/cgsh_order_operate.html?command=get_materiel&rest_code=00105&code=00101013089&supplier_code=00100337&order_time=2020-08-19 HTTP/1.1" 200 420
114.88.153.118 - - [19/Aug/2020:10:54:24 +0800] "POST /xingrg/kc/buy/cgsh_order_operate.html HTTP/1.1" 200 12
172.17.0.102 - - [19/Aug/2020:10:54:25 +0800] "GET /xingrg/all/function/internal_message.html?_=1597805664295&CODE_STATE=getMsg HTTP/1.1" 200 27
114.88.153.118 - - [19/Aug/2020:10:54:25 +0800] "GET /xingrg/kc/buy/cgsh_order_info.html?code=212020081908066 HTTP/1.1" 200 54290
114.88.153.118 - - [19/Aug/2020:10:54:25 +0800] "GET /xingrg/javascript/easyui/themes/default/validatebox.css HTTP/1.1" 404 1104
114.88.153.118 - - [19/Aug/2020:10:54:25 +0800] "POST /xingrg/kc/buy/cgsh_order_operate.html HTTP/1.1" 200 613
114.88.153.118 - - [19/Aug/2020:10:54:26 +0800] "GET /xingrg/kc/print/load_data.html?order_code=212020081908066&kc_code=cgsh&condition= HTTP/1.1" 200 783
117.184.7.30 - - [19/Aug/2020:10:54:26 +0800] "GET /xingrg/all/function/internal_message.html?_=1597805659999&CODE_STATE=getMsg HTTP/1.1" 200 27
114.88.166.242 - - [19/Aug/2020:10:54:27 +0800] "GET /xingrg/all/function/internal_message.html?_=1597805713308&CODE_STATE=getMsg HTTP/1.1" 200 27
116.235.241.164 - - [19/Aug/2020:10:54:28 +0800] "GET /xingrg/all/function/internal_message.html?_=1597805665489&CODE_STATE=getMsg HTTP/1.1" 200 27
180.157.251.101 - - [19/Aug/2020:10:54:29 +0800] "POST /xingrg/kc/buy/cgsh_order_operate.html HTTP/1.1" 200 37
114.88.153.118 - - [19/Aug/2020:10:54:29 +0800] "GET /xingrg/all/function/internal_message.html?_=1597805665336&CODE_STATE=getMsg HTTP/1.1" 200 27
218.81.217.115 - - [19/Aug/2020:10:54:31 +0800] "GET /xingrg/all/function/internal_message.html?_=1597805679525&CODE_STATE=getMsg HTTP/1.1" 200 27
172.17.0.123 - - [19/Aug/2020:10:54:31 +0800] "GET /xingrg/all/function/internal_message.html?_=1597805582466&CODE_STATE=getMsg HTTP/1.1" 200 27
117.185.32.26 - - [19/Aug/2020:10:54:32 +0800] "GET /xingrg/all/function/internal_message.html?_=1597806098185&CODE_STATE=getMsg HTTP/1.1" 200 27
180.157.251.101 - - [19/Aug/2020:10:54:32 +0800] "POST /xingrg/kc/buy/cgsh_order_operate.html HTTP/1.1" 200 12
117.185.32.26 - - [19/Aug/2020:10:54:33 +0800] "GET /xingrg/all/function/internal_message.html?_=1597805669383&CODE_STATE=getMsg HTTP/1.1" 200 27
117.185.32.26 - - [19/Aug/2020:10:54:33 +0800] "GET /xingrg/check_reg.html?_=1597805669382 HTTP/1.1" 200 22
172.17.200.101 - - [19/Aug/2020:10:54:33 +0800] "GET /xingrg/all/function/internal_message.html?_=1597805674086&CODE_STATE=getMsg HTTP/1.1" 200 27
180.157.251.101 - - [19/Aug/2020:10:54:33 +0800] "GET /xingrg/kc/buy/cgsh_order_info.html?code=212020081908067 HTTP/1.1" 200 54292
180.157.251.101 - - [19/Aug/2020:10:54:34 +0800] "GET /xingrg/javascript/easyui/themes/default/validatebox.css HTTP/1.1" 404 1104
180.157.251.101 - - [19/Aug/2020:10:54:34 +0800] "POST /xingrg/kc/buy/cgsh_order_operate.html HTTP/1.1" 200 4181
180.157.251.101 - - [19/Aug/2020:10:54:35 +0800] "GET /xingrg/check_reg.html?_=1597805674643 HTTP/1.1" 200 22
180.157.251.101 - - [19/Aug/2020:10:54:36 +0800] "GET /xingrg/kc/print/load_data.html?order_code=212020081908067&kc_code=cgsh&condition= HTTP/1.1" 200 2087
180.175.214.200 - - [19/Aug/2020:10:54:36 +0800] "GET /xingrg/all/function/internal_message.html?_=1597805674652&CODE_STATE=getMsg HTTP/1.1" 200 27
117.185.32.26 - - [19/Aug/2020:10:54:36 +0800] "GET /xingrg/kc/buy/cgsh_order_operate.html?command=get_materiel&rest_code=00106&code=00101008213&supplier_code=00100007&order_time=2020-08-19 HTTP/1.1" 200 412
61.151.178.165 - - [19/Aug/2020:10:54:36 +0800] "GET /xingrg/all/function/internal_message.html?_=1597804929770&CODE_STATE=getMsg HTTP/1.1" 302 -
172.17.0.120 - - [19/Aug/2020:10:54:37 +0800] "POST /xingrg/kc/buy/cgsh_list_operate.html HTTP/1.1" 200 3965
61.172.5.115 - - [19/Aug/2020:10:54:41 +0800] "POST /xingrg/kc/buy/cgsh_order_operate.html HTTP/1.1" 200 37
117.184.7.26 - - [19/Aug/2020:10:54:42 +0800] "GET /xingrg/all/function/internal_message.html?_=1597805675462&CODE_STATE=getMsg HTTP/1.1" 200 27
61.172.5.115 - - [19/Aug/2020:10:54:43 +0800] "POST /xingrg/kc/buy/cgsh_order_operate.html HTTP/1.1" 200 2674
61.172.5.115 - - [19/Aug/2020:10:54:43 +0800] "GET /xingrg/all/function/internal_message.html?_=1597805682411&CODE_STATE=getMsg HTTP/1.1" 200 27
172.17.0.185 - - [19/Aug/2020:10:54:43 +0800] "GET /xingrg/all/function/internal_message.html?_=1597805682239&CODE_STATE=getMsg HTTP/1.1" 200 27
117.185.32.26 - - [19/Aug/2020:10:54:44 +0800] "GET /xingrg/kc/buy/cgsh_order_operate.html?command=get_materiel&rest_code=00106&code=00101008347&supplier_code=00100007&order_time=2020-08-19 HTTP/1.1" 200 408
61.172.5.115 - - [19/Aug/2020:10:54:44 +0800] "GET /xingrg/kc/print/load_data.html?order_code=212020081908068&kc_code=cgsh&condition= HTTP/1.1" 200 690
180.175.214.200 - - [19/Aug/2020:10:54:45 +0800] "GET /xingrg/all/function/internal_message.html?_=1597805889640&CODE_STATE=getMsg HTTP/1.1" 200 27
61.151.178.165 - - [19/Aug/2020:10:54:45 +0800] "GET /xingrg/login.html HTTP/1.1" 200 7641
180.157.251.101 - - [19/Aug/2020:10:54:47 +0800] "GET /xingrg/kc/buy/cgsh_order_add.html HTTP/1.1" 200 59385
180.157.251.101 - - [19/Aug/2020:10:54:48 +0800] "POST /xingrg/kc/buy/cgsh_order_operate.html HTTP/1.1" 200 8245
180.157.251.101 - - [19/Aug/2020:10:54:48 +0800] "GET /xingrg/javascript/easyui/themes/default/validatebox.css HTTP/1.1" 404 1104
116.230.74.197 - - [19/Aug/2020:10:54:50 +0800] "GET /xingrg/check_reg.html?_=1597805687157 HTTP/1.1" 200 22
180.157.251.101 - - [19/Aug/2020:10:54:50 +0800] "GET /xingrg/check_reg.html?_=1597805688936 HTTP/1.1" 200 22
180.157.251.101 - - [19/Aug/2020:10:54:50 +0800] "GET /xingrg/all/function/internal_message.html?_=1597805689260&CODE_STATE=getMsg HTTP/1.1" 200 27
117.185.32.26 - - [19/Aug/2020:10:54:51 +0800] "GET /xingrg/kc/buy/cgsh_order_operate.html?command=get_materiel&rest_code=00106&code=00101008350&supplier_code=00100007&order_time=2020-08-19 HTTP/1.1" 200 408
116.230.74.197 - - [19/Aug/2020:10:54:52 +0800] "GET /xingrg/all/function/internal_message.html?_=1597805688981&CODE_STATE=getMsg HTTP/1.1" 200 27
114.88.153.118 - - [19/Aug/2020:10:54:52 +0800] "GET /xingrg/all/function/internal_message.html?_=1597805333051&CODE_STATE=getMsg HTTP/1.1" 200 27
222.69.27.237 - - [19/Aug/2020:10:54:54 +0800] "GET /xingrg/all/function/internal_message.html?_=1597805565323&CODE_STATE=getMsg HTTP/1.1" 200 27
114.88.153.118 - - [19/Aug/2020:10:54:55 +0800] "GET /xingrg/kc/buy/cgsh_order_add.html HTTP/1.1" 200 59385
180.157.251.101 - - [19/Aug/2020:10:54:55 +0800] "GET /xingrg/kc/buy/cgsh_order_operate.html?command=get_materiel&rest_code=00148&code=00101010161&supplier_code=00100334&order_time=2020-08-19 HTTP/1.1" 200 409
114.88.153.118 - - [19/Aug/2020:10:54:55 +0800] "POST /xingrg/kc/buy/cgsh_order_operate.html HTTP/1.1" 200 8245
114.88.153.118 - - [19/Aug/2020:10:54:55 +0800] "GET /xingrg/javascript/easyui/themes/default/validatebox.css HTTP/1.1" 404 1104
61.172.5.115 - - [19/Aug/2020:10:54:55 +0800] "GET /xingrg/kc/buy/cgsh_order_add.html HTTP/1.1" 200 59379
172.17.0.101 - - [19/Aug/2020:10:54:55 +0800] "GET /xingrg/all/function/internal_message.html?_=1597805700355&CODE_STATE=getMsg HTTP/1.1" 302 -
61.172.5.115 - - [19/Aug/2020:10:54:56 +0800] "POST /xingrg/kc/buy/cgsh_order_operate.html HTTP/1.1" 200 8245
61.172.5.115 - - [19/Aug/2020:10:54:56 +0800] "GET /xingrg/javascript/easyui/themes/default/validatebox.css HTTP/1.1" 404 1104
114.88.166.242 - - [19/Aug/2020:10:54:57 +0800] "GET /xingrg/all/function/internal_message.html?_=1597805695339&CODE_STATE=getMsg HTTP/1.1" 200 27
114.86.228.60 - - [19/Aug/2020:10:54:58 +0800] "GET /xingrg/all/function/internal_message.html?_=1597805721499&CODE_STATE=getMsg HTTP/1.1" 200 27
222.69.135.163 - - [19/Aug/2020:10:54:58 +0800] "GET /xingrg/all/function/internal_message.html?_=1597805693130&CODE_STATE=getMsg HTTP/1.1" 200 27
222.69.135.163 - - [19/Aug/2020:10:54:59 +0800] "GET /xingrg/check_reg.html?_=1597805693678 HTTP/1.1" 200 22
172.17.0.120 - - [19/Aug/2020:10:54:59 +0800] "GET /xingrg/check_reg.html?_=1597805708270 HTTP/1.1" 200 22
172.17.0.120 - - [19/Aug/2020:10:54:59 +0800] "GET /xingrg/all/function/internal_message.html?_=1597805708274&CODE_STATE=getMsg HTTP/1.1" 200 27
114.89.80.44 - - [19/Aug/2020:10:55:00 +0800] "GET /xingrg/all/function/internal_message.html?_=1597805817020&CODE_STATE=getMsg HTTP/1.1" 200 27
172.17.0.120 - - [19/Aug/2020:10:55:02 +0800] "POST /xingrg/kc/buy/cgsh_list_operate.html HTTP/1.1" 200 3965
180.157.251.101 - - [19/Aug/2020:10:55:04 +0800] "POST /xingrg/kc/buy/cgsh_order_operate.html HTTP/1.1" 200 37
180.157.251.101 - - [19/Aug/2020:10:55:04 +0800] "GET /xingrg/javascript/pic_change.js HTTP/1.1" 304 -
114.89.80.44 - - [19/Aug/2020:10:55:04 +0800] "GET /xingrg/all/function/internal_message.html?_=1597805703049&CODE_STATE=getMsg HTTP/1.1" 200 27
180.157.251.101 - - [19/Aug/2020:10:55:04 +0800] "GET /xingrg/javascript/jquery_tools/jquery.tools.min.js HTTP/1.1" 304 -
180.157.251.101 - - [19/Aug/2020:10:55:04 +0800] "GET /xingrg/javascript/jquery_tools/jquery.tools.extend.js HTTP/1.1" 304 -
180.157.251.101 - - [19/Aug/2020:10:55:04 +0800] "GET /xingrg/javascript/jquery.cookie.js HTTP/1.1" 304 -
180.157.251.101 - - [19/Aug/2020:10:55:04 +0800] "GET /xingrg/javascript/jquery_tools/jquery.tools.table.js HTTP/1.1" 304 -
180.157.251.101 - - [19/Aug/2020:10:55:04 +0800] "GET /xingrg/javascript/jquery_tools/jquery.tools.hotkey.js HTTP/1.1" 304 -
180.157.251.101 - - [19/Aug/2020:10:55:04 +0800] "GET /xingrg/javascript/auto/jquery.autocomplete.js HTTP/1.1" 304 -
180.157.251.101 - - [19/Aug/2020:10:55:04 +0800] "GET /xingrg/javascript/easyui/easyloader.js HTTP/1.1" 304 -
180.157.251.101 - - [19/Aug/2020:10:55:04 +0800] "GET /xingrg/javascript/jquery.utils.js HTTP/1.1" 304 -
180.157.251.101 - - [19/Aug/2020:10:55:04 +0800] "GET /xingrg/javascript/json2.js HTTP/1.1" 304 -
180.157.251.101 - - [19/Aug/2020:10:55:04 +0800] "GET /xingrg/javascript/jquery_tools/order_manager.js HTTP/1.1" 304 -
180.157.251.101 - - [19/Aug/2020:10:55:04 +0800] "GET /xingrg/javascript/convert.js HTTP/1.1" 304 -
180.157.251.101 - - [19/Aug/2020:10:55:04 +0800] "GET /xingrg/javascript/print/kc_print.js HTTP/1.1" 304 -
180.157.251.101 - - [19/Aug/2020:10:55:04 +0800] "GET /xingrg/javascript/print/LodopFuncs.js HTTP/1.1" 304 -
180.157.251.101 - - [19/Aug/2020:10:55:04 +0800] "GET /xingrg/javascript/easyui/plugins/jquery.parser.js HTTP/1.1" 304 -
180.157.251.101 - - [19/Aug/2020:10:55:04 +0800] "GET /xingrg/javascript/easyui/plugins/jquery.validatebox.js HTTP/1.1" 304 -
180.157.251.101 - - [19/Aug/2020:10:55:04 +0800] "GET /xingrg/javascript/easyui/plugins/jquery.numberbox.js HTTP/1.1" 304 -
180.157.251.101 - - [19/Aug/2020:10:55:04 +0800] "GET /xingrg/words/20200818174345_words.js HTTP/1.1" 304 -
114.88.153.118 - - [19/Aug/2020:10:55:05 +0800] "GET /xingrg/kc/buy/cgsh_order_operate.html?command=get_materiel&rest_code=00141&code=00101006001&supplier_code=00100404&order_time=2020-08-19 HTTP/1.1" 200 428
117.185.32.26 - - [19/Aug/2020:10:55:05 +0800] "GET /xingrg/kc/buy/cgsh_order_operate.html?command=get_materiel&rest_code=00106&code=00101008036&supplier_code=00100007&order_time=2020-08-19 HTTP/1.1" 200 408
117.185.32.26 - - [19/Aug/2020:10:55:08 +0800] "POST /xingrg/kc/buy/cgsh_order_operate.html HTTP/1.1" 200 2065
180.157.251.101 - - [19/Aug/2020:10:55:10 +0800] "POST /xingrg/kc/buy/cgsh_order_operate.html HTTP/1.1" 200 12
180.157.251.101 - - [19/Aug/2020:10:55:11 +0800] "GET /xingrg/kc/buy/cgsh_order_info.html?code=212020081908069 HTTP/1.1" 200 54292
180.157.251.101 - - [19/Aug/2020:10:55:11 +0800] "GET /xingrg/javascript/easyui/themes/default/validatebox.css HTTP/1.1" 404 1104
180.157.251.101 - - [19/Aug/2020:10:55:12 +0800] "POST /xingrg/kc/buy/cgsh_order_operate.html HTTP/1.1" 200 603
180.157.251.101 - - [19/Aug/2020:10:55:12 +0800] "GET /xingrg/kc/buy/cgsh_order_operate.html?command=get_materiel&rest_code=00148&code=00101008256&supplier_code=00100007&order_time=2020-08-19 HTTP/1.1" 200 412
180.157.251.101 - - [19/Aug/2020:10:55:13 +0800] "GET /xingrg/kc/print/load_data.html?order_code=212020081908069&kc_code=cgsh&condition= HTTP/1.1" 200 713
117.185.32.26 - - [19/Aug/2020:10:55:14 +0800] "GET /xingrg/kc/buy/cgsh_order_operate.html?command=get_materiel&rest_code=00106&code=00101008084&supplier_code=00100007&order_time=2020-08-19 HTTP/1.1" 200 412
172.17.0.119 - - [19/Aug/2020:10:55:18 +0800] "GET /xingrg/all/function/internal_message.html?_=1597805717538&CODE_STATE=getMsg HTTP/1.1" 200 27
114.88.153.118 - - [19/Aug/2020:10:55:19 +0800] "POST /xingrg/kc/buy/cgsh_order_operate.html HTTP/1.1" 200 37
61.172.5.115 - - [19/Aug/2020:10:55:19 +0800] "GET /xingrg/kc/buy/cgsh_order_operate.html?command=get_materiel&rest_code=00105&code=00101012086&supplier_code=00100327&order_time=2020-08-19 HTTP/1.1" 200 406
180.157.251.101 - - [19/Aug/2020:10:55:19 +0800] "GET /xingrg/kc/buy/cgsh_order_operate.html?command=get_materiel&rest_code=00148&code=00101008045&supplier_code=00100007&order_time=2020-08-19 HTTP/1.1" 200 412
58.221.95.50 - - [19/Aug/2020:10:55:21 +0800] "GET /xingrg/all/function/internal_message.html?_=1597805850707&CODE_STATE=getMsg HTTP/1.1" 200 27
114.88.153.118 - - [19/Aug/2020:10:55:22 +0800] "POST /xingrg/kc/buy/cgsh_order_operate.html HTTP/1.1" 200 12
114.88.153.118 - - [19/Aug/2020:10:55:23 +0800] "GET /xingrg/kc/buy/cgsh_order_info.html?code=212020081908070 HTTP/1.1" 200 54294
114.88.153.118 - - [19/Aug/2020:10:55:24 +0800] "GET /xingrg/javascript/easyui/themes/default/validatebox.css HTTP/1.1" 404 1104
180.157.251.101 - - [19/Aug/2020:10:55:24 +0800] "GET /xingrg/kc/buy/cgsh_order_operate.html?command=get_materiel&rest_code=00148&code=00101008010&supplier_code=00100007&order_time=2020-08-19 HTTP/1.1" 200 412
114.88.153.118 - - [19/Aug/2020:10:55:24 +0800] "POST /xingrg/kc/buy/cgsh_order_operate.html HTTP/1.1" 200 622
172.17.0.102 - - [19/Aug/2020:10:55:25 +0800] "GET /xingrg/all/function/internal_message.html?_=1597805724287&CODE_STATE=getMsg HTTP/1.1" 200 27
172.17.0.120 - - [19/Aug/2020:10:55:25 +0800] "POST /xingrg/kc/buy/cgsh_list_operate.html HTTP/1.1" 200 5407
117.184.7.26 - - [19/Aug/2020:10:55:26 +0800] "GET /xingrg/check_reg.html?_=1597805719349 HTTP/1.1" 200 22
117.184.7.26 - - [19/Aug/2020:10:55:26 +0800] "GET /xingrg/all/function/internal_message.html?_=1597805720012&CODE_STATE=getMsg HTTP/1.1" 200 27
114.88.166.242 - - [19/Aug/2020:10:55:27 +0800] "GET /xingrg/all/function/internal_message.html?_=1597805773284&CODE_STATE=getMsg HTTP/1.1" 200 27
114.88.153.118 - - [19/Aug/2020:10:55:27 +0800] "GET /xingrg/kc/print/load_data.html?order_code=212020081908070&kc_code=cgsh&condition= HTTP/1.1" 200 744
116.235.241.164 - - [19/Aug/2020:10:55:28 +0800] "GET /xingrg/all/function/internal_message.html?_=1597805725489&CODE_STATE=getMsg HTTP/1.1" 200 27
218.81.217.115 - - [19/Aug/2020:10:55:29 +0800] "GET /xingrg/check_reg.html?_=1597805737200 HTTP/1.1" 200 22
114.88.153.118 - - [19/Aug/2020:10:55:29 +0800] "GET /xingrg/all/function/internal_message.html?_=1597805725329&CODE_STATE=getMsg HTTP/1.1" 200 27
218.81.217.115 - - [19/Aug/2020:10:55:31 +0800] "GET /xingrg/all/function/internal_message.html?_=1597805739613&CODE_STATE=getMsg HTTP/1.1" 200 27
114.88.153.118 - - [19/Aug/2020:10:55:31 +0800] "GET /xingrg/kc/buy/cgsh_order_add.html HTTP/1.1" 200 59385
172.17.0.123 - - [19/Aug/2020:10:55:31 +0800] "GET /xingrg/all/function/internal_message.html?_=1597805642468&CODE_STATE=getMsg HTTP/1.1" 200 27
114.88.153.118 - - [19/Aug/2020:10:55:31 +0800] "POST /xingrg/kc/buy/cgsh_order_operate.html HTTP/1.1" 200 8245
114.88.153.118 - - [19/Aug/2020:10:55:32 +0800] "GET /xingrg/javascript/easyui/themes/default/validatebox.css HTTP/1.1" 404 1104
117.185.32.26 - - [19/Aug/2020:10:55:32 +0800] "GET /xingrg/all/function/internal_message.html?_=1597806158136&CODE_STATE=getMsg HTTP/1.1" 200 27
120.253.135.82 - - [19/Aug/2020:10:55:32 +0800] "GET /xingrg/check_reg.html?_=1597805483719 HTTP/1.1" 200 22
61.172.5.115 - - [19/Aug/2020:10:55:33 +0800] "POST /xingrg/kc/buy/cgsh_order_operate.html HTTP/1.1" 200 37
180.175.214.200 - - [19/Aug/2020:10:55:33 +0800] "GET /xingrg/check_reg.html?_=1597805731809 HTTP/1.1" 200 22
172.17.200.101 - - [19/Aug/2020:10:55:33 +0800] "GET /xingrg/all/function/internal_message.html?_=1597805734088&CODE_STATE=getMsg HTTP/1.1" 200 27
61.172.5.115 - - [19/Aug/2020:10:55:33 +0800] "POST /xingrg/kc/buy/cgsh_order_operate.html HTTP/1.1" 200 2654
61.172.5.115 - - [19/Aug/2020:10:55:35 +0800] "GET /xingrg/kc/print/load_data.html?order_code=212020081908071&kc_code=cgsh&condition= HTTP/1.1" 200 665
180.175.214.200 - - [19/Aug/2020:10:55:36 +0800] "GET /xingrg/all/function/internal_message.html?_=1597805734666&CODE_STATE=getMsg HTTP/1.1" 200 27
114.88.153.118 - - [19/Aug/2020:10:55:38 +0800] "GET /xingrg/kc/buy/cgsh_order_operate.html?command=get_materiel&rest_code=00141&code=00101002006&supplier_code=00100091&order_time=2020-08-19 HTTP/1.1" 200 414
61.172.5.115 - - [19/Aug/2020:10:55:39 +0800] "GET /xingrg/kc/buy/cgsh_order_add.html HTTP/1.1" 200 59379
117.185.32.26 - - [19/Aug/2020:10:55:39 +0800] "POST /xingrg/kc/buy/cgsh_order_operate.html HTTP/1.1" 200 37
61.172.5.115 - - [19/Aug/2020:10:55:40 +0800] "GET /xingrg/javascript/easyui/themes/default/validatebox.css HTTP/1.1" 404 1104
61.172.5.115 - - [19/Aug/2020:10:55:40 +0800] "POST /xingrg/kc/buy/cgsh_order_operate.html HTTP/1.1" 200 8245
117.184.7.26 - - [19/Aug/2020:10:55:41 +0800] "GET /xingrg/check_reg.html?_=1597805734466 HTTP/1.1" 200 22
117.185.32.26 - - [19/Aug/2020:10:55:41 +0800] "POST /xingrg/kc/buy/cgsh_order_operate.html HTTP/1.1" 200 29222
180.157.251.101 - - [19/Aug/2020:10:55:41 +0800] "GET /xingrg/kc/buy/cgsh_order_add.html HTTP/1.1" 200 59385
117.184.7.26 - - [19/Aug/2020:10:55:42 +0800] "GET /xingrg/all/function/internal_message.html?_=1597805735437&CODE_STATE=getMsg HTTP/1.1" 200 27
180.157.251.101 - - [19/Aug/2020:10:55:42 +0800] "GET /xingrg/kc/buy/cgsh_order_operate.html?command=get_materiel&rest_code=00148&code=00101008312&supplier_code=00100007&order_time=2020-08-19 HTTP/1.1" 200 412
180.157.251.101 - - [19/Aug/2020:10:55:42 +0800] "POST /xingrg/kc/buy/cgsh_order_operate.html HTTP/1.1" 200 8245
180.157.251.101 - - [19/Aug/2020:10:55:42 +0800] "GET /xingrg/javascript/easyui/themes/default/validatebox.css HTTP/1.1" 404 1104
61.172.5.115 - - [19/Aug/2020:10:55:43 +0800] "GET /xingrg/check_reg.html?_=1597805742416 HTTP/1.1" 200 22
61.172.5.115 - - [19/Aug/2020:10:55:43 +0800] "GET /xingrg/all/function/internal_message.html?_=1597805742418&CODE_STATE=getMsg HTTP/1.1" 200 27
172.17.0.185 - - [19/Aug/2020:10:55:43 +0800] "GET /xingrg/all/function/internal_message.html?_=1597805742244&CODE_STATE=getMsg HTTP/1.1" 200 27
172.17.0.120 - - [19/Aug/2020:10:55:44 +0800] "POST /xingrg/kc/buy/cgsh_list_operate.html HTTP/1.1" 200 3965
180.175.214.200 - - [19/Aug/2020:10:55:45 +0800] "GET /xingrg/all/function/internal_message.html?_=1597805949645&CODE_STATE=getMsg HTTP/1.1" 200 27
180.157.251.101 - - [19/Aug/2020:10:55:47 +0800] "GET /xingrg/kc/buy/cgsh_order_operate.html?command=get_materiel&rest_code=00148&code=00101008038&supplier_code=00100007&order_time=2020-08-19 HTTP/1.1" 200 412
61.172.5.115 - - [19/Aug/2020:10:55:50 +0800] "GET /xingrg/kc/buy/cgsh_order_operate.html?command=get_materiel&rest_code=00105&code=00101010106&supplier_code=00100329&order_time=2020-08-19 HTTP/1.1" 200 409
180.157.251.101 - - [19/Aug/2020:10:55:50 +0800] "GET /xingrg/all/function/internal_message.html?_=1597805749274&CODE_STATE=getMsg HTTP/1.1" 200 27
116.230.74.197 - - [19/Aug/2020:10:55:51 +0800] "GET /xingrg/all/function/internal_message.html?_=1597805748964&CODE_STATE=getMsg HTTP/1.1" 200 27
114.88.153.118 - - [19/Aug/2020:10:55:52 +0800] "GET /xingrg/all/function/internal_message.html?_=1597805393029&CODE_STATE=getMsg HTTP/1.1" 200 27
172.17.0.101 - - [19/Aug/2020:10:55:52 +0800] "GET /xingrg/check_reg.html?_=1597805756951 HTTP/1.1" 302 -
222.69.27.237 - - [19/Aug/2020:10:55:54 +0800] "GET /xingrg/all/function/internal_message.html?_=1597805625325&CODE_STATE=getMsg HTTP/1.1" 200 27
180.157.251.101 - - [19/Aug/2020:10:55:55 +0800] "GET /xingrg/kc/buy/cgsh_order_operate.html?command=get_materiel&rest_code=00148&code=00101014078&supplier_code=00100211&order_time=2020-08-19 HTTP/1.1" 200 415
172.17.0.101 - - [19/Aug/2020:10:55:55 +0800] "GET /xingrg/all/function/internal_message.html?_=1597805760368&CODE_STATE=getMsg HTTP/1.1" 302 -
114.88.153.118 - - [19/Aug/2020:10:55:56 +0800] "GET /xingrg/kc/buy/cgsh_order_operate.html?command=get_materiel&rest_code=00141&code=00101003019&supplier_code=00100091&order_time=2020-08-19 HTTP/1.1" 200 415
114.88.166.242 - - [19/Aug/2020:10:55:57 +0800] "GET /xingrg/all/function/internal_message.html?_=1597805755370&CODE_STATE=getMsg HTTP/1.1" 200 27
114.86.228.60 - - [19/Aug/2020:10:55:58 +0800] "GET /xingrg/check_reg.html?_=1597805781510 HTTP/1.1" 200 22
114.86.228.60 - - [19/Aug/2020:10:55:58 +0800] "GET /xingrg/all/function/internal_message.html?_=1597805781510&CODE_STATE=getMsg HTTP/1.1" 200 27
180.157.251.101 - - [19/Aug/2020:10:55:58 +0800] "GET /xingrg/kc/buy/cgsh_order_operate.html?command=get_materiel&rest_code=00148&code=00101008355&supplier_code=00100007&order_time=2020-08-19 HTTP/1.1" 200 408
222.69.135.163 - - [19/Aug/2020:10:55:58 +0800] "GET /xingrg/all/function/internal_message.html?_=1597805753115&CODE_STATE=getMsg HTTP/1.1" 200 27
117.185.32.26 - - [19/Aug/2020:10:55:58 +0800] "GET /xingrg/kc/buy/cgsh_order_operate.html?command=get_materiel&rest_code=00106&code=00101008246&supplier_code=00100007&order_time=2020-08-19 HTTP/1.1" 200 408
172.17.0.120 - - [19/Aug/2020:10:55:59 +0800] "GET /xingrg/all/function/internal_message.html?_=1597805768264&CODE_STATE=getMsg HTTP/1.1" 200 27
114.89.80.44 - - [19/Aug/2020:10:56:00 +0800] "GET /xingrg/all/function/internal_message.html?_=1597805877033&CODE_STATE=getMsg HTTP/1.1" 200 27
180.157.251.101 - - [19/Aug/2020:10:56:02 +0800] "POST /xingrg/kc/buy/cgsh_order_operate.html HTTP/1.1" 200 37
180.157.251.101 - - [19/Aug/2020:10:56:03 +0800] "GET /xingrg/kc/buy/cgsh_order_operate.html?command=get_materiel&rest_code=00148&code=00101008264&supplier_code=00100007&order_time=2020-08-19 HTTP/1.1" 200 412
114.89.80.44 - - [19/Aug/2020:10:56:04 +0800] "GET /xingrg/all/function/internal_message.html?_=1597805763063&CODE_STATE=getMsg HTTP/1.1" 200 27
180.157.251.101 - - [19/Aug/2020:10:56:07 +0800] "GET /xingrg/kc/buy/cgsh_order_operate.html?command=get_materiel&rest_code=00148&code=00101008137&supplier_code=00100007&order_time=2020-08-19 HTTP/1.1" 200 408
180.157.251.101 - - [19/Aug/2020:10:56:07 +0800] "POST /xingrg/kc/buy/cgsh_order_operate.html HTTP/1.1" 200 12
180.157.251.101 - - [19/Aug/2020:10:56:08 +0800] "GET /xingrg/kc/buy/cgsh_order_info.html?code=212020081908072 HTTP/1.1" 200 54286
180.157.251.101 - - [19/Aug/2020:10:56:09 +0800] "GET /xingrg/javascript/easyui/themes/default/validatebox.css HTTP/1.1" 404 1104
117.185.32.26 - - [19/Aug/2020:10:56:09 +0800] "GET /xingrg/kc/buy/cgsh_order_operate.html?command=get_materiel&rest_code=00106&code=00101008126&supplier_code=00100007&order_time=2020-08-19 HTTP/1.1" 200 412
180.157.251.101 - - [19/Aug/2020:10:56:09 +0800] "POST /xingrg/kc/buy/cgsh_order_operate.html HTTP/1.1" 200 612
61.172.5.115 - - [19/Aug/2020:10:56:11 +0800] "POST /xingrg/kc/buy/cgsh_order_operate.html HTTP/1.1" 200 37
180.157.251.101 - - [19/Aug/2020:10:56:11 +0800] "GET /xingrg/kc/print/load_data.html?order_code=212020081908072&kc_code=cgsh&condition= HTTP/1.1" 200 702
61.172.5.115 - - [19/Aug/2020:10:56:12 +0800] "POST /xingrg/kc/buy/cgsh_order_operate.html HTTP/1.1" 200 2654
61.172.5.115 - - [19/Aug/2020:10:56:13 +0800] "GET /xingrg/kc/print/load_data.html?order_code=212020081908073&kc_code=cgsh&condition= HTTP/1.1" 200 673
180.157.251.101 - - [19/Aug/2020:10:56:14 +0800] "GET /xingrg/kc/buy/cgsh_order_operate.html?command=get_materiel&rest_code=00148&code=00101008036&supplier_code=00100007&order_time=2020-08-19 HTTP/1.1" 200 408
117.185.32.26 - - [19/Aug/2020:10:56:16 +0800] "GET /xingrg/kc/buy/cgsh_order_operate.html?command=get_materiel&rest_code=00106&code=00101008087&supplier_code=00100007&order_time=2020-08-19 HTTP/1.1" 200 412
114.88.153.118 - - [19/Aug/2020:10:56:18 +0800] "POST /xingrg/kc/buy/cgsh_order_operate.html HTTP/1.1" 200 37
61.172.5.115 - - [19/Aug/2020:10:56:18 +0800] "GET /xingrg/kc/buy/cgsh_order_add.html HTTP/1.1" 200 59379
172.17.0.119 - - [19/Aug/2020:10:56:18 +0800] "GET /xingrg/all/function/internal_message.html?_=1597805777527&CODE_STATE=getMsg HTTP/1.1" 200 27
61.172.5.115 - - [19/Aug/2020:10:56:19 +0800] "POST /xingrg/kc/buy/cgsh_order_operate.html HTTP/1.1" 200 8245
61.172.5.115 - - [19/Aug/2020:10:56:19 +0800] "GET /xingrg/javascript/easyui/themes/default/validatebox.css HTTP/1.1" 404 1104
114.88.153.118 - - [19/Aug/2020:10:56:20 +0800] "POST /xingrg/kc/buy/cgsh_order_operate.html HTTP/1.1" 200 12
180.157.251.101 - - [19/Aug/2020:10:56:20 +0800] "GET /xingrg/kc/buy/cgsh_order_operate.html?command=get_materiel&rest_code=00148&code=00101008286&supplier_code=00100007&order_time=2020-08-19 HTTP/1.1" 200 408
58.221.95.50 - - [19/Aug/2020:10:56:21 +0800] "GET /xingrg/all/function/internal_message.html?_=1597805910710&CODE_STATE=getMsg HTTP/1.1" 200 27
114.88.153.118 - - [19/Aug/2020:10:56:21 +0800] "GET /xingrg/kc/buy/cgsh_order_info.html?code=212020081908074 HTTP/1.1" 200 54292
114.88.153.118 - - [19/Aug/2020:10:56:22 +0800] "GET /xingrg/javascript/easyui/themes/default/validatebox.css HTTP/1.1" 404 1104
114.88.153.118 - - [19/Aug/2020:10:56:22 +0800] "POST /xingrg/kc/buy/cgsh_order_operate.html HTTP/1.1" 200 1211
114.88.153.118 - - [19/Aug/2020:10:56:23 +0800] "GET /xingrg/kc/print/load_data.html?order_code=212020081908074&kc_code=cgsh&condition= HTTP/1.1" 200 1019
117.185.32.26 - - [19/Aug/2020:10:56:23 +0800] "GET /xingrg/kc/buy/cgsh_order_operate.html?command=get_materiel&rest_code=00106&code=00101008180&supplier_code=00100007&order_time=2020-08-19 HTTP/1.1" 200 412
172.17.0.102 - - [19/Aug/2020:10:56:25 +0800] "GET /xingrg/all/function/internal_message.html?_=1597805784279&CODE_STATE=getMsg HTTP/1.1" 200 27
117.185.32.26 - - [19/Aug/2020:10:56:26 +0800] "POST /xingrg/kc/buy/cgsh_order_operate.html HTTP/1.1" 200 2065
117.184.7.26 - - [19/Aug/2020:10:56:26 +0800] "GET /xingrg/all/function/internal_message.html?_=1597805780025&CODE_STATE=getMsg HTTP/1.1" 200 27
114.88.166.242 - - [19/Aug/2020:10:56:27 +0800] "GET /xingrg/all/function/internal_message.html?_=1597805833252&CODE_STATE=getMsg HTTP/1.1" 200 27
114.88.153.118 - - [19/Aug/2020:10:56:28 +0800] "GET /xingrg/kc/buy/cgsh_order_add.html HTTP/1.1" 200 59385
114.88.153.118 - - [19/Aug/2020:10:56:28 +0800] "POST /xingrg/kc/buy/cgsh_order_operate.html HTTP/1.1" 200 8245
114.88.153.118 - - [19/Aug/2020:10:56:28 +0800] "GET /xingrg/javascript/easyui/themes/default/validatebox.css HTTP/1.1" 404 1104
180.157.251.101 - - [19/Aug/2020:10:56:28 +0800] "GET /xingrg/kc/buy/cgsh_order_operate.html?command=get_materiel&rest_code=00148&code=00101008352&supplier_code=00100007&order_time=2020-08-19 HTTP/1.1" 200 412
116.235.241.164 - - [19/Aug/2020:10:56:28 +0800] "GET /xingrg/all/function/internal_message.html?_=1597805785489&CODE_STATE=getMsg HTTP/1.1" 200 27
114.88.153.118 - - [19/Aug/2020:10:56:29 +0800] "GET /xingrg/all/function/internal_message.html?_=1597805785366&CODE_STATE=getMsg HTTP/1.1" 200 27
114.88.153.118 - - [19/Aug/2020:10:56:29 +0800] "GET /xingrg/check_reg.html?_=1597805785367 HTTP/1.1" 200 22
117.185.32.26 - - [19/Aug/2020:10:56:30 +0800] "GET /xingrg/kc/buy/cgsh_order_operate.html?command=get_materiel&rest_code=00106&code=00101008210&supplier_code=00100007&order_time=2020-08-19 HTTP/1.1" 200 408
218.81.217.115 - - [19/Aug/2020:10:56:31 +0800] "GET /xingrg/all/function/internal_message.html?_=1597805799614&CODE_STATE=getMsg HTTP/1.1" 200 27
172.17.0.123 - - [19/Aug/2020:10:56:31 +0800] "GET /xingrg/all/function/internal_message.html?_=1597805702468&CODE_STATE=getMsg HTTP/1.1" 200 27
172.17.0.123 - - [19/Aug/2020:10:56:31 +0800] "GET /xingrg/check_reg.html?_=1597805702470 HTTP/1.1" 200 22
117.185.32.26 - - [19/Aug/2020:10:56:32 +0800] "GET /xingrg/all/function/internal_message.html?_=1597806218120&CODE_STATE=getMsg HTTP/1.1" 200 27
117.185.32.26 - - [19/Aug/2020:10:56:33 +0800] "GET /xingrg/all/function/internal_message.html?_=1597805789389&CODE_STATE=getMsg HTTP/1.1" 200 27
172.17.200.101 - - [19/Aug/2020:10:56:33 +0800] "GET /xingrg/all/function/internal_message.html?_=1597805794073&CODE_STATE=getMsg HTTP/1.1" 200 27
180.157.251.101 - - [19/Aug/2020:10:56:33 +0800] "GET /xingrg/kc/buy/cgsh_order_operate.html?command=get_materiel&rest_code=00148&code=00101008005&supplier_code=00100007&order_time=2020-08-19 HTTP/1.1" 200 412
180.175.214.200 - - [19/Aug/2020:10:56:36 +0800] "GET /xingrg/all/function/internal_message.html?_=1597805794680&CODE_STATE=getMsg HTTP/1.1" 200 27
61.172.5.115 - - [19/Aug/2020:10:56:36 +0800] "GET /xingrg/kc/buy/cgsh_order_operate.html?command=get_materiel&rest_code=00105&code=00101004038&supplier_code=00100347&order_time=2020-08-19 HTTP/1.1" 200 429
114.88.153.118 - - [19/Aug/2020:10:56:41 +0800] "GET /xingrg/kc/buy/cgsh_order_operate.html?command=get_materiel&rest_code=00141&code=00101001044&supplier_code=00100319&order_time=2020-08-19 HTTP/1.1" 200 428
117.184.7.26 - - [19/Aug/2020:10:56:42 +0800] "GET /xingrg/all/function/internal_message.html?_=1597805795422&CODE_STATE=getMsg HTTP/1.1" 200 27
61.172.5.115 - - [19/Aug/2020:10:56:43 +0800] "GET /xingrg/all/function/internal_message.html?_=1597805802417&CODE_STATE=getMsg HTTP/1.1" 200 27
172.17.0.185 - - [19/Aug/2020:10:56:43 +0800] "GET /xingrg/all/function/internal_message.html?_=1597805802231&CODE_STATE=getMsg HTTP/1.1" 200 27
180.175.214.200 - - [19/Aug/2020:10:56:45 +0800] "GET /xingrg/all/function/internal_message.html?_=1597806009993&CODE_STATE=getMsg HTTP/1.1" 200 27
180.157.251.101 - - [19/Aug/2020:10:56:50 +0800] "GET /xingrg/all/function/internal_message.html?_=1597805809287&CODE_STATE=getMsg HTTP/1.1" 200 27
116.230.74.197 - - [19/Aug/2020:10:56:51 +0800] "GET /xingrg/all/function/internal_message.html?_=1597805808963&CODE_STATE=getMsg HTTP/1.1" 200 27
114.88.153.118 - - [19/Aug/2020:10:56:52 +0800] "GET /xingrg/all/function/internal_message.html?_=1597805453008&CODE_STATE=getMsg HTTP/1.1" 200 27
114.88.153.118 - - [19/Aug/2020:10:56:52 +0800] "GET /xingrg/kc/buy/cgsh_order_operate.html?command=get_materiel&rest_code=00141&code=00101001125&supplier_code=00100319&order_time=2020-08-19 HTTP/1.1" 200 415
222.69.27.237 - - [19/Aug/2020:10:56:54 +0800] "GET /xingrg/all/function/internal_message.html?_=1597805685324&CODE_STATE=getMsg HTTP/1.1" 200 27
222.69.27.237 - - [19/Aug/2020:10:56:54 +0800] "GET /xingrg/check_reg.html?_=1597805685325 HTTP/1.1" 200 22
172.17.200.101 - - [19/Aug/2020:10:56:54 +0800] "POST /xingrg/all/user/operate.html HTTP/1.1" 200 36
172.17.200.101 - - [19/Aug/2020:10:56:54 +0800] "GET /xingrg/index.html?sysBaseUrl=http%3A%2F%2F172.17.0.8%3A18081%2Fxingrg%2F&costTime=43×tamp=1597799908531 HTTP/1.1" 200 17448
172.17.200.101 - - [19/Aug/2020:10:56:54 +0800] "GET /xingrg/javascript/jquery_easy_ui/themes/default/easyui.css HTTP/1.1" 304 -
172.17.200.101 - - [19/Aug/2020:10:56:54 +0800] "GET /xingrg/javascript/jquery_easy_ui/themes/icon.css HTTP/1.1" 304 -
172.17.200.101 - - [19/Aug/2020:10:56:54 +0800] "GET /xingrg/css/form.css HTTP/1.1" 304 -
172.17.200.101 - - [19/Aug/2020:10:56:54 +0800] "GET /xingrg/javascript/jquery-1.4.2.min.js HTTP/1.1" 304 -
172.17.200.101 - - [19/Aug/2020:10:56:55 +0800] "GET /xingrg/javascript/jquery_easy_ui/jquery.easyui.min.js HTTP/1.1" 304 -
172.17.200.101 - - [19/Aug/2020:10:56:55 +0800] "GET /xingrg/javascript/jquery_easy_ui/easyui-lang-zh_CN.js HTTP/1.1" 304 -
172.17.200.101 - - [19/Aug/2020:10:56:55 +0800] "GET /xingrg/javascript/jquery.form.js HTTP/1.1" 304 -
172.17.200.101 - - [19/Aug/2020:10:56:55 +0800] "GET /xingrg/javascript/jquery.utils.js HTTP/1.1" 304 -
172.17.200.101 - - [19/Aug/2020:10:56:55 +0800] "GET /xingrg/javascript/jquery.timers.js HTTP/1.1" 304 -
172.17.200.101 - - [19/Aug/2020:10:56:55 +0800] "GET /xingrg/images/blue/jxLogo.png HTTP/1.1" 304 -
172.17.200.101 - - [19/Aug/2020:10:56:55 +0800] "GET /xingrg/images/blue/navBackgound.jpg HTTP/1.1" 304 -
172.17.200.101 - - [19/Aug/2020:10:56:55 +0800] "GET /xingrg/javascript/jquery_easy_ui/themes/icons/settle_new.png HTTP/1.1" 304 -
172.17.200.101 - - [19/Aug/2020:10:56:55 +0800] "POST /xingrg/all/common/load_tree.html?tree=area_rest_tree_json&manage=1 HTTP/1.1" 200 3088
172.17.200.101 - - [19/Aug/2020:10:56:55 +0800] "GET /xingrg/all/function/internal_message.html?_=1597805815645&CODE_STATE=count HTTP/1.1" 200 11
172.17.200.101 - - [19/Aug/2020:10:56:55 +0800] "GET /xingrg/check_reg.html?_=1597805815645 HTTP/1.1" 200 22
172.17.200.101 - - [19/Aug/2020:10:56:55 +0800] "GET /xingrg/images/blue/pingpu.png HTTP/1.1" 304 -
172.17.200.101 - - [19/Aug/2020:10:56:55 +0800] "GET /xingrg/javascript/jquery_easy_ui/themes/default/images/panel_tool_collapse.gif HTTP/1.1" 304 -
172.17.200.101 - - [19/Aug/2020:10:56:55 +0800] "GET /xingrg/javascript/jquery_easy_ui/themes/default/images/tabs_rightarrow.png HTTP/1.1" 304 -
172.17.200.101 - - [19/Aug/2020:10:56:55 +0800] "GET /xingrg/javascript/jquery_easy_ui/themes/default/images/panel_tool_expand.gif HTTP/1.1" 304 -
172.17.200.101 - - [19/Aug/2020:10:56:55 +0800] "GET /xingrg/javascript/jquery_easy_ui/themes/default/images/tabs_leftarrow.png HTTP/1.1" 304 -
172.17.200.101 - - [19/Aug/2020:10:56:55 +0800] "POST /xingrg/load_menu.html HTTP/1.1" 200 9924
172.17.0.101 - - [19/Aug/2020:10:56:56 +0800] "GET /xingrg/all/function/internal_message.html?_=1597805820519&CODE_STATE=getMsg HTTP/1.1" 302 -
61.172.5.115 - - [19/Aug/2020:10:56:56 +0800] "GET /xingrg/kc/buy/cgsh_order_operate.html?command=get_materiel&rest_code=00105&code=00101005022&supplier_code=00100347&order_time=2020-08-19 HTTP/1.1" 200 436
172.17.200.101 - - [19/Aug/2020:10:56:56 +0800] "GET /xingrg/kc/buy/cgsh_order_list.html HTTP/1.1" 200 43876
114.88.166.242 - - [19/Aug/2020:10:56:57 +0800] "GET /xingrg/all/function/internal_message.html?_=1597805815383&CODE_STATE=getMsg HTTP/1.1" 200 27
114.86.228.60 - - [19/Aug/2020:10:56:58 +0800] "GET /xingrg/all/function/internal_message.html?_=1597805841512&CODE_STATE=getMsg HTTP/1.1" 200 27
222.69.135.163 - - [19/Aug/2020:10:56:58 +0800] "GET /xingrg/all/function/internal_message.html?_=1597805813092&CODE_STATE=getMsg HTTP/1.1" 200 27
172.17.0.120 - - [19/Aug/2020:10:56:59 +0800] "GET /xingrg/all/function/internal_message.html?_=1597805828261&CODE_STATE=getMsg HTTP/1.1" 200 27
180.157.251.101 - - [19/Aug/2020:10:56:59 +0800] "GET /xingrg/kc/buy/cgsh_order_add.html HTTP/1.1" 200 59385
114.89.80.44 - - [19/Aug/2020:10:57:00 +0800] "GET /xingrg/all/function/internal_message.html?_=1597805937087&CODE_STATE=getMsg HTTP/1.1" 200 27
180.157.251.101 - - [19/Aug/2020:10:57:00 +0800] "POST /xingrg/kc/buy/cgsh_order_operate.html HTTP/1.1" 200 8245
180.157.251.101 - - [19/Aug/2020:10:57:00 +0800] "GET /xingrg/javascript/easyui/themes/default/validatebox.css HTTP/1.1" 404 1104
172.17.200.101 - - [19/Aug/2020:10:57:00 +0800] "POST /xingrg/kc/buy/cgsh_list_operate.html HTTP/1.1" 200 1699
114.88.153.118 - - [19/Aug/2020:10:57:02 +0800] "POST /xingrg/kc/buy/cgsh_order_operate.html HTTP/1.1" 200 37
114.89.80.44 - - [19/Aug/2020:10:57:04 +0800] "GET /xingrg/all/function/internal_message.html?_=1597805823069&CODE_STATE=getMsg HTTP/1.1" 200 27
114.88.153.118 - - [19/Aug/2020:10:57:04 +0800] "POST /xingrg/kc/buy/cgsh_order_operate.html HTTP/1.1" 200 12
114.88.153.118 - - [19/Aug/2020:10:57:05 +0800] "GET /xingrg/kc/buy/cgsh_order_info.html?code=212020081908075 HTTP/1.1" 200 54292
114.88.153.118 - - [19/Aug/2020:10:57:05 +0800] "GET /xingrg/javascript/easyui/themes/default/validatebox.css HTTP/1.1" 404 1104
172.17.200.101 - - [19/Aug/2020:10:57:05 +0800] "POST /xingrg/kc/buy/cgsh_list_operate.html HTTP/1.1" 200 5907
114.88.153.118 - - [19/Aug/2020:10:57:06 +0800] "POST /xingrg/kc/buy/cgsh_order_operate.html HTTP/1.1" 200 1205
114.88.153.118 - - [19/Aug/2020:10:57:07 +0800] "GET /xingrg/kc/print/load_data.html?order_code=212020081908075&kc_code=cgsh&condition= HTTP/1.1" 200 944
117.185.32.26 - - [19/Aug/2020:10:57:08 +0800] "GET /xingrg/kc/buy/cgsh_order_operate.html?command=get_materiel&rest_code=00106&code=00101008331&supplier_code=00100007&order_time=2020-08-19 HTTP/1.1" 200 416
114.88.153.118 - - [19/Aug/2020:10:57:10 +0800] "GET /xingrg/kc/buy/cgsh_order_add.html HTTP/1.1" 200 59385
114.88.153.118 - - [19/Aug/2020:10:57:11 +0800] "POST /xingrg/kc/buy/cgsh_order_operate.html HTTP/1.1" 200 8245
114.88.153.118 - - [19/Aug/2020:10:57:11 +0800] "GET /xingrg/javascript/easyui/themes/default/validatebox.css HTTP/1.1" 404 1104
120.204.17.72 - - [19/Aug/2020:10:57:12 +0800] "GET /xingrg/kc/buy/cgsh_order_add.html HTTP/1.1" 302 -
61.172.5.115 - - [19/Aug/2020:10:57:13 +0800] "GET /xingrg/kc/buy/cgsh_order_operate.html?command=get_materiel&rest_code=00105&code=00101001045&supplier_code=00100347&order_time=2020-08-19 HTTP/1.1" 200 423
172.17.200.101 - - [19/Aug/2020:10:57:14 +0800] "POST /xingrg/kc/buy/cgsh_list_operate.html HTTP/1.1" 200 6065
61.172.5.115 - - [19/Aug/2020:10:57:15 +0800] "GET /xingrg/check_reg.html?_=1597805823513 HTTP/1.1" 200 22
172.17.200.101 - - [19/Aug/2020:10:57:18 +0800] "POST /xingrg/kc/buy/cgsh_list_operate.html HTTP/1.1" 200 209
172.17.0.119 - - [19/Aug/2020:10:57:18 +0800] "GET /xingrg/all/function/internal_message.html?_=1597805837531&CODE_STATE=getMsg HTTP/1.1" 200 27
180.157.251.101 - - [19/Aug/2020:10:57:19 +0800] "GET /xingrg/kc/buy/cgsh_order_operate.html?command=get_materiel&rest_code=00148&code=00101009034&supplier_code=00100335&order_time=2020-08-19 HTTP/1.1" 200 428
120.204.17.71 - - [19/Aug/2020:10:57:20 +0800] "GET /xingrg/kc/buy/cgsh_order_list.html HTTP/1.1" 302 -
58.221.95.50 - - [19/Aug/2020:10:57:21 +0800] "GET /xingrg/all/function/internal_message.html?_=1597805970712&CODE_STATE=getMsg HTTP/1.1" 200 27
58.221.95.50 - - [19/Aug/2020:10:57:21 +0800] "GET /xingrg/check_reg.html?_=1597805970716 HTTP/1.1" 200 22
172.17.0.119 - - [19/Aug/2020:10:57:21 +0800] "GET /xingrg/check_reg.html?_=1597805837535 HTTP/1.1" 200 22
120.204.17.72 - - [19/Aug/2020:10:57:22 +0800] "GET /xingrg/login.html HTTP/1.1" 200 7641
117.185.32.26 - - [19/Aug/2020:10:57:22 +0800] "POST /xingrg/kc/buy/cgsh_order_operate.html HTTP/1.1" 200 2065
183.192.164.214 - - [19/Aug/2020:10:57:22 +0800] "GET /xingrg/all/common/auto_word.html?type=employee&rest_code=00106 HTTP/1.1" 302 -
117.185.32.26 - - [19/Aug/2020:10:57:23 +0800] "GET /xingrg/kc/buy/buy_main.html HTTP/1.1" 200 12412
117.185.32.26 - - [19/Aug/2020:10:57:23 +0800] "GET /xingrg/css/new_ie.css HTTP/1.1" 404 1036
117.185.32.26 - - [19/Aug/2020:10:57:24 +0800] "GET /xingrg/images/yd/bt.gif HTTP/1.1" 404 1040
117.185.32.26 - - [19/Aug/2020:10:57:25 +0800] "GET /xingrg/kc/buy/cgsh_order_list.html HTTP/1.1" 200 43641
172.17.0.102 - - [19/Aug/2020:10:57:25 +0800] "GET /xingrg/all/function/internal_message.html?_=1597805844309&CODE_STATE=getMsg HTTP/1.1" 200 27
114.88.153.118 - - [19/Aug/2020:10:57:25 +0800] "GET /xingrg/kc/buy/cgsh_order_operate.html?command=get_materiel&rest_code=00141&code=00101007077&supplier_code=00100328&order_time=2020-08-19 HTTP/1.1" 200 435
120.204.17.71 - - [19/Aug/2020:10:57:26 +0800] "GET /xingrg/login.html HTTP/1.1" 200 7641
114.88.166.242 - - [19/Aug/2020:10:57:26 +0800] "GET /xingrg/check_reg.html?_=1597805892782 HTTP/1.1" 200 22
180.157.251.101 - - [19/Aug/2020:10:57:26 +0800] "POST /xingrg/kc/buy/cgsh_order_operate.html HTTP/1.1" 200 37
117.184.7.26 - - [19/Aug/2020:10:57:27 +0800] "GET /xingrg/all/function/internal_message.html?_=1597805840039&CODE_STATE=getMsg HTTP/1.1" 200 27
114.88.166.242 - - [19/Aug/2020:10:57:27 +0800] "GET /xingrg/all/function/internal_message.html?_=1597805893220&CODE_STATE=getMsg HTTP/1.1" 200 27
117.185.32.26 - - [19/Aug/2020:10:57:27 +0800] "POST /xingrg/kc/buy/cgsh_list_operate.html HTTP/1.1" 200 1699
117.185.32.26 - - [19/Aug/2020:10:57:27 +0800] "GET /xingrg/kc/buy/cgsh_order_operate.html?command=get_materiel&rest_code=00106&code=00101008112&supplier_code=00100007&order_time=2020-08-19 HTTP/1.1" 200 412
172.17.200.101 - - [19/Aug/2020:10:57:28 +0800] "POST /xingrg/kc/buy/cgsh_list_operate.html HTTP/1.1" 200 5907
116.235.241.164 - - [19/Aug/2020:10:57:28 +0800] "GET /xingrg/all/function/internal_message.html?_=1597805845489&CODE_STATE=getMsg HTTP/1.1" 200 27
114.88.153.118 - - [19/Aug/2020:10:57:29 +0800] "GET /xingrg/all/function/internal_message.html?_=1597805845363&CODE_STATE=getMsg HTTP/1.1" 200 27
101.91.62.89 - - [19/Aug/2020:10:57:30 +0800] "GET /xingrg/all/function/internal_message.html?_=1597805109697&CODE_STATE=getMsg HTTP/1.1" 302 -
218.81.217.115 - - [19/Aug/2020:10:57:31 +0800] "GET /xingrg/all/function/internal_message.html?_=1597805859628&CODE_STATE=getMsg HTTP/1.1" 200 27
172.17.0.123 - - [19/Aug/2020:10:57:31 +0800] "GET /xingrg/all/function/internal_message.html?_=1597805762476&CODE_STATE=getMsg HTTP/1.1" 200 27
117.185.32.26 - - [19/Aug/2020:10:57:32 +0800] "GET /xingrg/all/function/internal_message.html?_=1597806278114&CODE_STATE=getMsg HTTP/1.1" 200 27
117.185.32.26 - - [19/Aug/2020:10:57:32 +0800] "GET /xingrg/check_reg.html?_=1597806278207 HTTP/1.1" 200 22
183.192.164.214 - - [19/Aug/2020:10:57:32 +0800] "GET /xingrg/login.html HTTP/1.1" 200 7641
180.157.251.101 - - [19/Aug/2020:10:57:33 +0800] "POST /xingrg/kc/buy/cgsh_order_operate.html HTTP/1.1" 200 12
117.185.32.26 - - [19/Aug/2020:10:57:33 +0800] "POST /xingrg/kc/buy/cgsh_list_operate.html HTTP/1.1" 200 5907
117.185.32.26 - - [19/Aug/2020:10:57:33 +0800] "GET /xingrg/all/function/internal_message.html?_=1597805849471&CODE_STATE=getMsg HTTP/1.1" 200 27
114.88.153.118 - - [19/Aug/2020:10:57:34 +0800] "POST /xingrg/kc/buy/cgsh_order_operate.html HTTP/1.1" 200 37
180.157.251.101 - - [19/Aug/2020:10:57:34 +0800] "GET /xingrg/kc/buy/cgsh_order_info.html?code=212020081908076 HTTP/1.1" 200 54288
180.157.251.101 - - [19/Aug/2020:10:57:35 +0800] "GET /xingrg/javascript/easyui/themes/default/validatebox.css HTTP/1.1" 404 1104
180.157.251.101 - - [19/Aug/2020:10:57:35 +0800] "POST /xingrg/kc/buy/cgsh_order_operate.html HTTP/1.1" 200 618
172.17.200.101 - - [19/Aug/2020:10:57:35 +0800] "POST /xingrg/kc/buy/cgsh_list_operate.html HTTP/1.1" 200 208
180.175.214.200 - - [19/Aug/2020:10:57:36 +0800] "GET /xingrg/all/function/internal_message.html?_=1597805854692&CODE_STATE=getMsg HTTP/1.1" 200 27
114.88.153.118 - - [19/Aug/2020:10:57:36 +0800] "POST /xingrg/kc/buy/cgsh_order_operate.html HTTP/1.1" 200 12
114.88.153.118 - - [19/Aug/2020:10:57:37 +0800] "GET /xingrg/kc/buy/cgsh_order_info.html?code=212020081908077 HTTP/1.1" 200 54292
114.88.153.118 - - [19/Aug/2020:10:57:37 +0800] "GET /xingrg/javascript/easyui/themes/default/validatebox.css HTTP/1.1" 404 1104
114.88.153.118 - - [19/Aug/2020:10:57:37 +0800] "POST /xingrg/kc/buy/cgsh_order_operate.html HTTP/1.1" 200 610
61.172.5.115 - - [19/Aug/2020:10:57:38 +0800] "GET /xingrg/kc/buy/cgsh_order_operate.html?command=get_materiel&rest_code=00105&code=00102002167&supplier_code=00100347&order_time=2020-08-19 HTTP/1.1" 200 409
172.17.200.101 - - [19/Aug/2020:10:57:38 +0800] "POST /xingrg/kc/buy/cgsh_list_operate.html HTTP/1.1" 200 4
114.88.153.118 - - [19/Aug/2020:10:57:38 +0800] "GET /xingrg/kc/print/load_data.html?order_code=212020081908077&kc_code=cgsh&condition= HTTP/1.1" 200 720
114.88.153.118 - - [19/Aug/2020:10:57:39 +0800] "GET /favicon.ico HTTP/1.1" 404 -
101.91.62.89 - - [19/Aug/2020:10:57:39 +0800] "GET /xingrg/login.html HTTP/1.1" 200 7641
