222.69.135.163 - - [19/Aug/2020:08:56:40 +0800] "GET /xingrg/kc/buy/cgsh_order_operate.html?command=get_materiel&rest_code=00149&code=00101008357&supplier_code=00100005&order_time=2020-08-19 HTTP/1.1" 200 408
117.184.7.30 - - [19/Aug/2020:08:56:40 +0800] "GET /xingrg/all/function/internal_message.html?_=1597798594365&CODE_STATE=getMsg HTTP/1.1" 200 27
114.89.80.44 - - [19/Aug/2020:08:56:42 +0800] "GET /xingrg/kc/buy/cgsh_order_list.html HTTP/1.1" 200 43647
61.172.5.115 - - [19/Aug/2020:08:56:42 +0800] "GET /xingrg/all/function/internal_message.html?_=1597798602232&CODE_STATE=getMsg HTTP/1.1" 200 27
114.89.80.44 - - [19/Aug/2020:08:56:43 +0800] "POST /xingrg/kc/buy/cgsh_list_operate.html HTTP/1.1" 200 876
116.230.74.197 - - [19/Aug/2020:08:56:43 +0800] "POST /xingrg/kc/buy/cgsh_order_operate.html HTTP/1.1" 200 2065
114.89.80.44 - - [19/Aug/2020:08:56:44 +0800] "GET /xingrg/kc/buy/cgsh_order_add.html HTTP/1.1" 200 59303
61.151.207.141 - - [19/Aug/2020:08:56:44 +0800] "GET /xingrg/check_reg.html?_=1597797852566 HTTP/1.1" 302 -
114.89.80.44 - - [19/Aug/2020:08:56:44 +0800] "POST /xingrg/kc/buy/cgsh_order_operate.html HTTP/1.1" 200 8245
114.89.80.44 - - [19/Aug/2020:08:56:44 +0800] "GET /xingrg/javascript/easyui/themes/default/validatebox.css HTTP/1.1" 404 1104
114.89.80.44 - - [19/Aug/2020:08:56:45 +0800] "GET /xingrg/javascript/auto/indicator.gif HTTP/1.1" 404 1066
114.88.166.242 - - [19/Aug/2020:08:56:45 +0800] "GET /xingrg/check_reg.html?_=1597798651767 HTTP/1.1" 200 22
114.88.166.242 - - [19/Aug/2020:08:56:45 +0800] "GET /xingrg/all/function/internal_message.html?_=1597798651769&CODE_STATE=getMsg HTTP/1.1" 200 27
172.17.0.101 - - [19/Aug/2020:08:56:48 +0800] "GET /xingrg/all/function/internal_message.html?_=1597798612375&CODE_STATE=getMsg HTTP/1.1" 302 -
114.88.166.242 - - [19/Aug/2020:08:56:49 +0800] "GET /xingrg/kc/buy/cgsh_order_operate.html?command=get_materiel&rest_code=00111&code=00101008264&supplier_code=00100005&order_time=2020-08-19 HTTP/1.1" 200 412
116.230.74.197 - - [19/Aug/2020:08:56:50 +0800] "GET /xingrg/kc/buy/cgsh_order_operate.html?command=get_materiel&rest_code=00107&code=00101008096&supplier_code=00100006&order_time=2020-08-19 HTTP/1.1" 200 412
61.151.207.141 - - [19/Aug/2020:08:56:50 +0800] "GET /xingrg/login.html HTTP/1.1" 200 7641
114.89.80.44 - - [19/Aug/2020:08:56:52 +0800] "GET /xingrg/kc/buy/cgsh_order_operate.html?command=get_materiel&rest_code=00150&code=00101007081&supplier_code=00100002&order_time=2020-08-19 HTTP/1.1" 200 413
61.172.5.115 - - [19/Aug/2020:08:56:55 +0800] "GET /xingrg/kc/buy/cgsh_order_operate.html?command=get_materiel&rest_code=00105&code=00101008229&supplier_code=00100203&order_time=2020-08-19 HTTP/1.1" 200 420
114.88.166.242 - - [19/Aug/2020:08:56:56 +0800] "GET /xingrg/kc/buy/cgsh_order_operate.html?command=get_materiel&rest_code=00111&code=00101009030&supplier_code=00100005&order_time=2020-08-19 HTTP/1.1" 200 412
222.69.135.163 - - [19/Aug/2020:08:56:59 +0800] "GET /xingrg/all/function/internal_message.html?_=1597798613615&CODE_STATE=getMsg HTTP/1.1" 200 27
114.88.166.242 - - [19/Aug/2020:08:57:00 +0800] "GET /xingrg/kc/buy/cgsh_order_operate.html?command=get_materiel&rest_code=00111&code=00101008356&supplier_code=00100005&order_time=2020-08-19 HTTP/1.1" 200 408
114.89.80.44 - - [19/Aug/2020:08:57:02 +0800] "GET /xingrg/kc/buy/cgsh_order_operate.html?command=get_materiel&rest_code=00150&code=00101007077&supplier_code=00100002&order_time=2020-08-19 HTTP/1.1" 200 435
222.69.135.163 - - [19/Aug/2020:08:57:04 +0800] "GET /xingrg/kc/buy/cgsh_order_operate.html?command=get_materiel&rest_code=00149&code=00101008286&supplier_code=00100005&order_time=2020-08-19 HTTP/1.1" 200 408
180.157.251.101 - - [19/Aug/2020:08:57:04 +0800] "GET /xingrg/all/function/internal_message.html?_=1597798624595&CODE_STATE=getMsg HTTP/1.1" 200 27
116.230.74.197 - - [19/Aug/2020:08:57:06 +0800] "GET /xingrg/kc/buy/cgsh_order_operate.html?command=get_materiel&rest_code=00107&code=00101008283&supplier_code=00100006&order_time=2020-08-19 HTTP/1.1" 200 408
114.88.166.242 - - [19/Aug/2020:08:57:06 +0800] "GET /xingrg/kc/buy/cgsh_order_operate.html?command=get_materiel&rest_code=00111&code=00101008137&supplier_code=00100005&order_time=2020-08-19 HTTP/1.1" 200 408
61.172.5.115 - - [19/Aug/2020:08:57:09 +0800] "GET /xingrg/kc/buy/cgsh_order_operate.html?command=get_materiel&rest_code=00105&code=00101008005&supplier_code=00100203&order_time=2020-08-19 HTTP/1.1" 200 412
114.89.80.44 - - [19/Aug/2020:08:57:09 +0800] "GET /xingrg/all/function/internal_message.html?_=1597798746713&CODE_STATE=getMsg HTTP/1.1" 200 27
222.69.135.163 - - [19/Aug/2020:08:57:09 +0800] "POST /xingrg/kc/buy/cgsh_order_operate.html HTTP/1.1" 200 2065
114.89.80.44 - - [19/Aug/2020:08:57:11 +0800] "GET /xingrg/kc/buy/cgsh_order_operate.html?command=get_materiel&rest_code=00150&code=00101007061&supplier_code=00100002&order_time=2020-08-19 HTTP/1.1" 200 409
114.88.166.242 - - [19/Aug/2020:08:57:12 +0800] "GET /xingrg/kc/buy/cgsh_order_operate.html?command=get_materiel&rest_code=00111&code=00101008360&supplier_code=00100005&order_time=2020-08-19 HTTP/1.1" 200 412
114.88.166.242 - - [19/Aug/2020:08:57:13 +0800] "POST /xingrg/kc/buy/cgsh_order_operate.html HTTP/1.1" 200 2065
114.88.153.118 - - [19/Aug/2020:08:57:16 +0800] "GET /xingrg/all/function/internal_message.html?_=1597798632087&CODE_STATE=getMsg HTTP/1.1" 302 -
222.69.135.163 - - [19/Aug/2020:08:57:17 +0800] "POST /xingrg/kc/buy/cgsh_order_operate.html HTTP/1.1" 200 37
116.230.74.197 - - [19/Aug/2020:08:57:17 +0800] "GET /xingrg/kc/buy/cgsh_order_operate.html?command=get_materiel&rest_code=00107&code=00101008224&supplier_code=00100006&order_time=2020-08-19 HTTP/1.1" 200 416
114.88.166.242 - - [19/Aug/2020:08:57:19 +0800] "GET /xingrg/kc/buy/cgsh_order_operate.html?command=get_materiel&rest_code=00111&code=00101008196&supplier_code=00100005&order_time=2020-08-19 HTTP/1.1" 200 416
222.69.135.163 - - [19/Aug/2020:08:57:20 +0800] "POST /xingrg/kc/buy/cgsh_order_operate.html HTTP/1.1" 200 25152
58.221.95.50 - - [19/Aug/2020:08:57:21 +0800] "GET /xingrg/all/function/internal_message.html?_=1597798770562&CODE_STATE=getMsg HTTP/1.1" 200 27
58.221.95.50 - - [19/Aug/2020:08:57:21 +0800] "GET /xingrg/check_reg.html?_=1597798770565 HTTP/1.1" 200 22
61.172.5.115 - - [19/Aug/2020:08:57:21 +0800] "GET /xingrg/kc/buy/cgsh_order_operate.html?command=get_materiel&rest_code=00105&code=00101008323&supplier_code=00100203&order_time=2020-08-19 HTTP/1.1" 200 408
218.81.217.115 - - [19/Aug/2020:08:57:21 +0800] "GET /xingrg/all/function/internal_message.html?_=1597798648077&CODE_STATE=getMsg HTTP/1.1" 200 27
114.89.80.44 - - [19/Aug/2020:08:57:21 +0800] "GET /xingrg/kc/buy/cgsh_order_operate.html?command=get_materiel&rest_code=00150&code=00101007082&supplier_code=00100002&order_time=2020-08-19 HTTP/1.1" 200 427
114.88.166.242 - - [19/Aug/2020:08:57:24 +0800] "GET /xingrg/kc/buy/cgsh_order_operate.html?command=get_materiel&rest_code=00111&code=00101008013&supplier_code=00100005&order_time=2020-08-19 HTTP/1.1" 200 408
116.230.74.197 - - [19/Aug/2020:08:57:26 +0800] "GET /xingrg/kc/buy/cgsh_order_operate.html?command=get_materiel&rest_code=00107&code=00101008185&supplier_code=00100006&order_time=2020-08-19 HTTP/1.1" 200 408
172.17.0.123 - - [19/Aug/2020:08:57:35 +0800] "GET /xingrg/all/function/internal_message.html?_=1597798570294&CODE_STATE=getMsg HTTP/1.1" 200 27
116.230.74.197 - - [19/Aug/2020:08:57:36 +0800] "GET /xingrg/all/function/internal_message.html?_=1597798653169&CODE_STATE=getMsg HTTP/1.1" 200 27
116.230.74.197 - - [19/Aug/2020:08:57:36 +0800] "GET /xingrg/kc/buy/cgsh_order_operate.html?command=get_materiel&rest_code=00107&code=00101008003&supplier_code=00100006&order_time=2020-08-19 HTTP/1.1" 200 408
61.172.5.115 - - [19/Aug/2020:08:57:36 +0800] "GET /xingrg/kc/buy/cgsh_order_operate.html?command=get_materiel&rest_code=00105&code=00101008149&supplier_code=00100203&order_time=2020-08-19 HTTP/1.1" 200 408
116.230.74.197 - - [19/Aug/2020:08:57:38 +0800] "POST /xingrg/kc/buy/cgsh_order_operate.html HTTP/1.1" 200 2065
114.89.80.44 - - [19/Aug/2020:08:57:39 +0800] "GET /xingrg/all/function/internal_message.html?_=1597798658446&CODE_STATE=getMsg HTTP/1.1" 200 27
101.91.60.108 - - [19/Aug/2020:08:57:40 +0800] "GET /xingrg/all/function/internal_message.html?_=1597797912354&CODE_STATE=getMsg HTTP/1.1" 302 -
114.89.80.44 - - [19/Aug/2020:08:57:40 +0800] "POST /xingrg/kc/buy/cgsh_order_operate.html HTTP/1.1" 200 37
117.184.7.30 - - [19/Aug/2020:08:57:40 +0800] "GET /xingrg/all/function/internal_message.html?_=1597798654352&CODE_STATE=getMsg HTTP/1.1" 200 27
180.157.251.101 - - [19/Aug/2020:08:57:41 +0800] "POST /xingrg/kc/mdqp/pssh_list_operate.html HTTP/1.1" 200 3820
114.89.80.44 - - [19/Aug/2020:08:57:41 +0800] "POST /xingrg/kc/buy/cgsh_order_operate.html HTTP/1.1" 200 4447
180.157.251.101 - - [19/Aug/2020:08:57:42 +0800] "POST /xingrg/kc/mdqp/pssh_list_operate.html HTTP/1.1" 200 775
61.172.5.115 - - [19/Aug/2020:08:57:42 +0800] "GET /xingrg/kc/buy/cgsh_order_operate.html?command=get_materiel&rest_code=00105&code=00101008096&supplier_code=00100203&order_time=2020-08-19 HTTP/1.1" 200 412
61.172.5.115 - - [19/Aug/2020:08:57:42 +0800] "GET /xingrg/all/function/internal_message.html?_=1597798662215&CODE_STATE=getMsg HTTP/1.1" 200 27
114.88.166.242 - - [19/Aug/2020:08:57:43 +0800] "GET /xingrg/kc/buy/cgsh_order_operate.html?command=get_materiel&rest_code=00111&code=00101008357&supplier_code=00100005&order_time=2020-08-19 HTTP/1.1" 200 408
180.157.251.101 - - [19/Aug/2020:08:57:45 +0800] "POST /xingrg/kc/mdqp/pssh_list_operate.html HTTP/1.1" 200 760
114.88.166.242 - - [19/Aug/2020:08:57:45 +0800] "GET /xingrg/all/function/internal_message.html?_=1597798711776&CODE_STATE=getMsg HTTP/1.1" 200 27
114.89.80.44 - - [19/Aug/2020:08:57:46 +0800] "GET /xingrg/kc/base/wldb_order_list.html HTTP/1.1" 200 19261
101.91.60.108 - - [19/Aug/2020:08:57:46 +0800] "GET /xingrg/login.html HTTP/1.1" 200 7641
114.89.80.44 - - [19/Aug/2020:08:57:46 +0800] "POST /xingrg/kc/base/wldb_list_operate.html HTTP/1.1" 200 928
114.89.80.44 - - [19/Aug/2020:08:57:48 +0800] "GET /xingrg/kc/base/wldb_order_add.html HTTP/1.1" 200 30373
61.172.5.115 - - [19/Aug/2020:08:57:48 +0800] "GET /xingrg/kc/buy/cgsh_order_operate.html?command=get_materiel&rest_code=00105&code=00101008088&supplier_code=00100203&order_time=2020-08-19 HTTP/1.1" 200 408
172.17.0.101 - - [19/Aug/2020:08:57:48 +0800] "GET /xingrg/all/function/internal_message.html?_=1597798672386&CODE_STATE=getMsg HTTP/1.1" 302 -
180.157.251.101 - - [19/Aug/2020:08:57:48 +0800] "POST /xingrg/kc/mdqp/pssh_list_operate.html HTTP/1.1" 200 735
114.89.80.44 - - [19/Aug/2020:08:57:48 +0800] "GET /xingrg/all/common/auto_word.html?type=base&rest_code=00150 HTTP/1.1" 200 1653
114.89.80.44 - - [19/Aug/2020:08:57:48 +0800] "GET /xingrg/all/common/auto_word.html?type=base&rest_code=00150 HTTP/1.1" 200 1653
114.89.80.44 - - [19/Aug/2020:08:57:48 +0800] "GET /xingrg/javascript/easyui/themes/default/validatebox.css HTTP/1.1" 404 1104
114.89.80.44 - - [19/Aug/2020:08:57:48 +0800] "POST /xingrg/kc/base/wldb_order_operate.html HTTP/1.1" 200 6806
116.230.74.197 - - [19/Aug/2020:08:57:48 +0800] "GET /xingrg/kc/buy/cgsh_order_operate.html?command=get_materiel&rest_code=00107&code=00101008067&supplier_code=00100006&order_time=2020-08-19 HTTP/1.1" 200 416
180.157.251.101 - - [19/Aug/2020:08:57:51 +0800] "POST /xingrg/kc/mdqp/pssh_list_operate.html HTTP/1.1" 200 749
172.17.0.102 - - [19/Aug/2020:08:57:51 +0800] "GET /favicon.ico HTTP/1.1" 404 -
61.172.5.115 - - [19/Aug/2020:08:57:51 +0800] "POST /xingrg/kc/buy/cgsh_order_operate.html HTTP/1.1" 200 2065
114.88.166.242 - - [19/Aug/2020:08:57:54 +0800] "GET /xingrg/kc/buy/cgsh_order_operate.html?command=get_materiel&rest_code=00111&code=00101008286&supplier_code=00100005&order_time=2020-08-19 HTTP/1.1" 200 408
180.157.251.101 - - [19/Aug/2020:08:57:55 +0800] "POST /xingrg/kc/mdqp/pssh_list_operate.html HTTP/1.1" 200 457
61.172.5.115 - - [19/Aug/2020:08:57:56 +0800] "POST /xingrg/kc/buy/cgsh_order_operate.html HTTP/1.1" 200 2065
222.69.135.163 - - [19/Aug/2020:08:57:59 +0800] "GET /xingrg/all/function/internal_message.html?_=1597798673621&CODE_STATE=getMsg HTTP/1.1" 200 27
116.230.74.197 - - [19/Aug/2020:08:57:59 +0800] "GET /xingrg/kc/buy/cgsh_order_operate.html?command=get_materiel&rest_code=00107&code=00101008415&supplier_code=00100006&order_time=2020-08-19 HTTP/1.1" 200 398
180.157.251.101 - - [19/Aug/2020:08:57:59 +0800] "POST /xingrg/kc/mdqp/pssh_list_operate.html HTTP/1.1" 200 465
114.88.166.242 - - [19/Aug/2020:08:58:01 +0800] "GET /xingrg/kc/buy/cgsh_order_operate.html?command=get_materiel&rest_code=00111&code=00101008036&supplier_code=00100005&order_time=2020-08-19 HTTP/1.1" 200 408
114.89.80.44 - - [19/Aug/2020:08:58:02 +0800] "GET /xingrg/kc/base/wldb_order_operate.html?command=get_materiel&rest_code=00150&base_code=0010450&code=00101004065 HTTP/1.1" 200 436
114.88.166.242 - - [19/Aug/2020:08:58:02 +0800] "POST /xingrg/kc/buy/cgsh_order_operate.html HTTP/1.1" 200 2065
180.157.251.101 - - [19/Aug/2020:08:58:04 +0800] "GET /xingrg/all/function/internal_message.html?_=1597798684627&CODE_STATE=getMsg HTTP/1.1" 200 27
180.157.251.101 - - [19/Aug/2020:08:58:04 +0800] "POST /xingrg/kc/mdqp/pssh_list_operate.html HTTP/1.1" 200 352
114.88.166.242 - - [19/Aug/2020:08:58:06 +0800] "GET /xingrg/kc/buy/cgsh_order_operate.html?command=get_materiel&rest_code=00111&code=00101008131&supplier_code=00100005&order_time=2020-08-19 HTTP/1.1" 200 408
180.157.251.101 - - [19/Aug/2020:08:58:06 +0800] "POST /xingrg/kc/mdqp/pssh_list_operate.html HTTP/1.1" 200 260
114.89.80.44 - - [19/Aug/2020:08:58:07 +0800] "POST /xingrg/kc/base/wldb_order_operate.html HTTP/1.1" 200 37
116.230.74.197 - - [19/Aug/2020:08:58:08 +0800] "GET /xingrg/kc/buy/cgsh_order_operate.html?command=get_materiel&rest_code=00107&code=00101008286&supplier_code=00100006&order_time=2020-08-19 HTTP/1.1" 200 408
114.89.80.44 - - [19/Aug/2020:08:58:08 +0800] "POST /xingrg/kc/base/wldb_order_operate.html HTTP/1.1" 200 12
114.89.80.44 - - [19/Aug/2020:08:58:09 +0800] "POST /xingrg/kc/base/wldb_order_operate.html HTTP/1.1" 200 2184
114.89.80.44 - - [19/Aug/2020:08:58:09 +0800] "GET /xingrg/all/function/internal_message.html?_=1597798806725&CODE_STATE=getMsg HTTP/1.1" 200 27
114.89.80.44 - - [19/Aug/2020:08:58:09 +0800] "GET /xingrg/kc/base/wldb_order_info.html?code=422020081902184 HTTP/1.1" 200 26249
114.89.80.44 - - [19/Aug/2020:08:58:10 +0800] "GET /xingrg/javascript/easyui/themes/default/validatebox.css HTTP/1.1" 404 1104
114.89.80.44 - - [19/Aug/2020:08:58:10 +0800] "POST /xingrg/kc/base/wldb_order_operate.html HTTP/1.1" 200 477
114.88.166.242 - - [19/Aug/2020:08:58:10 +0800] "GET /xingrg/kc/buy/cgsh_order_operate.html?command=get_materiel&rest_code=00111&code=00101008318&supplier_code=00100005&order_time=2020-08-19 HTTP/1.1" 200 408
180.157.251.101 - - [19/Aug/2020:08:58:10 +0800] "GET /xingrg/kc/buy/cgsh_order_list.html HTTP/1.1" 200 43647
180.157.251.101 - - [19/Aug/2020:08:58:11 +0800] "POST /xingrg/kc/buy/cgsh_list_operate.html HTTP/1.1" 200 876
114.88.166.242 - - [19/Aug/2020:08:58:14 +0800] "GET /xingrg/kc/buy/cgsh_order_operate.html?command=get_materiel&rest_code=00111&code=00101008092&supplier_code=00100005&order_time=2020-08-19 HTTP/1.1" 200 412
114.88.153.118 - - [19/Aug/2020:08:58:16 +0800] "GET /xingrg/all/function/internal_message.html?_=1597798692058&CODE_STATE=getMsg HTTP/1.1" 302 -
116.230.74.197 - - [19/Aug/2020:08:58:17 +0800] "GET /xingrg/kc/buy/cgsh_order_operate.html?command=get_materiel&rest_code=00107&code=00101008131&supplier_code=00100006&order_time=2020-08-19 HTTP/1.1" 200 408
114.88.166.242 - - [19/Aug/2020:08:58:20 +0800] "GET /xingrg/kc/buy/cgsh_order_operate.html?command=get_materiel&rest_code=00111&code=00101008353&supplier_code=00100005&order_time=2020-08-19 HTTP/1.1" 200 408
58.221.95.50 - - [19/Aug/2020:08:58:21 +0800] "GET /xingrg/all/function/internal_message.html?_=1597798830565&CODE_STATE=getMsg HTTP/1.1" 200 27
218.81.217.115 - - [19/Aug/2020:08:58:21 +0800] "GET /xingrg/all/function/internal_message.html?_=1597798708193&CODE_STATE=getMsg HTTP/1.1" 200 27
172.17.0.102 - - [19/Aug/2020:08:58:21 +0800] "GET /xingrg/index.html?sysBaseUrl=http%3A%2F%2F172.17.0.8%3A18081%2Fxingrg%2F&costTime=32×tamp=1585227824564 HTTP/1.1" 302 -
172.17.0.102 - - [19/Aug/2020:08:58:21 +0800] "GET /xingrg/login.html HTTP/1.1" 200 7636
172.17.0.102 - - [19/Aug/2020:08:58:22 +0800] "GET /favicon.ico HTTP/1.1" 404 -
114.88.166.242 - - [19/Aug/2020:08:58:26 +0800] "GET /xingrg/kc/buy/cgsh_order_operate.html?command=get_materiel&rest_code=00111&code=00101008085&supplier_code=00100005&order_time=2020-08-19 HTTP/1.1" 200 413
114.89.80.44 - - [19/Aug/2020:08:58:27 +0800] "GET /xingrg/kc/base/yddb_order_list.html HTTP/1.1" 200 16867
114.89.80.44 - - [19/Aug/2020:08:58:27 +0800] "POST /xingrg/kc/base/yddb_list_operate.html HTTP/1.1" 200 1262
114.88.166.242 - - [19/Aug/2020:08:58:27 +0800] "POST /xingrg/kc/buy/cgsh_order_operate.html HTTP/1.1" 200 2065
114.89.80.44 - - [19/Aug/2020:08:58:28 +0800] "GET /xingrg/kc/base/yddb_order_add.html HTTP/1.1" 200 29561
114.89.80.44 - - [19/Aug/2020:08:58:28 +0800] "GET /xingrg/dwr/interface/AjaxComOrderService.js HTTP/1.1" 200 18264
114.89.80.44 - - [19/Aug/2020:08:58:28 +0800] "GET /xingrg/dwr/util.js HTTP/1.1" 304 -
114.89.80.44 - - [19/Aug/2020:08:58:28 +0800] "GET /xingrg/dwr/interface/AjaxYddbService.js HTTP/1.1" 200 13201
114.89.80.44 - - [19/Aug/2020:08:58:28 +0800] "GET /xingrg/dwr/engine.js HTTP/1.1" 200 43631
172.17.0.102 - - [19/Aug/2020:08:58:29 +0800] "POST /xingrg/login.do HTTP/1.1" 302 -
172.17.0.102 - - [19/Aug/2020:08:58:29 +0800] "GET /xingrg/index.html?sysBaseUrl=http%3A%2F%2F172.17.0.8%3A18081%2Fxingrg%2F&costTime=39×tamp=1597798709540 HTTP/1.1" 200 17124
116.230.74.197 - - [19/Aug/2020:08:58:29 +0800] "GET /xingrg/kc/buy/cgsh_order_operate.html?command=get_materiel&rest_code=00107&code=00101008296&supplier_code=00100006&order_time=2020-08-19 HTTP/1.1" 200 416
172.17.0.102 - - [19/Aug/2020:08:58:29 +0800] "GET /favicon.ico HTTP/1.1" 404 -
172.17.0.102 - - [19/Aug/2020:08:58:29 +0800] "POST /xingrg/all/common/load_tree.html?tree=area_rest_tree_json&manage=1 HTTP/1.1" 200 604
172.17.0.102 - - [19/Aug/2020:08:58:29 +0800] "GET /xingrg/all/function/internal_message.html?_=1597798709091&CODE_STATE=count HTTP/1.1" 200 11
172.17.0.102 - - [19/Aug/2020:08:58:29 +0800] "GET /xingrg/check_reg.html?_=1597798709092 HTTP/1.1" 200 22
172.17.0.102 - - [19/Aug/2020:08:58:29 +0800] "POST /xingrg/load_menu.html HTTP/1.1" 200 5103
114.89.80.44 - - [19/Aug/2020:08:58:32 +0800] "POST /xingrg/dwr/call/plaincall/AjaxYddbService.getRestBases.dwr HTTP/1.1" 200 1514
116.230.74.197 - - [19/Aug/2020:08:58:32 +0800] "POST /xingrg/kc/buy/cgsh_order_operate.html HTTP/1.1" 200 2065
61.172.5.115 - - [19/Aug/2020:08:58:33 +0800] "GET /xingrg/kc/buy/cgsh_order_operate.html?command=get_materiel&rest_code=00105&code=00101015046&supplier_code=00100203&order_time=2020-08-19 HTTP/1.1" 200 412
172.17.0.123 - - [19/Aug/2020:08:58:35 +0800] "GET /xingrg/all/function/internal_message.html?_=1597798630296&CODE_STATE=getMsg HTTP/1.1" 200 27
172.17.0.123 - - [19/Aug/2020:08:58:35 +0800] "GET /xingrg/check_reg.html?_=1597798630298 HTTP/1.1" 200 22
116.230.74.197 - - [19/Aug/2020:08:58:36 +0800] "GET /xingrg/all/function/internal_message.html?_=1597798713161&CODE_STATE=getMsg HTTP/1.1" 200 27
114.88.166.242 - - [19/Aug/2020:08:58:38 +0800] "GET /xingrg/kc/buy/cgsh_order_operate.html?command=get_materiel&rest_code=00111&code=00101008198&supplier_code=00100005&order_time=2020-08-19 HTTP/1.1" 200 432
114.89.80.44 - - [19/Aug/2020:08:58:39 +0800] "GET /xingrg/all/function/internal_message.html?_=1597798718466&CODE_STATE=getMsg HTTP/1.1" 200 27
114.89.80.44 - - [19/Aug/2020:08:58:40 +0800] "POST /xingrg/dwr/call/plaincall/AjaxYddbService.saveOrder.dwr HTTP/1.1" 200 78
117.184.7.30 - - [19/Aug/2020:08:58:40 +0800] "GET /xingrg/all/function/internal_message.html?_=1597798714336&CODE_STATE=getMsg HTTP/1.1" 200 27
114.89.80.44 - - [19/Aug/2020:08:58:42 +0800] "GET /xingrg/images/yd/bt.gif HTTP/1.1" 404 1040
116.230.74.197 - - [19/Aug/2020:08:58:42 +0800] "GET /xingrg/kc/buy/cgsh_order_operate.html?command=get_materiel&rest_code=00107&code=00101013044&supplier_code=00100006&order_time=2020-08-19 HTTP/1.1" 200 428
61.172.5.115 - - [19/Aug/2020:08:58:42 +0800] "GET /xingrg/all/function/internal_message.html?_=1597798722184&CODE_STATE=getMsg HTTP/1.1" 200 27
61.172.5.115 - - [19/Aug/2020:08:58:44 +0800] "GET /xingrg/kc/buy/cgsh_order_operate.html?command=get_materiel&rest_code=00105&code=00101015038&supplier_code=00100203&order_time=2020-08-19 HTTP/1.1" 200 418
114.89.80.44 - - [19/Aug/2020:08:58:45 +0800] "POST /xingrg/dwr/call/plaincall/AjaxComOrderService.getMaterielSearchList.dwr HTTP/1.1" 200 401228
114.88.166.242 - - [19/Aug/2020:08:58:45 +0800] "GET /xingrg/all/function/internal_message.html?_=1597798771767&CODE_STATE=getMsg HTTP/1.1" 200 27
114.89.80.44 - - [19/Aug/2020:08:58:45 +0800] "POST /xingrg/dwr/call/plaincall/AjaxComOrderService.getMaterielSearchList.dwr HTTP/1.1" 200 16879
114.88.166.242 - - [19/Aug/2020:08:58:46 +0800] "GET /xingrg/kc/buy/cgsh_order_operate.html?command=get_materiel&rest_code=00111&code=00101008244&supplier_code=00100005&order_time=2020-08-19 HTTP/1.1" 200 408
114.89.80.44 - - [19/Aug/2020:08:58:47 +0800] "POST /xingrg/dwr/call/plaincall/AjaxYddbService.getMaterielByMap.dwr HTTP/1.1" 200 3652
172.17.0.101 - - [19/Aug/2020:08:58:48 +0800] "GET /xingrg/all/function/internal_message.html?_=1597798732513&CODE_STATE=getMsg HTTP/1.1" 302 -
114.88.166.242 - - [19/Aug/2020:08:58:50 +0800] "GET /xingrg/kc/buy/cgsh_order_operate.html?command=get_materiel&rest_code=00111&code=00101008436&supplier_code=00100005&order_time=2020-08-19 HTTP/1.1" 200 398
114.89.80.44 - - [19/Aug/2020:08:58:52 +0800] "GET /xingrg/images/yd/bt2.gif HTTP/1.1" 404 1042
61.172.5.115 - - [19/Aug/2020:08:58:53 +0800] "GET /xingrg/kc/buy/cgsh_order_operate.html?command=get_materiel&rest_code=00105&code=00101008114&supplier_code=00100203&order_time=2020-08-19 HTTP/1.1" 200 412
114.89.80.44 - - [19/Aug/2020:08:58:56 +0800] "POST /xingrg/dwr/call/plaincall/AjaxYddbService.saveMaterielItem.dwr HTTP/1.1" 200 78
114.89.80.44 - - [19/Aug/2020:08:58:58 +0800] "POST /xingrg/dwr/call/plaincall/AjaxYddbService.checkOrder.dwr HTTP/1.1" 200 78
222.69.135.163 - - [19/Aug/2020:08:58:59 +0800] "GET /xingrg/all/function/internal_message.html?_=1597798733611&CODE_STATE=getMsg HTTP/1.1" 200 27
114.88.166.242 - - [19/Aug/2020:08:58:59 +0800] "GET /xingrg/kc/buy/cgsh_order_operate.html?command=get_materiel&rest_code=00111&code=00101008101&supplier_code=00100005&order_time=2020-08-19 HTTP/1.1" 200 412
114.89.80.44 - - [19/Aug/2020:08:59:00 +0800] "GET /xingrg/dwr/interface/AjaxYddbService.js HTTP/1.1" 200 13201
114.89.80.44 - - [19/Aug/2020:08:59:00 +0800] "GET /xingrg/dwr/interface/AjaxComOrderService.js HTTP/1.1" 200 18264
114.89.80.44 - - [19/Aug/2020:08:59:00 +0800] "GET /xingrg/kc/base/yddb_order_info.html?code=482020081900165 HTTP/1.1" 200 29191
114.89.80.44 - - [19/Aug/2020:08:59:00 +0800] "GET /xingrg/dwr/engine.js HTTP/1.1" 200 43631
114.89.80.44 - - [19/Aug/2020:08:59:00 +0800] "POST /xingrg/dwr/call/plaincall/AjaxYddbService.loadMaterielItems.dwr HTTP/1.1" 200 385
61.172.5.115 - - [19/Aug/2020:08:59:01 +0800] "GET /xingrg/kc/buy/cgsh_order_operate.html?command=get_materiel&rest_code=00105&code=00101008168&supplier_code=00100203&order_time=2020-08-19 HTTP/1.1" 200 413
180.157.251.101 - - [19/Aug/2020:08:59:04 +0800] "GET /xingrg/all/function/internal_message.html?_=1597798744609&CODE_STATE=getMsg HTTP/1.1" 200 27
114.88.166.242 - - [19/Aug/2020:08:59:05 +0800] "GET /xingrg/kc/buy/cgsh_order_operate.html?command=get_materiel&rest_code=00111&code=00101008004&supplier_code=00100005&order_time=2020-08-19 HTTP/1.1" 200 416
114.88.166.242 - - [19/Aug/2020:08:59:07 +0800] "POST /xingrg/kc/buy/cgsh_order_operate.html HTTP/1.1" 200 2065
218.81.217.115 - - [19/Aug/2020:08:59:08 +0800] "GET /xingrg/kc/buy/cgsh_order_operate.html?command=get_materiel&rest_code=00146&code=00102010926&supplier_code=00100151&order_time=2020-08-18 HTTP/1.1" 200 416
114.89.80.44 - - [19/Aug/2020:08:59:08 +0800] "GET /xingrg/kc/base/yddb_order_add.html HTTP/1.1" 200 29561
114.89.80.44 - - [19/Aug/2020:08:59:08 +0800] "GET /xingrg/dwr/interface/AjaxComOrderService.js HTTP/1.1" 200 18264
114.89.80.44 - - [19/Aug/2020:08:59:08 +0800] "GET /xingrg/dwr/interface/AjaxYddbService.js HTTP/1.1" 200 13201
114.89.80.44 - - [19/Aug/2020:08:59:08 +0800] "GET /xingrg/dwr/engine.js HTTP/1.1" 200 43631
114.89.80.44 - - [19/Aug/2020:08:59:09 +0800] "GET /xingrg/check_reg.html?_=1597798866491 HTTP/1.1" 200 22
116.230.74.197 - - [19/Aug/2020:08:59:09 +0800] "GET /xingrg/kc/buy/cgsh_order_operate.html?command=get_materiel&rest_code=00107&code=00101008213&supplier_code=00100006&order_time=2020-08-19 HTTP/1.1" 200 412
114.89.80.44 - - [19/Aug/2020:08:59:09 +0800] "GET /xingrg/all/function/internal_message.html?_=1597798866740&CODE_STATE=getMsg HTTP/1.1" 200 27
114.88.166.242 - - [19/Aug/2020:08:59:11 +0800] "GET /xingrg/kc/buy/cgsh_order_operate.html?command=get_materiel&rest_code=00111&code=00101014065&supplier_code=00100005&order_time=2020-08-19 HTTP/1.1" 200 417
114.89.80.44 - - [19/Aug/2020:08:59:11 +0800] "POST /xingrg/dwr/call/plaincall/AjaxYddbService.getRestBases.dwr HTTP/1.1" 200 1514
114.88.153.118 - - [19/Aug/2020:08:59:16 +0800] "GET /xingrg/all/function/internal_message.html?_=1597798752033&CODE_STATE=getMsg HTTP/1.1" 302 -
114.88.166.242 - - [19/Aug/2020:08:59:16 +0800] "GET /xingrg/kc/buy/cgsh_order_operate.html?command=get_materiel&rest_code=00111&code=00101008209&supplier_code=00100005&order_time=2020-08-19 HTTP/1.1" 200 409
114.88.153.118 - - [19/Aug/2020:08:59:16 +0800] "GET /xingrg/check_reg.html?_=1597798752515 HTTP/1.1" 302 -
61.172.5.115 - - [19/Aug/2020:08:59:18 +0800] "GET /xingrg/kc/buy/cgsh_order_operate.html?command=get_materiel&rest_code=00105&code=00101008210&supplier_code=00100203&order_time=2020-08-19 HTTP/1.1" 200 408
116.230.74.197 - - [19/Aug/2020:08:59:19 +0800] "GET /xingrg/kc/buy/cgsh_order_operate.html?command=get_materiel&rest_code=00107&code=00101008344&supplier_code=00100006&order_time=2020-08-19 HTTP/1.1" 200 412
114.89.80.44 - - [19/Aug/2020:08:59:19 +0800] "POST /xingrg/dwr/call/plaincall/AjaxYddbService.saveOrder.dwr HTTP/1.1" 200 78
218.81.217.115 - - [19/Aug/2020:08:59:20 +0800] "GET /xingrg/kc/buy/cgsh_order_operate.html?command=get_materiel&rest_code=00146&code=00102010486&supplier_code=00100151&order_time=2020-08-18 HTTP/1.1" 200 412
58.221.95.50 - - [19/Aug/2020:08:59:21 +0800] "GET /xingrg/all/function/internal_message.html?_=1597798890565&CODE_STATE=getMsg HTTP/1.1" 200 27
218.81.217.115 - - [19/Aug/2020:08:59:21 +0800] "GET /xingrg/all/function/internal_message.html?_=1597798768198&CODE_STATE=getMsg HTTP/1.1" 200 27
114.89.80.44 - - [19/Aug/2020:08:59:22 +0800] "POST /xingrg/dwr/call/plaincall/AjaxComOrderService.getMaterielSearchList.dwr HTTP/1.1" 200 20542
114.89.80.44 - - [19/Aug/2020:08:59:23 +0800] "POST /xingrg/dwr/call/plaincall/AjaxComOrderService.getMaterielSearchList.dwr HTTP/1.1" 200 987
114.89.80.44 - - [19/Aug/2020:08:59:26 +0800] "POST /xingrg/dwr/call/plaincall/AjaxYddbService.getMaterielByMap.dwr HTTP/1.1" 200 3729
180.157.251.101 - - [19/Aug/2020:08:59:27 +0800] "GET /xingrg/check_reg.html?_=1597798767156 HTTP/1.1" 200 22
116.230.74.197 - - [19/Aug/2020:08:59:27 +0800] "GET /xingrg/kc/buy/cgsh_order_operate.html?command=get_materiel&rest_code=00107&code=00101008331&supplier_code=00100006&order_time=2020-08-19 HTTP/1.1" 200 416
114.89.80.44 - - [19/Aug/2020:08:59:28 +0800] "POST /xingrg/dwr/call/plaincall/AjaxYddbService.getUnitPrice.dwr HTTP/1.1" 200 86
120.253.135.82 - - [19/Aug/2020:08:59:29 +0800] "GET /xingrg/login.html HTTP/1.1" 200 7641
120.253.135.82 - - [19/Aug/2020:08:59:29 +0800] "GET /xingrg/login.html HTTP/1.1" 200 7641
172.17.0.102 - - [19/Aug/2020:08:59:29 +0800] "GET /xingrg/all/function/internal_message.html?_=1597798769113&CODE_STATE=getMsg HTTP/1.1" 200 27
120.253.135.82 - - [19/Aug/2020:08:59:30 +0800] "GET /favicon.ico HTTP/1.1" 404 -
120.253.135.82 - - [19/Aug/2020:08:59:30 +0800] "GET /favicon.ico HTTP/1.1" 404 -
114.89.80.44 - - [19/Aug/2020:08:59:30 +0800] "POST /xingrg/dwr/call/plaincall/AjaxYddbService.saveMaterielItem.dwr HTTP/1.1" 200 78
114.88.166.242 - - [19/Aug/2020:08:59:30 +0800] "GET /xingrg/kc/buy/cgsh_order_operate.html?command=get_materiel&rest_code=00111&code=00101008300&supplier_code=00100005&order_time=2020-08-19 HTTP/1.1" 200 412
61.172.5.115 - - [19/Aug/2020:08:59:31 +0800] "POST /xingrg/kc/buy/cgsh_order_operate.html HTTP/1.1" 200 2065
116.230.74.197 - - [19/Aug/2020:08:59:34 +0800] "POST /xingrg/kc/buy/cgsh_order_operate.html HTTP/1.1" 200 2065
61.172.5.115 - - [19/Aug/2020:08:59:34 +0800] "POST /xingrg/kc/buy/cgsh_order_operate.html HTTP/1.1" 200 2065
114.89.80.44 - - [19/Aug/2020:08:59:34 +0800] "POST /xingrg/dwr/call/plaincall/AjaxComOrderService.getMaterielSearchList.dwr HTTP/1.1" 200 2357
114.89.80.44 - - [19/Aug/2020:08:59:35 +0800] "POST /xingrg/dwr/call/plaincall/AjaxComOrderService.getMaterielSearchList.dwr HTTP/1.1" 200 2357
172.17.0.123 - - [19/Aug/2020:08:59:35 +0800] "GET /xingrg/all/function/internal_message.html?_=1597798690302&CODE_STATE=getMsg HTTP/1.1" 200 27
114.89.80.44 - - [19/Aug/2020:08:59:36 +0800] "POST /xingrg/dwr/call/plaincall/AjaxComOrderService.getMaterielSearchList.dwr HTTP/1.1" 200 591
116.230.74.197 - - [19/Aug/2020:08:59:36 +0800] "GET /xingrg/all/function/internal_message.html?_=1597798773189&CODE_STATE=getMsg HTTP/1.1" 200 27
116.230.74.197 - - [19/Aug/2020:08:59:36 +0800] "GET /xingrg/check_reg.html?_=1597798773168 HTTP/1.1" 200 22
114.89.80.44 - - [19/Aug/2020:08:59:38 +0800] "POST /xingrg/dwr/call/plaincall/AjaxYddbService.getMaterielByMap.dwr HTTP/1.1" 200 3739
114.89.80.44 - - [19/Aug/2020:08:59:39 +0800] "GET /xingrg/all/function/internal_message.html?_=1597798778463&CODE_STATE=getMsg HTTP/1.1" 200 27
117.184.7.30 - - [19/Aug/2020:08:59:40 +0800] "GET /xingrg/all/function/internal_message.html?_=1597798774338&CODE_STATE=getMsg HTTP/1.1" 200 27
114.89.80.44 - - [19/Aug/2020:08:59:40 +0800] "POST /xingrg/dwr/call/plaincall/AjaxYddbService.getUnitPrice.dwr HTTP/1.1" 200 86
120.253.135.82 - - [19/Aug/2020:08:59:41 +0800] "POST /xingrg/login.do HTTP/1.1" 302 -
120.253.135.82 - - [19/Aug/2020:08:59:41 +0800] "GET /xingrg/index.html?sysBaseUrl=http%3A%2F%2F180.169.147.146%3A18081%2Fxingrg%2F&costTime=38×tamp=1597798781662 HTTP/1.1" 200 17173
120.253.135.82 - - [19/Aug/2020:08:59:42 +0800] "POST /xingrg/all/common/load_tree.html?tree=area_rest_tree_json&manage=1 HTTP/1.1" 200 3216
120.253.135.82 - - [19/Aug/2020:08:59:42 +0800] "GET /xingrg/all/function/internal_message.html?_=1597798436442&CODE_STATE=count HTTP/1.1" 200 11
120.253.135.82 - - [19/Aug/2020:08:59:42 +0800] "GET /xingrg/check_reg.html?_=1597798436443 HTTP/1.1" 200 22
120.253.135.82 - - [19/Aug/2020:08:59:42 +0800] "GET /favicon.ico HTTP/1.1" 404 -
120.253.135.82 - - [19/Aug/2020:08:59:42 +0800] "GET /favicon.ico HTTP/1.1" 404 -
120.253.135.82 - - [19/Aug/2020:08:59:42 +0800] "POST /xingrg/load_menu.html HTTP/1.1" 200 6743
61.172.5.115 - - [19/Aug/2020:08:59:42 +0800] "GET /xingrg/all/function/internal_message.html?_=1597798782169&CODE_STATE=getMsg HTTP/1.1" 200 27
116.230.74.197 - - [19/Aug/2020:08:59:43 +0800] "GET /xingrg/kc/buy/cgsh_order_operate.html?command=get_materiel&rest_code=00107&code=00101008350&supplier_code=00100006&order_time=2020-08-19 HTTP/1.1" 200 408
114.89.80.44 - - [19/Aug/2020:08:59:43 +0800] "POST /xingrg/dwr/call/plaincall/AjaxYddbService.saveMaterielItem.dwr HTTP/1.1" 200 79
218.81.217.115 - - [19/Aug/2020:08:59:44 +0800] "GET /xingrg/kc/buy/cgsh_order_operate.html?command=get_materiel&rest_code=00146&code=00102016537&supplier_code=00100151&order_time=2020-08-18 HTTP/1.1" 200 413
114.88.166.242 - - [19/Aug/2020:08:59:45 +0800] "GET /xingrg/all/function/internal_message.html?_=1597798831774&CODE_STATE=getMsg HTTP/1.1" 200 27
172.17.0.101 - - [19/Aug/2020:08:59:48 +0800] "GET /xingrg/all/function/internal_message.html?_=1597798792522&CODE_STATE=getMsg HTTP/1.1" 302 -
120.253.135.82 - - [19/Aug/2020:08:59:48 +0800] "GET /xingrg/kc/buy/buy_main.html HTTP/1.1" 200 12341
114.89.80.44 - - [19/Aug/2020:08:59:48 +0800] "POST /xingrg/dwr/call/plaincall/AjaxComOrderService.getMaterielSearchList.dwr HTTP/1.1" 200 17117
120.253.135.82 - - [19/Aug/2020:08:59:48 +0800] "GET /xingrg/css/new_ie.css HTTP/1.1" 404 1036
120.253.135.82 - - [19/Aug/2020:08:59:48 +0800] "GET /xingrg/javascript/jquery_ui/jquery-ui.min.js HTTP/1.1" 200 186181
120.253.135.82 - - [19/Aug/2020:08:59:48 +0800] "GET /xingrg/css/blue.css HTTP/1.1" 200 15949
120.253.135.82 - - [19/Aug/2020:08:59:48 +0800] "GET /xingrg/javascript/jquery_ui/themes/humanity/humanity.css HTTP/1.1" 200 27801
120.253.135.82 - - [19/Aug/2020:08:59:48 +0800] "GET /xingrg/javascript/ToolTips.js HTTP/1.1" 200 5615
120.253.135.82 - - [19/Aug/2020:08:59:48 +0800] "GET /xingrg/images/blue/button/cgydd.gif HTTP/1.1" 200 2712
120.253.135.82 - - [19/Aug/2020:08:59:48 +0800] "GET /xingrg/images/blue/button/cgxqd.gif HTTP/1.1" 200 2619
120.253.135.82 - - [19/Aug/2020:08:59:48 +0800] "GET /xingrg/images/blue/button/cgfkd.gif HTTP/1.1" 200 2075
120.253.135.82 - - [19/Aug/2020:08:59:48 +0800] "GET /xingrg/images/blue/button/kc.gif HTTP/1.1" 200 2160
120.253.135.82 - - [19/Aug/2020:08:59:48 +0800] "GET /xingrg/images/blue/button/cgshd.gif HTTP/1.1" 200 2618
120.253.135.82 - - [19/Aug/2020:08:59:48 +0800] "GET /xingrg/images/blue/pic_form2.gif HTTP/1.1" 200 1853
120.253.135.82 - - [19/Aug/2020:08:59:48 +0800] "GET /xingrg/images/blue/button/ckthd.gif HTTP/1.1" 200 2045
114.89.80.44 - - [19/Aug/2020:08:59:49 +0800] "POST /xingrg/dwr/call/plaincall/AjaxComOrderService.getMaterielSearchList.dwr HTTP/1.1" 200 1471
120.253.135.82 - - [19/Aug/2020:08:59:49 +0800] "GET /xingrg/images/blue/bg_dotted.jpg HTTP/1.1" 200 319
120.253.135.82 - - [19/Aug/2020:08:59:49 +0800] "GET /xingrg/images/blue/button/down_ah.jpg HTTP/1.1" 200 1732
120.253.135.82 - - [19/Aug/2020:08:59:49 +0800] "GET /xingrg/images/blue/button/right_ah.jpg HTTP/1.1" 200 1744
120.253.135.82 - - [19/Aug/2020:08:59:49 +0800] "GET /xingrg/javascript/jquery_ui/themes/humanity/images/ui-icons_c47a23_256x240.png HTTP/1.1" 200 5355
120.253.135.82 - - [19/Aug/2020:08:59:49 +0800] "GET /xingrg/javascript/jquery_ui/themes/humanity/images/ui-bg_inset-soft_100_f4f0ec_1x100.png HTTP/1.1" 200 141
120.253.135.82 - - [19/Aug/2020:08:59:49 +0800] "GET /xingrg/javascript/jquery_ui/themes/humanity/images/ui-iconsnew.jpg HTTP/1.1" 200 337
120.253.135.82 - - [19/Aug/2020:08:59:49 +0800] "GET /xingrg/javascript/jquery_ui/themes/humanity/images/ui-bg_glass_70_ede4d4_1x400.png HTTP/1.1" 200 161
120.253.135.82 - - [19/Aug/2020:08:59:49 +0800] "GET /xingrg/javascript/jquery_ui/themes/humanity/images/ui-icons_ffffff_256x240.png HTTP/1.1" 200 4369
120.253.135.82 - - [19/Aug/2020:08:59:51 +0800] "GET /xingrg/images/yd/bt.gif HTTP/1.1" 404 1040
114.89.80.44 - - [19/Aug/2020:08:59:51 +0800] "POST /xingrg/dwr/call/plaincall/AjaxYddbService.getMaterielByMap.dwr HTTP/1.1" 200 3711
120.253.135.82 - - [19/Aug/2020:08:59:51 +0800] "GET /xingrg/kc/buy/cgsh_order_list.html HTTP/1.1" 200 43641
120.253.135.82 - - [19/Aug/2020:08:59:53 +0800] "POST /xingrg/kc/buy/cgsh_list_operate.html HTTP/1.1" 200 876
120.253.135.82 - - [19/Aug/2020:08:59:53 +0800] "GET /xingrg/javascript/jquery_tools/images/next.gif HTTP/1.1" 404 1086
120.253.135.82 - - [19/Aug/2020:08:59:53 +0800] "GET /xingrg/javascript/jquery_tools/images/prev.gif HTTP/1.1" 404 1086
114.89.80.44 - - [19/Aug/2020:08:59:55 +0800] "POST /xingrg/dwr/call/plaincall/AjaxYddbService.getUnitPrice.dwr HTTP/1.1" 200 87
218.81.217.115 - - [19/Aug/2020:08:59:56 +0800] "POST /xingrg/kc/buy/cgsh_order_operate.html HTTP/1.1" 200 2065
114.89.80.44 - - [19/Aug/2020:08:59:58 +0800] "POST /xingrg/dwr/call/plaincall/AjaxYddbService.saveMaterielItem.dwr HTTP/1.1" 200 79
114.88.166.242 - - [19/Aug/2020:08:59:58 +0800] "GET /xingrg/kc/buy/cgsh_order_operate.html?command=get_materiel&rest_code=00111&code=00101020138&supplier_code=00100005&order_time=2020-08-19 HTTP/1.1" 200 426
222.69.135.163 - - [19/Aug/2020:08:59:59 +0800] "GET /xingrg/all/function/internal_message.html?_=1597798793618&CODE_STATE=getMsg HTTP/1.1" 200 27
222.69.135.163 - - [19/Aug/2020:08:59:59 +0800] "GET /xingrg/check_reg.html?_=1597798793620 HTTP/1.1" 200 22
114.89.80.44 - - [19/Aug/2020:08:59:59 +0800] "GET /favicon.ico HTTP/1.1" 404 -
114.88.166.242 - - [19/Aug/2020:09:00:00 +0800] "POST /xingrg/kc/buy/cgsh_order_operate.html HTTP/1.1" 200 2065
114.88.166.242 - - [19/Aug/2020:09:00:04 +0800] "GET /xingrg/kc/buy/cgsh_order_operate.html?command=get_materiel&rest_code=00111&code=00101015006&supplier_code=00100005&order_time=2020-08-19 HTTP/1.1" 200 413
180.157.251.101 - - [19/Aug/2020:09:00:04 +0800] "GET /xingrg/all/function/internal_message.html?_=1597798804595&CODE_STATE=getMsg HTTP/1.1" 200 27
120.253.135.82 - - [19/Aug/2020:09:00:05 +0800] "GET /xingrg/javascript/auto/indicator.gif HTTP/1.1" 404 1066
61.172.5.115 - - [19/Aug/2020:09:00:05 +0800] "GET /xingrg/kc/buy/cgsh_order_operate.html?command=get_materiel&rest_code=00105&code=00101008358&supplier_code=00100203&order_time=2020-08-19 HTTP/1.1" 200 412
114.89.80.44 - - [19/Aug/2020:09:00:08 +0800] "POST /xingrg/dwr/call/plaincall/AjaxComOrderService.getMaterielSearchList.dwr HTTP/1.1" 200 414672
114.89.80.44 - - [19/Aug/2020:09:00:09 +0800] "POST /xingrg/dwr/call/plaincall/AjaxComOrderService.getMaterielSearchList.dwr HTTP/1.1" 200 5246
114.89.80.44 - - [19/Aug/2020:09:00:09 +0800] "GET /xingrg/all/function/internal_message.html?_=1597798926753&CODE_STATE=getMsg HTTP/1.1" 200 27
114.89.80.44 - - [19/Aug/2020:09:00:11 +0800] "POST /xingrg/dwr/call/plaincall/AjaxComOrderService.getMaterielSearchList.dwr HTTP/1.1" 200 901
114.89.80.44 - - [19/Aug/2020:09:00:13 +0800] "POST /xingrg/dwr/call/plaincall/AjaxYddbService.getMaterielByMap.dwr HTTP/1.1" 200 3727
114.89.80.44 - - [19/Aug/2020:09:00:15 +0800] "POST /xingrg/dwr/call/plaincall/AjaxYddbService.getUnitPrice.dwr HTTP/1.1" 200 87
114.88.153.118 - - [19/Aug/2020:09:00:16 +0800] "GET /xingrg/all/function/internal_message.html?_=1597798812015&CODE_STATE=getMsg HTTP/1.1" 302 -
114.88.166.242 - - [19/Aug/2020:09:00:19 +0800] "GET /xingrg/kc/buy/cgsh_order_operate.html?command=get_materiel&rest_code=00111&code=00101008323&supplier_code=00100005&order_time=2020-08-19 HTTP/1.1" 200 408
58.221.95.50 - - [19/Aug/2020:09:00:21 +0800] "GET /xingrg/all/function/internal_message.html?_=1597798950566&CODE_STATE=getMsg HTTP/1.1" 200 27
218.81.217.115 - - [19/Aug/2020:09:00:21 +0800] "GET /xingrg/all/function/internal_message.html?_=1597798828212&CODE_STATE=getMsg HTTP/1.1" 200 27
218.81.217.115 - - [19/Aug/2020:09:00:25 +0800] "GET /xingrg/kc/buy/cgsh_order_operate.html?command=get_materiel&rest_code=00146&code=00102002532&supplier_code=00100151&order_time=2020-08-18 HTTP/1.1" 200 414
114.89.80.44 - - [19/Aug/2020:09:00:25 +0800] "POST /xingrg/dwr/call/plaincall/AjaxYddbService.saveMaterielItem.dwr HTTP/1.1" 200 79
114.88.166.242 - - [19/Aug/2020:09:00:26 +0800] "GET /xingrg/kc/buy/cgsh_order_operate.html?command=get_materiel&rest_code=00111&code=00101008175&supplier_code=00100005&order_time=2020-08-19 HTTP/1.1" 200 412
116.230.74.197 - - [19/Aug/2020:09:00:27 +0800] "GET /xingrg/kc/buy/cgsh_order_operate.html?command=get_materiel&rest_code=00107&code=00101008092&supplier_code=00100006&order_time=2020-08-19 HTTP/1.1" 200 412
172.17.0.102 - - [19/Aug/2020:09:00:29 +0800] "GET /xingrg/all/function/internal_message.html?_=1597798829108&CODE_STATE=getMsg HTTP/1.1" 200 27
120.253.135.82 - - [19/Aug/2020:09:00:30 +0800] "POST /xingrg/kc/buy/cgsh_list_operate.html HTTP/1.1" 200 2521
114.89.80.44 - - [19/Aug/2020:09:00:31 +0800] "POST /xingrg/kc/base/yddb_list_operate.html HTTP/1.1" 200 374
114.88.166.242 - - [19/Aug/2020:09:00:32 +0800] "GET /xingrg/kc/buy/cgsh_order_operate.html?command=get_materiel&rest_code=00111&code=00101008302&supplier_code=00100005&order_time=2020-08-19 HTTP/1.1" 200 412
61.172.5.115 - - [19/Aug/2020:09:00:33 +0800] "GET /xingrg/kc/buy/cgsh_order_operate.html?command=get_materiel&rest_code=00105&code=00101008243&supplier_code=00100203&order_time=2020-08-19 HTTP/1.1" 200 409
114.89.80.44 - - [19/Aug/2020:09:00:34 +0800] "GET /xingrg/dwr/interface/AjaxYddbService.js HTTP/1.1" 200 13201
114.89.80.44 - - [19/Aug/2020:09:00:34 +0800] "GET /xingrg/kc/base/yddb_order_info.html?code=482020081800156 HTTP/1.1" 200 31016
114.89.80.44 - - [19/Aug/2020:09:00:34 +0800] "GET /xingrg/dwr/interface/AjaxComOrderService.js HTTP/1.1" 200 18264
114.89.80.44 - - [19/Aug/2020:09:00:34 +0800] "GET /xingrg/dwr/engine.js HTTP/1.1" 200 43631
114.89.80.44 - - [19/Aug/2020:09:00:34 +0800] "POST /xingrg/dwr/call/plaincall/AjaxYddbService.loadMaterielItems.dwr HTTP/1.1" 200 1143
172.17.0.123 - - [19/Aug/2020:09:00:35 +0800] "GET /xingrg/all/function/internal_message.html?_=1597798750304&CODE_STATE=getMsg HTTP/1.1" 200 27
116.230.74.197 - - [19/Aug/2020:09:00:36 +0800] "GET /xingrg/all/function/internal_message.html?_=1597798833185&CODE_STATE=getMsg HTTP/1.1" 200 27
114.89.80.44 - - [19/Aug/2020:09:00:38 +0800] "POST /xingrg/dwr/call/plaincall/AjaxYddbService.deleteOrder.dwr HTTP/1.1" 200 78
114.88.166.242 - - [19/Aug/2020:09:00:39 +0800] "GET /xingrg/kc/buy/cgsh_order_operate.html?command=get_materiel&rest_code=00111&code=00101008257&supplier_code=00100005&order_time=2020-08-19 HTTP/1.1" 200 416
114.89.80.44 - - [19/Aug/2020:09:00:39 +0800] "GET /xingrg/kc/base/yddb_order_list.html HTTP/1.1" 200 16867
114.89.80.44 - - [19/Aug/2020:09:00:39 +0800] "GET /xingrg/all/function/internal_message.html?_=1597798838476&CODE_STATE=getMsg HTTP/1.1" 200 27
114.89.80.44 - - [19/Aug/2020:09:00:40 +0800] "POST /xingrg/kc/base/yddb_list_operate.html HTTP/1.1" 200 1263
117.184.7.30 - - [19/Aug/2020:09:00:40 +0800] "GET /xingrg/check_reg.html?_=1597798834338 HTTP/1.1" 200 22
117.184.7.26 - - [19/Aug/2020:09:00:40 +0800] "GET /xingrg/all/function/internal_message.html?_=1597798834341&CODE_STATE=getMsg HTTP/1.1" 200 27
114.88.166.242 - - [19/Aug/2020:09:00:41 +0800] "POST /xingrg/kc/buy/cgsh_order_operate.html HTTP/1.1" 200 2065
114.89.80.44 - - [19/Aug/2020:09:00:41 +0800] "POST /xingrg/kc/base/yddb_list_operate.html HTTP/1.1" 200 457
116.230.74.197 - - [19/Aug/2020:09:00:41 +0800] "GET /xingrg/kc/buy/cgsh_order_operate.html?command=get_materiel&rest_code=00107&code=00101008285&supplier_code=00100006&order_time=2020-08-19 HTTP/1.1" 200 413
120.253.135.82 - - [19/Aug/2020:09:00:42 +0800] "GET /xingrg/all/function/internal_message.html?_=1597798496468&CODE_STATE=getMsg HTTP/1.1" 200 27
114.89.80.44 - - [19/Aug/2020:09:00:42 +0800] "GET /xingrg/dwr/interface/AjaxYddbService.js HTTP/1.1" 200 13201
114.89.80.44 - - [19/Aug/2020:09:00:42 +0800] "GET /xingrg/dwr/interface/AjaxComOrderService.js HTTP/1.1" 200 18264
114.89.80.44 - - [19/Aug/2020:09:00:42 +0800] "GET /xingrg/kc/base/yddb_order_info.html?code=482020081900166 HTTP/1.1" 200 31012
114.89.80.44 - - [19/Aug/2020:09:00:42 +0800] "GET /xingrg/dwr/engine.js HTTP/1.1" 200 43631
61.172.5.115 - - [19/Aug/2020:09:00:42 +0800] "GET /xingrg/check_reg.html?_=1597798842181 HTTP/1.1" 200 22
114.89.80.44 - - [19/Aug/2020:09:00:42 +0800] "POST /xingrg/dwr/call/plaincall/AjaxYddbService.loadMaterielItems.dwr HTTP/1.1" 200 1493
61.172.5.115 - - [19/Aug/2020:09:00:42 +0800] "GET /xingrg/all/function/internal_message.html?_=1597798842185&CODE_STATE=getMsg HTTP/1.1" 200 27
114.88.166.242 - - [19/Aug/2020:09:00:45 +0800] "GET /xingrg/all/function/internal_message.html?_=1597798891790&CODE_STATE=getMsg HTTP/1.1" 200 27
114.89.80.44 - - [19/Aug/2020:09:00:47 +0800] "POST /xingrg/dwr/call/plaincall/AjaxYddbService.checkOrder.dwr HTTP/1.1" 200 293
172.17.0.101 - - [19/Aug/2020:09:00:48 +0800] "GET /xingrg/all/function/internal_message.html?_=1597798852657&CODE_STATE=getMsg HTTP/1.1" 302 -
114.88.166.242 - - [19/Aug/2020:09:00:49 +0800] "GET /xingrg/kc/buy/cgsh_order_operate.html?command=get_materiel&rest_code=00111&code=00101008354&supplier_code=00100005&order_time=2020-08-19 HTTP/1.1" 200 412
172.17.0.101 - - [19/Aug/2020:09:00:50 +0800] "GET /xingrg/check_reg.html?_=1597798854609 HTTP/1.1" 302 -
116.230.74.197 - - [19/Aug/2020:09:00:51 +0800] "GET /xingrg/kc/buy/cgsh_order_operate.html?command=get_materiel&rest_code=00107&code=00101008284&supplier_code=00100006&order_time=2020-08-19 HTTP/1.1" 200 413
61.151.178.175 - - [19/Aug/2020:09:00:54 +0800] "GET /xingrg/all/function/internal_message.html?_=1597798032306&CODE_STATE=getMsg HTTP/1.1" 302 -
114.89.80.44 - - [19/Aug/2020:09:00:54 +0800] "POST /xingrg/dwr/call/plaincall/AjaxYddbService.removeMaterielItem.dwr HTTP/1.1" 200 78
116.230.74.197 - - [19/Aug/2020:09:00:54 +0800] "POST /xingrg/kc/buy/cgsh_order_operate.html HTTP/1.1" 200 2065
114.89.80.44 - - [19/Aug/2020:09:00:58 +0800] "POST /xingrg/dwr/call/plaincall/AjaxYddbService.checkOrder.dwr HTTP/1.1" 200 78
222.69.135.163 - - [19/Aug/2020:09:00:59 +0800] "GET /xingrg/all/function/internal_message.html?_=1597798853616&CODE_STATE=getMsg HTTP/1.1" 200 27
114.88.166.242 - - [19/Aug/2020:09:01:00 +0800] "GET /xingrg/kc/buy/cgsh_order_operate.html?command=get_materiel&rest_code=00111&code=00101008088&supplier_code=00100005&order_time=2020-08-19 HTTP/1.1" 200 408
61.151.178.175 - - [19/Aug/2020:09:01:00 +0800] "GET /xingrg/login.html HTTP/1.1" 200 7641
116.230.74.197 - - [19/Aug/2020:09:01:01 +0800] "GET /xingrg/kc/buy/cgsh_order_operate.html?command=get_materiel&rest_code=00107&code=00101008114&supplier_code=00100006&order_time=2020-08-19 HTTP/1.1" 200 412
114.89.80.44 - - [19/Aug/2020:09:01:01 +0800] "GET /xingrg/kc/base/yddb_order_info.html?code=482020081900166 HTTP/1.1" 200 29191
114.89.80.44 - - [19/Aug/2020:09:01:01 +0800] "GET /xingrg/dwr/interface/AjaxYddbService.js HTTP/1.1" 200 13201
114.89.80.44 - - [19/Aug/2020:09:01:01 +0800] "GET /xingrg/dwr/interface/AjaxComOrderService.js HTTP/1.1" 200 18264
114.89.80.44 - - [19/Aug/2020:09:01:01 +0800] "GET /xingrg/dwr/engine.js HTTP/1.1" 200 43631
114.89.80.44 - - [19/Aug/2020:09:01:01 +0800] "POST /xingrg/dwr/call/plaincall/AjaxYddbService.loadMaterielItems.dwr HTTP/1.1" 200 1137
61.172.5.115 - - [19/Aug/2020:09:01:02 +0800] "GET /xingrg/kc/buy/cgsh_order_operate.html?command=get_materiel&rest_code=00105&code=00101008224&supplier_code=00100203&order_time=2020-08-19 HTTP/1.1" 200 416
101.91.60.11 - - [19/Aug/2020:09:01:04 +0800] "GET /xingrg/check_reg.html?_=1597798152540 HTTP/1.1" 302 -
180.157.251.101 - - [19/Aug/2020:09:01:04 +0800] "GET /xingrg/all/function/internal_message.html?_=1597798864567&CODE_STATE=getMsg HTTP/1.1" 200 27
114.89.80.44 - - [19/Aug/2020:09:01:09 +0800] "GET /xingrg/all/function/internal_message.html?_=1597798986766&CODE_STATE=getMsg HTTP/1.1" 200 27
116.230.74.197 - - [19/Aug/2020:09:01:12 +0800] "GET /xingrg/kc/buy/cgsh_order_operate.html?command=get_materiel&rest_code=00107&code=00101009011&supplier_code=00100006&order_time=2020-08-19 HTTP/1.1" 200 416
61.172.5.115 - - [19/Aug/2020:09:01:13 +0800] "GET /xingrg/kc/buy/cgsh_order_operate.html?command=get_materiel&rest_code=00105&code=00101008333&supplier_code=00100203&order_time=2020-08-19 HTTP/1.1" 200 412
101.91.60.11 - - [19/Aug/2020:09:01:13 +0800] "GET /xingrg/login.html HTTP/1.1" 200 7641
114.88.166.242 - - [19/Aug/2020:09:01:16 +0800] "GET /xingrg/kc/buy/cgsh_order_operate.html?command=get_materiel&rest_code=00111&code=00101019254&supplier_code=00100005&order_time=2020-08-19 HTTP/1.1" 200 447
114.88.153.118 - - [19/Aug/2020:09:01:16 +0800] "GET /xingrg/all/function/internal_message.html?_=1597798871994&CODE_STATE=getMsg HTTP/1.1" 302 -
114.88.166.242 - - [19/Aug/2020:09:01:17 +0800] "POST /xingrg/all/common/load_select.html HTTP/1.1" 200 25
218.81.217.115 - - [19/Aug/2020:09:01:17 +0800] "GET /xingrg/check_reg.html?_=1597798884278 HTTP/1.1" 200 22
61.129.6.227 - - [19/Aug/2020:09:01:19 +0800] "GET /xingrg/all/function/internal_message.html?_=1597798152255&CODE_STATE=getMsg HTTP/1.1" 302 -
114.88.166.242 - - [19/Aug/2020:09:01:20 +0800] "GET /xingrg/kc/buy/cgsh_order_operate.html?command=get_materiel_price&rest_code=00111&code=00101019254&unit_code=00100040&supplier_code=00100005&order_time=2020-08-19 HTTP/1.1" 200 27
172.17.0.102 - - [19/Aug/2020:09:01:20 +0800] "GET /xingrg/kc/buy/cgsh_order_list.html HTTP/1.1" 200 43627
58.221.95.50 - - [19/Aug/2020:09:01:21 +0800] "GET /xingrg/all/function/internal_message.html?_=1597799010566&CODE_STATE=getMsg HTTP/1.1" 200 27
218.81.217.115 - - [19/Aug/2020:09:01:21 +0800] "GET /xingrg/all/function/internal_message.html?_=1597798888225&CODE_STATE=getMsg HTTP/1.1" 200 27
172.17.0.102 - - [19/Aug/2020:09:01:21 +0800] "POST /xingrg/kc/buy/cgsh_list_operate.html HTTP/1.1" 200 876
172.17.0.102 - - [19/Aug/2020:09:01:23 +0800] "GET /xingrg/kc/buy/cgsh_order_add.html HTTP/1.1" 200 59312
172.17.0.102 - - [19/Aug/2020:09:01:23 +0800] "GET /xingrg/words/20200818174345_words.js HTTP/1.1" 304 -
172.17.0.102 - - [19/Aug/2020:09:01:23 +0800] "POST /xingrg/kc/buy/cgsh_order_operate.html HTTP/1.1" 200 8245
172.17.0.102 - - [19/Aug/2020:09:01:23 +0800] "GET /xingrg/all/common/auto_word.html?type=employee&rest_code=00147 HTTP/1.1" 200 201
172.17.0.102 - - [19/Aug/2020:09:01:23 +0800] "GET /xingrg/javascript/easyui/themes/default/validatebox.css HTTP/1.1" 404 1104
172.17.0.102 - - [19/Aug/2020:09:01:23 +0800] "GET /xingrg/all/common/auto_word.html?type=employee&rest_code=00147 HTTP/1.1" 200 201
61.129.6.227 - - [19/Aug/2020:09:01:24 +0800] "GET /xingrg/login.html HTTP/1.1" 200 7641
