114.89.80.44 - - [19/Aug/2020:09:32:44 +0800] "GET /xingrg/kc/buy/cgsh_order_operate.html?command=get_materiel&rest_code=00150&code=00101008190&supplier_code=00100007&order_time=2020-08-19 HTTP/1.1" 200 412
114.88.166.242 - - [19/Aug/2020:09:32:47 +0800] "POST /xingrg/kc/buy/cgsh_list_operate.html HTTP/1.1" 200 568
114.88.166.242 - - [19/Aug/2020:09:32:47 +0800] "GET /xingrg/kc/buy/cgsh_order_info.html?code=212020081907920 HTTP/1.1" 200 59388
101.91.60.105 - - [19/Aug/2020:09:32:47 +0800] "GET /xingrg/all/function/internal_message.html?_=1597799951616&CODE_STATE=getMsg HTTP/1.1" 302 -
114.88.166.242 - - [19/Aug/2020:09:32:47 +0800] "GET /xingrg/all/common/auto_word.html?type=employee&rest_code=00111 HTTP/1.1" 200 205
114.88.166.242 - - [19/Aug/2020:09:32:47 +0800] "GET /xingrg/javascript/easyui/themes/default/validatebox.css HTTP/1.1" 404 1104
114.88.166.242 - - [19/Aug/2020:09:32:47 +0800] "GET /xingrg/all/common/auto_word.html?type=employee&rest_code=00111 HTTP/1.1" 200 205
114.89.80.44 - - [19/Aug/2020:09:32:47 +0800] "GET /xingrg/all/function/internal_message.html?_=1597800766410&CODE_STATE=getMsg HTTP/1.1" 200 27
114.88.166.242 - - [19/Aug/2020:09:32:48 +0800] "POST /xingrg/kc/buy/cgsh_order_operate.html HTTP/1.1" 200 45808
120.253.135.82 - - [19/Aug/2020:09:32:48 +0800] "GET /xingrg/kc/pszx/mdps_order_info.html?code=312020081800467 HTTP/1.1" 200 23855
114.88.166.242 - - [19/Aug/2020:09:32:48 +0800] "GET /xingrg/kc/print/load_config.html?kc_code=cgsh HTTP/1.1" 200 1845
120.253.135.82 - - [19/Aug/2020:09:32:48 +0800] "POST /xingrg/kc/pszx/mdps_order_operate.html HTTP/1.1" 200 2280
120.253.135.82 - - [19/Aug/2020:09:32:48 +0800] "GET /xingrg/javascript/easyui/themes/default/validatebox.css HTTP/1.1" 404 1104
114.88.166.242 - - [19/Aug/2020:09:32:48 +0800] "GET /xingrg/kc/print/load_data.html?order_code=212020081907920&kc_code=cgsh&condition= HTTP/1.1" 200 16997
114.89.80.44 - - [19/Aug/2020:09:32:49 +0800] "GET /xingrg/kc/buy/cgsh_order_operate.html?command=get_materiel&rest_code=00150&code=00101008370&supplier_code=00100007&order_time=2020-08-19 HTTP/1.1" 200 412
172.17.0.101 - - [19/Aug/2020:09:32:50 +0800] "GET /xingrg/all/function/internal_message.html?_=1597800775138&CODE_STATE=getMsg HTTP/1.1" 302 -
120.253.135.82 - - [19/Aug/2020:09:32:53 +0800] "POST /xingrg/kc/pszx/mdps_list_operate.html HTTP/1.1" 200 4309
101.91.60.105 - - [19/Aug/2020:09:32:55 +0800] "GET /xingrg/login.html HTTP/1.1" 200 7641
120.253.135.82 - - [19/Aug/2020:09:32:55 +0800] "POST /xingrg/kc/pszx/mdps_list_operate.html HTTP/1.1" 200 205
114.88.166.242 - - [19/Aug/2020:09:32:55 +0800] "GET /xingrg/check_reg.html?_=1597800773628 HTTP/1.1" 200 22
114.89.80.44 - - [19/Aug/2020:09:32:55 +0800] "GET /xingrg/kc/buy/cgsh_order_operate.html?command=get_materiel&rest_code=00150&code=00101008087&supplier_code=00100007&order_time=2020-08-19 HTTP/1.1" 200 412
114.88.166.242 - - [19/Aug/2020:09:32:55 +0800] "GET /xingrg/all/function/internal_message.html?_=1597800773977&CODE_STATE=getMsg HTTP/1.1" 200 27
172.17.0.120 - - [19/Aug/2020:09:32:56 +0800] "GET /xingrg/all/function/internal_message.html?_=1597800785733&CODE_STATE=getMsg HTTP/1.1" 200 27
120.253.135.82 - - [19/Aug/2020:09:32:58 +0800] "GET /xingrg/kc/pszx/mdps_order_info.html?code=312020081800467 HTTP/1.1" 200 23855
120.253.135.82 - - [19/Aug/2020:09:32:58 +0800] "POST /xingrg/kc/pszx/mdps_order_operate.html HTTP/1.1" 200 2280
120.253.135.82 - - [19/Aug/2020:09:32:58 +0800] "GET /xingrg/javascript/easyui/themes/default/validatebox.css HTTP/1.1" 404 1104
222.69.135.163 - - [19/Aug/2020:09:32:59 +0800] "GET /xingrg/all/function/internal_message.html?_=1597800773668&CODE_STATE=getMsg HTTP/1.1" 200 27
120.253.135.82 - - [19/Aug/2020:09:33:00 +0800] "POST /xingrg/kc/pszx/mdps_list_operate.html HTTP/1.1" 200 4309
61.172.5.115 - - [19/Aug/2020:09:33:01 +0800] "GET /xingrg/all/function/internal_message.html?_=1597800769464&CODE_STATE=getMsg HTTP/1.1" 200 27
114.89.80.44 - - [19/Aug/2020:09:33:01 +0800] "GET /xingrg/kc/buy/cgsh_order_operate.html?command=get_materiel&rest_code=00150&code=00101008355&supplier_code=00100007&order_time=2020-08-19 HTTP/1.1" 200 408
180.157.251.101 - - [19/Aug/2020:09:33:04 +0800] "GET /xingrg/all/function/internal_message.html?_=1597800784146&CODE_STATE=getMsg HTTP/1.1" 200 27
114.89.80.44 - - [19/Aug/2020:09:33:10 +0800] "GET /xingrg/kc/buy/cgsh_order_operate.html?command=get_materiel&rest_code=00150&code=00101008004&supplier_code=00100007&order_time=2020-08-19 HTTP/1.1" 200 416
114.89.80.44 - - [19/Aug/2020:09:33:10 +0800] "GET /xingrg/all/function/internal_message.html?_=1597800907201&CODE_STATE=getMsg HTTP/1.1" 200 27
120.253.135.82 - - [19/Aug/2020:09:33:14 +0800] "GET /xingrg/all/function/internal_message.html?_=1597800544626&CODE_STATE=getMsg HTTP/1.1" 200 27
114.88.153.118 - - [19/Aug/2020:09:33:15 +0800] "GET /xingrg/all/function/internal_message.html?_=1597800791310&CODE_STATE=getMsg HTTP/1.1" 302 -
114.89.80.44 - - [19/Aug/2020:09:33:18 +0800] "GET /xingrg/kc/buy/cgsh_order_operate.html?command=get_materiel&rest_code=00150&code=00101008372&supplier_code=00100007&order_time=2020-08-19 HTTP/1.1" 200 408
58.221.95.50 - - [19/Aug/2020:09:33:21 +0800] "GET /xingrg/all/function/internal_message.html?_=1597800930613&CODE_STATE=getMsg HTTP/1.1" 200 27
218.81.217.115 - - [19/Aug/2020:09:33:23 +0800] "GET /xingrg/all/function/internal_message.html?_=1597800809514&CODE_STATE=getMsg HTTP/1.1" 200 27
172.17.0.102 - - [19/Aug/2020:09:33:24 +0800] "GET /xingrg/all/function/internal_message.html?_=1597800803999&CODE_STATE=getMsg HTTP/1.1" 200 27
172.17.0.102 - - [19/Aug/2020:09:33:24 +0800] "GET /xingrg/check_reg.html?_=1597800803997 HTTP/1.1" 200 22
114.89.80.44 - - [19/Aug/2020:09:33:25 +0800] "GET /xingrg/kc/buy/cgsh_order_operate.html?command=get_materiel&rest_code=00150&code=00101008264&supplier_code=00100007&order_time=2020-08-19 HTTP/1.1" 200 412
114.88.166.242 - - [19/Aug/2020:09:33:26 +0800] "GET /xingrg/all/function/internal_message.html?_=1597800852651&CODE_STATE=getMsg HTTP/1.1" 200 27
172.17.0.123 - - [19/Aug/2020:09:33:31 +0800] "GET /xingrg/all/function/internal_message.html?_=1597800722470&CODE_STATE=getMsg HTTP/1.1" 200 27
114.89.80.44 - - [19/Aug/2020:09:33:32 +0800] "GET /xingrg/kc/buy/cgsh_order_operate.html?command=get_materiel&rest_code=00150&code=00101008300&supplier_code=00100007&order_time=2020-08-19 HTTP/1.1" 200 412
172.17.200.101 - - [19/Aug/2020:09:33:33 +0800] "GET /xingrg/all/function/internal_message.html?_=1597800814043&CODE_STATE=getMsg HTTP/1.1" 200 27
172.17.200.101 - - [19/Aug/2020:09:33:33 +0800] "GET /xingrg/check_reg.html?_=1597800814048 HTTP/1.1" 200 22
116.230.74.197 - - [19/Aug/2020:09:33:36 +0800] "GET /xingrg/all/function/internal_message.html?_=1597800813188&CODE_STATE=getMsg HTTP/1.1" 200 27
117.184.7.30 - - [19/Aug/2020:09:33:41 +0800] "GET /xingrg/all/function/internal_message.html?_=1597800814369&CODE_STATE=getMsg HTTP/1.1" 200 27
114.89.80.44 - - [19/Aug/2020:09:33:41 +0800] "GET /xingrg/kc/buy/cgsh_order_operate.html?command=get_materiel&rest_code=00150&code=00101008360&supplier_code=00100007&order_time=2020-08-19 HTTP/1.1" 200 412
101.89.239.216 - - [19/Aug/2020:09:33:41 +0800] "GET /xingrg/all/function/internal_message.html?_=1597800071574&CODE_STATE=getMsg HTTP/1.1" 302 -
61.172.5.115 - - [19/Aug/2020:09:33:43 +0800] "GET /xingrg/all/function/internal_message.html?_=1597800822235&CODE_STATE=getMsg HTTP/1.1" 200 27
101.89.239.216 - - [19/Aug/2020:09:33:45 +0800] "GET /xingrg/login.html HTTP/1.1" 200 7641
114.89.80.44 - - [19/Aug/2020:09:33:47 +0800] "GET /xingrg/all/function/internal_message.html?_=1597800826385&CODE_STATE=getMsg HTTP/1.1" 200 27
114.89.80.44 - - [19/Aug/2020:09:33:48 +0800] "GET /xingrg/kc/buy/cgsh_order_operate.html?command=get_materiel&rest_code=00150&code=00101008270&supplier_code=00100007&order_time=2020-08-19 HTTP/1.1" 200 412
114.89.80.44 - - [19/Aug/2020:09:33:50 +0800] "POST /xingrg/kc/buy/cgsh_order_operate.html HTTP/1.1" 200 2065
172.17.0.101 - - [19/Aug/2020:09:33:50 +0800] "GET /xingrg/all/function/internal_message.html?_=1597800835275&CODE_STATE=getMsg HTTP/1.1" 302 -
120.253.135.82 - - [19/Aug/2020:09:33:51 +0800] "POST /xingrg/kc/pszx/mdps_list_operate.html HTTP/1.1" 200 2043
120.253.135.82 - - [19/Aug/2020:09:33:53 +0800] "POST /xingrg/kc/pszx/mdps_list_operate.html HTTP/1.1" 200 292
114.88.166.242 - - [19/Aug/2020:09:33:55 +0800] "GET /xingrg/all/function/internal_message.html?_=1597800833990&CODE_STATE=getMsg HTTP/1.1" 200 27
172.17.0.120 - - [19/Aug/2020:09:33:56 +0800] "GET /xingrg/all/function/internal_message.html?_=1597800845745&CODE_STATE=getMsg HTTP/1.1" 200 27
120.253.135.82 - - [19/Aug/2020:09:33:57 +0800] "POST /xingrg/kc/pszx/mdps_list_operate.html HTTP/1.1" 200 365
114.89.80.44 - - [19/Aug/2020:09:33:58 +0800] "GET /xingrg/kc/buy/cgsh_order_operate.html?command=get_materiel&rest_code=00150&code=00101008136&supplier_code=00100007&order_time=2020-08-19 HTTP/1.1" 200 413
120.253.135.82 - - [19/Aug/2020:09:33:59 +0800] "GET /xingrg/kc/pszx/mdps_order_info.html?code=312020081600387 HTTP/1.1" 200 23843
222.69.135.163 - - [19/Aug/2020:09:33:59 +0800] "GET /xingrg/all/function/internal_message.html?_=1597800833667&CODE_STATE=getMsg HTTP/1.1" 200 27
120.253.135.82 - - [19/Aug/2020:09:33:59 +0800] "POST /xingrg/kc/pszx/mdps_order_operate.html HTTP/1.1" 200 3270
120.253.135.82 - - [19/Aug/2020:09:33:59 +0800] "GET /xingrg/javascript/easyui/themes/default/validatebox.css HTTP/1.1" 404 1104
61.172.5.115 - - [19/Aug/2020:09:34:01 +0800] "GET /xingrg/all/function/internal_message.html?_=1597800829465&CODE_STATE=getMsg HTTP/1.1" 200 27
180.157.251.101 - - [19/Aug/2020:09:34:04 +0800] "GET /xingrg/all/function/internal_message.html?_=1597800844125&CODE_STATE=getMsg HTTP/1.1" 200 27
114.89.80.44 - - [19/Aug/2020:09:34:05 +0800] "GET /xingrg/kc/buy/cgsh_order_operate.html?command=get_materiel&rest_code=00150&code=00101008357&supplier_code=00100007&order_time=2020-08-19 HTTP/1.1" 200 408
114.89.80.44 - - [19/Aug/2020:09:34:09 +0800] "GET /xingrg/check_reg.html?_=1597800966532 HTTP/1.1" 200 22
114.89.80.44 - - [19/Aug/2020:09:34:10 +0800] "GET /xingrg/all/function/internal_message.html?_=1597800967216&CODE_STATE=getMsg HTTP/1.1" 200 27
114.89.80.44 - - [19/Aug/2020:09:34:10 +0800] "GET /xingrg/kc/buy/cgsh_order_operate.html?command=get_materiel&rest_code=00150&code=00101008069&supplier_code=00100007&order_time=2020-08-19 HTTP/1.1" 200 412
61.129.6.225 - - [19/Aug/2020:09:34:11 +0800] "GET /xingrg/all/function/internal_message.html?_=1597800131575&CODE_STATE=getMsg HTTP/1.1" 302 -
120.253.135.82 - - [19/Aug/2020:09:34:14 +0800] "GET /xingrg/all/function/internal_message.html?_=1597800604639&CODE_STATE=getMsg HTTP/1.1" 200 27
114.88.153.118 - - [19/Aug/2020:09:34:15 +0800] "GET /xingrg/all/function/internal_message.html?_=1597800851280&CODE_STATE=getMsg HTTP/1.1" 302 -
61.129.6.225 - - [19/Aug/2020:09:34:15 +0800] "GET /xingrg/login.html HTTP/1.1" 200 7641
114.88.153.118 - - [19/Aug/2020:09:34:16 +0800] "GET /xingrg/check_reg.html?_=1597800852448 HTTP/1.1" 302 -
114.89.80.44 - - [19/Aug/2020:09:34:16 +0800] "GET /xingrg/kc/buy/cgsh_order_operate.html?command=get_materiel&rest_code=00150&code=00101008036&supplier_code=00100007&order_time=2020-08-19 HTTP/1.1" 200 408
58.221.95.50 - - [19/Aug/2020:09:34:21 +0800] "GET /xingrg/all/function/internal_message.html?_=1597800990613&CODE_STATE=getMsg HTTP/1.1" 200 27
218.81.217.115 - - [19/Aug/2020:09:34:23 +0800] "GET /xingrg/all/function/internal_message.html?_=1597800869516&CODE_STATE=getMsg HTTP/1.1" 200 27
114.89.80.44 - - [19/Aug/2020:09:34:24 +0800] "GET /xingrg/kc/buy/cgsh_order_operate.html?command=get_materiel&rest_code=00150&code=00101008131&supplier_code=00100007&order_time=2020-08-19 HTTP/1.1" 200 408
172.17.0.102 - - [19/Aug/2020:09:34:24 +0800] "GET /xingrg/all/function/internal_message.html?_=1597800863993&CODE_STATE=getMsg HTTP/1.1" 200 27
114.88.166.242 - - [19/Aug/2020:09:34:26 +0800] "GET /xingrg/all/function/internal_message.html?_=1597800912674&CODE_STATE=getMsg HTTP/1.1" 200 27
180.157.251.101 - - [19/Aug/2020:09:34:27 +0800] "GET /xingrg/check_reg.html?_=1597800867111 HTTP/1.1" 200 22
114.89.80.44 - - [19/Aug/2020:09:34:28 +0800] "POST /xingrg/kc/buy/cgsh_order_operate.html HTTP/1.1" 200 37
114.89.80.44 - - [19/Aug/2020:09:34:29 +0800] "POST /xingrg/kc/buy/cgsh_order_operate.html HTTP/1.1" 200 16836
172.17.0.123 - - [19/Aug/2020:09:34:31 +0800] "GET /xingrg/all/function/internal_message.html?_=1597800782472&CODE_STATE=getMsg HTTP/1.1" 200 27
172.17.200.101 - - [19/Aug/2020:09:34:33 +0800] "GET /xingrg/all/function/internal_message.html?_=1597800874049&CODE_STATE=getMsg HTTP/1.1" 200 27
116.230.74.197 - - [19/Aug/2020:09:34:36 +0800] "GET /xingrg/all/function/internal_message.html?_=1597800873186&CODE_STATE=getMsg HTTP/1.1" 200 27
116.230.74.197 - - [19/Aug/2020:09:34:36 +0800] "GET /xingrg/check_reg.html?_=1597800873193 HTTP/1.1" 200 22
117.184.7.30 - - [19/Aug/2020:09:34:41 +0800] "GET /xingrg/all/function/internal_message.html?_=1597800874370&CODE_STATE=getMsg HTTP/1.1" 200 27
61.172.5.115 - - [19/Aug/2020:09:34:42 +0800] "GET /xingrg/all/function/internal_message.html?_=1597800882234&CODE_STATE=getMsg HTTP/1.1" 200 27
114.89.80.44 - - [19/Aug/2020:09:34:47 +0800] "GET /xingrg/all/function/internal_message.html?_=1597800886378&CODE_STATE=getMsg HTTP/1.1" 200 27
172.17.0.101 - - [19/Aug/2020:09:34:50 +0800] "GET /xingrg/all/function/internal_message.html?_=1597800895290&CODE_STATE=getMsg HTTP/1.1" 302 -
114.88.166.242 - - [19/Aug/2020:09:34:55 +0800] "GET /xingrg/all/function/internal_message.html?_=1597800894004&CODE_STATE=getMsg HTTP/1.1" 200 27
172.17.0.120 - - [19/Aug/2020:09:34:56 +0800] "GET /xingrg/all/function/internal_message.html?_=1597800905735&CODE_STATE=getMsg HTTP/1.1" 200 27
172.17.0.120 - - [19/Aug/2020:09:34:59 +0800] "POST /xingrg/all/user/operate.html HTTP/1.1" 200 36
172.17.0.120 - - [19/Aug/2020:09:34:59 +0800] "GET /xingrg/index.html?sysBaseUrl=http%3A%2F%2F172.17.0.8%3A18081%2Fxingrg%2F&costTime=40×tamp=1597800352111 HTTP/1.1" 200 17448
172.17.0.120 - - [19/Aug/2020:09:34:59 +0800] "GET /xingrg/javascript/jquery_easy_ui/themes/default/easyui.css HTTP/1.1" 304 -
172.17.0.120 - - [19/Aug/2020:09:34:59 +0800] "GET /xingrg/javascript/jquery_easy_ui/themes/icon.css HTTP/1.1" 304 -
172.17.0.120 - - [19/Aug/2020:09:34:59 +0800] "GET /xingrg/css/form.css HTTP/1.1" 304 -
172.17.0.120 - - [19/Aug/2020:09:34:59 +0800] "GET /xingrg/javascript/jquery-1.4.2.min.js HTTP/1.1" 304 -
172.17.0.120 - - [19/Aug/2020:09:34:59 +0800] "GET /xingrg/javascript/jquery_easy_ui/jquery.easyui.min.js HTTP/1.1" 304 -
172.17.0.120 - - [19/Aug/2020:09:34:59 +0800] "GET /xingrg/javascript/jquery_easy_ui/easyui-lang-zh_CN.js HTTP/1.1" 304 -
172.17.0.120 - - [19/Aug/2020:09:34:59 +0800] "GET /xingrg/javascript/jquery.form.js HTTP/1.1" 304 -
172.17.0.120 - - [19/Aug/2020:09:34:59 +0800] "GET /xingrg/javascript/jquery.utils.js HTTP/1.1" 304 -
172.17.0.120 - - [19/Aug/2020:09:34:59 +0800] "GET /xingrg/javascript/jquery.timers.js HTTP/1.1" 304 -
222.69.135.163 - - [19/Aug/2020:09:34:59 +0800] "GET /xingrg/all/function/internal_message.html?_=1597800893671&CODE_STATE=getMsg HTTP/1.1" 200 27
222.69.135.163 - - [19/Aug/2020:09:34:59 +0800] "GET /xingrg/check_reg.html?_=1597800893667 HTTP/1.1" 200 22
172.17.0.120 - - [19/Aug/2020:09:34:59 +0800] "GET /xingrg/images/blue/jxLogo.png HTTP/1.1" 304 -
172.17.0.120 - - [19/Aug/2020:09:34:59 +0800] "GET /xingrg/images/blue/navBackgound.jpg HTTP/1.1" 304 -
172.17.0.120 - - [19/Aug/2020:09:34:59 +0800] "GET /xingrg/javascript/jquery_easy_ui/themes/icons/settle_new.png HTTP/1.1" 304 -
172.17.0.120 - - [19/Aug/2020:09:34:59 +0800] "POST /xingrg/all/common/load_tree.html?tree=area_rest_tree_json&manage=1 HTTP/1.1" 200 3216
172.17.0.120 - - [19/Aug/2020:09:34:59 +0800] "GET /xingrg/all/function/internal_message.html?_=1597800908258&CODE_STATE=count HTTP/1.1" 200 11
172.17.0.120 - - [19/Aug/2020:09:34:59 +0800] "GET /xingrg/check_reg.html?_=1597800908260 HTTP/1.1" 200 22
172.17.0.120 - - [19/Aug/2020:09:34:59 +0800] "GET /xingrg/javascript/jquery_easy_ui/themes/default/images/panel_tool_collapse.gif HTTP/1.1" 304 -
172.17.0.120 - - [19/Aug/2020:09:34:59 +0800] "GET /xingrg/javascript/jquery_easy_ui/themes/default/images/tabs_leftarrow.png HTTP/1.1" 304 -
172.17.0.120 - - [19/Aug/2020:09:34:59 +0800] "GET /xingrg/javascript/jquery_easy_ui/themes/default/images/panel_tool_expand.gif HTTP/1.1" 304 -
172.17.0.120 - - [19/Aug/2020:09:34:59 +0800] "GET /xingrg/javascript/jquery_easy_ui/themes/default/images/tabs_rightarrow.png HTTP/1.1" 304 -
172.17.0.120 - - [19/Aug/2020:09:34:59 +0800] "GET /xingrg/images/blue/pingpu.png HTTP/1.1" 304 -
172.17.0.120 - - [19/Aug/2020:09:34:59 +0800] "POST /xingrg/load_menu.html HTTP/1.1" 200 9924
61.172.5.115 - - [19/Aug/2020:09:35:01 +0800] "GET /xingrg/all/function/internal_message.html?_=1597800889464&CODE_STATE=getMsg HTTP/1.1" 200 27
61.172.5.115 - - [19/Aug/2020:09:35:01 +0800] "GET /xingrg/check_reg.html?_=1597800889467 HTTP/1.1" 200 22
180.157.251.101 - - [19/Aug/2020:09:35:04 +0800] "GET /xingrg/all/function/internal_message.html?_=1597800904122&CODE_STATE=getMsg HTTP/1.1" 200 27
172.17.0.120 - - [19/Aug/2020:09:35:04 +0800] "GET /xingrg/javascript/jquery_easy_ui/themes/default/images/tabs_active.png HTTP/1.1" 200 2894
172.17.0.120 - - [19/Aug/2020:09:35:05 +0800] "GET /xingrg/kc/buy/buy_main.html HTTP/1.1" 200 12377
172.17.0.120 - - [19/Aug/2020:09:35:05 +0800] "GET /xingrg/css/new_ie.css HTTP/1.1" 404 1036
172.17.0.120 - - [19/Aug/2020:09:35:05 +0800] "GET /xingrg/images/yd/bt.gif HTTP/1.1" 404 1040
172.17.0.120 - - [19/Aug/2020:09:35:06 +0800] "GET /xingrg/kc/buy/cgsh_order_list.html HTTP/1.1" 200 43876
172.17.0.120 - - [19/Aug/2020:09:35:06 +0800] "POST /xingrg/kc/buy/cgsh_list_operate.html HTTP/1.1" 200 876
101.89.239.232 - - [19/Aug/2020:09:35:07 +0800] "GET /xingrg/all/function/internal_message.html?_=1597800191555&CODE_STATE=getMsg HTTP/1.1" 302 -
114.89.80.44 - - [19/Aug/2020:09:35:10 +0800] "GET /xingrg/all/function/internal_message.html?_=1597801027228&CODE_STATE=getMsg HTTP/1.1" 200 27
172.17.0.120 - - [19/Aug/2020:09:35:12 +0800] "GET /xingrg/javascript/jquery_tools/images/next.gif HTTP/1.1" 404 1086
172.17.0.120 - - [19/Aug/2020:09:35:12 +0800] "GET /xingrg/javascript/jquery_tools/images/prev.gif HTTP/1.1" 404 1086
120.253.135.82 - - [19/Aug/2020:09:35:14 +0800] "GET /xingrg/all/function/internal_message.html?_=1597800664653&CODE_STATE=getMsg HTTP/1.1" 200 27
114.88.153.118 - - [19/Aug/2020:09:35:15 +0800] "GET /xingrg/all/function/internal_message.html?_=1597800911250&CODE_STATE=getMsg HTTP/1.1" 302 -
101.89.239.232 - - [19/Aug/2020:09:35:15 +0800] "GET /xingrg/login.html HTTP/1.1" 200 7641
172.17.0.120 - - [19/Aug/2020:09:35:19 +0800] "POST /xingrg/kc/buy/cgsh_list_operate.html HTTP/1.1" 200 3986
58.221.95.50 - - [19/Aug/2020:09:35:21 +0800] "GET /xingrg/all/function/internal_message.html?_=1597801050613&CODE_STATE=getMsg HTTP/1.1" 200 27
218.81.217.115 - - [19/Aug/2020:09:35:23 +0800] "GET /xingrg/all/function/internal_message.html?_=1597800929808&CODE_STATE=getMsg HTTP/1.1" 200 27
120.253.135.82 - - [19/Aug/2020:09:35:24 +0800] "POST /xingrg/kc/pszx/mdps_order_operate.html HTTP/1.1" 200 37
172.17.0.102 - - [19/Aug/2020:09:35:24 +0800] "GET /xingrg/all/function/internal_message.html?_=1597800924006&CODE_STATE=getMsg HTTP/1.1" 200 27
120.253.135.82 - - [19/Aug/2020:09:35:25 +0800] "GET /xingrg/kc/pszx/mdps_order_info.html?code=312020081600387 HTTP/1.1" 200 23843
120.253.135.82 - - [19/Aug/2020:09:35:25 +0800] "POST /xingrg/kc/pszx/mdps_order_operate.html HTTP/1.1" 200 3271
120.253.135.82 - - [19/Aug/2020:09:35:25 +0800] "GET /xingrg/javascript/easyui/themes/default/validatebox.css HTTP/1.1" 404 1104
114.88.166.242 - - [19/Aug/2020:09:35:26 +0800] "GET /xingrg/all/function/internal_message.html?_=1597800972645&CODE_STATE=getMsg HTTP/1.1" 200 27
172.17.0.123 - - [19/Aug/2020:09:35:31 +0800] "GET /xingrg/all/function/internal_message.html?_=1597800842472&CODE_STATE=getMsg HTTP/1.1" 200 27
172.17.200.101 - - [19/Aug/2020:09:35:33 +0800] "GET /xingrg/all/function/internal_message.html?_=1597800934052&CODE_STATE=getMsg HTTP/1.1" 200 27
116.230.74.197 - - [19/Aug/2020:09:35:36 +0800] "GET /xingrg/all/function/internal_message.html?_=1597800933194&CODE_STATE=getMsg HTTP/1.1" 200 27
117.184.7.30 - - [19/Aug/2020:09:35:41 +0800] "GET /xingrg/check_reg.html?_=1597800934370 HTTP/1.1" 200 22
117.184.7.26 - - [19/Aug/2020:09:35:41 +0800] "GET /xingrg/all/function/internal_message.html?_=1597800934376&CODE_STATE=getMsg HTTP/1.1" 200 27
61.172.5.115 - - [19/Aug/2020:09:35:43 +0800] "GET /xingrg/all/function/internal_message.html?_=1597800942269&CODE_STATE=getMsg HTTP/1.1" 200 27
61.172.5.115 - - [19/Aug/2020:09:35:43 +0800] "GET /xingrg/check_reg.html?_=1597800942271 HTTP/1.1" 200 22
120.253.135.82 - - [19/Aug/2020:09:35:43 +0800] "POST /xingrg/kc/pszx/mdps_order_operate.html HTTP/1.1" 200 37
120.253.135.82 - - [19/Aug/2020:09:35:44 +0800] "GET /xingrg/kc/pszx/mdps_order_info.html?code=312020081600387 HTTP/1.1" 200 23843
120.253.135.82 - - [19/Aug/2020:09:35:44 +0800] "POST /xingrg/kc/pszx/mdps_order_operate.html HTTP/1.1" 200 3271
120.253.135.82 - - [19/Aug/2020:09:35:44 +0800] "GET /xingrg/javascript/easyui/themes/default/validatebox.css HTTP/1.1" 404 1104
114.89.80.44 - - [19/Aug/2020:09:35:47 +0800] "GET /xingrg/check_reg.html?_=1597800946387 HTTP/1.1" 200 22
114.89.80.44 - - [19/Aug/2020:09:35:47 +0800] "GET /xingrg/all/function/internal_message.html?_=1597800946391&CODE_STATE=getMsg HTTP/1.1" 200 27
172.17.0.101 - - [19/Aug/2020:09:35:50 +0800] "GET /xingrg/check_reg.html?_=1597800954788 HTTP/1.1" 302 -
172.17.0.101 - - [19/Aug/2020:09:35:50 +0800] "GET /xingrg/all/function/internal_message.html?_=1597800955304&CODE_STATE=getMsg HTTP/1.1" 302 -
114.88.166.242 - - [19/Aug/2020:09:35:56 +0800] "GET /xingrg/all/function/internal_message.html?_=1597800954032&CODE_STATE=getMsg HTTP/1.1" 200 27
116.230.74.197 - - [19/Aug/2020:09:35:56 +0800] "GET /favicon.ico HTTP/1.1" 404 -
222.69.135.163 - - [19/Aug/2020:09:35:59 +0800] "GET /xingrg/all/function/internal_message.html?_=1597800953672&CODE_STATE=getMsg HTTP/1.1" 200 27
172.17.0.120 - - [19/Aug/2020:09:35:59 +0800] "GET /xingrg/all/function/internal_message.html?_=1597800968262&CODE_STATE=getMsg HTTP/1.1" 200 27
61.172.5.115 - - [19/Aug/2020:09:36:01 +0800] "GET /xingrg/all/function/internal_message.html?_=1597800949468&CODE_STATE=getMsg HTTP/1.1" 200 27
180.157.251.101 - - [19/Aug/2020:09:36:04 +0800] "GET /xingrg/all/function/internal_message.html?_=1597800964111&CODE_STATE=getMsg HTTP/1.1" 200 27
172.17.0.120 - - [19/Aug/2020:09:36:08 +0800] "POST /xingrg/kc/buy/cgsh_list_operate.html HTTP/1.1" 200 3986
114.89.80.44 - - [19/Aug/2020:09:36:10 +0800] "GET /xingrg/all/function/internal_message.html?_=1597801087242&CODE_STATE=getMsg HTTP/1.1" 200 27
120.253.135.82 - - [19/Aug/2020:09:36:13 +0800] "GET /xingrg/check_reg.html?_=1597800724495 HTTP/1.1" 200 22
120.253.135.82 - - [19/Aug/2020:09:36:14 +0800] "GET /xingrg/all/function/internal_message.html?_=1597800724667&CODE_STATE=getMsg HTTP/1.1" 200 27
114.88.153.118 - - [19/Aug/2020:09:36:15 +0800] "GET /xingrg/all/function/internal_message.html?_=1597800971217&CODE_STATE=getMsg HTTP/1.1" 302 -
114.89.80.44 - - [19/Aug/2020:09:36:15 +0800] "GET /xingrg/css/site.css HTTP/1.1" 304 -
114.89.80.44 - - [19/Aug/2020:09:36:15 +0800] "GET /xingrg/css/base.css HTTP/1.1" 304 -
114.89.80.44 - - [19/Aug/2020:09:36:15 +0800] "GET /xingrg/javascript/jquery_tools/table.css HTTP/1.1" 304 -
114.89.80.44 - - [19/Aug/2020:09:36:15 +0800] "GET /xingrg/javascript/easyui/themes/icon.css HTTP/1.1" 304 -
114.89.80.44 - - [19/Aug/2020:09:36:15 +0800] "GET /xingrg/javascript/jquery_tools/datebox.css HTTP/1.1" 304 -
114.89.80.44 - - [19/Aug/2020:09:36:15 +0800] "GET /xingrg/javascript/jquery_tools/jquery.tools.min.js HTTP/1.1" 304 -
114.89.80.44 - - [19/Aug/2020:09:36:15 +0800] "GET /xingrg/javascript/jquery_tools/fix.css HTTP/1.1" 304 -
114.89.80.44 - - [19/Aug/2020:09:36:15 +0800] "GET /xingrg/javascript/easyui/themes/default/easyui.css HTTP/1.1" 304 -
114.89.80.44 - - [19/Aug/2020:09:36:15 +0800] "GET /xingrg/javascript/auto/jquery.autocomplete.css HTTP/1.1" 304 -
114.89.80.44 - - [19/Aug/2020:09:36:15 +0800] "GET /xingrg/kc/buy/cgsh_order_list.html HTTP/1.1" 200 43647
114.89.80.44 - - [19/Aug/2020:09:36:15 +0800] "GET /xingrg/javascript/jquery_tools/jquery.tools.table.js HTTP/1.1" 304 -
114.89.80.44 - - [19/Aug/2020:09:36:15 +0800] "GET /xingrg/javascript/jquery_tools/jquery.tools.extend.js HTTP/1.1" 304 -
114.89.80.44 - - [19/Aug/2020:09:36:15 +0800] "GET /xingrg/javascript/jquery_tools/jquery.tools.hotkey.js HTTP/1.1" 304 -
114.89.80.44 - - [19/Aug/2020:09:36:15 +0800] "GET /xingrg/javascript/jquery_tools/list_manager.js HTTP/1.1" 304 -
114.89.80.44 - - [19/Aug/2020:09:36:15 +0800] "GET /xingrg/javascript/jquery.cookie.js HTTP/1.1" 304 -
114.89.80.44 - - [19/Aug/2020:09:36:15 +0800] "GET /xingrg/javascript/easyui/easyloader.js HTTP/1.1" 304 -
114.89.80.44 - - [19/Aug/2020:09:36:15 +0800] "GET /xingrg/javascript/print/LodopFuncs.js HTTP/1.1" 304 -
114.89.80.44 - - [19/Aug/2020:09:36:15 +0800] "GET /xingrg/javascript/auto/jquery.autocomplete.js HTTP/1.1" 304 -
114.89.80.44 - - [19/Aug/2020:09:36:16 +0800] "GET /xingrg/javascript/easyui/plugins/jquery.parser.js HTTP/1.1" 304 -
120.253.135.82 - - [19/Aug/2020:09:36:16 +0800] "POST /xingrg/kc/pszx/mdps_order_operate.html HTTP/1.1" 200 37
114.89.80.44 - - [19/Aug/2020:09:36:17 +0800] "POST /xingrg/kc/buy/cgsh_list_operate.html HTTP/1.1" 200 1690
120.253.135.82 - - [19/Aug/2020:09:36:17 +0800] "GET /xingrg/kc/pszx/mdps_order_info.html?code=312020081600387 HTTP/1.1" 200 23849
120.253.135.82 - - [19/Aug/2020:09:36:17 +0800] "POST /xingrg/kc/pszx/mdps_order_operate.html HTTP/1.1" 200 3271
120.253.135.82 - - [19/Aug/2020:09:36:17 +0800] "GET /xingrg/javascript/easyui/themes/default/validatebox.css HTTP/1.1" 404 1104
218.81.217.115 - - [19/Aug/2020:09:36:18 +0800] "GET /xingrg/check_reg.html?_=1597800984582 HTTP/1.1" 200 22
58.221.95.50 - - [19/Aug/2020:09:36:21 +0800] "GET /xingrg/all/function/internal_message.html?_=1597801110615&CODE_STATE=getMsg HTTP/1.1" 200 27
218.81.217.115 - - [19/Aug/2020:09:36:23 +0800] "GET /xingrg/all/function/internal_message.html?_=1597800989824&CODE_STATE=getMsg HTTP/1.1" 200 27
172.17.0.102 - - [19/Aug/2020:09:36:24 +0800] "GET /xingrg/all/function/internal_message.html?_=1597800983991&CODE_STATE=getMsg HTTP/1.1" 200 27
120.253.135.82 - - [19/Aug/2020:09:36:25 +0800] "POST /xingrg/kc/pszx/mdps_order_operate.html HTTP/1.1" 200 37
114.88.166.242 - - [19/Aug/2020:09:36:26 +0800] "GET /xingrg/all/function/internal_message.html?_=1597801032642&CODE_STATE=getMsg HTTP/1.1" 200 27
120.253.135.82 - - [19/Aug/2020:09:36:27 +0800] "GET /xingrg/kc/pszx/mdps_order_info.html?code=312020081600387 HTTP/1.1" 200 23849
120.253.135.82 - - [19/Aug/2020:09:36:27 +0800] "POST /xingrg/kc/pszx/mdps_order_operate.html HTTP/1.1" 200 3271
120.253.135.82 - - [19/Aug/2020:09:36:27 +0800] "GET /xingrg/javascript/easyui/themes/default/validatebox.css HTTP/1.1" 404 1104
120.253.135.82 - - [19/Aug/2020:09:36:29 +0800] "POST /xingrg/kc/pszx/mdps_list_operate.html HTTP/1.1" 200 2052
172.17.0.123 - - [19/Aug/2020:09:36:31 +0800] "GET /xingrg/check_reg.html?_=1597800902476 HTTP/1.1" 200 22
172.17.0.123 - - [19/Aug/2020:09:36:31 +0800] "GET /xingrg/all/function/internal_message.html?_=1597800902478&CODE_STATE=getMsg HTTP/1.1" 200 27
172.17.200.101 - - [19/Aug/2020:09:36:33 +0800] "GET /xingrg/all/function/internal_message.html?_=1597800994054&CODE_STATE=getMsg HTTP/1.1" 200 27
116.230.74.197 - - [19/Aug/2020:09:36:36 +0800] "GET /xingrg/all/function/internal_message.html?_=1597800993194&CODE_STATE=getMsg HTTP/1.1" 200 27
114.89.80.44 - - [19/Aug/2020:09:36:37 +0800] "GET /xingrg/kc/buy/cgsh_order_operate.html?command=get_materiel&rest_code=00150&code=00101008318&supplier_code=00100007&order_time=2020-08-19 HTTP/1.1" 200 408
120.253.135.82 - - [19/Aug/2020:09:36:37 +0800] "POST /xingrg/kc/pszx/mdps_list_operate.html HTTP/1.1" 200 2052
120.253.135.82 - - [19/Aug/2020:09:36:37 +0800] "GET /xingrg/kc/buy/cgsh_order_list.html HTTP/1.1" 200 43896
120.253.135.82 - - [19/Aug/2020:09:36:38 +0800] "POST /xingrg/kc/buy/cgsh_list_operate.html HTTP/1.1" 200 876
120.253.135.82 - - [19/Aug/2020:09:36:39 +0800] "GET /xingrg/kc/buy/cgsh_order_add.html HTTP/1.1" 200 58358
120.253.135.82 - - [19/Aug/2020:09:36:39 +0800] "GET /xingrg/javascript/easyui/themes/icons/template_new.png HTTP/1.1" 304 -
120.253.135.82 - - [19/Aug/2020:09:36:39 +0800] "POST /xingrg/kc/buy/cgsh_order_operate.html HTTP/1.1" 200 8245
120.253.135.82 - - [19/Aug/2020:09:36:40 +0800] "GET /xingrg/all/common/auto_word.html?type=employee&rest_code=00101 HTTP/1.1" 200 1123
120.253.135.82 - - [19/Aug/2020:09:36:40 +0800] "GET /xingrg/all/common/auto_word.html?type=employee&rest_code=00101 HTTP/1.1" 200 1123
120.253.135.82 - - [19/Aug/2020:09:36:40 +0800] "GET /xingrg/javascript/easyui/themes/default/validatebox.css HTTP/1.1" 404 1104
117.184.7.26 - - [19/Aug/2020:09:36:41 +0800] "GET /xingrg/all/function/internal_message.html?_=1597800994375&CODE_STATE=getMsg HTTP/1.1" 200 27
61.172.5.115 - - [19/Aug/2020:09:36:43 +0800] "GET /xingrg/all/function/internal_message.html?_=1597801002239&CODE_STATE=getMsg HTTP/1.1" 200 27
114.89.80.44 - - [19/Aug/2020:09:36:43 +0800] "GET /xingrg/kc/buy/cgsh_order_operate.html?command=get_materiel&rest_code=00150&code=00101008005&supplier_code=00100007&order_time=2020-08-19 HTTP/1.1" 200 412
114.89.80.44 - - [19/Aug/2020:09:36:47 +0800] "GET /xingrg/all/function/internal_message.html?_=1597801006390&CODE_STATE=getMsg HTTP/1.1" 200 27
120.253.135.82 - - [19/Aug/2020:09:36:48 +0800] "POST /xingrg/all/common/load_combo.html?type=employee HTTP/1.1" 200 2013
114.89.80.44 - - [19/Aug/2020:09:36:49 +0800] "GET /xingrg/kc/buy/cgsh_order_operate.html?command=get_materiel&rest_code=00150&code=00101008353&supplier_code=00100007&order_time=2020-08-19 HTTP/1.1" 200 408
172.17.0.101 - - [19/Aug/2020:09:36:51 +0800] "GET /xingrg/all/function/internal_message.html?_=1597801015446&CODE_STATE=getMsg HTTP/1.1" 302 -
114.88.166.242 - - [19/Aug/2020:09:36:56 +0800] "GET /xingrg/all/function/internal_message.html?_=1597801014046&CODE_STATE=getMsg HTTP/1.1" 200 27
114.89.80.44 - - [19/Aug/2020:09:36:56 +0800] "GET /xingrg/kc/buy/cgsh_order_operate.html?command=get_materiel&rest_code=00150&code=00101008359&supplier_code=00100007&order_time=2020-08-19 HTTP/1.1" 200 408
222.69.135.163 - - [19/Aug/2020:09:36:59 +0800] "GET /xingrg/all/function/internal_message.html?_=1597801013672&CODE_STATE=getMsg HTTP/1.1" 200 27
172.17.0.120 - - [19/Aug/2020:09:36:59 +0800] "GET /xingrg/all/function/internal_message.html?_=1597801028267&CODE_STATE=getMsg HTTP/1.1" 200 27
61.172.5.115 - - [19/Aug/2020:09:37:01 +0800] "GET /xingrg/all/function/internal_message.html?_=1597801009469&CODE_STATE=getMsg HTTP/1.1" 200 27
114.89.80.44 - - [19/Aug/2020:09:37:03 +0800] "GET /xingrg/kc/buy/cgsh_order_operate.html?command=get_materiel&rest_code=00150&code=00101008110&supplier_code=00100007&order_time=2020-08-19 HTTP/1.1" 200 408
180.157.251.101 - - [19/Aug/2020:09:37:04 +0800] "GET /xingrg/all/function/internal_message.html?_=1597801024109&CODE_STATE=getMsg HTTP/1.1" 200 27
114.89.80.44 - - [19/Aug/2020:09:37:05 +0800] "POST /xingrg/kc/buy/cgsh_order_operate.html HTTP/1.1" 200 2065
120.253.135.82 - - [19/Aug/2020:09:37:09 +0800] "GET /xingrg/kc/buy/cgsh_order_operate.html?command=get_materiel&rest_code=00101&code=00101006002&supplier_code=00100139&order_time=2020-08-19 HTTP/1.1" 200 438
114.89.80.44 - - [19/Aug/2020:09:37:10 +0800] "GET /xingrg/all/function/internal_message.html?_=1597801147259&CODE_STATE=getMsg HTTP/1.1" 200 27
114.89.80.44 - - [19/Aug/2020:09:37:11 +0800] "GET /xingrg/kc/buy/cgsh_order_operate.html?command=get_materiel&rest_code=00150&code=00101008229&supplier_code=00100007&order_time=2020-08-19 HTTP/1.1" 200 420
120.253.135.82 - - [19/Aug/2020:09:37:14 +0800] "GET /xingrg/all/function/internal_message.html?_=1597800784681&CODE_STATE=getMsg HTTP/1.1" 200 27
114.88.153.118 - - [19/Aug/2020:09:37:15 +0800] "GET /xingrg/all/function/internal_message.html?_=1597801031188&CODE_STATE=getMsg HTTP/1.1" 302 -
114.88.153.118 - - [19/Aug/2020:09:37:19 +0800] "GET /xingrg/check_reg.html?_=1597800680587 HTTP/1.1" 302 -
114.88.153.118 - - [19/Aug/2020:09:37:19 +0800] "GET /xingrg/login.html HTTP/1.1" 200 7641
58.221.95.50 - - [19/Aug/2020:09:37:21 +0800] "GET /xingrg/check_reg.html?_=1597801170616 HTTP/1.1" 200 22
58.221.95.50 - - [19/Aug/2020:09:37:21 +0800] "GET /xingrg/all/function/internal_message.html?_=1597801170619&CODE_STATE=getMsg HTTP/1.1" 200 27
218.81.217.115 - - [19/Aug/2020:09:37:23 +0800] "GET /xingrg/all/function/internal_message.html?_=1597801049837&CODE_STATE=getMsg HTTP/1.1" 200 27
172.17.0.102 - - [19/Aug/2020:09:37:24 +0800] "GET /xingrg/all/function/internal_message.html?_=1597801044008&CODE_STATE=getMsg HTTP/1.1" 200 27
114.88.166.242 - - [19/Aug/2020:09:37:26 +0800] "GET /xingrg/all/function/internal_message.html?_=1597801092641&CODE_STATE=getMsg HTTP/1.1" 200 27
114.88.166.242 - - [19/Aug/2020:09:37:26 +0800] "GET /xingrg/check_reg.html?_=1597801092640 HTTP/1.1" 200 22
180.175.214.200 - - [19/Aug/2020:09:37:29 +0800] "GET /xingrg/login.html HTTP/1.1" 200 7641
120.253.135.82 - - [19/Aug/2020:09:37:30 +0800] "POST /xingrg/kc/buy/cgsh_order_operate.html HTTP/1.1" 200 37
172.17.0.123 - - [19/Aug/2020:09:37:31 +0800] "GET /xingrg/all/function/internal_message.html?_=1597800962478&CODE_STATE=getMsg HTTP/1.1" 200 27
120.253.135.82 - - [19/Aug/2020:09:37:31 +0800] "POST /xingrg/kc/buy/cgsh_order_operate.html HTTP/1.1" 200 2671
180.175.214.200 - - [19/Aug/2020:09:37:31 +0800] "GET /favicon.ico HTTP/1.1" 404 -
172.17.200.101 - - [19/Aug/2020:09:37:33 +0800] "GET /xingrg/all/function/internal_message.html?_=1597801054040&CODE_STATE=getMsg HTTP/1.1" 200 27
116.230.74.197 - - [19/Aug/2020:09:37:36 +0800] "GET /xingrg/all/function/internal_message.html?_=1597801053195&CODE_STATE=getMsg HTTP/1.1" 200 27
180.175.214.200 - - [19/Aug/2020:09:37:37 +0800] "POST /xingrg/login.do HTTP/1.1" 302 -
180.175.214.200 - - [19/Aug/2020:09:37:37 +0800] "GET /xingrg/index.html?sysBaseUrl=http%3A%2F%2F180.169.147.146%3A18081%2Fxingrg%2F&costTime=39×tamp=1597801057482 HTTP/1.1" 200 17173
180.175.214.200 - - [19/Aug/2020:09:37:37 +0800] "GET /xingrg/javascript/jquery_easy_ui/themes/default/easyui.css HTTP/1.1" 304 -
180.175.214.200 - - [19/Aug/2020:09:37:37 +0800] "GET /xingrg/css/form.css HTTP/1.1" 304 -
180.175.214.200 - - [19/Aug/2020:09:37:37 +0800] "GET /xingrg/javascript/jquery_easy_ui/jquery.easyui.min.js HTTP/1.1" 304 -
180.175.214.200 - - [19/Aug/2020:09:37:37 +0800] "GET /xingrg/javascript/jquery-1.4.2.min.js HTTP/1.1" 304 -
180.175.214.200 - - [19/Aug/2020:09:37:37 +0800] "GET /xingrg/javascript/jquery_easy_ui/themes/icon.css HTTP/1.1" 304 -
180.175.214.200 - - [19/Aug/2020:09:37:37 +0800] "GET /xingrg/javascript/jquery_easy_ui/easyui-lang-zh_CN.js HTTP/1.1" 304 -
180.175.214.200 - - [19/Aug/2020:09:37:37 +0800] "GET /xingrg/javascript/jquery.form.js HTTP/1.1" 304 -
180.175.214.200 - - [19/Aug/2020:09:37:37 +0800] "GET /xingrg/javascript/jquery.utils.js HTTP/1.1" 304 -
180.175.214.200 - - [19/Aug/2020:09:37:37 +0800] "GET /xingrg/javascript/jquery.timers.js HTTP/1.1" 304 -
180.175.214.200 - - [19/Aug/2020:09:37:38 +0800] "GET /favicon.ico HTTP/1.1" 404 -
180.175.214.200 - - [19/Aug/2020:09:37:38 +0800] "POST /xingrg/all/common/load_tree.html?tree=area_rest_tree_json&manage=1 HTTP/1.1" 200 342
180.175.214.200 - - [19/Aug/2020:09:37:39 +0800] "GET /xingrg/all/function/internal_message.html?_=1597801262883&CODE_STATE=count HTTP/1.1" 200 11
180.175.214.200 - - [19/Aug/2020:09:37:39 +0800] "GET /xingrg/check_reg.html?_=1597801262884 HTTP/1.1" 200 22
180.175.214.200 - - [19/Aug/2020:09:37:39 +0800] "POST /xingrg/load_menu.html HTTP/1.1" 200 5138
114.89.80.44 - - [19/Aug/2020:09:37:39 +0800] "GET /xingrg/javascript/jquery_tools/order_manager.js HTTP/1.1" 304 -
114.89.80.44 - - [19/Aug/2020:09:37:39 +0800] "GET /xingrg/javascript/json2.js HTTP/1.1" 304 -
114.89.80.44 - - [19/Aug/2020:09:37:39 +0800] "GET /xingrg/javascript/convert.js HTTP/1.1" 304 -
114.89.80.44 - - [19/Aug/2020:09:37:39 +0800] "GET /xingrg/javascript/pic_change.js HTTP/1.1" 304 -
114.89.80.44 - - [19/Aug/2020:09:37:39 +0800] "GET /xingrg/javascript/print/kc_print.js HTTP/1.1" 304 -
114.89.80.44 - - [19/Aug/2020:09:37:39 +0800] "GET /xingrg/kc/buy/cgsh_order_add.html HTTP/1.1" 200 59315
114.89.80.44 - - [19/Aug/2020:09:37:39 +0800] "GET /xingrg/words/20200818174345_words.js HTTP/1.1" 304 -
120.253.135.82 - - [19/Aug/2020:09:37:39 +0800] "GET /xingrg/kc/buy/cgsh_order_operate.html?command=get_materiel&rest_code=00101&code=00101007003&supplier_code=00100139&order_time=2020-08-19 HTTP/1.1" 200 417
114.89.80.44 - - [19/Aug/2020:09:37:39 +0800] "POST /xingrg/kc/buy/cgsh_order_operate.html HTTP/1.1" 200 8245
114.89.80.44 - - [19/Aug/2020:09:37:40 +0800] "GET /xingrg/all/common/auto_word.html?type=employee&rest_code=00150 HTTP/1.1" 200 205
114.89.80.44 - - [19/Aug/2020:09:37:40 +0800] "GET /xingrg/all/common/auto_word.html?type=employee&rest_code=00150 HTTP/1.1" 200 205
114.89.80.44 - - [19/Aug/2020:09:37:40 +0800] "GET /xingrg/javascript/easyui/themes/default/validatebox.css HTTP/1.1" 404 1104
114.89.80.44 - - [19/Aug/2020:09:37:40 +0800] "GET /xingrg/javascript/easyui/plugins/jquery.validatebox.js HTTP/1.1" 304 -
114.89.80.44 - - [19/Aug/2020:09:37:40 +0800] "GET /xingrg/javascript/easyui/plugins/jquery.numberbox.js HTTP/1.1" 304 -
117.184.7.26 - - [19/Aug/2020:09:37:41 +0800] "GET /xingrg/all/function/internal_message.html?_=1597801054374&CODE_STATE=getMsg HTTP/1.1" 200 27
61.172.5.115 - - [19/Aug/2020:09:37:43 +0800] "GET /xingrg/all/function/internal_message.html?_=1597801062241&CODE_STATE=getMsg HTTP/1.1" 200 27
114.89.80.44 - - [19/Aug/2020:09:37:47 +0800] "GET /xingrg/all/function/internal_message.html?_=1597801066393&CODE_STATE=getMsg HTTP/1.1" 200 27
172.17.0.101 - - [19/Aug/2020:09:37:51 +0800] "GET /xingrg/all/function/internal_message.html?_=1597801075455&CODE_STATE=getMsg HTTP/1.1" 302 -
114.89.80.44 - - [19/Aug/2020:09:37:52 +0800] "GET /xingrg/kc/buy/cgsh_order_operate.html?command=get_materiel&rest_code=00150&code=00101008298&supplier_code=00100007&order_time=2020-08-19 HTTP/1.1" 200 412
114.88.166.242 - - [19/Aug/2020:09:37:55 +0800] "GET /xingrg/check_reg.html?_=1597801073640 HTTP/1.1" 200 22
114.88.166.242 - - [19/Aug/2020:09:37:56 +0800] "GET /xingrg/all/function/internal_message.html?_=1597801074059&CODE_STATE=getMsg HTTP/1.1" 200 27
114.89.80.44 - - [19/Aug/2020:09:37:58 +0800] "GET /xingrg/kc/buy/cgsh_order_operate.html?command=get_materiel&rest_code=00150&code=00101008283&supplier_code=00100007&order_time=2020-08-19 HTTP/1.1" 200 408
222.69.135.163 - - [19/Aug/2020:09:37:59 +0800] "GET /xingrg/all/function/internal_message.html?_=1597801073670&CODE_STATE=getMsg HTTP/1.1" 200 27
172.17.0.120 - - [19/Aug/2020:09:37:59 +0800] "GET /xingrg/all/function/internal_message.html?_=1597801088273&CODE_STATE=getMsg HTTP/1.1" 200 27
120.253.135.82 - - [19/Aug/2020:09:38:01 +0800] "GET /xingrg/kc/buy/cgsh_order_operate.html?command=get_materiel&rest_code=00101&code=00101013002&supplier_code=00100139&order_time=2020-08-19 HTTP/1.1" 200 425
61.172.5.115 - - [19/Aug/2020:09:38:01 +0800] "GET /xingrg/all/function/internal_message.html?_=1597801069468&CODE_STATE=getMsg HTTP/1.1" 200 27
114.89.80.44 - - [19/Aug/2020:09:38:04 +0800] "GET /xingrg/kc/buy/cgsh_order_operate.html?command=get_materiel&rest_code=00150&code=00101008085&supplier_code=00100007&order_time=2020-08-19 HTTP/1.1" 200 412
114.89.80.44 - - [19/Aug/2020:09:38:10 +0800] "GET /xingrg/all/function/internal_message.html?_=1597801207270&CODE_STATE=getMsg HTTP/1.1" 200 27
114.89.80.44 - - [19/Aug/2020:09:38:11 +0800] "GET /xingrg/kc/buy/cgsh_order_operate.html?command=get_materiel&rest_code=00150&code=00101016071&supplier_code=00100007&order_time=2020-08-19 HTTP/1.1" 200 416
114.89.80.44 - - [19/Aug/2020:09:38:13 +0800] "POST /xingrg/kc/buy/cgsh_order_operate.html HTTP/1.1" 200 2065
120.253.135.82 - - [19/Aug/2020:09:38:14 +0800] "GET /xingrg/all/function/internal_message.html?_=1597800844694&CODE_STATE=getMsg HTTP/1.1" 200 27
114.88.153.118 - - [19/Aug/2020:09:38:15 +0800] "GET /xingrg/all/function/internal_message.html?_=1597801091167&CODE_STATE=getMsg HTTP/1.1" 302 -
114.89.80.44 - - [19/Aug/2020:09:38:18 +0800] "GET /xingrg/kc/buy/cgsh_order_operate.html?command=get_materiel&rest_code=00150&code=00101008344&supplier_code=00100007&order_time=2020-08-19 HTTP/1.1" 200 412
58.221.95.50 - - [19/Aug/2020:09:38:21 +0800] "GET /xingrg/all/function/internal_message.html?_=1597801230604&CODE_STATE=getMsg HTTP/1.1" 200 27
114.89.80.44 - - [19/Aug/2020:09:38:22 +0800] "GET /xingrg/javascript/auto/indicator.gif HTTP/1.1" 404 1066
218.81.217.115 - - [19/Aug/2020:09:38:23 +0800] "GET /xingrg/all/function/internal_message.html?_=1597801110129&CODE_STATE=getMsg HTTP/1.1" 200 27
172.17.0.102 - - [19/Aug/2020:09:38:24 +0800] "GET /xingrg/check_reg.html?_=1597801103994 HTTP/1.1" 200 22
172.17.0.102 - - [19/Aug/2020:09:38:24 +0800] "GET /xingrg/all/function/internal_message.html?_=1597801103996&CODE_STATE=getMsg HTTP/1.1" 200 27
114.89.80.44 - - [19/Aug/2020:09:38:24 +0800] "GET /xingrg/kc/buy/cgsh_order_operate.html?command=get_materiel&rest_code=00150&code=00101008297&supplier_code=00100007&order_time=2020-08-19 HTTP/1.1" 200 412
114.88.166.242 - - [19/Aug/2020:09:38:26 +0800] "GET /xingrg/all/function/internal_message.html?_=1597801152640&CODE_STATE=getMsg HTTP/1.1" 200 27
172.17.0.123 - - [19/Aug/2020:09:38:31 +0800] "GET /xingrg/all/function/internal_message.html?_=1597801022464&CODE_STATE=getMsg HTTP/1.1" 200 27
114.89.80.44 - - [19/Aug/2020:09:38:31 +0800] "GET /xingrg/kc/buy/cgsh_order_operate.html?command=get_materiel&rest_code=00150&code=00101006055&supplier_code=00100012&order_time=2020-08-19 HTTP/1.1" 200 409
172.17.200.101 - - [19/Aug/2020:09:38:33 +0800] "GET /xingrg/all/function/internal_message.html?_=1597801114040&CODE_STATE=getMsg HTTP/1.1" 200 27
172.17.200.101 - - [19/Aug/2020:09:38:33 +0800] "GET /xingrg/check_reg.html?_=1597801114052 HTTP/1.1" 200 22
116.230.74.197 - - [19/Aug/2020:09:38:36 +0800] "GET /xingrg/all/function/internal_message.html?_=1597801113198&CODE_STATE=getMsg HTTP/1.1" 200 27
120.253.135.82 - - [19/Aug/2020:09:38:36 +0800] "POST /xingrg/kc/buy/cgsh_order_operate.html HTTP/1.1" 200 37
120.253.135.82 - - [19/Aug/2020:09:38:37 +0800] "POST /xingrg/kc/buy/cgsh_order_operate.html HTTP/1.1" 200 3883
180.175.214.200 - - [19/Aug/2020:09:38:38 +0800] "GET /xingrg/all/function/internal_message.html?_=1597801322890&CODE_STATE=getMsg HTTP/1.1" 200 27
117.184.7.26 - - [19/Aug/2020:09:38:41 +0800] "GET /xingrg/all/function/internal_message.html?_=1597801114374&CODE_STATE=getMsg HTTP/1.1" 200 27
114.89.80.44 - - [19/Aug/2020:09:38:42 +0800] "GET /xingrg/kc/buy/cgsh_order_operate.html?command=get_materiel&rest_code=00150&code=00101008101&supplier_code=00100007&order_time=2020-08-19 HTTP/1.1" 200 412
61.172.5.115 - - [19/Aug/2020:09:38:43 +0800] "GET /xingrg/all/function/internal_message.html?_=1597801122240&CODE_STATE=getMsg HTTP/1.1" 200 27
114.89.80.44 - - [19/Aug/2020:09:38:47 +0800] "GET /xingrg/all/function/internal_message.html?_=1597801126428&CODE_STATE=getMsg HTTP/1.1" 200 27
172.17.0.101 - - [19/Aug/2020:09:38:51 +0800] "GET /xingrg/all/function/internal_message.html?_=1597801135594&CODE_STATE=getMsg HTTP/1.1" 302 -
114.88.166.242 - - [19/Aug/2020:09:38:56 +0800] "GET /xingrg/all/function/internal_message.html?_=1597801134075&CODE_STATE=getMsg HTTP/1.1" 200 27
120.253.135.82 - - [19/Aug/2020:09:38:58 +0800] "POST /xingrg/kc/buy/cgsh_order_operate.html HTTP/1.1" 200 37
222.69.135.163 - - [19/Aug/2020:09:38:59 +0800] "GET /xingrg/all/function/internal_message.html?_=1597801133672&CODE_STATE=getMsg HTTP/1.1" 200 27
172.17.0.120 - - [19/Aug/2020:09:38:59 +0800] "GET /xingrg/all/function/internal_message.html?_=1597801148262&CODE_STATE=getMsg HTTP/1.1" 200 27
120.253.135.82 - - [19/Aug/2020:09:38:59 +0800] "POST /xingrg/kc/buy/cgsh_order_operate.html HTTP/1.1" 200 3883
61.172.5.115 - - [19/Aug/2020:09:39:01 +0800] "GET /xingrg/all/function/internal_message.html?_=1597801129469&CODE_STATE=getMsg HTTP/1.1" 200 27
120.253.135.82 - - [19/Aug/2020:09:39:07 +0800] "POST /xingrg/kc/buy/cgsh_order_operate.html HTTP/1.1" 200 37
114.89.80.44 - - [19/Aug/2020:09:39:09 +0800] "GET /xingrg/check_reg.html?_=1597801266543 HTTP/1.1" 200 22
120.253.135.82 - - [19/Aug/2020:09:39:09 +0800] "POST /xingrg/kc/buy/cgsh_order_operate.html HTTP/1.1" 200 12
114.89.80.44 - - [19/Aug/2020:09:39:10 +0800] "GET /xingrg/all/function/internal_message.html?_=1597801267283&CODE_STATE=getMsg HTTP/1.1" 200 27
120.253.135.82 - - [19/Aug/2020:09:39:10 +0800] "GET /xingrg/kc/buy/cgsh_order_info.html?code=212020081907936 HTTP/1.1" 200 53518
120.253.135.82 - - [19/Aug/2020:09:39:11 +0800] "GET /xingrg/javascript/easyui/themes/default/validatebox.css HTTP/1.1" 404 1104
120.253.135.82 - - [19/Aug/2020:09:39:11 +0800] "POST /xingrg/kc/buy/cgsh_order_operate.html HTTP/1.1" 200 1833
120.253.135.82 - - [19/Aug/2020:09:39:14 +0800] "GET /xingrg/all/function/internal_message.html?_=1597800904708&CODE_STATE=getMsg HTTP/1.1" 200 27
114.88.153.118 - - [19/Aug/2020:09:39:15 +0800] "GET /xingrg/all/function/internal_message.html?_=1597801151149&CODE_STATE=getMsg HTTP/1.1" 302 -
120.253.135.82 - - [19/Aug/2020:09:39:15 +0800] "GET /xingrg/kc/print/load_data.html?order_code=212020081907936&kc_code=cgsh&condition= HTTP/1.1" 200 1243
114.88.153.118 - - [19/Aug/2020:09:39:16 +0800] "GET /xingrg/check_reg.html?_=1597801152424 HTTP/1.1" 302 -
58.221.95.50 - - [19/Aug/2020:09:39:21 +0800] "GET /xingrg/all/function/internal_message.html?_=1597801290606&CODE_STATE=getMsg HTTP/1.1" 200 27
218.81.217.115 - - [19/Aug/2020:09:39:23 +0800] "GET /xingrg/all/function/internal_message.html?_=1597801170130&CODE_STATE=getMsg HTTP/1.1" 200 27
172.17.0.102 - - [19/Aug/2020:09:39:24 +0800] "GET /xingrg/all/function/internal_message.html?_=1597801164038&CODE_STATE=getMsg HTTP/1.1" 200 27
114.89.80.44 - - [19/Aug/2020:09:39:25 +0800] "GET /xingrg/kc/buy/cgsh_order_operate.html?command=get_materiel&rest_code=00150&code=00101006068&supplier_code=00100012&order_time=2020-08-19 HTTP/1.1" 200 409
114.88.166.242 - - [19/Aug/2020:09:39:26 +0800] "GET /xingrg/all/function/internal_message.html?_=1597801212638&CODE_STATE=getMsg HTTP/1.1" 200 27
172.17.0.123 - - [19/Aug/2020:09:39:31 +0800] "GET /xingrg/all/function/internal_message.html?_=1597801082466&CODE_STATE=getMsg HTTP/1.1" 200 27
172.17.200.101 - - [19/Aug/2020:09:39:33 +0800] "GET /xingrg/all/function/internal_message.html?_=1597801174051&CODE_STATE=getMsg HTTP/1.1" 200 27
114.88.166.242 - - [19/Aug/2020:09:39:35 +0800] "GET /xingrg/kc/buy/cgsh_order_list.html HTTP/1.1" 200 43641
116.230.74.197 - - [19/Aug/2020:09:39:36 +0800] "GET /xingrg/check_reg.html?_=1597801173197 HTTP/1.1" 200 22
116.230.74.197 - - [19/Aug/2020:09:39:36 +0800] "GET /xingrg/all/function/internal_message.html?_=1597801173199&CODE_STATE=getMsg HTTP/1.1" 200 27
114.88.166.242 - - [19/Aug/2020:09:39:37 +0800] "POST /xingrg/kc/buy/cgsh_list_operate.html HTTP/1.1" 200 2409
180.175.214.200 - - [19/Aug/2020:09:39:39 +0800] "GET /xingrg/all/function/internal_message.html?_=1597801382904&CODE_STATE=getMsg HTTP/1.1" 200 27
117.184.7.26 - - [19/Aug/2020:09:39:41 +0800] "GET /xingrg/all/function/internal_message.html?_=1597801174376&CODE_STATE=getMsg HTTP/1.1" 200 27
61.172.5.115 - - [19/Aug/2020:09:39:43 +0800] "GET /xingrg/all/function/internal_message.html?_=1597801182239&CODE_STATE=getMsg HTTP/1.1" 200 27
114.89.80.44 - - [19/Aug/2020:09:39:44 +0800] "GET /xingrg/kc/buy/cgsh_order_operate.html?command=get_materiel&rest_code=00150&code=00101006065&supplier_code=00100012&order_time=2020-08-19 HTTP/1.1" 200 409
114.89.80.44 - - [19/Aug/2020:09:39:47 +0800] "GET /xingrg/all/function/internal_message.html?_=1597801186401&CODE_STATE=getMsg HTTP/1.1" 200 27
172.17.0.101 - - [19/Aug/2020:09:39:51 +0800] "GET /xingrg/all/function/internal_message.html?_=1597801195607&CODE_STATE=getMsg HTTP/1.1" 302 -
114.88.166.242 - - [19/Aug/2020:09:39:56 +0800] "GET /xingrg/all/function/internal_message.html?_=1597801194088&CODE_STATE=getMsg HTTP/1.1" 200 27
218.81.217.115 - - [19/Aug/2020:09:39:56 +0800] "GET /xingrg/kc/buy/cgsh_order_add.html HTTP/1.1" 200 59385
218.81.217.115 - - [19/Aug/2020:09:39:57 +0800] "POST /xingrg/kc/buy/cgsh_order_operate.html HTTP/1.1" 200 8245
218.81.217.115 - - [19/Aug/2020:09:39:57 +0800] "GET /xingrg/javascript/easyui/themes/default/validatebox.css HTTP/1.1" 404 1104
222.69.135.163 - - [19/Aug/2020:09:39:59 +0800] "GET /xingrg/check_reg.html?_=1597801193671 HTTP/1.1" 200 22
222.69.135.163 - - [19/Aug/2020:09:39:59 +0800] "GET /xingrg/all/function/internal_message.html?_=1597801193672&CODE_STATE=getMsg HTTP/1.1" 200 27
172.17.0.120 - - [19/Aug/2020:09:39:59 +0800] "GET /xingrg/check_reg.html?_=1597801208267 HTTP/1.1" 200 22
172.17.0.120 - - [19/Aug/2020:09:39:59 +0800] "GET /xingrg/all/function/internal_message.html?_=1597801208272&CODE_STATE=getMsg HTTP/1.1" 200 27
61.172.5.115 - - [19/Aug/2020:09:40:01 +0800] "GET /xingrg/check_reg.html?_=1597801189468 HTTP/1.1" 200 22
61.172.5.115 - - [19/Aug/2020:09:40:01 +0800] "GET /xingrg/all/function/internal_message.html?_=1597801189472&CODE_STATE=getMsg HTTP/1.1" 200 27
114.89.80.44 - - [19/Aug/2020:09:40:06 +0800] "POST /xingrg/kc/buy/cgsh_order_operate.html HTTP/1.1" 200 37
