172.17.0.123 - - [19/Aug/2020:08:27:35 +0800] "GET /xingrg/all/function/internal_message.html?_=1597796770292&CODE_STATE=getMsg HTTP/1.1" 200 27
172.17.0.101 - - [19/Aug/2020:08:27:45 +0800] "GET /xingrg/all/function/internal_message.html?_=1597796869731&CODE_STATE=getMsg HTTP/1.1" 302 -
114.88.166.242 - - [19/Aug/2020:08:27:45 +0800] "GET /xingrg/all/function/internal_message.html?_=1597796911817&CODE_STATE=getMsg HTTP/1.1" 200 27
120.253.135.82 - - [19/Aug/2020:08:27:55 +0800] "GET /xingrg/all/function/internal_message.html?_=1597796626209&CODE_STATE=getMsg HTTP/1.1" 200 27
58.221.95.50 - - [19/Aug/2020:08:28:20 +0800] "GET /xingrg/all/function/internal_message.html?_=1597797030515&CODE_STATE=getMsg HTTP/1.1" 200 27
172.17.0.123 - - [19/Aug/2020:08:28:35 +0800] "GET /xingrg/all/function/internal_message.html?_=1597796830294&CODE_STATE=getMsg HTTP/1.1" 200 27
172.17.0.123 - - [19/Aug/2020:08:28:35 +0800] "GET /xingrg/check_reg.html?_=1597796830296 HTTP/1.1" 200 22
114.88.166.242 - - [19/Aug/2020:08:28:45 +0800] "GET /xingrg/all/function/internal_message.html?_=1597796971785&CODE_STATE=getMsg HTTP/1.1" 200 27
172.17.0.101 - - [19/Aug/2020:08:28:45 +0800] "GET /xingrg/all/function/internal_message.html?_=1597796929874&CODE_STATE=getMsg HTTP/1.1" 302 -
120.253.135.82 - - [19/Aug/2020:08:28:55 +0800] "GET /xingrg/all/function/internal_message.html?_=1597796686222&CODE_STATE=getMsg HTTP/1.1" 200 27
58.221.95.50 - - [19/Aug/2020:08:29:20 +0800] "GET /xingrg/all/function/internal_message.html?_=1597797090515&CODE_STATE=getMsg HTTP/1.1" 200 27
114.88.166.242 - - [19/Aug/2020:08:29:25 +0800] "GET /xingrg/kc/buy/cgsh_order_list.html HTTP/1.1" 200 43641
114.88.166.242 - - [19/Aug/2020:08:29:25 +0800] "POST /xingrg/kc/buy/cgsh_list_operate.html HTTP/1.1" 200 876
114.88.166.242 - - [19/Aug/2020:08:29:30 +0800] "GET /xingrg/kc/buy/cgsh_order_add.html HTTP/1.1" 200 59379
114.88.166.242 - - [19/Aug/2020:08:29:31 +0800] "GET /xingrg/all/common/auto_word.html?type=employee&rest_code=00111 HTTP/1.1" 200 205
114.88.166.242 - - [19/Aug/2020:08:29:31 +0800] "GET /xingrg/javascript/easyui/themes/default/validatebox.css HTTP/1.1" 404 1104
114.88.166.242 - - [19/Aug/2020:08:29:31 +0800] "GET /xingrg/all/common/auto_word.html?type=employee&rest_code=00111 HTTP/1.1" 200 205
114.88.166.242 - - [19/Aug/2020:08:29:31 +0800] "POST /xingrg/kc/buy/cgsh_order_operate.html HTTP/1.1" 200 8245
172.17.0.123 - - [19/Aug/2020:08:29:35 +0800] "GET /xingrg/all/function/internal_message.html?_=1597796890298&CODE_STATE=getMsg HTTP/1.1" 200 27
114.88.166.242 - - [19/Aug/2020:08:29:39 +0800] "GET /xingrg/kc/buy/cgsh_order_operate.html?command=get_materiel&rest_code=00111&code=00101002027&supplier_code=00100199&order_time=2020-08-19 HTTP/1.1" 200 432
114.88.166.242 - - [19/Aug/2020:08:29:45 +0800] "GET /xingrg/all/function/internal_message.html?_=1597797031778&CODE_STATE=getMsg HTTP/1.1" 200 27
172.17.0.101 - - [19/Aug/2020:08:29:45 +0800] "GET /xingrg/all/function/internal_message.html?_=1597796989883&CODE_STATE=getMsg HTTP/1.1" 302 -
114.88.166.242 - - [19/Aug/2020:08:29:47 +0800] "GET /xingrg/kc/buy/cgsh_order_operate.html?command=get_materiel&rest_code=00111&code=00101002006&supplier_code=00100199&order_time=2020-08-19 HTTP/1.1" 200 414
114.88.166.242 - - [19/Aug/2020:08:29:53 +0800] "POST /xingrg/kc/buy/cgsh_order_operate.html HTTP/1.1" 200 37
114.88.166.242 - - [19/Aug/2020:08:29:54 +0800] "POST /xingrg/kc/buy/cgsh_order_operate.html HTTP/1.1" 200 3256
114.88.166.242 - - [19/Aug/2020:08:29:55 +0800] "GET /xingrg/kc/print/load_config.html?kc_code=cgsh HTTP/1.1" 200 1845
114.88.166.242 - - [19/Aug/2020:08:29:55 +0800] "GET /xingrg/kc/print/load_data.html?order_code=212020081907902&kc_code=cgsh&condition= HTTP/1.1" 200 902
120.253.135.82 - - [19/Aug/2020:08:29:55 +0800] "GET /xingrg/all/function/internal_message.html?_=1597796746239&CODE_STATE=getMsg HTTP/1.1" 200 27
58.221.95.50 - - [19/Aug/2020:08:30:20 +0800] "GET /xingrg/all/function/internal_message.html?_=1597797150516&CODE_STATE=getMsg HTTP/1.1" 200 27
172.17.0.123 - - [19/Aug/2020:08:30:35 +0800] "GET /xingrg/all/function/internal_message.html?_=1597796950302&CODE_STATE=getMsg HTTP/1.1" 200 27
114.88.166.242 - - [19/Aug/2020:08:30:45 +0800] "GET /xingrg/all/function/internal_message.html?_=1597797091744&CODE_STATE=getMsg HTTP/1.1" 200 27
172.17.0.101 - - [19/Aug/2020:08:30:45 +0800] "GET /xingrg/all/function/internal_message.html?_=1597797050017&CODE_STATE=getMsg HTTP/1.1" 302 -
172.17.0.101 - - [19/Aug/2020:08:30:50 +0800] "GET /xingrg/check_reg.html?_=1597797054582 HTTP/1.1" 302 -
120.253.135.82 - - [19/Aug/2020:08:30:55 +0800] "GET /xingrg/all/function/internal_message.html?_=1597796806249&CODE_STATE=getMsg HTTP/1.1" 200 27
58.221.95.50 - - [19/Aug/2020:08:31:20 +0800] "GET /xingrg/all/function/internal_message.html?_=1597797210503&CODE_STATE=getMsg HTTP/1.1" 200 27
172.17.0.123 - - [19/Aug/2020:08:31:35 +0800] "GET /xingrg/all/function/internal_message.html?_=1597797010304&CODE_STATE=getMsg HTTP/1.1" 200 27
114.88.166.242 - - [19/Aug/2020:08:31:45 +0800] "GET /xingrg/check_reg.html?_=1597797151725 HTTP/1.1" 200 22
114.88.166.242 - - [19/Aug/2020:08:31:45 +0800] "GET /xingrg/all/function/internal_message.html?_=1597797151726&CODE_STATE=getMsg HTTP/1.1" 200 27
172.17.0.101 - - [19/Aug/2020:08:31:45 +0800] "GET /xingrg/all/function/internal_message.html?_=1597797110160&CODE_STATE=getMsg HTTP/1.1" 302 -
120.253.135.82 - - [19/Aug/2020:08:31:55 +0800] "GET /xingrg/check_reg.html?_=1597796866084 HTTP/1.1" 200 22
120.253.135.82 - - [19/Aug/2020:08:31:55 +0800] "GET /xingrg/all/function/internal_message.html?_=1597796866263&CODE_STATE=getMsg HTTP/1.1" 200 27
58.221.95.50 - - [19/Aug/2020:08:32:20 +0800] "GET /xingrg/all/function/internal_message.html?_=1597797270503&CODE_STATE=getMsg HTTP/1.1" 200 27
58.221.95.50 - - [19/Aug/2020:08:32:20 +0800] "GET /xingrg/check_reg.html?_=1597797270507 HTTP/1.1" 200 22
172.17.0.123 - - [19/Aug/2020:08:32:35 +0800] "GET /xingrg/all/function/internal_message.html?_=1597797070292&CODE_STATE=getMsg HTTP/1.1" 200 27
114.88.166.242 - - [19/Aug/2020:08:32:45 +0800] "GET /xingrg/all/function/internal_message.html?_=1597797211725&CODE_STATE=getMsg HTTP/1.1" 200 27
172.17.0.101 - - [19/Aug/2020:08:32:45 +0800] "GET /xingrg/all/function/internal_message.html?_=1597797170173&CODE_STATE=getMsg HTTP/1.1" 302 -
120.253.135.82 - - [19/Aug/2020:08:32:55 +0800] "GET /xingrg/all/function/internal_message.html?_=1597796926277&CODE_STATE=getMsg HTTP/1.1" 200 27
172.16.0.187 - - [19/Aug/2020:08:32:58 +0800] "GET /xingrg/check_reg.html?_=1597797177737 HTTP/1.1" 302 -
172.16.0.187 - - [19/Aug/2020:08:32:58 +0800] "GET /xingrg/all/function/internal_message.html?_=1597797177726&CODE_STATE=getMsg HTTP/1.1" 302 -
58.221.95.50 - - [19/Aug/2020:08:33:20 +0800] "GET /xingrg/all/function/internal_message.html?_=1597797330508&CODE_STATE=getMsg HTTP/1.1" 200 27
172.17.0.123 - - [19/Aug/2020:08:33:35 +0800] "GET /xingrg/all/function/internal_message.html?_=1597797130294&CODE_STATE=getMsg HTTP/1.1" 200 27
172.17.0.123 - - [19/Aug/2020:08:33:35 +0800] "GET /xingrg/check_reg.html?_=1597797130298 HTTP/1.1" 200 22
114.88.166.242 - - [19/Aug/2020:08:33:45 +0800] "GET /xingrg/all/function/internal_message.html?_=1597797271730&CODE_STATE=getMsg HTTP/1.1" 200 27
172.17.0.101 - - [19/Aug/2020:08:33:46 +0800] "GET /xingrg/all/function/internal_message.html?_=1597797230314&CODE_STATE=getMsg HTTP/1.1" 302 -
120.253.135.82 - - [19/Aug/2020:08:33:55 +0800] "GET /xingrg/all/function/internal_message.html?_=1597796986290&CODE_STATE=getMsg HTTP/1.1" 200 27
172.16.0.187 - - [19/Aug/2020:08:33:58 +0800] "GET /xingrg/all/function/internal_message.html?_=1597797237710&CODE_STATE=getMsg HTTP/1.1" 302 -
114.88.153.118 - - [19/Aug/2020:08:34:18 +0800] "GET /xingrg/all/function/internal_message.html?_=1597797252585&CODE_STATE=getMsg HTTP/1.1" 302 -
114.88.153.118 - - [19/Aug/2020:08:34:19 +0800] "GET /xingrg/login.html HTTP/1.1" 200 7641
222.69.135.163 - - [19/Aug/2020:08:34:19 +0800] "GET /favicon.ico HTTP/1.1" 404 -
58.221.95.50 - - [19/Aug/2020:08:34:20 +0800] "GET /xingrg/all/function/internal_message.html?_=1597797390509&CODE_STATE=getMsg HTTP/1.1" 200 27
172.17.0.123 - - [19/Aug/2020:08:34:35 +0800] "GET /xingrg/all/function/internal_message.html?_=1597797190300&CODE_STATE=getMsg HTTP/1.1" 200 27
114.88.166.242 - - [19/Aug/2020:08:34:45 +0800] "GET /xingrg/all/function/internal_message.html?_=1597797331728&CODE_STATE=getMsg HTTP/1.1" 200 27
172.17.0.101 - - [19/Aug/2020:08:34:46 +0800] "GET /xingrg/all/function/internal_message.html?_=1597797290325&CODE_STATE=getMsg HTTP/1.1" 302 -
120.253.135.82 - - [19/Aug/2020:08:34:55 +0800] "GET /xingrg/all/function/internal_message.html?_=1597797046307&CODE_STATE=getMsg HTTP/1.1" 200 27
172.16.0.187 - - [19/Aug/2020:08:34:58 +0800] "GET /xingrg/all/function/internal_message.html?_=1597797297683&CODE_STATE=getMsg HTTP/1.1" 302 -
114.88.153.118 - - [19/Aug/2020:08:35:16 +0800] "GET /xingrg/all/function/internal_message.html?_=1597797312558&CODE_STATE=getMsg HTTP/1.1" 302 -
58.221.95.50 - - [19/Aug/2020:08:35:20 +0800] "GET /xingrg/all/function/internal_message.html?_=1597797450511&CODE_STATE=getMsg HTTP/1.1" 200 27
172.17.0.123 - - [19/Aug/2020:08:35:35 +0800] "GET /xingrg/all/function/internal_message.html?_=1597797250304&CODE_STATE=getMsg HTTP/1.1" 200 27
114.88.166.242 - - [19/Aug/2020:08:35:45 +0800] "GET /xingrg/all/function/internal_message.html?_=1597797391726&CODE_STATE=getMsg HTTP/1.1" 200 27
172.17.0.101 - - [19/Aug/2020:08:35:46 +0800] "GET /xingrg/all/function/internal_message.html?_=1597797350471&CODE_STATE=getMsg HTTP/1.1" 302 -
172.17.0.101 - - [19/Aug/2020:08:35:50 +0800] "GET /xingrg/check_reg.html?_=1597797354587 HTTP/1.1" 302 -
120.253.135.82 - - [19/Aug/2020:08:35:55 +0800] "GET /xingrg/all/function/internal_message.html?_=1597797106317&CODE_STATE=getMsg HTTP/1.1" 200 27
172.16.0.187 - - [19/Aug/2020:08:35:58 +0800] "GET /xingrg/all/function/internal_message.html?_=1597797357658&CODE_STATE=getMsg HTTP/1.1" 302 -
218.81.217.115 - - [19/Aug/2020:08:36:07 +0800] "GET /xingrg/login.html HTTP/1.1" 200 7641
218.81.217.115 - - [19/Aug/2020:08:36:07 +0800] "GET /favicon.ico HTTP/1.1" 404 -
61.172.5.115 - - [19/Aug/2020:08:36:16 +0800] "GET /xingrg/index.html?sysBaseUrl=http%3A%2F%2F180.169.147.146%3A18081%2Fxingrg%2F&costTime=36×tamp=1585223203754 HTTP/1.1" 302 -
61.172.5.115 - - [19/Aug/2020:08:36:16 +0800] "GET /xingrg/login.html HTTP/1.1" 200 7641
114.88.153.118 - - [19/Aug/2020:08:36:16 +0800] "GET /xingrg/all/function/internal_message.html?_=1597797372539&CODE_STATE=getMsg HTTP/1.1" 302 -
218.81.217.115 - - [19/Aug/2020:08:36:17 +0800] "POST /xingrg/login.do HTTP/1.1" 302 -
218.81.217.115 - - [19/Aug/2020:08:36:17 +0800] "GET /xingrg/index.html?sysBaseUrl=http%3A%2F%2F180.169.147.146%3A18081%2Fxingrg%2F&costTime=37×tamp=1597797377562 HTTP/1.1" 200 17179
218.81.217.115 - - [19/Aug/2020:08:36:17 +0800] "GET /xingrg/javascript/jquery_easy_ui/themes/default/easyui.css HTTP/1.1" 304 -
218.81.217.115 - - [19/Aug/2020:08:36:17 +0800] "GET /xingrg/javascript/jquery_easy_ui/themes/icon.css HTTP/1.1" 304 -
218.81.217.115 - - [19/Aug/2020:08:36:17 +0800] "GET /xingrg/javascript/jquery-1.4.2.min.js HTTP/1.1" 304 -
218.81.217.115 - - [19/Aug/2020:08:36:17 +0800] "GET /xingrg/css/form.css HTTP/1.1" 304 -
218.81.217.115 - - [19/Aug/2020:08:36:17 +0800] "GET /xingrg/javascript/jquery.utils.js HTTP/1.1" 304 -
218.81.217.115 - - [19/Aug/2020:08:36:17 +0800] "GET /xingrg/javascript/jquery_easy_ui/jquery.easyui.min.js HTTP/1.1" 304 -
218.81.217.115 - - [19/Aug/2020:08:36:17 +0800] "GET /xingrg/javascript/jquery_easy_ui/easyui-lang-zh_CN.js HTTP/1.1" 304 -
218.81.217.115 - - [19/Aug/2020:08:36:17 +0800] "GET /xingrg/javascript/jquery.timers.js HTTP/1.1" 304 -
218.81.217.115 - - [19/Aug/2020:08:36:17 +0800] "GET /xingrg/javascript/jquery.form.js HTTP/1.1" 304 -
218.81.217.115 - - [19/Aug/2020:08:36:17 +0800] "POST /xingrg/all/common/load_tree.html?tree=area_rest_tree_json&manage=1 HTTP/1.1" 200 351
218.81.217.115 - - [19/Aug/2020:08:36:17 +0800] "GET /xingrg/all/function/internal_message.html?_=1597797384251&CODE_STATE=count HTTP/1.1" 200 11
218.81.217.115 - - [19/Aug/2020:08:36:17 +0800] "GET /xingrg/check_reg.html?_=1597797384253 HTTP/1.1" 200 22
61.172.5.115 - - [19/Aug/2020:08:36:17 +0800] "GET /favicon.ico HTTP/1.1" 404 -
218.81.217.115 - - [19/Aug/2020:08:36:17 +0800] "POST /xingrg/load_menu.html HTTP/1.1" 200 5138
218.81.217.115 - - [19/Aug/2020:08:36:17 +0800] "GET /favicon.ico HTTP/1.1" 404 -
218.81.217.115 - - [19/Aug/2020:08:36:20 +0800] "GET /xingrg/kc/buy/buy_main.html HTTP/1.1" 200 12412
218.81.217.115 - - [19/Aug/2020:08:36:20 +0800] "GET /xingrg/css/new_ie.css HTTP/1.1" 404 1036
218.81.217.115 - - [19/Aug/2020:08:36:20 +0800] "GET /xingrg/css/blue.css HTTP/1.1" 304 -
218.81.217.115 - - [19/Aug/2020:08:36:20 +0800] "GET /xingrg/javascript/pic_change.js HTTP/1.1" 304 -
218.81.217.115 - - [19/Aug/2020:08:36:20 +0800] "GET /xingrg/javascript/jquery_ui/themes/humanity/humanity.css HTTP/1.1" 304 -
218.81.217.115 - - [19/Aug/2020:08:36:20 +0800] "GET /xingrg/javascript/ToolTips.js HTTP/1.1" 304 -
218.81.217.115 - - [19/Aug/2020:08:36:20 +0800] "GET /xingrg/javascript/myfunction.js HTTP/1.1" 304 -
218.81.217.115 - - [19/Aug/2020:08:36:20 +0800] "GET /xingrg/javascript/jquery_ui/jquery-ui.min.js HTTP/1.1" 304 -
58.221.95.50 - - [19/Aug/2020:08:36:20 +0800] "GET /xingrg/all/function/internal_message.html?_=1597797510513&CODE_STATE=getMsg HTTP/1.1" 200 27
218.81.217.115 - - [19/Aug/2020:08:36:21 +0800] "GET /xingrg/images/yd/bt.gif HTTP/1.1" 404 1040
218.81.217.115 - - [19/Aug/2020:08:36:22 +0800] "GET /xingrg/css/base.css HTTP/1.1" 304 -
218.81.217.115 - - [19/Aug/2020:08:36:22 +0800] "GET /xingrg/css/site.css HTTP/1.1" 304 -
218.81.217.115 - - [19/Aug/2020:08:36:22 +0800] "GET /xingrg/javascript/jquery_tools/datebox.css HTTP/1.1" 304 -
218.81.217.115 - - [19/Aug/2020:08:36:22 +0800] "GET /xingrg/javascript/easyui/themes/default/easyui.css HTTP/1.1" 304 -
218.81.217.115 - - [19/Aug/2020:08:36:22 +0800] "GET /xingrg/javascript/easyui/themes/icon.css HTTP/1.1" 304 -
218.81.217.115 - - [19/Aug/2020:08:36:22 +0800] "GET /xingrg/javascript/auto/jquery.autocomplete.css HTTP/1.1" 304 -
218.81.217.115 - - [19/Aug/2020:08:36:22 +0800] "GET /xingrg/javascript/jquery_tools/fix.css HTTP/1.1" 304 -
218.81.217.115 - - [19/Aug/2020:08:36:22 +0800] "GET /xingrg/javascript/jquery_tools/table.css HTTP/1.1" 304 -
218.81.217.115 - - [19/Aug/2020:08:36:22 +0800] "GET /xingrg/kc/buy/cgsh_order_list.html HTTP/1.1" 200 43647
218.81.217.115 - - [19/Aug/2020:08:36:22 +0800] "GET /xingrg/javascript/jquery_tools/jquery.tools.min.js HTTP/1.1" 304 -
218.81.217.115 - - [19/Aug/2020:08:36:22 +0800] "GET /xingrg/javascript/jquery_tools/list_manager.js HTTP/1.1" 304 -
218.81.217.115 - - [19/Aug/2020:08:36:22 +0800] "GET /xingrg/javascript/jquery.cookie.js HTTP/1.1" 304 -
218.81.217.115 - - [19/Aug/2020:08:36:22 +0800] "GET /xingrg/javascript/auto/jquery.autocomplete.js HTTP/1.1" 304 -
218.81.217.115 - - [19/Aug/2020:08:36:22 +0800] "GET /xingrg/javascript/jquery_tools/jquery.tools.extend.js HTTP/1.1" 304 -
218.81.217.115 - - [19/Aug/2020:08:36:22 +0800] "GET /xingrg/javascript/jquery_tools/jquery.tools.table.js HTTP/1.1" 304 -
218.81.217.115 - - [19/Aug/2020:08:36:22 +0800] "GET /xingrg/javascript/jquery_tools/jquery.tools.hotkey.js HTTP/1.1" 304 -
218.81.217.115 - - [19/Aug/2020:08:36:22 +0800] "GET /xingrg/javascript/print/LodopFuncs.js HTTP/1.1" 304 -
218.81.217.115 - - [19/Aug/2020:08:36:22 +0800] "GET /xingrg/javascript/easyui/easyloader.js HTTP/1.1" 304 -
218.81.217.115 - - [19/Aug/2020:08:36:23 +0800] "GET /xingrg/javascript/easyui/plugins/jquery.parser.js HTTP/1.1" 304 -
218.81.217.115 - - [19/Aug/2020:08:36:24 +0800] "POST /xingrg/kc/buy/cgsh_list_operate.html HTTP/1.1" 200 1677
218.81.217.115 - - [19/Aug/2020:08:36:27 +0800] "GET /xingrg/javascript/jquery_tools/order_manager.js HTTP/1.1" 304 -
218.81.217.115 - - [19/Aug/2020:08:36:27 +0800] "GET /xingrg/javascript/convert.js HTTP/1.1" 304 -
218.81.217.115 - - [19/Aug/2020:08:36:27 +0800] "GET /xingrg/javascript/json2.js HTTP/1.1" 304 -
218.81.217.115 - - [19/Aug/2020:08:36:27 +0800] "GET /xingrg/javascript/print/kc_print.js HTTP/1.1" 304 -
218.81.217.115 - - [19/Aug/2020:08:36:27 +0800] "GET /xingrg/kc/buy/cgsh_order_add.html HTTP/1.1" 200 59385
218.81.217.115 - - [19/Aug/2020:08:36:27 +0800] "GET /xingrg/words/20200818174345_words.js HTTP/1.1" 304 -
218.81.217.115 - - [19/Aug/2020:08:36:27 +0800] "POST /xingrg/kc/buy/cgsh_order_operate.html HTTP/1.1" 200 8245
218.81.217.115 - - [19/Aug/2020:08:36:27 +0800] "GET /xingrg/all/common/auto_word.html?type=employee&rest_code=00146 HTTP/1.1" 200 197
218.81.217.115 - - [19/Aug/2020:08:36:27 +0800] "GET /xingrg/all/common/auto_word.html?type=employee&rest_code=00146 HTTP/1.1" 200 197
218.81.217.115 - - [19/Aug/2020:08:36:27 +0800] "GET /xingrg/javascript/easyui/themes/default/validatebox.css HTTP/1.1" 404 1104
218.81.217.115 - - [19/Aug/2020:08:36:27 +0800] "GET /xingrg/javascript/easyui/plugins/jquery.validatebox.js HTTP/1.1" 304 -
218.81.217.115 - - [19/Aug/2020:08:36:27 +0800] "GET /xingrg/javascript/easyui/plugins/jquery.numberbox.js HTTP/1.1" 304 -
218.81.217.115 - - [19/Aug/2020:08:36:30 +0800] "GET /xingrg/javascript/auto/indicator.gif HTTP/1.1" 404 1066
218.81.217.115 - - [19/Aug/2020:08:36:32 +0800] "GET /xingrg/javascript/jquery_tools/images/prev.gif HTTP/1.1" 404 1086
218.81.217.115 - - [19/Aug/2020:08:36:32 +0800] "GET /xingrg/javascript/jquery_tools/images/next.gif HTTP/1.1" 404 1086
172.17.0.123 - - [19/Aug/2020:08:36:35 +0800] "GET /xingrg/all/function/internal_message.html?_=1597797310308&CODE_STATE=getMsg HTTP/1.1" 200 27
218.81.217.115 - - [19/Aug/2020:08:36:40 +0800] "GET /xingrg/kc/buy/cgsh_order_operate.html?command=get_materiel&rest_code=00146&code=00101008248&supplier_code=00100005&order_time=2020-08-19 HTTP/1.1" 200 412
114.88.166.242 - - [19/Aug/2020:08:36:45 +0800] "GET /xingrg/all/function/internal_message.html?_=1597797451725&CODE_STATE=getMsg HTTP/1.1" 200 27
114.88.166.242 - - [19/Aug/2020:08:36:45 +0800] "GET /xingrg/check_reg.html?_=1597797451724 HTTP/1.1" 200 22
172.17.0.101 - - [19/Aug/2020:08:36:46 +0800] "GET /xingrg/all/function/internal_message.html?_=1597797410605&CODE_STATE=getMsg HTTP/1.1" 302 -
218.81.217.115 - - [19/Aug/2020:08:36:49 +0800] "GET /xingrg/kc/buy/cgsh_order_operate.html?command=get_materiel&rest_code=00146&code=00101008261&supplier_code=00100005&order_time=2020-08-19 HTTP/1.1" 200 410
120.253.135.82 - - [19/Aug/2020:08:36:55 +0800] "GET /xingrg/check_reg.html?_=1597797166086 HTTP/1.1" 200 22
120.253.135.82 - - [19/Aug/2020:08:36:55 +0800] "GET /xingrg/all/function/internal_message.html?_=1597797166331&CODE_STATE=getMsg HTTP/1.1" 200 27
172.16.0.187 - - [19/Aug/2020:08:36:58 +0800] "GET /xingrg/all/function/internal_message.html?_=1597797417641&CODE_STATE=getMsg HTTP/1.1" 302 -
114.88.153.118 - - [19/Aug/2020:08:37:16 +0800] "GET /xingrg/all/function/internal_message.html?_=1597797432515&CODE_STATE=getMsg HTTP/1.1" 302 -
218.81.217.115 - - [19/Aug/2020:08:37:17 +0800] "GET /xingrg/all/function/internal_message.html?_=1597797444264&CODE_STATE=getMsg HTTP/1.1" 200 27
58.221.95.50 - - [19/Aug/2020:08:37:20 +0800] "GET /xingrg/check_reg.html?_=1597797570515 HTTP/1.1" 200 22
58.221.95.50 - - [19/Aug/2020:08:37:20 +0800] "GET /xingrg/all/function/internal_message.html?_=1597797570518&CODE_STATE=getMsg HTTP/1.1" 200 27
172.17.0.123 - - [19/Aug/2020:08:37:35 +0800] "GET /xingrg/all/function/internal_message.html?_=1597797370294&CODE_STATE=getMsg HTTP/1.1" 200 27
114.88.166.242 - - [19/Aug/2020:08:37:45 +0800] "GET /xingrg/all/function/internal_message.html?_=1597797511723&CODE_STATE=getMsg HTTP/1.1" 200 27
172.17.0.101 - - [19/Aug/2020:08:37:46 +0800] "GET /xingrg/all/function/internal_message.html?_=1597797470617&CODE_STATE=getMsg HTTP/1.1" 302 -
218.81.217.115 - - [19/Aug/2020:08:37:46 +0800] "GET /xingrg/kc/buy/cgsh_order_operate.html?command=get_materiel&rest_code=00146&code=00101008087&supplier_code=00100005&order_time=2020-08-19 HTTP/1.1" 200 412
218.81.217.115 - - [19/Aug/2020:08:37:55 +0800] "GET /xingrg/kc/buy/cgsh_order_operate.html?command=get_materiel&rest_code=00146&code=00101008361&supplier_code=00100005&order_time=2020-08-19 HTTP/1.1" 200 427
120.253.135.82 - - [19/Aug/2020:08:37:55 +0800] "GET /xingrg/all/function/internal_message.html?_=1597797226345&CODE_STATE=getMsg HTTP/1.1" 200 27
172.16.0.187 - - [19/Aug/2020:08:37:58 +0800] "GET /xingrg/all/function/internal_message.html?_=1597797477616&CODE_STATE=getMsg HTTP/1.1" 302 -
218.81.217.115 - - [19/Aug/2020:08:38:06 +0800] "GET /xingrg/kc/buy/cgsh_order_operate.html?command=get_materiel&rest_code=00146&code=00101008355&supplier_code=00100005&order_time=2020-08-19 HTTP/1.1" 200 408
218.81.217.115 - - [19/Aug/2020:08:38:12 +0800] "GET /xingrg/kc/buy/cgsh_order_operate.html?command=get_materiel&rest_code=00146&code=00101008212&supplier_code=00100005&order_time=2020-08-19 HTTP/1.1" 200 412
114.88.153.118 - - [19/Aug/2020:08:38:16 +0800] "GET /xingrg/all/function/internal_message.html?_=1597797492488&CODE_STATE=getMsg HTTP/1.1" 302 -
218.81.217.115 - - [19/Aug/2020:08:38:17 +0800] "GET /xingrg/all/function/internal_message.html?_=1597797504278&CODE_STATE=getMsg HTTP/1.1" 200 27
218.81.217.115 - - [19/Aug/2020:08:38:19 +0800] "GET /xingrg/kc/buy/cgsh_order_operate.html?command=get_materiel&rest_code=00146&code=00101008115&supplier_code=00100005&order_time=2020-08-19 HTTP/1.1" 200 412
58.221.95.50 - - [19/Aug/2020:08:38:20 +0800] "GET /xingrg/all/function/internal_message.html?_=1597797630528&CODE_STATE=getMsg HTTP/1.1" 200 27
218.81.217.115 - - [19/Aug/2020:08:38:28 +0800] "GET /xingrg/kc/buy/cgsh_order_operate.html?command=get_materiel&rest_code=00146&code=00101008005&supplier_code=00100005&order_time=2020-08-19 HTTP/1.1" 200 412
172.17.0.123 - - [19/Aug/2020:08:38:35 +0800] "GET /xingrg/all/function/internal_message.html?_=1597797430296&CODE_STATE=getMsg HTTP/1.1" 200 27
172.17.0.123 - - [19/Aug/2020:08:38:35 +0800] "GET /xingrg/check_reg.html?_=1597797430298 HTTP/1.1" 200 22
218.81.217.115 - - [19/Aug/2020:08:38:38 +0800] "GET /xingrg/kc/buy/cgsh_order_operate.html?command=get_materiel&rest_code=00146&code=00101008027&supplier_code=00100005&order_time=2020-08-19 HTTP/1.1" 200 409
114.88.166.242 - - [19/Aug/2020:08:38:45 +0800] "GET /xingrg/all/function/internal_message.html?_=1597797571735&CODE_STATE=getMsg HTTP/1.1" 200 27
172.17.0.101 - - [19/Aug/2020:08:38:46 +0800] "GET /xingrg/all/function/internal_message.html?_=1597797530755&CODE_STATE=getMsg HTTP/1.1" 302 -
120.253.135.82 - - [19/Aug/2020:08:38:55 +0800] "GET /xingrg/all/function/internal_message.html?_=1597797286358&CODE_STATE=getMsg HTTP/1.1" 200 27
114.89.80.44 - - [19/Aug/2020:08:39:04 +0800] "GET /xingrg/login.html HTTP/1.1" 200 7641
114.89.80.44 - - [19/Aug/2020:08:39:05 +0800] "GET /favicon.ico HTTP/1.1" 404 -
218.81.217.115 - - [19/Aug/2020:08:39:05 +0800] "GET /xingrg/kc/buy/cgsh_order_operate.html?command=get_materiel&rest_code=00146&code=00101008132&supplier_code=00100005&order_time=2020-08-19 HTTP/1.1" 200 408
114.89.80.44 - - [19/Aug/2020:08:39:07 +0800] "POST /xingrg/login.do HTTP/1.1" 302 -
114.89.80.44 - - [19/Aug/2020:08:39:07 +0800] "GET /xingrg/index.html?sysBaseUrl=http%3A%2F%2F180.169.147.146%3A18081%2Fxingrg%2F&costTime=39×tamp=1597797547478 HTTP/1.1" 200 17179
114.89.80.44 - - [19/Aug/2020:08:39:07 +0800] "GET /xingrg/javascript/jquery_easy_ui/easyui-lang-zh_CN.js HTTP/1.1" 304 -
114.89.80.44 - - [19/Aug/2020:08:39:07 +0800] "GET /xingrg/javascript/jquery_easy_ui/themes/icon.css HTTP/1.1" 304 -
114.89.80.44 - - [19/Aug/2020:08:39:07 +0800] "GET /xingrg/css/form.css HTTP/1.1" 304 -
114.89.80.44 - - [19/Aug/2020:08:39:07 +0800] "GET /xingrg/javascript/jquery_easy_ui/jquery.easyui.min.js HTTP/1.1" 304 -
114.89.80.44 - - [19/Aug/2020:08:39:07 +0800] "GET /xingrg/javascript/jquery-1.4.2.min.js HTTP/1.1" 304 -
114.89.80.44 - - [19/Aug/2020:08:39:07 +0800] "GET /xingrg/javascript/jquery_easy_ui/themes/default/easyui.css HTTP/1.1" 304 -
114.89.80.44 - - [19/Aug/2020:08:39:07 +0800] "GET /xingrg/javascript/jquery.utils.js HTTP/1.1" 304 -
114.89.80.44 - - [19/Aug/2020:08:39:07 +0800] "GET /xingrg/javascript/jquery.form.js HTTP/1.1" 304 -
114.89.80.44 - - [19/Aug/2020:08:39:07 +0800] "GET /xingrg/javascript/jquery.timers.js HTTP/1.1" 304 -
114.89.80.44 - - [19/Aug/2020:08:39:07 +0800] "GET /favicon.ico HTTP/1.1" 404 -
114.89.80.44 - - [19/Aug/2020:08:39:08 +0800] "POST /xingrg/all/common/load_tree.html?tree=area_rest_tree_json&manage=1 HTTP/1.1" 200 476
114.89.80.44 - - [19/Aug/2020:08:39:09 +0800] "GET /xingrg/all/function/internal_message.html?_=1597797666478&CODE_STATE=count HTTP/1.1" 200 11
114.89.80.44 - - [19/Aug/2020:08:39:09 +0800] "GET /xingrg/check_reg.html?_=1597797666479 HTTP/1.1" 200 22
114.89.80.44 - - [19/Aug/2020:08:39:09 +0800] "POST /xingrg/load_menu.html HTTP/1.1" 200 5138
180.157.251.101 - - [19/Aug/2020:08:39:10 +0800] "GET /xingrg/login.html HTTP/1.1" 200 7641
218.81.217.115 - - [19/Aug/2020:08:39:12 +0800] "GET /xingrg/kc/buy/cgsh_order_operate.html?command=get_materiel&rest_code=00146&code=00101008354&supplier_code=00100005&order_time=2020-08-19 HTTP/1.1" 200 412
180.157.251.101 - - [19/Aug/2020:08:39:14 +0800] "GET /favicon.ico HTTP/1.1" 404 -
114.88.153.118 - - [19/Aug/2020:08:39:16 +0800] "GET /xingrg/all/function/internal_message.html?_=1597797552468&CODE_STATE=getMsg HTTP/1.1" 302 -
114.88.153.118 - - [19/Aug/2020:08:39:16 +0800] "GET /xingrg/check_reg.html?_=1597797552557 HTTP/1.1" 302 -
218.81.217.115 - - [19/Aug/2020:08:39:17 +0800] "GET /xingrg/all/function/internal_message.html?_=1597797564292&CODE_STATE=getMsg HTTP/1.1" 200 27
180.157.251.101 - - [19/Aug/2020:08:39:19 +0800] "GET /favicon.ico HTTP/1.1" 404 -
58.221.95.50 - - [19/Aug/2020:08:39:20 +0800] "GET /xingrg/all/function/internal_message.html?_=1597797690530&CODE_STATE=getMsg HTTP/1.1" 200 27
180.157.251.101 - - [19/Aug/2020:08:39:25 +0800] "POST /xingrg/login.do HTTP/1.1" 302 -
180.157.251.101 - - [19/Aug/2020:08:39:25 +0800] "GET /xingrg/index.html?sysBaseUrl=http%3A%2F%2F180.169.147.146%3A18081%2Fxingrg%2F&costTime=38×tamp=1597797565819 HTTP/1.1" 200 17179
180.157.251.101 - - [19/Aug/2020:08:39:26 +0800] "GET /favicon.ico HTTP/1.1" 404 -
180.157.251.101 - - [19/Aug/2020:08:39:26 +0800] "POST /xingrg/all/common/load_tree.html?tree=area_rest_tree_json&manage=1 HTTP/1.1" 200 351
180.157.251.101 - - [19/Aug/2020:08:39:26 +0800] "GET /xingrg/all/function/internal_message.html?_=1597797566947&CODE_STATE=count HTTP/1.1" 200 11
180.157.251.101 - - [19/Aug/2020:08:39:26 +0800] "GET /xingrg/check_reg.html?_=1597797566951 HTTP/1.1" 200 22
180.157.251.101 - - [19/Aug/2020:08:39:26 +0800] "POST /xingrg/load_menu.html HTTP/1.1" 200 5138
180.157.251.101 - - [19/Aug/2020:08:39:29 +0800] "GET /xingrg/kc/buy/cgsh_order_list.html HTTP/1.1" 200 43647
218.81.217.115 - - [19/Aug/2020:08:39:31 +0800] "GET /xingrg/kc/buy/cgsh_order_operate.html?command=get_materiel&rest_code=00146&code=00101008028&supplier_code=00100005&order_time=2020-08-19 HTTP/1.1" 200 412
180.157.251.101 - - [19/Aug/2020:08:39:32 +0800] "POST /xingrg/kc/buy/cgsh_list_operate.html HTTP/1.1" 200 876
180.157.251.101 - - [19/Aug/2020:08:39:33 +0800] "GET /xingrg/kc/buy/cgsh_order_add.html HTTP/1.1" 200 59385
180.157.251.101 - - [19/Aug/2020:08:39:33 +0800] "GET /xingrg/words/20200818174345_words.js HTTP/1.1" 304 -
180.157.251.101 - - [19/Aug/2020:08:39:34 +0800] "GET /xingrg/all/common/auto_word.html?type=employee&rest_code=00148 HTTP/1.1" 200 147
180.157.251.101 - - [19/Aug/2020:08:39:34 +0800] "GET /xingrg/all/common/auto_word.html?type=employee&rest_code=00148 HTTP/1.1" 200 147
180.157.251.101 - - [19/Aug/2020:08:39:34 +0800] "GET /xingrg/javascript/easyui/themes/default/validatebox.css HTTP/1.1" 404 1104
180.157.251.101 - - [19/Aug/2020:08:39:34 +0800] "POST /xingrg/kc/buy/cgsh_order_operate.html HTTP/1.1" 200 8245
172.17.0.123 - - [19/Aug/2020:08:39:35 +0800] "GET /xingrg/all/function/internal_message.html?_=1597797490300&CODE_STATE=getMsg HTTP/1.1" 200 27
180.157.251.101 - - [19/Aug/2020:08:39:35 +0800] "GET /xingrg/javascript/auto/indicator.gif HTTP/1.1" 404 1066
180.157.251.101 - - [19/Aug/2020:08:39:36 +0800] "GET /xingrg/javascript/jquery_tools/images/prev.gif HTTP/1.1" 404 1086
180.157.251.101 - - [19/Aug/2020:08:39:36 +0800] "GET /xingrg/javascript/jquery_tools/images/next.gif HTTP/1.1" 404 1086
180.157.251.101 - - [19/Aug/2020:08:39:40 +0800] "GET /xingrg/kc/buy/cgsh_order_operate.html?command=get_materiel&rest_code=00148&code=00101019492&supplier_code=00100030&order_time=2020-08-19 HTTP/1.1" 200 456
218.81.217.115 - - [19/Aug/2020:08:39:41 +0800] "GET /xingrg/kc/buy/cgsh_order_operate.html?command=get_materiel&rest_code=00146&code=00101008351&supplier_code=00100005&order_time=2020-08-19 HTTP/1.1" 200 408
114.88.166.242 - - [19/Aug/2020:08:39:45 +0800] "GET /xingrg/all/function/internal_message.html?_=1597797631726&CODE_STATE=getMsg HTTP/1.1" 200 27
172.17.0.101 - - [19/Aug/2020:08:39:46 +0800] "GET /xingrg/all/function/internal_message.html?_=1597797590768&CODE_STATE=getMsg HTTP/1.1" 302 -
218.81.217.115 - - [19/Aug/2020:08:39:48 +0800] "GET /xingrg/kc/buy/cgsh_order_operate.html?command=get_materiel&rest_code=00146&code=00101008096&supplier_code=00100005&order_time=2020-08-19 HTTP/1.1" 200 412
120.253.135.82 - - [19/Aug/2020:08:39:55 +0800] "GET /xingrg/all/function/internal_message.html?_=1597797346377&CODE_STATE=getMsg HTTP/1.1" 200 27
180.157.251.101 - - [19/Aug/2020:08:39:56 +0800] "POST /xingrg/kc/buy/cgsh_order_operate.html HTTP/1.1" 200 37
218.81.217.115 - - [19/Aug/2020:08:39:59 +0800] "GET /xingrg/kc/buy/cgsh_order_operate.html?command=get_materiel&rest_code=00146&code=00101008038&supplier_code=00100005&order_time=2020-08-19 HTTP/1.1" 200 412
218.81.217.115 - - [19/Aug/2020:08:40:07 +0800] "GET /xingrg/kc/buy/cgsh_order_operate.html?command=get_materiel&rest_code=00146&code=00101008088&supplier_code=00100005&order_time=2020-08-19 HTTP/1.1" 200 408
114.89.80.44 - - [19/Aug/2020:08:40:09 +0800] "GET /xingrg/all/function/internal_message.html?_=1597797726481&CODE_STATE=getMsg HTTP/1.1" 200 27
218.81.217.115 - - [19/Aug/2020:08:40:13 +0800] "GET /xingrg/kc/buy/cgsh_order_operate.html?command=get_materiel&rest_code=00146&code=00101008008&supplier_code=00100005&order_time=2020-08-19 HTTP/1.1" 200 412
114.88.153.118 - - [19/Aug/2020:08:40:16 +0800] "GET /xingrg/all/function/internal_message.html?_=1597797612441&CODE_STATE=getMsg HTTP/1.1" 302 -
218.81.217.115 - - [19/Aug/2020:08:40:17 +0800] "GET /xingrg/all/function/internal_message.html?_=1597797624306&CODE_STATE=getMsg HTTP/1.1" 200 27
58.221.95.50 - - [19/Aug/2020:08:40:20 +0800] "GET /xingrg/all/function/internal_message.html?_=1597797750530&CODE_STATE=getMsg HTTP/1.1" 200 27
172.17.0.123 - - [19/Aug/2020:08:40:35 +0800] "GET /xingrg/all/function/internal_message.html?_=1597797550304&CODE_STATE=getMsg HTTP/1.1" 200 27
61.172.5.115 - - [19/Aug/2020:08:40:40 +0800] "POST /xingrg/login.do HTTP/1.1" 200 2421
61.172.5.115 - - [19/Aug/2020:08:40:40 +0800] "GET /favicon.ico HTTP/1.1" 404 -
61.172.5.115 - - [19/Aug/2020:08:40:41 +0800] "GET /xingrg/login.html HTTP/1.1" 200 7641
61.172.5.115 - - [19/Aug/2020:08:40:41 +0800] "GET /favicon.ico HTTP/1.1" 404 -
61.172.5.115 - - [19/Aug/2020:08:40:42 +0800] "POST /xingrg/login.do HTTP/1.1" 302 -
61.172.5.115 - - [19/Aug/2020:08:40:42 +0800] "GET /xingrg/index.html?sysBaseUrl=http%3A%2F%2F180.169.147.146%3A18081%2Fxingrg%2F&costTime=43×tamp=1597797642564 HTTP/1.1" 200 17173
61.172.5.115 - - [19/Aug/2020:08:40:42 +0800] "GET /favicon.ico HTTP/1.1" 404 -
61.172.5.115 - - [19/Aug/2020:08:40:42 +0800] "POST /xingrg/all/common/load_tree.html?tree=area_rest_tree_json&manage=1 HTTP/1.1" 200 3216
61.172.5.115 - - [19/Aug/2020:08:40:42 +0800] "GET /xingrg/all/function/internal_message.html?_=1597797642153&CODE_STATE=count HTTP/1.1" 200 11
61.172.5.115 - - [19/Aug/2020:08:40:42 +0800] "GET /xingrg/check_reg.html?_=1597797642154 HTTP/1.1" 200 22
61.172.5.115 - - [19/Aug/2020:08:40:42 +0800] "POST /xingrg/load_menu.html HTTP/1.1" 200 5138
61.172.5.115 - - [19/Aug/2020:08:40:44 +0800] "GET /xingrg/kc/buy/cgsh_order_list.html HTTP/1.1" 200 43641
114.88.166.242 - - [19/Aug/2020:08:40:45 +0800] "GET /xingrg/all/function/internal_message.html?_=1597797691724&CODE_STATE=getMsg HTTP/1.1" 200 27
61.172.5.115 - - [19/Aug/2020:08:40:46 +0800] "POST /xingrg/kc/buy/cgsh_list_operate.html HTTP/1.1" 200 876
218.81.217.115 - - [19/Aug/2020:08:40:46 +0800] "GET /xingrg/kc/buy/cgsh_order_operate.html?command=get_materiel&rest_code=00146&code=00101008067&supplier_code=00100005&order_time=2020-08-19 HTTP/1.1" 200 416
172.17.0.101 - - [19/Aug/2020:08:40:46 +0800] "GET /xingrg/all/function/internal_message.html?_=1597797650902&CODE_STATE=getMsg HTTP/1.1" 302 -
61.172.5.115 - - [19/Aug/2020:08:40:47 +0800] "GET /xingrg/kc/buy/cgsh_order_add.html HTTP/1.1" 200 59379
61.172.5.115 - - [19/Aug/2020:08:40:47 +0800] "GET /xingrg/words/20200818174345_words.js HTTP/1.1" 304 -
61.172.5.115 - - [19/Aug/2020:08:40:48 +0800] "GET /xingrg/all/common/auto_word.html?type=employee&rest_code=00105 HTTP/1.1" 200 193
61.172.5.115 - - [19/Aug/2020:08:40:48 +0800] "GET /xingrg/all/common/auto_word.html?type=employee&rest_code=00105 HTTP/1.1" 200 193
61.172.5.115 - - [19/Aug/2020:08:40:48 +0800] "GET /xingrg/javascript/easyui/themes/default/validatebox.css HTTP/1.1" 404 1104
61.172.5.115 - - [19/Aug/2020:08:40:48 +0800] "POST /xingrg/kc/buy/cgsh_order_operate.html HTTP/1.1" 200 8245
61.172.5.115 - - [19/Aug/2020:08:40:49 +0800] "GET /xingrg/javascript/auto/indicator.gif HTTP/1.1" 404 1066
172.17.0.101 - - [19/Aug/2020:08:40:50 +0800] "GET /xingrg/check_reg.html?_=1597797654594 HTTP/1.1" 302 -
218.81.217.115 - - [19/Aug/2020:08:40:53 +0800] "GET /xingrg/kc/buy/cgsh_order_operate.html?command=get_materiel&rest_code=00146&code=00101008264&supplier_code=00100005&order_time=2020-08-19 HTTP/1.1" 200 412
218.81.217.115 - - [19/Aug/2020:08:40:54 +0800] "POST /xingrg/kc/buy/cgsh_order_operate.html HTTP/1.1" 200 2065
120.253.135.82 - - [19/Aug/2020:08:40:55 +0800] "GET /xingrg/all/function/internal_message.html?_=1597797406385&CODE_STATE=getMsg HTTP/1.1" 200 27
61.172.5.115 - - [19/Aug/2020:08:41:00 +0800] "GET /xingrg/kc/buy/cgsh_order_operate.html?command=get_materiel&rest_code=00105&code=00101012039&supplier_code=00100034&order_time=2020-08-19 HTTP/1.1" 200 408
218.81.217.115 - - [19/Aug/2020:08:41:04 +0800] "GET /xingrg/kc/buy/cgsh_order_operate.html?command=get_materiel&rest_code=00146&code=00101008356&supplier_code=00100005&order_time=2020-08-19 HTTP/1.1" 200 408
180.157.251.101 - - [19/Aug/2020:08:41:04 +0800] "GET /xingrg/all/function/internal_message.html?_=1597797664791&CODE_STATE=getMsg HTTP/1.1" 200 27
180.157.251.101 - - [19/Aug/2020:08:41:05 +0800] "POST /xingrg/kc/buy/cgsh_order_operate.html HTTP/1.1" 200 12
180.157.251.101 - - [19/Aug/2020:08:41:07 +0800] "GET /xingrg/kc/buy/cgsh_order_info.html?code=212020081907903 HTTP/1.1" 200 54288
180.157.251.101 - - [19/Aug/2020:08:41:07 +0800] "GET /xingrg/javascript/easyui/themes/default/validatebox.css HTTP/1.1" 404 1104
180.157.251.101 - - [19/Aug/2020:08:41:08 +0800] "POST /xingrg/kc/buy/cgsh_order_operate.html HTTP/1.1" 200 633
114.89.80.44 - - [19/Aug/2020:08:41:09 +0800] "GET /xingrg/all/function/internal_message.html?_=1597797786494&CODE_STATE=getMsg HTTP/1.1" 200 27
180.157.251.101 - - [19/Aug/2020:08:41:14 +0800] "GET /xingrg/kc/print/load_config.html?kc_code=cgsh HTTP/1.1" 200 1845
180.157.251.101 - - [19/Aug/2020:08:41:14 +0800] "GET /xingrg/kc/print/load_data.html?order_code=212020081907903&kc_code=cgsh&condition= HTTP/1.1" 200 773
114.88.153.118 - - [19/Aug/2020:08:41:16 +0800] "GET /xingrg/all/function/internal_message.html?_=1597797672416&CODE_STATE=getMsg HTTP/1.1" 302 -
218.81.217.115 - - [19/Aug/2020:08:41:17 +0800] "GET /xingrg/check_reg.html?_=1597797684256 HTTP/1.1" 200 22
218.81.217.115 - - [19/Aug/2020:08:41:17 +0800] "GET /xingrg/all/function/internal_message.html?_=1597797684382&CODE_STATE=getMsg HTTP/1.1" 200 27
58.221.95.50 - - [19/Aug/2020:08:41:20 +0800] "GET /xingrg/all/function/internal_message.html?_=1597797810530&CODE_STATE=getMsg HTTP/1.1" 200 27
61.172.5.115 - - [19/Aug/2020:08:41:22 +0800] "GET /xingrg/kc/buy/cgsh_order_operate.html?command=get_materiel&rest_code=00105&code=00101016071&supplier_code=00100034&order_time=2020-08-19 HTTP/1.1" 200 416
218.81.217.115 - - [19/Aug/2020:08:41:25 +0800] "GET /xingrg/kc/buy/cgsh_order_operate.html?command=get_materiel&rest_code=00146&code=00101008270&supplier_code=00100005&order_time=2020-08-19 HTTP/1.1" 200 412
180.157.251.101 - - [19/Aug/2020:08:41:28 +0800] "POST /xingrg/kc/buy/cgsh_list_operate.html HTTP/1.1" 200 876
180.157.251.101 - - [19/Aug/2020:08:41:29 +0800] "GET /xingrg/kc/mdqp/pssh_order_list.html HTTP/1.1" 200 17792
180.157.251.101 - - [19/Aug/2020:08:41:30 +0800] "POST /xingrg/kc/mdqp/pssh_list_operate.html HTTP/1.1" 200 5200
180.157.251.101 - - [19/Aug/2020:08:41:31 +0800] "POST /xingrg/kc/mdqp/pssh_list_operate.html HTTP/1.1" 200 735
180.157.251.101 - - [19/Aug/2020:08:41:33 +0800] "POST /xingrg/kc/mdqp/pssh_list_operate.html HTTP/1.1" 200 775
218.81.217.115 - - [19/Aug/2020:08:41:34 +0800] "GET /xingrg/kc/buy/cgsh_order_operate.html?command=get_materiel&rest_code=00146&code=00101008196&supplier_code=00100005&order_time=2020-08-19 HTTP/1.1" 200 416
180.157.251.101 - - [19/Aug/2020:08:41:35 +0800] "POST /xingrg/kc/mdqp/pssh_list_operate.html HTTP/1.1" 200 260
172.17.0.123 - - [19/Aug/2020:08:41:35 +0800] "GET /xingrg/all/function/internal_message.html?_=1597797610292&CODE_STATE=getMsg HTTP/1.1" 200 27
61.172.5.115 - - [19/Aug/2020:08:41:35 +0800] "POST /xingrg/kc/buy/cgsh_order_operate.html HTTP/1.1" 200 37
61.172.5.115 - - [19/Aug/2020:08:41:36 +0800] "POST /xingrg/kc/buy/cgsh_order_operate.html HTTP/1.1" 200 3248
61.172.5.115 - - [19/Aug/2020:08:41:37 +0800] "GET /xingrg/kc/print/load_config.html?kc_code=cgsh HTTP/1.1" 200 1845
61.172.5.115 - - [19/Aug/2020:08:41:37 +0800] "GET /xingrg/kc/print/load_data.html?order_code=212020081907904&kc_code=cgsh&condition= HTTP/1.1" 200 933
180.157.251.101 - - [19/Aug/2020:08:41:37 +0800] "POST /xingrg/kc/mdqp/pssh_list_operate.html HTTP/1.1" 200 352
180.157.251.101 - - [19/Aug/2020:08:41:39 +0800] "POST /xingrg/kc/mdqp/pssh_list_operate.html HTTP/1.1" 200 749
180.157.251.101 - - [19/Aug/2020:08:41:41 +0800] "POST /xingrg/kc/mdqp/pssh_list_operate.html HTTP/1.1" 200 760
218.81.217.115 - - [19/Aug/2020:08:41:41 +0800] "GET /xingrg/kc/buy/cgsh_order_operate.html?command=get_materiel&rest_code=00146&code=00101008286&supplier_code=00100005&order_time=2020-08-19 HTTP/1.1" 200 408
61.172.5.115 - - [19/Aug/2020:08:41:42 +0800] "GET /xingrg/all/function/internal_message.html?_=1597797702171&CODE_STATE=getMsg HTTP/1.1" 200 27
218.81.217.115 - - [19/Aug/2020:08:41:43 +0800] "POST /xingrg/kc/buy/cgsh_order_operate.html HTTP/1.1" 200 2065
180.157.251.101 - - [19/Aug/2020:08:41:43 +0800] "GET /xingrg/kc/mdqp/pssh_order_info.html?code=312020081600417 HTTP/1.1" 200 17256
180.157.251.101 - - [19/Aug/2020:08:41:43 +0800] "GET /xingrg/javascript/jquery_tools/jquery-1.4.2.min.js HTTP/1.1" 404 1094
180.157.251.101 - - [19/Aug/2020:08:41:44 +0800] "POST /xingrg/kc/mdqp/pssh_order_operate.html HTTP/1.1" 200 3104
180.157.251.101 - - [19/Aug/2020:08:41:44 +0800] "GET /xingrg/all/common/auto_word.html?type=base&rest_code=00148&rest_code=00148 HTTP/1.1" 200 1753
180.157.251.101 - - [19/Aug/2020:08:41:44 +0800] "GET /xingrg/javascript/easyui/themes/default/validatebox.css HTTP/1.1" 404 1104
114.88.166.242 - - [19/Aug/2020:08:41:45 +0800] "GET /xingrg/all/function/internal_message.html?_=1597797751725&CODE_STATE=getMsg HTTP/1.1" 200 27
114.88.166.242 - - [19/Aug/2020:08:41:45 +0800] "GET /xingrg/check_reg.html?_=1597797751724 HTTP/1.1" 200 22
172.17.0.101 - - [19/Aug/2020:08:41:46 +0800] "GET /xingrg/all/function/internal_message.html?_=1597797711039&CODE_STATE=getMsg HTTP/1.1" 302 -
218.81.217.115 - - [19/Aug/2020:08:41:48 +0800] "GET /xingrg/kc/buy/cgsh_order_operate.html?command=get_materiel&rest_code=00146&code=00101008131&supplier_code=00100005&order_time=2020-08-19 HTTP/1.1" 200 408
120.253.135.82 - - [19/Aug/2020:08:41:55 +0800] "GET /xingrg/check_reg.html?_=1597797466095 HTTP/1.1" 200 22
120.253.135.82 - - [19/Aug/2020:08:41:55 +0800] "GET /xingrg/all/function/internal_message.html?_=1597797466399&CODE_STATE=getMsg HTTP/1.1" 200 27
218.81.217.115 - - [19/Aug/2020:08:41:57 +0800] "GET /xingrg/kc/buy/cgsh_order_operate.html?command=get_materiel&rest_code=00146&code=00101008296&supplier_code=00100005&order_time=2020-08-19 HTTP/1.1" 200 416
61.172.5.115 - - [19/Aug/2020:08:42:01 +0800] "GET /xingrg/kc/buy/cgsh_order_add.html HTTP/1.1" 200 59379
61.172.5.115 - - [19/Aug/2020:08:42:02 +0800] "POST /xingrg/kc/buy/cgsh_order_operate.html HTTP/1.1" 200 8245
61.172.5.115 - - [19/Aug/2020:08:42:02 +0800] "GET /xingrg/javascript/easyui/themes/default/validatebox.css HTTP/1.1" 404 1104
180.157.251.101 - - [19/Aug/2020:08:42:04 +0800] "GET /xingrg/all/function/internal_message.html?_=1597797724764&CODE_STATE=getMsg HTTP/1.1" 200 27
180.157.251.101 - - [19/Aug/2020:08:42:05 +0800] "POST /xingrg/kc/mdqp/pssh_list_operate.html HTTP/1.1" 200 465
218.81.217.115 - - [19/Aug/2020:08:42:05 +0800] "GET /xingrg/kc/buy/cgsh_order_operate.html?command=get_materiel&rest_code=00146&code=00101013158&supplier_code=00100005&order_time=2020-08-19 HTTP/1.1" 200 409
180.157.251.101 - - [19/Aug/2020:08:42:07 +0800] "GET /xingrg/kc/mdqp/pssh_order_info.html?code=312020081800464 HTTP/1.1" 200 17281
180.157.251.101 - - [19/Aug/2020:08:42:07 +0800] "GET /xingrg/javascript/jquery_tools/jquery-1.4.2.min.js HTTP/1.1" 404 1094
180.157.251.101 - - [19/Aug/2020:08:42:07 +0800] "POST /xingrg/kc/mdqp/pssh_order_operate.html HTTP/1.1" 200 1623
180.157.251.101 - - [19/Aug/2020:08:42:08 +0800] "GET /xingrg/javascript/easyui/themes/default/validatebox.css HTTP/1.1" 404 1104
114.89.80.44 - - [19/Aug/2020:08:42:09 +0800] "GET /xingrg/all/function/internal_message.html?_=1597797846509&CODE_STATE=getMsg HTTP/1.1" 200 27
218.81.217.115 - - [19/Aug/2020:08:42:12 +0800] "GET /xingrg/kc/buy/cgsh_order_operate.html?command=get_materiel&rest_code=00146&code=00101008353&supplier_code=00100005&order_time=2020-08-19 HTTP/1.1" 200 408
114.88.153.118 - - [19/Aug/2020:08:42:16 +0800] "GET /xingrg/all/function/internal_message.html?_=1597797732389&CODE_STATE=getMsg HTTP/1.1" 302 -
218.81.217.115 - - [19/Aug/2020:08:42:17 +0800] "GET /xingrg/all/function/internal_message.html?_=1597797744395&CODE_STATE=getMsg HTTP/1.1" 200 27
218.81.217.115 - - [19/Aug/2020:08:42:19 +0800] "GET /xingrg/kc/buy/cgsh_order_operate.html?command=get_materiel&rest_code=00146&code=00101008213&supplier_code=00100005&order_time=2020-08-19 HTTP/1.1" 200 412
58.221.95.50 - - [19/Aug/2020:08:42:20 +0800] "GET /xingrg/all/function/internal_message.html?_=1597797870530&CODE_STATE=getMsg HTTP/1.1" 200 27
58.221.95.50 - - [19/Aug/2020:08:42:21 +0800] "GET /xingrg/check_reg.html?_=1597797870534 HTTP/1.1" 200 22
218.81.217.115 - - [19/Aug/2020:08:42:28 +0800] "GET /xingrg/kc/buy/cgsh_order_operate.html?command=get_materiel&rest_code=00146&code=00101008347&supplier_code=00100005&order_time=2020-08-19 HTTP/1.1" 200 408
218.81.217.115 - - [19/Aug/2020:08:42:30 +0800] "POST /xingrg/kc/buy/cgsh_order_operate.html HTTP/1.1" 200 2065
61.172.5.115 - - [19/Aug/2020:08:42:33 +0800] "GET /xingrg/kc/buy/cgsh_order_operate.html?command=get_materiel&rest_code=00105&code=00101006129&supplier_code=00100013&order_time=2020-08-19 HTTP/1.1" 200 451
180.157.251.101 - - [19/Aug/2020:08:42:34 +0800] "POST /xingrg/kc/mdqp/pssh_list_operate.html HTTP/1.1" 200 3820
180.157.251.101 - - [19/Aug/2020:08:42:35 +0800] "POST /xingrg/kc/mdqp/pssh_list_operate.html HTTP/1.1" 200 760
172.17.0.123 - - [19/Aug/2020:08:42:35 +0800] "GET /xingrg/all/function/internal_message.html?_=1597797670294&CODE_STATE=getMsg HTTP/1.1" 200 27
180.157.251.101 - - [19/Aug/2020:08:42:36 +0800] "POST /xingrg/kc/mdqp/pssh_list_operate.html HTTP/1.1" 200 735
180.157.251.101 - - [19/Aug/2020:08:42:37 +0800] "POST /xingrg/kc/mdqp/pssh_list_operate.html HTTP/1.1" 200 775
180.157.251.101 - - [19/Aug/2020:08:42:39 +0800] "POST /xingrg/kc/mdqp/pssh_list_operate.html HTTP/1.1" 200 749
218.81.217.115 - - [19/Aug/2020:08:42:39 +0800] "GET /xingrg/kc/buy/cgsh_order_operate.html?command=get_materiel&rest_code=00146&code=00101008154&supplier_code=00100005&order_time=2020-08-19 HTTP/1.1" 200 413
180.157.251.101 - - [19/Aug/2020:08:42:40 +0800] "POST /xingrg/kc/mdqp/pssh_list_operate.html HTTP/1.1" 200 457
180.157.251.101 - - [19/Aug/2020:08:42:42 +0800] "GET /xingrg/kc/mdqp/pssh_order_info.html?code=312020081800462 HTTP/1.1" 200 17281
180.157.251.101 - - [19/Aug/2020:08:42:42 +0800] "GET /xingrg/javascript/jquery_tools/jquery-1.4.2.min.js HTTP/1.1" 404 1094
61.172.5.115 - - [19/Aug/2020:08:42:42 +0800] "GET /xingrg/all/function/internal_message.html?_=1597797762159&CODE_STATE=getMsg HTTP/1.1" 200 27
180.157.251.101 - - [19/Aug/2020:08:42:42 +0800] "POST /xingrg/kc/mdqp/pssh_order_operate.html HTTP/1.1" 200 3655
180.157.251.101 - - [19/Aug/2020:08:42:43 +0800] "GET /xingrg/javascript/easyui/themes/default/validatebox.css HTTP/1.1" 404 1104
61.172.5.115 - - [19/Aug/2020:08:42:44 +0800] "GET /xingrg/kc/buy/cgsh_order_operate.html?command=get_materiel&rest_code=00105&code=00101006184&supplier_code=00100013&order_time=2020-08-19 HTTP/1.1" 200 408
114.88.166.242 - - [19/Aug/2020:08:42:45 +0800] "GET /xingrg/all/function/internal_message.html?_=1597797811722&CODE_STATE=getMsg HTTP/1.1" 200 27
172.17.0.101 - - [19/Aug/2020:08:42:46 +0800] "GET /xingrg/all/function/internal_message.html?_=1597797771042&CODE_STATE=getMsg HTTP/1.1" 302 -
180.157.251.101 - - [19/Aug/2020:08:42:46 +0800] "POST /xingrg/kc/mdqp/pssh_list_operate.html HTTP/1.1" 200 3820
218.81.217.115 - - [19/Aug/2020:08:42:46 +0800] "GET /xingrg/kc/buy/cgsh_order_operate.html?command=get_materiel&rest_code=00146&code=00101008017&supplier_code=00100005&order_time=2020-08-19 HTTP/1.1" 200 416
180.157.251.101 - - [19/Aug/2020:08:42:47 +0800] "POST /xingrg/kc/mdqp/pssh_list_operate.html HTTP/1.1" 200 457
180.157.251.101 - - [19/Aug/2020:08:42:48 +0800] "POST /xingrg/kc/mdqp/pssh_list_operate.html HTTP/1.1" 200 465
180.157.251.101 - - [19/Aug/2020:08:42:51 +0800] "GET /xingrg/kc/mdqp/pssh_order_info.html?code=312020081800463 HTTP/1.1" 200 17281
180.157.251.101 - - [19/Aug/2020:08:42:51 +0800] "GET /xingrg/javascript/jquery_tools/jquery-1.4.2.min.js HTTP/1.1" 404 1094
180.157.251.101 - - [19/Aug/2020:08:42:51 +0800] "POST /xingrg/kc/mdqp/pssh_order_operate.html HTTP/1.1" 200 1560
180.157.251.101 - - [19/Aug/2020:08:42:51 +0800] "GET /xingrg/javascript/easyui/themes/default/validatebox.css HTTP/1.1" 404 1104
61.172.5.115 - - [19/Aug/2020:08:42:52 +0800] "GET /xingrg/kc/buy/cgsh_order_operate.html?command=get_materiel&rest_code=00105&code=00101006195&supplier_code=00100013&order_time=2020-08-19 HTTP/1.1" 200 409
218.81.217.115 - - [19/Aug/2020:08:42:54 +0800] "GET /xingrg/kc/buy/cgsh_order_operate.html?command=get_materiel&rest_code=00146&code=00101008323&supplier_code=00100005&order_time=2020-08-19 HTTP/1.1" 200 408
120.253.135.82 - - [19/Aug/2020:08:42:55 +0800] "GET /xingrg/all/function/internal_message.html?_=1597797526412&CODE_STATE=getMsg HTTP/1.1" 200 27
61.172.5.115 - - [19/Aug/2020:08:42:59 +0800] "GET /xingrg/kc/buy/cgsh_order_operate.html?command=get_materiel&rest_code=00105&code=00101006115&supplier_code=00100013&order_time=2020-08-19 HTTP/1.1" 200 409
180.157.251.101 - - [19/Aug/2020:08:43:01 +0800] "POST /xingrg/kc/mdqp/pssh_list_operate.html HTTP/1.1" 200 3820
180.157.251.101 - - [19/Aug/2020:08:43:03 +0800] "POST /xingrg/kc/mdqp/pssh_list_operate.html HTTP/1.1" 200 352
180.157.251.101 - - [19/Aug/2020:08:43:04 +0800] "POST /xingrg/kc/mdqp/pssh_list_operate.html HTTP/1.1" 200 260
180.157.251.101 - - [19/Aug/2020:08:43:04 +0800] "GET /xingrg/all/function/internal_message.html?_=1597797784804&CODE_STATE=getMsg HTTP/1.1" 200 27
218.81.217.115 - - [19/Aug/2020:08:43:05 +0800] "POST /xingrg/kc/buy/cgsh_order_operate.html HTTP/1.1" 200 37
218.81.217.115 - - [19/Aug/2020:08:43:06 +0800] "POST /xingrg/kc/buy/cgsh_order_operate.html HTTP/1.1" 200 20991
180.157.251.101 - - [19/Aug/2020:08:43:06 +0800] "POST /xingrg/kc/mdqp/pssh_list_operate.html HTTP/1.1" 200 465
180.157.251.101 - - [19/Aug/2020:08:43:07 +0800] "GET /xingrg/kc/mdqp/pssh_order_info.html?code=312020081800464 HTTP/1.1" 200 17281
180.157.251.101 - - [19/Aug/2020:08:43:08 +0800] "GET /xingrg/javascript/jquery_tools/jquery-1.4.2.min.js HTTP/1.1" 404 1094
180.157.251.101 - - [19/Aug/2020:08:43:08 +0800] "POST /xingrg/kc/mdqp/pssh_order_operate.html HTTP/1.1" 200 1623
180.157.251.101 - - [19/Aug/2020:08:43:08 +0800] "GET /xingrg/javascript/easyui/themes/default/validatebox.css HTTP/1.1" 404 1104
114.89.80.44 - - [19/Aug/2020:08:43:09 +0800] "GET /xingrg/all/function/internal_message.html?_=1597797906522&CODE_STATE=getMsg HTTP/1.1" 200 27
61.172.5.115 - - [19/Aug/2020:08:43:09 +0800] "GET /xingrg/kc/buy/cgsh_order_operate.html?command=get_materiel&rest_code=00105&code=00101006109&supplier_code=00100013&order_time=2020-08-19 HTTP/1.1" 200 409
114.88.153.118 - - [19/Aug/2020:08:43:16 +0800] "GET /xingrg/all/function/internal_message.html?_=1597797792364&CODE_STATE=getMsg HTTP/1.1" 302 -
218.81.217.115 - - [19/Aug/2020:08:43:17 +0800] "GET /xingrg/all/function/internal_message.html?_=1597797804408&CODE_STATE=getMsg HTTP/1.1" 200 27
61.172.5.115 - - [19/Aug/2020:08:43:20 +0800] "GET /xingrg/kc/buy/cgsh_order_operate.html?command=get_materiel&rest_code=00105&code=00101006177&supplier_code=00100013&order_time=2020-08-19 HTTP/1.1" 200 409
