218.81.217.115 - - [18/Aug/2020:09:04:12 +0800] "POST /xingrg/kc/buy/cgsh_list_operate.html HTTP/1.1" 200 1677
61.172.5.115 - - [18/Aug/2020:09:04:13 +0800] "GET /xingrg/kc/buy/cgsh_order_operate.html?command=get_materiel&rest_code=00105&code=00101008196&supplier_code=00100203&order_time=2020-08-18 HTTP/1.1" 200 416
218.81.217.115 - - [18/Aug/2020:09:04:17 +0800] "GET /xingrg/javascript/convert.js HTTP/1.1" 304 -
218.81.217.115 - - [18/Aug/2020:09:04:17 +0800] "GET /xingrg/javascript/json2.js HTTP/1.1" 304 -
218.81.217.115 - - [18/Aug/2020:09:04:17 +0800] "GET /xingrg/javascript/jquery_tools/order_manager.js HTTP/1.1" 304 -
218.81.217.115 - - [18/Aug/2020:09:04:17 +0800] "GET /xingrg/javascript/print/kc_print.js HTTP/1.1" 304 -
218.81.217.115 - - [18/Aug/2020:09:04:17 +0800] "GET /xingrg/kc/buy/cgsh_order_add.html HTTP/1.1" 200 59385
218.81.217.115 - - [18/Aug/2020:09:04:17 +0800] "GET /xingrg/words/20200817163423_words.js HTTP/1.1" 304 -
218.81.217.115 - - [18/Aug/2020:09:04:17 +0800] "GET /xingrg/all/common/auto_word.html?type=employee&rest_code=00146 HTTP/1.1" 200 197
218.81.217.115 - - [18/Aug/2020:09:04:17 +0800] "GET /xingrg/all/common/auto_word.html?type=employee&rest_code=00146 HTTP/1.1" 200 197
218.81.217.115 - - [18/Aug/2020:09:04:17 +0800] "GET /xingrg/javascript/easyui/themes/default/validatebox.css HTTP/1.1" 404 1104
218.81.217.115 - - [18/Aug/2020:09:04:17 +0800] "GET /xingrg/javascript/easyui/plugins/jquery.validatebox.js HTTP/1.1" 304 -
218.81.217.115 - - [18/Aug/2020:09:04:17 +0800] "GET /xingrg/javascript/easyui/plugins/jquery.numberbox.js HTTP/1.1" 304 -
218.81.217.115 - - [18/Aug/2020:09:04:17 +0800] "POST /xingrg/kc/buy/cgsh_order_operate.html HTTP/1.1" 200 8245
58.221.95.50 - - [18/Aug/2020:09:04:18 +0800] "GET /xingrg/all/function/internal_message.html?_=1597712788584&CODE_STATE=getMsg HTTP/1.1" 200 27
61.172.5.115 - - [18/Aug/2020:09:04:23 +0800] "GET /xingrg/kc/buy/cgsh_order_operate.html?command=get_materiel&rest_code=00105&code=00101008136&supplier_code=00100203&order_time=2020-08-18 HTTP/1.1" 200 413
218.81.217.115 - - [18/Aug/2020:09:04:25 +0800] "GET /xingrg/javascript/auto/indicator.gif HTTP/1.1" 404 1066
114.88.165.122 - - [18/Aug/2020:09:04:26 +0800] "GET /xingrg/check_reg.html?_=1597712663326 HTTP/1.1" 200 22
218.81.217.115 - - [18/Aug/2020:09:04:26 +0800] "GET /xingrg/javascript/jquery_tools/images/prev.gif HTTP/1.1" 404 1086
218.81.217.115 - - [18/Aug/2020:09:04:26 +0800] "GET /xingrg/javascript/jquery_tools/images/next.gif HTTP/1.1" 404 1086
180.175.214.200 - - [18/Aug/2020:09:04:31 +0800] "GET /xingrg/all/function/internal_message.html?_=1597712877062&CODE_STATE=getMsg HTTP/1.1" 200 27
218.81.217.115 - - [18/Aug/2020:09:04:35 +0800] "GET /xingrg/kc/buy/cgsh_order_operate.html?command=get_materiel&rest_code=00146&code=00101008017&supplier_code=00100005&order_time=2020-08-18 HTTP/1.1" 200 416
117.184.7.30 - - [18/Aug/2020:09:04:36 +0800] "GET /xingrg/all/function/internal_message.html?_=1597712672275&CODE_STATE=getMsg HTTP/1.1" 200 27
61.172.5.115 - - [18/Aug/2020:09:04:37 +0800] "GET /xingrg/all/function/internal_message.html?_=1597712677299&CODE_STATE=getMsg HTTP/1.1" 200 27
101.83.241.175 - - [18/Aug/2020:09:04:41 +0800] "GET /xingrg/all/function/internal_message.html?_=1597712678891&CODE_STATE=getMsg HTTP/1.1" 200 27
61.172.5.115 - - [18/Aug/2020:09:04:41 +0800] "POST /xingrg/kc/buy/cgsh_order_operate.html HTTP/1.1" 200 2065
218.81.217.115 - - [18/Aug/2020:09:04:44 +0800] "GET /xingrg/kc/buy/cgsh_order_operate.html?command=get_materiel&rest_code=00146&code=00101008290&supplier_code=00100005&order_time=2020-08-18 HTTP/1.1" 200 416
114.89.80.44 - - [18/Aug/2020:09:04:51 +0800] "GET /xingrg/all/function/internal_message.html?_=1597712809941&CODE_STATE=getMsg HTTP/1.1" 200 27
218.81.217.115 - - [18/Aug/2020:09:04:52 +0800] "GET /xingrg/kc/buy/cgsh_order_operate.html?command=get_materiel&rest_code=00146&code=00101008003&supplier_code=00100005&order_time=2020-08-18 HTTP/1.1" 200 408
172.17.0.114 - - [18/Aug/2020:09:04:55 +0800] "GET /xingrg/all/function/internal_message.html?_=1597712694394&CODE_STATE=getMsg HTTP/1.1" 200 27
114.88.153.118 - - [18/Aug/2020:09:04:56 +0800] "GET /xingrg/check_reg.html?_=1597712693769 HTTP/1.1" 302 -
114.88.165.122 - - [18/Aug/2020:09:04:58 +0800] "GET /xingrg/all/function/internal_message.html?_=1597712744216&CODE_STATE=getMsg HTTP/1.1" 200 27
218.81.217.115 - - [18/Aug/2020:09:05:01 +0800] "GET /xingrg/kc/buy/cgsh_order_operate.html?command=get_materiel&rest_code=00146&code=00101008144&supplier_code=00100005&order_time=2020-08-18 HTTP/1.1" 200 412
120.253.135.82 - - [18/Aug/2020:09:05:03 +0800] "GET /xingrg/all/function/internal_message.html?_=1597712454107&CODE_STATE=getMsg HTTP/1.1" 200 27
114.89.80.44 - - [18/Aug/2020:09:05:03 +0800] "GET /xingrg/all/function/internal_message.html?_=1597712702211&CODE_STATE=getMsg HTTP/1.1" 200 27
172.17.0.101 - - [18/Aug/2020:09:05:07 +0800] "GET /xingrg/all/function/internal_message.html?_=1597712710098&CODE_STATE=getMsg HTTP/1.1" 302 -
114.88.165.122 - - [18/Aug/2020:09:05:07 +0800] "GET /xingrg/all/function/internal_message.html?_=1597712704636&CODE_STATE=getMsg HTTP/1.1" 200 27
218.81.217.115 - - [18/Aug/2020:09:05:08 +0800] "GET /xingrg/all/function/internal_message.html?_=1597712712025&CODE_STATE=getMsg HTTP/1.1" 200 27
218.81.217.115 - - [18/Aug/2020:09:05:09 +0800] "GET /xingrg/kc/buy/cgsh_order_operate.html?command=get_materiel&rest_code=00146&code=00101008321&supplier_code=00100005&order_time=2020-08-18 HTTP/1.1" 200 412
218.81.217.115 - - [18/Aug/2020:09:05:17 +0800] "GET /xingrg/kc/buy/cgsh_order_operate.html?command=get_materiel&rest_code=00146&code=00101008137&supplier_code=00100005&order_time=2020-08-18 HTTP/1.1" 200 408
58.221.95.50 - - [18/Aug/2020:09:05:18 +0800] "GET /xingrg/all/function/internal_message.html?_=1597712848583&CODE_STATE=getMsg HTTP/1.1" 200 27
218.81.217.115 - - [18/Aug/2020:09:05:24 +0800] "GET /xingrg/kc/buy/cgsh_order_operate.html?command=get_materiel&rest_code=00146&code=00101008270&supplier_code=00100005&order_time=2020-08-18 HTTP/1.1" 200 412
218.81.217.115 - - [18/Aug/2020:09:05:31 +0800] "GET /xingrg/kc/buy/cgsh_order_operate.html?command=get_materiel&rest_code=00146&code=00101008219&supplier_code=00100005&order_time=2020-08-18 HTTP/1.1" 200 412
180.175.214.200 - - [18/Aug/2020:09:05:31 +0800] "GET /xingrg/all/function/internal_message.html?_=1597712937073&CODE_STATE=getMsg HTTP/1.1" 200 27
172.17.0.101 - - [18/Aug/2020:09:05:33 +0800] "GET /xingrg/check_reg.html?_=1597712735692 HTTP/1.1" 302 -
117.184.7.30 - - [18/Aug/2020:09:05:36 +0800] "GET /xingrg/all/function/internal_message.html?_=1597712732274&CODE_STATE=getMsg HTTP/1.1" 200 27
61.172.5.115 - - [18/Aug/2020:09:05:37 +0800] "GET /xingrg/all/function/internal_message.html?_=1597712737301&CODE_STATE=getMsg HTTP/1.1" 200 27
101.83.241.175 - - [18/Aug/2020:09:05:41 +0800] "GET /xingrg/all/function/internal_message.html?_=1597712738871&CODE_STATE=getMsg HTTP/1.1" 200 27
218.81.217.115 - - [18/Aug/2020:09:05:42 +0800] "GET /xingrg/kc/buy/cgsh_order_operate.html?command=get_materiel&rest_code=00146&code=00101008028&supplier_code=00100005&order_time=2020-08-18 HTTP/1.1" 200 412
180.157.251.101 - - [18/Aug/2020:09:05:50 +0800] "GET /favicon.ico HTTP/1.1" 404 -
114.89.80.44 - - [18/Aug/2020:09:05:51 +0800] "GET /xingrg/all/function/internal_message.html?_=1597712869962&CODE_STATE=getMsg HTTP/1.1" 200 27
218.81.217.115 - - [18/Aug/2020:09:05:52 +0800] "GET /xingrg/kc/buy/cgsh_order_operate.html?command=get_materiel&rest_code=00146&code=00101008351&supplier_code=00100005&order_time=2020-08-18 HTTP/1.1" 200 408
172.17.0.114 - - [18/Aug/2020:09:05:55 +0800] "GET /xingrg/all/function/internal_message.html?_=1597712754401&CODE_STATE=getMsg HTTP/1.1" 200 27
114.88.165.122 - - [18/Aug/2020:09:05:58 +0800] "GET /xingrg/all/function/internal_message.html?_=1597712804231&CODE_STATE=getMsg HTTP/1.1" 200 27
120.253.135.82 - - [18/Aug/2020:09:06:03 +0800] "GET /xingrg/all/function/internal_message.html?_=1597712514120&CODE_STATE=getMsg HTTP/1.1" 200 27
114.89.80.44 - - [18/Aug/2020:09:06:03 +0800] "GET /xingrg/all/function/internal_message.html?_=1597712762304&CODE_STATE=getMsg HTTP/1.1" 200 27
172.17.0.101 - - [18/Aug/2020:09:06:07 +0800] "GET /xingrg/all/function/internal_message.html?_=1597712770107&CODE_STATE=getMsg HTTP/1.1" 302 -
114.88.165.122 - - [18/Aug/2020:09:06:08 +0800] "GET /xingrg/all/function/internal_message.html?_=1597712764647&CODE_STATE=getMsg HTTP/1.1" 200 27
218.81.217.115 - - [18/Aug/2020:09:06:08 +0800] "GET /xingrg/all/function/internal_message.html?_=1597712772038&CODE_STATE=getMsg HTTP/1.1" 200 27
218.81.217.115 - - [18/Aug/2020:09:06:15 +0800] "GET /xingrg/kc/buy/cgsh_order_operate.html?command=get_materiel&rest_code=00146&code=00101008067&supplier_code=00100005&order_time=2020-08-18 HTTP/1.1" 200 416
58.221.95.50 - - [18/Aug/2020:09:06:18 +0800] "GET /xingrg/all/function/internal_message.html?_=1597712908582&CODE_STATE=getMsg HTTP/1.1" 200 27
218.81.217.115 - - [18/Aug/2020:09:06:23 +0800] "GET /xingrg/kc/buy/cgsh_order_operate.html?command=get_materiel&rest_code=00146&code=00101008356&supplier_code=00100005&order_time=2020-08-18 HTTP/1.1" 200 408
180.175.214.200 - - [18/Aug/2020:09:06:31 +0800] "GET /xingrg/all/function/internal_message.html?_=1597712997086&CODE_STATE=getMsg HTTP/1.1" 200 27
61.172.5.115 - - [18/Aug/2020:09:06:32 +0800] "GET /xingrg/kc/buy/cgsh_order_operate.html?command=get_materiel&rest_code=00105&code=00101008238&supplier_code=00100203&order_time=2020-08-18 HTTP/1.1" 200 416
218.81.217.115 - - [18/Aug/2020:09:06:34 +0800] "GET /xingrg/kc/buy/cgsh_order_operate.html?command=get_materiel&rest_code=00146&code=00101008212&supplier_code=00100005&order_time=2020-08-18 HTTP/1.1" 200 412
117.184.7.30 - - [18/Aug/2020:09:06:36 +0800] "GET /xingrg/check_reg.html?_=1597712792262 HTTP/1.1" 200 22
117.184.7.30 - - [18/Aug/2020:09:06:36 +0800] "GET /xingrg/all/function/internal_message.html?_=1597712792265&CODE_STATE=getMsg HTTP/1.1" 200 27
61.172.5.115 - - [18/Aug/2020:09:06:37 +0800] "GET /xingrg/all/function/internal_message.html?_=1597712797302&CODE_STATE=getMsg HTTP/1.1" 200 27
61.172.5.115 - - [18/Aug/2020:09:06:37 +0800] "GET /xingrg/check_reg.html?_=1597712797303 HTTP/1.1" 200 22
101.83.241.175 - - [18/Aug/2020:09:06:41 +0800] "GET /xingrg/all/function/internal_message.html?_=1597712798864&CODE_STATE=getMsg HTTP/1.1" 200 27
218.81.217.115 - - [18/Aug/2020:09:06:43 +0800] "GET /xingrg/kc/buy/cgsh_order_operate.html?command=get_materiel&rest_code=00146&code=00101008357&supplier_code=00100005&order_time=2020-08-18 HTTP/1.1" 200 408
116.230.74.197 - - [18/Aug/2020:09:06:44 +0800] "POST /xingrg/services/DataTransmitService HTTP/1.1" 200 524
218.81.217.115 - - [18/Aug/2020:09:06:50 +0800] "GET /xingrg/kc/buy/cgsh_order_operate.html?command=get_materiel&rest_code=00146&code=00101008286&supplier_code=00100005&order_time=2020-08-18 HTTP/1.1" 200 408
114.89.80.44 - - [18/Aug/2020:09:06:51 +0800] "GET /xingrg/all/function/internal_message.html?_=1597712929969&CODE_STATE=getMsg HTTP/1.1" 200 27
116.230.74.197 - - [18/Aug/2020:09:06:53 +0800] "POST /xingrg/services/DataTransmitService HTTP/1.1" 200 524
61.172.5.115 - - [18/Aug/2020:09:06:54 +0800] "GET /xingrg/kc/buy/cgsh_order_operate.html?command=get_materiel&rest_code=00105&code=00101008069&supplier_code=00100203&order_time=2020-08-18 HTTP/1.1" 200 412
172.17.0.114 - - [18/Aug/2020:09:06:55 +0800] "GET /xingrg/all/function/internal_message.html?_=1597712814398&CODE_STATE=getMsg HTTP/1.1" 200 27
114.88.165.122 - - [18/Aug/2020:09:06:58 +0800] "GET /xingrg/all/function/internal_message.html?_=1597712864229&CODE_STATE=getMsg HTTP/1.1" 200 27
218.81.217.115 - - [18/Aug/2020:09:06:59 +0800] "GET /xingrg/kc/buy/cgsh_order_operate.html?command=get_materiel&rest_code=00146&code=00101008098&supplier_code=00100005&order_time=2020-08-18 HTTP/1.1" 200 412
116.230.74.197 - - [18/Aug/2020:09:06:59 +0800] "POST /xingrg/services/DataTransmitService HTTP/1.1" 200 501
114.89.80.44 - - [18/Aug/2020:09:07:03 +0800] "GET /xingrg/all/function/internal_message.html?_=1597712822200&CODE_STATE=getMsg HTTP/1.1" 200 27
120.253.135.82 - - [18/Aug/2020:09:07:03 +0800] "GET /xingrg/all/function/internal_message.html?_=1597712574157&CODE_STATE=getMsg HTTP/1.1" 200 27
218.81.217.115 - - [18/Aug/2020:09:07:07 +0800] "GET /xingrg/kc/buy/cgsh_order_operate.html?command=get_materiel&rest_code=00146&code=00101008353&supplier_code=00100005&order_time=2020-08-18 HTTP/1.1" 200 408
172.17.0.101 - - [18/Aug/2020:09:07:07 +0800] "GET /xingrg/all/function/internal_message.html?_=1597712830230&CODE_STATE=getMsg HTTP/1.1" 302 -
218.81.217.115 - - [18/Aug/2020:09:07:08 +0800] "GET /xingrg/all/function/internal_message.html?_=1597712832052&CODE_STATE=getMsg HTTP/1.1" 200 27
61.172.5.115 - - [18/Aug/2020:09:07:08 +0800] "GET /xingrg/kc/buy/cgsh_order_operate.html?command=get_materiel&rest_code=00105&code=00101008036&supplier_code=00100203&order_time=2020-08-18 HTTP/1.1" 200 408
218.81.217.115 - - [18/Aug/2020:09:07:09 +0800] "POST /xingrg/kc/buy/cgsh_order_operate.html HTTP/1.1" 200 2065
114.88.165.122 - - [18/Aug/2020:09:07:09 +0800] "GET /xingrg/all/function/internal_message.html?_=1597712827021&CODE_STATE=getMsg HTTP/1.1" 200 27
218.81.217.115 - - [18/Aug/2020:09:07:14 +0800] "GET /xingrg/kc/buy/cgsh_order_operate.html?command=get_materiel&rest_code=00146&code=00101008213&supplier_code=00100005&order_time=2020-08-18 HTTP/1.1" 200 412
58.221.95.50 - - [18/Aug/2020:09:07:18 +0800] "GET /xingrg/all/function/internal_message.html?_=1597712968582&CODE_STATE=getMsg HTTP/1.1" 200 27
58.221.95.50 - - [18/Aug/2020:09:07:18 +0800] "GET /xingrg/check_reg.html?_=1597712968583 HTTP/1.1" 200 22
61.172.5.115 - - [18/Aug/2020:09:07:21 +0800] "GET /xingrg/kc/buy/cgsh_order_operate.html?command=get_materiel&rest_code=00105&code=00101008286&supplier_code=00100203&order_time=2020-08-18 HTTP/1.1" 200 408
218.81.217.115 - - [18/Aug/2020:09:07:23 +0800] "GET /xingrg/kc/buy/cgsh_order_operate.html?command=get_materiel&rest_code=00146&code=00101016122&supplier_code=00100005&order_time=2020-08-18 HTTP/1.1" 200 395
61.172.5.115 - - [18/Aug/2020:09:07:31 +0800] "GET /xingrg/kc/buy/cgsh_order_operate.html?command=get_materiel&rest_code=00105&code=00101008131&supplier_code=00100203&order_time=2020-08-18 HTTP/1.1" 200 408
180.175.214.200 - - [18/Aug/2020:09:07:31 +0800] "GET /xingrg/all/function/internal_message.html?_=1597713057100&CODE_STATE=getMsg HTTP/1.1" 200 27
218.81.217.115 - - [18/Aug/2020:09:07:33 +0800] "GET /xingrg/kc/buy/cgsh_order_operate.html?command=get_materiel&rest_code=00146&code=00101008298&supplier_code=00100005&order_time=2020-08-18 HTTP/1.1" 200 412
180.157.251.101 - - [18/Aug/2020:09:07:33 +0800] "GET /xingrg/login.html HTTP/1.1" 200 7641
180.157.251.101 - - [18/Aug/2020:09:07:33 +0800] "GET /favicon.ico HTTP/1.1" 404 -
117.184.7.30 - - [18/Aug/2020:09:07:36 +0800] "GET /xingrg/all/function/internal_message.html?_=1597712852264&CODE_STATE=getMsg HTTP/1.1" 200 27
61.172.5.115 - - [18/Aug/2020:09:07:37 +0800] "GET /xingrg/all/function/internal_message.html?_=1597712857294&CODE_STATE=getMsg HTTP/1.1" 200 27
180.157.251.101 - - [18/Aug/2020:09:07:38 +0800] "POST /xingrg/login.do HTTP/1.1" 302 -
180.157.251.101 - - [18/Aug/2020:09:07:38 +0800] "GET /xingrg/index.html?sysBaseUrl=http%3A%2F%2F180.169.147.146%3A18081%2Fxingrg%2F&costTime=75×tamp=1597712858717 HTTP/1.1" 200 17179
180.157.251.101 - - [18/Aug/2020:09:07:39 +0800] "GET /favicon.ico HTTP/1.1" 404 -
180.157.251.101 - - [18/Aug/2020:09:07:39 +0800] "POST /xingrg/all/common/load_tree.html?tree=area_rest_tree_json&manage=1 HTTP/1.1" 200 351
180.157.251.101 - - [18/Aug/2020:09:07:39 +0800] "GET /xingrg/all/function/internal_message.html?_=1597712859747&CODE_STATE=count HTTP/1.1" 200 11
180.157.251.101 - - [18/Aug/2020:09:07:39 +0800] "GET /xingrg/check_reg.html?_=1597712859749 HTTP/1.1" 200 22
180.157.251.101 - - [18/Aug/2020:09:07:39 +0800] "POST /xingrg/load_menu.html HTTP/1.1" 200 5138
61.172.5.115 - - [18/Aug/2020:09:07:41 +0800] "GET /xingrg/kc/buy/cgsh_order_operate.html?command=get_materiel&rest_code=00105&code=00101008108&supplier_code=00100203&order_time=2020-08-18 HTTP/1.1" 200 412
180.157.251.101 - - [18/Aug/2020:09:07:41 +0800] "GET /xingrg/kc/buy/cgsh_order_list.html HTTP/1.1" 200 43647
101.83.241.175 - - [18/Aug/2020:09:07:41 +0800] "GET /xingrg/all/function/internal_message.html?_=1597712858871&CODE_STATE=getMsg HTTP/1.1" 200 27
101.83.241.175 - - [18/Aug/2020:09:07:41 +0800] "GET /xingrg/check_reg.html?_=1597712858874 HTTP/1.1" 200 22
180.157.251.101 - - [18/Aug/2020:09:07:44 +0800] "POST /xingrg/kc/buy/cgsh_list_operate.html HTTP/1.1" 200 876
61.172.5.115 - - [18/Aug/2020:09:07:50 +0800] "GET /xingrg/kc/buy/cgsh_order_operate.html?command=get_materiel&rest_code=00105&code=00101001156&supplier_code=00100203&order_time=2020-08-18 HTTP/1.1" 200 409
114.89.80.44 - - [18/Aug/2020:09:07:51 +0800] "GET /xingrg/all/function/internal_message.html?_=1597712989987&CODE_STATE=getMsg HTTP/1.1" 200 27
172.17.0.114 - - [18/Aug/2020:09:07:55 +0800] "GET /xingrg/check_reg.html?_=1597712874433 HTTP/1.1" 200 22
172.17.0.114 - - [18/Aug/2020:09:07:55 +0800] "GET /xingrg/all/function/internal_message.html?_=1597712874435&CODE_STATE=getMsg HTTP/1.1" 200 27
114.88.165.122 - - [18/Aug/2020:09:07:58 +0800] "GET /xingrg/check_reg.html?_=1597712924227 HTTP/1.1" 200 22
114.88.165.122 - - [18/Aug/2020:09:07:58 +0800] "GET /xingrg/all/function/internal_message.html?_=1597712924228&CODE_STATE=getMsg HTTP/1.1" 200 27
61.172.5.115 - - [18/Aug/2020:09:08:00 +0800] "GET /xingrg/kc/buy/cgsh_order_operate.html?command=get_materiel&rest_code=00105&code=00101008318&supplier_code=00100203&order_time=2020-08-18 HTTP/1.1" 200 408
180.157.251.101 - - [18/Aug/2020:09:08:00 +0800] "GET /xingrg/kc/buy/cgsh_order_add.html HTTP/1.1" 200 59385
180.157.251.101 - - [18/Aug/2020:09:08:01 +0800] "GET /xingrg/words/20200817163423_words.js HTTP/1.1" 304 -
180.157.251.101 - - [18/Aug/2020:09:08:01 +0800] "POST /xingrg/kc/buy/cgsh_order_operate.html HTTP/1.1" 200 8245
180.157.251.101 - - [18/Aug/2020:09:08:01 +0800] "GET /xingrg/all/common/auto_word.html?type=employee&rest_code=00148 HTTP/1.1" 200 147
180.157.251.101 - - [18/Aug/2020:09:08:01 +0800] "GET /xingrg/all/common/auto_word.html?type=employee&rest_code=00148 HTTP/1.1" 200 147
180.157.251.101 - - [18/Aug/2020:09:08:01 +0800] "GET /xingrg/javascript/easyui/themes/default/validatebox.css HTTP/1.1" 404 1104
180.157.251.101 - - [18/Aug/2020:09:08:02 +0800] "GET /xingrg/javascript/auto/indicator.gif HTTP/1.1" 404 1066
114.89.80.44 - - [18/Aug/2020:09:08:03 +0800] "GET /xingrg/all/function/internal_message.html?_=1597712882222&CODE_STATE=getMsg HTTP/1.1" 200 27
120.253.135.82 - - [18/Aug/2020:09:08:03 +0800] "GET /xingrg/all/function/internal_message.html?_=1597712634163&CODE_STATE=getMsg HTTP/1.1" 200 27
180.157.251.101 - - [18/Aug/2020:09:08:04 +0800] "GET /xingrg/javascript/jquery_tools/images/prev.gif HTTP/1.1" 404 1086
180.157.251.101 - - [18/Aug/2020:09:08:04 +0800] "GET /xingrg/javascript/jquery_tools/images/next.gif HTTP/1.1" 404 1086
172.17.0.101 - - [18/Aug/2020:09:08:07 +0800] "GET /xingrg/all/function/internal_message.html?_=1597712890245&CODE_STATE=getMsg HTTP/1.1" 302 -
218.81.217.115 - - [18/Aug/2020:09:08:08 +0800] "GET /xingrg/all/function/internal_message.html?_=1597712892066&CODE_STATE=getMsg HTTP/1.1" 200 27
180.157.251.101 - - [18/Aug/2020:09:08:09 +0800] "GET /xingrg/kc/buy/cgsh_order_operate.html?command=get_materiel&rest_code=00148&code=00101008331&supplier_code=00100007&order_time=2020-08-18 HTTP/1.1" 200 416
114.88.165.122 - - [18/Aug/2020:09:08:09 +0800] "GET /xingrg/all/function/internal_message.html?_=1597712887092&CODE_STATE=getMsg HTTP/1.1" 200 27
61.172.5.115 - - [18/Aug/2020:09:08:16 +0800] "POST /xingrg/kc/buy/cgsh_order_operate.html HTTP/1.1" 200 2065
180.157.251.101 - - [18/Aug/2020:09:08:17 +0800] "GET /xingrg/kc/buy/cgsh_order_operate.html?command=get_materiel&rest_code=00148&code=00101008354&supplier_code=00100007&order_time=2020-08-18 HTTP/1.1" 200 412
58.221.95.50 - - [18/Aug/2020:09:08:18 +0800] "GET /xingrg/all/function/internal_message.html?_=1597713028582&CODE_STATE=getMsg HTTP/1.1" 200 27
61.172.5.115 - - [18/Aug/2020:09:08:19 +0800] "POST /xingrg/kc/buy/cgsh_order_operate.html HTTP/1.1" 200 2065
180.157.251.101 - - [18/Aug/2020:09:08:23 +0800] "GET /xingrg/kc/buy/cgsh_order_operate.html?command=get_materiel&rest_code=00148&code=00101008038&supplier_code=00100007&order_time=2020-08-18 HTTP/1.1" 200 412
180.175.214.200 - - [18/Aug/2020:09:08:31 +0800] "GET /xingrg/check_reg.html?_=1597713116975 HTTP/1.1" 200 22
180.175.214.200 - - [18/Aug/2020:09:08:31 +0800] "GET /xingrg/all/function/internal_message.html?_=1597713117114&CODE_STATE=getMsg HTTP/1.1" 200 27
117.184.7.30 - - [18/Aug/2020:09:08:36 +0800] "GET /xingrg/all/function/internal_message.html?_=1597712912263&CODE_STATE=getMsg HTTP/1.1" 200 27
61.172.5.115 - - [18/Aug/2020:09:08:37 +0800] "GET /xingrg/all/function/internal_message.html?_=1597712917304&CODE_STATE=getMsg HTTP/1.1" 200 27
180.157.251.101 - - [18/Aug/2020:09:08:39 +0800] "GET /xingrg/all/function/internal_message.html?_=1597712919780&CODE_STATE=getMsg HTTP/1.1" 200 27
114.89.80.44 - - [18/Aug/2020:09:08:40 +0800] "GET /xingrg/check_reg.html?_=1597713038935 HTTP/1.1" 200 22
101.83.241.175 - - [18/Aug/2020:09:08:41 +0800] "GET /xingrg/all/function/internal_message.html?_=1597712918866&CODE_STATE=getMsg HTTP/1.1" 200 27
180.157.251.101 - - [18/Aug/2020:09:08:44 +0800] "GET /xingrg/kc/buy/cgsh_order_operate.html?command=get_materiel&rest_code=00148&code=00101008355&supplier_code=00100007&order_time=2020-08-18 HTTP/1.1" 200 408
114.88.165.122 - - [18/Aug/2020:09:08:50 +0800] "GET /xingrg/kc/buy/cgsh_order_add.html HTTP/1.1" 200 59379
114.88.165.122 - - [18/Aug/2020:09:08:50 +0800] "POST /xingrg/kc/buy/cgsh_order_operate.html HTTP/1.1" 200 8245
114.88.165.122 - - [18/Aug/2020:09:08:50 +0800] "GET /xingrg/javascript/easyui/themes/default/validatebox.css HTTP/1.1" 404 1104
114.89.80.44 - - [18/Aug/2020:09:08:51 +0800] "GET /xingrg/all/function/internal_message.html?_=1597713049997&CODE_STATE=getMsg HTTP/1.1" 200 27
61.172.5.115 - - [18/Aug/2020:09:08:51 +0800] "GET /xingrg/kc/buy/cgsh_order_operate.html?command=get_materiel&rest_code=00105&code=00101008105&supplier_code=00100203&order_time=2020-08-18 HTTP/1.1" 200 412
114.88.165.122 - - [18/Aug/2020:09:08:53 +0800] "POST /xingrg/kc/buy/cgsh_list_operate.html HTTP/1.1" 200 2409
180.157.251.101 - - [18/Aug/2020:09:08:54 +0800] "GET /xingrg/kc/buy/cgsh_order_operate.html?command=get_materiel&rest_code=00148&code=00101008360&supplier_code=00100007&order_time=2020-08-18 HTTP/1.1" 200 412
172.17.0.114 - - [18/Aug/2020:09:08:55 +0800] "GET /xingrg/all/function/internal_message.html?_=1597712934414&CODE_STATE=getMsg HTTP/1.1" 200 27
61.172.5.115 - - [18/Aug/2020:09:08:56 +0800] "GET /xingrg/kc/buy/cgsh_order_operate.html?command=get_materiel&rest_code=00105&code=00101008119&supplier_code=00100203&order_time=2020-08-18 HTTP/1.1" 200 412
114.88.165.122 - - [18/Aug/2020:09:08:57 +0800] "GET /xingrg/kc/buy/cgsh_order_add.html HTTP/1.1" 200 59379
114.88.165.122 - - [18/Aug/2020:09:08:57 +0800] "POST /xingrg/kc/buy/cgsh_order_operate.html HTTP/1.1" 200 8245
114.88.165.122 - - [18/Aug/2020:09:08:57 +0800] "GET /xingrg/javascript/easyui/themes/default/validatebox.css HTTP/1.1" 404 1104
114.88.165.122 - - [18/Aug/2020:09:08:58 +0800] "GET /xingrg/all/function/internal_message.html?_=1597712984240&CODE_STATE=getMsg HTTP/1.1" 200 27
120.253.135.82 - - [18/Aug/2020:09:09:02 +0800] "GET /xingrg/check_reg.html?_=1597712693533 HTTP/1.1" 200 22
114.89.80.44 - - [18/Aug/2020:09:09:03 +0800] "GET /xingrg/check_reg.html?_=1597712942219 HTTP/1.1" 200 22
114.89.80.44 - - [18/Aug/2020:09:09:03 +0800] "GET /xingrg/all/function/internal_message.html?_=1597712942222&CODE_STATE=getMsg HTTP/1.1" 200 27
120.253.135.82 - - [18/Aug/2020:09:09:03 +0800] "GET /xingrg/all/function/internal_message.html?_=1597712694176&CODE_STATE=getMsg HTTP/1.1" 200 27
114.88.165.122 - - [18/Aug/2020:09:09:04 +0800] "GET /xingrg/kc/buy/cgsh_order_operate.html?command=get_materiel&rest_code=00111&code=00101008331&supplier_code=00100005&order_time=2020-08-18 HTTP/1.1" 200 416
61.172.5.115 - - [18/Aug/2020:09:09:06 +0800] "GET /xingrg/kc/buy/cgsh_order_operate.html?command=get_materiel&rest_code=00105&code=00101008185&supplier_code=00100203&order_time=2020-08-18 HTTP/1.1" 200 408
172.17.0.101 - - [18/Aug/2020:09:09:07 +0800] "GET /xingrg/all/function/internal_message.html?_=1597712950367&CODE_STATE=getMsg HTTP/1.1" 302 -
218.81.217.115 - - [18/Aug/2020:09:09:08 +0800] "GET /xingrg/check_reg.html?_=1597712952021 HTTP/1.1" 200 22
218.81.217.115 - - [18/Aug/2020:09:09:08 +0800] "GET /xingrg/all/function/internal_message.html?_=1597712952117&CODE_STATE=getMsg HTTP/1.1" 200 27
114.88.165.122 - - [18/Aug/2020:09:09:09 +0800] "GET /xingrg/all/function/internal_message.html?_=1597712947743&CODE_STATE=getMsg HTTP/1.1" 200 27
180.157.251.101 - - [18/Aug/2020:09:09:09 +0800] "GET /xingrg/kc/buy/cgsh_order_operate.html?command=get_materiel&rest_code=00148&code=00101008078&supplier_code=00100007&order_time=2020-08-18 HTTP/1.1" 200 416
61.172.5.115 - - [18/Aug/2020:09:09:17 +0800] "GET /xingrg/kc/buy/cgsh_order_operate.html?command=get_materiel&rest_code=00105&code=00101008150&supplier_code=00100203&order_time=2020-08-18 HTTP/1.1" 200 408
180.157.251.101 - - [18/Aug/2020:09:09:17 +0800] "GET /xingrg/kc/buy/cgsh_order_operate.html?command=get_materiel&rest_code=00148&code=00101008069&supplier_code=00100007&order_time=2020-08-18 HTTP/1.1" 200 412
58.221.95.50 - - [18/Aug/2020:09:09:18 +0800] "GET /xingrg/all/function/internal_message.html?_=1597713088583&CODE_STATE=getMsg HTTP/1.1" 200 27
114.88.165.122 - - [18/Aug/2020:09:09:20 +0800] "GET /xingrg/kc/buy/cgsh_order_operate.html?command=get_materiel&rest_code=00111&code=00101008358&supplier_code=00100005&order_time=2020-08-18 HTTP/1.1" 200 412
180.157.251.101 - - [18/Aug/2020:09:09:23 +0800] "GET /xingrg/kc/buy/cgsh_order_operate.html?command=get_materiel&rest_code=00148&code=00101008036&supplier_code=00100007&order_time=2020-08-18 HTTP/1.1" 200 408
114.88.165.122 - - [18/Aug/2020:09:09:26 +0800] "GET /xingrg/check_reg.html?_=1597712964160 HTTP/1.1" 200 22
218.81.217.115 - - [18/Aug/2020:09:09:26 +0800] "GET /xingrg/kc/buy/cgsh_order_operate.html?command=get_materiel&rest_code=00146&code=00101008265&supplier_code=00100005&order_time=2020-08-18 HTTP/1.1" 200 408
61.172.5.115 - - [18/Aug/2020:09:09:29 +0800] "GET /xingrg/kc/buy/cgsh_order_operate.html?command=get_materiel&rest_code=00105&code=00101015038&supplier_code=00100203&order_time=2020-08-18 HTTP/1.1" 200 418
180.157.251.101 - - [18/Aug/2020:09:09:29 +0800] "GET /xingrg/kc/buy/cgsh_order_operate.html?command=get_materiel&rest_code=00148&code=00101008286&supplier_code=00100007&order_time=2020-08-18 HTTP/1.1" 200 408
114.88.165.122 - - [18/Aug/2020:09:09:30 +0800] "GET /xingrg/kc/buy/cgsh_order_operate.html?command=get_materiel&rest_code=00111&code=00101008355&supplier_code=00100005&order_time=2020-08-18 HTTP/1.1" 200 408
180.175.214.200 - - [18/Aug/2020:09:09:31 +0800] "GET /xingrg/all/function/internal_message.html?_=1597713177128&CODE_STATE=getMsg HTTP/1.1" 200 27
218.81.217.115 - - [18/Aug/2020:09:09:35 +0800] "GET /xingrg/kc/buy/cgsh_order_operate.html?command=get_materiel&rest_code=00146&code=00101008154&supplier_code=00100005&order_time=2020-08-18 HTTP/1.1" 200 413
117.184.7.30 - - [18/Aug/2020:09:09:36 +0800] "GET /xingrg/all/function/internal_message.html?_=1597712972262&CODE_STATE=getMsg HTTP/1.1" 200 27
218.81.217.115 - - [18/Aug/2020:09:09:37 +0800] "POST /xingrg/kc/buy/cgsh_order_operate.html HTTP/1.1" 200 2065
61.172.5.115 - - [18/Aug/2020:09:09:37 +0800] "GET /xingrg/all/function/internal_message.html?_=1597712977389&CODE_STATE=getMsg HTTP/1.1" 200 27
180.157.251.101 - - [18/Aug/2020:09:09:39 +0800] "GET /xingrg/all/function/internal_message.html?_=1597712979753&CODE_STATE=getMsg HTTP/1.1" 200 27
101.83.241.175 - - [18/Aug/2020:09:09:41 +0800] "GET /xingrg/all/function/internal_message.html?_=1597712978861&CODE_STATE=getMsg HTTP/1.1" 200 27
61.172.5.115 - - [18/Aug/2020:09:09:45 +0800] "GET /xingrg/kc/buy/cgsh_order_operate.html?command=get_materiel&rest_code=00105&code=00101009063&supplier_code=00100203&order_time=2020-08-18 HTTP/1.1" 200 410
114.88.165.122 - - [18/Aug/2020:09:09:50 +0800] "GET /xingrg/kc/buy/cgsh_order_operate.html?command=get_materiel&rest_code=00111&code=00101008148&supplier_code=00100005&order_time=2020-08-18 HTTP/1.1" 200 416
114.89.80.44 - - [18/Aug/2020:09:09:51 +0800] "GET /xingrg/all/function/internal_message.html?_=1597713110010&CODE_STATE=getMsg HTTP/1.1" 200 27
218.81.217.115 - - [18/Aug/2020:09:09:55 +0800] "GET /xingrg/kc/buy/cgsh_order_operate.html?command=get_materiel&rest_code=00146&code=00101008091&supplier_code=00100005&order_time=2020-08-18 HTTP/1.1" 200 412
172.17.0.114 - - [18/Aug/2020:09:09:55 +0800] "GET /xingrg/all/function/internal_message.html?_=1597712994420&CODE_STATE=getMsg HTTP/1.1" 200 27
114.88.153.118 - - [18/Aug/2020:09:09:56 +0800] "GET /xingrg/check_reg.html?_=1597712993766 HTTP/1.1" 302 -
180.157.251.101 - - [18/Aug/2020:09:09:56 +0800] "GET /xingrg/kc/buy/cgsh_order_operate.html?command=get_materiel&rest_code=00148&code=00101008131&supplier_code=00100007&order_time=2020-08-18 HTTP/1.1" 200 408
114.88.165.122 - - [18/Aug/2020:09:09:57 +0800] "GET /xingrg/kc/buy/cgsh_order_operate.html?command=get_materiel&rest_code=00111&code=00101008144&supplier_code=00100005&order_time=2020-08-18 HTTP/1.1" 200 412
114.88.165.122 - - [18/Aug/2020:09:09:58 +0800] "GET /xingrg/all/function/internal_message.html?_=1597713044245&CODE_STATE=getMsg HTTP/1.1" 200 27
114.89.80.44 - - [18/Aug/2020:09:10:03 +0800] "GET /xingrg/all/function/internal_message.html?_=1597713002226&CODE_STATE=getMsg HTTP/1.1" 200 27
120.253.135.82 - - [18/Aug/2020:09:10:03 +0800] "GET /xingrg/all/function/internal_message.html?_=1597712754189&CODE_STATE=getMsg HTTP/1.1" 200 27
218.81.217.115 - - [18/Aug/2020:09:10:03 +0800] "GET /xingrg/kc/buy/cgsh_order_operate.html?command=get_materiel&rest_code=00146&code=00101008225&supplier_code=00100005&order_time=2020-08-18 HTTP/1.1" 200 416
172.17.0.101 - - [18/Aug/2020:09:10:07 +0800] "GET /xingrg/all/function/internal_message.html?_=1597713010379&CODE_STATE=getMsg HTTP/1.1" 302 -
218.81.217.115 - - [18/Aug/2020:09:10:08 +0800] "GET /xingrg/all/function/internal_message.html?_=1597713012124&CODE_STATE=getMsg HTTP/1.1" 200 27
114.88.165.122 - - [18/Aug/2020:09:10:10 +0800] "GET /xingrg/all/function/internal_message.html?_=1597713007776&CODE_STATE=getMsg HTTP/1.1" 200 27
218.81.217.115 - - [18/Aug/2020:09:10:11 +0800] "GET /xingrg/kc/buy/cgsh_order_operate.html?command=get_materiel&rest_code=00146&code=00101008350&supplier_code=00100005&order_time=2020-08-18 HTTP/1.1" 200 408
114.88.165.122 - - [18/Aug/2020:09:10:11 +0800] "GET /xingrg/kc/buy/cgsh_order_operate.html?command=get_materiel&rest_code=00111&code=00101008270&supplier_code=00100005&order_time=2020-08-18 HTTP/1.1" 200 412
61.172.5.115 - - [18/Aug/2020:09:10:17 +0800] "GET /xingrg/kc/buy/cgsh_order_operate.html?command=get_materiel&rest_code=00105&code=00101008045&supplier_code=00100203&order_time=2020-08-18 HTTP/1.1" 200 412
58.221.95.50 - - [18/Aug/2020:09:10:18 +0800] "GET /xingrg/all/function/internal_message.html?_=1597713148586&CODE_STATE=getMsg HTTP/1.1" 200 27
114.88.165.122 - - [18/Aug/2020:09:10:19 +0800] "GET /xingrg/kc/buy/cgsh_order_operate.html?command=get_materiel&rest_code=00111&code=00101008261&supplier_code=00100005&order_time=2020-08-18 HTTP/1.1" 200 408
114.88.165.122 - - [18/Aug/2020:09:10:24 +0800] "GET /xingrg/kc/buy/cgsh_order_operate.html?command=get_materiel&rest_code=00111&code=00101008149&supplier_code=00100005&order_time=2020-08-18 HTTP/1.1" 200 408
218.81.217.115 - - [18/Aug/2020:09:10:24 +0800] "GET /xingrg/kc/buy/cgsh_order_operate.html?command=get_materiel&rest_code=00146&code=00101008244&supplier_code=00100005&order_time=2020-08-18 HTTP/1.1" 200 408
218.81.217.115 - - [18/Aug/2020:09:10:28 +0800] "POST /xingrg/kc/buy/cgsh_order_operate.html HTTP/1.1" 200 2065
114.88.165.122 - - [18/Aug/2020:09:10:30 +0800] "GET /xingrg/kc/buy/cgsh_order_operate.html?command=get_materiel&rest_code=00111&code=00101008141&supplier_code=00100005&order_time=2020-08-18 HTTP/1.1" 200 412
180.175.214.200 - - [18/Aug/2020:09:10:31 +0800] "GET /xingrg/all/function/internal_message.html?_=1597713237141&CODE_STATE=getMsg HTTP/1.1" 200 27
172.17.0.101 - - [18/Aug/2020:09:10:33 +0800] "GET /xingrg/check_reg.html?_=1597713035807 HTTP/1.1" 302 -
114.88.165.122 - - [18/Aug/2020:09:10:33 +0800] "POST /xingrg/services/DataTransmitService HTTP/1.1" 200 524
114.88.165.122 - - [18/Aug/2020:09:10:33 +0800] "POST /xingrg/services/DataTransmitService HTTP/1.1" 200 501
114.88.165.122 - - [18/Aug/2020:09:10:33 +0800] "POST /xingrg/services/DataTransmitService HTTP/1.1" 200 501
218.81.217.115 - - [18/Aug/2020:09:10:34 +0800] "GET /xingrg/kc/buy/cgsh_order_operate.html?command=get_materiel&rest_code=00146&code=00101008019&supplier_code=00100005&order_time=2020-08-18 HTTP/1.1" 200 416
114.88.165.122 - - [18/Aug/2020:09:10:34 +0800] "POST /xingrg/services/DataTransmitService HTTP/1.1" 200 501
114.88.165.122 - - [18/Aug/2020:09:10:34 +0800] "POST /xingrg/services/DataTransmitService HTTP/1.1" 200 501
114.88.165.122 - - [18/Aug/2020:09:10:34 +0800] "POST /xingrg/services/DataTransmitService HTTP/1.1" 200 501
114.88.165.122 - - [18/Aug/2020:09:10:35 +0800] "POST /xingrg/services/DataTransmitService HTTP/1.1" 200 501
114.88.165.122 - - [18/Aug/2020:09:10:35 +0800] "POST /xingrg/services/DataTransmitService HTTP/1.1" 200 501
117.184.7.30 - - [18/Aug/2020:09:10:36 +0800] "GET /xingrg/all/function/internal_message.html?_=1597713032264&CODE_STATE=getMsg HTTP/1.1" 200 27
114.88.165.122 - - [18/Aug/2020:09:10:37 +0800] "POST /xingrg/services/DataTransmitService HTTP/1.1" 200 412
61.172.5.115 - - [18/Aug/2020:09:10:37 +0800] "GET /xingrg/all/function/internal_message.html?_=1597713037301&CODE_STATE=getMsg HTTP/1.1" 200 27
180.157.251.101 - - [18/Aug/2020:09:10:39 +0800] "GET /xingrg/all/function/internal_message.html?_=1597713039757&CODE_STATE=getMsg HTTP/1.1" 200 27
101.83.241.175 - - [18/Aug/2020:09:10:41 +0800] "GET /xingrg/all/function/internal_message.html?_=1597713038861&CODE_STATE=getMsg HTTP/1.1" 200 27
116.230.74.197 - - [18/Aug/2020:09:10:42 +0800] "GET /xingrg/login.html HTTP/1.1" 200 7641
114.88.165.122 - - [18/Aug/2020:09:10:45 +0800] "GET /xingrg/kc/buy/cgsh_order_operate.html?command=get_materiel&rest_code=00111&code=00101008349&supplier_code=00100005&order_time=2020-08-18 HTTP/1.1" 200 412
116.230.74.197 - - [18/Aug/2020:09:10:46 +0800] "GET /favicon.ico HTTP/1.1" 404 -
218.81.217.115 - - [18/Aug/2020:09:10:47 +0800] "GET /xingrg/kc/buy/cgsh_order_operate.html?command=get_materiel&rest_code=00146&code=00101008185&supplier_code=00100005&order_time=2020-08-18 HTTP/1.1" 200 408
116.230.74.197 - - [18/Aug/2020:09:10:47 +0800] "POST /xingrg/login.do HTTP/1.1" 302 -
116.230.74.197 - - [18/Aug/2020:09:10:48 +0800] "GET /xingrg/index.html?sysBaseUrl=http%3A%2F%2F180.169.147.146%3A18081%2Fxingrg%2F&costTime=38×tamp=1597713047930 HTTP/1.1" 200 17179
116.230.74.197 - - [18/Aug/2020:09:10:48 +0800] "GET /favicon.ico HTTP/1.1" 404 -
116.230.74.197 - - [18/Aug/2020:09:10:49 +0800] "POST /xingrg/all/common/load_tree.html?tree=area_rest_tree_json&manage=1 HTTP/1.1" 200 476
116.230.74.197 - - [18/Aug/2020:09:10:49 +0800] "GET /xingrg/all/function/internal_message.html?_=1597713045215&CODE_STATE=count HTTP/1.1" 200 11
116.230.74.197 - - [18/Aug/2020:09:10:49 +0800] "GET /xingrg/check_reg.html?_=1597713045216 HTTP/1.1" 200 22
116.230.74.197 - - [18/Aug/2020:09:10:50 +0800] "POST /xingrg/load_menu.html HTTP/1.1" 200 5138
114.89.80.44 - - [18/Aug/2020:09:10:51 +0800] "GET /xingrg/all/function/internal_message.html?_=1597713170030&CODE_STATE=getMsg HTTP/1.1" 200 27
114.88.165.122 - - [18/Aug/2020:09:10:54 +0800] "GET /xingrg/kc/buy/cgsh_order_operate.html?command=get_materiel&rest_code=00111&code=00101008350&supplier_code=00100005&order_time=2020-08-18 HTTP/1.1" 200 408
172.17.0.114 - - [18/Aug/2020:09:10:55 +0800] "GET /xingrg/all/function/internal_message.html?_=1597713054432&CODE_STATE=getMsg HTTP/1.1" 200 27
218.81.217.115 - - [18/Aug/2020:09:10:57 +0800] "GET /xingrg/kc/buy/cgsh_order_operate.html?command=get_materiel&rest_code=00146&code=00101008125&supplier_code=00100005&order_time=2020-08-18 HTTP/1.1" 200 413
114.88.165.122 - - [18/Aug/2020:09:10:58 +0800] "GET /xingrg/all/function/internal_message.html?_=1597713104261&CODE_STATE=getMsg HTTP/1.1" 200 27
114.89.80.44 - - [18/Aug/2020:09:11:03 +0800] "GET /xingrg/all/function/internal_message.html?_=1597713062219&CODE_STATE=getMsg HTTP/1.1" 200 27
120.253.135.82 - - [18/Aug/2020:09:11:03 +0800] "GET /xingrg/all/function/internal_message.html?_=1597712814204&CODE_STATE=getMsg HTTP/1.1" 200 27
172.17.0.101 - - [18/Aug/2020:09:11:08 +0800] "GET /xingrg/all/function/internal_message.html?_=1597713070510&CODE_STATE=getMsg HTTP/1.1" 302 -
218.81.217.115 - - [18/Aug/2020:09:11:08 +0800] "GET /xingrg/all/function/internal_message.html?_=1597713072187&CODE_STATE=getMsg HTTP/1.1" 200 27
114.88.165.122 - - [18/Aug/2020:09:11:09 +0800] "GET /xingrg/all/function/internal_message.html?_=1597713067850&CODE_STATE=getMsg HTTP/1.1" 200 27
218.81.217.115 - - [18/Aug/2020:09:11:15 +0800] "GET /xingrg/kc/buy/cgsh_order_operate.html?command=get_materiel&rest_code=00146&code=00101008038&supplier_code=00100005&order_time=2020-08-18 HTTP/1.1" 200 412
114.88.165.122 - - [18/Aug/2020:09:11:15 +0800] "GET /xingrg/kc/buy/cgsh_order_operate.html?command=get_materiel&rest_code=00111&code=00101008361&supplier_code=00100005&order_time=2020-08-18 HTTP/1.1" 200 408
116.230.74.197 - - [18/Aug/2020:09:11:16 +0800] "GET /xingrg/kc/buy/buy_main.html HTTP/1.1" 200 12412
218.81.217.115 - - [18/Aug/2020:09:11:17 +0800] "POST /xingrg/kc/buy/cgsh_order_operate.html HTTP/1.1" 200 2065
58.221.95.50 - - [18/Aug/2020:09:11:18 +0800] "GET /xingrg/all/function/internal_message.html?_=1597713208589&CODE_STATE=getMsg HTTP/1.1" 200 27
218.81.217.115 - - [18/Aug/2020:09:11:23 +0800] "GET /xingrg/kc/buy/cgsh_order_operate.html?command=get_materiel&rest_code=00146&code=00101008355&supplier_code=00100005&order_time=2020-08-18 HTTP/1.1" 200 408
218.81.217.115 - - [18/Aug/2020:09:11:30 +0800] "GET /xingrg/kc/buy/cgsh_order_operate.html?command=get_materiel&rest_code=00146&code=00101008264&supplier_code=00100005&order_time=2020-08-18 HTTP/1.1" 200 412
180.175.214.200 - - [18/Aug/2020:09:11:31 +0800] "GET /xingrg/all/function/internal_message.html?_=1597713297155&CODE_STATE=getMsg HTTP/1.1" 200 27
116.230.74.197 - - [18/Aug/2020:09:11:32 +0800] "GET /xingrg/kc/buy/buy_main.html HTTP/1.1" 200 12412
116.230.74.197 - - [18/Aug/2020:09:11:33 +0800] "GET /xingrg/css/new_ie.css HTTP/1.1" 404 1036
114.88.165.122 - - [18/Aug/2020:09:11:33 +0800] "GET /xingrg/kc/buy/cgsh_order_operate.html?command=get_materiel&rest_code=00111&code=00101008357&supplier_code=00100005&order_time=2020-08-18 HTTP/1.1" 200 408
117.184.7.30 - - [18/Aug/2020:09:11:36 +0800] "GET /xingrg/check_reg.html?_=1597713092265 HTTP/1.1" 200 22
117.184.7.30 - - [18/Aug/2020:09:11:36 +0800] "GET /xingrg/all/function/internal_message.html?_=1597713092268&CODE_STATE=getMsg HTTP/1.1" 200 27
61.172.5.115 - - [18/Aug/2020:09:11:37 +0800] "GET /xingrg/all/function/internal_message.html?_=1597713097304&CODE_STATE=getMsg HTTP/1.1" 200 27
61.172.5.115 - - [18/Aug/2020:09:11:37 +0800] "GET /xingrg/check_reg.html?_=1597713097310 HTTP/1.1" 200 22
61.172.5.115 - - [18/Aug/2020:09:11:38 +0800] "POST /xingrg/services/DataTransmitService HTTP/1.1" 401 565
61.172.5.115 - - [18/Aug/2020:09:11:38 +0800] "POST /xingrg/services/DataTransmitService HTTP/1.1" 200 478
61.172.5.115 - - [18/Aug/2020:09:11:38 +0800] "POST /xingrg/services/DataTransmitService HTTP/1.1" 200 1320
61.172.5.115 - - [18/Aug/2020:09:11:39 +0800] "POST /xingrg/services/DataTransmitService HTTP/1.1" 200 478
61.172.5.115 - - [18/Aug/2020:09:11:39 +0800] "POST /xingrg/services/DataTransmitService HTTP/1.1" 200 1320
61.172.5.115 - - [18/Aug/2020:09:11:39 +0800] "POST /xingrg/services/DataTransmitService HTTP/1.1" 200 524
61.172.5.115 - - [18/Aug/2020:09:11:39 +0800] "POST /xingrg/services/DataTransmitService HTTP/1.1" 200 2007
61.172.5.115 - - [18/Aug/2020:09:11:39 +0800] "POST /xingrg/services/DataTransmitService HTTP/1.1" 200 2263
61.172.5.115 - - [18/Aug/2020:09:11:39 +0800] "POST /xingrg/services/DataTransmitService HTTP/1.1" 200 1423
180.157.251.101 - - [18/Aug/2020:09:11:39 +0800] "GET /xingrg/all/function/internal_message.html?_=1597713099780&CODE_STATE=getMsg HTTP/1.1" 200 27
114.88.165.122 - - [18/Aug/2020:09:11:39 +0800] "GET /xingrg/kc/buy/cgsh_order_operate.html?command=get_materiel&rest_code=00111&code=00101008069&supplier_code=00100005&order_time=2020-08-18 HTTP/1.1" 200 412
61.172.5.115 - - [18/Aug/2020:09:11:40 +0800] "POST /xingrg/services/DataTransmitService HTTP/1.1" 200 143932
172.17.0.114 - - [18/Aug/2020:09:11:40 +0800] "GET /xingrg/javascript/auto/indicator.gif HTTP/1.1" 404 1066
101.83.241.175 - - [18/Aug/2020:09:11:41 +0800] "GET /xingrg/all/function/internal_message.html?_=1597713098866&CODE_STATE=getMsg HTTP/1.1" 200 27
172.17.0.114 - - [18/Aug/2020:09:11:42 +0800] "GET /xingrg/javascript/jquery_tools/images/prev.gif HTTP/1.1" 404 1086
172.17.0.114 - - [18/Aug/2020:09:11:42 +0800] "GET /xingrg/javascript/jquery_tools/images/next.gif HTTP/1.1" 404 1086
116.230.74.197 - - [18/Aug/2020:09:11:44 +0800] "GET /xingrg/css/new_ie.css HTTP/1.1" 404 1036
116.230.74.197 - - [18/Aug/2020:09:11:44 +0800] "GET /xingrg/kc/buy/buy_main.html HTTP/1.1" 200 12412
116.230.74.197 - - [18/Aug/2020:09:11:44 +0800] "GET /xingrg/kc/buy/buy_main.html HTTP/1.1" 200 12412
116.230.74.197 - - [18/Aug/2020:09:11:45 +0800] "GET /xingrg/css/new_ie.css HTTP/1.1" 404 1036
116.230.74.197 - - [18/Aug/2020:09:11:45 +0800] "GET /xingrg/css/new_ie.css HTTP/1.1" 404 1036
114.88.165.122 - - [18/Aug/2020:09:11:48 +0800] "GET /xingrg/kc/buy/cgsh_order_operate.html?command=get_materiel&rest_code=00111&code=00101008286&supplier_code=00100005&order_time=2020-08-18 HTTP/1.1" 200 408
116.230.74.197 - - [18/Aug/2020:09:11:49 +0800] "GET /xingrg/all/function/internal_message.html?_=1597713105278&CODE_STATE=getMsg HTTP/1.1" 200 27
114.89.80.44 - - [18/Aug/2020:09:11:51 +0800] "GET /xingrg/all/function/internal_message.html?_=1597713230036&CODE_STATE=getMsg HTTP/1.1" 200 27
172.17.0.120 - - [18/Aug/2020:09:11:52 +0800] "GET /xingrg/index.html HTTP/1.1" 302 -
172.17.0.120 - - [18/Aug/2020:09:11:52 +0800] "GET /xingrg/login.html HTTP/1.1" 200 7636
172.17.0.120 - - [18/Aug/2020:09:11:52 +0800] "GET /xingrg/images/blue/login_bg.png HTTP/1.1" 200 22101
172.17.0.120 - - [18/Aug/2020:09:11:52 +0800] "GET /xingrg/images/blue/hj.png HTTP/1.1" 200 1014
172.17.0.120 - - [18/Aug/2020:09:11:52 +0800] "GET /xingrg/images/blue/srbg.png HTTP/1.1" 200 138
172.17.0.120 - - [18/Aug/2020:09:11:52 +0800] "GET /favicon.ico HTTP/1.1" 404 -
114.88.165.122 - - [18/Aug/2020:09:11:55 +0800] "GET /xingrg/kc/buy/cgsh_order_operate.html?command=get_materiel&rest_code=00111&code=00101008154&supplier_code=00100005&order_time=2020-08-18 HTTP/1.1" 200 413
172.17.0.114 - - [18/Aug/2020:09:11:55 +0800] "GET /xingrg/all/function/internal_message.html?_=1597713114423&CODE_STATE=getMsg HTTP/1.1" 200 27
218.81.217.115 - - [18/Aug/2020:09:11:56 +0800] "GET /xingrg/kc/buy/cgsh_order_operate.html?command=get_materiel&rest_code=00146&code=00101008196&supplier_code=00100005&order_time=2020-08-18 HTTP/1.1" 200 416
172.17.0.114 - - [18/Aug/2020:09:11:57 +0800] "GET /xingrg/kc/buy/cgsh_order_operate.html?command=get_materiel&rest_code=00147&code=00101009032&supplier_code=00100022&order_time=2020-08-18 HTTP/1.1" 200 412
116.230.74.197 - - [18/Aug/2020:09:11:58 +0800] "GET /xingrg/images/yd/bt.gif HTTP/1.1" 404 1040
114.88.165.122 - - [18/Aug/2020:09:11:58 +0800] "GET /xingrg/all/function/internal_message.html?_=1597713164238&CODE_STATE=getMsg HTTP/1.1" 200 27
114.88.165.122 - - [18/Aug/2020:09:11:58 +0800] "GET /xingrg/kc/buy/cgsh_order_operate.html?command=get_materiel&rest_code=00111&code=00101008131&supplier_code=00100005&order_time=2020-08-18 HTTP/1.1" 200 408
116.230.74.197 - - [18/Aug/2020:09:11:58 +0800] "GET /xingrg/kc/buy/cgsh_order_list.html HTTP/1.1" 200 43647
172.17.0.120 - - [18/Aug/2020:09:12:01 +0800] "POST /xingrg/login.do HTTP/1.1" 302 -
172.17.0.120 - - [18/Aug/2020:09:12:01 +0800] "GET /xingrg/index.html?sysBaseUrl=http%3A%2F%2F172.17.0.8%3A18081%2Fxingrg%2F&costTime=37×tamp=1597713121899 HTTP/1.1" 200 17448
172.17.0.120 - - [18/Aug/2020:09:12:02 +0800] "GET /favicon.ico HTTP/1.1" 404 -
172.17.0.120 - - [18/Aug/2020:09:12:02 +0800] "POST /xingrg/all/common/load_tree.html?tree=area_rest_tree_json&manage=1 HTTP/1.1" 200 3216
172.17.0.120 - - [18/Aug/2020:09:12:02 +0800] "GET /xingrg/all/function/internal_message.html?_=1597713119954&CODE_STATE=count HTTP/1.1" 200 11
172.17.0.120 - - [18/Aug/2020:09:12:02 +0800] "GET /xingrg/check_reg.html?_=1597713119955 HTTP/1.1" 200 22
172.17.0.120 - - [18/Aug/2020:09:12:02 +0800] "GET /xingrg/images/blue/pingpu.png HTTP/1.1" 304 -
172.17.0.120 - - [18/Aug/2020:09:12:02 +0800] "POST /xingrg/load_menu.html HTTP/1.1" 200 11408
172.17.0.120 - - [18/Aug/2020:09:12:02 +0800] "GET /xingrg/javascript/jquery_easy_ui/themes/icons/delivery_new.png HTTP/1.1" 200 700
114.89.80.44 - - [18/Aug/2020:09:12:03 +0800] "GET /xingrg/all/function/internal_message.html?_=1597713122230&CODE_STATE=getMsg HTTP/1.1" 200 27
120.253.135.82 - - [18/Aug/2020:09:12:03 +0800] "GET /xingrg/all/function/internal_message.html?_=1597712874237&CODE_STATE=getMsg HTTP/1.1" 200 27
172.17.0.114 - - [18/Aug/2020:09:12:04 +0800] "GET /xingrg/kc/buy/cgsh_order_operate.html?command=get_materiel&rest_code=00147&code=00101009065&supplier_code=00100022&order_time=2020-08-18 HTTP/1.1" 200 420
172.17.0.101 - - [18/Aug/2020:09:12:08 +0800] "GET /xingrg/all/function/internal_message.html?_=1597713130517&CODE_STATE=getMsg HTTP/1.1" 302 -
172.17.0.120 - - [18/Aug/2020:09:12:08 +0800] "POST /xingrg/all/user/operate.html HTTP/1.1" 200 36
172.17.0.120 - - [18/Aug/2020:09:12:08 +0800] "GET /xingrg/index.html?sysBaseUrl=http%3A%2F%2F172.17.0.8%3A18081%2Fxingrg%2F&costTime=37×tamp=1597713121899 HTTP/1.1" 200 17454
172.17.0.120 - - [18/Aug/2020:09:12:08 +0800] "GET /xingrg/javascript/jquery_easy_ui/themes/default/easyui.css HTTP/1.1" 304 -
172.17.0.120 - - [18/Aug/2020:09:12:08 +0800] "GET /xingrg/javascript/jquery_easy_ui/themes/icon.css HTTP/1.1" 304 -
172.17.0.120 - - [18/Aug/2020:09:12:08 +0800] "GET /xingrg/css/form.css HTTP/1.1" 304 -
172.17.0.120 - - [18/Aug/2020:09:12:08 +0800] "GET /xingrg/javascript/jquery-1.4.2.min.js HTTP/1.1" 304 -
172.17.0.120 - - [18/Aug/2020:09:12:08 +0800] "GET /xingrg/javascript/jquery_easy_ui/jquery.easyui.min.js HTTP/1.1" 304 -
172.17.0.120 - - [18/Aug/2020:09:12:08 +0800] "GET /xingrg/javascript/jquery_easy_ui/easyui-lang-zh_CN.js HTTP/1.1" 304 -
172.17.0.120 - - [18/Aug/2020:09:12:08 +0800] "GET /xingrg/javascript/jquery.form.js HTTP/1.1" 304 -
172.17.0.120 - - [18/Aug/2020:09:12:08 +0800] "GET /xingrg/javascript/jquery.utils.js HTTP/1.1" 304 -
172.17.0.120 - - [18/Aug/2020:09:12:08 +0800] "GET /xingrg/javascript/jquery.timers.js HTTP/1.1" 304 -
172.17.0.120 - - [18/Aug/2020:09:12:08 +0800] "GET /xingrg/images/blue/jxLogo.png HTTP/1.1" 304 -
172.17.0.120 - - [18/Aug/2020:09:12:08 +0800] "GET /xingrg/images/blue/navBackgound.jpg HTTP/1.1" 304 -
172.17.0.120 - - [18/Aug/2020:09:12:08 +0800] "GET /xingrg/javascript/jquery_easy_ui/themes/icons/settle_new.png HTTP/1.1" 304 -
172.17.0.120 - - [18/Aug/2020:09:12:08 +0800] "POST /xingrg/all/common/load_tree.html?tree=area_rest_tree_json&manage=1 HTTP/1.1" 200 3216
172.17.0.120 - - [18/Aug/2020:09:12:08 +0800] "GET /xingrg/all/function/internal_message.html?_=1597713126092&CODE_STATE=count HTTP/1.1" 200 11
172.17.0.120 - - [18/Aug/2020:09:12:08 +0800] "GET /xingrg/check_reg.html?_=1597713126093 HTTP/1.1" 200 22
172.17.0.120 - - [18/Aug/2020:09:12:08 +0800] "GET /xingrg/javascript/jquery_easy_ui/themes/default/images/tabs_leftarrow.png HTTP/1.1" 304 -
172.17.0.120 - - [18/Aug/2020:09:12:08 +0800] "GET /xingrg/javascript/jquery_easy_ui/themes/default/images/tabs_rightarrow.png HTTP/1.1" 304 -
172.17.0.120 - - [18/Aug/2020:09:12:08 +0800] "GET /xingrg/images/blue/pingpu.png HTTP/1.1" 304 -
172.17.0.120 - - [18/Aug/2020:09:12:08 +0800] "GET /xingrg/javascript/jquery_easy_ui/themes/default/images/panel_tool_expand.gif HTTP/1.1" 304 -
172.17.0.120 - - [18/Aug/2020:09:12:08 +0800] "GET /xingrg/javascript/jquery_easy_ui/themes/default/images/panel_tool_collapse.gif HTTP/1.1" 304 -
172.17.0.120 - - [18/Aug/2020:09:12:08 +0800] "POST /xingrg/load_menu.html HTTP/1.1" 200 9924
218.81.217.115 - - [18/Aug/2020:09:12:08 +0800] "GET /xingrg/all/function/internal_message.html?_=1597713132198&CODE_STATE=getMsg HTTP/1.1" 200 27
116.230.74.197 - - [18/Aug/2020:09:12:09 +0800] "POST /xingrg/kc/buy/cgsh_list_operate.html HTTP/1.1" 200 876
114.88.165.122 - - [18/Aug/2020:09:12:10 +0800] "GET /xingrg/kc/buy/cgsh_order_operate.html?command=get_materiel&rest_code=00111&code=00101008295&supplier_code=00100005&order_time=2020-08-18 HTTP/1.1" 200 412
114.88.165.122 - - [18/Aug/2020:09:12:10 +0800] "GET /xingrg/all/function/internal_message.html?_=1597713128728&CODE_STATE=getMsg HTTP/1.1" 200 27
116.230.74.197 - - [18/Aug/2020:09:12:11 +0800] "GET /xingrg/kc/buy/cgsh_order_add.html HTTP/1.1" 200 59426
116.230.74.197 - - [18/Aug/2020:09:12:13 +0800] "GET /xingrg/words/20200817163423_words.js HTTP/1.1" 304 -
