172.17.0.114 - - [18/Aug/2020:10:37:56 +0800] "GET /xingrg/check_reg.html?_=1597718275147 HTTP/1.1" 200 22
114.88.165.122 - - [18/Aug/2020:10:37:57 +0800] "POST /xingrg/kc/buy/cgsh_list_operate.html HTTP/1.1" 200 3135
180.157.251.101 - - [18/Aug/2020:10:37:59 +0800] "GET /xingrg/all/function/internal_message.html?_=1597718280038&CODE_STATE=getMsg HTTP/1.1" 200 27
114.88.153.118 - - [18/Aug/2020:10:38:00 +0800] "GET /xingrg/kc/buy/cgsh_order_add.html HTTP/1.1" 200 59385
114.88.153.118 - - [18/Aug/2020:10:38:00 +0800] "GET /xingrg/words/20200817163423_words.js HTTP/1.1" 304 -
114.88.153.118 - - [18/Aug/2020:10:38:01 +0800] "GET /xingrg/all/common/auto_word.html?type=employee&rest_code=00141 HTTP/1.1" 200 201
114.88.153.118 - - [18/Aug/2020:10:38:01 +0800] "GET /xingrg/all/common/auto_word.html?type=employee&rest_code=00141 HTTP/1.1" 200 201
114.88.153.118 - - [18/Aug/2020:10:38:01 +0800] "GET /xingrg/javascript/easyui/themes/default/validatebox.css HTTP/1.1" 404 1104
114.88.153.118 - - [18/Aug/2020:10:38:01 +0800] "POST /xingrg/kc/buy/cgsh_order_operate.html HTTP/1.1" 200 8245
114.92.198.157 - - [18/Aug/2020:10:38:03 +0800] "POST /xingrg/supplier/cgsh_list_operate.html HTTP/1.1" 200 2599
61.172.5.115 - - [18/Aug/2020:10:38:04 +0800] "POST /xingrg/kc/buy/cgsh_order_operate.html HTTP/1.1" 200 37
116.230.74.197 - - [18/Aug/2020:10:38:05 +0800] "GET /xingrg/kc/buy/cgsh_order_operate.html?command=get_materiel&rest_code=00107&code=00101013170&supplier_code=00100337&order_time=2020-08-18 HTTP/1.1" 200 409
61.172.5.115 - - [18/Aug/2020:10:38:05 +0800] "POST /xingrg/kc/buy/cgsh_order_operate.html HTTP/1.1" 200 3252
61.172.5.115 - - [18/Aug/2020:10:38:06 +0800] "GET /xingrg/kc/print/load_data.html?order_code=212020081807595&kc_code=cgsh&condition= HTTP/1.1" 200 904
114.86.228.62 - - [18/Aug/2020:10:38:08 +0800] "GET /xingrg/kc/buy/cgsh_order_operate.html?command=get_materiel&rest_code=00109&code=00101008210&supplier_code=00100005&order_time=2020-08-18 HTTP/1.1" 200 408
61.172.5.115 - - [18/Aug/2020:10:38:10 +0800] "GET /xingrg/kc/buy/cgsh_order_add.html HTTP/1.1" 200 59379
61.172.5.115 - - [18/Aug/2020:10:38:10 +0800] "POST /xingrg/kc/buy/cgsh_order_operate.html HTTP/1.1" 200 8245
61.172.5.115 - - [18/Aug/2020:10:38:10 +0800] "GET /xingrg/javascript/easyui/themes/default/validatebox.css HTTP/1.1" 404 1104
218.81.217.115 - - [18/Aug/2020:10:38:12 +0800] "GET /xingrg/all/function/internal_message.html?_=1597718296330&CODE_STATE=getMsg HTTP/1.1" 200 27
117.185.32.26 - - [18/Aug/2020:10:38:12 +0800] "GET /xingrg/kc/buy/cgsh_order_add.html HTTP/1.1" 200 59385
117.185.32.26 - - [18/Aug/2020:10:38:13 +0800] "POST /xingrg/kc/buy/cgsh_order_operate.html HTTP/1.1" 200 8245
117.185.32.26 - - [18/Aug/2020:10:38:13 +0800] "GET /xingrg/javascript/easyui/themes/default/validatebox.css HTTP/1.1" 404 1104
172.17.0.101 - - [18/Aug/2020:10:38:13 +0800] "GET /xingrg/all/function/internal_message.html?_=1597718295896&CODE_STATE=getMsg HTTP/1.1" 302 -
114.92.198.157 - - [18/Aug/2020:10:38:13 +0800] "POST /xingrg/supplier/cgsh_list_operate.html HTTP/1.1" 200 2563
116.230.74.197 - - [18/Aug/2020:10:38:15 +0800] "POST /xingrg/services/DataTransmitService HTTP/1.1" 200 524
116.230.74.197 - - [18/Aug/2020:10:38:16 +0800] "POST /xingrg/services/DataTransmitService HTTP/1.1" 200 2011
116.230.74.197 - - [18/Aug/2020:10:38:16 +0800] "POST /xingrg/services/DataTransmitService HTTP/1.1" 200 2307
116.230.74.197 - - [18/Aug/2020:10:38:17 +0800] "POST /xingrg/services/DataTransmitService HTTP/1.1" 200 1443
114.86.228.62 - - [18/Aug/2020:10:38:17 +0800] "GET /xingrg/kc/buy/cgsh_order_operate.html?command=get_materiel&rest_code=00109&code=00101008126&supplier_code=00100005&order_time=2020-08-18 HTTP/1.1" 200 412
117.185.32.26 - - [18/Aug/2020:10:38:17 +0800] "GET /xingrg/javascript/easyui/themes/default/tree.css HTTP/1.1" 404 1090
117.185.32.26 - - [18/Aug/2020:10:38:17 +0800] "POST /xingrg/all/common/load_tree.html?tree=supplier_tree_json&isDelete=1 HTTP/1.1" 200 49675
116.230.74.197 - - [18/Aug/2020:10:38:17 +0800] "POST /xingrg/services/DataTransmitService HTTP/1.1" 200 158211
58.221.95.50 - - [18/Aug/2020:10:38:18 +0800] "GET /xingrg/all/function/internal_message.html?_=1597718428806&CODE_STATE=getMsg HTTP/1.1" 200 27
61.172.5.115 - - [18/Aug/2020:10:38:20 +0800] "GET /xingrg/kc/buy/cgsh_order_operate.html?command=get_materiel&rest_code=00105&code=00101012060&supplier_code=00100338&order_time=2020-08-18 HTTP/1.1" 200 408
114.88.165.122 - - [18/Aug/2020:10:38:22 +0800] "GET /xingrg/check_reg.html?_=1597718347948 HTTP/1.1" 200 22
114.88.165.122 - - [18/Aug/2020:10:38:22 +0800] "GET /xingrg/all/function/internal_message.html?_=1597718347947&CODE_STATE=getMsg HTTP/1.1" 200 27
116.230.74.197 - - [18/Aug/2020:10:38:22 +0800] "GET /xingrg/kc/buy/cgsh_order_operate.html?command=get_materiel&rest_code=00107&code=00101019517&supplier_code=00100337&order_time=2020-08-18 HTTP/1.1" 200 471
114.86.228.62 - - [18/Aug/2020:10:38:24 +0800] "GET /xingrg/kc/buy/cgsh_order_operate.html?command=get_materiel&rest_code=00109&code=00101008067&supplier_code=00100005&order_time=2020-08-18 HTTP/1.1" 200 416
114.89.80.44 - - [18/Aug/2020:10:38:27 +0800] "GET /xingrg/all/function/internal_message.html?_=1597718425759&CODE_STATE=getMsg HTTP/1.1" 200 27
114.89.80.44 - - [18/Aug/2020:10:38:27 +0800] "GET /xingrg/kc/buy/cgsh_order_operate.html?command=get_materiel&rest_code=00151&code=00102004020&supplier_code=00100098&order_time=2020-08-18 HTTP/1.1" 200 418
172.17.200.101 - - [18/Aug/2020:10:38:29 +0800] "GET /xingrg/all/function/internal_message.html?_=1597718310244&CODE_STATE=getMsg HTTP/1.1" 200 27
180.175.214.200 - - [18/Aug/2020:10:38:32 +0800] "GET /xingrg/check_reg.html?_=1597718517403 HTTP/1.1" 200 22
117.185.32.26 - - [18/Aug/2020:10:38:32 +0800] "GET /xingrg/all/function/internal_message.html?_=1597718309830&CODE_STATE=getMsg HTTP/1.1" 200 27
114.86.228.62 - - [18/Aug/2020:10:38:36 +0800] "GET /xingrg/kc/buy/cgsh_order_operate.html?command=get_materiel&rest_code=00109&code=00101008321&supplier_code=00100005&order_time=2020-08-18 HTTP/1.1" 200 412
117.184.7.26 - - [18/Aug/2020:10:38:37 +0800] "GET /xingrg/all/function/internal_message.html?_=1597718312842&CODE_STATE=getMsg HTTP/1.1" 200 27
61.172.5.115 - - [18/Aug/2020:10:38:37 +0800] "GET /xingrg/all/function/internal_message.html?_=1597718317387&CODE_STATE=getMsg HTTP/1.1" 200 27
180.175.214.200 - - [18/Aug/2020:10:38:39 +0800] "GET /xingrg/all/function/internal_message.html?_=1597718524358&CODE_STATE=getMsg HTTP/1.1" 200 27
114.86.228.62 - - [18/Aug/2020:10:38:40 +0800] "GET /xingrg/all/function/internal_message.html?_=1597718386922&CODE_STATE=getMsg HTTP/1.1" 200 27
101.83.241.175 - - [18/Aug/2020:10:38:40 +0800] "GET /xingrg/all/function/internal_message.html?_=1597718317561&CODE_STATE=getMsg HTTP/1.1" 200 27
114.86.228.62 - - [18/Aug/2020:10:38:43 +0800] "GET /xingrg/kc/buy/cgsh_order_operate.html?command=get_materiel&rest_code=00109&code=00101008169&supplier_code=00100005&order_time=2020-08-18 HTTP/1.1" 200 412
58.40.7.146 - - [18/Aug/2020:10:38:44 +0800] "GET /xingrg/all/function/internal_message.html?_=1597718323810&CODE_STATE=getMsg HTTP/1.1" 200 27
58.40.7.146 - - [18/Aug/2020:10:38:44 +0800] "GET /xingrg/check_reg.html?_=1597718323813 HTTP/1.1" 200 22
116.230.74.197 - - [18/Aug/2020:10:38:47 +0800] "GET /xingrg/kc/buy/cgsh_order_operate.html?command=get_materiel&rest_code=00107&code=00101019298&supplier_code=00100337&order_time=2020-08-18 HTTP/1.1" 200 437
117.184.7.30 - - [18/Aug/2020:10:38:48 +0800] "POST /xingrg/services/DataTransmitService HTTP/1.1" 200 524
117.184.7.30 - - [18/Aug/2020:10:38:49 +0800] "POST /xingrg/services/DataTransmitService HTTP/1.1" 200 497
114.86.228.62 - - [18/Aug/2020:10:38:49 +0800] "GET /xingrg/kc/buy/cgsh_order_operate.html?command=get_materiel&rest_code=00109&code=00101008359&supplier_code=00100005&order_time=2020-08-18 HTTP/1.1" 200 408
117.185.32.26 - - [18/Aug/2020:10:38:50 +0800] "GET /xingrg/kc/buy/cgsh_order_operate.html?command=get_materiel&rest_code=00106&code=00101006161&supplier_code=00100032&order_time=2020-08-18 HTTP/1.1" 200 409
114.88.153.118 - - [18/Aug/2020:10:38:52 +0800] "GET /xingrg/all/function/internal_message.html?_=1597718330187&CODE_STATE=getMsg HTTP/1.1" 200 27
114.89.80.44 - - [18/Aug/2020:10:38:53 +0800] "GET /xingrg/all/function/internal_message.html?_=1597718333101&CODE_STATE=getMsg HTTP/1.1" 200 27
116.230.74.197 - - [18/Aug/2020:10:38:54 +0800] "GET /xingrg/all/function/internal_message.html?_=1597718334189&CODE_STATE=getMsg HTTP/1.1" 200 27
114.88.165.122 - - [18/Aug/2020:10:38:54 +0800] "GET /xingrg/check_reg.html?_=1597718333017 HTTP/1.1" 200 22
172.17.0.120 - - [18/Aug/2020:10:38:55 +0800] "GET /xingrg/all/function/internal_message.html?_=1597718333400&CODE_STATE=getMsg HTTP/1.1" 200 27
114.88.165.122 - - [18/Aug/2020:10:38:56 +0800] "GET /xingrg/all/function/internal_message.html?_=1597718334272&CODE_STATE=getMsg HTTP/1.1" 200 27
172.17.0.114 - - [18/Aug/2020:10:38:56 +0800] "GET /xingrg/all/function/internal_message.html?_=1597718334806&CODE_STATE=getMsg HTTP/1.1" 200 27
180.157.251.101 - - [18/Aug/2020:10:38:59 +0800] "GET /xingrg/all/function/internal_message.html?_=1597718340018&CODE_STATE=getMsg HTTP/1.1" 200 27
116.230.74.197 - - [18/Aug/2020:10:39:01 +0800] "GET /xingrg/kc/buy/cgsh_order_operate.html?command=get_materiel&rest_code=00107&code=00101020078&supplier_code=00100337&order_time=2020-08-18 HTTP/1.1" 200 431
61.172.5.115 - - [18/Aug/2020:10:39:03 +0800] "POST /xingrg/kc/buy/cgsh_order_operate.html HTTP/1.1" 200 37
117.185.32.26 - - [18/Aug/2020:10:39:03 +0800] "GET /xingrg/kc/buy/cgsh_order_operate.html?command=get_materiel&rest_code=00106&code=00101016025&supplier_code=00100032&order_time=2020-08-18 HTTP/1.1" 200 408
61.172.5.115 - - [18/Aug/2020:10:39:04 +0800] "POST /xingrg/kc/buy/cgsh_order_operate.html HTTP/1.1" 200 2651
61.172.5.115 - - [18/Aug/2020:10:39:06 +0800] "GET /xingrg/kc/print/load_data.html?order_code=212020081807596&kc_code=cgsh&condition= HTTP/1.1" 200 663
218.81.217.115 - - [18/Aug/2020:10:39:10 +0800] "GET /xingrg/check_reg.html?_=1597718354215 HTTP/1.1" 200 22
61.172.5.115 - - [18/Aug/2020:10:39:10 +0800] "GET /xingrg/kc/buy/cgsh_order_add.html HTTP/1.1" 200 59379
61.172.5.115 - - [18/Aug/2020:10:39:11 +0800] "POST /xingrg/kc/buy/cgsh_order_operate.html HTTP/1.1" 200 8245
61.172.5.115 - - [18/Aug/2020:10:39:11 +0800] "GET /xingrg/javascript/easyui/themes/default/validatebox.css HTTP/1.1" 404 1104
114.86.228.62 - - [18/Aug/2020:10:39:11 +0800] "GET /xingrg/kc/buy/cgsh_order_operate.html?command=get_materiel&rest_code=00109&code=00101008332&supplier_code=00100005&order_time=2020-08-18 HTTP/1.1" 200 412
218.81.217.115 - - [18/Aug/2020:10:39:12 +0800] "GET /xingrg/all/function/internal_message.html?_=1597718356344&CODE_STATE=getMsg HTTP/1.1" 200 27
172.17.0.123 - - [18/Aug/2020:10:39:13 +0800] "GET /xingrg/check_reg.html?_=1597718269053 HTTP/1.1" 200 22
172.17.0.101 - - [18/Aug/2020:10:39:13 +0800] "GET /xingrg/all/function/internal_message.html?_=1597718355963&CODE_STATE=getMsg HTTP/1.1" 302 -
117.185.32.26 - - [18/Aug/2020:10:39:14 +0800] "GET /xingrg/kc/buy/cgsh_order_operate.html?command=get_materiel&rest_code=00106&code=00101010248&supplier_code=00100032&order_time=2020-08-18 HTTP/1.1" 200 430
117.185.32.26 - - [18/Aug/2020:10:39:15 +0800] "POST /xingrg/all/common/load_select.html HTTP/1.1" 200 25
116.230.74.197 - - [18/Aug/2020:10:39:16 +0800] "POST /xingrg/kc/buy/cgsh_order_operate.html HTTP/1.1" 200 37
114.86.228.62 - - [18/Aug/2020:10:39:17 +0800] "GET /xingrg/kc/buy/cgsh_order_operate.html?command=get_materiel&rest_code=00109&code=00101008156&supplier_code=00100005&order_time=2020-08-18 HTTP/1.1" 200 414
114.89.80.44 - - [18/Aug/2020:10:39:17 +0800] "GET /xingrg/kc/buy/cgsh_order_operate.html?command=get_materiel&rest_code=00151&code=00102004063&supplier_code=00100098&order_time=2020-08-18 HTTP/1.1" 200 428
116.230.74.197 - - [18/Aug/2020:10:39:18 +0800] "POST /xingrg/kc/buy/cgsh_order_operate.html HTTP/1.1" 200 4492
117.185.32.26 - - [18/Aug/2020:10:39:18 +0800] "GET /xingrg/kc/buy/cgsh_order_operate.html?command=get_materiel_price&rest_code=00106&code=00101010248&unit_code=00100043&supplier_code=00100032&order_time=2020-08-18 HTTP/1.1" 200 29
58.221.95.50 - - [18/Aug/2020:10:39:18 +0800] "GET /xingrg/all/function/internal_message.html?_=1597718488774&CODE_STATE=getMsg HTTP/1.1" 200 27
114.88.153.118 - - [18/Aug/2020:10:39:19 +0800] "GET /xingrg/check_reg.html?_=1597718001596 HTTP/1.1" 200 22
116.230.74.197 - - [18/Aug/2020:10:39:19 +0800] "GET /xingrg/kc/print/load_data.html?order_code=212020081807597&kc_code=cgsh&condition= HTTP/1.1" 200 1407
172.17.0.185 - - [18/Aug/2020:10:39:19 +0800] "GET /xingrg/index.html?sysBaseUrl=http%3A%2F%2F172.17.0.8%3A18081%2Fxingrg%2F&costTime=40×tamp=1597657243290 HTTP/1.1" 302 -
172.17.0.185 - - [18/Aug/2020:10:39:19 +0800] "GET /xingrg/login.html HTTP/1.1" 200 7636
172.17.0.185 - - [18/Aug/2020:10:39:20 +0800] "GET /favicon.ico HTTP/1.1" 404 -
114.88.165.122 - - [18/Aug/2020:10:39:22 +0800] "GET /xingrg/all/function/internal_message.html?_=1597718407943&CODE_STATE=getMsg HTTP/1.1" 200 27
61.172.5.115 - - [18/Aug/2020:10:39:22 +0800] "GET /xingrg/kc/buy/cgsh_order_operate.html?command=get_materiel&rest_code=00105&code=00101005036&supplier_code=00100334&order_time=2020-08-18 HTTP/1.1" 200 409
172.17.0.185 - - [18/Aug/2020:10:39:22 +0800] "POST /xingrg/login.do HTTP/1.1" 302 -
172.17.0.185 - - [18/Aug/2020:10:39:22 +0800] "GET /xingrg/index.html?sysBaseUrl=http%3A%2F%2F172.17.0.8%3A18081%2Fxingrg%2F&costTime=40×tamp=1597718362927 HTTP/1.1" 200 17448
172.17.0.185 - - [18/Aug/2020:10:39:23 +0800] "GET /favicon.ico HTTP/1.1" 404 -
172.17.0.185 - - [18/Aug/2020:10:39:23 +0800] "POST /xingrg/all/common/load_tree.html?tree=area_rest_tree_json&manage=1 HTTP/1.1" 200 3216
116.230.74.197 - - [18/Aug/2020:10:39:23 +0800] "GET /xingrg/kc/buy/cgsh_order_add.html HTTP/1.1" 200 59426
172.17.0.185 - - [18/Aug/2020:10:39:23 +0800] "GET /xingrg/all/function/internal_message.html?_=1597718361104&CODE_STATE=count HTTP/1.1" 200 11
172.17.0.185 - - [18/Aug/2020:10:39:23 +0800] "GET /xingrg/check_reg.html?_=1597718361105 HTTP/1.1" 200 22
172.17.0.185 - - [18/Aug/2020:10:39:23 +0800] "POST /xingrg/load_menu.html HTTP/1.1" 200 11529
116.230.74.197 - - [18/Aug/2020:10:39:24 +0800] "POST /xingrg/kc/buy/cgsh_order_operate.html HTTP/1.1" 200 8245
116.230.74.197 - - [18/Aug/2020:10:39:24 +0800] "GET /xingrg/javascript/easyui/themes/default/validatebox.css HTTP/1.1" 404 1104
114.86.228.62 - - [18/Aug/2020:10:39:25 +0800] "GET /xingrg/kc/buy/cgsh_order_operate.html?command=get_materiel&rest_code=00109&code=00101008049&supplier_code=00100005&order_time=2020-08-18 HTTP/1.1" 200 408
116.230.74.197 - - [18/Aug/2020:10:39:25 +0800] "GET /xingrg/javascript/easyui/themes/default/tree.css HTTP/1.1" 404 1090
116.230.74.197 - - [18/Aug/2020:10:39:26 +0800] "POST /xingrg/all/common/load_tree.html?tree=supplier_tree_json&isDelete=1 HTTP/1.1" 200 49675
114.89.80.44 - - [18/Aug/2020:10:39:27 +0800] "GET /xingrg/all/function/internal_message.html?_=1597718485773&CODE_STATE=getMsg HTTP/1.1" 200 27
172.17.0.185 - - [18/Aug/2020:10:39:27 +0800] "POST /xingrg/load_menu.html HTTP/1.1" 200 10208
172.17.0.185 - - [18/Aug/2020:10:39:28 +0800] "GET /xingrg/all/report/report_query.html?fileName=dma/new_5.0/yingye/order_list.xml HTTP/1.1" 200 55206
117.185.32.26 - - [18/Aug/2020:10:39:28 +0800] "GET /xingrg/kc/buy/cgsh_order_operate.html?command=get_materiel&rest_code=00106&code=00101016053&supplier_code=00100032&order_time=2020-08-18 HTTP/1.1" 200 408
172.17.0.185 - - [18/Aug/2020:10:39:28 +0800] "GET /xingrg/dwr/interface/AjaxReportQueryService.js HTTP/1.1" 200 13203
172.17.0.185 - - [18/Aug/2020:10:39:28 +0800] "GET /xingrg/dwr/util.js HTTP/1.1" 304 -
172.17.0.185 - - [18/Aug/2020:10:39:28 +0800] "GET /xingrg/dwr/engine.js HTTP/1.1" 200 43631
172.17.0.185 - - [18/Aug/2020:10:39:28 +0800] "POST /xingrg/dwr/call/plaincall/AjaxReportQueryService.getFixDate.dwr HTTP/1.1" 200 111
172.17.0.185 - - [18/Aug/2020:10:39:28 +0800] "POST /xingrg/all/common/load_tree.html?tree=area_station_tree_json&manage=1 HTTP/1.1" 200 3116
172.17.0.185 - - [18/Aug/2020:10:39:28 +0800] "POST /xingrg/dwr/call/plaincall/AjaxReportQueryService.getInitString.dwr HTTP/1.1" 200 76
172.17.200.101 - - [18/Aug/2020:10:39:29 +0800] "GET /xingrg/all/function/internal_message.html?_=1597718370248&CODE_STATE=getMsg HTTP/1.1" 200 27
114.86.228.62 - - [18/Aug/2020:10:39:31 +0800] "GET /xingrg/kc/buy/cgsh_order_operate.html?command=get_materiel&rest_code=00109&code=00101008185&supplier_code=00100005&order_time=2020-08-18 HTTP/1.1" 200 408
172.17.0.185 - - [18/Aug/2020:10:39:32 +0800] "POST /xingrg/dwr/call/plaincall/AjaxReportQueryService.queryInitializeString.dwr HTTP/1.1" 200 239
117.185.32.26 - - [18/Aug/2020:10:39:32 +0800] "GET /xingrg/all/function/internal_message.html?_=1597718369840&CODE_STATE=getMsg HTTP/1.1" 200 27
116.230.74.197 - - [18/Aug/2020:10:39:32 +0800] "POST /xingrg/services/DataTransmitService HTTP/1.1" 200 524
114.89.80.44 - - [18/Aug/2020:10:39:32 +0800] "GET /xingrg/kc/buy/cgsh_order_operate.html?command=get_materiel&rest_code=00151&code=00102016458&supplier_code=00100098&order_time=2020-08-18 HTTP/1.1" 200 416
120.253.135.82 - - [18/Aug/2020:10:39:32 +0800] "GET /xingrg/kc/buy/cgth_order_list.html HTTP/1.1" 200 43299
116.230.74.197 - - [18/Aug/2020:10:39:33 +0800] "POST /xingrg/services/DataTransmitService HTTP/1.1" 200 2011
120.253.135.82 - - [18/Aug/2020:10:39:33 +0800] "POST /xingrg/kc/buy/cgth_list_operate.html HTTP/1.1" 200 1035
172.17.0.185 - - [18/Aug/2020:10:39:33 +0800] "POST /xingrg/dwr/call/plaincall/AjaxReportQueryService.refreshCache.dwr HTTP/1.1" 200 78
172.17.0.185 - - [18/Aug/2020:10:39:34 +0800] "POST /xingrg/all/report/load_report_page.html HTTP/1.1" 200 208290
61.172.5.115 - - [18/Aug/2020:10:39:34 +0800] "GET /xingrg/kc/buy/cgsh_order_operate.html?command=get_materiel&rest_code=00105&code=00101010161&supplier_code=00100334&order_time=2020-08-18 HTTP/1.1" 200 411
172.17.0.185 - - [18/Aug/2020:10:39:34 +0800] "GET /xingrg/servlets/image?cache=0.9789750336375094&image=px HTTP/1.1" 200 807
120.253.135.82 - - [18/Aug/2020:10:39:35 +0800] "GET /xingrg/kc/buy/cgth_order_add.html HTTP/1.1" 200 60786
120.253.135.82 - - [18/Aug/2020:10:39:35 +0800] "GET /xingrg/dwr/interface/AjaxCgthService.js HTTP/1.1" 200 14519
120.253.135.82 - - [18/Aug/2020:10:39:35 +0800] "GET /xingrg/dwr/interface/AjaxComOrderService.js HTTP/1.1" 200 18264
120.253.135.82 - - [18/Aug/2020:10:39:35 +0800] "GET /xingrg/dwr/engine.js HTTP/1.1" 200 43631
120.253.135.82 - - [18/Aug/2020:10:39:35 +0800] "POST /xingrg/all/common/load_tree.html?tree=supplier_tree_json&isDelete=1 HTTP/1.1" 200 49675
172.17.0.185 - - [18/Aug/2020:10:39:36 +0800] "POST /xingrg/all/report/load_report_page.html HTTP/1.1" 200 208216
172.17.0.185 - - [18/Aug/2020:10:39:36 +0800] "GET /xingrg/servlets/image?cache=0.30833597763382026&image=px HTTP/1.1" 200 807
117.184.7.26 - - [18/Aug/2020:10:39:37 +0800] "GET /xingrg/all/function/internal_message.html?_=1597718372829&CODE_STATE=getMsg HTTP/1.1" 200 27
114.86.228.62 - - [18/Aug/2020:10:39:37 +0800] "GET /xingrg/all/function/internal_message.html?_=1597718446931&CODE_STATE=getMsg HTTP/1.1" 200 27
61.172.5.115 - - [18/Aug/2020:10:39:37 +0800] "GET /xingrg/all/function/internal_message.html?_=1597718377367&CODE_STATE=getMsg HTTP/1.1" 200 27
114.86.228.62 - - [18/Aug/2020:10:39:37 +0800] "GET /xingrg/kc/buy/cgsh_order_operate.html?command=get_materiel&rest_code=00109&code=00101008354&supplier_code=00100005&order_time=2020-08-18 HTTP/1.1" 200 412
117.185.32.26 - - [18/Aug/2020:10:39:39 +0800] "GET /xingrg/kc/buy/cgsh_order_operate.html?command=get_materiel&rest_code=00106&code=00101001111&supplier_code=00100032&order_time=2020-08-18 HTTP/1.1" 200 409
180.175.214.200 - - [18/Aug/2020:10:39:39 +0800] "GET /xingrg/all/function/internal_message.html?_=1597718584373&CODE_STATE=getMsg HTTP/1.1" 200 27
101.83.241.175 - - [18/Aug/2020:10:39:40 +0800] "GET /xingrg/all/function/internal_message.html?_=1597718377532&CODE_STATE=getMsg HTTP/1.1" 200 27
114.89.80.44 - - [18/Aug/2020:10:39:41 +0800] "POST /xingrg/services/DataTransmitService HTTP/1.1" 200 524
172.17.0.185 - - [18/Aug/2020:10:39:43 +0800] "GET /xingrg/dma/order_info.html?id=37451&sid=13&sale_day=20200817 HTTP/1.1" 200 5508
172.17.0.185 - - [18/Aug/2020:10:39:43 +0800] "GET /favicon.ico HTTP/1.1" 404 -
114.89.80.44 - - [18/Aug/2020:10:39:43 +0800] "POST /xingrg/services/DataTransmitService HTTP/1.1" 200 501
116.230.74.197 - - [18/Aug/2020:10:39:43 +0800] "GET /xingrg/kc/buy/cgsh_order_operate.html?command=get_materiel&rest_code=00107&code=00101010534&supplier_code=00100322&order_time=2020-08-18 HTTP/1.1" 200 428
58.40.7.146 - - [18/Aug/2020:10:39:44 +0800] "GET /xingrg/all/function/internal_message.html?_=1597718383815&CODE_STATE=getMsg HTTP/1.1" 200 27
114.89.80.44 - - [18/Aug/2020:10:39:45 +0800] "POST /xingrg/kc/buy/cgsh_order_operate.html HTTP/1.1" 200 37
114.89.80.44 - - [18/Aug/2020:10:39:47 +0800] "POST /xingrg/kc/buy/cgsh_order_operate.html HTTP/1.1" 200 12
114.89.80.44 - - [18/Aug/2020:10:39:48 +0800] "GET /xingrg/kc/buy/cgsh_order_info.html?code=212020081807598 HTTP/1.1" 200 53916
172.17.0.185 - - [18/Aug/2020:10:39:48 +0800] "GET /xingrg/dma/order_info.html?id=37442&sid=13&sale_day=20200817 HTTP/1.1" 200 12528
114.89.80.44 - - [18/Aug/2020:10:39:48 +0800] "GET /xingrg/words/20200817163423_words.js HTTP/1.1" 304 -
172.17.0.185 - - [18/Aug/2020:10:39:48 +0800] "GET /favicon.ico HTTP/1.1" 404 -
114.89.80.44 - - [18/Aug/2020:10:39:48 +0800] "GET /xingrg/javascript/easyui/themes/default/validatebox.css HTTP/1.1" 404 1104
114.89.80.44 - - [18/Aug/2020:10:39:49 +0800] "POST /xingrg/kc/buy/cgsh_order_operate.html HTTP/1.1" 200 615
114.89.80.44 - - [18/Aug/2020:10:39:50 +0800] "GET /xingrg/kc/print/load_data.html?order_code=212020081807598&kc_code=cgsh&condition= HTTP/1.1" 200 692
120.253.135.82 - - [18/Aug/2020:10:39:50 +0800] "POST /xingrg/dwr/call/plaincall/AjaxCgthService.saveOrder.dwr HTTP/1.1" 200 78
114.86.228.62 - - [18/Aug/2020:10:39:51 +0800] "GET /xingrg/kc/buy/cgsh_order_operate.html?command=get_materiel&rest_code=00109&code=00101008110&supplier_code=00100005&order_time=2020-08-18 HTTP/1.1" 200 408
120.253.135.82 - - [18/Aug/2020:10:39:51 +0800] "GET /xingrg/images/yd/bt.gif HTTP/1.1" 404 1040
114.88.153.118 - - [18/Aug/2020:10:39:52 +0800] "GET /xingrg/all/function/internal_message.html?_=1597718390188&CODE_STATE=getMsg HTTP/1.1" 200 27
117.185.32.26 - - [18/Aug/2020:10:39:53 +0800] "GET /xingrg/kc/buy/cgsh_order_operate.html?command=get_materiel&rest_code=00106&code=00101012026&supplier_code=00100032&order_time=2020-08-18 HTTP/1.1" 200 408
114.89.80.44 - - [18/Aug/2020:10:39:53 +0800] "GET /xingrg/check_reg.html?_=1597718393110 HTTP/1.1" 200 22
114.89.80.44 - - [18/Aug/2020:10:39:53 +0800] "GET /xingrg/all/function/internal_message.html?_=1597718393112&CODE_STATE=getMsg HTTP/1.1" 200 27
120.253.135.82 - - [18/Aug/2020:10:39:54 +0800] "POST /xingrg/dwr/call/plaincall/AjaxComOrderService.getMaterielSearchList.dwr HTTP/1.1" 200 23504
116.230.74.197 - - [18/Aug/2020:10:39:54 +0800] "GET /xingrg/all/function/internal_message.html?_=1597718394160&CODE_STATE=getMsg HTTP/1.1" 200 27
172.17.0.240 - - [18/Aug/2020:10:39:55 +0800] "GET /xingrg/index.html?sysBaseUrl=http%3A%2F%2F172.17.0.8%3A18081%2Fxingrg%2F&costTime=213×tamp=1585200360465 HTTP/1.1" 302 -
172.17.0.240 - - [18/Aug/2020:10:39:55 +0800] "GET /xingrg/login.html HTTP/1.1" 200 7636
120.253.135.82 - - [18/Aug/2020:10:39:55 +0800] "POST /xingrg/dwr/call/plaincall/AjaxComOrderService.getMaterielSearchList.dwr HTTP/1.1" 200 277
172.17.0.240 - - [18/Aug/2020:10:39:55 +0800] "GET /xingrg/images/blue/jxLogo.png HTTP/1.1" 200 6156
172.17.0.120 - - [18/Aug/2020:10:39:55 +0800] "GET /xingrg/all/function/internal_message.html?_=1597718393405&CODE_STATE=getMsg HTTP/1.1" 200 27
61.172.5.115 - - [18/Aug/2020:10:39:55 +0800] "POST /xingrg/kc/buy/cgsh_order_operate.html HTTP/1.1" 200 37
120.253.135.82 - - [18/Aug/2020:10:39:56 +0800] "POST /xingrg/dwr/call/plaincall/AjaxComOrderService.getMaterielSearchList.dwr HTTP/1.1" 200 277
172.17.0.240 - - [18/Aug/2020:10:39:56 +0800] "GET /xingrg/images/blue/login_bg.png HTTP/1.1" 200 22101
172.17.0.240 - - [18/Aug/2020:10:39:56 +0800] "GET /xingrg/images/blue/hj.png HTTP/1.1" 200 1014
172.17.0.240 - - [18/Aug/2020:10:39:56 +0800] "GET /xingrg/images/blue/srbg.png HTTP/1.1" 200 138
172.17.0.240 - - [18/Aug/2020:10:39:56 +0800] "GET /favicon.ico HTTP/1.1" 404 -
114.88.165.122 - - [18/Aug/2020:10:39:56 +0800] "GET /xingrg/all/function/internal_message.html?_=1597718394286&CODE_STATE=getMsg HTTP/1.1" 200 27
172.17.0.114 - - [18/Aug/2020:10:39:56 +0800] "GET /xingrg/all/function/internal_message.html?_=1597718394807&CODE_STATE=getMsg HTTP/1.1" 200 27
114.86.228.62 - - [18/Aug/2020:10:39:57 +0800] "POST /xingrg/kc/buy/cgsh_order_operate.html HTTP/1.1" 200 37
61.172.5.115 - - [18/Aug/2020:10:39:57 +0800] "POST /xingrg/kc/buy/cgsh_order_operate.html HTTP/1.1" 200 3242
172.17.0.240 - - [18/Aug/2020:10:39:57 +0800] "POST /xingrg/login.do HTTP/1.1" 302 -
172.17.0.240 - - [18/Aug/2020:10:39:57 +0800] "GET /xingrg/index.html?sysBaseUrl=http%3A%2F%2F172.17.0.8%3A18081%2Fxingrg%2F&costTime=40×tamp=1597718397273 HTTP/1.1" 200 17448
172.17.0.240 - - [18/Aug/2020:10:39:57 +0800] "GET /xingrg/javascript/jquery_easy_ui/themes/icon.css HTTP/1.1" 200 3949
172.17.0.240 - - [18/Aug/2020:10:39:57 +0800] "GET /xingrg/css/form.css HTTP/1.1" 200 893
172.17.0.240 - - [18/Aug/2020:10:39:57 +0800] "GET /xingrg/javascript/jquery_easy_ui/themes/default/easyui.css HTTP/1.1" 200 26500
172.17.0.240 - - [18/Aug/2020:10:39:57 +0800] "GET /xingrg/javascript/jquery-1.4.2.min.js HTTP/1.1" 200 72205
172.17.0.240 - - [18/Aug/2020:10:39:57 +0800] "GET /xingrg/javascript/jquery_easy_ui/jquery.easyui.min.js HTTP/1.1" 200 213662
172.17.0.240 - - [18/Aug/2020:10:39:57 +0800] "GET /xingrg/javascript/jquery_easy_ui/easyui-lang-zh_CN.js HTTP/1.1" 200 1900
172.17.0.240 - - [18/Aug/2020:10:39:57 +0800] "GET /xingrg/javascript/jquery.form.js HTTP/1.1" 200 23110
172.17.0.240 - - [18/Aug/2020:10:39:57 +0800] "GET /xingrg/javascript/jquery.timers.js HTTP/1.1" 200 3532
172.17.0.240 - - [18/Aug/2020:10:39:57 +0800] "GET /xingrg/javascript/jquery.utils.js HTTP/1.1" 200 11805
172.17.0.240 - - [18/Aug/2020:10:39:57 +0800] "GET /favicon.ico HTTP/1.1" 404 -
172.17.0.240 - - [18/Aug/2020:10:39:57 +0800] "GET /xingrg/javascript/jquery_easy_ui/themes/icons/settle_new.png HTTP/1.1" 200 826
172.17.0.240 - - [18/Aug/2020:10:39:57 +0800] "GET /xingrg/images/blue/navBackgound.jpg HTTP/1.1" 200 12378
172.17.0.240 - - [18/Aug/2020:10:39:57 +0800] "POST /xingrg/all/common/load_tree.html?tree=area_rest_tree_json&manage=1 HTTP/1.1" 200 3216
172.17.0.240 - - [18/Aug/2020:10:39:57 +0800] "GET /xingrg/all/function/internal_message.html?_=1597718395589&CODE_STATE=count HTTP/1.1" 200 11
172.17.0.240 - - [18/Aug/2020:10:39:57 +0800] "GET /xingrg/check_reg.html?_=1597718395590 HTTP/1.1" 200 22
172.17.0.240 - - [18/Aug/2020:10:39:57 +0800] "GET /xingrg/images/blue/pingpu.png HTTP/1.1" 200 231
172.17.0.240 - - [18/Aug/2020:10:39:57 +0800] "GET /xingrg/javascript/jquery_easy_ui/themes/default/images/tabs_leftarrow.png HTTP/1.1" 200 389
172.17.0.240 - - [18/Aug/2020:10:39:57 +0800] "GET /xingrg/javascript/jquery_easy_ui/themes/default/images/tabs_rightarrow.png HTTP/1.1" 200 395
172.17.0.240 - - [18/Aug/2020:10:39:57 +0800] "GET /xingrg/javascript/jquery_easy_ui/themes/default/images/panel_tool_expand.gif HTTP/1.1" 200 247
172.17.0.240 - - [18/Aug/2020:10:39:57 +0800] "GET /xingrg/javascript/jquery_easy_ui/themes/default/images/panel_tool_collapse.gif HTTP/1.1" 200 246
172.17.0.240 - - [18/Aug/2020:10:39:57 +0800] "POST /xingrg/load_menu.html HTTP/1.1" 200 11529
114.86.228.62 - - [18/Aug/2020:10:39:58 +0800] "POST /xingrg/kc/buy/cgsh_order_operate.html HTTP/1.1" 200 10370
172.17.0.240 - - [18/Aug/2020:10:39:58 +0800] "GET /xingrg/javascript/jquery_easy_ui/themes/default/images/tree_arrows.gif HTTP/1.1" 200 1043
172.17.0.240 - - [18/Aug/2020:10:39:58 +0800] "GET /xingrg/javascript/jquery_easy_ui/themes/default/images/tree_folder_open.gif HTTP/1.1" 200 956
172.17.0.240 - - [18/Aug/2020:10:39:58 +0800] "GET /xingrg/javascript/jquery_easy_ui/themes/icons/search_new.png HTTP/1.1" 200 586
172.17.0.240 - - [18/Aug/2020:10:39:58 +0800] "GET /xingrg/javascript/jquery_easy_ui/themes/icons/delivery_new.png HTTP/1.1" 200 700
172.17.0.240 - - [18/Aug/2020:10:39:58 +0800] "GET /xingrg/javascript/jquery_easy_ui/themes/icons/storage_new.png HTTP/1.1" 200 853
172.17.0.240 - - [18/Aug/2020:10:39:58 +0800] "GET /xingrg/javascript/jquery_easy_ui/themes/icons/checkout_new.png HTTP/1.1" 200 744
172.17.0.240 - - [18/Aug/2020:10:39:58 +0800] "GET /xingrg/javascript/jquery_easy_ui/themes/icons/forms_new.png HTTP/1.1" 200 350
172.17.0.240 - - [18/Aug/2020:10:39:58 +0800] "GET /xingrg/javascript/jquery_easy_ui/themes/icons/setting_new.png HTTP/1.1" 200 450
172.17.0.240 - - [18/Aug/2020:10:39:58 +0800] "GET /xingrg/javascript/jquery_easy_ui/themes/icons/systemset_new.png HTTP/1.1" 200 606
172.17.0.240 - - [18/Aug/2020:10:39:58 +0800] "GET /xingrg/javascript/jquery_easy_ui/themes/default/images/tree_file.gif HTTP/1.1" 200 118
172.17.0.240 - - [18/Aug/2020:10:39:58 +0800] "GET /xingrg/javascript/jquery_easy_ui/themes/default/images/tree_folder.gif HTTP/1.1" 200 952
117.185.32.26 - - [18/Aug/2020:10:39:59 +0800] "POST /xingrg/kc/buy/cgsh_order_operate.html HTTP/1.1" 200 37
172.17.0.240 - - [18/Aug/2020:10:39:59 +0800] "POST /xingrg/load_menu.html HTTP/1.1" 200 10512
61.172.5.115 - - [18/Aug/2020:10:39:59 +0800] "GET /xingrg/kc/print/load_data.html?order_code=212020081807599&kc_code=cgsh&condition= HTTP/1.1" 200 886
120.253.135.82 - - [18/Aug/2020:10:39:59 +0800] "POST /xingrg/dwr/call/plaincall/AjaxCgthService.getMaterielByMap.dwr HTTP/1.1" 200 1443
180.157.251.101 - - [18/Aug/2020:10:39:59 +0800] "GET /xingrg/all/function/internal_message.html?_=1597718400023&CODE_STATE=getMsg HTTP/1.1" 200 27
117.185.32.26 - - [18/Aug/2020:10:40:00 +0800] "POST /xingrg/kc/buy/cgsh_order_operate.html HTTP/1.1" 200 5612
117.185.32.26 - - [18/Aug/2020:10:40:02 +0800] "GET /xingrg/kc/print/load_data.html?order_code=212020081807601&kc_code=cgsh HTTP/1.1" 200 1813
120.253.135.82 - - [18/Aug/2020:10:40:03 +0800] "POST /xingrg/dwr/call/plaincall/AjaxCgthService.saveMaterielItem.dwr HTTP/1.1" 200 78
116.230.74.197 - - [18/Aug/2020:10:40:04 +0800] "POST /xingrg/kc/buy/cgsh_order_operate.html HTTP/1.1" 200 37
172.17.0.240 - - [18/Aug/2020:10:40:04 +0800] "GET /xingrg/system/rest/list_page.html?p=down HTTP/1.1" 200 20275
172.17.0.240 - - [18/Aug/2020:10:40:04 +0800] "GET /xingrg/javascript/jquery_easy_ui/themes/default/images/tabs_close.gif HTTP/1.1" 200 829
172.17.0.240 - - [18/Aug/2020:10:40:04 +0800] "GET /xingrg/css/table.css HTTP/1.1" 200 3684
172.17.0.240 - - [18/Aug/2020:10:40:04 +0800] "GET /xingrg/images/control/ajaxLoader.gif HTTP/1.1" 200 4659
172.17.0.240 - - [18/Aug/2020:10:40:04 +0800] "GET /xingrg/javascript/jquery_easy_ui/themes/icons/search.png HTTP/1.1" 200 813
172.17.0.240 - - [18/Aug/2020:10:40:04 +0800] "GET /xingrg/javascript/jquery_easy_ui/themes/default/images/button_a_bg.gif HTTP/1.1" 200 1194
172.17.0.240 - - [18/Aug/2020:10:40:04 +0800] "GET /xingrg/javascript/jquery_easy_ui/themes/icons/edit_add.png HTTP/1.1" 200 1088
172.17.0.240 - - [18/Aug/2020:10:40:04 +0800] "GET /xingrg/javascript/jquery_easy_ui/themes/icons/pencil.png HTTP/1.1" 200 713
172.17.0.240 - - [18/Aug/2020:10:40:04 +0800] "GET /xingrg/javascript/jquery_easy_ui/themes/icons/edit_remove.png HTTP/1.1" 200 625
172.17.0.240 - - [18/Aug/2020:10:40:04 +0800] "GET /xingrg/javascript/jquery_easy_ui/themes/default/images/calendar_prevmonth.gif HTTP/1.1" 200 66
172.17.0.240 - - [18/Aug/2020:10:40:04 +0800] "GET /xingrg/javascript/jquery_easy_ui/themes/default/images/calendar_nextmonth.gif HTTP/1.1" 200 64
172.17.0.240 - - [18/Aug/2020:10:40:04 +0800] "GET /xingrg/javascript/jquery_easy_ui/themes/default/images/calendar_prevyear.gif HTTP/1.1" 200 76
172.17.0.240 - - [18/Aug/2020:10:40:04 +0800] "GET /xingrg/javascript/jquery_easy_ui/themes/default/images/calendar_nextyear.gif HTTP/1.1" 200 75
172.17.0.240 - - [18/Aug/2020:10:40:04 +0800] "GET /xingrg/javascript/jquery_easy_ui/themes/default/images/datagrid_header_bg.gif HTTP/1.1" 200 97
172.17.0.240 - - [18/Aug/2020:10:40:04 +0800] "GET /xingrg/javascript/jquery_easy_ui/themes/default/images/pagination_loading.gif HTTP/1.1" 200 1737
172.17.0.240 - - [18/Aug/2020:10:40:04 +0800] "GET /xingrg/system/rest/query_items.html?_=1597718402379&table=down&tcode=&key= HTTP/1.1" 200 10661
116.230.74.197 - - [18/Aug/2020:10:40:05 +0800] "POST /xingrg/kc/buy/cgsh_order_operate.html HTTP/1.1" 200 2679
116.230.74.197 - - [18/Aug/2020:10:40:06 +0800] "GET /xingrg/kc/print/load_data.html?order_code=212020081807602&kc_code=cgsh&condition= HTTP/1.1" 200 682
61.172.5.115 - - [18/Aug/2020:10:40:09 +0800] "GET /xingrg/kc/buy/cgsh_order_add.html HTTP/1.1" 200 59379
172.17.0.240 - - [18/Aug/2020:10:40:09 +0800] "GET /xingrg/javascript/jquery_easy_ui/themes/default/images/pagination_prev.gif HTTP/1.1" 200 879
172.17.0.240 - - [18/Aug/2020:10:40:09 +0800] "GET /xingrg/javascript/jquery_easy_ui/themes/default/images/pagination_next.gif HTTP/1.1" 200 875
172.17.0.240 - - [18/Aug/2020:10:40:09 +0800] "GET /xingrg/javascript/jquery_easy_ui/themes/default/images/button_span_bg.gif HTTP/1.1" 200 2061
172.17.0.240 - - [18/Aug/2020:10:40:09 +0800] "GET /xingrg/system/rest/get_item.html?table=down&code=9f77e135341e4c3db9d8e01f2ce95036&_=1597718407069 HTTP/1.1" 200 215
172.17.0.240 - - [18/Aug/2020:10:40:09 +0800] "GET /xingrg/javascript/jquery_easy_ui/themes/icons/ok.png HTTP/1.1" 200 883
172.17.0.240 - - [18/Aug/2020:10:40:09 +0800] "GET /xingrg/javascript/jquery_easy_ui/themes/default/images/panel_title.png HTTP/1.1" 200 266
172.17.0.240 - - [18/Aug/2020:10:40:09 +0800] "GET /xingrg/javascript/jquery_easy_ui/themes/default/images/panel_tools.gif HTTP/1.1" 200 737
114.86.228.62 - - [18/Aug/2020:10:40:09 +0800] "GET /xingrg/kc/buy/cgsh_order_operate.html?command=get_materiel&rest_code=00109&code=00101008038&supplier_code=00100005&order_time=2020-08-18 HTTP/1.1" 200 412
172.17.0.240 - - [18/Aug/2020:10:40:09 +0800] "POST /xingrg/system/rest/edit_item.html HTTP/1.1" 200 3
172.17.0.240 - - [18/Aug/2020:10:40:09 +0800] "POST /xingrg/all/common/load_tree.html?tree=area_station_tree_json&defaultRests=1_1 HTTP/1.1" 200 3115
61.172.5.115 - - [18/Aug/2020:10:40:09 +0800] "GET /xingrg/javascript/easyui/themes/default/validatebox.css HTTP/1.1" 404 1104
172.17.0.240 - - [18/Aug/2020:10:40:09 +0800] "GET /xingrg/javascript/jquery_easy_ui/themes/default/images/tree_checkbox_1.gif HTTP/1.1" 200 174
172.17.0.240 - - [18/Aug/2020:10:40:09 +0800] "GET /xingrg/javascript/jquery_easy_ui/themes/default/images/tree_checkbox_2.gif HTTP/1.1" 200 181
172.17.0.240 - - [18/Aug/2020:10:40:09 +0800] "GET /xingrg/javascript/jquery_easy_ui/themes/icons/area.png HTTP/1.1" 200 262
172.17.0.240 - - [18/Aug/2020:10:40:09 +0800] "GET /xingrg/javascript/jquery_easy_ui/themes/icons/manage.png HTTP/1.1" 200 696
172.17.0.240 - - [18/Aug/2020:10:40:09 +0800] "GET /xingrg/javascript/jquery_easy_ui/themes/default/images/tree_checkbox_0.gif HTTP/1.1" 200 168
172.17.0.240 - - [18/Aug/2020:10:40:09 +0800] "GET /xingrg/javascript/jquery_easy_ui/themes/icons/rest.png HTTP/1.1" 200 695
61.172.5.115 - - [18/Aug/2020:10:40:09 +0800] "POST /xingrg/kc/buy/cgsh_order_operate.html HTTP/1.1" 200 8245
172.17.0.240 - - [18/Aug/2020:10:40:09 +0800] "POST /xingrg/system/rest/get_infos.html HTTP/1.1" 200 478862
116.230.74.197 - - [18/Aug/2020:10:40:11 +0800] "GET /xingrg/kc/buy/cgsh_order_add.html HTTP/1.1" 200 59426
116.230.74.197 - - [18/Aug/2020:10:40:12 +0800] "GET /xingrg/javascript/easyui/themes/default/validatebox.css HTTP/1.1" 404 1104
116.230.74.197 - - [18/Aug/2020:10:40:12 +0800] "POST /xingrg/kc/buy/cgsh_order_operate.html HTTP/1.1" 200 8245
218.81.217.115 - - [18/Aug/2020:10:40:12 +0800] "GET /xingrg/all/function/internal_message.html?_=1597718416357&CODE_STATE=getMsg HTTP/1.1" 200 27
116.230.74.197 - - [18/Aug/2020:10:40:13 +0800] "GET /xingrg/javascript/easyui/themes/default/tree.css HTTP/1.1" 404 1090
172.17.0.101 - - [18/Aug/2020:10:40:13 +0800] "GET /xingrg/all/function/internal_message.html?_=1597718415969&CODE_STATE=getMsg HTTP/1.1" 302 -
116.230.74.197 - - [18/Aug/2020:10:40:13 +0800] "POST /xingrg/all/common/load_tree.html?tree=supplier_tree_json&isDelete=1 HTTP/1.1" 200 49675
120.253.135.82 - - [18/Aug/2020:10:40:13 +0800] "POST /xingrg/dwr/call/plaincall/AjaxCgthService.saveMaterielItem.dwr HTTP/1.1" 200 78
120.253.135.82 - - [18/Aug/2020:10:40:13 +0800] "GET /xingrg/images/yd/bt.gif HTTP/1.1" 404 1040
120.253.135.82 - - [18/Aug/2020:10:40:16 +0800] "POST /xingrg/dwr/call/plaincall/AjaxCgthService.saveOrder.dwr HTTP/1.1" 200 78
58.221.95.50 - - [18/Aug/2020:10:40:18 +0800] "GET /xingrg/all/function/internal_message.html?_=1597718548745&CODE_STATE=getMsg HTTP/1.1" 200 27
172.17.0.240 - - [18/Aug/2020:10:40:20 +0800] "GET /xingrg/system/rest/get_item.html?table=down&code=046edd7a7ad94a2e9f82cba301e11b46&_=1597718417851 HTTP/1.1" 200 226
172.17.0.240 - - [18/Aug/2020:10:40:20 +0800] "POST /xingrg/system/rest/edit_item.html HTTP/1.1" 200 3
172.17.0.240 - - [18/Aug/2020:10:40:20 +0800] "POST /xingrg/all/common/load_tree.html?tree=area_station_tree_json&defaultRests=1_4 HTTP/1.1" 200 3115
172.17.0.240 - - [18/Aug/2020:10:40:20 +0800] "POST /xingrg/system/rest/get_infos.html HTTP/1.1" 200 480778
120.253.135.82 - - [18/Aug/2020:10:40:21 +0800] "POST /xingrg/dwr/call/plaincall/AjaxCgthService.checkOrder.dwr HTTP/1.1" 200 78
120.253.135.82 - - [18/Aug/2020:10:40:22 +0800] "GET /xingrg/kc/buy/cgth_order_info.html?code=232020081800024&part=buyck HTTP/1.1" 200 58931
114.88.165.122 - - [18/Aug/2020:10:40:22 +0800] "GET /xingrg/all/function/internal_message.html?_=1597718467944&CODE_STATE=getMsg HTTP/1.1" 200 27
120.253.135.82 - - [18/Aug/2020:10:40:22 +0800] "GET /xingrg/dwr/interface/AjaxComOrderService.js HTTP/1.1" 200 18264
120.253.135.82 - - [18/Aug/2020:10:40:22 +0800] "GET /xingrg/dwr/interface/AjaxCgthService.js HTTP/1.1" 200 14519
120.253.135.82 - - [18/Aug/2020:10:40:22 +0800] "GET /xingrg/dwr/engine.js HTTP/1.1" 200 43631
114.86.228.62 - - [18/Aug/2020:10:40:22 +0800] "GET /xingrg/kc/buy/cgsh_order_operate.html?command=get_materiel&rest_code=00109&code=00101008163&supplier_code=00100005&order_time=2020-08-18 HTTP/1.1" 200 408
120.253.135.82 - - [18/Aug/2020:10:40:23 +0800] "POST /xingrg/all/common/load_tree.html?tree=supplier_tree_json&isDelete=1 HTTP/1.1" 200 49675
172.17.0.185 - - [18/Aug/2020:10:40:23 +0800] "GET /xingrg/all/function/internal_message.html?_=1597718421118&CODE_STATE=getMsg HTTP/1.1" 200 27
120.253.135.82 - - [18/Aug/2020:10:40:23 +0800] "POST /xingrg/dwr/call/plaincall/AjaxCgthService.loadMaterielItems.dwr HTTP/1.1" 200 638
120.253.135.82 - - [18/Aug/2020:10:40:25 +0800] "GET /xingrg/kc/print/load_config.html?_=1597718176911&kc_code=cgth HTTP/1.1" 200 2458
120.253.135.82 - - [18/Aug/2020:10:40:25 +0800] "GET /xingrg/kc/print/load_data.html?_=1597718176928&order_code=232020081800024&kc_code=cgth&condition= HTTP/1.1" 200 545
114.89.80.44 - - [18/Aug/2020:10:40:27 +0800] "GET /xingrg/all/function/internal_message.html?_=1597718545794&CODE_STATE=getMsg HTTP/1.1" 200 27
114.86.228.62 - - [18/Aug/2020:10:40:28 +0800] "GET /xingrg/kc/buy/cgsh_order_operate.html?command=get_materiel&rest_code=00109&code=00101008355&supplier_code=00100005&order_time=2020-08-18 HTTP/1.1" 200 408
117.185.32.26 - - [18/Aug/2020:10:40:28 +0800] "GET /xingrg/kc/buy/cgsh_order_add.html HTTP/1.1" 200 59385
117.185.32.26 - - [18/Aug/2020:10:40:29 +0800] "POST /xingrg/kc/buy/cgsh_order_operate.html HTTP/1.1" 200 8245
117.185.32.26 - - [18/Aug/2020:10:40:29 +0800] "GET /xingrg/javascript/easyui/themes/default/validatebox.css HTTP/1.1" 404 1104
172.17.200.101 - - [18/Aug/2020:10:40:29 +0800] "GET /xingrg/all/function/internal_message.html?_=1597718430234&CODE_STATE=getMsg HTTP/1.1" 200 27
116.230.74.197 - - [18/Aug/2020:10:40:31 +0800] "GET /xingrg/kc/buy/cgsh_order_operate.html?command=get_materiel&rest_code=00107&code=00101002029&supplier_code=00100323&order_time=2020-08-18 HTTP/1.1" 200 414
117.185.32.26 - - [18/Aug/2020:10:40:32 +0800] "GET /xingrg/all/function/internal_message.html?_=1597718429845&CODE_STATE=getMsg HTTP/1.1" 200 27
61.172.5.115 - - [18/Aug/2020:10:40:32 +0800] "GET /xingrg/kc/buy/cgsh_order_operate.html?command=get_materiel&rest_code=00105&code=00101001115&supplier_code=00100089&order_time=2020-08-18 HTTP/1.1" 200 415
172.17.0.101 - - [18/Aug/2020:10:40:34 +0800] "GET /xingrg/check_reg.html?_=1597718436687 HTTP/1.1" 302 -
117.185.32.26 - - [18/Aug/2020:10:40:34 +0800] "GET /xingrg/javascript/easyui/themes/default/tree.css HTTP/1.1" 404 1090
117.185.32.26 - - [18/Aug/2020:10:40:34 +0800] "POST /xingrg/all/common/load_tree.html?tree=supplier_tree_json&isDelete=1 HTTP/1.1" 200 49675
114.86.228.62 - - [18/Aug/2020:10:40:35 +0800] "GET /xingrg/all/function/internal_message.html?_=1597718507831&CODE_STATE=getMsg HTTP/1.1" 200 27
114.86.228.62 - - [18/Aug/2020:10:40:35 +0800] "GET /xingrg/check_reg.html?_=1597718507831 HTTP/1.1" 200 22
114.86.228.62 - - [18/Aug/2020:10:40:35 +0800] "GET /xingrg/kc/buy/cgsh_order_operate.html?command=get_materiel&rest_code=00109&code=00101008004&supplier_code=00100005&order_time=2020-08-18 HTTP/1.1" 200 416
114.86.228.62 - - [18/Aug/2020:10:40:37 +0800] "POST /xingrg/kc/buy/cgsh_order_operate.html HTTP/1.1" 200 2065
117.184.7.26 - - [18/Aug/2020:10:40:37 +0800] "GET /xingrg/all/function/internal_message.html?_=1597718432814&CODE_STATE=getMsg HTTP/1.1" 200 27
61.172.5.115 - - [18/Aug/2020:10:40:37 +0800] "GET /xingrg/all/function/internal_message.html?_=1597718437318&CODE_STATE=getMsg HTTP/1.1" 200 27
180.175.214.200 - - [18/Aug/2020:10:40:39 +0800] "GET /xingrg/all/function/internal_message.html?_=1597718644578&CODE_STATE=getMsg HTTP/1.1" 200 27
101.83.241.175 - - [18/Aug/2020:10:40:40 +0800] "GET /xingrg/all/function/internal_message.html?_=1597718437518&CODE_STATE=getMsg HTTP/1.1" 200 27
114.86.228.62 - - [18/Aug/2020:10:40:40 +0800] "GET /xingrg/kc/buy/cgsh_order_operate.html?command=get_materiel&rest_code=00109&code=00101008144&supplier_code=00100005&order_time=2020-08-18 HTTP/1.1" 200 412
58.40.7.146 - - [18/Aug/2020:10:40:44 +0800] "GET /xingrg/all/function/internal_message.html?_=1597718443818&CODE_STATE=getMsg HTTP/1.1" 200 27
61.172.5.115 - - [18/Aug/2020:10:40:44 +0800] "POST /xingrg/kc/buy/cgsh_order_operate.html HTTP/1.1" 200 37
61.172.5.115 - - [18/Aug/2020:10:40:46 +0800] "POST /xingrg/kc/buy/cgsh_order_operate.html HTTP/1.1" 200 2659
114.86.228.62 - - [18/Aug/2020:10:40:46 +0800] "GET /xingrg/kc/buy/cgsh_order_operate.html?command=get_materiel&rest_code=00109&code=00101008360&supplier_code=00100005&order_time=2020-08-18 HTTP/1.1" 200 412
61.172.5.115 - - [18/Aug/2020:10:40:47 +0800] "GET /xingrg/kc/print/load_data.html?order_code=212020081807603&kc_code=cgsh&condition= HTTP/1.1" 200 742
116.230.74.197 - - [18/Aug/2020:10:40:49 +0800] "GET /xingrg/check_reg.html?_=1597718449071 HTTP/1.1" 200 22
116.230.74.197 - - [18/Aug/2020:10:40:50 +0800] "GET /xingrg/kc/buy/cgsh_order_operate.html?command=get_materiel&rest_code=00107&code=00101010385&supplier_code=00100323&order_time=2020-08-18 HTTP/1.1" 200 403
61.172.5.115 - - [18/Aug/2020:10:40:50 +0800] "GET /xingrg/kc/buy/cgsh_order_add.html HTTP/1.1" 200 59379
61.172.5.115 - - [18/Aug/2020:10:40:50 +0800] "POST /xingrg/kc/buy/cgsh_order_operate.html HTTP/1.1" 200 8245
61.172.5.115 - - [18/Aug/2020:10:40:51 +0800] "GET /xingrg/javascript/easyui/themes/default/validatebox.css HTTP/1.1" 404 1104
117.185.32.26 - - [18/Aug/2020:10:40:52 +0800] "POST /xingrg/kc/buy/cgsh_list_operate.html HTTP/1.1" 200 5924
114.88.153.118 - - [18/Aug/2020:10:40:52 +0800] "GET /xingrg/all/function/internal_message.html?_=1597718450181&CODE_STATE=getMsg HTTP/1.1" 200 27
114.86.228.62 - - [18/Aug/2020:10:40:52 +0800] "GET /xingrg/kc/buy/cgsh_order_operate.html?command=get_materiel&rest_code=00109&code=00101008357&supplier_code=00100005&order_time=2020-08-18 HTTP/1.1" 200 408
114.89.80.44 - - [18/Aug/2020:10:40:53 +0800] "GET /xingrg/all/function/internal_message.html?_=1597718453110&CODE_STATE=getMsg HTTP/1.1" 200 27
117.185.32.26 - - [18/Aug/2020:10:40:54 +0800] "POST /xingrg/kc/buy/cgsh_list_operate.html HTTP/1.1" 200 564
116.230.74.197 - - [18/Aug/2020:10:40:54 +0800] "GET /xingrg/all/function/internal_message.html?_=1597718454154&CODE_STATE=getMsg HTTP/1.1" 200 27
117.185.32.26 - - [18/Aug/2020:10:40:55 +0800] "GET /xingrg/kc/buy/cgsh_order_info.html?code=212020081807601 HTTP/1.1" 200 59396
117.185.32.26 - - [18/Aug/2020:10:40:55 +0800] "GET /xingrg/javascript/easyui/themes/default/validatebox.css HTTP/1.1" 404 1104
172.17.0.120 - - [18/Aug/2020:10:40:55 +0800] "GET /xingrg/all/function/internal_message.html?_=1597718453409&CODE_STATE=getMsg HTTP/1.1" 200 27
172.17.0.120 - - [18/Aug/2020:10:40:55 +0800] "GET /xingrg/check_reg.html?_=1597718453414 HTTP/1.1" 200 22
117.185.32.26 - - [18/Aug/2020:10:40:56 +0800] "POST /xingrg/kc/buy/cgsh_order_operate.html HTTP/1.1" 200 5612
114.88.165.122 - - [18/Aug/2020:10:40:56 +0800] "GET /xingrg/all/function/internal_message.html?_=1597718454374&CODE_STATE=getMsg HTTP/1.1" 200 27
117.185.32.26 - - [18/Aug/2020:10:40:56 +0800] "POST /xingrg/kc/buy/cgsh_list_operate.html HTTP/1.1" 200 5924
172.17.0.114 - - [18/Aug/2020:10:40:56 +0800] "GET /xingrg/all/function/internal_message.html?_=1597718454810&CODE_STATE=getMsg HTTP/1.1" 200 27
172.17.0.240 - - [18/Aug/2020:10:40:57 +0800] "GET /xingrg/all/function/internal_message.html?_=1597718455592&CODE_STATE=getMsg HTTP/1.1" 200 27
180.157.251.101 - - [18/Aug/2020:10:40:59 +0800] "GET /xingrg/all/function/internal_message.html?_=1597718460013&CODE_STATE=getMsg HTTP/1.1" 200 27
114.86.228.62 - - [18/Aug/2020:10:41:00 +0800] "GET /xingrg/kc/buy/cgsh_order_operate.html?command=get_materiel&rest_code=00109&code=00101008230&supplier_code=00100005&order_time=2020-08-18 HTTP/1.1" 200 408
61.172.5.115 - - [18/Aug/2020:10:41:04 +0800] "GET /xingrg/kc/buy/cgsh_order_operate.html?command=get_materiel&rest_code=00105&code=00101006001&supplier_code=00100404&order_time=2020-08-18 HTTP/1.1" 200 428
114.88.153.118 - - [18/Aug/2020:10:41:07 +0800] "POST /xingrg/services/DataTransmitService HTTP/1.1" 200 524
114.88.153.118 - - [18/Aug/2020:10:41:07 +0800] "POST /xingrg/services/DataTransmitService HTTP/1.1" 200 2079
117.185.32.26 - - [18/Aug/2020:10:41:08 +0800] "POST /xingrg/kc/buy/cgsh_order_operate.html HTTP/1.1" 200 37
114.88.153.118 - - [18/Aug/2020:10:41:08 +0800] "POST /xingrg/services/DataTransmitService HTTP/1.1" 200 2247
114.88.153.118 - - [18/Aug/2020:10:41:08 +0800] "POST /xingrg/services/DataTransmitService HTTP/1.1" 200 1423
114.88.153.118 - - [18/Aug/2020:10:41:08 +0800] "POST /xingrg/services/DataTransmitService HTTP/1.1" 200 176544
117.185.32.26 - - [18/Aug/2020:10:41:09 +0800] "POST /xingrg/kc/buy/cgsh_order_operate.html HTTP/1.1" 200 12
117.185.32.26 - - [18/Aug/2020:10:41:10 +0800] "GET /xingrg/kc/buy/cgsh_order_info.html?code=212020081807601 HTTP/1.1" 200 54292
117.185.32.26 - - [18/Aug/2020:10:41:11 +0800] "GET /xingrg/javascript/easyui/themes/default/validatebox.css HTTP/1.1" 404 1104
117.185.32.26 - - [18/Aug/2020:10:41:11 +0800] "POST /xingrg/kc/buy/cgsh_order_operate.html HTTP/1.1" 200 3560
117.185.32.26 - - [18/Aug/2020:10:41:12 +0800] "GET /xingrg/kc/print/load_data.html?order_code=212020081807601&kc_code=cgsh&condition= HTTP/1.1" 200 1845
218.81.217.115 - - [18/Aug/2020:10:41:12 +0800] "GET /xingrg/all/function/internal_message.html?_=1597718476371&CODE_STATE=getMsg HTTP/1.1" 200 27
172.17.0.101 - - [18/Aug/2020:10:41:13 +0800] "GET /xingrg/all/function/internal_message.html?_=1597718476042&CODE_STATE=getMsg HTTP/1.1" 302 -
114.86.228.62 - - [18/Aug/2020:10:41:17 +0800] "GET /xingrg/kc/buy/cgsh_order_operate.html?command=get_materiel&rest_code=00109&code=00101008069&supplier_code=00100005&order_time=2020-08-18 HTTP/1.1" 200 412
58.221.95.50 - - [18/Aug/2020:10:41:18 +0800] "GET /xingrg/all/function/internal_message.html?_=1597718608716&CODE_STATE=getMsg HTTP/1.1" 200 27
114.88.165.122 - - [18/Aug/2020:10:41:22 +0800] "GET /xingrg/all/function/internal_message.html?_=1597718527938&CODE_STATE=getMsg HTTP/1.1" 200 27
117.185.32.26 - - [18/Aug/2020:10:41:23 +0800] "GET /xingrg/kc/buy/cgsh_order_add.html HTTP/1.1" 200 59385
172.17.0.185 - - [18/Aug/2020:10:41:23 +0800] "GET /xingrg/all/function/internal_message.html?_=1597718481108&CODE_STATE=getMsg HTTP/1.1" 200 27
117.185.32.26 - - [18/Aug/2020:10:41:23 +0800] "GET /xingrg/javascript/easyui/themes/default/validatebox.css HTTP/1.1" 404 1104
117.185.32.26 - - [18/Aug/2020:10:41:23 +0800] "POST /xingrg/kc/buy/cgsh_order_operate.html HTTP/1.1" 200 8245
114.89.80.44 - - [18/Aug/2020:10:41:27 +0800] "GET /xingrg/all/function/internal_message.html?_=1597718605800&CODE_STATE=getMsg HTTP/1.1" 200 27
61.172.5.115 - - [18/Aug/2020:10:41:27 +0800] "POST /xingrg/kc/buy/cgsh_order_operate.html HTTP/1.1" 200 37
116.230.74.197 - - [18/Aug/2020:10:41:28 +0800] "GET /xingrg/kc/buy/cgsh_order_operate.html?command=get_materiel&rest_code=00107&code=00101010225&supplier_code=00100323&order_time=2020-08-18 HTTP/1.1" 200 432
61.172.5.115 - - [18/Aug/2020:10:41:28 +0800] "POST /xingrg/kc/buy/cgsh_order_operate.html HTTP/1.1" 200 2674
114.86.228.62 - - [18/Aug/2020:10:41:28 +0800] "POST /xingrg/kc/buy/cgsh_order_operate.html HTTP/1.1" 200 2065
172.17.200.101 - - [18/Aug/2020:10:41:29 +0800] "GET /xingrg/all/function/internal_message.html?_=1597718490236&CODE_STATE=getMsg HTTP/1.1" 200 27
