172.17.0.114 - - [18/Aug/2020:11:03:56 +0800] "GET /xingrg/all/function/internal_message.html?_=1597719834914&CODE_STATE=getMsg HTTP/1.1" 200 27
114.88.165.122 - - [18/Aug/2020:11:03:57 +0800] "GET /xingrg/all/function/internal_message.html?_=1597719835172&CODE_STATE=getMsg HTTP/1.1" 200 27
116.230.74.197 - - [18/Aug/2020:11:03:57 +0800] "POST /xingrg/kc/buy/cgsh_order_operate.html HTTP/1.1" 200 3838
117.184.7.30 - - [18/Aug/2020:11:03:57 +0800] "GET /xingrg/kc/buy/buy_main.html HTTP/1.1" 200 12412
117.184.7.30 - - [18/Aug/2020:11:03:58 +0800] "GET /xingrg/css/new_ie.css HTTP/1.1" 404 1036
117.184.7.30 - - [18/Aug/2020:11:03:58 +0800] "GET /xingrg/css/blue.css HTTP/1.1" 304 -
117.184.7.30 - - [18/Aug/2020:11:03:58 +0800] "GET /xingrg/javascript/jquery_ui/themes/humanity/humanity.css HTTP/1.1" 304 -
117.184.7.30 - - [18/Aug/2020:11:03:58 +0800] "GET /xingrg/javascript/pic_change.js HTTP/1.1" 304 -
117.184.7.30 - - [18/Aug/2020:11:03:58 +0800] "GET /xingrg/javascript/ToolTips.js HTTP/1.1" 304 -
117.184.7.30 - - [18/Aug/2020:11:03:58 +0800] "GET /xingrg/javascript/myfunction.js HTTP/1.1" 304 -
117.184.7.30 - - [18/Aug/2020:11:03:58 +0800] "GET /xingrg/javascript/jquery_ui/jquery-ui.min.js HTTP/1.1" 304 -
117.184.7.30 - - [18/Aug/2020:11:03:58 +0800] "GET /xingrg/images/yd/bt.gif HTTP/1.1" 404 1040
116.230.74.197 - - [18/Aug/2020:11:03:59 +0800] "GET /xingrg/kc/print/load_data.html?order_code=212020081807630&kc_code=cgsh&condition= HTTP/1.1" 200 1150
117.184.7.30 - - [18/Aug/2020:11:03:59 +0800] "GET /xingrg/css/base.css HTTP/1.1" 304 -
117.184.7.30 - - [18/Aug/2020:11:03:59 +0800] "GET /xingrg/css/site.css HTTP/1.1" 304 -
117.184.7.30 - - [18/Aug/2020:11:03:59 +0800] "GET /xingrg/javascript/jquery_tools/datebox.css HTTP/1.1" 304 -
117.184.7.30 - - [18/Aug/2020:11:03:59 +0800] "GET /xingrg/kc/buy/cgsh_order_list.html HTTP/1.1" 200 43641
117.184.7.30 - - [18/Aug/2020:11:03:59 +0800] "GET /xingrg/javascript/easyui/themes/default/easyui.css HTTP/1.1" 304 -
117.184.7.30 - - [18/Aug/2020:11:03:59 +0800] "GET /xingrg/javascript/easyui/themes/icon.css HTTP/1.1" 304 -
117.184.7.30 - - [18/Aug/2020:11:03:59 +0800] "GET /xingrg/javascript/auto/jquery.autocomplete.css HTTP/1.1" 304 -
117.184.7.30 - - [18/Aug/2020:11:03:59 +0800] "GET /xingrg/javascript/jquery_tools/fix.css HTTP/1.1" 304 -
117.184.7.30 - - [18/Aug/2020:11:03:59 +0800] "GET /xingrg/javascript/jquery_tools/table.css HTTP/1.1" 304 -
117.184.7.30 - - [18/Aug/2020:11:03:59 +0800] "GET /xingrg/javascript/jquery_tools/jquery.tools.min.js HTTP/1.1" 304 -
117.184.7.30 - - [18/Aug/2020:11:03:59 +0800] "GET /xingrg/javascript/jquery_tools/jquery.tools.extend.js HTTP/1.1" 304 -
117.184.7.30 - - [18/Aug/2020:11:03:59 +0800] "GET /xingrg/javascript/jquery_tools/jquery.tools.hotkey.js HTTP/1.1" 304 -
117.184.7.30 - - [18/Aug/2020:11:03:59 +0800] "GET /xingrg/javascript/jquery_tools/jquery.tools.table.js HTTP/1.1" 304 -
117.184.7.30 - - [18/Aug/2020:11:03:59 +0800] "GET /xingrg/javascript/auto/jquery.autocomplete.js HTTP/1.1" 304 -
117.184.7.30 - - [18/Aug/2020:11:03:59 +0800] "GET /xingrg/javascript/jquery_tools/list_manager.js HTTP/1.1" 304 -
117.184.7.30 - - [18/Aug/2020:11:03:59 +0800] "GET /xingrg/javascript/easyui/easyloader.js HTTP/1.1" 304 -
117.184.7.30 - - [18/Aug/2020:11:03:59 +0800] "GET /xingrg/javascript/jquery.cookie.js HTTP/1.1" 304 -
117.184.7.30 - - [18/Aug/2020:11:03:59 +0800] "GET /xingrg/javascript/print/LodopFuncs.js HTTP/1.1" 304 -
117.184.7.30 - - [18/Aug/2020:11:04:00 +0800] "GET /xingrg/javascript/easyui/plugins/jquery.parser.js HTTP/1.1" 304 -
117.185.32.26 - - [18/Aug/2020:11:04:01 +0800] "POST /xingrg/kc/buy/cgsh_order_operate.html HTTP/1.1" 200 37
218.78.151.174 - - [18/Aug/2020:11:04:02 +0800] "GET /xingrg/kc/buy/cgsh_order_operate.html?command=get_materiel&rest_code=00143&code=00101005032&supplier_code=00100385&order_time=2020-08-18 HTTP/1.1" 200 409
117.185.32.26 - - [18/Aug/2020:11:04:03 +0800] "POST /xingrg/kc/buy/cgsh_order_operate.html HTTP/1.1" 200 12
117.184.7.30 - - [18/Aug/2020:11:04:03 +0800] "POST /xingrg/kc/buy/cgsh_list_operate.html HTTP/1.1" 200 2049
61.172.5.115 - - [18/Aug/2020:11:04:03 +0800] "GET /xingrg/kc/buy/cgsh_order_operate.html?command=get_materiel&rest_code=00105&code=00101004019&supplier_code=00100323&order_time=2020-08-18 HTTP/1.1" 200 415
117.185.32.26 - - [18/Aug/2020:11:04:03 +0800] "GET /xingrg/kc/buy/cgsh_order_info.html?code=212020081807631 HTTP/1.1" 200 54284
117.185.32.26 - - [18/Aug/2020:11:04:04 +0800] "GET /xingrg/javascript/easyui/themes/default/validatebox.css HTTP/1.1" 404 1104
117.185.32.26 - - [18/Aug/2020:11:04:04 +0800] "POST /xingrg/kc/buy/cgsh_order_operate.html HTTP/1.1" 200 611
117.185.32.26 - - [18/Aug/2020:11:04:07 +0800] "GET /xingrg/kc/print/load_data.html?order_code=212020081807631&kc_code=cgsh&condition= HTTP/1.1" 200 771
61.172.5.115 - - [18/Aug/2020:11:04:08 +0800] "GET /xingrg/all/function/internal_message.html?_=1597719848372&CODE_STATE=getMsg HTTP/1.1" 200 27
114.89.80.44 - - [18/Aug/2020:11:04:08 +0800] "GET /xingrg/all/function/internal_message.html?_=1597719967565&CODE_STATE=getMsg HTTP/1.1" 200 27
218.81.217.115 - - [18/Aug/2020:11:04:11 +0800] "GET /xingrg/check_reg.html?_=1597719855180 HTTP/1.1" 200 22
117.185.32.26 - - [18/Aug/2020:11:04:11 +0800] "GET /xingrg/all/function/internal_message.html?_=1597720279456&CODE_STATE=getMsg HTTP/1.1" 200 27
101.83.241.175 - - [18/Aug/2020:11:04:12 +0800] "GET /xingrg/kc/buy/cgsh_order_operate.html?command=get_materiel&rest_code=00149&code=00101020073&supplier_code=00100347&order_time=2020-08-18 HTTP/1.1" 200 413
172.17.0.123 - - [18/Aug/2020:11:04:12 +0800] "GET /xingrg/check_reg.html?_=1597719768921 HTTP/1.1" 200 22
218.81.217.115 - - [18/Aug/2020:11:04:13 +0800] "GET /xingrg/all/function/internal_message.html?_=1597719857760&CODE_STATE=getMsg HTTP/1.1" 200 27
172.17.0.101 - - [18/Aug/2020:11:04:14 +0800] "GET /xingrg/all/function/internal_message.html?_=1597719857590&CODE_STATE=getMsg HTTP/1.1" 302 -
58.40.7.146 - - [18/Aug/2020:11:04:16 +0800] "GET /xingrg/all/function/internal_message.html?_=1597719855850&CODE_STATE=getMsg HTTP/1.1" 200 27
117.185.32.26 - - [18/Aug/2020:11:04:17 +0800] "GET /xingrg/kc/buy/cgsh_order_add.html HTTP/1.1" 200 59379
117.185.32.26 - - [18/Aug/2020:11:04:17 +0800] "POST /xingrg/kc/buy/cgsh_order_operate.html HTTP/1.1" 200 8245
117.185.32.26 - - [18/Aug/2020:11:04:18 +0800] "GET /xingrg/javascript/easyui/themes/default/validatebox.css HTTP/1.1" 404 1104
218.78.151.174 - - [18/Aug/2020:11:04:18 +0800] "GET /xingrg/all/function/internal_message.html?_=1597718773605&CODE_STATE=getMsg HTTP/1.1" 200 27
116.230.74.197 - - [18/Aug/2020:11:04:18 +0800] "GET /xingrg/all/function/internal_message.html?_=1597719857634&CODE_STATE=getMsg HTTP/1.1" 200 27
58.221.95.50 - - [18/Aug/2020:11:04:18 +0800] "GET /xingrg/all/function/internal_message.html?_=1597719988747&CODE_STATE=getMsg HTTP/1.1" 200 27
61.172.5.115 - - [18/Aug/2020:11:04:18 +0800] "POST /xingrg/kc/buy/cgsh_order_operate.html HTTP/1.1" 200 37
114.88.153.118 - - [18/Aug/2020:11:04:19 +0800] "GET /xingrg/check_reg.html?_=1597719501607 HTTP/1.1" 200 22
61.172.5.115 - - [18/Aug/2020:11:04:19 +0800] "POST /xingrg/kc/buy/cgsh_order_operate.html HTTP/1.1" 200 5047
117.185.32.26 - - [18/Aug/2020:11:04:19 +0800] "GET /xingrg/javascript/easyui/themes/default/tree.css HTTP/1.1" 404 1090
117.185.32.26 - - [18/Aug/2020:11:04:19 +0800] "POST /xingrg/all/common/load_tree.html?tree=supplier_tree_json&isDelete=1 HTTP/1.1" 200 49675
61.172.5.115 - - [18/Aug/2020:11:04:20 +0800] "GET /xingrg/kc/print/load_data.html?order_code=212020081807632&kc_code=cgsh&condition= HTTP/1.1" 200 1600
114.88.165.122 - - [18/Aug/2020:11:04:22 +0800] "GET /xingrg/all/function/internal_message.html?_=1597719907976&CODE_STATE=getMsg HTTP/1.1" 200 27
172.17.0.185 - - [18/Aug/2020:11:04:23 +0800] "GET /xingrg/all/function/internal_message.html?_=1597719861135&CODE_STATE=getMsg HTTP/1.1" 200 27
172.17.0.185 - - [18/Aug/2020:11:04:23 +0800] "GET /xingrg/check_reg.html?_=1597719861155 HTTP/1.1" 200 22
61.172.5.115 - - [18/Aug/2020:11:04:24 +0800] "GET /xingrg/kc/buy/cgsh_order_add.html HTTP/1.1" 200 59379
61.172.5.115 - - [18/Aug/2020:11:04:25 +0800] "POST /xingrg/kc/buy/cgsh_order_operate.html HTTP/1.1" 200 8245
61.172.5.115 - - [18/Aug/2020:11:04:25 +0800] "GET /xingrg/javascript/easyui/themes/default/validatebox.css HTTP/1.1" 404 1104
101.83.241.175 - - [18/Aug/2020:11:04:25 +0800] "POST /xingrg/kc/buy/cgsh_order_operate.html HTTP/1.1" 200 37
101.83.241.175 - - [18/Aug/2020:11:04:27 +0800] "POST /xingrg/kc/buy/cgsh_order_operate.html HTTP/1.1" 200 12
101.83.241.175 - - [18/Aug/2020:11:04:28 +0800] "GET /xingrg/kc/buy/cgsh_order_info.html?code=212020081807633 HTTP/1.1" 200 54327
101.83.241.175 - - [18/Aug/2020:11:04:28 +0800] "GET /xingrg/words/20200818105054_words.js HTTP/1.1" 304 -
101.83.241.175 - - [18/Aug/2020:11:04:28 +0800] "GET /xingrg/javascript/easyui/themes/default/validatebox.css HTTP/1.1" 404 1104
101.83.241.175 - - [18/Aug/2020:11:04:29 +0800] "POST /xingrg/kc/buy/cgsh_order_operate.html HTTP/1.1" 200 4194
172.17.200.101 - - [18/Aug/2020:11:04:29 +0800] "GET /xingrg/all/function/internal_message.html?_=1597719870264&CODE_STATE=getMsg HTTP/1.1" 200 27
114.86.228.62 - - [18/Aug/2020:11:04:31 +0800] "GET /xingrg/all/function/internal_message.html?_=1597719914171&CODE_STATE=getMsg HTTP/1.1" 200 27
101.83.241.175 - - [18/Aug/2020:11:04:32 +0800] "GET /xingrg/kc/print/load_data.html?order_code=212020081807633&kc_code=cgsh&condition= HTTP/1.1" 200 2088
183.192.164.85 - - [18/Aug/2020:11:04:35 +0800] "GET /xingrg/kc/buy/cgsh_order_operate.html?command=get_materiel&rest_code=00106&code=00101008271&supplier_code=00100007&order_time=2020-08-18 HTTP/1.1" 302 -
61.172.5.115 - - [18/Aug/2020:11:04:36 +0800] "GET /xingrg/kc/buy/cgsh_order_operate.html?command=get_materiel&rest_code=00105&code=00101010628&supplier_code=00100327&order_time=2020-08-18 HTTP/1.1" 200 412
117.184.7.26 - - [18/Aug/2020:11:04:36 +0800] "GET /xingrg/all/function/internal_message.html?_=1597719872363&CODE_STATE=getMsg HTTP/1.1" 200 27
180.157.251.101 - - [18/Aug/2020:11:04:39 +0800] "GET /xingrg/check_reg.html?_=1597719878683 HTTP/1.1" 200 22
101.83.241.175 - - [18/Aug/2020:11:04:39 +0800] "GET /xingrg/all/function/internal_message.html?_=1597719876968&CODE_STATE=getMsg HTTP/1.1" 200 27
183.192.164.85 - - [18/Aug/2020:11:04:40 +0800] "GET /xingrg/login.html HTTP/1.1" 200 7641
180.175.214.200 - - [18/Aug/2020:11:04:40 +0800] "GET /xingrg/all/function/internal_message.html?_=1597720086271&CODE_STATE=getMsg HTTP/1.1" 200 27
117.185.32.26 - - [18/Aug/2020:11:04:42 +0800] "GET /xingrg/kc/buy/cgsh_order_operate.html?command=get_materiel&rest_code=00106&code=00101010607&supplier_code=00100404&order_time=2020-08-18 HTTP/1.1" 200 405
120.204.17.70 - - [18/Aug/2020:11:04:43 +0800] "GET /xingrg/kc/buy/cgsh_order_operate.html?command=get_materiel&rest_code=00106&code=00101008078&supplier_code=00100007&order_time=2020-08-18 HTTP/1.1" 302 -
117.185.32.26 - - [18/Aug/2020:11:04:43 +0800] "GET /xingrg/all/function/internal_message.html?_=1597719881138&CODE_STATE=getMsg HTTP/1.1" 200 27
61.172.5.115 - - [18/Aug/2020:11:04:44 +0800] "POST /xingrg/kc/buy/cgsh_order_operate.html HTTP/1.1" 200 37
61.172.5.115 - - [18/Aug/2020:11:04:46 +0800] "POST /xingrg/kc/buy/cgsh_order_operate.html HTTP/1.1" 200 2671
61.172.5.115 - - [18/Aug/2020:11:04:48 +0800] "GET /xingrg/kc/print/load_data.html?order_code=212020081807634&kc_code=cgsh&condition= HTTP/1.1" 200 681
120.204.17.70 - - [18/Aug/2020:11:04:48 +0800] "GET /xingrg/login.html HTTP/1.1" 200 7641
218.78.151.174 - - [18/Aug/2020:11:04:50 +0800] "POST /xingrg/kc/buy/cgsh_order_operate.html HTTP/1.1" 200 37
114.89.80.44 - - [18/Aug/2020:11:04:50 +0800] "GET /xingrg/all/function/internal_message.html?_=1597719890026&CODE_STATE=getMsg HTTP/1.1" 200 27
114.88.153.118 - - [18/Aug/2020:11:04:52 +0800] "GET /xingrg/all/function/internal_message.html?_=1597719890230&CODE_STATE=getMsg HTTP/1.1" 200 27
218.78.151.174 - - [18/Aug/2020:11:04:53 +0800] "POST /xingrg/kc/buy/cgsh_order_operate.html HTTP/1.1" 200 12
218.78.151.174 - - [18/Aug/2020:11:04:54 +0800] "GET /xingrg/kc/buy/cgsh_order_info.html?code=212020081807635 HTTP/1.1" 200 53365
218.78.151.174 - - [18/Aug/2020:11:04:54 +0800] "GET /xingrg/javascript/easyui/themes/default/validatebox.css HTTP/1.1" 404 1104
218.78.151.174 - - [18/Aug/2020:11:04:55 +0800] "POST /xingrg/kc/buy/cgsh_order_operate.html HTTP/1.1" 200 1194
172.17.0.120 - - [18/Aug/2020:11:04:55 +0800] "GET /xingrg/all/function/internal_message.html?_=1597719893400&CODE_STATE=getMsg HTTP/1.1" 200 27
117.184.7.26 - - [18/Aug/2020:11:04:55 +0800] "GET /xingrg/all/function/internal_message.html?_=1597719891380&CODE_STATE=getMsg HTTP/1.1" 200 27
172.17.0.114 - - [18/Aug/2020:11:04:56 +0800] "GET /xingrg/all/function/internal_message.html?_=1597719894919&CODE_STATE=getMsg HTTP/1.1" 200 27
114.88.165.122 - - [18/Aug/2020:11:04:57 +0800] "GET /xingrg/all/function/internal_message.html?_=1597719895187&CODE_STATE=getMsg HTTP/1.1" 200 27
218.78.151.174 - - [18/Aug/2020:11:04:58 +0800] "GET /xingrg/kc/print/load_config.html?kc_code=cgsh HTTP/1.1" 200 1845
218.78.151.174 - - [18/Aug/2020:11:04:58 +0800] "GET /xingrg/kc/print/load_data.html?order_code=212020081807635&kc_code=cgsh&condition= HTTP/1.1" 200 947
61.172.5.115 - - [18/Aug/2020:11:05:01 +0800] "GET /xingrg/kc/buy/cgsh_order_add.html HTTP/1.1" 200 59379
61.172.5.115 - - [18/Aug/2020:11:05:01 +0800] "GET /xingrg/javascript/easyui/themes/default/validatebox.css HTTP/1.1" 404 1104
61.172.5.115 - - [18/Aug/2020:11:05:01 +0800] "POST /xingrg/kc/buy/cgsh_order_operate.html HTTP/1.1" 200 8245
117.185.32.26 - - [18/Aug/2020:11:05:08 +0800] "POST /xingrg/kc/buy/cgsh_order_operate.html HTTP/1.1" 200 37
61.172.5.115 - - [18/Aug/2020:11:05:08 +0800] "GET /xingrg/check_reg.html?_=1597719908355 HTTP/1.1" 200 22
61.172.5.115 - - [18/Aug/2020:11:05:08 +0800] "GET /xingrg/all/function/internal_message.html?_=1597719908359&CODE_STATE=getMsg HTTP/1.1" 200 27
114.89.80.44 - - [18/Aug/2020:11:05:08 +0800] "GET /xingrg/all/function/internal_message.html?_=1597720027578&CODE_STATE=getMsg HTTP/1.1" 200 27
117.185.32.26 - - [18/Aug/2020:11:05:10 +0800] "POST /xingrg/kc/buy/cgsh_order_operate.html HTTP/1.1" 200 12
117.185.32.26 - - [18/Aug/2020:11:05:11 +0800] "GET /xingrg/kc/buy/cgsh_order_info.html?code=212020081807636 HTTP/1.1" 200 54288
117.185.32.26 - - [18/Aug/2020:11:05:11 +0800] "GET /xingrg/words/20200818105054_words.js HTTP/1.1" 304 -
117.185.32.26 - - [18/Aug/2020:11:05:12 +0800] "GET /xingrg/all/function/internal_message.html?_=1597720339615&CODE_STATE=getMsg HTTP/1.1" 200 27
117.185.32.26 - - [18/Aug/2020:11:05:12 +0800] "GET /xingrg/javascript/easyui/themes/default/validatebox.css HTTP/1.1" 404 1104
117.185.32.26 - - [18/Aug/2020:11:05:12 +0800] "POST /xingrg/kc/buy/cgsh_order_operate.html HTTP/1.1" 200 618
218.81.217.115 - - [18/Aug/2020:11:05:13 +0800] "GET /xingrg/all/function/internal_message.html?_=1597719917773&CODE_STATE=getMsg HTTP/1.1" 200 27
117.185.32.26 - - [18/Aug/2020:11:05:14 +0800] "GET /xingrg/kc/print/load_data.html?order_code=212020081807636&kc_code=cgsh&condition= HTTP/1.1" 200 728
172.17.0.101 - - [18/Aug/2020:11:05:15 +0800] "GET /xingrg/all/function/internal_message.html?_=1597719917724&CODE_STATE=getMsg HTTP/1.1" 302 -
218.78.151.174 - - [18/Aug/2020:11:05:18 +0800] "GET /xingrg/all/function/internal_message.html?_=1597718833605&CODE_STATE=getMsg HTTP/1.1" 200 27
116.230.74.197 - - [18/Aug/2020:11:05:18 +0800] "GET /xingrg/all/function/internal_message.html?_=1597719917618&CODE_STATE=getMsg HTTP/1.1" 200 27
58.221.95.50 - - [18/Aug/2020:11:05:18 +0800] "GET /xingrg/all/function/internal_message.html?_=1597720048765&CODE_STATE=getMsg HTTP/1.1" 200 27
114.88.165.122 - - [18/Aug/2020:11:05:22 +0800] "GET /xingrg/all/function/internal_message.html?_=1597719967974&CODE_STATE=getMsg HTTP/1.1" 200 27
61.172.5.115 - - [18/Aug/2020:11:05:22 +0800] "GET /xingrg/kc/buy/cgsh_order_operate.html?command=get_materiel&rest_code=00105&code=00101001168&supplier_code=00100313&order_time=2020-08-18 HTTP/1.1" 200 414
172.17.0.185 - - [18/Aug/2020:11:05:23 +0800] "GET /xingrg/all/function/internal_message.html?_=1597719921110&CODE_STATE=getMsg HTTP/1.1" 200 27
117.185.32.26 - - [18/Aug/2020:11:05:28 +0800] "GET /xingrg/kc/buy/cgsh_order_add.html HTTP/1.1" 200 59379
117.185.32.26 - - [18/Aug/2020:11:05:28 +0800] "POST /xingrg/kc/buy/cgsh_order_operate.html HTTP/1.1" 200 8245
117.185.32.26 - - [18/Aug/2020:11:05:28 +0800] "GET /xingrg/javascript/easyui/themes/default/validatebox.css HTTP/1.1" 404 1104
172.17.200.101 - - [18/Aug/2020:11:05:29 +0800] "GET /xingrg/all/function/internal_message.html?_=1597719930253&CODE_STATE=getMsg HTTP/1.1" 200 27
117.185.32.26 - - [18/Aug/2020:11:05:30 +0800] "GET /xingrg/javascript/easyui/themes/default/tree.css HTTP/1.1" 404 1090
117.185.32.26 - - [18/Aug/2020:11:05:30 +0800] "POST /xingrg/all/common/load_tree.html?tree=supplier_tree_json&isDelete=1 HTTP/1.1" 200 49675
114.86.228.62 - - [18/Aug/2020:11:05:31 +0800] "GET /xingrg/check_reg.html?_=1597719974171 HTTP/1.1" 200 22
114.86.228.62 - - [18/Aug/2020:11:05:31 +0800] "GET /xingrg/all/function/internal_message.html?_=1597719974171&CODE_STATE=getMsg HTTP/1.1" 200 27
172.17.0.101 - - [18/Aug/2020:11:05:34 +0800] "GET /xingrg/check_reg.html?_=1597719936953 HTTP/1.1" 302 -
61.172.5.115 - - [18/Aug/2020:11:05:36 +0800] "GET /xingrg/kc/buy/cgsh_order_operate.html?command=get_materiel&rest_code=00105&code=00101001135&supplier_code=00100313&order_time=2020-08-18 HTTP/1.1" 200 413
117.184.7.26 - - [18/Aug/2020:11:05:36 +0800] "GET /xingrg/all/function/internal_message.html?_=1597719932348&CODE_STATE=getMsg HTTP/1.1" 200 27
101.83.241.175 - - [18/Aug/2020:11:05:39 +0800] "GET /xingrg/all/function/internal_message.html?_=1597719936944&CODE_STATE=getMsg HTTP/1.1" 200 27
180.175.214.200 - - [18/Aug/2020:11:05:41 +0800] "GET /xingrg/all/function/internal_message.html?_=1597720146656&CODE_STATE=getMsg HTTP/1.1" 200 27
117.185.32.26 - - [18/Aug/2020:11:05:43 +0800] "GET /xingrg/all/function/internal_message.html?_=1597719941141&CODE_STATE=getMsg HTTP/1.1" 200 27
61.172.5.115 - - [18/Aug/2020:11:05:48 +0800] "GET /xingrg/kc/buy/cgsh_order_operate.html?command=get_materiel&rest_code=00105&code=00101001033&supplier_code=00100313&order_time=2020-08-18 HTTP/1.1" 200 417
117.185.32.26 - - [18/Aug/2020:11:05:50 +0800] "GET /xingrg/kc/buy/cgsh_order_operate.html?command=get_materiel&rest_code=00106&code=00101003004&supplier_code=00100094&order_time=2020-08-18 HTTP/1.1" 200 421
114.89.80.44 - - [18/Aug/2020:11:05:50 +0800] "GET /xingrg/check_reg.html?_=1597719950028 HTTP/1.1" 200 22
114.89.80.44 - - [18/Aug/2020:11:05:50 +0800] "GET /xingrg/all/function/internal_message.html?_=1597719950032&CODE_STATE=getMsg HTTP/1.1" 200 27
114.88.153.118 - - [18/Aug/2020:11:05:52 +0800] "GET /xingrg/all/function/internal_message.html?_=1597719950241&CODE_STATE=getMsg HTTP/1.1" 200 27
172.17.0.120 - - [18/Aug/2020:11:05:55 +0800] "GET /xingrg/all/function/internal_message.html?_=1597719953403&CODE_STATE=getMsg HTTP/1.1" 200 27
172.17.0.120 - - [18/Aug/2020:11:05:55 +0800] "GET /xingrg/check_reg.html?_=1597719953405 HTTP/1.1" 200 22
117.184.7.30 - - [18/Aug/2020:11:05:55 +0800] "GET /xingrg/all/function/internal_message.html?_=1597719951394&CODE_STATE=getMsg HTTP/1.1" 200 27
172.17.0.114 - - [18/Aug/2020:11:05:56 +0800] "GET /xingrg/all/function/internal_message.html?_=1597719954930&CODE_STATE=getMsg HTTP/1.1" 200 27
114.88.165.122 - - [18/Aug/2020:11:05:57 +0800] "GET /xingrg/all/function/internal_message.html?_=1597719955201&CODE_STATE=getMsg HTTP/1.1" 200 27
61.172.5.115 - - [18/Aug/2020:11:05:57 +0800] "GET /xingrg/kc/buy/cgsh_order_operate.html?command=get_materiel&rest_code=00105&code=00101001161&supplier_code=00100313&order_time=2020-08-18 HTTP/1.1" 200 409
101.83.241.175 - - [18/Aug/2020:11:05:58 +0800] "GET /xingrg/kc/buy/cgsh_order_add.html HTTP/1.1" 200 59432
101.83.241.175 - - [18/Aug/2020:11:05:58 +0800] "GET /xingrg/words/20200818105054_words.js HTTP/1.1" 304 -
101.83.241.175 - - [18/Aug/2020:11:05:58 +0800] "POST /xingrg/kc/buy/cgsh_order_operate.html HTTP/1.1" 200 8245
101.83.241.175 - - [18/Aug/2020:11:05:58 +0800] "GET /xingrg/javascript/easyui/themes/default/validatebox.css HTTP/1.1" 404 1104
61.172.5.115 - - [18/Aug/2020:11:06:04 +0800] "GET /xingrg/kc/buy/cgsh_order_operate.html?command=get_materiel&rest_code=00105&code=00101001096&supplier_code=00100313&order_time=2020-08-18 HTTP/1.1" 200 412
61.172.5.115 - - [18/Aug/2020:11:06:08 +0800] "GET /xingrg/all/function/internal_message.html?_=1597719968378&CODE_STATE=getMsg HTTP/1.1" 200 27
114.89.80.44 - - [18/Aug/2020:11:06:08 +0800] "GET /xingrg/all/function/internal_message.html?_=1597720087601&CODE_STATE=getMsg HTTP/1.1" 200 27
101.83.241.175 - - [18/Aug/2020:11:06:09 +0800] "GET /xingrg/kc/buy/cgsh_order_operate.html?command=get_materiel&rest_code=00149&code=00101001167&supplier_code=00100314&order_time=2020-08-18 HTTP/1.1" 200 419
61.172.5.115 - - [18/Aug/2020:11:06:10 +0800] "GET /xingrg/kc/buy/cgsh_order_operate.html?command=get_materiel&rest_code=00105&code=00102026001&supplier_code=00100313&order_time=2020-08-18 HTTP/1.1" 200 409
218.81.217.115 - - [18/Aug/2020:11:06:13 +0800] "GET /xingrg/all/function/internal_message.html?_=1597719977787&CODE_STATE=getMsg HTTP/1.1" 200 27
117.185.32.26 - - [18/Aug/2020:11:06:14 +0800] "POST /xingrg/kc/buy/cgsh_order_operate.html HTTP/1.1" 200 37
172.17.0.101 - - [18/Aug/2020:11:06:15 +0800] "GET /xingrg/all/function/internal_message.html?_=1597719977743&CODE_STATE=getMsg HTTP/1.1" 302 -
117.185.32.26 - - [18/Aug/2020:11:06:15 +0800] "POST /xingrg/kc/buy/cgsh_order_operate.html HTTP/1.1" 200 12
117.185.32.26 - - [18/Aug/2020:11:06:16 +0800] "GET /xingrg/kc/buy/cgsh_order_info.html?code=212020081807637 HTTP/1.1" 200 54282
117.185.32.26 - - [18/Aug/2020:11:06:17 +0800] "GET /xingrg/javascript/easyui/themes/default/validatebox.css HTTP/1.1" 404 1104
117.185.32.26 - - [18/Aug/2020:11:06:17 +0800] "POST /xingrg/kc/buy/cgsh_order_operate.html HTTP/1.1" 200 616
218.78.151.174 - - [18/Aug/2020:11:06:18 +0800] "GET /xingrg/all/function/internal_message.html?_=1597718893601&CODE_STATE=getMsg HTTP/1.1" 200 27
116.230.74.197 - - [18/Aug/2020:11:06:18 +0800] "GET /xingrg/all/function/internal_message.html?_=1597719977618&CODE_STATE=getMsg HTTP/1.1" 200 27
58.221.95.50 - - [18/Aug/2020:11:06:18 +0800] "GET /xingrg/all/function/internal_message.html?_=1597720108736&CODE_STATE=getMsg HTTP/1.1" 200 27
117.185.32.26 - - [18/Aug/2020:11:06:19 +0800] "GET /xingrg/kc/print/load_data.html?order_code=212020081807637&kc_code=cgsh&condition= HTTP/1.1" 200 779
101.83.241.175 - - [18/Aug/2020:11:06:20 +0800] "POST /xingrg/kc/buy/cgsh_order_operate.html HTTP/1.1" 200 37
61.172.5.115 - - [18/Aug/2020:11:06:21 +0800] "POST /xingrg/kc/buy/cgsh_order_operate.html HTTP/1.1" 200 37
114.88.165.122 - - [18/Aug/2020:11:06:22 +0800] "GET /xingrg/all/function/internal_message.html?_=1597720027972&CODE_STATE=getMsg HTTP/1.1" 200 27
101.83.241.175 - - [18/Aug/2020:11:06:23 +0800] "POST /xingrg/kc/buy/cgsh_order_operate.html HTTP/1.1" 200 12
117.184.7.30 - - [18/Aug/2020:11:06:23 +0800] "GET /xingrg/kc/buy/cgsh_order_add.html HTTP/1.1" 200 59338
117.184.7.30 - - [18/Aug/2020:11:06:23 +0800] "GET /xingrg/javascript/print/kc_print.js HTTP/1.1" 304 -
117.184.7.30 - - [18/Aug/2020:11:06:23 +0800] "GET /xingrg/javascript/jquery_tools/order_manager.js HTTP/1.1" 304 -
117.184.7.30 - - [18/Aug/2020:11:06:23 +0800] "GET /xingrg/javascript/convert.js HTTP/1.1" 304 -
117.184.7.30 - - [18/Aug/2020:11:06:23 +0800] "GET /xingrg/javascript/json2.js HTTP/1.1" 304 -
117.184.7.30 - - [18/Aug/2020:11:06:23 +0800] "GET /xingrg/words/20200818105054_words.js HTTP/1.1" 200 757431
172.17.0.185 - - [18/Aug/2020:11:06:23 +0800] "GET /xingrg/all/function/internal_message.html?_=1597719981195&CODE_STATE=getMsg HTTP/1.1" 200 27
117.184.7.30 - - [18/Aug/2020:11:06:23 +0800] "POST /xingrg/kc/buy/cgsh_order_operate.html HTTP/1.1" 200 8245
117.184.7.30 - - [18/Aug/2020:11:06:24 +0800] "GET /xingrg/all/common/auto_word.html?type=employee&rest_code=00108 HTTP/1.1" 200 197
117.184.7.30 - - [18/Aug/2020:11:06:24 +0800] "GET /xingrg/all/common/auto_word.html?type=employee&rest_code=00108 HTTP/1.1" 200 197
117.184.7.30 - - [18/Aug/2020:11:06:24 +0800] "GET /xingrg/javascript/easyui/themes/default/validatebox.css HTTP/1.1" 404 1104
117.184.7.30 - - [18/Aug/2020:11:06:24 +0800] "GET /xingrg/javascript/easyui/plugins/jquery.validatebox.js HTTP/1.1" 304 -
101.83.241.175 - - [18/Aug/2020:11:06:24 +0800] "GET /xingrg/kc/buy/cgsh_order_info.html?code=212020081807638 HTTP/1.1" 200 54337
117.184.7.30 - - [18/Aug/2020:11:06:24 +0800] "GET /xingrg/javascript/easyui/plugins/jquery.numberbox.js HTTP/1.1" 304 -
101.83.241.175 - - [18/Aug/2020:11:06:24 +0800] "GET /xingrg/javascript/easyui/themes/default/validatebox.css HTTP/1.1" 404 1104
101.83.241.175 - - [18/Aug/2020:11:06:24 +0800] "POST /xingrg/kc/buy/cgsh_order_operate.html HTTP/1.1" 200 616
61.172.5.115 - - [18/Aug/2020:11:06:25 +0800] "POST /xingrg/kc/buy/cgsh_order_operate.html HTTP/1.1" 200 5634
117.184.7.30 - - [18/Aug/2020:11:06:25 +0800] "GET /xingrg/javascript/auto/indicator.gif HTTP/1.1" 404 1066
117.184.7.30 - - [18/Aug/2020:11:06:26 +0800] "GET /xingrg/javascript/jquery_tools/images/prev.gif HTTP/1.1" 404 1086
117.184.7.30 - - [18/Aug/2020:11:06:26 +0800] "GET /xingrg/javascript/jquery_tools/images/next.gif HTTP/1.1" 404 1086
61.172.5.115 - - [18/Aug/2020:11:06:26 +0800] "GET /xingrg/kc/print/load_data.html?order_code=212020081807639&kc_code=cgsh&condition= HTTP/1.1" 200 1812
101.83.241.175 - - [18/Aug/2020:11:06:26 +0800] "GET /xingrg/kc/print/load_data.html?order_code=212020081807638&kc_code=cgsh&condition= HTTP/1.1" 200 715
172.17.200.101 - - [18/Aug/2020:11:06:29 +0800] "GET /xingrg/all/function/internal_message.html?_=1597719990255&CODE_STATE=getMsg HTTP/1.1" 200 27
101.83.241.175 - - [18/Aug/2020:11:06:30 +0800] "GET /xingrg/kc/buy/cgsh_order_add.html HTTP/1.1" 200 59432
101.83.241.175 - - [18/Aug/2020:11:06:31 +0800] "POST /xingrg/kc/buy/cgsh_order_operate.html HTTP/1.1" 200 8245
101.83.241.175 - - [18/Aug/2020:11:06:31 +0800] "GET /xingrg/javascript/easyui/themes/default/validatebox.css HTTP/1.1" 404 1104
114.86.228.62 - - [18/Aug/2020:11:06:31 +0800] "GET /xingrg/all/function/internal_message.html?_=1597720034165&CODE_STATE=getMsg HTTP/1.1" 200 27
117.184.7.30 - - [18/Aug/2020:11:06:32 +0800] "GET /xingrg/kc/buy/cgsh_order_operate.html?command=get_materiel&rest_code=00108&code=00101008176&supplier_code=00100008&order_time=2020-08-18 HTTP/1.1" 200 412
117.184.7.26 - - [18/Aug/2020:11:06:36 +0800] "GET /xingrg/all/function/internal_message.html?_=1597719992348&CODE_STATE=getMsg HTTP/1.1" 200 27
117.184.7.26 - - [18/Aug/2020:11:06:36 +0800] "GET /xingrg/check_reg.html?_=1597719992352 HTTP/1.1" 200 22
101.83.241.175 - - [18/Aug/2020:11:06:39 +0800] "GET /xingrg/all/function/internal_message.html?_=1597719996929&CODE_STATE=getMsg HTTP/1.1" 200 27
180.175.214.200 - - [18/Aug/2020:11:06:41 +0800] "GET /xingrg/all/function/internal_message.html?_=1597720206657&CODE_STATE=getMsg HTTP/1.1" 200 27
117.185.32.26 - - [18/Aug/2020:11:06:43 +0800] "GET /xingrg/all/function/internal_message.html?_=1597720001140&CODE_STATE=getMsg HTTP/1.1" 200 27
180.157.251.101 - - [18/Aug/2020:11:06:43 +0800] "GET /xingrg/kc/buy/cgsh_order_operate.html?command=get_materiel&rest_code=00148&code=00101008045&supplier_code=00100007&order_time=2020-08-18 HTTP/1.1" 200 412
117.185.32.26 - - [18/Aug/2020:11:06:44 +0800] "GET /xingrg/kc/buy/cgsh_order_add.html HTTP/1.1" 200 59379
117.185.32.26 - - [18/Aug/2020:11:06:44 +0800] "POST /xingrg/kc/buy/cgsh_order_operate.html HTTP/1.1" 200 8245
117.185.32.26 - - [18/Aug/2020:11:06:44 +0800] "GET /xingrg/javascript/easyui/themes/default/validatebox.css HTTP/1.1" 404 1104
180.175.214.200 - - [18/Aug/2020:11:06:45 +0800] "POST /xingrg/services/DataTransmitService HTTP/1.1" 200 524
180.175.214.200 - - [18/Aug/2020:11:06:45 +0800] "POST /xingrg/services/DataTransmitService HTTP/1.1" 200 501
117.185.32.26 - - [18/Aug/2020:11:06:46 +0800] "GET /xingrg/javascript/easyui/themes/default/tree.css HTTP/1.1" 404 1090
117.185.32.26 - - [18/Aug/2020:11:06:46 +0800] "POST /xingrg/all/common/load_tree.html?tree=supplier_tree_json&isDelete=1 HTTP/1.1" 200 49675
120.253.135.82 - - [18/Aug/2020:11:06:48 +0800] "GET /xingrg/check_reg.html?_=1597719759570 HTTP/1.1" 200 22
61.172.5.115 - - [18/Aug/2020:11:06:48 +0800] "GET /xingrg/kc/buy/cgsh_order_add.html HTTP/1.1" 200 59379
61.172.5.115 - - [18/Aug/2020:11:06:49 +0800] "GET /xingrg/javascript/easyui/themes/default/validatebox.css HTTP/1.1" 404 1104
61.172.5.115 - - [18/Aug/2020:11:06:49 +0800] "POST /xingrg/kc/buy/cgsh_order_operate.html HTTP/1.1" 200 8245
114.89.80.44 - - [18/Aug/2020:11:06:50 +0800] "GET /xingrg/all/function/internal_message.html?_=1597720010026&CODE_STATE=getMsg HTTP/1.1" 200 27
114.88.153.118 - - [18/Aug/2020:11:06:52 +0800] "GET /xingrg/all/function/internal_message.html?_=1597720010258&CODE_STATE=getMsg HTTP/1.1" 200 27
172.17.0.120 - - [18/Aug/2020:11:06:55 +0800] "GET /xingrg/all/function/internal_message.html?_=1597720013407&CODE_STATE=getMsg HTTP/1.1" 200 27
117.184.7.30 - - [18/Aug/2020:11:06:55 +0800] "GET /xingrg/all/function/internal_message.html?_=1597720011407&CODE_STATE=getMsg HTTP/1.1" 200 27
172.17.0.114 - - [18/Aug/2020:11:06:56 +0800] "GET /xingrg/all/function/internal_message.html?_=1597720014934&CODE_STATE=getMsg HTTP/1.1" 200 27
114.88.165.122 - - [18/Aug/2020:11:06:57 +0800] "GET /xingrg/all/function/internal_message.html?_=1597720015296&CODE_STATE=getMsg HTTP/1.1" 200 27
117.184.7.30 - - [18/Aug/2020:11:06:59 +0800] "GET /xingrg/kc/buy/cgsh_order_operate.html?command=get_materiel&rest_code=00108&code=00101008244&supplier_code=00100008&order_time=2020-08-18 HTTP/1.1" 200 408
120.204.17.71 - - [18/Aug/2020:11:06:59 +0800] "GET /xingrg/kc/buy/cgsh_order_operate.html?command=get_materiel&rest_code=00106&code=00101008331&supplier_code=00100007&order_time=2020-08-18 HTTP/1.1" 302 -
183.192.164.214 - - [18/Aug/2020:11:07:02 +0800] "GET /xingrg/kc/buy/cgsh_order_operate.html?command=get_materiel&rest_code=00106&code=00101008003&supplier_code=00100007&order_time=2020-08-18 HTTP/1.1" 302 -
117.131.5.26 - - [18/Aug/2020:11:07:04 +0800] "POST /xingrg/services/DataTransmitService HTTP/1.1" 200 524
117.131.5.26 - - [18/Aug/2020:11:07:04 +0800] "POST /xingrg/services/DataTransmitService HTTP/1.1" 200 2003
117.131.5.26 - - [18/Aug/2020:11:07:05 +0800] "POST /xingrg/services/DataTransmitService HTTP/1.1" 200 2283
117.131.5.26 - - [18/Aug/2020:11:07:05 +0800] "POST /xingrg/services/DataTransmitService HTTP/1.1" 200 1423
120.204.17.71 - - [18/Aug/2020:11:07:05 +0800] "GET /xingrg/login.html HTTP/1.1" 200 7641
117.131.5.26 - - [18/Aug/2020:11:07:05 +0800] "POST /xingrg/services/DataTransmitService HTTP/1.1" 200 139735
117.184.7.30 - - [18/Aug/2020:11:07:06 +0800] "GET /xingrg/kc/buy/cgsh_order_operate.html?command=get_materiel&rest_code=00108&code=00101008185&supplier_code=00100008&order_time=2020-08-18 HTTP/1.1" 200 408
183.192.164.214 - - [18/Aug/2020:11:07:08 +0800] "GET /xingrg/login.html HTTP/1.1" 200 7641
61.172.5.115 - - [18/Aug/2020:11:07:08 +0800] "GET /xingrg/all/function/internal_message.html?_=1597720028350&CODE_STATE=getMsg HTTP/1.1" 200 27
114.89.80.44 - - [18/Aug/2020:11:07:08 +0800] "GET /xingrg/all/function/internal_message.html?_=1597720147604&CODE_STATE=getMsg HTTP/1.1" 200 27
61.172.5.115 - - [18/Aug/2020:11:07:11 +0800] "GET /xingrg/kc/buy/cgsh_order_operate.html?command=get_materiel&rest_code=00105&code=00102003101&supplier_code=00100347&order_time=2020-08-18 HTTP/1.1" 200 413
117.185.32.26 - - [18/Aug/2020:11:07:11 +0800] "GET /xingrg/check_reg.html?_=1597720459483 HTTP/1.1" 200 22
117.185.32.26 - - [18/Aug/2020:11:07:12 +0800] "GET /xingrg/all/function/internal_message.html?_=1597720459630&CODE_STATE=getMsg HTTP/1.1" 200 27
117.184.7.30 - - [18/Aug/2020:11:07:13 +0800] "GET /xingrg/kc/buy/cgsh_order_operate.html?command=get_materiel&rest_code=00108&code=00101008354&supplier_code=00100008&order_time=2020-08-18 HTTP/1.1" 200 412
218.81.217.115 - - [18/Aug/2020:11:07:14 +0800] "GET /xingrg/all/function/internal_message.html?_=1597720037988&CODE_STATE=getMsg HTTP/1.1" 200 27
172.17.0.101 - - [18/Aug/2020:11:07:15 +0800] "GET /xingrg/all/function/internal_message.html?_=1597720037875&CODE_STATE=getMsg HTTP/1.1" 302 -
117.185.32.26 - - [18/Aug/2020:11:07:15 +0800] "GET /xingrg/kc/buy/cgsh_order_operate.html?command=get_materiel&rest_code=00106&code=00101003004&supplier_code=00100347&order_time=2020-08-18 HTTP/1.1" 200 419
218.78.151.174 - - [18/Aug/2020:11:07:18 +0800] "GET /xingrg/all/function/internal_message.html?_=1597718953601&CODE_STATE=getMsg HTTP/1.1" 200 27
116.230.74.197 - - [18/Aug/2020:11:07:18 +0800] "GET /xingrg/all/function/internal_message.html?_=1597720037618&CODE_STATE=getMsg HTTP/1.1" 200 27
58.221.95.50 - - [18/Aug/2020:11:07:18 +0800] "GET /xingrg/all/function/internal_message.html?_=1597720168736&CODE_STATE=getMsg HTTP/1.1" 200 27
117.184.7.30 - - [18/Aug/2020:11:07:19 +0800] "GET /xingrg/kc/buy/cgsh_order_operate.html?command=get_materiel&rest_code=00108&code=00101008312&supplier_code=00100008&order_time=2020-08-18 HTTP/1.1" 200 412
58.221.95.50 - - [18/Aug/2020:11:07:19 +0800] "GET /xingrg/check_reg.html?_=1597720169142 HTTP/1.1" 200 22
114.88.165.122 - - [18/Aug/2020:11:07:22 +0800] "GET /xingrg/all/function/internal_message.html?_=1597720087998&CODE_STATE=getMsg HTTP/1.1" 200 27
172.17.0.185 - - [18/Aug/2020:11:07:23 +0800] "GET /xingrg/all/function/internal_message.html?_=1597720041133&CODE_STATE=getMsg HTTP/1.1" 200 27
117.184.7.30 - - [18/Aug/2020:11:07:25 +0800] "GET /xingrg/kc/buy/cgsh_order_operate.html?command=get_materiel&rest_code=00108&code=00101008010&supplier_code=00100008&order_time=2020-08-18 HTTP/1.1" 200 412
61.172.5.115 - - [18/Aug/2020:11:07:27 +0800] "GET /xingrg/kc/buy/cgsh_order_operate.html?command=get_materiel&rest_code=00105&code=00101004038&supplier_code=00100347&order_time=2020-08-18 HTTP/1.1" 200 409
172.17.200.101 - - [18/Aug/2020:11:07:29 +0800] "GET /xingrg/all/function/internal_message.html?_=1597720050258&CODE_STATE=getMsg HTTP/1.1" 200 27
172.17.200.101 - - [18/Aug/2020:11:07:29 +0800] "GET /xingrg/check_reg.html?_=1597720050263 HTTP/1.1" 200 22
114.86.228.62 - - [18/Aug/2020:11:07:31 +0800] "GET /xingrg/all/function/internal_message.html?_=1597720094156&CODE_STATE=getMsg HTTP/1.1" 200 27
101.83.241.175 - - [18/Aug/2020:11:07:33 +0800] "GET /xingrg/kc/buy/cgsh_order_operate.html?command=get_materiel&rest_code=00149&code=00101014031&supplier_code=00100340&order_time=2020-08-18 HTTP/1.1" 200 413
117.184.7.30 - - [18/Aug/2020:11:07:36 +0800] "GET /xingrg/kc/buy/cgsh_order_operate.html?command=get_materiel&rest_code=00108&code=00101008110&supplier_code=00100008&order_time=2020-08-18 HTTP/1.1" 200 408
117.184.7.26 - - [18/Aug/2020:11:07:36 +0800] "GET /xingrg/all/function/internal_message.html?_=1597720052353&CODE_STATE=getMsg HTTP/1.1" 200 27
101.83.241.175 - - [18/Aug/2020:11:07:39 +0800] "GET /xingrg/all/function/internal_message.html?_=1597720056911&CODE_STATE=getMsg HTTP/1.1" 200 27
101.83.241.175 - - [18/Aug/2020:11:07:41 +0800] "GET /xingrg/check_reg.html?_=1597720058626 HTTP/1.1" 200 22
180.175.214.200 - - [18/Aug/2020:11:07:41 +0800] "GET /xingrg/all/function/internal_message.html?_=1597720267045&CODE_STATE=getMsg HTTP/1.1" 200 27
117.184.7.30 - - [18/Aug/2020:11:07:43 +0800] "GET /xingrg/kc/buy/cgsh_order_operate.html?command=get_materiel&rest_code=00108&code=00101008096&supplier_code=00100008&order_time=2020-08-18 HTTP/1.1" 200 412
117.185.32.26 - - [18/Aug/2020:11:07:43 +0800] "GET /xingrg/all/function/internal_message.html?_=1597720061140&CODE_STATE=getMsg HTTP/1.1" 200 27
117.185.32.26 - - [18/Aug/2020:11:07:43 +0800] "GET /xingrg/check_reg.html?_=1597720061159 HTTP/1.1" 200 22
61.172.5.115 - - [18/Aug/2020:11:07:44 +0800] "GET /xingrg/kc/buy/cgsh_order_operate.html?command=get_materiel&rest_code=00105&code=00101001045&supplier_code=00100347&order_time=2020-08-18 HTTP/1.1" 200 421
117.184.7.30 - - [18/Aug/2020:11:07:49 +0800] "GET /xingrg/kc/buy/cgsh_order_operate.html?command=get_materiel&rest_code=00108&code=00101008283&supplier_code=00100008&order_time=2020-08-18 HTTP/1.1" 200 408
114.89.80.44 - - [18/Aug/2020:11:07:50 +0800] "GET /xingrg/all/function/internal_message.html?_=1597720070026&CODE_STATE=getMsg HTTP/1.1" 200 27
114.88.153.118 - - [18/Aug/2020:11:07:52 +0800] "GET /xingrg/all/function/internal_message.html?_=1597720070271&CODE_STATE=getMsg HTTP/1.1" 200 27
114.88.153.118 - - [18/Aug/2020:11:07:52 +0800] "GET /xingrg/check_reg.html?_=1597720070273 HTTP/1.1" 200 22
101.83.241.175 - - [18/Aug/2020:11:07:53 +0800] "GET /xingrg/kc/buy/cgsh_order_operate.html?command=get_materiel&rest_code=00149&code=00101005020&supplier_code=00100340&order_time=2020-08-18 HTTP/1.1" 200 413
172.17.0.120 - - [18/Aug/2020:11:07:55 +0800] "GET /xingrg/all/function/internal_message.html?_=1597720073395&CODE_STATE=getMsg HTTP/1.1" 200 27
117.184.7.30 - - [18/Aug/2020:11:07:55 +0800] "GET /xingrg/all/function/internal_message.html?_=1597720071421&CODE_STATE=getMsg HTTP/1.1" 200 27
117.184.7.26 - - [18/Aug/2020:11:07:55 +0800] "GET /xingrg/kc/buy/cgsh_order_operate.html?command=get_materiel&rest_code=00108&code=00101008358&supplier_code=00100008&order_time=2020-08-18 HTTP/1.1" 200 412
172.17.0.114 - - [18/Aug/2020:11:07:56 +0800] "GET /xingrg/all/function/internal_message.html?_=1597720074943&CODE_STATE=getMsg HTTP/1.1" 200 27
172.17.0.114 - - [18/Aug/2020:11:07:56 +0800] "GET /xingrg/check_reg.html?_=1597720075135 HTTP/1.1" 200 22
114.88.165.122 - - [18/Aug/2020:11:07:57 +0800] "GET /xingrg/all/function/internal_message.html?_=1597720075305&CODE_STATE=getMsg HTTP/1.1" 200 27
61.172.5.115 - - [18/Aug/2020:11:07:59 +0800] "GET /xingrg/kc/buy/cgsh_order_operate.html?command=get_materiel&rest_code=00105&code=00101001060&supplier_code=00100347&order_time=2020-08-18 HTTP/1.1" 200 421
117.184.7.26 - - [18/Aug/2020:11:08:02 +0800] "GET /xingrg/kc/buy/cgsh_order_operate.html?command=get_materiel&rest_code=00108&code=00101008087&supplier_code=00100008&order_time=2020-08-18 HTTP/1.1" 200 412
114.89.80.44 - - [18/Aug/2020:11:08:08 +0800] "GET /xingrg/check_reg.html?_=1597720207353 HTTP/1.1" 200 22
61.172.5.115 - - [18/Aug/2020:11:08:08 +0800] "GET /xingrg/all/function/internal_message.html?_=1597720088344&CODE_STATE=getMsg HTTP/1.1" 200 27
114.89.80.44 - - [18/Aug/2020:11:08:08 +0800] "GET /xingrg/all/function/internal_message.html?_=1597720207619&CODE_STATE=getMsg HTTP/1.1" 200 27
61.172.5.115 - - [18/Aug/2020:11:08:09 +0800] "GET /favicon.ico HTTP/1.1" 404 -
117.184.7.26 - - [18/Aug/2020:11:08:10 +0800] "GET /xingrg/kc/buy/cgsh_order_operate.html?command=get_materiel&rest_code=00108&code=00101008361&supplier_code=00100008&order_time=2020-08-18 HTTP/1.1" 200 408
117.185.32.26 - - [18/Aug/2020:11:08:12 +0800] "GET /xingrg/all/function/internal_message.html?_=1597720519601&CODE_STATE=getMsg HTTP/1.1" 200 27
218.81.217.115 - - [18/Aug/2020:11:08:14 +0800] "GET /xingrg/all/function/internal_message.html?_=1597720098001&CODE_STATE=getMsg HTTP/1.1" 200 27
172.17.0.101 - - [18/Aug/2020:11:08:15 +0800] "GET /xingrg/all/function/internal_message.html?_=1597720097879&CODE_STATE=getMsg HTTP/1.1" 302 -
218.78.151.174 - - [18/Aug/2020:11:08:18 +0800] "GET /xingrg/check_reg.html?_=1597719013615 HTTP/1.1" 200 22
218.78.151.174 - - [18/Aug/2020:11:08:18 +0800] "GET /xingrg/all/function/internal_message.html?_=1597719013618&CODE_STATE=getMsg HTTP/1.1" 200 27
116.230.74.197 - - [18/Aug/2020:11:08:18 +0800] "GET /xingrg/all/function/internal_message.html?_=1597720097619&CODE_STATE=getMsg HTTP/1.1" 200 27
116.230.74.197 - - [18/Aug/2020:11:08:18 +0800] "GET /xingrg/check_reg.html?_=1597720097650 HTTP/1.1" 200 22
61.172.5.115 - - [18/Aug/2020:11:08:18 +0800] "GET /xingrg/kc/buy/cgsh_order_operate.html?command=get_materiel&rest_code=00105&code=00101012046&supplier_code=00100347&order_time=2020-08-18 HTTP/1.1" 200 417
58.221.95.50 - - [18/Aug/2020:11:08:18 +0800] "GET /xingrg/all/function/internal_message.html?_=1597720228737&CODE_STATE=getMsg HTTP/1.1" 200 27
117.184.7.26 - - [18/Aug/2020:11:08:18 +0800] "GET /xingrg/kc/buy/cgsh_order_operate.html?command=get_materiel&rest_code=00108&code=00101008355&supplier_code=00100008&order_time=2020-08-18 HTTP/1.1" 200 408
114.88.165.122 - - [18/Aug/2020:11:08:22 +0800] "GET /xingrg/check_reg.html?_=1597720147999 HTTP/1.1" 200 22
114.88.165.122 - - [18/Aug/2020:11:08:22 +0800] "GET /xingrg/all/function/internal_message.html?_=1597720147998&CODE_STATE=getMsg HTTP/1.1" 200 27
172.17.0.185 - - [18/Aug/2020:11:08:23 +0800] "GET /xingrg/all/function/internal_message.html?_=1597720101111&CODE_STATE=getMsg HTTP/1.1" 200 27
61.172.5.115 - - [18/Aug/2020:11:08:23 +0800] "GET /xingrg/kc/buy/cgsh_order_operate.html?command=get_materiel&rest_code=00105&code=00102002167&supplier_code=00100347&order_time=2020-08-18 HTTP/1.1" 200 409
101.83.241.175 - - [18/Aug/2020:11:08:24 +0800] "GET /xingrg/kc/buy/cgsh_order_operate.html?command=get_materiel&rest_code=00149&code=00101010529&supplier_code=00100340&order_time=2020-08-18 HTTP/1.1" 200 399
117.184.7.26 - - [18/Aug/2020:11:08:24 +0800] "GET /xingrg/kc/buy/cgsh_order_operate.html?command=get_materiel&rest_code=00108&code=00101008004&supplier_code=00100008&order_time=2020-08-18 HTTP/1.1" 200 416
117.185.32.26 - - [18/Aug/2020:11:08:25 +0800] "GET /xingrg/kc/buy/cgsh_order_operate.html?command=get_materiel&rest_code=00106&code=00102026001&supplier_code=00100347&order_time=2020-08-18 HTTP/1.1" 200 410
218.81.217.115 - - [18/Aug/2020:11:08:29 +0800] "GET /xingrg/kc/buy/cgsh_order_add.html HTTP/1.1" 200 59385
172.17.200.101 - - [18/Aug/2020:11:08:29 +0800] "GET /xingrg/all/function/internal_message.html?_=1597720110263&CODE_STATE=getMsg HTTP/1.1" 200 27
218.81.217.115 - - [18/Aug/2020:11:08:29 +0800] "GET /xingrg/words/20200818105054_words.js HTTP/1.1" 200 757431
180.157.251.101 - - [18/Aug/2020:11:08:30 +0800] "POST /xingrg/kc/buy/cgsh_order_operate.html HTTP/1.1" 200 37
218.81.217.115 - - [18/Aug/2020:11:08:30 +0800] "POST /xingrg/kc/buy/cgsh_order_operate.html HTTP/1.1" 200 8245
218.81.217.115 - - [18/Aug/2020:11:08:30 +0800] "GET /xingrg/javascript/easyui/themes/default/validatebox.css HTTP/1.1" 404 1104
114.86.228.62 - - [18/Aug/2020:11:08:31 +0800] "GET /xingrg/all/function/internal_message.html?_=1597720154156&CODE_STATE=getMsg HTTP/1.1" 200 27
180.157.251.101 - - [18/Aug/2020:11:08:31 +0800] "POST /xingrg/kc/buy/cgsh_order_operate.html HTTP/1.1" 200 33428
180.175.214.200 - - [18/Aug/2020:11:08:32 +0800] "GET /xingrg/check_reg.html?_=1597720317433 HTTP/1.1" 200 22
101.83.241.175 - - [18/Aug/2020:11:08:33 +0800] "POST /xingrg/kc/buy/cgsh_order_operate.html HTTP/1.1" 200 37
61.172.5.115 - - [18/Aug/2020:11:08:35 +0800] "GET /xingrg/kc/buy/cgsh_order_operate.html?command=get_materiel&rest_code=00105&code=00101010563&supplier_code=00100347&order_time=2020-08-18 HTTP/1.1" 200 396
101.83.241.175 - - [18/Aug/2020:11:08:35 +0800] "POST /xingrg/kc/buy/cgsh_order_operate.html HTTP/1.1" 200 12
117.184.7.26 - - [18/Aug/2020:11:08:36 +0800] "GET /xingrg/all/function/internal_message.html?_=1597720112354&CODE_STATE=getMsg HTTP/1.1" 200 27
101.83.241.175 - - [18/Aug/2020:11:08:38 +0800] "GET /xingrg/kc/buy/cgsh_order_info.html?code=212020081807640 HTTP/1.1" 200 54335
101.83.241.175 - - [18/Aug/2020:11:08:38 +0800] "GET /xingrg/words/20200818105054_words.js HTTP/1.1" 304 -
101.83.241.175 - - [18/Aug/2020:11:08:38 +0800] "GET /xingrg/javascript/easyui/themes/default/validatebox.css HTTP/1.1" 404 1104
101.83.241.175 - - [18/Aug/2020:11:08:39 +0800] "POST /xingrg/kc/buy/cgsh_order_operate.html HTTP/1.1" 200 1798
101.83.241.175 - - [18/Aug/2020:11:08:39 +0800] "GET /xingrg/all/function/internal_message.html?_=1597720116889&CODE_STATE=getMsg HTTP/1.1" 200 27
101.83.241.175 - - [18/Aug/2020:11:08:40 +0800] "GET /xingrg/kc/print/load_data.html?order_code=212020081807640&kc_code=cgsh&condition= HTTP/1.1" 200 1166
117.185.32.26 - - [18/Aug/2020:11:08:41 +0800] "GET /xingrg/kc/buy/cgsh_order_operate.html?command=get_materiel&rest_code=00106&code=00101004038&supplier_code=00100347&order_time=2020-08-18 HTTP/1.1" 200 409
117.184.7.26 - - [18/Aug/2020:11:08:41 +0800] "GET /xingrg/kc/buy/cgsh_order_operate.html?command=get_materiel&rest_code=00108&code=00101008264&supplier_code=00100008&order_time=2020-08-18 HTTP/1.1" 200 412
180.175.214.200 - - [18/Aug/2020:11:08:41 +0800] "GET /xingrg/all/function/internal_message.html?_=1597720327059&CODE_STATE=getMsg HTTP/1.1" 200 27
117.185.32.26 - - [18/Aug/2020:11:08:43 +0800] "GET /xingrg/all/function/internal_message.html?_=1597720121144&CODE_STATE=getMsg HTTP/1.1" 200 27
218.81.217.115 - - [18/Aug/2020:11:08:44 +0800] "GET /xingrg/kc/buy/cgsh_order_operate.html?command=get_materiel&rest_code=00146&code=00101009021&supplier_code=00100023&order_time=2020-08-18 HTTP/1.1" 200 435
61.172.5.115 - - [18/Aug/2020:11:08:50 +0800] "POST /xingrg/kc/buy/cgsh_order_operate.html HTTP/1.1" 200 37
114.89.80.44 - - [18/Aug/2020:11:08:50 +0800] "GET /xingrg/all/function/internal_message.html?_=1597720130035&CODE_STATE=getMsg HTTP/1.1" 200 27
61.172.5.115 - - [18/Aug/2020:11:08:51 +0800] "POST /xingrg/kc/buy/cgsh_order_operate.html HTTP/1.1" 200 6232
114.88.153.118 - - [18/Aug/2020:11:08:52 +0800] "GET /xingrg/all/function/internal_message.html?_=1597720130267&CODE_STATE=getMsg HTTP/1.1" 200 27
61.172.5.115 - - [18/Aug/2020:11:08:53 +0800] "GET /xingrg/kc/print/load_data.html?order_code=212020081807641&kc_code=cgsh&condition= HTTP/1.1" 200 2032
114.88.165.122 - - [18/Aug/2020:11:08:55 +0800] "GET /xingrg/check_reg.html?_=1597720133281 HTTP/1.1" 200 22
117.185.32.26 - - [18/Aug/2020:11:08:55 +0800] "GET /xingrg/kc/buy/cgsh_order_operate.html?command=get_materiel&rest_code=00106&code=00101002007&supplier_code=00100347&order_time=2020-08-18 HTTP/1.1" 200 409
172.17.0.120 - - [18/Aug/2020:11:08:55 +0800] "GET /xingrg/all/function/internal_message.html?_=1597720133398&CODE_STATE=getMsg HTTP/1.1" 200 27
117.184.7.26 - - [18/Aug/2020:11:08:55 +0800] "GET /xingrg/check_reg.html?_=1597720131372 HTTP/1.1" 200 22
117.184.7.26 - - [18/Aug/2020:11:08:56 +0800] "GET /xingrg/all/function/internal_message.html?_=1597720131525&CODE_STATE=getMsg HTTP/1.1" 200 27
172.17.0.114 - - [18/Aug/2020:11:08:56 +0800] "GET /xingrg/all/function/internal_message.html?_=1597720134936&CODE_STATE=getMsg HTTP/1.1" 200 27
61.172.5.115 - - [18/Aug/2020:11:08:56 +0800] "GET /xingrg/kc/buy/cgsh_order_add.html HTTP/1.1" 200 59379
61.172.5.115 - - [18/Aug/2020:11:08:57 +0800] "GET /xingrg/javascript/easyui/themes/default/validatebox.css HTTP/1.1" 404 1104
114.88.165.122 - - [18/Aug/2020:11:08:57 +0800] "GET /xingrg/all/function/internal_message.html?_=1597720135318&CODE_STATE=getMsg HTTP/1.1" 200 27
61.172.5.115 - - [18/Aug/2020:11:08:57 +0800] "POST /xingrg/kc/buy/cgsh_order_operate.html HTTP/1.1" 200 8245
218.81.217.115 - - [18/Aug/2020:11:08:57 +0800] "GET /xingrg/kc/buy/cgsh_order_operate.html?command=get_materiel&rest_code=00146&code=00101009044&supplier_code=00100023&order_time=2020-08-18 HTTP/1.1" 200 432
117.184.7.26 - - [18/Aug/2020:11:08:58 +0800] "GET /xingrg/kc/buy/cgsh_order_operate.html?command=get_materiel&rest_code=00108&code=00101008033&supplier_code=00100008&order_time=2020-08-18 HTTP/1.1" 200 408
101.83.241.175 - - [18/Aug/2020:11:08:59 +0800] "POST /xingrg/kc/buy/cgsh_list_operate.html HTTP/1.1" 200 876
101.83.241.175 - - [18/Aug/2020:11:09:05 +0800] "POST /xingrg/kc/buy/cgsh_list_operate.html HTTP/1.1" 200 5370
117.184.7.26 - - [18/Aug/2020:11:09:05 +0800] "GET /xingrg/kc/buy/cgsh_order_operate.html?command=get_materiel&rest_code=00108&code=00101008272&supplier_code=00100008&order_time=2020-08-18 HTTP/1.1" 200 412
180.157.251.101 - - [18/Aug/2020:11:09:06 +0800] "POST /xingrg/kc/buy/cgsh_list_operate.html HTTP/1.1" 200 5830
218.81.217.115 - - [18/Aug/2020:11:09:06 +0800] "GET /xingrg/kc/buy/cgsh_order_operate.html?command=get_materiel&rest_code=00146&code=00101009019&supplier_code=00100023&order_time=2020-08-18 HTTP/1.1" 200 412
114.92.198.157 - - [18/Aug/2020:11:09:07 +0800] "POST /xingrg/supplier/cgsh_list_operate.html HTTP/1.1" 200 1785
61.172.5.115 - - [18/Aug/2020:11:09:08 +0800] "GET /xingrg/all/function/internal_message.html?_=1597720148369&CODE_STATE=getMsg HTTP/1.1" 200 27
114.89.80.44 - - [18/Aug/2020:11:09:08 +0800] "GET /xingrg/all/function/internal_message.html?_=1597720267631&CODE_STATE=getMsg HTTP/1.1" 200 27
218.81.217.115 - - [18/Aug/2020:11:09:11 +0800] "GET /xingrg/check_reg.html?_=1597720155180 HTTP/1.1" 200 22
117.185.32.26 - - [18/Aug/2020:11:09:12 +0800] "GET /xingrg/all/function/internal_message.html?_=1597720579577&CODE_STATE=getMsg HTTP/1.1" 200 27
117.184.7.26 - - [18/Aug/2020:11:09:12 +0800] "GET /xingrg/kc/buy/cgsh_order_operate.html?command=get_materiel&rest_code=00108&code=00101008059&supplier_code=00100008&order_time=2020-08-18 HTTP/1.1" 200 408
172.17.0.123 - - [18/Aug/2020:11:09:12 +0800] "GET /xingrg/check_reg.html?_=1597720068897 HTTP/1.1" 200 22
101.83.241.175 - - [18/Aug/2020:11:09:12 +0800] "POST /xingrg/kc/buy/cgsh_list_operate.html HTTP/1.1" 200 2280
218.81.217.115 - - [18/Aug/2020:11:09:14 +0800] "GET /xingrg/all/function/internal_message.html?_=1597720158015&CODE_STATE=getMsg HTTP/1.1" 200 27
114.92.198.157 - - [18/Aug/2020:11:09:14 +0800] "POST /xingrg/supplier/cgsh_list_operate.html HTTP/1.1" 200 215
172.17.0.101 - - [18/Aug/2020:11:09:15 +0800] "GET /xingrg/all/function/internal_message.html?_=1597720158002&CODE_STATE=getMsg HTTP/1.1" 302 -
101.83.241.175 - - [18/Aug/2020:11:09:17 +0800] "POST /xingrg/kc/buy/cgsh_list_operate.html HTTP/1.1" 200 5370
