61.172.5.115 - - [18/Aug/2020:10:49:49 +0800] "GET /xingrg/javascript/easyui/themes/default/validatebox.css HTTP/1.1" 404 1104
114.89.80.44 - - [18/Aug/2020:10:49:50 +0800] "GET /xingrg/all/function/internal_message.html?_=1597718989961&CODE_STATE=getMsg HTTP/1.1" 200 27
116.230.74.197 - - [18/Aug/2020:10:49:51 +0800] "GET /xingrg/kc/buy/cgsh_order_operate.html?command=get_materiel&rest_code=00107&code=00101008250&supplier_code=00100313&order_time=2020-08-18 HTTP/1.1" 200 413
114.88.153.118 - - [18/Aug/2020:10:49:52 +0800] "GET /xingrg/all/function/internal_message.html?_=1597718990211&CODE_STATE=getMsg HTTP/1.1" 200 27
114.89.80.44 - - [18/Aug/2020:10:49:54 +0800] "POST /xingrg/kc/buy/cgsh_order_operate.html HTTP/1.1" 200 12
114.86.228.62 - - [18/Aug/2020:10:49:55 +0800] "GET /xingrg/kc/buy/cgsh_order_operate.html?command=get_materiel&rest_code=00109&code=00101008350&supplier_code=00100005&order_time=2020-08-18 HTTP/1.1" 200 408
172.17.0.120 - - [18/Aug/2020:10:49:55 +0800] "GET /xingrg/all/function/internal_message.html?_=1597718993404&CODE_STATE=getMsg HTTP/1.1" 200 27
172.17.0.114 - - [18/Aug/2020:10:49:56 +0800] "GET /xingrg/all/function/internal_message.html?_=1597718994856&CODE_STATE=getMsg HTTP/1.1" 200 27
116.233.78.24 - - [18/Aug/2020:10:49:56 +0800] "POST /xingrg/services/DataTransmitService HTTP/1.1" 200 524
114.88.165.122 - - [18/Aug/2020:10:49:56 +0800] "GET /xingrg/all/function/internal_message.html?_=1597718994720&CODE_STATE=getMsg HTTP/1.1" 200 27
116.233.78.24 - - [18/Aug/2020:10:49:56 +0800] "POST /xingrg/services/DataTransmitService HTTP/1.1" 200 501
58.40.7.146 - - [18/Aug/2020:10:49:56 +0800] "GET /xingrg/javascript/jquery_easy_ui/themes/default/images/button_plain_hover.png HTTP/1.1" 200 252
114.89.80.44 - - [18/Aug/2020:10:49:57 +0800] "GET /xingrg/kc/buy/cgsh_order_info.html?code=212020081807610 HTTP/1.1" 200 54220
114.89.80.44 - - [18/Aug/2020:10:49:57 +0800] "GET /xingrg/words/20200818104752_words.js HTTP/1.1" 200 757320
116.230.74.197 - - [18/Aug/2020:10:49:57 +0800] "GET /xingrg/all/function/internal_message.html?_=1597718996600&CODE_STATE=getMsg HTTP/1.1" 200 27
114.89.80.44 - - [18/Aug/2020:10:49:57 +0800] "GET /xingrg/javascript/easyui/themes/default/validatebox.css HTTP/1.1" 404 1104
172.17.0.240 - - [18/Aug/2020:10:49:57 +0800] "GET /xingrg/check_reg.html?_=1597718995599 HTTP/1.1" 200 22
172.17.0.240 - - [18/Aug/2020:10:49:57 +0800] "GET /xingrg/all/function/internal_message.html?_=1597718995602&CODE_STATE=getMsg HTTP/1.1" 200 27
114.89.80.44 - - [18/Aug/2020:10:49:58 +0800] "POST /xingrg/kc/buy/cgsh_order_operate.html HTTP/1.1" 200 1791
180.175.214.200 - - [18/Aug/2020:10:49:58 +0800] "POST /xingrg/all/common/load_combo.html?type=base HTTP/1.1" 200 2966
114.86.228.62 - - [18/Aug/2020:10:49:59 +0800] "POST /xingrg/kc/buy/cgsh_order_operate.html HTTP/1.1" 200 2065
114.89.80.44 - - [18/Aug/2020:10:49:59 +0800] "GET /xingrg/kc/print/load_data.html?order_code=212020081807610&kc_code=cgsh&condition= HTTP/1.1" 200 1175
114.86.228.62 - - [18/Aug/2020:10:50:03 +0800] "GET /xingrg/kc/buy/cgsh_order_operate.html?command=get_materiel&rest_code=00109&code=00101008355&supplier_code=00100005&order_time=2020-08-18 HTTP/1.1" 200 408
180.175.214.200 - - [18/Aug/2020:10:50:03 +0800] "POST /xingrg/all/common/load_combo.html?type=base HTTP/1.1" 200 2966
172.17.0.119 - - [18/Aug/2020:10:50:03 +0800] "GET /xingrg/login.html HTTP/1.1" 200 7636
172.17.0.119 - - [18/Aug/2020:10:50:04 +0800] "GET /favicon.ico HTTP/1.1" 404 -
120.204.17.73 - - [18/Aug/2020:10:50:06 +0800] "GET /xingrg/kc/print/load_data.html?order_code=212020081807588&kc_code=cgsh&condition= HTTP/1.1" 302 -
172.17.0.119 - - [18/Aug/2020:10:50:06 +0800] "POST /xingrg/login.do HTTP/1.1" 302 -
172.17.0.119 - - [18/Aug/2020:10:50:06 +0800] "GET /xingrg/index.html?sysBaseUrl=http%3A%2F%2F172.17.0.8%3A18081%2Fxingrg%2F&costTime=40×tamp=1597719006363 HTTP/1.1" 200 17448
172.17.0.119 - - [18/Aug/2020:10:50:06 +0800] "GET /favicon.ico HTTP/1.1" 404 -
172.17.0.119 - - [18/Aug/2020:10:50:06 +0800] "POST /xingrg/all/common/load_tree.html?tree=area_rest_tree_json&manage=1 HTTP/1.1" 200 3216
172.17.0.119 - - [18/Aug/2020:10:50:06 +0800] "GET /xingrg/all/function/internal_message.html?_=1597719006008&CODE_STATE=count HTTP/1.1" 200 11
172.17.0.119 - - [18/Aug/2020:10:50:06 +0800] "GET /xingrg/check_reg.html?_=1597719006011 HTTP/1.1" 200 22
172.17.0.119 - - [18/Aug/2020:10:50:06 +0800] "POST /xingrg/load_menu.html HTTP/1.1" 200 11529
116.230.74.197 - - [18/Aug/2020:10:50:07 +0800] "GET /xingrg/kc/buy/cgsh_order_operate.html?command=get_materiel&rest_code=00107&code=00101008180&supplier_code=00100313&order_time=2020-08-18 HTTP/1.1" 200 413
61.172.5.115 - - [18/Aug/2020:10:50:08 +0800] "GET /xingrg/index.html?sysBaseUrl=http%3A%2F%2F180.169.147.146%3A18081%2Fxingrg%2F&costTime=36×tamp=1585222720700 HTTP/1.1" 200 17173
114.89.80.44 - - [18/Aug/2020:10:50:08 +0800] "GET /xingrg/all/function/internal_message.html?_=1597719127358&CODE_STATE=getMsg HTTP/1.1" 200 27
61.172.5.115 - - [18/Aug/2020:10:50:08 +0800] "POST /xingrg/all/common/load_tree.html?tree=area_rest_tree_json&manage=1 HTTP/1.1" 200 3216
61.172.5.115 - - [18/Aug/2020:10:50:08 +0800] "GET /xingrg/all/function/internal_message.html?_=1597719008310&CODE_STATE=count HTTP/1.1" 200 11
61.172.5.115 - - [18/Aug/2020:10:50:08 +0800] "GET /favicon.ico HTTP/1.1" 404 -
61.172.5.115 - - [18/Aug/2020:10:50:08 +0800] "GET /xingrg/check_reg.html?_=1597719008310 HTTP/1.1" 200 22
61.172.5.115 - - [18/Aug/2020:10:50:08 +0800] "POST /xingrg/load_menu.html HTTP/1.1" 200 5138
61.129.8.179 - - [18/Aug/2020:10:50:08 +0800] "GET /xingrg/all/function/internal_message.html?_=1597718270175&CODE_STATE=count HTTP/1.1" 302 -
58.40.7.146 - - [18/Aug/2020:10:50:09 +0800] "GET /xingrg/javascript/jquery_easy_ui/themes/default/images/tabs_active.png HTTP/1.1" 200 2894
114.88.153.118 - - [18/Aug/2020:10:50:10 +0800] "POST /xingrg/kc/buy/cgsh_order_operate.html HTTP/1.1" 200 37
172.17.0.119 - - [18/Aug/2020:10:50:11 +0800] "POST /xingrg/load_menu.html HTTP/1.1" 200 10208
61.129.8.179 - - [18/Aug/2020:10:50:11 +0800] "GET /xingrg/login.html HTTP/1.1" 200 7641
218.81.217.115 - - [18/Aug/2020:10:50:13 +0800] "GET /xingrg/all/function/internal_message.html?_=1597719017008&CODE_STATE=getMsg HTTP/1.1" 200 27
172.17.0.119 - - [18/Aug/2020:10:50:13 +0800] "GET /xingrg/all/report/report_query.html?fileName=dma/new_5.0/menu/menu_category_hz.xml HTTP/1.1" 200 52989
172.17.0.119 - - [18/Aug/2020:10:50:13 +0800] "GET /xingrg/dwr/interface/AjaxReportQueryService.js HTTP/1.1" 200 13203
172.17.0.119 - - [18/Aug/2020:10:50:13 +0800] "GET /xingrg/dwr/engine.js HTTP/1.1" 200 43631
172.17.0.101 - - [18/Aug/2020:10:50:14 +0800] "GET /xingrg/all/function/internal_message.html?_=1597719016605&CODE_STATE=getMsg HTTP/1.1" 302 -
61.172.5.115 - - [18/Aug/2020:10:50:14 +0800] "GET /xingrg/kc/buy/cgsh_order_list.html HTTP/1.1" 200 43641
172.17.0.119 - - [18/Aug/2020:10:50:14 +0800] "POST /xingrg/dwr/call/plaincall/AjaxReportQueryService.getFixDate.dwr HTTP/1.1" 200 111
172.17.0.119 - - [18/Aug/2020:10:50:14 +0800] "POST /xingrg/all/common/load_tree.html?tree=area_station_tree_json&manage=1 HTTP/1.1" 200 3116
114.88.153.118 - - [18/Aug/2020:10:50:14 +0800] "POST /xingrg/kc/buy/cgsh_order_operate.html HTTP/1.1" 200 12
180.175.214.200 - - [18/Aug/2020:10:50:14 +0800] "GET /xingrg/kc/base/wldb_order_operate.html?command=get_materiel&rest_code=00102&base_code=0010480&code=00101025033 HTTP/1.1" 200 465
114.88.153.118 - - [18/Aug/2020:10:50:15 +0800] "GET /xingrg/kc/buy/cgsh_order_info.html?code=212020081807611 HTTP/1.1" 200 54294
114.88.153.118 - - [18/Aug/2020:10:50:16 +0800] "GET /xingrg/javascript/easyui/themes/default/validatebox.css HTTP/1.1" 404 1104
120.204.17.73 - - [18/Aug/2020:10:50:16 +0800] "GET /xingrg/login.html HTTP/1.1" 200 7641
114.86.228.62 - - [18/Aug/2020:10:50:16 +0800] "GET /xingrg/kc/buy/cgsh_order_operate.html?command=get_materiel&rest_code=00109&code=00101008357&supplier_code=00100005&order_time=2020-08-18 HTTP/1.1" 200 408
114.88.153.118 - - [18/Aug/2020:10:50:16 +0800] "POST /xingrg/kc/buy/cgsh_order_operate.html HTTP/1.1" 200 617
114.88.153.118 - - [18/Aug/2020:10:50:18 +0800] "GET /xingrg/kc/print/load_config.html?kc_code=cgsh HTTP/1.1" 200 1845
172.17.0.119 - - [18/Aug/2020:10:50:18 +0800] "GET /xingrg/system/info/materiel_manager.html HTTP/1.1" 200 19442
172.17.0.119 - - [18/Aug/2020:10:50:18 +0800] "GET /xingrg/dwr/interface/AjaxBaseInfoService.js HTTP/1.1" 200 21363
172.17.0.119 - - [18/Aug/2020:10:50:18 +0800] "GET /xingrg/dwr/interface/AjaxComOrderService.js HTTP/1.1" 200 18264
172.17.0.119 - - [18/Aug/2020:10:50:18 +0800] "GET /xingrg/dwr/engine.js HTTP/1.1" 200 43631
114.88.153.118 - - [18/Aug/2020:10:50:18 +0800] "GET /xingrg/kc/print/load_data.html?order_code=212020081807611&kc_code=cgsh&condition= HTTP/1.1" 200 722
58.221.95.50 - - [18/Aug/2020:10:50:18 +0800] "GET /xingrg/all/function/internal_message.html?_=1597719148711&CODE_STATE=getMsg HTTP/1.1" 200 27
172.17.0.119 - - [18/Aug/2020:10:50:18 +0800] "POST /xingrg/dwr/call/plaincall/AjaxBaseInfoService.getSubMaterielSorts.dwr HTTP/1.1" 200 219
58.40.7.146 - - [18/Aug/2020:10:50:18 +0800] "GET /xingrg/kc/base/crk_hz.html?_=1597719017863&command=get_cost_id&end_date=2020-06-30&start_date=2020-06-01 HTTP/1.1" 200 51
58.40.7.146 - - [18/Aug/2020:10:50:18 +0800] "GET /xingrg/all/report/report_query.html?isQuery=1&onlyBody=1&rh=99999&rw=1800&varString=start:20200601,cost_id:2698,mid:20200601&fileName=kc/base/crk_hz_type_by_base.xml&queryString=%20a.base_code%20in%20('0010615')%20%20and%20m.sort_code%20in%20('00101001','00101002','00101003','00101004','00101005','00101006','00101007','00101008','00101009','00101010','00101011','00101012','00101013','00101014','00101015','00101016','00101017','00101018','00101019','00101020','00101021','00101022','00101023','00101024','00101025','00101026','00101027','00101028','00101029','00101030','00101031','00101032','00101033','00101034','00101036','00101037','00101038','00101039','00102001','00102002','00102003','00102004','00102005','00102006','00102007','00102008','00102009','00102010','00102011','00102012','00102013','00102014','00102015','00102016','00102017','00102018','00102019','00102020','00102021','00102022','00102023','00102024','00102025','00102026','00102027','00102028','00102029','00102030','00102031','00102032','00102033')%20&queryText=ÈÕÆÚ£º2020-06-01ÖÁ2020-06-30%20²Ö¿â£º´óÌðÉ&tableQueryString=materiel_table$sp1$$sp$before_table$sp1$$sp$crk_table$sp1$order_day%20between%2020200601%20and%2020200630 HTTP/1.1" 200 50204
58.40.7.146 - - [18/Aug/2020:10:50:18 +0800] "GET /xingrg/dwr/interface/AjaxReportQueryService.js HTTP/1.1" 200 13203
58.40.7.146 - - [18/Aug/2020:10:50:18 +0800] "GET /xingrg/dwr/engine.js HTTP/1.1" 200 43631
172.17.0.119 - - [18/Aug/2020:10:50:19 +0800] "POST /xingrg/dwr/call/plaincall/AjaxBaseInfoService.getMateriels.dwr HTTP/1.1" 200 2929
172.17.0.119 - - [18/Aug/2020:10:50:19 +0800] "POST /xingrg/dwr/call/plaincall/AjaxBaseInfoService.getSubMaterielSorts.dwr HTTP/1.1" 200 3635
172.17.0.119 - - [18/Aug/2020:10:50:20 +0800] "POST /xingrg/dwr/call/plaincall/AjaxBaseInfoService.getMateriels.dwr HTTP/1.1" 200 2928
180.175.214.200 - - [18/Aug/2020:10:50:20 +0800] "POST /xingrg/kc/base/wldb_order_operate.html HTTP/1.1" 200 37
58.40.7.146 - - [18/Aug/2020:10:50:20 +0800] "POST /xingrg/all/report/load_report_page.html HTTP/1.1" 200 94859
58.40.7.146 - - [18/Aug/2020:10:50:20 +0800] "GET /xingrg/servlets/image?cache=0.2807716881720317&image=px HTTP/1.1" 200 807
114.88.165.122 - - [18/Aug/2020:10:50:22 +0800] "GET /xingrg/all/function/internal_message.html?_=1597719067938&CODE_STATE=getMsg HTTP/1.1" 200 27
61.151.207.141 - - [18/Aug/2020:10:50:22 +0800] "GET /xingrg/kc/buy/buy_main.html HTTP/1.1" 302 -
58.40.7.146 - - [18/Aug/2020:10:50:22 +0800] "GET /xingrg/all/report/report_query.html?isQuery=1&fileName=kc/base/crk_detail_by_small.xml&rh=99999&queryString=&queryText=%25E3%2580%2590%25E4%25BB%2593%25E5%25BA%2593%25E5%2590%258D%25E7%25A7%25B0%253A%25E5%25A4%25A7%25E5%25A0%2582%25E5%2590%25A7%25E3%2580%2591%25E3%2580%2590%25E4%25B8%259A%25E5%258A%25A1%25E7%25B1%25BB%25E5%259E%258B%25EF%25BC%259A%25E9%2587%2587%25E8%25B4%25AD%25E5%2585%25A5%25E5%25BA%2593%25E3%2580%2591%2520%253F%253F%253F%253F%253F2020-06-01%253F%253F2020-06-30%2520%253F%253F%253F%253F%253F%253F%253F%253F&tableQueryString=crk_table%2524sp1%2524order_day%2520between%252020200601%2520and%252020200630%2520and%2520(base_code%253D'0010615')%2520and%2520(src_order_type%2520in%2520(21))%2520and%2520(is_rk%2520in%2520(1)) HTTP/1.1" 200 53784
58.40.7.146 - - [18/Aug/2020:10:50:22 +0800] "GET /xingrg/dwr/interface/AjaxReportQueryService.js HTTP/1.1" 200 13203
58.40.7.146 - - [18/Aug/2020:10:50:22 +0800] "GET /xingrg/dwr/engine.js HTTP/1.1" 200 43631
58.40.7.146 - - [18/Aug/2020:10:50:23 +0800] "POST /xingrg/all/report/load_report_page.html HTTP/1.1" 200 22588
58.40.7.146 - - [18/Aug/2020:10:50:23 +0800] "GET /xingrg/servlets/image?cache=0.2604683828668486&image=px HTTP/1.1" 200 807
172.17.0.119 - - [18/Aug/2020:10:50:23 +0800] "POST /xingrg/dwr/call/plaincall/AjaxBaseInfoService.getMateriels.dwr HTTP/1.1" 200 2917
172.17.0.185 - - [18/Aug/2020:10:50:23 +0800] "GET /xingrg/all/function/internal_message.html?_=1597719021114&CODE_STATE=getMsg HTTP/1.1" 200 27
180.175.214.200 - - [18/Aug/2020:10:50:23 +0800] "POST /xingrg/kc/base/wldb_order_operate.html HTTP/1.1" 200 12
180.175.214.200 - - [18/Aug/2020:10:50:24 +0800] "POST /xingrg/kc/base/wldb_order_operate.html HTTP/1.1" 200 2209
172.17.0.119 - - [18/Aug/2020:10:50:24 +0800] "GET /xingrg/system/info/materiel_info.html?code=00101001&isAdd=1 HTTP/1.1" 200 33961
172.17.0.119 - - [18/Aug/2020:10:50:24 +0800] "GET /xingrg/dwr/interface/AjaxGetFirstChart.js HTTP/1.1" 200 631
172.17.0.119 - - [18/Aug/2020:10:50:24 +0800] "GET /xingrg/dwr/engine.js HTTP/1.1" 200 43631
58.40.7.146 - - [18/Aug/2020:10:50:24 +0800] "POST /xingrg/all/report/load_report_page.html HTTP/1.1" 200 74645
58.40.7.146 - - [18/Aug/2020:10:50:24 +0800] "GET /xingrg/servlets/image?cache=0.3940731538992768&image=px HTTP/1.1" 200 807
172.17.0.119 - - [18/Aug/2020:10:50:24 +0800] "GET /favicon.ico HTTP/1.1" 404 -
172.17.0.119 - - [18/Aug/2020:10:50:24 +0800] "POST /xingrg/all/common/load_tree.html?tree=area_rest_tree_json HTTP/1.1" 200 3216
172.17.0.119 - - [18/Aug/2020:10:50:24 +0800] "POST /xingrg/dwr/call/plaincall/AjaxBaseInfoService.getMaterielInfo.dwr HTTP/1.1" 200 204
172.17.0.119 - - [18/Aug/2020:10:50:24 +0800] "POST /xingrg/all/common/load_tree.html?tree=area_rest_tree_json&defaultRests=undefined HTTP/1.1" 200 3216
172.17.0.119 - - [18/Aug/2020:10:50:26 +0800] "POST /xingrg/dwr/call/plaincall/AjaxGetFirstChart.getFirstChart.dwr HTTP/1.1" 200 79
180.175.214.200 - - [18/Aug/2020:10:50:27 +0800] "GET /xingrg/kc/base/wldb_order_info.html?code=422020081802077 HTTP/1.1" 200 26238
180.175.214.200 - - [18/Aug/2020:10:50:27 +0800] "GET /xingrg/words/20200818104752_words.js HTTP/1.1" 200 757320
61.151.207.141 - - [18/Aug/2020:10:50:28 +0800] "GET /xingrg/login.html HTTP/1.1" 200 7641
180.175.214.200 - - [18/Aug/2020:10:50:29 +0800] "POST /xingrg/kc/base/wldb_order_operate.html HTTP/1.1" 200 504
180.175.214.200 - - [18/Aug/2020:10:50:29 +0800] "GET /xingrg/javascript/easyui/themes/default/validatebox.css HTTP/1.1" 404 1104
114.86.228.62 - - [18/Aug/2020:10:50:29 +0800] "GET /xingrg/check_reg.html?_=1597719065175 HTTP/1.1" 200 22
114.86.228.62 - - [18/Aug/2020:10:50:29 +0800] "GET /xingrg/all/function/internal_message.html?_=1597719065192&CODE_STATE=getMsg HTTP/1.1" 200 27
172.17.200.101 - - [18/Aug/2020:10:50:29 +0800] "GET /xingrg/all/function/internal_message.html?_=1597719030246&CODE_STATE=getMsg HTTP/1.1" 200 27
120.204.17.70 - - [18/Aug/2020:10:50:30 +0800] "GET /xingrg/check_reg.html?_=1597718189810 HTTP/1.1" 302 -
61.172.5.115 - - [18/Aug/2020:10:50:31 +0800] "POST /xingrg/kc/buy/cgsh_list_operate.html HTTP/1.1" 200 5145
180.175.214.200 - - [18/Aug/2020:10:50:33 +0800] "GET /xingrg/kc/base/wldb_order_add.html HTTP/1.1" 200 30363
172.17.0.119 - - [18/Aug/2020:10:50:34 +0800] "POST /xingrg/dwr/call/plaincall/AjaxBaseInfoService.changeUnitGroup.dwr HTTP/1.1" 200 243
172.17.0.101 - - [18/Aug/2020:10:50:34 +0800] "GET /xingrg/check_reg.html?_=1597719036822 HTTP/1.1" 302 -
180.175.214.200 - - [18/Aug/2020:10:50:34 +0800] "POST /xingrg/kc/base/wldb_order_operate.html HTTP/1.1" 200 6806
180.175.214.200 - - [18/Aug/2020:10:50:34 +0800] "GET /xingrg/javascript/easyui/themes/default/validatebox.css HTTP/1.1" 404 1104
180.175.214.200 - - [18/Aug/2020:10:50:36 +0800] "POST /xingrg/all/common/load_combo.html?type=base HTTP/1.1" 200 2966
172.17.0.119 - - [18/Aug/2020:10:50:36 +0800] "POST /xingrg/dwr/call/plaincall/AjaxBaseInfoService.saveMateriel.dwr HTTP/1.1" 200 109
172.17.0.119 - - [18/Aug/2020:10:50:36 +0800] "POST /xingrg/dwr/call/plaincall/AjaxBaseInfoService.getMateriels.dwr HTTP/1.1" 200 2917
117.184.7.26 - - [18/Aug/2020:10:50:37 +0800] "GET /xingrg/all/function/internal_message.html?_=1597719032617&CODE_STATE=getMsg HTTP/1.1" 200 27
114.86.228.62 - - [18/Aug/2020:10:50:37 +0800] "GET /xingrg/kc/buy/cgsh_order_operate.html?command=get_materiel&rest_code=00109&code=00101008148&supplier_code=00100005&order_time=2020-08-18 HTTP/1.1" 200 416
120.204.17.70 - - [18/Aug/2020:10:50:38 +0800] "GET /xingrg/login.html HTTP/1.1" 200 7641
180.175.214.200 - - [18/Aug/2020:10:50:38 +0800] "POST /xingrg/all/common/load_combo.html?type=base HTTP/1.1" 200 2966
172.17.0.119 - - [18/Aug/2020:10:50:38 +0800] "GET /xingrg/system/info/materiel_info.html?code=00101001&isAdd=1 HTTP/1.1" 200 33961
172.17.0.119 - - [18/Aug/2020:10:50:38 +0800] "GET /xingrg/dwr/interface/AjaxGetFirstChart.js HTTP/1.1" 200 631
172.17.0.119 - - [18/Aug/2020:10:50:38 +0800] "GET /xingrg/dwr/interface/AjaxBaseInfoService.js HTTP/1.1" 200 21363
172.17.0.119 - - [18/Aug/2020:10:50:38 +0800] "GET /xingrg/dwr/interface/AjaxComOrderService.js HTTP/1.1" 200 18264
172.17.0.119 - - [18/Aug/2020:10:50:39 +0800] "GET /xingrg/dwr/engine.js HTTP/1.1" 200 43631
172.17.0.119 - - [18/Aug/2020:10:50:39 +0800] "POST /xingrg/all/common/load_tree.html?tree=area_rest_tree_json HTTP/1.1" 200 3216
172.17.0.119 - - [18/Aug/2020:10:50:39 +0800] "POST /xingrg/dwr/call/plaincall/AjaxBaseInfoService.getMaterielInfo.dwr HTTP/1.1" 200 204
172.17.0.119 - - [18/Aug/2020:10:50:39 +0800] "POST /xingrg/all/common/load_tree.html?tree=area_rest_tree_json&defaultRests=undefined HTTP/1.1" 200 3216
180.175.214.200 - - [18/Aug/2020:10:50:39 +0800] "GET /xingrg/all/function/internal_message.html?_=1597719244911&CODE_STATE=getMsg HTTP/1.1" 200 27
101.83.241.175 - - [18/Aug/2020:10:50:40 +0800] "GET /xingrg/all/function/internal_message.html?_=1597719037295&CODE_STATE=getMsg HTTP/1.1" 200 27
58.40.7.146 - - [18/Aug/2020:10:50:43 +0800] "GET /xingrg/kc/base/crk_hz.html?_=1597719042744&command=get_cost_id&end_date=2020-07-31&start_date=2020-07-01 HTTP/1.1" 200 51
58.40.7.146 - - [18/Aug/2020:10:50:43 +0800] "GET /xingrg/all/report/report_query.html?isQuery=1&onlyBody=1&rh=99999&rw=1800&varString=start:20200701,cost_id:2754,mid:20200701&fileName=kc/base/crk_hz_type_by_base.xml&queryString=%20a.base_code%20in%20('0010615')%20%20and%20m.sort_code%20in%20('00101001','00101002','00101003','00101004','00101005','00101006','00101007','00101008','00101009','00101010','00101011','00101012','00101013','00101014','00101015','00101016','00101017','00101018','00101019','00101020','00101021','00101022','00101023','00101024','00101025','00101026','00101027','00101028','00101029','00101030','00101031','00101032','00101033','00101034','00101036','00101037','00101038','00101039','00102001','00102002','00102003','00102004','00102005','00102006','00102007','00102008','00102009','00102010','00102011','00102012','00102013','00102014','00102015','00102016','00102017','00102018','00102019','00102020','00102021','00102022','00102023','00102024','00102025','00102026','00102027','00102028','00102029','00102030','00102031','00102032','00102033')%20&queryText=ÈÕÆÚ£º2020-07-01ÖÁ2020-07-31%20²Ö¿â£º´óÌðÉ&tableQueryString=materiel_table$sp1$$sp$before_table$sp1$$sp$crk_table$sp1$order_day%20between%2020200701%20and%2020200731 HTTP/1.1" 200 50204
58.40.7.146 - - [18/Aug/2020:10:50:43 +0800] "GET /xingrg/dwr/interface/AjaxReportQueryService.js HTTP/1.1" 200 13203
58.40.7.146 - - [18/Aug/2020:10:50:43 +0800] "GET /xingrg/dwr/engine.js HTTP/1.1" 200 43631
117.185.32.26 - - [18/Aug/2020:10:50:43 +0800] "GET /xingrg/all/function/internal_message.html?_=1597719041225&CODE_STATE=getMsg HTTP/1.1" 200 27
61.172.5.115 - - [18/Aug/2020:10:50:44 +0800] "GET /xingrg/kc/buy/cgsh_order_add.html HTTP/1.1" 200 59379
61.172.5.115 - - [18/Aug/2020:10:50:44 +0800] "GET /xingrg/words/20200818105036_words.js HTTP/1.1" 200 757374
58.40.7.146 - - [18/Aug/2020:10:50:44 +0800] "POST /xingrg/all/report/load_report_page.html HTTP/1.1" 200 94859
58.40.7.146 - - [18/Aug/2020:10:50:44 +0800] "GET /xingrg/all/function/internal_message.html?_=1597719043821&CODE_STATE=getMsg HTTP/1.1" 200 27
58.40.7.146 - - [18/Aug/2020:10:50:44 +0800] "GET /xingrg/servlets/image?cache=0.3727474370397388&image=px HTTP/1.1" 200 807
61.172.5.115 - - [18/Aug/2020:10:50:45 +0800] "POST /xingrg/kc/buy/cgsh_order_operate.html HTTP/1.1" 200 8245
61.172.5.115 - - [18/Aug/2020:10:50:45 +0800] "GET /xingrg/all/common/auto_word.html?type=employee&rest_code=00105 HTTP/1.1" 200 193
61.172.5.115 - - [18/Aug/2020:10:50:45 +0800] "GET /xingrg/all/common/auto_word.html?type=employee&rest_code=00105 HTTP/1.1" 200 193
61.172.5.115 - - [18/Aug/2020:10:50:45 +0800] "GET /xingrg/javascript/easyui/themes/default/validatebox.css HTTP/1.1" 404 1104
58.40.7.146 - - [18/Aug/2020:10:50:46 +0800] "GET /xingrg/all/report/report_query.html?isQuery=1&fileName=kc/base/crk_detail_by_small.xml&rh=99999&queryString=&queryText=%25E3%2580%2590%25E4%25BB%2593%25E5%25BA%2593%25E5%2590%258D%25E7%25A7%25B0%253A%25E5%25A4%25A7%25E5%25A0%2582%25E5%2590%25A7%25E3%2580%2591%25E3%2580%2590%25E4%25B8%259A%25E5%258A%25A1%25E7%25B1%25BB%25E5%259E%258B%25EF%25BC%259A%25E9%2587%2587%25E8%25B4%25AD%25E5%2585%25A5%25E5%25BA%2593%25E3%2580%2591%2520%253F%253F%253F%253F%253F2020-07-01%253F%253F2020-07-31%2520%253F%253F%253F%253F%253F%253F%253F%253F&tableQueryString=crk_table%2524sp1%2524order_day%2520between%252020200701%2520and%252020200731%2520and%2520(base_code%253D'0010615')%2520and%2520(src_order_type%2520in%2520(21))%2520and%2520(is_rk%2520in%2520(1)) HTTP/1.1" 200 53784
58.40.7.146 - - [18/Aug/2020:10:50:46 +0800] "GET /xingrg/dwr/interface/AjaxReportQueryService.js HTTP/1.1" 200 13203
58.40.7.146 - - [18/Aug/2020:10:50:46 +0800] "GET /xingrg/dwr/engine.js HTTP/1.1" 200 43631
180.157.251.101 - - [18/Aug/2020:10:50:46 +0800] "POST /xingrg/kc/buy/cgsh_list_operate.html HTTP/1.1" 200 573
58.40.7.146 - - [18/Aug/2020:10:50:46 +0800] "GET /xingrg/all/function/internal_message.html?_=1597719046085&CODE_STATE=getMsg HTTP/1.1" 200 27
61.172.5.115 - - [18/Aug/2020:10:50:47 +0800] "GET /xingrg/javascript/auto/indicator.gif HTTP/1.1" 404 1066
180.157.251.101 - - [18/Aug/2020:10:50:47 +0800] "GET /xingrg/kc/buy/cgsh_order_info.html?code=212020081807537 HTTP/1.1" 200 59394
58.40.7.146 - - [18/Aug/2020:10:50:47 +0800] "POST /xingrg/all/report/load_report_page.html HTTP/1.1" 200 20414
58.40.7.146 - - [18/Aug/2020:10:50:47 +0800] "GET /xingrg/servlets/image?cache=0.6208360261743261&image=px HTTP/1.1" 200 807
180.157.251.101 - - [18/Aug/2020:10:50:47 +0800] "GET /xingrg/words/20200818105036_words.js HTTP/1.1" 200 757374
180.157.251.101 - - [18/Aug/2020:10:50:48 +0800] "GET /xingrg/javascript/easyui/themes/default/validatebox.css HTTP/1.1" 404 1104
180.157.251.101 - - [18/Aug/2020:10:50:48 +0800] "POST /xingrg/kc/buy/cgsh_order_operate.html HTTP/1.1" 200 32198
58.40.7.146 - - [18/Aug/2020:10:50:48 +0800] "POST /xingrg/all/report/load_report_page.html HTTP/1.1" 200 73919
58.40.7.146 - - [18/Aug/2020:10:50:48 +0800] "GET /xingrg/servlets/image?cache=0.7166620453475152&image=px HTTP/1.1" 200 807
172.17.0.119 - - [18/Aug/2020:10:50:49 +0800] "POST /xingrg/dwr/call/plaincall/AjaxGetFirstChart.getFirstChart.dwr HTTP/1.1" 200 80
116.230.74.197 - - [18/Aug/2020:10:50:49 +0800] "GET /xingrg/check_reg.html?_=1597719049082 HTTP/1.1" 200 22
114.86.228.62 - - [18/Aug/2020:10:50:50 +0800] "GET /xingrg/kc/buy/cgsh_order_operate.html?command=get_materiel&rest_code=00109&code=00101008072&supplier_code=00100005&order_time=2020-08-18 HTTP/1.1" 200 408
114.89.80.44 - - [18/Aug/2020:10:50:50 +0800] "GET /xingrg/check_reg.html?_=1597719049960 HTTP/1.1" 200 22
114.89.80.44 - - [18/Aug/2020:10:50:50 +0800] "GET /xingrg/all/function/internal_message.html?_=1597719049962&CODE_STATE=getMsg HTTP/1.1" 200 27
114.88.153.118 - - [18/Aug/2020:10:50:52 +0800] "GET /xingrg/all/function/internal_message.html?_=1597719050209&CODE_STATE=getMsg HTTP/1.1" 200 27
172.17.0.119 - - [18/Aug/2020:10:50:53 +0800] "POST /xingrg/dwr/call/plaincall/AjaxBaseInfoService.changeUnitGroup.dwr HTTP/1.1" 200 243
172.17.0.119 - - [18/Aug/2020:10:50:54 +0800] "POST /xingrg/dwr/call/plaincall/AjaxBaseInfoService.saveMateriel.dwr HTTP/1.1" 200 109
172.17.0.119 - - [18/Aug/2020:10:50:54 +0800] "POST /xingrg/dwr/call/plaincall/AjaxBaseInfoService.getMateriels.dwr HTTP/1.1" 200 2917
172.17.0.120 - - [18/Aug/2020:10:50:55 +0800] "GET /xingrg/all/function/internal_message.html?_=1597719053398&CODE_STATE=getMsg HTTP/1.1" 200 27
172.17.0.120 - - [18/Aug/2020:10:50:55 +0800] "GET /xingrg/check_reg.html?_=1597719053402 HTTP/1.1" 200 22
172.17.0.119 - - [18/Aug/2020:10:50:56 +0800] "GET /xingrg/system/info/materiel_info.html?code=00101001&isAdd=1 HTTP/1.1" 200 33961
172.17.0.119 - - [18/Aug/2020:10:50:56 +0800] "GET /xingrg/dwr/interface/AjaxBaseInfoService.js HTTP/1.1" 200 21363
172.17.0.119 - - [18/Aug/2020:10:50:56 +0800] "GET /xingrg/dwr/interface/AjaxGetFirstChart.js HTTP/1.1" 200 631
172.17.0.119 - - [18/Aug/2020:10:50:56 +0800] "GET /xingrg/dwr/interface/AjaxComOrderService.js HTTP/1.1" 200 18264
172.17.0.119 - - [18/Aug/2020:10:50:56 +0800] "GET /xingrg/dwr/engine.js HTTP/1.1" 200 43631
172.17.0.119 - - [18/Aug/2020:10:50:56 +0800] "POST /xingrg/all/common/load_tree.html?tree=area_rest_tree_json HTTP/1.1" 200 3216
172.17.0.119 - - [18/Aug/2020:10:50:56 +0800] "POST /xingrg/dwr/call/plaincall/AjaxBaseInfoService.getMaterielInfo.dwr HTTP/1.1" 200 204
172.17.0.119 - - [18/Aug/2020:10:50:56 +0800] "POST /xingrg/all/common/load_tree.html?tree=area_rest_tree_json&defaultRests=undefined HTTP/1.1" 200 3216
172.17.0.114 - - [18/Aug/2020:10:50:56 +0800] "GET /xingrg/all/function/internal_message.html?_=1597719054865&CODE_STATE=getMsg HTTP/1.1" 200 27
114.88.165.122 - - [18/Aug/2020:10:50:56 +0800] "GET /xingrg/all/function/internal_message.html?_=1597719054732&CODE_STATE=getMsg HTTP/1.1" 200 27
116.230.74.197 - - [18/Aug/2020:10:50:57 +0800] "GET /xingrg/all/function/internal_message.html?_=1597719056586&CODE_STATE=getMsg HTTP/1.1" 200 27
172.17.0.240 - - [18/Aug/2020:10:50:57 +0800] "GET /xingrg/all/function/internal_message.html?_=1597719055589&CODE_STATE=getMsg HTTP/1.1" 200 27
114.86.228.62 - - [18/Aug/2020:10:50:58 +0800] "GET /xingrg/kc/buy/cgsh_order_operate.html?command=get_materiel&rest_code=00109&code=00101008361&supplier_code=00100005&order_time=2020-08-18 HTTP/1.1" 200 408
61.172.5.115 - - [18/Aug/2020:10:51:00 +0800] "GET /xingrg/kc/buy/cgsh_order_operate.html?command=get_materiel&rest_code=00105&code=00101008061&supplier_code=00100339&order_time=2020-08-18 HTTP/1.1" 200 422
117.185.32.26 - - [18/Aug/2020:10:51:02 +0800] "GET /xingrg/kc/buy/cgsh_order_operate.html?command=get_materiel&rest_code=00106&code=00101008072&supplier_code=00100007&order_time=2020-08-18 HTTP/1.1" 200 408
180.175.214.200 - - [18/Aug/2020:10:51:03 +0800] "GET /xingrg/kc/base/wldb_order_operate.html?command=get_materiel&rest_code=00102&base_code=0010476&code=00101013225 HTTP/1.1" 200 448
117.185.32.26 - - [18/Aug/2020:10:51:06 +0800] "POST /xingrg/kc/buy/cgsh_order_operate.html HTTP/1.1" 200 2065
172.17.0.240 - - [18/Aug/2020:10:51:06 +0800] "GET /xingrg/system/rest/list_page.html?p=down HTTP/1.1" 200 20275
172.17.0.119 - - [18/Aug/2020:10:51:06 +0800] "GET /xingrg/all/function/internal_message.html?_=1597719066017&CODE_STATE=getMsg HTTP/1.1" 200 27
172.17.0.240 - - [18/Aug/2020:10:51:06 +0800] "GET /xingrg/system/rest/query_items.html?_=1597719064607&table=down&tcode=&key= HTTP/1.1" 200 10661
114.88.153.118 - - [18/Aug/2020:10:51:07 +0800] "GET /xingrg/kc/buy/cgsh_order_add.html HTTP/1.1" 200 59385
114.88.153.118 - - [18/Aug/2020:10:51:07 +0800] "GET /xingrg/words/20200818105054_words.js HTTP/1.1" 200 757431
114.88.153.118 - - [18/Aug/2020:10:51:08 +0800] "GET /xingrg/javascript/easyui/themes/default/validatebox.css HTTP/1.1" 404 1104
114.88.153.118 - - [18/Aug/2020:10:51:08 +0800] "POST /xingrg/kc/buy/cgsh_order_operate.html HTTP/1.1" 200 8245
114.89.80.44 - - [18/Aug/2020:10:51:08 +0800] "GET /xingrg/all/function/internal_message.html?_=1597719187385&CODE_STATE=getMsg HTTP/1.1" 200 27
114.86.228.62 - - [18/Aug/2020:10:51:08 +0800] "POST /xingrg/kc/buy/cgsh_order_operate.html HTTP/1.1" 200 37
61.172.5.115 - - [18/Aug/2020:10:51:08 +0800] "GET /xingrg/all/function/internal_message.html?_=1597719068423&CODE_STATE=getMsg HTTP/1.1" 200 27
180.175.214.200 - - [18/Aug/2020:10:51:09 +0800] "GET /xingrg/kc/base/wldb_order_operate.html?command=get_materiel&rest_code=00102&base_code=0010476&code=00101019015 HTTP/1.1" 200 437
117.185.32.26 - - [18/Aug/2020:10:51:09 +0800] "GET /xingrg/kc/buy/cgsh_order_operate.html?command=get_materiel&rest_code=00106&code=00101008087&supplier_code=00100007&order_time=2020-08-18 HTTP/1.1" 200 412
172.17.0.240 - - [18/Aug/2020:10:51:11 +0800] "GET /xingrg/system/rest/get_item.html?table=down&code=8694722d03064839a612677ad5d0afd4&_=1597719069562 HTTP/1.1" 200 215
172.17.0.240 - - [18/Aug/2020:10:51:11 +0800] "POST /xingrg/system/rest/edit_item.html HTTP/1.1" 200 3
172.17.0.240 - - [18/Aug/2020:10:51:11 +0800] "POST /xingrg/all/common/load_tree.html?tree=area_station_tree_json&defaultRests=1_7 HTTP/1.1" 200 3115
172.17.0.240 - - [18/Aug/2020:10:51:12 +0800] "POST /xingrg/system/rest/get_infos.html HTTP/1.1" 200 480031
61.172.5.115 - - [18/Aug/2020:10:51:12 +0800] "GET /xingrg/kc/buy/cgsh_order_operate.html?command=get_materiel&rest_code=00105&code=00101008517&supplier_code=00100339&order_time=2020-08-18 HTTP/1.1" 200 400
180.175.214.200 - - [18/Aug/2020:10:51:12 +0800] "GET /xingrg/kc/base/wldb_order_operate.html?command=get_materiel&rest_code=00102&base_code=0010476&code=00101019131 HTTP/1.1" 200 454
218.81.217.115 - - [18/Aug/2020:10:51:13 +0800] "GET /xingrg/all/function/internal_message.html?_=1597719077022&CODE_STATE=getMsg HTTP/1.1" 200 27
172.17.0.101 - - [18/Aug/2020:10:51:14 +0800] "GET /xingrg/all/function/internal_message.html?_=1597719076741&CODE_STATE=getMsg HTTP/1.1" 302 -
114.86.228.62 - - [18/Aug/2020:10:51:14 +0800] "POST /xingrg/kc/buy/cgsh_order_operate.html HTTP/1.1" 200 44104
101.91.60.11 - - [18/Aug/2020:10:51:16 +0800] "GET /xingrg/all/function/internal_message.html?_=1597718330187&CODE_STATE=getMsg HTTP/1.1" 302 -
180.175.214.200 - - [18/Aug/2020:10:51:17 +0800] "GET /xingrg/kc/base/wldb_order_operate.html?command=get_materiel&rest_code=00102&base_code=0010476&code=00101019185 HTTP/1.1" 200 455
58.221.95.50 - - [18/Aug/2020:10:51:18 +0800] "GET /xingrg/all/function/internal_message.html?_=1597719208712&CODE_STATE=getMsg HTTP/1.1" 200 27
114.88.153.118 - - [18/Aug/2020:10:51:18 +0800] "GET /xingrg/kc/buy/cgsh_order_operate.html?command=get_materiel&rest_code=00141&code=00101004065&supplier_code=00100090&order_time=2020-08-18 HTTP/1.1" 200 432
114.86.228.62 - - [18/Aug/2020:10:51:20 +0800] "GET /xingrg/kc/buy/cgsh_order_operate.html?command=get_materiel&rest_code=00109&code=00101008270&supplier_code=00100005&order_time=2020-08-18 HTTP/1.1" 200 412
120.204.17.70 - - [18/Aug/2020:10:51:21 +0800] "GET /xingrg/kc/buy/cgsh_order_operate.html?command=get_materiel&rest_code=00106&code=00101006161&supplier_code=00100032&order_time=2020-08-18 HTTP/1.1" 302 -
114.88.165.122 - - [18/Aug/2020:10:51:22 +0800] "GET /xingrg/all/function/internal_message.html?_=1597719127936&CODE_STATE=getMsg HTTP/1.1" 200 27
172.17.0.185 - - [18/Aug/2020:10:51:23 +0800] "GET /xingrg/all/function/internal_message.html?_=1597719081111&CODE_STATE=getMsg HTTP/1.1" 200 27
58.40.7.146 - - [18/Aug/2020:10:51:23 +0800] "GET /xingrg/kc/base/crk_hz.html?_=1597719082758&command=get_cost_id&end_date=2020-07-31&start_date=2020-07-01 HTTP/1.1" 200 51
58.40.7.146 - - [18/Aug/2020:10:51:23 +0800] "GET /xingrg/all/report/report_query.html?isQuery=1&onlyBody=1&rh=99999&rw=1800&varString=start:20200701,cost_id:2754,mid:20200701&fileName=kc/base/crk_hz_type_by_base.xml&queryString=%20a.base_code%20in%20('0010611')%20%20and%20m.sort_code%20in%20('00101001','00101002','00101003','00101004','00101005','00101006','00101007','00101008','00101009','00101010','00101011','00101012','00101013','00101014','00101015','00101016','00101017','00101018','00101019','00101020','00101021','00101022','00101023','00101024','00101025','00101026','00101027','00101028','00101029','00101030','00101031','00101032','00101033','00101034','00101036','00101037','00101038','00101039','00102001','00102002','00102003','00102004','00102005','00102006','00102007','00102008','00102009','00102010','00102011','00102012','00102013','00102014','00102015','00102016','00102017','00102018','00102019','00102020','00102021','00102022','00102023','00102024','00102025','00102026','00102027','00102028','00102029','00102030','00102031','00102032','00102033')%20&queryText=ÈÕÆÚ£º2020-07-01ÖÁ2020-07-31%20²Ö¿â£º²ÍÒû·þÎñ²¿&tableQueryString=materiel_table$sp1$$sp$before_table$sp1$$sp$crk_table$sp1$order_day%20between%2020200701%20and%2020200731 HTTP/1.1" 200 50207
58.40.7.146 - - [18/Aug/2020:10:51:23 +0800] "GET /xingrg/dwr/interface/AjaxReportQueryService.js HTTP/1.1" 200 13203
58.40.7.146 - - [18/Aug/2020:10:51:23 +0800] "GET /xingrg/dwr/engine.js HTTP/1.1" 200 43631
180.175.214.200 - - [18/Aug/2020:10:51:24 +0800] "GET /xingrg/kc/base/wldb_order_operate.html?command=get_materiel&rest_code=00102&base_code=0010476&code=00101016124 HTTP/1.1" 200 440
58.40.7.146 - - [18/Aug/2020:10:51:24 +0800] "POST /xingrg/all/report/load_report_page.html HTTP/1.1" 200 94821
58.40.7.146 - - [18/Aug/2020:10:51:24 +0800] "GET /xingrg/servlets/image?cache=0.6885456196174424&image=px HTTP/1.1" 200 807
58.40.7.146 - - [18/Aug/2020:10:51:26 +0800] "GET /xingrg/all/report/report_query.html?isQuery=1&fileName=kc/base/crk_detail_by_small.xml&rh=99999&queryString=&queryText=%25E3%2580%2590%25E4%25BB%2593%25E5%25BA%2593%25E5%2590%258D%25E7%25A7%25B0%253A%25E9%25A4%2590%25E9%25A5%25AE%25E6%259C%258D%25E5%258A%25A1%25E9%2583%25A8%25E3%2580%2591%25E3%2580%2590%25E4%25B8%259A%25E5%258A%25A1%25E7%25B1%25BB%25E5%259E%258B%25EF%25BC%259A%25E9%2587%2587%25E8%25B4%25AD%25E5%2585%25A5%25E5%25BA%2593%25E3%2580%2591%2520%253F%253F%253F%253F%253F2020-07-01%253F%253F2020-07-31%2520%253F%253F%253F%253F%253F%253F%253F%253F%253F%253F%253F&tableQueryString=crk_table%2524sp1%2524order_day%2520between%252020200701%2520and%252020200731%2520and%2520(base_code%253D'0010611')%2520and%2520(src_order_type%2520in%2520(21))%2520and%2520(is_rk%2520in%2520(1)) HTTP/1.1" 200 53798
101.91.60.11 - - [18/Aug/2020:10:51:26 +0800] "GET /xingrg/login.html HTTP/1.1" 200 7641
58.40.7.146 - - [18/Aug/2020:10:51:26 +0800] "GET /xingrg/dwr/interface/AjaxReportQueryService.js HTTP/1.1" 200 13203
58.40.7.146 - - [18/Aug/2020:10:51:26 +0800] "GET /xingrg/dwr/engine.js HTTP/1.1" 200 43631
58.40.7.146 - - [18/Aug/2020:10:51:26 +0800] "POST /xingrg/all/report/load_report_page.html HTTP/1.1" 200 18308
58.40.7.146 - - [18/Aug/2020:10:51:27 +0800] "GET /xingrg/servlets/image?cache=0.8050987838175162&image=px HTTP/1.1" 200 807
114.88.153.118 - - [18/Aug/2020:10:51:27 +0800] "GET /xingrg/kc/buy/cgsh_order_operate.html?command=get_materiel&rest_code=00141&code=00101001093&supplier_code=00100090&order_time=2020-08-18 HTTP/1.1" 200 411
114.86.228.62 - - [18/Aug/2020:10:51:27 +0800] "GET /xingrg/kc/buy/cgsh_order_operate.html?command=get_materiel&rest_code=00109&code=00101008236&supplier_code=00100005&order_time=2020-08-18 HTTP/1.1" 200 416
120.204.17.70 - - [18/Aug/2020:10:51:28 +0800] "GET /xingrg/login.html HTTP/1.1" 200 7641
180.175.214.200 - - [18/Aug/2020:10:51:28 +0800] "POST /xingrg/all/common/load_select.html HTTP/1.1" 200 25
58.40.7.146 - - [18/Aug/2020:10:51:28 +0800] "POST /xingrg/all/report/load_report_page.html HTTP/1.1" 200 39570
58.40.7.146 - - [18/Aug/2020:10:51:28 +0800] "GET /xingrg/servlets/image?cache=0.5352703088458826&image=px HTTP/1.1" 200 807
172.17.200.101 - - [18/Aug/2020:10:51:29 +0800] "GET /xingrg/all/function/internal_message.html?_=1597719090246&CODE_STATE=getMsg HTTP/1.1" 200 27
180.175.214.200 - - [18/Aug/2020:10:51:30 +0800] "GET /xingrg/kc/base/wldb_order_operate.html?command=get_materiel_price&rest_code=00102&base_code=0010476&code=00101016124&unit_code=00100137 HTTP/1.1" 200 35
114.86.228.62 - - [18/Aug/2020:10:51:33 +0800] "GET /xingrg/all/function/internal_message.html?_=1597719131639&CODE_STATE=getMsg HTTP/1.1" 200 27
114.86.228.62 - - [18/Aug/2020:10:51:33 +0800] "GET /xingrg/kc/buy/cgsh_order_operate.html?command=get_materiel&rest_code=00109&code=00101015038&supplier_code=00100005&order_time=2020-08-18 HTTP/1.1" 200 418
114.88.153.118 - - [18/Aug/2020:10:51:36 +0800] "GET /xingrg/kc/buy/cgsh_order_operate.html?command=get_materiel&rest_code=00141&code=00101001125&supplier_code=00100090&order_time=2020-08-18 HTTP/1.1" 200 413
117.184.7.26 - - [18/Aug/2020:10:51:36 +0800] "GET /xingrg/check_reg.html?_=1597719092351 HTTP/1.1" 200 22
117.184.7.26 - - [18/Aug/2020:10:51:37 +0800] "GET /xingrg/all/function/internal_message.html?_=1597719092591&CODE_STATE=getMsg HTTP/1.1" 200 27
117.185.32.26 - - [18/Aug/2020:10:51:38 +0800] "GET /xingrg/kc/buy/cgsh_order_operate.html?command=get_materiel&rest_code=00106&code=00101008148&supplier_code=00100007&order_time=2020-08-18 HTTP/1.1" 200 416
180.175.214.200 - - [18/Aug/2020:10:51:39 +0800] "GET /xingrg/all/function/internal_message.html?_=1597719305106&CODE_STATE=getMsg HTTP/1.1" 200 27
180.175.214.200 - - [18/Aug/2020:10:51:40 +0800] "POST /xingrg/kc/base/wldb_order_operate.html HTTP/1.1" 200 37
101.83.241.175 - - [18/Aug/2020:10:51:40 +0800] "GET /xingrg/all/function/internal_message.html?_=1597719097266&CODE_STATE=getMsg HTTP/1.1" 200 27
180.175.214.200 - - [18/Aug/2020:10:51:41 +0800] "POST /xingrg/kc/base/wldb_order_operate.html HTTP/1.1" 200 12
180.175.214.200 - - [18/Aug/2020:10:51:41 +0800] "POST /xingrg/kc/base/wldb_order_operate.html HTTP/1.1" 200 4156
61.172.5.115 - - [18/Aug/2020:10:51:42 +0800] "GET /xingrg/kc/buy/cgsh_order_operate.html?command=get_materiel&rest_code=00105&code=00101008528&supplier_code=00100339&order_time=2020-08-18 HTTP/1.1" 200 399
180.175.214.200 - - [18/Aug/2020:10:51:42 +0800] "GET /xingrg/kc/base/wldb_order_info.html?code=422020081802078 HTTP/1.1" 200 26240
180.175.214.200 - - [18/Aug/2020:10:51:43 +0800] "GET /xingrg/words/20200818105054_words.js HTTP/1.1" 200 757431
117.185.32.26 - - [18/Aug/2020:10:51:43 +0800] "GET /xingrg/all/function/internal_message.html?_=1597719101153&CODE_STATE=getMsg HTTP/1.1" 200 27
180.175.214.200 - - [18/Aug/2020:10:51:44 +0800] "POST /xingrg/kc/base/wldb_order_operate.html HTTP/1.1" 200 2406
58.40.7.146 - - [18/Aug/2020:10:51:44 +0800] "GET /xingrg/all/function/internal_message.html?_=1597719103823&CODE_STATE=getMsg HTTP/1.1" 200 27
114.86.228.62 - - [18/Aug/2020:10:51:44 +0800] "POST /xingrg/kc/buy/cgsh_order_operate.html HTTP/1.1" 200 37
180.175.214.200 - - [18/Aug/2020:10:51:45 +0800] "GET /xingrg/javascript/easyui/themes/default/validatebox.css HTTP/1.1" 404 1104
114.86.228.62 - - [18/Aug/2020:10:51:45 +0800] "POST /xingrg/kc/buy/cgsh_order_operate.html HTTP/1.1" 200 45893
180.175.214.200 - - [18/Aug/2020:10:51:46 +0800] "GET /xingrg/kc/base/wldb_order_add.html HTTP/1.1" 200 30363
58.40.7.146 - - [18/Aug/2020:10:51:46 +0800] "GET /xingrg/all/function/internal_message.html?_=1597719106057&CODE_STATE=getMsg HTTP/1.1" 200 27
114.86.228.62 - - [18/Aug/2020:10:51:47 +0800] "GET /xingrg/kc/print/load_config.html?kc_code=cgsh HTTP/1.1" 200 1845
180.175.214.200 - - [18/Aug/2020:10:51:47 +0800] "POST /xingrg/kc/base/wldb_order_operate.html HTTP/1.1" 200 6806
114.86.228.62 - - [18/Aug/2020:10:51:47 +0800] "GET /xingrg/kc/print/load_data.html?order_code=212020081807600&kc_code=cgsh&condition= HTTP/1.1" 200 17093
180.175.214.200 - - [18/Aug/2020:10:51:47 +0800] "GET /xingrg/javascript/easyui/themes/default/validatebox.css HTTP/1.1" 404 1104
120.253.135.82 - - [18/Aug/2020:10:51:48 +0800] "GET /xingrg/check_reg.html?_=1597718859543 HTTP/1.1" 200 22
180.175.214.200 - - [18/Aug/2020:10:51:48 +0800] "POST /xingrg/all/common/load_combo.html?type=base HTTP/1.1" 200 2966
58.40.7.146 - - [18/Aug/2020:10:51:48 +0800] "GET /xingrg/kc/base/crk_hz.html?_=1597719107872&command=get_cost_id&end_date=2020-06-30&start_date=2020-06-01 HTTP/1.1" 200 51
58.40.7.146 - - [18/Aug/2020:10:51:48 +0800] "GET /xingrg/all/report/report_query.html?isQuery=1&onlyBody=1&rh=99999&rw=1800&varString=start:20200601,cost_id:2698,mid:20200601&fileName=kc/base/crk_hz_type_by_base.xml&queryString=%20a.base_code%20in%20('0010611')%20%20and%20m.sort_code%20in%20('00101001','00101002','00101003','00101004','00101005','00101006','00101007','00101008','00101009','00101010','00101011','00101012','00101013','00101014','00101015','00101016','00101017','00101018','00101019','00101020','00101021','00101022','00101023','00101024','00101025','00101026','00101027','00101028','00101029','00101030','00101031','00101032','00101033','00101034','00101036','00101037','00101038','00101039','00102001','00102002','00102003','00102004','00102005','00102006','00102007','00102008','00102009','00102010','00102011','00102012','00102013','00102014','00102015','00102016','00102017','00102018','00102019','00102020','00102021','00102022','00102023','00102024','00102025','00102026','00102027','00102028','00102029','00102030','00102031','00102032','00102033')%20&queryText=ÈÕÆÚ£º2020-06-01ÖÁ2020-06-30%20²Ö¿â£º²ÍÒû·þÎñ²¿&tableQueryString=materiel_table$sp1$$sp$before_table$sp1$$sp$crk_table$sp1$order_day%20between%2020200601%20and%2020200630 HTTP/1.1" 200 50207
58.40.7.146 - - [18/Aug/2020:10:51:48 +0800] "GET /xingrg/dwr/interface/AjaxReportQueryService.js HTTP/1.1" 200 13203
58.40.7.146 - - [18/Aug/2020:10:51:48 +0800] "GET /xingrg/dwr/engine.js HTTP/1.1" 200 43631
117.185.32.26 - - [18/Aug/2020:10:51:49 +0800] "GET /xingrg/kc/buy/cgsh_order_operate.html?command=get_materiel&rest_code=00106&code=00101008355&supplier_code=00100007&order_time=2020-08-18 HTTP/1.1" 200 408
58.40.7.146 - - [18/Aug/2020:10:51:49 +0800] "POST /xingrg/all/report/load_report_page.html HTTP/1.1" 200 94969
58.40.7.146 - - [18/Aug/2020:10:51:49 +0800] "GET /xingrg/servlets/image?cache=0.9990894635677482&image=px HTTP/1.1" 200 807
180.175.214.200 - - [18/Aug/2020:10:51:50 +0800] "POST /xingrg/all/common/load_combo.html?type=base HTTP/1.1" 200 2966
114.89.80.44 - - [18/Aug/2020:10:51:50 +0800] "GET /xingrg/all/function/internal_message.html?_=1597719109964&CODE_STATE=getMsg HTTP/1.1" 200 27
58.40.7.146 - - [18/Aug/2020:10:51:51 +0800] "GET /xingrg/all/report/report_query.html?isQuery=1&fileName=kc/base/crk_detail_by_small.xml&rh=99999&queryString=&queryText=%25E3%2580%2590%25E4%25BB%2593%25E5%25BA%2593%25E5%2590%258D%25E7%25A7%25B0%253A%25E9%25A4%2590%25E9%25A5%25AE%25E6%259C%258D%25E5%258A%25A1%25E9%2583%25A8%25E3%2580%2591%25E3%2580%2590%25E4%25B8%259A%25E5%258A%25A1%25E7%25B1%25BB%25E5%259E%258B%25EF%25BC%259A%25E9%2587%2587%25E8%25B4%25AD%25E5%2585%25A5%25E5%25BA%2593%25E3%2580%2591%2520%253F%253F%253F%253F%253F2020-06-01%253F%253F2020-06-30%2520%253F%253F%253F%253F%253F%253F%253F%253F%253F%253F%253F&tableQueryString=crk_table%2524sp1%2524order_day%2520between%252020200601%2520and%252020200630%2520and%2520(base_code%253D'0010611')%2520and%2520(src_order_type%2520in%2520(21))%2520and%2520(is_rk%2520in%2520(1)) HTTP/1.1" 200 53798
58.40.7.146 - - [18/Aug/2020:10:51:52 +0800] "GET /xingrg/dwr/interface/AjaxReportQueryService.js HTTP/1.1" 200 13203
58.40.7.146 - - [18/Aug/2020:10:51:52 +0800] "GET /xingrg/dwr/engine.js HTTP/1.1" 200 43631
114.88.153.118 - - [18/Aug/2020:10:51:52 +0800] "POST /xingrg/kc/buy/cgsh_order_operate.html HTTP/1.1" 200 37
114.88.153.118 - - [18/Aug/2020:10:51:52 +0800] "GET /xingrg/all/function/internal_message.html?_=1597719110209&CODE_STATE=getMsg HTTP/1.1" 200 27
58.40.7.146 - - [18/Aug/2020:10:51:52 +0800] "POST /xingrg/all/report/load_report_page.html HTTP/1.1" 200 23727
58.40.7.146 - - [18/Aug/2020:10:51:52 +0800] "GET /xingrg/servlets/image?cache=0.9243027162739512&image=px HTTP/1.1" 200 807
61.172.5.115 - - [18/Aug/2020:10:51:54 +0800] "GET /xingrg/kc/buy/cgsh_order_operate.html?command=get_materiel&rest_code=00105&code=00102026001&supplier_code=00100339&order_time=2020-08-18 HTTP/1.1" 200 409
114.88.153.118 - - [18/Aug/2020:10:51:54 +0800] "POST /xingrg/kc/buy/cgsh_order_operate.html HTTP/1.1" 200 12
58.40.7.146 - - [18/Aug/2020:10:51:54 +0800] "POST /xingrg/all/report/load_report_page.html HTTP/1.1" 200 61567
58.40.7.146 - - [18/Aug/2020:10:51:54 +0800] "GET /xingrg/servlets/image?cache=0.9845013760032449&image=px HTTP/1.1" 200 807
172.17.0.120 - - [18/Aug/2020:10:51:55 +0800] "GET /xingrg/all/function/internal_message.html?_=1597719113405&CODE_STATE=getMsg HTTP/1.1" 200 27
114.88.153.118 - - [18/Aug/2020:10:51:55 +0800] "GET /xingrg/kc/buy/cgsh_order_info.html?code=212020081807612 HTTP/1.1" 200 54292
114.88.153.118 - - [18/Aug/2020:10:51:56 +0800] "GET /xingrg/javascript/easyui/themes/default/validatebox.css HTTP/1.1" 404 1104
172.17.0.114 - - [18/Aug/2020:10:51:56 +0800] "GET /xingrg/all/function/internal_message.html?_=1597719114852&CODE_STATE=getMsg HTTP/1.1" 200 27
117.185.32.26 - - [18/Aug/2020:10:51:56 +0800] "GET /xingrg/kc/buy/cgsh_order_operate.html?command=get_materiel&rest_code=00106&code=00101008356&supplier_code=00100007&order_time=2020-08-18 HTTP/1.1" 200 408
114.88.153.118 - - [18/Aug/2020:10:51:56 +0800] "POST /xingrg/kc/buy/cgsh_order_operate.html HTTP/1.1" 200 1800
114.88.165.122 - - [18/Aug/2020:10:51:56 +0800] "GET /xingrg/all/function/internal_message.html?_=1597719114835&CODE_STATE=getMsg HTTP/1.1" 200 27
116.230.74.197 - - [18/Aug/2020:10:51:57 +0800] "GET /xingrg/all/function/internal_message.html?_=1597719116558&CODE_STATE=getMsg HTTP/1.1" 200 27
180.175.214.200 - - [18/Aug/2020:10:51:57 +0800] "GET /xingrg/kc/base/wldb_order_operate.html?command=get_materiel&rest_code=00102&base_code=0010476&code=00101019496 HTTP/1.1" 200 471
114.88.153.118 - - [18/Aug/2020:10:51:57 +0800] "GET /xingrg/kc/print/load_data.html?order_code=212020081807612&kc_code=cgsh&condition= HTTP/1.1" 200 1229
172.17.0.240 - - [18/Aug/2020:10:51:57 +0800] "GET /xingrg/all/function/internal_message.html?_=1597719115601&CODE_STATE=getMsg HTTP/1.1" 200 27
180.175.214.200 - - [18/Aug/2020:10:52:01 +0800] "GET /xingrg/kc/base/wldb_order_operate.html?command=get_materiel&rest_code=00102&base_code=0010476&code=00101019400 HTTP/1.1" 200 450
114.88.153.118 - - [18/Aug/2020:10:52:02 +0800] "GET /xingrg/kc/buy/cgsh_order_add.html HTTP/1.1" 200 59385
172.17.0.119 - - [18/Aug/2020:10:52:03 +0800] "GET /xingrg/javascript/jquery_easy_ui/themes/default/images/tabs_active.png HTTP/1.1" 200 2894
114.88.153.118 - - [18/Aug/2020:10:52:03 +0800] "GET /xingrg/javascript/easyui/themes/default/validatebox.css HTTP/1.1" 404 1104
114.88.153.118 - - [18/Aug/2020:10:52:03 +0800] "POST /xingrg/kc/buy/cgsh_order_operate.html HTTP/1.1" 200 8245
117.185.32.26 - - [18/Aug/2020:10:52:03 +0800] "GET /xingrg/kc/buy/cgsh_order_operate.html?command=get_materiel&rest_code=00106&code=00101008098&supplier_code=00100007&order_time=2020-08-18 HTTP/1.1" 200 412
183.192.164.214 - - [18/Aug/2020:10:52:04 +0800] "GET /xingrg/kc/buy/cgsh_order_operate.html?command=get_materiel&rest_code=00106&code=00101001111&supplier_code=00100032&order_time=2020-08-18 HTTP/1.1" 302 -
180.175.214.200 - - [18/Aug/2020:10:52:05 +0800] "GET /xingrg/kc/base/wldb_order_operate.html?command=get_materiel&rest_code=00102&base_code=0010476&code=00101019222 HTTP/1.1" 200 452
172.17.0.119 - - [18/Aug/2020:10:52:06 +0800] "GET /xingrg/all/function/internal_message.html?_=1597719126016&CODE_STATE=getMsg HTTP/1.1" 200 27
183.192.164.214 - - [18/Aug/2020:10:52:08 +0800] "GET /xingrg/login.html HTTP/1.1" 200 7641
114.89.80.44 - - [18/Aug/2020:10:52:08 +0800] "GET /xingrg/all/function/internal_message.html?_=1597719247401&CODE_STATE=getMsg HTTP/1.1" 200 27
61.172.5.115 - - [18/Aug/2020:10:52:08 +0800] "GET /xingrg/all/function/internal_message.html?_=1597719128418&CODE_STATE=getMsg HTTP/1.1" 200 27
58.40.7.146 - - [18/Aug/2020:10:52:10 +0800] "GET /xingrg/kc/base/crk_hz.html?_=1597719129240&command=get_cost_id&end_date=2020-05-31&start_date=2020-05-01 HTTP/1.1" 200 51
