114.88.165.122 - - [18/Aug/2020:10:28:55 +0800] "GET /xingrg/all/function/internal_message.html?_=1597717733819&CODE_STATE=getMsg HTTP/1.1" 200 27
172.17.0.114 - - [18/Aug/2020:10:28:56 +0800] "GET /xingrg/all/function/internal_message.html?_=1597717734759&CODE_STATE=getMsg HTTP/1.1" 200 27
114.86.228.62 - - [18/Aug/2020:10:28:56 +0800] "GET /xingrg/all/function/internal_message.html?_=1597717783657&CODE_STATE=getMsg HTTP/1.1" 200 27
101.91.60.11 - - [18/Aug/2020:10:28:59 +0800] "GET /xingrg/check_reg.html?_=1597716893619 HTTP/1.1" 302 -
114.86.228.62 - - [18/Aug/2020:10:28:59 +0800] "GET /xingrg/kc/buy/cgsh_order_operate.html?command=get_materiel&rest_code=00109&code=00101009109&supplier_code=00100022&order_time=2020-08-18 HTTP/1.1" 200 399
180.157.251.101 - - [18/Aug/2020:10:28:59 +0800] "GET /xingrg/all/function/internal_message.html?_=1597717740090&CODE_STATE=getMsg HTTP/1.1" 200 27
172.16.0.187 - - [18/Aug/2020:10:29:00 +0800] "GET /xingrg/all/function/internal_message.html?_=1597717739239&CODE_STATE=getMsg HTTP/1.1" 302 -
114.89.80.44 - - [18/Aug/2020:10:29:03 +0800] "GET /xingrg/all/function/internal_message.html?_=1597717742633&CODE_STATE=getMsg HTTP/1.1" 200 27
101.91.60.11 - - [18/Aug/2020:10:29:04 +0800] "GET /xingrg/login.html HTTP/1.1" 200 7641
218.81.217.115 - - [18/Aug/2020:10:29:10 +0800] "GET /xingrg/check_reg.html?_=1597717754014 HTTP/1.1" 200 22
218.81.217.115 - - [18/Aug/2020:10:29:12 +0800] "GET /xingrg/all/function/internal_message.html?_=1597717755849&CODE_STATE=getMsg HTTP/1.1" 200 27
172.17.0.120 - - [18/Aug/2020:10:29:12 +0800] "GET /xingrg/kc/base/base_main.html HTTP/1.1" 200 12132
172.17.0.101 - - [18/Aug/2020:10:29:12 +0800] "GET /xingrg/all/function/internal_message.html?_=1597717755301&CODE_STATE=getMsg HTTP/1.1" 302 -
172.17.0.123 - - [18/Aug/2020:10:29:13 +0800] "GET /xingrg/check_reg.html?_=1597717669101 HTTP/1.1" 200 22
172.17.0.120 - - [18/Aug/2020:10:29:13 +0800] "GET /xingrg/kc/base/check_order_list.html HTTP/1.1" 200 16615
172.17.0.120 - - [18/Aug/2020:10:29:13 +0800] "POST /xingrg/kc/base/check_list_operate.html HTTP/1.1" 200 781
172.17.0.120 - - [18/Aug/2020:10:29:14 +0800] "POST /xingrg/kc/base/check_list_operate.html HTTP/1.1" 200 781
58.221.95.50 - - [18/Aug/2020:10:29:18 +0800] "GET /xingrg/all/function/internal_message.html?_=1597717888972&CODE_STATE=getMsg HTTP/1.1" 200 27
114.88.165.122 - - [18/Aug/2020:10:29:22 +0800] "GET /xingrg/all/function/internal_message.html?_=1597717807911&CODE_STATE=getMsg HTTP/1.1" 200 27
114.89.80.44 - - [18/Aug/2020:10:29:26 +0800] "GET /xingrg/all/function/internal_message.html?_=1597717885637&CODE_STATE=getMsg HTTP/1.1" 200 27
172.17.200.101 - - [18/Aug/2020:10:29:29 +0800] "GET /xingrg/all/function/internal_message.html?_=1597717770236&CODE_STATE=getMsg HTTP/1.1" 200 27
172.17.0.119 - - [18/Aug/2020:10:29:36 +0800] "GET /xingrg/all/function/internal_message.html?_=1597717775811&CODE_STATE=getMsg HTTP/1.1" 200 27
172.17.0.119 - - [18/Aug/2020:10:29:36 +0800] "GET /xingrg/check_reg.html?_=1597717775813 HTTP/1.1" 200 22
117.184.7.26 - - [18/Aug/2020:10:29:37 +0800] "GET /xingrg/all/function/internal_message.html?_=1597717772845&CODE_STATE=getMsg HTTP/1.1" 200 27
61.172.5.115 - - [18/Aug/2020:10:29:37 +0800] "GET /xingrg/all/function/internal_message.html?_=1597717777446&CODE_STATE=getMsg HTTP/1.1" 200 27
180.175.214.200 - - [18/Aug/2020:10:29:38 +0800] "GET /xingrg/all/function/internal_message.html?_=1597717983486&CODE_STATE=getMsg HTTP/1.1" 200 27
101.83.241.175 - - [18/Aug/2020:10:29:40 +0800] "GET /xingrg/all/function/internal_message.html?_=1597717777751&CODE_STATE=getMsg HTTP/1.1" 200 27
58.40.7.146 - - [18/Aug/2020:10:29:44 +0800] "GET /xingrg/all/function/internal_message.html?_=1597717783813&CODE_STATE=getMsg HTTP/1.1" 200 27
116.230.74.197 - - [18/Aug/2020:10:29:55 +0800] "GET /xingrg/all/function/internal_message.html?_=1597717794194&CODE_STATE=getMsg HTTP/1.1" 200 27
172.17.0.120 - - [18/Aug/2020:10:29:55 +0800] "GET /xingrg/all/function/internal_message.html?_=1597717793402&CODE_STATE=getMsg HTTP/1.1" 200 27
114.88.165.122 - - [18/Aug/2020:10:29:55 +0800] "GET /xingrg/all/function/internal_message.html?_=1597717793822&CODE_STATE=getMsg HTTP/1.1" 200 27
114.88.153.118 - - [18/Aug/2020:10:29:55 +0800] "GET /xingrg/check_reg.html?_=1597717793602 HTTP/1.1" 302 -
114.86.228.62 - - [18/Aug/2020:10:29:56 +0800] "GET /xingrg/all/function/internal_message.html?_=1597717843638&CODE_STATE=getMsg HTTP/1.1" 200 27
172.17.0.114 - - [18/Aug/2020:10:29:56 +0800] "GET /xingrg/all/function/internal_message.html?_=1597717794777&CODE_STATE=getMsg HTTP/1.1" 200 27
180.157.251.101 - - [18/Aug/2020:10:29:59 +0800] "GET /xingrg/all/function/internal_message.html?_=1597717800090&CODE_STATE=getMsg HTTP/1.1" 200 27
114.86.228.62 - - [18/Aug/2020:10:30:03 +0800] "GET /xingrg/kc/buy/cgsh_order_operate.html?command=get_materiel&rest_code=00109&code=00101009059&supplier_code=00100022&order_time=2020-08-18 HTTP/1.1" 200 409
114.89.80.44 - - [18/Aug/2020:10:30:03 +0800] "GET /xingrg/all/function/internal_message.html?_=1597717802655&CODE_STATE=getMsg HTTP/1.1" 200 27
114.86.228.62 - - [18/Aug/2020:10:30:09 +0800] "GET /xingrg/kc/buy/cgsh_order_operate.html?command=get_materiel&rest_code=00109&code=00101009019&supplier_code=00100022&order_time=2020-08-18 HTTP/1.1" 200 412
114.89.80.44 - - [18/Aug/2020:10:30:10 +0800] "POST /xingrg/all/user/operate.html HTTP/1.1" 200 36
114.89.80.44 - - [18/Aug/2020:10:30:10 +0800] "GET /xingrg/javascript/jquery_easy_ui/themes/default/easyui.css HTTP/1.1" 304 -
114.89.80.44 - - [18/Aug/2020:10:30:10 +0800] "GET /xingrg/index.html?sysBaseUrl=http%3A%2F%2F180.169.147.146%3A18081%2Fxingrg%2F&costTime=39×tamp=1597715153398 HTTP/1.1" 200 17177
114.89.80.44 - - [18/Aug/2020:10:30:10 +0800] "GET /xingrg/javascript/jquery_easy_ui/themes/icon.css HTTP/1.1" 304 -
114.89.80.44 - - [18/Aug/2020:10:30:10 +0800] "GET /xingrg/css/form.css HTTP/1.1" 304 -
114.89.80.44 - - [18/Aug/2020:10:30:10 +0800] "GET /xingrg/javascript/jquery-1.4.2.min.js HTTP/1.1" 304 -
114.89.80.44 - - [18/Aug/2020:10:30:10 +0800] "GET /xingrg/javascript/jquery_easy_ui/jquery.easyui.min.js HTTP/1.1" 304 -
114.89.80.44 - - [18/Aug/2020:10:30:10 +0800] "GET /xingrg/javascript/jquery_easy_ui/easyui-lang-zh_CN.js HTTP/1.1" 304 -
114.89.80.44 - - [18/Aug/2020:10:30:11 +0800] "GET /xingrg/javascript/jquery.form.js HTTP/1.1" 304 -
114.89.80.44 - - [18/Aug/2020:10:30:11 +0800] "GET /xingrg/javascript/jquery.utils.js HTTP/1.1" 304 -
114.89.80.44 - - [18/Aug/2020:10:30:11 +0800] "GET /xingrg/javascript/jquery.timers.js HTTP/1.1" 304 -
114.89.80.44 - - [18/Aug/2020:10:30:11 +0800] "GET /xingrg/images/blue/jxLogo.png HTTP/1.1" 304 -
114.89.80.44 - - [18/Aug/2020:10:30:11 +0800] "GET /xingrg/images/blue/navBackgound.jpg HTTP/1.1" 304 -
114.89.80.44 - - [18/Aug/2020:10:30:11 +0800] "GET /xingrg/javascript/jquery_easy_ui/themes/icons/settle_new.png HTTP/1.1" 304 -
114.89.80.44 - - [18/Aug/2020:10:30:11 +0800] "POST /xingrg/all/common/load_tree.html?tree=area_rest_tree_json&manage=1 HTTP/1.1" 200 476
114.89.80.44 - - [18/Aug/2020:10:30:11 +0800] "GET /xingrg/all/function/internal_message.html?_=1597717810271&CODE_STATE=count HTTP/1.1" 200 11
114.89.80.44 - - [18/Aug/2020:10:30:11 +0800] "GET /xingrg/check_reg.html?_=1597717810272 HTTP/1.1" 200 22
114.89.80.44 - - [18/Aug/2020:10:30:11 +0800] "GET /xingrg/javascript/jquery_easy_ui/themes/default/images/tabs_rightarrow.png HTTP/1.1" 304 -
114.89.80.44 - - [18/Aug/2020:10:30:11 +0800] "GET /xingrg/images/blue/pingpu.png HTTP/1.1" 304 -
114.89.80.44 - - [18/Aug/2020:10:30:11 +0800] "GET /xingrg/javascript/jquery_easy_ui/themes/default/images/tabs_leftarrow.png HTTP/1.1" 304 -
114.89.80.44 - - [18/Aug/2020:10:30:11 +0800] "GET /xingrg/javascript/jquery_easy_ui/themes/default/images/panel_tool_collapse.gif HTTP/1.1" 304 -
114.89.80.44 - - [18/Aug/2020:10:30:11 +0800] "POST /xingrg/load_menu.html HTTP/1.1" 200 5138
218.81.217.115 - - [18/Aug/2020:10:30:12 +0800] "GET /xingrg/all/function/internal_message.html?_=1597717815863&CODE_STATE=getMsg HTTP/1.1" 200 27
172.17.0.101 - - [18/Aug/2020:10:30:12 +0800] "GET /xingrg/all/function/internal_message.html?_=1597717815319&CODE_STATE=getMsg HTTP/1.1" 302 -
114.89.80.44 - - [18/Aug/2020:10:30:13 +0800] "GET /xingrg/kc/buy/cgsh_order_list.html HTTP/1.1" 200 43645
114.89.80.44 - - [18/Aug/2020:10:30:14 +0800] "POST /xingrg/kc/buy/cgsh_list_operate.html HTTP/1.1" 200 876
114.89.80.44 - - [18/Aug/2020:10:30:15 +0800] "GET /xingrg/kc/buy/cgsh_order_add.html HTTP/1.1" 200 59021
114.89.80.44 - - [18/Aug/2020:10:30:15 +0800] "POST /xingrg/kc/buy/cgsh_order_operate.html HTTP/1.1" 200 8245
114.89.80.44 - - [18/Aug/2020:10:30:15 +0800] "GET /xingrg/javascript/easyui/themes/default/validatebox.css HTTP/1.1" 404 1104
114.89.80.44 - - [18/Aug/2020:10:30:17 +0800] "GET /xingrg/javascript/auto/indicator.gif HTTP/1.1" 404 1066
58.221.95.50 - - [18/Aug/2020:10:30:18 +0800] "GET /xingrg/all/function/internal_message.html?_=1597717948946&CODE_STATE=getMsg HTTP/1.1" 200 27
114.88.165.122 - - [18/Aug/2020:10:30:22 +0800] "GET /xingrg/all/function/internal_message.html?_=1597717867925&CODE_STATE=getMsg HTTP/1.1" 200 27
114.89.80.44 - - [18/Aug/2020:10:30:26 +0800] "GET /xingrg/all/function/internal_message.html?_=1597717945656&CODE_STATE=getMsg HTTP/1.1" 200 27
172.17.200.101 - - [18/Aug/2020:10:30:29 +0800] "GET /xingrg/all/function/internal_message.html?_=1597717830238&CODE_STATE=getMsg HTTP/1.1" 200 27
172.17.0.101 - - [18/Aug/2020:10:30:34 +0800] "GET /xingrg/check_reg.html?_=1597717836610 HTTP/1.1" 302 -
172.17.0.119 - - [18/Aug/2020:10:30:36 +0800] "GET /xingrg/all/function/internal_message.html?_=1597717835800&CODE_STATE=getMsg HTTP/1.1" 200 27
117.184.7.26 - - [18/Aug/2020:10:30:37 +0800] "GET /xingrg/all/function/internal_message.html?_=1597717832909&CODE_STATE=getMsg HTTP/1.1" 200 27
61.172.5.115 - - [18/Aug/2020:10:30:37 +0800] "GET /xingrg/all/function/internal_message.html?_=1597717837465&CODE_STATE=getMsg HTTP/1.1" 200 27
180.175.214.200 - - [18/Aug/2020:10:30:38 +0800] "GET /xingrg/all/function/internal_message.html?_=1597718043698&CODE_STATE=getMsg HTTP/1.1" 200 27
101.83.241.175 - - [18/Aug/2020:10:30:40 +0800] "GET /xingrg/all/function/internal_message.html?_=1597717837726&CODE_STATE=getMsg HTTP/1.1" 200 27
58.40.7.146 - - [18/Aug/2020:10:30:44 +0800] "GET /xingrg/all/function/internal_message.html?_=1597717843801&CODE_STATE=getMsg HTTP/1.1" 200 27
120.253.135.82 - - [18/Aug/2020:10:30:46 +0800] "POST /xingrg/kc/buy/cgsh_list_operate.html HTTP/1.1" 200 876
120.253.135.82 - - [18/Aug/2020:10:30:48 +0800] "GET /xingrg/kc/buy/cgsh_order_add.html HTTP/1.1" 200 58358
120.253.135.82 - - [18/Aug/2020:10:30:48 +0800] "POST /xingrg/kc/buy/cgsh_order_operate.html HTTP/1.1" 200 8245
120.253.135.82 - - [18/Aug/2020:10:30:48 +0800] "GET /xingrg/javascript/easyui/themes/default/validatebox.css HTTP/1.1" 404 1104
116.230.74.197 - - [18/Aug/2020:10:30:49 +0800] "GET /xingrg/check_reg.html?_=1597717849067 HTTP/1.1" 200 22
61.172.5.115 - - [18/Aug/2020:10:30:49 +0800] "GET /xingrg/kc/buy/cgsh_order_operate.html?command=get_materiel&rest_code=00105&code=00101016071&supplier_code=00100034&order_time=2020-08-18 HTTP/1.1" 200 416
114.86.228.62 - - [18/Aug/2020:10:30:53 +0800] "GET /xingrg/check_reg.html?_=1597717903640 HTTP/1.1" 200 22
114.86.228.62 - - [18/Aug/2020:10:30:53 +0800] "GET /xingrg/all/function/internal_message.html?_=1597717903640&CODE_STATE=getMsg HTTP/1.1" 200 27
116.230.74.197 - - [18/Aug/2020:10:30:54 +0800] "GET /xingrg/all/function/internal_message.html?_=1597717854169&CODE_STATE=getMsg HTTP/1.1" 200 27
172.17.0.120 - - [18/Aug/2020:10:30:55 +0800] "GET /xingrg/check_reg.html?_=1597717853405 HTTP/1.1" 200 22
172.17.0.120 - - [18/Aug/2020:10:30:55 +0800] "GET /xingrg/all/function/internal_message.html?_=1597717853407&CODE_STATE=getMsg HTTP/1.1" 200 27
114.88.165.122 - - [18/Aug/2020:10:30:55 +0800] "GET /xingrg/all/function/internal_message.html?_=1597717853912&CODE_STATE=getMsg HTTP/1.1" 200 27
172.17.0.114 - - [18/Aug/2020:10:30:56 +0800] "GET /xingrg/all/function/internal_message.html?_=1597717854778&CODE_STATE=getMsg HTTP/1.1" 200 27
120.253.135.82 - - [18/Aug/2020:10:30:58 +0800] "POST /xingrg/all/common/load_combo.html?type=employee HTTP/1.1" 200 2013
180.157.251.101 - - [18/Aug/2020:10:30:59 +0800] "GET /xingrg/all/function/internal_message.html?_=1597717860085&CODE_STATE=getMsg HTTP/1.1" 200 27
114.89.80.44 - - [18/Aug/2020:10:31:11 +0800] "GET /xingrg/all/function/internal_message.html?_=1597717870285&CODE_STATE=getMsg HTTP/1.1" 200 27
218.81.217.115 - - [18/Aug/2020:10:31:12 +0800] "GET /xingrg/all/function/internal_message.html?_=1597717875876&CODE_STATE=getMsg HTTP/1.1" 200 27
172.17.0.101 - - [18/Aug/2020:10:31:12 +0800] "GET /xingrg/all/function/internal_message.html?_=1597717875465&CODE_STATE=getMsg HTTP/1.1" 302 -
120.253.135.82 - - [18/Aug/2020:10:31:15 +0800] "GET /xingrg/kc/buy/cgsh_order_operate.html?command=get_materiel&rest_code=00101&code=00102002216&supplier_code=00100364&order_time=2020-08-18 HTTP/1.1" 200 418
58.221.95.50 - - [18/Aug/2020:10:31:18 +0800] "GET /xingrg/all/function/internal_message.html?_=1597718008923&CODE_STATE=getMsg HTTP/1.1" 200 27
114.88.165.122 - - [18/Aug/2020:10:31:22 +0800] "GET /xingrg/all/function/internal_message.html?_=1597717927923&CODE_STATE=getMsg HTTP/1.1" 200 27
218.81.217.115 - - [18/Aug/2020:10:31:26 +0800] "GET /xingrg/kc/buy/cgsh_order_add.html HTTP/1.1" 200 59385
117.185.32.26 - - [18/Aug/2020:10:31:26 +0800] "GET /xingrg/login.html HTTP/1.1" 200 7641
114.89.80.44 - - [18/Aug/2020:10:31:26 +0800] "GET /xingrg/all/function/internal_message.html?_=1597718005665&CODE_STATE=getMsg HTTP/1.1" 200 27
218.81.217.115 - - [18/Aug/2020:10:31:27 +0800] "POST /xingrg/kc/buy/cgsh_order_operate.html HTTP/1.1" 200 8245
218.81.217.115 - - [18/Aug/2020:10:31:27 +0800] "GET /xingrg/javascript/easyui/themes/default/validatebox.css HTTP/1.1" 404 1104
114.89.80.44 - - [18/Aug/2020:10:31:27 +0800] "GET /xingrg/kc/buy/cgsh_order_operate.html?command=get_materiel&rest_code=00151&code=00102005350&supplier_code=00100076&order_time=2020-08-18 HTTP/1.1" 200 412
117.185.32.26 - - [18/Aug/2020:10:31:29 +0800] "GET /favicon.ico HTTP/1.1" 404 -
172.17.200.101 - - [18/Aug/2020:10:31:29 +0800] "GET /xingrg/all/function/internal_message.html?_=1597717890240&CODE_STATE=getMsg HTTP/1.1" 200 27
117.185.32.26 - - [18/Aug/2020:10:31:31 +0800] "POST /xingrg/login.do HTTP/1.1" 302 -
117.185.32.26 - - [18/Aug/2020:10:31:31 +0800] "GET /xingrg/index.html?sysBaseUrl=http%3A%2F%2F180.169.147.146%3A18081%2Fxingrg%2F&costTime=39×tamp=1597717891490 HTTP/1.1" 200 17173
117.185.32.26 - - [18/Aug/2020:10:31:32 +0800] "POST /xingrg/all/common/load_tree.html?tree=area_rest_tree_json&manage=1 HTTP/1.1" 200 342
117.185.32.26 - - [18/Aug/2020:10:31:32 +0800] "GET /xingrg/check_reg.html?_=1597717889797 HTTP/1.1" 200 22
117.185.32.26 - - [18/Aug/2020:10:31:32 +0800] "GET /xingrg/all/function/internal_message.html?_=1597717889796&CODE_STATE=count HTTP/1.1" 200 11
117.185.32.26 - - [18/Aug/2020:10:31:32 +0800] "GET /favicon.ico HTTP/1.1" 404 -
117.185.32.26 - - [18/Aug/2020:10:31:32 +0800] "POST /xingrg/load_menu.html HTTP/1.1" 200 5138
120.253.135.82 - - [18/Aug/2020:10:31:34 +0800] "POST /xingrg/kc/buy/cgsh_order_operate.html HTTP/1.1" 200 37
117.185.32.26 - - [18/Aug/2020:10:31:35 +0800] "GET /xingrg/kc/buy/buy_main.html HTTP/1.1" 200 12412
117.185.32.26 - - [18/Aug/2020:10:31:35 +0800] "GET /xingrg/css/new_ie.css HTTP/1.1" 404 1036
120.253.135.82 - - [18/Aug/2020:10:31:36 +0800] "POST /xingrg/kc/buy/cgsh_order_operate.html HTTP/1.1" 200 2677
117.184.7.26 - - [18/Aug/2020:10:31:36 +0800] "GET /xingrg/check_reg.html?_=1597717892440 HTTP/1.1" 200 22
117.185.32.26 - - [18/Aug/2020:10:31:37 +0800] "GET /xingrg/images/yd/bt.gif HTTP/1.1" 404 1040
116.230.74.197 - - [18/Aug/2020:10:31:37 +0800] "GET /xingrg/javascript/easyui/themes/default/tree.css HTTP/1.1" 404 1090
117.185.32.26 - - [18/Aug/2020:10:31:37 +0800] "GET /xingrg/kc/buy/cgsh_order_list.html HTTP/1.1" 200 43641
116.230.74.197 - - [18/Aug/2020:10:31:37 +0800] "POST /xingrg/all/common/load_tree.html?tree=supplier_tree_json&isDelete=1 HTTP/1.1" 200 49675
117.184.7.26 - - [18/Aug/2020:10:31:37 +0800] "GET /xingrg/all/function/internal_message.html?_=1597717892998&CODE_STATE=getMsg HTTP/1.1" 200 27
61.172.5.115 - - [18/Aug/2020:10:31:37 +0800] "POST /xingrg/kc/buy/cgsh_order_operate.html HTTP/1.1" 200 37
218.81.217.115 - - [18/Aug/2020:10:31:38 +0800] "GET /xingrg/kc/buy/cgsh_order_operate.html?command=get_materiel&rest_code=00146&code=00101018019&supplier_code=00100041&order_time=2020-08-18 HTTP/1.1" 200 421
180.175.214.200 - - [18/Aug/2020:10:31:38 +0800] "GET /xingrg/all/function/internal_message.html?_=1597718103702&CODE_STATE=getMsg HTTP/1.1" 200 27
117.185.32.26 - - [18/Aug/2020:10:31:38 +0800] "POST /xingrg/kc/buy/cgsh_list_operate.html HTTP/1.1" 200 876
61.172.5.115 - - [18/Aug/2020:10:31:38 +0800] "POST /xingrg/kc/buy/cgsh_order_operate.html HTTP/1.1" 200 2658
61.172.5.115 - - [18/Aug/2020:10:31:40 +0800] "GET /xingrg/kc/print/load_data.html?order_code=212020081807572&kc_code=cgsh&condition= HTTP/1.1" 200 703
101.83.241.175 - - [18/Aug/2020:10:31:40 +0800] "GET /xingrg/all/function/internal_message.html?_=1597717897710&CODE_STATE=getMsg HTTP/1.1" 200 27
117.185.32.26 - - [18/Aug/2020:10:31:40 +0800] "GET /xingrg/kc/buy/cgsh_order_add.html HTTP/1.1" 200 59385
117.185.32.26 - - [18/Aug/2020:10:31:41 +0800] "GET /xingrg/words/20200817163423_words.js HTTP/1.1" 304 -
117.185.32.26 - - [18/Aug/2020:10:31:41 +0800] "POST /xingrg/kc/buy/cgsh_order_operate.html HTTP/1.1" 200 8245
117.185.32.26 - - [18/Aug/2020:10:31:41 +0800] "GET /xingrg/all/common/auto_word.html?type=employee&rest_code=00106 HTTP/1.1" 200 205
117.185.32.26 - - [18/Aug/2020:10:31:41 +0800] "GET /xingrg/all/common/auto_word.html?type=employee&rest_code=00106 HTTP/1.1" 200 205
117.185.32.26 - - [18/Aug/2020:10:31:41 +0800] "GET /xingrg/javascript/easyui/themes/default/validatebox.css HTTP/1.1" 404 1104
120.253.135.82 - - [18/Aug/2020:10:31:42 +0800] "POST /xingrg/kc/buy/cgsh_order_operate.html HTTP/1.1" 200 37
117.185.32.26 - - [18/Aug/2020:10:31:42 +0800] "GET /xingrg/javascript/easyui/themes/default/tree.css HTTP/1.1" 404 1090
117.185.32.26 - - [18/Aug/2020:10:31:42 +0800] "POST /xingrg/all/common/load_tree.html?tree=supplier_tree_json&isDelete=1 HTTP/1.1" 200 49675
120.253.135.82 - - [18/Aug/2020:10:31:43 +0800] "POST /xingrg/kc/buy/cgsh_order_operate.html HTTP/1.1" 200 12
58.40.7.146 - - [18/Aug/2020:10:31:44 +0800] "GET /xingrg/all/function/internal_message.html?_=1597717903805&CODE_STATE=getMsg HTTP/1.1" 200 27
120.253.135.82 - - [18/Aug/2020:10:31:45 +0800] "GET /xingrg/kc/buy/cgsh_order_info.html?code=212020081807571 HTTP/1.1" 200 53516
120.253.135.82 - - [18/Aug/2020:10:31:45 +0800] "GET /xingrg/javascript/easyui/themes/default/validatebox.css HTTP/1.1" 404 1104
120.253.135.82 - - [18/Aug/2020:10:31:45 +0800] "POST /xingrg/kc/buy/cgsh_order_operate.html HTTP/1.1" 200 627
61.172.5.115 - - [18/Aug/2020:10:31:47 +0800] "GET /xingrg/kc/buy/cgsh_order_add.html HTTP/1.1" 200 59379
61.172.5.115 - - [18/Aug/2020:10:31:47 +0800] "GET /xingrg/javascript/easyui/themes/default/validatebox.css HTTP/1.1" 404 1104
61.172.5.115 - - [18/Aug/2020:10:31:47 +0800] "POST /xingrg/kc/buy/cgsh_order_operate.html HTTP/1.1" 200 8245
120.253.135.82 - - [18/Aug/2020:10:31:47 +0800] "GET /xingrg/kc/print/load_data.html?order_code=212020081807571&kc_code=cgsh&condition= HTTP/1.1" 200 724
120.253.135.82 - - [18/Aug/2020:10:31:48 +0800] "GET /xingrg/check_reg.html?_=1597717659516 HTTP/1.1" 200 22
218.81.217.115 - - [18/Aug/2020:10:31:48 +0800] "GET /xingrg/kc/buy/cgsh_order_operate.html?command=get_materiel&rest_code=00146&code=00101005037&supplier_code=00100041&order_time=2020-08-18 HTTP/1.1" 200 409
116.230.74.197 - - [18/Aug/2020:10:31:50 +0800] "GET /xingrg/kc/buy/cgsh_order_operate.html?command=get_materiel&rest_code=00107&code=00101004065&supplier_code=00100086&order_time=2020-08-18 HTTP/1.1" 200 432
114.86.228.62 - - [18/Aug/2020:10:31:51 +0800] "GET /xingrg/all/function/internal_message.html?_=1597717963656&CODE_STATE=getMsg HTTP/1.1" 200 27
116.230.74.197 - - [18/Aug/2020:10:31:54 +0800] "GET /xingrg/all/function/internal_message.html?_=1597717914141&CODE_STATE=getMsg HTTP/1.1" 200 27
172.17.0.120 - - [18/Aug/2020:10:31:55 +0800] "GET /xingrg/all/function/internal_message.html?_=1597717913399&CODE_STATE=getMsg HTTP/1.1" 200 27
114.88.165.122 - - [18/Aug/2020:10:31:55 +0800] "GET /xingrg/all/function/internal_message.html?_=1597717913926&CODE_STATE=getMsg HTTP/1.1" 200 27
172.17.0.114 - - [18/Aug/2020:10:31:56 +0800] "GET /xingrg/all/function/internal_message.html?_=1597717914784&CODE_STATE=getMsg HTTP/1.1" 200 27
218.81.217.115 - - [18/Aug/2020:10:31:56 +0800] "GET /xingrg/kc/buy/cgsh_order_operate.html?command=get_materiel&rest_code=00146&code=00101002027&supplier_code=00100041&order_time=2020-08-18 HTTP/1.1" 200 413
180.157.251.101 - - [18/Aug/2020:10:31:59 +0800] "GET /xingrg/all/function/internal_message.html?_=1597717920080&CODE_STATE=getMsg HTTP/1.1" 200 27
116.230.74.197 - - [18/Aug/2020:10:32:01 +0800] "POST /xingrg/kc/buy/cgsh_order_operate.html HTTP/1.1" 200 37
116.230.74.197 - - [18/Aug/2020:10:32:02 +0800] "POST /xingrg/kc/buy/cgsh_order_operate.html HTTP/1.1" 200 2660
116.230.74.197 - - [18/Aug/2020:10:32:03 +0800] "GET /xingrg/kc/print/load_data.html?order_code=212020081807573&kc_code=cgsh&condition= HTTP/1.1" 200 736
117.185.32.26 - - [18/Aug/2020:10:32:04 +0800] "GET /xingrg/javascript/auto/indicator.gif HTTP/1.1" 404 1066
172.17.0.120 - - [18/Aug/2020:10:32:04 +0800] "POST /xingrg/kc/base/check_list_operate.html HTTP/1.1" 200 781
117.185.32.26 - - [18/Aug/2020:10:32:07 +0800] "GET /xingrg/kc/buy/cgsh_order_operate.html?command=get_materiel&rest_code=00106&code=00101006084&supplier_code=00100016&order_time=2020-08-18 HTTP/1.1" 200 415
116.230.74.197 - - [18/Aug/2020:10:32:07 +0800] "GET /xingrg/kc/buy/cgsh_order_add.html HTTP/1.1" 200 59426
116.230.74.197 - - [18/Aug/2020:10:32:07 +0800] "GET /xingrg/javascript/easyui/themes/default/validatebox.css HTTP/1.1" 404 1104
218.81.217.115 - - [18/Aug/2020:10:32:08 +0800] "GET /xingrg/kc/buy/cgsh_order_operate.html?command=get_materiel&rest_code=00146&code=00101006161&supplier_code=00100041&order_time=2020-08-18 HTTP/1.1" 200 409
116.230.74.197 - - [18/Aug/2020:10:32:08 +0800] "POST /xingrg/kc/buy/cgsh_order_operate.html HTTP/1.1" 200 8245
116.230.74.197 - - [18/Aug/2020:10:32:08 +0800] "GET /xingrg/javascript/easyui/themes/default/tree.css HTTP/1.1" 404 1090
116.230.74.197 - - [18/Aug/2020:10:32:08 +0800] "POST /xingrg/all/common/load_tree.html?tree=supplier_tree_json&isDelete=1 HTTP/1.1" 200 49675
172.17.0.120 - - [18/Aug/2020:10:32:09 +0800] "POST /xingrg/kc/base/check_list_operate.html HTTP/1.1" 200 5412
114.89.80.44 - - [18/Aug/2020:10:32:11 +0800] "GET /xingrg/all/function/internal_message.html?_=1597717930290&CODE_STATE=getMsg HTTP/1.1" 200 27
218.81.217.115 - - [18/Aug/2020:10:32:12 +0800] "GET /xingrg/all/function/internal_message.html?_=1597717935890&CODE_STATE=getMsg HTTP/1.1" 200 27
172.17.0.101 - - [18/Aug/2020:10:32:12 +0800] "GET /xingrg/all/function/internal_message.html?_=1597717935471&CODE_STATE=getMsg HTTP/1.1" 302 -
172.17.0.120 - - [18/Aug/2020:10:32:13 +0800] "GET /xingrg/kc/report/report_main.html HTTP/1.1" 200 7325
172.17.0.120 - - [18/Aug/2020:10:32:17 +0800] "GET /xingrg/kc/cost/cost_list.html HTTP/1.1" 200 6073
172.17.0.120 - - [18/Aug/2020:10:32:17 +0800] "GET /xingrg/dwr/interface/AjaxReportQueryService.js HTTP/1.1" 200 13203
172.17.0.120 - - [18/Aug/2020:10:32:17 +0800] "GET /xingrg/dwr/engine.js HTTP/1.1" 200 43631
172.17.0.120 - - [18/Aug/2020:10:32:18 +0800] "GET /xingrg/kc/cost/cost_operate.html?_=1597717935799&command=load_cost_list HTTP/1.1" 200 3582
58.221.95.50 - - [18/Aug/2020:10:32:18 +0800] "GET /xingrg/all/function/internal_message.html?_=1597718068899&CODE_STATE=getMsg HTTP/1.1" 200 27
172.17.0.120 - - [18/Aug/2020:10:32:18 +0800] "GET /xingrg/kc/cost/cost_page.html HTTP/1.1" 200 4078
172.17.0.120 - - [18/Aug/2020:10:32:18 +0800] "GET /xingrg/dwr/interface/AjaxReportQueryService.js HTTP/1.1" 200 13203
172.17.0.120 - - [18/Aug/2020:10:32:18 +0800] "GET /xingrg/dwr/engine.js HTTP/1.1" 200 43631
58.221.95.50 - - [18/Aug/2020:10:32:19 +0800] "GET /xingrg/check_reg.html?_=1597718069259 HTTP/1.1" 200 22
218.81.217.115 - - [18/Aug/2020:10:32:20 +0800] "POST /xingrg/kc/buy/cgsh_order_operate.html HTTP/1.1" 200 37
114.86.228.62 - - [18/Aug/2020:10:32:20 +0800] "GET /xingrg/kc/buy/cgsh_order_operate.html?command=get_materiel&rest_code=00109&code=00101009007&supplier_code=00100022&order_time=2020-08-18 HTTP/1.1" 200 408
218.81.217.115 - - [18/Aug/2020:10:32:21 +0800] "POST /xingrg/kc/buy/cgsh_order_operate.html HTTP/1.1" 200 4430
114.88.165.122 - - [18/Aug/2020:10:32:22 +0800] "GET /xingrg/all/function/internal_message.html?_=1597717987922&CODE_STATE=getMsg HTTP/1.1" 200 27
114.89.80.44 - - [18/Aug/2020:10:32:22 +0800] "GET /xingrg/kc/buy/cgsh_order_operate.html?command=get_materiel&rest_code=00151&code=00102006155&supplier_code=00100076&order_time=2020-08-18 HTTP/1.1" 200 402
116.230.74.197 - - [18/Aug/2020:10:32:22 +0800] "GET /xingrg/kc/buy/cgsh_order_operate.html?command=get_materiel&rest_code=00107&code=00101002006&supplier_code=00100091&order_time=2020-08-18 HTTP/1.1" 200 414
218.81.217.115 - - [18/Aug/2020:10:32:25 +0800] "GET /xingrg/kc/print/load_data.html?order_code=212020081807574&kc_code=cgsh&condition= HTTP/1.1" 200 1368
172.17.0.120 - - [18/Aug/2020:10:32:26 +0800] "POST /xingrg/kc/cost/cost_operate.html HTTP/1.1" 200 4
114.89.80.44 - - [18/Aug/2020:10:32:26 +0800] "GET /xingrg/check_reg.html?_=1597718065488 HTTP/1.1" 200 22
114.89.80.44 - - [18/Aug/2020:10:32:26 +0800] "GET /xingrg/all/function/internal_message.html?_=1597718065677&CODE_STATE=getMsg HTTP/1.1" 200 27
172.17.0.120 - - [18/Aug/2020:10:32:27 +0800] "GET /xingrg/kc/cost/cost_page.html HTTP/1.1" 200 4348
172.17.0.120 - - [18/Aug/2020:10:32:27 +0800] "GET /xingrg/css/blue.css HTTP/1.1" 304 -
172.17.0.120 - - [18/Aug/2020:10:32:27 +0800] "GET /xingrg/javascript/jquery_easy_ui/themes/default/easyui.css HTTP/1.1" 304 -
172.17.0.120 - - [18/Aug/2020:10:32:27 +0800] "GET /xingrg/javascript/jquery_easy_ui/themes/icon.css HTTP/1.1" 304 -
172.17.0.120 - - [18/Aug/2020:10:32:27 +0800] "GET /xingrg/javascript/step/step.css HTTP/1.1" 304 -
172.17.0.120 - - [18/Aug/2020:10:32:27 +0800] "GET /xingrg/css/table.css HTTP/1.1" 304 -
172.17.0.120 - - [18/Aug/2020:10:32:27 +0800] "GET /xingrg/dwr/interface/AjaxReportQueryService.js HTTP/1.1" 200 13203
172.17.0.120 - - [18/Aug/2020:10:32:27 +0800] "GET /xingrg/dwr/engine.js HTTP/1.1" 200 43631
172.17.0.120 - - [18/Aug/2020:10:32:27 +0800] "GET /xingrg/dwr/util.js HTTP/1.1" 304 -
172.17.0.120 - - [18/Aug/2020:10:32:27 +0800] "GET /xingrg/javascript/jquery-1.4.2.min.js HTTP/1.1" 304 -
172.17.0.120 - - [18/Aug/2020:10:32:27 +0800] "GET /xingrg/javascript/jquery_easy_ui/jquery.easyui.min.js HTTP/1.1" 304 -
172.17.0.120 - - [18/Aug/2020:10:32:27 +0800] "GET /xingrg/javascript/jquery_easy_ui/easyui-lang-zh_CN.js HTTP/1.1" 304 -
172.17.0.120 - - [18/Aug/2020:10:32:27 +0800] "GET /xingrg/javascript/jquery.utils.js HTTP/1.1" 304 -
172.17.0.120 - - [18/Aug/2020:10:32:27 +0800] "GET /xingrg/images/control/ajaxLoader.gif HTTP/1.1" 304 -
172.17.200.101 - - [18/Aug/2020:10:32:29 +0800] "GET /xingrg/check_reg.html?_=1597717950229 HTTP/1.1" 200 22
172.17.200.101 - - [18/Aug/2020:10:32:29 +0800] "GET /xingrg/all/function/internal_message.html?_=1597717950234&CODE_STATE=getMsg HTTP/1.1" 200 27
114.86.228.62 - - [18/Aug/2020:10:32:30 +0800] "GET /xingrg/kc/buy/cgsh_order_operate.html?command=get_materiel&rest_code=00109&code=00101009113&supplier_code=00100022&order_time=2020-08-18 HTTP/1.1" 200 398
117.185.32.26 - - [18/Aug/2020:10:32:32 +0800] "GET /xingrg/all/function/internal_message.html?_=1597717949817&CODE_STATE=getMsg HTTP/1.1" 200 27
117.184.7.26 - - [18/Aug/2020:10:32:37 +0800] "GET /xingrg/all/function/internal_message.html?_=1597717952967&CODE_STATE=getMsg HTTP/1.1" 200 27
61.172.5.115 - - [18/Aug/2020:10:32:37 +0800] "GET /xingrg/all/function/internal_message.html?_=1597717957484&CODE_STATE=getMsg HTTP/1.1" 200 27
180.175.214.200 - - [18/Aug/2020:10:32:38 +0800] "GET /xingrg/all/function/internal_message.html?_=1597718163911&CODE_STATE=getMsg HTTP/1.1" 200 27
116.230.74.197 - - [18/Aug/2020:10:32:39 +0800] "GET /xingrg/kc/buy/cgsh_order_operate.html?command=get_materiel&rest_code=00107&code=00101003037&supplier_code=00100091&order_time=2020-08-18 HTTP/1.1" 200 415
180.157.251.101 - - [18/Aug/2020:10:32:39 +0800] "GET /xingrg/check_reg.html?_=1597717959985 HTTP/1.1" 200 22
101.83.241.175 - - [18/Aug/2020:10:32:40 +0800] "GET /xingrg/all/function/internal_message.html?_=1597717957696&CODE_STATE=getMsg HTTP/1.1" 200 27
101.83.241.175 - - [18/Aug/2020:10:32:41 +0800] "GET /xingrg/check_reg.html?_=1597717958744 HTTP/1.1" 200 22
218.81.217.115 - - [18/Aug/2020:10:32:43 +0800] "GET /xingrg/kc/buy/cgsh_order_add.html HTTP/1.1" 200 59385
218.81.217.115 - - [18/Aug/2020:10:32:43 +0800] "GET /xingrg/javascript/easyui/themes/default/validatebox.css HTTP/1.1" 404 1104
218.81.217.115 - - [18/Aug/2020:10:32:43 +0800] "POST /xingrg/kc/buy/cgsh_order_operate.html HTTP/1.1" 200 8245
58.40.7.146 - - [18/Aug/2020:10:32:44 +0800] "GET /xingrg/all/function/internal_message.html?_=1597717963808&CODE_STATE=getMsg HTTP/1.1" 200 27
116.230.74.197 - - [18/Aug/2020:10:32:49 +0800] "POST /xingrg/kc/buy/cgsh_order_operate.html HTTP/1.1" 200 37
114.86.228.62 - - [18/Aug/2020:10:32:49 +0800] "GET /xingrg/all/function/internal_message.html?_=1597718023656&CODE_STATE=getMsg HTTP/1.1" 200 27
116.230.74.197 - - [18/Aug/2020:10:32:50 +0800] "POST /xingrg/kc/buy/cgsh_order_operate.html HTTP/1.1" 200 3259
116.230.74.197 - - [18/Aug/2020:10:32:52 +0800] "GET /xingrg/kc/print/load_data.html?order_code=212020081807575&kc_code=cgsh&condition= HTTP/1.1" 200 969
172.17.0.120 - - [18/Aug/2020:10:32:54 +0800] "POST /xingrg/kc/cost/cost_operate.html HTTP/1.1" 200 4
116.230.74.197 - - [18/Aug/2020:10:32:54 +0800] "GET /xingrg/all/function/internal_message.html?_=1597717974142&CODE_STATE=getMsg HTTP/1.1" 200 27
114.86.228.62 - - [18/Aug/2020:10:32:55 +0800] "POST /xingrg/kc/buy/cgsh_order_operate.html HTTP/1.1" 200 37
172.17.0.120 - - [18/Aug/2020:10:32:55 +0800] "GET /xingrg/kc/cost/cost_page.html HTTP/1.1" 200 4078
172.17.0.120 - - [18/Aug/2020:10:32:55 +0800] "GET /xingrg/css/blue.css HTTP/1.1" 304 -
172.17.0.120 - - [18/Aug/2020:10:32:55 +0800] "GET /xingrg/javascript/jquery_easy_ui/themes/default/easyui.css HTTP/1.1" 304 -
172.17.0.120 - - [18/Aug/2020:10:32:55 +0800] "GET /xingrg/javascript/jquery_easy_ui/themes/icon.css HTTP/1.1" 304 -
172.17.0.120 - - [18/Aug/2020:10:32:55 +0800] "GET /xingrg/javascript/step/step.css HTTP/1.1" 304 -
172.17.0.120 - - [18/Aug/2020:10:32:55 +0800] "GET /xingrg/css/table.css HTTP/1.1" 304 -
172.17.0.120 - - [18/Aug/2020:10:32:55 +0800] "GET /xingrg/dwr/interface/AjaxReportQueryService.js HTTP/1.1" 200 13203
172.17.0.120 - - [18/Aug/2020:10:32:55 +0800] "GET /xingrg/dwr/engine.js HTTP/1.1" 200 43631
172.17.0.120 - - [18/Aug/2020:10:32:55 +0800] "GET /xingrg/dwr/util.js HTTP/1.1" 304 -
172.17.0.120 - - [18/Aug/2020:10:32:55 +0800] "GET /xingrg/javascript/jquery-1.4.2.min.js HTTP/1.1" 304 -
172.17.0.120 - - [18/Aug/2020:10:32:55 +0800] "GET /xingrg/javascript/jquery_easy_ui/jquery.easyui.min.js HTTP/1.1" 304 -
172.17.0.120 - - [18/Aug/2020:10:32:55 +0800] "GET /xingrg/javascript/jquery_easy_ui/easyui-lang-zh_CN.js HTTP/1.1" 304 -
172.17.0.120 - - [18/Aug/2020:10:32:55 +0800] "GET /xingrg/javascript/jquery.utils.js HTTP/1.1" 304 -
172.17.0.120 - - [18/Aug/2020:10:32:55 +0800] "GET /xingrg/images/control/ajaxLoader.gif HTTP/1.1" 304 -
172.17.0.120 - - [18/Aug/2020:10:32:55 +0800] "GET /xingrg/all/function/internal_message.html?_=1597717973431&CODE_STATE=getMsg HTTP/1.1" 200 27
114.86.228.62 - - [18/Aug/2020:10:32:55 +0800] "POST /xingrg/kc/buy/cgsh_order_operate.html HTTP/1.1" 200 5034
114.88.165.122 - - [18/Aug/2020:10:32:55 +0800] "GET /xingrg/all/function/internal_message.html?_=1597717974031&CODE_STATE=getMsg HTTP/1.1" 200 27
116.230.74.197 - - [18/Aug/2020:10:32:56 +0800] "GET /xingrg/kc/buy/cgsh_order_add.html HTTP/1.1" 200 59426
172.17.0.114 - - [18/Aug/2020:10:32:56 +0800] "GET /xingrg/all/function/internal_message.html?_=1597717974788&CODE_STATE=getMsg HTTP/1.1" 200 27
172.17.0.114 - - [18/Aug/2020:10:32:56 +0800] "GET /xingrg/check_reg.html?_=1597717975144 HTTP/1.1" 200 22
116.230.74.197 - - [18/Aug/2020:10:32:57 +0800] "GET /xingrg/javascript/easyui/themes/default/validatebox.css HTTP/1.1" 404 1104
116.230.74.197 - - [18/Aug/2020:10:32:57 +0800] "POST /xingrg/kc/buy/cgsh_order_operate.html HTTP/1.1" 200 8245
172.17.0.120 - - [18/Aug/2020:10:32:57 +0800] "GET /xingrg/kc/report/report_main.html HTTP/1.1" 200 7325
116.230.74.197 - - [18/Aug/2020:10:32:57 +0800] "GET /xingrg/javascript/easyui/themes/default/tree.css HTTP/1.1" 404 1090
116.230.74.197 - - [18/Aug/2020:10:32:57 +0800] "POST /xingrg/all/common/load_tree.html?tree=supplier_tree_json&isDelete=1 HTTP/1.1" 200 49675
172.17.0.120 - - [18/Aug/2020:10:32:58 +0800] "GET /xingrg/kc/base/crk_hz.html HTTP/1.1" 200 11227
114.86.228.62 - - [18/Aug/2020:10:32:59 +0800] "GET /xingrg/kc/print/load_config.html?kc_code=cgsh HTTP/1.1" 200 1845
172.17.0.120 - - [18/Aug/2020:10:32:59 +0800] "POST /xingrg/kc/cost/cost_operate.html?command=get_base_tree HTTP/1.1" 200 2314
172.17.0.120 - - [18/Aug/2020:10:32:59 +0800] "POST /xingrg/all/common/load_tree.html?tree=materiel_sort_tree_json HTTP/1.1" 200 8666
114.86.228.62 - - [18/Aug/2020:10:32:59 +0800] "GET /xingrg/kc/print/load_data.html?order_code=212020081807576&kc_code=cgsh&condition= HTTP/1.1" 200 1617
180.157.251.101 - - [18/Aug/2020:10:32:59 +0800] "GET /xingrg/all/function/internal_message.html?_=1597717980077&CODE_STATE=getMsg HTTP/1.1" 200 27
114.89.80.44 - - [18/Aug/2020:10:33:00 +0800] "GET /xingrg/kc/buy/cgsh_order_operate.html?command=get_materiel&rest_code=00151&code=00102032035&supplier_code=00100076&order_time=2020-08-18 HTTP/1.1" 200 415
114.86.228.62 - - [18/Aug/2020:10:33:07 +0800] "GET /xingrg/kc/buy/cgsh_order_add.html HTTP/1.1" 200 59426
114.86.228.62 - - [18/Aug/2020:10:33:07 +0800] "POST /xingrg/kc/buy/cgsh_order_operate.html HTTP/1.1" 200 8245
114.86.228.62 - - [18/Aug/2020:10:33:07 +0800] "GET /xingrg/all/common/auto_word.html?type=employee&rest_code=00109 HTTP/1.1" 200 255
114.86.228.62 - - [18/Aug/2020:10:33:07 +0800] "GET /xingrg/all/common/auto_word.html?type=employee&rest_code=00109 HTTP/1.1" 200 255
114.86.228.62 - - [18/Aug/2020:10:33:07 +0800] "GET /xingrg/javascript/easyui/themes/default/validatebox.css HTTP/1.1" 404 1104
172.17.0.120 - - [18/Aug/2020:10:33:09 +0800] "GET /xingrg/kc/base/crk_hz.html?_=1597717986976&command=get_cost_id&end_date=2020-08-16&start_date=2020-08-01 HTTP/1.1" 200 51
172.17.0.120 - - [18/Aug/2020:10:33:09 +0800] "GET /xingrg/all/report/report_query.html?isQuery=1&onlyBody=1&rh=99999&rw=1800&varString=start:20200801,cost_id:2768,mid:20200801&fileName=kc/base/crk_hz_type_by_base.xml&queryString=%20a.base_code%20in%20('0010484')%20%20and%20m.sort_code%20in%20('00101001','00101002','00101003','00101004','00101005','00101006','00101007','00101008','00101009','00101010','00101011','00101012','00101013','00101014','00101015','00101016','00101017','00101018','00101019','00101020','00101021','00101022','00101023','00101024','00101025','00101026','00101027','00101028','00101029','00101030','00101031','00101032','00101033','00101034','00101036','00101037','00101038','00101039')%20&queryText=ÈÕÆÚ£º2020-08-01ÖÁ2020-08-16%20²Ö¿â£ºÀä²Ë&tableQueryString=materiel_table$sp1$$sp$before_table$sp1$$sp$crk_table$sp1$order_day%20between%2020200801%20and%2020200816 HTTP/1.1" 200 49764
172.17.0.120 - - [18/Aug/2020:10:33:09 +0800] "GET /xingrg/dwr/interface/AjaxReportQueryService.js HTTP/1.1" 200 13203
172.17.0.120 - - [18/Aug/2020:10:33:09 +0800] "GET /xingrg/dwr/engine.js HTTP/1.1" 200 43631
172.17.0.120 - - [18/Aug/2020:10:33:10 +0800] "POST /xingrg/all/report/load_report_page.html HTTP/1.1" 200 94420
172.17.0.120 - - [18/Aug/2020:10:33:10 +0800] "GET /xingrg/servlets/image?cache=0.985267679037027&image=px HTTP/1.1" 200 807
114.89.80.44 - - [18/Aug/2020:10:33:11 +0800] "GET /xingrg/all/function/internal_message.html?_=1597717990298&CODE_STATE=getMsg HTTP/1.1" 200 27
218.81.217.115 - - [18/Aug/2020:10:33:12 +0800] "GET /xingrg/all/function/internal_message.html?_=1597717995926&CODE_STATE=getMsg HTTP/1.1" 200 27
172.17.0.101 - - [18/Aug/2020:10:33:13 +0800] "GET /xingrg/all/function/internal_message.html?_=1597717995605&CODE_STATE=getMsg HTTP/1.1" 302 -
117.185.32.26 - - [18/Aug/2020:10:33:13 +0800] "POST /xingrg/kc/buy/cgsh_order_operate.html HTTP/1.1" 200 37
218.81.217.115 - - [18/Aug/2020:10:33:14 +0800] "GET /xingrg/kc/buy/cgsh_order_operate.html?command=get_materiel&rest_code=00146&code=00101006057&supplier_code=00100012&order_time=2020-08-18 HTTP/1.1" 200 413
114.86.228.62 - - [18/Aug/2020:10:33:15 +0800] "GET /xingrg/javascript/jquery_tools/images/prev.gif HTTP/1.1" 404 1086
114.86.228.62 - - [18/Aug/2020:10:33:15 +0800] "GET /xingrg/javascript/jquery_tools/images/next.gif HTTP/1.1" 404 1086
117.185.32.26 - - [18/Aug/2020:10:33:15 +0800] "POST /xingrg/kc/buy/cgsh_order_operate.html HTTP/1.1" 200 12
117.185.32.26 - - [18/Aug/2020:10:33:18 +0800] "GET /xingrg/kc/buy/cgsh_order_info.html?code=212020081807577 HTTP/1.1" 200 54290
116.230.74.197 - - [18/Aug/2020:10:33:18 +0800] "GET /xingrg/kc/buy/cgsh_order_operate.html?command=get_materiel&rest_code=00107&code=00101007032&supplier_code=00100328&order_time=2020-08-18 HTTP/1.1" 200 413
117.185.32.26 - - [18/Aug/2020:10:33:18 +0800] "GET /xingrg/javascript/easyui/themes/default/validatebox.css HTTP/1.1" 404 1104
58.221.95.50 - - [18/Aug/2020:10:33:18 +0800] "GET /xingrg/all/function/internal_message.html?_=1597718128877&CODE_STATE=getMsg HTTP/1.1" 200 27
117.185.32.26 - - [18/Aug/2020:10:33:18 +0800] "POST /xingrg/kc/buy/cgsh_order_operate.html HTTP/1.1" 200 609
117.185.32.26 - - [18/Aug/2020:10:33:20 +0800] "GET /xingrg/kc/print/load_config.html?kc_code=cgsh HTTP/1.1" 200 1845
114.86.228.62 - - [18/Aug/2020:10:33:20 +0800] "GET /xingrg/kc/buy/cgsh_order_operate.html?command=get_materiel&rest_code=00109&code=00101001111&supplier_code=00100038&order_time=2020-08-18 HTTP/1.1" 200 408
117.185.32.26 - - [18/Aug/2020:10:33:20 +0800] "GET /xingrg/kc/print/load_data.html?order_code=212020081807577&kc_code=cgsh&condition= HTTP/1.1" 200 762
114.88.165.122 - - [18/Aug/2020:10:33:22 +0800] "GET /xingrg/all/function/internal_message.html?_=1597718047919&CODE_STATE=getMsg HTTP/1.1" 200 27
114.88.165.122 - - [18/Aug/2020:10:33:22 +0800] "GET /xingrg/check_reg.html?_=1597718047920 HTTP/1.1" 200 22
172.17.0.120 - - [18/Aug/2020:10:33:22 +0800] "GET /xingrg/kc/cost/cost_list.html HTTP/1.1" 200 6073
172.17.0.120 - - [18/Aug/2020:10:33:22 +0800] "GET /xingrg/dwr/interface/AjaxReportQueryService.js HTTP/1.1" 200 13203
172.17.0.120 - - [18/Aug/2020:10:33:22 +0800] "GET /xingrg/dwr/engine.js HTTP/1.1" 200 43631
172.17.0.120 - - [18/Aug/2020:10:33:22 +0800] "GET /xingrg/kc/cost/cost_operate.html?_=1597718000433&command=load_cost_list HTTP/1.1" 200 3780
114.89.80.44 - - [18/Aug/2020:10:33:25 +0800] "POST /xingrg/kc/buy/cgsh_order_operate.html HTTP/1.1" 200 37
218.81.217.115 - - [18/Aug/2020:10:33:26 +0800] "GET /xingrg/kc/buy/cgsh_order_operate.html?command=get_materiel&rest_code=00146&code=00101006130&supplier_code=00100012&order_time=2020-08-18 HTTP/1.1" 200 427
114.89.80.44 - - [18/Aug/2020:10:33:26 +0800] "GET /xingrg/all/function/internal_message.html?_=1597718125691&CODE_STATE=getMsg HTTP/1.1" 200 27
114.86.228.62 - - [18/Aug/2020:10:33:27 +0800] "POST /xingrg/kc/buy/cgsh_order_operate.html HTTP/1.1" 200 37
116.230.74.197 - - [18/Aug/2020:10:33:28 +0800] "POST /xingrg/kc/buy/cgsh_order_operate.html HTTP/1.1" 200 37
117.185.32.26 - - [18/Aug/2020:10:33:28 +0800] "GET /xingrg/kc/buy/cgsh_order_add.html HTTP/1.1" 200 59385
114.86.228.62 - - [18/Aug/2020:10:33:28 +0800] "POST /xingrg/kc/buy/cgsh_order_operate.html HTTP/1.1" 200 2653
117.185.32.26 - - [18/Aug/2020:10:33:29 +0800] "GET /xingrg/javascript/easyui/themes/default/validatebox.css HTTP/1.1" 404 1104
117.185.32.26 - - [18/Aug/2020:10:33:29 +0800] "POST /xingrg/kc/buy/cgsh_order_operate.html HTTP/1.1" 200 8245
114.89.80.44 - - [18/Aug/2020:10:33:29 +0800] "POST /xingrg/kc/buy/cgsh_order_operate.html HTTP/1.1" 200 12
116.230.74.197 - - [18/Aug/2020:10:33:29 +0800] "POST /xingrg/kc/buy/cgsh_order_operate.html HTTP/1.1" 200 2657
172.17.200.101 - - [18/Aug/2020:10:33:29 +0800] "GET /xingrg/all/function/internal_message.html?_=1597718010238&CODE_STATE=getMsg HTTP/1.1" 200 27
117.185.32.26 - - [18/Aug/2020:10:33:30 +0800] "GET /xingrg/javascript/easyui/themes/default/tree.css HTTP/1.1" 404 1090
172.17.0.120 - - [18/Aug/2020:10:33:30 +0800] "POST /xingrg/kc/cost/cost_operate.html HTTP/1.1" 200 4
117.185.32.26 - - [18/Aug/2020:10:33:30 +0800] "POST /xingrg/all/common/load_tree.html?tree=supplier_tree_json&isDelete=1 HTTP/1.1" 200 49675
116.230.74.197 - - [18/Aug/2020:10:33:30 +0800] "GET /xingrg/kc/print/load_data.html?order_code=212020081807580&kc_code=cgsh&condition= HTTP/1.1" 200 670
114.86.228.62 - - [18/Aug/2020:10:33:31 +0800] "GET /xingrg/kc/print/load_config.html?kc_code=cgsh HTTP/1.1" 200 1845
114.86.228.62 - - [18/Aug/2020:10:33:31 +0800] "GET /xingrg/kc/print/load_data.html?order_code=212020081807579&kc_code=cgsh&condition= HTTP/1.1" 200 689
180.175.214.200 - - [18/Aug/2020:10:33:32 +0800] "GET /xingrg/check_reg.html?_=1597718217395 HTTP/1.1" 200 22
117.185.32.26 - - [18/Aug/2020:10:33:32 +0800] "GET /xingrg/all/function/internal_message.html?_=1597718009822&CODE_STATE=getMsg HTTP/1.1" 200 27
172.17.0.120 - - [18/Aug/2020:10:33:34 +0800] "GET /xingrg/kc/cost/cost_operate.html?_=1597718011888&command=load_cost_list HTTP/1.1" 200 3582
116.230.74.197 - - [18/Aug/2020:10:33:35 +0800] "GET /xingrg/kc/buy/cgsh_order_add.html HTTP/1.1" 200 59426
116.230.74.197 - - [18/Aug/2020:10:33:35 +0800] "GET /xingrg/javascript/easyui/themes/default/validatebox.css HTTP/1.1" 404 1104
116.230.74.197 - - [18/Aug/2020:10:33:35 +0800] "POST /xingrg/kc/buy/cgsh_order_operate.html HTTP/1.1" 200 8245
114.89.80.44 - - [18/Aug/2020:10:33:35 +0800] "GET /xingrg/kc/buy/cgsh_order_info.html?code=212020081807578 HTTP/1.1" 200 53918
114.89.80.44 - - [18/Aug/2020:10:33:36 +0800] "GET /xingrg/javascript/easyui/themes/default/validatebox.css HTTP/1.1" 404 1104
114.89.80.44 - - [18/Aug/2020:10:33:36 +0800] "POST /xingrg/kc/buy/cgsh_order_operate.html HTTP/1.1" 200 1234
218.81.217.115 - - [18/Aug/2020:10:33:36 +0800] "GET /xingrg/kc/buy/cgsh_order_operate.html?command=get_materiel&rest_code=00146&code=00101006109&supplier_code=00100012&order_time=2020-08-18 HTTP/1.1" 200 409
116.230.74.197 - - [18/Aug/2020:10:33:36 +0800] "GET /xingrg/javascript/easyui/themes/default/tree.css HTTP/1.1" 404 1090
116.230.74.197 - - [18/Aug/2020:10:33:37 +0800] "POST /xingrg/all/common/load_tree.html?tree=supplier_tree_json&isDelete=1 HTTP/1.1" 200 49675
117.184.7.26 - - [18/Aug/2020:10:33:37 +0800] "GET /xingrg/all/function/internal_message.html?_=1597718012938&CODE_STATE=getMsg HTTP/1.1" 200 27
61.172.5.115 - - [18/Aug/2020:10:33:37 +0800] "GET /xingrg/all/function/internal_message.html?_=1597718017450&CODE_STATE=getMsg HTTP/1.1" 200 27
180.175.214.200 - - [18/Aug/2020:10:33:38 +0800] "GET /xingrg/all/function/internal_message.html?_=1597718223916&CODE_STATE=getMsg HTTP/1.1" 200 27
114.89.80.44 - - [18/Aug/2020:10:33:39 +0800] "GET /xingrg/kc/print/load_data.html?order_code=212020081807578&kc_code=cgsh&condition= HTTP/1.1" 200 1003
101.83.241.175 - - [18/Aug/2020:10:33:40 +0800] "GET /xingrg/all/function/internal_message.html?_=1597718017681&CODE_STATE=getMsg HTTP/1.1" 200 27
114.86.228.62 - - [18/Aug/2020:10:33:41 +0800] "GET /xingrg/kc/buy/cgsh_order_add.html HTTP/1.1" 200 59426
117.185.32.26 - - [18/Aug/2020:10:33:41 +0800] "GET /xingrg/kc/buy/cgsh_order_operate.html?command=get_materiel&rest_code=00106&code=00101008146&supplier_code=00100009&order_time=2020-08-18 HTTP/1.1" 200 418
114.86.228.62 - - [18/Aug/2020:10:33:41 +0800] "POST /xingrg/kc/buy/cgsh_order_operate.html HTTP/1.1" 200 8245
114.86.228.62 - - [18/Aug/2020:10:33:41 +0800] "GET /xingrg/all/common/auto_word.html?type=employee&rest_code=00109 HTTP/1.1" 200 255
114.86.228.62 - - [18/Aug/2020:10:33:41 +0800] "GET /xingrg/all/common/auto_word.html?type=employee&rest_code=00109 HTTP/1.1" 200 255
114.86.228.62 - - [18/Aug/2020:10:33:41 +0800] "GET /xingrg/javascript/easyui/themes/default/validatebox.css HTTP/1.1" 404 1104
58.40.7.146 - - [18/Aug/2020:10:33:44 +0800] "GET /xingrg/all/function/internal_message.html?_=1597718023811&CODE_STATE=getMsg HTTP/1.1" 200 27
58.40.7.146 - - [18/Aug/2020:10:33:44 +0800] "GET /xingrg/check_reg.html?_=1597718023814 HTTP/1.1" 200 22
218.81.217.115 - - [18/Aug/2020:10:33:44 +0800] "GET /xingrg/kc/buy/cgsh_order_operate.html?command=get_materiel&rest_code=00146&code=00101006177&supplier_code=00100012&order_time=2020-08-18 HTTP/1.1" 200 409
114.86.228.62 - - [18/Aug/2020:10:33:44 +0800] "GET /xingrg/javascript/jquery_tools/images/prev.gif HTTP/1.1" 404 1086
114.86.228.62 - - [18/Aug/2020:10:33:44 +0800] "GET /xingrg/javascript/jquery_tools/images/next.gif HTTP/1.1" 404 1086
114.86.228.62 - - [18/Aug/2020:10:33:48 +0800] "GET /xingrg/kc/buy/cgsh_order_operate.html?command=get_materiel&rest_code=00109&code=00101007075&supplier_code=00100004&order_time=2020-08-18 HTTP/1.1" 200 408
114.86.228.62 - - [18/Aug/2020:10:33:49 +0800] "GET /xingrg/all/function/internal_message.html?_=1597718085980&CODE_STATE=getMsg HTTP/1.1" 200 27
120.253.135.82 - - [18/Aug/2020:10:33:50 +0800] "POST /xingrg/kc/buy/cgsh_list_operate.html HTTP/1.1" 200 876
120.253.135.82 - - [18/Aug/2020:10:33:52 +0800] "POST /xingrg/kc/buy/cgsh_list_operate.html HTTP/1.1" 200 876
120.253.135.82 - - [18/Aug/2020:10:33:52 +0800] "POST /xingrg/kc/buy/cgsh_list_operate.html HTTP/1.1" 200 876
117.185.32.26 - - [18/Aug/2020:10:33:53 +0800] "GET /xingrg/kc/buy/cgsh_order_operate.html?command=get_materiel&rest_code=00106&code=00101008134&supplier_code=00100009&order_time=2020-08-18 HTTP/1.1" 200 413
120.253.135.82 - - [18/Aug/2020:10:33:53 +0800] "GET /xingrg/kc/buy/cgsh_order_list.html HTTP/1.1" 200 43896
120.253.135.82 - - [18/Aug/2020:10:33:54 +0800] "POST /xingrg/kc/buy/cgsh_list_operate.html HTTP/1.1" 200 876
114.88.165.122 - - [18/Aug/2020:10:33:54 +0800] "GET /xingrg/check_reg.html?_=1597718032893 HTTP/1.1" 200 22
116.230.74.197 - - [18/Aug/2020:10:33:54 +0800] "GET /xingrg/all/function/internal_message.html?_=1597718034113&CODE_STATE=getMsg HTTP/1.1" 200 27
172.17.0.120 - - [18/Aug/2020:10:33:55 +0800] "GET /xingrg/kc/base/base_main.html HTTP/1.1" 200 12132
172.17.0.120 - - [18/Aug/2020:10:33:55 +0800] "GET /xingrg/all/function/internal_message.html?_=1597718033403&CODE_STATE=getMsg HTTP/1.1" 200 27
114.88.165.122 - - [18/Aug/2020:10:33:56 +0800] "GET /xingrg/all/function/internal_message.html?_=1597718034128&CODE_STATE=getMsg HTTP/1.1" 200 27
172.17.0.114 - - [18/Aug/2020:10:33:56 +0800] "GET /xingrg/all/function/internal_message.html?_=1597718034770&CODE_STATE=getMsg HTTP/1.1" 200 27
120.253.135.82 - - [18/Aug/2020:10:33:56 +0800] "GET /xingrg/kc/pszx/mdqp_order_list.html?state=10 HTTP/1.1" 200 10565
120.253.135.82 - - [18/Aug/2020:10:33:56 +0800] "GET /xingrg/dwr/interface/AjaxReportQueryService.js HTTP/1.1" 200 13203
120.253.135.82 - - [18/Aug/2020:10:33:56 +0800] "GET /xingrg/dwr/interface/AjaxQqpsService.js HTTP/1.1" 200 16326
120.253.135.82 - - [18/Aug/2020:10:33:56 +0800] "GET /xingrg/dwr/engine.js HTTP/1.1" 200 43631
114.86.228.62 - - [18/Aug/2020:10:33:56 +0800] "POST /xingrg/kc/buy/cgsh_order_operate.html HTTP/1.1" 200 37
114.86.228.62 - - [18/Aug/2020:10:33:58 +0800] "POST /xingrg/kc/buy/cgsh_order_operate.html HTTP/1.1" 200 2656
114.86.228.62 - - [18/Aug/2020:10:33:58 +0800] "GET /xingrg/kc/print/load_config.html?kc_code=cgsh HTTP/1.1" 200 1845
114.86.228.62 - - [18/Aug/2020:10:33:58 +0800] "GET /xingrg/kc/print/load_data.html?order_code=212020081807581&kc_code=cgsh&condition= HTTP/1.1" 200 717
120.253.135.82 - - [18/Aug/2020:10:33:58 +0800] "GET /xingrg/kc/pszx/mdqp_order_info.html?code=302020081800362 HTTP/1.1" 200 13350
120.253.135.82 - - [18/Aug/2020:10:33:58 +0800] "GET /xingrg/dwr/interface/AjaxQqpsService.js HTTP/1.1" 200 16326
120.253.135.82 - - [18/Aug/2020:10:33:58 +0800] "GET /xingrg/dwr/interface/AjaxComOrderService.js HTTP/1.1" 200 18264
120.253.135.82 - - [18/Aug/2020:10:33:58 +0800] "GET /xingrg/javascript/checkform.js HTTP/1.1" 200 18351
120.253.135.82 - - [18/Aug/2020:10:33:58 +0800] "GET /xingrg/dwr/engine.js HTTP/1.1" 200 43631
120.253.135.82 - - [18/Aug/2020:10:33:59 +0800] "POST /xingrg/dwr/call/plaincall/AjaxQqpsService.loadMaterielItems.dwr HTTP/1.1" 200 662
180.157.251.101 - - [18/Aug/2020:10:33:59 +0800] "GET /xingrg/all/function/internal_message.html?_=1597718040072&CODE_STATE=getMsg HTTP/1.1" 200 27
114.89.80.44 - - [18/Aug/2020:10:34:03 +0800] "GET /xingrg/kc/buy/cgsh_order_add.html HTTP/1.1" 200 59021
120.253.135.82 - - [18/Aug/2020:10:34:03 +0800] "GET /xingrg/kc/pszx/mdqp_order_list.html?isBack=1 HTTP/1.1" 302 -
120.253.135.82 - - [18/Aug/2020:10:34:03 +0800] "GET /xingrg/kc/pszx/mdqp_order_list.html?state=10 HTTP/1.1" 200 10565
120.253.135.82 - - [18/Aug/2020:10:34:03 +0800] "GET /xingrg/dwr/interface/AjaxReportQueryService.js HTTP/1.1" 200 13203
120.253.135.82 - - [18/Aug/2020:10:34:03 +0800] "GET /xingrg/dwr/engine.js HTTP/1.1" 200 43631
120.253.135.82 - - [18/Aug/2020:10:34:03 +0800] "GET /xingrg/dwr/interface/AjaxQqpsService.js HTTP/1.1" 200 16326
