114.89.80.44 - - [18/Aug/2020:09:46:29 +0800] "GET /xingrg/kc/print/load_data.html?order_code=212020081807541&kc_code=cgsh&condition= HTTP/1.1" 200 795
172.17.200.101 - - [18/Aug/2020:09:46:29 +0800] "GET /xingrg/all/function/internal_message.html?_=1597715190200&CODE_STATE=getMsg HTTP/1.1" 200 27
114.88.165.122 - - [18/Aug/2020:09:46:31 +0800] "GET /xingrg/kc/buy/cgsh_order_operate.html?command=get_materiel&rest_code=00111&code=00101016105&supplier_code=00100037&order_time=2020-08-18 HTTP/1.1" 200 409
180.175.214.200 - - [18/Aug/2020:09:46:35 +0800] "GET /xingrg/all/function/internal_message.html?_=1597715400922&CODE_STATE=getMsg HTTP/1.1" 200 27
117.184.7.30 - - [18/Aug/2020:09:46:36 +0800] "GET /xingrg/all/function/internal_message.html?_=1597715192292&CODE_STATE=getMsg HTTP/1.1" 200 27
117.184.7.30 - - [18/Aug/2020:09:46:36 +0800] "GET /xingrg/check_reg.html?_=1597715192294 HTTP/1.1" 200 22
61.172.5.115 - - [18/Aug/2020:09:46:37 +0800] "GET /xingrg/all/function/internal_message.html?_=1597715197354&CODE_STATE=getMsg HTTP/1.1" 200 27
61.172.5.115 - - [18/Aug/2020:09:46:37 +0800] "GET /xingrg/check_reg.html?_=1597715197417 HTTP/1.1" 200 22
180.157.251.101 - - [18/Aug/2020:09:46:39 +0800] "GET /xingrg/all/function/internal_message.html?_=1597715200032&CODE_STATE=getMsg HTTP/1.1" 200 27
101.83.241.175 - - [18/Aug/2020:09:46:41 +0800] "GET /xingrg/all/function/internal_message.html?_=1597715198262&CODE_STATE=getMsg HTTP/1.1" 200 27
114.88.165.122 - - [18/Aug/2020:09:46:43 +0800] "GET /xingrg/kc/buy/cgsh_order_operate.html?command=get_materiel&rest_code=00111&code=00101009051&supplier_code=00100037&order_time=2020-08-18 HTTP/1.1" 200 411
180.157.251.101 - - [18/Aug/2020:09:46:44 +0800] "GET /xingrg/kc/buy/cgsh_order_add.html HTTP/1.1" 200 59385
180.157.251.101 - - [18/Aug/2020:09:46:45 +0800] "GET /xingrg/javascript/easyui/themes/default/validatebox.css HTTP/1.1" 404 1104
180.157.251.101 - - [18/Aug/2020:09:46:45 +0800] "POST /xingrg/kc/buy/cgsh_order_operate.html HTTP/1.1" 200 8245
172.17.0.120 - - [18/Aug/2020:09:46:45 +0800] "GET /xingrg/all/function/internal_message.html?_=1597715203140&CODE_STATE=getMsg HTTP/1.1" 200 27
114.89.80.44 - - [18/Aug/2020:09:46:51 +0800] "GET /xingrg/all/function/internal_message.html?_=1597715330606&CODE_STATE=getMsg HTTP/1.1" 200 27
114.89.80.44 - - [18/Aug/2020:09:46:53 +0800] "GET /xingrg/all/function/internal_message.html?_=1597715212925&CODE_STATE=getMsg HTTP/1.1" 200 27
114.88.165.122 - - [18/Aug/2020:09:46:54 +0800] "GET /xingrg/all/function/internal_message.html?_=1597715212567&CODE_STATE=getMsg HTTP/1.1" 200 27
180.157.251.101 - - [18/Aug/2020:09:46:55 +0800] "GET /xingrg/kc/buy/cgsh_order_operate.html?command=get_materiel&rest_code=00148&code=00101006133&supplier_code=00100010&order_time=2020-08-18 HTTP/1.1" 200 413
116.230.74.197 - - [18/Aug/2020:09:46:55 +0800] "GET /xingrg/all/function/internal_message.html?_=1597715214659&CODE_STATE=getMsg HTTP/1.1" 200 27
172.17.0.114 - - [18/Aug/2020:09:46:56 +0800] "GET /xingrg/all/function/internal_message.html?_=1597715214573&CODE_STATE=getMsg HTTP/1.1" 200 27
180.157.251.101 - - [18/Aug/2020:09:47:02 +0800] "GET /xingrg/kc/buy/cgsh_order_operate.html?command=get_materiel&rest_code=00148&code=00101006195&supplier_code=00100010&order_time=2020-08-18 HTTP/1.1" 200 408
114.88.165.122 - - [18/Aug/2020:09:47:03 +0800] "POST /xingrg/kc/buy/cgsh_order_operate.html HTTP/1.1" 200 2065
218.81.217.115 - - [18/Aug/2020:09:47:10 +0800] "GET /xingrg/all/function/internal_message.html?_=1597715234016&CODE_STATE=getMsg HTTP/1.1" 200 27
172.17.0.101 - - [18/Aug/2020:09:47:10 +0800] "GET /xingrg/all/function/internal_message.html?_=1597715232813&CODE_STATE=getMsg HTTP/1.1" 302 -
114.88.165.122 - - [18/Aug/2020:09:47:10 +0800] "GET /xingrg/kc/buy/cgsh_order_operate.html?command=get_materiel&rest_code=00111&code=00101008003&supplier_code=00100037&order_time=2020-08-18 HTTP/1.1" 200 410
114.89.80.44 - - [18/Aug/2020:09:47:12 +0800] "POST /xingrg/all/user/operate.html HTTP/1.1" 200 36
114.89.80.44 - - [18/Aug/2020:09:47:12 +0800] "GET /xingrg/javascript/jquery_easy_ui/themes/default/easyui.css HTTP/1.1" 304 -
114.89.80.44 - - [18/Aug/2020:09:47:12 +0800] "GET /xingrg/index.html?sysBaseUrl=http%3A%2F%2F180.169.147.146%3A18081%2Fxingrg%2F&costTime=39×tamp=1597658594424 HTTP/1.1" 200 17179
114.89.80.44 - - [18/Aug/2020:09:47:12 +0800] "GET /xingrg/javascript/jquery_easy_ui/themes/icon.css HTTP/1.1" 304 -
114.89.80.44 - - [18/Aug/2020:09:47:12 +0800] "GET /xingrg/css/form.css HTTP/1.1" 304 -
114.89.80.44 - - [18/Aug/2020:09:47:13 +0800] "GET /xingrg/javascript/jquery-1.4.2.min.js HTTP/1.1" 304 -
114.89.80.44 - - [18/Aug/2020:09:47:13 +0800] "GET /xingrg/javascript/jquery_easy_ui/jquery.easyui.min.js HTTP/1.1" 304 -
114.89.80.44 - - [18/Aug/2020:09:47:13 +0800] "GET /xingrg/javascript/jquery_easy_ui/easyui-lang-zh_CN.js HTTP/1.1" 304 -
114.89.80.44 - - [18/Aug/2020:09:47:13 +0800] "GET /xingrg/javascript/jquery.form.js HTTP/1.1" 304 -
114.89.80.44 - - [18/Aug/2020:09:47:13 +0800] "GET /xingrg/javascript/jquery.utils.js HTTP/1.1" 304 -
114.89.80.44 - - [18/Aug/2020:09:47:13 +0800] "GET /xingrg/javascript/jquery.timers.js HTTP/1.1" 304 -
114.89.80.44 - - [18/Aug/2020:09:47:13 +0800] "GET /xingrg/images/blue/jxLogo.png HTTP/1.1" 304 -
114.89.80.44 - - [18/Aug/2020:09:47:13 +0800] "GET /xingrg/images/blue/navBackgound.jpg HTTP/1.1" 304 -
114.89.80.44 - - [18/Aug/2020:09:47:13 +0800] "GET /xingrg/javascript/jquery_easy_ui/themes/icons/settle_new.png HTTP/1.1" 304 -
114.89.80.44 - - [18/Aug/2020:09:47:13 +0800] "POST /xingrg/all/common/load_tree.html?tree=area_rest_tree_json&manage=1 HTTP/1.1" 200 476
114.89.80.44 - - [18/Aug/2020:09:47:13 +0800] "GET /xingrg/images/blue/pingpu.png HTTP/1.1" 304 -
114.89.80.44 - - [18/Aug/2020:09:47:13 +0800] "GET /xingrg/javascript/jquery_easy_ui/themes/default/images/tabs_leftarrow.png HTTP/1.1" 304 -
114.89.80.44 - - [18/Aug/2020:09:47:13 +0800] "GET /xingrg/javascript/jquery_easy_ui/themes/default/images/tabs_rightarrow.png HTTP/1.1" 304 -
114.89.80.44 - - [18/Aug/2020:09:47:13 +0800] "GET /xingrg/javascript/jquery_easy_ui/themes/default/images/panel_tool_collapse.gif HTTP/1.1" 304 -
114.89.80.44 - - [18/Aug/2020:09:47:13 +0800] "GET /xingrg/check_reg.html?_=1597715352041 HTTP/1.1" 200 22
114.89.80.44 - - [18/Aug/2020:09:47:13 +0800] "GET /xingrg/all/function/internal_message.html?_=1597715352040&CODE_STATE=count HTTP/1.1" 200 11
114.89.80.44 - - [18/Aug/2020:09:47:13 +0800] "POST /xingrg/load_menu.html HTTP/1.1" 200 5138
180.157.251.101 - - [18/Aug/2020:09:47:17 +0800] "GET /xingrg/kc/buy/cgsh_order_operate.html?command=get_materiel&rest_code=00148&code=00101006187&supplier_code=00100010&order_time=2020-08-18 HTTP/1.1" 200 415
58.221.95.50 - - [18/Aug/2020:09:47:18 +0800] "GET /xingrg/check_reg.html?_=1597715368640 HTTP/1.1" 200 22
58.221.95.50 - - [18/Aug/2020:09:47:18 +0800] "GET /xingrg/all/function/internal_message.html?_=1597715368653&CODE_STATE=getMsg HTTP/1.1" 200 27
114.89.80.44 - - [18/Aug/2020:09:47:18 +0800] "GET /xingrg/kc/buy/cgsh_order_list.html HTTP/1.1" 200 43647
114.89.80.44 - - [18/Aug/2020:09:47:19 +0800] "POST /xingrg/kc/buy/cgsh_list_operate.html HTTP/1.1" 200 876
114.88.165.122 - - [18/Aug/2020:09:47:22 +0800] "GET /xingrg/all/function/internal_message.html?_=1597715287847&CODE_STATE=getMsg HTTP/1.1" 200 27
180.157.251.101 - - [18/Aug/2020:09:47:25 +0800] "GET /xingrg/kc/buy/cgsh_order_operate.html?command=get_materiel&rest_code=00148&code=00101006130&supplier_code=00100010&order_time=2020-08-18 HTTP/1.1" 200 427
114.89.80.44 - - [18/Aug/2020:09:47:29 +0800] "GET /xingrg/kc/buy/cgsh_order_add.html HTTP/1.1" 200 59315
114.89.80.44 - - [18/Aug/2020:09:47:29 +0800] "POST /xingrg/kc/buy/cgsh_order_operate.html HTTP/1.1" 200 8245
114.89.80.44 - - [18/Aug/2020:09:47:29 +0800] "GET /xingrg/all/common/auto_word.html?type=employee&rest_code=00150 HTTP/1.1" 200 205
114.89.80.44 - - [18/Aug/2020:09:47:29 +0800] "GET /xingrg/all/common/auto_word.html?type=employee&rest_code=00150 HTTP/1.1" 200 205
114.89.80.44 - - [18/Aug/2020:09:47:29 +0800] "GET /xingrg/javascript/easyui/themes/default/validatebox.css HTTP/1.1" 404 1104
172.17.200.101 - - [18/Aug/2020:09:47:29 +0800] "GET /xingrg/all/function/internal_message.html?_=1597715250203&CODE_STATE=getMsg HTTP/1.1" 200 27
172.17.200.101 - - [18/Aug/2020:09:47:29 +0800] "GET /xingrg/check_reg.html?_=1597715250208 HTTP/1.1" 200 22
114.89.80.44 - - [18/Aug/2020:09:47:34 +0800] "GET /xingrg/javascript/auto/indicator.gif HTTP/1.1" 404 1066
180.175.214.200 - - [18/Aug/2020:09:47:35 +0800] "GET /xingrg/all/function/internal_message.html?_=1597715461022&CODE_STATE=getMsg HTTP/1.1" 200 27
117.184.7.30 - - [18/Aug/2020:09:47:36 +0800] "GET /xingrg/all/function/internal_message.html?_=1597715252293&CODE_STATE=getMsg HTTP/1.1" 200 27
61.172.5.115 - - [18/Aug/2020:09:47:37 +0800] "GET /xingrg/all/function/internal_message.html?_=1597715257354&CODE_STATE=getMsg HTTP/1.1" 200 27
180.157.251.101 - - [18/Aug/2020:09:47:39 +0800] "GET /xingrg/check_reg.html?_=1597715259879 HTTP/1.1" 200 22
180.157.251.101 - - [18/Aug/2020:09:47:39 +0800] "GET /xingrg/all/function/internal_message.html?_=1597715260023&CODE_STATE=getMsg HTTP/1.1" 200 27
101.83.241.175 - - [18/Aug/2020:09:47:41 +0800] "GET /xingrg/all/function/internal_message.html?_=1597715258245&CODE_STATE=getMsg HTTP/1.1" 200 27
101.83.241.175 - - [18/Aug/2020:09:47:41 +0800] "GET /xingrg/check_reg.html?_=1597715258824 HTTP/1.1" 200 22
114.88.165.122 - - [18/Aug/2020:09:47:42 +0800] "GET /xingrg/kc/buy/cgsh_order_operate.html?command=get_materiel&rest_code=00111&code=00101008088&supplier_code=00100037&order_time=2020-08-18 HTTP/1.1" 200 408
114.89.80.44 - - [18/Aug/2020:09:47:44 +0800] "GET /xingrg/kc/buy/cgsh_order_operate.html?command=get_materiel&rest_code=00150&code=00101001010&supplier_code=00100040&order_time=2020-08-18 HTTP/1.1" 200 408
172.17.0.120 - - [18/Aug/2020:09:47:45 +0800] "GET /xingrg/all/function/internal_message.html?_=1597715263147&CODE_STATE=getMsg HTTP/1.1" 200 27
114.89.80.44 - - [18/Aug/2020:09:47:53 +0800] "GET /xingrg/all/function/internal_message.html?_=1597715272919&CODE_STATE=getMsg HTTP/1.1" 200 27
114.88.165.122 - - [18/Aug/2020:09:47:54 +0800] "GET /xingrg/all/function/internal_message.html?_=1597715272580&CODE_STATE=getMsg HTTP/1.1" 200 27
116.230.74.197 - - [18/Aug/2020:09:47:55 +0800] "GET /xingrg/all/function/internal_message.html?_=1597715274644&CODE_STATE=getMsg HTTP/1.1" 200 27
172.17.0.114 - - [18/Aug/2020:09:47:56 +0800] "GET /xingrg/all/function/internal_message.html?_=1597715274600&CODE_STATE=getMsg HTTP/1.1" 200 27
172.17.0.114 - - [18/Aug/2020:09:47:56 +0800] "GET /xingrg/check_reg.html?_=1597715275163 HTTP/1.1" 200 22
114.89.80.44 - - [18/Aug/2020:09:48:04 +0800] "GET /xingrg/kc/buy/cgsh_order_operate.html?command=get_materiel&rest_code=00150&code=00101001084&supplier_code=00100040&order_time=2020-08-18 HTTP/1.1" 200 413
218.81.217.115 - - [18/Aug/2020:09:48:10 +0800] "GET /xingrg/all/function/internal_message.html?_=1597715294029&CODE_STATE=getMsg HTTP/1.1" 200 27
172.17.0.101 - - [18/Aug/2020:09:48:10 +0800] "GET /xingrg/all/function/internal_message.html?_=1597715292813&CODE_STATE=getMsg HTTP/1.1" 302 -
114.89.80.44 - - [18/Aug/2020:09:48:13 +0800] "GET /xingrg/all/function/internal_message.html?_=1597715412055&CODE_STATE=getMsg HTTP/1.1" 200 27
180.157.251.101 - - [18/Aug/2020:09:48:13 +0800] "GET /xingrg/kc/buy/cgsh_order_operate.html?command=get_materiel&rest_code=00148&code=00101006128&supplier_code=00100010&order_time=2020-08-18 HTTP/1.1" 200 426
114.89.80.44 - - [18/Aug/2020:09:48:17 +0800] "POST /xingrg/kc/buy/cgsh_order_operate.html HTTP/1.1" 200 37
58.221.95.50 - - [18/Aug/2020:09:48:18 +0800] "GET /xingrg/all/function/internal_message.html?_=1597715428638&CODE_STATE=getMsg HTTP/1.1" 200 27
114.89.80.44 - - [18/Aug/2020:09:48:19 +0800] "POST /xingrg/kc/buy/cgsh_order_operate.html HTTP/1.1" 200 12
114.89.80.44 - - [18/Aug/2020:09:48:20 +0800] "GET /xingrg/kc/buy/cgsh_order_info.html?code=212020081807542 HTTP/1.1" 200 54222
114.89.80.44 - - [18/Aug/2020:09:48:20 +0800] "GET /xingrg/javascript/easyui/themes/default/validatebox.css HTTP/1.1" 404 1104
114.89.80.44 - - [18/Aug/2020:09:48:20 +0800] "POST /xingrg/kc/buy/cgsh_order_operate.html HTTP/1.1" 200 1196
114.88.165.122 - - [18/Aug/2020:09:48:22 +0800] "GET /xingrg/check_reg.html?_=1597715347844 HTTP/1.1" 200 22
114.88.165.122 - - [18/Aug/2020:09:48:22 +0800] "GET /xingrg/all/function/internal_message.html?_=1597715347846&CODE_STATE=getMsg HTTP/1.1" 200 27
114.89.80.44 - - [18/Aug/2020:09:48:22 +0800] "GET /xingrg/kc/print/load_data.html?order_code=212020081807542&kc_code=cgsh&condition= HTTP/1.1" 200 1034
172.17.200.101 - - [18/Aug/2020:09:48:29 +0800] "GET /xingrg/all/function/internal_message.html?_=1597715310196&CODE_STATE=getMsg HTTP/1.1" 200 27
180.157.251.101 - - [18/Aug/2020:09:48:31 +0800] "GET /xingrg/kc/buy/cgsh_order_operate.html?command=get_materiel&rest_code=00148&code=00101006129&supplier_code=00100010&order_time=2020-08-18 HTTP/1.1" 200 431
180.175.214.200 - - [18/Aug/2020:09:48:31 +0800] "GET /xingrg/check_reg.html?_=1597715517147 HTTP/1.1" 200 22
114.89.80.44 - - [18/Aug/2020:09:48:33 +0800] "GET /xingrg/kc/buy/cgsh_order_add.html HTTP/1.1" 200 59315
114.89.80.44 - - [18/Aug/2020:09:48:33 +0800] "POST /xingrg/kc/buy/cgsh_order_operate.html HTTP/1.1" 200 8245
114.89.80.44 - - [18/Aug/2020:09:48:33 +0800] "GET /xingrg/javascript/easyui/themes/default/validatebox.css HTTP/1.1" 404 1104
114.88.165.122 - - [18/Aug/2020:09:48:35 +0800] "POST /xingrg/kc/buy/cgsh_order_operate.html HTTP/1.1" 200 37
180.175.214.200 - - [18/Aug/2020:09:48:35 +0800] "GET /xingrg/all/function/internal_message.html?_=1597715521027&CODE_STATE=getMsg HTTP/1.1" 200 27
114.89.80.44 - - [18/Aug/2020:09:48:35 +0800] "GET /xingrg/kc/buy/cgsh_order_operate.html?command=get_materiel&rest_code=00151&code=00101008355&supplier_code=00100007&order_time=2020-08-18 HTTP/1.1" 200 408
114.88.165.122 - - [18/Aug/2020:09:48:35 +0800] "POST /xingrg/kc/buy/cgsh_order_operate.html HTTP/1.1" 200 14499
117.184.7.30 - - [18/Aug/2020:09:48:36 +0800] "GET /xingrg/all/function/internal_message.html?_=1597715312294&CODE_STATE=getMsg HTTP/1.1" 200 27
114.88.165.122 - - [18/Aug/2020:09:48:37 +0800] "GET /xingrg/kc/print/load_config.html?kc_code=cgsh HTTP/1.1" 200 1845
114.88.165.122 - - [18/Aug/2020:09:48:37 +0800] "GET /xingrg/kc/print/load_data.html?order_code=212020081807543&kc_code=cgsh&condition= HTTP/1.1" 200 5182
61.172.5.115 - - [18/Aug/2020:09:48:37 +0800] "GET /xingrg/all/function/internal_message.html?_=1597715317355&CODE_STATE=getMsg HTTP/1.1" 200 27
180.157.251.101 - - [18/Aug/2020:09:48:39 +0800] "GET /xingrg/all/function/internal_message.html?_=1597715319996&CODE_STATE=getMsg HTTP/1.1" 200 27
101.83.241.175 - - [18/Aug/2020:09:48:41 +0800] "GET /xingrg/all/function/internal_message.html?_=1597715318219&CODE_STATE=getMsg HTTP/1.1" 200 27
172.17.0.120 - - [18/Aug/2020:09:48:45 +0800] "GET /xingrg/all/function/internal_message.html?_=1597715323135&CODE_STATE=getMsg HTTP/1.1" 200 27
114.89.80.44 - - [18/Aug/2020:09:48:46 +0800] "GET /xingrg/kc/buy/cgsh_order_operate.html?command=get_materiel&rest_code=00150&code=00101012039&supplier_code=00100036&order_time=2020-08-18 HTTP/1.1" 200 408
114.89.80.44 - - [18/Aug/2020:09:48:53 +0800] "GET /xingrg/all/function/internal_message.html?_=1597715332942&CODE_STATE=getMsg HTTP/1.1" 200 27
114.88.165.122 - - [18/Aug/2020:09:48:54 +0800] "GET /xingrg/check_reg.html?_=1597715332354 HTTP/1.1" 200 22
114.88.165.122 - - [18/Aug/2020:09:48:54 +0800] "GET /xingrg/all/function/internal_message.html?_=1597715332595&CODE_STATE=getMsg HTTP/1.1" 200 27
116.230.74.197 - - [18/Aug/2020:09:48:55 +0800] "GET /xingrg/all/function/internal_message.html?_=1597715334629&CODE_STATE=getMsg HTTP/1.1" 200 27
114.89.80.44 - - [18/Aug/2020:09:48:55 +0800] "GET /xingrg/kc/buy/cgsh_order_operate.html?command=get_materiel&rest_code=00151&code=00101008318&supplier_code=00100007&order_time=2020-08-18 HTTP/1.1" 200 408
172.17.0.114 - - [18/Aug/2020:09:48:56 +0800] "GET /xingrg/all/function/internal_message.html?_=1597715334603&CODE_STATE=getMsg HTTP/1.1" 200 27
114.89.80.44 - - [18/Aug/2020:09:49:01 +0800] "GET /xingrg/kc/buy/cgsh_order_operate.html?command=get_materiel&rest_code=00150&code=00101016017&supplier_code=00100036&order_time=2020-08-18 HTTP/1.1" 200 408
180.157.251.101 - - [18/Aug/2020:09:49:02 +0800] "GET /xingrg/kc/buy/cgsh_order_operate.html?command=get_materiel&rest_code=00148&code=00101006055&supplier_code=00100010&order_time=2020-08-18 HTTP/1.1" 200 409
114.89.80.44 - - [18/Aug/2020:09:49:04 +0800] "GET /xingrg/kc/buy/cgsh_order_operate.html?command=get_materiel&rest_code=00151&code=00101008300&supplier_code=00100007&order_time=2020-08-18 HTTP/1.1" 200 412
180.157.251.101 - - [18/Aug/2020:09:49:07 +0800] "GET /xingrg/kc/buy/cgsh_order_operate.html?command=get_materiel&rest_code=00148&code=00101006065&supplier_code=00100010&order_time=2020-08-18 HTTP/1.1" 200 409
114.89.80.44 - - [18/Aug/2020:09:49:07 +0800] "POST /xingrg/kc/buy/cgsh_order_operate.html HTTP/1.1" 200 2065
218.81.217.115 - - [18/Aug/2020:09:49:08 +0800] "GET /xingrg/check_reg.html?_=1597715352660 HTTP/1.1" 200 22
114.89.80.44 - - [18/Aug/2020:09:49:09 +0800] "POST /xingrg/kc/buy/cgsh_order_operate.html HTTP/1.1" 200 37
218.81.217.115 - - [18/Aug/2020:09:49:10 +0800] "GET /xingrg/all/function/internal_message.html?_=1597715354042&CODE_STATE=getMsg HTTP/1.1" 200 27
172.17.0.101 - - [18/Aug/2020:09:49:10 +0800] "GET /xingrg/all/function/internal_message.html?_=1597715352881&CODE_STATE=getMsg HTTP/1.1" 302 -
114.89.80.44 - - [18/Aug/2020:09:49:11 +0800] "POST /xingrg/kc/buy/cgsh_order_operate.html HTTP/1.1" 200 12
114.89.80.44 - - [18/Aug/2020:09:49:12 +0800] "GET /xingrg/kc/buy/cgsh_order_info.html?code=212020081807544 HTTP/1.1" 200 54224
114.89.80.44 - - [18/Aug/2020:09:49:13 +0800] "GET /xingrg/javascript/easyui/themes/default/validatebox.css HTTP/1.1" 404 1104
172.17.0.123 - - [18/Aug/2020:09:49:13 +0800] "GET /xingrg/check_reg.html?_=1597715269297 HTTP/1.1" 200 22
114.89.80.44 - - [18/Aug/2020:09:49:13 +0800] "GET /xingrg/all/function/internal_message.html?_=1597715472067&CODE_STATE=getMsg HTTP/1.1" 200 27
114.89.80.44 - - [18/Aug/2020:09:49:13 +0800] "POST /xingrg/kc/buy/cgsh_order_operate.html HTTP/1.1" 200 1186
114.89.80.44 - - [18/Aug/2020:09:49:15 +0800] "GET /xingrg/kc/print/load_data.html?order_code=212020081807544&kc_code=cgsh&condition= HTTP/1.1" 200 1011
114.89.80.44 - - [18/Aug/2020:09:49:16 +0800] "GET /xingrg/kc/buy/cgsh_order_operate.html?command=get_materiel&rest_code=00151&code=00101008354&supplier_code=00100007&order_time=2020-08-18 HTTP/1.1" 200 412
58.221.95.50 - - [18/Aug/2020:09:49:18 +0800] "GET /xingrg/all/function/internal_message.html?_=1597715488657&CODE_STATE=getMsg HTTP/1.1" 200 27
114.88.165.122 - - [18/Aug/2020:09:49:22 +0800] "GET /xingrg/all/function/internal_message.html?_=1597715407844&CODE_STATE=getMsg HTTP/1.1" 200 27
172.17.200.101 - - [18/Aug/2020:09:49:29 +0800] "GET /xingrg/all/function/internal_message.html?_=1597715370197&CODE_STATE=getMsg HTTP/1.1" 200 27
114.89.80.44 - - [18/Aug/2020:09:49:30 +0800] "GET /xingrg/kc/buy/cgsh_order_add.html HTTP/1.1" 200 59315
114.89.80.44 - - [18/Aug/2020:09:49:31 +0800] "POST /xingrg/kc/buy/cgsh_order_operate.html HTTP/1.1" 200 8245
114.89.80.44 - - [18/Aug/2020:09:49:31 +0800] "GET /xingrg/javascript/easyui/themes/default/validatebox.css HTTP/1.1" 404 1104
180.175.214.200 - - [18/Aug/2020:09:49:35 +0800] "GET /xingrg/all/function/internal_message.html?_=1597715581040&CODE_STATE=getMsg HTTP/1.1" 200 27
117.184.7.30 - - [18/Aug/2020:09:49:36 +0800] "GET /xingrg/all/function/internal_message.html?_=1597715372295&CODE_STATE=getMsg HTTP/1.1" 200 27
61.172.5.115 - - [18/Aug/2020:09:49:37 +0800] "GET /xingrg/all/function/internal_message.html?_=1597715377359&CODE_STATE=getMsg HTTP/1.1" 200 27
180.157.251.101 - - [18/Aug/2020:09:49:39 +0800] "GET /xingrg/all/function/internal_message.html?_=1597715379971&CODE_STATE=getMsg HTTP/1.1" 200 27
101.83.241.175 - - [18/Aug/2020:09:49:41 +0800] "GET /xingrg/all/function/internal_message.html?_=1597715378188&CODE_STATE=getMsg HTTP/1.1" 200 27
114.89.80.44 - - [18/Aug/2020:09:49:42 +0800] "GET /xingrg/kc/buy/cgsh_order_operate.html?command=get_materiel&rest_code=00151&code=00101008114&supplier_code=00100007&order_time=2020-08-18 HTTP/1.1" 200 412
172.17.0.120 - - [18/Aug/2020:09:49:45 +0800] "GET /xingrg/all/function/internal_message.html?_=1597715383133&CODE_STATE=getMsg HTTP/1.1" 200 27
172.17.0.120 - - [18/Aug/2020:09:49:45 +0800] "GET /xingrg/check_reg.html?_=1597715383142 HTTP/1.1" 200 22
114.89.80.44 - - [18/Aug/2020:09:49:53 +0800] "GET /xingrg/all/function/internal_message.html?_=1597715392923&CODE_STATE=getMsg HTTP/1.1" 200 27
114.88.165.122 - - [18/Aug/2020:09:49:54 +0800] "GET /xingrg/all/function/internal_message.html?_=1597715392607&CODE_STATE=getMsg HTTP/1.1" 200 27
116.230.74.197 - - [18/Aug/2020:09:49:55 +0800] "GET /xingrg/all/function/internal_message.html?_=1597715394615&CODE_STATE=getMsg HTTP/1.1" 200 27
114.88.153.118 - - [18/Aug/2020:09:49:56 +0800] "GET /xingrg/check_reg.html?_=1597715393679 HTTP/1.1" 302 -
172.17.0.114 - - [18/Aug/2020:09:49:56 +0800] "GET /xingrg/all/function/internal_message.html?_=1597715394592&CODE_STATE=getMsg HTTP/1.1" 200 27
114.89.80.44 - - [18/Aug/2020:09:49:59 +0800] "GET /xingrg/kc/buy/cgsh_order_operate.html?command=get_materiel&rest_code=00150&code=00101006068&supplier_code=00100012&order_time=2020-08-18 HTTP/1.1" 200 409
172.16.0.187 - - [18/Aug/2020:09:50:01 +0800] "GET /xingrg/check_reg.html?_=1597715400301 HTTP/1.1" 302 -
172.16.0.187 - - [18/Aug/2020:09:50:01 +0800] "GET /xingrg/all/function/internal_message.html?_=1597715400277&CODE_STATE=getMsg HTTP/1.1" 302 -
172.16.0.187 - - [18/Aug/2020:09:50:01 +0800] "GET /xingrg/login.html HTTP/1.1" 200 7636
172.16.0.187 - - [18/Aug/2020:09:50:01 +0800] "GET /xingrg/login.html HTTP/1.1" 200 7636
114.89.80.44 - - [18/Aug/2020:09:50:02 +0800] "GET /xingrg/kc/buy/cgsh_order_operate.html?command=get_materiel&rest_code=00151&code=00101008031&supplier_code=00100007&order_time=2020-08-18 HTTP/1.1" 200 413
114.89.80.44 - - [18/Aug/2020:09:50:09 +0800] "GET /xingrg/kc/buy/cgsh_order_operate.html?command=get_materiel&rest_code=00151&code=00101008356&supplier_code=00100007&order_time=2020-08-18 HTTP/1.1" 200 408
218.81.217.115 - - [18/Aug/2020:09:50:10 +0800] "GET /xingrg/all/function/internal_message.html?_=1597715414056&CODE_STATE=getMsg HTTP/1.1" 200 27
172.17.0.101 - - [18/Aug/2020:09:50:10 +0800] "GET /xingrg/all/function/internal_message.html?_=1597715412887&CODE_STATE=getMsg HTTP/1.1" 302 -
114.89.80.44 - - [18/Aug/2020:09:50:13 +0800] "GET /xingrg/all/function/internal_message.html?_=1597715532081&CODE_STATE=getMsg HTTP/1.1" 200 27
114.89.80.44 - - [18/Aug/2020:09:50:16 +0800] "GET /xingrg/kc/buy/cgsh_order_operate.html?command=get_materiel&rest_code=00150&code=00101006229&supplier_code=00100012&order_time=2020-08-18 HTTP/1.1" 200 412
58.221.95.50 - - [18/Aug/2020:09:50:18 +0800] "GET /xingrg/all/function/internal_message.html?_=1597715548653&CODE_STATE=getMsg HTTP/1.1" 200 27
114.89.80.44 - - [18/Aug/2020:09:50:21 +0800] "GET /xingrg/kc/buy/cgsh_order_operate.html?command=get_materiel&rest_code=00151&code=00101008351&supplier_code=00100007&order_time=2020-08-18 HTTP/1.1" 200 408
114.88.165.122 - - [18/Aug/2020:09:50:22 +0800] "GET /xingrg/all/function/internal_message.html?_=1597715467843&CODE_STATE=getMsg HTTP/1.1" 200 27
172.17.200.101 - - [18/Aug/2020:09:50:29 +0800] "GET /xingrg/all/function/internal_message.html?_=1597715430198&CODE_STATE=getMsg HTTP/1.1" 200 27
114.89.80.44 - - [18/Aug/2020:09:50:30 +0800] "GET /xingrg/kc/buy/cgsh_order_operate.html?command=get_materiel&rest_code=00150&code=00101006129&supplier_code=00100012&order_time=2020-08-18 HTTP/1.1" 200 431
114.89.80.44 - - [18/Aug/2020:09:50:30 +0800] "POST /xingrg/kc/buy/cgsh_order_operate.html HTTP/1.1" 200 2065
172.17.0.101 - - [18/Aug/2020:09:50:33 +0800] "GET /xingrg/check_reg.html?_=1597715436188 HTTP/1.1" 302 -
114.89.80.44 - - [18/Aug/2020:09:50:34 +0800] "GET /xingrg/kc/buy/cgsh_order_operate.html?command=get_materiel&rest_code=00151&code=00101008072&supplier_code=00100007&order_time=2020-08-18 HTTP/1.1" 200 408
180.175.214.200 - - [18/Aug/2020:09:50:35 +0800] "GET /xingrg/all/function/internal_message.html?_=1597715641130&CODE_STATE=getMsg HTTP/1.1" 200 27
117.184.7.30 - - [18/Aug/2020:09:50:36 +0800] "GET /xingrg/all/function/internal_message.html?_=1597715432295&CODE_STATE=getMsg HTTP/1.1" 200 27
61.172.5.115 - - [18/Aug/2020:09:50:37 +0800] "GET /xingrg/all/function/internal_message.html?_=1597715437386&CODE_STATE=getMsg HTTP/1.1" 200 27
180.157.251.101 - - [18/Aug/2020:09:50:39 +0800] "GET /xingrg/all/function/internal_message.html?_=1597715439963&CODE_STATE=getMsg HTTP/1.1" 200 27
101.83.241.175 - - [18/Aug/2020:09:50:41 +0800] "GET /xingrg/all/function/internal_message.html?_=1597715438159&CODE_STATE=getMsg HTTP/1.1" 200 27
114.89.80.44 - - [18/Aug/2020:09:50:41 +0800] "GET /xingrg/kc/buy/cgsh_order_operate.html?command=get_materiel&rest_code=00150&code=00101006130&supplier_code=00100012&order_time=2020-08-18 HTTP/1.1" 200 427
172.17.0.120 - - [18/Aug/2020:09:50:45 +0800] "GET /xingrg/all/function/internal_message.html?_=1597715443130&CODE_STATE=getMsg HTTP/1.1" 200 27
180.157.251.101 - - [18/Aug/2020:09:50:45 +0800] "POST /xingrg/kc/buy/cgsh_order_operate.html HTTP/1.1" 200 37
180.157.251.101 - - [18/Aug/2020:09:50:48 +0800] "POST /xingrg/kc/buy/cgsh_order_operate.html HTTP/1.1" 200 12
180.157.251.101 - - [18/Aug/2020:09:50:49 +0800] "GET /xingrg/kc/buy/cgsh_order_info.html?code=212020081807545 HTTP/1.1" 200 54288
116.230.74.197 - - [18/Aug/2020:09:50:49 +0800] "GET /xingrg/check_reg.html?_=1597715449045 HTTP/1.1" 200 22
180.157.251.101 - - [18/Aug/2020:09:50:50 +0800] "GET /xingrg/javascript/easyui/themes/default/validatebox.css HTTP/1.1" 404 1104
180.157.251.101 - - [18/Aug/2020:09:50:50 +0800] "POST /xingrg/kc/buy/cgsh_order_operate.html HTTP/1.1" 200 4203
114.89.80.44 - - [18/Aug/2020:09:50:50 +0800] "GET /xingrg/kc/buy/cgsh_order_operate.html?command=get_materiel&rest_code=00151&code=00101008077&supplier_code=00100007&order_time=2020-08-18 HTTP/1.1" 200 416
180.157.251.101 - - [18/Aug/2020:09:50:52 +0800] "GET /xingrg/kc/print/load_config.html?kc_code=cgsh HTTP/1.1" 200 1845
180.157.251.101 - - [18/Aug/2020:09:50:52 +0800] "GET /xingrg/kc/print/load_data.html?order_code=212020081807545&kc_code=cgsh&condition= HTTP/1.1" 200 2170
114.89.80.44 - - [18/Aug/2020:09:50:53 +0800] "GET /xingrg/check_reg.html?_=1597715452938 HTTP/1.1" 200 22
114.89.80.44 - - [18/Aug/2020:09:50:53 +0800] "GET /xingrg/all/function/internal_message.html?_=1597715452942&CODE_STATE=getMsg HTTP/1.1" 200 27
114.88.165.122 - - [18/Aug/2020:09:50:54 +0800] "GET /xingrg/all/function/internal_message.html?_=1597715452622&CODE_STATE=getMsg HTTP/1.1" 200 27
116.230.74.197 - - [18/Aug/2020:09:50:55 +0800] "GET /xingrg/all/function/internal_message.html?_=1597715454585&CODE_STATE=getMsg HTTP/1.1" 200 27
172.17.0.114 - - [18/Aug/2020:09:50:56 +0800] "GET /xingrg/all/function/internal_message.html?_=1597715454592&CODE_STATE=getMsg HTTP/1.1" 200 27
114.89.80.44 - - [18/Aug/2020:09:50:57 +0800] "GET /xingrg/kc/buy/cgsh_order_operate.html?command=get_materiel&rest_code=00151&code=00101008264&supplier_code=00100007&order_time=2020-08-18 HTTP/1.1" 200 412
114.89.80.44 - - [18/Aug/2020:09:50:59 +0800] "POST /xingrg/kc/buy/cgsh_order_operate.html HTTP/1.1" 200 37
114.89.80.44 - - [18/Aug/2020:09:51:00 +0800] "POST /xingrg/kc/buy/cgsh_order_operate.html HTTP/1.1" 200 12
172.16.0.187 - - [18/Aug/2020:09:51:01 +0800] "GET /xingrg/all/function/internal_message.html?_=1597715460257&CODE_STATE=getMsg HTTP/1.1" 302 -
114.89.80.44 - - [18/Aug/2020:09:51:03 +0800] "GET /xingrg/kc/buy/cgsh_order_info.html?code=212020081807546 HTTP/1.1" 200 54222
114.89.80.44 - - [18/Aug/2020:09:51:03 +0800] "GET /xingrg/kc/buy/cgsh_order_operate.html?command=get_materiel&rest_code=00151&code=00101020002&supplier_code=00100007&order_time=2020-08-18 HTTP/1.1" 200 412
114.89.80.44 - - [18/Aug/2020:09:51:03 +0800] "GET /xingrg/javascript/easyui/themes/default/validatebox.css HTTP/1.1" 404 1104
114.89.80.44 - - [18/Aug/2020:09:51:03 +0800] "POST /xingrg/kc/buy/cgsh_order_operate.html HTTP/1.1" 200 1818
114.89.80.44 - - [18/Aug/2020:09:51:05 +0800] "GET /xingrg/kc/print/load_data.html?order_code=212020081807546&kc_code=cgsh&condition= HTTP/1.1" 200 1307
114.89.80.44 - - [18/Aug/2020:09:51:09 +0800] "GET /xingrg/kc/buy/cgsh_order_operate.html?command=get_materiel&rest_code=00151&code=00101008118&supplier_code=00100007&order_time=2020-08-18 HTTP/1.1" 200 418
218.81.217.115 - - [18/Aug/2020:09:51:10 +0800] "GET /xingrg/all/function/internal_message.html?_=1597715474069&CODE_STATE=getMsg HTTP/1.1" 200 27
172.17.0.101 - - [18/Aug/2020:09:51:10 +0800] "GET /xingrg/all/function/internal_message.html?_=1597715472958&CODE_STATE=getMsg HTTP/1.1" 302 -
114.89.80.44 - - [18/Aug/2020:09:51:13 +0800] "GET /xingrg/all/function/internal_message.html?_=1597715592095&CODE_STATE=getMsg HTTP/1.1" 200 27
114.89.80.44 - - [18/Aug/2020:09:51:13 +0800] "POST /xingrg/kc/buy/cgsh_order_operate.html HTTP/1.1" 200 2065
58.221.95.50 - - [18/Aug/2020:09:51:18 +0800] "GET /xingrg/all/function/internal_message.html?_=1597715608635&CODE_STATE=getMsg HTTP/1.1" 200 27
114.89.80.44 - - [18/Aug/2020:09:51:18 +0800] "GET /xingrg/kc/buy/cgsh_order_operate.html?command=get_materiel&rest_code=00151&code=00101008521&supplier_code=00100007&order_time=2020-08-18 HTTP/1.1" 200 395
114.88.165.122 - - [18/Aug/2020:09:51:22 +0800] "GET /xingrg/all/function/internal_message.html?_=1597715527841&CODE_STATE=getMsg HTTP/1.1" 200 27
114.89.80.44 - - [18/Aug/2020:09:51:25 +0800] "GET /xingrg/kc/buy/cgsh_order_operate.html?command=get_materiel&rest_code=00151&code=00101008331&supplier_code=00100007&order_time=2020-08-18 HTTP/1.1" 200 416
172.17.200.101 - - [18/Aug/2020:09:51:29 +0800] "GET /xingrg/all/function/internal_message.html?_=1597715490204&CODE_STATE=getMsg HTTP/1.1" 200 27
114.89.80.44 - - [18/Aug/2020:09:51:33 +0800] "GET /xingrg/kc/buy/cgsh_order_operate.html?command=get_materiel&rest_code=00151&code=00101013175&supplier_code=00100007&order_time=2020-08-18 HTTP/1.1" 200 413
180.175.214.200 - - [18/Aug/2020:09:51:35 +0800] "GET /xingrg/all/function/internal_message.html?_=1597715701164&CODE_STATE=getMsg HTTP/1.1" 200 27
117.184.7.30 - - [18/Aug/2020:09:51:36 +0800] "GET /xingrg/check_reg.html?_=1597715492294 HTTP/1.1" 200 22
117.184.7.30 - - [18/Aug/2020:09:51:36 +0800] "GET /xingrg/all/function/internal_message.html?_=1597715492297&CODE_STATE=getMsg HTTP/1.1" 200 27
61.172.5.115 - - [18/Aug/2020:09:51:37 +0800] "GET /xingrg/all/function/internal_message.html?_=1597715497388&CODE_STATE=getMsg HTTP/1.1" 200 27
61.172.5.115 - - [18/Aug/2020:09:51:37 +0800] "GET /xingrg/check_reg.html?_=1597715497422 HTTP/1.1" 200 22
180.157.251.101 - - [18/Aug/2020:09:51:39 +0800] "GET /xingrg/all/function/internal_message.html?_=1597715499964&CODE_STATE=getMsg HTTP/1.1" 200 27
114.89.80.44 - - [18/Aug/2020:09:51:40 +0800] "GET /xingrg/kc/buy/cgsh_order_operate.html?command=get_materiel&rest_code=00151&code=00101008306&supplier_code=00100007&order_time=2020-08-18 HTTP/1.1" 200 412
101.83.241.175 - - [18/Aug/2020:09:51:41 +0800] "GET /xingrg/all/function/internal_message.html?_=1597715498133&CODE_STATE=getMsg HTTP/1.1" 200 27
172.17.0.120 - - [18/Aug/2020:09:51:45 +0800] "GET /xingrg/all/function/internal_message.html?_=1597715503135&CODE_STATE=getMsg HTTP/1.1" 200 27
114.89.80.44 - - [18/Aug/2020:09:51:46 +0800] "GET /xingrg/kc/buy/cgsh_order_operate.html?command=get_materiel&rest_code=00151&code=00101008010&supplier_code=00100007&order_time=2020-08-18 HTTP/1.1" 200 412
114.89.80.44 - - [18/Aug/2020:09:51:52 +0800] "GET /xingrg/kc/buy/cgsh_order_operate.html?command=get_materiel&rest_code=00151&code=00101008033&supplier_code=00100007&order_time=2020-08-18 HTTP/1.1" 200 408
114.89.80.44 - - [18/Aug/2020:09:51:53 +0800] "GET /xingrg/all/function/internal_message.html?_=1597715512930&CODE_STATE=getMsg HTTP/1.1" 200 27
114.88.165.122 - - [18/Aug/2020:09:51:54 +0800] "GET /xingrg/all/function/internal_message.html?_=1597715512720&CODE_STATE=getMsg HTTP/1.1" 200 27
116.230.74.197 - - [18/Aug/2020:09:51:55 +0800] "GET /xingrg/all/function/internal_message.html?_=1597715514570&CODE_STATE=getMsg HTTP/1.1" 200 27
114.89.80.44 - - [18/Aug/2020:09:51:55 +0800] "POST /xingrg/kc/buy/cgsh_order_operate.html HTTP/1.1" 200 2065
172.17.0.114 - - [18/Aug/2020:09:51:56 +0800] "GET /xingrg/all/function/internal_message.html?_=1597715514601&CODE_STATE=getMsg HTTP/1.1" 200 27
114.89.80.44 - - [18/Aug/2020:09:52:00 +0800] "GET /xingrg/kc/buy/cgsh_order_operate.html?command=get_materiel&rest_code=00151&code=00101016030&supplier_code=00100007&order_time=2020-08-18 HTTP/1.1" 200 412
172.16.0.187 - - [18/Aug/2020:09:52:01 +0800] "GET /xingrg/all/function/internal_message.html?_=1597715520231&CODE_STATE=getMsg HTTP/1.1" 302 -
114.89.80.44 - - [18/Aug/2020:09:52:07 +0800] "GET /xingrg/kc/buy/cgsh_order_operate.html?command=get_materiel&rest_code=00151&code=00101015053&supplier_code=00100007&order_time=2020-08-18 HTTP/1.1" 200 413
172.17.0.101 - - [18/Aug/2020:09:52:10 +0800] "GET /xingrg/all/function/internal_message.html?_=1597715532962&CODE_STATE=getMsg HTTP/1.1" 302 -
218.81.217.115 - - [18/Aug/2020:09:52:10 +0800] "GET /xingrg/all/function/internal_message.html?_=1597715534267&CODE_STATE=getMsg HTTP/1.1" 200 27
114.89.80.44 - - [18/Aug/2020:09:52:13 +0800] "GET /xingrg/check_reg.html?_=1597715652074 HTTP/1.1" 200 22
114.89.80.44 - - [18/Aug/2020:09:52:13 +0800] "GET /xingrg/all/function/internal_message.html?_=1597715652111&CODE_STATE=getMsg HTTP/1.1" 200 27
114.89.80.44 - - [18/Aug/2020:09:52:15 +0800] "GET /xingrg/kc/buy/cgsh_order_operate.html?command=get_materiel&rest_code=00151&code=00101008357&supplier_code=00100007&order_time=2020-08-18 HTTP/1.1" 200 408
180.157.251.101 - - [18/Aug/2020:09:52:16 +0800] "GET /xingrg/kc/buy/cgsh_order_add.html HTTP/1.1" 200 59385
180.157.251.101 - - [18/Aug/2020:09:52:16 +0800] "POST /xingrg/kc/buy/cgsh_order_operate.html HTTP/1.1" 200 8245
180.157.251.101 - - [18/Aug/2020:09:52:16 +0800] "GET /xingrg/javascript/easyui/themes/default/validatebox.css HTTP/1.1" 404 1104
58.221.95.50 - - [18/Aug/2020:09:52:18 +0800] "GET /xingrg/all/function/internal_message.html?_=1597715668636&CODE_STATE=getMsg HTTP/1.1" 200 27
58.221.95.50 - - [18/Aug/2020:09:52:18 +0800] "GET /xingrg/check_reg.html?_=1597715668660 HTTP/1.1" 200 22
114.89.80.44 - - [18/Aug/2020:09:52:20 +0800] "GET /xingrg/kc/buy/cgsh_order_operate.html?command=get_materiel&rest_code=00151&code=00101008131&supplier_code=00100007&order_time=2020-08-18 HTTP/1.1" 200 408
114.88.165.122 - - [18/Aug/2020:09:52:22 +0800] "GET /xingrg/all/function/internal_message.html?_=1597715587845&CODE_STATE=getMsg HTTP/1.1" 200 27
180.157.251.101 - - [18/Aug/2020:09:52:26 +0800] "GET /xingrg/kc/buy/cgsh_order_operate.html?command=get_materiel&rest_code=00148&code=00101012038&supplier_code=00100036&order_time=2020-08-18 HTTP/1.1" 200 414
172.17.200.101 - - [18/Aug/2020:09:52:29 +0800] "GET /xingrg/check_reg.html?_=1597715550209 HTTP/1.1" 200 22
172.17.200.101 - - [18/Aug/2020:09:52:29 +0800] "GET /xingrg/all/function/internal_message.html?_=1597715550206&CODE_STATE=getMsg HTTP/1.1" 200 27
114.89.80.44 - - [18/Aug/2020:09:52:30 +0800] "GET /xingrg/kc/buy/cgsh_order_operate.html?command=get_materiel&rest_code=00151&code=00101015046&supplier_code=00100007&order_time=2020-08-18 HTTP/1.1" 200 413
114.89.80.44 - - [18/Aug/2020:09:52:35 +0800] "POST /xingrg/kc/buy/cgsh_order_operate.html HTTP/1.1" 200 2065
180.175.214.200 - - [18/Aug/2020:09:52:36 +0800] "GET /xingrg/all/function/internal_message.html?_=1597715761254&CODE_STATE=getMsg HTTP/1.1" 200 27
117.184.7.30 - - [18/Aug/2020:09:52:36 +0800] "GET /xingrg/all/function/internal_message.html?_=1597715552296&CODE_STATE=getMsg HTTP/1.1" 200 27
61.172.5.115 - - [18/Aug/2020:09:52:37 +0800] "GET /xingrg/all/function/internal_message.html?_=1597715557392&CODE_STATE=getMsg HTTP/1.1" 200 27
180.157.251.101 - - [18/Aug/2020:09:52:39 +0800] "GET /xingrg/check_reg.html?_=1597715559933 HTTP/1.1" 200 22
180.157.251.101 - - [18/Aug/2020:09:52:39 +0800] "GET /xingrg/all/function/internal_message.html?_=1597715559941&CODE_STATE=getMsg HTTP/1.1" 200 27
101.83.241.175 - - [18/Aug/2020:09:52:41 +0800] "GET /xingrg/all/function/internal_message.html?_=1597715558116&CODE_STATE=getMsg HTTP/1.1" 200 27
114.89.80.44 - - [18/Aug/2020:09:52:41 +0800] "POST /xingrg/kc/buy/cgsh_order_operate.html HTTP/1.1" 200 37
101.83.241.175 - - [18/Aug/2020:09:52:41 +0800] "GET /xingrg/check_reg.html?_=1597715558804 HTTP/1.1" 200 22
114.89.80.44 - - [18/Aug/2020:09:52:42 +0800] "POST /xingrg/kc/buy/cgsh_order_operate.html HTTP/1.1" 200 17436
172.17.0.120 - - [18/Aug/2020:09:52:45 +0800] "GET /xingrg/all/function/internal_message.html?_=1597715563140&CODE_STATE=getMsg HTTP/1.1" 200 27
180.157.251.101 - - [18/Aug/2020:09:52:45 +0800] "GET /xingrg/kc/buy/cgsh_order_operate.html?command=get_materiel&rest_code=00148&code=00101011007&supplier_code=00100036&order_time=2020-08-18 HTTP/1.1" 200 414
114.89.80.44 - - [18/Aug/2020:09:52:53 +0800] "GET /xingrg/all/function/internal_message.html?_=1597715572942&CODE_STATE=getMsg HTTP/1.1" 200 27
114.88.165.122 - - [18/Aug/2020:09:52:54 +0800] "GET /xingrg/all/function/internal_message.html?_=1597715572728&CODE_STATE=getMsg HTTP/1.1" 200 27
116.230.74.197 - - [18/Aug/2020:09:52:55 +0800] "GET /xingrg/all/function/internal_message.html?_=1597715574554&CODE_STATE=getMsg HTTP/1.1" 200 27
172.17.0.114 - - [18/Aug/2020:09:52:56 +0800] "GET /xingrg/all/function/internal_message.html?_=1597715574608&CODE_STATE=getMsg HTTP/1.1" 200 27
172.17.0.114 - - [18/Aug/2020:09:52:56 +0800] "GET /xingrg/check_reg.html?_=1597715575136 HTTP/1.1" 200 22
172.16.0.187 - - [18/Aug/2020:09:53:01 +0800] "GET /xingrg/all/function/internal_message.html?_=1597715580204&CODE_STATE=getMsg HTTP/1.1" 302 -
180.157.251.101 - - [18/Aug/2020:09:53:01 +0800] "GET /xingrg/kc/buy/cgsh_order_operate.html?command=get_materiel&rest_code=00148&code=00101006161&supplier_code=00100036&order_time=2020-08-18 HTTP/1.1" 200 409
218.81.217.115 - - [18/Aug/2020:09:53:10 +0800] "GET /xingrg/all/function/internal_message.html?_=1597715594268&CODE_STATE=getMsg HTTP/1.1" 200 27
172.17.0.101 - - [18/Aug/2020:09:53:10 +0800] "GET /xingrg/all/function/internal_message.html?_=1597715593088&CODE_STATE=getMsg HTTP/1.1" 302 -
114.89.80.44 - - [18/Aug/2020:09:53:13 +0800] "GET /xingrg/all/function/internal_message.html?_=1597715712121&CODE_STATE=getMsg HTTP/1.1" 200 27
58.221.95.50 - - [18/Aug/2020:09:53:18 +0800] "GET /xingrg/all/function/internal_message.html?_=1597715728637&CODE_STATE=getMsg HTTP/1.1" 200 27
101.93.221.5 - - [18/Aug/2020:09:53:19 +0800] "POST /xingrg/services/DataTransmitService HTTP/1.1" 200 524
101.93.221.5 - - [18/Aug/2020:09:53:19 +0800] "POST /xingrg/services/DataTransmitService HTTP/1.1" 200 497
180.157.251.101 - - [18/Aug/2020:09:53:19 +0800] "POST /xingrg/kc/buy/cgsh_order_operate.html HTTP/1.1" 200 37
114.88.165.122 - - [18/Aug/2020:09:53:22 +0800] "GET /xingrg/all/function/internal_message.html?_=1597715647870&CODE_STATE=getMsg HTTP/1.1" 200 27
114.88.165.122 - - [18/Aug/2020:09:53:22 +0800] "GET /xingrg/check_reg.html?_=1597715647870 HTTP/1.1" 200 22
180.157.251.101 - - [18/Aug/2020:09:53:23 +0800] "POST /xingrg/kc/buy/cgsh_order_operate.html HTTP/1.1" 200 12
180.157.251.101 - - [18/Aug/2020:09:53:24 +0800] "GET /xingrg/kc/buy/cgsh_order_info.html?code=212020081807547 HTTP/1.1" 200 54290
180.157.251.101 - - [18/Aug/2020:09:53:24 +0800] "GET /xingrg/javascript/easyui/themes/default/validatebox.css HTTP/1.1" 404 1104
180.157.251.101 - - [18/Aug/2020:09:53:25 +0800] "POST /xingrg/kc/buy/cgsh_order_operate.html HTTP/1.1" 200 1789
180.157.251.101 - - [18/Aug/2020:09:53:26 +0800] "GET /xingrg/kc/print/load_data.html?order_code=212020081807547&kc_code=cgsh&condition= HTTP/1.1" 200 1230
172.17.200.101 - - [18/Aug/2020:09:53:29 +0800] "GET /xingrg/all/function/internal_message.html?_=1597715610211&CODE_STATE=getMsg HTTP/1.1" 200 27
180.175.214.200 - - [18/Aug/2020:09:53:31 +0800] "GET /xingrg/check_reg.html?_=1597715817151 HTTP/1.1" 200 22
180.175.214.200 - - [18/Aug/2020:09:53:36 +0800] "GET /xingrg/all/function/internal_message.html?_=1597715821282&CODE_STATE=getMsg HTTP/1.1" 200 27
117.184.7.30 - - [18/Aug/2020:09:53:36 +0800] "GET /xingrg/all/function/internal_message.html?_=1597715612295&CODE_STATE=getMsg HTTP/1.1" 200 27
61.172.5.115 - - [18/Aug/2020:09:53:37 +0800] "GET /xingrg/all/function/internal_message.html?_=1597715617394&CODE_STATE=getMsg HTTP/1.1" 200 27
180.157.251.101 - - [18/Aug/2020:09:53:39 +0800] "GET /xingrg/all/function/internal_message.html?_=1597715619921&CODE_STATE=getMsg HTTP/1.1" 200 27
101.83.241.175 - - [18/Aug/2020:09:53:41 +0800] "GET /xingrg/all/function/internal_message.html?_=1597715618089&CODE_STATE=getMsg HTTP/1.1" 200 27
172.17.0.120 - - [18/Aug/2020:09:53:45 +0800] "GET /xingrg/all/function/internal_message.html?_=1597715623144&CODE_STATE=getMsg HTTP/1.1" 200 27
180.157.251.101 - - [18/Aug/2020:09:53:48 +0800] "POST /xingrg/kc/buy/cgsh_list_operate.html HTTP/1.1" 200 1689
180.157.251.101 - - [18/Aug/2020:09:53:50 +0800] "POST /xingrg/kc/buy/cgsh_list_operate.html HTTP/1.1" 200 1689
114.89.80.44 - - [18/Aug/2020:09:53:53 +0800] "GET /xingrg/all/function/internal_message.html?_=1597715632945&CODE_STATE=getMsg HTTP/1.1" 200 27
114.88.165.122 - - [18/Aug/2020:09:53:54 +0800] "GET /xingrg/check_reg.html?_=1597715632350 HTTP/1.1" 200 22
114.88.165.122 - - [18/Aug/2020:09:53:54 +0800] "GET /xingrg/all/function/internal_message.html?_=1597715632741&CODE_STATE=getMsg HTTP/1.1" 200 27
116.230.74.197 - - [18/Aug/2020:09:53:55 +0800] "GET /xingrg/all/function/internal_message.html?_=1597715634533&CODE_STATE=getMsg HTTP/1.1" 200 27
172.17.0.114 - - [18/Aug/2020:09:53:56 +0800] "GET /xingrg/all/function/internal_message.html?_=1597715634622&CODE_STATE=getMsg HTTP/1.1" 200 27
172.16.0.187 - - [18/Aug/2020:09:54:01 +0800] "GET /xingrg/all/function/internal_message.html?_=1597715640175&CODE_STATE=getMsg HTTP/1.1" 302 -
218.81.217.115 - - [18/Aug/2020:09:54:09 +0800] "GET /xingrg/check_reg.html?_=1597715652821 HTTP/1.1" 200 22
218.81.217.115 - - [18/Aug/2020:09:54:10 +0800] "GET /xingrg/all/function/internal_message.html?_=1597715654282&CODE_STATE=getMsg HTTP/1.1" 200 27
172.17.0.101 - - [18/Aug/2020:09:54:10 +0800] "GET /xingrg/all/function/internal_message.html?_=1597715653098&CODE_STATE=getMsg HTTP/1.1" 302 -
180.157.251.101 - - [18/Aug/2020:09:54:10 +0800] "GET /xingrg/kc/buy/cgsh_order_add.html HTTP/1.1" 200 59385
180.157.251.101 - - [18/Aug/2020:09:54:11 +0800] "GET /xingrg/javascript/easyui/themes/default/validatebox.css HTTP/1.1" 404 1104
180.157.251.101 - - [18/Aug/2020:09:54:11 +0800] "POST /xingrg/kc/buy/cgsh_order_operate.html HTTP/1.1" 200 8245
117.185.32.26 - - [18/Aug/2020:09:54:12 +0800] "POST /xingrg/services/DataTransmitService HTTP/1.1" 200 524
172.17.0.123 - - [18/Aug/2020:09:54:13 +0800] "GET /xingrg/check_reg.html?_=1597715569273 HTTP/1.1" 200 22
114.89.80.44 - - [18/Aug/2020:09:54:13 +0800] "GET /xingrg/all/function/internal_message.html?_=1597715772136&CODE_STATE=getMsg HTTP/1.1" 200 27
58.221.95.50 - - [18/Aug/2020:09:54:18 +0800] "GET /xingrg/all/function/internal_message.html?_=1597715788633&CODE_STATE=getMsg HTTP/1.1" 200 27
114.88.165.122 - - [18/Aug/2020:09:54:22 +0800] "GET /xingrg/all/function/internal_message.html?_=1597715707868&CODE_STATE=getMsg HTTP/1.1" 200 27
180.157.251.101 - - [18/Aug/2020:09:54:22 +0800] "GET /xingrg/kc/buy/cgsh_order_operate.html?command=get_materiel&rest_code=00148&code=00101015009&supplier_code=00100059&order_time=2020-08-18 HTTP/1.1" 200 412
172.17.200.101 - - [18/Aug/2020:09:54:29 +0800] "GET /xingrg/all/function/internal_message.html?_=1597715670214&CODE_STATE=getMsg HTTP/1.1" 200 27
180.175.214.200 - - [18/Aug/2020:09:54:36 +0800] "GET /xingrg/all/function/internal_message.html?_=1597715881295&CODE_STATE=getMsg HTTP/1.1" 200 27
117.184.7.30 - - [18/Aug/2020:09:54:36 +0800] "GET /xingrg/all/function/internal_message.html?_=1597715672301&CODE_STATE=getMsg HTTP/1.1" 200 27
61.172.5.115 - - [18/Aug/2020:09:54:37 +0800] "GET /xingrg/all/function/internal_message.html?_=1597715677394&CODE_STATE=getMsg HTTP/1.1" 200 27
180.157.251.101 - - [18/Aug/2020:09:54:39 +0800] "GET /xingrg/all/function/internal_message.html?_=1597715679885&CODE_STATE=getMsg HTTP/1.1" 200 27
180.157.251.101 - - [18/Aug/2020:09:54:40 +0800] "GET /xingrg/kc/buy/cgsh_order_operate.html?command=get_materiel&rest_code=00148&code=00101015014&supplier_code=00100059&order_time=2020-08-18 HTTP/1.1" 200 412
101.83.241.175 - - [18/Aug/2020:09:54:40 +0800] "GET /xingrg/all/function/internal_message.html?_=1597715678074&CODE_STATE=getMsg HTTP/1.1" 200 27
172.17.0.120 - - [18/Aug/2020:09:54:45 +0800] "GET /xingrg/check_reg.html?_=1597715683132 HTTP/1.1" 200 22
172.17.0.120 - - [18/Aug/2020:09:54:45 +0800] "GET /xingrg/all/function/internal_message.html?_=1597715683136&CODE_STATE=getMsg HTTP/1.1" 200 27
180.157.251.101 - - [18/Aug/2020:09:54:53 +0800] "POST /xingrg/kc/buy/cgsh_order_operate.html HTTP/1.1" 200 37
114.89.80.44 - - [18/Aug/2020:09:54:53 +0800] "GET /xingrg/all/function/internal_message.html?_=1597715692950&CODE_STATE=getMsg HTTP/1.1" 200 27
114.88.165.122 - - [18/Aug/2020:09:54:54 +0800] "GET /xingrg/all/function/internal_message.html?_=1597715692753&CODE_STATE=getMsg HTTP/1.1" 200 27
116.230.74.197 - - [18/Aug/2020:09:54:55 +0800] "GET /xingrg/all/function/internal_message.html?_=1597715694518&CODE_STATE=getMsg HTTP/1.1" 200 27
114.88.153.118 - - [18/Aug/2020:09:54:56 +0800] "GET /xingrg/check_reg.html?_=1597715693651 HTTP/1.1" 302 -
172.17.0.114 - - [18/Aug/2020:09:54:56 +0800] "GET /xingrg/all/function/internal_message.html?_=1597715694626&CODE_STATE=getMsg HTTP/1.1" 200 27
180.157.251.101 - - [18/Aug/2020:09:55:00 +0800] "POST /xingrg/kc/buy/cgsh_order_operate.html HTTP/1.1" 200 12
172.16.0.187 - - [18/Aug/2020:09:55:01 +0800] "GET /xingrg/all/function/internal_message.html?_=1597715700144&CODE_STATE=getMsg HTTP/1.1" 302 -
172.16.0.187 - - [18/Aug/2020:09:55:01 +0800] "GET /xingrg/check_reg.html?_=1597715700272 HTTP/1.1" 302 -
180.157.251.101 - - [18/Aug/2020:09:55:02 +0800] "GET /xingrg/kc/buy/cgsh_order_info.html?code=212020081807548 HTTP/1.1" 200 54288
180.157.251.101 - - [18/Aug/2020:09:55:03 +0800] "GET /xingrg/javascript/easyui/themes/default/validatebox.css HTTP/1.1" 404 1104
180.157.251.101 - - [18/Aug/2020:09:55:03 +0800] "POST /xingrg/kc/buy/cgsh_order_operate.html HTTP/1.1" 200 1197
180.157.251.101 - - [18/Aug/2020:09:55:04 +0800] "GET /xingrg/kc/print/load_data.html?order_code=212020081807548&kc_code=cgsh&condition= HTTP/1.1" 200 958
218.81.217.115 - - [18/Aug/2020:09:55:10 +0800] "GET /xingrg/all/function/internal_message.html?_=1597715714295&CODE_STATE=getMsg HTTP/1.1" 200 27
172.17.0.101 - - [18/Aug/2020:09:55:10 +0800] "GET /xingrg/all/function/internal_message.html?_=1597715713243&CODE_STATE=getMsg HTTP/1.1" 302 -
114.89.80.44 - - [18/Aug/2020:09:55:13 +0800] "GET /xingrg/all/function/internal_message.html?_=1597715832184&CODE_STATE=getMsg HTTP/1.1" 200 27
180.157.251.101 - - [18/Aug/2020:09:55:14 +0800] "GET /xingrg/kc/buy/cgsh_order_add.html HTTP/1.1" 200 59385
180.157.251.101 - - [18/Aug/2020:09:55:15 +0800] "POST /xingrg/kc/buy/cgsh_order_operate.html HTTP/1.1" 200 8245
180.157.251.101 - - [18/Aug/2020:09:55:15 +0800] "GET /xingrg/javascript/easyui/themes/default/validatebox.css HTTP/1.1" 404 1104
58.221.95.50 - - [18/Aug/2020:09:55:18 +0800] "GET /xingrg/all/function/internal_message.html?_=1597715848650&CODE_STATE=getMsg HTTP/1.1" 200 27
114.88.165.122 - - [18/Aug/2020:09:55:22 +0800] "GET /xingrg/all/function/internal_message.html?_=1597715767866&CODE_STATE=getMsg HTTP/1.1" 200 27
172.17.200.101 - - [18/Aug/2020:09:55:29 +0800] "GET /xingrg/all/function/internal_message.html?_=1597715730201&CODE_STATE=getMsg HTTP/1.1" 200 27
172.17.0.101 - - [18/Aug/2020:09:55:33 +0800] "GET /xingrg/check_reg.html?_=1597715736185 HTTP/1.1" 302 -
180.175.214.200 - - [18/Aug/2020:09:55:36 +0800] "GET /xingrg/all/function/internal_message.html?_=1597715941376&CODE_STATE=getMsg HTTP/1.1" 200 27
180.157.251.101 - - [18/Aug/2020:09:55:36 +0800] "GET /xingrg/kc/buy/cgsh_order_operate.html?command=get_materiel&rest_code=00148&code=00101007075&supplier_code=00100004&order_time=2020-08-18 HTTP/1.1" 200 410
117.184.7.30 - - [18/Aug/2020:09:55:36 +0800] "GET /xingrg/all/function/internal_message.html?_=1597715732302&CODE_STATE=getMsg HTTP/1.1" 200 27
61.172.5.115 - - [18/Aug/2020:09:55:37 +0800] "GET /xingrg/all/function/internal_message.html?_=1597715737380&CODE_STATE=getMsg HTTP/1.1" 200 27
180.157.251.101 - - [18/Aug/2020:09:55:39 +0800] "GET /xingrg/all/function/internal_message.html?_=1597715739903&CODE_STATE=getMsg HTTP/1.1" 200 27
101.83.241.175 - - [18/Aug/2020:09:55:40 +0800] "GET /xingrg/all/function/internal_message.html?_=1597715738058&CODE_STATE=getMsg HTTP/1.1" 200 27
172.17.0.120 - - [18/Aug/2020:09:55:45 +0800] "GET /xingrg/all/function/internal_message.html?_=1597715743140&CODE_STATE=getMsg HTTP/1.1" 200 27
116.230.74.197 - - [18/Aug/2020:09:55:49 +0800] "GET /xingrg/check_reg.html?_=1597715749042 HTTP/1.1" 200 22
180.157.251.101 - - [18/Aug/2020:09:55:51 +0800] "GET /xingrg/kc/buy/cgsh_order_operate.html?command=get_materiel&rest_code=00148&code=00101007048&supplier_code=00100004&order_time=2020-08-18 HTTP/1.1" 200 408
114.89.80.44 - - [18/Aug/2020:09:55:53 +0800] "GET /xingrg/check_reg.html?_=1597715752948 HTTP/1.1" 200 22
