114.88.165.122 - - [18/Aug/2020:09:30:22 +0800] "GET /xingrg/all/function/internal_message.html?_=1597714267820&CODE_STATE=getMsg HTTP/1.1" 200 27
180.175.214.200 - - [18/Aug/2020:09:30:22 +0800] "POST /xingrg/kc/buy/cgsh_order_operate.html HTTP/1.1" 200 12
180.175.214.200 - - [18/Aug/2020:09:30:23 +0800] "GET /xingrg/kc/buy/cgsh_order_info.html?code=212020081807532 HTTP/1.1" 200 54192
180.175.214.200 - - [18/Aug/2020:09:30:24 +0800] "GET /xingrg/javascript/easyui/themes/default/validatebox.css HTTP/1.1" 404 1104
180.175.214.200 - - [18/Aug/2020:09:30:24 +0800] "POST /xingrg/kc/buy/cgsh_order_operate.html HTTP/1.1" 200 2392
180.175.214.200 - - [18/Aug/2020:09:30:26 +0800] "GET /xingrg/kc/print/load_config.html?kc_code=cgsh HTTP/1.1" 200 1845
180.175.214.200 - - [18/Aug/2020:09:30:26 +0800] "GET /xingrg/kc/print/load_data.html?order_code=212020081807532&kc_code=cgsh&condition= HTTP/1.1" 200 1449
114.89.80.44 - - [18/Aug/2020:09:30:31 +0800] "GET /xingrg/kc/buy/cgsh_order_operate.html?command=get_materiel&rest_code=00150&code=00101008134&supplier_code=00100007&order_time=2020-08-18 HTTP/1.1" 200 412
172.17.0.101 - - [18/Aug/2020:09:30:33 +0800] "GET /xingrg/check_reg.html?_=1597714236008 HTTP/1.1" 302 -
180.175.214.200 - - [18/Aug/2020:09:30:35 +0800] "GET /xingrg/all/function/internal_message.html?_=1597714440317&CODE_STATE=getMsg HTTP/1.1" 200 27
117.184.7.30 - - [18/Aug/2020:09:30:36 +0800] "GET /xingrg/all/function/internal_message.html?_=1597714232283&CODE_STATE=getMsg HTTP/1.1" 200 27
114.89.80.44 - - [18/Aug/2020:09:30:36 +0800] "GET /xingrg/kc/buy/cgsh_order_operate.html?command=get_materiel&rest_code=00150&code=00101008114&supplier_code=00100007&order_time=2020-08-18 HTTP/1.1" 200 412
61.172.5.115 - - [18/Aug/2020:09:30:37 +0800] "GET /xingrg/all/function/internal_message.html?_=1597714237351&CODE_STATE=getMsg HTTP/1.1" 200 27
180.175.214.200 - - [18/Aug/2020:09:30:38 +0800] "GET /xingrg/kc/buy/cgsh_order_add.html HTTP/1.1" 200 59291
180.175.214.200 - - [18/Aug/2020:09:30:39 +0800] "POST /xingrg/kc/buy/cgsh_order_operate.html HTTP/1.1" 200 8245
180.175.214.200 - - [18/Aug/2020:09:30:39 +0800] "GET /xingrg/javascript/easyui/themes/default/validatebox.css HTTP/1.1" 404 1104
180.157.251.101 - - [18/Aug/2020:09:30:39 +0800] "GET /xingrg/all/function/internal_message.html?_=1597714239882&CODE_STATE=getMsg HTTP/1.1" 200 27
101.83.241.175 - - [18/Aug/2020:09:30:41 +0800] "GET /xingrg/all/function/internal_message.html?_=1597714238610&CODE_STATE=getMsg HTTP/1.1" 200 27
114.89.80.44 - - [18/Aug/2020:09:30:42 +0800] "GET /xingrg/kc/buy/cgsh_order_operate.html?command=get_materiel&rest_code=00150&code=00101015038&supplier_code=00100007&order_time=2020-08-18 HTTP/1.1" 200 419
172.17.0.120 - - [18/Aug/2020:09:30:45 +0800] "GET /xingrg/all/function/internal_message.html?_=1597714243139&CODE_STATE=getMsg HTTP/1.1" 200 27
114.89.80.44 - - [18/Aug/2020:09:30:48 +0800] "GET /xingrg/kc/buy/cgsh_order_operate.html?command=get_materiel&rest_code=00150&code=00101008102&supplier_code=00100007&order_time=2020-08-18 HTTP/1.1" 200 413
116.230.74.197 - - [18/Aug/2020:09:30:50 +0800] "GET /xingrg/check_reg.html?_=1597714249105 HTTP/1.1" 200 22
114.89.80.44 - - [18/Aug/2020:09:30:51 +0800] "GET /xingrg/all/function/internal_message.html?_=1597714370294&CODE_STATE=getMsg HTTP/1.1" 200 27
172.17.200.101 - - [18/Aug/2020:09:30:52 +0800] "GET /xingrg/all/function/internal_message.html?_=1597714252424&CODE_STATE=getMsg HTTP/1.1" 200 27
114.88.165.122 - - [18/Aug/2020:09:30:54 +0800] "GET /xingrg/all/function/internal_message.html?_=1597714252273&CODE_STATE=getMsg HTTP/1.1" 200 27
116.230.74.197 - - [18/Aug/2020:09:30:55 +0800] "GET /xingrg/all/function/internal_message.html?_=1597714254868&CODE_STATE=getMsg HTTP/1.1" 200 27
172.17.0.114 - - [18/Aug/2020:09:30:56 +0800] "GET /xingrg/all/function/internal_message.html?_=1597714254833&CODE_STATE=getMsg HTTP/1.1" 200 27
114.89.80.44 - - [18/Aug/2020:09:30:59 +0800] "POST /xingrg/kc/buy/cgsh_order_operate.html HTTP/1.1" 200 2065
114.89.80.44 - - [18/Aug/2020:09:31:03 +0800] "GET /xingrg/all/function/internal_message.html?_=1597714262446&CODE_STATE=getMsg HTTP/1.1" 200 27
218.81.217.115 - - [18/Aug/2020:09:31:09 +0800] "GET /xingrg/all/function/internal_message.html?_=1597714272973&CODE_STATE=getMsg HTTP/1.1" 200 27
172.17.0.101 - - [18/Aug/2020:09:31:09 +0800] "GET /xingrg/all/function/internal_message.html?_=1597714271781&CODE_STATE=getMsg HTTP/1.1" 302 -
172.17.200.101 - - [18/Aug/2020:09:31:15 +0800] "POST /xingrg/all/user/operate.html HTTP/1.1" 200 36
172.17.200.101 - - [18/Aug/2020:09:31:15 +0800] "GET /xingrg/index.html?sysBaseUrl=http%3A%2F%2F172.17.0.8%3A18081%2Fxingrg%2F&costTime=41×tamp=1597713530408 HTTP/1.1" 200 17454
172.17.200.101 - - [18/Aug/2020:09:31:15 +0800] "GET /xingrg/javascript/jquery_easy_ui/themes/default/easyui.css HTTP/1.1" 304 -
172.17.200.101 - - [18/Aug/2020:09:31:15 +0800] "GET /xingrg/javascript/jquery_easy_ui/themes/icon.css HTTP/1.1" 304 -
172.17.200.101 - - [18/Aug/2020:09:31:15 +0800] "GET /xingrg/css/form.css HTTP/1.1" 304 -
172.17.200.101 - - [18/Aug/2020:09:31:15 +0800] "GET /xingrg/javascript/jquery-1.4.2.min.js HTTP/1.1" 304 -
172.17.200.101 - - [18/Aug/2020:09:31:15 +0800] "GET /xingrg/javascript/jquery_easy_ui/jquery.easyui.min.js HTTP/1.1" 304 -
172.17.200.101 - - [18/Aug/2020:09:31:15 +0800] "GET /xingrg/javascript/jquery_easy_ui/easyui-lang-zh_CN.js HTTP/1.1" 304 -
172.17.200.101 - - [18/Aug/2020:09:31:15 +0800] "GET /xingrg/javascript/jquery.form.js HTTP/1.1" 304 -
172.17.200.101 - - [18/Aug/2020:09:31:15 +0800] "GET /xingrg/javascript/jquery.utils.js HTTP/1.1" 304 -
172.17.200.101 - - [18/Aug/2020:09:31:15 +0800] "GET /xingrg/javascript/jquery.timers.js HTTP/1.1" 304 -
172.17.200.101 - - [18/Aug/2020:09:31:15 +0800] "GET /xingrg/images/blue/jxLogo.png HTTP/1.1" 304 -
172.17.200.101 - - [18/Aug/2020:09:31:15 +0800] "GET /xingrg/images/blue/navBackgound.jpg HTTP/1.1" 304 -
172.17.200.101 - - [18/Aug/2020:09:31:15 +0800] "GET /xingrg/javascript/jquery_easy_ui/themes/icons/settle_new.png HTTP/1.1" 304 -
172.17.200.101 - - [18/Aug/2020:09:31:15 +0800] "POST /xingrg/all/common/load_tree.html?tree=area_rest_tree_json&manage=1 HTTP/1.1" 200 3088
172.17.200.101 - - [18/Aug/2020:09:31:16 +0800] "GET /xingrg/all/function/internal_message.html?_=1597714276413&CODE_STATE=count HTTP/1.1" 200 11
172.17.200.101 - - [18/Aug/2020:09:31:16 +0800] "GET /xingrg/check_reg.html?_=1597714276414 HTTP/1.1" 200 22
172.17.200.101 - - [18/Aug/2020:09:31:16 +0800] "GET /xingrg/images/blue/pingpu.png HTTP/1.1" 304 -
172.17.200.101 - - [18/Aug/2020:09:31:16 +0800] "GET /xingrg/javascript/jquery_easy_ui/themes/default/images/panel_tool_collapse.gif HTTP/1.1" 304 -
172.17.200.101 - - [18/Aug/2020:09:31:16 +0800] "GET /xingrg/javascript/jquery_easy_ui/themes/default/images/panel_tool_expand.gif HTTP/1.1" 304 -
172.17.200.101 - - [18/Aug/2020:09:31:16 +0800] "GET /xingrg/javascript/jquery_easy_ui/themes/default/images/tabs_leftarrow.png HTTP/1.1" 304 -
172.17.200.101 - - [18/Aug/2020:09:31:16 +0800] "GET /xingrg/javascript/jquery_easy_ui/themes/default/images/tabs_rightarrow.png HTTP/1.1" 304 -
172.17.200.101 - - [18/Aug/2020:09:31:16 +0800] "POST /xingrg/load_menu.html HTTP/1.1" 200 9924
172.17.200.101 - - [18/Aug/2020:09:31:17 +0800] "GET /xingrg/kc/buy/cgsh_order_list.html HTTP/1.1" 200 43882
58.221.95.50 - - [18/Aug/2020:09:31:18 +0800] "GET /xingrg/all/function/internal_message.html?_=1597714408612&CODE_STATE=getMsg HTTP/1.1" 200 27
172.17.200.101 - - [18/Aug/2020:09:31:21 +0800] "POST /xingrg/kc/buy/cgsh_list_operate.html HTTP/1.1" 200 876
114.88.165.122 - - [18/Aug/2020:09:31:22 +0800] "GET /xingrg/all/function/internal_message.html?_=1597714327819&CODE_STATE=getMsg HTTP/1.1" 200 27
172.17.200.101 - - [18/Aug/2020:09:31:25 +0800] "POST /xingrg/kc/buy/cgsh_list_operate.html HTTP/1.1" 200 5863
172.17.200.101 - - [18/Aug/2020:09:31:31 +0800] "POST /xingrg/kc/buy/cgsh_list_operate.html HTTP/1.1" 200 6028
172.17.200.101 - - [18/Aug/2020:09:31:34 +0800] "POST /xingrg/kc/buy/cgsh_list_operate.html HTTP/1.1" 200 588
180.175.214.200 - - [18/Aug/2020:09:31:35 +0800] "GET /xingrg/all/function/internal_message.html?_=1597714500328&CODE_STATE=getMsg HTTP/1.1" 200 27
117.184.7.30 - - [18/Aug/2020:09:31:36 +0800] "GET /xingrg/all/function/internal_message.html?_=1597714292282&CODE_STATE=getMsg HTTP/1.1" 200 27
117.184.7.26 - - [18/Aug/2020:09:31:36 +0800] "GET /xingrg/check_reg.html?_=1597714292285 HTTP/1.1" 200 22
172.17.200.101 - - [18/Aug/2020:09:31:37 +0800] "POST /xingrg/kc/buy/cgsh_list_operate.html HTTP/1.1" 200 4
61.172.5.115 - - [18/Aug/2020:09:31:37 +0800] "GET /xingrg/check_reg.html?_=1597714297493 HTTP/1.1" 200 22
61.172.5.115 - - [18/Aug/2020:09:31:37 +0800] "GET /xingrg/all/function/internal_message.html?_=1597714297492&CODE_STATE=getMsg HTTP/1.1" 200 27
180.157.251.101 - - [18/Aug/2020:09:31:39 +0800] "GET /xingrg/all/function/internal_message.html?_=1597714299861&CODE_STATE=getMsg HTTP/1.1" 200 27
172.17.200.101 - - [18/Aug/2020:09:31:39 +0800] "POST /xingrg/kc/buy/cgsh_list_operate.html HTTP/1.1" 200 5826
101.83.241.175 - - [18/Aug/2020:09:31:41 +0800] "GET /xingrg/all/function/internal_message.html?_=1597714298595&CODE_STATE=getMsg HTTP/1.1" 200 27
172.17.0.120 - - [18/Aug/2020:09:31:45 +0800] "GET /xingrg/all/function/internal_message.html?_=1597714303142&CODE_STATE=getMsg HTTP/1.1" 200 27
114.89.80.44 - - [18/Aug/2020:09:31:45 +0800] "POST /xingrg/kc/buy/cgsh_order_operate.html HTTP/1.1" 200 37
114.89.80.44 - - [18/Aug/2020:09:31:47 +0800] "POST /xingrg/kc/buy/cgsh_order_operate.html HTTP/1.1" 200 32244
114.89.80.44 - - [18/Aug/2020:09:31:51 +0800] "GET /xingrg/all/function/internal_message.html?_=1597714430308&CODE_STATE=getMsg HTTP/1.1" 200 27
61.129.7.235 - - [18/Aug/2020:09:31:53 +0800] "GET /xingrg/check_reg.html?_=1597713593740 HTTP/1.1" 302 -
114.88.165.122 - - [18/Aug/2020:09:31:54 +0800] "GET /xingrg/all/function/internal_message.html?_=1597714312286&CODE_STATE=getMsg HTTP/1.1" 200 27
116.230.74.197 - - [18/Aug/2020:09:31:55 +0800] "GET /xingrg/all/function/internal_message.html?_=1597714314853&CODE_STATE=getMsg HTTP/1.1" 200 27
172.17.0.114 - - [18/Aug/2020:09:31:56 +0800] "GET /xingrg/all/function/internal_message.html?_=1597714314812&CODE_STATE=getMsg HTTP/1.1" 200 27
61.129.7.235 - - [18/Aug/2020:09:31:59 +0800] "GET /xingrg/login.html HTTP/1.1" 200 7641
114.89.80.44 - - [18/Aug/2020:09:32:03 +0800] "GET /xingrg/all/function/internal_message.html?_=1597714322428&CODE_STATE=getMsg HTTP/1.1" 200 27
218.81.217.115 - - [18/Aug/2020:09:32:09 +0800] "GET /xingrg/all/function/internal_message.html?_=1597714332984&CODE_STATE=getMsg HTTP/1.1" 200 27
172.17.0.101 - - [18/Aug/2020:09:32:09 +0800] "GET /xingrg/all/function/internal_message.html?_=1597714331786&CODE_STATE=getMsg HTTP/1.1" 302 -
172.17.200.101 - - [18/Aug/2020:09:32:16 +0800] "GET /xingrg/all/function/internal_message.html?_=1597714336418&CODE_STATE=getMsg HTTP/1.1" 200 27
58.221.95.50 - - [18/Aug/2020:09:32:18 +0800] "GET /xingrg/all/function/internal_message.html?_=1597714468612&CODE_STATE=getMsg HTTP/1.1" 200 27
58.221.95.50 - - [18/Aug/2020:09:32:18 +0800] "GET /xingrg/check_reg.html?_=1597714468616 HTTP/1.1" 200 22
114.88.165.122 - - [18/Aug/2020:09:32:22 +0800] "GET /xingrg/all/function/internal_message.html?_=1597714387817&CODE_STATE=getMsg HTTP/1.1" 200 27
101.83.241.175 - - [18/Aug/2020:09:32:22 +0800] "GET /xingrg/login.html HTTP/1.1" 200 7641
101.83.241.175 - - [18/Aug/2020:09:32:22 +0800] "GET /favicon.ico HTTP/1.1" 404 -
101.83.241.175 - - [18/Aug/2020:09:32:24 +0800] "POST /xingrg/login.do HTTP/1.1" 302 -
101.83.241.175 - - [18/Aug/2020:09:32:24 +0800] "GET /xingrg/index.html?sysBaseUrl=http%3A%2F%2F180.169.147.146%3A18081%2Fxingrg%2F&costTime=136×tamp=1597714344740 HTTP/1.1" 200 17419
101.83.241.175 - - [18/Aug/2020:09:32:24 +0800] "GET /favicon.ico HTTP/1.1" 404 -
101.83.241.175 - - [18/Aug/2020:09:32:25 +0800] "POST /xingrg/all/common/load_tree.html?tree=area_rest_tree_json&manage=1 HTTP/1.1" 200 351
101.83.241.175 - - [18/Aug/2020:09:32:25 +0800] "GET /xingrg/all/function/internal_message.html?_=1597714341274&CODE_STATE=count HTTP/1.1" 200 11
101.83.241.175 - - [18/Aug/2020:09:32:25 +0800] "GET /xingrg/check_reg.html?_=1597714341275 HTTP/1.1" 200 22
101.83.241.175 - - [18/Aug/2020:09:32:25 +0800] "POST /xingrg/load_menu.html HTTP/1.1" 200 9959
101.83.241.175 - - [18/Aug/2020:09:32:26 +0800] "GET /xingrg/kc/report/report_main.html HTTP/1.1" 200 7345
172.17.200.101 - - [18/Aug/2020:09:32:29 +0800] "POST /xingrg/all/user/operate.html HTTP/1.1" 200 36
172.17.200.101 - - [18/Aug/2020:09:32:29 +0800] "GET /xingrg/index.html?sysBaseUrl=http%3A%2F%2F172.17.0.8%3A18081%2Fxingrg%2F&costTime=41×tamp=1597713530408 HTTP/1.1" 200 17454
172.17.200.101 - - [18/Aug/2020:09:32:29 +0800] "GET /xingrg/javascript/jquery_easy_ui/themes/default/easyui.css HTTP/1.1" 304 -
172.17.200.101 - - [18/Aug/2020:09:32:29 +0800] "GET /xingrg/javascript/jquery_easy_ui/themes/icon.css HTTP/1.1" 304 -
172.17.200.101 - - [18/Aug/2020:09:32:29 +0800] "GET /xingrg/css/form.css HTTP/1.1" 304 -
172.17.200.101 - - [18/Aug/2020:09:32:29 +0800] "GET /xingrg/javascript/jquery-1.4.2.min.js HTTP/1.1" 304 -
172.17.200.101 - - [18/Aug/2020:09:32:29 +0800] "GET /xingrg/javascript/jquery_easy_ui/jquery.easyui.min.js HTTP/1.1" 304 -
172.17.200.101 - - [18/Aug/2020:09:32:29 +0800] "GET /xingrg/javascript/jquery_easy_ui/easyui-lang-zh_CN.js HTTP/1.1" 304 -
172.17.200.101 - - [18/Aug/2020:09:32:29 +0800] "GET /xingrg/javascript/jquery.form.js HTTP/1.1" 304 -
172.17.200.101 - - [18/Aug/2020:09:32:29 +0800] "GET /xingrg/javascript/jquery.utils.js HTTP/1.1" 304 -
172.17.200.101 - - [18/Aug/2020:09:32:29 +0800] "GET /xingrg/javascript/jquery.timers.js HTTP/1.1" 304 -
172.17.200.101 - - [18/Aug/2020:09:32:29 +0800] "GET /xingrg/images/blue/jxLogo.png HTTP/1.1" 304 -
172.17.200.101 - - [18/Aug/2020:09:32:29 +0800] "GET /xingrg/javascript/jquery_easy_ui/themes/icons/settle_new.png HTTP/1.1" 304 -
172.17.200.101 - - [18/Aug/2020:09:32:29 +0800] "GET /xingrg/images/blue/navBackgound.jpg HTTP/1.1" 304 -
172.17.200.101 - - [18/Aug/2020:09:32:29 +0800] "POST /xingrg/all/common/load_tree.html?tree=area_rest_tree_json&manage=1 HTTP/1.1" 200 3088
172.17.200.101 - - [18/Aug/2020:09:32:29 +0800] "GET /xingrg/all/function/internal_message.html?_=1597714350180&CODE_STATE=count HTTP/1.1" 200 11
172.17.200.101 - - [18/Aug/2020:09:32:29 +0800] "GET /xingrg/check_reg.html?_=1597714350181 HTTP/1.1" 200 22
172.17.200.101 - - [18/Aug/2020:09:32:29 +0800] "GET /xingrg/javascript/jquery_easy_ui/themes/default/images/panel_tool_collapse.gif HTTP/1.1" 304 -
172.17.200.101 - - [18/Aug/2020:09:32:29 +0800] "GET /xingrg/javascript/jquery_easy_ui/themes/default/images/tabs_leftarrow.png HTTP/1.1" 304 -
172.17.200.101 - - [18/Aug/2020:09:32:29 +0800] "GET /xingrg/images/blue/pingpu.png HTTP/1.1" 304 -
172.17.200.101 - - [18/Aug/2020:09:32:29 +0800] "GET /xingrg/javascript/jquery_easy_ui/themes/default/images/tabs_rightarrow.png HTTP/1.1" 304 -
172.17.200.101 - - [18/Aug/2020:09:32:29 +0800] "GET /xingrg/javascript/jquery_easy_ui/themes/default/images/panel_tool_expand.gif HTTP/1.1" 304 -
172.17.200.101 - - [18/Aug/2020:09:32:29 +0800] "POST /xingrg/load_menu.html HTTP/1.1" 200 9924
101.83.241.175 - - [18/Aug/2020:09:32:30 +0800] "GET /xingrg/all/report/report_query.html?fileName=kc/buy/gys_amount.xml&rh=99999 HTTP/1.1" 200 52006
101.83.241.175 - - [18/Aug/2020:09:32:30 +0800] "GET /xingrg/dwr/interface/AjaxReportQueryService.js HTTP/1.1" 200 13203
101.83.241.175 - - [18/Aug/2020:09:32:30 +0800] "GET /xingrg/dwr/engine.js HTTP/1.1" 200 43631
101.83.241.175 - - [18/Aug/2020:09:32:30 +0800] "POST /xingrg/dwr/call/plaincall/AjaxReportQueryService.getFixDate.dwr HTTP/1.1" 200 111
101.83.241.175 - - [18/Aug/2020:09:32:30 +0800] "POST /xingrg/all/common/load_tree.html?tree=supplier_tree_json&manage=1 HTTP/1.1" 200 50407
101.83.241.175 - - [18/Aug/2020:09:32:30 +0800] "POST /xingrg/all/common/load_tree.html?tree=materiel_sort_tree_json HTTP/1.1" 200 8666
101.83.241.175 - - [18/Aug/2020:09:32:31 +0800] "POST /xingrg/dwr/call/plaincall/AjaxReportQueryService.getInitString.dwr HTTP/1.1" 200 1014
172.17.200.101 - - [18/Aug/2020:09:32:32 +0800] "GET /xingrg/kc/buy/cgsh_order_list.html HTTP/1.1" 200 43882
180.175.214.200 - - [18/Aug/2020:09:32:35 +0800] "GET /xingrg/all/function/internal_message.html?_=1597714560342&CODE_STATE=getMsg HTTP/1.1" 200 27
117.184.7.26 - - [18/Aug/2020:09:32:36 +0800] "GET /xingrg/all/function/internal_message.html?_=1597714352287&CODE_STATE=getMsg HTTP/1.1" 200 27
61.172.5.115 - - [18/Aug/2020:09:32:37 +0800] "GET /xingrg/all/function/internal_message.html?_=1597714357359&CODE_STATE=getMsg HTTP/1.1" 200 27
180.157.251.101 - - [18/Aug/2020:09:32:39 +0800] "GET /xingrg/check_reg.html?_=1597714359814 HTTP/1.1" 200 22
180.157.251.101 - - [18/Aug/2020:09:32:39 +0800] "GET /xingrg/all/function/internal_message.html?_=1597714359839&CODE_STATE=getMsg HTTP/1.1" 200 27
101.83.241.175 - - [18/Aug/2020:09:32:41 +0800] "GET /xingrg/all/function/internal_message.html?_=1597714358576&CODE_STATE=getMsg HTTP/1.1" 200 27
101.83.241.175 - - [18/Aug/2020:09:32:41 +0800] "GET /xingrg/check_reg.html?_=1597714358875 HTTP/1.1" 200 22
172.17.0.120 - - [18/Aug/2020:09:32:45 +0800] "GET /xingrg/all/function/internal_message.html?_=1597714363129&CODE_STATE=getMsg HTTP/1.1" 200 27
101.83.241.175 - - [18/Aug/2020:09:32:47 +0800] "GET /xingrg/javascript/jquery_easy_ui/themes/default/images/button_plain_hover.png HTTP/1.1" 200 252
101.83.241.175 - - [18/Aug/2020:09:32:48 +0800] "POST /xingrg/dwr/call/plaincall/AjaxReportQueryService.refreshCache.dwr HTTP/1.1" 200 78
101.83.241.175 - - [18/Aug/2020:09:32:48 +0800] "POST /xingrg/all/report/load_report_page.html HTTP/1.1" 200 89
172.17.200.101 - - [18/Aug/2020:09:32:50 +0800] "POST /xingrg/kc/buy/cgsh_list_operate.html HTTP/1.1" 200 5159
114.89.80.44 - - [18/Aug/2020:09:32:51 +0800] "GET /xingrg/all/function/internal_message.html?_=1597714490322&CODE_STATE=getMsg HTTP/1.1" 200 27
114.88.165.122 - - [18/Aug/2020:09:32:54 +0800] "GET /xingrg/all/function/internal_message.html?_=1597714372300&CODE_STATE=getMsg HTTP/1.1" 200 27
116.230.74.197 - - [18/Aug/2020:09:32:55 +0800] "GET /xingrg/all/function/internal_message.html?_=1597714374837&CODE_STATE=getMsg HTTP/1.1" 200 27
172.17.0.114 - - [18/Aug/2020:09:32:56 +0800] "GET /xingrg/all/function/internal_message.html?_=1597714374787&CODE_STATE=getMsg HTTP/1.1" 200 27
172.17.0.114 - - [18/Aug/2020:09:32:56 +0800] "GET /xingrg/check_reg.html?_=1597714375162 HTTP/1.1" 200 22
114.89.80.44 - - [18/Aug/2020:09:33:03 +0800] "GET /xingrg/all/function/internal_message.html?_=1597714382405&CODE_STATE=getMsg HTTP/1.1" 200 27
172.17.200.101 - - [18/Aug/2020:09:33:08 +0800] "POST /xingrg/kc/buy/cgsh_list_operate.html HTTP/1.1" 200 5338
172.17.0.101 - - [18/Aug/2020:09:33:09 +0800] "GET /xingrg/all/function/internal_message.html?_=1597714391917&CODE_STATE=getMsg HTTP/1.1" 302 -
218.81.217.115 - - [18/Aug/2020:09:33:09 +0800] "GET /xingrg/all/function/internal_message.html?_=1597714393176&CODE_STATE=getMsg HTTP/1.1" 200 27
58.221.95.50 - - [18/Aug/2020:09:33:18 +0800] "GET /xingrg/all/function/internal_message.html?_=1597714528615&CODE_STATE=getMsg HTTP/1.1" 200 27
114.88.165.122 - - [18/Aug/2020:09:33:22 +0800] "GET /xingrg/check_reg.html?_=1597714447818 HTTP/1.1" 200 22
114.88.165.122 - - [18/Aug/2020:09:33:22 +0800] "GET /xingrg/all/function/internal_message.html?_=1597714447819&CODE_STATE=getMsg HTTP/1.1" 200 27
172.17.200.101 - - [18/Aug/2020:09:33:23 +0800] "POST /xingrg/kc/buy/cgsh_list_operate.html HTTP/1.1" 200 3024
101.83.241.175 - - [18/Aug/2020:09:33:25 +0800] "GET /xingrg/all/function/internal_message.html?_=1597714401303&CODE_STATE=getMsg HTTP/1.1" 200 27
172.17.200.101 - - [18/Aug/2020:09:33:29 +0800] "GET /xingrg/all/function/internal_message.html?_=1597714410187&CODE_STATE=getMsg HTTP/1.1" 200 27
180.175.214.200 - - [18/Aug/2020:09:33:31 +0800] "GET /xingrg/check_reg.html?_=1597714617128 HTTP/1.1" 200 22
180.175.214.200 - - [18/Aug/2020:09:33:35 +0800] "GET /xingrg/all/function/internal_message.html?_=1597714620356&CODE_STATE=getMsg HTTP/1.1" 200 27
117.184.7.26 - - [18/Aug/2020:09:33:36 +0800] "GET /xingrg/all/function/internal_message.html?_=1597714412287&CODE_STATE=getMsg HTTP/1.1" 200 27
61.172.5.115 - - [18/Aug/2020:09:33:37 +0800] "GET /xingrg/all/function/internal_message.html?_=1597714417492&CODE_STATE=getMsg HTTP/1.1" 200 27
180.157.251.101 - - [18/Aug/2020:09:33:39 +0800] "GET /xingrg/all/function/internal_message.html?_=1597714419839&CODE_STATE=getMsg HTTP/1.1" 200 27
114.89.80.44 - - [18/Aug/2020:09:33:40 +0800] "GET /xingrg/check_reg.html?_=1597714538997 HTTP/1.1" 200 22
101.83.241.175 - - [18/Aug/2020:09:33:41 +0800] "GET /xingrg/all/function/internal_message.html?_=1597714418548&CODE_STATE=getMsg HTTP/1.1" 200 27
172.17.0.120 - - [18/Aug/2020:09:33:45 +0800] "GET /xingrg/all/function/internal_message.html?_=1597714423136&CODE_STATE=getMsg HTTP/1.1" 200 27
114.89.80.44 - - [18/Aug/2020:09:33:51 +0800] "GET /xingrg/all/function/internal_message.html?_=1597714550335&CODE_STATE=getMsg HTTP/1.1" 200 27
172.17.200.101 - - [18/Aug/2020:09:33:52 +0800] "GET /xingrg/kc/report/report_main.html HTTP/1.1" 200 7325
114.88.165.122 - - [18/Aug/2020:09:33:54 +0800] "GET /xingrg/check_reg.html?_=1597714432250 HTTP/1.1" 200 22
114.88.165.122 - - [18/Aug/2020:09:33:54 +0800] "GET /xingrg/all/function/internal_message.html?_=1597714432312&CODE_STATE=getMsg HTTP/1.1" 200 27
116.230.74.197 - - [18/Aug/2020:09:33:55 +0800] "GET /xingrg/all/function/internal_message.html?_=1597714434822&CODE_STATE=getMsg HTTP/1.1" 200 27
172.17.0.114 - - [18/Aug/2020:09:33:56 +0800] "GET /xingrg/all/function/internal_message.html?_=1597714434771&CODE_STATE=getMsg HTTP/1.1" 200 27
114.89.80.44 - - [18/Aug/2020:09:34:03 +0800] "GET /xingrg/all/function/internal_message.html?_=1597714442387&CODE_STATE=getMsg HTTP/1.1" 200 27
114.89.80.44 - - [18/Aug/2020:09:34:03 +0800] "GET /xingrg/check_reg.html?_=1597714442486 HTTP/1.1" 200 22
61.172.5.115 - - [18/Aug/2020:09:34:06 +0800] "GET /xingrg/kc/buy/cgsh_order_operate.html?command=get_materiel&rest_code=00105&code=00101008028&supplier_code=00100203&order_time=2020-08-18 HTTP/1.1" 200 412
218.81.217.115 - - [18/Aug/2020:09:34:08 +0800] "GET /xingrg/check_reg.html?_=1597714452169 HTTP/1.1" 200 22
172.17.0.101 - - [18/Aug/2020:09:34:09 +0800] "GET /xingrg/all/function/internal_message.html?_=1597714451922&CODE_STATE=getMsg HTTP/1.1" 302 -
218.81.217.115 - - [18/Aug/2020:09:34:09 +0800] "GET /xingrg/all/function/internal_message.html?_=1597714453337&CODE_STATE=getMsg HTTP/1.1" 200 27
61.172.5.115 - - [18/Aug/2020:09:34:12 +0800] "POST /xingrg/kc/buy/cgsh_order_operate.html HTTP/1.1" 200 37
172.17.0.123 - - [18/Aug/2020:09:34:13 +0800] "GET /xingrg/check_reg.html?_=1597714369371 HTTP/1.1" 200 22
61.172.5.115 - - [18/Aug/2020:09:34:13 +0800] "POST /xingrg/kc/buy/cgsh_order_operate.html HTTP/1.1" 200 42216
61.172.5.115 - - [18/Aug/2020:09:34:14 +0800] "GET /xingrg/kc/print/load_data.html?order_code=212020081807533&kc_code=cgsh&condition= HTTP/1.1" 200 15536
58.221.95.50 - - [18/Aug/2020:09:34:18 +0800] "GET /xingrg/all/function/internal_message.html?_=1597714588616&CODE_STATE=getMsg HTTP/1.1" 200 27
114.88.165.122 - - [18/Aug/2020:09:34:22 +0800] "GET /xingrg/all/function/internal_message.html?_=1597714507811&CODE_STATE=getMsg HTTP/1.1" 200 27
172.17.200.101 - - [18/Aug/2020:09:34:29 +0800] "GET /xingrg/all/function/internal_message.html?_=1597714470187&CODE_STATE=getMsg HTTP/1.1" 200 27
61.172.5.115 - - [18/Aug/2020:09:34:31 +0800] "GET /xingrg/kc/buy/cgsh_order_add.html HTTP/1.1" 200 59379
61.172.5.115 - - [18/Aug/2020:09:34:31 +0800] "POST /xingrg/kc/buy/cgsh_order_operate.html HTTP/1.1" 200 8245
61.172.5.115 - - [18/Aug/2020:09:34:31 +0800] "GET /xingrg/javascript/easyui/themes/default/validatebox.css HTTP/1.1" 404 1104
180.175.214.200 - - [18/Aug/2020:09:34:35 +0800] "GET /xingrg/all/function/internal_message.html?_=1597714680369&CODE_STATE=getMsg HTTP/1.1" 200 27
117.184.7.26 - - [18/Aug/2020:09:34:36 +0800] "GET /xingrg/all/function/internal_message.html?_=1597714472287&CODE_STATE=getMsg HTTP/1.1" 200 27
61.172.5.115 - - [18/Aug/2020:09:34:37 +0800] "GET /xingrg/all/function/internal_message.html?_=1597714477453&CODE_STATE=getMsg HTTP/1.1" 200 27
180.157.251.101 - - [18/Aug/2020:09:34:39 +0800] "GET /xingrg/all/function/internal_message.html?_=1597714479834&CODE_STATE=getMsg HTTP/1.1" 200 27
61.172.5.115 - - [18/Aug/2020:09:34:41 +0800] "GET /xingrg/kc/buy/cgsh_order_operate.html?command=get_materiel&rest_code=00105&code=00101007059&supplier_code=00100002&order_time=2020-08-18 HTTP/1.1" 200 409
101.83.241.175 - - [18/Aug/2020:09:34:41 +0800] "GET /xingrg/all/function/internal_message.html?_=1597714478521&CODE_STATE=getMsg HTTP/1.1" 200 27
172.17.0.120 - - [18/Aug/2020:09:34:45 +0800] "GET /xingrg/check_reg.html?_=1597714483131 HTTP/1.1" 200 22
172.17.0.120 - - [18/Aug/2020:09:34:45 +0800] "GET /xingrg/all/function/internal_message.html?_=1597714483134&CODE_STATE=getMsg HTTP/1.1" 200 27
61.172.5.115 - - [18/Aug/2020:09:34:49 +0800] "POST /xingrg/kc/buy/cgsh_order_operate.html HTTP/1.1" 200 37
61.172.5.115 - - [18/Aug/2020:09:34:49 +0800] "POST /xingrg/kc/buy/cgsh_order_operate.html HTTP/1.1" 200 2653
61.172.5.115 - - [18/Aug/2020:09:34:50 +0800] "GET /xingrg/kc/print/load_data.html?order_code=212020081807534&kc_code=cgsh&condition= HTTP/1.1" 200 733
114.89.80.44 - - [18/Aug/2020:09:34:51 +0800] "GET /xingrg/all/function/internal_message.html?_=1597714610349&CODE_STATE=getMsg HTTP/1.1" 200 27
114.88.165.122 - - [18/Aug/2020:09:34:54 +0800] "GET /xingrg/all/function/internal_message.html?_=1597714492327&CODE_STATE=getMsg HTTP/1.1" 200 27
58.40.7.146 - - [18/Aug/2020:09:34:54 +0800] "POST /xingrg/services/DataTransmitService HTTP/1.1" 200 524
116.230.74.197 - - [18/Aug/2020:09:34:55 +0800] "GET /xingrg/all/function/internal_message.html?_=1597714494803&CODE_STATE=getMsg HTTP/1.1" 200 27
114.88.153.118 - - [18/Aug/2020:09:34:56 +0800] "GET /xingrg/check_reg.html?_=1597714493695 HTTP/1.1" 302 -
172.17.0.114 - - [18/Aug/2020:09:34:56 +0800] "GET /xingrg/all/function/internal_message.html?_=1597714494781&CODE_STATE=getMsg HTTP/1.1" 200 27
114.89.80.44 - - [18/Aug/2020:09:35:03 +0800] "GET /xingrg/all/function/internal_message.html?_=1597714502484&CODE_STATE=getMsg HTTP/1.1" 200 27
114.89.80.44 - - [18/Aug/2020:09:35:04 +0800] "GET /xingrg/kc/buy/cgsh_order_operate.html?command=get_materiel&rest_code=00150&code=00101008286&supplier_code=00100007&order_time=2020-08-18 HTTP/1.1" 200 408
172.17.0.101 - - [18/Aug/2020:09:35:09 +0800] "GET /xingrg/all/function/internal_message.html?_=1597714512052&CODE_STATE=getMsg HTTP/1.1" 302 -
218.81.217.115 - - [18/Aug/2020:09:35:09 +0800] "GET /xingrg/all/function/internal_message.html?_=1597714513337&CODE_STATE=getMsg HTTP/1.1" 200 27
58.221.95.50 - - [18/Aug/2020:09:35:18 +0800] "GET /xingrg/all/function/internal_message.html?_=1597714648615&CODE_STATE=getMsg HTTP/1.1" 200 27
180.157.251.101 - - [18/Aug/2020:09:35:18 +0800] "GET /xingrg/kc/buy/cgsh_order_operate.html?command=get_materiel&rest_code=00148&code=00101008361&supplier_code=00100007&order_time=2020-08-18 HTTP/1.1" 200 408
114.88.165.122 - - [18/Aug/2020:09:35:22 +0800] "GET /xingrg/all/function/internal_message.html?_=1597714567810&CODE_STATE=getMsg HTTP/1.1" 200 27
172.17.200.101 - - [18/Aug/2020:09:35:29 +0800] "GET /xingrg/all/function/internal_message.html?_=1597714530189&CODE_STATE=getMsg HTTP/1.1" 200 27
180.157.251.101 - - [18/Aug/2020:09:35:30 +0800] "GET /xingrg/kc/buy/cgsh_order_operate.html?command=get_materiel&rest_code=00148&code=00101008296&supplier_code=00100007&order_time=2020-08-18 HTTP/1.1" 200 416
172.17.0.101 - - [18/Aug/2020:09:35:33 +0800] "GET /xingrg/check_reg.html?_=1597714536007 HTTP/1.1" 302 -
180.175.214.200 - - [18/Aug/2020:09:35:35 +0800] "GET /xingrg/all/function/internal_message.html?_=1597714740473&CODE_STATE=getMsg HTTP/1.1" 200 27
180.157.251.101 - - [18/Aug/2020:09:35:35 +0800] "GET /xingrg/kc/buy/cgsh_order_operate.html?command=get_materiel&rest_code=00148&code=00101008353&supplier_code=00100007&order_time=2020-08-18 HTTP/1.1" 200 408
117.184.7.26 - - [18/Aug/2020:09:35:36 +0800] "GET /xingrg/all/function/internal_message.html?_=1597714532288&CODE_STATE=getMsg HTTP/1.1" 200 27
61.172.5.115 - - [18/Aug/2020:09:35:37 +0800] "GET /xingrg/all/function/internal_message.html?_=1597714537418&CODE_STATE=getMsg HTTP/1.1" 200 27
180.157.251.101 - - [18/Aug/2020:09:35:39 +0800] "POST /xingrg/kc/buy/cgsh_order_operate.html HTTP/1.1" 200 2065
180.157.251.101 - - [18/Aug/2020:09:35:39 +0800] "GET /xingrg/all/function/internal_message.html?_=1597714539846&CODE_STATE=getMsg HTTP/1.1" 200 27
101.83.241.175 - - [18/Aug/2020:09:35:41 +0800] "GET /xingrg/all/function/internal_message.html?_=1597714538506&CODE_STATE=getMsg HTTP/1.1" 200 27
180.157.251.101 - - [18/Aug/2020:09:35:42 +0800] "GET /xingrg/kc/buy/cgsh_order_operate.html?command=get_materiel&rest_code=00148&code=00101008188&supplier_code=00100007&order_time=2020-08-18 HTTP/1.1" 200 412
172.17.0.120 - - [18/Aug/2020:09:35:45 +0800] "GET /xingrg/all/function/internal_message.html?_=1597714543138&CODE_STATE=getMsg HTTP/1.1" 200 27
116.230.74.197 - - [18/Aug/2020:09:35:49 +0800] "GET /xingrg/check_reg.html?_=1597714549078 HTTP/1.1" 200 22
180.157.251.101 - - [18/Aug/2020:09:35:49 +0800] "GET /xingrg/kc/buy/cgsh_order_operate.html?command=get_materiel&rest_code=00148&code=00101008185&supplier_code=00100007&order_time=2020-08-18 HTTP/1.1" 200 408
114.89.80.44 - - [18/Aug/2020:09:35:51 +0800] "GET /xingrg/all/function/internal_message.html?_=1597714670369&CODE_STATE=getMsg HTTP/1.1" 200 27
114.88.165.122 - - [18/Aug/2020:09:35:54 +0800] "GET /xingrg/all/function/internal_message.html?_=1597714552340&CODE_STATE=getMsg HTTP/1.1" 200 27
116.230.74.197 - - [18/Aug/2020:09:35:55 +0800] "GET /xingrg/all/function/internal_message.html?_=1597714554774&CODE_STATE=getMsg HTTP/1.1" 200 27
172.17.0.114 - - [18/Aug/2020:09:35:56 +0800] "GET /xingrg/all/function/internal_message.html?_=1597714554750&CODE_STATE=getMsg HTTP/1.1" 200 27
114.89.80.44 - - [18/Aug/2020:09:35:57 +0800] "GET /xingrg/css/site.css HTTP/1.1" 304 -
114.89.80.44 - - [18/Aug/2020:09:35:57 +0800] "GET /xingrg/javascript/easyui/themes/icon.css HTTP/1.1" 304 -
114.89.80.44 - - [18/Aug/2020:09:35:57 +0800] "GET /xingrg/css/base.css HTTP/1.1" 304 -
114.89.80.44 - - [18/Aug/2020:09:35:57 +0800] "GET /xingrg/javascript/jquery_tools/datebox.css HTTP/1.1" 304 -
114.89.80.44 - - [18/Aug/2020:09:35:57 +0800] "GET /xingrg/javascript/jquery_tools/fix.css HTTP/1.1" 304 -
114.89.80.44 - - [18/Aug/2020:09:35:57 +0800] "GET /xingrg/javascript/easyui/themes/default/easyui.css HTTP/1.1" 304 -
114.89.80.44 - - [18/Aug/2020:09:35:57 +0800] "GET /xingrg/javascript/jquery_tools/table.css HTTP/1.1" 304 -
114.89.80.44 - - [18/Aug/2020:09:35:57 +0800] "GET /xingrg/javascript/auto/jquery.autocomplete.css HTTP/1.1" 304 -
114.89.80.44 - - [18/Aug/2020:09:35:57 +0800] "GET /xingrg/javascript/jquery_tools/jquery.tools.min.js HTTP/1.1" 304 -
114.89.80.44 - - [18/Aug/2020:09:35:57 +0800] "GET /xingrg/javascript/jquery_tools/jquery.tools.extend.js HTTP/1.1" 304 -
114.89.80.44 - - [18/Aug/2020:09:35:57 +0800] "GET /xingrg/javascript/auto/jquery.autocomplete.js HTTP/1.1" 304 -
114.89.80.44 - - [18/Aug/2020:09:35:57 +0800] "GET /xingrg/javascript/jquery_tools/list_manager.js HTTP/1.1" 304 -
114.89.80.44 - - [18/Aug/2020:09:35:57 +0800] "GET /xingrg/javascript/jquery_tools/jquery.tools.table.js HTTP/1.1" 304 -
114.89.80.44 - - [18/Aug/2020:09:35:57 +0800] "GET /xingrg/javascript/jquery_tools/jquery.tools.hotkey.js HTTP/1.1" 304 -
114.89.80.44 - - [18/Aug/2020:09:35:57 +0800] "GET /xingrg/javascript/jquery.cookie.js HTTP/1.1" 304 -
114.89.80.44 - - [18/Aug/2020:09:35:57 +0800] "GET /xingrg/javascript/jquery.utils.js HTTP/1.1" 304 -
114.89.80.44 - - [18/Aug/2020:09:35:57 +0800] "GET /xingrg/javascript/print/LodopFuncs.js HTTP/1.1" 304 -
114.89.80.44 - - [18/Aug/2020:09:35:57 +0800] "GET /xingrg/javascript/easyui/easyloader.js HTTP/1.1" 304 -
114.89.80.44 - - [18/Aug/2020:09:35:57 +0800] "GET /xingrg/kc/buy/cgsh_order_list.html HTTP/1.1" 200 43645
114.89.80.44 - - [18/Aug/2020:09:35:57 +0800] "GET /xingrg/javascript/easyui/plugins/jquery.parser.js HTTP/1.1" 304 -
114.89.80.44 - - [18/Aug/2020:09:35:58 +0800] "POST /xingrg/kc/buy/cgsh_list_operate.html HTTP/1.1" 200 876
114.89.80.44 - - [18/Aug/2020:09:36:00 +0800] "GET /xingrg/javascript/pic_change.js HTTP/1.1" 304 -
114.89.80.44 - - [18/Aug/2020:09:36:00 +0800] "GET /xingrg/javascript/convert.js HTTP/1.1" 304 -
114.89.80.44 - - [18/Aug/2020:09:36:00 +0800] "GET /xingrg/javascript/jquery_tools/order_manager.js HTTP/1.1" 304 -
114.89.80.44 - - [18/Aug/2020:09:36:00 +0800] "GET /xingrg/javascript/json2.js HTTP/1.1" 304 -
114.89.80.44 - - [18/Aug/2020:09:36:00 +0800] "GET /xingrg/javascript/print/kc_print.js HTTP/1.1" 304 -
114.89.80.44 - - [18/Aug/2020:09:36:00 +0800] "GET /xingrg/kc/buy/cgsh_order_add.html HTTP/1.1" 200 59033
114.89.80.44 - - [18/Aug/2020:09:36:00 +0800] "GET /xingrg/words/20200817163423_words.js HTTP/1.1" 304 -
114.89.80.44 - - [18/Aug/2020:09:36:00 +0800] "GET /xingrg/javascript/easyui/themes/icons/ok.png HTTP/1.1" 304 -
114.89.80.44 - - [18/Aug/2020:09:36:00 +0800] "GET /xingrg/javascript/easyui/themes/icons/copy_new.png HTTP/1.1" 304 -
114.89.80.44 - - [18/Aug/2020:09:36:00 +0800] "GET /xingrg/javascript/easyui/themes/icons/template_new.png HTTP/1.1" 304 -
114.89.80.44 - - [18/Aug/2020:09:36:00 +0800] "GET /xingrg/javascript/easyui/themes/icons/print.png HTTP/1.1" 304 -
114.89.80.44 - - [18/Aug/2020:09:36:00 +0800] "GET /xingrg/javascript/easyui/themes/default/images/menu_downarrow.png HTTP/1.1" 304 -
114.89.80.44 - - [18/Aug/2020:09:36:00 +0800] "GET /xingrg/javascript/easyui/themes/icons/cancel.png HTTP/1.1" 304 -
114.89.80.44 - - [18/Aug/2020:09:36:00 +0800] "POST /xingrg/kc/buy/cgsh_order_operate.html HTTP/1.1" 200 8245
114.89.80.44 - - [18/Aug/2020:09:36:00 +0800] "GET /xingrg/all/common/auto_word.html?type=employee&rest_code=00151 HTTP/1.1" 200 243
114.89.80.44 - - [18/Aug/2020:09:36:00 +0800] "GET /xingrg/all/common/auto_word.html?type=employee&rest_code=00151 HTTP/1.1" 200 243
114.89.80.44 - - [18/Aug/2020:09:36:00 +0800] "GET /xingrg/javascript/easyui/themes/default/validatebox.css HTTP/1.1" 404 1104
114.89.80.44 - - [18/Aug/2020:09:36:00 +0800] "GET /xingrg/javascript/easyui/plugins/jquery.validatebox.js HTTP/1.1" 304 -
114.89.80.44 - - [18/Aug/2020:09:36:00 +0800] "GET /xingrg/javascript/easyui/plugins/jquery.numberbox.js HTTP/1.1" 304 -
180.157.251.101 - - [18/Aug/2020:09:36:03 +0800] "GET /xingrg/kc/buy/cgsh_order_operate.html?command=get_materiel&rest_code=00148&code=00101008305&supplier_code=00100007&order_time=2020-08-18 HTTP/1.1" 200 412
114.89.80.44 - - [18/Aug/2020:09:36:03 +0800] "GET /xingrg/all/function/internal_message.html?_=1597714562453&CODE_STATE=getMsg HTTP/1.1" 200 27
172.17.0.101 - - [18/Aug/2020:09:36:09 +0800] "GET /xingrg/all/function/internal_message.html?_=1597714572058&CODE_STATE=getMsg HTTP/1.1" 302 -
218.81.217.115 - - [18/Aug/2020:09:36:09 +0800] "GET /xingrg/all/function/internal_message.html?_=1597714573351&CODE_STATE=getMsg HTTP/1.1" 200 27
180.157.251.101 - - [18/Aug/2020:09:36:14 +0800] "POST /xingrg/kc/buy/cgsh_order_operate.html HTTP/1.1" 200 2065
58.221.95.50 - - [18/Aug/2020:09:36:18 +0800] "GET /xingrg/all/function/internal_message.html?_=1597714708616&CODE_STATE=getMsg HTTP/1.1" 200 27
114.88.165.122 - - [18/Aug/2020:09:36:22 +0800] "GET /xingrg/all/function/internal_message.html?_=1597714627807&CODE_STATE=getMsg HTTP/1.1" 200 27
180.157.251.101 - - [18/Aug/2020:09:36:29 +0800] "GET /xingrg/kc/buy/cgsh_order_operate.html?command=get_materiel&rest_code=00148&code=00101008356&supplier_code=00100007&order_time=2020-08-18 HTTP/1.1" 200 408
172.17.200.101 - - [18/Aug/2020:09:36:29 +0800] "GET /xingrg/all/function/internal_message.html?_=1597714590190&CODE_STATE=getMsg HTTP/1.1" 200 27
180.175.214.200 - - [18/Aug/2020:09:36:35 +0800] "GET /xingrg/all/function/internal_message.html?_=1597714800474&CODE_STATE=getMsg HTTP/1.1" 200 27
117.184.7.26 - - [18/Aug/2020:09:36:36 +0800] "GET /xingrg/check_reg.html?_=1597714592289 HTTP/1.1" 200 22
117.184.7.30 - - [18/Aug/2020:09:36:36 +0800] "GET /xingrg/all/function/internal_message.html?_=1597714592292&CODE_STATE=getMsg HTTP/1.1" 200 27
61.172.5.115 - - [18/Aug/2020:09:36:37 +0800] "GET /xingrg/all/function/internal_message.html?_=1597714597397&CODE_STATE=getMsg HTTP/1.1" 200 27
61.172.5.115 - - [18/Aug/2020:09:36:37 +0800] "GET /xingrg/check_reg.html?_=1597714597472 HTTP/1.1" 200 22
180.157.251.101 - - [18/Aug/2020:09:36:39 +0800] "GET /xingrg/all/function/internal_message.html?_=1597714599956&CODE_STATE=getMsg HTTP/1.1" 200 27
101.83.241.175 - - [18/Aug/2020:09:36:41 +0800] "GET /xingrg/all/function/internal_message.html?_=1597714598477&CODE_STATE=getMsg HTTP/1.1" 200 27
172.17.0.120 - - [18/Aug/2020:09:36:45 +0800] "GET /xingrg/all/function/internal_message.html?_=1597714603143&CODE_STATE=getMsg HTTP/1.1" 200 27
114.89.80.44 - - [18/Aug/2020:09:36:48 +0800] "GET /xingrg/javascript/auto/indicator.gif HTTP/1.1" 404 1066
180.157.251.101 - - [18/Aug/2020:09:36:50 +0800] "GET /xingrg/kc/buy/cgsh_order_operate.html?command=get_materiel&rest_code=00148&code=00101009030&supplier_code=00100007&order_time=2020-08-18 HTTP/1.1" 200 412
114.89.80.44 - - [18/Aug/2020:09:36:51 +0800] "GET /xingrg/all/function/internal_message.html?_=1597714730377&CODE_STATE=getMsg HTTP/1.1" 200 27
114.88.165.122 - - [18/Aug/2020:09:36:54 +0800] "GET /xingrg/all/function/internal_message.html?_=1597714612354&CODE_STATE=getMsg HTTP/1.1" 200 27
116.230.74.197 - - [18/Aug/2020:09:36:55 +0800] "GET /xingrg/all/function/internal_message.html?_=1597714614854&CODE_STATE=getMsg HTTP/1.1" 200 27
172.17.0.114 - - [18/Aug/2020:09:36:56 +0800] "GET /xingrg/all/function/internal_message.html?_=1597714614732&CODE_STATE=getMsg HTTP/1.1" 200 27
180.157.251.101 - - [18/Aug/2020:09:37:00 +0800] "GET /xingrg/kc/buy/cgsh_order_operate.html?command=get_materiel&rest_code=00148&code=00101008119&supplier_code=00100007&order_time=2020-08-18 HTTP/1.1" 200 412
114.89.80.44 - - [18/Aug/2020:09:37:03 +0800] "GET /xingrg/all/function/internal_message.html?_=1597714622449&CODE_STATE=getMsg HTTP/1.1" 200 27
180.157.251.101 - - [18/Aug/2020:09:37:06 +0800] "GET /xingrg/kc/buy/cgsh_order_operate.html?command=get_materiel&rest_code=00148&code=00101012026&supplier_code=00100007&order_time=2020-08-18 HTTP/1.1" 200 408
180.157.251.101 - - [18/Aug/2020:09:37:09 +0800] "POST /xingrg/kc/buy/cgsh_order_operate.html HTTP/1.1" 200 2065
172.17.0.101 - - [18/Aug/2020:09:37:09 +0800] "GET /xingrg/all/function/internal_message.html?_=1597714632187&CODE_STATE=getMsg HTTP/1.1" 302 -
218.81.217.115 - - [18/Aug/2020:09:37:09 +0800] "GET /xingrg/all/function/internal_message.html?_=1597714633543&CODE_STATE=getMsg HTTP/1.1" 200 27
180.157.251.101 - - [18/Aug/2020:09:37:12 +0800] "GET /xingrg/kc/buy/cgsh_order_operate.html?command=get_materiel&rest_code=00148&code=00101009016&supplier_code=00100007&order_time=2020-08-18 HTTP/1.1" 200 412
58.221.95.50 - - [18/Aug/2020:09:37:18 +0800] "GET /xingrg/check_reg.html?_=1597714768617 HTTP/1.1" 200 22
58.221.95.50 - - [18/Aug/2020:09:37:18 +0800] "GET /xingrg/all/function/internal_message.html?_=1597714768619&CODE_STATE=getMsg HTTP/1.1" 200 27
114.88.165.122 - - [18/Aug/2020:09:37:22 +0800] "GET /xingrg/all/function/internal_message.html?_=1597714687822&CODE_STATE=getMsg HTTP/1.1" 200 27
172.17.200.101 - - [18/Aug/2020:09:37:29 +0800] "GET /xingrg/check_reg.html?_=1597714650191 HTTP/1.1" 200 22
172.17.200.101 - - [18/Aug/2020:09:37:29 +0800] "GET /xingrg/all/function/internal_message.html?_=1597714650196&CODE_STATE=getMsg HTTP/1.1" 200 27
114.89.80.44 - - [18/Aug/2020:09:37:35 +0800] "GET /xingrg/kc/buy/cgsh_order_operate.html?command=get_materiel&rest_code=00151&code=00101016057&supplier_code=00100036&order_time=2020-08-18 HTTP/1.1" 200 408
180.175.214.200 - - [18/Aug/2020:09:37:35 +0800] "GET /xingrg/all/function/internal_message.html?_=1597714860566&CODE_STATE=getMsg HTTP/1.1" 200 27
117.184.7.30 - - [18/Aug/2020:09:37:36 +0800] "GET /xingrg/all/function/internal_message.html?_=1597714652292&CODE_STATE=getMsg HTTP/1.1" 200 27
61.172.5.115 - - [18/Aug/2020:09:37:37 +0800] "GET /xingrg/all/function/internal_message.html?_=1597714657365&CODE_STATE=getMsg HTTP/1.1" 200 27
180.157.251.101 - - [18/Aug/2020:09:37:39 +0800] "GET /xingrg/check_reg.html?_=1597714659862 HTTP/1.1" 200 22
180.157.251.101 - - [18/Aug/2020:09:37:39 +0800] "GET /xingrg/all/function/internal_message.html?_=1597714659955&CODE_STATE=getMsg HTTP/1.1" 200 27
172.17.0.114 - - [18/Aug/2020:09:37:41 +0800] "GET /xingrg/kc/buy/cgsh_order_add.html HTTP/1.1" 200 59312
101.83.241.175 - - [18/Aug/2020:09:37:41 +0800] "GET /xingrg/all/function/internal_message.html?_=1597714658450&CODE_STATE=getMsg HTTP/1.1" 200 27
172.17.0.114 - - [18/Aug/2020:09:37:41 +0800] "POST /xingrg/kc/buy/cgsh_order_operate.html HTTP/1.1" 200 8245
172.17.0.114 - - [18/Aug/2020:09:37:41 +0800] "GET /xingrg/javascript/easyui/themes/default/validatebox.css HTTP/1.1" 404 1104
101.83.241.175 - - [18/Aug/2020:09:37:41 +0800] "GET /xingrg/check_reg.html?_=1597714658859 HTTP/1.1" 200 22
172.17.0.120 - - [18/Aug/2020:09:37:45 +0800] "GET /xingrg/all/function/internal_message.html?_=1597714663132&CODE_STATE=getMsg HTTP/1.1" 200 27
114.89.80.44 - - [18/Aug/2020:09:37:47 +0800] "GET /xingrg/kc/buy/cgsh_order_operate.html?command=get_materiel&rest_code=00151&code=00101012025&supplier_code=00100036&order_time=2020-08-18 HTTP/1.1" 200 412
180.157.251.101 - - [18/Aug/2020:09:37:49 +0800] "GET /xingrg/kc/buy/cgsh_order_operate.html?command=get_materiel&rest_code=00148&code=00101009013&supplier_code=00100007&order_time=2020-08-18 HTTP/1.1" 200 420
114.89.80.44 - - [18/Aug/2020:09:37:51 +0800] "GET /xingrg/all/function/internal_message.html?_=1597714790391&CODE_STATE=getMsg HTTP/1.1" 200 27
114.88.165.122 - - [18/Aug/2020:09:37:54 +0800] "GET /xingrg/all/function/internal_message.html?_=1597714672367&CODE_STATE=getMsg HTTP/1.1" 200 27
116.230.74.197 - - [18/Aug/2020:09:37:55 +0800] "GET /xingrg/all/function/internal_message.html?_=1597714674829&CODE_STATE=getMsg HTTP/1.1" 200 27
172.17.0.114 - - [18/Aug/2020:09:37:56 +0800] "GET /xingrg/all/function/internal_message.html?_=1597714674708&CODE_STATE=getMsg HTTP/1.1" 200 27
172.17.0.114 - - [18/Aug/2020:09:37:56 +0800] "GET /xingrg/check_reg.html?_=1597714675167 HTTP/1.1" 200 22
172.17.0.114 - - [18/Aug/2020:09:37:56 +0800] "GET /xingrg/kc/buy/cgsh_order_operate.html?command=get_materiel&rest_code=00147&code=00101008244&supplier_code=00100007&order_time=2020-08-18 HTTP/1.1" 200 408
114.89.80.44 - - [18/Aug/2020:09:38:03 +0800] "GET /xingrg/all/function/internal_message.html?_=1597714682421&CODE_STATE=getMsg HTTP/1.1" 200 27
172.17.0.114 - - [18/Aug/2020:09:38:03 +0800] "GET /xingrg/kc/buy/cgsh_order_operate.html?command=get_materiel&rest_code=00147&code=00101008185&supplier_code=00100007&order_time=2020-08-18 HTTP/1.1" 200 408
172.17.0.101 - - [18/Aug/2020:09:38:09 +0800] "GET /xingrg/all/function/internal_message.html?_=1597714692196&CODE_STATE=getMsg HTTP/1.1" 302 -
218.81.217.115 - - [18/Aug/2020:09:38:09 +0800] "GET /xingrg/all/function/internal_message.html?_=1597714693550&CODE_STATE=getMsg HTTP/1.1" 200 27
172.17.0.114 - - [18/Aug/2020:09:38:11 +0800] "GET /xingrg/kc/buy/cgsh_order_operate.html?command=get_materiel&rest_code=00147&code=00101008110&supplier_code=00100007&order_time=2020-08-18 HTTP/1.1" 200 408
114.89.80.44 - - [18/Aug/2020:09:38:11 +0800] "GET /xingrg/kc/buy/cgsh_order_operate.html?command=get_materiel&rest_code=00151&code=00101012059&supplier_code=00100036&order_time=2020-08-18 HTTP/1.1" 200 412
172.17.0.114 - - [18/Aug/2020:09:38:18 +0800] "GET /xingrg/kc/buy/cgsh_order_operate.html?command=get_materiel&rest_code=00147&code=00101008288&supplier_code=00100007&order_time=2020-08-18 HTTP/1.1" 200 408
58.221.95.50 - - [18/Aug/2020:09:38:18 +0800] "GET /xingrg/all/function/internal_message.html?_=1597714828617&CODE_STATE=getMsg HTTP/1.1" 200 27
180.157.251.101 - - [18/Aug/2020:09:38:21 +0800] "GET /xingrg/kc/buy/cgsh_order_operate.html?command=get_materiel&rest_code=00148&code=00101008168&supplier_code=00100007&order_time=2020-08-18 HTTP/1.1" 200 413
114.88.165.122 - - [18/Aug/2020:09:38:22 +0800] "GET /xingrg/check_reg.html?_=1597714747847 HTTP/1.1" 200 22
114.88.165.122 - - [18/Aug/2020:09:38:22 +0800] "GET /xingrg/all/function/internal_message.html?_=1597714747847&CODE_STATE=getMsg HTTP/1.1" 200 27
114.89.80.44 - - [18/Aug/2020:09:38:23 +0800] "POST /xingrg/kc/buy/cgsh_order_operate.html HTTP/1.1" 200 37
172.17.0.114 - - [18/Aug/2020:09:38:24 +0800] "GET /xingrg/kc/buy/cgsh_order_operate.html?command=get_materiel&rest_code=00147&code=00101008264&supplier_code=00100007&order_time=2020-08-18 HTTP/1.1" 200 412
114.89.80.44 - - [18/Aug/2020:09:38:26 +0800] "POST /xingrg/kc/buy/cgsh_order_operate.html HTTP/1.1" 200 12
114.89.80.44 - - [18/Aug/2020:09:38:27 +0800] "GET /xingrg/kc/buy/cgsh_order_info.html?code=212020081807535 HTTP/1.1" 200 53942
114.89.80.44 - - [18/Aug/2020:09:38:28 +0800] "GET /xingrg/javascript/easyui/themes/default/validatebox.css HTTP/1.1" 404 1104
114.89.80.44 - - [18/Aug/2020:09:38:28 +0800] "POST /xingrg/kc/buy/cgsh_order_operate.html HTTP/1.1" 200 1783
172.17.200.101 - - [18/Aug/2020:09:38:29 +0800] "GET /xingrg/all/function/internal_message.html?_=1597714710200&CODE_STATE=getMsg HTTP/1.1" 200 27
114.89.80.44 - - [18/Aug/2020:09:38:30 +0800] "GET /xingrg/kc/print/load_config.html?kc_code=cgsh HTTP/1.1" 200 1845
114.89.80.44 - - [18/Aug/2020:09:38:30 +0800] "GET /xingrg/kc/print/load_data.html?order_code=212020081807535&kc_code=cgsh&condition= HTTP/1.1" 200 1241
172.17.0.114 - - [18/Aug/2020:09:38:30 +0800] "GET /xingrg/kc/buy/cgsh_order_operate.html?command=get_materiel&rest_code=00147&code=00101008024&supplier_code=00100007&order_time=2020-08-18 HTTP/1.1" 200 408
180.175.214.200 - - [18/Aug/2020:09:38:31 +0800] "GET /xingrg/check_reg.html?_=1597714917132 HTTP/1.1" 200 22
180.175.214.200 - - [18/Aug/2020:09:38:35 +0800] "GET /xingrg/all/function/internal_message.html?_=1597714920580&CODE_STATE=getMsg HTTP/1.1" 200 27
180.157.251.101 - - [18/Aug/2020:09:38:35 +0800] "GET /xingrg/kc/buy/cgsh_order_operate.html?command=get_materiel&rest_code=00148&code=00101008351&supplier_code=00100007&order_time=2020-08-18 HTTP/1.1" 200 408
117.184.7.30 - - [18/Aug/2020:09:38:36 +0800] "GET /xingrg/all/function/internal_message.html?_=1597714712280&CODE_STATE=getMsg HTTP/1.1" 200 27
61.172.5.115 - - [18/Aug/2020:09:38:37 +0800] "GET /xingrg/all/function/internal_message.html?_=1597714717365&CODE_STATE=getMsg HTTP/1.1" 200 27
180.157.251.101 - - [18/Aug/2020:09:38:40 +0800] "GET /xingrg/all/function/internal_message.html?_=1597714720194&CODE_STATE=getMsg HTTP/1.1" 200 27
114.89.80.44 - - [18/Aug/2020:09:38:40 +0800] "GET /xingrg/check_reg.html?_=1597714838999 HTTP/1.1" 200 22
101.83.241.175 - - [18/Aug/2020:09:38:41 +0800] "GET /xingrg/all/function/internal_message.html?_=1597714718423&CODE_STATE=getMsg HTTP/1.1" 200 27
172.17.0.114 - - [18/Aug/2020:09:38:44 +0800] "GET /xingrg/kc/buy/cgsh_order_operate.html?command=get_materiel&rest_code=00147&code=00101008118&supplier_code=00100007&order_time=2020-08-18 HTTP/1.1" 200 418
172.17.0.120 - - [18/Aug/2020:09:38:45 +0800] "GET /xingrg/all/function/internal_message.html?_=1597714723135&CODE_STATE=getMsg HTTP/1.1" 200 27
180.157.251.101 - - [18/Aug/2020:09:38:47 +0800] "GET /xingrg/kc/buy/cgsh_order_operate.html?command=get_materiel&rest_code=00148&code=00101008199&supplier_code=00100007&order_time=2020-08-18 HTTP/1.1" 200 408
180.157.251.101 - - [18/Aug/2020:09:38:49 +0800] "POST /xingrg/kc/buy/cgsh_order_operate.html HTTP/1.1" 200 2065
172.17.0.114 - - [18/Aug/2020:09:38:51 +0800] "GET /xingrg/kc/buy/cgsh_order_operate.html?command=get_materiel&rest_code=00147&code=00101008357&supplier_code=00100007&order_time=2020-08-18 HTTP/1.1" 200 408
114.89.80.44 - - [18/Aug/2020:09:38:51 +0800] "GET /xingrg/all/function/internal_message.html?_=1597714850404&CODE_STATE=getMsg HTTP/1.1" 200 27
114.88.165.122 - - [18/Aug/2020:09:38:54 +0800] "GET /xingrg/check_reg.html?_=1597714732261 HTTP/1.1" 200 22
114.88.165.122 - - [18/Aug/2020:09:38:54 +0800] "GET /xingrg/all/function/internal_message.html?_=1597714732379&CODE_STATE=getMsg HTTP/1.1" 200 27
116.230.74.197 - - [18/Aug/2020:09:38:55 +0800] "GET /xingrg/all/function/internal_message.html?_=1597714734814&CODE_STATE=getMsg HTTP/1.1" 200 27
172.17.0.114 - - [18/Aug/2020:09:38:56 +0800] "GET /xingrg/all/function/internal_message.html?_=1597714734695&CODE_STATE=getMsg HTTP/1.1" 200 27
114.89.80.44 - - [18/Aug/2020:09:38:57 +0800] "GET /xingrg/kc/buy/cgsh_order_operate.html?command=get_materiel&rest_code=00150&code=00101008261&supplier_code=00100007&order_time=2020-08-18 HTTP/1.1" 200 408
172.17.0.114 - - [18/Aug/2020:09:38:58 +0800] "GET /xingrg/kc/buy/cgsh_order_operate.html?command=get_materiel&rest_code=00147&code=00101008286&supplier_code=00100007&order_time=2020-08-18 HTTP/1.1" 200 408
114.89.80.44 - - [18/Aug/2020:09:39:03 +0800] "GET /xingrg/all/function/internal_message.html?_=1597714742395&CODE_STATE=getMsg HTTP/1.1" 200 27
114.89.80.44 - - [18/Aug/2020:09:39:03 +0800] "GET /xingrg/check_reg.html?_=1597714742474 HTTP/1.1" 200 22
172.17.0.114 - - [18/Aug/2020:09:39:05 +0800] "GET /xingrg/kc/buy/cgsh_order_operate.html?command=get_materiel&rest_code=00147&code=00101008036&supplier_code=00100007&order_time=2020-08-18 HTTP/1.1" 200 408
218.81.217.115 - - [18/Aug/2020:09:39:08 +0800] "GET /xingrg/check_reg.html?_=1597714752339 HTTP/1.1" 200 22
