114.88.153.118 - - [17/Aug/2020:09:33:33 +0800] "GET /xingrg/css/table.css HTTP/1.1" 200 3684
114.88.153.118 - - [17/Aug/2020:09:33:33 +0800] "GET /xingrg/dwr/interface/AjaxComOrderService.js HTTP/1.1" 200 18264
114.88.153.118 - - [17/Aug/2020:09:33:33 +0800] "GET /xingrg/dwr/interface/AjaxCheckService.js HTTP/1.1" 200 14003
114.88.153.118 - - [17/Aug/2020:09:33:33 +0800] "GET /xingrg/dwr/engine.js HTTP/1.1" 200 43631
114.88.153.118 - - [17/Aug/2020:09:33:33 +0800] "POST /xingrg/dwr/call/plaincall/AjaxCheckService.loadOrderItems.dwr HTTP/1.1" 200 132816
114.88.153.118 - - [17/Aug/2020:09:33:34 +0800] "GET /xingrg/javascript/jquery_easy_ui/themes/icons/no.png HTTP/1.1" 200 922
172.17.0.185 - - [17/Aug/2020:09:33:37 +0800] "GET /xingrg/all/function/internal_message.html?_=1597628016809&CODE_STATE=getMsg HTTP/1.1" 302 -
114.89.80.44 - - [17/Aug/2020:09:33:38 +0800] "GET /xingrg/all/function/internal_message.html?_=1597628017996&CODE_STATE=getMsg HTTP/1.1" 200 27
172.17.0.101 - - [17/Aug/2020:09:33:42 +0800] "GET /xingrg/all/function/internal_message.html?_=1597628023580&CODE_STATE=getMsg HTTP/1.1" 302 -
180.157.251.101 - - [17/Aug/2020:09:33:44 +0800] "POST /xingrg/login.do HTTP/1.1" 302 -
180.157.251.101 - - [17/Aug/2020:09:33:44 +0800] "GET /xingrg/index.html?sysBaseUrl=http%3A%2F%2F180.169.147.146%3A18081%2Fxingrg%2F&costTime=41×tamp=1597628024903 HTTP/1.1" 200 17503
120.253.135.82 - - [17/Aug/2020:09:33:44 +0800] "GET /xingrg/all/function/internal_message.html?_=1597627681514&CODE_STATE=getMsg HTTP/1.1" 200 27
180.157.251.101 - - [17/Aug/2020:09:33:45 +0800] "GET /favicon.ico HTTP/1.1" 404 -
180.157.251.101 - - [17/Aug/2020:09:33:45 +0800] "POST /xingrg/all/common/load_tree.html?tree=area_rest_tree_json&manage=1 HTTP/1.1" 200 3216
180.157.251.101 - - [17/Aug/2020:09:33:45 +0800] "GET /xingrg/all/function/internal_message.html?_=1597628025290&CODE_STATE=count HTTP/1.1" 200 11
180.157.251.101 - - [17/Aug/2020:09:33:45 +0800] "GET /xingrg/check_reg.html?_=1597628025292 HTTP/1.1" 200 22
180.157.251.101 - - [17/Aug/2020:09:33:45 +0800] "POST /xingrg/load_menu.html HTTP/1.1" 200 11443
180.157.251.101 - - [17/Aug/2020:09:33:48 +0800] "POST /xingrg/all/user/operate.html HTTP/1.1" 200 36
180.157.251.101 - - [17/Aug/2020:09:33:49 +0800] "GET /xingrg/index.html?sysBaseUrl=http%3A%2F%2F180.169.147.146%3A18081%2Fxingrg%2F&costTime=41×tamp=1597628024903 HTTP/1.1" 200 17509
180.157.251.101 - - [17/Aug/2020:09:33:49 +0800] "GET /xingrg/javascript/jquery_easy_ui/themes/default/easyui.css HTTP/1.1" 304 -
180.157.251.101 - - [17/Aug/2020:09:33:49 +0800] "GET /xingrg/javascript/jquery_easy_ui/themes/icon.css HTTP/1.1" 304 -
180.157.251.101 - - [17/Aug/2020:09:33:49 +0800] "GET /xingrg/css/form.css HTTP/1.1" 304 -
180.157.251.101 - - [17/Aug/2020:09:33:49 +0800] "GET /xingrg/javascript/jquery-1.4.2.min.js HTTP/1.1" 304 -
180.157.251.101 - - [17/Aug/2020:09:33:49 +0800] "GET /xingrg/javascript/jquery_easy_ui/jquery.easyui.min.js HTTP/1.1" 304 -
180.157.251.101 - - [17/Aug/2020:09:33:49 +0800] "GET /xingrg/javascript/jquery_easy_ui/easyui-lang-zh_CN.js HTTP/1.1" 304 -
180.157.251.101 - - [17/Aug/2020:09:33:49 +0800] "GET /xingrg/javascript/jquery.form.js HTTP/1.1" 304 -
180.157.251.101 - - [17/Aug/2020:09:33:49 +0800] "GET /xingrg/javascript/jquery.utils.js HTTP/1.1" 304 -
180.157.251.101 - - [17/Aug/2020:09:33:49 +0800] "GET /xingrg/javascript/jquery.timers.js HTTP/1.1" 304 -
180.157.251.101 - - [17/Aug/2020:09:33:49 +0800] "GET /xingrg/images/blue/jxLogo.png HTTP/1.1" 304 -
180.157.251.101 - - [17/Aug/2020:09:33:49 +0800] "GET /xingrg/images/blue/navBackgound.jpg HTTP/1.1" 304 -
180.157.251.101 - - [17/Aug/2020:09:33:49 +0800] "GET /xingrg/javascript/jquery_easy_ui/themes/icons/settle_new.png HTTP/1.1" 304 -
180.157.251.101 - - [17/Aug/2020:09:33:49 +0800] "POST /xingrg/all/common/load_tree.html?tree=area_rest_tree_json&manage=1 HTTP/1.1" 200 3216
180.157.251.101 - - [17/Aug/2020:09:33:49 +0800] "GET /xingrg/all/function/internal_message.html?_=1597628029400&CODE_STATE=count HTTP/1.1" 200 11
180.157.251.101 - - [17/Aug/2020:09:33:49 +0800] "GET /xingrg/check_reg.html?_=1597628029403 HTTP/1.1" 200 22
180.157.251.101 - - [17/Aug/2020:09:33:49 +0800] "GET /xingrg/javascript/jquery_easy_ui/themes/default/images/tabs_leftarrow.png HTTP/1.1" 304 -
180.157.251.101 - - [17/Aug/2020:09:33:49 +0800] "GET /xingrg/javascript/jquery_easy_ui/themes/default/images/panel_tool_collapse.gif HTTP/1.1" 304 -
180.157.251.101 - - [17/Aug/2020:09:33:49 +0800] "GET /xingrg/images/blue/pingpu.png HTTP/1.1" 304 -
180.157.251.101 - - [17/Aug/2020:09:33:49 +0800] "GET /xingrg/javascript/jquery_easy_ui/themes/default/images/tabs_rightarrow.png HTTP/1.1" 304 -
180.157.251.101 - - [17/Aug/2020:09:33:49 +0800] "GET /xingrg/javascript/jquery_easy_ui/themes/default/images/panel_tool_expand.gif HTTP/1.1" 304 -
180.157.251.101 - - [17/Aug/2020:09:33:49 +0800] "POST /xingrg/load_menu.html HTTP/1.1" 200 9959
58.40.7.146 - - [17/Aug/2020:09:33:50 +0800] "GET /xingrg/all/function/internal_message.html?_=1597628029791&CODE_STATE=getMsg HTTP/1.1" 200 27
116.230.74.197 - - [17/Aug/2020:09:33:51 +0800] "GET /xingrg/all/function/internal_message.html?_=1597628033928&CODE_STATE=getMsg HTTP/1.1" 200 27
116.230.74.197 - - [17/Aug/2020:09:33:51 +0800] "GET /xingrg/check_reg.html?_=1597628033962 HTTP/1.1" 200 22
180.157.251.101 - - [17/Aug/2020:09:33:52 +0800] "GET /xingrg/kc/base/check_order_list.html HTTP/1.1" 200 16641
180.157.251.101 - - [17/Aug/2020:09:33:53 +0800] "POST /xingrg/kc/base/check_list_operate.html HTTP/1.1" 200 781
218.81.217.115 - - [17/Aug/2020:09:33:55 +0800] "GET /xingrg/all/function/internal_message.html?_=1597628036402&CODE_STATE=getMsg HTTP/1.1" 200 27
180.157.251.101 - - [17/Aug/2020:09:33:56 +0800] "POST /xingrg/kc/base/check_list_operate.html HTTP/1.1" 200 5508
61.172.5.115 - - [17/Aug/2020:09:34:00 +0800] "GET /xingrg/check_reg.html?_=1597628030502 HTTP/1.1" 200 22
61.172.5.115 - - [17/Aug/2020:09:34:00 +0800] "GET /xingrg/all/function/internal_message.html?_=1597628030505&CODE_STATE=getMsg HTTP/1.1" 200 27
116.232.54.109 - - [17/Aug/2020:09:34:02 +0800] "GET /xingrg/all/function/internal_message.html?_=1597628100250&CODE_STATE=getMsg HTTP/1.1" 200 27
222.69.137.86 - - [17/Aug/2020:09:34:02 +0800] "GET /xingrg/all/function/internal_message.html?_=1597628041328&CODE_STATE=getMsg HTTP/1.1" 200 27
172.17.200.101 - - [17/Aug/2020:09:34:06 +0800] "GET /xingrg/all/function/internal_message.html?_=1597628047349&CODE_STATE=getMsg HTTP/1.1" 200 27
114.88.153.118 - - [17/Aug/2020:09:34:11 +0800] "POST /xingrg/dwr/call/plaincall/AjaxCheckService.setItemNumber.dwr HTTP/1.1" 200 76
114.88.153.118 - - [17/Aug/2020:09:34:12 +0800] "POST /xingrg/dwr/call/plaincall/AjaxCheckService.setItemNumber.dwr HTTP/1.1" 200 76
120.253.135.82 - - [17/Aug/2020:09:34:13 +0800] "GET /xingrg/all/function/internal_message.html?_=1597627805944&CODE_STATE=getMsg HTTP/1.1" 200 27
180.157.251.101 - - [17/Aug/2020:09:34:15 +0800] "POST /xingrg/kc/base/check_list_operate.html HTTP/1.1" 200 4
180.157.251.101 - - [17/Aug/2020:09:34:16 +0800] "POST /xingrg/kc/base/check_list_operate.html HTTP/1.1" 200 5514
114.88.153.118 - - [17/Aug/2020:09:34:17 +0800] "POST /xingrg/dwr/call/plaincall/AjaxCheckService.setItemNumber.dwr HTTP/1.1" 200 76
180.157.251.101 - - [17/Aug/2020:09:34:20 +0800] "GET /xingrg/kc/buy/cgsh_order_list.html HTTP/1.1" 200 43902
114.89.80.44 - - [17/Aug/2020:09:34:20 +0800] "POST /xingrg/kc/buy/cgsh_order_operate.html HTTP/1.1" 200 37
114.88.165.122 - - [17/Aug/2020:09:34:21 +0800] "GET /xingrg/all/function/internal_message.html?_=1597628061361&CODE_STATE=getMsg HTTP/1.1" 200 27
180.157.251.101 - - [17/Aug/2020:09:34:21 +0800] "POST /xingrg/kc/buy/cgsh_list_operate.html HTTP/1.1" 200 1691
114.89.80.44 - - [17/Aug/2020:09:34:21 +0800] "POST /xingrg/kc/buy/cgsh_order_operate.html HTTP/1.1" 200 29279
180.175.214.200 - - [17/Aug/2020:09:34:22 +0800] "GET /xingrg/all/function/internal_message.html?_=1597628267826&CODE_STATE=getMsg HTTP/1.1" 200 27
172.17.0.100 - - [17/Aug/2020:09:34:22 +0800] "GET /xingrg/all/function/internal_message.html?_=1597628080834&CODE_STATE=getMsg HTTP/1.1" 200 27
180.157.251.101 - - [17/Aug/2020:09:34:25 +0800] "GET /xingrg/javascript/auto/indicator.gif HTTP/1.1" 404 1066
218.81.217.115 - - [17/Aug/2020:09:34:26 +0800] "GET /xingrg/all/function/internal_message.html?_=1597628067941&CODE_STATE=getMsg HTTP/1.1" 302 -
114.88.153.118 - - [17/Aug/2020:09:34:27 +0800] "GET /xingrg/all/function/internal_message.html?_=1597628067524&CODE_STATE=getMsg HTTP/1.1" 200 27
180.157.251.101 - - [17/Aug/2020:09:34:28 +0800] "POST /xingrg/kc/buy/cgsh_list_operate.html HTTP/1.1" 200 5854
114.88.165.122 - - [17/Aug/2020:09:34:28 +0800] "GET /xingrg/all/function/internal_message.html?_=1597628113802&CODE_STATE=getMsg HTTP/1.1" 200 27
114.88.153.118 - - [17/Aug/2020:09:34:28 +0800] "POST /xingrg/dwr/call/plaincall/AjaxCheckService.setItemNumber.dwr HTTP/1.1" 200 76
180.157.251.101 - - [17/Aug/2020:09:34:29 +0800] "POST /xingrg/kc/buy/cgsh_list_operate.html HTTP/1.1" 200 565
114.88.153.118 - - [17/Aug/2020:09:34:29 +0800] "POST /xingrg/dwr/call/plaincall/AjaxCheckService.setItemNumber.dwr HTTP/1.1" 200 76
117.184.7.30 - - [17/Aug/2020:09:34:29 +0800] "GET /xingrg/all/function/internal_message.html?_=1597628067972&CODE_STATE=getMsg HTTP/1.1" 200 27
180.157.251.101 - - [17/Aug/2020:09:34:30 +0800] "GET /xingrg/kc/buy/cgsh_order_info.html?code=212020081606692 HTTP/1.1" 200 54545
114.88.153.118 - - [17/Aug/2020:09:34:30 +0800] "POST /xingrg/dwr/call/plaincall/AjaxCheckService.setItemNumber.dwr HTTP/1.1" 200 76
180.157.251.101 - - [17/Aug/2020:09:34:30 +0800] "GET /xingrg/javascript/easyui/themes/default/validatebox.css HTTP/1.1" 404 1104
117.131.5.26 - - [17/Aug/2020:09:34:31 +0800] "GET /xingrg/all/function/internal_message.html?_=1597628448710&CODE_STATE=getMsg HTTP/1.1" 200 27
180.157.251.101 - - [17/Aug/2020:09:34:31 +0800] "POST /xingrg/kc/buy/cgsh_order_operate.html HTTP/1.1" 200 50863
114.88.153.118 - - [17/Aug/2020:09:34:31 +0800] "POST /xingrg/dwr/call/plaincall/AjaxCheckService.setItemNumber.dwr HTTP/1.1" 200 76
172.17.0.123 - - [17/Aug/2020:09:34:31 +0800] "GET /xingrg/all/function/internal_message.html?_=1597627988855&CODE_STATE=getMsg HTTP/1.1" 200 27
114.89.80.44 - - [17/Aug/2020:09:34:32 +0800] "GET /xingrg/all/function/internal_message.html?_=1597628192865&CODE_STATE=getMsg HTTP/1.1" 200 27
114.88.153.118 - - [17/Aug/2020:09:34:33 +0800] "POST /xingrg/dwr/call/plaincall/AjaxCheckService.setItemNumber.dwr HTTP/1.1" 200 76
180.157.251.101 - - [17/Aug/2020:09:34:35 +0800] "POST /xingrg/kc/buy/cgsh_order_operate.html HTTP/1.1" 200 12
180.157.251.101 - - [17/Aug/2020:09:34:36 +0800] "GET /xingrg/kc/buy/cgsh_order_info.html?code=212020081606692 HTTP/1.1" 200 59394
180.157.251.101 - - [17/Aug/2020:09:34:37 +0800] "GET /xingrg/javascript/easyui/themes/default/validatebox.css HTTP/1.1" 404 1104
172.17.0.185 - - [17/Aug/2020:09:34:37 +0800] "GET /xingrg/all/function/internal_message.html?_=1597628076816&CODE_STATE=getMsg HTTP/1.1" 302 -
180.157.251.101 - - [17/Aug/2020:09:34:37 +0800] "POST /xingrg/kc/buy/cgsh_order_operate.html HTTP/1.1" 200 52918
172.17.0.185 - - [17/Aug/2020:09:34:37 +0800] "GET /xingrg/check_reg.html?_=1597628076820 HTTP/1.1" 302 -
114.89.80.44 - - [17/Aug/2020:09:34:38 +0800] "GET /xingrg/check_reg.html?_=1597628077988 HTTP/1.1" 200 22
114.88.153.118 - - [17/Aug/2020:09:34:38 +0800] "POST /xingrg/dwr/call/plaincall/AjaxCheckService.setItemNumber.dwr HTTP/1.1" 200 76
114.89.80.44 - - [17/Aug/2020:09:34:38 +0800] "GET /xingrg/all/function/internal_message.html?_=1597628077990&CODE_STATE=getMsg HTTP/1.1" 200 27
180.157.251.101 - - [17/Aug/2020:09:34:38 +0800] "GET /xingrg/logout.do HTTP/1.1" 302 -
180.157.251.101 - - [17/Aug/2020:09:34:38 +0800] "GET /xingrg/login.html?sysBaseUrl=http%3A%2F%2F180.169.147.146%3A18081%2Fxingrg%2F&costTime=2×tamp=1597628078788 HTTP/1.1" 200 7641
180.157.251.101 - - [17/Aug/2020:09:34:39 +0800] "GET /favicon.ico HTTP/1.1" 404 -
114.88.153.118 - - [17/Aug/2020:09:34:40 +0800] "POST /xingrg/dwr/call/plaincall/AjaxCheckService.setItemNumber.dwr HTTP/1.1" 200 77
114.88.153.118 - - [17/Aug/2020:09:34:41 +0800] "POST /xingrg/dwr/call/plaincall/AjaxCheckService.setItemNumber.dwr HTTP/1.1" 200 77
114.88.153.118 - - [17/Aug/2020:09:34:42 +0800] "POST /xingrg/dwr/call/plaincall/AjaxCheckService.setItemNumber.dwr HTTP/1.1" 200 77
172.17.0.101 - - [17/Aug/2020:09:34:42 +0800] "GET /xingrg/all/function/internal_message.html?_=1597628083591&CODE_STATE=getMsg HTTP/1.1" 302 -
114.88.153.118 - - [17/Aug/2020:09:34:42 +0800] "POST /xingrg/dwr/call/plaincall/AjaxCheckService.setItemNumber.dwr HTTP/1.1" 200 77
180.157.251.101 - - [17/Aug/2020:09:34:43 +0800] "POST /xingrg/login.do HTTP/1.1" 302 -
180.157.251.101 - - [17/Aug/2020:09:34:43 +0800] "GET /xingrg/index.html?sysBaseUrl=http%3A%2F%2F180.169.147.146%3A18081%2Fxingrg%2F&costTime=45×tamp=1597628083001 HTTP/1.1" 200 17179
180.157.251.101 - - [17/Aug/2020:09:34:43 +0800] "GET /favicon.ico HTTP/1.1" 404 -
180.157.251.101 - - [17/Aug/2020:09:34:43 +0800] "POST /xingrg/all/common/load_tree.html?tree=area_rest_tree_json&manage=1 HTTP/1.1" 200 351
180.157.251.101 - - [17/Aug/2020:09:34:43 +0800] "GET /xingrg/all/function/internal_message.html?_=1597628083345&CODE_STATE=count HTTP/1.1" 200 11
180.157.251.101 - - [17/Aug/2020:09:34:43 +0800] "GET /xingrg/check_reg.html?_=1597628083348 HTTP/1.1" 200 22
180.157.251.101 - - [17/Aug/2020:09:34:43 +0800] "POST /xingrg/load_menu.html HTTP/1.1" 200 5138
114.88.153.118 - - [17/Aug/2020:09:34:43 +0800] "POST /xingrg/dwr/call/plaincall/AjaxCheckService.setItemNumber.dwr HTTP/1.1" 200 77
120.253.135.82 - - [17/Aug/2020:09:34:44 +0800] "GET /xingrg/check_reg.html?_=1597627741512 HTTP/1.1" 200 22
120.253.135.82 - - [17/Aug/2020:09:34:45 +0800] "GET /xingrg/all/function/internal_message.html?_=1597627741515&CODE_STATE=getMsg HTTP/1.1" 200 27
180.157.251.101 - - [17/Aug/2020:09:34:45 +0800] "GET /xingrg/kc/buy/cgsh_order_list.html HTTP/1.1" 200 43647
180.157.251.101 - - [17/Aug/2020:09:34:47 +0800] "POST /xingrg/kc/buy/cgsh_list_operate.html HTTP/1.1" 200 2053
116.232.54.109 - - [17/Aug/2020:09:34:48 +0800] "GET /xingrg/kc/buy/cgsh_order_operate.html?command=get_materiel&rest_code=00109&code=00101008358&supplier_code=00100005&order_time=2020-08-17 HTTP/1.1" 200 412
180.157.251.101 - - [17/Aug/2020:09:34:49 +0800] "POST /xingrg/kc/buy/cgsh_list_operate.html HTTP/1.1" 200 565
114.88.153.118 - - [17/Aug/2020:09:34:49 +0800] "POST /xingrg/dwr/call/plaincall/AjaxCheckService.setItemNumber.dwr HTTP/1.1" 200 77
180.157.251.101 - - [17/Aug/2020:09:34:49 +0800] "GET /xingrg/kc/buy/cgsh_order_info.html?code=212020081606692 HTTP/1.1" 200 59394
58.40.7.146 - - [17/Aug/2020:09:34:50 +0800] "GET /xingrg/check_reg.html?_=1597628089795 HTTP/1.1" 200 22
58.40.7.146 - - [17/Aug/2020:09:34:50 +0800] "GET /xingrg/all/function/internal_message.html?_=1597628089797&CODE_STATE=getMsg HTTP/1.1" 200 27
180.157.251.101 - - [17/Aug/2020:09:34:50 +0800] "GET /xingrg/javascript/easyui/themes/default/validatebox.css HTTP/1.1" 404 1104
180.157.251.101 - - [17/Aug/2020:09:34:50 +0800] "POST /xingrg/kc/buy/cgsh_order_operate.html HTTP/1.1" 200 52918
116.230.74.197 - - [17/Aug/2020:09:34:51 +0800] "GET /xingrg/all/function/internal_message.html?_=1597628093898&CODE_STATE=getMsg HTTP/1.1" 200 27
114.88.153.118 - - [17/Aug/2020:09:34:51 +0800] "POST /xingrg/dwr/call/plaincall/AjaxCheckService.setItemNumber.dwr HTTP/1.1" 200 77
114.88.153.118 - - [17/Aug/2020:09:34:54 +0800] "POST /xingrg/dwr/call/plaincall/AjaxCheckService.setItemNumber.dwr HTTP/1.1" 200 77
114.88.153.118 - - [17/Aug/2020:09:34:54 +0800] "POST /xingrg/dwr/call/plaincall/AjaxCheckService.setItemNumber.dwr HTTP/1.1" 200 77
218.81.217.115 - - [17/Aug/2020:09:34:55 +0800] "GET /xingrg/all/function/internal_message.html?_=1597628096412&CODE_STATE=getMsg HTTP/1.1" 200 27
114.88.153.118 - - [17/Aug/2020:09:34:56 +0800] "POST /xingrg/dwr/call/plaincall/AjaxCheckService.setItemNumber.dwr HTTP/1.1" 200 77
114.88.153.118 - - [17/Aug/2020:09:34:57 +0800] "POST /xingrg/dwr/call/plaincall/AjaxCheckService.setItemNumber.dwr HTTP/1.1" 200 77
114.88.153.118 - - [17/Aug/2020:09:34:57 +0800] "POST /xingrg/dwr/call/plaincall/AjaxCheckService.setItemNumber.dwr HTTP/1.1" 200 77
114.88.153.118 - - [17/Aug/2020:09:34:58 +0800] "GET /xingrg/index.html?sysBaseUrl=http%3A%2F%2F180.169.147.146%3A18081%2Fxingrg%2F&costTime=38×tamp=1597549458336 HTTP/1.1" 302 -
114.88.153.118 - - [17/Aug/2020:09:34:58 +0800] "GET /xingrg/login.html HTTP/1.1" 200 7641
114.88.153.118 - - [17/Aug/2020:09:34:58 +0800] "GET /favicon.ico HTTP/1.1" 404 -
114.88.153.118 - - [17/Aug/2020:09:34:59 +0800] "POST /xingrg/dwr/call/plaincall/AjaxCheckService.setItemNumber.dwr HTTP/1.1" 200 77
114.88.153.118 - - [17/Aug/2020:09:34:59 +0800] "POST /xingrg/login.do HTTP/1.1" 302 -
114.88.153.118 - - [17/Aug/2020:09:34:59 +0800] "POST /xingrg/dwr/call/plaincall/AjaxCheckService.setItemNumber.dwr HTTP/1.1" 200 77
114.88.153.118 - - [17/Aug/2020:09:34:59 +0800] "GET /xingrg/index.html?sysBaseUrl=http%3A%2F%2F180.169.147.146%3A18081%2Fxingrg%2F&costTime=38×tamp=1597628099946 HTTP/1.1" 200 17179
114.88.153.118 - - [17/Aug/2020:09:35:00 +0800] "GET /favicon.ico HTTP/1.1" 404 -
114.88.153.118 - - [17/Aug/2020:09:35:00 +0800] "POST /xingrg/all/common/load_tree.html?tree=area_rest_tree_json&manage=1 HTTP/1.1" 200 351
114.88.153.118 - - [17/Aug/2020:09:35:00 +0800] "GET /xingrg/check_reg.html?_=1597627744670 HTTP/1.1" 200 22
114.88.153.118 - - [17/Aug/2020:09:35:00 +0800] "GET /xingrg/all/function/internal_message.html?_=1597627744669&CODE_STATE=count HTTP/1.1" 200 11
114.88.153.118 - - [17/Aug/2020:09:35:00 +0800] "POST /xingrg/load_menu.html HTTP/1.1" 200 5138
61.172.5.115 - - [17/Aug/2020:09:35:00 +0800] "GET /xingrg/all/function/internal_message.html?_=1597628090504&CODE_STATE=getMsg HTTP/1.1" 200 27
116.232.54.109 - - [17/Aug/2020:09:35:00 +0800] "GET /xingrg/all/function/internal_message.html?_=1597628160084&CODE_STATE=getMsg HTTP/1.1" 200 27
116.232.54.109 - - [17/Aug/2020:09:35:00 +0800] "GET /xingrg/check_reg.html?_=1597628160084 HTTP/1.1" 200 22
114.88.153.118 - - [17/Aug/2020:09:35:01 +0800] "GET /xingrg/kc/base/base_main.html HTTP/1.1" 200 12142
222.69.137.86 - - [17/Aug/2020:09:35:02 +0800] "GET /xingrg/all/function/internal_message.html?_=1597628101329&CODE_STATE=getMsg HTTP/1.1" 200 27
114.88.153.118 - - [17/Aug/2020:09:35:03 +0800] "POST /xingrg/dwr/call/plaincall/AjaxCheckService.setItemNumber.dwr HTTP/1.1" 200 77
114.88.153.118 - - [17/Aug/2020:09:35:03 +0800] "GET /xingrg/kc/base/check_order_list.html HTTP/1.1" 200 16380
114.88.153.118 - - [17/Aug/2020:09:35:03 +0800] "POST /xingrg/kc/base/check_list_operate.html HTTP/1.1" 200 1902
114.88.153.118 - - [17/Aug/2020:09:35:05 +0800] "GET /xingrg/kc/base/check_order_info.html?code=452020081600323 HTTP/1.1" 200 26442
114.88.153.118 - - [17/Aug/2020:09:35:05 +0800] "GET /xingrg/dwr/interface/AjaxCheckService.js HTTP/1.1" 200 14003
114.88.153.118 - - [17/Aug/2020:09:35:05 +0800] "GET /xingrg/dwr/interface/AjaxComOrderService.js HTTP/1.1" 200 18264
114.88.153.118 - - [17/Aug/2020:09:35:05 +0800] "GET /xingrg/dwr/engine.js HTTP/1.1" 200 43631
172.17.200.101 - - [17/Aug/2020:09:35:06 +0800] "GET /xingrg/check_reg.html?_=1597628107352 HTTP/1.1" 200 22
172.17.200.101 - - [17/Aug/2020:09:35:06 +0800] "GET /xingrg/all/function/internal_message.html?_=1597628107363&CODE_STATE=getMsg HTTP/1.1" 200 27
114.88.153.118 - - [17/Aug/2020:09:35:06 +0800] "POST /xingrg/dwr/call/plaincall/AjaxCheckService.loadOrderItems.dwr HTTP/1.1" 200 167025
114.89.80.44 - - [17/Aug/2020:09:35:07 +0800] "POST /xingrg/kc/buy/cgsh_order_operate.html HTTP/1.1" 200 37
114.89.80.44 - - [17/Aug/2020:09:35:09 +0800] "POST /xingrg/kc/buy/cgsh_order_operate.html HTTP/1.1" 200 12
114.89.80.44 - - [17/Aug/2020:09:35:10 +0800] "GET /xingrg/kc/buy/cgsh_order_info.html?code=212020081707094 HTTP/1.1" 200 54206
114.89.80.44 - - [17/Aug/2020:09:35:10 +0800] "GET /xingrg/javascript/easyui/themes/default/validatebox.css HTTP/1.1" 404 1104
114.89.80.44 - - [17/Aug/2020:09:35:11 +0800] "POST /xingrg/kc/buy/cgsh_order_operate.html HTTP/1.1" 200 27223
116.232.54.109 - - [17/Aug/2020:09:35:12 +0800] "GET /xingrg/kc/buy/cgsh_order_operate.html?command=get_materiel&rest_code=00109&code=00101008003&supplier_code=00100005&order_time=2020-08-17 HTTP/1.1" 200 408
120.253.135.82 - - [17/Aug/2020:09:35:13 +0800] "GET /xingrg/all/function/internal_message.html?_=1597627865949&CODE_STATE=getMsg HTTP/1.1" 200 27
116.232.54.109 - - [17/Aug/2020:09:35:17 +0800] "GET /xingrg/kc/buy/cgsh_order_operate.html?command=get_materiel&rest_code=00109&code=00101008126&supplier_code=00100005&order_time=2020-08-17 HTTP/1.1" 200 412
172.17.0.101 - - [17/Aug/2020:09:35:17 +0800] "GET /xingrg/check_reg.html?_=1597628118247 HTTP/1.1" 302 -
114.89.80.44 - - [17/Aug/2020:09:35:19 +0800] "GET /xingrg/kc/print/load_data.html?order_code=212020081707094&kc_code=cgsh&condition= HTTP/1.1" 200 10831
114.88.153.118 - - [17/Aug/2020:09:35:21 +0800] "POST /xingrg/dwr/call/plaincall/AjaxCheckService.setItemNumber.dwr HTTP/1.1" 200 77
114.88.165.122 - - [17/Aug/2020:09:35:21 +0800] "GET /xingrg/all/function/internal_message.html?_=1597628121374&CODE_STATE=getMsg HTTP/1.1" 200 27
180.175.214.200 - - [17/Aug/2020:09:35:22 +0800] "GET /xingrg/all/function/internal_message.html?_=1597628327832&CODE_STATE=getMsg HTTP/1.1" 200 27
114.88.153.118 - - [17/Aug/2020:09:35:22 +0800] "POST /xingrg/dwr/call/plaincall/AjaxCheckService.setItemNumber.dwr HTTP/1.1" 200 77
172.17.0.100 - - [17/Aug/2020:09:35:22 +0800] "GET /xingrg/all/function/internal_message.html?_=1597628140823&CODE_STATE=getMsg HTTP/1.1" 200 27
114.88.153.118 - - [17/Aug/2020:09:35:24 +0800] "POST /xingrg/dwr/call/plaincall/AjaxCheckService.setItemNumber.dwr HTTP/1.1" 200 77
114.88.153.118 - - [17/Aug/2020:09:35:25 +0800] "POST /xingrg/dwr/call/plaincall/AjaxCheckService.setItemNumber.dwr HTTP/1.1" 200 77
114.88.153.118 - - [17/Aug/2020:09:35:26 +0800] "POST /xingrg/dwr/call/plaincall/AjaxCheckService.setItemNumber.dwr HTTP/1.1" 200 77
218.81.217.115 - - [17/Aug/2020:09:35:26 +0800] "GET /xingrg/all/function/internal_message.html?_=1597628127962&CODE_STATE=getMsg HTTP/1.1" 302 -
114.89.80.44 - - [17/Aug/2020:09:35:26 +0800] "GET /xingrg/kc/buy/cgsh_order_add.html HTTP/1.1" 200 59303
114.88.153.118 - - [17/Aug/2020:09:35:27 +0800] "POST /xingrg/dwr/call/plaincall/AjaxCheckService.setItemNumber.dwr HTTP/1.1" 200 77
114.89.80.44 - - [17/Aug/2020:09:35:27 +0800] "POST /xingrg/kc/buy/cgsh_order_operate.html HTTP/1.1" 200 8245
114.89.80.44 - - [17/Aug/2020:09:35:27 +0800] "GET /xingrg/javascript/easyui/themes/default/validatebox.css HTTP/1.1" 404 1104
114.88.153.118 - - [17/Aug/2020:09:35:27 +0800] "GET /xingrg/all/function/internal_message.html?_=1597628127583&CODE_STATE=getMsg HTTP/1.1" 200 27
114.88.153.118 - - [17/Aug/2020:09:35:28 +0800] "POST /xingrg/dwr/call/plaincall/AjaxCheckService.setItemNumber.dwr HTTP/1.1" 200 77
114.88.165.122 - - [17/Aug/2020:09:35:28 +0800] "GET /xingrg/all/function/internal_message.html?_=1597628173799&CODE_STATE=getMsg HTTP/1.1" 200 27
114.88.153.118 - - [17/Aug/2020:09:35:29 +0800] "POST /xingrg/dwr/call/plaincall/AjaxCheckService.setItemNumber.dwr HTTP/1.1" 200 77
117.184.7.30 - - [17/Aug/2020:09:35:29 +0800] "GET /xingrg/all/function/internal_message.html?_=1597628127957&CODE_STATE=getMsg HTTP/1.1" 200 27
117.131.5.26 - - [17/Aug/2020:09:35:31 +0800] "GET /xingrg/all/function/internal_message.html?_=1597628508709&CODE_STATE=getMsg HTTP/1.1" 200 27
172.17.0.123 - - [17/Aug/2020:09:35:31 +0800] "GET /xingrg/all/function/internal_message.html?_=1597628048857&CODE_STATE=getMsg HTTP/1.1" 200 27
114.89.80.44 - - [17/Aug/2020:09:35:32 +0800] "GET /xingrg/all/function/internal_message.html?_=1597628252877&CODE_STATE=getMsg HTTP/1.1" 200 27
114.88.153.118 - - [17/Aug/2020:09:35:34 +0800] "POST /xingrg/dwr/call/plaincall/AjaxCheckService.setItemNumber.dwr HTTP/1.1" 200 77
114.88.153.118 - - [17/Aug/2020:09:35:35 +0800] "POST /xingrg/dwr/call/plaincall/AjaxCheckService.setItemNumber.dwr HTTP/1.1" 200 77
114.88.153.118 - - [17/Aug/2020:09:35:37 +0800] "POST /xingrg/dwr/call/plaincall/AjaxCheckService.setItemNumber.dwr HTTP/1.1" 200 77
172.17.0.185 - - [17/Aug/2020:09:35:37 +0800] "GET /xingrg/all/function/internal_message.html?_=1597628136805&CODE_STATE=getMsg HTTP/1.1" 302 -
114.89.80.44 - - [17/Aug/2020:09:35:38 +0800] "GET /xingrg/all/function/internal_message.html?_=1597628138009&CODE_STATE=getMsg HTTP/1.1" 200 27
114.88.153.118 - - [17/Aug/2020:09:35:38 +0800] "POST /xingrg/dwr/call/plaincall/AjaxCheckService.setItemNumber.dwr HTTP/1.1" 200 77
114.88.153.118 - - [17/Aug/2020:09:35:39 +0800] "POST /xingrg/dwr/call/plaincall/AjaxCheckService.setItemNumber.dwr HTTP/1.1" 200 77
114.88.153.118 - - [17/Aug/2020:09:35:39 +0800] "POST /xingrg/dwr/call/plaincall/AjaxCheckService.setItemNumber.dwr HTTP/1.1" 200 77
172.17.0.101 - - [17/Aug/2020:09:35:43 +0800] "GET /xingrg/all/function/internal_message.html?_=1597628143711&CODE_STATE=getMsg HTTP/1.1" 302 -
180.157.251.101 - - [17/Aug/2020:09:35:43 +0800] "GET /xingrg/all/function/internal_message.html?_=1597628143475&CODE_STATE=getMsg HTTP/1.1" 200 27
114.88.153.118 - - [17/Aug/2020:09:35:44 +0800] "POST /xingrg/dwr/call/plaincall/AjaxCheckService.setItemNumber.dwr HTTP/1.1" 200 77
120.253.135.82 - - [17/Aug/2020:09:35:44 +0800] "GET /xingrg/all/function/internal_message.html?_=1597627801514&CODE_STATE=getMsg HTTP/1.1" 200 27
114.88.153.118 - - [17/Aug/2020:09:35:46 +0800] "POST /xingrg/dwr/call/plaincall/AjaxCheckService.setItemNumber.dwr HTTP/1.1" 200 77
180.157.251.101 - - [17/Aug/2020:09:35:46 +0800] "POST /xingrg/kc/buy/cgsh_order_operate.html HTTP/1.1" 200 37
116.232.54.109 - - [17/Aug/2020:09:35:48 +0800] "GET /xingrg/kc/buy/cgsh_order_operate.html?command=get_materiel&rest_code=00109&code=00101008270&supplier_code=00100005&order_time=2020-08-17 HTTP/1.1" 200 412
180.157.251.101 - - [17/Aug/2020:09:35:48 +0800] "POST /xingrg/kc/buy/cgsh_order_operate.html HTTP/1.1" 200 12
180.157.251.101 - - [17/Aug/2020:09:35:49 +0800] "GET /xingrg/kc/buy/cgsh_order_info.html?code=212020081606692 HTTP/1.1" 200 54288
58.40.7.146 - - [17/Aug/2020:09:35:50 +0800] "GET /xingrg/all/function/internal_message.html?_=1597628149801&CODE_STATE=getMsg HTTP/1.1" 200 27
180.157.251.101 - - [17/Aug/2020:09:35:50 +0800] "GET /xingrg/javascript/easyui/themes/default/validatebox.css HTTP/1.1" 404 1104
180.157.251.101 - - [17/Aug/2020:09:35:51 +0800] "POST /xingrg/kc/buy/cgsh_order_operate.html HTTP/1.1" 200 50863
116.230.74.197 - - [17/Aug/2020:09:35:51 +0800] "GET /xingrg/all/function/internal_message.html?_=1597628153882&CODE_STATE=getMsg HTTP/1.1" 200 27
114.89.80.44 - - [17/Aug/2020:09:35:52 +0800] "GET /xingrg/kc/buy/cgsh_order_operate.html?command=get_materiel&rest_code=00150&code=00101009001&supplier_code=00100096&order_time=2020-08-17 HTTP/1.1" 200 417
218.81.217.115 - - [17/Aug/2020:09:35:54 +0800] "GET /xingrg/check_reg.html?_=1597628155533 HTTP/1.1" 200 22
218.81.217.115 - - [17/Aug/2020:09:35:55 +0800] "GET /xingrg/all/function/internal_message.html?_=1597628156425&CODE_STATE=getMsg HTTP/1.1" 200 27
116.232.54.109 - - [17/Aug/2020:09:35:58 +0800] "GET /xingrg/all/function/internal_message.html?_=1597628220094&CODE_STATE=getMsg HTTP/1.1" 200 27
114.88.153.118 - - [17/Aug/2020:09:36:00 +0800] "GET /xingrg/all/function/internal_message.html?_=1597627804686&CODE_STATE=getMsg HTTP/1.1" 200 27
61.172.5.115 - - [17/Aug/2020:09:36:00 +0800] "GET /xingrg/all/function/internal_message.html?_=1597628150498&CODE_STATE=getMsg HTTP/1.1" 200 27
222.69.137.86 - - [17/Aug/2020:09:36:02 +0800] "GET /xingrg/check_reg.html?_=1597628161333 HTTP/1.1" 200 22
222.69.137.86 - - [17/Aug/2020:09:36:02 +0800] "GET /xingrg/all/function/internal_message.html?_=1597628161335&CODE_STATE=getMsg HTTP/1.1" 200 27
172.17.200.101 - - [17/Aug/2020:09:36:06 +0800] "GET /xingrg/all/function/internal_message.html?_=1597628167362&CODE_STATE=getMsg HTTP/1.1" 200 27
114.89.80.44 - - [17/Aug/2020:09:36:07 +0800] "GET /xingrg/kc/buy/cgsh_order_operate.html?command=get_materiel&rest_code=00150&code=00101009019&supplier_code=00100096&order_time=2020-08-17 HTTP/1.1" 200 431
180.157.251.101 - - [17/Aug/2020:09:36:09 +0800] "GET /xingrg/kc/base/check_order_list.html HTTP/1.1" 200 16380
180.157.251.101 - - [17/Aug/2020:09:36:10 +0800] "POST /xingrg/kc/base/check_list_operate.html HTTP/1.1" 200 3585
120.253.135.82 - - [17/Aug/2020:09:36:13 +0800] "GET /xingrg/check_reg.html?_=1597627925270 HTTP/1.1" 200 22
116.232.54.109 - - [17/Aug/2020:09:36:13 +0800] "GET /xingrg/kc/buy/cgsh_order_operate.html?command=get_materiel&rest_code=00109&code=00101008169&supplier_code=00100005&order_time=2020-08-17 HTTP/1.1" 200 412
120.253.135.82 - - [17/Aug/2020:09:36:13 +0800] "GET /xingrg/all/function/internal_message.html?_=1597627925963&CODE_STATE=getMsg HTTP/1.1" 200 27
61.151.207.205 - - [17/Aug/2020:09:36:16 +0800] "GET /xingrg/check_reg.html?_=1597627487468 HTTP/1.1" 302 -
114.88.153.118 - - [17/Aug/2020:09:36:16 +0800] "POST /xingrg/dwr/call/plaincall/AjaxCheckService.setItemNumber.dwr HTTP/1.1" 200 77
114.88.153.118 - - [17/Aug/2020:09:36:17 +0800] "POST /xingrg/dwr/call/plaincall/AjaxCheckService.setItemNumber.dwr HTTP/1.1" 200 77
114.89.80.44 - - [17/Aug/2020:09:36:18 +0800] "GET /xingrg/kc/buy/cgsh_order_operate.html?command=get_materiel&rest_code=00150&code=00101009011&supplier_code=00100096&order_time=2020-08-17 HTTP/1.1" 200 416
61.151.207.205 - - [17/Aug/2020:09:36:18 +0800] "GET /xingrg/login.html HTTP/1.1" 200 7641
114.88.153.118 - - [17/Aug/2020:09:36:19 +0800] "POST /xingrg/dwr/call/plaincall/AjaxCheckService.setItemNumber.dwr HTTP/1.1" 200 77
116.232.54.109 - - [17/Aug/2020:09:36:19 +0800] "GET /xingrg/kc/buy/cgsh_order_operate.html?command=get_materiel&rest_code=00109&code=00101008225&supplier_code=00100005&order_time=2020-08-17 HTTP/1.1" 200 416
180.175.214.200 - - [17/Aug/2020:09:36:21 +0800] "GET /xingrg/all/function/internal_message.html?_=1597628387843&CODE_STATE=getMsg HTTP/1.1" 200 27
114.88.165.122 - - [17/Aug/2020:09:36:21 +0800] "GET /xingrg/all/function/internal_message.html?_=1597628181392&CODE_STATE=getMsg HTTP/1.1" 200 27
114.88.153.118 - - [17/Aug/2020:09:36:22 +0800] "POST /xingrg/dwr/call/plaincall/AjaxCheckService.setItemNumber.dwr HTTP/1.1" 200 76
114.88.153.118 - - [17/Aug/2020:09:36:22 +0800] "POST /xingrg/dwr/call/plaincall/AjaxCheckService.setItemNumber.dwr HTTP/1.1" 200 77
172.17.0.100 - - [17/Aug/2020:09:36:22 +0800] "GET /xingrg/all/function/internal_message.html?_=1597628200824&CODE_STATE=getMsg HTTP/1.1" 200 27
114.88.153.118 - - [17/Aug/2020:09:36:23 +0800] "POST /xingrg/dwr/call/plaincall/AjaxCheckService.setItemNumber.dwr HTTP/1.1" 200 77
114.88.153.118 - - [17/Aug/2020:09:36:24 +0800] "POST /xingrg/dwr/call/plaincall/AjaxCheckService.setItemNumber.dwr HTTP/1.1" 200 76
114.88.153.118 - - [17/Aug/2020:09:36:24 +0800] "POST /xingrg/dwr/call/plaincall/AjaxCheckService.setItemNumber.dwr HTTP/1.1" 200 77
114.89.80.44 - - [17/Aug/2020:09:36:25 +0800] "GET /xingrg/kc/buy/cgsh_order_operate.html?command=get_materiel&rest_code=00150&code=00101009066&supplier_code=00100096&order_time=2020-08-17 HTTP/1.1" 200 438
116.232.54.109 - - [17/Aug/2020:09:36:25 +0800] "GET /xingrg/kc/buy/cgsh_order_operate.html?command=get_materiel&rest_code=00109&code=00101008257&supplier_code=00100005&order_time=2020-08-17 HTTP/1.1" 200 416
114.88.153.118 - - [17/Aug/2020:09:36:25 +0800] "POST /xingrg/dwr/call/plaincall/AjaxCheckService.setItemNumber.dwr HTTP/1.1" 200 76
218.81.217.115 - - [17/Aug/2020:09:36:26 +0800] "GET /xingrg/all/function/internal_message.html?_=1597628187968&CODE_STATE=getMsg HTTP/1.1" 302 -
114.88.153.118 - - [17/Aug/2020:09:36:26 +0800] "POST /xingrg/dwr/call/plaincall/AjaxCheckService.setItemNumber.dwr HTTP/1.1" 200 77
114.88.153.118 - - [17/Aug/2020:09:36:27 +0800] "GET /xingrg/all/function/internal_message.html?_=1597628187698&CODE_STATE=getMsg HTTP/1.1" 200 27
114.88.153.118 - - [17/Aug/2020:09:36:27 +0800] "POST /xingrg/dwr/call/plaincall/AjaxCheckService.setItemNumber.dwr HTTP/1.1" 200 77
114.88.165.122 - - [17/Aug/2020:09:36:28 +0800] "GET /xingrg/all/function/internal_message.html?_=1597628233799&CODE_STATE=getMsg HTTP/1.1" 200 27
114.88.153.118 - - [17/Aug/2020:09:36:28 +0800] "POST /xingrg/dwr/call/plaincall/AjaxCheckService.setItemNumber.dwr HTTP/1.1" 200 76
114.88.153.118 - - [17/Aug/2020:09:36:28 +0800] "POST /xingrg/dwr/call/plaincall/AjaxCheckService.setItemNumber.dwr HTTP/1.1" 200 77
117.184.7.30 - - [17/Aug/2020:09:36:29 +0800] "GET /xingrg/all/function/internal_message.html?_=1597628187943&CODE_STATE=getMsg HTTP/1.1" 200 27
117.184.7.30 - - [17/Aug/2020:09:36:29 +0800] "GET /xingrg/check_reg.html?_=1597628187961 HTTP/1.1" 200 22
114.88.153.118 - - [17/Aug/2020:09:36:29 +0800] "POST /xingrg/dwr/call/plaincall/AjaxCheckService.setItemNumber.dwr HTTP/1.1" 200 77
114.88.153.118 - - [17/Aug/2020:09:36:30 +0800] "POST /xingrg/dwr/call/plaincall/AjaxCheckService.setItemNumber.dwr HTTP/1.1" 200 76
116.232.54.109 - - [17/Aug/2020:09:36:30 +0800] "GET /xingrg/kc/buy/cgsh_order_operate.html?command=get_materiel&rest_code=00109&code=00101008156&supplier_code=00100005&order_time=2020-08-17 HTTP/1.1" 200 414
117.131.5.26 - - [17/Aug/2020:09:36:31 +0800] "GET /xingrg/all/function/internal_message.html?_=1597628568706&CODE_STATE=getMsg HTTP/1.1" 200 27
114.88.153.118 - - [17/Aug/2020:09:36:31 +0800] "POST /xingrg/dwr/call/plaincall/AjaxCheckService.setItemNumber.dwr HTTP/1.1" 200 77
172.17.0.123 - - [17/Aug/2020:09:36:31 +0800] "GET /xingrg/all/function/internal_message.html?_=1597628108861&CODE_STATE=getMsg HTTP/1.1" 200 27
114.88.153.118 - - [17/Aug/2020:09:36:31 +0800] "POST /xingrg/dwr/call/plaincall/AjaxCheckService.setItemNumber.dwr HTTP/1.1" 200 76
114.88.153.118 - - [17/Aug/2020:09:36:32 +0800] "POST /xingrg/dwr/call/plaincall/AjaxCheckService.setItemNumber.dwr HTTP/1.1" 200 76
114.89.80.44 - - [17/Aug/2020:09:36:32 +0800] "GET /xingrg/check_reg.html?_=1597628312833 HTTP/1.1" 200 22
114.89.80.44 - - [17/Aug/2020:09:36:32 +0800] "GET /xingrg/all/function/internal_message.html?_=1597628312890&CODE_STATE=getMsg HTTP/1.1" 200 27
114.88.153.118 - - [17/Aug/2020:09:36:32 +0800] "POST /xingrg/dwr/call/plaincall/AjaxCheckService.setItemNumber.dwr HTTP/1.1" 200 77
114.88.153.118 - - [17/Aug/2020:09:36:32 +0800] "POST /xingrg/dwr/call/plaincall/AjaxCheckService.setItemNumber.dwr HTTP/1.1" 200 76
114.88.153.118 - - [17/Aug/2020:09:36:33 +0800] "POST /xingrg/dwr/call/plaincall/AjaxCheckService.setItemNumber.dwr HTTP/1.1" 200 76
114.89.80.44 - - [17/Aug/2020:09:36:34 +0800] "GET /xingrg/kc/buy/cgsh_order_operate.html?command=get_materiel&rest_code=00150&code=00101009041&supplier_code=00100096&order_time=2020-08-17 HTTP/1.1" 200 410
114.88.153.118 - - [17/Aug/2020:09:36:35 +0800] "POST /xingrg/dwr/call/plaincall/AjaxCheckService.setItemNumber.dwr HTTP/1.1" 200 77
114.88.153.118 - - [17/Aug/2020:09:36:35 +0800] "POST /xingrg/dwr/call/plaincall/AjaxCheckService.setItemNumber.dwr HTTP/1.1" 200 77
114.88.153.118 - - [17/Aug/2020:09:36:35 +0800] "POST /xingrg/dwr/call/plaincall/AjaxCheckService.setItemNumber.dwr HTTP/1.1" 200 77
114.88.153.118 - - [17/Aug/2020:09:36:36 +0800] "POST /xingrg/dwr/call/plaincall/AjaxCheckService.setItemNumber.dwr HTTP/1.1" 200 77
114.88.153.118 - - [17/Aug/2020:09:36:36 +0800] "POST /xingrg/dwr/call/plaincall/AjaxCheckService.setItemNumber.dwr HTTP/1.1" 200 77
114.88.153.118 - - [17/Aug/2020:09:36:37 +0800] "POST /xingrg/dwr/call/plaincall/AjaxCheckService.setItemNumber.dwr HTTP/1.1" 200 77
114.88.153.118 - - [17/Aug/2020:09:36:37 +0800] "POST /xingrg/dwr/call/plaincall/AjaxCheckService.setItemNumber.dwr HTTP/1.1" 200 77
172.17.0.185 - - [17/Aug/2020:09:36:37 +0800] "GET /xingrg/all/function/internal_message.html?_=1597628196811&CODE_STATE=getMsg HTTP/1.1" 302 -
114.88.153.118 - - [17/Aug/2020:09:36:38 +0800] "POST /xingrg/dwr/call/plaincall/AjaxCheckService.setItemNumber.dwr HTTP/1.1" 200 77
114.89.80.44 - - [17/Aug/2020:09:36:38 +0800] "GET /xingrg/all/function/internal_message.html?_=1597628198014&CODE_STATE=getMsg HTTP/1.1" 200 27
114.88.153.118 - - [17/Aug/2020:09:36:38 +0800] "POST /xingrg/dwr/call/plaincall/AjaxCheckService.setItemNumber.dwr HTTP/1.1" 200 77
114.88.153.118 - - [17/Aug/2020:09:36:38 +0800] "POST /xingrg/dwr/call/plaincall/AjaxCheckService.setItemNumber.dwr HTTP/1.1" 200 77
114.88.153.118 - - [17/Aug/2020:09:36:39 +0800] "POST /xingrg/dwr/call/plaincall/AjaxCheckService.setItemNumber.dwr HTTP/1.1" 200 77
114.88.153.118 - - [17/Aug/2020:09:36:39 +0800] "POST /xingrg/dwr/call/plaincall/AjaxCheckService.setItemNumber.dwr HTTP/1.1" 200 77
180.157.251.101 - - [17/Aug/2020:09:36:40 +0800] "GET /xingrg/kc/base/check_order_info.html?code=452020081600350 HTTP/1.1" 200 26400
180.157.251.101 - - [17/Aug/2020:09:36:40 +0800] "GET /xingrg/dwr/interface/AjaxComOrderService.js HTTP/1.1" 200 18264
180.157.251.101 - - [17/Aug/2020:09:36:40 +0800] "GET /xingrg/dwr/interface/AjaxCheckService.js HTTP/1.1" 200 14003
180.157.251.101 - - [17/Aug/2020:09:36:40 +0800] "GET /xingrg/dwr/engine.js HTTP/1.1" 200 43631
114.88.153.118 - - [17/Aug/2020:09:36:40 +0800] "POST /xingrg/dwr/call/plaincall/AjaxCheckService.setItemNumber.dwr HTTP/1.1" 200 77
180.157.251.101 - - [17/Aug/2020:09:36:40 +0800] "POST /xingrg/dwr/call/plaincall/AjaxCheckService.loadOrderItems.dwr HTTP/1.1" 200 148535
114.88.153.118 - - [17/Aug/2020:09:36:41 +0800] "POST /xingrg/dwr/call/plaincall/AjaxCheckService.setItemNumber.dwr HTTP/1.1" 200 77
114.88.153.118 - - [17/Aug/2020:09:36:42 +0800] "POST /xingrg/dwr/call/plaincall/AjaxCheckService.setItemNumber.dwr HTTP/1.1" 200 77
114.88.153.118 - - [17/Aug/2020:09:36:42 +0800] "POST /xingrg/dwr/call/plaincall/AjaxCheckService.setItemNumber.dwr HTTP/1.1" 200 77
172.17.0.101 - - [17/Aug/2020:09:36:43 +0800] "GET /xingrg/all/function/internal_message.html?_=1597628203727&CODE_STATE=getMsg HTTP/1.1" 302 -
114.88.153.118 - - [17/Aug/2020:09:36:43 +0800] "POST /xingrg/dwr/call/plaincall/AjaxCheckService.setItemNumber.dwr HTTP/1.1" 200 77
180.157.251.101 - - [17/Aug/2020:09:36:43 +0800] "GET /xingrg/all/function/internal_message.html?_=1597628203692&CODE_STATE=getMsg HTTP/1.1" 200 27
114.88.153.118 - - [17/Aug/2020:09:36:43 +0800] "POST /xingrg/dwr/call/plaincall/AjaxCheckService.setItemNumber.dwr HTTP/1.1" 200 77
114.88.153.118 - - [17/Aug/2020:09:36:44 +0800] "POST /xingrg/dwr/call/plaincall/AjaxCheckService.setItemNumber.dwr HTTP/1.1" 200 77
114.89.80.44 - - [17/Aug/2020:09:36:44 +0800] "GET /xingrg/javascript/print/LodopFuncs.js HTTP/1.1" 304 -
114.89.80.44 - - [17/Aug/2020:09:36:44 +0800] "GET /xingrg/kc/buy/cgsh_order_list.html HTTP/1.1" 200 43647
114.88.153.118 - - [17/Aug/2020:09:36:44 +0800] "POST /xingrg/dwr/call/plaincall/AjaxCheckService.setItemNumber.dwr HTTP/1.1" 200 77
120.253.135.82 - - [17/Aug/2020:09:36:45 +0800] "GET /xingrg/all/function/internal_message.html?_=1597627861516&CODE_STATE=getMsg HTTP/1.1" 200 27
114.88.153.118 - - [17/Aug/2020:09:36:45 +0800] "POST /xingrg/dwr/call/plaincall/AjaxCheckService.setItemNumber.dwr HTTP/1.1" 200 77
114.89.80.44 - - [17/Aug/2020:09:36:45 +0800] "POST /xingrg/kc/buy/cgsh_list_operate.html HTTP/1.1" 200 876
114.88.153.118 - - [17/Aug/2020:09:36:45 +0800] "POST /xingrg/dwr/call/plaincall/AjaxCheckService.setItemNumber.dwr HTTP/1.1" 200 77
114.88.153.118 - - [17/Aug/2020:09:36:45 +0800] "POST /xingrg/dwr/call/plaincall/AjaxCheckService.setItemNumber.dwr HTTP/1.1" 200 77
114.88.153.118 - - [17/Aug/2020:09:36:46 +0800] "POST /xingrg/dwr/call/plaincall/AjaxCheckService.setItemNumber.dwr HTTP/1.1" 200 77
114.88.153.118 - - [17/Aug/2020:09:36:47 +0800] "POST /xingrg/dwr/call/plaincall/AjaxCheckService.setItemNumber.dwr HTTP/1.1" 200 77
114.89.80.44 - - [17/Aug/2020:09:36:47 +0800] "GET /xingrg/javascript/pic_change.js HTTP/1.1" 304 -
114.89.80.44 - - [17/Aug/2020:09:36:47 +0800] "GET /xingrg/javascript/json2.js HTTP/1.1" 304 -
114.89.80.44 - - [17/Aug/2020:09:36:47 +0800] "GET /xingrg/javascript/convert.js HTTP/1.1" 304 -
114.89.80.44 - - [17/Aug/2020:09:36:47 +0800] "GET /xingrg/javascript/jquery_tools/order_manager.js HTTP/1.1" 304 -
114.89.80.44 - - [17/Aug/2020:09:36:47 +0800] "GET /xingrg/javascript/print/kc_print.js HTTP/1.1" 304 -
114.89.80.44 - - [17/Aug/2020:09:36:47 +0800] "GET /xingrg/kc/buy/cgsh_order_add.html HTTP/1.1" 200 59315
114.89.80.44 - - [17/Aug/2020:09:36:48 +0800] "GET /xingrg/words/20200815162722_words.js HTTP/1.1" 304 -
114.88.153.118 - - [17/Aug/2020:09:36:48 +0800] "POST /xingrg/dwr/call/plaincall/AjaxCheckService.setItemNumber.dwr HTTP/1.1" 200 77
114.89.80.44 - - [17/Aug/2020:09:36:48 +0800] "POST /xingrg/kc/buy/cgsh_order_operate.html HTTP/1.1" 200 8245
114.89.80.44 - - [17/Aug/2020:09:36:48 +0800] "GET /xingrg/all/common/auto_word.html?type=employee&rest_code=00150 HTTP/1.1" 200 205
114.89.80.44 - - [17/Aug/2020:09:36:48 +0800] "GET /xingrg/all/common/auto_word.html?type=employee&rest_code=00150 HTTP/1.1" 200 205
114.89.80.44 - - [17/Aug/2020:09:36:48 +0800] "GET /xingrg/javascript/easyui/themes/default/validatebox.css HTTP/1.1" 404 1104
114.89.80.44 - - [17/Aug/2020:09:36:48 +0800] "GET /xingrg/javascript/easyui/plugins/jquery.validatebox.js HTTP/1.1" 304 -
114.89.80.44 - - [17/Aug/2020:09:36:48 +0800] "GET /xingrg/javascript/easyui/plugins/jquery.numberbox.js HTTP/1.1" 304 -
58.40.7.146 - - [17/Aug/2020:09:36:50 +0800] "GET /xingrg/all/function/internal_message.html?_=1597628209789&CODE_STATE=getMsg HTTP/1.1" 200 27
114.89.80.44 - - [17/Aug/2020:09:36:50 +0800] "GET /xingrg/javascript/auto/indicator.gif HTTP/1.1" 404 1066
114.88.153.118 - - [17/Aug/2020:09:36:50 +0800] "POST /xingrg/dwr/call/plaincall/AjaxCheckService.setItemNumber.dwr HTTP/1.1" 200 77
114.89.80.44 - - [17/Aug/2020:09:36:50 +0800] "GET /xingrg/kc/buy/cgsh_order_operate.html?command=get_materiel&rest_code=00150&code=00101009062&supplier_code=00100096&order_time=2020-08-17 HTTP/1.1" 200 414
114.88.153.118 - - [17/Aug/2020:09:36:50 +0800] "POST /xingrg/dwr/call/plaincall/AjaxCheckService.setItemNumber.dwr HTTP/1.1" 200 77
116.230.74.197 - - [17/Aug/2020:09:36:51 +0800] "GET /xingrg/all/function/internal_message.html?_=1597628213882&CODE_STATE=getMsg HTTP/1.1" 200 27
114.88.153.118 - - [17/Aug/2020:09:36:52 +0800] "POST /xingrg/dwr/call/plaincall/AjaxCheckService.setItemNumber.dwr HTTP/1.1" 200 77
114.88.153.118 - - [17/Aug/2020:09:36:52 +0800] "POST /xingrg/dwr/call/plaincall/AjaxCheckService.setItemNumber.dwr HTTP/1.1" 200 77
114.88.153.118 - - [17/Aug/2020:09:36:53 +0800] "POST /xingrg/dwr/call/plaincall/AjaxCheckService.setItemNumber.dwr HTTP/1.1" 200 77
114.88.153.118 - - [17/Aug/2020:09:36:54 +0800] "POST /xingrg/dwr/call/plaincall/AjaxCheckService.setItemNumber.dwr HTTP/1.1" 200 77
114.88.153.118 - - [17/Aug/2020:09:36:54 +0800] "POST /xingrg/dwr/call/plaincall/AjaxCheckService.setItemNumber.dwr HTTP/1.1" 200 77
114.88.153.118 - - [17/Aug/2020:09:36:54 +0800] "POST /xingrg/dwr/call/plaincall/AjaxCheckService.setItemNumber.dwr HTTP/1.1" 200 77
218.81.217.115 - - [17/Aug/2020:09:36:55 +0800] "GET /xingrg/all/function/internal_message.html?_=1597628216439&CODE_STATE=getMsg HTTP/1.1" 200 27
116.232.54.109 - - [17/Aug/2020:09:36:55 +0800] "GET /xingrg/all/function/internal_message.html?_=1597628280088&CODE_STATE=getMsg HTTP/1.1" 200 27
114.88.153.118 - - [17/Aug/2020:09:36:56 +0800] "POST /xingrg/dwr/call/plaincall/AjaxCheckService.setItemNumber.dwr HTTP/1.1" 200 77
114.88.153.118 - - [17/Aug/2020:09:36:56 +0800] "POST /xingrg/dwr/call/plaincall/AjaxCheckService.setItemNumber.dwr HTTP/1.1" 200 77
114.88.153.118 - - [17/Aug/2020:09:36:56 +0800] "POST /xingrg/dwr/call/plaincall/AjaxCheckService.setItemNumber.dwr HTTP/1.1" 200 77
114.88.153.118 - - [17/Aug/2020:09:36:56 +0800] "POST /xingrg/dwr/call/plaincall/AjaxCheckService.setItemNumber.dwr HTTP/1.1" 200 77
114.89.80.44 - - [17/Aug/2020:09:36:58 +0800] "GET /xingrg/kc/buy/cgsh_order_operate.html?command=get_materiel&rest_code=00150&code=00101006229&supplier_code=00100012&order_time=2020-08-17 HTTP/1.1" 200 412
114.88.153.118 - - [17/Aug/2020:09:36:59 +0800] "POST /xingrg/dwr/call/plaincall/AjaxCheckService.setItemNumber.dwr HTTP/1.1" 200 77
114.88.153.118 - - [17/Aug/2020:09:37:00 +0800] "GET /xingrg/all/function/internal_message.html?_=1597627864689&CODE_STATE=getMsg HTTP/1.1" 200 27
61.172.5.115 - - [17/Aug/2020:09:37:00 +0800] "GET /xingrg/all/function/internal_message.html?_=1597628210496&CODE_STATE=getMsg HTTP/1.1" 200 27
114.88.153.118 - - [17/Aug/2020:09:37:01 +0800] "POST /xingrg/dwr/call/plaincall/AjaxCheckService.setItemNumber.dwr HTTP/1.1" 200 77
114.88.153.118 - - [17/Aug/2020:09:37:01 +0800] "POST /xingrg/dwr/call/plaincall/AjaxCheckService.setItemNumber.dwr HTTP/1.1" 200 77
222.69.137.86 - - [17/Aug/2020:09:37:02 +0800] "GET /xingrg/all/function/internal_message.html?_=1597628221335&CODE_STATE=getMsg HTTP/1.1" 200 27
114.88.153.118 - - [17/Aug/2020:09:37:03 +0800] "POST /xingrg/dwr/call/plaincall/AjaxCheckService.setItemNumber.dwr HTTP/1.1" 200 77
114.88.153.118 - - [17/Aug/2020:09:37:03 +0800] "POST /xingrg/dwr/call/plaincall/AjaxCheckService.setItemNumber.dwr HTTP/1.1" 200 77
114.88.153.118 - - [17/Aug/2020:09:37:03 +0800] "POST /xingrg/dwr/call/plaincall/AjaxCheckService.setItemNumber.dwr HTTP/1.1" 200 77
114.89.80.44 - - [17/Aug/2020:09:37:05 +0800] "GET /xingrg/kc/buy/cgsh_order_operate.html?command=get_materiel&rest_code=00150&code=00101009007&supplier_code=00100096&order_time=2020-08-17 HTTP/1.1" 200 410
180.157.251.101 - - [17/Aug/2020:09:37:05 +0800] "POST /xingrg/kc/base/check_list_operate.html HTTP/1.1" 200 4
114.88.153.118 - - [17/Aug/2020:09:37:05 +0800] "POST /xingrg/dwr/call/plaincall/AjaxCheckService.setItemNumber.dwr HTTP/1.1" 200 77
114.88.153.118 - - [17/Aug/2020:09:37:05 +0800] "POST /xingrg/dwr/call/plaincall/AjaxCheckService.setItemNumber.dwr HTTP/1.1" 200 77
114.88.153.118 - - [17/Aug/2020:09:37:06 +0800] "POST /xingrg/dwr/call/plaincall/AjaxCheckService.setItemNumber.dwr HTTP/1.1" 200 77
172.17.200.101 - - [17/Aug/2020:09:37:06 +0800] "GET /xingrg/all/function/internal_message.html?_=1597628227363&CODE_STATE=getMsg HTTP/1.1" 200 27
114.88.153.118 - - [17/Aug/2020:09:37:07 +0800] "POST /xingrg/dwr/call/plaincall/AjaxCheckService.setItemNumber.dwr HTTP/1.1" 200 77
114.88.153.118 - - [17/Aug/2020:09:37:08 +0800] "POST /xingrg/dwr/call/plaincall/AjaxCheckService.setItemNumber.dwr HTTP/1.1" 200 77
114.88.153.118 - - [17/Aug/2020:09:37:08 +0800] "POST /xingrg/dwr/call/plaincall/AjaxCheckService.setItemNumber.dwr HTTP/1.1" 200 77
180.157.251.101 - - [17/Aug/2020:09:37:08 +0800] "POST /xingrg/kc/base/check_list_operate.html HTTP/1.1" 200 781
114.88.153.118 - - [17/Aug/2020:09:37:09 +0800] "POST /xingrg/dwr/call/plaincall/AjaxCheckService.setItemNumber.dwr HTTP/1.1" 200 77
120.253.135.82 - - [17/Aug/2020:09:37:13 +0800] "GET /xingrg/all/function/internal_message.html?_=1597627985977&CODE_STATE=getMsg HTTP/1.1" 200 27
114.88.153.118 - - [17/Aug/2020:09:37:14 +0800] "POST /xingrg/dwr/call/plaincall/AjaxCheckService.setItemNumber.dwr HTTP/1.1" 200 77
114.88.153.118 - - [17/Aug/2020:09:37:14 +0800] "POST /xingrg/dwr/call/plaincall/AjaxCheckService.setItemNumber.dwr HTTP/1.1" 200 77
114.88.153.118 - - [17/Aug/2020:09:37:15 +0800] "POST /xingrg/dwr/call/plaincall/AjaxCheckService.setItemNumber.dwr HTTP/1.1" 200 77
218.81.217.115 - - [17/Aug/2020:09:37:16 +0800] "GET /xingrg/check_reg.html?_=1597628237620 HTTP/1.1" 302 -
114.88.153.118 - - [17/Aug/2020:09:37:16 +0800] "POST /xingrg/dwr/call/plaincall/AjaxCheckService.setItemNumber.dwr HTTP/1.1" 200 77
114.88.153.118 - - [17/Aug/2020:09:37:17 +0800] "POST /xingrg/dwr/call/plaincall/AjaxCheckService.setItemNumber.dwr HTTP/1.1" 200 77
114.88.153.118 - - [17/Aug/2020:09:37:18 +0800] "POST /xingrg/dwr/call/plaincall/AjaxCheckService.setItemNumber.dwr HTTP/1.1" 200 77
114.88.153.118 - - [17/Aug/2020:09:37:19 +0800] "POST /xingrg/dwr/call/plaincall/AjaxCheckService.setItemNumber.dwr HTTP/1.1" 200 77
114.88.153.118 - - [17/Aug/2020:09:37:19 +0800] "POST /xingrg/dwr/call/plaincall/AjaxCheckService.setItemNumber.dwr HTTP/1.1" 200 77
114.88.153.118 - - [17/Aug/2020:09:37:19 +0800] "POST /xingrg/dwr/call/plaincall/AjaxCheckService.setItemNumber.dwr HTTP/1.1" 200 77
114.88.153.118 - - [17/Aug/2020:09:37:20 +0800] "POST /xingrg/dwr/call/plaincall/AjaxCheckService.setItemNumber.dwr HTTP/1.1" 200 77
114.89.80.44 - - [17/Aug/2020:09:37:20 +0800] "GET /xingrg/kc/buy/cgsh_order_operate.html?command=get_materiel&rest_code=00150&code=00101009016&supplier_code=00100096&order_time=2020-08-17 HTTP/1.1" 200 414
180.175.214.200 - - [17/Aug/2020:09:37:20 +0800] "GET /xingrg/check_reg.html?_=1597628447077 HTTP/1.1" 200 22
180.175.214.200 - - [17/Aug/2020:09:37:21 +0800] "GET /xingrg/all/function/internal_message.html?_=1597628447856&CODE_STATE=getMsg HTTP/1.1" 200 27
114.88.165.122 - - [17/Aug/2020:09:37:21 +0800] "GET /xingrg/all/function/internal_message.html?_=1597628241400&CODE_STATE=getMsg HTTP/1.1" 200 27
172.17.0.100 - - [17/Aug/2020:09:37:22 +0800] "GET /xingrg/all/function/internal_message.html?_=1597628260827&CODE_STATE=getMsg HTTP/1.1" 200 27
114.88.153.118 - - [17/Aug/2020:09:37:22 +0800] "POST /xingrg/dwr/call/plaincall/AjaxCheckService.setItemNumber.dwr HTTP/1.1" 200 77
180.157.251.101 - - [17/Aug/2020:09:37:23 +0800] "POST /xingrg/kc/base/check_list_operate.html HTTP/1.1" 200 5508
114.88.153.118 - - [17/Aug/2020:09:37:24 +0800] "POST /xingrg/dwr/call/plaincall/AjaxCheckService.setItemNumber.dwr HTTP/1.1" 200 77
114.89.80.44 - - [17/Aug/2020:09:37:24 +0800] "GET /xingrg/kc/buy/cgsh_order_operate.html?command=get_materiel&rest_code=00150&code=00101006124&supplier_code=00100012&order_time=2020-08-17 HTTP/1.1" 200 409
