117.184.7.26 - - [17/Aug/2020:09:19:09 +0800] "POST /xingrg/dwr/call/plaincall/AjaxCheckService.setItemNumber.dwr HTTP/1.1" 200 78
117.184.7.26 - - [17/Aug/2020:09:19:09 +0800] "POST /xingrg/dwr/call/plaincall/AjaxCheckService.setItemNumber.dwr HTTP/1.1" 200 78
114.89.80.44 - - [17/Aug/2020:09:19:11 +0800] "POST /xingrg/kc/buy/cgsh_order_operate.html HTTP/1.1" 200 2065
218.81.217.115 - - [17/Aug/2020:09:19:11 +0800] "GET /xingrg/kc/buy/cgsh_order_operate.html?command=get_materiel&rest_code=00146&code=00101008069&supplier_code=00100005&order_time=2020-08-17 HTTP/1.1" 200 412
117.184.7.26 - - [17/Aug/2020:09:19:12 +0800] "POST /xingrg/dwr/call/plaincall/AjaxCheckService.setItemNumber.dwr HTTP/1.1" 200 78
120.253.135.82 - - [17/Aug/2020:09:19:13 +0800] "GET /xingrg/all/function/internal_message.html?_=1597626905714&CODE_STATE=getMsg HTTP/1.1" 200 27
116.232.54.109 - - [17/Aug/2020:09:19:16 +0800] "GET /xingrg/all/function/internal_message.html?_=1597627194703&CODE_STATE=getMsg HTTP/1.1" 200 27
180.157.251.101 - - [17/Aug/2020:09:19:17 +0800] "GET /xingrg/check_reg.html?_=1597627156808 HTTP/1.1" 200 22
180.157.251.101 - - [17/Aug/2020:09:19:17 +0800] "GET /xingrg/all/function/internal_message.html?_=1597627156995&CODE_STATE=getMsg HTTP/1.1" 200 27
114.89.80.44 - - [17/Aug/2020:09:19:17 +0800] "GET /xingrg/kc/buy/cgsh_order_operate.html?command=get_materiel&rest_code=00150&code=00101015074&supplier_code=00100007&order_time=2020-08-17 HTTP/1.1" 200 427
114.88.165.122 - - [17/Aug/2020:09:19:17 +0800] "GET /xingrg/kc/buy/cgsh_order_operate.html?command=get_materiel&rest_code=00111&code=00101008096&supplier_code=00100005&order_time=2020-08-17 HTTP/1.1" 200 432
172.17.200.101 - - [17/Aug/2020:09:19:17 +0800] "GET /xingrg/all/function/internal_message.html?_=1597627159154&CODE_STATE=getMsg HTTP/1.1" 200 27
116.230.74.197 - - [17/Aug/2020:09:19:19 +0800] "GET /xingrg/kc/buy/cgsh_order_operate.html?command=get_materiel&rest_code=00107&code=00101008098&supplier_code=00100006&order_time=2020-08-17 HTTP/1.1" 200 412
180.175.214.200 - - [17/Aug/2020:09:19:21 +0800] "GET /xingrg/all/function/internal_message.html?_=1597627367565&CODE_STATE=getMsg HTTP/1.1" 200 27
114.88.165.122 - - [17/Aug/2020:09:19:21 +0800] "GET /xingrg/all/function/internal_message.html?_=1597627161156&CODE_STATE=getMsg HTTP/1.1" 200 27
117.184.7.26 - - [17/Aug/2020:09:19:21 +0800] "POST /xingrg/dwr/call/plaincall/AjaxCheckService.checkOrder.dwr HTTP/1.1" 200 80
114.88.165.122 - - [17/Aug/2020:09:19:24 +0800] "GET /xingrg/kc/buy/cgsh_order_operate.html?command=get_materiel&rest_code=00111&code=00101008358&supplier_code=00100005&order_time=2020-08-17 HTTP/1.1" 200 412
218.81.217.115 - - [17/Aug/2020:09:19:26 +0800] "GET /xingrg/all/function/internal_message.html?_=1597627167747&CODE_STATE=getMsg HTTP/1.1" 302 -
114.89.80.44 - - [17/Aug/2020:09:19:27 +0800] "GET /xingrg/kc/buy/cgsh_order_operate.html?command=get_materiel&rest_code=00150&code=00101008101&supplier_code=00100007&order_time=2020-08-17 HTTP/1.1" 200 412
114.88.165.122 - - [17/Aug/2020:09:19:28 +0800] "GET /xingrg/all/function/internal_message.html?_=1597627213796&CODE_STATE=getMsg HTTP/1.1" 200 27
117.184.7.26 - - [17/Aug/2020:09:19:29 +0800] "GET /xingrg/kc/base/check_order_info.html?code=452020081600345 HTTP/1.1" 200 22860
117.184.7.26 - - [17/Aug/2020:09:19:29 +0800] "GET /xingrg/dwr/interface/AjaxComOrderService.js HTTP/1.1" 200 18264
117.184.7.26 - - [17/Aug/2020:09:19:29 +0800] "GET /xingrg/dwr/interface/AjaxCheckService.js HTTP/1.1" 200 14003
117.184.7.26 - - [17/Aug/2020:09:19:29 +0800] "GET /xingrg/dwr/engine.js HTTP/1.1" 200 43631
117.184.7.26 - - [17/Aug/2020:09:19:29 +0800] "GET /xingrg/all/function/internal_message.html?_=1597627168173&CODE_STATE=getMsg HTTP/1.1" 200 27
218.81.217.115 - - [17/Aug/2020:09:19:30 +0800] "POST /xingrg/kc/buy/cgsh_order_operate.html HTTP/1.1" 200 2065
117.131.5.26 - - [17/Aug/2020:09:19:30 +0800] "GET /xingrg/all/function/internal_message.html?_=1597627548681&CODE_STATE=getMsg HTTP/1.1" 200 27
172.17.0.123 - - [17/Aug/2020:09:19:31 +0800] "GET /xingrg/all/function/internal_message.html?_=1597627088858&CODE_STATE=getMsg HTTP/1.1" 200 27
117.184.7.26 - - [17/Aug/2020:09:19:31 +0800] "POST /xingrg/dwr/call/plaincall/AjaxCheckService.loadOrderItems.dwr HTTP/1.1" 200 59490
117.184.7.26 - - [17/Aug/2020:09:19:33 +0800] "POST /xingrg/kc/base/check_list_operate.html HTTP/1.1" 200 1884
116.230.74.197 - - [17/Aug/2020:09:19:34 +0800] "GET /xingrg/kc/buy/cgsh_order_operate.html?command=get_materiel&rest_code=00107&code=00101008492&supplier_code=00100006&order_time=2020-08-17 HTTP/1.1" 200 402
114.88.165.122 - - [17/Aug/2020:09:19:35 +0800] "GET /xingrg/kc/buy/cgsh_order_operate.html?command=get_materiel&rest_code=00111&code=00101008270&supplier_code=00100005&order_time=2020-08-17 HTTP/1.1" 200 412
117.131.5.26 - - [17/Aug/2020:09:19:36 +0800] "POST /xingrg/dwr/call/plaincall/AjaxCheckService.setItemNumber.dwr HTTP/1.1" 200 77
117.184.7.26 - - [17/Aug/2020:09:19:36 +0800] "GET /xingrg/dwr/interface/AjaxComOrderService.js HTTP/1.1" 200 18264
117.184.7.26 - - [17/Aug/2020:09:19:36 +0800] "GET /xingrg/dwr/interface/AjaxCheckService.js HTTP/1.1" 200 14003
117.184.7.26 - - [17/Aug/2020:09:19:36 +0800] "GET /xingrg/kc/base/check_order_info.html?code=452020081600344 HTTP/1.1" 200 26404
117.184.7.26 - - [17/Aug/2020:09:19:36 +0800] "GET /xingrg/dwr/engine.js HTTP/1.1" 200 43631
114.89.80.44 - - [17/Aug/2020:09:19:37 +0800] "GET /xingrg/kc/buy/cgsh_order_operate.html?command=get_materiel&rest_code=00150&code=00101008221&supplier_code=00100007&order_time=2020-08-17 HTTP/1.1" 200 412
172.17.0.185 - - [17/Aug/2020:09:19:37 +0800] "GET /xingrg/all/function/internal_message.html?_=1597627176816&CODE_STATE=getMsg HTTP/1.1" 302 -
172.17.0.185 - - [17/Aug/2020:09:19:37 +0800] "GET /xingrg/check_reg.html?_=1597627176824 HTTP/1.1" 302 -
114.89.80.44 - - [17/Aug/2020:09:19:38 +0800] "GET /xingrg/check_reg.html?_=1597627177950 HTTP/1.1" 200 22
114.89.80.44 - - [17/Aug/2020:09:19:38 +0800] "GET /xingrg/all/function/internal_message.html?_=1597627177951&CODE_STATE=getMsg HTTP/1.1" 200 27
218.81.217.115 - - [17/Aug/2020:09:19:38 +0800] "GET /xingrg/kc/buy/cgsh_order_operate.html?command=get_materiel&rest_code=00146&code=00101008036&supplier_code=00100005&order_time=2020-08-17 HTTP/1.1" 200 408
117.184.7.26 - - [17/Aug/2020:09:19:38 +0800] "POST /xingrg/dwr/call/plaincall/AjaxCheckService.loadOrderItems.dwr HTTP/1.1" 200 169420
117.131.5.26 - - [17/Aug/2020:09:19:39 +0800] "POST /xingrg/dwr/call/plaincall/AjaxCheckService.setItemNumber.dwr HTTP/1.1" 200 77
172.17.0.101 - - [17/Aug/2020:09:19:42 +0800] "GET /xingrg/all/function/internal_message.html?_=1597627182782&CODE_STATE=getMsg HTTP/1.1" 302 -
117.131.5.26 - - [17/Aug/2020:09:19:42 +0800] "POST /xingrg/dwr/call/plaincall/AjaxCheckService.setItemNumber.dwr HTTP/1.1" 200 77
120.253.135.82 - - [17/Aug/2020:09:19:44 +0800] "GET /xingrg/check_reg.html?_=1597626841493 HTTP/1.1" 200 22
120.253.135.82 - - [17/Aug/2020:09:19:44 +0800] "GET /xingrg/all/function/internal_message.html?_=1597626841495&CODE_STATE=getMsg HTTP/1.1" 200 27
114.88.165.122 - - [17/Aug/2020:09:19:45 +0800] "GET /xingrg/kc/buy/cgsh_order_operate.html?command=get_materiel&rest_code=00111&code=00101008323&supplier_code=00100005&order_time=2020-08-17 HTTP/1.1" 200 408
117.184.7.26 - - [17/Aug/2020:09:19:45 +0800] "POST /xingrg/dwr/call/plaincall/AjaxCheckService.setItemNumber.dwr HTTP/1.1" 200 76
117.131.5.26 - - [17/Aug/2020:09:19:45 +0800] "POST /xingrg/dwr/call/plaincall/AjaxCheckService.setItemNumber.dwr HTTP/1.1" 200 77
114.88.153.118 - - [17/Aug/2020:09:19:47 +0800] "GET /xingrg/check_reg.html?_=1597627187469 HTTP/1.1" 302 -
117.184.7.26 - - [17/Aug/2020:09:19:48 +0800] "POST /xingrg/dwr/call/plaincall/AjaxCheckService.setItemNumber.dwr HTTP/1.1" 200 76
117.184.7.26 - - [17/Aug/2020:09:19:49 +0800] "POST /xingrg/dwr/call/plaincall/AjaxCheckService.setItemNumber.dwr HTTP/1.1" 200 76
58.40.7.146 - - [17/Aug/2020:09:19:50 +0800] "GET /xingrg/all/function/internal_message.html?_=1597627189792&CODE_STATE=getMsg HTTP/1.1" 200 27
58.40.7.146 - - [17/Aug/2020:09:19:50 +0800] "GET /xingrg/check_reg.html?_=1597627189795 HTTP/1.1" 200 22
116.230.74.197 - - [17/Aug/2020:09:19:51 +0800] "GET /xingrg/all/function/internal_message.html?_=1597627193980&CODE_STATE=getMsg HTTP/1.1" 200 27
117.184.7.26 - - [17/Aug/2020:09:19:51 +0800] "POST /xingrg/dwr/call/plaincall/AjaxCheckService.setItemNumber.dwr HTTP/1.1" 200 76
117.184.7.26 - - [17/Aug/2020:09:19:53 +0800] "POST /xingrg/dwr/call/plaincall/AjaxCheckService.setItemNumber.dwr HTTP/1.1" 200 76
117.184.7.26 - - [17/Aug/2020:09:19:54 +0800] "POST /xingrg/dwr/call/plaincall/AjaxCheckService.setItemNumber.dwr HTTP/1.1" 200 76
218.81.217.115 - - [17/Aug/2020:09:19:54 +0800] "GET /xingrg/all/function/internal_message.html?_=1597627195802&CODE_STATE=getMsg HTTP/1.1" 200 27
116.230.74.197 - - [17/Aug/2020:09:19:55 +0800] "GET /xingrg/kc/buy/cgsh_order_operate.html?command=get_materiel&rest_code=00107&code=00101008036&supplier_code=00100006&order_time=2020-08-17 HTTP/1.1" 200 408
61.172.5.115 - - [17/Aug/2020:09:19:55 +0800] "GET /xingrg/kc/buy/cgsh_order_operate.html?command=get_materiel&rest_code=00105&code=00101009019&supplier_code=00100024&order_time=2020-08-17 HTTP/1.1" 200 431
117.184.7.26 - - [17/Aug/2020:09:19:55 +0800] "POST /xingrg/dwr/call/plaincall/AjaxCheckService.setItemNumber.dwr HTTP/1.1" 200 76
114.88.165.122 - - [17/Aug/2020:09:19:56 +0800] "GET /xingrg/kc/buy/cgsh_order_operate.html?command=get_materiel&rest_code=00111&code=00101008175&supplier_code=00100005&order_time=2020-08-17 HTTP/1.1" 200 412
117.184.7.26 - - [17/Aug/2020:09:19:56 +0800] "POST /xingrg/dwr/call/plaincall/AjaxCheckService.setItemNumber.dwr HTTP/1.1" 200 76
117.184.7.26 - - [17/Aug/2020:09:19:57 +0800] "POST /xingrg/dwr/call/plaincall/AjaxCheckService.setItemNumber.dwr HTTP/1.1" 200 76
117.184.7.26 - - [17/Aug/2020:09:19:57 +0800] "POST /xingrg/dwr/call/plaincall/AjaxCheckService.setItemNumber.dwr HTTP/1.1" 200 77
117.184.7.26 - - [17/Aug/2020:09:19:58 +0800] "POST /xingrg/dwr/call/plaincall/AjaxCheckService.setItemNumber.dwr HTTP/1.1" 200 77
117.184.7.26 - - [17/Aug/2020:09:19:59 +0800] "POST /xingrg/dwr/call/plaincall/AjaxCheckService.setItemNumber.dwr HTTP/1.1" 200 77
61.172.5.115 - - [17/Aug/2020:09:20:00 +0800] "GET /xingrg/all/function/internal_message.html?_=1597627190501&CODE_STATE=getMsg HTTP/1.1" 200 27
117.184.7.26 - - [17/Aug/2020:09:20:02 +0800] "POST /xingrg/dwr/call/plaincall/AjaxCheckService.setItemNumber.dwr HTTP/1.1" 200 77
222.69.137.86 - - [17/Aug/2020:09:20:02 +0800] "GET /xingrg/all/function/internal_message.html?_=1597627201473&CODE_STATE=getMsg HTTP/1.1" 200 27
117.131.5.26 - - [17/Aug/2020:09:20:03 +0800] "POST /xingrg/dwr/call/plaincall/AjaxCheckService.setItemNumber.dwr HTTP/1.1" 200 77
117.184.7.26 - - [17/Aug/2020:09:20:03 +0800] "POST /xingrg/dwr/call/plaincall/AjaxCheckService.setItemNumber.dwr HTTP/1.1" 200 77
117.184.7.26 - - [17/Aug/2020:09:20:03 +0800] "POST /xingrg/dwr/call/plaincall/AjaxCheckService.setItemNumber.dwr HTTP/1.1" 200 77
117.184.7.26 - - [17/Aug/2020:09:20:03 +0800] "POST /xingrg/dwr/call/plaincall/AjaxCheckService.setItemNumber.dwr HTTP/1.1" 200 77
117.184.7.26 - - [17/Aug/2020:09:20:04 +0800] "POST /xingrg/dwr/call/plaincall/AjaxCheckService.setItemNumber.dwr HTTP/1.1" 200 77
117.131.5.26 - - [17/Aug/2020:09:20:04 +0800] "POST /xingrg/dwr/call/plaincall/AjaxCheckService.setItemNumber.dwr HTTP/1.1" 200 77
117.184.7.26 - - [17/Aug/2020:09:20:04 +0800] "POST /xingrg/dwr/call/plaincall/AjaxCheckService.setItemNumber.dwr HTTP/1.1" 200 77
218.81.217.115 - - [17/Aug/2020:09:20:05 +0800] "GET /xingrg/kc/buy/cgsh_order_operate.html?command=get_materiel&rest_code=00146&code=00101008318&supplier_code=00100005&order_time=2020-08-17 HTTP/1.1" 200 408
117.184.7.26 - - [17/Aug/2020:09:20:05 +0800] "POST /xingrg/dwr/call/plaincall/AjaxCheckService.setItemNumber.dwr HTTP/1.1" 200 77
117.131.5.26 - - [17/Aug/2020:09:20:05 +0800] "POST /xingrg/dwr/call/plaincall/AjaxCheckService.setItemNumber.dwr HTTP/1.1" 200 77
117.131.5.26 - - [17/Aug/2020:09:20:07 +0800] "POST /xingrg/dwr/call/plaincall/AjaxCheckService.setItemNumber.dwr HTTP/1.1" 200 77
114.88.165.122 - - [17/Aug/2020:09:20:07 +0800] "GET /xingrg/kc/buy/cgsh_order_operate.html?command=get_materiel&rest_code=00111&code=00101008302&supplier_code=00100005&order_time=2020-08-17 HTTP/1.1" 200 412
117.131.5.26 - - [17/Aug/2020:09:20:07 +0800] "POST /xingrg/dwr/call/plaincall/AjaxCheckService.setItemNumber.dwr HTTP/1.1" 200 77
116.230.74.197 - - [17/Aug/2020:09:20:07 +0800] "POST /xingrg/kc/buy/cgsh_order_operate.html HTTP/1.1" 200 2065
117.184.7.26 - - [17/Aug/2020:09:20:08 +0800] "POST /xingrg/dwr/call/plaincall/AjaxCheckService.setItemNumber.dwr HTTP/1.1" 200 77
117.131.5.26 - - [17/Aug/2020:09:20:09 +0800] "POST /xingrg/dwr/call/plaincall/AjaxCheckService.setItemNumber.dwr HTTP/1.1" 200 77
117.184.7.26 - - [17/Aug/2020:09:20:09 +0800] "POST /xingrg/dwr/call/plaincall/AjaxCheckService.setItemNumber.dwr HTTP/1.1" 200 77
117.184.7.26 - - [17/Aug/2020:09:20:10 +0800] "POST /xingrg/dwr/call/plaincall/AjaxCheckService.setItemNumber.dwr HTTP/1.1" 200 77
117.184.7.26 - - [17/Aug/2020:09:20:11 +0800] "POST /xingrg/dwr/call/plaincall/AjaxCheckService.setItemNumber.dwr HTTP/1.1" 200 77
117.184.7.26 - - [17/Aug/2020:09:20:12 +0800] "POST /xingrg/dwr/call/plaincall/AjaxCheckService.setItemNumber.dwr HTTP/1.1" 200 77
218.81.217.115 - - [17/Aug/2020:09:20:12 +0800] "GET /xingrg/kc/buy/cgsh_order_operate.html?command=get_materiel&rest_code=00146&code=00101008352&supplier_code=00100005&order_time=2020-08-17 HTTP/1.1" 200 412
117.131.5.26 - - [17/Aug/2020:09:20:12 +0800] "POST /xingrg/dwr/call/plaincall/AjaxCheckService.setItemNumber.dwr HTTP/1.1" 200 77
120.253.135.82 - - [17/Aug/2020:09:20:13 +0800] "GET /xingrg/all/function/internal_message.html?_=1597626965730&CODE_STATE=getMsg HTTP/1.1" 200 27
116.232.54.109 - - [17/Aug/2020:09:20:15 +0800] "GET /xingrg/all/function/internal_message.html?_=1597627254703&CODE_STATE=getMsg HTTP/1.1" 200 27
117.131.5.26 - - [17/Aug/2020:09:20:15 +0800] "POST /xingrg/dwr/call/plaincall/AjaxCheckService.setItemNumber.dwr HTTP/1.1" 200 77
114.88.165.122 - - [17/Aug/2020:09:20:16 +0800] "GET /xingrg/kc/buy/cgsh_order_operate.html?command=get_materiel&rest_code=00111&code=00101008257&supplier_code=00100005&order_time=2020-08-17 HTTP/1.1" 200 416
117.131.5.26 - - [17/Aug/2020:09:20:16 +0800] "POST /xingrg/dwr/call/plaincall/AjaxCheckService.setItemNumber.dwr HTTP/1.1" 200 77
117.184.7.26 - - [17/Aug/2020:09:20:16 +0800] "POST /xingrg/dwr/call/plaincall/AjaxCheckService.setItemNumber.dwr HTTP/1.1" 200 77
180.157.251.101 - - [17/Aug/2020:09:20:17 +0800] "GET /xingrg/all/function/internal_message.html?_=1597627216980&CODE_STATE=getMsg HTTP/1.1" 200 27
172.17.0.101 - - [17/Aug/2020:09:20:17 +0800] "GET /xingrg/check_reg.html?_=1597627218009 HTTP/1.1" 302 -
117.184.7.26 - - [17/Aug/2020:09:20:17 +0800] "POST /xingrg/dwr/call/plaincall/AjaxCheckService.setItemNumber.dwr HTTP/1.1" 200 77
117.131.5.26 - - [17/Aug/2020:09:20:17 +0800] "POST /xingrg/dwr/call/plaincall/AjaxCheckService.setItemNumber.dwr HTTP/1.1" 200 77
172.17.200.101 - - [17/Aug/2020:09:20:17 +0800] "GET /xingrg/all/function/internal_message.html?_=1597627219163&CODE_STATE=getMsg HTTP/1.1" 200 27
117.184.7.26 - - [17/Aug/2020:09:20:18 +0800] "POST /xingrg/dwr/call/plaincall/AjaxCheckService.setItemNumber.dwr HTTP/1.1" 200 77
117.131.5.26 - - [17/Aug/2020:09:20:18 +0800] "POST /xingrg/dwr/call/plaincall/AjaxCheckService.setItemNumber.dwr HTTP/1.1" 200 77
117.184.7.26 - - [17/Aug/2020:09:20:20 +0800] "POST /xingrg/dwr/call/plaincall/AjaxCheckService.setItemNumber.dwr HTTP/1.1" 200 77
117.184.7.26 - - [17/Aug/2020:09:20:21 +0800] "POST /xingrg/dwr/call/plaincall/AjaxCheckService.setItemNumber.dwr HTTP/1.1" 200 77
218.81.217.115 - - [17/Aug/2020:09:20:21 +0800] "GET /xingrg/kc/buy/cgsh_order_operate.html?command=get_materiel&rest_code=00146&code=00101008098&supplier_code=00100005&order_time=2020-08-17 HTTP/1.1" 200 412
180.175.214.200 - - [17/Aug/2020:09:20:21 +0800] "GET /xingrg/all/function/internal_message.html?_=1597627427578&CODE_STATE=getMsg HTTP/1.1" 200 27
114.88.165.122 - - [17/Aug/2020:09:20:21 +0800] "GET /xingrg/all/function/internal_message.html?_=1597627221170&CODE_STATE=getMsg HTTP/1.1" 200 27
117.184.7.26 - - [17/Aug/2020:09:20:21 +0800] "POST /xingrg/dwr/call/plaincall/AjaxCheckService.setItemNumber.dwr HTTP/1.1" 200 77
117.131.5.26 - - [17/Aug/2020:09:20:21 +0800] "POST /xingrg/dwr/call/plaincall/AjaxCheckService.setItemNumber.dwr HTTP/1.1" 200 77
117.184.7.26 - - [17/Aug/2020:09:20:22 +0800] "POST /xingrg/dwr/call/plaincall/AjaxCheckService.setItemNumber.dwr HTTP/1.1" 200 77
117.131.5.26 - - [17/Aug/2020:09:20:24 +0800] "POST /xingrg/dwr/call/plaincall/AjaxCheckService.setItemNumber.dwr HTTP/1.1" 200 77
116.230.74.197 - - [17/Aug/2020:09:20:24 +0800] "GET /xingrg/kc/buy/cgsh_order_operate.html?command=get_materiel&rest_code=00107&code=00101009062&supplier_code=00100006&order_time=2020-08-17 HTTP/1.1" 200 412
218.81.217.115 - - [17/Aug/2020:09:20:26 +0800] "GET /xingrg/all/function/internal_message.html?_=1597627227750&CODE_STATE=getMsg HTTP/1.1" 302 -
114.88.165.122 - - [17/Aug/2020:09:20:27 +0800] "GET /xingrg/kc/buy/cgsh_order_operate.html?command=get_materiel&rest_code=00111&code=00101008067&supplier_code=00100005&order_time=2020-08-17 HTTP/1.1" 200 416
172.17.200.101 - - [17/Aug/2020:09:20:27 +0800] "POST /xingrg/kc/buy/cgsh_list_operate.html HTTP/1.1" 200 5724
114.88.165.122 - - [17/Aug/2020:09:20:28 +0800] "GET /xingrg/all/function/internal_message.html?_=1597627273799&CODE_STATE=getMsg HTTP/1.1" 200 27
117.131.5.26 - - [17/Aug/2020:09:20:28 +0800] "POST /xingrg/dwr/call/plaincall/AjaxCheckService.setItemNumber.dwr HTTP/1.1" 200 77
117.184.7.26 - - [17/Aug/2020:09:20:29 +0800] "POST /xingrg/dwr/call/plaincall/AjaxCheckService.setItemNumber.dwr HTTP/1.1" 200 77
218.81.217.115 - - [17/Aug/2020:09:20:29 +0800] "POST /xingrg/kc/buy/cgsh_order_operate.html HTTP/1.1" 200 2065
117.184.7.26 - - [17/Aug/2020:09:20:29 +0800] "GET /xingrg/all/function/internal_message.html?_=1597627228177&CODE_STATE=getMsg HTTP/1.1" 200 27
117.184.7.26 - - [17/Aug/2020:09:20:30 +0800] "POST /xingrg/dwr/call/plaincall/AjaxCheckService.setItemNumber.dwr HTTP/1.1" 200 77
117.131.5.26 - - [17/Aug/2020:09:20:30 +0800] "GET /xingrg/all/function/internal_message.html?_=1597627608686&CODE_STATE=getMsg HTTP/1.1" 200 27
172.17.200.101 - - [17/Aug/2020:09:20:31 +0800] "POST /xingrg/kc/buy/cgsh_list_operate.html HTTP/1.1" 200 5918
117.184.7.26 - - [17/Aug/2020:09:20:31 +0800] "POST /xingrg/dwr/call/plaincall/AjaxCheckService.setItemNumber.dwr HTTP/1.1" 200 77
172.17.0.123 - - [17/Aug/2020:09:20:31 +0800] "GET /xingrg/all/function/internal_message.html?_=1597627148862&CODE_STATE=getMsg HTTP/1.1" 200 27
117.184.7.26 - - [17/Aug/2020:09:20:32 +0800] "POST /xingrg/dwr/call/plaincall/AjaxCheckService.setItemNumber.dwr HTTP/1.1" 200 77
117.131.5.26 - - [17/Aug/2020:09:20:32 +0800] "POST /xingrg/dwr/call/plaincall/AjaxCheckService.setItemNumber.dwr HTTP/1.1" 200 77
117.184.7.26 - - [17/Aug/2020:09:20:33 +0800] "POST /xingrg/dwr/call/plaincall/AjaxCheckService.setItemNumber.dwr HTTP/1.1" 200 77
114.88.165.122 - - [17/Aug/2020:09:20:33 +0800] "GET /xingrg/kc/buy/cgsh_order_operate.html?command=get_materiel&rest_code=00111&code=00101008356&supplier_code=00100005&order_time=2020-08-17 HTTP/1.1" 200 408
117.184.7.26 - - [17/Aug/2020:09:20:33 +0800] "POST /xingrg/dwr/call/plaincall/AjaxCheckService.setItemNumber.dwr HTTP/1.1" 200 77
117.131.5.26 - - [17/Aug/2020:09:20:34 +0800] "POST /xingrg/dwr/call/plaincall/AjaxCheckService.setItemNumber.dwr HTTP/1.1" 200 77
117.184.7.26 - - [17/Aug/2020:09:20:34 +0800] "POST /xingrg/dwr/call/plaincall/AjaxCheckService.setItemNumber.dwr HTTP/1.1" 200 77
218.81.217.115 - - [17/Aug/2020:09:20:35 +0800] "GET /xingrg/kc/buy/cgsh_order_operate.html?command=get_materiel&rest_code=00146&code=00101008005&supplier_code=00100005&order_time=2020-08-17 HTTP/1.1" 200 412
117.184.7.26 - - [17/Aug/2020:09:20:35 +0800] "POST /xingrg/dwr/call/plaincall/AjaxCheckService.setItemNumber.dwr HTTP/1.1" 200 77
117.184.7.26 - - [17/Aug/2020:09:20:35 +0800] "POST /xingrg/dwr/call/plaincall/AjaxCheckService.setItemNumber.dwr HTTP/1.1" 200 77
117.131.5.26 - - [17/Aug/2020:09:20:35 +0800] "POST /xingrg/dwr/call/plaincall/AjaxCheckService.setItemNumber.dwr HTTP/1.1" 200 77
117.184.7.26 - - [17/Aug/2020:09:20:36 +0800] "POST /xingrg/dwr/call/plaincall/AjaxCheckService.setItemNumber.dwr HTTP/1.1" 200 77
117.184.7.26 - - [17/Aug/2020:09:20:36 +0800] "POST /xingrg/dwr/call/plaincall/AjaxCheckService.setItemNumber.dwr HTTP/1.1" 200 77
172.17.0.185 - - [17/Aug/2020:09:20:37 +0800] "GET /xingrg/all/function/internal_message.html?_=1597627236808&CODE_STATE=getMsg HTTP/1.1" 302 -
114.89.80.44 - - [17/Aug/2020:09:20:38 +0800] "GET /xingrg/all/function/internal_message.html?_=1597627237947&CODE_STATE=getMsg HTTP/1.1" 200 27
172.17.200.101 - - [17/Aug/2020:09:20:38 +0800] "POST /xingrg/kc/buy/cgsh_list_operate.html HTTP/1.1" 200 5897
114.88.165.122 - - [17/Aug/2020:09:20:39 +0800] "GET /xingrg/kc/buy/cgsh_order_operate.html?command=get_materiel&rest_code=00111&code=00101008196&supplier_code=00100005&order_time=2020-08-17 HTTP/1.1" 200 416
117.131.5.26 - - [17/Aug/2020:09:20:39 +0800] "POST /xingrg/dwr/call/plaincall/AjaxCheckService.setItemNumber.dwr HTTP/1.1" 200 77
117.184.7.26 - - [17/Aug/2020:09:20:40 +0800] "POST /xingrg/dwr/call/plaincall/AjaxCheckService.setItemNumber.dwr HTTP/1.1" 200 77
117.184.7.26 - - [17/Aug/2020:09:20:41 +0800] "POST /xingrg/dwr/call/plaincall/AjaxCheckService.setItemNumber.dwr HTTP/1.1" 200 77
117.131.5.26 - - [17/Aug/2020:09:20:41 +0800] "POST /xingrg/dwr/call/plaincall/AjaxCheckService.setItemNumber.dwr HTTP/1.1" 200 77
172.17.200.101 - - [17/Aug/2020:09:20:41 +0800] "POST /xingrg/kc/buy/cgsh_list_operate.html HTTP/1.1" 200 503
117.184.7.26 - - [17/Aug/2020:09:20:41 +0800] "POST /xingrg/dwr/call/plaincall/AjaxCheckService.setItemNumber.dwr HTTP/1.1" 200 77
172.17.0.101 - - [17/Aug/2020:09:20:42 +0800] "GET /xingrg/all/function/internal_message.html?_=1597627242794&CODE_STATE=getMsg HTTP/1.1" 302 -
117.131.5.26 - - [17/Aug/2020:09:20:42 +0800] "POST /xingrg/dwr/call/plaincall/AjaxCheckService.setItemNumber.dwr HTTP/1.1" 200 77
117.184.7.26 - - [17/Aug/2020:09:20:43 +0800] "POST /xingrg/dwr/call/plaincall/AjaxCheckService.setItemNumber.dwr HTTP/1.1" 200 77
117.184.7.26 - - [17/Aug/2020:09:20:43 +0800] "POST /xingrg/dwr/call/plaincall/AjaxCheckService.setItemNumber.dwr HTTP/1.1" 200 77
117.131.5.26 - - [17/Aug/2020:09:20:44 +0800] "POST /xingrg/dwr/call/plaincall/AjaxCheckService.setItemNumber.dwr HTTP/1.1" 200 77
120.253.135.82 - - [17/Aug/2020:09:20:44 +0800] "GET /xingrg/all/function/internal_message.html?_=1597626901494&CODE_STATE=getMsg HTTP/1.1" 200 27
117.184.7.26 - - [17/Aug/2020:09:20:45 +0800] "POST /xingrg/dwr/call/plaincall/AjaxCheckService.setItemNumber.dwr HTTP/1.1" 200 77
114.88.165.122 - - [17/Aug/2020:09:20:45 +0800] "GET /xingrg/kc/buy/cgsh_order_operate.html?command=get_materiel&rest_code=00111&code=00101008295&supplier_code=00100005&order_time=2020-08-17 HTTP/1.1" 200 412
117.131.5.26 - - [17/Aug/2020:09:20:45 +0800] "POST /xingrg/dwr/call/plaincall/AjaxCheckService.setItemNumber.dwr HTTP/1.1" 200 77
117.184.7.26 - - [17/Aug/2020:09:20:46 +0800] "POST /xingrg/dwr/call/plaincall/AjaxCheckService.setItemNumber.dwr HTTP/1.1" 200 77
117.184.7.26 - - [17/Aug/2020:09:20:46 +0800] "POST /xingrg/dwr/call/plaincall/AjaxCheckService.setItemNumber.dwr HTTP/1.1" 200 77
117.131.5.26 - - [17/Aug/2020:09:20:48 +0800] "POST /xingrg/dwr/call/plaincall/AjaxCheckService.setItemNumber.dwr HTTP/1.1" 200 77
117.184.7.26 - - [17/Aug/2020:09:20:48 +0800] "POST /xingrg/dwr/call/plaincall/AjaxCheckService.setItemNumber.dwr HTTP/1.1" 200 77
58.40.7.146 - - [17/Aug/2020:09:20:49 +0800] "GET /xingrg/all/function/internal_message.html?_=1597627249782&CODE_STATE=getMsg HTTP/1.1" 200 27
117.131.5.26 - - [17/Aug/2020:09:20:50 +0800] "POST /xingrg/dwr/call/plaincall/AjaxCheckService.setItemNumber.dwr HTTP/1.1" 200 77
114.88.165.122 - - [17/Aug/2020:09:20:50 +0800] "GET /xingrg/kc/buy/cgsh_order_operate.html?command=get_materiel&rest_code=00111&code=00101008213&supplier_code=00100005&order_time=2020-08-17 HTTP/1.1" 200 412
117.184.7.26 - - [17/Aug/2020:09:20:51 +0800] "POST /xingrg/dwr/call/plaincall/AjaxCheckService.setItemNumber.dwr HTTP/1.1" 200 77
116.230.74.197 - - [17/Aug/2020:09:20:51 +0800] "GET /xingrg/all/function/internal_message.html?_=1597627253955&CODE_STATE=getMsg HTTP/1.1" 200 27
116.230.74.197 - - [17/Aug/2020:09:20:53 +0800] "GET /xingrg/kc/buy/cgsh_order_operate.html?command=get_materiel&rest_code=00107&code=00101008332&supplier_code=00100006&order_time=2020-08-17 HTTP/1.1" 200 412
218.81.217.115 - - [17/Aug/2020:09:20:54 +0800] "GET /xingrg/check_reg.html?_=1597627255194 HTTP/1.1" 200 22
218.81.217.115 - - [17/Aug/2020:09:20:54 +0800] "GET /xingrg/all/function/internal_message.html?_=1597627255816&CODE_STATE=getMsg HTTP/1.1" 200 27
117.184.7.26 - - [17/Aug/2020:09:20:56 +0800] "POST /xingrg/dwr/call/plaincall/AjaxCheckService.setItemNumber.dwr HTTP/1.1" 200 77
117.184.7.26 - - [17/Aug/2020:09:20:56 +0800] "POST /xingrg/dwr/call/plaincall/AjaxCheckService.setItemNumber.dwr HTTP/1.1" 200 77
218.81.217.115 - - [17/Aug/2020:09:20:56 +0800] "GET /xingrg/kc/buy/cgsh_order_operate.html?command=get_materiel&rest_code=00146&code=00101008114&supplier_code=00100005&order_time=2020-08-17 HTTP/1.1" 200 412
117.184.7.26 - - [17/Aug/2020:09:20:57 +0800] "POST /xingrg/dwr/call/plaincall/AjaxCheckService.setItemNumber.dwr HTTP/1.1" 200 77
117.184.7.26 - - [17/Aug/2020:09:20:58 +0800] "POST /xingrg/dwr/call/plaincall/AjaxCheckService.setItemNumber.dwr HTTP/1.1" 200 77
117.184.7.26 - - [17/Aug/2020:09:20:59 +0800] "POST /xingrg/dwr/call/plaincall/AjaxCheckService.setItemNumber.dwr HTTP/1.1" 200 77
114.88.165.122 - - [17/Aug/2020:09:20:59 +0800] "GET /xingrg/kc/buy/cgsh_order_operate.html?command=get_materiel&rest_code=00111&code=00101008305&supplier_code=00100005&order_time=2020-08-17 HTTP/1.1" 200 412
61.172.5.115 - - [17/Aug/2020:09:21:00 +0800] "GET /xingrg/all/function/internal_message.html?_=1597627250509&CODE_STATE=getMsg HTTP/1.1" 200 27
117.184.7.26 - - [17/Aug/2020:09:21:00 +0800] "POST /xingrg/dwr/call/plaincall/AjaxCheckService.setItemNumber.dwr HTTP/1.1" 200 77
222.69.137.86 - - [17/Aug/2020:09:21:02 +0800] "GET /xingrg/check_reg.html?_=1597627261360 HTTP/1.1" 200 22
222.69.137.86 - - [17/Aug/2020:09:21:02 +0800] "GET /xingrg/all/function/internal_message.html?_=1597627261457&CODE_STATE=getMsg HTTP/1.1" 200 27
117.184.7.26 - - [17/Aug/2020:09:21:02 +0800] "POST /xingrg/dwr/call/plaincall/AjaxCheckService.setItemNumber.dwr HTTP/1.1" 200 77
117.131.5.26 - - [17/Aug/2020:09:21:02 +0800] "POST /xingrg/dwr/call/plaincall/AjaxCheckService.setItemNumber.dwr HTTP/1.1" 200 77
117.184.7.26 - - [17/Aug/2020:09:21:03 +0800] "POST /xingrg/dwr/call/plaincall/AjaxCheckService.setItemNumber.dwr HTTP/1.1" 200 77
117.184.7.26 - - [17/Aug/2020:09:21:03 +0800] "POST /xingrg/dwr/call/plaincall/AjaxCheckService.setItemNumber.dwr HTTP/1.1" 200 77
114.88.165.122 - - [17/Aug/2020:09:21:04 +0800] "GET /xingrg/kc/buy/cgsh_order_operate.html?command=get_materiel&rest_code=00111&code=00101008010&supplier_code=00100005&order_time=2020-08-17 HTTP/1.1" 200 412
116.230.74.197 - - [17/Aug/2020:09:21:04 +0800] "GET /xingrg/kc/buy/cgsh_order_operate.html?command=get_materiel&rest_code=00107&code=00101008087&supplier_code=00100006&order_time=2020-08-17 HTTP/1.1" 200 412
218.81.217.115 - - [17/Aug/2020:09:21:06 +0800] "GET /xingrg/kc/buy/cgsh_order_operate.html?command=get_materiel&rest_code=00146&code=00101008440&supplier_code=00100005&order_time=2020-08-17 HTTP/1.1" 200 398
117.131.5.26 - - [17/Aug/2020:09:21:06 +0800] "POST /xingrg/dwr/call/plaincall/AjaxCheckService.setItemNumber.dwr HTTP/1.1" 200 77
117.131.5.26 - - [17/Aug/2020:09:21:07 +0800] "POST /xingrg/dwr/call/plaincall/AjaxCheckService.setItemNumber.dwr HTTP/1.1" 200 77
114.88.165.122 - - [17/Aug/2020:09:21:08 +0800] "GET /xingrg/kc/buy/cgsh_order_operate.html?command=get_materiel&rest_code=00111&code=00101008306&supplier_code=00100005&order_time=2020-08-17 HTTP/1.1" 200 412
117.184.7.26 - - [17/Aug/2020:09:21:09 +0800] "POST /xingrg/dwr/call/plaincall/AjaxCheckService.setItemNumber.dwr HTTP/1.1" 200 77
117.184.7.26 - - [17/Aug/2020:09:21:10 +0800] "POST /xingrg/dwr/call/plaincall/AjaxCheckService.setItemNumber.dwr HTTP/1.1" 200 77
116.230.74.197 - - [17/Aug/2020:09:21:11 +0800] "POST /xingrg/kc/buy/cgsh_order_operate.html HTTP/1.1" 200 2065
117.184.7.26 - - [17/Aug/2020:09:21:11 +0800] "POST /xingrg/dwr/call/plaincall/AjaxCheckService.setItemNumber.dwr HTTP/1.1" 200 77
117.184.7.26 - - [17/Aug/2020:09:21:12 +0800] "POST /xingrg/dwr/call/plaincall/AjaxCheckService.setItemNumber.dwr HTTP/1.1" 200 77
117.184.7.26 - - [17/Aug/2020:09:21:12 +0800] "POST /xingrg/dwr/call/plaincall/AjaxCheckService.setItemNumber.dwr HTTP/1.1" 200 77
117.131.5.26 - - [17/Aug/2020:09:21:13 +0800] "POST /xingrg/dwr/call/plaincall/AjaxCheckService.setItemNumber.dwr HTTP/1.1" 200 77
120.253.135.82 - - [17/Aug/2020:09:21:13 +0800] "GET /xingrg/check_reg.html?_=1597627025252 HTTP/1.1" 200 22
117.184.7.26 - - [17/Aug/2020:09:21:13 +0800] "POST /xingrg/dwr/call/plaincall/AjaxCheckService.setItemNumber.dwr HTTP/1.1" 200 77
120.253.135.82 - - [17/Aug/2020:09:21:13 +0800] "GET /xingrg/all/function/internal_message.html?_=1597627025743&CODE_STATE=getMsg HTTP/1.1" 200 27
117.184.7.26 - - [17/Aug/2020:09:21:14 +0800] "POST /xingrg/dwr/call/plaincall/AjaxCheckService.setItemNumber.dwr HTTP/1.1" 200 77
116.232.54.109 - - [17/Aug/2020:09:21:14 +0800] "GET /xingrg/all/function/internal_message.html?_=1597627314718&CODE_STATE=getMsg HTTP/1.1" 200 27
117.131.5.26 - - [17/Aug/2020:09:21:14 +0800] "POST /xingrg/dwr/call/plaincall/AjaxCheckService.setItemNumber.dwr HTTP/1.1" 200 77
117.184.7.26 - - [17/Aug/2020:09:21:14 +0800] "POST /xingrg/dwr/call/plaincall/AjaxCheckService.setItemNumber.dwr HTTP/1.1" 200 77
117.131.5.26 - - [17/Aug/2020:09:21:15 +0800] "POST /xingrg/dwr/call/plaincall/AjaxCheckService.setItemNumber.dwr HTTP/1.1" 200 77
117.184.7.26 - - [17/Aug/2020:09:21:15 +0800] "POST /xingrg/dwr/call/plaincall/AjaxCheckService.setItemNumber.dwr HTTP/1.1" 200 77
61.172.5.115 - - [17/Aug/2020:09:21:15 +0800] "GET /xingrg/kc/buy/cgsh_order_operate.html?command=get_materiel&rest_code=00105&code=00101009112&supplier_code=00100024&order_time=2020-08-17 HTTP/1.1" 200 411
117.184.7.26 - - [17/Aug/2020:09:21:15 +0800] "POST /xingrg/dwr/call/plaincall/AjaxCheckService.setItemNumber.dwr HTTP/1.1" 200 77
117.131.5.26 - - [17/Aug/2020:09:21:16 +0800] "POST /xingrg/dwr/call/plaincall/AjaxCheckService.setItemNumber.dwr HTTP/1.1" 200 77
218.81.217.115 - - [17/Aug/2020:09:21:16 +0800] "GET /xingrg/kc/buy/cgsh_order_operate.html?command=get_materiel&rest_code=00146&code=00101008111&supplier_code=00100005&order_time=2020-08-17 HTTP/1.1" 200 412
180.157.251.101 - - [17/Aug/2020:09:21:17 +0800] "GET /xingrg/all/function/internal_message.html?_=1597627276957&CODE_STATE=getMsg HTTP/1.1" 200 27
117.184.7.26 - - [17/Aug/2020:09:21:17 +0800] "POST /xingrg/dwr/call/plaincall/AjaxCheckService.setItemNumber.dwr HTTP/1.1" 200 77
117.131.5.26 - - [17/Aug/2020:09:21:17 +0800] "POST /xingrg/dwr/call/plaincall/AjaxCheckService.setItemNumber.dwr HTTP/1.1" 200 77
172.17.200.101 - - [17/Aug/2020:09:21:17 +0800] "GET /xingrg/all/function/internal_message.html?_=1597627279167&CODE_STATE=getMsg HTTP/1.1" 200 27
117.184.7.26 - - [17/Aug/2020:09:21:17 +0800] "POST /xingrg/dwr/call/plaincall/AjaxCheckService.setItemNumber.dwr HTTP/1.1" 200 77
116.230.74.197 - - [17/Aug/2020:09:21:18 +0800] "GET /xingrg/kc/buy/cgsh_order_operate.html?command=get_materiel&rest_code=00107&code=00101008415&supplier_code=00100006&order_time=2020-08-17 HTTP/1.1" 200 398
117.131.5.26 - - [17/Aug/2020:09:21:19 +0800] "POST /xingrg/dwr/call/plaincall/AjaxCheckService.setItemNumber.dwr HTTP/1.1" 200 77
218.81.217.115 - - [17/Aug/2020:09:21:20 +0800] "POST /xingrg/kc/buy/cgsh_order_operate.html HTTP/1.1" 200 2065
117.184.7.26 - - [17/Aug/2020:09:21:20 +0800] "POST /xingrg/dwr/call/plaincall/AjaxCheckService.setItemNumber.dwr HTTP/1.1" 200 77
117.131.5.26 - - [17/Aug/2020:09:21:20 +0800] "POST /xingrg/dwr/call/plaincall/AjaxCheckService.setItemNumber.dwr HTTP/1.1" 200 77
180.175.214.200 - - [17/Aug/2020:09:21:21 +0800] "GET /xingrg/all/function/internal_message.html?_=1597627487592&CODE_STATE=getMsg HTTP/1.1" 200 27
114.88.165.122 - - [17/Aug/2020:09:21:21 +0800] "GET /xingrg/kc/buy/cgsh_order_operate.html?command=get_materiel&rest_code=00111&code=00101008276&supplier_code=00100005&order_time=2020-08-17 HTTP/1.1" 200 412
114.88.165.122 - - [17/Aug/2020:09:21:21 +0800] "GET /xingrg/all/function/internal_message.html?_=1597627281189&CODE_STATE=getMsg HTTP/1.1" 200 27
117.184.7.26 - - [17/Aug/2020:09:21:22 +0800] "POST /xingrg/dwr/call/plaincall/AjaxCheckService.setItemNumber.dwr HTTP/1.1" 200 77
117.184.7.26 - - [17/Aug/2020:09:21:23 +0800] "POST /xingrg/dwr/call/plaincall/AjaxCheckService.setItemNumber.dwr HTTP/1.1" 200 77
117.131.5.26 - - [17/Aug/2020:09:21:25 +0800] "POST /xingrg/dwr/call/plaincall/AjaxCheckService.setItemNumber.dwr HTTP/1.1" 200 77
117.184.7.26 - - [17/Aug/2020:09:21:25 +0800] "POST /xingrg/dwr/call/plaincall/AjaxCheckService.setItemNumber.dwr HTTP/1.1" 200 77
172.17.200.101 - - [17/Aug/2020:09:21:25 +0800] "GET /xingrg/kc/buy/cgsh_order_info.html?code=212020081606700 HTTP/1.1" 200 54558
218.81.217.115 - - [17/Aug/2020:09:21:26 +0800] "GET /xingrg/all/function/internal_message.html?_=1597627287773&CODE_STATE=getMsg HTTP/1.1" 302 -
117.131.5.26 - - [17/Aug/2020:09:21:26 +0800] "POST /xingrg/dwr/call/plaincall/AjaxCheckService.setItemNumber.dwr HTTP/1.1" 200 77
172.17.200.101 - - [17/Aug/2020:09:21:26 +0800] "POST /xingrg/kc/buy/cgsh_list_operate.html HTTP/1.1" 200 5897
172.17.200.101 - - [17/Aug/2020:09:21:27 +0800] "GET /xingrg/javascript/easyui/themes/default/validatebox.css HTTP/1.1" 404 1104
172.17.200.101 - - [17/Aug/2020:09:21:27 +0800] "POST /xingrg/kc/buy/cgsh_order_operate.html HTTP/1.1" 200 2986
117.131.5.26 - - [17/Aug/2020:09:21:28 +0800] "POST /xingrg/dwr/call/plaincall/AjaxCheckService.setItemNumber.dwr HTTP/1.1" 200 77
114.88.165.122 - - [17/Aug/2020:09:21:28 +0800] "GET /xingrg/all/function/internal_message.html?_=1597627333814&CODE_STATE=getMsg HTTP/1.1" 200 27
114.88.165.122 - - [17/Aug/2020:09:21:28 +0800] "GET /xingrg/kc/buy/cgsh_order_operate.html?command=get_materiel&rest_code=00111&code=00101008036&supplier_code=00100005&order_time=2020-08-17 HTTP/1.1" 200 408
117.184.7.26 - - [17/Aug/2020:09:21:29 +0800] "POST /xingrg/dwr/call/plaincall/AjaxCheckService.setItemNumber.dwr HTTP/1.1" 200 77
117.131.5.26 - - [17/Aug/2020:09:21:29 +0800] "POST /xingrg/dwr/call/plaincall/AjaxCheckService.setItemNumber.dwr HTTP/1.1" 200 77
117.184.7.26 - - [17/Aug/2020:09:21:29 +0800] "GET /xingrg/check_reg.html?_=1597627288006 HTTP/1.1" 200 22
117.184.7.26 - - [17/Aug/2020:09:21:29 +0800] "GET /xingrg/all/function/internal_message.html?_=1597627288151&CODE_STATE=getMsg HTTP/1.1" 200 27
114.88.165.122 - - [17/Aug/2020:09:21:30 +0800] "POST /xingrg/kc/buy/cgsh_order_operate.html HTTP/1.1" 200 2065
117.184.7.26 - - [17/Aug/2020:09:21:30 +0800] "POST /xingrg/dwr/call/plaincall/AjaxCheckService.setItemNumber.dwr HTTP/1.1" 200 77
117.131.5.26 - - [17/Aug/2020:09:21:30 +0800] "POST /xingrg/dwr/call/plaincall/AjaxCheckService.setItemNumber.dwr HTTP/1.1" 200 77
117.131.5.26 - - [17/Aug/2020:09:21:31 +0800] "GET /xingrg/all/function/internal_message.html?_=1597627668720&CODE_STATE=getMsg HTTP/1.1" 200 27
172.17.0.123 - - [17/Aug/2020:09:21:31 +0800] "GET /xingrg/all/function/internal_message.html?_=1597627208858&CODE_STATE=getMsg HTTP/1.1" 200 27
117.184.7.26 - - [17/Aug/2020:09:21:31 +0800] "POST /xingrg/dwr/call/plaincall/AjaxCheckService.setItemNumber.dwr HTTP/1.1" 200 77
117.131.5.26 - - [17/Aug/2020:09:21:32 +0800] "POST /xingrg/dwr/call/plaincall/AjaxCheckService.setItemNumber.dwr HTTP/1.1" 200 77
117.184.7.26 - - [17/Aug/2020:09:21:32 +0800] "POST /xingrg/dwr/call/plaincall/AjaxCheckService.setItemNumber.dwr HTTP/1.1" 200 77
117.184.7.26 - - [17/Aug/2020:09:21:32 +0800] "POST /xingrg/dwr/call/plaincall/AjaxCheckService.setItemNumber.dwr HTTP/1.1" 200 77
116.230.74.197 - - [17/Aug/2020:09:21:32 +0800] "GET /xingrg/kc/buy/cgsh_order_operate.html?command=get_materiel&rest_code=00107&code=00101008077&supplier_code=00100006&order_time=2020-08-17 HTTP/1.1" 200 416
117.184.7.26 - - [17/Aug/2020:09:21:33 +0800] "POST /xingrg/dwr/call/plaincall/AjaxCheckService.setItemNumber.dwr HTTP/1.1" 200 77
117.131.5.26 - - [17/Aug/2020:09:21:33 +0800] "POST /xingrg/dwr/call/plaincall/AjaxCheckService.setItemNumber.dwr HTTP/1.1" 200 77
218.81.217.115 - - [17/Aug/2020:09:21:33 +0800] "GET /xingrg/kc/buy/cgsh_order_operate.html?command=get_materiel&rest_code=00146&code=00101008236&supplier_code=00100005&order_time=2020-08-17 HTTP/1.1" 200 435
117.184.7.26 - - [17/Aug/2020:09:21:34 +0800] "POST /xingrg/dwr/call/plaincall/AjaxCheckService.setItemNumber.dwr HTTP/1.1" 200 77
117.131.5.26 - - [17/Aug/2020:09:21:34 +0800] "POST /xingrg/dwr/call/plaincall/AjaxCheckService.setItemNumber.dwr HTTP/1.1" 200 77
114.88.165.122 - - [17/Aug/2020:09:21:35 +0800] "GET /xingrg/kc/buy/cgsh_order_operate.html?command=get_materiel&rest_code=00111&code=00101008176&supplier_code=00100005&order_time=2020-08-17 HTTP/1.1" 200 412
117.184.7.26 - - [17/Aug/2020:09:21:35 +0800] "POST /xingrg/dwr/call/plaincall/AjaxCheckService.setItemNumber.dwr HTTP/1.1" 200 77
117.131.5.26 - - [17/Aug/2020:09:21:35 +0800] "POST /xingrg/dwr/call/plaincall/AjaxCheckService.setItemNumber.dwr HTTP/1.1" 200 77
117.184.7.26 - - [17/Aug/2020:09:21:36 +0800] "POST /xingrg/dwr/call/plaincall/AjaxCheckService.setItemNumber.dwr HTTP/1.1" 200 77
117.184.7.26 - - [17/Aug/2020:09:21:37 +0800] "POST /xingrg/dwr/call/plaincall/AjaxCheckService.setItemNumber.dwr HTTP/1.1" 200 77
117.131.5.26 - - [17/Aug/2020:09:21:37 +0800] "POST /xingrg/dwr/call/plaincall/AjaxCheckService.setItemNumber.dwr HTTP/1.1" 200 77
117.184.7.26 - - [17/Aug/2020:09:21:37 +0800] "POST /xingrg/dwr/call/plaincall/AjaxCheckService.setItemNumber.dwr HTTP/1.1" 200 77
172.17.0.185 - - [17/Aug/2020:09:21:37 +0800] "GET /xingrg/all/function/internal_message.html?_=1597627296814&CODE_STATE=getMsg HTTP/1.1" 302 -
114.89.80.44 - - [17/Aug/2020:09:21:38 +0800] "GET /xingrg/all/function/internal_message.html?_=1597627297967&CODE_STATE=getMsg HTTP/1.1" 200 27
117.131.5.26 - - [17/Aug/2020:09:21:38 +0800] "POST /xingrg/dwr/call/plaincall/AjaxCheckService.setItemNumber.dwr HTTP/1.1" 200 77
117.184.7.26 - - [17/Aug/2020:09:21:39 +0800] "POST /xingrg/dwr/call/plaincall/AjaxCheckService.setItemNumber.dwr HTTP/1.1" 200 77
117.131.5.26 - - [17/Aug/2020:09:21:40 +0800] "POST /xingrg/dwr/call/plaincall/AjaxCheckService.setItemNumber.dwr HTTP/1.1" 200 77
117.184.7.26 - - [17/Aug/2020:09:21:40 +0800] "POST /xingrg/dwr/call/plaincall/AjaxCheckService.setItemNumber.dwr HTTP/1.1" 200 77
117.131.5.26 - - [17/Aug/2020:09:21:41 +0800] "POST /xingrg/dwr/call/plaincall/AjaxCheckService.setItemNumber.dwr HTTP/1.1" 200 77
114.88.165.122 - - [17/Aug/2020:09:21:41 +0800] "GET /xingrg/kc/buy/cgsh_order_operate.html?command=get_materiel&rest_code=00111&code=00101008256&supplier_code=00100005&order_time=2020-08-17 HTTP/1.1" 200 412
172.17.0.101 - - [17/Aug/2020:09:21:42 +0800] "GET /xingrg/all/function/internal_message.html?_=1597627302910&CODE_STATE=getMsg HTTP/1.1" 302 -
117.184.7.26 - - [17/Aug/2020:09:21:42 +0800] "POST /xingrg/dwr/call/plaincall/AjaxCheckService.setItemNumber.dwr HTTP/1.1" 200 77
218.81.217.115 - - [17/Aug/2020:09:21:43 +0800] "GET /xingrg/kc/buy/cgsh_order_operate.html?command=get_materiel&rest_code=00146&code=00101009011&supplier_code=00100005&order_time=2020-08-17 HTTP/1.1" 200 416
116.230.74.197 - - [17/Aug/2020:09:21:44 +0800] "GET /xingrg/kc/buy/cgsh_order_operate.html?command=get_materiel&rest_code=00107&code=00101008359&supplier_code=00100006&order_time=2020-08-17 HTTP/1.1" 200 408
120.253.135.82 - - [17/Aug/2020:09:21:44 +0800] "GET /xingrg/all/function/internal_message.html?_=1597626961492&CODE_STATE=getMsg HTTP/1.1" 200 27
117.131.5.26 - - [17/Aug/2020:09:21:45 +0800] "POST /xingrg/dwr/call/plaincall/AjaxCheckService.setItemNumber.dwr HTTP/1.1" 200 77
117.131.5.26 - - [17/Aug/2020:09:21:46 +0800] "POST /xingrg/dwr/call/plaincall/AjaxCheckService.setItemNumber.dwr HTTP/1.1" 200 77
117.131.5.26 - - [17/Aug/2020:09:21:47 +0800] "POST /xingrg/dwr/call/plaincall/AjaxCheckService.setItemNumber.dwr HTTP/1.1" 200 77
218.81.217.115 - - [17/Aug/2020:09:21:48 +0800] "GET /xingrg/kc/buy/cgsh_order_operate.html?command=get_materiel&rest_code=00146&code=00101009015&supplier_code=00100005&order_time=2020-08-17 HTTP/1.1" 200 417
117.131.5.26 - - [17/Aug/2020:09:21:49 +0800] "POST /xingrg/dwr/call/plaincall/AjaxCheckService.setItemNumber.dwr HTTP/1.1" 200 77
58.40.7.146 - - [17/Aug/2020:09:21:50 +0800] "GET /xingrg/all/function/internal_message.html?_=1597627309786&CODE_STATE=getMsg HTTP/1.1" 200 27
117.184.7.26 - - [17/Aug/2020:09:21:50 +0800] "POST /xingrg/dwr/call/plaincall/AjaxCheckService.setItemNumber.dwr HTTP/1.1" 200 77
117.131.5.26 - - [17/Aug/2020:09:21:51 +0800] "POST /xingrg/dwr/call/plaincall/AjaxCheckService.setItemNumber.dwr HTTP/1.1" 200 77
116.230.74.197 - - [17/Aug/2020:09:21:51 +0800] "GET /xingrg/all/function/internal_message.html?_=1597627314118&CODE_STATE=getMsg HTTP/1.1" 200 27
114.88.165.122 - - [17/Aug/2020:09:21:53 +0800] "GET /xingrg/kc/buy/cgsh_order_operate.html?command=get_materiel&rest_code=00111&code=00101008045&supplier_code=00100005&order_time=2020-08-17 HTTP/1.1" 200 412
117.184.7.26 - - [17/Aug/2020:09:21:53 +0800] "POST /xingrg/dwr/call/plaincall/AjaxCheckService.setItemNumber.dwr HTTP/1.1" 200 77
117.131.5.26 - - [17/Aug/2020:09:21:54 +0800] "POST /xingrg/dwr/call/plaincall/AjaxCheckService.setItemNumber.dwr HTTP/1.1" 200 77
117.184.7.26 - - [17/Aug/2020:09:21:54 +0800] "POST /xingrg/dwr/call/plaincall/AjaxCheckService.setItemNumber.dwr HTTP/1.1" 200 77
218.81.217.115 - - [17/Aug/2020:09:21:54 +0800] "GET /xingrg/all/function/internal_message.html?_=1597627315830&CODE_STATE=getMsg HTTP/1.1" 200 27
117.131.5.26 - - [17/Aug/2020:09:21:55 +0800] "POST /xingrg/dwr/call/plaincall/AjaxCheckService.setItemNumber.dwr HTTP/1.1" 200 77
117.184.7.26 - - [17/Aug/2020:09:21:56 +0800] "POST /xingrg/dwr/call/plaincall/AjaxCheckService.setItemNumber.dwr HTTP/1.1" 200 77
117.131.5.26 - - [17/Aug/2020:09:21:56 +0800] "POST /xingrg/dwr/call/plaincall/AjaxCheckService.setItemNumber.dwr HTTP/1.1" 200 77
117.184.7.26 - - [17/Aug/2020:09:21:57 +0800] "POST /xingrg/dwr/call/plaincall/AjaxCheckService.setItemNumber.dwr HTTP/1.1" 200 77
117.184.7.26 - - [17/Aug/2020:09:21:57 +0800] "POST /xingrg/dwr/call/plaincall/AjaxCheckService.setItemNumber.dwr HTTP/1.1" 200 77
117.131.5.26 - - [17/Aug/2020:09:21:58 +0800] "POST /xingrg/dwr/call/plaincall/AjaxCheckService.setItemNumber.dwr HTTP/1.1" 200 77
116.230.74.197 - - [17/Aug/2020:09:21:58 +0800] "POST /xingrg/kc/buy/cgsh_order_operate.html HTTP/1.1" 200 37
218.81.217.115 - - [17/Aug/2020:09:21:59 +0800] "POST /xingrg/kc/buy/cgsh_order_operate.html HTTP/1.1" 200 2065
117.184.7.26 - - [17/Aug/2020:09:21:59 +0800] "POST /xingrg/dwr/call/plaincall/AjaxCheckService.setItemNumber.dwr HTTP/1.1" 200 77
116.230.74.197 - - [17/Aug/2020:09:21:59 +0800] "POST /xingrg/kc/buy/cgsh_order_operate.html HTTP/1.1" 200 52925
61.172.5.115 - - [17/Aug/2020:09:22:00 +0800] "GET /xingrg/all/function/internal_message.html?_=1597627310495&CODE_STATE=getMsg HTTP/1.1" 200 27
114.88.165.122 - - [17/Aug/2020:09:22:00 +0800] "GET /xingrg/kc/buy/cgsh_order_operate.html?command=get_materiel&rest_code=00111&code=00101008049&supplier_code=00100005&order_time=2020-08-17 HTTP/1.1" 200 408
117.184.7.26 - - [17/Aug/2020:09:22:01 +0800] "POST /xingrg/dwr/call/plaincall/AjaxCheckService.setItemNumber.dwr HTTP/1.1" 200 77
117.184.7.26 - - [17/Aug/2020:09:22:01 +0800] "POST /xingrg/dwr/call/plaincall/AjaxCheckService.setItemNumber.dwr HTTP/1.1" 200 78
117.131.5.26 - - [17/Aug/2020:09:22:01 +0800] "POST /xingrg/dwr/call/plaincall/AjaxCheckService.setItemNumber.dwr HTTP/1.1" 200 77
117.184.7.26 - - [17/Aug/2020:09:22:02 +0800] "POST /xingrg/dwr/call/plaincall/AjaxCheckService.setItemNumber.dwr HTTP/1.1" 200 78
222.69.137.86 - - [17/Aug/2020:09:22:02 +0800] "GET /xingrg/all/function/internal_message.html?_=1597627321441&CODE_STATE=getMsg HTTP/1.1" 200 27
117.131.5.26 - - [17/Aug/2020:09:22:03 +0800] "POST /xingrg/dwr/call/plaincall/AjaxCheckService.setItemNumber.dwr HTTP/1.1" 200 77
117.184.7.26 - - [17/Aug/2020:09:22:03 +0800] "POST /xingrg/dwr/call/plaincall/AjaxCheckService.setItemNumber.dwr HTTP/1.1" 200 78
117.131.5.26 - - [17/Aug/2020:09:22:04 +0800] "POST /xingrg/dwr/call/plaincall/AjaxCheckService.setItemNumber.dwr HTTP/1.1" 200 77
117.184.7.26 - - [17/Aug/2020:09:22:04 +0800] "POST /xingrg/dwr/call/plaincall/AjaxCheckService.setItemNumber.dwr HTTP/1.1" 200 78
117.131.5.26 - - [17/Aug/2020:09:22:05 +0800] "POST /xingrg/dwr/call/plaincall/AjaxCheckService.setItemNumber.dwr HTTP/1.1" 200 77
114.88.165.122 - - [17/Aug/2020:09:22:06 +0800] "GET /xingrg/kc/buy/cgsh_order_operate.html?command=get_materiel&rest_code=00111&code=00101008436&supplier_code=00100005&order_time=2020-08-17 HTTP/1.1" 200 398
117.184.7.26 - - [17/Aug/2020:09:22:06 +0800] "POST /xingrg/dwr/call/plaincall/AjaxCheckService.setItemNumber.dwr HTTP/1.1" 200 78
117.184.7.26 - - [17/Aug/2020:09:22:07 +0800] "POST /xingrg/dwr/call/plaincall/AjaxCheckService.setItemNumber.dwr HTTP/1.1" 200 78
218.81.217.115 - - [17/Aug/2020:09:22:07 +0800] "GET /xingrg/kc/buy/cgsh_order_operate.html?command=get_materiel&rest_code=00146&code=00101008095&supplier_code=00100005&order_time=2020-08-17 HTTP/1.1" 200 412
114.88.165.122 - - [17/Aug/2020:09:22:07 +0800] "POST /xingrg/kc/buy/cgsh_order_operate.html HTTP/1.1" 200 2065
117.184.7.26 - - [17/Aug/2020:09:22:07 +0800] "POST /xingrg/dwr/call/plaincall/AjaxCheckService.setItemNumber.dwr HTTP/1.1" 200 78
117.184.7.26 - - [17/Aug/2020:09:22:08 +0800] "POST /xingrg/dwr/call/plaincall/AjaxCheckService.setItemNumber.dwr HTTP/1.1" 200 78
117.184.7.26 - - [17/Aug/2020:09:22:08 +0800] "POST /xingrg/dwr/call/plaincall/AjaxCheckService.setItemNumber.dwr HTTP/1.1" 200 78
117.131.5.26 - - [17/Aug/2020:09:22:09 +0800] "POST /xingrg/dwr/call/plaincall/AjaxCheckService.setItemNumber.dwr HTTP/1.1" 200 77
117.131.5.26 - - [17/Aug/2020:09:22:10 +0800] "POST /xingrg/dwr/call/plaincall/AjaxCheckService.setItemNumber.dwr HTTP/1.1" 200 77
116.232.54.109 - - [17/Aug/2020:09:22:10 +0800] "GET /xingrg/check_reg.html?_=1597627372500 HTTP/1.1" 200 22
117.184.7.26 - - [17/Aug/2020:09:22:11 +0800] "POST /xingrg/dwr/call/plaincall/AjaxCheckService.setItemNumber.dwr HTTP/1.1" 200 78
117.131.5.26 - - [17/Aug/2020:09:22:12 +0800] "POST /xingrg/dwr/call/plaincall/AjaxCheckService.setItemNumber.dwr HTTP/1.1" 200 77
114.89.80.44 - - [17/Aug/2020:09:22:12 +0800] "GET /xingrg/kc/buy/cgsh_order_operate.html?command=get_materiel&rest_code=00150&code=00101008331&supplier_code=00100007&order_time=2020-08-17 HTTP/1.1" 200 416
116.232.54.109 - - [17/Aug/2020:09:22:13 +0800] "GET /xingrg/all/function/internal_message.html?_=1597627374734&CODE_STATE=getMsg HTTP/1.1" 200 27
117.131.5.26 - - [17/Aug/2020:09:22:13 +0800] "POST /xingrg/dwr/call/plaincall/AjaxCheckService.setItemNumber.dwr HTTP/1.1" 200 77
120.253.135.82 - - [17/Aug/2020:09:22:13 +0800] "GET /xingrg/all/function/internal_message.html?_=1597627085757&CODE_STATE=getMsg HTTP/1.1" 200 27
117.131.5.26 - - [17/Aug/2020:09:22:14 +0800] "POST /xingrg/dwr/call/plaincall/AjaxCheckService.setItemNumber.dwr HTTP/1.1" 200 77
117.184.7.26 - - [17/Aug/2020:09:22:15 +0800] "POST /xingrg/dwr/call/plaincall/AjaxCheckService.setItemNumber.dwr HTTP/1.1" 200 78
218.81.217.115 - - [17/Aug/2020:09:22:16 +0800] "GET /xingrg/check_reg.html?_=1597627337590 HTTP/1.1" 302 -
180.157.251.101 - - [17/Aug/2020:09:22:17 +0800] "GET /xingrg/all/function/internal_message.html?_=1597627336928&CODE_STATE=getMsg HTTP/1.1" 200 27
114.88.165.122 - - [17/Aug/2020:09:22:17 +0800] "GET /xingrg/kc/buy/cgsh_order_operate.html?command=get_materiel&rest_code=00111&code=00101008038&supplier_code=00100005&order_time=2020-08-17 HTTP/1.1" 200 412
117.131.5.26 - - [17/Aug/2020:09:22:17 +0800] "POST /xingrg/dwr/call/plaincall/AjaxCheckService.setItemNumber.dwr HTTP/1.1" 200 77
172.17.200.101 - - [17/Aug/2020:09:22:17 +0800] "GET /xingrg/all/function/internal_message.html?_=1597627339170&CODE_STATE=getMsg HTTP/1.1" 200 27
117.184.7.26 - - [17/Aug/2020:09:22:19 +0800] "POST /xingrg/dwr/call/plaincall/AjaxCheckService.setItemNumber.dwr HTTP/1.1" 200 78
117.131.5.26 - - [17/Aug/2020:09:22:19 +0800] "POST /xingrg/dwr/call/plaincall/AjaxCheckService.setItemNumber.dwr HTTP/1.1" 200 77
117.131.5.26 - - [17/Aug/2020:09:22:20 +0800] "POST /xingrg/dwr/call/plaincall/AjaxCheckService.setItemNumber.dwr HTTP/1.1" 200 77
180.175.214.200 - - [17/Aug/2020:09:22:20 +0800] "GET /xingrg/check_reg.html?_=1597627547067 HTTP/1.1" 200 22
180.175.214.200 - - [17/Aug/2020:09:22:21 +0800] "GET /xingrg/all/function/internal_message.html?_=1597627547605&CODE_STATE=getMsg HTTP/1.1" 200 27
117.131.5.26 - - [17/Aug/2020:09:22:21 +0800] "POST /xingrg/dwr/call/plaincall/AjaxCheckService.setItemNumber.dwr HTTP/1.1" 200 77
114.88.165.122 - - [17/Aug/2020:09:22:21 +0800] "GET /xingrg/all/function/internal_message.html?_=1597627341197&CODE_STATE=getMsg HTTP/1.1" 200 27
