172.17.0.185 - - [17/Aug/2020:10:07:37 +0800] "GET /xingrg/all/function/internal_message.html?_=1597630056816&CODE_STATE=getMsg HTTP/1.1" 302 -
180.175.214.200 - - [17/Aug/2020:10:07:39 +0800] "POST /xingrg/kc/buy/cgsh_order_operate.html HTTP/1.1" 200 8245
180.175.214.200 - - [17/Aug/2020:10:07:40 +0800] "GET /xingrg/javascript/easyui/themes/default/validatebox.css HTTP/1.1" 404 1104
61.172.5.115 - - [17/Aug/2020:10:07:41 +0800] "POST /xingrg/kc/buy/cgsh_order_operate.html HTTP/1.1" 200 2065
180.157.251.101 - - [17/Aug/2020:10:07:43 +0800] "GET /xingrg/all/function/internal_message.html?_=1597630063423&CODE_STATE=getMsg HTTP/1.1" 200 27
101.91.60.104 - - [17/Aug/2020:10:07:43 +0800] "GET /xingrg/all/function/internal_message.html?_=1597629327573&CODE_STATE=getMsg HTTP/1.1" 302 -
114.88.165.122 - - [17/Aug/2020:10:07:44 +0800] "GET /xingrg/all/function/internal_message.html?_=1597630109891&CODE_STATE=getMsg HTTP/1.1" 200 27
172.17.0.101 - - [17/Aug/2020:10:07:44 +0800] "GET /xingrg/all/function/internal_message.html?_=1597630065602&CODE_STATE=getMsg HTTP/1.1" 302 -
120.253.135.82 - - [17/Aug/2020:10:07:45 +0800] "GET /xingrg/all/function/internal_message.html?_=1597629721566&CODE_STATE=getMsg HTTP/1.1" 200 27
58.40.7.146 - - [17/Aug/2020:10:07:50 +0800] "GET /xingrg/all/function/internal_message.html?_=1597630069807&CODE_STATE=getMsg HTTP/1.1" 200 27
101.91.60.104 - - [17/Aug/2020:10:07:50 +0800] "GET /xingrg/login.html HTTP/1.1" 200 7641
116.230.74.197 - - [17/Aug/2020:10:07:51 +0800] "GET /xingrg/all/function/internal_message.html?_=1597630073963&CODE_STATE=getMsg HTTP/1.1" 200 27
218.81.217.115 - - [17/Aug/2020:10:07:57 +0800] "GET /xingrg/all/function/internal_message.html?_=1597630078233&CODE_STATE=getMsg HTTP/1.1" 200 27
114.89.80.44 - - [17/Aug/2020:10:07:59 +0800] "GET /xingrg/all/function/internal_message.html?_=1597630079464&CODE_STATE=getMsg HTTP/1.1" 200 27
114.88.153.118 - - [17/Aug/2020:10:08:00 +0800] "GET /xingrg/all/function/internal_message.html?_=1597629724717&CODE_STATE=getMsg HTTP/1.1" 200 27
61.172.5.115 - - [17/Aug/2020:10:08:00 +0800] "GET /xingrg/all/function/internal_message.html?_=1597630070816&CODE_STATE=getMsg HTTP/1.1" 200 27
222.69.137.86 - - [17/Aug/2020:10:08:02 +0800] "GET /xingrg/all/function/internal_message.html?_=1597630081367&CODE_STATE=getMsg HTTP/1.1" 200 27
172.17.200.101 - - [17/Aug/2020:10:08:06 +0800] "GET /xingrg/all/function/internal_message.html?_=1597630087463&CODE_STATE=getMsg HTTP/1.1" 200 27
116.232.54.109 - - [17/Aug/2020:10:08:07 +0800] "GET /xingrg/all/function/internal_message.html?_=1597630132015&CODE_STATE=getMsg HTTP/1.1" 200 27
61.172.5.115 - - [17/Aug/2020:10:08:12 +0800] "GET /xingrg/kc/buy/cgsh_order_operate.html?command=get_materiel&rest_code=00105&code=00101008197&supplier_code=00100203&order_time=2020-08-17 HTTP/1.1" 200 416
114.89.80.44 - - [17/Aug/2020:10:08:12 +0800] "GET /xingrg/check_reg.html?_=1597630213013 HTTP/1.1" 200 22
114.89.80.44 - - [17/Aug/2020:10:08:12 +0800] "GET /xingrg/all/function/internal_message.html?_=1597630213075&CODE_STATE=getMsg HTTP/1.1" 200 27
114.88.165.122 - - [17/Aug/2020:10:08:21 +0800] "GET /xingrg/check_reg.html?_=1597630101077 HTTP/1.1" 200 22
114.88.165.122 - - [17/Aug/2020:10:08:22 +0800] "GET /xingrg/all/function/internal_message.html?_=1597630101823&CODE_STATE=getMsg HTTP/1.1" 200 27
172.17.0.100 - - [17/Aug/2020:10:08:22 +0800] "GET /xingrg/all/function/internal_message.html?_=1597630120854&CODE_STATE=getMsg HTTP/1.1" 200 27
172.17.0.100 - - [17/Aug/2020:10:08:22 +0800] "GET /xingrg/check_reg.html?_=1597630120855 HTTP/1.1" 200 22
180.175.214.200 - - [17/Aug/2020:10:08:26 +0800] "GET /xingrg/all/function/internal_message.html?_=1597630312747&CODE_STATE=getMsg HTTP/1.1" 200 27
218.81.217.115 - - [17/Aug/2020:10:08:27 +0800] "GET /xingrg/all/function/internal_message.html?_=1597630108419&CODE_STATE=getMsg HTTP/1.1" 302 -
61.172.5.115 - - [17/Aug/2020:10:08:27 +0800] "POST /xingrg/kc/buy/cgsh_order_operate.html HTTP/1.1" 200 37
114.88.153.118 - - [17/Aug/2020:10:08:27 +0800] "GET /xingrg/all/function/internal_message.html?_=1597630107612&CODE_STATE=getMsg HTTP/1.1" 200 27
114.88.153.118 - - [17/Aug/2020:10:08:27 +0800] "GET /xingrg/check_reg.html?_=1597630107609 HTTP/1.1" 200 22
61.172.5.115 - - [17/Aug/2020:10:08:28 +0800] "POST /xingrg/kc/buy/cgsh_order_operate.html HTTP/1.1" 200 16816
117.184.7.30 - - [17/Aug/2020:10:08:29 +0800] "GET /xingrg/all/function/internal_message.html?_=1597630107826&CODE_STATE=getMsg HTTP/1.1" 200 27
117.131.5.26 - - [17/Aug/2020:10:08:31 +0800] "GET /xingrg/all/function/internal_message.html?_=1597630488758&CODE_STATE=getMsg HTTP/1.1" 200 27
172.17.0.123 - - [17/Aug/2020:10:08:31 +0800] "GET /xingrg/all/function/internal_message.html?_=1597630028866&CODE_STATE=getMsg HTTP/1.1" 200 27
172.17.0.123 - - [17/Aug/2020:10:08:31 +0800] "GET /xingrg/check_reg.html?_=1597630028868 HTTP/1.1" 200 22
172.17.0.185 - - [17/Aug/2020:10:08:37 +0800] "GET /xingrg/all/function/internal_message.html?_=1597630116806&CODE_STATE=getMsg HTTP/1.1" 302 -
180.157.251.101 - - [17/Aug/2020:10:08:43 +0800] "GET /xingrg/all/function/internal_message.html?_=1597630123442&CODE_STATE=getMsg HTTP/1.1" 200 27
114.88.165.122 - - [17/Aug/2020:10:08:44 +0800] "GET /xingrg/all/function/internal_message.html?_=1597630169890&CODE_STATE=getMsg HTTP/1.1" 200 27
172.17.0.101 - - [17/Aug/2020:10:08:44 +0800] "GET /xingrg/all/function/internal_message.html?_=1597630125612&CODE_STATE=getMsg HTTP/1.1" 302 -
120.253.135.82 - - [17/Aug/2020:10:08:45 +0800] "GET /xingrg/all/function/internal_message.html?_=1597629781567&CODE_STATE=getMsg HTTP/1.1" 200 27
180.175.214.200 - - [17/Aug/2020:10:08:49 +0800] "GET /xingrg/kc/buy/cgsh_order_operate.html?command=get_materiel&rest_code=00102&code=00101009019&supplier_code=00100096&order_time=2020-08-17 HTTP/1.1" 200 431
58.40.7.146 - - [17/Aug/2020:10:08:50 +0800] "GET /xingrg/all/function/internal_message.html?_=1597630129810&CODE_STATE=getMsg HTTP/1.1" 200 27
116.230.74.197 - - [17/Aug/2020:10:08:51 +0800] "GET /xingrg/all/function/internal_message.html?_=1597630133964&CODE_STATE=getMsg HTTP/1.1" 200 27
116.230.74.197 - - [17/Aug/2020:10:08:51 +0800] "GET /xingrg/check_reg.html?_=1597630133967 HTTP/1.1" 200 22
101.89.19.149 - - [17/Aug/2020:10:08:55 +0800] "GET /xingrg/all/function/internal_message.html?_=1597629447582&CODE_STATE=getMsg HTTP/1.1" 302 -
218.81.217.115 - - [17/Aug/2020:10:08:57 +0800] "GET /xingrg/all/function/internal_message.html?_=1597630138449&CODE_STATE=getMsg HTTP/1.1" 200 27
114.89.80.44 - - [17/Aug/2020:10:08:59 +0800] "GET /xingrg/all/function/internal_message.html?_=1597630139439&CODE_STATE=getMsg HTTP/1.1" 200 27
114.88.153.118 - - [17/Aug/2020:10:09:00 +0800] "GET /xingrg/all/function/internal_message.html?_=1597629784717&CODE_STATE=getMsg HTTP/1.1" 200 27
61.172.5.115 - - [17/Aug/2020:10:09:00 +0800] "GET /xingrg/check_reg.html?_=1597630130535 HTTP/1.1" 200 22
61.172.5.115 - - [17/Aug/2020:10:09:00 +0800] "GET /xingrg/all/function/internal_message.html?_=1597630130787&CODE_STATE=getMsg HTTP/1.1" 200 27
101.89.19.149 - - [17/Aug/2020:10:09:01 +0800] "GET /xingrg/login.html HTTP/1.1" 200 7641
222.69.137.86 - - [17/Aug/2020:10:09:02 +0800] "GET /xingrg/all/function/internal_message.html?_=1597630141384&CODE_STATE=getMsg HTTP/1.1" 200 27
58.40.7.146 - - [17/Aug/2020:10:09:05 +0800] "GET /favicon.ico HTTP/1.1" 404 -
172.17.200.101 - - [17/Aug/2020:10:09:06 +0800] "GET /xingrg/all/function/internal_message.html?_=1597630147466&CODE_STATE=getMsg HTTP/1.1" 200 27
116.232.54.109 - - [17/Aug/2020:10:09:06 +0800] "GET /xingrg/check_reg.html?_=1597630192013 HTTP/1.1" 200 22
116.232.54.109 - - [17/Aug/2020:10:09:06 +0800] "GET /xingrg/all/function/internal_message.html?_=1597630192013&CODE_STATE=getMsg HTTP/1.1" 200 27
114.89.80.44 - - [17/Aug/2020:10:09:12 +0800] "GET /xingrg/all/function/internal_message.html?_=1597630273089&CODE_STATE=getMsg HTTP/1.1" 200 27
218.81.217.115 - - [17/Aug/2020:10:09:14 +0800] "POST /xingrg/services/DataTransmitService HTTP/1.1" 200 524
218.81.217.115 - - [17/Aug/2020:10:09:14 +0800] "POST /xingrg/services/DataTransmitService HTTP/1.1" 200 501
218.81.217.115 - - [17/Aug/2020:10:09:14 +0800] "POST /xingrg/services/DataTransmitService HTTP/1.1" 200 524
218.81.217.115 - - [17/Aug/2020:10:09:14 +0800] "POST /xingrg/services/DataTransmitService HTTP/1.1" 200 501
218.81.217.115 - - [17/Aug/2020:10:09:16 +0800] "POST /xingrg/services/DataTransmitService HTTP/1.1" 200 524
218.81.217.115 - - [17/Aug/2020:10:09:16 +0800] "POST /xingrg/services/DataTransmitService HTTP/1.1" 200 501
218.81.217.115 - - [17/Aug/2020:10:09:16 +0800] "POST /xingrg/services/DataTransmitService HTTP/1.1" 200 501
218.81.217.115 - - [17/Aug/2020:10:09:18 +0800] "POST /xingrg/services/DataTransmitService HTTP/1.1" 200 501
180.175.214.200 - - [17/Aug/2020:10:09:20 +0800] "GET /xingrg/kc/buy/cgsh_order_operate.html?command=get_materiel&rest_code=00102&code=00101009041&supplier_code=00100096&order_time=2020-08-17 HTTP/1.1" 200 410
218.81.217.115 - - [17/Aug/2020:10:09:20 +0800] "POST /xingrg/services/DataTransmitService HTTP/1.1" 200 501
218.81.217.115 - - [17/Aug/2020:10:09:21 +0800] "POST /xingrg/services/DataTransmitService HTTP/1.1" 200 501
218.81.217.115 - - [17/Aug/2020:10:09:21 +0800] "POST /xingrg/services/DataTransmitService HTTP/1.1" 200 501
218.81.217.115 - - [17/Aug/2020:10:09:21 +0800] "POST /xingrg/services/DataTransmitService HTTP/1.1" 200 501
218.81.217.115 - - [17/Aug/2020:10:09:21 +0800] "POST /xingrg/services/DataTransmitService HTTP/1.1" 200 501
218.81.217.115 - - [17/Aug/2020:10:09:21 +0800] "POST /xingrg/services/DataTransmitService HTTP/1.1" 200 501
114.88.165.122 - - [17/Aug/2020:10:09:22 +0800] "GET /xingrg/all/function/internal_message.html?_=1597630161835&CODE_STATE=getMsg HTTP/1.1" 200 27
218.81.217.115 - - [17/Aug/2020:10:09:22 +0800] "POST /xingrg/services/DataTransmitService HTTP/1.1" 200 412
172.17.0.100 - - [17/Aug/2020:10:09:22 +0800] "GET /xingrg/all/function/internal_message.html?_=1597630180854&CODE_STATE=getMsg HTTP/1.1" 200 27
180.175.214.200 - - [17/Aug/2020:10:09:26 +0800] "GET /xingrg/all/function/internal_message.html?_=1597630372769&CODE_STATE=getMsg HTTP/1.1" 200 27
218.81.217.115 - - [17/Aug/2020:10:09:27 +0800] "GET /xingrg/all/function/internal_message.html?_=1597630168438&CODE_STATE=getMsg HTTP/1.1" 302 -
114.88.153.118 - - [17/Aug/2020:10:09:27 +0800] "GET /xingrg/all/function/internal_message.html?_=1597630167610&CODE_STATE=getMsg HTTP/1.1" 200 27
117.184.7.30 - - [17/Aug/2020:10:09:29 +0800] "GET /xingrg/all/function/internal_message.html?_=1597630167826&CODE_STATE=getMsg HTTP/1.1" 200 27
117.131.5.26 - - [17/Aug/2020:10:09:31 +0800] "GET /xingrg/all/function/internal_message.html?_=1597630548757&CODE_STATE=getMsg HTTP/1.1" 200 27
172.17.0.123 - - [17/Aug/2020:10:09:31 +0800] "GET /xingrg/all/function/internal_message.html?_=1597630088870&CODE_STATE=getMsg HTTP/1.1" 200 27
180.175.214.200 - - [17/Aug/2020:10:09:36 +0800] "GET /xingrg/kc/buy/cgsh_order_operate.html?command=get_materiel&rest_code=00102&code=00101009001&supplier_code=00100096&order_time=2020-08-17 HTTP/1.1" 200 418
172.17.0.185 - - [17/Aug/2020:10:09:37 +0800] "GET /xingrg/all/function/internal_message.html?_=1597630176808&CODE_STATE=getMsg HTTP/1.1" 302 -
172.17.0.185 - - [17/Aug/2020:10:09:37 +0800] "GET /xingrg/check_reg.html?_=1597630176813 HTTP/1.1" 302 -
180.157.251.101 - - [17/Aug/2020:10:09:43 +0800] "GET /xingrg/all/function/internal_message.html?_=1597630183441&CODE_STATE=getMsg HTTP/1.1" 200 27
180.157.251.101 - - [17/Aug/2020:10:09:43 +0800] "GET /xingrg/check_reg.html?_=1597630183628 HTTP/1.1" 200 22
114.88.165.122 - - [17/Aug/2020:10:09:44 +0800] "GET /xingrg/all/function/internal_message.html?_=1597630229905&CODE_STATE=getMsg HTTP/1.1" 200 27
114.88.165.122 - - [17/Aug/2020:10:09:44 +0800] "GET /xingrg/check_reg.html?_=1597630229906 HTTP/1.1" 200 22
172.17.0.101 - - [17/Aug/2020:10:09:45 +0800] "GET /xingrg/all/function/internal_message.html?_=1597630185729&CODE_STATE=getMsg HTTP/1.1" 302 -
120.253.135.82 - - [17/Aug/2020:10:09:45 +0800] "GET /xingrg/check_reg.html?_=1597629841569 HTTP/1.1" 200 22
120.253.135.82 - - [17/Aug/2020:10:09:45 +0800] "GET /xingrg/all/function/internal_message.html?_=1597629841568&CODE_STATE=getMsg HTTP/1.1" 200 27
58.40.7.146 - - [17/Aug/2020:10:09:50 +0800] "GET /xingrg/check_reg.html?_=1597630189799 HTTP/1.1" 200 22
58.40.7.146 - - [17/Aug/2020:10:09:50 +0800] "GET /xingrg/all/function/internal_message.html?_=1597630189801&CODE_STATE=getMsg HTTP/1.1" 200 27
116.230.74.197 - - [17/Aug/2020:10:09:51 +0800] "GET /xingrg/all/function/internal_message.html?_=1597630193969&CODE_STATE=getMsg HTTP/1.1" 200 27
218.81.217.115 - - [17/Aug/2020:10:09:57 +0800] "GET /xingrg/all/function/internal_message.html?_=1597630198463&CODE_STATE=getMsg HTTP/1.1" 200 27
180.175.214.200 - - [17/Aug/2020:10:09:57 +0800] "GET /xingrg/kc/buy/cgsh_order_operate.html?command=get_materiel&rest_code=00102&code=00101009062&supplier_code=00100096&order_time=2020-08-17 HTTP/1.1" 200 414
114.89.80.44 - - [17/Aug/2020:10:09:59 +0800] "GET /xingrg/all/function/internal_message.html?_=1597630199411&CODE_STATE=getMsg HTTP/1.1" 200 27
114.88.153.118 - - [17/Aug/2020:10:10:00 +0800] "GET /xingrg/all/function/internal_message.html?_=1597629844717&CODE_STATE=getMsg HTTP/1.1" 200 27
114.88.153.118 - - [17/Aug/2020:10:10:00 +0800] "GET /xingrg/check_reg.html?_=1597629844719 HTTP/1.1" 200 22
61.172.5.115 - - [17/Aug/2020:10:10:00 +0800] "GET /xingrg/all/function/internal_message.html?_=1597630190763&CODE_STATE=getMsg HTTP/1.1" 200 27
222.69.137.86 - - [17/Aug/2020:10:10:02 +0800] "GET /xingrg/all/function/internal_message.html?_=1597630201384&CODE_STATE=getMsg HTTP/1.1" 200 27
116.232.54.109 - - [17/Aug/2020:10:10:04 +0800] "GET /xingrg/all/function/internal_message.html?_=1597630252002&CODE_STATE=getMsg HTTP/1.1" 200 27
172.17.200.101 - - [17/Aug/2020:10:10:06 +0800] "GET /xingrg/check_reg.html?_=1597630207469 HTTP/1.1" 200 22
172.17.200.101 - - [17/Aug/2020:10:10:06 +0800] "GET /xingrg/all/function/internal_message.html?_=1597630207475&CODE_STATE=getMsg HTTP/1.1" 200 27
114.89.80.44 - - [17/Aug/2020:10:10:12 +0800] "GET /xingrg/all/function/internal_message.html?_=1597630333102&CODE_STATE=getMsg HTTP/1.1" 200 27
180.175.214.200 - - [17/Aug/2020:10:10:12 +0800] "GET /xingrg/kc/buy/cgsh_order_operate.html?command=get_materiel&rest_code=00102&code=00101009011&supplier_code=00100096&order_time=2020-08-17 HTTP/1.1" 200 416
172.17.0.101 - - [17/Aug/2020:10:10:17 +0800] "GET /xingrg/check_reg.html?_=1597630218543 HTTP/1.1" 302 -
114.88.165.122 - - [17/Aug/2020:10:10:22 +0800] "GET /xingrg/all/function/internal_message.html?_=1597630221850&CODE_STATE=getMsg HTTP/1.1" 200 27
172.17.0.100 - - [17/Aug/2020:10:10:22 +0800] "GET /xingrg/all/function/internal_message.html?_=1597630240879&CODE_STATE=getMsg HTTP/1.1" 200 27
180.175.214.200 - - [17/Aug/2020:10:10:26 +0800] "GET /xingrg/kc/buy/cgsh_order_operate.html?command=get_materiel&rest_code=00102&code=00101009066&supplier_code=00100096&order_time=2020-08-17 HTTP/1.1" 200 436
180.175.214.200 - - [17/Aug/2020:10:10:26 +0800] "GET /xingrg/all/function/internal_message.html?_=1597630433015&CODE_STATE=getMsg HTTP/1.1" 200 27
218.81.217.115 - - [17/Aug/2020:10:10:27 +0800] "GET /xingrg/all/function/internal_message.html?_=1597630228445&CODE_STATE=getMsg HTTP/1.1" 302 -
114.88.153.118 - - [17/Aug/2020:10:10:27 +0800] "GET /xingrg/all/function/internal_message.html?_=1597630227608&CODE_STATE=getMsg HTTP/1.1" 200 27
117.184.7.30 - - [17/Aug/2020:10:10:29 +0800] "GET /xingrg/all/function/internal_message.html?_=1597630227832&CODE_STATE=getMsg HTTP/1.1" 200 27
117.131.5.26 - - [17/Aug/2020:10:10:31 +0800] "GET /xingrg/all/function/internal_message.html?_=1597630608759&CODE_STATE=getMsg HTTP/1.1" 200 27
172.17.0.123 - - [17/Aug/2020:10:10:31 +0800] "GET /xingrg/all/function/internal_message.html?_=1597630148856&CODE_STATE=getMsg HTTP/1.1" 200 27
117.184.7.30 - - [17/Aug/2020:10:10:32 +0800] "POST /xingrg/login.do HTTP/1.1" 302 -
117.184.7.30 - - [17/Aug/2020:10:10:33 +0800] "GET /xingrg/index.html?sysBaseUrl=http%3A%2F%2F180.169.147.146%3A18081%2Fxingrg%2F&costTime=39×tamp=1597630232958 HTTP/1.1" 200 17179
117.184.7.30 - - [17/Aug/2020:10:10:33 +0800] "GET /xingrg/javascript/jquery_easy_ui/themes/default/easyui.css HTTP/1.1" 304 -
117.184.7.30 - - [17/Aug/2020:10:10:33 +0800] "GET /xingrg/javascript/jquery_easy_ui/themes/icon.css HTTP/1.1" 304 -
117.184.7.30 - - [17/Aug/2020:10:10:33 +0800] "GET /xingrg/css/form.css HTTP/1.1" 304 -
117.184.7.30 - - [17/Aug/2020:10:10:33 +0800] "GET /xingrg/javascript/jquery-1.4.2.min.js HTTP/1.1" 304 -
117.184.7.30 - - [17/Aug/2020:10:10:33 +0800] "GET /xingrg/javascript/jquery_easy_ui/easyui-lang-zh_CN.js HTTP/1.1" 304 -
117.184.7.30 - - [17/Aug/2020:10:10:33 +0800] "GET /xingrg/javascript/jquery_easy_ui/jquery.easyui.min.js HTTP/1.1" 304 -
117.184.7.30 - - [17/Aug/2020:10:10:33 +0800] "GET /xingrg/javascript/jquery.form.js HTTP/1.1" 304 -
117.184.7.30 - - [17/Aug/2020:10:10:33 +0800] "GET /xingrg/javascript/jquery.utils.js HTTP/1.1" 304 -
117.184.7.30 - - [17/Aug/2020:10:10:33 +0800] "GET /xingrg/javascript/jquery.timers.js HTTP/1.1" 304 -
117.184.7.30 - - [17/Aug/2020:10:10:33 +0800] "GET /favicon.ico HTTP/1.1" 404 -
117.184.7.30 - - [17/Aug/2020:10:10:34 +0800] "POST /xingrg/all/common/load_tree.html?tree=area_rest_tree_json&manage=1 HTTP/1.1" 200 470
117.184.7.30 - - [17/Aug/2020:10:10:34 +0800] "GET /xingrg/all/function/internal_message.html?_=1597630232585&CODE_STATE=count HTTP/1.1" 200 11
117.184.7.30 - - [17/Aug/2020:10:10:34 +0800] "GET /xingrg/check_reg.html?_=1597630232586 HTTP/1.1" 200 22
117.184.7.30 - - [17/Aug/2020:10:10:34 +0800] "POST /xingrg/load_menu.html HTTP/1.1" 200 5138
172.17.0.185 - - [17/Aug/2020:10:10:37 +0800] "GET /xingrg/all/function/internal_message.html?_=1597630236814&CODE_STATE=getMsg HTTP/1.1" 302 -
117.184.7.30 - - [17/Aug/2020:10:10:38 +0800] "POST /xingrg/all/user/operate.html HTTP/1.1" 200 36
117.184.7.30 - - [17/Aug/2020:10:10:38 +0800] "GET /xingrg/index.html?sysBaseUrl=http%3A%2F%2F180.169.147.146%3A18081%2Fxingrg%2F&costTime=39×tamp=1597630232958 HTTP/1.1" 200 17173
117.184.7.30 - - [17/Aug/2020:10:10:38 +0800] "GET /xingrg/javascript/jquery_easy_ui/themes/default/easyui.css HTTP/1.1" 304 -
117.184.7.30 - - [17/Aug/2020:10:10:38 +0800] "GET /xingrg/javascript/jquery_easy_ui/themes/icon.css HTTP/1.1" 304 -
117.184.7.30 - - [17/Aug/2020:10:10:38 +0800] "GET /xingrg/css/form.css HTTP/1.1" 304 -
117.184.7.30 - - [17/Aug/2020:10:10:38 +0800] "GET /xingrg/javascript/jquery-1.4.2.min.js HTTP/1.1" 304 -
117.184.7.30 - - [17/Aug/2020:10:10:38 +0800] "GET /xingrg/javascript/jquery_easy_ui/jquery.easyui.min.js HTTP/1.1" 304 -
117.184.7.30 - - [17/Aug/2020:10:10:38 +0800] "GET /xingrg/javascript/jquery_easy_ui/easyui-lang-zh_CN.js HTTP/1.1" 304 -
117.184.7.30 - - [17/Aug/2020:10:10:38 +0800] "GET /xingrg/javascript/jquery.form.js HTTP/1.1" 304 -
117.184.7.30 - - [17/Aug/2020:10:10:38 +0800] "GET /xingrg/javascript/jquery.utils.js HTTP/1.1" 304 -
117.184.7.30 - - [17/Aug/2020:10:10:38 +0800] "GET /xingrg/javascript/jquery.timers.js HTTP/1.1" 304 -
117.184.7.30 - - [17/Aug/2020:10:10:38 +0800] "GET /xingrg/images/blue/jxLogo.png HTTP/1.1" 304 -
117.184.7.30 - - [17/Aug/2020:10:10:38 +0800] "GET /xingrg/images/blue/navBackgound.jpg HTTP/1.1" 304 -
117.184.7.30 - - [17/Aug/2020:10:10:38 +0800] "GET /xingrg/javascript/jquery_easy_ui/themes/icons/settle_new.png HTTP/1.1" 304 -
117.184.7.30 - - [17/Aug/2020:10:10:38 +0800] "POST /xingrg/all/common/load_tree.html?tree=area_rest_tree_json&manage=1 HTTP/1.1" 200 470
117.184.7.30 - - [17/Aug/2020:10:10:38 +0800] "GET /xingrg/images/blue/pingpu.png HTTP/1.1" 304 -
117.184.7.30 - - [17/Aug/2020:10:10:38 +0800] "GET /xingrg/javascript/jquery_easy_ui/themes/default/images/tabs_leftarrow.png HTTP/1.1" 304 -
117.184.7.30 - - [17/Aug/2020:10:10:38 +0800] "GET /xingrg/javascript/jquery_easy_ui/themes/default/images/tabs_rightarrow.png HTTP/1.1" 304 -
117.184.7.30 - - [17/Aug/2020:10:10:38 +0800] "GET /xingrg/javascript/jquery_easy_ui/themes/default/images/panel_tool_collapse.gif HTTP/1.1" 304 -
117.184.7.30 - - [17/Aug/2020:10:10:38 +0800] "GET /xingrg/all/function/internal_message.html?_=1597630237065&CODE_STATE=count HTTP/1.1" 200 11
117.184.7.30 - - [17/Aug/2020:10:10:38 +0800] "GET /xingrg/check_reg.html?_=1597630237066 HTTP/1.1" 200 22
117.184.7.30 - - [17/Aug/2020:10:10:38 +0800] "POST /xingrg/load_menu.html HTTP/1.1" 200 5138
117.184.7.30 - - [17/Aug/2020:10:10:40 +0800] "GET /xingrg/kc/base/base_main.html HTTP/1.1" 200 12142
117.184.7.30 - - [17/Aug/2020:10:10:40 +0800] "GET /xingrg/css/blue.css HTTP/1.1" 304 -
117.184.7.30 - - [17/Aug/2020:10:10:40 +0800] "GET /xingrg/javascript/pic_change.js HTTP/1.1" 304 -
117.184.7.30 - - [17/Aug/2020:10:10:40 +0800] "GET /xingrg/javascript/myfunction.js HTTP/1.1" 304 -
180.175.214.200 - - [17/Aug/2020:10:10:41 +0800] "GET /xingrg/kc/buy/cgsh_order_operate.html?command=get_materiel&rest_code=00102&code=00101009016&supplier_code=00100096&order_time=2020-08-17 HTTP/1.1" 200 414
117.184.7.30 - - [17/Aug/2020:10:10:42 +0800] "GET /xingrg/kc/base/check_order_list.html HTTP/1.1" 200 16374
117.184.7.30 - - [17/Aug/2020:10:10:42 +0800] "GET /xingrg/css/base.css HTTP/1.1" 304 -
117.184.7.30 - - [17/Aug/2020:10:10:42 +0800] "GET /xingrg/css/site.css HTTP/1.1" 304 -
117.184.7.30 - - [17/Aug/2020:10:10:42 +0800] "GET /xingrg/javascript/jquery_tools/datebox.css HTTP/1.1" 304 -
117.184.7.30 - - [17/Aug/2020:10:10:42 +0800] "GET /xingrg/javascript/easyui/themes/default/easyui.css HTTP/1.1" 304 -
117.184.7.30 - - [17/Aug/2020:10:10:42 +0800] "GET /xingrg/javascript/easyui/themes/icon.css HTTP/1.1" 304 -
117.184.7.30 - - [17/Aug/2020:10:10:42 +0800] "GET /xingrg/javascript/auto/jquery.autocomplete.css HTTP/1.1" 304 -
117.184.7.30 - - [17/Aug/2020:10:10:42 +0800] "GET /xingrg/javascript/jquery_tools/fix.css HTTP/1.1" 304 -
117.184.7.30 - - [17/Aug/2020:10:10:42 +0800] "GET /xingrg/javascript/jquery_tools/table.css HTTP/1.1" 304 -
117.184.7.30 - - [17/Aug/2020:10:10:42 +0800] "GET /xingrg/javascript/jquery_tools/jquery.tools.min.js HTTP/1.1" 304 -
117.184.7.30 - - [17/Aug/2020:10:10:42 +0800] "GET /xingrg/javascript/jquery_tools/jquery.tools.extend.js HTTP/1.1" 304 -
117.184.7.30 - - [17/Aug/2020:10:10:42 +0800] "GET /xingrg/javascript/jquery_tools/jquery.tools.hotkey.js HTTP/1.1" 304 -
117.184.7.30 - - [17/Aug/2020:10:10:42 +0800] "GET /xingrg/javascript/jquery_tools/jquery.tools.table.js HTTP/1.1" 304 -
117.184.7.30 - - [17/Aug/2020:10:10:42 +0800] "GET /xingrg/javascript/jquery_tools/list_manager.js HTTP/1.1" 304 -
117.184.7.30 - - [17/Aug/2020:10:10:42 +0800] "GET /xingrg/javascript/auto/jquery.autocomplete.js HTTP/1.1" 304 -
117.184.7.30 - - [17/Aug/2020:10:10:42 +0800] "GET /xingrg/javascript/jquery.cookie.js HTTP/1.1" 304 -
117.184.7.30 - - [17/Aug/2020:10:10:42 +0800] "GET /xingrg/javascript/easyui/easyloader.js HTTP/1.1" 304 -
117.184.7.30 - - [17/Aug/2020:10:10:42 +0800] "GET /xingrg/javascript/easyui/plugins/jquery.parser.js HTTP/1.1" 304 -
117.184.7.30 - - [17/Aug/2020:10:10:42 +0800] "POST /xingrg/kc/base/check_list_operate.html HTTP/1.1" 200 1557
180.157.251.101 - - [17/Aug/2020:10:10:43 +0800] "GET /xingrg/all/function/internal_message.html?_=1597630243438&CODE_STATE=getMsg HTTP/1.1" 200 27
114.88.165.122 - - [17/Aug/2020:10:10:44 +0800] "GET /xingrg/all/function/internal_message.html?_=1597630289904&CODE_STATE=getMsg HTTP/1.1" 200 27
117.184.7.30 - - [17/Aug/2020:10:10:44 +0800] "GET /xingrg/kc/base/check_order_info.html?code=452020081600343 HTTP/1.1" 200 26404
117.184.7.30 - - [17/Aug/2020:10:10:44 +0800] "GET /xingrg/css/table.css HTTP/1.1" 200 3684
117.184.7.30 - - [17/Aug/2020:10:10:44 +0800] "GET /xingrg/dwr/interface/AjaxCheckService.js HTTP/1.1" 200 14003
117.184.7.30 - - [17/Aug/2020:10:10:44 +0800] "GET /xingrg/dwr/interface/AjaxComOrderService.js HTTP/1.1" 200 18264
117.184.7.30 - - [17/Aug/2020:10:10:44 +0800] "GET /xingrg/dwr/engine.js HTTP/1.1" 200 43631
117.184.7.30 - - [17/Aug/2020:10:10:44 +0800] "GET /xingrg/dwr/util.js HTTP/1.1" 304 -
117.184.7.30 - - [17/Aug/2020:10:10:44 +0800] "GET /xingrg/javascript/AjaxInfoList.js HTTP/1.1" 304 -
117.184.7.30 - - [17/Aug/2020:10:10:45 +0800] "GET /xingrg/javascript/Calendar.js HTTP/1.1" 304 -
117.184.7.30 - - [17/Aug/2020:10:10:45 +0800] "GET /xingrg/javascript/convert.js HTTP/1.1" 304 -
172.17.0.101 - - [17/Aug/2020:10:10:45 +0800] "GET /xingrg/all/function/internal_message.html?_=1597630245733&CODE_STATE=getMsg HTTP/1.1" 302 -
117.184.7.30 - - [17/Aug/2020:10:10:45 +0800] "GET /xingrg/javascript/print/kc_print.js HTTP/1.1" 304 -
120.253.135.82 - - [17/Aug/2020:10:10:45 +0800] "GET /xingrg/all/function/internal_message.html?_=1597629901567&CODE_STATE=getMsg HTTP/1.1" 200 27
117.184.7.30 - - [17/Aug/2020:10:10:45 +0800] "GET /xingrg/javascript/print/LodopFuncs.js HTTP/1.1" 304 -
117.184.7.30 - - [17/Aug/2020:10:10:46 +0800] "GET /xingrg/javascript/jquery_easy_ui/themes/icons/cance_new.png HTTP/1.1" 304 -
117.184.7.30 - - [17/Aug/2020:10:10:46 +0800] "POST /xingrg/dwr/call/plaincall/AjaxCheckService.loadOrderItems.dwr HTTP/1.1" 200 170761
117.184.7.30 - - [17/Aug/2020:10:10:47 +0800] "GET /xingrg/javascript/jquery_easy_ui/themes/icons/no.png HTTP/1.1" 200 922
58.40.7.146 - - [17/Aug/2020:10:10:50 +0800] "GET /xingrg/all/function/internal_message.html?_=1597630249802&CODE_STATE=getMsg HTTP/1.1" 200 27
222.69.27.237 - - [17/Aug/2020:10:10:51 +0800] "GET /xingrg HTTP/1.1" 302 -
116.230.74.197 - - [17/Aug/2020:10:10:51 +0800] "GET /xingrg/all/function/internal_message.html?_=1597630253969&CODE_STATE=getMsg HTTP/1.1" 200 27
222.69.27.237 - - [17/Aug/2020:10:10:52 +0800] "GET /xingrg/index.html HTTP/1.1" 302 -
222.69.27.237 - - [17/Aug/2020:10:10:52 +0800] "GET /xingrg/login.html HTTP/1.1" 200 7641
222.69.27.237 - - [17/Aug/2020:10:10:52 +0800] "GET /favicon.ico HTTP/1.1" 404 -
222.69.27.237 - - [17/Aug/2020:10:10:53 +0800] "GET /favicon.ico HTTP/1.1" 404 -
117.184.7.26 - - [17/Aug/2020:10:10:54 +0800] "POST /xingrg/dwr/call/plaincall/AjaxCheckService.setItemNumber.dwr HTTP/1.1" 200 76
117.184.7.30 - - [17/Aug/2020:10:10:54 +0800] "POST /xingrg/dwr/call/plaincall/AjaxCheckService.setItemNumber.dwr HTTP/1.1" 200 76
180.175.214.200 - - [17/Aug/2020:10:10:54 +0800] "POST /xingrg/kc/buy/cgsh_order_operate.html HTTP/1.1" 200 37
218.81.217.115 - - [17/Aug/2020:10:10:55 +0800] "GET /xingrg/check_reg.html?_=1597630256312 HTTP/1.1" 200 22
117.184.7.26 - - [17/Aug/2020:10:10:55 +0800] "POST /xingrg/dwr/call/plaincall/AjaxCheckService.setItemNumber.dwr HTTP/1.1" 200 76
117.184.7.30 - - [17/Aug/2020:10:10:55 +0800] "POST /xingrg/dwr/call/plaincall/AjaxCheckService.setItemNumber.dwr HTTP/1.1" 200 76
117.184.7.26 - - [17/Aug/2020:10:10:56 +0800] "POST /xingrg/dwr/call/plaincall/AjaxCheckService.setItemNumber.dwr HTTP/1.1" 200 76
180.175.214.200 - - [17/Aug/2020:10:10:57 +0800] "POST /xingrg/kc/buy/cgsh_order_operate.html HTTP/1.1" 200 12
218.81.217.115 - - [17/Aug/2020:10:10:57 +0800] "GET /xingrg/all/function/internal_message.html?_=1597630258476&CODE_STATE=getMsg HTTP/1.1" 200 27
117.184.7.30 - - [17/Aug/2020:10:10:57 +0800] "POST /xingrg/dwr/call/plaincall/AjaxCheckService.setItemNumber.dwr HTTP/1.1" 200 76
117.184.7.26 - - [17/Aug/2020:10:10:57 +0800] "POST /xingrg/dwr/call/plaincall/AjaxCheckService.setItemNumber.dwr HTTP/1.1" 200 76
180.175.214.200 - - [17/Aug/2020:10:10:57 +0800] "GET /xingrg/kc/buy/cgsh_order_info.html?code=212020081707118 HTTP/1.1" 200 54182
117.184.7.30 - - [17/Aug/2020:10:10:58 +0800] "POST /xingrg/dwr/call/plaincall/AjaxCheckService.setItemNumber.dwr HTTP/1.1" 200 76
117.184.7.26 - - [17/Aug/2020:10:10:59 +0800] "POST /xingrg/dwr/call/plaincall/AjaxCheckService.setItemNumber.dwr HTTP/1.1" 200 76
117.184.7.30 - - [17/Aug/2020:10:10:59 +0800] "POST /xingrg/dwr/call/plaincall/AjaxCheckService.setItemNumber.dwr HTTP/1.1" 200 77
114.89.80.44 - - [17/Aug/2020:10:10:59 +0800] "GET /xingrg/all/function/internal_message.html?_=1597630259389&CODE_STATE=getMsg HTTP/1.1" 200 27
180.175.214.200 - - [17/Aug/2020:10:10:59 +0800] "GET /xingrg/javascript/easyui/themes/default/validatebox.css HTTP/1.1" 404 1104
180.175.214.200 - - [17/Aug/2020:10:10:59 +0800] "POST /xingrg/kc/buy/cgsh_order_operate.html HTTP/1.1" 200 4169
114.89.80.44 - - [17/Aug/2020:10:11:00 +0800] "GET /xingrg/check_reg.html?_=1597630259874 HTTP/1.1" 200 22
114.88.153.118 - - [17/Aug/2020:10:11:00 +0800] "GET /xingrg/all/function/internal_message.html?_=1597629904717&CODE_STATE=getMsg HTTP/1.1" 200 27
117.184.7.26 - - [17/Aug/2020:10:11:00 +0800] "POST /xingrg/dwr/call/plaincall/AjaxCheckService.setItemNumber.dwr HTTP/1.1" 200 77
61.172.5.115 - - [17/Aug/2020:10:11:00 +0800] "GET /xingrg/all/function/internal_message.html?_=1597630250760&CODE_STATE=getMsg HTTP/1.1" 200 27
117.184.7.30 - - [17/Aug/2020:10:11:01 +0800] "POST /xingrg/dwr/call/plaincall/AjaxCheckService.setItemNumber.dwr HTTP/1.1" 200 77
117.184.7.26 - - [17/Aug/2020:10:11:01 +0800] "POST /xingrg/dwr/call/plaincall/AjaxCheckService.setItemNumber.dwr HTTP/1.1" 200 77
222.69.137.86 - - [17/Aug/2020:10:11:02 +0800] "GET /xingrg/check_reg.html?_=1597630261382 HTTP/1.1" 200 22
222.69.137.86 - - [17/Aug/2020:10:11:02 +0800] "GET /xingrg/all/function/internal_message.html?_=1597630261385&CODE_STATE=getMsg HTTP/1.1" 200 27
116.232.54.109 - - [17/Aug/2020:10:11:03 +0800] "GET /xingrg/all/function/internal_message.html?_=1597630312016&CODE_STATE=getMsg HTTP/1.1" 200 27
61.129.6.174 - - [17/Aug/2020:10:11:04 +0800] "GET /xingrg/all/function/internal_message.html?_=1597629567576&CODE_STATE=getMsg HTTP/1.1" 302 -
117.184.7.30 - - [17/Aug/2020:10:11:04 +0800] "POST /xingrg/dwr/call/plaincall/AjaxCheckService.setItemNumber.dwr HTTP/1.1" 200 77
222.69.27.237 - - [17/Aug/2020:10:11:04 +0800] "POST /xingrg/login.do HTTP/1.1" 302 -
222.69.27.237 - - [17/Aug/2020:10:11:04 +0800] "GET /xingrg/index.html?sysBaseUrl=http%3A%2F%2F180.169.147.146%3A18081%2Fxingrg%2F&costTime=39×tamp=1597630264852 HTTP/1.1" 200 17179
222.69.27.237 - - [17/Aug/2020:10:11:04 +0800] "GET /xingrg/css/form.css HTTP/1.1" 200 893
222.69.27.237 - - [17/Aug/2020:10:11:04 +0800] "GET /xingrg/javascript/jquery_easy_ui/themes/icon.css HTTP/1.1" 200 3949
222.69.27.237 - - [17/Aug/2020:10:11:04 +0800] "GET /xingrg/javascript/jquery-1.4.2.min.js HTTP/1.1" 200 72205
222.69.27.237 - - [17/Aug/2020:10:11:04 +0800] "GET /xingrg/javascript/jquery_easy_ui/easyui-lang-zh_CN.js HTTP/1.1" 200 1900
222.69.27.237 - - [17/Aug/2020:10:11:04 +0800] "GET /xingrg/javascript/jquery.timers.js HTTP/1.1" 200 3532
222.69.27.237 - - [17/Aug/2020:10:11:04 +0800] "GET /xingrg/javascript/jquery_easy_ui/jquery.easyui.min.js HTTP/1.1" 200 213662
222.69.27.237 - - [17/Aug/2020:10:11:04 +0800] "GET /xingrg/javascript/jquery.utils.js HTTP/1.1" 200 11805
222.69.27.237 - - [17/Aug/2020:10:11:04 +0800] "GET /xingrg/javascript/jquery.form.js HTTP/1.1" 200 23110
222.69.27.237 - - [17/Aug/2020:10:11:04 +0800] "GET /xingrg/javascript/jquery_easy_ui/themes/default/easyui.css HTTP/1.1" 200 26500
222.69.27.237 - - [17/Aug/2020:10:11:05 +0800] "GET /favicon.ico HTTP/1.1" 404 -
222.69.27.237 - - [17/Aug/2020:10:11:05 +0800] "GET /xingrg/javascript/jquery_easy_ui/themes/icons/settle_new.png HTTP/1.1" 200 826
222.69.27.237 - - [17/Aug/2020:10:11:05 +0800] "GET /xingrg/images/blue/navBackgound.jpg HTTP/1.1" 200 12378
222.69.27.237 - - [17/Aug/2020:10:11:05 +0800] "POST /xingrg/all/common/load_tree.html?tree=area_rest_tree_json&manage=1 HTTP/1.1" 200 351
222.69.27.237 - - [17/Aug/2020:10:11:05 +0800] "GET /xingrg/check_reg.html?_=1597630140270 HTTP/1.1" 200 22
222.69.27.237 - - [17/Aug/2020:10:11:05 +0800] "GET /xingrg/images/blue/pingpu.png HTTP/1.1" 200 231
222.69.27.237 - - [17/Aug/2020:10:11:05 +0800] "GET /xingrg/all/function/internal_message.html?_=1597630140269&CODE_STATE=count HTTP/1.1" 200 11
222.69.27.237 - - [17/Aug/2020:10:11:05 +0800] "GET /xingrg/javascript/jquery_easy_ui/themes/default/images/tabs_leftarrow.png HTTP/1.1" 200 389
222.69.27.237 - - [17/Aug/2020:10:11:05 +0800] "GET /xingrg/javascript/jquery_easy_ui/themes/default/images/panel_tool_collapse.gif HTTP/1.1" 200 246
222.69.27.237 - - [17/Aug/2020:10:11:05 +0800] "GET /xingrg/javascript/jquery_easy_ui/themes/default/images/tabs_rightarrow.png HTTP/1.1" 200 395
222.69.27.237 - - [17/Aug/2020:10:11:05 +0800] "GET /xingrg/javascript/jquery_easy_ui/themes/default/images/tree_arrows.gif HTTP/1.1" 200 1043
222.69.27.237 - - [17/Aug/2020:10:11:05 +0800] "POST /xingrg/load_menu.html HTTP/1.1" 200 5138
222.69.27.237 - - [17/Aug/2020:10:11:05 +0800] "GET /xingrg/javascript/jquery_easy_ui/themes/default/images/tree_folder_open.gif HTTP/1.1" 200 956
222.69.27.237 - - [17/Aug/2020:10:11:05 +0800] "GET /xingrg/javascript/jquery_easy_ui/themes/icons/storage_new.png HTTP/1.1" 200 853
222.69.27.237 - - [17/Aug/2020:10:11:05 +0800] "GET /xingrg/javascript/jquery_easy_ui/themes/icons/search_new.png HTTP/1.1" 200 586
222.69.27.237 - - [17/Aug/2020:10:11:05 +0800] "GET /xingrg/javascript/jquery_easy_ui/themes/icons/forms_new.png HTTP/1.1" 200 350
222.69.27.237 - - [17/Aug/2020:10:11:05 +0800] "GET /xingrg/javascript/jquery_easy_ui/themes/default/images/tree_folder.gif HTTP/1.1" 200 952
222.69.27.237 - - [17/Aug/2020:10:11:05 +0800] "GET /xingrg/javascript/jquery_easy_ui/themes/default/images/tree_file.gif HTTP/1.1" 200 118
172.17.200.101 - - [17/Aug/2020:10:11:06 +0800] "GET /xingrg/all/function/internal_message.html?_=1597630267474&CODE_STATE=getMsg HTTP/1.1" 200 27
180.175.214.200 - - [17/Aug/2020:10:11:06 +0800] "GET /xingrg/kc/print/load_data.html?order_code=212020081707118&kc_code=cgsh&condition= HTTP/1.1" 200 2012
117.184.7.26 - - [17/Aug/2020:10:11:07 +0800] "POST /xingrg/dwr/call/plaincall/AjaxCheckService.setItemNumber.dwr HTTP/1.1" 200 77
117.184.7.30 - - [17/Aug/2020:10:11:07 +0800] "POST /xingrg/dwr/call/plaincall/AjaxCheckService.setItemNumber.dwr HTTP/1.1" 200 77
117.184.7.26 - - [17/Aug/2020:10:11:07 +0800] "POST /xingrg/dwr/call/plaincall/AjaxCheckService.setItemNumber.dwr HTTP/1.1" 200 77
61.129.6.174 - - [17/Aug/2020:10:11:08 +0800] "GET /xingrg/login.html HTTP/1.1" 200 7641
117.184.7.30 - - [17/Aug/2020:10:11:09 +0800] "POST /xingrg/dwr/call/plaincall/AjaxCheckService.setItemNumber.dwr HTTP/1.1" 200 77
114.89.80.44 - - [17/Aug/2020:10:11:12 +0800] "GET /xingrg/all/function/internal_message.html?_=1597630393122&CODE_STATE=getMsg HTTP/1.1" 200 27
117.184.7.26 - - [17/Aug/2020:10:11:12 +0800] "POST /xingrg/dwr/call/plaincall/AjaxCheckService.setItemNumber.dwr HTTP/1.1" 200 77
117.184.7.30 - - [17/Aug/2020:10:11:15 +0800] "POST /xingrg/dwr/call/plaincall/AjaxCheckService.setItemNumber.dwr HTTP/1.1" 200 77
117.184.7.26 - - [17/Aug/2020:10:11:21 +0800] "POST /xingrg/dwr/call/plaincall/AjaxCheckService.setItemNumber.dwr HTTP/1.1" 200 77
114.88.165.122 - - [17/Aug/2020:10:11:22 +0800] "GET /xingrg/all/function/internal_message.html?_=1597630281866&CODE_STATE=getMsg HTTP/1.1" 200 27
172.17.0.100 - - [17/Aug/2020:10:11:22 +0800] "GET /xingrg/all/function/internal_message.html?_=1597630300881&CODE_STATE=getMsg HTTP/1.1" 200 27
61.172.5.115 - - [17/Aug/2020:10:11:26 +0800] "GET /xingrg/kc/buy/cgsh_order_operate.html?command=get_materiel&rest_code=00105&code=00101008323&supplier_code=00100203&order_time=2020-08-17 HTTP/1.1" 200 408
180.175.214.200 - - [17/Aug/2020:10:11:26 +0800] "GET /xingrg/all/function/internal_message.html?_=1597630493029&CODE_STATE=getMsg HTTP/1.1" 200 27
117.184.7.26 - - [17/Aug/2020:10:11:26 +0800] "POST /xingrg/dwr/call/plaincall/AjaxCheckService.setItemNumber.dwr HTTP/1.1" 200 77
218.81.217.115 - - [17/Aug/2020:10:11:27 +0800] "GET /xingrg/all/function/internal_message.html?_=1597630288470&CODE_STATE=getMsg HTTP/1.1" 302 -
114.88.153.118 - - [17/Aug/2020:10:11:27 +0800] "GET /xingrg/all/function/internal_message.html?_=1597630287607&CODE_STATE=getMsg HTTP/1.1" 200 27
117.184.7.26 - - [17/Aug/2020:10:11:28 +0800] "POST /xingrg/dwr/call/plaincall/AjaxCheckService.setItemNumber.dwr HTTP/1.1" 200 77
117.184.7.30 - - [17/Aug/2020:10:11:29 +0800] "GET /xingrg/all/function/internal_message.html?_=1597630287833&CODE_STATE=getMsg HTTP/1.1" 200 27
117.184.7.30 - - [17/Aug/2020:10:11:29 +0800] "GET /xingrg/check_reg.html?_=1597630287835 HTTP/1.1" 200 22
117.184.7.26 - - [17/Aug/2020:10:11:30 +0800] "POST /xingrg/dwr/call/plaincall/AjaxCheckService.setItemNumber.dwr HTTP/1.1" 200 77
117.131.5.26 - - [17/Aug/2020:10:11:31 +0800] "GET /xingrg/all/function/internal_message.html?_=1597630668757&CODE_STATE=getMsg HTTP/1.1" 200 27
172.17.0.123 - - [17/Aug/2020:10:11:31 +0800] "GET /xingrg/all/function/internal_message.html?_=1597630208858&CODE_STATE=getMsg HTTP/1.1" 200 27
117.184.7.26 - - [17/Aug/2020:10:11:33 +0800] "POST /xingrg/dwr/call/plaincall/AjaxCheckService.setItemNumber.dwr HTTP/1.1" 200 77
117.184.7.26 - - [17/Aug/2020:10:11:36 +0800] "POST /xingrg/dwr/call/plaincall/AjaxCheckService.setItemNumber.dwr HTTP/1.1" 200 77
172.17.0.185 - - [17/Aug/2020:10:11:37 +0800] "GET /xingrg/all/function/internal_message.html?_=1597630296816&CODE_STATE=getMsg HTTP/1.1" 302 -
117.184.7.26 - - [17/Aug/2020:10:11:38 +0800] "GET /xingrg/all/function/internal_message.html?_=1597630297067&CODE_STATE=getMsg HTTP/1.1" 200 27
117.184.7.26 - - [17/Aug/2020:10:11:42 +0800] "POST /xingrg/dwr/call/plaincall/AjaxCheckService.setItemNumber.dwr HTTP/1.1" 200 77
180.157.251.101 - - [17/Aug/2020:10:11:43 +0800] "GET /xingrg/all/function/internal_message.html?_=1597630303438&CODE_STATE=getMsg HTTP/1.1" 200 27
114.88.165.122 - - [17/Aug/2020:10:11:44 +0800] "GET /xingrg/all/function/internal_message.html?_=1597630349902&CODE_STATE=getMsg HTTP/1.1" 200 27
120.253.135.82 - - [17/Aug/2020:10:11:45 +0800] "GET /xingrg/all/function/internal_message.html?_=1597629961567&CODE_STATE=getMsg HTTP/1.1" 200 27
172.17.0.101 - - [17/Aug/2020:10:11:45 +0800] "GET /xingrg/all/function/internal_message.html?_=1597630305856&CODE_STATE=getMsg HTTP/1.1" 302 -
58.40.7.146 - - [17/Aug/2020:10:11:50 +0800] "GET /xingrg/all/function/internal_message.html?_=1597630309806&CODE_STATE=getMsg HTTP/1.1" 200 27
116.230.74.197 - - [17/Aug/2020:10:11:51 +0800] "GET /xingrg/all/function/internal_message.html?_=1597630313967&CODE_STATE=getMsg HTTP/1.1" 200 27
61.172.5.115 - - [17/Aug/2020:10:11:52 +0800] "GET /xingrg/kc/buy/cgsh_order_operate.html?command=get_materiel&rest_code=00105&code=00101008302&supplier_code=00100203&order_time=2020-08-17 HTTP/1.1" 200 412
117.184.7.26 - - [17/Aug/2020:10:11:57 +0800] "POST /xingrg/dwr/call/plaincall/AjaxCheckService.setItemNumber.dwr HTTP/1.1" 200 77
218.81.217.115 - - [17/Aug/2020:10:11:57 +0800] "GET /xingrg/all/function/internal_message.html?_=1597630318490&CODE_STATE=getMsg HTTP/1.1" 200 27
114.89.80.44 - - [17/Aug/2020:10:11:59 +0800] "GET /xingrg/all/function/internal_message.html?_=1597630319484&CODE_STATE=getMsg HTTP/1.1" 200 27
117.184.7.26 - - [17/Aug/2020:10:12:00 +0800] "POST /xingrg/dwr/call/plaincall/AjaxCheckService.setItemNumber.dwr HTTP/1.1" 200 77
114.88.153.118 - - [17/Aug/2020:10:12:00 +0800] "GET /xingrg/all/function/internal_message.html?_=1597629964716&CODE_STATE=getMsg HTTP/1.1" 200 27
61.172.5.115 - - [17/Aug/2020:10:12:00 +0800] "GET /xingrg/all/function/internal_message.html?_=1597630310753&CODE_STATE=getMsg HTTP/1.1" 200 27
117.184.7.26 - - [17/Aug/2020:10:12:02 +0800] "POST /xingrg/dwr/call/plaincall/AjaxCheckService.setItemNumber.dwr HTTP/1.1" 200 77
116.232.54.109 - - [17/Aug/2020:10:12:02 +0800] "GET /xingrg/all/function/internal_message.html?_=1597630372015&CODE_STATE=getMsg HTTP/1.1" 200 27
222.69.137.86 - - [17/Aug/2020:10:12:02 +0800] "GET /xingrg/all/function/internal_message.html?_=1597630321374&CODE_STATE=getMsg HTTP/1.1" 200 27
222.69.27.237 - - [17/Aug/2020:10:12:05 +0800] "GET /xingrg/all/function/internal_message.html?_=1597630200276&CODE_STATE=getMsg HTTP/1.1" 200 27
172.17.200.101 - - [17/Aug/2020:10:12:06 +0800] "GET /xingrg/all/function/internal_message.html?_=1597630327474&CODE_STATE=getMsg HTTP/1.1" 200 27
117.184.7.26 - - [17/Aug/2020:10:12:06 +0800] "POST /xingrg/dwr/call/plaincall/AjaxCheckService.setItemNumber.dwr HTTP/1.1" 200 77
114.89.80.44 - - [17/Aug/2020:10:12:06 +0800] "POST /xingrg/kc/buy/cgsh_order_operate.html HTTP/1.1" 200 37
117.184.7.26 - - [17/Aug/2020:10:12:07 +0800] "POST /xingrg/dwr/call/plaincall/AjaxCheckService.setItemNumber.dwr HTTP/1.1" 200 77
117.184.7.26 - - [17/Aug/2020:10:12:10 +0800] "POST /xingrg/dwr/call/plaincall/AjaxCheckService.setItemNumber.dwr HTTP/1.1" 200 77
117.184.7.30 - - [17/Aug/2020:10:12:10 +0800] "POST /xingrg/dwr/call/plaincall/AjaxCheckService.setItemNumber.dwr HTTP/1.1" 200 77
117.184.7.26 - - [17/Aug/2020:10:12:10 +0800] "POST /xingrg/dwr/call/plaincall/AjaxCheckService.setItemNumber.dwr HTTP/1.1" 200 77
61.172.5.115 - - [17/Aug/2020:10:12:12 +0800] "GET /xingrg/kc/buy/cgsh_order_operate.html?command=get_materiel&rest_code=00105&code=00101008244&supplier_code=00100203&order_time=2020-08-17 HTTP/1.1" 200 408
117.184.7.30 - - [17/Aug/2020:10:12:12 +0800] "POST /xingrg/dwr/call/plaincall/AjaxCheckService.setItemNumber.dwr HTTP/1.1" 200 77
114.89.80.44 - - [17/Aug/2020:10:12:12 +0800] "GET /xingrg/all/function/internal_message.html?_=1597630453129&CODE_STATE=getMsg HTTP/1.1" 200 27
117.184.7.26 - - [17/Aug/2020:10:12:12 +0800] "POST /xingrg/dwr/call/plaincall/AjaxCheckService.setItemNumber.dwr HTTP/1.1" 200 77
117.184.7.30 - - [17/Aug/2020:10:12:13 +0800] "POST /xingrg/dwr/call/plaincall/AjaxCheckService.setItemNumber.dwr HTTP/1.1" 200 77
117.184.7.26 - - [17/Aug/2020:10:12:13 +0800] "POST /xingrg/dwr/call/plaincall/AjaxCheckService.setItemNumber.dwr HTTP/1.1" 200 77
114.89.80.44 - - [17/Aug/2020:10:12:13 +0800] "POST /xingrg/kc/buy/cgsh_order_operate.html HTTP/1.1" 200 12
114.89.80.44 - - [17/Aug/2020:10:12:14 +0800] "GET /xingrg/kc/buy/cgsh_order_info.html?code=212020081707112 HTTP/1.1" 200 53924
114.89.80.44 - - [17/Aug/2020:10:12:15 +0800] "GET /xingrg/javascript/easyui/themes/default/validatebox.css HTTP/1.1" 404 1104
114.89.80.44 - - [17/Aug/2020:10:12:15 +0800] "POST /xingrg/kc/buy/cgsh_order_operate.html HTTP/1.1" 200 32090
218.81.217.115 - - [17/Aug/2020:10:12:16 +0800] "GET /xingrg/check_reg.html?_=1597630337661 HTTP/1.1" 302 -
114.89.80.44 - - [17/Aug/2020:10:12:16 +0800] "GET /xingrg/kc/print/load_data.html?order_code=212020081707112&kc_code=cgsh&condition= HTTP/1.1" 200 12748
117.184.7.30 - - [17/Aug/2020:10:12:17 +0800] "POST /xingrg/dwr/call/plaincall/AjaxCheckService.setItemNumber.dwr HTTP/1.1" 200 77
117.184.7.26 - - [17/Aug/2020:10:12:17 +0800] "POST /xingrg/dwr/call/plaincall/AjaxCheckService.setItemNumber.dwr HTTP/1.1" 200 77
117.184.7.30 - - [17/Aug/2020:10:12:18 +0800] "POST /xingrg/dwr/call/plaincall/AjaxCheckService.setItemNumber.dwr HTTP/1.1" 200 77
117.184.7.26 - - [17/Aug/2020:10:12:18 +0800] "POST /xingrg/dwr/call/plaincall/AjaxCheckService.setItemNumber.dwr HTTP/1.1" 200 77
117.184.7.30 - - [17/Aug/2020:10:12:19 +0800] "POST /xingrg/dwr/call/plaincall/AjaxCheckService.setItemNumber.dwr HTTP/1.1" 200 77
117.184.7.26 - - [17/Aug/2020:10:12:20 +0800] "POST /xingrg/dwr/call/plaincall/AjaxCheckService.setItemNumber.dwr HTTP/1.1" 200 77
117.184.7.30 - - [17/Aug/2020:10:12:21 +0800] "POST /xingrg/dwr/call/plaincall/AjaxCheckService.setItemNumber.dwr HTTP/1.1" 200 77
117.184.7.26 - - [17/Aug/2020:10:12:21 +0800] "POST /xingrg/dwr/call/plaincall/AjaxCheckService.setItemNumber.dwr HTTP/1.1" 200 77
114.88.165.122 - - [17/Aug/2020:10:12:22 +0800] "GET /xingrg/all/function/internal_message.html?_=1597630341877&CODE_STATE=getMsg HTTP/1.1" 200 27
172.17.0.100 - - [17/Aug/2020:10:12:22 +0800] "GET /xingrg/all/function/internal_message.html?_=1597630360881&CODE_STATE=getMsg HTTP/1.1" 200 27
117.184.7.30 - - [17/Aug/2020:10:12:23 +0800] "POST /xingrg/dwr/call/plaincall/AjaxCheckService.setItemNumber.dwr HTTP/1.1" 200 77
117.184.7.26 - - [17/Aug/2020:10:12:24 +0800] "POST /xingrg/dwr/call/plaincall/AjaxCheckService.setItemNumber.dwr HTTP/1.1" 200 77
117.184.7.30 - - [17/Aug/2020:10:12:25 +0800] "POST /xingrg/dwr/call/plaincall/AjaxCheckService.setItemNumber.dwr HTTP/1.1" 200 77
117.184.7.26 - - [17/Aug/2020:10:12:26 +0800] "POST /xingrg/dwr/call/plaincall/AjaxCheckService.setItemNumber.dwr HTTP/1.1" 200 77
117.184.7.30 - - [17/Aug/2020:10:12:26 +0800] "POST /xingrg/dwr/call/plaincall/AjaxCheckService.setItemNumber.dwr HTTP/1.1" 200 77
180.175.214.200 - - [17/Aug/2020:10:12:26 +0800] "GET /xingrg/check_reg.html?_=1597630552528 HTTP/1.1" 200 22
114.89.80.44 - - [17/Aug/2020:10:12:26 +0800] "POST /xingrg/kc/buy/cgsh_list_operate.html HTTP/1.1" 200 876
117.184.7.26 - - [17/Aug/2020:10:12:26 +0800] "POST /xingrg/dwr/call/plaincall/AjaxCheckService.setItemNumber.dwr HTTP/1.1" 200 77
180.175.214.200 - - [17/Aug/2020:10:12:26 +0800] "GET /xingrg/all/function/internal_message.html?_=1597630553048&CODE_STATE=getMsg HTTP/1.1" 200 27
218.81.217.115 - - [17/Aug/2020:10:12:27 +0800] "GET /xingrg/all/function/internal_message.html?_=1597630348472&CODE_STATE=getMsg HTTP/1.1" 302 -
114.88.153.118 - - [17/Aug/2020:10:12:27 +0800] "GET /xingrg/all/function/internal_message.html?_=1597630347606&CODE_STATE=getMsg HTTP/1.1" 200 27
117.184.7.30 - - [17/Aug/2020:10:12:29 +0800] "GET /xingrg/all/function/internal_message.html?_=1597630347820&CODE_STATE=getMsg HTTP/1.1" 200 27
117.131.5.26 - - [17/Aug/2020:10:12:31 +0800] "GET /xingrg/check_reg.html?_=1597630728755 HTTP/1.1" 200 22
117.131.5.26 - - [17/Aug/2020:10:12:31 +0800] "GET /xingrg/all/function/internal_message.html?_=1597630728754&CODE_STATE=getMsg HTTP/1.1" 200 27
172.17.0.123 - - [17/Aug/2020:10:12:31 +0800] "GET /xingrg/all/function/internal_message.html?_=1597630268860&CODE_STATE=getMsg HTTP/1.1" 200 27
117.184.7.30 - - [17/Aug/2020:10:12:32 +0800] "POST /xingrg/dwr/call/plaincall/AjaxCheckService.setItemNumber.dwr HTTP/1.1" 200 77
61.172.5.115 - - [17/Aug/2020:10:12:34 +0800] "GET /xingrg/kc/buy/cgsh_order_operate.html?command=get_materiel&rest_code=00105&code=00101008112&supplier_code=00100203&order_time=2020-08-17 HTTP/1.1" 200 412
172.17.0.185 - - [17/Aug/2020:10:12:37 +0800] "GET /xingrg/all/function/internal_message.html?_=1597630356819&CODE_STATE=getMsg HTTP/1.1" 302 -
117.184.7.30 - - [17/Aug/2020:10:12:37 +0800] "POST /xingrg/dwr/call/plaincall/AjaxCheckService.setItemNumber.dwr HTTP/1.1" 200 77
117.184.7.26 - - [17/Aug/2020:10:12:38 +0800] "POST /xingrg/dwr/call/plaincall/AjaxCheckService.setItemNumber.dwr HTTP/1.1" 200 77
117.184.7.30 - - [17/Aug/2020:10:12:39 +0800] "POST /xingrg/dwr/call/plaincall/AjaxCheckService.setItemNumber.dwr HTTP/1.1" 200 77
117.184.7.26 - - [17/Aug/2020:10:12:41 +0800] "POST /xingrg/dwr/call/plaincall/AjaxCheckService.setItemNumber.dwr HTTP/1.1" 200 77
117.184.7.30 - - [17/Aug/2020:10:12:42 +0800] "GET /xingrg/all/function/internal_message.html?_=1597630360235&CODE_STATE=getMsg HTTP/1.1" 200 27
180.157.251.101 - - [17/Aug/2020:10:12:43 +0800] "GET /xingrg/all/function/internal_message.html?_=1597630363452&CODE_STATE=getMsg HTTP/1.1" 200 27
114.88.165.122 - - [17/Aug/2020:10:12:44 +0800] "GET /xingrg/all/function/internal_message.html?_=1597630409901&CODE_STATE=getMsg HTTP/1.1" 200 27
117.184.7.26 - - [17/Aug/2020:10:12:44 +0800] "POST /xingrg/dwr/call/plaincall/AjaxCheckService.setItemNumber.dwr HTTP/1.1" 200 77
120.253.135.82 - - [17/Aug/2020:10:12:45 +0800] "GET /xingrg/all/function/internal_message.html?_=1597630021568&CODE_STATE=getMsg HTTP/1.1" 200 27
172.17.0.101 - - [17/Aug/2020:10:12:45 +0800] "GET /xingrg/all/function/internal_message.html?_=1597630365871&CODE_STATE=getMsg HTTP/1.1" 302 -
180.157.251.101 - - [17/Aug/2020:10:12:45 +0800] "GET /xingrg/kc/buy/cgsh_order_operate.html?command=get_materiel&rest_code=00148&code=00101016053&supplier_code=00100036&order_time=2020-08-17 HTTP/1.1" 200 408
117.184.7.30 - - [17/Aug/2020:10:12:46 +0800] "POST /xingrg/dwr/call/plaincall/AjaxCheckService.setItemNumber.dwr HTTP/1.1" 200 77
117.184.7.26 - - [17/Aug/2020:10:12:47 +0800] "POST /xingrg/dwr/call/plaincall/AjaxCheckService.setItemNumber.dwr HTTP/1.1" 200 77
101.91.60.11 - - [17/Aug/2020:10:12:47 +0800] "GET /xingrg/all/function/internal_message.html?_=1597629627570&CODE_STATE=getMsg HTTP/1.1" 302 -
117.184.7.30 - - [17/Aug/2020:10:12:47 +0800] "POST /xingrg/dwr/call/plaincall/AjaxCheckService.setItemNumber.dwr HTTP/1.1" 200 77
61.172.5.115 - - [17/Aug/2020:10:12:48 +0800] "POST /xingrg/kc/buy/cgsh_order_operate.html HTTP/1.1" 200 2065
117.184.7.26 - - [17/Aug/2020:10:12:49 +0800] "POST /xingrg/dwr/call/plaincall/AjaxCheckService.setItemNumber.dwr HTTP/1.1" 200 77
117.184.7.30 - - [17/Aug/2020:10:12:49 +0800] "POST /xingrg/dwr/call/plaincall/AjaxCheckService.setItemNumber.dwr HTTP/1.1" 200 77
58.40.7.146 - - [17/Aug/2020:10:12:50 +0800] "GET /xingrg/all/function/internal_message.html?_=1597630369812&CODE_STATE=getMsg HTTP/1.1" 200 27
117.184.7.26 - - [17/Aug/2020:10:12:50 +0800] "POST /xingrg/dwr/call/plaincall/AjaxCheckService.setItemNumber.dwr HTTP/1.1" 200 77
116.230.74.197 - - [17/Aug/2020:10:12:51 +0800] "GET /xingrg/all/function/internal_message.html?_=1597630373968&CODE_STATE=getMsg HTTP/1.1" 200 27
101.91.60.11 - - [17/Aug/2020:10:12:52 +0800] "GET /xingrg/login.html HTTP/1.1" 200 7641
117.184.7.30 - - [17/Aug/2020:10:12:55 +0800] "POST /xingrg/dwr/call/plaincall/AjaxCheckService.setItemNumber.dwr HTTP/1.1" 200 77
117.184.7.26 - - [17/Aug/2020:10:12:55 +0800] "POST /xingrg/dwr/call/plaincall/AjaxCheckService.setItemNumber.dwr HTTP/1.1" 200 77
117.184.7.30 - - [17/Aug/2020:10:12:56 +0800] "POST /xingrg/dwr/call/plaincall/AjaxCheckService.setItemNumber.dwr HTTP/1.1" 200 77
117.184.7.26 - - [17/Aug/2020:10:12:56 +0800] "POST /xingrg/dwr/call/plaincall/AjaxCheckService.setItemNumber.dwr HTTP/1.1" 200 77
