120.253.135.82 - - [17/Aug/2020:08:10:53 +0800] "GET /xingrg/kc/pszx/mdqp_order_list.html?state=10 HTTP/1.1" 200 10565
120.253.135.82 - - [17/Aug/2020:08:10:53 +0800] "GET /xingrg/dwr/interface/AjaxQqpsService.js HTTP/1.1" 200 16326
120.253.135.82 - - [17/Aug/2020:08:10:53 +0800] "GET /xingrg/dwr/interface/AjaxReportQueryService.js HTTP/1.1" 200 13203
120.253.135.82 - - [17/Aug/2020:08:10:53 +0800] "GET /xingrg/dwr/engine.js HTTP/1.1" 200 43631
120.253.135.82 - - [17/Aug/2020:08:11:02 +0800] "GET /xingrg/all/function/internal_message.html?_=1597622814637&CODE_STATE=getMsg HTTP/1.1" 200 27
218.81.217.115 - - [17/Aug/2020:08:11:25 +0800] "GET /xingrg/all/function/internal_message.html?_=1597623086808&CODE_STATE=getMsg HTTP/1.1" 200 27
172.17.0.123 - - [17/Aug/2020:08:11:31 +0800] "GET /xingrg/all/function/internal_message.html?_=1597623008862&CODE_STATE=getMsg HTTP/1.1" 200 27
172.17.0.185 - - [17/Aug/2020:08:11:37 +0800] "GET /xingrg/all/function/internal_message.html?_=1597623096807&CODE_STATE=getMsg HTTP/1.1" 302 -
172.17.0.101 - - [17/Aug/2020:08:11:38 +0800] "GET /xingrg/all/function/internal_message.html?_=1597623098839&CODE_STATE=getMsg HTTP/1.1" 302 -
120.253.135.82 - - [17/Aug/2020:08:11:44 +0800] "GET /xingrg/all/function/internal_message.html?_=1597622761359&CODE_STATE=getMsg HTTP/1.1" 200 27
58.40.7.146 - - [17/Aug/2020:08:11:49 +0800] "GET /xingrg/all/function/internal_message.html?_=1597623109764&CODE_STATE=getMsg HTTP/1.1" 200 27
120.253.135.82 - - [17/Aug/2020:08:12:02 +0800] "GET /xingrg/all/function/internal_message.html?_=1597622874940&CODE_STATE=getMsg HTTP/1.1" 200 27
120.253.135.82 - - [17/Aug/2020:08:12:07 +0800] "GET /xingrg/kc/report/report_main.html HTTP/1.1" 200 9370
120.253.135.82 - - [17/Aug/2020:08:12:08 +0800] "GET /xingrg/kc/base/kc_stocks.html HTTP/1.1" 200 16329
120.253.135.82 - - [17/Aug/2020:08:12:08 +0800] "GET /xingrg/javascript/easyui/themes/default/tree.css HTTP/1.1" 404 1090
120.253.135.82 - - [17/Aug/2020:08:12:08 +0800] "POST /xingrg/all/common/load_tree.html?tree=materiel_sort_tree_json HTTP/1.1" 200 8666
120.253.135.82 - - [17/Aug/2020:08:12:09 +0800] "POST /xingrg/all/common/load_combo.html?type=base HTTP/1.1" 200 899
218.81.217.115 - - [17/Aug/2020:08:12:16 +0800] "GET /xingrg/check_reg.html?_=1597623137486 HTTP/1.1" 200 22
120.253.135.82 - - [17/Aug/2020:08:12:17 +0800] "POST /xingrg/kc/base/stock_operate.html HTTP/1.1" 200 1467
218.81.217.115 - - [17/Aug/2020:08:12:25 +0800] "GET /xingrg/all/function/internal_message.html?_=1597623146811&CODE_STATE=getMsg HTTP/1.1" 200 27
120.253.135.82 - - [17/Aug/2020:08:12:28 +0800] "POST /xingrg/kc/base/stock_operate.html HTTP/1.1" 200 1738
172.17.0.123 - - [17/Aug/2020:08:12:31 +0800] "GET /xingrg/all/function/internal_message.html?_=1597623068866&CODE_STATE=getMsg HTTP/1.1" 200 27
172.17.0.185 - - [17/Aug/2020:08:12:37 +0800] "GET /xingrg/all/function/internal_message.html?_=1597623156811&CODE_STATE=getMsg HTTP/1.1" 302 -
172.17.0.101 - - [17/Aug/2020:08:12:38 +0800] "GET /xingrg/all/function/internal_message.html?_=1597623158842&CODE_STATE=getMsg HTTP/1.1" 302 -
120.253.135.82 - - [17/Aug/2020:08:12:44 +0800] "GET /xingrg/all/function/internal_message.html?_=1597622821357&CODE_STATE=getMsg HTTP/1.1" 200 27
58.40.7.146 - - [17/Aug/2020:08:12:49 +0800] "GET /xingrg/all/function/internal_message.html?_=1597623169753&CODE_STATE=getMsg HTTP/1.1" 200 27
120.253.135.82 - - [17/Aug/2020:08:12:54 +0800] "POST /xingrg/kc/base/stock_operate.html HTTP/1.1" 200 765
120.253.135.82 - - [17/Aug/2020:08:13:01 +0800] "POST /xingrg/kc/base/stock_operate.html HTTP/1.1" 200 1471
120.253.135.82 - - [17/Aug/2020:08:13:02 +0800] "GET /xingrg/all/function/internal_message.html?_=1597622934945&CODE_STATE=getMsg HTTP/1.1" 200 27
120.253.135.82 - - [17/Aug/2020:08:13:25 +0800] "POST /xingrg/kc/base/stock_operate.html HTTP/1.1" 200 1467
218.81.217.115 - - [17/Aug/2020:08:13:25 +0800] "GET /xingrg/all/function/internal_message.html?_=1597623206824&CODE_STATE=getMsg HTTP/1.1" 200 27
172.17.0.123 - - [17/Aug/2020:08:13:31 +0800] "GET /xingrg/all/function/internal_message.html?_=1597623128856&CODE_STATE=getMsg HTTP/1.1" 200 27
172.17.0.123 - - [17/Aug/2020:08:13:31 +0800] "GET /xingrg/check_reg.html?_=1597623128857 HTTP/1.1" 200 22
172.17.0.185 - - [17/Aug/2020:08:13:37 +0800] "GET /xingrg/all/function/internal_message.html?_=1597623216816&CODE_STATE=getMsg HTTP/1.1" 302 -
172.17.0.101 - - [17/Aug/2020:08:13:38 +0800] "GET /xingrg/all/function/internal_message.html?_=1597623218965&CODE_STATE=getMsg HTTP/1.1" 302 -
120.253.135.82 - - [17/Aug/2020:08:13:39 +0800] "POST /xingrg/kc/base/stock_operate.html HTTP/1.1" 200 1486
120.253.135.82 - - [17/Aug/2020:08:13:44 +0800] "GET /xingrg/all/function/internal_message.html?_=1597622881357&CODE_STATE=getMsg HTTP/1.1" 200 27
58.40.7.146 - - [17/Aug/2020:08:13:49 +0800] "GET /xingrg/all/function/internal_message.html?_=1597623229755&CODE_STATE=getMsg HTTP/1.1" 200 27
120.253.135.82 - - [17/Aug/2020:08:14:02 +0800] "GET /xingrg/all/function/internal_message.html?_=1597622994960&CODE_STATE=getMsg HTTP/1.1" 200 27
120.253.135.82 - - [17/Aug/2020:08:14:18 +0800] "POST /xingrg/kc/base/stock_operate.html HTTP/1.1" 200 1483
218.81.217.115 - - [17/Aug/2020:08:14:25 +0800] "GET /xingrg/all/function/internal_message.html?_=1597623266847&CODE_STATE=getMsg HTTP/1.1" 200 27
172.17.0.123 - - [17/Aug/2020:08:14:31 +0800] "GET /xingrg/all/function/internal_message.html?_=1597623188858&CODE_STATE=getMsg HTTP/1.1" 200 27
172.17.0.185 - - [17/Aug/2020:08:14:37 +0800] "GET /xingrg/check_reg.html?_=1597623276805 HTTP/1.1" 302 -
172.17.0.185 - - [17/Aug/2020:08:14:37 +0800] "GET /xingrg/all/function/internal_message.html?_=1597623276809&CODE_STATE=getMsg HTTP/1.1" 302 -
172.17.0.101 - - [17/Aug/2020:08:14:38 +0800] "GET /xingrg/all/function/internal_message.html?_=1597623278979&CODE_STATE=getMsg HTTP/1.1" 302 -
120.253.135.82 - - [17/Aug/2020:08:14:44 +0800] "GET /xingrg/all/function/internal_message.html?_=1597622941359&CODE_STATE=getMsg HTTP/1.1" 200 27
120.253.135.82 - - [17/Aug/2020:08:14:44 +0800] "GET /xingrg/check_reg.html?_=1597622941357 HTTP/1.1" 200 22
120.253.135.82 - - [17/Aug/2020:08:14:49 +0800] "POST /xingrg/kc/base/stock_operate.html HTTP/1.1" 200 1472
120.253.135.82 - - [17/Aug/2020:08:14:49 +0800] "POST /xingrg/kc/base/stock_operate.html HTTP/1.1" 200 1472
58.40.7.146 - - [17/Aug/2020:08:14:49 +0800] "GET /xingrg/all/function/internal_message.html?_=1597623289761&CODE_STATE=getMsg HTTP/1.1" 200 27
58.40.7.146 - - [17/Aug/2020:08:14:49 +0800] "GET /xingrg/check_reg.html?_=1597623289763 HTTP/1.1" 200 22
120.253.135.82 - - [17/Aug/2020:08:15:02 +0800] "GET /xingrg/all/function/internal_message.html?_=1597623054971&CODE_STATE=getMsg HTTP/1.1" 200 27
120.253.135.82 - - [17/Aug/2020:08:15:07 +0800] "POST /xingrg/kc/base/stock_operate.html HTTP/1.1" 200 1768
172.17.0.101 - - [17/Aug/2020:08:15:16 +0800] "GET /xingrg/check_reg.html?_=1597623317320 HTTP/1.1" 302 -
120.253.135.82 - - [17/Aug/2020:08:15:22 +0800] "POST /xingrg/kc/base/stock_operate.html HTTP/1.1" 200 1487
218.81.217.115 - - [17/Aug/2020:08:15:25 +0800] "GET /xingrg/all/function/internal_message.html?_=1597623326851&CODE_STATE=getMsg HTTP/1.1" 200 27
172.17.0.123 - - [17/Aug/2020:08:15:31 +0800] "GET /xingrg/all/function/internal_message.html?_=1597623248861&CODE_STATE=getMsg HTTP/1.1" 200 27
172.17.0.185 - - [17/Aug/2020:08:15:37 +0800] "GET /xingrg/all/function/internal_message.html?_=1597623336813&CODE_STATE=getMsg HTTP/1.1" 302 -
172.17.0.101 - - [17/Aug/2020:08:15:38 +0800] "GET /xingrg/all/function/internal_message.html?_=1597623339108&CODE_STATE=getMsg HTTP/1.1" 302 -
120.253.135.82 - - [17/Aug/2020:08:15:44 +0800] "GET /xingrg/all/function/internal_message.html?_=1597623001358&CODE_STATE=getMsg HTTP/1.1" 200 27
58.40.7.146 - - [17/Aug/2020:08:15:49 +0800] "GET /xingrg/all/function/internal_message.html?_=1597623349762&CODE_STATE=getMsg HTTP/1.1" 200 27
120.253.135.82 - - [17/Aug/2020:08:15:50 +0800] "GET /xingrg/check_reg.html?_=1597623102586 HTTP/1.1" 200 22
120.253.135.82 - - [17/Aug/2020:08:16:02 +0800] "GET /xingrg/all/function/internal_message.html?_=1597623114986&CODE_STATE=getMsg HTTP/1.1" 200 27
218.81.217.115 - - [17/Aug/2020:08:16:25 +0800] "GET /xingrg/all/function/internal_message.html?_=1597623386871&CODE_STATE=getMsg HTTP/1.1" 200 27
172.17.0.123 - - [17/Aug/2020:08:16:31 +0800] "GET /xingrg/all/function/internal_message.html?_=1597623308866&CODE_STATE=getMsg HTTP/1.1" 200 27
172.17.0.185 - - [17/Aug/2020:08:16:37 +0800] "GET /xingrg/all/function/internal_message.html?_=1597623396818&CODE_STATE=getMsg HTTP/1.1" 302 -
172.17.0.101 - - [17/Aug/2020:08:16:38 +0800] "GET /xingrg/all/function/internal_message.html?_=1597623399114&CODE_STATE=getMsg HTTP/1.1" 302 -
120.253.135.82 - - [17/Aug/2020:08:16:42 +0800] "POST /xingrg/kc/base/stock_operate.html HTTP/1.1" 200 1480
120.253.135.82 - - [17/Aug/2020:08:16:44 +0800] "GET /xingrg/all/function/internal_message.html?_=1597623061358&CODE_STATE=getMsg HTTP/1.1" 200 27
58.40.7.146 - - [17/Aug/2020:08:16:49 +0800] "GET /xingrg/all/function/internal_message.html?_=1597623409763&CODE_STATE=getMsg HTTP/1.1" 200 27
120.253.135.82 - - [17/Aug/2020:08:17:03 +0800] "GET /xingrg/all/function/internal_message.html?_=1597623175285&CODE_STATE=getMsg HTTP/1.1" 200 27
218.81.217.115 - - [17/Aug/2020:08:17:16 +0800] "GET /xingrg/check_reg.html?_=1597623437487 HTTP/1.1" 200 22
218.81.217.115 - - [17/Aug/2020:08:17:25 +0800] "GET /xingrg/all/function/internal_message.html?_=1597623446879&CODE_STATE=getMsg HTTP/1.1" 200 27
172.17.0.123 - - [17/Aug/2020:08:17:31 +0800] "GET /xingrg/all/function/internal_message.html?_=1597623368857&CODE_STATE=getMsg HTTP/1.1" 200 27
172.17.0.185 - - [17/Aug/2020:08:17:37 +0800] "GET /xingrg/all/function/internal_message.html?_=1597623456808&CODE_STATE=getMsg HTTP/1.1" 302 -
172.17.0.101 - - [17/Aug/2020:08:17:38 +0800] "GET /xingrg/all/function/internal_message.html?_=1597623459177&CODE_STATE=getMsg HTTP/1.1" 302 -
120.253.135.82 - - [17/Aug/2020:08:17:44 +0800] "GET /xingrg/all/function/internal_message.html?_=1597623121359&CODE_STATE=getMsg HTTP/1.1" 200 27
58.40.7.146 - - [17/Aug/2020:08:17:49 +0800] "GET /xingrg/all/function/internal_message.html?_=1597623469766&CODE_STATE=getMsg HTTP/1.1" 200 27
114.88.165.122 - - [17/Aug/2020:08:17:58 +0800] "GET /xingrg/index.html?sysBaseUrl=http%3A%2F%2F180.169.147.146%3A18081%2Fxingrg%2F&costTime=38×tamp=1588335986102 HTTP/1.1" 302 -
114.88.165.122 - - [17/Aug/2020:08:17:58 +0800] "GET /xingrg/login.html HTTP/1.1" 200 7641
114.88.165.122 - - [17/Aug/2020:08:17:59 +0800] "GET /favicon.ico HTTP/1.1" 404 -
120.253.135.82 - - [17/Aug/2020:08:18:03 +0800] "GET /xingrg/all/function/internal_message.html?_=1597623235294&CODE_STATE=getMsg HTTP/1.1" 200 27
120.253.135.82 - - [17/Aug/2020:08:18:22 +0800] "POST /xingrg/kc/base/stock_operate.html HTTP/1.1" 200 1462
218.81.217.115 - - [17/Aug/2020:08:18:25 +0800] "GET /xingrg/all/function/internal_message.html?_=1597623506893&CODE_STATE=getMsg HTTP/1.1" 200 27
172.17.0.123 - - [17/Aug/2020:08:18:31 +0800] "GET /xingrg/check_reg.html?_=1597623428859 HTTP/1.1" 200 22
172.17.0.123 - - [17/Aug/2020:08:18:31 +0800] "GET /xingrg/all/function/internal_message.html?_=1597623428862&CODE_STATE=getMsg HTTP/1.1" 200 27
172.17.0.185 - - [17/Aug/2020:08:18:37 +0800] "GET /xingrg/all/function/internal_message.html?_=1597623516816&CODE_STATE=getMsg HTTP/1.1" 302 -
172.17.0.101 - - [17/Aug/2020:08:18:38 +0800] "GET /xingrg/all/function/internal_message.html?_=1597623519187&CODE_STATE=getMsg HTTP/1.1" 302 -
120.253.135.82 - - [17/Aug/2020:08:18:44 +0800] "GET /xingrg/all/function/internal_message.html?_=1597623181385&CODE_STATE=getMsg HTTP/1.1" 200 27
58.40.7.146 - - [17/Aug/2020:08:18:49 +0800] "GET /xingrg/all/function/internal_message.html?_=1597623529770&CODE_STATE=getMsg HTTP/1.1" 200 27
120.253.135.82 - - [17/Aug/2020:08:19:00 +0800] "POST /xingrg/kc/base/stock_operate.html HTTP/1.1" 200 1478
120.253.135.82 - - [17/Aug/2020:08:19:03 +0800] "GET /xingrg/all/function/internal_message.html?_=1597623295565&CODE_STATE=getMsg HTTP/1.1" 200 27
218.81.217.115 - - [17/Aug/2020:08:19:25 +0800] "GET /xingrg/all/function/internal_message.html?_=1597623566912&CODE_STATE=getMsg HTTP/1.1" 200 27
172.17.0.123 - - [17/Aug/2020:08:19:31 +0800] "GET /xingrg/all/function/internal_message.html?_=1597623488866&CODE_STATE=getMsg HTTP/1.1" 200 27
172.17.0.185 - - [17/Aug/2020:08:19:37 +0800] "GET /xingrg/check_reg.html?_=1597623576808 HTTP/1.1" 302 -
172.17.0.185 - - [17/Aug/2020:08:19:37 +0800] "GET /xingrg/all/function/internal_message.html?_=1597623576813&CODE_STATE=getMsg HTTP/1.1" 302 -
172.17.0.101 - - [17/Aug/2020:08:19:38 +0800] "GET /xingrg/all/function/internal_message.html?_=1597623579250&CODE_STATE=getMsg HTTP/1.1" 302 -
120.253.135.82 - - [17/Aug/2020:08:19:44 +0800] "GET /xingrg/all/function/internal_message.html?_=1597623241390&CODE_STATE=getMsg HTTP/1.1" 200 27
120.253.135.82 - - [17/Aug/2020:08:19:44 +0800] "GET /xingrg/check_reg.html?_=1597623241385 HTTP/1.1" 200 22
58.40.7.146 - - [17/Aug/2020:08:19:49 +0800] "GET /xingrg/check_reg.html?_=1597623589757 HTTP/1.1" 200 22
58.40.7.146 - - [17/Aug/2020:08:19:49 +0800] "GET /xingrg/all/function/internal_message.html?_=1597623589759&CODE_STATE=getMsg HTTP/1.1" 200 27
120.253.135.82 - - [17/Aug/2020:08:20:01 +0800] "GET /xingrg/javascript/easyui/themes/sunny/images/ui-bg_gloss-wave_60_fece2f_500x100.png HTTP/1.1" 200 3512
120.253.135.82 - - [17/Aug/2020:08:20:03 +0800] "GET /xingrg/all/function/internal_message.html?_=1597623355865&CODE_STATE=getMsg HTTP/1.1" 200 27
172.17.0.101 - - [17/Aug/2020:08:20:16 +0800] "GET /xingrg/check_reg.html?_=1597623617328 HTTP/1.1" 302 -
218.81.217.115 - - [17/Aug/2020:08:20:25 +0800] "GET /xingrg/all/function/internal_message.html?_=1597623626920&CODE_STATE=getMsg HTTP/1.1" 200 27
172.17.0.123 - - [17/Aug/2020:08:20:31 +0800] "GET /xingrg/all/function/internal_message.html?_=1597623548871&CODE_STATE=getMsg HTTP/1.1" 200 27
172.17.0.185 - - [17/Aug/2020:08:20:37 +0800] "GET /xingrg/all/function/internal_message.html?_=1597623636814&CODE_STATE=getMsg HTTP/1.1" 302 -
172.17.0.101 - - [17/Aug/2020:08:20:38 +0800] "GET /xingrg/all/function/internal_message.html?_=1597623639262&CODE_STATE=getMsg HTTP/1.1" 302 -
120.253.135.82 - - [17/Aug/2020:08:20:44 +0800] "GET /xingrg/all/function/internal_message.html?_=1597623301388&CODE_STATE=getMsg HTTP/1.1" 200 27
120.253.135.82 - - [17/Aug/2020:08:20:46 +0800] "POST /xingrg/kc/base/stock_operate.html HTTP/1.1" 200 1489
58.40.7.146 - - [17/Aug/2020:08:20:49 +0800] "GET /xingrg/all/function/internal_message.html?_=1597623649767&CODE_STATE=getMsg HTTP/1.1" 200 27
120.253.135.82 - - [17/Aug/2020:08:20:50 +0800] "GET /xingrg/check_reg.html?_=1597623402589 HTTP/1.1" 200 22
120.253.135.82 - - [17/Aug/2020:08:21:03 +0800] "GET /xingrg/all/function/internal_message.html?_=1597623415881&CODE_STATE=getMsg HTTP/1.1" 200 27
120.253.135.82 - - [17/Aug/2020:08:21:19 +0800] "POST /xingrg/kc/base/stock_operate.html HTTP/1.1" 200 2255
218.81.217.115 - - [17/Aug/2020:08:21:25 +0800] "GET /xingrg/all/function/internal_message.html?_=1597623686938&CODE_STATE=getMsg HTTP/1.1" 200 27
172.17.0.123 - - [17/Aug/2020:08:21:31 +0800] "GET /xingrg/all/function/internal_message.html?_=1597623608858&CODE_STATE=getMsg HTTP/1.1" 200 27
172.17.0.185 - - [17/Aug/2020:08:21:37 +0800] "GET /xingrg/all/function/internal_message.html?_=1597623696819&CODE_STATE=getMsg HTTP/1.1" 302 -
172.17.0.101 - - [17/Aug/2020:08:21:38 +0800] "GET /xingrg/all/function/internal_message.html?_=1597623699386&CODE_STATE=getMsg HTTP/1.1" 302 -
120.253.135.82 - - [17/Aug/2020:08:21:44 +0800] "GET /xingrg/all/function/internal_message.html?_=1597623361387&CODE_STATE=getMsg HTTP/1.1" 200 27
58.40.7.146 - - [17/Aug/2020:08:21:49 +0800] "GET /xingrg/all/function/internal_message.html?_=1597623709772&CODE_STATE=getMsg HTTP/1.1" 200 27
120.253.135.82 - - [17/Aug/2020:08:22:03 +0800] "GET /xingrg/all/function/internal_message.html?_=1597623475893&CODE_STATE=getMsg HTTP/1.1" 200 27
218.81.217.115 - - [17/Aug/2020:08:22:16 +0800] "GET /xingrg/check_reg.html?_=1597623737498 HTTP/1.1" 200 22
218.81.217.115 - - [17/Aug/2020:08:22:25 +0800] "GET /xingrg/all/function/internal_message.html?_=1597623746948&CODE_STATE=getMsg HTTP/1.1" 200 27
172.17.0.123 - - [17/Aug/2020:08:22:31 +0800] "GET /xingrg/all/function/internal_message.html?_=1597623668860&CODE_STATE=getMsg HTTP/1.1" 200 27
172.17.0.185 - - [17/Aug/2020:08:22:37 +0800] "GET /xingrg/all/function/internal_message.html?_=1597623756807&CODE_STATE=getMsg HTTP/1.1" 302 -
172.17.0.101 - - [17/Aug/2020:08:22:38 +0800] "GET /xingrg/all/function/internal_message.html?_=1597623759399&CODE_STATE=getMsg HTTP/1.1" 302 -
120.253.135.82 - - [17/Aug/2020:08:22:44 +0800] "GET /xingrg/all/function/internal_message.html?_=1597623421389&CODE_STATE=getMsg HTTP/1.1" 200 27
58.40.7.146 - - [17/Aug/2020:08:22:49 +0800] "GET /xingrg/all/function/internal_message.html?_=1597623769757&CODE_STATE=getMsg HTTP/1.1" 200 27
120.253.135.82 - - [17/Aug/2020:08:23:04 +0800] "GET /xingrg/all/function/internal_message.html?_=1597623536267&CODE_STATE=getMsg HTTP/1.1" 200 27
218.81.217.115 - - [17/Aug/2020:08:23:25 +0800] "GET /xingrg/all/function/internal_message.html?_=1597623806960&CODE_STATE=getMsg HTTP/1.1" 200 27
172.17.0.123 - - [17/Aug/2020:08:23:31 +0800] "GET /xingrg/check_reg.html?_=1597623728862 HTTP/1.1" 200 22
172.17.0.123 - - [17/Aug/2020:08:23:31 +0800] "GET /xingrg/all/function/internal_message.html?_=1597623728864&CODE_STATE=getMsg HTTP/1.1" 200 27
172.17.0.185 - - [17/Aug/2020:08:23:37 +0800] "GET /xingrg/all/function/internal_message.html?_=1597623816826&CODE_STATE=getMsg HTTP/1.1" 302 -
172.17.0.101 - - [17/Aug/2020:08:23:38 +0800] "GET /xingrg/all/function/internal_message.html?_=1597623819520&CODE_STATE=getMsg HTTP/1.1" 302 -
120.253.135.82 - - [17/Aug/2020:08:23:44 +0800] "GET /xingrg/all/function/internal_message.html?_=1597623481388&CODE_STATE=getMsg HTTP/1.1" 200 27
58.40.7.146 - - [17/Aug/2020:08:23:49 +0800] "GET /xingrg/all/function/internal_message.html?_=1597623829760&CODE_STATE=getMsg HTTP/1.1" 200 27
120.253.135.82 - - [17/Aug/2020:08:23:53 +0800] "POST /xingrg/kc/base/stock_operate.html HTTP/1.1" 200 1478
180.175.214.200 - - [17/Aug/2020:08:24:01 +0800] "GET /favicon.ico HTTP/1.1" 404 -
120.253.135.82 - - [17/Aug/2020:08:24:04 +0800] "GET /xingrg/all/function/internal_message.html?_=1597623596279&CODE_STATE=getMsg HTTP/1.1" 200 27
218.81.217.115 - - [17/Aug/2020:08:24:25 +0800] "GET /xingrg/all/function/internal_message.html?_=1597623866984&CODE_STATE=getMsg HTTP/1.1" 200 27
172.17.0.123 - - [17/Aug/2020:08:24:31 +0800] "GET /xingrg/all/function/internal_message.html?_=1597623788867&CODE_STATE=getMsg HTTP/1.1" 200 27
172.17.0.185 - - [17/Aug/2020:08:24:37 +0800] "GET /xingrg/check_reg.html?_=1597623876812 HTTP/1.1" 302 -
172.17.0.185 - - [17/Aug/2020:08:24:37 +0800] "GET /xingrg/all/function/internal_message.html?_=1597623876816&CODE_STATE=getMsg HTTP/1.1" 302 -
172.17.0.101 - - [17/Aug/2020:08:24:38 +0800] "GET /xingrg/all/function/internal_message.html?_=1597623879536&CODE_STATE=getMsg HTTP/1.1" 302 -
180.175.214.200 - - [17/Aug/2020:08:24:44 +0800] "GET /xingrg/index.html?sysBaseUrl=http%3A%2F%2F180.169.147.146%3A18081%2Fxingrg%2F&costTime=45×tamp=1597551250046 HTTP/1.1" 302 -
180.175.214.200 - - [17/Aug/2020:08:24:44 +0800] "GET /xingrg/login.html HTTP/1.1" 200 7641
120.253.135.82 - - [17/Aug/2020:08:24:44 +0800] "GET /xingrg/check_reg.html?_=1597623541385 HTTP/1.1" 200 22
120.253.135.82 - - [17/Aug/2020:08:24:44 +0800] "GET /xingrg/all/function/internal_message.html?_=1597623541388&CODE_STATE=getMsg HTTP/1.1" 200 27
180.175.214.200 - - [17/Aug/2020:08:24:45 +0800] "GET /favicon.ico HTTP/1.1" 404 -
58.40.7.146 - - [17/Aug/2020:08:24:49 +0800] "GET /xingrg/check_reg.html?_=1597623889762 HTTP/1.1" 200 22
58.40.7.146 - - [17/Aug/2020:08:24:49 +0800] "GET /xingrg/all/function/internal_message.html?_=1597623889764&CODE_STATE=getMsg HTTP/1.1" 200 27
120.253.135.82 - - [17/Aug/2020:08:25:04 +0800] "GET /xingrg/all/function/internal_message.html?_=1597623656294&CODE_STATE=getMsg HTTP/1.1" 200 27
172.17.0.101 - - [17/Aug/2020:08:25:16 +0800] "GET /xingrg/check_reg.html?_=1597623917459 HTTP/1.1" 302 -
218.81.217.115 - - [17/Aug/2020:08:25:25 +0800] "GET /xingrg/all/function/internal_message.html?_=1597623926987&CODE_STATE=getMsg HTTP/1.1" 200 27
172.17.0.123 - - [17/Aug/2020:08:25:31 +0800] "GET /xingrg/all/function/internal_message.html?_=1597623848854&CODE_STATE=getMsg HTTP/1.1" 200 27
120.253.135.82 - - [17/Aug/2020:08:25:36 +0800] "POST /xingrg/kc/base/stock_operate.html HTTP/1.1" 200 1478
172.17.0.185 - - [17/Aug/2020:08:25:37 +0800] "GET /xingrg/all/function/internal_message.html?_=1597623936817&CODE_STATE=getMsg HTTP/1.1" 302 -
172.17.0.101 - - [17/Aug/2020:08:25:39 +0800] "GET /xingrg/all/function/internal_message.html?_=1597623939655&CODE_STATE=getMsg HTTP/1.1" 302 -
120.253.135.82 - - [17/Aug/2020:08:25:44 +0800] "GET /xingrg/all/function/internal_message.html?_=1597623601387&CODE_STATE=getMsg HTTP/1.1" 200 27
120.253.135.82 - - [17/Aug/2020:08:25:45 +0800] "POST /xingrg/kc/base/stock_operate.html HTTP/1.1" 200 1478
58.40.7.146 - - [17/Aug/2020:08:25:49 +0800] "GET /xingrg/all/function/internal_message.html?_=1597623949766&CODE_STATE=getMsg HTTP/1.1" 200 27
120.253.135.82 - - [17/Aug/2020:08:25:50 +0800] "GET /xingrg/check_reg.html?_=1597623702596 HTTP/1.1" 200 22
120.253.135.82 - - [17/Aug/2020:08:26:04 +0800] "GET /xingrg/all/function/internal_message.html?_=1597623716323&CODE_STATE=getMsg HTTP/1.1" 200 27
120.253.135.82 - - [17/Aug/2020:08:26:04 +0800] "POST /xingrg/kc/base/stock_operate.html HTTP/1.1" 200 1489
117.131.5.26 - - [17/Aug/2020:08:26:05 +0800] "GET /favicon.ico HTTP/1.1" 404 -
218.81.217.115 - - [17/Aug/2020:08:26:25 +0800] "GET /xingrg/all/function/internal_message.html?_=1597623987011&CODE_STATE=getMsg HTTP/1.1" 200 27
172.17.0.123 - - [17/Aug/2020:08:26:31 +0800] "GET /xingrg/all/function/internal_message.html?_=1597623908857&CODE_STATE=getMsg HTTP/1.1" 200 27
120.253.135.82 - - [17/Aug/2020:08:26:34 +0800] "POST /xingrg/kc/base/stock_operate.html HTTP/1.1" 200 1486
172.17.0.185 - - [17/Aug/2020:08:26:37 +0800] "GET /xingrg/all/function/internal_message.html?_=1597623996805&CODE_STATE=getMsg HTTP/1.1" 302 -
172.17.0.101 - - [17/Aug/2020:08:26:39 +0800] "GET /xingrg/all/function/internal_message.html?_=1597623999672&CODE_STATE=getMsg HTTP/1.1" 302 -
120.253.135.82 - - [17/Aug/2020:08:26:44 +0800] "GET /xingrg/all/function/internal_message.html?_=1597623661389&CODE_STATE=getMsg HTTP/1.1" 200 27
58.40.7.146 - - [17/Aug/2020:08:26:49 +0800] "GET /xingrg/all/function/internal_message.html?_=1597624009768&CODE_STATE=getMsg HTTP/1.1" 200 27
120.253.135.82 - - [17/Aug/2020:08:27:04 +0800] "GET /xingrg/all/function/internal_message.html?_=1597623776336&CODE_STATE=getMsg HTTP/1.1" 200 27
117.131.5.26 - - [17/Aug/2020:08:27:13 +0800] "GET /xingrg/login.html HTTP/1.1" 200 7641
117.131.5.26 - - [17/Aug/2020:08:27:13 +0800] "GET /xingrg/login.html HTTP/1.1" 200 7641
117.131.5.26 - - [17/Aug/2020:08:27:14 +0800] "GET /favicon.ico HTTP/1.1" 404 -
117.131.5.26 - - [17/Aug/2020:08:27:14 +0800] "GET /favicon.ico HTTP/1.1" 404 -
218.81.217.115 - - [17/Aug/2020:08:27:16 +0800] "GET /xingrg/check_reg.html?_=1597624037499 HTTP/1.1" 200 22
218.81.217.115 - - [17/Aug/2020:08:27:25 +0800] "GET /xingrg/all/function/internal_message.html?_=1597624047015&CODE_STATE=getMsg HTTP/1.1" 200 27
114.88.165.122 - - [17/Aug/2020:08:27:28 +0800] "POST /xingrg/login.do HTTP/1.1" 302 -
114.88.165.122 - - [17/Aug/2020:08:27:28 +0800] "GET /xingrg/index.html?sysBaseUrl=http%3A%2F%2F180.169.147.146%3A18081%2Fxingrg%2F&costTime=37×tamp=1597624048092 HTTP/1.1" 200 17173
114.88.165.122 - - [17/Aug/2020:08:27:28 +0800] "POST /xingrg/all/common/load_tree.html?tree=area_rest_tree_json&manage=1 HTTP/1.1" 200 342
114.88.165.122 - - [17/Aug/2020:08:27:28 +0800] "GET /favicon.ico HTTP/1.1" 404 -
114.88.165.122 - - [17/Aug/2020:08:27:28 +0800] "GET /xingrg/check_reg.html?_=1597624093682 HTTP/1.1" 200 22
114.88.165.122 - - [17/Aug/2020:08:27:28 +0800] "GET /xingrg/all/function/internal_message.html?_=1597624093681&CODE_STATE=count HTTP/1.1" 200 11
114.88.165.122 - - [17/Aug/2020:08:27:28 +0800] "POST /xingrg/load_menu.html HTTP/1.1" 200 5138
117.131.5.26 - - [17/Aug/2020:08:27:30 +0800] "POST /xingrg/login.do HTTP/1.1" 302 -
117.131.5.26 - - [17/Aug/2020:08:27:30 +0800] "GET /xingrg/index.html?sysBaseUrl=http%3A%2F%2F180.169.147.146%3A18081%2Fxingrg%2F&costTime=37×tamp=1597624050336 HTTP/1.1" 200 17179
117.131.5.26 - - [17/Aug/2020:08:27:30 +0800] "POST /xingrg/all/common/load_tree.html?tree=area_rest_tree_json&manage=1 HTTP/1.1" 200 351
117.131.5.26 - - [17/Aug/2020:08:27:30 +0800] "GET /xingrg/all/function/internal_message.html?_=1597624428612&CODE_STATE=count HTTP/1.1" 200 11
117.131.5.26 - - [17/Aug/2020:08:27:30 +0800] "GET /xingrg/check_reg.html?_=1597624428613 HTTP/1.1" 200 22
117.131.5.26 - - [17/Aug/2020:08:27:30 +0800] "POST /xingrg/load_menu.html HTTP/1.1" 200 5138
117.131.5.26 - - [17/Aug/2020:08:27:31 +0800] "GET /favicon.ico HTTP/1.1" 404 -
172.17.0.123 - - [17/Aug/2020:08:27:31 +0800] "GET /xingrg/all/function/internal_message.html?_=1597623968858&CODE_STATE=getMsg HTTP/1.1" 200 27
172.17.0.185 - - [17/Aug/2020:08:27:37 +0800] "GET /xingrg/all/function/internal_message.html?_=1597624056810&CODE_STATE=getMsg HTTP/1.1" 302 -
117.131.5.26 - - [17/Aug/2020:08:27:38 +0800] "GET /xingrg/kc/mdqp/qqps_order_list.html HTTP/1.1" 200 9222
117.131.5.26 - - [17/Aug/2020:08:27:38 +0800] "GET /xingrg/dwr/interface/AjaxQqpsService.js HTTP/1.1" 200 16326
117.131.5.26 - - [17/Aug/2020:08:27:38 +0800] "GET /xingrg/dwr/interface/AjaxReportQueryService.js HTTP/1.1" 200 13203
117.131.5.26 - - [17/Aug/2020:08:27:38 +0800] "GET /xingrg/dwr/engine.js HTTP/1.1" 200 43631
114.88.165.122 - - [17/Aug/2020:08:27:38 +0800] "GET /xingrg/kc/buy/cgsh_order_list.html HTTP/1.1" 200 43641
172.17.0.101 - - [17/Aug/2020:08:27:39 +0800] "GET /xingrg/all/function/internal_message.html?_=1597624059736&CODE_STATE=getMsg HTTP/1.1" 302 -
114.88.165.122 - - [17/Aug/2020:08:27:39 +0800] "POST /xingrg/kc/buy/cgsh_list_operate.html HTTP/1.1" 200 876
117.131.5.26 - - [17/Aug/2020:08:27:42 +0800] "GET /xingrg/kc/mdqp/qqps_order_list.html?isQuery=1&timeSelect=1&orderTime=day&startTime=2020-08-16&endTime=2020-08-17&state=all&query=%C8%B7++%B6%A8 HTTP/1.1" 200 10583
117.131.5.26 - - [17/Aug/2020:08:27:42 +0800] "GET /xingrg/dwr/interface/AjaxQqpsService.js HTTP/1.1" 200 16326
117.131.5.26 - - [17/Aug/2020:08:27:42 +0800] "GET /xingrg/dwr/interface/AjaxReportQueryService.js HTTP/1.1" 200 13203
117.131.5.26 - - [17/Aug/2020:08:27:42 +0800] "GET /xingrg/dwr/engine.js HTTP/1.1" 200 43631
120.253.135.82 - - [17/Aug/2020:08:27:44 +0800] "GET /xingrg/all/function/internal_message.html?_=1597623721388&CODE_STATE=getMsg HTTP/1.1" 200 27
58.40.7.146 - - [17/Aug/2020:08:27:49 +0800] "GET /xingrg/all/function/internal_message.html?_=1597624069772&CODE_STATE=getMsg HTTP/1.1" 200 27
120.253.135.82 - - [17/Aug/2020:08:28:04 +0800] "GET /xingrg/all/function/internal_message.html?_=1597623836350&CODE_STATE=getMsg HTTP/1.1" 200 27
218.81.217.115 - - [17/Aug/2020:08:28:25 +0800] "GET /xingrg/all/function/internal_message.html?_=1597624107028&CODE_STATE=getMsg HTTP/1.1" 200 27
114.88.165.122 - - [17/Aug/2020:08:28:28 +0800] "GET /xingrg/all/function/internal_message.html?_=1597624153692&CODE_STATE=getMsg HTTP/1.1" 200 27
117.131.5.26 - - [17/Aug/2020:08:28:30 +0800] "GET /xingrg/all/function/internal_message.html?_=1597624488620&CODE_STATE=getMsg HTTP/1.1" 200 27
172.17.0.123 - - [17/Aug/2020:08:28:31 +0800] "GET /xingrg/all/function/internal_message.html?_=1597624028860&CODE_STATE=getMsg HTTP/1.1" 200 27
172.17.0.123 - - [17/Aug/2020:08:28:31 +0800] "GET /xingrg/check_reg.html?_=1597624028862 HTTP/1.1" 200 22
172.17.0.185 - - [17/Aug/2020:08:28:37 +0800] "GET /xingrg/all/function/internal_message.html?_=1597624116814&CODE_STATE=getMsg HTTP/1.1" 302 -
172.17.0.101 - - [17/Aug/2020:08:28:39 +0800] "GET /xingrg/all/function/internal_message.html?_=1597624119745&CODE_STATE=getMsg HTTP/1.1" 302 -
120.253.135.82 - - [17/Aug/2020:08:28:44 +0800] "GET /xingrg/all/function/internal_message.html?_=1597623781386&CODE_STATE=getMsg HTTP/1.1" 200 27
58.40.7.146 - - [17/Aug/2020:08:28:49 +0800] "GET /xingrg/all/function/internal_message.html?_=1597624129761&CODE_STATE=getMsg HTTP/1.1" 200 27
120.253.135.82 - - [17/Aug/2020:08:28:58 +0800] "POST /xingrg/kc/base/stock_operate.html HTTP/1.1" 200 1756
120.253.135.82 - - [17/Aug/2020:08:29:04 +0800] "GET /xingrg/all/function/internal_message.html?_=1597623896363&CODE_STATE=getMsg HTTP/1.1" 200 27
218.81.217.115 - - [17/Aug/2020:08:29:26 +0800] "GET /xingrg/all/function/internal_message.html?_=1597624167050&CODE_STATE=getMsg HTTP/1.1" 200 27
120.253.135.82 - - [17/Aug/2020:08:29:27 +0800] "POST /xingrg/kc/base/stock_operate.html HTTP/1.1" 200 1490
114.88.165.122 - - [17/Aug/2020:08:29:28 +0800] "GET /xingrg/all/function/internal_message.html?_=1597624213697&CODE_STATE=getMsg HTTP/1.1" 200 27
117.131.5.26 - - [17/Aug/2020:08:29:30 +0800] "GET /xingrg/all/function/internal_message.html?_=1597624548630&CODE_STATE=getMsg HTTP/1.1" 200 27
172.17.0.123 - - [17/Aug/2020:08:29:31 +0800] "GET /xingrg/all/function/internal_message.html?_=1597624088866&CODE_STATE=getMsg HTTP/1.1" 200 27
114.88.165.122 - - [17/Aug/2020:08:29:33 +0800] "GET /xingrg/kc/buy/cgsh_order_list.html HTTP/1.1" 200 43641
114.88.165.122 - - [17/Aug/2020:08:29:34 +0800] "POST /xingrg/kc/buy/cgsh_list_operate.html HTTP/1.1" 200 876
172.17.0.185 - - [17/Aug/2020:08:29:37 +0800] "GET /xingrg/check_reg.html?_=1597624176819 HTTP/1.1" 302 -
172.17.0.185 - - [17/Aug/2020:08:29:37 +0800] "GET /xingrg/all/function/internal_message.html?_=1597624176823&CODE_STATE=getMsg HTTP/1.1" 302 -
172.17.0.101 - - [17/Aug/2020:08:29:39 +0800] "GET /xingrg/all/function/internal_message.html?_=1597624179808&CODE_STATE=getMsg HTTP/1.1" 302 -
120.253.135.82 - - [17/Aug/2020:08:29:44 +0800] "GET /xingrg/check_reg.html?_=1597623841384 HTTP/1.1" 200 22
120.253.135.82 - - [17/Aug/2020:08:29:44 +0800] "GET /xingrg/all/function/internal_message.html?_=1597623841385&CODE_STATE=getMsg HTTP/1.1" 200 27
58.40.7.146 - - [17/Aug/2020:08:29:49 +0800] "GET /xingrg/all/function/internal_message.html?_=1597624189763&CODE_STATE=getMsg HTTP/1.1" 200 27
58.40.7.146 - - [17/Aug/2020:08:29:49 +0800] "GET /xingrg/check_reg.html?_=1597624189765 HTTP/1.1" 200 22
120.253.135.82 - - [17/Aug/2020:08:30:04 +0800] "GET /xingrg/all/function/internal_message.html?_=1597623956377&CODE_STATE=getMsg HTTP/1.1" 200 27
172.17.0.101 - - [17/Aug/2020:08:30:16 +0800] "GET /xingrg/check_reg.html?_=1597624217464 HTTP/1.1" 302 -
218.81.217.115 - - [17/Aug/2020:08:30:26 +0800] "GET /xingrg/all/function/internal_message.html?_=1597624227056&CODE_STATE=getMsg HTTP/1.1" 200 27
114.88.165.122 - - [17/Aug/2020:08:30:28 +0800] "GET /xingrg/all/function/internal_message.html?_=1597624273699&CODE_STATE=getMsg HTTP/1.1" 200 27
117.131.5.26 - - [17/Aug/2020:08:30:30 +0800] "GET /xingrg/all/function/internal_message.html?_=1597624608624&CODE_STATE=getMsg HTTP/1.1" 200 27
172.17.0.123 - - [17/Aug/2020:08:30:31 +0800] "GET /xingrg/all/function/internal_message.html?_=1597624148855&CODE_STATE=getMsg HTTP/1.1" 200 27
172.17.0.185 - - [17/Aug/2020:08:30:37 +0800] "GET /xingrg/all/function/internal_message.html?_=1597624236813&CODE_STATE=getMsg HTTP/1.1" 302 -
172.17.0.101 - - [17/Aug/2020:08:30:39 +0800] "GET /xingrg/all/function/internal_message.html?_=1597624239818&CODE_STATE=getMsg HTTP/1.1" 302 -
120.253.135.82 - - [17/Aug/2020:08:30:44 +0800] "GET /xingrg/all/function/internal_message.html?_=1597623901383&CODE_STATE=getMsg HTTP/1.1" 200 27
58.40.7.146 - - [17/Aug/2020:08:30:49 +0800] "GET /xingrg/all/function/internal_message.html?_=1597624249766&CODE_STATE=getMsg HTTP/1.1" 200 27
120.253.135.82 - - [17/Aug/2020:08:30:50 +0800] "GET /xingrg/check_reg.html?_=1597624002599 HTTP/1.1" 200 22
120.253.135.82 - - [17/Aug/2020:08:31:04 +0800] "GET /xingrg/all/function/internal_message.html?_=1597624016390&CODE_STATE=getMsg HTTP/1.1" 200 27
120.253.135.82 - - [17/Aug/2020:08:31:20 +0800] "POST /xingrg/kc/base/stock_operate.html HTTP/1.1" 200 1476
218.81.217.115 - - [17/Aug/2020:08:31:26 +0800] "GET /xingrg/all/function/internal_message.html?_=1597624287078&CODE_STATE=getMsg HTTP/1.1" 200 27
114.88.165.122 - - [17/Aug/2020:08:31:28 +0800] "GET /xingrg/all/function/internal_message.html?_=1597624333697&CODE_STATE=getMsg HTTP/1.1" 200 27
117.131.5.26 - - [17/Aug/2020:08:31:30 +0800] "GET /xingrg/all/function/internal_message.html?_=1597624668623&CODE_STATE=getMsg HTTP/1.1" 200 27
172.17.0.123 - - [17/Aug/2020:08:31:31 +0800] "GET /xingrg/all/function/internal_message.html?_=1597624208858&CODE_STATE=getMsg HTTP/1.1" 200 27
172.17.0.185 - - [17/Aug/2020:08:31:37 +0800] "GET /xingrg/all/function/internal_message.html?_=1597624296817&CODE_STATE=getMsg HTTP/1.1" 302 -
172.17.0.101 - - [17/Aug/2020:08:31:39 +0800] "GET /xingrg/all/function/internal_message.html?_=1597624299941&CODE_STATE=getMsg HTTP/1.1" 302 -
120.253.135.82 - - [17/Aug/2020:08:31:44 +0800] "GET /xingrg/all/function/internal_message.html?_=1597623961380&CODE_STATE=getMsg HTTP/1.1" 200 27
58.40.7.146 - - [17/Aug/2020:08:31:49 +0800] "GET /xingrg/all/function/internal_message.html?_=1597624309768&CODE_STATE=getMsg HTTP/1.1" 200 27
120.253.135.82 - - [17/Aug/2020:08:31:51 +0800] "POST /xingrg/kc/base/stock_operate.html HTTP/1.1" 200 1755
120.253.135.82 - - [17/Aug/2020:08:32:04 +0800] "GET /xingrg/all/function/internal_message.html?_=1597624076404&CODE_STATE=getMsg HTTP/1.1" 200 27
218.81.217.115 - - [17/Aug/2020:08:32:16 +0800] "GET /xingrg/check_reg.html?_=1597624337507 HTTP/1.1" 200 22
218.81.217.115 - - [17/Aug/2020:08:32:26 +0800] "GET /xingrg/all/function/internal_message.html?_=1597624347083&CODE_STATE=getMsg HTTP/1.1" 200 27
114.88.165.122 - - [17/Aug/2020:08:32:28 +0800] "GET /xingrg/check_reg.html?_=1597624393695 HTTP/1.1" 200 22
114.88.165.122 - - [17/Aug/2020:08:32:28 +0800] "GET /xingrg/all/function/internal_message.html?_=1597624393696&CODE_STATE=getMsg HTTP/1.1" 200 27
117.131.5.26 - - [17/Aug/2020:08:32:30 +0800] "GET /xingrg/check_reg.html?_=1597624728621 HTTP/1.1" 200 22
117.131.5.26 - - [17/Aug/2020:08:32:30 +0800] "GET /xingrg/all/function/internal_message.html?_=1597624728622&CODE_STATE=getMsg HTTP/1.1" 200 27
172.17.0.123 - - [17/Aug/2020:08:32:31 +0800] "GET /xingrg/all/function/internal_message.html?_=1597624268860&CODE_STATE=getMsg HTTP/1.1" 200 27
172.17.0.185 - - [17/Aug/2020:08:32:37 +0800] "GET /xingrg/all/function/internal_message.html?_=1597624356806&CODE_STATE=getMsg HTTP/1.1" 302 -
172.17.0.101 - - [17/Aug/2020:08:32:39 +0800] "GET /xingrg/all/function/internal_message.html?_=1597624359957&CODE_STATE=getMsg HTTP/1.1" 302 -
120.253.135.82 - - [17/Aug/2020:08:32:44 +0800] "GET /xingrg/all/function/internal_message.html?_=1597624021404&CODE_STATE=getMsg HTTP/1.1" 200 27
58.40.7.146 - - [17/Aug/2020:08:32:49 +0800] "GET /xingrg/all/function/internal_message.html?_=1597624369772&CODE_STATE=getMsg HTTP/1.1" 200 27
120.253.135.82 - - [17/Aug/2020:08:33:04 +0800] "GET /xingrg/all/function/internal_message.html?_=1597624136418&CODE_STATE=getMsg HTTP/1.1" 200 27
218.81.217.115 - - [17/Aug/2020:08:33:26 +0800] "GET /xingrg/all/function/internal_message.html?_=1597624407096&CODE_STATE=getMsg HTTP/1.1" 200 27
114.88.165.122 - - [17/Aug/2020:08:33:28 +0800] "GET /xingrg/all/function/internal_message.html?_=1597624453694&CODE_STATE=getMsg HTTP/1.1" 200 27
117.131.5.26 - - [17/Aug/2020:08:33:30 +0800] "GET /xingrg/all/function/internal_message.html?_=1597624788620&CODE_STATE=getMsg HTTP/1.1" 200 27
172.17.0.123 - - [17/Aug/2020:08:33:31 +0800] "GET /xingrg/all/function/internal_message.html?_=1597624328864&CODE_STATE=getMsg HTTP/1.1" 200 27
172.17.0.123 - - [17/Aug/2020:08:33:31 +0800] "GET /xingrg/check_reg.html?_=1597624328868 HTTP/1.1" 200 22
172.17.0.185 - - [17/Aug/2020:08:33:37 +0800] "GET /xingrg/all/function/internal_message.html?_=1597624416810&CODE_STATE=getMsg HTTP/1.1" 302 -
172.17.0.101 - - [17/Aug/2020:08:33:39 +0800] "GET /xingrg/all/function/internal_message.html?_=1597624420078&CODE_STATE=getMsg HTTP/1.1" 302 -
120.253.135.82 - - [17/Aug/2020:08:33:44 +0800] "GET /xingrg/all/function/internal_message.html?_=1597624081418&CODE_STATE=getMsg HTTP/1.1" 200 27
116.230.74.197 - - [17/Aug/2020:08:33:45 +0800] "GET /xingrg/login.html HTTP/1.1" 200 7641
116.230.74.197 - - [17/Aug/2020:08:33:47 +0800] "GET /favicon.ico HTTP/1.1" 404 -
116.230.74.197 - - [17/Aug/2020:08:33:49 +0800] "POST /xingrg/login.do HTTP/1.1" 302 -
116.230.74.197 - - [17/Aug/2020:08:33:49 +0800] "GET /xingrg/index.html?sysBaseUrl=http%3A%2F%2F180.169.147.146%3A18081%2Fxingrg%2F&costTime=38×tamp=1597624429863 HTTP/1.1" 200 17179
58.40.7.146 - - [17/Aug/2020:08:33:49 +0800] "GET /xingrg/all/function/internal_message.html?_=1597624429777&CODE_STATE=getMsg HTTP/1.1" 200 27
116.230.74.197 - - [17/Aug/2020:08:33:50 +0800] "GET /favicon.ico HTTP/1.1" 404 -
116.230.74.197 - - [17/Aug/2020:08:33:51 +0800] "POST /xingrg/all/common/load_tree.html?tree=area_rest_tree_json&manage=1 HTTP/1.1" 200 476
116.230.74.197 - - [17/Aug/2020:08:33:51 +0800] "GET /xingrg/all/function/internal_message.html?_=1597624433654&CODE_STATE=count HTTP/1.1" 200 11
116.230.74.197 - - [17/Aug/2020:08:33:51 +0800] "GET /xingrg/check_reg.html?_=1597624433663 HTTP/1.1" 200 22
116.230.74.197 - - [17/Aug/2020:08:33:51 +0800] "POST /xingrg/load_menu.html HTTP/1.1" 200 5138
116.230.74.197 - - [17/Aug/2020:08:33:55 +0800] "GET /xingrg/kc/buy/buy_main.html HTTP/1.1" 200 12412
116.230.74.197 - - [17/Aug/2020:08:33:55 +0800] "GET /xingrg/css/new_ie.css HTTP/1.1" 404 1036
116.230.74.197 - - [17/Aug/2020:08:33:56 +0800] "GET /xingrg/images/yd/bt.gif HTTP/1.1" 404 1040
116.230.74.197 - - [17/Aug/2020:08:33:57 +0800] "GET /xingrg/kc/buy/cgsh_order_list.html HTTP/1.1" 200 43647
120.253.135.82 - - [17/Aug/2020:08:34:04 +0800] "GET /xingrg/all/function/internal_message.html?_=1597624196769&CODE_STATE=getMsg HTTP/1.1" 200 27
116.230.74.197 - - [17/Aug/2020:08:34:07 +0800] "GET /xingrg/javascript/jquery_tools/images/prev.gif HTTP/1.1" 404 1086
116.230.74.197 - - [17/Aug/2020:08:34:07 +0800] "GET /xingrg/javascript/jquery_easy_ui/themes/icons/rest.png HTTP/1.1" 200 695
116.230.74.197 - - [17/Aug/2020:08:34:07 +0800] "GET /xingrg/javascript/jquery_tools/images/next.gif HTTP/1.1" 404 1086
116.230.74.197 - - [17/Aug/2020:08:34:07 +0800] "GET /xingrg/javascript/jquery_easy_ui/themes/icons/area.png HTTP/1.1" 200 262
116.230.74.197 - - [17/Aug/2020:08:34:12 +0800] "POST /xingrg/kc/buy/cgsh_list_operate.html HTTP/1.1" 200 5102
218.81.217.115 - - [17/Aug/2020:08:34:26 +0800] "GET /xingrg/all/function/internal_message.html?_=1597624467118&CODE_STATE=getMsg HTTP/1.1" 200 27
114.88.165.122 - - [17/Aug/2020:08:34:28 +0800] "GET /xingrg/all/function/internal_message.html?_=1597624513692&CODE_STATE=getMsg HTTP/1.1" 200 27
117.131.5.26 - - [17/Aug/2020:08:34:30 +0800] "GET /xingrg/all/function/internal_message.html?_=1597624848618&CODE_STATE=getMsg HTTP/1.1" 200 27
116.230.74.197 - - [17/Aug/2020:08:34:30 +0800] "POST /xingrg/kc/buy/cgsh_list_operate.html HTTP/1.1" 200 4
172.17.0.123 - - [17/Aug/2020:08:34:31 +0800] "GET /xingrg/all/function/internal_message.html?_=1597624388872&CODE_STATE=getMsg HTTP/1.1" 200 27
172.17.0.185 - - [17/Aug/2020:08:34:37 +0800] "GET /xingrg/all/function/internal_message.html?_=1597624476812&CODE_STATE=getMsg HTTP/1.1" 302 -
172.17.0.185 - - [17/Aug/2020:08:34:37 +0800] "GET /xingrg/check_reg.html?_=1597624476816 HTTP/1.1" 302 -
172.17.0.101 - - [17/Aug/2020:08:34:39 +0800] "GET /xingrg/all/function/internal_message.html?_=1597624480092&CODE_STATE=getMsg HTTP/1.1" 302 -
120.253.135.82 - - [17/Aug/2020:08:34:40 +0800] "POST /xingrg/kc/base/stock_operate.html HTTP/1.1" 200 1456
116.230.74.197 - - [17/Aug/2020:08:34:40 +0800] "POST /xingrg/kc/buy/cgsh_list_operate.html HTTP/1.1" 200 5077
120.253.135.82 - - [17/Aug/2020:08:34:44 +0800] "GET /xingrg/check_reg.html?_=1597624141418 HTTP/1.1" 200 22
120.253.135.82 - - [17/Aug/2020:08:34:44 +0800] "GET /xingrg/all/function/internal_message.html?_=1597624141420&CODE_STATE=getMsg HTTP/1.1" 200 27
58.40.7.146 - - [17/Aug/2020:08:34:49 +0800] "GET /xingrg/check_reg.html?_=1597624489764 HTTP/1.1" 200 22
58.40.7.146 - - [17/Aug/2020:08:34:49 +0800] "GET /xingrg/all/function/internal_message.html?_=1597624489765&CODE_STATE=getMsg HTTP/1.1" 200 27
116.230.74.197 - - [17/Aug/2020:08:34:51 +0800] "GET /xingrg/all/function/internal_message.html?_=1597624493669&CODE_STATE=getMsg HTTP/1.1" 200 27
120.253.135.82 - - [17/Aug/2020:08:35:04 +0800] "GET /xingrg/all/function/internal_message.html?_=1597624256774&CODE_STATE=getMsg HTTP/1.1" 200 27
116.230.74.197 - - [17/Aug/2020:08:35:06 +0800] "POST /xingrg/kc/buy/cgsh_list_operate.html HTTP/1.1" 200 4
172.17.0.101 - - [17/Aug/2020:08:35:17 +0800] "GET /xingrg/check_reg.html?_=1597624517579 HTTP/1.1" 302 -
116.230.74.197 - - [17/Aug/2020:08:35:19 +0800] "POST /xingrg/kc/buy/cgsh_list_operate.html HTTP/1.1" 200 4164
120.253.135.82 - - [17/Aug/2020:08:35:21 +0800] "POST /xingrg/kc/base/stock_operate.html HTTP/1.1" 200 1456
218.81.217.115 - - [17/Aug/2020:08:35:26 +0800] "GET /xingrg/all/function/internal_message.html?_=1597624527123&CODE_STATE=getMsg HTTP/1.1" 200 27
120.253.135.82 - - [17/Aug/2020:08:35:27 +0800] "GET /xingrg/javascript/easyui/themes/sunny/images/ui-bg_gloss-wave_70_ffdd57_500x100.png HTTP/1.1" 200 3830
114.88.165.122 - - [17/Aug/2020:08:35:28 +0800] "GET /xingrg/all/function/internal_message.html?_=1597624573691&CODE_STATE=getMsg HTTP/1.1" 200 27
117.131.5.26 - - [17/Aug/2020:08:35:30 +0800] "GET /xingrg/all/function/internal_message.html?_=1597624908621&CODE_STATE=getMsg HTTP/1.1" 200 27
172.17.0.123 - - [17/Aug/2020:08:35:31 +0800] "GET /xingrg/all/function/internal_message.html?_=1597624448861&CODE_STATE=getMsg HTTP/1.1" 200 27
116.230.74.197 - - [17/Aug/2020:08:35:37 +0800] "POST /xingrg/kc/buy/cgsh_list_operate.html HTTP/1.1" 200 4
172.17.0.185 - - [17/Aug/2020:08:35:37 +0800] "GET /xingrg/all/function/internal_message.html?_=1597624536818&CODE_STATE=getMsg HTTP/1.1" 302 -
172.17.0.101 - - [17/Aug/2020:08:35:39 +0800] "GET /xingrg/all/function/internal_message.html?_=1597624540213&CODE_STATE=getMsg HTTP/1.1" 302 -
116.230.74.197 - - [17/Aug/2020:08:35:42 +0800] "POST /xingrg/kc/buy/cgsh_list_operate.html HTTP/1.1" 200 876
120.253.135.82 - - [17/Aug/2020:08:35:44 +0800] "GET /xingrg/all/function/internal_message.html?_=1597624201418&CODE_STATE=getMsg HTTP/1.1" 200 27
58.40.7.146 - - [17/Aug/2020:08:35:49 +0800] "GET /xingrg/all/function/internal_message.html?_=1597624549766&CODE_STATE=getMsg HTTP/1.1" 200 27
116.230.74.197 - - [17/Aug/2020:08:35:51 +0800] "GET /xingrg/all/function/internal_message.html?_=1597624553667&CODE_STATE=getMsg HTTP/1.1" 200 27
222.69.137.86 - - [17/Aug/2020:08:35:56 +0800] "GET /xingrg/index.html?sysBaseUrl=http%3A%2F%2F180.169.147.146%3A18081%2Fxingrg%2F&costTime=52×tamp=1591679117969 HTTP/1.1" 302 -
222.69.137.86 - - [17/Aug/2020:08:35:56 +0800] "GET /xingrg/login.html HTTP/1.1" 200 7641
222.69.137.86 - - [17/Aug/2020:08:35:57 +0800] "GET /favicon.ico HTTP/1.1" 404 -
222.69.137.86 - - [17/Aug/2020:08:36:01 +0800] "POST /xingrg/login.do HTTP/1.1" 302 -
222.69.137.86 - - [17/Aug/2020:08:36:01 +0800] "GET /xingrg/index.html?sysBaseUrl=http%3A%2F%2F180.169.147.146%3A18081%2Fxingrg%2F&costTime=53×tamp=1597624561795 HTTP/1.1" 200 17179
222.69.137.86 - - [17/Aug/2020:08:36:02 +0800] "GET /favicon.ico HTTP/1.1" 404 -
222.69.137.86 - - [17/Aug/2020:08:36:02 +0800] "POST /xingrg/all/common/load_tree.html?tree=area_rest_tree_json&manage=1 HTTP/1.1" 200 351
222.69.137.86 - - [17/Aug/2020:08:36:02 +0800] "GET /xingrg/all/function/internal_message.html?_=1597624561230&CODE_STATE=count HTTP/1.1" 200 11
222.69.137.86 - - [17/Aug/2020:08:36:02 +0800] "GET /xingrg/check_reg.html?_=1597624561231 HTTP/1.1" 200 22
222.69.137.86 - - [17/Aug/2020:08:36:02 +0800] "POST /xingrg/load_menu.html HTTP/1.1" 200 5138
222.69.137.86 - - [17/Aug/2020:08:36:05 +0800] "GET /xingrg/kc/buy/cgsh_order_list.html HTTP/1.1" 200 43647
222.69.137.86 - - [17/Aug/2020:08:36:06 +0800] "POST /xingrg/kc/buy/cgsh_list_operate.html HTTP/1.1" 200 876
222.69.137.86 - - [17/Aug/2020:08:36:07 +0800] "GET /xingrg/kc/buy/cgsh_order_add.html HTTP/1.1" 200 59432
222.69.137.86 - - [17/Aug/2020:08:36:07 +0800] "GET /xingrg/words/20200815162722_words.js HTTP/1.1" 304 -
222.69.137.86 - - [17/Aug/2020:08:36:07 +0800] "POST /xingrg/kc/buy/cgsh_order_operate.html HTTP/1.1" 200 8245
222.69.137.86 - - [17/Aug/2020:08:36:07 +0800] "GET /xingrg/all/common/auto_word.html?type=employee&rest_code=00149 HTTP/1.1" 200 197
222.69.137.86 - - [17/Aug/2020:08:36:07 +0800] "GET /xingrg/all/common/auto_word.html?type=employee&rest_code=00149 HTTP/1.1" 200 197
222.69.137.86 - - [17/Aug/2020:08:36:07 +0800] "GET /xingrg/javascript/easyui/themes/default/validatebox.css HTTP/1.1" 404 1104
222.69.137.86 - - [17/Aug/2020:08:36:09 +0800] "GET /xingrg/javascript/auto/indicator.gif HTTP/1.1" 404 1066
222.69.137.86 - - [17/Aug/2020:08:36:10 +0800] "GET /xingrg/javascript/jquery_tools/images/prev.gif HTTP/1.1" 404 1086
222.69.137.86 - - [17/Aug/2020:08:36:10 +0800] "GET /xingrg/javascript/jquery_tools/images/next.gif HTTP/1.1" 404 1086
114.88.165.122 - - [17/Aug/2020:08:36:11 +0800] "GET /xingrg/kc/buy/cgsh_order_add.html HTTP/1.1" 200 59379
114.88.165.122 - - [17/Aug/2020:08:36:11 +0800] "GET /xingrg/words/20200815162722_words.js HTTP/1.1" 304 -
114.88.165.122 - - [17/Aug/2020:08:36:12 +0800] "GET /xingrg/all/common/auto_word.html?type=employee&rest_code=00111 HTTP/1.1" 200 205
114.88.165.122 - - [17/Aug/2020:08:36:12 +0800] "GET /xingrg/all/common/auto_word.html?type=employee&rest_code=00111 HTTP/1.1" 200 205
114.88.165.122 - - [17/Aug/2020:08:36:12 +0800] "GET /xingrg/javascript/easyui/themes/default/validatebox.css HTTP/1.1" 404 1104
114.88.165.122 - - [17/Aug/2020:08:36:12 +0800] "POST /xingrg/kc/buy/cgsh_order_operate.html HTTP/1.1" 200 8245
114.88.165.122 - - [17/Aug/2020:08:36:13 +0800] "GET /xingrg/javascript/auto/indicator.gif HTTP/1.1" 404 1066
114.88.165.122 - - [17/Aug/2020:08:36:14 +0800] "GET /xingrg/javascript/jquery_tools/images/next.gif HTTP/1.1" 404 1086
114.88.165.122 - - [17/Aug/2020:08:36:14 +0800] "GET /xingrg/javascript/jquery_tools/images/prev.gif HTTP/1.1" 404 1086
222.69.137.86 - - [17/Aug/2020:08:36:16 +0800] "GET /xingrg/kc/buy/cgsh_order_operate.html?command=get_materiel&rest_code=00149&code=00101008323&supplier_code=00100005&order_time=2020-08-17 HTTP/1.1" 200 408
114.88.165.122 - - [17/Aug/2020:08:36:17 +0800] "GET /xingrg/kc/buy/cgsh_order_operate.html?command=get_materiel&rest_code=00111&code=00101002027&supplier_code=00100199&order_time=2020-08-17 HTTP/1.1" 200 413
218.81.217.115 - - [17/Aug/2020:08:36:26 +0800] "GET /xingrg/all/function/internal_message.html?_=1597624587147&CODE_STATE=getMsg HTTP/1.1" 200 27
114.88.165.122 - - [17/Aug/2020:08:36:28 +0800] "GET /xingrg/all/function/internal_message.html?_=1597624633706&CODE_STATE=getMsg HTTP/1.1" 200 27
117.131.5.26 - - [17/Aug/2020:08:36:30 +0800] "GET /xingrg/all/function/internal_message.html?_=1597624968626&CODE_STATE=getMsg HTTP/1.1" 200 27
172.17.0.123 - - [17/Aug/2020:08:36:31 +0800] "GET /xingrg/all/function/internal_message.html?_=1597624508864&CODE_STATE=getMsg HTTP/1.1" 200 27
114.88.165.122 - - [17/Aug/2020:08:36:34 +0800] "POST /xingrg/kc/buy/cgsh_order_operate.html HTTP/1.1" 200 37
114.88.165.122 - - [17/Aug/2020:08:36:35 +0800] "POST /xingrg/kc/buy/cgsh_order_operate.html HTTP/1.1" 200 3251
114.88.165.122 - - [17/Aug/2020:08:36:36 +0800] "GET /xingrg/kc/print/load_config.html?kc_code=cgsh HTTP/1.1" 200 1845
114.88.165.122 - - [17/Aug/2020:08:36:36 +0800] "GET /xingrg/kc/print/load_data.html?order_code=212020081707075&kc_code=cgsh&condition= HTTP/1.1" 200 894
172.17.0.185 - - [17/Aug/2020:08:36:37 +0800] "GET /xingrg/all/function/internal_message.html?_=1597624596806&CODE_STATE=getMsg HTTP/1.1" 302 -
172.17.0.101 - - [17/Aug/2020:08:36:39 +0800] "GET /xingrg/all/function/internal_message.html?_=1597624600229&CODE_STATE=getMsg HTTP/1.1" 302 -
120.253.135.82 - - [17/Aug/2020:08:36:44 +0800] "GET /xingrg/all/function/internal_message.html?_=1597624261416&CODE_STATE=getMsg HTTP/1.1" 200 27
58.40.7.146 - - [17/Aug/2020:08:36:49 +0800] "GET /xingrg/all/function/internal_message.html?_=1597624609769&CODE_STATE=getMsg HTTP/1.1" 200 27
116.230.74.197 - - [17/Aug/2020:08:36:51 +0800] "GET /xingrg/all/function/internal_message.html?_=1597624613685&CODE_STATE=getMsg HTTP/1.1" 200 27
222.69.137.86 - - [17/Aug/2020:08:37:02 +0800] "GET /xingrg/all/function/internal_message.html?_=1597624621242&CODE_STATE=getMsg HTTP/1.1" 200 27
222.69.137.86 - - [17/Aug/2020:08:37:07 +0800] "GET /xingrg/kc/buy/cgsh_order_operate.html?command=get_materiel&rest_code=00149&code=00101008176&supplier_code=00100005&order_time=2020-08-17 HTTP/1.1" 200 412
218.81.217.115 - - [17/Aug/2020:08:37:16 +0800] "GET /xingrg/check_reg.html?_=1597624637511 HTTP/1.1" 200 22
218.81.217.115 - - [17/Aug/2020:08:37:26 +0800] "GET /xingrg/all/function/internal_message.html?_=1597624647150&CODE_STATE=getMsg HTTP/1.1" 200 27
222.69.137.86 - - [17/Aug/2020:08:37:27 +0800] "GET /xingrg/kc/buy/cgsh_order_operate.html?command=get_materiel&rest_code=00149&code=00101008091&supplier_code=00100005&order_time=2020-08-17 HTTP/1.1" 200 412
114.88.165.122 - - [17/Aug/2020:08:37:28 +0800] "GET /xingrg/all/function/internal_message.html?_=1597624693704&CODE_STATE=getMsg HTTP/1.1" 200 27
