116.230.74.197 - - [17/Aug/2020:09:24:43 +0800] "GET /xingrg/javascript/easyui/themes/default/tree.css HTTP/1.1" 404 1090
116.230.74.197 - - [17/Aug/2020:09:24:43 +0800] "POST /xingrg/all/common/load_tree.html?tree=supplier_tree_json&isDelete=1 HTTP/1.1" 200 49675
120.253.135.82 - - [17/Aug/2020:09:24:44 +0800] "GET /xingrg/all/function/internal_message.html?_=1597627141488&CODE_STATE=getMsg HTTP/1.1" 200 27
120.253.135.82 - - [17/Aug/2020:09:24:44 +0800] "GET /xingrg/check_reg.html?_=1597627141490 HTTP/1.1" 200 22
180.157.251.101 - - [17/Aug/2020:09:24:45 +0800] "GET /xingrg/logout.do HTTP/1.1" 302 -
180.157.251.101 - - [17/Aug/2020:09:24:45 +0800] "GET /xingrg/login.html?sysBaseUrl=http%3A%2F%2F180.169.147.146%3A18081%2Fxingrg%2F&costTime=9×tamp=1597627485289 HTTP/1.1" 200 7641
180.157.251.101 - - [17/Aug/2020:09:24:45 +0800] "GET /favicon.ico HTTP/1.1" 404 -
114.88.153.118 - - [17/Aug/2020:09:24:47 +0800] "GET /xingrg/check_reg.html?_=1597627487468 HTTP/1.1" 302 -
58.40.7.146 - - [17/Aug/2020:09:24:49 +0800] "GET /xingrg/check_reg.html?_=1597627489783 HTTP/1.1" 200 22
58.40.7.146 - - [17/Aug/2020:09:24:50 +0800] "GET /xingrg/all/function/internal_message.html?_=1597627489784&CODE_STATE=getMsg HTTP/1.1" 200 27
116.230.74.197 - - [17/Aug/2020:09:24:51 +0800] "GET /xingrg/all/function/internal_message.html?_=1597627494063&CODE_STATE=getMsg HTTP/1.1" 200 27
180.157.251.101 - - [17/Aug/2020:09:24:54 +0800] "POST /xingrg/login.do HTTP/1.1" 302 -
180.157.251.101 - - [17/Aug/2020:09:24:54 +0800] "GET /xingrg/index.html?sysBaseUrl=http%3A%2F%2F180.169.147.146%3A18081%2Fxingrg%2F&costTime=85×tamp=1597627494272 HTTP/1.1" 200 17503
180.157.251.101 - - [17/Aug/2020:09:24:54 +0800] "GET /favicon.ico HTTP/1.1" 404 -
180.157.251.101 - - [17/Aug/2020:09:24:54 +0800] "POST /xingrg/all/common/load_tree.html?tree=area_rest_tree_json&manage=1 HTTP/1.1" 200 3216
180.157.251.101 - - [17/Aug/2020:09:24:54 +0800] "GET /xingrg/all/function/internal_message.html?_=1597627494688&CODE_STATE=count HTTP/1.1" 200 11
180.157.251.101 - - [17/Aug/2020:09:24:54 +0800] "GET /xingrg/check_reg.html?_=1597627494691 HTTP/1.1" 200 22
180.157.251.101 - - [17/Aug/2020:09:24:55 +0800] "POST /xingrg/load_menu.html HTTP/1.1" 200 11443
218.81.217.115 - - [17/Aug/2020:09:24:55 +0800] "GET /xingrg/all/function/internal_message.html?_=1597627496007&CODE_STATE=getMsg HTTP/1.1" 200 27
172.17.200.101 - - [17/Aug/2020:09:24:56 +0800] "POST /xingrg/all/user/operate.html HTTP/1.1" 200 36
172.17.200.101 - - [17/Aug/2020:09:24:56 +0800] "GET /xingrg/index.html?sysBaseUrl=http%3A%2F%2F172.17.0.8%3A18081%2Fxingrg%2F&costTime=61×tamp=1597626855311 HTTP/1.1" 200 17448
172.17.200.101 - - [17/Aug/2020:09:24:56 +0800] "GET /xingrg/javascript/jquery_easy_ui/themes/default/easyui.css HTTP/1.1" 304 -
172.17.200.101 - - [17/Aug/2020:09:24:57 +0800] "GET /xingrg/javascript/jquery_easy_ui/themes/icon.css HTTP/1.1" 304 -
114.88.165.122 - - [17/Aug/2020:09:24:57 +0800] "GET /xingrg/kc/buy/cgsh_order_operate.html?command=get_materiel&rest_code=00111&code=00101008101&supplier_code=00100005&order_time=2020-08-17 HTTP/1.1" 200 412
172.17.200.101 - - [17/Aug/2020:09:24:57 +0800] "GET /xingrg/css/form.css HTTP/1.1" 304 -
172.17.200.101 - - [17/Aug/2020:09:24:57 +0800] "GET /xingrg/javascript/jquery-1.4.2.min.js HTTP/1.1" 304 -
172.17.200.101 - - [17/Aug/2020:09:24:57 +0800] "GET /xingrg/javascript/jquery_easy_ui/jquery.easyui.min.js HTTP/1.1" 304 -
172.17.200.101 - - [17/Aug/2020:09:24:57 +0800] "GET /xingrg/javascript/jquery_easy_ui/easyui-lang-zh_CN.js HTTP/1.1" 304 -
172.17.200.101 - - [17/Aug/2020:09:24:57 +0800] "GET /xingrg/javascript/jquery.form.js HTTP/1.1" 304 -
172.17.200.101 - - [17/Aug/2020:09:24:57 +0800] "GET /xingrg/javascript/jquery.utils.js HTTP/1.1" 304 -
172.17.200.101 - - [17/Aug/2020:09:24:57 +0800] "GET /xingrg/javascript/jquery.timers.js HTTP/1.1" 304 -
172.17.200.101 - - [17/Aug/2020:09:24:57 +0800] "GET /xingrg/images/blue/jxLogo.png HTTP/1.1" 304 -
172.17.200.101 - - [17/Aug/2020:09:24:57 +0800] "GET /xingrg/images/blue/navBackgound.jpg HTTP/1.1" 304 -
172.17.200.101 - - [17/Aug/2020:09:24:57 +0800] "GET /xingrg/javascript/jquery_easy_ui/themes/icons/settle_new.png HTTP/1.1" 304 -
172.17.200.101 - - [17/Aug/2020:09:24:57 +0800] "POST /xingrg/all/common/load_tree.html?tree=area_rest_tree_json&manage=1 HTTP/1.1" 200 3088
172.17.200.101 - - [17/Aug/2020:09:24:57 +0800] "GET /xingrg/all/function/internal_message.html?_=1597627498763&CODE_STATE=count HTTP/1.1" 200 11
172.17.200.101 - - [17/Aug/2020:09:24:57 +0800] "GET /xingrg/check_reg.html?_=1597627498763 HTTP/1.1" 200 22
172.17.200.101 - - [17/Aug/2020:09:24:57 +0800] "POST /xingrg/load_menu.html HTTP/1.1" 200 11529
116.232.54.109 - - [17/Aug/2020:09:24:57 +0800] "GET /xingrg/kc/base/check_order_list.html?isBack=1 HTTP/1.1" 200 16374
180.157.251.101 - - [17/Aug/2020:09:24:58 +0800] "POST /xingrg/all/user/operate.html HTTP/1.1" 200 36
180.157.251.101 - - [17/Aug/2020:09:24:58 +0800] "GET /xingrg/index.html?sysBaseUrl=http%3A%2F%2F180.169.147.146%3A18081%2Fxingrg%2F&costTime=85×tamp=1597627494272 HTTP/1.1" 200 17509
180.157.251.101 - - [17/Aug/2020:09:24:58 +0800] "GET /xingrg/javascript/jquery_easy_ui/themes/default/easyui.css HTTP/1.1" 304 -
180.157.251.101 - - [17/Aug/2020:09:24:58 +0800] "GET /xingrg/javascript/jquery_easy_ui/themes/icon.css HTTP/1.1" 304 -
180.157.251.101 - - [17/Aug/2020:09:24:58 +0800] "GET /xingrg/css/form.css HTTP/1.1" 304 -
180.157.251.101 - - [17/Aug/2020:09:24:58 +0800] "GET /xingrg/javascript/jquery-1.4.2.min.js HTTP/1.1" 304 -
180.157.251.101 - - [17/Aug/2020:09:24:58 +0800] "GET /xingrg/javascript/jquery_easy_ui/jquery.easyui.min.js HTTP/1.1" 304 -
180.157.251.101 - - [17/Aug/2020:09:24:58 +0800] "GET /xingrg/javascript/jquery_easy_ui/easyui-lang-zh_CN.js HTTP/1.1" 304 -
180.157.251.101 - - [17/Aug/2020:09:24:58 +0800] "GET /xingrg/javascript/jquery.form.js HTTP/1.1" 304 -
180.157.251.101 - - [17/Aug/2020:09:24:58 +0800] "GET /xingrg/javascript/jquery.utils.js HTTP/1.1" 304 -
180.157.251.101 - - [17/Aug/2020:09:24:58 +0800] "GET /xingrg/javascript/jquery.timers.js HTTP/1.1" 304 -
180.157.251.101 - - [17/Aug/2020:09:24:58 +0800] "GET /xingrg/images/blue/jxLogo.png HTTP/1.1" 304 -
180.157.251.101 - - [17/Aug/2020:09:24:58 +0800] "GET /xingrg/javascript/jquery_easy_ui/themes/icons/settle_new.png HTTP/1.1" 304 -
180.157.251.101 - - [17/Aug/2020:09:24:58 +0800] "GET /xingrg/images/blue/navBackgound.jpg HTTP/1.1" 304 -
180.157.251.101 - - [17/Aug/2020:09:24:58 +0800] "POST /xingrg/all/common/load_tree.html?tree=area_rest_tree_json&manage=1 HTTP/1.1" 200 3216
172.17.200.101 - - [17/Aug/2020:09:24:58 +0800] "GET /xingrg/kc/report/report_main.html HTTP/1.1" 200 9350
116.232.54.109 - - [17/Aug/2020:09:24:58 +0800] "POST /xingrg/kc/base/check_list_operate.html HTTP/1.1" 200 3522
180.157.251.101 - - [17/Aug/2020:09:24:58 +0800] "GET /xingrg/all/function/internal_message.html?_=1597627498676&CODE_STATE=count HTTP/1.1" 200 11
180.157.251.101 - - [17/Aug/2020:09:24:58 +0800] "GET /xingrg/check_reg.html?_=1597627498678 HTTP/1.1" 200 22
180.157.251.101 - - [17/Aug/2020:09:24:58 +0800] "GET /xingrg/javascript/jquery_easy_ui/themes/default/images/tabs_leftarrow.png HTTP/1.1" 304 -
180.157.251.101 - - [17/Aug/2020:09:24:58 +0800] "GET /xingrg/javascript/jquery_easy_ui/themes/default/images/panel_tool_expand.gif HTTP/1.1" 304 -
180.157.251.101 - - [17/Aug/2020:09:24:58 +0800] "GET /xingrg/javascript/jquery_easy_ui/themes/default/images/tabs_rightarrow.png HTTP/1.1" 304 -
180.157.251.101 - - [17/Aug/2020:09:24:58 +0800] "GET /xingrg/images/blue/pingpu.png HTTP/1.1" 304 -
180.157.251.101 - - [17/Aug/2020:09:24:58 +0800] "GET /xingrg/javascript/jquery_easy_ui/themes/default/images/panel_tool_collapse.gif HTTP/1.1" 304 -
180.157.251.101 - - [17/Aug/2020:09:24:58 +0800] "POST /xingrg/load_menu.html HTTP/1.1" 200 9959
61.172.5.115 - - [17/Aug/2020:09:25:00 +0800] "GET /xingrg/all/function/internal_message.html?_=1597627490496&CODE_STATE=getMsg HTTP/1.1" 200 27
116.230.74.197 - - [17/Aug/2020:09:25:00 +0800] "GET /xingrg/kc/buy/cgsh_order_operate.html?command=get_materiel&rest_code=00107&code=00101006109&supplier_code=00100010&order_time=2020-08-17 HTTP/1.1" 200 409
116.232.54.109 - - [17/Aug/2020:09:25:00 +0800] "GET /xingrg/kc/base/check_order_info.html?code=452020081600378 HTTP/1.1" 200 26528
116.232.54.109 - - [17/Aug/2020:09:25:00 +0800] "GET /xingrg/dwr/interface/AjaxCheckService.js HTTP/1.1" 200 14003
116.232.54.109 - - [17/Aug/2020:09:25:00 +0800] "GET /xingrg/dwr/interface/AjaxComOrderService.js HTTP/1.1" 200 18264
116.232.54.109 - - [17/Aug/2020:09:25:00 +0800] "GET /xingrg/dwr/engine.js HTTP/1.1" 200 43631
116.232.54.109 - - [17/Aug/2020:09:25:01 +0800] "POST /xingrg/dwr/call/plaincall/AjaxCheckService.loadOrderItems.dwr HTTP/1.1" 200 155787
180.157.251.101 - - [17/Aug/2020:09:25:01 +0800] "GET /xingrg/kc/buy/cgsh_order_list.html HTTP/1.1" 200 43902
172.17.200.101 - - [17/Aug/2020:09:25:01 +0800] "GET /xingrg/all/report/report_query.html?fileName=kc/buy/gys_amount_base_rest.xml HTTP/1.1" 200 51589
172.17.200.101 - - [17/Aug/2020:09:25:01 +0800] "GET /xingrg/dwr/interface/AjaxReportQueryService.js HTTP/1.1" 200 13203
172.17.200.101 - - [17/Aug/2020:09:25:02 +0800] "GET /xingrg/dwr/engine.js HTTP/1.1" 200 43631
172.17.200.101 - - [17/Aug/2020:09:25:02 +0800] "POST /xingrg/dwr/call/plaincall/AjaxReportQueryService.getFixDate.dwr HTTP/1.1" 200 111
222.69.137.86 - - [17/Aug/2020:09:25:02 +0800] "GET /xingrg/all/function/internal_message.html?_=1597627501374&CODE_STATE=getMsg HTTP/1.1" 200 27
172.17.200.101 - - [17/Aug/2020:09:25:02 +0800] "POST /xingrg/all/common/load_tree.html?tree=area_rest_tree_json&manage=1 HTTP/1.1" 200 3088
172.17.200.101 - - [17/Aug/2020:09:25:02 +0800] "POST /xingrg/all/common/load_tree.html?tree=supplier_tree_json&manage=1 HTTP/1.1" 200 50407
180.157.251.101 - - [17/Aug/2020:09:25:03 +0800] "POST /xingrg/kc/buy/cgsh_list_operate.html HTTP/1.1" 200 1691
114.88.165.122 - - [17/Aug/2020:09:25:04 +0800] "GET /xingrg/kc/buy/cgsh_order_operate.html?command=get_materiel&rest_code=00111&code=00101008125&supplier_code=00100005&order_time=2020-08-17 HTTP/1.1" 200 413
116.232.54.109 - - [17/Aug/2020:09:25:05 +0800] "POST /xingrg/dwr/call/plaincall/AjaxCheckService.setItemNumber.dwr HTTP/1.1" 200 76
116.232.54.109 - - [17/Aug/2020:09:25:06 +0800] "POST /xingrg/dwr/call/plaincall/AjaxCheckService.setItemNumber.dwr HTTP/1.1" 200 76
116.232.54.109 - - [17/Aug/2020:09:25:06 +0800] "POST /xingrg/dwr/call/plaincall/AjaxCheckService.setItemNumber.dwr HTTP/1.1" 200 76
180.157.251.101 - - [17/Aug/2020:09:25:06 +0800] "GET /xingrg/javascript/auto/indicator.gif HTTP/1.1" 404 1066
116.232.54.109 - - [17/Aug/2020:09:25:07 +0800] "POST /xingrg/dwr/call/plaincall/AjaxCheckService.setItemNumber.dwr HTTP/1.1" 200 76
116.232.54.109 - - [17/Aug/2020:09:25:07 +0800] "POST /xingrg/dwr/call/plaincall/AjaxCheckService.setItemNumber.dwr HTTP/1.1" 200 76
116.232.54.109 - - [17/Aug/2020:09:25:08 +0800] "POST /xingrg/dwr/call/plaincall/AjaxCheckService.setItemNumber.dwr HTTP/1.1" 200 76
116.232.54.109 - - [17/Aug/2020:09:25:08 +0800] "POST /xingrg/dwr/call/plaincall/AjaxCheckService.setItemNumber.dwr HTTP/1.1" 200 76
116.232.54.109 - - [17/Aug/2020:09:25:08 +0800] "POST /xingrg/dwr/call/plaincall/AjaxCheckService.setItemNumber.dwr HTTP/1.1" 200 76
116.232.54.109 - - [17/Aug/2020:09:25:09 +0800] "POST /xingrg/dwr/call/plaincall/AjaxCheckService.setItemNumber.dwr HTTP/1.1" 200 76
116.232.54.109 - - [17/Aug/2020:09:25:09 +0800] "POST /xingrg/dwr/call/plaincall/AjaxCheckService.setItemNumber.dwr HTTP/1.1" 200 77
116.232.54.109 - - [17/Aug/2020:09:25:10 +0800] "POST /xingrg/dwr/call/plaincall/AjaxCheckService.setItemNumber.dwr HTTP/1.1" 200 77
180.157.251.101 - - [17/Aug/2020:09:25:10 +0800] "POST /xingrg/kc/buy/cgsh_list_operate.html HTTP/1.1" 200 5854
116.232.54.109 - - [17/Aug/2020:09:25:10 +0800] "POST /xingrg/dwr/call/plaincall/AjaxCheckService.setItemNumber.dwr HTTP/1.1" 200 77
116.232.54.109 - - [17/Aug/2020:09:25:11 +0800] "POST /xingrg/dwr/call/plaincall/AjaxCheckService.setItemNumber.dwr HTTP/1.1" 200 77
116.232.54.109 - - [17/Aug/2020:09:25:11 +0800] "POST /xingrg/dwr/call/plaincall/AjaxCheckService.setItemNumber.dwr HTTP/1.1" 200 77
180.157.251.101 - - [17/Aug/2020:09:25:11 +0800] "POST /xingrg/kc/buy/cgsh_list_operate.html HTTP/1.1" 200 565
116.232.54.109 - - [17/Aug/2020:09:25:12 +0800] "POST /xingrg/dwr/call/plaincall/AjaxCheckService.setItemNumber.dwr HTTP/1.1" 200 77
180.157.251.101 - - [17/Aug/2020:09:25:12 +0800] "GET /xingrg/kc/buy/cgsh_order_info.html?code=212020081606692 HTTP/1.1" 200 54545
116.232.54.109 - - [17/Aug/2020:09:25:12 +0800] "POST /xingrg/dwr/call/plaincall/AjaxCheckService.setItemNumber.dwr HTTP/1.1" 200 77
180.157.251.101 - - [17/Aug/2020:09:25:13 +0800] "GET /xingrg/javascript/easyui/themes/default/validatebox.css HTTP/1.1" 404 1104
116.232.54.109 - - [17/Aug/2020:09:25:13 +0800] "POST /xingrg/dwr/call/plaincall/AjaxCheckService.setItemNumber.dwr HTTP/1.1" 200 77
180.157.251.101 - - [17/Aug/2020:09:25:13 +0800] "POST /xingrg/kc/buy/cgsh_order_operate.html HTTP/1.1" 200 50863
116.232.54.109 - - [17/Aug/2020:09:25:13 +0800] "POST /xingrg/dwr/call/plaincall/AjaxCheckService.setItemNumber.dwr HTTP/1.1" 200 77
120.253.135.82 - - [17/Aug/2020:09:25:13 +0800] "GET /xingrg/all/function/internal_message.html?_=1597627265814&CODE_STATE=getMsg HTTP/1.1" 200 27
116.232.54.109 - - [17/Aug/2020:09:25:14 +0800] "POST /xingrg/dwr/call/plaincall/AjaxCheckService.setItemNumber.dwr HTTP/1.1" 200 77
116.230.74.197 - - [17/Aug/2020:09:25:14 +0800] "GET /xingrg/kc/buy/cgsh_order_operate.html?command=get_materiel&rest_code=00107&code=00101006124&supplier_code=00100010&order_time=2020-08-17 HTTP/1.1" 200 409
116.232.54.109 - - [17/Aug/2020:09:25:14 +0800] "POST /xingrg/dwr/call/plaincall/AjaxCheckService.setItemNumber.dwr HTTP/1.1" 200 77
116.232.54.109 - - [17/Aug/2020:09:25:15 +0800] "POST /xingrg/dwr/call/plaincall/AjaxCheckService.setItemNumber.dwr HTTP/1.1" 200 77
116.232.54.109 - - [17/Aug/2020:09:25:15 +0800] "POST /xingrg/dwr/call/plaincall/AjaxCheckService.setItemNumber.dwr HTTP/1.1" 200 77
180.157.251.101 - - [17/Aug/2020:09:25:16 +0800] "POST /xingrg/kc/buy/cgsh_order_operate.html HTTP/1.1" 200 283
116.232.54.109 - - [17/Aug/2020:09:25:16 +0800] "POST /xingrg/dwr/call/plaincall/AjaxCheckService.setItemNumber.dwr HTTP/1.1" 200 77
116.232.54.109 - - [17/Aug/2020:09:25:16 +0800] "POST /xingrg/dwr/call/plaincall/AjaxCheckService.setItemNumber.dwr HTTP/1.1" 200 77
117.131.5.26 - - [17/Aug/2020:09:25:16 +0800] "POST /xingrg/dwr/call/plaincall/AjaxCheckService.setItemNumber.dwr HTTP/1.1" 200 78
172.17.200.101 - - [17/Aug/2020:09:25:16 +0800] "POST /xingrg/dwr/call/plaincall/AjaxReportQueryService.refreshCache.dwr HTTP/1.1" 200 78
116.232.54.109 - - [17/Aug/2020:09:25:17 +0800] "POST /xingrg/dwr/call/plaincall/AjaxCheckService.setItemNumber.dwr HTTP/1.1" 200 77
116.232.54.109 - - [17/Aug/2020:09:25:17 +0800] "POST /xingrg/dwr/call/plaincall/AjaxCheckService.setItemNumber.dwr HTTP/1.1" 200 77
172.17.0.101 - - [17/Aug/2020:09:25:17 +0800] "GET /xingrg/check_reg.html?_=1597627518115 HTTP/1.1" 302 -
172.17.200.101 - - [17/Aug/2020:09:25:17 +0800] "POST /xingrg/all/report/load_report_page.html HTTP/1.1" 200 46731
172.17.200.101 - - [17/Aug/2020:09:25:17 +0800] "GET /xingrg/servlets/image?cache=0.15571912963663825&image=px HTTP/1.1" 200 807
116.232.54.109 - - [17/Aug/2020:09:25:17 +0800] "POST /xingrg/dwr/call/plaincall/AjaxCheckService.setItemNumber.dwr HTTP/1.1" 200 77
116.232.54.109 - - [17/Aug/2020:09:25:18 +0800] "POST /xingrg/dwr/call/plaincall/AjaxCheckService.setItemNumber.dwr HTTP/1.1" 200 77
180.157.251.101 - - [17/Aug/2020:09:25:18 +0800] "GET /xingrg/logout.do HTTP/1.1" 302 -
180.157.251.101 - - [17/Aug/2020:09:25:18 +0800] "GET /xingrg/login.html?sysBaseUrl=http%3A%2F%2F180.169.147.146%3A18081%2Fxingrg%2F&costTime=9×tamp=1597627518820 HTTP/1.1" 200 7641
116.232.54.109 - - [17/Aug/2020:09:25:18 +0800] "POST /xingrg/dwr/call/plaincall/AjaxCheckService.setItemNumber.dwr HTTP/1.1" 200 77
116.232.54.109 - - [17/Aug/2020:09:25:19 +0800] "POST /xingrg/dwr/call/plaincall/AjaxCheckService.setItemNumber.dwr HTTP/1.1" 200 77
180.157.251.101 - - [17/Aug/2020:09:25:19 +0800] "GET /favicon.ico HTTP/1.1" 404 -
116.232.54.109 - - [17/Aug/2020:09:25:19 +0800] "POST /xingrg/dwr/call/plaincall/AjaxCheckService.setItemNumber.dwr HTTP/1.1" 200 77
116.232.54.109 - - [17/Aug/2020:09:25:20 +0800] "POST /xingrg/dwr/call/plaincall/AjaxCheckService.setItemNumber.dwr HTTP/1.1" 200 77
116.232.54.109 - - [17/Aug/2020:09:25:20 +0800] "POST /xingrg/dwr/call/plaincall/AjaxCheckService.setItemNumber.dwr HTTP/1.1" 200 77
116.232.54.109 - - [17/Aug/2020:09:25:21 +0800] "POST /xingrg/dwr/call/plaincall/AjaxCheckService.setItemNumber.dwr HTTP/1.1" 200 77
180.175.214.200 - - [17/Aug/2020:09:25:21 +0800] "GET /xingrg/all/function/internal_message.html?_=1597627727652&CODE_STATE=getMsg HTTP/1.1" 200 27
114.88.165.122 - - [17/Aug/2020:09:25:21 +0800] "GET /xingrg/all/function/internal_message.html?_=1597627521238&CODE_STATE=getMsg HTTP/1.1" 200 27
116.232.54.109 - - [17/Aug/2020:09:25:21 +0800] "POST /xingrg/dwr/call/plaincall/AjaxCheckService.setItemNumber.dwr HTTP/1.1" 200 77
116.232.54.109 - - [17/Aug/2020:09:25:22 +0800] "POST /xingrg/dwr/call/plaincall/AjaxCheckService.setItemNumber.dwr HTTP/1.1" 200 77
116.232.54.109 - - [17/Aug/2020:09:25:22 +0800] "POST /xingrg/dwr/call/plaincall/AjaxCheckService.setItemNumber.dwr HTTP/1.1" 200 77
116.232.54.109 - - [17/Aug/2020:09:25:23 +0800] "POST /xingrg/dwr/call/plaincall/AjaxCheckService.setItemNumber.dwr HTTP/1.1" 200 77
116.232.54.109 - - [17/Aug/2020:09:25:23 +0800] "POST /xingrg/dwr/call/plaincall/AjaxCheckService.setItemNumber.dwr HTTP/1.1" 200 77
180.157.251.101 - - [17/Aug/2020:09:25:23 +0800] "POST /xingrg/login.do HTTP/1.1" 302 -
180.157.251.101 - - [17/Aug/2020:09:25:23 +0800] "GET /xingrg/index.html?sysBaseUrl=http%3A%2F%2F180.169.147.146%3A18081%2Fxingrg%2F&costTime=63×tamp=1597627523766 HTTP/1.1" 200 17179
116.232.54.109 - - [17/Aug/2020:09:25:23 +0800] "POST /xingrg/dwr/call/plaincall/AjaxCheckService.setItemNumber.dwr HTTP/1.1" 200 77
180.157.251.101 - - [17/Aug/2020:09:25:24 +0800] "GET /favicon.ico HTTP/1.1" 404 -
180.157.251.101 - - [17/Aug/2020:09:25:24 +0800] "POST /xingrg/all/common/load_tree.html?tree=area_rest_tree_json&manage=1 HTTP/1.1" 200 351
180.157.251.101 - - [17/Aug/2020:09:25:24 +0800] "GET /xingrg/all/function/internal_message.html?_=1597627524120&CODE_STATE=count HTTP/1.1" 200 11
180.157.251.101 - - [17/Aug/2020:09:25:24 +0800] "GET /xingrg/check_reg.html?_=1597627524123 HTTP/1.1" 200 22
180.157.251.101 - - [17/Aug/2020:09:25:24 +0800] "POST /xingrg/load_menu.html HTTP/1.1" 200 5138
116.232.54.109 - - [17/Aug/2020:09:25:24 +0800] "POST /xingrg/dwr/call/plaincall/AjaxCheckService.setItemNumber.dwr HTTP/1.1" 200 77
116.232.54.109 - - [17/Aug/2020:09:25:24 +0800] "POST /xingrg/dwr/call/plaincall/AjaxCheckService.setItemNumber.dwr HTTP/1.1" 200 77
116.232.54.109 - - [17/Aug/2020:09:25:25 +0800] "GET /xingrg/all/function/internal_message.html?_=1597627570312&CODE_STATE=getMsg HTTP/1.1" 200 27
114.88.165.122 - - [17/Aug/2020:09:25:25 +0800] "GET /xingrg/kc/buy/cgsh_order_operate.html?command=get_materiel&rest_code=00111&code=00101008198&supplier_code=00100005&order_time=2020-08-17 HTTP/1.1" 200 413
116.232.54.109 - - [17/Aug/2020:09:25:25 +0800] "POST /xingrg/dwr/call/plaincall/AjaxCheckService.setItemNumber.dwr HTTP/1.1" 200 77
116.232.54.109 - - [17/Aug/2020:09:25:26 +0800] "POST /xingrg/dwr/call/plaincall/AjaxCheckService.setItemNumber.dwr HTTP/1.1" 200 77
172.17.200.101 - - [17/Aug/2020:09:25:26 +0800] "POST /xingrg/dwr/call/plaincall/AjaxReportQueryService.refreshCache.dwr HTTP/1.1" 200 78
218.81.217.115 - - [17/Aug/2020:09:25:26 +0800] "GET /xingrg/all/function/internal_message.html?_=1597627527827&CODE_STATE=getMsg HTTP/1.1" 302 -
116.232.54.109 - - [17/Aug/2020:09:25:26 +0800] "POST /xingrg/dwr/call/plaincall/AjaxCheckService.setItemNumber.dwr HTTP/1.1" 200 77
180.157.251.101 - - [17/Aug/2020:09:25:26 +0800] "GET /xingrg/kc/buy/cgsh_order_list.html HTTP/1.1" 200 43647
116.230.74.197 - - [17/Aug/2020:09:25:27 +0800] "GET /xingrg/kc/buy/cgsh_order_operate.html?command=get_materiel&rest_code=00107&code=00101006144&supplier_code=00100010&order_time=2020-08-17 HTTP/1.1" 200 409
116.232.54.109 - - [17/Aug/2020:09:25:27 +0800] "POST /xingrg/dwr/call/plaincall/AjaxCheckService.setItemNumber.dwr HTTP/1.1" 200 77
116.232.54.109 - - [17/Aug/2020:09:25:28 +0800] "POST /xingrg/dwr/call/plaincall/AjaxCheckService.setItemNumber.dwr HTTP/1.1" 200 77
180.157.251.101 - - [17/Aug/2020:09:25:28 +0800] "POST /xingrg/kc/buy/cgsh_list_operate.html HTTP/1.1" 200 1691
114.88.165.122 - - [17/Aug/2020:09:25:28 +0800] "GET /xingrg/all/function/internal_message.html?_=1597627573776&CODE_STATE=getMsg HTTP/1.1" 200 27
116.232.54.109 - - [17/Aug/2020:09:25:28 +0800] "POST /xingrg/dwr/call/plaincall/AjaxCheckService.setItemNumber.dwr HTTP/1.1" 200 77
116.232.54.109 - - [17/Aug/2020:09:25:29 +0800] "POST /xingrg/dwr/call/plaincall/AjaxCheckService.setItemNumber.dwr HTTP/1.1" 200 77
117.184.7.30 - - [17/Aug/2020:09:25:29 +0800] "GET /xingrg/all/function/internal_message.html?_=1597627528150&CODE_STATE=getMsg HTTP/1.1" 200 27
172.17.200.101 - - [17/Aug/2020:09:25:30 +0800] "POST /xingrg/all/report/load_report_page.html HTTP/1.1" 200 257673
172.17.200.101 - - [17/Aug/2020:09:25:30 +0800] "GET /xingrg/servlets/image?cache=0.47119535119251055&image=px HTTP/1.1" 200 807
117.131.5.26 - - [17/Aug/2020:09:25:31 +0800] "GET /xingrg/all/function/internal_message.html?_=1597627908690&CODE_STATE=getMsg HTTP/1.1" 200 27
172.17.0.123 - - [17/Aug/2020:09:25:31 +0800] "GET /xingrg/all/function/internal_message.html?_=1597627448886&CODE_STATE=getMsg HTTP/1.1" 200 27
114.88.165.122 - - [17/Aug/2020:09:25:31 +0800] "GET /xingrg/kc/buy/cgsh_order_operate.html?command=get_materiel&rest_code=00111&code=00101008089&supplier_code=00100005&order_time=2020-08-17 HTTP/1.1" 200 408
180.157.251.101 - - [17/Aug/2020:09:25:33 +0800] "GET /xingrg/javascript/auto/indicator.gif HTTP/1.1" 404 1066
116.232.54.109 - - [17/Aug/2020:09:25:34 +0800] "POST /xingrg/dwr/call/plaincall/AjaxCheckService.setItemNumber.dwr HTTP/1.1" 200 77
116.232.54.109 - - [17/Aug/2020:09:25:34 +0800] "POST /xingrg/dwr/call/plaincall/AjaxCheckService.setItemNumber.dwr HTTP/1.1" 200 77
116.232.54.109 - - [17/Aug/2020:09:25:34 +0800] "POST /xingrg/dwr/call/plaincall/AjaxCheckService.setItemNumber.dwr HTTP/1.1" 200 77
116.232.54.109 - - [17/Aug/2020:09:25:35 +0800] "POST /xingrg/dwr/call/plaincall/AjaxCheckService.setItemNumber.dwr HTTP/1.1" 200 77
116.232.54.109 - - [17/Aug/2020:09:25:36 +0800] "POST /xingrg/dwr/call/plaincall/AjaxCheckService.setItemNumber.dwr HTTP/1.1" 200 77
116.232.54.109 - - [17/Aug/2020:09:25:36 +0800] "POST /xingrg/dwr/call/plaincall/AjaxCheckService.setItemNumber.dwr HTTP/1.1" 200 77
116.232.54.109 - - [17/Aug/2020:09:25:36 +0800] "POST /xingrg/dwr/call/plaincall/AjaxCheckService.setItemNumber.dwr HTTP/1.1" 200 77
172.17.200.101 - - [17/Aug/2020:09:25:37 +0800] "POST /xingrg/all/report/report_print.html HTTP/1.1" 200 27172
116.232.54.109 - - [17/Aug/2020:09:25:37 +0800] "POST /xingrg/dwr/call/plaincall/AjaxCheckService.setItemNumber.dwr HTTP/1.1" 200 77
180.157.251.101 - - [17/Aug/2020:09:25:37 +0800] "POST /xingrg/kc/buy/cgsh_list_operate.html HTTP/1.1" 200 5854
172.17.0.185 - - [17/Aug/2020:09:25:37 +0800] "GET /xingrg/all/function/internal_message.html?_=1597627536810&CODE_STATE=getMsg HTTP/1.1" 302 -
116.232.54.109 - - [17/Aug/2020:09:25:37 +0800] "POST /xingrg/dwr/call/plaincall/AjaxCheckService.setItemNumber.dwr HTTP/1.1" 200 77
114.89.80.44 - - [17/Aug/2020:09:25:38 +0800] "GET /xingrg/all/function/internal_message.html?_=1597627537957&CODE_STATE=getMsg HTTP/1.1" 200 27
116.232.54.109 - - [17/Aug/2020:09:25:38 +0800] "POST /xingrg/dwr/call/plaincall/AjaxCheckService.setItemNumber.dwr HTTP/1.1" 200 77
114.88.165.122 - - [17/Aug/2020:09:25:38 +0800] "GET /xingrg/kc/buy/cgsh_order_operate.html?command=get_materiel&rest_code=00111&code=00101008136&supplier_code=00100005&order_time=2020-08-17 HTTP/1.1" 200 413
116.232.54.109 - - [17/Aug/2020:09:25:38 +0800] "POST /xingrg/dwr/call/plaincall/AjaxCheckService.setItemNumber.dwr HTTP/1.1" 200 77
116.230.74.197 - - [17/Aug/2020:09:25:38 +0800] "GET /xingrg/kc/buy/cgsh_order_operate.html?command=get_materiel&rest_code=00107&code=00101006111&supplier_code=00100010&order_time=2020-08-17 HTTP/1.1" 200 409
116.232.54.109 - - [17/Aug/2020:09:25:39 +0800] "POST /xingrg/dwr/call/plaincall/AjaxCheckService.setItemNumber.dwr HTTP/1.1" 200 77
116.232.54.109 - - [17/Aug/2020:09:25:39 +0800] "POST /xingrg/dwr/call/plaincall/AjaxCheckService.setItemNumber.dwr HTTP/1.1" 200 77
180.157.251.101 - - [17/Aug/2020:09:25:39 +0800] "POST /xingrg/kc/buy/cgsh_list_operate.html HTTP/1.1" 200 565
116.232.54.109 - - [17/Aug/2020:09:25:40 +0800] "POST /xingrg/dwr/call/plaincall/AjaxCheckService.setItemNumber.dwr HTTP/1.1" 200 77
114.88.165.122 - - [17/Aug/2020:09:25:40 +0800] "POST /xingrg/kc/buy/cgsh_order_operate.html HTTP/1.1" 200 2065
116.232.54.109 - - [17/Aug/2020:09:25:40 +0800] "POST /xingrg/dwr/call/plaincall/AjaxCheckService.setItemNumber.dwr HTTP/1.1" 200 77
180.157.251.101 - - [17/Aug/2020:09:25:40 +0800] "POST /xingrg/kc/buy/cgsh_list_operate.html HTTP/1.1" 200 565
116.232.54.109 - - [17/Aug/2020:09:25:41 +0800] "POST /xingrg/dwr/call/plaincall/AjaxCheckService.setItemNumber.dwr HTTP/1.1" 200 77
180.157.251.101 - - [17/Aug/2020:09:25:41 +0800] "GET /xingrg/kc/buy/cgsh_order_info.html?code=212020081606692 HTTP/1.1" 200 54288
180.157.251.101 - - [17/Aug/2020:09:25:42 +0800] "GET /xingrg/javascript/easyui/themes/default/validatebox.css HTTP/1.1" 404 1104
116.232.54.109 - - [17/Aug/2020:09:25:42 +0800] "POST /xingrg/dwr/call/plaincall/AjaxCheckService.setItemNumber.dwr HTTP/1.1" 200 77
172.17.0.101 - - [17/Aug/2020:09:25:42 +0800] "GET /xingrg/all/function/internal_message.html?_=1597627543168&CODE_STATE=getMsg HTTP/1.1" 302 -
180.157.251.101 - - [17/Aug/2020:09:25:42 +0800] "POST /xingrg/kc/buy/cgsh_order_operate.html HTTP/1.1" 200 50863
116.232.54.109 - - [17/Aug/2020:09:25:43 +0800] "POST /xingrg/dwr/call/plaincall/AjaxCheckService.setItemNumber.dwr HTTP/1.1" 200 77
116.232.54.109 - - [17/Aug/2020:09:25:43 +0800] "POST /xingrg/dwr/call/plaincall/AjaxCheckService.setItemNumber.dwr HTTP/1.1" 200 77
114.88.165.122 - - [17/Aug/2020:09:25:43 +0800] "GET /xingrg/kc/buy/cgsh_order_operate.html?command=get_materiel&rest_code=00111&code=00101008264&supplier_code=00100005&order_time=2020-08-17 HTTP/1.1" 200 412
116.232.54.109 - - [17/Aug/2020:09:25:44 +0800] "POST /xingrg/dwr/call/plaincall/AjaxCheckService.setItemNumber.dwr HTTP/1.1" 200 77
116.232.54.109 - - [17/Aug/2020:09:25:44 +0800] "POST /xingrg/dwr/call/plaincall/AjaxCheckService.setItemNumber.dwr HTTP/1.1" 200 77
120.253.135.82 - - [17/Aug/2020:09:25:44 +0800] "GET /xingrg/all/function/internal_message.html?_=1597627201489&CODE_STATE=getMsg HTTP/1.1" 200 27
116.232.54.109 - - [17/Aug/2020:09:25:45 +0800] "POST /xingrg/dwr/call/plaincall/AjaxCheckService.setItemNumber.dwr HTTP/1.1" 200 77
116.232.54.109 - - [17/Aug/2020:09:25:45 +0800] "POST /xingrg/dwr/call/plaincall/AjaxCheckService.setItemNumber.dwr HTTP/1.1" 200 77
116.232.54.109 - - [17/Aug/2020:09:25:46 +0800] "POST /xingrg/dwr/call/plaincall/AjaxCheckService.setItemNumber.dwr HTTP/1.1" 200 77
116.232.54.109 - - [17/Aug/2020:09:25:46 +0800] "POST /xingrg/dwr/call/plaincall/AjaxCheckService.setItemNumber.dwr HTTP/1.1" 200 77
116.232.54.109 - - [17/Aug/2020:09:25:47 +0800] "POST /xingrg/dwr/call/plaincall/AjaxCheckService.setItemNumber.dwr HTTP/1.1" 200 77
116.232.54.109 - - [17/Aug/2020:09:25:47 +0800] "POST /xingrg/dwr/call/plaincall/AjaxCheckService.setItemNumber.dwr HTTP/1.1" 200 77
116.232.54.109 - - [17/Aug/2020:09:25:48 +0800] "POST /xingrg/dwr/call/plaincall/AjaxCheckService.setItemNumber.dwr HTTP/1.1" 200 77
116.232.54.109 - - [17/Aug/2020:09:25:48 +0800] "POST /xingrg/dwr/call/plaincall/AjaxCheckService.setItemNumber.dwr HTTP/1.1" 200 77
116.232.54.109 - - [17/Aug/2020:09:25:49 +0800] "POST /xingrg/dwr/call/plaincall/AjaxCheckService.setItemNumber.dwr HTTP/1.1" 200 77
116.232.54.109 - - [17/Aug/2020:09:25:49 +0800] "POST /xingrg/dwr/call/plaincall/AjaxCheckService.setItemNumber.dwr HTTP/1.1" 200 77
58.40.7.146 - - [17/Aug/2020:09:25:50 +0800] "GET /xingrg/all/function/internal_message.html?_=1597627549787&CODE_STATE=getMsg HTTP/1.1" 200 27
116.232.54.109 - - [17/Aug/2020:09:25:50 +0800] "POST /xingrg/dwr/call/plaincall/AjaxCheckService.setItemNumber.dwr HTTP/1.1" 200 77
116.232.54.109 - - [17/Aug/2020:09:25:50 +0800] "POST /xingrg/dwr/call/plaincall/AjaxCheckService.setItemNumber.dwr HTTP/1.1" 200 77
116.232.54.109 - - [17/Aug/2020:09:25:50 +0800] "POST /xingrg/dwr/call/plaincall/AjaxCheckService.setItemNumber.dwr HTTP/1.1" 200 77
116.230.74.197 - - [17/Aug/2020:09:25:51 +0800] "GET /xingrg/all/function/internal_message.html?_=1597627554034&CODE_STATE=getMsg HTTP/1.1" 200 27
116.232.54.109 - - [17/Aug/2020:09:25:51 +0800] "POST /xingrg/dwr/call/plaincall/AjaxCheckService.setItemNumber.dwr HTTP/1.1" 200 77
116.232.54.109 - - [17/Aug/2020:09:25:51 +0800] "POST /xingrg/dwr/call/plaincall/AjaxCheckService.setItemNumber.dwr HTTP/1.1" 200 77
116.232.54.109 - - [17/Aug/2020:09:25:52 +0800] "POST /xingrg/dwr/call/plaincall/AjaxCheckService.setItemNumber.dwr HTTP/1.1" 200 77
116.232.54.109 - - [17/Aug/2020:09:25:52 +0800] "POST /xingrg/dwr/call/plaincall/AjaxCheckService.setItemNumber.dwr HTTP/1.1" 200 77
116.232.54.109 - - [17/Aug/2020:09:25:53 +0800] "POST /xingrg/dwr/call/plaincall/AjaxCheckService.setItemNumber.dwr HTTP/1.1" 200 77
116.232.54.109 - - [17/Aug/2020:09:25:53 +0800] "POST /xingrg/dwr/call/plaincall/AjaxCheckService.setItemNumber.dwr HTTP/1.1" 200 77
116.232.54.109 - - [17/Aug/2020:09:25:54 +0800] "POST /xingrg/dwr/call/plaincall/AjaxCheckService.setItemNumber.dwr HTTP/1.1" 200 77
218.81.217.115 - - [17/Aug/2020:09:25:54 +0800] "GET /xingrg/check_reg.html?_=1597627555197 HTTP/1.1" 200 22
116.232.54.109 - - [17/Aug/2020:09:25:54 +0800] "POST /xingrg/dwr/call/plaincall/AjaxCheckService.setItemNumber.dwr HTTP/1.1" 200 77
218.81.217.115 - - [17/Aug/2020:09:25:55 +0800] "GET /xingrg/all/function/internal_message.html?_=1597627556009&CODE_STATE=getMsg HTTP/1.1" 200 27
116.232.54.109 - - [17/Aug/2020:09:25:56 +0800] "POST /xingrg/dwr/call/plaincall/AjaxCheckService.setItemNumber.dwr HTTP/1.1" 200 77
116.232.54.109 - - [17/Aug/2020:09:25:56 +0800] "POST /xingrg/dwr/call/plaincall/AjaxCheckService.setItemNumber.dwr HTTP/1.1" 200 77
116.232.54.109 - - [17/Aug/2020:09:25:57 +0800] "POST /xingrg/dwr/call/plaincall/AjaxCheckService.setItemNumber.dwr HTTP/1.1" 200 77
172.17.200.101 - - [17/Aug/2020:09:25:57 +0800] "GET /xingrg/all/function/internal_message.html?_=1597627558781&CODE_STATE=getMsg HTTP/1.1" 200 27
116.232.54.109 - - [17/Aug/2020:09:25:58 +0800] "POST /xingrg/dwr/call/plaincall/AjaxCheckService.setItemNumber.dwr HTTP/1.1" 200 77
116.232.54.109 - - [17/Aug/2020:09:25:58 +0800] "POST /xingrg/dwr/call/plaincall/AjaxCheckService.setItemNumber.dwr HTTP/1.1" 200 77
116.232.54.109 - - [17/Aug/2020:09:25:59 +0800] "POST /xingrg/dwr/call/plaincall/AjaxCheckService.setItemNumber.dwr HTTP/1.1" 200 77
116.232.54.109 - - [17/Aug/2020:09:25:59 +0800] "POST /xingrg/dwr/call/plaincall/AjaxCheckService.setItemNumber.dwr HTTP/1.1" 200 77
61.172.5.115 - - [17/Aug/2020:09:26:00 +0800] "GET /xingrg/all/function/internal_message.html?_=1597627550496&CODE_STATE=getMsg HTTP/1.1" 200 27
114.88.165.122 - - [17/Aug/2020:09:26:00 +0800] "GET /xingrg/kc/buy/cgsh_order_operate.html?command=get_materiel&rest_code=00111&code=00101008350&supplier_code=00100005&order_time=2020-08-17 HTTP/1.1" 200 408
117.131.5.26 - - [17/Aug/2020:09:26:02 +0800] "POST /xingrg/dwr/call/plaincall/AjaxCheckService.setItemNumber.dwr HTTP/1.1" 200 78
222.69.137.86 - - [17/Aug/2020:09:26:02 +0800] "GET /xingrg/check_reg.html?_=1597627561341 HTTP/1.1" 200 22
222.69.137.86 - - [17/Aug/2020:09:26:02 +0800] "GET /xingrg/all/function/internal_message.html?_=1597627561343&CODE_STATE=getMsg HTTP/1.1" 200 27
116.232.54.109 - - [17/Aug/2020:09:26:04 +0800] "POST /xingrg/dwr/call/plaincall/AjaxCheckService.setItemNumber.dwr HTTP/1.1" 200 77
116.232.54.109 - - [17/Aug/2020:09:26:04 +0800] "POST /xingrg/dwr/call/plaincall/AjaxCheckService.setItemNumber.dwr HTTP/1.1" 200 78
116.232.54.109 - - [17/Aug/2020:09:26:05 +0800] "POST /xingrg/dwr/call/plaincall/AjaxCheckService.setItemNumber.dwr HTTP/1.1" 200 78
116.232.54.109 - - [17/Aug/2020:09:26:05 +0800] "POST /xingrg/dwr/call/plaincall/AjaxCheckService.setItemNumber.dwr HTTP/1.1" 200 78
116.232.54.109 - - [17/Aug/2020:09:26:05 +0800] "POST /xingrg/dwr/call/plaincall/AjaxCheckService.setItemNumber.dwr HTTP/1.1" 200 78
116.232.54.109 - - [17/Aug/2020:09:26:06 +0800] "POST /xingrg/dwr/call/plaincall/AjaxCheckService.setItemNumber.dwr HTTP/1.1" 200 78
116.232.54.109 - - [17/Aug/2020:09:26:06 +0800] "POST /xingrg/dwr/call/plaincall/AjaxCheckService.setItemNumber.dwr HTTP/1.1" 200 78
116.232.54.109 - - [17/Aug/2020:09:26:07 +0800] "POST /xingrg/dwr/call/plaincall/AjaxCheckService.setItemNumber.dwr HTTP/1.1" 200 78
116.232.54.109 - - [17/Aug/2020:09:26:07 +0800] "POST /xingrg/dwr/call/plaincall/AjaxCheckService.setItemNumber.dwr HTTP/1.1" 200 78
116.232.54.109 - - [17/Aug/2020:09:26:07 +0800] "POST /xingrg/dwr/call/plaincall/AjaxCheckService.setItemNumber.dwr HTTP/1.1" 200 78
116.232.54.109 - - [17/Aug/2020:09:26:08 +0800] "POST /xingrg/dwr/call/plaincall/AjaxCheckService.setItemNumber.dwr HTTP/1.1" 200 78
116.232.54.109 - - [17/Aug/2020:09:26:08 +0800] "POST /xingrg/dwr/call/plaincall/AjaxCheckService.setItemNumber.dwr HTTP/1.1" 200 78
114.88.165.122 - - [17/Aug/2020:09:26:09 +0800] "GET /xingrg/kc/buy/cgsh_order_operate.html?command=get_materiel&rest_code=00111&code=00101008149&supplier_code=00100005&order_time=2020-08-17 HTTP/1.1" 200 408
116.232.54.109 - - [17/Aug/2020:09:26:09 +0800] "POST /xingrg/dwr/call/plaincall/AjaxCheckService.setItemNumber.dwr HTTP/1.1" 200 78
116.232.54.109 - - [17/Aug/2020:09:26:10 +0800] "POST /xingrg/dwr/call/plaincall/AjaxCheckService.setItemNumber.dwr HTTP/1.1" 200 78
116.232.54.109 - - [17/Aug/2020:09:26:10 +0800] "POST /xingrg/dwr/call/plaincall/AjaxCheckService.setItemNumber.dwr HTTP/1.1" 200 78
116.232.54.109 - - [17/Aug/2020:09:26:10 +0800] "POST /xingrg/dwr/call/plaincall/AjaxCheckService.setItemNumber.dwr HTTP/1.1" 200 78
116.232.54.109 - - [17/Aug/2020:09:26:11 +0800] "POST /xingrg/dwr/call/plaincall/AjaxCheckService.setItemNumber.dwr HTTP/1.1" 200 78
116.232.54.109 - - [17/Aug/2020:09:26:11 +0800] "POST /xingrg/dwr/call/plaincall/AjaxCheckService.setItemNumber.dwr HTTP/1.1" 200 78
116.232.54.109 - - [17/Aug/2020:09:26:11 +0800] "POST /xingrg/dwr/call/plaincall/AjaxCheckService.setItemNumber.dwr HTTP/1.1" 200 78
116.232.54.109 - - [17/Aug/2020:09:26:12 +0800] "POST /xingrg/dwr/call/plaincall/AjaxCheckService.setItemNumber.dwr HTTP/1.1" 200 78
116.232.54.109 - - [17/Aug/2020:09:26:12 +0800] "POST /xingrg/dwr/call/plaincall/AjaxCheckService.setItemNumber.dwr HTTP/1.1" 200 78
120.253.135.82 - - [17/Aug/2020:09:26:13 +0800] "GET /xingrg/check_reg.html?_=1597627325262 HTTP/1.1" 200 22
116.232.54.109 - - [17/Aug/2020:09:26:13 +0800] "POST /xingrg/dwr/call/plaincall/AjaxCheckService.setItemNumber.dwr HTTP/1.1" 200 78
116.232.54.109 - - [17/Aug/2020:09:26:13 +0800] "POST /xingrg/dwr/call/plaincall/AjaxCheckService.setItemNumber.dwr HTTP/1.1" 200 78
120.253.135.82 - - [17/Aug/2020:09:26:13 +0800] "GET /xingrg/all/function/internal_message.html?_=1597627325827&CODE_STATE=getMsg HTTP/1.1" 200 27
116.232.54.109 - - [17/Aug/2020:09:26:14 +0800] "POST /xingrg/dwr/call/plaincall/AjaxCheckService.setItemNumber.dwr HTTP/1.1" 200 78
114.88.165.122 - - [17/Aug/2020:09:26:14 +0800] "POST /xingrg/kc/buy/cgsh_order_operate.html HTTP/1.1" 200 2065
116.232.54.109 - - [17/Aug/2020:09:26:14 +0800] "POST /xingrg/dwr/call/plaincall/AjaxCheckService.setItemNumber.dwr HTTP/1.1" 200 78
116.232.54.109 - - [17/Aug/2020:09:26:15 +0800] "POST /xingrg/dwr/call/plaincall/AjaxCheckService.setItemNumber.dwr HTTP/1.1" 200 78
116.232.54.109 - - [17/Aug/2020:09:26:15 +0800] "POST /xingrg/dwr/call/plaincall/AjaxCheckService.setItemNumber.dwr HTTP/1.1" 200 78
116.232.54.109 - - [17/Aug/2020:09:26:15 +0800] "POST /xingrg/dwr/call/plaincall/AjaxCheckService.setItemNumber.dwr HTTP/1.1" 200 78
116.232.54.109 - - [17/Aug/2020:09:26:16 +0800] "POST /xingrg/dwr/call/plaincall/AjaxCheckService.setItemNumber.dwr HTTP/1.1" 200 78
116.232.54.109 - - [17/Aug/2020:09:26:16 +0800] "POST /xingrg/dwr/call/plaincall/AjaxCheckService.setItemNumber.dwr HTTP/1.1" 200 78
116.232.54.109 - - [17/Aug/2020:09:26:17 +0800] "POST /xingrg/dwr/call/plaincall/AjaxCheckService.setItemNumber.dwr HTTP/1.1" 200 78
116.232.54.109 - - [17/Aug/2020:09:26:17 +0800] "POST /xingrg/dwr/call/plaincall/AjaxCheckService.setItemNumber.dwr HTTP/1.1" 200 78
116.232.54.109 - - [17/Aug/2020:09:26:18 +0800] "POST /xingrg/dwr/call/plaincall/AjaxCheckService.setItemNumber.dwr HTTP/1.1" 200 78
116.232.54.109 - - [17/Aug/2020:09:26:18 +0800] "POST /xingrg/dwr/call/plaincall/AjaxCheckService.setItemNumber.dwr HTTP/1.1" 200 78
116.232.54.109 - - [17/Aug/2020:09:26:19 +0800] "POST /xingrg/dwr/call/plaincall/AjaxCheckService.setItemNumber.dwr HTTP/1.1" 200 78
114.88.165.122 - - [17/Aug/2020:09:26:19 +0800] "GET /xingrg/kc/buy/cgsh_order_operate.html?command=get_materiel&rest_code=00111&code=00101008112&supplier_code=00100005&order_time=2020-08-17 HTTP/1.1" 200 412
116.232.54.109 - - [17/Aug/2020:09:26:19 +0800] "POST /xingrg/dwr/call/plaincall/AjaxCheckService.setItemNumber.dwr HTTP/1.1" 200 78
116.232.54.109 - - [17/Aug/2020:09:26:20 +0800] "POST /xingrg/dwr/call/plaincall/AjaxCheckService.setItemNumber.dwr HTTP/1.1" 200 78
116.232.54.109 - - [17/Aug/2020:09:26:21 +0800] "POST /xingrg/dwr/call/plaincall/AjaxCheckService.setItemNumber.dwr HTTP/1.1" 200 78
116.232.54.109 - - [17/Aug/2020:09:26:21 +0800] "POST /xingrg/dwr/call/plaincall/AjaxCheckService.setItemNumber.dwr HTTP/1.1" 200 78
180.175.214.200 - - [17/Aug/2020:09:26:21 +0800] "GET /xingrg/all/function/internal_message.html?_=1597627787666&CODE_STATE=getMsg HTTP/1.1" 200 27
114.88.165.122 - - [17/Aug/2020:09:26:21 +0800] "GET /xingrg/all/function/internal_message.html?_=1597627581255&CODE_STATE=getMsg HTTP/1.1" 200 27
116.232.54.109 - - [17/Aug/2020:09:26:22 +0800] "POST /xingrg/dwr/call/plaincall/AjaxCheckService.setItemNumber.dwr HTTP/1.1" 200 78
116.232.54.109 - - [17/Aug/2020:09:26:22 +0800] "POST /xingrg/dwr/call/plaincall/AjaxCheckService.setItemNumber.dwr HTTP/1.1" 200 78
116.232.54.109 - - [17/Aug/2020:09:26:23 +0800] "POST /xingrg/dwr/call/plaincall/AjaxCheckService.setItemNumber.dwr HTTP/1.1" 200 78
116.232.54.109 - - [17/Aug/2020:09:26:23 +0800] "POST /xingrg/dwr/call/plaincall/AjaxCheckService.setItemNumber.dwr HTTP/1.1" 200 78
116.232.54.109 - - [17/Aug/2020:09:26:24 +0800] "POST /xingrg/dwr/call/plaincall/AjaxCheckService.setItemNumber.dwr HTTP/1.1" 200 78
180.157.251.101 - - [17/Aug/2020:09:26:24 +0800] "GET /xingrg/all/function/internal_message.html?_=1597627584150&CODE_STATE=getMsg HTTP/1.1" 200 27
116.232.54.109 - - [17/Aug/2020:09:26:24 +0800] "POST /xingrg/dwr/call/plaincall/AjaxCheckService.setItemNumber.dwr HTTP/1.1" 200 78
116.232.54.109 - - [17/Aug/2020:09:26:25 +0800] "POST /xingrg/dwr/call/plaincall/AjaxCheckService.setItemNumber.dwr HTTP/1.1" 200 78
116.232.54.109 - - [17/Aug/2020:09:26:25 +0800] "POST /xingrg/dwr/call/plaincall/AjaxCheckService.setItemNumber.dwr HTTP/1.1" 200 78
116.232.54.109 - - [17/Aug/2020:09:26:25 +0800] "GET /xingrg/all/function/internal_message.html?_=1597627631828&CODE_STATE=getMsg HTTP/1.1" 200 27
116.232.54.109 - - [17/Aug/2020:09:26:25 +0800] "POST /xingrg/dwr/call/plaincall/AjaxCheckService.setItemNumber.dwr HTTP/1.1" 200 78
116.230.74.197 - - [17/Aug/2020:09:26:25 +0800] "GET /xingrg/kc/buy/cgsh_order_operate.html?command=get_materiel&rest_code=00107&code=00101006006&supplier_code=00100010&order_time=2020-08-17 HTTP/1.1" 200 409
116.232.54.109 - - [17/Aug/2020:09:26:26 +0800] "POST /xingrg/dwr/call/plaincall/AjaxCheckService.setItemNumber.dwr HTTP/1.1" 200 78
218.81.217.115 - - [17/Aug/2020:09:26:26 +0800] "GET /xingrg/all/function/internal_message.html?_=1597627587834&CODE_STATE=getMsg HTTP/1.1" 302 -
114.88.165.122 - - [17/Aug/2020:09:26:28 +0800] "GET /xingrg/all/function/internal_message.html?_=1597627633791&CODE_STATE=getMsg HTTP/1.1" 200 27
117.184.7.30 - - [17/Aug/2020:09:26:29 +0800] "GET /xingrg/check_reg.html?_=1597627587993 HTTP/1.1" 200 22
117.184.7.30 - - [17/Aug/2020:09:26:29 +0800] "GET /xingrg/all/function/internal_message.html?_=1597627588124&CODE_STATE=getMsg HTTP/1.1" 200 27
117.131.5.26 - - [17/Aug/2020:09:26:31 +0800] "GET /xingrg/all/function/internal_message.html?_=1597627968711&CODE_STATE=getMsg HTTP/1.1" 200 27
172.17.0.123 - - [17/Aug/2020:09:26:31 +0800] "GET /xingrg/all/function/internal_message.html?_=1597627508857&CODE_STATE=getMsg HTTP/1.1" 200 27
116.232.54.109 - - [17/Aug/2020:09:26:32 +0800] "POST /xingrg/dwr/call/plaincall/AjaxCheckService.setItemNumber.dwr HTTP/1.1" 200 78
116.232.54.109 - - [17/Aug/2020:09:26:33 +0800] "POST /xingrg/dwr/call/plaincall/AjaxCheckService.setItemNumber.dwr HTTP/1.1" 200 78
116.232.54.109 - - [17/Aug/2020:09:26:33 +0800] "POST /xingrg/dwr/call/plaincall/AjaxCheckService.setItemNumber.dwr HTTP/1.1" 200 78
116.232.54.109 - - [17/Aug/2020:09:26:34 +0800] "POST /xingrg/dwr/call/plaincall/AjaxCheckService.setItemNumber.dwr HTTP/1.1" 200 78
116.232.54.109 - - [17/Aug/2020:09:26:34 +0800] "POST /xingrg/dwr/call/plaincall/AjaxCheckService.setItemNumber.dwr HTTP/1.1" 200 78
172.17.0.185 - - [17/Aug/2020:09:26:37 +0800] "GET /xingrg/all/function/internal_message.html?_=1597627596819&CODE_STATE=getMsg HTTP/1.1" 302 -
114.89.80.44 - - [17/Aug/2020:09:26:38 +0800] "GET /xingrg/all/function/internal_message.html?_=1597627597957&CODE_STATE=getMsg HTTP/1.1" 200 27
116.230.74.197 - - [17/Aug/2020:09:26:39 +0800] "GET /xingrg/kc/buy/cgsh_order_operate.html?command=get_materiel&rest_code=00107&code=00101006133&supplier_code=00100010&order_time=2020-08-17 HTTP/1.1" 200 413
172.17.0.101 - - [17/Aug/2020:09:26:42 +0800] "GET /xingrg/all/function/internal_message.html?_=1597627603186&CODE_STATE=getMsg HTTP/1.1" 302 -
116.232.54.109 - - [17/Aug/2020:09:26:43 +0800] "POST /xingrg/dwr/call/plaincall/AjaxCheckService.setItemNumber.dwr HTTP/1.1" 200 78
120.253.135.82 - - [17/Aug/2020:09:26:44 +0800] "GET /xingrg/all/function/internal_message.html?_=1597627261488&CODE_STATE=getMsg HTTP/1.1" 200 27
117.131.5.26 - - [17/Aug/2020:09:26:47 +0800] "POST /xingrg/dwr/call/plaincall/AjaxCheckService.setItemNumber.dwr HTTP/1.1" 200 78
58.40.7.146 - - [17/Aug/2020:09:26:50 +0800] "GET /xingrg/all/function/internal_message.html?_=1597627609791&CODE_STATE=getMsg HTTP/1.1" 200 27
116.230.74.197 - - [17/Aug/2020:09:26:51 +0800] "GET /xingrg/all/function/internal_message.html?_=1597627614046&CODE_STATE=getMsg HTTP/1.1" 200 27
114.88.165.122 - - [17/Aug/2020:09:26:54 +0800] "GET /xingrg/kc/buy/cgsh_order_operate.html?command=get_materiel&rest_code=00111&code=00101008223&supplier_code=00100005&order_time=2020-08-17 HTTP/1.1" 200 412
218.81.217.115 - - [17/Aug/2020:09:26:55 +0800] "GET /xingrg/all/function/internal_message.html?_=1597627616147&CODE_STATE=getMsg HTTP/1.1" 200 27
114.88.165.122 - - [17/Aug/2020:09:26:56 +0800] "POST /xingrg/kc/buy/cgsh_order_operate.html HTTP/1.1" 200 2065
116.230.74.197 - - [17/Aug/2020:09:26:56 +0800] "POST /xingrg/kc/buy/cgsh_order_operate.html HTTP/1.1" 200 37
172.17.200.101 - - [17/Aug/2020:09:26:57 +0800] "GET /xingrg/all/function/internal_message.html?_=1597627618773&CODE_STATE=getMsg HTTP/1.1" 200 27
116.230.74.197 - - [17/Aug/2020:09:26:58 +0800] "POST /xingrg/kc/buy/cgsh_order_operate.html HTTP/1.1" 200 6779
116.230.74.197 - - [17/Aug/2020:09:26:59 +0800] "GET /xingrg/kc/print/load_data.html?order_code=212020081707095&kc_code=cgsh&condition= HTTP/1.1" 200 2287
61.172.5.115 - - [17/Aug/2020:09:27:00 +0800] "GET /xingrg/all/function/internal_message.html?_=1597627610496&CODE_STATE=getMsg HTTP/1.1" 200 27
222.69.137.86 - - [17/Aug/2020:09:27:02 +0800] "GET /xingrg/all/function/internal_message.html?_=1597627621333&CODE_STATE=getMsg HTTP/1.1" 200 27
116.232.54.109 - - [17/Aug/2020:09:27:05 +0800] "GET /xingrg/check_reg.html?_=1597627672515 HTTP/1.1" 200 22
116.232.54.109 - - [17/Aug/2020:09:27:07 +0800] "POST /xingrg/dwr/call/plaincall/AjaxCheckService.setItemNumber.dwr HTTP/1.1" 200 78
116.232.54.109 - - [17/Aug/2020:09:27:08 +0800] "POST /xingrg/dwr/call/plaincall/AjaxCheckService.setItemNumber.dwr HTTP/1.1" 200 78
116.232.54.109 - - [17/Aug/2020:09:27:08 +0800] "POST /xingrg/dwr/call/plaincall/AjaxCheckService.setItemNumber.dwr HTTP/1.1" 200 78
116.232.54.109 - - [17/Aug/2020:09:27:09 +0800] "POST /xingrg/dwr/call/plaincall/AjaxCheckService.setItemNumber.dwr HTTP/1.1" 200 78
116.232.54.109 - - [17/Aug/2020:09:27:09 +0800] "POST /xingrg/dwr/call/plaincall/AjaxCheckService.setItemNumber.dwr HTTP/1.1" 200 78
114.88.165.122 - - [17/Aug/2020:09:27:09 +0800] "GET /xingrg/kc/buy/cgsh_order_operate.html?command=get_materiel&rest_code=00111&code=00101008061&supplier_code=00100005&order_time=2020-08-17 HTTP/1.1" 200 422
116.232.54.109 - - [17/Aug/2020:09:27:10 +0800] "POST /xingrg/dwr/call/plaincall/AjaxCheckService.setItemNumber.dwr HTTP/1.1" 200 78
116.232.54.109 - - [17/Aug/2020:09:27:10 +0800] "POST /xingrg/dwr/call/plaincall/AjaxCheckService.setItemNumber.dwr HTTP/1.1" 200 78
116.232.54.109 - - [17/Aug/2020:09:27:11 +0800] "POST /xingrg/dwr/call/plaincall/AjaxCheckService.setItemNumber.dwr HTTP/1.1" 200 78
116.232.54.109 - - [17/Aug/2020:09:27:11 +0800] "POST /xingrg/dwr/call/plaincall/AjaxCheckService.setItemNumber.dwr HTTP/1.1" 200 78
116.232.54.109 - - [17/Aug/2020:09:27:12 +0800] "POST /xingrg/dwr/call/plaincall/AjaxCheckService.setItemNumber.dwr HTTP/1.1" 200 78
116.232.54.109 - - [17/Aug/2020:09:27:12 +0800] "POST /xingrg/dwr/call/plaincall/AjaxCheckService.setItemNumber.dwr HTTP/1.1" 200 78
116.232.54.109 - - [17/Aug/2020:09:27:13 +0800] "POST /xingrg/dwr/call/plaincall/AjaxCheckService.setItemNumber.dwr HTTP/1.1" 200 78
116.232.54.109 - - [17/Aug/2020:09:27:13 +0800] "POST /xingrg/dwr/call/plaincall/AjaxCheckService.setItemNumber.dwr HTTP/1.1" 200 78
120.253.135.82 - - [17/Aug/2020:09:27:13 +0800] "GET /xingrg/all/function/internal_message.html?_=1597627385841&CODE_STATE=getMsg HTTP/1.1" 200 27
114.88.165.122 - - [17/Aug/2020:09:27:16 +0800] "GET /xingrg/kc/buy/cgsh_order_operate.html?command=get_materiel&rest_code=00111&code=00101008095&supplier_code=00100005&order_time=2020-08-17 HTTP/1.1" 200 412
218.81.217.115 - - [17/Aug/2020:09:27:16 +0800] "GET /xingrg/check_reg.html?_=1597627637607 HTTP/1.1" 302 -
116.232.54.109 - - [17/Aug/2020:09:27:20 +0800] "POST /xingrg/dwr/call/plaincall/AjaxCheckService.setItemNumber.dwr HTTP/1.1" 200 78
180.175.214.200 - - [17/Aug/2020:09:27:20 +0800] "GET /xingrg/check_reg.html?_=1597627847065 HTTP/1.1" 200 22
116.232.54.109 - - [17/Aug/2020:09:27:21 +0800] "POST /xingrg/dwr/call/plaincall/AjaxCheckService.setItemNumber.dwr HTTP/1.1" 200 78
180.175.214.200 - - [17/Aug/2020:09:27:21 +0800] "GET /xingrg/all/function/internal_message.html?_=1597627847673&CODE_STATE=getMsg HTTP/1.1" 200 27
114.88.165.122 - - [17/Aug/2020:09:27:21 +0800] "GET /xingrg/all/function/internal_message.html?_=1597627641265&CODE_STATE=getMsg HTTP/1.1" 200 27
116.232.54.109 - - [17/Aug/2020:09:27:21 +0800] "POST /xingrg/dwr/call/plaincall/AjaxCheckService.setItemNumber.dwr HTTP/1.1" 200 78
116.232.54.109 - - [17/Aug/2020:09:27:22 +0800] "POST /xingrg/dwr/call/plaincall/AjaxCheckService.setItemNumber.dwr HTTP/1.1" 200 78
116.232.54.109 - - [17/Aug/2020:09:27:22 +0800] "POST /xingrg/dwr/call/plaincall/AjaxCheckService.setItemNumber.dwr HTTP/1.1" 200 78
116.232.54.109 - - [17/Aug/2020:09:27:22 +0800] "POST /xingrg/dwr/call/plaincall/AjaxCheckService.setItemNumber.dwr HTTP/1.1" 200 78
116.232.54.109 - - [17/Aug/2020:09:27:23 +0800] "POST /xingrg/dwr/call/plaincall/AjaxCheckService.setItemNumber.dwr HTTP/1.1" 200 78
114.88.165.122 - - [17/Aug/2020:09:27:23 +0800] "POST /xingrg/kc/buy/cgsh_order_operate.html HTTP/1.1" 200 2065
116.232.54.109 - - [17/Aug/2020:09:27:23 +0800] "POST /xingrg/dwr/call/plaincall/AjaxCheckService.setItemNumber.dwr HTTP/1.1" 200 78
218.81.217.115 - - [17/Aug/2020:09:27:24 +0800] "POST /xingrg/kc/buy/cgsh_order_operate.html HTTP/1.1" 200 37
180.157.251.101 - - [17/Aug/2020:09:27:24 +0800] "GET /xingrg/all/function/internal_message.html?_=1597627644134&CODE_STATE=getMsg HTTP/1.1" 200 27
116.232.54.109 - - [17/Aug/2020:09:27:24 +0800] "POST /xingrg/dwr/call/plaincall/AjaxCheckService.setItemNumber.dwr HTTP/1.1" 200 78
116.232.54.109 - - [17/Aug/2020:09:27:24 +0800] "POST /xingrg/dwr/call/plaincall/AjaxCheckService.setItemNumber.dwr HTTP/1.1" 200 78
116.232.54.109 - - [17/Aug/2020:09:27:25 +0800] "POST /xingrg/dwr/call/plaincall/AjaxCheckService.setItemNumber.dwr HTTP/1.1" 200 78
218.81.217.115 - - [17/Aug/2020:09:27:25 +0800] "POST /xingrg/kc/buy/cgsh_order_operate.html HTTP/1.1" 200 52894
116.232.54.109 - - [17/Aug/2020:09:27:25 +0800] "POST /xingrg/dwr/call/plaincall/AjaxCheckService.setItemNumber.dwr HTTP/1.1" 200 78
116.232.54.109 - - [17/Aug/2020:09:27:26 +0800] "GET /xingrg/all/function/internal_message.html?_=1597627693484&CODE_STATE=getMsg HTTP/1.1" 200 27
116.232.54.109 - - [17/Aug/2020:09:27:26 +0800] "POST /xingrg/dwr/call/plaincall/AjaxCheckService.setItemNumber.dwr HTTP/1.1" 200 78
218.81.217.115 - - [17/Aug/2020:09:27:26 +0800] "GET /xingrg/all/function/internal_message.html?_=1597627647853&CODE_STATE=getMsg HTTP/1.1" 302 -
