117.184.7.26 - - [17/Aug/2020:09:22:21 +0800] "POST /xingrg/dwr/call/plaincall/AjaxCheckService.setItemNumber.dwr HTTP/1.1" 200 78
117.131.5.26 - - [17/Aug/2020:09:22:22 +0800] "POST /xingrg/dwr/call/plaincall/AjaxCheckService.setItemNumber.dwr HTTP/1.1" 200 77
117.184.7.26 - - [17/Aug/2020:09:22:22 +0800] "POST /xingrg/dwr/call/plaincall/AjaxCheckService.setItemNumber.dwr HTTP/1.1" 200 78
114.88.165.122 - - [17/Aug/2020:09:22:23 +0800] "GET /xingrg/kc/buy/cgsh_order_operate.html?command=get_materiel&rest_code=00111&code=00101008088&supplier_code=00100005&order_time=2020-08-17 HTTP/1.1" 200 408
117.131.5.26 - - [17/Aug/2020:09:22:24 +0800] "POST /xingrg/dwr/call/plaincall/AjaxCheckService.setItemNumber.dwr HTTP/1.1" 200 77
117.184.7.26 - - [17/Aug/2020:09:22:24 +0800] "POST /xingrg/dwr/call/plaincall/AjaxCheckService.setItemNumber.dwr HTTP/1.1" 200 78
117.184.7.26 - - [17/Aug/2020:09:22:25 +0800] "POST /xingrg/dwr/call/plaincall/AjaxCheckService.setItemNumber.dwr HTTP/1.1" 200 78
218.81.217.115 - - [17/Aug/2020:09:22:26 +0800] "GET /xingrg/kc/buy/cgsh_order_operate.html?command=get_materiel&rest_code=00146&code=00101008061&supplier_code=00100005&order_time=2020-08-17 HTTP/1.1" 200 422
218.81.217.115 - - [17/Aug/2020:09:22:26 +0800] "GET /xingrg/all/function/internal_message.html?_=1597627347780&CODE_STATE=getMsg HTTP/1.1" 302 -
114.89.80.44 - - [17/Aug/2020:09:22:27 +0800] "GET /xingrg/kc/buy/cgsh_order_operate.html?command=get_materiel&rest_code=00150&code=00101008350&supplier_code=00100007&order_time=2020-08-17 HTTP/1.1" 200 408
117.131.5.26 - - [17/Aug/2020:09:22:27 +0800] "POST /xingrg/dwr/call/plaincall/AjaxCheckService.setItemNumber.dwr HTTP/1.1" 200 77
117.184.7.26 - - [17/Aug/2020:09:22:28 +0800] "POST /xingrg/dwr/call/plaincall/AjaxCheckService.setItemNumber.dwr HTTP/1.1" 200 78
114.88.165.122 - - [17/Aug/2020:09:22:28 +0800] "GET /xingrg/check_reg.html?_=1597627393772 HTTP/1.1" 200 22
114.88.165.122 - - [17/Aug/2020:09:22:28 +0800] "GET /xingrg/all/function/internal_message.html?_=1597627393773&CODE_STATE=getMsg HTTP/1.1" 200 27
117.184.7.26 - - [17/Aug/2020:09:22:28 +0800] "POST /xingrg/dwr/call/plaincall/AjaxCheckService.setItemNumber.dwr HTTP/1.1" 200 78
117.131.5.26 - - [17/Aug/2020:09:22:28 +0800] "POST /xingrg/dwr/call/plaincall/AjaxCheckService.setItemNumber.dwr HTTP/1.1" 200 77
117.184.7.26 - - [17/Aug/2020:09:22:29 +0800] "POST /xingrg/dwr/call/plaincall/AjaxCheckService.setItemNumber.dwr HTTP/1.1" 200 78
114.88.165.122 - - [17/Aug/2020:09:22:29 +0800] "GET /xingrg/kc/buy/cgsh_order_operate.html?command=get_materiel&rest_code=00111&code=00101008163&supplier_code=00100005&order_time=2020-08-17 HTTP/1.1" 200 408
117.184.7.26 - - [17/Aug/2020:09:22:30 +0800] "GET /xingrg/all/function/internal_message.html?_=1597627348198&CODE_STATE=getMsg HTTP/1.1" 200 27
117.131.5.26 - - [17/Aug/2020:09:22:30 +0800] "POST /xingrg/dwr/call/plaincall/AjaxCheckService.setItemNumber.dwr HTTP/1.1" 200 77
117.184.7.26 - - [17/Aug/2020:09:22:30 +0800] "POST /xingrg/dwr/call/plaincall/AjaxCheckService.setItemNumber.dwr HTTP/1.1" 200 78
117.131.5.26 - - [17/Aug/2020:09:22:31 +0800] "GET /xingrg/check_reg.html?_=1597627728691 HTTP/1.1" 200 22
117.131.5.26 - - [17/Aug/2020:09:22:31 +0800] "GET /xingrg/all/function/internal_message.html?_=1597627728692&CODE_STATE=getMsg HTTP/1.1" 200 27
172.17.0.123 - - [17/Aug/2020:09:22:31 +0800] "GET /xingrg/all/function/internal_message.html?_=1597627268862&CODE_STATE=getMsg HTTP/1.1" 200 27
117.131.5.26 - - [17/Aug/2020:09:22:31 +0800] "POST /xingrg/dwr/call/plaincall/AjaxCheckService.setItemNumber.dwr HTTP/1.1" 200 78
117.131.5.26 - - [17/Aug/2020:09:22:33 +0800] "POST /xingrg/dwr/call/plaincall/AjaxCheckService.setItemNumber.dwr HTTP/1.1" 200 78
116.230.74.197 - - [17/Aug/2020:09:22:34 +0800] "POST /xingrg/kc/buy/cgsh_order_operate.html HTTP/1.1" 200 37
117.131.5.26 - - [17/Aug/2020:09:22:35 +0800] "POST /xingrg/dwr/call/plaincall/AjaxCheckService.setItemNumber.dwr HTTP/1.1" 200 78
116.230.74.197 - - [17/Aug/2020:09:22:36 +0800] "POST /xingrg/kc/buy/cgsh_order_operate.html HTTP/1.1" 200 52925
218.81.217.115 - - [17/Aug/2020:09:22:36 +0800] "GET /xingrg/kc/buy/cgsh_order_operate.html?command=get_materiel&rest_code=00146&code=00101008168&supplier_code=00100005&order_time=2020-08-17 HTTP/1.1" 200 413
114.88.165.122 - - [17/Aug/2020:09:22:37 +0800] "GET /xingrg/kc/buy/cgsh_order_operate.html?command=get_materiel&rest_code=00111&code=00101008148&supplier_code=00100005&order_time=2020-08-17 HTTP/1.1" 200 416
114.89.80.44 - - [17/Aug/2020:09:22:37 +0800] "POST /xingrg/kc/buy/cgsh_order_operate.html HTTP/1.1" 200 2065
117.184.7.26 - - [17/Aug/2020:09:22:37 +0800] "POST /xingrg/dwr/call/plaincall/AjaxCheckService.setItemNumber.dwr HTTP/1.1" 200 78
172.17.0.185 - - [17/Aug/2020:09:22:37 +0800] "GET /xingrg/all/function/internal_message.html?_=1597627356806&CODE_STATE=getMsg HTTP/1.1" 302 -
114.89.80.44 - - [17/Aug/2020:09:22:38 +0800] "GET /xingrg/all/function/internal_message.html?_=1597627357955&CODE_STATE=getMsg HTTP/1.1" 200 27
117.184.7.26 - - [17/Aug/2020:09:22:38 +0800] "POST /xingrg/dwr/call/plaincall/AjaxCheckService.setItemNumber.dwr HTTP/1.1" 200 78
117.184.7.26 - - [17/Aug/2020:09:22:39 +0800] "POST /xingrg/dwr/call/plaincall/AjaxCheckService.setItemNumber.dwr HTTP/1.1" 200 78
116.230.74.197 - - [17/Aug/2020:09:22:39 +0800] "GET /xingrg/kc/print/load_config.html?kc_code=cgsh HTTP/1.1" 200 1845
116.230.74.197 - - [17/Aug/2020:09:22:39 +0800] "GET /xingrg/kc/print/load_data.html?order_code=212020081707088&kc_code=cgsh&condition= HTTP/1.1" 200 19664
117.184.7.26 - - [17/Aug/2020:09:22:40 +0800] "POST /xingrg/dwr/call/plaincall/AjaxCheckService.setItemNumber.dwr HTTP/1.1" 200 78
117.184.7.26 - - [17/Aug/2020:09:22:41 +0800] "POST /xingrg/dwr/call/plaincall/AjaxCheckService.setItemNumber.dwr HTTP/1.1" 200 78
117.184.7.26 - - [17/Aug/2020:09:22:42 +0800] "POST /xingrg/dwr/call/plaincall/AjaxCheckService.setItemNumber.dwr HTTP/1.1" 200 78
172.17.0.101 - - [17/Aug/2020:09:22:42 +0800] "GET /xingrg/all/function/internal_message.html?_=1597627362913&CODE_STATE=getMsg HTTP/1.1" 302 -
117.184.7.26 - - [17/Aug/2020:09:22:42 +0800] "POST /xingrg/dwr/call/plaincall/AjaxCheckService.setItemNumber.dwr HTTP/1.1" 200 78
114.88.165.122 - - [17/Aug/2020:09:22:42 +0800] "GET /xingrg/kc/buy/cgsh_order_operate.html?command=get_materiel&rest_code=00111&code=00101008004&supplier_code=00100005&order_time=2020-08-17 HTTP/1.1" 200 416
117.184.7.26 - - [17/Aug/2020:09:22:43 +0800] "POST /xingrg/dwr/call/plaincall/AjaxCheckService.setItemNumber.dwr HTTP/1.1" 200 78
117.184.7.26 - - [17/Aug/2020:09:22:43 +0800] "POST /xingrg/dwr/call/plaincall/AjaxCheckService.setItemNumber.dwr HTTP/1.1" 200 78
114.88.165.122 - - [17/Aug/2020:09:22:44 +0800] "POST /xingrg/kc/buy/cgsh_order_operate.html HTTP/1.1" 200 2065
120.253.135.82 - - [17/Aug/2020:09:22:44 +0800] "GET /xingrg/all/function/internal_message.html?_=1597627021490&CODE_STATE=getMsg HTTP/1.1" 200 27
218.81.217.115 - - [17/Aug/2020:09:22:45 +0800] "GET /xingrg/kc/buy/cgsh_order_operate.html?command=get_materiel&rest_code=00146&code=00101015038&supplier_code=00100005&order_time=2020-08-17 HTTP/1.1" 200 418
117.184.7.26 - - [17/Aug/2020:09:22:45 +0800] "POST /xingrg/dwr/call/plaincall/AjaxCheckService.setItemNumber.dwr HTTP/1.1" 200 78
114.88.165.122 - - [17/Aug/2020:09:22:46 +0800] "GET /xingrg/kc/buy/cgsh_order_operate.html?command=get_materiel&rest_code=00111&code=00101009030&supplier_code=00100005&order_time=2020-08-17 HTTP/1.1" 200 412
117.184.7.26 - - [17/Aug/2020:09:22:47 +0800] "POST /xingrg/dwr/call/plaincall/AjaxCheckService.setItemNumber.dwr HTTP/1.1" 200 78
114.89.80.44 - - [17/Aug/2020:09:22:48 +0800] "GET /xingrg/kc/buy/cgsh_order_operate.html?command=get_materiel&rest_code=00150&code=00101008224&supplier_code=00100007&order_time=2020-08-17 HTTP/1.1" 200 416
218.81.217.115 - - [17/Aug/2020:09:22:48 +0800] "POST /xingrg/kc/buy/cgsh_order_operate.html HTTP/1.1" 200 2065
117.184.7.26 - - [17/Aug/2020:09:22:49 +0800] "POST /xingrg/dwr/call/plaincall/AjaxCheckService.setItemNumber.dwr HTTP/1.1" 200 78
117.184.7.26 - - [17/Aug/2020:09:22:49 +0800] "POST /xingrg/dwr/call/plaincall/AjaxCheckService.setItemNumber.dwr HTTP/1.1" 200 78
58.40.7.146 - - [17/Aug/2020:09:22:50 +0800] "GET /xingrg/all/function/internal_message.html?_=1597627369791&CODE_STATE=getMsg HTTP/1.1" 200 27
117.184.7.26 - - [17/Aug/2020:09:22:50 +0800] "POST /xingrg/dwr/call/plaincall/AjaxCheckService.setItemNumber.dwr HTTP/1.1" 200 78
117.184.7.26 - - [17/Aug/2020:09:22:50 +0800] "POST /xingrg/dwr/call/plaincall/AjaxCheckService.setItemNumber.dwr HTTP/1.1" 200 78
117.184.7.26 - - [17/Aug/2020:09:22:51 +0800] "POST /xingrg/dwr/call/plaincall/AjaxCheckService.setItemNumber.dwr HTTP/1.1" 200 78
116.230.74.197 - - [17/Aug/2020:09:22:51 +0800] "GET /xingrg/all/function/internal_message.html?_=1597627374103&CODE_STATE=getMsg HTTP/1.1" 200 27
218.81.217.115 - - [17/Aug/2020:09:22:53 +0800] "GET /xingrg/kc/buy/cgsh_order_operate.html?command=get_materiel&rest_code=00146&code=00101008102&supplier_code=00100005&order_time=2020-08-17 HTTP/1.1" 200 412
117.184.7.26 - - [17/Aug/2020:09:22:54 +0800] "POST /xingrg/dwr/call/plaincall/AjaxCheckService.setItemNumber.dwr HTTP/1.1" 200 78
218.81.217.115 - - [17/Aug/2020:09:22:54 +0800] "GET /xingrg/all/function/internal_message.html?_=1597627375843&CODE_STATE=getMsg HTTP/1.1" 200 27
117.184.7.26 - - [17/Aug/2020:09:22:56 +0800] "POST /xingrg/dwr/call/plaincall/AjaxCheckService.setItemNumber.dwr HTTP/1.1" 200 78
114.88.165.122 - - [17/Aug/2020:09:22:57 +0800] "GET /xingrg/kc/buy/cgsh_order_operate.html?command=get_materiel&rest_code=00111&code=00101008137&supplier_code=00100005&order_time=2020-08-17 HTTP/1.1" 200 408
114.89.80.44 - - [17/Aug/2020:09:22:57 +0800] "GET /xingrg/kc/buy/cgsh_order_operate.html?command=get_materiel&rest_code=00150&code=00101008223&supplier_code=00100007&order_time=2020-08-17 HTTP/1.1" 200 412
117.184.7.26 - - [17/Aug/2020:09:22:58 +0800] "POST /xingrg/dwr/call/plaincall/AjaxCheckService.setItemNumber.dwr HTTP/1.1" 200 78
117.184.7.26 - - [17/Aug/2020:09:22:59 +0800] "POST /xingrg/dwr/call/plaincall/AjaxCheckService.setItemNumber.dwr HTTP/1.1" 200 78
117.184.7.26 - - [17/Aug/2020:09:23:00 +0800] "POST /xingrg/dwr/call/plaincall/AjaxCheckService.setItemNumber.dwr HTTP/1.1" 200 78
61.172.5.115 - - [17/Aug/2020:09:23:00 +0800] "GET /xingrg/all/function/internal_message.html?_=1597627370497&CODE_STATE=getMsg HTTP/1.1" 200 27
117.184.7.26 - - [17/Aug/2020:09:23:00 +0800] "POST /xingrg/dwr/call/plaincall/AjaxCheckService.setItemNumber.dwr HTTP/1.1" 200 78
117.184.7.26 - - [17/Aug/2020:09:23:01 +0800] "POST /xingrg/dwr/call/plaincall/AjaxCheckService.setItemNumber.dwr HTTP/1.1" 200 78
218.81.217.115 - - [17/Aug/2020:09:23:02 +0800] "GET /xingrg/kc/buy/cgsh_order_operate.html?command=get_materiel&rest_code=00146&code=00101008509&supplier_code=00100005&order_time=2020-08-17 HTTP/1.1" 200 395
222.69.137.86 - - [17/Aug/2020:09:23:02 +0800] "GET /xingrg/all/function/internal_message.html?_=1597627381417&CODE_STATE=getMsg HTTP/1.1" 200 27
116.232.54.109 - - [17/Aug/2020:09:23:03 +0800] "POST /xingrg/dwr/call/plaincall/AjaxCheckService.setItemNumber.dwr HTTP/1.1" 200 78
114.89.80.44 - - [17/Aug/2020:09:23:03 +0800] "GET /xingrg/kc/buy/cgsh_order_operate.html?command=get_materiel&rest_code=00150&code=00101009011&supplier_code=00100007&order_time=2020-08-17 HTTP/1.1" 200 416
114.88.165.122 - - [17/Aug/2020:09:23:03 +0800] "GET /xingrg/kc/buy/cgsh_order_operate.html?command=get_materiel&rest_code=00111&code=00101008360&supplier_code=00100005&order_time=2020-08-17 HTTP/1.1" 200 412
116.232.54.109 - - [17/Aug/2020:09:23:04 +0800] "POST /xingrg/dwr/call/plaincall/AjaxCheckService.setItemNumber.dwr HTTP/1.1" 200 78
116.232.54.109 - - [17/Aug/2020:09:23:04 +0800] "POST /xingrg/dwr/call/plaincall/AjaxCheckService.setItemNumber.dwr HTTP/1.1" 200 78
117.184.7.26 - - [17/Aug/2020:09:23:04 +0800] "POST /xingrg/dwr/call/plaincall/AjaxCheckService.setItemNumber.dwr HTTP/1.1" 200 78
116.232.54.109 - - [17/Aug/2020:09:23:05 +0800] "POST /xingrg/dwr/call/plaincall/AjaxCheckService.setItemNumber.dwr HTTP/1.1" 200 78
116.232.54.109 - - [17/Aug/2020:09:23:06 +0800] "POST /xingrg/dwr/call/plaincall/AjaxCheckService.setItemNumber.dwr HTTP/1.1" 200 78
116.232.54.109 - - [17/Aug/2020:09:23:06 +0800] "POST /xingrg/dwr/call/plaincall/AjaxCheckService.setItemNumber.dwr HTTP/1.1" 200 78
117.184.7.26 - - [17/Aug/2020:09:23:06 +0800] "POST /xingrg/dwr/call/plaincall/AjaxCheckService.setItemNumber.dwr HTTP/1.1" 200 78
116.232.54.109 - - [17/Aug/2020:09:23:07 +0800] "POST /xingrg/dwr/call/plaincall/AjaxCheckService.setItemNumber.dwr HTTP/1.1" 200 78
116.232.54.109 - - [17/Aug/2020:09:23:07 +0800] "POST /xingrg/dwr/call/plaincall/AjaxCheckService.setItemNumber.dwr HTTP/1.1" 200 78
116.232.54.109 - - [17/Aug/2020:09:23:08 +0800] "POST /xingrg/dwr/call/plaincall/AjaxCheckService.setItemNumber.dwr HTTP/1.1" 200 78
218.81.217.115 - - [17/Aug/2020:09:23:09 +0800] "GET /xingrg/kc/buy/cgsh_order_operate.html?command=get_materiel&rest_code=00146&code=00101008123&supplier_code=00100005&order_time=2020-08-17 HTTP/1.1" 200 412
117.184.7.26 - - [17/Aug/2020:09:23:09 +0800] "POST /xingrg/dwr/call/plaincall/AjaxCheckService.setItemNumber.dwr HTTP/1.1" 200 78
116.232.54.109 - - [17/Aug/2020:09:23:09 +0800] "POST /xingrg/dwr/call/plaincall/AjaxCheckService.setItemNumber.dwr HTTP/1.1" 200 78
114.88.165.122 - - [17/Aug/2020:09:23:09 +0800] "GET /xingrg/kc/buy/cgsh_order_operate.html?command=get_materiel&rest_code=00111&code=00101008286&supplier_code=00100005&order_time=2020-08-17 HTTP/1.1" 200 408
116.232.54.109 - - [17/Aug/2020:09:23:09 +0800] "POST /xingrg/dwr/call/plaincall/AjaxCheckService.setItemNumber.dwr HTTP/1.1" 200 78
117.184.7.26 - - [17/Aug/2020:09:23:09 +0800] "POST /xingrg/dwr/call/plaincall/AjaxCheckService.setItemNumber.dwr HTTP/1.1" 200 78
117.184.7.26 - - [17/Aug/2020:09:23:10 +0800] "POST /xingrg/dwr/call/plaincall/AjaxCheckService.setItemNumber.dwr HTTP/1.1" 200 78
116.232.54.109 - - [17/Aug/2020:09:23:10 +0800] "POST /xingrg/dwr/call/plaincall/AjaxCheckService.setItemNumber.dwr HTTP/1.1" 200 78
114.88.165.122 - - [17/Aug/2020:09:23:10 +0800] "POST /xingrg/kc/buy/cgsh_order_operate.html HTTP/1.1" 200 2065
117.184.7.26 - - [17/Aug/2020:09:23:10 +0800] "POST /xingrg/dwr/call/plaincall/AjaxCheckService.setItemNumber.dwr HTTP/1.1" 200 78
114.89.80.44 - - [17/Aug/2020:09:23:10 +0800] "GET /xingrg/kc/buy/cgsh_order_operate.html?command=get_materiel&rest_code=00150&code=00101009015&supplier_code=00100007&order_time=2020-08-17 HTTP/1.1" 200 416
116.232.54.109 - - [17/Aug/2020:09:23:11 +0800] "POST /xingrg/dwr/call/plaincall/AjaxCheckService.setItemNumber.dwr HTTP/1.1" 200 78
116.232.54.109 - - [17/Aug/2020:09:23:11 +0800] "POST /xingrg/dwr/call/plaincall/AjaxCheckService.setItemNumber.dwr HTTP/1.1" 200 78
116.232.54.109 - - [17/Aug/2020:09:23:12 +0800] "POST /xingrg/dwr/call/plaincall/AjaxCheckService.setItemNumber.dwr HTTP/1.1" 200 78
116.232.54.109 - - [17/Aug/2020:09:23:12 +0800] "POST /xingrg/dwr/call/plaincall/AjaxCheckService.setItemNumber.dwr HTTP/1.1" 200 78
116.232.54.109 - - [17/Aug/2020:09:23:13 +0800] "POST /xingrg/dwr/call/plaincall/AjaxCheckService.setItemNumber.dwr HTTP/1.1" 200 78
120.253.135.82 - - [17/Aug/2020:09:23:13 +0800] "GET /xingrg/all/function/internal_message.html?_=1597627145771&CODE_STATE=getMsg HTTP/1.1" 200 27
116.232.54.109 - - [17/Aug/2020:09:23:13 +0800] "POST /xingrg/dwr/call/plaincall/AjaxCheckService.setItemNumber.dwr HTTP/1.1" 200 78
116.232.54.109 - - [17/Aug/2020:09:23:14 +0800] "POST /xingrg/dwr/call/plaincall/AjaxCheckService.setItemNumber.dwr HTTP/1.1" 200 78
116.232.54.109 - - [17/Aug/2020:09:23:14 +0800] "POST /xingrg/dwr/call/plaincall/AjaxCheckService.setItemNumber.dwr HTTP/1.1" 200 78
116.232.54.109 - - [17/Aug/2020:09:23:15 +0800] "POST /xingrg/dwr/call/plaincall/AjaxCheckService.setItemNumber.dwr HTTP/1.1" 200 78
114.88.165.122 - - [17/Aug/2020:09:23:15 +0800] "GET /xingrg/kc/buy/cgsh_order_operate.html?command=get_materiel&rest_code=00111&code=00101008131&supplier_code=00100005&order_time=2020-08-17 HTTP/1.1" 200 408
116.232.54.109 - - [17/Aug/2020:09:23:15 +0800] "POST /xingrg/dwr/call/plaincall/AjaxCheckService.setItemNumber.dwr HTTP/1.1" 200 78
218.81.217.115 - - [17/Aug/2020:09:23:16 +0800] "GET /xingrg/kc/buy/cgsh_order_operate.html?command=get_materiel&rest_code=00146&code=00101008090&supplier_code=00100005&order_time=2020-08-17 HTTP/1.1" 200 408
114.89.80.44 - - [17/Aug/2020:09:23:16 +0800] "GET /xingrg/kc/buy/cgsh_order_operate.html?command=get_materiel&rest_code=00150&code=00101008168&supplier_code=00100007&order_time=2020-08-17 HTTP/1.1" 200 413
116.232.54.109 - - [17/Aug/2020:09:23:16 +0800] "POST /xingrg/dwr/call/plaincall/AjaxCheckService.setItemNumber.dwr HTTP/1.1" 200 78
116.232.54.109 - - [17/Aug/2020:09:23:16 +0800] "POST /xingrg/dwr/call/plaincall/AjaxCheckService.setItemNumber.dwr HTTP/1.1" 200 78
116.232.54.109 - - [17/Aug/2020:09:23:17 +0800] "POST /xingrg/dwr/call/plaincall/AjaxCheckService.setItemNumber.dwr HTTP/1.1" 200 78
180.157.251.101 - - [17/Aug/2020:09:23:17 +0800] "GET /xingrg/all/function/internal_message.html?_=1597627397267&CODE_STATE=getMsg HTTP/1.1" 200 27
117.131.5.26 - - [17/Aug/2020:09:23:17 +0800] "POST /xingrg/dwr/call/plaincall/AjaxCheckService.setItemNumber.dwr HTTP/1.1" 200 78
172.17.200.101 - - [17/Aug/2020:09:23:17 +0800] "GET /xingrg/check_reg.html?_=1597627399174 HTTP/1.1" 200 22
172.17.200.101 - - [17/Aug/2020:09:23:17 +0800] "GET /xingrg/all/function/internal_message.html?_=1597627399178&CODE_STATE=getMsg HTTP/1.1" 200 27
116.232.54.109 - - [17/Aug/2020:09:23:18 +0800] "POST /xingrg/dwr/call/plaincall/AjaxCheckService.setItemNumber.dwr HTTP/1.1" 200 78
116.232.54.109 - - [17/Aug/2020:09:23:18 +0800] "POST /xingrg/dwr/call/plaincall/AjaxCheckService.setItemNumber.dwr HTTP/1.1" 200 78
117.184.7.26 - - [17/Aug/2020:09:23:18 +0800] "POST /xingrg/dwr/call/plaincall/AjaxCheckService.setItemNumber.dwr HTTP/1.1" 200 78
117.131.5.26 - - [17/Aug/2020:09:23:19 +0800] "POST /xingrg/dwr/call/plaincall/AjaxCheckService.setItemNumber.dwr HTTP/1.1" 200 78
116.232.54.109 - - [17/Aug/2020:09:23:19 +0800] "POST /xingrg/dwr/call/plaincall/AjaxCheckService.setItemNumber.dwr HTTP/1.1" 200 78
116.232.54.109 - - [17/Aug/2020:09:23:19 +0800] "POST /xingrg/dwr/call/plaincall/AjaxCheckService.setItemNumber.dwr HTTP/1.1" 200 78
116.232.54.109 - - [17/Aug/2020:09:23:20 +0800] "POST /xingrg/dwr/call/plaincall/AjaxCheckService.setItemNumber.dwr HTTP/1.1" 200 78
116.232.54.109 - - [17/Aug/2020:09:23:20 +0800] "POST /xingrg/dwr/call/plaincall/AjaxCheckService.setItemNumber.dwr HTTP/1.1" 200 78
117.184.7.26 - - [17/Aug/2020:09:23:20 +0800] "POST /xingrg/dwr/call/plaincall/AjaxCheckService.setItemNumber.dwr HTTP/1.1" 200 78
116.232.54.109 - - [17/Aug/2020:09:23:21 +0800] "POST /xingrg/dwr/call/plaincall/AjaxCheckService.setItemNumber.dwr HTTP/1.1" 200 78
180.175.214.200 - - [17/Aug/2020:09:23:21 +0800] "GET /xingrg/all/function/internal_message.html?_=1597627607618&CODE_STATE=getMsg HTTP/1.1" 200 27
114.88.165.122 - - [17/Aug/2020:09:23:21 +0800] "GET /xingrg/check_reg.html?_=1597627401030 HTTP/1.1" 200 22
114.88.165.122 - - [17/Aug/2020:09:23:21 +0800] "GET /xingrg/all/function/internal_message.html?_=1597627401211&CODE_STATE=getMsg HTTP/1.1" 200 27
114.88.165.122 - - [17/Aug/2020:09:23:21 +0800] "GET /xingrg/kc/buy/cgsh_order_operate.html?command=get_materiel&rest_code=00111&code=00101008318&supplier_code=00100005&order_time=2020-08-17 HTTP/1.1" 200 408
116.232.54.109 - - [17/Aug/2020:09:23:22 +0800] "POST /xingrg/dwr/call/plaincall/AjaxCheckService.setItemNumber.dwr HTTP/1.1" 200 78
116.232.54.109 - - [17/Aug/2020:09:23:22 +0800] "POST /xingrg/dwr/call/plaincall/AjaxCheckService.setItemNumber.dwr HTTP/1.1" 200 78
117.184.7.26 - - [17/Aug/2020:09:23:22 +0800] "POST /xingrg/dwr/call/plaincall/AjaxCheckService.setItemNumber.dwr HTTP/1.1" 200 78
117.131.5.26 - - [17/Aug/2020:09:23:22 +0800] "POST /xingrg/dwr/call/plaincall/AjaxCheckService.setItemNumber.dwr HTTP/1.1" 200 78
117.184.7.26 - - [17/Aug/2020:09:23:22 +0800] "POST /xingrg/dwr/call/plaincall/AjaxCheckService.setItemNumber.dwr HTTP/1.1" 200 78
116.232.54.109 - - [17/Aug/2020:09:23:23 +0800] "POST /xingrg/dwr/call/plaincall/AjaxCheckService.setItemNumber.dwr HTTP/1.1" 200 78
116.232.54.109 - - [17/Aug/2020:09:23:23 +0800] "POST /xingrg/dwr/call/plaincall/AjaxCheckService.setItemNumber.dwr HTTP/1.1" 200 78
117.131.5.26 - - [17/Aug/2020:09:23:23 +0800] "POST /xingrg/dwr/call/plaincall/AjaxCheckService.setItemNumber.dwr HTTP/1.1" 200 78
116.232.54.109 - - [17/Aug/2020:09:23:24 +0800] "POST /xingrg/dwr/call/plaincall/AjaxCheckService.setItemNumber.dwr HTTP/1.1" 200 78
117.184.7.26 - - [17/Aug/2020:09:23:24 +0800] "POST /xingrg/dwr/call/plaincall/AjaxCheckService.setItemNumber.dwr HTTP/1.1" 200 78
114.89.80.44 - - [17/Aug/2020:09:23:24 +0800] "GET /xingrg/kc/buy/cgsh_order_operate.html?command=get_materiel&rest_code=00150&code=00101008095&supplier_code=00100007&order_time=2020-08-17 HTTP/1.1" 200 412
116.232.54.109 - - [17/Aug/2020:09:23:24 +0800] "POST /xingrg/dwr/call/plaincall/AjaxCheckService.setItemNumber.dwr HTTP/1.1" 200 78
117.131.5.26 - - [17/Aug/2020:09:23:24 +0800] "POST /xingrg/dwr/call/plaincall/AjaxCheckService.setItemNumber.dwr HTTP/1.1" 200 78
116.232.54.109 - - [17/Aug/2020:09:23:25 +0800] "POST /xingrg/dwr/call/plaincall/AjaxCheckService.setItemNumber.dwr HTTP/1.1" 200 78
116.232.54.109 - - [17/Aug/2020:09:23:25 +0800] "POST /xingrg/dwr/call/plaincall/AjaxCheckService.setItemNumber.dwr HTTP/1.1" 200 78
117.131.5.26 - - [17/Aug/2020:09:23:25 +0800] "POST /xingrg/dwr/call/plaincall/AjaxCheckService.setItemNumber.dwr HTTP/1.1" 200 78
117.184.7.26 - - [17/Aug/2020:09:23:26 +0800] "POST /xingrg/dwr/call/plaincall/AjaxCheckService.setItemNumber.dwr HTTP/1.1" 200 78
116.232.54.109 - - [17/Aug/2020:09:23:26 +0800] "POST /xingrg/dwr/call/plaincall/AjaxCheckService.setItemNumber.dwr HTTP/1.1" 200 78
114.89.80.44 - - [17/Aug/2020:09:23:26 +0800] "POST /xingrg/kc/buy/cgsh_order_operate.html HTTP/1.1" 200 2065
218.81.217.115 - - [17/Aug/2020:09:23:26 +0800] "GET /xingrg/all/function/internal_message.html?_=1597627407798&CODE_STATE=getMsg HTTP/1.1" 302 -
117.184.7.26 - - [17/Aug/2020:09:23:26 +0800] "POST /xingrg/dwr/call/plaincall/AjaxCheckService.setItemNumber.dwr HTTP/1.1" 200 78
116.232.54.109 - - [17/Aug/2020:09:23:26 +0800] "GET /xingrg/all/function/internal_message.html?_=1597627449859&CODE_STATE=getMsg HTTP/1.1" 200 27
117.131.5.26 - - [17/Aug/2020:09:23:27 +0800] "POST /xingrg/dwr/call/plaincall/AjaxCheckService.setItemNumber.dwr HTTP/1.1" 200 78
114.88.165.122 - - [17/Aug/2020:09:23:27 +0800] "GET /xingrg/kc/buy/cgsh_order_operate.html?command=get_materiel&rest_code=00111&code=00101015070&supplier_code=00100005&order_time=2020-08-17 HTTP/1.1" 200 413
117.184.7.26 - - [17/Aug/2020:09:23:27 +0800] "POST /xingrg/dwr/call/plaincall/AjaxCheckService.setItemNumber.dwr HTTP/1.1" 200 78
218.81.217.115 - - [17/Aug/2020:09:23:27 +0800] "POST /xingrg/kc/buy/cgsh_order_operate.html HTTP/1.1" 200 2065
117.131.5.26 - - [17/Aug/2020:09:23:28 +0800] "POST /xingrg/dwr/call/plaincall/AjaxCheckService.setItemNumber.dwr HTTP/1.1" 200 78
114.88.165.122 - - [17/Aug/2020:09:23:28 +0800] "GET /xingrg/all/function/internal_message.html?_=1597627453785&CODE_STATE=getMsg HTTP/1.1" 200 27
117.184.7.26 - - [17/Aug/2020:09:23:28 +0800] "POST /xingrg/dwr/call/plaincall/AjaxCheckService.setItemNumber.dwr HTTP/1.1" 200 78
116.232.54.109 - - [17/Aug/2020:09:23:29 +0800] "POST /xingrg/dwr/call/plaincall/AjaxCheckService.setItemNumber.dwr HTTP/1.1" 200 78
117.131.5.26 - - [17/Aug/2020:09:23:29 +0800] "POST /xingrg/dwr/call/plaincall/AjaxCheckService.setItemNumber.dwr HTTP/1.1" 200 78
117.184.7.26 - - [17/Aug/2020:09:23:29 +0800] "POST /xingrg/dwr/call/plaincall/AjaxCheckService.setItemNumber.dwr HTTP/1.1" 200 78
116.232.54.109 - - [17/Aug/2020:09:23:29 +0800] "POST /xingrg/dwr/call/plaincall/AjaxCheckService.setItemNumber.dwr HTTP/1.1" 200 78
117.184.7.26 - - [17/Aug/2020:09:23:29 +0800] "GET /xingrg/all/function/internal_message.html?_=1597627408182&CODE_STATE=getMsg HTTP/1.1" 200 27
117.131.5.26 - - [17/Aug/2020:09:23:30 +0800] "POST /xingrg/dwr/call/plaincall/AjaxCheckService.setItemNumber.dwr HTTP/1.1" 200 78
116.232.54.109 - - [17/Aug/2020:09:23:30 +0800] "POST /xingrg/dwr/call/plaincall/AjaxCheckService.setItemNumber.dwr HTTP/1.1" 200 78
117.131.5.26 - - [17/Aug/2020:09:23:30 +0800] "GET /xingrg/all/function/internal_message.html?_=1597627788681&CODE_STATE=getMsg HTTP/1.1" 200 27
116.232.54.109 - - [17/Aug/2020:09:23:31 +0800] "POST /xingrg/dwr/call/plaincall/AjaxCheckService.setItemNumber.dwr HTTP/1.1" 200 78
117.184.7.26 - - [17/Aug/2020:09:23:31 +0800] "POST /xingrg/dwr/call/plaincall/AjaxCheckService.setItemNumber.dwr HTTP/1.1" 200 78
172.17.0.123 - - [17/Aug/2020:09:23:31 +0800] "GET /xingrg/check_reg.html?_=1597627328868 HTTP/1.1" 200 22
172.17.0.123 - - [17/Aug/2020:09:23:31 +0800] "GET /xingrg/all/function/internal_message.html?_=1597627328870&CODE_STATE=getMsg HTTP/1.1" 200 27
116.232.54.109 - - [17/Aug/2020:09:23:31 +0800] "POST /xingrg/dwr/call/plaincall/AjaxCheckService.setItemNumber.dwr HTTP/1.1" 200 78
117.184.7.26 - - [17/Aug/2020:09:23:32 +0800] "POST /xingrg/dwr/call/plaincall/AjaxCheckService.setItemNumber.dwr HTTP/1.1" 200 78
116.232.54.109 - - [17/Aug/2020:09:23:32 +0800] "POST /xingrg/dwr/call/plaincall/AjaxCheckService.setItemNumber.dwr HTTP/1.1" 200 78
116.232.54.109 - - [17/Aug/2020:09:23:32 +0800] "POST /xingrg/dwr/call/plaincall/AjaxCheckService.setItemNumber.dwr HTTP/1.1" 200 78
117.131.5.26 - - [17/Aug/2020:09:23:33 +0800] "POST /xingrg/dwr/call/plaincall/AjaxCheckService.setItemNumber.dwr HTTP/1.1" 200 78
116.232.54.109 - - [17/Aug/2020:09:23:33 +0800] "POST /xingrg/dwr/call/plaincall/AjaxCheckService.setItemNumber.dwr HTTP/1.1" 200 78
117.184.7.26 - - [17/Aug/2020:09:23:33 +0800] "POST /xingrg/dwr/call/plaincall/AjaxCheckService.setItemNumber.dwr HTTP/1.1" 200 78
116.232.54.109 - - [17/Aug/2020:09:23:34 +0800] "POST /xingrg/dwr/call/plaincall/AjaxCheckService.setItemNumber.dwr HTTP/1.1" 200 78
218.81.217.115 - - [17/Aug/2020:09:23:34 +0800] "GET /xingrg/kc/buy/cgsh_order_operate.html?command=get_materiel&rest_code=00146&code=00101008092&supplier_code=00100005&order_time=2020-08-17 HTTP/1.1" 200 431
116.232.54.109 - - [17/Aug/2020:09:23:34 +0800] "POST /xingrg/dwr/call/plaincall/AjaxCheckService.setItemNumber.dwr HTTP/1.1" 200 78
117.131.5.26 - - [17/Aug/2020:09:23:34 +0800] "POST /xingrg/dwr/call/plaincall/AjaxCheckService.setItemNumber.dwr HTTP/1.1" 200 78
116.232.54.109 - - [17/Aug/2020:09:23:35 +0800] "POST /xingrg/dwr/call/plaincall/AjaxCheckService.setItemNumber.dwr HTTP/1.1" 200 78
114.89.80.44 - - [17/Aug/2020:09:23:35 +0800] "GET /xingrg/kc/buy/cgsh_order_operate.html?command=get_materiel&rest_code=00150&code=00101008236&supplier_code=00100007&order_time=2020-08-17 HTTP/1.1" 200 435
117.131.5.26 - - [17/Aug/2020:09:23:35 +0800] "POST /xingrg/dwr/call/plaincall/AjaxCheckService.setItemNumber.dwr HTTP/1.1" 200 78
116.232.54.109 - - [17/Aug/2020:09:23:36 +0800] "POST /xingrg/dwr/call/plaincall/AjaxCheckService.setItemNumber.dwr HTTP/1.1" 200 78
116.232.54.109 - - [17/Aug/2020:09:23:36 +0800] "POST /xingrg/dwr/call/plaincall/AjaxCheckService.setItemNumber.dwr HTTP/1.1" 200 78
114.88.165.122 - - [17/Aug/2020:09:23:36 +0800] "GET /xingrg/kc/buy/cgsh_order_operate.html?command=get_materiel&rest_code=00111&code=00101008352&supplier_code=00100005&order_time=2020-08-17 HTTP/1.1" 200 412
117.184.7.26 - - [17/Aug/2020:09:23:37 +0800] "POST /xingrg/dwr/call/plaincall/AjaxCheckService.setItemNumber.dwr HTTP/1.1" 200 78
117.131.5.26 - - [17/Aug/2020:09:23:37 +0800] "POST /xingrg/dwr/call/plaincall/AjaxCheckService.setItemNumber.dwr HTTP/1.1" 200 78
116.232.54.109 - - [17/Aug/2020:09:23:37 +0800] "POST /xingrg/dwr/call/plaincall/AjaxCheckService.setItemNumber.dwr HTTP/1.1" 200 78
172.17.0.185 - - [17/Aug/2020:09:23:37 +0800] "GET /xingrg/all/function/internal_message.html?_=1597627416812&CODE_STATE=getMsg HTTP/1.1" 302 -
114.89.80.44 - - [17/Aug/2020:09:23:38 +0800] "GET /xingrg/all/function/internal_message.html?_=1597627417965&CODE_STATE=getMsg HTTP/1.1" 200 27
116.232.54.109 - - [17/Aug/2020:09:23:38 +0800] "POST /xingrg/dwr/call/plaincall/AjaxCheckService.setItemNumber.dwr HTTP/1.1" 200 78
117.184.7.26 - - [17/Aug/2020:09:23:38 +0800] "POST /xingrg/dwr/call/plaincall/AjaxCheckService.setItemNumber.dwr HTTP/1.1" 200 78
116.232.54.109 - - [17/Aug/2020:09:23:38 +0800] "POST /xingrg/dwr/call/plaincall/AjaxCheckService.setItemNumber.dwr HTTP/1.1" 200 78
117.131.5.26 - - [17/Aug/2020:09:23:39 +0800] "POST /xingrg/dwr/call/plaincall/AjaxCheckService.setItemNumber.dwr HTTP/1.1" 200 78
116.232.54.109 - - [17/Aug/2020:09:23:39 +0800] "POST /xingrg/dwr/call/plaincall/AjaxCheckService.setItemNumber.dwr HTTP/1.1" 200 78
117.131.5.26 - - [17/Aug/2020:09:23:39 +0800] "POST /xingrg/dwr/call/plaincall/AjaxCheckService.setItemNumber.dwr HTTP/1.1" 200 78
117.184.7.26 - - [17/Aug/2020:09:23:39 +0800] "POST /xingrg/dwr/call/plaincall/AjaxCheckService.setItemNumber.dwr HTTP/1.1" 200 78
116.232.54.109 - - [17/Aug/2020:09:23:40 +0800] "POST /xingrg/dwr/call/plaincall/AjaxCheckService.setItemNumber.dwr HTTP/1.1" 200 78
116.232.54.109 - - [17/Aug/2020:09:23:40 +0800] "POST /xingrg/dwr/call/plaincall/AjaxCheckService.setItemNumber.dwr HTTP/1.1" 200 78
114.89.80.44 - - [17/Aug/2020:09:23:41 +0800] "GET /xingrg/kc/buy/cgsh_order_operate.html?command=get_materiel&rest_code=00150&code=00101008134&supplier_code=00100007&order_time=2020-08-17 HTTP/1.1" 200 412
116.232.54.109 - - [17/Aug/2020:09:23:41 +0800] "POST /xingrg/dwr/call/plaincall/AjaxCheckService.setItemNumber.dwr HTTP/1.1" 200 78
117.184.7.26 - - [17/Aug/2020:09:23:41 +0800] "POST /xingrg/dwr/call/plaincall/AjaxCheckService.setItemNumber.dwr HTTP/1.1" 200 78
116.232.54.109 - - [17/Aug/2020:09:23:41 +0800] "POST /xingrg/dwr/call/plaincall/AjaxCheckService.setItemNumber.dwr HTTP/1.1" 200 78
117.184.7.26 - - [17/Aug/2020:09:23:41 +0800] "POST /xingrg/dwr/call/plaincall/AjaxCheckService.setItemNumber.dwr HTTP/1.1" 200 78
116.232.54.109 - - [17/Aug/2020:09:23:42 +0800] "POST /xingrg/dwr/call/plaincall/AjaxCheckService.setItemNumber.dwr HTTP/1.1" 200 78
117.131.5.26 - - [17/Aug/2020:09:23:42 +0800] "POST /xingrg/dwr/call/plaincall/AjaxCheckService.setItemNumber.dwr HTTP/1.1" 200 78
172.17.0.101 - - [17/Aug/2020:09:23:42 +0800] "GET /xingrg/all/function/internal_message.html?_=1597627423033&CODE_STATE=getMsg HTTP/1.1" 302 -
117.184.7.26 - - [17/Aug/2020:09:23:42 +0800] "POST /xingrg/dwr/call/plaincall/AjaxCheckService.setItemNumber.dwr HTTP/1.1" 200 78
116.232.54.109 - - [17/Aug/2020:09:23:42 +0800] "POST /xingrg/dwr/call/plaincall/AjaxCheckService.setItemNumber.dwr HTTP/1.1" 200 78
117.184.7.26 - - [17/Aug/2020:09:23:42 +0800] "POST /xingrg/dwr/call/plaincall/AjaxCheckService.setItemNumber.dwr HTTP/1.1" 200 78
116.232.54.109 - - [17/Aug/2020:09:23:43 +0800] "POST /xingrg/dwr/call/plaincall/AjaxCheckService.setItemNumber.dwr HTTP/1.1" 200 78
117.184.7.26 - - [17/Aug/2020:09:23:43 +0800] "POST /xingrg/dwr/call/plaincall/AjaxCheckService.setItemNumber.dwr HTTP/1.1" 200 78
116.232.54.109 - - [17/Aug/2020:09:23:43 +0800] "POST /xingrg/dwr/call/plaincall/AjaxCheckService.setItemNumber.dwr HTTP/1.1" 200 78
117.131.5.26 - - [17/Aug/2020:09:23:44 +0800] "POST /xingrg/dwr/call/plaincall/AjaxCheckService.setItemNumber.dwr HTTP/1.1" 200 78
117.184.7.26 - - [17/Aug/2020:09:23:44 +0800] "POST /xingrg/dwr/call/plaincall/AjaxCheckService.setItemNumber.dwr HTTP/1.1" 200 78
116.232.54.109 - - [17/Aug/2020:09:23:44 +0800] "POST /xingrg/dwr/call/plaincall/AjaxCheckService.setItemNumber.dwr HTTP/1.1" 200 78
114.88.165.122 - - [17/Aug/2020:09:23:44 +0800] "GET /xingrg/kc/buy/cgsh_order_operate.html?command=get_materiel&rest_code=00111&code=00101008371&supplier_code=00100005&order_time=2020-08-17 HTTP/1.1" 200 412
116.232.54.109 - - [17/Aug/2020:09:23:44 +0800] "POST /xingrg/dwr/call/plaincall/AjaxCheckService.setItemNumber.dwr HTTP/1.1" 200 78
120.253.135.82 - - [17/Aug/2020:09:23:44 +0800] "GET /xingrg/all/function/internal_message.html?_=1597627081489&CODE_STATE=getMsg HTTP/1.1" 200 27
116.232.54.109 - - [17/Aug/2020:09:23:45 +0800] "POST /xingrg/dwr/call/plaincall/AjaxCheckService.setItemNumber.dwr HTTP/1.1" 200 78
117.184.7.26 - - [17/Aug/2020:09:23:45 +0800] "POST /xingrg/dwr/call/plaincall/AjaxCheckService.setItemNumber.dwr HTTP/1.1" 200 78
117.131.5.26 - - [17/Aug/2020:09:23:45 +0800] "POST /xingrg/dwr/call/plaincall/AjaxCheckService.setItemNumber.dwr HTTP/1.1" 200 78
116.232.54.109 - - [17/Aug/2020:09:23:45 +0800] "POST /xingrg/dwr/call/plaincall/AjaxCheckService.setItemNumber.dwr HTTP/1.1" 200 78
114.88.165.122 - - [17/Aug/2020:09:23:46 +0800] "POST /xingrg/kc/buy/cgsh_order_operate.html HTTP/1.1" 200 2065
116.232.54.109 - - [17/Aug/2020:09:23:46 +0800] "POST /xingrg/dwr/call/plaincall/AjaxCheckService.setItemNumber.dwr HTTP/1.1" 200 78
116.232.54.109 - - [17/Aug/2020:09:23:46 +0800] "POST /xingrg/dwr/call/plaincall/AjaxCheckService.setItemNumber.dwr HTTP/1.1" 200 78
114.89.80.44 - - [17/Aug/2020:09:23:46 +0800] "GET /xingrg/kc/buy/cgsh_order_operate.html?command=get_materiel&rest_code=00150&code=00101008284&supplier_code=00100007&order_time=2020-08-17 HTTP/1.1" 200 413
117.131.5.26 - - [17/Aug/2020:09:23:46 +0800] "POST /xingrg/dwr/call/plaincall/AjaxCheckService.setItemNumber.dwr HTTP/1.1" 200 78
117.184.7.26 - - [17/Aug/2020:09:23:47 +0800] "POST /xingrg/dwr/call/plaincall/AjaxCheckService.setItemNumber.dwr HTTP/1.1" 200 78
116.232.54.109 - - [17/Aug/2020:09:23:47 +0800] "POST /xingrg/dwr/call/plaincall/AjaxCheckService.setItemNumber.dwr HTTP/1.1" 200 78
116.232.54.109 - - [17/Aug/2020:09:23:47 +0800] "POST /xingrg/dwr/call/plaincall/AjaxCheckService.setItemNumber.dwr HTTP/1.1" 200 78
117.131.5.26 - - [17/Aug/2020:09:23:48 +0800] "POST /xingrg/dwr/call/plaincall/AjaxCheckService.setItemNumber.dwr HTTP/1.1" 200 78
116.232.54.109 - - [17/Aug/2020:09:23:48 +0800] "POST /xingrg/dwr/call/plaincall/AjaxCheckService.setItemNumber.dwr HTTP/1.1" 200 78
117.184.7.26 - - [17/Aug/2020:09:23:48 +0800] "POST /xingrg/dwr/call/plaincall/AjaxCheckService.setItemNumber.dwr HTTP/1.1" 200 78
116.232.54.109 - - [17/Aug/2020:09:23:49 +0800] "POST /xingrg/dwr/call/plaincall/AjaxCheckService.setItemNumber.dwr HTTP/1.1" 200 78
116.232.54.109 - - [17/Aug/2020:09:23:49 +0800] "POST /xingrg/dwr/call/plaincall/AjaxCheckService.setItemNumber.dwr HTTP/1.1" 200 78
117.184.7.26 - - [17/Aug/2020:09:23:49 +0800] "POST /xingrg/dwr/call/plaincall/AjaxCheckService.setItemNumber.dwr HTTP/1.1" 200 78
58.40.7.146 - - [17/Aug/2020:09:23:50 +0800] "GET /xingrg/all/function/internal_message.html?_=1597627429796&CODE_STATE=getMsg HTTP/1.1" 200 27
117.131.5.26 - - [17/Aug/2020:09:23:50 +0800] "POST /xingrg/dwr/call/plaincall/AjaxCheckService.setItemNumber.dwr HTTP/1.1" 200 78
117.184.7.26 - - [17/Aug/2020:09:23:51 +0800] "POST /xingrg/dwr/call/plaincall/AjaxCheckService.setItemNumber.dwr HTTP/1.1" 200 78
116.230.74.197 - - [17/Aug/2020:09:23:51 +0800] "GET /xingrg/check_reg.html?_=1597627433994 HTTP/1.1" 200 22
116.230.74.197 - - [17/Aug/2020:09:23:51 +0800] "GET /xingrg/all/function/internal_message.html?_=1597627434075&CODE_STATE=getMsg HTTP/1.1" 200 27
114.88.165.122 - - [17/Aug/2020:09:23:51 +0800] "GET /xingrg/kc/buy/cgsh_order_operate.html?command=get_materiel&rest_code=00111&code=00101008271&supplier_code=00100005&order_time=2020-08-17 HTTP/1.1" 200 408
117.131.5.26 - - [17/Aug/2020:09:23:52 +0800] "POST /xingrg/dwr/call/plaincall/AjaxCheckService.setItemNumber.dwr HTTP/1.1" 200 78
117.184.7.26 - - [17/Aug/2020:09:23:52 +0800] "POST /xingrg/dwr/call/plaincall/AjaxCheckService.setItemNumber.dwr HTTP/1.1" 200 78
117.131.5.26 - - [17/Aug/2020:09:23:53 +0800] "POST /xingrg/dwr/call/plaincall/AjaxCheckService.setItemNumber.dwr HTTP/1.1" 200 78
114.89.80.44 - - [17/Aug/2020:09:23:53 +0800] "GET /xingrg/kc/buy/cgsh_order_operate.html?command=get_materiel&rest_code=00150&code=00101008509&supplier_code=00100007&order_time=2020-08-17 HTTP/1.1" 200 396
116.232.54.109 - - [17/Aug/2020:09:23:53 +0800] "POST /xingrg/dwr/call/plaincall/AjaxCheckService.setItemNumber.dwr HTTP/1.1" 200 78
116.232.54.109 - - [17/Aug/2020:09:23:53 +0800] "POST /xingrg/dwr/call/plaincall/AjaxCheckService.setItemNumber.dwr HTTP/1.1" 200 78
116.232.54.109 - - [17/Aug/2020:09:23:54 +0800] "POST /xingrg/dwr/call/plaincall/AjaxCheckService.setItemNumber.dwr HTTP/1.1" 200 78
116.232.54.109 - - [17/Aug/2020:09:23:54 +0800] "POST /xingrg/dwr/call/plaincall/AjaxCheckService.setItemNumber.dwr HTTP/1.1" 200 78
114.89.80.44 - - [17/Aug/2020:09:23:54 +0800] "POST /xingrg/kc/buy/cgsh_order_operate.html HTTP/1.1" 200 2065
218.81.217.115 - - [17/Aug/2020:09:23:54 +0800] "GET /xingrg/all/function/internal_message.html?_=1597627435857&CODE_STATE=getMsg HTTP/1.1" 200 27
116.232.54.109 - - [17/Aug/2020:09:23:54 +0800] "POST /xingrg/dwr/call/plaincall/AjaxCheckService.setItemNumber.dwr HTTP/1.1" 200 78
116.232.54.109 - - [17/Aug/2020:09:23:55 +0800] "POST /xingrg/dwr/call/plaincall/AjaxCheckService.setItemNumber.dwr HTTP/1.1" 200 78
117.131.5.26 - - [17/Aug/2020:09:23:55 +0800] "POST /xingrg/dwr/call/plaincall/AjaxCheckService.setItemNumber.dwr HTTP/1.1" 200 78
116.232.54.109 - - [17/Aug/2020:09:23:56 +0800] "POST /xingrg/dwr/call/plaincall/AjaxCheckService.setItemNumber.dwr HTTP/1.1" 200 78
116.232.54.109 - - [17/Aug/2020:09:23:56 +0800] "POST /xingrg/dwr/call/plaincall/AjaxCheckService.setItemNumber.dwr HTTP/1.1" 200 78
180.157.251.101 - - [17/Aug/2020:09:23:56 +0800] "POST /xingrg/kc/buy/cgsh_order_operate.html HTTP/1.1" 200 37
116.232.54.109 - - [17/Aug/2020:09:23:57 +0800] "POST /xingrg/dwr/call/plaincall/AjaxCheckService.setItemNumber.dwr HTTP/1.1" 200 78
114.88.165.122 - - [17/Aug/2020:09:23:57 +0800] "GET /xingrg/kc/buy/cgsh_order_operate.html?command=get_materiel&rest_code=00111&code=00101008092&supplier_code=00100005&order_time=2020-08-17 HTTP/1.1" 200 431
116.232.54.109 - - [17/Aug/2020:09:23:57 +0800] "POST /xingrg/dwr/call/plaincall/AjaxCheckService.setItemNumber.dwr HTTP/1.1" 200 78
117.131.5.26 - - [17/Aug/2020:09:23:58 +0800] "POST /xingrg/dwr/call/plaincall/AjaxCheckService.setItemNumber.dwr HTTP/1.1" 200 78
116.232.54.109 - - [17/Aug/2020:09:23:58 +0800] "POST /xingrg/dwr/call/plaincall/AjaxCheckService.setItemNumber.dwr HTTP/1.1" 200 78
116.232.54.109 - - [17/Aug/2020:09:23:58 +0800] "POST /xingrg/dwr/call/plaincall/AjaxCheckService.setItemNumber.dwr HTTP/1.1" 200 78
180.157.251.101 - - [17/Aug/2020:09:23:59 +0800] "POST /xingrg/kc/buy/cgsh_order_operate.html HTTP/1.1" 200 41195
116.232.54.109 - - [17/Aug/2020:09:23:59 +0800] "POST /xingrg/dwr/call/plaincall/AjaxCheckService.setItemNumber.dwr HTTP/1.1" 200 78
117.131.5.26 - - [17/Aug/2020:09:23:59 +0800] "POST /xingrg/dwr/call/plaincall/AjaxCheckService.setItemNumber.dwr HTTP/1.1" 200 78
116.232.54.109 - - [17/Aug/2020:09:24:00 +0800] "POST /xingrg/dwr/call/plaincall/AjaxCheckService.setItemNumber.dwr HTTP/1.1" 200 78
61.172.5.115 - - [17/Aug/2020:09:24:00 +0800] "GET /xingrg/all/function/internal_message.html?_=1597627430505&CODE_STATE=getMsg HTTP/1.1" 200 27
61.172.5.115 - - [17/Aug/2020:09:24:00 +0800] "GET /xingrg/check_reg.html?_=1597627430508 HTTP/1.1" 200 22
116.232.54.109 - - [17/Aug/2020:09:24:00 +0800] "POST /xingrg/dwr/call/plaincall/AjaxCheckService.setItemNumber.dwr HTTP/1.1" 200 78
117.131.5.26 - - [17/Aug/2020:09:24:00 +0800] "POST /xingrg/dwr/call/plaincall/AjaxCheckService.setItemNumber.dwr HTTP/1.1" 200 78
114.89.80.44 - - [17/Aug/2020:09:24:00 +0800] "GET /xingrg/kc/buy/cgsh_order_operate.html?command=get_materiel&rest_code=00150&code=00101008324&supplier_code=00100007&order_time=2020-08-17 HTTP/1.1" 200 413
116.232.54.109 - - [17/Aug/2020:09:24:01 +0800] "POST /xingrg/dwr/call/plaincall/AjaxCheckService.setItemNumber.dwr HTTP/1.1" 200 78
116.232.54.109 - - [17/Aug/2020:09:24:01 +0800] "POST /xingrg/dwr/call/plaincall/AjaxCheckService.setItemNumber.dwr HTTP/1.1" 200 78
180.157.251.101 - - [17/Aug/2020:09:24:01 +0800] "POST /xingrg/kc/buy/cgsh_list_operate.html HTTP/1.1" 200 1691
117.131.5.26 - - [17/Aug/2020:09:24:01 +0800] "POST /xingrg/dwr/call/plaincall/AjaxCheckService.setItemNumber.dwr HTTP/1.1" 200 78
116.232.54.109 - - [17/Aug/2020:09:24:02 +0800] "POST /xingrg/dwr/call/plaincall/AjaxCheckService.setItemNumber.dwr HTTP/1.1" 200 78
114.88.165.122 - - [17/Aug/2020:09:24:02 +0800] "GET /xingrg/kc/buy/cgsh_order_operate.html?command=get_materiel&rest_code=00111&code=00101008353&supplier_code=00100005&order_time=2020-08-17 HTTP/1.1" 200 408
222.69.137.86 - - [17/Aug/2020:09:24:02 +0800] "GET /xingrg/all/function/internal_message.html?_=1597627441402&CODE_STATE=getMsg HTTP/1.1" 200 27
218.81.217.115 - - [17/Aug/2020:09:24:03 +0800] "GET /xingrg/kc/buy/cgsh_order_operate.html?command=get_materiel&rest_code=00146&code=00101009030&supplier_code=00100005&order_time=2020-08-17 HTTP/1.1" 200 412
61.172.5.115 - - [17/Aug/2020:09:24:04 +0800] "POST /xingrg/kc/buy/cgsh_order_operate.html HTTP/1.1" 200 37
117.184.7.26 - - [17/Aug/2020:09:24:05 +0800] "POST /xingrg/dwr/call/plaincall/AjaxCheckService.checkOrder.dwr HTTP/1.1" 200 80
117.131.5.26 - - [17/Aug/2020:09:24:05 +0800] "POST /xingrg/dwr/call/plaincall/AjaxCheckService.setItemNumber.dwr HTTP/1.1" 200 78
117.131.5.26 - - [17/Aug/2020:09:24:05 +0800] "POST /xingrg/dwr/call/plaincall/AjaxCheckService.setItemNumber.dwr HTTP/1.1" 200 78
116.232.54.109 - - [17/Aug/2020:09:24:05 +0800] "POST /xingrg/dwr/call/plaincall/AjaxCheckService.setItemNumber.dwr HTTP/1.1" 200 78
116.232.54.109 - - [17/Aug/2020:09:24:05 +0800] "POST /xingrg/dwr/call/plaincall/AjaxCheckService.setItemNumber.dwr HTTP/1.1" 200 78
116.232.54.109 - - [17/Aug/2020:09:24:05 +0800] "POST /xingrg/dwr/call/plaincall/AjaxCheckService.setItemNumber.dwr HTTP/1.1" 200 78
114.89.80.44 - - [17/Aug/2020:09:24:06 +0800] "POST /xingrg/kc/buy/cgsh_order_operate.html HTTP/1.1" 200 37
61.172.5.115 - - [17/Aug/2020:09:24:06 +0800] "POST /xingrg/kc/buy/cgsh_order_operate.html HTTP/1.1" 200 6227
116.232.54.109 - - [17/Aug/2020:09:24:06 +0800] "POST /xingrg/dwr/call/plaincall/AjaxCheckService.setItemNumber.dwr HTTP/1.1" 200 78
116.232.54.109 - - [17/Aug/2020:09:24:07 +0800] "POST /xingrg/dwr/call/plaincall/AjaxCheckService.setItemNumber.dwr HTTP/1.1" 200 78
116.232.54.109 - - [17/Aug/2020:09:24:07 +0800] "POST /xingrg/dwr/call/plaincall/AjaxCheckService.setItemNumber.dwr HTTP/1.1" 200 78
114.89.80.44 - - [17/Aug/2020:09:24:08 +0800] "POST /xingrg/kc/buy/cgsh_order_operate.html HTTP/1.1" 200 29280
101.93.221.5 - - [17/Aug/2020:09:24:08 +0800] "POST /xingrg/services/DataTransmitService HTTP/1.1" 200 524
101.93.221.5 - - [17/Aug/2020:09:24:08 +0800] "POST /xingrg/services/DataTransmitService HTTP/1.1" 200 1859
116.232.54.109 - - [17/Aug/2020:09:24:08 +0800] "POST /xingrg/dwr/call/plaincall/AjaxCheckService.setItemNumber.dwr HTTP/1.1" 200 78
101.93.221.5 - - [17/Aug/2020:09:24:08 +0800] "POST /xingrg/services/DataTransmitService HTTP/1.1" 200 163320
180.157.251.101 - - [17/Aug/2020:09:24:09 +0800] "POST /xingrg/kc/buy/cgsh_list_operate.html HTTP/1.1" 200 5854
116.232.54.109 - - [17/Aug/2020:09:24:09 +0800] "POST /xingrg/dwr/call/plaincall/AjaxCheckService.setItemNumber.dwr HTTP/1.1" 200 78
117.184.7.26 - - [17/Aug/2020:09:24:10 +0800] "GET /xingrg/kc/base/check_order_info.html?code=452020081600344 HTTP/1.1" 200 22860
117.184.7.26 - - [17/Aug/2020:09:24:10 +0800] "GET /xingrg/dwr/interface/AjaxComOrderService.js HTTP/1.1" 200 18264
117.184.7.30 - - [17/Aug/2020:09:24:10 +0800] "GET /xingrg/dwr/interface/AjaxCheckService.js HTTP/1.1" 200 14003
180.157.251.101 - - [17/Aug/2020:09:24:10 +0800] "POST /xingrg/kc/buy/cgsh_list_operate.html HTTP/1.1" 200 565
117.184.7.30 - - [17/Aug/2020:09:24:10 +0800] "GET /xingrg/dwr/engine.js HTTP/1.1" 200 43631
117.131.5.26 - - [17/Aug/2020:09:24:10 +0800] "POST /xingrg/dwr/call/plaincall/AjaxCheckService.setItemNumber.dwr HTTP/1.1" 200 78
180.157.251.101 - - [17/Aug/2020:09:24:11 +0800] "GET /xingrg/kc/buy/cgsh_order_info.html?code=212020081606692 HTTP/1.1" 200 54288
117.184.7.30 - - [17/Aug/2020:09:24:11 +0800] "POST /xingrg/dwr/call/plaincall/AjaxCheckService.loadOrderItems.dwr HTTP/1.1" 200 75754
114.88.165.122 - - [17/Aug/2020:09:24:11 +0800] "GET /xingrg/kc/buy/cgsh_order_operate.html?command=get_materiel&rest_code=00111&code=00101008244&supplier_code=00100005&order_time=2020-08-17 HTTP/1.1" 200 408
180.157.251.101 - - [17/Aug/2020:09:24:12 +0800] "GET /xingrg/javascript/easyui/themes/default/validatebox.css HTTP/1.1" 404 1104
180.157.251.101 - - [17/Aug/2020:09:24:12 +0800] "POST /xingrg/kc/buy/cgsh_order_operate.html HTTP/1.1" 200 50863
116.232.54.109 - - [17/Aug/2020:09:24:13 +0800] "POST /xingrg/dwr/call/plaincall/AjaxCheckService.setItemNumber.dwr HTTP/1.1" 200 78
116.232.54.109 - - [17/Aug/2020:09:24:13 +0800] "POST /xingrg/dwr/call/plaincall/AjaxCheckService.setItemNumber.dwr HTTP/1.1" 200 78
120.253.135.82 - - [17/Aug/2020:09:24:13 +0800] "GET /xingrg/all/function/internal_message.html?_=1597627205798&CODE_STATE=getMsg HTTP/1.1" 200 27
116.232.54.109 - - [17/Aug/2020:09:24:14 +0800] "POST /xingrg/dwr/call/plaincall/AjaxCheckService.setItemNumber.dwr HTTP/1.1" 200 78
116.232.54.109 - - [17/Aug/2020:09:24:14 +0800] "POST /xingrg/dwr/call/plaincall/AjaxCheckService.setItemNumber.dwr HTTP/1.1" 200 78
117.184.7.30 - - [17/Aug/2020:09:24:15 +0800] "POST /xingrg/kc/base/check_list_operate.html HTTP/1.1" 200 1557
116.232.54.109 - - [17/Aug/2020:09:24:15 +0800] "POST /xingrg/dwr/call/plaincall/AjaxCheckService.setItemNumber.dwr HTTP/1.1" 200 78
116.232.54.109 - - [17/Aug/2020:09:24:15 +0800] "POST /xingrg/dwr/call/plaincall/AjaxCheckService.setItemNumber.dwr HTTP/1.1" 200 78
180.157.251.101 - - [17/Aug/2020:09:24:17 +0800] "GET /xingrg/check_reg.html?_=1597627456805 HTTP/1.1" 200 22
180.157.251.101 - - [17/Aug/2020:09:24:17 +0800] "GET /xingrg/all/function/internal_message.html?_=1597627457267&CODE_STATE=getMsg HTTP/1.1" 200 27
117.131.5.26 - - [17/Aug/2020:09:24:17 +0800] "POST /xingrg/dwr/call/plaincall/AjaxCheckService.setItemNumber.dwr HTTP/1.1" 200 78
172.17.200.101 - - [17/Aug/2020:09:24:17 +0800] "GET /xingrg/all/function/internal_message.html?_=1597627459169&CODE_STATE=getMsg HTTP/1.1" 200 27
116.232.54.109 - - [17/Aug/2020:09:24:19 +0800] "POST /xingrg/dwr/call/plaincall/AjaxCheckService.setItemNumber.dwr HTTP/1.1" 200 78
116.232.54.109 - - [17/Aug/2020:09:24:20 +0800] "POST /xingrg/dwr/call/plaincall/AjaxCheckService.setItemNumber.dwr HTTP/1.1" 200 78
116.232.54.109 - - [17/Aug/2020:09:24:20 +0800] "POST /xingrg/dwr/call/plaincall/AjaxCheckService.setItemNumber.dwr HTTP/1.1" 200 78
180.175.214.200 - - [17/Aug/2020:09:24:21 +0800] "GET /xingrg/all/function/internal_message.html?_=1597627667633&CODE_STATE=getMsg HTTP/1.1" 200 27
117.131.5.26 - - [17/Aug/2020:09:24:21 +0800] "POST /xingrg/dwr/call/plaincall/AjaxCheckService.setItemNumber.dwr HTTP/1.1" 200 78
114.88.165.122 - - [17/Aug/2020:09:24:21 +0800] "GET /xingrg/all/function/internal_message.html?_=1597627461225&CODE_STATE=getMsg HTTP/1.1" 200 27
116.232.54.109 - - [17/Aug/2020:09:24:25 +0800] "GET /xingrg/all/function/internal_message.html?_=1597627509875&CODE_STATE=getMsg HTTP/1.1" 200 27
218.81.217.115 - - [17/Aug/2020:09:24:26 +0800] "GET /xingrg/all/function/internal_message.html?_=1597627467805&CODE_STATE=getMsg HTTP/1.1" 302 -
114.88.165.122 - - [17/Aug/2020:09:24:27 +0800] "GET /xingrg/kc/buy/cgsh_order_operate.html?command=get_materiel&rest_code=00111&code=00101008083&supplier_code=00100005&order_time=2020-08-17 HTTP/1.1" 200 427
114.88.165.122 - - [17/Aug/2020:09:24:28 +0800] "GET /xingrg/all/function/internal_message.html?_=1597627513775&CODE_STATE=getMsg HTTP/1.1" 200 27
218.81.217.115 - - [17/Aug/2020:09:24:28 +0800] "POST /xingrg/kc/buy/cgsh_order_operate.html HTTP/1.1" 200 2065
117.184.7.30 - - [17/Aug/2020:09:24:29 +0800] "GET /xingrg/all/function/internal_message.html?_=1597627468166&CODE_STATE=getMsg HTTP/1.1" 200 27
114.88.165.122 - - [17/Aug/2020:09:24:30 +0800] "POST /xingrg/all/common/load_select.html HTTP/1.1" 200 25
117.131.5.26 - - [17/Aug/2020:09:24:31 +0800] "GET /xingrg/all/function/internal_message.html?_=1597627848688&CODE_STATE=getMsg HTTP/1.1" 200 27
172.17.0.123 - - [17/Aug/2020:09:24:31 +0800] "GET /xingrg/all/function/internal_message.html?_=1597627388856&CODE_STATE=getMsg HTTP/1.1" 200 27
114.88.165.122 - - [17/Aug/2020:09:24:33 +0800] "GET /xingrg/kc/buy/cgsh_order_operate.html?command=get_materiel_price&rest_code=00111&code=00101008083&unit_code=00100026&supplier_code=00100005&order_time=2020-08-17 HTTP/1.1" 200 27
114.88.165.122 - - [17/Aug/2020:09:24:37 +0800] "POST /xingrg/kc/buy/cgsh_order_operate.html HTTP/1.1" 200 2065
172.17.0.185 - - [17/Aug/2020:09:24:37 +0800] "GET /xingrg/all/function/internal_message.html?_=1597627476814&CODE_STATE=getMsg HTTP/1.1" 302 -
172.17.0.185 - - [17/Aug/2020:09:24:37 +0800] "GET /xingrg/check_reg.html?_=1597627476820 HTTP/1.1" 302 -
114.89.80.44 - - [17/Aug/2020:09:24:38 +0800] "GET /xingrg/all/function/internal_message.html?_=1597627477966&CODE_STATE=getMsg HTTP/1.1" 200 27
114.89.80.44 - - [17/Aug/2020:09:24:38 +0800] "GET /xingrg/check_reg.html?_=1597627477968 HTTP/1.1" 200 22
116.230.74.197 - - [17/Aug/2020:09:24:39 +0800] "GET /xingrg/kc/buy/cgsh_order_add.html HTTP/1.1" 200 59426
116.230.74.197 - - [17/Aug/2020:09:24:39 +0800] "POST /xingrg/kc/buy/cgsh_order_operate.html HTTP/1.1" 200 8245
116.230.74.197 - - [17/Aug/2020:09:24:39 +0800] "GET /xingrg/javascript/easyui/themes/default/validatebox.css HTTP/1.1" 404 1104
172.17.0.101 - - [17/Aug/2020:09:24:42 +0800] "GET /xingrg/all/function/internal_message.html?_=1597627483049&CODE_STATE=getMsg HTTP/1.1" 302 -
