114.88.153.118 - - [17/Aug/2020:09:40:31 +0800] "POST /xingrg/dwr/call/plaincall/AjaxCheckService.setItemNumber.dwr HTTP/1.1" 200 78
114.88.153.118 - - [17/Aug/2020:09:40:32 +0800] "POST /xingrg/dwr/call/plaincall/AjaxCheckService.setItemNumber.dwr HTTP/1.1" 200 78
114.89.80.44 - - [17/Aug/2020:09:40:33 +0800] "POST /xingrg/kc/buy/cgsh_order_operate.html HTTP/1.1" 200 37
114.89.80.44 - - [17/Aug/2020:09:40:34 +0800] "POST /xingrg/kc/buy/cgsh_order_operate.html HTTP/1.1" 200 37
180.157.251.101 - - [17/Aug/2020:09:40:35 +0800] "GET /xingrg/javascript/auto/indicator.gif HTTP/1.1" 404 1066
114.89.80.44 - - [17/Aug/2020:09:40:35 +0800] "POST /xingrg/kc/buy/cgsh_order_operate.html HTTP/1.1" 200 12
114.89.80.44 - - [17/Aug/2020:09:40:36 +0800] "GET /xingrg/kc/buy/cgsh_order_info.html?code=212020081707101 HTTP/1.1" 200 54222
180.157.251.101 - - [17/Aug/2020:09:40:36 +0800] "GET /xingrg/javascript/jquery_tools/images/prev.gif HTTP/1.1" 404 1086
180.157.251.101 - - [17/Aug/2020:09:40:36 +0800] "GET /xingrg/javascript/jquery_tools/images/next.gif HTTP/1.1" 404 1086
114.89.80.44 - - [17/Aug/2020:09:40:36 +0800] "GET /xingrg/javascript/easyui/themes/default/validatebox.css HTTP/1.1" 404 1104
114.89.80.44 - - [17/Aug/2020:09:40:37 +0800] "POST /xingrg/kc/buy/cgsh_order_operate.html HTTP/1.1" 200 1195
114.89.80.44 - - [17/Aug/2020:09:40:37 +0800] "GET /xingrg/all/function/internal_message.html?_=1597628558014&CODE_STATE=getMsg HTTP/1.1" 200 27
172.17.0.185 - - [17/Aug/2020:09:40:37 +0800] "GET /xingrg/all/function/internal_message.html?_=1597628436810&CODE_STATE=getMsg HTTP/1.1" 302 -
114.88.153.118 - - [17/Aug/2020:09:40:37 +0800] "POST /xingrg/dwr/call/plaincall/AjaxCheckService.checkOrder.dwr HTTP/1.1" 200 80
114.88.153.118 - - [17/Aug/2020:09:40:38 +0800] "GET /xingrg/kc/base/check_order_info.html?code=452020081600324 HTTP/1.1" 200 22860
114.88.153.118 - - [17/Aug/2020:09:40:38 +0800] "GET /xingrg/dwr/interface/AjaxCheckService.js HTTP/1.1" 200 14003
114.88.153.118 - - [17/Aug/2020:09:40:38 +0800] "GET /xingrg/dwr/interface/AjaxComOrderService.js HTTP/1.1" 200 18264
114.88.153.118 - - [17/Aug/2020:09:40:38 +0800] "GET /xingrg/dwr/engine.js HTTP/1.1" 200 43631
114.89.80.44 - - [17/Aug/2020:09:40:39 +0800] "GET /xingrg/kc/print/load_data.html?order_code=212020081707101&kc_code=cgsh&condition= HTTP/1.1" 200 1035
114.89.80.44 - - [17/Aug/2020:09:40:39 +0800] "POST /xingrg/kc/buy/cgsh_order_operate.html HTTP/1.1" 200 12
114.88.153.118 - - [17/Aug/2020:09:40:40 +0800] "POST /xingrg/dwr/call/plaincall/AjaxCheckService.setItemNumber.dwr HTTP/1.1" 200 78
114.88.153.118 - - [17/Aug/2020:09:40:41 +0800] "POST /xingrg/dwr/call/plaincall/AjaxCheckService.setItemNumber.dwr HTTP/1.1" 200 78
114.88.153.118 - - [17/Aug/2020:09:40:42 +0800] "GET /xingrg/javascript/jquery_easy_ui/themes/icons/exam_new.png HTTP/1.1" 200 756
114.88.153.118 - - [17/Aug/2020:09:40:42 +0800] "POST /xingrg/dwr/call/plaincall/AjaxCheckService.loadOrderItems.dwr HTTP/1.1" 200 59777
180.157.251.101 - - [17/Aug/2020:09:40:42 +0800] "GET /xingrg/kc/buy/cgsh_order_operate.html?command=get_materiel&rest_code=00148&code=00101007114&supplier_code=00100004&order_time=2020-08-17 HTTP/1.1" 200 409
114.88.153.118 - - [17/Aug/2020:09:40:43 +0800] "POST /xingrg/dwr/call/plaincall/AjaxCheckService.setItemNumber.dwr HTTP/1.1" 200 78
172.17.0.101 - - [17/Aug/2020:09:40:43 +0800] "GET /xingrg/all/function/internal_message.html?_=1597628443984&CODE_STATE=getMsg HTTP/1.1" 302 -
114.88.153.118 - - [17/Aug/2020:09:40:43 +0800] "POST /xingrg/dwr/call/plaincall/AjaxCheckService.setItemNumber.dwr HTTP/1.1" 200 78
180.157.251.101 - - [17/Aug/2020:09:40:43 +0800] "GET /xingrg/all/function/internal_message.html?_=1597628443678&CODE_STATE=getMsg HTTP/1.1" 200 27
116.232.54.109 - - [17/Aug/2020:09:40:43 +0800] "GET /xingrg/all/function/internal_message.html?_=1597628520073&CODE_STATE=getMsg HTTP/1.1" 200 27
114.88.153.118 - - [17/Aug/2020:09:40:44 +0800] "POST /xingrg/dwr/call/plaincall/AjaxCheckService.setItemNumber.dwr HTTP/1.1" 200 78
114.89.80.44 - - [17/Aug/2020:09:40:44 +0800] "GET /xingrg/kc/buy/cgsh_order_info.html?code=212020081707098 HTTP/1.1" 200 54196
120.253.135.82 - - [17/Aug/2020:09:40:45 +0800] "GET /xingrg/all/function/internal_message.html?_=1597628101518&CODE_STATE=getMsg HTTP/1.1" 200 27
114.89.80.44 - - [17/Aug/2020:09:40:45 +0800] "GET /xingrg/javascript/easyui/themes/default/validatebox.css HTTP/1.1" 404 1104
114.89.80.44 - - [17/Aug/2020:09:40:45 +0800] "POST /xingrg/kc/buy/cgsh_order_operate.html HTTP/1.1" 200 8341
114.88.153.118 - - [17/Aug/2020:09:40:45 +0800] "POST /xingrg/dwr/call/plaincall/AjaxCheckService.setItemNumber.dwr HTTP/1.1" 200 78
114.88.153.118 - - [17/Aug/2020:09:40:46 +0800] "POST /xingrg/dwr/call/plaincall/AjaxCheckService.setItemNumber.dwr HTTP/1.1" 200 78
114.88.153.118 - - [17/Aug/2020:09:40:47 +0800] "POST /xingrg/dwr/call/plaincall/AjaxCheckService.setItemNumber.dwr HTTP/1.1" 200 78
114.89.80.44 - - [17/Aug/2020:09:40:47 +0800] "GET /xingrg/kc/print/load_data.html?order_code=212020081707098&kc_code=cgsh&condition= HTTP/1.1" 200 3611
114.88.153.118 - - [17/Aug/2020:09:40:47 +0800] "POST /xingrg/dwr/call/plaincall/AjaxCheckService.setItemNumber.dwr HTTP/1.1" 200 78
114.88.153.118 - - [17/Aug/2020:09:40:48 +0800] "POST /xingrg/dwr/call/plaincall/AjaxCheckService.setItemNumber.dwr HTTP/1.1" 200 78
114.88.153.118 - - [17/Aug/2020:09:40:49 +0800] "POST /xingrg/dwr/call/plaincall/AjaxCheckService.setItemNumber.dwr HTTP/1.1" 200 78
58.40.7.146 - - [17/Aug/2020:09:40:50 +0800] "GET /xingrg/all/function/internal_message.html?_=1597628449787&CODE_STATE=getMsg HTTP/1.1" 200 27
116.230.74.197 - - [17/Aug/2020:09:40:51 +0800] "GET /xingrg/all/function/internal_message.html?_=1597628453876&CODE_STATE=getMsg HTTP/1.1" 200 27
218.81.217.115 - - [17/Aug/2020:09:40:54 +0800] "GET /xingrg/check_reg.html?_=1597628455694 HTTP/1.1" 200 22
218.81.217.115 - - [17/Aug/2020:09:40:55 +0800] "GET /xingrg/all/function/internal_message.html?_=1597628456649&CODE_STATE=getMsg HTTP/1.1" 200 27
114.88.153.118 - - [17/Aug/2020:09:40:56 +0800] "POST /xingrg/dwr/call/plaincall/AjaxCheckService.setItemNumber.dwr HTTP/1.1" 200 78
114.88.153.118 - - [17/Aug/2020:09:40:59 +0800] "POST /xingrg/dwr/call/plaincall/AjaxCheckService.setItemNumber.dwr HTTP/1.1" 200 78
114.89.80.44 - - [17/Aug/2020:09:40:59 +0800] "POST /xingrg/all/user/operate.html HTTP/1.1" 200 36
114.89.80.44 - - [17/Aug/2020:09:40:59 +0800] "GET /xingrg/index.html?sysBaseUrl=http%3A%2F%2F180.169.147.146%3A18081%2Fxingrg%2F&costTime=39×tamp=1597547048270 HTTP/1.1" 200 17177
114.89.80.44 - - [17/Aug/2020:09:40:59 +0800] "GET /xingrg/javascript/jquery_easy_ui/themes/default/easyui.css HTTP/1.1" 304 -
114.89.80.44 - - [17/Aug/2020:09:40:59 +0800] "GET /xingrg/javascript/jquery_easy_ui/themes/icon.css HTTP/1.1" 304 -
114.89.80.44 - - [17/Aug/2020:09:40:59 +0800] "GET /xingrg/css/form.css HTTP/1.1" 304 -
114.89.80.44 - - [17/Aug/2020:09:40:59 +0800] "GET /xingrg/javascript/jquery-1.4.2.min.js HTTP/1.1" 304 -
114.89.80.44 - - [17/Aug/2020:09:40:59 +0800] "GET /xingrg/javascript/jquery_easy_ui/jquery.easyui.min.js HTTP/1.1" 304 -
114.89.80.44 - - [17/Aug/2020:09:40:59 +0800] "GET /xingrg/javascript/jquery_easy_ui/easyui-lang-zh_CN.js HTTP/1.1" 304 -
114.89.80.44 - - [17/Aug/2020:09:40:59 +0800] "GET /xingrg/javascript/jquery.form.js HTTP/1.1" 304 -
114.89.80.44 - - [17/Aug/2020:09:40:59 +0800] "GET /xingrg/javascript/jquery.utils.js HTTP/1.1" 304 -
114.89.80.44 - - [17/Aug/2020:09:40:59 +0800] "GET /xingrg/javascript/jquery.timers.js HTTP/1.1" 304 -
114.89.80.44 - - [17/Aug/2020:09:40:59 +0800] "GET /xingrg/images/blue/jxLogo.png HTTP/1.1" 304 -
114.89.80.44 - - [17/Aug/2020:09:40:59 +0800] "GET /xingrg/images/blue/navBackgound.jpg HTTP/1.1" 304 -
114.89.80.44 - - [17/Aug/2020:09:40:59 +0800] "GET /xingrg/javascript/jquery_easy_ui/themes/icons/settle_new.png HTTP/1.1" 304 -
114.89.80.44 - - [17/Aug/2020:09:40:59 +0800] "POST /xingrg/all/common/load_tree.html?tree=area_rest_tree_json&manage=1 HTTP/1.1" 200 476
114.89.80.44 - - [17/Aug/2020:09:40:59 +0800] "GET /xingrg/all/function/internal_message.html?_=1597628459766&CODE_STATE=count HTTP/1.1" 200 11
114.89.80.44 - - [17/Aug/2020:09:40:59 +0800] "GET /xingrg/check_reg.html?_=1597628459766 HTTP/1.1" 200 22
114.89.80.44 - - [17/Aug/2020:09:40:59 +0800] "GET /xingrg/javascript/jquery_easy_ui/themes/default/images/panel_tool_collapse.gif HTTP/1.1" 304 -
114.89.80.44 - - [17/Aug/2020:09:40:59 +0800] "GET /xingrg/images/blue/pingpu.png HTTP/1.1" 304 -
114.89.80.44 - - [17/Aug/2020:09:40:59 +0800] "GET /xingrg/javascript/jquery_easy_ui/themes/default/images/tabs_leftarrow.png HTTP/1.1" 304 -
114.89.80.44 - - [17/Aug/2020:09:40:59 +0800] "GET /xingrg/javascript/jquery_easy_ui/themes/default/images/tabs_rightarrow.png HTTP/1.1" 304 -
114.89.80.44 - - [17/Aug/2020:09:40:59 +0800] "POST /xingrg/load_menu.html HTTP/1.1" 200 5138
61.172.5.115 - - [17/Aug/2020:09:41:00 +0800] "GET /xingrg/all/function/internal_message.html?_=1597628450507&CODE_STATE=getMsg HTTP/1.1" 200 27
114.88.153.118 - - [17/Aug/2020:09:41:00 +0800] "GET /xingrg/all/function/internal_message.html?_=1597628105206&CODE_STATE=getMsg HTTP/1.1" 200 27
114.89.80.44 - - [17/Aug/2020:09:41:02 +0800] "GET /xingrg/kc/buy/cgsh_order_list.html HTTP/1.1" 200 43645
222.69.137.86 - - [17/Aug/2020:09:41:02 +0800] "GET /xingrg/all/function/internal_message.html?_=1597628461330&CODE_STATE=getMsg HTTP/1.1" 200 27
222.69.137.86 - - [17/Aug/2020:09:41:02 +0800] "GET /xingrg/check_reg.html?_=1597628461332 HTTP/1.1" 200 22
114.89.80.44 - - [17/Aug/2020:09:41:02 +0800] "POST /xingrg/kc/buy/cgsh_list_operate.html HTTP/1.1" 200 876
114.89.80.44 - - [17/Aug/2020:09:41:03 +0800] "GET /xingrg/kc/buy/cgsh_order_add.html HTTP/1.1" 200 59021
114.88.153.118 - - [17/Aug/2020:09:41:03 +0800] "POST /xingrg/dwr/call/plaincall/AjaxCheckService.setItemNumber.dwr HTTP/1.1" 200 78
114.89.80.44 - - [17/Aug/2020:09:41:03 +0800] "GET /xingrg/javascript/easyui/themes/default/validatebox.css HTTP/1.1" 404 1104
114.89.80.44 - - [17/Aug/2020:09:41:03 +0800] "POST /xingrg/kc/buy/cgsh_order_operate.html HTTP/1.1" 200 8245
114.89.80.44 - - [17/Aug/2020:09:41:04 +0800] "GET /xingrg/javascript/auto/indicator.gif HTTP/1.1" 404 1066
180.157.251.101 - - [17/Aug/2020:09:41:04 +0800] "GET /xingrg/kc/buy/cgsh_order_operate.html?command=get_materiel&rest_code=00148&code=00101007048&supplier_code=00100004&order_time=2020-08-17 HTTP/1.1" 200 408
172.17.200.101 - - [17/Aug/2020:09:41:06 +0800] "GET /xingrg/all/function/internal_message.html?_=1597628467374&CODE_STATE=getMsg HTTP/1.1" 200 27
114.88.153.118 - - [17/Aug/2020:09:41:08 +0800] "POST /xingrg/dwr/call/plaincall/AjaxCheckService.setItemNumber.dwr HTTP/1.1" 200 78
114.88.153.118 - - [17/Aug/2020:09:41:09 +0800] "POST /xingrg/dwr/call/plaincall/AjaxCheckService.setItemNumber.dwr HTTP/1.1" 200 78
114.89.80.44 - - [17/Aug/2020:09:41:09 +0800] "GET /xingrg/kc/buy/cgsh_order_operate.html?command=get_materiel&rest_code=00151&code=00101011005&supplier_code=00100047&order_time=2020-08-17 HTTP/1.1" 200 428
114.88.153.118 - - [17/Aug/2020:09:41:10 +0800] "POST /xingrg/dwr/call/plaincall/AjaxCheckService.setItemNumber.dwr HTTP/1.1" 200 78
114.88.153.118 - - [17/Aug/2020:09:41:11 +0800] "POST /xingrg/dwr/call/plaincall/AjaxCheckService.setItemNumber.dwr HTTP/1.1" 200 78
114.88.153.118 - - [17/Aug/2020:09:41:11 +0800] "POST /xingrg/dwr/call/plaincall/AjaxCheckService.setItemNumber.dwr HTTP/1.1" 200 78
114.88.153.118 - - [17/Aug/2020:09:41:12 +0800] "POST /xingrg/dwr/call/plaincall/AjaxCheckService.setItemNumber.dwr HTTP/1.1" 200 78
180.157.251.101 - - [17/Aug/2020:09:41:12 +0800] "POST /xingrg/kc/buy/cgsh_order_operate.html HTTP/1.1" 200 37
114.88.153.118 - - [17/Aug/2020:09:41:12 +0800] "POST /xingrg/dwr/call/plaincall/AjaxCheckService.setItemNumber.dwr HTTP/1.1" 200 78
120.253.135.82 - - [17/Aug/2020:09:41:13 +0800] "GET /xingrg/check_reg.html?_=1597628225283 HTTP/1.1" 200 22
120.253.135.82 - - [17/Aug/2020:09:41:13 +0800] "GET /xingrg/all/function/internal_message.html?_=1597628226031&CODE_STATE=getMsg HTTP/1.1" 200 27
180.157.251.101 - - [17/Aug/2020:09:41:13 +0800] "POST /xingrg/kc/buy/cgsh_order_operate.html HTTP/1.1" 200 3240
114.88.153.118 - - [17/Aug/2020:09:41:14 +0800] "POST /xingrg/dwr/call/plaincall/AjaxCheckService.setItemNumber.dwr HTTP/1.1" 200 78
114.88.153.118 - - [17/Aug/2020:09:41:17 +0800] "POST /xingrg/dwr/call/plaincall/AjaxCheckService.setItemNumber.dwr HTTP/1.1" 200 78
114.88.153.118 - - [17/Aug/2020:09:41:18 +0800] "POST /xingrg/dwr/call/plaincall/AjaxCheckService.setItemNumber.dwr HTTP/1.1" 200 78
114.88.153.118 - - [17/Aug/2020:09:41:20 +0800] "POST /xingrg/dwr/call/plaincall/AjaxCheckService.setItemNumber.dwr HTTP/1.1" 200 78
180.175.214.200 - - [17/Aug/2020:09:41:21 +0800] "GET /xingrg/all/function/internal_message.html?_=1597628687910&CODE_STATE=getMsg HTTP/1.1" 200 27
114.88.153.118 - - [17/Aug/2020:09:41:21 +0800] "POST /xingrg/dwr/call/plaincall/AjaxCheckService.setItemNumber.dwr HTTP/1.1" 200 78
114.88.165.122 - - [17/Aug/2020:09:41:21 +0800] "GET /xingrg/all/function/internal_message.html?_=1597628481460&CODE_STATE=getMsg HTTP/1.1" 200 27
172.17.0.100 - - [17/Aug/2020:09:41:22 +0800] "GET /xingrg/all/function/internal_message.html?_=1597628500823&CODE_STATE=getMsg HTTP/1.1" 200 27
114.88.153.118 - - [17/Aug/2020:09:41:24 +0800] "POST /xingrg/dwr/call/plaincall/AjaxCheckService.setItemNumber.dwr HTTP/1.1" 200 78
218.81.217.115 - - [17/Aug/2020:09:41:26 +0800] "GET /xingrg/all/function/internal_message.html?_=1597628488049&CODE_STATE=getMsg HTTP/1.1" 302 -
114.88.153.118 - - [17/Aug/2020:09:41:27 +0800] "POST /xingrg/dwr/call/plaincall/AjaxCheckService.setItemNumber.dwr HTTP/1.1" 200 78
114.88.153.118 - - [17/Aug/2020:09:41:27 +0800] "GET /xingrg/all/function/internal_message.html?_=1597628487638&CODE_STATE=getMsg HTTP/1.1" 200 27
114.88.165.122 - - [17/Aug/2020:09:41:28 +0800] "GET /xingrg/all/function/internal_message.html?_=1597628533790&CODE_STATE=getMsg HTTP/1.1" 200 27
117.184.7.30 - - [17/Aug/2020:09:41:29 +0800] "GET /xingrg/all/function/internal_message.html?_=1597628487861&CODE_STATE=getMsg HTTP/1.1" 200 27
117.184.7.30 - - [17/Aug/2020:09:41:29 +0800] "GET /xingrg/check_reg.html?_=1597628487943 HTTP/1.1" 200 22
117.131.5.26 - - [17/Aug/2020:09:41:31 +0800] "GET /xingrg/all/function/internal_message.html?_=1597628868715&CODE_STATE=getMsg HTTP/1.1" 200 27
114.88.153.118 - - [17/Aug/2020:09:41:31 +0800] "POST /xingrg/dwr/call/plaincall/AjaxCheckService.setItemNumber.dwr HTTP/1.1" 200 78
172.17.0.123 - - [17/Aug/2020:09:41:31 +0800] "GET /xingrg/all/function/internal_message.html?_=1597628408861&CODE_STATE=getMsg HTTP/1.1" 200 27
114.89.80.44 - - [17/Aug/2020:09:41:32 +0800] "GET /xingrg/check_reg.html?_=1597628612836 HTTP/1.1" 200 22
114.88.153.118 - - [17/Aug/2020:09:41:33 +0800] "POST /xingrg/dwr/call/plaincall/AjaxCheckService.setItemNumber.dwr HTTP/1.1" 200 78
114.88.153.118 - - [17/Aug/2020:09:41:34 +0800] "POST /xingrg/dwr/call/plaincall/AjaxCheckService.setItemNumber.dwr HTTP/1.1" 200 78
114.88.153.118 - - [17/Aug/2020:09:41:35 +0800] "POST /xingrg/dwr/call/plaincall/AjaxCheckService.setItemNumber.dwr HTTP/1.1" 200 78
114.88.153.118 - - [17/Aug/2020:09:41:36 +0800] "POST /xingrg/dwr/call/plaincall/AjaxCheckService.setItemNumber.dwr HTTP/1.1" 200 78
114.88.153.118 - - [17/Aug/2020:09:41:36 +0800] "POST /xingrg/dwr/call/plaincall/AjaxCheckService.setItemNumber.dwr HTTP/1.1" 200 78
114.88.153.118 - - [17/Aug/2020:09:41:37 +0800] "POST /xingrg/dwr/call/plaincall/AjaxCheckService.setItemNumber.dwr HTTP/1.1" 200 78
114.89.80.44 - - [17/Aug/2020:09:41:37 +0800] "GET /xingrg/all/function/internal_message.html?_=1597628618028&CODE_STATE=getMsg HTTP/1.1" 200 27
172.17.0.185 - - [17/Aug/2020:09:41:37 +0800] "GET /xingrg/all/function/internal_message.html?_=1597628496816&CODE_STATE=getMsg HTTP/1.1" 302 -
114.88.153.118 - - [17/Aug/2020:09:41:37 +0800] "POST /xingrg/dwr/call/plaincall/AjaxCheckService.setItemNumber.dwr HTTP/1.1" 200 78
114.88.153.118 - - [17/Aug/2020:09:41:38 +0800] "POST /xingrg/dwr/call/plaincall/AjaxCheckService.setItemNumber.dwr HTTP/1.1" 200 78
114.88.153.118 - - [17/Aug/2020:09:41:39 +0800] "POST /xingrg/dwr/call/plaincall/AjaxCheckService.setItemNumber.dwr HTTP/1.1" 200 78
114.88.153.118 - - [17/Aug/2020:09:41:39 +0800] "POST /xingrg/dwr/call/plaincall/AjaxCheckService.setItemNumber.dwr HTTP/1.1" 200 78
114.88.153.118 - - [17/Aug/2020:09:41:41 +0800] "POST /xingrg/dwr/call/plaincall/AjaxCheckService.setItemNumber.dwr HTTP/1.1" 200 78
114.88.153.118 - - [17/Aug/2020:09:41:42 +0800] "POST /xingrg/dwr/call/plaincall/AjaxCheckService.setItemNumber.dwr HTTP/1.1" 200 78
116.232.54.109 - - [17/Aug/2020:09:41:42 +0800] "GET /xingrg/all/function/internal_message.html?_=1597628580093&CODE_STATE=getMsg HTTP/1.1" 200 27
114.88.153.118 - - [17/Aug/2020:09:41:42 +0800] "POST /xingrg/dwr/call/plaincall/AjaxCheckService.setItemNumber.dwr HTTP/1.1" 200 78
172.17.0.101 - - [17/Aug/2020:09:41:43 +0800] "GET /xingrg/all/function/internal_message.html?_=1597628504046&CODE_STATE=getMsg HTTP/1.1" 302 -
180.157.251.101 - - [17/Aug/2020:09:41:43 +0800] "GET /xingrg/all/function/internal_message.html?_=1597628503663&CODE_STATE=getMsg HTTP/1.1" 200 27
114.88.153.118 - - [17/Aug/2020:09:41:44 +0800] "POST /xingrg/dwr/call/plaincall/AjaxCheckService.setItemNumber.dwr HTTP/1.1" 200 78
114.89.80.44 - - [17/Aug/2020:09:41:44 +0800] "GET /xingrg/kc/buy/cgsh_order_operate.html?command=get_materiel&rest_code=00151&code=00101011001&supplier_code=00100047&order_time=2020-08-17 HTTP/1.1" 200 423
120.253.135.82 - - [17/Aug/2020:09:41:45 +0800] "GET /xingrg/all/function/internal_message.html?_=1597628161519&CODE_STATE=getMsg HTTP/1.1" 200 27
114.88.153.118 - - [17/Aug/2020:09:41:45 +0800] "POST /xingrg/dwr/call/plaincall/AjaxCheckService.setItemNumber.dwr HTTP/1.1" 200 78
114.88.153.118 - - [17/Aug/2020:09:41:45 +0800] "POST /xingrg/dwr/call/plaincall/AjaxCheckService.setItemNumber.dwr HTTP/1.1" 200 78
114.88.153.118 - - [17/Aug/2020:09:41:47 +0800] "POST /xingrg/dwr/call/plaincall/AjaxCheckService.setItemNumber.dwr HTTP/1.1" 200 78
114.88.153.118 - - [17/Aug/2020:09:41:49 +0800] "POST /xingrg/dwr/call/plaincall/AjaxCheckService.setItemNumber.dwr HTTP/1.1" 200 78
58.40.7.146 - - [17/Aug/2020:09:41:50 +0800] "GET /xingrg/all/function/internal_message.html?_=1597628509791&CODE_STATE=getMsg HTTP/1.1" 200 27
114.88.153.118 - - [17/Aug/2020:09:41:50 +0800] "POST /xingrg/dwr/call/plaincall/AjaxCheckService.setItemNumber.dwr HTTP/1.1" 200 78
116.230.74.197 - - [17/Aug/2020:09:41:51 +0800] "GET /xingrg/all/function/internal_message.html?_=1597628513875&CODE_STATE=getMsg HTTP/1.1" 200 27
114.89.80.44 - - [17/Aug/2020:09:41:51 +0800] "GET /xingrg/kc/buy/cgsh_order_operate.html?command=get_materiel&rest_code=00151&code=00101011007&supplier_code=00100047&order_time=2020-08-17 HTTP/1.1" 200 414
114.88.153.118 - - [17/Aug/2020:09:41:52 +0800] "POST /xingrg/dwr/call/plaincall/AjaxCheckService.setItemNumber.dwr HTTP/1.1" 200 78
218.81.217.115 - - [17/Aug/2020:09:41:55 +0800] "GET /xingrg/all/function/internal_message.html?_=1597628516663&CODE_STATE=getMsg HTTP/1.1" 200 27
114.88.153.118 - - [17/Aug/2020:09:41:57 +0800] "POST /xingrg/dwr/call/plaincall/AjaxCheckService.setItemNumber.dwr HTTP/1.1" 200 78
114.89.80.44 - - [17/Aug/2020:09:41:59 +0800] "POST /xingrg/kc/buy/cgsh_order_operate.html HTTP/1.1" 200 37
61.172.5.115 - - [17/Aug/2020:09:42:00 +0800] "GET /xingrg/all/function/internal_message.html?_=1597628510506&CODE_STATE=getMsg HTTP/1.1" 200 27
114.88.153.118 - - [17/Aug/2020:09:42:00 +0800] "GET /xingrg/all/function/internal_message.html?_=1597628165183&CODE_STATE=getMsg HTTP/1.1" 200 27
114.88.153.118 - - [17/Aug/2020:09:42:01 +0800] "POST /xingrg/dwr/call/plaincall/AjaxCheckService.setItemNumber.dwr HTTP/1.1" 200 78
114.89.80.44 - - [17/Aug/2020:09:42:02 +0800] "POST /xingrg/kc/buy/cgsh_order_operate.html HTTP/1.1" 200 12
222.69.137.86 - - [17/Aug/2020:09:42:02 +0800] "GET /xingrg/all/function/internal_message.html?_=1597628521330&CODE_STATE=getMsg HTTP/1.1" 200 27
114.89.80.44 - - [17/Aug/2020:09:42:02 +0800] "GET /xingrg/kc/buy/cgsh_order_info.html?code=212020081707103 HTTP/1.1" 200 53924
114.89.80.44 - - [17/Aug/2020:09:42:03 +0800] "GET /xingrg/javascript/easyui/themes/default/validatebox.css HTTP/1.1" 404 1104
114.89.80.44 - - [17/Aug/2020:09:42:03 +0800] "POST /xingrg/kc/buy/cgsh_order_operate.html HTTP/1.1" 200 1797
114.89.80.44 - - [17/Aug/2020:09:42:05 +0800] "GET /xingrg/kc/print/load_data.html?order_code=212020081707103&kc_code=cgsh&condition= HTTP/1.1" 200 1213
172.17.200.101 - - [17/Aug/2020:09:42:06 +0800] "GET /xingrg/all/function/internal_message.html?_=1597628527375&CODE_STATE=getMsg HTTP/1.1" 200 27
114.89.80.44 - - [17/Aug/2020:09:42:10 +0800] "GET /xingrg/kc/buy/cgsh_order_add.html HTTP/1.1" 200 59021
114.89.80.44 - - [17/Aug/2020:09:42:10 +0800] "POST /xingrg/kc/buy/cgsh_order_operate.html HTTP/1.1" 200 8245
114.89.80.44 - - [17/Aug/2020:09:42:10 +0800] "GET /xingrg/javascript/easyui/themes/default/validatebox.css HTTP/1.1" 404 1104
120.253.135.82 - - [17/Aug/2020:09:42:13 +0800] "GET /xingrg/all/function/internal_message.html?_=1597628286044&CODE_STATE=getMsg HTTP/1.1" 200 27
218.81.217.115 - - [17/Aug/2020:09:42:16 +0800] "GET /xingrg/check_reg.html?_=1597628537628 HTTP/1.1" 302 -
114.88.153.118 - - [17/Aug/2020:09:42:18 +0800] "POST /xingrg/dwr/call/plaincall/AjaxCheckService.setItemNumber.dwr HTTP/1.1" 200 78
114.89.80.44 - - [17/Aug/2020:09:42:20 +0800] "GET /xingrg/kc/buy/cgsh_order_operate.html?command=get_materiel&rest_code=00151&code=00101009001&supplier_code=00100096&order_time=2020-08-17 HTTP/1.1" 200 416
180.175.214.200 - - [17/Aug/2020:09:42:20 +0800] "GET /xingrg/check_reg.html?_=1597628747212 HTTP/1.1" 200 22
180.175.214.200 - - [17/Aug/2020:09:42:21 +0800] "GET /xingrg/all/function/internal_message.html?_=1597628747924&CODE_STATE=getMsg HTTP/1.1" 200 27
114.88.165.122 - - [17/Aug/2020:09:42:21 +0800] "GET /xingrg/all/function/internal_message.html?_=1597628541469&CODE_STATE=getMsg HTTP/1.1" 200 27
172.17.0.100 - - [17/Aug/2020:09:42:22 +0800] "GET /xingrg/all/function/internal_message.html?_=1597628560825&CODE_STATE=getMsg HTTP/1.1" 200 27
114.88.153.118 - - [17/Aug/2020:09:42:23 +0800] "POST /xingrg/dwr/call/plaincall/AjaxCheckService.checkOrder.dwr HTTP/1.1" 200 80
114.88.153.118 - - [17/Aug/2020:09:42:24 +0800] "GET /xingrg/kc/base/check_order_info.html?code=452020081600323 HTTP/1.1" 200 22860
114.88.153.118 - - [17/Aug/2020:09:42:24 +0800] "GET /xingrg/dwr/interface/AjaxCheckService.js HTTP/1.1" 200 14003
114.88.153.118 - - [17/Aug/2020:09:42:24 +0800] "GET /xingrg/dwr/interface/AjaxComOrderService.js HTTP/1.1" 200 18264
114.88.153.118 - - [17/Aug/2020:09:42:24 +0800] "GET /xingrg/dwr/engine.js HTTP/1.1" 200 43631
218.81.217.115 - - [17/Aug/2020:09:42:26 +0800] "GET /xingrg/all/function/internal_message.html?_=1597628548066&CODE_STATE=getMsg HTTP/1.1" 302 -
114.88.153.118 - - [17/Aug/2020:09:42:27 +0800] "GET /xingrg/all/function/internal_message.html?_=1597628547606&CODE_STATE=getMsg HTTP/1.1" 200 27
114.88.165.122 - - [17/Aug/2020:09:42:28 +0800] "GET /xingrg/check_reg.html?_=1597628593814 HTTP/1.1" 200 22
114.88.165.122 - - [17/Aug/2020:09:42:28 +0800] "GET /xingrg/all/function/internal_message.html?_=1597628593814&CODE_STATE=getMsg HTTP/1.1" 200 27
117.184.7.30 - - [17/Aug/2020:09:42:29 +0800] "GET /xingrg/all/function/internal_message.html?_=1597628547834&CODE_STATE=getMsg HTTP/1.1" 200 27
114.88.153.118 - - [17/Aug/2020:09:42:30 +0800] "POST /xingrg/dwr/call/plaincall/AjaxCheckService.loadOrderItems.dwr HTTP/1.1" 200 74780
117.131.5.26 - - [17/Aug/2020:09:42:31 +0800] "GET /xingrg/check_reg.html?_=1597628928714 HTTP/1.1" 200 22
117.131.5.26 - - [17/Aug/2020:09:42:31 +0800] "GET /xingrg/all/function/internal_message.html?_=1597628928715&CODE_STATE=getMsg HTTP/1.1" 200 27
172.17.0.123 - - [17/Aug/2020:09:42:31 +0800] "GET /xingrg/all/function/internal_message.html?_=1597628468867&CODE_STATE=getMsg HTTP/1.1" 200 27
114.89.80.44 - - [17/Aug/2020:09:42:33 +0800] "GET /xingrg/kc/buy/cgsh_order_operate.html?command=get_materiel&rest_code=00151&code=00101009011&supplier_code=00100096&order_time=2020-08-17 HTTP/1.1" 200 416
114.89.80.44 - - [17/Aug/2020:09:42:37 +0800] "GET /xingrg/all/function/internal_message.html?_=1597628678041&CODE_STATE=getMsg HTTP/1.1" 200 27
172.17.0.185 - - [17/Aug/2020:09:42:37 +0800] "GET /xingrg/all/function/internal_message.html?_=1597628556805&CODE_STATE=getMsg HTTP/1.1" 302 -
116.232.54.109 - - [17/Aug/2020:09:42:40 +0800] "GET /xingrg/all/function/internal_message.html?_=1597628640085&CODE_STATE=getMsg HTTP/1.1" 200 27
172.17.0.101 - - [17/Aug/2020:09:42:43 +0800] "GET /xingrg/all/function/internal_message.html?_=1597628564057&CODE_STATE=getMsg HTTP/1.1" 302 -
180.157.251.101 - - [17/Aug/2020:09:42:43 +0800] "GET /xingrg/all/function/internal_message.html?_=1597628563644&CODE_STATE=getMsg HTTP/1.1" 200 27
114.89.80.44 - - [17/Aug/2020:09:42:44 +0800] "GET /xingrg/kc/buy/cgsh_order_operate.html?command=get_materiel&rest_code=00151&code=00101009053&supplier_code=00100096&order_time=2020-08-17 HTTP/1.1" 200 410
120.253.135.82 - - [17/Aug/2020:09:42:45 +0800] "GET /xingrg/all/function/internal_message.html?_=1597628221520&CODE_STATE=getMsg HTTP/1.1" 200 27
58.40.7.146 - - [17/Aug/2020:09:42:50 +0800] "GET /xingrg/all/function/internal_message.html?_=1597628569795&CODE_STATE=getMsg HTTP/1.1" 200 27
116.230.74.197 - - [17/Aug/2020:09:42:51 +0800] "GET /xingrg/all/function/internal_message.html?_=1597628573875&CODE_STATE=getMsg HTTP/1.1" 200 27
218.81.217.115 - - [17/Aug/2020:09:42:55 +0800] "GET /xingrg/all/function/internal_message.html?_=1597628576676&CODE_STATE=getMsg HTTP/1.1" 200 27
114.89.80.44 - - [17/Aug/2020:09:42:59 +0800] "GET /xingrg/kc/buy/cgsh_order_operate.html?command=get_materiel&rest_code=00151&code=00101009062&supplier_code=00100096&order_time=2020-08-17 HTTP/1.1" 200 414
114.89.80.44 - - [17/Aug/2020:09:42:59 +0800] "GET /xingrg/all/function/internal_message.html?_=1597628579778&CODE_STATE=getMsg HTTP/1.1" 200 27
61.172.5.115 - - [17/Aug/2020:09:43:00 +0800] "GET /xingrg/all/function/internal_message.html?_=1597628570505&CODE_STATE=getMsg HTTP/1.1" 200 27
114.88.153.118 - - [17/Aug/2020:09:43:00 +0800] "GET /xingrg/all/function/internal_message.html?_=1597628225164&CODE_STATE=getMsg HTTP/1.1" 200 27
222.69.137.86 - - [17/Aug/2020:09:43:02 +0800] "GET /xingrg/all/function/internal_message.html?_=1597628581329&CODE_STATE=getMsg HTTP/1.1" 200 27
172.17.200.101 - - [17/Aug/2020:09:43:06 +0800] "GET /xingrg/all/function/internal_message.html?_=1597628587378&CODE_STATE=getMsg HTTP/1.1" 200 27
120.253.135.82 - - [17/Aug/2020:09:43:13 +0800] "GET /xingrg/all/function/internal_message.html?_=1597628346058&CODE_STATE=getMsg HTTP/1.1" 200 27
114.88.165.122 - - [17/Aug/2020:09:43:21 +0800] "GET /xingrg/check_reg.html?_=1597628601047 HTTP/1.1" 200 22
180.175.214.200 - - [17/Aug/2020:09:43:21 +0800] "GET /xingrg/all/function/internal_message.html?_=1597628807938&CODE_STATE=getMsg HTTP/1.1" 200 27
114.88.165.122 - - [17/Aug/2020:09:43:22 +0800] "GET /xingrg/all/function/internal_message.html?_=1597628601482&CODE_STATE=getMsg HTTP/1.1" 200 27
172.17.0.100 - - [17/Aug/2020:09:43:22 +0800] "GET /xingrg/all/function/internal_message.html?_=1597628620826&CODE_STATE=getMsg HTTP/1.1" 200 27
172.17.0.100 - - [17/Aug/2020:09:43:22 +0800] "GET /xingrg/check_reg.html?_=1597628620830 HTTP/1.1" 200 22
218.81.217.115 - - [17/Aug/2020:09:43:26 +0800] "GET /xingrg/all/function/internal_message.html?_=1597628608083&CODE_STATE=getMsg HTTP/1.1" 302 -
114.88.153.118 - - [17/Aug/2020:09:43:27 +0800] "GET /xingrg/check_reg.html?_=1597628607542 HTTP/1.1" 200 22
114.88.153.118 - - [17/Aug/2020:09:43:27 +0800] "GET /xingrg/all/function/internal_message.html?_=1597628607575&CODE_STATE=getMsg HTTP/1.1" 200 27
114.88.165.122 - - [17/Aug/2020:09:43:28 +0800] "GET /xingrg/all/function/internal_message.html?_=1597628653828&CODE_STATE=getMsg HTTP/1.1" 200 27
117.184.7.30 - - [17/Aug/2020:09:43:29 +0800] "GET /xingrg/all/function/internal_message.html?_=1597628607819&CODE_STATE=getMsg HTTP/1.1" 200 27
117.131.5.26 - - [17/Aug/2020:09:43:31 +0800] "GET /xingrg/all/function/internal_message.html?_=1597628988739&CODE_STATE=getMsg HTTP/1.1" 200 27
172.17.0.123 - - [17/Aug/2020:09:43:31 +0800] "GET /xingrg/all/function/internal_message.html?_=1597628528854&CODE_STATE=getMsg HTTP/1.1" 200 27
172.17.0.123 - - [17/Aug/2020:09:43:31 +0800] "GET /xingrg/check_reg.html?_=1597628528856 HTTP/1.1" 200 22
114.89.80.44 - - [17/Aug/2020:09:43:37 +0800] "GET /xingrg/all/function/internal_message.html?_=1597628738055&CODE_STATE=getMsg HTTP/1.1" 200 27
172.17.0.185 - - [17/Aug/2020:09:43:37 +0800] "GET /xingrg/all/function/internal_message.html?_=1597628616810&CODE_STATE=getMsg HTTP/1.1" 302 -
116.232.54.109 - - [17/Aug/2020:09:43:39 +0800] "GET /xingrg/all/function/internal_message.html?_=1597628700085&CODE_STATE=getMsg HTTP/1.1" 200 27
172.17.0.101 - - [17/Aug/2020:09:43:43 +0800] "GET /xingrg/all/function/internal_message.html?_=1597628624121&CODE_STATE=getMsg HTTP/1.1" 302 -
114.89.80.44 - - [17/Aug/2020:09:43:43 +0800] "GET /xingrg/kc/buy/cgsh_order_operate.html?command=get_materiel&rest_code=00151&code=00101009016&supplier_code=00100096&order_time=2020-08-17 HTTP/1.1" 200 414
180.157.251.101 - - [17/Aug/2020:09:43:43 +0800] "GET /xingrg/all/function/internal_message.html?_=1597628623617&CODE_STATE=getMsg HTTP/1.1" 200 27
120.253.135.82 - - [17/Aug/2020:09:43:45 +0800] "GET /xingrg/all/function/internal_message.html?_=1597628281521&CODE_STATE=getMsg HTTP/1.1" 200 27
58.40.7.146 - - [17/Aug/2020:09:43:50 +0800] "GET /xingrg/all/function/internal_message.html?_=1597628629796&CODE_STATE=getMsg HTTP/1.1" 200 27
116.230.74.197 - - [17/Aug/2020:09:43:51 +0800] "GET /xingrg/all/function/internal_message.html?_=1597628633888&CODE_STATE=getMsg HTTP/1.1" 200 27
116.230.74.197 - - [17/Aug/2020:09:43:51 +0800] "GET /xingrg/check_reg.html?_=1597628633971 HTTP/1.1" 200 22
114.88.153.118 - - [17/Aug/2020:09:43:54 +0800] "GET /xingrg/kc/mdqp/qp_main.html HTTP/1.1" 200 10633
114.88.153.118 - - [17/Aug/2020:09:43:54 +0800] "GET /xingrg/kc/base/base_main.html HTTP/1.1" 200 12142
114.88.153.118 - - [17/Aug/2020:09:43:55 +0800] "GET /xingrg/kc/base/check_order_list.html HTTP/1.1" 200 16380
114.88.153.118 - - [17/Aug/2020:09:43:55 +0800] "POST /xingrg/kc/base/check_list_operate.html HTTP/1.1" 200 781
218.81.217.115 - - [17/Aug/2020:09:43:55 +0800] "GET /xingrg/all/function/internal_message.html?_=1597628636891&CODE_STATE=getMsg HTTP/1.1" 200 27
114.89.80.44 - - [17/Aug/2020:09:43:59 +0800] "GET /xingrg/all/function/internal_message.html?_=1597628639755&CODE_STATE=getMsg HTTP/1.1" 200 27
61.172.5.115 - - [17/Aug/2020:09:44:00 +0800] "GET /xingrg/check_reg.html?_=1597628630504 HTTP/1.1" 200 22
61.172.5.115 - - [17/Aug/2020:09:44:00 +0800] "GET /xingrg/all/function/internal_message.html?_=1597628630505&CODE_STATE=getMsg HTTP/1.1" 200 27
114.88.153.118 - - [17/Aug/2020:09:44:00 +0800] "GET /xingrg/all/function/internal_message.html?_=1597628285143&CODE_STATE=getMsg HTTP/1.1" 200 27
180.157.251.101 - - [17/Aug/2020:09:44:02 +0800] "GET /xingrg/kc/buy/cgsh_order_add.html HTTP/1.1" 200 59385
222.69.137.86 - - [17/Aug/2020:09:44:02 +0800] "GET /xingrg/all/function/internal_message.html?_=1597628641328&CODE_STATE=getMsg HTTP/1.1" 200 27
180.157.251.101 - - [17/Aug/2020:09:44:03 +0800] "POST /xingrg/kc/buy/cgsh_order_operate.html HTTP/1.1" 200 8245
180.157.251.101 - - [17/Aug/2020:09:44:03 +0800] "GET /xingrg/javascript/easyui/themes/default/validatebox.css HTTP/1.1" 404 1104
172.17.200.101 - - [17/Aug/2020:09:44:06 +0800] "GET /xingrg/all/function/internal_message.html?_=1597628647387&CODE_STATE=getMsg HTTP/1.1" 200 27
180.157.251.101 - - [17/Aug/2020:09:44:12 +0800] "GET /xingrg/kc/buy/cgsh_order_operate.html?command=get_materiel&rest_code=00148&code=00101009001&supplier_code=00100022&order_time=2020-08-17 HTTP/1.1" 200 416
120.253.135.82 - - [17/Aug/2020:09:44:13 +0800] "GET /xingrg/all/function/internal_message.html?_=1597628406078&CODE_STATE=getMsg HTTP/1.1" 200 27
114.88.153.118 - - [17/Aug/2020:09:44:14 +0800] "GET /xingrg/kc/base/base_main.html HTTP/1.1" 200 12142
114.88.153.118 - - [17/Aug/2020:09:44:15 +0800] "GET /xingrg/kc/base/check_order_list.html HTTP/1.1" 200 16380
114.88.153.118 - - [17/Aug/2020:09:44:15 +0800] "POST /xingrg/kc/base/check_list_operate.html HTTP/1.1" 200 781
180.157.251.101 - - [17/Aug/2020:09:44:20 +0800] "GET /xingrg/kc/buy/cgsh_order_operate.html?command=get_materiel&rest_code=00148&code=00101009011&supplier_code=00100022&order_time=2020-08-17 HTTP/1.1" 200 416
180.175.214.200 - - [17/Aug/2020:09:44:21 +0800] "GET /xingrg/all/function/internal_message.html?_=1597628867952&CODE_STATE=getMsg HTTP/1.1" 200 27
114.88.165.122 - - [17/Aug/2020:09:44:22 +0800] "GET /xingrg/all/function/internal_message.html?_=1597628661496&CODE_STATE=getMsg HTTP/1.1" 200 27
172.17.0.100 - - [17/Aug/2020:09:44:22 +0800] "GET /xingrg/all/function/internal_message.html?_=1597628680830&CODE_STATE=getMsg HTTP/1.1" 200 27
218.81.217.115 - - [17/Aug/2020:09:44:26 +0800] "GET /xingrg/all/function/internal_message.html?_=1597628668092&CODE_STATE=getMsg HTTP/1.1" 302 -
114.88.153.118 - - [17/Aug/2020:09:44:27 +0800] "GET /xingrg/all/function/internal_message.html?_=1597628667571&CODE_STATE=getMsg HTTP/1.1" 200 27
114.88.165.122 - - [17/Aug/2020:09:44:28 +0800] "GET /xingrg/all/function/internal_message.html?_=1597628713826&CODE_STATE=getMsg HTTP/1.1" 200 27
117.184.7.30 - - [17/Aug/2020:09:44:29 +0800] "GET /xingrg/all/function/internal_message.html?_=1597628667804&CODE_STATE=getMsg HTTP/1.1" 200 27
117.131.5.26 - - [17/Aug/2020:09:44:31 +0800] "GET /xingrg/all/function/internal_message.html?_=1597629048737&CODE_STATE=getMsg HTTP/1.1" 200 27
172.17.0.123 - - [17/Aug/2020:09:44:31 +0800] "GET /xingrg/all/function/internal_message.html?_=1597628588858&CODE_STATE=getMsg HTTP/1.1" 200 27
58.40.7.146 - - [17/Aug/2020:09:44:31 +0800] "POST /xingrg/services/DataTransmitService HTTP/1.1" 200 524
58.40.7.146 - - [17/Aug/2020:09:44:31 +0800] "POST /xingrg/services/DataTransmitService HTTP/1.1" 200 501
114.89.80.44 - - [17/Aug/2020:09:44:33 +0800] "GET /xingrg/kc/buy/cgsh_order_operate.html?command=get_materiel&rest_code=00151&code=00101009039&supplier_code=00100096&order_time=2020-08-17 HTTP/1.1" 200 410
114.89.80.44 - - [17/Aug/2020:09:44:37 +0800] "GET /xingrg/all/function/internal_message.html?_=1597628798114&CODE_STATE=getMsg HTTP/1.1" 200 27
172.17.0.185 - - [17/Aug/2020:09:44:37 +0800] "GET /xingrg/all/function/internal_message.html?_=1597628676812&CODE_STATE=getMsg HTTP/1.1" 302 -
172.17.0.185 - - [17/Aug/2020:09:44:37 +0800] "GET /xingrg/check_reg.html?_=1597628676814 HTTP/1.1" 302 -
116.232.54.109 - - [17/Aug/2020:09:44:38 +0800] "GET /xingrg/check_reg.html?_=1597628760093 HTTP/1.1" 200 22
116.232.54.109 - - [17/Aug/2020:09:44:38 +0800] "GET /xingrg/all/function/internal_message.html?_=1597628760093&CODE_STATE=getMsg HTTP/1.1" 200 27
180.157.251.101 - - [17/Aug/2020:09:44:39 +0800] "POST /xingrg/kc/buy/cgsh_order_operate.html HTTP/1.1" 200 37
180.157.251.101 - - [17/Aug/2020:09:44:42 +0800] "POST /xingrg/kc/buy/cgsh_order_operate.html HTTP/1.1" 200 3253
180.157.251.101 - - [17/Aug/2020:09:44:43 +0800] "GET /xingrg/kc/buy/cgsh_order_add.html HTTP/1.1" 200 59385
172.17.0.101 - - [17/Aug/2020:09:44:43 +0800] "GET /xingrg/all/function/internal_message.html?_=1597628684132&CODE_STATE=getMsg HTTP/1.1" 302 -
180.157.251.101 - - [17/Aug/2020:09:44:43 +0800] "GET /xingrg/check_reg.html?_=1597628683639 HTTP/1.1" 200 22
180.157.251.101 - - [17/Aug/2020:09:44:43 +0800] "GET /xingrg/all/function/internal_message.html?_=1597628683642&CODE_STATE=getMsg HTTP/1.1" 200 27
180.157.251.101 - - [17/Aug/2020:09:44:44 +0800] "GET /xingrg/javascript/easyui/themes/default/validatebox.css HTTP/1.1" 404 1104
180.157.251.101 - - [17/Aug/2020:09:44:44 +0800] "POST /xingrg/kc/buy/cgsh_order_operate.html HTTP/1.1" 200 8245
120.253.135.82 - - [17/Aug/2020:09:44:45 +0800] "GET /xingrg/check_reg.html?_=1597628341520 HTTP/1.1" 200 22
120.253.135.82 - - [17/Aug/2020:09:44:45 +0800] "GET /xingrg/all/function/internal_message.html?_=1597628341521&CODE_STATE=getMsg HTTP/1.1" 200 27
114.89.80.44 - - [17/Aug/2020:09:44:45 +0800] "GET /xingrg/kc/buy/cgsh_order_operate.html?command=get_materiel&rest_code=00151&code=00101009088&supplier_code=00100096&order_time=2020-08-17 HTTP/1.1" 200 393
58.40.7.146 - - [17/Aug/2020:09:44:50 +0800] "GET /xingrg/all/function/internal_message.html?_=1597628689800&CODE_STATE=getMsg HTTP/1.1" 200 27
58.40.7.146 - - [17/Aug/2020:09:44:50 +0800] "GET /xingrg/check_reg.html?_=1597628689804 HTTP/1.1" 200 22
116.230.74.197 - - [17/Aug/2020:09:44:51 +0800] "GET /xingrg/all/function/internal_message.html?_=1597628693892&CODE_STATE=getMsg HTTP/1.1" 200 27
114.89.80.44 - - [17/Aug/2020:09:44:55 +0800] "GET /xingrg/kc/buy/cgsh_order_operate.html?command=get_materiel&rest_code=00151&code=00101009007&supplier_code=00100096&order_time=2020-08-17 HTTP/1.1" 200 408
218.81.217.115 - - [17/Aug/2020:09:44:55 +0800] "GET /xingrg/all/function/internal_message.html?_=1597628696891&CODE_STATE=getMsg HTTP/1.1" 200 27
114.89.80.44 - - [17/Aug/2020:09:44:59 +0800] "GET /xingrg/all/function/internal_message.html?_=1597628699738&CODE_STATE=getMsg HTTP/1.1" 200 27
114.88.153.118 - - [17/Aug/2020:09:45:00 +0800] "GET /xingrg/check_reg.html?_=1597628344690 HTTP/1.1" 200 22
61.172.5.115 - - [17/Aug/2020:09:45:00 +0800] "GET /xingrg/all/function/internal_message.html?_=1597628690530&CODE_STATE=getMsg HTTP/1.1" 200 27
114.88.153.118 - - [17/Aug/2020:09:45:00 +0800] "GET /xingrg/all/function/internal_message.html?_=1597628345122&CODE_STATE=getMsg HTTP/1.1" 200 27
180.157.251.101 - - [17/Aug/2020:09:45:01 +0800] "GET /xingrg/kc/buy/cgsh_order_operate.html?command=get_materiel&rest_code=00148&code=00101011007&supplier_code=00100036&order_time=2020-08-17 HTTP/1.1" 200 416
222.69.137.86 - - [17/Aug/2020:09:45:02 +0800] "GET /xingrg/all/function/internal_message.html?_=1597628701328&CODE_STATE=getMsg HTTP/1.1" 200 27
172.17.200.101 - - [17/Aug/2020:09:45:06 +0800] "GET /xingrg/check_reg.html?_=1597628707390 HTTP/1.1" 200 22
172.17.200.101 - - [17/Aug/2020:09:45:06 +0800] "GET /xingrg/all/function/internal_message.html?_=1597628707405&CODE_STATE=getMsg HTTP/1.1" 200 27
180.157.251.101 - - [17/Aug/2020:09:45:13 +0800] "GET /xingrg/kc/buy/cgsh_order_operate.html?command=get_materiel&rest_code=00148&code=00101016105&supplier_code=00100036&order_time=2020-08-17 HTTP/1.1" 200 409
120.253.135.82 - - [17/Aug/2020:09:45:13 +0800] "GET /xingrg/all/function/internal_message.html?_=1597628466085&CODE_STATE=getMsg HTTP/1.1" 200 27
172.17.0.101 - - [17/Aug/2020:09:45:17 +0800] "GET /xingrg/check_reg.html?_=1597628718359 HTTP/1.1" 302 -
114.89.80.44 - - [17/Aug/2020:09:45:18 +0800] "GET /xingrg/kc/buy/cgsh_order_operate.html?command=get_materiel&rest_code=00151&code=00101009032&supplier_code=00100096&order_time=2020-08-17 HTTP/1.1" 200 412
180.157.251.101 - - [17/Aug/2020:09:45:19 +0800] "GET /xingrg/kc/buy/cgsh_order_operate.html?command=get_materiel&rest_code=00148&code=00101016071&supplier_code=00100036&order_time=2020-08-17 HTTP/1.1" 200 416
180.175.214.200 - - [17/Aug/2020:09:45:21 +0800] "GET /xingrg/all/function/internal_message.html?_=1597628927966&CODE_STATE=getMsg HTTP/1.1" 200 27
114.88.165.122 - - [17/Aug/2020:09:45:22 +0800] "GET /xingrg/all/function/internal_message.html?_=1597628721509&CODE_STATE=getMsg HTTP/1.1" 200 27
172.17.0.100 - - [17/Aug/2020:09:45:22 +0800] "GET /xingrg/all/function/internal_message.html?_=1597628740831&CODE_STATE=getMsg HTTP/1.1" 200 27
114.89.80.44 - - [17/Aug/2020:09:45:23 +0800] "GET /xingrg/kc/buy/cgsh_order_operate.html?command=get_materiel&rest_code=00151&code=00101009020&supplier_code=00100096&order_time=2020-08-17 HTTP/1.1" 200 420
218.81.217.115 - - [17/Aug/2020:09:45:26 +0800] "GET /xingrg/all/function/internal_message.html?_=1597628728115&CODE_STATE=getMsg HTTP/1.1" 302 -
114.88.153.118 - - [17/Aug/2020:09:45:27 +0800] "GET /xingrg/all/function/internal_message.html?_=1597628727555&CODE_STATE=getMsg HTTP/1.1" 200 27
114.88.165.122 - - [17/Aug/2020:09:45:28 +0800] "GET /xingrg/all/function/internal_message.html?_=1597628773825&CODE_STATE=getMsg HTTP/1.1" 200 27
117.184.7.30 - - [17/Aug/2020:09:45:29 +0800] "GET /xingrg/all/function/internal_message.html?_=1597628727774&CODE_STATE=getMsg HTTP/1.1" 200 27
117.131.5.26 - - [17/Aug/2020:09:45:31 +0800] "GET /xingrg/all/function/internal_message.html?_=1597629108737&CODE_STATE=getMsg HTTP/1.1" 200 27
172.17.0.123 - - [17/Aug/2020:09:45:31 +0800] "GET /xingrg/all/function/internal_message.html?_=1597628648860&CODE_STATE=getMsg HTTP/1.1" 200 27
114.89.80.44 - - [17/Aug/2020:09:45:32 +0800] "GET /xingrg/kc/buy/cgsh_order_operate.html?command=get_materiel&rest_code=00151&code=00101009065&supplier_code=00100096&order_time=2020-08-17 HTTP/1.1" 200 420
116.232.54.109 - - [17/Aug/2020:09:45:36 +0800] "GET /xingrg/all/function/internal_message.html?_=1597628820094&CODE_STATE=getMsg HTTP/1.1" 200 27
114.89.80.44 - - [17/Aug/2020:09:45:37 +0800] "GET /xingrg/all/function/internal_message.html?_=1597628858129&CODE_STATE=getMsg HTTP/1.1" 200 27
172.17.0.185 - - [17/Aug/2020:09:45:37 +0800] "GET /xingrg/all/function/internal_message.html?_=1597628736817&CODE_STATE=getMsg HTTP/1.1" 302 -
180.157.251.101 - - [17/Aug/2020:09:45:39 +0800] "GET /xingrg/kc/buy/cgsh_order_operate.html?command=get_materiel&rest_code=00148&code=00101001007&supplier_code=00100036&order_time=2020-08-17 HTTP/1.1" 200 412
114.89.80.44 - - [17/Aug/2020:09:45:42 +0800] "GET /xingrg/kc/buy/cgsh_order_operate.html?command=get_materiel&rest_code=00151&code=00101009114&supplier_code=00100096&order_time=2020-08-17 HTTP/1.1" 200 396
172.17.0.101 - - [17/Aug/2020:09:45:43 +0800] "GET /xingrg/all/function/internal_message.html?_=1597628744265&CODE_STATE=getMsg HTTP/1.1" 302 -
180.157.251.101 - - [17/Aug/2020:09:45:43 +0800] "GET /xingrg/all/function/internal_message.html?_=1597628743622&CODE_STATE=getMsg HTTP/1.1" 200 27
120.253.135.82 - - [17/Aug/2020:09:45:45 +0800] "GET /xingrg/all/function/internal_message.html?_=1597628401519&CODE_STATE=getMsg HTTP/1.1" 200 27
180.157.251.101 - - [17/Aug/2020:09:45:47 +0800] "GET /xingrg/kc/buy/cgsh_order_operate.html?command=get_materiel&rest_code=00148&code=00101012038&supplier_code=00100036&order_time=2020-08-17 HTTP/1.1" 200 412
61.129.6.251 - - [17/Aug/2020:09:45:49 +0800] "GET /xingrg/all/function/internal_message.html?_=1597628007511&CODE_STATE=count HTTP/1.1" 302 -
58.40.7.146 - - [17/Aug/2020:09:45:50 +0800] "GET /xingrg/all/function/internal_message.html?_=1597628749790&CODE_STATE=getMsg HTTP/1.1" 200 27
116.230.74.197 - - [17/Aug/2020:09:45:51 +0800] "GET /xingrg/all/function/internal_message.html?_=1597628753898&CODE_STATE=getMsg HTTP/1.1" 200 27
114.89.80.44 - - [17/Aug/2020:09:45:51 +0800] "GET /xingrg/kc/buy/cgsh_order_operate.html?command=get_materiel&rest_code=00151&code=00101009078&supplier_code=00100096&order_time=2020-08-17 HTTP/1.1" 200 396
218.81.217.115 - - [17/Aug/2020:09:45:54 +0800] "GET /xingrg/check_reg.html?_=1597628755860 HTTP/1.1" 200 22
61.129.6.251 - - [17/Aug/2020:09:45:55 +0800] "GET /xingrg/login.html HTTP/1.1" 200 7641
218.81.217.115 - - [17/Aug/2020:09:45:55 +0800] "GET /xingrg/all/function/internal_message.html?_=1597628756904&CODE_STATE=getMsg HTTP/1.1" 200 27
61.151.178.166 - - [17/Aug/2020:09:45:58 +0800] "GET /xingrg/index.html?sysBaseUrl=http://180.169.147.146:18081/xingrg/&costTime=40×tamp=1597628007273 HTTP/1.1" 302 -
114.89.80.44 - - [17/Aug/2020:09:45:59 +0800] "GET /xingrg/all/function/internal_message.html?_=1597628759722&CODE_STATE=getMsg HTTP/1.1" 200 27
114.89.80.44 - - [17/Aug/2020:09:46:00 +0800] "GET /xingrg/check_reg.html?_=1597628759803 HTTP/1.1" 200 22
61.172.5.115 - - [17/Aug/2020:09:46:00 +0800] "GET /xingrg/all/function/internal_message.html?_=1597628750528&CODE_STATE=getMsg HTTP/1.1" 200 27
114.88.153.118 - - [17/Aug/2020:09:46:00 +0800] "GET /xingrg/all/function/internal_message.html?_=1597628405103&CODE_STATE=getMsg HTTP/1.1" 200 27
222.69.137.86 - - [17/Aug/2020:09:46:02 +0800] "GET /xingrg/all/function/internal_message.html?_=1597628761341&CODE_STATE=getMsg HTTP/1.1" 200 27
222.69.137.86 - - [17/Aug/2020:09:46:02 +0800] "GET /xingrg/check_reg.html?_=1597628761344 HTTP/1.1" 200 22
172.17.200.101 - - [17/Aug/2020:09:46:06 +0800] "GET /xingrg/all/function/internal_message.html?_=1597628767394&CODE_STATE=getMsg HTTP/1.1" 200 27
114.89.80.44 - - [17/Aug/2020:09:46:06 +0800] "GET /xingrg/kc/buy/cgsh_order_operate.html?command=get_materiel&rest_code=00151&code=00101009084&supplier_code=00100096&order_time=2020-08-17 HTTP/1.1" 200 394
61.151.178.166 - - [17/Aug/2020:09:46:06 +0800] "GET /xingrg/login.html HTTP/1.1" 200 7641
114.89.80.44 - - [17/Aug/2020:09:46:17 +0800] "GET /xingrg/kc/buy/cgsh_order_operate.html?command=get_materiel&rest_code=00151&code=00101009028&supplier_code=00100096&order_time=2020-08-17 HTTP/1.1" 200 408
180.175.214.200 - - [17/Aug/2020:09:46:21 +0800] "GET /xingrg/all/function/internal_message.html?_=1597628987980&CODE_STATE=getMsg HTTP/1.1" 200 27
114.88.165.122 - - [17/Aug/2020:09:46:22 +0800] "GET /xingrg/all/function/internal_message.html?_=1597628781527&CODE_STATE=getMsg HTTP/1.1" 200 27
172.17.0.100 - - [17/Aug/2020:09:46:22 +0800] "GET /xingrg/all/function/internal_message.html?_=1597628800833&CODE_STATE=getMsg HTTP/1.1" 200 27
218.81.217.115 - - [17/Aug/2020:09:46:26 +0800] "GET /xingrg/all/function/internal_message.html?_=1597628788121&CODE_STATE=getMsg HTTP/1.1" 302 -
114.88.153.118 - - [17/Aug/2020:09:46:27 +0800] "GET /xingrg/all/function/internal_message.html?_=1597628787547&CODE_STATE=getMsg HTTP/1.1" 200 27
114.88.165.122 - - [17/Aug/2020:09:46:28 +0800] "GET /xingrg/all/function/internal_message.html?_=1597628833823&CODE_STATE=getMsg HTTP/1.1" 200 27
117.184.7.30 - - [17/Aug/2020:09:46:29 +0800] "GET /xingrg/all/function/internal_message.html?_=1597628787774&CODE_STATE=getMsg HTTP/1.1" 200 27
117.184.7.30 - - [17/Aug/2020:09:46:29 +0800] "GET /xingrg/check_reg.html?_=1597628787917 HTTP/1.1" 200 22
117.131.5.26 - - [17/Aug/2020:09:46:31 +0800] "GET /xingrg/all/function/internal_message.html?_=1597629168736&CODE_STATE=getMsg HTTP/1.1" 200 27
172.17.0.123 - - [17/Aug/2020:09:46:31 +0800] "GET /xingrg/all/function/internal_message.html?_=1597628708866&CODE_STATE=getMsg HTTP/1.1" 200 27
114.89.80.44 - - [17/Aug/2020:09:46:32 +0800] "GET /xingrg/check_reg.html?_=1597628912888 HTTP/1.1" 200 22
114.89.80.44 - - [17/Aug/2020:09:46:33 +0800] "GET /xingrg/kc/buy/cgsh_order_operate.html?command=get_materiel&rest_code=00151&code=00101009006&supplier_code=00100096&order_time=2020-08-17 HTTP/1.1" 200 409
116.232.54.109 - - [17/Aug/2020:09:46:35 +0800] "GET /xingrg/all/function/internal_message.html?_=1597628812015&CODE_STATE=getMsg HTTP/1.1" 200 27
114.89.80.44 - - [17/Aug/2020:09:46:37 +0800] "GET /xingrg/all/function/internal_message.html?_=1597628918143&CODE_STATE=getMsg HTTP/1.1" 200 27
172.17.0.185 - - [17/Aug/2020:09:46:37 +0800] "GET /xingrg/all/function/internal_message.html?_=1597628796804&CODE_STATE=getMsg HTTP/1.1" 302 -
172.17.0.101 - - [17/Aug/2020:09:46:43 +0800] "GET /xingrg/all/function/internal_message.html?_=1597628804285&CODE_STATE=getMsg HTTP/1.1" 302 -
180.157.251.101 - - [17/Aug/2020:09:46:43 +0800] "GET /xingrg/all/function/internal_message.html?_=1597628803622&CODE_STATE=getMsg HTTP/1.1" 200 27
120.253.135.82 - - [17/Aug/2020:09:46:45 +0800] "GET /xingrg/all/function/internal_message.html?_=1597628461518&CODE_STATE=getMsg HTTP/1.1" 200 27
114.89.80.44 - - [17/Aug/2020:09:46:46 +0800] "GET /xingrg/kc/buy/cgsh_order_operate.html?command=get_materiel&rest_code=00151&code=00101009031&supplier_code=00100096&order_time=2020-08-17 HTTP/1.1" 200 410
58.40.7.146 - - [17/Aug/2020:09:46:50 +0800] "GET /xingrg/all/function/internal_message.html?_=1597628809793&CODE_STATE=getMsg HTTP/1.1" 200 27
116.230.74.197 - - [17/Aug/2020:09:46:51 +0800] "GET /xingrg/all/function/internal_message.html?_=1597628813904&CODE_STATE=getMsg HTTP/1.1" 200 27
218.81.217.115 - - [17/Aug/2020:09:46:55 +0800] "GET /xingrg/all/function/internal_message.html?_=1597628816918&CODE_STATE=getMsg HTTP/1.1" 200 27
114.89.80.44 - - [17/Aug/2020:09:46:59 +0800] "POST /xingrg/all/user/operate.html HTTP/1.1" 200 36
114.89.80.44 - - [17/Aug/2020:09:46:59 +0800] "GET /xingrg/javascript/jquery_easy_ui/themes/default/easyui.css HTTP/1.1" 304 -
114.89.80.44 - - [17/Aug/2020:09:46:59 +0800] "GET /xingrg/index.html?sysBaseUrl=http%3A%2F%2F180.169.147.146%3A18081%2Fxingrg%2F&costTime=43×tamp=1597627888882 HTTP/1.1" 200 17177
114.89.80.44 - - [17/Aug/2020:09:46:59 +0800] "GET /xingrg/javascript/jquery_easy_ui/themes/icon.css HTTP/1.1" 304 -
114.89.80.44 - - [17/Aug/2020:09:46:59 +0800] "GET /xingrg/css/form.css HTTP/1.1" 304 -
114.89.80.44 - - [17/Aug/2020:09:46:59 +0800] "GET /xingrg/javascript/jquery-1.4.2.min.js HTTP/1.1" 304 -
114.89.80.44 - - [17/Aug/2020:09:46:59 +0800] "GET /xingrg/javascript/jquery_easy_ui/jquery.easyui.min.js HTTP/1.1" 304 -
114.89.80.44 - - [17/Aug/2020:09:46:59 +0800] "GET /xingrg/javascript/jquery_easy_ui/easyui-lang-zh_CN.js HTTP/1.1" 304 -
114.89.80.44 - - [17/Aug/2020:09:46:59 +0800] "GET /xingrg/javascript/jquery.form.js HTTP/1.1" 304 -
114.89.80.44 - - [17/Aug/2020:09:46:59 +0800] "GET /xingrg/javascript/jquery.utils.js HTTP/1.1" 304 -
114.89.80.44 - - [17/Aug/2020:09:46:59 +0800] "GET /xingrg/javascript/jquery.timers.js HTTP/1.1" 304 -
114.89.80.44 - - [17/Aug/2020:09:46:59 +0800] "GET /xingrg/images/blue/jxLogo.png HTTP/1.1" 304 -
114.89.80.44 - - [17/Aug/2020:09:46:59 +0800] "GET /xingrg/images/blue/navBackgound.jpg HTTP/1.1" 304 -
