114.88.165.122 - - [17/Aug/2020:09:08:21 +0800] "GET /xingrg/all/function/internal_message.html?_=1597626501010&CODE_STATE=count HTTP/1.1" 200 11
114.88.165.122 - - [17/Aug/2020:09:08:21 +0800] "GET /xingrg/check_reg.html?_=1597626501011 HTTP/1.1" 200 22
114.88.165.122 - - [17/Aug/2020:09:08:21 +0800] "GET /xingrg/javascript/jquery_easy_ui/themes/default/images/tree_arrows.gif HTTP/1.1" 304 -
114.88.165.122 - - [17/Aug/2020:09:08:21 +0800] "POST /xingrg/load_menu.html HTTP/1.1" 200 5138
114.88.165.122 - - [17/Aug/2020:09:08:21 +0800] "GET /xingrg/javascript/jquery_easy_ui/themes/icons/search_new.png HTTP/1.1" 304 -
114.88.165.122 - - [17/Aug/2020:09:08:21 +0800] "GET /xingrg/javascript/jquery_easy_ui/themes/default/images/tree_folder.gif HTTP/1.1" 304 -
114.88.165.122 - - [17/Aug/2020:09:08:21 +0800] "GET /xingrg/javascript/jquery_easy_ui/themes/icons/storage_new.png HTTP/1.1" 304 -
114.88.165.122 - - [17/Aug/2020:09:08:21 +0800] "GET /xingrg/javascript/jquery_easy_ui/themes/icons/forms_new.png HTTP/1.1" 304 -
114.88.165.122 - - [17/Aug/2020:09:08:21 +0800] "GET /xingrg/javascript/jquery_easy_ui/themes/default/images/tree_file.gif HTTP/1.1" 304 -
114.88.165.122 - - [17/Aug/2020:09:08:21 +0800] "GET /xingrg/javascript/jquery_easy_ui/themes/default/images/tree_folder_open.gif HTTP/1.1" 304 -
116.232.54.109 - - [17/Aug/2020:09:08:21 +0800] "POST /xingrg/dwr/call/plaincall/AjaxCheckService.setItemNumber.dwr HTTP/1.1" 200 77
116.232.54.109 - - [17/Aug/2020:09:08:22 +0800] "POST /xingrg/dwr/call/plaincall/AjaxCheckService.setItemNumber.dwr HTTP/1.1" 200 77
116.232.54.109 - - [17/Aug/2020:09:08:23 +0800] "POST /xingrg/dwr/call/plaincall/AjaxCheckService.setItemNumber.dwr HTTP/1.1" 200 77
114.88.165.122 - - [17/Aug/2020:09:08:23 +0800] "GET /xingrg/kc/buy/buy_main.html HTTP/1.1" 200 12412
222.69.137.86 - - [17/Aug/2020:09:08:23 +0800] "POST /xingrg/dwr/call/plaincall/AjaxCheckService.setItemNumber.dwr HTTP/1.1" 200 77
114.88.165.122 - - [17/Aug/2020:09:08:23 +0800] "GET /xingrg/javascript/jquery_easy_ui/themes/default/images/tabs_close.gif HTTP/1.1" 304 -
114.88.165.122 - - [17/Aug/2020:09:08:23 +0800] "GET /xingrg/css/new_ie.css HTTP/1.1" 404 1036
114.88.165.122 - - [17/Aug/2020:09:08:23 +0800] "GET /xingrg/javascript/ToolTips.js HTTP/1.1" 304 -
114.88.165.122 - - [17/Aug/2020:09:08:23 +0800] "GET /xingrg/javascript/myfunction.js HTTP/1.1" 304 -
114.88.165.122 - - [17/Aug/2020:09:08:23 +0800] "GET /xingrg/javascript/pic_change.js HTTP/1.1" 304 -
114.88.165.122 - - [17/Aug/2020:09:08:23 +0800] "GET /xingrg/css/blue.css HTTP/1.1" 304 -
114.88.165.122 - - [17/Aug/2020:09:08:23 +0800] "GET /xingrg/javascript/jquery_ui/themes/humanity/humanity.css HTTP/1.1" 304 -
114.88.165.122 - - [17/Aug/2020:09:08:23 +0800] "GET /xingrg/javascript/jquery_ui/jquery-ui.min.js HTTP/1.1" 304 -
114.88.165.122 - - [17/Aug/2020:09:08:23 +0800] "GET /xingrg/images/blue/button/cgxqd.gif HTTP/1.1" 304 -
114.88.165.122 - - [17/Aug/2020:09:08:23 +0800] "GET /xingrg/images/blue/button/cgydd.gif HTTP/1.1" 304 -
114.88.165.122 - - [17/Aug/2020:09:08:23 +0800] "GET /xingrg/images/blue/button/kc.gif HTTP/1.1" 304 -
114.88.165.122 - - [17/Aug/2020:09:08:23 +0800] "GET /xingrg/images/blue/button/cgfkd.gif HTTP/1.1" 304 -
114.88.165.122 - - [17/Aug/2020:09:08:23 +0800] "GET /xingrg/images/blue/button/cgshd.gif HTTP/1.1" 304 -
114.88.165.122 - - [17/Aug/2020:09:08:23 +0800] "GET /xingrg/images/blue/button/ckthd.gif HTTP/1.1" 304 -
114.88.165.122 - - [17/Aug/2020:09:08:23 +0800] "GET /xingrg/images/blue/pic_form2.gif HTTP/1.1" 304 -
114.88.165.122 - - [17/Aug/2020:09:08:23 +0800] "GET /xingrg/images/blue/bg_dotted.jpg HTTP/1.1" 304 -
114.88.165.122 - - [17/Aug/2020:09:08:23 +0800] "GET /xingrg/javascript/jquery_ui/themes/humanity/images/ui-bg_inset-soft_100_f4f0ec_1x100.png HTTP/1.1" 304 -
114.88.165.122 - - [17/Aug/2020:09:08:24 +0800] "GET /xingrg/images/blue/button/right_ah.jpg HTTP/1.1" 304 -
114.88.165.122 - - [17/Aug/2020:09:08:24 +0800] "GET /xingrg/images/blue/button/down_ah.jpg HTTP/1.1" 304 -
114.88.165.122 - - [17/Aug/2020:09:08:24 +0800] "GET /xingrg/javascript/jquery_ui/themes/humanity/images/ui-icons_ffffff_256x240.png HTTP/1.1" 304 -
114.88.165.122 - - [17/Aug/2020:09:08:24 +0800] "GET /xingrg/javascript/jquery_ui/themes/humanity/images/ui-iconsnew.jpg HTTP/1.1" 304 -
114.88.165.122 - - [17/Aug/2020:09:08:24 +0800] "GET /xingrg/javascript/jquery_ui/themes/humanity/images/ui-icons_c47a23_256x240.png HTTP/1.1" 304 -
114.88.165.122 - - [17/Aug/2020:09:08:24 +0800] "GET /xingrg/javascript/jquery_ui/themes/humanity/images/ui-bg_glass_70_ede4d4_1x400.png HTTP/1.1" 304 -
116.232.54.109 - - [17/Aug/2020:09:08:24 +0800] "POST /xingrg/dwr/call/plaincall/AjaxCheckService.setItemNumber.dwr HTTP/1.1" 200 77
222.69.137.86 - - [17/Aug/2020:09:08:24 +0800] "POST /xingrg/dwr/call/plaincall/AjaxCheckService.setItemNumber.dwr HTTP/1.1" 200 77
114.88.165.122 - - [17/Aug/2020:09:08:24 +0800] "GET /xingrg/images/yd/bt.gif HTTP/1.1" 404 1040
116.232.54.109 - - [17/Aug/2020:09:08:24 +0800] "POST /xingrg/dwr/call/plaincall/AjaxCheckService.setItemNumber.dwr HTTP/1.1" 200 77
116.232.54.109 - - [17/Aug/2020:09:08:25 +0800] "POST /xingrg/dwr/call/plaincall/AjaxCheckService.setItemNumber.dwr HTTP/1.1" 200 77
114.88.165.122 - - [17/Aug/2020:09:08:25 +0800] "GET /xingrg/kc/buy/cgsh_order_list.html HTTP/1.1" 200 43641
114.88.165.122 - - [17/Aug/2020:09:08:25 +0800] "GET /xingrg/css/base.css HTTP/1.1" 304 -
114.88.165.122 - - [17/Aug/2020:09:08:25 +0800] "GET /xingrg/css/site.css HTTP/1.1" 304 -
114.88.165.122 - - [17/Aug/2020:09:08:25 +0800] "GET /xingrg/javascript/easyui/themes/default/easyui.css HTTP/1.1" 304 -
114.88.165.122 - - [17/Aug/2020:09:08:25 +0800] "GET /xingrg/javascript/easyui/themes/icon.css HTTP/1.1" 304 -
114.88.165.122 - - [17/Aug/2020:09:08:25 +0800] "GET /xingrg/javascript/jquery_tools/datebox.css HTTP/1.1" 304 -
114.88.165.122 - - [17/Aug/2020:09:08:25 +0800] "GET /xingrg/javascript/auto/jquery.autocomplete.css HTTP/1.1" 304 -
114.88.165.122 - - [17/Aug/2020:09:08:25 +0800] "GET /xingrg/javascript/jquery_tools/fix.css HTTP/1.1" 304 -
114.88.165.122 - - [17/Aug/2020:09:08:25 +0800] "GET /xingrg/javascript/jquery_tools/table.css HTTP/1.1" 304 -
114.88.165.122 - - [17/Aug/2020:09:08:25 +0800] "GET /xingrg/javascript/jquery_tools/jquery.tools.hotkey.js HTTP/1.1" 304 -
114.88.165.122 - - [17/Aug/2020:09:08:25 +0800] "GET /xingrg/javascript/jquery_tools/jquery.tools.table.js HTTP/1.1" 304 -
114.88.165.122 - - [17/Aug/2020:09:08:25 +0800] "GET /xingrg/javascript/jquery_tools/list_manager.js HTTP/1.1" 304 -
114.88.165.122 - - [17/Aug/2020:09:08:25 +0800] "GET /xingrg/javascript/jquery_tools/jquery.tools.min.js HTTP/1.1" 304 -
114.88.165.122 - - [17/Aug/2020:09:08:25 +0800] "GET /xingrg/javascript/jquery_tools/jquery.tools.extend.js HTTP/1.1" 304 -
114.88.165.122 - - [17/Aug/2020:09:08:25 +0800] "GET /xingrg/javascript/easyui/easyloader.js HTTP/1.1" 304 -
114.88.165.122 - - [17/Aug/2020:09:08:25 +0800] "GET /xingrg/javascript/jquery.cookie.js HTTP/1.1" 304 -
114.88.165.122 - - [17/Aug/2020:09:08:25 +0800] "GET /xingrg/javascript/print/LodopFuncs.js HTTP/1.1" 304 -
114.88.165.122 - - [17/Aug/2020:09:08:25 +0800] "GET /xingrg/javascript/auto/jquery.autocomplete.js HTTP/1.1" 304 -
218.81.217.115 - - [17/Aug/2020:09:08:26 +0800] "GET /xingrg/all/function/internal_message.html?_=1597626507588&CODE_STATE=getMsg HTTP/1.1" 302 -
222.69.137.86 - - [17/Aug/2020:09:08:26 +0800] "POST /xingrg/dwr/call/plaincall/AjaxCheckService.setItemNumber.dwr HTTP/1.1" 200 77
114.88.165.122 - - [17/Aug/2020:09:08:27 +0800] "GET /xingrg/javascript/easyui/themes/icons/edit_add_new.png HTTP/1.1" 304 -
114.88.165.122 - - [17/Aug/2020:09:08:27 +0800] "GET /xingrg/javascript/easyui/themes/icons/cance_new.png HTTP/1.1" 304 -
114.88.165.122 - - [17/Aug/2020:09:08:27 +0800] "GET /xingrg/javascript/easyui/themes/icons/check_new.png HTTP/1.1" 304 -
114.88.165.122 - - [17/Aug/2020:09:08:27 +0800] "GET /xingrg/javascript/easyui/themes/icons/field_new.png HTTP/1.1" 304 -
114.88.165.122 - - [17/Aug/2020:09:08:27 +0800] "GET /xingrg/javascript/easyui/themes/icons/import_new.png HTTP/1.1" 304 -
114.88.165.122 - - [17/Aug/2020:09:08:27 +0800] "GET /xingrg/javascript/jquery_easy_ui/themes/icons/area.png HTTP/1.1" 304 -
114.88.165.122 - - [17/Aug/2020:09:08:27 +0800] "GET /xingrg/javascript/jquery_easy_ui/themes/icons/rest.png HTTP/1.1" 304 -
114.88.165.122 - - [17/Aug/2020:09:08:27 +0800] "GET /xingrg/javascript/easyui/plugins/jquery.parser.js HTTP/1.1" 304 -
114.88.165.122 - - [17/Aug/2020:09:08:27 +0800] "GET /xingrg/images/control/ajaxLoader.gif HTTP/1.1" 304 -
116.230.74.197 - - [17/Aug/2020:09:08:28 +0800] "POST /xingrg/kc/buy/cgsh_order_operate.html HTTP/1.1" 200 37
116.232.54.109 - - [17/Aug/2020:09:08:28 +0800] "GET /xingrg/all/function/internal_message.html?_=1597626534406&CODE_STATE=getMsg HTTP/1.1" 200 27
114.88.165.122 - - [17/Aug/2020:09:08:28 +0800] "GET /xingrg/all/function/internal_message.html?_=1597626553748&CODE_STATE=getMsg HTTP/1.1" 200 27
116.232.54.109 - - [17/Aug/2020:09:08:29 +0800] "POST /xingrg/dwr/call/plaincall/AjaxCheckService.setItemNumber.dwr HTTP/1.1" 200 77
117.184.7.30 - - [17/Aug/2020:09:08:29 +0800] "GET /xingrg/all/function/internal_message.html?_=1597626507723&CODE_STATE=getMsg HTTP/1.1" 200 27
116.232.54.109 - - [17/Aug/2020:09:08:29 +0800] "POST /xingrg/dwr/call/plaincall/AjaxCheckService.setItemNumber.dwr HTTP/1.1" 200 77
222.69.137.86 - - [17/Aug/2020:09:08:29 +0800] "POST /xingrg/dwr/call/plaincall/AjaxCheckService.setItemNumber.dwr HTTP/1.1" 200 77
116.230.74.197 - - [17/Aug/2020:09:08:30 +0800] "POST /xingrg/kc/buy/cgsh_order_operate.html HTTP/1.1" 200 16258
116.232.54.109 - - [17/Aug/2020:09:08:30 +0800] "POST /xingrg/dwr/call/plaincall/AjaxCheckService.setItemNumber.dwr HTTP/1.1" 200 77
114.88.165.122 - - [17/Aug/2020:09:08:30 +0800] "POST /xingrg/kc/buy/cgsh_list_operate.html HTTP/1.1" 200 2408
222.69.137.86 - - [17/Aug/2020:09:08:30 +0800] "POST /xingrg/dwr/call/plaincall/AjaxCheckService.setItemNumber.dwr HTTP/1.1" 200 77
117.131.5.26 - - [17/Aug/2020:09:08:30 +0800] "GET /xingrg/all/function/internal_message.html?_=1597626888679&CODE_STATE=getMsg HTTP/1.1" 200 27
222.69.137.86 - - [17/Aug/2020:09:08:31 +0800] "POST /xingrg/dwr/call/plaincall/AjaxCheckService.setItemNumber.dwr HTTP/1.1" 200 77
172.17.0.123 - - [17/Aug/2020:09:08:31 +0800] "GET /xingrg/all/function/internal_message.html?_=1597626428858&CODE_STATE=getMsg HTTP/1.1" 200 27
172.17.0.123 - - [17/Aug/2020:09:08:31 +0800] "GET /xingrg/check_reg.html?_=1597626428859 HTTP/1.1" 200 22
222.69.137.86 - - [17/Aug/2020:09:08:31 +0800] "POST /xingrg/dwr/call/plaincall/AjaxCheckService.setItemNumber.dwr HTTP/1.1" 200 77
222.69.137.86 - - [17/Aug/2020:09:08:32 +0800] "POST /xingrg/dwr/call/plaincall/AjaxCheckService.setItemNumber.dwr HTTP/1.1" 200 77
222.69.137.86 - - [17/Aug/2020:09:08:32 +0800] "POST /xingrg/dwr/call/plaincall/AjaxCheckService.setItemNumber.dwr HTTP/1.1" 200 77
222.69.137.86 - - [17/Aug/2020:09:08:33 +0800] "POST /xingrg/dwr/call/plaincall/AjaxCheckService.setItemNumber.dwr HTTP/1.1" 200 77
222.69.137.86 - - [17/Aug/2020:09:08:34 +0800] "POST /xingrg/dwr/call/plaincall/AjaxCheckService.setItemNumber.dwr HTTP/1.1" 200 77
222.69.137.86 - - [17/Aug/2020:09:08:34 +0800] "POST /xingrg/dwr/call/plaincall/AjaxCheckService.setItemNumber.dwr HTTP/1.1" 200 77
222.69.137.86 - - [17/Aug/2020:09:08:35 +0800] "POST /xingrg/dwr/call/plaincall/AjaxCheckService.setItemNumber.dwr HTTP/1.1" 200 77
222.69.137.86 - - [17/Aug/2020:09:08:35 +0800] "POST /xingrg/dwr/call/plaincall/AjaxCheckService.setItemNumber.dwr HTTP/1.1" 200 77
222.69.137.86 - - [17/Aug/2020:09:08:35 +0800] "POST /xingrg/dwr/call/plaincall/AjaxCheckService.setItemNumber.dwr HTTP/1.1" 200 77
222.69.137.86 - - [17/Aug/2020:09:08:36 +0800] "POST /xingrg/dwr/call/plaincall/AjaxCheckService.setItemNumber.dwr HTTP/1.1" 200 77
222.69.137.86 - - [17/Aug/2020:09:08:36 +0800] "POST /xingrg/dwr/call/plaincall/AjaxCheckService.setItemNumber.dwr HTTP/1.1" 200 77
114.89.80.44 - - [17/Aug/2020:09:08:37 +0800] "GET /xingrg/all/function/internal_message.html?_=1597626517045&CODE_STATE=getMsg HTTP/1.1" 200 27
222.69.137.86 - - [17/Aug/2020:09:08:37 +0800] "POST /xingrg/dwr/call/plaincall/AjaxCheckService.setItemNumber.dwr HTTP/1.1" 200 77
172.17.0.185 - - [17/Aug/2020:09:08:37 +0800] "GET /xingrg/all/function/internal_message.html?_=1597626516817&CODE_STATE=getMsg HTTP/1.1" 302 -
222.69.137.86 - - [17/Aug/2020:09:08:38 +0800] "POST /xingrg/dwr/call/plaincall/AjaxCheckService.setItemNumber.dwr HTTP/1.1" 200 77
222.69.137.86 - - [17/Aug/2020:09:08:38 +0800] "POST /xingrg/dwr/call/plaincall/AjaxCheckService.setItemNumber.dwr HTTP/1.1" 200 77
222.69.137.86 - - [17/Aug/2020:09:08:39 +0800] "POST /xingrg/dwr/call/plaincall/AjaxCheckService.setItemNumber.dwr HTTP/1.1" 200 77
117.184.7.30 - - [17/Aug/2020:09:08:39 +0800] "GET /xingrg/kc/buy/cgsh_order_operate.html?command=get_materiel&rest_code=00108&code=00101007090&supplier_code=00100002&order_time=2020-08-17 HTTP/1.1" 200 415
222.69.137.86 - - [17/Aug/2020:09:08:39 +0800] "POST /xingrg/dwr/call/plaincall/AjaxCheckService.setItemNumber.dwr HTTP/1.1" 200 77
222.69.137.86 - - [17/Aug/2020:09:08:40 +0800] "POST /xingrg/dwr/call/plaincall/AjaxCheckService.setItemNumber.dwr HTTP/1.1" 200 77
222.69.137.86 - - [17/Aug/2020:09:08:40 +0800] "POST /xingrg/dwr/call/plaincall/AjaxCheckService.setItemNumber.dwr HTTP/1.1" 200 77
172.17.0.101 - - [17/Aug/2020:09:08:41 +0800] "GET /xingrg/all/function/internal_message.html?_=1597626522147&CODE_STATE=getMsg HTTP/1.1" 302 -
222.69.137.86 - - [17/Aug/2020:09:08:43 +0800] "POST /xingrg/dwr/call/plaincall/AjaxCheckService.setItemNumber.dwr HTTP/1.1" 200 77
218.81.217.115 - - [17/Aug/2020:09:08:43 +0800] "POST /xingrg/kc/buy/cgsh_order_operate.html HTTP/1.1" 200 2065
180.157.251.101 - - [17/Aug/2020:09:08:43 +0800] "GET /xingrg/check_reg.html?_=1597626523732 HTTP/1.1" 200 22
180.157.251.101 - - [17/Aug/2020:09:08:44 +0800] "GET /xingrg/all/function/internal_message.html?_=1597626524029&CODE_STATE=getMsg HTTP/1.1" 200 27
120.253.135.82 - - [17/Aug/2020:09:08:44 +0800] "GET /xingrg/all/function/internal_message.html?_=1597626181465&CODE_STATE=getMsg HTTP/1.1" 200 27
114.88.165.122 - - [17/Aug/2020:09:08:45 +0800] "POST /xingrg/services/DataTransmitService HTTP/1.1" 200 524
116.230.74.197 - - [17/Aug/2020:09:08:45 +0800] "GET /xingrg/kc/buy/cgsh_order_operate.html?command=get_materiel&rest_code=00107&code=00101008085&supplier_code=00100006&order_time=2020-08-17 HTTP/1.1" 200 412
116.232.54.109 - - [17/Aug/2020:09:08:47 +0800] "GET /xingrg/kc/base/check_order_list.html?isBack=1 HTTP/1.1" 200 16374
180.157.251.101 - - [17/Aug/2020:09:08:47 +0800] "GET /xingrg/kc/buy/cgsh_order_operate.html?command=get_materiel&rest_code=00148&code=00101009112&supplier_code=00100007&order_time=2020-08-17 HTTP/1.1" 200 411
222.69.137.86 - - [17/Aug/2020:09:08:47 +0800] "POST /xingrg/dwr/call/plaincall/AjaxCheckService.setItemNumber.dwr HTTP/1.1" 200 77
116.232.54.109 - - [17/Aug/2020:09:08:47 +0800] "POST /xingrg/kc/base/check_list_operate.html HTTP/1.1" 200 3522
222.69.137.86 - - [17/Aug/2020:09:08:48 +0800] "POST /xingrg/dwr/call/plaincall/AjaxCheckService.setItemNumber.dwr HTTP/1.1" 200 77
117.184.7.30 - - [17/Aug/2020:09:08:48 +0800] "GET /xingrg/kc/buy/cgsh_order_operate.html?command=get_materiel&rest_code=00108&code=00101007049&supplier_code=00100002&order_time=2020-08-17 HTTP/1.1" 200 409
222.69.137.86 - - [17/Aug/2020:09:08:48 +0800] "POST /xingrg/dwr/call/plaincall/AjaxCheckService.setItemNumber.dwr HTTP/1.1" 200 77
222.69.137.86 - - [17/Aug/2020:09:08:49 +0800] "POST /xingrg/dwr/call/plaincall/AjaxCheckService.setItemNumber.dwr HTTP/1.1" 200 77
222.69.137.86 - - [17/Aug/2020:09:08:49 +0800] "POST /xingrg/dwr/call/plaincall/AjaxCheckService.setItemNumber.dwr HTTP/1.1" 200 77
58.40.7.146 - - [17/Aug/2020:09:08:49 +0800] "GET /xingrg/all/function/internal_message.html?_=1597626529777&CODE_STATE=getMsg HTTP/1.1" 200 27
222.69.137.86 - - [17/Aug/2020:09:08:50 +0800] "POST /xingrg/dwr/call/plaincall/AjaxCheckService.setItemNumber.dwr HTTP/1.1" 200 77
222.69.137.86 - - [17/Aug/2020:09:08:51 +0800] "POST /xingrg/dwr/call/plaincall/AjaxCheckService.setItemNumber.dwr HTTP/1.1" 200 77
116.230.74.197 - - [17/Aug/2020:09:08:51 +0800] "GET /xingrg/check_reg.html?_=1597626533800 HTTP/1.1" 200 22
116.230.74.197 - - [17/Aug/2020:09:08:51 +0800] "GET /xingrg/all/function/internal_message.html?_=1597626533804&CODE_STATE=getMsg HTTP/1.1" 200 27
116.232.54.109 - - [17/Aug/2020:09:08:51 +0800] "GET /xingrg/kc/base/check_order_info.html?code=452020081600381 HTTP/1.1" 200 26528
116.232.54.109 - - [17/Aug/2020:09:08:51 +0800] "GET /xingrg/dwr/interface/AjaxCheckService.js HTTP/1.1" 200 14003
116.232.54.109 - - [17/Aug/2020:09:08:51 +0800] "GET /xingrg/dwr/interface/AjaxComOrderService.js HTTP/1.1" 200 18264
116.232.54.109 - - [17/Aug/2020:09:08:51 +0800] "GET /xingrg/dwr/engine.js HTTP/1.1" 200 43631
222.69.137.86 - - [17/Aug/2020:09:08:51 +0800] "POST /xingrg/dwr/call/plaincall/AjaxCheckService.setItemNumber.dwr HTTP/1.1" 200 77
116.232.54.109 - - [17/Aug/2020:09:08:51 +0800] "POST /xingrg/dwr/call/plaincall/AjaxCheckService.loadOrderItems.dwr HTTP/1.1" 200 84015
222.69.137.86 - - [17/Aug/2020:09:08:52 +0800] "POST /xingrg/dwr/call/plaincall/AjaxCheckService.setItemNumber.dwr HTTP/1.1" 200 77
218.81.217.115 - - [17/Aug/2020:09:08:52 +0800] "GET /xingrg/kc/buy/cgsh_order_operate.html?command=get_materiel&rest_code=00146&code=00101008131&supplier_code=00100005&order_time=2020-08-17 HTTP/1.1" 200 408
222.69.137.86 - - [17/Aug/2020:09:08:52 +0800] "POST /xingrg/dwr/call/plaincall/AjaxCheckService.setItemNumber.dwr HTTP/1.1" 200 77
222.69.137.86 - - [17/Aug/2020:09:08:53 +0800] "POST /xingrg/dwr/call/plaincall/AjaxCheckService.setItemNumber.dwr HTTP/1.1" 200 77
218.81.217.115 - - [17/Aug/2020:09:08:54 +0800] "GET /xingrg/all/function/internal_message.html?_=1597626535419&CODE_STATE=getMsg HTTP/1.1" 200 27
222.69.137.86 - - [17/Aug/2020:09:08:54 +0800] "POST /xingrg/dwr/call/plaincall/AjaxCheckService.setItemNumber.dwr HTTP/1.1" 200 77
222.69.137.86 - - [17/Aug/2020:09:08:55 +0800] "POST /xingrg/dwr/call/plaincall/AjaxCheckService.setItemNumber.dwr HTTP/1.1" 200 77
180.157.251.101 - - [17/Aug/2020:09:08:56 +0800] "GET /xingrg/kc/buy/cgsh_order_operate.html?command=get_materiel&rest_code=00148&code=00101008168&supplier_code=00100007&order_time=2020-08-17 HTTP/1.1" 200 413
116.230.74.197 - - [17/Aug/2020:09:08:56 +0800] "GET /xingrg/kc/buy/cgsh_order_operate.html?command=get_materiel&rest_code=00107&code=00101008140&supplier_code=00100006&order_time=2020-08-17 HTTP/1.1" 200 417
222.69.137.86 - - [17/Aug/2020:09:08:56 +0800] "POST /xingrg/dwr/call/plaincall/AjaxCheckService.setItemNumber.dwr HTTP/1.1" 200 77
116.232.54.109 - - [17/Aug/2020:09:08:56 +0800] "POST /xingrg/dwr/call/plaincall/AjaxCheckService.setItemNumber.dwr HTTP/1.1" 200 76
222.69.137.86 - - [17/Aug/2020:09:08:56 +0800] "POST /xingrg/dwr/call/plaincall/AjaxCheckService.setItemNumber.dwr HTTP/1.1" 200 77
116.232.54.109 - - [17/Aug/2020:09:08:57 +0800] "POST /xingrg/dwr/call/plaincall/AjaxCheckService.setItemNumber.dwr HTTP/1.1" 200 76
116.232.54.109 - - [17/Aug/2020:09:08:57 +0800] "POST /xingrg/dwr/call/plaincall/AjaxCheckService.setItemNumber.dwr HTTP/1.1" 200 76
116.232.54.109 - - [17/Aug/2020:09:08:57 +0800] "POST /xingrg/dwr/call/plaincall/AjaxCheckService.setItemNumber.dwr HTTP/1.1" 200 76
117.184.7.30 - - [17/Aug/2020:09:08:58 +0800] "GET /xingrg/kc/buy/cgsh_order_operate.html?command=get_materiel&rest_code=00108&code=00101007048&supplier_code=00100002&order_time=2020-08-17 HTTP/1.1" 200 408
222.69.137.86 - - [17/Aug/2020:09:08:58 +0800] "POST /xingrg/dwr/call/plaincall/AjaxCheckService.setItemNumber.dwr HTTP/1.1" 200 77
116.232.54.109 - - [17/Aug/2020:09:08:58 +0800] "POST /xingrg/dwr/call/plaincall/AjaxCheckService.setItemNumber.dwr HTTP/1.1" 200 76
116.232.54.109 - - [17/Aug/2020:09:08:58 +0800] "POST /xingrg/dwr/call/plaincall/AjaxCheckService.setItemNumber.dwr HTTP/1.1" 200 76
116.232.54.109 - - [17/Aug/2020:09:08:59 +0800] "POST /xingrg/dwr/call/plaincall/AjaxCheckService.setItemNumber.dwr HTTP/1.1" 200 76
116.232.54.109 - - [17/Aug/2020:09:08:59 +0800] "POST /xingrg/dwr/call/plaincall/AjaxCheckService.setItemNumber.dwr HTTP/1.1" 200 76
116.232.54.109 - - [17/Aug/2020:09:08:59 +0800] "POST /xingrg/dwr/call/plaincall/AjaxCheckService.setItemNumber.dwr HTTP/1.1" 200 76
222.69.137.86 - - [17/Aug/2020:09:09:00 +0800] "POST /xingrg/dwr/call/plaincall/AjaxCheckService.setItemNumber.dwr HTTP/1.1" 200 77
61.172.5.115 - - [17/Aug/2020:09:09:00 +0800] "GET /xingrg/all/function/internal_message.html?_=1597626530491&CODE_STATE=getMsg HTTP/1.1" 200 27
116.232.54.109 - - [17/Aug/2020:09:09:00 +0800] "POST /xingrg/dwr/call/plaincall/AjaxCheckService.setItemNumber.dwr HTTP/1.1" 200 77
61.172.5.115 - - [17/Aug/2020:09:09:00 +0800] "GET /xingrg/check_reg.html?_=1597626530494 HTTP/1.1" 200 22
116.232.54.109 - - [17/Aug/2020:09:09:00 +0800] "POST /xingrg/dwr/call/plaincall/AjaxCheckService.setItemNumber.dwr HTTP/1.1" 200 77
116.232.54.109 - - [17/Aug/2020:09:09:01 +0800] "POST /xingrg/dwr/call/plaincall/AjaxCheckService.setItemNumber.dwr HTTP/1.1" 200 77
116.232.54.109 - - [17/Aug/2020:09:09:01 +0800] "POST /xingrg/dwr/call/plaincall/AjaxCheckService.setItemNumber.dwr HTTP/1.1" 200 77
116.232.54.109 - - [17/Aug/2020:09:09:02 +0800] "POST /xingrg/dwr/call/plaincall/AjaxCheckService.setItemNumber.dwr HTTP/1.1" 200 77
116.232.54.109 - - [17/Aug/2020:09:09:02 +0800] "POST /xingrg/dwr/call/plaincall/AjaxCheckService.setItemNumber.dwr HTTP/1.1" 200 77
222.69.137.86 - - [17/Aug/2020:09:09:02 +0800] "GET /xingrg/all/function/internal_message.html?_=1597626541587&CODE_STATE=getMsg HTTP/1.1" 200 27
116.232.54.109 - - [17/Aug/2020:09:09:03 +0800] "POST /xingrg/dwr/call/plaincall/AjaxCheckService.setItemNumber.dwr HTTP/1.1" 200 77
116.232.54.109 - - [17/Aug/2020:09:09:03 +0800] "POST /xingrg/dwr/call/plaincall/AjaxCheckService.setItemNumber.dwr HTTP/1.1" 200 77
116.232.54.109 - - [17/Aug/2020:09:09:03 +0800] "POST /xingrg/dwr/call/plaincall/AjaxCheckService.setItemNumber.dwr HTTP/1.1" 200 77
222.69.137.86 - - [17/Aug/2020:09:09:04 +0800] "POST /xingrg/dwr/call/plaincall/AjaxCheckService.setItemNumber.dwr HTTP/1.1" 200 77
116.232.54.109 - - [17/Aug/2020:09:09:05 +0800] "POST /xingrg/dwr/call/plaincall/AjaxCheckService.setItemNumber.dwr HTTP/1.1" 200 77
222.69.137.86 - - [17/Aug/2020:09:09:05 +0800] "POST /xingrg/dwr/call/plaincall/AjaxCheckService.setItemNumber.dwr HTTP/1.1" 200 77
116.232.54.109 - - [17/Aug/2020:09:09:06 +0800] "POST /xingrg/dwr/call/plaincall/AjaxCheckService.setItemNumber.dwr HTTP/1.1" 200 77
222.69.137.86 - - [17/Aug/2020:09:09:06 +0800] "POST /xingrg/dwr/call/plaincall/AjaxCheckService.setItemNumber.dwr HTTP/1.1" 200 77
116.232.54.109 - - [17/Aug/2020:09:09:06 +0800] "POST /xingrg/dwr/call/plaincall/AjaxCheckService.setItemNumber.dwr HTTP/1.1" 200 77
222.69.137.86 - - [17/Aug/2020:09:09:06 +0800] "POST /xingrg/dwr/call/plaincall/AjaxCheckService.setItemNumber.dwr HTTP/1.1" 200 77
116.232.54.109 - - [17/Aug/2020:09:09:07 +0800] "POST /xingrg/dwr/call/plaincall/AjaxCheckService.setItemNumber.dwr HTTP/1.1" 200 77
222.69.137.86 - - [17/Aug/2020:09:09:07 +0800] "POST /xingrg/dwr/call/plaincall/AjaxCheckService.setItemNumber.dwr HTTP/1.1" 200 77
116.232.54.109 - - [17/Aug/2020:09:09:07 +0800] "POST /xingrg/dwr/call/plaincall/AjaxCheckService.setItemNumber.dwr HTTP/1.1" 200 77
222.69.137.86 - - [17/Aug/2020:09:09:07 +0800] "POST /xingrg/dwr/call/plaincall/AjaxCheckService.setItemNumber.dwr HTTP/1.1" 200 77
116.230.74.197 - - [17/Aug/2020:09:09:08 +0800] "GET /xingrg/kc/buy/cgsh_order_operate.html?command=get_materiel&rest_code=00107&code=00101008069&supplier_code=00100006&order_time=2020-08-17 HTTP/1.1" 200 412
116.232.54.109 - - [17/Aug/2020:09:09:08 +0800] "POST /xingrg/dwr/call/plaincall/AjaxCheckService.setItemNumber.dwr HTTP/1.1" 200 77
116.232.54.109 - - [17/Aug/2020:09:09:08 +0800] "POST /xingrg/dwr/call/plaincall/AjaxCheckService.setItemNumber.dwr HTTP/1.1" 200 77
222.69.137.86 - - [17/Aug/2020:09:09:08 +0800] "POST /xingrg/dwr/call/plaincall/AjaxCheckService.setItemNumber.dwr HTTP/1.1" 200 77
116.232.54.109 - - [17/Aug/2020:09:09:09 +0800] "POST /xingrg/dwr/call/plaincall/AjaxCheckService.setItemNumber.dwr HTTP/1.1" 200 77
116.232.54.109 - - [17/Aug/2020:09:09:09 +0800] "POST /xingrg/dwr/call/plaincall/AjaxCheckService.setItemNumber.dwr HTTP/1.1" 200 77
222.69.137.86 - - [17/Aug/2020:09:09:09 +0800] "POST /xingrg/dwr/call/plaincall/AjaxCheckService.setItemNumber.dwr HTTP/1.1" 200 77
116.232.54.109 - - [17/Aug/2020:09:09:10 +0800] "POST /xingrg/dwr/call/plaincall/AjaxCheckService.setItemNumber.dwr HTTP/1.1" 200 77
116.232.54.109 - - [17/Aug/2020:09:09:10 +0800] "POST /xingrg/dwr/call/plaincall/AjaxCheckService.setItemNumber.dwr HTTP/1.1" 200 77
222.69.137.86 - - [17/Aug/2020:09:09:10 +0800] "POST /xingrg/dwr/call/plaincall/AjaxCheckService.setItemNumber.dwr HTTP/1.1" 200 77
116.232.54.109 - - [17/Aug/2020:09:09:10 +0800] "POST /xingrg/dwr/call/plaincall/AjaxCheckService.setItemNumber.dwr HTTP/1.1" 200 77
222.69.137.86 - - [17/Aug/2020:09:09:10 +0800] "POST /xingrg/dwr/call/plaincall/AjaxCheckService.setItemNumber.dwr HTTP/1.1" 200 77
116.232.54.109 - - [17/Aug/2020:09:09:11 +0800] "POST /xingrg/dwr/call/plaincall/AjaxCheckService.setItemNumber.dwr HTTP/1.1" 200 77
117.184.7.30 - - [17/Aug/2020:09:09:11 +0800] "GET /xingrg/kc/buy/cgsh_order_operate.html?command=get_materiel&rest_code=00108&code=00101007125&supplier_code=00100002&order_time=2020-08-17 HTTP/1.1" 200 406
116.232.54.109 - - [17/Aug/2020:09:09:11 +0800] "POST /xingrg/dwr/call/plaincall/AjaxCheckService.setItemNumber.dwr HTTP/1.1" 200 77
222.69.137.86 - - [17/Aug/2020:09:09:11 +0800] "POST /xingrg/dwr/call/plaincall/AjaxCheckService.setItemNumber.dwr HTTP/1.1" 200 77
116.232.54.109 - - [17/Aug/2020:09:09:11 +0800] "POST /xingrg/dwr/call/plaincall/AjaxCheckService.setItemNumber.dwr HTTP/1.1" 200 77
116.232.54.109 - - [17/Aug/2020:09:09:12 +0800] "POST /xingrg/dwr/call/plaincall/AjaxCheckService.setItemNumber.dwr HTTP/1.1" 200 77
222.69.137.86 - - [17/Aug/2020:09:09:12 +0800] "POST /xingrg/dwr/call/plaincall/AjaxCheckService.setItemNumber.dwr HTTP/1.1" 200 77
116.232.54.109 - - [17/Aug/2020:09:09:12 +0800] "POST /xingrg/dwr/call/plaincall/AjaxCheckService.setItemNumber.dwr HTTP/1.1" 200 77
222.69.137.86 - - [17/Aug/2020:09:09:13 +0800] "POST /xingrg/dwr/call/plaincall/AjaxCheckService.setItemNumber.dwr HTTP/1.1" 200 77
116.232.54.109 - - [17/Aug/2020:09:09:13 +0800] "POST /xingrg/dwr/call/plaincall/AjaxCheckService.setItemNumber.dwr HTTP/1.1" 200 77
120.253.135.82 - - [17/Aug/2020:09:09:13 +0800] "GET /xingrg/all/function/internal_message.html?_=1597626305571&CODE_STATE=getMsg HTTP/1.1" 200 27
180.157.251.101 - - [17/Aug/2020:09:09:13 +0800] "GET /xingrg/kc/buy/cgsh_order_operate.html?command=get_materiel&rest_code=00148&code=00101008236&supplier_code=00100007&order_time=2020-08-17 HTTP/1.1" 200 435
222.69.137.86 - - [17/Aug/2020:09:09:13 +0800] "POST /xingrg/dwr/call/plaincall/AjaxCheckService.setItemNumber.dwr HTTP/1.1" 200 77
116.232.54.109 - - [17/Aug/2020:09:09:13 +0800] "POST /xingrg/dwr/call/plaincall/AjaxCheckService.setItemNumber.dwr HTTP/1.1" 200 77
116.232.54.109 - - [17/Aug/2020:09:09:14 +0800] "POST /xingrg/dwr/call/plaincall/AjaxCheckService.setItemNumber.dwr HTTP/1.1" 200 77
222.69.137.86 - - [17/Aug/2020:09:09:14 +0800] "POST /xingrg/dwr/call/plaincall/AjaxCheckService.setItemNumber.dwr HTTP/1.1" 200 77
116.232.54.109 - - [17/Aug/2020:09:09:14 +0800] "POST /xingrg/dwr/call/plaincall/AjaxCheckService.setItemNumber.dwr HTTP/1.1" 200 77
116.232.54.109 - - [17/Aug/2020:09:09:15 +0800] "POST /xingrg/dwr/call/plaincall/AjaxCheckService.setItemNumber.dwr HTTP/1.1" 200 77
222.69.137.86 - - [17/Aug/2020:09:09:15 +0800] "POST /xingrg/dwr/call/plaincall/AjaxCheckService.setItemNumber.dwr HTTP/1.1" 200 77
116.232.54.109 - - [17/Aug/2020:09:09:15 +0800] "POST /xingrg/dwr/call/plaincall/AjaxCheckService.setItemNumber.dwr HTTP/1.1" 200 77
222.69.137.86 - - [17/Aug/2020:09:09:15 +0800] "POST /xingrg/dwr/call/plaincall/AjaxCheckService.setItemNumber.dwr HTTP/1.1" 200 77
116.230.74.197 - - [17/Aug/2020:09:09:16 +0800] "GET /xingrg/kc/buy/cgsh_order_operate.html?command=get_materiel&rest_code=00107&code=00101008323&supplier_code=00100006&order_time=2020-08-17 HTTP/1.1" 200 408
222.69.137.86 - - [17/Aug/2020:09:09:16 +0800] "POST /xingrg/dwr/call/plaincall/AjaxCheckService.setItemNumber.dwr HTTP/1.1" 200 77
222.69.137.86 - - [17/Aug/2020:09:09:16 +0800] "POST /xingrg/dwr/call/plaincall/AjaxCheckService.setItemNumber.dwr HTTP/1.1" 200 77
222.69.137.86 - - [17/Aug/2020:09:09:17 +0800] "POST /xingrg/dwr/call/plaincall/AjaxCheckService.setItemNumber.dwr HTTP/1.1" 200 77
222.69.137.86 - - [17/Aug/2020:09:09:17 +0800] "POST /xingrg/dwr/call/plaincall/AjaxCheckService.setItemNumber.dwr HTTP/1.1" 200 77
222.69.137.86 - - [17/Aug/2020:09:09:18 +0800] "POST /xingrg/dwr/call/plaincall/AjaxCheckService.setItemNumber.dwr HTTP/1.1" 200 77
222.69.137.86 - - [17/Aug/2020:09:09:19 +0800] "POST /xingrg/dwr/call/plaincall/AjaxCheckService.setItemNumber.dwr HTTP/1.1" 200 77
222.69.137.86 - - [17/Aug/2020:09:09:19 +0800] "POST /xingrg/dwr/call/plaincall/AjaxCheckService.setItemNumber.dwr HTTP/1.1" 200 77
116.232.54.109 - - [17/Aug/2020:09:09:20 +0800] "POST /xingrg/dwr/call/plaincall/AjaxCheckService.setItemNumber.dwr HTTP/1.1" 200 77
117.184.7.30 - - [17/Aug/2020:09:09:20 +0800] "POST /xingrg/kc/buy/cgsh_order_operate.html HTTP/1.1" 200 37
117.184.7.30 - - [17/Aug/2020:09:09:21 +0800] "POST /xingrg/kc/buy/cgsh_order_operate.html HTTP/1.1" 200 5597
180.175.214.200 - - [17/Aug/2020:09:09:21 +0800] "GET /xingrg/all/function/internal_message.html?_=1597626767421&CODE_STATE=getMsg HTTP/1.1" 200 27
114.88.165.122 - - [17/Aug/2020:09:09:21 +0800] "GET /xingrg/all/function/internal_message.html?_=1597626561021&CODE_STATE=getMsg HTTP/1.1" 200 27
116.230.74.197 - - [17/Aug/2020:09:09:21 +0800] "POST /xingrg/kc/buy/cgsh_order_operate.html HTTP/1.1" 200 2065
180.157.251.101 - - [17/Aug/2020:09:09:21 +0800] "GET /xingrg/kc/buy/cgsh_order_operate.html?command=get_materiel&rest_code=00148&code=00101020152&supplier_code=00100007&order_time=2020-08-17 HTTP/1.1" 200 416
222.69.137.86 - - [17/Aug/2020:09:09:22 +0800] "POST /xingrg/dwr/call/plaincall/AjaxCheckService.setItemNumber.dwr HTTP/1.1" 200 77
117.184.7.30 - - [17/Aug/2020:09:09:22 +0800] "GET /xingrg/kc/print/load_data.html?order_code=212020081707089&kc_code=cgsh&condition= HTTP/1.1" 200 1849
222.69.137.86 - - [17/Aug/2020:09:09:22 +0800] "POST /xingrg/dwr/call/plaincall/AjaxCheckService.setItemNumber.dwr HTTP/1.1" 200 77
117.131.5.26 - - [17/Aug/2020:09:09:22 +0800] "GET /xingrg/kc/base/check_order_list.html HTTP/1.1" 200 16380
117.131.5.26 - - [17/Aug/2020:09:09:23 +0800] "POST /xingrg/kc/base/check_list_operate.html HTTP/1.1" 200 3249
117.131.5.26 - - [17/Aug/2020:09:09:23 +0800] "GET /xingrg/kc/base/check_order_list.html HTTP/1.1" 200 16380
117.131.5.26 - - [17/Aug/2020:09:09:23 +0800] "POST /xingrg/kc/base/check_list_operate.html HTTP/1.1" 200 3249
222.69.137.86 - - [17/Aug/2020:09:09:23 +0800] "POST /xingrg/dwr/call/plaincall/AjaxCheckService.setItemNumber.dwr HTTP/1.1" 200 77
222.69.137.86 - - [17/Aug/2020:09:09:24 +0800] "POST /xingrg/dwr/call/plaincall/AjaxCheckService.setItemNumber.dwr HTTP/1.1" 200 77
222.69.137.86 - - [17/Aug/2020:09:09:24 +0800] "POST /xingrg/dwr/call/plaincall/AjaxCheckService.setItemNumber.dwr HTTP/1.1" 200 77
180.157.251.101 - - [17/Aug/2020:09:09:25 +0800] "POST /xingrg/kc/buy/cgsh_order_operate.html HTTP/1.1" 200 2065
222.69.137.86 - - [17/Aug/2020:09:09:25 +0800] "POST /xingrg/dwr/call/plaincall/AjaxCheckService.setItemNumber.dwr HTTP/1.1" 200 77
218.81.217.115 - - [17/Aug/2020:09:09:26 +0800] "GET /xingrg/all/function/internal_message.html?_=1597626567606&CODE_STATE=getMsg HTTP/1.1" 302 -
116.232.54.109 - - [17/Aug/2020:09:09:27 +0800] "GET /xingrg/all/function/internal_message.html?_=1597626594406&CODE_STATE=getMsg HTTP/1.1" 200 27
222.69.137.86 - - [17/Aug/2020:09:09:27 +0800] "POST /xingrg/dwr/call/plaincall/AjaxCheckService.setItemNumber.dwr HTTP/1.1" 200 77
116.232.54.109 - - [17/Aug/2020:09:09:27 +0800] "POST /xingrg/dwr/call/plaincall/AjaxCheckService.setItemNumber.dwr HTTP/1.1" 200 77
116.230.74.197 - - [17/Aug/2020:09:09:28 +0800] "GET /xingrg/kc/buy/cgsh_order_operate.html?command=get_materiel&rest_code=00107&code=00101008176&supplier_code=00100006&order_time=2020-08-17 HTTP/1.1" 200 412
114.88.165.122 - - [17/Aug/2020:09:09:28 +0800] "GET /xingrg/all/function/internal_message.html?_=1597626613746&CODE_STATE=getMsg HTTP/1.1" 200 27
116.232.54.109 - - [17/Aug/2020:09:09:28 +0800] "POST /xingrg/dwr/call/plaincall/AjaxCheckService.setItemNumber.dwr HTTP/1.1" 200 77
61.172.5.115 - - [17/Aug/2020:09:09:29 +0800] "GET /xingrg/kc/buy/cgsh_order_operate.html?command=get_materiel&rest_code=00105&code=00101016030&supplier_code=00100034&order_time=2020-08-17 HTTP/1.1" 200 412
116.232.54.109 - - [17/Aug/2020:09:09:29 +0800] "POST /xingrg/dwr/call/plaincall/AjaxCheckService.setItemNumber.dwr HTTP/1.1" 200 77
117.184.7.30 - - [17/Aug/2020:09:09:29 +0800] "GET /xingrg/all/function/internal_message.html?_=1597626567755&CODE_STATE=getMsg HTTP/1.1" 200 27
180.157.251.101 - - [17/Aug/2020:09:09:30 +0800] "GET /xingrg/kc/buy/cgsh_order_operate.html?command=get_materiel&rest_code=00148&code=00101009011&supplier_code=00100007&order_time=2020-08-17 HTTP/1.1" 200 416
117.131.5.26 - - [17/Aug/2020:09:09:30 +0800] "GET /xingrg/all/function/internal_message.html?_=1597626948688&CODE_STATE=getMsg HTTP/1.1" 200 27
172.17.0.123 - - [17/Aug/2020:09:09:31 +0800] "GET /xingrg/all/function/internal_message.html?_=1597626488859&CODE_STATE=getMsg HTTP/1.1" 200 27
222.69.137.86 - - [17/Aug/2020:09:09:33 +0800] "POST /xingrg/dwr/call/plaincall/AjaxCheckService.setItemNumber.dwr HTTP/1.1" 200 77
222.69.137.86 - - [17/Aug/2020:09:09:33 +0800] "POST /xingrg/dwr/call/plaincall/AjaxCheckService.setItemNumber.dwr HTTP/1.1" 200 77
222.69.137.86 - - [17/Aug/2020:09:09:33 +0800] "POST /xingrg/dwr/call/plaincall/AjaxCheckService.setItemNumber.dwr HTTP/1.1" 200 78
222.69.137.86 - - [17/Aug/2020:09:09:34 +0800] "POST /xingrg/dwr/call/plaincall/AjaxCheckService.setItemNumber.dwr HTTP/1.1" 200 78
222.69.137.86 - - [17/Aug/2020:09:09:34 +0800] "POST /xingrg/dwr/call/plaincall/AjaxCheckService.setItemNumber.dwr HTTP/1.1" 200 78
222.69.137.86 - - [17/Aug/2020:09:09:35 +0800] "POST /xingrg/dwr/call/plaincall/AjaxCheckService.setItemNumber.dwr HTTP/1.1" 200 78
222.69.137.86 - - [17/Aug/2020:09:09:35 +0800] "POST /xingrg/dwr/call/plaincall/AjaxCheckService.setItemNumber.dwr HTTP/1.1" 200 78
222.69.137.86 - - [17/Aug/2020:09:09:36 +0800] "POST /xingrg/dwr/call/plaincall/AjaxCheckService.setItemNumber.dwr HTTP/1.1" 200 78
222.69.137.86 - - [17/Aug/2020:09:09:36 +0800] "POST /xingrg/dwr/call/plaincall/AjaxCheckService.setItemNumber.dwr HTTP/1.1" 200 78
114.89.80.44 - - [17/Aug/2020:09:09:37 +0800] "GET /xingrg/all/function/internal_message.html?_=1597626577044&CODE_STATE=getMsg HTTP/1.1" 200 27
222.69.137.86 - - [17/Aug/2020:09:09:37 +0800] "POST /xingrg/dwr/call/plaincall/AjaxCheckService.setItemNumber.dwr HTTP/1.1" 200 78
116.230.74.197 - - [17/Aug/2020:09:09:37 +0800] "GET /xingrg/kc/buy/cgsh_order_operate.html?command=get_materiel&rest_code=00107&code=00101008175&supplier_code=00100006&order_time=2020-08-17 HTTP/1.1" 200 412
172.17.0.185 - - [17/Aug/2020:09:09:37 +0800] "GET /xingrg/all/function/internal_message.html?_=1597626576820&CODE_STATE=getMsg HTTP/1.1" 302 -
172.17.0.185 - - [17/Aug/2020:09:09:37 +0800] "GET /xingrg/check_reg.html?_=1597626576824 HTTP/1.1" 302 -
222.69.137.86 - - [17/Aug/2020:09:09:37 +0800] "POST /xingrg/dwr/call/plaincall/AjaxCheckService.setItemNumber.dwr HTTP/1.1" 200 78
222.69.137.86 - - [17/Aug/2020:09:09:38 +0800] "POST /xingrg/dwr/call/plaincall/AjaxCheckService.setItemNumber.dwr HTTP/1.1" 200 78
117.131.5.26 - - [17/Aug/2020:09:09:38 +0800] "GET /xingrg/kc/base/check_order_info.html?code=452020081600374 HTTP/1.1" 200 26438
117.131.5.26 - - [17/Aug/2020:09:09:38 +0800] "GET /xingrg/dwr/interface/AjaxCheckService.js HTTP/1.1" 200 14003
117.131.5.26 - - [17/Aug/2020:09:09:38 +0800] "GET /xingrg/dwr/interface/AjaxComOrderService.js HTTP/1.1" 200 18264
117.131.5.26 - - [17/Aug/2020:09:09:38 +0800] "GET /xingrg/dwr/engine.js HTTP/1.1" 200 43631
222.69.137.86 - - [17/Aug/2020:09:09:38 +0800] "POST /xingrg/dwr/call/plaincall/AjaxCheckService.setItemNumber.dwr HTTP/1.1" 200 78
116.232.54.109 - - [17/Aug/2020:09:09:38 +0800] "POST /xingrg/dwr/call/plaincall/AjaxCheckService.setItemNumber.dwr HTTP/1.1" 200 77
117.131.5.26 - - [17/Aug/2020:09:09:38 +0800] "POST /xingrg/dwr/call/plaincall/AjaxCheckService.loadOrderItems.dwr HTTP/1.1" 200 147516
116.232.54.109 - - [17/Aug/2020:09:09:39 +0800] "POST /xingrg/dwr/call/plaincall/AjaxCheckService.setItemNumber.dwr HTTP/1.1" 200 77
222.69.137.86 - - [17/Aug/2020:09:09:39 +0800] "POST /xingrg/dwr/call/plaincall/AjaxCheckService.setItemNumber.dwr HTTP/1.1" 200 78
116.232.54.109 - - [17/Aug/2020:09:09:39 +0800] "POST /xingrg/dwr/call/plaincall/AjaxCheckService.setItemNumber.dwr HTTP/1.1" 200 77
222.69.137.86 - - [17/Aug/2020:09:09:39 +0800] "POST /xingrg/dwr/call/plaincall/AjaxCheckService.setItemNumber.dwr HTTP/1.1" 200 78
116.232.54.109 - - [17/Aug/2020:09:09:39 +0800] "POST /xingrg/dwr/call/plaincall/AjaxCheckService.setItemNumber.dwr HTTP/1.1" 200 77
222.69.137.86 - - [17/Aug/2020:09:09:40 +0800] "POST /xingrg/dwr/call/plaincall/AjaxCheckService.setItemNumber.dwr HTTP/1.1" 200 78
116.232.54.109 - - [17/Aug/2020:09:09:40 +0800] "POST /xingrg/dwr/call/plaincall/AjaxCheckService.setItemNumber.dwr HTTP/1.1" 200 77
222.69.137.86 - - [17/Aug/2020:09:09:40 +0800] "POST /xingrg/dwr/call/plaincall/AjaxCheckService.setItemNumber.dwr HTTP/1.1" 200 78
116.232.54.109 - - [17/Aug/2020:09:09:40 +0800] "POST /xingrg/dwr/call/plaincall/AjaxCheckService.setItemNumber.dwr HTTP/1.1" 200 77
222.69.137.86 - - [17/Aug/2020:09:09:40 +0800] "POST /xingrg/dwr/call/plaincall/AjaxCheckService.setItemNumber.dwr HTTP/1.1" 200 78
116.232.54.109 - - [17/Aug/2020:09:09:40 +0800] "POST /xingrg/dwr/call/plaincall/AjaxCheckService.setItemNumber.dwr HTTP/1.1" 200 77
116.232.54.109 - - [17/Aug/2020:09:09:41 +0800] "POST /xingrg/dwr/call/plaincall/AjaxCheckService.setItemNumber.dwr HTTP/1.1" 200 77
172.17.0.101 - - [17/Aug/2020:09:09:41 +0800] "GET /xingrg/all/function/internal_message.html?_=1597626582261&CODE_STATE=getMsg HTTP/1.1" 302 -
222.69.137.86 - - [17/Aug/2020:09:09:41 +0800] "POST /xingrg/dwr/call/plaincall/AjaxCheckService.setItemNumber.dwr HTTP/1.1" 200 78
222.69.137.86 - - [17/Aug/2020:09:09:42 +0800] "POST /xingrg/dwr/call/plaincall/AjaxCheckService.setItemNumber.dwr HTTP/1.1" 200 78
117.184.7.30 - - [17/Aug/2020:09:09:43 +0800] "POST /xingrg/kc/buy/cgsh_list_operate.html HTTP/1.1" 200 2758
222.69.137.86 - - [17/Aug/2020:09:09:43 +0800] "POST /xingrg/dwr/call/plaincall/AjaxCheckService.setItemNumber.dwr HTTP/1.1" 200 78
222.69.137.86 - - [17/Aug/2020:09:09:43 +0800] "POST /xingrg/dwr/call/plaincall/AjaxCheckService.setItemNumber.dwr HTTP/1.1" 200 78
180.157.251.101 - - [17/Aug/2020:09:09:44 +0800] "GET /xingrg/all/function/internal_message.html?_=1597626584027&CODE_STATE=getMsg HTTP/1.1" 200 27
117.131.5.26 - - [17/Aug/2020:09:09:44 +0800] "GET /xingrg/kc/base/check_order_list.html?isBack=1 HTTP/1.1" 200 16380
117.131.5.26 - - [17/Aug/2020:09:09:44 +0800] "POST /xingrg/kc/base/check_list_operate.html HTTP/1.1" 200 3249
120.253.135.82 - - [17/Aug/2020:09:09:44 +0800] "GET /xingrg/check_reg.html?_=1597626241465 HTTP/1.1" 200 22
120.253.135.82 - - [17/Aug/2020:09:09:44 +0800] "GET /xingrg/all/function/internal_message.html?_=1597626241464&CODE_STATE=getMsg HTTP/1.1" 200 27
116.232.54.109 - - [17/Aug/2020:09:09:45 +0800] "POST /xingrg/dwr/call/plaincall/AjaxCheckService.setItemNumber.dwr HTTP/1.1" 200 77
117.184.7.30 - - [17/Aug/2020:09:09:45 +0800] "GET /xingrg/kc/base/base_main.html HTTP/1.1" 200 12142
116.232.54.109 - - [17/Aug/2020:09:09:46 +0800] "POST /xingrg/dwr/call/plaincall/AjaxCheckService.setItemNumber.dwr HTTP/1.1" 200 77
116.232.54.109 - - [17/Aug/2020:09:09:46 +0800] "POST /xingrg/dwr/call/plaincall/AjaxCheckService.setItemNumber.dwr HTTP/1.1" 200 77
117.184.7.30 - - [17/Aug/2020:09:09:47 +0800] "GET /xingrg/kc/base/check_order_list.html HTTP/1.1" 200 16374
116.230.74.197 - - [17/Aug/2020:09:09:47 +0800] "GET /xingrg/kc/buy/cgsh_order_operate.html?command=get_materiel&rest_code=00107&code=00101008072&supplier_code=00100006&order_time=2020-08-17 HTTP/1.1" 200 408
117.184.7.30 - - [17/Aug/2020:09:09:47 +0800] "POST /xingrg/kc/base/check_list_operate.html HTTP/1.1" 200 3522
116.232.54.109 - - [17/Aug/2020:09:09:48 +0800] "POST /xingrg/dwr/call/plaincall/AjaxCheckService.setItemNumber.dwr HTTP/1.1" 200 77
222.69.137.86 - - [17/Aug/2020:09:09:48 +0800] "POST /xingrg/dwr/call/plaincall/AjaxCheckService.setItemNumber.dwr HTTP/1.1" 200 78
222.69.137.86 - - [17/Aug/2020:09:09:48 +0800] "POST /xingrg/dwr/call/plaincall/AjaxCheckService.setItemNumber.dwr HTTP/1.1" 200 78
222.69.137.86 - - [17/Aug/2020:09:09:49 +0800] "POST /xingrg/dwr/call/plaincall/AjaxCheckService.setItemNumber.dwr HTTP/1.1" 200 78
58.40.7.146 - - [17/Aug/2020:09:09:49 +0800] "GET /xingrg/all/function/internal_message.html?_=1597626589779&CODE_STATE=getMsg HTTP/1.1" 200 27
58.40.7.146 - - [17/Aug/2020:09:09:49 +0800] "GET /xingrg/check_reg.html?_=1597626589782 HTTP/1.1" 200 22
61.172.5.115 - - [17/Aug/2020:09:09:50 +0800] "GET /xingrg/kc/buy/cgsh_order_operate.html?command=get_materiel&rest_code=00105&code=00101020153&supplier_code=00100034&order_time=2020-08-17 HTTP/1.1" 200 408
116.230.74.197 - - [17/Aug/2020:09:09:51 +0800] "GET /xingrg/all/function/internal_message.html?_=1597626593925&CODE_STATE=getMsg HTTP/1.1" 200 27
117.131.5.26 - - [17/Aug/2020:09:09:51 +0800] "GET /xingrg/kc/base/check_order_info.html?code=452020081600384 HTTP/1.1" 200 26438
117.131.5.26 - - [17/Aug/2020:09:09:51 +0800] "GET /xingrg/dwr/interface/AjaxCheckService.js HTTP/1.1" 200 14003
117.131.5.26 - - [17/Aug/2020:09:09:51 +0800] "GET /xingrg/dwr/interface/AjaxComOrderService.js HTTP/1.1" 200 18264
117.131.5.26 - - [17/Aug/2020:09:09:51 +0800] "GET /xingrg/dwr/engine.js HTTP/1.1" 200 43631
117.131.5.26 - - [17/Aug/2020:09:09:52 +0800] "POST /xingrg/dwr/call/plaincall/AjaxCheckService.loadOrderItems.dwr HTTP/1.1" 200 165543
222.69.137.86 - - [17/Aug/2020:09:09:53 +0800] "POST /xingrg/dwr/call/plaincall/AjaxCheckService.setItemNumber.dwr HTTP/1.1" 200 78
222.69.137.86 - - [17/Aug/2020:09:09:53 +0800] "POST /xingrg/dwr/call/plaincall/AjaxCheckService.setItemNumber.dwr HTTP/1.1" 200 78
222.69.137.86 - - [17/Aug/2020:09:09:54 +0800] "POST /xingrg/dwr/call/plaincall/AjaxCheckService.setItemNumber.dwr HTTP/1.1" 200 78
218.81.217.115 - - [17/Aug/2020:09:09:54 +0800] "GET /xingrg/all/function/internal_message.html?_=1597626595433&CODE_STATE=getMsg HTTP/1.1" 200 27
222.69.137.86 - - [17/Aug/2020:09:09:54 +0800] "POST /xingrg/dwr/call/plaincall/AjaxCheckService.setItemNumber.dwr HTTP/1.1" 200 78
222.69.137.86 - - [17/Aug/2020:09:09:55 +0800] "POST /xingrg/dwr/call/plaincall/AjaxCheckService.setItemNumber.dwr HTTP/1.1" 200 78
222.69.137.86 - - [17/Aug/2020:09:09:56 +0800] "POST /xingrg/dwr/call/plaincall/AjaxCheckService.setItemNumber.dwr HTTP/1.1" 200 78
222.69.137.86 - - [17/Aug/2020:09:09:56 +0800] "POST /xingrg/dwr/call/plaincall/AjaxCheckService.setItemNumber.dwr HTTP/1.1" 200 78
222.69.137.86 - - [17/Aug/2020:09:09:57 +0800] "POST /xingrg/dwr/call/plaincall/AjaxCheckService.setItemNumber.dwr HTTP/1.1" 200 78
180.157.251.101 - - [17/Aug/2020:09:09:57 +0800] "GET /xingrg/kc/buy/cgsh_order_operate.html?command=get_materiel&rest_code=00148&code=00101008360&supplier_code=00100007&order_time=2020-08-17 HTTP/1.1" 200 412
222.69.137.86 - - [17/Aug/2020:09:09:59 +0800] "POST /xingrg/dwr/call/plaincall/AjaxCheckService.setItemNumber.dwr HTTP/1.1" 200 78
218.81.217.115 - - [17/Aug/2020:09:09:59 +0800] "GET /xingrg/kc/buy/cgsh_order_operate.html?command=get_materiel&rest_code=00146&code=00101008286&supplier_code=00100005&order_time=2020-08-17 HTTP/1.1" 200 408
222.69.137.86 - - [17/Aug/2020:09:09:59 +0800] "POST /xingrg/dwr/call/plaincall/AjaxCheckService.setItemNumber.dwr HTTP/1.1" 200 78
61.172.5.115 - - [17/Aug/2020:09:10:00 +0800] "GET /xingrg/all/function/internal_message.html?_=1597626590496&CODE_STATE=getMsg HTTP/1.1" 200 27
116.232.54.109 - - [17/Aug/2020:09:10:00 +0800] "POST /xingrg/dwr/call/plaincall/AjaxCheckService.setItemNumber.dwr HTTP/1.1" 200 77
116.232.54.109 - - [17/Aug/2020:09:10:00 +0800] "POST /xingrg/dwr/call/plaincall/AjaxCheckService.setItemNumber.dwr HTTP/1.1" 200 77
222.69.137.86 - - [17/Aug/2020:09:10:01 +0800] "POST /xingrg/dwr/call/plaincall/AjaxCheckService.setItemNumber.dwr HTTP/1.1" 200 78
116.232.54.109 - - [17/Aug/2020:09:10:02 +0800] "POST /xingrg/dwr/call/plaincall/AjaxCheckService.setItemNumber.dwr HTTP/1.1" 200 77
222.69.137.86 - - [17/Aug/2020:09:10:02 +0800] "GET /xingrg/all/function/internal_message.html?_=1597626601565&CODE_STATE=getMsg HTTP/1.1" 200 27
116.232.54.109 - - [17/Aug/2020:09:10:02 +0800] "POST /xingrg/dwr/call/plaincall/AjaxCheckService.setItemNumber.dwr HTTP/1.1" 200 77
116.232.54.109 - - [17/Aug/2020:09:10:03 +0800] "POST /xingrg/dwr/call/plaincall/AjaxCheckService.setItemNumber.dwr HTTP/1.1" 200 77
116.232.54.109 - - [17/Aug/2020:09:10:03 +0800] "POST /xingrg/dwr/call/plaincall/AjaxCheckService.setItemNumber.dwr HTTP/1.1" 200 77
116.232.54.109 - - [17/Aug/2020:09:10:04 +0800] "POST /xingrg/dwr/call/plaincall/AjaxCheckService.setItemNumber.dwr HTTP/1.1" 200 77
116.232.54.109 - - [17/Aug/2020:09:10:04 +0800] "POST /xingrg/dwr/call/plaincall/AjaxCheckService.setItemNumber.dwr HTTP/1.1" 200 77
116.232.54.109 - - [17/Aug/2020:09:10:04 +0800] "POST /xingrg/dwr/call/plaincall/AjaxCheckService.setItemNumber.dwr HTTP/1.1" 200 77
116.232.54.109 - - [17/Aug/2020:09:10:05 +0800] "POST /xingrg/dwr/call/plaincall/AjaxCheckService.setItemNumber.dwr HTTP/1.1" 200 77
116.232.54.109 - - [17/Aug/2020:09:10:06 +0800] "POST /xingrg/dwr/call/plaincall/AjaxCheckService.setItemNumber.dwr HTTP/1.1" 200 77
180.157.251.101 - - [17/Aug/2020:09:10:06 +0800] "GET /xingrg/kc/buy/cgsh_order_operate.html?command=get_materiel&rest_code=00148&code=00101008223&supplier_code=00100007&order_time=2020-08-17 HTTP/1.1" 200 412
116.232.54.109 - - [17/Aug/2020:09:10:06 +0800] "POST /xingrg/dwr/call/plaincall/AjaxCheckService.setItemNumber.dwr HTTP/1.1" 200 77
117.131.5.26 - - [17/Aug/2020:09:10:08 +0800] "POST /xingrg/dwr/call/plaincall/AjaxCheckService.setItemNumber.dwr HTTP/1.1" 200 76
116.232.54.109 - - [17/Aug/2020:09:10:08 +0800] "POST /xingrg/dwr/call/plaincall/AjaxCheckService.setItemNumber.dwr HTTP/1.1" 200 77
117.131.5.26 - - [17/Aug/2020:09:10:09 +0800] "POST /xingrg/dwr/call/plaincall/AjaxCheckService.setItemNumber.dwr HTTP/1.1" 200 76
61.172.5.115 - - [17/Aug/2020:09:10:10 +0800] "POST /xingrg/kc/buy/cgsh_order_operate.html HTTP/1.1" 200 37
117.131.5.26 - - [17/Aug/2020:09:10:11 +0800] "POST /xingrg/dwr/call/plaincall/AjaxCheckService.setItemNumber.dwr HTTP/1.1" 200 76
61.172.5.115 - - [17/Aug/2020:09:10:12 +0800] "POST /xingrg/kc/buy/cgsh_order_operate.html HTTP/1.1" 200 3836
116.230.74.197 - - [17/Aug/2020:09:10:13 +0800] "GET /xingrg/kc/buy/cgsh_order_operate.html?command=get_materiel&rest_code=00107&code=00101008369&supplier_code=00100006&order_time=2020-08-17 HTTP/1.1" 200 414
120.253.135.82 - - [17/Aug/2020:09:10:13 +0800] "GET /xingrg/all/function/internal_message.html?_=1597626365579&CODE_STATE=getMsg HTTP/1.1" 200 27
180.157.251.101 - - [17/Aug/2020:09:10:13 +0800] "GET /xingrg/kc/buy/cgsh_order_operate.html?command=get_materiel&rest_code=00148&code=00101008331&supplier_code=00100007&order_time=2020-08-17 HTTP/1.1" 200 416
117.131.5.26 - - [17/Aug/2020:09:10:13 +0800] "POST /xingrg/dwr/call/plaincall/AjaxCheckService.setItemNumber.dwr HTTP/1.1" 200 76
61.172.5.115 - - [17/Aug/2020:09:10:14 +0800] "GET /xingrg/kc/print/load_data.html?order_code=212020081707090&kc_code=cgsh&condition= HTTP/1.1" 200 1158
172.17.0.101 - - [17/Aug/2020:09:10:17 +0800] "GET /xingrg/check_reg.html?_=1597626617883 HTTP/1.1" 302 -
180.157.251.101 - - [17/Aug/2020:09:10:17 +0800] "POST /xingrg/kc/buy/cgsh_order_operate.html HTTP/1.1" 200 2065
117.131.5.26 - - [17/Aug/2020:09:10:18 +0800] "POST /xingrg/dwr/call/plaincall/AjaxCheckService.setItemNumber.dwr HTTP/1.1" 200 76
116.232.54.109 - - [17/Aug/2020:09:10:20 +0800] "POST /xingrg/dwr/call/plaincall/AjaxCheckService.setItemNumber.dwr HTTP/1.1" 200 77
117.131.5.26 - - [17/Aug/2020:09:10:20 +0800] "POST /xingrg/dwr/call/plaincall/AjaxCheckService.setItemNumber.dwr HTTP/1.1" 200 76
116.232.54.109 - - [17/Aug/2020:09:10:21 +0800] "POST /xingrg/dwr/call/plaincall/AjaxCheckService.setItemNumber.dwr HTTP/1.1" 200 77
180.175.214.200 - - [17/Aug/2020:09:10:21 +0800] "GET /xingrg/all/function/internal_message.html?_=1597626827432&CODE_STATE=getMsg HTTP/1.1" 200 27
116.232.54.109 - - [17/Aug/2020:09:10:21 +0800] "POST /xingrg/dwr/call/plaincall/AjaxCheckService.setItemNumber.dwr HTTP/1.1" 200 77
117.131.5.26 - - [17/Aug/2020:09:10:21 +0800] "POST /xingrg/dwr/call/plaincall/AjaxCheckService.setItemNumber.dwr HTTP/1.1" 200 76
114.88.165.122 - - [17/Aug/2020:09:10:21 +0800] "GET /xingrg/all/function/internal_message.html?_=1597626621035&CODE_STATE=getMsg HTTP/1.1" 200 27
116.232.54.109 - - [17/Aug/2020:09:10:21 +0800] "POST /xingrg/dwr/call/plaincall/AjaxCheckService.setItemNumber.dwr HTTP/1.1" 200 77
116.232.54.109 - - [17/Aug/2020:09:10:22 +0800] "POST /xingrg/dwr/call/plaincall/AjaxCheckService.setItemNumber.dwr HTTP/1.1" 200 77
