180.157.251.101 - - [14/Aug/2020:08:57:50 +0800] "GET /xingrg/kc/buy/cgsh_order_operate.html?command=get_materiel&rest_code=00148&code=00101008038&supplier_code=00100007&order_time=2020-08-14 HTTP/1.1" 200 412
61.172.5.115 - - [14/Aug/2020:08:57:50 +0800] "GET /xingrg/all/function/internal_message.html?_=1597366658399&CODE_STATE=getMsg HTTP/1.1" 200 27
222.69.137.5 - - [14/Aug/2020:08:57:52 +0800] "GET /xingrg/kc/buy/cgsh_order_operate.html?command=get_materiel&rest_code=00149&code=00101015044&supplier_code=00100005&order_time=2020-08-14 HTTP/1.1" 200 408
114.88.165.122 - - [14/Aug/2020:08:57:56 +0800] "GET /xingrg/all/function/internal_message.html?_=1597366717257&CODE_STATE=getMsg HTTP/1.1" 200 27
172.17.0.100 - - [14/Aug/2020:08:57:56 +0800] "GET /xingrg/all/function/internal_message.html?_=1597366673651&CODE_STATE=getMsg HTTP/1.1" 200 27
172.17.0.100 - - [14/Aug/2020:08:58:00 +0800] "POST /xingrg/kc/buy/cgsh_order_operate.html HTTP/1.1" 200 37
172.17.0.100 - - [14/Aug/2020:08:58:01 +0800] "POST /xingrg/kc/buy/cgsh_order_operate.html HTTP/1.1" 200 2690
172.17.0.100 - - [14/Aug/2020:08:58:01 +0800] "GET /xingrg/kc/print/load_config.html?kc_code=cgsh HTTP/1.1" 200 1845
172.17.0.100 - - [14/Aug/2020:08:58:01 +0800] "GET /xingrg/kc/print/load_data.html?order_code=212020081405658&kc_code=cgsh&condition= HTTP/1.1" 200 765
116.230.74.197 - - [14/Aug/2020:08:58:05 +0800] "GET /xingrg/kc/buy/cgsh_order_add.html HTTP/1.1" 200 59426
116.230.74.197 - - [14/Aug/2020:08:58:06 +0800] "GET /xingrg/javascript/easyui/themes/default/validatebox.css HTTP/1.1" 404 1104
116.230.74.197 - - [14/Aug/2020:08:58:06 +0800] "POST /xingrg/kc/buy/cgsh_order_operate.html HTTP/1.1" 200 8245
114.88.165.122 - - [14/Aug/2020:08:58:06 +0800] "GET /xingrg/all/function/internal_message.html?_=1597366682063&CODE_STATE=getMsg HTTP/1.1" 200 27
116.230.74.197 - - [14/Aug/2020:08:58:06 +0800] "GET /xingrg/all/function/internal_message.html?_=1597366678772&CODE_STATE=getMsg HTTP/1.1" 200 27
180.157.251.101 - - [14/Aug/2020:08:58:07 +0800] "GET /xingrg/kc/buy/cgsh_order_operate.html?command=get_materiel&rest_code=00148&code=00101008396&supplier_code=00100007&order_time=2020-08-14 HTTP/1.1" 200 412
222.69.137.5 - - [14/Aug/2020:08:58:07 +0800] "GET /xingrg/kc/buy/cgsh_order_operate.html?command=get_materiel&rest_code=00149&code=00101008236&supplier_code=00100005&order_time=2020-08-14 HTTP/1.1" 200 416
117.184.7.26 - - [14/Aug/2020:08:58:08 +0800] "GET /xingrg/check_reg.html?_=1597366676669 HTTP/1.1" 200 22
117.184.7.30 - - [14/Aug/2020:08:58:08 +0800] "GET /xingrg/all/function/internal_message.html?_=1597366676671&CODE_STATE=getMsg HTTP/1.1" 200 27
61.172.5.115 - - [14/Aug/2020:08:58:09 +0800] "GET /xingrg/kc/buy/cgsh_order_operate.html?command=get_materiel&rest_code=00105&code=00101008028&supplier_code=00100203&order_time=2020-08-14 HTTP/1.1" 200 412
180.157.251.101 - - [14/Aug/2020:08:58:11 +0800] "GET /xingrg/kc/buy/cgsh_order_operate.html?command=get_materiel&rest_code=00148&code=00101008199&supplier_code=00100007&order_time=2020-08-14 HTTP/1.1" 200 408
180.157.251.101 - - [14/Aug/2020:08:58:11 +0800] "GET /xingrg/all/function/internal_message.html?_=1597366692418&CODE_STATE=getMsg HTTP/1.1" 200 27
114.88.153.107 - - [14/Aug/2020:08:58:12 +0800] "GET /xingrg/all/function/internal_message.html?_=1597366688445&CODE_STATE=getMsg HTTP/1.1" 200 27
120.253.135.82 - - [14/Aug/2020:08:58:15 +0800] "GET /xingrg/login.html HTTP/1.1" 200 7641
120.253.135.82 - - [14/Aug/2020:08:58:15 +0800] "GET /xingrg/images/blue/jxLogo.png HTTP/1.1" 200 6156
172.17.0.101 - - [14/Aug/2020:08:58:15 +0800] "GET /xingrg/all/function/internal_message.html?_=1597366703874&CODE_STATE=getMsg HTTP/1.1" 302 -
120.253.135.82 - - [14/Aug/2020:08:58:16 +0800] "GET /xingrg/images/blue/srbg.png HTTP/1.1" 200 138
120.253.135.82 - - [14/Aug/2020:08:58:16 +0800] "GET /xingrg/images/blue/login_bg.png HTTP/1.1" 200 22101
120.253.135.82 - - [14/Aug/2020:08:58:16 +0800] "GET /xingrg/images/blue/hj.png HTTP/1.1" 200 1014
120.253.135.82 - - [14/Aug/2020:08:58:16 +0800] "GET /favicon.ico HTTP/1.1" 404 -
180.157.251.101 - - [14/Aug/2020:08:58:17 +0800] "GET /xingrg/kc/buy/cgsh_order_operate.html?command=get_materiel&rest_code=00148&code=00101008264&supplier_code=00100007&order_time=2020-08-14 HTTP/1.1" 200 412
120.253.135.82 - - [14/Aug/2020:08:58:18 +0800] "POST /xingrg/login.do HTTP/1.1" 200 2421
120.253.135.82 - - [14/Aug/2020:08:58:18 +0800] "GET /xingrg/css/blue.css HTTP/1.1" 200 15949
120.253.135.82 - - [14/Aug/2020:08:58:18 +0800] "GET /xingrg/javascript/myfunction.js HTTP/1.1" 200 24559
120.253.135.82 - - [14/Aug/2020:08:58:19 +0800] "GET /xingrg/images/blue/pic_top.gif HTTP/1.1" 200 3656
120.253.135.82 - - [14/Aug/2020:08:58:19 +0800] "GET /xingrg/images/blue/pic_notice.jpg HTTP/1.1" 200 3583
120.253.135.82 - - [14/Aug/2020:08:58:19 +0800] "GET /xingrg/images/blue/error_mid.gif HTTP/1.1" 200 215
120.253.135.82 - - [14/Aug/2020:08:58:19 +0800] "GET /xingrg/images/blue/error_top.gif HTTP/1.1" 200 1790
120.253.135.82 - - [14/Aug/2020:08:58:19 +0800] "GET /xingrg/images/blue/error_buttom.gif HTTP/1.1" 200 1750
120.253.135.82 - - [14/Aug/2020:08:58:19 +0800] "GET /favicon.ico HTTP/1.1" 404 -
222.69.137.5 - - [14/Aug/2020:08:58:20 +0800] "GET /xingrg/kc/buy/cgsh_order_operate.html?command=get_materiel&rest_code=00149&code=00101020152&supplier_code=00100005&order_time=2020-08-14 HTTP/1.1" 200 416
120.253.135.82 - - [14/Aug/2020:08:58:21 +0800] "GET /xingrg/login.html HTTP/1.1" 200 7641
120.253.135.82 - - [14/Aug/2020:08:58:21 +0800] "GET /favicon.ico HTTP/1.1" 404 -
120.253.135.82 - - [14/Aug/2020:08:58:22 +0800] "POST /xingrg/login.do HTTP/1.1" 302 -
120.253.135.82 - - [14/Aug/2020:08:58:22 +0800] "GET /xingrg/css/form.css HTTP/1.1" 200 893
120.253.135.82 - - [14/Aug/2020:08:58:22 +0800] "GET /xingrg/javascript/jquery-1.4.2.min.js HTTP/1.1" 200 72205
120.253.135.82 - - [14/Aug/2020:08:58:22 +0800] "GET /xingrg/javascript/jquery_easy_ui/themes/icon.css HTTP/1.1" 200 3949
120.253.135.82 - - [14/Aug/2020:08:58:22 +0800] "GET /xingrg/index.html?sysBaseUrl=http%3A%2F%2F180.169.147.146%3A18081%2Fxingrg%2F&costTime=38×tamp=1597366702361 HTTP/1.1" 200 17503
120.253.135.82 - - [14/Aug/2020:08:58:22 +0800] "GET /xingrg/javascript/jquery.timers.js HTTP/1.1" 200 3532
120.253.135.82 - - [14/Aug/2020:08:58:22 +0800] "GET /xingrg/javascript/jquery_easy_ui/easyui-lang-zh_CN.js HTTP/1.1" 200 1900
120.253.135.82 - - [14/Aug/2020:08:58:22 +0800] "GET /xingrg/javascript/jquery_easy_ui/jquery.easyui.min.js HTTP/1.1" 200 213662
120.253.135.82 - - [14/Aug/2020:08:58:22 +0800] "GET /xingrg/javascript/jquery_easy_ui/themes/default/easyui.css HTTP/1.1" 200 26500
120.253.135.82 - - [14/Aug/2020:08:58:22 +0800] "GET /xingrg/javascript/jquery.utils.js HTTP/1.1" 200 11805
120.253.135.82 - - [14/Aug/2020:08:58:22 +0800] "GET /xingrg/javascript/jquery.form.js HTTP/1.1" 200 23110
120.253.135.82 - - [14/Aug/2020:08:58:22 +0800] "GET /favicon.ico HTTP/1.1" 404 -
120.253.135.82 - - [14/Aug/2020:08:58:22 +0800] "GET /xingrg/images/blue/navBackgound.jpg HTTP/1.1" 200 12378
120.253.135.82 - - [14/Aug/2020:08:58:22 +0800] "GET /xingrg/javascript/jquery_easy_ui/themes/default/images/tabs_leftarrow.png HTTP/1.1" 200 389
120.253.135.82 - - [14/Aug/2020:08:58:22 +0800] "GET /xingrg/images/blue/pingpu.png HTTP/1.1" 200 231
120.253.135.82 - - [14/Aug/2020:08:58:22 +0800] "GET /xingrg/javascript/jquery_easy_ui/themes/default/images/tabs_rightarrow.png HTTP/1.1" 200 395
120.253.135.82 - - [14/Aug/2020:08:58:22 +0800] "GET /xingrg/javascript/jquery_easy_ui/themes/icons/settle_new.png HTTP/1.1" 200 826
120.253.135.82 - - [14/Aug/2020:08:58:22 +0800] "POST /xingrg/all/common/load_tree.html?tree=area_rest_tree_json&manage=1 HTTP/1.1" 200 344
120.253.135.82 - - [14/Aug/2020:08:58:22 +0800] "GET /xingrg/javascript/jquery_easy_ui/themes/default/images/panel_tool_collapse.gif HTTP/1.1" 200 246
120.253.135.82 - - [14/Aug/2020:08:58:23 +0800] "GET /xingrg/javascript/jquery_easy_ui/themes/default/images/panel_tool_expand.gif HTTP/1.1" 200 247
120.253.135.82 - - [14/Aug/2020:08:58:23 +0800] "GET /xingrg/all/function/internal_message.html?_=1597366453129&CODE_STATE=count HTTP/1.1" 200 11
120.253.135.82 - - [14/Aug/2020:08:58:23 +0800] "GET /xingrg/check_reg.html?_=1597366453130 HTTP/1.1" 200 22
120.253.135.82 - - [14/Aug/2020:08:58:23 +0800] "GET /xingrg/javascript/jquery_easy_ui/themes/default/images/tree_arrows.gif HTTP/1.1" 200 1043
120.253.135.82 - - [14/Aug/2020:08:58:23 +0800] "POST /xingrg/load_menu.html HTTP/1.1" 200 11443
120.253.135.82 - - [14/Aug/2020:08:58:23 +0800] "GET /xingrg/javascript/jquery_easy_ui/themes/default/images/tree_folder_open.gif HTTP/1.1" 200 956
120.253.135.82 - - [14/Aug/2020:08:58:23 +0800] "GET /xingrg/javascript/jquery_easy_ui/themes/icons/delivery_new.png HTTP/1.1" 200 700
120.253.135.82 - - [14/Aug/2020:08:58:23 +0800] "GET /xingrg/javascript/jquery_easy_ui/themes/icons/forms_new.png HTTP/1.1" 200 350
120.253.135.82 - - [14/Aug/2020:08:58:23 +0800] "GET /xingrg/javascript/jquery_easy_ui/themes/icons/search_new.png HTTP/1.1" 200 586
120.253.135.82 - - [14/Aug/2020:08:58:23 +0800] "GET /xingrg/javascript/jquery_easy_ui/themes/icons/setting_new.png HTTP/1.1" 200 450
120.253.135.82 - - [14/Aug/2020:08:58:23 +0800] "GET /xingrg/javascript/jquery_easy_ui/themes/icons/systemset_new.png HTTP/1.1" 200 606
120.253.135.82 - - [14/Aug/2020:08:58:23 +0800] "GET /xingrg/javascript/jquery_easy_ui/themes/default/images/tree_folder.gif HTTP/1.1" 200 952
120.253.135.82 - - [14/Aug/2020:08:58:23 +0800] "GET /xingrg/javascript/jquery_easy_ui/themes/icons/checkout_new.png HTTP/1.1" 200 744
120.253.135.82 - - [14/Aug/2020:08:58:23 +0800] "GET /xingrg/javascript/jquery_easy_ui/themes/default/images/tree_file.gif HTTP/1.1" 200 118
120.253.135.82 - - [14/Aug/2020:08:58:23 +0800] "GET /xingrg/javascript/jquery_easy_ui/themes/icons/storage_new.png HTTP/1.1" 200 853
218.81.217.115 - - [14/Aug/2020:08:58:24 +0800] "GET /xingrg/all/function/internal_message.html?_=1597366690796&CODE_STATE=getMsg HTTP/1.1" 200 27
180.157.251.101 - - [14/Aug/2020:08:58:24 +0800] "GET /xingrg/kc/buy/cgsh_order_operate.html?command=get_materiel&rest_code=00148&code=00101008137&supplier_code=00100007&order_time=2020-08-14 HTTP/1.1" 200 408
61.172.5.115 - - [14/Aug/2020:08:58:29 +0800] "GET /xingrg/kc/buy/cgsh_order_operate.html?command=get_materiel&rest_code=00105&code=00101008088&supplier_code=00100203&order_time=2020-08-14 HTTP/1.1" 200 408
180.175.214.200 - - [14/Aug/2020:08:58:29 +0800] "GET /xingrg/check_reg.html?_=1597366913669 HTTP/1.1" 200 22
180.175.214.200 - - [14/Aug/2020:08:58:30 +0800] "GET /xingrg/all/function/internal_message.html?_=1597366913994&CODE_STATE=getMsg HTTP/1.1" 200 27
120.253.135.82 - - [14/Aug/2020:08:58:31 +0800] "GET /xingrg/javascript/jquery_easy_ui/themes/default/images/tabs_close.gif HTTP/1.1" 200 829
120.253.135.82 - - [14/Aug/2020:08:58:31 +0800] "GET /xingrg/kc/pszx/mdps_order_list.html?orderType=0 HTTP/1.1" 200 21018
120.253.135.82 - - [14/Aug/2020:08:58:31 +0800] "GET /xingrg/css/base.css HTTP/1.1" 200 2811
120.253.135.82 - - [14/Aug/2020:08:58:31 +0800] "GET /xingrg/css/site.css HTTP/1.1" 200 7541
120.253.135.82 - - [14/Aug/2020:08:58:31 +0800] "GET /xingrg/javascript/jquery_tools/fix.css HTTP/1.1" 200 1702
120.253.135.82 - - [14/Aug/2020:08:58:31 +0800] "GET /xingrg/javascript/jquery_tools/datebox.css HTTP/1.1" 200 2597
120.253.135.82 - - [14/Aug/2020:08:58:31 +0800] "GET /xingrg/javascript/jquery_tools/table.css HTTP/1.1" 200 1032
120.253.135.82 - - [14/Aug/2020:08:58:31 +0800] "GET /xingrg/javascript/jquery_tools/jquery.tools.min.js HTTP/1.1" 200 138801
120.253.135.82 - - [14/Aug/2020:08:58:31 +0800] "GET /xingrg/javascript/easyui/themes/icon.css HTTP/1.1" 200 4483
120.253.135.82 - - [14/Aug/2020:08:58:31 +0800] "GET /xingrg/javascript/auto/jquery.autocomplete.css HTTP/1.1" 200 587
120.253.135.82 - - [14/Aug/2020:08:58:31 +0800] "GET /xingrg/javascript/jquery_tools/jquery.tools.hotkey.js HTTP/1.1" 200 3242
120.253.135.82 - - [14/Aug/2020:08:58:31 +0800] "GET /xingrg/javascript/jquery_tools/jquery.tools.extend.js HTTP/1.1" 200 15385
120.253.135.82 - - [14/Aug/2020:08:58:31 +0800] "GET /xingrg/javascript/jquery_tools/jquery.tools.table.js HTTP/1.1" 200 6994
120.253.135.82 - - [14/Aug/2020:08:58:31 +0800] "GET /xingrg/javascript/jquery_tools/list_manager.js HTTP/1.1" 200 3652
120.253.135.82 - - [14/Aug/2020:08:58:31 +0800] "GET /xingrg/javascript/easyui/easyloader.js HTTP/1.1" 200 5975
120.253.135.82 - - [14/Aug/2020:08:58:31 +0800] "GET /xingrg/javascript/jquery.cookie.js HTTP/1.1" 200 5513
120.253.135.82 - - [14/Aug/2020:08:58:31 +0800] "GET /xingrg/javascript/print/LodopFuncs.js HTTP/1.1" 200 5121
120.253.135.82 - - [14/Aug/2020:08:58:31 +0800] "GET /xingrg/javascript/easyui/themes/default/easyui.css HTTP/1.1" 200 30432
120.253.135.82 - - [14/Aug/2020:08:58:31 +0800] "GET /xingrg/javascript/auto/jquery.autocomplete.js HTTP/1.1" 200 21624
180.157.251.101 - - [14/Aug/2020:08:58:31 +0800] "GET /xingrg/kc/buy/cgsh_order_operate.html?command=get_materiel&rest_code=00148&code=00101008357&supplier_code=00100007&order_time=2020-08-14 HTTP/1.1" 200 408
120.253.135.82 - - [14/Aug/2020:08:58:31 +0800] "GET /xingrg/javascript/easyui/themes/icons/edit_add_new.png HTTP/1.1" 200 2997
120.253.135.82 - - [14/Aug/2020:08:58:31 +0800] "GET /xingrg/javascript/easyui/themes/icons/import_new.png HTTP/1.1" 200 1247
120.253.135.82 - - [14/Aug/2020:08:58:31 +0800] "GET /xingrg/javascript/easyui/themes/icons/field_new.png HTTP/1.1" 200 1097
120.253.135.82 - - [14/Aug/2020:08:58:31 +0800] "GET /xingrg/javascript/easyui/themes/icons/uncheck_new.png HTTP/1.1" 200 3197
120.253.135.82 - - [14/Aug/2020:08:58:31 +0800] "GET /xingrg/javascript/easyui/themes/icons/cance_new.png HTTP/1.1" 200 3986
120.253.135.82 - - [14/Aug/2020:08:58:31 +0800] "GET /xingrg/javascript/easyui/themes/icons/check_new.png HTTP/1.1" 200 3224
120.253.135.82 - - [14/Aug/2020:08:58:31 +0800] "GET /xingrg/javascript/easyui/plugins/jquery.parser.js HTTP/1.1" 200 1142
120.253.135.82 - - [14/Aug/2020:08:58:31 +0800] "GET /xingrg/images/control/ajaxLoader.gif HTTP/1.1" 200 4659
120.253.135.82 - - [14/Aug/2020:08:58:31 +0800] "POST /xingrg/kc/pszx/mdps_list_operate.html HTTP/1.1" 200 5290
180.157.251.101 - - [14/Aug/2020:08:58:35 +0800] "GET /xingrg/kc/buy/cgsh_order_operate.html?command=get_materiel&rest_code=00148&code=00101008069&supplier_code=00100007&order_time=2020-08-14 HTTP/1.1" 200 412
222.69.137.5 - - [14/Aug/2020:08:58:35 +0800] "GET /xingrg/kc/buy/cgsh_order_operate.html?command=get_materiel&rest_code=00149&code=00101008284&supplier_code=00100005&order_time=2020-08-14 HTTP/1.1" 200 412
120.253.135.82 - - [14/Aug/2020:08:58:35 +0800] "POST /xingrg/kc/pszx/mdps_list_operate.html HTTP/1.1" 200 5355
114.89.80.44 - - [14/Aug/2020:08:58:37 +0800] "GET /xingrg/check_reg.html?_=1597366714407 HTTP/1.1" 200 22
114.89.80.44 - - [14/Aug/2020:08:58:37 +0800] "GET /xingrg/all/function/internal_message.html?_=1597366714434&CODE_STATE=getMsg HTTP/1.1" 200 27
120.253.135.82 - - [14/Aug/2020:08:58:38 +0800] "POST /xingrg/kc/pszx/mdps_list_operate.html HTTP/1.1" 200 205
120.253.135.82 - - [14/Aug/2020:08:58:38 +0800] "GET /xingrg/kc/pszx/mdps_order_info.html?code=312020081400350 HTTP/1.1" 200 23841
61.172.5.115 - - [14/Aug/2020:08:58:38 +0800] "GET /xingrg/kc/buy/cgsh_order_operate.html?command=get_materiel&rest_code=00105&code=00101008246&supplier_code=00100203&order_time=2020-08-14 HTTP/1.1" 200 408
120.253.135.82 - - [14/Aug/2020:08:58:38 +0800] "GET /xingrg/javascript/pic_change.js HTTP/1.1" 200 4739
120.253.135.82 - - [14/Aug/2020:08:58:38 +0800] "GET /xingrg/javascript/convert.js HTTP/1.1" 200 1239
120.253.135.82 - - [14/Aug/2020:08:58:38 +0800] "GET /xingrg/javascript/print/kc_print.js HTTP/1.1" 200 11415
120.253.135.82 - - [14/Aug/2020:08:58:38 +0800] "GET /xingrg/javascript/json2.js HTTP/1.1" 200 11259
120.253.135.82 - - [14/Aug/2020:08:58:38 +0800] "GET /xingrg/javascript/jquery_tools/order_manager.js HTTP/1.1" 200 11183
120.253.135.82 - - [14/Aug/2020:08:58:38 +0800] "GET /xingrg/words/20200813115728_words.js HTTP/1.1" 200 756788
120.253.135.82 - - [14/Aug/2020:08:58:38 +0800] "GET /xingrg/javascript/easyui/themes/icons/copy_new.png HTTP/1.1" 200 815
120.253.135.82 - - [14/Aug/2020:08:58:38 +0800] "GET /xingrg/javascript/easyui/themes/icons/cancel.png HTTP/1.1" 200 1133
120.253.135.82 - - [14/Aug/2020:08:58:38 +0800] "GET /xingrg/javascript/easyui/themes/icons/print.png HTTP/1.1" 200 1057
120.253.135.82 - - [14/Aug/2020:08:58:38 +0800] "GET /xingrg/javascript/easyui/themes/icons/ok.png HTTP/1.1" 200 883
120.253.135.82 - - [14/Aug/2020:08:58:38 +0800] "GET /xingrg/javascript/easyui/themes/default/images/menu_downarrow.png HTTP/1.1" 200 173
120.253.135.82 - - [14/Aug/2020:08:58:39 +0800] "GET /xingrg/all/common/auto_word.html?type=base&rest_code=00101 HTTP/1.1" 200 513
120.253.135.82 - - [14/Aug/2020:08:58:39 +0800] "POST /xingrg/kc/pszx/mdps_order_operate.html HTTP/1.1" 200 2290
120.253.135.82 - - [14/Aug/2020:08:58:39 +0800] "GET /xingrg/javascript/easyui/themes/default/validatebox.css HTTP/1.1" 404 1104
120.253.135.82 - - [14/Aug/2020:08:58:39 +0800] "GET /xingrg/javascript/easyui/plugins/jquery.validatebox.js HTTP/1.1" 200 6103
120.253.135.82 - - [14/Aug/2020:08:58:39 +0800] "GET /xingrg/javascript/easyui/themes/icons/edit_remove.png HTTP/1.1" 200 625
120.253.135.82 - - [14/Aug/2020:08:58:39 +0800] "GET /xingrg/javascript/easyui/plugins/jquery.numberbox.js HTTP/1.1" 200 5213
120.253.135.82 - - [14/Aug/2020:08:58:40 +0800] "GET /xingrg/javascript/easyui/themes/default/images/button_plain_hover.png HTTP/1.1" 200 144
180.157.251.101 - - [14/Aug/2020:08:58:43 +0800] "GET /xingrg/kc/buy/cgsh_order_operate.html?command=get_materiel&rest_code=00148&code=00101008036&supplier_code=00100007&order_time=2020-08-14 HTTP/1.1" 200 408
120.253.135.82 - - [14/Aug/2020:08:58:43 +0800] "GET /xingrg/kc/print/load_config.html?kc_code=mdps HTTP/1.1" 200 2396
120.253.135.82 - - [14/Aug/2020:08:58:43 +0800] "GET /xingrg/kc/print/load_data.html?order_code=312020081400350&kc_code=mdps&condition= HTTP/1.1" 200 694
222.69.137.5 - - [14/Aug/2020:08:58:43 +0800] "GET /xingrg/kc/buy/cgsh_order_operate.html?command=get_materiel&rest_code=00149&code=00101010237&supplier_code=00100005&order_time=2020-08-14 HTTP/1.1" 200 412
61.172.5.115 - - [14/Aug/2020:08:58:43 +0800] "GET /xingrg/kc/buy/cgsh_order_operate.html?command=get_materiel&rest_code=00105&code=00101008003&supplier_code=00100203&order_time=2020-08-14 HTTP/1.1" 200 408
114.89.80.44 - - [14/Aug/2020:08:58:46 +0800] "GET /xingrg/all/function/internal_message.html?_=1597366847881&CODE_STATE=getMsg HTTP/1.1" 200 27
61.172.5.115 - - [14/Aug/2020:08:58:46 +0800] "GET /xingrg/all/function/internal_message.html?_=1597366723757&CODE_STATE=getMsg HTTP/1.1" 200 27
172.17.0.240 - - [14/Aug/2020:08:58:46 +0800] "GET /xingrg/all/function/internal_message.html?_=1597366723118&CODE_STATE=getMsg HTTP/1.1" 200 27
222.69.137.5 - - [14/Aug/2020:08:58:46 +0800] "GET /xingrg/all/function/internal_message.html?_=1597366717278&CODE_STATE=getMsg HTTP/1.1" 200 27
58.221.95.50 - - [14/Aug/2020:08:58:46 +0800] "GET /xingrg/all/function/internal_message.html?_=1597366854597&CODE_STATE=getMsg HTTP/1.1" 200 27
180.157.251.101 - - [14/Aug/2020:08:58:48 +0800] "GET /xingrg/kc/buy/cgsh_order_operate.html?command=get_materiel&rest_code=00148&code=00101008286&supplier_code=00100007&order_time=2020-08-14 HTTP/1.1" 200 408
61.172.5.115 - - [14/Aug/2020:08:58:49 +0800] "GET /xingrg/kc/buy/cgsh_order_operate.html?command=get_materiel&rest_code=00105&code=00101008264&supplier_code=00100203&order_time=2020-08-14 HTTP/1.1" 200 412
218.81.217.115 - - [14/Aug/2020:08:58:49 +0800] "GET /xingrg/all/function/internal_message.html?_=1597366730313&CODE_STATE=getMsg HTTP/1.1" 302 -
120.253.135.82 - - [14/Aug/2020:08:58:50 +0800] "GET /xingrg/all/function/internal_message.html?_=1597366848011&CODE_STATE=getMsg HTTP/1.1" 200 27
172.17.0.185 - - [14/Aug/2020:08:58:50 +0800] "GET /xingrg/all/function/internal_message.html?_=1597366726476&CODE_STATE=getMsg HTTP/1.1" 200 27
61.172.5.115 - - [14/Aug/2020:08:58:50 +0800] "GET /xingrg/all/function/internal_message.html?_=1597366718398&CODE_STATE=getMsg HTTP/1.1" 200 27
114.88.165.122 - - [14/Aug/2020:08:58:56 +0800] "GET /xingrg/all/function/internal_message.html?_=1597366777262&CODE_STATE=getMsg HTTP/1.1" 200 27
180.157.251.101 - - [14/Aug/2020:08:58:56 +0800] "GET /xingrg/kc/buy/cgsh_order_operate.html?command=get_materiel&rest_code=00148&code=00101008131&supplier_code=00100007&order_time=2020-08-14 HTTP/1.1" 200 409
172.17.0.100 - - [14/Aug/2020:08:58:56 +0800] "GET /xingrg/all/function/internal_message.html?_=1597366733726&CODE_STATE=getMsg HTTP/1.1" 200 27
61.172.5.115 - - [14/Aug/2020:08:58:58 +0800] "GET /xingrg/kc/buy/cgsh_order_operate.html?command=get_materiel&rest_code=00105&code=00101008301&supplier_code=00100203&order_time=2020-08-14 HTTP/1.1" 200 422
222.69.137.5 - - [14/Aug/2020:08:58:59 +0800] "POST /xingrg/kc/buy/cgsh_order_operate.html HTTP/1.1" 200 37
61.172.5.115 - - [14/Aug/2020:08:59:01 +0800] "POST /xingrg/kc/buy/cgsh_order_operate.html HTTP/1.1" 200 2065
222.69.137.5 - - [14/Aug/2020:08:59:02 +0800] "POST /xingrg/kc/buy/cgsh_order_operate.html HTTP/1.1" 200 12
61.172.5.115 - - [14/Aug/2020:08:59:02 +0800] "POST /xingrg/kc/buy/cgsh_order_operate.html HTTP/1.1" 200 2065
222.69.137.5 - - [14/Aug/2020:08:59:03 +0800] "GET /xingrg/kc/buy/cgsh_order_info.html?code=212020081405659 HTTP/1.1" 200 54335
222.69.137.5 - - [14/Aug/2020:08:59:03 +0800] "GET /xingrg/javascript/easyui/themes/default/validatebox.css HTTP/1.1" 404 1104
222.69.137.5 - - [14/Aug/2020:08:59:03 +0800] "POST /xingrg/kc/buy/cgsh_order_operate.html HTTP/1.1" 200 29020
61.172.5.115 - - [14/Aug/2020:08:59:04 +0800] "POST /xingrg/kc/buy/cgsh_order_operate.html HTTP/1.1" 200 2065
222.69.137.5 - - [14/Aug/2020:08:59:05 +0800] "GET /xingrg/kc/print/load_config.html?kc_code=cgsh HTTP/1.1" 200 1845
222.69.137.5 - - [14/Aug/2020:08:59:06 +0800] "GET /xingrg/kc/print/load_data.html?order_code=212020081405659&kc_code=cgsh&condition= HTTP/1.1" 200 11511
114.88.165.122 - - [14/Aug/2020:08:59:06 +0800] "GET /xingrg/all/function/internal_message.html?_=1597366742078&CODE_STATE=getMsg HTTP/1.1" 200 27
120.253.135.82 - - [14/Aug/2020:08:59:06 +0800] "GET /xingrg/javascript/jquery_easy_ui/themes/icons/area.png HTTP/1.1" 200 262
120.253.135.82 - - [14/Aug/2020:08:59:06 +0800] "GET /xingrg/javascript/jquery_easy_ui/themes/icons/manage.png HTTP/1.1" 200 696
116.230.74.197 - - [14/Aug/2020:08:59:06 +0800] "GET /xingrg/check_reg.html?_=1597366738772 HTTP/1.1" 200 22
116.230.74.197 - - [14/Aug/2020:08:59:06 +0800] "GET /xingrg/all/function/internal_message.html?_=1597366738774&CODE_STATE=getMsg HTTP/1.1" 200 27
117.184.7.30 - - [14/Aug/2020:08:59:08 +0800] "GET /xingrg/all/function/internal_message.html?_=1597366736662&CODE_STATE=getMsg HTTP/1.1" 200 27
180.157.251.101 - - [14/Aug/2020:08:59:10 +0800] "GET /xingrg/kc/buy/cgsh_order_operate.html?command=get_materiel&rest_code=00148&code=00101001156&supplier_code=00100007&order_time=2020-08-14 HTTP/1.1" 200 409
180.157.251.101 - - [14/Aug/2020:08:59:11 +0800] "GET /xingrg/all/function/internal_message.html?_=1597366752415&CODE_STATE=getMsg HTTP/1.1" 200 27
114.88.153.107 - - [14/Aug/2020:08:59:12 +0800] "GET /xingrg/all/function/internal_message.html?_=1597366748450&CODE_STATE=getMsg HTTP/1.1" 200 27
222.69.137.5 - - [14/Aug/2020:08:59:13 +0800] "GET /xingrg/kc/buy/cgsh_order_add.html HTTP/1.1" 200 59432
120.253.135.82 - - [14/Aug/2020:08:59:14 +0800] "POST /xingrg/kc/pszx/mdps_list_operate.html HTTP/1.1" 200 3764
180.157.251.101 - - [14/Aug/2020:08:59:14 +0800] "GET /xingrg/kc/buy/cgsh_order_operate.html?command=get_materiel&rest_code=00148&code=00101008318&supplier_code=00100007&order_time=2020-08-14 HTTP/1.1" 200 408
222.69.137.5 - - [14/Aug/2020:08:59:14 +0800] "POST /xingrg/kc/buy/cgsh_order_operate.html HTTP/1.1" 200 8245
222.69.137.5 - - [14/Aug/2020:08:59:14 +0800] "GET /xingrg/javascript/easyui/themes/default/validatebox.css HTTP/1.1" 404 1104
172.17.0.101 - - [14/Aug/2020:08:59:15 +0800] "GET /xingrg/all/function/internal_message.html?_=1597366763889&CODE_STATE=getMsg HTTP/1.1" 302 -
61.172.5.115 - - [14/Aug/2020:08:59:17 +0800] "GET /xingrg/kc/buy/cgsh_order_operate.html?command=get_materiel&rest_code=00105&code=00101008059&supplier_code=00100203&order_time=2020-08-14 HTTP/1.1" 200 408
180.157.251.101 - - [14/Aug/2020:08:59:18 +0800] "GET /xingrg/kc/buy/cgsh_order_operate.html?command=get_materiel&rest_code=00148&code=00101008352&supplier_code=00100007&order_time=2020-08-14 HTTP/1.1" 200 412
120.253.135.82 - - [14/Aug/2020:08:59:19 +0800] "POST /xingrg/kc/pszx/mdps_list_operate.html HTTP/1.1" 200 5290
120.253.135.82 - - [14/Aug/2020:08:59:21 +0800] "POST /xingrg/kc/pszx/mdps_list_operate.html HTTP/1.1" 200 205
120.253.135.82 - - [14/Aug/2020:08:59:21 +0800] "GET /xingrg/kc/pszx/mdps_order_info.html?code=312020081300334 HTTP/1.1" 200 23849
120.253.135.82 - - [14/Aug/2020:08:59:22 +0800] "POST /xingrg/kc/pszx/mdps_order_operate.html HTTP/1.1" 200 2281
120.253.135.82 - - [14/Aug/2020:08:59:22 +0800] "GET /xingrg/javascript/easyui/themes/default/validatebox.css HTTP/1.1" 404 1104
180.157.251.101 - - [14/Aug/2020:08:59:22 +0800] "GET /xingrg/kc/buy/cgsh_order_operate.html?command=get_materiel&rest_code=00148&code=00101008005&supplier_code=00100007&order_time=2020-08-14 HTTP/1.1" 200 412
120.253.135.82 - - [14/Aug/2020:08:59:23 +0800] "GET /xingrg/all/function/internal_message.html?_=1597366513142&CODE_STATE=getMsg HTTP/1.1" 200 27
218.81.217.115 - - [14/Aug/2020:08:59:24 +0800] "GET /xingrg/all/function/internal_message.html?_=1597366750807&CODE_STATE=getMsg HTTP/1.1" 200 27
120.253.135.82 - - [14/Aug/2020:08:59:24 +0800] "GET /xingrg/kc/print/load_data.html?order_code=312020081300334&kc_code=mdps&condition= HTTP/1.1" 200 678
180.157.251.101 - - [14/Aug/2020:08:59:29 +0800] "GET /xingrg/kc/buy/cgsh_order_operate.html?command=get_materiel&rest_code=00148&code=00101008353&supplier_code=00100007&order_time=2020-08-14 HTTP/1.1" 200 408
180.175.214.200 - - [14/Aug/2020:08:59:30 +0800] "GET /xingrg/all/function/internal_message.html?_=1597366974008&CODE_STATE=getMsg HTTP/1.1" 200 27
61.172.5.115 - - [14/Aug/2020:08:59:33 +0800] "GET /xingrg/kc/buy/cgsh_order_operate.html?command=get_materiel&rest_code=00105&code=00101008357&supplier_code=00100203&order_time=2020-08-14 HTTP/1.1" 200 408
114.89.80.44 - - [14/Aug/2020:08:59:37 +0800] "GET /xingrg/all/function/internal_message.html?_=1597366774419&CODE_STATE=getMsg HTTP/1.1" 200 27
180.157.251.101 - - [14/Aug/2020:08:59:42 +0800] "GET /xingrg/kc/buy/cgsh_order_operate.html?command=get_materiel&rest_code=00148&code=00101008004&supplier_code=00100007&order_time=2020-08-14 HTTP/1.1" 200 416
172.17.0.101 - - [14/Aug/2020:08:59:45 +0800] "GET /xingrg/check_reg.html?_=1597366793392 HTTP/1.1" 302 -
114.89.80.44 - - [14/Aug/2020:08:59:46 +0800] "GET /xingrg/check_reg.html?_=1597366907690 HTTP/1.1" 200 22
61.172.5.115 - - [14/Aug/2020:08:59:46 +0800] "GET /xingrg/all/function/internal_message.html?_=1597366783573&CODE_STATE=getMsg HTTP/1.1" 200 27
114.89.80.44 - - [14/Aug/2020:08:59:46 +0800] "GET /xingrg/all/function/internal_message.html?_=1597366907895&CODE_STATE=getMsg HTTP/1.1" 200 27
172.17.0.240 - - [14/Aug/2020:08:59:46 +0800] "GET /xingrg/check_reg.html?_=1597366783105 HTTP/1.1" 200 22
172.17.0.240 - - [14/Aug/2020:08:59:46 +0800] "GET /xingrg/all/function/internal_message.html?_=1597366783108&CODE_STATE=getMsg HTTP/1.1" 200 27
222.69.137.5 - - [14/Aug/2020:08:59:46 +0800] "GET /xingrg/all/function/internal_message.html?_=1597366777285&CODE_STATE=getMsg HTTP/1.1" 200 27
58.221.95.50 - - [14/Aug/2020:08:59:46 +0800] "GET /xingrg/all/function/internal_message.html?_=1597366914600&CODE_STATE=getMsg HTTP/1.1" 200 27
218.81.217.115 - - [14/Aug/2020:08:59:49 +0800] "GET /xingrg/all/function/internal_message.html?_=1597366790460&CODE_STATE=getMsg HTTP/1.1" 302 -
172.17.0.185 - - [14/Aug/2020:08:59:50 +0800] "GET /xingrg/all/function/internal_message.html?_=1597366786481&CODE_STATE=getMsg HTTP/1.1" 200 27
120.253.135.82 - - [14/Aug/2020:08:59:50 +0800] "GET /xingrg/all/function/internal_message.html?_=1597366908130&CODE_STATE=getMsg HTTP/1.1" 200 27
61.172.5.115 - - [14/Aug/2020:08:59:50 +0800] "GET /xingrg/all/function/internal_message.html?_=1597366778398&CODE_STATE=getMsg HTTP/1.1" 200 27
61.172.5.115 - - [14/Aug/2020:08:59:51 +0800] "GET /xingrg/kc/buy/cgsh_order_operate.html?command=get_materiel&rest_code=00105&code=00101008295&supplier_code=00100203&order_time=2020-08-14 HTTP/1.1" 200 412
114.88.165.122 - - [14/Aug/2020:08:59:56 +0800] "GET /xingrg/all/function/internal_message.html?_=1597366837270&CODE_STATE=getMsg HTTP/1.1" 200 27
172.17.0.100 - - [14/Aug/2020:08:59:56 +0800] "GET /xingrg/check_reg.html?_=1597366793667 HTTP/1.1" 200 22
172.17.0.100 - - [14/Aug/2020:08:59:56 +0800] "GET /xingrg/all/function/internal_message.html?_=1597366793669&CODE_STATE=getMsg HTTP/1.1" 200 27
180.157.251.101 - - [14/Aug/2020:08:59:56 +0800] "GET /xingrg/kc/buy/cgsh_order_operate.html?command=get_materiel&rest_code=00148&code=00101008101&supplier_code=00100007&order_time=2020-08-14 HTTP/1.1" 200 412
61.172.5.115 - - [14/Aug/2020:09:00:00 +0800] "GET /xingrg/kc/buy/cgsh_order_operate.html?command=get_materiel&rest_code=00105&code=00101008098&supplier_code=00100203&order_time=2020-08-14 HTTP/1.1" 200 412
180.157.251.101 - - [14/Aug/2020:09:00:06 +0800] "GET /xingrg/kc/buy/cgsh_order_operate.html?command=get_materiel&rest_code=00148&code=00101009057&supplier_code=00100007&order_time=2020-08-14 HTTP/1.1" 200 408
116.230.74.197 - - [14/Aug/2020:09:00:06 +0800] "GET /xingrg/all/function/internal_message.html?_=1597366798766&CODE_STATE=getMsg HTTP/1.1" 200 27
114.88.165.122 - - [14/Aug/2020:09:00:07 +0800] "GET /xingrg/all/function/internal_message.html?_=1597366802452&CODE_STATE=getMsg HTTP/1.1" 200 27
117.184.7.30 - - [14/Aug/2020:09:00:08 +0800] "GET /xingrg/all/function/internal_message.html?_=1597366796663&CODE_STATE=getMsg HTTP/1.1" 200 27
180.157.251.101 - - [14/Aug/2020:09:00:11 +0800] "GET /xingrg/all/function/internal_message.html?_=1597366812436&CODE_STATE=getMsg HTTP/1.1" 200 27
114.88.153.107 - - [14/Aug/2020:09:00:12 +0800] "GET /xingrg/all/function/internal_message.html?_=1597366808431&CODE_STATE=getMsg HTTP/1.1" 200 27
180.157.251.101 - - [14/Aug/2020:09:00:15 +0800] "GET /xingrg/kc/buy/cgsh_order_operate.html?command=get_materiel&rest_code=00148&code=00101009066&supplier_code=00100007&order_time=2020-08-14 HTTP/1.1" 200 436
172.17.0.101 - - [14/Aug/2020:09:00:16 +0800] "GET /xingrg/all/function/internal_message.html?_=1597366823938&CODE_STATE=getMsg HTTP/1.1" 302 -
180.157.251.101 - - [14/Aug/2020:09:00:18 +0800] "POST /xingrg/kc/buy/cgsh_order_operate.html HTTP/1.1" 200 2065
61.172.5.115 - - [14/Aug/2020:09:00:22 +0800] "POST /xingrg/kc/buy/cgsh_order_operate.html HTTP/1.1" 200 37
180.157.251.101 - - [14/Aug/2020:09:00:23 +0800] "GET /xingrg/kc/buy/cgsh_order_operate.html?command=get_materiel&rest_code=00148&code=00101008236&supplier_code=00100007&order_time=2020-08-14 HTTP/1.1" 200 416
120.253.135.82 - - [14/Aug/2020:09:00:23 +0800] "GET /xingrg/all/function/internal_message.html?_=1597366573155&CODE_STATE=getMsg HTTP/1.1" 200 27
218.81.217.115 - - [14/Aug/2020:09:00:24 +0800] "GET /xingrg/all/function/internal_message.html?_=1597366810820&CODE_STATE=getMsg HTTP/1.1" 200 27
117.184.7.30 - - [14/Aug/2020:09:00:27 +0800] "GET /xingrg/index.html?sysBaseUrl=http%3A%2F%2F180.169.147.146%3A18081%2Fxingrg%2F&costTime=38×tamp=1597365787043 HTTP/1.1" 200 17173
117.184.7.26 - - [14/Aug/2020:09:00:27 +0800] "GET /xingrg/javascript/jquery_easy_ui/themes/default/easyui.css HTTP/1.1" 304 -
117.184.7.26 - - [14/Aug/2020:09:00:27 +0800] "GET /xingrg/javascript/jquery_easy_ui/themes/icon.css HTTP/1.1" 304 -
117.184.7.26 - - [14/Aug/2020:09:00:27 +0800] "GET /xingrg/css/form.css HTTP/1.1" 304 -
117.184.7.26 - - [14/Aug/2020:09:00:27 +0800] "GET /xingrg/javascript/jquery-1.4.2.min.js HTTP/1.1" 304 -
117.184.7.26 - - [14/Aug/2020:09:00:27 +0800] "GET /xingrg/javascript/jquery_easy_ui/jquery.easyui.min.js HTTP/1.1" 304 -
117.184.7.26 - - [14/Aug/2020:09:00:27 +0800] "GET /xingrg/javascript/jquery_easy_ui/easyui-lang-zh_CN.js HTTP/1.1" 304 -
117.184.7.26 - - [14/Aug/2020:09:00:27 +0800] "GET /xingrg/javascript/jquery.form.js HTTP/1.1" 304 -
117.184.7.26 - - [14/Aug/2020:09:00:27 +0800] "GET /xingrg/javascript/jquery.utils.js HTTP/1.1" 304 -
117.184.7.26 - - [14/Aug/2020:09:00:27 +0800] "GET /xingrg/javascript/jquery.timers.js HTTP/1.1" 304 -
117.184.7.26 - - [14/Aug/2020:09:00:27 +0800] "GET /xingrg/images/blue/jxLogo.png HTTP/1.1" 304 -
117.184.7.30 - - [14/Aug/2020:09:00:27 +0800] "GET /xingrg/javascript/jquery_easy_ui/themes/icons/settle_new.png HTTP/1.1" 304 -
117.184.7.26 - - [14/Aug/2020:09:00:27 +0800] "GET /xingrg/images/blue/navBackgound.jpg HTTP/1.1" 304 -
117.184.7.26 - - [14/Aug/2020:09:00:27 +0800] "POST /xingrg/all/common/load_tree.html?tree=area_rest_tree_json&manage=1 HTTP/1.1" 200 470
117.184.7.26 - - [14/Aug/2020:09:00:27 +0800] "GET /xingrg/check_reg.html?_=1597366816192 HTTP/1.1" 200 22
117.184.7.30 - - [14/Aug/2020:09:00:27 +0800] "GET /xingrg/all/function/internal_message.html?_=1597366816191&CODE_STATE=count HTTP/1.1" 200 11
117.184.7.26 - - [14/Aug/2020:09:00:27 +0800] "GET /xingrg/images/blue/pingpu.png HTTP/1.1" 304 -
117.184.7.26 - - [14/Aug/2020:09:00:27 +0800] "GET /xingrg/javascript/jquery_easy_ui/themes/default/images/tabs_leftarrow.png HTTP/1.1" 304 -
117.184.7.26 - - [14/Aug/2020:09:00:27 +0800] "GET /xingrg/javascript/jquery_easy_ui/themes/default/images/tabs_rightarrow.png HTTP/1.1" 304 -
117.184.7.26 - - [14/Aug/2020:09:00:27 +0800] "GET /xingrg/javascript/jquery_easy_ui/themes/default/images/panel_tool_collapse.gif HTTP/1.1" 304 -
117.184.7.26 - - [14/Aug/2020:09:00:28 +0800] "POST /xingrg/load_menu.html HTTP/1.1" 200 5138
117.184.7.26 - - [14/Aug/2020:09:00:29 +0800] "GET /xingrg/kc/base/base_main.html HTTP/1.1" 200 12142
180.175.214.200 - - [14/Aug/2020:09:00:30 +0800] "GET /xingrg/all/function/internal_message.html?_=1597367034021&CODE_STATE=getMsg HTTP/1.1" 200 27
117.184.7.26 - - [14/Aug/2020:09:00:30 +0800] "GET /xingrg/kc/base/wldb_order_list.html HTTP/1.1" 200 19255
117.184.7.26 - - [14/Aug/2020:09:00:31 +0800] "POST /xingrg/kc/base/wldb_list_operate.html HTTP/1.1" 200 1770
114.88.165.122 - - [14/Aug/2020:09:00:31 +0800] "GET /xingrg/kc/buy/cgsh_order_list.html HTTP/1.1" 200 43641
114.88.165.122 - - [14/Aug/2020:09:00:32 +0800] "GET /xingrg/kc/buy/cgsh_order_list.html HTTP/1.1" 200 43641
114.88.165.122 - - [14/Aug/2020:09:00:33 +0800] "POST /xingrg/kc/buy/cgsh_list_operate.html HTTP/1.1" 200 2414
114.88.165.122 - - [14/Aug/2020:09:00:33 +0800] "POST /xingrg/kc/buy/cgsh_list_operate.html HTTP/1.1" 200 2414
114.88.165.122 - - [14/Aug/2020:09:00:34 +0800] "POST /xingrg/kc/buy/cgsh_list_operate.html HTTP/1.1" 200 2414
114.89.80.44 - - [14/Aug/2020:09:00:37 +0800] "GET /xingrg/all/function/internal_message.html?_=1597366834422&CODE_STATE=getMsg HTTP/1.1" 200 27
114.88.165.122 - - [14/Aug/2020:09:00:39 +0800] "POST /xingrg/kc/buy/cgsh_list_operate.html HTTP/1.1" 200 2414
114.88.165.122 - - [14/Aug/2020:09:00:42 +0800] "GET /xingrg/kc/buy/cgsh_order_add.html HTTP/1.1" 200 59379
114.88.165.122 - - [14/Aug/2020:09:00:43 +0800] "POST /xingrg/kc/buy/cgsh_order_operate.html HTTP/1.1" 200 8245
114.88.165.122 - - [14/Aug/2020:09:00:43 +0800] "GET /xingrg/javascript/easyui/themes/default/validatebox.css HTTP/1.1" 404 1104
114.89.80.44 - - [14/Aug/2020:09:00:46 +0800] "GET /xingrg/all/function/internal_message.html?_=1597366967908&CODE_STATE=getMsg HTTP/1.1" 200 27
172.17.0.240 - - [14/Aug/2020:09:00:46 +0800] "GET /xingrg/all/function/internal_message.html?_=1597366843109&CODE_STATE=getMsg HTTP/1.1" 200 27
222.69.137.5 - - [14/Aug/2020:09:00:46 +0800] "GET /xingrg/all/function/internal_message.html?_=1597366837278&CODE_STATE=getMsg HTTP/1.1" 200 27
58.221.95.50 - - [14/Aug/2020:09:00:46 +0800] "GET /xingrg/all/function/internal_message.html?_=1597366974600&CODE_STATE=getMsg HTTP/1.1" 200 27
180.157.251.101 - - [14/Aug/2020:09:00:47 +0800] "GET /xingrg/kc/buy/cgsh_order_operate.html?command=get_materiel&rest_code=00148&code=00101008125&supplier_code=00100007&order_time=2020-08-14 HTTP/1.1" 200 413
117.184.7.26 - - [14/Aug/2020:09:00:48 +0800] "POST /xingrg/kc/base/wldb_list_operate.html HTTP/1.1" 200 4
222.69.137.5 - - [14/Aug/2020:09:00:48 +0800] "GET /xingrg/kc/buy/cgsh_order_operate.html?command=get_materiel&rest_code=00149&code=00101011005&supplier_code=00100051&order_time=2020-08-14 HTTP/1.1" 200 428
218.81.217.115 - - [14/Aug/2020:09:00:49 +0800] "GET /xingrg/all/function/internal_message.html?_=1597366850465&CODE_STATE=getMsg HTTP/1.1" 302 -
172.17.0.185 - - [14/Aug/2020:09:00:50 +0800] "GET /xingrg/all/function/internal_message.html?_=1597366846469&CODE_STATE=getMsg HTTP/1.1" 200 27
120.253.135.82 - - [14/Aug/2020:09:00:50 +0800] "GET /xingrg/all/function/internal_message.html?_=1597366968132&CODE_STATE=getMsg HTTP/1.1" 200 27
61.172.5.115 - - [14/Aug/2020:09:00:50 +0800] "GET /xingrg/check_reg.html?_=1597366838398 HTTP/1.1" 200 22
117.184.7.26 - - [14/Aug/2020:09:00:50 +0800] "POST /xingrg/kc/base/wldb_list_operate.html HTTP/1.1" 200 928
61.172.5.115 - - [14/Aug/2020:09:00:50 +0800] "GET /xingrg/all/function/internal_message.html?_=1597366838401&CODE_STATE=getMsg HTTP/1.1" 200 27
120.253.135.82 - - [14/Aug/2020:09:00:51 +0800] "GET /xingrg/index.html?sysBaseUrl=http%3A%2F%2F180.169.147.146%3A18081%2Fxingrg%2F&costTime=34×tamp=1585631483848 HTTP/1.1" 302 -
120.253.135.82 - - [14/Aug/2020:09:00:51 +0800] "GET /xingrg/login.html HTTP/1.1" 200 7641
120.253.135.82 - - [14/Aug/2020:09:00:51 +0800] "GET /xingrg/images/blue/jxLogo.png HTTP/1.1" 304 -
120.253.135.82 - - [14/Aug/2020:09:00:51 +0800] "GET /xingrg/images/blue/hj.png HTTP/1.1" 304 -
120.253.135.82 - - [14/Aug/2020:09:00:51 +0800] "GET /xingrg/images/blue/login_bg.png HTTP/1.1" 304 -
120.253.135.82 - - [14/Aug/2020:09:00:53 +0800] "GET /xingrg/images/blue/srbg.png HTTP/1.1" 304 -
120.253.135.82 - - [14/Aug/2020:09:00:53 +0800] "GET /favicon.ico HTTP/1.1" 404 -
120.253.135.82 - - [14/Aug/2020:09:00:55 +0800] "POST /xingrg/login.do HTTP/1.1" 302 -
120.253.135.82 - - [14/Aug/2020:09:00:55 +0800] "GET /xingrg/javascript/jquery_easy_ui/themes/default/easyui.css HTTP/1.1" 304 -
120.253.135.82 - - [14/Aug/2020:09:00:55 +0800] "GET /xingrg/index.html?sysBaseUrl=http%3A%2F%2F180.169.147.146%3A18081%2Fxingrg%2F&costTime=80×tamp=1597366855598 HTTP/1.1" 200 17173
58.221.95.50 - - [14/Aug/2020:09:00:55 +0800] "GET /xingrg/check_reg.html?_=1597366983425 HTTP/1.1" 200 22
120.253.135.82 - - [14/Aug/2020:09:00:55 +0800] "GET /xingrg/javascript/jquery_easy_ui/themes/icon.css HTTP/1.1" 304 -
120.253.135.82 - - [14/Aug/2020:09:00:55 +0800] "GET /xingrg/css/form.css HTTP/1.1" 304 -
120.253.135.82 - - [14/Aug/2020:09:00:55 +0800] "GET /xingrg/javascript/jquery-1.4.2.min.js HTTP/1.1" 304 -
120.253.135.82 - - [14/Aug/2020:09:00:55 +0800] "GET /xingrg/javascript/jquery_easy_ui/jquery.easyui.min.js HTTP/1.1" 304 -
120.253.135.82 - - [14/Aug/2020:09:00:55 +0800] "GET /xingrg/javascript/jquery_easy_ui/easyui-lang-zh_CN.js HTTP/1.1" 304 -
120.253.135.82 - - [14/Aug/2020:09:00:55 +0800] "GET /xingrg/javascript/jquery.form.js HTTP/1.1" 304 -
120.253.135.82 - - [14/Aug/2020:09:00:55 +0800] "GET /xingrg/javascript/jquery.utils.js HTTP/1.1" 304 -
120.253.135.82 - - [14/Aug/2020:09:00:55 +0800] "GET /xingrg/javascript/jquery.timers.js HTTP/1.1" 304 -
120.253.135.82 - - [14/Aug/2020:09:00:55 +0800] "GET /favicon.ico HTTP/1.1" 404 -
120.253.135.82 - - [14/Aug/2020:09:00:56 +0800] "GET /xingrg/images/blue/navBackgound.jpg HTTP/1.1" 304 -
120.253.135.82 - - [14/Aug/2020:09:00:56 +0800] "GET /xingrg/javascript/jquery_easy_ui/themes/icons/settle_new.png HTTP/1.1" 304 -
114.88.165.122 - - [14/Aug/2020:09:00:56 +0800] "GET /xingrg/check_reg.html?_=1597366851404 HTTP/1.1" 200 22
120.253.135.82 - - [14/Aug/2020:09:00:56 +0800] "GET /xingrg/images/blue/pingpu.png HTTP/1.1" 304 -
114.88.165.122 - - [14/Aug/2020:09:00:56 +0800] "GET /xingrg/all/function/internal_message.html?_=1597366897269&CODE_STATE=getMsg HTTP/1.1" 200 27
120.253.135.82 - - [14/Aug/2020:09:00:56 +0800] "POST /xingrg/all/common/load_tree.html?tree=area_rest_tree_json&manage=1 HTTP/1.1" 200 344
120.253.135.82 - - [14/Aug/2020:09:00:56 +0800] "GET /xingrg/javascript/jquery_easy_ui/themes/default/images/tabs_leftarrow.png HTTP/1.1" 304 -
120.253.135.82 - - [14/Aug/2020:09:00:56 +0800] "GET /xingrg/javascript/jquery_easy_ui/themes/default/images/tabs_rightarrow.png HTTP/1.1" 304 -
120.253.135.82 - - [14/Aug/2020:09:00:56 +0800] "GET /xingrg/javascript/jquery_easy_ui/themes/default/images/panel_tool_collapse.gif HTTP/1.1" 304 -
120.253.135.82 - - [14/Aug/2020:09:00:56 +0800] "GET /xingrg/all/function/internal_message.html?_=1597366901908&CODE_STATE=count HTTP/1.1" 200 11
120.253.135.82 - - [14/Aug/2020:09:00:56 +0800] "GET /xingrg/check_reg.html?_=1597366901911 HTTP/1.1" 200 22
120.253.135.82 - - [14/Aug/2020:09:00:56 +0800] "GET /xingrg/javascript/jquery_easy_ui/themes/default/images/tree_arrows.gif HTTP/1.1" 304 -
120.253.135.82 - - [14/Aug/2020:09:00:56 +0800] "POST /xingrg/load_menu.html HTTP/1.1" 200 6743
120.253.135.82 - - [14/Aug/2020:09:00:56 +0800] "GET /xingrg/javascript/jquery_easy_ui/themes/default/images/tree_folder_open.gif HTTP/1.1" 304 -
120.253.135.82 - - [14/Aug/2020:09:00:56 +0800] "GET /xingrg/javascript/jquery_easy_ui/themes/icons/search_new.png HTTP/1.1" 304 -
120.253.135.82 - - [14/Aug/2020:09:00:56 +0800] "GET /xingrg/javascript/jquery_easy_ui/themes/icons/delivery_new.png HTTP/1.1" 304 -
120.253.135.82 - - [14/Aug/2020:09:00:56 +0800] "GET /xingrg/javascript/jquery_easy_ui/themes/icons/storage_new.png HTTP/1.1" 304 -
120.253.135.82 - - [14/Aug/2020:09:00:56 +0800] "GET /xingrg/javascript/jquery_easy_ui/themes/default/images/tree_file.gif HTTP/1.1" 304 -
120.253.135.82 - - [14/Aug/2020:09:00:56 +0800] "GET /xingrg/javascript/jquery_easy_ui/themes/default/images/tree_folder.gif HTTP/1.1" 304 -
120.253.135.82 - - [14/Aug/2020:09:00:56 +0800] "GET /xingrg/javascript/jquery_easy_ui/themes/icons/forms_new.png HTTP/1.1" 304 -
172.17.0.100 - - [14/Aug/2020:09:00:56 +0800] "GET /xingrg/all/function/internal_message.html?_=1597366853677&CODE_STATE=getMsg HTTP/1.1" 200 27
222.69.137.5 - - [14/Aug/2020:09:00:59 +0800] "POST /xingrg/kc/buy/cgsh_order_operate.html HTTP/1.1" 200 37
218.81.217.115 - - [14/Aug/2020:09:01:02 +0800] "GET /xingrg/check_reg.html?_=1597366863390 HTTP/1.1" 302 -
222.69.137.5 - - [14/Aug/2020:09:01:03 +0800] "POST /xingrg/kc/buy/cgsh_order_operate.html HTTP/1.1" 200 12
222.69.137.5 - - [14/Aug/2020:09:01:04 +0800] "GET /xingrg/kc/buy/cgsh_order_info.html?code=212020081405661 HTTP/1.1" 200 54335
222.69.137.5 - - [14/Aug/2020:09:01:05 +0800] "GET /xingrg/javascript/easyui/themes/default/validatebox.css HTTP/1.1" 404 1104
222.69.137.5 - - [14/Aug/2020:09:01:05 +0800] "POST /xingrg/kc/buy/cgsh_order_operate.html HTTP/1.1" 200 606
222.69.137.5 - - [14/Aug/2020:09:01:06 +0800] "GET /xingrg/kc/print/load_data.html?order_code=212020081405661&kc_code=cgsh&condition= HTTP/1.1" 200 724
116.230.74.197 - - [14/Aug/2020:09:01:06 +0800] "GET /xingrg/all/function/internal_message.html?_=1597366858763&CODE_STATE=getMsg HTTP/1.1" 200 27
114.88.165.122 - - [14/Aug/2020:09:01:07 +0800] "GET /xingrg/all/function/internal_message.html?_=1597366862464&CODE_STATE=getMsg HTTP/1.1" 200 27
120.253.135.82 - - [14/Aug/2020:09:01:07 +0800] "GET /xingrg/javascript/jquery_easy_ui/themes/default/images/tabs_close.gif HTTP/1.1" 304 -
120.253.135.82 - - [14/Aug/2020:09:01:07 +0800] "GET /xingrg/kc/pszx/mdqp_order_list.html?state=10 HTTP/1.1" 200 10968
120.253.135.82 - - [14/Aug/2020:09:01:07 +0800] "GET /xingrg/javascript/pic_change.js HTTP/1.1" 304 -
120.253.135.82 - - [14/Aug/2020:09:01:07 +0800] "GET /xingrg/css/blue.css HTTP/1.1" 200 15949
120.253.135.82 - - [14/Aug/2020:09:01:07 +0800] "GET /xingrg/dwr/interface/AjaxReportQueryService.js HTTP/1.1" 200 13203
120.253.135.82 - - [14/Aug/2020:09:01:07 +0800] "GET /xingrg/dwr/interface/AjaxQqpsService.js HTTP/1.1" 200 16326
120.253.135.82 - - [14/Aug/2020:09:01:07 +0800] "GET /xingrg/javascript/myfunction.js HTTP/1.1" 200 24559
120.253.135.82 - - [14/Aug/2020:09:01:07 +0800] "GET /xingrg/javascript/Calendar.js HTTP/1.1" 200 31561
120.253.135.82 - - [14/Aug/2020:09:01:07 +0800] "GET /xingrg/dwr/engine.js HTTP/1.1" 200 43631
120.253.135.82 - - [14/Aug/2020:09:01:07 +0800] "GET /xingrg/dwr/util.js HTTP/1.1" 200 35990
120.253.135.82 - - [14/Aug/2020:09:01:07 +0800] "GET /xingrg/javascript/jquery_easy_ui/themes/icons/check_new.png HTTP/1.1" 200 3224
120.253.135.82 - - [14/Aug/2020:09:01:07 +0800] "GET /xingrg/javascript/jquery_easy_ui/themes/icons/uncheck_new.png HTTP/1.1" 200 3197
120.253.135.82 - - [14/Aug/2020:09:01:07 +0800] "GET /xingrg/javascript/jquery_easy_ui/themes/icons/back_new.png HTTP/1.1" 200 3414
222.69.137.5 - - [14/Aug/2020:09:01:08 +0800] "POST /xingrg/services/DataTransmitService HTTP/1.1" 200 524
222.69.137.5 - - [14/Aug/2020:09:01:08 +0800] "POST /xingrg/services/DataTransmitService HTTP/1.1" 200 1755
180.157.251.101 - - [14/Aug/2020:09:01:11 +0800] "GET /xingrg/all/function/internal_message.html?_=1597366872402&CODE_STATE=getMsg HTTP/1.1" 200 27
172.17.0.123 - - [14/Aug/2020:09:01:12 +0800] "GET /xingrg/check_reg.html?_=1597366788970 HTTP/1.1" 200 22
114.88.153.107 - - [14/Aug/2020:09:01:12 +0800] "GET /xingrg/all/function/internal_message.html?_=1597366868408&CODE_STATE=getMsg HTTP/1.1" 200 27
218.81.217.115 - - [14/Aug/2020:09:01:13 +0800] "GET /xingrg/check_reg.html?_=1597366860072 HTTP/1.1" 200 22
172.17.0.101 - - [14/Aug/2020:09:01:16 +0800] "GET /xingrg/all/function/internal_message.html?_=1597366883947&CODE_STATE=getMsg HTTP/1.1" 302 -
120.253.135.82 - - [14/Aug/2020:09:01:23 +0800] "GET /xingrg/all/function/internal_message.html?_=1597366633169&CODE_STATE=getMsg HTTP/1.1" 200 27
218.81.217.115 - - [14/Aug/2020:09:01:24 +0800] "GET /xingrg/all/function/internal_message.html?_=1597366870834&CODE_STATE=getMsg HTTP/1.1" 200 27
117.184.7.26 - - [14/Aug/2020:09:01:27 +0800] "GET /xingrg/all/function/internal_message.html?_=1597366876198&CODE_STATE=getMsg HTTP/1.1" 200 27
114.88.153.107 - - [14/Aug/2020:09:01:29 +0800] "GET /xingrg/check_reg.html?_=1597366885814 HTTP/1.1" 200 22
180.175.214.200 - - [14/Aug/2020:09:01:30 +0800] "GET /xingrg/all/function/internal_message.html?_=1597367094050&CODE_STATE=getMsg HTTP/1.1" 200 27
180.157.251.101 - - [14/Aug/2020:09:01:36 +0800] "GET /xingrg/kc/buy/cgsh_order_operate.html?command=get_materiel&rest_code=00148&code=00101008323&supplier_code=00100007&order_time=2020-08-14 HTTP/1.1" 200 408
114.89.80.44 - - [14/Aug/2020:09:01:37 +0800] "GET /xingrg/all/function/internal_message.html?_=1597366894425&CODE_STATE=getMsg HTTP/1.1" 200 27
114.89.80.44 - - [14/Aug/2020:09:01:46 +0800] "GET /xingrg/all/function/internal_message.html?_=1597367027923&CODE_STATE=getMsg HTTP/1.1" 200 27
172.17.0.240 - - [14/Aug/2020:09:01:46 +0800] "GET /xingrg/all/function/internal_message.html?_=1597366903113&CODE_STATE=getMsg HTTP/1.1" 200 27
222.69.137.5 - - [14/Aug/2020:09:01:46 +0800] "GET /xingrg/check_reg.html?_=1597366897278 HTTP/1.1" 200 22
222.69.137.5 - - [14/Aug/2020:09:01:46 +0800] "GET /xingrg/all/function/internal_message.html?_=1597366897280&CODE_STATE=getMsg HTTP/1.1" 200 27
58.221.95.50 - - [14/Aug/2020:09:01:46 +0800] "GET /xingrg/all/function/internal_message.html?_=1597367034595&CODE_STATE=getMsg HTTP/1.1" 200 27
218.81.217.115 - - [14/Aug/2020:09:01:49 +0800] "GET /xingrg/all/function/internal_message.html?_=1597366910586&CODE_STATE=getMsg HTTP/1.1" 302 -
172.17.0.185 - - [14/Aug/2020:09:01:50 +0800] "GET /xingrg/all/function/internal_message.html?_=1597366906470&CODE_STATE=getMsg HTTP/1.1" 200 27
172.17.0.185 - - [14/Aug/2020:09:01:50 +0800] "GET /xingrg/check_reg.html?_=1597366906471 HTTP/1.1" 200 22
120.253.135.82 - - [14/Aug/2020:09:01:50 +0800] "GET /xingrg/all/function/internal_message.html?_=1597367028231&CODE_STATE=getMsg HTTP/1.1" 200 27
61.172.5.115 - - [14/Aug/2020:09:01:50 +0800] "GET /xingrg/all/function/internal_message.html?_=1597366898386&CODE_STATE=getMsg HTTP/1.1" 200 27
114.88.165.122 - - [14/Aug/2020:09:01:56 +0800] "GET /xingrg/all/function/internal_message.html?_=1597366957278&CODE_STATE=getMsg HTTP/1.1" 200 27
114.88.165.122 - - [14/Aug/2020:09:01:56 +0800] "GET /xingrg/check_reg.html?_=1597366957279 HTTP/1.1" 200 22
120.253.135.82 - - [14/Aug/2020:09:01:56 +0800] "GET /xingrg/all/function/internal_message.html?_=1597366961924&CODE_STATE=getMsg HTTP/1.1" 200 27
172.17.0.100 - - [14/Aug/2020:09:01:56 +0800] "GET /xingrg/all/function/internal_message.html?_=1597366913673&CODE_STATE=getMsg HTTP/1.1" 200 27
180.157.251.101 - - [14/Aug/2020:09:01:57 +0800] "GET /xingrg/kc/buy/cgsh_order_operate.html?command=get_materiel&rest_code=00148&code=00101008302&supplier_code=00100007&order_time=2020-08-14 HTTP/1.1" 200 412
180.157.251.101 - - [14/Aug/2020:09:02:03 +0800] "GET /xingrg/kc/buy/cgsh_order_operate.html?command=get_materiel&rest_code=00148&code=00101008219&supplier_code=00100007&order_time=2020-08-14 HTTP/1.1" 200 412
114.88.165.122 - - [14/Aug/2020:09:02:06 +0800] "GET /xingrg/kc/buy/cgsh_order_operate.html?command=get_materiel&rest_code=00111&code=00101006111&supplier_code=00100012&order_time=2020-08-14 HTTP/1.1" 200 409
120.253.135.82 - - [14/Aug/2020:09:02:06 +0800] "GET /xingrg/check_reg.html?_=1597367044466 HTTP/1.1" 200 22
116.230.74.197 - - [14/Aug/2020:09:02:06 +0800] "GET /xingrg/all/function/internal_message.html?_=1597366918767&CODE_STATE=getMsg HTTP/1.1" 200 27
