58.221.95.50 - - [14/Aug/2020:08:20:55 +0800] "GET /xingrg/check_reg.html?_=1597364583574 HTTP/1.1" 200 22
114.88.165.122 - - [14/Aug/2020:08:20:55 +0800] "GET /xingrg/check_reg.html?_=1597364451359 HTTP/1.1" 200 22
114.88.165.122 - - [14/Aug/2020:08:21:00 +0800] "GET /xingrg/all/function/internal_message.html?_=1597364456118&CODE_STATE=getMsg HTTP/1.1" 200 27
218.81.217.115 - - [14/Aug/2020:08:21:02 +0800] "GET /xingrg/check_reg.html?_=1597364462883 HTTP/1.1" 302 -
218.81.217.115 - - [14/Aug/2020:08:21:13 +0800] "GET /xingrg/check_reg.html?_=1597364460010 HTTP/1.1" 200 22
114.88.153.107 - - [14/Aug/2020:08:21:13 +0800] "GET /xingrg/all/function/internal_message.html?_=1597364469236&CODE_STATE=getMsg HTTP/1.1" 200 27
172.17.0.101 - - [14/Aug/2020:08:21:14 +0800] "GET /xingrg/all/function/internal_message.html?_=1597364482203&CODE_STATE=getMsg HTTP/1.1" 302 -
218.81.217.115 - - [14/Aug/2020:08:21:23 +0800] "GET /xingrg/all/function/internal_message.html?_=1597364470275&CODE_STATE=getMsg HTTP/1.1" 200 27
114.88.153.107 - - [14/Aug/2020:08:21:30 +0800] "GET /xingrg/check_reg.html?_=1597364485869 HTTP/1.1" 200 22
114.89.80.44 - - [14/Aug/2020:08:21:37 +0800] "GET /xingrg/all/function/internal_message.html?_=1597364494259&CODE_STATE=getMsg HTTP/1.1" 200 27
61.172.5.115 - - [14/Aug/2020:08:21:46 +0800] "GET /xingrg/check_reg.html?_=1597364503506 HTTP/1.1" 200 22
61.172.5.115 - - [14/Aug/2020:08:21:46 +0800] "GET /xingrg/all/function/internal_message.html?_=1597364503505&CODE_STATE=getMsg HTTP/1.1" 200 27
172.17.0.240 - - [14/Aug/2020:08:21:46 +0800] "GET /xingrg/all/function/internal_message.html?_=1597364503108&CODE_STATE=getMsg HTTP/1.1" 200 27
58.221.95.50 - - [14/Aug/2020:08:21:46 +0800] "GET /xingrg/all/function/internal_message.html?_=1597364634538&CODE_STATE=getMsg HTTP/1.1" 200 27
218.81.217.115 - - [14/Aug/2020:08:21:46 +0800] "GET /xingrg/all/function/internal_message.html?_=1597364507651&CODE_STATE=getMsg HTTP/1.1" 302 -
120.253.135.82 - - [14/Aug/2020:08:21:48 +0800] "GET /xingrg/all/function/internal_message.html?_=1597364626439&CODE_STATE=getMsg HTTP/1.1" 200 27
172.17.0.185 - - [14/Aug/2020:08:21:50 +0800] "GET /xingrg/check_reg.html?_=1597364506472 HTTP/1.1" 200 22
172.17.0.185 - - [14/Aug/2020:08:21:50 +0800] "GET /xingrg/all/function/internal_message.html?_=1597364506475&CODE_STATE=getMsg HTTP/1.1" 200 27
114.89.80.44 - - [14/Aug/2020:08:21:51 +0800] "GET /xingrg/all/function/internal_message.html?_=1597364632606&CODE_STATE=getMsg HTTP/1.1" 200 27
114.88.165.122 - - [14/Aug/2020:08:21:51 +0800] "GET /xingrg/index.html?sysBaseUrl=http%3A%2F%2F180.169.147.146%3A18081%2Fxingrg%2F&costTime=38×tamp=1588335986102 HTTP/1.1" 302 -
114.88.165.122 - - [14/Aug/2020:08:21:51 +0800] "GET /xingrg/login.html HTTP/1.1" 200 7641
114.88.165.122 - - [14/Aug/2020:08:21:52 +0800] "GET /favicon.ico HTTP/1.1" 404 -
114.88.165.122 - - [14/Aug/2020:08:21:55 +0800] "POST /xingrg/login.do HTTP/1.1" 302 -
114.88.165.122 - - [14/Aug/2020:08:21:55 +0800] "GET /xingrg/index.html?sysBaseUrl=http%3A%2F%2F180.169.147.146%3A18081%2Fxingrg%2F&costTime=37×tamp=1597364515704 HTTP/1.1" 200 17173
114.88.165.122 - - [14/Aug/2020:08:21:55 +0800] "GET /favicon.ico HTTP/1.1" 404 -
114.88.165.122 - - [14/Aug/2020:08:21:55 +0800] "POST /xingrg/all/common/load_tree.html?tree=area_rest_tree_json&manage=1 HTTP/1.1" 200 342
114.88.165.122 - - [14/Aug/2020:08:21:56 +0800] "GET /xingrg/check_reg.html?_=1597364557195 HTTP/1.1" 200 22
114.88.165.122 - - [14/Aug/2020:08:21:56 +0800] "GET /xingrg/all/function/internal_message.html?_=1597364557194&CODE_STATE=count HTTP/1.1" 200 11
114.88.165.122 - - [14/Aug/2020:08:21:56 +0800] "POST /xingrg/load_menu.html HTTP/1.1" 200 5138
114.88.165.122 - - [14/Aug/2020:08:22:00 +0800] "GET /xingrg/all/function/internal_message.html?_=1597364516131&CODE_STATE=getMsg HTTP/1.1" 200 27
120.253.135.82 - - [14/Aug/2020:08:22:06 +0800] "GET /xingrg/check_reg.html?_=1597364644428 HTTP/1.1" 200 22
114.88.153.107 - - [14/Aug/2020:08:22:13 +0800] "GET /xingrg/all/function/internal_message.html?_=1597364529206&CODE_STATE=getMsg HTTP/1.1" 200 27
172.17.0.101 - - [14/Aug/2020:08:22:14 +0800] "GET /xingrg/all/function/internal_message.html?_=1597364542291&CODE_STATE=getMsg HTTP/1.1" 302 -
218.81.217.115 - - [14/Aug/2020:08:22:23 +0800] "GET /xingrg/all/function/internal_message.html?_=1597364530289&CODE_STATE=getMsg HTTP/1.1" 200 27
114.89.80.44 - - [14/Aug/2020:08:22:34 +0800] "GET /xingrg/login.html HTTP/1.1" 200 7641
114.89.80.44 - - [14/Aug/2020:08:22:37 +0800] "GET /xingrg/all/function/internal_message.html?_=1597364554260&CODE_STATE=getMsg HTTP/1.1" 200 27
114.89.80.44 - - [14/Aug/2020:08:22:38 +0800] "GET /favicon.ico HTTP/1.1" 404 -
114.89.80.44 - - [14/Aug/2020:08:22:42 +0800] "POST /xingrg/login.do HTTP/1.1" 302 -
114.89.80.44 - - [14/Aug/2020:08:22:43 +0800] "GET /xingrg/index.html?sysBaseUrl=http%3A%2F%2F180.169.147.146%3A18081%2Fxingrg%2F&costTime=42×tamp=1597364562978 HTTP/1.1" 200 17179
114.89.80.44 - - [14/Aug/2020:08:22:43 +0800] "GET /xingrg/javascript/jquery_easy_ui/themes/default/easyui.css HTTP/1.1" 304 -
114.89.80.44 - - [14/Aug/2020:08:22:43 +0800] "GET /xingrg/javascript/jquery_easy_ui/themes/icon.css HTTP/1.1" 304 -
114.89.80.44 - - [14/Aug/2020:08:22:43 +0800] "GET /xingrg/css/form.css HTTP/1.1" 304 -
114.89.80.44 - - [14/Aug/2020:08:22:43 +0800] "GET /xingrg/javascript/jquery-1.4.2.min.js HTTP/1.1" 304 -
114.89.80.44 - - [14/Aug/2020:08:22:43 +0800] "GET /xingrg/javascript/jquery_easy_ui/easyui-lang-zh_CN.js HTTP/1.1" 304 -
114.89.80.44 - - [14/Aug/2020:08:22:43 +0800] "GET /xingrg/javascript/jquery.utils.js HTTP/1.1" 304 -
114.89.80.44 - - [14/Aug/2020:08:22:43 +0800] "GET /xingrg/javascript/jquery.form.js HTTP/1.1" 304 -
114.89.80.44 - - [14/Aug/2020:08:22:43 +0800] "GET /xingrg/javascript/jquery.timers.js HTTP/1.1" 304 -
114.89.80.44 - - [14/Aug/2020:08:22:43 +0800] "GET /xingrg/javascript/jquery_easy_ui/jquery.easyui.min.js HTTP/1.1" 304 -
114.89.80.44 - - [14/Aug/2020:08:22:44 +0800] "GET /favicon.ico HTTP/1.1" 404 -
61.151.178.197 - - [14/Aug/2020:08:22:44 +0800] "GET /xingrg/all/function/internal_message.html?_=1597364469236&CODE_STATE=getMsg HTTP/1.1" 302 -
114.89.80.44 - - [14/Aug/2020:08:22:44 +0800] "POST /xingrg/all/common/load_tree.html?tree=area_rest_tree_json&manage=1 HTTP/1.1" 200 476
114.89.80.44 - - [14/Aug/2020:08:22:44 +0800] "GET /xingrg/all/function/internal_message.html?_=1597364686485&CODE_STATE=count HTTP/1.1" 200 11
114.89.80.44 - - [14/Aug/2020:08:22:44 +0800] "GET /xingrg/check_reg.html?_=1597364686486 HTTP/1.1" 200 22
114.89.80.44 - - [14/Aug/2020:08:22:45 +0800] "POST /xingrg/load_menu.html HTTP/1.1" 200 5138
61.172.5.115 - - [14/Aug/2020:08:22:46 +0800] "GET /xingrg/all/function/internal_message.html?_=1597364563504&CODE_STATE=getMsg HTTP/1.1" 200 27
172.17.0.240 - - [14/Aug/2020:08:22:46 +0800] "GET /xingrg/all/function/internal_message.html?_=1597364563110&CODE_STATE=getMsg HTTP/1.1" 200 27
58.221.95.50 - - [14/Aug/2020:08:22:46 +0800] "GET /xingrg/all/function/internal_message.html?_=1597364694541&CODE_STATE=getMsg HTTP/1.1" 200 27
218.81.217.115 - - [14/Aug/2020:08:22:46 +0800] "GET /xingrg/all/function/internal_message.html?_=1597364567656&CODE_STATE=getMsg HTTP/1.1" 302 -
114.89.80.44 - - [14/Aug/2020:08:22:48 +0800] "GET /xingrg/kc/buy/cgsh_order_list.html HTTP/1.1" 200 43647
114.89.80.44 - - [14/Aug/2020:08:22:48 +0800] "GET /xingrg/css/base.css HTTP/1.1" 304 -
114.89.80.44 - - [14/Aug/2020:08:22:48 +0800] "GET /xingrg/css/site.css HTTP/1.1" 304 -
114.89.80.44 - - [14/Aug/2020:08:22:48 +0800] "GET /xingrg/javascript/jquery_tools/datebox.css HTTP/1.1" 304 -
114.89.80.44 - - [14/Aug/2020:08:22:48 +0800] "GET /xingrg/javascript/easyui/themes/default/easyui.css HTTP/1.1" 304 -
114.89.80.44 - - [14/Aug/2020:08:22:48 +0800] "GET /xingrg/javascript/jquery_tools/table.css HTTP/1.1" 304 -
114.89.80.44 - - [14/Aug/2020:08:22:48 +0800] "GET /xingrg/javascript/jquery_tools/fix.css HTTP/1.1" 304 -
114.89.80.44 - - [14/Aug/2020:08:22:48 +0800] "GET /xingrg/javascript/auto/jquery.autocomplete.css HTTP/1.1" 304 -
114.89.80.44 - - [14/Aug/2020:08:22:48 +0800] "GET /xingrg/javascript/easyui/themes/icon.css HTTP/1.1" 304 -
114.89.80.44 - - [14/Aug/2020:08:22:48 +0800] "GET /xingrg/javascript/jquery_tools/jquery.tools.min.js HTTP/1.1" 304 -
114.89.80.44 - - [14/Aug/2020:08:22:48 +0800] "GET /xingrg/javascript/jquery_tools/jquery.tools.extend.js HTTP/1.1" 304 -
114.89.80.44 - - [14/Aug/2020:08:22:48 +0800] "GET /xingrg/javascript/jquery_tools/jquery.tools.hotkey.js HTTP/1.1" 304 -
114.89.80.44 - - [14/Aug/2020:08:22:48 +0800] "GET /xingrg/javascript/auto/jquery.autocomplete.js HTTP/1.1" 304 -
114.89.80.44 - - [14/Aug/2020:08:22:48 +0800] "GET /xingrg/javascript/jquery.cookie.js HTTP/1.1" 304 -
114.89.80.44 - - [14/Aug/2020:08:22:48 +0800] "GET /xingrg/javascript/easyui/easyloader.js HTTP/1.1" 304 -
114.89.80.44 - - [14/Aug/2020:08:22:48 +0800] "GET /xingrg/javascript/jquery_tools/jquery.tools.table.js HTTP/1.1" 304 -
114.89.80.44 - - [14/Aug/2020:08:22:48 +0800] "GET /xingrg/javascript/jquery_tools/list_manager.js HTTP/1.1" 304 -
114.89.80.44 - - [14/Aug/2020:08:22:48 +0800] "GET /xingrg/javascript/print/LodopFuncs.js HTTP/1.1" 304 -
120.253.135.82 - - [14/Aug/2020:08:22:48 +0800] "GET /xingrg/all/function/internal_message.html?_=1597364686446&CODE_STATE=getMsg HTTP/1.1" 200 27
114.89.80.44 - - [14/Aug/2020:08:22:48 +0800] "GET /xingrg/javascript/easyui/plugins/jquery.parser.js HTTP/1.1" 304 -
114.89.80.44 - - [14/Aug/2020:08:22:49 +0800] "POST /xingrg/kc/buy/cgsh_list_operate.html HTTP/1.1" 200 876
61.151.178.197 - - [14/Aug/2020:08:22:49 +0800] "GET /xingrg/login.html HTTP/1.1" 200 7641
172.17.0.185 - - [14/Aug/2020:08:22:50 +0800] "GET /xingrg/all/function/internal_message.html?_=1597364566477&CODE_STATE=getMsg HTTP/1.1" 200 27
114.89.80.44 - - [14/Aug/2020:08:22:51 +0800] "GET /xingrg/all/function/internal_message.html?_=1597364692618&CODE_STATE=getMsg HTTP/1.1" 200 27
180.175.214.200 - - [14/Aug/2020:08:22:51 +0800] "GET /favicon.ico HTTP/1.1" 404 -
114.89.80.44 - - [14/Aug/2020:08:22:52 +0800] "GET /xingrg/javascript/pic_change.js HTTP/1.1" 304 -
114.89.80.44 - - [14/Aug/2020:08:22:52 +0800] "GET /xingrg/javascript/jquery_tools/order_manager.js HTTP/1.1" 304 -
114.89.80.44 - - [14/Aug/2020:08:22:52 +0800] "GET /xingrg/javascript/convert.js HTTP/1.1" 304 -
114.89.80.44 - - [14/Aug/2020:08:22:52 +0800] "GET /xingrg/javascript/json2.js HTTP/1.1" 304 -
114.89.80.44 - - [14/Aug/2020:08:22:52 +0800] "GET /xingrg/javascript/print/kc_print.js HTTP/1.1" 304 -
114.89.80.44 - - [14/Aug/2020:08:22:52 +0800] "GET /xingrg/kc/buy/cgsh_order_add.html HTTP/1.1" 200 59315
114.89.80.44 - - [14/Aug/2020:08:22:52 +0800] "GET /xingrg/words/20200813115728_words.js HTTP/1.1" 304 -
114.89.80.44 - - [14/Aug/2020:08:22:52 +0800] "POST /xingrg/kc/buy/cgsh_order_operate.html HTTP/1.1" 200 8245
114.89.80.44 - - [14/Aug/2020:08:22:52 +0800] "GET /xingrg/all/common/auto_word.html?type=employee&rest_code=00150 HTTP/1.1" 200 205
114.89.80.44 - - [14/Aug/2020:08:22:52 +0800] "GET /xingrg/all/common/auto_word.html?type=employee&rest_code=00150 HTTP/1.1" 200 205
114.89.80.44 - - [14/Aug/2020:08:22:52 +0800] "GET /xingrg/javascript/easyui/themes/default/validatebox.css HTTP/1.1" 404 1104
114.89.80.44 - - [14/Aug/2020:08:22:52 +0800] "GET /xingrg/javascript/easyui/plugins/jquery.validatebox.js HTTP/1.1" 304 -
114.89.80.44 - - [14/Aug/2020:08:22:52 +0800] "GET /xingrg/javascript/easyui/plugins/jquery.numberbox.js HTTP/1.1" 304 -
114.89.80.44 - - [14/Aug/2020:08:22:53 +0800] "GET /xingrg/javascript/auto/indicator.gif HTTP/1.1" 404 1066
114.88.165.122 - - [14/Aug/2020:08:22:56 +0800] "GET /xingrg/all/function/internal_message.html?_=1597364617206&CODE_STATE=getMsg HTTP/1.1" 200 27
114.88.165.122 - - [14/Aug/2020:08:23:01 +0800] "GET /xingrg/all/function/internal_message.html?_=1597364576466&CODE_STATE=getMsg HTTP/1.1" 200 27
114.88.153.107 - - [14/Aug/2020:08:23:13 +0800] "GET /xingrg/all/function/internal_message.html?_=1597364589178&CODE_STATE=getMsg HTTP/1.1" 200 27
180.175.214.200 - - [14/Aug/2020:08:23:14 +0800] "GET /xingrg/index.html?sysBaseUrl=http%3A%2F%2F180.169.147.146%3A18081%2Fxingrg%2F&costTime=39×tamp=1597285169854 HTTP/1.1" 302 -
180.175.214.200 - - [14/Aug/2020:08:23:14 +0800] "GET /xingrg/login.html HTTP/1.1" 200 7641
172.17.0.101 - - [14/Aug/2020:08:23:14 +0800] "GET /xingrg/all/function/internal_message.html?_=1597364602308&CODE_STATE=getMsg HTTP/1.1" 302 -
180.175.214.200 - - [14/Aug/2020:08:23:15 +0800] "GET /favicon.ico HTTP/1.1" 404 -
114.89.80.44 - - [14/Aug/2020:08:23:20 +0800] "GET /xingrg/kc/buy/cgsh_order_operate.html?command=get_materiel&rest_code=00150&code=00101008027&supplier_code=00100007&order_time=2020-08-14 HTTP/1.1" 200 409
218.81.217.115 - - [14/Aug/2020:08:23:23 +0800] "GET /xingrg/all/function/internal_message.html?_=1597364590311&CODE_STATE=getMsg HTTP/1.1" 200 27
114.89.80.44 - - [14/Aug/2020:08:23:30 +0800] "GET /xingrg/kc/buy/cgsh_order_operate.html?command=get_materiel&rest_code=00150&code=00101008349&supplier_code=00100007&order_time=2020-08-14 HTTP/1.1" 200 412
114.89.80.44 - - [14/Aug/2020:08:23:37 +0800] "GET /xingrg/check_reg.html?_=1597364614261 HTTP/1.1" 200 22
114.89.80.44 - - [14/Aug/2020:08:23:37 +0800] "GET /xingrg/all/function/internal_message.html?_=1597364614264&CODE_STATE=getMsg HTTP/1.1" 200 27
114.89.80.44 - - [14/Aug/2020:08:23:39 +0800] "GET /xingrg/kc/buy/cgsh_order_operate.html?command=get_materiel&rest_code=00150&code=00101008350&supplier_code=00100007&order_time=2020-08-14 HTTP/1.1" 200 408
114.89.80.44 - - [14/Aug/2020:08:23:45 +0800] "GET /xingrg/all/function/internal_message.html?_=1597364746502&CODE_STATE=getMsg HTTP/1.1" 200 27
61.172.5.115 - - [14/Aug/2020:08:23:46 +0800] "GET /xingrg/all/function/internal_message.html?_=1597364623503&CODE_STATE=getMsg HTTP/1.1" 200 27
172.17.0.240 - - [14/Aug/2020:08:23:46 +0800] "GET /xingrg/all/function/internal_message.html?_=1597364623112&CODE_STATE=getMsg HTTP/1.1" 200 27
58.221.95.50 - - [14/Aug/2020:08:23:46 +0800] "GET /xingrg/all/function/internal_message.html?_=1597364754544&CODE_STATE=getMsg HTTP/1.1" 200 27
218.81.217.115 - - [14/Aug/2020:08:23:46 +0800] "GET /xingrg/all/function/internal_message.html?_=1597364627796&CODE_STATE=getMsg HTTP/1.1" 302 -
120.253.135.82 - - [14/Aug/2020:08:23:48 +0800] "GET /xingrg/all/function/internal_message.html?_=1597364746461&CODE_STATE=getMsg HTTP/1.1" 200 27
114.89.80.44 - - [14/Aug/2020:08:23:49 +0800] "GET /xingrg/kc/buy/cgsh_order_operate.html?command=get_materiel&rest_code=00150&code=00101008244&supplier_code=00100007&order_time=2020-08-14 HTTP/1.1" 200 408
172.17.0.185 - - [14/Aug/2020:08:23:50 +0800] "GET /xingrg/all/function/internal_message.html?_=1597364626482&CODE_STATE=getMsg HTTP/1.1" 200 27
114.89.80.44 - - [14/Aug/2020:08:23:51 +0800] "GET /xingrg/all/function/internal_message.html?_=1597364752646&CODE_STATE=getMsg HTTP/1.1" 200 27
114.89.80.44 - - [14/Aug/2020:08:23:55 +0800] "GET /xingrg/kc/buy/cgsh_order_operate.html?command=get_materiel&rest_code=00150&code=00101008149&supplier_code=00100007&order_time=2020-08-14 HTTP/1.1" 200 408
114.88.165.122 - - [14/Aug/2020:08:23:56 +0800] "GET /xingrg/all/function/internal_message.html?_=1597364677205&CODE_STATE=getMsg HTTP/1.1" 200 27
114.88.165.122 - - [14/Aug/2020:08:24:01 +0800] "GET /xingrg/all/function/internal_message.html?_=1597364636470&CODE_STATE=getMsg HTTP/1.1" 200 27
114.89.80.44 - - [14/Aug/2020:08:24:03 +0800] "GET /xingrg/kc/buy/cgsh_order_operate.html?command=get_materiel&rest_code=00150&code=00101008185&supplier_code=00100007&order_time=2020-08-14 HTTP/1.1" 200 408
114.89.80.44 - - [14/Aug/2020:08:24:10 +0800] "GET /xingrg/kc/buy/cgsh_order_operate.html?command=get_materiel&rest_code=00150&code=00101008354&supplier_code=00100007&order_time=2020-08-14 HTTP/1.1" 200 432
114.88.153.107 - - [14/Aug/2020:08:24:13 +0800] "GET /xingrg/all/function/internal_message.html?_=1597364649183&CODE_STATE=getMsg HTTP/1.1" 200 27
172.17.0.101 - - [14/Aug/2020:08:24:14 +0800] "GET /xingrg/all/function/internal_message.html?_=1597364662398&CODE_STATE=getMsg HTTP/1.1" 302 -
218.81.217.115 - - [14/Aug/2020:08:24:23 +0800] "GET /xingrg/all/function/internal_message.html?_=1597364650316&CODE_STATE=getMsg HTTP/1.1" 200 27
114.89.80.44 - - [14/Aug/2020:08:24:34 +0800] "GET /xingrg/kc/buy/cgsh_order_operate.html?command=get_materiel&rest_code=00150&code=00101008096&supplier_code=00100007&order_time=2020-08-14 HTTP/1.1" 200 432
114.89.80.44 - - [14/Aug/2020:08:24:37 +0800] "GET /xingrg/all/function/internal_message.html?_=1597364674274&CODE_STATE=getMsg HTTP/1.1" 200 27
114.89.80.44 - - [14/Aug/2020:08:24:37 +0800] "GET /xingrg/check_reg.html?_=1597364798779 HTTP/1.1" 200 22
114.89.80.44 - - [14/Aug/2020:08:24:44 +0800] "GET /xingrg/kc/buy/cgsh_order_operate.html?command=get_materiel&rest_code=00150&code=00101008038&supplier_code=00100007&order_time=2020-08-14 HTTP/1.1" 200 412
114.89.80.44 - - [14/Aug/2020:08:24:45 +0800] "GET /xingrg/all/function/internal_message.html?_=1597364806515&CODE_STATE=getMsg HTTP/1.1" 200 27
172.17.0.101 - - [14/Aug/2020:08:24:45 +0800] "GET /xingrg/check_reg.html?_=1597364693185 HTTP/1.1" 302 -
61.172.5.115 - - [14/Aug/2020:08:24:46 +0800] "GET /xingrg/all/function/internal_message.html?_=1597364683502&CODE_STATE=getMsg HTTP/1.1" 200 27
172.17.0.240 - - [14/Aug/2020:08:24:46 +0800] "GET /xingrg/all/function/internal_message.html?_=1597364683114&CODE_STATE=getMsg HTTP/1.1" 200 27
172.17.0.240 - - [14/Aug/2020:08:24:46 +0800] "GET /xingrg/check_reg.html?_=1597364683116 HTTP/1.1" 200 22
58.221.95.50 - - [14/Aug/2020:08:24:46 +0800] "GET /xingrg/all/function/internal_message.html?_=1597364814545&CODE_STATE=getMsg HTTP/1.1" 200 27
218.81.217.115 - - [14/Aug/2020:08:24:46 +0800] "GET /xingrg/all/function/internal_message.html?_=1597364687807&CODE_STATE=getMsg HTTP/1.1" 302 -
120.253.135.82 - - [14/Aug/2020:08:24:48 +0800] "GET /xingrg/all/function/internal_message.html?_=1597364806557&CODE_STATE=getMsg HTTP/1.1" 200 27
172.17.0.185 - - [14/Aug/2020:08:24:50 +0800] "GET /xingrg/all/function/internal_message.html?_=1597364686470&CODE_STATE=getMsg HTTP/1.1" 200 27
114.89.80.44 - - [14/Aug/2020:08:24:51 +0800] "GET /xingrg/all/function/internal_message.html?_=1597364812661&CODE_STATE=getMsg HTTP/1.1" 200 27
114.88.165.122 - - [14/Aug/2020:08:24:56 +0800] "GET /xingrg/all/function/internal_message.html?_=1597364737204&CODE_STATE=getMsg HTTP/1.1" 200 27
114.89.80.44 - - [14/Aug/2020:08:24:58 +0800] "GET /xingrg/kc/buy/cgsh_order_operate.html?command=get_materiel&rest_code=00150&code=00101008088&supplier_code=00100007&order_time=2020-08-14 HTTP/1.1" 200 408
114.88.165.122 - - [14/Aug/2020:08:25:01 +0800] "GET /xingrg/all/function/internal_message.html?_=1597364696803&CODE_STATE=getMsg HTTP/1.1" 200 27
114.88.153.107 - - [14/Aug/2020:08:25:13 +0800] "GET /xingrg/all/function/internal_message.html?_=1597364709154&CODE_STATE=getMsg HTTP/1.1" 200 27
172.17.0.101 - - [14/Aug/2020:08:25:14 +0800] "GET /xingrg/all/function/internal_message.html?_=1597364722413&CODE_STATE=getMsg HTTP/1.1" 302 -
114.89.80.44 - - [14/Aug/2020:08:25:22 +0800] "GET /xingrg/kc/buy/cgsh_order_operate.html?command=get_materiel&rest_code=00150&code=00101008190&supplier_code=00100007&order_time=2020-08-14 HTTP/1.1" 200 412
218.81.217.115 - - [14/Aug/2020:08:25:23 +0800] "GET /xingrg/all/function/internal_message.html?_=1597364710338&CODE_STATE=getMsg HTTP/1.1" 200 27
114.89.80.44 - - [14/Aug/2020:08:25:29 +0800] "GET /xingrg/kc/buy/cgsh_order_operate.html?command=get_materiel&rest_code=00150&code=00101008238&supplier_code=00100007&order_time=2020-08-14 HTTP/1.1" 200 416
114.89.80.44 - - [14/Aug/2020:08:25:37 +0800] "GET /xingrg/all/function/internal_message.html?_=1597364734278&CODE_STATE=getMsg HTTP/1.1" 200 27
114.89.80.44 - - [14/Aug/2020:08:25:37 +0800] "GET /xingrg/kc/buy/cgsh_order_operate.html?command=get_materiel&rest_code=00150&code=00101008003&supplier_code=00100007&order_time=2020-08-14 HTTP/1.1" 200 408
114.89.80.44 - - [14/Aug/2020:08:25:45 +0800] "GET /xingrg/all/function/internal_message.html?_=1597364866528&CODE_STATE=getMsg HTTP/1.1" 200 27
61.172.5.115 - - [14/Aug/2020:08:25:46 +0800] "GET /xingrg/all/function/internal_message.html?_=1597364743500&CODE_STATE=getMsg HTTP/1.1" 200 27
172.17.0.240 - - [14/Aug/2020:08:25:46 +0800] "GET /xingrg/all/function/internal_message.html?_=1597364743117&CODE_STATE=getMsg HTTP/1.1" 200 27
58.221.95.50 - - [14/Aug/2020:08:25:46 +0800] "GET /xingrg/all/function/internal_message.html?_=1597364874545&CODE_STATE=getMsg HTTP/1.1" 200 27
218.81.217.115 - - [14/Aug/2020:08:25:47 +0800] "GET /xingrg/all/function/internal_message.html?_=1597364747961&CODE_STATE=getMsg HTTP/1.1" 302 -
114.89.80.44 - - [14/Aug/2020:08:25:47 +0800] "GET /xingrg/kc/buy/cgsh_order_operate.html?command=get_materiel&rest_code=00150&code=00101008361&supplier_code=00100007&order_time=2020-08-14 HTTP/1.1" 200 408
120.253.135.82 - - [14/Aug/2020:08:25:48 +0800] "GET /xingrg/all/function/internal_message.html?_=1597364866567&CODE_STATE=getMsg HTTP/1.1" 200 27
172.17.0.185 - - [14/Aug/2020:08:25:50 +0800] "GET /xingrg/all/function/internal_message.html?_=1597364746476&CODE_STATE=getMsg HTTP/1.1" 200 27
114.89.80.44 - - [14/Aug/2020:08:25:51 +0800] "GET /xingrg/all/function/internal_message.html?_=1597364872674&CODE_STATE=getMsg HTTP/1.1" 200 27
58.221.95.50 - - [14/Aug/2020:08:25:55 +0800] "GET /xingrg/check_reg.html?_=1597364883543 HTTP/1.1" 200 22
114.89.80.44 - - [14/Aug/2020:08:25:55 +0800] "GET /xingrg/kc/buy/cgsh_order_operate.html?command=get_materiel&rest_code=00150&code=00101008004&supplier_code=00100007&order_time=2020-08-14 HTTP/1.1" 200 416
114.88.165.122 - - [14/Aug/2020:08:25:55 +0800] "GET /xingrg/check_reg.html?_=1597364751365 HTTP/1.1" 200 22
114.88.165.122 - - [14/Aug/2020:08:25:56 +0800] "GET /xingrg/all/function/internal_message.html?_=1597364797202&CODE_STATE=getMsg HTTP/1.1" 200 27
114.88.165.122 - - [14/Aug/2020:08:26:01 +0800] "GET /xingrg/all/function/internal_message.html?_=1597364756810&CODE_STATE=getMsg HTTP/1.1" 200 27
218.81.217.115 - - [14/Aug/2020:08:26:02 +0800] "GET /xingrg/check_reg.html?_=1597364762896 HTTP/1.1" 302 -
114.88.153.107 - - [14/Aug/2020:08:26:13 +0800] "GET /xingrg/all/function/internal_message.html?_=1597364769125&CODE_STATE=getMsg HTTP/1.1" 200 27
218.81.217.115 - - [14/Aug/2020:08:26:13 +0800] "GET /xingrg/check_reg.html?_=1597364760020 HTTP/1.1" 200 22
172.17.0.101 - - [14/Aug/2020:08:26:14 +0800] "GET /xingrg/all/function/internal_message.html?_=1597364782501&CODE_STATE=getMsg HTTP/1.1" 302 -
218.81.217.115 - - [14/Aug/2020:08:26:23 +0800] "GET /xingrg/all/function/internal_message.html?_=1597364770343&CODE_STATE=getMsg HTTP/1.1" 200 27
114.89.80.44 - - [14/Aug/2020:08:26:26 +0800] "GET /xingrg/kc/buy/cgsh_order_operate.html?command=get_materiel&rest_code=00150&code=00101008264&supplier_code=00100007&order_time=2020-08-14 HTTP/1.1" 200 412
114.88.153.107 - - [14/Aug/2020:08:26:30 +0800] "GET /xingrg/check_reg.html?_=1597364785874 HTTP/1.1" 200 22
114.88.165.122 - - [14/Aug/2020:08:26:31 +0800] "GET /xingrg/kc/buy/cgsh_order_list.html HTTP/1.1" 200 43641
114.88.165.122 - - [14/Aug/2020:08:26:32 +0800] "POST /xingrg/kc/buy/cgsh_list_operate.html HTTP/1.1" 200 876
114.89.80.44 - - [14/Aug/2020:08:26:36 +0800] "GET /xingrg/kc/buy/cgsh_order_operate.html?command=get_materiel&rest_code=00150&code=00101008321&supplier_code=00100007&order_time=2020-08-14 HTTP/1.1" 200 412
114.89.80.44 - - [14/Aug/2020:08:26:37 +0800] "GET /xingrg/all/function/internal_message.html?_=1597364794281&CODE_STATE=getMsg HTTP/1.1" 200 27
114.88.165.122 - - [14/Aug/2020:08:26:39 +0800] "GET /xingrg/kc/buy/cgsh_order_add.html HTTP/1.1" 200 59379
114.88.165.122 - - [14/Aug/2020:08:26:39 +0800] "GET /xingrg/words/20200813115728_words.js HTTP/1.1" 304 -
114.88.165.122 - - [14/Aug/2020:08:26:39 +0800] "GET /xingrg/javascript/easyui/themes/default/validatebox.css HTTP/1.1" 404 1104
114.88.165.122 - - [14/Aug/2020:08:26:39 +0800] "GET /xingrg/all/common/auto_word.html?type=employee&rest_code=00111 HTTP/1.1" 200 205
114.88.165.122 - - [14/Aug/2020:08:26:39 +0800] "GET /xingrg/all/common/auto_word.html?type=employee&rest_code=00111 HTTP/1.1" 200 205
114.88.165.122 - - [14/Aug/2020:08:26:39 +0800] "POST /xingrg/kc/buy/cgsh_order_operate.html HTTP/1.1" 200 8245
114.89.80.44 - - [14/Aug/2020:08:26:45 +0800] "GET /xingrg/all/function/internal_message.html?_=1597364926574&CODE_STATE=getMsg HTTP/1.1" 200 27
61.172.5.115 - - [14/Aug/2020:08:26:46 +0800] "GET /xingrg/all/function/internal_message.html?_=1597364803499&CODE_STATE=getMsg HTTP/1.1" 200 27
61.172.5.115 - - [14/Aug/2020:08:26:46 +0800] "GET /xingrg/check_reg.html?_=1597364803500 HTTP/1.1" 200 22
172.17.0.240 - - [14/Aug/2020:08:26:46 +0800] "GET /xingrg/all/function/internal_message.html?_=1597364803108&CODE_STATE=getMsg HTTP/1.1" 200 27
58.221.95.50 - - [14/Aug/2020:08:26:46 +0800] "GET /xingrg/all/function/internal_message.html?_=1597364934552&CODE_STATE=getMsg HTTP/1.1" 200 27
218.81.217.115 - - [14/Aug/2020:08:26:47 +0800] "GET /xingrg/all/function/internal_message.html?_=1597364807974&CODE_STATE=getMsg HTTP/1.1" 302 -
114.89.80.44 - - [14/Aug/2020:08:26:48 +0800] "GET /xingrg/kc/buy/cgsh_order_operate.html?command=get_materiel&rest_code=00150&code=00101008356&supplier_code=00100007&order_time=2020-08-14 HTTP/1.1" 200 408
120.253.135.82 - - [14/Aug/2020:08:26:48 +0800] "GET /xingrg/all/function/internal_message.html?_=1597364926662&CODE_STATE=getMsg HTTP/1.1" 200 27
172.17.0.185 - - [14/Aug/2020:08:26:50 +0800] "GET /xingrg/check_reg.html?_=1597364806480 HTTP/1.1" 200 22
172.17.0.185 - - [14/Aug/2020:08:26:50 +0800] "GET /xingrg/all/function/internal_message.html?_=1597364806484&CODE_STATE=getMsg HTTP/1.1" 200 27
114.89.80.44 - - [14/Aug/2020:08:26:51 +0800] "GET /xingrg/all/function/internal_message.html?_=1597364932698&CODE_STATE=getMsg HTTP/1.1" 200 27
114.89.80.44 - - [14/Aug/2020:08:26:54 +0800] "GET /xingrg/kc/buy/cgsh_order_operate.html?command=get_materiel&rest_code=00150&code=00101008300&supplier_code=00100007&order_time=2020-08-14 HTTP/1.1" 200 412
114.88.165.122 - - [14/Aug/2020:08:26:56 +0800] "GET /xingrg/check_reg.html?_=1597364857207 HTTP/1.1" 200 22
114.88.165.122 - - [14/Aug/2020:08:26:56 +0800] "GET /xingrg/all/function/internal_message.html?_=1597364857208&CODE_STATE=getMsg HTTP/1.1" 200 27
114.88.165.122 - - [14/Aug/2020:08:27:01 +0800] "GET /xingrg/all/function/internal_message.html?_=1597364816823&CODE_STATE=getMsg HTTP/1.1" 200 27
114.89.80.44 - - [14/Aug/2020:08:27:05 +0800] "GET /xingrg/kc/buy/cgsh_order_operate.html?command=get_materiel&rest_code=00150&code=00101008101&supplier_code=00100007&order_time=2020-08-14 HTTP/1.1" 200 412
120.253.135.82 - - [14/Aug/2020:08:27:06 +0800] "GET /xingrg/check_reg.html?_=1597364944426 HTTP/1.1" 200 22
114.89.80.44 - - [14/Aug/2020:08:27:09 +0800] "POST /xingrg/kc/buy/cgsh_order_operate.html HTTP/1.1" 200 75
114.88.153.107 - - [14/Aug/2020:08:27:13 +0800] "GET /xingrg/all/function/internal_message.html?_=1597364829096&CODE_STATE=getMsg HTTP/1.1" 200 27
172.17.0.101 - - [14/Aug/2020:08:27:14 +0800] "GET /xingrg/all/function/internal_message.html?_=1597364842503&CODE_STATE=getMsg HTTP/1.1" 302 -
114.89.80.44 - - [14/Aug/2020:08:27:17 +0800] "POST /xingrg/kc/buy/cgsh_order_operate.html HTTP/1.1" 200 37
114.89.80.44 - - [14/Aug/2020:08:27:19 +0800] "POST /xingrg/kc/buy/cgsh_order_operate.html HTTP/1.1" 200 13900
218.81.217.115 - - [14/Aug/2020:08:27:23 +0800] "GET /xingrg/all/function/internal_message.html?_=1597364830357&CODE_STATE=getMsg HTTP/1.1" 200 27
114.89.80.44 - - [14/Aug/2020:08:27:27 +0800] "GET /xingrg/kc/buy/cgsh_order_operate.html?command=get_materiel&rest_code=00150&code=00101008357&supplier_code=00100007&order_time=2020-08-14 HTTP/1.1" 200 408
114.89.80.44 - - [14/Aug/2020:08:27:37 +0800] "GET /xingrg/all/function/internal_message.html?_=1597364854283&CODE_STATE=getMsg HTTP/1.1" 200 27
114.89.80.44 - - [14/Aug/2020:08:27:37 +0800] "GET /xingrg/kc/buy/cgsh_order_operate.html?command=get_materiel&rest_code=00150&code=00101008286&supplier_code=00100007&order_time=2020-08-14 HTTP/1.1" 200 408
114.89.80.44 - - [14/Aug/2020:08:27:45 +0800] "GET /xingrg/check_reg.html?_=1597364986494 HTTP/1.1" 200 22
114.89.80.44 - - [14/Aug/2020:08:27:45 +0800] "GET /xingrg/all/function/internal_message.html?_=1597364986586&CODE_STATE=getMsg HTTP/1.1" 200 27
61.172.5.115 - - [14/Aug/2020:08:27:46 +0800] "GET /xingrg/all/function/internal_message.html?_=1597364863499&CODE_STATE=getMsg HTTP/1.1" 200 27
172.17.0.240 - - [14/Aug/2020:08:27:46 +0800] "GET /xingrg/all/function/internal_message.html?_=1597364863110&CODE_STATE=getMsg HTTP/1.1" 200 27
58.221.95.50 - - [14/Aug/2020:08:27:46 +0800] "GET /xingrg/all/function/internal_message.html?_=1597364994553&CODE_STATE=getMsg HTTP/1.1" 200 27
218.81.217.115 - - [14/Aug/2020:08:27:47 +0800] "GET /xingrg/all/function/internal_message.html?_=1597364868120&CODE_STATE=getMsg HTTP/1.1" 302 -
120.253.135.82 - - [14/Aug/2020:08:27:48 +0800] "GET /xingrg/all/function/internal_message.html?_=1597364986671&CODE_STATE=getMsg HTTP/1.1" 200 27
172.17.0.185 - - [14/Aug/2020:08:27:50 +0800] "GET /xingrg/all/function/internal_message.html?_=1597364866470&CODE_STATE=getMsg HTTP/1.1" 200 27
114.89.80.44 - - [14/Aug/2020:08:27:51 +0800] "GET /xingrg/all/function/internal_message.html?_=1597364992701&CODE_STATE=getMsg HTTP/1.1" 200 27
114.88.165.122 - - [14/Aug/2020:08:27:56 +0800] "GET /xingrg/all/function/internal_message.html?_=1597364917209&CODE_STATE=getMsg HTTP/1.1" 200 27
114.89.80.44 - - [14/Aug/2020:08:27:57 +0800] "GET /xingrg/kc/buy/cgsh_order_operate.html?command=get_materiel&rest_code=00150&code=00101008036&supplier_code=00100007&order_time=2020-08-14 HTTP/1.1" 200 408
114.88.165.122 - - [14/Aug/2020:08:28:01 +0800] "GET /xingrg/all/function/internal_message.html?_=1597364877218&CODE_STATE=getMsg HTTP/1.1" 200 27
114.89.80.44 - - [14/Aug/2020:08:28:08 +0800] "GET /xingrg/kc/buy/cgsh_order_operate.html?command=get_materiel&rest_code=00150&code=00101008131&supplier_code=00100007&order_time=2020-08-14 HTTP/1.1" 200 409
114.88.153.107 - - [14/Aug/2020:08:28:13 +0800] "GET /xingrg/all/function/internal_message.html?_=1597364889078&CODE_STATE=getMsg HTTP/1.1" 200 27
172.17.0.101 - - [14/Aug/2020:08:28:14 +0800] "GET /xingrg/all/function/internal_message.html?_=1597364902550&CODE_STATE=getMsg HTTP/1.1" 302 -
114.89.80.44 - - [14/Aug/2020:08:28:18 +0800] "GET /xingrg/kc/buy/cgsh_order_operate.html?command=get_materiel&rest_code=00150&code=00101008108&supplier_code=00100007&order_time=2020-08-14 HTTP/1.1" 200 412
114.89.80.44 - - [14/Aug/2020:08:28:23 +0800] "POST /xingrg/kc/buy/cgsh_order_operate.html HTTP/1.1" 200 37
218.81.217.115 - - [14/Aug/2020:08:28:23 +0800] "GET /xingrg/all/function/internal_message.html?_=1597364890378&CODE_STATE=getMsg HTTP/1.1" 200 27
114.89.80.44 - - [14/Aug/2020:08:28:24 +0800] "POST /xingrg/kc/buy/cgsh_order_operate.html HTTP/1.1" 200 16850
114.89.80.44 - - [14/Aug/2020:08:28:29 +0800] "GET /xingrg/kc/buy/cgsh_order_operate.html?command=get_materiel&rest_code=00150&code=00101008318&supplier_code=00100007&order_time=2020-08-14 HTTP/1.1" 200 408
114.89.80.44 - - [14/Aug/2020:08:28:37 +0800] "GET /xingrg/all/function/internal_message.html?_=1597364914291&CODE_STATE=getMsg HTTP/1.1" 200 27
114.89.80.44 - - [14/Aug/2020:08:28:37 +0800] "GET /xingrg/check_reg.html?_=1597364914295 HTTP/1.1" 200 22
114.89.80.44 - - [14/Aug/2020:08:28:37 +0800] "GET /xingrg/kc/buy/cgsh_order_operate.html?command=get_materiel&rest_code=00150&code=00101008371&supplier_code=00100007&order_time=2020-08-14 HTTP/1.1" 200 412
114.89.80.44 - - [14/Aug/2020:08:28:45 +0800] "GET /xingrg/all/function/internal_message.html?_=1597365046600&CODE_STATE=getMsg HTTP/1.1" 200 27
61.172.5.115 - - [14/Aug/2020:08:28:46 +0800] "GET /xingrg/all/function/internal_message.html?_=1597364923497&CODE_STATE=getMsg HTTP/1.1" 200 27
172.17.0.240 - - [14/Aug/2020:08:28:46 +0800] "GET /xingrg/all/function/internal_message.html?_=1597364923111&CODE_STATE=getMsg HTTP/1.1" 200 27
58.221.95.50 - - [14/Aug/2020:08:28:46 +0800] "GET /xingrg/all/function/internal_message.html?_=1597365054540&CODE_STATE=getMsg HTTP/1.1" 200 27
218.81.217.115 - - [14/Aug/2020:08:28:47 +0800] "GET /xingrg/all/function/internal_message.html?_=1597364928127&CODE_STATE=getMsg HTTP/1.1" 302 -
114.89.80.44 - - [14/Aug/2020:08:28:47 +0800] "GET /xingrg/kc/buy/cgsh_order_operate.html?command=get_materiel&rest_code=00150&code=00101008005&supplier_code=00100007&order_time=2020-08-14 HTTP/1.1" 200 412
120.253.135.82 - - [14/Aug/2020:08:28:48 +0800] "GET /xingrg/all/function/internal_message.html?_=1597365046683&CODE_STATE=getMsg HTTP/1.1" 200 27
172.17.0.185 - - [14/Aug/2020:08:28:50 +0800] "GET /xingrg/all/function/internal_message.html?_=1597364926475&CODE_STATE=getMsg HTTP/1.1" 200 27
114.89.80.44 - - [14/Aug/2020:08:28:51 +0800] "GET /xingrg/all/function/internal_message.html?_=1597365052734&CODE_STATE=getMsg HTTP/1.1" 200 27
114.88.165.122 - - [14/Aug/2020:08:28:56 +0800] "GET /xingrg/all/function/internal_message.html?_=1597364977219&CODE_STATE=getMsg HTTP/1.1" 200 27
114.89.80.44 - - [14/Aug/2020:08:28:57 +0800] "GET /xingrg/kc/buy/cgsh_order_operate.html?command=get_materiel&rest_code=00150&code=00101008353&supplier_code=00100007&order_time=2020-08-14 HTTP/1.1" 200 408
114.88.165.122 - - [14/Aug/2020:08:29:01 +0800] "GET /xingrg/all/function/internal_message.html?_=1597364937224&CODE_STATE=getMsg HTTP/1.1" 200 27
114.89.80.44 - - [14/Aug/2020:08:29:05 +0800] "GET /xingrg/kc/buy/cgsh_order_operate.html?command=get_materiel&rest_code=00150&code=00101008213&supplier_code=00100007&order_time=2020-08-14 HTTP/1.1" 200 412
114.89.80.44 - - [14/Aug/2020:08:29:12 +0800] "POST /xingrg/kc/buy/cgsh_order_operate.html HTTP/1.1" 200 37
114.88.153.107 - - [14/Aug/2020:08:29:13 +0800] "GET /xingrg/all/function/internal_message.html?_=1597364949054&CODE_STATE=getMsg HTTP/1.1" 200 27
114.89.80.44 - - [14/Aug/2020:08:29:13 +0800] "POST /xingrg/kc/buy/cgsh_order_operate.html HTTP/1.1" 200 19804
172.17.0.101 - - [14/Aug/2020:08:29:14 +0800] "GET /xingrg/all/function/internal_message.html?_=1597364962561&CODE_STATE=getMsg HTTP/1.1" 302 -
114.89.80.44 - - [14/Aug/2020:08:29:19 +0800] "GET /xingrg/kc/buy/cgsh_order_operate.html?command=get_materiel&rest_code=00150&code=00101008344&supplier_code=00100007&order_time=2020-08-14 HTTP/1.1" 200 412
218.81.217.115 - - [14/Aug/2020:08:29:23 +0800] "GET /xingrg/all/function/internal_message.html?_=1597364950384&CODE_STATE=getMsg HTTP/1.1" 200 27
114.89.80.44 - - [14/Aug/2020:08:29:28 +0800] "GET /xingrg/kc/buy/cgsh_order_operate.html?command=get_materiel&rest_code=00150&code=00101008297&supplier_code=00100007&order_time=2020-08-14 HTTP/1.1" 200 412
114.89.80.44 - - [14/Aug/2020:08:29:36 +0800] "GET /xingrg/kc/buy/cgsh_order_operate.html?command=get_materiel&rest_code=00150&code=00101008110&supplier_code=00100007&order_time=2020-08-14 HTTP/1.1" 200 408
114.89.80.44 - - [14/Aug/2020:08:29:37 +0800] "GET /xingrg/all/function/internal_message.html?_=1597364974300&CODE_STATE=getMsg HTTP/1.1" 200 27
114.89.80.44 - - [14/Aug/2020:08:29:37 +0800] "GET /xingrg/check_reg.html?_=1597365098786 HTTP/1.1" 200 22
114.89.80.44 - - [14/Aug/2020:08:29:44 +0800] "GET /xingrg/kc/buy/cgsh_order_operate.html?command=get_materiel&rest_code=00150&code=00101008229&supplier_code=00100007&order_time=2020-08-14 HTTP/1.1" 200 420
114.89.80.44 - - [14/Aug/2020:08:29:45 +0800] "GET /xingrg/all/function/internal_message.html?_=1597365106613&CODE_STATE=getMsg HTTP/1.1" 200 27
172.17.0.101 - - [14/Aug/2020:08:29:45 +0800] "GET /xingrg/check_reg.html?_=1597364993218 HTTP/1.1" 302 -
61.172.5.115 - - [14/Aug/2020:08:29:46 +0800] "GET /xingrg/all/function/internal_message.html?_=1597364983496&CODE_STATE=getMsg HTTP/1.1" 200 27
172.17.0.240 - - [14/Aug/2020:08:29:46 +0800] "GET /xingrg/all/function/internal_message.html?_=1597364983114&CODE_STATE=getMsg HTTP/1.1" 200 27
172.17.0.240 - - [14/Aug/2020:08:29:46 +0800] "GET /xingrg/check_reg.html?_=1597364983115 HTTP/1.1" 200 22
58.221.95.50 - - [14/Aug/2020:08:29:46 +0800] "GET /xingrg/all/function/internal_message.html?_=1597365114540&CODE_STATE=getMsg HTTP/1.1" 200 27
218.81.217.115 - - [14/Aug/2020:08:29:47 +0800] "GET /xingrg/all/function/internal_message.html?_=1597364988283&CODE_STATE=getMsg HTTP/1.1" 302 -
120.253.135.82 - - [14/Aug/2020:08:29:48 +0800] "GET /xingrg/all/function/internal_message.html?_=1597365106777&CODE_STATE=getMsg HTTP/1.1" 200 27
114.89.80.44 - - [14/Aug/2020:08:29:50 +0800] "GET /xingrg/kc/buy/cgsh_order_operate.html?command=get_materiel&rest_code=00150&code=00101008298&supplier_code=00100007&order_time=2020-08-14 HTTP/1.1" 200 412
172.17.0.185 - - [14/Aug/2020:08:29:50 +0800] "GET /xingrg/all/function/internal_message.html?_=1597364986479&CODE_STATE=getMsg HTTP/1.1" 200 27
114.89.80.44 - - [14/Aug/2020:08:29:51 +0800] "GET /xingrg/all/function/internal_message.html?_=1597365112745&CODE_STATE=getMsg HTTP/1.1" 200 27
218.81.217.115 - - [14/Aug/2020:08:29:54 +0800] "POST /xingrg/services/DataTransmitService HTTP/1.1" 200 524
114.89.80.44 - - [14/Aug/2020:08:29:54 +0800] "POST /xingrg/kc/buy/cgsh_order_operate.html HTTP/1.1" 200 37
114.89.80.44 - - [14/Aug/2020:08:29:56 +0800] "POST /xingrg/kc/buy/cgsh_order_operate.html HTTP/1.1" 200 22764
114.88.165.122 - - [14/Aug/2020:08:29:56 +0800] "GET /xingrg/all/function/internal_message.html?_=1597365037212&CODE_STATE=getMsg HTTP/1.1" 200 27
218.81.217.115 - - [14/Aug/2020:08:29:57 +0800] "POST /xingrg/services/DataTransmitService HTTP/1.1" 200 501
114.89.80.44 - - [14/Aug/2020:08:30:01 +0800] "GET /xingrg/kc/buy/cgsh_order_operate.html?command=get_materiel&rest_code=00150&code=00101008221&supplier_code=00100007&order_time=2020-08-14 HTTP/1.1" 200 412
114.88.165.122 - - [14/Aug/2020:08:30:02 +0800] "GET /xingrg/all/function/internal_message.html?_=1597364997602&CODE_STATE=getMsg HTTP/1.1" 200 27
114.88.153.107 - - [14/Aug/2020:08:30:13 +0800] "GET /xingrg/all/function/internal_message.html?_=1597365009021&CODE_STATE=getMsg HTTP/1.1" 200 27
172.17.0.101 - - [14/Aug/2020:08:30:14 +0800] "GET /xingrg/all/function/internal_message.html?_=1597365022609&CODE_STATE=getMsg HTTP/1.1" 302 -
218.81.217.115 - - [14/Aug/2020:08:30:23 +0800] "GET /xingrg/all/function/internal_message.html?_=1597365010406&CODE_STATE=getMsg HTTP/1.1" 200 27
114.88.165.122 - - [14/Aug/2020:08:30:34 +0800] "GET /xingrg/javascript/auto/indicator.gif HTTP/1.1" 404 1066
114.88.165.122 - - [14/Aug/2020:08:30:35 +0800] "GET /xingrg/javascript/jquery_tools/images/prev.gif HTTP/1.1" 404 1086
114.88.165.122 - - [14/Aug/2020:08:30:35 +0800] "GET /xingrg/javascript/jquery_tools/images/next.gif HTTP/1.1" 404 1086
114.89.80.44 - - [14/Aug/2020:08:30:37 +0800] "GET /xingrg/all/function/internal_message.html?_=1597365034304&CODE_STATE=getMsg HTTP/1.1" 200 27
114.88.165.122 - - [14/Aug/2020:08:30:39 +0800] "GET /xingrg/kc/buy/cgsh_order_operate.html?command=get_materiel&rest_code=00111&code=00101002022&supplier_code=00100199&order_time=2020-08-14 HTTP/1.1" 200 409
114.89.80.44 - - [14/Aug/2020:08:30:45 +0800] "GET /xingrg/all/function/internal_message.html?_=1597365166627&CODE_STATE=getMsg HTTP/1.1" 200 27
114.88.165.122 - - [14/Aug/2020:08:30:46 +0800] "GET /xingrg/kc/buy/cgsh_order_operate.html?command=get_materiel&rest_code=00111&code=00101002027&supplier_code=00100199&order_time=2020-08-14 HTTP/1.1" 200 413
61.172.5.115 - - [14/Aug/2020:08:30:46 +0800] "GET /xingrg/all/function/internal_message.html?_=1597365043496&CODE_STATE=getMsg HTTP/1.1" 200 27
172.17.0.240 - - [14/Aug/2020:08:30:46 +0800] "GET /xingrg/all/function/internal_message.html?_=1597365043116&CODE_STATE=getMsg HTTP/1.1" 200 27
58.221.95.50 - - [14/Aug/2020:08:30:46 +0800] "GET /xingrg/all/function/internal_message.html?_=1597365174543&CODE_STATE=getMsg HTTP/1.1" 200 27
218.81.217.115 - - [14/Aug/2020:08:30:47 +0800] "GET /xingrg/all/function/internal_message.html?_=1597365048295&CODE_STATE=getMsg HTTP/1.1" 302 -
120.253.135.82 - - [14/Aug/2020:08:30:49 +0800] "GET /xingrg/all/function/internal_message.html?_=1597365166789&CODE_STATE=getMsg HTTP/1.1" 200 27
172.17.0.185 - - [14/Aug/2020:08:30:50 +0800] "GET /xingrg/all/function/internal_message.html?_=1597365046481&CODE_STATE=getMsg HTTP/1.1" 200 27
114.88.165.122 - - [14/Aug/2020:08:30:51 +0800] "GET /xingrg/kc/buy/cgsh_order_operate.html?command=get_materiel&rest_code=00111&code=00101002006&supplier_code=00100199&order_time=2020-08-14 HTTP/1.1" 200 413
114.89.80.44 - - [14/Aug/2020:08:30:51 +0800] "GET /xingrg/all/function/internal_message.html?_=1597365172759&CODE_STATE=getMsg HTTP/1.1" 200 27
114.88.165.122 - - [14/Aug/2020:08:30:55 +0800] "POST /xingrg/kc/buy/cgsh_order_operate.html HTTP/1.1" 200 37
58.221.95.50 - - [14/Aug/2020:08:30:55 +0800] "GET /xingrg/check_reg.html?_=1597365183515 HTTP/1.1" 200 22
114.88.165.122 - - [14/Aug/2020:08:30:55 +0800] "GET /xingrg/check_reg.html?_=1597365051370 HTTP/1.1" 200 22
114.88.165.122 - - [14/Aug/2020:08:30:56 +0800] "GET /xingrg/all/function/internal_message.html?_=1597365097322&CODE_STATE=getMsg HTTP/1.1" 200 27
114.88.165.122 - - [14/Aug/2020:08:30:56 +0800] "POST /xingrg/kc/buy/cgsh_order_operate.html HTTP/1.1" 200 3842
114.88.165.122 - - [14/Aug/2020:08:30:57 +0800] "GET /xingrg/kc/print/load_config.html?kc_code=cgsh HTTP/1.1" 200 1845
114.88.165.122 - - [14/Aug/2020:08:30:57 +0800] "GET /xingrg/kc/print/load_data.html?order_code=212020081405649&kc_code=cgsh&condition= HTTP/1.1" 200 1121
218.81.217.115 - - [14/Aug/2020:08:31:02 +0800] "GET /xingrg/check_reg.html?_=1597365063014 HTTP/1.1" 302 -
114.88.165.122 - - [14/Aug/2020:08:31:02 +0800] "GET /xingrg/all/function/internal_message.html?_=1597365057610&CODE_STATE=getMsg HTTP/1.1" 200 27
114.88.165.122 - - [14/Aug/2020:08:31:06 +0800] "GET /xingrg/kc/buy/cgsh_order_add.html HTTP/1.1" 200 59379
114.88.165.122 - - [14/Aug/2020:08:31:06 +0800] "POST /xingrg/kc/buy/cgsh_order_operate.html HTTP/1.1" 200 8245
114.88.165.122 - - [14/Aug/2020:08:31:06 +0800] "GET /xingrg/javascript/easyui/themes/default/validatebox.css HTTP/1.1" 404 1104
180.97.118.219 - - [14/Aug/2020:08:31:11 +0800] "GET /xingrg/all/function/internal_message.html?_=1597364889078&CODE_STATE=getMsg HTTP/1.1" 302 -
114.88.153.107 - - [14/Aug/2020:08:31:13 +0800] "GET /xingrg/all/function/internal_message.html?_=1597365068990&CODE_STATE=getMsg HTTP/1.1" 200 27
218.81.217.115 - - [14/Aug/2020:08:31:13 +0800] "GET /xingrg/check_reg.html?_=1597365060025 HTTP/1.1" 200 22
172.17.0.101 - - [14/Aug/2020:08:31:14 +0800] "GET /xingrg/all/function/internal_message.html?_=1597365082620&CODE_STATE=getMsg HTTP/1.1" 302 -
114.88.165.122 - - [14/Aug/2020:08:31:16 +0800] "GET /xingrg/kc/buy/cgsh_order_operate.html?command=get_materiel&rest_code=00111&code=00102003088&supplier_code=00100074&order_time=2020-08-14 HTTP/1.1" 200 413
180.97.118.219 - - [14/Aug/2020:08:31:19 +0800] "GET /xingrg/login.html HTTP/1.1" 200 7641
114.89.80.44 - - [14/Aug/2020:08:31:19 +0800] "GET /xingrg/kc/buy/cgsh_order_operate.html?command=get_materiel&rest_code=00150&code=00101008355&supplier_code=00100007&order_time=2020-08-14 HTTP/1.1" 200 408
114.88.165.122 - - [14/Aug/2020:08:31:22 +0800] "POST /xingrg/kc/buy/cgsh_order_operate.html HTTP/1.1" 200 37
114.88.165.122 - - [14/Aug/2020:08:31:23 +0800] "POST /xingrg/kc/buy/cgsh_order_operate.html HTTP/1.1" 200 2657
218.81.217.115 - - [14/Aug/2020:08:31:23 +0800] "GET /xingrg/all/function/internal_message.html?_=1597365070411&CODE_STATE=getMsg HTTP/1.1" 200 27
114.88.165.122 - - [14/Aug/2020:08:31:26 +0800] "GET /xingrg/kc/print/load_data.html?order_code=212020081405650&kc_code=cgsh&condition= HTTP/1.1" 200 682
114.89.80.44 - - [14/Aug/2020:08:31:27 +0800] "POST /xingrg/kc/buy/cgsh_order_operate.html HTTP/1.1" 200 37
114.89.80.44 - - [14/Aug/2020:08:31:28 +0800] "POST /xingrg/kc/buy/cgsh_order_operate.html HTTP/1.1" 200 23942
114.88.153.107 - - [14/Aug/2020:08:31:30 +0800] "GET /xingrg/check_reg.html?_=1597365085845 HTTP/1.1" 200 22
114.89.80.44 - - [14/Aug/2020:08:31:34 +0800] "GET /xingrg/kc/buy/cgsh_order_operate.html?command=get_materiel&rest_code=00150&code=00101008175&supplier_code=00100007&order_time=2020-08-14 HTTP/1.1" 200 412
114.89.80.44 - - [14/Aug/2020:08:31:37 +0800] "GET /xingrg/all/function/internal_message.html?_=1597365094305&CODE_STATE=getMsg HTTP/1.1" 200 27
222.69.137.5 - - [14/Aug/2020:08:31:43 +0800] "GET /xingrg/index.html?sysBaseUrl=http%3A%2F%2F180.169.147.146%3A18081%2Fxingrg%2F&costTime=52×tamp=1591679117969 HTTP/1.1" 302 -
222.69.137.5 - - [14/Aug/2020:08:31:43 +0800] "GET /xingrg/login.html HTTP/1.1" 200 7641
222.69.137.5 - - [14/Aug/2020:08:31:44 +0800] "GET /favicon.ico HTTP/1.1" 404 -
114.89.80.44 - - [14/Aug/2020:08:31:45 +0800] "GET /xingrg/all/function/internal_message.html?_=1597365226641&CODE_STATE=getMsg HTTP/1.1" 200 27
61.172.5.115 - - [14/Aug/2020:08:31:46 +0800] "GET /xingrg/all/function/internal_message.html?_=1597365103494&CODE_STATE=getMsg HTTP/1.1" 200 27
61.172.5.115 - - [14/Aug/2020:08:31:46 +0800] "GET /xingrg/check_reg.html?_=1597365103495 HTTP/1.1" 200 22
222.69.137.5 - - [14/Aug/2020:08:31:46 +0800] "POST /xingrg/login.do HTTP/1.1" 302 -
222.69.137.5 - - [14/Aug/2020:08:31:46 +0800] "GET /xingrg/index.html?sysBaseUrl=http%3A%2F%2F180.169.147.146%3A18081%2Fxingrg%2F&costTime=51×tamp=1597365106296 HTTP/1.1" 200 17179
222.69.137.5 - - [14/Aug/2020:08:31:46 +0800] "GET /favicon.ico HTTP/1.1" 404 -
172.17.0.240 - - [14/Aug/2020:08:31:46 +0800] "GET /xingrg/all/function/internal_message.html?_=1597365103106&CODE_STATE=getMsg HTTP/1.1" 200 27
222.69.137.5 - - [14/Aug/2020:08:31:46 +0800] "POST /xingrg/all/common/load_tree.html?tree=area_rest_tree_json&manage=1 HTTP/1.1" 200 351
222.69.137.5 - - [14/Aug/2020:08:31:46 +0800] "GET /xingrg/all/function/internal_message.html?_=1597365097226&CODE_STATE=count HTTP/1.1" 200 11
222.69.137.5 - - [14/Aug/2020:08:31:46 +0800] "GET /xingrg/check_reg.html?_=1597365097230 HTTP/1.1" 200 22
222.69.137.5 - - [14/Aug/2020:08:31:46 +0800] "POST /xingrg/load_menu.html HTTP/1.1" 200 5138
58.221.95.50 - - [14/Aug/2020:08:31:46 +0800] "GET /xingrg/all/function/internal_message.html?_=1597365234550&CODE_STATE=getMsg HTTP/1.1" 200 27
218.81.217.115 - - [14/Aug/2020:08:31:47 +0800] "GET /xingrg/all/function/internal_message.html?_=1597365108409&CODE_STATE=getMsg HTTP/1.1" 302 -
120.253.135.82 - - [14/Aug/2020:08:31:49 +0800] "GET /xingrg/all/function/internal_message.html?_=1597365226881&CODE_STATE=getMsg HTTP/1.1" 200 27
172.17.0.185 - - [14/Aug/2020:08:31:50 +0800] "GET /xingrg/check_reg.html?_=1597365106470 HTTP/1.1" 200 22
172.17.0.185 - - [14/Aug/2020:08:31:50 +0800] "GET /xingrg/all/function/internal_message.html?_=1597365106478&CODE_STATE=getMsg HTTP/1.1" 200 27
114.89.80.44 - - [14/Aug/2020:08:31:51 +0800] "GET /xingrg/all/function/internal_message.html?_=1597365232788&CODE_STATE=getMsg HTTP/1.1" 200 27
114.89.80.44 - - [14/Aug/2020:08:31:55 +0800] "POST /xingrg/kc/buy/cgsh_order_operate.html HTTP/1.1" 200 37
114.88.165.122 - - [14/Aug/2020:08:31:56 +0800] "GET /xingrg/check_reg.html?_=1597365157217 HTTP/1.1" 200 22
114.88.165.122 - - [14/Aug/2020:08:31:56 +0800] "GET /xingrg/all/function/internal_message.html?_=1597365157308&CODE_STATE=getMsg HTTP/1.1" 200 27
114.89.80.44 - - [14/Aug/2020:08:31:56 +0800] "POST /xingrg/kc/buy/cgsh_order_operate.html HTTP/1.1" 200 25719
222.69.137.5 - - [14/Aug/2020:08:32:00 +0800] "GET /xingrg/kc/buy/cgsh_order_list.html HTTP/1.1" 200 43647
222.69.137.5 - - [14/Aug/2020:08:32:01 +0800] "POST /xingrg/kc/buy/cgsh_list_operate.html HTTP/1.1" 200 876
114.88.165.122 - - [14/Aug/2020:08:32:02 +0800] "GET /xingrg/all/function/internal_message.html?_=1597365117624&CODE_STATE=getMsg HTTP/1.1" 200 27
120.253.135.82 - - [14/Aug/2020:08:32:06 +0800] "GET /xingrg/check_reg.html?_=1597365244433 HTTP/1.1" 200 22
222.69.137.5 - - [14/Aug/2020:08:32:06 +0800] "GET /xingrg/kc/buy/cgsh_order_add.html HTTP/1.1" 200 59432
222.69.137.5 - - [14/Aug/2020:08:32:07 +0800] "GET /xingrg/words/20200813115728_words.js HTTP/1.1" 304 -
222.69.137.5 - - [14/Aug/2020:08:32:07 +0800] "POST /xingrg/kc/buy/cgsh_order_operate.html HTTP/1.1" 200 8245
222.69.137.5 - - [14/Aug/2020:08:32:07 +0800] "GET /xingrg/all/common/auto_word.html?type=employee&rest_code=00149 HTTP/1.1" 200 197
222.69.137.5 - - [14/Aug/2020:08:32:07 +0800] "GET /xingrg/javascript/easyui/themes/default/validatebox.css HTTP/1.1" 404 1104
222.69.137.5 - - [14/Aug/2020:08:32:07 +0800] "GET /xingrg/all/common/auto_word.html?type=employee&rest_code=00149 HTTP/1.1" 200 197
222.69.137.5 - - [14/Aug/2020:08:32:09 +0800] "GET /xingrg/javascript/auto/indicator.gif HTTP/1.1" 404 1066
222.69.137.5 - - [14/Aug/2020:08:32:10 +0800] "GET /xingrg/javascript/jquery_tools/images/prev.gif HTTP/1.1" 404 1086
222.69.137.5 - - [14/Aug/2020:08:32:10 +0800] "GET /xingrg/javascript/jquery_tools/images/next.gif HTTP/1.1" 404 1086
114.89.80.44 - - [14/Aug/2020:08:32:10 +0800] "GET /xingrg/kc/buy/cgsh_order_operate.html?command=get_materiel&rest_code=00150&code=00101008224&supplier_code=00100007&order_time=2020-08-14 HTTP/1.1" 200 416
114.88.153.107 - - [14/Aug/2020:08:32:13 +0800] "GET /xingrg/all/function/internal_message.html?_=1597365128970&CODE_STATE=getMsg HTTP/1.1" 200 27
172.17.0.101 - - [14/Aug/2020:08:32:14 +0800] "GET /xingrg/all/function/internal_message.html?_=1597365142708&CODE_STATE=getMsg HTTP/1.1" 302 -
222.69.137.5 - - [14/Aug/2020:08:32:19 +0800] "GET /xingrg/kc/buy/cgsh_order_operate.html?command=get_materiel&rest_code=00149&code=00101008323&supplier_code=00100005&order_time=2020-08-14 HTTP/1.1" 200 408
218.81.217.115 - - [14/Aug/2020:08:32:23 +0800] "GET /xingrg/all/function/internal_message.html?_=1597365130425&CODE_STATE=getMsg HTTP/1.1" 200 27
