172.17.0.100 - - [14/Aug/2020:09:39:29 +0800] "GET /xingrg/kc/buy/cgsh_order_operate.html?command=get_materiel&rest_code=00147&code=00101019583&supplier_code=00100151&order_time=2020-08-14 HTTP/1.1" 200 421
180.175.214.200 - - [14/Aug/2020:09:39:32 +0800] "GET /xingrg/all/function/internal_message.html?_=1597369376500&CODE_STATE=getMsg HTTP/1.1" 200 27
114.88.165.122 - - [14/Aug/2020:09:39:32 +0800] "GET /xingrg/kc/buy/cgsh_order_operate.html?command=get_materiel&rest_code=00111&code=00101004056&supplier_code=00100037&order_time=2020-08-14 HTTP/1.1" 200 418
114.89.80.44 - - [14/Aug/2020:09:39:37 +0800] "GET /xingrg/all/function/internal_message.html?_=1597369174583&CODE_STATE=getMsg HTTP/1.1" 200 27
180.175.214.200 - - [14/Aug/2020:09:39:38 +0800] "GET /xingrg/kc/buy/cgsh_order_operate.html?command=get_materiel&rest_code=00102&code=00102005289&supplier_code=00100151&order_time=2020-08-14 HTTP/1.1" 200 420
218.81.217.115 - - [14/Aug/2020:09:39:39 +0800] "GET /xingrg/kc/buy/cgsh_order_operate.html?command=get_materiel&rest_code=00146&code=00101008332&supplier_code=00100005&order_time=2020-08-14 HTTP/1.1" 200 412
114.89.80.44 - - [14/Aug/2020:09:39:45 +0800] "GET /xingrg/kc/buy/cgsh_order_operate.html?command=get_materiel&rest_code=00150&code=00101015026&supplier_code=00100054&order_time=2020-08-14 HTTP/1.1" 200 412
172.17.0.101 - - [14/Aug/2020:09:39:45 +0800] "GET /xingrg/check_reg.html?_=1597369193750 HTTP/1.1" 302 -
172.17.0.100 - - [14/Aug/2020:09:39:45 +0800] "GET /xingrg/kc/buy/cgsh_order_operate.html?command=get_materiel&rest_code=00147&code=00101019581&supplier_code=00100151&order_time=2020-08-14 HTTP/1.1" 200 425
61.172.5.115 - - [14/Aug/2020:09:39:45 +0800] "GET /xingrg/all/function/internal_message.html?_=1597369183208&CODE_STATE=getMsg HTTP/1.1" 200 27
222.69.137.5 - - [14/Aug/2020:09:39:46 +0800] "GET /xingrg/all/function/internal_message.html?_=1597369177340&CODE_STATE=getMsg HTTP/1.1" 200 27
58.221.95.50 - - [14/Aug/2020:09:39:46 +0800] "GET /xingrg/all/function/internal_message.html?_=1597369314648&CODE_STATE=getMsg HTTP/1.1" 200 27
180.175.214.200 - - [14/Aug/2020:09:39:47 +0800] "POST /xingrg/kc/buy/cgsh_list_operate.html HTTP/1.1" 200 5741
218.81.217.115 - - [14/Aug/2020:09:39:47 +0800] "GET /xingrg/kc/buy/cgsh_order_operate.html?command=get_materiel&rest_code=00146&code=00101008175&supplier_code=00100005&order_time=2020-08-14 HTTP/1.1" 200 412
180.157.251.101 - - [14/Aug/2020:09:39:50 +0800] "GET /xingrg/kc/buy/cgsh_order_operate.html?command=get_materiel&rest_code=00148&code=00101008144&supplier_code=00100007&order_time=2020-08-14 HTTP/1.1" 200 412
172.17.0.185 - - [14/Aug/2020:09:39:50 +0800] "GET /xingrg/all/function/internal_message.html?_=1597369186477&CODE_STATE=getMsg HTTP/1.1" 200 27
61.172.5.115 - - [14/Aug/2020:09:39:50 +0800] "GET /xingrg/all/function/internal_message.html?_=1597369178438&CODE_STATE=getMsg HTTP/1.1" 200 27
114.88.165.122 - - [14/Aug/2020:09:39:50 +0800] "GET /xingrg/kc/buy/cgsh_order_operate.html?command=get_materiel&rest_code=00111&code=00101020151&supplier_code=00100037&order_time=2020-08-14 HTTP/1.1" 200 426
120.253.135.82 - - [14/Aug/2020:09:39:52 +0800] "GET /xingrg/all/function/internal_message.html?_=1597369309771&CODE_STATE=getMsg HTTP/1.1" 200 27
218.81.217.115 - - [14/Aug/2020:09:39:52 +0800] "GET /xingrg/all/function/internal_message.html?_=1597369193338&CODE_STATE=getMsg HTTP/1.1" 302 -
218.81.217.115 - - [14/Aug/2020:09:39:54 +0800] "GET /xingrg/kc/buy/cgsh_order_operate.html?command=get_materiel&rest_code=00146&code=00101008219&supplier_code=00100005&order_time=2020-08-14 HTTP/1.1" 200 412
120.253.135.82 - - [14/Aug/2020:09:39:56 +0800] "GET /xingrg/all/function/internal_message.html?_=1597369242471&CODE_STATE=getMsg HTTP/1.1" 200 27
172.17.0.100 - - [14/Aug/2020:09:39:56 +0800] "GET /xingrg/check_reg.html?_=1597369193883 HTTP/1.1" 200 22
172.17.0.100 - - [14/Aug/2020:09:39:56 +0800] "GET /xingrg/all/function/internal_message.html?_=1597369193884&CODE_STATE=getMsg HTTP/1.1" 200 27
114.89.80.44 - - [14/Aug/2020:09:40:00 +0800] "GET /xingrg/kc/buy/cgsh_order_operate.html?command=get_materiel&rest_code=00150&code=00101015076&supplier_code=00100054&order_time=2020-08-14 HTTP/1.1" 200 416
114.89.80.44 - - [14/Aug/2020:09:40:01 +0800] "GET /xingrg/all/function/internal_message.html?_=1597369322479&CODE_STATE=getMsg HTTP/1.1" 200 27
114.88.165.122 - - [14/Aug/2020:09:40:01 +0800] "GET /xingrg/all/function/internal_message.html?_=1597369242823&CODE_STATE=getMsg HTTP/1.1" 200 27
172.17.200.101 - - [14/Aug/2020:09:40:02 +0800] "GET /xingrg/all/function/internal_message.html?_=1597369202176&CODE_STATE=getMsg HTTP/1.1" 200 27
218.81.217.115 - - [14/Aug/2020:09:40:04 +0800] "GET /xingrg/kc/buy/cgsh_order_operate.html?command=get_materiel&rest_code=00146&code=00101008257&supplier_code=00100005&order_time=2020-08-14 HTTP/1.1" 200 416
116.233.75.162 - - [14/Aug/2020:09:40:06 +0800] "GET /xingrg/all/function/internal_message.html?_=1597369236305&CODE_STATE=getMsg HTTP/1.1" 200 27
116.230.74.197 - - [14/Aug/2020:09:40:06 +0800] "GET /xingrg/all/function/internal_message.html?_=1597369198969&CODE_STATE=getMsg HTTP/1.1" 200 27
180.157.251.101 - - [14/Aug/2020:09:40:07 +0800] "GET /xingrg/kc/buy/cgsh_order_operate.html?command=get_materiel&rest_code=00148&code=00101008372&supplier_code=00100007&order_time=2020-08-14 HTTP/1.1" 200 408
114.89.80.44 - - [14/Aug/2020:09:40:11 +0800] "GET /xingrg/kc/buy/cgsh_order_operate.html?command=get_materiel&rest_code=00150&code=00101015016&supplier_code=00100054&order_time=2020-08-14 HTTP/1.1" 200 412
114.88.153.107 - - [14/Aug/2020:09:40:11 +0800] "GET /xingrg/all/function/internal_message.html?_=1597369207606&CODE_STATE=getMsg HTTP/1.1" 200 27
180.157.251.101 - - [14/Aug/2020:09:40:11 +0800] "GET /xingrg/all/function/internal_message.html?_=1597369212508&CODE_STATE=getMsg HTTP/1.1" 200 27
180.157.251.101 - - [14/Aug/2020:09:40:11 +0800] "POST /xingrg/kc/buy/cgsh_order_operate.html HTTP/1.1" 200 2065
114.88.165.122 - - [14/Aug/2020:09:40:13 +0800] "GET /xingrg/all/function/internal_message.html?_=1597369208921&CODE_STATE=getMsg HTTP/1.1" 200 27
172.17.0.101 - - [14/Aug/2020:09:40:17 +0800] "GET /xingrg/all/function/internal_message.html?_=1597369225722&CODE_STATE=getMsg HTTP/1.1" 302 -
218.81.217.115 - - [14/Aug/2020:09:40:18 +0800] "GET /xingrg/kc/buy/cgsh_order_operate.html?command=get_materiel&rest_code=00146&code=00101008112&supplier_code=00100005&order_time=2020-08-14 HTTP/1.1" 200 412
172.17.0.120 - - [14/Aug/2020:09:40:23 +0800] "GET /xingrg/all/function/internal_message.html?_=1597369244866&CODE_STATE=getMsg HTTP/1.1" 200 27
120.253.135.82 - - [14/Aug/2020:09:40:23 +0800] "GET /xingrg/all/function/internal_message.html?_=1597368973714&CODE_STATE=getMsg HTTP/1.1" 200 27
218.81.217.115 - - [14/Aug/2020:09:40:24 +0800] "GET /xingrg/all/function/internal_message.html?_=1597369211583&CODE_STATE=getMsg HTTP/1.1" 200 27
114.89.80.44 - - [14/Aug/2020:09:40:26 +0800] "POST /xingrg/kc/buy/cgsh_order_operate.html HTTP/1.1" 200 37
172.17.0.100 - - [14/Aug/2020:09:40:26 +0800] "GET /xingrg/kc/buy/cgsh_order_operate.html?command=get_materiel&rest_code=00147&code=00102008043&supplier_code=00100151&order_time=2020-08-14 HTTP/1.1" 200 412
218.81.217.115 - - [14/Aug/2020:09:40:27 +0800] "GET /xingrg/kc/buy/cgsh_order_operate.html?command=get_materiel&rest_code=00146&code=00101008096&supplier_code=00100005&order_time=2020-08-14 HTTP/1.1" 200 432
114.89.80.44 - - [14/Aug/2020:09:40:28 +0800] "POST /xingrg/kc/buy/cgsh_order_operate.html HTTP/1.1" 200 12
114.89.80.44 - - [14/Aug/2020:09:40:29 +0800] "GET /xingrg/kc/buy/cgsh_order_info.html?code=212020081405675 HTTP/1.1" 200 54220
114.89.80.44 - - [14/Aug/2020:09:40:29 +0800] "GET /xingrg/javascript/easyui/themes/default/validatebox.css HTTP/1.1" 404 1104
114.89.80.44 - - [14/Aug/2020:09:40:29 +0800] "POST /xingrg/kc/buy/cgsh_order_operate.html HTTP/1.1" 200 1791
114.89.80.44 - - [14/Aug/2020:09:40:31 +0800] "GET /xingrg/kc/print/load_data.html?order_code=212020081405675&kc_code=cgsh&condition= HTTP/1.1" 200 1175
180.175.214.200 - - [14/Aug/2020:09:40:32 +0800] "GET /xingrg/all/function/internal_message.html?_=1597369436825&CODE_STATE=getMsg HTTP/1.1" 200 27
218.81.217.115 - - [14/Aug/2020:09:40:34 +0800] "GET /xingrg/kc/buy/cgsh_order_operate.html?command=get_materiel&rest_code=00146&code=00101008088&supplier_code=00100005&order_time=2020-08-14 HTTP/1.1" 200 408
114.88.165.122 - - [14/Aug/2020:09:40:35 +0800] "GET /xingrg/kc/buy/cgsh_order_operate.html?command=get_materiel&rest_code=00111&code=00101012057&supplier_code=00100037&order_time=2020-08-14 HTTP/1.1" 200 420
114.89.80.44 - - [14/Aug/2020:09:40:37 +0800] "GET /xingrg/all/function/internal_message.html?_=1597369234582&CODE_STATE=getMsg HTTP/1.1" 200 27
218.81.217.115 - - [14/Aug/2020:09:40:42 +0800] "GET /xingrg/kc/buy/cgsh_order_operate.html?command=get_materiel&rest_code=00146&code=00101008290&supplier_code=00100005&order_time=2020-08-14 HTTP/1.1" 200 416
114.88.165.122 - - [14/Aug/2020:09:40:42 +0800] "GET /xingrg/kc/base/base_main.html HTTP/1.1" 200 12142
114.88.165.122 - - [14/Aug/2020:09:40:42 +0800] "GET /xingrg/css/blue.css HTTP/1.1" 304 -
114.88.165.122 - - [14/Aug/2020:09:40:42 +0800] "GET /xingrg/javascript/pic_change.js HTTP/1.1" 304 -
114.88.165.122 - - [14/Aug/2020:09:40:42 +0800] "GET /xingrg/javascript/myfunction.js HTTP/1.1" 304 -
114.88.165.122 - - [14/Aug/2020:09:40:42 +0800] "GET /xingrg/javascript/jquery.utils.js HTTP/1.1" 304 -
114.88.165.122 - - [14/Aug/2020:09:40:42 +0800] "GET /xingrg/javascript/jquery-1.4.2.min.js HTTP/1.1" 304 -
114.88.165.122 - - [14/Aug/2020:09:40:42 +0800] "GET /xingrg/javascript/jquery_easy_ui/themes/default/easyui.css HTTP/1.1" 304 -
114.88.165.122 - - [14/Aug/2020:09:40:42 +0800] "GET /xingrg/javascript/jquery_easy_ui/themes/icon.css HTTP/1.1" 304 -
114.88.165.122 - - [14/Aug/2020:09:40:42 +0800] "GET /xingrg/images/blue/button/wlsy.gif HTTP/1.1" 304 -
114.88.165.122 - - [14/Aug/2020:09:40:42 +0800] "GET /xingrg/images/blue/button/ckpd.gif HTTP/1.1" 304 -
114.88.165.122 - - [14/Aug/2020:09:40:42 +0800] "GET /xingrg/images/blue/button/kc.gif HTTP/1.1" 304 -
114.88.165.122 - - [14/Aug/2020:09:40:42 +0800] "GET /xingrg/images/blue/button/ckdb.gif HTTP/1.1" 304 -
114.88.165.122 - - [14/Aug/2020:09:40:42 +0800] "GET /xingrg/images/blue/button/yddb.gif HTTP/1.1" 304 -
114.88.165.122 - - [14/Aug/2020:09:40:42 +0800] "GET /xingrg/images/blue/pic_form2.gif HTTP/1.1" 304 -
114.88.165.122 - - [14/Aug/2020:09:40:42 +0800] "GET /xingrg/images/blue/bg_dotted.jpg HTTP/1.1" 304 -
114.88.165.122 - - [14/Aug/2020:09:40:42 +0800] "GET /xingrg/images/blue/button/top_left.jpg HTTP/1.1" 304 -
114.88.165.122 - - [14/Aug/2020:09:40:42 +0800] "GET /xingrg/images/blue/button/top_right.jpg HTTP/1.1" 304 -
114.88.165.122 - - [14/Aug/2020:09:40:42 +0800] "GET /xingrg/images/blue/button/down.jpg HTTP/1.1" 304 -
114.88.165.122 - - [14/Aug/2020:09:40:42 +0800] "GET /xingrg/images/blue/button/right_ah.jpg HTTP/1.1" 304 -
114.88.165.122 - - [14/Aug/2020:09:40:42 +0800] "GET /xingrg/images/blue/button/left_ah.jpg HTTP/1.1" 304 -
114.88.165.122 - - [14/Aug/2020:09:40:42 +0800] "GET /xingrg/images/blue/button/bottom_left.jpg HTTP/1.1" 304 -
114.88.165.122 - - [14/Aug/2020:09:40:42 +0800] "GET /xingrg/images/blue/button/bottom_right.jpg HTTP/1.1" 304 -
114.88.165.122 - - [14/Aug/2020:09:40:43 +0800] "GET /xingrg/kc/buy/cgsh_order_operate.html?command=get_materiel&rest_code=00111&code=00101015012&supplier_code=00100037&order_time=2020-08-14 HTTP/1.1" 200 412
114.88.165.122 - - [14/Aug/2020:09:40:44 +0800] "GET /xingrg/css/base.css HTTP/1.1" 304 -
114.88.165.122 - - [14/Aug/2020:09:40:44 +0800] "GET /xingrg/css/site.css HTTP/1.1" 304 -
114.88.165.122 - - [14/Aug/2020:09:40:44 +0800] "GET /xingrg/javascript/jquery_tools/datebox.css HTTP/1.1" 304 -
114.88.165.122 - - [14/Aug/2020:09:40:44 +0800] "GET /xingrg/javascript/easyui/themes/default/easyui.css HTTP/1.1" 304 -
114.88.165.122 - - [14/Aug/2020:09:40:44 +0800] "GET /xingrg/javascript/easyui/themes/icon.css HTTP/1.1" 304 -
114.88.165.122 - - [14/Aug/2020:09:40:44 +0800] "GET /xingrg/kc/base/yddb_order_list.html HTTP/1.1" 200 16861
114.88.165.122 - - [14/Aug/2020:09:40:44 +0800] "GET /xingrg/javascript/jquery_tools/jquery.tools.extend.js HTTP/1.1" 304 -
114.88.165.122 - - [14/Aug/2020:09:40:44 +0800] "GET /xingrg/javascript/jquery_tools/jquery.tools.table.js HTTP/1.1" 304 -
114.88.165.122 - - [14/Aug/2020:09:40:44 +0800] "GET /xingrg/javascript/jquery_tools/jquery.tools.hotkey.js HTTP/1.1" 304 -
114.88.165.122 - - [14/Aug/2020:09:40:44 +0800] "GET /xingrg/javascript/jquery_tools/fix.css HTTP/1.1" 304 -
114.88.165.122 - - [14/Aug/2020:09:40:44 +0800] "GET /xingrg/javascript/auto/jquery.autocomplete.css HTTP/1.1" 304 -
114.88.165.122 - - [14/Aug/2020:09:40:44 +0800] "GET /xingrg/javascript/jquery_tools/table.css HTTP/1.1" 304 -
114.88.165.122 - - [14/Aug/2020:09:40:44 +0800] "GET /xingrg/javascript/jquery_tools/jquery.tools.min.js HTTP/1.1" 304 -
114.88.165.122 - - [14/Aug/2020:09:40:44 +0800] "GET /xingrg/javascript/auto/jquery.autocomplete.js HTTP/1.1" 304 -
114.88.165.122 - - [14/Aug/2020:09:40:44 +0800] "GET /xingrg/javascript/jquery_tools/list_manager.js HTTP/1.1" 304 -
114.88.165.122 - - [14/Aug/2020:09:40:44 +0800] "GET /xingrg/javascript/jquery.cookie.js HTTP/1.1" 304 -
114.88.165.122 - - [14/Aug/2020:09:40:44 +0800] "GET /xingrg/javascript/easyui/easyloader.js HTTP/1.1" 304 -
114.88.165.122 - - [14/Aug/2020:09:40:44 +0800] "GET /xingrg/javascript/print/LodopFuncs.js HTTP/1.1" 304 -
114.88.165.122 - - [14/Aug/2020:09:40:45 +0800] "GET /xingrg/javascript/easyui/themes/icons/edit_add_new.png HTTP/1.1" 304 -
114.88.165.122 - - [14/Aug/2020:09:40:45 +0800] "GET /xingrg/javascript/easyui/themes/icons/import_new.png HTTP/1.1" 304 -
114.88.165.122 - - [14/Aug/2020:09:40:45 +0800] "GET /xingrg/javascript/easyui/plugins/jquery.parser.js HTTP/1.1" 304 -
114.88.165.122 - - [14/Aug/2020:09:40:45 +0800] "POST /xingrg/kc/base/yddb_list_operate.html HTTP/1.1" 200 583
61.172.5.115 - - [14/Aug/2020:09:40:45 +0800] "GET /xingrg/all/function/internal_message.html?_=1597369243181&CODE_STATE=getMsg HTTP/1.1" 200 27
222.69.137.5 - - [14/Aug/2020:09:40:46 +0800] "GET /xingrg/all/function/internal_message.html?_=1597369237338&CODE_STATE=getMsg HTTP/1.1" 200 27
58.221.95.50 - - [14/Aug/2020:09:40:46 +0800] "GET /xingrg/all/function/internal_message.html?_=1597369374653&CODE_STATE=getMsg HTTP/1.1" 200 27
114.88.165.122 - - [14/Aug/2020:09:40:47 +0800] "GET /xingrg/javascript/easyui/themes/default/images/button_plain_hover.png HTTP/1.1" 304 -
180.157.251.101 - - [14/Aug/2020:09:40:47 +0800] "GET /xingrg/kc/buy/cgsh_order_operate.html?command=get_materiel&rest_code=00148&code=00101008072&supplier_code=00100007&order_time=2020-08-14 HTTP/1.1" 200 408
114.88.165.122 - - [14/Aug/2020:09:40:48 +0800] "GET /xingrg/kc/base/yddb_order_add.html HTTP/1.1" 200 29561
114.88.165.122 - - [14/Aug/2020:09:40:48 +0800] "GET /xingrg/dwr/interface/AjaxYddbService.js HTTP/1.1" 200 13201
114.88.165.122 - - [14/Aug/2020:09:40:48 +0800] "GET /xingrg/dwr/interface/AjaxComOrderService.js HTTP/1.1" 200 18264
114.88.165.122 - - [14/Aug/2020:09:40:48 +0800] "GET /xingrg/dwr/util.js HTTP/1.1" 304 -
114.88.165.122 - - [14/Aug/2020:09:40:48 +0800] "GET /xingrg/dwr/engine.js HTTP/1.1" 200 43631
114.88.165.122 - - [14/Aug/2020:09:40:48 +0800] "GET /xingrg/javascript/AjaxInfoList.js HTTP/1.1" 304 -
114.88.165.122 - - [14/Aug/2020:09:40:48 +0800] "GET /xingrg/javascript/Grid.js HTTP/1.1" 304 -
114.88.165.122 - - [14/Aug/2020:09:40:48 +0800] "GET /xingrg/javascript/Calendar.js HTTP/1.1" 304 -
114.88.165.122 - - [14/Aug/2020:09:40:48 +0800] "GET /xingrg/javascript/ToolTips.js HTTP/1.1" 304 -
114.88.165.122 - - [14/Aug/2020:09:40:48 +0800] "GET /xingrg/javascript/checkform.js HTTP/1.1" 304 -
114.88.165.122 - - [14/Aug/2020:09:40:48 +0800] "GET /xingrg/javascript/jquery_easy_ui/themes/icons/edit_add_new.png HTTP/1.1" 304 -
114.88.165.122 - - [14/Aug/2020:09:40:48 +0800] "GET /xingrg/javascript/jquery_easy_ui/themes/icons/check_new.png HTTP/1.1" 304 -
114.88.165.122 - - [14/Aug/2020:09:40:48 +0800] "GET /xingrg/javascript/jquery_easy_ui/themes/icons/print.png HTTP/1.1" 304 -
114.88.165.122 - - [14/Aug/2020:09:40:48 +0800] "GET /xingrg/javascript/jquery_easy_ui/themes/default/images/menu_downarrow.png HTTP/1.1" 304 -
114.88.165.122 - - [14/Aug/2020:09:40:48 +0800] "GET /xingrg/javascript/jquery_easy_ui/themes/icons/cance_new.png HTTP/1.1" 304 -
114.88.165.122 - - [14/Aug/2020:09:40:48 +0800] "GET /xingrg/javascript/jquery_easy_ui/themes/icons/back_new.png HTTP/1.1" 304 -
114.88.165.122 - - [14/Aug/2020:09:40:48 +0800] "GET /xingrg/images/blue/button/kc_tab_add.gif HTTP/1.1" 304 -
114.88.165.122 - - [14/Aug/2020:09:40:48 +0800] "GET /xingrg/images/blue/button/kc_tab_edit.gif HTTP/1.1" 304 -
114.88.165.122 - - [14/Aug/2020:09:40:48 +0800] "GET /xingrg/images/blue/button/kc_tab_save.gif HTTP/1.1" 304 -
114.88.165.122 - - [14/Aug/2020:09:40:48 +0800] "GET /xingrg/images/blue/button/kc_tab_del.gif HTTP/1.1" 304 -
114.88.165.122 - - [14/Aug/2020:09:40:48 +0800] "GET /xingrg/images/blue/kc_tab_left.gif HTTP/1.1" 304 -
114.88.165.122 - - [14/Aug/2020:09:40:48 +0800] "GET /xingrg/images/blue/kc_tab_mid.gif HTTP/1.1" 304 -
114.88.165.122 - - [14/Aug/2020:09:40:48 +0800] "GET /xingrg/images/blue/kc_tab_right.gif HTTP/1.1" 304 -
114.88.165.122 - - [14/Aug/2020:09:40:48 +0800] "GET /xingrg/images/blue/kc_tab2_left.gif HTTP/1.1" 304 -
114.88.165.122 - - [14/Aug/2020:09:40:48 +0800] "GET /xingrg/images/blue/kc_tab2_right.gif HTTP/1.1" 304 -
172.17.0.185 - - [14/Aug/2020:09:40:50 +0800] "GET /xingrg/all/function/internal_message.html?_=1597369246483&CODE_STATE=getMsg HTTP/1.1" 200 27
61.172.5.115 - - [14/Aug/2020:09:40:50 +0800] "GET /xingrg/all/function/internal_message.html?_=1597369238438&CODE_STATE=getMsg HTTP/1.1" 200 27
61.172.5.115 - - [14/Aug/2020:09:40:50 +0800] "GET /xingrg/check_reg.html?_=1597369238441 HTTP/1.1" 200 22
120.253.135.82 - - [14/Aug/2020:09:40:52 +0800] "GET /xingrg/all/function/internal_message.html?_=1597369369785&CODE_STATE=getMsg HTTP/1.1" 200 27
218.81.217.115 - - [14/Aug/2020:09:40:52 +0800] "GET /xingrg/all/function/internal_message.html?_=1597369253348&CODE_STATE=getMsg HTTP/1.1" 302 -
114.88.165.122 - - [14/Aug/2020:09:40:53 +0800] "GET /xingrg/images/blue/wait.gif HTTP/1.1" 304 -
114.88.165.122 - - [14/Aug/2020:09:40:53 +0800] "POST /xingrg/dwr/call/plaincall/AjaxYddbService.getRestBases.dwr HTTP/1.1" 200 1007
114.88.165.122 - - [14/Aug/2020:09:40:53 +0800] "GET /xingrg/kc/buy/cgsh_order_operate.html?command=get_materiel&rest_code=00111&code=00101015033&supplier_code=00100037&order_time=2020-08-14 HTTP/1.1" 200 408
58.221.95.50 - - [14/Aug/2020:09:40:55 +0800] "GET /xingrg/check_reg.html?_=1597369383303 HTTP/1.1" 200 22
114.88.165.122 - - [14/Aug/2020:09:40:56 +0800] "GET /xingrg/check_reg.html?_=1597369251447 HTTP/1.1" 200 22
120.253.135.82 - - [14/Aug/2020:09:40:56 +0800] "GET /xingrg/check_reg.html?_=1597369301963 HTTP/1.1" 200 22
120.253.135.82 - - [14/Aug/2020:09:40:56 +0800] "GET /xingrg/all/function/internal_message.html?_=1597369302484&CODE_STATE=getMsg HTTP/1.1" 200 27
172.17.0.100 - - [14/Aug/2020:09:40:56 +0800] "GET /xingrg/all/function/internal_message.html?_=1597369253878&CODE_STATE=getMsg HTTP/1.1" 200 27
180.157.251.101 - - [14/Aug/2020:09:41:00 +0800] "POST /xingrg/kc/buy/cgsh_order_operate.html HTTP/1.1" 200 37
114.89.80.44 - - [14/Aug/2020:09:41:00 +0800] "GET /xingrg/check_reg.html?_=1597369382335 HTTP/1.1" 200 22
114.89.80.44 - - [14/Aug/2020:09:41:01 +0800] "GET /xingrg/all/function/internal_message.html?_=1597369382491&CODE_STATE=getMsg HTTP/1.1" 200 27
180.157.251.101 - - [14/Aug/2020:09:41:01 +0800] "POST /xingrg/kc/buy/cgsh_order_operate.html HTTP/1.1" 200 51108
114.88.165.122 - - [14/Aug/2020:09:41:01 +0800] "GET /xingrg/kc/buy/cgsh_order_operate.html?command=get_materiel&rest_code=00111&code=00101015039&supplier_code=00100037&order_time=2020-08-14 HTTP/1.1" 200 412
114.88.165.122 - - [14/Aug/2020:09:41:01 +0800] "GET /xingrg/all/function/internal_message.html?_=1597369302810&CODE_STATE=getMsg HTTP/1.1" 200 27
218.81.217.115 - - [14/Aug/2020:09:41:02 +0800] "GET /xingrg/check_reg.html?_=1597369263861 HTTP/1.1" 302 -
172.17.200.101 - - [14/Aug/2020:09:41:02 +0800] "GET /xingrg/all/function/internal_message.html?_=1597369262176&CODE_STATE=getMsg HTTP/1.1" 200 27
116.233.75.162 - - [14/Aug/2020:09:41:04 +0800] "GET /xingrg/all/function/internal_message.html?_=1597369296305&CODE_STATE=getMsg HTTP/1.1" 200 27
116.230.74.197 - - [14/Aug/2020:09:41:06 +0800] "GET /xingrg/all/function/internal_message.html?_=1597369258955&CODE_STATE=getMsg HTTP/1.1" 200 27
172.17.0.100 - - [14/Aug/2020:09:41:09 +0800] "GET /xingrg/kc/buy/cgsh_order_operate.html?command=get_materiel&rest_code=00147&code=00102011044&supplier_code=00100151&order_time=2020-08-14 HTTP/1.1" 200 408
114.88.165.122 - - [14/Aug/2020:09:41:10 +0800] "GET /xingrg/kc/buy/cgsh_order_operate.html?command=get_materiel&rest_code=00111&code=00101015046&supplier_code=00100037&order_time=2020-08-14 HTTP/1.1" 200 412
114.88.153.107 - - [14/Aug/2020:09:41:11 +0800] "GET /xingrg/all/function/internal_message.html?_=1597369267582&CODE_STATE=getMsg HTTP/1.1" 200 27
180.157.251.101 - - [14/Aug/2020:09:41:11 +0800] "GET /xingrg/all/function/internal_message.html?_=1597369272520&CODE_STATE=getMsg HTTP/1.1" 200 27
172.17.0.123 - - [14/Aug/2020:09:41:11 +0800] "GET /xingrg/check_reg.html?_=1597369188778 HTTP/1.1" 200 22
218.81.217.115 - - [14/Aug/2020:09:41:13 +0800] "GET /xingrg/check_reg.html?_=1597369260114 HTTP/1.1" 200 22
114.88.165.122 - - [14/Aug/2020:09:41:13 +0800] "POST /xingrg/dwr/call/plaincall/AjaxYddbService.saveOrder.dwr HTTP/1.1" 200 78
114.88.165.122 - - [14/Aug/2020:09:41:13 +0800] "GET /xingrg/all/function/internal_message.html?_=1597369268936&CODE_STATE=getMsg HTTP/1.1" 200 27
114.88.165.122 - - [14/Aug/2020:09:41:14 +0800] "GET /xingrg/images/yd/bt.gif HTTP/1.1" 404 1040
180.157.251.101 - - [14/Aug/2020:09:41:16 +0800] "POST /xingrg/kc/buy/cgsh_order_operate.html HTTP/1.1" 200 37
114.88.165.122 - - [14/Aug/2020:09:41:16 +0800] "POST /xingrg/dwr/call/plaincall/AjaxComOrderService.getMaterielSearchList.dwr HTTP/1.1" 200 203
180.157.251.101 - - [14/Aug/2020:09:41:17 +0800] "POST /xingrg/kc/buy/cgsh_order_operate.html HTTP/1.1" 200 51699
172.17.0.101 - - [14/Aug/2020:09:41:17 +0800] "GET /xingrg/all/function/internal_message.html?_=1597369285739&CODE_STATE=getMsg HTTP/1.1" 302 -
114.88.165.122 - - [14/Aug/2020:09:41:18 +0800] "POST /xingrg/dwr/call/plaincall/AjaxComOrderService.getMaterielSearchList.dwr HTTP/1.1" 200 203
114.88.165.122 - - [14/Aug/2020:09:41:18 +0800] "GET /xingrg/kc/buy/cgsh_order_operate.html?command=get_materiel&rest_code=00111&code=00101008123&supplier_code=00100037&order_time=2020-08-14 HTTP/1.1" 200 412
180.157.251.101 - - [14/Aug/2020:09:41:18 +0800] "GET /xingrg/kc/print/load_config.html?kc_code=cgsh HTTP/1.1" 200 1845
180.157.251.101 - - [14/Aug/2020:09:41:19 +0800] "GET /xingrg/kc/print/load_data.html?order_code=212020081405664&kc_code=cgsh HTTP/1.1" 200 19222
114.88.165.122 - - [14/Aug/2020:09:41:19 +0800] "POST /xingrg/dwr/call/plaincall/AjaxComOrderService.getMaterielSearchList.dwr HTTP/1.1" 200 203
114.88.165.122 - - [14/Aug/2020:09:41:20 +0800] "POST /xingrg/dwr/call/plaincall/AjaxComOrderService.getMaterielSearchList.dwr HTTP/1.1" 200 203
172.17.0.120 - - [14/Aug/2020:09:41:23 +0800] "GET /xingrg/check_reg.html?_=1597369304854 HTTP/1.1" 200 22
172.17.0.120 - - [14/Aug/2020:09:41:23 +0800] "GET /xingrg/all/function/internal_message.html?_=1597369304860&CODE_STATE=getMsg HTTP/1.1" 200 27
114.88.165.122 - - [14/Aug/2020:09:41:23 +0800] "POST /xingrg/dwr/call/plaincall/AjaxComOrderService.getMaterielSearchList.dwr HTTP/1.1" 200 76
120.253.135.82 - - [14/Aug/2020:09:41:23 +0800] "GET /xingrg/all/function/internal_message.html?_=1597369033735&CODE_STATE=getMsg HTTP/1.1" 200 27
114.88.165.122 - - [14/Aug/2020:09:41:24 +0800] "POST /xingrg/dwr/call/plaincall/AjaxComOrderService.getMaterielSearchList.dwr HTTP/1.1" 200 76
114.88.165.122 - - [14/Aug/2020:09:41:24 +0800] "GET /xingrg/kc/buy/cgsh_order_operate.html?command=get_materiel&rest_code=00111&code=00101015038&supplier_code=00100037&order_time=2020-08-14 HTTP/1.1" 200 418
114.88.165.122 - - [14/Aug/2020:09:41:24 +0800] "POST /xingrg/dwr/call/plaincall/AjaxComOrderService.getMaterielSearchList.dwr HTTP/1.1" 200 76
218.81.217.115 - - [14/Aug/2020:09:41:24 +0800] "GET /xingrg/all/function/internal_message.html?_=1597369271596&CODE_STATE=getMsg HTTP/1.1" 200 27
114.88.165.122 - - [14/Aug/2020:09:41:25 +0800] "POST /xingrg/dwr/call/plaincall/AjaxComOrderService.getMaterielSearchList.dwr HTTP/1.1" 200 76
114.88.165.122 - - [14/Aug/2020:09:41:26 +0800] "POST /xingrg/dwr/call/plaincall/AjaxComOrderService.getMaterielSearchList.dwr HTTP/1.1" 200 77
114.88.165.122 - - [14/Aug/2020:09:41:27 +0800] "POST /xingrg/dwr/call/plaincall/AjaxComOrderService.getMaterielSearchList.dwr HTTP/1.1" 200 77
114.88.165.122 - - [14/Aug/2020:09:41:29 +0800] "POST /xingrg/dwr/call/plaincall/AjaxComOrderService.getMaterielSearchList.dwr HTTP/1.1" 200 1312
114.88.153.107 - - [14/Aug/2020:09:41:29 +0800] "GET /xingrg/check_reg.html?_=1597369285716 HTTP/1.1" 200 22
114.88.165.122 - - [14/Aug/2020:09:41:31 +0800] "GET /xingrg/kc/buy/cgsh_order_operate.html?command=get_materiel&rest_code=00111&code=00101009016&supplier_code=00100037&order_time=2020-08-14 HTTP/1.1" 200 412
180.175.214.200 - - [14/Aug/2020:09:41:32 +0800] "GET /xingrg/all/function/internal_message.html?_=1597369496839&CODE_STATE=getMsg HTTP/1.1" 200 27
172.17.0.100 - - [14/Aug/2020:09:41:33 +0800] "GET /xingrg/kc/buy/cgsh_order_operate.html?command=get_materiel&rest_code=00147&code=00102001113&supplier_code=00100151&order_time=2020-08-14 HTTP/1.1" 200 408
114.89.80.44 - - [14/Aug/2020:09:41:37 +0800] "GET /xingrg/all/function/internal_message.html?_=1597369294581&CODE_STATE=getMsg HTTP/1.1" 200 27
114.88.165.122 - - [14/Aug/2020:09:41:37 +0800] "GET /xingrg/kc/buy/cgsh_order_operate.html?command=get_materiel&rest_code=00111&code=00101009013&supplier_code=00100037&order_time=2020-08-14 HTTP/1.1" 200 420
114.88.165.122 - - [14/Aug/2020:09:41:40 +0800] "POST /xingrg/dwr/call/plaincall/AjaxComOrderService.getMaterielSearchList.dwr HTTP/1.1" 200 2956
114.88.165.122 - - [14/Aug/2020:09:41:44 +0800] "GET /xingrg/kc/buy/cgsh_order_operate.html?command=get_materiel&rest_code=00111&code=00101009011&supplier_code=00100037&order_time=2020-08-14 HTTP/1.1" 200 416
114.88.165.122 - - [14/Aug/2020:09:41:45 +0800] "POST /xingrg/dwr/call/plaincall/AjaxYddbService.getMaterielByMap.dwr HTTP/1.1" 200 2690
61.172.5.115 - - [14/Aug/2020:09:41:45 +0800] "GET /xingrg/all/function/internal_message.html?_=1597369303154&CODE_STATE=getMsg HTTP/1.1" 200 27
61.172.5.115 - - [14/Aug/2020:09:41:46 +0800] "GET /xingrg/check_reg.html?_=1597369303444 HTTP/1.1" 200 22
222.69.137.5 - - [14/Aug/2020:09:41:46 +0800] "GET /xingrg/check_reg.html?_=1597369297336 HTTP/1.1" 200 22
222.69.137.5 - - [14/Aug/2020:09:41:46 +0800] "GET /xingrg/all/function/internal_message.html?_=1597369297338&CODE_STATE=getMsg HTTP/1.1" 200 27
58.221.95.50 - - [14/Aug/2020:09:41:46 +0800] "GET /xingrg/all/function/internal_message.html?_=1597369434641&CODE_STATE=getMsg HTTP/1.1" 200 27
114.88.165.122 - - [14/Aug/2020:09:41:50 +0800] "POST /xingrg/dwr/call/plaincall/AjaxYddbService.saveMaterielItem.dwr HTTP/1.1" 200 79
172.17.0.185 - - [14/Aug/2020:09:41:50 +0800] "GET /xingrg/check_reg.html?_=1597369306470 HTTP/1.1" 200 22
172.17.0.185 - - [14/Aug/2020:09:41:50 +0800] "GET /xingrg/all/function/internal_message.html?_=1597369306472&CODE_STATE=getMsg HTTP/1.1" 200 27
61.172.5.115 - - [14/Aug/2020:09:41:50 +0800] "GET /xingrg/all/function/internal_message.html?_=1597369298440&CODE_STATE=getMsg HTTP/1.1" 200 27
120.253.135.82 - - [14/Aug/2020:09:41:52 +0800] "GET /xingrg/all/function/internal_message.html?_=1597369429798&CODE_STATE=getMsg HTTP/1.1" 200 27
218.81.217.115 - - [14/Aug/2020:09:41:52 +0800] "GET /xingrg/all/function/internal_message.html?_=1597369313467&CODE_STATE=getMsg HTTP/1.1" 302 -
120.253.135.82 - - [14/Aug/2020:09:41:56 +0800] "GET /xingrg/all/function/internal_message.html?_=1597369362497&CODE_STATE=getMsg HTTP/1.1" 200 27
172.17.0.100 - - [14/Aug/2020:09:41:57 +0800] "GET /xingrg/all/function/internal_message.html?_=1597369313932&CODE_STATE=getMsg HTTP/1.1" 200 27
114.88.165.122 - - [14/Aug/2020:09:41:58 +0800] "GET /xingrg/javascript/jquery_easy_ui/themes/default/images/button_plain_hover.png HTTP/1.1" 304 -
114.89.80.44 - - [14/Aug/2020:09:42:01 +0800] "GET /xingrg/all/function/internal_message.html?_=1597369442506&CODE_STATE=getMsg HTTP/1.1" 200 27
114.88.165.122 - - [14/Aug/2020:09:42:01 +0800] "GET /xingrg/all/function/internal_message.html?_=1597369362799&CODE_STATE=getMsg HTTP/1.1" 200 27
116.233.75.162 - - [14/Aug/2020:09:42:01 +0800] "GET /xingrg/check_reg.html?_=1597369356312 HTTP/1.1" 200 22
116.233.75.162 - - [14/Aug/2020:09:42:01 +0800] "GET /xingrg/all/function/internal_message.html?_=1597369356312&CODE_STATE=getMsg HTTP/1.1" 200 27
114.88.165.122 - - [14/Aug/2020:09:42:02 +0800] "POST /xingrg/dwr/call/plaincall/AjaxYddbService.checkOrder.dwr HTTP/1.1" 200 79
172.17.200.101 - - [14/Aug/2020:09:42:02 +0800] "GET /xingrg/all/function/internal_message.html?_=1597369322177&CODE_STATE=getMsg HTTP/1.1" 200 27
172.17.200.101 - - [14/Aug/2020:09:42:02 +0800] "GET /xingrg/check_reg.html?_=1597369322182 HTTP/1.1" 200 22
114.88.165.122 - - [14/Aug/2020:09:42:03 +0800] "GET /xingrg/kc/base/yddb_order_info.html?code=482020081400116 HTTP/1.1" 200 29270
114.88.165.122 - - [14/Aug/2020:09:42:03 +0800] "GET /xingrg/dwr/interface/AjaxComOrderService.js HTTP/1.1" 200 18264
114.88.165.122 - - [14/Aug/2020:09:42:03 +0800] "GET /xingrg/dwr/interface/AjaxYddbService.js HTTP/1.1" 200 13201
114.88.165.122 - - [14/Aug/2020:09:42:03 +0800] "GET /xingrg/dwr/engine.js HTTP/1.1" 200 43631
114.88.165.122 - - [14/Aug/2020:09:42:04 +0800] "POST /xingrg/dwr/call/plaincall/AjaxYddbService.loadMaterielItems.dwr HTTP/1.1" 200 425
120.253.135.82 - - [14/Aug/2020:09:42:06 +0800] "GET /xingrg/check_reg.html?_=1597369444588 HTTP/1.1" 200 22
116.230.74.197 - - [14/Aug/2020:09:42:06 +0800] "GET /xingrg/all/function/internal_message.html?_=1597369318948&CODE_STATE=getMsg HTTP/1.1" 200 27
114.88.165.122 - - [14/Aug/2020:09:42:08 +0800] "GET /xingrg/kc/base/yddb_order_report.html?fileType=servlets/html&code=482020081400116&reportName=ck_order_report&subName=yddb HTTP/1.1" 302 -
114.88.165.122 - - [14/Aug/2020:09:42:08 +0800] "GET /xingrg/servlets/html?sysBaseUrl=http%3A%2F%2F180.169.147.146%3A18081%2Fxingrg%2F&costTime=68×tamp=1597369328605 HTTP/1.1" 200 14765
114.88.165.122 - - [14/Aug/2020:09:42:08 +0800] "GET /xingrg/servlets/image?image=px HTTP/1.1" 200 807
114.88.165.122 - - [14/Aug/2020:09:42:08 +0800] "GET /favicon.ico HTTP/1.1" 404 -
172.17.0.100 - - [14/Aug/2020:09:42:11 +0800] "POST /xingrg/kc/buy/cgsh_order_operate.html HTTP/1.1" 200 37
114.88.153.107 - - [14/Aug/2020:09:42:11 +0800] "GET /xingrg/all/function/internal_message.html?_=1597369327558&CODE_STATE=getMsg HTTP/1.1" 200 27
172.17.0.100 - - [14/Aug/2020:09:42:12 +0800] "POST /xingrg/kc/buy/cgsh_order_operate.html HTTP/1.1" 200 12216
114.88.165.122 - - [14/Aug/2020:09:42:13 +0800] "GET /xingrg/all/function/internal_message.html?_=1597369328948&CODE_STATE=getMsg HTTP/1.1" 200 27
114.88.165.122 - - [14/Aug/2020:09:42:13 +0800] "GET /xingrg/kc/buy/cgsh_order_operate.html?command=get_materiel&rest_code=00111&code=00101012026&supplier_code=00100037&order_time=2020-08-14 HTTP/1.1" 200 408
172.17.0.100 - - [14/Aug/2020:09:42:14 +0800] "GET /xingrg/kc/print/load_data.html?order_code=212020081405676&kc_code=cgsh&condition= HTTP/1.1" 200 4314
114.88.165.122 - - [14/Aug/2020:09:42:16 +0800] "POST /xingrg/kc/buy/cgsh_order_operate.html HTTP/1.1" 200 2065
172.17.0.101 - - [14/Aug/2020:09:42:17 +0800] "GET /xingrg/all/function/internal_message.html?_=1597369345828&CODE_STATE=getMsg HTTP/1.1" 302 -
114.88.165.122 - - [14/Aug/2020:09:42:19 +0800] "POST /xingrg/kc/buy/cgsh_order_operate.html HTTP/1.1" 200 37
180.157.251.101 - - [14/Aug/2020:09:42:19 +0800] "GET /xingrg/check_reg.html?_=1597369340739 HTTP/1.1" 200 22
180.157.251.101 - - [14/Aug/2020:09:42:19 +0800] "GET /xingrg/all/function/internal_message.html?_=1597369340745&CODE_STATE=getMsg HTTP/1.1" 200 27
61.172.5.115 - - [14/Aug/2020:09:42:20 +0800] "POST /xingrg/kc/buy/cgsh_order_operate.html HTTP/1.1" 200 37
114.88.165.122 - - [14/Aug/2020:09:42:20 +0800] "POST /xingrg/kc/buy/cgsh_order_operate.html HTTP/1.1" 200 13335
61.172.5.115 - - [14/Aug/2020:09:42:21 +0800] "POST /xingrg/kc/buy/cgsh_order_operate.html HTTP/1.1" 200 52295
172.17.0.120 - - [14/Aug/2020:09:42:23 +0800] "GET /xingrg/all/function/internal_message.html?_=1597369364864&CODE_STATE=getMsg HTTP/1.1" 200 27
120.253.135.82 - - [14/Aug/2020:09:42:23 +0800] "GET /xingrg/all/function/internal_message.html?_=1597369093742&CODE_STATE=getMsg HTTP/1.1" 200 27
61.172.5.115 - - [14/Aug/2020:09:42:23 +0800] "GET /xingrg/kc/print/load_data.html?order_code=212020081405660&kc_code=cgsh&condition= HTTP/1.1" 200 19366
218.81.217.115 - - [14/Aug/2020:09:42:24 +0800] "GET /xingrg/all/function/internal_message.html?_=1597369331610&CODE_STATE=getMsg HTTP/1.1" 200 27
180.157.251.101 - - [14/Aug/2020:09:42:28 +0800] "POST /xingrg/kc/buy/cgsh_list_operate.html HTTP/1.1" 200 1691
180.175.214.200 - - [14/Aug/2020:09:42:33 +0800] "GET /xingrg/all/function/internal_message.html?_=1597369557169&CODE_STATE=getMsg HTTP/1.1" 200 27
114.89.80.44 - - [14/Aug/2020:09:42:37 +0800] "GET /xingrg/all/function/internal_message.html?_=1597369354595&CODE_STATE=getMsg HTTP/1.1" 200 27
114.88.165.122 - - [14/Aug/2020:09:42:38 +0800] "GET /xingrg/kc/buy/cgsh_order_operate.html?command=get_materiel&rest_code=00111&code=00101016105&supplier_code=00100037&order_time=2020-08-14 HTTP/1.1" 200 409
61.172.5.115 - - [14/Aug/2020:09:42:45 +0800] "GET /xingrg/all/function/internal_message.html?_=1597369363145&CODE_STATE=getMsg HTTP/1.1" 200 27
222.69.137.5 - - [14/Aug/2020:09:42:46 +0800] "GET /xingrg/all/function/internal_message.html?_=1597369357335&CODE_STATE=getMsg HTTP/1.1" 200 27
58.221.95.50 - - [14/Aug/2020:09:42:46 +0800] "GET /xingrg/all/function/internal_message.html?_=1597369494639&CODE_STATE=getMsg HTTP/1.1" 200 27
172.17.0.185 - - [14/Aug/2020:09:42:50 +0800] "GET /xingrg/all/function/internal_message.html?_=1597369366473&CODE_STATE=getMsg HTTP/1.1" 200 27
61.172.5.115 - - [14/Aug/2020:09:42:50 +0800] "GET /xingrg/all/function/internal_message.html?_=1597369358441&CODE_STATE=getMsg HTTP/1.1" 200 27
120.253.135.82 - - [14/Aug/2020:09:42:52 +0800] "GET /xingrg/all/function/internal_message.html?_=1597369489811&CODE_STATE=getMsg HTTP/1.1" 200 27
218.81.217.115 - - [14/Aug/2020:09:42:52 +0800] "GET /xingrg/all/function/internal_message.html?_=1597369373469&CODE_STATE=getMsg HTTP/1.1" 302 -
120.253.135.82 - - [14/Aug/2020:09:42:56 +0800] "GET /xingrg/all/function/internal_message.html?_=1597369422511&CODE_STATE=getMsg HTTP/1.1" 200 27
172.17.0.100 - - [14/Aug/2020:09:42:57 +0800] "GET /xingrg/all/function/internal_message.html?_=1597369374014&CODE_STATE=getMsg HTTP/1.1" 200 27
116.233.75.162 - - [14/Aug/2020:09:42:59 +0800] "GET /xingrg/all/function/internal_message.html?_=1597369416312&CODE_STATE=getMsg HTTP/1.1" 200 27
114.89.80.44 - - [14/Aug/2020:09:43:01 +0800] "GET /xingrg/all/function/internal_message.html?_=1597369502519&CODE_STATE=getMsg HTTP/1.1" 200 27
114.88.165.122 - - [14/Aug/2020:09:43:01 +0800] "GET /xingrg/all/function/internal_message.html?_=1597369422811&CODE_STATE=getMsg HTTP/1.1" 200 27
172.17.200.101 - - [14/Aug/2020:09:43:02 +0800] "GET /xingrg/all/function/internal_message.html?_=1597369382182&CODE_STATE=getMsg HTTP/1.1" 200 27
116.230.74.197 - - [14/Aug/2020:09:43:06 +0800] "GET /xingrg/all/function/internal_message.html?_=1597369378931&CODE_STATE=getMsg HTTP/1.1" 200 27
114.88.153.107 - - [14/Aug/2020:09:43:11 +0800] "GET /xingrg/all/function/internal_message.html?_=1597369387561&CODE_STATE=getMsg HTTP/1.1" 200 27
114.88.165.122 - - [14/Aug/2020:09:43:13 +0800] "GET /xingrg/all/function/internal_message.html?_=1597369388963&CODE_STATE=getMsg HTTP/1.1" 200 27
172.17.0.101 - - [14/Aug/2020:09:43:17 +0800] "GET /xingrg/all/function/internal_message.html?_=1597369405844&CODE_STATE=getMsg HTTP/1.1" 302 -
180.157.251.101 - - [14/Aug/2020:09:43:19 +0800] "GET /xingrg/all/function/internal_message.html?_=1597369400742&CODE_STATE=getMsg HTTP/1.1" 200 27
172.17.0.120 - - [14/Aug/2020:09:43:23 +0800] "GET /xingrg/all/function/internal_message.html?_=1597369424853&CODE_STATE=getMsg HTTP/1.1" 200 27
120.253.135.82 - - [14/Aug/2020:09:43:23 +0800] "GET /xingrg/check_reg.html?_=1597369153188 HTTP/1.1" 200 22
120.253.135.82 - - [14/Aug/2020:09:43:23 +0800] "GET /xingrg/all/function/internal_message.html?_=1597369153755&CODE_STATE=getMsg HTTP/1.1" 200 27
218.81.217.115 - - [14/Aug/2020:09:43:24 +0800] "GET /xingrg/all/function/internal_message.html?_=1597369391654&CODE_STATE=getMsg HTTP/1.1" 200 27
180.175.214.200 - - [14/Aug/2020:09:43:29 +0800] "GET /xingrg/check_reg.html?_=1597369613746 HTTP/1.1" 200 22
180.175.214.200 - - [14/Aug/2020:09:43:33 +0800] "GET /xingrg/all/function/internal_message.html?_=1597369617178&CODE_STATE=getMsg HTTP/1.1" 200 27
114.89.80.44 - - [14/Aug/2020:09:43:37 +0800] "GET /xingrg/all/function/internal_message.html?_=1597369414610&CODE_STATE=getMsg HTTP/1.1" 200 27
114.89.80.44 - - [14/Aug/2020:09:43:37 +0800] "GET /xingrg/check_reg.html?_=1597369414619 HTTP/1.1" 200 22
61.172.5.115 - - [14/Aug/2020:09:43:45 +0800] "GET /xingrg/all/function/internal_message.html?_=1597369423122&CODE_STATE=getMsg HTTP/1.1" 200 27
222.69.137.5 - - [14/Aug/2020:09:43:46 +0800] "GET /xingrg/all/function/internal_message.html?_=1597369417333&CODE_STATE=getMsg HTTP/1.1" 200 27
58.221.95.50 - - [14/Aug/2020:09:43:46 +0800] "GET /xingrg/all/function/internal_message.html?_=1597369554642&CODE_STATE=getMsg HTTP/1.1" 200 27
172.17.0.185 - - [14/Aug/2020:09:43:50 +0800] "GET /xingrg/all/function/internal_message.html?_=1597369426476&CODE_STATE=getMsg HTTP/1.1" 200 27
61.172.5.115 - - [14/Aug/2020:09:43:50 +0800] "GET /xingrg/all/function/internal_message.html?_=1597369418441&CODE_STATE=getMsg HTTP/1.1" 200 27
120.253.135.82 - - [14/Aug/2020:09:43:52 +0800] "GET /xingrg/all/function/internal_message.html?_=1597369549824&CODE_STATE=getMsg HTTP/1.1" 200 27
218.81.217.115 - - [14/Aug/2020:09:43:52 +0800] "GET /xingrg/all/function/internal_message.html?_=1597369433613&CODE_STATE=getMsg HTTP/1.1" 302 -
120.253.135.82 - - [14/Aug/2020:09:43:53 +0800] "GET /xingrg/kc/pszx/mdqp_order_list.html?state=10 HTTP/1.1" 200 10968
120.253.135.82 - - [14/Aug/2020:09:43:53 +0800] "GET /xingrg/dwr/interface/AjaxReportQueryService.js HTTP/1.1" 200 13203
120.253.135.82 - - [14/Aug/2020:09:43:53 +0800] "GET /xingrg/dwr/interface/AjaxQqpsService.js HTTP/1.1" 200 16326
120.253.135.82 - - [14/Aug/2020:09:43:53 +0800] "GET /xingrg/dwr/engine.js HTTP/1.1" 200 43631
172.17.0.100 - - [14/Aug/2020:09:43:56 +0800] "GET /xingrg/all/function/internal_message.html?_=1597369433882&CODE_STATE=getMsg HTTP/1.1" 200 27
120.253.135.82 - - [14/Aug/2020:09:43:57 +0800] "GET /xingrg/all/function/internal_message.html?_=1597369482525&CODE_STATE=getMsg HTTP/1.1" 200 27
116.233.75.162 - - [14/Aug/2020:09:43:57 +0800] "GET /xingrg/all/function/internal_message.html?_=1597369476311&CODE_STATE=getMsg HTTP/1.1" 200 27
120.253.135.82 - - [14/Aug/2020:09:43:58 +0800] "GET /xingrg/kc/pszx/mdps_order_list.html?orderType=0 HTTP/1.1" 200 21018
120.253.135.82 - - [14/Aug/2020:09:43:58 +0800] "POST /xingrg/kc/pszx/mdps_list_operate.html HTTP/1.1" 200 5290
114.89.80.44 - - [14/Aug/2020:09:44:01 +0800] "GET /xingrg/all/function/internal_message.html?_=1597369562532&CODE_STATE=getMsg HTTP/1.1" 200 27
114.88.165.122 - - [14/Aug/2020:09:44:01 +0800] "GET /xingrg/check_reg.html?_=1597369482843 HTTP/1.1" 200 22
114.88.165.122 - - [14/Aug/2020:09:44:01 +0800] "GET /xingrg/all/function/internal_message.html?_=1597369482844&CODE_STATE=getMsg HTTP/1.1" 200 27
172.17.200.101 - - [14/Aug/2020:09:44:02 +0800] "GET /xingrg/all/function/internal_message.html?_=1597369442186&CODE_STATE=getMsg HTTP/1.1" 200 27
58.40.7.146 - - [14/Aug/2020:09:44:03 +0800] "POST /xingrg/services/DataTransmitService HTTP/1.1" 200 524
116.230.74.197 - - [14/Aug/2020:09:44:07 +0800] "GET /xingrg/check_reg.html?_=1597369438883 HTTP/1.1" 200 22
116.230.74.197 - - [14/Aug/2020:09:44:07 +0800] "GET /xingrg/all/function/internal_message.html?_=1597369438916&CODE_STATE=getMsg HTTP/1.1" 200 27
114.88.153.107 - - [14/Aug/2020:09:44:11 +0800] "GET /xingrg/all/function/internal_message.html?_=1597369447534&CODE_STATE=getMsg HTTP/1.1" 200 27
114.88.165.122 - - [14/Aug/2020:09:44:13 +0800] "GET /xingrg/all/function/internal_message.html?_=1597369448976&CODE_STATE=getMsg HTTP/1.1" 200 27
172.17.0.101 - - [14/Aug/2020:09:44:17 +0800] "GET /xingrg/all/function/internal_message.html?_=1597369465893&CODE_STATE=getMsg HTTP/1.1" 302 -
180.157.251.101 - - [14/Aug/2020:09:44:19 +0800] "GET /xingrg/all/function/internal_message.html?_=1597369460710&CODE_STATE=getMsg HTTP/1.1" 200 27
172.17.0.120 - - [14/Aug/2020:09:44:23 +0800] "GET /xingrg/all/function/internal_message.html?_=1597369484857&CODE_STATE=getMsg HTTP/1.1" 200 27
120.253.135.82 - - [14/Aug/2020:09:44:23 +0800] "GET /xingrg/all/function/internal_message.html?_=1597369213769&CODE_STATE=getMsg HTTP/1.1" 200 27
218.81.217.115 - - [14/Aug/2020:09:44:24 +0800] "GET /xingrg/all/function/internal_message.html?_=1597369451668&CODE_STATE=getMsg HTTP/1.1" 200 27
180.175.214.200 - - [14/Aug/2020:09:44:33 +0800] "GET /xingrg/all/function/internal_message.html?_=1597369677191&CODE_STATE=getMsg HTTP/1.1" 200 27
114.89.80.44 - - [14/Aug/2020:09:44:37 +0800] "GET /xingrg/all/function/internal_message.html?_=1597369474605&CODE_STATE=getMsg HTTP/1.1" 200 27
172.17.0.101 - - [14/Aug/2020:09:44:45 +0800] "GET /xingrg/check_reg.html?_=1597369493759 HTTP/1.1" 302 -
61.172.5.115 - - [14/Aug/2020:09:44:45 +0800] "GET /xingrg/all/function/internal_message.html?_=1597369483102&CODE_STATE=getMsg HTTP/1.1" 200 27
222.69.137.5 - - [14/Aug/2020:09:44:46 +0800] "GET /xingrg/all/function/internal_message.html?_=1597369477344&CODE_STATE=getMsg HTTP/1.1" 200 27
58.221.95.50 - - [14/Aug/2020:09:44:46 +0800] "GET /xingrg/all/function/internal_message.html?_=1597369614640&CODE_STATE=getMsg HTTP/1.1" 200 27
172.17.0.185 - - [14/Aug/2020:09:44:50 +0800] "GET /xingrg/all/function/internal_message.html?_=1597369486479&CODE_STATE=getMsg HTTP/1.1" 200 27
61.172.5.115 - - [14/Aug/2020:09:44:50 +0800] "GET /xingrg/all/function/internal_message.html?_=1597369478442&CODE_STATE=getMsg HTTP/1.1" 200 27
120.253.135.82 - - [14/Aug/2020:09:44:52 +0800] "GET /xingrg/all/function/internal_message.html?_=1597369609929&CODE_STATE=getMsg HTTP/1.1" 200 27
218.81.217.115 - - [14/Aug/2020:09:44:52 +0800] "GET /xingrg/all/function/internal_message.html?_=1597369493621&CODE_STATE=getMsg HTTP/1.1" 302 -
116.233.75.162 - - [14/Aug/2020:09:44:54 +0800] "GET /xingrg/all/function/internal_message.html?_=1597369536302&CODE_STATE=getMsg HTTP/1.1" 200 27
172.17.0.100 - - [14/Aug/2020:09:44:56 +0800] "GET /xingrg/check_reg.html?_=1597369493875 HTTP/1.1" 200 22
172.17.0.100 - - [14/Aug/2020:09:44:56 +0800] "GET /xingrg/all/function/internal_message.html?_=1597369493877&CODE_STATE=getMsg HTTP/1.1" 200 27
120.253.135.82 - - [14/Aug/2020:09:44:57 +0800] "GET /xingrg/all/function/internal_message.html?_=1597369542538&CODE_STATE=getMsg HTTP/1.1" 200 27
114.89.80.44 - - [14/Aug/2020:09:45:01 +0800] "GET /xingrg/all/function/internal_message.html?_=1597369622547&CODE_STATE=getMsg HTTP/1.1" 200 27
114.88.165.122 - - [14/Aug/2020:09:45:01 +0800] "GET /xingrg/all/function/internal_message.html?_=1597369542819&CODE_STATE=getMsg HTTP/1.1" 200 27
172.17.200.101 - - [14/Aug/2020:09:45:02 +0800] "GET /xingrg/all/function/internal_message.html?_=1597369502174&CODE_STATE=getMsg HTTP/1.1" 200 27
116.230.74.197 - - [14/Aug/2020:09:45:06 +0800] "GET /xingrg/all/function/internal_message.html?_=1597369498909&CODE_STATE=getMsg HTTP/1.1" 200 27
114.88.153.107 - - [14/Aug/2020:09:45:11 +0800] "GET /xingrg/all/function/internal_message.html?_=1597369507512&CODE_STATE=getMsg HTTP/1.1" 200 27
114.88.165.122 - - [14/Aug/2020:09:45:13 +0800] "GET /xingrg/all/function/internal_message.html?_=1597369508990&CODE_STATE=getMsg HTTP/1.1" 200 27
172.17.0.101 - - [14/Aug/2020:09:45:17 +0800] "GET /xingrg/all/function/internal_message.html?_=1597369525902&CODE_STATE=getMsg HTTP/1.1" 302 -
180.157.251.101 - - [14/Aug/2020:09:45:19 +0800] "GET /xingrg/all/function/internal_message.html?_=1597369520688&CODE_STATE=getMsg HTTP/1.1" 200 27
172.17.0.120 - - [14/Aug/2020:09:45:23 +0800] "GET /xingrg/all/function/internal_message.html?_=1597369520393&CODE_STATE=getMsg HTTP/1.1" 200 27
120.253.135.82 - - [14/Aug/2020:09:45:23 +0800] "GET /xingrg/all/function/internal_message.html?_=1597369273782&CODE_STATE=getMsg HTTP/1.1" 200 27
218.81.217.115 - - [14/Aug/2020:09:45:24 +0800] "GET /xingrg/all/function/internal_message.html?_=1597369511728&CODE_STATE=getMsg HTTP/1.1" 200 27
180.175.214.200 - - [14/Aug/2020:09:45:33 +0800] "GET /xingrg/all/function/internal_message.html?_=1597369737524&CODE_STATE=getMsg HTTP/1.1" 200 27
114.89.80.44 - - [14/Aug/2020:09:45:37 +0800] "GET /xingrg/all/function/internal_message.html?_=1597369534605&CODE_STATE=getMsg HTTP/1.1" 200 27
114.88.165.122 - - [14/Aug/2020:09:45:44 +0800] "POST /xingrg/kc/buy/cgsh_order_operate.html HTTP/1.1" 200 37
114.88.165.122 - - [14/Aug/2020:09:45:44 +0800] "POST /xingrg/kc/buy/cgsh_order_operate.html HTTP/1.1" 200 13922
61.172.5.115 - - [14/Aug/2020:09:45:45 +0800] "GET /xingrg/all/function/internal_message.html?_=1597369543083&CODE_STATE=getMsg HTTP/1.1" 200 27
114.88.165.122 - - [14/Aug/2020:09:45:46 +0800] "GET /xingrg/kc/print/load_config.html?kc_code=cgsh HTTP/1.1" 200 1845
114.88.165.122 - - [14/Aug/2020:09:45:46 +0800] "GET /xingrg/kc/print/load_data.html?order_code=212020081405677&kc_code=cgsh&condition= HTTP/1.1" 200 4983
222.69.137.5 - - [14/Aug/2020:09:45:46 +0800] "GET /xingrg/all/function/internal_message.html?_=1597369537344&CODE_STATE=getMsg HTTP/1.1" 200 27
58.221.95.50 - - [14/Aug/2020:09:45:46 +0800] "GET /xingrg/all/function/internal_message.html?_=1597369674646&CODE_STATE=getMsg HTTP/1.1" 200 27
172.17.0.185 - - [14/Aug/2020:09:45:50 +0800] "GET /xingrg/all/function/internal_message.html?_=1597369546482&CODE_STATE=getMsg HTTP/1.1" 200 27
61.172.5.115 - - [14/Aug/2020:09:45:50 +0800] "GET /xingrg/check_reg.html?_=1597369538442 HTTP/1.1" 200 22
61.172.5.115 - - [14/Aug/2020:09:45:50 +0800] "GET /xingrg/all/function/internal_message.html?_=1597369538445&CODE_STATE=getMsg HTTP/1.1" 200 27
120.253.135.82 - - [14/Aug/2020:09:45:52 +0800] "GET /xingrg/all/function/internal_message.html?_=1597369669930&CODE_STATE=getMsg HTTP/1.1" 200 27
116.233.75.162 - - [14/Aug/2020:09:45:52 +0800] "GET /xingrg/all/function/internal_message.html?_=1597369596312&CODE_STATE=getMsg HTTP/1.1" 200 27
218.81.217.115 - - [14/Aug/2020:09:45:52 +0800] "GET /xingrg/all/function/internal_message.html?_=1597369553757&CODE_STATE=getMsg HTTP/1.1" 302 -
58.221.95.50 - - [14/Aug/2020:09:45:55 +0800] "GET /xingrg/check_reg.html?_=1597369683273 HTTP/1.1" 200 22
114.88.165.122 - - [14/Aug/2020:09:45:56 +0800] "GET /xingrg/check_reg.html?_=1597369551459 HTTP/1.1" 200 22
120.253.135.82 - - [14/Aug/2020:09:45:56 +0800] "GET /xingrg/check_reg.html?_=1597369601960 HTTP/1.1" 200 22
172.17.0.100 - - [14/Aug/2020:09:45:56 +0800] "GET /xingrg/all/function/internal_message.html?_=1597369553868&CODE_STATE=getMsg HTTP/1.1" 200 27
120.253.135.82 - - [14/Aug/2020:09:45:57 +0800] "GET /xingrg/all/function/internal_message.html?_=1597369602552&CODE_STATE=getMsg HTTP/1.1" 200 27
114.89.80.44 - - [14/Aug/2020:09:46:00 +0800] "GET /xingrg/check_reg.html?_=1597369682345 HTTP/1.1" 200 22
114.89.80.44 - - [14/Aug/2020:09:46:01 +0800] "GET /xingrg/all/function/internal_message.html?_=1597369682559&CODE_STATE=getMsg HTTP/1.1" 200 27
114.88.165.122 - - [14/Aug/2020:09:46:01 +0800] "GET /xingrg/all/function/internal_message.html?_=1597369602821&CODE_STATE=getMsg HTTP/1.1" 200 27
218.81.217.115 - - [14/Aug/2020:09:46:02 +0800] "GET /xingrg/check_reg.html?_=1597369563868 HTTP/1.1" 302 -
172.17.200.101 - - [14/Aug/2020:09:46:02 +0800] "GET /xingrg/all/function/internal_message.html?_=1597369562175&CODE_STATE=getMsg HTTP/1.1" 200 27
116.230.74.197 - - [14/Aug/2020:09:46:06 +0800] "GET /xingrg/all/function/internal_message.html?_=1597369558894&CODE_STATE=getMsg HTTP/1.1" 200 27
114.88.153.107 - - [14/Aug/2020:09:46:11 +0800] "GET /xingrg/all/function/internal_message.html?_=1597369567490&CODE_STATE=getMsg HTTP/1.1" 200 27
172.17.0.123 - - [14/Aug/2020:09:46:11 +0800] "GET /xingrg/check_reg.html?_=1597369488751 HTTP/1.1" 200 22
218.81.217.115 - - [14/Aug/2020:09:46:13 +0800] "GET /xingrg/check_reg.html?_=1597369560124 HTTP/1.1" 200 22
114.88.165.122 - - [14/Aug/2020:09:46:13 +0800] "GET /xingrg/all/function/internal_message.html?_=1597369569003&CODE_STATE=getMsg HTTP/1.1" 200 27
172.17.0.101 - - [14/Aug/2020:09:46:17 +0800] "GET /xingrg/all/function/internal_message.html?_=1597369585952&CODE_STATE=getMsg HTTP/1.1" 302 -
180.157.251.101 - - [14/Aug/2020:09:46:19 +0800] "GET /xingrg/all/function/internal_message.html?_=1597369580665&CODE_STATE=getMsg HTTP/1.1" 200 27
172.17.0.120 - - [14/Aug/2020:09:46:23 +0800] "GET /xingrg/check_reg.html?_=1597369580398 HTTP/1.1" 200 22
172.17.0.120 - - [14/Aug/2020:09:46:23 +0800] "GET /xingrg/all/function/internal_message.html?_=1597369580402&CODE_STATE=getMsg HTTP/1.1" 200 27
