222.69.136.88 - - [08/Aug/2020:09:02:37 +0800] "GET /xingrg/all/function/internal_message.html?_=1596848546673&CODE_STATE=getMsg HTTP/1.1" 200 27
117.131.5.26 - - [08/Aug/2020:09:02:40 +0800] "GET /xingrg/all/function/internal_message.html?_=1596848561468&CODE_STATE=getMsg HTTP/1.1" 200 27
114.88.161.57 - - [08/Aug/2020:09:02:42 +0800] "GET /xingrg/kc/buy/cgsh_order_operate.html?command=get_materiel&rest_code=00111&code=00101008080&supplier_code=00100005&order_time=2020-08-08 HTTP/1.1" 200 416
172.17.0.240 - - [08/Aug/2020:09:02:43 +0800] "GET /xingrg/all/function/internal_message.html?_=1596848558049&CODE_STATE=getMsg HTTP/1.1" 200 27
172.17.0.240 - - [08/Aug/2020:09:02:43 +0800] "GET /xingrg/check_reg.html?_=1596848558051 HTTP/1.1" 200 22
116.230.74.197 - - [08/Aug/2020:09:02:46 +0800] "GET /xingrg/all/function/internal_message.html?_=1596848552725&CODE_STATE=getMsg HTTP/1.1" 200 27
114.88.161.57 - - [08/Aug/2020:09:02:48 +0800] "GET /xingrg/kc/buy/cgsh_order_operate.html?command=get_materiel&rest_code=00111&code=00101008436&supplier_code=00100005&order_time=2020-08-08 HTTP/1.1" 200 398
114.88.161.57 - - [08/Aug/2020:09:02:50 +0800] "GET /xingrg/all/function/internal_message.html?_=1596848566150&CODE_STATE=getMsg HTTP/1.1" 200 27
116.232.50.170 - - [08/Aug/2020:09:02:51 +0800] "GET /xingrg/check_reg.html?_=1596848614765 HTTP/1.1" 200 22
116.232.50.170 - - [08/Aug/2020:09:02:51 +0800] "GET /xingrg/all/function/internal_message.html?_=1596848614765&CODE_STATE=getMsg HTTP/1.1" 200 27
114.88.161.57 - - [08/Aug/2020:09:02:57 +0800] "GET /xingrg/kc/buy/cgsh_order_operate.html?command=get_materiel&rest_code=00111&code=00101008110&supplier_code=00100005&order_time=2020-08-08 HTTP/1.1" 200 408
180.175.214.200 - - [08/Aug/2020:09:02:57 +0800] "GET /xingrg/all/function/internal_message.html?_=1596848779429&CODE_STATE=getMsg HTTP/1.1" 200 27
172.17.0.182 - - [08/Aug/2020:09:02:57 +0800] "GET /xingrg/all/function/internal_message.html?_=1596848569177&CODE_STATE=getMsg HTTP/1.1" 200 27
180.152.230.204 - - [08/Aug/2020:09:03:01 +0800] "GET /xingrg/check_reg.html?_=1596847890178 HTTP/1.1" 200 22
114.88.161.57 - - [08/Aug/2020:09:03:03 +0800] "GET /xingrg/kc/buy/cgsh_order_operate.html?command=get_materiel&rest_code=00111&code=00101008163&supplier_code=00100005&order_time=2020-08-08 HTTP/1.1" 200 408
180.157.251.101 - - [08/Aug/2020:09:03:12 +0800] "GET /xingrg/login.html HTTP/1.1" 200 7641
180.157.251.101 - - [08/Aug/2020:09:03:12 +0800] "GET /favicon.ico HTTP/1.1" 404 -
61.172.5.115 - - [08/Aug/2020:09:03:12 +0800] "GET /xingrg/all/function/internal_message.html?_=1596848588961&CODE_STATE=getMsg HTTP/1.1" 200 27
114.88.153.107 - - [08/Aug/2020:09:03:13 +0800] "GET /xingrg/all/function/internal_message.html?_=1596848591743&CODE_STATE=getMsg HTTP/1.1" 200 27
114.88.153.107 - - [08/Aug/2020:09:03:13 +0800] "GET /xingrg/check_reg.html?_=1596848591745 HTTP/1.1" 200 22
114.88.161.57 - - [08/Aug/2020:09:03:13 +0800] "POST /xingrg/kc/buy/cgsh_order_operate.html HTTP/1.1" 200 2065
117.184.7.26 - - [08/Aug/2020:09:03:18 +0800] "GET /xingrg/all/function/internal_message.html?_=1596848583580&CODE_STATE=getMsg HTTP/1.1" 200 27
101.227.139.171 - - [08/Aug/2020:09:03:18 +0800] "GET /xingrg/all/function/internal_message.html?_=1596847871721&CODE_STATE=getMsg HTTP/1.1" 302 -
218.81.217.115 - - [08/Aug/2020:09:03:19 +0800] "POST /xingrg/services/DataTransmitService HTTP/1.1" 200 524
114.88.161.57 - - [08/Aug/2020:09:03:22 +0800] "GET /xingrg/kc/buy/cgsh_order_operate.html?command=get_materiel&rest_code=00111&code=00101008004&supplier_code=00100005&order_time=2020-08-08 HTTP/1.1" 200 416
180.157.251.101 - - [08/Aug/2020:09:03:23 +0800] "POST /xingrg/login.do HTTP/1.1" 302 -
180.157.251.101 - - [08/Aug/2020:09:03:23 +0800] "GET /xingrg/index.html?sysBaseUrl=http%3A%2F%2F180.169.147.146%3A18081%2Fxingrg%2F&costTime=67×tamp=1596848603824 HTTP/1.1" 200 17179
180.157.251.101 - - [08/Aug/2020:09:03:24 +0800] "GET /favicon.ico HTTP/1.1" 404 -
180.157.251.101 - - [08/Aug/2020:09:03:24 +0800] "POST /xingrg/all/common/load_tree.html?tree=area_rest_tree_json&manage=1 HTTP/1.1" 200 351
180.157.251.101 - - [08/Aug/2020:09:03:24 +0800] "GET /xingrg/all/function/internal_message.html?_=1596848605026&CODE_STATE=count HTTP/1.1" 200 11
180.157.251.101 - - [08/Aug/2020:09:03:24 +0800] "GET /xingrg/check_reg.html?_=1596848605029 HTTP/1.1" 200 22
180.157.251.101 - - [08/Aug/2020:09:03:24 +0800] "POST /xingrg/load_menu.html HTTP/1.1" 200 5138
180.157.251.101 - - [08/Aug/2020:09:03:28 +0800] "GET /xingrg/kc/buy/cgsh_order_list.html HTTP/1.1" 200 43647
101.227.139.171 - - [08/Aug/2020:09:03:28 +0800] "GET /xingrg/login.html HTTP/1.1" 200 7641
180.157.251.101 - - [08/Aug/2020:09:03:29 +0800] "POST /xingrg/kc/buy/cgsh_list_operate.html HTTP/1.1" 200 876
114.89.80.44 - - [08/Aug/2020:09:03:30 +0800] "GET /xingrg/all/function/internal_message.html?_=1596848737236&CODE_STATE=getMsg HTTP/1.1" 200 27
180.157.251.101 - - [08/Aug/2020:09:03:31 +0800] "GET /xingrg/kc/buy/cgsh_order_add.html HTTP/1.1" 200 59385
180.157.251.101 - - [08/Aug/2020:09:03:32 +0800] "GET /xingrg/words/20200807115122_words.js HTTP/1.1" 304 -
180.157.251.101 - - [08/Aug/2020:09:03:32 +0800] "GET /xingrg/javascript/easyui/themes/icons/template_new.png HTTP/1.1" 304 -
180.157.251.101 - - [08/Aug/2020:09:03:32 +0800] "GET /xingrg/javascript/easyui/themes/icons/ok.png HTTP/1.1" 304 -
180.157.251.101 - - [08/Aug/2020:09:03:32 +0800] "POST /xingrg/kc/buy/cgsh_order_operate.html HTTP/1.1" 200 8245
180.157.251.101 - - [08/Aug/2020:09:03:32 +0800] "GET /xingrg/all/common/auto_word.html?type=employee&rest_code=00148 HTTP/1.1" 200 147
180.157.251.101 - - [08/Aug/2020:09:03:32 +0800] "GET /xingrg/all/common/auto_word.html?type=employee&rest_code=00148 HTTP/1.1" 200 147
180.157.251.101 - - [08/Aug/2020:09:03:32 +0800] "GET /xingrg/javascript/easyui/themes/default/validatebox.css HTTP/1.1" 404 1104
117.131.5.26 - - [08/Aug/2020:09:03:33 +0800] "GET /xingrg/all/function/internal_message.html?_=1596848891009&CODE_STATE=getMsg HTTP/1.1" 200 27
114.88.161.57 - - [08/Aug/2020:09:03:34 +0800] "GET /xingrg/kc/buy/cgsh_order_operate.html?command=get_materiel&rest_code=00111&code=00101008264&supplier_code=00100005&order_time=2020-08-08 HTTP/1.1" 200 412
114.88.161.57 - - [08/Aug/2020:09:03:35 +0800] "GET /xingrg/check_reg.html?_=1596848650155 HTTP/1.1" 200 22
114.88.161.57 - - [08/Aug/2020:09:03:36 +0800] "GET /xingrg/all/function/internal_message.html?_=1596848650488&CODE_STATE=getMsg HTTP/1.1" 200 27
222.69.136.88 - - [08/Aug/2020:09:03:37 +0800] "GET /xingrg/all/function/internal_message.html?_=1596848606675&CODE_STATE=getMsg HTTP/1.1" 200 27
180.157.251.101 - - [08/Aug/2020:09:03:38 +0800] "GET /xingrg/javascript/auto/indicator.gif HTTP/1.1" 404 1066
117.131.5.26 - - [08/Aug/2020:09:03:40 +0800] "GET /xingrg/check_reg.html?_=1596848621468 HTTP/1.1" 200 22
117.131.5.26 - - [08/Aug/2020:09:03:40 +0800] "GET /xingrg/all/function/internal_message.html?_=1596848621468&CODE_STATE=getMsg HTTP/1.1" 200 27
114.88.161.57 - - [08/Aug/2020:09:03:41 +0800] "GET /xingrg/kc/buy/cgsh_order_operate.html?command=get_materiel&rest_code=00111&code=00101009030&supplier_code=00100005&order_time=2020-08-08 HTTP/1.1" 200 412
172.17.0.240 - - [08/Aug/2020:09:03:43 +0800] "GET /xingrg/all/function/internal_message.html?_=1596848618050&CODE_STATE=getMsg HTTP/1.1" 200 27
114.88.161.57 - - [08/Aug/2020:09:03:43 +0800] "POST /xingrg/kc/buy/cgsh_order_operate.html HTTP/1.1" 200 2065
116.230.74.197 - - [08/Aug/2020:09:03:46 +0800] "GET /xingrg/all/function/internal_message.html?_=1596848612712&CODE_STATE=getMsg HTTP/1.1" 200 27
180.157.251.101 - - [08/Aug/2020:09:03:46 +0800] "GET /xingrg/kc/buy/cgsh_order_operate.html?command=get_materiel&rest_code=00148&code=00101009050&supplier_code=00100022&order_time=2020-08-08 HTTP/1.1" 200 408
114.88.161.57 - - [08/Aug/2020:09:03:48 +0800] "GET /xingrg/kc/buy/cgsh_order_operate.html?command=get_materiel&rest_code=00111&code=00101008137&supplier_code=00100005&order_time=2020-08-08 HTTP/1.1" 200 408
116.232.50.170 - - [08/Aug/2020:09:03:49 +0800] "GET /xingrg/all/function/internal_message.html?_=1596848674765&CODE_STATE=getMsg HTTP/1.1" 200 27
114.88.161.57 - - [08/Aug/2020:09:03:50 +0800] "GET /xingrg/all/function/internal_message.html?_=1596848626156&CODE_STATE=getMsg HTTP/1.1" 200 27
114.88.161.57 - - [08/Aug/2020:09:03:55 +0800] "GET /xingrg/kc/buy/cgsh_order_operate.html?command=get_materiel&rest_code=00111&code=00101008360&supplier_code=00100005&order_time=2020-08-08 HTTP/1.1" 200 412
180.175.214.200 - - [08/Aug/2020:09:03:57 +0800] "GET /xingrg/check_reg.html?_=1596848838908 HTTP/1.1" 200 22
180.175.214.200 - - [08/Aug/2020:09:03:57 +0800] "GET /xingrg/all/function/internal_message.html?_=1596848839443&CODE_STATE=getMsg HTTP/1.1" 200 27
172.17.0.182 - - [08/Aug/2020:09:03:57 +0800] "GET /xingrg/all/function/internal_message.html?_=1596848629179&CODE_STATE=getMsg HTTP/1.1" 200 27
172.17.0.182 - - [08/Aug/2020:09:03:57 +0800] "GET /xingrg/check_reg.html?_=1596848629180 HTTP/1.1" 200 22
114.88.161.57 - - [08/Aug/2020:09:04:01 +0800] "GET /xingrg/kc/buy/cgsh_order_operate.html?command=get_materiel&rest_code=00111&code=00101008196&supplier_code=00100005&order_time=2020-08-08 HTTP/1.1" 200 416
61.172.5.115 - - [08/Aug/2020:09:04:12 +0800] "GET /xingrg/all/function/internal_message.html?_=1596848648961&CODE_STATE=getMsg HTTP/1.1" 200 27
114.88.153.107 - - [08/Aug/2020:09:04:13 +0800] "GET /xingrg/all/function/internal_message.html?_=1596848651771&CODE_STATE=getMsg HTTP/1.1" 200 27
114.88.161.57 - - [08/Aug/2020:09:04:15 +0800] "GET /xingrg/kc/buy/cgsh_order_operate.html?command=get_materiel&rest_code=00111&code=00101008069&supplier_code=00100005&order_time=2020-08-08 HTTP/1.1" 200 412
114.88.161.57 - - [08/Aug/2020:09:04:17 +0800] "POST /xingrg/kc/buy/cgsh_order_operate.html HTTP/1.1" 200 2065
117.184.7.26 - - [08/Aug/2020:09:04:18 +0800] "GET /xingrg/all/function/internal_message.html?_=1596848643567&CODE_STATE=getMsg HTTP/1.1" 200 27
117.184.7.26 - - [08/Aug/2020:09:04:18 +0800] "GET /xingrg/check_reg.html?_=1596848643585 HTTP/1.1" 200 22
180.157.251.101 - - [08/Aug/2020:09:04:24 +0800] "GET /xingrg/all/function/internal_message.html?_=1596848665053&CODE_STATE=getMsg HTTP/1.1" 200 27
114.88.161.57 - - [08/Aug/2020:09:04:27 +0800] "GET /xingrg/kc/buy/cgsh_order_operate.html?command=get_materiel&rest_code=00111&code=00101008036&supplier_code=00100005&order_time=2020-08-08 HTTP/1.1" 200 408
114.89.80.44 - - [08/Aug/2020:09:04:29 +0800] "GET /xingrg/check_reg.html?_=1596848796831 HTTP/1.1" 200 22
114.89.80.44 - - [08/Aug/2020:09:04:30 +0800] "GET /xingrg/all/function/internal_message.html?_=1596848797249&CODE_STATE=getMsg HTTP/1.1" 200 27
117.131.5.26 - - [08/Aug/2020:09:04:32 +0800] "GET /xingrg/check_reg.html?_=1596848950560 HTTP/1.1" 200 22
117.131.5.26 - - [08/Aug/2020:09:04:33 +0800] "GET /xingrg/all/function/internal_message.html?_=1596848951028&CODE_STATE=getMsg HTTP/1.1" 200 27
114.88.161.57 - - [08/Aug/2020:09:04:36 +0800] "GET /xingrg/all/function/internal_message.html?_=1596848710494&CODE_STATE=getMsg HTTP/1.1" 200 27
114.88.161.57 - - [08/Aug/2020:09:04:37 +0800] "GET /xingrg/kc/buy/cgsh_order_operate.html?command=get_materiel&rest_code=00111&code=00101008318&supplier_code=00100005&order_time=2020-08-08 HTTP/1.1" 200 408
222.69.136.88 - - [08/Aug/2020:09:04:37 +0800] "GET /xingrg/all/function/internal_message.html?_=1596848666680&CODE_STATE=getMsg HTTP/1.1" 200 27
222.69.136.88 - - [08/Aug/2020:09:04:37 +0800] "GET /xingrg/check_reg.html?_=1596848666711 HTTP/1.1" 200 22
117.131.5.26 - - [08/Aug/2020:09:04:40 +0800] "GET /xingrg/all/function/internal_message.html?_=1596848681468&CODE_STATE=getMsg HTTP/1.1" 200 27
172.17.0.240 - - [08/Aug/2020:09:04:43 +0800] "GET /xingrg/all/function/internal_message.html?_=1596848678054&CODE_STATE=getMsg HTTP/1.1" 200 27
116.230.74.197 - - [08/Aug/2020:09:04:47 +0800] "GET /xingrg/all/function/internal_message.html?_=1596848672711&CODE_STATE=getMsg HTTP/1.1" 200 27
116.230.74.197 - - [08/Aug/2020:09:04:47 +0800] "GET /xingrg/check_reg.html?_=1596848672714 HTTP/1.1" 200 22
116.232.50.170 - - [08/Aug/2020:09:04:48 +0800] "GET /xingrg/all/function/internal_message.html?_=1596848734765&CODE_STATE=getMsg HTTP/1.1" 200 27
114.88.161.57 - - [08/Aug/2020:09:04:50 +0800] "GET /xingrg/check_reg.html?_=1596848685953 HTTP/1.1" 200 22
114.88.161.57 - - [08/Aug/2020:09:04:50 +0800] "GET /xingrg/all/function/internal_message.html?_=1596848686169&CODE_STATE=getMsg HTTP/1.1" 200 27
114.88.161.57 - - [08/Aug/2020:09:04:51 +0800] "GET /xingrg/kc/buy/cgsh_order_operate.html?command=get_materiel&rest_code=00111&code=00101008352&supplier_code=00100005&order_time=2020-08-08 HTTP/1.1" 200 412
114.88.161.57 - - [08/Aug/2020:09:04:54 +0800] "POST /xingrg/kc/buy/cgsh_order_operate.html HTTP/1.1" 200 2065
180.175.214.200 - - [08/Aug/2020:09:04:57 +0800] "GET /xingrg/all/function/internal_message.html?_=1596848899456&CODE_STATE=getMsg HTTP/1.1" 200 27
172.17.0.182 - - [08/Aug/2020:09:04:57 +0800] "GET /xingrg/all/function/internal_message.html?_=1596848689185&CODE_STATE=getMsg HTTP/1.1" 200 27
116.230.74.197 - - [08/Aug/2020:09:05:03 +0800] "GET /xingrg/kc/buy/cgsh_order_add.html HTTP/1.1" 200 59426
116.230.74.197 - - [08/Aug/2020:09:05:03 +0800] "POST /xingrg/kc/buy/cgsh_order_operate.html HTTP/1.1" 200 8245
116.230.74.197 - - [08/Aug/2020:09:05:03 +0800] "GET /xingrg/javascript/easyui/themes/default/validatebox.css HTTP/1.1" 404 1104
116.230.74.197 - - [08/Aug/2020:09:05:05 +0800] "GET /xingrg/kc/buy/buy_main.html HTTP/1.1" 200 12412
116.230.74.197 - - [08/Aug/2020:09:05:05 +0800] "GET /xingrg/css/new_ie.css HTTP/1.1" 404 1036
116.230.74.197 - - [08/Aug/2020:09:05:06 +0800] "GET /xingrg/images/yd/bt.gif HTTP/1.1" 404 1040
116.230.74.197 - - [08/Aug/2020:09:05:07 +0800] "GET /xingrg/kc/buy/cgsh_order_list.html HTTP/1.1" 200 43647
116.230.74.197 - - [08/Aug/2020:09:05:09 +0800] "POST /xingrg/kc/buy/cgsh_list_operate.html HTTP/1.1" 200 2036
116.230.74.197 - - [08/Aug/2020:09:05:11 +0800] "POST /xingrg/kc/buy/cgsh_list_operate.html HTTP/1.1" 200 489
116.230.74.197 - - [08/Aug/2020:09:05:12 +0800] "GET /xingrg/kc/buy/cgsh_order_info.html?code=212020080803009 HTTP/1.1" 200 59435
61.172.5.115 - - [08/Aug/2020:09:05:12 +0800] "GET /xingrg/check_reg.html?_=1596848708961 HTTP/1.1" 200 22
61.172.5.115 - - [08/Aug/2020:09:05:12 +0800] "GET /xingrg/all/function/internal_message.html?_=1596848708965&CODE_STATE=getMsg HTTP/1.1" 200 27
116.230.74.197 - - [08/Aug/2020:09:05:13 +0800] "GET /xingrg/javascript/easyui/themes/default/validatebox.css HTTP/1.1" 404 1104
114.88.153.107 - - [08/Aug/2020:09:05:13 +0800] "GET /xingrg/all/function/internal_message.html?_=1596848711770&CODE_STATE=getMsg HTTP/1.1" 200 27
116.230.74.197 - - [08/Aug/2020:09:05:13 +0800] "POST /xingrg/kc/buy/cgsh_order_operate.html HTTP/1.1" 200 5011
116.230.74.197 - - [08/Aug/2020:09:05:15 +0800] "GET /xingrg/kc/print/load_data.html?order_code=212020080803009&kc_code=cgsh&condition= HTTP/1.1" 200 1623
117.184.7.26 - - [08/Aug/2020:09:05:18 +0800] "GET /xingrg/all/function/internal_message.html?_=1596848703541&CODE_STATE=getMsg HTTP/1.1" 200 27
116.230.74.197 - - [08/Aug/2020:09:05:22 +0800] "POST /xingrg/kc/buy/cgsh_list_operate.html HTTP/1.1" 200 2036
116.230.74.197 - - [08/Aug/2020:09:05:23 +0800] "GET /xingrg/kc/buy/cgsh_order_add.html HTTP/1.1" 200 59426
116.230.74.197 - - [08/Aug/2020:09:05:24 +0800] "GET /xingrg/javascript/easyui/themes/default/validatebox.css HTTP/1.1" 404 1104
116.230.74.197 - - [08/Aug/2020:09:05:24 +0800] "POST /xingrg/kc/buy/cgsh_order_operate.html HTTP/1.1" 200 8245
180.157.251.101 - - [08/Aug/2020:09:05:24 +0800] "GET /xingrg/all/function/internal_message.html?_=1596848725048&CODE_STATE=getMsg HTTP/1.1" 200 27
116.230.74.197 - - [08/Aug/2020:09:05:25 +0800] "POST /xingrg/kc/buy/cgsh_list_operate.html HTTP/1.1" 200 2036
116.230.74.197 - - [08/Aug/2020:09:05:26 +0800] "GET /xingrg/javascript/easyui/themes/default/tree.css HTTP/1.1" 404 1090
116.230.74.197 - - [08/Aug/2020:09:05:26 +0800] "POST /xingrg/all/common/load_tree.html?tree=supplier_tree_json&isDelete=1 HTTP/1.1" 200 49675
114.89.80.44 - - [08/Aug/2020:09:05:30 +0800] "GET /xingrg/all/function/internal_message.html?_=1596848857262&CODE_STATE=getMsg HTTP/1.1" 200 27
117.131.5.26 - - [08/Aug/2020:09:05:33 +0800] "GET /xingrg/all/function/internal_message.html?_=1596849011040&CODE_STATE=getMsg HTTP/1.1" 200 27
114.88.161.57 - - [08/Aug/2020:09:05:36 +0800] "GET /xingrg/all/function/internal_message.html?_=1596848770471&CODE_STATE=getMsg HTTP/1.1" 200 27
222.69.136.88 - - [08/Aug/2020:09:05:37 +0800] "GET /xingrg/all/function/internal_message.html?_=1596848726680&CODE_STATE=getMsg HTTP/1.1" 200 27
117.131.5.26 - - [08/Aug/2020:09:05:40 +0800] "GET /xingrg/all/function/internal_message.html?_=1596848741468&CODE_STATE=getMsg HTTP/1.1" 200 27
172.17.0.240 - - [08/Aug/2020:09:05:43 +0800] "GET /xingrg/all/function/internal_message.html?_=1596848738058&CODE_STATE=getMsg HTTP/1.1" 200 27
116.230.74.197 - - [08/Aug/2020:09:05:46 +0800] "GET /xingrg/all/function/internal_message.html?_=1596848732707&CODE_STATE=getMsg HTTP/1.1" 200 27
116.232.50.170 - - [08/Aug/2020:09:05:47 +0800] "GET /xingrg/all/function/internal_message.html?_=1596848794765&CODE_STATE=getMsg HTTP/1.1" 200 27
114.88.161.57 - - [08/Aug/2020:09:05:50 +0800] "GET /xingrg/all/function/internal_message.html?_=1596848746181&CODE_STATE=getMsg HTTP/1.1" 200 27
116.230.74.197 - - [08/Aug/2020:09:05:55 +0800] "GET /xingrg/kc/buy/cgsh_order_operate.html?command=get_materiel&rest_code=00107&code=00101008049&supplier_code=00100006&order_time=2020-08-08 HTTP/1.1" 200 408
180.175.214.200 - - [08/Aug/2020:09:05:57 +0800] "GET /xingrg/all/function/internal_message.html?_=1596848959469&CODE_STATE=getMsg HTTP/1.1" 200 27
172.17.0.182 - - [08/Aug/2020:09:05:57 +0800] "GET /xingrg/all/function/internal_message.html?_=1596848749207&CODE_STATE=getMsg HTTP/1.1" 200 27
61.172.5.115 - - [08/Aug/2020:09:06:12 +0800] "GET /xingrg/all/function/internal_message.html?_=1596848768965&CODE_STATE=getMsg HTTP/1.1" 200 27
114.88.153.107 - - [08/Aug/2020:09:06:13 +0800] "GET /xingrg/all/function/internal_message.html?_=1596848771769&CODE_STATE=getMsg HTTP/1.1" 200 27
58.221.95.50 - - [08/Aug/2020:09:06:15 +0800] "GET /xingrg/check_reg.html?_=1596848899430 HTTP/1.1" 302 -
117.184.7.26 - - [08/Aug/2020:09:06:18 +0800] "GET /xingrg/all/function/internal_message.html?_=1596848763511&CODE_STATE=getMsg HTTP/1.1" 200 27
116.230.74.197 - - [08/Aug/2020:09:06:18 +0800] "GET /xingrg/kc/buy/cgsh_order_operate.html?command=get_materiel&rest_code=00107&code=00101008119&supplier_code=00100006&order_time=2020-08-08 HTTP/1.1" 200 412
180.157.251.101 - - [08/Aug/2020:09:06:24 +0800] "GET /xingrg/all/function/internal_message.html?_=1596848785043&CODE_STATE=getMsg HTTP/1.1" 200 27
116.230.74.197 - - [08/Aug/2020:09:06:27 +0800] "GET /xingrg/kc/buy/cgsh_order_operate.html?command=get_materiel&rest_code=00107&code=00101008358&supplier_code=00100006&order_time=2020-08-08 HTTP/1.1" 200 412
114.89.80.44 - - [08/Aug/2020:09:06:30 +0800] "GET /xingrg/all/function/internal_message.html?_=1596848917277&CODE_STATE=getMsg HTTP/1.1" 200 27
117.131.5.26 - - [08/Aug/2020:09:06:33 +0800] "GET /xingrg/all/function/internal_message.html?_=1596849071057&CODE_STATE=getMsg HTTP/1.1" 200 27
114.88.161.57 - - [08/Aug/2020:09:06:36 +0800] "GET /xingrg/all/function/internal_message.html?_=1596848830442&CODE_STATE=getMsg HTTP/1.1" 200 27
222.69.136.88 - - [08/Aug/2020:09:06:37 +0800] "GET /xingrg/all/function/internal_message.html?_=1596848786676&CODE_STATE=getMsg HTTP/1.1" 200 27
117.131.5.26 - - [08/Aug/2020:09:06:40 +0800] "GET /xingrg/all/function/internal_message.html?_=1596848801468&CODE_STATE=getMsg HTTP/1.1" 200 27
172.17.0.240 - - [08/Aug/2020:09:06:43 +0800] "GET /xingrg/all/function/internal_message.html?_=1596848798045&CODE_STATE=getMsg HTTP/1.1" 200 27
116.230.74.197 - - [08/Aug/2020:09:06:46 +0800] "GET /xingrg/all/function/internal_message.html?_=1596848792718&CODE_STATE=getMsg HTTP/1.1" 200 27
116.232.50.170 - - [08/Aug/2020:09:06:46 +0800] "GET /xingrg/all/function/internal_message.html?_=1596848854765&CODE_STATE=getMsg HTTP/1.1" 200 27
116.230.74.197 - - [08/Aug/2020:09:06:48 +0800] "GET /xingrg/kc/buy/cgsh_order_operate.html?command=get_materiel&rest_code=00107&code=00101008163&supplier_code=00100006&order_time=2020-08-08 HTTP/1.1" 200 408
114.88.161.57 - - [08/Aug/2020:09:06:50 +0800] "GET /xingrg/all/function/internal_message.html?_=1596848806196&CODE_STATE=getMsg HTTP/1.1" 200 27
180.175.214.200 - - [08/Aug/2020:09:06:57 +0800] "GET /xingrg/all/function/internal_message.html?_=1596849019512&CODE_STATE=getMsg HTTP/1.1" 200 27
172.17.0.182 - - [08/Aug/2020:09:06:58 +0800] "GET /xingrg/all/function/internal_message.html?_=1596848809218&CODE_STATE=getMsg HTTP/1.1" 200 27
116.230.74.197 - - [08/Aug/2020:09:07:12 +0800] "GET /xingrg/kc/buy/cgsh_order_operate.html?command=get_materiel&rest_code=00107&code=00101008083&supplier_code=00100006&order_time=2020-08-08 HTTP/1.1" 200 427
61.172.5.115 - - [08/Aug/2020:09:07:12 +0800] "GET /xingrg/all/function/internal_message.html?_=1596848828964&CODE_STATE=getMsg HTTP/1.1" 200 27
114.88.153.107 - - [08/Aug/2020:09:07:13 +0800] "GET /xingrg/all/function/internal_message.html?_=1596848831769&CODE_STATE=getMsg HTTP/1.1" 200 27
116.230.74.197 - - [08/Aug/2020:09:07:15 +0800] "POST /xingrg/all/common/load_select.html HTTP/1.1" 200 25
117.184.7.26 - - [08/Aug/2020:09:07:18 +0800] "GET /xingrg/all/function/internal_message.html?_=1596848823497&CODE_STATE=getMsg HTTP/1.1" 200 27
180.157.251.101 - - [08/Aug/2020:09:07:24 +0800] "GET /xingrg/all/function/internal_message.html?_=1596848845044&CODE_STATE=getMsg HTTP/1.1" 200 27
101.89.19.149 - - [08/Aug/2020:09:07:27 +0800] "GET /xingrg/all/function/internal_message.html?_=1596848111746&CODE_STATE=getMsg HTTP/1.1" 302 -
61.172.5.115 - - [08/Aug/2020:09:07:28 +0800] "GET /xingrg/javascript/auto/indicator.gif HTTP/1.1" 404 1066
101.89.19.149 - - [08/Aug/2020:09:07:29 +0800] "GET /xingrg/login.html HTTP/1.1" 200 7641
114.89.80.44 - - [08/Aug/2020:09:07:30 +0800] "GET /xingrg/all/function/internal_message.html?_=1596848977321&CODE_STATE=getMsg HTTP/1.1" 200 27
117.131.5.26 - - [08/Aug/2020:09:07:33 +0800] "GET /xingrg/all/function/internal_message.html?_=1596849131090&CODE_STATE=getMsg HTTP/1.1" 200 27
114.88.161.57 - - [08/Aug/2020:09:07:36 +0800] "GET /xingrg/all/function/internal_message.html?_=1596848890421&CODE_STATE=getMsg HTTP/1.1" 200 27
222.69.136.88 - - [08/Aug/2020:09:07:37 +0800] "GET /xingrg/all/function/internal_message.html?_=1596848846690&CODE_STATE=getMsg HTTP/1.1" 200 27
117.131.5.26 - - [08/Aug/2020:09:07:40 +0800] "GET /xingrg/all/function/internal_message.html?_=1596848861484&CODE_STATE=getMsg HTTP/1.1" 200 27
172.17.0.240 - - [08/Aug/2020:09:07:43 +0800] "GET /xingrg/all/function/internal_message.html?_=1596848858047&CODE_STATE=getMsg HTTP/1.1" 200 27
172.17.0.240 - - [08/Aug/2020:09:07:43 +0800] "GET /xingrg/check_reg.html?_=1596848858049 HTTP/1.1" 200 22
116.232.50.170 - - [08/Aug/2020:09:07:45 +0800] "GET /xingrg/check_reg.html?_=1596848914765 HTTP/1.1" 200 22
116.232.50.170 - - [08/Aug/2020:09:07:45 +0800] "GET /xingrg/all/function/internal_message.html?_=1596848914765&CODE_STATE=getMsg HTTP/1.1" 200 27
116.230.74.197 - - [08/Aug/2020:09:07:46 +0800] "GET /xingrg/all/function/internal_message.html?_=1596848852721&CODE_STATE=getMsg HTTP/1.1" 200 27
116.230.74.197 - - [08/Aug/2020:09:07:48 +0800] "GET /xingrg/kc/buy/cgsh_order_operate.html?command=get_materiel_price&rest_code=00107&code=00101008083&unit_code=00100026&supplier_code=00100006&order_time=2020-08-08 HTTP/1.1" 200 27
114.88.161.57 - - [08/Aug/2020:09:07:50 +0800] "GET /xingrg/all/function/internal_message.html?_=1596848866240&CODE_STATE=getMsg HTTP/1.1" 200 27
180.175.214.200 - - [08/Aug/2020:09:07:57 +0800] "GET /xingrg/all/function/internal_message.html?_=1596849079512&CODE_STATE=getMsg HTTP/1.1" 200 27
172.17.0.182 - - [08/Aug/2020:09:07:58 +0800] "GET /xingrg/all/function/internal_message.html?_=1596848869214&CODE_STATE=getMsg HTTP/1.1" 200 27
180.152.230.204 - - [08/Aug/2020:09:08:01 +0800] "GET /xingrg/check_reg.html?_=1596848190196 HTTP/1.1" 200 22
61.172.5.115 - - [08/Aug/2020:09:08:02 +0800] "GET /xingrg/kc/buy/cgsh_order_operate.html?command=get_materiel&rest_code=00105&code=00101007059&supplier_code=00100002&order_time=2020-08-08 HTTP/1.1" 200 409
61.172.5.115 - - [08/Aug/2020:09:08:12 +0800] "GET /xingrg/all/function/internal_message.html?_=1596848888986&CODE_STATE=getMsg HTTP/1.1" 200 27
114.88.153.107 - - [08/Aug/2020:09:08:13 +0800] "GET /xingrg/all/function/internal_message.html?_=1596848891770&CODE_STATE=getMsg HTTP/1.1" 200 27
114.88.153.107 - - [08/Aug/2020:09:08:13 +0800] "GET /xingrg/check_reg.html?_=1596848891772 HTTP/1.1" 200 22
61.151.178.197 - - [08/Aug/2020:09:08:16 +0800] "GET /xingrg/all/function/internal_message.html?_=1596848171747&CODE_STATE=getMsg HTTP/1.1" 302 -
117.184.7.26 - - [08/Aug/2020:09:08:18 +0800] "GET /xingrg/all/function/internal_message.html?_=1596848883482&CODE_STATE=getMsg HTTP/1.1" 200 27
61.172.5.115 - - [08/Aug/2020:09:08:18 +0800] "GET /xingrg/kc/buy/cgsh_order_operate.html?command=get_materiel&rest_code=00105&code=00101007048&supplier_code=00100002&order_time=2020-08-08 HTTP/1.1" 200 428
180.157.251.101 - - [08/Aug/2020:09:08:24 +0800] "GET /xingrg/check_reg.html?_=1596848905044 HTTP/1.1" 200 22
180.157.251.101 - - [08/Aug/2020:09:08:24 +0800] "GET /xingrg/all/function/internal_message.html?_=1596848905058&CODE_STATE=getMsg HTTP/1.1" 200 27
61.151.178.197 - - [08/Aug/2020:09:08:25 +0800] "GET /xingrg/login.html HTTP/1.1" 200 7641
114.89.80.44 - - [08/Aug/2020:09:08:30 +0800] "GET /xingrg/all/function/internal_message.html?_=1596849037335&CODE_STATE=getMsg HTTP/1.1" 200 27
61.172.5.115 - - [08/Aug/2020:09:08:32 +0800] "GET /xingrg/kc/buy/cgsh_order_operate.html?command=get_materiel&rest_code=00105&code=00101007081&supplier_code=00100002&order_time=2020-08-08 HTTP/1.1" 200 413
117.131.5.26 - - [08/Aug/2020:09:08:33 +0800] "GET /xingrg/all/function/internal_message.html?_=1596849191094&CODE_STATE=getMsg HTTP/1.1" 200 27
114.88.161.57 - - [08/Aug/2020:09:08:35 +0800] "GET /xingrg/check_reg.html?_=1596848950127 HTTP/1.1" 200 22
114.88.161.57 - - [08/Aug/2020:09:08:36 +0800] "GET /xingrg/all/function/internal_message.html?_=1596848950396&CODE_STATE=getMsg HTTP/1.1" 200 27
222.69.136.88 - - [08/Aug/2020:09:08:37 +0800] "GET /xingrg/all/function/internal_message.html?_=1596848906688&CODE_STATE=getMsg HTTP/1.1" 200 27
117.131.5.26 - - [08/Aug/2020:09:08:40 +0800] "GET /xingrg/check_reg.html?_=1596848921468 HTTP/1.1" 200 22
117.131.5.26 - - [08/Aug/2020:09:08:40 +0800] "GET /xingrg/all/function/internal_message.html?_=1596848921484&CODE_STATE=getMsg HTTP/1.1" 200 27
172.17.0.240 - - [08/Aug/2020:09:08:43 +0800] "GET /xingrg/all/function/internal_message.html?_=1596848918051&CODE_STATE=getMsg HTTP/1.1" 200 27
61.172.5.115 - - [08/Aug/2020:09:08:43 +0800] "GET /xingrg/kc/buy/cgsh_order_operate.html?command=get_materiel&rest_code=00105&code=00101007092&supplier_code=00100002&order_time=2020-08-08 HTTP/1.1" 200 409
116.232.50.170 - - [08/Aug/2020:09:08:44 +0800] "GET /xingrg/all/function/internal_message.html?_=1596848974765&CODE_STATE=getMsg HTTP/1.1" 200 27
116.230.74.197 - - [08/Aug/2020:09:08:46 +0800] "GET /xingrg/all/function/internal_message.html?_=1596848912720&CODE_STATE=getMsg HTTP/1.1" 200 27
116.230.74.197 - - [08/Aug/2020:09:08:48 +0800] "GET /xingrg/kc/buy/cgsh_order_operate.html?command=get_materiel&rest_code=00107&code=00101008141&supplier_code=00100006&order_time=2020-08-08 HTTP/1.1" 200 412
114.88.161.57 - - [08/Aug/2020:09:08:50 +0800] "GET /xingrg/all/function/internal_message.html?_=1596848926253&CODE_STATE=getMsg HTTP/1.1" 200 27
180.175.214.200 - - [08/Aug/2020:09:08:57 +0800] "GET /xingrg/check_reg.html?_=1596849138935 HTTP/1.1" 200 22
180.175.214.200 - - [08/Aug/2020:09:08:57 +0800] "GET /xingrg/all/function/internal_message.html?_=1596849139526&CODE_STATE=getMsg HTTP/1.1" 200 27
172.17.0.182 - - [08/Aug/2020:09:08:58 +0800] "GET /xingrg/check_reg.html?_=1596848929209 HTTP/1.1" 200 22
172.17.0.182 - - [08/Aug/2020:09:08:58 +0800] "GET /xingrg/all/function/internal_message.html?_=1596848929211&CODE_STATE=getMsg HTTP/1.1" 200 27
61.172.5.115 - - [08/Aug/2020:09:09:01 +0800] "GET /xingrg/kc/buy/cgsh_order_operate.html?command=get_materiel&rest_code=00105&code=00101007024&supplier_code=00100002&order_time=2020-08-08 HTTP/1.1" 200 415
116.230.74.197 - - [08/Aug/2020:09:09:06 +0800] "GET /xingrg/kc/buy/cgsh_order_operate.html?command=get_materiel&rest_code=00107&code=00101008148&supplier_code=00100006&order_time=2020-08-08 HTTP/1.1" 200 416
61.172.5.115 - - [08/Aug/2020:09:09:09 +0800] "POST /xingrg/kc/buy/cgsh_order_operate.html HTTP/1.1" 200 37
222.69.136.88 - - [08/Aug/2020:09:09:11 +0800] "POST /xingrg/kc/buy/cgsh_order_operate.html HTTP/1.1" 200 37
61.172.5.115 - - [08/Aug/2020:09:09:11 +0800] "POST /xingrg/kc/buy/cgsh_order_operate.html HTTP/1.1" 200 5017
61.172.5.115 - - [08/Aug/2020:09:09:12 +0800] "GET /xingrg/kc/print/load_config.html?kc_code=cgsh HTTP/1.1" 200 1845
61.172.5.115 - - [08/Aug/2020:09:09:12 +0800] "GET /xingrg/kc/print/load_data.html?order_code=212020080803010&kc_code=cgsh&condition= HTTP/1.1" 200 1637
114.88.153.107 - - [08/Aug/2020:09:09:13 +0800] "GET /xingrg/all/function/internal_message.html?_=1596848951770&CODE_STATE=getMsg HTTP/1.1" 200 27
222.69.136.88 - - [08/Aug/2020:09:09:14 +0800] "POST /xingrg/kc/buy/cgsh_order_operate.html HTTP/1.1" 200 12
61.172.5.115 - - [08/Aug/2020:09:09:15 +0800] "GET /xingrg/all/function/internal_message.html?_=1596848951465&CODE_STATE=getMsg HTTP/1.1" 200 27
222.69.136.88 - - [08/Aug/2020:09:09:17 +0800] "GET /xingrg/kc/buy/cgsh_order_info.html?code=212020080803011 HTTP/1.1" 200 54335
117.184.7.26 - - [08/Aug/2020:09:09:18 +0800] "GET /xingrg/all/function/internal_message.html?_=1596848943467&CODE_STATE=getMsg HTTP/1.1" 200 27
117.184.7.26 - - [08/Aug/2020:09:09:18 +0800] "GET /xingrg/check_reg.html?_=1596848943564 HTTP/1.1" 200 22
222.69.136.88 - - [08/Aug/2020:09:09:18 +0800] "GET /xingrg/javascript/easyui/themes/default/validatebox.css HTTP/1.1" 404 1104
222.69.136.88 - - [08/Aug/2020:09:09:18 +0800] "POST /xingrg/kc/buy/cgsh_order_operate.html HTTP/1.1" 200 41443
222.69.136.88 - - [08/Aug/2020:09:09:20 +0800] "GET /xingrg/kc/print/load_config.html?kc_code=cgsh HTTP/1.1" 200 1845
222.69.136.88 - - [08/Aug/2020:09:09:20 +0800] "GET /xingrg/kc/print/load_data.html?order_code=212020080803011&kc_code=cgsh&condition= HTTP/1.1" 200 16192
180.157.251.101 - - [08/Aug/2020:09:09:24 +0800] "GET /xingrg/all/function/internal_message.html?_=1596848965061&CODE_STATE=getMsg HTTP/1.1" 200 27
116.230.74.197 - - [08/Aug/2020:09:09:25 +0800] "GET /xingrg/kc/buy/cgsh_order_operate.html?command=get_materiel&rest_code=00107&code=00101008146&supplier_code=00100006&order_time=2020-08-08 HTTP/1.1" 200 416
114.89.80.44 - - [08/Aug/2020:09:09:29 +0800] "GET /xingrg/check_reg.html?_=1596849096867 HTTP/1.1" 200 22
114.89.80.44 - - [08/Aug/2020:09:09:30 +0800] "GET /xingrg/all/function/internal_message.html?_=1596849097348&CODE_STATE=getMsg HTTP/1.1" 200 27
117.131.5.26 - - [08/Aug/2020:09:09:32 +0800] "GET /xingrg/check_reg.html?_=1596849250580 HTTP/1.1" 200 22
117.131.5.26 - - [08/Aug/2020:09:09:33 +0800] "GET /xingrg/all/function/internal_message.html?_=1596849251111&CODE_STATE=getMsg HTTP/1.1" 200 27
114.88.161.57 - - [08/Aug/2020:09:09:36 +0800] "GET /xingrg/all/function/internal_message.html?_=1596849010369&CODE_STATE=getMsg HTTP/1.1" 200 27
222.69.136.88 - - [08/Aug/2020:09:09:37 +0800] "GET /xingrg/all/function/internal_message.html?_=1596848966688&CODE_STATE=getMsg HTTP/1.1" 200 27
222.69.136.88 - - [08/Aug/2020:09:09:37 +0800] "GET /xingrg/check_reg.html?_=1596848966691 HTTP/1.1" 200 22
117.131.5.26 - - [08/Aug/2020:09:09:40 +0800] "GET /xingrg/all/function/internal_message.html?_=1596848981484&CODE_STATE=getMsg HTTP/1.1" 200 27
116.232.50.170 - - [08/Aug/2020:09:09:42 +0800] "GET /xingrg/all/function/internal_message.html?_=1596849034765&CODE_STATE=getMsg HTTP/1.1" 200 27
172.17.0.240 - - [08/Aug/2020:09:09:43 +0800] "GET /xingrg/all/function/internal_message.html?_=1596848978052&CODE_STATE=getMsg HTTP/1.1" 200 27
116.230.74.197 - - [08/Aug/2020:09:09:46 +0800] "GET /xingrg/all/function/internal_message.html?_=1596848972720&CODE_STATE=getMsg HTTP/1.1" 200 27
116.230.74.197 - - [08/Aug/2020:09:09:46 +0800] "GET /xingrg/check_reg.html?_=1596848972723 HTTP/1.1" 200 22
114.88.161.57 - - [08/Aug/2020:09:09:50 +0800] "GET /xingrg/check_reg.html?_=1596848985980 HTTP/1.1" 200 22
114.88.161.57 - - [08/Aug/2020:09:09:50 +0800] "GET /xingrg/all/function/internal_message.html?_=1596848986268&CODE_STATE=getMsg HTTP/1.1" 200 27
180.175.214.200 - - [08/Aug/2020:09:09:57 +0800] "GET /xingrg/all/function/internal_message.html?_=1596849199540&CODE_STATE=getMsg HTTP/1.1" 200 27
172.17.0.182 - - [08/Aug/2020:09:09:58 +0800] "GET /xingrg/all/function/internal_message.html?_=1596848989204&CODE_STATE=getMsg HTTP/1.1" 200 27
61.172.5.115 - - [08/Aug/2020:09:09:58 +0800] "GET /xingrg/kc/buy/cgsh_order_add.html HTTP/1.1" 200 59379
61.172.5.115 - - [08/Aug/2020:09:09:58 +0800] "GET /xingrg/javascript/easyui/themes/default/validatebox.css HTTP/1.1" 404 1104
61.172.5.115 - - [08/Aug/2020:09:09:58 +0800] "POST /xingrg/kc/buy/cgsh_order_operate.html HTTP/1.1" 200 8245
222.69.136.88 - - [08/Aug/2020:09:10:00 +0800] "GET /xingrg/kc/buy/cgsh_order_add.html HTTP/1.1" 200 59432
222.69.136.88 - - [08/Aug/2020:09:10:01 +0800] "POST /xingrg/kc/buy/cgsh_order_operate.html HTTP/1.1" 200 8245
222.69.136.88 - - [08/Aug/2020:09:10:01 +0800] "GET /xingrg/javascript/easyui/themes/default/validatebox.css HTTP/1.1" 404 1104
116.230.74.197 - - [08/Aug/2020:09:10:05 +0800] "GET /xingrg/kc/buy/cgsh_order_operate.html?command=get_materiel&rest_code=00107&code=00101008223&supplier_code=00100006&order_time=2020-08-08 HTTP/1.1" 200 412
61.172.5.115 - - [08/Aug/2020:09:10:12 +0800] "GET /xingrg/check_reg.html?_=1596849008986 HTTP/1.1" 200 22
114.88.153.107 - - [08/Aug/2020:09:10:13 +0800] "GET /xingrg/all/function/internal_message.html?_=1596849011769&CODE_STATE=getMsg HTTP/1.1" 200 27
61.172.5.115 - - [08/Aug/2020:09:10:15 +0800] "GET /xingrg/all/function/internal_message.html?_=1596849011433&CODE_STATE=getMsg HTTP/1.1" 200 27
117.184.7.26 - - [08/Aug/2020:09:10:18 +0800] "GET /xingrg/all/function/internal_message.html?_=1596849003438&CODE_STATE=getMsg HTTP/1.1" 200 27
180.157.251.101 - - [08/Aug/2020:09:10:24 +0800] "GET /xingrg/all/function/internal_message.html?_=1596849025064&CODE_STATE=getMsg HTTP/1.1" 200 27
114.89.80.44 - - [08/Aug/2020:09:10:30 +0800] "GET /xingrg/all/function/internal_message.html?_=1596849157361&CODE_STATE=getMsg HTTP/1.1" 200 27
117.131.5.26 - - [08/Aug/2020:09:10:33 +0800] "GET /xingrg/all/function/internal_message.html?_=1596849311120&CODE_STATE=getMsg HTTP/1.1" 200 27
116.230.74.197 - - [08/Aug/2020:09:10:33 +0800] "GET /xingrg/kc/buy/cgsh_order_operate.html?command=get_materiel&rest_code=00107&code=00101008147&supplier_code=00100006&order_time=2020-08-08 HTTP/1.1" 200 416
114.88.161.57 - - [08/Aug/2020:09:10:35 +0800] "GET /xingrg/all/function/internal_message.html?_=1596849070341&CODE_STATE=getMsg HTTP/1.1" 200 27
222.69.136.88 - - [08/Aug/2020:09:10:37 +0800] "GET /xingrg/all/function/internal_message.html?_=1596849026685&CODE_STATE=getMsg HTTP/1.1" 200 27
117.131.5.26 - - [08/Aug/2020:09:10:40 +0800] "GET /xingrg/all/function/internal_message.html?_=1596849041484&CODE_STATE=getMsg HTTP/1.1" 200 27
116.232.50.170 - - [08/Aug/2020:09:10:41 +0800] "GET /xingrg/all/function/internal_message.html?_=1596849094765&CODE_STATE=getMsg HTTP/1.1" 200 27
172.17.0.240 - - [08/Aug/2020:09:10:43 +0800] "GET /xingrg/all/function/internal_message.html?_=1596849038055&CODE_STATE=getMsg HTTP/1.1" 200 27
116.230.74.197 - - [08/Aug/2020:09:10:46 +0800] "GET /xingrg/all/function/internal_message.html?_=1596849032716&CODE_STATE=getMsg HTTP/1.1" 200 27
114.88.161.57 - - [08/Aug/2020:09:10:50 +0800] "GET /xingrg/all/function/internal_message.html?_=1596849046281&CODE_STATE=getMsg HTTP/1.1" 200 27
116.230.74.197 - - [08/Aug/2020:09:10:51 +0800] "GET /xingrg/kc/buy/cgsh_order_operate.html?command=get_materiel&rest_code=00107&code=00101008230&supplier_code=00100006&order_time=2020-08-08 HTTP/1.1" 200 408
180.175.214.200 - - [08/Aug/2020:09:10:57 +0800] "GET /xingrg/all/function/internal_message.html?_=1596849259554&CODE_STATE=getMsg HTTP/1.1" 200 27
172.17.0.182 - - [08/Aug/2020:09:10:58 +0800] "GET /xingrg/all/function/internal_message.html?_=1596849049216&CODE_STATE=getMsg HTTP/1.1" 200 27
116.230.74.197 - - [08/Aug/2020:09:11:00 +0800] "GET /xingrg/kc/buy/cgsh_order_operate.html?command=get_materiel&rest_code=00107&code=00101008069&supplier_code=00100006&order_time=2020-08-08 HTTP/1.1" 200 412
61.172.5.115 - - [08/Aug/2020:09:11:10 +0800] "GET /xingrg/kc/buy/cgsh_order_operate.html?command=get_materiel&rest_code=00105&code=00101012033&supplier_code=00100034&order_time=2020-08-08 HTTP/1.1" 200 426
116.230.74.197 - - [08/Aug/2020:09:11:12 +0800] "GET /xingrg/kc/buy/cgsh_order_operate.html?command=get_materiel&rest_code=00107&code=00101015070&supplier_code=00100006&order_time=2020-08-08 HTTP/1.1" 200 412
114.88.153.107 - - [08/Aug/2020:09:11:13 +0800] "GET /xingrg/all/function/internal_message.html?_=1596849071769&CODE_STATE=getMsg HTTP/1.1" 200 27
61.172.5.115 - - [08/Aug/2020:09:11:15 +0800] "GET /xingrg/all/function/internal_message.html?_=1596849071410&CODE_STATE=getMsg HTTP/1.1" 200 27
58.221.95.50 - - [08/Aug/2020:09:11:15 +0800] "GET /xingrg/check_reg.html?_=1596849199408 HTTP/1.1" 302 -
222.69.136.88 - - [08/Aug/2020:09:11:17 +0800] "GET /xingrg/kc/buy/cgsh_order_operate.html?command=get_materiel&rest_code=00149&code=00101007082&supplier_code=00100205&order_time=2020-08-08 HTTP/1.1" 200 429
117.184.7.26 - - [08/Aug/2020:09:11:18 +0800] "GET /xingrg/all/function/internal_message.html?_=1596849063425&CODE_STATE=getMsg HTTP/1.1" 200 27
180.157.251.101 - - [08/Aug/2020:09:11:24 +0800] "GET /xingrg/all/function/internal_message.html?_=1596849085053&CODE_STATE=getMsg HTTP/1.1" 200 27
116.230.74.197 - - [08/Aug/2020:09:11:28 +0800] "GET /xingrg/kc/buy/cgsh_order_operate.html?command=get_materiel&rest_code=00107&code=00101008352&supplier_code=00100006&order_time=2020-08-08 HTTP/1.1" 200 413
114.89.80.44 - - [08/Aug/2020:09:11:30 +0800] "GET /xingrg/all/function/internal_message.html?_=1596849217375&CODE_STATE=getMsg HTTP/1.1" 200 27
222.69.136.88 - - [08/Aug/2020:09:11:33 +0800] "GET /xingrg/kc/buy/cgsh_order_operate.html?command=get_materiel&rest_code=00149&code=00101007061&supplier_code=00100205&order_time=2020-08-08 HTTP/1.1" 200 409
117.131.5.26 - - [08/Aug/2020:09:11:33 +0800] "GET /xingrg/all/function/internal_message.html?_=1596849371144&CODE_STATE=getMsg HTTP/1.1" 200 27
114.88.161.57 - - [08/Aug/2020:09:11:35 +0800] "GET /xingrg/kc/buy/cgsh_order_operate.html?command=get_materiel&rest_code=00111&code=00101008353&supplier_code=00100005&order_time=2020-08-08 HTTP/1.1" 200 408
114.88.161.57 - - [08/Aug/2020:09:11:35 +0800] "GET /xingrg/all/function/internal_message.html?_=1596849130310&CODE_STATE=getMsg HTTP/1.1" 200 27
222.69.136.88 - - [08/Aug/2020:09:11:37 +0800] "GET /xingrg/all/function/internal_message.html?_=1596849086685&CODE_STATE=getMsg HTTP/1.1" 200 27
116.232.50.170 - - [08/Aug/2020:09:11:40 +0800] "GET /xingrg/all/function/internal_message.html?_=1596849154765&CODE_STATE=getMsg HTTP/1.1" 200 27
117.131.5.26 - - [08/Aug/2020:09:11:40 +0800] "GET /xingrg/all/function/internal_message.html?_=1596849101484&CODE_STATE=getMsg HTTP/1.1" 200 27
172.17.0.240 - - [08/Aug/2020:09:11:43 +0800] "GET /xingrg/all/function/internal_message.html?_=1596849098045&CODE_STATE=getMsg HTTP/1.1" 200 27
116.230.74.197 - - [08/Aug/2020:09:11:46 +0800] "GET /xingrg/all/function/internal_message.html?_=1596849092717&CODE_STATE=getMsg HTTP/1.1" 200 27
114.88.161.57 - - [08/Aug/2020:09:11:47 +0800] "GET /xingrg/kc/buy/cgsh_order_operate.html?command=get_materiel&rest_code=00111&code=00101008312&supplier_code=00100005&order_time=2020-08-08 HTTP/1.1" 200 412
116.230.74.197 - - [08/Aug/2020:09:11:49 +0800] "GET /xingrg/kc/buy/cgsh_order_operate.html?command=get_materiel&rest_code=00107&code=00101008085&supplier_code=00100006&order_time=2020-08-08 HTTP/1.1" 200 412
114.88.161.57 - - [08/Aug/2020:09:11:50 +0800] "GET /xingrg/all/function/internal_message.html?_=1596849106295&CODE_STATE=getMsg HTTP/1.1" 200 27
114.88.161.57 - - [08/Aug/2020:09:11:56 +0800] "GET /xingrg/kc/buy/cgsh_order_operate.html?command=get_materiel&rest_code=00111&code=00101008244&supplier_code=00100005&order_time=2020-08-08 HTTP/1.1" 200 408
180.175.214.200 - - [08/Aug/2020:09:11:57 +0800] "GET /xingrg/all/function/internal_message.html?_=1596849319595&CODE_STATE=getMsg HTTP/1.1" 200 27
172.17.0.182 - - [08/Aug/2020:09:11:58 +0800] "GET /xingrg/all/function/internal_message.html?_=1596849109218&CODE_STATE=getMsg HTTP/1.1" 200 27
114.88.161.57 - - [08/Aug/2020:09:11:58 +0800] "POST /xingrg/kc/buy/cgsh_order_operate.html HTTP/1.1" 200 2065
116.230.74.197 - - [08/Aug/2020:09:12:00 +0800] "GET /xingrg/kc/buy/cgsh_order_operate.html?command=get_materiel&rest_code=00107&code=00101008131&supplier_code=00100006&order_time=2020-08-08 HTTP/1.1" 200 409
61.172.5.115 - - [08/Aug/2020:09:12:04 +0800] "GET /xingrg/kc/buy/cgsh_order_operate.html?command=get_materiel&rest_code=00105&code=00101016030&supplier_code=00100034&order_time=2020-08-08 HTTP/1.1" 200 412
114.88.161.57 - - [08/Aug/2020:09:12:11 +0800] "GET /xingrg/kc/buy/cgsh_order_operate.html?command=get_materiel&rest_code=00111&code=00101008101&supplier_code=00100005&order_time=2020-08-08 HTTP/1.1" 200 412
114.88.153.107 - - [08/Aug/2020:09:12:13 +0800] "GET /xingrg/all/function/internal_message.html?_=1596849131794&CODE_STATE=getMsg HTTP/1.1" 200 27
61.172.5.115 - - [08/Aug/2020:09:12:15 +0800] "GET /xingrg/all/function/internal_message.html?_=1596849131374&CODE_STATE=getMsg HTTP/1.1" 200 27
117.184.7.26 - - [08/Aug/2020:09:12:17 +0800] "GET /xingrg/all/function/internal_message.html?_=1596849123411&CODE_STATE=getMsg HTTP/1.1" 200 27
61.172.5.115 - - [08/Aug/2020:09:12:23 +0800] "GET /xingrg/kc/buy/cgsh_order_operate.html?command=get_materiel&rest_code=00105&code=00101012029&supplier_code=00100034&order_time=2020-08-08 HTTP/1.1" 200 413
180.157.251.101 - - [08/Aug/2020:09:12:24 +0800] "GET /xingrg/all/function/internal_message.html?_=1596849145066&CODE_STATE=getMsg HTTP/1.1" 200 27
114.89.80.44 - - [08/Aug/2020:09:12:30 +0800] "GET /xingrg/all/function/internal_message.html?_=1596849277417&CODE_STATE=getMsg HTTP/1.1" 200 27
114.88.161.57 - - [08/Aug/2020:09:12:31 +0800] "POST /xingrg/kc/buy/cgsh_order_operate.html HTTP/1.1" 200 2065
117.131.5.26 - - [08/Aug/2020:09:12:33 +0800] "GET /xingrg/all/function/internal_message.html?_=1596849431168&CODE_STATE=getMsg HTTP/1.1" 200 27
114.88.161.57 - - [08/Aug/2020:09:12:36 +0800] "GET /xingrg/all/function/internal_message.html?_=1596849190367&CODE_STATE=getMsg HTTP/1.1" 200 27
222.69.136.88 - - [08/Aug/2020:09:12:37 +0800] "GET /xingrg/all/function/internal_message.html?_=1596849146696&CODE_STATE=getMsg HTTP/1.1" 200 27
116.232.50.170 - - [08/Aug/2020:09:12:39 +0800] "GET /xingrg/check_reg.html?_=1596849214765 HTTP/1.1" 200 22
116.232.50.170 - - [08/Aug/2020:09:12:39 +0800] "GET /xingrg/all/function/internal_message.html?_=1596849214765&CODE_STATE=getMsg HTTP/1.1" 200 27
114.88.161.57 - - [08/Aug/2020:09:12:40 +0800] "GET /xingrg/kc/buy/cgsh_order_operate.html?command=get_materiel&rest_code=00111&code=00101008096&supplier_code=00100005&order_time=2020-08-08 HTTP/1.1" 200 412
117.131.5.26 - - [08/Aug/2020:09:12:40 +0800] "GET /xingrg/all/function/internal_message.html?_=1596849161484&CODE_STATE=getMsg HTTP/1.1" 200 27
172.17.0.240 - - [08/Aug/2020:09:12:43 +0800] "GET /xingrg/all/function/internal_message.html?_=1596849158048&CODE_STATE=getMsg HTTP/1.1" 200 27
172.17.0.240 - - [08/Aug/2020:09:12:43 +0800] "GET /xingrg/check_reg.html?_=1596849158050 HTTP/1.1" 200 22
172.17.0.128 - - [08/Aug/2020:09:12:44 +0800] "GET /favicon.ico HTTP/1.1" 404 -
116.230.74.197 - - [08/Aug/2020:09:12:46 +0800] "GET /xingrg/all/function/internal_message.html?_=1596849152723&CODE_STATE=getMsg HTTP/1.1" 200 27
114.88.161.57 - - [08/Aug/2020:09:12:48 +0800] "GET /xingrg/kc/buy/cgsh_order_operate.html?command=get_materiel&rest_code=00111&code=00101008283&supplier_code=00100005&order_time=2020-08-08 HTTP/1.1" 200 408
114.88.161.57 - - [08/Aug/2020:09:12:50 +0800] "GET /xingrg/all/function/internal_message.html?_=1596849166331&CODE_STATE=getMsg HTTP/1.1" 200 27
180.175.214.200 - - [08/Aug/2020:09:12:57 +0800] "GET /xingrg/all/function/internal_message.html?_=1596849379595&CODE_STATE=getMsg HTTP/1.1" 200 27
172.17.0.182 - - [08/Aug/2020:09:12:58 +0800] "GET /xingrg/all/function/internal_message.html?_=1596849169208&CODE_STATE=getMsg HTTP/1.1" 200 27
114.88.161.57 - - [08/Aug/2020:09:13:01 +0800] "GET /xingrg/kc/buy/cgsh_order_operate.html?command=get_materiel&rest_code=00111&code=00101008175&supplier_code=00100005&order_time=2020-08-08 HTTP/1.1" 200 412
180.152.230.204 - - [08/Aug/2020:09:13:01 +0800] "GET /xingrg/check_reg.html?_=1596848490211 HTTP/1.1" 200 22
61.172.5.115 - - [08/Aug/2020:09:13:03 +0800] "POST /xingrg/kc/buy/cgsh_order_operate.html HTTP/1.1" 200 37
61.172.5.115 - - [08/Aug/2020:09:13:04 +0800] "POST /xingrg/kc/buy/cgsh_order_operate.html HTTP/1.1" 200 3847
61.172.5.115 - - [08/Aug/2020:09:13:06 +0800] "GET /xingrg/kc/print/load_data.html?order_code=212020080803012&kc_code=cgsh&condition= HTTP/1.1" 200 1169
114.88.153.107 - - [08/Aug/2020:09:13:13 +0800] "GET /xingrg/all/function/internal_message.html?_=1596849191793&CODE_STATE=getMsg HTTP/1.1" 200 27
114.88.153.107 - - [08/Aug/2020:09:13:13 +0800] "GET /xingrg/check_reg.html?_=1596849191795 HTTP/1.1" 200 22
61.172.5.115 - - [08/Aug/2020:09:13:15 +0800] "GET /xingrg/all/function/internal_message.html?_=1596849191354&CODE_STATE=getMsg HTTP/1.1" 200 27
117.184.7.26 - - [08/Aug/2020:09:13:17 +0800] "GET /xingrg/all/function/internal_message.html?_=1596849183389&CODE_STATE=getMsg HTTP/1.1" 200 27
116.230.74.197 - - [08/Aug/2020:09:13:19 +0800] "GET /xingrg/kc/buy/cgsh_order_operate.html?command=get_materiel&rest_code=00107&code=00101008323&supplier_code=00100006&order_time=2020-08-08 HTTP/1.1" 200 408
114.88.161.57 - - [08/Aug/2020:09:13:21 +0800] "GET /xingrg/kc/buy/cgsh_order_operate.html?command=get_materiel&rest_code=00111&code=00101008331&supplier_code=00100005&order_time=2020-08-08 HTTP/1.1" 200 416
114.88.161.57 - - [08/Aug/2020:09:13:24 +0800] "POST /xingrg/kc/buy/cgsh_order_operate.html HTTP/1.1" 200 2065
180.157.251.101 - - [08/Aug/2020:09:13:24 +0800] "GET /xingrg/check_reg.html?_=1596849205079 HTTP/1.1" 200 22
180.157.251.101 - - [08/Aug/2020:09:13:24 +0800] "GET /xingrg/all/function/internal_message.html?_=1596849205085&CODE_STATE=getMsg HTTP/1.1" 200 27
172.17.0.128 - - [08/Aug/2020:09:13:25 +0800] "GET /favicon.ico HTTP/1.1" 404 -
61.151.178.236 - - [08/Aug/2020:09:13:27 +0800] "GET /xingrg/all/function/internal_message.html?_=1596848471745&CODE_STATE=getMsg HTTP/1.1" 302 -
114.88.161.57 - - [08/Aug/2020:09:13:28 +0800] "GET /xingrg/kc/buy/cgsh_order_operate.html?command=get_materiel&rest_code=00111&code=00101008350&supplier_code=00100005&order_time=2020-08-08 HTTP/1.1" 200 408
61.151.178.236 - - [08/Aug/2020:09:13:29 +0800] "GET /xingrg/login.html HTTP/1.1" 200 7641
114.89.80.44 - - [08/Aug/2020:09:13:30 +0800] "GET /xingrg/all/function/internal_message.html?_=1596849337433&CODE_STATE=getMsg HTTP/1.1" 200 27
117.131.5.26 - - [08/Aug/2020:09:13:33 +0800] "GET /xingrg/all/function/internal_message.html?_=1596849491178&CODE_STATE=getMsg HTTP/1.1" 200 27
114.88.161.57 - - [08/Aug/2020:09:13:35 +0800] "GET /xingrg/check_reg.html?_=1596849250229 HTTP/1.1" 200 22
114.88.161.57 - - [08/Aug/2020:09:13:35 +0800] "GET /xingrg/all/function/internal_message.html?_=1596849250371&CODE_STATE=getMsg HTTP/1.1" 200 27
222.69.136.88 - - [08/Aug/2020:09:13:37 +0800] "GET /xingrg/all/function/internal_message.html?_=1596849206700&CODE_STATE=getMsg HTTP/1.1" 200 27
116.232.50.170 - - [08/Aug/2020:09:13:38 +0800] "GET /xingrg/all/function/internal_message.html?_=1596849274765&CODE_STATE=getMsg HTTP/1.1" 200 27
117.131.5.26 - - [08/Aug/2020:09:13:40 +0800] "GET /xingrg/check_reg.html?_=1596849221468 HTTP/1.1" 200 22
117.131.5.26 - - [08/Aug/2020:09:13:40 +0800] "GET /xingrg/all/function/internal_message.html?_=1596849221484&CODE_STATE=getMsg HTTP/1.1" 200 27
172.17.0.240 - - [08/Aug/2020:09:13:43 +0800] "GET /xingrg/all/function/internal_message.html?_=1596849218051&CODE_STATE=getMsg HTTP/1.1" 200 27
116.230.74.197 - - [08/Aug/2020:09:13:46 +0800] "GET /xingrg/all/function/internal_message.html?_=1596849212720&CODE_STATE=getMsg HTTP/1.1" 200 27
114.88.161.57 - - [08/Aug/2020:09:13:50 +0800] "GET /xingrg/all/function/internal_message.html?_=1596849226337&CODE_STATE=getMsg HTTP/1.1" 200 27
114.88.161.57 - - [08/Aug/2020:09:13:52 +0800] "GET /xingrg/kc/buy/cgsh_order_operate.html?command=get_materiel&rest_code=00111&code=00101008223&supplier_code=00100005&order_time=2020-08-08 HTTP/1.1" 200 412
180.175.214.200 - - [08/Aug/2020:09:13:57 +0800] "GET /xingrg/check_reg.html?_=1596849438969 HTTP/1.1" 200 22
180.175.214.200 - - [08/Aug/2020:09:13:57 +0800] "GET /xingrg/all/function/internal_message.html?_=1596849439609&CODE_STATE=getMsg HTTP/1.1" 200 27
172.17.0.182 - - [08/Aug/2020:09:13:58 +0800] "GET /xingrg/all/function/internal_message.html?_=1596849229206&CODE_STATE=getMsg HTTP/1.1" 200 27
172.17.0.182 - - [08/Aug/2020:09:13:58 +0800] "GET /xingrg/check_reg.html?_=1596849229207 HTTP/1.1" 200 22
