116.232.50.170 - - [08/Aug/2020:10:45:50 +0800] "GET /xingrg/kc/buy/cgsh_order_operate.html?command=get_materiel&rest_code=00109&code=00101008418&supplier_code=00100022&order_time=2020-08-08 HTTP/1.1" 200 400
61.172.5.115 - - [08/Aug/2020:10:45:51 +0800] "GET /xingrg/kc/buy/cgsh_order_add.html HTTP/1.1" 200 59379
222.69.136.88 - - [08/Aug/2020:10:45:51 +0800] "GET /xingrg/all/function/internal_message.html?_=1596854740087&CODE_STATE=getMsg HTTP/1.1" 200 27
61.172.5.115 - - [08/Aug/2020:10:45:51 +0800] "GET /xingrg/javascript/easyui/themes/default/validatebox.css HTTP/1.1" 404 1104
61.172.5.115 - - [08/Aug/2020:10:45:51 +0800] "POST /xingrg/kc/buy/cgsh_order_operate.html HTTP/1.1" 200 8245
222.69.136.88 - - [08/Aug/2020:10:45:51 +0800] "GET /xingrg/check_reg.html?_=1596854740457 HTTP/1.1" 200 22
117.184.7.26 - - [08/Aug/2020:10:45:51 +0800] "GET /xingrg/kc/buy/cgsh_order_operate.html?command=get_materiel&rest_code=00108&code=00101008315&supplier_code=00100008&order_time=2020-08-08 HTTP/1.1" 200 412
114.88.161.57 - - [08/Aug/2020:10:45:52 +0800] "GET /xingrg/all/function/internal_message.html?_=1596854748070&CODE_STATE=getMsg HTTP/1.1" 200 27
222.69.136.88 - - [08/Aug/2020:10:45:53 +0800] "GET /xingrg/kc/buy/cgsh_order_operate.html?command=get_materiel&rest_code=00149&code=00101006177&supplier_code=00100012&order_time=2020-08-08 HTTP/1.1" 200 409
218.81.217.115 - - [08/Aug/2020:10:45:53 +0800] "GET /xingrg/kc/buy/cgsh_order_operate.html?command=get_materiel&rest_code=00146&code=00101002007&supplier_code=00100199&order_time=2020-08-08 HTTP/1.1" 200 409
116.232.50.170 - - [08/Aug/2020:10:45:56 +0800] "GET /xingrg/all/function/internal_message.html?_=1596854796067&CODE_STATE=getMsg HTTP/1.1" 200 27
172.17.0.100 - - [08/Aug/2020:10:45:56 +0800] "GET /xingrg/all/function/internal_message.html?_=1596854753265&CODE_STATE=getMsg HTTP/1.1" 200 27
117.184.7.26 - - [08/Aug/2020:10:45:56 +0800] "GET /xingrg/kc/buy/cgsh_order_operate.html?command=get_materiel&rest_code=00108&code=00101008352&supplier_code=00100008&order_time=2020-08-08 HTTP/1.1" 200 412
172.17.0.182 - - [08/Aug/2020:10:45:58 +0800] "GET /xingrg/all/function/internal_message.html?_=1596854749403&CODE_STATE=getMsg HTTP/1.1" 200 27
116.232.50.170 - - [08/Aug/2020:10:45:58 +0800] "GET /xingrg/kc/buy/cgsh_order_operate.html?command=get_materiel&rest_code=00109&code=00101009011&supplier_code=00100022&order_time=2020-08-08 HTTP/1.1" 200 416
218.78.151.174 - - [08/Aug/2020:10:46:00 +0800] "GET /xingrg/javascript/auto/indicator.gif HTTP/1.1" 404 1066
222.69.136.88 - - [08/Aug/2020:10:46:00 +0800] "GET /xingrg/kc/buy/cgsh_order_operate.html?command=get_materiel&rest_code=00149&code=00101006168&supplier_code=00100012&order_time=2020-08-08 HTTP/1.1" 200 421
218.81.217.115 - - [08/Aug/2020:10:46:01 +0800] "POST /xingrg/kc/buy/cgsh_order_operate.html HTTP/1.1" 200 37
61.172.5.115 - - [08/Aug/2020:10:46:01 +0800] "GET /xingrg/kc/buy/cgsh_order_operate.html?command=get_materiel&rest_code=00105&code=00101014031&supplier_code=00100340&order_time=2020-08-08 HTTP/1.1" 200 413
117.184.7.26 - - [08/Aug/2020:10:46:02 +0800] "GET /xingrg/kc/buy/cgsh_order_operate.html?command=get_materiel&rest_code=00108&code=00101008271&supplier_code=00100008&order_time=2020-08-08 HTTP/1.1" 200 408
218.81.217.115 - - [08/Aug/2020:10:46:02 +0800] "POST /xingrg/kc/buy/cgsh_order_operate.html HTTP/1.1" 200 3249
114.89.80.44 - - [08/Aug/2020:10:46:03 +0800] "GET /xingrg/all/function/internal_message.html?_=1596854890848&CODE_STATE=getMsg HTTP/1.1" 200 27
218.81.217.115 - - [08/Aug/2020:10:46:04 +0800] "GET /xingrg/kc/print/load_data.html?order_code=212020080803070&kc_code=cgsh&condition= HTTP/1.1" 200 905
218.78.151.174 - - [08/Aug/2020:10:46:05 +0800] "GET /xingrg/kc/buy/cgsh_order_operate.html?command=get_materiel&rest_code=00143&code=00101005032&supplier_code=00100385&order_time=2020-08-08 HTTP/1.1" 200 409
117.185.32.26 - - [08/Aug/2020:10:46:07 +0800] "GET /xingrg/all/function/internal_message.html?_=1596854759182&CODE_STATE=getMsg HTTP/1.1" 200 27
117.185.32.26 - - [08/Aug/2020:10:46:07 +0800] "GET /xingrg/login.html HTTP/1.1" 200 7641
117.184.7.26 - - [08/Aug/2020:10:46:08 +0800] "GET /xingrg/check_reg.html?_=1596854754684 HTTP/1.1" 200 22
117.184.7.26 - - [08/Aug/2020:10:46:08 +0800] "GET /xingrg/all/function/internal_message.html?_=1596854754977&CODE_STATE=getMsg HTTP/1.1" 200 27
114.88.161.57 - - [08/Aug/2020:10:46:08 +0800] "GET /xingrg/all/function/internal_message.html?_=1596854802697&CODE_STATE=getMsg HTTP/1.1" 200 27
116.232.50.170 - - [08/Aug/2020:10:46:11 +0800] "GET /xingrg/kc/buy/cgsh_order_operate.html?command=get_materiel&rest_code=00109&code=00101009062&supplier_code=00100022&order_time=2020-08-08 HTTP/1.1" 200 412
117.185.32.26 - - [08/Aug/2020:10:46:12 +0800] "GET /favicon.ico HTTP/1.1" 404 -
58.247.206.148 - - [08/Aug/2020:10:46:12 +0800] "GET /xingrg/all/function/internal_message.html?_=1596854052013&CODE_STATE=getMsg HTTP/1.1" 302 -
114.88.153.107 - - [08/Aug/2020:10:46:13 +0800] "GET /xingrg/all/function/internal_message.html?_=1596854771733&CODE_STATE=getMsg HTTP/1.1" 200 27
61.172.5.115 - - [08/Aug/2020:10:46:13 +0800] "GET /xingrg/all/function/internal_message.html?_=1596854769759&CODE_STATE=getMsg HTTP/1.1" 200 27
218.81.217.115 - - [08/Aug/2020:10:46:14 +0800] "GET /xingrg/kc/buy/cgsh_order_add.html HTTP/1.1" 200 59385
218.81.217.115 - - [08/Aug/2020:10:46:14 +0800] "POST /xingrg/kc/buy/cgsh_order_operate.html HTTP/1.1" 200 8245
218.81.217.115 - - [08/Aug/2020:10:46:15 +0800] "GET /xingrg/all/function/internal_message.html?_=1596854764369&CODE_STATE=getMsg HTTP/1.1" 200 27
218.81.217.115 - - [08/Aug/2020:10:46:15 +0800] "GET /xingrg/javascript/easyui/themes/default/validatebox.css HTTP/1.1" 404 1104
58.247.206.148 - - [08/Aug/2020:10:46:15 +0800] "GET /xingrg/login.html HTTP/1.1" 200 7641
58.221.95.50 - - [08/Aug/2020:10:46:15 +0800] "GET /xingrg/check_reg.html?_=1596854899047 HTTP/1.1" 302 -
117.185.32.26 - - [08/Aug/2020:10:46:15 +0800] "GET /xingrg/kc/buy/cgsh_order_add.html HTTP/1.1" 200 59385
117.185.32.26 - - [08/Aug/2020:10:46:16 +0800] "POST /xingrg/kc/buy/cgsh_order_operate.html HTTP/1.1" 200 8245
117.185.32.26 - - [08/Aug/2020:10:46:16 +0800] "GET /xingrg/javascript/easyui/themes/default/validatebox.css HTTP/1.1" 404 1104
218.78.151.174 - - [08/Aug/2020:10:46:16 +0800] "GET /xingrg/all/function/internal_message.html?_=1596853704570&CODE_STATE=getMsg HTTP/1.1" 200 27
117.184.7.26 - - [08/Aug/2020:10:46:17 +0800] "GET /xingrg/all/function/internal_message.html?_=1596854762251&CODE_STATE=getMsg HTTP/1.1" 200 27
117.185.32.26 - - [08/Aug/2020:10:46:17 +0800] "GET /xingrg/javascript/easyui/themes/default/tree.css HTTP/1.1" 404 1090
117.185.32.26 - - [08/Aug/2020:10:46:17 +0800] "POST /xingrg/all/common/load_tree.html?tree=supplier_tree_json&isDelete=1 HTTP/1.1" 200 49675
116.232.50.170 - - [08/Aug/2020:10:46:19 +0800] "GET /xingrg/kc/buy/cgsh_order_operate.html?command=get_materiel&rest_code=00109&code=00101009059&supplier_code=00100022&order_time=2020-08-08 HTTP/1.1" 200 409
117.184.7.26 - - [08/Aug/2020:10:46:21 +0800] "GET /xingrg/kc/buy/cgsh_order_operate.html?command=get_materiel&rest_code=00108&code=00101008353&supplier_code=00100008&order_time=2020-08-08 HTTP/1.1" 200 408
61.172.5.115 - - [08/Aug/2020:10:46:24 +0800] "POST /xingrg/kc/buy/cgsh_order_operate.html HTTP/1.1" 200 37
180.157.251.101 - - [08/Aug/2020:10:46:25 +0800] "GET /xingrg/all/function/internal_message.html?_=1596854785669&CODE_STATE=getMsg HTTP/1.1" 200 27
222.69.136.88 - - [08/Aug/2020:10:46:25 +0800] "GET /xingrg/kc/buy/cgsh_order_operate.html?command=get_materiel&rest_code=00149&code=00101006057&supplier_code=00100012&order_time=2020-08-08 HTTP/1.1" 200 413
218.81.217.115 - - [08/Aug/2020:10:46:25 +0800] "GET /xingrg/kc/buy/cgsh_order_operate.html?command=get_materiel&rest_code=00146&code=00101018019&supplier_code=00100041&order_time=2020-08-08 HTTP/1.1" 200 421
61.172.5.115 - - [08/Aug/2020:10:46:25 +0800] "POST /xingrg/kc/buy/cgsh_order_operate.html HTTP/1.1" 200 2657
116.232.50.170 - - [08/Aug/2020:10:46:26 +0800] "GET /xingrg/kc/buy/cgsh_order_operate.html?command=get_materiel&rest_code=00109&code=00101019349&supplier_code=00100022&order_time=2020-08-08 HTTP/1.1" 200 412
117.185.32.26 - - [08/Aug/2020:10:46:26 +0800] "POST /xingrg/login.do HTTP/1.1" 302 -
117.185.32.26 - - [08/Aug/2020:10:46:26 +0800] "GET /xingrg/index.html?sysBaseUrl=http%3A%2F%2F180.169.147.146%3A18081%2Fxingrg%2F&costTime=39×tamp=1596854786891 HTTP/1.1" 200 17173
61.172.5.115 - - [08/Aug/2020:10:46:27 +0800] "GET /xingrg/kc/print/load_data.html?order_code=212020080803071&kc_code=cgsh&condition= HTTP/1.1" 200 670
117.185.32.26 - - [08/Aug/2020:10:46:27 +0800] "GET /favicon.ico HTTP/1.1" 404 -
117.185.32.26 - - [08/Aug/2020:10:46:27 +0800] "POST /xingrg/all/common/load_tree.html?tree=area_rest_tree_json&manage=1 HTTP/1.1" 200 342
117.185.32.26 - - [08/Aug/2020:10:46:27 +0800] "GET /xingrg/check_reg.html?_=1596855216140 HTTP/1.1" 200 22
117.185.32.26 - - [08/Aug/2020:10:46:27 +0800] "GET /xingrg/all/function/internal_message.html?_=1596855216139&CODE_STATE=count HTTP/1.1" 200 11
117.185.32.26 - - [08/Aug/2020:10:46:28 +0800] "POST /xingrg/load_menu.html HTTP/1.1" 200 5138
222.69.27.237 - - [08/Aug/2020:10:46:30 +0800] "GET /xingrg/check_reg.html?_=1596854676363 HTTP/1.1" 200 22
222.69.27.237 - - [08/Aug/2020:10:46:30 +0800] "GET /xingrg/all/function/internal_message.html?_=1596854676364&CODE_STATE=getMsg HTTP/1.1" 200 27
61.172.5.115 - - [08/Aug/2020:10:46:30 +0800] "GET /xingrg/kc/buy/cgsh_order_add.html HTTP/1.1" 200 59379
61.172.5.115 - - [08/Aug/2020:10:46:30 +0800] "GET /xingrg/javascript/easyui/themes/default/validatebox.css HTTP/1.1" 404 1104
61.172.5.115 - - [08/Aug/2020:10:46:30 +0800] "POST /xingrg/kc/buy/cgsh_order_operate.html HTTP/1.1" 200 8245
116.232.50.170 - - [08/Aug/2020:10:46:30 +0800] "GET /xingrg/kc/buy/cgsh_order_operate.html?command=get_materiel&rest_code=00109&code=00101009109&supplier_code=00100022&order_time=2020-08-08 HTTP/1.1" 200 399
117.185.32.26 - - [08/Aug/2020:10:46:32 +0800] "GET /xingrg/kc/buy/buy_main.html HTTP/1.1" 200 12412
117.185.32.26 - - [08/Aug/2020:10:46:32 +0800] "GET /xingrg/css/new_ie.css HTTP/1.1" 404 1036
117.184.7.26 - - [08/Aug/2020:10:46:33 +0800] "GET /xingrg/kc/buy/cgsh_order_operate.html?command=get_materiel&rest_code=00108&code=00101008125&supplier_code=00100008&order_time=2020-08-08 HTTP/1.1" 200 413
117.185.32.26 - - [08/Aug/2020:10:46:33 +0800] "GET /xingrg/images/yd/bt.gif HTTP/1.1" 404 1040
218.81.217.115 - - [08/Aug/2020:10:46:34 +0800] "GET /xingrg/kc/buy/cgsh_order_operate.html?command=get_materiel&rest_code=00146&code=00101006067&supplier_code=00100041&order_time=2020-08-08 HTTP/1.1" 200 409
117.185.32.26 - - [08/Aug/2020:10:46:34 +0800] "GET /xingrg/kc/buy/cgsh_order_list.html HTTP/1.1" 200 43641
117.185.32.26 - - [08/Aug/2020:10:46:36 +0800] "POST /xingrg/kc/buy/cgsh_list_operate.html HTTP/1.1" 200 876
117.184.7.26 - - [08/Aug/2020:10:46:36 +0800] "POST /xingrg/kc/buy/cgsh_order_operate.html HTTP/1.1" 200 2065
117.185.32.26 - - [08/Aug/2020:10:46:37 +0800] "GET /xingrg/javascript/easyui/themes/default/images/button_plain_hover.png HTTP/1.1" 304 -
117.185.32.26 - - [08/Aug/2020:10:46:38 +0800] "GET /xingrg/kc/buy/cgsh_order_add.html HTTP/1.1" 200 59379
117.185.32.26 - - [08/Aug/2020:10:46:38 +0800] "GET /xingrg/words/20200807115122_words.js HTTP/1.1" 304 -
117.185.32.26 - - [08/Aug/2020:10:46:38 +0800] "GET /xingrg/javascript/easyui/themes/icons/template_new.png HTTP/1.1" 304 -
117.185.32.26 - - [08/Aug/2020:10:46:38 +0800] "GET /xingrg/javascript/easyui/themes/icons/cancel.png HTTP/1.1" 304 -
117.185.32.26 - - [08/Aug/2020:10:46:38 +0800] "POST /xingrg/kc/buy/cgsh_order_operate.html HTTP/1.1" 200 8245
117.185.32.26 - - [08/Aug/2020:10:46:38 +0800] "GET /xingrg/all/common/auto_word.html?type=employee&rest_code=00106 HTTP/1.1" 200 205
117.185.32.26 - - [08/Aug/2020:10:46:39 +0800] "GET /xingrg/javascript/easyui/themes/default/validatebox.css HTTP/1.1" 404 1104
117.185.32.26 - - [08/Aug/2020:10:46:39 +0800] "GET /xingrg/all/common/auto_word.html?type=employee&rest_code=00106 HTTP/1.1" 200 205
117.185.32.26 - - [08/Aug/2020:10:46:39 +0800] "GET /xingrg/javascript/easyui/themes/icons/edit_remove.png HTTP/1.1" 304 -
116.232.50.170 - - [08/Aug/2020:10:46:39 +0800] "GET /xingrg/kc/buy/cgsh_order_operate.html?command=get_materiel&rest_code=00109&code=00101009039&supplier_code=00100022&order_time=2020-08-08 HTTP/1.1" 200 408
117.185.32.26 - - [08/Aug/2020:10:46:40 +0800] "GET /xingrg/javascript/easyui/themes/default/tree.css HTTP/1.1" 404 1090
117.185.32.26 - - [08/Aug/2020:10:46:40 +0800] "POST /xingrg/all/common/load_tree.html?tree=supplier_tree_json&isDelete=1 HTTP/1.1" 200 49675
117.131.5.26 - - [08/Aug/2020:10:46:40 +0800] "GET /xingrg/all/function/internal_message.html?_=1596854801546&CODE_STATE=getMsg HTTP/1.1" 200 27
222.69.136.88 - - [08/Aug/2020:10:46:41 +0800] "POST /xingrg/kc/buy/cgsh_order_operate.html HTTP/1.1" 200 37
172.17.0.240 - - [08/Aug/2020:10:46:43 +0800] "GET /xingrg/all/function/internal_message.html?_=1596854798051&CODE_STATE=getMsg HTTP/1.1" 200 27
218.81.217.115 - - [08/Aug/2020:10:46:43 +0800] "GET /xingrg/kc/buy/cgsh_order_operate.html?command=get_materiel&rest_code=00146&code=00101001032&supplier_code=00100041&order_time=2020-08-08 HTTP/1.1" 200 413
61.172.5.115 - - [08/Aug/2020:10:46:43 +0800] "GET /xingrg/kc/buy/cgsh_order_operate.html?command=get_materiel&rest_code=00105&code=00101002035&supplier_code=00100088&order_time=2020-08-08 HTTP/1.1" 200 415
172.17.0.100 - - [08/Aug/2020:10:46:43 +0800] "GET /xingrg/all/function/internal_message.html?_=1596854800516&CODE_STATE=getMsg HTTP/1.1" 200 27
222.69.136.88 - - [08/Aug/2020:10:46:44 +0800] "POST /xingrg/kc/buy/cgsh_order_operate.html HTTP/1.1" 200 12
180.171.243.240 - - [08/Aug/2020:10:46:45 +0800] "GET /xingrg/all/function/internal_message.html?_=1596854794406&CODE_STATE=getMsg HTTP/1.1" 200 27
116.230.74.197 - - [08/Aug/2020:10:46:46 +0800] "GET /xingrg/all/function/internal_message.html?_=1596854792646&CODE_STATE=getMsg HTTP/1.1" 200 27
116.232.50.170 - - [08/Aug/2020:10:46:46 +0800] "GET /xingrg/kc/buy/cgsh_order_operate.html?command=get_materiel&rest_code=00109&code=00101009016&supplier_code=00100022&order_time=2020-08-08 HTTP/1.1" 200 412
222.69.136.88 - - [08/Aug/2020:10:46:46 +0800] "GET /xingrg/kc/buy/cgsh_order_info.html?code=212020080803072 HTTP/1.1" 200 54335
222.69.136.88 - - [08/Aug/2020:10:46:47 +0800] "GET /xingrg/javascript/easyui/themes/default/validatebox.css HTTP/1.1" 404 1104
222.69.136.88 - - [08/Aug/2020:10:46:47 +0800] "POST /xingrg/kc/buy/cgsh_order_operate.html HTTP/1.1" 200 2995
117.185.32.26 - - [08/Aug/2020:10:46:48 +0800] "GET /xingrg/javascript/jquery_tools/images/next.gif HTTP/1.1" 404 1086
117.185.32.26 - - [08/Aug/2020:10:46:48 +0800] "GET /xingrg/javascript/jquery_tools/images/prev.gif HTTP/1.1" 404 1086
61.172.5.115 - - [08/Aug/2020:10:46:48 +0800] "GET /xingrg/all/function/internal_message.html?_=1596854803751&CODE_STATE=getMsg HTTP/1.1" 200 27
117.184.7.26 - - [08/Aug/2020:10:46:48 +0800] "GET /xingrg/kc/buy/cgsh_order_operate.html?command=get_materiel&rest_code=00108&code=00101008154&supplier_code=00100008&order_time=2020-08-08 HTTP/1.1" 200 413
117.185.32.26 - - [08/Aug/2020:10:46:49 +0800] "GET /xingrg/kc/buy/cgsh_order_operate.html?command=get_materiel&rest_code=00106&code=00101008256&supplier_code=00100007&order_time=2020-08-08 HTTP/1.1" 200 412
222.69.136.88 - - [08/Aug/2020:10:46:51 +0800] "GET /xingrg/all/function/internal_message.html?_=1596854800067&CODE_STATE=getMsg HTTP/1.1" 200 27
114.88.161.57 - - [08/Aug/2020:10:46:52 +0800] "GET /xingrg/all/function/internal_message.html?_=1596854808084&CODE_STATE=getMsg HTTP/1.1" 200 27
218.81.217.115 - - [08/Aug/2020:10:46:52 +0800] "GET /xingrg/kc/buy/cgsh_order_operate.html?command=get_materiel&rest_code=00146&code=00101003025&supplier_code=00100041&order_time=2020-08-08 HTTP/1.1" 200 409
116.232.50.170 - - [08/Aug/2020:10:46:52 +0800] "GET /xingrg/all/function/internal_message.html?_=1596854856074&CODE_STATE=getMsg HTTP/1.1" 200 27
222.69.136.88 - - [08/Aug/2020:10:46:52 +0800] "GET /xingrg/kc/print/load_data.html?order_code=212020080803072&kc_code=cgsh&condition= HTTP/1.1" 200 1729
117.184.7.26 - - [08/Aug/2020:10:46:55 +0800] "GET /xingrg/kc/buy/cgsh_order_operate.html?command=get_materiel&rest_code=00108&code=00101008275&supplier_code=00100008&order_time=2020-08-08 HTTP/1.1" 200 417
117.185.32.26 - - [08/Aug/2020:10:46:55 +0800] "GET /xingrg/kc/buy/cgsh_order_operate.html?command=get_materiel&rest_code=00106&code=00101008155&supplier_code=00100007&order_time=2020-08-08 HTTP/1.1" 200 408
172.17.0.100 - - [08/Aug/2020:10:46:56 +0800] "GET /xingrg/all/function/internal_message.html?_=1596854813239&CODE_STATE=getMsg HTTP/1.1" 200 27
222.69.136.88 - - [08/Aug/2020:10:46:57 +0800] "GET /xingrg/kc/buy/cgsh_order_add.html HTTP/1.1" 200 59432
222.69.136.88 - - [08/Aug/2020:10:46:58 +0800] "POST /xingrg/kc/buy/cgsh_order_operate.html HTTP/1.1" 200 8245
222.69.136.88 - - [08/Aug/2020:10:46:58 +0800] "GET /xingrg/javascript/easyui/themes/default/validatebox.css HTTP/1.1" 404 1104
172.17.0.182 - - [08/Aug/2020:10:46:58 +0800] "GET /xingrg/all/function/internal_message.html?_=1596854809398&CODE_STATE=getMsg HTTP/1.1" 200 27
218.81.217.115 - - [08/Aug/2020:10:47:00 +0800] "GET /xingrg/kc/buy/cgsh_order_operate.html?command=get_materiel&rest_code=00146&code=00101010161&supplier_code=00100041&order_time=2020-08-08 HTTP/1.1" 200 409
114.89.80.44 - - [08/Aug/2020:10:47:03 +0800] "GET /xingrg/all/function/internal_message.html?_=1596854950865&CODE_STATE=getMsg HTTP/1.1" 200 27
117.185.32.26 - - [08/Aug/2020:10:47:05 +0800] "GET /xingrg/kc/buy/cgsh_order_operate.html?command=get_materiel&rest_code=00106&code=00101008049&supplier_code=00100007&order_time=2020-08-08 HTTP/1.1" 200 408
61.172.5.115 - - [08/Aug/2020:10:47:05 +0800] "GET /xingrg/kc/buy/cgsh_order_operate.html?command=get_materiel&rest_code=00105&code=00101003041&supplier_code=00100088&order_time=2020-08-08 HTTP/1.1" 200 414
116.232.50.170 - - [08/Aug/2020:10:47:06 +0800] "GET /xingrg/kc/buy/cgsh_order_operate.html?command=get_materiel&rest_code=00109&code=00101009019&supplier_code=00100022&order_time=2020-08-08 HTTP/1.1" 200 412
117.185.32.26 - - [08/Aug/2020:10:47:06 +0800] "GET /xingrg/check_reg.html?_=1596854818955 HTTP/1.1" 200 22
117.185.32.26 - - [08/Aug/2020:10:47:07 +0800] "GET /xingrg/all/function/internal_message.html?_=1596854819153&CODE_STATE=getMsg HTTP/1.1" 200 27
101.91.62.65 - - [08/Aug/2020:10:47:08 +0800] "GET /xingrg/all/function/internal_message.html?_=1596854111991&CODE_STATE=getMsg HTTP/1.1" 302 -
114.88.161.57 - - [08/Aug/2020:10:47:08 +0800] "GET /xingrg/check_reg.html?_=1596854862697 HTTP/1.1" 200 22
114.88.161.57 - - [08/Aug/2020:10:47:08 +0800] "GET /xingrg/all/function/internal_message.html?_=1596854862698&CODE_STATE=getMsg HTTP/1.1" 200 27
117.184.7.26 - - [08/Aug/2020:10:47:08 +0800] "GET /xingrg/all/function/internal_message.html?_=1596854814989&CODE_STATE=getMsg HTTP/1.1" 200 27
117.185.32.26 - - [08/Aug/2020:10:47:12 +0800] "GET /xingrg/kc/buy/cgsh_order_operate.html?command=get_materiel&rest_code=00106&code=00101008149&supplier_code=00100007&order_time=2020-08-08 HTTP/1.1" 200 408
114.88.153.107 - - [08/Aug/2020:10:47:13 +0800] "GET /xingrg/all/function/internal_message.html?_=1596854831705&CODE_STATE=getMsg HTTP/1.1" 200 27
61.172.5.115 - - [08/Aug/2020:10:47:13 +0800] "GET /xingrg/all/function/internal_message.html?_=1596854829714&CODE_STATE=getMsg HTTP/1.1" 200 27
172.17.0.100 - - [08/Aug/2020:10:47:14 +0800] "GET /xingrg/kc/buy/cgsh_order_operate.html?command=get_materiel&rest_code=00147&code=00101011007&supplier_code=00100046&order_time=2020-08-08 HTTP/1.1" 200 414
218.81.217.115 - - [08/Aug/2020:10:47:15 +0800] "GET /xingrg/all/function/internal_message.html?_=1596854824371&CODE_STATE=getMsg HTTP/1.1" 200 27
116.232.50.170 - - [08/Aug/2020:10:47:15 +0800] "GET /xingrg/kc/buy/cgsh_order_operate.html?command=get_materiel&rest_code=00109&code=00101009007&supplier_code=00100022&order_time=2020-08-08 HTTP/1.1" 200 408
101.91.62.65 - - [08/Aug/2020:10:47:16 +0800] "GET /xingrg/login.html HTTP/1.1" 200 7641
218.78.151.174 - - [08/Aug/2020:10:47:16 +0800] "GET /xingrg/all/function/internal_message.html?_=1596853764581&CODE_STATE=getMsg HTTP/1.1" 200 27
218.81.217.115 - - [08/Aug/2020:10:47:16 +0800] "GET /xingrg/kc/buy/cgsh_order_operate.html?command=get_materiel&rest_code=00146&code=00101005037&supplier_code=00100041&order_time=2020-08-08 HTTP/1.1" 200 409
117.184.7.26 - - [08/Aug/2020:10:47:17 +0800] "GET /xingrg/all/function/internal_message.html?_=1596854822236&CODE_STATE=getMsg HTTP/1.1" 200 27
61.172.5.115 - - [08/Aug/2020:10:47:18 +0800] "POST /xingrg/kc/buy/cgsh_order_operate.html HTTP/1.1" 200 37
117.185.32.26 - - [08/Aug/2020:10:47:18 +0800] "GET /xingrg/kc/buy/cgsh_order_operate.html?command=get_materiel&rest_code=00106&code=00101008010&supplier_code=00100007&order_time=2020-08-08 HTTP/1.1" 200 412
61.172.5.115 - - [08/Aug/2020:10:47:20 +0800] "POST /xingrg/kc/buy/cgsh_order_operate.html HTTP/1.1" 200 3260
222.69.136.88 - - [08/Aug/2020:10:47:20 +0800] "GET /xingrg/kc/buy/cgsh_order_operate.html?command=get_materiel&rest_code=00149&code=00101009085&supplier_code=00100036&order_time=2020-08-08 HTTP/1.1" 200 394
61.172.5.115 - - [08/Aug/2020:10:47:22 +0800] "GET /xingrg/kc/print/load_data.html?order_code=212020080803073&kc_code=cgsh&condition= HTTP/1.1" 200 980
116.232.50.170 - - [08/Aug/2020:10:47:23 +0800] "GET /xingrg/kc/buy/cgsh_order_operate.html?command=get_materiel&rest_code=00109&code=00101009016&supplier_code=00100022&order_time=2020-08-08 HTTP/1.1" 200 412
116.230.74.197 - - [08/Aug/2020:10:47:23 +0800] "GET /xingrg/kc/buy/cgsh_order_operate.html?command=get_materiel&rest_code=00107&code=00101001037&supplier_code=00100090&order_time=2020-08-08 HTTP/1.1" 200 414
180.157.251.101 - - [08/Aug/2020:10:47:25 +0800] "GET /xingrg/all/function/internal_message.html?_=1596854845668&CODE_STATE=getMsg HTTP/1.1" 200 27
117.185.32.26 - - [08/Aug/2020:10:47:25 +0800] "GET /xingrg/kc/buy/cgsh_order_operate.html?command=get_materiel&rest_code=00106&code=00101008096&supplier_code=00100007&order_time=2020-08-08 HTTP/1.1" 200 412
218.81.217.115 - - [08/Aug/2020:10:47:27 +0800] "GET /xingrg/kc/buy/cgsh_order_operate.html?command=get_materiel&rest_code=00146&code=00101001111&supplier_code=00100041&order_time=2020-08-08 HTTP/1.1" 200 408
117.185.32.26 - - [08/Aug/2020:10:47:27 +0800] "GET /xingrg/all/function/internal_message.html?_=1596855276151&CODE_STATE=getMsg HTTP/1.1" 200 27
61.172.5.115 - - [08/Aug/2020:10:47:28 +0800] "GET /xingrg/kc/buy/cgsh_order_add.html HTTP/1.1" 200 59379
61.172.5.115 - - [08/Aug/2020:10:47:28 +0800] "POST /xingrg/kc/buy/cgsh_order_operate.html HTTP/1.1" 200 8245
61.172.5.115 - - [08/Aug/2020:10:47:28 +0800] "GET /xingrg/javascript/easyui/themes/default/validatebox.css HTTP/1.1" 404 1104
116.232.50.170 - - [08/Aug/2020:10:47:28 +0800] "GET /xingrg/kc/buy/cgsh_order_operate.html?command=get_materiel&rest_code=00109&code=00101009013&supplier_code=00100022&order_time=2020-08-08 HTTP/1.1" 200 420
222.69.136.88 - - [08/Aug/2020:10:47:28 +0800] "GET /xingrg/kc/buy/cgsh_order_operate.html?command=get_materiel&rest_code=00149&code=00101020153&supplier_code=00100036&order_time=2020-08-08 HTTP/1.1" 200 408
117.185.32.26 - - [08/Aug/2020:10:47:29 +0800] "GET /xingrg/javascript/auto/indicator.gif HTTP/1.1" 404 1066
222.69.27.237 - - [08/Aug/2020:10:47:30 +0800] "GET /xingrg/all/function/internal_message.html?_=1596854736356&CODE_STATE=getMsg HTTP/1.1" 200 27
114.88.161.57 - - [08/Aug/2020:10:47:30 +0800] "GET /xingrg/kc/base/wldb_order_list.html HTTP/1.1" 200 19255
114.88.161.57 - - [08/Aug/2020:10:47:30 +0800] "POST /xingrg/kc/base/wldb_list_operate.html HTTP/1.1" 200 2164
114.88.161.57 - - [08/Aug/2020:10:47:31 +0800] "GET /xingrg/kc/base/wldb_order_add.html HTTP/1.1" 200 30367
114.88.161.57 - - [08/Aug/2020:10:47:32 +0800] "POST /xingrg/kc/base/wldb_order_operate.html HTTP/1.1" 200 6806
114.88.161.57 - - [08/Aug/2020:10:47:32 +0800] "GET /xingrg/all/common/auto_word.html?type=base&rest_code=00111 HTTP/1.1" 200 1753
114.88.161.57 - - [08/Aug/2020:10:47:32 +0800] "GET /xingrg/all/common/auto_word.html?type=base&rest_code=00111 HTTP/1.1" 200 1753
114.88.161.57 - - [08/Aug/2020:10:47:32 +0800] "GET /xingrg/javascript/easyui/themes/default/validatebox.css HTTP/1.1" 404 1104
117.185.32.26 - - [08/Aug/2020:10:47:33 +0800] "GET /xingrg/kc/buy/cgsh_order_operate.html?command=get_materiel&rest_code=00106&code=00101008038&supplier_code=00100007&order_time=2020-08-08 HTTP/1.1" 200 412
116.232.50.170 - - [08/Aug/2020:10:47:34 +0800] "GET /xingrg/kc/buy/cgsh_order_operate.html?command=get_materiel&rest_code=00109&code=00101009021&supplier_code=00100022&order_time=2020-08-08 HTTP/1.1" 200 416
117.185.32.26 - - [08/Aug/2020:10:47:34 +0800] "GET /xingrg/kc/buy/cgsh_order_operate.html?command=get_materiel&rest_code=00106&code=00101001140&supplier_code=00100090&order_time=2020-08-08 HTTP/1.1" 200 413
218.81.217.115 - - [08/Aug/2020:10:47:36 +0800] "POST /xingrg/kc/buy/cgsh_order_operate.html HTTP/1.1" 200 37
218.81.217.115 - - [08/Aug/2020:10:47:37 +0800] "POST /xingrg/kc/buy/cgsh_order_operate.html HTTP/1.1" 200 6203
222.69.136.88 - - [08/Aug/2020:10:47:37 +0800] "GET /xingrg/kc/buy/cgsh_order_operate.html?command=get_materiel&rest_code=00149&code=00101012029&supplier_code=00100036&order_time=2020-08-08 HTTP/1.1" 200 412
114.88.161.57 - - [08/Aug/2020:10:47:39 +0800] "GET /xingrg/kc/base/wldb_order_operate.html?command=get_materiel&rest_code=00111&base_code=0010283&code=00101016086 HTTP/1.1" 200 466
117.131.5.26 - - [08/Aug/2020:10:47:40 +0800] "GET /xingrg/all/function/internal_message.html?_=1596854861562&CODE_STATE=getMsg HTTP/1.1" 200 27
117.185.32.26 - - [08/Aug/2020:10:47:41 +0800] "GET /xingrg/kc/buy/cgsh_order_operate.html?command=get_materiel&rest_code=00106&code=00101008163&supplier_code=00100007&order_time=2020-08-08 HTTP/1.1" 200 408
218.81.217.115 - - [08/Aug/2020:10:47:41 +0800] "GET /xingrg/kc/print/load_data.html?order_code=212020080803074&kc_code=cgsh&condition= HTTP/1.1" 200 2035
172.17.0.240 - - [08/Aug/2020:10:47:43 +0800] "GET /xingrg/all/function/internal_message.html?_=1596854858053&CODE_STATE=getMsg HTTP/1.1" 200 27
172.17.0.240 - - [08/Aug/2020:10:47:43 +0800] "GET /xingrg/check_reg.html?_=1596854858055 HTTP/1.1" 200 22
114.88.161.57 - - [08/Aug/2020:10:47:43 +0800] "GET /xingrg/kc/base/wldb_order_operate.html?command=get_materiel&rest_code=00111&base_code=0010283&code=00101019187 HTTP/1.1" 200 464
172.17.0.100 - - [08/Aug/2020:10:47:43 +0800] "GET /xingrg/all/function/internal_message.html?_=1596854860531&CODE_STATE=getMsg HTTP/1.1" 200 27
180.171.243.240 - - [08/Aug/2020:10:47:45 +0800] "GET /xingrg/all/function/internal_message.html?_=1596854854416&CODE_STATE=getMsg HTTP/1.1" 200 27
116.230.74.197 - - [08/Aug/2020:10:47:46 +0800] "GET /xingrg/all/function/internal_message.html?_=1596854852628&CODE_STATE=getMsg HTTP/1.1" 200 27
172.17.0.100 - - [08/Aug/2020:10:47:47 +0800] "GET /xingrg/kc/buy/cgsh_order_operate.html?command=get_materiel&rest_code=00147&code=00101011005&supplier_code=00100046&order_time=2020-08-08 HTTP/1.1" 200 429
117.185.32.26 - - [08/Aug/2020:10:47:48 +0800] "GET /xingrg/kc/buy/cgsh_order_operate.html?command=get_materiel&rest_code=00106&code=00101008148&supplier_code=00100007&order_time=2020-08-08 HTTP/1.1" 200 416
114.88.161.57 - - [08/Aug/2020:10:47:48 +0800] "GET /xingrg/kc/base/wldb_order_operate.html?command=get_materiel&rest_code=00111&base_code=0010283&code=00101019272 HTTP/1.1" 200 483
61.172.5.115 - - [08/Aug/2020:10:47:48 +0800] "GET /xingrg/all/function/internal_message.html?_=1596854863738&CODE_STATE=getMsg HTTP/1.1" 200 27
222.69.136.88 - - [08/Aug/2020:10:47:49 +0800] "GET /xingrg/kc/buy/cgsh_order_operate.html?command=get_materiel&rest_code=00149&code=00101016010&supplier_code=00100036&order_time=2020-08-08 HTTP/1.1" 200 408
116.232.50.170 - - [08/Aug/2020:10:47:49 +0800] "GET /xingrg/check_reg.html?_=1596854916088 HTTP/1.1" 200 22
116.232.50.170 - - [08/Aug/2020:10:47:49 +0800] "GET /xingrg/all/function/internal_message.html?_=1596854916088&CODE_STATE=getMsg HTTP/1.1" 200 27
222.69.136.88 - - [08/Aug/2020:10:47:51 +0800] "GET /xingrg/all/function/internal_message.html?_=1596854860048&CODE_STATE=getMsg HTTP/1.1" 200 27
114.88.161.57 - - [08/Aug/2020:10:47:52 +0800] "GET /xingrg/all/function/internal_message.html?_=1596854868110&CODE_STATE=getMsg HTTP/1.1" 200 27
117.185.32.26 - - [08/Aug/2020:10:47:55 +0800] "GET /xingrg/kc/buy/cgsh_order_operate.html?command=get_materiel&rest_code=00106&code=00101008264&supplier_code=00100007&order_time=2020-08-08 HTTP/1.1" 200 412
172.17.0.100 - - [08/Aug/2020:10:47:56 +0800] "GET /xingrg/all/function/internal_message.html?_=1596854873243&CODE_STATE=getMsg HTTP/1.1" 200 27
114.88.161.57 - - [08/Aug/2020:10:47:56 +0800] "GET /xingrg/kc/base/wldb_order_operate.html?command=get_materiel&rest_code=00111&base_code=0010283&code=00101019067 HTTP/1.1" 200 447
222.69.136.88 - - [08/Aug/2020:10:47:58 +0800] "GET /xingrg/kc/buy/cgsh_order_operate.html?command=get_materiel&rest_code=00149&code=00101010348&supplier_code=00100036&order_time=2020-08-08 HTTP/1.1" 200 417
172.17.0.182 - - [08/Aug/2020:10:47:58 +0800] "GET /xingrg/all/function/internal_message.html?_=1596854869393&CODE_STATE=getMsg HTTP/1.1" 200 27
61.172.5.115 - - [08/Aug/2020:10:47:59 +0800] "GET /xingrg/kc/buy/cgsh_order_operate.html?command=get_materiel&rest_code=00105&code=00101002006&supplier_code=00100091&order_time=2020-08-08 HTTP/1.1" 200 413
117.185.32.26 - - [08/Aug/2020:10:48:02 +0800] "GET /xingrg/kc/buy/cgsh_order_operate.html?command=get_materiel&rest_code=00106&code=00101008356&supplier_code=00100007&order_time=2020-08-08 HTTP/1.1" 200 408
114.89.80.44 - - [08/Aug/2020:10:48:03 +0800] "GET /xingrg/check_reg.html?_=1596855010530 HTTP/1.1" 200 22
114.88.161.57 - - [08/Aug/2020:10:48:03 +0800] "GET /xingrg/kc/base/wldb_order_operate.html?command=get_materiel&rest_code=00111&base_code=0010283&code=00101016124 HTTP/1.1" 200 438
114.89.80.44 - - [08/Aug/2020:10:48:03 +0800] "GET /xingrg/all/function/internal_message.html?_=1596855010878&CODE_STATE=getMsg HTTP/1.1" 200 27
222.69.136.88 - - [08/Aug/2020:10:48:05 +0800] "GET /xingrg/kc/buy/cgsh_order_operate.html?command=get_materiel&rest_code=00149&code=00101016030&supplier_code=00100036&order_time=2020-08-08 HTTP/1.1" 200 412
114.88.161.57 - - [08/Aug/2020:10:48:05 +0800] "POST /xingrg/all/common/load_select.html HTTP/1.1" 200 25
117.185.32.26 - - [08/Aug/2020:10:48:07 +0800] "GET /xingrg/all/function/internal_message.html?_=1596854879131&CODE_STATE=getMsg HTTP/1.1" 200 27
116.232.50.170 - - [08/Aug/2020:10:48:08 +0800] "POST /xingrg/kc/buy/cgsh_order_operate.html HTTP/1.1" 200 37
114.88.161.57 - - [08/Aug/2020:10:48:08 +0800] "GET /xingrg/all/function/internal_message.html?_=1596854922707&CODE_STATE=getMsg HTTP/1.1" 200 27
117.184.7.30 - - [08/Aug/2020:10:48:08 +0800] "GET /xingrg/all/function/internal_message.html?_=1596854875003&CODE_STATE=getMsg HTTP/1.1" 200 27
117.185.32.26 - - [08/Aug/2020:10:48:09 +0800] "GET /xingrg/kc/buy/cgsh_order_operate.html?command=get_materiel&rest_code=00106&code=00101008360&supplier_code=00100007&order_time=2020-08-08 HTTP/1.1" 200 412
116.232.50.170 - - [08/Aug/2020:10:48:10 +0800] "POST /xingrg/kc/buy/cgsh_order_operate.html HTTP/1.1" 200 8597
117.185.32.26 - - [08/Aug/2020:10:48:10 +0800] "GET /xingrg/kc/buy/cgsh_order_operate.html?command=get_materiel&rest_code=00106&code=00101001093&supplier_code=00100090&order_time=2020-08-08 HTTP/1.1" 200 411
222.69.136.88 - - [08/Aug/2020:10:48:11 +0800] "GET /xingrg/kc/buy/cgsh_order_operate.html?command=get_materiel&rest_code=00149&code=00101012026&supplier_code=00100036&order_time=2020-08-08 HTTP/1.1" 200 408
116.232.50.170 - - [08/Aug/2020:10:48:11 +0800] "GET /xingrg/kc/print/load_config.html?kc_code=cgsh HTTP/1.1" 200 1845
116.232.50.170 - - [08/Aug/2020:10:48:11 +0800] "GET /xingrg/kc/print/load_data.html?order_code=212020080803075&kc_code=cgsh&condition= HTTP/1.1" 200 2954
172.17.0.100 - - [08/Aug/2020:10:48:13 +0800] "POST /xingrg/kc/buy/cgsh_order_operate.html HTTP/1.1" 200 37
114.88.153.107 - - [08/Aug/2020:10:48:13 +0800] "GET /xingrg/all/function/internal_message.html?_=1596854891676&CODE_STATE=getMsg HTTP/1.1" 200 27
61.172.5.115 - - [08/Aug/2020:10:48:13 +0800] "GET /xingrg/all/function/internal_message.html?_=1596854889690&CODE_STATE=getMsg HTTP/1.1" 200 27
114.88.153.107 - - [08/Aug/2020:10:48:13 +0800] "GET /xingrg/check_reg.html?_=1596854892069 HTTP/1.1" 200 22
172.17.0.100 - - [08/Aug/2020:10:48:15 +0800] "POST /xingrg/kc/buy/cgsh_order_operate.html HTTP/1.1" 200 3839
218.81.217.115 - - [08/Aug/2020:10:48:15 +0800] "GET /xingrg/all/function/internal_message.html?_=1596854884555&CODE_STATE=getMsg HTTP/1.1" 200 27
218.78.151.174 - - [08/Aug/2020:10:48:16 +0800] "GET /xingrg/all/function/internal_message.html?_=1596853824575&CODE_STATE=getMsg HTTP/1.1" 200 27
117.184.7.26 - - [08/Aug/2020:10:48:17 +0800] "GET /xingrg/all/function/internal_message.html?_=1596854882220&CODE_STATE=getMsg HTTP/1.1" 200 27
172.17.0.100 - - [08/Aug/2020:10:48:17 +0800] "GET /xingrg/kc/print/load_config.html?kc_code=cgsh HTTP/1.1" 200 1845
172.17.0.100 - - [08/Aug/2020:10:48:17 +0800] "GET /xingrg/kc/print/load_data.html?order_code=212020080803076&kc_code=cgsh&condition= HTTP/1.1" 200 1147
117.185.32.26 - - [08/Aug/2020:10:48:19 +0800] "GET /xingrg/kc/buy/cgsh_order_operate.html?command=get_materiel&rest_code=00106&code=00101008357&supplier_code=00100007&order_time=2020-08-08 HTTP/1.1" 200 408
116.232.50.170 - - [08/Aug/2020:10:48:19 +0800] "GET /xingrg/kc/buy/cgsh_order_add.html HTTP/1.1" 200 59426
116.232.50.170 - - [08/Aug/2020:10:48:19 +0800] "POST /xingrg/kc/buy/cgsh_order_operate.html HTTP/1.1" 200 8245
116.232.50.170 - - [08/Aug/2020:10:48:19 +0800] "GET /xingrg/all/common/auto_word.html?type=employee&rest_code=00109 HTTP/1.1" 200 255
116.232.50.170 - - [08/Aug/2020:10:48:19 +0800] "GET /xingrg/javascript/easyui/themes/default/validatebox.css HTTP/1.1" 404 1104
116.232.50.170 - - [08/Aug/2020:10:48:19 +0800] "GET /xingrg/all/common/auto_word.html?type=employee&rest_code=00109 HTTP/1.1" 200 255
61.172.5.115 - - [08/Aug/2020:10:48:20 +0800] "GET /xingrg/kc/buy/cgsh_order_operate.html?command=get_materiel&rest_code=00105&code=00101002034&supplier_code=00100091&order_time=2020-08-08 HTTP/1.1" 200 409
114.88.161.57 - - [08/Aug/2020:10:48:20 +0800] "GET /xingrg/kc/base/wldb_order_operate.html?command=get_materiel_price&rest_code=00111&base_code=0010283&code=00101016124&unit_code=00100137 HTTP/1.1" 200 35
117.184.7.26 - - [08/Aug/2020:10:48:22 +0800] "GET /xingrg/kc/buy/cgsh_order_operate.html?command=get_materiel&rest_code=00108&code=00101008004&supplier_code=00100008&order_time=2020-08-08 HTTP/1.1" 200 416
172.17.0.100 - - [08/Aug/2020:10:48:23 +0800] "GET /xingrg/kc/buy/cgsh_order_add.html HTTP/1.1" 200 59312
172.17.0.100 - - [08/Aug/2020:10:48:23 +0800] "GET /xingrg/javascript/easyui/themes/default/validatebox.css HTTP/1.1" 404 1104
172.17.0.100 - - [08/Aug/2020:10:48:23 +0800] "POST /xingrg/kc/buy/cgsh_order_operate.html HTTP/1.1" 200 8245
180.157.251.101 - - [08/Aug/2020:10:48:25 +0800] "GET /xingrg/check_reg.html?_=1596854905566 HTTP/1.1" 200 22
180.157.251.101 - - [08/Aug/2020:10:48:25 +0800] "GET /xingrg/all/function/internal_message.html?_=1596854905672&CODE_STATE=getMsg HTTP/1.1" 200 27
117.185.32.26 - - [08/Aug/2020:10:48:27 +0800] "GET /xingrg/all/function/internal_message.html?_=1596855336150&CODE_STATE=getMsg HTTP/1.1" 200 27
117.185.32.26 - - [08/Aug/2020:10:48:28 +0800] "POST /xingrg/kc/buy/cgsh_order_operate.html HTTP/1.1" 200 37
117.185.32.26 - - [08/Aug/2020:10:48:29 +0800] "GET /xingrg/kc/buy/cgsh_order_operate.html?command=get_materiel&rest_code=00106&code=00101008286&supplier_code=00100007&order_time=2020-08-08 HTTP/1.1" 200 408
114.88.161.57 - - [08/Aug/2020:10:48:29 +0800] "GET /xingrg/kc/base/wldb_order_operate.html?command=get_materiel&rest_code=00111&base_code=0010283&code=00101019275 HTTP/1.1" 200 483
222.69.27.237 - - [08/Aug/2020:10:48:30 +0800] "GET /xingrg/all/function/internal_message.html?_=1596854796360&CODE_STATE=getMsg HTTP/1.1" 200 27
61.172.5.115 - - [08/Aug/2020:10:48:30 +0800] "GET /xingrg/kc/buy/cgsh_order_operate.html?command=get_materiel&rest_code=00105&code=00101003066&supplier_code=00100091&order_time=2020-08-08 HTTP/1.1" 200 414
116.230.74.197 - - [08/Aug/2020:10:48:32 +0800] "GET /xingrg/kc/buy/cgsh_order_operate.html?command=get_materiel&rest_code=00107&code=00101001125&supplier_code=00100090&order_time=2020-08-08 HTTP/1.1" 200 415
117.185.32.26 - - [08/Aug/2020:10:48:32 +0800] "POST /xingrg/kc/buy/cgsh_order_operate.html HTTP/1.1" 200 12
114.88.161.57 - - [08/Aug/2020:10:48:32 +0800] "GET /xingrg/kc/base/wldb_order_operate.html?command=get_materiel&rest_code=00111&base_code=0010283&code=00101019315 HTTP/1.1" 200 462
116.232.50.170 - - [08/Aug/2020:10:48:32 +0800] "GET /xingrg/kc/buy/cgsh_order_operate.html?command=get_materiel&rest_code=00109&code=00101006115&supplier_code=00100015&order_time=2020-08-08 HTTP/1.1" 200 409
117.185.32.26 - - [08/Aug/2020:10:48:32 +0800] "GET /xingrg/kc/buy/cgsh_order_info.html?code=212020080803077 HTTP/1.1" 200 54286
117.185.32.26 - - [08/Aug/2020:10:48:33 +0800] "GET /xingrg/javascript/easyui/themes/default/validatebox.css HTTP/1.1" 404 1104
222.69.136.88 - - [08/Aug/2020:10:48:34 +0800] "POST /xingrg/kc/buy/cgsh_order_operate.html HTTP/1.1" 200 37
117.185.32.26 - - [08/Aug/2020:10:48:34 +0800] "POST /xingrg/kc/buy/cgsh_order_operate.html HTTP/1.1" 200 1205
114.88.161.57 - - [08/Aug/2020:10:48:35 +0800] "GET /xingrg/kc/base/wldb_order_operate.html?command=get_materiel&rest_code=00111&base_code=0010283&code=00101019306 HTTP/1.1" 200 465
222.69.136.88 - - [08/Aug/2020:10:48:36 +0800] "POST /xingrg/kc/buy/cgsh_order_operate.html HTTP/1.1" 200 12
117.185.32.26 - - [08/Aug/2020:10:48:36 +0800] "GET /xingrg/kc/print/load_config.html?kc_code=cgsh HTTP/1.1" 200 1845
117.185.32.26 - - [08/Aug/2020:10:48:36 +0800] "GET /xingrg/kc/print/load_data.html?order_code=212020080803077&kc_code=cgsh&condition= HTTP/1.1" 200 992
117.185.32.26 - - [08/Aug/2020:10:48:37 +0800] "GET /xingrg/kc/buy/cgsh_order_operate.html?command=get_materiel&rest_code=00106&code=00101008036&supplier_code=00100007&order_time=2020-08-08 HTTP/1.1" 200 408
114.88.161.57 - - [08/Aug/2020:10:48:38 +0800] "GET /xingrg/kc/base/wldb_order_operate.html?command=get_materiel&rest_code=00111&base_code=0010283&code=00101019079 HTTP/1.1" 200 465
222.69.136.88 - - [08/Aug/2020:10:48:38 +0800] "GET /xingrg/kc/buy/cgsh_order_info.html?code=212020080803078 HTTP/1.1" 200 54337
222.69.136.88 - - [08/Aug/2020:10:48:38 +0800] "GET /xingrg/javascript/easyui/themes/default/validatebox.css HTTP/1.1" 404 1104
116.232.50.170 - - [08/Aug/2020:10:48:39 +0800] "GET /xingrg/javascript/auto/indicator.gif HTTP/1.1" 404 1066
117.184.7.26 - - [08/Aug/2020:10:48:39 +0800] "POST /xingrg/kc/buy/cgsh_order_operate.html HTTP/1.1" 200 37
116.232.50.170 - - [08/Aug/2020:10:48:39 +0800] "GET /xingrg/kc/buy/cgsh_order_operate.html?command=get_materiel&rest_code=00109&code=00101006144&supplier_code=00100015&order_time=2020-08-08 HTTP/1.1" 200 409
222.69.136.88 - - [08/Aug/2020:10:48:39 +0800] "POST /xingrg/kc/buy/cgsh_order_operate.html HTTP/1.1" 200 3561
218.78.151.174 - - [08/Aug/2020:10:48:40 +0800] "GET /xingrg/kc/buy/cgsh_order_operate.html?command=get_materiel&rest_code=00143&code=00101001053&supplier_code=00100385&order_time=2020-08-08 HTTP/1.1" 200 409
117.184.7.26 - - [08/Aug/2020:10:48:40 +0800] "POST /xingrg/kc/buy/cgsh_order_operate.html HTTP/1.1" 200 23923
117.131.5.26 - - [08/Aug/2020:10:48:40 +0800] "GET /xingrg/check_reg.html?_=1596854921500 HTTP/1.1" 200 22
117.131.5.26 - - [08/Aug/2020:10:48:40 +0800] "GET /xingrg/all/function/internal_message.html?_=1596854921562&CODE_STATE=getMsg HTTP/1.1" 200 27
114.88.161.57 - - [08/Aug/2020:10:48:40 +0800] "GET /xingrg/kc/base/wldb_order_operate.html?command=get_materiel&rest_code=00111&base_code=0010283&code=00101019425 HTTP/1.1" 200 458
117.185.32.26 - - [08/Aug/2020:10:48:43 +0800] "GET /xingrg/kc/buy/cgsh_order_operate.html?command=get_materiel&rest_code=00106&code=00101006055&supplier_code=00100007&order_time=2020-08-08 HTTP/1.1" 200 411
172.17.0.240 - - [08/Aug/2020:10:48:43 +0800] "GET /xingrg/all/function/internal_message.html?_=1596854918060&CODE_STATE=getMsg HTTP/1.1" 200 27
172.17.0.100 - - [08/Aug/2020:10:48:43 +0800] "GET /xingrg/all/function/internal_message.html?_=1596854920517&CODE_STATE=getMsg HTTP/1.1" 200 27
114.88.161.57 - - [08/Aug/2020:10:48:45 +0800] "GET /xingrg/kc/base/wldb_order_operate.html?command=get_materiel&rest_code=00111&base_code=0010283&code=00101016044 HTTP/1.1" 200 464
116.232.50.170 - - [08/Aug/2020:10:48:45 +0800] "GET /xingrg/kc/buy/cgsh_order_operate.html?command=get_materiel&rest_code=00109&code=00101006110&supplier_code=00100015&order_time=2020-08-08 HTTP/1.1" 200 408
180.171.243.240 - - [08/Aug/2020:10:48:45 +0800] "GET /xingrg/check_reg.html?_=1596854914309 HTTP/1.1" 200 22
180.171.243.240 - - [08/Aug/2020:10:48:45 +0800] "GET /xingrg/all/function/internal_message.html?_=1596854914429&CODE_STATE=getMsg HTTP/1.1" 200 27
116.230.74.197 - - [08/Aug/2020:10:48:46 +0800] "GET /xingrg/all/function/internal_message.html?_=1596854912599&CODE_STATE=getMsg HTTP/1.1" 200 27
222.69.136.88 - - [08/Aug/2020:10:48:47 +0800] "GET /xingrg/kc/print/load_data.html?order_code=212020080803078&kc_code=cgsh&condition= HTTP/1.1" 200 1910
117.185.32.26 - - [08/Aug/2020:10:48:47 +0800] "GET /xingrg/kc/buy/cgsh_order_operate.html?command=get_materiel&rest_code=00106&code=00101008131&supplier_code=00100007&order_time=2020-08-08 HTTP/1.1" 200 409
116.232.50.170 - - [08/Aug/2020:10:48:48 +0800] "GET /xingrg/all/function/internal_message.html?_=1596854977990&CODE_STATE=getMsg HTTP/1.1" 200 27
114.88.161.57 - - [08/Aug/2020:10:48:48 +0800] "GET /xingrg/kc/base/wldb_order_operate.html?command=get_materiel&rest_code=00111&base_code=0010283&code=00101019183 HTTP/1.1" 200 432
61.172.5.115 - - [08/Aug/2020:10:48:48 +0800] "GET /xingrg/all/function/internal_message.html?_=1596854923752&CODE_STATE=getMsg HTTP/1.1" 200 27
116.230.74.197 - - [08/Aug/2020:10:48:49 +0800] "GET /xingrg/kc/buy/cgsh_order_operate.html?command=get_materiel&rest_code=00107&code=00101001093&supplier_code=00100090&order_time=2020-08-08 HTTP/1.1" 200 411
114.88.161.57 - - [08/Aug/2020:10:48:50 +0800] "GET /xingrg/kc/base/wldb_order_operate.html?command=get_materiel&rest_code=00111&base_code=0010283&code=00101019400 HTTP/1.1" 200 450
222.69.136.88 - - [08/Aug/2020:10:48:51 +0800] "GET /xingrg/all/function/internal_message.html?_=1596854920058&CODE_STATE=getMsg HTTP/1.1" 200 27
117.185.32.26 - - [08/Aug/2020:10:48:51 +0800] "GET /xingrg/kc/buy/cgsh_order_add.html HTTP/1.1" 200 59379
117.185.32.26 - - [08/Aug/2020:10:48:52 +0800] "POST /xingrg/kc/buy/cgsh_order_operate.html HTTP/1.1" 200 8245
117.185.32.26 - - [08/Aug/2020:10:48:52 +0800] "GET /xingrg/javascript/easyui/themes/default/validatebox.css HTTP/1.1" 404 1104
114.88.161.57 - - [08/Aug/2020:10:48:52 +0800] "GET /xingrg/all/function/internal_message.html?_=1596854928127&CODE_STATE=getMsg HTTP/1.1" 200 27
116.232.50.170 - - [08/Aug/2020:10:48:54 +0800] "GET /xingrg/kc/buy/cgsh_order_operate.html?command=get_materiel&rest_code=00109&code=00101006124&supplier_code=00100015&order_time=2020-08-08 HTTP/1.1" 200 409
117.185.32.26 - - [08/Aug/2020:10:48:54 +0800] "GET /xingrg/javascript/easyui/themes/default/tree.css HTTP/1.1" 404 1090
117.185.32.26 - - [08/Aug/2020:10:48:54 +0800] "POST /xingrg/all/common/load_tree.html?tree=supplier_tree_json&isDelete=1 HTTP/1.1" 200 49675
61.172.5.115 - - [08/Aug/2020:10:48:55 +0800] "POST /xingrg/kc/buy/cgsh_order_operate.html HTTP/1.1" 200 37
117.185.32.26 - - [08/Aug/2020:10:48:55 +0800] "GET /xingrg/kc/buy/cgsh_order_operate.html?command=get_materiel&rest_code=00106&code=00101008318&supplier_code=00100007&order_time=2020-08-08 HTTP/1.1" 200 408
172.17.0.100 - - [08/Aug/2020:10:48:56 +0800] "GET /xingrg/check_reg.html?_=1596854933251 HTTP/1.1" 200 22
172.17.0.100 - - [08/Aug/2020:10:48:56 +0800] "GET /xingrg/all/function/internal_message.html?_=1596854933253&CODE_STATE=getMsg HTTP/1.1" 200 27
61.172.5.115 - - [08/Aug/2020:10:48:57 +0800] "POST /xingrg/kc/buy/cgsh_order_operate.html HTTP/1.1" 200 3862
172.17.0.182 - - [08/Aug/2020:10:48:58 +0800] "GET /xingrg/all/function/internal_message.html?_=1596854929389&CODE_STATE=getMsg HTTP/1.1" 200 27
172.17.0.182 - - [08/Aug/2020:10:48:58 +0800] "GET /xingrg/check_reg.html?_=1596854929391 HTTP/1.1" 200 22
61.172.5.115 - - [08/Aug/2020:10:48:58 +0800] "GET /xingrg/kc/print/load_data.html?order_code=212020080803080&kc_code=cgsh&condition= HTTP/1.1" 200 1212
116.232.50.170 - - [08/Aug/2020:10:49:00 +0800] "GET /xingrg/kc/buy/cgsh_order_operate.html?command=get_materiel&rest_code=00109&code=00101006109&supplier_code=00100015&order_time=2020-08-08 HTTP/1.1" 200 409
61.172.5.115 - - [08/Aug/2020:10:49:02 +0800] "GET /xingrg/kc/buy/cgsh_order_add.html HTTP/1.1" 200 59379
61.172.5.115 - - [08/Aug/2020:10:49:02 +0800] "GET /xingrg/javascript/easyui/themes/default/validatebox.css HTTP/1.1" 404 1104
61.172.5.115 - - [08/Aug/2020:10:49:02 +0800] "POST /xingrg/kc/buy/cgsh_order_operate.html HTTP/1.1" 200 8245
117.185.32.26 - - [08/Aug/2020:10:49:03 +0800] "GET /xingrg/kc/buy/cgsh_order_operate.html?command=get_materiel&rest_code=00106&code=00101008353&supplier_code=00100007&order_time=2020-08-08 HTTP/1.1" 200 408
114.89.80.44 - - [08/Aug/2020:10:49:03 +0800] "GET /xingrg/all/function/internal_message.html?_=1596855070892&CODE_STATE=getMsg HTTP/1.1" 200 27
120.204.17.71 - - [08/Aug/2020:10:49:04 +0800] "GET /xingrg/all/function/internal_message.html?_=1596854218933&CODE_STATE=count HTTP/1.1" 302 -
117.185.32.26 - - [08/Aug/2020:10:49:07 +0800] "GET /xingrg/all/function/internal_message.html?_=1596854939221&CODE_STATE=getMsg HTTP/1.1" 200 27
116.232.50.170 - - [08/Aug/2020:10:49:07 +0800] "GET /xingrg/kc/buy/cgsh_order_operate.html?command=get_materiel&rest_code=00109&code=00101006057&supplier_code=00100015&order_time=2020-08-08 HTTP/1.1" 200 413
120.204.17.71 - - [08/Aug/2020:10:49:08 +0800] "GET /xingrg/login.html HTTP/1.1" 200 7641
114.88.161.57 - - [08/Aug/2020:10:49:08 +0800] "GET /xingrg/all/function/internal_message.html?_=1596854982708&CODE_STATE=getMsg HTTP/1.1" 200 27
117.184.7.26 - - [08/Aug/2020:10:49:08 +0800] "GET /xingrg/all/function/internal_message.html?_=1596854935017&CODE_STATE=getMsg HTTP/1.1" 200 27
172.17.0.100 - - [08/Aug/2020:10:49:08 +0800] "GET /xingrg/kc/buy/cgsh_order_operate.html?command=get_materiel&rest_code=00147&code=00101008256&supplier_code=00100007&order_time=2020-08-08 HTTP/1.1" 200 412
117.185.32.26 - - [08/Aug/2020:10:49:09 +0800] "GET /xingrg/kc/buy/cgsh_order_operate.html?command=get_materiel&rest_code=00106&code=00101008114&supplier_code=00100007&order_time=2020-08-08 HTTP/1.1" 200 412
61.172.5.115 - - [08/Aug/2020:10:49:12 +0800] "GET /xingrg/kc/buy/cgsh_order_operate.html?command=get_materiel&rest_code=00105&code=00101001044&supplier_code=00100319&order_time=2020-08-08 HTTP/1.1" 200 411
117.185.32.26 - - [08/Aug/2020:10:49:12 +0800] "POST /xingrg/kc/buy/cgsh_order_operate.html HTTP/1.1" 200 2065
114.88.153.107 - - [08/Aug/2020:10:49:13 +0800] "GET /xingrg/all/function/internal_message.html?_=1596854951684&CODE_STATE=getMsg HTTP/1.1" 200 27
114.88.161.57 - - [08/Aug/2020:10:49:13 +0800] "GET /xingrg/kc/base/wldb_order_operate.html?command=get_materiel&rest_code=00111&base_code=0010283&code=00101019133 HTTP/1.1" 200 464
61.172.5.115 - - [08/Aug/2020:10:49:13 +0800] "GET /xingrg/all/function/internal_message.html?_=1596854949661&CODE_STATE=getMsg HTTP/1.1" 200 27
116.232.50.170 - - [08/Aug/2020:10:49:14 +0800] "GET /xingrg/kc/buy/cgsh_order_operate.html?command=get_materiel&rest_code=00109&code=00101006144&supplier_code=00100015&order_time=2020-08-08 HTTP/1.1" 200 409
218.81.217.115 - - [08/Aug/2020:10:49:15 +0800] "GET /xingrg/all/function/internal_message.html?_=1596854944569&CODE_STATE=getMsg HTTP/1.1" 200 27
218.78.151.174 - - [08/Aug/2020:10:49:16 +0800] "GET /xingrg/all/function/internal_message.html?_=1596853884582&CODE_STATE=getMsg HTTP/1.1" 200 27
117.184.7.26 - - [08/Aug/2020:10:49:16 +0800] "GET /xingrg/all/function/internal_message.html?_=1596854942208&CODE_STATE=getMsg HTTP/1.1" 200 27
117.184.7.26 - - [08/Aug/2020:10:49:18 +0800] "GET /xingrg/check_reg.html?_=1596854943599 HTTP/1.1" 200 22
117.185.32.26 - - [08/Aug/2020:10:49:18 +0800] "GET /xingrg/kc/buy/cgsh_order_operate.html?command=get_materiel&rest_code=00106&code=00101008283&supplier_code=00100007&order_time=2020-08-08 HTTP/1.1" 200 408
116.232.50.170 - - [08/Aug/2020:10:49:21 +0800] "GET /xingrg/kc/buy/cgsh_order_operate.html?command=get_materiel&rest_code=00109&code=00101006129&supplier_code=00100015&order_time=2020-08-08 HTTP/1.1" 200 431
117.185.32.26 - - [08/Aug/2020:10:49:24 +0800] "GET /xingrg/kc/buy/cgsh_order_operate.html?command=get_materiel&rest_code=00106&code=00101003004&supplier_code=00100093&order_time=2020-08-08 HTTP/1.1" 200 421
180.157.251.101 - - [08/Aug/2020:10:49:25 +0800] "GET /xingrg/all/function/internal_message.html?_=1596854965666&CODE_STATE=getMsg HTTP/1.1" 200 27
117.185.32.26 - - [08/Aug/2020:10:49:25 +0800] "GET /xingrg/kc/buy/cgsh_order_operate.html?command=get_materiel&rest_code=00106&code=00101008125&supplier_code=00100007&order_time=2020-08-08 HTTP/1.1" 200 413
117.185.32.26 - - [08/Aug/2020:10:49:27 +0800] "GET /xingrg/all/function/internal_message.html?_=1596855396157&CODE_STATE=getMsg HTTP/1.1" 200 27
