180.157.251.101 - - [08/Aug/2020:10:42:13 +0800] "GET /xingrg/kc/print/load_data.html?order_code=212020080803060&kc_code=cgsh&condition= HTTP/1.1" 200 2998
61.172.5.115 - - [08/Aug/2020:10:42:13 +0800] "GET /xingrg/all/function/internal_message.html?_=1596854529798&CODE_STATE=getMsg HTTP/1.1" 200 27
218.81.217.115 - - [08/Aug/2020:10:42:14 +0800] "GET /xingrg/all/function/internal_message.html?_=1596854523975&CODE_STATE=getMsg HTTP/1.1" 200 27
116.232.50.170 - - [08/Aug/2020:10:42:14 +0800] "GET /xingrg/kc/buy/cgsh_order_add.html HTTP/1.1" 200 59426
116.232.50.170 - - [08/Aug/2020:10:42:14 +0800] "POST /xingrg/kc/buy/cgsh_order_operate.html HTTP/1.1" 200 8245
116.232.50.170 - - [08/Aug/2020:10:42:14 +0800] "GET /xingrg/all/common/auto_word.html?type=employee&rest_code=00109 HTTP/1.1" 200 255
116.232.50.170 - - [08/Aug/2020:10:42:14 +0800] "GET /xingrg/javascript/easyui/themes/default/validatebox.css HTTP/1.1" 404 1104
116.232.50.170 - - [08/Aug/2020:10:42:14 +0800] "GET /xingrg/all/common/auto_word.html?type=employee&rest_code=00109 HTTP/1.1" 200 255
117.184.7.26 - - [08/Aug/2020:10:42:17 +0800] "GET /xingrg/all/function/internal_message.html?_=1596854522337&CODE_STATE=getMsg HTTP/1.1" 200 27
117.184.7.26 - - [08/Aug/2020:10:42:20 +0800] "GET /xingrg/kc/buy/cgsh_order_operate.html?command=get_materiel&rest_code=00108&code=00101008112&supplier_code=00100008&order_time=2020-08-08 HTTP/1.1" 200 412
117.185.32.26 - - [08/Aug/2020:10:42:21 +0800] "GET /xingrg/kc/buy/cgsh_order_operate.html?command=get_materiel&rest_code=00106&code=00101007077&supplier_code=00100002&order_time=2020-08-08 HTTP/1.1" 200 415
61.172.5.115 - - [08/Aug/2020:10:42:21 +0800] "GET /xingrg/kc/buy/cgsh_order_operate.html?command=get_materiel&rest_code=00105&code=00101007077&supplier_code=00100328&order_time=2020-08-08 HTTP/1.1" 200 415
116.232.50.170 - - [08/Aug/2020:10:42:22 +0800] "GET /xingrg/kc/buy/cgsh_order_operate.html?command=get_materiel&rest_code=00109&code=00101001111&supplier_code=00100038&order_time=2020-08-08 HTTP/1.1" 200 408
180.157.251.101 - - [08/Aug/2020:10:42:25 +0800] "GET /xingrg/all/function/internal_message.html?_=1596854545662&CODE_STATE=getMsg HTTP/1.1" 200 27
117.184.7.26 - - [08/Aug/2020:10:42:26 +0800] "GET /xingrg/kc/buy/cgsh_order_operate.html?command=get_materiel&rest_code=00108&code=00101008185&supplier_code=00100008&order_time=2020-08-08 HTTP/1.1" 200 408
222.69.27.237 - - [08/Aug/2020:10:42:30 +0800] "GET /xingrg/all/function/internal_message.html?_=1596854436366&CODE_STATE=getMsg HTTP/1.1" 200 27
117.184.7.26 - - [08/Aug/2020:10:42:32 +0800] "GET /xingrg/kc/buy/cgsh_order_operate.html?command=get_materiel&rest_code=00108&code=00101008354&supplier_code=00100008&order_time=2020-08-08 HTTP/1.1" 200 412
61.172.5.115 - - [08/Aug/2020:10:42:36 +0800] "POST /xingrg/kc/buy/cgsh_order_operate.html HTTP/1.1" 200 37
61.172.5.115 - - [08/Aug/2020:10:42:37 +0800] "POST /xingrg/kc/buy/cgsh_order_operate.html HTTP/1.1" 200 3847
61.172.5.115 - - [08/Aug/2020:10:42:38 +0800] "GET /xingrg/kc/print/load_data.html?order_code=212020080803061&kc_code=cgsh&condition= HTTP/1.1" 200 1137
117.184.7.30 - - [08/Aug/2020:10:42:39 +0800] "GET /xingrg/kc/buy/cgsh_order_operate.html?command=get_materiel&rest_code=00108&code=00101008010&supplier_code=00100008&order_time=2020-08-08 HTTP/1.1" 200 412
117.131.5.26 - - [08/Aug/2020:10:42:40 +0800] "GET /xingrg/all/function/internal_message.html?_=1596854561546&CODE_STATE=getMsg HTTP/1.1" 200 27
61.172.5.115 - - [08/Aug/2020:10:42:42 +0800] "GET /xingrg/kc/buy/cgsh_order_add.html HTTP/1.1" 200 59379
172.17.0.240 - - [08/Aug/2020:10:42:43 +0800] "GET /xingrg/all/function/internal_message.html?_=1596854558051&CODE_STATE=getMsg HTTP/1.1" 200 27
172.17.0.240 - - [08/Aug/2020:10:42:43 +0800] "GET /xingrg/check_reg.html?_=1596854558055 HTTP/1.1" 200 22
61.172.5.115 - - [08/Aug/2020:10:42:43 +0800] "GET /xingrg/javascript/easyui/themes/default/validatebox.css HTTP/1.1" 404 1104
61.172.5.115 - - [08/Aug/2020:10:42:43 +0800] "POST /xingrg/kc/buy/cgsh_order_operate.html HTTP/1.1" 200 8245
172.17.0.100 - - [08/Aug/2020:10:42:43 +0800] "GET /xingrg/all/function/internal_message.html?_=1596854560490&CODE_STATE=getMsg HTTP/1.1" 200 27
180.171.243.240 - - [08/Aug/2020:10:42:45 +0800] "GET /xingrg/all/function/internal_message.html?_=1596854554348&CODE_STATE=getMsg HTTP/1.1" 200 27
116.230.74.197 - - [08/Aug/2020:10:42:46 +0800] "GET /xingrg/all/function/internal_message.html?_=1596854552728&CODE_STATE=getMsg HTTP/1.1" 200 27
61.172.5.115 - - [08/Aug/2020:10:42:48 +0800] "GET /xingrg/all/function/internal_message.html?_=1596854563751&CODE_STATE=getMsg HTTP/1.1" 200 27
180.152.230.204 - - [08/Aug/2020:10:42:49 +0800] "POST /xingrg/kc/buy/cgsh_order_operate.html HTTP/1.1" 200 37
117.185.32.26 - - [08/Aug/2020:10:42:49 +0800] "POST /xingrg/kc/buy/cgsh_order_operate.html HTTP/1.1" 200 88
222.69.136.88 - - [08/Aug/2020:10:42:51 +0800] "GET /xingrg/all/function/internal_message.html?_=1596854560145&CODE_STATE=getMsg HTTP/1.1" 200 27
180.152.230.204 - - [08/Aug/2020:10:42:51 +0800] "POST /xingrg/kc/buy/cgsh_order_operate.html HTTP/1.1" 200 12
114.88.161.57 - - [08/Aug/2020:10:42:52 +0800] "GET /xingrg/all/function/internal_message.html?_=1596854568040&CODE_STATE=getMsg HTTP/1.1" 200 27
117.185.32.26 - - [08/Aug/2020:10:42:53 +0800] "POST /xingrg/kc/buy/cgsh_order_operate.html HTTP/1.1" 200 37
117.184.7.30 - - [08/Aug/2020:10:42:53 +0800] "GET /xingrg/kc/buy/cgsh_order_operate.html?command=get_materiel&rest_code=00108&code=00101008351&supplier_code=00100008&order_time=2020-08-08 HTTP/1.1" 200 408
117.185.32.26 - - [08/Aug/2020:10:42:53 +0800] "POST /xingrg/kc/buy/cgsh_order_operate.html HTTP/1.1" 200 4427
180.152.230.204 - - [08/Aug/2020:10:42:54 +0800] "GET /xingrg/kc/buy/cgsh_order_info.html?code=212020080803062 HTTP/1.1" 200 53411
180.152.230.204 - - [08/Aug/2020:10:42:54 +0800] "GET /xingrg/javascript/easyui/themes/default/validatebox.css HTTP/1.1" 404 1104
180.152.230.204 - - [08/Aug/2020:10:42:54 +0800] "POST /xingrg/kc/buy/cgsh_order_operate.html HTTP/1.1" 200 8370
61.172.5.115 - - [08/Aug/2020:10:42:55 +0800] "GET /xingrg/kc/buy/cgsh_order_operate.html?command=get_materiel&rest_code=00105&code=00101012045&supplier_code=00100326&order_time=2020-08-08 HTTP/1.1" 200 411
180.152.230.204 - - [08/Aug/2020:10:42:57 +0800] "GET /xingrg/kc/print/load_data.html?order_code=212020080803062&kc_code=cgsh&condition= HTTP/1.1" 200 3692
117.185.32.26 - - [08/Aug/2020:10:42:57 +0800] "POST /xingrg/kc/buy/cgsh_order_operate.html HTTP/1.1" 200 37
172.17.0.182 - - [08/Aug/2020:10:42:58 +0800] "GET /xingrg/all/function/internal_message.html?_=1596854569400&CODE_STATE=getMsg HTTP/1.1" 200 27
117.185.32.26 - - [08/Aug/2020:10:42:59 +0800] "POST /xingrg/kc/buy/cgsh_order_operate.html HTTP/1.1" 200 12
180.162.4.210 - - [08/Aug/2020:10:42:59 +0800] "GET /xingrg/all/function/internal_message.html?_=1596854574837&CODE_STATE=getMsg HTTP/1.1" 200 27
117.185.32.26 - - [08/Aug/2020:10:42:59 +0800] "GET /xingrg/kc/buy/cgsh_order_info.html?code=212020080803064 HTTP/1.1" 200 54290
117.185.32.26 - - [08/Aug/2020:10:43:00 +0800] "GET /xingrg/javascript/easyui/themes/default/validatebox.css HTTP/1.1" 404 1104
117.185.32.26 - - [08/Aug/2020:10:43:00 +0800] "POST /xingrg/kc/buy/cgsh_order_operate.html HTTP/1.1" 200 2377
117.184.7.26 - - [08/Aug/2020:10:43:01 +0800] "GET /xingrg/kc/buy/cgsh_order_operate.html?command=get_materiel&rest_code=00108&code=00101008026&supplier_code=00100008&order_time=2020-08-08 HTTP/1.1" 200 409
180.152.230.204 - - [08/Aug/2020:10:43:02 +0800] "GET /xingrg/check_reg.html?_=1596853890360 HTTP/1.1" 200 22
117.185.32.26 - - [08/Aug/2020:10:43:02 +0800] "GET /xingrg/kc/print/load_data.html?order_code=212020080803064&kc_code=cgsh&condition= HTTP/1.1" 200 1446
116.232.50.170 - - [08/Aug/2020:10:43:02 +0800] "GET /xingrg/check_reg.html?_=1596854613449 HTTP/1.1" 200 22
116.232.50.170 - - [08/Aug/2020:10:43:02 +0800] "GET /xingrg/all/function/internal_message.html?_=1596854613449&CODE_STATE=getMsg HTTP/1.1" 200 27
114.89.80.44 - - [08/Aug/2020:10:43:03 +0800] "GET /xingrg/check_reg.html?_=1596854710513 HTTP/1.1" 200 22
114.89.80.44 - - [08/Aug/2020:10:43:03 +0800] "GET /xingrg/all/function/internal_message.html?_=1596854710795&CODE_STATE=getMsg HTTP/1.1" 200 27
180.152.230.204 - - [08/Aug/2020:10:43:05 +0800] "GET /xingrg/kc/buy/cgsh_order_add.html HTTP/1.1" 200 58504
180.152.230.204 - - [08/Aug/2020:10:43:05 +0800] "GET /xingrg/javascript/easyui/themes/default/validatebox.css HTTP/1.1" 404 1104
180.152.230.204 - - [08/Aug/2020:10:43:05 +0800] "POST /xingrg/kc/buy/cgsh_order_operate.html HTTP/1.1" 200 8245
117.185.32.26 - - [08/Aug/2020:10:43:07 +0800] "GET /xingrg/all/function/internal_message.html?_=1596854579188&CODE_STATE=getMsg HTTP/1.1" 200 27
114.88.161.57 - - [08/Aug/2020:10:43:08 +0800] "GET /xingrg/all/function/internal_message.html?_=1596854622695&CODE_STATE=getMsg HTTP/1.1" 200 27
117.184.7.26 - - [08/Aug/2020:10:43:08 +0800] "GET /xingrg/all/function/internal_message.html?_=1596854574858&CODE_STATE=getMsg HTTP/1.1" 200 27
117.185.32.26 - - [08/Aug/2020:10:43:08 +0800] "GET /xingrg/kc/print/load_data.html?order_code=212020080803064&kc_code=cgsh HTTP/1.1" 200 1446
117.184.7.26 - - [08/Aug/2020:10:43:09 +0800] "GET /xingrg/kc/buy/cgsh_order_operate.html?command=get_materiel&rest_code=00108&code=00101008312&supplier_code=00100008&order_time=2020-08-08 HTTP/1.1" 200 412
114.88.153.107 - - [08/Aug/2020:10:43:13 +0800] "GET /xingrg/all/function/internal_message.html?_=1596854591816&CODE_STATE=getMsg HTTP/1.1" 200 27
114.88.153.107 - - [08/Aug/2020:10:43:13 +0800] "GET /xingrg/check_reg.html?_=1596854592068 HTTP/1.1" 200 22
61.172.5.115 - - [08/Aug/2020:10:43:13 +0800] "GET /xingrg/all/function/internal_message.html?_=1596854589772&CODE_STATE=getMsg HTTP/1.1" 200 27
218.81.217.115 - - [08/Aug/2020:10:43:14 +0800] "GET /xingrg/all/function/internal_message.html?_=1596854584167&CODE_STATE=getMsg HTTP/1.1" 200 27
117.184.7.26 - - [08/Aug/2020:10:43:17 +0800] "GET /xingrg/all/function/internal_message.html?_=1596854582324&CODE_STATE=getMsg HTTP/1.1" 200 27
61.172.5.115 - - [08/Aug/2020:10:43:19 +0800] "GET /xingrg/kc/buy/cgsh_order_operate.html?command=get_materiel&rest_code=00105&code=00101010567&supplier_code=00100326&order_time=2020-08-08 HTTP/1.1" 200 399
117.184.7.26 - - [08/Aug/2020:10:43:21 +0800] "GET /xingrg/kc/buy/cgsh_order_operate.html?command=get_materiel&rest_code=00108&code=00101008110&supplier_code=00100008&order_time=2020-08-08 HTTP/1.1" 200 408
180.157.251.101 - - [08/Aug/2020:10:43:25 +0800] "GET /xingrg/check_reg.html?_=1596854605565 HTTP/1.1" 200 22
180.157.251.101 - - [08/Aug/2020:10:43:25 +0800] "GET /xingrg/all/function/internal_message.html?_=1596854605660&CODE_STATE=getMsg HTTP/1.1" 200 27
117.184.7.26 - - [08/Aug/2020:10:43:28 +0800] "GET /xingrg/kc/buy/cgsh_order_operate.html?command=get_materiel&rest_code=00108&code=00101008038&supplier_code=00100008&order_time=2020-08-08 HTTP/1.1" 200 412
117.185.32.26 - - [08/Aug/2020:10:43:28 +0800] "GET /xingrg/kc/buy/cgsh_order_add.html HTTP/1.1" 200 59385
117.185.32.26 - - [08/Aug/2020:10:43:29 +0800] "GET /xingrg/javascript/easyui/themes/default/validatebox.css HTTP/1.1" 404 1104
117.185.32.26 - - [08/Aug/2020:10:43:29 +0800] "POST /xingrg/kc/buy/cgsh_order_operate.html HTTP/1.1" 200 8245
222.69.27.237 - - [08/Aug/2020:10:43:30 +0800] "GET /xingrg/all/function/internal_message.html?_=1596854496366&CODE_STATE=getMsg HTTP/1.1" 200 27
117.185.32.26 - - [08/Aug/2020:10:43:30 +0800] "GET /xingrg/javascript/easyui/themes/default/tree.css HTTP/1.1" 404 1090
117.185.32.26 - - [08/Aug/2020:10:43:30 +0800] "POST /xingrg/all/common/load_tree.html?tree=supplier_tree_json&isDelete=1 HTTP/1.1" 200 49675
117.184.7.26 - - [08/Aug/2020:10:43:36 +0800] "GET /xingrg/kc/buy/cgsh_order_operate.html?command=get_materiel&rest_code=00108&code=00101008141&supplier_code=00100008&order_time=2020-08-08 HTTP/1.1" 200 412
117.131.5.26 - - [08/Aug/2020:10:43:40 +0800] "GET /xingrg/check_reg.html?_=1596854621500 HTTP/1.1" 200 22
117.131.5.26 - - [08/Aug/2020:10:43:40 +0800] "GET /xingrg/all/function/internal_message.html?_=1596854621546&CODE_STATE=getMsg HTTP/1.1" 200 27
117.185.32.26 - - [08/Aug/2020:10:43:42 +0800] "GET /xingrg/kc/buy/cgsh_order_operate.html?command=get_materiel&rest_code=00106&code=00101006161&supplier_code=00100032&order_time=2020-08-08 HTTP/1.1" 200 410
117.184.7.30 - - [08/Aug/2020:10:43:43 +0800] "GET /xingrg/kc/buy/cgsh_order_operate.html?command=get_materiel&rest_code=00108&code=00101008126&supplier_code=00100008&order_time=2020-08-08 HTTP/1.1" 200 412
172.17.0.240 - - [08/Aug/2020:10:43:43 +0800] "GET /xingrg/all/function/internal_message.html?_=1596854618061&CODE_STATE=getMsg HTTP/1.1" 200 27
172.17.0.100 - - [08/Aug/2020:10:43:43 +0800] "GET /xingrg/all/function/internal_message.html?_=1596854620518&CODE_STATE=getMsg HTTP/1.1" 200 27
180.171.243.240 - - [08/Aug/2020:10:43:45 +0800] "GET /xingrg/check_reg.html?_=1596854614304 HTTP/1.1" 200 22
180.171.243.240 - - [08/Aug/2020:10:43:45 +0800] "GET /xingrg/all/function/internal_message.html?_=1596854614362&CODE_STATE=getMsg HTTP/1.1" 200 27
116.230.74.197 - - [08/Aug/2020:10:43:46 +0800] "GET /xingrg/all/function/internal_message.html?_=1596854612702&CODE_STATE=getMsg HTTP/1.1" 200 27
61.151.207.158 - - [08/Aug/2020:10:43:47 +0800] "GET /xingrg/kc/buy/cgsh_order_operate.html?command=get_materiel&rest_code=00141&code=00101008320&supplier_code=00100012&order_time=2020-08-08 HTTP/1.1" 302 -
61.172.5.115 - - [08/Aug/2020:10:43:48 +0800] "GET /xingrg/all/function/internal_message.html?_=1596854623742&CODE_STATE=getMsg HTTP/1.1" 200 27
117.184.7.30 - - [08/Aug/2020:10:43:48 +0800] "GET /xingrg/kc/buy/cgsh_order_operate.html?command=get_materiel&rest_code=00108&code=00101008087&supplier_code=00100008&order_time=2020-08-08 HTTP/1.1" 200 412
222.69.136.88 - - [08/Aug/2020:10:43:51 +0800] "GET /xingrg/all/function/internal_message.html?_=1596854620127&CODE_STATE=getMsg HTTP/1.1" 200 27
114.88.161.57 - - [08/Aug/2020:10:43:52 +0800] "GET /xingrg/all/function/internal_message.html?_=1596854628049&CODE_STATE=getMsg HTTP/1.1" 200 27
61.151.207.158 - - [08/Aug/2020:10:43:53 +0800] "GET /xingrg/login.html HTTP/1.1" 200 7641
117.184.7.30 - - [08/Aug/2020:10:43:54 +0800] "GET /xingrg/kc/buy/cgsh_order_operate.html?command=get_materiel&rest_code=00108&code=00101008361&supplier_code=00100008&order_time=2020-08-08 HTTP/1.1" 200 408
117.185.32.26 - - [08/Aug/2020:10:43:55 +0800] "GET /xingrg/kc/buy/cgsh_order_operate.html?command=get_materiel&rest_code=00106&code=00101016025&supplier_code=00100032&order_time=2020-08-08 HTTP/1.1" 200 408
172.17.0.100 - - [08/Aug/2020:10:43:56 +0800] "GET /xingrg/index.html?sysBaseUrl=http%3A%2F%2F172.17.0.8%3A18081%2Fxingrg%2F&costTime=32×tamp=1585227824564 HTTP/1.1" 200 17124
172.17.0.100 - - [08/Aug/2020:10:43:56 +0800] "GET /favicon.ico HTTP/1.1" 404 -
172.17.0.100 - - [08/Aug/2020:10:43:56 +0800] "POST /xingrg/all/common/load_tree.html?tree=area_rest_tree_json&manage=1 HTTP/1.1" 200 604
172.17.0.100 - - [08/Aug/2020:10:43:56 +0800] "GET /xingrg/all/function/internal_message.html?_=1596854633232&CODE_STATE=count HTTP/1.1" 200 11
172.17.0.100 - - [08/Aug/2020:10:43:56 +0800] "GET /xingrg/check_reg.html?_=1596854633232 HTTP/1.1" 200 22
172.17.0.100 - - [08/Aug/2020:10:43:56 +0800] "POST /xingrg/load_menu.html HTTP/1.1" 200 5103
172.17.0.182 - - [08/Aug/2020:10:43:58 +0800] "GET /xingrg/all/function/internal_message.html?_=1596854629396&CODE_STATE=getMsg HTTP/1.1" 200 27
172.17.0.182 - - [08/Aug/2020:10:43:58 +0800] "GET /xingrg/check_reg.html?_=1596854629397 HTTP/1.1" 200 22
180.162.4.210 - - [08/Aug/2020:10:43:59 +0800] "GET /xingrg/check_reg.html?_=1596854634841 HTTP/1.1" 200 22
180.162.4.210 - - [08/Aug/2020:10:43:59 +0800] "GET /xingrg/all/function/internal_message.html?_=1596854634846&CODE_STATE=getMsg HTTP/1.1" 200 27
116.232.50.170 - - [08/Aug/2020:10:43:59 +0800] "GET /xingrg/all/function/internal_message.html?_=1596854673468&CODE_STATE=getMsg HTTP/1.1" 200 27
116.232.50.170 - - [08/Aug/2020:10:44:00 +0800] "GET /xingrg/kc/buy/cgsh_order_operate.html?command=get_materiel&rest_code=00109&code=00101002027&supplier_code=00100038&order_time=2020-08-08 HTTP/1.1" 200 413
172.17.0.100 - - [08/Aug/2020:10:44:01 +0800] "GET /xingrg/kc/buy/buy_main.html HTTP/1.1" 200 12377
172.17.0.100 - - [08/Aug/2020:10:44:01 +0800] "GET /xingrg/css/new_ie.css HTTP/1.1" 404 1036
117.185.32.26 - - [08/Aug/2020:10:44:02 +0800] "GET /xingrg/kc/buy/cgsh_order_operate.html?command=get_materiel&rest_code=00106&code=00101005037&supplier_code=00100032&order_time=2020-08-08 HTTP/1.1" 200 409
172.17.0.100 - - [08/Aug/2020:10:44:02 +0800] "GET /xingrg/images/yd/bt.gif HTTP/1.1" 404 1040
172.17.0.100 - - [08/Aug/2020:10:44:02 +0800] "GET /xingrg/kc/buy/cgsh_order_list.html HTTP/1.1" 200 43627
172.17.0.100 - - [08/Aug/2020:10:44:03 +0800] "POST /xingrg/kc/buy/cgsh_list_operate.html HTTP/1.1" 200 876
114.89.80.44 - - [08/Aug/2020:10:44:03 +0800] "GET /xingrg/all/function/internal_message.html?_=1596854770808&CODE_STATE=getMsg HTTP/1.1" 200 27
117.185.32.26 - - [08/Aug/2020:10:44:07 +0800] "GET /xingrg/all/function/internal_message.html?_=1596854639179&CODE_STATE=getMsg HTTP/1.1" 200 27
101.89.19.197 - - [08/Aug/2020:10:44:07 +0800] "GET /xingrg/kc/buy/cgsh_order_info.html?code=212020080803049 HTTP/1.1" 302 -
114.88.161.57 - - [08/Aug/2020:10:44:08 +0800] "GET /xingrg/all/function/internal_message.html?_=1596854682696&CODE_STATE=getMsg HTTP/1.1" 200 27
117.184.7.30 - - [08/Aug/2020:10:44:08 +0800] "GET /xingrg/all/function/internal_message.html?_=1596854634956&CODE_STATE=getMsg HTTP/1.1" 200 27
172.17.0.100 - - [08/Aug/2020:10:44:09 +0800] "GET /xingrg/kc/buy/cgsh_order_add.html HTTP/1.1" 200 59312
172.17.0.100 - - [08/Aug/2020:10:44:09 +0800] "POST /xingrg/kc/buy/cgsh_order_operate.html HTTP/1.1" 200 8245
172.17.0.100 - - [08/Aug/2020:10:44:09 +0800] "GET /xingrg/all/common/auto_word.html?type=employee&rest_code=00147 HTTP/1.1" 200 201
172.17.0.100 - - [08/Aug/2020:10:44:09 +0800] "GET /xingrg/all/common/auto_word.html?type=employee&rest_code=00147 HTTP/1.1" 200 201
172.17.0.100 - - [08/Aug/2020:10:44:09 +0800] "GET /xingrg/javascript/easyui/themes/default/validatebox.css HTTP/1.1" 404 1104
117.185.32.26 - - [08/Aug/2020:10:44:09 +0800] "GET /xingrg/kc/buy/cgsh_order_operate.html?command=get_materiel&rest_code=00106&code=00101010161&supplier_code=00100032&order_time=2020-08-08 HTTP/1.1" 200 411
114.88.153.107 - - [08/Aug/2020:10:44:13 +0800] "GET /xingrg/all/function/internal_message.html?_=1596854651786&CODE_STATE=getMsg HTTP/1.1" 200 27
101.89.19.197 - - [08/Aug/2020:10:44:14 +0800] "GET /xingrg/login.html HTTP/1.1" 200 7641
218.81.217.115 - - [08/Aug/2020:10:44:14 +0800] "GET /xingrg/all/function/internal_message.html?_=1596854644174&CODE_STATE=getMsg HTTP/1.1" 200 27
117.184.7.26 - - [08/Aug/2020:10:44:17 +0800] "GET /xingrg/all/function/internal_message.html?_=1596854642309&CODE_STATE=getMsg HTTP/1.1" 200 27
117.185.32.26 - - [08/Aug/2020:10:44:17 +0800] "GET /xingrg/kc/buy/cgsh_order_operate.html?command=get_materiel&rest_code=00106&code=00101016053&supplier_code=00100032&order_time=2020-08-08 HTTP/1.1" 200 408
117.184.7.26 - - [08/Aug/2020:10:44:18 +0800] "GET /xingrg/check_reg.html?_=1596854643591 HTTP/1.1" 200 22
61.172.5.115 - - [08/Aug/2020:10:44:20 +0800] "POST /xingrg/kc/buy/cgsh_order_operate.html HTTP/1.1" 200 37
117.184.7.30 - - [08/Aug/2020:10:44:21 +0800] "GET /xingrg/kc/buy/cgsh_order_operate.html?command=get_materiel&rest_code=00108&code=00101008355&supplier_code=00100008&order_time=2020-08-08 HTTP/1.1" 200 408
61.172.5.115 - - [08/Aug/2020:10:44:21 +0800] "POST /xingrg/kc/buy/cgsh_order_operate.html HTTP/1.1" 200 3247
172.17.0.100 - - [08/Aug/2020:10:44:22 +0800] "GET /xingrg/javascript/auto/indicator.gif HTTP/1.1" 404 1066
117.185.32.26 - - [08/Aug/2020:10:44:24 +0800] "GET /xingrg/kc/buy/cgsh_order_operate.html?command=get_materiel&rest_code=00106&code=00101016017&supplier_code=00100032&order_time=2020-08-08 HTTP/1.1" 200 408
180.157.251.101 - - [08/Aug/2020:10:44:25 +0800] "GET /xingrg/all/function/internal_message.html?_=1596854665657&CODE_STATE=getMsg HTTP/1.1" 200 27
117.184.7.30 - - [08/Aug/2020:10:44:25 +0800] "POST /xingrg/kc/buy/cgsh_order_operate.html HTTP/1.1" 200 2065
117.184.7.30 - - [08/Aug/2020:10:44:28 +0800] "GET /xingrg/kc/buy/cgsh_order_operate.html?command=get_materiel&rest_code=00108&code=00101008264&supplier_code=00100008&order_time=2020-08-08 HTTP/1.1" 200 412
222.69.27.237 - - [08/Aug/2020:10:44:30 +0800] "GET /xingrg/all/function/internal_message.html?_=1596854556365&CODE_STATE=getMsg HTTP/1.1" 200 27
117.185.32.26 - - [08/Aug/2020:10:44:31 +0800] "GET /xingrg/kc/buy/cgsh_order_operate.html?command=get_materiel&rest_code=00106&code=00101001111&supplier_code=00100032&order_time=2020-08-08 HTTP/1.1" 200 410
117.184.7.26 - - [08/Aug/2020:10:44:34 +0800] "GET /xingrg/kc/buy/cgsh_order_operate.html?command=get_materiel&rest_code=00108&code=00101008033&supplier_code=00100008&order_time=2020-08-08 HTTP/1.1" 200 408
116.232.50.170 - - [08/Aug/2020:10:44:36 +0800] "POST /xingrg/kc/buy/cgsh_order_operate.html HTTP/1.1" 200 37
116.232.50.170 - - [08/Aug/2020:10:44:37 +0800] "POST /xingrg/kc/buy/cgsh_order_operate.html HTTP/1.1" 200 3245
116.232.50.170 - - [08/Aug/2020:10:44:38 +0800] "GET /xingrg/kc/print/load_config.html?kc_code=cgsh HTTP/1.1" 200 1845
172.17.0.100 - - [08/Aug/2020:10:44:38 +0800] "GET /xingrg/javascript/jquery_tools/images/next.gif HTTP/1.1" 404 1086
172.17.0.100 - - [08/Aug/2020:10:44:38 +0800] "GET /xingrg/javascript/jquery_tools/images/prev.gif HTTP/1.1" 404 1086
116.232.50.170 - - [08/Aug/2020:10:44:38 +0800] "GET /xingrg/kc/print/load_data.html?order_code=212020080803066&kc_code=cgsh&condition= HTTP/1.1" 200 913
117.131.5.26 - - [08/Aug/2020:10:44:40 +0800] "GET /xingrg/all/function/internal_message.html?_=1596854681546&CODE_STATE=getMsg HTTP/1.1" 200 27
117.184.7.26 - - [08/Aug/2020:10:44:40 +0800] "GET /xingrg/kc/buy/cgsh_order_operate.html?command=get_materiel&rest_code=00108&code=00101008024&supplier_code=00100008&order_time=2020-08-08 HTTP/1.1" 200 408
117.185.32.26 - - [08/Aug/2020:10:44:41 +0800] "GET /xingrg/kc/buy/cgsh_order_operate.html?command=get_materiel&rest_code=00106&code=00101012029&supplier_code=00100032&order_time=2020-08-08 HTTP/1.1" 200 414
172.17.0.240 - - [08/Aug/2020:10:44:43 +0800] "GET /xingrg/all/function/internal_message.html?_=1596854678048&CODE_STATE=getMsg HTTP/1.1" 200 27
172.17.0.100 - - [08/Aug/2020:10:44:43 +0800] "GET /xingrg/all/function/internal_message.html?_=1596854680514&CODE_STATE=getMsg HTTP/1.1" 200 27
180.171.243.240 - - [08/Aug/2020:10:44:45 +0800] "GET /xingrg/all/function/internal_message.html?_=1596854674375&CODE_STATE=getMsg HTTP/1.1" 200 27
116.230.74.197 - - [08/Aug/2020:10:44:46 +0800] "GET /xingrg/all/function/internal_message.html?_=1596854672680&CODE_STATE=getMsg HTTP/1.1" 200 27
116.230.74.197 - - [08/Aug/2020:10:44:46 +0800] "GET /xingrg/check_reg.html?_=1596854672808 HTTP/1.1" 200 22
117.184.7.30 - - [08/Aug/2020:10:44:47 +0800] "GET /xingrg/kc/buy/cgsh_order_operate.html?command=get_materiel&rest_code=00108&code=00101008212&supplier_code=00100008&order_time=2020-08-08 HTTP/1.1" 200 412
61.172.5.115 - - [08/Aug/2020:10:44:48 +0800] "GET /xingrg/check_reg.html?_=1596854683747 HTTP/1.1" 200 22
61.172.5.115 - - [08/Aug/2020:10:44:48 +0800] "GET /xingrg/all/function/internal_message.html?_=1596854683757&CODE_STATE=getMsg HTTP/1.1" 200 27
116.232.50.170 - - [08/Aug/2020:10:44:48 +0800] "GET /xingrg/kc/buy/cgsh_order_add.html HTTP/1.1" 200 59426
116.232.50.170 - - [08/Aug/2020:10:44:49 +0800] "POST /xingrg/kc/buy/cgsh_order_operate.html HTTP/1.1" 200 8245
116.232.50.170 - - [08/Aug/2020:10:44:49 +0800] "GET /xingrg/all/common/auto_word.html?type=employee&rest_code=00109 HTTP/1.1" 200 255
116.232.50.170 - - [08/Aug/2020:10:44:49 +0800] "GET /xingrg/all/common/auto_word.html?type=employee&rest_code=00109 HTTP/1.1" 200 255
116.232.50.170 - - [08/Aug/2020:10:44:49 +0800] "GET /xingrg/javascript/easyui/themes/default/validatebox.css HTTP/1.1" 404 1104
61.172.5.115 - - [08/Aug/2020:10:44:50 +0800] "GET /xingrg/kc/print/load_data.html?order_code=212020080803065&kc_code=cgsh&condition= HTTP/1.1" 200 899
114.88.161.57 - - [08/Aug/2020:10:44:50 +0800] "GET /xingrg/check_reg.html?_=1596854686401 HTTP/1.1" 200 22
222.69.136.88 - - [08/Aug/2020:10:44:51 +0800] "GET /xingrg/all/function/internal_message.html?_=1596854680112&CODE_STATE=getMsg HTTP/1.1" 200 27
114.88.161.57 - - [08/Aug/2020:10:44:52 +0800] "GET /xingrg/all/function/internal_message.html?_=1596854688056&CODE_STATE=getMsg HTTP/1.1" 200 27
117.184.7.30 - - [08/Aug/2020:10:44:53 +0800] "GET /xingrg/kc/buy/cgsh_order_operate.html?command=get_materiel&rest_code=00108&code=00101008137&supplier_code=00100008&order_time=2020-08-08 HTTP/1.1" 200 408
117.185.32.26 - - [08/Aug/2020:10:44:55 +0800] "POST /xingrg/kc/buy/cgsh_order_operate.html HTTP/1.1" 200 37
172.17.0.100 - - [08/Aug/2020:10:44:56 +0800] "GET /xingrg/all/function/internal_message.html?_=1596854693242&CODE_STATE=getMsg HTTP/1.1" 200 27
116.232.50.170 - - [08/Aug/2020:10:44:57 +0800] "GET /xingrg/kc/buy/cgsh_order_operate.html?command=get_materiel&rest_code=00109&code=00101007059&supplier_code=00100004&order_time=2020-08-08 HTTP/1.1" 200 409
117.185.32.26 - - [08/Aug/2020:10:44:58 +0800] "POST /xingrg/kc/buy/cgsh_order_operate.html HTTP/1.1" 200 12
116.232.50.170 - - [08/Aug/2020:10:44:58 +0800] "GET /xingrg/all/function/internal_message.html?_=1596854734615&CODE_STATE=getMsg HTTP/1.1" 200 27
172.17.0.182 - - [08/Aug/2020:10:44:58 +0800] "GET /xingrg/all/function/internal_message.html?_=1596854689395&CODE_STATE=getMsg HTTP/1.1" 200 27
180.162.4.210 - - [08/Aug/2020:10:44:59 +0800] "GET /xingrg/all/function/internal_message.html?_=1596854694831&CODE_STATE=getMsg HTTP/1.1" 200 27
117.185.32.26 - - [08/Aug/2020:10:44:59 +0800] "GET /xingrg/kc/buy/cgsh_order_info.html?code=212020080803067 HTTP/1.1" 200 54292
61.172.5.115 - - [08/Aug/2020:10:44:59 +0800] "GET /xingrg/kc/buy/cgsh_order_add.html HTTP/1.1" 200 59379
117.185.32.26 - - [08/Aug/2020:10:45:00 +0800] "GET /xingrg/javascript/easyui/themes/default/validatebox.css HTTP/1.1" 404 1104
61.172.5.115 - - [08/Aug/2020:10:45:00 +0800] "GET /xingrg/javascript/easyui/themes/default/validatebox.css HTTP/1.1" 404 1104
218.78.151.174 - - [08/Aug/2020:10:45:00 +0800] "GET /xingrg HTTP/1.1" 302 -
218.78.151.174 - - [08/Aug/2020:10:45:00 +0800] "GET /xingrg/ HTTP/1.1" 200 292
61.172.5.115 - - [08/Aug/2020:10:45:00 +0800] "POST /xingrg/kc/buy/cgsh_order_operate.html HTTP/1.1" 200 8245
117.185.32.26 - - [08/Aug/2020:10:45:00 +0800] "POST /xingrg/kc/buy/cgsh_order_operate.html HTTP/1.1" 200 4720
218.78.151.174 - - [08/Aug/2020:10:45:00 +0800] "GET /xingrg/index.html HTTP/1.1" 302 -
218.78.151.174 - - [08/Aug/2020:10:45:00 +0800] "GET /favicon.ico HTTP/1.1" 404 -
218.78.151.174 - - [08/Aug/2020:10:45:00 +0800] "GET /xingrg/login.html HTTP/1.1" 200 7641
218.78.151.174 - - [08/Aug/2020:10:45:00 +0800] "GET /xingrg/images/blue/jxLogo.png HTTP/1.1" 200 6156
117.184.7.30 - - [08/Aug/2020:10:45:00 +0800] "GET /xingrg/kc/buy/cgsh_order_operate.html?command=get_materiel&rest_code=00108&code=00101008059&supplier_code=00100008&order_time=2020-08-08 HTTP/1.1" 200 408
218.78.151.174 - - [08/Aug/2020:10:45:01 +0800] "GET /xingrg/images/blue/hj.png HTTP/1.1" 200 1014
218.78.151.174 - - [08/Aug/2020:10:45:01 +0800] "GET /xingrg/images/blue/srbg.png HTTP/1.1" 200 138
218.78.151.174 - - [08/Aug/2020:10:45:01 +0800] "GET /xingrg/images/blue/login_bg.png HTTP/1.1" 200 22101
218.78.151.174 - - [08/Aug/2020:10:45:01 +0800] "GET /favicon.ico HTTP/1.1" 404 -
114.89.80.44 - - [08/Aug/2020:10:45:03 +0800] "GET /xingrg/all/function/internal_message.html?_=1596854830821&CODE_STATE=getMsg HTTP/1.1" 200 27
117.184.7.30 - - [08/Aug/2020:10:45:05 +0800] "POST /xingrg/kc/buy/cgsh_order_operate.html HTTP/1.1" 200 2065
117.185.32.26 - - [08/Aug/2020:10:45:07 +0800] "GET /xingrg/all/function/internal_message.html?_=1596854699200&CODE_STATE=getMsg HTTP/1.1" 200 27
114.88.161.57 - - [08/Aug/2020:10:45:08 +0800] "GET /xingrg/all/function/internal_message.html?_=1596854742696&CODE_STATE=getMsg HTTP/1.1" 200 27
117.184.7.26 - - [08/Aug/2020:10:45:08 +0800] "GET /xingrg/all/function/internal_message.html?_=1596854694962&CODE_STATE=getMsg HTTP/1.1" 200 27
117.185.32.26 - - [08/Aug/2020:10:45:08 +0800] "GET /xingrg/kc/print/load_data.html?order_code=212020080803067&kc_code=cgsh&condition= HTTP/1.1" 200 2268
61.172.5.115 - - [08/Aug/2020:10:45:08 +0800] "GET /xingrg/kc/buy/cgsh_order_operate.html?command=get_materiel&rest_code=00105&code=00101001140&supplier_code=00100090&order_time=2020-08-08 HTTP/1.1" 200 415
117.184.7.30 - - [08/Aug/2020:10:45:09 +0800] "GET /xingrg/kc/buy/cgsh_order_operate.html?command=get_materiel&rest_code=00108&code=00101008357&supplier_code=00100008&order_time=2020-08-08 HTTP/1.1" 200 408
61.129.6.225 - - [08/Aug/2020:10:45:09 +0800] "GET /xingrg/all/function/internal_message.html?_=1596853992043&CODE_STATE=getMsg HTTP/1.1" 302 -
116.232.50.170 - - [08/Aug/2020:10:45:10 +0800] "GET /xingrg/kc/buy/cgsh_order_operate.html?command=get_materiel&rest_code=00109&code=00101007059&supplier_code=00100004&order_time=2020-08-08 HTTP/1.1" 200 409
218.81.217.115 - - [08/Aug/2020:10:45:11 +0800] "GET /xingrg/kc/buy/cgsh_order_add.html HTTP/1.1" 200 59385
218.81.217.115 - - [08/Aug/2020:10:45:12 +0800] "POST /xingrg/kc/buy/cgsh_order_operate.html HTTP/1.1" 200 8245
218.81.217.115 - - [08/Aug/2020:10:45:12 +0800] "GET /xingrg/check_reg.html?_=1596854702084 HTTP/1.1" 200 22
218.81.217.115 - - [08/Aug/2020:10:45:12 +0800] "GET /xingrg/javascript/easyui/themes/default/validatebox.css HTTP/1.1" 404 1104
61.172.5.115 - - [08/Aug/2020:10:45:13 +0800] "GET /xingrg/check_reg.html?_=1596854709071 HTTP/1.1" 200 22
114.88.153.107 - - [08/Aug/2020:10:45:13 +0800] "GET /xingrg/all/function/internal_message.html?_=1596854711763&CODE_STATE=getMsg HTTP/1.1" 200 27
61.172.5.115 - - [08/Aug/2020:10:45:13 +0800] "GET /xingrg/all/function/internal_message.html?_=1596854709775&CODE_STATE=getMsg HTTP/1.1" 200 27
117.185.32.26 - - [08/Aug/2020:10:45:13 +0800] "GET /xingrg/kc/print/load_data.html?order_code=212020080803067&kc_code=cgsh HTTP/1.1" 200 2268
218.81.217.115 - - [08/Aug/2020:10:45:14 +0800] "GET /xingrg/all/function/internal_message.html?_=1596854704188&CODE_STATE=getMsg HTTP/1.1" 200 27
218.78.151.174 - - [08/Aug/2020:10:45:16 +0800] "POST /xingrg/login.do HTTP/1.1" 302 -
218.78.151.174 - - [08/Aug/2020:10:45:16 +0800] "GET /xingrg/index.html?sysBaseUrl=http%3A%2F%2F180.169.147.146%3A18081%2Fxingrg%2F&costTime=41×tamp=1596854716271 HTTP/1.1" 200 17179
218.78.151.174 - - [08/Aug/2020:10:45:16 +0800] "GET /xingrg/javascript/jquery_easy_ui/jquery.easyui.min.js HTTP/1.1" 200 213662
218.78.151.174 - - [08/Aug/2020:10:45:16 +0800] "GET /xingrg/javascript/jquery_easy_ui/themes/icon.css HTTP/1.1" 200 3949
218.78.151.174 - - [08/Aug/2020:10:45:16 +0800] "GET /xingrg/javascript/jquery_easy_ui/themes/default/easyui.css HTTP/1.1" 200 26500
218.78.151.174 - - [08/Aug/2020:10:45:16 +0800] "GET /xingrg/css/form.css HTTP/1.1" 200 893
218.78.151.174 - - [08/Aug/2020:10:45:16 +0800] "GET /xingrg/javascript/jquery_easy_ui/easyui-lang-zh_CN.js HTTP/1.1" 200 1900
218.78.151.174 - - [08/Aug/2020:10:45:16 +0800] "GET /xingrg/javascript/jquery-1.4.2.min.js HTTP/1.1" 200 72205
218.78.151.174 - - [08/Aug/2020:10:45:16 +0800] "GET /xingrg/javascript/jquery.timers.js HTTP/1.1" 200 3532
218.78.151.174 - - [08/Aug/2020:10:45:16 +0800] "GET /xingrg/javascript/jquery.utils.js HTTP/1.1" 200 11805
218.78.151.174 - - [08/Aug/2020:10:45:16 +0800] "GET /xingrg/javascript/jquery.form.js HTTP/1.1" 200 23110
218.78.151.174 - - [08/Aug/2020:10:45:16 +0800] "GET /favicon.ico HTTP/1.1" 404 -
218.78.151.174 - - [08/Aug/2020:10:45:16 +0800] "GET /xingrg/javascript/jquery_easy_ui/themes/icons/settle_new.png HTTP/1.1" 200 826
218.78.151.174 - - [08/Aug/2020:10:45:16 +0800] "GET /xingrg/images/blue/navBackgound.jpg HTTP/1.1" 200 12378
218.78.151.174 - - [08/Aug/2020:10:45:16 +0800] "POST /xingrg/all/common/load_tree.html?tree=area_rest_tree_json&manage=1 HTTP/1.1" 200 351
218.78.151.174 - - [08/Aug/2020:10:45:16 +0800] "GET /xingrg/all/function/internal_message.html?_=1596853644565&CODE_STATE=count HTTP/1.1" 200 11
218.78.151.174 - - [08/Aug/2020:10:45:16 +0800] "GET /xingrg/check_reg.html?_=1596853644566 HTTP/1.1" 200 22
218.78.151.174 - - [08/Aug/2020:10:45:16 +0800] "GET /xingrg/images/blue/pingpu.png HTTP/1.1" 200 231
218.78.151.174 - - [08/Aug/2020:10:45:16 +0800] "GET /xingrg/javascript/jquery_easy_ui/themes/default/images/tabs_leftarrow.png HTTP/1.1" 200 389
218.78.151.174 - - [08/Aug/2020:10:45:16 +0800] "GET /xingrg/javascript/jquery_easy_ui/themes/default/images/panel_tool_collapse.gif HTTP/1.1" 200 246
218.78.151.174 - - [08/Aug/2020:10:45:16 +0800] "GET /xingrg/javascript/jquery_easy_ui/themes/default/images/tabs_rightarrow.png HTTP/1.1" 200 395
218.78.151.174 - - [08/Aug/2020:10:45:16 +0800] "POST /xingrg/load_menu.html HTTP/1.1" 200 5138
218.78.151.174 - - [08/Aug/2020:10:45:16 +0800] "GET /xingrg/javascript/jquery_easy_ui/themes/default/images/tree_arrows.gif HTTP/1.1" 200 1043
218.78.151.174 - - [08/Aug/2020:10:45:16 +0800] "GET /xingrg/javascript/jquery_easy_ui/themes/icons/search_new.png HTTP/1.1" 200 586
218.78.151.174 - - [08/Aug/2020:10:45:16 +0800] "GET /xingrg/javascript/jquery_easy_ui/themes/default/images/tree_folder_open.gif HTTP/1.1" 200 956
218.78.151.174 - - [08/Aug/2020:10:45:16 +0800] "GET /xingrg/javascript/jquery_easy_ui/themes/default/images/tree_folder.gif HTTP/1.1" 200 952
218.78.151.174 - - [08/Aug/2020:10:45:16 +0800] "GET /xingrg/javascript/jquery_easy_ui/themes/icons/storage_new.png HTTP/1.1" 200 853
218.78.151.174 - - [08/Aug/2020:10:45:16 +0800] "GET /xingrg/javascript/jquery_easy_ui/themes/icons/forms_new.png HTTP/1.1" 200 350
218.78.151.174 - - [08/Aug/2020:10:45:16 +0800] "GET /xingrg/javascript/jquery_easy_ui/themes/default/images/tree_file.gif HTTP/1.1" 200 118
117.184.7.26 - - [08/Aug/2020:10:45:17 +0800] "GET /xingrg/all/function/internal_message.html?_=1596854702281&CODE_STATE=getMsg HTTP/1.1" 200 27
117.184.7.26 - - [08/Aug/2020:10:45:17 +0800] "GET /xingrg/kc/buy/cgsh_order_operate.html?command=get_materiel&rest_code=00108&code=00101008230&supplier_code=00100008&order_time=2020-08-08 HTTP/1.1" 200 408
116.232.50.170 - - [08/Aug/2020:10:45:17 +0800] "GET /xingrg/kc/buy/cgsh_order_operate.html?command=get_materiel&rest_code=00109&code=00101007081&supplier_code=00100004&order_time=2020-08-08 HTTP/1.1" 200 413
222.69.136.88 - - [08/Aug/2020:10:45:18 +0800] "GET /xingrg/kc/buy/cgsh_order_add.html HTTP/1.1" 200 59432
222.69.136.88 - - [08/Aug/2020:10:45:18 +0800] "GET /xingrg/words/20200807115122_words.js HTTP/1.1" 304 -
222.69.136.88 - - [08/Aug/2020:10:45:18 +0800] "POST /xingrg/kc/buy/cgsh_order_operate.html HTTP/1.1" 200 8245
61.129.6.225 - - [08/Aug/2020:10:45:18 +0800] "GET /xingrg/login.html HTTP/1.1" 200 7641
222.69.136.88 - - [08/Aug/2020:10:45:18 +0800] "GET /xingrg/javascript/easyui/themes/default/validatebox.css HTTP/1.1" 404 1104
172.17.0.100 - - [08/Aug/2020:10:45:24 +0800] "GET /xingrg/kc/buy/cgsh_order_operate.html?command=get_materiel&rest_code=00147&code=00101011010&supplier_code=00100046&order_time=2020-08-08 HTTP/1.1" 200 418
117.131.5.26 - - [08/Aug/2020:10:45:24 +0800] "GET /xingrg/check_reg.html?_=1596855002627 HTTP/1.1" 200 22
116.232.50.170 - - [08/Aug/2020:10:45:24 +0800] "GET /xingrg/kc/buy/cgsh_order_operate.html?command=get_materiel&rest_code=00109&code=00101007049&supplier_code=00100004&order_time=2020-08-08 HTTP/1.1" 200 409
180.157.251.101 - - [08/Aug/2020:10:45:25 +0800] "GET /xingrg/all/function/internal_message.html?_=1596854725671&CODE_STATE=getMsg HTTP/1.1" 200 27
222.69.27.237 - - [08/Aug/2020:10:45:30 +0800] "GET /xingrg/all/function/internal_message.html?_=1596854616366&CODE_STATE=getMsg HTTP/1.1" 200 27
222.69.136.88 - - [08/Aug/2020:10:45:30 +0800] "GET /xingrg/kc/buy/cgsh_order_operate.html?command=get_materiel&rest_code=00149&code=00101006130&supplier_code=00100012&order_time=2020-08-08 HTTP/1.1" 200 427
218.78.151.174 - - [08/Aug/2020:10:45:31 +0800] "GET /xingrg/javascript/jquery_easy_ui/themes/default/images/tabs_close.gif HTTP/1.1" 200 829
218.78.151.174 - - [08/Aug/2020:10:45:31 +0800] "GET /xingrg/kc/buy/buy_main.html HTTP/1.1" 200 12412
218.78.151.174 - - [08/Aug/2020:10:45:31 +0800] "GET /xingrg/css/new_ie.css HTTP/1.1" 404 1036
218.78.151.174 - - [08/Aug/2020:10:45:31 +0800] "GET /xingrg/javascript/pic_change.js HTTP/1.1" 200 4739
218.78.151.174 - - [08/Aug/2020:10:45:31 +0800] "GET /xingrg/css/blue.css HTTP/1.1" 200 15949
218.78.151.174 - - [08/Aug/2020:10:45:31 +0800] "GET /xingrg/javascript/ToolTips.js HTTP/1.1" 200 5615
218.78.151.174 - - [08/Aug/2020:10:45:31 +0800] "GET /xingrg/javascript/jquery_ui/themes/humanity/humanity.css HTTP/1.1" 200 27801
218.78.151.174 - - [08/Aug/2020:10:45:31 +0800] "GET /xingrg/javascript/jquery_ui/jquery-ui.min.js HTTP/1.1" 200 186181
218.78.151.174 - - [08/Aug/2020:10:45:31 +0800] "GET /xingrg/javascript/myfunction.js HTTP/1.1" 200 24559
218.78.151.174 - - [08/Aug/2020:10:45:31 +0800] "GET /xingrg/images/blue/button/cgxqd.gif HTTP/1.1" 200 2619
218.78.151.174 - - [08/Aug/2020:10:45:31 +0800] "GET /xingrg/images/blue/button/cgydd.gif HTTP/1.1" 200 2712
218.78.151.174 - - [08/Aug/2020:10:45:31 +0800] "GET /xingrg/images/blue/button/cgshd.gif HTTP/1.1" 200 2618
218.78.151.174 - - [08/Aug/2020:10:45:31 +0800] "GET /xingrg/images/blue/button/cgfkd.gif HTTP/1.1" 200 2075
218.78.151.174 - - [08/Aug/2020:10:45:31 +0800] "GET /xingrg/images/blue/button/kc.gif HTTP/1.1" 200 2160
218.78.151.174 - - [08/Aug/2020:10:45:31 +0800] "GET /xingrg/images/blue/button/ckthd.gif HTTP/1.1" 200 2045
218.78.151.174 - - [08/Aug/2020:10:45:31 +0800] "GET /xingrg/images/blue/pic_form2.gif HTTP/1.1" 200 1853
218.78.151.174 - - [08/Aug/2020:10:45:31 +0800] "GET /xingrg/javascript/jquery_ui/themes/humanity/images/ui-bg_inset-soft_100_f4f0ec_1x100.png HTTP/1.1" 200 141
218.78.151.174 - - [08/Aug/2020:10:45:31 +0800] "GET /xingrg/images/blue/bg_dotted.jpg HTTP/1.1" 200 319
218.78.151.174 - - [08/Aug/2020:10:45:31 +0800] "GET /xingrg/images/blue/button/right_ah.jpg HTTP/1.1" 200 1744
218.78.151.174 - - [08/Aug/2020:10:45:31 +0800] "GET /xingrg/images/blue/button/down_ah.jpg HTTP/1.1" 200 1732
218.78.151.174 - - [08/Aug/2020:10:45:31 +0800] "GET /xingrg/javascript/jquery_ui/themes/humanity/images/ui-iconsnew.jpg HTTP/1.1" 200 337
218.78.151.174 - - [08/Aug/2020:10:45:31 +0800] "GET /xingrg/javascript/jquery_ui/themes/humanity/images/ui-icons_ffffff_256x240.png HTTP/1.1" 200 4369
218.78.151.174 - - [08/Aug/2020:10:45:31 +0800] "GET /xingrg/javascript/jquery_ui/themes/humanity/images/ui-icons_c47a23_256x240.png HTTP/1.1" 200 5355
218.78.151.174 - - [08/Aug/2020:10:45:31 +0800] "GET /xingrg/javascript/jquery_ui/themes/humanity/images/ui-bg_glass_70_ede4d4_1x400.png HTTP/1.1" 200 161
218.78.151.174 - - [08/Aug/2020:10:45:32 +0800] "GET /xingrg/images/yd/bt.gif HTTP/1.1" 404 1040
116.232.50.170 - - [08/Aug/2020:10:45:32 +0800] "POST /xingrg/kc/buy/cgsh_order_operate.html HTTP/1.1" 200 37
116.232.50.170 - - [08/Aug/2020:10:45:33 +0800] "POST /xingrg/kc/buy/cgsh_order_operate.html HTTP/1.1" 200 4421
117.184.7.26 - - [08/Aug/2020:10:45:33 +0800] "GET /xingrg/kc/buy/cgsh_order_operate.html?command=get_materiel&rest_code=00108&code=00101008069&supplier_code=00100008&order_time=2020-08-08 HTTP/1.1" 200 412
61.172.5.115 - - [08/Aug/2020:10:45:33 +0800] "GET /xingrg/kc/buy/cgsh_order_operate.html?command=get_materiel&rest_code=00105&code=00101001025&supplier_code=00100090&order_time=2020-08-08 HTTP/1.1" 200 419
116.232.50.170 - - [08/Aug/2020:10:45:34 +0800] "GET /xingrg/kc/print/load_config.html?kc_code=cgsh HTTP/1.1" 200 1845
116.232.50.170 - - [08/Aug/2020:10:45:34 +0800] "GET /xingrg/kc/print/load_data.html?order_code=212020080803068&kc_code=cgsh&condition= HTTP/1.1" 200 1390
218.78.151.174 - - [08/Aug/2020:10:45:35 +0800] "GET /xingrg/kc/buy/cgsh_order_list.html HTTP/1.1" 200 43647
218.78.151.174 - - [08/Aug/2020:10:45:35 +0800] "GET /xingrg/css/base.css HTTP/1.1" 200 2811
218.78.151.174 - - [08/Aug/2020:10:45:35 +0800] "GET /xingrg/css/site.css HTTP/1.1" 200 7541
218.78.151.174 - - [08/Aug/2020:10:45:35 +0800] "GET /xingrg/javascript/jquery_tools/datebox.css HTTP/1.1" 200 2597
218.78.151.174 - - [08/Aug/2020:10:45:35 +0800] "GET /xingrg/javascript/easyui/themes/icon.css HTTP/1.1" 200 4483
218.78.151.174 - - [08/Aug/2020:10:45:35 +0800] "GET /xingrg/javascript/auto/jquery.autocomplete.css HTTP/1.1" 200 587
218.78.151.174 - - [08/Aug/2020:10:45:35 +0800] "GET /xingrg/javascript/jquery_tools/fix.css HTTP/1.1" 200 1702
218.78.151.174 - - [08/Aug/2020:10:45:35 +0800] "GET /xingrg/javascript/easyui/themes/default/easyui.css HTTP/1.1" 200 30432
218.78.151.174 - - [08/Aug/2020:10:45:35 +0800] "GET /xingrg/javascript/jquery_tools/table.css HTTP/1.1" 200 1032
218.78.151.174 - - [08/Aug/2020:10:45:35 +0800] "GET /xingrg/javascript/jquery_tools/jquery.tools.min.js HTTP/1.1" 200 138801
218.78.151.174 - - [08/Aug/2020:10:45:35 +0800] "GET /xingrg/javascript/jquery_tools/jquery.tools.extend.js HTTP/1.1" 200 15385
218.78.151.174 - - [08/Aug/2020:10:45:35 +0800] "GET /xingrg/javascript/jquery_tools/jquery.tools.hotkey.js HTTP/1.1" 200 3242
218.78.151.174 - - [08/Aug/2020:10:45:35 +0800] "GET /xingrg/javascript/jquery_tools/jquery.tools.table.js HTTP/1.1" 200 6994
218.78.151.174 - - [08/Aug/2020:10:45:35 +0800] "GET /xingrg/javascript/jquery_tools/list_manager.js HTTP/1.1" 200 3652
218.78.151.174 - - [08/Aug/2020:10:45:35 +0800] "GET /xingrg/javascript/auto/jquery.autocomplete.js HTTP/1.1" 200 21624
218.78.151.174 - - [08/Aug/2020:10:45:35 +0800] "GET /xingrg/javascript/jquery.cookie.js HTTP/1.1" 200 5513
218.78.151.174 - - [08/Aug/2020:10:45:35 +0800] "GET /xingrg/javascript/easyui/easyloader.js HTTP/1.1" 200 5975
218.78.151.174 - - [08/Aug/2020:10:45:35 +0800] "GET /xingrg/javascript/print/LodopFuncs.js HTTP/1.1" 200 5121
218.78.151.174 - - [08/Aug/2020:10:45:35 +0800] "GET /xingrg/javascript/easyui/themes/icons/import_new.png HTTP/1.1" 200 1247
218.78.151.174 - - [08/Aug/2020:10:45:35 +0800] "GET /xingrg/javascript/easyui/themes/icons/field_new.png HTTP/1.1" 200 1097
218.78.151.174 - - [08/Aug/2020:10:45:35 +0800] "GET /xingrg/javascript/easyui/themes/icons/check_new.png HTTP/1.1" 200 3224
218.78.151.174 - - [08/Aug/2020:10:45:35 +0800] "GET /xingrg/javascript/easyui/themes/icons/cance_new.png HTTP/1.1" 200 3986
218.78.151.174 - - [08/Aug/2020:10:45:35 +0800] "GET /xingrg/javascript/easyui/themes/icons/edit_add_new.png HTTP/1.1" 200 2997
218.78.151.174 - - [08/Aug/2020:10:45:35 +0800] "GET /xingrg/javascript/easyui/plugins/jquery.parser.js HTTP/1.1" 200 1142
218.78.151.174 - - [08/Aug/2020:10:45:35 +0800] "GET /xingrg/images/control/ajaxLoader.gif HTTP/1.1" 200 4659
218.78.151.174 - - [08/Aug/2020:10:45:37 +0800] "POST /xingrg/kc/buy/cgsh_list_operate.html HTTP/1.1" 200 2420
218.78.151.174 - - [08/Aug/2020:10:45:39 +0800] "GET /xingrg/javascript/easyui/themes/default/images/button_plain_hover.png HTTP/1.1" 200 144
117.184.7.26 - - [08/Aug/2020:10:45:39 +0800] "GET /xingrg/kc/buy/cgsh_order_operate.html?command=get_materiel&rest_code=00108&code=00101008286&supplier_code=00100008&order_time=2020-08-08 HTTP/1.1" 200 408
218.78.151.174 - - [08/Aug/2020:10:45:40 +0800] "GET /xingrg/kc/buy/cgsh_order_add.html HTTP/1.1" 200 58460
218.78.151.174 - - [08/Aug/2020:10:45:40 +0800] "GET /xingrg/javascript/convert.js HTTP/1.1" 200 1239
218.78.151.174 - - [08/Aug/2020:10:45:40 +0800] "GET /xingrg/javascript/jquery_tools/order_manager.js HTTP/1.1" 200 11183
218.78.151.174 - - [08/Aug/2020:10:45:40 +0800] "GET /xingrg/javascript/print/kc_print.js HTTP/1.1" 200 11415
218.78.151.174 - - [08/Aug/2020:10:45:40 +0800] "GET /xingrg/javascript/json2.js HTTP/1.1" 200 11259
218.78.151.174 - - [08/Aug/2020:10:45:40 +0800] "GET /xingrg/words/20200807115122_words.js HTTP/1.1" 200 756232
218.78.151.174 - - [08/Aug/2020:10:45:40 +0800] "GET /xingrg/javascript/easyui/themes/icons/ok.png HTTP/1.1" 200 883
218.78.151.174 - - [08/Aug/2020:10:45:40 +0800] "GET /xingrg/javascript/easyui/themes/icons/copy_new.png HTTP/1.1" 200 815
218.78.151.174 - - [08/Aug/2020:10:45:40 +0800] "GET /xingrg/javascript/easyui/themes/icons/template_new.png HTTP/1.1" 200 3956
218.78.151.174 - - [08/Aug/2020:10:45:40 +0800] "GET /xingrg/javascript/easyui/themes/icons/print.png HTTP/1.1" 200 1057
218.78.151.174 - - [08/Aug/2020:10:45:40 +0800] "GET /xingrg/javascript/easyui/themes/icons/cancel.png HTTP/1.1" 200 1133
218.78.151.174 - - [08/Aug/2020:10:45:40 +0800] "GET /xingrg/javascript/easyui/themes/default/images/menu_downarrow.png HTTP/1.1" 200 173
218.78.151.174 - - [08/Aug/2020:10:45:40 +0800] "GET /xingrg/all/common/auto_word.html?type=employee&rest_code=00143 HTTP/1.1" 200 55
218.78.151.174 - - [08/Aug/2020:10:45:40 +0800] "GET /xingrg/javascript/easyui/themes/default/validatebox.css HTTP/1.1" 404 1104
218.78.151.174 - - [08/Aug/2020:10:45:40 +0800] "GET /xingrg/javascript/easyui/plugins/jquery.validatebox.js HTTP/1.1" 200 6103
218.78.151.174 - - [08/Aug/2020:10:45:40 +0800] "GET /xingrg/all/common/auto_word.html?type=employee&rest_code=00143 HTTP/1.1" 200 55
218.78.151.174 - - [08/Aug/2020:10:45:40 +0800] "GET /xingrg/javascript/easyui/plugins/jquery.numberbox.js HTTP/1.1" 200 5213
218.78.151.174 - - [08/Aug/2020:10:45:40 +0800] "POST /xingrg/kc/buy/cgsh_order_operate.html HTTP/1.1" 200 8245
218.78.151.174 - - [08/Aug/2020:10:45:40 +0800] "GET /xingrg/javascript/easyui/themes/icons/edit_remove.png HTTP/1.1" 200 625
117.131.5.26 - - [08/Aug/2020:10:45:40 +0800] "GET /xingrg/all/function/internal_message.html?_=1596854741546&CODE_STATE=getMsg HTTP/1.1" 200 27
218.78.151.174 - - [08/Aug/2020:10:45:41 +0800] "GET /xingrg/javascript/easyui/plugins/jquery.draggable.js HTTP/1.1" 200 6121
218.78.151.174 - - [08/Aug/2020:10:45:41 +0800] "GET /xingrg/css/images/panel_loading.gif HTTP/1.1" 200 1737
218.78.151.174 - - [08/Aug/2020:10:45:41 +0800] "GET /xingrg/javascript/easyui/plugins/jquery.droppable.js HTTP/1.1" 200 1167
218.78.151.174 - - [08/Aug/2020:10:45:41 +0800] "GET /xingrg/javascript/easyui/themes/default/tree.css HTTP/1.1" 404 1090
218.78.151.174 - - [08/Aug/2020:10:45:41 +0800] "GET /xingrg/javascript/easyui/plugins/jquery.tree.js HTTP/1.1" 200 20874
61.172.5.115 - - [08/Aug/2020:10:45:41 +0800] "POST /xingrg/kc/buy/cgsh_order_operate.html HTTP/1.1" 200 37
218.78.151.174 - - [08/Aug/2020:10:45:41 +0800] "POST /xingrg/all/common/load_tree.html?tree=supplier_tree_json&isDelete=1 HTTP/1.1" 200 49675
117.184.7.26 - - [08/Aug/2020:10:45:41 +0800] "POST /xingrg/kc/buy/cgsh_order_operate.html HTTP/1.1" 200 2065
116.232.50.170 - - [08/Aug/2020:10:45:42 +0800] "GET /xingrg/kc/buy/cgsh_order_add.html HTTP/1.1" 200 59426
116.232.50.170 - - [08/Aug/2020:10:45:42 +0800] "POST /xingrg/kc/buy/cgsh_order_operate.html HTTP/1.1" 200 8245
61.172.5.115 - - [08/Aug/2020:10:45:42 +0800] "POST /xingrg/kc/buy/cgsh_order_operate.html HTTP/1.1" 200 3262
116.232.50.170 - - [08/Aug/2020:10:45:42 +0800] "GET /xingrg/all/common/auto_word.html?type=employee&rest_code=00109 HTTP/1.1" 200 255
116.232.50.170 - - [08/Aug/2020:10:45:42 +0800] "GET /xingrg/all/common/auto_word.html?type=employee&rest_code=00109 HTTP/1.1" 200 255
116.232.50.170 - - [08/Aug/2020:10:45:42 +0800] "GET /xingrg/javascript/easyui/themes/default/validatebox.css HTTP/1.1" 404 1104
218.78.151.174 - - [08/Aug/2020:10:45:43 +0800] "GET /xingrg/javascript/easyui/themes/default/images/tree_arrows.gif HTTP/1.1" 200 617
218.78.151.174 - - [08/Aug/2020:10:45:43 +0800] "GET /xingrg/javascript/easyui/themes/default/images/tree_folder_open.gif HTTP/1.1" 200 956
218.78.151.174 - - [08/Aug/2020:10:45:43 +0800] "GET /xingrg/javascript/easyui/themes/default/images/tree_folder.gif HTTP/1.1" 200 952
218.78.151.174 - - [08/Aug/2020:10:45:43 +0800] "GET /xingrg/javascript/easyui/themes/default/images/tree_file.gif HTTP/1.1" 200 118
172.17.0.240 - - [08/Aug/2020:10:45:43 +0800] "GET /xingrg/all/function/internal_message.html?_=1596854738049&CODE_STATE=getMsg HTTP/1.1" 200 27
218.81.217.115 - - [08/Aug/2020:10:45:43 +0800] "GET /xingrg/kc/buy/cgsh_order_operate.html?command=get_materiel&rest_code=00146&code=00101001069&supplier_code=00100199&order_time=2020-08-08 HTTP/1.1" 200 409
61.172.5.115 - - [08/Aug/2020:10:45:43 +0800] "GET /xingrg/kc/print/load_data.html?order_code=212020080803069&kc_code=cgsh&condition= HTTP/1.1" 200 966
172.17.0.100 - - [08/Aug/2020:10:45:43 +0800] "GET /xingrg/check_reg.html?_=1596854740514 HTTP/1.1" 200 22
172.17.0.100 - - [08/Aug/2020:10:45:43 +0800] "GET /xingrg/all/function/internal_message.html?_=1596854740517&CODE_STATE=getMsg HTTP/1.1" 200 27
180.171.243.240 - - [08/Aug/2020:10:45:45 +0800] "GET /xingrg/all/function/internal_message.html?_=1596854734388&CODE_STATE=getMsg HTTP/1.1" 200 27
116.230.74.197 - - [08/Aug/2020:10:45:46 +0800] "GET /xingrg/all/function/internal_message.html?_=1596854732662&CODE_STATE=getMsg HTTP/1.1" 200 27
222.69.136.88 - - [08/Aug/2020:10:45:46 +0800] "GET /xingrg/kc/buy/cgsh_order_operate.html?command=get_materiel&rest_code=00149&code=00101006109&supplier_code=00100012&order_time=2020-08-08 HTTP/1.1" 200 409
117.184.7.26 - - [08/Aug/2020:10:45:46 +0800] "GET /xingrg/kc/buy/cgsh_order_operate.html?command=get_materiel&rest_code=00108&code=00101008131&supplier_code=00100008&order_time=2020-08-08 HTTP/1.1" 200 408
61.172.5.115 - - [08/Aug/2020:10:45:48 +0800] "GET /xingrg/all/function/internal_message.html?_=1596854743742&CODE_STATE=getMsg HTTP/1.1" 200 27
