120.253.135.82 - - [08/Aug/2020:06:43:44 +0800] "GET /xingrg/javascript/easyui/themes/default/validatebox.css HTTP/1.1" 404 1104
120.253.135.82 - - [08/Aug/2020:06:43:45 +0800] "POST /xingrg/kc/pszx/mdps_list_operate.html HTTP/1.1" 200 2437
120.253.135.82 - - [08/Aug/2020:06:43:47 +0800] "POST /xingrg/kc/pszx/mdps_list_operate.html HTTP/1.1" 200 536
120.253.135.82 - - [08/Aug/2020:06:43:47 +0800] "GET /xingrg/kc/pszx/mdps_order_info.html?code=312020080800213 HTTP/1.1" 200 23849
120.253.135.82 - - [08/Aug/2020:06:43:47 +0800] "POST /xingrg/kc/pszx/mdps_order_operate.html HTTP/1.1" 200 4260
120.253.135.82 - - [08/Aug/2020:06:43:48 +0800] "GET /xingrg/javascript/easyui/themes/default/validatebox.css HTTP/1.1" 404 1104
120.253.135.82 - - [08/Aug/2020:06:43:52 +0800] "POST /xingrg/all/common/load_combo.html?type=base HTTP/1.1" 200 899
120.253.135.82 - - [08/Aug/2020:06:43:55 +0800] "POST /xingrg/kc/pszx/mdps_order_operate.html HTTP/1.1" 200 37
120.253.135.82 - - [08/Aug/2020:06:43:56 +0800] "GET /xingrg/kc/pszx/mdps_order_info.html?code=312020080800213 HTTP/1.1" 200 23849
120.253.135.82 - - [08/Aug/2020:06:43:57 +0800] "POST /xingrg/kc/pszx/mdps_order_operate.html HTTP/1.1" 200 4300
120.253.135.82 - - [08/Aug/2020:06:43:57 +0800] "GET /xingrg/javascript/easyui/themes/default/validatebox.css HTTP/1.1" 404 1104
172.17.0.182 - - [08/Aug/2020:06:43:57 +0800] "GET /xingrg/check_reg.html?_=1596840228915 HTTP/1.1" 200 22
172.17.0.182 - - [08/Aug/2020:06:43:57 +0800] "GET /xingrg/all/function/internal_message.html?_=1596840228912&CODE_STATE=getMsg HTTP/1.1" 200 27
114.88.153.107 - - [08/Aug/2020:06:44:13 +0800] "GET /xingrg/all/function/internal_message.html?_=1596840251340&CODE_STATE=getMsg HTTP/1.1" 200 27
120.253.135.82 - - [08/Aug/2020:06:44:30 +0800] "GET /xingrg/all/function/internal_message.html?_=1596840020430&CODE_STATE=getMsg HTTP/1.1" 200 27
117.131.5.26 - - [08/Aug/2020:06:44:40 +0800] "GET /xingrg/all/function/internal_message.html?_=1596840281359&CODE_STATE=getMsg HTTP/1.1" 200 27
172.17.0.240 - - [08/Aug/2020:06:44:42 +0800] "GET /xingrg/all/function/internal_message.html?_=1596840278060&CODE_STATE=getMsg HTTP/1.1" 200 27
172.17.0.182 - - [08/Aug/2020:06:44:57 +0800] "GET /xingrg/all/function/internal_message.html?_=1596840288913&CODE_STATE=getMsg HTTP/1.1" 200 27
120.253.135.82 - - [08/Aug/2020:06:45:09 +0800] "GET /xingrg/kc/pszx/mdps_order_operate.html?command=get_materiel&pszx_code=00101&rest_code=00107&base_code=0010250&code=00102002114 HTTP/1.1" 200 461
114.88.153.107 - - [08/Aug/2020:06:45:13 +0800] "GET /xingrg/all/function/internal_message.html?_=1596840311340&CODE_STATE=getMsg HTTP/1.1" 200 27
120.253.135.82 - - [08/Aug/2020:06:45:26 +0800] "POST /xingrg/kc/pszx/mdps_order_operate.html HTTP/1.1" 200 37
120.253.135.82 - - [08/Aug/2020:06:45:26 +0800] "GET /xingrg/kc/pszx/mdps_order_info.html?code=312020080800213 HTTP/1.1" 200 23849
120.253.135.82 - - [08/Aug/2020:06:45:27 +0800] "POST /xingrg/kc/pszx/mdps_order_operate.html HTTP/1.1" 200 4813
120.253.135.82 - - [08/Aug/2020:06:45:27 +0800] "GET /xingrg/javascript/easyui/themes/default/validatebox.css HTTP/1.1" 404 1104
120.253.135.82 - - [08/Aug/2020:06:45:30 +0800] "GET /xingrg/all/function/internal_message.html?_=1596840080444&CODE_STATE=getMsg HTTP/1.1" 200 27
117.131.5.26 - - [08/Aug/2020:06:45:40 +0800] "GET /xingrg/all/function/internal_message.html?_=1596840341359&CODE_STATE=getMsg HTTP/1.1" 200 27
172.17.0.240 - - [08/Aug/2020:06:45:42 +0800] "GET /xingrg/all/function/internal_message.html?_=1596840338046&CODE_STATE=getMsg HTTP/1.1" 200 27
120.253.135.82 - - [08/Aug/2020:06:45:52 +0800] "POST /xingrg/kc/pszx/mdps_order_operate.html HTTP/1.1" 200 37
120.253.135.82 - - [08/Aug/2020:06:45:52 +0800] "GET /xingrg/kc/pszx/mdps_order_info.html?code=312020080800213 HTTP/1.1" 200 23849
120.253.135.82 - - [08/Aug/2020:06:45:53 +0800] "POST /xingrg/kc/pszx/mdps_order_operate.html HTTP/1.1" 200 4813
120.253.135.82 - - [08/Aug/2020:06:45:53 +0800] "GET /xingrg/javascript/easyui/themes/default/validatebox.css HTTP/1.1" 404 1104
120.253.135.82 - - [08/Aug/2020:06:45:54 +0800] "POST /xingrg/kc/pszx/mdps_list_operate.html HTTP/1.1" 200 2437
120.253.135.82 - - [08/Aug/2020:06:45:56 +0800] "POST /xingrg/kc/pszx/mdps_list_operate.html HTTP/1.1" 200 639
120.253.135.82 - - [08/Aug/2020:06:45:56 +0800] "GET /xingrg/kc/pszx/mdps_order_info.html?code=312020080800214 HTTP/1.1" 200 23849
120.253.135.82 - - [08/Aug/2020:06:45:57 +0800] "POST /xingrg/kc/pszx/mdps_order_operate.html HTTP/1.1" 200 7863
120.253.135.82 - - [08/Aug/2020:06:45:57 +0800] "GET /xingrg/javascript/easyui/themes/default/validatebox.css HTTP/1.1" 404 1104
172.17.0.182 - - [08/Aug/2020:06:45:57 +0800] "GET /xingrg/all/function/internal_message.html?_=1596840348918&CODE_STATE=getMsg HTTP/1.1" 200 27
120.253.135.82 - - [08/Aug/2020:06:46:00 +0800] "POST /xingrg/kc/pszx/mdps_order_operate.html HTTP/1.1" 200 37
120.253.135.82 - - [08/Aug/2020:06:46:01 +0800] "GET /xingrg/kc/pszx/mdps_order_info.html?code=312020080800214 HTTP/1.1" 200 23849
120.253.135.82 - - [08/Aug/2020:06:46:01 +0800] "POST /xingrg/kc/pszx/mdps_order_operate.html HTTP/1.1" 200 7957
120.253.135.82 - - [08/Aug/2020:06:46:01 +0800] "GET /xingrg/javascript/easyui/themes/default/validatebox.css HTTP/1.1" 404 1104
120.253.135.82 - - [08/Aug/2020:06:46:12 +0800] "POST /xingrg/kc/pszx/mdps_list_operate.html HTTP/1.1" 200 2437
114.88.153.107 - - [08/Aug/2020:06:46:13 +0800] "GET /xingrg/all/function/internal_message.html?_=1596840371339&CODE_STATE=getMsg HTTP/1.1" 200 27
120.253.135.82 - - [08/Aug/2020:06:46:13 +0800] "GET /xingrg/kc/buy/buy_main.html HTTP/1.1" 200 12341
120.253.135.82 - - [08/Aug/2020:06:46:13 +0800] "GET /xingrg/css/new_ie.css HTTP/1.1" 404 1036
120.253.135.82 - - [08/Aug/2020:06:46:14 +0800] "GET /xingrg/images/yd/bt.gif HTTP/1.1" 404 1040
120.253.135.82 - - [08/Aug/2020:06:46:15 +0800] "GET /xingrg/kc/buy/cgsh_order_list.html HTTP/1.1" 200 43896
120.253.135.82 - - [08/Aug/2020:06:46:16 +0800] "POST /xingrg/kc/buy/cgsh_list_operate.html HTTP/1.1" 200 876
120.253.135.82 - - [08/Aug/2020:06:46:17 +0800] "GET /xingrg/kc/buy/cgsh_order_add.html HTTP/1.1" 200 58358
120.253.135.82 - - [08/Aug/2020:06:46:17 +0800] "POST /xingrg/kc/buy/cgsh_order_operate.html HTTP/1.1" 200 8245
120.253.135.82 - - [08/Aug/2020:06:46:17 +0800] "GET /xingrg/javascript/easyui/themes/default/validatebox.css HTTP/1.1" 404 1104
120.253.135.82 - - [08/Aug/2020:06:46:25 +0800] "GET /xingrg/kc/buy/cgsh_order_operate.html?command=get_materiel&rest_code=00101&code=00101019534&supplier_code=&order_time=2020-08-08 HTTP/1.1" 200 471
120.253.135.82 - - [08/Aug/2020:06:46:27 +0800] "POST /xingrg/all/common/load_select.html HTTP/1.1" 200 25
120.253.135.82 - - [08/Aug/2020:06:46:29 +0800] "GET /xingrg/kc/buy/cgsh_order_operate.html?command=get_materiel_price&rest_code=00101&code=00101019534&unit_code=00100189&supplier_code=&order_time=2020-08-08 HTTP/1.1" 200 29
120.253.135.82 - - [08/Aug/2020:06:46:30 +0800] "GET /xingrg/all/function/internal_message.html?_=1596840140456&CODE_STATE=getMsg HTTP/1.1" 200 27
120.253.135.82 - - [08/Aug/2020:06:46:37 +0800] "GET /xingrg/kc/pszx/mdps_order_list.html?orderType=0 HTTP/1.1" 200 21018
120.253.135.82 - - [08/Aug/2020:06:46:37 +0800] "POST /xingrg/kc/pszx/mdps_list_operate.html HTTP/1.1" 200 5401
117.131.5.26 - - [08/Aug/2020:06:46:40 +0800] "GET /xingrg/all/function/internal_message.html?_=1596840401359&CODE_STATE=getMsg HTTP/1.1" 200 27
172.17.0.240 - - [08/Aug/2020:06:46:42 +0800] "GET /xingrg/all/function/internal_message.html?_=1596840398049&CODE_STATE=getMsg HTTP/1.1" 200 27
120.253.135.82 - - [08/Aug/2020:06:46:46 +0800] "POST /xingrg/kc/pszx/mdps_list_operate.html HTTP/1.1" 200 2437
120.253.135.82 - - [08/Aug/2020:06:46:48 +0800] "POST /xingrg/kc/pszx/mdps_list_operate.html HTTP/1.1" 200 639
120.253.135.82 - - [08/Aug/2020:06:46:49 +0800] "GET /xingrg/kc/pszx/mdps_order_info.html?code=312020080800214 HTTP/1.1" 200 23849
120.253.135.82 - - [08/Aug/2020:06:46:49 +0800] "POST /xingrg/kc/pszx/mdps_order_operate.html HTTP/1.1" 200 7957
120.253.135.82 - - [08/Aug/2020:06:46:49 +0800] "GET /xingrg/javascript/easyui/themes/default/validatebox.css HTTP/1.1" 404 1104
172.17.0.182 - - [08/Aug/2020:06:46:57 +0800] "GET /xingrg/all/function/internal_message.html?_=1596840408946&CODE_STATE=getMsg HTTP/1.1" 200 27
114.88.153.107 - - [08/Aug/2020:06:47:13 +0800] "GET /xingrg/all/function/internal_message.html?_=1596840431337&CODE_STATE=getMsg HTTP/1.1" 200 27
120.253.135.82 - - [08/Aug/2020:06:47:30 +0800] "GET /xingrg/all/function/internal_message.html?_=1596840200471&CODE_STATE=getMsg HTTP/1.1" 200 27
120.253.135.82 - - [08/Aug/2020:06:47:39 +0800] "GET /xingrg/kc/pszx/mdps_order_operate.html?command=get_materiel&pszx_code=00101&rest_code=00107&base_code=0010246&code=00101016124 HTTP/1.1" 200 438
117.131.5.26 - - [08/Aug/2020:06:47:40 +0800] "GET /xingrg/all/function/internal_message.html?_=1596840461359&CODE_STATE=getMsg HTTP/1.1" 200 27
172.17.0.240 - - [08/Aug/2020:06:47:42 +0800] "GET /xingrg/all/function/internal_message.html?_=1596840458051&CODE_STATE=getMsg HTTP/1.1" 200 27
172.17.0.240 - - [08/Aug/2020:06:47:42 +0800] "GET /xingrg/check_reg.html?_=1596840458051 HTTP/1.1" 200 22
120.253.135.82 - - [08/Aug/2020:06:47:54 +0800] "POST /xingrg/kc/pszx/mdps_order_operate.html HTTP/1.1" 200 37
120.253.135.82 - - [08/Aug/2020:06:47:55 +0800] "GET /xingrg/kc/pszx/mdps_order_info.html?code=312020080800214 HTTP/1.1" 200 23849
120.253.135.82 - - [08/Aug/2020:06:47:56 +0800] "POST /xingrg/kc/pszx/mdps_order_operate.html HTTP/1.1" 200 7946
120.253.135.82 - - [08/Aug/2020:06:47:56 +0800] "GET /xingrg/javascript/easyui/themes/default/validatebox.css HTTP/1.1" 404 1104
172.17.0.182 - - [08/Aug/2020:06:47:57 +0800] "GET /xingrg/all/function/internal_message.html?_=1596840468944&CODE_STATE=getMsg HTTP/1.1" 200 27
180.152.230.204 - - [08/Aug/2020:06:48:01 +0800] "GET /xingrg/check_reg.html?_=1596839789987 HTTP/1.1" 200 22
120.253.135.82 - - [08/Aug/2020:06:48:04 +0800] "GET /xingrg/kc/pszx/mdps_order_info.html?code=312020080800214 HTTP/1.1" 200 23849
120.253.135.82 - - [08/Aug/2020:06:48:04 +0800] "POST /xingrg/kc/pszx/mdps_order_operate.html HTTP/1.1" 200 7946
120.253.135.82 - - [08/Aug/2020:06:48:04 +0800] "GET /xingrg/javascript/easyui/themes/default/validatebox.css HTTP/1.1" 404 1104
120.253.135.82 - - [08/Aug/2020:06:48:07 +0800] "POST /xingrg/kc/pszx/mdps_list_operate.html HTTP/1.1" 200 2436
114.88.153.107 - - [08/Aug/2020:06:48:13 +0800] "GET /xingrg/all/function/internal_message.html?_=1596840491335&CODE_STATE=getMsg HTTP/1.1" 200 27
114.88.153.107 - - [08/Aug/2020:06:48:13 +0800] "GET /xingrg/check_reg.html?_=1596840491337 HTTP/1.1" 200 22
120.253.135.82 - - [08/Aug/2020:06:48:15 +0800] "GET /xingrg/kc/pszx/mdqp_order_list.html?state=10 HTTP/1.1" 200 11371
120.253.135.82 - - [08/Aug/2020:06:48:15 +0800] "GET /xingrg/dwr/interface/AjaxReportQueryService.js HTTP/1.1" 200 13203
120.253.135.82 - - [08/Aug/2020:06:48:15 +0800] "GET /xingrg/dwr/engine.js HTTP/1.1" 200 43631
120.253.135.82 - - [08/Aug/2020:06:48:15 +0800] "GET /xingrg/dwr/interface/AjaxQqpsService.js HTTP/1.1" 200 16326
120.253.135.82 - - [08/Aug/2020:06:48:17 +0800] "GET /xingrg/kc/pszx/mdqp_order_info.html?code=302020080700150 HTTP/1.1" 200 13350
120.253.135.82 - - [08/Aug/2020:06:48:17 +0800] "GET /xingrg/dwr/interface/AjaxQqpsService.js HTTP/1.1" 200 16326
120.253.135.82 - - [08/Aug/2020:06:48:17 +0800] "GET /xingrg/dwr/interface/AjaxComOrderService.js HTTP/1.1" 200 18264
120.253.135.82 - - [08/Aug/2020:06:48:17 +0800] "GET /xingrg/dwr/engine.js HTTP/1.1" 200 43631
120.253.135.82 - - [08/Aug/2020:06:48:18 +0800] "POST /xingrg/dwr/call/plaincall/AjaxQqpsService.loadMaterielItems.dwr HTTP/1.1" 200 3007
120.253.135.82 - - [08/Aug/2020:06:48:27 +0800] "GET /xingrg/check_reg.html?_=1596840256943 HTTP/1.1" 200 22
120.253.135.82 - - [08/Aug/2020:06:48:30 +0800] "GET /xingrg/all/function/internal_message.html?_=1596840260484&CODE_STATE=getMsg HTTP/1.1" 200 27
120.253.135.82 - - [08/Aug/2020:06:48:33 +0800] "GET /xingrg/images/yd/bt.gif HTTP/1.1" 404 1040
120.253.135.82 - - [08/Aug/2020:06:48:33 +0800] "GET /xingrg/images/yd/bt2.gif HTTP/1.1" 404 1042
117.131.5.26 - - [08/Aug/2020:06:48:40 +0800] "GET /xingrg/check_reg.html?_=1596840521359 HTTP/1.1" 200 22
117.131.5.26 - - [08/Aug/2020:06:48:40 +0800] "GET /xingrg/all/function/internal_message.html?_=1596840521359&CODE_STATE=getMsg HTTP/1.1" 200 27
172.17.0.240 - - [08/Aug/2020:06:48:42 +0800] "GET /xingrg/all/function/internal_message.html?_=1596840518053&CODE_STATE=getMsg HTTP/1.1" 200 27
120.253.135.82 - - [08/Aug/2020:06:48:49 +0800] "GET /xingrg/kc/pszx/mdqp_order_list.html?isBack=1 HTTP/1.1" 302 -
120.253.135.82 - - [08/Aug/2020:06:48:49 +0800] "GET /xingrg/kc/pszx/mdqp_order_list.html?state=10 HTTP/1.1" 200 11371
120.253.135.82 - - [08/Aug/2020:06:48:49 +0800] "GET /xingrg/dwr/interface/AjaxQqpsService.js HTTP/1.1" 200 16326
120.253.135.82 - - [08/Aug/2020:06:48:49 +0800] "GET /xingrg/dwr/interface/AjaxReportQueryService.js HTTP/1.1" 200 13203
120.253.135.82 - - [08/Aug/2020:06:48:49 +0800] "GET /xingrg/dwr/engine.js HTTP/1.1" 200 43631
120.253.135.82 - - [08/Aug/2020:06:48:51 +0800] "GET /xingrg/kc/pszx/mdqp_order_info.html?code=302020080700152 HTTP/1.1" 200 13350
120.253.135.82 - - [08/Aug/2020:06:48:51 +0800] "GET /xingrg/dwr/interface/AjaxQqpsService.js HTTP/1.1" 200 16326
120.253.135.82 - - [08/Aug/2020:06:48:51 +0800] "GET /xingrg/dwr/interface/AjaxComOrderService.js HTTP/1.1" 200 18264
120.253.135.82 - - [08/Aug/2020:06:48:51 +0800] "GET /xingrg/dwr/engine.js HTTP/1.1" 200 43631
120.253.135.82 - - [08/Aug/2020:06:48:52 +0800] "POST /xingrg/dwr/call/plaincall/AjaxQqpsService.loadMaterielItems.dwr HTTP/1.1" 200 3594
172.17.0.182 - - [08/Aug/2020:06:48:57 +0800] "GET /xingrg/check_reg.html?_=1596840528934 HTTP/1.1" 200 22
172.17.0.182 - - [08/Aug/2020:06:48:57 +0800] "GET /xingrg/all/function/internal_message.html?_=1596840528936&CODE_STATE=getMsg HTTP/1.1" 200 27
114.88.153.107 - - [08/Aug/2020:06:49:13 +0800] "GET /xingrg/all/function/internal_message.html?_=1596840551336&CODE_STATE=getMsg HTTP/1.1" 200 27
120.253.135.82 - - [08/Aug/2020:06:49:30 +0800] "GET /xingrg/all/function/internal_message.html?_=1596840320498&CODE_STATE=getMsg HTTP/1.1" 200 27
117.131.5.26 - - [08/Aug/2020:06:49:40 +0800] "GET /xingrg/all/function/internal_message.html?_=1596840581359&CODE_STATE=getMsg HTTP/1.1" 200 27
172.17.0.240 - - [08/Aug/2020:06:49:42 +0800] "GET /xingrg/all/function/internal_message.html?_=1596840578065&CODE_STATE=getMsg HTTP/1.1" 200 27
120.253.135.82 - - [08/Aug/2020:06:49:46 +0800] "GET /xingrg/images/yd/bt.gif HTTP/1.1" 404 1040
120.253.135.82 - - [08/Aug/2020:06:49:46 +0800] "GET /xingrg/images/yd/bt2.gif HTTP/1.1" 404 1042
120.253.135.82 - - [08/Aug/2020:06:49:54 +0800] "GET /xingrg/kc/pszx/mdqp_order_list.html?isBack=1 HTTP/1.1" 302 -
120.253.135.82 - - [08/Aug/2020:06:49:55 +0800] "GET /xingrg/kc/pszx/mdqp_order_list.html?state=10 HTTP/1.1" 200 11371
120.253.135.82 - - [08/Aug/2020:06:49:55 +0800] "GET /xingrg/dwr/interface/AjaxQqpsService.js HTTP/1.1" 200 16326
120.253.135.82 - - [08/Aug/2020:06:49:55 +0800] "GET /xingrg/dwr/interface/AjaxReportQueryService.js HTTP/1.1" 200 13203
120.253.135.82 - - [08/Aug/2020:06:49:55 +0800] "GET /xingrg/dwr/engine.js HTTP/1.1" 200 43631
120.253.135.82 - - [08/Aug/2020:06:49:56 +0800] "GET /xingrg/kc/pszx/mdqp_order_info.html?code=302020080700152 HTTP/1.1" 200 13350
120.253.135.82 - - [08/Aug/2020:06:49:56 +0800] "GET /xingrg/dwr/interface/AjaxComOrderService.js HTTP/1.1" 200 18264
120.253.135.82 - - [08/Aug/2020:06:49:56 +0800] "GET /xingrg/dwr/interface/AjaxQqpsService.js HTTP/1.1" 200 16326
120.253.135.82 - - [08/Aug/2020:06:49:56 +0800] "GET /xingrg/dwr/engine.js HTTP/1.1" 200 43631
172.17.0.182 - - [08/Aug/2020:06:49:57 +0800] "GET /xingrg/all/function/internal_message.html?_=1596840588942&CODE_STATE=getMsg HTTP/1.1" 200 27
120.253.135.82 - - [08/Aug/2020:06:49:57 +0800] "POST /xingrg/dwr/call/plaincall/AjaxQqpsService.loadMaterielItems.dwr HTTP/1.1" 200 3594
120.253.135.82 - - [08/Aug/2020:06:49:59 +0800] "GET /xingrg/kc/pszx/mdqp_order_list.html?isBack=1 HTTP/1.1" 302 -
120.253.135.82 - - [08/Aug/2020:06:49:59 +0800] "GET /xingrg/kc/pszx/mdqp_order_list.html?state=10 HTTP/1.1" 200 11371
120.253.135.82 - - [08/Aug/2020:06:49:59 +0800] "GET /xingrg/dwr/interface/AjaxReportQueryService.js HTTP/1.1" 200 13203
120.253.135.82 - - [08/Aug/2020:06:49:59 +0800] "GET /xingrg/dwr/interface/AjaxQqpsService.js HTTP/1.1" 200 16326
120.253.135.82 - - [08/Aug/2020:06:49:59 +0800] "GET /xingrg/dwr/engine.js HTTP/1.1" 200 43631
120.253.135.82 - - [08/Aug/2020:06:50:01 +0800] "GET /xingrg/kc/pszx/mdqp_order_info.html?code=302020080700155 HTTP/1.1" 200 13350
120.253.135.82 - - [08/Aug/2020:06:50:01 +0800] "GET /xingrg/dwr/interface/AjaxQqpsService.js HTTP/1.1" 200 16326
120.253.135.82 - - [08/Aug/2020:06:50:01 +0800] "GET /xingrg/dwr/interface/AjaxComOrderService.js HTTP/1.1" 200 18264
120.253.135.82 - - [08/Aug/2020:06:50:01 +0800] "GET /xingrg/dwr/engine.js HTTP/1.1" 200 43631
120.253.135.82 - - [08/Aug/2020:06:50:02 +0800] "POST /xingrg/dwr/call/plaincall/AjaxQqpsService.loadMaterielItems.dwr HTTP/1.1" 200 661
120.253.135.82 - - [08/Aug/2020:06:50:06 +0800] "GET /xingrg/kc/pszx/mdqp_order_list.html?isBack=1 HTTP/1.1" 302 -
120.253.135.82 - - [08/Aug/2020:06:50:06 +0800] "GET /xingrg/kc/pszx/mdqp_order_list.html?state=10 HTTP/1.1" 200 11371
120.253.135.82 - - [08/Aug/2020:06:50:06 +0800] "GET /xingrg/dwr/interface/AjaxReportQueryService.js HTTP/1.1" 200 13203
120.253.135.82 - - [08/Aug/2020:06:50:06 +0800] "GET /xingrg/dwr/engine.js HTTP/1.1" 200 43631
120.253.135.82 - - [08/Aug/2020:06:50:06 +0800] "GET /xingrg/dwr/interface/AjaxQqpsService.js HTTP/1.1" 200 16326
120.253.135.82 - - [08/Aug/2020:06:50:09 +0800] "GET /xingrg/kc/pszx/jzcl_ps.html HTTP/1.1" 200 7683
120.253.135.82 - - [08/Aug/2020:06:50:09 +0800] "POST /xingrg/all/common/load_tree.html?tree=area_rest_tree_json HTTP/1.1" 200 3216
120.253.135.82 - - [08/Aug/2020:06:50:09 +0800] "POST /xingrg/kc/pszx/jzcl_ps_operate.html HTTP/1.1" 200 1326
120.253.135.82 - - [08/Aug/2020:06:50:09 +0800] "POST /xingrg/kc/pszx/jzcl_ps_operate.html HTTP/1.1" 200 1326
114.88.153.107 - - [08/Aug/2020:06:50:13 +0800] "GET /xingrg/all/function/internal_message.html?_=1596840611335&CODE_STATE=getMsg HTTP/1.1" 200 27
120.253.135.82 - - [08/Aug/2020:06:50:18 +0800] "POST /xingrg/kc/pszx/jzcl_ps_operate.html HTTP/1.1" 200 4
120.253.135.82 - - [08/Aug/2020:06:50:19 +0800] "GET /xingrg/kc/pszx/mdps_order_list.html HTTP/1.1" 200 21018
120.253.135.82 - - [08/Aug/2020:06:50:19 +0800] "POST /xingrg/kc/pszx/mdps_list_operate.html HTTP/1.1" 200 5463
120.253.135.82 - - [08/Aug/2020:06:50:30 +0800] "GET /xingrg/all/function/internal_message.html?_=1596840380511&CODE_STATE=getMsg HTTP/1.1" 200 27
117.131.5.26 - - [08/Aug/2020:06:50:40 +0800] "GET /xingrg/all/function/internal_message.html?_=1596840641359&CODE_STATE=getMsg HTTP/1.1" 200 27
172.17.0.240 - - [08/Aug/2020:06:50:42 +0800] "GET /xingrg/all/function/internal_message.html?_=1596840638060&CODE_STATE=getMsg HTTP/1.1" 200 27
172.17.0.182 - - [08/Aug/2020:06:50:57 +0800] "GET /xingrg/all/function/internal_message.html?_=1596840648939&CODE_STATE=getMsg HTTP/1.1" 200 27
114.88.153.107 - - [08/Aug/2020:06:51:13 +0800] "GET /xingrg/all/function/internal_message.html?_=1596840671360&CODE_STATE=getMsg HTTP/1.1" 200 27
120.253.135.82 - - [08/Aug/2020:06:51:30 +0800] "GET /xingrg/all/function/internal_message.html?_=1596840440525&CODE_STATE=getMsg HTTP/1.1" 200 27
117.131.5.26 - - [08/Aug/2020:06:51:40 +0800] "GET /xingrg/all/function/internal_message.html?_=1596840701359&CODE_STATE=getMsg HTTP/1.1" 200 27
172.17.0.240 - - [08/Aug/2020:06:51:42 +0800] "GET /xingrg/all/function/internal_message.html?_=1596840698047&CODE_STATE=getMsg HTTP/1.1" 200 27
120.253.135.82 - - [08/Aug/2020:06:51:54 +0800] "GET /xingrg/kc/pszx/mdqp_order_list.html?state=10 HTTP/1.1" 200 10125
120.253.135.82 - - [08/Aug/2020:06:51:54 +0800] "GET /xingrg/dwr/interface/AjaxQqpsService.js HTTP/1.1" 200 16326
120.253.135.82 - - [08/Aug/2020:06:51:54 +0800] "GET /xingrg/dwr/interface/AjaxReportQueryService.js HTTP/1.1" 200 13203
120.253.135.82 - - [08/Aug/2020:06:51:54 +0800] "GET /xingrg/dwr/engine.js HTTP/1.1" 200 43631
120.253.135.82 - - [08/Aug/2020:06:51:56 +0800] "GET /xingrg/kc/pszx/mdps_order_list.html?orderType=0 HTTP/1.1" 200 21018
120.253.135.82 - - [08/Aug/2020:06:51:56 +0800] "POST /xingrg/kc/pszx/mdps_list_operate.html HTTP/1.1" 200 5463
172.17.0.182 - - [08/Aug/2020:06:51:57 +0800] "GET /xingrg/all/function/internal_message.html?_=1596840708952&CODE_STATE=getMsg HTTP/1.1" 200 27
120.253.135.82 - - [08/Aug/2020:06:52:10 +0800] "POST /xingrg/kc/pszx/mdps_list_operate.html HTTP/1.1" 200 3552
114.88.153.107 - - [08/Aug/2020:06:52:13 +0800] "GET /xingrg/all/function/internal_message.html?_=1596840731360&CODE_STATE=getMsg HTTP/1.1" 200 27
120.253.135.82 - - [08/Aug/2020:06:52:13 +0800] "POST /xingrg/kc/pszx/mdps_list_operate.html HTTP/1.1" 200 363
120.253.135.82 - - [08/Aug/2020:06:52:14 +0800] "GET /xingrg/kc/pszx/mdps_order_info.html?code=312020080500129 HTTP/1.1" 200 23849
120.253.135.82 - - [08/Aug/2020:06:52:14 +0800] "GET /xingrg/javascript/easyui/themes/default/validatebox.css HTTP/1.1" 404 1104
120.253.135.82 - - [08/Aug/2020:06:52:14 +0800] "POST /xingrg/kc/pszx/mdps_order_operate.html HTTP/1.1" 200 3248
120.253.135.82 - - [08/Aug/2020:06:52:18 +0800] "POST /xingrg/kc/pszx/mdps_list_operate.html HTTP/1.1" 200 213
120.253.135.82 - - [08/Aug/2020:06:52:18 +0800] "GET /xingrg/kc/pszx/mdps_order_info.html?code=312020080500130 HTTP/1.1" 200 23855
120.253.135.82 - - [08/Aug/2020:06:52:19 +0800] "POST /xingrg/kc/pszx/mdps_order_operate.html HTTP/1.1" 200 2307
120.253.135.82 - - [08/Aug/2020:06:52:19 +0800] "GET /xingrg/javascript/easyui/themes/default/validatebox.css HTTP/1.1" 404 1104
120.253.135.82 - - [08/Aug/2020:06:52:21 +0800] "POST /xingrg/kc/pszx/mdps_list_operate.html HTTP/1.1" 200 3552
120.253.135.82 - - [08/Aug/2020:06:52:23 +0800] "POST /xingrg/kc/pszx/mdps_list_operate.html HTTP/1.1" 200 615
120.253.135.82 - - [08/Aug/2020:06:52:24 +0800] "GET /xingrg/kc/pszx/mdps_order_info.html?code=312020080800215 HTTP/1.1" 200 23849
120.253.135.82 - - [08/Aug/2020:06:52:25 +0800] "POST /xingrg/kc/pszx/mdps_order_operate.html HTTP/1.1" 200 7720
120.253.135.82 - - [08/Aug/2020:06:52:25 +0800] "GET /xingrg/javascript/easyui/themes/default/validatebox.css HTTP/1.1" 404 1104
120.253.135.82 - - [08/Aug/2020:06:52:30 +0800] "GET /xingrg/all/function/internal_message.html?_=1596840500663&CODE_STATE=getMsg HTTP/1.1" 200 27
120.253.135.82 - - [08/Aug/2020:06:52:30 +0800] "POST /xingrg/kc/pszx/mdps_order_operate.html HTTP/1.1" 200 37
120.253.135.82 - - [08/Aug/2020:06:52:31 +0800] "GET /xingrg/kc/pszx/mdps_order_info.html?code=312020080800215 HTTP/1.1" 200 23849
120.253.135.82 - - [08/Aug/2020:06:52:32 +0800] "POST /xingrg/kc/pszx/mdps_order_operate.html HTTP/1.1" 200 7810
120.253.135.82 - - [08/Aug/2020:06:52:32 +0800] "GET /xingrg/javascript/easyui/themes/default/validatebox.css HTTP/1.1" 404 1104
117.131.5.26 - - [08/Aug/2020:06:52:40 +0800] "GET /xingrg/all/function/internal_message.html?_=1596840761359&CODE_STATE=getMsg HTTP/1.1" 200 27
172.17.0.240 - - [08/Aug/2020:06:52:42 +0800] "GET /xingrg/all/function/internal_message.html?_=1596840758051&CODE_STATE=getMsg HTTP/1.1" 200 27
172.17.0.240 - - [08/Aug/2020:06:52:42 +0800] "GET /xingrg/check_reg.html?_=1596840758053 HTTP/1.1" 200 22
172.17.0.182 - - [08/Aug/2020:06:52:57 +0800] "GET /xingrg/all/function/internal_message.html?_=1596840768948&CODE_STATE=getMsg HTTP/1.1" 200 27
180.152.230.204 - - [08/Aug/2020:06:53:01 +0800] "GET /xingrg/check_reg.html?_=1596840089989 HTTP/1.1" 200 22
114.88.153.107 - - [08/Aug/2020:06:53:13 +0800] "GET /xingrg/all/function/internal_message.html?_=1596840791359&CODE_STATE=getMsg HTTP/1.1" 200 27
114.88.153.107 - - [08/Aug/2020:06:53:13 +0800] "GET /xingrg/check_reg.html?_=1596840791362 HTTP/1.1" 200 22
120.253.135.82 - - [08/Aug/2020:06:53:27 +0800] "GET /xingrg/check_reg.html?_=1596840556948 HTTP/1.1" 200 22
120.253.135.82 - - [08/Aug/2020:06:53:30 +0800] "GET /xingrg/all/function/internal_message.html?_=1596840560677&CODE_STATE=getMsg HTTP/1.1" 200 27
117.131.5.26 - - [08/Aug/2020:06:53:40 +0800] "GET /xingrg/check_reg.html?_=1596840821359 HTTP/1.1" 200 22
117.131.5.26 - - [08/Aug/2020:06:53:40 +0800] "GET /xingrg/all/function/internal_message.html?_=1596840821359&CODE_STATE=getMsg HTTP/1.1" 200 27
172.17.0.240 - - [08/Aug/2020:06:53:42 +0800] "GET /xingrg/all/function/internal_message.html?_=1596840818053&CODE_STATE=getMsg HTTP/1.1" 200 27
172.17.0.182 - - [08/Aug/2020:06:53:57 +0800] "GET /xingrg/check_reg.html?_=1596840828944 HTTP/1.1" 200 22
172.17.0.182 - - [08/Aug/2020:06:53:57 +0800] "GET /xingrg/all/function/internal_message.html?_=1596840828946&CODE_STATE=getMsg HTTP/1.1" 200 27
114.88.153.107 - - [08/Aug/2020:06:54:13 +0800] "GET /xingrg/all/function/internal_message.html?_=1596840851361&CODE_STATE=getMsg HTTP/1.1" 200 27
120.253.135.82 - - [08/Aug/2020:06:54:30 +0800] "GET /xingrg/all/function/internal_message.html?_=1596840620691&CODE_STATE=getMsg HTTP/1.1" 200 27
117.131.5.26 - - [08/Aug/2020:06:54:40 +0800] "GET /xingrg/all/function/internal_message.html?_=1596840881359&CODE_STATE=getMsg HTTP/1.1" 200 27
172.17.0.240 - - [08/Aug/2020:06:54:42 +0800] "GET /xingrg/all/function/internal_message.html?_=1596840878058&CODE_STATE=getMsg HTTP/1.1" 200 27
172.17.0.182 - - [08/Aug/2020:06:54:57 +0800] "GET /xingrg/all/function/internal_message.html?_=1596840888947&CODE_STATE=getMsg HTTP/1.1" 200 27
114.88.153.107 - - [08/Aug/2020:06:55:13 +0800] "GET /xingrg/all/function/internal_message.html?_=1596840911360&CODE_STATE=getMsg HTTP/1.1" 200 27
120.253.135.82 - - [08/Aug/2020:06:55:31 +0800] "GET /xingrg/all/function/internal_message.html?_=1596840680840&CODE_STATE=getMsg HTTP/1.1" 200 27
117.131.5.26 - - [08/Aug/2020:06:55:40 +0800] "GET /xingrg/all/function/internal_message.html?_=1596840941359&CODE_STATE=getMsg HTTP/1.1" 200 27
172.17.0.240 - - [08/Aug/2020:06:55:42 +0800] "GET /xingrg/all/function/internal_message.html?_=1596840938046&CODE_STATE=getMsg HTTP/1.1" 200 27
172.17.0.182 - - [08/Aug/2020:06:55:57 +0800] "GET /xingrg/all/function/internal_message.html?_=1596840948951&CODE_STATE=getMsg HTTP/1.1" 200 27
114.88.153.107 - - [08/Aug/2020:06:56:13 +0800] "GET /xingrg/all/function/internal_message.html?_=1596840971360&CODE_STATE=getMsg HTTP/1.1" 200 27
120.253.135.82 - - [08/Aug/2020:06:56:31 +0800] "GET /xingrg/all/function/internal_message.html?_=1596840740843&CODE_STATE=getMsg HTTP/1.1" 200 27
117.131.5.26 - - [08/Aug/2020:06:56:40 +0800] "GET /xingrg/all/function/internal_message.html?_=1596841001359&CODE_STATE=getMsg HTTP/1.1" 200 27
172.17.0.240 - - [08/Aug/2020:06:56:42 +0800] "GET /xingrg/all/function/internal_message.html?_=1596840998055&CODE_STATE=getMsg HTTP/1.1" 200 27
120.253.135.82 - - [08/Aug/2020:06:56:54 +0800] "GET /xingrg/kc/pszx/mdps_order_operate.html?command=get_materiel&pszx_code=00101&rest_code=00148&base_code=0010246&code=00101019212 HTTP/1.1" 200 464
172.17.0.182 - - [08/Aug/2020:06:56:57 +0800] "GET /xingrg/all/function/internal_message.html?_=1596841008947&CODE_STATE=getMsg HTTP/1.1" 200 27
120.253.135.82 - - [08/Aug/2020:06:57:05 +0800] "POST /xingrg/kc/pszx/mdps_order_operate.html HTTP/1.1" 200 37
120.253.135.82 - - [08/Aug/2020:06:57:06 +0800] "GET /xingrg/kc/pszx/mdps_order_info.html?code=312020080800215 HTTP/1.1" 200 23849
120.253.135.82 - - [08/Aug/2020:06:57:06 +0800] "POST /xingrg/kc/pszx/mdps_order_operate.html HTTP/1.1" 200 7836
120.253.135.82 - - [08/Aug/2020:06:57:06 +0800] "GET /xingrg/javascript/easyui/themes/default/validatebox.css HTTP/1.1" 404 1104
114.88.153.107 - - [08/Aug/2020:06:57:13 +0800] "GET /xingrg/all/function/internal_message.html?_=1596841031361&CODE_STATE=getMsg HTTP/1.1" 200 27
120.253.135.82 - - [08/Aug/2020:06:57:31 +0800] "GET /xingrg/all/function/internal_message.html?_=1596840800856&CODE_STATE=getMsg HTTP/1.1" 200 27
117.131.5.26 - - [08/Aug/2020:06:57:40 +0800] "GET /xingrg/all/function/internal_message.html?_=1596841061359&CODE_STATE=getMsg HTTP/1.1" 200 27
172.17.0.240 - - [08/Aug/2020:06:57:42 +0800] "GET /xingrg/all/function/internal_message.html?_=1596841058044&CODE_STATE=getMsg HTTP/1.1" 200 27
172.17.0.240 - - [08/Aug/2020:06:57:42 +0800] "GET /xingrg/check_reg.html?_=1596841058045 HTTP/1.1" 200 22
172.17.0.182 - - [08/Aug/2020:06:57:57 +0800] "GET /xingrg/all/function/internal_message.html?_=1596841068944&CODE_STATE=getMsg HTTP/1.1" 200 27
180.152.230.204 - - [08/Aug/2020:06:58:01 +0800] "GET /xingrg/check_reg.html?_=1596840390007 HTTP/1.1" 200 22
114.88.153.107 - - [08/Aug/2020:06:58:13 +0800] "GET /xingrg/all/function/internal_message.html?_=1596841091360&CODE_STATE=getMsg HTTP/1.1" 200 27
114.88.153.107 - - [08/Aug/2020:06:58:13 +0800] "GET /xingrg/check_reg.html?_=1596841091361 HTTP/1.1" 200 22
120.253.135.82 - - [08/Aug/2020:06:58:27 +0800] "GET /xingrg/check_reg.html?_=1596840857113 HTTP/1.1" 200 22
120.253.135.82 - - [08/Aug/2020:06:58:31 +0800] "GET /xingrg/all/function/internal_message.html?_=1596840860870&CODE_STATE=getMsg HTTP/1.1" 200 27
117.131.5.26 - - [08/Aug/2020:06:58:40 +0800] "GET /xingrg/check_reg.html?_=1596841121359 HTTP/1.1" 200 22
117.131.5.26 - - [08/Aug/2020:06:58:40 +0800] "GET /xingrg/all/function/internal_message.html?_=1596841121359&CODE_STATE=getMsg HTTP/1.1" 200 27
172.17.0.240 - - [08/Aug/2020:06:58:42 +0800] "GET /xingrg/all/function/internal_message.html?_=1596841118047&CODE_STATE=getMsg HTTP/1.1" 200 27
172.17.0.182 - - [08/Aug/2020:06:58:57 +0800] "GET /xingrg/check_reg.html?_=1596841128938 HTTP/1.1" 200 22
172.17.0.182 - - [08/Aug/2020:06:58:57 +0800] "GET /xingrg/all/function/internal_message.html?_=1596841128941&CODE_STATE=getMsg HTTP/1.1" 200 27
114.88.153.107 - - [08/Aug/2020:06:59:13 +0800] "GET /xingrg/all/function/internal_message.html?_=1596841151360&CODE_STATE=getMsg HTTP/1.1" 200 27
120.253.135.82 - - [08/Aug/2020:06:59:31 +0800] "GET /xingrg/all/function/internal_message.html?_=1596840920883&CODE_STATE=getMsg HTTP/1.1" 200 27
117.131.5.26 - - [08/Aug/2020:06:59:40 +0800] "GET /xingrg/all/function/internal_message.html?_=1596841181359&CODE_STATE=getMsg HTTP/1.1" 200 27
172.17.0.240 - - [08/Aug/2020:06:59:42 +0800] "GET /xingrg/all/function/internal_message.html?_=1596841178051&CODE_STATE=getMsg HTTP/1.1" 200 27
172.17.0.182 - - [08/Aug/2020:06:59:57 +0800] "GET /xingrg/all/function/internal_message.html?_=1596841188936&CODE_STATE=getMsg HTTP/1.1" 200 27
114.88.153.107 - - [08/Aug/2020:07:00:13 +0800] "GET /xingrg/all/function/internal_message.html?_=1596841211387&CODE_STATE=getMsg HTTP/1.1" 200 27
120.253.135.82 - - [08/Aug/2020:07:00:20 +0800] "POST /xingrg/kc/pszx/mdps_order_operate.html HTTP/1.1" 200 37
120.253.135.82 - - [08/Aug/2020:07:00:21 +0800] "GET /xingrg/kc/pszx/mdps_order_info.html?code=312020080800215 HTTP/1.1" 200 23849
120.253.135.82 - - [08/Aug/2020:07:00:21 +0800] "GET /xingrg/javascript/easyui/themes/default/validatebox.css HTTP/1.1" 404 1104
120.253.135.82 - - [08/Aug/2020:07:00:21 +0800] "POST /xingrg/kc/pszx/mdps_order_operate.html HTTP/1.1" 200 7836
120.253.135.82 - - [08/Aug/2020:07:00:23 +0800] "POST /xingrg/kc/pszx/mdps_list_operate.html HTTP/1.1" 200 3552
120.253.135.82 - - [08/Aug/2020:07:00:26 +0800] "POST /xingrg/kc/pszx/mdps_list_operate.html HTTP/1.1" 200 213
120.253.135.82 - - [08/Aug/2020:07:00:27 +0800] "POST /xingrg/kc/pszx/mdps_list_operate.html HTTP/1.1" 200 615
120.253.135.82 - - [08/Aug/2020:07:00:29 +0800] "POST /xingrg/kc/pszx/mdps_list_operate.html HTTP/1.1" 200 618
120.253.135.82 - - [08/Aug/2020:07:00:30 +0800] "GET /xingrg/kc/pszx/mdps_order_info.html?code=312020080800216 HTTP/1.1" 200 23849
120.253.135.82 - - [08/Aug/2020:07:00:31 +0800] "POST /xingrg/kc/pszx/mdps_order_operate.html HTTP/1.1" 200 6769
120.253.135.82 - - [08/Aug/2020:07:00:31 +0800] "GET /xingrg/javascript/easyui/themes/default/validatebox.css HTTP/1.1" 404 1104
120.253.135.82 - - [08/Aug/2020:07:00:31 +0800] "GET /xingrg/all/function/internal_message.html?_=1596840980897&CODE_STATE=getMsg HTTP/1.1" 200 27
120.253.135.82 - - [08/Aug/2020:07:00:32 +0800] "POST /xingrg/all/common/load_combo.html?type=base HTTP/1.1" 200 899
120.253.135.82 - - [08/Aug/2020:07:00:36 +0800] "POST /xingrg/kc/pszx/mdps_order_operate.html HTTP/1.1" 200 37
120.253.135.82 - - [08/Aug/2020:07:00:37 +0800] "GET /xingrg/kc/pszx/mdps_order_info.html?code=312020080800216 HTTP/1.1" 200 23849
120.253.135.82 - - [08/Aug/2020:07:00:38 +0800] "GET /xingrg/javascript/easyui/themes/default/validatebox.css HTTP/1.1" 404 1104
120.253.135.82 - - [08/Aug/2020:07:00:38 +0800] "POST /xingrg/kc/pszx/mdps_order_operate.html HTTP/1.1" 200 6853
117.131.5.26 - - [08/Aug/2020:07:00:40 +0800] "GET /xingrg/all/function/internal_message.html?_=1596841241359&CODE_STATE=getMsg HTTP/1.1" 200 27
172.17.0.240 - - [08/Aug/2020:07:00:42 +0800] "GET /xingrg/all/function/internal_message.html?_=1596841238053&CODE_STATE=getMsg HTTP/1.1" 200 27
172.17.0.182 - - [08/Aug/2020:07:00:57 +0800] "GET /xingrg/all/function/internal_message.html?_=1596841248974&CODE_STATE=getMsg HTTP/1.1" 200 27
114.88.153.107 - - [08/Aug/2020:07:01:13 +0800] "GET /xingrg/all/function/internal_message.html?_=1596841271385&CODE_STATE=getMsg HTTP/1.1" 200 27
120.253.135.82 - - [08/Aug/2020:07:01:23 +0800] "GET /xingrg/kc/pszx/mdps_order_operate.html?command=get_materiel&pszx_code=00101&rest_code=00148&base_code=0010250&code=00102002851 HTTP/1.1" 200 435
120.253.135.82 - - [08/Aug/2020:07:01:31 +0800] "GET /xingrg/all/function/internal_message.html?_=1596841040911&CODE_STATE=getMsg HTTP/1.1" 200 27
117.131.5.26 - - [08/Aug/2020:07:01:40 +0800] "GET /xingrg/all/function/internal_message.html?_=1596841301359&CODE_STATE=getMsg HTTP/1.1" 200 27
172.17.0.240 - - [08/Aug/2020:07:01:42 +0800] "GET /xingrg/all/function/internal_message.html?_=1596841298055&CODE_STATE=getMsg HTTP/1.1" 200 27
120.253.135.82 - - [08/Aug/2020:07:01:49 +0800] "GET /xingrg/kc/pszx/mdps_order_operate.html?command=get_materiel&pszx_code=00101&rest_code=00148&base_code=0010250&code=00102002770 HTTP/1.1" 200 436
172.17.0.182 - - [08/Aug/2020:07:01:57 +0800] "GET /xingrg/all/function/internal_message.html?_=1596841308969&CODE_STATE=getMsg HTTP/1.1" 200 27
120.253.135.82 - - [08/Aug/2020:07:02:02 +0800] "POST /xingrg/kc/pszx/mdps_order_operate.html HTTP/1.1" 200 37
120.253.135.82 - - [08/Aug/2020:07:02:03 +0800] "GET /xingrg/kc/pszx/mdps_order_info.html?code=312020080800216 HTTP/1.1" 200 23849
120.253.135.82 - - [08/Aug/2020:07:02:04 +0800] "POST /xingrg/kc/pszx/mdps_order_operate.html HTTP/1.1" 200 6848
120.253.135.82 - - [08/Aug/2020:07:02:04 +0800] "GET /xingrg/javascript/easyui/themes/default/validatebox.css HTTP/1.1" 404 1104
120.253.135.82 - - [08/Aug/2020:07:02:06 +0800] "POST /xingrg/kc/pszx/mdps_list_operate.html HTTP/1.1" 200 3552
120.253.135.82 - - [08/Aug/2020:07:02:09 +0800] "POST /xingrg/kc/pszx/mdps_list_operate.html HTTP/1.1" 200 295
120.253.135.82 - - [08/Aug/2020:07:02:10 +0800] "POST /xingrg/kc/pszx/mdps_list_operate.html HTTP/1.1" 200 209
120.253.135.82 - - [08/Aug/2020:07:02:13 +0800] "GET /xingrg/kc/pszx/mdps_order_info.html?code=312020080800217 HTTP/1.1" 200 23849
114.88.153.107 - - [08/Aug/2020:07:02:13 +0800] "GET /xingrg/all/function/internal_message.html?_=1596841331400&CODE_STATE=getMsg HTTP/1.1" 200 27
120.253.135.82 - - [08/Aug/2020:07:02:13 +0800] "POST /xingrg/kc/pszx/mdps_order_operate.html HTTP/1.1" 200 2788
120.253.135.82 - - [08/Aug/2020:07:02:13 +0800] "GET /xingrg/javascript/easyui/themes/default/validatebox.css HTTP/1.1" 404 1104
120.253.135.82 - - [08/Aug/2020:07:02:16 +0800] "POST /xingrg/kc/pszx/mdps_order_operate.html HTTP/1.1" 200 37
120.253.135.82 - - [08/Aug/2020:07:02:16 +0800] "GET /xingrg/kc/pszx/mdps_order_info.html?code=312020080800217 HTTP/1.1" 200 23849
120.253.135.82 - - [08/Aug/2020:07:02:17 +0800] "POST /xingrg/kc/pszx/mdps_order_operate.html HTTP/1.1" 200 2804
120.253.135.82 - - [08/Aug/2020:07:02:17 +0800] "GET /xingrg/javascript/easyui/themes/default/validatebox.css HTTP/1.1" 404 1104
120.253.135.82 - - [08/Aug/2020:07:02:22 +0800] "POST /xingrg/kc/pszx/mdps_list_operate.html HTTP/1.1" 200 3552
120.253.135.82 - - [08/Aug/2020:07:02:24 +0800] "POST /xingrg/kc/pszx/mdps_list_operate.html HTTP/1.1" 200 209
120.253.135.82 - - [08/Aug/2020:07:02:25 +0800] "POST /xingrg/kc/pszx/mdps_list_operate.html HTTP/1.1" 200 621
120.253.135.82 - - [08/Aug/2020:07:02:26 +0800] "POST /xingrg/kc/pszx/mdps_list_operate.html HTTP/1.1" 200 615
120.253.135.82 - - [08/Aug/2020:07:02:28 +0800] "POST /xingrg/kc/pszx/mdps_list_operate.html HTTP/1.1" 200 213
120.253.135.82 - - [08/Aug/2020:07:02:29 +0800] "POST /xingrg/kc/pszx/mdps_list_operate.html HTTP/1.1" 200 363
120.253.135.82 - - [08/Aug/2020:07:02:31 +0800] "GET /xingrg/all/function/internal_message.html?_=1596841100923&CODE_STATE=getMsg HTTP/1.1" 200 27
120.253.135.82 - - [08/Aug/2020:07:02:32 +0800] "GET /xingrg/kc/pszx/mdqp_order_list.html?state=10 HTTP/1.1" 200 10125
120.253.135.82 - - [08/Aug/2020:07:02:32 +0800] "GET /xingrg/dwr/interface/AjaxReportQueryService.js HTTP/1.1" 200 13203
120.253.135.82 - - [08/Aug/2020:07:02:32 +0800] "GET /xingrg/dwr/interface/AjaxQqpsService.js HTTP/1.1" 200 16326
120.253.135.82 - - [08/Aug/2020:07:02:32 +0800] "GET /xingrg/dwr/engine.js HTTP/1.1" 200 43631
120.253.135.82 - - [08/Aug/2020:07:02:36 +0800] "GET /xingrg/kc/report/report_main.html HTTP/1.1" 200 9370
120.253.135.82 - - [08/Aug/2020:07:02:38 +0800] "GET /xingrg/kc/base/kc_stocks.html HTTP/1.1" 200 16329
120.253.135.82 - - [08/Aug/2020:07:02:38 +0800] "GET /xingrg/javascript/easyui/themes/default/tree.css HTTP/1.1" 404 1090
120.253.135.82 - - [08/Aug/2020:07:02:38 +0800] "POST /xingrg/all/common/load_tree.html?tree=materiel_sort_tree_json HTTP/1.1" 200 8666
120.253.135.82 - - [08/Aug/2020:07:02:39 +0800] "POST /xingrg/all/common/load_combo.html?type=base HTTP/1.1" 200 899
117.131.5.26 - - [08/Aug/2020:07:02:40 +0800] "GET /xingrg/all/function/internal_message.html?_=1596841361359&CODE_STATE=getMsg HTTP/1.1" 200 27
172.17.0.240 - - [08/Aug/2020:07:02:42 +0800] "GET /xingrg/check_reg.html?_=1596841358061 HTTP/1.1" 200 22
172.17.0.240 - - [08/Aug/2020:07:02:42 +0800] "GET /xingrg/all/function/internal_message.html?_=1596841358063&CODE_STATE=getMsg HTTP/1.1" 200 27
180.175.214.200 - - [08/Aug/2020:07:02:46 +0800] "POST /xingrg/services/DataTransmitService HTTP/1.1" 200 524
120.253.135.82 - - [08/Aug/2020:07:02:49 +0800] "POST /xingrg/kc/base/stock_operate.html HTTP/1.1" 200 1716
172.17.0.182 - - [08/Aug/2020:07:02:57 +0800] "GET /xingrg/all/function/internal_message.html?_=1596841368965&CODE_STATE=getMsg HTTP/1.1" 200 27
180.152.230.204 - - [08/Aug/2020:07:03:01 +0800] "GET /xingrg/check_reg.html?_=1596840690019 HTTP/1.1" 200 22
114.88.153.107 - - [08/Aug/2020:07:03:13 +0800] "GET /xingrg/check_reg.html?_=1596841391399 HTTP/1.1" 200 22
114.88.153.107 - - [08/Aug/2020:07:03:13 +0800] "GET /xingrg/all/function/internal_message.html?_=1596841391401&CODE_STATE=getMsg HTTP/1.1" 200 27
120.253.135.82 - - [08/Aug/2020:07:03:21 +0800] "POST /xingrg/kc/base/stock_operate.html HTTP/1.1" 200 1463
180.175.214.200 - - [08/Aug/2020:07:03:25 +0800] "POST /xingrg/services/DataTransmitService HTTP/1.1" 200 524
180.175.214.200 - - [08/Aug/2020:07:03:25 +0800] "POST /xingrg/services/DataTransmitService HTTP/1.1" 200 501
180.175.214.200 - - [08/Aug/2020:07:03:25 +0800] "POST /xingrg/services/DataTransmitService HTTP/1.1" 200 501
180.175.214.200 - - [08/Aug/2020:07:03:26 +0800] "POST /xingrg/services/DataTransmitService HTTP/1.1" 200 501
120.253.135.82 - - [08/Aug/2020:07:03:27 +0800] "GET /xingrg/check_reg.html?_=1596841157117 HTTP/1.1" 200 22
180.175.214.200 - - [08/Aug/2020:07:03:28 +0800] "POST /xingrg/services/DataTransmitService HTTP/1.1" 200 501
180.175.214.200 - - [08/Aug/2020:07:03:28 +0800] "POST /xingrg/services/DataTransmitService HTTP/1.1" 200 501
180.175.214.200 - - [08/Aug/2020:07:03:28 +0800] "POST /xingrg/services/DataTransmitService HTTP/1.1" 200 501
180.175.214.200 - - [08/Aug/2020:07:03:28 +0800] "POST /xingrg/services/DataTransmitService HTTP/1.1" 200 501
180.175.214.200 - - [08/Aug/2020:07:03:29 +0800] "POST /xingrg/services/DataTransmitService HTTP/1.1" 200 501
180.175.214.200 - - [08/Aug/2020:07:03:29 +0800] "POST /xingrg/services/DataTransmitService HTTP/1.1" 200 501
180.175.214.200 - - [08/Aug/2020:07:03:30 +0800] "POST /xingrg/services/DataTransmitService HTTP/1.1" 200 412
120.253.135.82 - - [08/Aug/2020:07:03:31 +0800] "GET /xingrg/all/function/internal_message.html?_=1596841160938&CODE_STATE=getMsg HTTP/1.1" 200 27
117.131.5.26 - - [08/Aug/2020:07:03:40 +0800] "GET /xingrg/check_reg.html?_=1596841421359 HTTP/1.1" 200 22
117.131.5.26 - - [08/Aug/2020:07:03:40 +0800] "GET /xingrg/all/function/internal_message.html?_=1596841421359&CODE_STATE=getMsg HTTP/1.1" 200 27
172.17.0.240 - - [08/Aug/2020:07:03:42 +0800] "GET /xingrg/all/function/internal_message.html?_=1596841418049&CODE_STATE=getMsg HTTP/1.1" 200 27
120.253.135.82 - - [08/Aug/2020:07:03:43 +0800] "POST /xingrg/kc/base/stock_operate.html HTTP/1.1" 200 1484
120.253.135.82 - - [08/Aug/2020:07:03:50 +0800] "POST /xingrg/kc/base/stock_operate.html HTTP/1.1" 200 1481
172.17.0.182 - - [08/Aug/2020:07:03:57 +0800] "GET /xingrg/check_reg.html?_=1596841428971 HTTP/1.1" 200 22
172.17.0.182 - - [08/Aug/2020:07:03:57 +0800] "GET /xingrg/all/function/internal_message.html?_=1596841428972&CODE_STATE=getMsg HTTP/1.1" 200 27
120.253.135.82 - - [08/Aug/2020:07:03:58 +0800] "POST /xingrg/kc/base/stock_operate.html HTTP/1.1" 200 1469
120.253.135.82 - - [08/Aug/2020:07:04:04 +0800] "POST /xingrg/kc/base/stock_operate.html HTTP/1.1" 200 1472
114.88.153.107 - - [08/Aug/2020:07:04:13 +0800] "GET /xingrg/all/function/internal_message.html?_=1596841451385&CODE_STATE=getMsg HTTP/1.1" 200 27
101.89.29.92 - - [08/Aug/2020:07:04:13 +0800] "GET /xingrg/check_reg.html?_=1596841391399 HTTP/1.1" 302 -
101.89.29.92 - - [08/Aug/2020:07:04:15 +0800] "GET /xingrg/login.html HTTP/1.1" 200 7641
120.253.135.82 - - [08/Aug/2020:07:04:31 +0800] "GET /xingrg/all/function/internal_message.html?_=1596841220951&CODE_STATE=getMsg HTTP/1.1" 200 27
120.253.135.82 - - [08/Aug/2020:07:04:38 +0800] "POST /xingrg/kc/base/stock_operate.html HTTP/1.1" 200 1731
117.131.5.26 - - [08/Aug/2020:07:04:40 +0800] "GET /xingrg/all/function/internal_message.html?_=1596841481359&CODE_STATE=getMsg HTTP/1.1" 200 27
172.17.0.240 - - [08/Aug/2020:07:04:42 +0800] "GET /xingrg/all/function/internal_message.html?_=1596841478051&CODE_STATE=getMsg HTTP/1.1" 200 27
120.253.135.82 - - [08/Aug/2020:07:04:51 +0800] "POST /xingrg/kc/base/stock_operate.html HTTP/1.1" 200 1754
172.17.0.182 - - [08/Aug/2020:07:04:57 +0800] "GET /xingrg/all/function/internal_message.html?_=1596841488971&CODE_STATE=getMsg HTTP/1.1" 200 27
114.88.153.107 - - [08/Aug/2020:07:05:13 +0800] "GET /xingrg/all/function/internal_message.html?_=1596841511401&CODE_STATE=getMsg HTTP/1.1" 200 27
120.253.135.82 - - [08/Aug/2020:07:05:31 +0800] "GET /xingrg/all/function/internal_message.html?_=1596841281107&CODE_STATE=getMsg HTTP/1.1" 200 27
120.253.135.82 - - [08/Aug/2020:07:05:32 +0800] "POST /xingrg/kc/base/stock_operate.html HTTP/1.1" 200 1731
117.131.5.26 - - [08/Aug/2020:07:05:40 +0800] "GET /xingrg/all/function/internal_message.html?_=1596841541359&CODE_STATE=getMsg HTTP/1.1" 200 27
172.17.0.240 - - [08/Aug/2020:07:05:42 +0800] "GET /xingrg/all/function/internal_message.html?_=1596841538056&CODE_STATE=getMsg HTTP/1.1" 200 27
172.17.0.182 - - [08/Aug/2020:07:05:57 +0800] "GET /xingrg/all/function/internal_message.html?_=1596841548975&CODE_STATE=getMsg HTTP/1.1" 200 27
120.253.135.82 - - [08/Aug/2020:07:06:13 +0800] "POST /xingrg/kc/base/stock_operate.html HTTP/1.1" 200 1740
114.88.153.107 - - [08/Aug/2020:07:06:13 +0800] "GET /xingrg/all/function/internal_message.html?_=1596841571385&CODE_STATE=getMsg HTTP/1.1" 200 27
120.253.135.82 - - [08/Aug/2020:07:06:31 +0800] "GET /xingrg/all/function/internal_message.html?_=1596841341119&CODE_STATE=getMsg HTTP/1.1" 200 27
117.131.5.26 - - [08/Aug/2020:07:06:40 +0800] "GET /xingrg/all/function/internal_message.html?_=1596841601359&CODE_STATE=getMsg HTTP/1.1" 200 27
172.17.0.240 - - [08/Aug/2020:07:06:42 +0800] "GET /xingrg/all/function/internal_message.html?_=1596841598053&CODE_STATE=getMsg HTTP/1.1" 200 27
172.17.0.182 - - [08/Aug/2020:07:06:57 +0800] "GET /xingrg/all/function/internal_message.html?_=1596841608967&CODE_STATE=getMsg HTTP/1.1" 200 27
114.88.153.107 - - [08/Aug/2020:07:07:13 +0800] "GET /xingrg/all/function/internal_message.html?_=1596841631385&CODE_STATE=getMsg HTTP/1.1" 200 27
120.253.135.82 - - [08/Aug/2020:07:07:15 +0800] "POST /xingrg/kc/base/stock_operate.html HTTP/1.1" 200 1491
120.253.135.82 - - [08/Aug/2020:07:07:31 +0800] "GET /xingrg/all/function/internal_message.html?_=1596841401132&CODE_STATE=getMsg HTTP/1.1" 200 27
117.131.5.26 - - [08/Aug/2020:07:07:40 +0800] "GET /xingrg/all/function/internal_message.html?_=1596841661359&CODE_STATE=getMsg HTTP/1.1" 200 27
172.17.0.240 - - [08/Aug/2020:07:07:42 +0800] "GET /xingrg/all/function/internal_message.html?_=1596841658054&CODE_STATE=getMsg HTTP/1.1" 200 27
172.17.0.240 - - [08/Aug/2020:07:07:42 +0800] "GET /xingrg/check_reg.html?_=1596841658055 HTTP/1.1" 200 22
120.253.135.82 - - [08/Aug/2020:07:07:56 +0800] "POST /xingrg/kc/base/stock_operate.html HTTP/1.1" 200 1489
172.17.0.182 - - [08/Aug/2020:07:07:57 +0800] "GET /xingrg/all/function/internal_message.html?_=1596841668964&CODE_STATE=getMsg HTTP/1.1" 200 27
180.152.230.204 - - [08/Aug/2020:07:08:01 +0800] "GET /xingrg/check_reg.html?_=1596840990013 HTTP/1.1" 200 22
120.253.135.82 - - [08/Aug/2020:07:08:02 +0800] "POST /xingrg/kc/base/stock_operate.html HTTP/1.1" 200 2040
114.88.153.107 - - [08/Aug/2020:07:08:13 +0800] "GET /xingrg/all/function/internal_message.html?_=1596841691399&CODE_STATE=getMsg HTTP/1.1" 200 27
114.88.153.107 - - [08/Aug/2020:07:08:13 +0800] "GET /xingrg/check_reg.html?_=1596841691402 HTTP/1.1" 200 22
120.253.135.82 - - [08/Aug/2020:07:08:27 +0800] "GET /xingrg/check_reg.html?_=1596841457121 HTTP/1.1" 200 22
120.253.135.82 - - [08/Aug/2020:07:08:31 +0800] "GET /xingrg/all/function/internal_message.html?_=1596841461146&CODE_STATE=getMsg HTTP/1.1" 200 27
120.253.135.82 - - [08/Aug/2020:07:08:35 +0800] "POST /xingrg/kc/base/stock_operate.html HTTP/1.1" 200 1486
117.131.5.26 - - [08/Aug/2020:07:08:40 +0800] "GET /xingrg/check_reg.html?_=1596841721359 HTTP/1.1" 200 22
117.131.5.26 - - [08/Aug/2020:07:08:40 +0800] "GET /xingrg/all/function/internal_message.html?_=1596841721359&CODE_STATE=getMsg HTTP/1.1" 200 27
172.17.0.240 - - [08/Aug/2020:07:08:42 +0800] "GET /xingrg/all/function/internal_message.html?_=1596841718058&CODE_STATE=getMsg HTTP/1.1" 200 27
172.17.0.182 - - [08/Aug/2020:07:08:57 +0800] "GET /xingrg/all/function/internal_message.html?_=1596841728974&CODE_STATE=getMsg HTTP/1.1" 200 27
172.17.0.182 - - [08/Aug/2020:07:08:57 +0800] "GET /xingrg/check_reg.html?_=1596841728975 HTTP/1.1" 200 22
120.253.135.82 - - [08/Aug/2020:07:09:03 +0800] "POST /xingrg/kc/base/stock_operate.html HTTP/1.1" 200 1733
114.88.153.107 - - [08/Aug/2020:07:09:13 +0800] "GET /xingrg/all/function/internal_message.html?_=1596841751414&CODE_STATE=getMsg HTTP/1.1" 200 27
120.253.135.82 - - [08/Aug/2020:07:09:24 +0800] "POST /xingrg/kc/base/stock_operate.html HTTP/1.1" 200 2006
120.253.135.82 - - [08/Aug/2020:07:09:31 +0800] "GET /xingrg/all/function/internal_message.html?_=1596841521159&CODE_STATE=getMsg HTTP/1.1" 200 27
117.131.5.26 - - [08/Aug/2020:07:09:40 +0800] "GET /xingrg/all/function/internal_message.html?_=1596841781359&CODE_STATE=getMsg HTTP/1.1" 200 27
172.17.0.240 - - [08/Aug/2020:07:09:42 +0800] "GET /xingrg/all/function/internal_message.html?_=1596841778045&CODE_STATE=getMsg HTTP/1.1" 200 27
172.17.0.182 - - [08/Aug/2020:07:09:57 +0800] "GET /xingrg/all/function/internal_message.html?_=1596841788972&CODE_STATE=getMsg HTTP/1.1" 200 27
120.253.135.82 - - [08/Aug/2020:07:10:09 +0800] "POST /xingrg/kc/base/stock_operate.html HTTP/1.1" 200 1461
114.88.153.107 - - [08/Aug/2020:07:10:13 +0800] "GET /xingrg/all/function/internal_message.html?_=1596841811413&CODE_STATE=getMsg HTTP/1.1" 200 27
120.253.135.82 - - [08/Aug/2020:07:10:31 +0800] "GET /xingrg/all/function/internal_message.html?_=1596841581173&CODE_STATE=getMsg HTTP/1.1" 200 27
117.131.5.26 - - [08/Aug/2020:07:10:40 +0800] "GET /xingrg/all/function/internal_message.html?_=1596841841359&CODE_STATE=getMsg HTTP/1.1" 200 27
172.17.0.240 - - [08/Aug/2020:07:10:42 +0800] "GET /xingrg/all/function/internal_message.html?_=1596841838049&CODE_STATE=getMsg HTTP/1.1" 200 27
120.253.135.82 - - [08/Aug/2020:07:10:44 +0800] "POST /xingrg/kc/base/stock_operate.html HTTP/1.1" 200 1475
172.17.0.182 - - [08/Aug/2020:07:10:57 +0800] "GET /xingrg/all/function/internal_message.html?_=1596841848966&CODE_STATE=getMsg HTTP/1.1" 200 27
120.253.135.82 - - [08/Aug/2020:07:11:06 +0800] "POST /xingrg/kc/base/stock_operate.html HTTP/1.1" 200 1485
114.88.153.107 - - [08/Aug/2020:07:11:13 +0800] "GET /xingrg/all/function/internal_message.html?_=1596841871427&CODE_STATE=getMsg HTTP/1.1" 200 27
101.89.29.78 - - [08/Aug/2020:07:11:13 +0800] "GET /xingrg/all/function/internal_message.html?_=1596841811413&CODE_STATE=getMsg HTTP/1.1" 302 -
101.89.29.78 - - [08/Aug/2020:07:11:15 +0800] "GET /xingrg/login.html HTTP/1.1" 200 7641
120.253.135.82 - - [08/Aug/2020:07:11:31 +0800] "GET /xingrg/all/function/internal_message.html?_=1596841641187&CODE_STATE=getMsg HTTP/1.1" 200 27
117.131.5.26 - - [08/Aug/2020:07:11:40 +0800] "GET /xingrg/all/function/internal_message.html?_=1596841901359&CODE_STATE=getMsg HTTP/1.1" 200 27
