114.88.161.57 - - [08/Aug/2020:09:44:51 +0800] "GET /xingrg/all/function/internal_message.html?_=1596851086883&CODE_STATE=getMsg HTTP/1.1" 200 27
114.88.161.57 - - [08/Aug/2020:09:44:51 +0800] "POST /xingrg/services/DataTransmitService HTTP/1.1" 200 501
222.69.136.88 - - [08/Aug/2020:09:44:51 +0800] "GET /xingrg/all/function/internal_message.html?_=1596851080363&CODE_STATE=getMsg HTTP/1.1" 200 27
114.88.161.57 - - [08/Aug/2020:09:44:52 +0800] "POST /xingrg/services/DataTransmitService HTTP/1.1" 200 501
114.88.161.57 - - [08/Aug/2020:09:44:53 +0800] "POST /xingrg/services/DataTransmitService HTTP/1.1" 200 501
114.88.161.57 - - [08/Aug/2020:09:44:53 +0800] "POST /xingrg/services/DataTransmitService HTTP/1.1" 200 501
114.88.161.57 - - [08/Aug/2020:09:44:53 +0800] "POST /xingrg/services/DataTransmitService HTTP/1.1" 200 501
114.88.161.57 - - [08/Aug/2020:09:44:53 +0800] "POST /xingrg/services/DataTransmitService HTTP/1.1" 200 501
114.88.161.57 - - [08/Aug/2020:09:44:54 +0800] "POST /xingrg/services/DataTransmitService HTTP/1.1" 200 412
172.17.0.182 - - [08/Aug/2020:09:44:58 +0800] "GET /xingrg/all/function/internal_message.html?_=1596851089263&CODE_STATE=getMsg HTTP/1.1" 200 27
180.175.214.200 - - [08/Aug/2020:09:45:01 +0800] "GET /xingrg/check_reg.html?_=1596851303134 HTTP/1.1" 200 22
116.232.50.170 - - [08/Aug/2020:09:45:01 +0800] "GET /xingrg/all/function/internal_message.html?_=1596851125718&CODE_STATE=getMsg HTTP/1.1" 200 27
180.175.214.200 - - [08/Aug/2020:09:45:02 +0800] "GET /xingrg/all/function/internal_message.html?_=1596851304197&CODE_STATE=getMsg HTTP/1.1" 200 27
218.81.217.115 - - [08/Aug/2020:09:45:10 +0800] "GET /xingrg/check_reg.html?_=1596851099987 HTTP/1.1" 200 22
218.81.217.115 - - [08/Aug/2020:09:45:11 +0800] "GET /xingrg/all/function/internal_message.html?_=1596851100908&CODE_STATE=getMsg HTTP/1.1" 200 27
61.172.5.115 - - [08/Aug/2020:09:45:13 +0800] "GET /xingrg/check_reg.html?_=1596851109067 HTTP/1.1" 200 22
114.89.80.44 - - [08/Aug/2020:09:45:13 +0800] "GET /xingrg/all/function/internal_message.html?_=1596851240068&CODE_STATE=getMsg HTTP/1.1" 200 27
114.88.153.107 - - [08/Aug/2020:09:45:13 +0800] "GET /xingrg/all/function/internal_message.html?_=1596851111878&CODE_STATE=getMsg HTTP/1.1" 200 27
61.172.5.115 - - [08/Aug/2020:09:45:15 +0800] "GET /xingrg/all/function/internal_message.html?_=1596851111092&CODE_STATE=getMsg HTTP/1.1" 200 27
117.184.7.26 - - [08/Aug/2020:09:45:18 +0800] "GET /xingrg/all/function/internal_message.html?_=1596851103389&CODE_STATE=getMsg HTTP/1.1" 200 27
61.151.178.197 - - [08/Aug/2020:09:45:19 +0800] "GET /xingrg/check_reg.html?_=1596850391852 HTTP/1.1" 302 -
180.157.251.101 - - [08/Aug/2020:09:45:24 +0800] "GET /xingrg/all/function/internal_message.html?_=1596851125171&CODE_STATE=getMsg HTTP/1.1" 200 27
222.69.136.88 - - [08/Aug/2020:09:45:26 +0800] "GET /xingrg/kc/buy/cgsh_order_add.html HTTP/1.1" 200 59432
222.69.136.88 - - [08/Aug/2020:09:45:26 +0800] "POST /xingrg/kc/buy/cgsh_order_operate.html HTTP/1.1" 200 8245
222.69.136.88 - - [08/Aug/2020:09:45:26 +0800] "GET /xingrg/javascript/easyui/themes/default/validatebox.css HTTP/1.1" 404 1104
61.151.178.197 - - [08/Aug/2020:09:45:29 +0800] "GET /xingrg/login.html HTTP/1.1" 200 7641
114.88.161.57 - - [08/Aug/2020:09:45:35 +0800] "GET /xingrg/all/function/internal_message.html?_=1596851170202&CODE_STATE=getMsg HTTP/1.1" 200 27
117.131.5.26 - - [08/Aug/2020:09:45:40 +0800] "GET /xingrg/all/function/internal_message.html?_=1596851141484&CODE_STATE=getMsg HTTP/1.1" 200 27
172.17.0.240 - - [08/Aug/2020:09:45:43 +0800] "GET /xingrg/all/function/internal_message.html?_=1596851138052&CODE_STATE=getMsg HTTP/1.1" 200 27
172.17.0.100 - - [08/Aug/2020:09:45:43 +0800] "GET /xingrg/check_reg.html?_=1596851140417 HTTP/1.1" 200 22
172.17.0.100 - - [08/Aug/2020:09:45:43 +0800] "GET /xingrg/all/function/internal_message.html?_=1596851140414&CODE_STATE=getMsg HTTP/1.1" 200 27
116.230.74.197 - - [08/Aug/2020:09:45:46 +0800] "GET /xingrg/all/function/internal_message.html?_=1596851132748&CODE_STATE=getMsg HTTP/1.1" 200 27
114.89.80.44 - - [08/Aug/2020:09:45:48 +0800] "GET /xingrg/kc/buy/cgsh_order_add.html HTTP/1.1" 200 59033
114.89.80.44 - - [08/Aug/2020:09:45:49 +0800] "POST /xingrg/kc/buy/cgsh_order_operate.html HTTP/1.1" 200 8245
114.89.80.44 - - [08/Aug/2020:09:45:49 +0800] "GET /xingrg/javascript/easyui/themes/default/validatebox.css HTTP/1.1" 404 1104
114.88.161.57 - - [08/Aug/2020:09:45:51 +0800] "GET /xingrg/all/function/internal_message.html?_=1596851146897&CODE_STATE=getMsg HTTP/1.1" 200 27
222.69.136.88 - - [08/Aug/2020:09:45:51 +0800] "GET /xingrg/all/function/internal_message.html?_=1596851140372&CODE_STATE=getMsg HTTP/1.1" 200 27
222.69.136.88 - - [08/Aug/2020:09:45:51 +0800] "GET /xingrg/check_reg.html?_=1596851140378 HTTP/1.1" 200 22
180.157.251.101 - - [08/Aug/2020:09:45:57 +0800] "POST /xingrg/kc/buy/cgsh_order_operate.html HTTP/1.1" 200 37
172.17.0.182 - - [08/Aug/2020:09:45:58 +0800] "GET /xingrg/all/function/internal_message.html?_=1596851149264&CODE_STATE=getMsg HTTP/1.1" 200 27
116.232.50.170 - - [08/Aug/2020:09:46:00 +0800] "GET /xingrg/all/function/internal_message.html?_=1596851185718&CODE_STATE=getMsg HTTP/1.1" 200 27
180.157.251.101 - - [08/Aug/2020:09:46:01 +0800] "POST /xingrg/kc/buy/cgsh_order_operate.html HTTP/1.1" 200 12
180.175.214.200 - - [08/Aug/2020:09:46:02 +0800] "GET /xingrg/all/function/internal_message.html?_=1596851364209&CODE_STATE=getMsg HTTP/1.1" 200 27
180.157.251.101 - - [08/Aug/2020:09:46:02 +0800] "GET /xingrg/kc/buy/cgsh_order_info.html?code=212020080803033 HTTP/1.1" 200 54290
180.157.251.101 - - [08/Aug/2020:09:46:03 +0800] "GET /xingrg/javascript/easyui/themes/default/validatebox.css HTTP/1.1" 404 1104
180.157.251.101 - - [08/Aug/2020:09:46:03 +0800] "POST /xingrg/kc/buy/cgsh_order_operate.html HTTP/1.1" 200 5336
114.89.80.44 - - [08/Aug/2020:09:46:04 +0800] "GET /xingrg/kc/buy/cgsh_order_operate.html?command=get_materiel&rest_code=00151&code=00101012005&supplier_code=00100036&order_time=2020-08-08 HTTP/1.1" 200 412
180.157.251.101 - - [08/Aug/2020:09:46:06 +0800] "GET /xingrg/kc/print/load_data.html?order_code=212020080803033&kc_code=cgsh&condition= HTTP/1.1" 200 2582
218.81.217.115 - - [08/Aug/2020:09:46:11 +0800] "GET /xingrg/all/function/internal_message.html?_=1596851161077&CODE_STATE=getMsg HTTP/1.1" 200 27
114.89.80.44 - - [08/Aug/2020:09:46:12 +0800] "GET /xingrg/kc/buy/cgsh_order_operate.html?command=get_materiel&rest_code=00151&code=00101012059&supplier_code=00100036&order_time=2020-08-08 HTTP/1.1" 200 412
114.89.80.44 - - [08/Aug/2020:09:46:13 +0800] "GET /xingrg/all/function/internal_message.html?_=1596851300088&CODE_STATE=getMsg HTTP/1.1" 200 27
114.88.153.107 - - [08/Aug/2020:09:46:13 +0800] "GET /xingrg/all/function/internal_message.html?_=1596851171878&CODE_STATE=getMsg HTTP/1.1" 200 27
61.172.5.115 - - [08/Aug/2020:09:46:15 +0800] "GET /xingrg/all/function/internal_message.html?_=1596851171065&CODE_STATE=getMsg HTTP/1.1" 200 27
58.221.95.50 - - [08/Aug/2020:09:46:15 +0800] "GET /xingrg/check_reg.html?_=1596851299279 HTTP/1.1" 302 -
180.157.251.101 - - [08/Aug/2020:09:46:17 +0800] "GET /xingrg/kc/buy/cgsh_order_add.html HTTP/1.1" 200 59385
180.157.251.101 - - [08/Aug/2020:09:46:17 +0800] "POST /xingrg/kc/buy/cgsh_order_operate.html HTTP/1.1" 200 8245
180.157.251.101 - - [08/Aug/2020:09:46:17 +0800] "GET /xingrg/javascript/easyui/themes/default/validatebox.css HTTP/1.1" 404 1104
117.184.7.26 - - [08/Aug/2020:09:46:18 +0800] "GET /xingrg/all/function/internal_message.html?_=1596851163373&CODE_STATE=getMsg HTTP/1.1" 200 27
114.89.80.44 - - [08/Aug/2020:09:46:22 +0800] "POST /xingrg/kc/buy/cgsh_order_operate.html HTTP/1.1" 200 37
180.157.251.101 - - [08/Aug/2020:09:46:23 +0800] "GET /xingrg/kc/buy/cgsh_order_operate.html?command=get_materiel&rest_code=00148&code=00101015044&supplier_code=00100059&order_time=2020-08-08 HTTP/1.1" 200 408
180.157.251.101 - - [08/Aug/2020:09:46:24 +0800] "GET /xingrg/all/function/internal_message.html?_=1596851185253&CODE_STATE=getMsg HTTP/1.1" 200 27
114.89.80.44 - - [08/Aug/2020:09:46:24 +0800] "POST /xingrg/kc/buy/cgsh_order_operate.html HTTP/1.1" 200 12
114.89.80.44 - - [08/Aug/2020:09:46:26 +0800] "GET /xingrg/kc/buy/cgsh_order_info.html?code=212020080803034 HTTP/1.1" 200 53942
114.89.80.44 - - [08/Aug/2020:09:46:26 +0800] "GET /xingrg/javascript/easyui/themes/default/validatebox.css HTTP/1.1" 404 1104
114.89.80.44 - - [08/Aug/2020:09:46:26 +0800] "POST /xingrg/kc/buy/cgsh_order_operate.html HTTP/1.1" 200 1193
114.89.80.44 - - [08/Aug/2020:09:46:28 +0800] "GET /xingrg/kc/print/load_data.html?order_code=212020080803034&kc_code=cgsh&condition= HTTP/1.1" 200 1024
114.88.161.57 - - [08/Aug/2020:09:46:29 +0800] "POST /xingrg/kc/buy/cgsh_order_operate.html HTTP/1.1" 200 37
222.69.27.237 - - [08/Aug/2020:09:46:29 +0800] "POST /xingrg/login.do HTTP/1.1" 302 -
222.69.27.237 - - [08/Aug/2020:09:46:29 +0800] "GET /xingrg/index.html?sysBaseUrl=http%3A%2F%2F180.169.147.146%3A18081%2Fxingrg%2F&costTime=39×tamp=1596851189570 HTTP/1.1" 200 17179
222.69.27.237 - - [08/Aug/2020:09:46:29 +0800] "GET /xingrg/javascript/jquery-1.4.2.min.js HTTP/1.1" 200 72205
222.69.27.237 - - [08/Aug/2020:09:46:29 +0800] "GET /xingrg/css/form.css HTTP/1.1" 200 893
222.69.27.237 - - [08/Aug/2020:09:46:29 +0800] "GET /xingrg/javascript/jquery_easy_ui/themes/default/easyui.css HTTP/1.1" 200 26500
222.69.27.237 - - [08/Aug/2020:09:46:29 +0800] "GET /xingrg/javascript/jquery_easy_ui/themes/icon.css HTTP/1.1" 200 3949
222.69.27.237 - - [08/Aug/2020:09:46:29 +0800] "GET /xingrg/javascript/jquery_easy_ui/jquery.easyui.min.js HTTP/1.1" 200 213662
222.69.27.237 - - [08/Aug/2020:09:46:29 +0800] "GET /xingrg/javascript/jquery_easy_ui/easyui-lang-zh_CN.js HTTP/1.1" 200 1900
222.69.27.237 - - [08/Aug/2020:09:46:29 +0800] "GET /xingrg/javascript/jquery.timers.js HTTP/1.1" 200 3532
222.69.27.237 - - [08/Aug/2020:09:46:29 +0800] "GET /xingrg/javascript/jquery.utils.js HTTP/1.1" 200 11805
222.69.27.237 - - [08/Aug/2020:09:46:29 +0800] "GET /xingrg/javascript/jquery.form.js HTTP/1.1" 200 23110
222.69.27.237 - - [08/Aug/2020:09:46:29 +0800] "GET /favicon.ico HTTP/1.1" 404 -
222.69.27.237 - - [08/Aug/2020:09:46:29 +0800] "GET /xingrg/javascript/jquery_easy_ui/themes/icons/settle_new.png HTTP/1.1" 200 826
222.69.27.237 - - [08/Aug/2020:09:46:29 +0800] "GET /xingrg/images/blue/navBackgound.jpg HTTP/1.1" 200 12378
222.69.27.237 - - [08/Aug/2020:09:46:29 +0800] "POST /xingrg/all/common/load_tree.html?tree=area_rest_tree_json&manage=1 HTTP/1.1" 200 351
222.69.27.237 - - [08/Aug/2020:09:46:29 +0800] "GET /xingrg/all/function/internal_message.html?_=1596851076300&CODE_STATE=count HTTP/1.1" 200 11
222.69.27.237 - - [08/Aug/2020:09:46:29 +0800] "GET /xingrg/images/blue/pingpu.png HTTP/1.1" 200 231
222.69.27.237 - - [08/Aug/2020:09:46:29 +0800] "GET /xingrg/check_reg.html?_=1596851076301 HTTP/1.1" 200 22
222.69.27.237 - - [08/Aug/2020:09:46:29 +0800] "GET /xingrg/javascript/jquery_easy_ui/themes/default/images/tabs_leftarrow.png HTTP/1.1" 200 389
222.69.27.237 - - [08/Aug/2020:09:46:29 +0800] "GET /xingrg/javascript/jquery_easy_ui/themes/default/images/tabs_rightarrow.png HTTP/1.1" 200 395
222.69.27.237 - - [08/Aug/2020:09:46:29 +0800] "GET /xingrg/javascript/jquery_easy_ui/themes/default/images/panel_tool_collapse.gif HTTP/1.1" 200 246
222.69.27.237 - - [08/Aug/2020:09:46:29 +0800] "GET /xingrg/javascript/jquery_easy_ui/themes/default/images/tree_arrows.gif HTTP/1.1" 200 1043
222.69.27.237 - - [08/Aug/2020:09:46:29 +0800] "POST /xingrg/load_menu.html HTTP/1.1" 200 5138
222.69.27.237 - - [08/Aug/2020:09:46:30 +0800] "GET /xingrg/javascript/jquery_easy_ui/themes/default/images/tree_folder_open.gif HTTP/1.1" 200 956
222.69.27.237 - - [08/Aug/2020:09:46:30 +0800] "GET /xingrg/javascript/jquery_easy_ui/themes/icons/search_new.png HTTP/1.1" 200 586
222.69.27.237 - - [08/Aug/2020:09:46:30 +0800] "GET /xingrg/javascript/jquery_easy_ui/themes/icons/storage_new.png HTTP/1.1" 200 853
222.69.27.237 - - [08/Aug/2020:09:46:30 +0800] "GET /xingrg/javascript/jquery_easy_ui/themes/default/images/tree_folder.gif HTTP/1.1" 200 952
222.69.27.237 - - [08/Aug/2020:09:46:30 +0800] "GET /xingrg/javascript/jquery_easy_ui/themes/icons/forms_new.png HTTP/1.1" 200 350
222.69.27.237 - - [08/Aug/2020:09:46:30 +0800] "GET /xingrg/javascript/jquery_easy_ui/themes/default/images/tree_file.gif HTTP/1.1" 200 118
114.88.161.57 - - [08/Aug/2020:09:46:30 +0800] "POST /xingrg/kc/buy/cgsh_order_operate.html HTTP/1.1" 200 49324
180.157.251.101 - - [08/Aug/2020:09:46:30 +0800] "GET /xingrg/kc/buy/cgsh_order_operate.html?command=get_materiel&rest_code=00148&code=00101008284&supplier_code=00100059&order_time=2020-08-08 HTTP/1.1" 200 413
114.88.161.57 - - [08/Aug/2020:09:46:32 +0800] "GET /xingrg/kc/print/load_data.html?order_code=212020080803015&kc_code=cgsh&condition= HTTP/1.1" 200 18307
114.89.80.44 - - [08/Aug/2020:09:46:34 +0800] "GET /xingrg/kc/buy/cgsh_order_add.html HTTP/1.1" 200 59033
114.89.80.44 - - [08/Aug/2020:09:46:34 +0800] "POST /xingrg/kc/buy/cgsh_order_operate.html HTTP/1.1" 200 8245
114.89.80.44 - - [08/Aug/2020:09:46:34 +0800] "GET /xingrg/javascript/easyui/themes/default/validatebox.css HTTP/1.1" 404 1104
114.88.161.57 - - [08/Aug/2020:09:46:35 +0800] "GET /xingrg/all/function/internal_message.html?_=1596851230210&CODE_STATE=getMsg HTTP/1.1" 200 27
180.157.251.101 - - [08/Aug/2020:09:46:36 +0800] "GET /xingrg/kc/buy/cgsh_order_operate.html?command=get_materiel&rest_code=00148&code=00101008102&supplier_code=00100059&order_time=2020-08-08 HTTP/1.1" 200 413
180.157.251.101 - - [08/Aug/2020:09:46:40 +0800] "POST /xingrg/kc/buy/cgsh_order_operate.html HTTP/1.1" 200 37
117.131.5.26 - - [08/Aug/2020:09:46:40 +0800] "GET /xingrg/all/function/internal_message.html?_=1596851201484&CODE_STATE=getMsg HTTP/1.1" 200 27
222.69.27.237 - - [08/Aug/2020:09:46:41 +0800] "GET /xingrg/javascript/jquery_easy_ui/themes/default/images/tabs_close.gif HTTP/1.1" 200 829
222.69.27.237 - - [08/Aug/2020:09:46:41 +0800] "GET /xingrg/css/site.css HTTP/1.1" 200 7541
222.69.27.237 - - [08/Aug/2020:09:46:42 +0800] "GET /xingrg/css/base.css HTTP/1.1" 200 2811
222.69.27.237 - - [08/Aug/2020:09:46:42 +0800] "GET /xingrg/javascript/jquery_tools/datebox.css HTTP/1.1" 200 2597
222.69.27.237 - - [08/Aug/2020:09:46:42 +0800] "GET /xingrg/javascript/jquery_tools/jquery.tools.min.js HTTP/1.1" 200 138801
222.69.27.237 - - [08/Aug/2020:09:46:42 +0800] "GET /xingrg/kc/buy/cgsh_order_list.html HTTP/1.1" 200 43647
222.69.27.237 - - [08/Aug/2020:09:46:42 +0800] "GET /xingrg/javascript/jquery_tools/jquery.tools.extend.js HTTP/1.1" 200 15385
222.69.27.237 - - [08/Aug/2020:09:46:42 +0800] "GET /xingrg/javascript/jquery_tools/list_manager.js HTTP/1.1" 200 3652
222.69.27.237 - - [08/Aug/2020:09:46:42 +0800] "GET /xingrg/javascript/easyui/easyloader.js HTTP/1.1" 200 5975
222.69.27.237 - - [08/Aug/2020:09:46:42 +0800] "GET /xingrg/javascript/jquery_tools/jquery.tools.hotkey.js HTTP/1.1" 200 3242
222.69.27.237 - - [08/Aug/2020:09:46:42 +0800] "GET /xingrg/javascript/jquery_tools/jquery.tools.table.js HTTP/1.1" 200 6994
222.69.27.237 - - [08/Aug/2020:09:46:42 +0800] "GET /xingrg/javascript/jquery.cookie.js HTTP/1.1" 200 5513
222.69.27.237 - - [08/Aug/2020:09:46:42 +0800] "GET /xingrg/javascript/print/LodopFuncs.js HTTP/1.1" 200 5121
222.69.27.237 - - [08/Aug/2020:09:46:42 +0800] "GET /xingrg/javascript/easyui/themes/default/easyui.css HTTP/1.1" 200 30432
222.69.27.237 - - [08/Aug/2020:09:46:42 +0800] "GET /xingrg/javascript/auto/jquery.autocomplete.js HTTP/1.1" 200 21624
114.89.80.44 - - [08/Aug/2020:09:46:42 +0800] "GET /xingrg/kc/buy/cgsh_order_operate.html?command=get_materiel&rest_code=00151&code=00101006006&supplier_code=00100012&order_time=2020-08-08 HTTP/1.1" 200 409
172.17.0.240 - - [08/Aug/2020:09:46:43 +0800] "GET /xingrg/all/function/internal_message.html?_=1596851198055&CODE_STATE=getMsg HTTP/1.1" 200 27
172.17.0.100 - - [08/Aug/2020:09:46:43 +0800] "GET /xingrg/all/function/internal_message.html?_=1596851200405&CODE_STATE=getMsg HTTP/1.1" 200 27
222.69.27.237 - - [08/Aug/2020:09:46:45 +0800] "GET /xingrg/javascript/easyui/themes/icon.css HTTP/1.1" 200 4483
222.69.27.237 - - [08/Aug/2020:09:46:45 +0800] "GET /xingrg/javascript/auto/jquery.autocomplete.css HTTP/1.1" 200 587
222.69.27.237 - - [08/Aug/2020:09:46:45 +0800] "GET /xingrg/javascript/jquery_tools/table.css HTTP/1.1" 200 1032
222.69.27.237 - - [08/Aug/2020:09:46:45 +0800] "GET /xingrg/javascript/jquery_tools/fix.css HTTP/1.1" 200 1702
222.69.27.237 - - [08/Aug/2020:09:46:45 +0800] "GET /xingrg/javascript/easyui/themes/icons/edit_add_new.png HTTP/1.1" 200 2997
222.69.27.237 - - [08/Aug/2020:09:46:45 +0800] "GET /xingrg/javascript/easyui/themes/icons/cance_new.png HTTP/1.1" 200 3986
222.69.27.237 - - [08/Aug/2020:09:46:45 +0800] "GET /xingrg/javascript/easyui/themes/icons/field_new.png HTTP/1.1" 200 1097
222.69.27.237 - - [08/Aug/2020:09:46:45 +0800] "GET /xingrg/javascript/easyui/themes/icons/check_new.png HTTP/1.1" 200 3224
222.69.27.237 - - [08/Aug/2020:09:46:45 +0800] "GET /xingrg/javascript/easyui/themes/icons/import_new.png HTTP/1.1" 200 1247
222.69.27.237 - - [08/Aug/2020:09:46:45 +0800] "GET /xingrg/javascript/easyui/plugins/jquery.parser.js HTTP/1.1" 200 1142
222.69.27.237 - - [08/Aug/2020:09:46:45 +0800] "GET /xingrg/images/control/ajaxLoader.gif HTTP/1.1" 200 4659
116.230.74.197 - - [08/Aug/2020:09:46:46 +0800] "GET /xingrg/all/function/internal_message.html?_=1596851192764&CODE_STATE=getMsg HTTP/1.1" 200 27
180.157.251.101 - - [08/Aug/2020:09:46:46 +0800] "POST /xingrg/kc/buy/cgsh_order_operate.html HTTP/1.1" 200 12
222.69.27.237 - - [08/Aug/2020:09:46:49 +0800] "POST /xingrg/kc/buy/cgsh_list_operate.html HTTP/1.1" 200 3863
114.88.161.57 - - [08/Aug/2020:09:46:51 +0800] "GET /xingrg/all/function/internal_message.html?_=1596851206912&CODE_STATE=getMsg HTTP/1.1" 200 27
222.69.136.88 - - [08/Aug/2020:09:46:51 +0800] "GET /xingrg/all/function/internal_message.html?_=1596851200466&CODE_STATE=getMsg HTTP/1.1" 200 27
180.157.251.101 - - [08/Aug/2020:09:46:51 +0800] "GET /xingrg/kc/buy/cgsh_order_info.html?code=212020080803035 HTTP/1.1" 200 54288
180.157.251.101 - - [08/Aug/2020:09:46:52 +0800] "GET /xingrg/javascript/easyui/themes/default/validatebox.css HTTP/1.1" 404 1104
180.157.251.101 - - [08/Aug/2020:09:46:52 +0800] "POST /xingrg/kc/buy/cgsh_order_operate.html HTTP/1.1" 200 1783
180.157.251.101 - - [08/Aug/2020:09:46:54 +0800] "GET /xingrg/kc/print/load_data.html?order_code=212020080803035&kc_code=cgsh&condition= HTTP/1.1" 200 1174
172.17.0.182 - - [08/Aug/2020:09:46:58 +0800] "GET /xingrg/all/function/internal_message.html?_=1596851209267&CODE_STATE=getMsg HTTP/1.1" 200 27
180.157.251.101 - - [08/Aug/2020:09:46:59 +0800] "GET /xingrg/kc/buy/cgsh_order_add.html HTTP/1.1" 200 59385
116.232.50.170 - - [08/Aug/2020:09:46:59 +0800] "GET /xingrg/check_reg.html?_=1596851245687 HTTP/1.1" 200 22
116.232.50.170 - - [08/Aug/2020:09:46:59 +0800] "GET /xingrg/all/function/internal_message.html?_=1596851245718&CODE_STATE=getMsg HTTP/1.1" 200 27
180.157.251.101 - - [08/Aug/2020:09:46:59 +0800] "POST /xingrg/kc/buy/cgsh_order_operate.html HTTP/1.1" 200 8245
180.157.251.101 - - [08/Aug/2020:09:46:59 +0800] "GET /xingrg/javascript/easyui/themes/default/validatebox.css HTTP/1.1" 404 1104
180.175.214.200 - - [08/Aug/2020:09:47:02 +0800] "GET /xingrg/all/function/internal_message.html?_=1596851424222&CODE_STATE=getMsg HTTP/1.1" 200 27
114.89.80.44 - - [08/Aug/2020:09:47:05 +0800] "GET /xingrg/kc/buy/cgsh_order_operate.html?command=get_materiel&rest_code=00151&code=00101006027&supplier_code=00100012&order_time=2020-08-08 HTTP/1.1" 200 409
180.175.214.200 - - [08/Aug/2020:09:47:08 +0800] "GET /xingrg/kc/buy/cgsh_order_list.html HTTP/1.1" 200 43641
180.175.214.200 - - [08/Aug/2020:09:47:09 +0800] "POST /xingrg/kc/buy/cgsh_list_operate.html HTTP/1.1" 200 876
180.175.214.200 - - [08/Aug/2020:09:47:10 +0800] "GET /xingrg/kc/buy/cgsh_order_add.html HTTP/1.1" 200 59291
180.175.214.200 - - [08/Aug/2020:09:47:10 +0800] "POST /xingrg/kc/buy/cgsh_order_operate.html HTTP/1.1" 200 8245
180.175.214.200 - - [08/Aug/2020:09:47:11 +0800] "GET /xingrg/javascript/easyui/themes/default/validatebox.css HTTP/1.1" 404 1104
218.81.217.115 - - [08/Aug/2020:09:47:11 +0800] "GET /xingrg/all/function/internal_message.html?_=1596851221090&CODE_STATE=getMsg HTTP/1.1" 200 27
180.175.214.200 - - [08/Aug/2020:09:47:12 +0800] "GET /xingrg/javascript/easyui/themes/default/tree.css HTTP/1.1" 404 1090
180.175.214.200 - - [08/Aug/2020:09:47:12 +0800] "POST /xingrg/all/common/load_tree.html?tree=supplier_tree_json&isDelete=1 HTTP/1.1" 200 49675
114.89.80.44 - - [08/Aug/2020:09:47:13 +0800] "GET /xingrg/all/function/internal_message.html?_=1596851360095&CODE_STATE=getMsg HTTP/1.1" 200 27
114.88.153.107 - - [08/Aug/2020:09:47:13 +0800] "GET /xingrg/all/function/internal_message.html?_=1596851231876&CODE_STATE=getMsg HTTP/1.1" 200 27
61.172.5.115 - - [08/Aug/2020:09:47:13 +0800] "GET /xingrg/kc/buy/cgsh_order_operate.html?command=get_materiel&rest_code=00105&code=00101008352&supplier_code=00100203&order_time=2020-08-08 HTTP/1.1" 200 412
114.89.80.44 - - [08/Aug/2020:09:47:13 +0800] "GET /xingrg/kc/buy/cgsh_order_operate.html?command=get_materiel&rest_code=00151&code=00101016104&supplier_code=00100012&order_time=2020-08-08 HTTP/1.1" 200 409
61.172.5.115 - - [08/Aug/2020:09:47:14 +0800] "GET /xingrg/all/function/internal_message.html?_=1596851231035&CODE_STATE=getMsg HTTP/1.1" 200 27
180.157.251.101 - - [08/Aug/2020:09:47:16 +0800] "GET /xingrg/kc/buy/cgsh_order_operate.html?command=get_materiel&rest_code=00148&code=00101007061&supplier_code=00100004&order_time=2020-08-08 HTTP/1.1" 200 409
117.184.7.26 - - [08/Aug/2020:09:47:18 +0800] "GET /xingrg/all/function/internal_message.html?_=1596851223357&CODE_STATE=getMsg HTTP/1.1" 200 27
114.89.80.44 - - [08/Aug/2020:09:47:20 +0800] "GET /xingrg/kc/buy/cgsh_order_operate.html?command=get_materiel&rest_code=00151&code=00101006168&supplier_code=00100012&order_time=2020-08-08 HTTP/1.1" 200 421
180.157.251.101 - - [08/Aug/2020:09:47:24 +0800] "GET /xingrg/all/function/internal_message.html?_=1596851245245&CODE_STATE=getMsg HTTP/1.1" 200 27
180.175.214.200 - - [08/Aug/2020:09:47:25 +0800] "GET /xingrg/kc/buy/cgsh_order_operate.html?command=get_materiel&rest_code=00102&code=00102002235&supplier_code=00100047&order_time=2020-08-08 HTTP/1.1" 200 409
180.157.251.101 - - [08/Aug/2020:09:47:25 +0800] "GET /xingrg/kc/buy/cgsh_order_operate.html?command=get_materiel&rest_code=00148&code=00101007049&supplier_code=00100004&order_time=2020-08-08 HTTP/1.1" 200 409
222.69.27.237 - - [08/Aug/2020:09:47:30 +0800] "GET /xingrg/all/function/internal_message.html?_=1596851136323&CODE_STATE=getMsg HTTP/1.1" 200 27
180.157.251.101 - - [08/Aug/2020:09:47:32 +0800] "GET /xingrg/kc/buy/cgsh_order_operate.html?command=get_materiel&rest_code=00148&code=00101007038&supplier_code=00100004&order_time=2020-08-08 HTTP/1.1" 200 441
114.89.80.44 - - [08/Aug/2020:09:47:32 +0800] "GET /xingrg/kc/buy/cgsh_order_operate.html?command=get_materiel&rest_code=00151&code=00101006013&supplier_code=00100012&order_time=2020-08-08 HTTP/1.1" 200 409
180.175.214.200 - - [08/Aug/2020:09:47:34 +0800] "GET /xingrg/kc/buy/cgsh_order_operate.html?command=get_materiel&rest_code=00102&code=00101011005&supplier_code=00100047&order_time=2020-08-08 HTTP/1.1" 200 429
180.157.251.101 - - [08/Aug/2020:09:47:35 +0800] "POST /xingrg/all/common/load_select.html HTTP/1.1" 200 25
114.88.161.57 - - [08/Aug/2020:09:47:35 +0800] "GET /xingrg/all/function/internal_message.html?_=1596851290182&CODE_STATE=getMsg HTTP/1.1" 200 27
180.157.251.101 - - [08/Aug/2020:09:47:37 +0800] "GET /xingrg/kc/buy/cgsh_order_operate.html?command=get_materiel_price&rest_code=00148&code=00101007038&unit_code=00100025&supplier_code=00100004&order_time=2020-08-08 HTTP/1.1" 200 29
114.89.80.44 - - [08/Aug/2020:09:47:39 +0800] "GET /xingrg/kc/buy/cgsh_order_operate.html?command=get_materiel&rest_code=00151&code=00101006136&supplier_code=00100012&order_time=2020-08-08 HTTP/1.1" 200 416
117.131.5.26 - - [08/Aug/2020:09:47:40 +0800] "GET /xingrg/all/function/internal_message.html?_=1596851261484&CODE_STATE=getMsg HTTP/1.1" 200 27
180.157.251.101 - - [08/Aug/2020:09:47:42 +0800] "GET /xingrg/kc/buy/cgsh_order_operate.html?command=get_materiel&rest_code=00148&code=00101007023&supplier_code=00100004&order_time=2020-08-08 HTTP/1.1" 200 409
172.17.0.240 - - [08/Aug/2020:09:47:43 +0800] "GET /xingrg/check_reg.html?_=1596851258059 HTTP/1.1" 200 22
172.17.0.240 - - [08/Aug/2020:09:47:43 +0800] "GET /xingrg/all/function/internal_message.html?_=1596851258063&CODE_STATE=getMsg HTTP/1.1" 200 27
180.175.214.200 - - [08/Aug/2020:09:47:43 +0800] "GET /xingrg/kc/buy/cgsh_order_operate.html?command=get_materiel&rest_code=00102&code=00101011010&supplier_code=00100047&order_time=2020-08-08 HTTP/1.1" 200 418
172.17.0.100 - - [08/Aug/2020:09:47:43 +0800] "GET /xingrg/all/function/internal_message.html?_=1596851260410&CODE_STATE=getMsg HTTP/1.1" 200 27
116.230.74.197 - - [08/Aug/2020:09:47:46 +0800] "GET /xingrg/all/function/internal_message.html?_=1596851252749&CODE_STATE=getMsg HTTP/1.1" 200 27
114.88.161.57 - - [08/Aug/2020:09:47:51 +0800] "GET /xingrg/all/function/internal_message.html?_=1596851266949&CODE_STATE=getMsg HTTP/1.1" 200 27
222.69.136.88 - - [08/Aug/2020:09:47:51 +0800] "GET /xingrg/all/function/internal_message.html?_=1596851260370&CODE_STATE=getMsg HTTP/1.1" 200 27
180.157.251.101 - - [08/Aug/2020:09:47:53 +0800] "GET /xingrg/kc/buy/cgsh_order_operate.html?command=get_materiel&rest_code=00148&code=00101007024&supplier_code=00100004&order_time=2020-08-08 HTTP/1.1" 200 415
114.89.80.44 - - [08/Aug/2020:09:47:56 +0800] "POST /xingrg/kc/buy/cgsh_order_operate.html HTTP/1.1" 200 37
180.175.214.200 - - [08/Aug/2020:09:47:56 +0800] "GET /xingrg/kc/buy/cgsh_order_operate.html?command=get_materiel&rest_code=00102&code=00101011007&supplier_code=00100047&order_time=2020-08-08 HTTP/1.1" 200 414
172.17.0.182 - - [08/Aug/2020:09:47:58 +0800] "GET /xingrg/all/function/internal_message.html?_=1596851269294&CODE_STATE=getMsg HTTP/1.1" 200 27
116.232.50.170 - - [08/Aug/2020:09:47:58 +0800] "GET /xingrg/all/function/internal_message.html?_=1596851305718&CODE_STATE=getMsg HTTP/1.1" 200 27
114.89.80.44 - - [08/Aug/2020:09:47:59 +0800] "POST /xingrg/kc/buy/cgsh_order_operate.html HTTP/1.1" 200 12
114.89.80.44 - - [08/Aug/2020:09:47:59 +0800] "GET /xingrg/kc/buy/cgsh_order_info.html?code=212020080803036 HTTP/1.1" 200 53940
114.89.80.44 - - [08/Aug/2020:09:48:00 +0800] "GET /xingrg/javascript/easyui/themes/default/validatebox.css HTTP/1.1" 404 1104
114.89.80.44 - - [08/Aug/2020:09:48:00 +0800] "POST /xingrg/kc/buy/cgsh_order_operate.html HTTP/1.1" 200 2998
114.89.80.44 - - [08/Aug/2020:09:48:01 +0800] "GET /xingrg/kc/print/load_data.html?order_code=212020080803036&kc_code=cgsh&condition= HTTP/1.1" 200 1753
180.152.230.204 - - [08/Aug/2020:09:48:01 +0800] "GET /xingrg/check_reg.html?_=1596850590261 HTTP/1.1" 200 22
180.175.214.200 - - [08/Aug/2020:09:48:03 +0800] "GET /xingrg/all/function/internal_message.html?_=1596851485251&CODE_STATE=getMsg HTTP/1.1" 200 27
180.175.214.200 - - [08/Aug/2020:09:48:03 +0800] "POST /xingrg/kc/buy/cgsh_order_operate.html HTTP/1.1" 200 37
180.175.214.200 - - [08/Aug/2020:09:48:05 +0800] "POST /xingrg/kc/buy/cgsh_order_operate.html HTTP/1.1" 200 12
180.175.214.200 - - [08/Aug/2020:09:48:06 +0800] "GET /xingrg/kc/buy/cgsh_order_info.html?code=212020080803037 HTTP/1.1" 200 54192
180.175.214.200 - - [08/Aug/2020:09:48:07 +0800] "GET /xingrg/javascript/easyui/themes/default/validatebox.css HTTP/1.1" 404 1104
180.175.214.200 - - [08/Aug/2020:09:48:08 +0800] "POST /xingrg/kc/buy/cgsh_order_operate.html HTTP/1.1" 200 1799
101.89.19.149 - - [08/Aug/2020:09:48:09 +0800] "GET /xingrg/all/function/internal_message.html?_=1596850571849&CODE_STATE=getMsg HTTP/1.1" 302 -
180.175.214.200 - - [08/Aug/2020:09:48:10 +0800] "GET /xingrg/kc/print/load_data.html?order_code=212020080803037&kc_code=cgsh&condition= HTTP/1.1" 200 1194
218.81.217.115 - - [08/Aug/2020:09:48:12 +0800] "GET /xingrg/all/function/internal_message.html?_=1596851281280&CODE_STATE=getMsg HTTP/1.1" 200 27
114.89.80.44 - - [08/Aug/2020:09:48:12 +0800] "GET /xingrg/check_reg.html?_=1596851419751 HTTP/1.1" 200 22
114.89.80.44 - - [08/Aug/2020:09:48:13 +0800] "GET /xingrg/all/function/internal_message.html?_=1596851420154&CODE_STATE=getMsg HTTP/1.1" 200 27
114.88.153.107 - - [08/Aug/2020:09:48:13 +0800] "GET /xingrg/all/function/internal_message.html?_=1596851291919&CODE_STATE=getMsg HTTP/1.1" 200 27
114.88.153.107 - - [08/Aug/2020:09:48:13 +0800] "GET /xingrg/check_reg.html?_=1596851291923 HTTP/1.1" 200 22
61.172.5.115 - - [08/Aug/2020:09:48:15 +0800] "GET /xingrg/all/function/internal_message.html?_=1596851291081&CODE_STATE=getMsg HTTP/1.1" 200 27
101.89.19.149 - - [08/Aug/2020:09:48:16 +0800] "GET /xingrg/login.html HTTP/1.1" 200 7641
117.184.7.26 - - [08/Aug/2020:09:48:17 +0800] "GET /xingrg/all/function/internal_message.html?_=1596851283328&CODE_STATE=getMsg HTTP/1.1" 200 27
180.157.251.101 - - [08/Aug/2020:09:48:24 +0800] "GET /xingrg/check_reg.html?_=1596851305180 HTTP/1.1" 200 22
180.157.251.101 - - [08/Aug/2020:09:48:24 +0800] "GET /xingrg/all/function/internal_message.html?_=1596851305220&CODE_STATE=getMsg HTTP/1.1" 200 27
180.157.251.101 - - [08/Aug/2020:09:48:28 +0800] "POST /xingrg/kc/buy/cgsh_order_operate.html HTTP/1.1" 200 37
222.69.27.237 - - [08/Aug/2020:09:48:30 +0800] "GET /xingrg/all/function/internal_message.html?_=1596851196312&CODE_STATE=getMsg HTTP/1.1" 200 27
180.157.251.101 - - [08/Aug/2020:09:48:30 +0800] "POST /xingrg/kc/buy/cgsh_order_operate.html HTTP/1.1" 200 4428
61.172.5.115 - - [08/Aug/2020:09:48:33 +0800] "GET /xingrg/kc/buy/cgsh_order_operate.html?command=get_materiel&rest_code=00105&code=00101008098&supplier_code=00100203&order_time=2020-08-08 HTTP/1.1" 200 412
180.157.251.101 - - [08/Aug/2020:09:48:34 +0800] "GET /xingrg/kc/buy/cgsh_order_add.html HTTP/1.1" 200 59385
180.157.251.101 - - [08/Aug/2020:09:48:35 +0800] "POST /xingrg/kc/buy/cgsh_order_operate.html HTTP/1.1" 200 8245
180.157.251.101 - - [08/Aug/2020:09:48:35 +0800] "GET /xingrg/javascript/easyui/themes/default/validatebox.css HTTP/1.1" 404 1104
114.88.161.57 - - [08/Aug/2020:09:48:35 +0800] "GET /xingrg/check_reg.html?_=1596851350188 HTTP/1.1" 200 22
114.88.161.57 - - [08/Aug/2020:09:48:35 +0800] "GET /xingrg/all/function/internal_message.html?_=1596851350182&CODE_STATE=getMsg HTTP/1.1" 200 27
117.131.5.26 - - [08/Aug/2020:09:48:40 +0800] "GET /xingrg/check_reg.html?_=1596851321484 HTTP/1.1" 200 22
117.131.5.26 - - [08/Aug/2020:09:48:40 +0800] "GET /xingrg/all/function/internal_message.html?_=1596851321484&CODE_STATE=getMsg HTTP/1.1" 200 27
61.172.5.115 - - [08/Aug/2020:09:48:41 +0800] "GET /xingrg/kc/buy/cgsh_order_operate.html?command=get_materiel&rest_code=00105&code=00101008005&supplier_code=00100203&order_time=2020-08-08 HTTP/1.1" 200 412
172.17.0.240 - - [08/Aug/2020:09:48:43 +0800] "GET /xingrg/all/function/internal_message.html?_=1596851318049&CODE_STATE=getMsg HTTP/1.1" 200 27
172.17.0.100 - - [08/Aug/2020:09:48:43 +0800] "GET /xingrg/all/function/internal_message.html?_=1596851320414&CODE_STATE=getMsg HTTP/1.1" 200 27
116.230.74.197 - - [08/Aug/2020:09:48:46 +0800] "GET /xingrg/all/function/internal_message.html?_=1596851312752&CODE_STATE=getMsg HTTP/1.1" 200 27
180.175.214.200 - - [08/Aug/2020:09:48:48 +0800] "POST /xingrg/kc/buy/cgsh_list_operate.html HTTP/1.1" 200 5717
114.88.161.57 - - [08/Aug/2020:09:48:51 +0800] "GET /xingrg/all/function/internal_message.html?_=1596851326969&CODE_STATE=getMsg HTTP/1.1" 200 27
61.172.5.115 - - [08/Aug/2020:09:48:51 +0800] "GET /xingrg/kc/buy/cgsh_order_operate.html?command=get_materiel&rest_code=00105&code=00101008271&supplier_code=00100203&order_time=2020-08-08 HTTP/1.1" 200 408
222.69.136.88 - - [08/Aug/2020:09:48:51 +0800] "GET /xingrg/all/function/internal_message.html?_=1596851320371&CODE_STATE=getMsg HTTP/1.1" 200 27
116.232.50.170 - - [08/Aug/2020:09:48:57 +0800] "GET /xingrg/all/function/internal_message.html?_=1596851365718&CODE_STATE=getMsg HTTP/1.1" 200 27
172.17.0.182 - - [08/Aug/2020:09:48:58 +0800] "GET /xingrg/all/function/internal_message.html?_=1596851329288&CODE_STATE=getMsg HTTP/1.1" 200 27
172.17.0.182 - - [08/Aug/2020:09:48:58 +0800] "GET /xingrg/check_reg.html?_=1596851329286 HTTP/1.1" 200 22
61.172.5.115 - - [08/Aug/2020:09:49:02 +0800] "GET /xingrg/kc/buy/cgsh_order_operate.html?command=get_materiel&rest_code=00105&code=00101008353&supplier_code=00100203&order_time=2020-08-08 HTTP/1.1" 200 408
180.175.214.200 - - [08/Aug/2020:09:49:03 +0800] "GET /xingrg/all/function/internal_message.html?_=1596851545280&CODE_STATE=getMsg HTTP/1.1" 200 27
218.81.217.115 - - [08/Aug/2020:09:49:12 +0800] "GET /xingrg/all/function/internal_message.html?_=1596851341290&CODE_STATE=getMsg HTTP/1.1" 200 27
114.89.80.44 - - [08/Aug/2020:09:49:13 +0800] "GET /xingrg/all/function/internal_message.html?_=1596851480154&CODE_STATE=getMsg HTTP/1.1" 200 27
114.88.153.107 - - [08/Aug/2020:09:49:13 +0800] "GET /xingrg/all/function/internal_message.html?_=1596851351907&CODE_STATE=getMsg HTTP/1.1" 200 27
61.172.5.115 - - [08/Aug/2020:09:49:15 +0800] "GET /xingrg/all/function/internal_message.html?_=1596851351052&CODE_STATE=getMsg HTTP/1.1" 200 27
61.172.5.115 - - [08/Aug/2020:09:49:15 +0800] "GET /xingrg/kc/buy/cgsh_order_operate.html?command=get_materiel&rest_code=00105&code=00101020133&supplier_code=00100203&order_time=2020-08-08 HTTP/1.1" 200 417
117.184.7.26 - - [08/Aug/2020:09:49:17 +0800] "GET /xingrg/all/function/internal_message.html?_=1596851343315&CODE_STATE=getMsg HTTP/1.1" 200 27
117.184.7.26 - - [08/Aug/2020:09:49:18 +0800] "GET /xingrg/check_reg.html?_=1596851343595 HTTP/1.1" 200 22
180.157.251.101 - - [08/Aug/2020:09:49:24 +0800] "GET /xingrg/all/function/internal_message.html?_=1596851365206&CODE_STATE=getMsg HTTP/1.1" 200 27
222.69.27.237 - - [08/Aug/2020:09:49:29 +0800] "GET /xingrg/all/function/internal_message.html?_=1596851256314&CODE_STATE=getMsg HTTP/1.1" 200 27
114.88.161.57 - - [08/Aug/2020:09:49:35 +0800] "GET /xingrg/all/function/internal_message.html?_=1596851410184&CODE_STATE=getMsg HTTP/1.1" 200 27
117.131.5.26 - - [08/Aug/2020:09:49:40 +0800] "GET /xingrg/all/function/internal_message.html?_=1596851381484&CODE_STATE=getMsg HTTP/1.1" 200 27
172.17.0.240 - - [08/Aug/2020:09:49:43 +0800] "GET /xingrg/all/function/internal_message.html?_=1596851378051&CODE_STATE=getMsg HTTP/1.1" 200 27
172.17.0.100 - - [08/Aug/2020:09:49:43 +0800] "GET /xingrg/all/function/internal_message.html?_=1596851380399&CODE_STATE=getMsg HTTP/1.1" 200 27
116.230.74.197 - - [08/Aug/2020:09:49:46 +0800] "GET /xingrg/all/function/internal_message.html?_=1596851372768&CODE_STATE=getMsg HTTP/1.1" 200 27
116.230.74.197 - - [08/Aug/2020:09:49:46 +0800] "GET /xingrg/check_reg.html?_=1596851372770 HTTP/1.1" 200 22
114.88.161.57 - - [08/Aug/2020:09:49:50 +0800] "GET /xingrg/check_reg.html?_=1596851386135 HTTP/1.1" 200 22
114.88.161.57 - - [08/Aug/2020:09:49:51 +0800] "GET /xingrg/all/function/internal_message.html?_=1596851386982&CODE_STATE=getMsg HTTP/1.1" 200 27
222.69.136.88 - - [08/Aug/2020:09:49:51 +0800] "GET /xingrg/all/function/internal_message.html?_=1596851380371&CODE_STATE=getMsg HTTP/1.1" 200 27
116.232.50.170 - - [08/Aug/2020:09:49:56 +0800] "GET /xingrg/all/function/internal_message.html?_=1596851425718&CODE_STATE=getMsg HTTP/1.1" 200 27
172.17.0.182 - - [08/Aug/2020:09:49:58 +0800] "GET /xingrg/all/function/internal_message.html?_=1596851389284&CODE_STATE=getMsg HTTP/1.1" 200 27
180.175.214.200 - - [08/Aug/2020:09:50:01 +0800] "GET /xingrg/check_reg.html?_=1596851603143 HTTP/1.1" 200 22
180.175.214.200 - - [08/Aug/2020:09:50:03 +0800] "GET /xingrg/all/function/internal_message.html?_=1596851605294&CODE_STATE=getMsg HTTP/1.1" 200 27
218.81.217.115 - - [08/Aug/2020:09:50:10 +0800] "GET /xingrg/check_reg.html?_=1596851400171 HTTP/1.1" 200 22
218.81.217.115 - - [08/Aug/2020:09:50:12 +0800] "GET /xingrg/all/function/internal_message.html?_=1596851401303&CODE_STATE=getMsg HTTP/1.1" 200 27
61.172.5.115 - - [08/Aug/2020:09:50:12 +0800] "GET /xingrg/check_reg.html?_=1596851409051 HTTP/1.1" 200 22
114.89.80.44 - - [08/Aug/2020:09:50:13 +0800] "GET /xingrg/all/function/internal_message.html?_=1596851540168&CODE_STATE=getMsg HTTP/1.1" 200 27
114.88.153.107 - - [08/Aug/2020:09:50:13 +0800] "GET /xingrg/all/function/internal_message.html?_=1596851411905&CODE_STATE=getMsg HTTP/1.1" 200 27
180.157.251.101 - - [08/Aug/2020:09:50:14 +0800] "GET /xingrg/kc/buy/cgsh_order_operate.html?command=get_materiel&rest_code=00148&code=00101008257&supplier_code=00100007&order_time=2020-08-08 HTTP/1.1" 200 416
61.172.5.115 - - [08/Aug/2020:09:50:14 +0800] "GET /xingrg/all/function/internal_message.html?_=1596851411029&CODE_STATE=getMsg HTTP/1.1" 200 27
117.184.7.26 - - [08/Aug/2020:09:50:17 +0800] "GET /xingrg/all/function/internal_message.html?_=1596851403299&CODE_STATE=getMsg HTTP/1.1" 200 27
180.157.251.101 - - [08/Aug/2020:09:50:24 +0800] "GET /xingrg/kc/buy/cgsh_order_operate.html?command=get_materiel&rest_code=00148&code=00101008244&supplier_code=00100007&order_time=2020-08-08 HTTP/1.1" 200 408
180.157.251.101 - - [08/Aug/2020:09:50:24 +0800] "GET /xingrg/all/function/internal_message.html?_=1596851425185&CODE_STATE=getMsg HTTP/1.1" 200 27
180.157.251.101 - - [08/Aug/2020:09:50:28 +0800] "GET /xingrg/kc/buy/cgsh_order_operate.html?command=get_materiel&rest_code=00148&code=00101008010&supplier_code=00100007&order_time=2020-08-08 HTTP/1.1" 200 412
222.69.27.237 - - [08/Aug/2020:09:50:29 +0800] "GET /xingrg/all/function/internal_message.html?_=1596851316312&CODE_STATE=getMsg HTTP/1.1" 200 27
180.157.251.101 - - [08/Aug/2020:09:50:34 +0800] "GET /xingrg/kc/buy/cgsh_order_operate.html?command=get_materiel&rest_code=00148&code=00101008312&supplier_code=00100007&order_time=2020-08-08 HTTP/1.1" 200 412
114.88.161.57 - - [08/Aug/2020:09:50:35 +0800] "GET /xingrg/all/function/internal_message.html?_=1596851470184&CODE_STATE=getMsg HTTP/1.1" 200 27
180.157.251.101 - - [08/Aug/2020:09:50:39 +0800] "GET /xingrg/kc/buy/cgsh_order_operate.html?command=get_materiel&rest_code=00148&code=00101008096&supplier_code=00100007&order_time=2020-08-08 HTTP/1.1" 200 412
117.131.5.26 - - [08/Aug/2020:09:50:40 +0800] "GET /xingrg/all/function/internal_message.html?_=1596851441484&CODE_STATE=getMsg HTTP/1.1" 200 27
172.17.0.240 - - [08/Aug/2020:09:50:43 +0800] "GET /xingrg/all/function/internal_message.html?_=1596851438055&CODE_STATE=getMsg HTTP/1.1" 200 27
180.157.251.101 - - [08/Aug/2020:09:50:43 +0800] "GET /xingrg/kc/buy/cgsh_order_operate.html?command=get_materiel&rest_code=00148&code=00101008038&supplier_code=00100007&order_time=2020-08-08 HTTP/1.1" 200 412
172.17.0.100 - - [08/Aug/2020:09:50:43 +0800] "GET /xingrg/all/function/internal_message.html?_=1596851440403&CODE_STATE=getMsg HTTP/1.1" 200 27
172.17.0.100 - - [08/Aug/2020:09:50:43 +0800] "GET /xingrg/check_reg.html?_=1596851440406 HTTP/1.1" 200 22
116.230.74.197 - - [08/Aug/2020:09:50:46 +0800] "GET /xingrg/all/function/internal_message.html?_=1596851432758&CODE_STATE=getMsg HTTP/1.1" 200 27
180.157.251.101 - - [08/Aug/2020:09:50:49 +0800] "GET /xingrg/kc/buy/cgsh_order_operate.html?command=get_materiel&rest_code=00148&code=00101008199&supplier_code=00100007&order_time=2020-08-08 HTTP/1.1" 200 408
114.88.161.57 - - [08/Aug/2020:09:50:51 +0800] "GET /xingrg/all/function/internal_message.html?_=1596851446996&CODE_STATE=getMsg HTTP/1.1" 200 27
222.69.136.88 - - [08/Aug/2020:09:50:51 +0800] "GET /xingrg/all/function/internal_message.html?_=1596851440370&CODE_STATE=getMsg HTTP/1.1" 200 27
222.69.136.88 - - [08/Aug/2020:09:50:51 +0800] "GET /xingrg/check_reg.html?_=1596851440371 HTTP/1.1" 200 22
116.232.50.170 - - [08/Aug/2020:09:50:54 +0800] "GET /xingrg/all/function/internal_message.html?_=1596851485718&CODE_STATE=getMsg HTTP/1.1" 200 27
180.157.251.101 - - [08/Aug/2020:09:50:57 +0800] "GET /xingrg/kc/buy/cgsh_order_operate.html?command=get_materiel&rest_code=00148&code=00101008355&supplier_code=00100007&order_time=2020-08-08 HTTP/1.1" 200 408
172.17.0.182 - - [08/Aug/2020:09:50:58 +0800] "GET /xingrg/all/function/internal_message.html?_=1596851449296&CODE_STATE=getMsg HTTP/1.1" 200 27
180.157.251.101 - - [08/Aug/2020:09:51:03 +0800] "GET /xingrg/kc/buy/cgsh_order_operate.html?command=get_materiel&rest_code=00148&code=00101008264&supplier_code=00100007&order_time=2020-08-08 HTTP/1.1" 200 412
180.175.214.200 - - [08/Aug/2020:09:51:03 +0800] "GET /xingrg/all/function/internal_message.html?_=1596851665307&CODE_STATE=getMsg HTTP/1.1" 200 27
180.157.251.101 - - [08/Aug/2020:09:51:09 +0800] "GET /xingrg/kc/buy/cgsh_order_operate.html?command=get_materiel&rest_code=00148&code=00101008360&supplier_code=00100007&order_time=2020-08-08 HTTP/1.1" 200 412
218.81.217.115 - - [08/Aug/2020:09:51:12 +0800] "GET /xingrg/all/function/internal_message.html?_=1596851461317&CODE_STATE=getMsg HTTP/1.1" 200 27
114.89.80.44 - - [08/Aug/2020:09:51:13 +0800] "GET /xingrg/all/function/internal_message.html?_=1596851600227&CODE_STATE=getMsg HTTP/1.1" 200 27
114.88.153.107 - - [08/Aug/2020:09:51:13 +0800] "GET /xingrg/all/function/internal_message.html?_=1596851471904&CODE_STATE=getMsg HTTP/1.1" 200 27
180.157.251.101 - - [08/Aug/2020:09:51:14 +0800] "GET /xingrg/kc/buy/cgsh_order_operate.html?command=get_materiel&rest_code=00148&code=00101008270&supplier_code=00100007&order_time=2020-08-08 HTTP/1.1" 200 412
61.172.5.115 - - [08/Aug/2020:09:51:14 +0800] "GET /xingrg/all/function/internal_message.html?_=1596851471005&CODE_STATE=getMsg HTTP/1.1" 200 27
58.221.95.50 - - [08/Aug/2020:09:51:15 +0800] "GET /xingrg/check_reg.html?_=1596851599256 HTTP/1.1" 302 -
117.184.7.26 - - [08/Aug/2020:09:51:17 +0800] "GET /xingrg/all/function/internal_message.html?_=1596851463284&CODE_STATE=getMsg HTTP/1.1" 200 27
61.172.5.115 - - [08/Aug/2020:09:51:18 +0800] "GET /xingrg/kc/buy/cgsh_order_operate.html?command=get_materiel&rest_code=00105&code=00101008298&supplier_code=00100203&order_time=2020-08-08 HTTP/1.1" 200 412
180.157.251.101 - - [08/Aug/2020:09:51:24 +0800] "GET /xingrg/all/function/internal_message.html?_=1596851485237&CODE_STATE=getMsg HTTP/1.1" 200 27
180.157.251.101 - - [08/Aug/2020:09:51:25 +0800] "GET /xingrg/kc/buy/cgsh_order_operate.html?command=get_materiel&rest_code=00148&code=00101008078&supplier_code=00100007&order_time=2020-08-08 HTTP/1.1" 200 416
61.172.5.115 - - [08/Aug/2020:09:51:28 +0800] "GET /xingrg/kc/buy/cgsh_order_operate.html?command=get_materiel&rest_code=00105&code=00101008105&supplier_code=00100203&order_time=2020-08-08 HTTP/1.1" 200 412
222.69.27.237 - - [08/Aug/2020:09:51:29 +0800] "GET /xingrg/check_reg.html?_=1596851376311 HTTP/1.1" 200 22
222.69.27.237 - - [08/Aug/2020:09:51:30 +0800] "GET /xingrg/all/function/internal_message.html?_=1596851376312&CODE_STATE=getMsg HTTP/1.1" 200 27
61.172.5.115 - - [08/Aug/2020:09:51:32 +0800] "POST /xingrg/kc/buy/cgsh_order_operate.html HTTP/1.1" 200 2065
61.172.5.115 - - [08/Aug/2020:09:51:33 +0800] "POST /xingrg/kc/buy/cgsh_order_operate.html HTTP/1.1" 200 2065
61.172.5.115 - - [08/Aug/2020:09:51:35 +0800] "POST /xingrg/kc/buy/cgsh_order_operate.html HTTP/1.1" 200 2065
114.88.161.57 - - [08/Aug/2020:09:51:35 +0800] "GET /xingrg/all/function/internal_message.html?_=1596851530183&CODE_STATE=getMsg HTTP/1.1" 200 27
180.157.251.101 - - [08/Aug/2020:09:51:37 +0800] "GET /xingrg/kc/buy/cgsh_order_operate.html?command=get_materiel&rest_code=00148&code=00101008357&supplier_code=00100007&order_time=2020-08-08 HTTP/1.1" 200 408
117.131.5.26 - - [08/Aug/2020:09:51:40 +0800] "GET /xingrg/all/function/internal_message.html?_=1596851501484&CODE_STATE=getMsg HTTP/1.1" 200 27
61.172.5.115 - - [08/Aug/2020:09:51:41 +0800] "GET /xingrg/kc/buy/cgsh_order_operate.html?command=get_materiel&rest_code=00105&code=00101008119&supplier_code=00100203&order_time=2020-08-08 HTTP/1.1" 200 412
180.157.251.101 - - [08/Aug/2020:09:51:41 +0800] "GET /xingrg/kc/buy/cgsh_order_operate.html?command=get_materiel&rest_code=00148&code=00101008069&supplier_code=00100007&order_time=2020-08-08 HTTP/1.1" 200 412
172.17.0.240 - - [08/Aug/2020:09:51:43 +0800] "GET /xingrg/all/function/internal_message.html?_=1596851498060&CODE_STATE=getMsg HTTP/1.1" 200 27
172.17.0.100 - - [08/Aug/2020:09:51:43 +0800] "GET /xingrg/all/function/internal_message.html?_=1596851500404&CODE_STATE=getMsg HTTP/1.1" 200 27
116.230.74.197 - - [08/Aug/2020:09:51:46 +0800] "GET /xingrg/all/function/internal_message.html?_=1596851492759&CODE_STATE=getMsg HTTP/1.1" 200 27
61.172.5.115 - - [08/Aug/2020:09:51:49 +0800] "GET /xingrg/kc/buy/cgsh_order_operate.html?command=get_materiel&rest_code=00105&code=00101008185&supplier_code=00100203&order_time=2020-08-08 HTTP/1.1" 200 408
180.157.251.101 - - [08/Aug/2020:09:51:51 +0800] "GET /xingrg/kc/buy/cgsh_order_operate.html?command=get_materiel&rest_code=00148&code=00101008036&supplier_code=00100007&order_time=2020-08-08 HTTP/1.1" 200 408
114.88.161.57 - - [08/Aug/2020:09:51:51 +0800] "GET /xingrg/all/function/internal_message.html?_=1596851507010&CODE_STATE=getMsg HTTP/1.1" 200 27
222.69.136.88 - - [08/Aug/2020:09:51:51 +0800] "GET /xingrg/all/function/internal_message.html?_=1596851500372&CODE_STATE=getMsg HTTP/1.1" 200 27
116.232.50.170 - - [08/Aug/2020:09:51:53 +0800] "GET /xingrg/check_reg.html?_=1596851545687 HTTP/1.1" 200 22
116.232.50.170 - - [08/Aug/2020:09:51:53 +0800] "GET /xingrg/all/function/internal_message.html?_=1596851545718&CODE_STATE=getMsg HTTP/1.1" 200 27
61.172.5.115 - - [08/Aug/2020:09:51:57 +0800] "GET /xingrg/kc/buy/cgsh_order_operate.html?command=get_materiel&rest_code=00105&code=00101015074&supplier_code=00100203&order_time=2020-08-08 HTTP/1.1" 200 408
172.17.0.182 - - [08/Aug/2020:09:51:58 +0800] "GET /xingrg/all/function/internal_message.html?_=1596851509307&CODE_STATE=getMsg HTTP/1.1" 200 27
180.157.251.101 - - [08/Aug/2020:09:52:00 +0800] "GET /xingrg/kc/buy/cgsh_order_operate.html?command=get_materiel&rest_code=00148&code=00101008286&supplier_code=00100007&order_time=2020-08-08 HTTP/1.1" 200 408
180.175.214.200 - - [08/Aug/2020:09:52:03 +0800] "GET /xingrg/all/function/internal_message.html?_=1596851725649&CODE_STATE=getMsg HTTP/1.1" 200 27
180.157.251.101 - - [08/Aug/2020:09:52:05 +0800] "GET /xingrg/kc/buy/cgsh_order_operate.html?command=get_materiel&rest_code=00148&code=00101008131&supplier_code=00100007&order_time=2020-08-08 HTTP/1.1" 200 409
61.172.5.115 - - [08/Aug/2020:09:52:05 +0800] "GET /xingrg/kc/buy/cgsh_order_operate.html?command=get_materiel&rest_code=00105&code=00101008150&supplier_code=00100203&order_time=2020-08-08 HTTP/1.1" 200 408
180.157.251.101 - - [08/Aug/2020:09:52:09 +0800] "GET /xingrg/kc/buy/cgsh_order_operate.html?command=get_materiel&rest_code=00148&code=00101008352&supplier_code=00100007&order_time=2020-08-08 HTTP/1.1" 200 412
218.81.217.115 - - [08/Aug/2020:09:52:12 +0800] "GET /xingrg/all/function/internal_message.html?_=1596851521330&CODE_STATE=getMsg HTTP/1.1" 200 27
114.89.80.44 - - [08/Aug/2020:09:52:13 +0800] "GET /xingrg/all/function/internal_message.html?_=1596851660241&CODE_STATE=getMsg HTTP/1.1" 200 27
114.88.153.107 - - [08/Aug/2020:09:52:13 +0800] "GET /xingrg/all/function/internal_message.html?_=1596851531919&CODE_STATE=getMsg HTTP/1.1" 200 27
61.172.5.115 - - [08/Aug/2020:09:52:14 +0800] "GET /xingrg/all/function/internal_message.html?_=1596851531002&CODE_STATE=getMsg HTTP/1.1" 200 27
180.157.251.101 - - [08/Aug/2020:09:52:15 +0800] "GET /xingrg/kc/buy/cgsh_order_operate.html?command=get_materiel&rest_code=00148&code=00101008005&supplier_code=00100007&order_time=2020-08-08 HTTP/1.1" 200 412
117.184.7.26 - - [08/Aug/2020:09:52:17 +0800] "GET /xingrg/all/function/internal_message.html?_=1596851523271&CODE_STATE=getMsg HTTP/1.1" 200 27
114.89.80.44 - - [08/Aug/2020:09:52:20 +0800] "GET /xingrg/kc/buy/cgsh_order_add.html HTTP/1.1" 200 59033
114.89.80.44 - - [08/Aug/2020:09:52:20 +0800] "POST /xingrg/kc/buy/cgsh_order_operate.html HTTP/1.1" 200 8245
114.89.80.44 - - [08/Aug/2020:09:52:20 +0800] "GET /xingrg/javascript/easyui/themes/default/validatebox.css HTTP/1.1" 404 1104
180.157.251.101 - - [08/Aug/2020:09:52:21 +0800] "GET /xingrg/kc/buy/cgsh_order_operate.html?command=get_materiel&rest_code=00148&code=00101008353&supplier_code=00100007&order_time=2020-08-08 HTTP/1.1" 200 408
180.157.251.101 - - [08/Aug/2020:09:52:24 +0800] "GET /xingrg/all/function/internal_message.html?_=1596851545214&CODE_STATE=getMsg HTTP/1.1" 200 27
180.157.251.101 - - [08/Aug/2020:09:52:24 +0800] "POST /xingrg/kc/buy/cgsh_order_operate.html HTTP/1.1" 200 2065
180.157.251.101 - - [08/Aug/2020:09:52:28 +0800] "GET /xingrg/kc/buy/cgsh_order_operate.html?command=get_materiel&rest_code=00148&code=00101008004&supplier_code=00100007&order_time=2020-08-08 HTTP/1.1" 200 416
222.69.27.237 - - [08/Aug/2020:09:52:30 +0800] "GET /xingrg/all/function/internal_message.html?_=1596851436311&CODE_STATE=getMsg HTTP/1.1" 200 27
61.172.5.115 - - [08/Aug/2020:09:52:32 +0800] "GET /xingrg/kc/buy/cgsh_order_operate.html?command=get_materiel&rest_code=00105&code=00101008323&supplier_code=00100203&order_time=2020-08-08 HTTP/1.1" 200 408
180.157.251.101 - - [08/Aug/2020:09:52:33 +0800] "GET /xingrg/kc/buy/cgsh_order_operate.html?command=get_materiel&rest_code=00148&code=00101008298&supplier_code=00100007&order_time=2020-08-08 HTTP/1.1" 200 412
114.88.161.57 - - [08/Aug/2020:09:52:35 +0800] "GET /xingrg/all/function/internal_message.html?_=1596851590182&CODE_STATE=getMsg HTTP/1.1" 200 27
180.157.251.101 - - [08/Aug/2020:09:52:38 +0800] "GET /xingrg/kc/buy/cgsh_order_operate.html?command=get_materiel&rest_code=00148&code=00101008101&supplier_code=00100007&order_time=2020-08-08 HTTP/1.1" 200 412
