180.175.214.200 - - [08/Aug/2020:09:33:47 +0800] "GET /xingrg/kc/buy/cgsh_order_operate.html?command=get_materiel&rest_code=00102&code=00101015037&supplier_code=00100054&order_time=2020-08-08 HTTP/1.1" 200 412
114.88.161.57 - - [08/Aug/2020:09:33:51 +0800] "GET /xingrg/all/function/internal_message.html?_=1596850426671&CODE_STATE=getMsg HTTP/1.1" 200 27
222.69.136.88 - - [08/Aug/2020:09:33:51 +0800] "GET /xingrg/all/function/internal_message.html?_=1596850420396&CODE_STATE=getMsg HTTP/1.1" 200 27
116.230.74.197 - - [08/Aug/2020:09:33:54 +0800] "GET /xingrg/kc/base/base_main.html HTTP/1.1" 200 12142
116.230.74.197 - - [08/Aug/2020:09:33:55 +0800] "GET /xingrg/kc/base/wldb_order_list.html HTTP/1.1" 200 19261
116.230.74.197 - - [08/Aug/2020:09:33:56 +0800] "POST /xingrg/kc/base/wldb_list_operate.html HTTP/1.1" 200 928
116.230.74.197 - - [08/Aug/2020:09:33:57 +0800] "GET /xingrg/kc/base/wldb_order_add.html HTTP/1.1" 200 30369
116.230.74.197 - - [08/Aug/2020:09:33:57 +0800] "GET /xingrg/all/common/auto_word.html?type=base&rest_code=00107 HTTP/1.1" 200 1811
116.230.74.197 - - [08/Aug/2020:09:33:57 +0800] "GET /xingrg/all/common/auto_word.html?type=base&rest_code=00107 HTTP/1.1" 200 1811
116.230.74.197 - - [08/Aug/2020:09:33:58 +0800] "GET /xingrg/javascript/easyui/themes/default/validatebox.css HTTP/1.1" 404 1104
116.230.74.197 - - [08/Aug/2020:09:33:58 +0800] "POST /xingrg/kc/base/wldb_order_operate.html HTTP/1.1" 200 6806
172.17.0.182 - - [08/Aug/2020:09:33:58 +0800] "GET /xingrg/check_reg.html?_=1596850429257 HTTP/1.1" 200 22
172.17.0.182 - - [08/Aug/2020:09:33:58 +0800] "GET /xingrg/all/function/internal_message.html?_=1596850429258&CODE_STATE=getMsg HTTP/1.1" 200 27
116.230.74.197 - - [08/Aug/2020:09:33:59 +0800] "POST /xingrg/all/common/load_combo.html?type=base HTTP/1.1" 200 3236
180.157.251.101 - - [08/Aug/2020:09:34:01 +0800] "GET /xingrg/kc/buy/cgsh_order_operate.html?command=get_materiel&rest_code=00148&code=00101006110&supplier_code=00100010&order_time=2020-08-08 HTTP/1.1" 200 408
180.157.251.101 - - [08/Aug/2020:09:34:04 +0800] "GET /xingrg/kc/buy/cgsh_order_operate.html?command=get_materiel&rest_code=00148&code=00101006111&supplier_code=00100010&order_time=2020-08-08 HTTP/1.1" 200 409
218.81.217.115 - - [08/Aug/2020:09:34:11 +0800] "GET /xingrg/all/function/internal_message.html?_=1596850440275&CODE_STATE=getMsg HTTP/1.1" 200 27
114.89.80.44 - - [08/Aug/2020:09:34:12 +0800] "GET /xingrg/all/function/internal_message.html?_=1596850579921&CODE_STATE=getMsg HTTP/1.1" 200 27
114.88.153.107 - - [08/Aug/2020:09:34:13 +0800] "GET /xingrg/all/function/internal_message.html?_=1596850451850&CODE_STATE=getMsg HTTP/1.1" 200 27
116.232.50.170 - - [08/Aug/2020:09:34:14 +0800] "GET /xingrg/all/function/internal_message.html?_=1596850534765&CODE_STATE=getMsg HTTP/1.1" 200 27
61.172.5.115 - - [08/Aug/2020:09:34:15 +0800] "GET /xingrg/all/function/internal_message.html?_=1596850451376&CODE_STATE=getMsg HTTP/1.1" 200 27
180.157.251.101 - - [08/Aug/2020:09:34:17 +0800] "GET /xingrg/kc/buy/cgsh_order_operate.html?command=get_materiel&rest_code=00148&code=00101006130&supplier_code=00100010&order_time=2020-08-08 HTTP/1.1" 200 427
117.184.7.26 - - [08/Aug/2020:09:34:18 +0800] "GET /xingrg/all/function/internal_message.html?_=1596850443582&CODE_STATE=getMsg HTTP/1.1" 200 27
117.184.7.26 - - [08/Aug/2020:09:34:18 +0800] "GET /xingrg/check_reg.html?_=1596850443663 HTTP/1.1" 200 22
180.157.251.101 - - [08/Aug/2020:09:34:24 +0800] "GET /xingrg/all/function/internal_message.html?_=1596850465204&CODE_STATE=getMsg HTTP/1.1" 200 27
61.151.178.197 - - [08/Aug/2020:09:34:26 +0800] "GET /xingrg/all/function/internal_message.html?_=1596849731830&CODE_STATE=getMsg HTTP/1.1" 302 -
180.157.251.101 - - [08/Aug/2020:09:34:27 +0800] "GET /xingrg/kc/buy/cgsh_order_operate.html?command=get_materiel&rest_code=00148&code=00101006133&supplier_code=00100010&order_time=2020-08-08 HTTP/1.1" 200 413
180.175.214.200 - - [08/Aug/2020:09:34:28 +0800] "POST /xingrg/kc/buy/cgsh_order_operate.html HTTP/1.1" 200 37
61.151.178.197 - - [08/Aug/2020:09:34:29 +0800] "GET /xingrg/login.html HTTP/1.1" 200 7641
180.175.214.200 - - [08/Aug/2020:09:34:30 +0800] "POST /xingrg/kc/buy/cgsh_order_operate.html HTTP/1.1" 200 12
114.88.161.57 - - [08/Aug/2020:09:34:35 +0800] "GET /xingrg/all/function/internal_message.html?_=1596850510153&CODE_STATE=getMsg HTTP/1.1" 200 27
180.157.251.101 - - [08/Aug/2020:09:34:37 +0800] "GET /xingrg/kc/buy/cgsh_order_operate.html?command=get_materiel&rest_code=00148&code=00101006174&supplier_code=00100010&order_time=2020-08-08 HTTP/1.1" 200 415
117.131.5.26 - - [08/Aug/2020:09:34:40 +0800] "GET /xingrg/all/function/internal_message.html?_=1596850481484&CODE_STATE=getMsg HTTP/1.1" 200 27
172.17.0.240 - - [08/Aug/2020:09:34:43 +0800] "GET /xingrg/all/function/internal_message.html?_=1596850478049&CODE_STATE=getMsg HTTP/1.1" 200 27
172.17.0.100 - - [08/Aug/2020:09:34:43 +0800] "GET /xingrg/all/function/internal_message.html?_=1596850480395&CODE_STATE=getMsg HTTP/1.1" 200 27
180.157.251.101 - - [08/Aug/2020:09:34:44 +0800] "GET /xingrg/kc/buy/cgsh_order_operate.html?command=get_materiel&rest_code=00148&code=00101006011&supplier_code=00100010&order_time=2020-08-08 HTTP/1.1" 200 409
116.230.74.197 - - [08/Aug/2020:09:34:46 +0800] "GET /xingrg/check_reg.html?_=1596850472743 HTTP/1.1" 200 22
116.230.74.197 - - [08/Aug/2020:09:34:46 +0800] "GET /xingrg/all/function/internal_message.html?_=1596850472886&CODE_STATE=getMsg HTTP/1.1" 200 27
114.88.161.57 - - [08/Aug/2020:09:34:50 +0800] "GET /xingrg/check_reg.html?_=1596850486103 HTTP/1.1" 200 22
114.88.161.57 - - [08/Aug/2020:09:34:51 +0800] "GET /xingrg/all/function/internal_message.html?_=1596850486685&CODE_STATE=getMsg HTTP/1.1" 200 27
222.69.136.88 - - [08/Aug/2020:09:34:51 +0800] "GET /xingrg/all/function/internal_message.html?_=1596850480367&CODE_STATE=getMsg HTTP/1.1" 200 27
58.40.7.146 - - [08/Aug/2020:09:34:53 +0800] "POST /xingrg/services/DataTransmitService HTTP/1.1" 200 524
172.17.0.182 - - [08/Aug/2020:09:34:58 +0800] "GET /xingrg/all/function/internal_message.html?_=1596850489268&CODE_STATE=getMsg HTTP/1.1" 200 27
180.175.214.200 - - [08/Aug/2020:09:34:59 +0800] "GET /xingrg/kc/buy/cgsh_order_info.html?code=212020080803027 HTTP/1.1" 200 54190
180.175.214.200 - - [08/Aug/2020:09:35:01 +0800] "GET /xingrg/javascript/easyui/themes/default/validatebox.css HTTP/1.1" 404 1104
180.175.214.200 - - [08/Aug/2020:09:35:01 +0800] "GET /xingrg/all/function/internal_message.html?_=1596850702826&CODE_STATE=getMsg HTTP/1.1" 200 27
180.175.214.200 - - [08/Aug/2020:09:35:01 +0800] "GET /xingrg/check_reg.html?_=1596850702825 HTTP/1.1" 200 22
180.175.214.200 - - [08/Aug/2020:09:35:01 +0800] "POST /xingrg/kc/buy/cgsh_order_operate.html HTTP/1.1" 200 4132
218.81.217.115 - - [08/Aug/2020:09:35:01 +0800] "POST /xingrg/kc/buy/cgsh_order_operate.html HTTP/1.1" 200 37
218.81.217.115 - - [08/Aug/2020:09:35:02 +0800] "POST /xingrg/kc/buy/cgsh_order_operate.html HTTP/1.1" 200 47023
218.81.217.115 - - [08/Aug/2020:09:35:05 +0800] "GET /xingrg/kc/print/load_config.html?kc_code=cgsh HTTP/1.1" 200 1845
218.81.217.115 - - [08/Aug/2020:09:35:05 +0800] "GET /xingrg/kc/print/load_data.html?order_code=212020080803024&kc_code=cgsh&condition= HTTP/1.1" 200 17495
218.81.217.115 - - [08/Aug/2020:09:35:10 +0800] "GET /xingrg/check_reg.html?_=1596850499978 HTTP/1.1" 200 22
218.81.217.115 - - [08/Aug/2020:09:35:11 +0800] "GET /xingrg/all/function/internal_message.html?_=1596850500413&CODE_STATE=getMsg HTTP/1.1" 200 27
180.157.251.101 - - [08/Aug/2020:09:35:11 +0800] "GET /xingrg/kc/buy/cgsh_order_operate.html?command=get_materiel&rest_code=00148&code=00101006055&supplier_code=00100010&order_time=2020-08-08 HTTP/1.1" 200 409
114.89.80.44 - - [08/Aug/2020:09:35:12 +0800] "GET /xingrg/all/function/internal_message.html?_=1596850639932&CODE_STATE=getMsg HTTP/1.1" 200 27
61.172.5.115 - - [08/Aug/2020:09:35:12 +0800] "GET /xingrg/check_reg.html?_=1596850508988 HTTP/1.1" 200 22
114.88.153.107 - - [08/Aug/2020:09:35:13 +0800] "GET /xingrg/all/function/internal_message.html?_=1596850511849&CODE_STATE=getMsg HTTP/1.1" 200 27
116.232.50.170 - - [08/Aug/2020:09:35:13 +0800] "GET /xingrg/all/function/internal_message.html?_=1596850594781&CODE_STATE=getMsg HTTP/1.1" 200 27
218.81.217.115 - - [08/Aug/2020:09:35:14 +0800] "GET /xingrg/kc/buy/cgsh_order_add.html HTTP/1.1" 200 59385
218.81.217.115 - - [08/Aug/2020:09:35:14 +0800] "POST /xingrg/kc/buy/cgsh_order_operate.html HTTP/1.1" 200 8245
218.81.217.115 - - [08/Aug/2020:09:35:14 +0800] "GET /xingrg/javascript/easyui/themes/default/validatebox.css HTTP/1.1" 404 1104
61.172.5.115 - - [08/Aug/2020:09:35:15 +0800] "GET /xingrg/all/function/internal_message.html?_=1596850511346&CODE_STATE=getMsg HTTP/1.1" 200 27
117.184.7.26 - - [08/Aug/2020:09:35:18 +0800] "GET /xingrg/all/function/internal_message.html?_=1596850503553&CODE_STATE=getMsg HTTP/1.1" 200 27
218.81.217.115 - - [08/Aug/2020:09:35:24 +0800] "GET /xingrg/kc/buy/cgsh_order_operate.html?command=get_materiel&rest_code=00146&code=00101007061&supplier_code=00100002&order_time=2020-08-08 HTTP/1.1" 200 409
180.157.251.101 - - [08/Aug/2020:09:35:24 +0800] "GET /xingrg/all/function/internal_message.html?_=1596850525181&CODE_STATE=getMsg HTTP/1.1" 200 27
180.157.251.101 - - [08/Aug/2020:09:35:27 +0800] "GET /xingrg/kc/buy/cgsh_order_operate.html?command=get_materiel&rest_code=00148&code=00101006065&supplier_code=00100010&order_time=2020-08-08 HTTP/1.1" 200 409
114.88.161.57 - - [08/Aug/2020:09:35:35 +0800] "GET /xingrg/all/function/internal_message.html?_=1596850570153&CODE_STATE=getMsg HTTP/1.1" 200 27
116.230.74.197 - - [08/Aug/2020:09:35:38 +0800] "POST /xingrg/all/common/load_combo.html?type=base HTTP/1.1" 200 3236
117.131.5.26 - - [08/Aug/2020:09:35:40 +0800] "GET /xingrg/all/function/internal_message.html?_=1596850541484&CODE_STATE=getMsg HTTP/1.1" 200 27
172.17.0.240 - - [08/Aug/2020:09:35:43 +0800] "GET /xingrg/all/function/internal_message.html?_=1596850538051&CODE_STATE=getMsg HTTP/1.1" 200 27
172.17.0.100 - - [08/Aug/2020:09:35:43 +0800] "GET /xingrg/all/function/internal_message.html?_=1596850540388&CODE_STATE=getMsg HTTP/1.1" 200 27
172.17.0.100 - - [08/Aug/2020:09:35:43 +0800] "GET /xingrg/check_reg.html?_=1596850540386 HTTP/1.1" 200 22
116.230.74.197 - - [08/Aug/2020:09:35:46 +0800] "GET /xingrg/all/function/internal_message.html?_=1596850532857&CODE_STATE=getMsg HTTP/1.1" 200 27
114.88.161.57 - - [08/Aug/2020:09:35:51 +0800] "GET /xingrg/all/function/internal_message.html?_=1596850546698&CODE_STATE=getMsg HTTP/1.1" 200 27
222.69.136.88 - - [08/Aug/2020:09:35:51 +0800] "GET /xingrg/all/function/internal_message.html?_=1596850540354&CODE_STATE=getMsg HTTP/1.1" 200 27
222.69.136.88 - - [08/Aug/2020:09:35:51 +0800] "GET /xingrg/check_reg.html?_=1596850540387 HTTP/1.1" 200 22
116.230.74.197 - - [08/Aug/2020:09:35:52 +0800] "GET /xingrg/kc/base/wldb_order_operate.html?command=get_materiel&rest_code=00107&base_code=0010151&code=00101011005 HTTP/1.1" 200 431
180.157.251.101 - - [08/Aug/2020:09:35:56 +0800] "GET /xingrg/kc/buy/cgsh_order_operate.html?command=get_materiel&rest_code=00148&code=00101006128&supplier_code=00100010&order_time=2020-08-08 HTTP/1.1" 200 426
172.17.0.182 - - [08/Aug/2020:09:35:58 +0800] "GET /xingrg/all/function/internal_message.html?_=1596850549265&CODE_STATE=getMsg HTTP/1.1" 200 27
180.175.214.200 - - [08/Aug/2020:09:36:01 +0800] "GET /xingrg/all/function/internal_message.html?_=1596850762842&CODE_STATE=getMsg HTTP/1.1" 200 27
218.81.217.115 - - [08/Aug/2020:09:36:02 +0800] "GET /xingrg/kc/buy/cgsh_order_operate.html?command=get_materiel&rest_code=00146&code=00101007081&supplier_code=00100002&order_time=2020-08-08 HTTP/1.1" 200 413
218.81.217.115 - - [08/Aug/2020:09:36:11 +0800] "GET /xingrg/all/function/internal_message.html?_=1596850560427&CODE_STATE=getMsg HTTP/1.1" 200 27
116.232.50.170 - - [08/Aug/2020:09:36:12 +0800] "GET /xingrg/all/function/internal_message.html?_=1596850654781&CODE_STATE=getMsg HTTP/1.1" 200 27
114.89.80.44 - - [08/Aug/2020:09:36:12 +0800] "GET /xingrg/all/function/internal_message.html?_=1596850699953&CODE_STATE=getMsg HTTP/1.1" 200 27
114.88.153.107 - - [08/Aug/2020:09:36:13 +0800] "GET /xingrg/all/function/internal_message.html?_=1596850571849&CODE_STATE=getMsg HTTP/1.1" 200 27
61.172.5.115 - - [08/Aug/2020:09:36:15 +0800] "GET /xingrg/all/function/internal_message.html?_=1596850571319&CODE_STATE=getMsg HTTP/1.1" 200 27
180.175.214.200 - - [08/Aug/2020:09:36:15 +0800] "GET /xingrg/kc/print/load_data.html?order_code=212020080803027&kc_code=cgsh&condition= HTTP/1.1" 200 2016
58.221.95.50 - - [08/Aug/2020:09:36:15 +0800] "GET /xingrg/check_reg.html?_=1596850699304 HTTP/1.1" 302 -
117.184.7.26 - - [08/Aug/2020:09:36:18 +0800] "GET /xingrg/all/function/internal_message.html?_=1596850563538&CODE_STATE=getMsg HTTP/1.1" 200 27
218.81.217.115 - - [08/Aug/2020:09:36:23 +0800] "GET /xingrg/kc/buy/cgsh_order_operate.html?command=get_materiel&rest_code=00146&code=00101007125&supplier_code=00100002&order_time=2020-08-08 HTTP/1.1" 200 406
180.157.251.101 - - [08/Aug/2020:09:36:24 +0800] "GET /xingrg/all/function/internal_message.html?_=1596850585160&CODE_STATE=getMsg HTTP/1.1" 200 27
114.88.161.57 - - [08/Aug/2020:09:36:35 +0800] "GET /xingrg/all/function/internal_message.html?_=1596850630155&CODE_STATE=getMsg HTTP/1.1" 200 27
116.230.74.197 - - [08/Aug/2020:09:36:36 +0800] "POST /xingrg/kc/base/wldb_order_operate.html HTTP/1.1" 200 37
116.230.74.197 - - [08/Aug/2020:09:36:36 +0800] "POST /xingrg/kc/base/wldb_order_operate.html HTTP/1.1" 200 2182
116.230.74.197 - - [08/Aug/2020:09:36:37 +0800] "GET /xingrg/kc/base/wldb_order_info.html?code=422020080800843 HTTP/1.1" 200 30384
116.230.74.197 - - [08/Aug/2020:09:36:38 +0800] "GET /xingrg/javascript/easyui/themes/default/validatebox.css HTTP/1.1" 404 1104
116.230.74.197 - - [08/Aug/2020:09:36:38 +0800] "POST /xingrg/kc/base/wldb_order_operate.html HTTP/1.1" 200 2182
58.247.206.158 - - [08/Aug/2020:09:36:39 +0800] "GET /xingrg/check_reg.html?_=1596849791830 HTTP/1.1" 302 -
117.131.5.26 - - [08/Aug/2020:09:36:40 +0800] "GET /xingrg/all/function/internal_message.html?_=1596850601484&CODE_STATE=getMsg HTTP/1.1" 200 27
172.17.0.240 - - [08/Aug/2020:09:36:43 +0800] "GET /xingrg/all/function/internal_message.html?_=1596850598054&CODE_STATE=getMsg HTTP/1.1" 200 27
172.17.0.100 - - [08/Aug/2020:09:36:43 +0800] "GET /xingrg/all/function/internal_message.html?_=1596850600375&CODE_STATE=getMsg HTTP/1.1" 200 27
116.230.74.197 - - [08/Aug/2020:09:36:46 +0800] "GET /xingrg/all/function/internal_message.html?_=1596850592832&CODE_STATE=getMsg HTTP/1.1" 200 27
58.247.206.158 - - [08/Aug/2020:09:36:48 +0800] "GET /xingrg/login.html HTTP/1.1" 200 7641
114.88.161.57 - - [08/Aug/2020:09:36:51 +0800] "GET /xingrg/all/function/internal_message.html?_=1596850606712&CODE_STATE=getMsg HTTP/1.1" 200 27
222.69.136.88 - - [08/Aug/2020:09:36:51 +0800] "GET /xingrg/all/function/internal_message.html?_=1596850600355&CODE_STATE=getMsg HTTP/1.1" 200 27
218.81.217.115 - - [08/Aug/2020:09:36:55 +0800] "POST /xingrg/kc/buy/cgsh_order_operate.html HTTP/1.1" 200 37
218.81.217.115 - - [08/Aug/2020:09:36:56 +0800] "POST /xingrg/kc/buy/cgsh_order_operate.html HTTP/1.1" 200 3830
218.81.217.115 - - [08/Aug/2020:09:36:57 +0800] "GET /xingrg/kc/print/load_data.html?order_code=212020080803028&kc_code=cgsh&condition= HTTP/1.1" 200 1194
172.17.0.182 - - [08/Aug/2020:09:36:58 +0800] "GET /xingrg/all/function/internal_message.html?_=1596850609261&CODE_STATE=getMsg HTTP/1.1" 200 27
180.175.214.200 - - [08/Aug/2020:09:37:01 +0800] "GET /xingrg/all/function/internal_message.html?_=1596850822856&CODE_STATE=getMsg HTTP/1.1" 200 27
218.81.217.115 - - [08/Aug/2020:09:37:06 +0800] "GET /xingrg/kc/buy/cgsh_order_add.html HTTP/1.1" 200 59385
218.81.217.115 - - [08/Aug/2020:09:37:06 +0800] "POST /xingrg/kc/buy/cgsh_order_operate.html HTTP/1.1" 200 8245
218.81.217.115 - - [08/Aug/2020:09:37:07 +0800] "GET /xingrg/javascript/easyui/themes/default/validatebox.css HTTP/1.1" 404 1104
116.232.50.170 - - [08/Aug/2020:09:37:11 +0800] "GET /xingrg/check_reg.html?_=1596850645687 HTTP/1.1" 200 22
116.232.50.170 - - [08/Aug/2020:09:37:11 +0800] "GET /xingrg/all/function/internal_message.html?_=1596850645718&CODE_STATE=getMsg HTTP/1.1" 200 27
218.81.217.115 - - [08/Aug/2020:09:37:11 +0800] "GET /xingrg/all/function/internal_message.html?_=1596850620440&CODE_STATE=getMsg HTTP/1.1" 200 27
114.89.80.44 - - [08/Aug/2020:09:37:12 +0800] "GET /xingrg/all/function/internal_message.html?_=1596850759961&CODE_STATE=getMsg HTTP/1.1" 200 27
114.88.153.107 - - [08/Aug/2020:09:37:13 +0800] "GET /xingrg/all/function/internal_message.html?_=1596850631853&CODE_STATE=getMsg HTTP/1.1" 200 27
61.172.5.115 - - [08/Aug/2020:09:37:15 +0800] "GET /xingrg/all/function/internal_message.html?_=1596850631290&CODE_STATE=getMsg HTTP/1.1" 200 27
218.81.217.115 - - [08/Aug/2020:09:37:17 +0800] "GET /xingrg/kc/buy/cgsh_order_operate.html?command=get_materiel&rest_code=00146&code=00101012025&supplier_code=00100033&order_time=2020-08-08 HTTP/1.1" 200 412
117.184.7.26 - - [08/Aug/2020:09:37:18 +0800] "GET /xingrg/all/function/internal_message.html?_=1596850623525&CODE_STATE=getMsg HTTP/1.1" 200 27
180.157.251.101 - - [08/Aug/2020:09:37:24 +0800] "GET /xingrg/all/function/internal_message.html?_=1596850645150&CODE_STATE=getMsg HTTP/1.1" 200 27
218.81.217.115 - - [08/Aug/2020:09:37:25 +0800] "GET /xingrg/kc/buy/cgsh_order_operate.html?command=get_materiel&rest_code=00146&code=00101016025&supplier_code=00100033&order_time=2020-08-08 HTTP/1.1" 200 408
218.81.217.115 - - [08/Aug/2020:09:37:33 +0800] "GET /xingrg/kc/buy/cgsh_order_operate.html?command=get_materiel&rest_code=00146&code=00101016105&supplier_code=00100033&order_time=2020-08-08 HTTP/1.1" 200 409
114.89.80.44 - - [08/Aug/2020:09:37:35 +0800] "POST /xingrg/kc/buy/cgsh_order_operate.html HTTP/1.1" 200 37
114.88.161.57 - - [08/Aug/2020:09:37:35 +0800] "GET /xingrg/all/function/internal_message.html?_=1596850690156&CODE_STATE=getMsg HTTP/1.1" 200 27
114.89.80.44 - - [08/Aug/2020:09:37:36 +0800] "POST /xingrg/kc/buy/cgsh_order_operate.html HTTP/1.1" 200 34708
114.89.80.44 - - [08/Aug/2020:09:37:37 +0800] "GET /xingrg/kc/buy/cgsh_order_add.html HTTP/1.1" 200 59033
114.89.80.44 - - [08/Aug/2020:09:37:37 +0800] "POST /xingrg/kc/buy/cgsh_order_operate.html HTTP/1.1" 200 8245
114.89.80.44 - - [08/Aug/2020:09:37:37 +0800] "GET /xingrg/javascript/easyui/themes/default/validatebox.css HTTP/1.1" 404 1104
117.131.5.26 - - [08/Aug/2020:09:37:40 +0800] "GET /xingrg/all/function/internal_message.html?_=1596850661484&CODE_STATE=getMsg HTTP/1.1" 200 27
172.17.0.240 - - [08/Aug/2020:09:37:43 +0800] "GET /xingrg/check_reg.html?_=1596850658059 HTTP/1.1" 200 22
172.17.0.240 - - [08/Aug/2020:09:37:43 +0800] "GET /xingrg/all/function/internal_message.html?_=1596850658060&CODE_STATE=getMsg HTTP/1.1" 200 27
172.17.0.100 - - [08/Aug/2020:09:37:43 +0800] "GET /xingrg/all/function/internal_message.html?_=1596850660383&CODE_STATE=getMsg HTTP/1.1" 200 27
218.81.217.115 - - [08/Aug/2020:09:37:45 +0800] "GET /xingrg/kc/buy/cgsh_order_operate.html?command=get_materiel&rest_code=00146&code=00101012059&supplier_code=00100033&order_time=2020-08-08 HTTP/1.1" 200 412
116.230.74.197 - - [08/Aug/2020:09:37:46 +0800] "GET /xingrg/all/function/internal_message.html?_=1596850652807&CODE_STATE=getMsg HTTP/1.1" 200 27
114.88.161.57 - - [08/Aug/2020:09:37:51 +0800] "GET /xingrg/all/function/internal_message.html?_=1596850666757&CODE_STATE=getMsg HTTP/1.1" 200 27
222.69.136.88 - - [08/Aug/2020:09:37:51 +0800] "GET /xingrg/all/function/internal_message.html?_=1596850660356&CODE_STATE=getMsg HTTP/1.1" 200 27
218.81.217.115 - - [08/Aug/2020:09:37:55 +0800] "GET /xingrg/kc/buy/cgsh_order_operate.html?command=get_materiel&rest_code=00146&code=00101016080&supplier_code=00100033&order_time=2020-08-08 HTTP/1.1" 200 408
114.89.80.44 - - [08/Aug/2020:09:37:57 +0800] "GET /xingrg/kc/buy/cgsh_order_operate.html?command=get_materiel&rest_code=00151&code=00101011005&supplier_code=00100047&order_time=2020-08-08 HTTP/1.1" 200 429
172.17.0.182 - - [08/Aug/2020:09:37:58 +0800] "GET /xingrg/all/function/internal_message.html?_=1596850669258&CODE_STATE=getMsg HTTP/1.1" 200 27
180.175.214.200 - - [08/Aug/2020:09:38:01 +0800] "GET /xingrg/all/function/internal_message.html?_=1596850883133&CODE_STATE=getMsg HTTP/1.1" 200 27
180.152.230.204 - - [08/Aug/2020:09:38:01 +0800] "GET /xingrg/check_reg.html?_=1596849990250 HTTP/1.1" 200 22
218.81.217.115 - - [08/Aug/2020:09:38:04 +0800] "GET /xingrg/kc/buy/cgsh_order_operate.html?command=get_materiel&rest_code=00146&code=00101007109&supplier_code=00100033&order_time=2020-08-08 HTTP/1.1" 200 408
114.89.80.44 - - [08/Aug/2020:09:38:08 +0800] "GET /xingrg/kc/buy/cgsh_order_operate.html?command=get_materiel&rest_code=00151&code=00101011001&supplier_code=00100047&order_time=2020-08-08 HTTP/1.1" 200 423
116.232.50.170 - - [08/Aug/2020:09:38:09 +0800] "GET /xingrg/all/function/internal_message.html?_=1596850705718&CODE_STATE=getMsg HTTP/1.1" 200 27
218.81.217.115 - - [08/Aug/2020:09:38:11 +0800] "GET /xingrg/all/function/internal_message.html?_=1596850680488&CODE_STATE=getMsg HTTP/1.1" 200 27
114.89.80.44 - - [08/Aug/2020:09:38:12 +0800] "GET /xingrg/check_reg.html?_=1596850819712 HTTP/1.1" 200 22
114.89.80.44 - - [08/Aug/2020:09:38:12 +0800] "GET /xingrg/all/function/internal_message.html?_=1596850819973&CODE_STATE=getMsg HTTP/1.1" 200 27
114.88.153.107 - - [08/Aug/2020:09:38:13 +0800] "GET /xingrg/all/function/internal_message.html?_=1596850691855&CODE_STATE=getMsg HTTP/1.1" 200 27
114.88.153.107 - - [08/Aug/2020:09:38:13 +0800] "GET /xingrg/check_reg.html?_=1596850691854 HTTP/1.1" 200 22
218.81.217.115 - - [08/Aug/2020:09:38:14 +0800] "POST /xingrg/kc/buy/cgsh_order_operate.html HTTP/1.1" 200 37
114.89.80.44 - - [08/Aug/2020:09:38:14 +0800] "GET /xingrg/kc/buy/cgsh_order_operate.html?command=get_materiel&rest_code=00151&code=00101011010&supplier_code=00100047&order_time=2020-08-08 HTTP/1.1" 200 418
218.81.217.115 - - [08/Aug/2020:09:38:15 +0800] "POST /xingrg/kc/buy/cgsh_order_operate.html HTTP/1.1" 200 5597
61.172.5.115 - - [08/Aug/2020:09:38:15 +0800] "GET /xingrg/all/function/internal_message.html?_=1596850691263&CODE_STATE=getMsg HTTP/1.1" 200 27
218.81.217.115 - - [08/Aug/2020:09:38:16 +0800] "GET /xingrg/kc/print/load_data.html?order_code=212020080803029&kc_code=cgsh&condition= HTTP/1.1" 200 1824
117.184.7.26 - - [08/Aug/2020:09:38:18 +0800] "GET /xingrg/all/function/internal_message.html?_=1596850683509&CODE_STATE=getMsg HTTP/1.1" 200 27
61.172.5.115 - - [08/Aug/2020:09:38:22 +0800] "GET /xingrg/kc/buy/cgsh_order_operate.html?command=get_materiel&rest_code=00105&code=00101015066&supplier_code=00100203&order_time=2020-08-08 HTTP/1.1" 200 413
180.157.251.101 - - [08/Aug/2020:09:38:24 +0800] "GET /xingrg/all/function/internal_message.html?_=1596850705154&CODE_STATE=getMsg HTTP/1.1" 200 27
180.157.251.101 - - [08/Aug/2020:09:38:24 +0800] "GET /xingrg/check_reg.html?_=1596850705162 HTTP/1.1" 200 22
61.172.5.115 - - [08/Aug/2020:09:38:27 +0800] "POST /xingrg/kc/buy/cgsh_order_operate.html HTTP/1.1" 200 2065
114.89.80.44 - - [08/Aug/2020:09:38:28 +0800] "POST /xingrg/kc/buy/cgsh_order_operate.html HTTP/1.1" 200 37
218.81.217.115 - - [08/Aug/2020:09:38:29 +0800] "GET /xingrg/kc/buy/cgsh_order_add.html HTTP/1.1" 200 59385
218.81.217.115 - - [08/Aug/2020:09:38:29 +0800] "POST /xingrg/kc/buy/cgsh_order_operate.html HTTP/1.1" 200 8245
218.81.217.115 - - [08/Aug/2020:09:38:29 +0800] "GET /xingrg/javascript/easyui/themes/default/validatebox.css HTTP/1.1" 404 1104
61.172.5.115 - - [08/Aug/2020:09:38:30 +0800] "POST /xingrg/kc/buy/cgsh_order_operate.html HTTP/1.1" 200 2065
114.89.80.44 - - [08/Aug/2020:09:38:30 +0800] "POST /xingrg/kc/buy/cgsh_order_operate.html HTTP/1.1" 200 12
114.89.80.44 - - [08/Aug/2020:09:38:31 +0800] "GET /xingrg/kc/buy/cgsh_order_info.html?code=212020080803030 HTTP/1.1" 200 53940
114.89.80.44 - - [08/Aug/2020:09:38:31 +0800] "GET /xingrg/javascript/easyui/themes/default/validatebox.css HTTP/1.1" 404 1104
114.89.80.44 - - [08/Aug/2020:09:38:31 +0800] "POST /xingrg/kc/buy/cgsh_order_operate.html HTTP/1.1" 200 1801
61.172.5.115 - - [08/Aug/2020:09:38:32 +0800] "POST /xingrg/kc/buy/cgsh_order_operate.html HTTP/1.1" 200 2065
114.89.80.44 - - [08/Aug/2020:09:38:33 +0800] "GET /xingrg/kc/print/load_data.html?order_code=212020080803030&kc_code=cgsh&condition= HTTP/1.1" 200 1241
114.88.161.57 - - [08/Aug/2020:09:38:35 +0800] "GET /xingrg/check_reg.html?_=1596850750158 HTTP/1.1" 200 22
114.88.161.57 - - [08/Aug/2020:09:38:35 +0800] "GET /xingrg/all/function/internal_message.html?_=1596850750162&CODE_STATE=getMsg HTTP/1.1" 200 27
180.175.214.200 - - [08/Aug/2020:09:38:36 +0800] "GET /xingrg/javascript/jquery_easy_ui/themes/default/images/tabs_active.png HTTP/1.1" 304 -
218.81.217.115 - - [08/Aug/2020:09:38:38 +0800] "GET /xingrg/kc/buy/cgsh_order_operate.html?command=get_materiel&rest_code=00146&code=00101006136&supplier_code=00100012&order_time=2020-08-08 HTTP/1.1" 200 417
117.131.5.26 - - [08/Aug/2020:09:38:40 +0800] "GET /xingrg/check_reg.html?_=1596850721484 HTTP/1.1" 200 22
117.131.5.26 - - [08/Aug/2020:09:38:40 +0800] "GET /xingrg/all/function/internal_message.html?_=1596850721484&CODE_STATE=getMsg HTTP/1.1" 200 27
172.17.0.240 - - [08/Aug/2020:09:38:43 +0800] "GET /xingrg/all/function/internal_message.html?_=1596850718045&CODE_STATE=getMsg HTTP/1.1" 200 27
172.17.0.100 - - [08/Aug/2020:09:38:43 +0800] "GET /xingrg/all/function/internal_message.html?_=1596850720384&CODE_STATE=getMsg HTTP/1.1" 200 27
116.230.74.197 - - [08/Aug/2020:09:38:46 +0800] "GET /xingrg/all/function/internal_message.html?_=1596850712792&CODE_STATE=getMsg HTTP/1.1" 200 27
218.81.217.115 - - [08/Aug/2020:09:38:47 +0800] "GET /xingrg/kc/buy/cgsh_order_operate.html?command=get_materiel&rest_code=00146&code=00101006057&supplier_code=00100012&order_time=2020-08-08 HTTP/1.1" 200 413
61.172.5.115 - - [08/Aug/2020:09:38:48 +0800] "GET /xingrg/kc/buy/cgsh_order_operate.html?command=get_materiel&rest_code=00105&code=00101008333&supplier_code=00100203&order_time=2020-08-08 HTTP/1.1" 200 412
114.88.161.57 - - [08/Aug/2020:09:38:51 +0800] "GET /xingrg/all/function/internal_message.html?_=1596850726769&CODE_STATE=getMsg HTTP/1.1" 200 27
222.69.136.88 - - [08/Aug/2020:09:38:51 +0800] "GET /xingrg/all/function/internal_message.html?_=1596850720357&CODE_STATE=getMsg HTTP/1.1" 200 27
218.81.217.115 - - [08/Aug/2020:09:38:57 +0800] "GET /xingrg/kc/buy/cgsh_order_operate.html?command=get_materiel&rest_code=00146&code=00101006056&supplier_code=00100012&order_time=2020-08-08 HTTP/1.1" 200 413
172.17.0.182 - - [08/Aug/2020:09:38:58 +0800] "GET /xingrg/check_reg.html?_=1596850729270 HTTP/1.1" 200 22
172.17.0.182 - - [08/Aug/2020:09:38:58 +0800] "GET /xingrg/all/function/internal_message.html?_=1596850729272&CODE_STATE=getMsg HTTP/1.1" 200 27
180.175.214.200 - - [08/Aug/2020:09:39:02 +0800] "GET /xingrg/all/function/internal_message.html?_=1596850943824&CODE_STATE=getMsg HTTP/1.1" 200 27
116.232.50.170 - - [08/Aug/2020:09:39:08 +0800] "GET /xingrg/all/function/internal_message.html?_=1596850765718&CODE_STATE=getMsg HTTP/1.1" 200 27
218.81.217.115 - - [08/Aug/2020:09:39:11 +0800] "GET /xingrg/all/function/internal_message.html?_=1596850740499&CODE_STATE=getMsg HTTP/1.1" 200 27
114.89.80.44 - - [08/Aug/2020:09:39:12 +0800] "GET /xingrg/all/function/internal_message.html?_=1596850879988&CODE_STATE=getMsg HTTP/1.1" 200 27
114.88.153.107 - - [08/Aug/2020:09:39:13 +0800] "GET /xingrg/all/function/internal_message.html?_=1596850751882&CODE_STATE=getMsg HTTP/1.1" 200 27
218.81.217.115 - - [08/Aug/2020:09:39:14 +0800] "GET /xingrg/kc/buy/cgsh_order_operate.html?command=get_materiel&rest_code=00146&code=00101006109&supplier_code=00100012&order_time=2020-08-08 HTTP/1.1" 200 409
61.172.5.115 - - [08/Aug/2020:09:39:15 +0800] "GET /xingrg/all/function/internal_message.html?_=1596850751236&CODE_STATE=getMsg HTTP/1.1" 200 27
61.172.5.115 - - [08/Aug/2020:09:39:17 +0800] "GET /xingrg/kc/buy/cgsh_order_operate.html?command=get_materiel&rest_code=00105&code=00101008069&supplier_code=00100203&order_time=2020-08-08 HTTP/1.1" 200 412
117.184.7.26 - - [08/Aug/2020:09:39:18 +0800] "GET /xingrg/all/function/internal_message.html?_=1596850743495&CODE_STATE=getMsg HTTP/1.1" 200 27
117.184.7.26 - - [08/Aug/2020:09:39:18 +0800] "GET /xingrg/check_reg.html?_=1596850743639 HTTP/1.1" 200 22
180.157.251.101 - - [08/Aug/2020:09:39:24 +0800] "GET /xingrg/all/function/internal_message.html?_=1596850765159&CODE_STATE=getMsg HTTP/1.1" 200 27
218.81.217.115 - - [08/Aug/2020:09:39:26 +0800] "GET /xingrg/kc/buy/cgsh_order_operate.html?command=get_materiel&rest_code=00146&code=00101006177&supplier_code=00100012&order_time=2020-08-08 HTTP/1.1" 200 409
61.172.5.115 - - [08/Aug/2020:09:39:34 +0800] "GET /xingrg/kc/buy/cgsh_order_operate.html?command=get_materiel&rest_code=00105&code=00101008036&supplier_code=00100203&order_time=2020-08-08 HTTP/1.1" 200 408
114.88.161.57 - - [08/Aug/2020:09:39:35 +0800] "GET /xingrg/all/function/internal_message.html?_=1596850810148&CODE_STATE=getMsg HTTP/1.1" 200 27
218.81.217.115 - - [08/Aug/2020:09:39:37 +0800] "GET /xingrg/kc/buy/cgsh_order_operate.html?command=get_materiel&rest_code=00146&code=00101006175&supplier_code=00100012&order_time=2020-08-08 HTTP/1.1" 200 415
117.131.5.26 - - [08/Aug/2020:09:39:40 +0800] "GET /xingrg/all/function/internal_message.html?_=1596850781484&CODE_STATE=getMsg HTTP/1.1" 200 27
61.172.5.115 - - [08/Aug/2020:09:39:43 +0800] "GET /xingrg/kc/buy/cgsh_order_operate.html?command=get_materiel&rest_code=00105&code=00101008286&supplier_code=00100203&order_time=2020-08-08 HTTP/1.1" 200 408
172.17.0.240 - - [08/Aug/2020:09:39:43 +0800] "GET /xingrg/all/function/internal_message.html?_=1596850778049&CODE_STATE=getMsg HTTP/1.1" 200 27
172.17.0.100 - - [08/Aug/2020:09:39:43 +0800] "GET /xingrg/all/function/internal_message.html?_=1596850780385&CODE_STATE=getMsg HTTP/1.1" 200 27
116.230.74.197 - - [08/Aug/2020:09:39:46 +0800] "GET /xingrg/check_reg.html?_=1596850772746 HTTP/1.1" 200 22
116.230.74.197 - - [08/Aug/2020:09:39:46 +0800] "GET /xingrg/all/function/internal_message.html?_=1596850772763&CODE_STATE=getMsg HTTP/1.1" 200 27
114.88.161.57 - - [08/Aug/2020:09:39:50 +0800] "GET /xingrg/check_reg.html?_=1596850786117 HTTP/1.1" 200 22
61.172.5.115 - - [08/Aug/2020:09:39:51 +0800] "GET /xingrg/kc/buy/cgsh_order_operate.html?command=get_materiel&rest_code=00105&code=00101008131&supplier_code=00100203&order_time=2020-08-08 HTTP/1.1" 200 409
114.88.161.57 - - [08/Aug/2020:09:39:51 +0800] "GET /xingrg/all/function/internal_message.html?_=1596850786784&CODE_STATE=getMsg HTTP/1.1" 200 27
218.81.217.115 - - [08/Aug/2020:09:39:51 +0800] "GET /xingrg/kc/buy/cgsh_order_operate.html?command=get_materiel&rest_code=00146&code=00101006129&supplier_code=00100012&order_time=2020-08-08 HTTP/1.1" 200 431
222.69.136.88 - - [08/Aug/2020:09:39:51 +0800] "GET /xingrg/all/function/internal_message.html?_=1596850780356&CODE_STATE=getMsg HTTP/1.1" 200 27
172.17.0.182 - - [08/Aug/2020:09:39:58 +0800] "GET /xingrg/all/function/internal_message.html?_=1596850789265&CODE_STATE=getMsg HTTP/1.1" 200 27
180.175.214.200 - - [08/Aug/2020:09:40:01 +0800] "GET /xingrg/check_reg.html?_=1596851002839 HTTP/1.1" 200 22
180.175.214.200 - - [08/Aug/2020:09:40:02 +0800] "GET /xingrg/all/function/internal_message.html?_=1596851003832&CODE_STATE=getMsg HTTP/1.1" 200 27
116.232.50.170 - - [08/Aug/2020:09:40:07 +0800] "GET /xingrg/all/function/internal_message.html?_=1596850825718&CODE_STATE=getMsg HTTP/1.1" 200 27
218.81.217.115 - - [08/Aug/2020:09:40:08 +0800] "POST /xingrg/kc/buy/cgsh_order_operate.html HTTP/1.1" 200 37
218.81.217.115 - - [08/Aug/2020:09:40:09 +0800] "POST /xingrg/kc/buy/cgsh_order_operate.html HTTP/1.1" 200 6233
218.81.217.115 - - [08/Aug/2020:09:40:10 +0800] "GET /xingrg/check_reg.html?_=1596850799982 HTTP/1.1" 200 22
218.81.217.115 - - [08/Aug/2020:09:40:11 +0800] "GET /xingrg/all/function/internal_message.html?_=1596850800512&CODE_STATE=getMsg HTTP/1.1" 200 27
218.81.217.115 - - [08/Aug/2020:09:40:11 +0800] "GET /xingrg/kc/print/load_data.html?order_code=212020080803031&kc_code=cgsh&condition= HTTP/1.1" 200 2151
61.172.5.115 - - [08/Aug/2020:09:40:12 +0800] "GET /xingrg/check_reg.html?_=1596850809043 HTTP/1.1" 200 22
114.89.80.44 - - [08/Aug/2020:09:40:12 +0800] "GET /xingrg/all/function/internal_message.html?_=1596850940000&CODE_STATE=getMsg HTTP/1.1" 200 27
114.88.153.107 - - [08/Aug/2020:09:40:13 +0800] "GET /xingrg/all/function/internal_message.html?_=1596850811881&CODE_STATE=getMsg HTTP/1.1" 200 27
61.172.5.115 - - [08/Aug/2020:09:40:15 +0800] "GET /xingrg/all/function/internal_message.html?_=1596850811218&CODE_STATE=getMsg HTTP/1.1" 200 27
117.184.7.26 - - [08/Aug/2020:09:40:18 +0800] "GET /xingrg/all/function/internal_message.html?_=1596850803468&CODE_STATE=getMsg HTTP/1.1" 200 27
180.157.251.101 - - [08/Aug/2020:09:40:24 +0800] "GET /xingrg/all/function/internal_message.html?_=1596850825154&CODE_STATE=getMsg HTTP/1.1" 200 27
61.151.178.180 - - [08/Aug/2020:09:40:24 +0800] "GET /xingrg/check_reg.html?_=1596850091828 HTTP/1.1" 302 -
61.151.178.180 - - [08/Aug/2020:09:40:31 +0800] "GET /xingrg/login.html HTTP/1.1" 200 7641
114.88.161.57 - - [08/Aug/2020:09:40:35 +0800] "GET /xingrg/all/function/internal_message.html?_=1596850870150&CODE_STATE=getMsg HTTP/1.1" 200 27
117.131.5.26 - - [08/Aug/2020:09:40:40 +0800] "GET /xingrg/all/function/internal_message.html?_=1596850841484&CODE_STATE=getMsg HTTP/1.1" 200 27
172.17.0.240 - - [08/Aug/2020:09:40:43 +0800] "GET /xingrg/all/function/internal_message.html?_=1596850838054&CODE_STATE=getMsg HTTP/1.1" 200 27
172.17.0.100 - - [08/Aug/2020:09:40:43 +0800] "GET /xingrg/all/function/internal_message.html?_=1596850840388&CODE_STATE=getMsg HTTP/1.1" 200 27
172.17.0.100 - - [08/Aug/2020:09:40:43 +0800] "GET /xingrg/check_reg.html?_=1596850840391 HTTP/1.1" 200 22
116.230.74.197 - - [08/Aug/2020:09:40:46 +0800] "GET /xingrg/all/function/internal_message.html?_=1596850832743&CODE_STATE=getMsg HTTP/1.1" 200 27
114.88.161.57 - - [08/Aug/2020:09:40:51 +0800] "GET /xingrg/all/function/internal_message.html?_=1596850846797&CODE_STATE=getMsg HTTP/1.1" 200 27
222.69.136.88 - - [08/Aug/2020:09:40:51 +0800] "GET /xingrg/all/function/internal_message.html?_=1596850840358&CODE_STATE=getMsg HTTP/1.1" 200 27
222.69.136.88 - - [08/Aug/2020:09:40:51 +0800] "GET /xingrg/check_reg.html?_=1596850840363 HTTP/1.1" 200 22
172.17.0.182 - - [08/Aug/2020:09:40:58 +0800] "GET /xingrg/all/function/internal_message.html?_=1596850849260&CODE_STATE=getMsg HTTP/1.1" 200 27
180.175.214.200 - - [08/Aug/2020:09:41:02 +0800] "GET /xingrg/all/function/internal_message.html?_=1596851063845&CODE_STATE=getMsg HTTP/1.1" 200 27
116.232.50.170 - - [08/Aug/2020:09:41:06 +0800] "GET /xingrg/all/function/internal_message.html?_=1596850885718&CODE_STATE=getMsg HTTP/1.1" 200 27
180.157.251.101 - - [08/Aug/2020:09:41:09 +0800] "POST /xingrg/kc/buy/cgsh_order_operate.html HTTP/1.1" 200 37
180.157.251.101 - - [08/Aug/2020:09:41:10 +0800] "POST /xingrg/kc/buy/cgsh_order_operate.html HTTP/1.1" 200 12
218.81.217.115 - - [08/Aug/2020:09:41:11 +0800] "GET /xingrg/all/function/internal_message.html?_=1596850860681&CODE_STATE=getMsg HTTP/1.1" 200 27
180.157.251.101 - - [08/Aug/2020:09:41:12 +0800] "GET /xingrg/kc/buy/cgsh_order_info.html?code=212020080803032 HTTP/1.1" 200 54288
114.89.80.44 - - [08/Aug/2020:09:41:13 +0800] "GET /xingrg/all/function/internal_message.html?_=1596851000016&CODE_STATE=getMsg HTTP/1.1" 200 27
180.157.251.101 - - [08/Aug/2020:09:41:13 +0800] "GET /xingrg/javascript/easyui/themes/default/validatebox.css HTTP/1.1" 404 1104
114.88.153.107 - - [08/Aug/2020:09:41:13 +0800] "GET /xingrg/all/function/internal_message.html?_=1596850871879&CODE_STATE=getMsg HTTP/1.1" 200 27
180.157.251.101 - - [08/Aug/2020:09:41:13 +0800] "POST /xingrg/kc/buy/cgsh_order_operate.html HTTP/1.1" 200 4769
180.157.251.101 - - [08/Aug/2020:09:41:14 +0800] "GET /xingrg/kc/print/load_data.html?order_code=212020080803032&kc_code=cgsh&condition= HTTP/1.1" 200 2369
61.172.5.115 - - [08/Aug/2020:09:41:15 +0800] "GET /xingrg/all/function/internal_message.html?_=1596850871192&CODE_STATE=getMsg HTTP/1.1" 200 27
58.221.95.50 - - [08/Aug/2020:09:41:15 +0800] "GET /xingrg/check_reg.html?_=1596850999304 HTTP/1.1" 302 -
117.184.7.26 - - [08/Aug/2020:09:41:18 +0800] "GET /xingrg/all/function/internal_message.html?_=1596850863453&CODE_STATE=getMsg HTTP/1.1" 200 27
180.157.251.101 - - [08/Aug/2020:09:41:19 +0800] "GET /xingrg/kc/buy/cgsh_order_add.html HTTP/1.1" 200 59385
180.157.251.101 - - [08/Aug/2020:09:41:20 +0800] "POST /xingrg/kc/buy/cgsh_order_operate.html HTTP/1.1" 200 8245
180.157.251.101 - - [08/Aug/2020:09:41:20 +0800] "GET /xingrg/javascript/easyui/themes/default/validatebox.css HTTP/1.1" 404 1104
180.157.251.101 - - [08/Aug/2020:09:41:24 +0800] "GET /xingrg/all/function/internal_message.html?_=1596850885165&CODE_STATE=getMsg HTTP/1.1" 200 27
180.157.251.101 - - [08/Aug/2020:09:41:35 +0800] "GET /xingrg/kc/buy/cgsh_order_operate.html?command=get_materiel&rest_code=00148&code=00101001007&supplier_code=00100036&order_time=2020-08-08 HTTP/1.1" 200 412
114.88.161.57 - - [08/Aug/2020:09:41:35 +0800] "GET /xingrg/all/function/internal_message.html?_=1596850930151&CODE_STATE=getMsg HTTP/1.1" 200 27
117.131.5.26 - - [08/Aug/2020:09:41:40 +0800] "GET /xingrg/all/function/internal_message.html?_=1596850901484&CODE_STATE=getMsg HTTP/1.1" 200 27
172.17.0.240 - - [08/Aug/2020:09:41:43 +0800] "GET /xingrg/all/function/internal_message.html?_=1596850898057&CODE_STATE=getMsg HTTP/1.1" 200 27
172.17.0.100 - - [08/Aug/2020:09:41:43 +0800] "GET /xingrg/all/function/internal_message.html?_=1596850900380&CODE_STATE=getMsg HTTP/1.1" 200 27
116.230.74.197 - - [08/Aug/2020:09:41:46 +0800] "GET /xingrg/all/function/internal_message.html?_=1596850892743&CODE_STATE=getMsg HTTP/1.1" 200 27
58.40.7.146 - - [08/Aug/2020:09:41:50 +0800] "POST /xingrg/services/DataTransmitService HTTP/1.1" 200 524
114.88.161.57 - - [08/Aug/2020:09:41:51 +0800] "GET /xingrg/all/function/internal_message.html?_=1596850906811&CODE_STATE=getMsg HTTP/1.1" 200 27
222.69.136.88 - - [08/Aug/2020:09:41:51 +0800] "GET /xingrg/all/function/internal_message.html?_=1596850900361&CODE_STATE=getMsg HTTP/1.1" 200 27
172.17.0.182 - - [08/Aug/2020:09:41:58 +0800] "GET /xingrg/all/function/internal_message.html?_=1596850909272&CODE_STATE=getMsg HTTP/1.1" 200 27
180.157.251.101 - - [08/Aug/2020:09:42:00 +0800] "GET /xingrg/kc/buy/cgsh_order_operate.html?command=get_materiel&rest_code=00148&code=00101010248&supplier_code=00100036&order_time=2020-08-08 HTTP/1.1" 200 430
180.175.214.200 - - [08/Aug/2020:09:42:02 +0800] "GET /xingrg/all/function/internal_message.html?_=1596851123858&CODE_STATE=getMsg HTTP/1.1" 200 27
116.232.50.170 - - [08/Aug/2020:09:42:05 +0800] "GET /xingrg/check_reg.html?_=1596850945687 HTTP/1.1" 200 22
116.232.50.170 - - [08/Aug/2020:09:42:05 +0800] "GET /xingrg/all/function/internal_message.html?_=1596850945718&CODE_STATE=getMsg HTTP/1.1" 200 27
180.157.251.101 - - [08/Aug/2020:09:42:09 +0800] "GET /xingrg/kc/buy/cgsh_order_operate.html?command=get_materiel&rest_code=00148&code=00101005037&supplier_code=00100036&order_time=2020-08-08 HTTP/1.1" 200 409
218.81.217.115 - - [08/Aug/2020:09:42:11 +0800] "GET /xingrg/all/function/internal_message.html?_=1596850920695&CODE_STATE=getMsg HTTP/1.1" 200 27
114.89.80.44 - - [08/Aug/2020:09:42:13 +0800] "GET /xingrg/all/function/internal_message.html?_=1596851060028&CODE_STATE=getMsg HTTP/1.1" 200 27
114.88.153.107 - - [08/Aug/2020:09:42:13 +0800] "GET /xingrg/all/function/internal_message.html?_=1596850931878&CODE_STATE=getMsg HTTP/1.1" 200 27
61.172.5.115 - - [08/Aug/2020:09:42:15 +0800] "GET /xingrg/all/function/internal_message.html?_=1596850931209&CODE_STATE=getMsg HTTP/1.1" 200 27
180.157.251.101 - - [08/Aug/2020:09:42:16 +0800] "GET /xingrg/kc/buy/cgsh_order_operate.html?command=get_materiel&rest_code=00148&code=00101016053&supplier_code=00100036&order_time=2020-08-08 HTTP/1.1" 200 408
117.184.7.26 - - [08/Aug/2020:09:42:18 +0800] "GET /xingrg/all/function/internal_message.html?_=1596850923438&CODE_STATE=getMsg HTTP/1.1" 200 27
114.88.161.57 - - [08/Aug/2020:09:42:20 +0800] "POST /xingrg/kc/buy/cgsh_order_operate.html HTTP/1.1" 200 37
180.157.251.101 - - [08/Aug/2020:09:42:21 +0800] "GET /xingrg/kc/buy/cgsh_order_operate.html?command=get_materiel&rest_code=00148&code=00101016017&supplier_code=00100036&order_time=2020-08-08 HTTP/1.1" 200 408
114.88.161.57 - - [08/Aug/2020:09:42:21 +0800] "POST /xingrg/kc/buy/cgsh_order_operate.html HTTP/1.1" 200 49323
180.157.251.101 - - [08/Aug/2020:09:42:24 +0800] "GET /xingrg/all/function/internal_message.html?_=1596850945167&CODE_STATE=getMsg HTTP/1.1" 200 27
114.88.161.57 - - [08/Aug/2020:09:42:35 +0800] "GET /xingrg/all/function/internal_message.html?_=1596850990252&CODE_STATE=getMsg HTTP/1.1" 200 27
180.157.251.101 - - [08/Aug/2020:09:42:36 +0800] "GET /xingrg/kc/buy/cgsh_order_operate.html?command=get_materiel&rest_code=00148&code=00101006161&supplier_code=00100036&order_time=2020-08-08 HTTP/1.1" 200 409
114.88.161.57 - - [08/Aug/2020:09:42:39 +0800] "POST /xingrg/kc/buy/cgsh_order_operate.html HTTP/1.1" 200 37
114.88.161.57 - - [08/Aug/2020:09:42:40 +0800] "POST /xingrg/kc/buy/cgsh_order_operate.html HTTP/1.1" 200 49323
117.131.5.26 - - [08/Aug/2020:09:42:40 +0800] "GET /xingrg/all/function/internal_message.html?_=1596850961484&CODE_STATE=getMsg HTTP/1.1" 200 27
172.17.0.240 - - [08/Aug/2020:09:42:43 +0800] "GET /xingrg/all/function/internal_message.html?_=1596850958045&CODE_STATE=getMsg HTTP/1.1" 200 27
172.17.0.240 - - [08/Aug/2020:09:42:43 +0800] "GET /xingrg/check_reg.html?_=1596850958047 HTTP/1.1" 200 22
172.17.0.100 - - [08/Aug/2020:09:42:43 +0800] "GET /xingrg/all/function/internal_message.html?_=1596850960386&CODE_STATE=getMsg HTTP/1.1" 200 27
116.230.74.197 - - [08/Aug/2020:09:42:46 +0800] "GET /xingrg/all/function/internal_message.html?_=1596850952749&CODE_STATE=getMsg HTTP/1.1" 200 27
180.157.251.101 - - [08/Aug/2020:09:42:46 +0800] "GET /xingrg/kc/buy/cgsh_order_operate.html?command=get_materiel&rest_code=00148&code=00101011001&supplier_code=00100036&order_time=2020-08-08 HTTP/1.1" 200 423
114.88.161.57 - - [08/Aug/2020:09:42:51 +0800] "GET /xingrg/all/function/internal_message.html?_=1596850966850&CODE_STATE=getMsg HTTP/1.1" 200 27
222.69.136.88 - - [08/Aug/2020:09:42:51 +0800] "GET /xingrg/all/function/internal_message.html?_=1596850960360&CODE_STATE=getMsg HTTP/1.1" 200 27
180.157.251.101 - - [08/Aug/2020:09:42:56 +0800] "GET /xingrg/kc/buy/cgsh_order_operate.html?command=get_materiel&rest_code=00148&code=00101001010&supplier_code=00100036&order_time=2020-08-08 HTTP/1.1" 200 408
172.17.0.182 - - [08/Aug/2020:09:42:58 +0800] "GET /xingrg/all/function/internal_message.html?_=1596850969270&CODE_STATE=getMsg HTTP/1.1" 200 27
180.175.214.200 - - [08/Aug/2020:09:43:02 +0800] "GET /xingrg/all/function/internal_message.html?_=1596851184168&CODE_STATE=getMsg HTTP/1.1" 200 27
180.152.230.204 - - [08/Aug/2020:09:43:02 +0800] "GET /xingrg/check_reg.html?_=1596850290252 HTTP/1.1" 200 22
116.232.50.170 - - [08/Aug/2020:09:43:04 +0800] "GET /xingrg/all/function/internal_message.html?_=1596851005718&CODE_STATE=getMsg HTTP/1.1" 200 27
180.157.251.101 - - [08/Aug/2020:09:43:05 +0800] "GET /xingrg/kc/buy/cgsh_order_operate.html?command=get_materiel&rest_code=00148&code=00101016105&supplier_code=00100036&order_time=2020-08-08 HTTP/1.1" 200 409
218.81.217.115 - - [08/Aug/2020:09:43:11 +0800] "GET /xingrg/all/function/internal_message.html?_=1596850980709&CODE_STATE=getMsg HTTP/1.1" 200 27
114.89.80.44 - - [08/Aug/2020:09:43:12 +0800] "GET /xingrg/check_reg.html?_=1596851119743 HTTP/1.1" 200 22
114.89.80.44 - - [08/Aug/2020:09:43:13 +0800] "GET /xingrg/all/function/internal_message.html?_=1596851120042&CODE_STATE=getMsg HTTP/1.1" 200 27
114.88.153.107 - - [08/Aug/2020:09:43:13 +0800] "GET /xingrg/all/function/internal_message.html?_=1596850991879&CODE_STATE=getMsg HTTP/1.1" 200 27
114.88.153.107 - - [08/Aug/2020:09:43:13 +0800] "GET /xingrg/check_reg.html?_=1596850991880 HTTP/1.1" 200 22
61.172.5.115 - - [08/Aug/2020:09:43:15 +0800] "GET /xingrg/all/function/internal_message.html?_=1596850991203&CODE_STATE=getMsg HTTP/1.1" 200 27
117.184.7.26 - - [08/Aug/2020:09:43:18 +0800] "GET /xingrg/all/function/internal_message.html?_=1596850983425&CODE_STATE=getMsg HTTP/1.1" 200 27
61.172.5.115 - - [08/Aug/2020:09:43:21 +0800] "GET /xingrg/kc/buy/cgsh_order_operate.html?command=get_materiel&rest_code=00105&code=00101008108&supplier_code=00100203&order_time=2020-08-08 HTTP/1.1" 200 412
180.157.251.101 - - [08/Aug/2020:09:43:24 +0800] "GET /xingrg/all/function/internal_message.html?_=1596851005172&CODE_STATE=getMsg HTTP/1.1" 200 27
180.157.251.101 - - [08/Aug/2020:09:43:24 +0800] "GET /xingrg/check_reg.html?_=1596851005179 HTTP/1.1" 200 22
114.88.161.57 - - [08/Aug/2020:09:43:28 +0800] "POST /xingrg/services/DataTransmitService HTTP/1.1" 200 524
114.88.161.57 - - [08/Aug/2020:09:43:35 +0800] "GET /xingrg/check_reg.html?_=1596851050178 HTTP/1.1" 200 22
114.88.161.57 - - [08/Aug/2020:09:43:35 +0800] "GET /xingrg/all/function/internal_message.html?_=1596851050258&CODE_STATE=getMsg HTTP/1.1" 200 27
117.131.5.26 - - [08/Aug/2020:09:43:40 +0800] "GET /xingrg/check_reg.html?_=1596851021484 HTTP/1.1" 200 22
117.131.5.26 - - [08/Aug/2020:09:43:40 +0800] "GET /xingrg/all/function/internal_message.html?_=1596851021484&CODE_STATE=getMsg HTTP/1.1" 200 27
172.17.0.240 - - [08/Aug/2020:09:43:43 +0800] "GET /xingrg/all/function/internal_message.html?_=1596851018048&CODE_STATE=getMsg HTTP/1.1" 200 27
172.17.0.100 - - [08/Aug/2020:09:43:43 +0800] "GET /xingrg/all/function/internal_message.html?_=1596851020395&CODE_STATE=getMsg HTTP/1.1" 200 27
116.230.74.197 - - [08/Aug/2020:09:43:46 +0800] "GET /xingrg/all/function/internal_message.html?_=1596851012760&CODE_STATE=getMsg HTTP/1.1" 200 27
114.88.161.57 - - [08/Aug/2020:09:43:51 +0800] "GET /xingrg/all/function/internal_message.html?_=1596851026869&CODE_STATE=getMsg HTTP/1.1" 200 27
222.69.136.88 - - [08/Aug/2020:09:43:51 +0800] "GET /xingrg/all/function/internal_message.html?_=1596851020362&CODE_STATE=getMsg HTTP/1.1" 200 27
172.17.0.182 - - [08/Aug/2020:09:43:58 +0800] "GET /xingrg/check_reg.html?_=1596851029265 HTTP/1.1" 200 22
172.17.0.182 - - [08/Aug/2020:09:43:58 +0800] "GET /xingrg/all/function/internal_message.html?_=1596851029267&CODE_STATE=getMsg HTTP/1.1" 200 27
180.175.214.200 - - [08/Aug/2020:09:44:02 +0800] "GET /xingrg/all/function/internal_message.html?_=1596851244182&CODE_STATE=getMsg HTTP/1.1" 200 27
116.232.50.170 - - [08/Aug/2020:09:44:03 +0800] "GET /xingrg/all/function/internal_message.html?_=1596851065718&CODE_STATE=getMsg HTTP/1.1" 200 27
222.69.27.237 - - [08/Aug/2020:09:44:10 +0800] "GET /xingrg HTTP/1.1" 302 -
222.69.27.237 - - [08/Aug/2020:09:44:11 +0800] "GET /xingrg/index.html HTTP/1.1" 302 -
222.69.27.237 - - [08/Aug/2020:09:44:11 +0800] "GET /xingrg/login.html HTTP/1.1" 200 7641
222.69.27.237 - - [08/Aug/2020:09:44:11 +0800] "GET /favicon.ico HTTP/1.1" 404 -
222.69.27.237 - - [08/Aug/2020:09:44:11 +0800] "GET /favicon.ico HTTP/1.1" 404 -
218.81.217.115 - - [08/Aug/2020:09:44:11 +0800] "GET /xingrg/all/function/internal_message.html?_=1596851040722&CODE_STATE=getMsg HTTP/1.1" 200 27
114.89.80.44 - - [08/Aug/2020:09:44:13 +0800] "GET /xingrg/all/function/internal_message.html?_=1596851180055&CODE_STATE=getMsg HTTP/1.1" 200 27
114.88.153.107 - - [08/Aug/2020:09:44:13 +0800] "GET /xingrg/all/function/internal_message.html?_=1596851051879&CODE_STATE=getMsg HTTP/1.1" 200 27
61.172.5.115 - - [08/Aug/2020:09:44:15 +0800] "GET /xingrg/all/function/internal_message.html?_=1596851051124&CODE_STATE=getMsg HTTP/1.1" 200 27
117.184.7.26 - - [08/Aug/2020:09:44:18 +0800] "GET /xingrg/all/function/internal_message.html?_=1596851043410&CODE_STATE=getMsg HTTP/1.1" 200 27
117.184.7.26 - - [08/Aug/2020:09:44:18 +0800] "GET /xingrg/check_reg.html?_=1596851043622 HTTP/1.1" 200 22
180.157.251.101 - - [08/Aug/2020:09:44:24 +0800] "GET /xingrg/all/function/internal_message.html?_=1596851065177&CODE_STATE=getMsg HTTP/1.1" 200 27
114.88.161.57 - - [08/Aug/2020:09:44:35 +0800] "GET /xingrg/all/function/internal_message.html?_=1596851110227&CODE_STATE=getMsg HTTP/1.1" 200 27
117.131.5.26 - - [08/Aug/2020:09:44:40 +0800] "GET /xingrg/all/function/internal_message.html?_=1596851081484&CODE_STATE=getMsg HTTP/1.1" 200 27
172.17.0.240 - - [08/Aug/2020:09:44:43 +0800] "GET /xingrg/all/function/internal_message.html?_=1596851078050&CODE_STATE=getMsg HTTP/1.1" 200 27
172.17.0.100 - - [08/Aug/2020:09:44:43 +0800] "GET /xingrg/all/function/internal_message.html?_=1596851080386&CODE_STATE=getMsg HTTP/1.1" 200 27
116.230.74.197 - - [08/Aug/2020:09:44:46 +0800] "GET /xingrg/all/function/internal_message.html?_=1596851072764&CODE_STATE=getMsg HTTP/1.1" 200 27
116.230.74.197 - - [08/Aug/2020:09:44:46 +0800] "GET /xingrg/check_reg.html?_=1596851072760 HTTP/1.1" 200 22
61.172.5.115 - - [08/Aug/2020:09:44:46 +0800] "GET /xingrg/kc/buy/cgsh_order_operate.html?command=get_materiel&rest_code=00105&code=00101008295&supplier_code=00100203&order_time=2020-08-08 HTTP/1.1" 200 412
114.88.161.57 - - [08/Aug/2020:09:44:49 +0800] "POST /xingrg/services/DataTransmitService HTTP/1.1" 200 524
114.88.161.57 - - [08/Aug/2020:09:44:50 +0800] "POST /xingrg/services/DataTransmitService HTTP/1.1" 200 501
114.88.161.57 - - [08/Aug/2020:09:44:50 +0800] "POST /xingrg/services/DataTransmitService HTTP/1.1" 200 501
114.88.161.57 - - [08/Aug/2020:09:44:50 +0800] "GET /xingrg/check_reg.html?_=1596851086131 HTTP/1.1" 200 22
