116.230.74.197 - - [07/Aug/2020:10:43:06 +0800] "GET /xingrg/all/function/internal_message.html?_=1596768175160&CODE_STATE=getMsg HTTP/1.1" 200 27
116.230.74.197 - - [07/Aug/2020:10:43:06 +0800] "GET /xingrg/kc/buy/cgsh_order_add.html HTTP/1.1" 200 58388
116.230.74.197 - - [07/Aug/2020:10:43:06 +0800] "GET /xingrg/check_reg.html?_=1596768175208 HTTP/1.1" 200 22
116.230.74.197 - - [07/Aug/2020:10:43:06 +0800] "POST /xingrg/kc/buy/cgsh_order_operate.html HTTP/1.1" 200 8245
116.230.74.197 - - [07/Aug/2020:10:43:06 +0800] "GET /xingrg/javascript/easyui/themes/default/validatebox.css HTTP/1.1" 404 1104
114.88.153.107 - - [07/Aug/2020:10:43:07 +0800] "POST /xingrg/kc/buy/cgsh_list_operate.html HTTP/1.1" 200 876
117.131.5.26 - - [07/Aug/2020:10:43:07 +0800] "GET /xingrg/all/function/internal_message.html?_=1596768466962&CODE_STATE=getMsg HTTP/1.1" 200 27
120.253.135.82 - - [07/Aug/2020:10:43:07 +0800] "GET /xingrg/check_reg.html?_=1596768305347 HTTP/1.1" 200 22
120.253.135.82 - - [07/Aug/2020:10:43:07 +0800] "GET /xingrg/all/function/internal_message.html?_=1596768305426&CODE_STATE=getMsg HTTP/1.1" 200 27
180.175.214.200 - - [07/Aug/2020:10:43:09 +0800] "GET /xingrg/all/function/internal_message.html?_=1596768391832&CODE_STATE=getMsg HTTP/1.1" 200 27
114.88.153.107 - - [07/Aug/2020:10:43:09 +0800] "GET /xingrg/kc/buy/cgsh_order_add.html HTTP/1.1" 200 59385
114.88.153.107 - - [07/Aug/2020:10:43:10 +0800] "GET /xingrg/words/20200806164216_words.js HTTP/1.1" 304 -
114.88.153.107 - - [07/Aug/2020:10:43:10 +0800] "GET /xingrg/javascript/easyui/themes/icons/copy_new.png HTTP/1.1" 200 815
114.88.153.107 - - [07/Aug/2020:10:43:10 +0800] "GET /xingrg/all/common/auto_word.html?type=employee&rest_code=00141 HTTP/1.1" 200 201
114.88.153.107 - - [07/Aug/2020:10:43:10 +0800] "GET /xingrg/javascript/easyui/themes/default/validatebox.css HTTP/1.1" 404 1104
114.88.153.107 - - [07/Aug/2020:10:43:10 +0800] "POST /xingrg/kc/buy/cgsh_order_operate.html HTTP/1.1" 200 8245
114.88.153.107 - - [07/Aug/2020:10:43:10 +0800] "GET /xingrg/all/common/auto_word.html?type=employee&rest_code=00141 HTTP/1.1" 200 201
116.233.74.136 - - [07/Aug/2020:10:43:12 +0800] "GET /xingrg/kc/buy/cgsh_order_add.html HTTP/1.1" 200 59426
116.233.74.136 - - [07/Aug/2020:10:43:12 +0800] "POST /xingrg/kc/buy/cgsh_order_operate.html HTTP/1.1" 200 8245
116.233.74.136 - - [07/Aug/2020:10:43:12 +0800] "GET /xingrg/all/common/auto_word.html?type=employee&rest_code=00109 HTTP/1.1" 200 255
116.233.74.136 - - [07/Aug/2020:10:43:12 +0800] "GET /xingrg/all/common/auto_word.html?type=employee&rest_code=00109 HTTP/1.1" 200 255
116.233.74.136 - - [07/Aug/2020:10:43:13 +0800] "GET /xingrg/javascript/easyui/themes/default/validatebox.css HTTP/1.1" 404 1104
114.88.153.107 - - [07/Aug/2020:10:43:13 +0800] "GET /xingrg/javascript/auto/indicator.gif HTTP/1.1" 404 1066
116.230.74.197 - - [07/Aug/2020:10:43:13 +0800] "GET /xingrg/javascript/easyui/themes/default/tree.css HTTP/1.1" 404 1090
172.17.0.119 - - [07/Aug/2020:10:43:13 +0800] "GET /favicon.ico HTTP/1.1" 404 -
116.230.74.197 - - [07/Aug/2020:10:43:13 +0800] "POST /xingrg/all/common/load_tree.html?tree=supplier_tree_json&isDelete=1 HTTP/1.1" 200 49675
114.88.153.107 - - [07/Aug/2020:10:43:14 +0800] "GET /xingrg/javascript/jquery_tools/images/prev.gif HTTP/1.1" 404 1086
114.88.153.107 - - [07/Aug/2020:10:43:14 +0800] "GET /xingrg/javascript/jquery_tools/images/next.gif HTTP/1.1" 404 1086
117.184.7.26 - - [07/Aug/2020:10:43:14 +0800] "GET /xingrg/all/function/internal_message.html?_=1596768182641&CODE_STATE=getMsg HTTP/1.1" 200 27
114.89.80.44 - - [07/Aug/2020:10:43:16 +0800] "GET /xingrg/all/function/internal_message.html?_=1596768325007&CODE_STATE=getMsg HTTP/1.1" 200 27
116.233.74.136 - - [07/Aug/2020:10:43:16 +0800] "GET /xingrg/javascript/jquery_tools/images/prev.gif HTTP/1.1" 404 1086
116.233.74.136 - - [07/Aug/2020:10:43:16 +0800] "GET /xingrg/javascript/jquery_tools/images/next.gif HTTP/1.1" 404 1086
172.17.0.123 - - [07/Aug/2020:10:43:18 +0800] "GET /xingrg/all/function/internal_message.html?_=1596768120934&CODE_STATE=getMsg HTTP/1.1" 200 27
114.88.153.107 - - [07/Aug/2020:10:43:20 +0800] "GET /xingrg/kc/buy/cgsh_order_operate.html?command=get_materiel&rest_code=00141&code=00101018011&supplier_code=00100330&order_time=2020-08-07 HTTP/1.1" 200 413
116.233.74.136 - - [07/Aug/2020:10:43:20 +0800] "GET /xingrg/kc/buy/cgsh_order_operate.html?command=get_materiel&rest_code=00109&code=00101008323&supplier_code=00100005&order_time=2020-08-07 HTTP/1.1" 200 408
172.17.200.101 - - [07/Aug/2020:10:43:22 +0800] "GET /xingrg/all/function/internal_message.html?_=1596768202277&CODE_STATE=getMsg HTTP/1.1" 200 27
114.88.161.57 - - [07/Aug/2020:10:43:23 +0800] "GET /xingrg/check_reg.html?_=1596768237675 HTTP/1.1" 200 22
114.88.161.57 - - [07/Aug/2020:10:43:23 +0800] "GET /xingrg/all/function/internal_message.html?_=1596768237679&CODE_STATE=getMsg HTTP/1.1" 200 27
116.233.74.136 - - [07/Aug/2020:10:43:27 +0800] "GET /xingrg/kc/buy/cgsh_order_operate.html?command=get_materiel&rest_code=00109&code=00101008261&supplier_code=00100005&order_time=2020-08-07 HTTP/1.1" 200 408
116.233.74.136 - - [07/Aug/2020:10:43:32 +0800] "GET /xingrg/kc/buy/cgsh_order_operate.html?command=get_materiel&rest_code=00109&code=00101008210&supplier_code=00100005&order_time=2020-08-07 HTTP/1.1" 200 408
117.184.7.26 - - [07/Aug/2020:10:43:34 +0800] "GET /xingrg/all/function/internal_message.html?_=1596768202479&CODE_STATE=getMsg HTTP/1.1" 200 27
116.235.241.164 - - [07/Aug/2020:10:43:34 +0800] "GET /xingrg/all/function/internal_message.html?_=1596768203632&CODE_STATE=getMsg HTTP/1.1" 200 27
116.235.241.164 - - [07/Aug/2020:10:43:34 +0800] "GET /xingrg/check_reg.html?_=1596768203634 HTTP/1.1" 200 22
117.185.32.26 - - [07/Aug/2020:10:43:37 +0800] "GET /xingrg/all/function/internal_message.html?_=1596768647359&CODE_STATE=getMsg HTTP/1.1" 200 27
116.233.74.136 - - [07/Aug/2020:10:43:37 +0800] "GET /xingrg/kc/buy/cgsh_order_operate.html?command=get_materiel&rest_code=00109&code=00101008358&supplier_code=00100005&order_time=2020-08-07 HTTP/1.1" 200 412
116.235.241.164 - - [07/Aug/2020:10:43:38 +0800] "GET /xingrg/all/function/internal_message.html?_=1596768207792&CODE_STATE=getMsg HTTP/1.1" 200 27
116.233.74.136 - - [07/Aug/2020:10:43:39 +0800] "GET /xingrg/all/function/internal_message.html?_=1596768256417&CODE_STATE=getMsg HTTP/1.1" 200 27
172.17.0.240 - - [07/Aug/2020:10:43:41 +0800] "GET /xingrg/all/function/internal_message.html?_=1596768218051&CODE_STATE=getMsg HTTP/1.1" 200 27
116.233.74.136 - - [07/Aug/2020:10:43:43 +0800] "GET /xingrg/kc/buy/cgsh_order_operate.html?command=get_materiel&rest_code=00109&code=00101008087&supplier_code=00100005&order_time=2020-08-07 HTTP/1.1" 200 412
117.185.32.26 - - [07/Aug/2020:10:43:43 +0800] "POST /xingrg/kc/buy/cgsh_order_operate.html HTTP/1.1" 200 2065
114.89.80.44 - - [07/Aug/2020:10:43:46 +0800] "GET /xingrg/all/function/internal_message.html?_=1596768221862&CODE_STATE=getMsg HTTP/1.1" 200 27
120.253.135.82 - - [07/Aug/2020:10:43:47 +0800] "GET /xingrg/all/function/internal_message.html?_=1596767976687&CODE_STATE=getMsg HTTP/1.1" 200 27
172.17.0.102 - - [07/Aug/2020:10:43:47 +0800] "GET /xingrg/check_reg.html?_=1596768225476 HTTP/1.1" 200 22
116.233.74.136 - - [07/Aug/2020:10:43:48 +0800] "GET /xingrg/kc/buy/cgsh_order_operate.html?command=get_materiel&rest_code=00109&code=00101008361&supplier_code=00100005&order_time=2020-08-07 HTTP/1.1" 200 408
172.17.0.102 - - [07/Aug/2020:10:43:49 +0800] "GET /xingrg/all/function/internal_message.html?_=1596768226708&CODE_STATE=getMsg HTTP/1.1" 200 27
183.192.164.85 - - [07/Aug/2020:10:43:50 +0800] "GET /xingrg/kc/buy/cgsh_order_operate.html?command=get_materiel&rest_code=00106&code=00101008256&supplier_code=00100007&order_time=2020-08-07 HTTP/1.1" 302 -
180.152.230.204 - - [07/Aug/2020:10:43:51 +0800] "GET /xingrg/all/function/internal_message.html?_=1596767540871&CODE_STATE=getMsg HTTP/1.1" 200 27
116.233.74.136 - - [07/Aug/2020:10:43:52 +0800] "GET /xingrg/kc/buy/cgsh_order_operate.html?command=get_materiel&rest_code=00109&code=00101008270&supplier_code=00100005&order_time=2020-08-07 HTTP/1.1" 200 412
117.131.5.26 - - [07/Aug/2020:10:43:52 +0800] "GET /xingrg/all/function/internal_message.html?_=1596768606511&CODE_STATE=getMsg HTTP/1.1" 200 27
183.192.164.85 - - [07/Aug/2020:10:43:52 +0800] "GET /xingrg/login.html HTTP/1.1" 200 7641
222.69.136.250 - - [07/Aug/2020:10:43:54 +0800] "POST /xingrg/kc/buy/cgsh_list_operate.html HTTP/1.1" 200 5855
114.88.153.107 - - [07/Aug/2020:10:43:57 +0800] "POST /xingrg/kc/buy/cgsh_order_operate.html HTTP/1.1" 200 37
183.192.164.97 - - [07/Aug/2020:10:43:57 +0800] "GET /xingrg/kc/buy/cgsh_order_operate.html?command=get_materiel&rest_code=00106&code=00101008149&supplier_code=00100007&order_time=2020-08-07 HTTP/1.1" 302 -
116.233.74.136 - - [07/Aug/2020:10:43:57 +0800] "GET /xingrg/kc/buy/cgsh_order_operate.html?command=get_materiel&rest_code=00109&code=00101008169&supplier_code=00100005&order_time=2020-08-07 HTTP/1.1" 200 412
114.88.153.107 - - [07/Aug/2020:10:43:59 +0800] "POST /xingrg/kc/buy/cgsh_order_operate.html HTTP/1.1" 200 12
61.172.5.115 - - [07/Aug/2020:10:43:59 +0800] "GET /xingrg/all/function/internal_message.html?_=1596768235342&CODE_STATE=getMsg HTTP/1.1" 200 27
117.185.32.26 - - [07/Aug/2020:10:43:59 +0800] "GET /xingrg/all/function/internal_message.html?_=1596768233110&CODE_STATE=getMsg HTTP/1.1" 200 27
114.88.153.107 - - [07/Aug/2020:10:43:59 +0800] "GET /xingrg/all/function/internal_message.html?_=1596767887070&CODE_STATE=getMsg HTTP/1.1" 200 27
114.88.153.107 - - [07/Aug/2020:10:43:59 +0800] "GET /xingrg/kc/buy/cgsh_order_info.html?code=212020080702585 HTTP/1.1" 200 54294
114.88.153.107 - - [07/Aug/2020:10:44:00 +0800] "GET /xingrg/javascript/easyui/themes/default/validatebox.css HTTP/1.1" 404 1104
114.88.153.107 - - [07/Aug/2020:10:44:00 +0800] "POST /xingrg/kc/buy/cgsh_order_operate.html HTTP/1.1" 200 606
117.131.5.26 - - [07/Aug/2020:10:44:00 +0800] "GET /xingrg/all/function/internal_message.html?_=1596768239693&CODE_STATE=getMsg HTTP/1.1" 200 27
183.192.164.97 - - [07/Aug/2020:10:44:01 +0800] "GET /xingrg/login.html HTTP/1.1" 200 7641
172.17.0.120 - - [07/Aug/2020:10:44:03 +0800] "GET /xingrg/all/function/internal_message.html?_=1596768239844&CODE_STATE=getMsg HTTP/1.1" 200 27
116.233.74.136 - - [07/Aug/2020:10:44:03 +0800] "GET /xingrg/kc/buy/cgsh_order_operate.html?command=get_materiel&rest_code=00109&code=00101008257&supplier_code=00100005&order_time=2020-08-07 HTTP/1.1" 200 416
180.157.251.101 - - [07/Aug/2020:10:44:03 +0800] "GET /xingrg/check_reg.html?_=1596768247291 HTTP/1.1" 200 22
116.230.74.197 - - [07/Aug/2020:10:44:04 +0800] "GET /xingrg/kc/buy/cgsh_order_operate.html?command=get_materiel&rest_code=00153&code=00102008100&supplier_code=00100224&order_time=2020-08-07 HTTP/1.1" 200 412
114.88.153.107 - - [07/Aug/2020:10:44:04 +0800] "GET /xingrg/kc/print/load_config.html?kc_code=cgsh HTTP/1.1" 200 1845
180.157.251.101 - - [07/Aug/2020:10:44:04 +0800] "GET /xingrg/all/function/internal_message.html?_=1596768248074&CODE_STATE=getMsg HTTP/1.1" 200 27
114.88.153.107 - - [07/Aug/2020:10:44:04 +0800] "GET /xingrg/kc/print/load_data.html?order_code=212020080702585&kc_code=cgsh&condition= HTTP/1.1" 200 712
117.131.5.26 - - [07/Aug/2020:10:44:04 +0800] "GET /xingrg/check_reg.html?_=1596768524537 HTTP/1.1" 200 22
116.230.74.197 - - [07/Aug/2020:10:44:06 +0800] "GET /xingrg/all/function/internal_message.html?_=1596768235158&CODE_STATE=getMsg HTTP/1.1" 200 27
117.185.32.26 - - [07/Aug/2020:10:44:06 +0800] "GET /xingrg/kc/buy/cgsh_order_operate.html?command=get_materiel&rest_code=00106&code=00101008213&supplier_code=00100007&order_time=2020-08-07 HTTP/1.1" 200 412
117.131.5.26 - - [07/Aug/2020:10:44:07 +0800] "GET /xingrg/all/function/internal_message.html?_=1596768526974&CODE_STATE=getMsg HTTP/1.1" 200 27
120.253.135.82 - - [07/Aug/2020:10:44:07 +0800] "GET /xingrg/all/function/internal_message.html?_=1596768365438&CODE_STATE=getMsg HTTP/1.1" 200 27
180.175.214.200 - - [07/Aug/2020:10:44:09 +0800] "GET /xingrg/all/function/internal_message.html?_=1596768452346&CODE_STATE=getMsg HTTP/1.1" 200 27
116.233.74.136 - - [07/Aug/2020:10:44:11 +0800] "GET /xingrg/kc/buy/cgsh_order_operate.html?command=get_materiel&rest_code=00109&code=00101008156&supplier_code=00100005&order_time=2020-08-07 HTTP/1.1" 200 414
114.88.153.107 - - [07/Aug/2020:10:44:12 +0800] "GET /xingrg/kc/buy/cgsh_order_add.html HTTP/1.1" 200 59385
114.88.153.107 - - [07/Aug/2020:10:44:13 +0800] "POST /xingrg/kc/buy/cgsh_order_operate.html HTTP/1.1" 200 8245
114.88.153.107 - - [07/Aug/2020:10:44:13 +0800] "GET /xingrg/javascript/easyui/themes/default/validatebox.css HTTP/1.1" 404 1104
117.184.7.26 - - [07/Aug/2020:10:44:14 +0800] "GET /xingrg/all/function/internal_message.html?_=1596768242643&CODE_STATE=getMsg HTTP/1.1" 200 27
222.69.136.250 - - [07/Aug/2020:10:44:15 +0800] "POST /xingrg/kc/buy/cgsh_list_operate.html HTTP/1.1" 200 5855
114.89.80.44 - - [07/Aug/2020:10:44:16 +0800] "GET /xingrg/all/function/internal_message.html?_=1596768385051&CODE_STATE=getMsg HTTP/1.1" 200 27
116.233.74.136 - - [07/Aug/2020:10:44:18 +0800] "GET /xingrg/kc/buy/cgsh_order_operate.html?command=get_materiel&rest_code=00109&code=00101008185&supplier_code=00100005&order_time=2020-08-07 HTTP/1.1" 200 408
172.17.0.123 - - [07/Aug/2020:10:44:18 +0800] "GET /xingrg/all/function/internal_message.html?_=1596768180936&CODE_STATE=getMsg HTTP/1.1" 200 27
117.185.32.26 - - [07/Aug/2020:10:44:20 +0800] "GET /xingrg/kc/buy/cgsh_order_operate.html?command=get_materiel&rest_code=00106&code=00101008100&supplier_code=00100007&order_time=2020-08-07 HTTP/1.1" 200 408
116.230.74.197 - - [07/Aug/2020:10:44:22 +0800] "POST /xingrg/kc/buy/cgsh_order_operate.html HTTP/1.1" 200 37
172.17.200.101 - - [07/Aug/2020:10:44:22 +0800] "GET /xingrg/check_reg.html?_=1596768262278 HTTP/1.1" 200 22
172.17.200.101 - - [07/Aug/2020:10:44:22 +0800] "GET /xingrg/all/function/internal_message.html?_=1596768262285&CODE_STATE=getMsg HTTP/1.1" 200 27
114.88.161.57 - - [07/Aug/2020:10:44:23 +0800] "GET /xingrg/all/function/internal_message.html?_=1596768297664&CODE_STATE=getMsg HTTP/1.1" 200 27
116.233.74.136 - - [07/Aug/2020:10:44:24 +0800] "GET /xingrg/kc/buy/cgsh_order_operate.html?command=get_materiel&rest_code=00109&code=00101008010&supplier_code=00100005&order_time=2020-08-07 HTTP/1.1" 200 412
116.230.74.197 - - [07/Aug/2020:10:44:25 +0800] "POST /xingrg/kc/buy/cgsh_order_operate.html HTTP/1.1" 200 12
116.230.74.197 - - [07/Aug/2020:10:44:26 +0800] "GET /xingrg/kc/buy/cgsh_order_info.html?code=212020080702586 HTTP/1.1" 200 53281
116.230.74.197 - - [07/Aug/2020:10:44:26 +0800] "GET /xingrg/javascript/easyui/themes/default/validatebox.css HTTP/1.1" 404 1104
116.230.74.197 - - [07/Aug/2020:10:44:27 +0800] "POST /xingrg/kc/buy/cgsh_order_operate.html HTTP/1.1" 200 611
116.230.74.197 - - [07/Aug/2020:10:44:28 +0800] "GET /xingrg/kc/print/load_data.html?order_code=212020080702586&kc_code=cgsh&condition= HTTP/1.1" 200 677
117.185.32.26 - - [07/Aug/2020:10:44:28 +0800] "GET /xingrg/kc/buy/cgsh_order_operate.html?command=get_materiel&rest_code=00106&code=00101008347&supplier_code=00100007&order_time=2020-08-07 HTTP/1.1" 200 408
116.233.74.136 - - [07/Aug/2020:10:44:30 +0800] "GET /xingrg/kc/buy/cgsh_order_operate.html?command=get_materiel&rest_code=00109&code=00101008110&supplier_code=00100005&order_time=2020-08-07 HTTP/1.1" 200 408
117.184.7.30 - - [07/Aug/2020:10:44:34 +0800] "GET /xingrg/all/function/internal_message.html?_=1596768262492&CODE_STATE=getMsg HTTP/1.1" 200 27
116.235.241.164 - - [07/Aug/2020:10:44:34 +0800] "GET /xingrg/all/function/internal_message.html?_=1596768263631&CODE_STATE=getMsg HTTP/1.1" 200 27
116.233.74.136 - - [07/Aug/2020:10:44:35 +0800] "GET /xingrg/kc/buy/cgsh_order_operate.html?command=get_materiel&rest_code=00109&code=00101008096&supplier_code=00100005&order_time=2020-08-07 HTTP/1.1" 200 412
116.233.74.136 - - [07/Aug/2020:10:44:36 +0800] "GET /xingrg/all/function/internal_message.html?_=1596768316425&CODE_STATE=getMsg HTTP/1.1" 200 27
114.88.153.107 - - [07/Aug/2020:10:44:37 +0800] "GET /xingrg/kc/buy/buy_main.html HTTP/1.1" 200 12412
117.185.32.26 - - [07/Aug/2020:10:44:37 +0800] "GET /xingrg/all/function/internal_message.html?_=1596768707343&CODE_STATE=getMsg HTTP/1.1" 200 27
114.88.153.107 - - [07/Aug/2020:10:44:37 +0800] "GET /xingrg/css/new_ie.css HTTP/1.1" 404 1036
114.88.153.107 - - [07/Aug/2020:10:44:37 +0800] "GET /xingrg/images/yd/bt.gif HTTP/1.1" 404 1040
116.235.241.164 - - [07/Aug/2020:10:44:38 +0800] "GET /xingrg/all/function/internal_message.html?_=1596768267792&CODE_STATE=getMsg HTTP/1.1" 200 27
114.88.153.107 - - [07/Aug/2020:10:44:38 +0800] "GET /xingrg/kc/buy/cgsh_order_list.html HTTP/1.1" 200 43647
117.185.32.26 - - [07/Aug/2020:10:44:38 +0800] "GET /xingrg/kc/buy/cgsh_order_operate.html?command=get_materiel&rest_code=00106&code=00101008283&supplier_code=00100007&order_time=2020-08-07 HTTP/1.1" 200 408
114.88.153.107 - - [07/Aug/2020:10:44:38 +0800] "POST /xingrg/kc/buy/cgsh_list_operate.html HTTP/1.1" 200 876
172.17.0.240 - - [07/Aug/2020:10:44:41 +0800] "GET /xingrg/all/function/internal_message.html?_=1596768278054&CODE_STATE=getMsg HTTP/1.1" 200 27
222.69.136.250 - - [07/Aug/2020:10:44:44 +0800] "POST /xingrg/kc/buy/cgsh_list_operate.html HTTP/1.1" 200 5855
172.17.0.185 - - [07/Aug/2020:10:44:44 +0800] "GET /xingrg/check_reg.html?_=1596768280786 HTTP/1.1" 200 22
116.233.74.136 - - [07/Aug/2020:10:44:46 +0800] "POST /xingrg/kc/buy/cgsh_order_operate.html HTTP/1.1" 200 37
120.253.135.82 - - [07/Aug/2020:10:44:46 +0800] "GET /xingrg/check_reg.html?_=1596768036256 HTTP/1.1" 200 22
114.89.80.44 - - [07/Aug/2020:10:44:46 +0800] "GET /xingrg/all/function/internal_message.html?_=1596768281869&CODE_STATE=getMsg HTTP/1.1" 200 27
114.89.80.44 - - [07/Aug/2020:10:44:46 +0800] "GET /xingrg/check_reg.html?_=1596768281871 HTTP/1.1" 200 22
117.185.32.26 - - [07/Aug/2020:10:44:46 +0800] "GET /xingrg/kc/buy/cgsh_order_operate.html?command=get_materiel&rest_code=00106&code=00101008151&supplier_code=00100007&order_time=2020-08-07 HTTP/1.1" 200 412
120.253.135.82 - - [07/Aug/2020:10:44:47 +0800] "GET /xingrg/all/function/internal_message.html?_=1596768036701&CODE_STATE=getMsg HTTP/1.1" 200 27
114.88.153.107 - - [07/Aug/2020:10:44:47 +0800] "POST /xingrg/kc/buy/cgsh_list_operate.html HTTP/1.1" 200 1720
116.233.74.136 - - [07/Aug/2020:10:44:47 +0800] "POST /xingrg/kc/buy/cgsh_order_operate.html HTTP/1.1" 200 10367
114.88.153.107 - - [07/Aug/2020:10:44:48 +0800] "POST /xingrg/kc/buy/cgsh_list_operate.html HTTP/1.1" 200 201
172.17.0.102 - - [07/Aug/2020:10:44:49 +0800] "GET /xingrg/all/function/internal_message.html?_=1596768286684&CODE_STATE=getMsg HTTP/1.1" 200 27
180.152.230.204 - - [07/Aug/2020:10:44:51 +0800] "GET /xingrg/all/function/internal_message.html?_=1596767600874&CODE_STATE=getMsg HTTP/1.1" 200 27
180.152.230.204 - - [07/Aug/2020:10:44:51 +0800] "GET /xingrg/check_reg.html?_=1596767600877 HTTP/1.1" 200 22
114.88.153.107 - - [07/Aug/2020:10:44:51 +0800] "GET /xingrg/kc/buy/cgsh_order_info.html?code=212020080702585 HTTP/1.1" 200 54294
114.88.153.107 - - [07/Aug/2020:10:44:51 +0800] "GET /xingrg/javascript/easyui/themes/default/validatebox.css HTTP/1.1" 404 1104
116.235.241.164 - - [07/Aug/2020:10:44:52 +0800] "GET /xingrg/check_reg.html?_=1596768281530 HTTP/1.1" 200 22
114.88.153.107 - - [07/Aug/2020:10:44:52 +0800] "POST /xingrg/kc/buy/cgsh_order_operate.html HTTP/1.1" 200 606
117.131.5.26 - - [07/Aug/2020:10:44:52 +0800] "GET /xingrg/all/function/internal_message.html?_=1596768666509&CODE_STATE=getMsg HTTP/1.1" 200 27
117.185.32.26 - - [07/Aug/2020:10:44:53 +0800] "POST /xingrg/kc/buy/cgsh_order_operate.html HTTP/1.1" 200 2065
120.204.17.72 - - [07/Aug/2020:10:44:56 +0800] "GET /xingrg/kc/buy/cgsh_order_operate.html?command=get_materiel&rest_code=00106&code=00101008264&supplier_code=00100007&order_time=2020-08-07 HTTP/1.1" 302 -
114.88.153.107 - - [07/Aug/2020:10:44:56 +0800] "GET /xingrg/kc/buy/cgsh_order_add.html HTTP/1.1" 200 59385
116.233.74.136 - - [07/Aug/2020:10:44:56 +0800] "GET /xingrg/kc/buy/cgsh_order_operate.html?command=get_materiel&rest_code=00109&code=00101008038&supplier_code=00100005&order_time=2020-08-07 HTTP/1.1" 200 412
114.88.153.107 - - [07/Aug/2020:10:44:56 +0800] "POST /xingrg/kc/buy/cgsh_order_operate.html HTTP/1.1" 200 8245
114.88.153.107 - - [07/Aug/2020:10:44:56 +0800] "GET /xingrg/javascript/easyui/themes/default/validatebox.css HTTP/1.1" 404 1104
117.185.32.26 - - [07/Aug/2020:10:44:58 +0800] "GET /xingrg/kc/buy/cgsh_order_operate.html?command=get_materiel&rest_code=00106&code=00101008210&supplier_code=00100007&order_time=2020-08-07 HTTP/1.1" 200 408
61.172.5.115 - - [07/Aug/2020:10:44:59 +0800] "GET /xingrg/all/function/internal_message.html?_=1596768295317&CODE_STATE=getMsg HTTP/1.1" 200 27
117.185.32.26 - - [07/Aug/2020:10:44:59 +0800] "GET /xingrg/all/function/internal_message.html?_=1596768293081&CODE_STATE=getMsg HTTP/1.1" 200 27
114.88.153.107 - - [07/Aug/2020:10:44:59 +0800] "GET /xingrg/all/function/internal_message.html?_=1596767947088&CODE_STATE=getMsg HTTP/1.1" 200 27
117.131.5.26 - - [07/Aug/2020:10:45:00 +0800] "GET /xingrg/all/function/internal_message.html?_=1596768299693&CODE_STATE=getMsg HTTP/1.1" 200 27
120.204.17.72 - - [07/Aug/2020:10:45:01 +0800] "GET /xingrg/login.html HTTP/1.1" 200 7641
116.233.74.136 - - [07/Aug/2020:10:45:02 +0800] "GET /xingrg/kc/buy/cgsh_order_operate.html?command=get_materiel&rest_code=00109&code=00101008163&supplier_code=00100005&order_time=2020-08-07 HTTP/1.1" 200 408
172.17.0.120 - - [07/Aug/2020:10:45:03 +0800] "GET /xingrg/all/function/internal_message.html?_=1596768299832&CODE_STATE=getMsg HTTP/1.1" 200 27
114.88.153.107 - - [07/Aug/2020:10:45:04 +0800] "GET /xingrg/kc/buy/cgsh_order_operate.html?command=get_materiel&rest_code=00141&code=00101007032&supplier_code=00100328&order_time=2020-08-07 HTTP/1.1" 200 413
180.157.251.101 - - [07/Aug/2020:10:45:04 +0800] "GET /xingrg/all/function/internal_message.html?_=1596768308089&CODE_STATE=getMsg HTTP/1.1" 200 27
116.230.74.197 - - [07/Aug/2020:10:45:06 +0800] "GET /xingrg/all/function/internal_message.html?_=1596768295173&CODE_STATE=getMsg HTTP/1.1" 200 27
117.131.5.26 - - [07/Aug/2020:10:45:07 +0800] "GET /xingrg/all/function/internal_message.html?_=1596768586984&CODE_STATE=getMsg HTTP/1.1" 200 27
120.253.135.82 - - [07/Aug/2020:10:45:07 +0800] "GET /xingrg/all/function/internal_message.html?_=1596768425453&CODE_STATE=getMsg HTTP/1.1" 200 27
116.233.74.136 - - [07/Aug/2020:10:45:09 +0800] "GET /xingrg/kc/buy/cgsh_order_operate.html?command=get_materiel&rest_code=00109&code=00101008144&supplier_code=00100005&order_time=2020-08-07 HTTP/1.1" 200 412
180.175.214.200 - - [07/Aug/2020:10:45:09 +0800] "GET /xingrg/all/function/internal_message.html?_=1596768512358&CODE_STATE=getMsg HTTP/1.1" 200 27
117.185.32.26 - - [07/Aug/2020:10:45:12 +0800] "GET /xingrg/kc/buy/cgsh_order_operate.html?command=get_materiel&rest_code=00106&code=00101008358&supplier_code=00100007&order_time=2020-08-07 HTTP/1.1" 200 412
58.221.95.50 - - [07/Aug/2020:10:45:12 +0800] "GET /xingrg/check_reg.html?_=1596768435794 HTTP/1.1" 302 -
117.184.7.26 - - [07/Aug/2020:10:45:14 +0800] "GET /xingrg/check_reg.html?_=1596768302645 HTTP/1.1" 200 22
117.184.7.26 - - [07/Aug/2020:10:45:14 +0800] "GET /xingrg/all/function/internal_message.html?_=1596768302648&CODE_STATE=getMsg HTTP/1.1" 200 27
114.88.153.107 - - [07/Aug/2020:10:45:15 +0800] "GET /xingrg/kc/buy/cgsh_order_operate.html?command=get_materiel&rest_code=00141&code=00101007077&supplier_code=00100328&order_time=2020-08-07 HTTP/1.1" 200 415
114.89.80.44 - - [07/Aug/2020:10:45:16 +0800] "GET /xingrg/all/function/internal_message.html?_=1596768445065&CODE_STATE=getMsg HTTP/1.1" 200 27
172.17.0.123 - - [07/Aug/2020:10:45:18 +0800] "GET /xingrg/all/function/internal_message.html?_=1596768240942&CODE_STATE=getMsg HTTP/1.1" 200 27
116.233.74.136 - - [07/Aug/2020:10:45:21 +0800] "GET /xingrg/kc/buy/cgsh_order_operate.html?command=get_materiel&rest_code=00109&code=00101008004&supplier_code=00100005&order_time=2020-08-07 HTTP/1.1" 200 416
172.17.200.101 - - [07/Aug/2020:10:45:22 +0800] "GET /xingrg/all/function/internal_message.html?_=1596768322284&CODE_STATE=getMsg HTTP/1.1" 200 27
114.88.161.57 - - [07/Aug/2020:10:45:23 +0800] "GET /xingrg/all/function/internal_message.html?_=1596768357665&CODE_STATE=getMsg HTTP/1.1" 200 27
117.185.32.26 - - [07/Aug/2020:10:45:23 +0800] "GET /xingrg/kc/buy/cgsh_order_operate.html?command=get_materiel&rest_code=00106&code=00101008361&supplier_code=00100007&order_time=2020-08-07 HTTP/1.1" 200 408
116.233.74.136 - - [07/Aug/2020:10:45:25 +0800] "POST /xingrg/kc/buy/cgsh_order_operate.html HTTP/1.1" 200 2065
114.88.153.107 - - [07/Aug/2020:10:45:25 +0800] "POST /xingrg/kc/buy/cgsh_order_operate.html HTTP/1.1" 200 37
117.184.7.26 - - [07/Aug/2020:10:45:25 +0800] "GET /xingrg/login.html HTTP/1.1" 200 7641
117.184.7.26 - - [07/Aug/2020:10:45:26 +0800] "GET /favicon.ico HTTP/1.1" 404 -
114.88.153.107 - - [07/Aug/2020:10:45:27 +0800] "POST /xingrg/kc/buy/cgsh_order_operate.html HTTP/1.1" 200 12
117.184.7.26 - - [07/Aug/2020:10:45:28 +0800] "POST /xingrg/login.do HTTP/1.1" 302 -
114.88.153.107 - - [07/Aug/2020:10:45:28 +0800] "GET /xingrg/kc/buy/cgsh_order_info.html?code=212020080702588 HTTP/1.1" 200 54292
117.184.7.26 - - [07/Aug/2020:10:45:28 +0800] "GET /xingrg/index.html?sysBaseUrl=http%3A%2F%2F180.169.147.146%3A18081%2Fxingrg%2F&costTime=292×tamp=1596768328330 HTTP/1.1" 200 17173
117.184.7.26 - - [07/Aug/2020:10:45:28 +0800] "GET /favicon.ico HTTP/1.1" 404 -
114.88.153.107 - - [07/Aug/2020:10:45:28 +0800] "GET /xingrg/javascript/easyui/themes/default/validatebox.css HTTP/1.1" 404 1104
117.184.7.26 - - [07/Aug/2020:10:45:28 +0800] "POST /xingrg/all/common/load_tree.html?tree=area_rest_tree_json&manage=1 HTTP/1.1" 200 470
114.88.153.107 - - [07/Aug/2020:10:45:29 +0800] "POST /xingrg/kc/buy/cgsh_order_operate.html HTTP/1.1" 200 1203
117.184.7.26 - - [07/Aug/2020:10:45:29 +0800] "GET /xingrg/all/function/internal_message.html?_=1596768325759&CODE_STATE=count HTTP/1.1" 200 11
117.184.7.26 - - [07/Aug/2020:10:45:29 +0800] "GET /xingrg/check_reg.html?_=1596768325760 HTTP/1.1" 200 22
117.184.7.26 - - [07/Aug/2020:10:45:29 +0800] "POST /xingrg/load_menu.html HTTP/1.1" 200 5138
116.233.74.136 - - [07/Aug/2020:10:45:29 +0800] "GET /xingrg/kc/buy/cgsh_order_operate.html?command=get_materiel&rest_code=00109&code=00101008137&supplier_code=00100005&order_time=2020-08-07 HTTP/1.1" 200 408
117.184.7.26 - - [07/Aug/2020:10:45:30 +0800] "GET /xingrg/kc/buy/buy_main.html HTTP/1.1" 200 12412
117.184.7.26 - - [07/Aug/2020:10:45:30 +0800] "GET /xingrg/css/new_ie.css HTTP/1.1" 404 1036
114.88.153.107 - - [07/Aug/2020:10:45:30 +0800] "GET /xingrg/kc/print/load_data.html?order_code=212020080702588&kc_code=cgsh&condition= HTTP/1.1" 200 943
117.184.7.26 - - [07/Aug/2020:10:45:30 +0800] "GET /xingrg/images/yd/bt.gif HTTP/1.1" 404 1040
120.204.17.70 - - [07/Aug/2020:10:45:30 +0800] "GET /xingrg/all/function/internal_message.html?_=1596767499385&CODE_STATE=getMsg HTTP/1.1" 302 -
117.184.7.26 - - [07/Aug/2020:10:45:30 +0800] "GET /xingrg/kc/buy/cgsh_order_list.html HTTP/1.1" 200 43641
117.185.32.26 - - [07/Aug/2020:10:45:32 +0800] "GET /xingrg/kc/buy/cgsh_order_operate.html?command=get_materiel&rest_code=00106&code=00101008004&supplier_code=00100007&order_time=2020-08-07 HTTP/1.1" 200 416
120.204.17.70 - - [07/Aug/2020:10:45:33 +0800] "GET /xingrg/login.html HTTP/1.1" 200 7641
116.235.241.164 - - [07/Aug/2020:10:45:34 +0800] "GET /xingrg/all/function/internal_message.html?_=1596768323630&CODE_STATE=getMsg HTTP/1.1" 200 27
117.184.7.30 - - [07/Aug/2020:10:45:34 +0800] "GET /xingrg/all/function/internal_message.html?_=1596768322822&CODE_STATE=getMsg HTTP/1.1" 200 27
116.233.74.136 - - [07/Aug/2020:10:45:34 +0800] "GET /xingrg/all/function/internal_message.html?_=1596768377818&CODE_STATE=getMsg HTTP/1.1" 200 27
116.233.74.136 - - [07/Aug/2020:10:45:34 +0800] "GET /xingrg/check_reg.html?_=1596768377818 HTTP/1.1" 200 22
114.88.153.107 - - [07/Aug/2020:10:45:34 +0800] "GET /xingrg/kc/buy/cgsh_order_add.html HTTP/1.1" 200 59385
117.184.7.26 - - [07/Aug/2020:10:45:34 +0800] "POST /xingrg/kc/buy/cgsh_list_operate.html HTTP/1.1" 200 3829
114.88.153.107 - - [07/Aug/2020:10:45:35 +0800] "POST /xingrg/kc/buy/cgsh_order_operate.html HTTP/1.1" 200 8245
114.88.153.107 - - [07/Aug/2020:10:45:35 +0800] "GET /xingrg/javascript/easyui/themes/default/validatebox.css HTTP/1.1" 404 1104
117.184.7.26 - - [07/Aug/2020:10:45:36 +0800] "GET /xingrg/kc/buy/cgsh_order_add.html HTTP/1.1" 200 59344
117.184.7.26 - - [07/Aug/2020:10:45:36 +0800] "GET /xingrg/words/20200806164216_words.js HTTP/1.1" 304 -
117.184.7.26 - - [07/Aug/2020:10:45:36 +0800] "POST /xingrg/kc/buy/cgsh_order_operate.html HTTP/1.1" 200 8245
117.184.7.26 - - [07/Aug/2020:10:45:36 +0800] "GET /xingrg/all/common/auto_word.html?type=employee&rest_code=00108 HTTP/1.1" 200 197
117.184.7.26 - - [07/Aug/2020:10:45:36 +0800] "GET /xingrg/all/common/auto_word.html?type=employee&rest_code=00108 HTTP/1.1" 200 197
117.184.7.26 - - [07/Aug/2020:10:45:36 +0800] "GET /xingrg/javascript/easyui/themes/default/validatebox.css HTTP/1.1" 404 1104
183.192.164.85 - - [07/Aug/2020:10:45:37 +0800] "GET /xingrg/kc/buy/cgsh_order_operate.html?command=get_materiel&rest_code=00106&code=00101008286&supplier_code=00100007&order_time=2020-08-07 HTTP/1.1" 302 -
117.184.7.26 - - [07/Aug/2020:10:45:37 +0800] "GET /xingrg/javascript/auto/indicator.gif HTTP/1.1" 404 1066
117.185.32.26 - - [07/Aug/2020:10:45:37 +0800] "GET /xingrg/all/function/internal_message.html?_=1596768767315&CODE_STATE=getMsg HTTP/1.1" 200 27
117.185.32.26 - - [07/Aug/2020:10:45:37 +0800] "GET /xingrg/kc/buy/cgsh_order_operate.html?command=get_materiel&rest_code=00106&code=00101008144&supplier_code=00100007&order_time=2020-08-07 HTTP/1.1" 200 412
116.233.74.136 - - [07/Aug/2020:10:45:37 +0800] "GET /xingrg/kc/buy/cgsh_order_operate.html?command=get_materiel&rest_code=00109&code=00101008362&supplier_code=00100005&order_time=2020-08-07 HTTP/1.1" 200 408
116.235.241.164 - - [07/Aug/2020:10:45:38 +0800] "GET /xingrg/all/function/internal_message.html?_=1596768327807&CODE_STATE=getMsg HTTP/1.1" 200 27
183.192.164.85 - - [07/Aug/2020:10:45:38 +0800] "GET /xingrg/kc/buy/cgsh_order_operate.html?command=get_materiel&rest_code=00106&code=00101008110&supplier_code=00100007&order_time=2020-08-07 HTTP/1.1" 302 -
117.184.7.26 - - [07/Aug/2020:10:45:39 +0800] "GET /xingrg/javascript/jquery_tools/images/prev.gif HTTP/1.1" 404 1086
117.184.7.26 - - [07/Aug/2020:10:45:39 +0800] "GET /xingrg/javascript/jquery_tools/images/next.gif HTTP/1.1" 404 1086
172.17.0.240 - - [07/Aug/2020:10:45:41 +0800] "GET /xingrg/all/function/internal_message.html?_=1596768338046&CODE_STATE=getMsg HTTP/1.1" 200 27
114.88.153.107 - - [07/Aug/2020:10:45:42 +0800] "GET /xingrg/kc/buy/cgsh_order_operate.html?command=get_materiel&rest_code=00141&code=00101006164&supplier_code=00100326&order_time=2020-08-07 HTTP/1.1" 200 417
116.233.74.136 - - [07/Aug/2020:10:45:43 +0800] "GET /xingrg/kc/buy/cgsh_order_operate.html?command=get_materiel&rest_code=00109&code=00101008270&supplier_code=00100005&order_time=2020-08-07 HTTP/1.1" 200 412
117.184.7.26 - - [07/Aug/2020:10:45:43 +0800] "GET /xingrg/kc/buy/cgsh_order_operate.html?command=get_materiel&rest_code=00108&code=00101002027&supplier_code=00100400&order_time=2020-08-07 HTTP/1.1" 200 413
183.192.164.85 - - [07/Aug/2020:10:45:46 +0800] "GET /xingrg/login.html HTTP/1.1" 200 7641
114.89.80.44 - - [07/Aug/2020:10:45:46 +0800] "GET /xingrg/all/function/internal_message.html?_=1596768341871&CODE_STATE=getMsg HTTP/1.1" 200 27
120.253.135.82 - - [07/Aug/2020:10:45:47 +0800] "GET /xingrg/all/function/internal_message.html?_=1596768096715&CODE_STATE=getMsg HTTP/1.1" 200 27
183.192.164.85 - - [07/Aug/2020:10:45:48 +0800] "GET /xingrg/login.html HTTP/1.1" 200 7641
172.17.0.102 - - [07/Aug/2020:10:45:49 +0800] "GET /xingrg/all/function/internal_message.html?_=1596768346655&CODE_STATE=getMsg HTTP/1.1" 200 27
117.184.7.26 - - [07/Aug/2020:10:45:49 +0800] "GET /xingrg/kc/buy/cgsh_order_operate.html?command=get_materiel&rest_code=00108&code=00101002022&supplier_code=00100400&order_time=2020-08-07 HTTP/1.1" 200 429
114.88.153.107 - - [07/Aug/2020:10:45:51 +0800] "POST /xingrg/kc/buy/cgsh_order_operate.html HTTP/1.1" 200 37
180.152.230.204 - - [07/Aug/2020:10:45:51 +0800] "GET /xingrg/all/function/internal_message.html?_=1596767660875&CODE_STATE=getMsg HTTP/1.1" 200 27
120.204.17.73 - - [07/Aug/2020:10:45:51 +0800] "GET /xingrg/kc/buy/cgsh_order_operate.html?command=get_materiel&rest_code=00106&code=00101008036&supplier_code=00100007&order_time=2020-08-07 HTTP/1.1" 302 -
116.233.74.136 - - [07/Aug/2020:10:45:52 +0800] "GET /xingrg/kc/buy/cgsh_order_operate.html?command=get_materiel&rest_code=00109&code=00101008357&supplier_code=00100005&order_time=2020-08-07 HTTP/1.1" 200 408
117.131.5.26 - - [07/Aug/2020:10:45:52 +0800] "GET /xingrg/all/function/internal_message.html?_=1596768726507&CODE_STATE=getMsg HTTP/1.1" 200 27
114.88.153.107 - - [07/Aug/2020:10:45:53 +0800] "POST /xingrg/kc/buy/cgsh_order_operate.html HTTP/1.1" 200 12
114.88.153.107 - - [07/Aug/2020:10:45:53 +0800] "GET /xingrg/kc/buy/cgsh_order_info.html?code=212020080702589 HTTP/1.1" 200 54292
114.88.153.107 - - [07/Aug/2020:10:45:54 +0800] "GET /xingrg/javascript/easyui/themes/default/validatebox.css HTTP/1.1" 404 1104
117.184.7.26 - - [07/Aug/2020:10:45:54 +0800] "GET /xingrg/kc/buy/cgsh_order_operate.html?command=get_materiel&rest_code=00108&code=00101005037&supplier_code=00100400&order_time=2020-08-07 HTTP/1.1" 200 409
114.88.153.107 - - [07/Aug/2020:10:45:54 +0800] "POST /xingrg/kc/buy/cgsh_order_operate.html HTTP/1.1" 200 611
114.88.153.107 - - [07/Aug/2020:10:45:55 +0800] "GET /xingrg/kc/print/load_data.html?order_code=212020080702589&kc_code=cgsh&condition= HTTP/1.1" 200 719
116.233.74.136 - - [07/Aug/2020:10:45:57 +0800] "GET /xingrg/kc/buy/cgsh_order_operate.html?command=get_materiel&rest_code=00109&code=00101008230&supplier_code=00100005&order_time=2020-08-07 HTTP/1.1" 200 408
120.204.17.73 - - [07/Aug/2020:10:45:58 +0800] "GET /xingrg/login.html HTTP/1.1" 200 7641
222.69.136.250 - - [07/Aug/2020:10:45:58 +0800] "POST /xingrg/kc/base/wldb_list_operate.html HTTP/1.1" 200 928
114.88.153.107 - - [07/Aug/2020:10:45:58 +0800] "GET /xingrg/kc/buy/cgsh_order_add.html HTTP/1.1" 200 59385
114.88.153.107 - - [07/Aug/2020:10:45:59 +0800] "POST /xingrg/kc/buy/cgsh_order_operate.html HTTP/1.1" 200 8245
61.172.5.115 - - [07/Aug/2020:10:45:59 +0800] "GET /xingrg/all/function/internal_message.html?_=1596768355294&CODE_STATE=getMsg HTTP/1.1" 200 27
114.88.153.107 - - [07/Aug/2020:10:45:59 +0800] "GET /xingrg/javascript/easyui/themes/default/validatebox.css HTTP/1.1" 404 1104
117.185.32.26 - - [07/Aug/2020:10:45:59 +0800] "GET /xingrg/all/function/internal_message.html?_=1596768353149&CODE_STATE=getMsg HTTP/1.1" 200 27
114.88.153.107 - - [07/Aug/2020:10:45:59 +0800] "GET /xingrg/all/function/internal_message.html?_=1596768007064&CODE_STATE=getMsg HTTP/1.1" 200 27
117.184.7.26 - - [07/Aug/2020:10:46:00 +0800] "POST /xingrg/kc/buy/cgsh_order_operate.html HTTP/1.1" 200 37
117.131.5.26 - - [07/Aug/2020:10:46:00 +0800] "GET /xingrg/all/function/internal_message.html?_=1596768359709&CODE_STATE=getMsg HTTP/1.1" 200 27
117.184.7.26 - - [07/Aug/2020:10:46:00 +0800] "POST /xingrg/kc/buy/cgsh_order_operate.html HTTP/1.1" 200 3839
172.17.0.120 - - [07/Aug/2020:10:46:03 +0800] "GET /xingrg/check_reg.html?_=1596768359836 HTTP/1.1" 200 22
172.17.0.120 - - [07/Aug/2020:10:46:03 +0800] "GET /xingrg/all/function/internal_message.html?_=1596768359840&CODE_STATE=getMsg HTTP/1.1" 200 27
117.184.7.26 - - [07/Aug/2020:10:46:03 +0800] "GET /xingrg/kc/print/load_config.html?kc_code=cgsh HTTP/1.1" 200 1845
117.184.7.26 - - [07/Aug/2020:10:46:03 +0800] "GET /xingrg/kc/print/load_data.html?order_code=212020080702590&kc_code=cgsh&condition= HTTP/1.1" 200 1100
180.157.251.101 - - [07/Aug/2020:10:46:04 +0800] "GET /xingrg/all/function/internal_message.html?_=1596768368101&CODE_STATE=getMsg HTTP/1.1" 200 27
116.230.74.197 - - [07/Aug/2020:10:46:06 +0800] "GET /xingrg/all/function/internal_message.html?_=1596768355165&CODE_STATE=getMsg HTTP/1.1" 200 27
117.131.5.26 - - [07/Aug/2020:10:46:07 +0800] "GET /xingrg/all/function/internal_message.html?_=1596768647012&CODE_STATE=getMsg HTTP/1.1" 200 27
120.253.135.82 - - [07/Aug/2020:10:46:07 +0800] "GET /xingrg/all/function/internal_message.html?_=1596768485474&CODE_STATE=getMsg HTTP/1.1" 200 27
180.175.214.200 - - [07/Aug/2020:10:46:10 +0800] "GET /xingrg/all/function/internal_message.html?_=1596768572960&CODE_STATE=getMsg HTTP/1.1" 200 27
114.88.153.107 - - [07/Aug/2020:10:46:11 +0800] "GET /xingrg/kc/buy/cgsh_order_operate.html?command=get_materiel&rest_code=00141&code=00101001025&supplier_code=00100090&order_time=2020-08-07 HTTP/1.1" 200 419
117.184.7.26 - - [07/Aug/2020:10:46:14 +0800] "GET /xingrg/all/function/internal_message.html?_=1596768362648&CODE_STATE=getMsg HTTP/1.1" 302 -
222.69.136.250 - - [07/Aug/2020:10:46:15 +0800] "GET /xingrg/all/function/internal_message.html?_=1596768365837&CODE_STATE=getMsg HTTP/1.1" 200 27
114.89.80.44 - - [07/Aug/2020:10:46:16 +0800] "GET /xingrg/check_reg.html?_=1596768504803 HTTP/1.1" 200 22
114.89.80.44 - - [07/Aug/2020:10:46:16 +0800] "GET /xingrg/all/function/internal_message.html?_=1596768505078&CODE_STATE=getMsg HTTP/1.1" 200 27
117.184.7.30 - - [07/Aug/2020:10:46:16 +0800] "GET /xingrg/login.html HTTP/1.1" 200 7641
117.184.7.30 - - [07/Aug/2020:10:46:17 +0800] "GET /favicon.ico HTTP/1.1" 404 -
172.17.0.123 - - [07/Aug/2020:10:46:18 +0800] "GET /xingrg/all/function/internal_message.html?_=1596768300946&CODE_STATE=getMsg HTTP/1.1" 200 27
172.17.0.123 - - [07/Aug/2020:10:46:18 +0800] "GET /xingrg/check_reg.html?_=1596768300948 HTTP/1.1" 200 22
117.184.7.26 - - [07/Aug/2020:10:46:20 +0800] "GET /xingrg/index.html?sysBaseUrl=http%3A%2F%2F180.169.147.146%3A18081%2Fxingrg%2F&costTime=88×tamp=1596762312767 HTTP/1.1" 302 -
117.184.7.26 - - [07/Aug/2020:10:46:21 +0800] "GET /xingrg/login.html HTTP/1.1" 200 7641
117.184.7.26 - - [07/Aug/2020:10:46:21 +0800] "GET /xingrg/images/blue/jxLogo.png HTTP/1.1" 304 -
117.184.7.26 - - [07/Aug/2020:10:46:21 +0800] "GET /xingrg/images/blue/srbg.png HTTP/1.1" 304 -
117.184.7.26 - - [07/Aug/2020:10:46:21 +0800] "GET /xingrg/images/blue/hj.png HTTP/1.1" 304 -
117.184.7.26 - - [07/Aug/2020:10:46:21 +0800] "GET /xingrg/images/blue/login_bg.png HTTP/1.1" 304 -
172.17.200.101 - - [07/Aug/2020:10:46:22 +0800] "GET /xingrg/all/function/internal_message.html?_=1596768382284&CODE_STATE=getMsg HTTP/1.1" 200 27
114.88.161.57 - - [07/Aug/2020:10:46:23 +0800] "GET /xingrg/all/function/internal_message.html?_=1596768417665&CODE_STATE=getMsg HTTP/1.1" 200 27
117.184.7.26 - - [07/Aug/2020:10:46:23 +0800] "POST /xingrg/login.do HTTP/1.1" 302 -
117.184.7.26 - - [07/Aug/2020:10:46:23 +0800] "GET /xingrg/index.html?sysBaseUrl=http%3A%2F%2F180.169.147.146%3A18081%2Fxingrg%2F&costTime=47×tamp=1596768383373 HTTP/1.1" 200 17173
117.184.7.26 - - [07/Aug/2020:10:46:23 +0800] "GET /favicon.ico HTTP/1.1" 404 -
117.184.7.26 - - [07/Aug/2020:10:46:24 +0800] "POST /xingrg/all/common/load_tree.html?tree=area_rest_tree_json&manage=1 HTTP/1.1" 200 470
117.184.7.26 - - [07/Aug/2020:10:46:24 +0800] "GET /xingrg/check_reg.html?_=1596768372549 HTTP/1.1" 200 22
117.184.7.26 - - [07/Aug/2020:10:46:24 +0800] "GET /xingrg/all/function/internal_message.html?_=1596768372547&CODE_STATE=count HTTP/1.1" 200 11
117.184.7.26 - - [07/Aug/2020:10:46:24 +0800] "POST /xingrg/load_menu.html HTTP/1.1" 200 5138
117.184.7.26 - - [07/Aug/2020:10:46:25 +0800] "GET /xingrg/kc/buy/buy_main.html HTTP/1.1" 200 12412
117.184.7.26 - - [07/Aug/2020:10:46:25 +0800] "GET /xingrg/css/new_ie.css HTTP/1.1" 404 1036
117.184.7.26 - - [07/Aug/2020:10:46:26 +0800] "GET /xingrg/css/new_ie.css HTTP/1.1" 404 1036
117.184.7.26 - - [07/Aug/2020:10:46:26 +0800] "GET /xingrg/kc/buy/buy_main.html HTTP/1.1" 200 12412
117.184.7.26 - - [07/Aug/2020:10:46:26 +0800] "GET /xingrg/images/yd/bt.gif HTTP/1.1" 404 1040
117.184.7.26 - - [07/Aug/2020:10:46:27 +0800] "GET /xingrg/kc/buy/cgsh_order_list.html HTTP/1.1" 200 43641
183.192.164.97 - - [07/Aug/2020:10:46:28 +0800] "GET /xingrg/kc/buy/cgsh_order_operate.html?command=get_materiel&rest_code=00106&code=00101008352&supplier_code=00100007&order_time=2020-08-07 HTTP/1.1" 302 -
117.184.7.26 - - [07/Aug/2020:10:46:33 +0800] "POST /xingrg/kc/buy/cgsh_list_operate.html HTTP/1.1" 200 4187
116.233.74.136 - - [07/Aug/2020:10:46:33 +0800] "GET /xingrg/all/function/internal_message.html?_=1596768438148&CODE_STATE=getMsg HTTP/1.1" 200 27
116.235.241.164 - - [07/Aug/2020:10:46:34 +0800] "GET /xingrg/all/function/internal_message.html?_=1596768383630&CODE_STATE=getMsg HTTP/1.1" 200 27
117.184.7.26 - - [07/Aug/2020:10:46:34 +0800] "GET /xingrg/all/function/internal_message.html?_=1596768382832&CODE_STATE=getMsg HTTP/1.1" 200 27
183.192.164.97 - - [07/Aug/2020:10:46:35 +0800] "GET /xingrg/login.html HTTP/1.1" 200 7641
117.184.7.26 - - [07/Aug/2020:10:46:36 +0800] "POST /xingrg/kc/buy/cgsh_list_operate.html HTTP/1.1" 200 198
117.184.7.26 - - [07/Aug/2020:10:46:36 +0800] "GET /xingrg/kc/buy/cgsh_order_info.html?code=212020080702515 HTTP/1.1" 200 59353
117.184.7.26 - - [07/Aug/2020:10:46:36 +0800] "GET /xingrg/words/20200806164216_words.js HTTP/1.1" 304 -
117.184.7.26 - - [07/Aug/2020:10:46:36 +0800] "GET /xingrg/javascript/easyui/themes/default/validatebox.css HTTP/1.1" 404 1104
117.185.32.26 - - [07/Aug/2020:10:46:37 +0800] "GET /xingrg/all/function/internal_message.html?_=1596768827286&CODE_STATE=getMsg HTTP/1.1" 200 27
117.184.7.26 - - [07/Aug/2020:10:46:37 +0800] "POST /xingrg/kc/buy/cgsh_order_operate.html HTTP/1.1" 200 2652
172.17.0.123 - - [07/Aug/2020:10:46:37 +0800] "GET /xingrg/javascript/jquery_easy_ui/themes/default/images/tabs_active.png HTTP/1.1" 200 2894
116.235.241.164 - - [07/Aug/2020:10:46:38 +0800] "GET /xingrg/all/function/internal_message.html?_=1596768387814&CODE_STATE=getMsg HTTP/1.1" 200 27
116.235.241.164 - - [07/Aug/2020:10:46:38 +0800] "GET /xingrg/check_reg.html?_=1596768387815 HTTP/1.1" 200 22
172.17.0.240 - - [07/Aug/2020:10:46:41 +0800] "GET /xingrg/all/function/internal_message.html?_=1596768398048&CODE_STATE=getMsg HTTP/1.1" 200 27
117.184.7.26 - - [07/Aug/2020:10:46:43 +0800] "POST /xingrg/kc/buy/cgsh_list_operate.html HTTP/1.1" 200 345
114.88.153.107 - - [07/Aug/2020:10:46:44 +0800] "GET /xingrg/kc/buy/cgsh_order_operate.html?command=get_materiel&rest_code=00141&code=00101010051&supplier_code=00100090&order_time=2020-08-07 HTTP/1.1" 200 417
117.184.7.26 - - [07/Aug/2020:10:46:44 +0800] "GET /xingrg/kc/buy/cgsh_order_info.html?code=212020080702590 HTTP/1.1" 200 59351
117.184.7.30 - - [07/Aug/2020:10:46:44 +0800] "GET /xingrg/javascript/easyui/themes/default/validatebox.css HTTP/1.1" 404 1104
117.184.7.26 - - [07/Aug/2020:10:46:45 +0800] "POST /xingrg/kc/buy/cgsh_order_operate.html HTTP/1.1" 200 3839
117.184.7.26 - - [07/Aug/2020:10:46:46 +0800] "GET /xingrg/kc/print/load_data.html?order_code=212020080702590&kc_code=cgsh&condition= HTTP/1.1" 200 1100
114.89.80.44 - - [07/Aug/2020:10:46:46 +0800] "GET /xingrg/all/function/internal_message.html?_=1596768401872&CODE_STATE=getMsg HTTP/1.1" 200 27
120.253.135.82 - - [07/Aug/2020:10:46:47 +0800] "GET /xingrg/all/function/internal_message.html?_=1596768156728&CODE_STATE=getMsg HTTP/1.1" 200 27
120.204.17.68 - - [07/Aug/2020:10:46:47 +0800] "GET /xingrg/all/function/internal_message.html?_=1596767679439&CODE_STATE=getMsg HTTP/1.1" 302 -
172.17.0.102 - - [07/Aug/2020:10:46:49 +0800] "GET /xingrg/all/function/internal_message.html?_=1596768406633&CODE_STATE=getMsg HTTP/1.1" 200 27
180.152.230.204 - - [07/Aug/2020:10:46:51 +0800] "GET /xingrg/all/function/internal_message.html?_=1596767720883&CODE_STATE=getMsg HTTP/1.1" 200 27
117.185.32.26 - - [07/Aug/2020:10:46:51 +0800] "GET /xingrg/kc/buy/cgsh_order_operate.html?command=get_materiel&rest_code=00106&code=00101008300&supplier_code=00100007&order_time=2020-08-07 HTTP/1.1" 200 412
222.69.136.250 - - [07/Aug/2020:10:46:52 +0800] "GET /xingrg/login.html HTTP/1.1" 200 7641
114.88.153.107 - - [07/Aug/2020:10:46:52 +0800] "GET /xingrg/kc/buy/cgsh_order_operate.html?command=get_materiel&rest_code=00141&code=00101004065&supplier_code=00100090&order_time=2020-08-07 HTTP/1.1" 200 433
117.131.5.26 - - [07/Aug/2020:10:46:52 +0800] "GET /xingrg/check_reg.html?_=1596768786507 HTTP/1.1" 200 22
117.131.5.26 - - [07/Aug/2020:10:46:52 +0800] "GET /xingrg/all/function/internal_message.html?_=1596768786506&CODE_STATE=getMsg HTTP/1.1" 200 27
172.17.0.120 - - [07/Aug/2020:10:46:53 +0800] "POST /xingrg/all/user/operate.html HTTP/1.1" 200 36
172.17.0.120 - - [07/Aug/2020:10:46:53 +0800] "GET /xingrg/index.html?sysBaseUrl=http%3A%2F%2F172.17.0.8%3A18081%2Fxingrg%2F&costTime=38×tamp=1596763548064 HTTP/1.1" 200 17454
172.17.0.120 - - [07/Aug/2020:10:46:53 +0800] "GET /xingrg/javascript/jquery_easy_ui/themes/default/easyui.css HTTP/1.1" 304 -
172.17.0.120 - - [07/Aug/2020:10:46:53 +0800] "GET /xingrg/javascript/jquery_easy_ui/themes/icon.css HTTP/1.1" 304 -
172.17.0.120 - - [07/Aug/2020:10:46:53 +0800] "GET /xingrg/css/form.css HTTP/1.1" 304 -
172.17.0.120 - - [07/Aug/2020:10:46:53 +0800] "GET /xingrg/javascript/jquery-1.4.2.min.js HTTP/1.1" 304 -
172.17.0.120 - - [07/Aug/2020:10:46:53 +0800] "GET /xingrg/javascript/jquery_easy_ui/jquery.easyui.min.js HTTP/1.1" 304 -
172.17.0.120 - - [07/Aug/2020:10:46:53 +0800] "GET /xingrg/javascript/jquery_easy_ui/easyui-lang-zh_CN.js HTTP/1.1" 304 -
172.17.0.120 - - [07/Aug/2020:10:46:53 +0800] "GET /xingrg/javascript/jquery.form.js HTTP/1.1" 304 -
172.17.0.120 - - [07/Aug/2020:10:46:53 +0800] "GET /xingrg/javascript/jquery.utils.js HTTP/1.1" 304 -
172.17.0.120 - - [07/Aug/2020:10:46:53 +0800] "GET /xingrg/javascript/jquery.timers.js HTTP/1.1" 304 -
172.17.0.120 - - [07/Aug/2020:10:46:53 +0800] "GET /xingrg/images/blue/jxLogo.png HTTP/1.1" 304 -
172.17.0.120 - - [07/Aug/2020:10:46:53 +0800] "GET /xingrg/images/blue/navBackgound.jpg HTTP/1.1" 304 -
172.17.0.120 - - [07/Aug/2020:10:46:53 +0800] "GET /xingrg/javascript/jquery_easy_ui/themes/icons/settle_new.png HTTP/1.1" 304 -
172.17.0.120 - - [07/Aug/2020:10:46:53 +0800] "POST /xingrg/all/common/load_tree.html?tree=area_rest_tree_json&manage=1 HTTP/1.1" 200 3216
172.17.0.120 - - [07/Aug/2020:10:46:53 +0800] "GET /xingrg/all/function/internal_message.html?_=1596768410389&CODE_STATE=count HTTP/1.1" 200 11
172.17.0.120 - - [07/Aug/2020:10:46:53 +0800] "GET /xingrg/check_reg.html?_=1596768410391 HTTP/1.1" 200 22
172.17.0.120 - - [07/Aug/2020:10:46:53 +0800] "GET /xingrg/javascript/jquery_easy_ui/themes/default/images/panel_tool_expand.gif HTTP/1.1" 200 247
172.17.0.120 - - [07/Aug/2020:10:46:53 +0800] "GET /xingrg/javascript/jquery_easy_ui/themes/default/images/panel_tool_collapse.gif HTTP/1.1" 304 -
172.17.0.120 - - [07/Aug/2020:10:46:53 +0800] "GET /xingrg/javascript/jquery_easy_ui/themes/default/images/tabs_leftarrow.png HTTP/1.1" 304 -
172.17.0.120 - - [07/Aug/2020:10:46:53 +0800] "GET /xingrg/javascript/jquery_easy_ui/themes/default/images/tabs_rightarrow.png HTTP/1.1" 304 -
172.17.0.120 - - [07/Aug/2020:10:46:53 +0800] "GET /xingrg/images/blue/pingpu.png HTTP/1.1" 304 -
172.17.0.120 - - [07/Aug/2020:10:46:53 +0800] "POST /xingrg/load_menu.html HTTP/1.1" 200 9924
120.204.17.68 - - [07/Aug/2020:10:46:53 +0800] "GET /xingrg/login.html HTTP/1.1" 200 7641
117.185.32.26 - - [07/Aug/2020:10:46:55 +0800] "POST /xingrg/kc/buy/cgsh_order_operate.html HTTP/1.1" 200 2065
172.17.0.120 - - [07/Aug/2020:10:46:55 +0800] "GET /xingrg/kc/buy/buy_main.html HTTP/1.1" 200 12377
172.17.0.120 - - [07/Aug/2020:10:46:56 +0800] "GET /xingrg/css/new_ie.css HTTP/1.1" 404 1036
172.17.0.120 - - [07/Aug/2020:10:46:56 +0800] "GET /xingrg/images/yd/bt.gif HTTP/1.1" 404 1040
172.17.0.120 - - [07/Aug/2020:10:46:56 +0800] "GET /xingrg/kc/buy/cgsh_order_list.html HTTP/1.1" 200 43882
172.17.0.120 - - [07/Aug/2020:10:46:57 +0800] "POST /xingrg/kc/buy/cgsh_list_operate.html HTTP/1.1" 200 876
180.175.214.200 - - [07/Aug/2020:10:46:57 +0800] "GET /xingrg/check_reg.html?_=1596768620045 HTTP/1.1" 200 22
61.172.5.115 - - [07/Aug/2020:10:46:59 +0800] "GET /xingrg/all/function/internal_message.html?_=1596768415274&CODE_STATE=getMsg HTTP/1.1" 200 27
117.185.32.26 - - [07/Aug/2020:10:46:59 +0800] "GET /xingrg/all/function/internal_message.html?_=1596768413023&CODE_STATE=getMsg HTTP/1.1" 200 27
172.17.0.120 - - [07/Aug/2020:10:46:59 +0800] "GET /xingrg/javascript/jquery_tools/images/prev.gif HTTP/1.1" 404 1086
172.17.0.120 - - [07/Aug/2020:10:46:59 +0800] "GET /xingrg/javascript/jquery_tools/images/next.gif HTTP/1.1" 404 1086
117.185.32.26 - - [07/Aug/2020:10:46:59 +0800] "GET /xingrg/check_reg.html?_=1596768413248 HTTP/1.1" 200 22
114.88.153.107 - - [07/Aug/2020:10:46:59 +0800] "GET /xingrg/all/function/internal_message.html?_=1596768067097&CODE_STATE=getMsg HTTP/1.1" 200 27
117.131.5.26 - - [07/Aug/2020:10:47:00 +0800] "GET /xingrg/all/function/internal_message.html?_=1596768419709&CODE_STATE=getMsg HTTP/1.1" 200 27
172.17.0.120 - - [07/Aug/2020:10:47:03 +0800] "POST /xingrg/kc/buy/cgsh_list_operate.html HTTP/1.1" 200 5436
180.157.251.101 - - [07/Aug/2020:10:47:04 +0800] "GET /xingrg/all/function/internal_message.html?_=1596768428251&CODE_STATE=getMsg HTTP/1.1" 200 27
172.17.0.123 - - [07/Aug/2020:10:47:04 +0800] "GET /xingrg/javascript/jquery_easy_ui/themes/icons/area.png HTTP/1.1" 200 262
172.17.0.123 - - [07/Aug/2020:10:47:04 +0800] "GET /xingrg/javascript/jquery_easy_ui/themes/icons/manage.png HTTP/1.1" 200 696
