180.157.251.101 - - [07/Aug/2020:09:24:04 +0800] "GET /xingrg/javascript/pic_change.js HTTP/1.1" 304 -
180.157.251.101 - - [07/Aug/2020:09:24:04 +0800] "GET /xingrg/javascript/jquery_tools/jquery.tools.table.js HTTP/1.1" 304 -
180.157.251.101 - - [07/Aug/2020:09:24:04 +0800] "GET /xingrg/javascript/jquery_tools/jquery.tools.hotkey.js HTTP/1.1" 304 -
180.157.251.101 - - [07/Aug/2020:09:24:04 +0800] "GET /xingrg/javascript/auto/jquery.autocomplete.js HTTP/1.1" 304 -
180.157.251.101 - - [07/Aug/2020:09:24:04 +0800] "GET /xingrg/javascript/easyui/easyloader.js HTTP/1.1" 304 -
180.157.251.101 - - [07/Aug/2020:09:24:04 +0800] "GET /xingrg/javascript/jquery.utils.js HTTP/1.1" 304 -
180.157.251.101 - - [07/Aug/2020:09:24:04 +0800] "GET /xingrg/javascript/jquery_tools/order_manager.js HTTP/1.1" 304 -
180.157.251.101 - - [07/Aug/2020:09:24:04 +0800] "GET /xingrg/javascript/json2.js HTTP/1.1" 304 -
180.157.251.101 - - [07/Aug/2020:09:24:04 +0800] "GET /xingrg/javascript/jquery.cookie.js HTTP/1.1" 304 -
180.157.251.101 - - [07/Aug/2020:09:24:04 +0800] "GET /xingrg/javascript/print/kc_print.js HTTP/1.1" 304 -
180.157.251.101 - - [07/Aug/2020:09:24:04 +0800] "GET /xingrg/javascript/easyui/plugins/jquery.parser.js HTTP/1.1" 304 -
180.157.251.101 - - [07/Aug/2020:09:24:04 +0800] "GET /xingrg/javascript/print/LodopFuncs.js HTTP/1.1" 304 -
180.157.251.101 - - [07/Aug/2020:09:24:04 +0800] "GET /xingrg/words/20200806164216_words.js HTTP/1.1" 304 -
180.157.251.101 - - [07/Aug/2020:09:24:04 +0800] "GET /xingrg/javascript/easyui/plugins/jquery.validatebox.js HTTP/1.1" 304 -
180.157.251.101 - - [07/Aug/2020:09:24:04 +0800] "GET /xingrg/javascript/easyui/plugins/jquery.numberbox.js HTTP/1.1" 304 -
180.157.251.101 - - [07/Aug/2020:09:24:04 +0800] "GET /xingrg/javascript/convert.js HTTP/1.1" 304 -
218.81.217.115 - - [07/Aug/2020:09:24:08 +0800] "GET /xingrg/kc/buy/cgsh_order_operate.html?command=get_materiel&rest_code=00146&code=00101008350&supplier_code=00100005&order_time=2020-08-07 HTTP/1.1" 200 408
117.184.7.26 - - [07/Aug/2020:09:24:09 +0800] "POST /xingrg/kc/buy/cgsh_list_operate.html HTTP/1.1" 200 2770
117.184.7.26 - - [07/Aug/2020:09:24:14 +0800] "GET /xingrg/all/function/internal_message.html?_=1596763442513&CODE_STATE=getMsg HTTP/1.1" 200 27
222.69.136.250 - - [07/Aug/2020:09:24:14 +0800] "GET /xingrg/all/function/internal_message.html?_=1596763445669&CODE_STATE=getMsg HTTP/1.1" 200 27
218.81.217.115 - - [07/Aug/2020:09:24:19 +0800] "GET /xingrg/kc/buy/cgsh_order_operate.html?command=get_materiel&rest_code=00146&code=00101008112&supplier_code=00100005&order_time=2020-08-07 HTTP/1.1" 200 412
116.230.74.197 - - [07/Aug/2020:09:24:21 +0800] "GET /xingrg/kc/buy/cgsh_order_operate.html?command=get_materiel&rest_code=00107&code=00101008096&supplier_code=00100006&order_time=2020-08-07 HTTP/1.1" 200 412
172.17.200.101 - - [07/Aug/2020:09:24:22 +0800] "GET /xingrg/check_reg.html?_=1596763462184 HTTP/1.1" 200 22
172.17.200.101 - - [07/Aug/2020:09:24:22 +0800] "GET /xingrg/all/function/internal_message.html?_=1596763462188&CODE_STATE=getMsg HTTP/1.1" 200 27
116.230.74.197 - - [07/Aug/2020:09:24:24 +0800] "POST /xingrg/kc/buy/cgsh_order_operate.html HTTP/1.1" 200 2065
218.81.217.115 - - [07/Aug/2020:09:24:26 +0800] "GET /xingrg/kc/buy/cgsh_order_operate.html?command=get_materiel&rest_code=00146&code=00101008185&supplier_code=00100005&order_time=2020-08-07 HTTP/1.1" 200 408
218.81.217.115 - - [07/Aug/2020:09:24:30 +0800] "POST /xingrg/kc/buy/cgsh_order_operate.html HTTP/1.1" 200 2065
114.88.161.57 - - [07/Aug/2020:09:24:31 +0800] "GET /xingrg/all/function/internal_message.html?_=1596763505627&CODE_STATE=getMsg HTTP/1.1" 200 27
218.81.217.115 - - [07/Aug/2020:09:24:34 +0800] "GET /xingrg/all/function/internal_message.html?_=1596763491700&CODE_STATE=getMsg HTTP/1.1" 200 27
114.89.80.44 - - [07/Aug/2020:09:24:36 +0800] "GET /xingrg/kc/buy/cgsh_order_list.html HTTP/1.1" 200 43647
114.89.80.44 - - [07/Aug/2020:09:24:37 +0800] "POST /xingrg/kc/buy/cgsh_list_operate.html HTTP/1.1" 200 876
218.81.217.115 - - [07/Aug/2020:09:24:37 +0800] "GET /xingrg/kc/buy/cgsh_order_operate.html?command=get_materiel&rest_code=00146&code=00101008351&supplier_code=00100005&order_time=2020-08-07 HTTP/1.1" 200 408
114.89.80.44 - - [07/Aug/2020:09:24:38 +0800] "GET /xingrg/kc/buy/cgsh_order_add.html HTTP/1.1" 200 59303
114.89.80.44 - - [07/Aug/2020:09:24:38 +0800] "POST /xingrg/kc/buy/cgsh_order_operate.html HTTP/1.1" 200 8245
114.89.80.44 - - [07/Aug/2020:09:24:38 +0800] "GET /xingrg/javascript/easyui/themes/default/validatebox.css HTTP/1.1" 404 1104
114.89.80.44 - - [07/Aug/2020:09:24:41 +0800] "GET /xingrg/javascript/auto/indicator.gif HTTP/1.1" 404 1066
116.230.74.197 - - [07/Aug/2020:09:24:44 +0800] "GET /xingrg/kc/buy/cgsh_order_operate.html?command=get_materiel&rest_code=00107&code=00101008223&supplier_code=00100006&order_time=2020-08-07 HTTP/1.1" 200 412
172.17.0.185 - - [07/Aug/2020:09:24:45 +0800] "GET /xingrg/check_reg.html?_=1596763481162 HTTP/1.1" 200 22
116.230.74.197 - - [07/Aug/2020:09:24:45 +0800] "GET /xingrg/all/function/internal_message.html?_=1596763474434&CODE_STATE=getMsg HTTP/1.1" 200 27
218.81.217.115 - - [07/Aug/2020:09:24:46 +0800] "GET /xingrg/kc/buy/cgsh_order_operate.html?command=get_materiel&rest_code=00146&code=00101008110&supplier_code=00100005&order_time=2020-08-07 HTTP/1.1" 200 408
114.89.80.44 - - [07/Aug/2020:09:24:46 +0800] "GET /xingrg/kc/buy/cgsh_order_operate.html?command=get_materiel&rest_code=00150&code=00101008175&supplier_code=00100007&order_time=2020-08-07 HTTP/1.1" 200 412
172.17.0.102 - - [07/Aug/2020:09:24:47 +0800] "GET /xingrg/all/function/internal_message.html?_=1596763485098&CODE_STATE=getMsg HTTP/1.1" 200 27
116.235.241.164 - - [07/Aug/2020:09:24:52 +0800] "GET /xingrg/check_reg.html?_=1596763481834 HTTP/1.1" 200 22
117.131.5.26 - - [07/Aug/2020:09:24:52 +0800] "GET /xingrg/all/function/internal_message.html?_=1596763866462&CODE_STATE=getMsg HTTP/1.1" 200 27
114.89.80.44 - - [07/Aug/2020:09:24:54 +0800] "GET /xingrg/kc/buy/cgsh_order_operate.html?command=get_materiel&rest_code=00150&code=00101008176&supplier_code=00100007&order_time=2020-08-07 HTTP/1.1" 200 412
61.172.5.115 - - [07/Aug/2020:09:24:54 +0800] "GET /xingrg/kc/buy/cgsh_order_add.html HTTP/1.1" 200 59379
172.17.0.120 - - [07/Aug/2020:09:24:54 +0800] "GET /favicon.ico HTTP/1.1" 404 -
114.89.80.44 - - [07/Aug/2020:09:24:55 +0800] "GET /xingrg/all/function/internal_message.html?_=1596763624259&CODE_STATE=getMsg HTTP/1.1" 200 27
61.172.5.115 - - [07/Aug/2020:09:24:55 +0800] "GET /xingrg/javascript/easyui/themes/default/validatebox.css HTTP/1.1" 404 1104
61.172.5.115 - - [07/Aug/2020:09:24:55 +0800] "POST /xingrg/kc/buy/cgsh_order_operate.html HTTP/1.1" 200 8245
114.89.80.44 - - [07/Aug/2020:09:24:58 +0800] "GET /xingrg/all/function/internal_message.html?_=1596763493992&CODE_STATE=getMsg HTTP/1.1" 200 27
61.172.5.115 - - [07/Aug/2020:09:24:59 +0800] "GET /xingrg/all/function/internal_message.html?_=1596763495558&CODE_STATE=getMsg HTTP/1.1" 200 27
117.131.5.26 - - [07/Aug/2020:09:25:00 +0800] "GET /xingrg/all/function/internal_message.html?_=1596763780052&CODE_STATE=getMsg HTTP/1.1" 200 27
117.131.5.26 - - [07/Aug/2020:09:25:00 +0800] "GET /xingrg/all/function/internal_message.html?_=1596763499428&CODE_STATE=getMsg HTTP/1.1" 200 27
116.230.74.197 - - [07/Aug/2020:09:25:01 +0800] "POST /xingrg/kc/buy/cgsh_order_operate.html HTTP/1.1" 200 37
180.157.251.101 - - [07/Aug/2020:09:25:01 +0800] "GET /xingrg/all/function/internal_message.html?_=1596763505238&CODE_STATE=getMsg HTTP/1.1" 200 27
114.89.80.44 - - [07/Aug/2020:09:25:01 +0800] "GET /xingrg/kc/buy/cgsh_order_operate.html?command=get_materiel&rest_code=00150&code=00101008091&supplier_code=00100007&order_time=2020-08-07 HTTP/1.1" 200 412
116.230.74.197 - - [07/Aug/2020:09:25:02 +0800] "POST /xingrg/kc/buy/cgsh_order_operate.html HTTP/1.1" 200 41087
218.81.217.115 - - [07/Aug/2020:09:25:04 +0800] "GET /xingrg/kc/buy/cgsh_order_operate.html?command=get_materiel&rest_code=00146&code=00101008358&supplier_code=00100005&order_time=2020-08-07 HTTP/1.1" 200 412
114.89.80.44 - - [07/Aug/2020:09:25:10 +0800] "GET /xingrg/kc/buy/cgsh_order_operate.html?command=get_materiel&rest_code=00150&code=00101008257&supplier_code=00100007&order_time=2020-08-07 HTTP/1.1" 200 416
218.81.217.115 - - [07/Aug/2020:09:25:11 +0800] "GET /xingrg/kc/buy/cgsh_order_operate.html?command=get_materiel&rest_code=00146&code=00101008163&supplier_code=00100005&order_time=2020-08-07 HTTP/1.1" 200 408
116.230.74.197 - - [07/Aug/2020:09:25:11 +0800] "GET /xingrg/kc/buy/cgsh_order_operate.html?command=get_materiel&rest_code=00107&code=00101008168&supplier_code=00100006&order_time=2020-08-07 HTTP/1.1" 200 413
58.221.95.50 - - [07/Aug/2020:09:25:13 +0800] "GET /xingrg/check_reg.html?_=1596763636107 HTTP/1.1" 302 -
218.81.217.115 - - [07/Aug/2020:09:25:13 +0800] "POST /xingrg/kc/buy/cgsh_order_operate.html HTTP/1.1" 200 2065
117.184.7.26 - - [07/Aug/2020:09:25:14 +0800] "GET /xingrg/all/function/internal_message.html?_=1596763502507&CODE_STATE=getMsg HTTP/1.1" 200 27
117.184.7.26 - - [07/Aug/2020:09:25:14 +0800] "GET /xingrg/check_reg.html?_=1596763502511 HTTP/1.1" 200 22
222.69.136.250 - - [07/Aug/2020:09:25:14 +0800] "GET /xingrg/all/function/internal_message.html?_=1596763505665&CODE_STATE=getMsg HTTP/1.1" 200 27
114.89.80.44 - - [07/Aug/2020:09:25:19 +0800] "GET /xingrg/kc/buy/cgsh_order_operate.html?command=get_materiel&rest_code=00150&code=00101008244&supplier_code=00100007&order_time=2020-08-07 HTTP/1.1" 200 408
218.81.217.115 - - [07/Aug/2020:09:25:19 +0800] "GET /xingrg/kc/buy/cgsh_order_operate.html?command=get_materiel&rest_code=00146&code=00101008361&supplier_code=00100005&order_time=2020-08-07 HTTP/1.1" 200 408
116.230.74.197 - - [07/Aug/2020:09:25:20 +0800] "GET /xingrg/kc/buy/cgsh_order_operate.html?command=get_materiel&rest_code=00107&code=00101008114&supplier_code=00100006&order_time=2020-08-07 HTTP/1.1" 200 412
172.17.200.101 - - [07/Aug/2020:09:25:22 +0800] "GET /xingrg/all/function/internal_message.html?_=1596763522174&CODE_STATE=getMsg HTTP/1.1" 200 27
114.88.161.57 - - [07/Aug/2020:09:25:31 +0800] "GET /xingrg/all/function/internal_message.html?_=1596763565617&CODE_STATE=getMsg HTTP/1.1" 200 27
218.81.217.115 - - [07/Aug/2020:09:25:34 +0800] "GET /xingrg/all/function/internal_message.html?_=1596763551714&CODE_STATE=getMsg HTTP/1.1" 200 27
116.230.74.197 - - [07/Aug/2020:09:25:35 +0800] "GET /xingrg/kc/buy/cgsh_order_operate.html?command=get_materiel&rest_code=00107&code=00101009016&supplier_code=00100006&order_time=2020-08-07 HTTP/1.1" 200 412
61.172.5.115 - - [07/Aug/2020:09:25:37 +0800] "GET /xingrg/kc/buy/cgsh_order_list.html HTTP/1.1" 200 43641
61.172.5.115 - - [07/Aug/2020:09:25:40 +0800] "POST /xingrg/kc/buy/cgsh_list_operate.html HTTP/1.1" 200 2407
172.17.0.120 - - [07/Aug/2020:09:25:41 +0800] "GET /xingrg/index.html HTTP/1.1" 302 -
172.17.0.120 - - [07/Aug/2020:09:25:41 +0800] "GET /xingrg/login.html HTTP/1.1" 200 7636
172.17.0.120 - - [07/Aug/2020:09:25:41 +0800] "GET /favicon.ico HTTP/1.1" 404 -
116.230.74.197 - - [07/Aug/2020:09:25:45 +0800] "GET /xingrg/all/function/internal_message.html?_=1596763534592&CODE_STATE=getMsg HTTP/1.1" 200 27
116.230.74.197 - - [07/Aug/2020:09:25:45 +0800] "GET /xingrg/check_reg.html?_=1596763534597 HTTP/1.1" 200 22
172.17.0.102 - - [07/Aug/2020:09:25:47 +0800] "GET /xingrg/all/function/internal_message.html?_=1596763545111&CODE_STATE=getMsg HTTP/1.1" 200 27
172.17.0.120 - - [07/Aug/2020:09:25:48 +0800] "POST /xingrg/login.do HTTP/1.1" 302 -
172.17.0.120 - - [07/Aug/2020:09:25:48 +0800] "GET /xingrg/index.html?sysBaseUrl=http%3A%2F%2F172.17.0.8%3A18081%2Fxingrg%2F&costTime=38×tamp=1596763548064 HTTP/1.1" 200 17448
172.17.0.120 - - [07/Aug/2020:09:25:48 +0800] "GET /favicon.ico HTTP/1.1" 404 -
172.17.0.120 - - [07/Aug/2020:09:25:48 +0800] "POST /xingrg/all/common/load_tree.html?tree=area_rest_tree_json&manage=1 HTTP/1.1" 200 3216
172.17.0.120 - - [07/Aug/2020:09:25:48 +0800] "GET /xingrg/all/function/internal_message.html?_=1596763550226&CODE_STATE=count HTTP/1.1" 200 11
172.17.0.120 - - [07/Aug/2020:09:25:48 +0800] "GET /xingrg/check_reg.html?_=1596763550227 HTTP/1.1" 200 22
172.17.0.120 - - [07/Aug/2020:09:25:48 +0800] "POST /xingrg/load_menu.html HTTP/1.1" 200 11408
172.17.0.120 - - [07/Aug/2020:09:25:50 +0800] "POST /xingrg/all/user/operate.html HTTP/1.1" 200 36
116.230.74.197 - - [07/Aug/2020:09:25:50 +0800] "GET /xingrg/kc/buy/cgsh_order_operate.html?command=get_materiel&rest_code=00107&code=00101009013&supplier_code=00100006&order_time=2020-08-07 HTTP/1.1" 200 422
172.17.0.120 - - [07/Aug/2020:09:25:50 +0800] "GET /xingrg/index.html?sysBaseUrl=http%3A%2F%2F172.17.0.8%3A18081%2Fxingrg%2F&costTime=38×tamp=1596763548064 HTTP/1.1" 200 17448
172.17.0.120 - - [07/Aug/2020:09:25:50 +0800] "GET /xingrg/javascript/jquery_easy_ui/themes/default/easyui.css HTTP/1.1" 304 -
172.17.0.120 - - [07/Aug/2020:09:25:50 +0800] "GET /xingrg/javascript/jquery_easy_ui/themes/icon.css HTTP/1.1" 304 -
172.17.0.120 - - [07/Aug/2020:09:25:50 +0800] "GET /xingrg/css/form.css HTTP/1.1" 304 -
172.17.0.120 - - [07/Aug/2020:09:25:50 +0800] "GET /xingrg/javascript/jquery-1.4.2.min.js HTTP/1.1" 304 -
172.17.0.120 - - [07/Aug/2020:09:25:50 +0800] "GET /xingrg/javascript/jquery_easy_ui/jquery.easyui.min.js HTTP/1.1" 304 -
172.17.0.120 - - [07/Aug/2020:09:25:50 +0800] "GET /xingrg/javascript/jquery_easy_ui/easyui-lang-zh_CN.js HTTP/1.1" 304 -
172.17.0.120 - - [07/Aug/2020:09:25:50 +0800] "GET /xingrg/javascript/jquery.form.js HTTP/1.1" 304 -
172.17.0.120 - - [07/Aug/2020:09:25:50 +0800] "GET /xingrg/javascript/jquery.utils.js HTTP/1.1" 304 -
172.17.0.120 - - [07/Aug/2020:09:25:50 +0800] "GET /xingrg/javascript/jquery.timers.js HTTP/1.1" 304 -
172.17.0.120 - - [07/Aug/2020:09:25:50 +0800] "GET /xingrg/images/blue/jxLogo.png HTTP/1.1" 304 -
172.17.0.120 - - [07/Aug/2020:09:25:50 +0800] "GET /xingrg/images/blue/navBackgound.jpg HTTP/1.1" 304 -
172.17.0.120 - - [07/Aug/2020:09:25:50 +0800] "GET /xingrg/javascript/jquery_easy_ui/themes/icons/settle_new.png HTTP/1.1" 304 -
172.17.0.120 - - [07/Aug/2020:09:25:50 +0800] "POST /xingrg/all/common/load_tree.html?tree=area_rest_tree_json&manage=1 HTTP/1.1" 200 3216
172.17.0.120 - - [07/Aug/2020:09:25:51 +0800] "GET /xingrg/all/function/internal_message.html?_=1596763552791&CODE_STATE=count HTTP/1.1" 200 11
172.17.0.120 - - [07/Aug/2020:09:25:51 +0800] "GET /xingrg/check_reg.html?_=1596763552793 HTTP/1.1" 200 22
172.17.0.120 - - [07/Aug/2020:09:25:51 +0800] "GET /xingrg/javascript/jquery_easy_ui/themes/default/images/tabs_leftarrow.png HTTP/1.1" 304 -
172.17.0.120 - - [07/Aug/2020:09:25:51 +0800] "GET /xingrg/javascript/jquery_easy_ui/themes/default/images/panel_tool_expand.gif HTTP/1.1" 304 -
172.17.0.120 - - [07/Aug/2020:09:25:51 +0800] "GET /xingrg/javascript/jquery_easy_ui/themes/default/images/panel_tool_collapse.gif HTTP/1.1" 304 -
172.17.0.120 - - [07/Aug/2020:09:25:51 +0800] "GET /xingrg/javascript/jquery_easy_ui/themes/default/images/tabs_rightarrow.png HTTP/1.1" 304 -
172.17.0.120 - - [07/Aug/2020:09:25:51 +0800] "GET /xingrg/images/blue/pingpu.png HTTP/1.1" 304 -
172.17.0.120 - - [07/Aug/2020:09:25:51 +0800] "POST /xingrg/load_menu.html HTTP/1.1" 200 9924
218.81.217.115 - - [07/Aug/2020:09:25:51 +0800] "GET /xingrg/kc/buy/cgsh_order_operate.html?command=get_materiel&rest_code=00146&code=00101008148&supplier_code=00100005&order_time=2020-08-07 HTTP/1.1" 200 416
117.131.5.26 - - [07/Aug/2020:09:25:52 +0800] "GET /xingrg/all/function/internal_message.html?_=1596763926464&CODE_STATE=getMsg HTTP/1.1" 200 27
172.17.0.120 - - [07/Aug/2020:09:25:53 +0800] "GET /xingrg/kc/base/base_main.html HTTP/1.1" 200 12132
172.17.0.120 - - [07/Aug/2020:09:25:53 +0800] "GET /xingrg/kc/buy/buy_main.html HTTP/1.1" 200 12377
172.17.0.120 - - [07/Aug/2020:09:25:53 +0800] "GET /xingrg/css/new_ie.css HTTP/1.1" 404 1036
172.17.0.120 - - [07/Aug/2020:09:25:54 +0800] "GET /xingrg/images/yd/bt.gif HTTP/1.1" 404 1040
172.17.0.120 - - [07/Aug/2020:09:25:54 +0800] "GET /xingrg/kc/buy/cgsh_order_list.html HTTP/1.1" 200 43876
116.230.74.197 - - [07/Aug/2020:09:25:55 +0800] "POST /xingrg/kc/buy/cgsh_order_operate.html HTTP/1.1" 200 2065
114.89.80.44 - - [07/Aug/2020:09:25:55 +0800] "GET /xingrg/check_reg.html?_=1596763684070 HTTP/1.1" 200 22
114.89.80.44 - - [07/Aug/2020:09:25:55 +0800] "GET /xingrg/all/function/internal_message.html?_=1596763684274&CODE_STATE=getMsg HTTP/1.1" 200 27
172.17.0.120 - - [07/Aug/2020:09:25:55 +0800] "POST /xingrg/kc/buy/cgsh_list_operate.html HTTP/1.1" 200 876
114.89.80.44 - - [07/Aug/2020:09:25:58 +0800] "GET /xingrg/all/function/internal_message.html?_=1596763553991&CODE_STATE=getMsg HTTP/1.1" 200 27
61.172.5.115 - - [07/Aug/2020:09:25:59 +0800] "GET /xingrg/all/function/internal_message.html?_=1596763555530&CODE_STATE=getMsg HTTP/1.1" 200 27
172.17.0.120 - - [07/Aug/2020:09:25:59 +0800] "POST /xingrg/kc/buy/cgsh_list_operate.html HTTP/1.1" 200 5833
117.131.5.26 - - [07/Aug/2020:09:26:00 +0800] "GET /xingrg/all/function/internal_message.html?_=1596763840065&CODE_STATE=getMsg HTTP/1.1" 200 27
117.131.5.26 - - [07/Aug/2020:09:26:00 +0800] "GET /xingrg/all/function/internal_message.html?_=1596763559443&CODE_STATE=getMsg HTTP/1.1" 200 27
180.157.251.101 - - [07/Aug/2020:09:26:01 +0800] "GET /xingrg/all/function/internal_message.html?_=1596763565253&CODE_STATE=getMsg HTTP/1.1" 200 27
116.230.74.197 - - [07/Aug/2020:09:26:02 +0800] "GET /xingrg/kc/buy/cgsh_order_operate.html?command=get_materiel&rest_code=00107&code=00101009011&supplier_code=00100006&order_time=2020-08-07 HTTP/1.1" 200 416
172.17.0.120 - - [07/Aug/2020:09:26:02 +0800] "GET /xingrg/javascript/jquery_tools/images/next.gif HTTP/1.1" 404 1086
172.17.0.120 - - [07/Aug/2020:09:26:02 +0800] "GET /xingrg/javascript/jquery_tools/images/prev.gif HTTP/1.1" 404 1086
172.17.0.120 - - [07/Aug/2020:09:26:05 +0800] "POST /xingrg/kc/buy/cgsh_list_operate.html HTTP/1.1" 200 876
114.89.80.44 - - [07/Aug/2020:09:26:10 +0800] "GET /xingrg/kc/buy/cgsh_order_operate.html?command=get_materiel&rest_code=00150&code=00101008354&supplier_code=00100007&order_time=2020-08-07 HTTP/1.1" 200 412
172.17.0.120 - - [07/Aug/2020:09:26:11 +0800] "POST /xingrg/kc/buy/cgsh_list_operate.html HTTP/1.1" 200 3981
218.81.217.115 - - [07/Aug/2020:09:26:13 +0800] "GET /xingrg/kc/buy/cgsh_order_operate.html?command=get_materiel&rest_code=00146&code=00101008137&supplier_code=00100005&order_time=2020-08-07 HTTP/1.1" 200 408
117.184.7.26 - - [07/Aug/2020:09:26:14 +0800] "GET /xingrg/all/function/internal_message.html?_=1596763562515&CODE_STATE=getMsg HTTP/1.1" 200 27
116.230.74.197 - - [07/Aug/2020:09:26:14 +0800] "GET /xingrg/kc/buy/cgsh_order_operate.html?command=get_materiel&rest_code=00107&code=00101015046&supplier_code=00100006&order_time=2020-08-07 HTTP/1.1" 200 413
222.69.136.250 - - [07/Aug/2020:09:26:14 +0800] "GET /xingrg/all/function/internal_message.html?_=1596763565665&CODE_STATE=getMsg HTTP/1.1" 200 27
114.89.80.44 - - [07/Aug/2020:09:26:15 +0800] "GET /xingrg/kc/buy/cgsh_order_operate.html?command=get_materiel&rest_code=00150&code=00101008351&supplier_code=00100007&order_time=2020-08-07 HTTP/1.1" 200 408
218.81.217.115 - - [07/Aug/2020:09:26:19 +0800] "POST /xingrg/kc/buy/cgsh_order_operate.html HTTP/1.1" 200 2065
172.17.200.101 - - [07/Aug/2020:09:26:22 +0800] "GET /xingrg/all/function/internal_message.html?_=1596763582175&CODE_STATE=getMsg HTTP/1.1" 200 27
114.89.80.44 - - [07/Aug/2020:09:26:23 +0800] "GET /xingrg/kc/buy/cgsh_order_operate.html?command=get_materiel&rest_code=00150&code=00101008038&supplier_code=00100007&order_time=2020-08-07 HTTP/1.1" 200 412
218.81.217.115 - - [07/Aug/2020:09:26:24 +0800] "GET /xingrg/kc/buy/cgsh_order_operate.html?command=get_materiel&rest_code=00146&code=00101008360&supplier_code=00100005&order_time=2020-08-07 HTTP/1.1" 200 412
116.233.74.136 - - [07/Aug/2020:09:26:24 +0800] "GET /xingrg/login.html HTTP/1.1" 200 7641
116.233.74.136 - - [07/Aug/2020:09:26:24 +0800] "GET /xingrg/images/blue/jxLogo.png HTTP/1.1" 304 -
116.233.74.136 - - [07/Aug/2020:09:26:24 +0800] "GET /xingrg/images/blue/login_bg.png HTTP/1.1" 304 -
116.233.74.136 - - [07/Aug/2020:09:26:24 +0800] "GET /xingrg/images/blue/hj.png HTTP/1.1" 304 -
116.233.74.136 - - [07/Aug/2020:09:26:24 +0800] "GET /xingrg/images/blue/srbg.png HTTP/1.1" 304 -
114.89.80.44 - - [07/Aug/2020:09:26:28 +0800] "GET /xingrg/kc/buy/cgsh_order_operate.html?command=get_materiel&rest_code=00150&code=00101008199&supplier_code=00100007&order_time=2020-08-07 HTTP/1.1" 200 408
114.88.161.57 - - [07/Aug/2020:09:26:31 +0800] "GET /xingrg/check_reg.html?_=1596763625618 HTTP/1.1" 200 22
114.88.161.57 - - [07/Aug/2020:09:26:31 +0800] "GET /xingrg/all/function/internal_message.html?_=1596763625621&CODE_STATE=getMsg HTTP/1.1" 200 27
116.233.74.136 - - [07/Aug/2020:09:26:33 +0800] "POST /xingrg/login.do HTTP/1.1" 302 -
116.233.74.136 - - [07/Aug/2020:09:26:33 +0800] "GET /xingrg/index.html?sysBaseUrl=http%3A%2F%2F180.169.147.146%3A18081%2Fxingrg%2F&costTime=51×tamp=1596763593094 HTTP/1.1" 200 17173
116.233.74.136 - - [07/Aug/2020:09:26:33 +0800] "GET /xingrg/javascript/jquery_easy_ui/themes/default/easyui.css HTTP/1.1" 304 -
116.233.74.136 - - [07/Aug/2020:09:26:33 +0800] "GET /xingrg/css/form.css HTTP/1.1" 304 -
116.233.74.136 - - [07/Aug/2020:09:26:33 +0800] "GET /xingrg/javascript/jquery_easy_ui/themes/icon.css HTTP/1.1" 304 -
116.233.74.136 - - [07/Aug/2020:09:26:33 +0800] "GET /xingrg/javascript/jquery_easy_ui/easyui-lang-zh_CN.js HTTP/1.1" 304 -
116.233.74.136 - - [07/Aug/2020:09:26:33 +0800] "GET /xingrg/javascript/jquery_easy_ui/jquery.easyui.min.js HTTP/1.1" 304 -
116.233.74.136 - - [07/Aug/2020:09:26:33 +0800] "GET /xingrg/javascript/jquery-1.4.2.min.js HTTP/1.1" 304 -
116.233.74.136 - - [07/Aug/2020:09:26:33 +0800] "GET /xingrg/javascript/jquery.form.js HTTP/1.1" 304 -
116.233.74.136 - - [07/Aug/2020:09:26:33 +0800] "GET /xingrg/javascript/jquery.utils.js HTTP/1.1" 304 -
116.233.74.136 - - [07/Aug/2020:09:26:33 +0800] "GET /xingrg/javascript/jquery.timers.js HTTP/1.1" 304 -
116.233.74.136 - - [07/Aug/2020:09:26:33 +0800] "GET /xingrg/images/blue/navBackgound.jpg HTTP/1.1" 304 -
116.233.74.136 - - [07/Aug/2020:09:26:33 +0800] "GET /xingrg/javascript/jquery_easy_ui/themes/icons/settle_new.png HTTP/1.1" 304 -
116.233.74.136 - - [07/Aug/2020:09:26:33 +0800] "POST /xingrg/all/common/load_tree.html?tree=area_rest_tree_json&manage=1 HTTP/1.1" 200 342
116.233.74.136 - - [07/Aug/2020:09:26:33 +0800] "GET /xingrg/images/blue/pingpu.png HTTP/1.1" 304 -
116.233.74.136 - - [07/Aug/2020:09:26:33 +0800] "GET /xingrg/javascript/jquery_easy_ui/themes/default/images/tabs_leftarrow.png HTTP/1.1" 304 -
116.233.74.136 - - [07/Aug/2020:09:26:33 +0800] "GET /xingrg/javascript/jquery_easy_ui/themes/default/images/tabs_rightarrow.png HTTP/1.1" 304 -
116.233.74.136 - - [07/Aug/2020:09:26:33 +0800] "GET /xingrg/javascript/jquery_easy_ui/themes/default/images/panel_tool_collapse.gif HTTP/1.1" 304 -
116.233.74.136 - - [07/Aug/2020:09:26:33 +0800] "GET /xingrg/all/function/internal_message.html?_=1596763644062&CODE_STATE=count HTTP/1.1" 200 11
116.233.74.136 - - [07/Aug/2020:09:26:33 +0800] "GET /xingrg/check_reg.html?_=1596763644062 HTTP/1.1" 200 22
116.233.74.136 - - [07/Aug/2020:09:26:33 +0800] "GET /xingrg/javascript/jquery_easy_ui/themes/default/images/tree_arrows.gif HTTP/1.1" 304 -
116.233.74.136 - - [07/Aug/2020:09:26:33 +0800] "POST /xingrg/load_menu.html HTTP/1.1" 200 5138
116.230.74.197 - - [07/Aug/2020:09:26:33 +0800] "GET /xingrg/kc/buy/cgsh_order_operate.html?command=get_materiel&rest_code=00107&code=00101015062&supplier_code=00100006&order_time=2020-08-07 HTTP/1.1" 200 412
116.233.74.136 - - [07/Aug/2020:09:26:33 +0800] "GET /xingrg/javascript/jquery_easy_ui/themes/default/images/tree_folder_open.gif HTTP/1.1" 304 -
116.233.74.136 - - [07/Aug/2020:09:26:33 +0800] "GET /xingrg/javascript/jquery_easy_ui/themes/icons/search_new.png HTTP/1.1" 304 -
116.233.74.136 - - [07/Aug/2020:09:26:33 +0800] "GET /xingrg/javascript/jquery_easy_ui/themes/default/images/tree_folder.gif HTTP/1.1" 304 -
116.233.74.136 - - [07/Aug/2020:09:26:33 +0800] "GET /xingrg/javascript/jquery_easy_ui/themes/icons/storage_new.png HTTP/1.1" 304 -
116.233.74.136 - - [07/Aug/2020:09:26:33 +0800] "GET /xingrg/javascript/jquery_easy_ui/themes/icons/forms_new.png HTTP/1.1" 304 -
116.233.74.136 - - [07/Aug/2020:09:26:33 +0800] "GET /xingrg/javascript/jquery_easy_ui/themes/default/images/tree_file.gif HTTP/1.1" 304 -
218.81.217.115 - - [07/Aug/2020:09:26:34 +0800] "GET /xingrg/all/function/internal_message.html?_=1596763611757&CODE_STATE=getMsg HTTP/1.1" 200 27
114.89.80.44 - - [07/Aug/2020:09:26:35 +0800] "GET /xingrg/kc/buy/cgsh_order_operate.html?command=get_materiel&rest_code=00150&code=00101008163&supplier_code=00100007&order_time=2020-08-07 HTTP/1.1" 200 408
116.233.74.136 - - [07/Aug/2020:09:26:35 +0800] "GET /xingrg/javascript/jquery_easy_ui/themes/default/images/tabs_close.gif HTTP/1.1" 304 -
116.233.74.136 - - [07/Aug/2020:09:26:35 +0800] "GET /xingrg/kc/buy/buy_main.html HTTP/1.1" 200 12412
116.233.74.136 - - [07/Aug/2020:09:26:35 +0800] "GET /xingrg/css/blue.css HTTP/1.1" 304 -
116.233.74.136 - - [07/Aug/2020:09:26:35 +0800] "GET /xingrg/css/new_ie.css HTTP/1.1" 404 1036
116.233.74.136 - - [07/Aug/2020:09:26:35 +0800] "GET /xingrg/javascript/jquery_ui/themes/humanity/humanity.css HTTP/1.1" 304 -
116.233.74.136 - - [07/Aug/2020:09:26:35 +0800] "GET /xingrg/javascript/pic_change.js HTTP/1.1" 304 -
116.233.74.136 - - [07/Aug/2020:09:26:35 +0800] "GET /xingrg/javascript/myfunction.js HTTP/1.1" 304 -
116.233.74.136 - - [07/Aug/2020:09:26:35 +0800] "GET /xingrg/javascript/ToolTips.js HTTP/1.1" 304 -
116.233.74.136 - - [07/Aug/2020:09:26:35 +0800] "GET /xingrg/javascript/jquery_ui/jquery-ui.min.js HTTP/1.1" 304 -
116.233.74.136 - - [07/Aug/2020:09:26:35 +0800] "GET /xingrg/images/blue/button/cgxqd.gif HTTP/1.1" 304 -
116.233.74.136 - - [07/Aug/2020:09:26:35 +0800] "GET /xingrg/images/blue/button/cgydd.gif HTTP/1.1" 304 -
116.233.74.136 - - [07/Aug/2020:09:26:35 +0800] "GET /xingrg/images/blue/button/cgshd.gif HTTP/1.1" 304 -
116.233.74.136 - - [07/Aug/2020:09:26:35 +0800] "GET /xingrg/images/blue/button/cgfkd.gif HTTP/1.1" 304 -
116.233.74.136 - - [07/Aug/2020:09:26:35 +0800] "GET /xingrg/images/blue/button/kc.gif HTTP/1.1" 304 -
116.233.74.136 - - [07/Aug/2020:09:26:35 +0800] "GET /xingrg/images/blue/button/ckthd.gif HTTP/1.1" 304 -
116.233.74.136 - - [07/Aug/2020:09:26:35 +0800] "GET /xingrg/images/blue/pic_form2.gif HTTP/1.1" 304 -
116.233.74.136 - - [07/Aug/2020:09:26:35 +0800] "GET /xingrg/images/blue/button/right_ah.jpg HTTP/1.1" 304 -
116.233.74.136 - - [07/Aug/2020:09:26:35 +0800] "GET /xingrg/images/blue/button/down_ah.jpg HTTP/1.1" 304 -
116.233.74.136 - - [07/Aug/2020:09:26:35 +0800] "GET /xingrg/javascript/jquery_ui/themes/humanity/images/ui-bg_inset-soft_100_f4f0ec_1x100.png HTTP/1.1" 304 -
116.233.74.136 - - [07/Aug/2020:09:26:35 +0800] "GET /xingrg/images/blue/bg_dotted.jpg HTTP/1.1" 304 -
116.233.74.136 - - [07/Aug/2020:09:26:35 +0800] "GET /xingrg/javascript/jquery_ui/themes/humanity/images/ui-iconsnew.jpg HTTP/1.1" 304 -
116.233.74.136 - - [07/Aug/2020:09:26:35 +0800] "GET /xingrg/javascript/jquery_ui/themes/humanity/images/ui-icons_ffffff_256x240.png HTTP/1.1" 304 -
116.233.74.136 - - [07/Aug/2020:09:26:35 +0800] "GET /xingrg/javascript/jquery_ui/themes/humanity/images/ui-icons_c47a23_256x240.png HTTP/1.1" 304 -
116.233.74.136 - - [07/Aug/2020:09:26:35 +0800] "GET /xingrg/javascript/jquery_ui/themes/humanity/images/ui-bg_glass_70_ede4d4_1x400.png HTTP/1.1" 304 -
116.233.74.136 - - [07/Aug/2020:09:26:35 +0800] "GET /xingrg/images/yd/bt.gif HTTP/1.1" 404 1040
116.233.74.136 - - [07/Aug/2020:09:26:36 +0800] "GET /xingrg/css/base.css HTTP/1.1" 304 -
116.233.74.136 - - [07/Aug/2020:09:26:36 +0800] "GET /xingrg/kc/buy/cgsh_order_list.html HTTP/1.1" 200 43641
116.233.74.136 - - [07/Aug/2020:09:26:36 +0800] "GET /xingrg/css/site.css HTTP/1.1" 304 -
116.233.74.136 - - [07/Aug/2020:09:26:36 +0800] "GET /xingrg/javascript/jquery_tools/datebox.css HTTP/1.1" 304 -
116.233.74.136 - - [07/Aug/2020:09:26:36 +0800] "GET /xingrg/javascript/easyui/themes/default/easyui.css HTTP/1.1" 304 -
116.233.74.136 - - [07/Aug/2020:09:26:36 +0800] "GET /xingrg/javascript/easyui/themes/icon.css HTTP/1.1" 304 -
116.233.74.136 - - [07/Aug/2020:09:26:36 +0800] "GET /xingrg/javascript/auto/jquery.autocomplete.css HTTP/1.1" 304 -
116.233.74.136 - - [07/Aug/2020:09:26:36 +0800] "GET /xingrg/javascript/jquery_tools/fix.css HTTP/1.1" 304 -
116.233.74.136 - - [07/Aug/2020:09:26:36 +0800] "GET /xingrg/javascript/jquery_tools/table.css HTTP/1.1" 304 -
116.233.74.136 - - [07/Aug/2020:09:26:36 +0800] "GET /xingrg/javascript/jquery_tools/jquery.tools.min.js HTTP/1.1" 304 -
116.233.74.136 - - [07/Aug/2020:09:26:36 +0800] "GET /xingrg/javascript/jquery_tools/jquery.tools.extend.js HTTP/1.1" 304 -
116.233.74.136 - - [07/Aug/2020:09:26:36 +0800] "GET /xingrg/javascript/jquery_tools/jquery.tools.hotkey.js HTTP/1.1" 304 -
116.233.74.136 - - [07/Aug/2020:09:26:36 +0800] "GET /xingrg/javascript/jquery_tools/jquery.tools.table.js HTTP/1.1" 304 -
116.233.74.136 - - [07/Aug/2020:09:26:36 +0800] "GET /xingrg/javascript/jquery_tools/list_manager.js HTTP/1.1" 304 -
116.233.74.136 - - [07/Aug/2020:09:26:36 +0800] "GET /xingrg/javascript/easyui/easyloader.js HTTP/1.1" 304 -
116.233.74.136 - - [07/Aug/2020:09:26:36 +0800] "GET /xingrg/javascript/jquery.cookie.js HTTP/1.1" 304 -
116.233.74.136 - - [07/Aug/2020:09:26:36 +0800] "GET /xingrg/javascript/auto/jquery.autocomplete.js HTTP/1.1" 304 -
116.233.74.136 - - [07/Aug/2020:09:26:36 +0800] "GET /xingrg/javascript/print/LodopFuncs.js HTTP/1.1" 304 -
218.81.217.115 - - [07/Aug/2020:09:26:37 +0800] "GET /xingrg/kc/buy/cgsh_order_operate.html?command=get_materiel&rest_code=00146&code=00101008197&supplier_code=00100005&order_time=2020-08-07 HTTP/1.1" 200 416
116.233.74.136 - - [07/Aug/2020:09:26:37 +0800] "GET /xingrg/javascript/easyui/themes/icons/edit_add_new.png HTTP/1.1" 304 -
116.233.74.136 - - [07/Aug/2020:09:26:37 +0800] "GET /xingrg/javascript/easyui/themes/icons/cance_new.png HTTP/1.1" 304 -
116.233.74.136 - - [07/Aug/2020:09:26:37 +0800] "GET /xingrg/javascript/easyui/themes/icons/check_new.png HTTP/1.1" 304 -
116.233.74.136 - - [07/Aug/2020:09:26:37 +0800] "GET /xingrg/javascript/easyui/themes/icons/field_new.png HTTP/1.1" 304 -
116.233.74.136 - - [07/Aug/2020:09:26:37 +0800] "GET /xingrg/javascript/easyui/themes/icons/import_new.png HTTP/1.1" 304 -
116.233.74.136 - - [07/Aug/2020:09:26:37 +0800] "GET /xingrg/javascript/easyui/plugins/jquery.parser.js HTTP/1.1" 304 -
116.233.74.136 - - [07/Aug/2020:09:26:37 +0800] "GET /xingrg/images/control/ajaxLoader.gif HTTP/1.1" 304 -
116.233.74.136 - - [07/Aug/2020:09:26:38 +0800] "POST /xingrg/kc/buy/cgsh_list_operate.html HTTP/1.1" 200 876
116.233.74.136 - - [07/Aug/2020:09:26:40 +0800] "GET /xingrg/index.html?sysBaseUrl=http%3A%2F%2F180.169.147.146%3A18081%2Fxingrg%2F&costTime=51×tamp=1596763593094 HTTP/1.1" 200 17173
114.89.80.44 - - [07/Aug/2020:09:26:41 +0800] "GET /xingrg/kc/buy/cgsh_order_operate.html?command=get_materiel&rest_code=00150&code=00101008087&supplier_code=00100007&order_time=2020-08-07 HTTP/1.1" 200 412
116.233.74.136 - - [07/Aug/2020:09:26:41 +0800] "POST /xingrg/all/common/load_tree.html?tree=area_rest_tree_json&manage=1 HTTP/1.1" 200 342
116.233.74.136 - - [07/Aug/2020:09:26:41 +0800] "GET /xingrg/all/function/internal_message.html?_=1596763652020&CODE_STATE=count HTTP/1.1" 200 11
116.233.74.136 - - [07/Aug/2020:09:26:41 +0800] "GET /xingrg/check_reg.html?_=1596763652021 HTTP/1.1" 200 22
116.233.74.136 - - [07/Aug/2020:09:26:41 +0800] "POST /xingrg/load_menu.html HTTP/1.1" 200 5138
116.233.74.136 - - [07/Aug/2020:09:26:44 +0800] "GET /xingrg/kc/buy/buy_main.html HTTP/1.1" 200 12412
116.233.74.136 - - [07/Aug/2020:09:26:44 +0800] "GET /xingrg/css/new_ie.css HTTP/1.1" 404 1036
116.233.74.136 - - [07/Aug/2020:09:26:45 +0800] "GET /xingrg/kc/buy/cgsh_order_list.html HTTP/1.1" 200 43641
116.230.74.197 - - [07/Aug/2020:09:26:45 +0800] "GET /xingrg/all/function/internal_message.html?_=1596763594590&CODE_STATE=getMsg HTTP/1.1" 200 27
116.233.74.136 - - [07/Aug/2020:09:26:46 +0800] "POST /xingrg/kc/buy/cgsh_list_operate.html HTTP/1.1" 200 876
114.89.80.44 - - [07/Aug/2020:09:26:46 +0800] "GET /xingrg/kc/buy/cgsh_order_operate.html?command=get_materiel&rest_code=00150&code=00101008355&supplier_code=00100007&order_time=2020-08-07 HTTP/1.1" 200 408
172.17.0.102 - - [07/Aug/2020:09:26:47 +0800] "GET /xingrg/all/function/internal_message.html?_=1596763605104&CODE_STATE=getMsg HTTP/1.1" 200 27
116.230.74.197 - - [07/Aug/2020:09:26:49 +0800] "GET /xingrg/kc/buy/cgsh_order_operate.html?command=get_materiel&rest_code=00107&code=00101015033&supplier_code=00100006&order_time=2020-08-07 HTTP/1.1" 200 408
172.17.0.120 - - [07/Aug/2020:09:26:51 +0800] "GET /xingrg/all/function/internal_message.html?_=1596763612796&CODE_STATE=getMsg HTTP/1.1" 200 27
117.131.5.26 - - [07/Aug/2020:09:26:52 +0800] "GET /xingrg/check_reg.html?_=1596763986465 HTTP/1.1" 200 22
117.131.5.26 - - [07/Aug/2020:09:26:52 +0800] "GET /xingrg/all/function/internal_message.html?_=1596763986466&CODE_STATE=getMsg HTTP/1.1" 200 27
114.89.80.44 - - [07/Aug/2020:09:26:55 +0800] "GET /xingrg/kc/buy/cgsh_order_operate.html?command=get_materiel&rest_code=00150&code=00101008264&supplier_code=00100007&order_time=2020-08-07 HTTP/1.1" 200 412
114.89.80.44 - - [07/Aug/2020:09:26:55 +0800] "GET /xingrg/all/function/internal_message.html?_=1596763744312&CODE_STATE=getMsg HTTP/1.1" 200 27
114.89.80.44 - - [07/Aug/2020:09:26:58 +0800] "GET /xingrg/all/function/internal_message.html?_=1596763614014&CODE_STATE=getMsg HTTP/1.1" 200 27
61.172.5.115 - - [07/Aug/2020:09:26:59 +0800] "GET /xingrg/all/function/internal_message.html?_=1596763615505&CODE_STATE=getMsg HTTP/1.1" 200 27
117.131.5.26 - - [07/Aug/2020:09:27:00 +0800] "GET /xingrg/all/function/internal_message.html?_=1596763900376&CODE_STATE=getMsg HTTP/1.1" 200 27
117.131.5.26 - - [07/Aug/2020:09:27:00 +0800] "GET /xingrg/all/function/internal_message.html?_=1596763619443&CODE_STATE=getMsg HTTP/1.1" 200 27
116.233.74.136 - - [07/Aug/2020:09:27:00 +0800] "GET /xingrg/javascript/jquery_tools/images/prev.gif HTTP/1.1" 404 1086
116.233.74.136 - - [07/Aug/2020:09:27:00 +0800] "GET /xingrg/javascript/jquery_tools/images/next.gif HTTP/1.1" 404 1086
114.89.80.44 - - [07/Aug/2020:09:27:01 +0800] "GET /xingrg/kc/buy/cgsh_order_operate.html?command=get_materiel&rest_code=00150&code=00101008300&supplier_code=00100007&order_time=2020-08-07 HTTP/1.1" 200 412
180.157.251.101 - - [07/Aug/2020:09:27:01 +0800] "GET /xingrg/all/function/internal_message.html?_=1596763625322&CODE_STATE=getMsg HTTP/1.1" 200 27
116.230.74.197 - - [07/Aug/2020:09:27:04 +0800] "GET /xingrg/kc/buy/cgsh_order_operate.html?command=get_materiel&rest_code=00107&code=00101008364&supplier_code=00100006&order_time=2020-08-07 HTTP/1.1" 200 413
114.89.80.44 - - [07/Aug/2020:09:27:07 +0800] "GET /xingrg/kc/buy/cgsh_order_operate.html?command=get_materiel&rest_code=00150&code=00101008360&supplier_code=00100007&order_time=2020-08-07 HTTP/1.1" 200 412
116.233.74.136 - - [07/Aug/2020:09:27:08 +0800] "POST /xingrg/kc/buy/cgsh_list_operate.html HTTP/1.1" 200 5408
117.184.7.26 - - [07/Aug/2020:09:27:14 +0800] "GET /xingrg/all/function/internal_message.html?_=1596763622515&CODE_STATE=getMsg HTTP/1.1" 200 27
114.89.80.44 - - [07/Aug/2020:09:27:14 +0800] "GET /xingrg/kc/buy/cgsh_order_operate.html?command=get_materiel&rest_code=00150&code=00101008270&supplier_code=00100007&order_time=2020-08-07 HTTP/1.1" 200 412
222.69.136.250 - - [07/Aug/2020:09:27:14 +0800] "GET /xingrg/all/function/internal_message.html?_=1596763625667&CODE_STATE=getMsg HTTP/1.1" 200 27
222.69.136.250 - - [07/Aug/2020:09:27:14 +0800] "GET /xingrg/check_reg.html?_=1596763625668 HTTP/1.1" 200 22
218.81.217.115 - - [07/Aug/2020:09:27:16 +0800] "GET /xingrg/kc/buy/cgsh_order_operate.html?command=get_materiel&rest_code=00146&code=00101008069&supplier_code=00100005&order_time=2020-08-07 HTTP/1.1" 200 412
116.230.74.197 - - [07/Aug/2020:09:27:18 +0800] "POST /xingrg/kc/buy/cgsh_order_operate.html HTTP/1.1" 200 2065
114.89.80.44 - - [07/Aug/2020:09:27:20 +0800] "GET /xingrg/kc/buy/cgsh_order_operate.html?command=get_materiel&rest_code=00150&code=00101008357&supplier_code=00100007&order_time=2020-08-07 HTTP/1.1" 200 408
172.17.200.101 - - [07/Aug/2020:09:27:22 +0800] "GET /xingrg/all/function/internal_message.html?_=1596763642184&CODE_STATE=getMsg HTTP/1.1" 200 27
218.81.217.115 - - [07/Aug/2020:09:27:23 +0800] "POST /xingrg/kc/buy/cgsh_order_operate.html HTTP/1.1" 200 2065
114.89.80.44 - - [07/Aug/2020:09:27:26 +0800] "GET /xingrg/kc/buy/cgsh_order_operate.html?command=get_materiel&rest_code=00150&code=00101008286&supplier_code=00100007&order_time=2020-08-07 HTTP/1.1" 200 408
61.172.5.115 - - [07/Aug/2020:09:27:28 +0800] "POST /xingrg/kc/buy/cgsh_list_operate.html HTTP/1.1" 200 568
114.88.161.57 - - [07/Aug/2020:09:27:31 +0800] "GET /xingrg/all/function/internal_message.html?_=1596763685621&CODE_STATE=getMsg HTTP/1.1" 200 27
114.89.80.44 - - [07/Aug/2020:09:27:31 +0800] "GET /xingrg/kc/buy/cgsh_order_operate.html?command=get_materiel&rest_code=00150&code=00101008036&supplier_code=00100007&order_time=2020-08-07 HTTP/1.1" 200 408
114.88.153.107 - - [07/Aug/2020:09:27:33 +0800] "GET /xingrg/check_reg.html?_=1596763647684 HTTP/1.1" 200 22
116.233.74.136 - - [07/Aug/2020:09:27:34 +0800] "POST /xingrg/kc/buy/cgsh_list_operate.html HTTP/1.1" 200 8727
218.81.217.115 - - [07/Aug/2020:09:27:34 +0800] "GET /xingrg/all/function/internal_message.html?_=1596763671772&CODE_STATE=getMsg HTTP/1.1" 200 27
218.81.217.115 - - [07/Aug/2020:09:27:36 +0800] "GET /xingrg/kc/buy/cgsh_order_operate.html?command=get_materiel&rest_code=00146&code=00101008036&supplier_code=00100005&order_time=2020-08-07 HTTP/1.1" 200 408
116.233.74.136 - - [07/Aug/2020:09:27:36 +0800] "POST /xingrg/kc/buy/cgsh_list_operate.html HTTP/1.1" 200 578
114.89.80.44 - - [07/Aug/2020:09:27:37 +0800] "GET /xingrg/kc/buy/cgsh_order_operate.html?command=get_materiel&rest_code=00150&code=00101008296&supplier_code=00100007&order_time=2020-08-07 HTTP/1.1" 200 416
116.233.74.136 - - [07/Aug/2020:09:27:38 +0800] "POST /xingrg/kc/buy/cgsh_list_operate.html HTTP/1.1" 200 567
116.233.74.136 - - [07/Aug/2020:09:27:38 +0800] "GET /xingrg/all/function/internal_message.html?_=1596763712012&CODE_STATE=getMsg HTTP/1.1" 200 27
61.172.5.115 - - [07/Aug/2020:09:27:39 +0800] "GET /xingrg/kc/buy/cgsh_order_info.html?code=212020080702530 HTTP/1.1" 200 59382
61.172.5.115 - - [07/Aug/2020:09:27:39 +0800] "GET /xingrg/javascript/easyui/themes/default/validatebox.css HTTP/1.1" 404 1104
114.89.80.44 - - [07/Aug/2020:09:27:39 +0800] "POST /xingrg/kc/buy/cgsh_order_operate.html HTTP/1.1" 200 2065
61.172.5.115 - - [07/Aug/2020:09:27:39 +0800] "POST /xingrg/kc/buy/cgsh_order_operate.html HTTP/1.1" 200 46953
116.233.74.136 - - [07/Aug/2020:09:27:40 +0800] "POST /xingrg/kc/buy/cgsh_list_operate.html HTTP/1.1" 200 416
116.233.74.136 - - [07/Aug/2020:09:27:42 +0800] "POST /xingrg/kc/buy/cgsh_list_operate.html HTTP/1.1" 200 569
116.233.74.136 - - [07/Aug/2020:09:27:43 +0800] "POST /xingrg/kc/buy/cgsh_list_operate.html HTTP/1.1" 200 573
116.233.74.136 - - [07/Aug/2020:09:27:45 +0800] "POST /xingrg/kc/buy/cgsh_list_operate.html HTTP/1.1" 200 567
116.230.74.197 - - [07/Aug/2020:09:27:45 +0800] "GET /xingrg/all/function/internal_message.html?_=1596763654551&CODE_STATE=getMsg HTTP/1.1" 200 27
116.233.74.136 - - [07/Aug/2020:09:27:46 +0800] "POST /xingrg/kc/buy/cgsh_list_operate.html HTTP/1.1" 200 498
172.17.0.102 - - [07/Aug/2020:09:27:47 +0800] "GET /xingrg/all/function/internal_message.html?_=1596763665140&CODE_STATE=getMsg HTTP/1.1" 200 27
114.89.80.44 - - [07/Aug/2020:09:27:47 +0800] "GET /xingrg/kc/buy/cgsh_order_operate.html?command=get_materiel&rest_code=00150&code=00101008318&supplier_code=00100007&order_time=2020-08-07 HTTP/1.1" 200 408
116.233.74.136 - - [07/Aug/2020:09:27:48 +0800] "POST /xingrg/kc/buy/cgsh_list_operate.html HTTP/1.1" 200 503
116.233.74.136 - - [07/Aug/2020:09:27:49 +0800] "POST /xingrg/kc/buy/cgsh_list_operate.html HTTP/1.1" 200 567
172.17.0.120 - - [07/Aug/2020:09:27:51 +0800] "GET /xingrg/all/function/internal_message.html?_=1596763672809&CODE_STATE=getMsg HTTP/1.1" 200 27
116.233.74.136 - - [07/Aug/2020:09:27:51 +0800] "POST /xingrg/kc/buy/cgsh_list_operate.html HTTP/1.1" 200 569
117.131.5.26 - - [07/Aug/2020:09:27:52 +0800] "GET /xingrg/all/function/internal_message.html?_=1596764046477&CODE_STATE=getMsg HTTP/1.1" 200 27
114.89.80.44 - - [07/Aug/2020:09:27:52 +0800] "GET /xingrg/kc/buy/cgsh_order_operate.html?command=get_materiel&rest_code=00150&code=00101008271&supplier_code=00100007&order_time=2020-08-07 HTTP/1.1" 200 408
116.233.74.136 - - [07/Aug/2020:09:27:52 +0800] "POST /xingrg/kc/buy/cgsh_list_operate.html HTTP/1.1" 200 572
116.233.74.136 - - [07/Aug/2020:09:27:54 +0800] "POST /xingrg/kc/buy/cgsh_list_operate.html HTTP/1.1" 200 498
114.89.80.44 - - [07/Aug/2020:09:27:55 +0800] "GET /xingrg/all/function/internal_message.html?_=1596763804316&CODE_STATE=getMsg HTTP/1.1" 200 27
116.233.74.136 - - [07/Aug/2020:09:27:56 +0800] "POST /xingrg/kc/buy/cgsh_list_operate.html HTTP/1.1" 200 503
114.89.80.44 - - [07/Aug/2020:09:27:58 +0800] "GET /xingrg/kc/buy/cgsh_order_operate.html?command=get_materiel&rest_code=00150&code=00101008353&supplier_code=00100007&order_time=2020-08-07 HTTP/1.1" 200 408
116.233.74.136 - - [07/Aug/2020:09:27:58 +0800] "POST /xingrg/kc/buy/cgsh_list_operate.html HTTP/1.1" 200 567
114.89.80.44 - - [07/Aug/2020:09:27:59 +0800] "GET /xingrg/check_reg.html?_=1596763674028 HTTP/1.1" 200 22
114.89.80.44 - - [07/Aug/2020:09:27:59 +0800] "GET /xingrg/all/function/internal_message.html?_=1596763674029&CODE_STATE=getMsg HTTP/1.1" 200 27
61.172.5.115 - - [07/Aug/2020:09:27:59 +0800] "GET /xingrg/check_reg.html?_=1596763675268 HTTP/1.1" 200 22
61.172.5.115 - - [07/Aug/2020:09:27:59 +0800] "GET /xingrg/all/function/internal_message.html?_=1596763675480&CODE_STATE=getMsg HTTP/1.1" 200 27
117.131.5.26 - - [07/Aug/2020:09:28:00 +0800] "GET /xingrg/check_reg.html?_=1596763678850 HTTP/1.1" 200 22
117.131.5.26 - - [07/Aug/2020:09:28:00 +0800] "GET /xingrg/all/function/internal_message.html?_=1596763960400&CODE_STATE=getMsg HTTP/1.1" 200 27
116.233.74.136 - - [07/Aug/2020:09:28:00 +0800] "POST /xingrg/kc/buy/cgsh_list_operate.html HTTP/1.1" 200 572
117.131.5.26 - - [07/Aug/2020:09:28:00 +0800] "GET /xingrg/all/function/internal_message.html?_=1596763679443&CODE_STATE=getMsg HTTP/1.1" 200 27
180.157.251.101 - - [07/Aug/2020:09:28:01 +0800] "GET /xingrg/all/function/internal_message.html?_=1596763685325&CODE_STATE=getMsg HTTP/1.1" 200 27
116.233.74.136 - - [07/Aug/2020:09:28:02 +0800] "POST /xingrg/kc/buy/cgsh_list_operate.html HTTP/1.1" 200 561
116.233.74.136 - - [07/Aug/2020:09:28:03 +0800] "POST /xingrg/kc/buy/cgsh_list_operate.html HTTP/1.1" 200 489
218.81.217.115 - - [07/Aug/2020:09:28:05 +0800] "GET /xingrg/check_reg.html?_=1596763669598 HTTP/1.1" 200 22
116.233.74.136 - - [07/Aug/2020:09:28:05 +0800] "POST /xingrg/kc/buy/cgsh_list_operate.html HTTP/1.1" 200 564
114.89.80.44 - - [07/Aug/2020:09:28:05 +0800] "GET /xingrg/kc/buy/cgsh_order_operate.html?command=get_materiel&rest_code=00150&code=00101008312&supplier_code=00100007&order_time=2020-08-07 HTTP/1.1" 200 412
116.233.74.136 - - [07/Aug/2020:09:28:07 +0800] "POST /xingrg/kc/buy/cgsh_list_operate.html HTTP/1.1" 200 563
218.81.217.115 - - [07/Aug/2020:09:28:10 +0800] "GET /xingrg/kc/buy/cgsh_order_operate.html?command=get_materiel&rest_code=00146&code=00101008233&supplier_code=00100005&order_time=2020-08-07 HTTP/1.1" 200 408
116.230.74.197 - - [07/Aug/2020:09:28:11 +0800] "GET /xingrg/kc/buy/cgsh_order_operate.html?command=get_materiel&rest_code=00107&code=00101008115&supplier_code=00100006&order_time=2020-08-07 HTTP/1.1" 200 412
117.184.7.26 - - [07/Aug/2020:09:28:14 +0800] "GET /xingrg/all/function/internal_message.html?_=1596763682515&CODE_STATE=getMsg HTTP/1.1" 200 27
222.69.136.250 - - [07/Aug/2020:09:28:14 +0800] "GET /xingrg/all/function/internal_message.html?_=1596763685668&CODE_STATE=getMsg HTTP/1.1" 200 27
114.89.80.44 - - [07/Aug/2020:09:28:15 +0800] "GET /xingrg/kc/buy/cgsh_order_operate.html?command=get_materiel&rest_code=00150&code=00101008095&supplier_code=00100007&order_time=2020-08-07 HTTP/1.1" 200 412
114.89.80.44 - - [07/Aug/2020:09:28:17 +0800] "POST /xingrg/kc/buy/cgsh_order_operate.html HTTP/1.1" 200 2065
172.17.200.101 - - [07/Aug/2020:09:28:22 +0800] "GET /xingrg/all/function/internal_message.html?_=1596763702186&CODE_STATE=getMsg HTTP/1.1" 200 27
114.89.80.44 - - [07/Aug/2020:09:28:22 +0800] "GET /xingrg/kc/buy/cgsh_order_operate.html?command=get_materiel&rest_code=00150&code=00101008229&supplier_code=00100007&order_time=2020-08-07 HTTP/1.1" 200 420
116.233.74.136 - - [07/Aug/2020:09:28:25 +0800] "POST /xingrg/kc/buy/cgsh_list_operate.html HTTP/1.1" 200 5503
218.81.217.115 - - [07/Aug/2020:09:28:27 +0800] "POST /xingrg/kc/buy/cgsh_order_operate.html HTTP/1.1" 200 37
218.81.217.115 - - [07/Aug/2020:09:28:29 +0800] "POST /xingrg/kc/buy/cgsh_order_operate.html HTTP/1.1" 200 33418
114.89.80.44 - - [07/Aug/2020:09:28:29 +0800] "GET /xingrg/kc/buy/cgsh_order_operate.html?command=get_materiel&rest_code=00150&code=00101008221&supplier_code=00100007&order_time=2020-08-07 HTTP/1.1" 200 412
116.230.74.197 - - [07/Aug/2020:09:28:30 +0800] "POST /xingrg/kc/buy/cgsh_order_operate.html HTTP/1.1" 200 2065
114.88.161.57 - - [07/Aug/2020:09:28:31 +0800] "GET /xingrg/all/function/internal_message.html?_=1596763745621&CODE_STATE=getMsg HTTP/1.1" 200 27
218.81.217.115 - - [07/Aug/2020:09:28:34 +0800] "GET /xingrg/check_reg.html?_=1596763731320 HTTP/1.1" 200 22
218.81.217.115 - - [07/Aug/2020:09:28:34 +0800] "GET /xingrg/all/function/internal_message.html?_=1596763731786&CODE_STATE=getMsg HTTP/1.1" 200 27
116.233.74.136 - - [07/Aug/2020:09:28:36 +0800] "GET /xingrg/all/function/internal_message.html?_=1596763772031&CODE_STATE=getMsg HTTP/1.1" 200 27
116.230.74.197 - - [07/Aug/2020:09:28:38 +0800] "POST /xingrg/kc/buy/cgsh_order_operate.html HTTP/1.1" 200 37
114.89.80.44 - - [07/Aug/2020:09:28:38 +0800] "GET /xingrg/kc/buy/cgsh_order_operate.html?command=get_materiel&rest_code=00150&code=00101008101&supplier_code=00100007&order_time=2020-08-07 HTTP/1.1" 200 23
116.230.74.197 - - [07/Aug/2020:09:28:40 +0800] "POST /xingrg/kc/buy/cgsh_order_operate.html HTTP/1.1" 200 49376
114.89.80.44 - - [07/Aug/2020:09:28:42 +0800] "POST /xingrg/kc/buy/cgsh_order_operate.html HTTP/1.1" 200 37
114.89.80.44 - - [07/Aug/2020:09:28:43 +0800] "POST /xingrg/kc/buy/cgsh_order_operate.html HTTP/1.1" 200 18029
180.157.251.101 - - [07/Aug/2020:09:28:44 +0800] "GET /xingrg/javascript/easyui/themes/default/images/button_plain_hover.png HTTP/1.1" 304 -
116.230.74.197 - - [07/Aug/2020:09:28:45 +0800] "GET /xingrg/all/function/internal_message.html?_=1596763714544&CODE_STATE=getMsg HTTP/1.1" 200 27
116.233.74.136 - - [07/Aug/2020:09:28:47 +0800] "POST /xingrg/kc/buy/cgsh_list_operate.html HTTP/1.1" 200 490
172.17.0.102 - - [07/Aug/2020:09:28:47 +0800] "GET /xingrg/check_reg.html?_=1596763725133 HTTP/1.1" 200 22
172.17.0.102 - - [07/Aug/2020:09:28:47 +0800] "GET /xingrg/all/function/internal_message.html?_=1596763725136&CODE_STATE=getMsg HTTP/1.1" 200 27
180.157.251.101 - - [07/Aug/2020:09:28:50 +0800] "GET /xingrg/kc/buy/cgsh_order_operate.html?command=get_materiel&rest_code=00148&code=00101006161&supplier_code=00100036&order_time=2020-08-07 HTTP/1.1" 200 409
172.17.0.120 - - [07/Aug/2020:09:28:51 +0800] "GET /xingrg/all/function/internal_message.html?_=1596763732799&CODE_STATE=getMsg HTTP/1.1" 200 27
114.89.80.44 - - [07/Aug/2020:09:28:52 +0800] "GET /xingrg/login.html HTTP/1.1" 200 7641
114.89.80.44 - - [07/Aug/2020:09:28:52 +0800] "GET /favicon.ico HTTP/1.1" 404 -
117.131.5.26 - - [07/Aug/2020:09:28:52 +0800] "GET /xingrg/all/function/internal_message.html?_=1596764106471&CODE_STATE=getMsg HTTP/1.1" 200 27
114.89.80.44 - - [07/Aug/2020:09:28:55 +0800] "GET /xingrg/all/function/internal_message.html?_=1596763864347&CODE_STATE=getMsg HTTP/1.1" 200 27
180.157.251.101 - - [07/Aug/2020:09:28:56 +0800] "GET /xingrg/javascript/easyui/themes/default/images/button_plain_hover.png HTTP/1.1" 304 -
180.157.251.101 - - [07/Aug/2020:09:28:57 +0800] "POST /xingrg/kc/buy/cgsh_order_operate.html HTTP/1.1" 200 37
180.157.251.101 - - [07/Aug/2020:09:28:58 +0800] "POST /xingrg/kc/buy/cgsh_order_operate.html HTTP/1.1" 200 2654
117.131.5.26 - - [07/Aug/2020:09:28:58 +0800] "GET /xingrg/check_reg.html?_=1596764018806 HTTP/1.1" 200 22
61.172.5.115 - - [07/Aug/2020:09:28:59 +0800] "GET /xingrg/all/function/internal_message.html?_=1596763735453&CODE_STATE=getMsg HTTP/1.1" 200 27
180.157.251.101 - - [07/Aug/2020:09:28:59 +0800] "GET /xingrg/kc/buy/cgsh_order_list.html HTTP/1.1" 200 43647
180.157.251.101 - - [07/Aug/2020:09:28:59 +0800] "GET /xingrg/css/base.css HTTP/1.1" 304 -
180.157.251.101 - - [07/Aug/2020:09:28:59 +0800] "GET /xingrg/css/site.css HTTP/1.1" 304 -
180.157.251.101 - - [07/Aug/2020:09:28:59 +0800] "GET /xingrg/javascript/jquery_tools/datebox.css HTTP/1.1" 304 -
180.157.251.101 - - [07/Aug/2020:09:28:59 +0800] "GET /xingrg/javascript/jquery_tools/jquery.tools.extend.js HTTP/1.1" 304 -
180.157.251.101 - - [07/Aug/2020:09:28:59 +0800] "GET /xingrg/javascript/easyui/themes/default/easyui.css HTTP/1.1" 304 -
180.157.251.101 - - [07/Aug/2020:09:28:59 +0800] "GET /xingrg/javascript/easyui/themes/icon.css HTTP/1.1" 304 -
180.157.251.101 - - [07/Aug/2020:09:28:59 +0800] "GET /xingrg/javascript/auto/jquery.autocomplete.css HTTP/1.1" 304 -
