222.69.136.250 - - [07/Aug/2020:10:35:24 +0800] "GET /xingrg/javascript/easyui/themes/default/validatebox.css HTTP/1.1" 404 1104
222.69.136.250 - - [07/Aug/2020:10:35:24 +0800] "POST /xingrg/kc/base/wldb_order_operate.html HTTP/1.1" 200 2178
222.69.136.250 - - [07/Aug/2020:10:35:26 +0800] "GET /xingrg/kc/base/wldb_order_add.html HTTP/1.1" 200 30373
222.69.136.250 - - [07/Aug/2020:10:35:27 +0800] "GET /xingrg/javascript/easyui/themes/default/validatebox.css HTTP/1.1" 404 1104
222.69.136.250 - - [07/Aug/2020:10:35:27 +0800] "POST /xingrg/kc/base/wldb_order_operate.html HTTP/1.1" 200 6806
117.184.7.26 - - [07/Aug/2020:10:35:33 +0800] "GET /xingrg/all/function/internal_message.html?_=1596767722048&CODE_STATE=getMsg HTTP/1.1" 200 27
116.235.241.164 - - [07/Aug/2020:10:35:34 +0800] "GET /xingrg/all/function/internal_message.html?_=1596767723619&CODE_STATE=getMsg HTTP/1.1" 200 27
117.185.32.26 - - [07/Aug/2020:10:35:36 +0800] "POST /xingrg/kc/buy/cgsh_order_operate.html HTTP/1.1" 200 37
222.69.136.250 - - [07/Aug/2020:10:35:37 +0800] "GET /xingrg/kc/base/wldb_order_operate.html?command=get_materiel&rest_code=00149&base_code=0010394&code=00101019339 HTTP/1.1" 200 456
117.185.32.26 - - [07/Aug/2020:10:35:37 +0800] "GET /xingrg/all/function/internal_message.html?_=1596768167496&CODE_STATE=getMsg HTTP/1.1" 200 27
172.17.0.102 - - [07/Aug/2020:10:35:37 +0800] "GET /xingrg/kc/buy/cgsh_order_operate.html?command=get_materiel&rest_code=00147&code=00101006006&supplier_code=00100015&order_time=2020-08-07 HTTP/1.1" 200 409
116.235.241.164 - - [07/Aug/2020:10:35:38 +0800] "GET /xingrg/all/function/internal_message.html?_=1596767727789&CODE_STATE=getMsg HTTP/1.1" 200 27
218.81.217.115 - - [07/Aug/2020:10:35:38 +0800] "GET /xingrg/all/function/internal_message.html?_=1596767755675&CODE_STATE=getMsg HTTP/1.1" 200 27
172.17.0.240 - - [07/Aug/2020:10:35:41 +0800] "GET /xingrg/all/function/internal_message.html?_=1596767738058&CODE_STATE=getMsg HTTP/1.1" 200 27
222.69.136.250 - - [07/Aug/2020:10:35:42 +0800] "GET /xingrg/kc/base/wldb_order_operate.html?command=get_materiel&rest_code=00149&base_code=0010394&code=00101019066 HTTP/1.1" 200 441
180.175.214.200 - - [07/Aug/2020:10:35:43 +0800] "GET /xingrg/kc/buy/cgsh_order_operate.html?command=get_materiel&rest_code=00102&code=00101009013&supplier_code=00100096&order_time=2020-08-07 HTTP/1.1" 200 420
222.69.136.250 - - [07/Aug/2020:10:35:46 +0800] "GET /xingrg/kc/base/wldb_order_operate.html?command=get_materiel&rest_code=00149&base_code=0010394&code=00101013011 HTTP/1.1" 200 450
114.89.80.44 - - [07/Aug/2020:10:35:46 +0800] "GET /xingrg/all/function/internal_message.html?_=1596767741830&CODE_STATE=getMsg HTTP/1.1" 200 27
120.253.135.82 - - [07/Aug/2020:10:35:47 +0800] "GET /xingrg/all/function/internal_message.html?_=1596767496579&CODE_STATE=getMsg HTTP/1.1" 200 27
172.17.0.102 - - [07/Aug/2020:10:35:47 +0800] "GET /xingrg/all/function/internal_message.html?_=1596767745450&CODE_STATE=getMsg HTTP/1.1" 200 27
172.17.0.120 - - [07/Aug/2020:10:35:49 +0800] "POST /xingrg/all/user/operate.html HTTP/1.1" 200 36
172.17.0.120 - - [07/Aug/2020:10:35:50 +0800] "GET /xingrg/index.html?sysBaseUrl=http%3A%2F%2F172.17.0.8%3A18081%2Fxingrg%2F&costTime=38×tamp=1596763548064 HTTP/1.1" 200 17448
172.17.0.120 - - [07/Aug/2020:10:35:50 +0800] "GET /xingrg/javascript/jquery_easy_ui/themes/default/easyui.css HTTP/1.1" 304 -
172.17.0.120 - - [07/Aug/2020:10:35:50 +0800] "GET /xingrg/javascript/jquery_easy_ui/themes/icon.css HTTP/1.1" 304 -
172.17.0.120 - - [07/Aug/2020:10:35:50 +0800] "GET /xingrg/css/form.css HTTP/1.1" 304 -
172.17.0.120 - - [07/Aug/2020:10:35:50 +0800] "GET /xingrg/javascript/jquery-1.4.2.min.js HTTP/1.1" 304 -
172.17.0.120 - - [07/Aug/2020:10:35:50 +0800] "GET /xingrg/javascript/jquery_easy_ui/jquery.easyui.min.js HTTP/1.1" 304 -
172.17.0.120 - - [07/Aug/2020:10:35:50 +0800] "GET /xingrg/javascript/jquery_easy_ui/easyui-lang-zh_CN.js HTTP/1.1" 304 -
172.17.0.120 - - [07/Aug/2020:10:35:50 +0800] "GET /xingrg/javascript/jquery.form.js HTTP/1.1" 304 -
172.17.0.120 - - [07/Aug/2020:10:35:50 +0800] "GET /xingrg/javascript/jquery.utils.js HTTP/1.1" 304 -
172.17.0.120 - - [07/Aug/2020:10:35:50 +0800] "GET /xingrg/javascript/jquery.timers.js HTTP/1.1" 304 -
172.17.0.120 - - [07/Aug/2020:10:35:50 +0800] "GET /xingrg/images/blue/jxLogo.png HTTP/1.1" 304 -
172.17.0.120 - - [07/Aug/2020:10:35:50 +0800] "GET /xingrg/images/blue/navBackgound.jpg HTTP/1.1" 304 -
172.17.0.120 - - [07/Aug/2020:10:35:50 +0800] "GET /xingrg/javascript/jquery_easy_ui/themes/icons/settle_new.png HTTP/1.1" 304 -
172.17.0.120 - - [07/Aug/2020:10:35:50 +0800] "POST /xingrg/all/common/load_tree.html?tree=area_rest_tree_json&manage=1 HTTP/1.1" 200 3216
172.17.0.120 - - [07/Aug/2020:10:35:50 +0800] "GET /xingrg/all/function/internal_message.html?_=1596767746876&CODE_STATE=count HTTP/1.1" 200 11
172.17.0.120 - - [07/Aug/2020:10:35:50 +0800] "GET /xingrg/check_reg.html?_=1596767746877 HTTP/1.1" 200 22
172.17.0.120 - - [07/Aug/2020:10:35:50 +0800] "GET /xingrg/javascript/jquery_easy_ui/themes/default/images/tabs_rightarrow.png HTTP/1.1" 304 -
172.17.0.120 - - [07/Aug/2020:10:35:50 +0800] "GET /xingrg/images/blue/pingpu.png HTTP/1.1" 200 231
172.17.0.120 - - [07/Aug/2020:10:35:50 +0800] "GET /xingrg/javascript/jquery_easy_ui/themes/default/images/tabs_leftarrow.png HTTP/1.1" 304 -
172.17.0.120 - - [07/Aug/2020:10:35:50 +0800] "GET /xingrg/javascript/jquery_easy_ui/themes/default/images/panel_tool_expand.gif HTTP/1.1" 200 247
172.17.0.120 - - [07/Aug/2020:10:35:50 +0800] "GET /xingrg/javascript/jquery_easy_ui/themes/default/images/panel_tool_collapse.gif HTTP/1.1" 304 -
172.17.0.120 - - [07/Aug/2020:10:35:50 +0800] "POST /xingrg/load_menu.html HTTP/1.1" 200 9924
172.17.0.102 - - [07/Aug/2020:10:35:51 +0800] "POST /xingrg/kc/buy/cgsh_order_operate.html HTTP/1.1" 200 37
116.233.74.136 - - [07/Aug/2020:10:35:52 +0800] "GET /xingrg/index.html?sysBaseUrl=http%3A%2F%2F180.169.147.146%3A18081%2Fxingrg%2F&costTime=51×tamp=1596763593094 HTTP/1.1" 200 17173
117.131.5.26 - - [07/Aug/2020:10:35:52 +0800] "GET /xingrg/all/function/internal_message.html?_=1596768126509&CODE_STATE=getMsg HTTP/1.1" 200 27
116.233.74.136 - - [07/Aug/2020:10:35:52 +0800] "POST /xingrg/all/common/load_tree.html?tree=area_rest_tree_json&manage=1 HTTP/1.1" 200 342
116.233.74.136 - - [07/Aug/2020:10:35:52 +0800] "GET /xingrg/check_reg.html?_=1596767767954 HTTP/1.1" 200 22
116.233.74.136 - - [07/Aug/2020:10:35:52 +0800] "GET /xingrg/all/function/internal_message.html?_=1596767767954&CODE_STATE=count HTTP/1.1" 200 11
116.233.74.136 - - [07/Aug/2020:10:35:52 +0800] "POST /xingrg/load_menu.html HTTP/1.1" 200 5138
172.17.0.102 - - [07/Aug/2020:10:35:52 +0800] "POST /xingrg/kc/buy/cgsh_order_operate.html HTTP/1.1" 200 6217
172.17.0.120 - - [07/Aug/2020:10:35:52 +0800] "GET /xingrg/kc/report/report_main.html HTTP/1.1" 200 7325
172.17.0.120 - - [07/Aug/2020:10:35:53 +0800] "GET /xingrg/all/report/report_query.html?fileName=kc/buy/gys_amount.xml&rh=99999 HTTP/1.1" 200 51931
172.17.0.120 - - [07/Aug/2020:10:35:53 +0800] "GET /xingrg/dwr/interface/AjaxReportQueryService.js HTTP/1.1" 200 13203
172.17.0.120 - - [07/Aug/2020:10:35:53 +0800] "GET /xingrg/dwr/engine.js HTTP/1.1" 200 43631
172.17.0.120 - - [07/Aug/2020:10:35:54 +0800] "POST /xingrg/dwr/call/plaincall/AjaxReportQueryService.getFixDate.dwr HTTP/1.1" 200 111
116.233.74.136 - - [07/Aug/2020:10:35:54 +0800] "GET /xingrg/index.html?sysBaseUrl=http%3A%2F%2F180.169.147.146%3A18081%2Fxingrg%2F&costTime=51×tamp=1596763593094 HTTP/1.1" 200 17173
172.17.0.120 - - [07/Aug/2020:10:35:54 +0800] "POST /xingrg/all/common/load_tree.html?tree=supplier_tree_json&manage=1 HTTP/1.1" 200 50407
116.233.74.136 - - [07/Aug/2020:10:35:54 +0800] "POST /xingrg/all/common/load_tree.html?tree=area_rest_tree_json&manage=1 HTTP/1.1" 200 342
116.233.74.136 - - [07/Aug/2020:10:35:54 +0800] "POST /xingrg/load_menu.html HTTP/1.1" 200 5138
116.233.74.136 - - [07/Aug/2020:10:35:54 +0800] "GET /xingrg/check_reg.html?_=1596767769554 HTTP/1.1" 200 22
116.233.74.136 - - [07/Aug/2020:10:35:54 +0800] "GET /xingrg/all/function/internal_message.html?_=1596767769554&CODE_STATE=count HTTP/1.1" 200 11
172.17.0.102 - - [07/Aug/2020:10:35:54 +0800] "GET /xingrg/kc/print/load_data.html?order_code=212020080702574&kc_code=cgsh&condition= HTTP/1.1" 200 2135
172.17.0.120 - - [07/Aug/2020:10:35:55 +0800] "POST /xingrg/all/common/load_tree.html?tree=materiel_sort_tree_json HTTP/1.1" 200 8666
172.17.0.120 - - [07/Aug/2020:10:35:55 +0800] "POST /xingrg/dwr/call/plaincall/AjaxReportQueryService.getInitString.dwr HTTP/1.1" 200 975
222.69.136.250 - - [07/Aug/2020:10:35:55 +0800] "GET /xingrg/kc/base/wldb_order_operate.html?command=get_materiel&rest_code=00149&base_code=0010394&code=00101019063 HTTP/1.1" 200 447
116.233.74.136 - - [07/Aug/2020:10:35:55 +0800] "GET /xingrg/kc/buy/buy_main.html HTTP/1.1" 200 12412
116.233.74.136 - - [07/Aug/2020:10:35:55 +0800] "GET /xingrg/css/new_ie.css HTTP/1.1" 404 1036
180.152.230.204 - - [07/Aug/2020:10:35:57 +0800] "GET /xingrg/all/function/internal_message.html?_=1596767060870&CODE_STATE=getMsg HTTP/1.1" 200 27
61.172.5.115 - - [07/Aug/2020:10:35:59 +0800] "GET /xingrg/all/function/internal_message.html?_=1596767755529&CODE_STATE=getMsg HTTP/1.1" 200 27
117.131.5.26 - - [07/Aug/2020:10:36:00 +0800] "GET /xingrg/all/function/internal_message.html?_=1596767759678&CODE_STATE=getMsg HTTP/1.1" 200 27
180.157.251.101 - - [07/Aug/2020:10:36:04 +0800] "GET /xingrg/all/function/internal_message.html?_=1596767767732&CODE_STATE=getMsg HTTP/1.1" 200 27
116.230.74.197 - - [07/Aug/2020:10:36:06 +0800] "GET /xingrg/all/function/internal_message.html?_=1596767755135&CODE_STATE=getMsg HTTP/1.1" 200 27
117.131.5.26 - - [07/Aug/2020:10:36:06 +0800] "GET /xingrg/all/function/internal_message.html?_=1596768046205&CODE_STATE=getMsg HTTP/1.1" 200 27
222.69.136.250 - - [07/Aug/2020:10:36:08 +0800] "GET /xingrg/kc/base/wldb_order_operate.html?command=get_materiel&rest_code=00149&base_code=0010394&code=00101019405 HTTP/1.1" 200 468
180.175.214.200 - - [07/Aug/2020:10:36:08 +0800] "GET /xingrg/all/function/internal_message.html?_=1596767971262&CODE_STATE=getMsg HTTP/1.1" 200 27
180.175.214.200 - - [07/Aug/2020:10:36:09 +0800] "GET /xingrg/kc/buy/cgsh_order_operate.html?command=get_materiel&rest_code=00102&code=00101009107&supplier_code=00100096&order_time=2020-08-07 HTTP/1.1" 200 396
172.17.0.120 - - [07/Aug/2020:10:36:12 +0800] "POST /xingrg/dwr/call/plaincall/AjaxReportQueryService.refreshCache.dwr HTTP/1.1" 200 78
117.184.7.30 - - [07/Aug/2020:10:36:14 +0800] "GET /xingrg/all/function/internal_message.html?_=1596767762626&CODE_STATE=getMsg HTTP/1.1" 200 27
172.17.0.120 - - [07/Aug/2020:10:36:14 +0800] "POST /xingrg/all/report/load_report_page.html HTTP/1.1" 200 8920
172.17.0.120 - - [07/Aug/2020:10:36:14 +0800] "GET /xingrg/servlets/image?cache=0.7608725923319811&image=px HTTP/1.1" 200 807
222.69.136.250 - - [07/Aug/2020:10:36:14 +0800] "GET /xingrg/all/function/internal_message.html?_=1596767765809&CODE_STATE=getMsg HTTP/1.1" 200 27
222.69.136.250 - - [07/Aug/2020:10:36:15 +0800] "GET /xingrg/kc/base/wldb_order_operate.html?command=get_materiel&rest_code=00149&base_code=0010394&code=00101020106 HTTP/1.1" 200 447
114.89.80.44 - - [07/Aug/2020:10:36:16 +0800] "GET /xingrg/check_reg.html?_=1596767904732 HTTP/1.1" 200 22
114.89.80.44 - - [07/Aug/2020:10:36:16 +0800] "GET /xingrg/all/function/internal_message.html?_=1596767904880&CODE_STATE=getMsg HTTP/1.1" 200 27
116.235.241.164 - - [07/Aug/2020:10:36:16 +0800] "POST /xingrg/dwr/call/plaincall/AjaxReportQueryService.refreshCache.dwr HTTP/1.1" 200 78
116.235.241.164 - - [07/Aug/2020:10:36:16 +0800] "POST /xingrg/all/report/load_report_page.html HTTP/1.1" 200 28359
116.235.241.164 - - [07/Aug/2020:10:36:16 +0800] "GET /xingrg/servlets/image?cache=0.2104420479804402&image=px HTTP/1.1" 200 807
172.17.0.123 - - [07/Aug/2020:10:36:18 +0800] "GET /xingrg/all/function/internal_message.html?_=1596767700946&CODE_STATE=getMsg HTTP/1.1" 200 27
172.17.0.123 - - [07/Aug/2020:10:36:18 +0800] "GET /xingrg/check_reg.html?_=1596767700950 HTTP/1.1" 200 22
116.233.74.136 - - [07/Aug/2020:10:36:19 +0800] "GET /xingrg/kc/buy/cgsh_order_list.html HTTP/1.1" 200 43641
116.233.74.136 - - [07/Aug/2020:10:36:19 +0800] "POST /xingrg/kc/buy/cgsh_list_operate.html HTTP/1.1" 200 876
222.69.136.250 - - [07/Aug/2020:10:36:20 +0800] "GET /xingrg/kc/base/wldb_order_operate.html?command=get_materiel&rest_code=00149&base_code=0010394&code=00101019384 HTTP/1.1" 200 457
116.233.74.136 - - [07/Aug/2020:10:36:21 +0800] "GET /xingrg/kc/buy/cgsh_order_add.html HTTP/1.1" 200 59426
116.233.74.136 - - [07/Aug/2020:10:36:21 +0800] "POST /xingrg/kc/buy/cgsh_order_operate.html HTTP/1.1" 200 8245
116.233.74.136 - - [07/Aug/2020:10:36:21 +0800] "GET /xingrg/javascript/easyui/themes/default/validatebox.css HTTP/1.1" 404 1104
116.233.74.136 - - [07/Aug/2020:10:36:21 +0800] "GET /xingrg/all/common/auto_word.html?type=employee&rest_code=00109 HTTP/1.1" 200 255
116.233.74.136 - - [07/Aug/2020:10:36:21 +0800] "GET /xingrg/all/common/auto_word.html?type=employee&rest_code=00109 HTTP/1.1" 200 255
172.17.200.101 - - [07/Aug/2020:10:36:22 +0800] "GET /xingrg/all/function/internal_message.html?_=1596767782266&CODE_STATE=getMsg HTTP/1.1" 200 27
114.88.161.57 - - [07/Aug/2020:10:36:23 +0800] "GET /xingrg/all/function/internal_message.html?_=1596767817642&CODE_STATE=getMsg HTTP/1.1" 200 27
116.233.74.136 - - [07/Aug/2020:10:36:25 +0800] "GET /xingrg/javascript/jquery_tools/images/prev.gif HTTP/1.1" 404 1086
116.233.74.136 - - [07/Aug/2020:10:36:25 +0800] "GET /xingrg/javascript/jquery_tools/images/next.gif HTTP/1.1" 404 1086
222.69.136.250 - - [07/Aug/2020:10:36:25 +0800] "GET /xingrg/kc/base/wldb_order_operate.html?command=get_materiel&rest_code=00149&base_code=0010394&code=00101019438 HTTP/1.1" 200 447
61.172.5.115 - - [07/Aug/2020:10:36:26 +0800] "GET /xingrg/javascript/jquery_easy_ui/themes/icons/rest.png HTTP/1.1" 200 695
61.172.5.115 - - [07/Aug/2020:10:36:26 +0800] "GET /xingrg/javascript/jquery_easy_ui/themes/icons/manage.png HTTP/1.1" 200 696
61.172.5.115 - - [07/Aug/2020:10:36:26 +0800] "GET /xingrg/javascript/jquery_easy_ui/themes/icons/area.png HTTP/1.1" 200 262
61.172.5.115 - - [07/Aug/2020:10:36:26 +0800] "GET /xingrg/kc/buy/cgsh_order_add.html HTTP/1.1" 200 59379
61.172.5.115 - - [07/Aug/2020:10:36:27 +0800] "GET /xingrg/javascript/easyui/themes/default/validatebox.css HTTP/1.1" 404 1104
61.172.5.115 - - [07/Aug/2020:10:36:27 +0800] "POST /xingrg/kc/buy/cgsh_order_operate.html HTTP/1.1" 200 8245
172.17.0.120 - - [07/Aug/2020:10:36:28 +0800] "POST /xingrg/dwr/call/plaincall/AjaxReportQueryService.refreshCache.dwr HTTP/1.1" 200 78
116.230.74.197 - - [07/Aug/2020:10:36:29 +0800] "GET /xingrg/kc/buy/cgsh_order_operate.html?command=get_materiel&rest_code=00153&code=00101020065&supplier_code=00100224&order_time=2020-08-07 HTTP/1.1" 200 435
222.69.136.250 - - [07/Aug/2020:10:36:30 +0800] "GET /xingrg/kc/base/wldb_order_operate.html?command=get_materiel&rest_code=00149&base_code=0010394&code=00101019071 HTTP/1.1" 200 455
116.233.74.136 - - [07/Aug/2020:10:36:30 +0800] "GET /xingrg/kc/buy/cgsh_order_operate.html?command=get_materiel&rest_code=00109&code=00101006006&supplier_code=00100015&order_time=2020-08-07 HTTP/1.1" 200 409
172.17.0.120 - - [07/Aug/2020:10:36:31 +0800] "POST /xingrg/all/report/load_report_page.html HTTP/1.1" 200 8932
172.17.0.120 - - [07/Aug/2020:10:36:31 +0800] "GET /xingrg/servlets/image?cache=0.04243499140746443&image=px HTTP/1.1" 200 807
117.184.7.30 - - [07/Aug/2020:10:36:33 +0800] "GET /xingrg/all/function/internal_message.html?_=1596767782056&CODE_STATE=getMsg HTTP/1.1" 200 27
116.235.241.164 - - [07/Aug/2020:10:36:34 +0800] "GET /xingrg/all/function/internal_message.html?_=1596767783631&CODE_STATE=getMsg HTTP/1.1" 200 27
114.88.153.107 - - [07/Aug/2020:10:36:34 +0800] "GET /xingrg/kc/buy/buy_main.html HTTP/1.1" 200 12412
114.88.153.107 - - [07/Aug/2020:10:36:34 +0800] "GET /xingrg/css/new_ie.css HTTP/1.1" 404 1036
114.88.153.107 - - [07/Aug/2020:10:36:35 +0800] "GET /xingrg/kc/buy/cgsh_order_list.html HTTP/1.1" 200 43647
114.88.153.107 - - [07/Aug/2020:10:36:36 +0800] "POST /xingrg/kc/buy/cgsh_list_operate.html HTTP/1.1" 200 876
114.88.153.107 - - [07/Aug/2020:10:36:37 +0800] "GET /xingrg/kc/buy/cgsh_order_add.html HTTP/1.1" 200 59385
114.88.153.107 - - [07/Aug/2020:10:36:37 +0800] "GET /xingrg/words/20200806164216_words.js HTTP/1.1" 304 -
117.185.32.26 - - [07/Aug/2020:10:36:37 +0800] "GET /xingrg/all/function/internal_message.html?_=1596768227479&CODE_STATE=getMsg HTTP/1.1" 200 27
222.69.136.250 - - [07/Aug/2020:10:36:37 +0800] "GET /xingrg/kc/base/wldb_order_operate.html?command=get_materiel&rest_code=00149&base_code=0010394&code=00101019142 HTTP/1.1" 200 448
114.88.153.107 - - [07/Aug/2020:10:36:37 +0800] "GET /xingrg/javascript/easyui/themes/icons/copy_new.png HTTP/1.1" 200 815
114.88.153.107 - - [07/Aug/2020:10:36:37 +0800] "GET /xingrg/all/common/auto_word.html?type=employee&rest_code=00141 HTTP/1.1" 200 201
114.88.153.107 - - [07/Aug/2020:10:36:37 +0800] "GET /xingrg/javascript/easyui/themes/default/validatebox.css HTTP/1.1" 404 1104
114.88.153.107 - - [07/Aug/2020:10:36:37 +0800] "GET /xingrg/all/common/auto_word.html?type=employee&rest_code=00141 HTTP/1.1" 200 201
114.88.153.107 - - [07/Aug/2020:10:36:37 +0800] "POST /xingrg/kc/buy/cgsh_order_operate.html HTTP/1.1" 200 8245
116.233.74.136 - - [07/Aug/2020:10:36:38 +0800] "GET /xingrg/kc/buy/cgsh_order_operate.html?command=get_materiel&rest_code=00109&code=00101006109&supplier_code=00100015&order_time=2020-08-07 HTTP/1.1" 200 409
116.235.241.164 - - [07/Aug/2020:10:36:38 +0800] "GET /xingrg/check_reg.html?_=1596767787788 HTTP/1.1" 200 22
116.235.241.164 - - [07/Aug/2020:10:36:38 +0800] "GET /xingrg/all/function/internal_message.html?_=1596767787789&CODE_STATE=getMsg HTTP/1.1" 200 27
117.184.7.30 - - [07/Aug/2020:10:36:38 +0800] "POST /xingrg/kc/buy/cgsh_order_operate.html HTTP/1.1" 200 37
218.81.217.115 - - [07/Aug/2020:10:36:38 +0800] "GET /xingrg/all/function/internal_message.html?_=1596767815892&CODE_STATE=getMsg HTTP/1.1" 200 27
117.184.7.30 - - [07/Aug/2020:10:36:39 +0800] "POST /xingrg/kc/buy/cgsh_order_operate.html HTTP/1.1" 200 41044
172.17.0.240 - - [07/Aug/2020:10:36:41 +0800] "GET /xingrg/all/function/internal_message.html?_=1596767798045&CODE_STATE=getMsg HTTP/1.1" 200 27
61.172.5.115 - - [07/Aug/2020:10:36:42 +0800] "GET /xingrg/kc/buy/cgsh_order_operate.html?command=get_materiel&rest_code=00105&code=00101018018&supplier_code=00100330&order_time=2020-08-07 HTTP/1.1" 200 417
116.233.74.136 - - [07/Aug/2020:10:36:42 +0800] "GET /xingrg/kc/buy/cgsh_order_operate.html?command=get_materiel&rest_code=00109&code=00101006133&supplier_code=00100015&order_time=2020-08-07 HTTP/1.1" 200 413
222.69.136.250 - - [07/Aug/2020:10:36:44 +0800] "POST /xingrg/kc/base/wldb_order_operate.html HTTP/1.1" 200 37
222.69.136.250 - - [07/Aug/2020:10:36:44 +0800] "POST /xingrg/kc/base/wldb_order_operate.html HTTP/1.1" 200 8189
114.88.153.107 - - [07/Aug/2020:10:36:44 +0800] "GET /xingrg/javascript/jquery_tools/images/prev.gif HTTP/1.1" 404 1086
114.88.153.107 - - [07/Aug/2020:10:36:44 +0800] "GET /xingrg/javascript/jquery_tools/images/next.gif HTTP/1.1" 404 1086
222.69.136.250 - - [07/Aug/2020:10:36:45 +0800] "GET /xingrg/kc/base/wldb_order_info.html?code=422020080700719 HTTP/1.1" 200 30388
222.69.136.250 - - [07/Aug/2020:10:36:45 +0800] "GET /xingrg/javascript/easyui/themes/default/validatebox.css HTTP/1.1" 404 1104
222.69.136.250 - - [07/Aug/2020:10:36:45 +0800] "POST /xingrg/kc/base/wldb_order_operate.html HTTP/1.1" 200 8189
114.89.80.44 - - [07/Aug/2020:10:36:46 +0800] "GET /xingrg/all/function/internal_message.html?_=1596767801830&CODE_STATE=getMsg HTTP/1.1" 200 27
120.253.135.82 - - [07/Aug/2020:10:36:47 +0800] "GET /xingrg/all/function/internal_message.html?_=1596767556592&CODE_STATE=getMsg HTTP/1.1" 200 27
172.17.0.102 - - [07/Aug/2020:10:36:47 +0800] "GET /xingrg/all/function/internal_message.html?_=1596767805444&CODE_STATE=getMsg HTTP/1.1" 200 27
172.17.0.120 - - [07/Aug/2020:10:36:50 +0800] "GET /xingrg/all/function/internal_message.html?_=1596767806881&CODE_STATE=getMsg HTTP/1.1" 200 27
180.152.230.204 - - [07/Aug/2020:10:36:51 +0800] "GET /xingrg/all/function/internal_message.html?_=1596767120851&CODE_STATE=getMsg HTTP/1.1" 200 27
222.69.136.250 - - [07/Aug/2020:10:36:51 +0800] "GET /xingrg/kc/base/wldb_order_add.html HTTP/1.1" 200 30373
222.69.136.250 - - [07/Aug/2020:10:36:51 +0800] "POST /xingrg/kc/base/wldb_order_operate.html HTTP/1.1" 200 6806
222.69.136.250 - - [07/Aug/2020:10:36:51 +0800] "GET /xingrg/javascript/easyui/themes/default/validatebox.css HTTP/1.1" 404 1104
116.233.74.136 - - [07/Aug/2020:10:36:52 +0800] "GET /xingrg/all/function/internal_message.html?_=1596767829549&CODE_STATE=getMsg HTTP/1.1" 200 27
117.131.5.26 - - [07/Aug/2020:10:36:52 +0800] "GET /xingrg/all/function/internal_message.html?_=1596768186508&CODE_STATE=getMsg HTTP/1.1" 200 27
117.131.5.26 - - [07/Aug/2020:10:36:52 +0800] "GET /xingrg/check_reg.html?_=1596768186509 HTTP/1.1" 200 22
180.175.214.200 - - [07/Aug/2020:10:36:57 +0800] "GET /xingrg/check_reg.html?_=1596768019540 HTTP/1.1" 200 22
116.233.74.136 - - [07/Aug/2020:10:36:58 +0800] "GET /xingrg/kc/buy/cgsh_order_operate.html?command=get_materiel&rest_code=00109&code=00101006174&supplier_code=00100015&order_time=2020-08-07 HTTP/1.1" 200 415
61.172.5.115 - - [07/Aug/2020:10:36:59 +0800] "GET /xingrg/all/function/internal_message.html?_=1596767815515&CODE_STATE=getMsg HTTP/1.1" 200 27
117.185.32.26 - - [07/Aug/2020:10:36:59 +0800] "GET /xingrg/check_reg.html?_=1596767813296 HTTP/1.1" 200 22
117.185.32.26 - - [07/Aug/2020:10:36:59 +0800] "GET /xingrg/all/function/internal_message.html?_=1596767813297&CODE_STATE=getMsg HTTP/1.1" 200 27
117.185.32.26 - - [07/Aug/2020:10:37:00 +0800] "POST /xingrg/kc/buy/cgsh_order_operate.html HTTP/1.1" 200 17428
117.131.5.26 - - [07/Aug/2020:10:37:00 +0800] "GET /xingrg/all/function/internal_message.html?_=1596767819678&CODE_STATE=getMsg HTTP/1.1" 200 27
180.157.251.101 - - [07/Aug/2020:10:37:04 +0800] "GET /xingrg/all/function/internal_message.html?_=1596767827878&CODE_STATE=getMsg HTTP/1.1" 200 27
116.230.74.197 - - [07/Aug/2020:10:37:06 +0800] "GET /xingrg/all/function/internal_message.html?_=1596767815146&CODE_STATE=getMsg HTTP/1.1" 200 27
117.131.5.26 - - [07/Aug/2020:10:37:06 +0800] "GET /xingrg/all/function/internal_message.html?_=1596768106548&CODE_STATE=getMsg HTTP/1.1" 200 27
116.233.74.136 - - [07/Aug/2020:10:37:08 +0800] "GET /xingrg/kc/buy/cgsh_order_operate.html?command=get_materiel&rest_code=00109&code=00101006025&supplier_code=00100015&order_time=2020-08-07 HTTP/1.1" 200 417
116.233.74.136 - - [07/Aug/2020:10:37:08 +0800] "GET /xingrg/javascript/auto/indicator.gif HTTP/1.1" 404 1066
180.175.214.200 - - [07/Aug/2020:10:37:08 +0800] "GET /xingrg/all/function/internal_message.html?_=1596768031267&CODE_STATE=getMsg HTTP/1.1" 200 27
116.235.241.164 - - [07/Aug/2020:10:37:09 +0800] "GET /xingrg/check_reg.html?_=1596767819495 HTTP/1.1" 200 22
61.172.5.115 - - [07/Aug/2020:10:37:11 +0800] "GET /xingrg/kc/buy/cgsh_order_operate.html?command=get_materiel&rest_code=00105&code=00101018019&supplier_code=00100330&order_time=2020-08-07 HTTP/1.1" 200 421
222.69.136.250 - - [07/Aug/2020:10:37:13 +0800] "GET /xingrg/kc/base/wldb_order_operate.html?command=get_materiel&rest_code=00149&base_code=0010394&code=00101019056 HTTP/1.1" 200 474
117.184.7.30 - - [07/Aug/2020:10:37:14 +0800] "GET /xingrg/all/function/internal_message.html?_=1596767822626&CODE_STATE=getMsg HTTP/1.1" 200 27
116.233.74.136 - - [07/Aug/2020:10:37:14 +0800] "GET /xingrg/kc/buy/cgsh_order_operate.html?command=get_materiel&rest_code=00109&code=00101010248&supplier_code=00100015&order_time=2020-08-07 HTTP/1.1" 200 430
222.69.136.250 - - [07/Aug/2020:10:37:14 +0800] "GET /xingrg/check_reg.html?_=1596767825781 HTTP/1.1" 200 22
222.69.136.250 - - [07/Aug/2020:10:37:14 +0800] "GET /xingrg/all/function/internal_message.html?_=1596767825787&CODE_STATE=getMsg HTTP/1.1" 200 27
114.89.80.44 - - [07/Aug/2020:10:37:16 +0800] "GET /xingrg/all/function/internal_message.html?_=1596767964893&CODE_STATE=getMsg HTTP/1.1" 200 27
116.230.74.197 - - [07/Aug/2020:10:37:17 +0800] "POST /xingrg/kc/buy/cgsh_order_operate.html HTTP/1.1" 200 37
172.17.0.123 - - [07/Aug/2020:10:37:18 +0800] "GET /xingrg/all/function/internal_message.html?_=1596767760950&CODE_STATE=getMsg HTTP/1.1" 200 27
222.69.136.250 - - [07/Aug/2020:10:37:18 +0800] "GET /xingrg/kc/base/wldb_order_operate.html?command=get_materiel&rest_code=00149&base_code=0010394&code=00101019187 HTTP/1.1" 200 465
116.230.74.197 - - [07/Aug/2020:10:37:20 +0800] "POST /xingrg/kc/buy/cgsh_order_operate.html HTTP/1.1" 200 12
172.17.200.101 - - [07/Aug/2020:10:37:22 +0800] "GET /xingrg/all/function/internal_message.html?_=1596767842266&CODE_STATE=getMsg HTTP/1.1" 200 27
61.172.5.115 - - [07/Aug/2020:10:37:22 +0800] "POST /xingrg/kc/buy/cgsh_order_operate.html HTTP/1.1" 200 37
116.230.74.197 - - [07/Aug/2020:10:37:22 +0800] "GET /xingrg/kc/buy/cgsh_order_info.html?code=212020080702575 HTTP/1.1" 200 53281
114.88.161.57 - - [07/Aug/2020:10:37:23 +0800] "GET /xingrg/all/function/internal_message.html?_=1596767877644&CODE_STATE=getMsg HTTP/1.1" 200 27
116.233.74.136 - - [07/Aug/2020:10:37:23 +0800] "GET /xingrg/kc/buy/cgsh_order_operate.html?command=get_materiel&rest_code=00109&code=00101006006&supplier_code=00100015&order_time=2020-08-07 HTTP/1.1" 200 409
116.230.74.197 - - [07/Aug/2020:10:37:23 +0800] "GET /xingrg/javascript/easyui/themes/default/validatebox.css HTTP/1.1" 404 1104
61.172.5.115 - - [07/Aug/2020:10:37:23 +0800] "POST /xingrg/kc/buy/cgsh_order_operate.html HTTP/1.1" 200 3259
116.230.74.197 - - [07/Aug/2020:10:37:24 +0800] "POST /xingrg/kc/buy/cgsh_order_operate.html HTTP/1.1" 200 1844
172.17.0.102 - - [07/Aug/2020:10:37:24 +0800] "GET /xingrg/kc/buy/cgsh_order_list.html HTTP/1.1" 200 43627
61.172.5.115 - - [07/Aug/2020:10:37:24 +0800] "GET /xingrg/kc/print/load_data.html?order_code=212020080702576&kc_code=cgsh&condition= HTTP/1.1" 200 914
222.69.136.250 - - [07/Aug/2020:10:37:24 +0800] "POST /xingrg/kc/base/wldb_order_operate.html HTTP/1.1" 200 37
222.69.136.250 - - [07/Aug/2020:10:37:25 +0800] "POST /xingrg/kc/base/wldb_order_operate.html HTTP/1.1" 200 4216
116.230.74.197 - - [07/Aug/2020:10:37:25 +0800] "GET /xingrg/kc/print/load_data.html?order_code=212020080702575&kc_code=cgsh&condition= HTTP/1.1" 200 1183
222.69.136.250 - - [07/Aug/2020:10:37:25 +0800] "GET /xingrg/kc/base/wldb_order_info.html?code=422020080700720 HTTP/1.1" 200 30388
180.157.251.101 - - [07/Aug/2020:10:37:25 +0800] "POST /xingrg/services/DataTransmitService HTTP/1.1" 200 524
222.69.136.250 - - [07/Aug/2020:10:37:26 +0800] "GET /xingrg/javascript/easyui/themes/default/validatebox.css HTTP/1.1" 404 1104
222.69.136.250 - - [07/Aug/2020:10:37:26 +0800] "POST /xingrg/kc/base/wldb_order_operate.html HTTP/1.1" 200 4216
172.17.0.102 - - [07/Aug/2020:10:37:29 +0800] "POST /xingrg/kc/buy/cgsh_list_operate.html HTTP/1.1" 200 3481
61.172.5.115 - - [07/Aug/2020:10:37:30 +0800] "GET /xingrg/kc/buy/cgsh_order_add.html HTTP/1.1" 200 59379
116.230.74.197 - - [07/Aug/2020:10:37:30 +0800] "GET /xingrg/kc/buy/cgsh_order_add.html HTTP/1.1" 200 58388
61.172.5.115 - - [07/Aug/2020:10:37:30 +0800] "POST /xingrg/kc/buy/cgsh_order_operate.html HTTP/1.1" 200 8245
61.172.5.115 - - [07/Aug/2020:10:37:30 +0800] "GET /xingrg/javascript/easyui/themes/default/validatebox.css HTTP/1.1" 404 1104
180.157.251.101 - - [07/Aug/2020:10:37:31 +0800] "POST /xingrg/services/DataTransmitService HTTP/1.1" 200 501
116.230.74.197 - - [07/Aug/2020:10:37:31 +0800] "POST /xingrg/kc/buy/cgsh_order_operate.html HTTP/1.1" 200 8245
116.230.74.197 - - [07/Aug/2020:10:37:31 +0800] "GET /xingrg/javascript/easyui/themes/default/validatebox.css HTTP/1.1" 404 1104
114.88.153.107 - - [07/Aug/2020:10:37:32 +0800] "GET /xingrg/check_reg.html?_=1596767847504 HTTP/1.1" 200 22
117.184.7.30 - - [07/Aug/2020:10:37:33 +0800] "GET /xingrg/check_reg.html?_=1596767841712 HTTP/1.1" 200 22
117.184.7.30 - - [07/Aug/2020:10:37:33 +0800] "GET /xingrg/all/function/internal_message.html?_=1596767842069&CODE_STATE=getMsg HTTP/1.1" 200 27
116.235.241.164 - - [07/Aug/2020:10:37:34 +0800] "GET /xingrg/all/function/internal_message.html?_=1596767843630&CODE_STATE=getMsg HTTP/1.1" 200 27
116.233.74.136 - - [07/Aug/2020:10:37:35 +0800] "GET /xingrg/kc/buy/cgsh_order_operate.html?command=get_materiel&rest_code=00109&code=00101006144&supplier_code=00100015&order_time=2020-08-07 HTTP/1.1" 200 409
117.185.32.26 - - [07/Aug/2020:10:37:37 +0800] "GET /xingrg/check_reg.html?_=1596768287213 HTTP/1.1" 200 22
117.185.32.26 - - [07/Aug/2020:10:37:37 +0800] "GET /xingrg/all/function/internal_message.html?_=1596768287453&CODE_STATE=getMsg HTTP/1.1" 200 27
116.235.241.164 - - [07/Aug/2020:10:37:38 +0800] "GET /xingrg/all/function/internal_message.html?_=1596767847791&CODE_STATE=getMsg HTTP/1.1" 200 27
218.81.217.115 - - [07/Aug/2020:10:37:38 +0800] "GET /xingrg/all/function/internal_message.html?_=1596767875905&CODE_STATE=getMsg HTTP/1.1" 200 27
116.230.74.197 - - [07/Aug/2020:10:37:38 +0800] "POST /xingrg/services/DataTransmitService HTTP/1.1" 401 565
116.230.74.197 - - [07/Aug/2020:10:37:38 +0800] "POST /xingrg/services/DataTransmitService HTTP/1.1" 200 478
116.230.74.197 - - [07/Aug/2020:10:37:39 +0800] "POST /xingrg/services/DataTransmitService HTTP/1.1" 200 1320
116.230.74.197 - - [07/Aug/2020:10:37:39 +0800] "POST /xingrg/services/DataTransmitService HTTP/1.1" 200 478
116.230.74.197 - - [07/Aug/2020:10:37:39 +0800] "POST /xingrg/services/DataTransmitService HTTP/1.1" 200 1320
116.230.74.197 - - [07/Aug/2020:10:37:39 +0800] "POST /xingrg/services/DataTransmitService HTTP/1.1" 200 524
116.230.74.197 - - [07/Aug/2020:10:37:39 +0800] "POST /xingrg/services/DataTransmitService HTTP/1.1" 200 2007
116.233.74.136 - - [07/Aug/2020:10:37:40 +0800] "GET /xingrg/kc/buy/cgsh_order_operate.html?command=get_materiel&rest_code=00109&code=00101006058&supplier_code=00100015&order_time=2020-08-07 HTTP/1.1" 200 413
116.230.74.197 - - [07/Aug/2020:10:37:41 +0800] "POST /xingrg/services/DataTransmitService HTTP/1.1" 200 157591
172.17.0.240 - - [07/Aug/2020:10:37:41 +0800] "GET /xingrg/all/function/internal_message.html?_=1596767858047&CODE_STATE=getMsg HTTP/1.1" 200 27
172.17.0.240 - - [07/Aug/2020:10:37:41 +0800] "GET /xingrg/check_reg.html?_=1596767858049 HTTP/1.1" 200 22
116.230.74.197 - - [07/Aug/2020:10:37:42 +0800] "GET /xingrg/javascript/easyui/themes/default/tree.css HTTP/1.1" 404 1090
116.230.74.197 - - [07/Aug/2020:10:37:42 +0800] "POST /xingrg/all/common/load_tree.html?tree=supplier_tree_json&isDelete=1 HTTP/1.1" 200 49675
101.93.221.5 - - [07/Aug/2020:10:37:45 +0800] "POST /xingrg/services/DataTransmitService HTTP/1.1" 200 524
114.89.80.44 - - [07/Aug/2020:10:37:46 +0800] "GET /xingrg/all/function/internal_message.html?_=1596767861830&CODE_STATE=getMsg HTTP/1.1" 200 27
120.253.135.82 - - [07/Aug/2020:10:37:47 +0800] "GET /xingrg/all/function/internal_message.html?_=1596767616611&CODE_STATE=getMsg HTTP/1.1" 200 27
61.172.5.115 - - [07/Aug/2020:10:37:47 +0800] "GET /xingrg/kc/buy/cgsh_order_operate.html?command=get_materiel&rest_code=00105&code=00101010576&supplier_code=00100326&order_time=2020-08-07 HTTP/1.1" 200 405
116.233.74.136 - - [07/Aug/2020:10:37:47 +0800] "GET /xingrg/kc/buy/cgsh_order_operate.html?command=get_materiel&rest_code=00109&code=00101006106&supplier_code=00100015&order_time=2020-08-07 HTTP/1.1" 200 421
172.17.0.102 - - [07/Aug/2020:10:37:47 +0800] "GET /xingrg/all/function/internal_message.html?_=1596767865478&CODE_STATE=getMsg HTTP/1.1" 200 27
116.233.74.136 - - [07/Aug/2020:10:37:48 +0800] "GET /xingrg/all/function/internal_message.html?_=1596767889554&CODE_STATE=getMsg HTTP/1.1" 200 27
172.17.0.120 - - [07/Aug/2020:10:37:50 +0800] "GET /xingrg/all/function/internal_message.html?_=1596767866884&CODE_STATE=getMsg HTTP/1.1" 200 27
101.93.221.5 - - [07/Aug/2020:10:37:51 +0800] "POST /xingrg/services/DataTransmitService HTTP/1.1" 200 501
117.131.5.26 - - [07/Aug/2020:10:37:52 +0800] "GET /xingrg/all/function/internal_message.html?_=1596768246514&CODE_STATE=getMsg HTTP/1.1" 200 27
116.233.74.136 - - [07/Aug/2020:10:37:52 +0800] "GET /xingrg/kc/buy/cgsh_order_operate.html?command=get_materiel&rest_code=00109&code=00101006129&supplier_code=00100015&order_time=2020-08-07 HTTP/1.1" 200 431
180.152.230.204 - - [07/Aug/2020:10:37:54 +0800] "GET /xingrg/all/function/internal_message.html?_=1596767180856&CODE_STATE=getMsg HTTP/1.1" 200 27
120.253.135.82 - - [07/Aug/2020:10:37:57 +0800] "GET /xingrg/login.html HTTP/1.1" 200 7641
120.253.135.82 - - [07/Aug/2020:10:37:58 +0800] "GET /favicon.ico HTTP/1.1" 404 -
61.172.5.115 - - [07/Aug/2020:10:37:59 +0800] "GET /xingrg/check_reg.html?_=1596767875355 HTTP/1.1" 200 22
61.172.5.115 - - [07/Aug/2020:10:37:59 +0800] "GET /xingrg/all/function/internal_message.html?_=1596767875485&CODE_STATE=getMsg HTTP/1.1" 200 27
117.185.32.26 - - [07/Aug/2020:10:37:59 +0800] "GET /xingrg/all/function/internal_message.html?_=1596767873333&CODE_STATE=getMsg HTTP/1.1" 200 27
117.131.5.26 - - [07/Aug/2020:10:38:00 +0800] "GET /xingrg/check_reg.html?_=1596767879084 HTTP/1.1" 200 22
117.131.5.26 - - [07/Aug/2020:10:38:00 +0800] "GET /xingrg/all/function/internal_message.html?_=1596767879678&CODE_STATE=getMsg HTTP/1.1" 200 27
116.233.74.136 - - [07/Aug/2020:10:38:02 +0800] "GET /xingrg/kc/buy/cgsh_order_operate.html?command=get_materiel&rest_code=00109&code=00101006130&supplier_code=00100015&order_time=2020-08-07 HTTP/1.1" 200 427
116.230.74.197 - - [07/Aug/2020:10:38:02 +0800] "POST /xingrg/services/DataTransmitService HTTP/1.1" 200 45454
116.230.74.197 - - [07/Aug/2020:10:38:03 +0800] "GET /xingrg/kc/buy/cgsh_order_operate.html?command=get_materiel&rest_code=00153&code=00102023023&supplier_code=00100224&order_time=2020-08-07 HTTP/1.1" 200 428
180.157.251.101 - - [07/Aug/2020:10:38:04 +0800] "GET /xingrg/all/function/internal_message.html?_=1596767887883&CODE_STATE=getMsg HTTP/1.1" 200 27
116.230.74.197 - - [07/Aug/2020:10:38:04 +0800] "POST /xingrg/services/DataTransmitService HTTP/1.1" 200 19237
172.17.0.102 - - [07/Aug/2020:10:38:04 +0800] "POST /xingrg/kc/buy/cgsh_list_operate.html HTTP/1.1" 200 579
172.17.0.102 - - [07/Aug/2020:10:38:05 +0800] "GET /xingrg/kc/buy/cgsh_order_info.html?code=212020080702574 HTTP/1.1" 200 59321
218.81.217.115 - - [07/Aug/2020:10:38:05 +0800] "GET /xingrg/check_reg.html?_=1596767869676 HTTP/1.1" 200 22
172.17.0.102 - - [07/Aug/2020:10:38:05 +0800] "GET /xingrg/javascript/easyui/themes/default/validatebox.css HTTP/1.1" 404 1104
172.17.0.102 - - [07/Aug/2020:10:38:05 +0800] "POST /xingrg/kc/buy/cgsh_order_operate.html HTTP/1.1" 200 6217
116.230.74.197 - - [07/Aug/2020:10:38:06 +0800] "GET /xingrg/check_reg.html?_=1596767875211 HTTP/1.1" 200 22
116.230.74.197 - - [07/Aug/2020:10:38:06 +0800] "GET /xingrg/all/function/internal_message.html?_=1596767875218&CODE_STATE=getMsg HTTP/1.1" 200 27
117.131.5.26 - - [07/Aug/2020:10:38:06 +0800] "GET /xingrg/all/function/internal_message.html?_=1596768166564&CODE_STATE=getMsg HTTP/1.1" 200 27
120.253.135.82 - - [07/Aug/2020:10:38:06 +0800] "POST /xingrg/login.do HTTP/1.1" 302 -
120.253.135.82 - - [07/Aug/2020:10:38:07 +0800] "GET /xingrg/index.html?sysBaseUrl=http%3A%2F%2F180.169.147.146%3A18081%2Fxingrg%2F&costTime=44×tamp=1596767886973 HTTP/1.1" 200 17173
120.253.135.82 - - [07/Aug/2020:10:38:07 +0800] "GET /xingrg/javascript/jquery_easy_ui/themes/default/easyui.css HTTP/1.1" 304 -
120.253.135.82 - - [07/Aug/2020:10:38:07 +0800] "GET /xingrg/css/form.css HTTP/1.1" 304 -
120.253.135.82 - - [07/Aug/2020:10:38:07 +0800] "GET /xingrg/javascript/jquery_easy_ui/themes/icon.css HTTP/1.1" 304 -
120.253.135.82 - - [07/Aug/2020:10:38:07 +0800] "GET /xingrg/javascript/jquery-1.4.2.min.js HTTP/1.1" 304 -
120.253.135.82 - - [07/Aug/2020:10:38:07 +0800] "GET /xingrg/javascript/jquery.form.js HTTP/1.1" 304 -
120.253.135.82 - - [07/Aug/2020:10:38:07 +0800] "GET /xingrg/javascript/jquery_easy_ui/jquery.easyui.min.js HTTP/1.1" 304 -
120.253.135.82 - - [07/Aug/2020:10:38:07 +0800] "GET /xingrg/javascript/jquery_easy_ui/easyui-lang-zh_CN.js HTTP/1.1" 304 -
120.253.135.82 - - [07/Aug/2020:10:38:07 +0800] "GET /xingrg/javascript/jquery.utils.js HTTP/1.1" 304 -
120.253.135.82 - - [07/Aug/2020:10:38:07 +0800] "GET /xingrg/javascript/jquery.timers.js HTTP/1.1" 304 -
172.17.0.102 - - [07/Aug/2020:10:38:07 +0800] "GET /xingrg/kc/print/load_data.html?order_code=212020080702574&kc_code=cgsh HTTP/1.1" 200 2135
120.253.135.82 - - [07/Aug/2020:10:38:07 +0800] "GET /favicon.ico HTTP/1.1" 404 -
120.253.135.82 - - [07/Aug/2020:10:38:07 +0800] "POST /xingrg/all/common/load_tree.html?tree=area_rest_tree_json&manage=1 HTTP/1.1" 200 344
120.253.135.82 - - [07/Aug/2020:10:38:07 +0800] "GET /xingrg/check_reg.html?_=1596768005342 HTTP/1.1" 200 22
120.253.135.82 - - [07/Aug/2020:10:38:07 +0800] "GET /xingrg/all/function/internal_message.html?_=1596768005341&CODE_STATE=count HTTP/1.1" 200 11
120.253.135.82 - - [07/Aug/2020:10:38:07 +0800] "POST /xingrg/load_menu.html HTTP/1.1" 200 6743
180.175.214.200 - - [07/Aug/2020:10:38:08 +0800] "GET /xingrg/all/function/internal_message.html?_=1596768091284&CODE_STATE=getMsg HTTP/1.1" 200 27
116.230.74.197 - - [07/Aug/2020:10:38:11 +0800] "POST /xingrg/services/DataTransmitService HTTP/1.1" 200 524
116.233.74.136 - - [07/Aug/2020:10:38:11 +0800] "GET /xingrg/kc/buy/cgsh_order_operate.html?command=get_materiel&rest_code=00109&code=00101006062&supplier_code=00100015&order_time=2020-08-07 HTTP/1.1" 200 409
116.230.74.197 - - [07/Aug/2020:10:38:11 +0800] "POST /xingrg/services/DataTransmitService HTTP/1.1" 200 2007
180.175.214.200 - - [07/Aug/2020:10:38:13 +0800] "GET /xingrg/kc/buy/cgsh_order_operate.html?command=get_materiel&rest_code=00102&code=00101009007&supplier_code=00100096&order_time=2020-08-07 HTTP/1.1" 200 408
120.253.135.82 - - [07/Aug/2020:10:38:14 +0800] "GET /xingrg/css/base.css HTTP/1.1" 304 -
120.253.135.82 - - [07/Aug/2020:10:38:14 +0800] "GET /xingrg/css/site.css HTTP/1.1" 304 -
120.253.135.82 - - [07/Aug/2020:10:38:14 +0800] "GET /xingrg/javascript/jquery_tools/datebox.css HTTP/1.1" 304 -
120.253.135.82 - - [07/Aug/2020:10:38:14 +0800] "GET /xingrg/javascript/easyui/themes/default/easyui.css HTTP/1.1" 304 -
120.253.135.82 - - [07/Aug/2020:10:38:14 +0800] "GET /xingrg/javascript/auto/jquery.autocomplete.css HTTP/1.1" 304 -
120.253.135.82 - - [07/Aug/2020:10:38:14 +0800] "GET /xingrg/javascript/jquery_tools/table.css HTTP/1.1" 304 -
120.253.135.82 - - [07/Aug/2020:10:38:14 +0800] "GET /xingrg/javascript/easyui/themes/icon.css HTTP/1.1" 304 -
120.253.135.82 - - [07/Aug/2020:10:38:14 +0800] "GET /xingrg/javascript/jquery_tools/fix.css HTTP/1.1" 304 -
120.253.135.82 - - [07/Aug/2020:10:38:14 +0800] "GET /xingrg/javascript/jquery_tools/jquery.tools.table.js HTTP/1.1" 304 -
117.184.7.30 - - [07/Aug/2020:10:38:14 +0800] "GET /xingrg/all/function/internal_message.html?_=1596767882626&CODE_STATE=getMsg HTTP/1.1" 200 27
120.253.135.82 - - [07/Aug/2020:10:38:14 +0800] "GET /xingrg/javascript/jquery_tools/jquery.tools.hotkey.js HTTP/1.1" 304 -
120.253.135.82 - - [07/Aug/2020:10:38:14 +0800] "GET /xingrg/javascript/jquery_tools/jquery.tools.extend.js HTTP/1.1" 304 -
120.253.135.82 - - [07/Aug/2020:10:38:14 +0800] "GET /xingrg/kc/pszx/mdps_order_list.html?orderType=0 HTTP/1.1" 200 21018
120.253.135.82 - - [07/Aug/2020:10:38:14 +0800] "GET /xingrg/javascript/jquery_tools/jquery.tools.min.js HTTP/1.1" 304 -
120.253.135.82 - - [07/Aug/2020:10:38:14 +0800] "GET /xingrg/javascript/jquery_tools/list_manager.js HTTP/1.1" 304 -
120.253.135.82 - - [07/Aug/2020:10:38:14 +0800] "GET /xingrg/javascript/auto/jquery.autocomplete.js HTTP/1.1" 304 -
120.253.135.82 - - [07/Aug/2020:10:38:14 +0800] "GET /xingrg/javascript/jquery.cookie.js HTTP/1.1" 304 -
120.253.135.82 - - [07/Aug/2020:10:38:14 +0800] "GET /xingrg/javascript/easyui/easyloader.js HTTP/1.1" 304 -
120.253.135.82 - - [07/Aug/2020:10:38:14 +0800] "GET /xingrg/javascript/print/LodopFuncs.js HTTP/1.1" 304 -
120.253.135.82 - - [07/Aug/2020:10:38:14 +0800] "GET /xingrg/javascript/easyui/plugins/jquery.parser.js HTTP/1.1" 304 -
120.253.135.82 - - [07/Aug/2020:10:38:14 +0800] "POST /xingrg/kc/pszx/mdps_list_operate.html HTTP/1.1" 200 5471
222.69.136.250 - - [07/Aug/2020:10:38:14 +0800] "GET /xingrg/all/function/internal_message.html?_=1596767885784&CODE_STATE=getMsg HTTP/1.1" 200 27
114.89.80.44 - - [07/Aug/2020:10:38:16 +0800] "GET /xingrg/all/function/internal_message.html?_=1596768024908&CODE_STATE=getMsg HTTP/1.1" 200 27
120.253.135.82 - - [07/Aug/2020:10:38:16 +0800] "GET /xingrg/kc/pszx/mdps_order_add.html HTTP/1.1" 200 28958
120.253.135.82 - - [07/Aug/2020:10:38:17 +0800] "GET /xingrg/javascript/myfunction.js HTTP/1.1" 304 -
120.253.135.82 - - [07/Aug/2020:10:38:17 +0800] "GET /xingrg/javascript/pic_change.js HTTP/1.1" 304 -
120.253.135.82 - - [07/Aug/2020:10:38:17 +0800] "GET /xingrg/javascript/jquery_tools/order_manager.js HTTP/1.1" 304 -
120.253.135.82 - - [07/Aug/2020:10:38:17 +0800] "GET /xingrg/javascript/convert.js HTTP/1.1" 304 -
120.253.135.82 - - [07/Aug/2020:10:38:17 +0800] "GET /xingrg/javascript/json2.js HTTP/1.1" 304 -
120.253.135.82 - - [07/Aug/2020:10:38:17 +0800] "GET /xingrg/javascript/print/kc_print.js HTTP/1.1" 304 -
120.253.135.82 - - [07/Aug/2020:10:38:17 +0800] "GET /xingrg/words/20200806164216_words.js HTTP/1.1" 200 756171
116.230.74.197 - - [07/Aug/2020:10:38:17 +0800] "POST /xingrg/kc/buy/cgsh_order_operate.html HTTP/1.1" 200 37
120.253.135.82 - - [07/Aug/2020:10:38:17 +0800] "POST /xingrg/kc/pszx/mdps_order_operate.html HTTP/1.1" 200 7126
120.253.135.82 - - [07/Aug/2020:10:38:18 +0800] "GET /xingrg/all/common/auto_word.html?type=base&rest_code=00101 HTTP/1.1" 200 513
120.253.135.82 - - [07/Aug/2020:10:38:18 +0800] "GET /xingrg/javascript/easyui/plugins/jquery.validatebox.js HTTP/1.1" 304 -
120.253.135.82 - - [07/Aug/2020:10:38:18 +0800] "GET /xingrg/javascript/easyui/themes/default/validatebox.css HTTP/1.1" 404 1104
172.17.0.123 - - [07/Aug/2020:10:38:18 +0800] "GET /xingrg/all/function/internal_message.html?_=1596767820934&CODE_STATE=getMsg HTTP/1.1" 200 27
120.253.135.82 - - [07/Aug/2020:10:38:18 +0800] "GET /xingrg/javascript/easyui/plugins/jquery.numberbox.js HTTP/1.1" 304 -
116.233.74.136 - - [07/Aug/2020:10:38:18 +0800] "GET /xingrg/kc/buy/cgsh_order_operate.html?command=get_materiel&rest_code=00109&code=00101006133&supplier_code=00100015&order_time=2020-08-07 HTTP/1.1" 200 413
120.253.135.82 - - [07/Aug/2020:10:38:19 +0800] "GET /xingrg/javascript/easyui/plugins/jquery.draggable.js HTTP/1.1" 304 -
120.253.135.82 - - [07/Aug/2020:10:38:19 +0800] "GET /xingrg/javascript/easyui/plugins/jquery.droppable.js HTTP/1.1" 304 -
120.253.135.82 - - [07/Aug/2020:10:38:19 +0800] "GET /xingrg/javascript/easyui/themes/default/tree.css HTTP/1.1" 404 1090
120.253.135.82 - - [07/Aug/2020:10:38:19 +0800] "GET /xingrg/javascript/easyui/plugins/jquery.tree.js HTTP/1.1" 304 -
120.253.135.82 - - [07/Aug/2020:10:38:19 +0800] "POST /xingrg/all/common/load_tree.html?tree=area_rest_tree_json&only_rest=1 HTTP/1.1" 200 3095
120.253.135.82 - - [07/Aug/2020:10:38:19 +0800] "GET /xingrg/javascript/easyui/themes/default/images/tree_arrows.gif HTTP/1.1" 304 -
120.253.135.82 - - [07/Aug/2020:10:38:19 +0800] "GET /xingrg/javascript/easyui/themes/default/images/tree_folder_open.gif HTTP/1.1" 304 -
120.253.135.82 - - [07/Aug/2020:10:38:19 +0800] "GET /xingrg/javascript/easyui/themes/icons/area.png HTTP/1.1" 304 -
120.253.135.82 - - [07/Aug/2020:10:38:19 +0800] "GET /xingrg/javascript/easyui/themes/icons/rest.png HTTP/1.1" 304 -
116.230.74.197 - - [07/Aug/2020:10:38:20 +0800] "POST /xingrg/kc/buy/cgsh_order_operate.html HTTP/1.1" 200 12
116.230.74.197 - - [07/Aug/2020:10:38:21 +0800] "GET /xingrg/kc/buy/cgsh_order_info.html?code=212020080702577 HTTP/1.1" 200 53281
172.17.200.101 - - [07/Aug/2020:10:38:22 +0800] "GET /xingrg/all/function/internal_message.html?_=1596767902267&CODE_STATE=getMsg HTTP/1.1" 200 27
116.230.74.197 - - [07/Aug/2020:10:38:22 +0800] "GET /xingrg/javascript/easyui/themes/default/validatebox.css HTTP/1.1" 404 1104
116.230.74.197 - - [07/Aug/2020:10:38:23 +0800] "POST /xingrg/kc/buy/cgsh_order_operate.html HTTP/1.1" 200 621
114.88.161.57 - - [07/Aug/2020:10:38:23 +0800] "GET /xingrg/check_reg.html?_=1596767937644 HTTP/1.1" 200 22
114.88.161.57 - - [07/Aug/2020:10:38:23 +0800] "GET /xingrg/all/function/internal_message.html?_=1596767937647&CODE_STATE=getMsg HTTP/1.1" 200 27
116.230.74.197 - - [07/Aug/2020:10:38:24 +0800] "GET /xingrg/kc/print/load_data.html?order_code=212020080702577&kc_code=cgsh&condition= HTTP/1.1" 200 687
120.253.135.82 - - [07/Aug/2020:10:38:25 +0800] "POST /xingrg/all/common/load_combo.html?type=base HTTP/1.1" 200 899
116.233.74.136 - - [07/Aug/2020:10:38:25 +0800] "GET /xingrg/kc/buy/cgsh_order_operate.html?command=get_materiel&rest_code=00109&code=00101006058&supplier_code=00100015&order_time=2020-08-07 HTTP/1.1" 200 413
117.185.32.26 - - [07/Aug/2020:10:38:28 +0800] "GET /xingrg/kc/buy/cgsh_order_operate.html?command=get_materiel&rest_code=00106&code=00101008041&supplier_code=00100007&order_time=2020-08-07 HTTP/1.1" 200 408
116.230.74.197 - - [07/Aug/2020:10:38:28 +0800] "GET /xingrg/kc/buy/cgsh_order_add.html HTTP/1.1" 200 58388
116.230.74.197 - - [07/Aug/2020:10:38:29 +0800] "GET /xingrg/javascript/easyui/themes/default/validatebox.css HTTP/1.1" 404 1104
116.230.74.197 - - [07/Aug/2020:10:38:29 +0800] "POST /xingrg/kc/buy/cgsh_order_operate.html HTTP/1.1" 200 8245
116.230.74.197 - - [07/Aug/2020:10:38:30 +0800] "GET /xingrg/javascript/easyui/themes/default/tree.css HTTP/1.1" 404 1090
116.230.74.197 - - [07/Aug/2020:10:38:31 +0800] "POST /xingrg/all/common/load_tree.html?tree=supplier_tree_json&isDelete=1 HTTP/1.1" 200 49675
120.253.135.82 - - [07/Aug/2020:10:38:31 +0800] "GET /xingrg/javascript/auto/indicator.gif HTTP/1.1" 404 1066
116.233.74.136 - - [07/Aug/2020:10:38:31 +0800] "GET /xingrg/kc/buy/cgsh_order_operate.html?command=get_materiel&rest_code=00109&code=00101006122&supplier_code=00100015&order_time=2020-08-07 HTTP/1.1" 200 409
117.184.7.26 - - [07/Aug/2020:10:38:33 +0800] "GET /xingrg/all/function/internal_message.html?_=1596767902084&CODE_STATE=getMsg HTTP/1.1" 200 27
116.235.241.164 - - [07/Aug/2020:10:38:34 +0800] "GET /xingrg/check_reg.html?_=1596767903624 HTTP/1.1" 200 22
116.235.241.164 - - [07/Aug/2020:10:38:34 +0800] "GET /xingrg/all/function/internal_message.html?_=1596767903626&CODE_STATE=getMsg HTTP/1.1" 200 27
120.253.135.82 - - [07/Aug/2020:10:38:35 +0800] "GET /xingrg/kc/pszx/mdps_order_operate.html?command=get_materiel&pszx_code=00101&rest_code=00150&base_code=0010246&code=00101013224 HTTP/1.1" 200 432
218.81.217.115 - - [07/Aug/2020:10:38:36 +0800] "GET /xingrg/check_reg.html?_=1596767933446 HTTP/1.1" 200 22
116.233.74.136 - - [07/Aug/2020:10:38:36 +0800] "GET /xingrg/kc/buy/cgsh_order_operate.html?command=get_materiel&rest_code=00109&code=00101006057&supplier_code=00100015&order_time=2020-08-07 HTTP/1.1" 200 413
117.185.32.26 - - [07/Aug/2020:10:38:37 +0800] "GET /xingrg/all/function/internal_message.html?_=1596768347438&CODE_STATE=getMsg HTTP/1.1" 200 27
117.185.32.26 - - [07/Aug/2020:10:38:37 +0800] "GET /xingrg/kc/buy/cgsh_order_operate.html?command=get_materiel&rest_code=00106&code=00101008092&supplier_code=00100007&order_time=2020-08-07 HTTP/1.1" 200 412
116.235.241.164 - - [07/Aug/2020:10:38:38 +0800] "GET /xingrg/all/function/internal_message.html?_=1596767907791&CODE_STATE=getMsg HTTP/1.1" 200 27
218.81.217.115 - - [07/Aug/2020:10:38:38 +0800] "GET /xingrg/all/function/internal_message.html?_=1596767935918&CODE_STATE=getMsg HTTP/1.1" 200 27
172.17.0.240 - - [07/Aug/2020:10:38:41 +0800] "GET /xingrg/all/function/internal_message.html?_=1596767918050&CODE_STATE=getMsg HTTP/1.1" 200 27
116.233.74.136 - - [07/Aug/2020:10:38:45 +0800] "GET /xingrg/all/function/internal_message.html?_=1596767949554&CODE_STATE=getMsg HTTP/1.1" 200 27
180.175.214.200 - - [07/Aug/2020:10:38:46 +0800] "POST /xingrg/kc/buy/cgsh_order_operate.html HTTP/1.1" 200 37
114.89.80.44 - - [07/Aug/2020:10:38:46 +0800] "GET /xingrg/all/function/internal_message.html?_=1596767921830&CODE_STATE=getMsg HTTP/1.1" 200 27
120.253.135.82 - - [07/Aug/2020:10:38:47 +0800] "GET /xingrg/all/function/internal_message.html?_=1596767676620&CODE_STATE=getMsg HTTP/1.1" 200 27
172.17.0.102 - - [07/Aug/2020:10:38:47 +0800] "GET /xingrg/check_reg.html?_=1596767925452 HTTP/1.1" 200 22
172.17.0.102 - - [07/Aug/2020:10:38:47 +0800] "GET /xingrg/all/function/internal_message.html?_=1596767925454&CODE_STATE=getMsg HTTP/1.1" 200 27
180.175.214.200 - - [07/Aug/2020:10:38:49 +0800] "POST /xingrg/kc/buy/cgsh_order_operate.html HTTP/1.1" 200 12
120.253.135.82 - - [07/Aug/2020:10:38:49 +0800] "POST /xingrg/kc/pszx/mdps_order_operate.html HTTP/1.1" 200 37
180.175.214.200 - - [07/Aug/2020:10:38:50 +0800] "GET /xingrg/kc/buy/cgsh_order_info.html?code=212020080702578 HTTP/1.1" 200 54182
172.17.0.120 - - [07/Aug/2020:10:38:50 +0800] "GET /xingrg/all/function/internal_message.html?_=1596767926989&CODE_STATE=getMsg HTTP/1.1" 200 27
120.253.135.82 - - [07/Aug/2020:10:38:50 +0800] "GET /xingrg/kc/pszx/mdps_order_info.html?code=312020080700196 HTTP/1.1" 200 23847
120.253.135.82 - - [07/Aug/2020:10:38:51 +0800] "POST /xingrg/kc/pszx/mdps_order_operate.html HTTP/1.1" 200 2272
120.253.135.82 - - [07/Aug/2020:10:38:51 +0800] "GET /xingrg/javascript/easyui/themes/default/validatebox.css HTTP/1.1" 404 1104
180.175.214.200 - - [07/Aug/2020:10:38:51 +0800] "GET /xingrg/javascript/easyui/themes/default/validatebox.css HTTP/1.1" 404 1104
180.175.214.200 - - [07/Aug/2020:10:38:51 +0800] "POST /xingrg/kc/buy/cgsh_order_operate.html HTTP/1.1" 200 6540
