101.89.239.216 - - [07/Aug/2020:09:39:28 +0800] "GET /xingrg/login.html HTTP/1.1" 200 7641
114.88.161.57 - - [07/Aug/2020:09:39:31 +0800] "GET /xingrg/all/function/internal_message.html?_=1596764405644&CODE_STATE=getMsg HTTP/1.1" 200 27
114.89.80.44 - - [07/Aug/2020:09:39:33 +0800] "GET /xingrg/kc/buy/cgsh_order_operate.html?command=get_materiel&rest_code=00150&code=00101008223&supplier_code=00100007&order_time=2020-08-07 HTTP/1.1" 200 412
218.81.217.115 - - [07/Aug/2020:09:39:35 +0800] "GET /xingrg/all/function/internal_message.html?_=1596764392513&CODE_STATE=getMsg HTTP/1.1" 200 27
120.253.135.82 - - [07/Aug/2020:09:39:38 +0800] "GET /xingrg/all/function/internal_message.html?_=1596764128689&CODE_STATE=getMsg HTTP/1.1" 200 27
114.89.80.44 - - [07/Aug/2020:09:39:39 +0800] "GET /xingrg/kc/buy/cgsh_order_operate.html?command=get_materiel&rest_code=00150&code=00101008353&supplier_code=00100007&order_time=2020-08-07 HTTP/1.1" 200 408
114.89.80.44 - - [07/Aug/2020:09:39:43 +0800] "POST /xingrg/kc/buy/cgsh_order_operate.html HTTP/1.1" 200 37
114.89.80.44 - - [07/Aug/2020:09:39:44 +0800] "POST /xingrg/kc/buy/cgsh_order_operate.html HTTP/1.1" 200 22751
172.17.0.185 - - [07/Aug/2020:09:39:45 +0800] "GET /xingrg/check_reg.html?_=1596764381075 HTTP/1.1" 200 22
116.230.74.197 - - [07/Aug/2020:09:39:45 +0800] "GET /xingrg/all/function/internal_message.html?_=1596764374473&CODE_STATE=getMsg HTTP/1.1" 200 27
172.17.0.102 - - [07/Aug/2020:09:39:47 +0800] "GET /xingrg/all/function/internal_message.html?_=1596764385189&CODE_STATE=getMsg HTTP/1.1" 200 27
172.17.0.120 - - [07/Aug/2020:09:39:51 +0800] "GET /xingrg/all/function/internal_message.html?_=1596764392795&CODE_STATE=getMsg HTTP/1.1" 200 27
116.235.241.164 - - [07/Aug/2020:09:39:52 +0800] "GET /xingrg/check_reg.html?_=1596764381796 HTTP/1.1" 200 22
117.131.5.26 - - [07/Aug/2020:09:39:52 +0800] "GET /xingrg/all/function/internal_message.html?_=1596764766471&CODE_STATE=getMsg HTTP/1.1" 200 27
114.89.80.44 - - [07/Aug/2020:09:39:55 +0800] "GET /xingrg/all/function/internal_message.html?_=1596764524526&CODE_STATE=getMsg HTTP/1.1" 200 27
114.89.80.44 - - [07/Aug/2020:09:39:55 +0800] "GET /xingrg/all/function/internal_message.html?_=1596764390870&CODE_STATE=getMsg HTTP/1.1" 200 27
61.172.5.115 - - [07/Aug/2020:09:39:59 +0800] "GET /xingrg/all/function/internal_message.html?_=1596764395384&CODE_STATE=getMsg HTTP/1.1" 200 27
117.131.5.26 - - [07/Aug/2020:09:40:00 +0800] "GET /xingrg/all/function/internal_message.html?_=1596764399443&CODE_STATE=getMsg HTTP/1.1" 200 27
117.131.5.26 - - [07/Aug/2020:09:40:01 +0800] "GET /xingrg/all/function/internal_message.html?_=1596764681189&CODE_STATE=getMsg HTTP/1.1" 200 27
180.157.251.101 - - [07/Aug/2020:09:40:01 +0800] "GET /xingrg/all/function/internal_message.html?_=1596764405551&CODE_STATE=getMsg HTTP/1.1" 200 27
58.221.95.50 - - [07/Aug/2020:09:40:13 +0800] "GET /xingrg/check_reg.html?_=1596764536015 HTTP/1.1" 302 -
117.184.7.26 - - [07/Aug/2020:09:40:14 +0800] "GET /xingrg/all/function/internal_message.html?_=1596764402540&CODE_STATE=getMsg HTTP/1.1" 200 27
117.184.7.26 - - [07/Aug/2020:09:40:14 +0800] "GET /xingrg/check_reg.html?_=1596764402542 HTTP/1.1" 200 22
222.69.136.250 - - [07/Aug/2020:09:40:14 +0800] "GET /xingrg/all/function/internal_message.html?_=1596764405687&CODE_STATE=getMsg HTTP/1.1" 200 27
114.89.80.44 - - [07/Aug/2020:09:40:18 +0800] "GET /xingrg/kc/buy/cgsh_order_operate.html?command=get_materiel&rest_code=00150&code=00101020152&supplier_code=00100007&order_time=2020-08-07 HTTP/1.1" 200 416
116.233.74.136 - - [07/Aug/2020:09:40:19 +0800] "GET /xingrg/all/function/internal_message.html?_=1596764492026&CODE_STATE=getMsg HTTP/1.1" 200 27
172.17.200.101 - - [07/Aug/2020:09:40:22 +0800] "GET /xingrg/all/function/internal_message.html?_=1596764422194&CODE_STATE=getMsg HTTP/1.1" 200 27
116.233.74.136 - - [07/Aug/2020:09:40:24 +0800] "POST /xingrg/kc/buy/cgsh_list_operate.html HTTP/1.1" 200 8128
114.89.80.44 - - [07/Aug/2020:09:40:28 +0800] "GET /xingrg/kc/buy/cgsh_order_operate.html?command=get_materiel&rest_code=00150&code=00101008284&supplier_code=00100007&order_time=2020-08-07 HTTP/1.1" 200 413
114.88.161.57 - - [07/Aug/2020:09:40:31 +0800] "GET /xingrg/all/function/internal_message.html?_=1596764465645&CODE_STATE=getMsg HTTP/1.1" 200 27
114.89.80.44 - - [07/Aug/2020:09:40:34 +0800] "GET /xingrg/kc/buy/cgsh_order_operate.html?command=get_materiel&rest_code=00150&code=00101009015&supplier_code=00100007&order_time=2020-08-07 HTTP/1.1" 200 416
218.81.217.115 - - [07/Aug/2020:09:40:35 +0800] "GET /xingrg/all/function/internal_message.html?_=1596764452525&CODE_STATE=getMsg HTTP/1.1" 200 27
116.233.74.136 - - [07/Aug/2020:09:40:38 +0800] "POST /xingrg/kc/buy/cgsh_list_operate.html HTTP/1.1" 200 417
120.253.135.82 - - [07/Aug/2020:09:40:38 +0800] "GET /xingrg/all/function/internal_message.html?_=1596764188976&CODE_STATE=getMsg HTTP/1.1" 200 27
116.230.74.197 - - [07/Aug/2020:09:40:45 +0800] "GET /xingrg/all/function/internal_message.html?_=1596764434477&CODE_STATE=getMsg HTTP/1.1" 200 27
116.230.74.197 - - [07/Aug/2020:09:40:45 +0800] "GET /xingrg/check_reg.html?_=1596764434588 HTTP/1.1" 200 22
114.88.161.57 - - [07/Aug/2020:09:40:46 +0800] "GET /xingrg/kc/buy/cgsh_order_add.html HTTP/1.1" 200 59379
114.88.161.57 - - [07/Aug/2020:09:40:46 +0800] "GET /xingrg/all/common/auto_word.html?type=employee&rest_code=00111 HTTP/1.1" 200 205
114.88.161.57 - - [07/Aug/2020:09:40:46 +0800] "POST /xingrg/kc/buy/cgsh_order_operate.html HTTP/1.1" 200 8245
114.88.161.57 - - [07/Aug/2020:09:40:46 +0800] "GET /xingrg/javascript/easyui/themes/default/validatebox.css HTTP/1.1" 404 1104
114.88.161.57 - - [07/Aug/2020:09:40:46 +0800] "GET /xingrg/all/common/auto_word.html?type=employee&rest_code=00111 HTTP/1.1" 200 205
172.17.0.102 - - [07/Aug/2020:09:40:47 +0800] "GET /xingrg/all/function/internal_message.html?_=1596764445196&CODE_STATE=getMsg HTTP/1.1" 200 27
172.17.0.120 - - [07/Aug/2020:09:40:51 +0800] "GET /xingrg/all/function/internal_message.html?_=1596764452802&CODE_STATE=getMsg HTTP/1.1" 200 27
172.17.0.120 - - [07/Aug/2020:09:40:51 +0800] "GET /xingrg/check_reg.html?_=1596764452812 HTTP/1.1" 200 22
117.131.5.26 - - [07/Aug/2020:09:40:52 +0800] "GET /xingrg/all/function/internal_message.html?_=1596764826467&CODE_STATE=getMsg HTTP/1.1" 200 27
114.89.80.44 - - [07/Aug/2020:09:40:55 +0800] "GET /xingrg/check_reg.html?_=1596764584136 HTTP/1.1" 200 22
114.89.80.44 - - [07/Aug/2020:09:40:55 +0800] "GET /xingrg/all/function/internal_message.html?_=1596764584539&CODE_STATE=getMsg HTTP/1.1" 200 27
114.89.80.44 - - [07/Aug/2020:09:40:55 +0800] "GET /xingrg/all/function/internal_message.html?_=1596764450872&CODE_STATE=getMsg HTTP/1.1" 200 27
61.172.5.115 - - [07/Aug/2020:09:40:59 +0800] "GET /xingrg/all/function/internal_message.html?_=1596764455364&CODE_STATE=getMsg HTTP/1.1" 200 27
117.131.5.26 - - [07/Aug/2020:09:41:00 +0800] "GET /xingrg/all/function/internal_message.html?_=1596764459459&CODE_STATE=getMsg HTTP/1.1" 200 27
117.131.5.26 - - [07/Aug/2020:09:41:01 +0800] "GET /xingrg/all/function/internal_message.html?_=1596764741204&CODE_STATE=getMsg HTTP/1.1" 200 27
114.88.161.57 - - [07/Aug/2020:09:41:01 +0800] "GET /xingrg/javascript/auto/indicator.gif HTTP/1.1" 404 1066
116.233.74.136 - - [07/Aug/2020:09:41:01 +0800] "GET /xingrg/kc/buy/cgsh_order_info.html?code=212020041402991 HTTP/1.1" 200 54323
180.157.251.101 - - [07/Aug/2020:09:41:01 +0800] "GET /xingrg/all/function/internal_message.html?_=1596764465564&CODE_STATE=getMsg HTTP/1.1" 200 27
116.233.74.136 - - [07/Aug/2020:09:41:01 +0800] "GET /xingrg/javascript/easyui/themes/default/validatebox.css HTTP/1.1" 404 1104
116.233.74.136 - - [07/Aug/2020:09:41:02 +0800] "POST /xingrg/kc/buy/cgsh_order_operate.html HTTP/1.1" 200 2379
114.88.161.57 - - [07/Aug/2020:09:41:03 +0800] "GET /xingrg/javascript/jquery_tools/images/prev.gif HTTP/1.1" 404 1086
114.88.161.57 - - [07/Aug/2020:09:41:03 +0800] "GET /xingrg/javascript/jquery_tools/images/next.gif HTTP/1.1" 404 1086
114.88.161.57 - - [07/Aug/2020:09:41:08 +0800] "GET /xingrg/kc/buy/cgsh_order_operate.html?command=get_materiel&rest_code=00111&code=00101015070&supplier_code=00100037&order_time=2020-08-07 HTTP/1.1" 200 413
117.184.7.26 - - [07/Aug/2020:09:41:14 +0800] "GET /xingrg/all/function/internal_message.html?_=1596764462526&CODE_STATE=getMsg HTTP/1.1" 200 27
114.88.161.57 - - [07/Aug/2020:09:41:14 +0800] "GET /xingrg/kc/buy/cgsh_order_operate.html?command=get_materiel&rest_code=00111&code=00101008126&supplier_code=00100037&order_time=2020-08-07 HTTP/1.1" 200 412
222.69.136.250 - - [07/Aug/2020:09:41:14 +0800] "GET /xingrg/all/function/internal_message.html?_=1596764465687&CODE_STATE=getMsg HTTP/1.1" 200 27
116.233.74.136 - - [07/Aug/2020:09:41:18 +0800] "GET /xingrg/check_reg.html?_=1596764552024 HTTP/1.1" 200 22
116.233.74.136 - - [07/Aug/2020:09:41:18 +0800] "GET /xingrg/all/function/internal_message.html?_=1596764552024&CODE_STATE=getMsg HTTP/1.1" 200 27
172.17.200.101 - - [07/Aug/2020:09:41:22 +0800] "GET /xingrg/all/function/internal_message.html?_=1596764482196&CODE_STATE=getMsg HTTP/1.1" 200 27
116.233.74.136 - - [07/Aug/2020:09:41:25 +0800] "POST /xingrg/kc/buy/cgsh_list_operate.html HTTP/1.1" 200 8128
116.233.74.136 - - [07/Aug/2020:09:41:28 +0800] "POST /xingrg/kc/buy/cgsh_list_operate.html HTTP/1.1" 200 271
114.88.161.57 - - [07/Aug/2020:09:41:31 +0800] "GET /xingrg/check_reg.html?_=1596764525678 HTTP/1.1" 200 22
114.88.161.57 - - [07/Aug/2020:09:41:31 +0800] "GET /xingrg/all/function/internal_message.html?_=1596764525680&CODE_STATE=getMsg HTTP/1.1" 200 27
116.233.74.136 - - [07/Aug/2020:09:41:31 +0800] "POST /xingrg/kc/buy/cgsh_list_operate.html HTTP/1.1" 200 410
218.81.217.115 - - [07/Aug/2020:09:41:35 +0800] "GET /xingrg/all/function/internal_message.html?_=1596764512696&CODE_STATE=getMsg HTTP/1.1" 200 27
120.253.135.82 - - [07/Aug/2020:09:41:38 +0800] "GET /xingrg/all/function/internal_message.html?_=1596764248981&CODE_STATE=getMsg HTTP/1.1" 200 27
114.88.161.57 - - [07/Aug/2020:09:41:39 +0800] "GET /xingrg/kc/buy/cgsh_order_operate.html?command=get_materiel&rest_code=00111&code=00101008003&supplier_code=00100037&order_time=2020-08-07 HTTP/1.1" 200 408
58.40.7.146 - - [07/Aug/2020:09:41:40 +0800] "POST /xingrg/services/DataTransmitService HTTP/1.1" 200 524
58.40.7.146 - - [07/Aug/2020:09:41:41 +0800] "POST /xingrg/services/DataTransmitService HTTP/1.1" 200 497
116.230.74.197 - - [07/Aug/2020:09:41:45 +0800] "GET /xingrg/all/function/internal_message.html?_=1596764494477&CODE_STATE=getMsg HTTP/1.1" 200 27
172.17.0.102 - - [07/Aug/2020:09:41:47 +0800] "GET /xingrg/all/function/internal_message.html?_=1596764505191&CODE_STATE=getMsg HTTP/1.1" 200 27
172.17.0.120 - - [07/Aug/2020:09:41:51 +0800] "GET /xingrg/all/function/internal_message.html?_=1596764512797&CODE_STATE=getMsg HTTP/1.1" 200 27
117.131.5.26 - - [07/Aug/2020:09:41:52 +0800] "GET /xingrg/all/function/internal_message.html?_=1596764886477&CODE_STATE=getMsg HTTP/1.1" 200 27
117.131.5.26 - - [07/Aug/2020:09:41:52 +0800] "GET /xingrg/check_reg.html?_=1596764886476 HTTP/1.1" 200 22
116.233.74.136 - - [07/Aug/2020:09:41:53 +0800] "POST /xingrg/kc/buy/cgsh_list_operate.html HTTP/1.1" 200 564
114.89.80.44 - - [07/Aug/2020:09:41:55 +0800] "GET /xingrg/all/function/internal_message.html?_=1596764644553&CODE_STATE=getMsg HTTP/1.1" 200 27
114.89.80.44 - - [07/Aug/2020:09:41:55 +0800] "GET /xingrg/all/function/internal_message.html?_=1596764510877&CODE_STATE=getMsg HTTP/1.1" 200 27
114.89.80.44 - - [07/Aug/2020:09:41:55 +0800] "GET /xingrg/check_reg.html?_=1596764510878 HTTP/1.1" 200 22
114.88.161.57 - - [07/Aug/2020:09:41:57 +0800] "GET /xingrg/kc/buy/cgsh_order_operate.html?command=get_materiel&rest_code=00111&code=00101008304&supplier_code=00100037&order_time=2020-08-07 HTTP/1.1" 200 412
114.89.80.44 - - [07/Aug/2020:09:41:58 +0800] "GET /xingrg/kc/buy/cgsh_order_operate.html?command=get_materiel&rest_code=00150&code=00101008168&supplier_code=00100007&order_time=2020-08-07 HTTP/1.1" 200 413
61.172.5.115 - - [07/Aug/2020:09:41:59 +0800] "GET /xingrg/all/function/internal_message.html?_=1596764515345&CODE_STATE=getMsg HTTP/1.1" 200 27
116.233.74.136 - - [07/Aug/2020:09:41:59 +0800] "GET /xingrg/kc/buy/cgsh_order_info.html?code=212020041904603 HTTP/1.1" 200 54331
116.233.74.136 - - [07/Aug/2020:09:41:59 +0800] "GET /xingrg/javascript/easyui/themes/default/validatebox.css HTTP/1.1" 404 1104
116.233.74.136 - - [07/Aug/2020:09:42:00 +0800] "POST /xingrg/kc/buy/cgsh_order_operate.html HTTP/1.1" 200 7670
117.131.5.26 - - [07/Aug/2020:09:42:00 +0800] "GET /xingrg/all/function/internal_message.html?_=1596764519459&CODE_STATE=getMsg HTTP/1.1" 200 27
117.131.5.26 - - [07/Aug/2020:09:42:01 +0800] "GET /xingrg/all/function/internal_message.html?_=1596764801520&CODE_STATE=getMsg HTTP/1.1" 200 27
180.157.251.101 - - [07/Aug/2020:09:42:01 +0800] "GET /xingrg/all/function/internal_message.html?_=1596764525714&CODE_STATE=getMsg HTTP/1.1" 200 27
114.89.80.44 - - [07/Aug/2020:09:42:05 +0800] "GET /xingrg/kc/buy/cgsh_order_operate.html?command=get_materiel&rest_code=00150&code=00101015038&supplier_code=00100007&order_time=2020-08-07 HTTP/1.1" 200 419
114.89.80.44 - - [07/Aug/2020:09:42:07 +0800] "POST /xingrg/kc/buy/cgsh_order_operate.html HTTP/1.1" 200 2065
101.93.221.5 - - [07/Aug/2020:09:42:07 +0800] "POST /xingrg/services/DataTransmitService HTTP/1.1" 200 524
101.93.221.5 - - [07/Aug/2020:09:42:07 +0800] "POST /xingrg/services/DataTransmitService HTTP/1.1" 200 1863
101.93.221.5 - - [07/Aug/2020:09:42:07 +0800] "POST /xingrg/services/DataTransmitService HTTP/1.1" 200 2247
101.93.221.5 - - [07/Aug/2020:09:42:07 +0800] "POST /xingrg/services/DataTransmitService HTTP/1.1" 200 1423
101.93.221.5 - - [07/Aug/2020:09:42:08 +0800] "POST /xingrg/services/DataTransmitService HTTP/1.1" 200 162752
114.89.80.44 - - [07/Aug/2020:09:42:13 +0800] "GET /xingrg/kc/buy/cgsh_order_operate.html?command=get_materiel&rest_code=00150&code=00101008102&supplier_code=00100007&order_time=2020-08-07 HTTP/1.1" 200 413
114.88.161.57 - - [07/Aug/2020:09:42:13 +0800] "GET /xingrg/kc/buy/cgsh_order_operate.html?command=get_materiel&rest_code=00111&code=00101007109&supplier_code=00100037&order_time=2020-08-07 HTTP/1.1" 200 408
117.184.7.26 - - [07/Aug/2020:09:42:14 +0800] "GET /xingrg/all/function/internal_message.html?_=1596764522526&CODE_STATE=getMsg HTTP/1.1" 200 27
222.69.136.250 - - [07/Aug/2020:09:42:14 +0800] "GET /xingrg/all/function/internal_message.html?_=1596764525687&CODE_STATE=getMsg HTTP/1.1" 200 27
222.69.136.250 - - [07/Aug/2020:09:42:14 +0800] "GET /xingrg/check_reg.html?_=1596764525689 HTTP/1.1" 200 22
116.233.74.136 - - [07/Aug/2020:09:42:16 +0800] "GET /xingrg/all/function/internal_message.html?_=1596764612032&CODE_STATE=getMsg HTTP/1.1" 200 27
114.88.161.57 - - [07/Aug/2020:09:42:20 +0800] "GET /xingrg/kc/buy/cgsh_order_operate.html?command=get_materiel&rest_code=00111&code=00101008353&supplier_code=00100037&order_time=2020-08-07 HTTP/1.1" 200 408
114.89.80.44 - - [07/Aug/2020:09:42:21 +0800] "GET /xingrg/kc/buy/cgsh_order_operate.html?command=get_materiel&rest_code=00150&code=00101015036&supplier_code=00100007&order_time=2020-08-07 HTTP/1.1" 200 413
172.17.200.101 - - [07/Aug/2020:09:42:22 +0800] "GET /xingrg/all/function/internal_message.html?_=1596764542200&CODE_STATE=getMsg HTTP/1.1" 200 27
116.233.74.136 - - [07/Aug/2020:09:42:22 +0800] "POST /xingrg/kc/buy/cgsh_list_operate.html HTTP/1.1" 200 8128
114.89.80.44 - - [07/Aug/2020:09:42:27 +0800] "GET /xingrg/kc/buy/cgsh_order_operate.html?command=get_materiel&rest_code=00150&code=00101008229&supplier_code=00100007&order_time=2020-08-07 HTTP/1.1" 200 420
116.233.74.136 - - [07/Aug/2020:09:42:27 +0800] "POST /xingrg/kc/buy/cgsh_list_operate.html HTTP/1.1" 200 417
114.88.161.57 - - [07/Aug/2020:09:42:31 +0800] "GET /xingrg/all/function/internal_message.html?_=1596764585693&CODE_STATE=getMsg HTTP/1.1" 200 27
116.233.74.136 - - [07/Aug/2020:09:42:31 +0800] "POST /xingrg/kc/buy/cgsh_list_operate.html HTTP/1.1" 200 346
114.88.153.107 - - [07/Aug/2020:09:42:33 +0800] "GET /xingrg/check_reg.html?_=1596764547635 HTTP/1.1" 200 22
114.89.80.44 - - [07/Aug/2020:09:42:33 +0800] "GET /xingrg/kc/buy/cgsh_order_operate.html?command=get_materiel&rest_code=00150&code=00101008298&supplier_code=00100007&order_time=2020-08-07 HTTP/1.1" 200 412
218.81.217.115 - - [07/Aug/2020:09:42:35 +0800] "GET /xingrg/all/function/internal_message.html?_=1596764572708&CODE_STATE=getMsg HTTP/1.1" 200 27
120.253.135.82 - - [07/Aug/2020:09:42:37 +0800] "GET /xingrg/check_reg.html?_=1596764308077 HTTP/1.1" 200 22
120.253.135.82 - - [07/Aug/2020:09:42:38 +0800] "GET /xingrg/all/function/internal_message.html?_=1596764308995&CODE_STATE=getMsg HTTP/1.1" 200 27
114.89.80.44 - - [07/Aug/2020:09:42:40 +0800] "GET /xingrg/kc/buy/cgsh_order_operate.html?command=get_materiel&rest_code=00150&code=00101008114&supplier_code=00100007&order_time=2020-08-07 HTTP/1.1" 200 412
116.233.74.136 - - [07/Aug/2020:09:42:42 +0800] "POST /xingrg/kc/buy/cgsh_list_operate.html HTTP/1.1" 200 562
114.88.161.57 - - [07/Aug/2020:09:42:45 +0800] "GET /xingrg/kc/buy/cgsh_order_operate.html?command=get_materiel&rest_code=00111&code=00101008092&supplier_code=00100037&order_time=2020-08-07 HTTP/1.1" 200 412
116.230.74.197 - - [07/Aug/2020:09:42:45 +0800] "GET /xingrg/all/function/internal_message.html?_=1596764554477&CODE_STATE=getMsg HTTP/1.1" 200 27
172.17.0.102 - - [07/Aug/2020:09:42:47 +0800] "GET /xingrg/all/function/internal_message.html?_=1596764565201&CODE_STATE=getMsg HTTP/1.1" 200 27
172.17.0.120 - - [07/Aug/2020:09:42:51 +0800] "GET /xingrg/all/function/internal_message.html?_=1596764572809&CODE_STATE=getMsg HTTP/1.1" 200 27
116.233.74.136 - - [07/Aug/2020:09:42:51 +0800] "GET /xingrg/kc/buy/cgsh_order_info.html?code=212020042305888 HTTP/1.1" 200 54323
116.233.74.136 - - [07/Aug/2020:09:42:51 +0800] "GET /xingrg/javascript/easyui/themes/default/validatebox.css HTTP/1.1" 404 1104
116.233.74.136 - - [07/Aug/2020:09:42:51 +0800] "POST /xingrg/kc/buy/cgsh_order_operate.html HTTP/1.1" 200 5315
117.131.5.26 - - [07/Aug/2020:09:42:52 +0800] "GET /xingrg/all/function/internal_message.html?_=1596764946470&CODE_STATE=getMsg HTTP/1.1" 200 27
114.88.161.57 - - [07/Aug/2020:09:42:55 +0800] "GET /xingrg/kc/buy/cgsh_order_operate.html?command=get_materiel&rest_code=00111&code=00101008132&supplier_code=00100037&order_time=2020-08-07 HTTP/1.1" 200 408
114.89.80.44 - - [07/Aug/2020:09:42:55 +0800] "POST /xingrg/kc/buy/cgsh_order_operate.html HTTP/1.1" 200 37
114.89.80.44 - - [07/Aug/2020:09:42:55 +0800] "GET /xingrg/all/function/internal_message.html?_=1596764704567&CODE_STATE=getMsg HTTP/1.1" 200 27
114.89.80.44 - - [07/Aug/2020:09:42:56 +0800] "GET /xingrg/all/function/internal_message.html?_=1596764571289&CODE_STATE=getMsg HTTP/1.1" 200 27
114.89.80.44 - - [07/Aug/2020:09:42:56 +0800] "POST /xingrg/kc/buy/cgsh_order_operate.html HTTP/1.1" 200 28695
61.172.5.115 - - [07/Aug/2020:09:42:59 +0800] "GET /xingrg/check_reg.html?_=1596764575282 HTTP/1.1" 200 22
61.172.5.115 - - [07/Aug/2020:09:42:59 +0800] "GET /xingrg/all/function/internal_message.html?_=1596764575315&CODE_STATE=getMsg HTTP/1.1" 200 27
117.131.5.26 - - [07/Aug/2020:09:43:00 +0800] "GET /xingrg/check_reg.html?_=1596764578896 HTTP/1.1" 200 22
117.131.5.26 - - [07/Aug/2020:09:43:00 +0800] "GET /xingrg/all/function/internal_message.html?_=1596764579459&CODE_STATE=getMsg HTTP/1.1" 200 27
117.131.5.26 - - [07/Aug/2020:09:43:01 +0800] "GET /xingrg/all/function/internal_message.html?_=1596764861526&CODE_STATE=getMsg HTTP/1.1" 200 27
180.157.251.101 - - [07/Aug/2020:09:43:01 +0800] "GET /xingrg/all/function/internal_message.html?_=1596764585716&CODE_STATE=getMsg HTTP/1.1" 200 27
218.81.217.115 - - [07/Aug/2020:09:43:05 +0800] "GET /xingrg/check_reg.html?_=1596764569613 HTTP/1.1" 200 22
114.88.161.57 - - [07/Aug/2020:09:43:11 +0800] "GET /xingrg/kc/buy/cgsh_order_operate.html?command=get_materiel&rest_code=00111&code=00101015012&supplier_code=00100037&order_time=2020-08-07 HTTP/1.1" 200 412
117.184.7.26 - - [07/Aug/2020:09:43:14 +0800] "GET /xingrg/all/function/internal_message.html?_=1596764582533&CODE_STATE=getMsg HTTP/1.1" 200 27
222.69.136.250 - - [07/Aug/2020:09:43:14 +0800] "GET /xingrg/all/function/internal_message.html?_=1596764585688&CODE_STATE=getMsg HTTP/1.1" 200 27
116.233.74.136 - - [07/Aug/2020:09:43:15 +0800] "GET /xingrg/all/function/internal_message.html?_=1596764672015&CODE_STATE=getMsg HTTP/1.1" 200 27
114.88.161.57 - - [07/Aug/2020:09:43:18 +0800] "GET /xingrg/kc/buy/cgsh_order_operate.html?command=get_materiel&rest_code=00111&code=00101015033&supplier_code=00100037&order_time=2020-08-07 HTTP/1.1" 200 408
172.17.200.101 - - [07/Aug/2020:09:43:22 +0800] "GET /xingrg/all/function/internal_message.html?_=1596764602202&CODE_STATE=getMsg HTTP/1.1" 200 27
114.88.161.57 - - [07/Aug/2020:09:43:23 +0800] "GET /xingrg/kc/buy/cgsh_order_operate.html?command=get_materiel&rest_code=00111&code=00101015039&supplier_code=00100037&order_time=2020-08-07 HTTP/1.1" 200 412
114.88.161.57 - - [07/Aug/2020:09:43:31 +0800] "GET /xingrg/all/function/internal_message.html?_=1596764645655&CODE_STATE=getMsg HTTP/1.1" 200 27
218.81.217.115 - - [07/Aug/2020:09:43:34 +0800] "GET /xingrg/check_reg.html?_=1596764631659 HTTP/1.1" 200 22
218.81.217.115 - - [07/Aug/2020:09:43:35 +0800] "GET /xingrg/all/function/internal_message.html?_=1596764632722&CODE_STATE=getMsg HTTP/1.1" 200 27
120.253.135.82 - - [07/Aug/2020:09:43:38 +0800] "GET /xingrg/all/function/internal_message.html?_=1596764369009&CODE_STATE=getMsg HTTP/1.1" 200 27
114.88.161.57 - - [07/Aug/2020:09:43:38 +0800] "GET /xingrg/kc/buy/cgsh_order_operate.html?command=get_materiel&rest_code=00111&code=00101016105&supplier_code=00100037&order_time=2020-08-07 HTTP/1.1" 200 409
116.230.74.197 - - [07/Aug/2020:09:43:45 +0800] "GET /xingrg/all/function/internal_message.html?_=1596764614483&CODE_STATE=getMsg HTTP/1.1" 200 27
172.17.0.102 - - [07/Aug/2020:09:43:47 +0800] "GET /xingrg/all/function/internal_message.html?_=1596764625194&CODE_STATE=getMsg HTTP/1.1" 200 27
172.17.0.102 - - [07/Aug/2020:09:43:47 +0800] "GET /xingrg/check_reg.html?_=1596764625192 HTTP/1.1" 200 22
172.17.0.120 - - [07/Aug/2020:09:43:51 +0800] "GET /xingrg/all/function/internal_message.html?_=1596764632796&CODE_STATE=getMsg HTTP/1.1" 200 27
117.131.5.26 - - [07/Aug/2020:09:43:52 +0800] "GET /xingrg/all/function/internal_message.html?_=1596765006458&CODE_STATE=getMsg HTTP/1.1" 200 27
114.89.80.44 - - [07/Aug/2020:09:43:55 +0800] "GET /xingrg/all/function/internal_message.html?_=1596764764595&CODE_STATE=getMsg HTTP/1.1" 200 27
114.89.80.44 - - [07/Aug/2020:09:43:56 +0800] "GET /xingrg/all/function/internal_message.html?_=1596764631270&CODE_STATE=getMsg HTTP/1.1" 200 27
61.172.5.115 - - [07/Aug/2020:09:43:59 +0800] "GET /xingrg/all/function/internal_message.html?_=1596764635297&CODE_STATE=getMsg HTTP/1.1" 200 27
117.131.5.26 - - [07/Aug/2020:09:44:00 +0800] "GET /xingrg/check_reg.html?_=1596764920039 HTTP/1.1" 200 22
117.131.5.26 - - [07/Aug/2020:09:44:00 +0800] "GET /xingrg/all/function/internal_message.html?_=1596764639459&CODE_STATE=getMsg HTTP/1.1" 200 27
117.131.5.26 - - [07/Aug/2020:09:44:01 +0800] "GET /xingrg/all/function/internal_message.html?_=1596764921536&CODE_STATE=getMsg HTTP/1.1" 200 27
180.157.251.101 - - [07/Aug/2020:09:44:01 +0800] "GET /xingrg/check_reg.html?_=1596764645579 HTTP/1.1" 200 22
180.157.251.101 - - [07/Aug/2020:09:44:02 +0800] "GET /xingrg/all/function/internal_message.html?_=1596764645729&CODE_STATE=getMsg HTTP/1.1" 200 27
117.184.7.26 - - [07/Aug/2020:09:44:14 +0800] "GET /xingrg/all/function/internal_message.html?_=1596764642535&CODE_STATE=getMsg HTTP/1.1" 200 27
222.69.136.250 - - [07/Aug/2020:09:44:14 +0800] "GET /xingrg/all/function/internal_message.html?_=1596764645689&CODE_STATE=getMsg HTTP/1.1" 200 27
116.233.74.136 - - [07/Aug/2020:09:44:14 +0800] "GET /xingrg/all/function/internal_message.html?_=1596764732015&CODE_STATE=getMsg HTTP/1.1" 200 27
172.17.200.101 - - [07/Aug/2020:09:44:22 +0800] "GET /xingrg/check_reg.html?_=1596764662206 HTTP/1.1" 200 22
172.17.200.101 - - [07/Aug/2020:09:44:22 +0800] "GET /xingrg/all/function/internal_message.html?_=1596764662210&CODE_STATE=getMsg HTTP/1.1" 200 27
114.88.161.57 - - [07/Aug/2020:09:44:31 +0800] "GET /xingrg/all/function/internal_message.html?_=1596764705655&CODE_STATE=getMsg HTTP/1.1" 200 27
114.88.161.57 - - [07/Aug/2020:09:44:34 +0800] "POST /xingrg/services/DataTransmitService HTTP/1.1" 200 524
218.81.217.115 - - [07/Aug/2020:09:44:35 +0800] "GET /xingrg/all/function/internal_message.html?_=1596764692736&CODE_STATE=getMsg HTTP/1.1" 200 27
120.253.135.82 - - [07/Aug/2020:09:44:38 +0800] "GET /xingrg/all/function/internal_message.html?_=1596764429022&CODE_STATE=getMsg HTTP/1.1" 200 27
114.88.161.57 - - [07/Aug/2020:09:44:40 +0800] "POST /xingrg/services/DataTransmitService HTTP/1.1" 200 501
172.17.0.185 - - [07/Aug/2020:09:44:45 +0800] "GET /xingrg/check_reg.html?_=1596764681051 HTTP/1.1" 200 22
116.230.74.197 - - [07/Aug/2020:09:44:45 +0800] "GET /xingrg/all/function/internal_message.html?_=1596764674482&CODE_STATE=getMsg HTTP/1.1" 200 27
172.17.0.102 - - [07/Aug/2020:09:44:47 +0800] "GET /xingrg/all/function/internal_message.html?_=1596764685185&CODE_STATE=getMsg HTTP/1.1" 200 27
172.17.0.120 - - [07/Aug/2020:09:44:51 +0800] "GET /xingrg/all/function/internal_message.html?_=1596764692800&CODE_STATE=getMsg HTTP/1.1" 200 27
116.235.241.164 - - [07/Aug/2020:09:44:52 +0800] "GET /xingrg/check_reg.html?_=1596764681772 HTTP/1.1" 200 22
117.131.5.26 - - [07/Aug/2020:09:44:52 +0800] "GET /xingrg/all/function/internal_message.html?_=1596765066468&CODE_STATE=getMsg HTTP/1.1" 200 27
114.89.80.44 - - [07/Aug/2020:09:44:55 +0800] "GET /xingrg/all/function/internal_message.html?_=1596764824610&CODE_STATE=getMsg HTTP/1.1" 200 27
114.89.80.44 - - [07/Aug/2020:09:44:56 +0800] "GET /xingrg/all/function/internal_message.html?_=1596764691253&CODE_STATE=getMsg HTTP/1.1" 200 27
61.172.5.115 - - [07/Aug/2020:09:44:59 +0800] "GET /xingrg/all/function/internal_message.html?_=1596764695280&CODE_STATE=getMsg HTTP/1.1" 200 27
117.131.5.26 - - [07/Aug/2020:09:45:00 +0800] "GET /xingrg/all/function/internal_message.html?_=1596764699459&CODE_STATE=getMsg HTTP/1.1" 200 27
117.131.5.26 - - [07/Aug/2020:09:45:01 +0800] "GET /xingrg/all/function/internal_message.html?_=1596764981556&CODE_STATE=getMsg HTTP/1.1" 200 27
180.157.251.101 - - [07/Aug/2020:09:45:02 +0800] "GET /xingrg/all/function/internal_message.html?_=1596764705744&CODE_STATE=getMsg HTTP/1.1" 200 27
116.233.74.136 - - [07/Aug/2020:09:45:06 +0800] "POST /xingrg/kc/buy/cgsh_list_operate.html HTTP/1.1" 200 8128
58.221.95.50 - - [07/Aug/2020:09:45:13 +0800] "GET /xingrg/check_reg.html?_=1596764836016 HTTP/1.1" 302 -
116.233.74.136 - - [07/Aug/2020:09:45:13 +0800] "GET /xingrg/all/function/internal_message.html?_=1596764792031&CODE_STATE=getMsg HTTP/1.1" 200 27
117.184.7.26 - - [07/Aug/2020:09:45:14 +0800] "GET /xingrg/all/function/internal_message.html?_=1596764702534&CODE_STATE=getMsg HTTP/1.1" 200 27
117.184.7.26 - - [07/Aug/2020:09:45:14 +0800] "GET /xingrg/check_reg.html?_=1596764702537 HTTP/1.1" 200 22
222.69.136.250 - - [07/Aug/2020:09:45:14 +0800] "GET /xingrg/all/function/internal_message.html?_=1596764705698&CODE_STATE=getMsg HTTP/1.1" 200 27
114.88.161.57 - - [07/Aug/2020:09:45:15 +0800] "GET /xingrg/kc/buy/cgsh_order_operate.html?command=get_materiel&rest_code=00111&code=00101012025&supplier_code=00100037&order_time=2020-08-07 HTTP/1.1" 200 412
114.88.161.57 - - [07/Aug/2020:09:45:22 +0800] "GET /xingrg/kc/buy/cgsh_order_operate.html?command=get_materiel&rest_code=00111&code=00101016025&supplier_code=00100037&order_time=2020-08-07 HTTP/1.1" 200 408
172.17.200.101 - - [07/Aug/2020:09:45:22 +0800] "GET /xingrg/all/function/internal_message.html?_=1596764722211&CODE_STATE=getMsg HTTP/1.1" 200 27
116.233.74.136 - - [07/Aug/2020:09:45:27 +0800] "POST /xingrg/kc/buy/cgsh_list_operate.html HTTP/1.1" 200 414
114.88.161.57 - - [07/Aug/2020:09:45:31 +0800] "GET /xingrg/all/function/internal_message.html?_=1596764765656&CODE_STATE=getMsg HTTP/1.1" 200 27
114.89.80.44 - - [07/Aug/2020:09:45:35 +0800] "POST /xingrg/kc/buy/cgsh_order_operate.html HTTP/1.1" 200 37
218.81.217.115 - - [07/Aug/2020:09:45:35 +0800] "GET /xingrg/all/function/internal_message.html?_=1596764752749&CODE_STATE=getMsg HTTP/1.1" 200 27
114.89.80.44 - - [07/Aug/2020:09:45:37 +0800] "POST /xingrg/kc/buy/cgsh_order_operate.html HTTP/1.1" 200 12
114.88.161.57 - - [07/Aug/2020:09:45:37 +0800] "GET /xingrg/kc/buy/cgsh_order_operate.html?command=get_materiel&rest_code=00111&code=00101004056&supplier_code=00100037&order_time=2020-08-07 HTTP/1.1" 200 418
114.89.80.44 - - [07/Aug/2020:09:45:39 +0800] "GET /xingrg/kc/buy/cgsh_order_info.html?code=212020080702535 HTTP/1.1" 200 54206
120.253.135.82 - - [07/Aug/2020:09:45:39 +0800] "GET /xingrg/all/function/internal_message.html?_=1596764489303&CODE_STATE=getMsg HTTP/1.1" 200 27
114.89.80.44 - - [07/Aug/2020:09:45:39 +0800] "GET /xingrg/javascript/easyui/themes/default/validatebox.css HTTP/1.1" 404 1104
114.89.80.44 - - [07/Aug/2020:09:45:39 +0800] "POST /xingrg/kc/buy/cgsh_order_operate.html HTTP/1.1" 200 26644
114.89.80.44 - - [07/Aug/2020:09:45:42 +0800] "GET /xingrg/kc/print/load_config.html?kc_code=cgsh HTTP/1.1" 200 1845
114.89.80.44 - - [07/Aug/2020:09:45:42 +0800] "GET /xingrg/kc/print/load_data.html?order_code=212020080702535&kc_code=cgsh&condition= HTTP/1.1" 200 10619
114.88.161.57 - - [07/Aug/2020:09:45:45 +0800] "GET /xingrg/kc/buy/cgsh_order_operate.html?command=get_materiel&rest_code=00111&code=00101016030&supplier_code=00100037&order_time=2020-08-07 HTTP/1.1" 200 412
116.230.74.197 - - [07/Aug/2020:09:45:45 +0800] "GET /xingrg/all/function/internal_message.html?_=1596764734482&CODE_STATE=getMsg HTTP/1.1" 200 27
116.230.74.197 - - [07/Aug/2020:09:45:45 +0800] "GET /xingrg/check_reg.html?_=1596764734583 HTTP/1.1" 200 22
172.17.0.102 - - [07/Aug/2020:09:45:47 +0800] "GET /xingrg/all/function/internal_message.html?_=1596764745222&CODE_STATE=getMsg HTTP/1.1" 200 27
116.233.74.136 - - [07/Aug/2020:09:45:48 +0800] "POST /xingrg/kc/buy/cgsh_list_operate.html HTTP/1.1" 200 271
172.17.0.120 - - [07/Aug/2020:09:45:51 +0800] "GET /xingrg/all/function/internal_message.html?_=1596764752805&CODE_STATE=getMsg HTTP/1.1" 200 27
172.17.0.120 - - [07/Aug/2020:09:45:51 +0800] "GET /xingrg/check_reg.html?_=1596764752809 HTTP/1.1" 200 22
117.131.5.26 - - [07/Aug/2020:09:45:52 +0800] "GET /xingrg/all/function/internal_message.html?_=1596765126480&CODE_STATE=getMsg HTTP/1.1" 200 27
116.233.74.136 - - [07/Aug/2020:09:45:53 +0800] "GET /xingrg/kc/buy/cgsh_order_info.html?code=212020043008537 HTTP/1.1" 200 54323
116.233.74.136 - - [07/Aug/2020:09:45:53 +0800] "GET /xingrg/javascript/easyui/themes/default/validatebox.css HTTP/1.1" 404 1104
116.233.74.136 - - [07/Aug/2020:09:45:53 +0800] "POST /xingrg/kc/buy/cgsh_order_operate.html HTTP/1.1" 200 1191
114.88.161.57 - - [07/Aug/2020:09:45:54 +0800] "GET /xingrg/kc/buy/cgsh_order_operate.html?command=get_materiel&rest_code=00111&code=00101015038&supplier_code=00100037&order_time=2020-08-07 HTTP/1.1" 200 418
114.89.80.44 - - [07/Aug/2020:09:45:55 +0800] "GET /xingrg/check_reg.html?_=1596764884160 HTTP/1.1" 200 22
114.89.80.44 - - [07/Aug/2020:09:45:55 +0800] "GET /xingrg/all/function/internal_message.html?_=1596764884622&CODE_STATE=getMsg HTTP/1.1" 200 27
114.89.80.44 - - [07/Aug/2020:09:45:56 +0800] "GET /xingrg/all/function/internal_message.html?_=1596764751244&CODE_STATE=getMsg HTTP/1.1" 200 27
114.88.161.57 - - [07/Aug/2020:09:45:58 +0800] "POST /xingrg/kc/buy/cgsh_order_operate.html HTTP/1.1" 200 2065
61.172.5.115 - - [07/Aug/2020:09:45:59 +0800] "GET /xingrg/all/function/internal_message.html?_=1596764755279&CODE_STATE=getMsg HTTP/1.1" 200 27
117.131.5.26 - - [07/Aug/2020:09:46:00 +0800] "GET /xingrg/all/function/internal_message.html?_=1596764759459&CODE_STATE=getMsg HTTP/1.1" 200 27
117.131.5.26 - - [07/Aug/2020:09:46:01 +0800] "GET /xingrg/all/function/internal_message.html?_=1596765041569&CODE_STATE=getMsg HTTP/1.1" 200 27
114.88.161.57 - - [07/Aug/2020:09:46:01 +0800] "GET /xingrg/kc/buy/cgsh_order_operate.html?command=get_materiel&rest_code=00111&code=00101015046&supplier_code=00100037&order_time=2020-08-07 HTTP/1.1" 200 412
180.157.251.101 - - [07/Aug/2020:09:46:02 +0800] "GET /xingrg/all/function/internal_message.html?_=1596764765758&CODE_STATE=getMsg HTTP/1.1" 200 27
114.88.161.57 - - [07/Aug/2020:09:46:07 +0800] "GET /xingrg/kc/buy/cgsh_order_operate.html?command=get_materiel&rest_code=00111&code=00101009016&supplier_code=00100037&order_time=2020-08-07 HTTP/1.1" 200 414
116.233.74.136 - - [07/Aug/2020:09:46:12 +0800] "GET /xingrg/check_reg.html?_=1596764852027 HTTP/1.1" 200 22
116.233.74.136 - - [07/Aug/2020:09:46:12 +0800] "GET /xingrg/all/function/internal_message.html?_=1596764852027&CODE_STATE=getMsg HTTP/1.1" 200 27
117.184.7.26 - - [07/Aug/2020:09:46:14 +0800] "GET /xingrg/all/function/internal_message.html?_=1596764762537&CODE_STATE=getMsg HTTP/1.1" 200 27
222.69.136.250 - - [07/Aug/2020:09:46:14 +0800] "GET /xingrg/all/function/internal_message.html?_=1596764765709&CODE_STATE=getMsg HTTP/1.1" 200 27
172.17.200.101 - - [07/Aug/2020:09:46:22 +0800] "GET /xingrg/all/function/internal_message.html?_=1596764782198&CODE_STATE=getMsg HTTP/1.1" 200 27
116.233.74.136 - - [07/Aug/2020:09:46:22 +0800] "POST /xingrg/kc/buy/cgsh_list_operate.html HTTP/1.1" 200 8128
114.88.161.57 - - [07/Aug/2020:09:46:25 +0800] "GET /xingrg/kc/buy/cgsh_order_operate.html?command=get_materiel&rest_code=00111&code=00101009013&supplier_code=00100037&order_time=2020-08-07 HTTP/1.1" 200 420
117.184.7.26 - - [07/Aug/2020:09:46:28 +0800] "POST /xingrg/kc/buy/cgsh_list_operate.html HTTP/1.1" 200 2770
117.184.7.26 - - [07/Aug/2020:09:46:28 +0800] "GET /xingrg/kc/buy/cgsh_order_add.html HTTP/1.1" 200 59344
117.184.7.26 - - [07/Aug/2020:09:46:29 +0800] "POST /xingrg/kc/buy/cgsh_order_operate.html HTTP/1.1" 200 8245
117.184.7.26 - - [07/Aug/2020:09:46:29 +0800] "GET /xingrg/javascript/easyui/themes/default/validatebox.css HTTP/1.1" 404 1104
114.88.161.57 - - [07/Aug/2020:09:46:31 +0800] "GET /xingrg/check_reg.html?_=1596764825674 HTTP/1.1" 200 22
114.88.161.57 - - [07/Aug/2020:09:46:31 +0800] "GET /xingrg/all/function/internal_message.html?_=1596764825675&CODE_STATE=getMsg HTTP/1.1" 200 27
114.88.161.57 - - [07/Aug/2020:09:46:34 +0800] "GET /xingrg/kc/buy/cgsh_order_operate.html?command=get_materiel&rest_code=00111&code=00101015006&supplier_code=00100037&order_time=2020-08-07 HTTP/1.1" 200 412
117.184.7.26 - - [07/Aug/2020:09:46:34 +0800] "GET /xingrg/kc/buy/cgsh_order_operate.html?command=get_materiel&rest_code=00108&code=00101011005&supplier_code=00100047&order_time=2020-08-07 HTTP/1.1" 200 428
218.81.217.115 - - [07/Aug/2020:09:46:35 +0800] "GET /xingrg/all/function/internal_message.html?_=1596764812925&CODE_STATE=getMsg HTTP/1.1" 200 27
120.253.135.82 - - [07/Aug/2020:09:46:39 +0800] "GET /xingrg/all/function/internal_message.html?_=1596764549315&CODE_STATE=getMsg HTTP/1.1" 200 27
117.184.7.26 - - [07/Aug/2020:09:46:40 +0800] "POST /xingrg/kc/buy/cgsh_order_operate.html HTTP/1.1" 200 37
114.88.161.57 - - [07/Aug/2020:09:46:40 +0800] "GET /xingrg/kc/buy/cgsh_order_operate.html?command=get_materiel&rest_code=00111&code=00101008123&supplier_code=00100037&order_time=2020-08-07 HTTP/1.1" 200 412
117.184.7.26 - - [07/Aug/2020:09:46:41 +0800] "POST /xingrg/kc/buy/cgsh_order_operate.html HTTP/1.1" 200 2656
180.175.214.200 - - [07/Aug/2020:09:46:42 +0800] "GET /xingrg/login.html HTTP/1.1" 200 7641
180.175.214.200 - - [07/Aug/2020:09:46:43 +0800] "GET /xingrg/images/blue/login_bg.png HTTP/1.1" 304 -
180.175.214.200 - - [07/Aug/2020:09:46:43 +0800] "GET /xingrg/images/blue/jxLogo.png HTTP/1.1" 304 -
114.88.161.57 - - [07/Aug/2020:09:46:43 +0800] "POST /xingrg/kc/buy/cgsh_order_operate.html HTTP/1.1" 200 2065
180.175.214.200 - - [07/Aug/2020:09:46:43 +0800] "GET /xingrg/images/blue/hj.png HTTP/1.1" 304 -
180.175.214.200 - - [07/Aug/2020:09:46:43 +0800] "GET /xingrg/images/blue/srbg.png HTTP/1.1" 304 -
117.184.7.26 - - [07/Aug/2020:09:46:43 +0800] "GET /xingrg/kc/print/load_data.html?order_code=212020080702544&kc_code=cgsh&condition= HTTP/1.1" 200 721
180.175.214.200 - - [07/Aug/2020:09:46:43 +0800] "GET /favicon.ico HTTP/1.1" 404 -
116.230.74.197 - - [07/Aug/2020:09:46:45 +0800] "GET /xingrg/all/function/internal_message.html?_=1596764794505&CODE_STATE=getMsg HTTP/1.1" 200 27
172.17.0.102 - - [07/Aug/2020:09:46:47 +0800] "GET /xingrg/all/function/internal_message.html?_=1596764805214&CODE_STATE=getMsg HTTP/1.1" 200 27
172.17.0.120 - - [07/Aug/2020:09:46:51 +0800] "GET /xingrg/all/function/internal_message.html?_=1596764812796&CODE_STATE=getMsg HTTP/1.1" 200 27
180.175.214.200 - - [07/Aug/2020:09:46:51 +0800] "POST /xingrg/login.do HTTP/1.1" 302 -
180.175.214.200 - - [07/Aug/2020:09:46:51 +0800] "GET /xingrg/javascript/jquery_easy_ui/themes/icon.css HTTP/1.1" 304 -
180.175.214.200 - - [07/Aug/2020:09:46:51 +0800] "GET /xingrg/javascript/jquery_easy_ui/themes/default/easyui.css HTTP/1.1" 304 -
180.175.214.200 - - [07/Aug/2020:09:46:51 +0800] "GET /xingrg/css/form.css HTTP/1.1" 304 -
180.175.214.200 - - [07/Aug/2020:09:46:51 +0800] "GET /xingrg/index.html?sysBaseUrl=http%3A%2F%2F180.169.147.146%3A18081%2Fxingrg%2F&costTime=42×tamp=1596764811690 HTTP/1.1" 200 17173
180.175.214.200 - - [07/Aug/2020:09:46:51 +0800] "GET /xingrg/javascript/jquery-1.4.2.min.js HTTP/1.1" 304 -
180.175.214.200 - - [07/Aug/2020:09:46:51 +0800] "GET /xingrg/javascript/jquery_easy_ui/jquery.easyui.min.js HTTP/1.1" 304 -
180.175.214.200 - - [07/Aug/2020:09:46:51 +0800] "GET /xingrg/javascript/jquery_easy_ui/easyui-lang-zh_CN.js HTTP/1.1" 304 -
180.175.214.200 - - [07/Aug/2020:09:46:51 +0800] "GET /xingrg/javascript/jquery.form.js HTTP/1.1" 304 -
180.175.214.200 - - [07/Aug/2020:09:46:51 +0800] "GET /xingrg/javascript/jquery.utils.js HTTP/1.1" 304 -
180.175.214.200 - - [07/Aug/2020:09:46:51 +0800] "GET /xingrg/javascript/jquery.timers.js HTTP/1.1" 304 -
180.175.214.200 - - [07/Aug/2020:09:46:52 +0800] "GET /favicon.ico HTTP/1.1" 404 -
180.175.214.200 - - [07/Aug/2020:09:46:52 +0800] "GET /xingrg/images/blue/navBackgound.jpg HTTP/1.1" 304 -
180.175.214.200 - - [07/Aug/2020:09:46:52 +0800] "GET /xingrg/javascript/jquery_easy_ui/themes/icons/settle_new.png HTTP/1.1" 304 -
180.175.214.200 - - [07/Aug/2020:09:46:52 +0800] "POST /xingrg/all/common/load_tree.html?tree=area_rest_tree_json&manage=1 HTTP/1.1" 200 342
180.175.214.200 - - [07/Aug/2020:09:46:52 +0800] "GET /xingrg/images/blue/pingpu.png HTTP/1.1" 304 -
180.175.214.200 - - [07/Aug/2020:09:46:52 +0800] "GET /xingrg/javascript/jquery_easy_ui/themes/default/images/tabs_leftarrow.png HTTP/1.1" 304 -
180.175.214.200 - - [07/Aug/2020:09:46:52 +0800] "GET /xingrg/javascript/jquery_easy_ui/themes/default/images/tabs_rightarrow.png HTTP/1.1" 304 -
180.175.214.200 - - [07/Aug/2020:09:46:52 +0800] "GET /xingrg/javascript/jquery_easy_ui/themes/default/images/panel_tool_collapse.gif HTTP/1.1" 304 -
180.175.214.200 - - [07/Aug/2020:09:46:52 +0800] "GET /xingrg/all/function/internal_message.html?_=1596765014698&CODE_STATE=count HTTP/1.1" 200 11
180.175.214.200 - - [07/Aug/2020:09:46:52 +0800] "GET /xingrg/check_reg.html?_=1596765014699 HTTP/1.1" 200 22
180.175.214.200 - - [07/Aug/2020:09:46:52 +0800] "GET /xingrg/javascript/jquery_easy_ui/themes/default/images/tree_arrows.gif HTTP/1.1" 304 -
117.131.5.26 - - [07/Aug/2020:09:46:52 +0800] "GET /xingrg/check_reg.html?_=1596765186468 HTTP/1.1" 200 22
117.131.5.26 - - [07/Aug/2020:09:46:52 +0800] "GET /xingrg/all/function/internal_message.html?_=1596765186469&CODE_STATE=getMsg HTTP/1.1" 200 27
180.175.214.200 - - [07/Aug/2020:09:46:52 +0800] "POST /xingrg/load_menu.html HTTP/1.1" 200 5138
180.175.214.200 - - [07/Aug/2020:09:46:52 +0800] "GET /xingrg/javascript/jquery_easy_ui/themes/default/images/tree_folder_open.gif HTTP/1.1" 304 -
180.175.214.200 - - [07/Aug/2020:09:46:52 +0800] "GET /xingrg/javascript/jquery_easy_ui/themes/icons/search_new.png HTTP/1.1" 304 -
180.175.214.200 - - [07/Aug/2020:09:46:52 +0800] "GET /xingrg/javascript/jquery_easy_ui/themes/default/images/tree_folder.gif HTTP/1.1" 304 -
180.175.214.200 - - [07/Aug/2020:09:46:52 +0800] "GET /xingrg/javascript/jquery_easy_ui/themes/icons/storage_new.png HTTP/1.1" 304 -
180.175.214.200 - - [07/Aug/2020:09:46:52 +0800] "GET /xingrg/javascript/jquery_easy_ui/themes/icons/forms_new.png HTTP/1.1" 304 -
180.175.214.200 - - [07/Aug/2020:09:46:52 +0800] "GET /xingrg/javascript/jquery_easy_ui/themes/default/images/tree_file.gif HTTP/1.1" 304 -
114.89.80.44 - - [07/Aug/2020:09:46:55 +0800] "GET /xingrg/all/function/internal_message.html?_=1596764944636&CODE_STATE=getMsg HTTP/1.1" 200 27
114.89.80.44 - - [07/Aug/2020:09:46:55 +0800] "GET /xingrg/check_reg.html?_=1596764810908 HTTP/1.1" 200 22
114.89.80.44 - - [07/Aug/2020:09:46:56 +0800] "GET /xingrg/all/function/internal_message.html?_=1596764811222&CODE_STATE=getMsg HTTP/1.1" 200 27
117.184.7.26 - - [07/Aug/2020:09:46:59 +0800] "POST /xingrg/kc/buy/cgsh_list_operate.html HTTP/1.1" 200 3131
61.172.5.115 - - [07/Aug/2020:09:46:59 +0800] "GET /xingrg/all/function/internal_message.html?_=1596764815278&CODE_STATE=getMsg HTTP/1.1" 200 27
117.131.5.26 - - [07/Aug/2020:09:47:00 +0800] "GET /xingrg/all/function/internal_message.html?_=1596764819475&CODE_STATE=getMsg HTTP/1.1" 200 27
180.157.251.101 - - [07/Aug/2020:09:47:02 +0800] "GET /xingrg/all/function/internal_message.html?_=1596764825901&CODE_STATE=getMsg HTTP/1.1" 200 27
117.131.5.26 - - [07/Aug/2020:09:47:02 +0800] "GET /xingrg/all/function/internal_message.html?_=1596765102160&CODE_STATE=getMsg HTTP/1.1" 200 27
180.175.214.200 - - [07/Aug/2020:09:47:02 +0800] "GET /xingrg/javascript/jquery_easy_ui/themes/icons/area.png HTTP/1.1" 304 -
180.175.214.200 - - [07/Aug/2020:09:47:02 +0800] "GET /xingrg/javascript/jquery_easy_ui/themes/icons/rest.png HTTP/1.1" 304 -
116.233.74.136 - - [07/Aug/2020:09:47:10 +0800] "GET /xingrg/all/function/internal_message.html?_=1596764912026&CODE_STATE=getMsg HTTP/1.1" 200 27
117.184.7.26 - - [07/Aug/2020:09:47:14 +0800] "GET /xingrg/all/function/internal_message.html?_=1596764822551&CODE_STATE=getMsg HTTP/1.1" 200 27
222.69.136.250 - - [07/Aug/2020:09:47:14 +0800] "GET /xingrg/check_reg.html?_=1596764825696 HTTP/1.1" 200 22
222.69.136.250 - - [07/Aug/2020:09:47:14 +0800] "GET /xingrg/all/function/internal_message.html?_=1596764825696&CODE_STATE=getMsg HTTP/1.1" 200 27
172.17.200.101 - - [07/Aug/2020:09:47:22 +0800] "GET /xingrg/all/function/internal_message.html?_=1596764842199&CODE_STATE=getMsg HTTP/1.1" 200 27
114.88.161.57 - - [07/Aug/2020:09:47:31 +0800] "GET /xingrg/all/function/internal_message.html?_=1596764885650&CODE_STATE=getMsg HTTP/1.1" 200 27
114.88.153.107 - - [07/Aug/2020:09:47:33 +0800] "GET /xingrg/check_reg.html?_=1596764847632 HTTP/1.1" 200 22
218.81.217.115 - - [07/Aug/2020:09:47:35 +0800] "GET /xingrg/all/function/internal_message.html?_=1596764872932&CODE_STATE=getMsg HTTP/1.1" 200 27
120.253.135.82 - - [07/Aug/2020:09:47:37 +0800] "GET /xingrg/check_reg.html?_=1596764608080 HTTP/1.1" 200 22
120.253.135.82 - - [07/Aug/2020:09:47:39 +0800] "GET /xingrg/all/function/internal_message.html?_=1596764609328&CODE_STATE=getMsg HTTP/1.1" 200 27
116.230.74.197 - - [07/Aug/2020:09:47:45 +0800] "GET /xingrg/all/function/internal_message.html?_=1596764854507&CODE_STATE=getMsg HTTP/1.1" 200 27
172.17.0.102 - - [07/Aug/2020:09:47:47 +0800] "GET /xingrg/all/function/internal_message.html?_=1596764865224&CODE_STATE=getMsg HTTP/1.1" 200 27
172.17.0.120 - - [07/Aug/2020:09:47:51 +0800] "GET /xingrg/all/function/internal_message.html?_=1596764872801&CODE_STATE=getMsg HTTP/1.1" 200 27
114.88.161.57 - - [07/Aug/2020:09:47:51 +0800] "POST /xingrg/kc/buy/cgsh_order_operate.html HTTP/1.1" 200 37
114.88.161.57 - - [07/Aug/2020:09:47:52 +0800] "POST /xingrg/kc/buy/cgsh_order_operate.html HTTP/1.1" 200 16256
180.175.214.200 - - [07/Aug/2020:09:47:52 +0800] "GET /xingrg/all/function/internal_message.html?_=1596765074704&CODE_STATE=getMsg HTTP/1.1" 200 27
117.131.5.26 - - [07/Aug/2020:09:47:52 +0800] "GET /xingrg/all/function/internal_message.html?_=1596765246469&CODE_STATE=getMsg HTTP/1.1" 200 27
114.88.161.57 - - [07/Aug/2020:09:47:53 +0800] "GET /xingrg/kc/print/load_config.html?kc_code=cgsh HTTP/1.1" 200 1845
114.88.161.57 - - [07/Aug/2020:09:47:53 +0800] "GET /xingrg/kc/print/load_data.html?order_code=212020080702545&kc_code=cgsh&condition= HTTP/1.1" 200 5838
114.89.80.44 - - [07/Aug/2020:09:47:55 +0800] "GET /xingrg/all/function/internal_message.html?_=1596765004650&CODE_STATE=getMsg HTTP/1.1" 200 27
114.89.80.44 - - [07/Aug/2020:09:47:56 +0800] "GET /xingrg/all/function/internal_message.html?_=1596764871207&CODE_STATE=getMsg HTTP/1.1" 200 27
61.172.5.115 - - [07/Aug/2020:09:47:59 +0800] "GET /xingrg/all/function/internal_message.html?_=1596764875277&CODE_STATE=getMsg HTTP/1.1" 200 27
61.172.5.115 - - [07/Aug/2020:09:47:59 +0800] "GET /xingrg/check_reg.html?_=1596764875278 HTTP/1.1" 200 22
117.131.5.26 - - [07/Aug/2020:09:48:00 +0800] "GET /xingrg/check_reg.html?_=1596764878928 HTTP/1.1" 200 22
117.131.5.26 - - [07/Aug/2020:09:48:00 +0800] "GET /xingrg/all/function/internal_message.html?_=1596764879475&CODE_STATE=getMsg HTTP/1.1" 200 27
114.89.80.44 - - [07/Aug/2020:09:48:01 +0800] "GET /xingrg/index.html?sysBaseUrl=http%3A%2F%2F180.169.147.146%3A18081%2Fxingrg%2F&costTime=41×tamp=1596763882201 HTTP/1.1" 200 17179
114.89.80.44 - - [07/Aug/2020:09:48:01 +0800] "GET /xingrg/javascript/jquery_easy_ui/themes/default/easyui.css HTTP/1.1" 304 -
114.89.80.44 - - [07/Aug/2020:09:48:01 +0800] "GET /xingrg/javascript/jquery_easy_ui/themes/icon.css HTTP/1.1" 304 -
114.89.80.44 - - [07/Aug/2020:09:48:01 +0800] "GET /xingrg/css/form.css HTTP/1.1" 304 -
114.89.80.44 - - [07/Aug/2020:09:48:01 +0800] "GET /xingrg/javascript/jquery-1.4.2.min.js HTTP/1.1" 304 -
114.89.80.44 - - [07/Aug/2020:09:48:01 +0800] "GET /xingrg/javascript/jquery_easy_ui/jquery.easyui.min.js HTTP/1.1" 304 -
114.89.80.44 - - [07/Aug/2020:09:48:01 +0800] "GET /xingrg/javascript/jquery_easy_ui/easyui-lang-zh_CN.js HTTP/1.1" 304 -
114.89.80.44 - - [07/Aug/2020:09:48:01 +0800] "GET /xingrg/javascript/jquery.form.js HTTP/1.1" 304 -
114.89.80.44 - - [07/Aug/2020:09:48:01 +0800] "GET /xingrg/javascript/jquery.utils.js HTTP/1.1" 304 -
114.89.80.44 - - [07/Aug/2020:09:48:01 +0800] "GET /xingrg/javascript/jquery.timers.js HTTP/1.1" 304 -
114.89.80.44 - - [07/Aug/2020:09:48:01 +0800] "GET /xingrg/images/blue/jxLogo.png HTTP/1.1" 304 -
114.89.80.44 - - [07/Aug/2020:09:48:01 +0800] "GET /xingrg/images/blue/navBackgound.jpg HTTP/1.1" 304 -
114.89.80.44 - - [07/Aug/2020:09:48:01 +0800] "GET /xingrg/javascript/jquery_easy_ui/themes/icons/settle_new.png HTTP/1.1" 304 -
114.89.80.44 - - [07/Aug/2020:09:48:01 +0800] "POST /xingrg/all/common/load_tree.html?tree=area_rest_tree_json&manage=1 HTTP/1.1" 200 476
114.89.80.44 - - [07/Aug/2020:09:48:01 +0800] "GET /xingrg/all/function/internal_message.html?_=1596764876893&CODE_STATE=count HTTP/1.1" 200 11
114.89.80.44 - - [07/Aug/2020:09:48:01 +0800] "GET /xingrg/check_reg.html?_=1596764876894 HTTP/1.1" 200 22
114.89.80.44 - - [07/Aug/2020:09:48:01 +0800] "GET /xingrg/javascript/jquery_easy_ui/themes/default/images/tabs_rightarrow.png HTTP/1.1" 304 -
114.89.80.44 - - [07/Aug/2020:09:48:01 +0800] "GET /xingrg/images/blue/pingpu.png HTTP/1.1" 304 -
114.89.80.44 - - [07/Aug/2020:09:48:01 +0800] "GET /xingrg/javascript/jquery_easy_ui/themes/default/images/tabs_leftarrow.png HTTP/1.1" 304 -
114.89.80.44 - - [07/Aug/2020:09:48:01 +0800] "GET /xingrg/javascript/jquery_easy_ui/themes/default/images/panel_tool_collapse.gif HTTP/1.1" 304 -
114.89.80.44 - - [07/Aug/2020:09:48:01 +0800] "POST /xingrg/load_menu.html HTTP/1.1" 200 5138
180.157.251.101 - - [07/Aug/2020:09:48:02 +0800] "GET /xingrg/all/function/internal_message.html?_=1596764885910&CODE_STATE=getMsg HTTP/1.1" 200 27
117.131.5.26 - - [07/Aug/2020:09:48:02 +0800] "GET /xingrg/all/function/internal_message.html?_=1596765162170&CODE_STATE=getMsg HTTP/1.1" 200 27
218.81.217.115 - - [07/Aug/2020:09:48:05 +0800] "GET /xingrg/check_reg.html?_=1596764869619 HTTP/1.1" 200 22
114.89.80.44 - - [07/Aug/2020:09:48:05 +0800] "POST /xingrg/all/user/operate.html HTTP/1.1" 200 36
114.89.80.44 - - [07/Aug/2020:09:48:05 +0800] "GET /xingrg/index.html?sysBaseUrl=http%3A%2F%2F180.169.147.146%3A18081%2Fxingrg%2F&costTime=41×tamp=1596763882201 HTTP/1.1" 200 17177
114.89.80.44 - - [07/Aug/2020:09:48:05 +0800] "GET /xingrg/javascript/jquery_easy_ui/themes/default/easyui.css HTTP/1.1" 304 -
114.89.80.44 - - [07/Aug/2020:09:48:05 +0800] "GET /xingrg/javascript/jquery_easy_ui/themes/icon.css HTTP/1.1" 304 -
114.89.80.44 - - [07/Aug/2020:09:48:05 +0800] "GET /xingrg/css/form.css HTTP/1.1" 304 -
114.89.80.44 - - [07/Aug/2020:09:48:05 +0800] "GET /xingrg/javascript/jquery-1.4.2.min.js HTTP/1.1" 304 -
114.89.80.44 - - [07/Aug/2020:09:48:05 +0800] "GET /xingrg/javascript/jquery_easy_ui/jquery.easyui.min.js HTTP/1.1" 304 -
114.89.80.44 - - [07/Aug/2020:09:48:05 +0800] "GET /xingrg/javascript/jquery_easy_ui/easyui-lang-zh_CN.js HTTP/1.1" 304 -
114.89.80.44 - - [07/Aug/2020:09:48:05 +0800] "GET /xingrg/javascript/jquery.form.js HTTP/1.1" 304 -
114.89.80.44 - - [07/Aug/2020:09:48:05 +0800] "GET /xingrg/javascript/jquery.utils.js HTTP/1.1" 304 -
114.89.80.44 - - [07/Aug/2020:09:48:05 +0800] "GET /xingrg/javascript/jquery.timers.js HTTP/1.1" 304 -
114.89.80.44 - - [07/Aug/2020:09:48:05 +0800] "GET /xingrg/images/blue/jxLogo.png HTTP/1.1" 304 -
114.89.80.44 - - [07/Aug/2020:09:48:05 +0800] "GET /xingrg/images/blue/navBackgound.jpg HTTP/1.1" 304 -
