222.69.136.250 - - [07/Aug/2020:10:33:02 +0800] "GET /xingrg/kc/base/wldb_order_operate.html?command=get_materiel&rest_code=00149&base_code=0010394&code=00101019283 HTTP/1.1" 200 451
180.157.251.101 - - [07/Aug/2020:10:33:03 +0800] "GET /xingrg/all/function/internal_message.html?_=1596767587690&CODE_STATE=getMsg HTTP/1.1" 200 27
116.230.74.197 - - [07/Aug/2020:10:33:05 +0800] "POST /xingrg/all/user/operate.html HTTP/1.1" 200 36
172.17.0.102 - - [07/Aug/2020:10:33:05 +0800] "GET /xingrg/kc/buy/cgsh_order_operate.html?command=get_materiel&rest_code=00147&code=00101007109&supplier_code=00100242&order_time=2020-08-07 HTTP/1.1" 200 408
218.81.217.115 - - [07/Aug/2020:10:33:05 +0800] "GET /xingrg/check_reg.html?_=1596767569669 HTTP/1.1" 200 22
116.230.74.197 - - [07/Aug/2020:10:33:05 +0800] "GET /xingrg/index.html?sysBaseUrl=http%3A%2F%2F180.169.147.146%3A18081%2Fxingrg%2F&costTime=71×tamp=1596762342185 HTTP/1.1" 200 17177
116.230.74.197 - - [07/Aug/2020:10:33:05 +0800] "GET /xingrg/javascript/jquery_easy_ui/themes/default/easyui.css HTTP/1.1" 304 -
116.230.74.197 - - [07/Aug/2020:10:33:05 +0800] "GET /xingrg/javascript/jquery_easy_ui/themes/icon.css HTTP/1.1" 304 -
116.230.74.197 - - [07/Aug/2020:10:33:05 +0800] "GET /xingrg/css/form.css HTTP/1.1" 304 -
116.230.74.197 - - [07/Aug/2020:10:33:05 +0800] "GET /xingrg/javascript/jquery-1.4.2.min.js HTTP/1.1" 304 -
116.230.74.197 - - [07/Aug/2020:10:33:05 +0800] "GET /xingrg/javascript/jquery_easy_ui/jquery.easyui.min.js HTTP/1.1" 304 -
116.230.74.197 - - [07/Aug/2020:10:33:05 +0800] "GET /xingrg/javascript/jquery_easy_ui/easyui-lang-zh_CN.js HTTP/1.1" 304 -
116.230.74.197 - - [07/Aug/2020:10:33:05 +0800] "GET /xingrg/javascript/jquery.form.js HTTP/1.1" 304 -
116.230.74.197 - - [07/Aug/2020:10:33:05 +0800] "GET /xingrg/javascript/jquery.utils.js HTTP/1.1" 304 -
116.230.74.197 - - [07/Aug/2020:10:33:05 +0800] "GET /xingrg/javascript/jquery.timers.js HTTP/1.1" 304 -
116.230.74.197 - - [07/Aug/2020:10:33:05 +0800] "GET /xingrg/images/blue/jxLogo.png HTTP/1.1" 304 -
116.230.74.197 - - [07/Aug/2020:10:33:05 +0800] "GET /xingrg/images/blue/navBackgound.jpg HTTP/1.1" 304 -
116.230.74.197 - - [07/Aug/2020:10:33:05 +0800] "GET /xingrg/javascript/jquery_easy_ui/themes/icons/settle_new.png HTTP/1.1" 304 -
116.230.74.197 - - [07/Aug/2020:10:33:06 +0800] "POST /xingrg/all/common/load_tree.html?tree=area_rest_tree_json&manage=1 HTTP/1.1" 200 476
116.230.74.197 - - [07/Aug/2020:10:33:06 +0800] "GET /xingrg/all/function/internal_message.html?_=1596767575117&CODE_STATE=count HTTP/1.1" 200 11
116.230.74.197 - - [07/Aug/2020:10:33:06 +0800] "GET /xingrg/check_reg.html?_=1596767575119 HTTP/1.1" 200 22
116.230.74.197 - - [07/Aug/2020:10:33:06 +0800] "GET /xingrg/javascript/jquery_easy_ui/themes/default/images/tabs_rightarrow.png HTTP/1.1" 304 -
116.230.74.197 - - [07/Aug/2020:10:33:06 +0800] "GET /xingrg/javascript/jquery_easy_ui/themes/default/images/panel_tool_collapse.gif HTTP/1.1" 304 -
116.230.74.197 - - [07/Aug/2020:10:33:06 +0800] "GET /xingrg/javascript/jquery_easy_ui/themes/default/images/tabs_leftarrow.png HTTP/1.1" 304 -
116.230.74.197 - - [07/Aug/2020:10:33:06 +0800] "GET /xingrg/images/blue/pingpu.png HTTP/1.1" 304 -
116.230.74.197 - - [07/Aug/2020:10:33:06 +0800] "POST /xingrg/load_menu.html HTTP/1.1" 200 5138
117.131.5.26 - - [07/Aug/2020:10:33:06 +0800] "GET /xingrg/all/function/internal_message.html?_=1596767866166&CODE_STATE=getMsg HTTP/1.1" 200 27
117.184.7.26 - - [07/Aug/2020:10:33:07 +0800] "POST /xingrg/kc/buy/cgsh_order_operate.html HTTP/1.1" 200 37
222.69.136.250 - - [07/Aug/2020:10:33:07 +0800] "GET /xingrg/kc/base/wldb_order_operate.html?command=get_materiel&rest_code=00149&base_code=0010394&code=00101019536 HTTP/1.1" 200 470
180.175.214.200 - - [07/Aug/2020:10:33:08 +0800] "GET /xingrg/all/function/internal_message.html?_=1596767790977&CODE_STATE=getMsg HTTP/1.1" 200 27
117.185.32.26 - - [07/Aug/2020:10:33:09 +0800] "GET /xingrg/kc/buy/cgsh_order_operate.html?command=get_materiel&rest_code=00106&code=00101008360&supplier_code=00100007&order_time=2020-08-07 HTTP/1.1" 200 412
116.230.74.197 - - [07/Aug/2020:10:33:11 +0800] "GET /xingrg/kc/buy/buy_main.html HTTP/1.1" 200 12412
116.230.74.197 - - [07/Aug/2020:10:33:11 +0800] "GET /xingrg/css/new_ie.css HTTP/1.1" 404 1036
172.17.0.102 - - [07/Aug/2020:10:33:11 +0800] "GET /xingrg/kc/buy/cgsh_order_operate.html?command=get_materiel&rest_code=00147&code=00101012029&supplier_code=00100242&order_time=2020-08-07 HTTP/1.1" 200 412
180.175.214.200 - - [07/Aug/2020:10:33:12 +0800] "GET /xingrg/kc/buy/cgsh_order_operate.html?command=get_materiel&rest_code=00102&code=00101009019&supplier_code=00100096&order_time=2020-08-07 HTTP/1.1" 200 412
222.69.136.250 - - [07/Aug/2020:10:33:13 +0800] "POST /xingrg/kc/base/wldb_order_operate.html HTTP/1.1" 200 37
117.184.7.26 - - [07/Aug/2020:10:33:13 +0800] "POST /xingrg/kc/buy/cgsh_order_operate.html HTTP/1.1" 200 34526
222.69.136.250 - - [07/Aug/2020:10:33:13 +0800] "POST /xingrg/kc/base/wldb_order_operate.html HTTP/1.1" 200 4222
117.184.7.26 - - [07/Aug/2020:10:33:14 +0800] "GET /xingrg/all/function/internal_message.html?_=1596767582615&CODE_STATE=getMsg HTTP/1.1" 200 27
222.69.136.250 - - [07/Aug/2020:10:33:14 +0800] "GET /xingrg/kc/base/wldb_order_info.html?code=422020080700714 HTTP/1.1" 200 30394
222.69.136.250 - - [07/Aug/2020:10:33:15 +0800] "GET /xingrg/javascript/easyui/themes/default/validatebox.css HTTP/1.1" 404 1104
222.69.136.250 - - [07/Aug/2020:10:33:15 +0800] "GET /xingrg/all/function/internal_message.html?_=1596767585877&CODE_STATE=getMsg HTTP/1.1" 200 27
222.69.136.250 - - [07/Aug/2020:10:33:15 +0800] "POST /xingrg/kc/base/wldb_order_operate.html HTTP/1.1" 200 4222
114.89.80.44 - - [07/Aug/2020:10:33:16 +0800] "GET /xingrg/all/function/internal_message.html?_=1596767724809&CODE_STATE=getMsg HTTP/1.1" 200 27
172.17.0.120 - - [07/Aug/2020:10:33:16 +0800] "GET /xingrg/all/function/internal_message.html?_=1596767593415&CODE_STATE=getMsg HTTP/1.1" 200 27
222.69.136.250 - - [07/Aug/2020:10:33:18 +0800] "GET /xingrg/kc/base/wldb_order_add.html HTTP/1.1" 200 30373
117.185.32.26 - - [07/Aug/2020:10:33:18 +0800] "GET /xingrg/kc/buy/cgsh_order_operate.html?command=get_materiel&rest_code=00106&code=00101008059&supplier_code=00100007&order_time=2020-08-07 HTTP/1.1" 200 408
116.230.74.197 - - [07/Aug/2020:10:33:18 +0800] "GET /xingrg/images/yd/bt.gif HTTP/1.1" 404 1040
172.17.0.123 - - [07/Aug/2020:10:33:18 +0800] "GET /xingrg/all/function/internal_message.html?_=1596767520936&CODE_STATE=getMsg HTTP/1.1" 200 27
222.69.136.250 - - [07/Aug/2020:10:33:18 +0800] "POST /xingrg/kc/base/wldb_order_operate.html HTTP/1.1" 200 6806
222.69.136.250 - - [07/Aug/2020:10:33:18 +0800] "GET /xingrg/javascript/easyui/themes/default/validatebox.css HTTP/1.1" 404 1104
116.230.74.197 - - [07/Aug/2020:10:33:18 +0800] "GET /xingrg/kc/buy/cgsh_order_list.html HTTP/1.1" 200 43645
116.230.74.197 - - [07/Aug/2020:10:33:20 +0800] "POST /xingrg/kc/buy/cgsh_list_operate.html HTTP/1.1" 200 876
172.17.0.102 - - [07/Aug/2020:10:33:21 +0800] "POST /xingrg/kc/buy/cgsh_order_operate.html HTTP/1.1" 200 37
172.17.200.101 - - [07/Aug/2020:10:33:22 +0800] "GET /xingrg/all/function/internal_message.html?_=1596767602257&CODE_STATE=getMsg HTTP/1.1" 200 27
172.17.0.102 - - [07/Aug/2020:10:33:22 +0800] "POST /xingrg/kc/buy/cgsh_order_operate.html HTTP/1.1" 200 4421
114.88.161.57 - - [07/Aug/2020:10:33:23 +0800] "GET /xingrg/check_reg.html?_=1596767637641 HTTP/1.1" 200 22
114.88.161.57 - - [07/Aug/2020:10:33:23 +0800] "GET /xingrg/all/function/internal_message.html?_=1596767637644&CODE_STATE=getMsg HTTP/1.1" 200 27
172.17.0.102 - - [07/Aug/2020:10:33:23 +0800] "GET /xingrg/kc/print/load_data.html?order_code=212020080702571&kc_code=cgsh&condition= HTTP/1.1" 200 1323
117.184.7.26 - - [07/Aug/2020:10:33:25 +0800] "GET /xingrg/kc/buy/cgsh_order_operate.html?command=get_materiel&rest_code=00108&code=00101008331&supplier_code=00100008&order_time=2020-08-07 HTTP/1.1" 200 416
117.185.32.26 - - [07/Aug/2020:10:33:25 +0800] "GET /xingrg/kc/buy/cgsh_order_operate.html?command=get_materiel&rest_code=00106&code=00101008069&supplier_code=00100007&order_time=2020-08-07 HTTP/1.1" 200 412
180.175.214.200 - - [07/Aug/2020:10:33:26 +0800] "GET /xingrg/kc/buy/cgsh_order_operate.html?command=get_materiel&rest_code=00102&code=00101009011&supplier_code=00100096&order_time=2020-08-07 HTTP/1.1" 200 416
172.17.0.102 - - [07/Aug/2020:10:33:26 +0800] "GET /xingrg/kc/buy/cgsh_order_add.html HTTP/1.1" 200 59312
172.17.0.102 - - [07/Aug/2020:10:33:26 +0800] "GET /xingrg/javascript/easyui/themes/default/validatebox.css HTTP/1.1" 404 1104
172.17.0.102 - - [07/Aug/2020:10:33:26 +0800] "POST /xingrg/kc/buy/cgsh_order_operate.html HTTP/1.1" 200 8245
222.69.136.250 - - [07/Aug/2020:10:33:27 +0800] "GET /xingrg/kc/base/wldb_order_operate.html?command=get_materiel&rest_code=00149&base_code=0010436&code=00101014041 HTTP/1.1" 200 434
116.230.74.197 - - [07/Aug/2020:10:33:31 +0800] "GET /xingrg/kc/buy/cgsh_order_add.html HTTP/1.1" 200 58388
116.230.74.197 - - [07/Aug/2020:10:33:32 +0800] "GET /xingrg/javascript/easyui/themes/default/validatebox.css HTTP/1.1" 404 1104
116.230.74.197 - - [07/Aug/2020:10:33:32 +0800] "GET /xingrg/all/common/auto_word.html?type=employee&rest_code=00153 HTTP/1.1" 200 47
116.230.74.197 - - [07/Aug/2020:10:33:32 +0800] "GET /xingrg/all/common/auto_word.html?type=employee&rest_code=00153 HTTP/1.1" 200 47
116.230.74.197 - - [07/Aug/2020:10:33:32 +0800] "POST /xingrg/kc/buy/cgsh_order_operate.html HTTP/1.1" 200 8245
117.184.7.26 - - [07/Aug/2020:10:33:33 +0800] "GET /xingrg/all/function/internal_message.html?_=1596767601849&CODE_STATE=getMsg HTTP/1.1" 200 27
116.235.241.164 - - [07/Aug/2020:10:33:33 +0800] "GET /xingrg/index.html?sysBaseUrl=http%3A%2F%2F180.169.147.146%3A18081%2Fxingrg%2F&costTime=71×tamp=1586403971840 HTTP/1.1" 200 17419
116.230.74.197 - - [07/Aug/2020:10:33:33 +0800] "GET /xingrg/javascript/easyui/themes/default/tree.css HTTP/1.1" 404 1090
116.230.74.197 - - [07/Aug/2020:10:33:33 +0800] "POST /xingrg/all/common/load_tree.html?tree=supplier_tree_json&isDelete=1 HTTP/1.1" 200 49675
116.235.241.164 - - [07/Aug/2020:10:33:33 +0800] "GET /favicon.ico HTTP/1.1" 404 -
116.235.241.164 - - [07/Aug/2020:10:33:34 +0800] "POST /xingrg/all/common/load_tree.html?tree=area_rest_tree_json&manage=1 HTTP/1.1" 200 3216
116.235.241.164 - - [07/Aug/2020:10:33:34 +0800] "GET /xingrg/check_reg.html?_=1596767603612 HTTP/1.1" 200 22
116.235.241.164 - - [07/Aug/2020:10:33:34 +0800] "GET /xingrg/all/function/internal_message.html?_=1596767603611&CODE_STATE=count HTTP/1.1" 200 11
116.235.241.164 - - [07/Aug/2020:10:33:34 +0800] "POST /xingrg/load_menu.html HTTP/1.1" 200 9959
222.69.136.250 - - [07/Aug/2020:10:33:34 +0800] "POST /xingrg/kc/base/wldb_order_operate.html HTTP/1.1" 200 37
222.69.136.250 - - [07/Aug/2020:10:33:34 +0800] "POST /xingrg/kc/base/wldb_order_operate.html HTTP/1.1" 200 2184
222.69.136.250 - - [07/Aug/2020:10:33:35 +0800] "GET /xingrg/kc/base/wldb_order_info.html?code=422020080700715 HTTP/1.1" 200 30387
117.185.32.26 - - [07/Aug/2020:10:33:35 +0800] "GET /xingrg/kc/buy/cgsh_order_operate.html?command=get_materiel&rest_code=00106&code=00101008286&supplier_code=00100007&order_time=2020-08-07 HTTP/1.1" 200 408
222.69.136.250 - - [07/Aug/2020:10:33:35 +0800] "GET /xingrg/javascript/easyui/themes/default/validatebox.css HTTP/1.1" 404 1104
172.17.0.102 - - [07/Aug/2020:10:33:35 +0800] "GET /xingrg/kc/buy/cgsh_order_operate.html?command=get_materiel&rest_code=00147&code=00101009050&supplier_code=00100022&order_time=2020-08-07 HTTP/1.1" 200 408
222.69.136.250 - - [07/Aug/2020:10:33:35 +0800] "POST /xingrg/kc/base/wldb_order_operate.html HTTP/1.1" 200 2184
218.81.217.115 - - [07/Aug/2020:10:33:36 +0800] "GET /xingrg/check_reg.html?_=1596767633233 HTTP/1.1" 200 22
117.184.7.26 - - [07/Aug/2020:10:33:36 +0800] "GET /xingrg/kc/buy/cgsh_order_operate.html?command=get_materiel&rest_code=00108&code=00101008350&supplier_code=00100008&order_time=2020-08-07 HTTP/1.1" 200 408
117.185.32.26 - - [07/Aug/2020:10:33:37 +0800] "GET /xingrg/all/function/internal_message.html?_=1596768047502&CODE_STATE=getMsg HTTP/1.1" 200 27
222.69.136.250 - - [07/Aug/2020:10:33:37 +0800] "GET /xingrg/kc/base/wldb_order_add.html HTTP/1.1" 200 30373
222.69.136.250 - - [07/Aug/2020:10:33:38 +0800] "POST /xingrg/kc/base/wldb_order_operate.html HTTP/1.1" 200 6806
116.235.241.164 - - [07/Aug/2020:10:33:38 +0800] "GET /xingrg/all/function/internal_message.html?_=1596767607788&CODE_STATE=getMsg HTTP/1.1" 200 27
222.69.136.250 - - [07/Aug/2020:10:33:38 +0800] "GET /xingrg/javascript/easyui/themes/default/validatebox.css HTTP/1.1" 404 1104
218.81.217.115 - - [07/Aug/2020:10:33:38 +0800] "GET /xingrg/all/function/internal_message.html?_=1596767635649&CODE_STATE=getMsg HTTP/1.1" 200 27
172.17.0.240 - - [07/Aug/2020:10:33:41 +0800] "GET /xingrg/all/function/internal_message.html?_=1596767618053&CODE_STATE=getMsg HTTP/1.1" 200 27
117.184.7.26 - - [07/Aug/2020:10:33:44 +0800] "GET /xingrg/kc/buy/cgsh_order_operate.html?command=get_materiel&rest_code=00108&code=00101008095&supplier_code=00100008&order_time=2020-08-07 HTTP/1.1" 200 412
117.185.32.26 - - [07/Aug/2020:10:33:45 +0800] "GET /xingrg/all/function/internal_message.html?_=1596767619424&CODE_STATE=getMsg HTTP/1.1" 200 27
114.89.80.44 - - [07/Aug/2020:10:33:46 +0800] "GET /xingrg/all/function/internal_message.html?_=1596767621807&CODE_STATE=getMsg HTTP/1.1" 200 27
117.185.32.26 - - [07/Aug/2020:10:33:46 +0800] "GET /xingrg/kc/buy/cgsh_order_operate.html?command=get_materiel&rest_code=00106&code=00101008036&supplier_code=00100007&order_time=2020-08-07 HTTP/1.1" 200 408
120.253.135.82 - - [07/Aug/2020:10:33:46 +0800] "GET /xingrg/all/function/internal_message.html?_=1596767376552&CODE_STATE=getMsg HTTP/1.1" 200 27
172.17.0.102 - - [07/Aug/2020:10:33:47 +0800] "GET /xingrg/check_reg.html?_=1596767625424 HTTP/1.1" 200 22
172.17.0.102 - - [07/Aug/2020:10:33:47 +0800] "GET /xingrg/all/function/internal_message.html?_=1596767625426&CODE_STATE=getMsg HTTP/1.1" 200 27
61.172.5.115 - - [07/Aug/2020:10:33:48 +0800] "GET /xingrg/kc/buy/cgsh_order_list.html HTTP/1.1" 200 43641
116.230.74.197 - - [07/Aug/2020:10:33:49 +0800] "GET /xingrg/javascript/auto/indicator.gif HTTP/1.1" 404 1066
180.175.214.200 - - [07/Aug/2020:10:33:49 +0800] "GET /xingrg/kc/buy/cgsh_order_operate.html?command=get_materiel&rest_code=00102&code=00101009016&supplier_code=00100096&order_time=2020-08-07 HTTP/1.1" 200 414
116.235.241.164 - - [07/Aug/2020:10:33:49 +0800] "GET /xingrg/kc/report/report_main.html HTTP/1.1" 200 7345
222.69.136.250 - - [07/Aug/2020:10:33:49 +0800] "GET /xingrg/kc/base/wldb_order_operate.html?command=get_materiel&rest_code=00149&base_code=0010394&code=00101019422 HTTP/1.1" 200 458
180.152.230.204 - - [07/Aug/2020:10:33:51 +0800] "GET /xingrg/all/function/internal_message.html?_=1596766940864&CODE_STATE=getMsg HTTP/1.1" 200 27
117.131.5.26 - - [07/Aug/2020:10:33:52 +0800] "GET /xingrg/all/function/internal_message.html?_=1596768006511&CODE_STATE=getMsg HTTP/1.1" 200 27
61.172.5.115 - - [07/Aug/2020:10:33:52 +0800] "POST /xingrg/kc/buy/cgsh_list_operate.html HTTP/1.1" 200 3132
222.69.136.250 - - [07/Aug/2020:10:33:53 +0800] "GET /xingrg/kc/base/wldb_order_operate.html?command=get_materiel&rest_code=00149&base_code=0010394&code=00101019108 HTTP/1.1" 200 463
172.17.0.102 - - [07/Aug/2020:10:33:54 +0800] "GET /xingrg/kc/buy/cgsh_order_operate.html?command=get_materiel&rest_code=00147&code=00101009011&supplier_code=00100022&order_time=2020-08-07 HTTP/1.1" 200 416
116.235.241.164 - - [07/Aug/2020:10:33:54 +0800] "POST /xingrg/load_menu.html HTTP/1.1" 200 9242
117.184.7.26 - - [07/Aug/2020:10:33:54 +0800] "POST /xingrg/kc/buy/cgsh_order_operate.html HTTP/1.1" 200 2065
172.17.0.120 - - [07/Aug/2020:10:33:56 +0800] "GET /xingrg/javascript/jquery_easy_ui/themes/icons/manage.png HTTP/1.1" 200 696
172.17.0.120 - - [07/Aug/2020:10:33:56 +0800] "GET /xingrg/javascript/jquery_easy_ui/themes/icons/area.png HTTP/1.1" 200 262
172.17.0.120 - - [07/Aug/2020:10:33:56 +0800] "GET /xingrg/javascript/jquery_easy_ui/themes/icons/rest.png HTTP/1.1" 200 695
172.17.0.120 - - [07/Aug/2020:10:33:56 +0800] "GET /xingrg/javascript/jquery_easy_ui/themes/default/images/button_span_bg.gif HTTP/1.1" 200 2061
172.17.0.120 - - [07/Aug/2020:10:33:56 +0800] "GET /xingrg/javascript/jquery_easy_ui/themes/icons/ok.png HTTP/1.1" 200 883
172.17.0.120 - - [07/Aug/2020:10:33:56 +0800] "GET /xingrg/javascript/jquery_easy_ui/themes/default/images/panel_title.png HTTP/1.1" 200 266
172.17.0.120 - - [07/Aug/2020:10:33:56 +0800] "GET /xingrg/javascript/jquery_easy_ui/themes/default/images/panel_tools.gif HTTP/1.1" 200 737
116.230.74.197 - - [07/Aug/2020:10:33:56 +0800] "GET /xingrg/kc/buy/cgsh_order_operate.html?command=get_materiel&rest_code=00153&code=00102022006&supplier_code=00100224&order_time=2020-08-07 HTTP/1.1" 200 414
222.69.136.250 - - [07/Aug/2020:10:33:56 +0800] "GET /xingrg/kc/base/wldb_order_operate.html?command=get_materiel&rest_code=00149&base_code=0010394&code=00101019270 HTTP/1.1" 200 464
117.185.32.26 - - [07/Aug/2020:10:33:56 +0800] "GET /xingrg/kc/buy/cgsh_order_operate.html?command=get_materiel&rest_code=00106&code=00101008131&supplier_code=00100007&order_time=2020-08-07 HTTP/1.1" 200 409
172.17.0.120 - - [07/Aug/2020:10:33:57 +0800] "GET /xingrg/images/control/ajaxLoader.gif HTTP/1.1" 200 4659
172.17.0.120 - - [07/Aug/2020:10:33:57 +0800] "POST /xingrg/all/user/operate.html HTTP/1.1" 200 36
172.17.0.120 - - [07/Aug/2020:10:33:57 +0800] "GET /xingrg/index.html?sysBaseUrl=http%3A%2F%2F172.17.0.8%3A18081%2Fxingrg%2F&costTime=38×tamp=1596763548064 HTTP/1.1" 200 17448
172.17.0.120 - - [07/Aug/2020:10:33:57 +0800] "GET /xingrg/javascript/jquery_easy_ui/themes/default/easyui.css HTTP/1.1" 304 -
172.17.0.120 - - [07/Aug/2020:10:33:57 +0800] "GET /xingrg/javascript/jquery_easy_ui/themes/icon.css HTTP/1.1" 304 -
172.17.0.120 - - [07/Aug/2020:10:33:57 +0800] "GET /xingrg/css/form.css HTTP/1.1" 304 -
172.17.0.120 - - [07/Aug/2020:10:33:57 +0800] "GET /xingrg/javascript/jquery-1.4.2.min.js HTTP/1.1" 304 -
172.17.0.120 - - [07/Aug/2020:10:33:57 +0800] "GET /xingrg/javascript/jquery_easy_ui/jquery.easyui.min.js HTTP/1.1" 304 -
172.17.0.120 - - [07/Aug/2020:10:33:57 +0800] "GET /xingrg/javascript/jquery_easy_ui/easyui-lang-zh_CN.js HTTP/1.1" 304 -
172.17.0.120 - - [07/Aug/2020:10:33:57 +0800] "GET /xingrg/javascript/jquery.form.js HTTP/1.1" 304 -
172.17.0.120 - - [07/Aug/2020:10:33:57 +0800] "GET /xingrg/javascript/jquery.utils.js HTTP/1.1" 304 -
172.17.0.120 - - [07/Aug/2020:10:33:57 +0800] "GET /xingrg/javascript/jquery.timers.js HTTP/1.1" 304 -
172.17.0.120 - - [07/Aug/2020:10:33:57 +0800] "GET /xingrg/images/blue/jxLogo.png HTTP/1.1" 304 -
172.17.0.120 - - [07/Aug/2020:10:33:57 +0800] "GET /xingrg/images/blue/navBackgound.jpg HTTP/1.1" 304 -
172.17.0.120 - - [07/Aug/2020:10:33:57 +0800] "GET /xingrg/javascript/jquery_easy_ui/themes/icons/settle_new.png HTTP/1.1" 304 -
172.17.0.120 - - [07/Aug/2020:10:33:57 +0800] "POST /xingrg/all/common/load_tree.html?tree=area_rest_tree_json&manage=1 HTTP/1.1" 200 3216
172.17.0.120 - - [07/Aug/2020:10:33:57 +0800] "GET /xingrg/all/function/internal_message.html?_=1596767634549&CODE_STATE=count HTTP/1.1" 200 11
172.17.0.120 - - [07/Aug/2020:10:33:57 +0800] "GET /xingrg/check_reg.html?_=1596767634550 HTTP/1.1" 200 22
172.17.0.120 - - [07/Aug/2020:10:33:57 +0800] "GET /xingrg/images/blue/pingpu.png HTTP/1.1" 200 231
172.17.0.120 - - [07/Aug/2020:10:33:57 +0800] "GET /xingrg/javascript/jquery_easy_ui/themes/default/images/panel_tool_collapse.gif HTTP/1.1" 304 -
172.17.0.120 - - [07/Aug/2020:10:33:57 +0800] "GET /xingrg/javascript/jquery_easy_ui/themes/default/images/panel_tool_expand.gif HTTP/1.1" 200 247
172.17.0.120 - - [07/Aug/2020:10:33:57 +0800] "GET /xingrg/javascript/jquery_easy_ui/themes/default/images/tabs_rightarrow.png HTTP/1.1" 304 -
172.17.0.120 - - [07/Aug/2020:10:33:57 +0800] "GET /xingrg/javascript/jquery_easy_ui/themes/default/images/tabs_leftarrow.png HTTP/1.1" 304 -
172.17.0.120 - - [07/Aug/2020:10:33:58 +0800] "POST /xingrg/load_menu.html HTTP/1.1" 200 9924
172.17.0.120 - - [07/Aug/2020:10:33:59 +0800] "GET /xingrg/kc/buy/buy_main.html HTTP/1.1" 200 12377
172.17.0.120 - - [07/Aug/2020:10:33:59 +0800] "GET /xingrg/css/new_ie.css HTTP/1.1" 404 1036
172.17.0.120 - - [07/Aug/2020:10:33:59 +0800] "GET /xingrg/javascript/ToolTips.js HTTP/1.1" 200 5615
172.17.0.120 - - [07/Aug/2020:10:33:59 +0800] "GET /xingrg/javascript/jquery_ui/jquery-ui.min.js HTTP/1.1" 200 186181
172.17.0.120 - - [07/Aug/2020:10:33:59 +0800] "GET /xingrg/images/blue/button/cgxqd.gif HTTP/1.1" 200 2619
172.17.0.120 - - [07/Aug/2020:10:33:59 +0800] "GET /xingrg/images/blue/button/cgydd.gif HTTP/1.1" 200 2712
172.17.0.120 - - [07/Aug/2020:10:33:59 +0800] "GET /xingrg/images/blue/button/cgshd.gif HTTP/1.1" 200 2618
172.17.0.120 - - [07/Aug/2020:10:33:59 +0800] "GET /xingrg/images/blue/button/cgfkd.gif HTTP/1.1" 200 2075
172.17.0.120 - - [07/Aug/2020:10:33:59 +0800] "GET /xingrg/images/blue/button/kc.gif HTTP/1.1" 200 2160
172.17.0.120 - - [07/Aug/2020:10:33:59 +0800] "GET /xingrg/images/blue/button/ckthd.gif HTTP/1.1" 200 2045
172.17.0.120 - - [07/Aug/2020:10:33:59 +0800] "GET /xingrg/images/blue/pic_form2.gif HTTP/1.1" 200 1853
172.17.0.120 - - [07/Aug/2020:10:33:59 +0800] "GET /xingrg/images/blue/button/right_ah.jpg HTTP/1.1" 200 1744
172.17.0.120 - - [07/Aug/2020:10:33:59 +0800] "GET /xingrg/images/blue/button/down_ah.jpg HTTP/1.1" 200 1732
172.17.0.120 - - [07/Aug/2020:10:33:59 +0800] "GET /xingrg/images/blue/bg_dotted.jpg HTTP/1.1" 200 319
172.17.0.120 - - [07/Aug/2020:10:33:59 +0800] "GET /xingrg/javascript/jquery_ui/themes/humanity/images/ui-bg_inset-soft_100_f4f0ec_1x100.png HTTP/1.1" 200 141
172.17.0.120 - - [07/Aug/2020:10:33:59 +0800] "GET /xingrg/javascript/jquery_ui/themes/humanity/images/ui-iconsnew.jpg HTTP/1.1" 200 337
172.17.0.120 - - [07/Aug/2020:10:33:59 +0800] "GET /xingrg/javascript/jquery_ui/themes/humanity/images/ui-bg_glass_70_ede4d4_1x400.png HTTP/1.1" 200 161
172.17.0.120 - - [07/Aug/2020:10:33:59 +0800] "GET /xingrg/javascript/jquery_ui/themes/humanity/images/ui-icons_ffffff_256x240.png HTTP/1.1" 200 4369
172.17.0.120 - - [07/Aug/2020:10:33:59 +0800] "GET /xingrg/javascript/jquery_ui/themes/humanity/images/ui-icons_c47a23_256x240.png HTTP/1.1" 200 5355
61.172.5.115 - - [07/Aug/2020:10:33:59 +0800] "GET /xingrg/all/function/internal_message.html?_=1596767635586&CODE_STATE=getMsg HTTP/1.1" 200 27
172.17.0.120 - - [07/Aug/2020:10:33:59 +0800] "GET /xingrg/images/yd/bt.gif HTTP/1.1" 404 1040
172.17.0.120 - - [07/Aug/2020:10:33:59 +0800] "GET /xingrg/kc/buy/cgsh_order_list.html HTTP/1.1" 200 43876
172.17.0.120 - - [07/Aug/2020:10:33:59 +0800] "GET /xingrg/css/base.css HTTP/1.1" 200 2811
172.17.0.120 - - [07/Aug/2020:10:33:59 +0800] "GET /xingrg/css/site.css HTTP/1.1" 200 7541
172.17.0.120 - - [07/Aug/2020:10:33:59 +0800] "GET /xingrg/javascript/jquery_tools/datebox.css HTTP/1.1" 200 2597
172.17.0.120 - - [07/Aug/2020:10:33:59 +0800] "GET /xingrg/javascript/easyui/themes/default/easyui.css HTTP/1.1" 200 30432
172.17.0.120 - - [07/Aug/2020:10:33:59 +0800] "GET /xingrg/javascript/easyui/themes/icon.css HTTP/1.1" 200 4483
172.17.0.120 - - [07/Aug/2020:10:33:59 +0800] "GET /xingrg/javascript/auto/jquery.autocomplete.css HTTP/1.1" 200 587
172.17.0.120 - - [07/Aug/2020:10:33:59 +0800] "GET /xingrg/javascript/jquery_tools/fix.css HTTP/1.1" 200 1702
172.17.0.120 - - [07/Aug/2020:10:33:59 +0800] "GET /xingrg/javascript/jquery_tools/table.css HTTP/1.1" 200 1032
172.17.0.120 - - [07/Aug/2020:10:33:59 +0800] "GET /xingrg/javascript/jquery_tools/jquery.tools.min.js HTTP/1.1" 200 138801
172.17.0.120 - - [07/Aug/2020:10:33:59 +0800] "GET /xingrg/javascript/jquery_tools/jquery.tools.extend.js HTTP/1.1" 200 15385
172.17.0.120 - - [07/Aug/2020:10:33:59 +0800] "GET /xingrg/javascript/jquery_tools/jquery.tools.hotkey.js HTTP/1.1" 200 3242
172.17.0.120 - - [07/Aug/2020:10:33:59 +0800] "GET /xingrg/javascript/jquery_tools/jquery.tools.table.js HTTP/1.1" 200 6994
172.17.0.120 - - [07/Aug/2020:10:33:59 +0800] "GET /xingrg/javascript/jquery_tools/list_manager.js HTTP/1.1" 200 3652
172.17.0.120 - - [07/Aug/2020:10:33:59 +0800] "GET /xingrg/javascript/auto/jquery.autocomplete.js HTTP/1.1" 200 21624
172.17.0.120 - - [07/Aug/2020:10:33:59 +0800] "GET /xingrg/javascript/easyui/easyloader.js HTTP/1.1" 200 5975
172.17.0.120 - - [07/Aug/2020:10:33:59 +0800] "GET /xingrg/javascript/jquery.cookie.js HTTP/1.1" 200 5513
172.17.0.120 - - [07/Aug/2020:10:33:59 +0800] "GET /xingrg/javascript/print/LodopFuncs.js HTTP/1.1" 200 5121
172.17.0.120 - - [07/Aug/2020:10:34:00 +0800] "GET /xingrg/javascript/easyui/themes/icons/import_new.png HTTP/1.1" 200 1247
116.235.241.164 - - [07/Aug/2020:10:34:00 +0800] "GET /xingrg/all/report/report_query.html?fileName=dma/new_5.0/menu/menu_category_hz.xml HTTP/1.1" 200 53064
172.17.0.120 - - [07/Aug/2020:10:34:00 +0800] "GET /xingrg/javascript/easyui/themes/icons/uncheck_new.png HTTP/1.1" 200 3197
172.17.0.120 - - [07/Aug/2020:10:34:00 +0800] "GET /xingrg/javascript/easyui/themes/icons/cance_new.png HTTP/1.1" 200 3986
172.17.0.120 - - [07/Aug/2020:10:34:00 +0800] "GET /xingrg/javascript/easyui/themes/icons/check_new.png HTTP/1.1" 200 3224
172.17.0.120 - - [07/Aug/2020:10:34:00 +0800] "GET /xingrg/javascript/easyui/themes/icons/edit_add_new.png HTTP/1.1" 200 2997
172.17.0.120 - - [07/Aug/2020:10:34:00 +0800] "GET /xingrg/javascript/easyui/themes/icons/field_new.png HTTP/1.1" 200 1097
116.235.241.164 - - [07/Aug/2020:10:34:00 +0800] "GET /xingrg/dwr/util.js HTTP/1.1" 304 -
172.17.0.120 - - [07/Aug/2020:10:34:00 +0800] "GET /xingrg/javascript/easyui/plugins/jquery.parser.js HTTP/1.1" 200 1142
116.235.241.164 - - [07/Aug/2020:10:34:00 +0800] "GET /xingrg/dwr/interface/AjaxReportQueryService.js HTTP/1.1" 200 13203
116.235.241.164 - - [07/Aug/2020:10:34:00 +0800] "GET /xingrg/dwr/engine.js HTTP/1.1" 200 43631
116.235.241.164 - - [07/Aug/2020:10:34:00 +0800] "POST /xingrg/dwr/call/plaincall/AjaxReportQueryService.getFixDate.dwr HTTP/1.1" 200 111
116.235.241.164 - - [07/Aug/2020:10:34:00 +0800] "POST /xingrg/all/common/load_tree.html?tree=area_station_tree_json&manage=1 HTTP/1.1" 200 3116
116.235.241.164 - - [07/Aug/2020:10:34:00 +0800] "GET /xingrg/javascript/multi_select/dropdown.gif HTTP/1.1" 304 -
172.17.0.120 - - [07/Aug/2020:10:34:00 +0800] "POST /xingrg/kc/buy/cgsh_list_operate.html HTTP/1.1" 200 876
172.17.0.102 - - [07/Aug/2020:10:34:00 +0800] "GET /xingrg/kc/buy/cgsh_order_operate.html?command=get_materiel&rest_code=00147&code=00101009062&supplier_code=00100022&order_time=2020-08-07 HTTP/1.1" 200 412
117.131.5.26 - - [07/Aug/2020:10:34:00 +0800] "GET /xingrg/all/function/internal_message.html?_=1596767639678&CODE_STATE=getMsg HTTP/1.1" 200 27
116.233.74.136 - - [07/Aug/2020:10:34:01 +0800] "GET /xingrg/all/function/internal_message.html?_=1596767656136&CODE_STATE=getMsg HTTP/1.1" 200 27
222.69.136.250 - - [07/Aug/2020:10:34:02 +0800] "GET /xingrg/kc/base/wldb_order_operate.html?command=get_materiel&rest_code=00149&base_code=0010394&code=00101019259 HTTP/1.1" 200 464
180.157.251.101 - - [07/Aug/2020:10:34:03 +0800] "GET /xingrg/check_reg.html?_=1596767647002 HTTP/1.1" 200 22
117.131.5.26 - - [07/Aug/2020:10:34:03 +0800] "GET /xingrg/check_reg.html?_=1596767923815 HTTP/1.1" 200 22
180.157.251.101 - - [07/Aug/2020:10:34:04 +0800] "GET /xingrg/all/function/internal_message.html?_=1596767647704&CODE_STATE=getMsg HTTP/1.1" 200 27
172.17.0.120 - - [07/Aug/2020:10:34:05 +0800] "GET /xingrg/javascript/jquery_tools/images/prev.gif HTTP/1.1" 404 1086
172.17.0.120 - - [07/Aug/2020:10:34:05 +0800] "GET /xingrg/javascript/jquery_tools/images/next.gif HTTP/1.1" 404 1086
116.230.74.197 - - [07/Aug/2020:10:34:06 +0800] "GET /xingrg/all/function/internal_message.html?_=1596767635133&CODE_STATE=getMsg HTTP/1.1" 200 27
117.185.32.26 - - [07/Aug/2020:10:34:06 +0800] "GET /xingrg/kc/buy/cgsh_order_operate.html?command=get_materiel&rest_code=00106&code=00101008233&supplier_code=00100007&order_time=2020-08-07 HTTP/1.1" 200 408
117.131.5.26 - - [07/Aug/2020:10:34:06 +0800] "GET /xingrg/all/function/internal_message.html?_=1596767926178&CODE_STATE=getMsg HTTP/1.1" 200 27
117.184.7.26 - - [07/Aug/2020:10:34:06 +0800] "GET /xingrg/kc/buy/cgsh_order_operate.html?command=get_materiel&rest_code=00108&code=00101008223&supplier_code=00100008&order_time=2020-08-07 HTTP/1.1" 200 412
222.69.136.250 - - [07/Aug/2020:10:34:06 +0800] "GET /xingrg/kc/base/wldb_order_operate.html?command=get_materiel&rest_code=00149&base_code=0010394&code=00101019391 HTTP/1.1" 200 471
180.175.214.200 - - [07/Aug/2020:10:34:07 +0800] "GET /xingrg/kc/buy/cgsh_order_operate.html?command=get_materiel&rest_code=00102&code=00101009001&supplier_code=00100096&order_time=2020-08-07 HTTP/1.1" 200 418
180.175.214.200 - - [07/Aug/2020:10:34:08 +0800] "GET /xingrg/all/function/internal_message.html?_=1596767850991&CODE_STATE=getMsg HTTP/1.1" 200 27
172.17.0.120 - - [07/Aug/2020:10:34:09 +0800] "POST /xingrg/kc/buy/cgsh_list_operate.html HTTP/1.1" 200 3195
222.69.136.250 - - [07/Aug/2020:10:34:10 +0800] "GET /xingrg/kc/base/wldb_order_operate.html?command=get_materiel&rest_code=00149&base_code=0010394&code=00101019185 HTTP/1.1" 200 455
172.17.0.102 - - [07/Aug/2020:10:34:10 +0800] "GET /xingrg/kc/buy/cgsh_order_operate.html?command=get_materiel&rest_code=00147&code=00101009095&supplier_code=00100022&order_time=2020-08-07 HTTP/1.1" 200 395
117.184.7.26 - - [07/Aug/2020:10:34:14 +0800] "GET /xingrg/all/function/internal_message.html?_=1596767642620&CODE_STATE=getMsg HTTP/1.1" 200 27
116.235.241.164 - - [07/Aug/2020:10:34:14 +0800] "GET /xingrg/dwr/interface/AjaxReportQueryService.js HTTP/1.1" 200 13203
116.235.241.164 - - [07/Aug/2020:10:34:14 +0800] "GET /xingrg/all/report/report_query.html?fileName=dma/new_5.0/menu/menu_stca_hz.xml HTTP/1.1" 200 51418
116.235.241.164 - - [07/Aug/2020:10:34:14 +0800] "GET /xingrg/dwr/engine.js HTTP/1.1" 200 43631
116.235.241.164 - - [07/Aug/2020:10:34:14 +0800] "POST /xingrg/dwr/call/plaincall/AjaxReportQueryService.getFixDate.dwr HTTP/1.1" 200 111
116.235.241.164 - - [07/Aug/2020:10:34:14 +0800] "POST /xingrg/all/common/load_tree.html?tree=area_station_tree_json&manage=1 HTTP/1.1" 200 3116
222.69.136.250 - - [07/Aug/2020:10:34:15 +0800] "GET /xingrg/all/function/internal_message.html?_=1596767645855&CODE_STATE=getMsg HTTP/1.1" 200 27
117.184.7.26 - - [07/Aug/2020:10:34:16 +0800] "GET /xingrg/kc/buy/cgsh_order_operate.html?command=get_materiel&rest_code=00108&code=00101015038&supplier_code=00100008&order_time=2020-08-07 HTTP/1.1" 200 418
114.89.80.44 - - [07/Aug/2020:10:34:16 +0800] "GET /xingrg/all/function/internal_message.html?_=1596767784855&CODE_STATE=getMsg HTTP/1.1" 200 27
172.17.0.102 - - [07/Aug/2020:10:34:18 +0800] "POST /xingrg/kc/buy/cgsh_order_operate.html HTTP/1.1" 200 37
172.17.0.120 - - [07/Aug/2020:10:34:18 +0800] "POST /xingrg/kc/buy/cgsh_list_operate.html HTTP/1.1" 200 3981
222.69.136.250 - - [07/Aug/2020:10:34:18 +0800] "POST /xingrg/kc/base/wldb_order_operate.html HTTP/1.1" 200 37
172.17.0.123 - - [07/Aug/2020:10:34:18 +0800] "GET /xingrg/all/function/internal_message.html?_=1596767580938&CODE_STATE=getMsg HTTP/1.1" 200 27
222.69.136.250 - - [07/Aug/2020:10:34:18 +0800] "POST /xingrg/kc/base/wldb_order_operate.html HTTP/1.1" 200 4764
117.185.32.26 - - [07/Aug/2020:10:34:18 +0800] "GET /xingrg/kc/buy/cgsh_order_operate.html?command=get_materiel&rest_code=00106&code=00101008318&supplier_code=00100007&order_time=2020-08-07 HTTP/1.1" 200 408
172.17.0.102 - - [07/Aug/2020:10:34:19 +0800] "POST /xingrg/kc/buy/cgsh_order_operate.html HTTP/1.1" 200 5014
222.69.136.250 - - [07/Aug/2020:10:34:19 +0800] "GET /xingrg/kc/base/wldb_order_info.html?code=422020080700716 HTTP/1.1" 200 30388
222.69.136.250 - - [07/Aug/2020:10:34:19 +0800] "GET /xingrg/javascript/easyui/themes/default/validatebox.css HTTP/1.1" 404 1104
222.69.136.250 - - [07/Aug/2020:10:34:19 +0800] "POST /xingrg/kc/base/wldb_order_operate.html HTTP/1.1" 200 4764
172.17.0.102 - - [07/Aug/2020:10:34:20 +0800] "GET /xingrg/kc/print/load_data.html?order_code=212020080702572&kc_code=cgsh&condition= HTTP/1.1" 200 1599
172.17.200.101 - - [07/Aug/2020:10:34:22 +0800] "GET /xingrg/all/function/internal_message.html?_=1596767662263&CODE_STATE=getMsg HTTP/1.1" 200 27
172.17.200.101 - - [07/Aug/2020:10:34:22 +0800] "GET /xingrg/check_reg.html?_=1596767662266 HTTP/1.1" 200 22
222.69.136.250 - - [07/Aug/2020:10:34:22 +0800] "GET /xingrg/kc/base/wldb_order_add.html HTTP/1.1" 200 30373
222.69.136.250 - - [07/Aug/2020:10:34:22 +0800] "GET /xingrg/javascript/easyui/themes/default/validatebox.css HTTP/1.1" 404 1104
222.69.136.250 - - [07/Aug/2020:10:34:22 +0800] "POST /xingrg/kc/base/wldb_order_operate.html HTTP/1.1" 200 6806
114.88.161.57 - - [07/Aug/2020:10:34:23 +0800] "GET /xingrg/all/function/internal_message.html?_=1596767697643&CODE_STATE=getMsg HTTP/1.1" 200 27
172.17.0.102 - - [07/Aug/2020:10:34:23 +0800] "GET /xingrg/kc/buy/cgsh_order_add.html HTTP/1.1" 200 59312
172.17.0.102 - - [07/Aug/2020:10:34:24 +0800] "POST /xingrg/kc/buy/cgsh_order_operate.html HTTP/1.1" 200 8245
172.17.0.102 - - [07/Aug/2020:10:34:24 +0800] "GET /xingrg/javascript/easyui/themes/default/validatebox.css HTTP/1.1" 404 1104
117.184.7.30 - - [07/Aug/2020:10:34:25 +0800] "GET /xingrg/kc/buy/cgsh_order_operate.html?command=get_materiel&rest_code=00108&code=00101008114&supplier_code=00100008&order_time=2020-08-07 HTTP/1.1" 200 412
172.17.0.120 - - [07/Aug/2020:10:34:25 +0800] "POST /xingrg/kc/buy/cgsh_list_operate.html HTTP/1.1" 200 5387
116.235.241.164 - - [07/Aug/2020:10:34:26 +0800] "POST /xingrg/dwr/call/plaincall/AjaxReportQueryService.getFixDate.dwr HTTP/1.1" 200 111
117.185.32.26 - - [07/Aug/2020:10:34:27 +0800] "GET /xingrg/kc/buy/cgsh_order_operate.html?command=get_materiel&rest_code=00106&code=00101008352&supplier_code=00100007&order_time=2020-08-07 HTTP/1.1" 200 414
116.235.241.164 - - [07/Aug/2020:10:34:28 +0800] "POST /xingrg/dwr/call/plaincall/AjaxReportQueryService.refreshCache.dwr HTTP/1.1" 200 78
116.235.241.164 - - [07/Aug/2020:10:34:28 +0800] "POST /xingrg/all/report/load_report_page.html HTTP/1.1" 200 64055
116.235.241.164 - - [07/Aug/2020:10:34:28 +0800] "GET /xingrg/servlets/image?cache=0.8985041648644994&image=px HTTP/1.1" 200 807
222.69.136.250 - - [07/Aug/2020:10:34:29 +0800] "GET /xingrg/kc/base/wldb_order_operate.html?command=get_materiel&rest_code=00149&base_code=0010394&code=00101019079 HTTP/1.1" 200 465
117.185.32.26 - - [07/Aug/2020:10:34:31 +0800] "POST /xingrg/kc/buy/cgsh_order_operate.html HTTP/1.1" 200 2065
222.69.136.250 - - [07/Aug/2020:10:34:32 +0800] "GET /xingrg/kc/base/wldb_order_operate.html?command=get_materiel&rest_code=00149&base_code=0010394&code=00101019376 HTTP/1.1" 200 463
117.184.7.30 - - [07/Aug/2020:10:34:33 +0800] "GET /xingrg/all/function/internal_message.html?_=1596767661857&CODE_STATE=getMsg HTTP/1.1" 200 27
172.17.0.120 - - [07/Aug/2020:10:34:33 +0800] "POST /xingrg/kc/buy/cgsh_list_operate.html HTTP/1.1" 200 5619
116.235.241.164 - - [07/Aug/2020:10:34:34 +0800] "GET /xingrg/all/function/internal_message.html?_=1596767663619&CODE_STATE=getMsg HTTP/1.1" 200 27
172.17.0.120 - - [07/Aug/2020:10:34:35 +0800] "POST /xingrg/kc/buy/cgsh_list_operate.html HTTP/1.1" 200 5387
117.184.7.30 - - [07/Aug/2020:10:34:36 +0800] "GET /xingrg/kc/buy/cgsh_order_operate.html?command=get_materiel&rest_code=00108&code=00101008236&supplier_code=00100008&order_time=2020-08-07 HTTP/1.1" 200 416
222.69.136.250 - - [07/Aug/2020:10:34:36 +0800] "GET /xingrg/kc/base/wldb_order_operate.html?command=get_materiel&rest_code=00149&base_code=0010394&code=00101019390 HTTP/1.1" 200 456
117.185.32.26 - - [07/Aug/2020:10:34:37 +0800] "GET /xingrg/kc/buy/cgsh_order_operate.html?command=get_materiel&rest_code=00106&code=00101008098&supplier_code=00100007&order_time=2020-08-07 HTTP/1.1" 200 412
117.185.32.26 - - [07/Aug/2020:10:34:37 +0800] "GET /xingrg/all/function/internal_message.html?_=1596768107486&CODE_STATE=getMsg HTTP/1.1" 200 27
116.235.241.164 - - [07/Aug/2020:10:34:38 +0800] "GET /xingrg/all/function/internal_message.html?_=1596767667790&CODE_STATE=getMsg HTTP/1.1" 200 27
172.17.0.120 - - [07/Aug/2020:10:34:38 +0800] "POST /xingrg/kc/buy/cgsh_list_operate.html HTTP/1.1" 200 5619
218.81.217.115 - - [07/Aug/2020:10:34:38 +0800] "GET /xingrg/all/function/internal_message.html?_=1596767695661&CODE_STATE=getMsg HTTP/1.1" 200 27
172.17.0.102 - - [07/Aug/2020:10:34:38 +0800] "GET /xingrg/kc/buy/cgsh_order_operate.html?command=get_materiel&rest_code=00147&code=00101006129&supplier_code=00100015&order_time=2020-08-07 HTTP/1.1" 200 431
172.17.0.120 - - [07/Aug/2020:10:34:40 +0800] "POST /xingrg/kc/buy/cgsh_list_operate.html HTTP/1.1" 200 5619
117.184.7.30 - - [07/Aug/2020:10:34:40 +0800] "POST /xingrg/kc/buy/cgsh_order_operate.html HTTP/1.1" 200 2065
222.69.136.250 - - [07/Aug/2020:10:34:40 +0800] "GET /xingrg/kc/base/wldb_order_operate.html?command=get_materiel&rest_code=00149&base_code=0010394&code=00101019222 HTTP/1.1" 200 455
172.17.0.240 - - [07/Aug/2020:10:34:41 +0800] "GET /xingrg/all/function/internal_message.html?_=1596767678068&CODE_STATE=getMsg HTTP/1.1" 200 27
116.235.241.164 - - [07/Aug/2020:10:34:42 +0800] "GET /xingrg/all/report/report_query.html?fileName=dma/new_5.0/menu/menu_cate_detail.xml HTTP/1.1" 200 53167
116.235.241.164 - - [07/Aug/2020:10:34:42 +0800] "GET /xingrg/dwr/interface/AjaxReportQueryService.js HTTP/1.1" 200 13203
116.235.241.164 - - [07/Aug/2020:10:34:42 +0800] "GET /xingrg/dwr/engine.js HTTP/1.1" 200 43631
116.235.241.164 - - [07/Aug/2020:10:34:43 +0800] "POST /xingrg/dwr/call/plaincall/AjaxReportQueryService.getFixDate.dwr HTTP/1.1" 200 111
116.235.241.164 - - [07/Aug/2020:10:34:43 +0800] "POST /xingrg/all/common/load_tree.html?tree=area_station_tree_json&manage=1 HTTP/1.1" 200 3116
117.185.32.26 - - [07/Aug/2020:10:34:43 +0800] "GET /xingrg/kc/buy/cgsh_order_operate.html?command=get_materiel&rest_code=00106&code=00101008005&supplier_code=00100007&order_time=2020-08-07 HTTP/1.1" 200 412
172.17.0.185 - - [07/Aug/2020:10:34:45 +0800] "GET /xingrg/check_reg.html?_=1596767680830 HTTP/1.1" 200 22
222.69.136.250 - - [07/Aug/2020:10:34:45 +0800] "GET /xingrg/kc/base/wldb_order_operate.html?command=get_materiel&rest_code=00149&base_code=0010394&code=00101016086 HTTP/1.1" 200 468
117.185.32.26 - - [07/Aug/2020:10:34:45 +0800] "GET /xingrg/all/function/internal_message.html?_=1596767679439&CODE_STATE=getMsg HTTP/1.1" 200 27
120.253.135.82 - - [07/Aug/2020:10:34:46 +0800] "GET /xingrg/check_reg.html?_=1596767436245 HTTP/1.1" 200 22
114.89.80.44 - - [07/Aug/2020:10:34:46 +0800] "GET /xingrg/all/function/internal_message.html?_=1596767681817&CODE_STATE=getMsg HTTP/1.1" 200 27
114.89.80.44 - - [07/Aug/2020:10:34:46 +0800] "GET /xingrg/check_reg.html?_=1596767681821 HTTP/1.1" 200 22
172.17.0.102 - - [07/Aug/2020:10:34:46 +0800] "GET /xingrg/kc/buy/cgsh_order_operate.html?command=get_materiel&rest_code=00147&code=00101006124&supplier_code=00100015&order_time=2020-08-07 HTTP/1.1" 200 409
120.253.135.82 - - [07/Aug/2020:10:34:46 +0800] "GET /xingrg/all/function/internal_message.html?_=1596767436566&CODE_STATE=getMsg HTTP/1.1" 200 27
172.17.0.120 - - [07/Aug/2020:10:34:47 +0800] "POST /xingrg/kc/buy/cgsh_list_operate.html HTTP/1.1" 200 5428
172.17.0.102 - - [07/Aug/2020:10:34:47 +0800] "GET /xingrg/all/function/internal_message.html?_=1596767685428&CODE_STATE=getMsg HTTP/1.1" 200 27
116.230.74.197 - - [07/Aug/2020:10:34:47 +0800] "GET /xingrg/kc/buy/cgsh_order_operate.html?command=get_materiel&rest_code=00153&code=00101029008&supplier_code=00100224&order_time=2020-08-07 HTTP/1.1" 200 432
116.235.241.164 - - [07/Aug/2020:10:34:48 +0800] "POST /xingrg/dwr/call/plaincall/AjaxReportQueryService.getFixDate.dwr HTTP/1.1" 200 111
117.184.7.26 - - [07/Aug/2020:10:34:49 +0800] "GET /xingrg/kc/buy/cgsh_order_operate.html?command=get_materiel&rest_code=00108&code=00101020152&supplier_code=00100008&order_time=2020-08-07 HTTP/1.1" 200 416
116.235.241.164 - - [07/Aug/2020:10:34:49 +0800] "GET /xingrg/javascript/multi_select/dropdown_hover.gif HTTP/1.1" 304 -
117.185.32.26 - - [07/Aug/2020:10:34:51 +0800] "GET /xingrg/kc/buy/cgsh_order_operate.html?command=get_materiel&rest_code=00106&code=00101008353&supplier_code=00100007&order_time=2020-08-07 HTTP/1.1" 200 408
180.152.230.204 - - [07/Aug/2020:10:34:51 +0800] "GET /xingrg/check_reg.html?_=1596767000858 HTTP/1.1" 200 22
180.152.230.204 - - [07/Aug/2020:10:34:51 +0800] "GET /xingrg/all/function/internal_message.html?_=1596767000860&CODE_STATE=getMsg HTTP/1.1" 200 27
116.235.241.164 - - [07/Aug/2020:10:34:52 +0800] "GET /xingrg/check_reg.html?_=1596767681576 HTTP/1.1" 200 22
117.131.5.26 - - [07/Aug/2020:10:34:52 +0800] "GET /xingrg/all/function/internal_message.html?_=1596768066511&CODE_STATE=getMsg HTTP/1.1" 200 27
116.235.241.164 - - [07/Aug/2020:10:34:52 +0800] "POST /xingrg/dwr/call/plaincall/AjaxReportQueryService.queryInitializeString.dwr HTTP/1.1" 200 871
222.69.136.250 - - [07/Aug/2020:10:34:53 +0800] "POST /xingrg/kc/base/wldb_order_operate.html HTTP/1.1" 200 37
222.69.136.250 - - [07/Aug/2020:10:34:53 +0800] "POST /xingrg/kc/base/wldb_order_operate.html HTTP/1.1" 200 4219
222.69.136.250 - - [07/Aug/2020:10:34:54 +0800] "GET /xingrg/kc/base/wldb_order_info.html?code=422020080700717 HTTP/1.1" 200 30388
172.17.0.120 - - [07/Aug/2020:10:34:54 +0800] "POST /xingrg/kc/buy/cgsh_list_operate.html HTTP/1.1" 200 5456
116.235.241.164 - - [07/Aug/2020:10:34:54 +0800] "GET /xingrg/javascript/multi_select/dropdown_active.gif HTTP/1.1" 304 -
222.69.136.250 - - [07/Aug/2020:10:34:54 +0800] "GET /xingrg/javascript/easyui/themes/default/validatebox.css HTTP/1.1" 404 1104
222.69.136.250 - - [07/Aug/2020:10:34:54 +0800] "POST /xingrg/kc/base/wldb_order_operate.html HTTP/1.1" 200 4219
172.17.0.102 - - [07/Aug/2020:10:34:55 +0800] "GET /xingrg/kc/buy/cgsh_order_operate.html?command=get_materiel&rest_code=00147&code=00101006110&supplier_code=00100015&order_time=2020-08-07 HTTP/1.1" 200 408
114.89.80.44 - - [07/Aug/2020:10:34:55 +0800] "GET /xingrg/kc/base/wldb_order_list.html HTTP/1.1" 200 19261
114.89.80.44 - - [07/Aug/2020:10:34:55 +0800] "POST /xingrg/kc/base/wldb_list_operate.html HTTP/1.1" 200 928
114.89.80.44 - - [07/Aug/2020:10:34:56 +0800] "GET /xingrg/kc/base/wldb_order_add.html HTTP/1.1" 200 30373
222.69.136.250 - - [07/Aug/2020:10:34:56 +0800] "GET /xingrg/kc/base/wldb_order_add.html HTTP/1.1" 200 30373
114.89.80.44 - - [07/Aug/2020:10:34:56 +0800] "POST /xingrg/kc/base/wldb_order_operate.html HTTP/1.1" 200 6806
114.89.80.44 - - [07/Aug/2020:10:34:56 +0800] "GET /xingrg/all/common/auto_word.html?type=base&rest_code=00150 HTTP/1.1" 200 1653
114.89.80.44 - - [07/Aug/2020:10:34:56 +0800] "GET /xingrg/all/common/auto_word.html?type=base&rest_code=00150 HTTP/1.1" 200 1653
114.89.80.44 - - [07/Aug/2020:10:34:56 +0800] "GET /xingrg/javascript/easyui/themes/default/validatebox.css HTTP/1.1" 404 1104
222.69.136.250 - - [07/Aug/2020:10:34:56 +0800] "POST /xingrg/kc/base/wldb_order_operate.html HTTP/1.1" 200 6806
222.69.136.250 - - [07/Aug/2020:10:34:57 +0800] "GET /xingrg/javascript/easyui/themes/default/validatebox.css HTTP/1.1" 404 1104
172.17.0.120 - - [07/Aug/2020:10:34:57 +0800] "GET /xingrg/javascript/easyui/themes/default/images/button_plain_hover.png HTTP/1.1" 200 144
172.17.0.120 - - [07/Aug/2020:10:34:57 +0800] "GET /xingrg/all/function/internal_message.html?_=1596767694555&CODE_STATE=getMsg HTTP/1.1" 200 27
61.172.5.115 - - [07/Aug/2020:10:34:59 +0800] "GET /xingrg/all/function/internal_message.html?_=1596767695560&CODE_STATE=getMsg HTTP/1.1" 200 27
117.185.32.26 - - [07/Aug/2020:10:35:00 +0800] "GET /xingrg/kc/buy/cgsh_order_operate.html?command=get_materiel&rest_code=00106&code=00101008125&supplier_code=00100007&order_time=2020-08-07 HTTP/1.1" 200 413
180.175.214.200 - - [07/Aug/2020:10:35:00 +0800] "GET /xingrg/kc/buy/cgsh_order_operate.html?command=get_materiel&rest_code=00102&code=00101009062&supplier_code=00100096&order_time=2020-08-07 HTTP/1.1" 200 414
117.131.5.26 - - [07/Aug/2020:10:35:00 +0800] "GET /xingrg/all/function/internal_message.html?_=1596767699678&CODE_STATE=getMsg HTTP/1.1" 200 27
116.233.74.136 - - [07/Aug/2020:10:35:00 +0800] "GET /xingrg/all/function/internal_message.html?_=1596767716156&CODE_STATE=getMsg HTTP/1.1" 200 27
114.89.80.44 - - [07/Aug/2020:10:35:02 +0800] "GET /xingrg/kc/base/wldb_order_operate.html?command=get_materiel&rest_code=00150&base_code=0010445&code=00101013224 HTTP/1.1" 200 432
172.17.0.102 - - [07/Aug/2020:10:35:02 +0800] "GET /xingrg/kc/buy/cgsh_order_operate.html?command=get_materiel&rest_code=00147&code=00101006177&supplier_code=00100015&order_time=2020-08-07 HTTP/1.1" 200 409
222.69.136.250 - - [07/Aug/2020:10:35:03 +0800] "GET /xingrg/kc/base/wldb_order_operate.html?command=get_materiel&rest_code=00149&base_code=0010400&code=00101002057 HTTP/1.1" 200 410
180.157.251.101 - - [07/Aug/2020:10:35:04 +0800] "GET /xingrg/all/function/internal_message.html?_=1596767707718&CODE_STATE=getMsg HTTP/1.1" 200 27
172.17.0.120 - - [07/Aug/2020:10:35:04 +0800] "POST /xingrg/kc/buy/cgsh_list_operate.html HTTP/1.1" 200 3195
117.184.7.30 - - [07/Aug/2020:10:35:05 +0800] "GET /xingrg/kc/buy/cgsh_order_operate.html?command=get_materiel&rest_code=00108&code=00101008168&supplier_code=00100008&order_time=2020-08-07 HTTP/1.1" 200 412
117.131.5.26 - - [07/Aug/2020:10:35:06 +0800] "GET /xingrg/all/function/internal_message.html?_=1596767986191&CODE_STATE=getMsg HTTP/1.1" 200 27
116.230.74.197 - - [07/Aug/2020:10:35:06 +0800] "GET /xingrg/all/function/internal_message.html?_=1596767695140&CODE_STATE=getMsg HTTP/1.1" 200 27
117.185.32.26 - - [07/Aug/2020:10:35:06 +0800] "GET /xingrg/kc/buy/cgsh_order_operate.html?command=get_materiel&rest_code=00106&code=00101008114&supplier_code=00100007&order_time=2020-08-07 HTTP/1.1" 200 412
180.157.251.101 - - [07/Aug/2020:10:35:06 +0800] "POST /xingrg/services/DataTransmitService HTTP/1.1" 200 524
180.157.251.101 - - [07/Aug/2020:10:35:06 +0800] "POST /xingrg/services/DataTransmitService HTTP/1.1" 200 2011
180.157.251.101 - - [07/Aug/2020:10:35:06 +0800] "POST /xingrg/services/DataTransmitService HTTP/1.1" 200 2283
180.157.251.101 - - [07/Aug/2020:10:35:06 +0800] "POST /xingrg/services/DataTransmitService HTTP/1.1" 200 1423
116.235.241.164 - - [07/Aug/2020:10:35:07 +0800] "POST /xingrg/dwr/call/plaincall/AjaxReportQueryService.refreshCache.dwr HTTP/1.1" 200 78
180.157.251.101 - - [07/Aug/2020:10:35:07 +0800] "POST /xingrg/services/DataTransmitService HTTP/1.1" 200 130704
116.235.241.164 - - [07/Aug/2020:10:35:07 +0800] "POST /xingrg/all/report/load_report_page.html HTTP/1.1" 200 20555
116.235.241.164 - - [07/Aug/2020:10:35:07 +0800] "GET /xingrg/servlets/image?cache=0.4863351188033147&image=px HTTP/1.1" 200 807
117.185.32.26 - - [07/Aug/2020:10:35:08 +0800] "POST /xingrg/kc/buy/cgsh_order_operate.html HTTP/1.1" 200 2065
222.69.136.250 - - [07/Aug/2020:10:35:08 +0800] "GET /xingrg/kc/base/wldb_order_operate.html?command=get_materiel&rest_code=00149&base_code=0010400&code=00101002022 HTTP/1.1" 200 431
180.175.214.200 - - [07/Aug/2020:10:35:08 +0800] "GET /xingrg/all/function/internal_message.html?_=1596767911072&CODE_STATE=getMsg HTTP/1.1" 200 27
117.185.32.26 - - [07/Aug/2020:10:35:12 +0800] "GET /xingrg/kc/buy/cgsh_order_operate.html?command=get_materiel&rest_code=00106&code=00101008301&supplier_code=00100007&order_time=2020-08-07 HTTP/1.1" 200 422
172.17.0.102 - - [07/Aug/2020:10:35:12 +0800] "GET /xingrg/kc/buy/cgsh_order_operate.html?command=get_materiel&rest_code=00147&code=00101006055&supplier_code=00100015&order_time=2020-08-07 HTTP/1.1" 200 409
58.221.95.50 - - [07/Aug/2020:10:35:12 +0800] "GET /xingrg/check_reg.html?_=1596767835814 HTTP/1.1" 302 -
117.184.7.26 - - [07/Aug/2020:10:35:14 +0800] "GET /xingrg/check_reg.html?_=1596767702619 HTTP/1.1" 200 22
117.184.7.30 - - [07/Aug/2020:10:35:14 +0800] "GET /xingrg/all/function/internal_message.html?_=1596767702622&CODE_STATE=getMsg HTTP/1.1" 200 27
117.184.7.30 - - [07/Aug/2020:10:35:14 +0800] "POST /xingrg/kc/buy/cgsh_order_operate.html HTTP/1.1" 200 37
222.69.136.250 - - [07/Aug/2020:10:35:14 +0800] "GET /xingrg/all/function/internal_message.html?_=1596767705830&CODE_STATE=getMsg HTTP/1.1" 200 27
117.184.7.30 - - [07/Aug/2020:10:35:15 +0800] "POST /xingrg/kc/buy/cgsh_order_operate.html HTTP/1.1" 200 41044
114.89.80.44 - - [07/Aug/2020:10:35:16 +0800] "GET /xingrg/all/function/internal_message.html?_=1596767844866&CODE_STATE=getMsg HTTP/1.1" 200 27
172.17.0.123 - - [07/Aug/2020:10:35:18 +0800] "GET /xingrg/all/function/internal_message.html?_=1596767640944&CODE_STATE=getMsg HTTP/1.1" 200 27
172.17.200.101 - - [07/Aug/2020:10:35:22 +0800] "GET /xingrg/all/function/internal_message.html?_=1596767722267&CODE_STATE=getMsg HTTP/1.1" 200 27
222.69.136.250 - - [07/Aug/2020:10:35:22 +0800] "POST /xingrg/kc/base/wldb_order_operate.html HTTP/1.1" 200 37
117.185.32.26 - - [07/Aug/2020:10:35:22 +0800] "GET /xingrg/kc/buy/cgsh_order_operate.html?command=get_materiel&rest_code=00106&code=00101008229&supplier_code=00100007&order_time=2020-08-07 HTTP/1.1" 200 420
222.69.136.250 - - [07/Aug/2020:10:35:23 +0800] "POST /xingrg/kc/base/wldb_order_operate.html HTTP/1.1" 200 2178
114.88.161.57 - - [07/Aug/2020:10:35:23 +0800] "GET /xingrg/all/function/internal_message.html?_=1596767757642&CODE_STATE=getMsg HTTP/1.1" 200 27
222.69.136.250 - - [07/Aug/2020:10:35:23 +0800] "GET /xingrg/kc/base/wldb_order_info.html?code=422020080700718 HTTP/1.1" 200 30385
172.17.0.102 - - [07/Aug/2020:10:35:23 +0800] "GET /xingrg/kc/buy/cgsh_order_operate.html?command=get_materiel&rest_code=00147&code=00101006084&supplier_code=00100015&order_time=2020-08-07 HTTP/1.1" 200 413
