120.253.135.82 - - [06/Aug/2020:10:43:09 +0800] "POST /xingrg/all/common/load_tree.html?tree=area_rest_tree_json HTTP/1.1" 200 3216
120.253.135.82 - - [06/Aug/2020:10:43:09 +0800] "POST /xingrg/kc/pszx/jzcl_ps_operate.html HTTP/1.1" 200 412
120.253.135.82 - - [06/Aug/2020:10:43:09 +0800] "POST /xingrg/kc/pszx/jzcl_ps_operate.html HTTP/1.1" 200 412
117.184.7.26 - - [06/Aug/2020:10:43:12 +0800] "GET /xingrg/all/function/internal_message.html?_=1596681782317&CODE_STATE=getMsg HTTP/1.1" 200 27
180.175.214.200 - - [06/Aug/2020:10:43:13 +0800] "GET /xingrg/kc/mdqp/pssh_order_list.html HTTP/1.1" 200 17712
180.175.214.200 - - [06/Aug/2020:10:43:13 +0800] "GET /xingrg/kc/base/wldb_order_operate.html?command=get_materiel&rest_code=00102&base_code=0010476&code=00101013137 HTTP/1.1" 200 432
180.175.214.200 - - [06/Aug/2020:10:43:13 +0800] "POST /xingrg/kc/mdqp/pssh_list_operate.html HTTP/1.1" 200 5190
116.230.74.197 - - [06/Aug/2020:10:43:13 +0800] "GET /xingrg/check_reg.html?_=1596681784269 HTTP/1.1" 200 22
116.230.74.197 - - [06/Aug/2020:10:43:13 +0800] "GET /xingrg/all/function/internal_message.html?_=1596681784311&CODE_STATE=getMsg HTTP/1.1" 200 27
180.175.214.200 - - [06/Aug/2020:10:43:13 +0800] "POST /xingrg/kc/mdqp/pssh_list_operate.html HTTP/1.1" 200 570
114.88.161.57 - - [06/Aug/2020:10:43:14 +0800] "GET /xingrg/kc/buy/cgsh_order_operate.html?command=get_materiel&rest_code=00111&code=00101015052&supplier_code=00100037&order_time=2020-08-06 HTTP/1.1" 200 413
120.253.135.82 - - [06/Aug/2020:10:43:15 +0800] "POST /xingrg/kc/pszx/jzcl_ps_operate.html HTTP/1.1" 200 4
120.253.135.82 - - [06/Aug/2020:10:43:15 +0800] "GET /xingrg/javascript/step/images/navBtn.gif HTTP/1.1" 200 361
180.175.214.200 - - [06/Aug/2020:10:43:15 +0800] "POST /xingrg/kc/mdqp/pssh_list_operate.html HTTP/1.1" 200 782
116.232.53.2 - - [06/Aug/2020:10:43:16 +0800] "GET /xingrg/all/function/internal_message.html?_=1596681855930&CODE_STATE=getMsg HTTP/1.1" 200 27
120.253.135.82 - - [06/Aug/2020:10:43:16 +0800] "GET /xingrg/kc/pszx/mdps_order_list.html HTTP/1.1" 200 21018
120.253.135.82 - - [06/Aug/2020:10:43:17 +0800] "POST /xingrg/kc/pszx/jzcl_ps_operate.html HTTP/1.1" 200 21
120.253.135.82 - - [06/Aug/2020:10:43:17 +0800] "POST /xingrg/kc/pszx/mdps_list_operate.html HTTP/1.1" 200 5414
180.175.214.200 - - [06/Aug/2020:10:43:17 +0800] "POST /xingrg/kc/mdqp/pssh_list_operate.html HTTP/1.1" 200 798
180.175.214.200 - - [06/Aug/2020:10:43:18 +0800] "POST /xingrg/kc/mdqp/pssh_list_operate.html HTTP/1.1" 200 771
116.232.53.2 - - [06/Aug/2020:10:43:18 +0800] "GET /xingrg/kc/buy/cgsh_order_operate.html?command=get_materiel&rest_code=00109&code=00101012002&supplier_code=00100035&order_time=2020-08-06 HTTP/1.1" 200 419
180.175.214.200 - - [06/Aug/2020:10:43:19 +0800] "GET /xingrg/kc/mdqp/pssh_order_info.html?code=312020080600153 HTTP/1.1" 200 17275
180.175.214.200 - - [06/Aug/2020:10:43:19 +0800] "GET /xingrg/javascript/jquery_tools/jquery-1.4.2.min.js HTTP/1.1" 404 1094
120.253.135.82 - - [06/Aug/2020:10:43:19 +0800] "GET /xingrg/kc/pszx/mdqp_order_list.html?state=10 HTTP/1.1" 200 10125
120.253.135.82 - - [06/Aug/2020:10:43:19 +0800] "GET /xingrg/dwr/interface/AjaxReportQueryService.js HTTP/1.1" 200 13203
120.253.135.82 - - [06/Aug/2020:10:43:19 +0800] "GET /xingrg/dwr/interface/AjaxQqpsService.js HTTP/1.1" 200 16326
120.253.135.82 - - [06/Aug/2020:10:43:19 +0800] "GET /xingrg/dwr/engine.js HTTP/1.1" 200 43631
180.175.214.200 - - [06/Aug/2020:10:43:19 +0800] "POST /xingrg/kc/mdqp/pssh_order_operate.html HTTP/1.1" 200 4776
180.175.214.200 - - [06/Aug/2020:10:43:19 +0800] "GET /xingrg/javascript/easyui/themes/default/validatebox.css HTTP/1.1" 404 1104
114.88.161.57 - - [06/Aug/2020:10:43:20 +0800] "GET /xingrg/kc/buy/cgsh_order_operate.html?command=get_materiel&rest_code=00111&code=00101015053&supplier_code=00100037&order_time=2020-08-06 HTTP/1.1" 200 412
180.175.214.200 - - [06/Aug/2020:10:43:21 +0800] "POST /xingrg/kc/mdqp/pssh_list_operate.html HTTP/1.1" 200 352
180.175.214.200 - - [06/Aug/2020:10:43:22 +0800] "POST /xingrg/kc/mdqp/pssh_list_operate.html HTTP/1.1" 200 263
180.175.214.200 - - [06/Aug/2020:10:43:23 +0800] "POST /xingrg/kc/mdqp/pssh_list_operate.html HTTP/1.1" 200 394
180.175.214.200 - - [06/Aug/2020:10:43:24 +0800] "POST /xingrg/kc/mdqp/pssh_list_operate.html HTTP/1.1" 200 360
180.175.214.200 - - [06/Aug/2020:10:43:26 +0800] "GET /xingrg/kc/mdqp/pssh_order_info.html?code=312020080300096 HTTP/1.1" 200 17266
180.175.214.200 - - [06/Aug/2020:10:43:26 +0800] "GET /xingrg/javascript/jquery_tools/jquery-1.4.2.min.js HTTP/1.1" 404 1094
180.175.214.200 - - [06/Aug/2020:10:43:27 +0800] "POST /xingrg/kc/mdqp/pssh_order_operate.html HTTP/1.1" 200 1040
180.175.214.200 - - [06/Aug/2020:10:43:27 +0800] "GET /xingrg/javascript/easyui/themes/default/validatebox.css HTTP/1.1" 404 1104
114.88.161.57 - - [06/Aug/2020:10:43:28 +0800] "GET /xingrg/kc/buy/cgsh_order_operate.html?command=get_materiel&rest_code=00111&code=00101009011&supplier_code=00100037&order_time=2020-08-06 HTTP/1.1" 200 416
116.232.53.2 - - [06/Aug/2020:10:43:28 +0800] "GET /xingrg/kc/buy/cgsh_order_operate.html?command=get_materiel&rest_code=00109&code=00101012029&supplier_code=00100035&order_time=2020-08-06 HTTP/1.1" 200 412
180.175.214.200 - - [06/Aug/2020:10:43:29 +0800] "POST /xingrg/kc/mdqp/pssh_list_operate.html HTTP/1.1" 200 3507
114.88.161.57 - - [06/Aug/2020:10:43:29 +0800] "GET /xingrg/all/function/internal_message.html?_=1596681842094&CODE_STATE=getMsg HTTP/1.1" 200 27
117.185.32.26 - - [06/Aug/2020:10:43:30 +0800] "GET /xingrg/all/function/internal_message.html?_=1596681805187&CODE_STATE=getMsg HTTP/1.1" 200 27
180.175.214.200 - - [06/Aug/2020:10:43:30 +0800] "POST /xingrg/kc/mdqp/pssh_list_operate.html HTTP/1.1" 200 352
180.175.214.200 - - [06/Aug/2020:10:43:30 +0800] "POST /xingrg/kc/mdqp/pssh_list_operate.html HTTP/1.1" 200 798
116.230.74.197 - - [06/Aug/2020:10:43:30 +0800] "GET /xingrg/kc/buy/cgsh_order_operate.html?command=get_materiel&rest_code=00107&code=00101010263&supplier_code=00100327&order_time=2020-08-06 HTTP/1.1" 200 409
180.175.214.200 - - [06/Aug/2020:10:43:31 +0800] "POST /xingrg/kc/mdqp/pssh_list_operate.html HTTP/1.1" 200 771
180.175.214.200 - - [06/Aug/2020:10:43:32 +0800] "GET /xingrg/all/function/internal_message.html?_=1596681810144&CODE_STATE=getMsg HTTP/1.1" 200 27
180.175.214.200 - - [06/Aug/2020:10:43:32 +0800] "POST /xingrg/kc/base/wldb_order_operate.html HTTP/1.1" 200 37
114.88.161.57 - - [06/Aug/2020:10:43:32 +0800] "POST /xingrg/kc/buy/cgsh_order_operate.html HTTP/1.1" 200 2065
172.17.0.123 - - [06/Aug/2020:10:43:33 +0800] "GET /xingrg/all/function/internal_message.html?_=1596681737188&CODE_STATE=getMsg HTTP/1.1" 200 27
180.175.214.200 - - [06/Aug/2020:10:43:33 +0800] "GET /xingrg/kc/buy/cgsh_order_list.html HTTP/1.1" 200 43641
180.175.214.200 - - [06/Aug/2020:10:43:33 +0800] "POST /xingrg/kc/mdqp/pssh_list_operate.html HTTP/1.1" 200 3507
114.88.161.57 - - [06/Aug/2020:10:43:33 +0800] "GET /xingrg/all/function/internal_message.html?_=1596681809753&CODE_STATE=getMsg HTTP/1.1" 200 27
180.175.214.200 - - [06/Aug/2020:10:43:33 +0800] "POST /xingrg/kc/base/wldb_order_operate.html HTTP/1.1" 200 12
180.175.214.200 - - [06/Aug/2020:10:43:33 +0800] "POST /xingrg/kc/base/wldb_order_operate.html HTTP/1.1" 200 4161
180.175.214.200 - - [06/Aug/2020:10:43:34 +0800] "POST /xingrg/kc/buy/cgsh_list_operate.html HTTP/1.1" 200 876
180.175.214.200 - - [06/Aug/2020:10:43:34 +0800] "GET /xingrg/kc/mdqp/pssh_order_list.html HTTP/1.1" 200 17712
120.253.135.82 - - [06/Aug/2020:10:43:34 +0800] "GET /xingrg/check_reg.html?_=1596681565243 HTTP/1.1" 200 22
180.175.214.200 - - [06/Aug/2020:10:43:34 +0800] "POST /xingrg/kc/mdqp/pssh_list_operate.html HTTP/1.1" 200 5190
180.175.214.200 - - [06/Aug/2020:10:43:35 +0800] "POST /xingrg/kc/mdqp/pssh_list_operate.html HTTP/1.1" 200 782
180.175.214.200 - - [06/Aug/2020:10:43:36 +0800] "POST /xingrg/kc/mdqp/pssh_list_operate.html HTTP/1.1" 200 570
180.175.214.200 - - [06/Aug/2020:10:43:36 +0800] "GET /xingrg/kc/base/wldb_order_info.html?code=422020080600561 HTTP/1.1" 200 26239
180.175.214.200 - - [06/Aug/2020:10:43:36 +0800] "POST /xingrg/kc/mdqp/pssh_list_operate.html HTTP/1.1" 200 394
180.175.214.200 - - [06/Aug/2020:10:43:37 +0800] "POST /xingrg/kc/mdqp/pssh_list_operate.html HTTP/1.1" 200 360
180.175.214.200 - - [06/Aug/2020:10:43:37 +0800] "POST /xingrg/kc/base/wldb_order_operate.html HTTP/1.1" 200 2413
116.232.53.2 - - [06/Aug/2020:10:43:37 +0800] "POST /xingrg/kc/buy/cgsh_order_operate.html HTTP/1.1" 200 37
180.175.214.200 - - [06/Aug/2020:10:43:38 +0800] "GET /xingrg/javascript/easyui/themes/default/validatebox.css HTTP/1.1" 404 1104
116.232.53.2 - - [06/Aug/2020:10:43:38 +0800] "POST /xingrg/kc/buy/cgsh_order_operate.html HTTP/1.1" 200 5016
116.232.53.2 - - [06/Aug/2020:10:43:39 +0800] "GET /xingrg/kc/print/load_config.html?kc_code=cgsh HTTP/1.1" 200 1845
116.232.53.2 - - [06/Aug/2020:10:43:39 +0800] "GET /xingrg/kc/print/load_data.html?order_code=212020080602199&kc_code=cgsh&condition= HTTP/1.1" 200 1583
114.89.80.44 - - [06/Aug/2020:10:43:40 +0800] "GET /xingrg/all/function/internal_message.html?_=1596681815749&CODE_STATE=getMsg HTTP/1.1" 200 27
172.17.200.101 - - [06/Aug/2020:10:43:40 +0800] "GET /xingrg/all/function/internal_message.html?_=1596681820691&CODE_STATE=getMsg HTTP/1.1" 200 27
180.175.214.200 - - [06/Aug/2020:10:43:41 +0800] "POST /xingrg/kc/mdqp/pssh_list_operate.html HTTP/1.1" 200 263
114.84.32.201 - - [06/Aug/2020:10:43:41 +0800] "GET /xingrg/all/function/internal_message.html?_=1596681811699&CODE_STATE=getMsg HTTP/1.1" 200 27
180.175.214.200 - - [06/Aug/2020:10:43:42 +0800] "POST /xingrg/kc/mdqp/pssh_list_operate.html HTTP/1.1" 200 352
180.175.214.200 - - [06/Aug/2020:10:43:42 +0800] "POST /xingrg/kc/mdqp/pssh_list_operate.html HTTP/1.1" 200 798
180.171.243.240 - - [06/Aug/2020:10:43:43 +0800] "GET /xingrg/all/function/internal_message.html?_=1596681814941&CODE_STATE=getMsg HTTP/1.1" 200 27
180.175.214.200 - - [06/Aug/2020:10:43:44 +0800] "GET /xingrg/kc/base/wldb_order_add.html HTTP/1.1" 200 30363
180.175.214.200 - - [06/Aug/2020:10:43:44 +0800] "GET /xingrg/kc/mdqp/pssh_order_info.html?code=312020080600153 HTTP/1.1" 200 17275
180.175.214.200 - - [06/Aug/2020:10:43:44 +0800] "GET /xingrg/javascript/jquery_tools/jquery-1.4.2.min.js HTTP/1.1" 404 1094
180.175.214.200 - - [06/Aug/2020:10:43:44 +0800] "POST /xingrg/kc/base/wldb_order_operate.html HTTP/1.1" 200 6806
180.175.214.200 - - [06/Aug/2020:10:43:45 +0800] "GET /xingrg/all/function/internal_message.html?_=1596682028167&CODE_STATE=getMsg HTTP/1.1" 200 27
180.175.214.200 - - [06/Aug/2020:10:43:45 +0800] "POST /xingrg/kc/mdqp/pssh_order_operate.html HTTP/1.1" 200 4776
180.175.214.200 - - [06/Aug/2020:10:43:45 +0800] "GET /xingrg/javascript/easyui/themes/default/validatebox.css HTTP/1.1" 404 1104
180.175.214.200 - - [06/Aug/2020:10:43:45 +0800] "GET /xingrg/javascript/easyui/themes/default/validatebox.css HTTP/1.1" 404 1104
172.17.0.100 - - [06/Aug/2020:10:43:46 +0800] "GET /xingrg/all/function/internal_message.html?_=1596681822802&CODE_STATE=getMsg HTTP/1.1" 200 27
180.175.214.200 - - [06/Aug/2020:10:43:46 +0800] "POST /xingrg/all/common/load_combo.html?type=base HTTP/1.1" 200 2966
117.184.7.26 - - [06/Aug/2020:10:43:46 +0800] "GET /xingrg/all/function/internal_message.html?_=1596681815842&CODE_STATE=getMsg HTTP/1.1" 200 27
180.175.214.200 - - [06/Aug/2020:10:43:48 +0800] "POST /xingrg/all/common/load_combo.html?type=base HTTP/1.1" 200 2966
222.69.133.128 - - [06/Aug/2020:10:43:48 +0800] "GET /xingrg/all/function/internal_message.html?_=1596681821719&CODE_STATE=getMsg HTTP/1.1" 200 27
61.172.5.115 - - [06/Aug/2020:10:43:50 +0800] "GET /xingrg/all/function/internal_message.html?_=1596681827078&CODE_STATE=getMsg HTTP/1.1" 200 27
114.88.156.201 - - [06/Aug/2020:10:43:51 +0800] "GET /xingrg/all/function/internal_message.html?_=1596681824740&CODE_STATE=getMsg HTTP/1.1" 200 27
114.88.161.57 - - [06/Aug/2020:10:43:51 +0800] "GET /xingrg/kc/buy/cgsh_order_operate.html?command=get_materiel&rest_code=00111&code=00101008284&supplier_code=00100037&order_time=2020-08-06 HTTP/1.1" 200 412
180.175.214.200 - - [06/Aug/2020:10:43:54 +0800] "GET /xingrg/kc/base/wldb_order_operate.html?command=get_materiel&rest_code=00102&base_code=0010476&code=00101019270 HTTP/1.1" 200 465
180.175.214.200 - - [06/Aug/2020:10:43:56 +0800] "POST /xingrg/kc/mdqp/pssh_list_operate.html HTTP/1.1" 200 3507
180.175.214.200 - - [06/Aug/2020:10:43:56 +0800] "GET /xingrg/kc/buy/cgsh_order_list.html HTTP/1.1" 200 43641
180.175.214.200 - - [06/Aug/2020:10:43:57 +0800] "POST /xingrg/kc/buy/cgsh_list_operate.html HTTP/1.1" 200 876
117.185.32.26 - - [06/Aug/2020:10:43:57 +0800] "GET /xingrg/kc/mdqp/qp_main.html HTTP/1.1" 200 10633
180.175.214.200 - - [06/Aug/2020:10:43:58 +0800] "GET /xingrg/kc/buy/cgsh_order_add.html HTTP/1.1" 200 59297
117.185.32.26 - - [06/Aug/2020:10:43:58 +0800] "GET /xingrg/kc/mdqp/qqps_order_list.html HTTP/1.1" 200 10087
117.185.32.26 - - [06/Aug/2020:10:43:58 +0800] "GET /xingrg/dwr/interface/AjaxReportQueryService.js HTTP/1.1" 200 13203
117.185.32.26 - - [06/Aug/2020:10:43:58 +0800] "GET /xingrg/dwr/interface/AjaxQqpsService.js HTTP/1.1" 200 16326
117.185.32.26 - - [06/Aug/2020:10:43:58 +0800] "GET /xingrg/dwr/engine.js HTTP/1.1" 200 43631
61.172.5.115 - - [06/Aug/2020:10:43:58 +0800] "GET /xingrg/all/function/internal_message.html?_=1596681829517&CODE_STATE=getMsg HTTP/1.1" 200 27
180.175.214.200 - - [06/Aug/2020:10:43:59 +0800] "POST /xingrg/kc/buy/cgsh_order_operate.html HTTP/1.1" 200 8245
180.175.214.200 - - [06/Aug/2020:10:43:59 +0800] "GET /xingrg/javascript/easyui/themes/default/validatebox.css HTTP/1.1" 404 1104
114.88.161.57 - - [06/Aug/2020:10:43:59 +0800] "GET /xingrg/kc/buy/cgsh_order_operate.html?command=get_materiel&rest_code=00111&code=00101019077&supplier_code=00100037&order_time=2020-08-06 HTTP/1.1" 200 437
117.185.32.26 - - [06/Aug/2020:10:44:01 +0800] "GET /xingrg/kc/base/base_main.html HTTP/1.1" 200 12142
117.185.32.26 - - [06/Aug/2020:10:44:04 +0800] "GET /xingrg/kc/buy/buy_main.html HTTP/1.1" 200 12412
117.185.32.26 - - [06/Aug/2020:10:44:04 +0800] "GET /xingrg/css/new_ie.css HTTP/1.1" 404 1036
172.17.0.185 - - [06/Aug/2020:10:44:05 +0800] "GET /xingrg/all/function/internal_message.html?_=1596681842524&CODE_STATE=getMsg HTTP/1.1" 200 27
117.185.32.26 - - [06/Aug/2020:10:44:05 +0800] "GET /xingrg/kc/buy/cgsh_order_list.html HTTP/1.1" 200 43641
180.175.214.200 - - [06/Aug/2020:10:44:05 +0800] "GET /xingrg/kc/base/wldb_order_operate.html?command=get_materiel&rest_code=00102&base_code=0010476&code=00101019258 HTTP/1.1" 200 468
117.185.32.26 - - [06/Aug/2020:10:44:07 +0800] "POST /xingrg/kc/buy/cgsh_list_operate.html HTTP/1.1" 200 1699
172.17.0.120 - - [06/Aug/2020:10:44:07 +0800] "GET /xingrg/all/function/internal_message.html?_=1596681844620&CODE_STATE=getMsg HTTP/1.1" 200 27
116.230.74.197 - - [06/Aug/2020:10:44:07 +0800] "GET /xingrg/kc/buy/cgsh_order_operate.html?command=get_materiel&rest_code=00107&code=00101001141&supplier_code=00100327&order_time=2020-08-06 HTTP/1.1" 200 413
117.185.32.26 - - [06/Aug/2020:10:44:08 +0800] "POST /xingrg/kc/buy/cgsh_list_operate.html HTTP/1.1" 200 566
117.185.32.26 - - [06/Aug/2020:10:44:09 +0800] "GET /xingrg/kc/buy/cgsh_order_info.html?code=212020080602153 HTTP/1.1" 200 59394
117.185.32.26 - - [06/Aug/2020:10:44:09 +0800] "GET /xingrg/words/20200805143817_words.js HTTP/1.1" 304 -
117.185.32.26 - - [06/Aug/2020:10:44:09 +0800] "GET /xingrg/javascript/easyui/themes/default/validatebox.css HTTP/1.1" 404 1104
117.185.32.26 - - [06/Aug/2020:10:44:10 +0800] "POST /xingrg/kc/buy/cgsh_order_operate.html HTTP/1.1" 200 41674
180.175.214.200 - - [06/Aug/2020:10:44:11 +0800] "GET /xingrg/kc/base/wldb_order_operate.html?command=get_materiel&rest_code=00102&base_code=0010476&code=00101016076 HTTP/1.1" 200 477
117.184.7.26 - - [06/Aug/2020:10:44:12 +0800] "GET /xingrg/all/function/internal_message.html?_=1596681842472&CODE_STATE=getMsg HTTP/1.1" 200 27
61.172.5.115 - - [06/Aug/2020:10:44:12 +0800] "GET /xingrg/kc/buy/cgsh_order_add.html HTTP/1.1" 200 59379
116.230.74.197 - - [06/Aug/2020:10:44:13 +0800] "GET /xingrg/all/function/internal_message.html?_=1596681844295&CODE_STATE=getMsg HTTP/1.1" 200 27
61.172.5.115 - - [06/Aug/2020:10:44:13 +0800] "POST /xingrg/kc/buy/cgsh_order_operate.html HTTP/1.1" 200 8245
61.172.5.115 - - [06/Aug/2020:10:44:13 +0800] "GET /xingrg/javascript/easyui/themes/default/validatebox.css HTTP/1.1" 404 1104
116.232.53.2 - - [06/Aug/2020:10:44:14 +0800] "GET /xingrg/kc/buy/cgsh_order_add.html HTTP/1.1" 200 59426
116.232.53.2 - - [06/Aug/2020:10:44:14 +0800] "POST /xingrg/kc/buy/cgsh_order_operate.html HTTP/1.1" 200 8245
116.232.53.2 - - [06/Aug/2020:10:44:14 +0800] "GET /xingrg/all/common/auto_word.html?type=employee&rest_code=00109 HTTP/1.1" 200 255
116.232.53.2 - - [06/Aug/2020:10:44:14 +0800] "GET /xingrg/all/common/auto_word.html?type=employee&rest_code=00109 HTTP/1.1" 200 255
116.232.53.2 - - [06/Aug/2020:10:44:14 +0800] "GET /xingrg/javascript/easyui/themes/default/validatebox.css HTTP/1.1" 404 1104
116.230.74.197 - - [06/Aug/2020:10:44:14 +0800] "POST /xingrg/kc/buy/cgsh_order_operate.html HTTP/1.1" 200 37
117.185.32.26 - - [06/Aug/2020:10:44:15 +0800] "GET /xingrg/javascript/auto/indicator.gif HTTP/1.1" 404 1066
116.230.74.197 - - [06/Aug/2020:10:44:16 +0800] "POST /xingrg/kc/buy/cgsh_order_operate.html HTTP/1.1" 200 3247
114.88.161.57 - - [06/Aug/2020:10:44:17 +0800] "GET /xingrg/kc/buy/cgsh_order_operate.html?command=get_materiel&rest_code=00111&code=00101007048&supplier_code=00100037&order_time=2020-08-06 HTTP/1.1" 200 428
117.185.32.26 - - [06/Aug/2020:10:44:18 +0800] "GET /xingrg/kc/buy/cgsh_order_operate.html?command=get_materiel&rest_code=00106&code=00101008190&supplier_code=00100007&order_time=2020-08-06 HTTP/1.1" 200 412
116.232.53.2 - - [06/Aug/2020:10:44:18 +0800] "GET /xingrg/all/function/internal_message.html?_=1596681919889&CODE_STATE=getMsg HTTP/1.1" 200 27
116.232.53.2 - - [06/Aug/2020:10:44:19 +0800] "GET /xingrg/javascript/jquery_tools/images/prev.gif HTTP/1.1" 404 1086
116.232.53.2 - - [06/Aug/2020:10:44:19 +0800] "GET /xingrg/javascript/jquery_tools/images/next.gif HTTP/1.1" 404 1086
116.230.74.197 - - [06/Aug/2020:10:44:20 +0800] "GET /xingrg/kc/print/load_data.html?order_code=212020080602200&kc_code=cgsh&condition= HTTP/1.1" 200 890
180.175.214.200 - - [06/Aug/2020:10:44:20 +0800] "GET /xingrg/kc/base/wldb_order_operate.html?command=get_materiel&rest_code=00102&base_code=0010476&code=00101013012 HTTP/1.1" 200 430
61.172.5.115 - - [06/Aug/2020:10:44:22 +0800] "GET /xingrg/kc/buy/cgsh_order_operate.html?command=get_materiel&rest_code=00105&code=00101029005&supplier_code=00100017&order_time=2020-08-06 HTTP/1.1" 200 435
116.232.53.2 - - [06/Aug/2020:10:44:24 +0800] "GET /xingrg/kc/buy/cgsh_order_operate.html?command=get_materiel&rest_code=00109&code=00101007059&supplier_code=00100004&order_time=2020-08-06 HTTP/1.1" 200 409
180.175.214.200 - - [06/Aug/2020:10:44:27 +0800] "GET /xingrg/kc/base/wldb_order_operate.html?command=get_materiel&rest_code=00102&base_code=0010476&code=00101013018 HTTP/1.1" 200 427
116.230.74.197 - - [06/Aug/2020:10:44:27 +0800] "GET /xingrg/kc/buy/cgsh_order_add.html HTTP/1.1" 200 59426
116.230.74.197 - - [06/Aug/2020:10:44:28 +0800] "GET /xingrg/javascript/easyui/themes/default/validatebox.css HTTP/1.1" 404 1104
116.230.74.197 - - [06/Aug/2020:10:44:28 +0800] "POST /xingrg/kc/buy/cgsh_order_operate.html HTTP/1.1" 200 8245
114.88.161.57 - - [06/Aug/2020:10:44:29 +0800] "GET /xingrg/all/function/internal_message.html?_=1596681902098&CODE_STATE=getMsg HTTP/1.1" 200 27
117.185.32.26 - - [06/Aug/2020:10:44:30 +0800] "GET /xingrg/all/function/internal_message.html?_=1596681865166&CODE_STATE=getMsg HTTP/1.1" 200 27
180.175.214.200 - - [06/Aug/2020:10:44:32 +0800] "GET /xingrg/all/function/internal_message.html?_=1596681870159&CODE_STATE=getMsg HTTP/1.1" 200 27
172.17.0.123 - - [06/Aug/2020:10:44:33 +0800] "GET /xingrg/all/function/internal_message.html?_=1596681797192&CODE_STATE=getMsg HTTP/1.1" 200 27
172.17.0.123 - - [06/Aug/2020:10:44:33 +0800] "GET /xingrg/check_reg.html?_=1596681797194 HTTP/1.1" 200 22
114.88.161.57 - - [06/Aug/2020:10:44:33 +0800] "GET /xingrg/all/function/internal_message.html?_=1596681869781&CODE_STATE=getMsg HTTP/1.1" 200 27
180.175.214.200 - - [06/Aug/2020:10:44:34 +0800] "GET /xingrg/kc/base/wldb_order_operate.html?command=get_materiel&rest_code=00102&base_code=0010476&code=00101013092 HTTP/1.1" 200 434
120.204.17.73 - - [06/Aug/2020:10:44:34 +0800] "GET /xingrg/all/function/internal_message.html?_=1596681144348&CODE_STATE=getMsg HTTP/1.1" 302 -
116.232.53.2 - - [06/Aug/2020:10:44:35 +0800] "POST /xingrg/kc/buy/cgsh_order_operate.html HTTP/1.1" 200 37
61.172.5.115 - - [06/Aug/2020:10:44:35 +0800] "GET /xingrg/kc/buy/cgsh_order_operate.html?command=get_materiel&rest_code=00105&code=00101028016&supplier_code=00100017&order_time=2020-08-06 HTTP/1.1" 200 447
114.88.161.57 - - [06/Aug/2020:10:44:35 +0800] "GET /xingrg/kc/buy/cgsh_order_operate.html?command=get_materiel&rest_code=00111&code=00101005004&supplier_code=00100037&order_time=2020-08-06 HTTP/1.1" 200 409
116.232.53.2 - - [06/Aug/2020:10:44:36 +0800] "POST /xingrg/kc/buy/cgsh_order_operate.html HTTP/1.1" 200 2654
120.204.17.73 - - [06/Aug/2020:10:44:36 +0800] "GET /xingrg/login.html HTTP/1.1" 200 7641
116.232.53.2 - - [06/Aug/2020:10:44:37 +0800] "GET /xingrg/kc/print/load_config.html?kc_code=cgsh HTTP/1.1" 200 1845
116.232.53.2 - - [06/Aug/2020:10:44:37 +0800] "GET /xingrg/kc/print/load_data.html?order_code=212020080602201&kc_code=cgsh&condition= HTTP/1.1" 200 724
180.175.214.200 - - [06/Aug/2020:10:44:38 +0800] "GET /xingrg/javascript/auto/indicator.gif HTTP/1.1" 404 1066
180.175.214.200 - - [06/Aug/2020:10:44:39 +0800] "GET /xingrg/kc/base/wldb_order_operate.html?command=get_materiel&rest_code=00102&base_code=0010476&code=00101013188 HTTP/1.1" 200 433
114.89.80.44 - - [06/Aug/2020:10:44:40 +0800] "GET /xingrg/all/function/internal_message.html?_=1596681875750&CODE_STATE=getMsg HTTP/1.1" 200 27
114.89.80.44 - - [06/Aug/2020:10:44:40 +0800] "GET /xingrg/check_reg.html?_=1596681875753 HTTP/1.1" 200 22
172.17.200.101 - - [06/Aug/2020:10:44:40 +0800] "GET /xingrg/all/function/internal_message.html?_=1596681880693&CODE_STATE=getMsg HTTP/1.1" 200 27
172.17.200.101 - - [06/Aug/2020:10:44:40 +0800] "GET /xingrg/check_reg.html?_=1596681880697 HTTP/1.1" 200 22
114.84.32.201 - - [06/Aug/2020:10:44:41 +0800] "GET /xingrg/check_reg.html?_=1596681871701 HTTP/1.1" 200 22
114.84.32.201 - - [06/Aug/2020:10:44:41 +0800] "GET /xingrg/all/function/internal_message.html?_=1596681871702&CODE_STATE=getMsg HTTP/1.1" 200 27
180.175.214.200 - - [06/Aug/2020:10:44:42 +0800] "GET /xingrg/javascript/jquery_tools/images/prev.gif HTTP/1.1" 404 1086
180.175.214.200 - - [06/Aug/2020:10:44:42 +0800] "GET /xingrg/javascript/jquery_tools/images/next.gif HTTP/1.1" 404 1086
180.171.243.240 - - [06/Aug/2020:10:44:43 +0800] "GET /xingrg/all/function/internal_message.html?_=1596681874953&CODE_STATE=getMsg HTTP/1.1" 200 27
180.175.214.200 - - [06/Aug/2020:10:44:44 +0800] "GET /xingrg/kc/base/wldb_order_operate.html?command=get_materiel&rest_code=00102&base_code=0010476&code=00101019295 HTTP/1.1" 200 462
116.230.74.197 - - [06/Aug/2020:10:44:45 +0800] "GET /xingrg/javascript/easyui/themes/default/tree.css HTTP/1.1" 404 1090
180.175.214.200 - - [06/Aug/2020:10:44:45 +0800] "GET /xingrg/all/function/internal_message.html?_=1596682088171&CODE_STATE=getMsg HTTP/1.1" 200 27
116.230.74.197 - - [06/Aug/2020:10:44:45 +0800] "POST /xingrg/all/common/load_tree.html?tree=supplier_tree_json&isDelete=1 HTTP/1.1" 200 49675
172.17.0.100 - - [06/Aug/2020:10:44:46 +0800] "GET /xingrg/all/function/internal_message.html?_=1596681882846&CODE_STATE=getMsg HTTP/1.1" 200 27
117.184.7.26 - - [06/Aug/2020:10:44:46 +0800] "GET /xingrg/all/function/internal_message.html?_=1596681875853&CODE_STATE=getMsg HTTP/1.1" 200 27
222.69.133.128 - - [06/Aug/2020:10:44:48 +0800] "GET /xingrg/all/function/internal_message.html?_=1596681881719&CODE_STATE=getMsg HTTP/1.1" 200 27
116.232.53.2 - - [06/Aug/2020:10:44:49 +0800] "GET /xingrg/kc/buy/cgsh_order_add.html HTTP/1.1" 200 59426
116.232.53.2 - - [06/Aug/2020:10:44:49 +0800] "POST /xingrg/kc/buy/cgsh_order_operate.html HTTP/1.1" 200 8245
116.232.53.2 - - [06/Aug/2020:10:44:49 +0800] "GET /xingrg/all/common/auto_word.html?type=employee&rest_code=00109 HTTP/1.1" 200 255
116.232.53.2 - - [06/Aug/2020:10:44:49 +0800] "GET /xingrg/all/common/auto_word.html?type=employee&rest_code=00109 HTTP/1.1" 200 255
116.232.53.2 - - [06/Aug/2020:10:44:49 +0800] "GET /xingrg/javascript/easyui/themes/default/validatebox.css HTTP/1.1" 404 1104
222.70.173.120 - - [06/Aug/2020:10:44:50 +0800] "GET /xingrg/check_reg.html?_=1596681870971 HTTP/1.1" 200 22
61.172.5.115 - - [06/Aug/2020:10:44:50 +0800] "GET /xingrg/kc/buy/cgsh_order_operate.html?command=get_materiel&rest_code=00105&code=00101027001&supplier_code=00100017&order_time=2020-08-06 HTTP/1.1" 200 469
61.172.5.115 - - [06/Aug/2020:10:44:50 +0800] "GET /xingrg/all/function/internal_message.html?_=1596681887092&CODE_STATE=getMsg HTTP/1.1" 200 27
61.172.5.115 - - [06/Aug/2020:10:44:50 +0800] "GET /xingrg/check_reg.html?_=1596681887095 HTTP/1.1" 200 22
114.88.156.201 - - [06/Aug/2020:10:44:51 +0800] "GET /xingrg/all/function/internal_message.html?_=1596681884739&CODE_STATE=getMsg HTTP/1.1" 200 27
101.91.60.108 - - [06/Aug/2020:10:44:54 +0800] "GET /xingrg/all/function/internal_message.html?_=1596681164703&CODE_STATE=getMsg HTTP/1.1" 302 -
114.88.161.57 - - [06/Aug/2020:10:44:54 +0800] "GET /favicon.ico HTTP/1.1" 404 -
61.172.5.115 - - [06/Aug/2020:10:44:58 +0800] "GET /xingrg/all/function/internal_message.html?_=1596681889517&CODE_STATE=getMsg HTTP/1.1" 200 27
61.172.5.115 - - [06/Aug/2020:10:44:58 +0800] "GET /xingrg/check_reg.html?_=1596681889520 HTTP/1.1" 200 22
180.175.214.200 - - [06/Aug/2020:10:45:00 +0800] "POST /xingrg/kc/base/wldb_order_operate.html HTTP/1.1" 200 37
116.232.53.2 - - [06/Aug/2020:10:45:01 +0800] "GET /xingrg/javascript/jquery_tools/images/prev.gif HTTP/1.1" 404 1086
116.232.53.2 - - [06/Aug/2020:10:45:01 +0800] "GET /xingrg/javascript/jquery_tools/images/next.gif HTTP/1.1" 404 1086
114.88.161.57 - - [06/Aug/2020:10:45:02 +0800] "GET /xingrg/login.html HTTP/1.1" 200 7641
180.175.214.200 - - [06/Aug/2020:10:45:02 +0800] "POST /xingrg/kc/base/wldb_order_operate.html HTTP/1.1" 200 12
180.175.214.200 - - [06/Aug/2020:10:45:02 +0800] "POST /xingrg/kc/base/wldb_order_operate.html HTTP/1.1" 200 6110
180.175.214.200 - - [06/Aug/2020:10:45:03 +0800] "GET /xingrg/kc/base/wldb_order_info.html?code=422020080600562 HTTP/1.1" 200 26240
101.91.60.108 - - [06/Aug/2020:10:45:04 +0800] "GET /xingrg/login.html HTTP/1.1" 200 7641
180.175.214.200 - - [06/Aug/2020:10:45:05 +0800] "POST /xingrg/kc/base/wldb_order_operate.html HTTP/1.1" 200 4318
180.175.214.200 - - [06/Aug/2020:10:45:05 +0800] "GET /xingrg/javascript/easyui/themes/default/validatebox.css HTTP/1.1" 404 1104
172.17.0.185 - - [06/Aug/2020:10:45:05 +0800] "GET /xingrg/all/function/internal_message.html?_=1596681902530&CODE_STATE=getMsg HTTP/1.1" 200 27
114.88.161.57 - - [06/Aug/2020:10:45:05 +0800] "GET /favicon.ico HTTP/1.1" 404 -
116.232.53.2 - - [06/Aug/2020:10:45:06 +0800] "GET /xingrg/kc/buy/cgsh_order_operate.html?command=get_materiel&rest_code=00109&code=00101006129&supplier_code=00100015&order_time=2020-08-06 HTTP/1.1" 200 431
180.175.214.200 - - [06/Aug/2020:10:45:07 +0800] "GET /xingrg/kc/base/wldb_order_add.html HTTP/1.1" 200 30363
172.17.0.120 - - [06/Aug/2020:10:45:07 +0800] "GET /xingrg/all/function/internal_message.html?_=1596681904625&CODE_STATE=getMsg HTTP/1.1" 200 27
180.175.214.200 - - [06/Aug/2020:10:45:08 +0800] "POST /xingrg/kc/base/wldb_order_operate.html HTTP/1.1" 200 6806
180.175.214.200 - - [06/Aug/2020:10:45:09 +0800] "GET /xingrg/javascript/easyui/themes/default/validatebox.css HTTP/1.1" 404 1104
180.175.214.200 - - [06/Aug/2020:10:45:09 +0800] "POST /xingrg/all/common/load_combo.html?type=base HTTP/1.1" 200 2966
114.88.161.57 - - [06/Aug/2020:10:45:10 +0800] "POST /xingrg/kc/buy/cgsh_order_operate.html HTTP/1.1" 200 37
114.88.161.57 - - [06/Aug/2020:10:45:11 +0800] "POST /xingrg/kc/buy/cgsh_order_operate.html HTTP/1.1" 200 15703
61.172.5.115 - - [06/Aug/2020:10:45:11 +0800] "GET /xingrg/kc/buy/cgsh_order_operate.html?command=get_materiel&rest_code=00105&code=00101027004&supplier_code=00100017&order_time=2020-08-06 HTTP/1.1" 200 463
117.184.7.26 - - [06/Aug/2020:10:45:12 +0800] "GET /xingrg/all/function/internal_message.html?_=1596681902484&CODE_STATE=getMsg HTTP/1.1" 200 27
116.230.74.197 - - [06/Aug/2020:10:45:13 +0800] "GET /xingrg/all/function/internal_message.html?_=1596681904279&CODE_STATE=getMsg HTTP/1.1" 200 27
180.175.214.200 - - [06/Aug/2020:10:45:15 +0800] "POST /xingrg/all/common/load_combo.html?type=base HTTP/1.1" 200 2966
114.88.161.57 - - [06/Aug/2020:10:45:16 +0800] "POST /xingrg/login.do HTTP/1.1" 302 -
114.88.161.57 - - [06/Aug/2020:10:45:16 +0800] "GET /xingrg/index.html?sysBaseUrl=http%3A%2F%2F180.169.147.146%3A18081%2Fxingrg%2F&costTime=39×tamp=1596681916147 HTTP/1.1" 200 17413
114.88.161.57 - - [06/Aug/2020:10:45:16 +0800] "GET /favicon.ico HTTP/1.1" 404 -
114.88.161.57 - - [06/Aug/2020:10:45:17 +0800] "POST /xingrg/all/common/load_tree.html?tree=area_rest_tree_json&manage=1 HTTP/1.1" 200 342
114.88.161.57 - - [06/Aug/2020:10:45:18 +0800] "GET /xingrg/all/function/internal_message.html?_=1596681911061&CODE_STATE=count HTTP/1.1" 200 11
114.88.161.57 - - [06/Aug/2020:10:45:18 +0800] "GET /xingrg/check_reg.html?_=1596681911062 HTTP/1.1" 200 22
61.172.5.115 - - [06/Aug/2020:10:45:18 +0800] "POST /xingrg/kc/buy/cgsh_order_operate.html HTTP/1.1" 200 37
114.88.161.57 - - [06/Aug/2020:10:45:18 +0800] "POST /xingrg/load_menu.html HTTP/1.1" 200 9959
116.232.53.2 - - [06/Aug/2020:10:45:18 +0800] "GET /xingrg/all/function/internal_message.html?_=1596681982005&CODE_STATE=getMsg HTTP/1.1" 200 27
61.172.5.115 - - [06/Aug/2020:10:45:19 +0800] "POST /xingrg/kc/buy/cgsh_order_operate.html HTTP/1.1" 200 4556
61.172.5.115 - - [06/Aug/2020:10:45:19 +0800] "GET /xingrg/kc/print/load_data.html?order_code=212020080602203&kc_code=cgsh&condition= HTTP/1.1" 200 1537
114.88.161.57 - - [06/Aug/2020:10:45:21 +0800] "POST /xingrg/load_menu.html HTTP/1.1" 200 9242
180.175.214.200 - - [06/Aug/2020:10:45:22 +0800] "GET /xingrg/kc/base/wldb_order_operate.html?command=get_materiel&rest_code=00102&base_code=0010476&code=00101016064 HTTP/1.1" 200 469
114.88.161.57 - - [06/Aug/2020:10:45:23 +0800] "GET /xingrg/all/report/report_query.html?fileName=dma/new_5.0/yingye/order_list.xml HTTP/1.1" 200 55281
114.88.161.57 - - [06/Aug/2020:10:45:23 +0800] "GET /xingrg/dwr/interface/AjaxReportQueryService.js HTTP/1.1" 200 13203
114.88.161.57 - - [06/Aug/2020:10:45:23 +0800] "GET /xingrg/dwr/engine.js HTTP/1.1" 200 43631
114.88.161.57 - - [06/Aug/2020:10:45:23 +0800] "GET /xingrg/dwr/util.js HTTP/1.1" 200 35990
114.88.161.57 - - [06/Aug/2020:10:45:25 +0800] "POST /xingrg/dwr/call/plaincall/AjaxReportQueryService.getFixDate.dwr HTTP/1.1" 200 111
114.88.161.57 - - [06/Aug/2020:10:45:25 +0800] "POST /xingrg/all/common/load_tree.html?tree=area_station_tree_json&manage=1 HTTP/1.1" 200 338
114.88.161.57 - - [06/Aug/2020:10:45:25 +0800] "POST /xingrg/dwr/call/plaincall/AjaxReportQueryService.getInitString.dwr HTTP/1.1" 200 76
114.88.161.57 - - [06/Aug/2020:10:45:29 +0800] "GET /xingrg/all/function/internal_message.html?_=1596681962165&CODE_STATE=getMsg HTTP/1.1" 200 27
114.88.161.57 - - [06/Aug/2020:10:45:30 +0800] "POST /xingrg/dwr/call/plaincall/AjaxReportQueryService.queryInitializeString.dwr HTTP/1.1" 200 215
117.185.32.26 - - [06/Aug/2020:10:45:30 +0800] "GET /xingrg/all/function/internal_message.html?_=1596681925257&CODE_STATE=getMsg HTTP/1.1" 200 27
61.172.5.115 - - [06/Aug/2020:10:45:30 +0800] "GET /xingrg/kc/base/wldb_order_list.html HTTP/1.1" 200 19255
180.175.214.200 - - [06/Aug/2020:10:45:30 +0800] "GET /xingrg/kc/base/wldb_order_operate.html?command=get_materiel&rest_code=00102&base_code=0010476&code=00101016050 HTTP/1.1" 200 464
61.172.5.115 - - [06/Aug/2020:10:45:30 +0800] "POST /xingrg/kc/base/wldb_list_operate.html HTTP/1.1" 200 928
114.88.161.57 - - [06/Aug/2020:10:45:30 +0800] "GET /xingrg/javascript/multi_select/dropdown_hover.gif HTTP/1.1" 304 -
61.172.5.115 - - [06/Aug/2020:10:45:31 +0800] "GET /xingrg/kc/base/wldb_order_add.html HTTP/1.1" 200 30367
117.185.32.26 - - [06/Aug/2020:10:45:31 +0800] "POST /xingrg/kc/buy/cgsh_order_operate.html HTTP/1.1" 200 37
114.88.161.57 - - [06/Aug/2020:10:45:31 +0800] "POST /xingrg/dwr/call/plaincall/AjaxReportQueryService.refreshCache.dwr HTTP/1.1" 200 78
183.192.164.214 - - [06/Aug/2020:10:45:32 +0800] "GET /xingrg/all/function/internal_message.html?_=1596681204347&CODE_STATE=getMsg HTTP/1.1" 302 -
180.175.214.200 - - [06/Aug/2020:10:45:32 +0800] "GET /xingrg/check_reg.html?_=1596681929662 HTTP/1.1" 200 22
61.172.5.115 - - [06/Aug/2020:10:45:32 +0800] "GET /xingrg/javascript/easyui/themes/default/validatebox.css HTTP/1.1" 404 1104
61.172.5.115 - - [06/Aug/2020:10:45:32 +0800] "POST /xingrg/kc/base/wldb_order_operate.html HTTP/1.1" 200 6806
114.88.161.57 - - [06/Aug/2020:10:45:32 +0800] "POST /xingrg/all/report/load_report_page.html HTTP/1.1" 200 66087
180.175.214.200 - - [06/Aug/2020:10:45:32 +0800] "GET /xingrg/all/function/internal_message.html?_=1596681930171&CODE_STATE=getMsg HTTP/1.1" 200 27
114.88.161.57 - - [06/Aug/2020:10:45:32 +0800] "GET /xingrg/servlets/image?cache=0.48157267808915805&image=px HTTP/1.1" 200 807
172.17.0.123 - - [06/Aug/2020:10:45:33 +0800] "GET /xingrg/all/function/internal_message.html?_=1596681857196&CODE_STATE=getMsg HTTP/1.1" 200 27
180.175.214.200 - - [06/Aug/2020:10:45:33 +0800] "GET /xingrg/kc/buy/cgsh_order_operate.html?command=get_materiel&rest_code=00102&code=00101001125&supplier_code=00100319&order_time=2020-08-04 HTTP/1.1" 200 415
114.88.161.57 - - [06/Aug/2020:10:45:33 +0800] "GET /xingrg/all/function/internal_message.html?_=1596681929794&CODE_STATE=getMsg HTTP/1.1" 200 27
117.184.7.26 - - [06/Aug/2020:10:45:35 +0800] "GET /xingrg/kc/base/base_main.html HTTP/1.1" 200 12142
114.88.161.57 - - [06/Aug/2020:10:45:35 +0800] "POST /xingrg/all/report/load_report_page.html HTTP/1.1" 200 41878
114.88.161.57 - - [06/Aug/2020:10:45:35 +0800] "GET /xingrg/servlets/image?cache=0.6081317018772298&image=px HTTP/1.1" 200 807
117.185.32.26 - - [06/Aug/2020:10:45:36 +0800] "POST /xingrg/kc/buy/cgsh_order_operate.html HTTP/1.1" 200 12
117.184.7.26 - - [06/Aug/2020:10:45:36 +0800] "GET /xingrg/kc/base/wldb_order_list.html HTTP/1.1" 200 19255
117.185.32.26 - - [06/Aug/2020:10:45:37 +0800] "GET /xingrg/kc/buy/cgsh_order_info.html?code=212020080602153 HTTP/1.1" 200 54290
117.185.32.26 - - [06/Aug/2020:10:45:37 +0800] "GET /xingrg/javascript/easyui/themes/default/validatebox.css HTTP/1.1" 404 1104
117.184.7.26 - - [06/Aug/2020:10:45:37 +0800] "POST /xingrg/kc/base/wldb_list_operate.html HTTP/1.1" 200 928
117.185.32.26 - - [06/Aug/2020:10:45:38 +0800] "POST /xingrg/kc/buy/cgsh_order_operate.html HTTP/1.1" 200 40203
183.192.164.214 - - [06/Aug/2020:10:45:38 +0800] "GET /xingrg/login.html HTTP/1.1" 200 7641
117.184.7.26 - - [06/Aug/2020:10:45:38 +0800] "GET /xingrg/kc/base/wldb_order_add.html HTTP/1.1" 200 30363
114.88.156.201 - - [06/Aug/2020:10:45:39 +0800] "POST /xingrg/services/DataTransmitService HTTP/1.1" 200 524
117.184.7.26 - - [06/Aug/2020:10:45:39 +0800] "POST /xingrg/kc/base/wldb_order_operate.html HTTP/1.1" 200 6806
117.184.7.26 - - [06/Aug/2020:10:45:39 +0800] "GET /xingrg/all/common/auto_word.html?type=base&rest_code=00108 HTTP/1.1" 200 1711
117.184.7.26 - - [06/Aug/2020:10:45:39 +0800] "GET /xingrg/all/common/auto_word.html?type=base&rest_code=00108 HTTP/1.1" 200 1711
117.184.7.26 - - [06/Aug/2020:10:45:39 +0800] "GET /xingrg/javascript/easyui/themes/default/validatebox.css HTTP/1.1" 404 1104
114.89.80.44 - - [06/Aug/2020:10:45:40 +0800] "GET /xingrg/all/function/internal_message.html?_=1596681935754&CODE_STATE=getMsg HTTP/1.1" 200 27
172.17.200.101 - - [06/Aug/2020:10:45:40 +0800] "GET /xingrg/all/function/internal_message.html?_=1596681940698&CODE_STATE=getMsg HTTP/1.1" 200 27
117.185.32.26 - - [06/Aug/2020:10:45:40 +0800] "GET /xingrg/kc/print/load_config.html?kc_code=cgsh HTTP/1.1" 200 1845
117.185.32.26 - - [06/Aug/2020:10:45:41 +0800] "GET /xingrg/kc/print/load_data.html?order_code=212020080602153&kc_code=cgsh&condition= HTTP/1.1" 200 15703
114.84.32.201 - - [06/Aug/2020:10:45:41 +0800] "GET /xingrg/all/function/internal_message.html?_=1596681931700&CODE_STATE=getMsg HTTP/1.1" 200 27
114.88.161.57 - - [06/Aug/2020:10:45:42 +0800] "GET /xingrg/kc/buy/cgsh_order_list.html HTTP/1.1" 200 43641
180.175.214.200 - - [06/Aug/2020:10:45:43 +0800] "GET /xingrg/kc/buy/cgsh_order_operate.html?command=get_materiel&rest_code=00102&code=00101001044&supplier_code=00100319&order_time=2020-08-04 HTTP/1.1" 200 411
180.171.243.240 - - [06/Aug/2020:10:45:43 +0800] "GET /xingrg/check_reg.html?_=1596681934782 HTTP/1.1" 302 -
180.171.243.240 - - [06/Aug/2020:10:45:43 +0800] "GET /xingrg/all/function/internal_message.html?_=1596681934967&CODE_STATE=getMsg HTTP/1.1" 302 -
180.175.214.200 - - [06/Aug/2020:10:45:45 +0800] "GET /xingrg/all/function/internal_message.html?_=1596682148185&CODE_STATE=getMsg HTTP/1.1" 200 27
172.17.0.100 - - [06/Aug/2020:10:45:46 +0800] "GET /xingrg/all/function/internal_message.html?_=1596681942844&CODE_STATE=getMsg HTTP/1.1" 200 27
117.184.7.26 - - [06/Aug/2020:10:45:46 +0800] "GET /xingrg/all/function/internal_message.html?_=1596681935839&CODE_STATE=getMsg HTTP/1.1" 200 27
222.69.133.128 - - [06/Aug/2020:10:45:48 +0800] "GET /xingrg/all/function/internal_message.html?_=1596681941722&CODE_STATE=getMsg HTTP/1.1" 200 27
180.175.214.200 - - [06/Aug/2020:10:45:49 +0800] "POST /xingrg/kc/buy/cgsh_order_operate.html HTTP/1.1" 200 37
61.172.5.115 - - [06/Aug/2020:10:45:49 +0800] "GET /xingrg/kc/base/wldb_order_operate.html?command=get_materiel&rest_code=00105&base_code=0010508&code=00102002851 HTTP/1.1" 200 433
61.172.5.115 - - [06/Aug/2020:10:45:50 +0800] "GET /xingrg/all/function/internal_message.html?_=1596681947092&CODE_STATE=getMsg HTTP/1.1" 200 27
114.88.156.201 - - [06/Aug/2020:10:45:51 +0800] "GET /xingrg/all/function/internal_message.html?_=1596681944738&CODE_STATE=getMsg HTTP/1.1" 200 27
114.88.161.57 - - [06/Aug/2020:10:45:52 +0800] "POST /xingrg/kc/buy/cgsh_list_operate.html HTTP/1.1" 200 154
117.185.32.26 - - [06/Aug/2020:10:45:53 +0800] "GET /xingrg/kc/print/load_data.html?order_code=212020080602153&kc_code=cgsh HTTP/1.1" 200 15703
180.175.214.200 - - [06/Aug/2020:10:45:54 +0800] "POST /xingrg/kc/buy/cgsh_order_operate.html HTTP/1.1" 200 12
180.175.214.200 - - [06/Aug/2020:10:45:54 +0800] "GET /xingrg/kc/buy/cgsh_order_info.html?code=212020080602204 HTTP/1.1" 200 54204
180.175.214.200 - - [06/Aug/2020:10:45:55 +0800] "GET /xingrg/javascript/easyui/themes/default/validatebox.css HTTP/1.1" 404 1104
180.175.214.200 - - [06/Aug/2020:10:45:55 +0800] "POST /xingrg/kc/buy/cgsh_order_operate.html HTTP/1.1" 200 1205
180.175.214.200 - - [06/Aug/2020:10:45:56 +0800] "GET /xingrg/kc/print/load_config.html?kc_code=cgsh HTTP/1.1" 200 1845
180.175.214.200 - - [06/Aug/2020:10:45:56 +0800] "GET /xingrg/kc/print/load_data.html?order_code=212020080602204&kc_code=cgsh&condition= HTTP/1.1" 200 935
61.172.5.115 - - [06/Aug/2020:10:45:58 +0800] "GET /xingrg/all/function/internal_message.html?_=1596681949521&CODE_STATE=getMsg HTTP/1.1" 200 27
180.175.214.200 - - [06/Aug/2020:10:45:59 +0800] "POST /xingrg/kc/base/wldb_order_operate.html HTTP/1.1" 200 37
180.175.214.200 - - [06/Aug/2020:10:46:00 +0800] "POST /xingrg/kc/base/wldb_order_operate.html HTTP/1.1" 200 12
117.184.7.26 - - [06/Aug/2020:10:46:00 +0800] "GET /xingrg/kc/base/wldb_order_operate.html?command=get_materiel&rest_code=00108&base_code=0010539&code=00102002457 HTTP/1.1" 200 452
180.175.214.200 - - [06/Aug/2020:10:46:00 +0800] "POST /xingrg/kc/base/wldb_order_operate.html HTTP/1.1" 200 2707
180.175.214.200 - - [06/Aug/2020:10:46:02 +0800] "GET /xingrg/kc/base/wldb_order_info.html?code=422020080600563 HTTP/1.1" 200 26240
180.175.214.200 - - [06/Aug/2020:10:46:02 +0800] "GET /xingrg/kc/buy/cgsh_order_add.html HTTP/1.1" 200 59297
180.175.214.200 - - [06/Aug/2020:10:46:02 +0800] "POST /xingrg/kc/buy/cgsh_order_operate.html HTTP/1.1" 200 8245
180.175.214.200 - - [06/Aug/2020:10:46:03 +0800] "GET /xingrg/javascript/easyui/themes/default/validatebox.css HTTP/1.1" 404 1104
180.175.214.200 - - [06/Aug/2020:10:46:03 +0800] "POST /xingrg/kc/base/wldb_order_operate.html HTTP/1.1" 200 992
180.175.214.200 - - [06/Aug/2020:10:46:03 +0800] "GET /xingrg/javascript/easyui/themes/default/validatebox.css HTTP/1.1" 404 1104
114.88.161.57 - - [06/Aug/2020:10:46:05 +0800] "POST /xingrg/kc/buy/cgsh_list_operate.html HTTP/1.1" 200 5208
172.17.0.185 - - [06/Aug/2020:10:46:05 +0800] "GET /xingrg/all/function/internal_message.html?_=1596681962518&CODE_STATE=getMsg HTTP/1.1" 200 27
180.175.214.200 - - [06/Aug/2020:10:46:05 +0800] "GET /xingrg/kc/base/wldb_order_add.html HTTP/1.1" 200 30363
114.88.161.57 - - [06/Aug/2020:10:46:06 +0800] "GET /xingrg/index.html?sysBaseUrl=http%3A%2F%2F180.169.147.146%3A18081%2Fxingrg%2F&costTime=38×tamp=1588335986102 HTTP/1.1" 302 -
114.88.161.57 - - [06/Aug/2020:10:46:06 +0800] "GET /xingrg/login.html HTTP/1.1" 200 7641
114.88.161.57 - - [06/Aug/2020:10:46:06 +0800] "GET /favicon.ico HTTP/1.1" 404 -
180.175.214.200 - - [06/Aug/2020:10:46:07 +0800] "POST /xingrg/kc/base/wldb_order_operate.html HTTP/1.1" 200 6806
172.17.0.120 - - [06/Aug/2020:10:46:07 +0800] "GET /xingrg/all/function/internal_message.html?_=1596681964613&CODE_STATE=getMsg HTTP/1.1" 200 27
180.175.214.200 - - [06/Aug/2020:10:46:07 +0800] "GET /xingrg/javascript/easyui/themes/default/validatebox.css HTTP/1.1" 404 1104
180.175.214.200 - - [06/Aug/2020:10:46:08 +0800] "POST /xingrg/all/common/load_combo.html?type=base HTTP/1.1" 200 2966
117.184.7.26 - - [06/Aug/2020:10:46:10 +0800] "GET /xingrg/kc/base/wldb_order_operate.html?command=get_materiel&rest_code=00108&base_code=0010539&code=00102002118 HTTP/1.1" 200 452
180.175.214.200 - - [06/Aug/2020:10:46:10 +0800] "POST /xingrg/all/common/load_combo.html?type=base HTTP/1.1" 200 2966
117.184.7.26 - - [06/Aug/2020:10:46:11 +0800] "GET /xingrg/check_reg.html?_=1596681961659 HTTP/1.1" 200 22
117.184.7.26 - - [06/Aug/2020:10:46:11 +0800] "GET /xingrg/kc/buy/cgsh_order_operate.html?command=get_materiel&rest_code=00108&code=00101005037&supplier_code=00100400&order_time=2020-08-06 HTTP/1.1" 200 409
180.175.214.200 - - [06/Aug/2020:10:46:12 +0800] "GET /xingrg/kc/buy/cgsh_order_operate.html?command=get_materiel&rest_code=00102&code=00101004065&supplier_code=00100086&order_time=2020-08-04 HTTP/1.1" 200 433
117.184.7.26 - - [06/Aug/2020:10:46:12 +0800] "GET /xingrg/all/function/internal_message.html?_=1596681962548&CODE_STATE=getMsg HTTP/1.1" 200 27
116.230.74.197 - - [06/Aug/2020:10:46:13 +0800] "GET /xingrg/all/function/internal_message.html?_=1596681964261&CODE_STATE=getMsg HTTP/1.1" 200 27
117.184.7.26 - - [06/Aug/2020:10:46:15 +0800] "GET /xingrg/kc/base/wldb_order_operate.html?command=get_materiel&rest_code=00108&base_code=0010539&code=00102002197 HTTP/1.1" 200 445
61.172.5.115 - - [06/Aug/2020:10:46:16 +0800] "GET /xingrg/kc/base/wldb_order_operate.html?command=get_materiel&rest_code=00105&base_code=0010508&code=00102002275 HTTP/1.1" 200 449
180.175.214.200 - - [06/Aug/2020:10:46:16 +0800] "GET /xingrg/kc/base/wldb_order_operate.html?command=get_materiel&rest_code=00102&base_code=0010476&code=00101016124 HTTP/1.1" 200 439
180.175.214.200 - - [06/Aug/2020:10:46:17 +0800] "POST /xingrg/kc/buy/cgsh_order_operate.html HTTP/1.1" 200 37
116.232.53.2 - - [06/Aug/2020:10:46:18 +0800] "GET /xingrg/all/function/internal_message.html?_=1596682042015&CODE_STATE=getMsg HTTP/1.1" 200 27
180.175.214.200 - - [06/Aug/2020:10:46:19 +0800] "POST /xingrg/kc/buy/cgsh_order_operate.html HTTP/1.1" 200 12
180.175.214.200 - - [06/Aug/2020:10:46:21 +0800] "GET /xingrg/kc/buy/cgsh_order_info.html?code=212020080602205 HTTP/1.1" 200 54204
117.184.7.26 - - [06/Aug/2020:10:46:22 +0800] "GET /xingrg/kc/buy/cgsh_order_operate.html?command=get_materiel&rest_code=00108&code=00101002022&supplier_code=00100400&order_time=2020-08-06 HTTP/1.1" 200 409
180.175.214.200 - - [06/Aug/2020:10:46:22 +0800] "GET /xingrg/javascript/easyui/themes/default/validatebox.css HTTP/1.1" 404 1104
117.184.7.26 - - [06/Aug/2020:10:46:22 +0800] "GET /xingrg/kc/base/wldb_order_operate.html?command=get_materiel&rest_code=00108&base_code=0010539&code=00102002685 HTTP/1.1" 200 442
180.175.214.200 - - [06/Aug/2020:10:46:22 +0800] "POST /xingrg/kc/buy/cgsh_order_operate.html HTTP/1.1" 200 610
61.172.5.115 - - [06/Aug/2020:10:46:23 +0800] "GET /xingrg/kc/base/wldb_order_operate.html?command=get_materiel&rest_code=00105&base_code=0010508&code=00102002041 HTTP/1.1" 200 435
180.175.214.200 - - [06/Aug/2020:10:46:23 +0800] "GET /xingrg/kc/print/load_data.html?order_code=212020080602205&kc_code=cgsh&condition= HTTP/1.1" 200 768
180.175.214.200 - - [06/Aug/2020:10:46:24 +0800] "POST /xingrg/all/common/load_select.html HTTP/1.1" 200 25
114.88.161.57 - - [06/Aug/2020:10:46:26 +0800] "POST /xingrg/login.do HTTP/1.1" 302 -
114.88.161.57 - - [06/Aug/2020:10:46:26 +0800] "GET /xingrg/index.html?sysBaseUrl=http%3A%2F%2F180.169.147.146%3A18081%2Fxingrg%2F&costTime=38×tamp=1596681986285 HTTP/1.1" 200 17173
114.88.161.57 - - [06/Aug/2020:10:46:26 +0800] "GET /favicon.ico HTTP/1.1" 404 -
114.88.161.57 - - [06/Aug/2020:10:46:26 +0800] "POST /xingrg/all/common/load_tree.html?tree=area_rest_tree_json&manage=1 HTTP/1.1" 200 342
114.88.161.57 - - [06/Aug/2020:10:46:26 +0800] "GET /xingrg/all/function/internal_message.html?_=1596682018874&CODE_STATE=count HTTP/1.1" 200 11
114.88.161.57 - - [06/Aug/2020:10:46:26 +0800] "GET /xingrg/check_reg.html?_=1596682018874 HTTP/1.1" 200 22
114.88.161.57 - - [06/Aug/2020:10:46:26 +0800] "POST /xingrg/load_menu.html HTTP/1.1" 200 5138
180.175.214.200 - - [06/Aug/2020:10:46:26 +0800] "GET /xingrg/kc/base/wldb_order_operate.html?command=get_materiel_price&rest_code=00102&base_code=0010476&code=00101016124&unit_code=00100137 HTTP/1.1" 200 35
117.184.7.26 - - [06/Aug/2020:10:46:27 +0800] "GET /xingrg/kc/buy/cgsh_order_operate.html?command=get_materiel&rest_code=00108&code=00101002027&supplier_code=00100400&order_time=2020-08-06 HTTP/1.1" 200 413
61.172.5.115 - - [06/Aug/2020:10:46:28 +0800] "GET /xingrg/kc/base/wldb_order_operate.html?command=get_materiel&rest_code=00105&base_code=0010508&code=00102002258 HTTP/1.1" 200 433
180.175.214.200 - - [06/Aug/2020:10:46:28 +0800] "GET /xingrg/kc/buy/cgsh_order_add.html HTTP/1.1" 200 59297
180.175.214.200 - - [06/Aug/2020:10:46:29 +0800] "POST /xingrg/kc/buy/cgsh_order_operate.html HTTP/1.1" 200 8245
180.175.214.200 - - [06/Aug/2020:10:46:29 +0800] "GET /xingrg/javascript/easyui/themes/default/validatebox.css HTTP/1.1" 404 1104
114.88.161.57 - - [06/Aug/2020:10:46:32 +0800] "GET /xingrg/kc/buy/cgsh_order_list.html HTTP/1.1" 200 43641
180.175.214.200 - - [06/Aug/2020:10:46:32 +0800] "GET /xingrg/all/function/internal_message.html?_=1596681990185&CODE_STATE=getMsg HTTP/1.1" 200 27
172.17.0.123 - - [06/Aug/2020:10:46:33 +0800] "GET /xingrg/all/function/internal_message.html?_=1596681917200&CODE_STATE=getMsg HTTP/1.1" 200 27
114.88.161.57 - - [06/Aug/2020:10:46:33 +0800] "GET /xingrg/all/function/internal_message.html?_=1596681989825&CODE_STATE=getMsg HTTP/1.1" 200 27
117.184.7.26 - - [06/Aug/2020:10:46:34 +0800] "POST /xingrg/kc/buy/cgsh_order_operate.html HTTP/1.1" 200 37
117.184.7.26 - - [06/Aug/2020:10:46:35 +0800] "POST /xingrg/kc/buy/cgsh_order_operate.html HTTP/1.1" 200 3839
180.175.214.200 - - [06/Aug/2020:10:46:35 +0800] "POST /xingrg/kc/base/wldb_order_operate.html HTTP/1.1" 200 37
180.175.214.200 - - [06/Aug/2020:10:46:35 +0800] "GET /xingrg/kc/buy/cgsh_order_operate.html?command=get_materiel&rest_code=00102&code=00101002006&supplier_code=00100091&order_time=2020-08-04 HTTP/1.1" 200 413
117.184.7.26 - - [06/Aug/2020:10:46:35 +0800] "GET /xingrg/kc/base/wldb_order_operate.html?command=get_materiel&rest_code=00108&base_code=0010539&code=00102002396 HTTP/1.1" 200 429
117.184.7.26 - - [06/Aug/2020:10:46:36 +0800] "GET /xingrg/kc/print/load_data.html?order_code=212020080602206&kc_code=cgsh&condition= HTTP/1.1" 200 1106
180.175.214.200 - - [06/Aug/2020:10:46:37 +0800] "POST /xingrg/kc/base/wldb_order_operate.html HTTP/1.1" 200 12
180.175.214.200 - - [06/Aug/2020:10:46:37 +0800] "POST /xingrg/kc/base/wldb_order_operate.html HTTP/1.1" 200 2197
61.172.5.115 - - [06/Aug/2020:10:46:37 +0800] "GET /xingrg/kc/base/wldb_order_operate.html?command=get_materiel&rest_code=00105&base_code=0010508&code=00102002254 HTTP/1.1" 200 436
180.175.214.200 - - [06/Aug/2020:10:46:38 +0800] "GET /xingrg/kc/base/wldb_order_info.html?code=422020080600564 HTTP/1.1" 200 26240
114.89.80.44 - - [06/Aug/2020:10:46:40 +0800] "GET /xingrg/all/function/internal_message.html?_=1596681995777&CODE_STATE=getMsg HTTP/1.1" 200 27
180.175.214.200 - - [06/Aug/2020:10:46:40 +0800] "POST /xingrg/kc/base/wldb_order_operate.html HTTP/1.1" 200 492
172.17.200.101 - - [06/Aug/2020:10:46:40 +0800] "GET /xingrg/all/function/internal_message.html?_=1596682000692&CODE_STATE=getMsg HTTP/1.1" 200 27
180.175.214.200 - - [06/Aug/2020:10:46:40 +0800] "GET /xingrg/javascript/easyui/themes/default/validatebox.css HTTP/1.1" 404 1104
114.84.32.201 - - [06/Aug/2020:10:46:41 +0800] "GET /xingrg/all/function/internal_message.html?_=1596681991700&CODE_STATE=getMsg HTTP/1.1" 200 27
117.184.7.26 - - [06/Aug/2020:10:46:42 +0800] "GET /xingrg/kc/base/wldb_order_operate.html?command=get_materiel&rest_code=00108&base_code=0010539&code=00102002238 HTTP/1.1" 200 434
