117.185.32.26 - - [06/Aug/2020:09:29:41 +0800] "POST /xingrg/dwr/call/plaincall/AjaxQqpsService.saveOrder.dwr HTTP/1.1" 200 78
114.89.80.44 - - [06/Aug/2020:09:29:41 +0800] "GET /xingrg/kc/buy/cgsh_order_operate.html?command=get_materiel&rest_code=00151&code=00101008371&supplier_code=00100007&order_time=2020-08-06 HTTP/1.1" 200 412
114.84.32.201 - - [06/Aug/2020:09:29:41 +0800] "GET /xingrg/all/function/internal_message.html?_=1596677371601&CODE_STATE=getMsg HTTP/1.1" 200 27
114.84.32.201 - - [06/Aug/2020:09:29:41 +0800] "GET /xingrg/check_reg.html?_=1596677371603 HTTP/1.1" 200 22
61.172.5.115 - - [06/Aug/2020:09:29:42 +0800] "GET /xingrg/all/function/internal_message.html?_=1596677378890&CODE_STATE=getMsg HTTP/1.1" 200 27
61.172.5.115 - - [06/Aug/2020:09:29:42 +0800] "GET /xingrg/check_reg.html?_=1596677378893 HTTP/1.1" 200 22
222.70.173.120 - - [06/Aug/2020:09:29:43 +0800] "POST /xingrg/kc/buy/cgsh_list_operate.html HTTP/1.1" 200 5228
117.185.32.26 - - [06/Aug/2020:09:29:43 +0800] "GET /xingrg/kc/mdqp/qp_main.html HTTP/1.1" 200 10633
172.17.200.101 - - [06/Aug/2020:09:29:45 +0800] "GET /xingrg/all/function/internal_message.html?_=1596677385343&CODE_STATE=getMsg HTTP/1.1" 200 27
117.184.7.26 - - [06/Aug/2020:09:29:45 +0800] "GET /xingrg/all/function/internal_message.html?_=1596677375120&CODE_STATE=getMsg HTTP/1.1" 200 27
172.17.0.100 - - [06/Aug/2020:09:29:45 +0800] "GET /xingrg/all/function/internal_message.html?_=1596677382460&CODE_STATE=getMsg HTTP/1.1" 200 27
117.185.32.26 - - [06/Aug/2020:09:29:45 +0800] "GET /xingrg/kc/base/base_main.html HTTP/1.1" 200 12142
114.89.80.44 - - [06/Aug/2020:09:29:46 +0800] "GET /xingrg/javascript/auto/indicator.gif HTTP/1.1" 404 1066
117.185.32.26 - - [06/Aug/2020:09:29:46 +0800] "GET /xingrg/kc/base/wldb_order_list.html HTTP/1.1" 200 19255
117.185.32.26 - - [06/Aug/2020:09:29:47 +0800] "POST /xingrg/kc/base/wldb_list_operate.html HTTP/1.1" 200 928
117.185.32.26 - - [06/Aug/2020:09:29:48 +0800] "GET /xingrg/kc/base/wldb_order_add.html HTTP/1.1" 200 30371
222.69.133.128 - - [06/Aug/2020:09:29:48 +0800] "GET /xingrg/all/function/internal_message.html?_=1596677381614&CODE_STATE=getMsg HTTP/1.1" 200 27
117.185.32.26 - - [06/Aug/2020:09:29:49 +0800] "GET /xingrg/javascript/easyui/themes/default/validatebox.css HTTP/1.1" 404 1104
117.185.32.26 - - [06/Aug/2020:09:29:49 +0800] "POST /xingrg/kc/base/wldb_order_operate.html HTTP/1.1" 200 6806
114.89.80.44 - - [06/Aug/2020:09:29:50 +0800] "GET /xingrg/kc/buy/cgsh_order_operate.html?command=get_materiel&rest_code=00150&code=00101008372&supplier_code=00100007&order_time=2020-08-06 HTTP/1.1" 200 408
222.70.173.120 - - [06/Aug/2020:09:29:50 +0800] "GET /xingrg/check_reg.html?_=1596677431555 HTTP/1.1" 200 22
117.185.32.26 - - [06/Aug/2020:09:29:50 +0800] "POST /xingrg/all/common/load_combo.html?type=base HTTP/1.1" 200 3142
114.88.156.201 - - [06/Aug/2020:09:29:50 +0800] "GET /xingrg/all/function/internal_message.html?_=1596677384523&CODE_STATE=getMsg HTTP/1.1" 200 27
114.89.80.44 - - [06/Aug/2020:09:29:51 +0800] "GET /xingrg/kc/buy/cgsh_order_operate.html?command=get_materiel&rest_code=00151&code=00101008046&supplier_code=00100007&order_time=2020-08-06 HTTP/1.1" 200 408
120.253.135.82 - - [06/Aug/2020:09:29:55 +0800] "GET /xingrg/all/function/internal_message.html?_=1596677146576&CODE_STATE=getMsg HTTP/1.1" 200 27
117.185.32.26 - - [06/Aug/2020:09:29:58 +0800] "GET /xingrg/system/info/materiel_import.html?isSelect=1&singleSelect=false HTTP/1.1" 200 5600
117.185.32.26 - - [06/Aug/2020:09:29:58 +0800] "GET /xingrg/css/xtree.css HTTP/1.1" 200 880
117.185.32.26 - - [06/Aug/2020:09:29:58 +0800] "GET /xingrg/javascript/jquery_ui/themes/base/base.css HTTP/1.1" 200 28568
101.91.60.105 - - [06/Aug/2020:09:29:58 +0800] "GET /xingrg/all/function/internal_message.html?_=1596676724504&CODE_STATE=getMsg HTTP/1.1" 302 -
61.172.5.115 - - [06/Aug/2020:09:29:58 +0800] "GET /xingrg/all/function/internal_message.html?_=1596677389415&CODE_STATE=getMsg HTTP/1.1" 200 27
61.172.5.115 - - [06/Aug/2020:09:29:58 +0800] "GET /xingrg/check_reg.html?_=1596677389418 HTTP/1.1" 200 22
117.185.32.26 - - [06/Aug/2020:09:29:58 +0800] "POST /xingrg/all/common/load_tree.html?tree=materiel_sort_tree_json HTTP/1.1" 200 8666
117.185.32.26 - - [06/Aug/2020:09:29:58 +0800] "GET /xingrg/javascript/jquery_easy_ui/themes/icons/search.png HTTP/1.1" 200 813
117.185.32.26 - - [06/Aug/2020:09:29:58 +0800] "GET /xingrg/javascript/jquery_easy_ui/themes/icons/edit_add.png HTTP/1.1" 200 1088
117.185.32.26 - - [06/Aug/2020:09:29:58 +0800] "GET /xingrg/javascript/jquery_easy_ui/themes/default/images/datagrid_header_bg.gif HTTP/1.1" 200 97
117.185.32.26 - - [06/Aug/2020:09:29:58 +0800] "GET /xingrg/javascript/jquery_easy_ui/themes/default/images/pagination_last.gif HTTP/1.1" 200 923
117.185.32.26 - - [06/Aug/2020:09:29:58 +0800] "GET /xingrg/javascript/jquery_easy_ui/themes/default/images/pagination_first.gif HTTP/1.1" 200 925
117.185.32.26 - - [06/Aug/2020:09:29:58 +0800] "GET /xingrg/javascript/jquery_easy_ui/themes/default/images/pagination_next.gif HTTP/1.1" 200 875
117.185.32.26 - - [06/Aug/2020:09:29:58 +0800] "GET /xingrg/javascript/jquery_easy_ui/themes/default/images/pagination_load.png HTTP/1.1" 200 827
117.185.32.26 - - [06/Aug/2020:09:29:58 +0800] "GET /xingrg/javascript/jquery_easy_ui/themes/default/images/pagination_prev.gif HTTP/1.1" 200 879
117.185.32.26 - - [06/Aug/2020:09:29:58 +0800] "GET /favicon.ico HTTP/1.1" 404 -
114.89.80.44 - - [06/Aug/2020:09:30:01 +0800] "POST /xingrg/kc/buy/cgsh_order_operate.html HTTP/1.1" 200 37
61.172.5.115 - - [06/Aug/2020:09:30:02 +0800] "GET /xingrg/kc/buy/cgsh_order_add.html HTTP/1.1" 200 59379
117.185.32.26 - - [06/Aug/2020:09:30:02 +0800] "GET /xingrg/javascript/auto/indicator.gif HTTP/1.1" 404 1066
61.172.5.115 - - [06/Aug/2020:09:30:02 +0800] "GET /xingrg/javascript/easyui/themes/default/validatebox.css HTTP/1.1" 404 1104
61.172.5.115 - - [06/Aug/2020:09:30:02 +0800] "POST /xingrg/kc/buy/cgsh_order_operate.html HTTP/1.1" 200 8245
101.91.60.105 - - [06/Aug/2020:09:30:03 +0800] "GET /xingrg/login.html HTTP/1.1" 200 7641
114.89.80.44 - - [06/Aug/2020:09:30:04 +0800] "POST /xingrg/kc/buy/cgsh_order_operate.html HTTP/1.1" 200 12
222.70.173.120 - - [06/Aug/2020:09:30:04 +0800] "POST /xingrg/kc/buy/cgsh_list_operate.html HTTP/1.1" 200 4
114.89.80.44 - - [06/Aug/2020:09:30:05 +0800] "GET /xingrg/kc/buy/cgsh_order_info.html?code=212020080602104 HTTP/1.1" 200 54206
172.17.0.185 - - [06/Aug/2020:09:30:05 +0800] "GET /xingrg/all/function/internal_message.html?_=1596677402531&CODE_STATE=getMsg HTTP/1.1" 200 27
114.89.80.44 - - [06/Aug/2020:09:30:05 +0800] "GET /xingrg/javascript/easyui/themes/default/validatebox.css HTTP/1.1" 404 1104
114.89.80.44 - - [06/Aug/2020:09:30:05 +0800] "POST /xingrg/kc/buy/cgsh_order_operate.html HTTP/1.1" 200 17778
114.89.80.44 - - [06/Aug/2020:09:30:06 +0800] "GET /xingrg/kc/print/load_data.html?order_code=212020080602104&kc_code=cgsh&condition= HTTP/1.1" 200 7264
180.175.214.200 - - [06/Aug/2020:09:30:10 +0800] "POST /xingrg/kc/buy/cgsh_list_operate.html HTTP/1.1" 200 5780
117.185.32.26 - - [06/Aug/2020:09:30:10 +0800] "GET /xingrg/kc/base/wldb_order_operate.html?command=get_materiel&rest_code=00106&base_code=0010397&code=00102002315 HTTP/1.1" 200 447
222.70.173.120 - - [06/Aug/2020:09:30:12 +0800] "POST /xingrg/kc/buy/cgsh_list_operate.html HTTP/1.1" 200 5132
117.185.32.26 - - [06/Aug/2020:09:30:12 +0800] "GET /xingrg/kc/mdqp/qp_main.html HTTP/1.1" 200 10633
61.172.5.115 - - [06/Aug/2020:09:30:14 +0800] "GET /xingrg/kc/buy/cgsh_order_operate.html?command=get_materiel&rest_code=00105&code=00101009001&supplier_code=00100024&order_time=2020-08-06 HTTP/1.1" 200 416
120.204.17.70 - - [06/Aug/2020:09:30:14 +0800] "GET /xingrg/all/function/internal_message.html?_=1596676704301&CODE_STATE=getMsg HTTP/1.1" 302 -
116.230.74.197 - - [06/Aug/2020:09:30:14 +0800] "GET /xingrg/all/function/internal_message.html?_=1596677405268&CODE_STATE=getMsg HTTP/1.1" 200 27
120.204.17.70 - - [06/Aug/2020:09:30:16 +0800] "GET /xingrg/login.html HTTP/1.1" 200 7641
114.89.80.44 - - [06/Aug/2020:09:30:17 +0800] "GET /xingrg/kc/buy/cgsh_order_add.html HTTP/1.1" 200 59303
101.89.239.120 - - [06/Aug/2020:09:30:18 +0800] "GET /xingrg/check_reg.html?_=1596676604503 HTTP/1.1" 302 -
114.89.80.44 - - [06/Aug/2020:09:30:18 +0800] "POST /xingrg/kc/buy/cgsh_order_operate.html HTTP/1.1" 200 8245
114.89.80.44 - - [06/Aug/2020:09:30:18 +0800] "GET /xingrg/javascript/easyui/themes/default/validatebox.css HTTP/1.1" 404 1104
117.185.32.26 - - [06/Aug/2020:09:30:18 +0800] "GET /xingrg/images/yd/bt.gif HTTP/1.1" 404 1040
117.185.32.26 - - [06/Aug/2020:09:30:19 +0800] "GET /xingrg/kc/mdqp/qqps_order_list.html HTTP/1.1" 200 9644
117.185.32.26 - - [06/Aug/2020:09:30:19 +0800] "GET /xingrg/dwr/interface/AjaxReportQueryService.js HTTP/1.1" 200 13203
117.185.32.26 - - [06/Aug/2020:09:30:19 +0800] "GET /xingrg/dwr/interface/AjaxQqpsService.js HTTP/1.1" 200 16326
117.185.32.26 - - [06/Aug/2020:09:30:19 +0800] "GET /xingrg/dwr/engine.js HTTP/1.1" 200 43631
117.185.32.26 - - [06/Aug/2020:09:30:20 +0800] "GET /xingrg/kc/mdqp/qqps_order_info.html?code=302020080600113 HTTP/1.1" 200 28324
117.185.32.26 - - [06/Aug/2020:09:30:20 +0800] "GET /xingrg/dwr/interface/AjaxQqpsService.js HTTP/1.1" 200 16326
117.185.32.26 - - [06/Aug/2020:09:30:20 +0800] "GET /xingrg/dwr/interface/AjaxComOrderService.js HTTP/1.1" 200 18264
117.185.32.26 - - [06/Aug/2020:09:30:20 +0800] "GET /xingrg/dwr/engine.js HTTP/1.1" 200 43631
117.185.32.26 - - [06/Aug/2020:09:30:21 +0800] "POST /xingrg/dwr/call/plaincall/AjaxQqpsService.loadMaterielItems.dwr HTTP/1.1" 200 322
114.89.80.44 - - [06/Aug/2020:09:30:21 +0800] "GET /xingrg/all/function/internal_message.html?_=1596677552424&CODE_STATE=getMsg HTTP/1.1" 200 27
114.89.80.44 - - [06/Aug/2020:09:30:23 +0800] "GET /xingrg/kc/buy/cgsh_order_operate.html?command=get_materiel&rest_code=00151&code=00101008299&supplier_code=00100007&order_time=2020-08-06 HTTP/1.1" 200 412
101.89.239.120 - - [06/Aug/2020:09:30:25 +0800] "GET /xingrg/login.html HTTP/1.1" 200 7641
61.172.5.115 - - [06/Aug/2020:09:30:27 +0800] "GET /xingrg/kc/buy/cgsh_order_operate.html?command=get_materiel&rest_code=00105&code=00101009011&supplier_code=00100024&order_time=2020-08-06 HTTP/1.1" 200 416
117.185.32.26 - - [06/Aug/2020:09:30:29 +0800] "GET /xingrg/all/function/internal_message.html?_=1596677424324&CODE_STATE=getMsg HTTP/1.1" 200 27
114.88.161.57 - - [06/Aug/2020:09:30:29 +0800] "GET /xingrg/all/function/internal_message.html?_=1596677461975&CODE_STATE=getMsg HTTP/1.1" 200 27
114.88.161.57 - - [06/Aug/2020:09:30:31 +0800] "GET /xingrg/all/function/internal_message.html?_=1596677428104&CODE_STATE=getMsg HTTP/1.1" 200 27
222.70.173.120 - - [06/Aug/2020:09:30:32 +0800] "POST /xingrg/kc/buy/cgsh_list_operate.html HTTP/1.1" 200 4
61.172.5.115 - - [06/Aug/2020:09:30:34 +0800] "GET /xingrg/kc/buy/cgsh_order_operate.html?command=get_materiel&rest_code=00105&code=00101008507&supplier_code=00100024&order_time=2020-08-06 HTTP/1.1" 200 395
222.70.173.120 - - [06/Aug/2020:09:30:36 +0800] "POST /xingrg/kc/buy/cgsh_list_operate.html HTTP/1.1" 200 1687
114.89.80.44 - - [06/Aug/2020:09:30:37 +0800] "GET /xingrg/all/function/internal_message.html?_=1596677432848&CODE_STATE=getMsg HTTP/1.1" 200 27
180.175.214.200 - - [06/Aug/2020:09:30:38 +0800] "GET /xingrg/all/function/internal_message.html?_=1596677641597&CODE_STATE=getMsg HTTP/1.1" 200 27
114.84.32.201 - - [06/Aug/2020:09:30:41 +0800] "GET /xingrg/all/function/internal_message.html?_=1596677431605&CODE_STATE=getMsg HTTP/1.1" 200 27
222.70.173.120 - - [06/Aug/2020:09:30:42 +0800] "POST /xingrg/kc/buy/cgsh_list_operate.html HTTP/1.1" 200 4
61.172.5.115 - - [06/Aug/2020:09:30:42 +0800] "GET /xingrg/all/function/internal_message.html?_=1596677438881&CODE_STATE=getMsg HTTP/1.1" 200 27
172.17.200.101 - - [06/Aug/2020:09:30:45 +0800] "GET /xingrg/all/function/internal_message.html?_=1596677445350&CODE_STATE=getMsg HTTP/1.1" 200 27
117.184.7.26 - - [06/Aug/2020:09:30:45 +0800] "GET /xingrg/all/function/internal_message.html?_=1596677435107&CODE_STATE=getMsg HTTP/1.1" 200 27
172.17.0.100 - - [06/Aug/2020:09:30:45 +0800] "GET /xingrg/all/function/internal_message.html?_=1596677442458&CODE_STATE=getMsg HTTP/1.1" 200 27
61.172.5.115 - - [06/Aug/2020:09:30:46 +0800] "GET /xingrg/kc/buy/cgsh_order_operate.html?command=get_materiel&rest_code=00105&code=00101009019&supplier_code=00100024&order_time=2020-08-06 HTTP/1.1" 200 413
114.89.80.44 - - [06/Aug/2020:09:30:47 +0800] "GET /xingrg/kc/buy/cgsh_order_operate.html?command=get_materiel&rest_code=00151&code=00101029052&supplier_code=00100007&order_time=2020-08-06 HTTP/1.1" 200 399
222.69.133.128 - - [06/Aug/2020:09:30:48 +0800] "GET /xingrg/all/function/internal_message.html?_=1596677441615&CODE_STATE=getMsg HTTP/1.1" 200 27
114.88.156.201 - - [06/Aug/2020:09:30:50 +0800] "GET /xingrg/all/function/internal_message.html?_=1596677444521&CODE_STATE=getMsg HTTP/1.1" 200 27
120.253.135.82 - - [06/Aug/2020:09:30:55 +0800] "GET /xingrg/all/function/internal_message.html?_=1596677206613&CODE_STATE=getMsg HTTP/1.1" 200 27
114.89.80.44 - - [06/Aug/2020:09:30:56 +0800] "POST /xingrg/kc/buy/cgsh_order_operate.html HTTP/1.1" 200 37
114.89.80.44 - - [06/Aug/2020:09:30:57 +0800] "POST /xingrg/kc/buy/cgsh_order_operate.html HTTP/1.1" 200 11522
61.172.5.115 - - [06/Aug/2020:09:30:58 +0800] "GET /xingrg/all/function/internal_message.html?_=1596677449418&CODE_STATE=getMsg HTTP/1.1" 200 27
61.172.5.115 - - [06/Aug/2020:09:31:01 +0800] "GET /xingrg/kc/buy/cgsh_order_operate.html?command=get_materiel&rest_code=00105&code=00101009062&supplier_code=00100024&order_time=2020-08-06 HTTP/1.1" 200 412
114.89.80.44 - - [06/Aug/2020:09:31:03 +0800] "POST /xingrg/all/user/operate.html HTTP/1.1" 200 36
114.89.80.44 - - [06/Aug/2020:09:31:04 +0800] "GET /xingrg/index.html?sysBaseUrl=http%3A%2F%2F180.169.147.146%3A18081%2Fxingrg%2F&costTime=43×tamp=1596447767329 HTTP/1.1" 200 17177
114.89.80.44 - - [06/Aug/2020:09:31:04 +0800] "GET /xingrg/javascript/jquery_easy_ui/themes/default/easyui.css HTTP/1.1" 304 -
114.89.80.44 - - [06/Aug/2020:09:31:04 +0800] "GET /xingrg/javascript/jquery_easy_ui/themes/icon.css HTTP/1.1" 304 -
114.89.80.44 - - [06/Aug/2020:09:31:04 +0800] "GET /xingrg/css/form.css HTTP/1.1" 304 -
114.89.80.44 - - [06/Aug/2020:09:31:04 +0800] "GET /xingrg/javascript/jquery-1.4.2.min.js HTTP/1.1" 304 -
114.89.80.44 - - [06/Aug/2020:09:31:04 +0800] "GET /xingrg/javascript/jquery_easy_ui/jquery.easyui.min.js HTTP/1.1" 304 -
114.89.80.44 - - [06/Aug/2020:09:31:04 +0800] "GET /xingrg/javascript/jquery_easy_ui/easyui-lang-zh_CN.js HTTP/1.1" 304 -
114.89.80.44 - - [06/Aug/2020:09:31:04 +0800] "GET /xingrg/javascript/jquery.form.js HTTP/1.1" 304 -
114.89.80.44 - - [06/Aug/2020:09:31:04 +0800] "GET /xingrg/javascript/jquery.utils.js HTTP/1.1" 304 -
114.89.80.44 - - [06/Aug/2020:09:31:04 +0800] "GET /xingrg/javascript/jquery.timers.js HTTP/1.1" 304 -
114.89.80.44 - - [06/Aug/2020:09:31:04 +0800] "GET /xingrg/images/blue/jxLogo.png HTTP/1.1" 304 -
114.89.80.44 - - [06/Aug/2020:09:31:04 +0800] "GET /xingrg/images/blue/navBackgound.jpg HTTP/1.1" 304 -
114.89.80.44 - - [06/Aug/2020:09:31:04 +0800] "GET /xingrg/javascript/jquery_easy_ui/themes/icons/settle_new.png HTTP/1.1" 304 -
114.89.80.44 - - [06/Aug/2020:09:31:04 +0800] "POST /xingrg/all/common/load_tree.html?tree=area_rest_tree_json&manage=1 HTTP/1.1" 200 476
114.89.80.44 - - [06/Aug/2020:09:31:04 +0800] "GET /xingrg/check_reg.html?_=1596677460103 HTTP/1.1" 200 22
114.89.80.44 - - [06/Aug/2020:09:31:04 +0800] "GET /xingrg/all/function/internal_message.html?_=1596677460101&CODE_STATE=count HTTP/1.1" 200 11
114.89.80.44 - - [06/Aug/2020:09:31:04 +0800] "GET /xingrg/javascript/jquery_easy_ui/themes/default/images/tabs_rightarrow.png HTTP/1.1" 304 -
114.89.80.44 - - [06/Aug/2020:09:31:04 +0800] "GET /xingrg/javascript/jquery_easy_ui/themes/default/images/tabs_leftarrow.png HTTP/1.1" 304 -
114.89.80.44 - - [06/Aug/2020:09:31:04 +0800] "GET /xingrg/javascript/jquery_easy_ui/themes/default/images/panel_tool_collapse.gif HTTP/1.1" 304 -
114.89.80.44 - - [06/Aug/2020:09:31:04 +0800] "GET /xingrg/images/blue/pingpu.png HTTP/1.1" 304 -
114.89.80.44 - - [06/Aug/2020:09:31:04 +0800] "POST /xingrg/load_menu.html HTTP/1.1" 200 5138
172.17.0.185 - - [06/Aug/2020:09:31:05 +0800] "GET /xingrg/all/function/internal_message.html?_=1596677462521&CODE_STATE=getMsg HTTP/1.1" 200 27
114.89.80.44 - - [06/Aug/2020:09:31:06 +0800] "GET /xingrg/kc/buy/cgsh_order_list.html HTTP/1.1" 200 43645
114.89.80.44 - - [06/Aug/2020:09:31:07 +0800] "POST /xingrg/kc/buy/cgsh_list_operate.html HTTP/1.1" 200 1706
116.230.74.197 - - [06/Aug/2020:09:31:14 +0800] "GET /xingrg/all/function/internal_message.html?_=1596677465252&CODE_STATE=getMsg HTTP/1.1" 200 27
114.89.80.44 - - [06/Aug/2020:09:31:16 +0800] "POST /xingrg/kc/buy/cgsh_list_operate.html HTTP/1.1" 200 561
114.89.80.44 - - [06/Aug/2020:09:31:18 +0800] "GET /xingrg/kc/buy/cgsh_order_info.html?code=212020080602124 HTTP/1.1" 200 59042
114.89.80.44 - - [06/Aug/2020:09:31:19 +0800] "GET /xingrg/javascript/easyui/themes/default/validatebox.css HTTP/1.1" 404 1104
114.89.80.44 - - [06/Aug/2020:09:31:19 +0800] "POST /xingrg/kc/buy/cgsh_order_operate.html HTTP/1.1" 200 11522
114.89.80.44 - - [06/Aug/2020:09:31:21 +0800] "GET /xingrg/all/function/internal_message.html?_=1596677612438&CODE_STATE=getMsg HTTP/1.1" 200 27
117.185.32.26 - - [06/Aug/2020:09:31:29 +0800] "GET /xingrg/all/function/internal_message.html?_=1596677484321&CODE_STATE=getMsg HTTP/1.1" 200 27
117.185.32.26 - - [06/Aug/2020:09:31:29 +0800] "GET /xingrg/check_reg.html?_=1596677484319 HTTP/1.1" 200 22
114.88.161.57 - - [06/Aug/2020:09:31:29 +0800] "GET /xingrg/all/function/internal_message.html?_=1596677521976&CODE_STATE=getMsg HTTP/1.1" 200 27
114.88.161.57 - - [06/Aug/2020:09:31:31 +0800] "GET /xingrg/all/function/internal_message.html?_=1596677488140&CODE_STATE=getMsg HTTP/1.1" 200 27
180.175.214.200 - - [06/Aug/2020:09:31:38 +0800] "GET /xingrg/all/function/internal_message.html?_=1596677701611&CODE_STATE=getMsg HTTP/1.1" 200 27
183.192.164.85 - - [06/Aug/2020:09:31:40 +0800] "GET /xingrg/all/function/internal_message.html?_=1596676764301&CODE_STATE=getMsg HTTP/1.1" 302 -
114.84.32.201 - - [06/Aug/2020:09:31:41 +0800] "GET /xingrg/all/function/internal_message.html?_=1596677491605&CODE_STATE=getMsg HTTP/1.1" 200 27
117.185.32.26 - - [06/Aug/2020:09:31:42 +0800] "POST /xingrg/dwr/call/plaincall/AjaxQqpsService.saveMaterielItem.dwr HTTP/1.1" 200 78
61.172.5.115 - - [06/Aug/2020:09:31:42 +0800] "GET /xingrg/all/function/internal_message.html?_=1596677498884&CODE_STATE=getMsg HTTP/1.1" 200 27
114.89.80.44 - - [06/Aug/2020:09:31:44 +0800] "GET /xingrg/javascript/auto/indicator.gif HTTP/1.1" 404 1066
117.184.7.26 - - [06/Aug/2020:09:31:45 +0800] "GET /xingrg/check_reg.html?_=1596677494999 HTTP/1.1" 200 22
172.17.200.101 - - [06/Aug/2020:09:31:45 +0800] "GET /xingrg/all/function/internal_message.html?_=1596677505351&CODE_STATE=getMsg HTTP/1.1" 200 27
172.17.200.101 - - [06/Aug/2020:09:31:45 +0800] "GET /xingrg/check_reg.html?_=1596677505355 HTTP/1.1" 200 22
117.184.7.26 - - [06/Aug/2020:09:31:45 +0800] "GET /xingrg/all/function/internal_message.html?_=1596677495080&CODE_STATE=getMsg HTTP/1.1" 200 27
172.17.0.100 - - [06/Aug/2020:09:31:45 +0800] "GET /xingrg/check_reg.html?_=1596677502457 HTTP/1.1" 200 22
172.17.0.100 - - [06/Aug/2020:09:31:45 +0800] "GET /xingrg/all/function/internal_message.html?_=1596677502456&CODE_STATE=getMsg HTTP/1.1" 200 27
114.88.161.57 - - [06/Aug/2020:09:31:47 +0800] "GET /xingrg/check_reg.html?_=1596677504139 HTTP/1.1" 200 22
222.69.133.128 - - [06/Aug/2020:09:31:48 +0800] "GET /xingrg/all/function/internal_message.html?_=1596677501610&CODE_STATE=getMsg HTTP/1.1" 200 27
222.69.133.128 - - [06/Aug/2020:09:31:48 +0800] "GET /xingrg/check_reg.html?_=1596677501723 HTTP/1.1" 200 22
183.192.164.85 - - [06/Aug/2020:09:31:50 +0800] "GET /xingrg/login.html HTTP/1.1" 200 7641
114.88.156.201 - - [06/Aug/2020:09:31:50 +0800] "GET /xingrg/all/function/internal_message.html?_=1596677504521&CODE_STATE=getMsg HTTP/1.1" 200 27
114.88.156.201 - - [06/Aug/2020:09:31:50 +0800] "GET /xingrg/check_reg.html?_=1596677504523 HTTP/1.1" 200 22
120.253.135.82 - - [06/Aug/2020:09:31:55 +0800] "GET /xingrg/all/function/internal_message.html?_=1596677266617&CODE_STATE=getMsg HTTP/1.1" 200 27
114.89.80.44 - - [06/Aug/2020:09:31:58 +0800] "GET /xingrg/kc/buy/cgsh_order_operate.html?command=get_materiel&rest_code=00151&code=00101008089&supplier_code=00100007&order_time=2020-08-06 HTTP/1.1" 200 408
61.172.5.115 - - [06/Aug/2020:09:31:58 +0800] "GET /xingrg/all/function/internal_message.html?_=1596677509418&CODE_STATE=getMsg HTTP/1.1" 200 27
222.70.173.120 - - [06/Aug/2020:09:31:58 +0800] "POST /xingrg/kc/buy/cgsh_list_operate.html HTTP/1.1" 200 876
61.151.178.180 - - [06/Aug/2020:09:31:59 +0800] "GET /xingrg/all/function/internal_message.html?_=1596676784503&CODE_STATE=getMsg HTTP/1.1" 302 -
114.89.80.44 - - [06/Aug/2020:09:32:04 +0800] "GET /xingrg/all/function/internal_message.html?_=1596677520119&CODE_STATE=getMsg HTTP/1.1" 200 27
172.17.0.185 - - [06/Aug/2020:09:32:05 +0800] "GET /xingrg/all/function/internal_message.html?_=1596677522526&CODE_STATE=getMsg HTTP/1.1" 200 27
172.17.0.185 - - [06/Aug/2020:09:32:05 +0800] "GET /xingrg/check_reg.html?_=1596677522531 HTTP/1.1" 200 22
61.151.178.180 - - [06/Aug/2020:09:32:05 +0800] "GET /xingrg/login.html HTTP/1.1" 200 7641
117.185.32.26 - - [06/Aug/2020:09:32:10 +0800] "POST /xingrg/dwr/call/plaincall/AjaxQqpsService.getMaterielByCode.dwr HTTP/1.1" 200 2569
117.185.32.26 - - [06/Aug/2020:09:32:13 +0800] "POST /xingrg/dwr/call/plaincall/AjaxQqpsService.saveMaterielItem.dwr HTTP/1.1" 200 78
116.230.74.197 - - [06/Aug/2020:09:32:14 +0800] "GET /xingrg/all/function/internal_message.html?_=1596677525252&CODE_STATE=getMsg HTTP/1.1" 200 27
114.89.80.44 - - [06/Aug/2020:09:32:16 +0800] "GET /xingrg/kc/buy/cgsh_order_operate.html?command=get_materiel&rest_code=00151&code=00101008261&supplier_code=00100007&order_time=2020-08-06 HTTP/1.1" 200 408
117.185.32.26 - - [06/Aug/2020:09:32:17 +0800] "POST /xingrg/dwr/call/plaincall/AjaxQqpsService.getMaterielByCode.dwr HTTP/1.1" 200 2659
61.172.5.115 - - [06/Aug/2020:09:32:17 +0800] "POST /xingrg/kc/buy/cgsh_order_operate.html HTTP/1.1" 200 37
61.172.5.115 - - [06/Aug/2020:09:32:18 +0800] "POST /xingrg/kc/buy/cgsh_order_operate.html HTTP/1.1" 200 7412
117.185.32.26 - - [06/Aug/2020:09:32:19 +0800] "POST /xingrg/dwr/call/plaincall/AjaxQqpsService.saveMaterielItem.dwr HTTP/1.1" 200 78
61.172.5.115 - - [06/Aug/2020:09:32:20 +0800] "GET /xingrg/kc/print/load_data.html?order_code=212020080602125&kc_code=cgsh&condition= HTTP/1.1" 200 2490
114.89.80.44 - - [06/Aug/2020:09:32:21 +0800] "GET /xingrg/all/function/internal_message.html?_=1596677672513&CODE_STATE=getMsg HTTP/1.1" 200 27
114.89.80.44 - - [06/Aug/2020:09:32:25 +0800] "GET /xingrg/kc/buy/cgsh_order_operate.html?command=get_materiel&rest_code=00151&code=00101020002&supplier_code=00100007&order_time=2020-08-06 HTTP/1.1" 200 412
117.185.32.26 - - [06/Aug/2020:09:32:29 +0800] "POST /xingrg/dwr/call/plaincall/AjaxQqpsService.getMaterielByCode.dwr HTTP/1.1" 200 2610
117.185.32.26 - - [06/Aug/2020:09:32:29 +0800] "GET /xingrg/all/function/internal_message.html?_=1596677544320&CODE_STATE=getMsg HTTP/1.1" 200 27
114.88.161.57 - - [06/Aug/2020:09:32:29 +0800] "GET /xingrg/all/function/internal_message.html?_=1596677581977&CODE_STATE=getMsg HTTP/1.1" 200 27
114.88.161.57 - - [06/Aug/2020:09:32:29 +0800] "GET /xingrg/check_reg.html?_=1596677581975 HTTP/1.1" 200 22
117.185.32.26 - - [06/Aug/2020:09:32:31 +0800] "POST /xingrg/dwr/call/plaincall/AjaxQqpsService.saveMaterielItem.dwr HTTP/1.1" 200 78
114.88.161.57 - - [06/Aug/2020:09:32:31 +0800] "GET /xingrg/all/function/internal_message.html?_=1596677548146&CODE_STATE=getMsg HTTP/1.1" 200 27
114.89.80.44 - - [06/Aug/2020:09:32:36 +0800] "GET /xingrg/kc/buy/cgsh_order_operate.html?command=get_materiel&rest_code=00151&code=00101008033&supplier_code=00100007&order_time=2020-08-06 HTTP/1.1" 200 408
180.175.214.200 - - [06/Aug/2020:09:32:38 +0800] "GET /xingrg/check_reg.html?_=1596677761142 HTTP/1.1" 200 22
180.175.214.200 - - [06/Aug/2020:09:32:38 +0800] "GET /xingrg/all/function/internal_message.html?_=1596677761624&CODE_STATE=getMsg HTTP/1.1" 200 27
114.84.32.201 - - [06/Aug/2020:09:32:41 +0800] "GET /xingrg/all/function/internal_message.html?_=1596677551604&CODE_STATE=getMsg HTTP/1.1" 200 27
61.172.5.115 - - [06/Aug/2020:09:32:42 +0800] "GET /xingrg/all/function/internal_message.html?_=1596677558893&CODE_STATE=getMsg HTTP/1.1" 200 27
114.89.80.44 - - [06/Aug/2020:09:32:43 +0800] "GET /xingrg/kc/buy/cgsh_order_operate.html?command=get_materiel&rest_code=00151&code=00101008357&supplier_code=00100007&order_time=2020-08-06 HTTP/1.1" 200 408
172.17.200.101 - - [06/Aug/2020:09:32:45 +0800] "GET /xingrg/all/function/internal_message.html?_=1596677565352&CODE_STATE=getMsg HTTP/1.1" 200 27
117.184.7.26 - - [06/Aug/2020:09:32:45 +0800] "GET /xingrg/all/function/internal_message.html?_=1596677555064&CODE_STATE=getMsg HTTP/1.1" 200 27
172.17.0.100 - - [06/Aug/2020:09:32:45 +0800] "GET /xingrg/all/function/internal_message.html?_=1596677562485&CODE_STATE=getMsg HTTP/1.1" 200 27
117.185.32.26 - - [06/Aug/2020:09:32:48 +0800] "POST /xingrg/dwr/call/plaincall/AjaxQqpsService.getMaterielByCode.dwr HTTP/1.1" 200 2627
222.69.133.128 - - [06/Aug/2020:09:32:48 +0800] "GET /xingrg/all/function/internal_message.html?_=1596677561610&CODE_STATE=getMsg HTTP/1.1" 200 27
114.89.80.44 - - [06/Aug/2020:09:32:49 +0800] "POST /xingrg/kc/buy/cgsh_order_operate.html HTTP/1.1" 200 2065
117.185.32.26 - - [06/Aug/2020:09:32:49 +0800] "POST /xingrg/dwr/call/plaincall/AjaxQqpsService.saveMaterielItem.dwr HTTP/1.1" 200 78
114.88.156.201 - - [06/Aug/2020:09:32:50 +0800] "GET /xingrg/all/function/internal_message.html?_=1596677564522&CODE_STATE=getMsg HTTP/1.1" 200 27
117.185.32.26 - - [06/Aug/2020:09:32:52 +0800] "POST /xingrg/dwr/call/plaincall/AjaxQqpsService.getMaterielByCode.dwr HTTP/1.1" 200 2599
117.185.32.26 - - [06/Aug/2020:09:32:54 +0800] "POST /xingrg/dwr/call/plaincall/AjaxQqpsService.saveMaterielItem.dwr HTTP/1.1" 200 79
120.253.135.82 - - [06/Aug/2020:09:32:55 +0800] "GET /xingrg/check_reg.html?_=1596677326278 HTTP/1.1" 200 22
120.253.135.82 - - [06/Aug/2020:09:32:55 +0800] "GET /xingrg/all/function/internal_message.html?_=1596677326631&CODE_STATE=getMsg HTTP/1.1" 200 27
114.89.80.44 - - [06/Aug/2020:09:32:56 +0800] "GET /xingrg/kc/buy/cgsh_order_operate.html?command=get_materiel&rest_code=00151&code=00101008131&supplier_code=00100007&order_time=2020-08-06 HTTP/1.1" 200 409
61.172.5.115 - - [06/Aug/2020:09:32:58 +0800] "GET /xingrg/all/function/internal_message.html?_=1596677569418&CODE_STATE=getMsg HTTP/1.1" 200 27
117.185.32.26 - - [06/Aug/2020:09:32:59 +0800] "POST /xingrg/dwr/call/plaincall/AjaxQqpsService.getMaterielByCode.dwr HTTP/1.1" 200 2628
117.185.32.26 - - [06/Aug/2020:09:33:01 +0800] "POST /xingrg/dwr/call/plaincall/AjaxQqpsService.saveMaterielItem.dwr HTTP/1.1" 200 79
114.89.80.44 - - [06/Aug/2020:09:33:04 +0800] "GET /xingrg/all/function/internal_message.html?_=1596677580131&CODE_STATE=getMsg HTTP/1.1" 200 27
117.185.32.26 - - [06/Aug/2020:09:33:04 +0800] "POST /xingrg/dwr/call/plaincall/AjaxQqpsService.getMaterielByCode.dwr HTTP/1.1" 200 2614
172.17.0.185 - - [06/Aug/2020:09:33:05 +0800] "GET /xingrg/all/function/internal_message.html?_=1596677582533&CODE_STATE=getMsg HTTP/1.1" 200 27
114.89.80.44 - - [06/Aug/2020:09:33:07 +0800] "GET /xingrg/kc/buy/cgsh_order_operate.html?command=get_materiel&rest_code=00151&code=00101008036&supplier_code=00100007&order_time=2020-08-06 HTTP/1.1" 200 408
117.185.32.26 - - [06/Aug/2020:09:33:08 +0800] "POST /xingrg/dwr/call/plaincall/AjaxQqpsService.saveMaterielItem.dwr HTTP/1.1" 200 79
116.230.74.197 - - [06/Aug/2020:09:33:13 +0800] "GET /xingrg/check_reg.html?_=1596677584523 HTTP/1.1" 200 22
117.185.32.26 - - [06/Aug/2020:09:33:13 +0800] "POST /xingrg/dwr/call/plaincall/AjaxQqpsService.getMaterielByCode.dwr HTTP/1.1" 200 2654
116.230.74.197 - - [06/Aug/2020:09:33:14 +0800] "GET /xingrg/all/function/internal_message.html?_=1596677585227&CODE_STATE=getMsg HTTP/1.1" 200 27
114.89.80.44 - - [06/Aug/2020:09:33:15 +0800] "GET /xingrg/kc/buy/cgsh_order_operate.html?command=get_materiel&rest_code=00151&code=00101008095&supplier_code=00100007&order_time=2020-08-06 HTTP/1.1" 200 412
117.185.32.26 - - [06/Aug/2020:09:33:17 +0800] "POST /xingrg/dwr/call/plaincall/AjaxQqpsService.saveMaterielItem.dwr HTTP/1.1" 200 79
114.89.80.44 - - [06/Aug/2020:09:33:22 +0800] "GET /xingrg/all/function/internal_message.html?_=1596677732527&CODE_STATE=getMsg HTTP/1.1" 200 27
114.89.80.44 - - [06/Aug/2020:09:33:22 +0800] "GET /xingrg/kc/buy/cgsh_order_operate.html?command=get_materiel&rest_code=00151&code=00101008221&supplier_code=00100007&order_time=2020-08-06 HTTP/1.1" 200 412
117.185.32.26 - - [06/Aug/2020:09:33:22 +0800] "POST /xingrg/dwr/call/plaincall/AjaxQqpsService.getMaterielByCode.dwr HTTP/1.1" 200 2621
117.185.32.26 - - [06/Aug/2020:09:33:24 +0800] "POST /xingrg/dwr/call/plaincall/AjaxQqpsService.saveMaterielItem.dwr HTTP/1.1" 200 79
114.89.80.44 - - [06/Aug/2020:09:33:25 +0800] "POST /xingrg/kc/buy/cgsh_order_operate.html HTTP/1.1" 200 2065
117.185.32.26 - - [06/Aug/2020:09:33:29 +0800] "GET /xingrg/all/function/internal_message.html?_=1596677604325&CODE_STATE=getMsg HTTP/1.1" 200 27
114.88.161.57 - - [06/Aug/2020:09:33:29 +0800] "GET /xingrg/all/function/internal_message.html?_=1596677641976&CODE_STATE=getMsg HTTP/1.1" 200 27
61.172.5.115 - - [06/Aug/2020:09:33:29 +0800] "GET /xingrg/kc/buy/cgsh_order_add.html HTTP/1.1" 200 59379
61.172.5.115 - - [06/Aug/2020:09:33:30 +0800] "GET /xingrg/javascript/easyui/themes/default/validatebox.css HTTP/1.1" 404 1104
61.172.5.115 - - [06/Aug/2020:09:33:30 +0800] "POST /xingrg/kc/buy/cgsh_order_operate.html HTTP/1.1" 200 8245
114.88.161.57 - - [06/Aug/2020:09:33:31 +0800] "GET /xingrg/all/function/internal_message.html?_=1596677608161&CODE_STATE=getMsg HTTP/1.1" 200 27
183.192.164.97 - - [06/Aug/2020:09:33:36 +0800] "GET /xingrg/all/function/internal_message.html?_=1596676884300&CODE_STATE=getMsg HTTP/1.1" 302 -
114.89.80.44 - - [06/Aug/2020:09:33:38 +0800] "GET /xingrg/kc/buy/cgsh_order_operate.html?command=get_materiel&rest_code=00151&code=00101008244&supplier_code=00100007&order_time=2020-08-06 HTTP/1.1" 200 408
180.175.214.200 - - [06/Aug/2020:09:33:38 +0800] "GET /xingrg/all/function/internal_message.html?_=1596677821637&CODE_STATE=getMsg HTTP/1.1" 200 27
117.185.32.26 - - [06/Aug/2020:09:33:39 +0800] "POST /xingrg/dwr/call/plaincall/AjaxQqpsService.getMaterielByCode.dwr HTTP/1.1" 200 2621
61.172.5.115 - - [06/Aug/2020:09:33:40 +0800] "GET /xingrg/kc/buy/cgsh_order_operate.html?command=get_materiel&rest_code=00105&code=00101006184&supplier_code=00100013&order_time=2020-08-06 HTTP/1.1" 200 408
114.84.32.201 - - [06/Aug/2020:09:33:41 +0800] "GET /xingrg/all/function/internal_message.html?_=1596677611619&CODE_STATE=getMsg HTTP/1.1" 200 27
117.185.32.26 - - [06/Aug/2020:09:33:42 +0800] "POST /xingrg/dwr/call/plaincall/AjaxQqpsService.saveMaterielItem.dwr HTTP/1.1" 200 79
61.172.5.115 - - [06/Aug/2020:09:33:42 +0800] "GET /xingrg/all/function/internal_message.html?_=1596677618884&CODE_STATE=getMsg HTTP/1.1" 200 27
117.184.7.26 - - [06/Aug/2020:09:33:45 +0800] "GET /xingrg/all/function/internal_message.html?_=1596677615049&CODE_STATE=getMsg HTTP/1.1" 200 27
172.17.200.101 - - [06/Aug/2020:09:33:45 +0800] "GET /xingrg/all/function/internal_message.html?_=1596677625352&CODE_STATE=getMsg HTTP/1.1" 200 27
172.17.0.100 - - [06/Aug/2020:09:33:45 +0800] "GET /xingrg/all/function/internal_message.html?_=1596677622483&CODE_STATE=getMsg HTTP/1.1" 200 27
183.192.164.97 - - [06/Aug/2020:09:33:45 +0800] "GET /xingrg/login.html HTTP/1.1" 200 7641
117.185.32.26 - - [06/Aug/2020:09:33:46 +0800] "POST /xingrg/dwr/call/plaincall/AjaxQqpsService.getMaterielByCode.dwr HTTP/1.1" 200 2614
114.89.80.44 - - [06/Aug/2020:09:33:46 +0800] "GET /xingrg/kc/buy/cgsh_order_operate.html?command=get_materiel&rest_code=00151&code=00101016025&supplier_code=00100007&order_time=2020-08-06 HTTP/1.1" 200 408
117.185.32.26 - - [06/Aug/2020:09:33:47 +0800] "POST /xingrg/dwr/call/plaincall/AjaxQqpsService.saveMaterielItem.dwr HTTP/1.1" 200 79
222.69.133.128 - - [06/Aug/2020:09:33:48 +0800] "GET /xingrg/all/function/internal_message.html?_=1596677621604&CODE_STATE=getMsg HTTP/1.1" 200 27
117.185.32.26 - - [06/Aug/2020:09:33:50 +0800] "POST /xingrg/dwr/call/plaincall/AjaxQqpsService.getMaterielByCode.dwr HTTP/1.1" 200 2607
114.88.156.201 - - [06/Aug/2020:09:33:50 +0800] "GET /xingrg/all/function/internal_message.html?_=1596677624546&CODE_STATE=getMsg HTTP/1.1" 200 27
117.185.32.26 - - [06/Aug/2020:09:33:52 +0800] "POST /xingrg/dwr/call/plaincall/AjaxQqpsService.saveMaterielItem.dwr HTTP/1.1" 200 79
120.204.17.72 - - [06/Aug/2020:09:33:53 +0800] "GET /xingrg/check_reg.html?_=1596676884298 HTTP/1.1" 302 -
114.89.80.44 - - [06/Aug/2020:09:33:53 +0800] "GET /xingrg/kc/buy/cgsh_order_operate.html?command=get_materiel&rest_code=00151&code=00101008137&supplier_code=00100007&order_time=2020-08-06 HTTP/1.1" 200 408
117.185.32.26 - - [06/Aug/2020:09:33:55 +0800] "POST /xingrg/dwr/call/plaincall/AjaxQqpsService.getMaterielByCode.dwr HTTP/1.1" 200 2628
120.253.135.82 - - [06/Aug/2020:09:33:55 +0800] "GET /xingrg/all/function/internal_message.html?_=1596677386645&CODE_STATE=getMsg HTTP/1.1" 200 27
120.204.17.72 - - [06/Aug/2020:09:33:56 +0800] "GET /xingrg/login.html HTTP/1.1" 200 7641
117.185.32.26 - - [06/Aug/2020:09:33:56 +0800] "POST /xingrg/dwr/call/plaincall/AjaxQqpsService.saveMaterielItem.dwr HTTP/1.1" 200 79
61.172.5.115 - - [06/Aug/2020:09:33:57 +0800] "GET /xingrg/kc/buy/cgsh_order_operate.html?command=get_materiel&rest_code=00105&code=00101006195&supplier_code=00100013&order_time=2020-08-06 HTTP/1.1" 200 409
61.172.5.115 - - [06/Aug/2020:09:33:58 +0800] "GET /xingrg/all/function/internal_message.html?_=1596677629417&CODE_STATE=getMsg HTTP/1.1" 200 27
114.89.80.44 - - [06/Aug/2020:09:34:00 +0800] "GET /xingrg/kc/buy/cgsh_order_operate.html?command=get_materiel&rest_code=00151&code=00101008362&supplier_code=00100007&order_time=2020-08-06 HTTP/1.1" 200 408
117.185.32.26 - - [06/Aug/2020:09:34:00 +0800] "POST /xingrg/dwr/call/plaincall/AjaxQqpsService.getMaterielByCode.dwr HTTP/1.1" 200 2635
117.185.32.26 - - [06/Aug/2020:09:34:02 +0800] "POST /xingrg/dwr/call/plaincall/AjaxQqpsService.saveMaterielItem.dwr HTTP/1.1" 200 79
114.89.80.44 - - [06/Aug/2020:09:34:04 +0800] "GET /xingrg/all/function/internal_message.html?_=1596677640117&CODE_STATE=getMsg HTTP/1.1" 200 27
172.17.0.185 - - [06/Aug/2020:09:34:05 +0800] "GET /xingrg/all/function/internal_message.html?_=1596677642522&CODE_STATE=getMsg HTTP/1.1" 200 27
117.185.32.26 - - [06/Aug/2020:09:34:05 +0800] "POST /xingrg/dwr/call/plaincall/AjaxQqpsService.getMaterielByCode.dwr HTTP/1.1" 200 2599
61.129.6.145 - - [06/Aug/2020:09:34:06 +0800] "GET /xingrg/all/function/internal_message.html?_=1596676904502&CODE_STATE=getMsg HTTP/1.1" 302 -
114.89.80.44 - - [06/Aug/2020:09:34:06 +0800] "GET /xingrg/kc/buy/cgsh_order_operate.html?command=get_materiel&rest_code=00151&code=00101008318&supplier_code=00100007&order_time=2020-08-06 HTTP/1.1" 200 408
61.172.5.115 - - [06/Aug/2020:09:34:07 +0800] "GET /xingrg/kc/buy/cgsh_order_operate.html?command=get_materiel&rest_code=00105&code=00101006115&supplier_code=00100013&order_time=2020-08-06 HTTP/1.1" 200 409
117.185.32.26 - - [06/Aug/2020:09:34:08 +0800] "POST /xingrg/dwr/call/plaincall/AjaxQqpsService.saveMaterielItem.dwr HTTP/1.1" 200 79
116.230.74.197 - - [06/Aug/2020:09:34:14 +0800] "GET /xingrg/all/function/internal_message.html?_=1596677645211&CODE_STATE=getMsg HTTP/1.1" 200 27
222.69.133.128 - - [06/Aug/2020:09:34:15 +0800] "POST /xingrg/services/DataTransmitService HTTP/1.1" 200 524
61.129.6.145 - - [06/Aug/2020:09:34:15 +0800] "GET /xingrg/login.html HTTP/1.1" 200 7641
222.69.133.128 - - [06/Aug/2020:09:34:15 +0800] "POST /xingrg/services/DataTransmitService HTTP/1.1" 200 501
61.172.5.115 - - [06/Aug/2020:09:34:19 +0800] "GET /xingrg/kc/buy/cgsh_order_operate.html?command=get_materiel&rest_code=00105&code=00101006129&supplier_code=00100013&order_time=2020-08-06 HTTP/1.1" 200 431
61.151.179.84 - - [06/Aug/2020:09:34:19 +0800] "GET /xingrg/all/function/internal_message.html?_=1596676964502&CODE_STATE=getMsg HTTP/1.1" 302 -
117.185.32.26 - - [06/Aug/2020:09:34:20 +0800] "POST /xingrg/dwr/call/plaincall/AjaxQqpsService.getMaterielByCode.dwr HTTP/1.1" 200 2621
114.89.80.44 - - [06/Aug/2020:09:34:21 +0800] "GET /xingrg/check_reg.html?_=1596677792355 HTTP/1.1" 200 22
114.89.80.44 - - [06/Aug/2020:09:34:22 +0800] "GET /xingrg/all/function/internal_message.html?_=1596677792588&CODE_STATE=getMsg HTTP/1.1" 200 27
117.185.32.26 - - [06/Aug/2020:09:34:22 +0800] "POST /xingrg/dwr/call/plaincall/AjaxQqpsService.saveMaterielItem.dwr HTTP/1.1" 200 79
117.185.32.26 - - [06/Aug/2020:09:34:25 +0800] "GET /xingrg/images/yd/bt2.gif HTTP/1.1" 404 1042
61.151.179.84 - - [06/Aug/2020:09:34:26 +0800] "GET /xingrg/login.html HTTP/1.1" 200 7641
117.185.32.26 - - [06/Aug/2020:09:34:29 +0800] "GET /xingrg/all/function/internal_message.html?_=1596677664379&CODE_STATE=getMsg HTTP/1.1" 200 27
114.88.161.57 - - [06/Aug/2020:09:34:29 +0800] "GET /xingrg/all/function/internal_message.html?_=1596677701976&CODE_STATE=getMsg HTTP/1.1" 200 27
61.172.5.115 - - [06/Aug/2020:09:34:29 +0800] "GET /xingrg/kc/buy/cgsh_order_operate.html?command=get_materiel&rest_code=00105&code=00101006109&supplier_code=00100013&order_time=2020-08-06 HTTP/1.1" 200 409
114.89.80.44 - - [06/Aug/2020:09:34:31 +0800] "GET /xingrg/kc/buy/cgsh_order_operate.html?command=get_materiel&rest_code=00151&code=00101008072&supplier_code=00100007&order_time=2020-08-06 HTTP/1.1" 200 408
114.88.161.57 - - [06/Aug/2020:09:34:31 +0800] "GET /xingrg/all/function/internal_message.html?_=1596677668191&CODE_STATE=getMsg HTTP/1.1" 200 27
114.89.80.44 - - [06/Aug/2020:09:34:34 +0800] "POST /xingrg/kc/buy/cgsh_order_operate.html HTTP/1.1" 200 2065
61.172.5.115 - - [06/Aug/2020:09:34:35 +0800] "GET /xingrg/kc/buy/cgsh_order_operate.html?command=get_materiel&rest_code=00105&code=00101010248&supplier_code=00100013&order_time=2020-08-06 HTTP/1.1" 200 430
61.172.5.115 - - [06/Aug/2020:09:34:36 +0800] "POST /xingrg/all/common/load_select.html HTTP/1.1" 200 25
61.172.5.115 - - [06/Aug/2020:09:34:38 +0800] "GET /xingrg/kc/buy/cgsh_order_operate.html?command=get_materiel_price&rest_code=00105&code=00101010248&unit_code=00100043&supplier_code=00100013&order_time=2020-08-06 HTTP/1.1" 200 29
180.175.214.200 - - [06/Aug/2020:09:34:38 +0800] "GET /xingrg/all/function/internal_message.html?_=1596677881652&CODE_STATE=getMsg HTTP/1.1" 200 27
114.84.32.201 - - [06/Aug/2020:09:34:41 +0800] "GET /xingrg/check_reg.html?_=1596677671618 HTTP/1.1" 200 22
114.84.32.201 - - [06/Aug/2020:09:34:41 +0800] "GET /xingrg/all/function/internal_message.html?_=1596677671619&CODE_STATE=getMsg HTTP/1.1" 200 27
61.172.5.115 - - [06/Aug/2020:09:34:42 +0800] "GET /xingrg/all/function/internal_message.html?_=1596677678926&CODE_STATE=getMsg HTTP/1.1" 200 27
61.172.5.115 - - [06/Aug/2020:09:34:42 +0800] "GET /xingrg/check_reg.html?_=1596677678927 HTTP/1.1" 200 22
117.184.7.26 - - [06/Aug/2020:09:34:45 +0800] "GET /xingrg/all/function/internal_message.html?_=1596677675019&CODE_STATE=getMsg HTTP/1.1" 200 27
172.17.200.101 - - [06/Aug/2020:09:34:45 +0800] "GET /xingrg/all/function/internal_message.html?_=1596677685354&CODE_STATE=getMsg HTTP/1.1" 200 27
172.17.0.100 - - [06/Aug/2020:09:34:45 +0800] "GET /xingrg/all/function/internal_message.html?_=1596677682481&CODE_STATE=getMsg HTTP/1.1" 200 27
222.69.133.128 - - [06/Aug/2020:09:34:48 +0800] "GET /xingrg/all/function/internal_message.html?_=1596677681610&CODE_STATE=getMsg HTTP/1.1" 200 27
222.70.173.120 - - [06/Aug/2020:09:34:50 +0800] "GET /xingrg/check_reg.html?_=1596677731561 HTTP/1.1" 200 22
114.89.80.44 - - [06/Aug/2020:09:34:50 +0800] "GET /xingrg/kc/buy/cgsh_order_operate.html?command=get_materiel&rest_code=00151&code=00101008087&supplier_code=00100007&order_time=2020-08-06 HTTP/1.1" 200 412
114.88.156.201 - - [06/Aug/2020:09:34:50 +0800] "GET /xingrg/all/function/internal_message.html?_=1596677684545&CODE_STATE=getMsg HTTP/1.1" 200 27
61.172.5.115 - - [06/Aug/2020:09:34:51 +0800] "GET /xingrg/kc/buy/cgsh_order_operate.html?command=get_materiel&rest_code=00105&code=00101006106&supplier_code=00100013&order_time=2020-08-06 HTTP/1.1" 200 421
120.253.135.82 - - [06/Aug/2020:09:34:55 +0800] "GET /xingrg/all/function/internal_message.html?_=1596677446658&CODE_STATE=getMsg HTTP/1.1" 200 27
61.172.5.115 - - [06/Aug/2020:09:34:58 +0800] "GET /xingrg/check_reg.html?_=1596677689417 HTTP/1.1" 200 22
61.172.5.115 - - [06/Aug/2020:09:34:58 +0800] "GET /xingrg/all/function/internal_message.html?_=1596677689420&CODE_STATE=getMsg HTTP/1.1" 200 27
114.89.80.44 - - [06/Aug/2020:09:34:59 +0800] "GET /xingrg/kc/buy/cgsh_order_operate.html?command=get_materiel&rest_code=00151&code=00101008286&supplier_code=00100007&order_time=2020-08-06 HTTP/1.1" 200 408
61.172.5.115 - - [06/Aug/2020:09:35:01 +0800] "GET /xingrg/kc/buy/cgsh_order_operate.html?command=get_materiel&rest_code=00105&code=00101006112&supplier_code=00100013&order_time=2020-08-06 HTTP/1.1" 200 409
114.89.80.44 - - [06/Aug/2020:09:35:04 +0800] "GET /xingrg/all/function/internal_message.html?_=1596677700133&CODE_STATE=getMsg HTTP/1.1" 200 27
172.17.0.185 - - [06/Aug/2020:09:35:05 +0800] "GET /xingrg/all/function/internal_message.html?_=1596677702529&CODE_STATE=getMsg HTTP/1.1" 200 27
114.89.80.44 - - [06/Aug/2020:09:35:06 +0800] "GET /xingrg/kc/buy/cgsh_order_operate.html?command=get_materiel&rest_code=00151&code=00101008353&supplier_code=00100007&order_time=2020-08-06 HTTP/1.1" 200 408
61.172.5.115 - - [06/Aug/2020:09:35:09 +0800] "GET /xingrg/kc/buy/cgsh_order_operate.html?command=get_materiel&rest_code=00105&code=00101010136&supplier_code=00100013&order_time=2020-08-06 HTTP/1.1" 200 408
116.230.74.197 - - [06/Aug/2020:09:35:14 +0800] "GET /xingrg/all/function/internal_message.html?_=1596677705190&CODE_STATE=getMsg HTTP/1.1" 200 27
61.172.5.115 - - [06/Aug/2020:09:35:18 +0800] "GET /xingrg/kc/buy/cgsh_order_operate.html?command=get_materiel&rest_code=00105&code=00101006133&supplier_code=00100013&order_time=2020-08-06 HTTP/1.1" 200 413
114.89.80.44 - - [06/Aug/2020:09:35:22 +0800] "GET /xingrg/all/function/internal_message.html?_=1596677852663&CODE_STATE=getMsg HTTP/1.1" 200 27
114.89.80.44 - - [06/Aug/2020:09:35:22 +0800] "GET /xingrg/kc/buy/cgsh_order_operate.html?command=get_materiel&rest_code=00151&code=00101008225&supplier_code=00100007&order_time=2020-08-06 HTTP/1.1" 200 416
114.89.80.44 - - [06/Aug/2020:09:35:25 +0800] "POST /xingrg/kc/buy/cgsh_order_operate.html HTTP/1.1" 200 2065
61.172.5.115 - - [06/Aug/2020:09:35:29 +0800] "POST /xingrg/kc/buy/cgsh_order_operate.html HTTP/1.1" 200 37
117.185.32.26 - - [06/Aug/2020:09:35:29 +0800] "GET /xingrg/all/function/internal_message.html?_=1596677724324&CODE_STATE=getMsg HTTP/1.1" 200 27
114.88.161.57 - - [06/Aug/2020:09:35:29 +0800] "GET /xingrg/all/function/internal_message.html?_=1596677761971&CODE_STATE=getMsg HTTP/1.1" 200 27
61.172.5.115 - - [06/Aug/2020:09:35:30 +0800] "POST /xingrg/kc/buy/cgsh_order_operate.html HTTP/1.1" 200 8007
61.172.5.115 - - [06/Aug/2020:09:35:31 +0800] "GET /xingrg/kc/print/load_data.html?order_code=212020080602126&kc_code=cgsh&condition= HTTP/1.1" 200 2779
114.88.161.57 - - [06/Aug/2020:09:35:31 +0800] "GET /xingrg/all/function/internal_message.html?_=1596677728204&CODE_STATE=getMsg HTTP/1.1" 200 27
114.89.80.44 - - [06/Aug/2020:09:35:36 +0800] "GET /xingrg/kc/buy/cgsh_order_operate.html?command=get_materiel&rest_code=00151&code=00101008088&supplier_code=00100007&order_time=2020-08-06 HTTP/1.1" 200 408
180.175.214.200 - - [06/Aug/2020:09:35:39 +0800] "GET /xingrg/all/function/internal_message.html?_=1596677941895&CODE_STATE=getMsg HTTP/1.1" 200 27
114.84.32.201 - - [06/Aug/2020:09:35:41 +0800] "GET /xingrg/all/function/internal_message.html?_=1596677731617&CODE_STATE=getMsg HTTP/1.1" 200 27
61.172.5.115 - - [06/Aug/2020:09:35:42 +0800] "GET /xingrg/all/function/internal_message.html?_=1596677738887&CODE_STATE=getMsg HTTP/1.1" 200 27
114.89.80.44 - - [06/Aug/2020:09:35:43 +0800] "GET /xingrg/kc/buy/cgsh_order_operate.html?command=get_materiel&rest_code=00151&code=00101008091&supplier_code=00100007&order_time=2020-08-06 HTTP/1.1" 200 412
117.184.7.26 - - [06/Aug/2020:09:35:45 +0800] "GET /xingrg/all/function/internal_message.html?_=1596677735005&CODE_STATE=getMsg HTTP/1.1" 200 27
172.17.200.101 - - [06/Aug/2020:09:35:45 +0800] "GET /xingrg/all/function/internal_message.html?_=1596677745354&CODE_STATE=getMsg HTTP/1.1" 200 27
172.17.0.100 - - [06/Aug/2020:09:35:45 +0800] "GET /xingrg/all/function/internal_message.html?_=1596677742495&CODE_STATE=getMsg HTTP/1.1" 200 27
222.69.133.128 - - [06/Aug/2020:09:35:48 +0800] "GET /xingrg/all/function/internal_message.html?_=1596677741610&CODE_STATE=getMsg HTTP/1.1" 200 27
114.89.80.44 - - [06/Aug/2020:09:35:50 +0800] "GET /xingrg/kc/buy/cgsh_order_operate.html?command=get_materiel&rest_code=00151&code=00101008065&supplier_code=00100007&order_time=2020-08-06 HTTP/1.1" 200 412
114.88.156.201 - - [06/Aug/2020:09:35:50 +0800] "GET /xingrg/all/function/internal_message.html?_=1596677744545&CODE_STATE=getMsg HTTP/1.1" 200 27
120.253.135.82 - - [06/Aug/2020:09:35:55 +0800] "GET /xingrg/all/function/internal_message.html?_=1596677506698&CODE_STATE=getMsg HTTP/1.1" 200 27
120.204.17.71 - - [06/Aug/2020:09:35:57 +0800] "GET /xingrg/all/function/internal_message.html?_=1596677064297&CODE_STATE=getMsg HTTP/1.1" 302 -
61.172.5.115 - - [06/Aug/2020:09:35:58 +0800] "GET /xingrg/all/function/internal_message.html?_=1596677749419&CODE_STATE=getMsg HTTP/1.1" 200 27
114.89.80.44 - - [06/Aug/2020:09:36:04 +0800] "GET /xingrg/check_reg.html?_=1596677760131 HTTP/1.1" 200 22
114.89.80.44 - - [06/Aug/2020:09:36:04 +0800] "GET /xingrg/all/function/internal_message.html?_=1596677760132&CODE_STATE=getMsg HTTP/1.1" 200 27
120.204.17.71 - - [06/Aug/2020:09:36:04 +0800] "GET /xingrg/login.html HTTP/1.1" 200 7641
172.17.0.185 - - [06/Aug/2020:09:36:05 +0800] "GET /xingrg/all/function/internal_message.html?_=1596677762532&CODE_STATE=getMsg HTTP/1.1" 200 27
117.185.32.26 - - [06/Aug/2020:09:36:13 +0800] "POST /xingrg/dwr/call/plaincall/AjaxQqpsService.checkOrder.dwr HTTP/1.1" 200 79
117.185.32.26 - - [06/Aug/2020:09:36:13 +0800] "GET /xingrg/kc/mdqp/qqps_order_info.html?code=302020080600113 HTTP/1.1" 200 26567
117.185.32.26 - - [06/Aug/2020:09:36:14 +0800] "GET /xingrg/dwr/engine.js HTTP/1.1" 200 43631
117.185.32.26 - - [06/Aug/2020:09:36:14 +0800] "GET /xingrg/dwr/interface/AjaxComOrderService.js HTTP/1.1" 200 18264
117.185.32.26 - - [06/Aug/2020:09:36:14 +0800] "GET /xingrg/dwr/interface/AjaxQqpsService.js HTTP/1.1" 200 16326
116.230.74.197 - - [06/Aug/2020:09:36:14 +0800] "GET /xingrg/all/function/internal_message.html?_=1596677765184&CODE_STATE=getMsg HTTP/1.1" 200 27
117.185.32.26 - - [06/Aug/2020:09:36:15 +0800] "POST /xingrg/dwr/call/plaincall/AjaxQqpsService.loadMaterielItems.dwr HTTP/1.1" 200 5137
114.89.80.44 - - [06/Aug/2020:09:36:15 +0800] "GET /xingrg/kc/buy/cgsh_order_operate.html?command=get_materiel&rest_code=00151&code=00101008256&supplier_code=00100007&order_time=2020-08-06 HTTP/1.1" 200 412
116.232.53.2 - - [06/Aug/2020:09:36:16 +0800] "GET /xingrg/login.html HTTP/1.1" 200 7641
116.232.53.2 - - [06/Aug/2020:09:36:16 +0800] "GET /favicon.ico HTTP/1.1" 404 -
116.232.53.2 - - [06/Aug/2020:09:36:20 +0800] "POST /xingrg/login.do HTTP/1.1" 302 -
116.232.53.2 - - [06/Aug/2020:09:36:20 +0800] "GET /xingrg/index.html?sysBaseUrl=http%3A%2F%2F180.169.147.146%3A18081%2Fxingrg%2F&costTime=51×tamp=1596677780488 HTTP/1.1" 200 17173
116.232.53.2 - - [06/Aug/2020:09:36:20 +0800] "POST /xingrg/all/common/load_tree.html?tree=area_rest_tree_json&manage=1 HTTP/1.1" 200 342
116.232.53.2 - - [06/Aug/2020:09:36:20 +0800] "POST /xingrg/load_menu.html HTTP/1.1" 200 5138
116.232.53.2 - - [06/Aug/2020:09:36:20 +0800] "GET /xingrg/all/function/internal_message.html?_=1596677848368&CODE_STATE=count HTTP/1.1" 200 11
116.232.53.2 - - [06/Aug/2020:09:36:20 +0800] "GET /xingrg/check_reg.html?_=1596677848369 HTTP/1.1" 200 22
114.89.80.44 - - [06/Aug/2020:09:36:22 +0800] "GET /xingrg/all/function/internal_message.html?_=1596677912678&CODE_STATE=getMsg HTTP/1.1" 200 27
116.232.53.2 - - [06/Aug/2020:09:36:22 +0800] "GET /xingrg/kc/buy/buy_main.html HTTP/1.1" 200 12412
116.232.53.2 - - [06/Aug/2020:09:36:22 +0800] "GET /xingrg/css/new_ie.css HTTP/1.1" 404 1036
116.232.53.2 - - [06/Aug/2020:09:36:23 +0800] "GET /xingrg/kc/buy/cgsh_order_list.html HTTP/1.1" 200 43641
114.89.80.44 - - [06/Aug/2020:09:36:29 +0800] "POST /xingrg/kc/buy/cgsh_order_operate.html HTTP/1.1" 200 2065
117.185.32.26 - - [06/Aug/2020:09:36:29 +0800] "GET /xingrg/check_reg.html?_=1596677784343 HTTP/1.1" 200 22
117.185.32.26 - - [06/Aug/2020:09:36:29 +0800] "GET /xingrg/all/function/internal_message.html?_=1596677784346&CODE_STATE=getMsg HTTP/1.1" 200 27
114.88.161.57 - - [06/Aug/2020:09:36:29 +0800] "GET /xingrg/all/function/internal_message.html?_=1596677821970&CODE_STATE=getMsg HTTP/1.1" 200 27
114.88.161.57 - - [06/Aug/2020:09:36:31 +0800] "GET /xingrg/all/function/internal_message.html?_=1596677788234&CODE_STATE=getMsg HTTP/1.1" 200 27
114.89.80.44 - - [06/Aug/2020:09:36:34 +0800] "GET /xingrg/kc/buy/cgsh_order_operate.html?command=get_materiel&rest_code=00151&code=00101015038&supplier_code=00100007&order_time=2020-08-06 HTTP/1.1" 200 419
