180.175.214.200 - - [06/Aug/2020:10:46:42 +0800] "POST /xingrg/kc/buy/cgsh_order_operate.html HTTP/1.1" 200 37
180.171.243.240 - - [06/Aug/2020:10:46:43 +0800] "GET /xingrg/all/function/internal_message.html?_=1596681994984&CODE_STATE=getMsg HTTP/1.1" 302 -
61.172.5.115 - - [06/Aug/2020:10:46:44 +0800] "GET /xingrg/kc/base/wldb_order_operate.html?command=get_materiel&rest_code=00105&base_code=0010508&code=00102002439 HTTP/1.1" 200 458
180.175.214.200 - - [06/Aug/2020:10:46:45 +0800] "GET /xingrg/all/function/internal_message.html?_=1596682208198&CODE_STATE=getMsg HTTP/1.1" 200 27
117.184.7.26 - - [06/Aug/2020:10:46:45 +0800] "GET /xingrg/check_reg.html?_=1596681995162 HTTP/1.1" 200 22
117.185.32.26 - - [06/Aug/2020:10:46:45 +0800] "GET /xingrg/all/function/internal_message.html?_=1596682000638&CODE_STATE=getMsg HTTP/1.1" 200 27
117.185.32.26 - - [06/Aug/2020:10:46:45 +0800] "GET /xingrg/check_reg.html?_=1596682000637 HTTP/1.1" 200 22
114.88.161.57 - - [06/Aug/2020:10:46:46 +0800] "POST /xingrg/kc/buy/cgsh_list_operate.html HTTP/1.1" 200 5208
172.17.0.100 - - [06/Aug/2020:10:46:46 +0800] "GET /xingrg/check_reg.html?_=1596682002842 HTTP/1.1" 200 22
172.17.0.100 - - [06/Aug/2020:10:46:46 +0800] "GET /xingrg/all/function/internal_message.html?_=1596682002843&CODE_STATE=getMsg HTTP/1.1" 200 27
117.184.7.26 - - [06/Aug/2020:10:46:46 +0800] "GET /xingrg/all/function/internal_message.html?_=1596681995820&CODE_STATE=getMsg HTTP/1.1" 200 27
117.184.7.26 - - [06/Aug/2020:10:46:46 +0800] "GET /xingrg/kc/base/wldb_order_operate.html?command=get_materiel&rest_code=00108&base_code=0010539&code=00102021018 HTTP/1.1" 200 445
114.88.161.57 - - [06/Aug/2020:10:46:47 +0800] "GET /xingrg/check_reg.html?_=1596682004228 HTTP/1.1" 200 22
180.175.214.200 - - [06/Aug/2020:10:46:48 +0800] "POST /xingrg/kc/buy/cgsh_order_operate.html HTTP/1.1" 200 12
222.69.133.128 - - [06/Aug/2020:10:46:48 +0800] "GET /xingrg/check_reg.html?_=1596682001728 HTTP/1.1" 200 22
222.69.133.128 - - [06/Aug/2020:10:46:48 +0800] "GET /xingrg/all/function/internal_message.html?_=1596682001732&CODE_STATE=getMsg HTTP/1.1" 200 27
61.172.5.115 - - [06/Aug/2020:10:46:50 +0800] "GET /xingrg/all/function/internal_message.html?_=1596682007094&CODE_STATE=getMsg HTTP/1.1" 200 27
114.88.156.201 - - [06/Aug/2020:10:46:51 +0800] "GET /xingrg/check_reg.html?_=1596682004738 HTTP/1.1" 200 22
114.88.156.201 - - [06/Aug/2020:10:46:51 +0800] "GET /xingrg/all/function/internal_message.html?_=1596682004740&CODE_STATE=getMsg HTTP/1.1" 200 27
61.172.5.115 - - [06/Aug/2020:10:46:51 +0800] "GET /xingrg/kc/base/wldb_order_operate.html?command=get_materiel&rest_code=00105&base_code=0010508&code=00102002026 HTTP/1.1" 200 434
117.184.7.26 - - [06/Aug/2020:10:46:53 +0800] "POST /xingrg/kc/base/wldb_order_operate.html HTTP/1.1" 200 37
117.184.7.26 - - [06/Aug/2020:10:46:54 +0800] "POST /xingrg/kc/base/wldb_order_operate.html HTTP/1.1" 200 5097
61.172.5.115 - - [06/Aug/2020:10:46:55 +0800] "POST /xingrg/kc/base/wldb_order_operate.html HTTP/1.1" 200 37
117.184.7.26 - - [06/Aug/2020:10:46:55 +0800] "GET /xingrg/kc/base/wldb_order_info.html?code=422020080600565 HTTP/1.1" 200 30376
61.172.5.115 - - [06/Aug/2020:10:46:55 +0800] "POST /xingrg/kc/base/wldb_order_operate.html HTTP/1.1" 200 5092
61.172.5.115 - - [06/Aug/2020:10:46:56 +0800] "GET /xingrg/kc/base/wldb_order_info.html?code=422020080600566 HTTP/1.1" 200 30382
61.172.5.115 - - [06/Aug/2020:10:46:56 +0800] "GET /xingrg/javascript/easyui/themes/default/validatebox.css HTTP/1.1" 404 1104
117.184.7.26 - - [06/Aug/2020:10:46:56 +0800] "POST /xingrg/kc/base/wldb_order_operate.html HTTP/1.1" 200 5097
61.172.5.115 - - [06/Aug/2020:10:46:56 +0800] "POST /xingrg/kc/base/wldb_order_operate.html HTTP/1.1" 200 5092
117.184.7.26 - - [06/Aug/2020:10:46:56 +0800] "GET /xingrg/javascript/easyui/themes/default/validatebox.css HTTP/1.1" 404 1104
180.175.214.200 - - [06/Aug/2020:10:46:57 +0800] "GET /xingrg/kc/buy/cgsh_order_info.html?code=212020080602207 HTTP/1.1" 200 54204
117.184.7.26 - - [06/Aug/2020:10:46:57 +0800] "GET /xingrg/kc/base/wldb_order_add.html HTTP/1.1" 200 30363
180.175.214.200 - - [06/Aug/2020:10:46:57 +0800] "GET /xingrg/javascript/easyui/themes/default/validatebox.css HTTP/1.1" 404 1104
180.175.214.200 - - [06/Aug/2020:10:46:57 +0800] "POST /xingrg/kc/buy/cgsh_order_operate.html HTTP/1.1" 200 610
117.184.7.26 - - [06/Aug/2020:10:46:58 +0800] "POST /xingrg/kc/base/wldb_order_operate.html HTTP/1.1" 200 6806
117.184.7.26 - - [06/Aug/2020:10:46:58 +0800] "GET /xingrg/javascript/easyui/themes/default/validatebox.css HTTP/1.1" 404 1104
114.88.161.57 - - [06/Aug/2020:10:46:58 +0800] "POST /xingrg/kc/buy/cgsh_list_operate.html HTTP/1.1" 200 8799
61.172.5.115 - - [06/Aug/2020:10:46:58 +0800] "GET /xingrg/all/function/internal_message.html?_=1596682009520&CODE_STATE=getMsg HTTP/1.1" 200 27
114.88.161.57 - - [06/Aug/2020:10:47:00 +0800] "POST /xingrg/kc/buy/cgsh_list_operate.html HTTP/1.1" 200 495
114.88.161.57 - - [06/Aug/2020:10:47:01 +0800] "GET /xingrg/kc/buy/cgsh_order_info.html?code=212020080602178 HTTP/1.1" 200 59392
114.88.161.57 - - [06/Aug/2020:10:47:01 +0800] "GET /xingrg/all/common/auto_word.html?type=employee&rest_code=00111 HTTP/1.1" 200 205
114.88.161.57 - - [06/Aug/2020:10:47:01 +0800] "GET /xingrg/all/common/auto_word.html?type=employee&rest_code=00111 HTTP/1.1" 200 205
114.88.161.57 - - [06/Aug/2020:10:47:01 +0800] "GET /xingrg/javascript/easyui/themes/default/validatebox.css HTTP/1.1" 404 1104
114.88.161.57 - - [06/Aug/2020:10:47:01 +0800] "POST /xingrg/kc/buy/cgsh_order_operate.html HTTP/1.1" 200 5031
114.88.161.57 - - [06/Aug/2020:10:47:04 +0800] "GET /xingrg/javascript/auto/indicator.gif HTTP/1.1" 404 1066
117.184.7.26 - - [06/Aug/2020:10:47:04 +0800] "GET /xingrg/kc/base/wldb_order_operate.html?command=get_materiel&rest_code=00108&base_code=0010539&code=00102002258 HTTP/1.1" 200 433
172.17.0.185 - - [06/Aug/2020:10:47:05 +0800] "GET /xingrg/all/function/internal_message.html?_=1596682022525&CODE_STATE=getMsg HTTP/1.1" 200 27
172.17.0.185 - - [06/Aug/2020:10:47:05 +0800] "GET /xingrg/check_reg.html?_=1596682022529 HTTP/1.1" 200 22
172.17.0.120 - - [06/Aug/2020:10:47:07 +0800] "GET /xingrg/all/function/internal_message.html?_=1596682024619&CODE_STATE=getMsg HTTP/1.1" 200 27
114.88.161.57 - - [06/Aug/2020:10:47:07 +0800] "POST /xingrg/kc/buy/cgsh_order_operate.html HTTP/1.1" 200 37
114.88.161.57 - - [06/Aug/2020:10:47:08 +0800] "POST /xingrg/kc/buy/cgsh_order_operate.html HTTP/1.1" 200 5028
117.184.7.26 - - [06/Aug/2020:10:47:08 +0800] "POST /xingrg/kc/base/wldb_order_operate.html HTTP/1.1" 200 37
117.184.7.26 - - [06/Aug/2020:10:47:08 +0800] "POST /xingrg/kc/base/wldb_order_operate.html HTTP/1.1" 200 2191
117.184.7.26 - - [06/Aug/2020:10:47:09 +0800] "GET /xingrg/kc/base/wldb_order_info.html?code=422020080600567 HTTP/1.1" 200 30380
117.184.7.26 - - [06/Aug/2020:10:47:10 +0800] "POST /xingrg/kc/base/wldb_order_operate.html HTTP/1.1" 200 2191
117.184.7.26 - - [06/Aug/2020:10:47:10 +0800] "GET /xingrg/javascript/easyui/themes/default/validatebox.css HTTP/1.1" 404 1104
180.157.251.101 - - [06/Aug/2020:10:47:10 +0800] "GET /xingrg/login.html HTTP/1.1" 200 7641
117.184.7.26 - - [06/Aug/2020:10:47:11 +0800] "GET /xingrg/kc/base/wldb_order_add.html HTTP/1.1" 200 30363
180.157.251.101 - - [06/Aug/2020:10:47:11 +0800] "GET /favicon.ico HTTP/1.1" 404 -
117.184.7.26 - - [06/Aug/2020:10:47:11 +0800] "POST /xingrg/kc/base/wldb_order_operate.html HTTP/1.1" 200 6806
117.184.7.26 - - [06/Aug/2020:10:47:12 +0800] "GET /xingrg/javascript/easyui/themes/default/validatebox.css HTTP/1.1" 404 1104
117.184.7.26 - - [06/Aug/2020:10:47:12 +0800] "GET /xingrg/all/function/internal_message.html?_=1596682022557&CODE_STATE=getMsg HTTP/1.1" 200 27
101.93.221.5 - - [06/Aug/2020:10:47:12 +0800] "POST /xingrg/services/DataTransmitService HTTP/1.1" 200 524
101.93.221.5 - - [06/Aug/2020:10:47:13 +0800] "POST /xingrg/services/DataTransmitService HTTP/1.1" 200 501
116.230.74.197 - - [06/Aug/2020:10:47:13 +0800] "GET /xingrg/all/function/internal_message.html?_=1596682024246&CODE_STATE=getMsg HTTP/1.1" 200 27
180.157.251.101 - - [06/Aug/2020:10:47:15 +0800] "POST /xingrg/login.do HTTP/1.1" 302 -
180.157.251.101 - - [06/Aug/2020:10:47:15 +0800] "GET /xingrg/index.html?sysBaseUrl=http%3A%2F%2F180.169.147.146%3A18081%2Fxingrg%2F&costTime=39×tamp=1596682035176 HTTP/1.1" 200 17179
180.157.251.101 - - [06/Aug/2020:10:47:15 +0800] "GET /favicon.ico HTTP/1.1" 404 -
180.157.251.101 - - [06/Aug/2020:10:47:15 +0800] "POST /xingrg/all/common/load_tree.html?tree=area_rest_tree_json&manage=1 HTTP/1.1" 200 351
180.157.251.101 - - [06/Aug/2020:10:47:15 +0800] "GET /xingrg/all/function/internal_message.html?_=1596682036704&CODE_STATE=count HTTP/1.1" 200 11
180.157.251.101 - - [06/Aug/2020:10:47:15 +0800] "GET /xingrg/check_reg.html?_=1596682036706 HTTP/1.1" 200 22
180.157.251.101 - - [06/Aug/2020:10:47:15 +0800] "POST /xingrg/load_menu.html HTTP/1.1" 200 5138
116.232.53.2 - - [06/Aug/2020:10:47:17 +0800] "GET /xingrg/check_reg.html?_=1596682101705 HTTP/1.1" 200 22
116.232.53.2 - - [06/Aug/2020:10:47:17 +0800] "GET /xingrg/all/function/internal_message.html?_=1596682101705&CODE_STATE=getMsg HTTP/1.1" 200 27
180.157.251.101 - - [06/Aug/2020:10:47:17 +0800] "GET /xingrg/kc/buy/cgsh_order_list.html HTTP/1.1" 200 43647
180.157.251.101 - - [06/Aug/2020:10:47:19 +0800] "POST /xingrg/kc/buy/cgsh_list_operate.html HTTP/1.1" 200 876
180.157.251.101 - - [06/Aug/2020:10:47:20 +0800] "GET /xingrg/kc/buy/cgsh_order_add.html HTTP/1.1" 200 59385
180.157.251.101 - - [06/Aug/2020:10:47:20 +0800] "GET /xingrg/words/20200805143817_words.js HTTP/1.1" 200 755940
180.157.251.101 - - [06/Aug/2020:10:47:21 +0800] "POST /xingrg/kc/buy/cgsh_order_operate.html HTTP/1.1" 200 8245
180.157.251.101 - - [06/Aug/2020:10:47:21 +0800] "GET /xingrg/all/common/auto_word.html?type=employee&rest_code=00148 HTTP/1.1" 200 147
180.157.251.101 - - [06/Aug/2020:10:47:21 +0800] "GET /xingrg/all/common/auto_word.html?type=employee&rest_code=00148 HTTP/1.1" 200 147
180.157.251.101 - - [06/Aug/2020:10:47:21 +0800] "GET /xingrg/javascript/easyui/themes/default/validatebox.css HTTP/1.1" 404 1104
180.157.251.101 - - [06/Aug/2020:10:47:22 +0800] "GET /xingrg/javascript/auto/indicator.gif HTTP/1.1" 404 1066
117.184.7.26 - - [06/Aug/2020:10:47:23 +0800] "GET /xingrg/kc/base/wldb_order_operate.html?command=get_materiel&rest_code=00108&base_code=0010539&code=00102002029 HTTP/1.1" 200 454
114.88.161.57 - - [06/Aug/2020:10:47:26 +0800] "GET /xingrg/all/function/internal_message.html?_=1596682078891&CODE_STATE=getMsg HTTP/1.1" 200 27
180.157.251.101 - - [06/Aug/2020:10:47:28 +0800] "GET /xingrg/kc/buy/cgsh_order_operate.html?command=get_materiel&rest_code=00148&code=00101007162&supplier_code=00100347&order_time=2020-08-06 HTTP/1.1" 200 403
180.175.214.200 - - [06/Aug/2020:10:47:32 +0800] "GET /xingrg/all/function/internal_message.html?_=1596682050198&CODE_STATE=getMsg HTTP/1.1" 200 27
172.17.0.123 - - [06/Aug/2020:10:47:33 +0800] "GET /xingrg/all/function/internal_message.html?_=1596681977200&CODE_STATE=getMsg HTTP/1.1" 200 27
114.88.161.57 - - [06/Aug/2020:10:47:33 +0800] "GET /xingrg/all/function/internal_message.html?_=1596682049837&CODE_STATE=getMsg HTTP/1.1" 200 27
117.184.7.26 - - [06/Aug/2020:10:47:34 +0800] "GET /xingrg/kc/base/wldb_order_operate.html?command=get_materiel&rest_code=00108&base_code=0010539&code=00102002106 HTTP/1.1" 200 442
180.175.214.200 - - [06/Aug/2020:10:47:36 +0800] "GET /xingrg/kc/print/load_data.html?order_code=212020080602207&kc_code=cgsh&condition= HTTP/1.1" 200 768
114.89.80.44 - - [06/Aug/2020:10:47:40 +0800] "GET /xingrg/all/function/internal_message.html?_=1596682055780&CODE_STATE=getMsg HTTP/1.1" 200 27
172.17.200.101 - - [06/Aug/2020:10:47:40 +0800] "GET /xingrg/all/function/internal_message.html?_=1596682060699&CODE_STATE=getMsg HTTP/1.1" 200 27
180.175.214.200 - - [06/Aug/2020:10:47:40 +0800] "GET /xingrg/check_reg.html?_=1596682263549 HTTP/1.1" 200 22
117.184.7.26 - - [06/Aug/2020:10:47:40 +0800] "GET /xingrg/kc/base/wldb_order_operate.html?command=get_materiel&rest_code=00108&base_code=0010539&code=00102002104 HTTP/1.1" 200 466
114.84.32.201 - - [06/Aug/2020:10:47:41 +0800] "GET /xingrg/all/function/internal_message.html?_=1596682051700&CODE_STATE=getMsg HTTP/1.1" 200 27
180.171.243.240 - - [06/Aug/2020:10:47:43 +0800] "GET /xingrg/all/function/internal_message.html?_=1596682054993&CODE_STATE=getMsg HTTP/1.1" 302 -
101.227.139.171 - - [06/Aug/2020:10:47:44 +0800] "GET /xingrg/all/function/internal_message.html?_=1596681344703&CODE_STATE=getMsg HTTP/1.1" 302 -
180.175.214.200 - - [06/Aug/2020:10:47:45 +0800] "GET /xingrg/all/function/internal_message.html?_=1596682268212&CODE_STATE=getMsg HTTP/1.1" 200 27
117.185.32.26 - - [06/Aug/2020:10:47:45 +0800] "GET /xingrg/all/function/internal_message.html?_=1596682060621&CODE_STATE=getMsg HTTP/1.1" 200 27
172.17.0.100 - - [06/Aug/2020:10:47:46 +0800] "GET /xingrg/all/function/internal_message.html?_=1596682062841&CODE_STATE=getMsg HTTP/1.1" 200 27
117.184.7.26 - - [06/Aug/2020:10:47:46 +0800] "GET /xingrg/all/function/internal_message.html?_=1596682055807&CODE_STATE=getMsg HTTP/1.1" 200 27
222.69.133.128 - - [06/Aug/2020:10:47:48 +0800] "GET /xingrg/all/function/internal_message.html?_=1596682061718&CODE_STATE=getMsg HTTP/1.1" 200 27
180.157.251.101 - - [06/Aug/2020:10:47:49 +0800] "GET /xingrg/kc/buy/cgsh_order_operate.html?command=get_materiel&rest_code=00148&code=00101001060&supplier_code=00100347&order_time=2020-08-06 HTTP/1.1" 200 421
180.175.214.200 - - [06/Aug/2020:10:47:50 +0800] "GET /xingrg/kc/buy/cgsh_order_add.html HTTP/1.1" 200 59297
61.172.5.115 - - [06/Aug/2020:10:47:50 +0800] "GET /xingrg/all/function/internal_message.html?_=1596682067131&CODE_STATE=getMsg HTTP/1.1" 200 27
114.88.156.201 - - [06/Aug/2020:10:47:51 +0800] "GET /xingrg/all/function/internal_message.html?_=1596682064738&CODE_STATE=getMsg HTTP/1.1" 200 27
180.175.214.200 - - [06/Aug/2020:10:47:51 +0800] "POST /xingrg/kc/buy/cgsh_order_operate.html HTTP/1.1" 200 8245
180.175.214.200 - - [06/Aug/2020:10:47:51 +0800] "GET /xingrg/javascript/easyui/themes/default/validatebox.css HTTP/1.1" 404 1104
101.227.139.171 - - [06/Aug/2020:10:47:52 +0800] "GET /xingrg/login.html HTTP/1.1" 200 7641
117.184.7.26 - - [06/Aug/2020:10:47:52 +0800] "GET /xingrg/kc/base/wldb_order_operate.html?command=get_materiel&rest_code=00108&base_code=0010539&code=00102015006 HTTP/1.1" 200 440
180.175.214.200 - - [06/Aug/2020:10:47:57 +0800] "GET /xingrg/kc/buy/cgsh_order_operate.html?command=get_materiel&rest_code=00102&code=00101004046&supplier_code=00100312&order_time=2020-08-04 HTTP/1.1" 200 419
114.88.161.57 - - [06/Aug/2020:10:47:57 +0800] "GET /xingrg/kc/buy/cgsh_order_list.html HTTP/1.1" 200 43641
61.172.5.115 - - [06/Aug/2020:10:47:58 +0800] "GET /xingrg/all/function/internal_message.html?_=1596682069520&CODE_STATE=getMsg HTTP/1.1" 200 27
180.175.214.200 - - [06/Aug/2020:10:48:04 +0800] "POST /xingrg/kc/buy/cgsh_order_operate.html HTTP/1.1" 200 37
180.157.251.101 - - [06/Aug/2020:10:48:04 +0800] "GET /xingrg/kc/buy/cgsh_order_operate.html?command=get_materiel&rest_code=00148&code=00101003004&supplier_code=00100347&order_time=2020-08-06 HTTP/1.1" 200 420
172.17.0.185 - - [06/Aug/2020:10:48:05 +0800] "GET /xingrg/all/function/internal_message.html?_=1596682082533&CODE_STATE=getMsg HTTP/1.1" 200 27
180.175.214.200 - - [06/Aug/2020:10:48:06 +0800] "POST /xingrg/kc/buy/cgsh_order_operate.html HTTP/1.1" 200 12
180.175.214.200 - - [06/Aug/2020:10:48:06 +0800] "GET /xingrg/kc/buy/cgsh_order_info.html?code=212020080602208 HTTP/1.1" 200 54204
180.175.214.200 - - [06/Aug/2020:10:48:07 +0800] "GET /xingrg/javascript/easyui/themes/default/validatebox.css HTTP/1.1" 404 1104
172.17.0.120 - - [06/Aug/2020:10:48:07 +0800] "GET /xingrg/all/function/internal_message.html?_=1596682084622&CODE_STATE=getMsg HTTP/1.1" 200 27
172.17.0.120 - - [06/Aug/2020:10:48:07 +0800] "GET /xingrg/check_reg.html?_=1596682084627 HTTP/1.1" 200 22
180.175.214.200 - - [06/Aug/2020:10:48:07 +0800] "POST /xingrg/kc/buy/cgsh_order_operate.html HTTP/1.1" 200 616
180.175.214.200 - - [06/Aug/2020:10:48:08 +0800] "GET /xingrg/kc/print/load_data.html?order_code=212020080602208&kc_code=cgsh&condition= HTTP/1.1" 200 706
114.88.161.57 - - [06/Aug/2020:10:48:09 +0800] "POST /xingrg/kc/buy/cgsh_list_operate.html HTTP/1.1" 200 8799
117.184.7.26 - - [06/Aug/2020:10:48:10 +0800] "GET /xingrg/kc/base/wldb_order_operate.html?command=get_materiel&rest_code=00108&base_code=0010539&code=00102001105 HTTP/1.1" 200 432
180.175.214.200 - - [06/Aug/2020:10:48:11 +0800] "GET /xingrg/kc/buy/cgsh_order_add.html HTTP/1.1" 200 59297
116.232.53.2 - - [06/Aug/2020:10:48:11 +0800] "GET /xingrg/kc/buy/cgsh_order_operate.html?command=get_materiel&rest_code=00109&code=00101010248&supplier_code=00100015&order_time=2020-08-06 HTTP/1.1" 200 430
117.184.7.26 - - [06/Aug/2020:10:48:12 +0800] "GET /xingrg/all/function/internal_message.html?_=1596682082572&CODE_STATE=getMsg HTTP/1.1" 200 27
180.175.214.200 - - [06/Aug/2020:10:48:12 +0800] "POST /xingrg/kc/buy/cgsh_order_operate.html HTTP/1.1" 200 8245
180.175.214.200 - - [06/Aug/2020:10:48:12 +0800] "GET /xingrg/javascript/easyui/themes/default/validatebox.css HTTP/1.1" 404 1104
116.230.74.197 - - [06/Aug/2020:10:48:13 +0800] "GET /xingrg/all/function/internal_message.html?_=1596682084226&CODE_STATE=getMsg HTTP/1.1" 200 27
116.230.74.197 - - [06/Aug/2020:10:48:13 +0800] "GET /xingrg/check_reg.html?_=1596682084248 HTTP/1.1" 200 22
117.184.7.26 - - [06/Aug/2020:10:48:14 +0800] "POST /xingrg/kc/base/wldb_order_operate.html HTTP/1.1" 200 37
117.184.7.26 - - [06/Aug/2020:10:48:14 +0800] "POST /xingrg/kc/base/wldb_order_operate.html HTTP/1.1" 200 3669
117.184.7.26 - - [06/Aug/2020:10:48:15 +0800] "GET /xingrg/kc/base/wldb_order_info.html?code=422020080600568 HTTP/1.1" 200 30378
116.232.53.2 - - [06/Aug/2020:10:48:16 +0800] "GET /xingrg/all/function/internal_message.html?_=1596682161712&CODE_STATE=getMsg HTTP/1.1" 200 27
117.184.7.26 - - [06/Aug/2020:10:48:16 +0800] "POST /xingrg/kc/base/wldb_order_operate.html HTTP/1.1" 200 3669
117.184.7.26 - - [06/Aug/2020:10:48:16 +0800] "GET /xingrg/javascript/easyui/themes/default/validatebox.css HTTP/1.1" 404 1104
180.157.251.101 - - [06/Aug/2020:10:48:17 +0800] "POST /xingrg/kc/buy/cgsh_order_operate.html HTTP/1.1" 200 37
117.184.7.26 - - [06/Aug/2020:10:48:18 +0800] "POST /xingrg/kc/base/wldb_list_operate.html HTTP/1.1" 200 2543
180.175.214.200 - - [06/Aug/2020:10:48:19 +0800] "GET /xingrg/kc/buy/cgsh_order_operate.html?command=get_materiel&rest_code=00102&code=00101004061&supplier_code=00100317&order_time=2020-08-04 HTTP/1.1" 200 409
180.157.251.101 - - [06/Aug/2020:10:48:19 +0800] "POST /xingrg/kc/buy/cgsh_order_operate.html HTTP/1.1" 200 12
180.157.251.101 - - [06/Aug/2020:10:48:20 +0800] "GET /xingrg/kc/buy/cgsh_order_info.html?code=212020080602209 HTTP/1.1" 200 54280
180.157.251.101 - - [06/Aug/2020:10:48:21 +0800] "GET /xingrg/javascript/easyui/themes/default/validatebox.css HTTP/1.1" 404 1104
180.157.251.101 - - [06/Aug/2020:10:48:21 +0800] "POST /xingrg/kc/buy/cgsh_order_operate.html HTTP/1.1" 200 1815
180.157.251.101 - - [06/Aug/2020:10:48:22 +0800] "GET /xingrg/kc/print/load_config.html?kc_code=cgsh HTTP/1.1" 200 1845
180.157.251.101 - - [06/Aug/2020:10:48:22 +0800] "GET /xingrg/kc/print/load_data.html?order_code=212020080602209&kc_code=cgsh&condition= HTTP/1.1" 200 1175
116.232.53.2 - - [06/Aug/2020:10:48:24 +0800] "GET /xingrg/kc/buy/cgsh_order_operate.html?command=get_materiel&rest_code=00109&code=00101006180&supplier_code=00100015&order_time=2020-08-06 HTTP/1.1" 200 423
114.88.161.57 - - [06/Aug/2020:10:48:26 +0800] "GET /xingrg/all/function/internal_message.html?_=1596682138888&CODE_STATE=getMsg HTTP/1.1" 200 27
180.175.214.200 - - [06/Aug/2020:10:48:29 +0800] "GET /xingrg/kc/buy/cgsh_order_operate.html?command=get_materiel&rest_code=00102&code=00101004013&supplier_code=00100317&order_time=2020-08-04 HTTP/1.1" 200 415
114.88.161.57 - - [06/Aug/2020:10:48:30 +0800] "POST /xingrg/kc/buy/cgsh_list_operate.html HTTP/1.1" 200 1881
114.88.161.57 - - [06/Aug/2020:10:48:31 +0800] "POST /xingrg/kc/buy/cgsh_list_operate.html HTTP/1.1" 200 565
114.88.161.57 - - [06/Aug/2020:10:48:32 +0800] "GET /xingrg/kc/buy/cgsh_order_info.html?code=212020080602202 HTTP/1.1" 200 59390
114.88.161.57 - - [06/Aug/2020:10:48:32 +0800] "GET /xingrg/javascript/easyui/themes/default/validatebox.css HTTP/1.1" 404 1104
180.175.214.200 - - [06/Aug/2020:10:48:32 +0800] "GET /xingrg/all/function/internal_message.html?_=1596682110213&CODE_STATE=getMsg HTTP/1.1" 200 27
116.232.53.2 - - [06/Aug/2020:10:48:32 +0800] "GET /xingrg/kc/buy/cgsh_order_operate.html?command=get_materiel&rest_code=00109&code=00101006144&supplier_code=00100015&order_time=2020-08-06 HTTP/1.1" 200 409
114.88.161.57 - - [06/Aug/2020:10:48:32 +0800] "POST /xingrg/kc/buy/cgsh_order_operate.html HTTP/1.1" 200 15703
172.17.0.123 - - [06/Aug/2020:10:48:33 +0800] "GET /xingrg/all/function/internal_message.html?_=1596682037202&CODE_STATE=getMsg HTTP/1.1" 200 27
114.88.161.57 - - [06/Aug/2020:10:48:33 +0800] "GET /xingrg/all/function/internal_message.html?_=1596682109852&CODE_STATE=getMsg HTTP/1.1" 200 27
120.253.135.82 - - [06/Aug/2020:10:48:34 +0800] "GET /xingrg/check_reg.html?_=1596681865250 HTTP/1.1" 200 22
180.175.214.200 - - [06/Aug/2020:10:48:36 +0800] "POST /xingrg/kc/buy/cgsh_order_operate.html HTTP/1.1" 200 37
180.175.214.200 - - [06/Aug/2020:10:48:37 +0800] "POST /xingrg/kc/buy/cgsh_order_operate.html HTTP/1.1" 200 12
180.175.214.200 - - [06/Aug/2020:10:48:38 +0800] "GET /xingrg/kc/buy/cgsh_order_info.html?code=212020080602210 HTTP/1.1" 200 54204
180.175.214.200 - - [06/Aug/2020:10:48:38 +0800] "GET /xingrg/javascript/easyui/themes/default/validatebox.css HTTP/1.1" 404 1104
180.175.214.200 - - [06/Aug/2020:10:48:39 +0800] "POST /xingrg/kc/buy/cgsh_order_operate.html HTTP/1.1" 200 1203
116.232.53.2 - - [06/Aug/2020:10:48:39 +0800] "GET /xingrg/kc/buy/cgsh_order_operate.html?command=get_materiel&rest_code=00109&code=00101006058&supplier_code=00100015&order_time=2020-08-06 HTTP/1.1" 200 413
114.89.80.44 - - [06/Aug/2020:10:48:40 +0800] "GET /xingrg/all/function/internal_message.html?_=1596682115781&CODE_STATE=getMsg HTTP/1.1" 200 27
172.17.200.101 - - [06/Aug/2020:10:48:40 +0800] "GET /xingrg/all/function/internal_message.html?_=1596682120704&CODE_STATE=getMsg HTTP/1.1" 200 27
180.175.214.200 - - [06/Aug/2020:10:48:41 +0800] "GET /xingrg/kc/print/load_data.html?order_code=212020080602210&kc_code=cgsh&condition= HTTP/1.1" 200 933
114.84.32.201 - - [06/Aug/2020:10:48:41 +0800] "GET /xingrg/all/function/internal_message.html?_=1596682111699&CODE_STATE=getMsg HTTP/1.1" 200 27
114.88.161.57 - - [06/Aug/2020:10:48:43 +0800] "GET /xingrg/kc/print/load_config.html?kc_code=cgsh HTTP/1.1" 200 1845
114.88.161.57 - - [06/Aug/2020:10:48:43 +0800] "GET /xingrg/kc/print/load_data.html?order_code=212020080602202&kc_code=cgsh&condition= HTTP/1.1" 200 5660
180.171.243.240 - - [06/Aug/2020:10:48:43 +0800] "GET /xingrg/all/function/internal_message.html?_=1596682115010&CODE_STATE=getMsg HTTP/1.1" 302 -
180.175.214.200 - - [06/Aug/2020:10:48:44 +0800] "GET /xingrg/kc/buy/cgsh_order_add.html HTTP/1.1" 200 59297
180.175.214.200 - - [06/Aug/2020:10:48:45 +0800] "GET /xingrg/all/function/internal_message.html?_=1596682328225&CODE_STATE=getMsg HTTP/1.1" 200 27
180.175.214.200 - - [06/Aug/2020:10:48:45 +0800] "POST /xingrg/kc/buy/cgsh_order_operate.html HTTP/1.1" 200 8245
180.175.214.200 - - [06/Aug/2020:10:48:45 +0800] "GET /xingrg/javascript/easyui/themes/default/validatebox.css HTTP/1.1" 404 1104
117.185.32.26 - - [06/Aug/2020:10:48:45 +0800] "GET /xingrg/all/function/internal_message.html?_=1596682120591&CODE_STATE=getMsg HTTP/1.1" 200 27
172.17.0.100 - - [06/Aug/2020:10:48:46 +0800] "GET /xingrg/all/function/internal_message.html?_=1596682122839&CODE_STATE=getMsg HTTP/1.1" 200 27
117.184.7.26 - - [06/Aug/2020:10:48:46 +0800] "GET /xingrg/all/function/internal_message.html?_=1596682115795&CODE_STATE=getMsg HTTP/1.1" 200 27
222.69.133.128 - - [06/Aug/2020:10:48:48 +0800] "GET /xingrg/all/function/internal_message.html?_=1596682121721&CODE_STATE=getMsg HTTP/1.1" 200 27
116.232.53.2 - - [06/Aug/2020:10:48:50 +0800] "GET /xingrg/kc/buy/cgsh_order_operate.html?command=get_materiel&rest_code=00109&code=00101006109&supplier_code=00100015&order_time=2020-08-06 HTTP/1.1" 200 409
61.172.5.115 - - [06/Aug/2020:10:48:50 +0800] "GET /xingrg/all/function/internal_message.html?_=1596682127087&CODE_STATE=getMsg HTTP/1.1" 200 27
114.88.156.201 - - [06/Aug/2020:10:48:51 +0800] "GET /xingrg/all/function/internal_message.html?_=1596682124737&CODE_STATE=getMsg HTTP/1.1" 200 27
61.172.5.115 - - [06/Aug/2020:10:48:52 +0800] "POST /xingrg/services/DataTransmitService HTTP/1.1" 200 524
61.172.5.115 - - [06/Aug/2020:10:48:52 +0800] "POST /xingrg/services/DataTransmitService HTTP/1.1" 200 2011
61.172.5.115 - - [06/Aug/2020:10:48:54 +0800] "POST /xingrg/services/DataTransmitService HTTP/1.1" 200 143808
117.184.7.26 - - [06/Aug/2020:10:48:55 +0800] "POST /xingrg/kc/buy/cgsh_list_operate.html HTTP/1.1" 200 3121
101.89.239.216 - - [06/Aug/2020:10:48:56 +0800] "GET /xingrg/check_reg.html?_=1596681404704 HTTP/1.1" 302 -
180.175.214.200 - - [06/Aug/2020:10:48:56 +0800] "GET /xingrg/kc/buy/cgsh_order_operate.html?command=get_materiel&rest_code=00102&code=00101001019&supplier_code=00100318&order_time=2020-08-04 HTTP/1.1" 200 413
116.232.53.2 - - [06/Aug/2020:10:48:56 +0800] "GET /xingrg/kc/buy/cgsh_order_operate.html?command=get_materiel&rest_code=00109&code=00101006057&supplier_code=00100015&order_time=2020-08-06 HTTP/1.1" 200 413
114.89.80.44 - - [06/Aug/2020:10:48:58 +0800] "POST /xingrg/kc/mdqp/pssh_list_operate.html HTTP/1.1" 200 4480
114.89.80.44 - - [06/Aug/2020:10:48:58 +0800] "GET /xingrg/kc/buy/cgsh_order_list.html HTTP/1.1" 200 43647
61.172.5.115 - - [06/Aug/2020:10:48:58 +0800] "GET /xingrg/all/function/internal_message.html?_=1596682129520&CODE_STATE=getMsg HTTP/1.1" 200 27
114.89.80.44 - - [06/Aug/2020:10:48:59 +0800] "POST /xingrg/kc/buy/cgsh_list_operate.html HTTP/1.1" 200 876
101.89.239.216 - - [06/Aug/2020:10:49:02 +0800] "GET /xingrg/login.html HTTP/1.1" 200 7641
180.175.214.200 - - [06/Aug/2020:10:49:02 +0800] "GET /xingrg/kc/buy/cgsh_order_operate.html?command=get_materiel&rest_code=00102&code=00101001066&supplier_code=00100318&order_time=2020-08-04 HTTP/1.1" 200 413
116.232.53.2 - - [06/Aug/2020:10:49:03 +0800] "GET /xingrg/kc/buy/cgsh_order_operate.html?command=get_materiel&rest_code=00109&code=00101006058&supplier_code=00100015&order_time=2020-08-06 HTTP/1.1" 200 413
172.17.0.185 - - [06/Aug/2020:10:49:05 +0800] "GET /xingrg/all/function/internal_message.html?_=1596682142535&CODE_STATE=getMsg HTTP/1.1" 200 27
180.175.214.200 - - [06/Aug/2020:10:49:07 +0800] "POST /xingrg/kc/buy/cgsh_order_operate.html HTTP/1.1" 200 37
172.17.0.120 - - [06/Aug/2020:10:49:07 +0800] "GET /xingrg/all/function/internal_message.html?_=1596682144615&CODE_STATE=getMsg HTTP/1.1" 200 27
180.175.214.200 - - [06/Aug/2020:10:49:08 +0800] "POST /xingrg/kc/buy/cgsh_order_operate.html HTTP/1.1" 200 12
116.232.53.2 - - [06/Aug/2020:10:49:09 +0800] "POST /xingrg/kc/buy/cgsh_order_operate.html HTTP/1.1" 200 37
180.175.214.200 - - [06/Aug/2020:10:49:09 +0800] "GET /xingrg/kc/buy/cgsh_order_info.html?code=212020080602211 HTTP/1.1" 200 54204
180.175.214.200 - - [06/Aug/2020:10:49:10 +0800] "GET /xingrg/javascript/easyui/themes/default/validatebox.css HTTP/1.1" 404 1104
180.175.214.200 - - [06/Aug/2020:10:49:10 +0800] "POST /xingrg/kc/buy/cgsh_order_operate.html HTTP/1.1" 200 1204
116.232.53.2 - - [06/Aug/2020:10:49:11 +0800] "POST /xingrg/kc/buy/cgsh_order_operate.html HTTP/1.1" 200 6848
180.175.214.200 - - [06/Aug/2020:10:49:11 +0800] "GET /xingrg/kc/print/load_data.html?order_code=212020080602211&kc_code=cgsh&condition= HTTP/1.1" 200 938
114.89.80.44 - - [06/Aug/2020:10:49:11 +0800] "POST /xingrg/kc/buy/cgsh_list_operate.html HTTP/1.1" 200 1705
117.184.7.26 - - [06/Aug/2020:10:49:12 +0800] "GET /xingrg/all/function/internal_message.html?_=1596682142585&CODE_STATE=getMsg HTTP/1.1" 200 27
116.232.53.2 - - [06/Aug/2020:10:49:12 +0800] "GET /xingrg/kc/print/load_config.html?kc_code=cgsh HTTP/1.1" 200 1845
116.232.53.2 - - [06/Aug/2020:10:49:12 +0800] "GET /xingrg/kc/print/load_data.html?order_code=212020080602212&kc_code=cgsh&condition= HTTP/1.1" 200 2390
116.230.74.197 - - [06/Aug/2020:10:49:13 +0800] "GET /xingrg/all/function/internal_message.html?_=1596682144233&CODE_STATE=getMsg HTTP/1.1" 200 27
114.89.80.44 - - [06/Aug/2020:10:49:13 +0800] "POST /xingrg/kc/buy/cgsh_list_operate.html HTTP/1.1" 200 579
180.175.214.200 - - [06/Aug/2020:10:49:14 +0800] "GET /xingrg/kc/buy/cgsh_order_add.html HTTP/1.1" 200 59297
180.175.214.200 - - [06/Aug/2020:10:49:15 +0800] "POST /xingrg/kc/buy/cgsh_order_operate.html HTTP/1.1" 200 8245
117.184.7.26 - - [06/Aug/2020:10:49:15 +0800] "GET /xingrg/kc/base/base_main.html HTTP/1.1" 200 12142
180.157.251.101 - - [06/Aug/2020:10:49:15 +0800] "GET /xingrg/all/function/internal_message.html?_=1596682156719&CODE_STATE=getMsg HTTP/1.1" 200 27
180.175.214.200 - - [06/Aug/2020:10:49:15 +0800] "GET /xingrg/javascript/easyui/themes/default/validatebox.css HTTP/1.1" 404 1104
116.232.53.2 - - [06/Aug/2020:10:49:15 +0800] "GET /xingrg/all/function/internal_message.html?_=1596682223835&CODE_STATE=getMsg HTTP/1.1" 200 27
114.89.80.44 - - [06/Aug/2020:10:49:16 +0800] "GET /xingrg/kc/buy/cgsh_order_info.html?code=212020080401627 HTTP/1.1" 200 54198
114.89.80.44 - - [06/Aug/2020:10:49:16 +0800] "GET /xingrg/javascript/easyui/themes/default/validatebox.css HTTP/1.1" 404 1104
117.184.7.26 - - [06/Aug/2020:10:49:16 +0800] "GET /xingrg/kc/base/base_main.html HTTP/1.1" 200 12142
114.89.80.44 - - [06/Aug/2020:10:49:16 +0800] "POST /xingrg/kc/buy/cgsh_order_operate.html HTTP/1.1" 200 4162
117.184.7.26 - - [06/Aug/2020:10:49:17 +0800] "GET /favicon.ico HTTP/1.1" 404 -
116.232.53.2 - - [06/Aug/2020:10:49:18 +0800] "GET /xingrg/kc/buy/cgsh_order_add.html HTTP/1.1" 200 59426
116.232.53.2 - - [06/Aug/2020:10:49:18 +0800] "POST /xingrg/kc/buy/cgsh_order_operate.html HTTP/1.1" 200 8245
116.232.53.2 - - [06/Aug/2020:10:49:18 +0800] "GET /xingrg/all/common/auto_word.html?type=employee&rest_code=00109 HTTP/1.1" 200 255
116.232.53.2 - - [06/Aug/2020:10:49:18 +0800] "GET /xingrg/all/common/auto_word.html?type=employee&rest_code=00109 HTTP/1.1" 200 255
116.232.53.2 - - [06/Aug/2020:10:49:18 +0800] "GET /xingrg/javascript/easyui/themes/default/validatebox.css HTTP/1.1" 404 1104
116.232.53.2 - - [06/Aug/2020:10:49:20 +0800] "GET /xingrg/javascript/jquery_tools/images/prev.gif HTTP/1.1" 404 1086
116.232.53.2 - - [06/Aug/2020:10:49:20 +0800] "GET /xingrg/javascript/jquery_tools/images/next.gif HTTP/1.1" 404 1086
117.184.7.26 - - [06/Aug/2020:10:49:20 +0800] "GET /xingrg/kc/buy/buy_main.html HTTP/1.1" 200 12412
117.184.7.26 - - [06/Aug/2020:10:49:20 +0800] "GET /xingrg/css/new_ie.css HTTP/1.1" 404 1036
180.175.214.200 - - [06/Aug/2020:10:49:22 +0800] "GET /xingrg/kc/buy/cgsh_order_operate.html?command=get_materiel&rest_code=00102&code=00101001167&supplier_code=00100314&order_time=2020-08-04 HTTP/1.1" 200 417
114.88.161.57 - - [06/Aug/2020:10:49:26 +0800] "GET /xingrg/all/function/internal_message.html?_=1596682198899&CODE_STATE=getMsg HTTP/1.1" 200 27
116.230.74.197 - - [06/Aug/2020:10:49:27 +0800] "GET /xingrg/kc/buy/cgsh_order_operate.html?command=get_materiel&rest_code=00107&code=00101001194&supplier_code=00100313&order_time=2020-08-06 HTTP/1.1" 200 401
116.232.53.2 - - [06/Aug/2020:10:49:27 +0800] "GET /xingrg/kc/buy/cgsh_order_operate.html?command=get_materiel&rest_code=00109&code=00101009109&supplier_code=00100022&order_time=2020-08-06 HTTP/1.1" 200 399
180.175.214.200 - - [06/Aug/2020:10:49:32 +0800] "POST /xingrg/kc/buy/cgsh_order_operate.html HTTP/1.1" 200 37
172.17.0.123 - - [06/Aug/2020:10:49:33 +0800] "GET /xingrg/check_reg.html?_=1596682097188 HTTP/1.1" 200 22
172.17.0.123 - - [06/Aug/2020:10:49:33 +0800] "GET /xingrg/all/function/internal_message.html?_=1596682097190&CODE_STATE=getMsg HTTP/1.1" 200 27
114.88.161.57 - - [06/Aug/2020:10:49:33 +0800] "GET /xingrg/all/function/internal_message.html?_=1596682169865&CODE_STATE=getMsg HTTP/1.1" 200 27
180.175.214.200 - - [06/Aug/2020:10:49:34 +0800] "POST /xingrg/kc/buy/cgsh_order_operate.html HTTP/1.1" 200 12
180.175.214.200 - - [06/Aug/2020:10:49:34 +0800] "GET /xingrg/kc/buy/cgsh_order_info.html?code=212020080602213 HTTP/1.1" 200 54202
180.175.214.200 - - [06/Aug/2020:10:49:35 +0800] "GET /xingrg/javascript/easyui/themes/default/validatebox.css HTTP/1.1" 404 1104
180.175.214.200 - - [06/Aug/2020:10:49:35 +0800] "GET /xingrg/all/function/internal_message.html?_=1596682173034&CODE_STATE=getMsg HTTP/1.1" 200 27
180.175.214.200 - - [06/Aug/2020:10:49:35 +0800] "POST /xingrg/kc/buy/cgsh_order_operate.html HTTP/1.1" 200 616
180.175.214.200 - - [06/Aug/2020:10:49:36 +0800] "GET /xingrg/kc/print/load_data.html?order_code=212020080602213&kc_code=cgsh&condition= HTTP/1.1" 200 709
180.175.214.200 - - [06/Aug/2020:10:49:39 +0800] "GET /xingrg/kc/buy/cgsh_order_add.html HTTP/1.1" 200 59297
114.89.80.44 - - [06/Aug/2020:10:49:40 +0800] "GET /xingrg/check_reg.html?_=1596682175801 HTTP/1.1" 200 22
114.89.80.44 - - [06/Aug/2020:10:49:40 +0800] "GET /xingrg/all/function/internal_message.html?_=1596682175805&CODE_STATE=getMsg HTTP/1.1" 200 27
172.17.200.101 - - [06/Aug/2020:10:49:40 +0800] "GET /xingrg/check_reg.html?_=1596682180710 HTTP/1.1" 200 22
172.17.200.101 - - [06/Aug/2020:10:49:40 +0800] "GET /xingrg/all/function/internal_message.html?_=1596682180705&CODE_STATE=getMsg HTTP/1.1" 200 27
180.175.214.200 - - [06/Aug/2020:10:49:40 +0800] "POST /xingrg/kc/buy/cgsh_order_operate.html HTTP/1.1" 200 8245
180.175.214.200 - - [06/Aug/2020:10:49:40 +0800] "GET /xingrg/javascript/easyui/themes/default/validatebox.css HTTP/1.1" 404 1104
114.84.32.201 - - [06/Aug/2020:10:49:41 +0800] "GET /xingrg/all/function/internal_message.html?_=1596682171700&CODE_STATE=getMsg HTTP/1.1" 200 27
114.84.32.201 - - [06/Aug/2020:10:49:41 +0800] "GET /xingrg/check_reg.html?_=1596682171701 HTTP/1.1" 200 22
116.230.74.197 - - [06/Aug/2020:10:49:44 +0800] "POST /xingrg/kc/buy/cgsh_order_operate.html HTTP/1.1" 200 37
116.232.53.2 - - [06/Aug/2020:10:49:44 +0800] "GET /xingrg/kc/buy/cgsh_order_operate.html?command=get_materiel&rest_code=00109&code=00101009062&supplier_code=00100022&order_time=2020-08-06 HTTP/1.1" 200 412
116.230.74.197 - - [06/Aug/2020:10:49:45 +0800] "POST /xingrg/kc/buy/cgsh_order_operate.html HTTP/1.1" 200 2660
117.185.32.26 - - [06/Aug/2020:10:49:45 +0800] "GET /xingrg/all/function/internal_message.html?_=1596682180569&CODE_STATE=getMsg HTTP/1.1" 200 27
180.175.214.200 - - [06/Aug/2020:10:49:45 +0800] "GET /xingrg/all/function/internal_message.html?_=1596682388813&CODE_STATE=getMsg HTTP/1.1" 200 27
172.17.0.100 - - [06/Aug/2020:10:49:46 +0800] "GET /xingrg/all/function/internal_message.html?_=1596682182837&CODE_STATE=getMsg HTTP/1.1" 200 27
116.230.74.197 - - [06/Aug/2020:10:49:46 +0800] "GET /xingrg/kc/print/load_data.html?order_code=212020080602214&kc_code=cgsh&condition= HTTP/1.1" 200 677
222.69.133.128 - - [06/Aug/2020:10:49:48 +0800] "GET /xingrg/all/function/internal_message.html?_=1596682181721&CODE_STATE=getMsg HTTP/1.1" 200 27
116.230.74.197 - - [06/Aug/2020:10:49:49 +0800] "GET /xingrg/kc/buy/cgsh_order_add.html HTTP/1.1" 200 59426
222.70.173.120 - - [06/Aug/2020:10:49:50 +0800] "GET /xingrg/check_reg.html?_=1596682170978 HTTP/1.1" 200 22
116.232.53.2 - - [06/Aug/2020:10:49:50 +0800] "GET /xingrg/kc/buy/cgsh_order_operate.html?command=get_materiel&rest_code=00109&code=00101009011&supplier_code=00100022&order_time=2020-08-06 HTTP/1.1" 200 416
116.230.74.197 - - [06/Aug/2020:10:49:50 +0800] "GET /xingrg/javascript/easyui/themes/default/validatebox.css HTTP/1.1" 404 1104
116.230.74.197 - - [06/Aug/2020:10:49:50 +0800] "POST /xingrg/kc/buy/cgsh_order_operate.html HTTP/1.1" 200 8245
61.172.5.115 - - [06/Aug/2020:10:49:50 +0800] "GET /xingrg/all/function/internal_message.html?_=1596682187090&CODE_STATE=getMsg HTTP/1.1" 200 27
61.172.5.115 - - [06/Aug/2020:10:49:50 +0800] "GET /xingrg/check_reg.html?_=1596682187094 HTTP/1.1" 200 22
114.88.156.201 - - [06/Aug/2020:10:49:51 +0800] "GET /xingrg/all/function/internal_message.html?_=1596682184736&CODE_STATE=getMsg HTTP/1.1" 200 27
180.157.251.101 - - [06/Aug/2020:10:49:51 +0800] "GET /favicon.ico HTTP/1.1" 404 -
116.230.74.197 - - [06/Aug/2020:10:49:51 +0800] "GET /xingrg/javascript/easyui/themes/default/tree.css HTTP/1.1" 404 1090
116.230.74.197 - - [06/Aug/2020:10:49:52 +0800] "POST /xingrg/all/common/load_tree.html?tree=supplier_tree_json&isDelete=1 HTTP/1.1" 200 49675
116.232.53.2 - - [06/Aug/2020:10:49:55 +0800] "POST /xingrg/kc/buy/cgsh_order_operate.html HTTP/1.1" 200 37
116.232.53.2 - - [06/Aug/2020:10:49:56 +0800] "POST /xingrg/kc/buy/cgsh_order_operate.html HTTP/1.1" 200 3844
116.232.53.2 - - [06/Aug/2020:10:49:57 +0800] "GET /xingrg/kc/print/load_config.html?kc_code=cgsh HTTP/1.1" 200 1845
116.232.53.2 - - [06/Aug/2020:10:49:57 +0800] "GET /xingrg/kc/print/load_data.html?order_code=212020080602215&kc_code=cgsh&condition= HTTP/1.1" 200 1161
61.172.5.115 - - [06/Aug/2020:10:49:58 +0800] "GET /xingrg/check_reg.html?_=1596682189520 HTTP/1.1" 200 22
61.172.5.115 - - [06/Aug/2020:10:49:58 +0800] "GET /xingrg/all/function/internal_message.html?_=1596682189523&CODE_STATE=getMsg HTTP/1.1" 200 27
180.175.214.200 - - [06/Aug/2020:10:49:59 +0800] "GET /xingrg/kc/buy/cgsh_order_operate.html?command=get_materiel&rest_code=00102&code=00101001140&supplier_code=00100090&order_time=2020-08-04 HTTP/1.1" 200 413
116.232.53.2 - - [06/Aug/2020:10:50:04 +0800] "GET /xingrg/kc/buy/cgsh_order_add.html HTTP/1.1" 200 59426
116.232.53.2 - - [06/Aug/2020:10:50:04 +0800] "POST /xingrg/kc/buy/cgsh_order_operate.html HTTP/1.1" 200 8245
116.232.53.2 - - [06/Aug/2020:10:50:04 +0800] "GET /xingrg/all/common/auto_word.html?type=employee&rest_code=00109 HTTP/1.1" 200 255
116.232.53.2 - - [06/Aug/2020:10:50:04 +0800] "GET /xingrg/all/common/auto_word.html?type=employee&rest_code=00109 HTTP/1.1" 200 255
116.232.53.2 - - [06/Aug/2020:10:50:04 +0800] "GET /xingrg/javascript/easyui/themes/default/validatebox.css HTTP/1.1" 404 1104
172.17.0.185 - - [06/Aug/2020:10:50:05 +0800] "GET /xingrg/all/function/internal_message.html?_=1596682202526&CODE_STATE=getMsg HTTP/1.1" 200 27
117.184.7.26 - - [06/Aug/2020:10:50:07 +0800] "GET /xingrg/all/function/internal_message.html?_=1596682175769&CODE_STATE=getMsg HTTP/1.1" 200 27
180.175.214.200 - - [06/Aug/2020:10:50:07 +0800] "POST /xingrg/kc/buy/cgsh_order_operate.html HTTP/1.1" 200 37
172.17.0.120 - - [06/Aug/2020:10:50:07 +0800] "GET /xingrg/all/function/internal_message.html?_=1596682204625&CODE_STATE=getMsg HTTP/1.1" 200 27
116.232.53.2 - - [06/Aug/2020:10:50:07 +0800] "GET /xingrg/javascript/jquery_tools/images/prev.gif HTTP/1.1" 404 1086
116.232.53.2 - - [06/Aug/2020:10:50:07 +0800] "GET /xingrg/javascript/jquery_tools/images/next.gif HTTP/1.1" 404 1086
116.230.74.197 - - [06/Aug/2020:10:50:07 +0800] "GET /xingrg/kc/buy/cgsh_order_operate.html?command=get_materiel&rest_code=00107&code=00101004051&supplier_code=00100347&order_time=2020-08-06 HTTP/1.1" 200 409
180.175.214.200 - - [06/Aug/2020:10:50:08 +0800] "POST /xingrg/kc/buy/cgsh_order_operate.html HTTP/1.1" 200 12
180.175.214.200 - - [06/Aug/2020:10:50:09 +0800] "GET /xingrg/kc/buy/cgsh_order_info.html?code=212020080602216 HTTP/1.1" 200 54204
180.175.214.200 - - [06/Aug/2020:10:50:10 +0800] "GET /xingrg/javascript/easyui/themes/default/validatebox.css HTTP/1.1" 404 1104
180.175.214.200 - - [06/Aug/2020:10:50:10 +0800] "POST /xingrg/kc/buy/cgsh_order_operate.html HTTP/1.1" 200 610
116.232.53.2 - - [06/Aug/2020:10:50:10 +0800] "GET /xingrg/kc/buy/cgsh_order_operate.html?command=get_materiel&rest_code=00109&code=00101001111&supplier_code=00100038&order_time=2020-08-06 HTTP/1.1" 200 408
180.175.214.200 - - [06/Aug/2020:10:50:11 +0800] "GET /xingrg/kc/print/load_data.html?order_code=212020080602216&kc_code=cgsh&condition= HTTP/1.1" 200 771
117.184.7.30 - - [06/Aug/2020:10:50:12 +0800] "GET /xingrg/all/function/internal_message.html?_=1596682202599&CODE_STATE=getMsg HTTP/1.1" 200 27
116.230.74.197 - - [06/Aug/2020:10:50:13 +0800] "GET /xingrg/all/function/internal_message.html?_=1596682204246&CODE_STATE=getMsg HTTP/1.1" 200 27
116.232.53.2 - - [06/Aug/2020:10:50:14 +0800] "GET /xingrg/all/function/internal_message.html?_=1596682285318&CODE_STATE=getMsg HTTP/1.1" 200 27
180.175.214.200 - - [06/Aug/2020:10:50:15 +0800] "GET /xingrg/kc/buy/cgsh_order_add.html HTTP/1.1" 200 59297
180.157.251.101 - - [06/Aug/2020:10:50:15 +0800] "GET /xingrg/all/function/internal_message.html?_=1596682216701&CODE_STATE=getMsg HTTP/1.1" 200 27
180.175.214.200 - - [06/Aug/2020:10:50:16 +0800] "POST /xingrg/kc/buy/cgsh_order_operate.html HTTP/1.1" 200 8245
180.175.214.200 - - [06/Aug/2020:10:50:16 +0800] "GET /xingrg/javascript/easyui/themes/default/validatebox.css HTTP/1.1" 404 1104
116.232.53.2 - - [06/Aug/2020:10:50:19 +0800] "GET /xingrg/kc/buy/cgsh_order_operate.html?command=get_materiel&rest_code=00109&code=00101005037&supplier_code=00100038&order_time=2020-08-06 HTTP/1.1" 200 409
116.232.53.2 - - [06/Aug/2020:10:50:25 +0800] "GET /xingrg/kc/buy/cgsh_order_operate.html?command=get_materiel&rest_code=00109&code=00101006161&supplier_code=00100038&order_time=2020-08-06 HTTP/1.1" 200 409
180.175.214.200 - - [06/Aug/2020:10:50:26 +0800] "GET /xingrg/kc/buy/cgsh_order_operate.html?command=get_materiel&rest_code=00102&code=00101019699&supplier_code=00100337&order_time=2020-08-04 HTTP/1.1" 200 421
114.88.161.57 - - [06/Aug/2020:10:50:26 +0800] "GET /xingrg/all/function/internal_message.html?_=1596682258880&CODE_STATE=getMsg HTTP/1.1" 200 27
116.230.74.197 - - [06/Aug/2020:10:50:29 +0800] "GET /xingrg/kc/buy/cgsh_order_operate.html?command=get_materiel&rest_code=00107&code=00101001127&supplier_code=00100347&order_time=2020-08-06 HTTP/1.1" 200 429
180.175.214.200 - - [06/Aug/2020:10:50:32 +0800] "GET /xingrg/check_reg.html?_=1596682229896 HTTP/1.1" 200 22
172.17.0.123 - - [06/Aug/2020:10:50:33 +0800] "GET /xingrg/all/function/internal_message.html?_=1596682157194&CODE_STATE=getMsg HTTP/1.1" 200 27
116.232.53.2 - - [06/Aug/2020:10:50:33 +0800] "POST /xingrg/kc/buy/cgsh_order_operate.html HTTP/1.1" 200 37
114.88.161.57 - - [06/Aug/2020:10:50:33 +0800] "GET /xingrg/all/function/internal_message.html?_=1596682229894&CODE_STATE=getMsg HTTP/1.1" 200 27
116.232.53.2 - - [06/Aug/2020:10:50:34 +0800] "POST /xingrg/kc/buy/cgsh_order_operate.html HTTP/1.1" 200 3829
180.175.214.200 - - [06/Aug/2020:10:50:34 +0800] "GET /xingrg/kc/buy/cgsh_order_operate.html?command=get_materiel&rest_code=00102&code=00101020095&supplier_code=00100337&order_time=2020-08-04 HTTP/1.1" 200 435
116.232.53.2 - - [06/Aug/2020:10:50:35 +0800] "GET /xingrg/kc/print/load_config.html?kc_code=cgsh HTTP/1.1" 200 1845
116.232.53.2 - - [06/Aug/2020:10:50:35 +0800] "GET /xingrg/kc/print/load_data.html?order_code=212020080602217&kc_code=cgsh&condition= HTTP/1.1" 200 1133
180.175.214.200 - - [06/Aug/2020:10:50:35 +0800] "GET /xingrg/all/function/internal_message.html?_=1596682233121&CODE_STATE=getMsg HTTP/1.1" 200 27
180.175.214.200 - - [06/Aug/2020:10:50:38 +0800] "GET /xingrg/kc/buy/cgsh_order_operate.html?command=get_materiel&rest_code=00102&code=00101012036&supplier_code=00100337&order_time=2020-08-04 HTTP/1.1" 200 416
114.89.80.44 - - [06/Aug/2020:10:50:40 +0800] "GET /xingrg/all/function/internal_message.html?_=1596682235897&CODE_STATE=getMsg HTTP/1.1" 200 27
172.17.200.101 - - [06/Aug/2020:10:50:40 +0800] "GET /xingrg/all/function/internal_message.html?_=1596682240711&CODE_STATE=getMsg HTTP/1.1" 200 27
114.84.32.201 - - [06/Aug/2020:10:50:41 +0800] "GET /xingrg/all/function/internal_message.html?_=1596682231699&CODE_STATE=getMsg HTTP/1.1" 200 27
116.232.53.2 - - [06/Aug/2020:10:50:43 +0800] "GET /xingrg/kc/buy/cgsh_order_add.html HTTP/1.1" 200 59426
116.232.53.2 - - [06/Aug/2020:10:50:43 +0800] "POST /xingrg/kc/buy/cgsh_order_operate.html HTTP/1.1" 200 8245
116.232.53.2 - - [06/Aug/2020:10:50:43 +0800] "GET /xingrg/all/common/auto_word.html?type=employee&rest_code=00109 HTTP/1.1" 200 255
116.232.53.2 - - [06/Aug/2020:10:50:43 +0800] "GET /xingrg/all/common/auto_word.html?type=employee&rest_code=00109 HTTP/1.1" 200 255
116.232.53.2 - - [06/Aug/2020:10:50:43 +0800] "GET /xingrg/javascript/easyui/themes/default/validatebox.css HTTP/1.1" 404 1104
180.175.214.200 - - [06/Aug/2020:10:50:45 +0800] "GET /xingrg/all/function/internal_message.html?_=1596682448815&CODE_STATE=getMsg HTTP/1.1" 200 27
180.175.214.200 - - [06/Aug/2020:10:50:46 +0800] "POST /xingrg/kc/buy/cgsh_order_operate.html HTTP/1.1" 200 37
172.17.0.100 - - [06/Aug/2020:10:50:46 +0800] "GET /xingrg/all/function/internal_message.html?_=1596682242865&CODE_STATE=getMsg HTTP/1.1" 200 27
117.184.7.26 - - [06/Aug/2020:10:50:46 +0800] "GET /xingrg/all/function/internal_message.html?_=1596682235740&CODE_STATE=getMsg HTTP/1.1" 200 27
180.175.214.200 - - [06/Aug/2020:10:50:47 +0800] "POST /xingrg/kc/buy/cgsh_order_operate.html HTTP/1.1" 200 12
180.175.214.200 - - [06/Aug/2020:10:50:48 +0800] "GET /xingrg/kc/buy/cgsh_order_info.html?code=212020080602218 HTTP/1.1" 200 54202
222.69.133.128 - - [06/Aug/2020:10:50:48 +0800] "GET /xingrg/all/function/internal_message.html?_=1596682241721&CODE_STATE=getMsg HTTP/1.1" 200 27
180.175.214.200 - - [06/Aug/2020:10:50:49 +0800] "GET /xingrg/javascript/easyui/themes/default/validatebox.css HTTP/1.1" 404 1104
180.175.214.200 - - [06/Aug/2020:10:50:49 +0800] "POST /xingrg/kc/buy/cgsh_order_operate.html HTTP/1.1" 200 1812
61.172.5.115 - - [06/Aug/2020:10:50:50 +0800] "GET /xingrg/all/function/internal_message.html?_=1596682247094&CODE_STATE=getMsg HTTP/1.1" 200 27
114.88.156.201 - - [06/Aug/2020:10:50:51 +0800] "GET /xingrg/all/function/internal_message.html?_=1596682244763&CODE_STATE=getMsg HTTP/1.1" 200 27
116.230.74.197 - - [06/Aug/2020:10:50:51 +0800] "GET /xingrg/kc/buy/cgsh_order_operate.html?command=get_materiel&rest_code=00107&code=00102002167&supplier_code=00100347&order_time=2020-08-06 HTTP/1.1" 200 409
180.175.214.200 - - [06/Aug/2020:10:50:53 +0800] "GET /xingrg/kc/print/load_data.html?order_code=212020080602218&kc_code=cgsh&condition= HTTP/1.1" 200 1176
180.175.214.200 - - [06/Aug/2020:10:50:57 +0800] "GET /xingrg/kc/buy/cgsh_order_add.html HTTP/1.1" 200 59297
180.175.214.200 - - [06/Aug/2020:10:50:58 +0800] "POST /xingrg/kc/buy/cgsh_order_operate.html HTTP/1.1" 200 8245
180.175.214.200 - - [06/Aug/2020:10:50:58 +0800] "GET /xingrg/javascript/easyui/themes/default/validatebox.css HTTP/1.1" 404 1104
117.185.32.26 - - [06/Aug/2020:10:50:58 +0800] "GET /favicon.ico HTTP/1.1" 404 -
61.172.5.115 - - [06/Aug/2020:10:50:58 +0800] "GET /xingrg/all/function/internal_message.html?_=1596682249522&CODE_STATE=getMsg HTTP/1.1" 200 27
172.17.0.185 - - [06/Aug/2020:10:51:05 +0800] "GET /xingrg/all/function/internal_message.html?_=1596682262533&CODE_STATE=getMsg HTTP/1.1" 200 27
117.185.32.26 - - [06/Aug/2020:10:51:05 +0800] "GET /xingrg/all/function/internal_message.html?_=1596682260360&CODE_STATE=getMsg HTTP/1.1" 200 27
180.175.214.200 - - [06/Aug/2020:10:51:06 +0800] "GET /xingrg/kc/buy/cgsh_order_operate.html?command=get_materiel&rest_code=00102&code=00101010161&supplier_code=00100334&order_time=2020-08-04 HTTP/1.1" 200 409
172.17.0.120 - - [06/Aug/2020:10:51:07 +0800] "GET /xingrg/all/function/internal_message.html?_=1596682264616&CODE_STATE=getMsg HTTP/1.1" 200 27
116.230.74.197 - - [06/Aug/2020:10:51:08 +0800] "GET /xingrg/kc/buy/cgsh_order_operate.html?command=get_materiel&rest_code=00107&code=00101004038&supplier_code=00100347&order_time=2020-08-06 HTTP/1.1" 200 409
116.232.53.2 - - [06/Aug/2020:10:51:09 +0800] "GET /xingrg/javascript/jquery_tools/images/next.gif HTTP/1.1" 404 1086
116.232.53.2 - - [06/Aug/2020:10:51:09 +0800] "GET /xingrg/javascript/jquery_tools/images/prev.gif HTTP/1.1" 404 1086
117.184.7.30 - - [06/Aug/2020:10:51:11 +0800] "GET /xingrg/check_reg.html?_=1596682261869 HTTP/1.1" 200 22
117.184.7.30 - - [06/Aug/2020:10:51:12 +0800] "GET /xingrg/all/function/internal_message.html?_=1596682262613&CODE_STATE=getMsg HTTP/1.1" 200 27
116.232.53.2 - - [06/Aug/2020:10:51:13 +0800] "GET /xingrg/all/function/internal_message.html?_=1596682346493&CODE_STATE=getMsg HTTP/1.1" 200 27
116.230.74.197 - - [06/Aug/2020:10:51:13 +0800] "GET /xingrg/all/function/internal_message.html?_=1596682264237&CODE_STATE=getMsg HTTP/1.1" 200 27
116.232.53.2 - - [06/Aug/2020:10:51:13 +0800] "GET /xingrg/kc/buy/cgsh_order_operate.html?command=get_materiel&rest_code=00109&code=00101008176&supplier_code=00100005&order_time=2020-08-06 HTTP/1.1" 200 412
180.157.251.101 - - [06/Aug/2020:10:51:15 +0800] "GET /xingrg/all/function/internal_message.html?_=1596682276684&CODE_STATE=getMsg HTTP/1.1" 200 27
180.175.214.200 - - [06/Aug/2020:10:51:17 +0800] "POST /xingrg/kc/buy/cgsh_order_operate.html HTTP/1.1" 200 37
180.175.214.200 - - [06/Aug/2020:10:51:19 +0800] "POST /xingrg/kc/buy/cgsh_order_operate.html HTTP/1.1" 200 12
180.175.214.200 - - [06/Aug/2020:10:51:19 +0800] "GET /xingrg/kc/buy/cgsh_order_info.html?code=212020080602219 HTTP/1.1" 200 54204
180.175.214.200 - - [06/Aug/2020:10:51:20 +0800] "GET /xingrg/javascript/easyui/themes/default/validatebox.css HTTP/1.1" 404 1104
180.175.214.200 - - [06/Aug/2020:10:51:20 +0800] "POST /xingrg/kc/buy/cgsh_order_operate.html HTTP/1.1" 200 603
116.232.53.2 - - [06/Aug/2020:10:51:21 +0800] "GET /xingrg/kc/buy/cgsh_order_operate.html?command=get_materiel&rest_code=00109&code=00101008261&supplier_code=00100005&order_time=2020-08-06 HTTP/1.1" 200 408
117.185.32.26 - - [06/Aug/2020:10:51:21 +0800] "POST /xingrg/services/DataTransmitService HTTP/1.1" 200 524
