117.185.32.26 - - [06/Aug/2020:10:38:22 +0800] "GET /xingrg/dwr/interface/AjaxReportQueryService.js HTTP/1.1" 200 13203
117.185.32.26 - - [06/Aug/2020:10:38:22 +0800] "GET /xingrg/dwr/interface/AjaxQqpsService.js HTTP/1.1" 200 16326
117.185.32.26 - - [06/Aug/2020:10:38:22 +0800] "GET /xingrg/dwr/engine.js HTTP/1.1" 200 43631
117.185.32.26 - - [06/Aug/2020:10:38:23 +0800] "GET /xingrg/kc/mdqp/qqps_order_info.html?code=302020080600113 HTTP/1.1" 200 26567
117.185.32.26 - - [06/Aug/2020:10:38:23 +0800] "GET /xingrg/dwr/interface/AjaxComOrderService.js HTTP/1.1" 200 18264
117.185.32.26 - - [06/Aug/2020:10:38:23 +0800] "GET /xingrg/dwr/interface/AjaxQqpsService.js HTTP/1.1" 200 16326
117.185.32.26 - - [06/Aug/2020:10:38:23 +0800] "GET /xingrg/dwr/engine.js HTTP/1.1" 200 43631
114.89.80.44 - - [06/Aug/2020:10:38:23 +0800] "POST /xingrg/kc/mdqp/pssh_list_operate.html HTTP/1.1" 200 256
114.89.80.44 - - [06/Aug/2020:10:38:25 +0800] "GET /xingrg/kc/mdqp/pssh_order_info.html?code=312020080400103 HTTP/1.1" 200 17277
114.89.80.44 - - [06/Aug/2020:10:38:25 +0800] "POST /xingrg/kc/mdqp/pssh_list_operate.html HTTP/1.1" 200 4480
114.89.80.44 - - [06/Aug/2020:10:38:25 +0800] "GET /xingrg/javascript/jquery_tools/jquery-1.4.2.min.js HTTP/1.1" 404 1094
114.89.80.44 - - [06/Aug/2020:10:38:25 +0800] "POST /xingrg/kc/mdqp/pssh_order_operate.html HTTP/1.1" 200 535
114.89.80.44 - - [06/Aug/2020:10:38:25 +0800] "GET /xingrg/javascript/easyui/themes/default/validatebox.css HTTP/1.1" 404 1104
117.185.32.26 - - [06/Aug/2020:10:38:25 +0800] "POST /xingrg/dwr/call/plaincall/AjaxQqpsService.loadMaterielItems.dwr HTTP/1.1" 200 5137
114.89.80.44 - - [06/Aug/2020:10:38:27 +0800] "GET /xingrg/kc/mdqp/pssh_order_list.html?isBack=1 HTTP/1.1" 200 17712
114.89.80.44 - - [06/Aug/2020:10:38:27 +0800] "POST /xingrg/kc/mdqp/pssh_list_operate.html HTTP/1.1" 200 5186
114.88.161.57 - - [06/Aug/2020:10:38:27 +0800] "GET /xingrg/kc/buy/cgsh_order_operate.html?command=get_materiel&rest_code=00111&code=00101008257&supplier_code=00100037&order_time=2020-08-06 HTTP/1.1" 200 418
116.230.74.197 - - [06/Aug/2020:10:38:29 +0800] "GET /xingrg/kc/buy/cgsh_order_operate.html?command=get_materiel&rest_code=00107&code=00101007144&supplier_code=00100322&order_time=2020-08-06 HTTP/1.1" 200 428
114.88.161.57 - - [06/Aug/2020:10:38:29 +0800] "GET /xingrg/all/function/internal_message.html?_=1596681542097&CODE_STATE=getMsg HTTP/1.1" 200 27
101.227.139.173 - - [06/Aug/2020:10:38:30 +0800] "GET /xingrg/all/function/internal_message.html?_=1596680684682&CODE_STATE=getMsg HTTP/1.1" 302 -
117.185.32.26 - - [06/Aug/2020:10:38:30 +0800] "GET /xingrg/kc/mdqp/qqps_order_add.html HTTP/1.1" 200 28162
117.185.32.26 - - [06/Aug/2020:10:38:30 +0800] "GET /xingrg/all/function/internal_message.html?_=1596681505317&CODE_STATE=getMsg HTTP/1.1" 200 27
117.185.32.26 - - [06/Aug/2020:10:38:30 +0800] "GET /xingrg/dwr/interface/AjaxComOrderService.js HTTP/1.1" 200 18264
117.185.32.26 - - [06/Aug/2020:10:38:30 +0800] "GET /xingrg/dwr/interface/AjaxQqpsService.js HTTP/1.1" 200 16326
117.185.32.26 - - [06/Aug/2020:10:38:30 +0800] "GET /xingrg/dwr/engine.js HTTP/1.1" 200 43631
180.175.214.200 - - [06/Aug/2020:10:38:32 +0800] "GET /xingrg/all/function/internal_message.html?_=1596681510088&CODE_STATE=getMsg HTTP/1.1" 200 27
172.17.0.123 - - [06/Aug/2020:10:38:33 +0800] "GET /xingrg/all/function/internal_message.html?_=1596681437188&CODE_STATE=getMsg HTTP/1.1" 200 27
114.88.161.57 - - [06/Aug/2020:10:38:33 +0800] "GET /xingrg/all/function/internal_message.html?_=1596681509653&CODE_STATE=getMsg HTTP/1.1" 200 27
120.253.135.82 - - [06/Aug/2020:10:38:34 +0800] "GET /xingrg/check_reg.html?_=1596681265173 HTTP/1.1" 200 22
116.230.74.197 - - [06/Aug/2020:10:38:36 +0800] "POST /xingrg/kc/buy/cgsh_order_operate.html HTTP/1.1" 200 37
101.227.139.173 - - [06/Aug/2020:10:38:37 +0800] "GET /xingrg/login.html HTTP/1.1" 200 7641
116.230.74.197 - - [06/Aug/2020:10:38:37 +0800] "POST /xingrg/kc/buy/cgsh_order_operate.html HTTP/1.1" 200 3899
117.185.32.26 - - [06/Aug/2020:10:38:38 +0800] "POST /xingrg/dwr/call/plaincall/AjaxQqpsService.saveOrder.dwr HTTP/1.1" 200 78
114.89.80.44 - - [06/Aug/2020:10:38:40 +0800] "GET /xingrg/all/function/internal_message.html?_=1596681515744&CODE_STATE=getMsg HTTP/1.1" 200 27
172.17.200.101 - - [06/Aug/2020:10:38:40 +0800] "GET /xingrg/all/function/internal_message.html?_=1596681520669&CODE_STATE=getMsg HTTP/1.1" 200 27
116.230.74.197 - - [06/Aug/2020:10:38:40 +0800] "GET /xingrg/kc/print/load_data.html?order_code=212020080602192&kc_code=cgsh&condition= HTTP/1.1" 200 1181
114.84.32.201 - - [06/Aug/2020:10:38:41 +0800] "GET /xingrg/all/function/internal_message.html?_=1596681511689&CODE_STATE=getMsg HTTP/1.1" 200 27
180.171.243.240 - - [06/Aug/2020:10:38:43 +0800] "GET /xingrg/all/function/internal_message.html?_=1596681514874&CODE_STATE=getMsg HTTP/1.1" 200 27
180.175.214.200 - - [06/Aug/2020:10:38:44 +0800] "GET /xingrg/all/function/internal_message.html?_=1596681727013&CODE_STATE=getMsg HTTP/1.1" 200 27
117.185.32.26 - - [06/Aug/2020:10:38:44 +0800] "POST /xingrg/dwr/call/plaincall/AjaxQqpsService.getMaterielByCode.dwr HTTP/1.1" 200 2658
172.17.0.120 - - [06/Aug/2020:10:38:45 +0800] "GET /xingrg/javascript/jquery_easy_ui/themes/default/images/tree_checkbox_2.gif HTTP/1.1" 200 181
172.17.0.120 - - [06/Aug/2020:10:38:45 +0800] "GET /xingrg/javascript/jquery_easy_ui/themes/default/images/tree_checkbox_1.gif HTTP/1.1" 200 174
117.185.32.26 - - [06/Aug/2020:10:38:45 +0800] "POST /xingrg/dwr/call/plaincall/AjaxQqpsService.saveMaterielItem.dwr HTTP/1.1" 200 78
114.89.80.44 - - [06/Aug/2020:10:38:45 +0800] "POST /xingrg/all/user/operate.html HTTP/1.1" 200 36
114.89.80.44 - - [06/Aug/2020:10:38:46 +0800] "GET /xingrg/javascript/jquery_easy_ui/themes/default/easyui.css HTTP/1.1" 304 -
114.89.80.44 - - [06/Aug/2020:10:38:46 +0800] "GET /xingrg/index.html?sysBaseUrl=http%3A%2F%2F180.169.147.146%3A18081%2Fxingrg%2F&costTime=38×tamp=1596627748402 HTTP/1.1" 200 17177
114.89.80.44 - - [06/Aug/2020:10:38:46 +0800] "GET /xingrg/javascript/jquery_easy_ui/themes/icon.css HTTP/1.1" 304 -
114.89.80.44 - - [06/Aug/2020:10:38:46 +0800] "GET /xingrg/css/form.css HTTP/1.1" 304 -
114.89.80.44 - - [06/Aug/2020:10:38:46 +0800] "GET /xingrg/javascript/jquery-1.4.2.min.js HTTP/1.1" 304 -
172.17.0.100 - - [06/Aug/2020:10:38:46 +0800] "GET /xingrg/all/function/internal_message.html?_=1596681522813&CODE_STATE=getMsg HTTP/1.1" 200 27
114.89.80.44 - - [06/Aug/2020:10:38:46 +0800] "GET /xingrg/javascript/jquery_easy_ui/jquery.easyui.min.js HTTP/1.1" 304 -
114.89.80.44 - - [06/Aug/2020:10:38:46 +0800] "GET /xingrg/javascript/jquery_easy_ui/easyui-lang-zh_CN.js HTTP/1.1" 304 -
114.89.80.44 - - [06/Aug/2020:10:38:46 +0800] "GET /xingrg/javascript/jquery.form.js HTTP/1.1" 304 -
114.89.80.44 - - [06/Aug/2020:10:38:46 +0800] "GET /xingrg/javascript/jquery.utils.js HTTP/1.1" 304 -
114.89.80.44 - - [06/Aug/2020:10:38:46 +0800] "GET /xingrg/javascript/jquery.timers.js HTTP/1.1" 304 -
114.89.80.44 - - [06/Aug/2020:10:38:46 +0800] "GET /xingrg/images/blue/jxLogo.png HTTP/1.1" 304 -
114.89.80.44 - - [06/Aug/2020:10:38:46 +0800] "GET /xingrg/images/blue/navBackgound.jpg HTTP/1.1" 304 -
114.89.80.44 - - [06/Aug/2020:10:38:46 +0800] "GET /xingrg/javascript/jquery_easy_ui/themes/icons/settle_new.png HTTP/1.1" 304 -
114.89.80.44 - - [06/Aug/2020:10:38:46 +0800] "POST /xingrg/all/common/load_tree.html?tree=area_rest_tree_json&manage=1 HTTP/1.1" 200 476
114.89.80.44 - - [06/Aug/2020:10:38:46 +0800] "GET /xingrg/images/blue/pingpu.png HTTP/1.1" 304 -
114.89.80.44 - - [06/Aug/2020:10:38:46 +0800] "GET /xingrg/javascript/jquery_easy_ui/themes/default/images/tabs_leftarrow.png HTTP/1.1" 304 -
114.89.80.44 - - [06/Aug/2020:10:38:46 +0800] "GET /xingrg/javascript/jquery_easy_ui/themes/default/images/tabs_rightarrow.png HTTP/1.1" 304 -
114.89.80.44 - - [06/Aug/2020:10:38:46 +0800] "GET /xingrg/javascript/jquery_easy_ui/themes/default/images/panel_tool_collapse.gif HTTP/1.1" 304 -
114.89.80.44 - - [06/Aug/2020:10:38:46 +0800] "GET /xingrg/all/function/internal_message.html?_=1596681656678&CODE_STATE=count HTTP/1.1" 200 11
114.89.80.44 - - [06/Aug/2020:10:38:46 +0800] "GET /xingrg/check_reg.html?_=1596681656679 HTTP/1.1" 200 22
114.89.80.44 - - [06/Aug/2020:10:38:46 +0800] "POST /xingrg/load_menu.html HTTP/1.1" 200 5138
117.184.7.26 - - [06/Aug/2020:10:38:46 +0800] "GET /xingrg/all/function/internal_message.html?_=1596681515875&CODE_STATE=getMsg HTTP/1.1" 200 27
172.17.0.120 - - [06/Aug/2020:10:38:46 +0800] "POST /xingrg/dwr/call/plaincall/AjaxReportQueryService.refreshCache.dwr HTTP/1.1" 200 78
114.88.161.57 - - [06/Aug/2020:10:38:47 +0800] "GET /xingrg/kc/buy/cgsh_order_operate.html?command=get_materiel&rest_code=00111&code=00101016105&supplier_code=00100037&order_time=2020-08-06 HTTP/1.1" 200 409
172.17.0.120 - - [06/Aug/2020:10:38:48 +0800] "POST /xingrg/all/report/load_report_page.html HTTP/1.1" 200 8936
172.17.0.120 - - [06/Aug/2020:10:38:48 +0800] "GET /xingrg/servlets/image?cache=0.09101811156942907&image=px HTTP/1.1" 200 807
222.69.133.128 - - [06/Aug/2020:10:38:48 +0800] "GET /xingrg/all/function/internal_message.html?_=1596681521704&CODE_STATE=getMsg HTTP/1.1" 200 27
116.230.74.197 - - [06/Aug/2020:10:38:49 +0800] "GET /xingrg/kc/buy/cgsh_order_add.html HTTP/1.1" 200 59426
116.230.74.197 - - [06/Aug/2020:10:38:50 +0800] "GET /xingrg/javascript/easyui/themes/default/validatebox.css HTTP/1.1" 404 1104
116.230.74.197 - - [06/Aug/2020:10:38:50 +0800] "POST /xingrg/kc/buy/cgsh_order_operate.html HTTP/1.1" 200 8245
117.185.32.26 - - [06/Aug/2020:10:38:50 +0800] "POST /xingrg/dwr/call/plaincall/AjaxQqpsService.checkOrder.dwr HTTP/1.1" 200 78
61.172.5.115 - - [06/Aug/2020:10:38:50 +0800] "GET /xingrg/all/function/internal_message.html?_=1596681527083&CODE_STATE=getMsg HTTP/1.1" 200 27
114.88.156.201 - - [06/Aug/2020:10:38:50 +0800] "GET /xingrg/all/function/internal_message.html?_=1596681524702&CODE_STATE=getMsg HTTP/1.1" 200 27
114.89.80.44 - - [06/Aug/2020:10:38:51 +0800] "GET /xingrg/kc/buy/cgsh_order_list.html HTTP/1.1" 200 43645
117.185.32.26 - - [06/Aug/2020:10:38:51 +0800] "GET /xingrg/kc/mdqp/qqps_order_info.html?code=302020080600114 HTTP/1.1" 200 26567
117.185.32.26 - - [06/Aug/2020:10:38:51 +0800] "GET /xingrg/dwr/interface/AjaxQqpsService.js HTTP/1.1" 200 16326
117.185.32.26 - - [06/Aug/2020:10:38:51 +0800] "GET /xingrg/dwr/interface/AjaxComOrderService.js HTTP/1.1" 200 18264
117.185.32.26 - - [06/Aug/2020:10:38:51 +0800] "GET /xingrg/dwr/engine.js HTTP/1.1" 200 43631
114.89.80.44 - - [06/Aug/2020:10:38:51 +0800] "POST /xingrg/kc/buy/cgsh_list_operate.html HTTP/1.1" 200 876
116.230.74.197 - - [06/Aug/2020:10:38:52 +0800] "GET /xingrg/javascript/easyui/themes/default/tree.css HTTP/1.1" 404 1090
116.230.74.197 - - [06/Aug/2020:10:38:52 +0800] "POST /xingrg/all/common/load_tree.html?tree=supplier_tree_json&isDelete=1 HTTP/1.1" 200 49675
117.185.32.26 - - [06/Aug/2020:10:38:53 +0800] "POST /xingrg/dwr/call/plaincall/AjaxQqpsService.loadMaterielItems.dwr HTTP/1.1" 200 400
114.89.80.44 - - [06/Aug/2020:10:38:53 +0800] "GET /xingrg/kc/buy/cgsh_order_add.html HTTP/1.1" 200 59033
114.89.80.44 - - [06/Aug/2020:10:38:53 +0800] "POST /xingrg/kc/buy/cgsh_order_operate.html HTTP/1.1" 200 8245
114.89.80.44 - - [06/Aug/2020:10:38:54 +0800] "GET /xingrg/javascript/easyui/themes/default/validatebox.css HTTP/1.1" 404 1104
114.88.161.57 - - [06/Aug/2020:10:38:55 +0800] "GET /xingrg/kc/buy/cgsh_order_operate.html?command=get_materiel&rest_code=00111&code=00101008003&supplier_code=00100037&order_time=2020-08-06 HTTP/1.1" 200 410
114.89.80.44 - - [06/Aug/2020:10:38:56 +0800] "GET /xingrg/javascript/auto/indicator.gif HTTP/1.1" 404 1066
61.151.179.84 - - [06/Aug/2020:10:38:56 +0800] "GET /xingrg/check_reg.html?_=1596680804682 HTTP/1.1" 302 -
61.172.5.115 - - [06/Aug/2020:10:38:58 +0800] "GET /xingrg/all/function/internal_message.html?_=1596681529504&CODE_STATE=getMsg HTTP/1.1" 200 27
117.185.32.26 - - [06/Aug/2020:10:38:58 +0800] "GET /xingrg/kc/mdqp/qp_main.html HTTP/1.1" 200 10633
117.185.32.26 - - [06/Aug/2020:10:38:59 +0800] "GET /xingrg/kc/mdqp/qqps_order_list.html HTTP/1.1" 200 10087
117.185.32.26 - - [06/Aug/2020:10:38:59 +0800] "GET /xingrg/dwr/interface/AjaxReportQueryService.js HTTP/1.1" 200 13203
117.185.32.26 - - [06/Aug/2020:10:39:00 +0800] "GET /xingrg/dwr/interface/AjaxQqpsService.js HTTP/1.1" 200 16326
117.185.32.26 - - [06/Aug/2020:10:39:00 +0800] "GET /xingrg/dwr/engine.js HTTP/1.1" 200 43631
117.185.32.26 - - [06/Aug/2020:10:39:02 +0800] "GET /xingrg/kc/mdqp/qqps_order_info.html?code=302020080600114 HTTP/1.1" 200 26567
117.185.32.26 - - [06/Aug/2020:10:39:02 +0800] "GET /xingrg/dwr/interface/AjaxComOrderService.js HTTP/1.1" 200 18264
117.185.32.26 - - [06/Aug/2020:10:39:02 +0800] "GET /xingrg/dwr/engine.js HTTP/1.1" 200 43631
117.185.32.26 - - [06/Aug/2020:10:39:02 +0800] "GET /xingrg/dwr/interface/AjaxQqpsService.js HTTP/1.1" 200 16326
61.151.179.84 - - [06/Aug/2020:10:39:02 +0800] "GET /xingrg/login.html HTTP/1.1" 200 7641
117.185.32.26 - - [06/Aug/2020:10:39:03 +0800] "POST /xingrg/dwr/call/plaincall/AjaxQqpsService.loadMaterielItems.dwr HTTP/1.1" 200 400
172.17.0.185 - - [06/Aug/2020:10:39:05 +0800] "GET /xingrg/all/function/internal_message.html?_=1596681542527&CODE_STATE=getMsg HTTP/1.1" 200 27
114.89.80.44 - - [06/Aug/2020:10:39:06 +0800] "GET /xingrg/kc/buy/cgsh_order_operate.html?command=get_materiel&rest_code=00151&code=00101029062&supplier_code=00100282&order_time=2020-08-06 HTTP/1.1" 200 432
172.17.0.120 - - [06/Aug/2020:10:39:07 +0800] "GET /xingrg/all/function/internal_message.html?_=1596681544628&CODE_STATE=getMsg HTTP/1.1" 200 27
120.253.135.82 - - [06/Aug/2020:10:39:11 +0800] "GET /xingrg/kc/buy/cgsh_order_add.html HTTP/1.1" 200 58358
114.89.80.44 - - [06/Aug/2020:10:39:11 +0800] "POST /xingrg/all/common/load_select.html HTTP/1.1" 200 25
120.253.135.82 - - [06/Aug/2020:10:39:11 +0800] "POST /xingrg/kc/buy/cgsh_order_operate.html HTTP/1.1" 200 8245
120.253.135.82 - - [06/Aug/2020:10:39:11 +0800] "GET /xingrg/javascript/easyui/themes/default/validatebox.css HTTP/1.1" 404 1104
117.184.7.26 - - [06/Aug/2020:10:39:12 +0800] "GET /xingrg/all/function/internal_message.html?_=1596681542263&CODE_STATE=getMsg HTTP/1.1" 200 27
116.230.74.197 - - [06/Aug/2020:10:39:13 +0800] "GET /xingrg/all/function/internal_message.html?_=1596681544373&CODE_STATE=getMsg HTTP/1.1" 200 27
116.230.74.197 - - [06/Aug/2020:10:39:13 +0800] "GET /xingrg/kc/buy/cgsh_order_operate.html?command=get_materiel&rest_code=00107&code=00101010028&supplier_code=00100323&order_time=2020-08-06 HTTP/1.1" 200 414
114.89.80.44 - - [06/Aug/2020:10:39:14 +0800] "GET /xingrg/kc/buy/cgsh_order_operate.html?command=get_materiel_price&rest_code=00151&code=00101029062&unit_code=00100179&supplier_code=00100282&order_time=2020-08-06 HTTP/1.1" 200 31
116.232.53.2 - - [06/Aug/2020:10:39:18 +0800] "GET /xingrg/all/function/internal_message.html?_=1596681612468&CODE_STATE=getMsg HTTP/1.1" 200 27
120.253.135.82 - - [06/Aug/2020:10:39:23 +0800] "GET /xingrg/javascript/jquery_tools/images/next.gif HTTP/1.1" 404 1086
120.253.135.82 - - [06/Aug/2020:10:39:23 +0800] "GET /xingrg/javascript/jquery_tools/images/prev.gif HTTP/1.1" 404 1086
120.253.135.82 - - [06/Aug/2020:10:39:26 +0800] "POST /xingrg/all/common/load_combo.html?type=employee HTTP/1.1" 200 2013
183.192.164.214 - - [06/Aug/2020:10:39:28 +0800] "GET /xingrg/all/function/internal_message.html?_=1596680844356&CODE_STATE=getMsg HTTP/1.1" 302 -
114.88.161.57 - - [06/Aug/2020:10:39:29 +0800] "GET /xingrg/all/function/internal_message.html?_=1596681602093&CODE_STATE=getMsg HTTP/1.1" 200 27
117.185.32.26 - - [06/Aug/2020:10:39:30 +0800] "GET /xingrg/all/function/internal_message.html?_=1596681565295&CODE_STATE=getMsg HTTP/1.1" 200 27
180.175.214.200 - - [06/Aug/2020:10:39:32 +0800] "GET /xingrg/all/function/internal_message.html?_=1596681570096&CODE_STATE=getMsg HTTP/1.1" 200 27
172.17.0.123 - - [06/Aug/2020:10:39:33 +0800] "GET /xingrg/all/function/internal_message.html?_=1596681497196&CODE_STATE=getMsg HTTP/1.1" 200 27
172.17.0.123 - - [06/Aug/2020:10:39:33 +0800] "GET /xingrg/check_reg.html?_=1596681497198 HTTP/1.1" 200 22
114.88.161.57 - - [06/Aug/2020:10:39:33 +0800] "GET /xingrg/all/function/internal_message.html?_=1596681569681&CODE_STATE=getMsg HTTP/1.1" 200 27
120.253.135.82 - - [06/Aug/2020:10:39:37 +0800] "GET /xingrg/kc/buy/cgsh_order_operate.html?command=get_materiel&rest_code=00101&code=00101014075&supplier_code=00100215&order_time=2020-08-06 HTTP/1.1" 200 414
172.17.0.120 - - [06/Aug/2020:10:39:37 +0800] "POST /xingrg/dwr/call/plaincall/AjaxReportQueryService.refreshCache.dwr HTTP/1.1" 200 78
172.17.0.120 - - [06/Aug/2020:10:39:38 +0800] "GET /xingrg/javascript/multi_select/dropdown_hover.gif HTTP/1.1" 200 61
183.192.164.214 - - [06/Aug/2020:10:39:38 +0800] "GET /xingrg/login.html HTTP/1.1" 200 7641
114.89.80.44 - - [06/Aug/2020:10:39:38 +0800] "POST /xingrg/kc/buy/cgsh_order_operate.html HTTP/1.1" 200 37
172.17.0.120 - - [06/Aug/2020:10:39:39 +0800] "POST /xingrg/all/report/load_report_page.html HTTP/1.1" 200 8928
172.17.0.120 - - [06/Aug/2020:10:39:39 +0800] "GET /xingrg/servlets/image?cache=0.3790477517330775&image=px HTTP/1.1" 200 807
116.230.74.197 - - [06/Aug/2020:10:39:39 +0800] "GET /xingrg/kc/buy/cgsh_order_operate.html?command=get_materiel&rest_code=00107&code=00101010432&supplier_code=00100323&order_time=2020-08-06 HTTP/1.1" 200 412
114.89.80.44 - - [06/Aug/2020:10:39:40 +0800] "GET /xingrg/check_reg.html?_=1596681575742 HTTP/1.1" 200 22
114.89.80.44 - - [06/Aug/2020:10:39:40 +0800] "GET /xingrg/all/function/internal_message.html?_=1596681575745&CODE_STATE=getMsg HTTP/1.1" 200 27
172.17.200.101 - - [06/Aug/2020:10:39:40 +0800] "GET /xingrg/check_reg.html?_=1596681580670 HTTP/1.1" 200 22
172.17.200.101 - - [06/Aug/2020:10:39:40 +0800] "GET /xingrg/all/function/internal_message.html?_=1596681580674&CODE_STATE=getMsg HTTP/1.1" 200 27
114.89.80.44 - - [06/Aug/2020:10:39:40 +0800] "POST /xingrg/kc/buy/cgsh_order_operate.html HTTP/1.1" 200 12
114.89.80.44 - - [06/Aug/2020:10:39:41 +0800] "GET /xingrg/kc/buy/cgsh_order_info.html?code=212020080602193 HTTP/1.1" 200 53951
114.84.32.201 - - [06/Aug/2020:10:39:41 +0800] "GET /xingrg/all/function/internal_message.html?_=1596681571691&CODE_STATE=getMsg HTTP/1.1" 200 27
114.84.32.201 - - [06/Aug/2020:10:39:41 +0800] "GET /xingrg/check_reg.html?_=1596681571693 HTTP/1.1" 200 22
114.89.80.44 - - [06/Aug/2020:10:39:42 +0800] "GET /xingrg/javascript/easyui/themes/default/validatebox.css HTTP/1.1" 404 1104
114.89.80.44 - - [06/Aug/2020:10:39:42 +0800] "POST /xingrg/kc/buy/cgsh_order_operate.html HTTP/1.1" 200 642
114.88.161.57 - - [06/Aug/2020:10:39:43 +0800] "GET /xingrg/kc/buy/cgsh_order_operate.html?command=get_materiel&rest_code=00111&code=00101008290&supplier_code=00100037&order_time=2020-08-06 HTTP/1.1" 200 416
180.171.243.240 - - [06/Aug/2020:10:39:43 +0800] "GET /xingrg/all/function/internal_message.html?_=1596681574885&CODE_STATE=getMsg HTTP/1.1" 200 27
114.89.80.44 - - [06/Aug/2020:10:39:43 +0800] "GET /xingrg/kc/print/load_data.html?order_code=212020080602193&kc_code=cgsh&condition= HTTP/1.1" 200 788
180.175.214.200 - - [06/Aug/2020:10:39:44 +0800] "GET /xingrg/all/function/internal_message.html?_=1596681787295&CODE_STATE=getMsg HTTP/1.1" 200 27
172.17.0.100 - - [06/Aug/2020:10:39:46 +0800] "GET /xingrg/all/function/internal_message.html?_=1596681582811&CODE_STATE=getMsg HTTP/1.1" 200 27
117.184.7.26 - - [06/Aug/2020:10:39:46 +0800] "GET /xingrg/all/function/internal_message.html?_=1596681575848&CODE_STATE=getMsg HTTP/1.1" 200 27
114.89.80.44 - - [06/Aug/2020:10:39:46 +0800] "GET /xingrg/all/function/internal_message.html?_=1596681716683&CODE_STATE=getMsg HTTP/1.1" 200 27
222.69.133.128 - - [06/Aug/2020:10:39:48 +0800] "GET /xingrg/all/function/internal_message.html?_=1596681581706&CODE_STATE=getMsg HTTP/1.1" 200 27
222.70.173.120 - - [06/Aug/2020:10:39:50 +0800] "GET /xingrg/check_reg.html?_=1596681570969 HTTP/1.1" 200 22
120.253.135.82 - - [06/Aug/2020:10:39:50 +0800] "POST /xingrg/kc/buy/cgsh_order_operate.html HTTP/1.1" 200 37
61.172.5.115 - - [06/Aug/2020:10:39:50 +0800] "GET /xingrg/all/function/internal_message.html?_=1596681587084&CODE_STATE=getMsg HTTP/1.1" 200 27
61.172.5.115 - - [06/Aug/2020:10:39:50 +0800] "GET /xingrg/check_reg.html?_=1596681587090 HTTP/1.1" 200 22
114.88.156.201 - - [06/Aug/2020:10:39:50 +0800] "GET /xingrg/all/function/internal_message.html?_=1596681584700&CODE_STATE=getMsg HTTP/1.1" 200 27
120.253.135.82 - - [06/Aug/2020:10:39:51 +0800] "POST /xingrg/kc/buy/cgsh_order_operate.html HTTP/1.1" 200 2667
101.91.60.105 - - [06/Aug/2020:10:39:51 +0800] "GET /xingrg/all/function/internal_message.html?_=1596680864680&CODE_STATE=getMsg HTTP/1.1" 302 -
116.230.74.197 - - [06/Aug/2020:10:39:51 +0800] "GET /xingrg/kc/buy/cgsh_order_operate.html?command=get_materiel&rest_code=00107&code=00101007044&supplier_code=00100323&order_time=2020-08-06 HTTP/1.1" 200 423
120.253.135.82 - - [06/Aug/2020:10:39:55 +0800] "POST /xingrg/kc/buy/cgsh_order_operate.html HTTP/1.1" 200 37
101.91.60.105 - - [06/Aug/2020:10:39:56 +0800] "GET /xingrg/login.html HTTP/1.1" 200 7641
120.253.135.82 - - [06/Aug/2020:10:39:57 +0800] "POST /xingrg/kc/buy/cgsh_order_operate.html HTTP/1.1" 200 12
120.253.135.82 - - [06/Aug/2020:10:39:58 +0800] "GET /xingrg/kc/buy/cgsh_order_info.html?code=212020080602194 HTTP/1.1" 200 53520
61.172.5.115 - - [06/Aug/2020:10:39:58 +0800] "GET /xingrg/check_reg.html?_=1596681589504 HTTP/1.1" 200 22
61.172.5.115 - - [06/Aug/2020:10:39:58 +0800] "GET /xingrg/all/function/internal_message.html?_=1596681589507&CODE_STATE=getMsg HTTP/1.1" 200 27
120.253.135.82 - - [06/Aug/2020:10:39:58 +0800] "GET /xingrg/javascript/easyui/themes/default/validatebox.css HTTP/1.1" 404 1104
120.253.135.82 - - [06/Aug/2020:10:39:59 +0800] "POST /xingrg/kc/buy/cgsh_order_operate.html HTTP/1.1" 200 617
120.253.135.82 - - [06/Aug/2020:10:40:00 +0800] "GET /xingrg/kc/print/load_data.html?order_code=212020080602194&kc_code=cgsh&condition= HTTP/1.1" 200 711
172.17.0.120 - - [06/Aug/2020:10:40:03 +0800] "GET /xingrg/javascript/jquery_easy_ui/themes/default/images/button_plain_hover.png HTTP/1.1" 200 252
172.17.0.185 - - [06/Aug/2020:10:40:05 +0800] "GET /xingrg/all/function/internal_message.html?_=1596681602519&CODE_STATE=getMsg HTTP/1.1" 200 27
172.17.0.120 - - [06/Aug/2020:10:40:06 +0800] "POST /xingrg/dwr/call/plaincall/AjaxReportQueryService.refreshCache.dwr HTTP/1.1" 200 78
172.17.0.120 - - [06/Aug/2020:10:40:07 +0800] "GET /xingrg/all/function/internal_message.html?_=1596681604628&CODE_STATE=getMsg HTTP/1.1" 200 27
172.17.0.120 - - [06/Aug/2020:10:40:07 +0800] "POST /xingrg/all/report/load_report_page.html HTTP/1.1" 200 8928
172.17.0.120 - - [06/Aug/2020:10:40:07 +0800] "GET /xingrg/servlets/image?cache=0.7142449581205514&image=px HTTP/1.1" 200 807
117.184.7.26 - - [06/Aug/2020:10:40:12 +0800] "GET /xingrg/all/function/internal_message.html?_=1596681602275&CODE_STATE=getMsg HTTP/1.1" 200 27
116.230.74.197 - - [06/Aug/2020:10:40:13 +0800] "GET /xingrg/all/function/internal_message.html?_=1596681604349&CODE_STATE=getMsg HTTP/1.1" 200 27
116.230.74.197 - - [06/Aug/2020:10:40:13 +0800] "GET /xingrg/kc/buy/cgsh_order_operate.html?command=get_materiel&rest_code=00107&code=00101008214&supplier_code=00100323&order_time=2020-08-06 HTTP/1.1" 200 409
116.232.53.2 - - [06/Aug/2020:10:40:16 +0800] "GET /xingrg/check_reg.html?_=1596681672390 HTTP/1.1" 200 22
116.232.53.2 - - [06/Aug/2020:10:40:16 +0800] "GET /xingrg/all/function/internal_message.html?_=1596681672468&CODE_STATE=getMsg HTTP/1.1" 200 27
172.17.0.119 - - [06/Aug/2020:10:40:24 +0800] "GET /favicon.ico HTTP/1.1" 404 -
172.17.0.119 - - [06/Aug/2020:10:40:29 +0800] "GET /favicon.ico HTTP/1.1" 404 -
114.88.161.57 - - [06/Aug/2020:10:40:29 +0800] "GET /xingrg/all/function/internal_message.html?_=1596681662086&CODE_STATE=getMsg HTTP/1.1" 200 27
117.185.32.26 - - [06/Aug/2020:10:40:30 +0800] "GET /xingrg/all/function/internal_message.html?_=1596681625270&CODE_STATE=getMsg HTTP/1.1" 200 27
114.88.161.57 - - [06/Aug/2020:10:40:31 +0800] "GET /xingrg/kc/buy/cgsh_order_operate.html?command=get_materiel&rest_code=00111&code=00101012010&supplier_code=00100037&order_time=2020-08-06 HTTP/1.1" 200 409
180.175.214.200 - - [06/Aug/2020:10:40:31 +0800] "GET /xingrg/check_reg.html?_=1596681629576 HTTP/1.1" 200 22
180.175.214.200 - - [06/Aug/2020:10:40:32 +0800] "GET /xingrg/all/function/internal_message.html?_=1596681630108&CODE_STATE=getMsg HTTP/1.1" 200 27
120.204.17.71 - - [06/Aug/2020:10:40:32 +0800] "GET /xingrg/all/function/internal_message.html?_=1596680904360&CODE_STATE=getMsg HTTP/1.1" 302 -
116.230.74.197 - - [06/Aug/2020:10:40:33 +0800] "GET /xingrg/kc/buy/cgsh_order_operate.html?command=get_materiel&rest_code=00107&code=00101010017&supplier_code=00100323&order_time=2020-08-06 HTTP/1.1" 200 423
172.17.0.123 - - [06/Aug/2020:10:40:33 +0800] "GET /xingrg/all/function/internal_message.html?_=1596681557200&CODE_STATE=getMsg HTTP/1.1" 200 27
114.88.161.57 - - [06/Aug/2020:10:40:33 +0800] "GET /xingrg/all/function/internal_message.html?_=1596681629695&CODE_STATE=getMsg HTTP/1.1" 200 27
114.89.80.44 - - [06/Aug/2020:10:40:40 +0800] "GET /xingrg/all/function/internal_message.html?_=1596681635758&CODE_STATE=getMsg HTTP/1.1" 200 27
172.17.200.101 - - [06/Aug/2020:10:40:40 +0800] "GET /xingrg/all/function/internal_message.html?_=1596681640661&CODE_STATE=getMsg HTTP/1.1" 200 27
120.204.17.71 - - [06/Aug/2020:10:40:41 +0800] "GET /xingrg/login.html HTTP/1.1" 200 7641
114.84.32.201 - - [06/Aug/2020:10:40:41 +0800] "GET /xingrg/all/function/internal_message.html?_=1596681631692&CODE_STATE=getMsg HTTP/1.1" 200 27
180.171.243.240 - - [06/Aug/2020:10:40:43 +0800] "GET /xingrg/check_reg.html?_=1596681634776 HTTP/1.1" 200 22
180.171.243.240 - - [06/Aug/2020:10:40:43 +0800] "GET /xingrg/all/function/internal_message.html?_=1596681634899&CODE_STATE=getMsg HTTP/1.1" 200 27
180.175.214.200 - - [06/Aug/2020:10:40:44 +0800] "GET /xingrg/all/function/internal_message.html?_=1596681847306&CODE_STATE=getMsg HTTP/1.1" 200 27
172.17.0.100 - - [06/Aug/2020:10:40:46 +0800] "GET /xingrg/all/function/internal_message.html?_=1596681642809&CODE_STATE=getMsg HTTP/1.1" 200 27
117.184.7.26 - - [06/Aug/2020:10:40:46 +0800] "GET /xingrg/all/function/internal_message.html?_=1596681635851&CODE_STATE=getMsg HTTP/1.1" 200 27
180.175.214.200 - - [06/Aug/2020:10:40:48 +0800] "GET /xingrg/kc/base/wldb_order_add.html HTTP/1.1" 200 30363
222.69.133.128 - - [06/Aug/2020:10:40:48 +0800] "GET /xingrg/all/function/internal_message.html?_=1596681641709&CODE_STATE=getMsg HTTP/1.1" 200 27
180.175.214.200 - - [06/Aug/2020:10:40:49 +0800] "POST /xingrg/kc/base/wldb_order_operate.html HTTP/1.1" 200 6806
116.230.74.197 - - [06/Aug/2020:10:40:50 +0800] "POST /xingrg/kc/buy/cgsh_order_operate.html HTTP/1.1" 200 37
180.175.214.200 - - [06/Aug/2020:10:40:50 +0800] "GET /xingrg/javascript/easyui/themes/default/validatebox.css HTTP/1.1" 404 1104
61.172.5.115 - - [06/Aug/2020:10:40:50 +0800] "GET /xingrg/all/function/internal_message.html?_=1596681647075&CODE_STATE=getMsg HTTP/1.1" 200 27
180.175.214.200 - - [06/Aug/2020:10:40:50 +0800] "POST /xingrg/all/common/load_combo.html?type=base HTTP/1.1" 200 2966
114.88.156.201 - - [06/Aug/2020:10:40:50 +0800] "GET /xingrg/all/function/internal_message.html?_=1596681644726&CODE_STATE=getMsg HTTP/1.1" 200 27
116.230.74.197 - - [06/Aug/2020:10:40:51 +0800] "POST /xingrg/kc/buy/cgsh_order_operate.html HTTP/1.1" 200 4453
180.175.214.200 - - [06/Aug/2020:10:40:53 +0800] "POST /xingrg/all/common/load_combo.html?type=base HTTP/1.1" 200 2966
116.230.74.197 - - [06/Aug/2020:10:40:54 +0800] "GET /xingrg/kc/print/load_data.html?order_code=212020080602195&kc_code=cgsh&condition= HTTP/1.1" 200 1369
116.230.74.197 - - [06/Aug/2020:10:40:57 +0800] "GET /xingrg/kc/buy/cgsh_order_add.html HTTP/1.1" 200 59426
116.230.74.197 - - [06/Aug/2020:10:40:58 +0800] "GET /xingrg/javascript/easyui/themes/default/validatebox.css HTTP/1.1" 404 1104
116.230.74.197 - - [06/Aug/2020:10:40:58 +0800] "POST /xingrg/kc/buy/cgsh_order_operate.html HTTP/1.1" 200 8245
61.172.5.115 - - [06/Aug/2020:10:40:58 +0800] "GET /xingrg/all/function/internal_message.html?_=1596681649517&CODE_STATE=getMsg HTTP/1.1" 200 27
116.230.74.197 - - [06/Aug/2020:10:41:00 +0800] "GET /xingrg/javascript/easyui/themes/default/tree.css HTTP/1.1" 404 1090
116.230.74.197 - - [06/Aug/2020:10:41:00 +0800] "POST /xingrg/all/common/load_tree.html?tree=supplier_tree_json&isDelete=1 HTTP/1.1" 200 49675
172.17.0.185 - - [06/Aug/2020:10:41:05 +0800] "GET /xingrg/all/function/internal_message.html?_=1596681662526&CODE_STATE=getMsg HTTP/1.1" 200 27
180.175.214.200 - - [06/Aug/2020:10:41:06 +0800] "GET /xingrg/kc/base/wldb_order_operate.html?command=get_materiel&rest_code=00102&base_code=0010476&code=00101013225 HTTP/1.1" 200 448
172.17.0.120 - - [06/Aug/2020:10:41:07 +0800] "GET /xingrg/all/function/internal_message.html?_=1596681664618&CODE_STATE=getMsg HTTP/1.1" 200 27
120.253.135.82 - - [06/Aug/2020:10:41:07 +0800] "POST /xingrg/kc/buy/cgsh_list_operate.html HTTP/1.1" 200 876
120.253.135.82 - - [06/Aug/2020:10:41:08 +0800] "GET /xingrg/kc/buy/cgsh_order_add.html HTTP/1.1" 200 58358
120.253.135.82 - - [06/Aug/2020:10:41:09 +0800] "POST /xingrg/kc/buy/cgsh_order_operate.html HTTP/1.1" 200 8245
120.253.135.82 - - [06/Aug/2020:10:41:09 +0800] "GET /xingrg/javascript/easyui/themes/default/validatebox.css HTTP/1.1" 404 1104
117.184.7.26 - - [06/Aug/2020:10:41:11 +0800] "GET /xingrg/check_reg.html?_=1596681661652 HTTP/1.1" 200 22
117.184.7.26 - - [06/Aug/2020:10:41:12 +0800] "GET /xingrg/all/function/internal_message.html?_=1596681662290&CODE_STATE=getMsg HTTP/1.1" 200 27
180.175.214.200 - - [06/Aug/2020:10:41:12 +0800] "GET /xingrg/kc/base/wldb_order_operate.html?command=get_materiel&rest_code=00102&base_code=0010476&code=00101019222 HTTP/1.1" 200 452
116.230.74.197 - - [06/Aug/2020:10:41:13 +0800] "GET /xingrg/all/function/internal_message.html?_=1596681664336&CODE_STATE=getMsg HTTP/1.1" 200 27
120.253.135.82 - - [06/Aug/2020:10:41:22 +0800] "POST /xingrg/all/common/load_combo.html?type=employee HTTP/1.1" 200 2013
116.230.74.197 - - [06/Aug/2020:10:41:29 +0800] "GET /xingrg/kc/buy/cgsh_order_operate.html?command=get_materiel&rest_code=00107&code=00101004063&supplier_code=00100094&order_time=2020-08-06 HTTP/1.1" 200 415
117.185.32.26 - - [06/Aug/2020:10:41:29 +0800] "GET /xingrg/check_reg.html?_=1596681684382 HTTP/1.1" 200 22
114.88.161.57 - - [06/Aug/2020:10:41:29 +0800] "GET /xingrg/all/function/internal_message.html?_=1596681722152&CODE_STATE=getMsg HTTP/1.1" 200 27
117.185.32.26 - - [06/Aug/2020:10:41:30 +0800] "GET /xingrg/all/function/internal_message.html?_=1596681685238&CODE_STATE=getMsg HTTP/1.1" 200 27
180.175.214.200 - - [06/Aug/2020:10:41:32 +0800] "GET /xingrg/all/function/internal_message.html?_=1596681690126&CODE_STATE=getMsg HTTP/1.1" 200 27
172.17.0.123 - - [06/Aug/2020:10:41:33 +0800] "GET /xingrg/all/function/internal_message.html?_=1596681617200&CODE_STATE=getMsg HTTP/1.1" 200 27
114.88.161.57 - - [06/Aug/2020:10:41:33 +0800] "GET /xingrg/all/function/internal_message.html?_=1596681689725&CODE_STATE=getMsg HTTP/1.1" 200 27
114.88.161.57 - - [06/Aug/2020:10:41:34 +0800] "GET /xingrg/kc/buy/cgsh_order_operate.html?command=get_materiel&rest_code=00111&code=00101007095&supplier_code=00100037&order_time=2020-08-06 HTTP/1.1" 200 415
120.253.135.82 - - [06/Aug/2020:10:41:35 +0800] "GET /xingrg/kc/buy/cgsh_order_operate.html?command=get_materiel&rest_code=00101&code=00101016044&supplier_code=00100123&order_time=2020-08-06 HTTP/1.1" 200 464
120.253.135.82 - - [06/Aug/2020:10:41:35 +0800] "POST /xingrg/all/common/load_select.html HTTP/1.1" 200 25
114.89.80.44 - - [06/Aug/2020:10:41:40 +0800] "GET /xingrg/all/function/internal_message.html?_=1596681695764&CODE_STATE=getMsg HTTP/1.1" 200 27
120.253.135.82 - - [06/Aug/2020:10:41:40 +0800] "GET /xingrg/kc/buy/cgsh_order_operate.html?command=get_materiel_price&rest_code=00101&code=00101016044&unit_code=00100068&supplier_code=00100123&order_time=2020-08-06 HTTP/1.1" 200 30
172.17.200.101 - - [06/Aug/2020:10:41:40 +0800] "GET /xingrg/all/function/internal_message.html?_=1596681700662&CODE_STATE=getMsg HTTP/1.1" 200 27
114.84.32.201 - - [06/Aug/2020:10:41:41 +0800] "GET /xingrg/all/function/internal_message.html?_=1596681691692&CODE_STATE=getMsg HTTP/1.1" 200 27
116.230.74.197 - - [06/Aug/2020:10:41:42 +0800] "POST /xingrg/kc/buy/cgsh_order_operate.html HTTP/1.1" 200 37
180.171.243.240 - - [06/Aug/2020:10:41:43 +0800] "GET /xingrg/all/function/internal_message.html?_=1596681694911&CODE_STATE=getMsg HTTP/1.1" 200 27
116.230.74.197 - - [06/Aug/2020:10:41:44 +0800] "POST /xingrg/kc/buy/cgsh_order_operate.html HTTP/1.1" 200 2664
180.175.214.200 - - [06/Aug/2020:10:41:44 +0800] "GET /xingrg/all/function/internal_message.html?_=1596681907319&CODE_STATE=getMsg HTTP/1.1" 200 27
117.184.7.26 - - [06/Aug/2020:10:41:45 +0800] "GET /xingrg/check_reg.html?_=1596681695165 HTTP/1.1" 200 22
172.17.0.100 - - [06/Aug/2020:10:41:46 +0800] "GET /xingrg/all/function/internal_message.html?_=1596681702806&CODE_STATE=getMsg HTTP/1.1" 200 27
172.17.0.100 - - [06/Aug/2020:10:41:46 +0800] "GET /xingrg/check_reg.html?_=1596681702807 HTTP/1.1" 200 22
117.184.7.26 - - [06/Aug/2020:10:41:46 +0800] "GET /xingrg/all/function/internal_message.html?_=1596681695835&CODE_STATE=getMsg HTTP/1.1" 200 27
116.230.74.197 - - [06/Aug/2020:10:41:46 +0800] "GET /xingrg/kc/print/load_data.html?order_code=212020080602196&kc_code=cgsh&condition= HTTP/1.1" 200 750
114.88.161.57 - - [06/Aug/2020:10:41:48 +0800] "GET /xingrg/check_reg.html?_=1596681704216 HTTP/1.1" 200 22
222.69.133.128 - - [06/Aug/2020:10:41:48 +0800] "GET /xingrg/all/function/internal_message.html?_=1596681701709&CODE_STATE=getMsg HTTP/1.1" 200 27
222.69.133.128 - - [06/Aug/2020:10:41:48 +0800] "GET /xingrg/check_reg.html?_=1596681701713 HTTP/1.1" 200 22
61.172.5.115 - - [06/Aug/2020:10:41:50 +0800] "GET /xingrg/all/function/internal_message.html?_=1596681707076&CODE_STATE=getMsg HTTP/1.1" 200 27
114.88.156.201 - - [06/Aug/2020:10:41:50 +0800] "GET /xingrg/all/function/internal_message.html?_=1596681704725&CODE_STATE=getMsg HTTP/1.1" 200 27
114.88.156.201 - - [06/Aug/2020:10:41:50 +0800] "GET /xingrg/check_reg.html?_=1596681704727 HTTP/1.1" 200 22
120.253.135.82 - - [06/Aug/2020:10:41:53 +0800] "POST /xingrg/kc/buy/cgsh_order_operate.html HTTP/1.1" 200 37
120.253.135.82 - - [06/Aug/2020:10:41:54 +0800] "POST /xingrg/kc/buy/cgsh_order_operate.html HTTP/1.1" 200 2692
61.172.5.115 - - [06/Aug/2020:10:41:58 +0800] "GET /xingrg/all/function/internal_message.html?_=1596681709517&CODE_STATE=getMsg HTTP/1.1" 200 27
120.253.135.82 - - [06/Aug/2020:10:41:59 +0800] "POST /xingrg/kc/buy/cgsh_order_operate.html HTTP/1.1" 200 37
120.253.135.82 - - [06/Aug/2020:10:42:00 +0800] "POST /xingrg/kc/buy/cgsh_order_operate.html HTTP/1.1" 200 12
116.230.74.197 - - [06/Aug/2020:10:42:01 +0800] "GET /xingrg/kc/buy/cgsh_order_add.html HTTP/1.1" 200 59426
120.253.135.82 - - [06/Aug/2020:10:42:01 +0800] "GET /xingrg/kc/buy/cgsh_order_info.html?code=212020080602197 HTTP/1.1" 200 53520
116.230.74.197 - - [06/Aug/2020:10:42:02 +0800] "GET /xingrg/javascript/easyui/themes/default/validatebox.css HTTP/1.1" 404 1104
116.230.74.197 - - [06/Aug/2020:10:42:02 +0800] "POST /xingrg/kc/buy/cgsh_order_operate.html HTTP/1.1" 200 8245
120.253.135.82 - - [06/Aug/2020:10:42:02 +0800] "GET /xingrg/javascript/easyui/themes/default/validatebox.css HTTP/1.1" 404 1104
120.253.135.82 - - [06/Aug/2020:10:42:02 +0800] "POST /xingrg/kc/buy/cgsh_order_operate.html HTTP/1.1" 200 642
116.230.74.197 - - [06/Aug/2020:10:42:03 +0800] "GET /xingrg/javascript/easyui/themes/default/tree.css HTTP/1.1" 404 1090
116.230.74.197 - - [06/Aug/2020:10:42:04 +0800] "POST /xingrg/all/common/load_tree.html?tree=supplier_tree_json&isDelete=1 HTTP/1.1" 200 49675
120.253.135.82 - - [06/Aug/2020:10:42:04 +0800] "GET /xingrg/kc/print/load_data.html?order_code=212020080602197&kc_code=cgsh&condition= HTTP/1.1" 200 786
172.17.0.185 - - [06/Aug/2020:10:42:05 +0800] "GET /xingrg/check_reg.html?_=1596681722533 HTTP/1.1" 200 22
172.17.0.185 - - [06/Aug/2020:10:42:05 +0800] "GET /xingrg/all/function/internal_message.html?_=1596681722537&CODE_STATE=getMsg HTTP/1.1" 200 27
116.232.53.2 - - [06/Aug/2020:10:42:07 +0800] "GET /xingrg/login.html HTTP/1.1" 200 7641
116.232.53.2 - - [06/Aug/2020:10:42:07 +0800] "GET /xingrg/images/blue/jxLogo.png HTTP/1.1" 304 -
116.232.53.2 - - [06/Aug/2020:10:42:07 +0800] "GET /xingrg/images/blue/login_bg.png HTTP/1.1" 304 -
116.232.53.2 - - [06/Aug/2020:10:42:07 +0800] "GET /xingrg/images/blue/hj.png HTTP/1.1" 304 -
116.232.53.2 - - [06/Aug/2020:10:42:07 +0800] "GET /xingrg/images/blue/srbg.png HTTP/1.1" 304 -
172.17.0.120 - - [06/Aug/2020:10:42:07 +0800] "GET /xingrg/all/function/internal_message.html?_=1596681724614&CODE_STATE=getMsg HTTP/1.1" 200 27
116.232.53.2 - - [06/Aug/2020:10:42:07 +0800] "GET /favicon.ico HTTP/1.1" 404 -
117.184.7.26 - - [06/Aug/2020:10:42:12 +0800] "GET /xingrg/all/function/internal_message.html?_=1596681722303&CODE_STATE=getMsg HTTP/1.1" 200 27
116.230.74.197 - - [06/Aug/2020:10:42:13 +0800] "GET /xingrg/all/function/internal_message.html?_=1596681724315&CODE_STATE=getMsg HTTP/1.1" 200 27
116.232.53.2 - - [06/Aug/2020:10:42:15 +0800] "POST /xingrg/login.do HTTP/1.1" 302 -
116.232.53.2 - - [06/Aug/2020:10:42:15 +0800] "GET /xingrg/index.html?sysBaseUrl=http%3A%2F%2F180.169.147.146%3A18081%2Fxingrg%2F&costTime=51×tamp=1596681735585 HTTP/1.1" 200 17173
116.232.53.2 - - [06/Aug/2020:10:42:15 +0800] "GET /xingrg/css/form.css HTTP/1.1" 304 -
116.232.53.2 - - [06/Aug/2020:10:42:15 +0800] "GET /xingrg/javascript/jquery_easy_ui/themes/default/easyui.css HTTP/1.1" 304 -
116.232.53.2 - - [06/Aug/2020:10:42:15 +0800] "GET /xingrg/javascript/jquery_easy_ui/themes/icon.css HTTP/1.1" 304 -
116.232.53.2 - - [06/Aug/2020:10:42:15 +0800] "GET /xingrg/javascript/jquery-1.4.2.min.js HTTP/1.1" 304 -
116.232.53.2 - - [06/Aug/2020:10:42:15 +0800] "GET /xingrg/javascript/jquery_easy_ui/jquery.easyui.min.js HTTP/1.1" 304 -
116.232.53.2 - - [06/Aug/2020:10:42:15 +0800] "GET /xingrg/javascript/jquery_easy_ui/easyui-lang-zh_CN.js HTTP/1.1" 304 -
116.232.53.2 - - [06/Aug/2020:10:42:15 +0800] "GET /xingrg/javascript/jquery.form.js HTTP/1.1" 304 -
116.232.53.2 - - [06/Aug/2020:10:42:15 +0800] "GET /xingrg/javascript/jquery.utils.js HTTP/1.1" 304 -
116.232.53.2 - - [06/Aug/2020:10:42:15 +0800] "GET /xingrg/javascript/jquery.timers.js HTTP/1.1" 304 -
116.232.53.2 - - [06/Aug/2020:10:42:15 +0800] "GET /xingrg/images/blue/navBackgound.jpg HTTP/1.1" 304 -
116.232.53.2 - - [06/Aug/2020:10:42:15 +0800] "GET /xingrg/javascript/jquery_easy_ui/themes/icons/settle_new.png HTTP/1.1" 304 -
116.232.53.2 - - [06/Aug/2020:10:42:15 +0800] "GET /favicon.ico HTTP/1.1" 404 -
116.232.53.2 - - [06/Aug/2020:10:42:15 +0800] "POST /xingrg/all/common/load_tree.html?tree=area_rest_tree_json&manage=1 HTTP/1.1" 200 342
116.232.53.2 - - [06/Aug/2020:10:42:15 +0800] "GET /xingrg/images/blue/pingpu.png HTTP/1.1" 304 -
116.232.53.2 - - [06/Aug/2020:10:42:16 +0800] "GET /xingrg/javascript/jquery_easy_ui/themes/default/images/tabs_leftarrow.png HTTP/1.1" 304 -
116.232.53.2 - - [06/Aug/2020:10:42:16 +0800] "GET /xingrg/javascript/jquery_easy_ui/themes/default/images/tabs_rightarrow.png HTTP/1.1" 304 -
116.232.53.2 - - [06/Aug/2020:10:42:16 +0800] "GET /xingrg/javascript/jquery_easy_ui/themes/default/images/panel_tool_collapse.gif HTTP/1.1" 304 -
116.232.53.2 - - [06/Aug/2020:10:42:16 +0800] "GET /xingrg/all/function/internal_message.html?_=1596681793031&CODE_STATE=count HTTP/1.1" 200 11
116.232.53.2 - - [06/Aug/2020:10:42:16 +0800] "GET /xingrg/check_reg.html?_=1596681793031 HTTP/1.1" 200 22
116.232.53.2 - - [06/Aug/2020:10:42:16 +0800] "POST /xingrg/load_menu.html HTTP/1.1" 200 5138
116.232.53.2 - - [06/Aug/2020:10:42:16 +0800] "GET /xingrg/javascript/jquery_easy_ui/themes/default/images/tree_arrows.gif HTTP/1.1" 304 -
116.232.53.2 - - [06/Aug/2020:10:42:16 +0800] "GET /xingrg/javascript/jquery_easy_ui/themes/default/images/tree_folder_open.gif HTTP/1.1" 304 -
116.232.53.2 - - [06/Aug/2020:10:42:16 +0800] "GET /xingrg/javascript/jquery_easy_ui/themes/icons/search_new.png HTTP/1.1" 304 -
116.232.53.2 - - [06/Aug/2020:10:42:16 +0800] "GET /xingrg/javascript/jquery_easy_ui/themes/default/images/tree_folder.gif HTTP/1.1" 304 -
116.232.53.2 - - [06/Aug/2020:10:42:16 +0800] "GET /xingrg/javascript/jquery_easy_ui/themes/icons/storage_new.png HTTP/1.1" 304 -
116.232.53.2 - - [06/Aug/2020:10:42:16 +0800] "GET /xingrg/javascript/jquery_easy_ui/themes/icons/forms_new.png HTTP/1.1" 304 -
116.232.53.2 - - [06/Aug/2020:10:42:16 +0800] "GET /xingrg/javascript/jquery_easy_ui/themes/default/images/tree_file.gif HTTP/1.1" 304 -
116.232.53.2 - - [06/Aug/2020:10:42:18 +0800] "GET /xingrg/index.html?sysBaseUrl=http%3A%2F%2F180.169.147.146%3A18081%2Fxingrg%2F&costTime=51×tamp=1596681735585 HTTP/1.1" 200 17173
116.232.53.2 - - [06/Aug/2020:10:42:18 +0800] "POST /xingrg/all/common/load_tree.html?tree=area_rest_tree_json&manage=1 HTTP/1.1" 200 342
116.232.53.2 - - [06/Aug/2020:10:42:18 +0800] "GET /xingrg/all/function/internal_message.html?_=1596681795908&CODE_STATE=count HTTP/1.1" 200 11
116.232.53.2 - - [06/Aug/2020:10:42:18 +0800] "GET /xingrg/check_reg.html?_=1596681795909 HTTP/1.1" 200 22
116.232.53.2 - - [06/Aug/2020:10:42:18 +0800] "POST /xingrg/load_menu.html HTTP/1.1" 200 5138
116.232.53.2 - - [06/Aug/2020:10:42:19 +0800] "GET /favicon.ico HTTP/1.1" 404 -
116.232.53.2 - - [06/Aug/2020:10:42:28 +0800] "GET /xingrg/kc/buy/buy_main.html HTTP/1.1" 200 12412
116.232.53.2 - - [06/Aug/2020:10:42:28 +0800] "GET /xingrg/css/new_ie.css HTTP/1.1" 404 1036
116.230.74.197 - - [06/Aug/2020:10:42:30 +0800] "GET /xingrg/kc/buy/cgsh_order_operate.html?command=get_materiel&rest_code=00107&code=00101010080&supplier_code=00100329&order_time=2020-08-06 HTTP/1.1" 200 420
117.185.32.26 - - [06/Aug/2020:10:42:30 +0800] "GET /xingrg/all/function/internal_message.html?_=1596681745211&CODE_STATE=getMsg HTTP/1.1" 200 27
116.232.53.2 - - [06/Aug/2020:10:42:32 +0800] "GET /xingrg/kc/buy/cgsh_order_list.html HTTP/1.1" 200 43641
180.175.214.200 - - [06/Aug/2020:10:42:32 +0800] "GET /xingrg/all/function/internal_message.html?_=1596681750135&CODE_STATE=getMsg HTTP/1.1" 200 27
116.232.53.2 - - [06/Aug/2020:10:42:32 +0800] "POST /xingrg/kc/buy/cgsh_list_operate.html HTTP/1.1" 200 876
114.88.161.57 - - [06/Aug/2020:10:42:32 +0800] "GET /xingrg/check_reg.html?_=1596681782091 HTTP/1.1" 200 22
114.88.161.57 - - [06/Aug/2020:10:42:32 +0800] "GET /xingrg/all/function/internal_message.html?_=1596681782094&CODE_STATE=getMsg HTTP/1.1" 200 27
172.17.0.123 - - [06/Aug/2020:10:42:33 +0800] "GET /xingrg/all/function/internal_message.html?_=1596681677202&CODE_STATE=getMsg HTTP/1.1" 200 27
114.88.161.57 - - [06/Aug/2020:10:42:33 +0800] "GET /xingrg/all/function/internal_message.html?_=1596681749738&CODE_STATE=getMsg HTTP/1.1" 200 27
116.232.53.2 - - [06/Aug/2020:10:42:35 +0800] "GET /xingrg/kc/buy/cgsh_order_add.html HTTP/1.1" 200 59426
116.232.53.2 - - [06/Aug/2020:10:42:35 +0800] "GET /xingrg/words/20200805143817_words.js HTTP/1.1" 304 -
116.232.53.2 - - [06/Aug/2020:10:42:35 +0800] "POST /xingrg/kc/buy/cgsh_order_operate.html HTTP/1.1" 200 8245
116.232.53.2 - - [06/Aug/2020:10:42:35 +0800] "GET /xingrg/all/common/auto_word.html?type=employee&rest_code=00109 HTTP/1.1" 200 255
116.232.53.2 - - [06/Aug/2020:10:42:36 +0800] "GET /xingrg/javascript/easyui/themes/default/validatebox.css HTTP/1.1" 404 1104
116.232.53.2 - - [06/Aug/2020:10:42:36 +0800] "GET /xingrg/all/common/auto_word.html?type=employee&rest_code=00109 HTTP/1.1" 200 255
114.88.161.57 - - [06/Aug/2020:10:42:36 +0800] "GET /xingrg/kc/buy/cgsh_order_operate.html?command=get_materiel&rest_code=00111&code=00101016030&supplier_code=00100037&order_time=2020-08-06 HTTP/1.1" 200 412
116.232.53.2 - - [06/Aug/2020:10:42:39 +0800] "GET /xingrg/javascript/jquery_tools/images/next.gif HTTP/1.1" 404 1086
116.232.53.2 - - [06/Aug/2020:10:42:39 +0800] "GET /xingrg/javascript/jquery_tools/images/prev.gif HTTP/1.1" 404 1086
180.175.214.200 - - [06/Aug/2020:10:42:40 +0800] "GET /xingrg/check_reg.html?_=1596681963044 HTTP/1.1" 200 22
114.89.80.44 - - [06/Aug/2020:10:42:40 +0800] "GET /xingrg/all/function/internal_message.html?_=1596681755748&CODE_STATE=getMsg HTTP/1.1" 200 27
172.17.200.101 - - [06/Aug/2020:10:42:40 +0800] "GET /xingrg/all/function/internal_message.html?_=1596681760664&CODE_STATE=getMsg HTTP/1.1" 200 27
114.84.32.201 - - [06/Aug/2020:10:42:41 +0800] "GET /xingrg/all/function/internal_message.html?_=1596681751700&CODE_STATE=getMsg HTTP/1.1" 200 27
180.171.243.240 - - [06/Aug/2020:10:42:43 +0800] "GET /xingrg/all/function/internal_message.html?_=1596681754926&CODE_STATE=getMsg HTTP/1.1" 200 27
180.175.214.200 - - [06/Aug/2020:10:42:44 +0800] "GET /xingrg/all/function/internal_message.html?_=1596681967334&CODE_STATE=getMsg HTTP/1.1" 200 27
172.17.0.100 - - [06/Aug/2020:10:42:46 +0800] "GET /xingrg/all/function/internal_message.html?_=1596681762804&CODE_STATE=getMsg HTTP/1.1" 200 27
117.184.7.26 - - [06/Aug/2020:10:42:46 +0800] "GET /xingrg/all/function/internal_message.html?_=1596681755846&CODE_STATE=getMsg HTTP/1.1" 200 27
116.230.74.197 - - [06/Aug/2020:10:42:47 +0800] "POST /xingrg/kc/buy/cgsh_order_operate.html HTTP/1.1" 200 37
116.232.53.2 - - [06/Aug/2020:10:42:47 +0800] "GET /xingrg/kc/buy/cgsh_order_operate.html?command=get_materiel&rest_code=00109&code=00101016025&supplier_code=00100035&order_time=2020-08-06 HTTP/1.1" 200 408
116.230.74.197 - - [06/Aug/2020:10:42:48 +0800] "POST /xingrg/kc/buy/cgsh_order_operate.html HTTP/1.1" 200 2667
114.88.161.57 - - [06/Aug/2020:10:42:48 +0800] "GET /xingrg/kc/buy/cgsh_order_operate.html?command=get_materiel&rest_code=00111&code=00101008126&supplier_code=00100037&order_time=2020-08-06 HTTP/1.1" 200 412
222.69.133.128 - - [06/Aug/2020:10:42:48 +0800] "GET /xingrg/all/function/internal_message.html?_=1596681761716&CODE_STATE=getMsg HTTP/1.1" 200 27
116.230.74.197 - - [06/Aug/2020:10:42:49 +0800] "GET /xingrg/kc/print/load_data.html?order_code=212020080602198&kc_code=cgsh&condition= HTTP/1.1" 200 684
61.172.5.115 - - [06/Aug/2020:10:42:50 +0800] "GET /xingrg/all/function/internal_message.html?_=1596681767079&CODE_STATE=getMsg HTTP/1.1" 200 27
114.88.156.201 - - [06/Aug/2020:10:42:51 +0800] "GET /xingrg/all/function/internal_message.html?_=1596681764725&CODE_STATE=getMsg HTTP/1.1" 200 27
61.151.178.197 - - [06/Aug/2020:10:42:55 +0800] "GET /xingrg/all/function/internal_message.html?_=1596681044677&CODE_STATE=getMsg HTTP/1.1" 302 -
116.232.53.2 - - [06/Aug/2020:10:42:57 +0800] "GET /xingrg/kc/buy/cgsh_order_operate.html?command=get_materiel&rest_code=00109&code=00101012026&supplier_code=00100035&order_time=2020-08-06 HTTP/1.1" 200 408
61.151.178.197 - - [06/Aug/2020:10:42:57 +0800] "GET /xingrg/login.html HTTP/1.1" 200 7641
114.88.161.57 - - [06/Aug/2020:10:42:58 +0800] "GET /xingrg/kc/buy/cgsh_order_operate.html?command=get_materiel&rest_code=00111&code=00101015046&supplier_code=00100037&order_time=2020-08-06 HTTP/1.1" 200 412
61.172.5.115 - - [06/Aug/2020:10:42:59 +0800] "GET /xingrg/all/function/internal_message.html?_=1596681769517&CODE_STATE=getMsg HTTP/1.1" 200 27
116.230.74.197 - - [06/Aug/2020:10:43:01 +0800] "GET /xingrg/kc/buy/cgsh_order_add.html HTTP/1.1" 200 59426
116.230.74.197 - - [06/Aug/2020:10:43:01 +0800] "GET /xingrg/javascript/easyui/themes/default/validatebox.css HTTP/1.1" 404 1104
116.230.74.197 - - [06/Aug/2020:10:43:01 +0800] "POST /xingrg/kc/buy/cgsh_order_operate.html HTTP/1.1" 200 8245
116.230.74.197 - - [06/Aug/2020:10:43:02 +0800] "GET /xingrg/javascript/easyui/themes/default/tree.css HTTP/1.1" 404 1090
116.230.74.197 - - [06/Aug/2020:10:43:02 +0800] "POST /xingrg/all/common/load_tree.html?tree=supplier_tree_json&isDelete=1 HTTP/1.1" 200 49675
180.175.214.200 - - [06/Aug/2020:10:43:03 +0800] "GET /xingrg/kc/base/wldb_order_operate.html?command=get_materiel&rest_code=00102&base_code=0010476&code=00101019391 HTTP/1.1" 200 470
120.253.135.82 - - [06/Aug/2020:10:43:04 +0800] "POST /xingrg/kc/buy/cgsh_list_operate.html HTTP/1.1" 200 876
172.17.0.185 - - [06/Aug/2020:10:43:05 +0800] "GET /xingrg/all/function/internal_message.html?_=1596681782522&CODE_STATE=getMsg HTTP/1.1" 200 27
120.253.135.82 - - [06/Aug/2020:10:43:07 +0800] "GET /xingrg/dwr/interface/AjaxReportQueryService.js HTTP/1.1" 200 13203
120.253.135.82 - - [06/Aug/2020:10:43:07 +0800] "GET /xingrg/dwr/interface/AjaxQqpsService.js HTTP/1.1" 200 16326
120.253.135.82 - - [06/Aug/2020:10:43:07 +0800] "GET /xingrg/dwr/engine.js HTTP/1.1" 200 43631
172.17.0.120 - - [06/Aug/2020:10:43:07 +0800] "GET /xingrg/check_reg.html?_=1596681784626 HTTP/1.1" 200 22
172.17.0.120 - - [06/Aug/2020:10:43:07 +0800] "GET /xingrg/all/function/internal_message.html?_=1596681784630&CODE_STATE=getMsg HTTP/1.1" 200 27
120.253.135.82 - - [06/Aug/2020:10:43:07 +0800] "GET /xingrg/kc/pszx/mdqp_order_list.html?state=10 HTTP/1.1" 200 10561
116.232.53.2 - - [06/Aug/2020:10:43:08 +0800] "GET /xingrg/kc/buy/cgsh_order_operate.html?command=get_materiel&rest_code=00109&code=00101012010&supplier_code=00100035&order_time=2020-08-06 HTTP/1.1" 200 409
180.175.214.200 - - [06/Aug/2020:10:43:08 +0800] "GET /xingrg/kc/base/wldb_order_operate.html?command=get_materiel&rest_code=00102&base_code=0010476&code=00101019185 HTTP/1.1" 200 454
114.88.161.57 - - [06/Aug/2020:10:43:08 +0800] "GET /xingrg/kc/buy/cgsh_order_operate.html?command=get_materiel&rest_code=00111&code=00101015038&supplier_code=00100037&order_time=2020-08-06 HTTP/1.1" 200 418
120.253.135.82 - - [06/Aug/2020:10:43:09 +0800] "GET /xingrg/kc/pszx/jzcl_ps.html HTTP/1.1" 200 7683
