172.17.0.100 - - [06/Aug/2020:06:18:44 +0800] "GET /xingrg/all/function/internal_message.html?_=1596665921517&CODE_STATE=getMsg HTTP/1.1" 200 27
120.253.135.82 - - [06/Aug/2020:06:18:48 +0800] "POST /xingrg/kc/pszx/mdps_list_operate.html HTTP/1.1" 200 4283
120.253.135.82 - - [06/Aug/2020:06:18:50 +0800] "POST /xingrg/kc/pszx/mdps_list_operate.html HTTP/1.1" 200 286
222.70.173.120 - - [06/Aug/2020:06:18:50 +0800] "GET /xingrg/all/function/internal_message.html?_=1596665944719&CODE_STATE=getMsg HTTP/1.1" 200 27
120.253.135.82 - - [06/Aug/2020:06:18:52 +0800] "GET /xingrg/kc/pszx/mdps_order_info.html?code=312020080600136 HTTP/1.1" 200 23849
120.253.135.82 - - [06/Aug/2020:06:18:53 +0800] "POST /xingrg/kc/pszx/mdps_order_operate.html HTTP/1.1" 200 2789
120.253.135.82 - - [06/Aug/2020:06:18:53 +0800] "GET /xingrg/javascript/easyui/themes/default/validatebox.css HTTP/1.1" 404 1104
114.89.80.44 - - [06/Aug/2020:06:18:56 +0800] "GET /xingrg/all/function/internal_message.html?_=1596665932572&CODE_STATE=getMsg HTTP/1.1" 200 27
120.253.135.82 - - [06/Aug/2020:06:19:02 +0800] "POST /xingrg/kc/pszx/mdps_order_operate.html HTTP/1.1" 200 37
120.253.135.82 - - [06/Aug/2020:06:19:03 +0800] "GET /xingrg/kc/pszx/mdps_order_info.html?code=312020080600136 HTTP/1.1" 200 23849
120.253.135.82 - - [06/Aug/2020:06:19:03 +0800] "POST /xingrg/kc/pszx/mdps_order_operate.html HTTP/1.1" 200 2310
120.253.135.82 - - [06/Aug/2020:06:19:03 +0800] "GET /xingrg/javascript/easyui/themes/default/validatebox.css HTTP/1.1" 404 1104
120.253.135.82 - - [06/Aug/2020:06:19:08 +0800] "POST /xingrg/kc/pszx/mdps_list_operate.html HTTP/1.1" 200 4283
120.253.135.82 - - [06/Aug/2020:06:19:10 +0800] "POST /xingrg/kc/pszx/mdps_list_operate.html HTTP/1.1" 200 201
120.253.135.82 - - [06/Aug/2020:06:19:15 +0800] "GET /xingrg/kc/pszx/mdps_order_add.html HTTP/1.1" 200 28958
120.253.135.82 - - [06/Aug/2020:06:19:15 +0800] "POST /xingrg/kc/pszx/mdps_order_operate.html HTTP/1.1" 200 7126
120.253.135.82 - - [06/Aug/2020:06:19:15 +0800] "GET /xingrg/javascript/easyui/themes/default/validatebox.css HTTP/1.1" 404 1104
222.70.173.120 - - [06/Aug/2020:06:19:20 +0800] "GET /xingrg/check_reg.html?_=1596666001102 HTTP/1.1" 200 22
120.253.135.82 - - [06/Aug/2020:06:19:23 +0800] "GET /xingrg/all/function/internal_message.html?_=1596665714260&CODE_STATE=getMsg HTTP/1.1" 200 27
114.88.161.57 - - [06/Aug/2020:06:19:28 +0800] "GET /xingrg/all/function/internal_message.html?_=1596665964805&CODE_STATE=getMsg HTTP/1.1" 200 27
222.70.173.120 - - [06/Aug/2020:06:19:29 +0800] "GET /xingrg/check_reg.html?_=1596665983061 HTTP/1.1" 200 22
114.89.80.44 - - [06/Aug/2020:06:19:40 +0800] "GET /xingrg/all/function/internal_message.html?_=1596666110925&CODE_STATE=getMsg HTTP/1.1" 200 27
114.84.32.201 - - [06/Aug/2020:06:19:41 +0800] "GET /xingrg/all/function/internal_message.html?_=1596665971380&CODE_STATE=getMsg HTTP/1.1" 200 27
114.84.32.201 - - [06/Aug/2020:06:19:41 +0800] "GET /xingrg/check_reg.html?_=1596665971381 HTTP/1.1" 200 22
172.17.0.100 - - [06/Aug/2020:06:19:44 +0800] "GET /xingrg/all/function/internal_message.html?_=1596665981515&CODE_STATE=getMsg HTTP/1.1" 200 27
120.253.135.82 - - [06/Aug/2020:06:19:46 +0800] "GET /xingrg/css/images/panel_loading.gif HTTP/1.1" 200 1737
120.253.135.82 - - [06/Aug/2020:06:19:46 +0800] "POST /xingrg/all/common/load_combo.html?type=base HTTP/1.1" 200 899
222.70.173.120 - - [06/Aug/2020:06:19:50 +0800] "GET /xingrg/all/function/internal_message.html?_=1596666004725&CODE_STATE=getMsg HTTP/1.1" 200 27
120.253.135.82 - - [06/Aug/2020:06:19:55 +0800] "GET /xingrg/kc/pszx/mdps_order_operate.html?command=get_materiel&pszx_code=00101&rest_code=00150&base_code=0010246&code=00101019163 HTTP/1.1" 200 427
114.89.80.44 - - [06/Aug/2020:06:19:56 +0800] "GET /xingrg/all/function/internal_message.html?_=1596665992570&CODE_STATE=getMsg HTTP/1.1" 200 27
120.253.135.82 - - [06/Aug/2020:06:20:01 +0800] "POST /xingrg/kc/pszx/mdps_order_operate.html HTTP/1.1" 200 37
120.253.135.82 - - [06/Aug/2020:06:20:02 +0800] "GET /xingrg/kc/pszx/mdps_order_info.html?code=312020080600138 HTTP/1.1" 200 23849
120.253.135.82 - - [06/Aug/2020:06:20:03 +0800] "POST /xingrg/kc/pszx/mdps_order_operate.html HTTP/1.1" 200 2266
120.253.135.82 - - [06/Aug/2020:06:20:03 +0800] "GET /xingrg/javascript/easyui/themes/default/validatebox.css HTTP/1.1" 404 1104
120.253.135.82 - - [06/Aug/2020:06:20:04 +0800] "POST /xingrg/kc/pszx/mdps_list_operate.html HTTP/1.1" 200 4652
120.253.135.82 - - [06/Aug/2020:06:20:22 +0800] "POST /xingrg/kc/pszx/mdps_list_operate.html HTTP/1.1" 200 215
120.253.135.82 - - [06/Aug/2020:06:20:23 +0800] "GET /xingrg/all/function/internal_message.html?_=1596665774273&CODE_STATE=getMsg HTTP/1.1" 200 27
120.253.135.82 - - [06/Aug/2020:06:20:24 +0800] "POST /xingrg/kc/pszx/mdps_list_operate.html HTTP/1.1" 200 394
114.88.161.57 - - [06/Aug/2020:06:20:28 +0800] "GET /xingrg/all/function/internal_message.html?_=1596666024805&CODE_STATE=getMsg HTTP/1.1" 200 27
120.253.135.82 - - [06/Aug/2020:06:20:28 +0800] "GET /xingrg/kc/pszx/mdps_order_info.html?code=312020080600136 HTTP/1.1" 200 23849
120.253.135.82 - - [06/Aug/2020:06:20:29 +0800] "POST /xingrg/kc/pszx/mdps_order_operate.html HTTP/1.1" 200 2310
120.253.135.82 - - [06/Aug/2020:06:20:29 +0800] "GET /xingrg/javascript/easyui/themes/default/validatebox.css HTTP/1.1" 404 1104
120.253.135.82 - - [06/Aug/2020:06:20:32 +0800] "GET /xingrg/kc/print/load_config.html?kc_code=mdps HTTP/1.1" 200 2396
120.253.135.82 - - [06/Aug/2020:06:20:32 +0800] "GET /xingrg/kc/print/load_data.html?order_code=312020080600136&kc_code=mdps&condition= HTTP/1.1" 200 721
120.253.135.82 - - [06/Aug/2020:06:20:37 +0800] "POST /xingrg/kc/pszx/mdps_list_operate.html HTTP/1.1" 200 4652
114.89.80.44 - - [06/Aug/2020:06:20:40 +0800] "GET /xingrg/all/function/internal_message.html?_=1596666170934&CODE_STATE=getMsg HTTP/1.1" 200 27
120.253.135.82 - - [06/Aug/2020:06:20:40 +0800] "POST /xingrg/kc/pszx/mdps_list_operate.html HTTP/1.1" 200 205
120.253.135.82 - - [06/Aug/2020:06:20:41 +0800] "GET /xingrg/kc/pszx/mdps_order_info.html?code=312020080600137 HTTP/1.1" 200 23849
120.253.135.82 - - [06/Aug/2020:06:20:41 +0800] "POST /xingrg/kc/pszx/mdps_order_operate.html HTTP/1.1" 200 2290
120.253.135.82 - - [06/Aug/2020:06:20:41 +0800] "GET /xingrg/javascript/easyui/themes/default/validatebox.css HTTP/1.1" 404 1104
114.84.32.201 - - [06/Aug/2020:06:20:41 +0800] "GET /xingrg/all/function/internal_message.html?_=1596666031380&CODE_STATE=getMsg HTTP/1.1" 200 27
120.253.135.82 - - [06/Aug/2020:06:20:43 +0800] "GET /xingrg/kc/print/load_data.html?order_code=312020080600137&kc_code=mdps&condition= HTTP/1.1" 200 701
172.17.0.100 - - [06/Aug/2020:06:20:44 +0800] "GET /xingrg/all/function/internal_message.html?_=1596666041559&CODE_STATE=getMsg HTTP/1.1" 200 27
222.70.173.120 - - [06/Aug/2020:06:20:50 +0800] "GET /xingrg/all/function/internal_message.html?_=1596666064738&CODE_STATE=getMsg HTTP/1.1" 200 27
114.89.80.44 - - [06/Aug/2020:06:20:56 +0800] "GET /xingrg/all/function/internal_message.html?_=1596666052569&CODE_STATE=getMsg HTTP/1.1" 200 27
120.253.135.82 - - [06/Aug/2020:06:21:23 +0800] "GET /xingrg/all/function/internal_message.html?_=1596665834307&CODE_STATE=getMsg HTTP/1.1" 200 27
114.88.161.57 - - [06/Aug/2020:06:21:28 +0800] "GET /xingrg/all/function/internal_message.html?_=1596666084836&CODE_STATE=getMsg HTTP/1.1" 200 27
114.89.80.44 - - [06/Aug/2020:06:21:40 +0800] "GET /xingrg/all/function/internal_message.html?_=1596666230953&CODE_STATE=getMsg HTTP/1.1" 200 27
114.84.32.201 - - [06/Aug/2020:06:21:41 +0800] "GET /xingrg/all/function/internal_message.html?_=1596666091379&CODE_STATE=getMsg HTTP/1.1" 200 27
172.17.0.100 - - [06/Aug/2020:06:21:44 +0800] "GET /xingrg/all/function/internal_message.html?_=1596666101558&CODE_STATE=getMsg HTTP/1.1" 200 27
172.17.0.100 - - [06/Aug/2020:06:21:44 +0800] "GET /xingrg/check_reg.html?_=1596666101557 HTTP/1.1" 200 22
114.88.161.57 - - [06/Aug/2020:06:21:47 +0800] "GET /xingrg/check_reg.html?_=1596666103933 HTTP/1.1" 200 22
222.70.173.120 - - [06/Aug/2020:06:21:51 +0800] "GET /xingrg/all/function/internal_message.html?_=1596666124956&CODE_STATE=getMsg HTTP/1.1" 200 27
114.89.80.44 - - [06/Aug/2020:06:21:56 +0800] "GET /xingrg/all/function/internal_message.html?_=1596666112570&CODE_STATE=getMsg HTTP/1.1" 200 27
120.253.135.82 - - [06/Aug/2020:06:22:23 +0800] "GET /xingrg/check_reg.html?_=1596665894178 HTTP/1.1" 200 22
120.253.135.82 - - [06/Aug/2020:06:22:23 +0800] "GET /xingrg/all/function/internal_message.html?_=1596665894316&CODE_STATE=getMsg HTTP/1.1" 200 27
114.88.161.57 - - [06/Aug/2020:06:22:28 +0800] "GET /xingrg/all/function/internal_message.html?_=1596666144848&CODE_STATE=getMsg HTTP/1.1" 200 27
114.89.80.44 - - [06/Aug/2020:06:22:30 +0800] "GET /xingrg/check_reg.html?_=1596666280900 HTTP/1.1" 200 22
114.89.80.44 - - [06/Aug/2020:06:22:40 +0800] "GET /xingrg/all/function/internal_message.html?_=1596666290962&CODE_STATE=getMsg HTTP/1.1" 200 27
114.84.32.201 - - [06/Aug/2020:06:22:41 +0800] "GET /xingrg/all/function/internal_message.html?_=1596666151379&CODE_STATE=getMsg HTTP/1.1" 200 27
172.17.0.100 - - [06/Aug/2020:06:22:44 +0800] "GET /xingrg/all/function/internal_message.html?_=1596666161556&CODE_STATE=getMsg HTTP/1.1" 200 27
222.70.173.120 - - [06/Aug/2020:06:22:51 +0800] "GET /xingrg/all/function/internal_message.html?_=1596666184968&CODE_STATE=getMsg HTTP/1.1" 200 27
114.89.80.44 - - [06/Aug/2020:06:22:56 +0800] "GET /xingrg/all/function/internal_message.html?_=1596666172570&CODE_STATE=getMsg HTTP/1.1" 200 27
114.89.80.44 - - [06/Aug/2020:06:22:56 +0800] "GET /xingrg/check_reg.html?_=1596666172572 HTTP/1.1" 200 22
120.253.135.82 - - [06/Aug/2020:06:23:23 +0800] "GET /xingrg/all/function/internal_message.html?_=1596665954330&CODE_STATE=getMsg HTTP/1.1" 200 27
114.88.161.57 - - [06/Aug/2020:06:23:28 +0800] "GET /xingrg/all/function/internal_message.html?_=1596666204861&CODE_STATE=getMsg HTTP/1.1" 200 27
114.89.80.44 - - [06/Aug/2020:06:23:40 +0800] "GET /xingrg/all/function/internal_message.html?_=1596666350975&CODE_STATE=getMsg HTTP/1.1" 200 27
114.84.32.201 - - [06/Aug/2020:06:23:41 +0800] "GET /xingrg/all/function/internal_message.html?_=1596666211383&CODE_STATE=getMsg HTTP/1.1" 200 27
172.17.0.100 - - [06/Aug/2020:06:23:44 +0800] "GET /xingrg/all/function/internal_message.html?_=1596666221554&CODE_STATE=getMsg HTTP/1.1" 200 27
222.70.173.120 - - [06/Aug/2020:06:23:51 +0800] "GET /xingrg/all/function/internal_message.html?_=1596666245183&CODE_STATE=getMsg HTTP/1.1" 200 27
120.253.135.82 - - [06/Aug/2020:06:23:55 +0800] "POST /xingrg/kc/pszx/mdps_list_operate.html HTTP/1.1" 200 4652
114.89.80.44 - - [06/Aug/2020:06:23:56 +0800] "GET /xingrg/all/function/internal_message.html?_=1596666232596&CODE_STATE=getMsg HTTP/1.1" 200 27
120.253.135.82 - - [06/Aug/2020:06:24:02 +0800] "POST /xingrg/kc/pszx/mdps_list_operate.html HTTP/1.1" 200 3522
120.253.135.82 - - [06/Aug/2020:06:24:03 +0800] "POST /xingrg/kc/pszx/mdps_list_operate.html HTTP/1.1" 200 625
120.253.135.82 - - [06/Aug/2020:06:24:04 +0800] "GET /xingrg/kc/pszx/mdps_order_info.html?code=312020080500114 HTTP/1.1" 200 23847
120.253.135.82 - - [06/Aug/2020:06:24:05 +0800] "GET /xingrg/javascript/easyui/themes/default/validatebox.css HTTP/1.1" 404 1104
120.253.135.82 - - [06/Aug/2020:06:24:05 +0800] "POST /xingrg/kc/pszx/mdps_order_operate.html HTTP/1.1" 200 16066
222.70.173.120 - - [06/Aug/2020:06:24:20 +0800] "GET /xingrg/check_reg.html?_=1596666301102 HTTP/1.1" 200 22
120.253.135.82 - - [06/Aug/2020:06:24:23 +0800] "GET /xingrg/all/function/internal_message.html?_=1596666014377&CODE_STATE=getMsg HTTP/1.1" 200 27
114.88.161.57 - - [06/Aug/2020:06:24:28 +0800] "GET /xingrg/all/function/internal_message.html?_=1596666264887&CODE_STATE=getMsg HTTP/1.1" 200 27
222.70.173.120 - - [06/Aug/2020:06:24:29 +0800] "GET /xingrg/check_reg.html?_=1596666283066 HTTP/1.1" 200 22
114.89.80.44 - - [06/Aug/2020:06:24:40 +0800] "GET /xingrg/all/function/internal_message.html?_=1596666410993&CODE_STATE=getMsg HTTP/1.1" 200 27
114.84.32.201 - - [06/Aug/2020:06:24:41 +0800] "GET /xingrg/all/function/internal_message.html?_=1596666271381&CODE_STATE=getMsg HTTP/1.1" 200 27
114.84.32.201 - - [06/Aug/2020:06:24:41 +0800] "GET /xingrg/check_reg.html?_=1596666271382 HTTP/1.1" 200 22
172.17.0.100 - - [06/Aug/2020:06:24:44 +0800] "GET /xingrg/all/function/internal_message.html?_=1596666281552&CODE_STATE=getMsg HTTP/1.1" 200 27
120.253.135.82 - - [06/Aug/2020:06:24:48 +0800] "POST /xingrg/kc/pszx/mdps_list_operate.html HTTP/1.1" 200 3522
120.253.135.82 - - [06/Aug/2020:06:24:49 +0800] "POST /xingrg/kc/pszx/mdps_list_operate.html HTTP/1.1" 200 203
120.253.135.82 - - [06/Aug/2020:06:24:51 +0800] "POST /xingrg/kc/pszx/mdps_list_operate.html HTTP/1.1" 200 200
222.70.173.120 - - [06/Aug/2020:06:24:51 +0800] "GET /xingrg/all/function/internal_message.html?_=1596666305183&CODE_STATE=getMsg HTTP/1.1" 200 27
120.253.135.82 - - [06/Aug/2020:06:24:53 +0800] "POST /xingrg/kc/pszx/mdps_list_operate.html HTTP/1.1" 200 202
120.253.135.82 - - [06/Aug/2020:06:24:56 +0800] "POST /xingrg/kc/pszx/mdps_list_operate.html HTTP/1.1" 200 211
114.89.80.44 - - [06/Aug/2020:06:24:56 +0800] "GET /xingrg/all/function/internal_message.html?_=1596666292598&CODE_STATE=getMsg HTTP/1.1" 200 27
120.253.135.82 - - [06/Aug/2020:06:24:58 +0800] "POST /xingrg/kc/pszx/mdps_list_operate.html HTTP/1.1" 200 363
120.253.135.82 - - [06/Aug/2020:06:25:23 +0800] "GET /xingrg/all/function/internal_message.html?_=1596666074423&CODE_STATE=getMsg HTTP/1.1" 200 27
114.88.161.57 - - [06/Aug/2020:06:25:28 +0800] "GET /xingrg/all/function/internal_message.html?_=1596666324888&CODE_STATE=getMsg HTTP/1.1" 200 27
114.89.80.44 - - [06/Aug/2020:06:25:40 +0800] "GET /xingrg/all/function/internal_message.html?_=1596666471003&CODE_STATE=getMsg HTTP/1.1" 200 27
114.84.32.201 - - [06/Aug/2020:06:25:41 +0800] "GET /xingrg/all/function/internal_message.html?_=1596666331381&CODE_STATE=getMsg HTTP/1.1" 200 27
172.17.0.100 - - [06/Aug/2020:06:25:44 +0800] "GET /xingrg/all/function/internal_message.html?_=1596666341549&CODE_STATE=getMsg HTTP/1.1" 200 27
222.70.173.120 - - [06/Aug/2020:06:25:51 +0800] "GET /xingrg/all/function/internal_message.html?_=1596666365196&CODE_STATE=getMsg HTTP/1.1" 200 27
114.89.80.44 - - [06/Aug/2020:06:25:56 +0800] "GET /xingrg/all/function/internal_message.html?_=1596666352598&CODE_STATE=getMsg HTTP/1.1" 200 27
120.253.135.82 - - [06/Aug/2020:06:26:22 +0800] "POST /xingrg/kc/pszx/mdps_list_operate.html HTTP/1.1" 200 3128
120.253.135.82 - - [06/Aug/2020:06:26:23 +0800] "GET /xingrg/all/function/internal_message.html?_=1596666134433&CODE_STATE=getMsg HTTP/1.1" 200 27
120.253.135.82 - - [06/Aug/2020:06:26:24 +0800] "POST /xingrg/kc/pszx/mdps_list_operate.html HTTP/1.1" 200 628
120.253.135.82 - - [06/Aug/2020:06:26:27 +0800] "POST /xingrg/kc/pszx/mdps_list_operate.html HTTP/1.1" 200 209
114.88.161.57 - - [06/Aug/2020:06:26:28 +0800] "GET /xingrg/all/function/internal_message.html?_=1596666384916&CODE_STATE=getMsg HTTP/1.1" 200 27
120.253.135.82 - - [06/Aug/2020:06:26:30 +0800] "POST /xingrg/kc/pszx/mdps_list_operate.html HTTP/1.1" 200 319
120.253.135.82 - - [06/Aug/2020:06:26:32 +0800] "GET /xingrg/kc/pszx/mdps_order_info.html?code=312020080500121 HTTP/1.1" 200 23843
120.253.135.82 - - [06/Aug/2020:06:26:33 +0800] "POST /xingrg/kc/pszx/mdps_order_operate.html HTTP/1.1" 200 2849
120.253.135.82 - - [06/Aug/2020:06:26:33 +0800] "GET /xingrg/javascript/easyui/themes/default/validatebox.css HTTP/1.1" 404 1104
120.253.135.82 - - [06/Aug/2020:06:26:35 +0800] "POST /xingrg/kc/pszx/mdps_list_operate.html HTTP/1.1" 200 3128
120.253.135.82 - - [06/Aug/2020:06:26:36 +0800] "POST /xingrg/kc/pszx/mdps_list_operate.html HTTP/1.1" 200 278
120.253.135.82 - - [06/Aug/2020:06:26:37 +0800] "GET /xingrg/kc/pszx/mdps_order_info.html?code=312020080500122 HTTP/1.1" 200 23841
120.253.135.82 - - [06/Aug/2020:06:26:37 +0800] "POST /xingrg/kc/pszx/mdps_order_operate.html HTTP/1.1" 200 2780
120.253.135.82 - - [06/Aug/2020:06:26:37 +0800] "GET /xingrg/javascript/easyui/themes/default/validatebox.css HTTP/1.1" 404 1104
114.89.80.44 - - [06/Aug/2020:06:26:40 +0800] "GET /xingrg/all/function/internal_message.html?_=1596666531021&CODE_STATE=getMsg HTTP/1.1" 200 27
120.253.135.82 - - [06/Aug/2020:06:26:40 +0800] "POST /xingrg/kc/pszx/mdps_list_operate.html HTTP/1.1" 200 3128
114.84.32.201 - - [06/Aug/2020:06:26:41 +0800] "GET /xingrg/all/function/internal_message.html?_=1596666391396&CODE_STATE=getMsg HTTP/1.1" 200 27
120.253.135.82 - - [06/Aug/2020:06:26:42 +0800] "POST /xingrg/kc/pszx/mdps_list_operate.html HTTP/1.1" 200 456
120.253.135.82 - - [06/Aug/2020:06:26:43 +0800] "GET /xingrg/kc/pszx/mdps_order_info.html?code=312020080500131 HTTP/1.1" 200 23843
120.253.135.82 - - [06/Aug/2020:06:26:43 +0800] "POST /xingrg/kc/pszx/mdps_order_operate.html HTTP/1.1" 200 3814
120.253.135.82 - - [06/Aug/2020:06:26:43 +0800] "GET /xingrg/javascript/easyui/themes/default/validatebox.css HTTP/1.1" 404 1104
172.17.0.100 - - [06/Aug/2020:06:26:44 +0800] "GET /xingrg/all/function/internal_message.html?_=1596666401576&CODE_STATE=getMsg HTTP/1.1" 200 27
172.17.0.100 - - [06/Aug/2020:06:26:44 +0800] "GET /xingrg/check_reg.html?_=1596666401576 HTTP/1.1" 200 22
114.88.161.57 - - [06/Aug/2020:06:26:47 +0800] "GET /xingrg/check_reg.html?_=1596666403937 HTTP/1.1" 200 22
120.253.135.82 - - [06/Aug/2020:06:26:50 +0800] "POST /xingrg/kc/pszx/mdps_list_operate.html HTTP/1.1" 200 3128
222.70.173.120 - - [06/Aug/2020:06:26:51 +0800] "GET /xingrg/all/function/internal_message.html?_=1596666425442&CODE_STATE=getMsg HTTP/1.1" 200 27
114.89.80.44 - - [06/Aug/2020:06:26:56 +0800] "GET /xingrg/all/function/internal_message.html?_=1596666412624&CODE_STATE=getMsg HTTP/1.1" 200 27
120.253.135.82 - - [06/Aug/2020:06:27:09 +0800] "POST /xingrg/kc/pszx/mdps_list_operate.html HTTP/1.1" 200 3128
120.253.135.82 - - [06/Aug/2020:06:27:16 +0800] "POST /xingrg/kc/pszx/mdps_list_operate.html HTTP/1.1" 200 3859
120.253.135.82 - - [06/Aug/2020:06:27:18 +0800] "POST /xingrg/kc/pszx/mdps_list_operate.html HTTP/1.1" 200 202
120.253.135.82 - - [06/Aug/2020:06:27:19 +0800] "POST /xingrg/kc/pszx/mdps_list_operate.html HTTP/1.1" 200 631
120.253.135.82 - - [06/Aug/2020:06:27:23 +0800] "GET /xingrg/check_reg.html?_=1596666194181 HTTP/1.1" 200 22
120.253.135.82 - - [06/Aug/2020:06:27:23 +0800] "GET /xingrg/all/function/internal_message.html?_=1596666194446&CODE_STATE=getMsg HTTP/1.1" 200 27
120.253.135.82 - - [06/Aug/2020:06:27:25 +0800] "POST /xingrg/kc/pszx/mdps_list_operate.html HTTP/1.1" 200 233
120.253.135.82 - - [06/Aug/2020:06:27:27 +0800] "POST /xingrg/kc/pszx/mdps_list_operate.html HTTP/1.1" 200 202
114.88.161.57 - - [06/Aug/2020:06:27:28 +0800] "GET /xingrg/all/function/internal_message.html?_=1596666444931&CODE_STATE=getMsg HTTP/1.1" 200 27
120.253.135.82 - - [06/Aug/2020:06:27:29 +0800] "POST /xingrg/kc/pszx/mdps_list_operate.html HTTP/1.1" 200 621
114.89.80.44 - - [06/Aug/2020:06:27:30 +0800] "GET /xingrg/check_reg.html?_=1596666580911 HTTP/1.1" 200 22
120.253.135.82 - - [06/Aug/2020:06:27:32 +0800] "GET /xingrg/kc/pszx/mdps_order_info.html?code=312020080500113 HTTP/1.1" 200 23843
120.253.135.82 - - [06/Aug/2020:06:27:32 +0800] "GET /xingrg/javascript/easyui/themes/default/validatebox.css HTTP/1.1" 404 1104
120.253.135.82 - - [06/Aug/2020:06:27:32 +0800] "POST /xingrg/kc/pszx/mdps_order_operate.html HTTP/1.1" 200 24672
114.89.80.44 - - [06/Aug/2020:06:27:40 +0800] "GET /xingrg/all/function/internal_message.html?_=1596666591029&CODE_STATE=getMsg HTTP/1.1" 200 27
114.84.32.201 - - [06/Aug/2020:06:27:41 +0800] "GET /xingrg/all/function/internal_message.html?_=1596666451398&CODE_STATE=getMsg HTTP/1.1" 200 27
172.17.0.100 - - [06/Aug/2020:06:27:44 +0800] "GET /xingrg/all/function/internal_message.html?_=1596666461574&CODE_STATE=getMsg HTTP/1.1" 200 27
222.70.173.120 - - [06/Aug/2020:06:27:51 +0800] "GET /xingrg/all/function/internal_message.html?_=1596666485442&CODE_STATE=getMsg HTTP/1.1" 200 27
114.89.80.44 - - [06/Aug/2020:06:27:56 +0800] "GET /xingrg/check_reg.html?_=1596666472608 HTTP/1.1" 200 22
114.89.80.44 - - [06/Aug/2020:06:27:56 +0800] "GET /xingrg/all/function/internal_message.html?_=1596666472611&CODE_STATE=getMsg HTTP/1.1" 200 27
120.253.135.82 - - [06/Aug/2020:06:28:08 +0800] "POST /xingrg/kc/pszx/mdps_list_operate.html HTTP/1.1" 200 3859
120.253.135.82 - - [06/Aug/2020:06:28:10 +0800] "POST /xingrg/kc/pszx/mdps_list_operate.html HTTP/1.1" 200 360
120.253.135.82 - - [06/Aug/2020:06:28:12 +0800] "POST /xingrg/kc/pszx/mdps_list_operate.html HTTP/1.1" 200 364
120.253.135.82 - - [06/Aug/2020:06:28:16 +0800] "POST /xingrg/kc/pszx/mdps_list_operate.html HTTP/1.1" 200 621
120.253.135.82 - - [06/Aug/2020:06:28:17 +0800] "POST /xingrg/kc/pszx/mdps_list_operate.html HTTP/1.1" 200 202
120.253.135.82 - - [06/Aug/2020:06:28:18 +0800] "POST /xingrg/kc/pszx/mdps_list_operate.html HTTP/1.1" 200 233
120.253.135.82 - - [06/Aug/2020:06:28:20 +0800] "POST /xingrg/kc/pszx/mdps_list_operate.html HTTP/1.1" 200 631
120.253.135.82 - - [06/Aug/2020:06:28:22 +0800] "POST /xingrg/kc/pszx/mdps_list_operate.html HTTP/1.1" 200 202
120.253.135.82 - - [06/Aug/2020:06:28:23 +0800] "GET /xingrg/all/function/internal_message.html?_=1596666254460&CODE_STATE=getMsg HTTP/1.1" 200 27
114.88.161.57 - - [06/Aug/2020:06:28:28 +0800] "GET /xingrg/all/function/internal_message.html?_=1596666504946&CODE_STATE=getMsg HTTP/1.1" 200 27
114.89.80.44 - - [06/Aug/2020:06:28:40 +0800] "GET /xingrg/all/function/internal_message.html?_=1596666651042&CODE_STATE=getMsg HTTP/1.1" 200 27
114.84.32.201 - - [06/Aug/2020:06:28:41 +0800] "GET /xingrg/all/function/internal_message.html?_=1596666511397&CODE_STATE=getMsg HTTP/1.1" 200 27
172.17.0.100 - - [06/Aug/2020:06:28:44 +0800] "GET /xingrg/all/function/internal_message.html?_=1596666521588&CODE_STATE=getMsg HTTP/1.1" 200 27
222.70.173.120 - - [06/Aug/2020:06:28:51 +0800] "GET /xingrg/all/function/internal_message.html?_=1596666545671&CODE_STATE=getMsg HTTP/1.1" 200 27
114.89.80.44 - - [06/Aug/2020:06:28:56 +0800] "GET /xingrg/all/function/internal_message.html?_=1596666532610&CODE_STATE=getMsg HTTP/1.1" 200 27
120.253.135.82 - - [06/Aug/2020:06:29:05 +0800] "GET /xingrg/kc/pszx/mdqp_order_list.html?state=10 HTTP/1.1" 200 14553
120.253.135.82 - - [06/Aug/2020:06:29:05 +0800] "GET /xingrg/dwr/interface/AjaxReportQueryService.js HTTP/1.1" 200 13203
120.253.135.82 - - [06/Aug/2020:06:29:05 +0800] "GET /xingrg/dwr/engine.js HTTP/1.1" 200 43631
120.253.135.82 - - [06/Aug/2020:06:29:05 +0800] "GET /xingrg/dwr/interface/AjaxQqpsService.js HTTP/1.1" 200 16326
120.253.135.82 - - [06/Aug/2020:06:29:15 +0800] "GET /xingrg/kc/pszx/mdqp_order_info.html?code=302020080400066 HTTP/1.1" 200 13338
120.253.135.82 - - [06/Aug/2020:06:29:15 +0800] "GET /xingrg/dwr/interface/AjaxQqpsService.js HTTP/1.1" 200 16326
120.253.135.82 - - [06/Aug/2020:06:29:15 +0800] "GET /xingrg/dwr/interface/AjaxComOrderService.js HTTP/1.1" 200 18264
120.253.135.82 - - [06/Aug/2020:06:29:15 +0800] "GET /xingrg/dwr/engine.js HTTP/1.1" 200 43631
120.253.135.82 - - [06/Aug/2020:06:29:15 +0800] "POST /xingrg/dwr/call/plaincall/AjaxQqpsService.loadMaterielItems.dwr HTTP/1.1" 200 1369
222.70.173.120 - - [06/Aug/2020:06:29:20 +0800] "GET /xingrg/check_reg.html?_=1596666601112 HTTP/1.1" 200 22
120.253.135.82 - - [06/Aug/2020:06:29:21 +0800] "GET /xingrg/kc/pszx/mdqp_order_list.html?isBack=1 HTTP/1.1" 302 -
120.253.135.82 - - [06/Aug/2020:06:29:21 +0800] "GET /xingrg/kc/pszx/mdqp_order_list.html?state=10 HTTP/1.1" 200 14553
120.253.135.82 - - [06/Aug/2020:06:29:21 +0800] "GET /xingrg/dwr/interface/AjaxReportQueryService.js HTTP/1.1" 200 13203
120.253.135.82 - - [06/Aug/2020:06:29:21 +0800] "GET /xingrg/dwr/interface/AjaxQqpsService.js HTTP/1.1" 200 16326
120.253.135.82 - - [06/Aug/2020:06:29:22 +0800] "GET /xingrg/dwr/engine.js HTTP/1.1" 200 43631
120.253.135.82 - - [06/Aug/2020:06:29:23 +0800] "GET /xingrg/all/function/internal_message.html?_=1596666314474&CODE_STATE=getMsg HTTP/1.1" 200 27
120.253.135.82 - - [06/Aug/2020:06:29:24 +0800] "GET /xingrg/kc/pszx/mdqp_order_info.html?code=302020080500084 HTTP/1.1" 200 13338
120.253.135.82 - - [06/Aug/2020:06:29:24 +0800] "GET /xingrg/dwr/interface/AjaxQqpsService.js HTTP/1.1" 200 16326
120.253.135.82 - - [06/Aug/2020:06:29:24 +0800] "GET /xingrg/dwr/interface/AjaxComOrderService.js HTTP/1.1" 200 18264
120.253.135.82 - - [06/Aug/2020:06:29:24 +0800] "GET /xingrg/dwr/engine.js HTTP/1.1" 200 43631
120.253.135.82 - - [06/Aug/2020:06:29:24 +0800] "POST /xingrg/dwr/call/plaincall/AjaxQqpsService.loadMaterielItems.dwr HTTP/1.1" 200 4359
114.88.161.57 - - [06/Aug/2020:06:29:28 +0800] "GET /xingrg/all/function/internal_message.html?_=1596666564973&CODE_STATE=getMsg HTTP/1.1" 200 27
222.70.173.120 - - [06/Aug/2020:06:29:29 +0800] "GET /xingrg/check_reg.html?_=1596666583067 HTTP/1.1" 200 22
120.253.135.82 - - [06/Aug/2020:06:29:30 +0800] "GET /xingrg/images/yd/bt.gif HTTP/1.1" 404 1040
120.253.135.82 - - [06/Aug/2020:06:29:30 +0800] "GET /xingrg/images/yd/bt2.gif HTTP/1.1" 404 1042
120.253.135.82 - - [06/Aug/2020:06:29:37 +0800] "GET /xingrg/kc/pszx/mdqp_order_list.html?isBack=1 HTTP/1.1" 302 -
120.253.135.82 - - [06/Aug/2020:06:29:37 +0800] "GET /xingrg/kc/pszx/mdqp_order_list.html?state=10 HTTP/1.1" 200 14553
120.253.135.82 - - [06/Aug/2020:06:29:37 +0800] "GET /xingrg/dwr/interface/AjaxQqpsService.js HTTP/1.1" 200 16326
120.253.135.82 - - [06/Aug/2020:06:29:37 +0800] "GET /xingrg/dwr/interface/AjaxReportQueryService.js HTTP/1.1" 200 13203
120.253.135.82 - - [06/Aug/2020:06:29:37 +0800] "GET /xingrg/dwr/engine.js HTTP/1.1" 200 43631
120.253.135.82 - - [06/Aug/2020:06:29:38 +0800] "GET /xingrg/kc/pszx/mdqp_order_info.html?code=302020080500087 HTTP/1.1" 200 13338
120.253.135.82 - - [06/Aug/2020:06:29:38 +0800] "GET /xingrg/dwr/interface/AjaxComOrderService.js HTTP/1.1" 200 18264
120.253.135.82 - - [06/Aug/2020:06:29:38 +0800] "GET /xingrg/dwr/interface/AjaxQqpsService.js HTTP/1.1" 200 16326
120.253.135.82 - - [06/Aug/2020:06:29:38 +0800] "GET /xingrg/dwr/engine.js HTTP/1.1" 200 43631
120.253.135.82 - - [06/Aug/2020:06:29:39 +0800] "POST /xingrg/dwr/call/plaincall/AjaxQqpsService.loadMaterielItems.dwr HTTP/1.1" 200 6590
120.253.135.82 - - [06/Aug/2020:06:29:40 +0800] "GET /xingrg/images/yd/bt.gif HTTP/1.1" 404 1040
120.253.135.82 - - [06/Aug/2020:06:29:40 +0800] "GET /xingrg/images/yd/bt2.gif HTTP/1.1" 404 1042
114.89.80.44 - - [06/Aug/2020:06:29:40 +0800] "GET /xingrg/all/function/internal_message.html?_=1596666711061&CODE_STATE=getMsg HTTP/1.1" 200 27
114.84.32.201 - - [06/Aug/2020:06:29:41 +0800] "GET /xingrg/check_reg.html?_=1596666571395 HTTP/1.1" 200 22
114.84.32.201 - - [06/Aug/2020:06:29:41 +0800] "GET /xingrg/all/function/internal_message.html?_=1596666571396&CODE_STATE=getMsg HTTP/1.1" 200 27
172.17.0.100 - - [06/Aug/2020:06:29:44 +0800] "GET /xingrg/all/function/internal_message.html?_=1596666581586&CODE_STATE=getMsg HTTP/1.1" 200 27
120.253.135.82 - - [06/Aug/2020:06:29:47 +0800] "GET /xingrg/kc/pszx/mdqp_order_list.html?isBack=1 HTTP/1.1" 302 -
120.253.135.82 - - [06/Aug/2020:06:29:47 +0800] "GET /xingrg/kc/pszx/mdqp_order_list.html?state=10 HTTP/1.1" 200 14553
120.253.135.82 - - [06/Aug/2020:06:29:47 +0800] "GET /xingrg/dwr/interface/AjaxQqpsService.js HTTP/1.1" 200 16326
120.253.135.82 - - [06/Aug/2020:06:29:47 +0800] "GET /xingrg/dwr/interface/AjaxReportQueryService.js HTTP/1.1" 200 13203
120.253.135.82 - - [06/Aug/2020:06:29:47 +0800] "GET /xingrg/dwr/engine.js HTTP/1.1" 200 43631
222.70.173.120 - - [06/Aug/2020:06:29:51 +0800] "GET /xingrg/all/function/internal_message.html?_=1596666605673&CODE_STATE=getMsg HTTP/1.1" 200 27
120.253.135.82 - - [06/Aug/2020:06:29:51 +0800] "GET /xingrg/kc/pszx/jzcl_ps.html HTTP/1.1" 200 7683
120.253.135.82 - - [06/Aug/2020:06:29:52 +0800] "POST /xingrg/all/common/load_tree.html?tree=area_rest_tree_json HTTP/1.1" 200 3216
120.253.135.82 - - [06/Aug/2020:06:29:52 +0800] "POST /xingrg/kc/pszx/jzcl_ps_operate.html HTTP/1.1" 200 4926
120.253.135.82 - - [06/Aug/2020:06:29:52 +0800] "POST /xingrg/kc/pszx/jzcl_ps_operate.html HTTP/1.1" 200 4926
114.89.80.44 - - [06/Aug/2020:06:29:56 +0800] "GET /xingrg/all/function/internal_message.html?_=1596666592612&CODE_STATE=getMsg HTTP/1.1" 200 27
120.253.135.82 - - [06/Aug/2020:06:30:01 +0800] "POST /xingrg/kc/pszx/jzcl_ps_operate.html HTTP/1.1" 200 4
120.253.135.82 - - [06/Aug/2020:06:30:02 +0800] "GET /xingrg/kc/pszx/mdps_order_list.html HTTP/1.1" 200 21018
120.253.135.82 - - [06/Aug/2020:06:30:02 +0800] "POST /xingrg/kc/pszx/mdps_list_operate.html HTTP/1.1" 200 5368
120.253.135.82 - - [06/Aug/2020:06:30:02 +0800] "POST /xingrg/kc/pszx/jzcl_ps_operate.html HTTP/1.1" 200 3572
120.253.135.82 - - [06/Aug/2020:06:30:23 +0800] "GET /xingrg/all/function/internal_message.html?_=1596666374487&CODE_STATE=getMsg HTTP/1.1" 200 27
114.88.161.57 - - [06/Aug/2020:06:30:28 +0800] "GET /xingrg/all/function/internal_message.html?_=1596666624987&CODE_STATE=getMsg HTTP/1.1" 200 27
114.89.80.44 - - [06/Aug/2020:06:30:40 +0800] "GET /xingrg/all/function/internal_message.html?_=1596666771070&CODE_STATE=getMsg HTTP/1.1" 200 27
114.84.32.201 - - [06/Aug/2020:06:30:41 +0800] "GET /xingrg/all/function/internal_message.html?_=1596666631396&CODE_STATE=getMsg HTTP/1.1" 200 27
172.17.0.100 - - [06/Aug/2020:06:30:44 +0800] "GET /xingrg/all/function/internal_message.html?_=1596666641584&CODE_STATE=getMsg HTTP/1.1" 200 27
222.70.173.120 - - [06/Aug/2020:06:30:51 +0800] "GET /xingrg/all/function/internal_message.html?_=1596666665688&CODE_STATE=getMsg HTTP/1.1" 200 27
114.89.80.44 - - [06/Aug/2020:06:30:56 +0800] "GET /xingrg/all/function/internal_message.html?_=1596666652612&CODE_STATE=getMsg HTTP/1.1" 200 27
120.253.135.82 - - [06/Aug/2020:06:31:23 +0800] "GET /xingrg/all/function/internal_message.html?_=1596666434501&CODE_STATE=getMsg HTTP/1.1" 200 27
114.88.161.57 - - [06/Aug/2020:06:31:28 +0800] "GET /xingrg/all/function/internal_message.html?_=1596666685018&CODE_STATE=getMsg HTTP/1.1" 200 27
114.89.80.44 - - [06/Aug/2020:06:31:40 +0800] "GET /xingrg/all/function/internal_message.html?_=1596666831089&CODE_STATE=getMsg HTTP/1.1" 200 27
114.84.32.201 - - [06/Aug/2020:06:31:41 +0800] "GET /xingrg/all/function/internal_message.html?_=1596666691397&CODE_STATE=getMsg HTTP/1.1" 200 27
172.17.0.100 - - [06/Aug/2020:06:31:44 +0800] "GET /xingrg/check_reg.html?_=1596666701582 HTTP/1.1" 200 22
172.17.0.100 - - [06/Aug/2020:06:31:44 +0800] "GET /xingrg/all/function/internal_message.html?_=1596666701583&CODE_STATE=getMsg HTTP/1.1" 200 27
114.88.161.57 - - [06/Aug/2020:06:31:47 +0800] "GET /xingrg/check_reg.html?_=1596666703941 HTTP/1.1" 200 22
222.70.173.120 - - [06/Aug/2020:06:31:52 +0800] "GET /xingrg/all/function/internal_message.html?_=1596666725902&CODE_STATE=getMsg HTTP/1.1" 200 27
114.89.80.44 - - [06/Aug/2020:06:31:56 +0800] "GET /xingrg/all/function/internal_message.html?_=1596666712634&CODE_STATE=getMsg HTTP/1.1" 200 27
120.253.135.82 - - [06/Aug/2020:06:32:01 +0800] "POST /xingrg/kc/pszx/mdps_list_operate.html HTTP/1.1" 200 3134
120.253.135.82 - - [06/Aug/2020:06:32:03 +0800] "POST /xingrg/kc/pszx/mdps_list_operate.html HTTP/1.1" 200 288
120.253.135.82 - - [06/Aug/2020:06:32:06 +0800] "GET /xingrg/kc/pszx/mdps_order_info.html?code=312020080100034 HTTP/1.1" 200 23843
120.253.135.82 - - [06/Aug/2020:06:32:07 +0800] "POST /xingrg/kc/pszx/mdps_order_operate.html HTTP/1.1" 200 2801
120.253.135.82 - - [06/Aug/2020:06:32:07 +0800] "GET /xingrg/javascript/easyui/themes/default/validatebox.css HTTP/1.1" 404 1104
120.253.135.82 - - [06/Aug/2020:06:32:12 +0800] "POST /xingrg/kc/pszx/mdps_list_operate.html HTTP/1.1" 200 360
120.253.135.82 - - [06/Aug/2020:06:32:13 +0800] "GET /xingrg/kc/pszx/mdps_order_info.html?code=312020080500124 HTTP/1.1" 200 23843
120.253.135.82 - - [06/Aug/2020:06:32:13 +0800] "POST /xingrg/kc/pszx/mdps_order_operate.html HTTP/1.1" 200 3245
120.253.135.82 - - [06/Aug/2020:06:32:13 +0800] "GET /xingrg/javascript/easyui/themes/default/validatebox.css HTTP/1.1" 404 1104
120.253.135.82 - - [06/Aug/2020:06:32:15 +0800] "POST /xingrg/kc/pszx/mdps_list_operate.html HTTP/1.1" 200 3134
120.253.135.82 - - [06/Aug/2020:06:32:17 +0800] "POST /xingrg/kc/pszx/mdps_list_operate.html HTTP/1.1" 200 613
120.253.135.82 - - [06/Aug/2020:06:32:18 +0800] "GET /xingrg/kc/pszx/mdps_order_info.html?code=312020080600139 HTTP/1.1" 200 23843
120.253.135.82 - - [06/Aug/2020:06:32:19 +0800] "POST /xingrg/kc/pszx/mdps_order_operate.html HTTP/1.1" 200 9172
120.253.135.82 - - [06/Aug/2020:06:32:19 +0800] "GET /xingrg/javascript/easyui/themes/default/validatebox.css HTTP/1.1" 404 1104
120.253.135.82 - - [06/Aug/2020:06:32:20 +0800] "POST /xingrg/all/common/load_combo.html?type=base HTTP/1.1" 200 899
120.253.135.82 - - [06/Aug/2020:06:32:24 +0800] "GET /xingrg/check_reg.html?_=1596666495278 HTTP/1.1" 200 22
120.253.135.82 - - [06/Aug/2020:06:32:24 +0800] "POST /xingrg/kc/pszx/mdps_order_operate.html HTTP/1.1" 200 37
120.253.135.82 - - [06/Aug/2020:06:32:25 +0800] "GET /xingrg/kc/pszx/mdps_order_info.html?code=312020080600139 HTTP/1.1" 200 23843
120.253.135.82 - - [06/Aug/2020:06:32:25 +0800] "GET /xingrg/javascript/easyui/themes/default/validatebox.css HTTP/1.1" 404 1104
120.253.135.82 - - [06/Aug/2020:06:32:25 +0800] "POST /xingrg/kc/pszx/mdps_order_operate.html HTTP/1.1" 200 9295
120.253.135.82 - - [06/Aug/2020:06:32:26 +0800] "GET /xingrg/all/function/internal_message.html?_=1596666497228&CODE_STATE=getMsg HTTP/1.1" 200 27
114.88.161.57 - - [06/Aug/2020:06:32:28 +0800] "GET /xingrg/all/function/internal_message.html?_=1596666745030&CODE_STATE=getMsg HTTP/1.1" 200 27
114.89.80.44 - - [06/Aug/2020:06:32:30 +0800] "GET /xingrg/check_reg.html?_=1596666880915 HTTP/1.1" 200 22
114.89.80.44 - - [06/Aug/2020:06:32:40 +0800] "GET /xingrg/all/function/internal_message.html?_=1596666891097&CODE_STATE=getMsg HTTP/1.1" 200 27
114.84.32.201 - - [06/Aug/2020:06:32:41 +0800] "GET /xingrg/all/function/internal_message.html?_=1596666751397&CODE_STATE=getMsg HTTP/1.1" 200 27
172.17.0.100 - - [06/Aug/2020:06:32:44 +0800] "GET /xingrg/all/function/internal_message.html?_=1596666761611&CODE_STATE=getMsg HTTP/1.1" 200 27
222.70.173.120 - - [06/Aug/2020:06:32:52 +0800] "GET /xingrg/all/function/internal_message.html?_=1596666785915&CODE_STATE=getMsg HTTP/1.1" 200 27
114.89.80.44 - - [06/Aug/2020:06:32:56 +0800] "GET /xingrg/check_reg.html?_=1596666772634 HTTP/1.1" 200 22
114.89.80.44 - - [06/Aug/2020:06:32:56 +0800] "GET /xingrg/all/function/internal_message.html?_=1596666772636&CODE_STATE=getMsg HTTP/1.1" 200 27
120.253.135.82 - - [06/Aug/2020:06:33:00 +0800] "GET /xingrg/kc/pszx/mdps_order_operate.html?command=get_materiel&pszx_code=00101&rest_code=00105&base_code=0010250&code=00102002770 HTTP/1.1" 200 436
120.253.135.82 - - [06/Aug/2020:06:33:08 +0800] "POST /xingrg/kc/pszx/mdps_order_operate.html HTTP/1.1" 200 37
120.253.135.82 - - [06/Aug/2020:06:33:09 +0800] "GET /xingrg/kc/pszx/mdps_order_info.html?code=312020080600139 HTTP/1.1" 200 23843
120.253.135.82 - - [06/Aug/2020:06:33:09 +0800] "GET /xingrg/javascript/easyui/themes/default/validatebox.css HTTP/1.1" 404 1104
120.253.135.82 - - [06/Aug/2020:06:33:09 +0800] "POST /xingrg/kc/pszx/mdps_order_operate.html HTTP/1.1" 200 9291
120.253.135.82 - - [06/Aug/2020:06:33:14 +0800] "POST /xingrg/kc/pszx/mdps_list_operate.html HTTP/1.1" 200 3134
120.253.135.82 - - [06/Aug/2020:06:33:18 +0800] "POST /xingrg/kc/pszx/mdps_list_operate.html HTTP/1.1" 200 613
120.253.135.82 - - [06/Aug/2020:06:33:19 +0800] "GET /xingrg/kc/pszx/mdps_order_info.html?code=312020080600139 HTTP/1.1" 200 23843
120.253.135.82 - - [06/Aug/2020:06:33:20 +0800] "GET /xingrg/javascript/easyui/themes/default/validatebox.css HTTP/1.1" 404 1104
120.253.135.82 - - [06/Aug/2020:06:33:20 +0800] "POST /xingrg/kc/pszx/mdps_order_operate.html HTTP/1.1" 200 9291
120.253.135.82 - - [06/Aug/2020:06:33:26 +0800] "GET /xingrg/all/function/internal_message.html?_=1596666557242&CODE_STATE=getMsg HTTP/1.1" 200 27
114.88.161.57 - - [06/Aug/2020:06:33:28 +0800] "GET /xingrg/all/function/internal_message.html?_=1596666805045&CODE_STATE=getMsg HTTP/1.1" 200 27
114.89.80.44 - - [06/Aug/2020:06:33:40 +0800] "GET /xingrg/all/function/internal_message.html?_=1596666951111&CODE_STATE=getMsg HTTP/1.1" 200 27
120.253.135.82 - - [06/Aug/2020:06:33:40 +0800] "POST /xingrg/kc/pszx/mdps_order_operate.html HTTP/1.1" 200 37
114.84.32.201 - - [06/Aug/2020:06:33:41 +0800] "GET /xingrg/all/function/internal_message.html?_=1596666811396&CODE_STATE=getMsg HTTP/1.1" 200 27
120.253.135.82 - - [06/Aug/2020:06:33:41 +0800] "GET /xingrg/kc/pszx/mdps_order_info.html?code=312020080600139 HTTP/1.1" 200 23843
120.253.135.82 - - [06/Aug/2020:06:33:42 +0800] "GET /xingrg/javascript/easyui/themes/default/validatebox.css HTTP/1.1" 404 1104
120.253.135.82 - - [06/Aug/2020:06:33:42 +0800] "POST /xingrg/kc/pszx/mdps_order_operate.html HTTP/1.1" 200 9291
120.253.135.82 - - [06/Aug/2020:06:33:44 +0800] "POST /xingrg/kc/pszx/mdps_list_operate.html HTTP/1.1" 200 3134
172.17.0.100 - - [06/Aug/2020:06:33:44 +0800] "GET /xingrg/all/function/internal_message.html?_=1596666821608&CODE_STATE=getMsg HTTP/1.1" 200 27
120.253.135.82 - - [06/Aug/2020:06:33:46 +0800] "POST /xingrg/kc/pszx/mdps_list_operate.html HTTP/1.1" 200 482
120.253.135.82 - - [06/Aug/2020:06:33:47 +0800] "GET /xingrg/kc/pszx/mdps_order_info.html?code=312020080600140 HTTP/1.1" 200 23843
120.253.135.82 - - [06/Aug/2020:06:33:48 +0800] "POST /xingrg/kc/pszx/mdps_order_operate.html HTTP/1.1" 200 3838
120.253.135.82 - - [06/Aug/2020:06:33:48 +0800] "GET /xingrg/javascript/easyui/themes/default/validatebox.css HTTP/1.1" 404 1104
120.253.135.82 - - [06/Aug/2020:06:33:50 +0800] "POST /xingrg/all/common/load_combo.html?type=base HTTP/1.1" 200 899
222.70.173.120 - - [06/Aug/2020:06:33:52 +0800] "GET /xingrg/all/function/internal_message.html?_=1596666846142&CODE_STATE=getMsg HTTP/1.1" 200 27
120.253.135.82 - - [06/Aug/2020:06:33:56 +0800] "POST /xingrg/kc/pszx/mdps_order_operate.html HTTP/1.1" 200 37
114.89.80.44 - - [06/Aug/2020:06:33:56 +0800] "GET /xingrg/all/function/internal_message.html?_=1596666832637&CODE_STATE=getMsg HTTP/1.1" 200 27
120.253.135.82 - - [06/Aug/2020:06:33:57 +0800] "GET /xingrg/kc/pszx/mdps_order_info.html?code=312020080600140 HTTP/1.1" 200 23841
120.253.135.82 - - [06/Aug/2020:06:33:57 +0800] "POST /xingrg/kc/pszx/mdps_order_operate.html HTTP/1.1" 200 3866
120.253.135.82 - - [06/Aug/2020:06:33:58 +0800] "GET /xingrg/javascript/easyui/themes/default/validatebox.css HTTP/1.1" 404 1104
120.253.135.82 - - [06/Aug/2020:06:34:02 +0800] "POST /xingrg/kc/pszx/mdps_list_operate.html HTTP/1.1" 200 3131
120.253.135.82 - - [06/Aug/2020:06:34:05 +0800] "POST /xingrg/kc/pszx/mdps_list_operate.html HTTP/1.1" 200 482
120.253.135.82 - - [06/Aug/2020:06:34:07 +0800] "POST /xingrg/kc/pszx/mdps_list_operate.html HTTP/1.1" 200 625
120.253.135.82 - - [06/Aug/2020:06:34:08 +0800] "GET /xingrg/kc/pszx/mdps_order_info.html?code=312020080600141 HTTP/1.1" 200 23843
120.253.135.82 - - [06/Aug/2020:06:34:09 +0800] "GET /xingrg/javascript/easyui/themes/default/validatebox.css HTTP/1.1" 404 1104
120.253.135.82 - - [06/Aug/2020:06:34:09 +0800] "POST /xingrg/kc/pszx/mdps_order_operate.html HTTP/1.1" 200 12349
120.253.135.82 - - [06/Aug/2020:06:34:11 +0800] "POST /xingrg/kc/pszx/mdps_order_operate.html HTTP/1.1" 200 37
120.253.135.82 - - [06/Aug/2020:06:34:12 +0800] "GET /xingrg/kc/pszx/mdps_order_info.html?code=312020080600141 HTTP/1.1" 200 23843
120.253.135.82 - - [06/Aug/2020:06:34:12 +0800] "GET /xingrg/javascript/easyui/themes/default/validatebox.css HTTP/1.1" 404 1104
120.253.135.82 - - [06/Aug/2020:06:34:12 +0800] "POST /xingrg/kc/pszx/mdps_order_operate.html HTTP/1.1" 200 12513
222.70.173.120 - - [06/Aug/2020:06:34:20 +0800] "GET /xingrg/check_reg.html?_=1596666901134 HTTP/1.1" 200 22
120.253.135.82 - - [06/Aug/2020:06:34:26 +0800] "GET /xingrg/all/function/internal_message.html?_=1596666617256&CODE_STATE=getMsg HTTP/1.1" 200 27
114.88.161.57 - - [06/Aug/2020:06:34:28 +0800] "GET /xingrg/all/function/internal_message.html?_=1596666865069&CODE_STATE=getMsg HTTP/1.1" 200 27
222.70.173.120 - - [06/Aug/2020:06:34:29 +0800] "GET /xingrg/check_reg.html?_=1596666883081 HTTP/1.1" 200 22
114.89.80.44 - - [06/Aug/2020:06:34:40 +0800] "GET /xingrg/all/function/internal_message.html?_=1596667011130&CODE_STATE=getMsg HTTP/1.1" 200 27
114.84.32.201 - - [06/Aug/2020:06:34:41 +0800] "GET /xingrg/all/function/internal_message.html?_=1596666871396&CODE_STATE=getMsg HTTP/1.1" 200 27
114.84.32.201 - - [06/Aug/2020:06:34:41 +0800] "GET /xingrg/check_reg.html?_=1596666871397 HTTP/1.1" 200 22
172.17.0.100 - - [06/Aug/2020:06:34:44 +0800] "GET /xingrg/all/function/internal_message.html?_=1596666881606&CODE_STATE=getMsg HTTP/1.1" 200 27
222.70.173.120 - - [06/Aug/2020:06:34:52 +0800] "GET /xingrg/all/function/internal_message.html?_=1596666906145&CODE_STATE=getMsg HTTP/1.1" 200 27
114.89.80.44 - - [06/Aug/2020:06:34:56 +0800] "GET /xingrg/all/function/internal_message.html?_=1596666892636&CODE_STATE=getMsg HTTP/1.1" 200 27
120.253.135.82 - - [06/Aug/2020:06:35:19 +0800] "POST /xingrg/kc/pszx/mdps_list_operate.html HTTP/1.1" 200 3131
120.253.135.82 - - [06/Aug/2020:06:35:26 +0800] "GET /xingrg/all/function/internal_message.html?_=1596666677270&CODE_STATE=getMsg HTTP/1.1" 200 27
120.253.135.82 - - [06/Aug/2020:06:35:27 +0800] "POST /xingrg/kc/pszx/mdps_list_operate.html HTTP/1.1" 200 288
114.88.161.57 - - [06/Aug/2020:06:35:28 +0800] "GET /xingrg/all/function/internal_message.html?_=1596666925073&CODE_STATE=getMsg HTTP/1.1" 200 27
120.253.135.82 - - [06/Aug/2020:06:35:29 +0800] "POST /xingrg/kc/pszx/mdps_list_operate.html HTTP/1.1" 200 360
120.253.135.82 - - [06/Aug/2020:06:35:30 +0800] "POST /xingrg/kc/pszx/mdps_list_operate.html HTTP/1.1" 200 613
120.253.135.82 - - [06/Aug/2020:06:35:32 +0800] "POST /xingrg/kc/pszx/mdps_list_operate.html HTTP/1.1" 200 482
120.253.135.82 - - [06/Aug/2020:06:35:34 +0800] "POST /xingrg/kc/pszx/mdps_list_operate.html HTTP/1.1" 200 625
120.253.135.82 - - [06/Aug/2020:06:35:35 +0800] "GET /xingrg/kc/pszx/mdps_order_info.html?code=312020080600141 HTTP/1.1" 200 23843
120.253.135.82 - - [06/Aug/2020:06:35:35 +0800] "GET /xingrg/javascript/easyui/themes/default/validatebox.css HTTP/1.1" 404 1104
120.253.135.82 - - [06/Aug/2020:06:35:35 +0800] "POST /xingrg/kc/pszx/mdps_order_operate.html HTTP/1.1" 200 12513
114.89.80.44 - - [06/Aug/2020:06:35:40 +0800] "GET /xingrg/all/function/internal_message.html?_=1596667071138&CODE_STATE=getMsg HTTP/1.1" 200 27
114.84.32.201 - - [06/Aug/2020:06:35:41 +0800] "GET /xingrg/all/function/internal_message.html?_=1596666931395&CODE_STATE=getMsg HTTP/1.1" 200 27
120.253.135.82 - - [06/Aug/2020:06:35:43 +0800] "POST /xingrg/kc/pszx/mdps_list_operate.html HTTP/1.1" 200 3131
172.17.0.100 - - [06/Aug/2020:06:35:44 +0800] "GET /xingrg/all/function/internal_message.html?_=1596666941604&CODE_STATE=getMsg HTTP/1.1" 200 27
120.253.135.82 - - [06/Aug/2020:06:35:47 +0800] "POST /xingrg/kc/pszx/mdps_list_operate.html HTTP/1.1" 200 482
120.253.135.82 - - [06/Aug/2020:06:35:49 +0800] "POST /xingrg/kc/pszx/mdps_list_operate.html HTTP/1.1" 200 625
120.253.135.82 - - [06/Aug/2020:06:35:50 +0800] "GET /xingrg/kc/pszx/mdps_order_info.html?code=312020080600141 HTTP/1.1" 200 23843
120.253.135.82 - - [06/Aug/2020:06:35:50 +0800] "POST /xingrg/kc/pszx/mdps_order_operate.html HTTP/1.1" 200 12513
120.253.135.82 - - [06/Aug/2020:06:35:50 +0800] "GET /xingrg/javascript/easyui/themes/default/validatebox.css HTTP/1.1" 404 1104
222.70.173.120 - - [06/Aug/2020:06:35:52 +0800] "GET /xingrg/all/function/internal_message.html?_=1596666966159&CODE_STATE=getMsg HTTP/1.1" 200 27
114.89.80.44 - - [06/Aug/2020:06:35:56 +0800] "GET /xingrg/all/function/internal_message.html?_=1596666952635&CODE_STATE=getMsg HTTP/1.1" 200 27
120.253.135.82 - - [06/Aug/2020:06:36:03 +0800] "GET /xingrg/kc/pszx/mdps_order_operate.html?command=get_materiel&pszx_code=00101&rest_code=00105&base_code=0010246&code=00101029073 HTTP/1.1" 200 478
120.253.135.82 - - [06/Aug/2020:06:36:04 +0800] "POST /xingrg/all/common/load_select.html HTTP/1.1" 200 25
120.253.135.82 - - [06/Aug/2020:06:36:06 +0800] "GET /xingrg/kc/pszx/mdps_order_operate.html?command=get_materiel_price&pszx_code=00101&rest_code=00105&base_code=0010246&code=00101029073&unit_code=00100179&order_time=2020-08-07 HTTP/1.1" 200 35
120.253.135.82 - - [06/Aug/2020:06:36:14 +0800] "POST /xingrg/kc/pszx/mdps_order_operate.html HTTP/1.1" 200 37
120.253.135.82 - - [06/Aug/2020:06:36:15 +0800] "GET /xingrg/kc/pszx/mdps_order_info.html?code=312020080600141 HTTP/1.1" 200 23843
120.253.135.82 - - [06/Aug/2020:06:36:15 +0800] "POST /xingrg/kc/pszx/mdps_order_operate.html HTTP/1.1" 200 13052
120.253.135.82 - - [06/Aug/2020:06:36:15 +0800] "GET /xingrg/javascript/easyui/themes/default/validatebox.css HTTP/1.1" 404 1104
120.253.135.82 - - [06/Aug/2020:06:36:17 +0800] "POST /xingrg/kc/pszx/mdps_list_operate.html HTTP/1.1" 200 3131
120.253.135.82 - - [06/Aug/2020:06:36:19 +0800] "POST /xingrg/kc/pszx/mdps_list_operate.html HTTP/1.1" 200 482
120.253.135.82 - - [06/Aug/2020:06:36:20 +0800] "GET /xingrg/kc/pszx/mdps_order_info.html?code=312020080600140 HTTP/1.1" 200 23841
120.253.135.82 - - [06/Aug/2020:06:36:20 +0800] "POST /xingrg/kc/pszx/mdps_order_operate.html HTTP/1.1" 200 3866
120.253.135.82 - - [06/Aug/2020:06:36:20 +0800] "GET /xingrg/javascript/easyui/themes/default/validatebox.css HTTP/1.1" 404 1104
120.253.135.82 - - [06/Aug/2020:06:36:26 +0800] "GET /xingrg/all/function/internal_message.html?_=1596666737283&CODE_STATE=getMsg HTTP/1.1" 200 27
120.253.135.82 - - [06/Aug/2020:06:36:27 +0800] "POST /xingrg/kc/pszx/mdps_order_operate.html HTTP/1.1" 200 37
114.88.161.57 - - [06/Aug/2020:06:36:28 +0800] "GET /xingrg/all/function/internal_message.html?_=1596666985098&CODE_STATE=getMsg HTTP/1.1" 200 27
120.253.135.82 - - [06/Aug/2020:06:36:28 +0800] "GET /xingrg/kc/pszx/mdps_order_info.html?code=312020080600140 HTTP/1.1" 200 23841
120.253.135.82 - - [06/Aug/2020:06:36:29 +0800] "POST /xingrg/kc/pszx/mdps_order_operate.html HTTP/1.1" 200 3326
120.253.135.82 - - [06/Aug/2020:06:36:29 +0800] "GET /xingrg/javascript/easyui/themes/default/validatebox.css HTTP/1.1" 404 1104
120.253.135.82 - - [06/Aug/2020:06:36:30 +0800] "POST /xingrg/kc/pszx/mdps_list_operate.html HTTP/1.1" 200 3131
120.253.135.82 - - [06/Aug/2020:06:36:32 +0800] "GET /xingrg/kc/pszx/mdps_order_add.html HTTP/1.1" 200 28958
120.253.135.82 - - [06/Aug/2020:06:36:32 +0800] "POST /xingrg/kc/pszx/mdps_order_operate.html HTTP/1.1" 200 7126
120.253.135.82 - - [06/Aug/2020:06:36:33 +0800] "GET /xingrg/javascript/easyui/themes/default/validatebox.css HTTP/1.1" 404 1104
120.253.135.82 - - [06/Aug/2020:06:36:39 +0800] "POST /xingrg/all/common/load_combo.html?type=base HTTP/1.1" 200 899
114.89.80.44 - - [06/Aug/2020:06:36:40 +0800] "GET /xingrg/all/function/internal_message.html?_=1596667131157&CODE_STATE=getMsg HTTP/1.1" 200 27
114.84.32.201 - - [06/Aug/2020:06:36:41 +0800] "GET /xingrg/all/function/internal_message.html?_=1596666991395&CODE_STATE=getMsg HTTP/1.1" 200 27
172.17.0.100 - - [06/Aug/2020:06:36:44 +0800] "GET /xingrg/all/function/internal_message.html?_=1596667001602&CODE_STATE=getMsg HTTP/1.1" 200 27
172.17.0.100 - - [06/Aug/2020:06:36:44 +0800] "GET /xingrg/check_reg.html?_=1596667001603 HTTP/1.1" 200 22
114.88.161.57 - - [06/Aug/2020:06:36:47 +0800] "GET /xingrg/check_reg.html?_=1596667003946 HTTP/1.1" 200 22
120.253.135.82 - - [06/Aug/2020:06:36:50 +0800] "GET /xingrg/kc/pszx/mdps_order_operate.html?command=get_materiel&pszx_code=00101&rest_code=00105&base_code=0010570&code=00101025034 HTTP/1.1" 200 454
120.253.135.82 - - [06/Aug/2020:06:36:52 +0800] "POST /xingrg/all/common/load_select.html HTTP/1.1" 200 25
222.70.173.120 - - [06/Aug/2020:06:36:52 +0800] "GET /xingrg/all/function/internal_message.html?_=1596667026376&CODE_STATE=getMsg HTTP/1.1" 200 27
120.253.135.82 - - [06/Aug/2020:06:36:53 +0800] "GET /xingrg/kc/pszx/mdps_order_operate.html?command=get_materiel_price&pszx_code=00101&rest_code=00105&base_code=0010570&code=00101025034&unit_code=00100189&order_time=2020-08-06 HTTP/1.1" 200 46
114.89.80.44 - - [06/Aug/2020:06:36:56 +0800] "GET /xingrg/all/function/internal_message.html?_=1596667012664&CODE_STATE=getMsg HTTP/1.1" 200 27
120.253.135.82 - - [06/Aug/2020:06:37:00 +0800] "POST /xingrg/kc/pszx/mdps_order_operate.html HTTP/1.1" 200 37
120.253.135.82 - - [06/Aug/2020:06:37:00 +0800] "GET /xingrg/kc/pszx/mdps_order_info.html?code=312020080600142 HTTP/1.1" 200 23841
120.253.135.82 - - [06/Aug/2020:06:37:01 +0800] "POST /xingrg/kc/pszx/mdps_order_operate.html HTTP/1.1" 200 2299
120.253.135.82 - - [06/Aug/2020:06:37:01 +0800] "GET /xingrg/javascript/easyui/themes/default/validatebox.css HTTP/1.1" 404 1104
120.253.135.82 - - [06/Aug/2020:06:37:02 +0800] "POST /xingrg/kc/pszx/mdps_list_operate.html HTTP/1.1" 200 3490
180.157.251.101 - - [06/Aug/2020:06:37:02 +0800] "POST /xingrg/services/DataTransmitService HTTP/1.1" 200 524
180.157.251.101 - - [06/Aug/2020:06:37:03 +0800] "POST /xingrg/services/DataTransmitService HTTP/1.1" 200 501
120.253.135.82 - - [06/Aug/2020:06:37:05 +0800] "POST /xingrg/kc/pszx/mdps_list_operate.html HTTP/1.1" 200 375
120.253.135.82 - - [06/Aug/2020:06:37:05 +0800] "GET /xingrg/kc/pszx/mdps_order_info.html?code=312020080600140 HTTP/1.1" 200 23841
120.253.135.82 - - [06/Aug/2020:06:37:06 +0800] "POST /xingrg/kc/pszx/mdps_order_operate.html HTTP/1.1" 200 3326
120.253.135.82 - - [06/Aug/2020:06:37:06 +0800] "GET /xingrg/javascript/easyui/themes/default/validatebox.css HTTP/1.1" 404 1104
120.253.135.82 - - [06/Aug/2020:06:37:13 +0800] "POST /xingrg/kc/pszx/mdps_order_operate.html HTTP/1.1" 200 37
120.253.135.82 - - [06/Aug/2020:06:37:13 +0800] "GET /xingrg/kc/pszx/mdps_order_info.html?code=312020080600140 HTTP/1.1" 200 23841
