222.69.133.128 - - [06/Aug/2020:08:20:48 +0800] "GET /xingrg/all/function/internal_message.html?_=1596673241550&CODE_STATE=getMsg HTTP/1.1" 200 27
114.89.80.44 - - [06/Aug/2020:08:20:57 +0800] "GET /xingrg/all/function/internal_message.html?_=1596673253184&CODE_STATE=getMsg HTTP/1.1" 200 27
120.253.135.82 - - [06/Aug/2020:08:20:59 +0800] "GET /xingrg/kc/pszx/mdqp_order_list.html?state=10 HTTP/1.1" 200 10125
120.253.135.82 - - [06/Aug/2020:08:20:59 +0800] "GET /xingrg/dwr/interface/AjaxReportQueryService.js HTTP/1.1" 200 13203
120.253.135.82 - - [06/Aug/2020:08:20:59 +0800] "GET /xingrg/dwr/engine.js HTTP/1.1" 200 43631
120.253.135.82 - - [06/Aug/2020:08:20:59 +0800] "GET /xingrg/dwr/interface/AjaxQqpsService.js HTTP/1.1" 200 16326
120.253.135.82 - - [06/Aug/2020:08:21:03 +0800] "GET /xingrg/kc/pszx/mdth_order_list.html HTTP/1.1" 200 18442
120.253.135.82 - - [06/Aug/2020:08:21:03 +0800] "POST /xingrg/kc/pszx/mdth_order_new_list.html HTTP/1.1" 200 3476
120.253.135.82 - - [06/Aug/2020:08:21:18 +0800] "GET /xingrg/kc/pszx/mdqp_order_list.html?state=10 HTTP/1.1" 200 10125
120.253.135.82 - - [06/Aug/2020:08:21:18 +0800] "GET /xingrg/dwr/interface/AjaxReportQueryService.js HTTP/1.1" 200 13203
120.253.135.82 - - [06/Aug/2020:08:21:18 +0800] "GET /xingrg/dwr/interface/AjaxQqpsService.js HTTP/1.1" 200 16326
120.253.135.82 - - [06/Aug/2020:08:21:18 +0800] "GET /xingrg/dwr/engine.js HTTP/1.1" 200 43631
120.253.135.82 - - [06/Aug/2020:08:21:24 +0800] "GET /xingrg/kc/pszx/mdqp_order_list.html?state=10 HTTP/1.1" 200 10125
120.253.135.82 - - [06/Aug/2020:08:21:24 +0800] "GET /xingrg/dwr/interface/AjaxQqpsService.js HTTP/1.1" 200 16326
120.253.135.82 - - [06/Aug/2020:08:21:24 +0800] "GET /xingrg/dwr/interface/AjaxReportQueryService.js HTTP/1.1" 200 13203
120.253.135.82 - - [06/Aug/2020:08:21:24 +0800] "GET /xingrg/dwr/engine.js HTTP/1.1" 200 43631
120.253.135.82 - - [06/Aug/2020:08:21:27 +0800] "GET /xingrg/kc/pszx/mdth_order_list.html HTTP/1.1" 200 18442
120.253.135.82 - - [06/Aug/2020:08:21:27 +0800] "POST /xingrg/kc/pszx/mdth_order_new_list.html HTTP/1.1" 200 3476
114.88.161.57 - - [06/Aug/2020:08:21:30 +0800] "GET /xingrg/all/function/internal_message.html?_=1596673286883&CODE_STATE=getMsg HTTP/1.1" 200 27
120.253.135.82 - - [06/Aug/2020:08:21:31 +0800] "GET /xingrg/all/function/internal_message.html?_=1596673042329&CODE_STATE=getMsg HTTP/1.1" 200 27
120.253.135.82 - - [06/Aug/2020:08:21:33 +0800] "GET /xingrg/kc/pszx/mdqp_order_list.html?state=10 HTTP/1.1" 200 10125
120.253.135.82 - - [06/Aug/2020:08:21:33 +0800] "GET /xingrg/dwr/interface/AjaxReportQueryService.js HTTP/1.1" 200 13203
120.253.135.82 - - [06/Aug/2020:08:21:33 +0800] "GET /xingrg/dwr/interface/AjaxQqpsService.js HTTP/1.1" 200 16326
120.253.135.82 - - [06/Aug/2020:08:21:33 +0800] "GET /xingrg/dwr/engine.js HTTP/1.1" 200 43631
114.84.32.201 - - [06/Aug/2020:08:21:41 +0800] "GET /xingrg/all/function/internal_message.html?_=1596673291533&CODE_STATE=getMsg HTTP/1.1" 200 27
114.89.80.44 - - [06/Aug/2020:08:21:42 +0800] "GET /xingrg/all/function/internal_message.html?_=1596673432708&CODE_STATE=getMsg HTTP/1.1" 200 27
172.17.0.100 - - [06/Aug/2020:08:21:45 +0800] "GET /xingrg/all/function/internal_message.html?_=1596673302137&CODE_STATE=getMsg HTTP/1.1" 200 27
172.17.0.100 - - [06/Aug/2020:08:21:45 +0800] "GET /xingrg/check_reg.html?_=1596673302137 HTTP/1.1" 200 22
114.88.161.57 - - [06/Aug/2020:08:21:47 +0800] "GET /xingrg/check_reg.html?_=1596673304061 HTTP/1.1" 200 22
222.69.133.128 - - [06/Aug/2020:08:21:48 +0800] "GET /xingrg/check_reg.html?_=1596673301533 HTTP/1.1" 200 22
222.69.133.128 - - [06/Aug/2020:08:21:48 +0800] "GET /xingrg/all/function/internal_message.html?_=1596673301537&CODE_STATE=getMsg HTTP/1.1" 200 27
114.89.80.44 - - [06/Aug/2020:08:21:57 +0800] "GET /xingrg/all/function/internal_message.html?_=1596673313188&CODE_STATE=getMsg HTTP/1.1" 200 27
120.253.135.82 - - [06/Aug/2020:08:22:10 +0800] "GET /xingrg/kc/pszx/mdqp_order_list.html?state=10 HTTP/1.1" 200 10125
120.253.135.82 - - [06/Aug/2020:08:22:10 +0800] "GET /xingrg/dwr/interface/AjaxQqpsService.js HTTP/1.1" 200 16326
120.253.135.82 - - [06/Aug/2020:08:22:10 +0800] "GET /xingrg/dwr/interface/AjaxReportQueryService.js HTTP/1.1" 200 13203
120.253.135.82 - - [06/Aug/2020:08:22:10 +0800] "GET /xingrg/dwr/engine.js HTTP/1.1" 200 43631
120.253.135.82 - - [06/Aug/2020:08:22:13 +0800] "GET /xingrg/kc/pszx/mdth_order_list.html HTTP/1.1" 200 18442
120.253.135.82 - - [06/Aug/2020:08:22:14 +0800] "POST /xingrg/kc/pszx/mdth_order_new_list.html HTTP/1.1" 200 3476
120.253.135.82 - - [06/Aug/2020:08:22:18 +0800] "GET /xingrg/kc/pszx/mdqp_order_list.html?state=10 HTTP/1.1" 200 10125
120.253.135.82 - - [06/Aug/2020:08:22:18 +0800] "GET /xingrg/dwr/interface/AjaxQqpsService.js HTTP/1.1" 200 16326
120.253.135.82 - - [06/Aug/2020:08:22:18 +0800] "GET /xingrg/dwr/interface/AjaxReportQueryService.js HTTP/1.1" 200 13203
120.253.135.82 - - [06/Aug/2020:08:22:18 +0800] "GET /xingrg/dwr/engine.js HTTP/1.1" 200 43631
120.253.135.82 - - [06/Aug/2020:08:22:25 +0800] "GET /xingrg/check_reg.html?_=1596673096180 HTTP/1.1" 200 22
114.89.80.44 - - [06/Aug/2020:08:22:30 +0800] "GET /xingrg/check_reg.html?_=1596673481036 HTTP/1.1" 200 22
114.88.161.57 - - [06/Aug/2020:08:22:30 +0800] "GET /xingrg/all/function/internal_message.html?_=1596673346884&CODE_STATE=getMsg HTTP/1.1" 200 27
120.253.135.82 - - [06/Aug/2020:08:22:31 +0800] "GET /xingrg/all/function/internal_message.html?_=1596673102342&CODE_STATE=getMsg HTTP/1.1" 200 27
120.253.135.82 - - [06/Aug/2020:08:22:34 +0800] "GET /xingrg/kc/pszx/mdth_order_list.html HTTP/1.1" 200 18442
120.253.135.82 - - [06/Aug/2020:08:22:34 +0800] "POST /xingrg/kc/pszx/mdth_order_new_list.html HTTP/1.1" 200 3476
114.84.32.201 - - [06/Aug/2020:08:22:41 +0800] "GET /xingrg/all/function/internal_message.html?_=1596673351532&CODE_STATE=getMsg HTTP/1.1" 200 27
114.89.80.44 - - [06/Aug/2020:08:22:42 +0800] "GET /xingrg/all/function/internal_message.html?_=1596673492717&CODE_STATE=getMsg HTTP/1.1" 200 27
172.17.0.100 - - [06/Aug/2020:08:22:45 +0800] "GET /xingrg/all/function/internal_message.html?_=1596673362135&CODE_STATE=getMsg HTTP/1.1" 200 27
222.69.133.128 - - [06/Aug/2020:08:22:48 +0800] "GET /xingrg/all/function/internal_message.html?_=1596673361513&CODE_STATE=getMsg HTTP/1.1" 200 27
114.89.80.44 - - [06/Aug/2020:08:22:57 +0800] "GET /xingrg/check_reg.html?_=1596673373193 HTTP/1.1" 200 22
114.89.80.44 - - [06/Aug/2020:08:22:57 +0800] "GET /xingrg/all/function/internal_message.html?_=1596673373195&CODE_STATE=getMsg HTTP/1.1" 200 27
114.88.161.57 - - [06/Aug/2020:08:23:30 +0800] "GET /xingrg/all/function/internal_message.html?_=1596673406898&CODE_STATE=getMsg HTTP/1.1" 200 27
114.84.32.201 - - [06/Aug/2020:08:23:41 +0800] "GET /xingrg/all/function/internal_message.html?_=1596673411534&CODE_STATE=getMsg HTTP/1.1" 200 27
114.89.80.44 - - [06/Aug/2020:08:23:42 +0800] "GET /xingrg/all/function/internal_message.html?_=1596673552730&CODE_STATE=getMsg HTTP/1.1" 200 27
172.17.0.100 - - [06/Aug/2020:08:23:45 +0800] "GET /xingrg/all/function/internal_message.html?_=1596673422133&CODE_STATE=getMsg HTTP/1.1" 200 27
222.69.133.128 - - [06/Aug/2020:08:23:48 +0800] "GET /xingrg/all/function/internal_message.html?_=1596673421514&CODE_STATE=getMsg HTTP/1.1" 200 27
114.89.80.44 - - [06/Aug/2020:08:23:57 +0800] "GET /xingrg/all/function/internal_message.html?_=1596673433194&CODE_STATE=getMsg HTTP/1.1" 200 27
222.70.173.120 - - [06/Aug/2020:08:24:19 +0800] "GET /xingrg/check_reg.html?_=1596673501281 HTTP/1.1" 200 22
114.88.161.57 - - [06/Aug/2020:08:24:30 +0800] "GET /xingrg/all/function/internal_message.html?_=1596673466926&CODE_STATE=getMsg HTTP/1.1" 200 27
114.84.32.201 - - [06/Aug/2020:08:24:41 +0800] "GET /xingrg/all/function/internal_message.html?_=1596673471532&CODE_STATE=getMsg HTTP/1.1" 200 27
114.84.32.201 - - [06/Aug/2020:08:24:41 +0800] "GET /xingrg/check_reg.html?_=1596673471535 HTTP/1.1" 200 22
114.89.80.44 - - [06/Aug/2020:08:24:42 +0800] "GET /xingrg/all/function/internal_message.html?_=1596673612750&CODE_STATE=getMsg HTTP/1.1" 200 27
172.17.0.100 - - [06/Aug/2020:08:24:45 +0800] "GET /xingrg/all/function/internal_message.html?_=1596673482131&CODE_STATE=getMsg HTTP/1.1" 200 27
222.69.133.128 - - [06/Aug/2020:08:24:48 +0800] "GET /xingrg/all/function/internal_message.html?_=1596673481517&CODE_STATE=getMsg HTTP/1.1" 200 27
114.89.80.44 - - [06/Aug/2020:08:24:57 +0800] "GET /xingrg/all/function/internal_message.html?_=1596673493194&CODE_STATE=getMsg HTTP/1.1" 200 27
114.88.161.57 - - [06/Aug/2020:08:25:30 +0800] "GET /xingrg/all/function/internal_message.html?_=1596673526940&CODE_STATE=getMsg HTTP/1.1" 200 27
114.84.32.201 - - [06/Aug/2020:08:25:41 +0800] "GET /xingrg/all/function/internal_message.html?_=1596673531534&CODE_STATE=getMsg HTTP/1.1" 200 27
114.89.80.44 - - [06/Aug/2020:08:25:42 +0800] "GET /xingrg/all/function/internal_message.html?_=1596673672757&CODE_STATE=getMsg HTTP/1.1" 200 27
172.17.0.100 - - [06/Aug/2020:08:25:45 +0800] "GET /xingrg/all/function/internal_message.html?_=1596673542129&CODE_STATE=getMsg HTTP/1.1" 200 27
222.69.133.128 - - [06/Aug/2020:08:25:48 +0800] "GET /xingrg/all/function/internal_message.html?_=1596673541516&CODE_STATE=getMsg HTTP/1.1" 200 27
114.89.80.44 - - [06/Aug/2020:08:25:57 +0800] "GET /xingrg/all/function/internal_message.html?_=1596673553193&CODE_STATE=getMsg HTTP/1.1" 200 27
114.88.161.57 - - [06/Aug/2020:08:26:30 +0800] "GET /xingrg/all/function/internal_message.html?_=1596673586967&CODE_STATE=getMsg HTTP/1.1" 200 27
114.84.32.201 - - [06/Aug/2020:08:26:41 +0800] "GET /xingrg/all/function/internal_message.html?_=1596673591533&CODE_STATE=getMsg HTTP/1.1" 200 27
114.89.80.44 - - [06/Aug/2020:08:26:42 +0800] "GET /xingrg/all/function/internal_message.html?_=1596673732776&CODE_STATE=getMsg HTTP/1.1" 200 27
172.17.0.100 - - [06/Aug/2020:08:26:45 +0800] "GET /xingrg/check_reg.html?_=1596673602173 HTTP/1.1" 200 22
172.17.0.100 - - [06/Aug/2020:08:26:45 +0800] "GET /xingrg/all/function/internal_message.html?_=1596673602173&CODE_STATE=getMsg HTTP/1.1" 200 27
114.88.161.57 - - [06/Aug/2020:08:26:47 +0800] "GET /xingrg/check_reg.html?_=1596673604074 HTTP/1.1" 200 22
222.69.133.128 - - [06/Aug/2020:08:26:48 +0800] "GET /xingrg/all/function/internal_message.html?_=1596673601519&CODE_STATE=getMsg HTTP/1.1" 200 27
222.69.133.128 - - [06/Aug/2020:08:26:48 +0800] "GET /xingrg/check_reg.html?_=1596673601523 HTTP/1.1" 200 22
114.89.80.44 - - [06/Aug/2020:08:26:57 +0800] "GET /xingrg/all/function/internal_message.html?_=1596673613192&CODE_STATE=getMsg HTTP/1.1" 200 27
114.89.80.44 - - [06/Aug/2020:08:27:30 +0800] "GET /xingrg/check_reg.html?_=1596673781037 HTTP/1.1" 200 22
114.88.161.57 - - [06/Aug/2020:08:27:30 +0800] "GET /xingrg/all/function/internal_message.html?_=1596673646968&CODE_STATE=getMsg HTTP/1.1" 200 27
114.84.32.201 - - [06/Aug/2020:08:27:41 +0800] "GET /xingrg/all/function/internal_message.html?_=1596673651532&CODE_STATE=getMsg HTTP/1.1" 200 27
114.89.80.44 - - [06/Aug/2020:08:27:42 +0800] "GET /xingrg/all/function/internal_message.html?_=1596673792785&CODE_STATE=getMsg HTTP/1.1" 200 27
172.17.0.100 - - [06/Aug/2020:08:27:45 +0800] "GET /xingrg/all/function/internal_message.html?_=1596673662172&CODE_STATE=getMsg HTTP/1.1" 200 27
222.69.133.128 - - [06/Aug/2020:08:27:48 +0800] "GET /xingrg/all/function/internal_message.html?_=1596673661517&CODE_STATE=getMsg HTTP/1.1" 200 27
114.89.80.44 - - [06/Aug/2020:08:27:57 +0800] "GET /xingrg/all/function/internal_message.html?_=1596673673217&CODE_STATE=getMsg HTTP/1.1" 200 27
114.89.80.44 - - [06/Aug/2020:08:27:57 +0800] "GET /xingrg/check_reg.html?_=1596673673223 HTTP/1.1" 200 22
114.88.161.57 - - [06/Aug/2020:08:28:30 +0800] "GET /xingrg/all/function/internal_message.html?_=1596673706981&CODE_STATE=getMsg HTTP/1.1" 200 27
114.84.32.201 - - [06/Aug/2020:08:28:41 +0800] "GET /xingrg/all/function/internal_message.html?_=1596673711532&CODE_STATE=getMsg HTTP/1.1" 200 27
114.89.80.44 - - [06/Aug/2020:08:28:42 +0800] "GET /xingrg/all/function/internal_message.html?_=1596673852797&CODE_STATE=getMsg HTTP/1.1" 200 27
172.17.0.100 - - [06/Aug/2020:08:28:45 +0800] "GET /xingrg/all/function/internal_message.html?_=1596673722170&CODE_STATE=getMsg HTTP/1.1" 200 27
222.69.133.128 - - [06/Aug/2020:08:28:48 +0800] "GET /xingrg/all/function/internal_message.html?_=1596673721517&CODE_STATE=getMsg HTTP/1.1" 200 27
114.89.80.44 - - [06/Aug/2020:08:28:57 +0800] "GET /xingrg/all/function/internal_message.html?_=1596673733223&CODE_STATE=getMsg HTTP/1.1" 200 27
222.70.173.120 - - [06/Aug/2020:08:29:19 +0800] "GET /xingrg/check_reg.html?_=1596673801291 HTTP/1.1" 200 22
114.88.161.57 - - [06/Aug/2020:08:29:30 +0800] "GET /xingrg/all/function/internal_message.html?_=1596673767011&CODE_STATE=getMsg HTTP/1.1" 200 27
114.84.32.201 - - [06/Aug/2020:08:29:41 +0800] "GET /xingrg/all/function/internal_message.html?_=1596673771531&CODE_STATE=getMsg HTTP/1.1" 200 27
114.84.32.201 - - [06/Aug/2020:08:29:41 +0800] "GET /xingrg/check_reg.html?_=1596673771532 HTTP/1.1" 200 22
114.89.80.44 - - [06/Aug/2020:08:29:42 +0800] "GET /xingrg/all/function/internal_message.html?_=1596673912817&CODE_STATE=getMsg HTTP/1.1" 200 27
172.17.0.100 - - [06/Aug/2020:08:29:45 +0800] "GET /xingrg/all/function/internal_message.html?_=1596673782167&CODE_STATE=getMsg HTTP/1.1" 200 27
222.69.133.128 - - [06/Aug/2020:08:29:48 +0800] "GET /xingrg/all/function/internal_message.html?_=1596673781514&CODE_STATE=getMsg HTTP/1.1" 200 27
114.89.80.44 - - [06/Aug/2020:08:29:57 +0800] "GET /xingrg/all/function/internal_message.html?_=1596673793222&CODE_STATE=getMsg HTTP/1.1" 200 27
114.88.161.57 - - [06/Aug/2020:08:30:30 +0800] "GET /xingrg/all/function/internal_message.html?_=1596673827023&CODE_STATE=getMsg HTTP/1.1" 200 27
222.69.133.128 - - [06/Aug/2020:08:30:33 +0800] "GET /xingrg/kc/buy/cgsh_order_add.html HTTP/1.1" 200 59432
222.69.133.128 - - [06/Aug/2020:08:30:34 +0800] "POST /xingrg/kc/buy/cgsh_order_operate.html HTTP/1.1" 200 8245
222.69.133.128 - - [06/Aug/2020:08:30:34 +0800] "GET /xingrg/javascript/easyui/themes/default/validatebox.css HTTP/1.1" 404 1104
114.84.32.201 - - [06/Aug/2020:08:30:41 +0800] "GET /xingrg/all/function/internal_message.html?_=1596673831530&CODE_STATE=getMsg HTTP/1.1" 200 27
114.89.80.44 - - [06/Aug/2020:08:30:42 +0800] "GET /xingrg/all/function/internal_message.html?_=1596673972825&CODE_STATE=getMsg HTTP/1.1" 200 27
172.17.0.100 - - [06/Aug/2020:08:30:45 +0800] "GET /xingrg/all/function/internal_message.html?_=1596673842165&CODE_STATE=getMsg HTTP/1.1" 200 27
222.69.133.128 - - [06/Aug/2020:08:30:48 +0800] "GET /xingrg/all/function/internal_message.html?_=1596673841513&CODE_STATE=getMsg HTTP/1.1" 200 27
114.89.80.44 - - [06/Aug/2020:08:30:57 +0800] "GET /xingrg/all/function/internal_message.html?_=1596673853222&CODE_STATE=getMsg HTTP/1.1" 200 27
222.69.133.128 - - [06/Aug/2020:08:30:58 +0800] "GET /xingrg/kc/buy/cgsh_order_operate.html?command=get_materiel&rest_code=00149&code=00101008175&supplier_code=00100005&order_time=2020-08-06 HTTP/1.1" 200 412
222.69.133.128 - - [06/Aug/2020:08:31:08 +0800] "GET /xingrg/kc/buy/cgsh_order_operate.html?command=get_materiel&rest_code=00149&code=00101008091&supplier_code=00100005&order_time=2020-08-06 HTTP/1.1" 200 412
222.69.133.128 - - [06/Aug/2020:08:31:17 +0800] "GET /xingrg/kc/buy/cgsh_order_operate.html?command=get_materiel&rest_code=00149&code=00101008256&supplier_code=00100005&order_time=2020-08-06 HTTP/1.1" 200 412
222.69.133.128 - - [06/Aug/2020:08:31:24 +0800] "GET /xingrg/kc/buy/cgsh_order_operate.html?command=get_materiel&rest_code=00149&code=00101008330&supplier_code=00100005&order_time=2020-08-06 HTTP/1.1" 200 408
114.88.161.57 - - [06/Aug/2020:08:31:30 +0800] "GET /xingrg/all/function/internal_message.html?_=1596673887052&CODE_STATE=getMsg HTTP/1.1" 200 27
116.230.74.197 - - [06/Aug/2020:08:31:31 +0800] "GET /favicon.ico HTTP/1.1" 404 -
222.69.133.128 - - [06/Aug/2020:08:31:40 +0800] "GET /xingrg/kc/buy/cgsh_order_operate.html?command=get_materiel&rest_code=00149&code=00101008132&supplier_code=00100005&order_time=2020-08-06 HTTP/1.1" 200 408
114.84.32.201 - - [06/Aug/2020:08:31:41 +0800] "GET /xingrg/all/function/internal_message.html?_=1596673891537&CODE_STATE=getMsg HTTP/1.1" 200 27
114.89.80.44 - - [06/Aug/2020:08:31:42 +0800] "GET /xingrg/all/function/internal_message.html?_=1596674032843&CODE_STATE=getMsg HTTP/1.1" 200 27
172.17.0.100 - - [06/Aug/2020:08:31:45 +0800] "GET /xingrg/check_reg.html?_=1596673902164 HTTP/1.1" 200 22
172.17.0.100 - - [06/Aug/2020:08:31:45 +0800] "GET /xingrg/all/function/internal_message.html?_=1596673902163&CODE_STATE=getMsg HTTP/1.1" 200 27
114.88.161.57 - - [06/Aug/2020:08:31:47 +0800] "GET /xingrg/check_reg.html?_=1596673904073 HTTP/1.1" 200 22
222.69.133.128 - - [06/Aug/2020:08:31:48 +0800] "GET /xingrg/all/function/internal_message.html?_=1596673901516&CODE_STATE=getMsg HTTP/1.1" 200 27
222.69.133.128 - - [06/Aug/2020:08:31:48 +0800] "GET /xingrg/check_reg.html?_=1596673901521 HTTP/1.1" 200 22
114.89.80.44 - - [06/Aug/2020:08:31:57 +0800] "GET /xingrg/all/function/internal_message.html?_=1596673913221&CODE_STATE=getMsg HTTP/1.1" 200 27
222.69.133.128 - - [06/Aug/2020:08:32:00 +0800] "GET /xingrg/kc/buy/cgsh_order_operate.html?command=get_materiel&rest_code=00149&code=00101008331&supplier_code=00100005&order_time=2020-08-06 HTTP/1.1" 200 416
114.89.80.44 - - [06/Aug/2020:08:32:30 +0800] "GET /xingrg/check_reg.html?_=1596674081042 HTTP/1.1" 200 22
114.88.161.57 - - [06/Aug/2020:08:32:30 +0800] "GET /xingrg/all/function/internal_message.html?_=1596673947067&CODE_STATE=getMsg HTTP/1.1" 200 27
114.84.32.201 - - [06/Aug/2020:08:32:41 +0800] "GET /xingrg/all/function/internal_message.html?_=1596673951537&CODE_STATE=getMsg HTTP/1.1" 200 27
114.89.80.44 - - [06/Aug/2020:08:32:42 +0800] "GET /xingrg/all/function/internal_message.html?_=1596674092852&CODE_STATE=getMsg HTTP/1.1" 200 27
172.17.0.100 - - [06/Aug/2020:08:32:45 +0800] "GET /xingrg/all/function/internal_message.html?_=1596673962192&CODE_STATE=getMsg HTTP/1.1" 200 27
222.69.133.128 - - [06/Aug/2020:08:32:48 +0800] "GET /xingrg/all/function/internal_message.html?_=1596673961526&CODE_STATE=getMsg HTTP/1.1" 200 27
116.230.74.197 - - [06/Aug/2020:08:32:49 +0800] "GET /xingrg/login.html HTTP/1.1" 200 7641
114.89.80.44 - - [06/Aug/2020:08:32:57 +0800] "GET /xingrg/all/function/internal_message.html?_=1596673973241&CODE_STATE=getMsg HTTP/1.1" 200 27
114.89.80.44 - - [06/Aug/2020:08:32:57 +0800] "GET /xingrg/check_reg.html?_=1596673973247 HTTP/1.1" 200 22
116.230.74.197 - - [06/Aug/2020:08:33:03 +0800] "GET /favicon.ico HTTP/1.1" 404 -
116.230.74.197 - - [06/Aug/2020:08:33:08 +0800] "POST /xingrg/login.do HTTP/1.1" 302 -
116.230.74.197 - - [06/Aug/2020:08:33:08 +0800] "GET /xingrg/index.html?sysBaseUrl=http%3A%2F%2F180.169.147.146%3A18081%2Fxingrg%2F&costTime=38×tamp=1596673988005 HTTP/1.1" 200 17179
116.230.74.197 - - [06/Aug/2020:08:33:10 +0800] "GET /favicon.ico HTTP/1.1" 404 -
116.230.74.197 - - [06/Aug/2020:08:33:12 +0800] "POST /xingrg/all/common/load_tree.html?tree=area_rest_tree_json&manage=1 HTTP/1.1" 200 476
116.230.74.197 - - [06/Aug/2020:08:33:13 +0800] "GET /xingrg/all/function/internal_message.html?_=1596673984069&CODE_STATE=count HTTP/1.1" 200 11
116.230.74.197 - - [06/Aug/2020:08:33:13 +0800] "GET /xingrg/check_reg.html?_=1596673984098 HTTP/1.1" 200 22
116.230.74.197 - - [06/Aug/2020:08:33:13 +0800] "POST /xingrg/load_menu.html HTTP/1.1" 200 5138
116.230.74.197 - - [06/Aug/2020:08:33:25 +0800] "GET /xingrg/kc/buy/buy_main.html HTTP/1.1" 200 12412
116.230.74.197 - - [06/Aug/2020:08:33:25 +0800] "GET /xingrg/css/new_ie.css HTTP/1.1" 404 1036
116.230.74.197 - - [06/Aug/2020:08:33:26 +0800] "GET /xingrg/images/yd/bt.gif HTTP/1.1" 404 1040
116.230.74.197 - - [06/Aug/2020:08:33:26 +0800] "GET /xingrg/kc/buy/cgsh_order_list.html HTTP/1.1" 200 43647
116.230.74.197 - - [06/Aug/2020:08:33:30 +0800] "POST /xingrg/kc/buy/cgsh_list_operate.html HTTP/1.1" 200 876
114.88.161.57 - - [06/Aug/2020:08:33:30 +0800] "GET /xingrg/all/function/internal_message.html?_=1596674007081&CODE_STATE=getMsg HTTP/1.1" 200 27
116.230.74.197 - - [06/Aug/2020:08:33:34 +0800] "GET /xingrg/kc/buy/cgsh_order_add.html HTTP/1.1" 200 59426
116.230.74.197 - - [06/Aug/2020:08:33:34 +0800] "GET /xingrg/words/20200805143817_words.js HTTP/1.1" 200 755940
116.230.74.197 - - [06/Aug/2020:08:33:35 +0800] "POST /xingrg/kc/buy/cgsh_order_operate.html HTTP/1.1" 200 8245
116.230.74.197 - - [06/Aug/2020:08:33:36 +0800] "GET /xingrg/all/common/auto_word.html?type=employee&rest_code=00107 HTTP/1.1" 200 147
116.230.74.197 - - [06/Aug/2020:08:33:36 +0800] "GET /xingrg/all/common/auto_word.html?type=employee&rest_code=00107 HTTP/1.1" 200 147
116.230.74.197 - - [06/Aug/2020:08:33:36 +0800] "GET /xingrg/javascript/easyui/themes/default/validatebox.css HTTP/1.1" 404 1104
114.84.32.201 - - [06/Aug/2020:08:33:41 +0800] "GET /xingrg/all/function/internal_message.html?_=1596674011535&CODE_STATE=getMsg HTTP/1.1" 200 27
114.89.80.44 - - [06/Aug/2020:08:33:42 +0800] "GET /xingrg/all/function/internal_message.html?_=1596674152871&CODE_STATE=getMsg HTTP/1.1" 200 27
172.17.0.100 - - [06/Aug/2020:08:33:45 +0800] "GET /xingrg/all/function/internal_message.html?_=1596674022190&CODE_STATE=getMsg HTTP/1.1" 200 27
116.230.74.197 - - [06/Aug/2020:08:33:46 +0800] "GET /xingrg/javascript/easyui/themes/default/tree.css HTTP/1.1" 404 1090
116.230.74.197 - - [06/Aug/2020:08:33:47 +0800] "POST /xingrg/all/common/load_tree.html?tree=supplier_tree_json&isDelete=1 HTTP/1.1" 200 49675
222.69.133.128 - - [06/Aug/2020:08:33:48 +0800] "GET /xingrg/all/function/internal_message.html?_=1596674021525&CODE_STATE=getMsg HTTP/1.1" 200 27
114.89.80.44 - - [06/Aug/2020:08:33:57 +0800] "GET /xingrg/all/function/internal_message.html?_=1596674033246&CODE_STATE=getMsg HTTP/1.1" 200 27
116.230.74.197 - - [06/Aug/2020:08:34:13 +0800] "GET /xingrg/all/function/internal_message.html?_=1596674044107&CODE_STATE=getMsg HTTP/1.1" 200 27
222.70.173.120 - - [06/Aug/2020:08:34:19 +0800] "GET /xingrg/check_reg.html?_=1596674101293 HTTP/1.1" 200 22
114.88.161.57 - - [06/Aug/2020:08:34:30 +0800] "GET /xingrg/all/function/internal_message.html?_=1596674067106&CODE_STATE=getMsg HTTP/1.1" 200 27
114.84.32.201 - - [06/Aug/2020:08:34:41 +0800] "GET /xingrg/all/function/internal_message.html?_=1596674071538&CODE_STATE=getMsg HTTP/1.1" 200 27
114.84.32.201 - - [06/Aug/2020:08:34:41 +0800] "GET /xingrg/check_reg.html?_=1596674071541 HTTP/1.1" 200 22
61.172.5.115 - - [06/Aug/2020:08:34:42 +0800] "GET /xingrg/index.html?sysBaseUrl=http%3A%2F%2F180.169.147.146%3A18081%2Fxingrg%2F&costTime=32×tamp=1585224308505 HTTP/1.1" 302 -
61.172.5.115 - - [06/Aug/2020:08:34:42 +0800] "GET /xingrg/login.html HTTP/1.1" 200 7641
114.89.80.44 - - [06/Aug/2020:08:34:42 +0800] "GET /xingrg/all/function/internal_message.html?_=1596674212887&CODE_STATE=getMsg HTTP/1.1" 200 27
61.172.5.115 - - [06/Aug/2020:08:34:42 +0800] "GET /favicon.ico HTTP/1.1" 404 -
172.17.0.100 - - [06/Aug/2020:08:34:45 +0800] "GET /xingrg/all/function/internal_message.html?_=1596674082188&CODE_STATE=getMsg HTTP/1.1" 200 27
222.69.133.128 - - [06/Aug/2020:08:34:48 +0800] "GET /xingrg/all/function/internal_message.html?_=1596674081527&CODE_STATE=getMsg HTTP/1.1" 200 27
116.230.74.197 - - [06/Aug/2020:08:34:49 +0800] "GET /xingrg/javascript/auto/indicator.gif HTTP/1.1" 404 1066
114.89.80.44 - - [06/Aug/2020:08:34:57 +0800] "GET /xingrg/all/function/internal_message.html?_=1596674093250&CODE_STATE=getMsg HTTP/1.1" 200 27
61.172.5.115 - - [06/Aug/2020:08:34:58 +0800] "POST /xingrg/login.do HTTP/1.1" 302 -
61.172.5.115 - - [06/Aug/2020:08:34:58 +0800] "GET /xingrg/index.html?sysBaseUrl=http%3A%2F%2F180.169.147.146%3A18081%2Fxingrg%2F&costTime=37×tamp=1596674098259 HTTP/1.1" 200 17173
61.172.5.115 - - [06/Aug/2020:08:34:58 +0800] "GET /xingrg/javascript/jquery_easy_ui/themes/default/easyui.css HTTP/1.1" 304 -
61.172.5.115 - - [06/Aug/2020:08:34:58 +0800] "GET /xingrg/javascript/jquery-1.4.2.min.js HTTP/1.1" 304 -
61.172.5.115 - - [06/Aug/2020:08:34:58 +0800] "GET /xingrg/javascript/jquery_easy_ui/themes/icon.css HTTP/1.1" 304 -
61.172.5.115 - - [06/Aug/2020:08:34:58 +0800] "GET /xingrg/javascript/jquery.utils.js HTTP/1.1" 304 -
61.172.5.115 - - [06/Aug/2020:08:34:58 +0800] "GET /xingrg/javascript/jquery_easy_ui/easyui-lang-zh_CN.js HTTP/1.1" 304 -
61.172.5.115 - - [06/Aug/2020:08:34:58 +0800] "GET /xingrg/javascript/jquery_easy_ui/jquery.easyui.min.js HTTP/1.1" 304 -
61.172.5.115 - - [06/Aug/2020:08:34:58 +0800] "GET /favicon.ico HTTP/1.1" 404 -
61.172.5.115 - - [06/Aug/2020:08:34:58 +0800] "POST /xingrg/all/common/load_tree.html?tree=area_rest_tree_json&manage=1 HTTP/1.1" 200 342
61.172.5.115 - - [06/Aug/2020:08:34:58 +0800] "GET /xingrg/all/function/internal_message.html?_=1596674089344&CODE_STATE=count HTTP/1.1" 200 11
61.172.5.115 - - [06/Aug/2020:08:34:58 +0800] "GET /xingrg/check_reg.html?_=1596674089344 HTTP/1.1" 200 22
61.172.5.115 - - [06/Aug/2020:08:34:58 +0800] "POST /xingrg/load_menu.html HTTP/1.1" 200 5138
61.172.5.115 - - [06/Aug/2020:08:35:04 +0800] "GET /xingrg/kc/buy/buy_main.html HTTP/1.1" 200 12412
61.172.5.115 - - [06/Aug/2020:08:35:04 +0800] "GET /xingrg/css/new_ie.css HTTP/1.1" 404 1036
61.172.5.115 - - [06/Aug/2020:08:35:04 +0800] "GET /xingrg/css/blue.css HTTP/1.1" 304 -
61.172.5.115 - - [06/Aug/2020:08:35:04 +0800] "GET /xingrg/javascript/pic_change.js HTTP/1.1" 304 -
61.172.5.115 - - [06/Aug/2020:08:35:04 +0800] "GET /xingrg/javascript/myfunction.js HTTP/1.1" 304 -
61.172.5.115 - - [06/Aug/2020:08:35:04 +0800] "GET /xingrg/javascript/jquery_ui/themes/humanity/humanity.css HTTP/1.1" 304 -
61.172.5.115 - - [06/Aug/2020:08:35:04 +0800] "GET /xingrg/javascript/jquery_ui/jquery-ui.min.js HTTP/1.1" 304 -
61.172.5.115 - - [06/Aug/2020:08:35:04 +0800] "GET /xingrg/javascript/ToolTips.js HTTP/1.1" 304 -
61.172.5.115 - - [06/Aug/2020:08:35:04 +0800] "GET /xingrg/images/blue/button/cgshd.gif HTTP/1.1" 304 -
61.172.5.115 - - [06/Aug/2020:08:35:04 +0800] "GET /xingrg/images/blue/button/kc.gif HTTP/1.1" 304 -
61.172.5.115 - - [06/Aug/2020:08:35:04 +0800] "GET /xingrg/images/blue/button/cgxqd.gif HTTP/1.1" 304 -
61.172.5.115 - - [06/Aug/2020:08:35:04 +0800] "GET /xingrg/images/blue/button/cgfkd.gif HTTP/1.1" 304 -
61.172.5.115 - - [06/Aug/2020:08:35:04 +0800] "GET /xingrg/images/blue/button/cgydd.gif HTTP/1.1" 304 -
61.172.5.115 - - [06/Aug/2020:08:35:04 +0800] "GET /xingrg/images/blue/button/ckthd.gif HTTP/1.1" 304 -
61.172.5.115 - - [06/Aug/2020:08:35:04 +0800] "GET /xingrg/images/blue/pic_form2.gif HTTP/1.1" 304 -
61.172.5.115 - - [06/Aug/2020:08:35:04 +0800] "GET /xingrg/images/blue/bg_dotted.jpg HTTP/1.1" 304 -
61.172.5.115 - - [06/Aug/2020:08:35:04 +0800] "GET /xingrg/javascript/jquery_ui/themes/humanity/images/ui-bg_inset-soft_100_f4f0ec_1x100.png HTTP/1.1" 304 -
61.172.5.115 - - [06/Aug/2020:08:35:04 +0800] "GET /xingrg/images/blue/button/right_ah.jpg HTTP/1.1" 304 -
61.172.5.115 - - [06/Aug/2020:08:35:04 +0800] "GET /xingrg/images/blue/button/down_ah.jpg HTTP/1.1" 304 -
61.172.5.115 - - [06/Aug/2020:08:35:04 +0800] "GET /xingrg/javascript/jquery_ui/themes/humanity/images/ui-icons_ffffff_256x240.png HTTP/1.1" 304 -
61.172.5.115 - - [06/Aug/2020:08:35:04 +0800] "GET /xingrg/javascript/jquery_ui/themes/humanity/images/ui-bg_glass_70_ede4d4_1x400.png HTTP/1.1" 304 -
61.172.5.115 - - [06/Aug/2020:08:35:04 +0800] "GET /xingrg/javascript/jquery_ui/themes/humanity/images/ui-icons_c47a23_256x240.png HTTP/1.1" 304 -
61.172.5.115 - - [06/Aug/2020:08:35:04 +0800] "GET /xingrg/javascript/jquery_ui/themes/humanity/images/ui-iconsnew.jpg HTTP/1.1" 304 -
61.172.5.115 - - [06/Aug/2020:08:35:09 +0800] "GET /xingrg/kc/mdqp/qp_main.html HTTP/1.1" 200 10633
61.172.5.115 - - [06/Aug/2020:08:35:09 +0800] "GET /xingrg/images/blue/button/qqpsd.gif HTTP/1.1" 304 -
61.172.5.115 - - [06/Aug/2020:08:35:09 +0800] "GET /xingrg/images/blue/button/pszx.gif HTTP/1.1" 304 -
61.172.5.115 - - [06/Aug/2020:08:35:09 +0800] "GET /xingrg/images/blue/button/psshd.gif HTTP/1.1" 304 -
61.172.5.115 - - [06/Aug/2020:08:35:10 +0800] "GET /xingrg/images/yd/bt.gif HTTP/1.1" 404 1040
61.172.5.115 - - [06/Aug/2020:08:35:11 +0800] "GET /xingrg/kc/mdqp/qqps_order_list.html HTTP/1.1" 200 9222
61.172.5.115 - - [06/Aug/2020:08:35:11 +0800] "GET /xingrg/dwr/util.js HTTP/1.1" 304 -
61.172.5.115 - - [06/Aug/2020:08:35:11 +0800] "GET /xingrg/dwr/interface/AjaxQqpsService.js HTTP/1.1" 200 16326
61.172.5.115 - - [06/Aug/2020:08:35:11 +0800] "GET /xingrg/javascript/Calendar.js HTTP/1.1" 304 -
61.172.5.115 - - [06/Aug/2020:08:35:11 +0800] "GET /xingrg/dwr/interface/AjaxReportQueryService.js HTTP/1.1" 200 13203
61.172.5.115 - - [06/Aug/2020:08:35:11 +0800] "GET /xingrg/dwr/engine.js HTTP/1.1" 200 43631
116.230.74.197 - - [06/Aug/2020:08:35:12 +0800] "GET /xingrg/kc/buy/cgsh_order_operate.html?command=get_materiel&rest_code=00107&code=00101029009&supplier_code=00100017&order_time=2020-08-06 HTTP/1.1" 200 456
116.230.74.197 - - [06/Aug/2020:08:35:13 +0800] "GET /xingrg/all/function/internal_message.html?_=1596674104105&CODE_STATE=getMsg HTTP/1.1" 200 27
61.172.5.115 - - [06/Aug/2020:08:35:14 +0800] "GET /xingrg/kc/mdqp/qqps_order_add.html HTTP/1.1" 200 28145
61.172.5.115 - - [06/Aug/2020:08:35:14 +0800] "GET /xingrg/javascript/auto/jquery.autocomplete.css HTTP/1.1" 304 -
61.172.5.115 - - [06/Aug/2020:08:35:14 +0800] "GET /xingrg/javascript/auto/jquery.autocomplete.js HTTP/1.1" 304 -
61.172.5.115 - - [06/Aug/2020:08:35:14 +0800] "GET /xingrg/javascript/tools/jquery.qtip-1.0.0-rc3.min.js HTTP/1.1" 304 -
61.172.5.115 - - [06/Aug/2020:08:35:14 +0800] "GET /xingrg/dwr/interface/AjaxQqpsService.js HTTP/1.1" 200 16326
61.172.5.115 - - [06/Aug/2020:08:35:14 +0800] "GET /xingrg/javascript/AjaxInfoList.js HTTP/1.1" 304 -
61.172.5.115 - - [06/Aug/2020:08:35:14 +0800] "GET /xingrg/javascript/Grid.js HTTP/1.1" 304 -
61.172.5.115 - - [06/Aug/2020:08:35:14 +0800] "GET /xingrg/javascript/print/kc_print.js HTTP/1.1" 304 -
61.172.5.115 - - [06/Aug/2020:08:35:14 +0800] "GET /xingrg/javascript/print/LodopFuncs.js HTTP/1.1" 304 -
61.172.5.115 - - [06/Aug/2020:08:35:14 +0800] "GET /xingrg/dwr/interface/AjaxComOrderService.js HTTP/1.1" 200 18264
61.172.5.115 - - [06/Aug/2020:08:35:14 +0800] "GET /xingrg/dwr/engine.js HTTP/1.1" 200 43631
61.172.5.115 - - [06/Aug/2020:08:35:14 +0800] "GET /xingrg/words/20200805143817_words.js HTTP/1.1" 304 -
61.172.5.115 - - [06/Aug/2020:08:35:15 +0800] "GET /xingrg/images/blue/button/kc_tab_add.gif HTTP/1.1" 304 -
61.172.5.115 - - [06/Aug/2020:08:35:15 +0800] "GET /xingrg/images/blue/button/kc_tab_edit.gif HTTP/1.1" 304 -
61.172.5.115 - - [06/Aug/2020:08:35:15 +0800] "GET /xingrg/images/blue/button/kc_tab_save.gif HTTP/1.1" 304 -
61.172.5.115 - - [06/Aug/2020:08:35:15 +0800] "GET /xingrg/images/blue/button/kc_tab_del.gif HTTP/1.1" 304 -
114.88.161.57 - - [06/Aug/2020:08:35:30 +0800] "GET /xingrg/all/function/internal_message.html?_=1596674127124&CODE_STATE=getMsg HTTP/1.1" 200 27
61.172.5.115 - - [06/Aug/2020:08:35:34 +0800] "GET /xingrg/images/blue/wait.gif HTTP/1.1" 304 -
61.172.5.115 - - [06/Aug/2020:08:35:34 +0800] "POST /xingrg/dwr/call/plaincall/AjaxQqpsService.saveOrder.dwr HTTP/1.1" 200 78
114.84.32.201 - - [06/Aug/2020:08:35:41 +0800] "GET /xingrg/all/function/internal_message.html?_=1596674131538&CODE_STATE=getMsg HTTP/1.1" 200 27
114.89.80.44 - - [06/Aug/2020:08:35:42 +0800] "GET /xingrg/all/function/internal_message.html?_=1596674272893&CODE_STATE=getMsg HTTP/1.1" 200 27
172.17.0.100 - - [06/Aug/2020:08:35:45 +0800] "GET /xingrg/all/function/internal_message.html?_=1596674142202&CODE_STATE=getMsg HTTP/1.1" 200 27
222.69.133.128 - - [06/Aug/2020:08:35:48 +0800] "GET /xingrg/all/function/internal_message.html?_=1596674141522&CODE_STATE=getMsg HTTP/1.1" 200 27
61.172.5.115 - - [06/Aug/2020:08:35:50 +0800] "GET /xingrg/javascript/auto/indicator.gif HTTP/1.1" 404 1066
61.172.5.115 - - [06/Aug/2020:08:35:55 +0800] "POST /xingrg/dwr/call/plaincall/AjaxQqpsService.getMaterielByCode.dwr HTTP/1.1" 200 2613
120.253.135.82 - - [06/Aug/2020:08:35:55 +0800] "GET /xingrg/login.html HTTP/1.1" 200 7641
120.253.135.82 - - [06/Aug/2020:08:35:55 +0800] "GET /xingrg/images/blue/jxLogo.png HTTP/1.1" 304 -
120.253.135.82 - - [06/Aug/2020:08:35:55 +0800] "GET /xingrg/images/blue/login_bg.png HTTP/1.1" 304 -
120.253.135.82 - - [06/Aug/2020:08:35:55 +0800] "GET /xingrg/images/blue/hj.png HTTP/1.1" 304 -
120.253.135.82 - - [06/Aug/2020:08:35:55 +0800] "GET /xingrg/images/blue/srbg.png HTTP/1.1" 304 -
120.253.135.82 - - [06/Aug/2020:08:35:56 +0800] "GET /favicon.ico HTTP/1.1" 404 -
116.230.74.197 - - [06/Aug/2020:08:35:56 +0800] "GET /xingrg/kc/buy/cgsh_order_operate.html?command=get_materiel&rest_code=00107&code=00101029003&supplier_code=00100017&order_time=2020-08-06 HTTP/1.1" 200 473
222.69.133.128 - - [06/Aug/2020:08:35:56 +0800] "POST /xingrg/kc/buy/cgsh_order_operate.html HTTP/1.1" 200 2065
114.89.80.44 - - [06/Aug/2020:08:35:57 +0800] "GET /xingrg/all/function/internal_message.html?_=1596674153249&CODE_STATE=getMsg HTTP/1.1" 200 27
120.253.135.82 - - [06/Aug/2020:08:35:58 +0800] "POST /xingrg/login.do HTTP/1.1" 302 -
120.253.135.82 - - [06/Aug/2020:08:35:58 +0800] "GET /xingrg/index.html?sysBaseUrl=http%3A%2F%2F180.169.147.146%3A18081%2Fxingrg%2F&costTime=38×tamp=1596674158256 HTTP/1.1" 200 17503
120.253.135.82 - - [06/Aug/2020:08:35:58 +0800] "GET /xingrg/javascript/jquery_easy_ui/themes/default/easyui.css HTTP/1.1" 304 -
120.253.135.82 - - [06/Aug/2020:08:35:58 +0800] "GET /xingrg/javascript/jquery_easy_ui/themes/icon.css HTTP/1.1" 304 -
120.253.135.82 - - [06/Aug/2020:08:35:58 +0800] "GET /xingrg/css/form.css HTTP/1.1" 304 -
120.253.135.82 - - [06/Aug/2020:08:35:58 +0800] "GET /xingrg/javascript/jquery.timers.js HTTP/1.1" 304 -
120.253.135.82 - - [06/Aug/2020:08:35:58 +0800] "GET /xingrg/javascript/jquery_easy_ui/jquery.easyui.min.js HTTP/1.1" 304 -
120.253.135.82 - - [06/Aug/2020:08:35:58 +0800] "GET /xingrg/javascript/jquery.utils.js HTTP/1.1" 304 -
120.253.135.82 - - [06/Aug/2020:08:35:58 +0800] "GET /xingrg/javascript/jquery_easy_ui/easyui-lang-zh_CN.js HTTP/1.1" 304 -
120.253.135.82 - - [06/Aug/2020:08:35:58 +0800] "GET /xingrg/javascript/jquery.form.js HTTP/1.1" 304 -
120.253.135.82 - - [06/Aug/2020:08:35:58 +0800] "GET /xingrg/javascript/jquery-1.4.2.min.js HTTP/1.1" 304 -
120.253.135.82 - - [06/Aug/2020:08:35:58 +0800] "GET /xingrg/images/blue/navBackgound.jpg HTTP/1.1" 304 -
120.253.135.82 - - [06/Aug/2020:08:35:58 +0800] "GET /xingrg/javascript/jquery_easy_ui/themes/icons/settle_new.png HTTP/1.1" 304 -
120.253.135.82 - - [06/Aug/2020:08:35:58 +0800] "GET /xingrg/images/blue/pingpu.png HTTP/1.1" 304 -
120.253.135.82 - - [06/Aug/2020:08:35:58 +0800] "GET /xingrg/javascript/jquery_easy_ui/themes/default/images/tabs_rightarrow.png HTTP/1.1" 304 -
120.253.135.82 - - [06/Aug/2020:08:35:58 +0800] "GET /xingrg/javascript/jquery_easy_ui/themes/default/images/tabs_leftarrow.png HTTP/1.1" 304 -
120.253.135.82 - - [06/Aug/2020:08:35:58 +0800] "GET /xingrg/javascript/jquery_easy_ui/themes/default/images/panel_tool_collapse.gif HTTP/1.1" 304 -
120.253.135.82 - - [06/Aug/2020:08:35:58 +0800] "POST /xingrg/all/common/load_tree.html?tree=area_rest_tree_json&manage=1 HTTP/1.1" 200 344
120.253.135.82 - - [06/Aug/2020:08:35:58 +0800] "GET /xingrg/javascript/jquery_easy_ui/themes/default/images/panel_tool_expand.gif HTTP/1.1" 304 -
61.172.5.115 - - [06/Aug/2020:08:35:58 +0800] "GET /xingrg/all/function/internal_message.html?_=1596674149357&CODE_STATE=getMsg HTTP/1.1" 200 27
120.253.135.82 - - [06/Aug/2020:08:35:58 +0800] "GET /xingrg/all/function/internal_message.html?_=1596673909293&CODE_STATE=count HTTP/1.1" 200 11
120.253.135.82 - - [06/Aug/2020:08:35:58 +0800] "GET /xingrg/check_reg.html?_=1596673909294 HTTP/1.1" 200 22
120.253.135.82 - - [06/Aug/2020:08:35:58 +0800] "GET /xingrg/javascript/jquery_easy_ui/themes/default/images/tree_arrows.gif HTTP/1.1" 304 -
120.253.135.82 - - [06/Aug/2020:08:35:58 +0800] "POST /xingrg/load_menu.html HTTP/1.1" 200 11443
120.253.135.82 - - [06/Aug/2020:08:35:58 +0800] "GET /favicon.ico HTTP/1.1" 404 -
61.172.5.115 - - [06/Aug/2020:08:35:58 +0800] "POST /xingrg/dwr/call/plaincall/AjaxQqpsService.saveMaterielItem.dwr HTTP/1.1" 200 78
120.253.135.82 - - [06/Aug/2020:08:35:58 +0800] "GET /xingrg/javascript/jquery_easy_ui/themes/default/images/tree_folder_open.gif HTTP/1.1" 304 -
120.253.135.82 - - [06/Aug/2020:08:35:58 +0800] "GET /xingrg/javascript/jquery_easy_ui/themes/icons/storage_new.png HTTP/1.1" 304 -
120.253.135.82 - - [06/Aug/2020:08:35:58 +0800] "GET /xingrg/javascript/jquery_easy_ui/themes/icons/search_new.png HTTP/1.1" 304 -
120.253.135.82 - - [06/Aug/2020:08:35:58 +0800] "GET /xingrg/javascript/jquery_easy_ui/themes/icons/checkout_new.png HTTP/1.1" 304 -
120.253.135.82 - - [06/Aug/2020:08:35:58 +0800] "GET /xingrg/javascript/jquery_easy_ui/themes/icons/setting_new.png HTTP/1.1" 304 -
120.253.135.82 - - [06/Aug/2020:08:35:58 +0800] "GET /xingrg/javascript/jquery_easy_ui/themes/icons/delivery_new.png HTTP/1.1" 304 -
120.253.135.82 - - [06/Aug/2020:08:35:58 +0800] "GET /xingrg/javascript/jquery_easy_ui/themes/icons/systemset_new.png HTTP/1.1" 304 -
120.253.135.82 - - [06/Aug/2020:08:35:58 +0800] "GET /xingrg/javascript/jquery_easy_ui/themes/icons/forms_new.png HTTP/1.1" 304 -
120.253.135.82 - - [06/Aug/2020:08:35:58 +0800] "GET /xingrg/javascript/jquery_easy_ui/themes/default/images/tree_file.gif HTTP/1.1" 304 -
120.253.135.82 - - [06/Aug/2020:08:35:58 +0800] "GET /xingrg/javascript/jquery_easy_ui/themes/default/images/tree_folder.gif HTTP/1.1" 304 -
222.69.133.128 - - [06/Aug/2020:08:36:00 +0800] "GET /xingrg/kc/buy/cgsh_order_operate.html?command=get_materiel&rest_code=00149&code=00101008224&supplier_code=00100005&order_time=2020-08-06 HTTP/1.1" 200 416
120.253.135.82 - - [06/Aug/2020:08:36:02 +0800] "GET /xingrg/javascript/jquery_easy_ui/themes/default/images/tabs_close.gif HTTP/1.1" 304 -
120.253.135.82 - - [06/Aug/2020:08:36:02 +0800] "GET /xingrg/css/blue.css HTTP/1.1" 304 -
120.253.135.82 - - [06/Aug/2020:08:36:02 +0800] "GET /xingrg/dwr/util.js HTTP/1.1" 304 -
120.253.135.82 - - [06/Aug/2020:08:36:02 +0800] "GET /xingrg/javascript/myfunction.js HTTP/1.1" 304 -
120.253.135.82 - - [06/Aug/2020:08:36:02 +0800] "GET /xingrg/kc/pszx/mdqp_order_list.html?state=10 HTTP/1.1" 200 10125
120.253.135.82 - - [06/Aug/2020:08:36:02 +0800] "GET /xingrg/javascript/Calendar.js HTTP/1.1" 304 -
120.253.135.82 - - [06/Aug/2020:08:36:02 +0800] "GET /xingrg/javascript/pic_change.js HTTP/1.1" 304 -
120.253.135.82 - - [06/Aug/2020:08:36:02 +0800] "GET /xingrg/dwr/interface/AjaxQqpsService.js HTTP/1.1" 200 16326
120.253.135.82 - - [06/Aug/2020:08:36:02 +0800] "GET /xingrg/dwr/interface/AjaxReportQueryService.js HTTP/1.1" 200 13203
120.253.135.82 - - [06/Aug/2020:08:36:02 +0800] "GET /xingrg/dwr/engine.js HTTP/1.1" 200 43631
120.253.135.82 - - [06/Aug/2020:08:36:02 +0800] "GET /xingrg/javascript/jquery_easy_ui/themes/icons/check_new.png HTTP/1.1" 304 -
120.253.135.82 - - [06/Aug/2020:08:36:02 +0800] "GET /xingrg/javascript/jquery_easy_ui/themes/icons/back_new.png HTTP/1.1" 304 -
120.253.135.82 - - [06/Aug/2020:08:36:02 +0800] "GET /xingrg/javascript/jquery_easy_ui/themes/icons/uncheck_new.png HTTP/1.1" 304 -
120.253.135.82 - - [06/Aug/2020:08:36:04 +0800] "GET /xingrg/css/base.css HTTP/1.1" 304 -
120.253.135.82 - - [06/Aug/2020:08:36:04 +0800] "GET /xingrg/javascript/jquery_tools/fix.css HTTP/1.1" 304 -
120.253.135.82 - - [06/Aug/2020:08:36:04 +0800] "GET /xingrg/javascript/jquery_tools/table.css HTTP/1.1" 304 -
120.253.135.82 - - [06/Aug/2020:08:36:04 +0800] "GET /xingrg/css/site.css HTTP/1.1" 304 -
120.253.135.82 - - [06/Aug/2020:08:36:04 +0800] "GET /xingrg/javascript/jquery_tools/datebox.css HTTP/1.1" 304 -
120.253.135.82 - - [06/Aug/2020:08:36:04 +0800] "GET /xingrg/javascript/auto/jquery.autocomplete.css HTTP/1.1" 304 -
120.253.135.82 - - [06/Aug/2020:08:36:04 +0800] "GET /xingrg/javascript/jquery_tools/jquery.tools.extend.js HTTP/1.1" 304 -
120.253.135.82 - - [06/Aug/2020:08:36:04 +0800] "GET /xingrg/javascript/easyui/themes/icon.css HTTP/1.1" 304 -
120.253.135.82 - - [06/Aug/2020:08:36:04 +0800] "GET /xingrg/javascript/easyui/themes/default/easyui.css HTTP/1.1" 304 -
120.253.135.82 - - [06/Aug/2020:08:36:04 +0800] "GET /xingrg/javascript/jquery_tools/list_manager.js HTTP/1.1" 304 -
120.253.135.82 - - [06/Aug/2020:08:36:04 +0800] "GET /xingrg/javascript/jquery_tools/jquery.tools.min.js HTTP/1.1" 304 -
120.253.135.82 - - [06/Aug/2020:08:36:04 +0800] "GET /xingrg/javascript/jquery_tools/jquery.tools.hotkey.js HTTP/1.1" 304 -
120.253.135.82 - - [06/Aug/2020:08:36:04 +0800] "GET /xingrg/javascript/jquery_tools/jquery.tools.table.js HTTP/1.1" 304 -
120.253.135.82 - - [06/Aug/2020:08:36:04 +0800] "GET /xingrg/kc/pszx/mdps_order_list.html?orderType=0 HTTP/1.1" 200 21018
120.253.135.82 - - [06/Aug/2020:08:36:04 +0800] "GET /xingrg/javascript/print/LodopFuncs.js HTTP/1.1" 304 -
120.253.135.82 - - [06/Aug/2020:08:36:04 +0800] "GET /xingrg/javascript/auto/jquery.autocomplete.js HTTP/1.1" 304 -
120.253.135.82 - - [06/Aug/2020:08:36:04 +0800] "GET /xingrg/javascript/jquery.cookie.js HTTP/1.1" 304 -
120.253.135.82 - - [06/Aug/2020:08:36:04 +0800] "GET /xingrg/javascript/easyui/easyloader.js HTTP/1.1" 304 -
120.253.135.82 - - [06/Aug/2020:08:36:05 +0800] "GET /xingrg/javascript/easyui/themes/icons/edit_add_new.png HTTP/1.1" 304 -
120.253.135.82 - - [06/Aug/2020:08:36:05 +0800] "GET /xingrg/javascript/easyui/themes/icons/cance_new.png HTTP/1.1" 304 -
120.253.135.82 - - [06/Aug/2020:08:36:05 +0800] "GET /xingrg/javascript/easyui/themes/icons/uncheck_new.png HTTP/1.1" 304 -
120.253.135.82 - - [06/Aug/2020:08:36:05 +0800] "GET /xingrg/javascript/easyui/themes/icons/field_new.png HTTP/1.1" 304 -
120.253.135.82 - - [06/Aug/2020:08:36:05 +0800] "GET /xingrg/javascript/easyui/themes/icons/check_new.png HTTP/1.1" 304 -
120.253.135.82 - - [06/Aug/2020:08:36:05 +0800] "GET /xingrg/javascript/easyui/themes/icons/import_new.png HTTP/1.1" 304 -
120.253.135.82 - - [06/Aug/2020:08:36:05 +0800] "GET /xingrg/javascript/easyui/plugins/jquery.parser.js HTTP/1.1" 304 -
120.253.135.82 - - [06/Aug/2020:08:36:05 +0800] "GET /xingrg/images/control/ajaxLoader.gif HTTP/1.1" 304 -
120.253.135.82 - - [06/Aug/2020:08:36:05 +0800] "GET /xingrg/javascript/jquery_easy_ui/themes/icons/area.png HTTP/1.1" 304 -
120.253.135.82 - - [06/Aug/2020:08:36:05 +0800] "GET /xingrg/javascript/jquery_easy_ui/themes/icons/manage.png HTTP/1.1" 304 -
120.253.135.82 - - [06/Aug/2020:08:36:05 +0800] "POST /xingrg/kc/pszx/mdps_list_operate.html HTTP/1.1" 200 5414
120.253.135.82 - - [06/Aug/2020:08:36:07 +0800] "GET /xingrg/javascript/auto/indicator.gif HTTP/1.1" 404 1066
120.253.135.82 - - [06/Aug/2020:08:36:12 +0800] "POST /xingrg/kc/pszx/mdps_list_operate.html HTTP/1.1" 200 3490
116.230.74.197 - - [06/Aug/2020:08:36:13 +0800] "GET /xingrg/all/function/internal_message.html?_=1596674164121&CODE_STATE=getMsg HTTP/1.1" 200 27
120.253.135.82 - - [06/Aug/2020:08:36:18 +0800] "POST /xingrg/kc/pszx/mdps_list_operate.html HTTP/1.1" 200 1703
61.172.5.115 - - [06/Aug/2020:08:36:18 +0800] "POST /xingrg/dwr/call/plaincall/AjaxQqpsService.getMaterielByCode.dwr HTTP/1.1" 200 2583
120.253.135.82 - - [06/Aug/2020:08:36:20 +0800] "POST /xingrg/kc/pszx/mdps_list_operate.html HTTP/1.1" 200 362
116.230.74.197 - - [06/Aug/2020:08:36:21 +0800] "GET /xingrg/kc/buy/cgsh_order_operate.html?command=get_materiel&rest_code=00107&code=00101028036&supplier_code=00100017&order_time=2020-08-06 HTTP/1.1" 200 444
180.175.214.200 - - [06/Aug/2020:08:36:22 +0800] "GET /favicon.ico HTTP/1.1" 404 -
180.175.214.200 - - [06/Aug/2020:08:36:22 +0800] "GET /favicon.ico HTTP/1.1" 404 -
180.175.214.200 - - [06/Aug/2020:08:36:23 +0800] "GET /favicon.ico HTTP/1.1" 404 -
61.172.5.115 - - [06/Aug/2020:08:36:24 +0800] "POST /xingrg/dwr/call/plaincall/AjaxQqpsService.saveMaterielItem.dwr HTTP/1.1" 200 78
180.175.214.200 - - [06/Aug/2020:08:36:24 +0800] "GET /favicon.ico HTTP/1.1" 404 -
180.175.214.200 - - [06/Aug/2020:08:36:24 +0800] "GET /favicon.ico HTTP/1.1" 404 -
180.175.214.200 - - [06/Aug/2020:08:36:25 +0800] "GET /favicon.ico HTTP/1.1" 404 -
180.175.214.200 - - [06/Aug/2020:08:36:26 +0800] "GET /favicon.ico HTTP/1.1" 404 -
120.253.135.82 - - [06/Aug/2020:08:36:26 +0800] "POST /xingrg/kc/pszx/mdps_list_operate.html HTTP/1.1" 200 5864
120.253.135.82 - - [06/Aug/2020:08:36:28 +0800] "POST /xingrg/kc/pszx/mdps_list_operate.html HTTP/1.1" 200 200
114.88.161.57 - - [06/Aug/2020:08:36:30 +0800] "GET /xingrg/all/function/internal_message.html?_=1596674187148&CODE_STATE=getMsg HTTP/1.1" 200 27
222.69.133.128 - - [06/Aug/2020:08:36:32 +0800] "GET /xingrg/kc/buy/cgsh_order_operate.html?command=get_materiel&rest_code=00149&code=00101008148&supplier_code=00100005&order_time=2020-08-06 HTTP/1.1" 200 416
120.253.135.82 - - [06/Aug/2020:08:36:40 +0800] "POST /xingrg/kc/pszx/mdps_list_operate.html HTTP/1.1" 200 215
114.84.32.201 - - [06/Aug/2020:08:36:41 +0800] "GET /xingrg/all/function/internal_message.html?_=1596674191538&CODE_STATE=getMsg HTTP/1.1" 200 27
114.89.80.44 - - [06/Aug/2020:08:36:42 +0800] "GET /xingrg/all/function/internal_message.html?_=1596674332914&CODE_STATE=getMsg HTTP/1.1" 200 27
116.230.74.197 - - [06/Aug/2020:08:36:43 +0800] "GET /xingrg/kc/buy/cgsh_order_operate.html?command=get_materiel&rest_code=00107&code=00101028011&supplier_code=00100017&order_time=2020-08-06 HTTP/1.1" 200 452
172.17.0.100 - - [06/Aug/2020:08:36:45 +0800] "GET /xingrg/check_reg.html?_=1596674202201 HTTP/1.1" 200 22
172.17.0.100 - - [06/Aug/2020:08:36:45 +0800] "GET /xingrg/all/function/internal_message.html?_=1596674202202&CODE_STATE=getMsg HTTP/1.1" 200 27
114.88.161.57 - - [06/Aug/2020:08:36:46 +0800] "POST /xingrg/login.do HTTP/1.1" 302 -
114.88.161.57 - - [06/Aug/2020:08:36:46 +0800] "GET /xingrg/index.html?sysBaseUrl=http%3A%2F%2F180.169.147.146%3A18081%2Fxingrg%2F&costTime=38×tamp=1596674206410 HTTP/1.1" 200 17173
114.88.161.57 - - [06/Aug/2020:08:36:46 +0800] "POST /xingrg/all/common/load_tree.html?tree=area_rest_tree_json&manage=1 HTTP/1.1" 200 342
114.88.161.57 - - [06/Aug/2020:08:36:46 +0800] "GET /xingrg/all/function/internal_message.html?_=1596674239181&CODE_STATE=count HTTP/1.1" 200 11
114.88.161.57 - - [06/Aug/2020:08:36:46 +0800] "GET /xingrg/check_reg.html?_=1596674239181 HTTP/1.1" 200 22
114.88.161.57 - - [06/Aug/2020:08:36:46 +0800] "POST /xingrg/load_menu.html HTTP/1.1" 200 5138
114.88.161.57 - - [06/Aug/2020:08:36:46 +0800] "GET /favicon.ico HTTP/1.1" 404 -
114.88.161.57 - - [06/Aug/2020:08:36:47 +0800] "GET /xingrg/check_reg.html?_=1596674204082 HTTP/1.1" 200 22
222.69.133.128 - - [06/Aug/2020:08:36:48 +0800] "GET /xingrg/all/function/internal_message.html?_=1596674201542&CODE_STATE=getMsg HTTP/1.1" 200 27
222.69.133.128 - - [06/Aug/2020:08:36:48 +0800] "GET /xingrg/check_reg.html?_=1596674201549 HTTP/1.1" 200 22
120.253.135.82 - - [06/Aug/2020:08:36:48 +0800] "POST /xingrg/kc/pszx/mdps_list_operate.html HTTP/1.1" 200 613
222.69.133.128 - - [06/Aug/2020:08:36:57 +0800] "POST /xingrg/kc/buy/cgsh_order_operate.html HTTP/1.1" 200 2065
114.89.80.44 - - [06/Aug/2020:08:36:57 +0800] "GET /xingrg/all/function/internal_message.html?_=1596674213270&CODE_STATE=getMsg HTTP/1.1" 200 27
61.172.5.115 - - [06/Aug/2020:08:36:58 +0800] "GET /xingrg/all/function/internal_message.html?_=1596674209359&CODE_STATE=getMsg HTTP/1.1" 200 27
120.253.135.82 - - [06/Aug/2020:08:36:58 +0800] "GET /xingrg/all/function/internal_message.html?_=1596673969310&CODE_STATE=getMsg HTTP/1.1" 200 27
116.230.74.197 - - [06/Aug/2020:08:37:02 +0800] "POST /xingrg/kc/buy/cgsh_order_operate.html HTTP/1.1" 200 37
61.172.5.115 - - [06/Aug/2020:08:37:02 +0800] "GET /xingrg/kc/mdqp/qp_main.html HTTP/1.1" 200 10633
222.69.133.128 - - [06/Aug/2020:08:37:02 +0800] "GET /xingrg/kc/buy/cgsh_order_operate.html?command=get_materiel&rest_code=00149&code=00101008321&supplier_code=00100005&order_time=2020-08-06 HTTP/1.1" 200 412
116.230.74.197 - - [06/Aug/2020:08:37:03 +0800] "POST /xingrg/kc/buy/cgsh_order_operate.html HTTP/1.1" 200 4580
116.230.74.197 - - [06/Aug/2020:08:37:07 +0800] "POST /xingrg/kc/buy/cgsh_order_operate.html HTTP/1.1" 200 37
116.230.74.197 - - [06/Aug/2020:08:37:10 +0800] "POST /xingrg/kc/buy/cgsh_order_operate.html HTTP/1.1" 200 12
61.172.5.115 - - [06/Aug/2020:08:37:11 +0800] "GET /xingrg/kc/mdqp/qp_main.html HTTP/1.1" 200 10633
116.230.74.197 - - [06/Aug/2020:08:37:12 +0800] "GET /xingrg/kc/buy/cgsh_order_info.html?code=212020080602087 HTTP/1.1" 200 54325
116.230.74.197 - - [06/Aug/2020:08:37:13 +0800] "GET /xingrg/all/function/internal_message.html?_=1596674224104&CODE_STATE=getMsg HTTP/1.1" 200 27
61.172.5.115 - - [06/Aug/2020:08:37:13 +0800] "GET /xingrg/kc/main_page.html HTTP/1.1" 200 2725
61.172.5.115 - - [06/Aug/2020:08:37:13 +0800] "POST /xingrg/kc/main/get_notify_info.html HTTP/1.1" 200 112
116.230.74.197 - - [06/Aug/2020:08:37:13 +0800] "GET /xingrg/javascript/easyui/themes/default/validatebox.css HTTP/1.1" 404 1104
61.172.5.115 - - [06/Aug/2020:08:37:13 +0800] "POST /xingrg/kc/main/get_notify_info.html HTTP/1.1" 200 1362
116.230.74.197 - - [06/Aug/2020:08:37:14 +0800] "POST /xingrg/kc/buy/cgsh_order_operate.html HTTP/1.1" 200 2530
61.172.5.115 - - [06/Aug/2020:08:37:15 +0800] "GET /xingrg/javascript/jquery_easy_ui/themes/default/images/tabs_active.png HTTP/1.1" 304 -
116.230.74.197 - - [06/Aug/2020:08:37:16 +0800] "GET /xingrg/kc/print/load_config.html?kc_code=cgsh HTTP/1.1" 200 1845
116.230.74.197 - - [06/Aug/2020:08:37:16 +0800] "GET /xingrg/kc/print/load_data.html?order_code=212020080602087&kc_code=cgsh&condition= HTTP/1.1" 200 1585
61.172.5.115 - - [06/Aug/2020:08:37:21 +0800] "GET /xingrg/kc/mdqp/qp_main.html HTTP/1.1" 200 10633
61.172.5.115 - - [06/Aug/2020:08:37:23 +0800] "GET /xingrg/kc/mdqp/qqps_order_list.html HTTP/1.1" 200 9642
