117.184.7.26 - - [06/Aug/2020:09:23:53 +0800] "POST /xingrg/dwr/call/plaincall/AjaxQqpsService.saveOrder.dwr HTTP/1.1" 200 78
61.172.5.115 - - [06/Aug/2020:09:23:54 +0800] "GET /xingrg/kc/print/load_data.html?order_code=212020080602116&kc_code=cgsh&condition= HTTP/1.1" 200 1115
120.253.135.82 - - [06/Aug/2020:09:23:55 +0800] "GET /xingrg/all/function/internal_message.html?_=1596676786478&CODE_STATE=getMsg HTTP/1.1" 200 27
114.88.161.57 - - [06/Aug/2020:09:23:56 +0800] "GET /xingrg/all/function/internal_message.html?_=1596677068989&CODE_STATE=getMsg HTTP/1.1" 200 27
114.88.161.57 - - [06/Aug/2020:09:23:56 +0800] "GET /xingrg/check_reg.html?_=1596677068992 HTTP/1.1" 200 22
117.184.7.26 - - [06/Aug/2020:09:23:58 +0800] "POST /xingrg/dwr/call/plaincall/AjaxQqpsService.getMaterielByCode.dwr HTTP/1.1" 200 2672
61.172.5.115 - - [06/Aug/2020:09:23:58 +0800] "GET /xingrg/kc/buy/cgsh_order_add.html HTTP/1.1" 200 59379
61.172.5.115 - - [06/Aug/2020:09:23:58 +0800] "GET /xingrg/javascript/easyui/themes/default/validatebox.css HTTP/1.1" 404 1104
61.172.5.115 - - [06/Aug/2020:09:23:58 +0800] "GET /xingrg/all/function/internal_message.html?_=1596677029387&CODE_STATE=getMsg HTTP/1.1" 200 27
61.172.5.115 - - [06/Aug/2020:09:23:58 +0800] "POST /xingrg/kc/buy/cgsh_order_operate.html HTTP/1.1" 200 8245
117.184.7.26 - - [06/Aug/2020:09:23:59 +0800] "POST /xingrg/dwr/call/plaincall/AjaxQqpsService.saveMaterielItem.dwr HTTP/1.1" 200 78
114.89.80.44 - - [06/Aug/2020:09:24:00 +0800] "POST /xingrg/kc/buy/cgsh_order_operate.html HTTP/1.1" 200 37
117.184.7.26 - - [06/Aug/2020:09:24:01 +0800] "POST /xingrg/dwr/call/plaincall/AjaxQqpsService.saveOrder.dwr HTTP/1.1" 200 78
114.89.80.44 - - [06/Aug/2020:09:24:02 +0800] "POST /xingrg/kc/buy/cgsh_order_operate.html HTTP/1.1" 200 12
114.89.80.44 - - [06/Aug/2020:09:24:03 +0800] "GET /xingrg/kc/buy/cgsh_order_info.html?code=212020080602117 HTTP/1.1" 200 54222
114.89.80.44 - - [06/Aug/2020:09:24:04 +0800] "GET /xingrg/javascript/easyui/themes/default/validatebox.css HTTP/1.1" 404 1104
114.89.80.44 - - [06/Aug/2020:09:24:04 +0800] "POST /xingrg/kc/buy/cgsh_order_operate.html HTTP/1.1" 200 2979
172.17.0.185 - - [06/Aug/2020:09:24:05 +0800] "GET /xingrg/all/function/internal_message.html?_=1596677042534&CODE_STATE=getMsg HTTP/1.1" 200 27
114.89.80.44 - - [06/Aug/2020:09:24:06 +0800] "GET /xingrg/kc/print/load_config.html?kc_code=cgsh HTTP/1.1" 200 1845
114.89.80.44 - - [06/Aug/2020:09:24:06 +0800] "GET /xingrg/kc/print/load_data.html?order_code=212020080602117&kc_code=cgsh&condition= HTTP/1.1" 200 1719
117.184.7.26 - - [06/Aug/2020:09:24:10 +0800] "GET /xingrg/kc/base/base_main.html HTTP/1.1" 200 12142
117.184.7.26 - - [06/Aug/2020:09:24:11 +0800] "GET /xingrg/kc/base/wldb_order_list.html HTTP/1.1" 200 19255
117.184.7.26 - - [06/Aug/2020:09:24:11 +0800] "POST /xingrg/kc/base/wldb_list_operate.html HTTP/1.1" 200 928
116.230.74.197 - - [06/Aug/2020:09:24:14 +0800] "GET /xingrg/all/function/internal_message.html?_=1596677045382&CODE_STATE=getMsg HTTP/1.1" 200 27
222.69.133.128 - - [06/Aug/2020:09:24:15 +0800] "GET /xingrg/kc/buy/cgsh_order_add.html HTTP/1.1" 200 59432
222.69.133.128 - - [06/Aug/2020:09:24:15 +0800] "POST /xingrg/kc/buy/cgsh_order_operate.html HTTP/1.1" 200 8245
222.69.133.128 - - [06/Aug/2020:09:24:15 +0800] "GET /xingrg/javascript/easyui/themes/default/validatebox.css HTTP/1.1" 404 1104
114.89.80.44 - - [06/Aug/2020:09:24:15 +0800] "GET /xingrg/all/function/internal_message.html?_=1596677051325&CODE_STATE=getMsg HTTP/1.1" 200 27
180.175.214.200 - - [06/Aug/2020:09:24:15 +0800] "GET /xingrg/kc/buy/cgsh_order_operate.html?command=get_materiel&rest_code=00102&code=00101016038&supplier_code=00100031&order_time=2020-08-06 HTTP/1.1" 200 408
61.172.5.115 - - [06/Aug/2020:09:24:18 +0800] "GET /xingrg/kc/buy/cgsh_order_operate.html?command=get_materiel&rest_code=00105&code=00101007061&supplier_code=00100002&order_time=2020-08-06 HTTP/1.1" 200 409
222.70.173.120 - - [06/Aug/2020:09:24:20 +0800] "GET /xingrg/check_reg.html?_=1596677101910 HTTP/1.1" 200 22
114.89.80.44 - - [06/Aug/2020:09:24:21 +0800] "POST /xingrg/all/user/operate.html HTTP/1.1" 200 36
114.89.80.44 - - [06/Aug/2020:09:24:21 +0800] "GET /xingrg/javascript/jquery_easy_ui/themes/default/easyui.css HTTP/1.1" 304 -
114.89.80.44 - - [06/Aug/2020:09:24:21 +0800] "GET /xingrg/index.html?sysBaseUrl=http%3A%2F%2F180.169.147.146%3A18081%2Fxingrg%2F&costTime=38×tamp=1596627748402 HTTP/1.1" 200 17177
114.89.80.44 - - [06/Aug/2020:09:24:21 +0800] "GET /xingrg/javascript/jquery_easy_ui/themes/icon.css HTTP/1.1" 304 -
114.89.80.44 - - [06/Aug/2020:09:24:21 +0800] "GET /xingrg/css/form.css HTTP/1.1" 304 -
114.89.80.44 - - [06/Aug/2020:09:24:21 +0800] "GET /xingrg/javascript/jquery-1.4.2.min.js HTTP/1.1" 304 -
114.89.80.44 - - [06/Aug/2020:09:24:21 +0800] "GET /xingrg/javascript/jquery_easy_ui/jquery.easyui.min.js HTTP/1.1" 304 -
114.89.80.44 - - [06/Aug/2020:09:24:21 +0800] "GET /xingrg/javascript/jquery_easy_ui/easyui-lang-zh_CN.js HTTP/1.1" 304 -
114.89.80.44 - - [06/Aug/2020:09:24:21 +0800] "GET /xingrg/javascript/jquery.form.js HTTP/1.1" 304 -
114.89.80.44 - - [06/Aug/2020:09:24:21 +0800] "GET /xingrg/javascript/jquery.utils.js HTTP/1.1" 304 -
114.89.80.44 - - [06/Aug/2020:09:24:21 +0800] "GET /xingrg/javascript/jquery.timers.js HTTP/1.1" 304 -
114.89.80.44 - - [06/Aug/2020:09:24:21 +0800] "GET /xingrg/images/blue/jxLogo.png HTTP/1.1" 304 -
114.89.80.44 - - [06/Aug/2020:09:24:21 +0800] "GET /xingrg/images/blue/navBackgound.jpg HTTP/1.1" 304 -
114.89.80.44 - - [06/Aug/2020:09:24:21 +0800] "GET /xingrg/javascript/jquery_easy_ui/themes/icons/settle_new.png HTTP/1.1" 304 -
114.89.80.44 - - [06/Aug/2020:09:24:21 +0800] "POST /xingrg/all/common/load_tree.html?tree=area_rest_tree_json&manage=1 HTTP/1.1" 200 476
114.89.80.44 - - [06/Aug/2020:09:24:21 +0800] "GET /xingrg/images/blue/pingpu.png HTTP/1.1" 304 -
114.89.80.44 - - [06/Aug/2020:09:24:21 +0800] "GET /xingrg/javascript/jquery_easy_ui/themes/default/images/tabs_leftarrow.png HTTP/1.1" 304 -
114.89.80.44 - - [06/Aug/2020:09:24:21 +0800] "GET /xingrg/javascript/jquery_easy_ui/themes/default/images/tabs_rightarrow.png HTTP/1.1" 304 -
114.89.80.44 - - [06/Aug/2020:09:24:21 +0800] "GET /xingrg/javascript/jquery_easy_ui/themes/default/images/panel_tool_collapse.gif HTTP/1.1" 304 -
114.89.80.44 - - [06/Aug/2020:09:24:21 +0800] "GET /xingrg/all/function/internal_message.html?_=1596677192350&CODE_STATE=count HTTP/1.1" 200 11
114.89.80.44 - - [06/Aug/2020:09:24:21 +0800] "GET /xingrg/check_reg.html?_=1596677192351 HTTP/1.1" 200 22
114.89.80.44 - - [06/Aug/2020:09:24:21 +0800] "POST /xingrg/load_menu.html HTTP/1.1" 200 5138
117.185.32.26 - - [06/Aug/2020:09:24:29 +0800] "GET /xingrg/all/function/internal_message.html?_=1596677064297&CODE_STATE=getMsg HTTP/1.1" 200 27
114.88.161.57 - - [06/Aug/2020:09:24:31 +0800] "GET /xingrg/all/function/internal_message.html?_=1596677067992&CODE_STATE=getMsg HTTP/1.1" 200 27
180.175.214.200 - - [06/Aug/2020:09:24:38 +0800] "GET /xingrg/all/function/internal_message.html?_=1596677281266&CODE_STATE=getMsg HTTP/1.1" 200 27
120.204.17.70 - - [06/Aug/2020:09:24:39 +0800] "GET /xingrg/all/function/internal_message.html?_=1596676344287&CODE_STATE=getMsg HTTP/1.1" 302 -
180.175.214.200 - - [06/Aug/2020:09:24:39 +0800] "GET /xingrg/kc/buy/cgsh_order_operate.html?command=get_materiel&rest_code=00102&code=00101016080&supplier_code=00100031&order_time=2020-08-06 HTTP/1.1" 200 408
114.84.32.201 - - [06/Aug/2020:09:24:41 +0800] "GET /xingrg/all/function/internal_message.html?_=1596677071602&CODE_STATE=getMsg HTTP/1.1" 200 27
114.84.32.201 - - [06/Aug/2020:09:24:41 +0800] "GET /xingrg/check_reg.html?_=1596677071603 HTTP/1.1" 200 22
61.172.5.115 - - [06/Aug/2020:09:24:42 +0800] "GET /xingrg/all/function/internal_message.html?_=1596677078886&CODE_STATE=getMsg HTTP/1.1" 200 27
61.172.5.115 - - [06/Aug/2020:09:24:42 +0800] "GET /xingrg/check_reg.html?_=1596677078889 HTTP/1.1" 200 22
222.69.133.128 - - [06/Aug/2020:09:24:43 +0800] "GET /xingrg/kc/buy/cgsh_order_operate.html?command=get_materiel&rest_code=00149&code=00102016110&supplier_code=00100219&order_time=2020-08-06 HTTP/1.1" 200 416
117.184.7.26 - - [06/Aug/2020:09:24:45 +0800] "GET /xingrg/all/function/internal_message.html?_=1596677074995&CODE_STATE=getMsg HTTP/1.1" 200 27
172.17.200.101 - - [06/Aug/2020:09:24:45 +0800] "GET /xingrg/all/function/internal_message.html?_=1596677085324&CODE_STATE=getMsg HTTP/1.1" 200 27
172.17.0.100 - - [06/Aug/2020:09:24:45 +0800] "GET /xingrg/all/function/internal_message.html?_=1596677082425&CODE_STATE=getMsg HTTP/1.1" 200 27
120.204.17.70 - - [06/Aug/2020:09:24:48 +0800] "GET /xingrg/login.html HTTP/1.1" 200 7641
222.69.133.128 - - [06/Aug/2020:09:24:48 +0800] "GET /xingrg/all/function/internal_message.html?_=1596677081607&CODE_STATE=getMsg HTTP/1.1" 200 27
180.175.214.200 - - [06/Aug/2020:09:24:50 +0800] "GET /xingrg/kc/buy/cgsh_order_operate.html?command=get_materiel&rest_code=00102&code=00101020153&supplier_code=00100031&order_time=2020-08-06 HTTP/1.1" 200 408
114.88.156.201 - - [06/Aug/2020:09:24:50 +0800] "GET /xingrg/all/function/internal_message.html?_=1596677084527&CODE_STATE=getMsg HTTP/1.1" 200 27
120.253.135.82 - - [06/Aug/2020:09:24:55 +0800] "GET /xingrg/all/function/internal_message.html?_=1596676846491&CODE_STATE=getMsg HTTP/1.1" 200 27
114.88.161.57 - - [06/Aug/2020:09:24:56 +0800] "GET /xingrg/all/function/internal_message.html?_=1596677128978&CODE_STATE=getMsg HTTP/1.1" 200 27
114.89.80.44 - - [06/Aug/2020:09:24:56 +0800] "GET /xingrg/kc/buy/cgsh_order_info.html?code=212020080602107 HTTP/1.1" 200 59030
114.89.80.44 - - [06/Aug/2020:09:24:56 +0800] "GET /xingrg/javascript/easyui/themes/default/validatebox.css HTTP/1.1" 404 1104
114.89.80.44 - - [06/Aug/2020:09:24:57 +0800] "POST /xingrg/kc/buy/cgsh_order_operate.html HTTP/1.1" 200 3856
61.172.5.115 - - [06/Aug/2020:09:24:58 +0800] "GET /xingrg/all/function/internal_message.html?_=1596677089413&CODE_STATE=getMsg HTTP/1.1" 200 27
61.172.5.115 - - [06/Aug/2020:09:24:58 +0800] "GET /xingrg/check_reg.html?_=1596677089415 HTTP/1.1" 200 22
120.204.17.73 - - [06/Aug/2020:09:25:00 +0800] "GET /xingrg/check_reg.html?_=1596676284287 HTTP/1.1" 302 -
222.69.133.128 - - [06/Aug/2020:09:25:01 +0800] "GET /xingrg/kc/buy/cgsh_order_operate.html?command=get_materiel&rest_code=00149&code=00102010252&supplier_code=00100219&order_time=2020-08-06 HTTP/1.1" 200 413
180.175.214.200 - - [06/Aug/2020:09:25:04 +0800] "GET /xingrg/login.html HTTP/1.1" 200 7641
180.175.214.200 - - [06/Aug/2020:09:25:04 +0800] "GET /favicon.ico HTTP/1.1" 404 -
172.17.0.185 - - [06/Aug/2020:09:25:05 +0800] "GET /xingrg/all/function/internal_message.html?_=1596677102519&CODE_STATE=getMsg HTTP/1.1" 200 27
180.175.214.200 - - [06/Aug/2020:09:25:05 +0800] "POST /xingrg/login.do HTTP/1.1" 302 -
180.175.214.200 - - [06/Aug/2020:09:25:05 +0800] "GET /xingrg/index.html?sysBaseUrl=http%3A%2F%2F180.169.147.146%3A18081%2Fxingrg%2F&costTime=39×tamp=1596677105673 HTTP/1.1" 200 17173
180.175.214.200 - - [06/Aug/2020:09:25:05 +0800] "GET /xingrg/javascript/jquery-1.4.2.min.js HTTP/1.1" 304 -
180.175.214.200 - - [06/Aug/2020:09:25:05 +0800] "GET /xingrg/javascript/jquery_easy_ui/themes/default/easyui.css HTTP/1.1" 304 -
180.175.214.200 - - [06/Aug/2020:09:25:05 +0800] "GET /xingrg/javascript/jquery_easy_ui/themes/icon.css HTTP/1.1" 304 -
180.175.214.200 - - [06/Aug/2020:09:25:05 +0800] "GET /xingrg/javascript/jquery.form.js HTTP/1.1" 304 -
180.175.214.200 - - [06/Aug/2020:09:25:05 +0800] "GET /xingrg/javascript/jquery.utils.js HTTP/1.1" 304 -
180.175.214.200 - - [06/Aug/2020:09:25:05 +0800] "GET /xingrg/css/form.css HTTP/1.1" 304 -
180.175.214.200 - - [06/Aug/2020:09:25:05 +0800] "GET /xingrg/javascript/jquery_easy_ui/easyui-lang-zh_CN.js HTTP/1.1" 304 -
180.175.214.200 - - [06/Aug/2020:09:25:05 +0800] "GET /xingrg/javascript/jquery_easy_ui/jquery.easyui.min.js HTTP/1.1" 304 -
180.175.214.200 - - [06/Aug/2020:09:25:05 +0800] "GET /xingrg/javascript/jquery.timers.js HTTP/1.1" 304 -
180.175.214.200 - - [06/Aug/2020:09:25:05 +0800] "POST /xingrg/all/common/load_tree.html?tree=area_rest_tree_json&manage=1 HTTP/1.1" 200 342
180.175.214.200 - - [06/Aug/2020:09:25:06 +0800] "GET /xingrg/all/function/internal_message.html?_=1596677103521&CODE_STATE=count HTTP/1.1" 200 11
180.175.214.200 - - [06/Aug/2020:09:25:06 +0800] "GET /xingrg/check_reg.html?_=1596677103523 HTTP/1.1" 200 22
180.175.214.200 - - [06/Aug/2020:09:25:06 +0800] "GET /favicon.ico HTTP/1.1" 404 -
180.175.214.200 - - [06/Aug/2020:09:25:06 +0800] "POST /xingrg/load_menu.html HTTP/1.1" 200 5138
120.204.17.73 - - [06/Aug/2020:09:25:07 +0800] "GET /xingrg/login.html HTTP/1.1" 200 7641
180.175.214.200 - - [06/Aug/2020:09:25:07 +0800] "GET /xingrg/kc/mdqp/qqps_order_list.html HTTP/1.1" 200 10079
180.175.214.200 - - [06/Aug/2020:09:25:07 +0800] "GET /xingrg/css/blue.css HTTP/1.1" 304 -
180.175.214.200 - - [06/Aug/2020:09:25:07 +0800] "GET /xingrg/javascript/pic_change.js HTTP/1.1" 304 -
180.175.214.200 - - [06/Aug/2020:09:25:07 +0800] "GET /xingrg/dwr/util.js HTTP/1.1" 304 -
180.175.214.200 - - [06/Aug/2020:09:25:07 +0800] "GET /xingrg/dwr/interface/AjaxReportQueryService.js HTTP/1.1" 200 13203
180.175.214.200 - - [06/Aug/2020:09:25:07 +0800] "GET /xingrg/dwr/interface/AjaxQqpsService.js HTTP/1.1" 200 16326
180.175.214.200 - - [06/Aug/2020:09:25:07 +0800] "GET /xingrg/javascript/myfunction.js HTTP/1.1" 304 -
180.175.214.200 - - [06/Aug/2020:09:25:07 +0800] "GET /xingrg/dwr/engine.js HTTP/1.1" 200 43631
180.175.214.200 - - [06/Aug/2020:09:25:07 +0800] "GET /xingrg/javascript/ToolTips.js HTTP/1.1" 304 -
180.175.214.200 - - [06/Aug/2020:09:25:07 +0800] "GET /xingrg/javascript/Calendar.js HTTP/1.1" 304 -
116.230.74.197 - - [06/Aug/2020:09:25:14 +0800] "GET /xingrg/all/function/internal_message.html?_=1596677105362&CODE_STATE=getMsg HTTP/1.1" 200 27
114.89.80.44 - - [06/Aug/2020:09:25:15 +0800] "GET /xingrg/all/function/internal_message.html?_=1596677111336&CODE_STATE=getMsg HTTP/1.1" 200 27
114.89.80.44 - - [06/Aug/2020:09:25:21 +0800] "GET /xingrg/all/function/internal_message.html?_=1596677252356&CODE_STATE=getMsg HTTP/1.1" 200 27
114.89.80.44 - - [06/Aug/2020:09:25:23 +0800] "GET /xingrg/kc/buy/cgsh_order_list.html HTTP/1.1" 200 43645
222.69.133.128 - - [06/Aug/2020:09:25:23 +0800] "GET /xingrg/kc/buy/cgsh_order_operate.html?command=get_materiel&rest_code=00149&code=00102009728&supplier_code=00100219&order_time=2020-08-06 HTTP/1.1" 200 412
114.89.80.44 - - [06/Aug/2020:09:25:24 +0800] "POST /xingrg/kc/buy/cgsh_list_operate.html HTTP/1.1" 200 1686
114.89.80.44 - - [06/Aug/2020:09:25:26 +0800] "GET /xingrg/kc/buy/cgsh_order_add.html HTTP/1.1" 200 59033
114.89.80.44 - - [06/Aug/2020:09:25:26 +0800] "POST /xingrg/kc/buy/cgsh_order_operate.html HTTP/1.1" 200 8245
114.89.80.44 - - [06/Aug/2020:09:25:26 +0800] "GET /xingrg/all/common/auto_word.html?type=employee&rest_code=00151 HTTP/1.1" 200 243
114.89.80.44 - - [06/Aug/2020:09:25:26 +0800] "GET /xingrg/all/common/auto_word.html?type=employee&rest_code=00151 HTTP/1.1" 200 243
114.89.80.44 - - [06/Aug/2020:09:25:26 +0800] "GET /xingrg/javascript/easyui/themes/default/validatebox.css HTTP/1.1" 404 1104
114.89.80.44 - - [06/Aug/2020:09:25:28 +0800] "GET /xingrg/javascript/auto/indicator.gif HTTP/1.1" 404 1066
117.185.32.26 - - [06/Aug/2020:09:25:29 +0800] "GET /xingrg/all/function/internal_message.html?_=1596677124297&CODE_STATE=getMsg HTTP/1.1" 200 27
114.88.161.57 - - [06/Aug/2020:09:25:31 +0800] "GET /xingrg/all/function/internal_message.html?_=1596677128005&CODE_STATE=getMsg HTTP/1.1" 200 27
180.175.214.200 - - [06/Aug/2020:09:25:38 +0800] "GET /xingrg/all/function/internal_message.html?_=1596677341416&CODE_STATE=getMsg HTTP/1.1" 200 27
222.69.133.128 - - [06/Aug/2020:09:25:39 +0800] "GET /xingrg/kc/buy/cgsh_order_operate.html?command=get_materiel&rest_code=00149&code=00102010346&supplier_code=00100219&order_time=2020-08-06 HTTP/1.1" 200 428
114.84.32.201 - - [06/Aug/2020:09:25:41 +0800] "GET /xingrg/all/function/internal_message.html?_=1596677131601&CODE_STATE=getMsg HTTP/1.1" 200 27
61.172.5.115 - - [06/Aug/2020:09:25:42 +0800] "GET /xingrg/all/function/internal_message.html?_=1596677138889&CODE_STATE=getMsg HTTP/1.1" 200 27
117.184.7.26 - - [06/Aug/2020:09:25:45 +0800] "GET /xingrg/all/function/internal_message.html?_=1596677134998&CODE_STATE=getMsg HTTP/1.1" 200 27
172.17.200.101 - - [06/Aug/2020:09:25:45 +0800] "GET /xingrg/all/function/internal_message.html?_=1596677145330&CODE_STATE=getMsg HTTP/1.1" 200 27
172.17.0.100 - - [06/Aug/2020:09:25:45 +0800] "GET /xingrg/all/function/internal_message.html?_=1596677142423&CODE_STATE=getMsg HTTP/1.1" 200 27
180.175.214.200 - - [06/Aug/2020:09:25:47 +0800] "POST /xingrg/kc/buy/cgsh_order_operate.html HTTP/1.1" 200 37
222.69.133.128 - - [06/Aug/2020:09:25:48 +0800] "GET /xingrg/all/function/internal_message.html?_=1596677141608&CODE_STATE=getMsg HTTP/1.1" 200 27
180.175.214.200 - - [06/Aug/2020:09:25:49 +0800] "POST /xingrg/kc/buy/cgsh_order_operate.html HTTP/1.1" 200 12
114.88.156.201 - - [06/Aug/2020:09:25:50 +0800] "GET /xingrg/all/function/internal_message.html?_=1596677144526&CODE_STATE=getMsg HTTP/1.1" 200 27
180.175.214.200 - - [06/Aug/2020:09:25:51 +0800] "GET /xingrg/kc/buy/cgsh_order_info.html?code=212020080602118 HTTP/1.1" 200 54194
180.175.214.200 - - [06/Aug/2020:09:25:51 +0800] "GET /xingrg/javascript/easyui/themes/default/validatebox.css HTTP/1.1" 404 1104
180.175.214.200 - - [06/Aug/2020:09:25:52 +0800] "POST /xingrg/kc/buy/cgsh_order_operate.html HTTP/1.1" 200 3534
180.175.214.200 - - [06/Aug/2020:09:25:54 +0800] "GET /xingrg/kc/print/load_data.html?order_code=212020080602118&kc_code=cgsh&condition= HTTP/1.1" 200 1789
120.253.135.82 - - [06/Aug/2020:09:25:55 +0800] "GET /xingrg/all/function/internal_message.html?_=1596676906530&CODE_STATE=getMsg HTTP/1.1" 200 27
114.88.161.57 - - [06/Aug/2020:09:25:56 +0800] "GET /xingrg/all/function/internal_message.html?_=1596677188993&CODE_STATE=getMsg HTTP/1.1" 200 27
114.89.80.44 - - [06/Aug/2020:09:25:58 +0800] "GET /xingrg/kc/buy/cgsh_order_operate.html?command=get_materiel&rest_code=00151&code=00101007048&supplier_code=00100002&order_time=2020-08-06 HTTP/1.1" 200 428
61.172.5.115 - - [06/Aug/2020:09:25:58 +0800] "GET /xingrg/all/function/internal_message.html?_=1596677149415&CODE_STATE=getMsg HTTP/1.1" 200 27
114.89.80.44 - - [06/Aug/2020:09:25:58 +0800] "POST /xingrg/kc/buy/cgsh_order_operate.html HTTP/1.1" 200 37
114.89.80.44 - - [06/Aug/2020:09:26:00 +0800] "POST /xingrg/kc/buy/cgsh_order_operate.html HTTP/1.1" 200 12
114.89.80.44 - - [06/Aug/2020:09:26:01 +0800] "GET /xingrg/kc/buy/cgsh_order_info.html?code=212020080602107 HTTP/1.1" 200 53924
114.89.80.44 - - [06/Aug/2020:09:26:01 +0800] "GET /xingrg/javascript/easyui/themes/default/validatebox.css HTTP/1.1" 404 1104
114.89.80.44 - - [06/Aug/2020:09:26:02 +0800] "POST /xingrg/kc/buy/cgsh_order_operate.html HTTP/1.1" 200 1806
114.89.80.44 - - [06/Aug/2020:09:26:04 +0800] "GET /xingrg/kc/print/load_data.html?order_code=212020080602107&kc_code=cgsh&condition= HTTP/1.1" 200 1215
172.17.0.185 - - [06/Aug/2020:09:26:05 +0800] "GET /xingrg/all/function/internal_message.html?_=1596677162522&CODE_STATE=getMsg HTTP/1.1" 200 27
222.69.133.128 - - [06/Aug/2020:09:26:06 +0800] "GET /xingrg/kc/buy/cgsh_order_operate.html?command=get_materiel&rest_code=00149&code=00102009915&supplier_code=00100219&order_time=2020-08-06 HTTP/1.1" 200 416
116.230.74.197 - - [06/Aug/2020:09:26:14 +0800] "GET /xingrg/all/function/internal_message.html?_=1596677165348&CODE_STATE=getMsg HTTP/1.1" 200 27
222.69.133.128 - - [06/Aug/2020:09:26:15 +0800] "GET /xingrg/kc/buy/cgsh_order_operate.html?command=get_materiel&rest_code=00149&code=00102009519&supplier_code=00100219&order_time=2020-08-06 HTTP/1.1" 200 408
114.89.80.44 - - [06/Aug/2020:09:26:15 +0800] "GET /xingrg/all/function/internal_message.html?_=1596677171339&CODE_STATE=getMsg HTTP/1.1" 200 27
114.89.80.44 - - [06/Aug/2020:09:26:17 +0800] "GET /xingrg/kc/buy/cgsh_order_operate.html?command=get_materiel&rest_code=00151&code=00101007049&supplier_code=00100002&order_time=2020-08-06 HTTP/1.1" 200 409
114.89.80.44 - - [06/Aug/2020:09:26:21 +0800] "GET /xingrg/all/function/internal_message.html?_=1596677312370&CODE_STATE=getMsg HTTP/1.1" 200 27
114.89.80.44 - - [06/Aug/2020:09:26:24 +0800] "GET /xingrg/kc/buy/cgsh_order_operate.html?command=get_materiel&rest_code=00151&code=00101007061&supplier_code=00100002&order_time=2020-08-06 HTTP/1.1" 200 409
222.69.133.128 - - [06/Aug/2020:09:26:28 +0800] "GET /xingrg/kc/buy/cgsh_order_operate.html?command=get_materiel&rest_code=00149&code=00102002460&supplier_code=00100219&order_time=2020-08-06 HTTP/1.1" 200 412
117.185.32.26 - - [06/Aug/2020:09:26:29 +0800] "GET /xingrg/all/function/internal_message.html?_=1596677184297&CODE_STATE=getMsg HTTP/1.1" 200 27
117.185.32.26 - - [06/Aug/2020:09:26:29 +0800] "GET /xingrg/check_reg.html?_=1596677184298 HTTP/1.1" 200 22
114.88.161.57 - - [06/Aug/2020:09:26:31 +0800] "GET /xingrg/all/function/internal_message.html?_=1596677188032&CODE_STATE=getMsg HTTP/1.1" 200 27
180.175.214.200 - - [06/Aug/2020:09:26:38 +0800] "GET /xingrg/all/function/internal_message.html?_=1596677401418&CODE_STATE=getMsg HTTP/1.1" 200 27
114.89.80.44 - - [06/Aug/2020:09:26:41 +0800] "GET /xingrg/kc/buy/cgsh_order_operate.html?command=get_materiel&rest_code=00151&code=00101007077&supplier_code=00100002&order_time=2020-08-06 HTTP/1.1" 200 415
114.84.32.201 - - [06/Aug/2020:09:26:41 +0800] "GET /xingrg/all/function/internal_message.html?_=1596677191603&CODE_STATE=getMsg HTTP/1.1" 200 27
61.172.5.115 - - [06/Aug/2020:09:26:42 +0800] "GET /xingrg/all/function/internal_message.html?_=1596677198882&CODE_STATE=getMsg HTTP/1.1" 200 27
117.184.7.26 - - [06/Aug/2020:09:26:45 +0800] "GET /xingrg/check_reg.html?_=1596677195000 HTTP/1.1" 200 22
117.184.7.30 - - [06/Aug/2020:09:26:45 +0800] "GET /xingrg/all/function/internal_message.html?_=1596677195004&CODE_STATE=getMsg HTTP/1.1" 200 27
172.17.200.101 - - [06/Aug/2020:09:26:45 +0800] "GET /xingrg/check_reg.html?_=1596677205337 HTTP/1.1" 200 22
172.17.200.101 - - [06/Aug/2020:09:26:45 +0800] "GET /xingrg/all/function/internal_message.html?_=1596677205340&CODE_STATE=getMsg HTTP/1.1" 200 27
172.17.0.100 - - [06/Aug/2020:09:26:45 +0800] "GET /xingrg/check_reg.html?_=1596677202466 HTTP/1.1" 200 22
172.17.0.100 - - [06/Aug/2020:09:26:45 +0800] "GET /xingrg/all/function/internal_message.html?_=1596677202466&CODE_STATE=getMsg HTTP/1.1" 200 27
222.69.133.128 - - [06/Aug/2020:09:26:46 +0800] "GET /xingrg/kc/buy/cgsh_order_operate.html?command=get_materiel&rest_code=00149&code=00102009751&supplier_code=00100219&order_time=2020-08-06 HTTP/1.1" 200 410
114.88.161.57 - - [06/Aug/2020:09:26:47 +0800] "GET /xingrg/check_reg.html?_=1596677204137 HTTP/1.1" 200 22
222.69.133.128 - - [06/Aug/2020:09:26:48 +0800] "GET /xingrg/all/function/internal_message.html?_=1596677201601&CODE_STATE=getMsg HTTP/1.1" 200 27
222.69.133.128 - - [06/Aug/2020:09:26:48 +0800] "GET /xingrg/check_reg.html?_=1596677201744 HTTP/1.1" 200 22
114.89.80.44 - - [06/Aug/2020:09:26:50 +0800] "POST /xingrg/kc/buy/cgsh_order_operate.html HTTP/1.1" 200 37
114.88.156.201 - - [06/Aug/2020:09:26:50 +0800] "GET /xingrg/all/function/internal_message.html?_=1596677204525&CODE_STATE=getMsg HTTP/1.1" 200 27
114.88.156.201 - - [06/Aug/2020:09:26:50 +0800] "GET /xingrg/check_reg.html?_=1596677204527 HTTP/1.1" 200 22
114.89.80.44 - - [06/Aug/2020:09:26:52 +0800] "POST /xingrg/kc/buy/cgsh_order_operate.html HTTP/1.1" 200 12
114.89.80.44 - - [06/Aug/2020:09:26:53 +0800] "GET /xingrg/kc/buy/cgsh_order_info.html?code=212020080602119 HTTP/1.1" 200 53940
114.89.80.44 - - [06/Aug/2020:09:26:53 +0800] "GET /xingrg/javascript/easyui/themes/default/validatebox.css HTTP/1.1" 404 1104
114.89.80.44 - - [06/Aug/2020:09:26:53 +0800] "POST /xingrg/kc/buy/cgsh_order_operate.html HTTP/1.1" 200 2404
114.89.80.44 - - [06/Aug/2020:09:26:55 +0800] "GET /xingrg/kc/print/load_data.html?order_code=212020080602119&kc_code=cgsh&condition= HTTP/1.1" 200 1495
120.253.135.82 - - [06/Aug/2020:09:26:55 +0800] "GET /xingrg/all/function/internal_message.html?_=1596676966534&CODE_STATE=getMsg HTTP/1.1" 200 27
114.88.161.57 - - [06/Aug/2020:09:26:56 +0800] "GET /xingrg/all/function/internal_message.html?_=1596677248978&CODE_STATE=getMsg HTTP/1.1" 200 27
61.172.5.115 - - [06/Aug/2020:09:26:58 +0800] "GET /xingrg/all/function/internal_message.html?_=1596677209415&CODE_STATE=getMsg HTTP/1.1" 200 27
114.88.161.57 - - [06/Aug/2020:09:26:59 +0800] "GET /xingrg/kc/buy/cgsh_order_add.html HTTP/1.1" 200 59379
114.88.161.57 - - [06/Aug/2020:09:27:00 +0800] "GET /xingrg/javascript/easyui/themes/default/validatebox.css HTTP/1.1" 404 1104
114.88.161.57 - - [06/Aug/2020:09:27:00 +0800] "POST /xingrg/kc/buy/cgsh_order_operate.html HTTP/1.1" 200 8245
222.69.133.128 - - [06/Aug/2020:09:27:03 +0800] "GET /xingrg/kc/buy/cgsh_order_operate.html?command=get_materiel&rest_code=00149&code=00102010117&supplier_code=00100219&order_time=2020-08-06 HTTP/1.1" 200 416
114.89.80.44 - - [06/Aug/2020:09:27:04 +0800] "GET /xingrg/javascript/jquery_tools/images/next.gif HTTP/1.1" 404 1086
114.89.80.44 - - [06/Aug/2020:09:27:04 +0800] "GET /xingrg/javascript/jquery_tools/images/prev.gif HTTP/1.1" 404 1086
172.17.0.185 - - [06/Aug/2020:09:27:05 +0800] "GET /xingrg/check_reg.html?_=1596677222524 HTTP/1.1" 200 22
172.17.0.185 - - [06/Aug/2020:09:27:05 +0800] "GET /xingrg/all/function/internal_message.html?_=1596677222531&CODE_STATE=getMsg HTTP/1.1" 200 27
114.88.161.57 - - [06/Aug/2020:09:27:06 +0800] "GET /xingrg/kc/buy/cgsh_order_operate.html?command=get_materiel&rest_code=00111&code=00101028020&supplier_code=00100017&order_time=2020-08-06 HTTP/1.1" 200 451
114.89.80.44 - - [06/Aug/2020:09:27:09 +0800] "POST /xingrg/kc/buy/cgsh_list_operate.html HTTP/1.1" 200 2122
114.88.161.57 - - [06/Aug/2020:09:27:12 +0800] "POST /xingrg/kc/buy/cgsh_order_operate.html HTTP/1.1" 200 37
114.88.161.57 - - [06/Aug/2020:09:27:13 +0800] "POST /xingrg/kc/buy/cgsh_order_operate.html HTTP/1.1" 200 2690
172.17.0.185 - - [06/Aug/2020:09:27:14 +0800] "GET /xingrg/javascript/jquery_easy_ui/themes/default/images/tabs_active.png HTTP/1.1" 200 2894
116.230.74.197 - - [06/Aug/2020:09:27:14 +0800] "GET /xingrg/all/function/internal_message.html?_=1596677225341&CODE_STATE=getMsg HTTP/1.1" 200 27
114.89.80.44 - - [06/Aug/2020:09:27:14 +0800] "POST /xingrg/kc/buy/cgsh_list_operate.html HTTP/1.1" 200 876
114.88.161.57 - - [06/Aug/2020:09:27:14 +0800] "GET /xingrg/kc/print/load_config.html?kc_code=cgsh HTTP/1.1" 200 1845
114.88.161.57 - - [06/Aug/2020:09:27:15 +0800] "GET /xingrg/kc/print/load_data.html?order_code=212020080602120&kc_code=cgsh&condition= HTTP/1.1" 200 756
114.89.80.44 - - [06/Aug/2020:09:27:15 +0800] "GET /xingrg/all/function/internal_message.html?_=1596677231339&CODE_STATE=getMsg HTTP/1.1" 200 27
114.89.80.44 - - [06/Aug/2020:09:27:16 +0800] "GET /xingrg/kc/buy/cgsh_order_add.html HTTP/1.1" 200 59033
114.89.80.44 - - [06/Aug/2020:09:27:16 +0800] "POST /xingrg/kc/buy/cgsh_order_operate.html HTTP/1.1" 200 8245
114.89.80.44 - - [06/Aug/2020:09:27:16 +0800] "GET /xingrg/javascript/easyui/themes/default/validatebox.css HTTP/1.1" 404 1104
114.89.80.44 - - [06/Aug/2020:09:27:21 +0800] "GET /xingrg/all/function/internal_message.html?_=1596677372385&CODE_STATE=getMsg HTTP/1.1" 200 27
114.88.161.57 - - [06/Aug/2020:09:27:24 +0800] "GET /xingrg/index.html?sysBaseUrl=http%3A%2F%2F180.169.147.146%3A18081%2Fxingrg%2F&costTime=38×tamp=1588335986102 HTTP/1.1" 302 -
114.88.161.57 - - [06/Aug/2020:09:27:24 +0800] "GET /xingrg/login.html HTTP/1.1" 200 7641
114.88.161.57 - - [06/Aug/2020:09:27:24 +0800] "GET /favicon.ico HTTP/1.1" 404 -
114.89.80.44 - - [06/Aug/2020:09:27:25 +0800] "GET /xingrg/kc/buy/cgsh_order_operate.html?command=get_materiel&rest_code=00151&code=00101012039&supplier_code=00100007&order_time=2020-08-06 HTTP/1.1" 200 408
114.88.161.57 - - [06/Aug/2020:09:27:29 +0800] "POST /xingrg/login.do HTTP/1.1" 302 -
114.88.161.57 - - [06/Aug/2020:09:27:29 +0800] "GET /xingrg/index.html?sysBaseUrl=http%3A%2F%2F180.169.147.146%3A18081%2Fxingrg%2F&costTime=38×tamp=1596677249312 HTTP/1.1" 200 17173
117.185.32.26 - - [06/Aug/2020:09:27:29 +0800] "GET /xingrg/all/function/internal_message.html?_=1596677244296&CODE_STATE=getMsg HTTP/1.1" 200 27
114.88.161.57 - - [06/Aug/2020:09:27:29 +0800] "POST /xingrg/all/common/load_tree.html?tree=area_rest_tree_json&manage=1 HTTP/1.1" 200 342
114.88.161.57 - - [06/Aug/2020:09:27:29 +0800] "GET /favicon.ico HTTP/1.1" 404 -
114.88.161.57 - - [06/Aug/2020:09:27:29 +0800] "GET /xingrg/check_reg.html?_=1596677281963 HTTP/1.1" 200 22
114.88.161.57 - - [06/Aug/2020:09:27:29 +0800] "GET /xingrg/all/function/internal_message.html?_=1596677281962&CODE_STATE=count HTTP/1.1" 200 11
114.88.161.57 - - [06/Aug/2020:09:27:29 +0800] "POST /xingrg/load_menu.html HTTP/1.1" 200 5138
114.88.161.57 - - [06/Aug/2020:09:27:31 +0800] "GET /xingrg/all/function/internal_message.html?_=1596677248048&CODE_STATE=getMsg HTTP/1.1" 200 27
114.88.161.57 - - [06/Aug/2020:09:27:32 +0800] "GET /xingrg/kc/buy/cgsh_order_list.html HTTP/1.1" 200 43641
114.89.80.44 - - [06/Aug/2020:09:27:33 +0800] "GET /xingrg/kc/buy/cgsh_order_operate.html?command=get_materiel&rest_code=00151&code=00101016038&supplier_code=00100007&order_time=2020-08-06 HTTP/1.1" 200 408
114.88.161.57 - - [06/Aug/2020:09:27:34 +0800] "POST /xingrg/kc/buy/cgsh_list_operate.html HTTP/1.1" 200 3129
114.89.80.44 - - [06/Aug/2020:09:27:36 +0800] "POST /xingrg/all/user/operate.html HTTP/1.1" 200 36
114.89.80.44 - - [06/Aug/2020:09:27:36 +0800] "GET /xingrg/javascript/jquery_easy_ui/themes/default/easyui.css HTTP/1.1" 304 -
114.89.80.44 - - [06/Aug/2020:09:27:36 +0800] "GET /xingrg/index.html?sysBaseUrl=http%3A%2F%2F180.169.147.146%3A18081%2Fxingrg%2F&costTime=43×tamp=1596447767329 HTTP/1.1" 200 17179
114.89.80.44 - - [06/Aug/2020:09:27:36 +0800] "GET /xingrg/javascript/jquery_easy_ui/themes/icon.css HTTP/1.1" 304 -
114.89.80.44 - - [06/Aug/2020:09:27:36 +0800] "GET /xingrg/css/form.css HTTP/1.1" 304 -
114.89.80.44 - - [06/Aug/2020:09:27:36 +0800] "GET /xingrg/javascript/jquery-1.4.2.min.js HTTP/1.1" 304 -
114.89.80.44 - - [06/Aug/2020:09:27:36 +0800] "GET /xingrg/javascript/jquery_easy_ui/jquery.easyui.min.js HTTP/1.1" 304 -
114.89.80.44 - - [06/Aug/2020:09:27:37 +0800] "GET /xingrg/javascript/jquery_easy_ui/easyui-lang-zh_CN.js HTTP/1.1" 304 -
114.89.80.44 - - [06/Aug/2020:09:27:37 +0800] "GET /xingrg/javascript/jquery.form.js HTTP/1.1" 304 -
114.89.80.44 - - [06/Aug/2020:09:27:37 +0800] "GET /xingrg/javascript/jquery.utils.js HTTP/1.1" 304 -
114.89.80.44 - - [06/Aug/2020:09:27:37 +0800] "GET /xingrg/javascript/jquery.timers.js HTTP/1.1" 304 -
114.89.80.44 - - [06/Aug/2020:09:27:37 +0800] "GET /xingrg/images/blue/jxLogo.png HTTP/1.1" 304 -
114.89.80.44 - - [06/Aug/2020:09:27:37 +0800] "GET /xingrg/images/blue/navBackgound.jpg HTTP/1.1" 304 -
114.89.80.44 - - [06/Aug/2020:09:27:37 +0800] "GET /xingrg/javascript/jquery_easy_ui/themes/icons/settle_new.png HTTP/1.1" 304 -
114.89.80.44 - - [06/Aug/2020:09:27:37 +0800] "POST /xingrg/all/common/load_tree.html?tree=area_rest_tree_json&manage=1 HTTP/1.1" 200 476
114.89.80.44 - - [06/Aug/2020:09:27:37 +0800] "GET /xingrg/all/function/internal_message.html?_=1596677252828&CODE_STATE=count HTTP/1.1" 200 11
114.89.80.44 - - [06/Aug/2020:09:27:37 +0800] "GET /xingrg/check_reg.html?_=1596677252830 HTTP/1.1" 200 22
114.89.80.44 - - [06/Aug/2020:09:27:37 +0800] "GET /xingrg/images/blue/pingpu.png HTTP/1.1" 304 -
114.89.80.44 - - [06/Aug/2020:09:27:37 +0800] "GET /xingrg/javascript/jquery_easy_ui/themes/default/images/tabs_rightarrow.png HTTP/1.1" 304 -
114.89.80.44 - - [06/Aug/2020:09:27:37 +0800] "GET /xingrg/javascript/jquery_easy_ui/themes/default/images/tabs_leftarrow.png HTTP/1.1" 304 -
114.89.80.44 - - [06/Aug/2020:09:27:37 +0800] "GET /xingrg/javascript/jquery_easy_ui/themes/default/images/panel_tool_collapse.gif HTTP/1.1" 304 -
114.89.80.44 - - [06/Aug/2020:09:27:37 +0800] "POST /xingrg/load_menu.html HTTP/1.1" 200 5138
180.175.214.200 - - [06/Aug/2020:09:27:38 +0800] "GET /xingrg/check_reg.html?_=1596677461134 HTTP/1.1" 200 22
180.175.214.200 - - [06/Aug/2020:09:27:38 +0800] "GET /xingrg/all/function/internal_message.html?_=1596677461431&CODE_STATE=getMsg HTTP/1.1" 200 27
114.89.80.44 - - [06/Aug/2020:09:27:39 +0800] "GET /xingrg/kc/buy/cgsh_order_list.html HTTP/1.1" 200 43647
114.89.80.44 - - [06/Aug/2020:09:27:40 +0800] "POST /xingrg/kc/buy/cgsh_list_operate.html HTTP/1.1" 200 1691
114.89.80.44 - - [06/Aug/2020:09:27:40 +0800] "GET /xingrg/kc/buy/cgsh_order_operate.html?command=get_materiel&rest_code=00151&code=00101008067&supplier_code=00100007&order_time=2020-08-06 HTTP/1.1" 200 416
114.84.32.201 - - [06/Aug/2020:09:27:41 +0800] "GET /xingrg/all/function/internal_message.html?_=1596677251602&CODE_STATE=getMsg HTTP/1.1" 200 27
114.89.80.44 - - [06/Aug/2020:09:27:42 +0800] "POST /xingrg/kc/buy/cgsh_list_operate.html HTTP/1.1" 200 563
61.172.5.115 - - [06/Aug/2020:09:27:42 +0800] "GET /xingrg/all/function/internal_message.html?_=1596677258892&CODE_STATE=getMsg HTTP/1.1" 200 27
114.89.80.44 - - [06/Aug/2020:09:27:44 +0800] "GET /xingrg/kc/buy/cgsh_order_info.html?code=212020080602104 HTTP/1.1" 200 59312
114.89.80.44 - - [06/Aug/2020:09:27:44 +0800] "GET /xingrg/javascript/easyui/themes/default/validatebox.css HTTP/1.1" 404 1104
114.89.80.44 - - [06/Aug/2020:09:27:44 +0800] "POST /xingrg/kc/buy/cgsh_order_operate.html HTTP/1.1" 200 19247
117.184.7.30 - - [06/Aug/2020:09:27:45 +0800] "GET /xingrg/all/function/internal_message.html?_=1596677255003&CODE_STATE=getMsg HTTP/1.1" 200 27
172.17.200.101 - - [06/Aug/2020:09:27:45 +0800] "GET /xingrg/all/function/internal_message.html?_=1596677265332&CODE_STATE=getMsg HTTP/1.1" 200 27
120.204.17.70 - - [06/Aug/2020:09:27:45 +0800] "GET /xingrg/all/function/internal_message.html?_=1596676524300&CODE_STATE=getMsg HTTP/1.1" 302 -
172.17.0.100 - - [06/Aug/2020:09:27:45 +0800] "GET /xingrg/all/function/internal_message.html?_=1596677262464&CODE_STATE=getMsg HTTP/1.1" 200 27
114.89.80.44 - - [06/Aug/2020:09:27:47 +0800] "GET /xingrg/kc/buy/cgsh_order_operate.html?command=get_materiel&rest_code=00151&code=00101008083&supplier_code=00100007&order_time=2020-08-06 HTTP/1.1" 200 427
114.89.80.44 - - [06/Aug/2020:09:27:47 +0800] "POST /xingrg/all/common/load_select.html HTTP/1.1" 200 25
120.204.17.70 - - [06/Aug/2020:09:27:47 +0800] "GET /xingrg/login.html HTTP/1.1" 200 7641
222.69.133.128 - - [06/Aug/2020:09:27:48 +0800] "GET /xingrg/all/function/internal_message.html?_=1596677261603&CODE_STATE=getMsg HTTP/1.1" 200 27
222.70.173.120 - - [06/Aug/2020:09:27:50 +0800] "GET /xingrg/kc/buy/cgsh_order_list.html HTTP/1.1" 200 43647
114.89.80.44 - - [06/Aug/2020:09:27:50 +0800] "GET /xingrg/kc/buy/cgsh_order_operate.html?command=get_materiel_price&rest_code=00151&code=00101008083&unit_code=00100026&supplier_code=00100007&order_time=2020-08-06 HTTP/1.1" 200 27
114.88.156.201 - - [06/Aug/2020:09:27:50 +0800] "GET /xingrg/all/function/internal_message.html?_=1596677264525&CODE_STATE=getMsg HTTP/1.1" 200 27
120.253.135.82 - - [06/Aug/2020:09:27:55 +0800] "GET /xingrg/check_reg.html?_=1596677026238 HTTP/1.1" 200 22
120.253.135.82 - - [06/Aug/2020:09:27:55 +0800] "GET /xingrg/all/function/internal_message.html?_=1596677026548&CODE_STATE=getMsg HTTP/1.1" 200 27
61.172.5.115 - - [06/Aug/2020:09:27:58 +0800] "GET /xingrg/all/function/internal_message.html?_=1596677269415&CODE_STATE=getMsg HTTP/1.1" 200 27
222.69.133.128 - - [06/Aug/2020:09:28:00 +0800] "GET /xingrg/kc/buy/cgsh_order_operate.html?command=get_materiel&rest_code=00149&code=00102010209&supplier_code=00100219&order_time=2020-08-06 HTTP/1.1" 200 413
101.91.60.108 - - [06/Aug/2020:09:28:00 +0800] "GET /xingrg/all/function/internal_message.html?_=1596676544504&CODE_STATE=getMsg HTTP/1.1" 302 -
172.17.0.185 - - [06/Aug/2020:09:28:05 +0800] "GET /xingrg/all/function/internal_message.html?_=1596677282524&CODE_STATE=getMsg HTTP/1.1" 200 27
114.89.80.44 - - [06/Aug/2020:09:28:05 +0800] "GET /xingrg/kc/buy/cgsh_order_operate.html?command=get_materiel&rest_code=00151&code=00101008355&supplier_code=00100007&order_time=2020-08-06 HTTP/1.1" 200 408
222.70.173.120 - - [06/Aug/2020:09:28:05 +0800] "POST /xingrg/kc/buy/cgsh_list_operate.html HTTP/1.1" 200 5270
101.91.60.108 - - [06/Aug/2020:09:28:06 +0800] "GET /xingrg/login.html HTTP/1.1" 200 7641
117.184.7.30 - - [06/Aug/2020:09:28:10 +0800] "POST /xingrg/kc/base/wldb_list_operate.html HTTP/1.1" 200 928
117.184.7.30 - - [06/Aug/2020:09:28:11 +0800] "GET /xingrg/kc/buy/buy_main.html HTTP/1.1" 200 12412
117.184.7.26 - - [06/Aug/2020:09:28:11 +0800] "GET /xingrg/css/new_ie.css HTTP/1.1" 404 1036
117.184.7.30 - - [06/Aug/2020:09:28:11 +0800] "GET /xingrg/images/yd/bt.gif HTTP/1.1" 404 1040
117.184.7.30 - - [06/Aug/2020:09:28:12 +0800] "GET /xingrg/kc/buy/cgsh_order_list.html HTTP/1.1" 200 43641
114.89.80.44 - - [06/Aug/2020:09:28:12 +0800] "GET /xingrg/kc/buy/cgsh_order_operate.html?command=get_materiel&rest_code=00151&code=00101008318&supplier_code=00100007&order_time=2020-08-06 HTTP/1.1" 200 408
116.230.74.197 - - [06/Aug/2020:09:28:13 +0800] "GET /xingrg/check_reg.html?_=1596677284545 HTTP/1.1" 200 22
117.184.7.30 - - [06/Aug/2020:09:28:13 +0800] "POST /xingrg/kc/buy/cgsh_list_operate.html HTTP/1.1" 200 2048
117.184.7.30 - - [06/Aug/2020:09:28:14 +0800] "GET /xingrg/kc/buy/cgsh_order_add.html HTTP/1.1" 200 59344
116.230.74.197 - - [06/Aug/2020:09:28:14 +0800] "GET /xingrg/all/function/internal_message.html?_=1596677285320&CODE_STATE=getMsg HTTP/1.1" 200 27
117.184.7.30 - - [06/Aug/2020:09:28:14 +0800] "POST /xingrg/kc/buy/cgsh_order_operate.html HTTP/1.1" 200 8245
117.184.7.26 - - [06/Aug/2020:09:28:14 +0800] "GET /xingrg/javascript/easyui/themes/default/validatebox.css HTTP/1.1" 404 1104
117.184.7.30 - - [06/Aug/2020:09:28:15 +0800] "GET /xingrg/javascript/auto/indicator.gif HTTP/1.1" 404 1066
117.184.7.26 - - [06/Aug/2020:09:28:15 +0800] "GET /xingrg/javascript/jquery_tools/images/prev.gif HTTP/1.1" 404 1086
117.184.7.26 - - [06/Aug/2020:09:28:15 +0800] "GET /xingrg/javascript/jquery_tools/images/next.gif HTTP/1.1" 404 1086
222.69.133.128 - - [06/Aug/2020:09:28:18 +0800] "POST /xingrg/kc/buy/cgsh_order_operate.html HTTP/1.1" 200 37
114.89.80.44 - - [06/Aug/2020:09:28:19 +0800] "GET /xingrg/kc/buy/cgsh_order_operate.html?command=get_materiel&rest_code=00151&code=00101016051&supplier_code=00100007&order_time=2020-08-06 HTTP/1.1" 200 427
117.184.7.26 - - [06/Aug/2020:09:28:20 +0800] "GET /xingrg/kc/buy/cgsh_order_operate.html?command=get_materiel&rest_code=00108&code=00101011005&supplier_code=00100047&order_time=2020-08-06 HTTP/1.1" 200 428
222.69.133.128 - - [06/Aug/2020:09:28:21 +0800] "POST /xingrg/kc/buy/cgsh_order_operate.html HTTP/1.1" 200 12
114.89.80.44 - - [06/Aug/2020:09:28:21 +0800] "GET /xingrg/all/function/internal_message.html?_=1596677432396&CODE_STATE=getMsg HTTP/1.1" 200 27
222.69.133.128 - - [06/Aug/2020:09:28:23 +0800] "GET /xingrg/kc/buy/cgsh_order_info.html?code=212020080602121 HTTP/1.1" 200 54329
222.69.133.128 - - [06/Aug/2020:09:28:23 +0800] "GET /xingrg/javascript/easyui/themes/default/validatebox.css HTTP/1.1" 404 1104
222.69.133.128 - - [06/Aug/2020:09:28:24 +0800] "POST /xingrg/kc/buy/cgsh_order_operate.html HTTP/1.1" 200 5974
117.184.7.26 - - [06/Aug/2020:09:28:29 +0800] "POST /xingrg/kc/buy/cgsh_order_operate.html HTTP/1.1" 200 37
114.89.80.44 - - [06/Aug/2020:09:28:29 +0800] "GET /xingrg/kc/buy/cgsh_order_operate.html?command=get_materiel&rest_code=00151&code=00101008354&supplier_code=00100007&order_time=2020-08-06 HTTP/1.1" 200 412
117.185.32.26 - - [06/Aug/2020:09:28:29 +0800] "GET /xingrg/all/function/internal_message.html?_=1596677304301&CODE_STATE=getMsg HTTP/1.1" 200 27
114.88.161.57 - - [06/Aug/2020:09:28:29 +0800] "GET /xingrg/all/function/internal_message.html?_=1596677341968&CODE_STATE=getMsg HTTP/1.1" 200 27
222.69.133.128 - - [06/Aug/2020:09:28:29 +0800] "GET /xingrg/kc/print/load_data.html?order_code=212020080602121&kc_code=cgsh&condition= HTTP/1.1" 200 2759
117.184.7.26 - - [06/Aug/2020:09:28:30 +0800] "POST /xingrg/kc/buy/cgsh_order_operate.html HTTP/1.1" 200 2656
117.184.7.26 - - [06/Aug/2020:09:28:31 +0800] "GET /xingrg/kc/print/load_data.html?order_code=212020080602122&kc_code=cgsh&condition= HTTP/1.1" 200 721
114.88.161.57 - - [06/Aug/2020:09:28:31 +0800] "GET /xingrg/all/function/internal_message.html?_=1596677308061&CODE_STATE=getMsg HTTP/1.1" 200 27
183.192.164.97 - - [06/Aug/2020:09:28:31 +0800] "GET /xingrg/check_reg.html?_=1596676584299 HTTP/1.1" 302 -
222.70.173.120 - - [06/Aug/2020:09:28:35 +0800] "POST /xingrg/kc/buy/cgsh_list_operate.html HTTP/1.1" 200 4
183.192.164.97 - - [06/Aug/2020:09:28:36 +0800] "GET /xingrg/login.html HTTP/1.1" 200 7641
114.89.80.44 - - [06/Aug/2020:09:28:36 +0800] "GET /xingrg/kc/buy/cgsh_order_operate.html?command=get_materiel&rest_code=00151&code=00101008351&supplier_code=00100007&order_time=2020-08-06 HTTP/1.1" 200 408
114.89.80.44 - - [06/Aug/2020:09:28:37 +0800] "GET /xingrg/all/function/internal_message.html?_=1596677312848&CODE_STATE=getMsg HTTP/1.1" 200 27
180.175.214.200 - - [06/Aug/2020:09:28:38 +0800] "GET /xingrg/all/function/internal_message.html?_=1596677521445&CODE_STATE=getMsg HTTP/1.1" 200 27
114.84.32.201 - - [06/Aug/2020:09:28:41 +0800] "GET /xingrg/all/function/internal_message.html?_=1596677311602&CODE_STATE=getMsg HTTP/1.1" 200 27
61.172.5.115 - - [06/Aug/2020:09:28:42 +0800] "GET /xingrg/all/function/internal_message.html?_=1596677318878&CODE_STATE=getMsg HTTP/1.1" 200 27
114.89.80.44 - - [06/Aug/2020:09:28:44 +0800] "GET /xingrg/kc/buy/cgsh_order_operate.html?command=get_materiel&rest_code=00151&code=00101008349&supplier_code=00100007&order_time=2020-08-06 HTTP/1.1" 200 412
180.157.251.101 - - [06/Aug/2020:09:28:45 +0800] "GET /favicon.ico HTTP/1.1" 404 -
172.17.200.101 - - [06/Aug/2020:09:28:45 +0800] "GET /xingrg/all/function/internal_message.html?_=1596677325338&CODE_STATE=getMsg HTTP/1.1" 200 27
117.184.7.26 - - [06/Aug/2020:09:28:45 +0800] "GET /xingrg/all/function/internal_message.html?_=1596677315136&CODE_STATE=getMsg HTTP/1.1" 200 27
172.17.0.100 - - [06/Aug/2020:09:28:45 +0800] "GET /xingrg/all/function/internal_message.html?_=1596677322462&CODE_STATE=getMsg HTTP/1.1" 200 27
222.69.133.128 - - [06/Aug/2020:09:28:48 +0800] "GET /xingrg/all/function/internal_message.html?_=1596677321600&CODE_STATE=getMsg HTTP/1.1" 200 27
114.88.156.201 - - [06/Aug/2020:09:28:50 +0800] "GET /xingrg/all/function/internal_message.html?_=1596677324524&CODE_STATE=getMsg HTTP/1.1" 200 27
114.89.80.44 - - [06/Aug/2020:09:28:53 +0800] "GET /xingrg/kc/buy/cgsh_order_operate.html?command=get_materiel&rest_code=00151&code=00101008270&supplier_code=00100007&order_time=2020-08-06 HTTP/1.1" 200 412
61.172.5.115 - - [06/Aug/2020:09:28:55 +0800] "GET /xingrg/kc/buy/cgsh_order_operate.html?command=get_materiel&rest_code=00105&code=00101007049&supplier_code=00100002&order_time=2020-08-06 HTTP/1.1" 200 409
120.253.135.82 - - [06/Aug/2020:09:28:55 +0800] "GET /xingrg/all/function/internal_message.html?_=1596677086561&CODE_STATE=getMsg HTTP/1.1" 200 27
117.185.32.26 - - [06/Aug/2020:09:28:56 +0800] "GET /xingrg/kc/mdqp/qp_main.html HTTP/1.1" 200 10633
117.185.32.26 - - [06/Aug/2020:09:28:57 +0800] "GET /xingrg/images/blue/button/qqpsd.gif HTTP/1.1" 200 2548
117.185.32.26 - - [06/Aug/2020:09:28:57 +0800] "GET /xingrg/images/blue/button/psshd.gif HTTP/1.1" 200 2692
117.185.32.26 - - [06/Aug/2020:09:28:57 +0800] "GET /xingrg/images/blue/button/pszx.gif HTTP/1.1" 200 2648
117.185.32.26 - - [06/Aug/2020:09:28:58 +0800] "GET /xingrg/images/yd/bt.gif HTTP/1.1" 404 1040
117.185.32.26 - - [06/Aug/2020:09:28:58 +0800] "GET /xingrg/kc/mdqp/qqps_order_list.html HTTP/1.1" 200 9222
117.185.32.26 - - [06/Aug/2020:09:28:58 +0800] "GET /xingrg/dwr/interface/AjaxQqpsService.js HTTP/1.1" 200 16326
117.185.32.26 - - [06/Aug/2020:09:28:58 +0800] "GET /xingrg/dwr/interface/AjaxReportQueryService.js HTTP/1.1" 200 13203
117.185.32.26 - - [06/Aug/2020:09:28:58 +0800] "GET /xingrg/dwr/util.js HTTP/1.1" 304 -
117.185.32.26 - - [06/Aug/2020:09:28:58 +0800] "GET /xingrg/dwr/engine.js HTTP/1.1" 200 43631
61.172.5.115 - - [06/Aug/2020:09:28:58 +0800] "GET /xingrg/all/function/internal_message.html?_=1596677329415&CODE_STATE=getMsg HTTP/1.1" 200 27
117.185.32.26 - - [06/Aug/2020:09:28:59 +0800] "GET /xingrg/javascript/jquery_easy_ui/themes/icons/cance_new.png HTTP/1.1" 200 3986
117.185.32.26 - - [06/Aug/2020:09:28:59 +0800] "GET /xingrg/javascript/jquery_easy_ui/themes/icons/uncheck_new.png HTTP/1.1" 200 3197
117.185.32.26 - - [06/Aug/2020:09:28:59 +0800] "GET /xingrg/javascript/jquery_easy_ui/themes/icons/check_new.png HTTP/1.1" 200 3224
117.185.32.26 - - [06/Aug/2020:09:28:59 +0800] "GET /xingrg/javascript/jquery_easy_ui/themes/icons/edit_add_new.png HTTP/1.1" 200 2997
61.172.5.115 - - [06/Aug/2020:09:29:02 +0800] "GET /xingrg/kc/buy/cgsh_order_operate.html?command=get_materiel&rest_code=00105&code=00101007024&supplier_code=00100002&order_time=2020-08-06 HTTP/1.1" 200 415
117.185.32.26 - - [06/Aug/2020:09:29:03 +0800] "GET /xingrg/javascript/jquery_easy_ui/themes/default/images/button_plain_hover.png HTTP/1.1" 200 252
114.89.80.44 - - [06/Aug/2020:09:29:03 +0800] "GET /xingrg/kc/buy/cgsh_order_operate.html?command=get_materiel&rest_code=00151&code=00101008077&supplier_code=00100007&order_time=2020-08-06 HTTP/1.1" 200 416
117.185.32.26 - - [06/Aug/2020:09:29:03 +0800] "GET /xingrg/kc/mdqp/qqps_order_add.html HTTP/1.1" 200 28162
117.185.32.26 - - [06/Aug/2020:09:29:03 +0800] "GET /xingrg/dwr/interface/AjaxComOrderService.js HTTP/1.1" 200 18264
117.185.32.26 - - [06/Aug/2020:09:29:03 +0800] "GET /xingrg/dwr/interface/AjaxQqpsService.js HTTP/1.1" 200 16326
117.185.32.26 - - [06/Aug/2020:09:29:03 +0800] "GET /xingrg/dwr/engine.js HTTP/1.1" 200 43631
117.185.32.26 - - [06/Aug/2020:09:29:04 +0800] "GET /xingrg/javascript/jquery_easy_ui/themes/icons/copy_new.png HTTP/1.1" 200 815
117.185.32.26 - - [06/Aug/2020:09:29:04 +0800] "GET /xingrg/javascript/jquery_easy_ui/themes/icons/template_new.png HTTP/1.1" 200 3956
172.17.0.185 - - [06/Aug/2020:09:29:05 +0800] "GET /xingrg/all/function/internal_message.html?_=1596677342529&CODE_STATE=getMsg HTTP/1.1" 200 27
117.185.32.26 - - [06/Aug/2020:09:29:05 +0800] "GET /xingrg/images/blue/button/kc_tab_add.gif HTTP/1.1" 200 375
117.185.32.26 - - [06/Aug/2020:09:29:05 +0800] "GET /xingrg/images/blue/button/kc_tab_edit.gif HTTP/1.1" 200 551
117.185.32.26 - - [06/Aug/2020:09:29:05 +0800] "GET /xingrg/images/blue/button/kc_tab_save.gif HTTP/1.1" 200 777
117.185.32.26 - - [06/Aug/2020:09:29:05 +0800] "GET /xingrg/images/blue/button/kc_tab_del.gif HTTP/1.1" 200 383
117.185.32.26 - - [06/Aug/2020:09:29:05 +0800] "GET /xingrg/images/blue/kc_tab2_left.gif HTTP/1.1" 200 625
117.185.32.26 - - [06/Aug/2020:09:29:05 +0800] "GET /xingrg/images/blue/kc_tab_mid.gif HTTP/1.1" 200 44
117.185.32.26 - - [06/Aug/2020:09:29:05 +0800] "GET /xingrg/images/blue/kc_tab_right.gif HTTP/1.1" 200 643
117.185.32.26 - - [06/Aug/2020:09:29:05 +0800] "GET /xingrg/images/blue/kc_tab_left.gif HTTP/1.1" 200 188
117.185.32.26 - - [06/Aug/2020:09:29:05 +0800] "GET /xingrg/images/blue/kc_tab2_right.gif HTTP/1.1" 200 192
61.172.5.115 - - [06/Aug/2020:09:29:12 +0800] "POST /xingrg/kc/buy/cgsh_order_operate.html HTTP/1.1" 200 37
61.172.5.115 - - [06/Aug/2020:09:29:12 +0800] "POST /xingrg/kc/buy/cgsh_order_operate.html HTTP/1.1" 200 3836
116.230.74.197 - - [06/Aug/2020:09:29:14 +0800] "GET /xingrg/all/function/internal_message.html?_=1596677345296&CODE_STATE=getMsg HTTP/1.1" 200 27
114.89.80.44 - - [06/Aug/2020:09:29:19 +0800] "GET /xingrg/kc/buy/cgsh_order_operate.html?command=get_materiel&rest_code=00151&code=00101008352&supplier_code=00100007&order_time=2020-08-06 HTTP/1.1" 200 412
117.185.32.26 - - [06/Aug/2020:09:29:20 +0800] "GET /xingrg/images/blue/wait.gif HTTP/1.1" 200 1100
117.185.32.26 - - [06/Aug/2020:09:29:20 +0800] "POST /xingrg/dwr/call/plaincall/AjaxQqpsService.saveOrder.dwr HTTP/1.1" 200 78
114.89.80.44 - - [06/Aug/2020:09:29:21 +0800] "GET /xingrg/check_reg.html?_=1596677492347 HTTP/1.1" 200 22
114.89.80.44 - - [06/Aug/2020:09:29:21 +0800] "GET /xingrg/all/function/internal_message.html?_=1596677492410&CODE_STATE=getMsg HTTP/1.1" 200 27
117.185.32.26 - - [06/Aug/2020:09:29:22 +0800] "GET /xingrg/javascript/auto/indicator.gif HTTP/1.1" 404 1066
61.172.5.115 - - [06/Aug/2020:09:29:25 +0800] "GET /xingrg/kc/print/load_data.html?order_code=212020080602123&kc_code=cgsh&condition= HTTP/1.1" 200 1185
117.185.32.26 - - [06/Aug/2020:09:29:29 +0800] "GET /xingrg/all/function/internal_message.html?_=1596677364314&CODE_STATE=getMsg HTTP/1.1" 200 27
114.88.161.57 - - [06/Aug/2020:09:29:29 +0800] "GET /xingrg/all/function/internal_message.html?_=1596677401975&CODE_STATE=getMsg HTTP/1.1" 200 27
114.89.80.44 - - [06/Aug/2020:09:29:30 +0800] "GET /xingrg/kc/buy/cgsh_order_operate.html?command=get_materiel&rest_code=00151&code=00101008264&supplier_code=00100007&order_time=2020-08-06 HTTP/1.1" 200 412
114.88.161.57 - - [06/Aug/2020:09:29:31 +0800] "GET /xingrg/all/function/internal_message.html?_=1596677368089&CODE_STATE=getMsg HTTP/1.1" 200 27
114.89.80.44 - - [06/Aug/2020:09:29:37 +0800] "GET /xingrg/all/function/internal_message.html?_=1596677372851&CODE_STATE=getMsg HTTP/1.1" 200 27
117.185.32.26 - - [06/Aug/2020:09:29:38 +0800] "POST /xingrg/dwr/call/plaincall/AjaxQqpsService.getMaterielByCode.dwr HTTP/1.1" 200 2563
180.175.214.200 - - [06/Aug/2020:09:29:38 +0800] "GET /xingrg/all/function/internal_message.html?_=1596677581459&CODE_STATE=getMsg HTTP/1.1" 200 27
117.185.32.26 - - [06/Aug/2020:09:29:39 +0800] "POST /xingrg/dwr/call/plaincall/AjaxQqpsService.saveMaterielItem.dwr HTTP/1.1" 200 78
