117.184.7.26 - - [06/Aug/2020:09:54:43 +0800] "GET /xingrg/kc/buy/cgsh_order_operate.html?command=get_materiel&rest_code=00108&code=00101008230&supplier_code=00100008&order_time=2020-08-06 HTTP/1.1" 200 408
183.192.164.97 - - [06/Aug/2020:09:54:45 +0800] "GET /xingrg/login.html HTTP/1.1" 200 7641
117.184.7.30 - - [06/Aug/2020:09:54:45 +0800] "GET /xingrg/all/function/internal_message.html?_=1596678875023&CODE_STATE=getMsg HTTP/1.1" 200 27
172.17.0.100 - - [06/Aug/2020:09:54:45 +0800] "GET /xingrg/all/function/internal_message.html?_=1596678882580&CODE_STATE=getMsg HTTP/1.1" 200 27
222.69.133.128 - - [06/Aug/2020:09:54:48 +0800] "GET /xingrg/all/function/internal_message.html?_=1596678881647&CODE_STATE=getMsg HTTP/1.1" 200 27
61.151.178.174 - - [06/Aug/2020:09:54:49 +0800] "GET /xingrg/login.html HTTP/1.1" 200 7641
222.70.173.120 - - [06/Aug/2020:09:54:50 +0800] "GET /xingrg/check_reg.html?_=1596678931601 HTTP/1.1" 200 22
114.88.156.201 - - [06/Aug/2020:09:54:50 +0800] "GET /xingrg/all/function/internal_message.html?_=1596678884600&CODE_STATE=getMsg HTTP/1.1" 200 27
117.184.7.26 - - [06/Aug/2020:09:54:51 +0800] "GET /xingrg/kc/buy/cgsh_order_operate.html?command=get_materiel&rest_code=00108&code=00101008069&supplier_code=00100008&order_time=2020-08-06 HTTP/1.1" 200 412
61.172.5.115 - - [06/Aug/2020:09:54:58 +0800] "GET /xingrg/check_reg.html?_=1596678889452 HTTP/1.1" 200 22
61.172.5.115 - - [06/Aug/2020:09:54:58 +0800] "GET /xingrg/all/function/internal_message.html?_=1596678889455&CODE_STATE=getMsg HTTP/1.1" 200 27
116.232.53.2 - - [06/Aug/2020:09:55:01 +0800] "GET /xingrg/all/function/internal_message.html?_=1596679013484&CODE_STATE=getMsg HTTP/1.1" 200 27
114.89.80.44 - - [06/Aug/2020:09:55:04 +0800] "GET /xingrg/all/function/internal_message.html?_=1596678900222&CODE_STATE=getMsg HTTP/1.1" 200 27
116.232.53.2 - - [06/Aug/2020:09:55:05 +0800] "POST /xingrg/kc/buy/cgsh_list_operate.html HTTP/1.1" 200 8799
172.17.0.185 - - [06/Aug/2020:09:55:05 +0800] "GET /xingrg/all/function/internal_message.html?_=1596678902518&CODE_STATE=getMsg HTTP/1.1" 200 27
117.184.7.26 - - [06/Aug/2020:09:55:07 +0800] "GET /xingrg/kc/buy/cgsh_order_operate.html?command=get_materiel&rest_code=00108&code=00101008286&supplier_code=00100008&order_time=2020-08-06 HTTP/1.1" 200 408
116.232.53.2 - - [06/Aug/2020:09:55:07 +0800] "GET /xingrg/javascript/easyui/themes/default/images/button_plain_hover.png HTTP/1.1" 200 144
117.184.7.26 - - [06/Aug/2020:09:55:10 +0800] "GET /xingrg/all/function/internal_message.html?_=1596678900464&CODE_STATE=getMsg HTTP/1.1" 200 27
117.184.7.26 - - [06/Aug/2020:09:55:11 +0800] "POST /xingrg/kc/buy/cgsh_order_operate.html HTTP/1.1" 200 2065
116.230.74.197 - - [06/Aug/2020:09:55:14 +0800] "GET /xingrg/all/function/internal_message.html?_=1596678905130&CODE_STATE=getMsg HTTP/1.1" 200 27
117.184.7.26 - - [06/Aug/2020:09:55:15 +0800] "GET /xingrg/kc/buy/cgsh_order_operate.html?command=get_materiel&rest_code=00108&code=00101008131&supplier_code=00100008&order_time=2020-08-06 HTTP/1.1" 200 408
114.89.80.44 - - [06/Aug/2020:09:55:17 +0800] "GET /xingrg/all/function/internal_message.html?_=1596679048174&CODE_STATE=getMsg HTTP/1.1" 200 27
117.184.7.26 - - [06/Aug/2020:09:55:23 +0800] "GET /xingrg/kc/buy/cgsh_order_operate.html?command=get_materiel&rest_code=00108&code=00101008352&supplier_code=00100008&order_time=2020-08-06 HTTP/1.1" 200 412
117.185.32.26 - - [06/Aug/2020:09:55:29 +0800] "GET /xingrg/all/function/internal_message.html?_=1596678924334&CODE_STATE=getMsg HTTP/1.1" 200 27
114.88.161.57 - - [06/Aug/2020:09:55:29 +0800] "GET /xingrg/all/function/internal_message.html?_=1596678962021&CODE_STATE=getMsg HTTP/1.1" 200 27
180.175.214.200 - - [06/Aug/2020:09:55:30 +0800] "GET /xingrg/login.html HTTP/1.1" 200 7641
180.175.214.200 - - [06/Aug/2020:09:55:30 +0800] "GET /favicon.ico HTTP/1.1" 404 -
61.151.207.158 - - [06/Aug/2020:09:55:30 +0800] "GET /xingrg/all/function/internal_message.html?_=1596678104543&CODE_STATE=getMsg HTTP/1.1" 302 -
117.184.7.26 - - [06/Aug/2020:09:55:31 +0800] "GET /xingrg/kc/buy/cgsh_order_operate.html?command=get_materiel&rest_code=00108&code=00101008271&supplier_code=00100008&order_time=2020-08-06 HTTP/1.1" 200 408
180.175.214.200 - - [06/Aug/2020:09:55:31 +0800] "POST /xingrg/login.do HTTP/1.1" 302 -
180.175.214.200 - - [06/Aug/2020:09:55:31 +0800] "GET /xingrg/index.html?sysBaseUrl=http%3A%2F%2F180.169.147.146%3A18081%2Fxingrg%2F&costTime=42×tamp=1596678931538 HTTP/1.1" 200 17173
180.175.214.200 - - [06/Aug/2020:09:55:31 +0800] "GET /xingrg/javascript/jquery_easy_ui/themes/default/easyui.css HTTP/1.1" 304 -
180.175.214.200 - - [06/Aug/2020:09:55:31 +0800] "GET /xingrg/css/form.css HTTP/1.1" 304 -
180.175.214.200 - - [06/Aug/2020:09:55:31 +0800] "GET /xingrg/javascript/jquery_easy_ui/themes/icon.css HTTP/1.1" 304 -
180.175.214.200 - - [06/Aug/2020:09:55:31 +0800] "GET /xingrg/javascript/jquery_easy_ui/jquery.easyui.min.js HTTP/1.1" 304 -
180.175.214.200 - - [06/Aug/2020:09:55:31 +0800] "GET /xingrg/javascript/jquery-1.4.2.min.js HTTP/1.1" 304 -
180.175.214.200 - - [06/Aug/2020:09:55:31 +0800] "GET /xingrg/javascript/jquery.form.js HTTP/1.1" 304 -
180.175.214.200 - - [06/Aug/2020:09:55:31 +0800] "GET /xingrg/javascript/jquery_easy_ui/easyui-lang-zh_CN.js HTTP/1.1" 304 -
180.175.214.200 - - [06/Aug/2020:09:55:31 +0800] "GET /xingrg/javascript/jquery.timers.js HTTP/1.1" 304 -
180.175.214.200 - - [06/Aug/2020:09:55:31 +0800] "GET /xingrg/javascript/jquery.utils.js HTTP/1.1" 304 -
180.175.214.200 - - [06/Aug/2020:09:55:31 +0800] "GET /favicon.ico HTTP/1.1" 404 -
180.175.214.200 - - [06/Aug/2020:09:55:31 +0800] "POST /xingrg/all/common/load_tree.html?tree=area_rest_tree_json&manage=1 HTTP/1.1" 200 342
180.175.214.200 - - [06/Aug/2020:09:55:31 +0800] "GET /xingrg/all/function/internal_message.html?_=1596678929483&CODE_STATE=count HTTP/1.1" 200 11
180.175.214.200 - - [06/Aug/2020:09:55:31 +0800] "GET /xingrg/check_reg.html?_=1596678929486 HTTP/1.1" 200 22
180.175.214.200 - - [06/Aug/2020:09:55:31 +0800] "POST /xingrg/load_menu.html HTTP/1.1" 200 5138
114.88.161.57 - - [06/Aug/2020:09:55:32 +0800] "GET /xingrg/all/function/internal_message.html?_=1596678928647&CODE_STATE=getMsg HTTP/1.1" 200 27
116.232.53.2 - - [06/Aug/2020:09:55:35 +0800] "POST /xingrg/kc/buy/cgsh_list_operate.html HTTP/1.1" 200 4
61.151.207.158 - - [06/Aug/2020:09:55:36 +0800] "GET /xingrg/login.html HTTP/1.1" 200 7641
117.184.7.26 - - [06/Aug/2020:09:55:39 +0800] "GET /xingrg/kc/buy/cgsh_order_operate.html?command=get_materiel&rest_code=00108&code=00101008353&supplier_code=00100008&order_time=2020-08-06 HTTP/1.1" 200 408
180.175.214.200 - - [06/Aug/2020:09:55:40 +0800] "GET /xingrg/all/function/internal_message.html?_=1596679142919&CODE_STATE=getMsg HTTP/1.1" 200 27
116.232.53.2 - - [06/Aug/2020:09:55:40 +0800] "POST /xingrg/kc/buy/cgsh_list_operate.html HTTP/1.1" 200 3495
114.84.32.201 - - [06/Aug/2020:09:55:41 +0800] "GET /xingrg/all/function/internal_message.html?_=1596678931640&CODE_STATE=getMsg HTTP/1.1" 200 27
61.172.5.115 - - [06/Aug/2020:09:55:42 +0800] "GET /xingrg/all/function/internal_message.html?_=1596678938888&CODE_STATE=getMsg HTTP/1.1" 200 27
117.184.7.30 - - [06/Aug/2020:09:55:45 +0800] "GET /xingrg/all/function/internal_message.html?_=1596678935034&CODE_STATE=getMsg HTTP/1.1" 200 27
172.17.0.100 - - [06/Aug/2020:09:55:45 +0800] "GET /xingrg/all/function/internal_message.html?_=1596678942578&CODE_STATE=getMsg HTTP/1.1" 200 27
222.69.133.128 - - [06/Aug/2020:09:55:48 +0800] "GET /xingrg/all/function/internal_message.html?_=1596678941636&CODE_STATE=getMsg HTTP/1.1" 200 27
117.184.7.26 - - [06/Aug/2020:09:55:49 +0800] "GET /xingrg/kc/buy/cgsh_order_operate.html?command=get_materiel&rest_code=00108&code=00101008154&supplier_code=00100008&order_time=2020-08-06 HTTP/1.1" 200 413
114.88.156.201 - - [06/Aug/2020:09:55:50 +0800] "GET /xingrg/all/function/internal_message.html?_=1596678944599&CODE_STATE=getMsg HTTP/1.1" 200 27
117.184.7.26 - - [06/Aug/2020:09:55:51 +0800] "POST /xingrg/kc/buy/cgsh_order_operate.html HTTP/1.1" 200 2065
116.232.53.2 - - [06/Aug/2020:09:55:53 +0800] "POST /xingrg/kc/buy/cgsh_list_operate.html HTTP/1.1" 200 4
116.232.53.2 - - [06/Aug/2020:09:55:55 +0800] "POST /xingrg/kc/buy/cgsh_list_operate.html HTTP/1.1" 200 876
117.184.7.26 - - [06/Aug/2020:09:55:55 +0800] "GET /xingrg/kc/buy/cgsh_order_operate.html?command=get_materiel&rest_code=00108&code=00101008125&supplier_code=00100008&order_time=2020-08-06 HTTP/1.1" 200 413
116.232.53.2 - - [06/Aug/2020:09:55:58 +0800] "GET /xingrg/all/function/internal_message.html?_=1596679073484&CODE_STATE=getMsg HTTP/1.1" 200 27
61.172.5.115 - - [06/Aug/2020:09:55:58 +0800] "GET /xingrg/all/function/internal_message.html?_=1596678949439&CODE_STATE=getMsg HTTP/1.1" 200 27
116.232.53.2 - - [06/Aug/2020:09:55:58 +0800] "GET /xingrg/kc/base/base_main.html HTTP/1.1" 200 12142
116.232.53.2 - - [06/Aug/2020:09:55:58 +0800] "GET /xingrg/images/blue/button/wlsy.gif HTTP/1.1" 304 -
116.232.53.2 - - [06/Aug/2020:09:55:58 +0800] "GET /xingrg/images/blue/button/ckpd.gif HTTP/1.1" 304 -
116.232.53.2 - - [06/Aug/2020:09:55:58 +0800] "GET /xingrg/images/blue/button/yddb.gif HTTP/1.1" 304 -
116.232.53.2 - - [06/Aug/2020:09:55:58 +0800] "GET /xingrg/images/blue/button/ckdb.gif HTTP/1.1" 304 -
116.232.53.2 - - [06/Aug/2020:09:55:58 +0800] "GET /xingrg/images/blue/button/top_left.jpg HTTP/1.1" 304 -
116.232.53.2 - - [06/Aug/2020:09:55:58 +0800] "GET /xingrg/images/blue/button/top_right.jpg HTTP/1.1" 304 -
116.232.53.2 - - [06/Aug/2020:09:55:58 +0800] "GET /xingrg/images/blue/button/down.jpg HTTP/1.1" 304 -
116.232.53.2 - - [06/Aug/2020:09:55:58 +0800] "GET /xingrg/images/blue/button/bottom_left.jpg HTTP/1.1" 304 -
116.232.53.2 - - [06/Aug/2020:09:55:58 +0800] "GET /xingrg/images/blue/button/bottom_right.jpg HTTP/1.1" 304 -
116.232.53.2 - - [06/Aug/2020:09:55:58 +0800] "GET /xingrg/images/blue/button/left_ah.jpg HTTP/1.1" 304 -
116.232.53.2 - - [06/Aug/2020:09:55:59 +0800] "GET /xingrg/kc/base/wldb_order_list.html HTTP/1.1" 200 19255
116.232.53.2 - - [06/Aug/2020:09:56:00 +0800] "POST /xingrg/kc/base/wldb_list_operate.html HTTP/1.1" 200 928
117.184.7.30 - - [06/Aug/2020:09:56:03 +0800] "POST /xingrg/kc/buy/cgsh_order_operate.html HTTP/1.1" 200 37
114.89.80.44 - - [06/Aug/2020:09:56:04 +0800] "GET /xingrg/check_reg.html?_=1596678960223 HTTP/1.1" 200 22
114.89.80.44 - - [06/Aug/2020:09:56:04 +0800] "GET /xingrg/all/function/internal_message.html?_=1596678960229&CODE_STATE=getMsg HTTP/1.1" 200 27
172.17.0.185 - - [06/Aug/2020:09:56:05 +0800] "GET /xingrg/all/function/internal_message.html?_=1596678962521&CODE_STATE=getMsg HTTP/1.1" 200 27
117.184.7.30 - - [06/Aug/2020:09:56:06 +0800] "POST /xingrg/kc/buy/cgsh_order_operate.html HTTP/1.1" 200 19789
117.184.7.30 - - [06/Aug/2020:09:56:10 +0800] "GET /xingrg/check_reg.html?_=1596678960419 HTTP/1.1" 200 22
117.184.7.30 - - [06/Aug/2020:09:56:10 +0800] "GET /xingrg/all/function/internal_message.html?_=1596678960477&CODE_STATE=getMsg HTTP/1.1" 200 27
116.230.74.197 - - [06/Aug/2020:09:56:14 +0800] "GET /xingrg/all/function/internal_message.html?_=1596678965112&CODE_STATE=getMsg HTTP/1.1" 200 27
114.89.80.44 - - [06/Aug/2020:09:56:17 +0800] "GET /xingrg/all/function/internal_message.html?_=1596679108176&CODE_STATE=getMsg HTTP/1.1" 200 27
116.232.53.2 - - [06/Aug/2020:09:56:19 +0800] "GET /xingrg/kc/report/report_main.html HTTP/1.1" 200 7345
116.232.53.2 - - [06/Aug/2020:09:56:27 +0800] "GET /xingrg/all/report/report_query.html?fileName=kc/base/rk_by_base.xml&rh=9999 HTTP/1.1" 200 51953
116.232.53.2 - - [06/Aug/2020:09:56:27 +0800] "GET /xingrg/dwr/interface/AjaxReportQueryService.js HTTP/1.1" 200 13203
116.232.53.2 - - [06/Aug/2020:09:56:27 +0800] "GET /xingrg/dwr/engine.js HTTP/1.1" 200 43631
116.232.53.2 - - [06/Aug/2020:09:56:28 +0800] "POST /xingrg/dwr/call/plaincall/AjaxReportQueryService.getFixDate.dwr HTTP/1.1" 200 111
116.232.53.2 - - [06/Aug/2020:09:56:28 +0800] "POST /xingrg/all/common/load_tree.html?tree=materiel_sort_tree_json HTTP/1.1" 200 8666
116.232.53.2 - - [06/Aug/2020:09:56:28 +0800] "POST /xingrg/dwr/call/plaincall/AjaxReportQueryService.getInitString.dwr HTTP/1.1" 200 1014
117.185.32.26 - - [06/Aug/2020:09:56:29 +0800] "GET /xingrg/check_reg.html?_=1596678984318 HTTP/1.1" 200 22
117.185.32.26 - - [06/Aug/2020:09:56:29 +0800] "GET /xingrg/all/function/internal_message.html?_=1596678984319&CODE_STATE=getMsg HTTP/1.1" 200 27
114.88.161.57 - - [06/Aug/2020:09:56:29 +0800] "GET /xingrg/all/function/internal_message.html?_=1596679022021&CODE_STATE=getMsg HTTP/1.1" 200 27
180.175.214.200 - - [06/Aug/2020:09:56:31 +0800] "GET /xingrg/all/function/internal_message.html?_=1596678989490&CODE_STATE=getMsg HTTP/1.1" 200 27
114.88.161.57 - - [06/Aug/2020:09:56:32 +0800] "GET /xingrg/all/function/internal_message.html?_=1596678988687&CODE_STATE=getMsg HTTP/1.1" 200 27
180.175.214.200 - - [06/Aug/2020:09:56:40 +0800] "GET /xingrg/all/function/internal_message.html?_=1596679202933&CODE_STATE=getMsg HTTP/1.1" 200 27
117.184.7.26 - - [06/Aug/2020:09:56:41 +0800] "GET /xingrg/kc/buy/cgsh_order_operate.html?command=get_materiel&rest_code=00108&code=00101008132&supplier_code=00100008&order_time=2020-08-06 HTTP/1.1" 200 408
114.84.32.201 - - [06/Aug/2020:09:56:41 +0800] "GET /xingrg/all/function/internal_message.html?_=1596678991639&CODE_STATE=getMsg HTTP/1.1" 200 27
61.172.5.115 - - [06/Aug/2020:09:56:42 +0800] "GET /xingrg/all/function/internal_message.html?_=1596678998888&CODE_STATE=getMsg HTTP/1.1" 200 27
117.184.7.30 - - [06/Aug/2020:09:56:45 +0800] "GET /xingrg/all/function/internal_message.html?_=1596678995035&CODE_STATE=getMsg HTTP/1.1" 200 27
117.184.7.26 - - [06/Aug/2020:09:56:45 +0800] "GET /xingrg/check_reg.html?_=1596678995038 HTTP/1.1" 200 22
172.17.0.100 - - [06/Aug/2020:09:56:45 +0800] "GET /xingrg/check_reg.html?_=1596679002606 HTTP/1.1" 200 22
172.17.0.100 - - [06/Aug/2020:09:56:45 +0800] "GET /xingrg/all/function/internal_message.html?_=1596679002607&CODE_STATE=getMsg HTTP/1.1" 200 27
114.88.161.57 - - [06/Aug/2020:09:56:47 +0800] "GET /xingrg/check_reg.html?_=1596679004170 HTTP/1.1" 200 22
117.184.7.26 - - [06/Aug/2020:09:56:48 +0800] "GET /xingrg/kc/buy/cgsh_order_operate.html?command=get_materiel&rest_code=00108&code=00101008244&supplier_code=00100008&order_time=2020-08-06 HTTP/1.1" 200 408
222.69.133.128 - - [06/Aug/2020:09:56:48 +0800] "GET /xingrg/all/function/internal_message.html?_=1596679001641&CODE_STATE=getMsg HTTP/1.1" 200 27
222.69.133.128 - - [06/Aug/2020:09:56:48 +0800] "GET /xingrg/check_reg.html?_=1596679001725 HTTP/1.1" 200 22
114.88.156.201 - - [06/Aug/2020:09:56:50 +0800] "GET /xingrg/all/function/internal_message.html?_=1596679004598&CODE_STATE=getMsg HTTP/1.1" 200 27
114.88.156.201 - - [06/Aug/2020:09:56:50 +0800] "GET /xingrg/check_reg.html?_=1596679004601 HTTP/1.1" 200 22
116.232.53.2 - - [06/Aug/2020:09:56:56 +0800] "GET /xingrg/check_reg.html?_=1596679133437 HTTP/1.1" 200 22
116.232.53.2 - - [06/Aug/2020:09:56:56 +0800] "GET /xingrg/all/function/internal_message.html?_=1596679133484&CODE_STATE=getMsg HTTP/1.1" 200 27
61.172.5.115 - - [06/Aug/2020:09:56:58 +0800] "GET /xingrg/all/function/internal_message.html?_=1596679009438&CODE_STATE=getMsg HTTP/1.1" 200 27
117.184.7.30 - - [06/Aug/2020:09:57:04 +0800] "GET /xingrg/kc/buy/cgsh_order_operate.html?command=get_materiel&rest_code=00108&code=00101008003&supplier_code=00100008&order_time=2020-08-06 HTTP/1.1" 200 408
114.89.80.44 - - [06/Aug/2020:09:57:04 +0800] "GET /xingrg/all/function/internal_message.html?_=1596679020228&CODE_STATE=getMsg HTTP/1.1" 200 27
172.17.0.185 - - [06/Aug/2020:09:57:05 +0800] "GET /xingrg/all/function/internal_message.html?_=1596679022526&CODE_STATE=getMsg HTTP/1.1" 200 27
172.17.0.185 - - [06/Aug/2020:09:57:05 +0800] "GET /xingrg/check_reg.html?_=1596679022527 HTTP/1.1" 200 22
117.184.7.26 - - [06/Aug/2020:09:57:10 +0800] "GET /xingrg/all/function/internal_message.html?_=1596679020507&CODE_STATE=getMsg HTTP/1.1" 200 27
117.184.7.26 - - [06/Aug/2020:09:57:10 +0800] "GET /xingrg/kc/buy/cgsh_order_operate.html?command=get_materiel&rest_code=00108&code=00101008126&supplier_code=00100008&order_time=2020-08-06 HTTP/1.1" 200 412
116.232.53.2 - - [06/Aug/2020:09:57:12 +0800] "POST /xingrg/dwr/call/plaincall/AjaxReportQueryService.refreshCache.dwr HTTP/1.1" 200 78
117.184.7.26 - - [06/Aug/2020:09:57:13 +0800] "POST /xingrg/kc/buy/cgsh_order_operate.html HTTP/1.1" 200 2065
116.232.53.2 - - [06/Aug/2020:09:57:13 +0800] "POST /xingrg/all/report/load_report_page.html HTTP/1.1" 200 22461
116.232.53.2 - - [06/Aug/2020:09:57:13 +0800] "GET /xingrg/servlets/image?cache=0.14013033094088279&image=px HTTP/1.1" 200 807
116.230.74.197 - - [06/Aug/2020:09:57:14 +0800] "GET /xingrg/all/function/internal_message.html?_=1596679025092&CODE_STATE=getMsg HTTP/1.1" 200 27
114.89.80.44 - - [06/Aug/2020:09:57:17 +0800] "GET /xingrg/check_reg.html?_=1596679168021 HTTP/1.1" 200 22
117.184.7.26 - - [06/Aug/2020:09:57:17 +0800] "GET /xingrg/kc/buy/cgsh_order_operate.html?command=get_materiel&rest_code=00108&code=00101008356&supplier_code=00100008&order_time=2020-08-06 HTTP/1.1" 200 408
114.89.80.44 - - [06/Aug/2020:09:57:17 +0800] "GET /xingrg/all/function/internal_message.html?_=1596679168188&CODE_STATE=getMsg HTTP/1.1" 200 27
117.184.7.26 - - [06/Aug/2020:09:57:26 +0800] "GET /xingrg/kc/buy/cgsh_order_operate.html?command=get_materiel&rest_code=00108&code=00101008212&supplier_code=00100008&order_time=2020-08-06 HTTP/1.1" 200 412
117.185.32.26 - - [06/Aug/2020:09:57:29 +0800] "GET /xingrg/all/function/internal_message.html?_=1596679044318&CODE_STATE=getMsg HTTP/1.1" 200 27
114.88.161.57 - - [06/Aug/2020:09:57:29 +0800] "GET /xingrg/all/function/internal_message.html?_=1596679082026&CODE_STATE=getMsg HTTP/1.1" 200 27
114.88.161.57 - - [06/Aug/2020:09:57:29 +0800] "GET /xingrg/check_reg.html?_=1596679082023 HTTP/1.1" 200 22
117.184.7.26 - - [06/Aug/2020:09:57:31 +0800] "GET /xingrg/kc/buy/cgsh_order_operate.html?command=get_materiel&rest_code=00108&code=00101007143&supplier_code=00100008&order_time=2020-08-06 HTTP/1.1" 200 395
180.175.214.200 - - [06/Aug/2020:09:57:31 +0800] "GET /xingrg/all/function/internal_message.html?_=1596679049512&CODE_STATE=getMsg HTTP/1.1" 200 27
114.88.161.57 - - [06/Aug/2020:09:57:32 +0800] "GET /xingrg/all/function/internal_message.html?_=1596679048706&CODE_STATE=getMsg HTTP/1.1" 200 27
180.175.214.200 - - [06/Aug/2020:09:57:38 +0800] "GET /xingrg/check_reg.html?_=1596679261596 HTTP/1.1" 200 22
180.175.214.200 - - [06/Aug/2020:09:57:40 +0800] "GET /xingrg/all/function/internal_message.html?_=1596679263165&CODE_STATE=getMsg HTTP/1.1" 200 27
114.84.32.201 - - [06/Aug/2020:09:57:41 +0800] "GET /xingrg/all/function/internal_message.html?_=1596679051642&CODE_STATE=getMsg HTTP/1.1" 200 27
61.172.5.115 - - [06/Aug/2020:09:57:42 +0800] "GET /xingrg/all/function/internal_message.html?_=1596679058886&CODE_STATE=getMsg HTTP/1.1" 200 27
117.184.7.26 - - [06/Aug/2020:09:57:45 +0800] "GET /xingrg/all/function/internal_message.html?_=1596679055037&CODE_STATE=getMsg HTTP/1.1" 200 27
172.17.0.100 - - [06/Aug/2020:09:57:45 +0800] "GET /xingrg/all/function/internal_message.html?_=1596679062605&CODE_STATE=getMsg HTTP/1.1" 200 27
117.184.7.30 - - [06/Aug/2020:09:57:47 +0800] "GET /xingrg/kc/buy/cgsh_order_operate.html?command=get_materiel&rest_code=00108&code=00101008296&supplier_code=00100008&order_time=2020-08-06 HTTP/1.1" 200 416
222.69.133.128 - - [06/Aug/2020:09:57:48 +0800] "GET /xingrg/all/function/internal_message.html?_=1596679061649&CODE_STATE=getMsg HTTP/1.1" 200 27
114.88.156.201 - - [06/Aug/2020:09:57:50 +0800] "GET /xingrg/all/function/internal_message.html?_=1596679064600&CODE_STATE=getMsg HTTP/1.1" 200 27
116.232.53.2 - - [06/Aug/2020:09:57:53 +0800] "GET /xingrg/all/function/internal_message.html?_=1596679193484&CODE_STATE=getMsg HTTP/1.1" 200 27
117.184.7.30 - - [06/Aug/2020:09:57:56 +0800] "GET /xingrg/kc/buy/cgsh_order_operate.html?command=get_materiel&rest_code=00108&code=00101008005&supplier_code=00100008&order_time=2020-08-06 HTTP/1.1" 200 412
61.172.5.115 - - [06/Aug/2020:09:57:58 +0800] "GET /xingrg/all/function/internal_message.html?_=1596679069438&CODE_STATE=getMsg HTTP/1.1" 200 27
117.184.7.30 - - [06/Aug/2020:09:57:59 +0800] "POST /xingrg/kc/buy/cgsh_order_operate.html HTTP/1.1" 200 2065
117.184.7.30 - - [06/Aug/2020:09:58:02 +0800] "GET /xingrg/kc/buy/cgsh_order_operate.html?command=get_materiel&rest_code=00108&code=00101008213&supplier_code=00100008&order_time=2020-08-06 HTTP/1.1" 200 412
114.89.80.44 - - [06/Aug/2020:09:58:04 +0800] "GET /xingrg/all/function/internal_message.html?_=1596679080251&CODE_STATE=getMsg HTTP/1.1" 200 27
172.17.0.185 - - [06/Aug/2020:09:58:05 +0800] "GET /xingrg/all/function/internal_message.html?_=1596679082529&CODE_STATE=getMsg HTTP/1.1" 200 27
117.184.7.30 - - [06/Aug/2020:09:58:09 +0800] "GET /xingrg/kc/buy/cgsh_order_operate.html?command=get_materiel&rest_code=00108&code=00101008101&supplier_code=00100008&order_time=2020-08-06 HTTP/1.1" 200 412
117.184.7.30 - - [06/Aug/2020:09:58:10 +0800] "GET /xingrg/all/function/internal_message.html?_=1596679080519&CODE_STATE=getMsg HTTP/1.1" 200 27
116.230.74.197 - - [06/Aug/2020:09:58:13 +0800] "GET /xingrg/check_reg.html?_=1596679084439 HTTP/1.1" 200 22
116.230.74.197 - - [06/Aug/2020:09:58:14 +0800] "GET /xingrg/all/function/internal_message.html?_=1596679085076&CODE_STATE=getMsg HTTP/1.1" 200 27
114.89.80.44 - - [06/Aug/2020:09:58:17 +0800] "GET /xingrg/all/function/internal_message.html?_=1596679228203&CODE_STATE=getMsg HTTP/1.1" 200 27
117.184.7.26 - - [06/Aug/2020:09:58:22 +0800] "POST /xingrg/kc/buy/cgsh_order_operate.html HTTP/1.1" 200 37
117.184.7.26 - - [06/Aug/2020:09:58:26 +0800] "POST /xingrg/kc/buy/cgsh_order_operate.html HTTP/1.1" 200 26282
117.185.32.26 - - [06/Aug/2020:09:58:29 +0800] "GET /xingrg/all/function/internal_message.html?_=1596679104318&CODE_STATE=getMsg HTTP/1.1" 200 27
114.88.161.57 - - [06/Aug/2020:09:58:29 +0800] "GET /xingrg/all/function/internal_message.html?_=1596679142025&CODE_STATE=getMsg HTTP/1.1" 200 27
117.184.7.26 - - [06/Aug/2020:09:58:31 +0800] "GET /xingrg/kc/buy/cgsh_order_operate.html?command=get_materiel&rest_code=00108&code=00101008331&supplier_code=00100008&order_time=2020-08-06 HTTP/1.1" 200 416
180.175.214.200 - - [06/Aug/2020:09:58:31 +0800] "GET /xingrg/all/function/internal_message.html?_=1596679109526&CODE_STATE=getMsg HTTP/1.1" 200 27
114.88.161.57 - - [06/Aug/2020:09:58:32 +0800] "GET /xingrg/all/function/internal_message.html?_=1596679108718&CODE_STATE=getMsg HTTP/1.1" 200 27
117.184.7.26 - - [06/Aug/2020:09:58:40 +0800] "GET /xingrg/kc/buy/cgsh_order_operate.html?command=get_materiel&rest_code=00108&code=00101008350&supplier_code=00100008&order_time=2020-08-06 HTTP/1.1" 200 408
180.175.214.200 - - [06/Aug/2020:09:58:40 +0800] "GET /xingrg/all/function/internal_message.html?_=1596679323381&CODE_STATE=getMsg HTTP/1.1" 200 27
114.84.32.201 - - [06/Aug/2020:09:58:41 +0800] "GET /xingrg/all/function/internal_message.html?_=1596679111640&CODE_STATE=getMsg HTTP/1.1" 200 27
61.172.5.115 - - [06/Aug/2020:09:58:42 +0800] "GET /xingrg/all/function/internal_message.html?_=1596679118887&CODE_STATE=getMsg HTTP/1.1" 200 27
117.184.7.26 - - [06/Aug/2020:09:58:45 +0800] "GET /xingrg/all/function/internal_message.html?_=1596679115044&CODE_STATE=getMsg HTTP/1.1" 200 27
172.17.0.100 - - [06/Aug/2020:09:58:45 +0800] "GET /xingrg/all/function/internal_message.html?_=1596679122603&CODE_STATE=getMsg HTTP/1.1" 200 27
222.69.133.128 - - [06/Aug/2020:09:58:48 +0800] "GET /xingrg/all/function/internal_message.html?_=1596679121649&CODE_STATE=getMsg HTTP/1.1" 200 27
117.184.7.30 - - [06/Aug/2020:09:58:48 +0800] "GET /xingrg/kc/buy/cgsh_order_operate.html?command=get_materiel&rest_code=00108&code=00101008112&supplier_code=00100008&order_time=2020-08-06 HTTP/1.1" 200 412
116.232.53.2 - - [06/Aug/2020:09:58:50 +0800] "GET /xingrg/all/function/internal_message.html?_=1596679253484&CODE_STATE=getMsg HTTP/1.1" 200 27
114.88.156.201 - - [06/Aug/2020:09:58:50 +0800] "GET /xingrg/all/function/internal_message.html?_=1596679124599&CODE_STATE=getMsg HTTP/1.1" 200 27
61.172.5.115 - - [06/Aug/2020:09:58:58 +0800] "GET /xingrg/all/function/internal_message.html?_=1596679129438&CODE_STATE=getMsg HTTP/1.1" 200 27
117.184.7.30 - - [06/Aug/2020:09:58:58 +0800] "POST /xingrg/kc/buy/cgsh_order_operate.html HTTP/1.1" 200 2065
114.89.80.44 - - [06/Aug/2020:09:59:04 +0800] "GET /xingrg/all/function/internal_message.html?_=1596679140252&CODE_STATE=getMsg HTTP/1.1" 200 27
172.17.0.185 - - [06/Aug/2020:09:59:05 +0800] "GET /xingrg/all/function/internal_message.html?_=1596679142534&CODE_STATE=getMsg HTTP/1.1" 200 27
117.184.7.26 - - [06/Aug/2020:09:59:05 +0800] "GET /xingrg/kc/buy/cgsh_order_operate.html?command=get_materiel&rest_code=00108&code=00101015038&supplier_code=00100008&order_time=2020-08-06 HTTP/1.1" 200 418
117.184.7.26 - - [06/Aug/2020:09:59:10 +0800] "GET /xingrg/all/function/internal_message.html?_=1596679140533&CODE_STATE=getMsg HTTP/1.1" 200 27
117.184.7.26 - - [06/Aug/2020:09:59:12 +0800] "GET /xingrg/kc/buy/cgsh_order_operate.html?command=get_materiel&rest_code=00108&code=00101008114&supplier_code=00100008&order_time=2020-08-06 HTTP/1.1" 200 412
116.230.74.197 - - [06/Aug/2020:09:59:14 +0800] "GET /xingrg/all/function/internal_message.html?_=1596679145059&CODE_STATE=getMsg HTTP/1.1" 200 27
114.89.80.44 - - [06/Aug/2020:09:59:17 +0800] "GET /xingrg/all/function/internal_message.html?_=1596679288215&CODE_STATE=getMsg HTTP/1.1" 200 27
117.184.7.30 - - [06/Aug/2020:09:59:20 +0800] "GET /xingrg/kc/buy/cgsh_order_operate.html?command=get_materiel&rest_code=00108&code=00101008024&supplier_code=00100008&order_time=2020-08-06 HTTP/1.1" 200 408
117.184.7.30 - - [06/Aug/2020:09:59:25 +0800] "GET /xingrg/kc/buy/cgsh_order_operate.html?command=get_materiel&rest_code=00108&code=00101008236&supplier_code=00100008&order_time=2020-08-06 HTTP/1.1" 200 416
117.185.32.26 - - [06/Aug/2020:09:59:29 +0800] "GET /xingrg/all/function/internal_message.html?_=1596679164319&CODE_STATE=getMsg HTTP/1.1" 200 27
114.88.161.57 - - [06/Aug/2020:09:59:29 +0800] "GET /xingrg/all/function/internal_message.html?_=1596679202013&CODE_STATE=getMsg HTTP/1.1" 200 27
180.175.214.200 - - [06/Aug/2020:09:59:31 +0800] "GET /xingrg/all/function/internal_message.html?_=1596679169534&CODE_STATE=getMsg HTTP/1.1" 200 27
114.88.161.57 - - [06/Aug/2020:09:59:32 +0800] "GET /xingrg/all/function/internal_message.html?_=1596679168759&CODE_STATE=getMsg HTTP/1.1" 200 27
180.175.214.200 - - [06/Aug/2020:09:59:40 +0800] "GET /xingrg/all/function/internal_message.html?_=1596679383395&CODE_STATE=getMsg HTTP/1.1" 200 27
114.84.32.201 - - [06/Aug/2020:09:59:41 +0800] "GET /xingrg/all/function/internal_message.html?_=1596679171639&CODE_STATE=getMsg HTTP/1.1" 200 27
114.84.32.201 - - [06/Aug/2020:09:59:41 +0800] "GET /xingrg/check_reg.html?_=1596679171641 HTTP/1.1" 200 22
61.172.5.115 - - [06/Aug/2020:09:59:42 +0800] "GET /xingrg/all/function/internal_message.html?_=1596679178887&CODE_STATE=getMsg HTTP/1.1" 200 27
61.172.5.115 - - [06/Aug/2020:09:59:42 +0800] "GET /xingrg/check_reg.html?_=1596679178889 HTTP/1.1" 200 22
117.184.7.26 - - [06/Aug/2020:09:59:45 +0800] "GET /xingrg/all/function/internal_message.html?_=1596679175045&CODE_STATE=getMsg HTTP/1.1" 200 27
172.17.0.100 - - [06/Aug/2020:09:59:45 +0800] "GET /xingrg/all/function/internal_message.html?_=1596679182600&CODE_STATE=getMsg HTTP/1.1" 200 27
222.69.133.128 - - [06/Aug/2020:09:59:48 +0800] "GET /xingrg/all/function/internal_message.html?_=1596679181648&CODE_STATE=getMsg HTTP/1.1" 200 27
117.184.7.26 - - [06/Aug/2020:09:59:48 +0800] "POST /xingrg/kc/buy/cgsh_order_operate.html HTTP/1.1" 200 2065
116.232.53.2 - - [06/Aug/2020:09:59:49 +0800] "GET /xingrg/all/function/internal_message.html?_=1596679313484&CODE_STATE=getMsg HTTP/1.1" 200 27
222.70.173.120 - - [06/Aug/2020:09:59:50 +0800] "GET /xingrg/check_reg.html?_=1596679231628 HTTP/1.1" 200 22
114.88.156.201 - - [06/Aug/2020:09:59:50 +0800] "GET /xingrg/all/function/internal_message.html?_=1596679184599&CODE_STATE=getMsg HTTP/1.1" 200 27
117.184.7.26 - - [06/Aug/2020:09:59:58 +0800] "GET /xingrg/kc/buy/cgsh_order_operate.html?command=get_materiel&rest_code=00108&code=00101008036&supplier_code=00100008&order_time=2020-08-06 HTTP/1.1" 200 408
61.172.5.115 - - [06/Aug/2020:09:59:58 +0800] "GET /xingrg/all/function/internal_message.html?_=1596679189438&CODE_STATE=getMsg HTTP/1.1" 200 27
61.172.5.115 - - [06/Aug/2020:09:59:58 +0800] "GET /xingrg/check_reg.html?_=1596679189441 HTTP/1.1" 200 22
117.184.7.26 - - [06/Aug/2020:10:00:04 +0800] "POST /xingrg/kc/buy/cgsh_order_operate.html HTTP/1.1" 200 37
114.89.80.44 - - [06/Aug/2020:10:00:04 +0800] "GET /xingrg/all/function/internal_message.html?_=1596679200246&CODE_STATE=getMsg HTTP/1.1" 200 27
172.17.0.185 - - [06/Aug/2020:10:00:05 +0800] "GET /xingrg/all/function/internal_message.html?_=1596679202525&CODE_STATE=getMsg HTTP/1.1" 200 27
114.89.80.44 - - [06/Aug/2020:10:00:05 +0800] "GET /xingrg/kc/base/yddb_order_list.html HTTP/1.1" 200 16865
114.89.80.44 - - [06/Aug/2020:10:00:06 +0800] "POST /xingrg/kc/base/yddb_list_operate.html HTTP/1.1" 200 583
117.184.7.26 - - [06/Aug/2020:10:00:08 +0800] "POST /xingrg/kc/buy/cgsh_order_operate.html HTTP/1.1" 200 32189
114.89.80.44 - - [06/Aug/2020:10:00:09 +0800] "POST /xingrg/kc/base/yddb_list_operate.html HTTP/1.1" 200 1263
183.192.164.85 - - [06/Aug/2020:10:00:09 +0800] "GET /xingrg/all/function/internal_message.html?_=1596678384333&CODE_STATE=getMsg HTTP/1.1" 302 -
117.184.7.26 - - [06/Aug/2020:10:00:10 +0800] "GET /xingrg/all/function/internal_message.html?_=1596679200548&CODE_STATE=getMsg HTTP/1.1" 200 27
114.89.80.44 - - [06/Aug/2020:10:00:10 +0800] "POST /xingrg/kc/base/yddb_list_operate.html HTTP/1.1" 200 276
114.89.80.44 - - [06/Aug/2020:10:00:10 +0800] "GET /xingrg/kc/base/yddb_order_info.html?code=482020080600035 HTTP/1.1" 200 30756
114.89.80.44 - - [06/Aug/2020:10:00:10 +0800] "GET /xingrg/dwr/interface/AjaxYddbService.js HTTP/1.1" 200 13201
114.89.80.44 - - [06/Aug/2020:10:00:10 +0800] "GET /xingrg/dwr/interface/AjaxComOrderService.js HTTP/1.1" 200 18264
114.89.80.44 - - [06/Aug/2020:10:00:10 +0800] "GET /xingrg/dwr/engine.js HTTP/1.1" 200 43631
114.89.80.44 - - [06/Aug/2020:10:00:11 +0800] "POST /xingrg/dwr/call/plaincall/AjaxYddbService.loadMaterielItems.dwr HTTP/1.1" 200 745
116.230.74.197 - - [06/Aug/2020:10:00:14 +0800] "GET /xingrg/all/function/internal_message.html?_=1596679205029&CODE_STATE=getMsg HTTP/1.1" 200 27
183.192.164.85 - - [06/Aug/2020:10:00:15 +0800] "GET /xingrg/login.html HTTP/1.1" 200 7641
114.89.80.44 - - [06/Aug/2020:10:00:17 +0800] "GET /xingrg/all/function/internal_message.html?_=1596679348270&CODE_STATE=getMsg HTTP/1.1" 200 27
114.89.80.44 - - [06/Aug/2020:10:00:27 +0800] "POST /xingrg/dwr/call/plaincall/AjaxYddbService.saveOrder.dwr HTTP/1.1" 200 78
117.185.32.26 - - [06/Aug/2020:10:00:29 +0800] "GET /xingrg/all/function/internal_message.html?_=1596679224319&CODE_STATE=getMsg HTTP/1.1" 200 27
114.88.161.57 - - [06/Aug/2020:10:00:29 +0800] "GET /xingrg/all/function/internal_message.html?_=1596679262014&CODE_STATE=getMsg HTTP/1.1" 200 27
114.89.80.44 - - [06/Aug/2020:10:00:31 +0800] "POST /xingrg/dwr/call/plaincall/AjaxYddbService.objCheckOrder.dwr HTTP/1.1" 200 78
180.175.214.200 - - [06/Aug/2020:10:00:31 +0800] "GET /xingrg/check_reg.html?_=1596679229488 HTTP/1.1" 200 22
180.175.214.200 - - [06/Aug/2020:10:00:31 +0800] "GET /xingrg/all/function/internal_message.html?_=1596679229548&CODE_STATE=getMsg HTTP/1.1" 200 27
114.89.80.44 - - [06/Aug/2020:10:00:32 +0800] "GET /xingrg/kc/base/yddb_order_info.html?code=482020080600035 HTTP/1.1" 200 30877
114.89.80.44 - - [06/Aug/2020:10:00:32 +0800] "GET /xingrg/dwr/interface/AjaxComOrderService.js HTTP/1.1" 200 18264
114.89.80.44 - - [06/Aug/2020:10:00:32 +0800] "GET /xingrg/dwr/interface/AjaxYddbService.js HTTP/1.1" 200 13201
114.88.161.57 - - [06/Aug/2020:10:00:32 +0800] "GET /xingrg/all/function/internal_message.html?_=1596679228762&CODE_STATE=getMsg HTTP/1.1" 200 27
114.89.80.44 - - [06/Aug/2020:10:00:32 +0800] "GET /xingrg/dwr/engine.js HTTP/1.1" 200 43631
114.89.80.44 - - [06/Aug/2020:10:00:32 +0800] "POST /xingrg/dwr/call/plaincall/AjaxYddbService.loadMaterielItems.dwr HTTP/1.1" 200 745
180.175.214.200 - - [06/Aug/2020:10:00:40 +0800] "GET /xingrg/all/function/internal_message.html?_=1596679443618&CODE_STATE=getMsg HTTP/1.1" 200 27
114.84.32.201 - - [06/Aug/2020:10:00:41 +0800] "GET /xingrg/all/function/internal_message.html?_=1596679231643&CODE_STATE=getMsg HTTP/1.1" 200 27
61.172.5.115 - - [06/Aug/2020:10:00:42 +0800] "GET /xingrg/all/function/internal_message.html?_=1596679238915&CODE_STATE=getMsg HTTP/1.1" 200 27
117.184.7.26 - - [06/Aug/2020:10:00:45 +0800] "GET /xingrg/all/function/internal_message.html?_=1596679235046&CODE_STATE=getMsg HTTP/1.1" 200 27
172.17.0.100 - - [06/Aug/2020:10:00:45 +0800] "GET /xingrg/all/function/internal_message.html?_=1596679242598&CODE_STATE=getMsg HTTP/1.1" 200 27
222.69.133.128 - - [06/Aug/2020:10:00:48 +0800] "GET /xingrg/all/function/internal_message.html?_=1596679241646&CODE_STATE=getMsg HTTP/1.1" 200 27
116.232.53.2 - - [06/Aug/2020:10:00:49 +0800] "GET /xingrg/all/function/internal_message.html?_=1596679373484&CODE_STATE=getMsg HTTP/1.1" 200 27
114.88.156.201 - - [06/Aug/2020:10:00:50 +0800] "GET /xingrg/all/function/internal_message.html?_=1596679244598&CODE_STATE=getMsg HTTP/1.1" 200 27
61.172.5.115 - - [06/Aug/2020:10:00:58 +0800] "GET /xingrg/all/function/internal_message.html?_=1596679249441&CODE_STATE=getMsg HTTP/1.1" 200 27
114.89.80.44 - - [06/Aug/2020:10:01:04 +0800] "GET /xingrg/check_reg.html?_=1596679260255 HTTP/1.1" 200 22
114.89.80.44 - - [06/Aug/2020:10:01:04 +0800] "GET /xingrg/all/function/internal_message.html?_=1596679260259&CODE_STATE=getMsg HTTP/1.1" 200 27
172.17.0.185 - - [06/Aug/2020:10:01:05 +0800] "GET /xingrg/all/function/internal_message.html?_=1596679262530&CODE_STATE=getMsg HTTP/1.1" 200 27
117.184.7.26 - - [06/Aug/2020:10:01:10 +0800] "GET /xingrg/check_reg.html?_=1596679260420 HTTP/1.1" 200 22
117.184.7.26 - - [06/Aug/2020:10:01:10 +0800] "GET /xingrg/all/function/internal_message.html?_=1596679260560&CODE_STATE=getMsg HTTP/1.1" 200 27
116.230.74.197 - - [06/Aug/2020:10:01:14 +0800] "GET /xingrg/all/function/internal_message.html?_=1596679265010&CODE_STATE=getMsg HTTP/1.1" 200 27
114.89.80.44 - - [06/Aug/2020:10:01:17 +0800] "GET /xingrg/all/function/internal_message.html?_=1596679408275&CODE_STATE=getMsg HTTP/1.1" 200 27
116.230.74.197 - - [06/Aug/2020:10:01:27 +0800] "GET /xingrg/kc/buy/cgsh_order_add.html HTTP/1.1" 200 59426
116.230.74.197 - - [06/Aug/2020:10:01:27 +0800] "GET /xingrg/javascript/easyui/themes/default/validatebox.css HTTP/1.1" 404 1104
116.230.74.197 - - [06/Aug/2020:10:01:27 +0800] "POST /xingrg/kc/buy/cgsh_order_operate.html HTTP/1.1" 200 8245
116.230.74.197 - - [06/Aug/2020:10:01:29 +0800] "GET /xingrg/javascript/easyui/themes/default/tree.css HTTP/1.1" 404 1090
117.185.32.26 - - [06/Aug/2020:10:01:29 +0800] "GET /xingrg/check_reg.html?_=1596679284321 HTTP/1.1" 200 22
117.185.32.26 - - [06/Aug/2020:10:01:29 +0800] "GET /xingrg/all/function/internal_message.html?_=1596679284323&CODE_STATE=getMsg HTTP/1.1" 200 27
116.230.74.197 - - [06/Aug/2020:10:01:29 +0800] "POST /xingrg/all/common/load_tree.html?tree=supplier_tree_json&isDelete=1 HTTP/1.1" 200 49675
114.88.161.57 - - [06/Aug/2020:10:01:29 +0800] "GET /xingrg/all/function/internal_message.html?_=1596679322014&CODE_STATE=getMsg HTTP/1.1" 200 27
180.175.214.200 - - [06/Aug/2020:10:01:32 +0800] "GET /xingrg/all/function/internal_message.html?_=1596679289562&CODE_STATE=getMsg HTTP/1.1" 200 27
114.88.161.57 - - [06/Aug/2020:10:01:32 +0800] "GET /xingrg/all/function/internal_message.html?_=1596679288803&CODE_STATE=getMsg HTTP/1.1" 200 27
180.175.214.200 - - [06/Aug/2020:10:01:40 +0800] "GET /xingrg/all/function/internal_message.html?_=1596679503625&CODE_STATE=getMsg HTTP/1.1" 200 27
114.84.32.201 - - [06/Aug/2020:10:01:41 +0800] "GET /xingrg/all/function/internal_message.html?_=1596679291645&CODE_STATE=getMsg HTTP/1.1" 200 27
61.172.5.115 - - [06/Aug/2020:10:01:42 +0800] "GET /xingrg/all/function/internal_message.html?_=1596679298915&CODE_STATE=getMsg HTTP/1.1" 200 27
117.184.7.26 - - [06/Aug/2020:10:01:45 +0800] "GET /xingrg/all/function/internal_message.html?_=1596679295046&CODE_STATE=getMsg HTTP/1.1" 200 27
117.184.7.30 - - [06/Aug/2020:10:01:45 +0800] "GET /xingrg/check_reg.html?_=1596679295048 HTTP/1.1" 200 22
172.17.0.100 - - [06/Aug/2020:10:01:45 +0800] "GET /xingrg/all/function/internal_message.html?_=1596679302612&CODE_STATE=getMsg HTTP/1.1" 200 27
172.17.0.100 - - [06/Aug/2020:10:01:45 +0800] "GET /xingrg/check_reg.html?_=1596679302613 HTTP/1.1" 200 22
114.88.161.57 - - [06/Aug/2020:10:01:47 +0800] "GET /xingrg/check_reg.html?_=1596679304179 HTTP/1.1" 200 22
222.69.133.128 - - [06/Aug/2020:10:01:48 +0800] "GET /xingrg/all/function/internal_message.html?_=1596679301652&CODE_STATE=getMsg HTTP/1.1" 200 27
101.85.54.197 - - [06/Aug/2020:10:01:48 +0800] "GET /xingrg/check_reg.html?_=1596678621497 HTTP/1.1" 302 -
222.69.133.128 - - [06/Aug/2020:10:01:48 +0800] "GET /xingrg/check_reg.html?_=1596679301717 HTTP/1.1" 200 22
116.232.53.2 - - [06/Aug/2020:10:01:49 +0800] "GET /xingrg/check_reg.html?_=1596679433437 HTTP/1.1" 200 22
116.232.53.2 - - [06/Aug/2020:10:01:49 +0800] "GET /xingrg/all/function/internal_message.html?_=1596679433484&CODE_STATE=getMsg HTTP/1.1" 200 27
114.88.156.201 - - [06/Aug/2020:10:01:50 +0800] "GET /xingrg/all/function/internal_message.html?_=1596679304596&CODE_STATE=getMsg HTTP/1.1" 200 27
114.88.156.201 - - [06/Aug/2020:10:01:50 +0800] "GET /xingrg/check_reg.html?_=1596679304622 HTTP/1.1" 200 22
61.172.5.115 - - [06/Aug/2020:10:01:58 +0800] "GET /xingrg/all/function/internal_message.html?_=1596679309441&CODE_STATE=getMsg HTTP/1.1" 200 27
101.89.29.78 - - [06/Aug/2020:10:01:59 +0800] "GET /xingrg/all/function/internal_message.html?_=1596678584576&CODE_STATE=getMsg HTTP/1.1" 302 -
120.204.17.70 - - [06/Aug/2020:10:02:00 +0800] "GET /xingrg/all/function/internal_message.html?_=1596678624334&CODE_STATE=getMsg HTTP/1.1" 302 -
120.204.17.70 - - [06/Aug/2020:10:02:04 +0800] "GET /xingrg/login.html HTTP/1.1" 200 7641
114.89.80.44 - - [06/Aug/2020:10:02:04 +0800] "GET /xingrg/all/function/internal_message.html?_=1596679320260&CODE_STATE=getMsg HTTP/1.1" 200 27
172.17.0.185 - - [06/Aug/2020:10:02:05 +0800] "GET /xingrg/check_reg.html?_=1596679322532 HTTP/1.1" 200 22
172.17.0.185 - - [06/Aug/2020:10:02:05 +0800] "GET /xingrg/all/function/internal_message.html?_=1596679322532&CODE_STATE=getMsg HTTP/1.1" 200 27
101.89.29.78 - - [06/Aug/2020:10:02:06 +0800] "GET /xingrg/login.html HTTP/1.1" 200 7641
117.184.7.26 - - [06/Aug/2020:10:02:10 +0800] "GET /xingrg/all/function/internal_message.html?_=1596679320574&CODE_STATE=getMsg HTTP/1.1" 200 27
116.230.74.197 - - [06/Aug/2020:10:02:13 +0800] "GET /xingrg/all/function/internal_message.html?_=1596679324982&CODE_STATE=getMsg HTTP/1.1" 200 27
116.230.74.197 - - [06/Aug/2020:10:02:16 +0800] "GET /xingrg/kc/buy/cgsh_order_operate.html?command=get_materiel&rest_code=00107&code=00101007032&supplier_code=00100328&order_time=2020-08-06 HTTP/1.1" 200 413
114.89.80.44 - - [06/Aug/2020:10:02:17 +0800] "GET /xingrg/check_reg.html?_=1596679468027 HTTP/1.1" 200 22
114.89.80.44 - - [06/Aug/2020:10:02:17 +0800] "GET /xingrg/all/function/internal_message.html?_=1596679468326&CODE_STATE=getMsg HTTP/1.1" 200 27
117.185.32.26 - - [06/Aug/2020:10:02:29 +0800] "GET /xingrg/all/function/internal_message.html?_=1596679344322&CODE_STATE=getMsg HTTP/1.1" 200 27
114.88.161.57 - - [06/Aug/2020:10:02:29 +0800] "GET /xingrg/all/function/internal_message.html?_=1596679382014&CODE_STATE=getMsg HTTP/1.1" 200 27
114.88.161.57 - - [06/Aug/2020:10:02:29 +0800] "GET /xingrg/check_reg.html?_=1596679382017 HTTP/1.1" 200 22
180.175.214.200 - - [06/Aug/2020:10:02:32 +0800] "GET /xingrg/all/function/internal_message.html?_=1596679349580&CODE_STATE=getMsg HTTP/1.1" 200 27
114.88.161.57 - - [06/Aug/2020:10:02:32 +0800] "GET /xingrg/all/function/internal_message.html?_=1596679348820&CODE_STATE=getMsg HTTP/1.1" 200 27
180.175.214.200 - - [06/Aug/2020:10:02:38 +0800] "GET /xingrg/check_reg.html?_=1596679561849 HTTP/1.1" 200 22
180.175.214.200 - - [06/Aug/2020:10:02:40 +0800] "GET /xingrg/all/function/internal_message.html?_=1596679563638&CODE_STATE=getMsg HTTP/1.1" 200 27
114.84.32.201 - - [06/Aug/2020:10:02:41 +0800] "GET /xingrg/all/function/internal_message.html?_=1596679351644&CODE_STATE=getMsg HTTP/1.1" 200 27
61.172.5.115 - - [06/Aug/2020:10:02:42 +0800] "GET /xingrg/all/function/internal_message.html?_=1596679358913&CODE_STATE=getMsg HTTP/1.1" 200 27
117.184.7.30 - - [06/Aug/2020:10:02:45 +0800] "GET /xingrg/all/function/internal_message.html?_=1596679355048&CODE_STATE=getMsg HTTP/1.1" 200 27
172.17.0.100 - - [06/Aug/2020:10:02:45 +0800] "GET /xingrg/all/function/internal_message.html?_=1596679362640&CODE_STATE=getMsg HTTP/1.1" 200 27
222.69.133.128 - - [06/Aug/2020:10:02:48 +0800] "GET /xingrg/all/function/internal_message.html?_=1596679361657&CODE_STATE=getMsg HTTP/1.1" 200 27
116.232.53.2 - - [06/Aug/2020:10:02:49 +0800] "GET /xingrg/all/function/internal_message.html?_=1596679493484&CODE_STATE=getMsg HTTP/1.1" 200 27
114.88.156.201 - - [06/Aug/2020:10:02:50 +0800] "GET /xingrg/all/function/internal_message.html?_=1596679364622&CODE_STATE=getMsg HTTP/1.1" 200 27
116.230.74.197 - - [06/Aug/2020:10:02:52 +0800] "POST /xingrg/kc/buy/cgsh_order_operate.html HTTP/1.1" 200 37
116.230.74.197 - - [06/Aug/2020:10:02:54 +0800] "POST /xingrg/kc/buy/cgsh_order_operate.html HTTP/1.1" 200 2657
116.230.74.197 - - [06/Aug/2020:10:02:55 +0800] "GET /xingrg/kc/print/load_data.html?order_code=212020080602144&kc_code=cgsh&condition= HTTP/1.1" 200 670
61.172.5.115 - - [06/Aug/2020:10:02:58 +0800] "GET /xingrg/all/function/internal_message.html?_=1596679369467&CODE_STATE=getMsg HTTP/1.1" 200 27
116.230.74.197 - - [06/Aug/2020:10:02:59 +0800] "GET /xingrg/kc/buy/cgsh_order_add.html HTTP/1.1" 200 59426
116.230.74.197 - - [06/Aug/2020:10:03:00 +0800] "POST /xingrg/kc/buy/cgsh_order_operate.html HTTP/1.1" 200 8245
116.230.74.197 - - [06/Aug/2020:10:03:00 +0800] "GET /xingrg/javascript/easyui/themes/default/validatebox.css HTTP/1.1" 404 1104
116.230.74.197 - - [06/Aug/2020:10:03:04 +0800] "GET /xingrg/javascript/easyui/themes/default/tree.css HTTP/1.1" 404 1090
116.230.74.197 - - [06/Aug/2020:10:03:04 +0800] "POST /xingrg/all/common/load_tree.html?tree=supplier_tree_json&isDelete=1 HTTP/1.1" 200 49675
114.89.80.44 - - [06/Aug/2020:10:03:04 +0800] "GET /xingrg/all/function/internal_message.html?_=1596679380266&CODE_STATE=getMsg HTTP/1.1" 200 27
172.17.0.185 - - [06/Aug/2020:10:03:05 +0800] "GET /xingrg/all/function/internal_message.html?_=1596679382519&CODE_STATE=getMsg HTTP/1.1" 200 27
117.184.7.26 - - [06/Aug/2020:10:03:10 +0800] "GET /xingrg/all/function/internal_message.html?_=1596679380735&CODE_STATE=getMsg HTTP/1.1" 200 27
116.230.74.197 - - [06/Aug/2020:10:03:13 +0800] "GET /xingrg/check_reg.html?_=1596679384425 HTTP/1.1" 200 22
116.230.74.197 - - [06/Aug/2020:10:03:13 +0800] "GET /xingrg/all/function/internal_message.html?_=1596679384956&CODE_STATE=getMsg HTTP/1.1" 200 27
114.89.80.44 - - [06/Aug/2020:10:03:17 +0800] "GET /xingrg/all/function/internal_message.html?_=1596679528332&CODE_STATE=getMsg HTTP/1.1" 200 27
120.204.17.73 - - [06/Aug/2020:10:03:24 +0800] "GET /xingrg/check_reg.html?_=1596678684319 HTTP/1.1" 302 -
117.185.32.26 - - [06/Aug/2020:10:03:29 +0800] "GET /xingrg/all/function/internal_message.html?_=1596679404321&CODE_STATE=getMsg HTTP/1.1" 200 27
114.88.161.57 - - [06/Aug/2020:10:03:29 +0800] "GET /xingrg/all/function/internal_message.html?_=1596679442016&CODE_STATE=getMsg HTTP/1.1" 200 27
180.175.214.200 - - [06/Aug/2020:10:03:32 +0800] "GET /xingrg/all/function/internal_message.html?_=1596679409595&CODE_STATE=getMsg HTTP/1.1" 200 27
120.204.17.73 - - [06/Aug/2020:10:03:32 +0800] "GET /xingrg/login.html HTTP/1.1" 200 7641
114.88.161.57 - - [06/Aug/2020:10:03:32 +0800] "GET /xingrg/all/function/internal_message.html?_=1596679408834&CODE_STATE=getMsg HTTP/1.1" 200 27
180.175.214.200 - - [06/Aug/2020:10:03:40 +0800] "GET /xingrg/all/function/internal_message.html?_=1596679623653&CODE_STATE=getMsg HTTP/1.1" 200 27
114.84.32.201 - - [06/Aug/2020:10:03:41 +0800] "GET /xingrg/all/function/internal_message.html?_=1596679411645&CODE_STATE=getMsg HTTP/1.1" 200 27
61.172.5.115 - - [06/Aug/2020:10:03:42 +0800] "GET /xingrg/all/function/internal_message.html?_=1596679418914&CODE_STATE=getMsg HTTP/1.1" 200 27
117.184.7.30 - - [06/Aug/2020:10:03:45 +0800] "GET /xingrg/all/function/internal_message.html?_=1596679415048&CODE_STATE=getMsg HTTP/1.1" 200 27
172.17.0.100 - - [06/Aug/2020:10:03:45 +0800] "GET /xingrg/all/function/internal_message.html?_=1596679422638&CODE_STATE=getMsg HTTP/1.1" 200 27
222.69.133.128 - - [06/Aug/2020:10:03:48 +0800] "GET /xingrg/all/function/internal_message.html?_=1596679421662&CODE_STATE=getMsg HTTP/1.1" 200 27
116.232.53.2 - - [06/Aug/2020:10:03:49 +0800] "GET /xingrg/all/function/internal_message.html?_=1596679553484&CODE_STATE=getMsg HTTP/1.1" 200 27
114.88.156.201 - - [06/Aug/2020:10:03:50 +0800] "GET /xingrg/all/function/internal_message.html?_=1596679424620&CODE_STATE=getMsg HTTP/1.1" 200 27
183.192.164.85 - - [06/Aug/2020:10:03:52 +0800] "GET /xingrg/all/function/internal_message.html?_=1596678744317&CODE_STATE=getMsg HTTP/1.1" 302 -
117.184.7.26 - - [06/Aug/2020:10:03:57 +0800] "POST /xingrg/kc/buy/cgsh_order_operate.html HTTP/1.1" 200 37
183.192.164.85 - - [06/Aug/2020:10:03:57 +0800] "GET /xingrg/login.html HTTP/1.1" 200 7641
117.184.7.26 - - [06/Aug/2020:10:03:58 +0800] "POST /xingrg/kc/buy/cgsh_order_operate.html HTTP/1.1" 200 32189
61.172.5.115 - - [06/Aug/2020:10:03:58 +0800] "GET /xingrg/all/function/internal_message.html?_=1596679429467&CODE_STATE=getMsg HTTP/1.1" 200 27
116.230.74.197 - - [06/Aug/2020:10:03:59 +0800] "GET /xingrg/kc/buy/cgsh_order_operate.html?command=get_materiel&rest_code=00107&code=00101001140&supplier_code=00100090&order_time=2020-08-06 HTTP/1.1" 200 414
114.89.80.44 - - [06/Aug/2020:10:04:04 +0800] "GET /xingrg/all/function/internal_message.html?_=1596679440271&CODE_STATE=getMsg HTTP/1.1" 200 27
172.17.0.185 - - [06/Aug/2020:10:04:05 +0800] "GET /xingrg/all/function/internal_message.html?_=1596679442521&CODE_STATE=getMsg HTTP/1.1" 200 27
117.184.7.26 - - [06/Aug/2020:10:04:10 +0800] "GET /xingrg/all/function/internal_message.html?_=1596679440742&CODE_STATE=getMsg HTTP/1.1" 200 27
116.230.74.197 - - [06/Aug/2020:10:04:13 +0800] "GET /xingrg/all/function/internal_message.html?_=1596679444939&CODE_STATE=getMsg HTTP/1.1" 200 27
114.89.80.44 - - [06/Aug/2020:10:04:17 +0800] "GET /xingrg/all/function/internal_message.html?_=1596679588346&CODE_STATE=getMsg HTTP/1.1" 200 27
116.230.74.197 - - [06/Aug/2020:10:04:20 +0800] "GET /xingrg/kc/buy/cgsh_order_operate.html?command=get_materiel&rest_code=00107&code=00101001093&supplier_code=00100090&order_time=2020-08-06 HTTP/1.1" 200 411
117.185.32.26 - - [06/Aug/2020:10:04:29 +0800] "GET /xingrg/all/function/internal_message.html?_=1596679464322&CODE_STATE=getMsg HTTP/1.1" 200 27
114.88.161.57 - - [06/Aug/2020:10:04:29 +0800] "GET /xingrg/all/function/internal_message.html?_=1596679502016&CODE_STATE=getMsg HTTP/1.1" 200 27
180.175.214.200 - - [06/Aug/2020:10:04:32 +0800] "GET /xingrg/all/function/internal_message.html?_=1596679469603&CODE_STATE=getMsg HTTP/1.1" 200 27
114.88.161.57 - - [06/Aug/2020:10:04:32 +0800] "GET /xingrg/all/function/internal_message.html?_=1596679468874&CODE_STATE=getMsg HTTP/1.1" 200 27
180.175.214.200 - - [06/Aug/2020:10:04:40 +0800] "GET /xingrg/all/function/internal_message.html?_=1596679683665&CODE_STATE=getMsg HTTP/1.1" 200 27
114.84.32.201 - - [06/Aug/2020:10:04:41 +0800] "GET /xingrg/all/function/internal_message.html?_=1596679471645&CODE_STATE=getMsg HTTP/1.1" 200 27
114.84.32.201 - - [06/Aug/2020:10:04:41 +0800] "GET /xingrg/check_reg.html?_=1596679471646 HTTP/1.1" 200 22
61.172.5.115 - - [06/Aug/2020:10:04:42 +0800] "GET /xingrg/all/function/internal_message.html?_=1596679478919&CODE_STATE=getMsg HTTP/1.1" 200 27
61.172.5.115 - - [06/Aug/2020:10:04:42 +0800] "GET /xingrg/check_reg.html?_=1596679478922 HTTP/1.1" 200 22
117.184.7.30 - - [06/Aug/2020:10:04:45 +0800] "GET /xingrg/all/function/internal_message.html?_=1596679475056&CODE_STATE=getMsg HTTP/1.1" 200 27
172.17.0.100 - - [06/Aug/2020:10:04:45 +0800] "GET /xingrg/all/function/internal_message.html?_=1596679482636&CODE_STATE=getMsg HTTP/1.1" 200 27
116.230.74.197 - - [06/Aug/2020:10:04:48 +0800] "POST /xingrg/kc/buy/cgsh_order_operate.html HTTP/1.1" 200 37
222.69.133.128 - - [06/Aug/2020:10:04:48 +0800] "GET /xingrg/all/function/internal_message.html?_=1596679481652&CODE_STATE=getMsg HTTP/1.1" 200 27
116.232.53.2 - - [06/Aug/2020:10:04:49 +0800] "GET /xingrg/all/function/internal_message.html?_=1596679613484&CODE_STATE=getMsg HTTP/1.1" 200 27
116.230.74.197 - - [06/Aug/2020:10:04:50 +0800] "POST /xingrg/kc/buy/cgsh_order_operate.html HTTP/1.1" 200 3257
222.70.173.120 - - [06/Aug/2020:10:04:50 +0800] "GET /xingrg/check_reg.html?_=1596679531629 HTTP/1.1" 200 22
114.88.156.201 - - [06/Aug/2020:10:04:50 +0800] "GET /xingrg/all/function/internal_message.html?_=1596679484620&CODE_STATE=getMsg HTTP/1.1" 200 27
116.230.74.197 - - [06/Aug/2020:10:04:52 +0800] "GET /xingrg/kc/print/load_data.html?order_code=212020080602145&kc_code=cgsh&condition= HTTP/1.1" 200 968
61.172.5.115 - - [06/Aug/2020:10:04:58 +0800] "GET /xingrg/all/function/internal_message.html?_=1596679489467&CODE_STATE=getMsg HTTP/1.1" 200 27
