222.69.133.128 - - [06/Aug/2020:09:06:20 +0800] "GET /xingrg/kc/buy/cgsh_order_operate.html?command=get_materiel&rest_code=00149&code=00101009109&supplier_code=00100201&order_time=2020-08-05 HTTP/1.1" 200 399
61.172.5.115 - - [06/Aug/2020:09:06:21 +0800] "GET /xingrg/kc/buy/cgsh_order_operate.html?command=get_materiel&rest_code=00105&code=00101008005&supplier_code=00100203&order_time=2020-08-06 HTTP/1.1" 200 412
61.172.5.115 - - [06/Aug/2020:09:06:23 +0800] "GET /xingrg/kc/base/base_main.html HTTP/1.1" 200 12142
61.172.5.115 - - [06/Aug/2020:09:06:23 +0800] "GET /xingrg/images/blue/button/wlsy.gif HTTP/1.1" 304 -
61.172.5.115 - - [06/Aug/2020:09:06:23 +0800] "GET /xingrg/images/blue/button/ckdb.gif HTTP/1.1" 304 -
61.172.5.115 - - [06/Aug/2020:09:06:23 +0800] "GET /xingrg/images/blue/button/ckpd.gif HTTP/1.1" 304 -
61.172.5.115 - - [06/Aug/2020:09:06:23 +0800] "GET /xingrg/images/blue/button/yddb.gif HTTP/1.1" 304 -
61.172.5.115 - - [06/Aug/2020:09:06:23 +0800] "GET /xingrg/images/blue/button/bottom_right.jpg HTTP/1.1" 304 -
61.172.5.115 - - [06/Aug/2020:09:06:23 +0800] "GET /xingrg/images/blue/button/top_right.jpg HTTP/1.1" 304 -
61.172.5.115 - - [06/Aug/2020:09:06:23 +0800] "GET /xingrg/images/blue/button/down.jpg HTTP/1.1" 304 -
61.172.5.115 - - [06/Aug/2020:09:06:23 +0800] "GET /xingrg/images/blue/button/bottom_left.jpg HTTP/1.1" 304 -
61.172.5.115 - - [06/Aug/2020:09:06:23 +0800] "GET /xingrg/images/blue/button/top_left.jpg HTTP/1.1" 304 -
61.172.5.115 - - [06/Aug/2020:09:06:23 +0800] "GET /xingrg/images/blue/button/left_ah.jpg HTTP/1.1" 304 -
61.172.5.115 - - [06/Aug/2020:09:06:25 +0800] "GET /xingrg/kc/base/wldb_order_list.html HTTP/1.1" 200 19255
61.172.5.115 - - [06/Aug/2020:09:06:25 +0800] "POST /xingrg/kc/base/wldb_list_operate.html HTTP/1.1" 200 928
117.185.32.26 - - [06/Aug/2020:09:06:29 +0800] "GET /xingrg/all/function/internal_message.html?_=1596675984289&CODE_STATE=getMsg HTTP/1.1" 200 27
117.185.32.26 - - [06/Aug/2020:09:06:29 +0800] "GET /xingrg/check_reg.html?_=1596675984288 HTTP/1.1" 200 22
120.253.135.82 - - [06/Aug/2020:09:06:30 +0800] "POST /xingrg/kc/pszx/mdps_order_operate.html HTTP/1.1" 200 37
61.172.5.115 - - [06/Aug/2020:09:06:30 +0800] "GET /xingrg/kc/buy/cgsh_order_operate.html?command=get_materiel&rest_code=00105&code=00101008271&supplier_code=00100203&order_time=2020-08-06 HTTP/1.1" 200 408
120.253.135.82 - - [06/Aug/2020:09:06:31 +0800] "GET /xingrg/kc/pszx/mdps_order_info.html?code=312020080600153 HTTP/1.1" 200 23843
114.88.161.57 - - [06/Aug/2020:09:06:31 +0800] "GET /xingrg/all/function/internal_message.html?_=1596675987683&CODE_STATE=getMsg HTTP/1.1" 200 27
120.253.135.82 - - [06/Aug/2020:09:06:31 +0800] "GET /xingrg/javascript/easyui/themes/default/validatebox.css HTTP/1.1" 404 1104
120.253.135.82 - - [06/Aug/2020:09:06:31 +0800] "POST /xingrg/kc/pszx/mdps_order_operate.html HTTP/1.1" 200 6359
222.69.133.128 - - [06/Aug/2020:09:06:32 +0800] "GET /xingrg/kc/buy/cgsh_order_operate.html?command=get_materiel&rest_code=00149&code=00101009011&supplier_code=00100201&order_time=2020-08-05 HTTP/1.1" 200 416
120.253.135.82 - - [06/Aug/2020:09:06:32 +0800] "POST /xingrg/kc/pszx/mdps_list_operate.html HTTP/1.1" 200 3854
116.230.74.197 - - [06/Aug/2020:09:06:33 +0800] "GET /xingrg/kc/buy/cgsh_order_operate.html?command=get_materiel&rest_code=00107&code=00101008117&supplier_code=00100006&order_time=2020-08-06 HTTP/1.1" 200 412
120.253.135.82 - - [06/Aug/2020:09:06:35 +0800] "POST /xingrg/kc/pszx/mdps_list_operate.html HTTP/1.1" 200 608
120.253.135.82 - - [06/Aug/2020:09:06:35 +0800] "GET /xingrg/kc/pszx/mdps_order_info.html?code=312020080600152 HTTP/1.1" 200 23843
120.253.135.82 - - [06/Aug/2020:09:06:35 +0800] "GET /xingrg/javascript/easyui/themes/default/validatebox.css HTTP/1.1" 404 1104
120.253.135.82 - - [06/Aug/2020:09:06:36 +0800] "POST /xingrg/kc/pszx/mdps_order_operate.html HTTP/1.1" 200 5809
114.89.80.44 - - [06/Aug/2020:09:06:39 +0800] "GET /xingrg/kc/buy/cgsh_order_operate.html?command=get_materiel&rest_code=00150&code=00101008229&supplier_code=00100007&order_time=2020-08-06 HTTP/1.1" 200 420
61.172.5.115 - - [06/Aug/2020:09:06:40 +0800] "GET /xingrg/kc/buy/cgsh_order_operate.html?command=get_materiel&rest_code=00105&code=00101008213&supplier_code=00100203&order_time=2020-08-06 HTTP/1.1" 200 412
114.84.32.201 - - [06/Aug/2020:09:06:41 +0800] "GET /xingrg/all/function/internal_message.html?_=1596675991577&CODE_STATE=getMsg HTTP/1.1" 200 27
61.172.5.115 - - [06/Aug/2020:09:06:42 +0800] "GET /xingrg/all/function/internal_message.html?_=1596675998892&CODE_STATE=getMsg HTTP/1.1" 200 27
114.89.80.44 - - [06/Aug/2020:09:06:42 +0800] "GET /xingrg/all/function/internal_message.html?_=1596676133321&CODE_STATE=getMsg HTTP/1.1" 200 27
114.89.80.44 - - [06/Aug/2020:09:06:44 +0800] "GET /xingrg/kc/buy/cgsh_order_operate.html?command=get_materiel&rest_code=00150&code=00101008010&supplier_code=00100007&order_time=2020-08-06 HTTP/1.1" 200 412
172.17.200.101 - - [06/Aug/2020:09:06:45 +0800] "GET /xingrg/check_reg.html?_=1596676005238 HTTP/1.1" 200 22
172.17.200.101 - - [06/Aug/2020:09:06:45 +0800] "GET /xingrg/all/function/internal_message.html?_=1596676005241&CODE_STATE=getMsg HTTP/1.1" 200 27
172.17.0.100 - - [06/Aug/2020:09:06:45 +0800] "GET /xingrg/check_reg.html?_=1596676002340 HTTP/1.1" 200 22
172.17.0.100 - - [06/Aug/2020:09:06:45 +0800] "GET /xingrg/all/function/internal_message.html?_=1596676002339&CODE_STATE=getMsg HTTP/1.1" 200 27
114.88.161.57 - - [06/Aug/2020:09:06:46 +0800] "GET /xingrg/all/function/internal_message.html?_=1596676038773&CODE_STATE=getMsg HTTP/1.1" 200 27
222.69.133.128 - - [06/Aug/2020:09:06:46 +0800] "GET /xingrg/kc/buy/cgsh_order_operate.html?command=get_materiel&rest_code=00149&code=00101009019&supplier_code=00100201&order_time=2020-08-05 HTTP/1.1" 200 412
114.88.161.57 - - [06/Aug/2020:09:06:46 +0800] "GET /xingrg/check_reg.html?_=1596676039277 HTTP/1.1" 200 22
120.253.135.82 - - [06/Aug/2020:09:06:47 +0800] "POST /xingrg/kc/pszx/mdps_order_operate.html HTTP/1.1" 200 37
120.253.135.82 - - [06/Aug/2020:09:06:47 +0800] "GET /xingrg/kc/pszx/mdps_order_info.html?code=312020080600152 HTTP/1.1" 200 23843
114.88.161.57 - - [06/Aug/2020:09:06:47 +0800] "GET /xingrg/check_reg.html?_=1596676004114 HTTP/1.1" 200 22
116.230.74.197 - - [06/Aug/2020:09:06:47 +0800] "GET /xingrg/kc/buy/cgsh_order_operate.html?command=get_materiel&rest_code=00107&code=00101008118&supplier_code=00100006&order_time=2020-08-06 HTTP/1.1" 200 418
120.253.135.82 - - [06/Aug/2020:09:06:48 +0800] "GET /xingrg/javascript/easyui/themes/default/validatebox.css HTTP/1.1" 404 1104
120.253.135.82 - - [06/Aug/2020:09:06:48 +0800] "POST /xingrg/kc/pszx/mdps_order_operate.html HTTP/1.1" 200 4798
222.69.133.128 - - [06/Aug/2020:09:06:48 +0800] "GET /xingrg/check_reg.html?_=1596676001577 HTTP/1.1" 200 22
222.69.133.128 - - [06/Aug/2020:09:06:48 +0800] "GET /xingrg/all/function/internal_message.html?_=1596676001752&CODE_STATE=getMsg HTTP/1.1" 200 27
61.172.5.115 - - [06/Aug/2020:09:06:49 +0800] "GET /xingrg/kc/buy/cgsh_order_operate.html?command=get_materiel&rest_code=00105&code=00101008298&supplier_code=00100203&order_time=2020-08-06 HTTP/1.1" 200 412
120.253.135.82 - - [06/Aug/2020:09:06:50 +0800] "POST /xingrg/kc/pszx/mdps_list_operate.html HTTP/1.1" 200 3854
114.88.156.201 - - [06/Aug/2020:09:06:50 +0800] "GET /xingrg/check_reg.html?_=1596676004471 HTTP/1.1" 200 22
114.88.156.201 - - [06/Aug/2020:09:06:50 +0800] "GET /xingrg/all/function/internal_message.html?_=1596676004470&CODE_STATE=getMsg HTTP/1.1" 200 27
116.230.74.197 - - [06/Aug/2020:09:06:51 +0800] "POST /xingrg/kc/buy/cgsh_order_operate.html HTTP/1.1" 200 2065
114.89.80.44 - - [06/Aug/2020:09:06:54 +0800] "GET /xingrg/kc/buy/cgsh_order_operate.html?command=get_materiel&rest_code=00150&code=00101008101&supplier_code=00100007&order_time=2020-08-06 HTTP/1.1" 200 412
120.253.135.82 - - [06/Aug/2020:09:06:55 +0800] "GET /xingrg/all/function/internal_message.html?_=1596675766153&CODE_STATE=getMsg HTTP/1.1" 200 27
120.253.135.82 - - [06/Aug/2020:09:06:56 +0800] "POST /xingrg/kc/pszx/mdps_list_operate.html HTTP/1.1" 200 615
120.253.135.82 - - [06/Aug/2020:09:06:57 +0800] "GET /xingrg/kc/pszx/mdps_order_info.html?code=312020080600152 HTTP/1.1" 200 23843
120.253.135.82 - - [06/Aug/2020:09:06:57 +0800] "GET /xingrg/javascript/easyui/themes/default/validatebox.css HTTP/1.1" 404 1104
120.253.135.82 - - [06/Aug/2020:09:06:57 +0800] "POST /xingrg/kc/pszx/mdps_order_operate.html HTTP/1.1" 200 4798
114.89.80.44 - - [06/Aug/2020:09:06:57 +0800] "GET /xingrg/all/function/internal_message.html?_=1596676013418&CODE_STATE=getMsg HTTP/1.1" 200 27
61.172.5.115 - - [06/Aug/2020:09:06:58 +0800] "GET /xingrg/all/function/internal_message.html?_=1596676009394&CODE_STATE=getMsg HTTP/1.1" 200 27
120.204.17.70 - - [06/Aug/2020:09:07:00 +0800] "GET /xingrg/all/function/internal_message.html?_=1596675279717&CODE_STATE=getMsg HTTP/1.1" 302 -
114.89.80.44 - - [06/Aug/2020:09:07:00 +0800] "POST /xingrg/kc/buy/cgsh_order_operate.html HTTP/1.1" 200 2065
120.253.135.82 - - [06/Aug/2020:09:07:00 +0800] "POST /xingrg/kc/pszx/mdps_list_operate.html HTTP/1.1" 200 3854
116.230.74.197 - - [06/Aug/2020:09:07:00 +0800] "GET /xingrg/kc/buy/cgsh_order_operate.html?command=get_materiel&rest_code=00107&code=00101008344&supplier_code=00100006&order_time=2020-08-06 HTTP/1.1" 200 412
61.172.5.115 - - [06/Aug/2020:09:07:01 +0800] "GET /xingrg/kc/buy/cgsh_order_operate.html?command=get_materiel&rest_code=00105&code=00101008105&supplier_code=00100203&order_time=2020-08-06 HTTP/1.1" 200 412
120.253.135.82 - - [06/Aug/2020:09:07:01 +0800] "POST /xingrg/kc/pszx/mdps_list_operate.html HTTP/1.1" 200 615
120.253.135.82 - - [06/Aug/2020:09:07:02 +0800] "GET /xingrg/kc/pszx/mdps_order_info.html?code=312020080600152 HTTP/1.1" 200 23843
120.253.135.82 - - [06/Aug/2020:09:07:03 +0800] "GET /xingrg/javascript/easyui/themes/default/validatebox.css HTTP/1.1" 404 1104
120.253.135.82 - - [06/Aug/2020:09:07:03 +0800] "POST /xingrg/kc/pszx/mdps_order_operate.html HTTP/1.1" 200 4798
61.172.5.115 - - [06/Aug/2020:09:07:04 +0800] "POST /xingrg/kc/buy/cgsh_order_operate.html HTTP/1.1" 200 2065
120.204.17.70 - - [06/Aug/2020:09:07:05 +0800] "GET /xingrg/login.html HTTP/1.1" 200 7641
114.88.161.57 - - [06/Aug/2020:09:07:05 +0800] "POST /xingrg/kc/buy/cgsh_order_operate.html HTTP/1.1" 200 37
61.172.5.115 - - [06/Aug/2020:09:07:06 +0800] "POST /xingrg/kc/buy/cgsh_order_operate.html HTTP/1.1" 200 2065
114.88.161.57 - - [06/Aug/2020:09:07:06 +0800] "POST /xingrg/kc/buy/cgsh_order_operate.html HTTP/1.1" 200 7388
61.172.5.115 - - [06/Aug/2020:09:07:07 +0800] "POST /xingrg/kc/buy/cgsh_order_operate.html HTTP/1.1" 200 2065
120.253.135.82 - - [06/Aug/2020:09:07:07 +0800] "GET /xingrg/kc/print/load_data.html?order_code=312020080600152&kc_code=mdps&condition= HTTP/1.1" 200 1861
114.88.161.57 - - [06/Aug/2020:09:07:07 +0800] "GET /xingrg/kc/print/load_data.html?order_code=212020080602101&kc_code=cgsh&condition= HTTP/1.1" 200 2552
222.69.133.128 - - [06/Aug/2020:09:07:09 +0800] "GET /xingrg/kc/buy/cgsh_order_operate.html?command=get_materiel&rest_code=00149&code=00101009016&supplier_code=00100201&order_time=2020-08-05 HTTP/1.1" 200 412
61.172.5.115 - - [06/Aug/2020:09:07:13 +0800] "GET /xingrg/kc/buy/cgsh_order_operate.html?command=get_materiel&rest_code=00105&code=00101008119&supplier_code=00100203&order_time=2020-08-06 HTTP/1.1" 200 412
120.253.135.82 - - [06/Aug/2020:09:07:13 +0800] "POST /xingrg/kc/pszx/mdps_list_operate.html HTTP/1.1" 200 3854
116.230.74.197 - - [06/Aug/2020:09:07:14 +0800] "GET /xingrg/all/function/internal_message.html?_=1596676025569&CODE_STATE=getMsg HTTP/1.1" 200 27
120.253.135.82 - - [06/Aug/2020:09:07:15 +0800] "POST /xingrg/kc/pszx/mdps_list_operate.html HTTP/1.1" 200 639
120.253.135.82 - - [06/Aug/2020:09:07:15 +0800] "GET /xingrg/kc/pszx/mdps_order_info.html?code=312020080600153 HTTP/1.1" 200 23843
120.253.135.82 - - [06/Aug/2020:09:07:16 +0800] "GET /xingrg/javascript/easyui/themes/default/validatebox.css HTTP/1.1" 404 1104
120.253.135.82 - - [06/Aug/2020:09:07:16 +0800] "POST /xingrg/kc/pszx/mdps_order_operate.html HTTP/1.1" 200 6359
120.253.135.82 - - [06/Aug/2020:09:07:18 +0800] "GET /xingrg/kc/print/load_data.html?order_code=312020080600153&kc_code=mdps&condition= HTTP/1.1" 200 2589
61.172.5.115 - - [06/Aug/2020:09:07:19 +0800] "GET /xingrg/kc/buy/cgsh_order_operate.html?command=get_materiel&rest_code=00105&code=00101008185&supplier_code=00100203&order_time=2020-08-06 HTTP/1.1" 200 408
116.230.74.197 - - [06/Aug/2020:09:07:23 +0800] "GET /xingrg/kc/buy/cgsh_order_operate.html?command=get_materiel&rest_code=00107&code=00101008261&supplier_code=00100006&order_time=2020-08-06 HTTP/1.1" 200 408
120.253.135.82 - - [06/Aug/2020:09:07:24 +0800] "POST /xingrg/kc/pszx/mdps_list_operate.html HTTP/1.1" 200 3854
222.69.133.128 - - [06/Aug/2020:09:07:28 +0800] "GET /xingrg/kc/buy/cgsh_order_operate.html?command=get_materiel&rest_code=00149&code=00101009013&supplier_code=00100201&order_time=2020-08-05 HTTP/1.1" 200 420
117.185.32.26 - - [06/Aug/2020:09:07:29 +0800] "GET /xingrg/all/function/internal_message.html?_=1596676044288&CODE_STATE=getMsg HTTP/1.1" 200 27
114.89.80.44 - - [06/Aug/2020:09:07:30 +0800] "GET /xingrg/check_reg.html?_=1596676181086 HTTP/1.1" 200 22
114.88.161.57 - - [06/Aug/2020:09:07:31 +0800] "GET /xingrg/all/function/internal_message.html?_=1596676047697&CODE_STATE=getMsg HTTP/1.1" 200 27
120.253.135.82 - - [06/Aug/2020:09:07:39 +0800] "GET /xingrg/kc/pszx/mdqp_order_list.html?state=10 HTTP/1.1" 200 10125
120.253.135.82 - - [06/Aug/2020:09:07:39 +0800] "GET /xingrg/dwr/interface/AjaxReportQueryService.js HTTP/1.1" 200 13203
120.253.135.82 - - [06/Aug/2020:09:07:39 +0800] "GET /xingrg/dwr/engine.js HTTP/1.1" 200 43631
120.253.135.82 - - [06/Aug/2020:09:07:39 +0800] "GET /xingrg/dwr/interface/AjaxQqpsService.js HTTP/1.1" 200 16326
120.253.135.82 - - [06/Aug/2020:09:07:40 +0800] "GET /xingrg/kc/pszx/mdqp_order_list.html?state=10 HTTP/1.1" 200 10125
120.253.135.82 - - [06/Aug/2020:09:07:40 +0800] "GET /xingrg/dwr/interface/AjaxReportQueryService.js HTTP/1.1" 200 13203
120.253.135.82 - - [06/Aug/2020:09:07:40 +0800] "GET /xingrg/dwr/interface/AjaxQqpsService.js HTTP/1.1" 200 16326
120.253.135.82 - - [06/Aug/2020:09:07:40 +0800] "GET /xingrg/dwr/engine.js HTTP/1.1" 200 43631
114.84.32.201 - - [06/Aug/2020:09:07:41 +0800] "GET /xingrg/all/function/internal_message.html?_=1596676051579&CODE_STATE=getMsg HTTP/1.1" 200 27
61.172.5.115 - - [06/Aug/2020:09:07:42 +0800] "GET /xingrg/all/function/internal_message.html?_=1596676058920&CODE_STATE=getMsg HTTP/1.1" 200 27
114.89.80.44 - - [06/Aug/2020:09:07:42 +0800] "GET /xingrg/all/function/internal_message.html?_=1596676193327&CODE_STATE=getMsg HTTP/1.1" 200 27
172.17.200.101 - - [06/Aug/2020:09:07:45 +0800] "GET /xingrg/all/function/internal_message.html?_=1596676065241&CODE_STATE=getMsg HTTP/1.1" 200 27
172.17.0.100 - - [06/Aug/2020:09:07:45 +0800] "GET /xingrg/all/function/internal_message.html?_=1596676062338&CODE_STATE=getMsg HTTP/1.1" 200 27
114.88.161.57 - - [06/Aug/2020:09:07:46 +0800] "GET /xingrg/all/function/internal_message.html?_=1596676098750&CODE_STATE=getMsg HTTP/1.1" 200 27
61.172.5.115 - - [06/Aug/2020:09:07:47 +0800] "GET /xingrg/kc/buy/cgsh_order_operate.html?command=get_materiel&rest_code=00105&code=00101008197&supplier_code=00100203&order_time=2020-08-06 HTTP/1.1" 200 416
222.69.133.128 - - [06/Aug/2020:09:07:48 +0800] "GET /xingrg/all/function/internal_message.html?_=1596676061733&CODE_STATE=getMsg HTTP/1.1" 200 27
114.88.156.201 - - [06/Aug/2020:09:07:50 +0800] "GET /xingrg/all/function/internal_message.html?_=1596676064470&CODE_STATE=getMsg HTTP/1.1" 200 27
120.253.135.82 - - [06/Aug/2020:09:07:55 +0800] "GET /xingrg/check_reg.html?_=1596675826082 HTTP/1.1" 200 22
120.253.135.82 - - [06/Aug/2020:09:07:55 +0800] "GET /xingrg/all/function/internal_message.html?_=1596675826167&CODE_STATE=getMsg HTTP/1.1" 200 27
61.172.5.115 - - [06/Aug/2020:09:07:56 +0800] "GET /xingrg/kc/buy/cgsh_order_operate.html?command=get_materiel&rest_code=00105&code=00101008210&supplier_code=00100203&order_time=2020-08-06 HTTP/1.1" 200 408
114.89.80.44 - - [06/Aug/2020:09:07:57 +0800] "GET /xingrg/check_reg.html?_=1596676073410 HTTP/1.1" 200 22
114.89.80.44 - - [06/Aug/2020:09:07:57 +0800] "GET /xingrg/all/function/internal_message.html?_=1596676073413&CODE_STATE=getMsg HTTP/1.1" 200 27
120.204.17.73 - - [06/Aug/2020:09:07:58 +0800] "GET /xingrg/index.html?sysBaseUrl=http://180.169.147.146:18081/xingrg/&costTime=38×tamp=1596675388905 HTTP/1.1" 302 -
61.172.5.115 - - [06/Aug/2020:09:07:58 +0800] "GET /xingrg/all/function/internal_message.html?_=1596676069395&CODE_STATE=getMsg HTTP/1.1" 200 27
183.192.164.85 - - [06/Aug/2020:09:07:58 +0800] "GET /xingrg/login.html HTTP/1.1" 200 7641
116.230.74.197 - - [06/Aug/2020:09:08:01 +0800] "GET /xingrg/kc/buy/cgsh_order_operate.html?command=get_materiel&rest_code=00107&code=00101008239&supplier_code=00100006&order_time=2020-08-06 HTTP/1.1" 200 416
120.204.17.73 - - [06/Aug/2020:09:08:04 +0800] "GET /xingrg/login.html HTTP/1.1" 200 7641
222.69.133.128 - - [06/Aug/2020:09:08:04 +0800] "POST /xingrg/kc/buy/cgsh_order_operate.html HTTP/1.1" 200 37
222.69.133.128 - - [06/Aug/2020:09:08:08 +0800] "POST /xingrg/kc/buy/cgsh_order_operate.html HTTP/1.1" 200 12
61.172.5.115 - - [06/Aug/2020:09:08:08 +0800] "GET /xingrg/kc/buy/cgsh_order_operate.html?command=get_materiel&rest_code=00105&code=00101008244&supplier_code=00100203&order_time=2020-08-06 HTTP/1.1" 200 408
222.69.133.128 - - [06/Aug/2020:09:08:09 +0800] "GET /xingrg/kc/buy/cgsh_order_info.html?code=212020080602102 HTTP/1.1" 200 54335
222.69.133.128 - - [06/Aug/2020:09:08:09 +0800] "GET /xingrg/javascript/easyui/themes/default/validatebox.css HTTP/1.1" 404 1104
120.204.17.70 - - [06/Aug/2020:09:08:09 +0800] "GET /xingrg/index.html?sysBaseUrl=http://180.169.147.146:18081/xingrg/&costTime=40×tamp=1596675354647 HTTP/1.1" 302 -
222.69.133.128 - - [06/Aug/2020:09:08:09 +0800] "POST /xingrg/kc/buy/cgsh_order_operate.html HTTP/1.1" 200 4167
222.69.133.128 - - [06/Aug/2020:09:08:13 +0800] "GET /xingrg/kc/print/load_data.html?order_code=212020080602102&kc_code=cgsh&condition= HTTP/1.1" 200 2072
116.230.74.197 - - [06/Aug/2020:09:08:13 +0800] "GET /xingrg/check_reg.html?_=1596676084616 HTTP/1.1" 200 22
183.192.164.85 - - [06/Aug/2020:09:08:14 +0800] "GET /xingrg/check_reg.html?_=1596675351016 HTTP/1.1" 302 -
183.192.164.214 - - [06/Aug/2020:09:08:14 +0800] "GET /xingrg/kc/base/base_main.html HTTP/1.1" 302 -
116.230.74.197 - - [06/Aug/2020:09:08:14 +0800] "GET /xingrg/all/function/internal_message.html?_=1596676085554&CODE_STATE=getMsg HTTP/1.1" 200 27
183.192.164.85 - - [06/Aug/2020:09:08:15 +0800] "GET /xingrg/all/function/internal_message.html?_=1596675357699&CODE_STATE=count HTTP/1.1" 302 -
114.89.80.44 - - [06/Aug/2020:09:08:16 +0800] "GET /xingrg/kc/buy/cgsh_order_operate.html?command=get_materiel&rest_code=00150&code=00101008238&supplier_code=00100007&order_time=2020-08-06 HTTP/1.1" 200 416
183.192.164.85 - - [06/Aug/2020:09:08:16 +0800] "GET /xingrg/login.html HTTP/1.1" 200 7641
116.230.74.197 - - [06/Aug/2020:09:08:16 +0800] "POST /xingrg/kc/buy/cgsh_order_operate.html HTTP/1.1" 200 2065
61.172.5.115 - - [06/Aug/2020:09:08:17 +0800] "GET /xingrg/kc/buy/cgsh_order_operate.html?command=get_materiel&rest_code=00105&code=00101008112&supplier_code=00100203&order_time=2020-08-06 HTTP/1.1" 200 412
120.204.17.70 - - [06/Aug/2020:09:08:17 +0800] "GET /xingrg/login.html HTTP/1.1" 200 7641
101.91.60.105 - - [06/Aug/2020:09:08:21 +0800] "GET /xingrg/check_reg.html?_=1596675404439 HTTP/1.1" 302 -
183.192.164.85 - - [06/Aug/2020:09:08:22 +0800] "GET /xingrg/login.html HTTP/1.1" 200 7641
183.192.164.214 - - [06/Aug/2020:09:08:24 +0800] "GET /xingrg/login.html HTTP/1.1" 200 7641
116.230.74.197 - - [06/Aug/2020:09:08:25 +0800] "GET /xingrg/kc/buy/cgsh_order_operate.html?command=get_materiel&rest_code=00107&code=00101008144&supplier_code=00100006&order_time=2020-08-06 HTTP/1.1" 200 412
101.91.60.105 - - [06/Aug/2020:09:08:27 +0800] "GET /xingrg/login.html HTTP/1.1" 200 7641
117.185.32.26 - - [06/Aug/2020:09:08:29 +0800] "GET /xingrg/all/function/internal_message.html?_=1596676104302&CODE_STATE=getMsg HTTP/1.1" 200 27
120.204.17.73 - - [06/Aug/2020:09:08:29 +0800] "GET /xingrg/all/common/auto_word.html?type=base&rest_code=00106 HTTP/1.1" 302 -
114.88.161.57 - - [06/Aug/2020:09:08:31 +0800] "GET /xingrg/all/function/internal_message.html?_=1596676107713&CODE_STATE=getMsg HTTP/1.1" 200 27
114.89.80.44 - - [06/Aug/2020:09:08:36 +0800] "GET /xingrg/kc/buy/cgsh_order_operate.html?command=get_materiel&rest_code=00150&code=00101008221&supplier_code=00100007&order_time=2020-08-06 HTTP/1.1" 200 412
61.172.5.115 - - [06/Aug/2020:09:08:36 +0800] "GET /xingrg/kc/buy/cgsh_order_operate.html?command=get_materiel&rest_code=00105&code=00101008028&supplier_code=00100203&order_time=2020-08-06 HTTP/1.1" 200 412
222.69.133.128 - - [06/Aug/2020:09:08:38 +0800] "GET /xingrg/kc/buy/cgsh_order_add.html HTTP/1.1" 200 59432
222.69.133.128 - - [06/Aug/2020:09:08:38 +0800] "POST /xingrg/kc/buy/cgsh_order_operate.html HTTP/1.1" 200 8245
222.69.133.128 - - [06/Aug/2020:09:08:39 +0800] "GET /xingrg/javascript/easyui/themes/default/validatebox.css HTTP/1.1" 404 1104
120.204.17.73 - - [06/Aug/2020:09:08:39 +0800] "GET /xingrg/login.html HTTP/1.1" 200 7641
114.84.32.201 - - [06/Aug/2020:09:08:41 +0800] "GET /xingrg/all/function/internal_message.html?_=1596676111579&CODE_STATE=getMsg HTTP/1.1" 200 27
61.172.5.115 - - [06/Aug/2020:09:08:42 +0800] "GET /xingrg/all/function/internal_message.html?_=1596676118865&CODE_STATE=getMsg HTTP/1.1" 200 27
114.89.80.44 - - [06/Aug/2020:09:08:42 +0800] "GET /xingrg/all/function/internal_message.html?_=1596676253342&CODE_STATE=getMsg HTTP/1.1" 200 27
172.17.200.101 - - [06/Aug/2020:09:08:45 +0800] "GET /xingrg/all/function/internal_message.html?_=1596676125241&CODE_STATE=getMsg HTTP/1.1" 200 27
61.172.5.115 - - [06/Aug/2020:09:08:45 +0800] "GET /xingrg/kc/buy/cgsh_order_operate.html?command=get_materiel&rest_code=00105&code=00101008351&supplier_code=00100203&order_time=2020-08-06 HTTP/1.1" 200 408
172.17.0.100 - - [06/Aug/2020:09:08:45 +0800] "GET /xingrg/all/function/internal_message.html?_=1596676122366&CODE_STATE=getMsg HTTP/1.1" 200 27
116.230.74.197 - - [06/Aug/2020:09:08:46 +0800] "GET /xingrg/kc/buy/cgsh_order_operate.html?command=get_materiel&rest_code=00107&code=00101008067&supplier_code=00100006&order_time=2020-08-06 HTTP/1.1" 200 416
222.69.133.128 - - [06/Aug/2020:09:08:48 +0800] "GET /xingrg/all/function/internal_message.html?_=1596676121705&CODE_STATE=getMsg HTTP/1.1" 200 27
114.88.156.201 - - [06/Aug/2020:09:08:50 +0800] "GET /xingrg/all/function/internal_message.html?_=1596676124467&CODE_STATE=getMsg HTTP/1.1" 200 27
114.88.161.57 - - [06/Aug/2020:09:08:52 +0800] "GET /xingrg/index.html?sysBaseUrl=http%3A%2F%2F180.169.147.146%3A18081%2Fxingrg%2F&costTime=38×tamp=1588335986102 HTTP/1.1" 302 -
114.88.161.57 - - [06/Aug/2020:09:08:52 +0800] "GET /xingrg/login.html HTTP/1.1" 200 7641
114.88.161.57 - - [06/Aug/2020:09:08:53 +0800] "GET /favicon.ico HTTP/1.1" 404 -
120.253.135.82 - - [06/Aug/2020:09:08:55 +0800] "GET /xingrg/all/function/internal_message.html?_=1596675886180&CODE_STATE=getMsg HTTP/1.1" 200 27
114.88.161.57 - - [06/Aug/2020:09:08:56 +0800] "POST /xingrg/login.do HTTP/1.1" 302 -
114.88.161.57 - - [06/Aug/2020:09:08:56 +0800] "GET /xingrg/index.html?sysBaseUrl=http%3A%2F%2F180.169.147.146%3A18081%2Fxingrg%2F&costTime=54×tamp=1596676136296 HTTP/1.1" 200 17173
114.88.161.57 - - [06/Aug/2020:09:08:56 +0800] "GET /favicon.ico HTTP/1.1" 404 -
114.88.161.57 - - [06/Aug/2020:09:08:56 +0800] "POST /xingrg/all/common/load_tree.html?tree=area_rest_tree_json&manage=1 HTTP/1.1" 200 342
114.88.161.57 - - [06/Aug/2020:09:08:56 +0800] "GET /xingrg/check_reg.html?_=1596676168950 HTTP/1.1" 200 22
114.88.161.57 - - [06/Aug/2020:09:08:56 +0800] "GET /xingrg/all/function/internal_message.html?_=1596676168950&CODE_STATE=count HTTP/1.1" 200 11
114.88.161.57 - - [06/Aug/2020:09:08:56 +0800] "POST /xingrg/load_menu.html HTTP/1.1" 200 5138
114.89.80.44 - - [06/Aug/2020:09:08:57 +0800] "GET /xingrg/all/function/internal_message.html?_=1596676133422&CODE_STATE=getMsg HTTP/1.1" 200 27
61.172.5.115 - - [06/Aug/2020:09:08:58 +0800] "GET /xingrg/all/function/internal_message.html?_=1596676129395&CODE_STATE=getMsg HTTP/1.1" 200 27
114.88.161.57 - - [06/Aug/2020:09:08:59 +0800] "GET /xingrg/kc/buy/cgsh_order_list.html HTTP/1.1" 200 43641
101.227.139.171 - - [06/Aug/2020:09:08:59 +0800] "GET /xingrg/all/function/internal_message.html?_=1596675404437&CODE_STATE=getMsg HTTP/1.1" 302 -
116.230.74.197 - - [06/Aug/2020:09:09:00 +0800] "GET /xingrg/kc/buy/cgsh_order_operate.html?command=get_materiel&rest_code=00107&code=00101008321&supplier_code=00100006&order_time=2020-08-06 HTTP/1.1" 200 412
114.88.161.57 - - [06/Aug/2020:09:09:01 +0800] "POST /xingrg/kc/buy/cgsh_list_operate.html HTTP/1.1" 200 2409
101.227.139.171 - - [06/Aug/2020:09:09:05 +0800] "GET /xingrg/login.html HTTP/1.1" 200 7641
114.88.161.57 - - [06/Aug/2020:09:09:07 +0800] "POST /xingrg/kc/buy/cgsh_list_operate.html HTTP/1.1" 200 2409
114.88.161.57 - - [06/Aug/2020:09:09:07 +0800] "GET /xingrg/kc/buy/cgsh_order_add.html HTTP/1.1" 200 59379
114.88.161.57 - - [06/Aug/2020:09:09:08 +0800] "GET /xingrg/all/common/auto_word.html?type=employee&rest_code=00111 HTTP/1.1" 200 205
114.88.161.57 - - [06/Aug/2020:09:09:08 +0800] "GET /xingrg/all/common/auto_word.html?type=employee&rest_code=00111 HTTP/1.1" 200 205
114.88.161.57 - - [06/Aug/2020:09:09:08 +0800] "GET /xingrg/javascript/easyui/themes/default/validatebox.css HTTP/1.1" 404 1104
114.88.161.57 - - [06/Aug/2020:09:09:08 +0800] "POST /xingrg/kc/buy/cgsh_order_operate.html HTTP/1.1" 200 8245
114.88.161.57 - - [06/Aug/2020:09:09:09 +0800] "GET /xingrg/javascript/auto/indicator.gif HTTP/1.1" 404 1066
61.172.5.115 - - [06/Aug/2020:09:09:10 +0800] "GET /xingrg/kc/buy/cgsh_order_operate.html?command=get_materiel&rest_code=00105&code=00101008246&supplier_code=00100203&order_time=2020-08-06 HTTP/1.1" 200 408
114.88.161.57 - - [06/Aug/2020:09:09:10 +0800] "GET /xingrg/javascript/jquery_tools/images/next.gif HTTP/1.1" 404 1086
114.88.161.57 - - [06/Aug/2020:09:09:10 +0800] "GET /xingrg/javascript/jquery_tools/images/prev.gif HTTP/1.1" 404 1086
116.230.74.197 - - [06/Aug/2020:09:09:11 +0800] "GET /xingrg/kc/buy/cgsh_order_operate.html?command=get_materiel&rest_code=00107&code=00101008357&supplier_code=00100006&order_time=2020-08-06 HTTP/1.1" 200 408
114.89.80.44 - - [06/Aug/2020:09:09:14 +0800] "GET /xingrg/kc/buy/cgsh_order_operate.html?command=get_materiel&rest_code=00150&code=00101008257&supplier_code=00100007&order_time=2020-08-06 HTTP/1.1" 200 416
61.172.5.115 - - [06/Aug/2020:09:09:14 +0800] "POST /xingrg/kc/buy/cgsh_order_operate.html HTTP/1.1" 200 2065
116.230.74.197 - - [06/Aug/2020:09:09:14 +0800] "GET /xingrg/all/function/internal_message.html?_=1596676145600&CODE_STATE=getMsg HTTP/1.1" 200 27
61.172.5.115 - - [06/Aug/2020:09:09:17 +0800] "POST /xingrg/kc/buy/cgsh_order_operate.html HTTP/1.1" 200 2065
114.88.161.57 - - [06/Aug/2020:09:09:17 +0800] "GET /xingrg/kc/buy/cgsh_order_operate.html?command=get_materiel&rest_code=00111&code=00101008248&supplier_code=00100005&order_time=2020-08-06 HTTP/1.1" 200 412
222.70.173.120 - - [06/Aug/2020:09:09:20 +0800] "GET /xingrg/check_reg.html?_=1596676201880 HTTP/1.1" 200 22
222.69.133.128 - - [06/Aug/2020:09:09:21 +0800] "GET /xingrg/kc/buy/cgsh_order_operate.html?command=get_materiel&rest_code=00149&code=00101011005&supplier_code=00100051&order_time=2020-08-05 HTTP/1.1" 200 428
61.172.5.115 - - [06/Aug/2020:09:09:27 +0800] "GET /xingrg/kc/buy/cgsh_order_operate.html?command=get_materiel&rest_code=00105&code=00101008118&supplier_code=00100203&order_time=2020-08-06 HTTP/1.1" 200 418
117.185.32.26 - - [06/Aug/2020:09:09:29 +0800] "GET /xingrg/all/function/internal_message.html?_=1596676164301&CODE_STATE=getMsg HTTP/1.1" 200 27
114.88.161.57 - - [06/Aug/2020:09:09:31 +0800] "GET /xingrg/all/function/internal_message.html?_=1596676167739&CODE_STATE=getMsg HTTP/1.1" 200 27
61.172.5.115 - - [06/Aug/2020:09:09:35 +0800] "GET /xingrg/kc/buy/cgsh_order_operate.html?command=get_materiel&rest_code=00105&code=00101008126&supplier_code=00100203&order_time=2020-08-06 HTTP/1.1" 200 412
116.230.74.197 - - [06/Aug/2020:09:09:38 +0800] "POST /xingrg/kc/buy/cgsh_order_operate.html HTTP/1.1" 200 2065
114.84.32.201 - - [06/Aug/2020:09:09:41 +0800] "GET /xingrg/all/function/internal_message.html?_=1596676171578&CODE_STATE=getMsg HTTP/1.1" 200 27
114.84.32.201 - - [06/Aug/2020:09:09:41 +0800] "GET /xingrg/check_reg.html?_=1596676171579 HTTP/1.1" 200 22
222.69.133.128 - - [06/Aug/2020:09:09:42 +0800] "POST /xingrg/kc/buy/cgsh_order_operate.html HTTP/1.1" 200 37
114.88.161.57 - - [06/Aug/2020:09:09:42 +0800] "GET /xingrg/kc/buy/cgsh_order_operate.html?command=get_materiel&rest_code=00111&code=00101008350&supplier_code=00100005&order_time=2020-08-06 HTTP/1.1" 200 408
61.172.5.115 - - [06/Aug/2020:09:09:42 +0800] "GET /xingrg/check_reg.html?_=1596676178938 HTTP/1.1" 200 22
61.172.5.115 - - [06/Aug/2020:09:09:42 +0800] "GET /xingrg/all/function/internal_message.html?_=1596676178940&CODE_STATE=getMsg HTTP/1.1" 200 27
114.89.80.44 - - [06/Aug/2020:09:09:42 +0800] "GET /xingrg/all/function/internal_message.html?_=1596676313363&CODE_STATE=getMsg HTTP/1.1" 200 27
61.172.5.115 - - [06/Aug/2020:09:09:43 +0800] "GET /xingrg/kc/buy/cgsh_order_operate.html?command=get_materiel&rest_code=00105&code=00101008361&supplier_code=00100203&order_time=2020-08-06 HTTP/1.1" 200 408
114.89.80.44 - - [06/Aug/2020:09:09:45 +0800] "GET /xingrg/kc/buy/cgsh_order_operate.html?command=get_materiel&rest_code=00150&code=00101008331&supplier_code=00100007&order_time=2020-08-06 HTTP/1.1" 200 416
222.69.133.128 - - [06/Aug/2020:09:09:45 +0800] "POST /xingrg/kc/buy/cgsh_order_operate.html HTTP/1.1" 200 12
172.17.200.101 - - [06/Aug/2020:09:09:45 +0800] "GET /xingrg/all/function/internal_message.html?_=1596676185243&CODE_STATE=getMsg HTTP/1.1" 200 27
172.17.0.100 - - [06/Aug/2020:09:09:45 +0800] "GET /xingrg/all/function/internal_message.html?_=1596676182364&CODE_STATE=getMsg HTTP/1.1" 200 27
222.69.133.128 - - [06/Aug/2020:09:09:46 +0800] "GET /xingrg/kc/buy/cgsh_order_info.html?code=212020080602103 HTTP/1.1" 200 54335
116.230.74.197 - - [06/Aug/2020:09:09:46 +0800] "GET /xingrg/kc/buy/cgsh_order_operate.html?command=get_materiel&rest_code=00107&code=00101008036&supplier_code=00100006&order_time=2020-08-06 HTTP/1.1" 200 408
222.69.133.128 - - [06/Aug/2020:09:09:46 +0800] "GET /xingrg/javascript/easyui/themes/default/validatebox.css HTTP/1.1" 404 1104
222.69.133.128 - - [06/Aug/2020:09:09:46 +0800] "POST /xingrg/kc/buy/cgsh_order_operate.html HTTP/1.1" 200 606
114.89.80.44 - - [06/Aug/2020:09:09:47 +0800] "POST /xingrg/kc/buy/cgsh_order_operate.html HTTP/1.1" 200 2065
222.69.133.128 - - [06/Aug/2020:09:09:48 +0800] "GET /xingrg/kc/print/load_data.html?order_code=212020080602103&kc_code=cgsh&condition= HTTP/1.1" 200 724
222.69.133.128 - - [06/Aug/2020:09:09:48 +0800] "GET /xingrg/all/function/internal_message.html?_=1596676181782&CODE_STATE=getMsg HTTP/1.1" 200 27
114.88.161.57 - - [06/Aug/2020:09:09:50 +0800] "GET /xingrg/kc/buy/cgsh_order_operate.html?command=get_materiel&rest_code=00111&code=00101008087&supplier_code=00100005&order_time=2020-08-06 HTTP/1.1" 200 412
61.172.5.115 - - [06/Aug/2020:09:09:50 +0800] "GET /xingrg/kc/buy/cgsh_order_operate.html?command=get_materiel&rest_code=00105&code=00101008067&supplier_code=00100203&order_time=2020-08-06 HTTP/1.1" 200 416
114.88.156.201 - - [06/Aug/2020:09:09:51 +0800] "GET /xingrg/all/function/internal_message.html?_=1596676184467&CODE_STATE=getMsg HTTP/1.1" 200 27
114.89.80.44 - - [06/Aug/2020:09:09:52 +0800] "GET /xingrg/kc/buy/cgsh_order_operate.html?command=get_materiel&rest_code=00150&code=00101008224&supplier_code=00100007&order_time=2020-08-06 HTTP/1.1" 200 416
222.69.133.128 - - [06/Aug/2020:09:09:53 +0800] "GET /xingrg/kc/buy/cgsh_order_add.html HTTP/1.1" 200 59432
222.69.133.128 - - [06/Aug/2020:09:09:53 +0800] "POST /xingrg/kc/buy/cgsh_order_operate.html HTTP/1.1" 200 8245
222.69.133.128 - - [06/Aug/2020:09:09:53 +0800] "GET /xingrg/javascript/easyui/themes/default/validatebox.css HTTP/1.1" 404 1104
116.230.74.197 - - [06/Aug/2020:09:09:54 +0800] "POST /xingrg/kc/buy/cgsh_order_operate.html HTTP/1.1" 200 37
120.253.135.82 - - [06/Aug/2020:09:09:55 +0800] "GET /xingrg/all/function/internal_message.html?_=1596675946194&CODE_STATE=getMsg HTTP/1.1" 200 27
114.88.161.57 - - [06/Aug/2020:09:09:56 +0800] "GET /xingrg/all/function/internal_message.html?_=1596676228995&CODE_STATE=getMsg HTTP/1.1" 200 27
114.89.80.44 - - [06/Aug/2020:09:09:57 +0800] "GET /xingrg/all/function/internal_message.html?_=1596676193425&CODE_STATE=getMsg HTTP/1.1" 200 27
61.172.5.115 - - [06/Aug/2020:09:09:58 +0800] "GET /xingrg/all/function/internal_message.html?_=1596676189395&CODE_STATE=getMsg HTTP/1.1" 200 27
61.172.5.115 - - [06/Aug/2020:09:09:58 +0800] "GET /xingrg/check_reg.html?_=1596676189398 HTTP/1.1" 200 22
61.172.5.115 - - [06/Aug/2020:09:09:58 +0800] "GET /xingrg/kc/buy/cgsh_order_operate.html?command=get_materiel&rest_code=00105&code=00101008356&supplier_code=00100203&order_time=2020-08-06 HTTP/1.1" 200 408
114.88.161.57 - - [06/Aug/2020:09:10:01 +0800] "GET /xingrg/kc/buy/cgsh_order_operate.html?command=get_materiel&rest_code=00111&code=00101008100&supplier_code=00100005&order_time=2020-08-06 HTTP/1.1" 200 408
116.230.74.197 - - [06/Aug/2020:09:10:04 +0800] "POST /xingrg/kc/buy/cgsh_order_operate.html HTTP/1.1" 200 41688
61.172.5.115 - - [06/Aug/2020:09:10:05 +0800] "GET /xingrg/kc/buy/cgsh_order_operate.html?command=get_materiel&rest_code=00105&code=00101008137&supplier_code=00100203&order_time=2020-08-06 HTTP/1.1" 200 408
114.89.80.44 - - [06/Aug/2020:09:10:06 +0800] "GET /xingrg/kc/buy/cgsh_order_operate.html?command=get_materiel&rest_code=00150&code=00101008134&supplier_code=00100007&order_time=2020-08-06 HTTP/1.1" 200 412
222.69.133.128 - - [06/Aug/2020:09:10:11 +0800] "GET /xingrg/kc/buy/cgsh_order_operate.html?command=get_materiel&rest_code=00149&code=00101007061&supplier_code=00100205&order_time=2020-08-05 HTTP/1.1" 200 411
114.89.80.44 - - [06/Aug/2020:09:10:12 +0800] "GET /xingrg/kc/buy/cgsh_order_operate.html?command=get_materiel&rest_code=00150&code=00101015038&supplier_code=00100007&order_time=2020-08-06 HTTP/1.1" 200 419
61.172.5.115 - - [06/Aug/2020:09:10:13 +0800] "GET /xingrg/kc/buy/cgsh_order_operate.html?command=get_materiel&rest_code=00105&code=00101008286&supplier_code=00100203&order_time=2020-08-06 HTTP/1.1" 200 408
116.230.74.197 - - [06/Aug/2020:09:10:14 +0800] "GET /xingrg/all/function/internal_message.html?_=1596676205595&CODE_STATE=getMsg HTTP/1.1" 200 27
114.88.161.57 - - [06/Aug/2020:09:10:19 +0800] "GET /xingrg/kc/buy/cgsh_order_operate.html?command=get_materiel&rest_code=00111&code=00101008261&supplier_code=00100005&order_time=2020-08-06 HTTP/1.1" 200 408
114.89.80.44 - - [06/Aug/2020:09:10:20 +0800] "GET /xingrg/kc/buy/cgsh_order_operate.html?command=get_materiel&rest_code=00150&code=00101008102&supplier_code=00100007&order_time=2020-08-06 HTTP/1.1" 200 413
114.89.80.44 - - [06/Aug/2020:09:10:26 +0800] "POST /xingrg/kc/buy/cgsh_order_operate.html HTTP/1.1" 200 37
114.88.161.57 - - [06/Aug/2020:09:10:26 +0800] "GET /xingrg/kc/buy/cgsh_order_operate.html?command=get_materiel&rest_code=00111&code=00101008149&supplier_code=00100005&order_time=2020-08-06 HTTP/1.1" 200 408
61.172.5.115 - - [06/Aug/2020:09:10:26 +0800] "GET /xingrg/kc/buy/cgsh_order_operate.html?command=get_materiel&rest_code=00105&code=00101008353&supplier_code=00100203&order_time=2020-08-06 HTTP/1.1" 200 408
116.230.74.197 - - [06/Aug/2020:09:10:27 +0800] "POST /xingrg/kc/buy/cgsh_order_operate.html HTTP/1.1" 200 37
114.89.80.44 - - [06/Aug/2020:09:10:27 +0800] "POST /xingrg/kc/buy/cgsh_order_operate.html HTTP/1.1" 200 19247
116.230.74.197 - - [06/Aug/2020:09:10:28 +0800] "POST /xingrg/kc/buy/cgsh_order_operate.html HTTP/1.1" 200 41688
222.69.133.128 - - [06/Aug/2020:09:10:28 +0800] "GET /xingrg/kc/buy/cgsh_order_operate.html?command=get_materiel&rest_code=00149&code=00101007055&supplier_code=00100205&order_time=2020-08-05 HTTP/1.1" 200 409
117.185.32.26 - - [06/Aug/2020:09:10:29 +0800] "GET /xingrg/all/function/internal_message.html?_=1596676224303&CODE_STATE=getMsg HTTP/1.1" 200 27
116.230.74.197 - - [06/Aug/2020:09:10:29 +0800] "GET /xingrg/kc/print/load_data.html?order_code=212020080602100&kc_code=cgsh&condition= HTTP/1.1" 200 15428
114.88.161.57 - - [06/Aug/2020:09:10:31 +0800] "GET /xingrg/all/function/internal_message.html?_=1596676227755&CODE_STATE=getMsg HTTP/1.1" 200 27
114.88.161.57 - - [06/Aug/2020:09:10:35 +0800] "GET /xingrg/kc/buy/cgsh_order_operate.html?command=get_materiel&rest_code=00111&code=00101008096&supplier_code=00100005&order_time=2020-08-06 HTTP/1.1" 200 412
61.172.5.115 - - [06/Aug/2020:09:10:39 +0800] "GET /xingrg/kc/buy/cgsh_order_operate.html?command=get_materiel&rest_code=00105&code=00101008004&supplier_code=00100203&order_time=2020-08-06 HTTP/1.1" 200 416
114.89.80.44 - - [06/Aug/2020:09:10:40 +0800] "POST /xingrg/kc/buy/cgsh_order_operate.html HTTP/1.1" 200 37
114.89.80.44 - - [06/Aug/2020:09:10:41 +0800] "POST /xingrg/kc/buy/cgsh_order_operate.html HTTP/1.1" 200 19247
114.84.32.201 - - [06/Aug/2020:09:10:41 +0800] "GET /xingrg/all/function/internal_message.html?_=1596676231577&CODE_STATE=getMsg HTTP/1.1" 200 27
114.89.80.44 - - [06/Aug/2020:09:10:42 +0800] "GET /xingrg/kc/buy/cgsh_order_add.html HTTP/1.1" 200 59303
114.89.80.44 - - [06/Aug/2020:09:10:42 +0800] "POST /xingrg/kc/buy/cgsh_order_operate.html HTTP/1.1" 200 8245
114.89.80.44 - - [06/Aug/2020:09:10:42 +0800] "GET /xingrg/javascript/easyui/themes/default/validatebox.css HTTP/1.1" 404 1104
114.89.80.44 - - [06/Aug/2020:09:10:42 +0800] "GET /xingrg/all/function/internal_message.html?_=1596676373368&CODE_STATE=getMsg HTTP/1.1" 200 27
61.172.5.115 - - [06/Aug/2020:09:10:42 +0800] "GET /xingrg/all/function/internal_message.html?_=1596676238981&CODE_STATE=getMsg HTTP/1.1" 200 27
172.17.200.101 - - [06/Aug/2020:09:10:45 +0800] "GET /xingrg/all/function/internal_message.html?_=1596676245271&CODE_STATE=getMsg HTTP/1.1" 200 27
61.172.5.115 - - [06/Aug/2020:09:10:45 +0800] "GET /xingrg/kc/buy/cgsh_order_operate.html?command=get_materiel&rest_code=00105&code=00101008188&supplier_code=00100203&order_time=2020-08-06 HTTP/1.1" 200 412
172.17.0.100 - - [06/Aug/2020:09:10:45 +0800] "GET /xingrg/all/function/internal_message.html?_=1596676242377&CODE_STATE=getMsg HTTP/1.1" 200 27
114.88.161.57 - - [06/Aug/2020:09:10:45 +0800] "GET /xingrg/kc/buy/cgsh_order_operate.html?command=get_materiel&rest_code=00111&code=00101008003&supplier_code=00100005&order_time=2020-08-06 HTTP/1.1" 200 410
222.69.133.128 - - [06/Aug/2020:09:10:48 +0800] "GET /xingrg/kc/buy/cgsh_order_operate.html?command=get_materiel&rest_code=00149&code=00101007059&supplier_code=00100205&order_time=2020-08-05 HTTP/1.1" 200 411
222.69.133.128 - - [06/Aug/2020:09:10:48 +0800] "GET /xingrg/all/function/internal_message.html?_=1596676241832&CODE_STATE=getMsg HTTP/1.1" 200 27
114.88.156.201 - - [06/Aug/2020:09:10:50 +0800] "GET /xingrg/all/function/internal_message.html?_=1596676244466&CODE_STATE=getMsg HTTP/1.1" 200 27
114.89.80.44 - - [06/Aug/2020:09:10:53 +0800] "GET /xingrg/kc/buy/cgsh_order_operate.html?command=get_materiel&rest_code=00150&code=00101011005&supplier_code=00100047&order_time=2020-08-06 HTTP/1.1" 200 428
120.253.135.82 - - [06/Aug/2020:09:10:55 +0800] "GET /xingrg/all/function/internal_message.html?_=1596676006241&CODE_STATE=getMsg HTTP/1.1" 200 27
114.88.161.57 - - [06/Aug/2020:09:10:55 +0800] "GET /xingrg/kc/buy/cgsh_order_operate.html?command=get_materiel&rest_code=00111&code=00101008355&supplier_code=00100005&order_time=2020-08-06 HTTP/1.1" 200 408
114.88.161.57 - - [06/Aug/2020:09:10:56 +0800] "GET /xingrg/all/function/internal_message.html?_=1596676288965&CODE_STATE=getMsg HTTP/1.1" 200 27
114.89.80.44 - - [06/Aug/2020:09:10:57 +0800] "GET /xingrg/all/function/internal_message.html?_=1596676253426&CODE_STATE=getMsg HTTP/1.1" 200 27
61.172.5.115 - - [06/Aug/2020:09:10:58 +0800] "GET /xingrg/all/function/internal_message.html?_=1596676249398&CODE_STATE=getMsg HTTP/1.1" 200 27
61.129.6.174 - - [06/Aug/2020:09:11:04 +0800] "GET /xingrg/all/function/internal_message.html?_=1596675524452&CODE_STATE=getMsg HTTP/1.1" 302 -
114.89.80.44 - - [06/Aug/2020:09:11:06 +0800] "GET /xingrg/kc/buy/cgsh_order_operate.html?command=get_materiel&rest_code=00150&code=00101011010&supplier_code=00100047&order_time=2020-08-06 HTTP/1.1" 200 418
114.88.161.57 - - [06/Aug/2020:09:11:07 +0800] "GET /xingrg/kc/buy/cgsh_order_operate.html?command=get_materiel&rest_code=00111&code=00101008270&supplier_code=00100005&order_time=2020-08-06 HTTP/1.1" 200 412
116.230.74.197 - - [06/Aug/2020:09:11:09 +0800] "GET /xingrg/index.html?sysBaseUrl=http%3A%2F%2F180.169.147.146%3A18081%2Fxingrg%2F&costTime=33×tamp=1585306063269 HTTP/1.1" 302 -
116.230.74.197 - - [06/Aug/2020:09:11:09 +0800] "GET /xingrg/login.html HTTP/1.1" 200 7641
114.89.80.44 - - [06/Aug/2020:09:11:12 +0800] "POST /xingrg/kc/buy/cgsh_order_operate.html HTTP/1.1" 200 37
114.89.80.44 - - [06/Aug/2020:09:11:14 +0800] "POST /xingrg/kc/buy/cgsh_order_operate.html HTTP/1.1" 200 3257
116.230.74.197 - - [06/Aug/2020:09:11:14 +0800] "GET /xingrg/all/function/internal_message.html?_=1596676265559&CODE_STATE=getMsg HTTP/1.1" 200 27
61.129.6.174 - - [06/Aug/2020:09:11:14 +0800] "GET /xingrg/login.html HTTP/1.1" 200 7641
114.89.80.44 - - [06/Aug/2020:09:11:19 +0800] "POST /xingrg/all/user/operate.html HTTP/1.1" 200 36
114.89.80.44 - - [06/Aug/2020:09:11:20 +0800] "GET /xingrg/index.html?sysBaseUrl=http%3A%2F%2F180.169.147.146%3A18081%2Fxingrg%2F&costTime=43×tamp=1596447767329 HTTP/1.1" 200 17177
114.89.80.44 - - [06/Aug/2020:09:11:20 +0800] "GET /xingrg/javascript/jquery_easy_ui/themes/default/easyui.css HTTP/1.1" 304 -
114.89.80.44 - - [06/Aug/2020:09:11:20 +0800] "GET /xingrg/javascript/jquery_easy_ui/themes/icon.css HTTP/1.1" 304 -
114.89.80.44 - - [06/Aug/2020:09:11:20 +0800] "GET /xingrg/css/form.css HTTP/1.1" 304 -
114.89.80.44 - - [06/Aug/2020:09:11:20 +0800] "GET /xingrg/javascript/jquery-1.4.2.min.js HTTP/1.1" 304 -
114.89.80.44 - - [06/Aug/2020:09:11:20 +0800] "GET /xingrg/javascript/jquery_easy_ui/jquery.easyui.min.js HTTP/1.1" 304 -
114.89.80.44 - - [06/Aug/2020:09:11:20 +0800] "GET /xingrg/javascript/jquery_easy_ui/easyui-lang-zh_CN.js HTTP/1.1" 304 -
114.89.80.44 - - [06/Aug/2020:09:11:20 +0800] "GET /xingrg/javascript/jquery.form.js HTTP/1.1" 304 -
114.89.80.44 - - [06/Aug/2020:09:11:20 +0800] "GET /xingrg/javascript/jquery.utils.js HTTP/1.1" 304 -
114.89.80.44 - - [06/Aug/2020:09:11:20 +0800] "GET /xingrg/javascript/jquery.timers.js HTTP/1.1" 304 -
114.89.80.44 - - [06/Aug/2020:09:11:20 +0800] "GET /xingrg/images/blue/jxLogo.png HTTP/1.1" 304 -
114.89.80.44 - - [06/Aug/2020:09:11:20 +0800] "GET /xingrg/javascript/jquery_easy_ui/themes/icons/settle_new.png HTTP/1.1" 304 -
114.89.80.44 - - [06/Aug/2020:09:11:20 +0800] "GET /xingrg/images/blue/navBackgound.jpg HTTP/1.1" 304 -
114.89.80.44 - - [06/Aug/2020:09:11:20 +0800] "POST /xingrg/all/common/load_tree.html?tree=area_rest_tree_json&manage=1 HTTP/1.1" 200 476
114.89.80.44 - - [06/Aug/2020:09:11:20 +0800] "GET /xingrg/all/function/internal_message.html?_=1596676276435&CODE_STATE=count HTTP/1.1" 200 11
114.89.80.44 - - [06/Aug/2020:09:11:20 +0800] "GET /xingrg/check_reg.html?_=1596676276437 HTTP/1.1" 200 22
114.89.80.44 - - [06/Aug/2020:09:11:20 +0800] "GET /xingrg/javascript/jquery_easy_ui/themes/default/images/tabs_rightarrow.png HTTP/1.1" 304 -
114.89.80.44 - - [06/Aug/2020:09:11:20 +0800] "GET /xingrg/javascript/jquery_easy_ui/themes/default/images/panel_tool_collapse.gif HTTP/1.1" 304 -
114.89.80.44 - - [06/Aug/2020:09:11:20 +0800] "GET /xingrg/images/blue/pingpu.png HTTP/1.1" 304 -
114.89.80.44 - - [06/Aug/2020:09:11:20 +0800] "GET /xingrg/javascript/jquery_easy_ui/themes/default/images/tabs_leftarrow.png HTTP/1.1" 304 -
114.89.80.44 - - [06/Aug/2020:09:11:20 +0800] "POST /xingrg/load_menu.html HTTP/1.1" 200 5138
114.89.80.44 - - [06/Aug/2020:09:11:23 +0800] "GET /xingrg/kc/buy/cgsh_order_list.html HTTP/1.1" 200 43645
114.89.80.44 - - [06/Aug/2020:09:11:23 +0800] "POST /xingrg/kc/buy/cgsh_list_operate.html HTTP/1.1" 200 876
114.88.161.57 - - [06/Aug/2020:09:11:26 +0800] "GET /xingrg/kc/buy/cgsh_order_operate.html?command=get_materiel&rest_code=00111&code=00101008234&supplier_code=00100005&order_time=2020-08-06 HTTP/1.1" 200 408
114.89.80.44 - - [06/Aug/2020:09:11:26 +0800] "GET /xingrg/kc/buy/cgsh_order_add.html HTTP/1.1" 200 59021
114.89.80.44 - - [06/Aug/2020:09:11:27 +0800] "POST /xingrg/kc/buy/cgsh_order_operate.html HTTP/1.1" 200 8245
114.89.80.44 - - [06/Aug/2020:09:11:27 +0800] "GET /xingrg/all/common/auto_word.html?type=employee&rest_code=00151 HTTP/1.1" 200 243
114.89.80.44 - - [06/Aug/2020:09:11:27 +0800] "GET /xingrg/all/common/auto_word.html?type=employee&rest_code=00151 HTTP/1.1" 200 243
114.89.80.44 - - [06/Aug/2020:09:11:27 +0800] "GET /xingrg/javascript/easyui/themes/default/validatebox.css HTTP/1.1" 404 1104
114.89.80.44 - - [06/Aug/2020:09:11:28 +0800] "GET /xingrg/javascript/auto/indicator.gif HTTP/1.1" 404 1066
117.185.32.26 - - [06/Aug/2020:09:11:29 +0800] "GET /xingrg/check_reg.html?_=1596676284287 HTTP/1.1" 200 22
117.185.32.26 - - [06/Aug/2020:09:11:29 +0800] "GET /xingrg/all/function/internal_message.html?_=1596676284289&CODE_STATE=getMsg HTTP/1.1" 200 27
114.88.161.57 - - [06/Aug/2020:09:11:31 +0800] "GET /xingrg/all/function/internal_message.html?_=1596676287781&CODE_STATE=getMsg HTTP/1.1" 200 27
114.89.80.44 - - [06/Aug/2020:09:11:35 +0800] "GET /xingrg/kc/buy/cgsh_order_operate.html?command=get_materiel&rest_code=00151&code=00101011001&supplier_code=00100047&order_time=2020-08-06 HTTP/1.1" 200 423
222.69.133.128 - - [06/Aug/2020:09:11:39 +0800] "POST /xingrg/kc/buy/cgsh_order_operate.html HTTP/1.1" 200 37
114.88.161.57 - - [06/Aug/2020:09:11:40 +0800] "GET /xingrg/kc/buy/cgsh_order_operate.html?command=get_materiel&rest_code=00111&code=00101008155&supplier_code=00100005&order_time=2020-08-06 HTTP/1.1" 200 408
222.69.133.128 - - [06/Aug/2020:09:11:41 +0800] "POST /xingrg/kc/buy/cgsh_order_operate.html HTTP/1.1" 200 12
114.84.32.201 - - [06/Aug/2020:09:11:41 +0800] "GET /xingrg/all/function/internal_message.html?_=1596676291575&CODE_STATE=getMsg HTTP/1.1" 200 27
61.172.5.115 - - [06/Aug/2020:09:11:42 +0800] "GET /xingrg/all/function/internal_message.html?_=1596676298897&CODE_STATE=getMsg HTTP/1.1" 200 27
114.89.80.44 - - [06/Aug/2020:09:11:42 +0800] "GET /xingrg/all/function/internal_message.html?_=1596676433389&CODE_STATE=getMsg HTTP/1.1" 200 27
222.69.133.128 - - [06/Aug/2020:09:11:43 +0800] "GET /xingrg/kc/buy/cgsh_order_info.html?code=212020080602106 HTTP/1.1" 200 54333
222.69.133.128 - - [06/Aug/2020:09:11:43 +0800] "GET /xingrg/javascript/easyui/themes/default/validatebox.css HTTP/1.1" 404 1104
222.69.133.128 - - [06/Aug/2020:09:11:43 +0800] "POST /xingrg/kc/buy/cgsh_order_operate.html HTTP/1.1" 200 1785
114.89.80.44 - - [06/Aug/2020:09:11:44 +0800] "GET /xingrg/kc/buy/cgsh_order_operate.html?command=get_materiel&rest_code=00151&code=00101011010&supplier_code=00100047&order_time=2020-08-06 HTTP/1.1" 200 418
172.17.200.101 - - [06/Aug/2020:09:11:45 +0800] "GET /xingrg/check_reg.html?_=1596676305271 HTTP/1.1" 200 22
172.17.200.101 - - [06/Aug/2020:09:11:45 +0800] "GET /xingrg/all/function/internal_message.html?_=1596676305287&CODE_STATE=getMsg HTTP/1.1" 200 27
172.17.0.100 - - [06/Aug/2020:09:11:45 +0800] "GET /xingrg/check_reg.html?_=1596676302375 HTTP/1.1" 200 22
172.17.0.100 - - [06/Aug/2020:09:11:45 +0800] "GET /xingrg/all/function/internal_message.html?_=1596676302376&CODE_STATE=getMsg HTTP/1.1" 200 27
222.69.133.128 - - [06/Aug/2020:09:11:45 +0800] "GET /xingrg/kc/print/load_data.html?order_code=212020080602106&kc_code=cgsh&condition= HTTP/1.1" 200 1140
114.88.161.57 - - [06/Aug/2020:09:11:47 +0800] "GET /xingrg/check_reg.html?_=1596676304117 HTTP/1.1" 200 22
222.69.133.128 - - [06/Aug/2020:09:11:48 +0800] "GET /xingrg/check_reg.html?_=1596676301779 HTTP/1.1" 200 22
222.69.133.128 - - [06/Aug/2020:09:11:48 +0800] "GET /xingrg/all/function/internal_message.html?_=1596676301812&CODE_STATE=getMsg HTTP/1.1" 200 27
114.88.156.201 - - [06/Aug/2020:09:11:50 +0800] "GET /xingrg/all/function/internal_message.html?_=1596676304466&CODE_STATE=getMsg HTTP/1.1" 200 27
114.88.156.201 - - [06/Aug/2020:09:11:50 +0800] "GET /xingrg/check_reg.html?_=1596676304468 HTTP/1.1" 200 22
114.88.161.57 - - [06/Aug/2020:09:11:51 +0800] "GET /xingrg/kc/buy/cgsh_order_operate.html?command=get_materiel&rest_code=00111&code=00101019254&supplier_code=00100005&order_time=2020-08-06 HTTP/1.1" 200 446
114.88.161.57 - - [06/Aug/2020:09:11:52 +0800] "POST /xingrg/all/common/load_select.html HTTP/1.1" 200 25
114.88.161.57 - - [06/Aug/2020:09:11:54 +0800] "GET /xingrg/kc/buy/cgsh_order_operate.html?command=get_materiel_price&rest_code=00111&code=00101019254&unit_code=00100040&supplier_code=00100005&order_time=2020-08-06 HTTP/1.1" 200 27
120.253.135.82 - - [06/Aug/2020:09:11:55 +0800] "GET /xingrg/all/function/internal_message.html?_=1596676066253&CODE_STATE=getMsg HTTP/1.1" 200 27
114.88.161.57 - - [06/Aug/2020:09:11:56 +0800] "GET /xingrg/all/function/internal_message.html?_=1596676348959&CODE_STATE=getMsg HTTP/1.1" 200 27
61.172.5.115 - - [06/Aug/2020:09:11:58 +0800] "GET /xingrg/all/function/internal_message.html?_=1596676309398&CODE_STATE=getMsg HTTP/1.1" 200 27
