114.89.80.44 - - [06/Aug/2020:09:11:59 +0800] "GET /xingrg/kc/buy/cgsh_order_operate.html?command=get_materiel&rest_code=00151&code=00101011007&supplier_code=00100047&order_time=2020-08-06 HTTP/1.1" 200 414
114.88.161.57 - - [06/Aug/2020:09:12:04 +0800] "GET /xingrg/kc/buy/cgsh_order_operate.html?command=get_materiel&rest_code=00111&code=00101008067&supplier_code=00100005&order_time=2020-08-06 HTTP/1.1" 200 416
114.89.80.44 - - [06/Aug/2020:09:12:06 +0800] "POST /xingrg/kc/buy/cgsh_order_operate.html HTTP/1.1" 200 37
114.89.80.44 - - [06/Aug/2020:09:12:07 +0800] "POST /xingrg/kc/buy/cgsh_order_operate.html HTTP/1.1" 200 3856
114.88.161.57 - - [06/Aug/2020:09:12:10 +0800] "GET /xingrg/kc/buy/cgsh_order_operate.html?command=get_materiel&rest_code=00111&code=00101008356&supplier_code=00100005&order_time=2020-08-06 HTTP/1.1" 200 408
116.230.74.197 - - [06/Aug/2020:09:12:14 +0800] "GET /xingrg/all/function/internal_message.html?_=1596676325541&CODE_STATE=getMsg HTTP/1.1" 200 27
114.88.161.57 - - [06/Aug/2020:09:12:16 +0800] "GET /xingrg/kc/buy/cgsh_order_operate.html?command=get_materiel&rest_code=00111&code=00101008286&supplier_code=00100005&order_time=2020-08-06 HTTP/1.1" 200 408
114.89.80.44 - - [06/Aug/2020:09:12:20 +0800] "GET /xingrg/all/function/internal_message.html?_=1596676336444&CODE_STATE=getMsg HTTP/1.1" 200 27
114.88.161.57 - - [06/Aug/2020:09:12:24 +0800] "GET /xingrg/kc/buy/cgsh_order_operate.html?command=get_materiel&rest_code=00111&code=00101008131&supplier_code=00100005&order_time=2020-08-06 HTTP/1.1" 200 409
117.185.32.26 - - [06/Aug/2020:09:12:29 +0800] "GET /xingrg/all/function/internal_message.html?_=1596676344287&CODE_STATE=getMsg HTTP/1.1" 200 27
114.88.161.57 - - [06/Aug/2020:09:12:29 +0800] "GET /xingrg/kc/buy/cgsh_order_operate.html?command=get_materiel&rest_code=00111&code=00101008295&supplier_code=00100005&order_time=2020-08-06 HTTP/1.1" 200 412
114.89.80.44 - - [06/Aug/2020:09:12:30 +0800] "GET /xingrg/check_reg.html?_=1596676481095 HTTP/1.1" 200 22
114.88.161.57 - - [06/Aug/2020:09:12:31 +0800] "POST /xingrg/kc/buy/cgsh_order_operate.html HTTP/1.1" 200 2065
114.88.161.57 - - [06/Aug/2020:09:12:31 +0800] "GET /xingrg/all/function/internal_message.html?_=1596676347782&CODE_STATE=getMsg HTTP/1.1" 200 27
61.172.5.115 - - [06/Aug/2020:09:12:31 +0800] "GET /xingrg/kc/buy/cgsh_order_operate.html?command=get_materiel&rest_code=00105&code=00101015062&supplier_code=00100203&order_time=2020-08-06 HTTP/1.1" 200 412
180.175.214.200 - - [06/Aug/2020:09:12:32 +0800] "GET /xingrg/login.html HTTP/1.1" 200 7641
183.192.164.85 - - [06/Aug/2020:09:12:32 +0800] "GET /xingrg/all/function/internal_message.html?_=1596675624292&CODE_STATE=getMsg HTTP/1.1" 302 -
180.175.214.200 - - [06/Aug/2020:09:12:32 +0800] "GET /xingrg/images/blue/jxLogo.png HTTP/1.1" 304 -
180.175.214.200 - - [06/Aug/2020:09:12:32 +0800] "GET /xingrg/images/blue/login_bg.png HTTP/1.1" 304 -
180.175.214.200 - - [06/Aug/2020:09:12:32 +0800] "GET /xingrg/images/blue/hj.png HTTP/1.1" 304 -
180.175.214.200 - - [06/Aug/2020:09:12:32 +0800] "GET /xingrg/images/blue/srbg.png HTTP/1.1" 304 -
180.175.214.200 - - [06/Aug/2020:09:12:33 +0800] "GET /favicon.ico HTTP/1.1" 404 -
114.88.161.57 - - [06/Aug/2020:09:12:34 +0800] "GET /xingrg/kc/buy/cgsh_order_operate.html?command=get_materiel&rest_code=00111&code=00101008371&supplier_code=00100005&order_time=2020-08-06 HTTP/1.1" 200 412
180.175.214.200 - - [06/Aug/2020:09:12:36 +0800] "POST /xingrg/login.do HTTP/1.1" 302 -
180.175.214.200 - - [06/Aug/2020:09:12:37 +0800] "GET /xingrg/javascript/jquery_easy_ui/themes/default/easyui.css HTTP/1.1" 304 -
180.175.214.200 - - [06/Aug/2020:09:12:37 +0800] "GET /xingrg/css/form.css HTTP/1.1" 304 -
180.175.214.200 - - [06/Aug/2020:09:12:37 +0800] "GET /xingrg/index.html?sysBaseUrl=http%3A%2F%2F180.169.147.146%3A18081%2Fxingrg%2F&costTime=40×tamp=1596676356956 HTTP/1.1" 200 17173
180.175.214.200 - - [06/Aug/2020:09:12:37 +0800] "GET /xingrg/javascript/jquery-1.4.2.min.js HTTP/1.1" 304 -
180.175.214.200 - - [06/Aug/2020:09:12:37 +0800] "GET /xingrg/javascript/jquery_easy_ui/themes/icon.css HTTP/1.1" 304 -
180.175.214.200 - - [06/Aug/2020:09:12:37 +0800] "GET /xingrg/javascript/jquery.form.js HTTP/1.1" 304 -
180.175.214.200 - - [06/Aug/2020:09:12:37 +0800] "GET /xingrg/javascript/jquery_easy_ui/jquery.easyui.min.js HTTP/1.1" 304 -
180.175.214.200 - - [06/Aug/2020:09:12:37 +0800] "GET /xingrg/javascript/jquery.utils.js HTTP/1.1" 304 -
180.175.214.200 - - [06/Aug/2020:09:12:37 +0800] "GET /xingrg/javascript/jquery.timers.js HTTP/1.1" 304 -
180.175.214.200 - - [06/Aug/2020:09:12:37 +0800] "GET /xingrg/javascript/jquery_easy_ui/easyui-lang-zh_CN.js HTTP/1.1" 304 -
180.175.214.200 - - [06/Aug/2020:09:12:37 +0800] "GET /favicon.ico HTTP/1.1" 404 -
180.175.214.200 - - [06/Aug/2020:09:12:37 +0800] "GET /xingrg/images/blue/navBackgound.jpg HTTP/1.1" 304 -
180.175.214.200 - - [06/Aug/2020:09:12:37 +0800] "GET /xingrg/javascript/jquery_easy_ui/themes/icons/settle_new.png HTTP/1.1" 304 -
180.175.214.200 - - [06/Aug/2020:09:12:37 +0800] "GET /xingrg/images/blue/pingpu.png HTTP/1.1" 304 -
180.175.214.200 - - [06/Aug/2020:09:12:37 +0800] "GET /xingrg/javascript/jquery_easy_ui/themes/default/images/tabs_leftarrow.png HTTP/1.1" 304 -
180.175.214.200 - - [06/Aug/2020:09:12:37 +0800] "GET /xingrg/javascript/jquery_easy_ui/themes/default/images/tabs_rightarrow.png HTTP/1.1" 304 -
180.175.214.200 - - [06/Aug/2020:09:12:37 +0800] "POST /xingrg/all/common/load_tree.html?tree=area_rest_tree_json&manage=1 HTTP/1.1" 200 342
180.175.214.200 - - [06/Aug/2020:09:12:37 +0800] "GET /xingrg/javascript/jquery_easy_ui/themes/default/images/panel_tool_collapse.gif HTTP/1.1" 304 -
180.175.214.200 - - [06/Aug/2020:09:12:38 +0800] "GET /xingrg/all/function/internal_message.html?_=1596676560894&CODE_STATE=count HTTP/1.1" 200 11
180.175.214.200 - - [06/Aug/2020:09:12:38 +0800] "GET /xingrg/check_reg.html?_=1596676560896 HTTP/1.1" 200 22
180.175.214.200 - - [06/Aug/2020:09:12:38 +0800] "POST /xingrg/load_menu.html HTTP/1.1" 200 5138
180.175.214.200 - - [06/Aug/2020:09:12:38 +0800] "GET /xingrg/javascript/jquery_easy_ui/themes/default/images/tree_arrows.gif HTTP/1.1" 304 -
180.175.214.200 - - [06/Aug/2020:09:12:38 +0800] "GET /xingrg/javascript/jquery_easy_ui/themes/icons/search_new.png HTTP/1.1" 304 -
180.175.214.200 - - [06/Aug/2020:09:12:38 +0800] "GET /xingrg/javascript/jquery_easy_ui/themes/default/images/tree_folder.gif HTTP/1.1" 304 -
180.175.214.200 - - [06/Aug/2020:09:12:38 +0800] "GET /xingrg/javascript/jquery_easy_ui/themes/icons/storage_new.png HTTP/1.1" 304 -
180.175.214.200 - - [06/Aug/2020:09:12:38 +0800] "GET /xingrg/javascript/jquery_easy_ui/themes/icons/forms_new.png HTTP/1.1" 304 -
180.175.214.200 - - [06/Aug/2020:09:12:38 +0800] "GET /xingrg/javascript/jquery_easy_ui/themes/default/images/tree_file.gif HTTP/1.1" 304 -
180.175.214.200 - - [06/Aug/2020:09:12:38 +0800] "GET /xingrg/javascript/jquery_easy_ui/themes/default/images/tree_folder_open.gif HTTP/1.1" 304 -
114.88.161.57 - - [06/Aug/2020:09:12:39 +0800] "GET /xingrg/kc/buy/cgsh_order_operate.html?command=get_materiel&rest_code=00111&code=00101008349&supplier_code=00100005&order_time=2020-08-06 HTTP/1.1" 200 412
114.84.32.201 - - [06/Aug/2020:09:12:41 +0800] "GET /xingrg/all/function/internal_message.html?_=1596676351575&CODE_STATE=getMsg HTTP/1.1" 200 27
183.192.164.85 - - [06/Aug/2020:09:12:42 +0800] "GET /xingrg/login.html HTTP/1.1" 200 7641
61.172.5.115 - - [06/Aug/2020:09:12:42 +0800] "POST /xingrg/kc/buy/cgsh_order_operate.html HTTP/1.1" 200 2065
61.172.5.115 - - [06/Aug/2020:09:12:42 +0800] "GET /xingrg/all/function/internal_message.html?_=1596676358886&CODE_STATE=getMsg HTTP/1.1" 200 27
114.89.80.44 - - [06/Aug/2020:09:12:42 +0800] "GET /xingrg/all/function/internal_message.html?_=1596676493395&CODE_STATE=getMsg HTTP/1.1" 200 27
61.172.5.115 - - [06/Aug/2020:09:12:43 +0800] "POST /xingrg/kc/buy/cgsh_order_operate.html HTTP/1.1" 200 2065
61.172.5.115 - - [06/Aug/2020:09:12:45 +0800] "POST /xingrg/kc/buy/cgsh_order_operate.html HTTP/1.1" 200 2065
172.17.200.101 - - [06/Aug/2020:09:12:45 +0800] "GET /xingrg/all/function/internal_message.html?_=1596676365273&CODE_STATE=getMsg HTTP/1.1" 200 27
172.17.0.100 - - [06/Aug/2020:09:12:45 +0800] "GET /xingrg/all/function/internal_message.html?_=1596676362373&CODE_STATE=getMsg HTTP/1.1" 200 27
180.175.214.200 - - [06/Aug/2020:09:12:46 +0800] "GET /xingrg/javascript/jquery_easy_ui/themes/default/images/tabs_close.gif HTTP/1.1" 304 -
180.175.214.200 - - [06/Aug/2020:09:12:46 +0800] "GET /xingrg/css/base.css HTTP/1.1" 304 -
180.175.214.200 - - [06/Aug/2020:09:12:46 +0800] "GET /xingrg/kc/buy/cgsh_order_list.html HTTP/1.1" 200 43641
180.175.214.200 - - [06/Aug/2020:09:12:46 +0800] "GET /xingrg/javascript/jquery_tools/jquery.tools.extend.js HTTP/1.1" 304 -
180.175.214.200 - - [06/Aug/2020:09:12:46 +0800] "GET /xingrg/javascript/jquery_tools/datebox.css HTTP/1.1" 304 -
180.175.214.200 - - [06/Aug/2020:09:12:46 +0800] "GET /xingrg/javascript/jquery_tools/fix.css HTTP/1.1" 304 -
180.175.214.200 - - [06/Aug/2020:09:12:46 +0800] "GET /xingrg/javascript/jquery_tools/jquery.tools.min.js HTTP/1.1" 304 -
180.175.214.200 - - [06/Aug/2020:09:12:46 +0800] "GET /xingrg/javascript/easyui/themes/default/easyui.css HTTP/1.1" 304 -
180.175.214.200 - - [06/Aug/2020:09:12:46 +0800] "GET /xingrg/javascript/easyui/themes/icon.css HTTP/1.1" 304 -
180.175.214.200 - - [06/Aug/2020:09:12:46 +0800] "GET /xingrg/css/site.css HTTP/1.1" 304 -
180.175.214.200 - - [06/Aug/2020:09:12:46 +0800] "GET /xingrg/javascript/auto/jquery.autocomplete.css HTTP/1.1" 304 -
180.175.214.200 - - [06/Aug/2020:09:12:46 +0800] "GET /xingrg/javascript/jquery_tools/table.css HTTP/1.1" 304 -
180.175.214.200 - - [06/Aug/2020:09:12:46 +0800] "GET /xingrg/javascript/jquery_tools/jquery.tools.table.js HTTP/1.1" 304 -
180.175.214.200 - - [06/Aug/2020:09:12:46 +0800] "GET /xingrg/javascript/jquery_tools/list_manager.js HTTP/1.1" 304 -
180.175.214.200 - - [06/Aug/2020:09:12:46 +0800] "GET /xingrg/javascript/jquery_tools/jquery.tools.hotkey.js HTTP/1.1" 304 -
180.175.214.200 - - [06/Aug/2020:09:12:46 +0800] "GET /xingrg/javascript/jquery.cookie.js HTTP/1.1" 304 -
180.175.214.200 - - [06/Aug/2020:09:12:46 +0800] "GET /xingrg/javascript/auto/jquery.autocomplete.js HTTP/1.1" 304 -
180.175.214.200 - - [06/Aug/2020:09:12:46 +0800] "GET /xingrg/javascript/print/LodopFuncs.js HTTP/1.1" 304 -
180.175.214.200 - - [06/Aug/2020:09:12:46 +0800] "GET /xingrg/javascript/easyui/easyloader.js HTTP/1.1" 304 -
180.175.214.200 - - [06/Aug/2020:09:12:47 +0800] "GET /xingrg/javascript/easyui/themes/icons/edit_add_new.png HTTP/1.1" 304 -
180.175.214.200 - - [06/Aug/2020:09:12:47 +0800] "GET /xingrg/javascript/easyui/themes/icons/cance_new.png HTTP/1.1" 304 -
180.175.214.200 - - [06/Aug/2020:09:12:47 +0800] "GET /xingrg/javascript/easyui/themes/icons/check_new.png HTTP/1.1" 304 -
180.175.214.200 - - [06/Aug/2020:09:12:47 +0800] "GET /xingrg/javascript/easyui/themes/icons/field_new.png HTTP/1.1" 304 -
180.175.214.200 - - [06/Aug/2020:09:12:47 +0800] "GET /xingrg/javascript/easyui/themes/icons/import_new.png HTTP/1.1" 304 -
180.175.214.200 - - [06/Aug/2020:09:12:47 +0800] "GET /xingrg/javascript/easyui/plugins/jquery.parser.js HTTP/1.1" 304 -
180.175.214.200 - - [06/Aug/2020:09:12:47 +0800] "GET /xingrg/images/control/ajaxLoader.gif HTTP/1.1" 304 -
180.175.214.200 - - [06/Aug/2020:09:12:48 +0800] "POST /xingrg/kc/buy/cgsh_list_operate.html HTTP/1.1" 200 876
222.69.133.128 - - [06/Aug/2020:09:12:48 +0800] "GET /xingrg/all/function/internal_message.html?_=1596676361787&CODE_STATE=getMsg HTTP/1.1" 200 27
114.88.156.201 - - [06/Aug/2020:09:12:50 +0800] "GET /xingrg/all/function/internal_message.html?_=1596676364466&CODE_STATE=getMsg HTTP/1.1" 200 27
61.172.5.115 - - [06/Aug/2020:09:12:52 +0800] "GET /xingrg/kc/buy/cgsh_order_operate.html?command=get_materiel&rest_code=00105&code=00101008175&supplier_code=00100203&order_time=2020-08-06 HTTP/1.1" 200 412
114.88.161.57 - - [06/Aug/2020:09:12:55 +0800] "GET /xingrg/kc/buy/cgsh_order_operate.html?command=get_materiel&rest_code=00111&code=00101008080&supplier_code=00100005&order_time=2020-08-06 HTTP/1.1" 200 416
120.253.135.82 - - [06/Aug/2020:09:12:55 +0800] "GET /xingrg/check_reg.html?_=1596676126134 HTTP/1.1" 200 22
120.253.135.82 - - [06/Aug/2020:09:12:55 +0800] "GET /xingrg/all/function/internal_message.html?_=1596676126266&CODE_STATE=getMsg HTTP/1.1" 200 27
114.88.161.57 - - [06/Aug/2020:09:12:56 +0800] "GET /xingrg/all/function/internal_message.html?_=1596676408956&CODE_STATE=getMsg HTTP/1.1" 200 27
61.172.5.115 - - [06/Aug/2020:09:12:58 +0800] "GET /xingrg/all/function/internal_message.html?_=1596676369398&CODE_STATE=getMsg HTTP/1.1" 200 27
114.88.161.57 - - [06/Aug/2020:09:13:11 +0800] "GET /xingrg/kc/buy/cgsh_order_operate.html?command=get_materiel&rest_code=00111&code=00101008351&supplier_code=00100005&order_time=2020-08-06 HTTP/1.1" 200 408
116.230.74.197 - - [06/Aug/2020:09:13:13 +0800] "GET /xingrg/check_reg.html?_=1596676384587 HTTP/1.1" 200 22
114.88.161.57 - - [06/Aug/2020:09:13:13 +0800] "POST /xingrg/kc/buy/cgsh_order_operate.html HTTP/1.1" 200 2065
116.230.74.197 - - [06/Aug/2020:09:13:14 +0800] "GET /xingrg/all/function/internal_message.html?_=1596676385533&CODE_STATE=getMsg HTTP/1.1" 200 27
114.88.161.57 - - [06/Aug/2020:09:13:18 +0800] "GET /xingrg/kc/buy/cgsh_order_operate.html?command=get_materiel&rest_code=00111&code=00101008110&supplier_code=00100005&order_time=2020-08-06 HTTP/1.1" 200 408
61.172.5.115 - - [06/Aug/2020:09:13:20 +0800] "GET /xingrg/kc/buy/cgsh_order_operate.html?command=get_materiel&rest_code=00105&code=00101008223&supplier_code=00100203&order_time=2020-08-06 HTTP/1.1" 200 412
114.89.80.44 - - [06/Aug/2020:09:13:20 +0800] "GET /xingrg/all/function/internal_message.html?_=1596676396455&CODE_STATE=getMsg HTTP/1.1" 200 27
114.89.80.44 - - [06/Aug/2020:09:13:23 +0800] "POST /xingrg/all/user/operate.html HTTP/1.1" 200 36
114.89.80.44 - - [06/Aug/2020:09:13:23 +0800] "GET /xingrg/index.html?sysBaseUrl=http%3A%2F%2F180.169.147.146%3A18081%2Fxingrg%2F&costTime=43×tamp=1596447767329 HTTP/1.1" 200 17179
114.89.80.44 - - [06/Aug/2020:09:13:23 +0800] "GET /xingrg/javascript/jquery_easy_ui/themes/default/easyui.css HTTP/1.1" 304 -
114.89.80.44 - - [06/Aug/2020:09:13:23 +0800] "GET /xingrg/javascript/jquery_easy_ui/themes/icon.css HTTP/1.1" 304 -
114.89.80.44 - - [06/Aug/2020:09:13:23 +0800] "GET /xingrg/css/form.css HTTP/1.1" 304 -
114.89.80.44 - - [06/Aug/2020:09:13:23 +0800] "GET /xingrg/javascript/jquery-1.4.2.min.js HTTP/1.1" 304 -
114.89.80.44 - - [06/Aug/2020:09:13:23 +0800] "GET /xingrg/javascript/jquery_easy_ui/jquery.easyui.min.js HTTP/1.1" 304 -
114.89.80.44 - - [06/Aug/2020:09:13:23 +0800] "GET /xingrg/javascript/jquery_easy_ui/easyui-lang-zh_CN.js HTTP/1.1" 304 -
114.89.80.44 - - [06/Aug/2020:09:13:23 +0800] "GET /xingrg/javascript/jquery.form.js HTTP/1.1" 304 -
114.89.80.44 - - [06/Aug/2020:09:13:23 +0800] "GET /xingrg/javascript/jquery.utils.js HTTP/1.1" 304 -
114.89.80.44 - - [06/Aug/2020:09:13:24 +0800] "GET /xingrg/javascript/jquery.timers.js HTTP/1.1" 304 -
114.89.80.44 - - [06/Aug/2020:09:13:24 +0800] "GET /xingrg/images/blue/jxLogo.png HTTP/1.1" 304 -
114.89.80.44 - - [06/Aug/2020:09:13:24 +0800] "GET /xingrg/javascript/jquery_easy_ui/themes/icons/settle_new.png HTTP/1.1" 304 -
114.89.80.44 - - [06/Aug/2020:09:13:24 +0800] "GET /xingrg/images/blue/navBackgound.jpg HTTP/1.1" 304 -
114.89.80.44 - - [06/Aug/2020:09:13:24 +0800] "POST /xingrg/all/common/load_tree.html?tree=area_rest_tree_json&manage=1 HTTP/1.1" 200 476
114.89.80.44 - - [06/Aug/2020:09:13:24 +0800] "GET /xingrg/all/function/internal_message.html?_=1596676399780&CODE_STATE=count HTTP/1.1" 200 11
114.89.80.44 - - [06/Aug/2020:09:13:24 +0800] "GET /xingrg/check_reg.html?_=1596676399781 HTTP/1.1" 200 22
114.89.80.44 - - [06/Aug/2020:09:13:24 +0800] "GET /xingrg/images/blue/pingpu.png HTTP/1.1" 304 -
114.89.80.44 - - [06/Aug/2020:09:13:24 +0800] "GET /xingrg/javascript/jquery_easy_ui/themes/default/images/tabs_rightarrow.png HTTP/1.1" 304 -
114.89.80.44 - - [06/Aug/2020:09:13:24 +0800] "GET /xingrg/javascript/jquery_easy_ui/themes/default/images/panel_tool_collapse.gif HTTP/1.1" 304 -
114.89.80.44 - - [06/Aug/2020:09:13:24 +0800] "GET /xingrg/javascript/jquery_easy_ui/themes/default/images/tabs_leftarrow.png HTTP/1.1" 304 -
114.89.80.44 - - [06/Aug/2020:09:13:24 +0800] "POST /xingrg/load_menu.html HTTP/1.1" 200 5138
114.88.161.57 - - [06/Aug/2020:09:13:24 +0800] "GET /xingrg/kc/buy/cgsh_order_operate.html?command=get_materiel&rest_code=00111&code=00101008361&supplier_code=00100005&order_time=2020-08-06 HTTP/1.1" 200 408
117.185.32.26 - - [06/Aug/2020:09:13:29 +0800] "GET /xingrg/all/function/internal_message.html?_=1596676404287&CODE_STATE=getMsg HTTP/1.1" 200 27
114.89.80.44 - - [06/Aug/2020:09:13:30 +0800] "GET /xingrg/kc/base/yddb_order_list.html HTTP/1.1" 200 16867
114.88.161.57 - - [06/Aug/2020:09:13:30 +0800] "GET /xingrg/kc/buy/cgsh_order_operate.html?command=get_materiel&rest_code=00111&code=00101008148&supplier_code=00100005&order_time=2020-08-06 HTTP/1.1" 200 416
114.89.80.44 - - [06/Aug/2020:09:13:30 +0800] "POST /xingrg/kc/base/yddb_list_operate.html HTTP/1.1" 200 583
114.88.161.57 - - [06/Aug/2020:09:13:31 +0800] "GET /xingrg/all/function/internal_message.html?_=1596676407795&CODE_STATE=getMsg HTTP/1.1" 200 27
222.69.133.128 - - [06/Aug/2020:09:13:34 +0800] "GET /xingrg/kc/buy/cgsh_order_add.html HTTP/1.1" 200 59432
222.69.133.128 - - [06/Aug/2020:09:13:34 +0800] "POST /xingrg/kc/buy/cgsh_order_operate.html HTTP/1.1" 200 8245
222.69.133.128 - - [06/Aug/2020:09:13:34 +0800] "GET /xingrg/javascript/easyui/themes/default/validatebox.css HTTP/1.1" 404 1104
61.172.5.115 - - [06/Aug/2020:09:13:36 +0800] "GET /xingrg/kc/buy/cgsh_order_operate.html?command=get_materiel&rest_code=00105&code=00101008236&supplier_code=00100203&order_time=2020-08-06 HTTP/1.1" 200 416
114.89.80.44 - - [06/Aug/2020:09:13:36 +0800] "GET /xingrg/kc/base/yddb_order_add.html HTTP/1.1" 200 29561
114.89.80.44 - - [06/Aug/2020:09:13:37 +0800] "GET /xingrg/dwr/util.js HTTP/1.1" 304 -
114.89.80.44 - - [06/Aug/2020:09:13:37 +0800] "GET /xingrg/dwr/interface/AjaxComOrderService.js HTTP/1.1" 200 18264
114.89.80.44 - - [06/Aug/2020:09:13:37 +0800] "GET /xingrg/dwr/interface/AjaxYddbService.js HTTP/1.1" 200 13201
114.89.80.44 - - [06/Aug/2020:09:13:37 +0800] "GET /xingrg/dwr/engine.js HTTP/1.1" 200 43631
180.175.214.200 - - [06/Aug/2020:09:13:38 +0800] "GET /xingrg/all/function/internal_message.html?_=1596676620898&CODE_STATE=getMsg HTTP/1.1" 200 27
114.88.161.57 - - [06/Aug/2020:09:13:38 +0800] "GET /xingrg/kc/buy/cgsh_order_operate.html?command=get_materiel&rest_code=00111&code=00101008264&supplier_code=00100005&order_time=2020-08-06 HTTP/1.1" 200 412
120.204.17.71 - - [06/Aug/2020:09:13:38 +0800] "GET /xingrg/all/function/internal_message.html?_=1596675684303&CODE_STATE=getMsg HTTP/1.1" 302 -
120.204.17.68 - - [06/Aug/2020:09:13:39 +0800] "GET /xingrg/check_reg.html?_=1596675684301 HTTP/1.1" 302 -
114.88.161.57 - - [06/Aug/2020:09:13:40 +0800] "POST /xingrg/kc/buy/cgsh_order_operate.html HTTP/1.1" 200 2065
114.84.32.201 - - [06/Aug/2020:09:13:41 +0800] "GET /xingrg/all/function/internal_message.html?_=1596676411584&CODE_STATE=getMsg HTTP/1.1" 200 27
61.172.5.115 - - [06/Aug/2020:09:13:42 +0800] "GET /xingrg/all/function/internal_message.html?_=1596676418944&CODE_STATE=getMsg HTTP/1.1" 200 27
114.89.80.44 - - [06/Aug/2020:09:13:42 +0800] "GET /xingrg/all/function/internal_message.html?_=1596676553409&CODE_STATE=getMsg HTTP/1.1" 200 27
120.204.17.71 - - [06/Aug/2020:09:13:44 +0800] "GET /xingrg/login.html HTTP/1.1" 200 7641
61.172.5.115 - - [06/Aug/2020:09:13:44 +0800] "GET /xingrg/kc/buy/cgsh_order_operate.html?command=get_materiel&rest_code=00105&code=00101015038&supplier_code=00100203&order_time=2020-08-06 HTTP/1.1" 200 418
172.17.200.101 - - [06/Aug/2020:09:13:45 +0800] "GET /xingrg/all/function/internal_message.html?_=1596676425261&CODE_STATE=getMsg HTTP/1.1" 200 27
172.17.0.100 - - [06/Aug/2020:09:13:45 +0800] "GET /xingrg/all/function/internal_message.html?_=1596676422371&CODE_STATE=getMsg HTTP/1.1" 200 27
222.69.133.128 - - [06/Aug/2020:09:13:46 +0800] "GET /xingrg/kc/buy/cgsh_order_operate.html?command=get_materiel&rest_code=00149&code=00101007061&supplier_code=00100205&order_time=2020-08-06 HTTP/1.1" 200 411
114.89.80.44 - - [06/Aug/2020:09:13:48 +0800] "POST /xingrg/dwr/call/plaincall/AjaxYddbService.getRestBases.dwr HTTP/1.1" 200 1514
114.88.161.57 - - [06/Aug/2020:09:13:48 +0800] "GET /xingrg/kc/buy/cgsh_order_operate.html?command=get_materiel&rest_code=00111&code=00101015004&supplier_code=00100005&order_time=2020-08-06 HTTP/1.1" 200 427
120.204.17.68 - - [06/Aug/2020:09:13:48 +0800] "GET /xingrg/login.html HTTP/1.1" 200 7641
222.69.133.128 - - [06/Aug/2020:09:13:48 +0800] "GET /xingrg/all/function/internal_message.html?_=1596676421762&CODE_STATE=getMsg HTTP/1.1" 200 27
180.175.214.200 - - [06/Aug/2020:09:13:49 +0800] "GET /xingrg/javascript/easyui/themes/default/images/button_plain_hover.png HTTP/1.1" 304 -
180.175.214.200 - - [06/Aug/2020:09:13:50 +0800] "GET /xingrg/javascript/convert.js HTTP/1.1" 304 -
180.175.214.200 - - [06/Aug/2020:09:13:50 +0800] "GET /xingrg/javascript/pic_change.js HTTP/1.1" 304 -
180.175.214.200 - - [06/Aug/2020:09:13:50 +0800] "GET /xingrg/javascript/jquery_tools/order_manager.js HTTP/1.1" 304 -
180.175.214.200 - - [06/Aug/2020:09:13:50 +0800] "GET /xingrg/javascript/json2.js HTTP/1.1" 304 -
180.175.214.200 - - [06/Aug/2020:09:13:50 +0800] "GET /xingrg/javascript/print/kc_print.js HTTP/1.1" 304 -
180.175.214.200 - - [06/Aug/2020:09:13:50 +0800] "GET /xingrg/kc/buy/cgsh_order_add.html HTTP/1.1" 200 59291
180.175.214.200 - - [06/Aug/2020:09:13:50 +0800] "GET /xingrg/words/20200805143817_words.js HTTP/1.1" 304 -
114.88.156.201 - - [06/Aug/2020:09:13:50 +0800] "GET /xingrg/all/function/internal_message.html?_=1596676424465&CODE_STATE=getMsg HTTP/1.1" 200 27
180.175.214.200 - - [06/Aug/2020:09:13:50 +0800] "GET /xingrg/javascript/easyui/themes/icons/copy_new.png HTTP/1.1" 304 -
180.175.214.200 - - [06/Aug/2020:09:13:50 +0800] "GET /xingrg/javascript/easyui/themes/icons/template_new.png HTTP/1.1" 304 -
180.175.214.200 - - [06/Aug/2020:09:13:50 +0800] "GET /xingrg/javascript/easyui/themes/icons/ok.png HTTP/1.1" 304 -
180.175.214.200 - - [06/Aug/2020:09:13:50 +0800] "GET /xingrg/javascript/easyui/themes/icons/print.png HTTP/1.1" 304 -
180.175.214.200 - - [06/Aug/2020:09:13:50 +0800] "GET /xingrg/javascript/easyui/themes/default/images/menu_downarrow.png HTTP/1.1" 304 -
180.175.214.200 - - [06/Aug/2020:09:13:51 +0800] "GET /xingrg/javascript/easyui/themes/icons/cancel.png HTTP/1.1" 304 -
180.175.214.200 - - [06/Aug/2020:09:13:51 +0800] "POST /xingrg/kc/buy/cgsh_order_operate.html HTTP/1.1" 200 8245
180.175.214.200 - - [06/Aug/2020:09:13:51 +0800] "GET /xingrg/javascript/easyui/themes/icons/edit_remove.png HTTP/1.1" 304 -
180.175.214.200 - - [06/Aug/2020:09:13:51 +0800] "GET /xingrg/all/common/auto_word.html?type=employee&rest_code=00102 HTTP/1.1" 200 189
180.175.214.200 - - [06/Aug/2020:09:13:51 +0800] "GET /xingrg/all/common/auto_word.html?type=employee&rest_code=00102 HTTP/1.1" 200 189
180.175.214.200 - - [06/Aug/2020:09:13:51 +0800] "GET /xingrg/javascript/easyui/themes/default/validatebox.css HTTP/1.1" 404 1104
180.175.214.200 - - [06/Aug/2020:09:13:51 +0800] "GET /xingrg/javascript/easyui/plugins/jquery.validatebox.js HTTP/1.1" 304 -
180.175.214.200 - - [06/Aug/2020:09:13:51 +0800] "GET /xingrg/javascript/easyui/plugins/jquery.numberbox.js HTTP/1.1" 304 -
114.89.80.44 - - [06/Aug/2020:09:13:53 +0800] "POST /xingrg/dwr/call/plaincall/AjaxYddbService.saveOrder.dwr HTTP/1.1" 200 78
180.175.214.200 - - [06/Aug/2020:09:13:53 +0800] "GET /xingrg/javascript/easyui/plugins/jquery.draggable.js HTTP/1.1" 304 -
180.175.214.200 - - [06/Aug/2020:09:13:53 +0800] "GET /xingrg/css/images/panel_loading.gif HTTP/1.1" 304 -
180.175.214.200 - - [06/Aug/2020:09:13:53 +0800] "GET /xingrg/javascript/easyui/plugins/jquery.droppable.js HTTP/1.1" 304 -
180.175.214.200 - - [06/Aug/2020:09:13:54 +0800] "GET /xingrg/javascript/easyui/themes/default/tree.css HTTP/1.1" 404 1090
180.175.214.200 - - [06/Aug/2020:09:13:54 +0800] "GET /xingrg/javascript/easyui/plugins/jquery.tree.js HTTP/1.1" 304 -
114.89.80.44 - - [06/Aug/2020:09:13:54 +0800] "GET /xingrg/images/yd/bt.gif HTTP/1.1" 404 1040
180.175.214.200 - - [06/Aug/2020:09:13:54 +0800] "POST /xingrg/all/common/load_tree.html?tree=supplier_tree_json&isDelete=1 HTTP/1.1" 200 49675
114.88.161.57 - - [06/Aug/2020:09:13:55 +0800] "GET /xingrg/kc/buy/cgsh_order_operate.html?command=get_materiel&rest_code=00111&code=00101008137&supplier_code=00100005&order_time=2020-08-06 HTTP/1.1" 200 408
120.253.135.82 - - [06/Aug/2020:09:13:55 +0800] "GET /xingrg/all/function/internal_message.html?_=1596676186279&CODE_STATE=getMsg HTTP/1.1" 200 27
114.89.80.44 - - [06/Aug/2020:09:13:55 +0800] "POST /xingrg/dwr/call/plaincall/AjaxComOrderService.getMaterielSearchList.dwr HTTP/1.1" 200 1281
114.89.80.44 - - [06/Aug/2020:09:13:56 +0800] "POST /xingrg/dwr/call/plaincall/AjaxComOrderService.getMaterielSearchList.dwr HTTP/1.1" 200 1281
180.175.214.200 - - [06/Aug/2020:09:13:56 +0800] "GET /xingrg/javascript/easyui/themes/default/images/tree_arrows.gif HTTP/1.1" 304 -
180.175.214.200 - - [06/Aug/2020:09:13:56 +0800] "GET /xingrg/javascript/easyui/themes/default/images/tree_folder_open.gif HTTP/1.1" 304 -
180.175.214.200 - - [06/Aug/2020:09:13:56 +0800] "GET /xingrg/javascript/easyui/themes/default/images/tree_folder.gif HTTP/1.1" 304 -
180.175.214.200 - - [06/Aug/2020:09:13:56 +0800] "GET /xingrg/javascript/easyui/themes/default/images/tree_file.gif HTTP/1.1" 304 -
114.88.161.57 - - [06/Aug/2020:09:13:56 +0800] "GET /xingrg/check_reg.html?_=1596676468965 HTTP/1.1" 200 22
114.88.161.57 - - [06/Aug/2020:09:13:56 +0800] "GET /xingrg/all/function/internal_message.html?_=1596676468968&CODE_STATE=getMsg HTTP/1.1" 200 27
114.89.80.44 - - [06/Aug/2020:09:13:57 +0800] "POST /xingrg/dwr/call/plaincall/AjaxYddbService.getMaterielByMap.dwr HTTP/1.1" 200 3680
61.172.5.115 - - [06/Aug/2020:09:13:58 +0800] "GET /xingrg/all/function/internal_message.html?_=1596676429398&CODE_STATE=getMsg HTTP/1.1" 200 27
61.172.5.115 - - [06/Aug/2020:09:13:58 +0800] "GET /xingrg/kc/buy/cgsh_order_operate.html?command=get_materiel&rest_code=00105&code=00101008248&supplier_code=00100203&order_time=2020-08-06 HTTP/1.1" 200 412
222.69.133.128 - - [06/Aug/2020:09:13:59 +0800] "GET /xingrg/kc/buy/cgsh_order_operate.html?command=get_materiel&rest_code=00149&code=00101007083&supplier_code=00100205&order_time=2020-08-06 HTTP/1.1" 200 423
114.88.161.57 - - [06/Aug/2020:09:14:00 +0800] "GET /xingrg/kc/buy/cgsh_order_operate.html?command=get_materiel&rest_code=00111&code=00101008360&supplier_code=00100005&order_time=2020-08-06 HTTP/1.1" 200 412
114.89.80.44 - - [06/Aug/2020:09:14:01 +0800] "POST /xingrg/dwr/call/plaincall/AjaxYddbService.saveMaterielItem.dwr HTTP/1.1" 200 78
114.89.80.44 - - [06/Aug/2020:09:14:04 +0800] "POST /xingrg/dwr/call/plaincall/AjaxComOrderService.getMaterielSearchList.dwr HTTP/1.1" 200 1913
114.89.80.44 - - [06/Aug/2020:09:14:06 +0800] "POST /xingrg/dwr/call/plaincall/AjaxYddbService.getMaterielByMap.dwr HTTP/1.1" 200 3692
114.89.80.44 - - [06/Aug/2020:09:14:09 +0800] "GET /xingrg/images/yd/bt2.gif HTTP/1.1" 404 1042
114.89.80.44 - - [06/Aug/2020:09:14:10 +0800] "POST /xingrg/dwr/call/plaincall/AjaxYddbService.saveMaterielItem.dwr HTTP/1.1" 200 78
116.230.74.197 - - [06/Aug/2020:09:14:14 +0800] "GET /xingrg/all/function/internal_message.html?_=1596676445515&CODE_STATE=getMsg HTTP/1.1" 200 27
222.69.133.128 - - [06/Aug/2020:09:14:17 +0800] "GET /xingrg/kc/buy/cgsh_order_operate.html?command=get_materiel&rest_code=00149&code=00101007049&supplier_code=00100205&order_time=2020-08-06 HTTP/1.1" 200 409
114.88.161.57 - - [06/Aug/2020:09:14:18 +0800] "POST /xingrg/kc/buy/cgsh_order_operate.html HTTP/1.1" 200 2065
222.70.173.120 - - [06/Aug/2020:09:14:20 +0800] "GET /xingrg/check_reg.html?_=1596676501887 HTTP/1.1" 200 22
61.172.5.115 - - [06/Aug/2020:09:14:22 +0800] "GET /xingrg/kc/buy/cgsh_order_operate.html?command=get_materiel&rest_code=00105&code=00101008072&supplier_code=00100203&order_time=2020-08-06 HTTP/1.1" 200 408
114.88.161.57 - - [06/Aug/2020:09:14:23 +0800] "GET /xingrg/kc/buy/cgsh_order_operate.html?command=get_materiel&rest_code=00111&code=00101008318&supplier_code=00100005&order_time=2020-08-06 HTTP/1.1" 200 408
114.89.80.44 - - [06/Aug/2020:09:14:24 +0800] "GET /xingrg/all/function/internal_message.html?_=1596676459789&CODE_STATE=getMsg HTTP/1.1" 200 27
222.69.133.128 - - [06/Aug/2020:09:14:25 +0800] "GET /xingrg/kc/buy/cgsh_order_operate.html?command=get_materiel&rest_code=00149&code=00101007048&supplier_code=00100205&order_time=2020-08-06 HTTP/1.1" 200 430
117.185.32.26 - - [06/Aug/2020:09:14:29 +0800] "GET /xingrg/all/function/internal_message.html?_=1596676464301&CODE_STATE=getMsg HTTP/1.1" 200 27
114.88.161.57 - - [06/Aug/2020:09:14:30 +0800] "GET /xingrg/kc/buy/cgsh_order_operate.html?command=get_materiel&rest_code=00111&code=00101008352&supplier_code=00100005&order_time=2020-08-06 HTTP/1.1" 200 412
61.172.5.115 - - [06/Aug/2020:09:14:30 +0800] "GET /xingrg/kc/buy/cgsh_order_operate.html?command=get_materiel&rest_code=00105&code=00101008358&supplier_code=00100203&order_time=2020-08-06 HTTP/1.1" 200 412
114.88.161.57 - - [06/Aug/2020:09:14:31 +0800] "GET /xingrg/all/function/internal_message.html?_=1596676467823&CODE_STATE=getMsg HTTP/1.1" 200 27
114.88.161.57 - - [06/Aug/2020:09:14:35 +0800] "GET /xingrg/kc/buy/cgsh_order_operate.html?command=get_materiel&rest_code=00111&code=00101008069&supplier_code=00100005&order_time=2020-08-06 HTTP/1.1" 200 412
180.175.214.200 - - [06/Aug/2020:09:14:38 +0800] "GET /xingrg/all/function/internal_message.html?_=1596676680911&CODE_STATE=getMsg HTTP/1.1" 200 27
222.69.133.128 - - [06/Aug/2020:09:14:38 +0800] "GET /xingrg/kc/buy/cgsh_order_operate.html?command=get_materiel&rest_code=00149&code=00101007023&supplier_code=00100205&order_time=2020-08-06 HTTP/1.1" 200 409
114.84.32.201 - - [06/Aug/2020:09:14:41 +0800] "GET /xingrg/all/function/internal_message.html?_=1596676471582&CODE_STATE=getMsg HTTP/1.1" 200 27
114.84.32.201 - - [06/Aug/2020:09:14:41 +0800] "GET /xingrg/check_reg.html?_=1596676471584 HTTP/1.1" 200 22
61.172.5.115 - - [06/Aug/2020:09:14:42 +0800] "GET /xingrg/check_reg.html?_=1596676478861 HTTP/1.1" 200 22
61.172.5.115 - - [06/Aug/2020:09:14:42 +0800] "GET /xingrg/all/function/internal_message.html?_=1596676478864&CODE_STATE=getMsg HTTP/1.1" 200 27
114.89.80.44 - - [06/Aug/2020:09:14:42 +0800] "GET /xingrg/all/function/internal_message.html?_=1596676613433&CODE_STATE=getMsg HTTP/1.1" 200 27
172.17.200.101 - - [06/Aug/2020:09:14:45 +0800] "GET /xingrg/all/function/internal_message.html?_=1596676485261&CODE_STATE=getMsg HTTP/1.1" 200 27
172.17.0.100 - - [06/Aug/2020:09:14:45 +0800] "GET /xingrg/all/function/internal_message.html?_=1596676482399&CODE_STATE=getMsg HTTP/1.1" 200 27
114.88.161.57 - - [06/Aug/2020:09:14:47 +0800] "GET /xingrg/kc/buy/cgsh_order_operate.html?command=get_materiel&rest_code=00111&code=00101008092&supplier_code=00100005&order_time=2020-08-06 HTTP/1.1" 200 412
61.172.5.115 - - [06/Aug/2020:09:14:48 +0800] "GET /xingrg/kc/buy/cgsh_order_operate.html?command=get_materiel&rest_code=00105&code=00101008224&supplier_code=00100203&order_time=2020-08-06 HTTP/1.1" 200 416
222.69.133.128 - - [06/Aug/2020:09:14:48 +0800] "GET /xingrg/all/function/internal_message.html?_=1596676481750&CODE_STATE=getMsg HTTP/1.1" 200 27
114.88.161.57 - - [06/Aug/2020:09:14:49 +0800] "POST /xingrg/kc/buy/cgsh_order_operate.html HTTP/1.1" 200 2065
114.88.156.201 - - [06/Aug/2020:09:14:50 +0800] "GET /xingrg/all/function/internal_message.html?_=1596676484464&CODE_STATE=getMsg HTTP/1.1" 200 27
114.88.161.57 - - [06/Aug/2020:09:14:53 +0800] "GET /xingrg/kc/buy/cgsh_order_operate.html?command=get_materiel&rest_code=00111&code=00101008213&supplier_code=00100005&order_time=2020-08-06 HTTP/1.1" 200 412
120.253.135.82 - - [06/Aug/2020:09:14:55 +0800] "GET /xingrg/all/function/internal_message.html?_=1596676246293&CODE_STATE=getMsg HTTP/1.1" 200 27
114.88.161.57 - - [06/Aug/2020:09:14:56 +0800] "GET /xingrg/all/function/internal_message.html?_=1596676529006&CODE_STATE=getMsg HTTP/1.1" 200 27
61.172.5.115 - - [06/Aug/2020:09:14:58 +0800] "GET /xingrg/check_reg.html?_=1596676489398 HTTP/1.1" 200 22
61.172.5.115 - - [06/Aug/2020:09:14:58 +0800] "GET /xingrg/all/function/internal_message.html?_=1596676489401&CODE_STATE=getMsg HTTP/1.1" 200 27
120.204.17.73 - - [06/Aug/2020:09:14:59 +0800] "GET /xingrg/all/function/internal_message.html?_=1596675804301&CODE_STATE=getMsg HTTP/1.1" 302 -
61.172.5.115 - - [06/Aug/2020:09:15:03 +0800] "GET /xingrg/kc/buy/cgsh_order_operate.html?command=get_materiel&rest_code=00105&code=00101008087&supplier_code=00100203&order_time=2020-08-06 HTTP/1.1" 200 412
114.88.161.57 - - [06/Aug/2020:09:15:04 +0800] "GET /xingrg/kc/buy/cgsh_order_operate.html?command=get_materiel&rest_code=00111&code=00101008198&supplier_code=00100005&order_time=2020-08-06 HTTP/1.1" 200 413
120.204.17.73 - - [06/Aug/2020:09:15:08 +0800] "GET /xingrg/login.html HTTP/1.1" 200 7641
222.69.133.128 - - [06/Aug/2020:09:15:09 +0800] "POST /xingrg/kc/buy/cgsh_order_operate.html HTTP/1.1" 200 37
222.69.133.128 - - [06/Aug/2020:09:15:10 +0800] "POST /xingrg/kc/buy/cgsh_order_operate.html HTTP/1.1" 200 12
222.69.133.128 - - [06/Aug/2020:09:15:12 +0800] "GET /xingrg/kc/buy/cgsh_order_info.html?code=212020080602108 HTTP/1.1" 200 54333
222.69.133.128 - - [06/Aug/2020:09:15:12 +0800] "GET /xingrg/javascript/easyui/themes/default/validatebox.css HTTP/1.1" 404 1104
61.172.5.115 - - [06/Aug/2020:09:15:12 +0800] "POST /xingrg/kc/buy/cgsh_order_operate.html HTTP/1.1" 200 2065
222.69.133.128 - - [06/Aug/2020:09:15:12 +0800] "POST /xingrg/kc/buy/cgsh_order_operate.html HTTP/1.1" 200 3556
61.172.5.115 - - [06/Aug/2020:09:15:14 +0800] "POST /xingrg/kc/buy/cgsh_order_operate.html HTTP/1.1" 200 2065
116.230.74.197 - - [06/Aug/2020:09:15:14 +0800] "GET /xingrg/all/function/internal_message.html?_=1596676505493&CODE_STATE=getMsg HTTP/1.1" 200 27
61.172.5.115 - - [06/Aug/2020:09:15:22 +0800] "GET /xingrg/kc/buy/cgsh_order_operate.html?command=get_materiel&rest_code=00105&code=00101008321&supplier_code=00100203&order_time=2020-08-06 HTTP/1.1" 200 412
114.88.161.57 - - [06/Aug/2020:09:15:22 +0800] "GET /xingrg/kc/buy/cgsh_order_operate.html?command=get_materiel&rest_code=00111&code=00101008125&supplier_code=00100005&order_time=2020-08-06 HTTP/1.1" 200 413
222.69.133.128 - - [06/Aug/2020:09:15:22 +0800] "GET /xingrg/kc/print/load_data.html?order_code=212020080602108&kc_code=cgsh&condition= HTTP/1.1" 200 1816
114.89.80.44 - - [06/Aug/2020:09:15:24 +0800] "GET /xingrg/all/function/internal_message.html?_=1596676519795&CODE_STATE=getMsg HTTP/1.1" 200 27
117.185.32.26 - - [06/Aug/2020:09:15:29 +0800] "GET /xingrg/all/function/internal_message.html?_=1596676524300&CODE_STATE=getMsg HTTP/1.1" 200 27
101.89.239.216 - - [06/Aug/2020:09:15:29 +0800] "GET /xingrg/all/function/internal_message.html?_=1596675824447&CODE_STATE=getMsg HTTP/1.1" 302 -
114.88.161.57 - - [06/Aug/2020:09:15:30 +0800] "GET /xingrg/kc/buy/cgsh_order_operate.html?command=get_materiel&rest_code=00111&code=00101008209&supplier_code=00100005&order_time=2020-08-06 HTTP/1.1" 200 409
114.88.161.57 - - [06/Aug/2020:09:15:31 +0800] "GET /xingrg/all/function/internal_message.html?_=1596676527838&CODE_STATE=getMsg HTTP/1.1" 200 27
101.89.239.216 - - [06/Aug/2020:09:15:35 +0800] "GET /xingrg/login.html HTTP/1.1" 200 7641
61.172.5.115 - - [06/Aug/2020:09:15:36 +0800] "GET /xingrg/kc/buy/cgsh_order_operate.html?command=get_materiel&rest_code=00105&code=00101008098&supplier_code=00100203&order_time=2020-08-06 HTTP/1.1" 200 412
114.88.161.57 - - [06/Aug/2020:09:15:37 +0800] "GET /xingrg/kc/buy/cgsh_order_operate.html?command=get_materiel&rest_code=00111&code=00101008300&supplier_code=00100005&order_time=2020-08-06 HTTP/1.1" 200 412
180.175.214.200 - - [06/Aug/2020:09:15:38 +0800] "GET /xingrg/all/function/internal_message.html?_=1596676740948&CODE_STATE=getMsg HTTP/1.1" 200 27
114.88.161.57 - - [06/Aug/2020:09:15:38 +0800] "POST /xingrg/kc/buy/cgsh_order_operate.html HTTP/1.1" 200 2065
114.84.32.201 - - [06/Aug/2020:09:15:41 +0800] "GET /xingrg/all/function/internal_message.html?_=1596676531598&CODE_STATE=getMsg HTTP/1.1" 200 27
61.172.5.115 - - [06/Aug/2020:09:15:42 +0800] "GET /xingrg/all/function/internal_message.html?_=1596676538924&CODE_STATE=getMsg HTTP/1.1" 200 27
114.89.80.44 - - [06/Aug/2020:09:15:42 +0800] "GET /xingrg/all/function/internal_message.html?_=1596676673437&CODE_STATE=getMsg HTTP/1.1" 200 27
114.88.161.57 - - [06/Aug/2020:09:15:43 +0800] "GET /xingrg/kc/buy/cgsh_order_operate.html?command=get_materiel&rest_code=00111&code=00101008323&supplier_code=00100005&order_time=2020-08-06 HTTP/1.1" 200 408
172.17.200.101 - - [06/Aug/2020:09:15:45 +0800] "GET /xingrg/all/function/internal_message.html?_=1596676545261&CODE_STATE=getMsg HTTP/1.1" 200 27
172.17.0.100 - - [06/Aug/2020:09:15:45 +0800] "GET /xingrg/all/function/internal_message.html?_=1596676542397&CODE_STATE=getMsg HTTP/1.1" 200 27
222.69.133.128 - - [06/Aug/2020:09:15:48 +0800] "GET /xingrg/all/function/internal_message.html?_=1596676541725&CODE_STATE=getMsg HTTP/1.1" 200 27
114.88.156.201 - - [06/Aug/2020:09:15:50 +0800] "GET /xingrg/all/function/internal_message.html?_=1596676544504&CODE_STATE=getMsg HTTP/1.1" 200 27
120.253.135.82 - - [06/Aug/2020:09:15:55 +0800] "GET /xingrg/all/function/internal_message.html?_=1596676306335&CODE_STATE=getMsg HTTP/1.1" 200 27
114.88.161.57 - - [06/Aug/2020:09:15:56 +0800] "GET /xingrg/all/function/internal_message.html?_=1596676588984&CODE_STATE=getMsg HTTP/1.1" 200 27
61.172.5.115 - - [06/Aug/2020:09:15:58 +0800] "GET /xingrg/all/function/internal_message.html?_=1596676549400&CODE_STATE=getMsg HTTP/1.1" 200 27
183.192.164.85 - - [06/Aug/2020:09:16:05 +0800] "GET /xingrg/all/function/internal_message.html?_=1596675864302&CODE_STATE=getMsg HTTP/1.1" 302 -
114.88.161.57 - - [06/Aug/2020:09:16:07 +0800] "GET /xingrg/kc/buy/cgsh_order_operate.html?command=get_materiel&rest_code=00111&code=00101008236&supplier_code=00100005&order_time=2020-08-06 HTTP/1.1" 200 416
114.88.161.57 - - [06/Aug/2020:09:16:09 +0800] "POST /xingrg/kc/buy/cgsh_order_operate.html HTTP/1.1" 200 2065
183.192.164.85 - - [06/Aug/2020:09:16:13 +0800] "GET /xingrg/login.html HTTP/1.1" 200 7641
116.230.74.197 - - [06/Aug/2020:09:16:14 +0800] "GET /xingrg/all/function/internal_message.html?_=1596676565479&CODE_STATE=getMsg HTTP/1.1" 200 27
114.88.161.57 - - [06/Aug/2020:09:16:19 +0800] "GET /xingrg/kc/buy/cgsh_order_operate.html?command=get_materiel&rest_code=00111&code=00101008165&supplier_code=00100005&order_time=2020-08-06 HTTP/1.1" 200 416
114.89.80.44 - - [06/Aug/2020:09:16:24 +0800] "GET /xingrg/all/function/internal_message.html?_=1596676579791&CODE_STATE=getMsg HTTP/1.1" 200 27
114.88.161.57 - - [06/Aug/2020:09:16:24 +0800] "GET /xingrg/kc/buy/cgsh_order_operate.html?command=get_materiel&rest_code=00111&code=00101008223&supplier_code=00100005&order_time=2020-08-06 HTTP/1.1" 200 412
117.185.32.26 - - [06/Aug/2020:09:16:29 +0800] "GET /xingrg/all/function/internal_message.html?_=1596676584302&CODE_STATE=getMsg HTTP/1.1" 200 27
117.185.32.26 - - [06/Aug/2020:09:16:29 +0800] "GET /xingrg/check_reg.html?_=1596676584299 HTTP/1.1" 200 22
114.88.161.57 - - [06/Aug/2020:09:16:30 +0800] "GET /xingrg/kc/buy/cgsh_order_operate.html?command=get_materiel&rest_code=00111&code=00101008114&supplier_code=00100005&order_time=2020-08-06 HTTP/1.1" 200 412
114.88.161.57 - - [06/Aug/2020:09:16:31 +0800] "GET /xingrg/all/function/internal_message.html?_=1596676587865&CODE_STATE=getMsg HTTP/1.1" 200 27
180.175.214.200 - - [06/Aug/2020:09:16:38 +0800] "GET /xingrg/all/function/internal_message.html?_=1596676800955&CODE_STATE=getMsg HTTP/1.1" 200 27
114.88.161.57 - - [06/Aug/2020:09:16:39 +0800] "GET /xingrg/kc/buy/cgsh_order_operate.html?command=get_materiel&rest_code=00111&code=00101008061&supplier_code=00100005&order_time=2020-08-06 HTTP/1.1" 200 422
114.84.32.201 - - [06/Aug/2020:09:16:41 +0800] "GET /xingrg/all/function/internal_message.html?_=1596676591600&CODE_STATE=getMsg HTTP/1.1" 200 27
61.172.5.115 - - [06/Aug/2020:09:16:42 +0800] "GET /xingrg/all/function/internal_message.html?_=1596676598902&CODE_STATE=getMsg HTTP/1.1" 200 27
114.89.80.44 - - [06/Aug/2020:09:16:42 +0800] "GET /xingrg/all/function/internal_message.html?_=1596676733458&CODE_STATE=getMsg HTTP/1.1" 200 27
172.17.200.101 - - [06/Aug/2020:09:16:45 +0800] "GET /xingrg/all/function/internal_message.html?_=1596676605290&CODE_STATE=getMsg HTTP/1.1" 200 27
172.17.200.101 - - [06/Aug/2020:09:16:45 +0800] "GET /xingrg/check_reg.html?_=1596676605295 HTTP/1.1" 200 22
172.17.0.100 - - [06/Aug/2020:09:16:45 +0800] "GET /xingrg/check_reg.html?_=1596676602396 HTTP/1.1" 200 22
172.17.0.100 - - [06/Aug/2020:09:16:45 +0800] "GET /xingrg/all/function/internal_message.html?_=1596676602395&CODE_STATE=getMsg HTTP/1.1" 200 27
114.88.161.57 - - [06/Aug/2020:09:16:46 +0800] "GET /xingrg/kc/buy/cgsh_order_operate.html?command=get_materiel&rest_code=00111&code=00101008095&supplier_code=00100005&order_time=2020-08-06 HTTP/1.1" 200 412
114.88.161.57 - - [06/Aug/2020:09:16:47 +0800] "GET /xingrg/check_reg.html?_=1596676604122 HTTP/1.1" 200 22
222.69.133.128 - - [06/Aug/2020:09:16:48 +0800] "GET /xingrg/all/function/internal_message.html?_=1596676601698&CODE_STATE=getMsg HTTP/1.1" 200 27
114.88.161.57 - - [06/Aug/2020:09:16:48 +0800] "POST /xingrg/kc/buy/cgsh_order_operate.html HTTP/1.1" 200 2065
222.69.133.128 - - [06/Aug/2020:09:16:48 +0800] "GET /xingrg/check_reg.html?_=1596676601764 HTTP/1.1" 200 22
114.88.156.201 - - [06/Aug/2020:09:16:50 +0800] "GET /xingrg/check_reg.html?_=1596676604503 HTTP/1.1" 200 22
114.88.156.201 - - [06/Aug/2020:09:16:50 +0800] "GET /xingrg/all/function/internal_message.html?_=1596676604505&CODE_STATE=getMsg HTTP/1.1" 200 27
120.253.135.82 - - [06/Aug/2020:09:16:55 +0800] "GET /xingrg/all/function/internal_message.html?_=1596676366351&CODE_STATE=getMsg HTTP/1.1" 200 27
114.88.161.57 - - [06/Aug/2020:09:16:56 +0800] "GET /xingrg/all/function/internal_message.html?_=1596676648956&CODE_STATE=getMsg HTTP/1.1" 200 27
61.172.5.115 - - [06/Aug/2020:09:16:58 +0800] "GET /xingrg/all/function/internal_message.html?_=1596676609400&CODE_STATE=getMsg HTTP/1.1" 200 27
180.175.214.200 - - [06/Aug/2020:09:17:02 +0800] "GET /xingrg/javascript/auto/indicator.gif HTTP/1.1" 404 1066
180.175.214.200 - - [06/Aug/2020:09:17:07 +0800] "GET /xingrg/kc/buy/cgsh_order_operate.html?command=get_materiel&rest_code=00102&code=00101006129&supplier_code=00100011&order_time=2020-08-06 HTTP/1.1" 200 431
114.88.161.57 - - [06/Aug/2020:09:17:09 +0800] "GET /xingrg/kc/buy/cgsh_order_operate.html?command=get_materiel&rest_code=00111&code=00101008004&supplier_code=00100005&order_time=2020-08-06 HTTP/1.1" 200 416
116.230.74.197 - - [06/Aug/2020:09:17:14 +0800] "GET /xingrg/all/function/internal_message.html?_=1596676625473&CODE_STATE=getMsg HTTP/1.1" 200 27
114.89.80.44 - - [06/Aug/2020:09:17:24 +0800] "GET /xingrg/all/function/internal_message.html?_=1596676639798&CODE_STATE=getMsg HTTP/1.1" 200 27
180.175.214.200 - - [06/Aug/2020:09:17:26 +0800] "GET /xingrg/kc/buy/cgsh_order_operate.html?command=get_materiel&rest_code=00102&code=00101006133&supplier_code=00100011&order_time=2020-08-06 HTTP/1.1" 200 413
117.185.32.26 - - [06/Aug/2020:09:17:29 +0800] "GET /xingrg/all/function/internal_message.html?_=1596676644302&CODE_STATE=getMsg HTTP/1.1" 200 27
61.172.5.115 - - [06/Aug/2020:09:17:30 +0800] "GET /xingrg/kc/buy/cgsh_order_operate.html?command=get_materiel&rest_code=00105&code=00101008277&supplier_code=00100203&order_time=2020-08-06 HTTP/1.1" 200 412
114.89.80.44 - - [06/Aug/2020:09:17:30 +0800] "GET /xingrg/check_reg.html?_=1596676781094 HTTP/1.1" 200 22
114.88.161.57 - - [06/Aug/2020:09:17:31 +0800] "GET /xingrg/all/function/internal_message.html?_=1596676647881&CODE_STATE=getMsg HTTP/1.1" 200 27
180.175.214.200 - - [06/Aug/2020:09:17:35 +0800] "GET /xingrg/kc/buy/cgsh_order_operate.html?command=get_materiel&rest_code=00102&code=00101006065&supplier_code=00100011&order_time=2020-08-06 HTTP/1.1" 200 409
180.175.214.200 - - [06/Aug/2020:09:17:38 +0800] "GET /xingrg/check_reg.html?_=1596676860981 HTTP/1.1" 200 22
180.175.214.200 - - [06/Aug/2020:09:17:38 +0800] "GET /xingrg/all/function/internal_message.html?_=1596676861118&CODE_STATE=getMsg HTTP/1.1" 200 27
114.84.32.201 - - [06/Aug/2020:09:17:41 +0800] "GET /xingrg/all/function/internal_message.html?_=1596676651600&CODE_STATE=getMsg HTTP/1.1" 200 27
61.172.5.115 - - [06/Aug/2020:09:17:42 +0800] "GET /xingrg/all/function/internal_message.html?_=1596676658880&CODE_STATE=getMsg HTTP/1.1" 200 27
114.89.80.44 - - [06/Aug/2020:09:17:42 +0800] "GET /xingrg/all/function/internal_message.html?_=1596676793463&CODE_STATE=getMsg HTTP/1.1" 200 27
114.88.161.57 - - [06/Aug/2020:09:17:43 +0800] "GET /xingrg/kc/buy/cgsh_order_operate.html?command=get_materiel&rest_code=00111&code=00101008101&supplier_code=00100005&order_time=2020-08-06 HTTP/1.1" 200 412
180.175.214.200 - - [06/Aug/2020:09:17:44 +0800] "GET /xingrg/kc/buy/cgsh_order_operate.html?command=get_materiel&rest_code=00102&code=00101006039&supplier_code=00100011&order_time=2020-08-06 HTTP/1.1" 200 413
172.17.200.101 - - [06/Aug/2020:09:17:45 +0800] "GET /xingrg/all/function/internal_message.html?_=1596676665296&CODE_STATE=getMsg HTTP/1.1" 200 27
172.17.0.100 - - [06/Aug/2020:09:17:45 +0800] "GET /xingrg/all/function/internal_message.html?_=1596676662394&CODE_STATE=getMsg HTTP/1.1" 200 27
222.69.133.128 - - [06/Aug/2020:09:17:48 +0800] "GET /xingrg/all/function/internal_message.html?_=1596676661669&CODE_STATE=getMsg HTTP/1.1" 200 27
114.88.161.57 - - [06/Aug/2020:09:17:50 +0800] "GET /xingrg/kc/buy/cgsh_order_operate.html?command=get_materiel&rest_code=00111&code=00101008436&supplier_code=00100005&order_time=2020-08-06 HTTP/1.1" 200 398
114.88.156.201 - - [06/Aug/2020:09:17:50 +0800] "GET /xingrg/all/function/internal_message.html?_=1596676664489&CODE_STATE=getMsg HTTP/1.1" 200 27
114.88.161.57 - - [06/Aug/2020:09:17:52 +0800] "POST /xingrg/kc/buy/cgsh_order_operate.html HTTP/1.1" 200 2065
120.253.135.82 - - [06/Aug/2020:09:17:55 +0800] "GET /xingrg/check_reg.html?_=1596676426169 HTTP/1.1" 200 22
120.253.135.82 - - [06/Aug/2020:09:17:55 +0800] "GET /xingrg/all/function/internal_message.html?_=1596676426365&CODE_STATE=getMsg HTTP/1.1" 200 27
114.88.161.57 - - [06/Aug/2020:09:17:56 +0800] "GET /xingrg/all/function/internal_message.html?_=1596676708964&CODE_STATE=getMsg HTTP/1.1" 200 27
61.172.5.115 - - [06/Aug/2020:09:17:58 +0800] "GET /xingrg/all/function/internal_message.html?_=1596676669400&CODE_STATE=getMsg HTTP/1.1" 200 27
114.88.161.57 - - [06/Aug/2020:09:18:03 +0800] "POST /xingrg/kc/buy/cgsh_order_operate.html HTTP/1.1" 200 37
114.88.161.57 - - [06/Aug/2020:09:18:04 +0800] "POST /xingrg/kc/buy/cgsh_order_operate.html HTTP/1.1" 200 36962
116.230.74.197 - - [06/Aug/2020:09:18:13 +0800] "GET /xingrg/check_reg.html?_=1596676684571 HTTP/1.1" 200 22
116.230.74.197 - - [06/Aug/2020:09:18:14 +0800] "GET /xingrg/all/function/internal_message.html?_=1596676685451&CODE_STATE=getMsg HTTP/1.1" 200 27
120.204.17.68 - - [06/Aug/2020:09:18:19 +0800] "GET /xingrg/check_reg.html?_=1596675984288 HTTP/1.1" 302 -
180.175.214.200 - - [06/Aug/2020:09:18:21 +0800] "GET /xingrg/kc/buy/cgsh_order_operate.html?command=get_materiel&rest_code=00102&code=00101006110&supplier_code=00100011&order_time=2020-08-06 HTTP/1.1" 200 408
114.89.80.44 - - [06/Aug/2020:09:18:24 +0800] "GET /xingrg/check_reg.html?_=1596676699814 HTTP/1.1" 200 22
114.89.80.44 - - [06/Aug/2020:09:18:24 +0800] "GET /xingrg/all/function/internal_message.html?_=1596676699816&CODE_STATE=getMsg HTTP/1.1" 200 27
61.151.178.180 - - [06/Aug/2020:09:18:25 +0800] "GET /xingrg/all/function/internal_message.html?_=1596675884446&CODE_STATE=getMsg HTTP/1.1" 302 -
120.204.17.68 - - [06/Aug/2020:09:18:26 +0800] "GET /xingrg/login.html HTTP/1.1" 200 7641
117.185.32.26 - - [06/Aug/2020:09:18:29 +0800] "GET /xingrg/all/function/internal_message.html?_=1596676704301&CODE_STATE=getMsg HTTP/1.1" 200 27
114.88.161.57 - - [06/Aug/2020:09:18:31 +0800] "GET /xingrg/all/function/internal_message.html?_=1596676707895&CODE_STATE=getMsg HTTP/1.1" 200 27
61.151.178.180 - - [06/Aug/2020:09:18:32 +0800] "GET /xingrg/login.html HTTP/1.1" 200 7641
180.175.214.200 - - [06/Aug/2020:09:18:38 +0800] "GET /xingrg/all/function/internal_message.html?_=1596676921181&CODE_STATE=getMsg HTTP/1.1" 200 27
114.84.32.201 - - [06/Aug/2020:09:18:41 +0800] "GET /xingrg/all/function/internal_message.html?_=1596676711599&CODE_STATE=getMsg HTTP/1.1" 200 27
61.172.5.115 - - [06/Aug/2020:09:18:42 +0800] "GET /xingrg/all/function/internal_message.html?_=1596676718862&CODE_STATE=getMsg HTTP/1.1" 200 27
114.89.80.44 - - [06/Aug/2020:09:18:42 +0800] "GET /xingrg/all/function/internal_message.html?_=1596676853477&CODE_STATE=getMsg HTTP/1.1" 200 27
172.17.200.101 - - [06/Aug/2020:09:18:45 +0800] "GET /xingrg/all/function/internal_message.html?_=1596676725297&CODE_STATE=getMsg HTTP/1.1" 200 27
172.17.0.100 - - [06/Aug/2020:09:18:45 +0800] "GET /xingrg/all/function/internal_message.html?_=1596676722407&CODE_STATE=getMsg HTTP/1.1" 200 27
61.172.5.115 - - [06/Aug/2020:09:18:46 +0800] "POST /xingrg/all/common/load_select.html HTTP/1.1" 200 12
222.69.133.128 - - [06/Aug/2020:09:18:48 +0800] "GET /xingrg/all/function/internal_message.html?_=1596676721641&CODE_STATE=getMsg HTTP/1.1" 200 27
