222.70.173.120 - - [06/Aug/2020:07:24:29 +0800] "GET /xingrg/check_reg.html?_=1596669883128 HTTP/1.1" 200 22
114.88.161.57 - - [06/Aug/2020:07:24:29 +0800] "GET /xingrg/all/function/internal_message.html?_=1596669865906&CODE_STATE=getMsg HTTP/1.1" 200 27
222.70.173.120 - - [06/Aug/2020:07:24:40 +0800] "POST /xingrg/services/DataTransmitService HTTP/1.1" 200 524
222.70.173.120 - - [06/Aug/2020:07:24:40 +0800] "POST /xingrg/services/DataTransmitService HTTP/1.1" 200 501
222.70.173.120 - - [06/Aug/2020:07:24:40 +0800] "POST /xingrg/services/DataTransmitService HTTP/1.1" 200 501
114.89.80.44 - - [06/Aug/2020:07:24:41 +0800] "GET /xingrg/all/function/internal_message.html?_=1596670011809&CODE_STATE=getMsg HTTP/1.1" 200 27
114.84.32.201 - - [06/Aug/2020:07:24:41 +0800] "GET /xingrg/check_reg.html?_=1596669871466 HTTP/1.1" 200 22
114.84.32.201 - - [06/Aug/2020:07:24:41 +0800] "GET /xingrg/all/function/internal_message.html?_=1596669871467&CODE_STATE=getMsg HTTP/1.1" 200 27
222.70.173.120 - - [06/Aug/2020:07:24:41 +0800] "POST /xingrg/services/DataTransmitService HTTP/1.1" 200 501
222.70.173.120 - - [06/Aug/2020:07:24:42 +0800] "POST /xingrg/services/DataTransmitService HTTP/1.1" 200 501
222.70.173.120 - - [06/Aug/2020:07:24:42 +0800] "POST /xingrg/services/DataTransmitService HTTP/1.1" 200 501
222.70.173.120 - - [06/Aug/2020:07:24:43 +0800] "POST /xingrg/services/DataTransmitService HTTP/1.1" 200 501
222.70.173.120 - - [06/Aug/2020:07:24:43 +0800] "POST /xingrg/services/DataTransmitService HTTP/1.1" 200 501
222.70.173.120 - - [06/Aug/2020:07:24:43 +0800] "POST /xingrg/services/DataTransmitService HTTP/1.1" 200 501
222.70.173.120 - - [06/Aug/2020:07:24:43 +0800] "POST /xingrg/services/DataTransmitService HTTP/1.1" 200 412
172.17.0.100 - - [06/Aug/2020:07:24:44 +0800] "GET /xingrg/all/function/internal_message.html?_=1596669881839&CODE_STATE=getMsg HTTP/1.1" 200 27
222.70.173.120 - - [06/Aug/2020:07:24:56 +0800] "GET /xingrg/all/function/internal_message.html?_=1596669910818&CODE_STATE=getMsg HTTP/1.1" 200 27
114.89.80.44 - - [06/Aug/2020:07:24:57 +0800] "GET /xingrg/all/function/internal_message.html?_=1596669892882&CODE_STATE=getMsg HTTP/1.1" 200 27
120.253.135.82 - - [06/Aug/2020:07:25:28 +0800] "GET /xingrg/all/function/internal_message.html?_=1596669679602&CODE_STATE=getMsg HTTP/1.1" 200 27
114.88.161.57 - - [06/Aug/2020:07:25:29 +0800] "GET /xingrg/all/function/internal_message.html?_=1596669925906&CODE_STATE=getMsg HTTP/1.1" 200 27
114.89.80.44 - - [06/Aug/2020:07:25:41 +0800] "GET /xingrg/all/function/internal_message.html?_=1596670071817&CODE_STATE=getMsg HTTP/1.1" 200 27
114.84.32.201 - - [06/Aug/2020:07:25:41 +0800] "GET /xingrg/all/function/internal_message.html?_=1596669931465&CODE_STATE=getMsg HTTP/1.1" 200 27
172.17.0.100 - - [06/Aug/2020:07:25:44 +0800] "GET /xingrg/all/function/internal_message.html?_=1596669941837&CODE_STATE=getMsg HTTP/1.1" 200 27
222.70.173.120 - - [06/Aug/2020:07:25:56 +0800] "GET /xingrg/all/function/internal_message.html?_=1596669970832&CODE_STATE=getMsg HTTP/1.1" 200 27
114.89.80.44 - - [06/Aug/2020:07:25:57 +0800] "GET /xingrg/all/function/internal_message.html?_=1596669952908&CODE_STATE=getMsg HTTP/1.1" 200 27
120.253.135.82 - - [06/Aug/2020:07:26:07 +0800] "GET /xingrg/kc/report/report_main.html HTTP/1.1" 200 9370
120.253.135.82 - - [06/Aug/2020:07:26:08 +0800] "GET /xingrg/kc/base/kc_stocks.html HTTP/1.1" 200 16329
120.253.135.82 - - [06/Aug/2020:07:26:08 +0800] "GET /xingrg/javascript/easyui/themes/default/tree.css HTTP/1.1" 404 1090
120.253.135.82 - - [06/Aug/2020:07:26:09 +0800] "POST /xingrg/all/common/load_tree.html?tree=materiel_sort_tree_json HTTP/1.1" 200 8666
120.253.135.82 - - [06/Aug/2020:07:26:10 +0800] "POST /xingrg/all/common/load_combo.html?type=base HTTP/1.1" 200 899
120.253.135.82 - - [06/Aug/2020:07:26:15 +0800] "POST /xingrg/kc/base/stock_operate.html HTTP/1.1" 200 2983
120.253.135.82 - - [06/Aug/2020:07:26:28 +0800] "GET /xingrg/all/function/internal_message.html?_=1596669739616&CODE_STATE=getMsg HTTP/1.1" 200 27
114.88.161.57 - - [06/Aug/2020:07:26:29 +0800] "GET /xingrg/all/function/internal_message.html?_=1596669985933&CODE_STATE=getMsg HTTP/1.1" 200 27
120.253.135.82 - - [06/Aug/2020:07:26:31 +0800] "POST /xingrg/kc/base/stock_operate.html HTTP/1.1" 200 1467
114.89.80.44 - - [06/Aug/2020:07:26:41 +0800] "GET /xingrg/all/function/internal_message.html?_=1596670131836&CODE_STATE=getMsg HTTP/1.1" 200 27
114.84.32.201 - - [06/Aug/2020:07:26:41 +0800] "GET /xingrg/all/function/internal_message.html?_=1596669991464&CODE_STATE=getMsg HTTP/1.1" 200 27
172.17.0.100 - - [06/Aug/2020:07:26:44 +0800] "GET /xingrg/all/function/internal_message.html?_=1596670001881&CODE_STATE=getMsg HTTP/1.1" 200 27
172.17.0.100 - - [06/Aug/2020:07:26:44 +0800] "GET /xingrg/check_reg.html?_=1596670001881 HTTP/1.1" 200 22
114.88.161.57 - - [06/Aug/2020:07:26:47 +0800] "GET /xingrg/check_reg.html?_=1596670004008 HTTP/1.1" 200 22
222.70.173.120 - - [06/Aug/2020:07:26:57 +0800] "GET /xingrg/all/function/internal_message.html?_=1596670031049&CODE_STATE=getMsg HTTP/1.1" 200 27
114.89.80.44 - - [06/Aug/2020:07:26:57 +0800] "GET /xingrg/all/function/internal_message.html?_=1596670012913&CODE_STATE=getMsg HTTP/1.1" 200 27
120.253.135.82 - - [06/Aug/2020:07:27:25 +0800] "GET /xingrg/check_reg.html?_=1596669795979 HTTP/1.1" 200 22
120.253.135.82 - - [06/Aug/2020:07:27:28 +0800] "GET /xingrg/all/function/internal_message.html?_=1596669799629&CODE_STATE=getMsg HTTP/1.1" 200 27
114.88.161.57 - - [06/Aug/2020:07:27:29 +0800] "GET /xingrg/all/function/internal_message.html?_=1596670045934&CODE_STATE=getMsg HTTP/1.1" 200 27
114.89.80.44 - - [06/Aug/2020:07:27:30 +0800] "GET /xingrg/check_reg.html?_=1596670180973 HTTP/1.1" 200 22
120.253.135.82 - - [06/Aug/2020:07:27:35 +0800] "POST /xingrg/kc/base/stock_operate.html HTTP/1.1" 200 1474
114.89.80.44 - - [06/Aug/2020:07:27:41 +0800] "GET /xingrg/all/function/internal_message.html?_=1596670191844&CODE_STATE=getMsg HTTP/1.1" 200 27
114.84.32.201 - - [06/Aug/2020:07:27:41 +0800] "GET /xingrg/all/function/internal_message.html?_=1596670051463&CODE_STATE=getMsg HTTP/1.1" 200 27
116.233.73.4 - - [06/Aug/2020:07:27:42 +0800] "POST /xingrg/services/DataTransmitService HTTP/1.1" 200 524
172.17.0.100 - - [06/Aug/2020:07:27:44 +0800] "GET /xingrg/all/function/internal_message.html?_=1596670061879&CODE_STATE=getMsg HTTP/1.1" 200 27
222.70.173.120 - - [06/Aug/2020:07:27:57 +0800] "GET /xingrg/all/function/internal_message.html?_=1596670091062&CODE_STATE=getMsg HTTP/1.1" 200 27
114.89.80.44 - - [06/Aug/2020:07:27:57 +0800] "GET /xingrg/check_reg.html?_=1596670072912 HTTP/1.1" 200 22
114.89.80.44 - - [06/Aug/2020:07:27:57 +0800] "GET /xingrg/all/function/internal_message.html?_=1596670072913&CODE_STATE=getMsg HTTP/1.1" 200 27
120.253.135.82 - - [06/Aug/2020:07:28:28 +0800] "GET /xingrg/all/function/internal_message.html?_=1596669859643&CODE_STATE=getMsg HTTP/1.1" 200 27
114.88.161.57 - - [06/Aug/2020:07:28:29 +0800] "GET /xingrg/all/function/internal_message.html?_=1596670105948&CODE_STATE=getMsg HTTP/1.1" 200 27
114.89.80.44 - - [06/Aug/2020:07:28:41 +0800] "GET /xingrg/all/function/internal_message.html?_=1596670251858&CODE_STATE=getMsg HTTP/1.1" 200 27
114.84.32.201 - - [06/Aug/2020:07:28:41 +0800] "GET /xingrg/all/function/internal_message.html?_=1596670111463&CODE_STATE=getMsg HTTP/1.1" 200 27
172.17.0.100 - - [06/Aug/2020:07:28:44 +0800] "GET /xingrg/all/function/internal_message.html?_=1596670121877&CODE_STATE=getMsg HTTP/1.1" 200 27
114.89.80.44 - - [06/Aug/2020:07:28:57 +0800] "GET /xingrg/all/function/internal_message.html?_=1596670132910&CODE_STATE=getMsg HTTP/1.1" 200 27
222.70.173.120 - - [06/Aug/2020:07:28:57 +0800] "GET /xingrg/all/function/internal_message.html?_=1596670151316&CODE_STATE=getMsg HTTP/1.1" 200 27
222.70.173.120 - - [06/Aug/2020:07:29:20 +0800] "GET /xingrg/check_reg.html?_=1596670201198 HTTP/1.1" 200 22
114.88.156.201 - - [06/Aug/2020:07:29:24 +0800] "POST /xingrg/services/DataTransmitService HTTP/1.1" 200 524
114.88.156.201 - - [06/Aug/2020:07:29:25 +0800] "POST /xingrg/services/DataTransmitService HTTP/1.1" 200 501
120.253.135.82 - - [06/Aug/2020:07:29:28 +0800] "GET /xingrg/all/function/internal_message.html?_=1596669919788&CODE_STATE=getMsg HTTP/1.1" 200 27
222.70.173.120 - - [06/Aug/2020:07:29:29 +0800] "GET /xingrg/check_reg.html?_=1596670183133 HTTP/1.1" 200 22
114.88.161.57 - - [06/Aug/2020:07:29:29 +0800] "GET /xingrg/all/function/internal_message.html?_=1596670165974&CODE_STATE=getMsg HTTP/1.1" 200 27
120.253.135.82 - - [06/Aug/2020:07:29:32 +0800] "POST /xingrg/kc/base/stock_operate.html HTTP/1.1" 200 1467
114.89.80.44 - - [06/Aug/2020:07:29:41 +0800] "GET /xingrg/all/function/internal_message.html?_=1596670311878&CODE_STATE=getMsg HTTP/1.1" 200 27
114.84.32.201 - - [06/Aug/2020:07:29:41 +0800] "GET /xingrg/all/function/internal_message.html?_=1596670171462&CODE_STATE=getMsg HTTP/1.1" 200 27
114.84.32.201 - - [06/Aug/2020:07:29:41 +0800] "GET /xingrg/check_reg.html?_=1596670171463 HTTP/1.1" 200 22
172.17.0.100 - - [06/Aug/2020:07:29:44 +0800] "GET /xingrg/all/function/internal_message.html?_=1596670181875&CODE_STATE=getMsg HTTP/1.1" 200 27
114.89.80.44 - - [06/Aug/2020:07:29:57 +0800] "GET /xingrg/all/function/internal_message.html?_=1596670192912&CODE_STATE=getMsg HTTP/1.1" 200 27
120.253.135.82 - - [06/Aug/2020:07:29:57 +0800] "POST /xingrg/kc/base/stock_operate.html HTTP/1.1" 200 1716
222.70.173.120 - - [06/Aug/2020:07:29:57 +0800] "GET /xingrg/all/function/internal_message.html?_=1596670211323&CODE_STATE=getMsg HTTP/1.1" 200 27
120.253.135.82 - - [06/Aug/2020:07:30:29 +0800] "GET /xingrg/all/function/internal_message.html?_=1596669979794&CODE_STATE=getMsg HTTP/1.1" 200 27
114.88.161.57 - - [06/Aug/2020:07:30:29 +0800] "GET /xingrg/all/function/internal_message.html?_=1596670225975&CODE_STATE=getMsg HTTP/1.1" 200 27
120.253.135.82 - - [06/Aug/2020:07:30:30 +0800] "POST /xingrg/kc/base/stock_operate.html HTTP/1.1" 200 1732
114.89.80.44 - - [06/Aug/2020:07:30:41 +0800] "GET /xingrg/all/function/internal_message.html?_=1596670371886&CODE_STATE=getMsg HTTP/1.1" 200 27
114.84.32.201 - - [06/Aug/2020:07:30:41 +0800] "GET /xingrg/all/function/internal_message.html?_=1596670231462&CODE_STATE=getMsg HTTP/1.1" 200 27
172.17.0.100 - - [06/Aug/2020:07:30:44 +0800] "GET /xingrg/all/function/internal_message.html?_=1596670241873&CODE_STATE=getMsg HTTP/1.1" 200 27
114.89.80.44 - - [06/Aug/2020:07:30:57 +0800] "GET /xingrg/all/function/internal_message.html?_=1596670252914&CODE_STATE=getMsg HTTP/1.1" 200 27
222.70.173.120 - - [06/Aug/2020:07:30:57 +0800] "GET /xingrg/all/function/internal_message.html?_=1596670271336&CODE_STATE=getMsg HTTP/1.1" 200 27
120.253.135.82 - - [06/Aug/2020:07:31:10 +0800] "POST /xingrg/kc/base/stock_operate.html HTTP/1.1" 200 1755
120.253.135.82 - - [06/Aug/2020:07:31:29 +0800] "GET /xingrg/all/function/internal_message.html?_=1596670039949&CODE_STATE=getMsg HTTP/1.1" 200 27
114.88.161.57 - - [06/Aug/2020:07:31:29 +0800] "GET /xingrg/all/function/internal_message.html?_=1596670286002&CODE_STATE=getMsg HTTP/1.1" 200 27
114.89.80.44 - - [06/Aug/2020:07:31:41 +0800] "GET /xingrg/all/function/internal_message.html?_=1596670431904&CODE_STATE=getMsg HTTP/1.1" 200 27
114.84.32.201 - - [06/Aug/2020:07:31:41 +0800] "GET /xingrg/all/function/internal_message.html?_=1596670291460&CODE_STATE=getMsg HTTP/1.1" 200 27
172.17.0.100 - - [06/Aug/2020:07:31:44 +0800] "GET /xingrg/all/function/internal_message.html?_=1596670301870&CODE_STATE=getMsg HTTP/1.1" 200 27
172.17.0.100 - - [06/Aug/2020:07:31:44 +0800] "GET /xingrg/check_reg.html?_=1596670301871 HTTP/1.1" 200 22
114.88.161.57 - - [06/Aug/2020:07:31:47 +0800] "GET /xingrg/check_reg.html?_=1596670304006 HTTP/1.1" 200 22
114.89.80.44 - - [06/Aug/2020:07:31:57 +0800] "GET /xingrg/all/function/internal_message.html?_=1596670312938&CODE_STATE=getMsg HTTP/1.1" 200 27
222.70.173.120 - - [06/Aug/2020:07:31:57 +0800] "GET /xingrg/all/function/internal_message.html?_=1596670331559&CODE_STATE=getMsg HTTP/1.1" 200 27
120.253.135.82 - - [06/Aug/2020:07:32:25 +0800] "GET /xingrg/check_reg.html?_=1596670095989 HTTP/1.1" 200 22
120.253.135.82 - - [06/Aug/2020:07:32:29 +0800] "GET /xingrg/all/function/internal_message.html?_=1596670099963&CODE_STATE=getMsg HTTP/1.1" 200 27
114.88.161.57 - - [06/Aug/2020:07:32:29 +0800] "GET /xingrg/all/function/internal_message.html?_=1596670346017&CODE_STATE=getMsg HTTP/1.1" 200 27
114.89.80.44 - - [06/Aug/2020:07:32:30 +0800] "GET /xingrg/check_reg.html?_=1596670480980 HTTP/1.1" 200 22
114.89.80.44 - - [06/Aug/2020:07:32:41 +0800] "GET /xingrg/all/function/internal_message.html?_=1596670491913&CODE_STATE=getMsg HTTP/1.1" 200 27
114.84.32.201 - - [06/Aug/2020:07:32:41 +0800] "GET /xingrg/all/function/internal_message.html?_=1596670351460&CODE_STATE=getMsg HTTP/1.1" 200 27
172.17.0.100 - - [06/Aug/2020:07:32:44 +0800] "GET /xingrg/all/function/internal_message.html?_=1596670361898&CODE_STATE=getMsg HTTP/1.1" 200 27
114.89.80.44 - - [06/Aug/2020:07:32:57 +0800] "GET /xingrg/check_reg.html?_=1596670372937 HTTP/1.1" 200 22
114.89.80.44 - - [06/Aug/2020:07:32:57 +0800] "GET /xingrg/all/function/internal_message.html?_=1596670372938&CODE_STATE=getMsg HTTP/1.1" 200 27
222.70.173.120 - - [06/Aug/2020:07:32:57 +0800] "GET /xingrg/all/function/internal_message.html?_=1596670391566&CODE_STATE=getMsg HTTP/1.1" 200 27
114.89.80.44 - - [06/Aug/2020:07:33:00 +0800] "POST /xingrg/services/DataTransmitService HTTP/1.1" 200 524
114.89.80.44 - - [06/Aug/2020:07:33:00 +0800] "POST /xingrg/services/DataTransmitService HTTP/1.1" 200 501
120.253.135.82 - - [06/Aug/2020:07:33:29 +0800] "GET /xingrg/all/function/internal_message.html?_=1596670159976&CODE_STATE=getMsg HTTP/1.1" 200 27
114.88.161.57 - - [06/Aug/2020:07:33:29 +0800] "GET /xingrg/all/function/internal_message.html?_=1596670406031&CODE_STATE=getMsg HTTP/1.1" 200 27
114.89.80.44 - - [06/Aug/2020:07:33:41 +0800] "GET /xingrg/all/function/internal_message.html?_=1596670551925&CODE_STATE=getMsg HTTP/1.1" 200 27
114.84.32.201 - - [06/Aug/2020:07:33:41 +0800] "GET /xingrg/all/function/internal_message.html?_=1596670411469&CODE_STATE=getMsg HTTP/1.1" 200 27
172.17.0.100 - - [06/Aug/2020:07:33:44 +0800] "GET /xingrg/all/function/internal_message.html?_=1596670421896&CODE_STATE=getMsg HTTP/1.1" 200 27
114.89.80.44 - - [06/Aug/2020:07:33:57 +0800] "GET /xingrg/all/function/internal_message.html?_=1596670432937&CODE_STATE=getMsg HTTP/1.1" 200 27
222.70.173.120 - - [06/Aug/2020:07:33:57 +0800] "GET /xingrg/all/function/internal_message.html?_=1596670451804&CODE_STATE=getMsg HTTP/1.1" 200 27
120.253.135.82 - - [06/Aug/2020:07:34:15 +0800] "POST /xingrg/kc/base/stock_operate.html HTTP/1.1" 200 1493
222.70.173.120 - - [06/Aug/2020:07:34:20 +0800] "GET /xingrg/check_reg.html?_=1596670501195 HTTP/1.1" 200 22
222.70.173.120 - - [06/Aug/2020:07:34:29 +0800] "GET /xingrg/check_reg.html?_=1596670483143 HTTP/1.1" 200 22
120.253.135.82 - - [06/Aug/2020:07:34:29 +0800] "GET /xingrg/all/function/internal_message.html?_=1596670219990&CODE_STATE=getMsg HTTP/1.1" 200 27
114.88.161.57 - - [06/Aug/2020:07:34:29 +0800] "GET /xingrg/all/function/internal_message.html?_=1596670466058&CODE_STATE=getMsg HTTP/1.1" 200 27
114.89.80.44 - - [06/Aug/2020:07:34:41 +0800] "GET /xingrg/all/function/internal_message.html?_=1596670611944&CODE_STATE=getMsg HTTP/1.1" 200 27
114.84.32.201 - - [06/Aug/2020:07:34:41 +0800] "GET /xingrg/all/function/internal_message.html?_=1596670471469&CODE_STATE=getMsg HTTP/1.1" 200 27
114.84.32.201 - - [06/Aug/2020:07:34:41 +0800] "GET /xingrg/check_reg.html?_=1596670471473 HTTP/1.1" 200 22
120.253.135.82 - - [06/Aug/2020:07:34:44 +0800] "POST /xingrg/kc/base/stock_operate.html HTTP/1.1" 200 1489
172.17.0.100 - - [06/Aug/2020:07:34:44 +0800] "GET /xingrg/all/function/internal_message.html?_=1596670481910&CODE_STATE=getMsg HTTP/1.1" 200 27
120.253.135.82 - - [06/Aug/2020:07:34:50 +0800] "POST /xingrg/kc/base/stock_operate.html HTTP/1.1" 200 2040
58.40.7.146 - - [06/Aug/2020:07:34:51 +0800] "POST /xingrg/services/DataTransmitService HTTP/1.1" 200 524
114.89.80.44 - - [06/Aug/2020:07:34:57 +0800] "GET /xingrg/all/function/internal_message.html?_=1596670492952&CODE_STATE=getMsg HTTP/1.1" 200 27
222.70.173.120 - - [06/Aug/2020:07:34:57 +0800] "GET /xingrg/all/function/internal_message.html?_=1596670511812&CODE_STATE=getMsg HTTP/1.1" 200 27
120.253.135.82 - - [06/Aug/2020:07:35:27 +0800] "POST /xingrg/kc/base/stock_operate.html HTTP/1.1" 200 1471
120.253.135.82 - - [06/Aug/2020:07:35:29 +0800] "GET /xingrg/all/function/internal_message.html?_=1596670280003&CODE_STATE=getMsg HTTP/1.1" 200 27
114.88.161.57 - - [06/Aug/2020:07:35:29 +0800] "GET /xingrg/all/function/internal_message.html?_=1596670526074&CODE_STATE=getMsg HTTP/1.1" 200 27
120.253.135.82 - - [06/Aug/2020:07:35:37 +0800] "POST /xingrg/kc/base/stock_operate.html HTTP/1.1" 200 1480
114.89.80.44 - - [06/Aug/2020:07:35:41 +0800] "GET /xingrg/all/function/internal_message.html?_=1596670671953&CODE_STATE=getMsg HTTP/1.1" 200 27
114.84.32.201 - - [06/Aug/2020:07:35:41 +0800] "GET /xingrg/all/function/internal_message.html?_=1596670531474&CODE_STATE=getMsg HTTP/1.1" 200 27
172.17.0.100 - - [06/Aug/2020:07:35:44 +0800] "GET /xingrg/all/function/internal_message.html?_=1596670541908&CODE_STATE=getMsg HTTP/1.1" 200 27
114.89.80.44 - - [06/Aug/2020:07:35:57 +0800] "GET /xingrg/all/function/internal_message.html?_=1596670552952&CODE_STATE=getMsg HTTP/1.1" 200 27
222.70.173.120 - - [06/Aug/2020:07:35:57 +0800] "GET /xingrg/all/function/internal_message.html?_=1596670571826&CODE_STATE=getMsg HTTP/1.1" 200 27
120.253.135.82 - - [06/Aug/2020:07:36:29 +0800] "GET /xingrg/all/function/internal_message.html?_=1596670340017&CODE_STATE=getMsg HTTP/1.1" 200 27
114.88.161.57 - - [06/Aug/2020:07:36:29 +0800] "GET /xingrg/all/function/internal_message.html?_=1596670586099&CODE_STATE=getMsg HTTP/1.1" 200 27
222.70.173.120 - - [06/Aug/2020:07:36:30 +0800] "POST /xingrg/kc/buy/cgsh_order_operate.html HTTP/1.1" 200 37
222.70.173.120 - - [06/Aug/2020:07:36:31 +0800] "POST /xingrg/kc/buy/cgsh_order_operate.html HTTP/1.1" 200 9255
222.70.173.120 - - [06/Aug/2020:07:36:36 +0800] "GET /xingrg/kc/base/wldb_order_list.html HTTP/1.1" 200 19261
222.70.173.120 - - [06/Aug/2020:07:36:36 +0800] "POST /xingrg/kc/base/wldb_list_operate.html HTTP/1.1" 200 2182
222.70.173.120 - - [06/Aug/2020:07:36:40 +0800] "GET /xingrg/kc/base/wldb_order_add.html HTTP/1.1" 200 30373
222.70.173.120 - - [06/Aug/2020:07:36:40 +0800] "POST /xingrg/kc/base/wldb_order_operate.html HTTP/1.1" 200 6806
222.70.173.120 - - [06/Aug/2020:07:36:40 +0800] "GET /xingrg/all/common/auto_word.html?type=base&rest_code=00146 HTTP/1.1" 200 1753
222.70.173.120 - - [06/Aug/2020:07:36:40 +0800] "GET /xingrg/all/common/auto_word.html?type=base&rest_code=00146 HTTP/1.1" 200 1753
222.70.173.120 - - [06/Aug/2020:07:36:40 +0800] "GET /xingrg/javascript/easyui/themes/default/validatebox.css HTTP/1.1" 404 1104
114.89.80.44 - - [06/Aug/2020:07:36:41 +0800] "GET /xingrg/all/function/internal_message.html?_=1596670731972&CODE_STATE=getMsg HTTP/1.1" 200 27
114.84.32.201 - - [06/Aug/2020:07:36:41 +0800] "GET /xingrg/all/function/internal_message.html?_=1596670591478&CODE_STATE=getMsg HTTP/1.1" 200 27
172.17.0.100 - - [06/Aug/2020:07:36:44 +0800] "GET /xingrg/check_reg.html?_=1596670601906 HTTP/1.1" 200 22
172.17.0.100 - - [06/Aug/2020:07:36:44 +0800] "GET /xingrg/all/function/internal_message.html?_=1596670601907&CODE_STATE=getMsg HTTP/1.1" 200 27
114.88.161.57 - - [06/Aug/2020:07:36:47 +0800] "GET /xingrg/check_reg.html?_=1596670604015 HTTP/1.1" 200 22
114.89.80.44 - - [06/Aug/2020:07:36:57 +0800] "GET /xingrg/all/function/internal_message.html?_=1596670612952&CODE_STATE=getMsg HTTP/1.1" 200 27
222.70.173.120 - - [06/Aug/2020:07:36:58 +0800] "GET /xingrg/all/function/internal_message.html?_=1596670632046&CODE_STATE=getMsg HTTP/1.1" 200 27
222.70.173.120 - - [06/Aug/2020:07:37:01 +0800] "GET /xingrg/kc/base/wldb_order_operate.html?command=get_materiel&rest_code=00146&base_code=0010063&code=00101019438 HTTP/1.1" 200 445
222.70.173.120 - - [06/Aug/2020:07:37:13 +0800] "GET /xingrg/kc/base/wldb_order_operate.html?command=get_materiel&rest_code=00146&base_code=0010063&code=00101016060 HTTP/1.1" 200 465
222.70.173.120 - - [06/Aug/2020:07:37:21 +0800] "GET /xingrg/kc/base/wldb_order_operate.html?command=get_materiel&rest_code=00146&base_code=0010063&code=00101019295 HTTP/1.1" 200 463
120.253.135.82 - - [06/Aug/2020:07:37:25 +0800] "GET /xingrg/check_reg.html?_=1596670396017 HTTP/1.1" 200 22
120.253.135.82 - - [06/Aug/2020:07:37:28 +0800] "POST /xingrg/kc/base/stock_operate.html HTTP/1.1" 200 1480
120.253.135.82 - - [06/Aug/2020:07:37:29 +0800] "GET /xingrg/all/function/internal_message.html?_=1596670400032&CODE_STATE=getMsg HTTP/1.1" 200 27
114.88.161.57 - - [06/Aug/2020:07:37:29 +0800] "GET /xingrg/all/function/internal_message.html?_=1596670646101&CODE_STATE=getMsg HTTP/1.1" 200 27
222.70.173.120 - - [06/Aug/2020:07:37:29 +0800] "GET /xingrg/kc/base/wldb_order_operate.html?command=get_materiel&rest_code=00146&base_code=0010063&code=00101019222 HTTP/1.1" 200 454
114.89.80.44 - - [06/Aug/2020:07:37:30 +0800] "GET /xingrg/check_reg.html?_=1596670780982 HTTP/1.1" 200 22
222.70.173.120 - - [06/Aug/2020:07:37:39 +0800] "GET /xingrg/kc/base/wldb_order_operate.html?command=get_materiel&rest_code=00146&base_code=0010063&code=00101019358 HTTP/1.1" 200 462
114.89.80.44 - - [06/Aug/2020:07:37:41 +0800] "GET /xingrg/all/function/internal_message.html?_=1596670791981&CODE_STATE=getMsg HTTP/1.1" 200 27
114.84.32.201 - - [06/Aug/2020:07:37:41 +0800] "GET /xingrg/all/function/internal_message.html?_=1596670651478&CODE_STATE=getMsg HTTP/1.1" 200 27
172.17.0.100 - - [06/Aug/2020:07:37:44 +0800] "GET /xingrg/all/function/internal_message.html?_=1596670661905&CODE_STATE=getMsg HTTP/1.1" 200 27
222.70.173.120 - - [06/Aug/2020:07:37:48 +0800] "GET /xingrg/kc/base/wldb_order_operate.html?command=get_materiel&rest_code=00146&base_code=0010063&code=00101019306 HTTP/1.1" 200 464
114.89.80.44 - - [06/Aug/2020:07:37:57 +0800] "GET /xingrg/check_reg.html?_=1596670672950 HTTP/1.1" 200 22
114.89.80.44 - - [06/Aug/2020:07:37:57 +0800] "GET /xingrg/all/function/internal_message.html?_=1596670672952&CODE_STATE=getMsg HTTP/1.1" 200 27
222.70.173.120 - - [06/Aug/2020:07:37:57 +0800] "GET /xingrg/kc/base/wldb_order_operate.html?command=get_materiel&rest_code=00146&base_code=0010063&code=00101019133 HTTP/1.1" 200 464
222.70.173.120 - - [06/Aug/2020:07:37:58 +0800] "GET /xingrg/all/function/internal_message.html?_=1596670692056&CODE_STATE=getMsg HTTP/1.1" 200 27
222.70.173.120 - - [06/Aug/2020:07:38:10 +0800] "GET /xingrg/kc/base/wldb_order_operate.html?command=get_materiel&rest_code=00146&base_code=0010063&code=00101019448 HTTP/1.1" 200 469
120.253.135.82 - - [06/Aug/2020:07:38:29 +0800] "GET /xingrg/all/function/internal_message.html?_=1596670460044&CODE_STATE=getMsg HTTP/1.1" 200 27
114.88.161.57 - - [06/Aug/2020:07:38:29 +0800] "GET /xingrg/all/function/internal_message.html?_=1596670706115&CODE_STATE=getMsg HTTP/1.1" 200 27
120.253.135.82 - - [06/Aug/2020:07:38:32 +0800] "POST /xingrg/kc/base/stock_operate.html HTTP/1.1" 200 1486
114.89.80.44 - - [06/Aug/2020:07:38:41 +0800] "GET /xingrg/all/function/internal_message.html?_=1596670851993&CODE_STATE=getMsg HTTP/1.1" 200 27
114.84.32.201 - - [06/Aug/2020:07:38:41 +0800] "GET /xingrg/all/function/internal_message.html?_=1596670711478&CODE_STATE=getMsg HTTP/1.1" 200 27
222.70.173.120 - - [06/Aug/2020:07:38:43 +0800] "GET /xingrg/kc/base/wldb_order_operate.html?command=get_materiel&rest_code=00146&base_code=0010063&code=00101019536 HTTP/1.1" 200 471
172.17.0.100 - - [06/Aug/2020:07:38:44 +0800] "GET /xingrg/all/function/internal_message.html?_=1596670721933&CODE_STATE=getMsg HTTP/1.1" 200 27
222.70.173.120 - - [06/Aug/2020:07:38:52 +0800] "GET /xingrg/kc/base/wldb_order_operate.html?command=get_materiel&rest_code=00146&base_code=0010063&code=00101019535 HTTP/1.1" 200 476
114.89.80.44 - - [06/Aug/2020:07:38:57 +0800] "GET /xingrg/all/function/internal_message.html?_=1596670732969&CODE_STATE=getMsg HTTP/1.1" 200 27
222.70.173.120 - - [06/Aug/2020:07:38:58 +0800] "GET /xingrg/all/function/internal_message.html?_=1596670752285&CODE_STATE=getMsg HTTP/1.1" 200 27
222.70.173.120 - - [06/Aug/2020:07:39:00 +0800] "GET /xingrg/kc/base/wldb_order_operate.html?command=get_materiel&rest_code=00146&base_code=0010063&code=00101019313 HTTP/1.1" 200 443
120.253.135.82 - - [06/Aug/2020:07:39:07 +0800] "POST /xingrg/kc/base/stock_operate.html HTTP/1.1" 200 1467
222.70.173.120 - - [06/Aug/2020:07:39:19 +0800] "GET /xingrg/check_reg.html?_=1596670801207 HTTP/1.1" 200 22
222.70.173.120 - - [06/Aug/2020:07:39:29 +0800] "GET /xingrg/check_reg.html?_=1596670783144 HTTP/1.1" 200 22
120.253.135.82 - - [06/Aug/2020:07:39:29 +0800] "GET /xingrg/all/function/internal_message.html?_=1596670520058&CODE_STATE=getMsg HTTP/1.1" 200 27
114.88.161.57 - - [06/Aug/2020:07:39:29 +0800] "GET /xingrg/all/function/internal_message.html?_=1596670766141&CODE_STATE=getMsg HTTP/1.1" 200 27
222.70.173.120 - - [06/Aug/2020:07:39:33 +0800] "POST /xingrg/kc/base/wldb_order_operate.html HTTP/1.1" 200 37
222.70.173.120 - - [06/Aug/2020:07:39:34 +0800] "POST /xingrg/kc/base/wldb_order_operate.html HTTP/1.1" 200 6712
222.70.173.120 - - [06/Aug/2020:07:39:35 +0800] "POST /xingrg/kc/base/wldb_order_operate.html HTTP/1.1" 200 12
222.70.173.120 - - [06/Aug/2020:07:39:37 +0800] "GET /xingrg/kc/base/wldb_order_info.html?code=422020080600547 HTTP/1.1" 200 26252
222.70.173.120 - - [06/Aug/2020:07:39:38 +0800] "POST /xingrg/kc/base/wldb_order_operate.html HTTP/1.1" 200 4903
222.70.173.120 - - [06/Aug/2020:07:39:39 +0800] "GET /xingrg/javascript/easyui/themes/default/validatebox.css HTTP/1.1" 404 1104
114.89.80.44 - - [06/Aug/2020:07:39:41 +0800] "GET /xingrg/all/function/internal_message.html?_=1596670912013&CODE_STATE=getMsg HTTP/1.1" 200 27
114.84.32.201 - - [06/Aug/2020:07:39:41 +0800] "GET /xingrg/all/function/internal_message.html?_=1596670771478&CODE_STATE=getMsg HTTP/1.1" 200 27
114.84.32.201 - - [06/Aug/2020:07:39:41 +0800] "GET /xingrg/check_reg.html?_=1596670771480 HTTP/1.1" 200 22
222.70.173.120 - - [06/Aug/2020:07:39:44 +0800] "GET /xingrg/kc/base/wldb_order_add.html HTTP/1.1" 200 30373
172.17.0.100 - - [06/Aug/2020:07:39:44 +0800] "GET /xingrg/all/function/internal_message.html?_=1596670781930&CODE_STATE=getMsg HTTP/1.1" 200 27
222.70.173.120 - - [06/Aug/2020:07:39:45 +0800] "POST /xingrg/kc/base/wldb_order_operate.html HTTP/1.1" 200 6806
222.70.173.120 - - [06/Aug/2020:07:39:45 +0800] "GET /xingrg/javascript/easyui/themes/default/validatebox.css HTTP/1.1" 404 1104
114.89.80.44 - - [06/Aug/2020:07:39:57 +0800] "GET /xingrg/all/function/internal_message.html?_=1596670792974&CODE_STATE=getMsg HTTP/1.1" 200 27
222.70.173.120 - - [06/Aug/2020:07:39:58 +0800] "GET /xingrg/all/function/internal_message.html?_=1596670812301&CODE_STATE=getMsg HTTP/1.1" 200 27
120.253.135.82 - - [06/Aug/2020:07:40:15 +0800] "POST /xingrg/kc/base/stock_operate.html HTTP/1.1" 200 1488
222.70.173.120 - - [06/Aug/2020:07:40:20 +0800] "GET /xingrg/kc/base/wldb_order_operate.html?command=get_materiel&rest_code=00146&base_code=0010063&code=00101019282 HTTP/1.1" 200 458
222.70.173.120 - - [06/Aug/2020:07:40:28 +0800] "GET /xingrg/kc/base/wldb_order_operate.html?command=get_materiel&rest_code=00146&base_code=0010063&code=00101019071 HTTP/1.1" 200 455
120.253.135.82 - - [06/Aug/2020:07:40:29 +0800] "GET /xingrg/all/function/internal_message.html?_=1596670580071&CODE_STATE=getMsg HTTP/1.1" 200 27
114.88.161.57 - - [06/Aug/2020:07:40:29 +0800] "GET /xingrg/all/function/internal_message.html?_=1596670826142&CODE_STATE=getMsg HTTP/1.1" 200 27
222.70.173.120 - - [06/Aug/2020:07:40:36 +0800] "GET /xingrg/kc/base/wldb_order_operate.html?command=get_materiel&rest_code=00146&base_code=0010063&code=00101019002 HTTP/1.1" 200 461
114.89.80.44 - - [06/Aug/2020:07:40:41 +0800] "GET /xingrg/all/function/internal_message.html?_=1596670972020&CODE_STATE=getMsg HTTP/1.1" 200 27
114.84.32.201 - - [06/Aug/2020:07:40:41 +0800] "GET /xingrg/all/function/internal_message.html?_=1596670831479&CODE_STATE=getMsg HTTP/1.1" 200 27
172.17.0.100 - - [06/Aug/2020:07:40:44 +0800] "GET /xingrg/all/function/internal_message.html?_=1596670841927&CODE_STATE=getMsg HTTP/1.1" 200 27
120.253.135.82 - - [06/Aug/2020:07:40:50 +0800] "POST /xingrg/kc/base/stock_operate.html HTTP/1.1" 200 1478
222.70.173.120 - - [06/Aug/2020:07:40:53 +0800] "GET /xingrg/kc/base/wldb_order_operate.html?command=get_materiel&rest_code=00146&base_code=0010063&code=00101019297 HTTP/1.1" 200 464
114.89.80.44 - - [06/Aug/2020:07:40:57 +0800] "GET /xingrg/all/function/internal_message.html?_=1596670852972&CODE_STATE=getMsg HTTP/1.1" 200 27
222.70.173.120 - - [06/Aug/2020:07:40:58 +0800] "GET /xingrg/all/function/internal_message.html?_=1596670872315&CODE_STATE=getMsg HTTP/1.1" 200 27
222.70.173.120 - - [06/Aug/2020:07:41:05 +0800] "GET /xingrg/kc/base/wldb_order_operate.html?command=get_materiel&rest_code=00146&base_code=0010063&code=00101019391 HTTP/1.1" 200 471
222.70.173.120 - - [06/Aug/2020:07:41:14 +0800] "GET /xingrg/kc/base/wldb_order_operate.html?command=get_materiel&rest_code=00146&base_code=0010063&code=00101019400 HTTP/1.1" 200 450
222.70.173.120 - - [06/Aug/2020:07:41:21 +0800] "GET /xingrg/kc/base/wldb_order_operate.html?command=get_materiel&rest_code=00146&base_code=0010063&code=00101019183 HTTP/1.1" 200 433
120.253.135.82 - - [06/Aug/2020:07:41:29 +0800] "GET /xingrg/all/function/internal_message.html?_=1596670640085&CODE_STATE=getMsg HTTP/1.1" 200 27
114.88.161.57 - - [06/Aug/2020:07:41:29 +0800] "GET /xingrg/all/function/internal_message.html?_=1596670886170&CODE_STATE=getMsg HTTP/1.1" 200 27
222.70.173.120 - - [06/Aug/2020:07:41:29 +0800] "GET /xingrg/kc/base/wldb_order_operate.html?command=get_materiel&rest_code=00146&base_code=0010063&code=00101019063 HTTP/1.1" 200 447
120.253.135.82 - - [06/Aug/2020:07:41:39 +0800] "POST /xingrg/kc/base/stock_operate.html HTTP/1.1" 200 2005
114.89.80.44 - - [06/Aug/2020:07:41:41 +0800] "GET /xingrg/all/function/internal_message.html?_=1596671032039&CODE_STATE=getMsg HTTP/1.1" 200 27
114.84.32.201 - - [06/Aug/2020:07:41:41 +0800] "GET /xingrg/all/function/internal_message.html?_=1596670891479&CODE_STATE=getMsg HTTP/1.1" 200 27
172.17.0.100 - - [06/Aug/2020:07:41:44 +0800] "GET /xingrg/check_reg.html?_=1596670901926 HTTP/1.1" 200 22
172.17.0.100 - - [06/Aug/2020:07:41:44 +0800] "GET /xingrg/all/function/internal_message.html?_=1596670901925&CODE_STATE=getMsg HTTP/1.1" 200 27
114.88.161.57 - - [06/Aug/2020:07:41:47 +0800] "GET /xingrg/check_reg.html?_=1596670904018 HTTP/1.1" 200 22
114.89.80.44 - - [06/Aug/2020:07:41:57 +0800] "GET /xingrg/all/function/internal_message.html?_=1596670912972&CODE_STATE=getMsg HTTP/1.1" 200 27
222.70.173.120 - - [06/Aug/2020:07:41:58 +0800] "GET /xingrg/all/function/internal_message.html?_=1596670932524&CODE_STATE=getMsg HTTP/1.1" 200 27
222.70.173.120 - - [06/Aug/2020:07:41:58 +0800] "POST /xingrg/kc/base/wldb_order_operate.html HTTP/1.1" 200 37
222.70.173.120 - - [06/Aug/2020:07:42:00 +0800] "POST /xingrg/kc/base/wldb_order_operate.html HTTP/1.1" 200 12
222.70.173.120 - - [06/Aug/2020:07:42:00 +0800] "POST /xingrg/kc/base/wldb_order_operate.html HTTP/1.1" 200 6179
222.70.173.120 - - [06/Aug/2020:07:42:01 +0800] "GET /xingrg/kc/base/wldb_order_info.html?code=422020080600548 HTTP/1.1" 200 26252
222.70.173.120 - - [06/Aug/2020:07:42:02 +0800] "POST /xingrg/kc/base/wldb_order_operate.html HTTP/1.1" 200 4383
222.70.173.120 - - [06/Aug/2020:07:42:02 +0800] "GET /xingrg/javascript/easyui/themes/default/validatebox.css HTTP/1.1" 404 1104
222.70.173.120 - - [06/Aug/2020:07:42:05 +0800] "GET /xingrg/kc/base/wldb_order_add.html HTTP/1.1" 200 30373
222.70.173.120 - - [06/Aug/2020:07:42:06 +0800] "POST /xingrg/kc/base/wldb_order_operate.html HTTP/1.1" 200 6806
222.70.173.120 - - [06/Aug/2020:07:42:06 +0800] "GET /xingrg/javascript/easyui/themes/default/validatebox.css HTTP/1.1" 404 1104
222.70.173.120 - - [06/Aug/2020:07:42:22 +0800] "GET /xingrg/kc/base/wldb_order_operate.html?command=get_materiel&rest_code=00146&base_code=0010063&code=00101016001 HTTP/1.1" 200 457
120.253.135.82 - - [06/Aug/2020:07:42:25 +0800] "GET /xingrg/check_reg.html?_=1596670696011 HTTP/1.1" 200 22
120.253.135.82 - - [06/Aug/2020:07:42:29 +0800] "GET /xingrg/all/function/internal_message.html?_=1596670700099&CODE_STATE=getMsg HTTP/1.1" 200 27
114.88.161.57 - - [06/Aug/2020:07:42:29 +0800] "GET /xingrg/all/function/internal_message.html?_=1596670946186&CODE_STATE=getMsg HTTP/1.1" 200 27
114.89.80.44 - - [06/Aug/2020:07:42:30 +0800] "GET /xingrg/check_reg.html?_=1596671080988 HTTP/1.1" 200 22
222.70.173.120 - - [06/Aug/2020:07:42:30 +0800] "GET /xingrg/kc/base/wldb_order_operate.html?command=get_materiel&rest_code=00146&base_code=0010063&code=00101013139 HTTP/1.1" 200 450
222.70.173.120 - - [06/Aug/2020:07:42:39 +0800] "GET /xingrg/kc/base/wldb_order_operate.html?command=get_materiel&rest_code=00146&base_code=0010063&code=00101019390 HTTP/1.1" 200 455
114.89.80.44 - - [06/Aug/2020:07:42:41 +0800] "GET /xingrg/all/function/internal_message.html?_=1596671092048&CODE_STATE=getMsg HTTP/1.1" 200 27
114.84.32.201 - - [06/Aug/2020:07:42:41 +0800] "GET /xingrg/all/function/internal_message.html?_=1596670951478&CODE_STATE=getMsg HTTP/1.1" 200 27
172.17.0.100 - - [06/Aug/2020:07:42:44 +0800] "GET /xingrg/all/function/internal_message.html?_=1596670961939&CODE_STATE=getMsg HTTP/1.1" 200 27
222.70.173.120 - - [06/Aug/2020:07:42:53 +0800] "GET /xingrg/kc/base/wldb_order_operate.html?command=get_materiel&rest_code=00146&base_code=0010063&code=00101019066 HTTP/1.1" 200 441
114.89.80.44 - - [06/Aug/2020:07:42:57 +0800] "GET /xingrg/all/function/internal_message.html?_=1596670972987&CODE_STATE=getMsg HTTP/1.1" 200 27
114.89.80.44 - - [06/Aug/2020:07:42:57 +0800] "GET /xingrg/check_reg.html?_=1596670972989 HTTP/1.1" 200 22
222.70.173.120 - - [06/Aug/2020:07:42:58 +0800] "GET /xingrg/all/function/internal_message.html?_=1596670992529&CODE_STATE=getMsg HTTP/1.1" 200 27
222.70.173.120 - - [06/Aug/2020:07:43:18 +0800] "POST /xingrg/kc/base/wldb_order_operate.html HTTP/1.1" 200 37
222.70.173.120 - - [06/Aug/2020:07:43:20 +0800] "POST /xingrg/kc/base/wldb_order_operate.html HTTP/1.1" 200 12
222.70.173.120 - - [06/Aug/2020:07:43:20 +0800] "POST /xingrg/kc/base/wldb_order_operate.html HTTP/1.1" 200 3675
222.70.173.120 - - [06/Aug/2020:07:43:21 +0800] "GET /xingrg/kc/base/wldb_order_info.html?code=422020080600549 HTTP/1.1" 200 26251
222.70.173.120 - - [06/Aug/2020:07:43:22 +0800] "POST /xingrg/kc/base/wldb_order_operate.html HTTP/1.1" 200 1938
222.70.173.120 - - [06/Aug/2020:07:43:22 +0800] "GET /xingrg/javascript/easyui/themes/default/validatebox.css HTTP/1.1" 404 1104
120.253.135.82 - - [06/Aug/2020:07:43:29 +0800] "GET /xingrg/all/function/internal_message.html?_=1596670760112&CODE_STATE=getMsg HTTP/1.1" 200 27
114.88.161.57 - - [06/Aug/2020:07:43:29 +0800] "GET /xingrg/all/function/internal_message.html?_=1596671006199&CODE_STATE=getMsg HTTP/1.1" 200 27
114.89.80.44 - - [06/Aug/2020:07:43:41 +0800] "GET /xingrg/all/function/internal_message.html?_=1596671152061&CODE_STATE=getMsg HTTP/1.1" 200 27
114.84.32.201 - - [06/Aug/2020:07:43:41 +0800] "GET /xingrg/all/function/internal_message.html?_=1596671011480&CODE_STATE=getMsg HTTP/1.1" 200 27
172.17.0.100 - - [06/Aug/2020:07:43:45 +0800] "GET /xingrg/all/function/internal_message.html?_=1596671021938&CODE_STATE=getMsg HTTP/1.1" 200 27
114.89.80.44 - - [06/Aug/2020:07:43:57 +0800] "GET /xingrg/all/function/internal_message.html?_=1596671032993&CODE_STATE=getMsg HTTP/1.1" 200 27
120.253.135.82 - - [06/Aug/2020:07:44:17 +0800] "POST /xingrg/kc/base/stock_operate.html HTTP/1.1" 200 1473
222.70.173.120 - - [06/Aug/2020:07:44:19 +0800] "GET /xingrg/check_reg.html?_=1596671101208 HTTP/1.1" 200 22
120.253.135.82 - - [06/Aug/2020:07:44:29 +0800] "GET /xingrg/all/function/internal_message.html?_=1596670820126&CODE_STATE=getMsg HTTP/1.1" 200 27
114.88.161.57 - - [06/Aug/2020:07:44:29 +0800] "GET /xingrg/all/function/internal_message.html?_=1596671066224&CODE_STATE=getMsg HTTP/1.1" 200 27
114.89.80.44 - - [06/Aug/2020:07:44:41 +0800] "GET /xingrg/all/function/internal_message.html?_=1596671212081&CODE_STATE=getMsg HTTP/1.1" 200 27
114.84.32.201 - - [06/Aug/2020:07:44:41 +0800] "GET /xingrg/all/function/internal_message.html?_=1596671071480&CODE_STATE=getMsg HTTP/1.1" 200 27
114.84.32.201 - - [06/Aug/2020:07:44:41 +0800] "GET /xingrg/check_reg.html?_=1596671071485 HTTP/1.1" 200 22
172.17.0.100 - - [06/Aug/2020:07:44:45 +0800] "GET /xingrg/all/function/internal_message.html?_=1596671081966&CODE_STATE=getMsg HTTP/1.1" 200 27
114.89.80.44 - - [06/Aug/2020:07:44:57 +0800] "GET /xingrg/all/function/internal_message.html?_=1596671092992&CODE_STATE=getMsg HTTP/1.1" 200 27
120.253.135.82 - - [06/Aug/2020:07:45:29 +0800] "GET /xingrg/all/function/internal_message.html?_=1596670880139&CODE_STATE=getMsg HTTP/1.1" 200 27
114.88.161.57 - - [06/Aug/2020:07:45:29 +0800] "GET /xingrg/all/function/internal_message.html?_=1596671126226&CODE_STATE=getMsg HTTP/1.1" 200 27
120.253.135.82 - - [06/Aug/2020:07:45:41 +0800] "POST /xingrg/kc/base/stock_operate.html HTTP/1.1" 200 1480
114.89.80.44 - - [06/Aug/2020:07:45:41 +0800] "GET /xingrg/all/function/internal_message.html?_=1596671272088&CODE_STATE=getMsg HTTP/1.1" 200 27
114.84.32.201 - - [06/Aug/2020:07:45:41 +0800] "GET /xingrg/all/function/internal_message.html?_=1596671131483&CODE_STATE=getMsg HTTP/1.1" 200 27
172.17.0.100 - - [06/Aug/2020:07:45:45 +0800] "GET /xingrg/all/function/internal_message.html?_=1596671141964&CODE_STATE=getMsg HTTP/1.1" 200 27
114.89.80.44 - - [06/Aug/2020:07:45:57 +0800] "GET /xingrg/all/function/internal_message.html?_=1596671153002&CODE_STATE=getMsg HTTP/1.1" 200 27
120.253.135.82 - - [06/Aug/2020:07:46:20 +0800] "POST /xingrg/kc/base/stock_operate.html HTTP/1.1" 200 1485
120.253.135.82 - - [06/Aug/2020:07:46:29 +0800] "GET /xingrg/all/function/internal_message.html?_=1596670940153&CODE_STATE=getMsg HTTP/1.1" 200 27
114.88.161.57 - - [06/Aug/2020:07:46:29 +0800] "GET /xingrg/all/function/internal_message.html?_=1596671186251&CODE_STATE=getMsg HTTP/1.1" 200 27
114.89.80.44 - - [06/Aug/2020:07:46:41 +0800] "GET /xingrg/all/function/internal_message.html?_=1596671332108&CODE_STATE=getMsg HTTP/1.1" 200 27
114.84.32.201 - - [06/Aug/2020:07:46:41 +0800] "GET /xingrg/all/function/internal_message.html?_=1596671191482&CODE_STATE=getMsg HTTP/1.1" 200 27
172.17.0.100 - - [06/Aug/2020:07:46:45 +0800] "GET /xingrg/check_reg.html?_=1596671201963 HTTP/1.1" 200 22
172.17.0.100 - - [06/Aug/2020:07:46:45 +0800] "GET /xingrg/all/function/internal_message.html?_=1596671201964&CODE_STATE=getMsg HTTP/1.1" 200 27
114.88.161.57 - - [06/Aug/2020:07:46:47 +0800] "GET /xingrg/check_reg.html?_=1596671204026 HTTP/1.1" 200 22
120.253.135.82 - - [06/Aug/2020:07:46:48 +0800] "POST /xingrg/kc/base/stock_operate.html HTTP/1.1" 200 1722
114.89.80.44 - - [06/Aug/2020:07:46:57 +0800] "GET /xingrg/all/function/internal_message.html?_=1596671213007&CODE_STATE=getMsg HTTP/1.1" 200 27
117.184.7.26 - - [06/Aug/2020:07:47:13 +0800] "POST /xingrg/services/DataTransmitService HTTP/1.1" 200 524
117.184.7.26 - - [06/Aug/2020:07:47:14 +0800] "POST /xingrg/services/DataTransmitService HTTP/1.1" 200 501
120.253.135.82 - - [06/Aug/2020:07:47:25 +0800] "GET /xingrg/check_reg.html?_=1596670996019 HTTP/1.1" 200 22
120.253.135.82 - - [06/Aug/2020:07:47:29 +0800] "GET /xingrg/all/function/internal_message.html?_=1596671000166&CODE_STATE=getMsg HTTP/1.1" 200 27
114.88.161.57 - - [06/Aug/2020:07:47:29 +0800] "GET /xingrg/all/function/internal_message.html?_=1596671246253&CODE_STATE=getMsg HTTP/1.1" 200 27
114.89.80.44 - - [06/Aug/2020:07:47:30 +0800] "GET /xingrg/check_reg.html?_=1596671381002 HTTP/1.1" 200 22
114.89.80.44 - - [06/Aug/2020:07:47:41 +0800] "GET /xingrg/all/function/internal_message.html?_=1596671392117&CODE_STATE=getMsg HTTP/1.1" 200 27
114.84.32.201 - - [06/Aug/2020:07:47:41 +0800] "GET /xingrg/all/function/internal_message.html?_=1596671251484&CODE_STATE=getMsg HTTP/1.1" 200 27
172.17.0.100 - - [06/Aug/2020:07:47:45 +0800] "GET /xingrg/all/function/internal_message.html?_=1596671261961&CODE_STATE=getMsg HTTP/1.1" 200 27
114.89.80.44 - - [06/Aug/2020:07:47:57 +0800] "GET /xingrg/all/function/internal_message.html?_=1596671273011&CODE_STATE=getMsg HTTP/1.1" 200 27
114.89.80.44 - - [06/Aug/2020:07:47:57 +0800] "GET /xingrg/check_reg.html?_=1596671273013 HTTP/1.1" 200 22
120.253.135.82 - - [06/Aug/2020:07:48:13 +0800] "POST /xingrg/kc/base/stock_operate.html HTTP/1.1" 200 1483
120.253.135.82 - - [06/Aug/2020:07:48:29 +0800] "GET /xingrg/all/function/internal_message.html?_=1596671060180&CODE_STATE=getMsg HTTP/1.1" 200 27
114.88.161.57 - - [06/Aug/2020:07:48:29 +0800] "GET /xingrg/all/function/internal_message.html?_=1596671306266&CODE_STATE=getMsg HTTP/1.1" 200 27
120.253.135.82 - - [06/Aug/2020:07:48:41 +0800] "POST /xingrg/kc/base/stock_operate.html HTTP/1.1" 200 1487
114.89.80.44 - - [06/Aug/2020:07:48:41 +0800] "GET /xingrg/all/function/internal_message.html?_=1596671452130&CODE_STATE=getMsg HTTP/1.1" 200 27
114.84.32.201 - - [06/Aug/2020:07:48:41 +0800] "GET /xingrg/all/function/internal_message.html?_=1596671311485&CODE_STATE=getMsg HTTP/1.1" 200 27
172.17.0.100 - - [06/Aug/2020:07:48:45 +0800] "GET /xingrg/all/function/internal_message.html?_=1596671321959&CODE_STATE=getMsg HTTP/1.1" 200 27
114.89.80.44 - - [06/Aug/2020:07:48:57 +0800] "GET /xingrg/all/function/internal_message.html?_=1596671333012&CODE_STATE=getMsg HTTP/1.1" 200 27
222.70.173.120 - - [06/Aug/2020:07:49:20 +0800] "GET /xingrg/check_reg.html?_=1596671401213 HTTP/1.1" 200 22
120.253.135.82 - - [06/Aug/2020:07:49:29 +0800] "GET /xingrg/all/function/internal_message.html?_=1596671120194&CODE_STATE=getMsg HTTP/1.1" 200 27
114.88.161.57 - - [06/Aug/2020:07:49:29 +0800] "GET /xingrg/all/function/internal_message.html?_=1596671366294&CODE_STATE=getMsg HTTP/1.1" 200 27
114.89.80.44 - - [06/Aug/2020:07:49:41 +0800] "GET /xingrg/all/function/internal_message.html?_=1596671512150&CODE_STATE=getMsg HTTP/1.1" 200 27
114.84.32.201 - - [06/Aug/2020:07:49:41 +0800] "GET /xingrg/all/function/internal_message.html?_=1596671371484&CODE_STATE=getMsg HTTP/1.1" 200 27
114.84.32.201 - - [06/Aug/2020:07:49:41 +0800] "GET /xingrg/check_reg.html?_=1596671371486 HTTP/1.1" 200 22
172.17.0.100 - - [06/Aug/2020:07:49:45 +0800] "GET /xingrg/all/function/internal_message.html?_=1596671381957&CODE_STATE=getMsg HTTP/1.1" 200 27
114.89.80.44 - - [06/Aug/2020:07:49:57 +0800] "GET /xingrg/all/function/internal_message.html?_=1596671393022&CODE_STATE=getMsg HTTP/1.1" 200 27
120.253.135.82 - - [06/Aug/2020:07:50:29 +0800] "GET /xingrg/all/function/internal_message.html?_=1596671180207&CODE_STATE=getMsg HTTP/1.1" 200 27
114.88.161.57 - - [06/Aug/2020:07:50:29 +0800] "GET /xingrg/all/function/internal_message.html?_=1596671426309&CODE_STATE=getMsg HTTP/1.1" 200 27
114.89.80.44 - - [06/Aug/2020:07:50:41 +0800] "GET /xingrg/all/function/internal_message.html?_=1596671572156&CODE_STATE=getMsg HTTP/1.1" 200 27
114.84.32.201 - - [06/Aug/2020:07:50:41 +0800] "GET /xingrg/all/function/internal_message.html?_=1596671431485&CODE_STATE=getMsg HTTP/1.1" 200 27
172.17.0.100 - - [06/Aug/2020:07:50:45 +0800] "GET /xingrg/all/function/internal_message.html?_=1596671441985&CODE_STATE=getMsg HTTP/1.1" 200 27
114.89.80.44 - - [06/Aug/2020:07:50:57 +0800] "GET /xingrg/all/function/internal_message.html?_=1596671453025&CODE_STATE=getMsg HTTP/1.1" 200 27
120.253.135.82 - - [06/Aug/2020:07:51:29 +0800] "GET /xingrg/all/function/internal_message.html?_=1596671240368&CODE_STATE=getMsg HTTP/1.1" 200 27
114.88.161.57 - - [06/Aug/2020:07:51:29 +0800] "GET /xingrg/all/function/internal_message.html?_=1596671486337&CODE_STATE=getMsg HTTP/1.1" 200 27
114.89.80.44 - - [06/Aug/2020:07:51:41 +0800] "GET /xingrg/all/function/internal_message.html?_=1596671632176&CODE_STATE=getMsg HTTP/1.1" 200 27
114.84.32.201 - - [06/Aug/2020:07:51:41 +0800] "GET /xingrg/all/function/internal_message.html?_=1596671491484&CODE_STATE=getMsg HTTP/1.1" 200 27
172.17.0.100 - - [06/Aug/2020:07:51:45 +0800] "GET /xingrg/all/function/internal_message.html?_=1596671501983&CODE_STATE=getMsg HTTP/1.1" 200 27
172.17.0.100 - - [06/Aug/2020:07:51:45 +0800] "GET /xingrg/check_reg.html?_=1596671501984 HTTP/1.1" 200 22
114.88.161.57 - - [06/Aug/2020:07:51:47 +0800] "GET /xingrg/check_reg.html?_=1596671504028 HTTP/1.1" 200 22
114.89.80.44 - - [06/Aug/2020:07:51:57 +0800] "GET /xingrg/all/function/internal_message.html?_=1596671513031&CODE_STATE=getMsg HTTP/1.1" 200 27
120.253.135.82 - - [06/Aug/2020:07:52:25 +0800] "GET /xingrg/check_reg.html?_=1596671296022 HTTP/1.1" 200 22
120.253.135.82 - - [06/Aug/2020:07:52:29 +0800] "GET /xingrg/all/function/internal_message.html?_=1596671300375&CODE_STATE=getMsg HTTP/1.1" 200 27
114.88.161.57 - - [06/Aug/2020:07:52:29 +0800] "GET /xingrg/all/function/internal_message.html?_=1596671546353&CODE_STATE=getMsg HTTP/1.1" 200 27
114.89.80.44 - - [06/Aug/2020:07:52:30 +0800] "GET /xingrg/check_reg.html?_=1596671681004 HTTP/1.1" 200 22
114.89.80.44 - - [06/Aug/2020:07:52:41 +0800] "GET /xingrg/all/function/internal_message.html?_=1596671692184&CODE_STATE=getMsg HTTP/1.1" 200 27
114.84.32.201 - - [06/Aug/2020:07:52:41 +0800] "GET /xingrg/all/function/internal_message.html?_=1596671551482&CODE_STATE=getMsg HTTP/1.1" 200 27
172.17.0.100 - - [06/Aug/2020:07:52:45 +0800] "GET /xingrg/all/function/internal_message.html?_=1596671561998&CODE_STATE=getMsg HTTP/1.1" 200 27
114.89.80.44 - - [06/Aug/2020:07:52:57 +0800] "GET /xingrg/check_reg.html?_=1596671573037 HTTP/1.1" 200 22
114.89.80.44 - - [06/Aug/2020:07:52:57 +0800] "GET /xingrg/all/function/internal_message.html?_=1596671573034&CODE_STATE=getMsg HTTP/1.1" 200 27
120.253.135.82 - - [06/Aug/2020:07:53:29 +0800] "GET /xingrg/all/function/internal_message.html?_=1596671360388&CODE_STATE=getMsg HTTP/1.1" 200 27
114.88.161.57 - - [06/Aug/2020:07:53:29 +0800] "GET /xingrg/all/function/internal_message.html?_=1596671606366&CODE_STATE=getMsg HTTP/1.1" 200 27
114.89.80.44 - - [06/Aug/2020:07:53:41 +0800] "GET /xingrg/all/function/internal_message.html?_=1596671752197&CODE_STATE=getMsg HTTP/1.1" 200 27
114.84.32.201 - - [06/Aug/2020:07:53:41 +0800] "GET /xingrg/all/function/internal_message.html?_=1596671611501&CODE_STATE=getMsg HTTP/1.1" 200 27
172.17.0.100 - - [06/Aug/2020:07:53:45 +0800] "GET /xingrg/all/function/internal_message.html?_=1596671621996&CODE_STATE=getMsg HTTP/1.1" 200 27
114.89.80.44 - - [06/Aug/2020:07:53:57 +0800] "GET /xingrg/all/function/internal_message.html?_=1596671633037&CODE_STATE=getMsg HTTP/1.1" 200 27
222.70.173.120 - - [06/Aug/2020:07:54:20 +0800] "GET /xingrg/check_reg.html?_=1596671701233 HTTP/1.1" 200 22
120.253.135.82 - - [06/Aug/2020:07:54:29 +0800] "GET /xingrg/all/function/internal_message.html?_=1596671420553&CODE_STATE=getMsg HTTP/1.1" 200 27
114.88.161.57 - - [06/Aug/2020:07:54:29 +0800] "GET /xingrg/all/function/internal_message.html?_=1596671666392&CODE_STATE=getMsg HTTP/1.1" 200 27
114.89.80.44 - - [06/Aug/2020:07:54:41 +0800] "GET /xingrg/all/function/internal_message.html?_=1596671812217&CODE_STATE=getMsg HTTP/1.1" 200 27
114.84.32.201 - - [06/Aug/2020:07:54:41 +0800] "GET /xingrg/check_reg.html?_=1596671671500 HTTP/1.1" 200 22
114.84.32.201 - - [06/Aug/2020:07:54:41 +0800] "GET /xingrg/all/function/internal_message.html?_=1596671671501&CODE_STATE=getMsg HTTP/1.1" 200 27
172.17.0.100 - - [06/Aug/2020:07:54:45 +0800] "GET /xingrg/all/function/internal_message.html?_=1596671681994&CODE_STATE=getMsg HTTP/1.1" 200 27
114.89.80.44 - - [06/Aug/2020:07:54:57 +0800] "GET /xingrg/all/function/internal_message.html?_=1596671693044&CODE_STATE=getMsg HTTP/1.1" 200 27
120.253.135.82 - - [06/Aug/2020:07:55:29 +0800] "GET /xingrg/all/function/internal_message.html?_=1596671480556&CODE_STATE=getMsg HTTP/1.1" 200 27
114.88.161.57 - - [06/Aug/2020:07:55:29 +0800] "GET /xingrg/all/function/internal_message.html?_=1596671726409&CODE_STATE=getMsg HTTP/1.1" 200 27
120.253.135.82 - - [06/Aug/2020:07:55:30 +0800] "POST /xingrg/kc/base/stock_operate.html HTTP/1.1" 200 1484
120.253.135.82 - - [06/Aug/2020:07:55:40 +0800] "GET /xingrg/kc/info/info_main.html HTTP/1.1" 200 6010
120.253.135.82 - - [06/Aug/2020:07:55:40 +0800] "GET /xingrg/images/blue/cldwgl.gif HTTP/1.1" 200 2487
120.253.135.82 - - [06/Aug/2020:07:55:40 +0800] "GET /xingrg/images/blue/clxx.gif HTTP/1.1" 200 1916
120.253.135.82 - - [06/Aug/2020:07:55:40 +0800] "GET /xingrg/images/blue/ckxx.gif HTTP/1.1" 200 2041
120.253.135.82 - - [06/Aug/2020:07:55:40 +0800] "GET /xingrg/images/blue/gyscljg.gif HTTP/1.1" 200 2081
120.253.135.82 - - [06/Aug/2020:07:55:40 +0800] "GET /xingrg/images/blue/gysxxgl.gif HTTP/1.1" 200 1945
120.253.135.82 - - [06/Aug/2020:07:55:40 +0800] "GET /xingrg/images/blue/gyslbgl.gif HTTP/1.1" 200 1480
120.253.135.82 - - [06/Aug/2020:07:55:40 +0800] "GET /xingrg/images/blue/button/cgxqd.gif HTTP/1.1" 200 2619
114.89.80.44 - - [06/Aug/2020:07:55:41 +0800] "GET /xingrg/all/function/internal_message.html?_=1596671872224&CODE_STATE=getMsg HTTP/1.1" 200 27
114.84.32.201 - - [06/Aug/2020:07:55:41 +0800] "GET /xingrg/all/function/internal_message.html?_=1596671731503&CODE_STATE=getMsg HTTP/1.1" 200 27
120.253.135.82 - - [06/Aug/2020:07:55:42 +0800] "GET /xingrg/system/info/materiel_manager.html HTTP/1.1" 200 19497
120.253.135.82 - - [06/Aug/2020:07:55:42 +0800] "GET /xingrg/css/xtree.css HTTP/1.1" 200 880
120.253.135.82 - - [06/Aug/2020:07:55:42 +0800] "GET /xingrg/dwr/interface/AjaxBaseInfoService.js HTTP/1.1" 200 21363
120.253.135.82 - - [06/Aug/2020:07:55:42 +0800] "GET /xingrg/dwr/interface/AjaxComOrderService.js HTTP/1.1" 200 18264
