116.230.74.197 - - [06/Aug/2020:10:13:09 +0800] "GET /xingrg/kc/print/load_data.html?order_code=212020080602151&kc_code=cgsh&condition= HTTP/1.1" 200 742
117.184.7.26 - - [06/Aug/2020:10:13:10 +0800] "GET /xingrg/all/function/internal_message.html?_=1596679981019&CODE_STATE=getMsg HTTP/1.1" 200 27
61.172.5.115 - - [06/Aug/2020:10:13:12 +0800] "POST /xingrg/kc/buy/cgsh_list_operate.html HTTP/1.1" 200 4208
117.185.32.26 - - [06/Aug/2020:10:13:12 +0800] "GET /xingrg/kc/buy/cgsh_order_operate.html?command=get_materiel&rest_code=00106&code=00101008318&supplier_code=00100007&order_time=2020-08-06 HTTP/1.1" 200 408
116.230.74.197 - - [06/Aug/2020:10:13:13 +0800] "GET /xingrg/check_reg.html?_=1596679984392 HTTP/1.1" 200 22
116.230.74.197 - - [06/Aug/2020:10:13:13 +0800] "GET /xingrg/all/function/internal_message.html?_=1596679984730&CODE_STATE=getMsg HTTP/1.1" 200 27
116.230.74.197 - - [06/Aug/2020:10:13:13 +0800] "GET /xingrg/kc/buy/cgsh_order_add.html HTTP/1.1" 200 59426
116.230.74.197 - - [06/Aug/2020:10:13:14 +0800] "GET /xingrg/javascript/easyui/themes/default/validatebox.css HTTP/1.1" 404 1104
116.230.74.197 - - [06/Aug/2020:10:13:14 +0800] "POST /xingrg/kc/buy/cgsh_order_operate.html HTTP/1.1" 200 8245
116.230.74.197 - - [06/Aug/2020:10:13:15 +0800] "GET /xingrg/javascript/easyui/themes/default/tree.css HTTP/1.1" 404 1090
116.230.74.197 - - [06/Aug/2020:10:13:15 +0800] "POST /xingrg/all/common/load_tree.html?tree=supplier_tree_json&isDelete=1 HTTP/1.1" 200 49675
114.89.80.44 - - [06/Aug/2020:10:13:18 +0800] "GET /xingrg/all/function/internal_message.html?_=1596680128530&CODE_STATE=getMsg HTTP/1.1" 200 27
117.185.32.26 - - [06/Aug/2020:10:13:19 +0800] "GET /xingrg/kc/buy/cgsh_order_operate.html?command=get_materiel&rest_code=00106&code=00101008352&supplier_code=00100007&order_time=2020-08-06 HTTP/1.1" 200 412
61.172.5.115 - - [06/Aug/2020:10:13:22 +0800] "GET /xingrg/kc/buy/cgsh_order_add.html HTTP/1.1" 200 59379
61.172.5.115 - - [06/Aug/2020:10:13:23 +0800] "GET /xingrg/javascript/easyui/themes/default/validatebox.css HTTP/1.1" 404 1104
61.172.5.115 - - [06/Aug/2020:10:13:23 +0800] "POST /xingrg/kc/buy/cgsh_order_operate.html HTTP/1.1" 200 8245
61.172.5.115 - - [06/Aug/2020:10:13:24 +0800] "GET /xingrg/javascript/auto/indicator.gif HTTP/1.1" 404 1066
117.185.32.26 - - [06/Aug/2020:10:13:26 +0800] "POST /xingrg/kc/buy/cgsh_order_operate.html HTTP/1.1" 200 2065
116.232.53.2 - - [06/Aug/2020:10:13:26 +0800] "GET /xingrg/all/function/internal_message.html?_=1596680153500&CODE_STATE=getMsg HTTP/1.1" 200 27
117.185.32.26 - - [06/Aug/2020:10:13:29 +0800] "GET /xingrg/all/function/internal_message.html?_=1596680004433&CODE_STATE=getMsg HTTP/1.1" 200 27
114.88.161.57 - - [06/Aug/2020:10:13:29 +0800] "GET /xingrg/all/function/internal_message.html?_=1596680042047&CODE_STATE=getMsg HTTP/1.1" 200 27
180.175.214.200 - - [06/Aug/2020:10:13:32 +0800] "GET /xingrg/all/function/internal_message.html?_=1596680009723&CODE_STATE=getMsg HTTP/1.1" 200 27
61.172.5.115 - - [06/Aug/2020:10:13:32 +0800] "GET /xingrg/all/function/internal_message.html?_=1596680008664&CODE_STATE=getMsg HTTP/1.1" 200 27
114.88.161.57 - - [06/Aug/2020:10:13:32 +0800] "GET /xingrg/all/function/internal_message.html?_=1596680009078&CODE_STATE=getMsg HTTP/1.1" 200 27
61.172.5.115 - - [06/Aug/2020:10:13:38 +0800] "GET /xingrg/kc/buy/cgsh_order_operate.html?command=get_materiel&rest_code=00105&code=00101001167&supplier_code=00100314&order_time=2020-08-06 HTTP/1.1" 200 419
180.175.214.200 - - [06/Aug/2020:10:13:41 +0800] "GET /xingrg/all/function/internal_message.html?_=1596680224257&CODE_STATE=getMsg HTTP/1.1" 200 27
117.185.32.26 - - [06/Aug/2020:10:13:41 +0800] "GET /xingrg/kc/buy/cgsh_order_operate.html?command=get_materiel&rest_code=00106&code=00101008005&supplier_code=00100007&order_time=2020-08-06 HTTP/1.1" 200 412
114.84.32.201 - - [06/Aug/2020:10:13:41 +0800] "GET /xingrg/all/function/internal_message.html?_=1596680011661&CODE_STATE=getMsg HTTP/1.1" 200 27
116.230.74.197 - - [06/Aug/2020:10:13:42 +0800] "GET /xingrg/kc/buy/cgsh_order_operate.html?command=get_materiel&rest_code=00107&code=00101008061&supplier_code=00100339&order_time=2020-08-06 HTTP/1.1" 200 422
117.184.7.26 - - [06/Aug/2020:10:13:45 +0800] "GET /xingrg/all/function/internal_message.html?_=1596680015055&CODE_STATE=getMsg HTTP/1.1" 200 27
172.17.0.100 - - [06/Aug/2020:10:13:45 +0800] "GET /xingrg/all/function/internal_message.html?_=1596680022664&CODE_STATE=getMsg HTTP/1.1" 200 27
61.172.5.115 - - [06/Aug/2020:10:13:47 +0800] "POST /xingrg/kc/buy/cgsh_order_operate.html HTTP/1.1" 200 37
61.172.5.115 - - [06/Aug/2020:10:13:48 +0800] "POST /xingrg/kc/buy/cgsh_order_operate.html HTTP/1.1" 200 2666
222.69.133.128 - - [06/Aug/2020:10:13:48 +0800] "GET /xingrg/all/function/internal_message.html?_=1596680021673&CODE_STATE=getMsg HTTP/1.1" 200 27
61.172.5.115 - - [06/Aug/2020:10:13:49 +0800] "GET /xingrg/kc/print/load_config.html?kc_code=cgsh HTTP/1.1" 200 1845
61.172.5.115 - - [06/Aug/2020:10:13:49 +0800] "GET /xingrg/kc/print/load_data.html?order_code=212020080602152&kc_code=cgsh&condition= HTTP/1.1" 200 677
114.88.156.201 - - [06/Aug/2020:10:13:50 +0800] "GET /xingrg/all/function/internal_message.html?_=1596680024658&CODE_STATE=getMsg HTTP/1.1" 200 27
61.172.5.115 - - [06/Aug/2020:10:13:58 +0800] "GET /xingrg/all/function/internal_message.html?_=1596680029470&CODE_STATE=getMsg HTTP/1.1" 200 27
114.89.80.44 - - [06/Aug/2020:10:14:04 +0800] "GET /xingrg/all/function/internal_message.html?_=1596680040304&CODE_STATE=getMsg HTTP/1.1" 200 27
116.230.74.197 - - [06/Aug/2020:10:14:04 +0800] "GET /xingrg/kc/buy/cgsh_order_operate.html?command=get_materiel&rest_code=00107&code=00101008314&supplier_code=00100339&order_time=2020-08-06 HTTP/1.1" 200 413
172.17.0.185 - - [06/Aug/2020:10:14:05 +0800] "GET /xingrg/all/function/internal_message.html?_=1596680042532&CODE_STATE=getMsg HTTP/1.1" 200 27
117.184.7.26 - - [06/Aug/2020:10:14:11 +0800] "GET /xingrg/all/function/internal_message.html?_=1596680041195&CODE_STATE=getMsg HTTP/1.1" 200 27
117.185.32.26 - - [06/Aug/2020:10:14:11 +0800] "GET /xingrg/kc/buy/cgsh_order_operate.html?command=get_materiel&rest_code=00106&code=00101008353&supplier_code=00100007&order_time=2020-08-06 HTTP/1.1" 200 408
116.230.74.197 - - [06/Aug/2020:10:14:13 +0800] "GET /xingrg/all/function/internal_message.html?_=1596680044709&CODE_STATE=getMsg HTTP/1.1" 200 27
114.89.80.44 - - [06/Aug/2020:10:14:18 +0800] "GET /xingrg/all/function/internal_message.html?_=1596680188544&CODE_STATE=getMsg HTTP/1.1" 200 27
117.185.32.26 - - [06/Aug/2020:10:14:18 +0800] "GET /xingrg/kc/buy/cgsh_order_operate.html?command=get_materiel&rest_code=00106&code=00101008125&supplier_code=00100007&order_time=2020-08-06 HTTP/1.1" 200 413
172.17.0.123 - - [06/Aug/2020:10:14:22 +0800] "GET /xingrg/login.html HTTP/1.1" 200 7636
172.17.0.123 - - [06/Aug/2020:10:14:23 +0800] "GET /favicon.ico HTTP/1.1" 404 -
183.192.164.85 - - [06/Aug/2020:10:14:23 +0800] "GET /xingrg/all/function/internal_message.html?_=1596679344322&CODE_STATE=getMsg HTTP/1.1" 302 -
116.232.53.2 - - [06/Aug/2020:10:14:24 +0800] "GET /xingrg/all/function/internal_message.html?_=1596680213500&CODE_STATE=getMsg HTTP/1.1" 200 27
117.185.32.26 - - [06/Aug/2020:10:14:25 +0800] "GET /xingrg/kc/buy/cgsh_order_operate.html?command=get_materiel&rest_code=00106&code=00101008283&supplier_code=00100007&order_time=2020-08-06 HTTP/1.1" 200 408
172.17.0.123 - - [06/Aug/2020:10:14:27 +0800] "POST /xingrg/login.do HTTP/1.1" 302 -
172.17.0.123 - - [06/Aug/2020:10:14:27 +0800] "GET /xingrg/index.html?sysBaseUrl=http%3A%2F%2F172.17.0.8%3A18081%2Fxingrg%2F&costTime=43×tamp=1596680067876 HTTP/1.1" 200 17448
172.17.0.123 - - [06/Aug/2020:10:14:28 +0800] "GET /favicon.ico HTTP/1.1" 404 -
172.17.0.123 - - [06/Aug/2020:10:14:28 +0800] "POST /xingrg/all/common/load_tree.html?tree=area_rest_tree_json&manage=1 HTTP/1.1" 200 3216
172.17.0.123 - - [06/Aug/2020:10:14:28 +0800] "GET /xingrg/check_reg.html?_=1596679992301 HTTP/1.1" 200 22
172.17.0.123 - - [06/Aug/2020:10:14:28 +0800] "GET /xingrg/all/function/internal_message.html?_=1596679992301&CODE_STATE=count HTTP/1.1" 200 11
172.17.0.123 - - [06/Aug/2020:10:14:28 +0800] "POST /xingrg/load_menu.html HTTP/1.1" 200 11408
172.17.0.123 - - [06/Aug/2020:10:14:28 +0800] "GET /xingrg/javascript/jquery_easy_ui/themes/icons/delivery_new.png HTTP/1.1" 200 700
117.185.32.26 - - [06/Aug/2020:10:14:29 +0800] "GET /xingrg/all/function/internal_message.html?_=1596680064351&CODE_STATE=getMsg HTTP/1.1" 200 27
114.88.161.57 - - [06/Aug/2020:10:14:29 +0800] "GET /xingrg/all/function/internal_message.html?_=1596680102045&CODE_STATE=getMsg HTTP/1.1" 200 27
183.192.164.85 - - [06/Aug/2020:10:14:31 +0800] "GET /xingrg/login.html HTTP/1.1" 200 7641
180.175.214.200 - - [06/Aug/2020:10:14:32 +0800] "GET /xingrg/all/function/internal_message.html?_=1596680069736&CODE_STATE=getMsg HTTP/1.1" 200 27
61.172.5.115 - - [06/Aug/2020:10:14:32 +0800] "GET /xingrg/check_reg.html?_=1596680068694 HTTP/1.1" 200 22
61.172.5.115 - - [06/Aug/2020:10:14:32 +0800] "GET /xingrg/all/function/internal_message.html?_=1596680068699&CODE_STATE=getMsg HTTP/1.1" 200 27
114.88.161.57 - - [06/Aug/2020:10:14:32 +0800] "GET /xingrg/all/function/internal_message.html?_=1596680069120&CODE_STATE=getMsg HTTP/1.1" 200 27
172.17.0.123 - - [06/Aug/2020:10:14:32 +0800] "POST /xingrg/all/user/operate.html HTTP/1.1" 200 36
172.17.0.123 - - [06/Aug/2020:10:14:32 +0800] "GET /xingrg/index.html?sysBaseUrl=http%3A%2F%2F172.17.0.8%3A18081%2Fxingrg%2F&costTime=43×tamp=1596680067876 HTTP/1.1" 200 17454
172.17.0.123 - - [06/Aug/2020:10:14:32 +0800] "GET /xingrg/javascript/jquery_easy_ui/themes/default/easyui.css HTTP/1.1" 304 -
172.17.0.123 - - [06/Aug/2020:10:14:32 +0800] "GET /xingrg/javascript/jquery_easy_ui/themes/icon.css HTTP/1.1" 304 -
172.17.0.123 - - [06/Aug/2020:10:14:32 +0800] "GET /xingrg/css/form.css HTTP/1.1" 304 -
172.17.0.123 - - [06/Aug/2020:10:14:32 +0800] "GET /xingrg/javascript/jquery-1.4.2.min.js HTTP/1.1" 304 -
172.17.0.123 - - [06/Aug/2020:10:14:32 +0800] "GET /xingrg/javascript/jquery_easy_ui/jquery.easyui.min.js HTTP/1.1" 304 -
117.185.32.26 - - [06/Aug/2020:10:14:32 +0800] "POST /xingrg/kc/buy/cgsh_order_operate.html HTTP/1.1" 200 37
172.17.0.123 - - [06/Aug/2020:10:14:33 +0800] "GET /xingrg/javascript/jquery_easy_ui/easyui-lang-zh_CN.js HTTP/1.1" 304 -
172.17.0.123 - - [06/Aug/2020:10:14:33 +0800] "GET /xingrg/javascript/jquery.form.js HTTP/1.1" 304 -
172.17.0.123 - - [06/Aug/2020:10:14:33 +0800] "GET /xingrg/javascript/jquery.utils.js HTTP/1.1" 304 -
172.17.0.123 - - [06/Aug/2020:10:14:33 +0800] "GET /xingrg/javascript/jquery.timers.js HTTP/1.1" 304 -
172.17.0.123 - - [06/Aug/2020:10:14:33 +0800] "GET /xingrg/images/blue/jxLogo.png HTTP/1.1" 304 -
172.17.0.123 - - [06/Aug/2020:10:14:33 +0800] "GET /xingrg/images/blue/navBackgound.jpg HTTP/1.1" 304 -
172.17.0.123 - - [06/Aug/2020:10:14:33 +0800] "GET /xingrg/javascript/jquery_easy_ui/themes/icons/settle_new.png HTTP/1.1" 304 -
172.17.0.123 - - [06/Aug/2020:10:14:33 +0800] "POST /xingrg/all/common/load_tree.html?tree=area_rest_tree_json&manage=1 HTTP/1.1" 200 3216
172.17.0.123 - - [06/Aug/2020:10:14:33 +0800] "GET /xingrg/all/function/internal_message.html?_=1596679997186&CODE_STATE=count HTTP/1.1" 200 11
172.17.0.123 - - [06/Aug/2020:10:14:33 +0800] "GET /xingrg/check_reg.html?_=1596679997186 HTTP/1.1" 200 22
172.17.0.123 - - [06/Aug/2020:10:14:33 +0800] "GET /xingrg/javascript/jquery_easy_ui/themes/default/images/tabs_leftarrow.png HTTP/1.1" 304 -
172.17.0.123 - - [06/Aug/2020:10:14:33 +0800] "GET /xingrg/javascript/jquery_easy_ui/themes/default/images/panel_tool_expand.gif HTTP/1.1" 304 -
172.17.0.123 - - [06/Aug/2020:10:14:33 +0800] "GET /xingrg/javascript/jquery_easy_ui/themes/default/images/panel_tool_collapse.gif HTTP/1.1" 304 -
172.17.0.123 - - [06/Aug/2020:10:14:33 +0800] "GET /xingrg/javascript/jquery_easy_ui/themes/default/images/tabs_rightarrow.png HTTP/1.1" 304 -
172.17.0.123 - - [06/Aug/2020:10:14:33 +0800] "GET /xingrg/images/blue/pingpu.png HTTP/1.1" 304 -
172.17.0.123 - - [06/Aug/2020:10:14:33 +0800] "POST /xingrg/load_menu.html HTTP/1.1" 200 9924
116.230.74.197 - - [06/Aug/2020:10:14:34 +0800] "GET /xingrg/kc/buy/cgsh_order_operate.html?command=get_materiel&rest_code=00107&code=00101008512&supplier_code=00100339&order_time=2020-08-06 HTTP/1.1" 200 399
172.17.0.123 - - [06/Aug/2020:10:14:35 +0800] "GET /xingrg/kc/buy/cgsh_order_list.html HTTP/1.1" 200 43882
172.17.0.123 - - [06/Aug/2020:10:14:35 +0800] "GET /xingrg/javascript/easyui/themes/icons/import_new.png HTTP/1.1" 200 1247
117.185.32.26 - - [06/Aug/2020:10:14:35 +0800] "POST /xingrg/kc/buy/cgsh_order_operate.html HTTP/1.1" 200 15632
172.17.0.123 - - [06/Aug/2020:10:14:36 +0800] "POST /xingrg/kc/buy/cgsh_list_operate.html HTTP/1.1" 200 876
116.230.74.197 - - [06/Aug/2020:10:14:40 +0800] "POST /xingrg/kc/buy/cgsh_order_operate.html HTTP/1.1" 200 37
180.175.214.200 - - [06/Aug/2020:10:14:41 +0800] "GET /xingrg/all/function/internal_message.html?_=1596680284271&CODE_STATE=getMsg HTTP/1.1" 200 27
116.230.74.197 - - [06/Aug/2020:10:14:41 +0800] "POST /xingrg/kc/buy/cgsh_order_operate.html HTTP/1.1" 200 4439
114.84.32.201 - - [06/Aug/2020:10:14:41 +0800] "GET /xingrg/all/function/internal_message.html?_=1596680071664&CODE_STATE=getMsg HTTP/1.1" 200 27
114.84.32.201 - - [06/Aug/2020:10:14:41 +0800] "GET /xingrg/check_reg.html?_=1596680071666 HTTP/1.1" 200 22
116.230.74.197 - - [06/Aug/2020:10:14:42 +0800] "GET /xingrg/kc/print/load_data.html?order_code=212020080602154&kc_code=cgsh&condition= HTTP/1.1" 200 1358
117.184.7.26 - - [06/Aug/2020:10:14:45 +0800] "GET /xingrg/all/function/internal_message.html?_=1596680075065&CODE_STATE=getMsg HTTP/1.1" 200 27
172.17.0.100 - - [06/Aug/2020:10:14:45 +0800] "GET /xingrg/all/function/internal_message.html?_=1596680082692&CODE_STATE=getMsg HTTP/1.1" 200 27
116.230.74.197 - - [06/Aug/2020:10:14:47 +0800] "GET /xingrg/kc/buy/cgsh_order_add.html HTTP/1.1" 200 59426
116.230.74.197 - - [06/Aug/2020:10:14:48 +0800] "POST /xingrg/kc/buy/cgsh_order_operate.html HTTP/1.1" 200 8245
222.69.133.128 - - [06/Aug/2020:10:14:48 +0800] "GET /xingrg/all/function/internal_message.html?_=1596680081674&CODE_STATE=getMsg HTTP/1.1" 200 27
116.230.74.197 - - [06/Aug/2020:10:14:48 +0800] "GET /xingrg/javascript/easyui/themes/default/validatebox.css HTTP/1.1" 404 1104
116.230.74.197 - - [06/Aug/2020:10:14:49 +0800] "GET /xingrg/javascript/easyui/themes/default/tree.css HTTP/1.1" 404 1090
116.230.74.197 - - [06/Aug/2020:10:14:50 +0800] "POST /xingrg/all/common/load_tree.html?tree=supplier_tree_json&isDelete=1 HTTP/1.1" 200 49675
222.70.173.120 - - [06/Aug/2020:10:14:50 +0800] "GET /xingrg/check_reg.html?_=1596680131652 HTTP/1.1" 200 22
114.88.156.201 - - [06/Aug/2020:10:14:50 +0800] "GET /xingrg/all/function/internal_message.html?_=1596680084657&CODE_STATE=getMsg HTTP/1.1" 200 27
61.172.5.115 - - [06/Aug/2020:10:14:58 +0800] "GET /xingrg/kc/buy/cgsh_order_add.html HTTP/1.1" 200 59379
61.172.5.115 - - [06/Aug/2020:10:14:58 +0800] "POST /xingrg/kc/buy/cgsh_order_operate.html HTTP/1.1" 200 8245
61.172.5.115 - - [06/Aug/2020:10:14:58 +0800] "GET /xingrg/javascript/easyui/themes/default/validatebox.css HTTP/1.1" 404 1104
61.172.5.115 - - [06/Aug/2020:10:14:58 +0800] "GET /xingrg/check_reg.html?_=1596680089470 HTTP/1.1" 200 22
61.172.5.115 - - [06/Aug/2020:10:14:58 +0800] "GET /xingrg/all/function/internal_message.html?_=1596680089472&CODE_STATE=getMsg HTTP/1.1" 200 27
114.89.80.44 - - [06/Aug/2020:10:15:04 +0800] "GET /xingrg/all/function/internal_message.html?_=1596680100325&CODE_STATE=getMsg HTTP/1.1" 200 27
117.185.32.26 - - [06/Aug/2020:10:15:05 +0800] "GET /xingrg/kc/buy/cgsh_order_operate.html?command=get_materiel&rest_code=00106&code=00101008261&supplier_code=00100007&order_time=2020-08-06 HTTP/1.1" 200 408
172.17.0.185 - - [06/Aug/2020:10:15:05 +0800] "GET /xingrg/all/function/internal_message.html?_=1596680102521&CODE_STATE=getMsg HTTP/1.1" 200 27
116.230.74.197 - - [06/Aug/2020:10:15:06 +0800] "GET /xingrg/kc/buy/cgsh_order_operate.html?command=get_materiel&rest_code=00107&code=00101001119&supplier_code=00100316&order_time=2020-08-06 HTTP/1.1" 200 423
61.172.5.115 - - [06/Aug/2020:10:15:08 +0800] "GET /xingrg/kc/buy/cgsh_order_operate.html?command=get_materiel&rest_code=00105&code=00101007085&supplier_code=00100328&order_time=2020-08-06 HTTP/1.1" 200 413
117.184.7.30 - - [06/Aug/2020:10:15:11 +0800] "GET /xingrg/all/function/internal_message.html?_=1596680101202&CODE_STATE=getMsg HTTP/1.1" 200 27
116.230.74.197 - - [06/Aug/2020:10:15:13 +0800] "GET /xingrg/all/function/internal_message.html?_=1596680104685&CODE_STATE=getMsg HTTP/1.1" 200 27
117.185.32.26 - - [06/Aug/2020:10:15:14 +0800] "GET /xingrg/kc/buy/cgsh_order_operate.html?command=get_materiel&rest_code=00106&code=00101008141&supplier_code=00100007&order_time=2020-08-06 HTTP/1.1" 200 412
114.89.80.44 - - [06/Aug/2020:10:15:18 +0800] "GET /xingrg/all/function/internal_message.html?_=1596680248600&CODE_STATE=getMsg HTTP/1.1" 200 27
116.230.74.197 - - [06/Aug/2020:10:15:20 +0800] "POST /xingrg/kc/buy/cgsh_order_operate.html HTTP/1.1" 200 37
116.232.53.2 - - [06/Aug/2020:10:15:21 +0800] "GET /xingrg/all/function/internal_message.html?_=1596680273500&CODE_STATE=getMsg HTTP/1.1" 200 27
61.172.5.115 - - [06/Aug/2020:10:15:22 +0800] "GET /xingrg/kc/buy/cgsh_order_operate.html?command=get_materiel&rest_code=00105&code=00101007032&supplier_code=00100328&order_time=2020-08-06 HTTP/1.1" 200 413
117.185.32.26 - - [06/Aug/2020:10:15:23 +0800] "GET /xingrg/kc/buy/cgsh_order_operate.html?command=get_materiel&rest_code=00106&code=00101008148&supplier_code=00100007&order_time=2020-08-06 HTTP/1.1" 200 416
116.230.74.197 - - [06/Aug/2020:10:15:23 +0800] "POST /xingrg/kc/buy/cgsh_order_operate.html HTTP/1.1" 200 2671
183.192.164.85 - - [06/Aug/2020:10:15:26 +0800] "GET /xingrg/all/function/internal_message.html?_=1596679404321&CODE_STATE=getMsg HTTP/1.1" 302 -
117.185.32.26 - - [06/Aug/2020:10:15:29 +0800] "GET /xingrg/all/function/internal_message.html?_=1596680124348&CODE_STATE=getMsg HTTP/1.1" 200 27
114.88.161.57 - - [06/Aug/2020:10:15:29 +0800] "GET /xingrg/all/function/internal_message.html?_=1596680162047&CODE_STATE=getMsg HTTP/1.1" 200 27
61.172.5.115 - - [06/Aug/2020:10:15:31 +0800] "POST /xingrg/kc/buy/cgsh_order_operate.html HTTP/1.1" 200 37
117.185.32.26 - - [06/Aug/2020:10:15:31 +0800] "GET /xingrg/kc/buy/cgsh_order_operate.html?command=get_materiel&rest_code=00106&code=00101008323&supplier_code=00100007&order_time=2020-08-06 HTTP/1.1" 200 408
180.175.214.200 - - [06/Aug/2020:10:15:31 +0800] "GET /xingrg/check_reg.html?_=1596680129501 HTTP/1.1" 200 22
180.175.214.200 - - [06/Aug/2020:10:15:32 +0800] "GET /xingrg/all/function/internal_message.html?_=1596680129749&CODE_STATE=getMsg HTTP/1.1" 200 27
61.172.5.115 - - [06/Aug/2020:10:15:32 +0800] "GET /xingrg/all/function/internal_message.html?_=1596680128672&CODE_STATE=getMsg HTTP/1.1" 200 27
61.172.5.115 - - [06/Aug/2020:10:15:32 +0800] "POST /xingrg/kc/buy/cgsh_order_operate.html HTTP/1.1" 200 3249
114.88.161.57 - - [06/Aug/2020:10:15:32 +0800] "GET /xingrg/all/function/internal_message.html?_=1596680129137&CODE_STATE=getMsg HTTP/1.1" 200 27
172.17.0.123 - - [06/Aug/2020:10:15:33 +0800] "GET /xingrg/all/function/internal_message.html?_=1596680057202&CODE_STATE=getMsg HTTP/1.1" 200 27
61.172.5.115 - - [06/Aug/2020:10:15:33 +0800] "GET /xingrg/kc/print/load_data.html?order_code=212020080602156&kc_code=cgsh&condition= HTTP/1.1" 200 901
116.230.74.197 - - [06/Aug/2020:10:15:33 +0800] "GET /xingrg/kc/print/load_data.html?order_code=212020080602155&kc_code=cgsh&condition= HTTP/1.1" 200 688
183.192.164.85 - - [06/Aug/2020:10:15:34 +0800] "GET /xingrg/login.html HTTP/1.1" 200 7641
117.185.32.26 - - [06/Aug/2020:10:15:38 +0800] "POST /xingrg/kc/buy/cgsh_order_operate.html HTTP/1.1" 200 2065
61.172.5.115 - - [06/Aug/2020:10:15:41 +0800] "GET /xingrg/kc/buy/cgsh_order_add.html HTTP/1.1" 200 59379
61.172.5.115 - - [06/Aug/2020:10:15:41 +0800] "POST /xingrg/kc/buy/cgsh_order_operate.html HTTP/1.1" 200 8245
61.172.5.115 - - [06/Aug/2020:10:15:41 +0800] "GET /xingrg/javascript/easyui/themes/default/validatebox.css HTTP/1.1" 404 1104
180.175.214.200 - - [06/Aug/2020:10:15:41 +0800] "GET /xingrg/all/function/internal_message.html?_=1596680344651&CODE_STATE=getMsg HTTP/1.1" 200 27
114.84.32.201 - - [06/Aug/2020:10:15:41 +0800] "GET /xingrg/all/function/internal_message.html?_=1596680131667&CODE_STATE=getMsg HTTP/1.1" 200 27
117.185.32.26 - - [06/Aug/2020:10:15:42 +0800] "GET /xingrg/kc/buy/cgsh_order_operate.html?command=get_materiel&rest_code=00106&code=00101008175&supplier_code=00100007&order_time=2020-08-06 HTTP/1.1" 200 412
117.184.7.26 - - [06/Aug/2020:10:15:45 +0800] "GET /xingrg/all/function/internal_message.html?_=1596680135065&CODE_STATE=getMsg HTTP/1.1" 200 27
172.17.0.100 - - [06/Aug/2020:10:15:45 +0800] "GET /xingrg/all/function/internal_message.html?_=1596680142690&CODE_STATE=getMsg HTTP/1.1" 200 27
222.69.133.128 - - [06/Aug/2020:10:15:48 +0800] "GET /xingrg/all/function/internal_message.html?_=1596680141673&CODE_STATE=getMsg HTTP/1.1" 200 27
61.172.5.115 - - [06/Aug/2020:10:15:50 +0800] "GET /xingrg/kc/buy/cgsh_order_operate.html?command=get_materiel&rest_code=00105&code=00101010529&supplier_code=00100340&order_time=2020-08-06 HTTP/1.1" 200 399
114.88.156.201 - - [06/Aug/2020:10:15:50 +0800] "GET /xingrg/all/function/internal_message.html?_=1596680144657&CODE_STATE=getMsg HTTP/1.1" 200 27
117.185.32.26 - - [06/Aug/2020:10:15:58 +0800] "GET /xingrg/kc/buy/cgsh_order_operate.html?command=get_materiel&rest_code=00106&code=00101008176&supplier_code=00100007&order_time=2020-08-06 HTTP/1.1" 200 412
61.172.5.115 - - [06/Aug/2020:10:15:58 +0800] "GET /xingrg/all/function/internal_message.html?_=1596680149473&CODE_STATE=getMsg HTTP/1.1" 200 27
101.91.60.105 - - [06/Aug/2020:10:16:03 +0800] "GET /xingrg/all/function/internal_message.html?_=1596679424620&CODE_STATE=getMsg HTTP/1.1" 302 -
114.89.80.44 - - [06/Aug/2020:10:16:04 +0800] "GET /xingrg/all/function/internal_message.html?_=1596680160326&CODE_STATE=getMsg HTTP/1.1" 200 27
114.89.80.44 - - [06/Aug/2020:10:16:04 +0800] "GET /xingrg/check_reg.html?_=1596680160330 HTTP/1.1" 200 22
117.185.32.26 - - [06/Aug/2020:10:16:05 +0800] "GET /xingrg/kc/buy/cgsh_order_operate.html?command=get_materiel&rest_code=00106&code=00101008302&supplier_code=00100007&order_time=2020-08-06 HTTP/1.1" 200 412
172.17.0.185 - - [06/Aug/2020:10:16:05 +0800] "GET /xingrg/all/function/internal_message.html?_=1596680162528&CODE_STATE=getMsg HTTP/1.1" 200 27
101.91.60.105 - - [06/Aug/2020:10:16:06 +0800] "GET /xingrg/login.html HTTP/1.1" 200 7641
117.184.7.26 - - [06/Aug/2020:10:16:10 +0800] "GET /xingrg/check_reg.html?_=1596680160909 HTTP/1.1" 200 22
117.184.7.26 - - [06/Aug/2020:10:16:11 +0800] "GET /xingrg/all/function/internal_message.html?_=1596680161217&CODE_STATE=getMsg HTTP/1.1" 200 27
117.185.32.26 - - [06/Aug/2020:10:16:12 +0800] "GET /xingrg/kc/buy/cgsh_order_operate.html?command=get_materiel&rest_code=00106&code=00101008219&supplier_code=00100007&order_time=2020-08-06 HTTP/1.1" 200 412
116.230.74.197 - - [06/Aug/2020:10:16:13 +0800] "GET /xingrg/all/function/internal_message.html?_=1596680164667&CODE_STATE=getMsg HTTP/1.1" 200 27
61.172.5.115 - - [06/Aug/2020:10:16:15 +0800] "POST /xingrg/kc/buy/cgsh_order_operate.html HTTP/1.1" 200 37
61.172.5.115 - - [06/Aug/2020:10:16:16 +0800] "POST /xingrg/kc/buy/cgsh_order_operate.html HTTP/1.1" 200 2659
61.172.5.115 - - [06/Aug/2020:10:16:17 +0800] "GET /xingrg/kc/print/load_data.html?order_code=212020080602157&kc_code=cgsh&condition= HTTP/1.1" 200 673
114.89.80.44 - - [06/Aug/2020:10:16:18 +0800] "GET /xingrg/all/function/internal_message.html?_=1596680308602&CODE_STATE=getMsg HTTP/1.1" 200 27
117.185.32.26 - - [06/Aug/2020:10:16:19 +0800] "GET /xingrg/kc/buy/cgsh_order_operate.html?command=get_materiel&rest_code=00106&code=00101008027&supplier_code=00100007&order_time=2020-08-06 HTTP/1.1" 200 409
116.232.53.2 - - [06/Aug/2020:10:16:19 +0800] "GET /xingrg/check_reg.html?_=1596680333437 HTTP/1.1" 200 22
116.232.53.2 - - [06/Aug/2020:10:16:19 +0800] "GET /xingrg/all/function/internal_message.html?_=1596680333500&CODE_STATE=getMsg HTTP/1.1" 200 27
117.185.32.26 - - [06/Aug/2020:10:16:21 +0800] "POST /xingrg/kc/buy/cgsh_order_operate.html HTTP/1.1" 200 2065
61.172.5.115 - - [06/Aug/2020:10:16:25 +0800] "GET /xingrg/kc/buy/cgsh_order_add.html HTTP/1.1" 200 59379
61.172.5.115 - - [06/Aug/2020:10:16:25 +0800] "POST /xingrg/kc/buy/cgsh_order_operate.html HTTP/1.1" 200 8245
61.172.5.115 - - [06/Aug/2020:10:16:25 +0800] "GET /xingrg/javascript/easyui/themes/default/validatebox.css HTTP/1.1" 404 1104
117.185.32.26 - - [06/Aug/2020:10:16:25 +0800] "GET /xingrg/kc/buy/cgsh_order_operate.html?command=get_materiel&rest_code=00106&code=00101008244&supplier_code=00100007&order_time=2020-08-06 HTTP/1.1" 200 408
117.185.32.26 - - [06/Aug/2020:10:16:29 +0800] "GET /xingrg/check_reg.html?_=1596680184381 HTTP/1.1" 200 22
117.185.32.26 - - [06/Aug/2020:10:16:29 +0800] "GET /xingrg/all/function/internal_message.html?_=1596680184382&CODE_STATE=getMsg HTTP/1.1" 200 27
114.88.161.57 - - [06/Aug/2020:10:16:29 +0800] "GET /xingrg/all/function/internal_message.html?_=1596680222048&CODE_STATE=getMsg HTTP/1.1" 200 27
180.175.214.200 - - [06/Aug/2020:10:16:32 +0800] "GET /xingrg/all/function/internal_message.html?_=1596680189763&CODE_STATE=getMsg HTTP/1.1" 200 27
61.172.5.115 - - [06/Aug/2020:10:16:32 +0800] "GET /xingrg/all/function/internal_message.html?_=1596680188674&CODE_STATE=getMsg HTTP/1.1" 200 27
114.88.161.57 - - [06/Aug/2020:10:16:32 +0800] "GET /xingrg/all/function/internal_message.html?_=1596680189178&CODE_STATE=getMsg HTTP/1.1" 200 27
172.17.0.123 - - [06/Aug/2020:10:16:33 +0800] "GET /xingrg/all/function/internal_message.html?_=1596680117188&CODE_STATE=getMsg HTTP/1.1" 200 27
61.172.5.115 - - [06/Aug/2020:10:16:35 +0800] "GET /xingrg/kc/buy/cgsh_order_operate.html?command=get_materiel&rest_code=00105&code=00101004090&supplier_code=00100312&order_time=2020-08-06 HTTP/1.1" 200 391
117.185.32.26 - - [06/Aug/2020:10:16:38 +0800] "GET /xingrg/kc/buy/cgsh_order_operate.html?command=get_materiel&rest_code=00106&code=00101008351&supplier_code=00100007&order_time=2020-08-06 HTTP/1.1" 200 408
114.84.32.201 - - [06/Aug/2020:10:16:41 +0800] "GET /xingrg/all/function/internal_message.html?_=1596680191666&CODE_STATE=getMsg HTTP/1.1" 200 27
180.175.214.200 - - [06/Aug/2020:10:16:41 +0800] "GET /xingrg/all/function/internal_message.html?_=1596680404874&CODE_STATE=getMsg HTTP/1.1" 200 27
117.184.7.30 - - [06/Aug/2020:10:16:45 +0800] "GET /xingrg/all/function/internal_message.html?_=1596680195076&CODE_STATE=getMsg HTTP/1.1" 200 27
117.184.7.30 - - [06/Aug/2020:10:16:45 +0800] "GET /xingrg/check_reg.html?_=1596680195082 HTTP/1.1" 200 22
172.17.0.100 - - [06/Aug/2020:10:16:45 +0800] "GET /xingrg/all/function/internal_message.html?_=1596680202688&CODE_STATE=getMsg HTTP/1.1" 200 27
172.17.0.100 - - [06/Aug/2020:10:16:45 +0800] "GET /xingrg/check_reg.html?_=1596680202689 HTTP/1.1" 200 22
114.88.161.57 - - [06/Aug/2020:10:16:47 +0800] "GET /xingrg/check_reg.html?_=1596680204190 HTTP/1.1" 200 22
101.85.54.197 - - [06/Aug/2020:10:16:48 +0800] "GET /xingrg/check_reg.html?_=1596679521447 HTTP/1.1" 302 -
222.69.133.128 - - [06/Aug/2020:10:16:48 +0800] "GET /xingrg/all/function/internal_message.html?_=1596680201673&CODE_STATE=getMsg HTTP/1.1" 200 27
222.69.133.128 - - [06/Aug/2020:10:16:48 +0800] "GET /xingrg/check_reg.html?_=1596680201677 HTTP/1.1" 200 22
114.88.156.201 - - [06/Aug/2020:10:16:50 +0800] "GET /xingrg/all/function/internal_message.html?_=1596680204656&CODE_STATE=getMsg HTTP/1.1" 200 27
114.88.156.201 - - [06/Aug/2020:10:16:50 +0800] "GET /xingrg/check_reg.html?_=1596680204659 HTTP/1.1" 200 22
101.89.239.232 - - [06/Aug/2020:10:16:52 +0800] "GET /xingrg/all/function/internal_message.html?_=1596679484620&CODE_STATE=getMsg HTTP/1.1" 302 -
61.172.5.115 - - [06/Aug/2020:10:16:57 +0800] "GET /xingrg/kc/buy/cgsh_order_operate.html?command=get_materiel&rest_code=00105&code=00101004067&supplier_code=00100312&order_time=2020-08-06 HTTP/1.1" 200 429
61.172.5.115 - - [06/Aug/2020:10:16:58 +0800] "GET /xingrg/all/function/internal_message.html?_=1596680209475&CODE_STATE=getMsg HTTP/1.1" 200 27
101.89.239.232 - - [06/Aug/2020:10:17:01 +0800] "GET /xingrg/login.html HTTP/1.1" 200 7641
61.172.5.115 - - [06/Aug/2020:10:17:03 +0800] "GET /xingrg/kc/buy/cgsh_order_operate.html?command=get_materiel&rest_code=00105&code=00101001138&supplier_code=00100312&order_time=2020-08-06 HTTP/1.1" 200 413
114.89.80.44 - - [06/Aug/2020:10:17:04 +0800] "GET /xingrg/all/function/internal_message.html?_=1596680220341&CODE_STATE=getMsg HTTP/1.1" 200 27
117.185.32.26 - - [06/Aug/2020:10:17:04 +0800] "GET /xingrg/kc/buy/cgsh_order_operate.html?command=get_materiel&rest_code=00106&code=00101008224&supplier_code=00100007&order_time=2020-08-06 HTTP/1.1" 200 416
172.17.0.185 - - [06/Aug/2020:10:17:05 +0800] "GET /xingrg/check_reg.html?_=1596680222521 HTTP/1.1" 200 22
172.17.0.185 - - [06/Aug/2020:10:17:05 +0800] "GET /xingrg/all/function/internal_message.html?_=1596680222524&CODE_STATE=getMsg HTTP/1.1" 200 27
117.185.32.26 - - [06/Aug/2020:10:17:08 +0800] "POST /xingrg/kc/buy/cgsh_order_operate.html HTTP/1.1" 200 2065
117.184.7.26 - - [06/Aug/2020:10:17:11 +0800] "GET /xingrg/all/function/internal_message.html?_=1596680221230&CODE_STATE=getMsg HTTP/1.1" 200 27
61.172.5.115 - - [06/Aug/2020:10:17:11 +0800] "GET /xingrg/kc/buy/cgsh_order_operate.html?command=get_materiel&rest_code=00105&code=00101004057&supplier_code=00100312&order_time=2020-08-06 HTTP/1.1" 200 409
116.230.74.197 - - [06/Aug/2020:10:17:13 +0800] "GET /xingrg/all/function/internal_message.html?_=1596680224646&CODE_STATE=getMsg HTTP/1.1" 200 27
116.232.53.2 - - [06/Aug/2020:10:17:16 +0800] "GET /xingrg/all/function/internal_message.html?_=1596680393500&CODE_STATE=getMsg HTTP/1.1" 200 27
61.172.5.115 - - [06/Aug/2020:10:17:17 +0800] "GET /xingrg/kc/buy/cgsh_order_operate.html?command=get_materiel&rest_code=00105&code=00101001096&supplier_code=00100312&order_time=2020-08-06 HTTP/1.1" 200 413
114.88.161.57 - - [06/Aug/2020:10:17:17 +0800] "GET /xingrg/kc/buy/cgsh_order_list.html HTTP/1.1" 200 43641
114.89.80.44 - - [06/Aug/2020:10:17:17 +0800] "GET /xingrg/check_reg.html?_=1596680368130 HTTP/1.1" 200 22
114.89.80.44 - - [06/Aug/2020:10:17:18 +0800] "GET /xingrg/all/function/internal_message.html?_=1596680368617&CODE_STATE=getMsg HTTP/1.1" 200 27
114.88.161.57 - - [06/Aug/2020:10:17:20 +0800] "POST /xingrg/kc/buy/cgsh_list_operate.html HTTP/1.1" 200 3129
116.230.74.197 - - [06/Aug/2020:10:17:23 +0800] "POST /xingrg/services/DataTransmitService HTTP/1.1" 200 524
116.230.74.197 - - [06/Aug/2020:10:17:23 +0800] "POST /xingrg/services/DataTransmitService HTTP/1.1" 200 501
61.172.5.115 - - [06/Aug/2020:10:17:25 +0800] "GET /xingrg/kc/buy/cgsh_order_operate.html?command=get_materiel&rest_code=00105&code=00101004030&supplier_code=00100312&order_time=2020-08-06 HTTP/1.1" 200 408
117.185.32.26 - - [06/Aug/2020:10:17:29 +0800] "GET /xingrg/all/function/internal_message.html?_=1596680244437&CODE_STATE=getMsg HTTP/1.1" 200 27
114.88.161.57 - - [06/Aug/2020:10:17:29 +0800] "GET /xingrg/all/function/internal_message.html?_=1596680282091&CODE_STATE=getMsg HTTP/1.1" 200 27
114.88.161.57 - - [06/Aug/2020:10:17:29 +0800] "GET /xingrg/check_reg.html?_=1596680282088 HTTP/1.1" 200 22
61.172.5.115 - - [06/Aug/2020:10:17:31 +0800] "GET /xingrg/kc/buy/cgsh_order_operate.html?command=get_materiel&rest_code=00105&code=00101005015&supplier_code=00100312&order_time=2020-08-06 HTTP/1.1" 200 409
180.175.214.200 - - [06/Aug/2020:10:17:32 +0800] "GET /xingrg/all/function/internal_message.html?_=1596680249777&CODE_STATE=getMsg HTTP/1.1" 200 27
61.172.5.115 - - [06/Aug/2020:10:17:32 +0800] "GET /xingrg/all/function/internal_message.html?_=1596680248681&CODE_STATE=getMsg HTTP/1.1" 200 27
114.88.161.57 - - [06/Aug/2020:10:17:32 +0800] "GET /xingrg/all/function/internal_message.html?_=1596680249195&CODE_STATE=getMsg HTTP/1.1" 200 27
172.17.0.123 - - [06/Aug/2020:10:17:33 +0800] "GET /xingrg/all/function/internal_message.html?_=1596680177192&CODE_STATE=getMsg HTTP/1.1" 200 27
61.172.5.115 - - [06/Aug/2020:10:17:38 +0800] "GET /xingrg/kc/buy/cgsh_order_operate.html?command=get_materiel&rest_code=00105&code=00101001029&supplier_code=00100312&order_time=2020-08-06 HTTP/1.1" 200 415
180.175.214.200 - - [06/Aug/2020:10:17:39 +0800] "GET /xingrg/check_reg.html?_=1596680462347 HTTP/1.1" 200 22
114.84.32.201 - - [06/Aug/2020:10:17:41 +0800] "GET /xingrg/all/function/internal_message.html?_=1596680251664&CODE_STATE=getMsg HTTP/1.1" 200 27
180.175.214.200 - - [06/Aug/2020:10:17:42 +0800] "GET /xingrg/all/function/internal_message.html?_=1596680465225&CODE_STATE=getMsg HTTP/1.1" 200 27
117.184.7.26 - - [06/Aug/2020:10:17:45 +0800] "GET /xingrg/all/function/internal_message.html?_=1596680255211&CODE_STATE=getMsg HTTP/1.1" 200 27
172.17.0.100 - - [06/Aug/2020:10:17:45 +0800] "GET /xingrg/all/function/internal_message.html?_=1596680262686&CODE_STATE=getMsg HTTP/1.1" 200 27
222.69.133.128 - - [06/Aug/2020:10:17:48 +0800] "GET /xingrg/all/function/internal_message.html?_=1596680261681&CODE_STATE=getMsg HTTP/1.1" 200 27
61.172.5.115 - - [06/Aug/2020:10:17:49 +0800] "GET /xingrg/kc/buy/cgsh_order_operate.html?command=get_materiel&rest_code=00105&code=00101004023&supplier_code=00100312&order_time=2020-08-06 HTTP/1.1" 200 409
114.88.156.201 - - [06/Aug/2020:10:17:50 +0800] "GET /xingrg/all/function/internal_message.html?_=1596680264657&CODE_STATE=getMsg HTTP/1.1" 200 27
61.172.5.115 - - [06/Aug/2020:10:17:58 +0800] "GET /xingrg/all/function/internal_message.html?_=1596680269475&CODE_STATE=getMsg HTTP/1.1" 200 27
117.185.32.26 - - [06/Aug/2020:10:18:01 +0800] "GET /xingrg/kc/buy/cgsh_order_operate.html?command=get_materiel&rest_code=00106&code=00101008003&supplier_code=00100007&order_time=2020-08-06 HTTP/1.1" 200 408
114.89.80.44 - - [06/Aug/2020:10:18:04 +0800] "GET /xingrg/all/function/internal_message.html?_=1596680280349&CODE_STATE=getMsg HTTP/1.1" 200 27
172.17.0.185 - - [06/Aug/2020:10:18:05 +0800] "GET /xingrg/all/function/internal_message.html?_=1596680282526&CODE_STATE=getMsg HTTP/1.1" 200 27
117.184.7.26 - - [06/Aug/2020:10:18:11 +0800] "GET /xingrg/all/function/internal_message.html?_=1596680281244&CODE_STATE=getMsg HTTP/1.1" 200 27
120.204.17.71 - - [06/Aug/2020:10:18:11 +0800] "GET /xingrg/all/function/internal_message.html?_=1596679464322&CODE_STATE=getMsg HTTP/1.1" 302 -
117.185.32.26 - - [06/Aug/2020:10:18:11 +0800] "GET /xingrg/kc/buy/cgsh_order_operate.html?command=get_materiel&rest_code=00106&code=00101008126&supplier_code=00100007&order_time=2020-08-06 HTTP/1.1" 200 412
116.230.74.197 - - [06/Aug/2020:10:18:13 +0800] "GET /xingrg/check_reg.html?_=1596680284378 HTTP/1.1" 200 22
116.230.74.197 - - [06/Aug/2020:10:18:13 +0800] "GET /xingrg/all/function/internal_message.html?_=1596680284630&CODE_STATE=getMsg HTTP/1.1" 200 27
116.232.53.2 - - [06/Aug/2020:10:18:14 +0800] "GET /xingrg/all/function/internal_message.html?_=1596680453500&CODE_STATE=getMsg HTTP/1.1" 200 27
114.89.80.44 - - [06/Aug/2020:10:18:18 +0800] "GET /xingrg/all/function/internal_message.html?_=1596680428630&CODE_STATE=getMsg HTTP/1.1" 200 27
101.91.60.108 - - [06/Aug/2020:10:18:19 +0800] "GET /xingrg/all/function/internal_message.html?_=1596679604619&CODE_STATE=getMsg HTTP/1.1" 302 -
120.204.17.71 - - [06/Aug/2020:10:18:20 +0800] "GET /xingrg/login.html HTTP/1.1" 200 7641
117.185.32.26 - - [06/Aug/2020:10:18:22 +0800] "GET /xingrg/kc/buy/cgsh_order_operate.html?command=get_materiel&rest_code=00106&code=00101008004&supplier_code=00100007&order_time=2020-08-06 HTTP/1.1" 200 416
101.91.60.108 - - [06/Aug/2020:10:18:28 +0800] "GET /xingrg/login.html HTTP/1.1" 200 7641
117.185.32.26 - - [06/Aug/2020:10:18:29 +0800] "GET /xingrg/all/function/internal_message.html?_=1596680304347&CODE_STATE=getMsg HTTP/1.1" 200 27
114.88.161.57 - - [06/Aug/2020:10:18:29 +0800] "GET /xingrg/all/function/internal_message.html?_=1596680342059&CODE_STATE=getMsg HTTP/1.1" 200 27
61.172.5.115 - - [06/Aug/2020:10:18:31 +0800] "POST /xingrg/kc/buy/cgsh_order_operate.html HTTP/1.1" 200 37
180.175.214.200 - - [06/Aug/2020:10:18:32 +0800] "GET /xingrg/all/function/internal_message.html?_=1596680309791&CODE_STATE=getMsg HTTP/1.1" 200 27
61.172.5.115 - - [06/Aug/2020:10:18:32 +0800] "GET /xingrg/all/function/internal_message.html?_=1596680308672&CODE_STATE=getMsg HTTP/1.1" 200 27
61.172.5.115 - - [06/Aug/2020:10:18:32 +0800] "POST /xingrg/kc/buy/cgsh_order_operate.html HTTP/1.1" 200 7395
114.88.161.57 - - [06/Aug/2020:10:18:32 +0800] "GET /xingrg/all/function/internal_message.html?_=1596680309208&CODE_STATE=getMsg HTTP/1.1" 200 27
172.17.0.123 - - [06/Aug/2020:10:18:33 +0800] "GET /xingrg/all/function/internal_message.html?_=1596680237196&CODE_STATE=getMsg HTTP/1.1" 200 27
61.172.5.115 - - [06/Aug/2020:10:18:33 +0800] "GET /xingrg/kc/print/load_data.html?order_code=212020080602158&kc_code=cgsh&condition= HTTP/1.1" 200 2471
120.204.17.73 - - [06/Aug/2020:10:18:34 +0800] "GET /xingrg/all/function/internal_message.html?_=1596679584321&CODE_STATE=getMsg HTTP/1.1" 302 -
117.185.32.26 - - [06/Aug/2020:10:18:39 +0800] "POST /xingrg/kc/buy/cgsh_order_operate.html HTTP/1.1" 200 2065
114.84.32.201 - - [06/Aug/2020:10:18:41 +0800] "GET /xingrg/all/function/internal_message.html?_=1596680311666&CODE_STATE=getMsg HTTP/1.1" 200 27
180.175.214.200 - - [06/Aug/2020:10:18:42 +0800] "GET /xingrg/all/function/internal_message.html?_=1596680525228&CODE_STATE=getMsg HTTP/1.1" 200 27
117.185.32.26 - - [06/Aug/2020:10:18:43 +0800] "GET /xingrg/kc/buy/cgsh_order_operate.html?command=get_materiel&rest_code=00106&code=00101008301&supplier_code=00100007&order_time=2020-08-06 HTTP/1.1" 200 422
120.204.17.73 - - [06/Aug/2020:10:18:44 +0800] "GET /xingrg/login.html HTTP/1.1" 200 7641
117.184.7.26 - - [06/Aug/2020:10:18:45 +0800] "GET /xingrg/all/function/internal_message.html?_=1596680315325&CODE_STATE=getMsg HTTP/1.1" 200 27
172.17.0.100 - - [06/Aug/2020:10:18:45 +0800] "GET /xingrg/all/function/internal_message.html?_=1596680322700&CODE_STATE=getMsg HTTP/1.1" 200 27
222.69.133.128 - - [06/Aug/2020:10:18:48 +0800] "GET /xingrg/all/function/internal_message.html?_=1596680321680&CODE_STATE=getMsg HTTP/1.1" 200 27
117.185.32.26 - - [06/Aug/2020:10:18:50 +0800] "GET /xingrg/kc/buy/cgsh_order_operate.html?command=get_materiel&rest_code=00106&code=00101008295&supplier_code=00100007&order_time=2020-08-06 HTTP/1.1" 200 412
114.88.156.201 - - [06/Aug/2020:10:18:50 +0800] "GET /xingrg/all/function/internal_message.html?_=1596680324656&CODE_STATE=getMsg HTTP/1.1" 200 27
61.172.5.115 - - [06/Aug/2020:10:18:53 +0800] "GET /xingrg/kc/buy/cgsh_order_add.html HTTP/1.1" 200 59379
61.172.5.115 - - [06/Aug/2020:10:18:53 +0800] "GET /xingrg/javascript/easyui/themes/default/validatebox.css HTTP/1.1" 404 1104
61.172.5.115 - - [06/Aug/2020:10:18:53 +0800] "POST /xingrg/kc/buy/cgsh_order_operate.html HTTP/1.1" 200 8245
61.172.5.115 - - [06/Aug/2020:10:18:58 +0800] "GET /xingrg/all/function/internal_message.html?_=1596680329473&CODE_STATE=getMsg HTTP/1.1" 200 27
117.185.32.26 - - [06/Aug/2020:10:19:01 +0800] "GET /xingrg/kc/buy/cgsh_order_operate.html?command=get_materiel&rest_code=00106&code=00101008098&supplier_code=00100007&order_time=2020-08-06 HTTP/1.1" 200 412
61.172.5.115 - - [06/Aug/2020:10:19:02 +0800] "GET /xingrg/kc/mdqp/qqps_order_list.html HTTP/1.1" 200 9668
61.172.5.115 - - [06/Aug/2020:10:19:02 +0800] "GET /xingrg/dwr/util.js HTTP/1.1" 304 -
61.172.5.115 - - [06/Aug/2020:10:19:02 +0800] "GET /xingrg/dwr/interface/AjaxReportQueryService.js HTTP/1.1" 200 13203
61.172.5.115 - - [06/Aug/2020:10:19:02 +0800] "GET /xingrg/dwr/interface/AjaxQqpsService.js HTTP/1.1" 200 16326
61.172.5.115 - - [06/Aug/2020:10:19:02 +0800] "GET /xingrg/dwr/engine.js HTTP/1.1" 200 43631
114.89.80.44 - - [06/Aug/2020:10:19:04 +0800] "GET /xingrg/all/function/internal_message.html?_=1596680340353&CODE_STATE=getMsg HTTP/1.1" 200 27
172.17.0.185 - - [06/Aug/2020:10:19:05 +0800] "GET /xingrg/all/function/internal_message.html?_=1596680342530&CODE_STATE=getMsg HTTP/1.1" 200 27
61.172.5.115 - - [06/Aug/2020:10:19:05 +0800] "GET /xingrg/kc/buy/cgsh_order_list.html HTTP/1.1" 200 43641
222.69.133.128 - - [06/Aug/2020:10:19:07 +0800] "GET /xingrg/kc/buy/cgsh_order_add.html HTTP/1.1" 200 59432
222.69.133.128 - - [06/Aug/2020:10:19:07 +0800] "POST /xingrg/kc/buy/cgsh_order_operate.html HTTP/1.1" 200 8245
222.69.133.128 - - [06/Aug/2020:10:19:08 +0800] "GET /xingrg/javascript/easyui/themes/default/validatebox.css HTTP/1.1" 404 1104
117.185.32.26 - - [06/Aug/2020:10:19:08 +0800] "GET /xingrg/kc/buy/cgsh_order_operate.html?command=get_materiel&rest_code=00106&code=00101008213&supplier_code=00100007&order_time=2020-08-06 HTTP/1.1" 200 412
117.184.7.26 - - [06/Aug/2020:10:19:11 +0800] "GET /xingrg/all/function/internal_message.html?_=1596680341400&CODE_STATE=getMsg HTTP/1.1" 200 27
61.172.5.115 - - [06/Aug/2020:10:19:11 +0800] "POST /xingrg/kc/buy/cgsh_list_operate.html HTTP/1.1" 200 5127
116.232.53.2 - - [06/Aug/2020:10:19:11 +0800] "GET /xingrg/all/function/internal_message.html?_=1596680513500&CODE_STATE=getMsg HTTP/1.1" 200 27
116.230.74.197 - - [06/Aug/2020:10:19:13 +0800] "GET /xingrg/all/function/internal_message.html?_=1596680344613&CODE_STATE=getMsg HTTP/1.1" 200 27
114.89.80.44 - - [06/Aug/2020:10:19:18 +0800] "GET /xingrg/all/function/internal_message.html?_=1596680488643&CODE_STATE=getMsg HTTP/1.1" 200 27
117.185.32.26 - - [06/Aug/2020:10:19:20 +0800] "POST /xingrg/kc/buy/cgsh_order_operate.html HTTP/1.1" 200 2065
61.172.5.115 - - [06/Aug/2020:10:19:22 +0800] "GET /xingrg/kc/buy/cgsh_order_add.html HTTP/1.1" 200 59379
61.172.5.115 - - [06/Aug/2020:10:19:23 +0800] "GET /xingrg/javascript/easyui/themes/default/validatebox.css HTTP/1.1" 404 1104
61.172.5.115 - - [06/Aug/2020:10:19:23 +0800] "POST /xingrg/kc/buy/cgsh_order_operate.html HTTP/1.1" 200 8245
117.185.32.26 - - [06/Aug/2020:10:19:25 +0800] "GET /xingrg/kc/buy/cgsh_order_operate.html?command=get_materiel&rest_code=00106&code=00101008350&supplier_code=00100007&order_time=2020-08-06 HTTP/1.1" 200 408
117.185.32.26 - - [06/Aug/2020:10:19:29 +0800] "GET /xingrg/all/function/internal_message.html?_=1596680364343&CODE_STATE=getMsg HTTP/1.1" 200 27
114.88.161.57 - - [06/Aug/2020:10:19:29 +0800] "GET /xingrg/all/function/internal_message.html?_=1596680402058&CODE_STATE=getMsg HTTP/1.1" 200 27
180.175.214.200 - - [06/Aug/2020:10:19:32 +0800] "GET /xingrg/all/function/internal_message.html?_=1596680369803&CODE_STATE=getMsg HTTP/1.1" 200 27
61.172.5.115 - - [06/Aug/2020:10:19:32 +0800] "GET /xingrg/all/function/internal_message.html?_=1596680368671&CODE_STATE=getMsg HTTP/1.1" 200 27
61.172.5.115 - - [06/Aug/2020:10:19:32 +0800] "GET /xingrg/check_reg.html?_=1596680368675 HTTP/1.1" 200 22
114.88.161.57 - - [06/Aug/2020:10:19:32 +0800] "GET /xingrg/all/function/internal_message.html?_=1596680369239&CODE_STATE=getMsg HTTP/1.1" 200 27
172.17.0.123 - - [06/Aug/2020:10:19:33 +0800] "GET /xingrg/check_reg.html?_=1596680297196 HTTP/1.1" 200 22
172.17.0.123 - - [06/Aug/2020:10:19:33 +0800] "GET /xingrg/all/function/internal_message.html?_=1596680297198&CODE_STATE=getMsg HTTP/1.1" 200 27
114.84.32.201 - - [06/Aug/2020:10:19:41 +0800] "GET /xingrg/all/function/internal_message.html?_=1596680371664&CODE_STATE=getMsg HTTP/1.1" 200 27
114.84.32.201 - - [06/Aug/2020:10:19:41 +0800] "GET /xingrg/check_reg.html?_=1596680371666 HTTP/1.1" 200 22
180.175.214.200 - - [06/Aug/2020:10:19:42 +0800] "GET /xingrg/all/function/internal_message.html?_=1596680585243&CODE_STATE=getMsg HTTP/1.1" 200 27
61.172.5.115 - - [06/Aug/2020:10:19:43 +0800] "GET /xingrg/kc/buy/cgsh_order_operate.html?command=get_materiel&rest_code=00105&code=00101001044&supplier_code=00100319&order_time=2020-08-06 HTTP/1.1" 200 411
117.184.7.26 - - [06/Aug/2020:10:19:45 +0800] "GET /xingrg/all/function/internal_message.html?_=1596680375378&CODE_STATE=getMsg HTTP/1.1" 200 27
172.17.0.100 - - [06/Aug/2020:10:19:45 +0800] "GET /xingrg/all/function/internal_message.html?_=1596680382698&CODE_STATE=getMsg HTTP/1.1" 200 27
61.129.6.225 - - [06/Aug/2020:10:19:46 +0800] "GET /xingrg/all/function/internal_message.html?_=1596679664621&CODE_STATE=getMsg HTTP/1.1" 302 -
222.69.133.128 - - [06/Aug/2020:10:19:48 +0800] "GET /xingrg/all/function/internal_message.html?_=1596680381675&CODE_STATE=getMsg HTTP/1.1" 200 27
222.70.173.120 - - [06/Aug/2020:10:19:50 +0800] "GET /xingrg/check_reg.html?_=1596680431664 HTTP/1.1" 200 22
183.192.164.97 - - [06/Aug/2020:10:19:50 +0800] "GET /xingrg/kc/buy/cgsh_order_list.html HTTP/1.1" 302 -
114.88.156.201 - - [06/Aug/2020:10:19:50 +0800] "GET /xingrg/all/function/internal_message.html?_=1596680384656&CODE_STATE=getMsg HTTP/1.1" 200 27
117.185.32.26 - - [06/Aug/2020:10:19:52 +0800] "GET /xingrg/kc/buy/cgsh_order_operate.html?command=get_materiel&rest_code=00106&code=00101008155&supplier_code=00100007&order_time=2020-08-06 HTTP/1.1" 200 408
61.129.6.225 - - [06/Aug/2020:10:19:54 +0800] "GET /xingrg/login.html HTTP/1.1" 200 7641
183.192.164.97 - - [06/Aug/2020:10:19:55 +0800] "GET /xingrg/login.html HTTP/1.1" 200 7641
117.185.32.26 - - [06/Aug/2020:10:19:58 +0800] "GET /xingrg/kc/buy/cgsh_order_operate.html?command=get_materiel&rest_code=00106&code=00101008331&supplier_code=00100007&order_time=2020-08-06 HTTP/1.1" 200 416
61.172.5.115 - - [06/Aug/2020:10:19:58 +0800] "GET /xingrg/check_reg.html?_=1596680389473 HTTP/1.1" 200 22
61.172.5.115 - - [06/Aug/2020:10:19:58 +0800] "GET /xingrg/all/function/internal_message.html?_=1596680389476&CODE_STATE=getMsg HTTP/1.1" 200 27
117.185.32.26 - - [06/Aug/2020:10:20:03 +0800] "POST /xingrg/kc/buy/cgsh_order_operate.html HTTP/1.1" 200 2065
114.89.80.44 - - [06/Aug/2020:10:20:04 +0800] "GET /xingrg/all/function/internal_message.html?_=1596680400356&CODE_STATE=getMsg HTTP/1.1" 200 27
172.17.0.185 - - [06/Aug/2020:10:20:05 +0800] "GET /xingrg/all/function/internal_message.html?_=1596680402520&CODE_STATE=getMsg HTTP/1.1" 200 27
61.172.5.115 - - [06/Aug/2020:10:20:05 +0800] "GET /xingrg/kc/buy/cgsh_order_operate.html?command=get_materiel&rest_code=00105&code=00101001169&supplier_code=00100319&order_time=2020-08-06 HTTP/1.1" 200 415
116.232.53.2 - - [06/Aug/2020:10:20:09 +0800] "GET /xingrg/all/function/internal_message.html?_=1596680573500&CODE_STATE=getMsg HTTP/1.1" 200 27
117.184.7.26 - - [06/Aug/2020:10:20:11 +0800] "GET /xingrg/all/function/internal_message.html?_=1596680401411&CODE_STATE=getMsg HTTP/1.1" 200 27
116.230.74.197 - - [06/Aug/2020:10:20:13 +0800] "GET /xingrg/all/function/internal_message.html?_=1596680404595&CODE_STATE=getMsg HTTP/1.1" 200 27
61.172.5.115 - - [06/Aug/2020:10:20:17 +0800] "GET /xingrg/kc/buy/cgsh_order_operate.html?command=get_materiel&rest_code=00105&code=00101001125&supplier_code=00100319&order_time=2020-08-06 HTTP/1.1" 200 415
114.89.80.44 - - [06/Aug/2020:10:20:18 +0800] "GET /xingrg/all/function/internal_message.html?_=1596680548700&CODE_STATE=getMsg HTTP/1.1" 200 27
120.204.17.70 - - [06/Aug/2020:10:20:28 +0800] "GET /xingrg/kc/buy/cgsh_order_operate.html?command=get_materiel&rest_code=00106&code=00101008149&supplier_code=00100007&order_time=2020-08-06 HTTP/1.1" 302 -
117.185.32.26 - - [06/Aug/2020:10:20:28 +0800] "GET /xingrg/kc/buy/cgsh_order_operate.html?command=get_materiel&rest_code=00106&code=00101008112&supplier_code=00100007&order_time=2020-08-06 HTTP/1.1" 200 412
117.185.32.26 - - [06/Aug/2020:10:20:29 +0800] "GET /xingrg/all/function/internal_message.html?_=1596680424355&CODE_STATE=getMsg HTTP/1.1" 200 27
114.88.161.57 - - [06/Aug/2020:10:20:29 +0800] "GET /xingrg/all/function/internal_message.html?_=1596680462059&CODE_STATE=getMsg HTTP/1.1" 200 27
172.17.0.120 - - [06/Aug/2020:10:20:30 +0800] "GET /xingrg/index.html HTTP/1.1" 302 -
172.17.0.120 - - [06/Aug/2020:10:20:30 +0800] "GET /xingrg/login.html HTTP/1.1" 200 7636
172.17.0.120 - - [06/Aug/2020:10:20:30 +0800] "GET /xingrg/images/blue/jxLogo.png HTTP/1.1" 200 6156
61.172.5.115 - - [06/Aug/2020:10:20:30 +0800] "GET /xingrg/kc/buy/cgsh_order_operate.html?command=get_materiel&rest_code=00105&code=00101001140&supplier_code=00100319&order_time=2020-08-06 HTTP/1.1" 200 415
172.17.0.120 - - [06/Aug/2020:10:20:30 +0800] "GET /xingrg/images/blue/login_bg.png HTTP/1.1" 200 22101
172.17.0.120 - - [06/Aug/2020:10:20:30 +0800] "GET /xingrg/images/blue/hj.png HTTP/1.1" 200 1014
172.17.0.120 - - [06/Aug/2020:10:20:30 +0800] "GET /xingrg/images/blue/srbg.png HTTP/1.1" 200 138
172.17.0.120 - - [06/Aug/2020:10:20:30 +0800] "GET /favicon.ico HTTP/1.1" 404 -
180.175.214.200 - - [06/Aug/2020:10:20:31 +0800] "GET /xingrg/check_reg.html?_=1596680429513 HTTP/1.1" 200 22
180.175.214.200 - - [06/Aug/2020:10:20:32 +0800] "GET /xingrg/all/function/internal_message.html?_=1596680429817&CODE_STATE=getMsg HTTP/1.1" 200 27
61.172.5.115 - - [06/Aug/2020:10:20:32 +0800] "GET /xingrg/all/function/internal_message.html?_=1596680428674&CODE_STATE=getMsg HTTP/1.1" 200 27
114.88.161.57 - - [06/Aug/2020:10:20:32 +0800] "GET /xingrg/all/function/internal_message.html?_=1596680429251&CODE_STATE=getMsg HTTP/1.1" 200 27
172.17.0.123 - - [06/Aug/2020:10:20:33 +0800] "GET /xingrg/all/function/internal_message.html?_=1596680357200&CODE_STATE=getMsg HTTP/1.1" 200 27
120.204.17.70 - - [06/Aug/2020:10:20:34 +0800] "GET /xingrg/login.html HTTP/1.1" 200 7641
117.185.32.26 - - [06/Aug/2020:10:20:37 +0800] "GET /xingrg/kc/buy/cgsh_order_operate.html?command=get_materiel&rest_code=00106&code=00101008067&supplier_code=00100007&order_time=2020-08-06 HTTP/1.1" 200 416
172.17.0.120 - - [06/Aug/2020:10:20:40 +0800] "POST /xingrg/login.do HTTP/1.1" 302 -
