222.69.143.246 - - [31/Jul/2020:10:22:09 +0800] "GET /xingrg/all/function/internal_message.html?_=1596161895194&CODE_STATE=getMsg HTTP/1.1" 200 27
180.157.251.101 - - [31/Jul/2020:10:22:10 +0800] "GET /xingrg/all/function/internal_message.html?_=1596162130005&CODE_STATE=getMsg HTTP/1.1" 200 27
180.157.251.101 - - [31/Jul/2020:10:22:10 +0800] "GET /xingrg/check_reg.html?_=1596162130024 HTTP/1.1" 200 22
58.221.95.50 - - [31/Jul/2020:10:22:10 +0800] "GET /xingrg/all/function/internal_message.html?_=1596162246932&CODE_STATE=getMsg HTTP/1.1" 302 -
114.88.161.57 - - [31/Jul/2020:10:22:11 +0800] "GET /xingrg/all/function/internal_message.html?_=1596162125964&CODE_STATE=getMsg HTTP/1.1" 200 27
180.175.214.200 - - [31/Jul/2020:10:22:14 +0800] "GET /xingrg/kc/buy/cgsh_order_operate.html?command=get_materiel&rest_code=00102&code=00101001092&supplier_code=00100313&order_time=2020-07-30 HTTP/1.1" 200 409
172.17.0.100 - - [31/Jul/2020:10:22:16 +0800] "GET /xingrg/all/function/internal_message.html?_=1596162132092&CODE_STATE=getMsg HTTP/1.1" 200 27
61.172.5.115 - - [31/Jul/2020:10:22:16 +0800] "GET /xingrg/kc/buy/cgsh_order_operate.html?command=get_materiel&rest_code=00105&code=00101009011&supplier_code=00100024&order_time=2020-07-31 HTTP/1.1" 200 436
61.172.5.115 - - [31/Jul/2020:10:22:17 +0800] "GET /xingrg/all/function/internal_message.html?_=1596162137064&CODE_STATE=getMsg HTTP/1.1" 200 27
180.175.214.200 - - [31/Jul/2020:10:22:18 +0800] "GET /xingrg/kc/buy/cgsh_order_operate.html?command=get_materiel&rest_code=00102&code=00101001104&supplier_code=00100313&order_time=2020-07-30 HTTP/1.1" 200 415
120.253.135.82 - - [31/Jul/2020:10:22:19 +0800] "GET /xingrg/check_reg.html?_=1596161889606 HTTP/1.1" 200 22
117.184.7.26 - - [31/Jul/2020:10:22:21 +0800] "GET /xingrg/all/function/internal_message.html?_=1596162129667&CODE_STATE=getMsg HTTP/1.1" 200 27
117.184.7.26 - - [31/Jul/2020:10:22:22 +0800] "GET /xingrg/check_reg.html?_=1596162130826 HTTP/1.1" 200 22
61.172.5.115 - - [31/Jul/2020:10:22:23 +0800] "GET /xingrg/kc/buy/cgsh_order_operate.html?command=get_materiel&rest_code=00105&code=00101009019&supplier_code=00100024&order_time=2020-07-31 HTTP/1.1" 200 431
180.175.214.200 - - [31/Jul/2020:10:22:23 +0800] "GET /xingrg/kc/buy/cgsh_order_operate.html?command=get_materiel&rest_code=00102&code=00101001138&supplier_code=00100313&order_time=2020-07-30 HTTP/1.1" 200 434
117.184.7.26 - - [31/Jul/2020:10:22:27 +0800] "GET /xingrg/check_reg.html?_=1596162135545 HTTP/1.1" 200 22
117.184.7.26 - - [31/Jul/2020:10:22:27 +0800] "GET /xingrg/all/function/internal_message.html?_=1596162136018&CODE_STATE=getMsg HTTP/1.1" 200 27
114.89.80.44 - - [31/Jul/2020:10:22:29 +0800] "GET /xingrg/all/function/internal_message.html?_=1596162144136&CODE_STATE=getMsg HTTP/1.1" 200 27
114.89.80.44 - - [31/Jul/2020:10:22:29 +0800] "GET /xingrg/check_reg.html?_=1596162144492 HTTP/1.1" 200 22
114.88.161.57 - - [31/Jul/2020:10:22:30 +0800] "GET /xingrg/all/function/internal_message.html?_=1596162177863&CODE_STATE=getMsg HTTP/1.1" 200 27
180.175.214.200 - - [31/Jul/2020:10:22:31 +0800] "GET /xingrg/kc/buy/cgsh_order_operate.html?command=get_materiel&rest_code=00102&code=00101001161&supplier_code=00100313&order_time=2020-07-30 HTTP/1.1" 200 429
61.172.5.115 - - [31/Jul/2020:10:22:31 +0800] "GET /xingrg/kc/buy/cgsh_order_operate.html?command=get_materiel&rest_code=00105&code=00101008507&supplier_code=00100024&order_time=2020-07-31 HTTP/1.1" 200 395
114.88.159.89 - - [31/Jul/2020:10:22:34 +0800] "GET /xingrg/all/function/internal_message.html?_=1596162164785&CODE_STATE=getMsg HTTP/1.1" 200 27
180.175.214.200 - - [31/Jul/2020:10:22:36 +0800] "GET /xingrg/kc/buy/cgsh_order_operate.html?command=get_materiel&rest_code=00102&code=00101001016&supplier_code=00100313&order_time=2020-07-30 HTTP/1.1" 200 432
222.69.143.246 - - [31/Jul/2020:10:22:37 +0800] "GET /xingrg/all/function/internal_message.html?_=1596162147041&CODE_STATE=getMsg HTTP/1.1" 200 27
114.89.80.44 - - [31/Jul/2020:10:22:46 +0800] "GET /xingrg/check_reg.html?_=1596162281006 HTTP/1.1" 200 22
114.89.80.44 - - [31/Jul/2020:10:22:46 +0800] "GET /xingrg/all/function/internal_message.html?_=1596162281552&CODE_STATE=getMsg HTTP/1.1" 200 27
61.172.5.115 - - [31/Jul/2020:10:22:46 +0800] "GET /xingrg/all/function/internal_message.html?_=1596162158611&CODE_STATE=getMsg HTTP/1.1" 200 27
180.175.214.200 - - [31/Jul/2020:10:22:48 +0800] "GET /xingrg/kc/buy/cgsh_order_operate.html?command=get_materiel&rest_code=00102&code=00101001096&supplier_code=00100313&order_time=2020-07-30 HTTP/1.1" 200 415
180.175.214.200 - - [31/Jul/2020:10:22:48 +0800] "GET /xingrg/kc/buy/cgsh_order_operate.html?command=get_materiel&rest_code=00102&code=00101008003&supplier_code=00100151&order_time=2020-07-31 HTTP/1.1" 200 408
61.172.5.115 - - [31/Jul/2020:10:22:51 +0800] "GET /xingrg/kc/buy/cgsh_order_operate.html?command=get_materiel&rest_code=00105&code=00101009062&supplier_code=00100024&order_time=2020-07-31 HTTP/1.1" 200 414
114.89.80.44 - - [31/Jul/2020:10:22:52 +0800] "GET /xingrg/login.html HTTP/1.1" 200 7641
114.89.80.44 - - [31/Jul/2020:10:22:52 +0800] "GET /favicon.ico HTTP/1.1" 404 -
58.40.7.146 - - [31/Jul/2020:10:22:52 +0800] "GET /xingrg/javascript/jquery_easy_ui/themes/default/images/tabs_active.png HTTP/1.1" 200 2894
180.175.214.200 - - [31/Jul/2020:10:22:53 +0800] "GET /xingrg/all/function/internal_message.html?_=1596162169396&CODE_STATE=getMsg HTTP/1.1" 200 27
222.69.27.237 - - [31/Jul/2020:10:22:54 +0800] "GET /xingrg/all/function/internal_message.html?_=1596162073760&CODE_STATE=getMsg HTTP/1.1" 200 27
180.175.214.200 - - [31/Jul/2020:10:22:54 +0800] "GET /xingrg/kc/buy/cgsh_order_operate.html?command=get_materiel&rest_code=00102&code=00101005043&supplier_code=00100313&order_time=2020-07-30 HTTP/1.1" 200 419
222.70.173.120 - - [31/Jul/2020:10:22:55 +0800] "GET /xingrg/check_reg.html?_=1596162168258 HTTP/1.1" 200 22
58.40.7.146 - - [31/Jul/2020:10:22:56 +0800] "GET /xingrg/kc/base/check_order_add.html HTTP/1.1" 200 26065
58.40.7.146 - - [31/Jul/2020:10:22:56 +0800] "GET /xingrg/dwr/interface/AjaxComOrderService.js HTTP/1.1" 200 18264
58.40.7.146 - - [31/Jul/2020:10:22:56 +0800] "GET /xingrg/dwr/interface/AjaxCheckService.js HTTP/1.1" 200 14003
58.40.7.146 - - [31/Jul/2020:10:22:56 +0800] "GET /xingrg/dwr/engine.js HTTP/1.1" 200 43631
222.70.173.120 - - [31/Jul/2020:10:22:56 +0800] "GET /xingrg/all/function/internal_message.html?_=1596162169184&CODE_STATE=getMsg HTTP/1.1" 200 27
116.230.74.197 - - [31/Jul/2020:10:22:56 +0800] "GET /xingrg/all/function/internal_message.html?_=1596162164905&CODE_STATE=getMsg HTTP/1.1" 200 27
172.17.0.185 - - [31/Jul/2020:10:22:58 +0800] "GET /xingrg/all/function/internal_message.html?_=1596162174053&CODE_STATE=getMsg HTTP/1.1" 200 27
180.175.214.200 - - [31/Jul/2020:10:23:01 +0800] "GET /xingrg/kc/buy/cgsh_order_operate.html?command=get_materiel&rest_code=00102&code=00101008491&supplier_code=00100313&order_time=2020-07-30 HTTP/1.1" 200 402
58.40.7.146 - - [31/Jul/2020:10:23:02 +0800] "GET /xingrg/all/function/internal_message.html?_=1596162179368&CODE_STATE=getMsg HTTP/1.1" 200 27
180.175.214.200 - - [31/Jul/2020:10:23:03 +0800] "GET /xingrg/all/function/internal_message.html?_=1596162385386&CODE_STATE=getMsg HTTP/1.1" 200 27
114.88.159.89 - - [31/Jul/2020:10:23:04 +0800] "GET /xingrg/all/function/internal_message.html?_=1596161840995&CODE_STATE=getMsg HTTP/1.1" 200 27
180.175.214.200 - - [31/Jul/2020:10:23:05 +0800] "GET /xingrg/kc/buy/cgsh_order_operate.html?command=get_materiel&rest_code=00102&code=00101008175&supplier_code=00100151&order_time=2020-07-31 HTTP/1.1" 200 412
180.175.214.200 - - [31/Jul/2020:10:23:07 +0800] "GET /xingrg/kc/buy/cgsh_order_operate.html?command=get_materiel&rest_code=00102&code=00102026001&supplier_code=00100313&order_time=2020-07-30 HTTP/1.1" 200 410
114.89.80.44 - - [31/Jul/2020:10:23:08 +0800] "POST /xingrg/login.do HTTP/1.1" 302 -
114.89.80.44 - - [31/Jul/2020:10:23:08 +0800] "GET /xingrg/index.html?sysBaseUrl=http%3A%2F%2F180.169.147.146%3A18081%2Fxingrg%2F&costTime=37×tamp=1596162188281 HTTP/1.1" 200 17503
114.89.80.44 - - [31/Jul/2020:10:23:08 +0800] "POST /xingrg/all/common/load_tree.html?tree=area_rest_tree_json&manage=1 HTTP/1.1" 200 3216
114.89.80.44 - - [31/Jul/2020:10:23:08 +0800] "GET /xingrg/all/function/internal_message.html?_=1596162183672&CODE_STATE=count HTTP/1.1" 200 11
114.89.80.44 - - [31/Jul/2020:10:23:08 +0800] "GET /xingrg/check_reg.html?_=1596162183677 HTTP/1.1" 200 22
114.89.80.44 - - [31/Jul/2020:10:23:08 +0800] "GET /favicon.ico HTTP/1.1" 404 -
114.89.80.44 - - [31/Jul/2020:10:23:08 +0800] "POST /xingrg/load_menu.html HTTP/1.1" 200 11443
58.40.7.146 - - [31/Jul/2020:10:23:09 +0800] "POST /xingrg/dwr/call/plaincall/AjaxCheckService.saveOrder.dwr HTTP/1.1" 200 78
222.69.143.246 - - [31/Jul/2020:10:23:09 +0800] "GET /xingrg/all/function/internal_message.html?_=1596161955194&CODE_STATE=getMsg HTTP/1.1" 200 27
180.157.251.101 - - [31/Jul/2020:10:23:10 +0800] "GET /xingrg/all/function/internal_message.html?_=1596162190015&CODE_STATE=getMsg HTTP/1.1" 200 27
58.221.95.50 - - [31/Jul/2020:10:23:10 +0800] "GET /xingrg/all/function/internal_message.html?_=1596162306913&CODE_STATE=getMsg HTTP/1.1" 302 -
58.40.7.146 - - [31/Jul/2020:10:23:10 +0800] "POST /xingrg/dwr/call/plaincall/AjaxCheckService.loadOrderItems.dwr HTTP/1.1" 200 367
114.88.161.57 - - [31/Jul/2020:10:23:11 +0800] "GET /xingrg/all/function/internal_message.html?_=1596162185971&CODE_STATE=getMsg HTTP/1.1" 200 27
58.40.7.146 - - [31/Jul/2020:10:23:14 +0800] "POST /xingrg/kc/report/common_data.html?type=materiel_category_tree HTTP/1.1" 200 3570
172.17.0.100 - - [31/Jul/2020:10:23:16 +0800] "GET /xingrg/all/function/internal_message.html?_=1596162192092&CODE_STATE=getMsg HTTP/1.1" 200 27
172.17.0.100 - - [31/Jul/2020:10:23:16 +0800] "GET /xingrg/check_reg.html?_=1596162192093 HTTP/1.1" 200 22
61.172.5.115 - - [31/Jul/2020:10:23:17 +0800] "GET /xingrg/all/function/internal_message.html?_=1596162197038&CODE_STATE=getMsg HTTP/1.1" 200 27
58.40.7.146 - - [31/Jul/2020:10:23:18 +0800] "POST /xingrg/dwr/call/plaincall/AjaxCheckService.importOrderItems.dwr HTTP/1.1" 200 78
180.175.214.200 - - [31/Jul/2020:10:23:18 +0800] "GET /xingrg/kc/buy/cgsh_order_operate.html?command=get_materiel&rest_code=00102&code=00101008350&supplier_code=00100151&order_time=2020-07-31 HTTP/1.1" 200 408
180.175.214.200 - - [31/Jul/2020:10:23:20 +0800] "POST /xingrg/kc/buy/cgsh_order_operate.html HTTP/1.1" 200 37
58.40.7.146 - - [31/Jul/2020:10:23:21 +0800] "POST /xingrg/dwr/call/plaincall/AjaxCheckService.loadOrderItems.dwr HTTP/1.1" 200 136985
180.175.214.200 - - [31/Jul/2020:10:23:21 +0800] "POST /xingrg/kc/buy/cgsh_order_operate.html HTTP/1.1" 200 12
117.184.7.26 - - [31/Jul/2020:10:23:21 +0800] "GET /xingrg/all/function/internal_message.html?_=1596162189641&CODE_STATE=getMsg HTTP/1.1" 200 27
180.175.214.200 - - [31/Jul/2020:10:23:22 +0800] "GET /xingrg/kc/buy/cgsh_order_info.html?code=212020073113024 HTTP/1.1" 200 54204
180.175.214.200 - - [31/Jul/2020:10:23:22 +0800] "GET /xingrg/javascript/easyui/themes/default/validatebox.css HTTP/1.1" 404 1104
180.175.214.200 - - [31/Jul/2020:10:23:23 +0800] "POST /xingrg/kc/buy/cgsh_order_operate.html HTTP/1.1" 200 6562
180.175.214.200 - - [31/Jul/2020:10:23:24 +0800] "GET /xingrg/kc/print/load_data.html?order_code=212020073113024&kc_code=cgsh&condition= HTTP/1.1" 200 2989
114.89.80.44 - - [31/Jul/2020:10:23:27 +0800] "POST /xingrg/all/user/operate.html HTTP/1.1" 200 36
114.89.80.44 - - [31/Jul/2020:10:23:27 +0800] "GET /xingrg/index.html?sysBaseUrl=http%3A%2F%2F180.169.147.146%3A18081%2Fxingrg%2F&costTime=37×tamp=1596162188281 HTTP/1.1" 200 17509
114.89.80.44 - - [31/Jul/2020:10:23:27 +0800] "GET /xingrg/javascript/jquery_easy_ui/themes/default/easyui.css HTTP/1.1" 304 -
114.89.80.44 - - [31/Jul/2020:10:23:27 +0800] "GET /xingrg/javascript/jquery_easy_ui/themes/icon.css HTTP/1.1" 304 -
114.89.80.44 - - [31/Jul/2020:10:23:27 +0800] "GET /xingrg/css/form.css HTTP/1.1" 304 -
114.89.80.44 - - [31/Jul/2020:10:23:27 +0800] "GET /xingrg/javascript/jquery-1.4.2.min.js HTTP/1.1" 304 -
114.89.80.44 - - [31/Jul/2020:10:23:27 +0800] "GET /xingrg/javascript/jquery_easy_ui/jquery.easyui.min.js HTTP/1.1" 304 -
114.89.80.44 - - [31/Jul/2020:10:23:27 +0800] "GET /xingrg/javascript/jquery_easy_ui/easyui-lang-zh_CN.js HTTP/1.1" 304 -
114.89.80.44 - - [31/Jul/2020:10:23:27 +0800] "GET /xingrg/javascript/jquery.form.js HTTP/1.1" 304 -
114.89.80.44 - - [31/Jul/2020:10:23:27 +0800] "GET /xingrg/javascript/jquery.utils.js HTTP/1.1" 304 -
114.89.80.44 - - [31/Jul/2020:10:23:27 +0800] "GET /xingrg/javascript/jquery.timers.js HTTP/1.1" 304 -
114.89.80.44 - - [31/Jul/2020:10:23:27 +0800] "GET /xingrg/images/blue/jxLogo.png HTTP/1.1" 304 -
114.89.80.44 - - [31/Jul/2020:10:23:27 +0800] "GET /xingrg/images/blue/navBackgound.jpg HTTP/1.1" 304 -
114.89.80.44 - - [31/Jul/2020:10:23:27 +0800] "GET /xingrg/javascript/jquery_easy_ui/themes/icons/settle_new.png HTTP/1.1" 304 -
114.89.80.44 - - [31/Jul/2020:10:23:27 +0800] "POST /xingrg/all/common/load_tree.html?tree=area_rest_tree_json&manage=1 HTTP/1.1" 200 3216
114.89.80.44 - - [31/Jul/2020:10:23:27 +0800] "GET /xingrg/all/function/internal_message.html?_=1596162202827&CODE_STATE=count HTTP/1.1" 200 11
114.89.80.44 - - [31/Jul/2020:10:23:27 +0800] "GET /xingrg/check_reg.html?_=1596162202828 HTTP/1.1" 200 22
117.184.7.30 - - [31/Jul/2020:10:23:27 +0800] "GET /xingrg/all/function/internal_message.html?_=1596162196023&CODE_STATE=getMsg HTTP/1.1" 200 27
114.89.80.44 - - [31/Jul/2020:10:23:27 +0800] "GET /xingrg/javascript/jquery_easy_ui/themes/default/images/tabs_leftarrow.png HTTP/1.1" 304 -
114.89.80.44 - - [31/Jul/2020:10:23:27 +0800] "GET /xingrg/javascript/jquery_easy_ui/themes/default/images/panel_tool_expand.gif HTTP/1.1" 304 -
114.89.80.44 - - [31/Jul/2020:10:23:27 +0800] "GET /xingrg/javascript/jquery_easy_ui/themes/default/images/panel_tool_collapse.gif HTTP/1.1" 304 -
114.89.80.44 - - [31/Jul/2020:10:23:27 +0800] "GET /xingrg/javascript/jquery_easy_ui/themes/default/images/tabs_rightarrow.png HTTP/1.1" 304 -
114.89.80.44 - - [31/Jul/2020:10:23:27 +0800] "GET /xingrg/images/blue/pingpu.png HTTP/1.1" 304 -
114.89.80.44 - - [31/Jul/2020:10:23:27 +0800] "POST /xingrg/load_menu.html HTTP/1.1" 200 9959
180.175.214.200 - - [31/Jul/2020:10:23:28 +0800] "GET /xingrg/kc/buy/cgsh_order_add.html HTTP/1.1" 200 59297
114.89.80.44 - - [31/Jul/2020:10:23:29 +0800] "GET /xingrg/all/function/internal_message.html?_=1596162204124&CODE_STATE=getMsg HTTP/1.1" 200 27
180.175.214.200 - - [31/Jul/2020:10:23:29 +0800] "POST /xingrg/kc/buy/cgsh_order_operate.html HTTP/1.1" 200 8245
180.175.214.200 - - [31/Jul/2020:10:23:30 +0800] "GET /xingrg/javascript/easyui/themes/default/validatebox.css HTTP/1.1" 404 1104
114.88.161.57 - - [31/Jul/2020:10:23:30 +0800] "GET /xingrg/all/function/internal_message.html?_=1596162237865&CODE_STATE=getMsg HTTP/1.1" 200 27
114.89.80.44 - - [31/Jul/2020:10:23:34 +0800] "GET /xingrg/kc/base/wldb_order_list.html HTTP/1.1" 200 19516
114.88.159.89 - - [31/Jul/2020:10:23:34 +0800] "GET /xingrg/all/function/internal_message.html?_=1596162224763&CODE_STATE=getMsg HTTP/1.1" 200 27
114.89.80.44 - - [31/Jul/2020:10:23:36 +0800] "POST /xingrg/kc/base/wldb_list_operate.html HTTP/1.1" 200 928
222.69.143.246 - - [31/Jul/2020:10:23:37 +0800] "GET /xingrg/all/function/internal_message.html?_=1596162207031&CODE_STATE=getMsg HTTP/1.1" 200 27
114.89.80.44 - - [31/Jul/2020:10:23:38 +0800] "GET /xingrg/javascript/jquery_tools/images/next.gif HTTP/1.1" 404 1086
114.89.80.44 - - [31/Jul/2020:10:23:38 +0800] "GET /xingrg/javascript/jquery_tools/images/prev.gif HTTP/1.1" 404 1086
58.40.7.146 - - [31/Jul/2020:10:23:38 +0800] "GET /xingrg/kc/print/load_config.html?_=1596162215095&kc_code=check HTTP/1.1" 200 2411
58.40.7.146 - - [31/Jul/2020:10:23:38 +0800] "GET /xingrg/kc/print/load_data.html?_=1596162215157&order_code=452020073100493&kc_code=check HTTP/1.1" 200 36052
180.175.214.200 - - [31/Jul/2020:10:23:39 +0800] "GET /xingrg/kc/buy/cgsh_order_operate.html?command=get_materiel&rest_code=00102&code=00101002035&supplier_code=00100347&order_time=2020-07-30 HTTP/1.1" 200 415
101.91.62.89 - - [31/Jul/2020:10:23:40 +0800] "GET /xingrg/check_reg.html?_=1596161520074 HTTP/1.1" 302 -
180.175.214.200 - - [31/Jul/2020:10:23:41 +0800] "GET /xingrg/kc/buy/cgsh_order_operate.html?command=get_materiel&rest_code=00102&code=00101013151&supplier_code=00100151&order_time=2020-07-31 HTTP/1.1" 200 412
114.89.80.44 - - [31/Jul/2020:10:23:42 +0800] "POST /xingrg/kc/base/wldb_list_operate.html HTTP/1.1" 200 2215
114.89.80.44 - - [31/Jul/2020:10:23:44 +0800] "POST /xingrg/kc/base/wldb_list_operate.html HTTP/1.1" 200 637
114.89.80.44 - - [31/Jul/2020:10:23:44 +0800] "GET /xingrg/kc/base/wldb_order_info.html?code=422020073103626 HTTP/1.1" 200 26509
114.89.80.44 - - [31/Jul/2020:10:23:45 +0800] "GET /xingrg/javascript/easyui/themes/default/validatebox.css HTTP/1.1" 404 1104
114.89.80.44 - - [31/Jul/2020:10:23:45 +0800] "POST /xingrg/kc/base/wldb_order_operate.html HTTP/1.1" 200 2961
222.70.173.120 - - [31/Jul/2020:10:23:46 +0800] "GET /xingrg/css/base.css HTTP/1.1" 304 -
222.70.173.120 - - [31/Jul/2020:10:23:46 +0800] "GET /xingrg/javascript/easyui/themes/icon.css HTTP/1.1" 304 -
222.70.173.120 - - [31/Jul/2020:10:23:46 +0800] "GET /xingrg/javascript/easyui/themes/default/easyui.css HTTP/1.1" 304 -
222.70.173.120 - - [31/Jul/2020:10:23:46 +0800] "GET /xingrg/css/site.css HTTP/1.1" 304 -
222.70.173.120 - - [31/Jul/2020:10:23:46 +0800] "GET /xingrg/javascript/jquery_tools/jquery.tools.min.js HTTP/1.1" 304 -
222.70.173.120 - - [31/Jul/2020:10:23:46 +0800] "GET /xingrg/javascript/jquery_tools/table.css HTTP/1.1" 304 -
222.70.173.120 - - [31/Jul/2020:10:23:46 +0800] "GET /xingrg/javascript/auto/jquery.autocomplete.css HTTP/1.1" 304 -
222.70.173.120 - - [31/Jul/2020:10:23:46 +0800] "GET /xingrg/javascript/jquery_tools/fix.css HTTP/1.1" 304 -
222.70.173.120 - - [31/Jul/2020:10:23:46 +0800] "GET /xingrg/javascript/jquery_tools/jquery.tools.extend.js HTTP/1.1" 304 -
222.70.173.120 - - [31/Jul/2020:10:23:46 +0800] "GET /xingrg/javascript/jquery_tools/datebox.css HTTP/1.1" 304 -
222.70.173.120 - - [31/Jul/2020:10:23:46 +0800] "GET /xingrg/javascript/jquery_tools/jquery.tools.hotkey.js HTTP/1.1" 304 -
222.70.173.120 - - [31/Jul/2020:10:23:46 +0800] "GET /xingrg/javascript/jquery_tools/jquery.tools.table.js HTTP/1.1" 304 -
222.70.173.120 - - [31/Jul/2020:10:23:46 +0800] "GET /xingrg/javascript/jquery_tools/list_manager.js HTTP/1.1" 304 -
222.70.173.120 - - [31/Jul/2020:10:23:46 +0800] "GET /xingrg/javascript/auto/jquery.autocomplete.js HTTP/1.1" 304 -
222.70.173.120 - - [31/Jul/2020:10:23:46 +0800] "GET /xingrg/javascript/jquery.cookie.js HTTP/1.1" 304 -
222.70.173.120 - - [31/Jul/2020:10:23:46 +0800] "GET /xingrg/javascript/easyui/easyloader.js HTTP/1.1" 304 -
222.70.173.120 - - [31/Jul/2020:10:23:46 +0800] "GET /xingrg/kc/buy/cgsh_order_list.html HTTP/1.1" 200 43647
222.70.173.120 - - [31/Jul/2020:10:23:46 +0800] "GET /xingrg/javascript/easyui/plugins/jquery.parser.js HTTP/1.1" 304 -
61.172.5.115 - - [31/Jul/2020:10:23:46 +0800] "GET /xingrg/all/function/internal_message.html?_=1596162218597&CODE_STATE=getMsg HTTP/1.1" 200 27
114.89.80.44 - - [31/Jul/2020:10:23:46 +0800] "GET /xingrg/all/function/internal_message.html?_=1596162341563&CODE_STATE=getMsg HTTP/1.1" 200 27
101.91.62.89 - - [31/Jul/2020:10:23:47 +0800] "GET /xingrg/login.html HTTP/1.1" 200 7641
222.70.173.120 - - [31/Jul/2020:10:23:48 +0800] "POST /xingrg/kc/buy/cgsh_list_operate.html HTTP/1.1" 200 2409
222.70.173.120 - - [31/Jul/2020:10:23:48 +0800] "GET /xingrg/javascript/easyui/themes/default/images/button_plain_hover.png HTTP/1.1" 304 -
114.89.80.44 - - [31/Jul/2020:10:23:49 +0800] "POST /xingrg/kc/base/wldb_order_operate.html HTTP/1.1" 200 12
114.89.80.44 - - [31/Jul/2020:10:23:50 +0800] "GET /xingrg/kc/base/wldb_order_info.html?code=422020073103626 HTTP/1.1" 200 30388
114.89.80.44 - - [31/Jul/2020:10:23:50 +0800] "GET /xingrg/all/common/auto_word.html?type=base&rest_code=00150 HTTP/1.1" 200 1653
114.89.80.44 - - [31/Jul/2020:10:23:50 +0800] "GET /xingrg/all/common/auto_word.html?type=base&rest_code=00150 HTTP/1.1" 200 1653
114.89.80.44 - - [31/Jul/2020:10:23:50 +0800] "GET /xingrg/javascript/easyui/themes/default/validatebox.css HTTP/1.1" 404 1104
114.89.80.44 - - [31/Jul/2020:10:23:50 +0800] "POST /xingrg/kc/base/wldb_order_operate.html HTTP/1.1" 200 4723
180.175.214.200 - - [31/Jul/2020:10:23:52 +0800] "GET /xingrg/kc/buy/cgsh_order_operate.html?command=get_materiel&rest_code=00102&code=00101002027&supplier_code=00100347&order_time=2020-07-30 HTTP/1.1" 200 413
180.175.214.200 - - [31/Jul/2020:10:23:53 +0800] "GET /xingrg/check_reg.html?_=1596162229182 HTTP/1.1" 200 22
180.175.214.200 - - [31/Jul/2020:10:23:53 +0800] "GET /xingrg/all/function/internal_message.html?_=1596162229420&CODE_STATE=getMsg HTTP/1.1" 200 27
222.69.27.237 - - [31/Jul/2020:10:23:54 +0800] "GET /xingrg/all/function/internal_message.html?_=1596162133761&CODE_STATE=getMsg HTTP/1.1" 200 27
222.70.173.120 - - [31/Jul/2020:10:23:56 +0800] "GET /xingrg/all/function/internal_message.html?_=1596162229198&CODE_STATE=getMsg HTTP/1.1" 200 27
116.230.74.197 - - [31/Jul/2020:10:23:56 +0800] "GET /xingrg/all/function/internal_message.html?_=1596162224883&CODE_STATE=getMsg HTTP/1.1" 200 27
114.89.80.44 - - [31/Jul/2020:10:23:57 +0800] "GET /xingrg/login.html HTTP/1.1" 200 7641
114.89.80.44 - - [31/Jul/2020:10:23:57 +0800] "GET /favicon.ico HTTP/1.1" 404 -
180.175.214.200 - - [31/Jul/2020:10:23:58 +0800] "GET /xingrg/kc/buy/cgsh_order_operate.html?command=get_materiel&rest_code=00102&code=00101013154&supplier_code=00100151&order_time=2020-07-31 HTTP/1.1" 200 443
180.175.214.200 - - [31/Jul/2020:10:23:58 +0800] "GET /xingrg/kc/buy/cgsh_order_operate.html?command=get_materiel&rest_code=00102&code=00101002022&supplier_code=00100347&order_time=2020-07-30 HTTP/1.1" 200 428
172.17.0.185 - - [31/Jul/2020:10:23:58 +0800] "GET /xingrg/all/function/internal_message.html?_=1596162234058&CODE_STATE=getMsg HTTP/1.1" 200 27
180.175.214.200 - - [31/Jul/2020:10:24:03 +0800] "GET /xingrg/kc/buy/cgsh_order_operate.html?command=get_materiel&rest_code=00102&code=00101004038&supplier_code=00100347&order_time=2020-07-30 HTTP/1.1" 200 409
180.175.214.200 - - [31/Jul/2020:10:24:03 +0800] "GET /xingrg/all/function/internal_message.html?_=1596162445455&CODE_STATE=getMsg HTTP/1.1" 200 27
114.88.159.89 - - [31/Jul/2020:10:24:04 +0800] "GET /xingrg/all/function/internal_message.html?_=1596161900994&CODE_STATE=getMsg HTTP/1.1" 200 27
114.88.159.89 - - [31/Jul/2020:10:24:04 +0800] "GET /xingrg/check_reg.html?_=1596161900995 HTTP/1.1" 200 22
114.89.80.44 - - [31/Jul/2020:10:24:05 +0800] "POST /xingrg/kc/buy/cgsh_list_operate.html HTTP/1.1" 200 215
222.69.143.246 - - [31/Jul/2020:10:24:09 +0800] "GET /xingrg/all/function/internal_message.html?_=1596162015195&CODE_STATE=getMsg HTTP/1.1" 200 27
180.157.251.101 - - [31/Jul/2020:10:24:10 +0800] "GET /xingrg/all/function/internal_message.html?_=1596162250028&CODE_STATE=getMsg HTTP/1.1" 200 27
180.175.214.200 - - [31/Jul/2020:10:24:10 +0800] "GET /xingrg/kc/buy/cgsh_order_operate.html?command=get_materiel&rest_code=00102&code=00101003037&supplier_code=00100347&order_time=2020-07-30 HTTP/1.1" 200 413
58.221.95.50 - - [31/Jul/2020:10:24:10 +0800] "GET /xingrg/all/function/internal_message.html?_=1596162366894&CODE_STATE=getMsg HTTP/1.1" 302 -
114.89.80.44 - - [31/Jul/2020:10:24:10 +0800] "GET /xingrg/kc/mdqp/qqps_order_list.html HTTP/1.1" 200 9676
114.89.80.44 - - [31/Jul/2020:10:24:10 +0800] "GET /xingrg/dwr/interface/AjaxReportQueryService.js HTTP/1.1" 200 13203
114.89.80.44 - - [31/Jul/2020:10:24:10 +0800] "GET /xingrg/dwr/interface/AjaxQqpsService.js HTTP/1.1" 200 16326
114.89.80.44 - - [31/Jul/2020:10:24:10 +0800] "GET /xingrg/dwr/engine.js HTTP/1.1" 200 43631
114.89.80.44 - - [31/Jul/2020:10:24:11 +0800] "POST /xingrg/login.do HTTP/1.1" 302 -
114.89.80.44 - - [31/Jul/2020:10:24:11 +0800] "GET /xingrg/index.html?sysBaseUrl=http%3A%2F%2F180.169.147.146%3A18081%2Fxingrg%2F&costTime=40×tamp=1596162251058 HTTP/1.1" 200 17177
114.89.80.44 - - [31/Jul/2020:10:24:11 +0800] "POST /xingrg/all/common/load_tree.html?tree=area_rest_tree_json&manage=1 HTTP/1.1" 200 476
114.89.80.44 - - [31/Jul/2020:10:24:11 +0800] "GET /xingrg/all/function/internal_message.html?_=1596162246317&CODE_STATE=count HTTP/1.1" 200 11
114.89.80.44 - - [31/Jul/2020:10:24:11 +0800] "GET /xingrg/check_reg.html?_=1596162246319 HTTP/1.1" 200 22
114.89.80.44 - - [31/Jul/2020:10:24:11 +0800] "GET /favicon.ico HTTP/1.1" 404 -
114.89.80.44 - - [31/Jul/2020:10:24:11 +0800] "POST /xingrg/load_menu.html HTTP/1.1" 200 5138
114.88.161.57 - - [31/Jul/2020:10:24:12 +0800] "GET /xingrg/all/function/internal_message.html?_=1596162246532&CODE_STATE=getMsg HTTP/1.1" 200 27
114.89.80.44 - - [31/Jul/2020:10:24:14 +0800] "GET /xingrg/kc/mdqp/qqps_order_info.html?code=302020073100567 HTTP/1.1" 200 26409
114.89.80.44 - - [31/Jul/2020:10:24:14 +0800] "GET /xingrg/dwr/interface/AjaxQqpsService.js HTTP/1.1" 200 16326
114.89.80.44 - - [31/Jul/2020:10:24:14 +0800] "GET /xingrg/dwr/interface/AjaxComOrderService.js HTTP/1.1" 200 18264
114.89.80.44 - - [31/Jul/2020:10:24:14 +0800] "GET /xingrg/dwr/engine.js HTTP/1.1" 200 43631
114.89.80.44 - - [31/Jul/2020:10:24:14 +0800] "POST /xingrg/dwr/call/plaincall/AjaxQqpsService.loadMaterielItems.dwr HTTP/1.1" 200 638
114.89.80.44 - - [31/Jul/2020:10:24:15 +0800] "POST /xingrg/all/user/operate.html HTTP/1.1" 200 36
114.89.80.44 - - [31/Jul/2020:10:24:15 +0800] "GET /xingrg/index.html?sysBaseUrl=http%3A%2F%2F180.169.147.146%3A18081%2Fxingrg%2F&costTime=40×tamp=1596162251058 HTTP/1.1" 200 17179
114.89.80.44 - - [31/Jul/2020:10:24:15 +0800] "GET /xingrg/javascript/jquery_easy_ui/themes/default/easyui.css HTTP/1.1" 304 -
114.89.80.44 - - [31/Jul/2020:10:24:15 +0800] "GET /xingrg/javascript/jquery_easy_ui/themes/icon.css HTTP/1.1" 304 -
114.89.80.44 - - [31/Jul/2020:10:24:15 +0800] "GET /xingrg/css/form.css HTTP/1.1" 304 -
114.89.80.44 - - [31/Jul/2020:10:24:15 +0800] "GET /xingrg/javascript/jquery-1.4.2.min.js HTTP/1.1" 304 -
114.89.80.44 - - [31/Jul/2020:10:24:15 +0800] "GET /xingrg/javascript/jquery_easy_ui/jquery.easyui.min.js HTTP/1.1" 304 -
114.89.80.44 - - [31/Jul/2020:10:24:15 +0800] "GET /xingrg/javascript/jquery_easy_ui/easyui-lang-zh_CN.js HTTP/1.1" 304 -
114.89.80.44 - - [31/Jul/2020:10:24:15 +0800] "GET /xingrg/javascript/jquery.form.js HTTP/1.1" 304 -
114.89.80.44 - - [31/Jul/2020:10:24:15 +0800] "GET /xingrg/javascript/jquery.utils.js HTTP/1.1" 304 -
114.89.80.44 - - [31/Jul/2020:10:24:15 +0800] "GET /xingrg/javascript/jquery.timers.js HTTP/1.1" 304 -
114.89.80.44 - - [31/Jul/2020:10:24:15 +0800] "GET /xingrg/images/blue/jxLogo.png HTTP/1.1" 304 -
114.89.80.44 - - [31/Jul/2020:10:24:15 +0800] "GET /xingrg/images/blue/navBackgound.jpg HTTP/1.1" 304 -
114.89.80.44 - - [31/Jul/2020:10:24:15 +0800] "GET /xingrg/javascript/jquery_easy_ui/themes/icons/settle_new.png HTTP/1.1" 304 -
114.89.80.44 - - [31/Jul/2020:10:24:16 +0800] "POST /xingrg/all/common/load_tree.html?tree=area_rest_tree_json&manage=1 HTTP/1.1" 200 476
114.89.80.44 - - [31/Jul/2020:10:24:16 +0800] "GET /xingrg/check_reg.html?_=1596162250981 HTTP/1.1" 200 22
114.89.80.44 - - [31/Jul/2020:10:24:16 +0800] "GET /xingrg/all/function/internal_message.html?_=1596162250979&CODE_STATE=count HTTP/1.1" 200 11
114.89.80.44 - - [31/Jul/2020:10:24:16 +0800] "GET /xingrg/images/blue/pingpu.png HTTP/1.1" 304 -
114.89.80.44 - - [31/Jul/2020:10:24:16 +0800] "GET /xingrg/javascript/jquery_easy_ui/themes/default/images/tabs_rightarrow.png HTTP/1.1" 304 -
114.89.80.44 - - [31/Jul/2020:10:24:16 +0800] "GET /xingrg/javascript/jquery_easy_ui/themes/default/images/tabs_leftarrow.png HTTP/1.1" 304 -
114.89.80.44 - - [31/Jul/2020:10:24:16 +0800] "GET /xingrg/javascript/jquery_easy_ui/themes/default/images/panel_tool_collapse.gif HTTP/1.1" 304 -
114.89.80.44 - - [31/Jul/2020:10:24:16 +0800] "POST /xingrg/load_menu.html HTTP/1.1" 200 5138
172.17.0.100 - - [31/Jul/2020:10:24:16 +0800] "GET /xingrg/all/function/internal_message.html?_=1596162252091&CODE_STATE=getMsg HTTP/1.1" 200 27
61.172.5.115 - - [31/Jul/2020:10:24:17 +0800] "GET /xingrg/all/function/internal_message.html?_=1596162257035&CODE_STATE=getMsg HTTP/1.1" 200 27
114.89.80.44 - - [31/Jul/2020:10:24:18 +0800] "GET /xingrg/kc/base/wldb_order_list.html HTTP/1.1" 200 19261
114.89.80.44 - - [31/Jul/2020:10:24:19 +0800] "GET /xingrg/kc/mdqp/qqps_order_add.html HTTP/1.1" 200 28002
114.89.80.44 - - [31/Jul/2020:10:24:19 +0800] "GET /xingrg/dwr/interface/AjaxComOrderService.js HTTP/1.1" 200 18264
114.89.80.44 - - [31/Jul/2020:10:24:19 +0800] "GET /xingrg/dwr/interface/AjaxQqpsService.js HTTP/1.1" 200 16326
114.89.80.44 - - [31/Jul/2020:10:24:19 +0800] "GET /xingrg/dwr/engine.js HTTP/1.1" 200 43631
114.89.80.44 - - [31/Jul/2020:10:24:20 +0800] "POST /xingrg/kc/base/wldb_list_operate.html HTTP/1.1" 200 1782
114.89.80.44 - - [31/Jul/2020:10:24:21 +0800] "POST /xingrg/kc/base/wldb_list_operate.html HTTP/1.1" 200 637
117.184.7.26 - - [31/Jul/2020:10:24:21 +0800] "GET /xingrg/all/function/internal_message.html?_=1596162249624&CODE_STATE=getMsg HTTP/1.1" 200 27
114.89.80.44 - - [31/Jul/2020:10:24:21 +0800] "GET /xingrg/kc/base/wldb_order_info.html?code=422020073103626 HTTP/1.1" 200 30388
114.89.80.44 - - [31/Jul/2020:10:24:22 +0800] "GET /xingrg/all/common/auto_word.html?type=base&rest_code=00150 HTTP/1.1" 200 1653
114.89.80.44 - - [31/Jul/2020:10:24:22 +0800] "GET /xingrg/all/common/auto_word.html?type=base&rest_code=00150 HTTP/1.1" 200 1653
114.89.80.44 - - [31/Jul/2020:10:24:22 +0800] "GET /xingrg/javascript/easyui/themes/default/validatebox.css HTTP/1.1" 404 1104
114.89.80.44 - - [31/Jul/2020:10:24:22 +0800] "POST /xingrg/kc/base/wldb_order_operate.html HTTP/1.1" 200 4723
180.175.214.200 - - [31/Jul/2020:10:24:27 +0800] "GET /xingrg/kc/buy/cgsh_order_operate.html?command=get_materiel&rest_code=00102&code=00101007164&supplier_code=00100347&order_time=2020-07-30 HTTP/1.1" 200 405
117.184.7.30 - - [31/Jul/2020:10:24:27 +0800] "GET /xingrg/all/function/internal_message.html?_=1596162256035&CODE_STATE=getMsg HTTP/1.1" 200 27
114.89.80.44 - - [31/Jul/2020:10:24:28 +0800] "GET /xingrg/javascript/auto/indicator.gif HTTP/1.1" 404 1066
114.89.80.44 - - [31/Jul/2020:10:24:29 +0800] "POST /xingrg/dwr/call/plaincall/AjaxQqpsService.saveOrder.dwr HTTP/1.1" 200 78
114.88.161.57 - - [31/Jul/2020:10:24:30 +0800] "GET /xingrg/all/function/internal_message.html?_=1596162297871&CODE_STATE=getMsg HTTP/1.1" 200 27
114.89.80.44 - - [31/Jul/2020:10:24:31 +0800] "GET /xingrg/kc/base/wldb_order_operate.html?command=get_materiel&rest_code=00150&base_code=0010445&code=00101016086 HTTP/1.1" 200 468
180.175.214.200 - - [31/Jul/2020:10:24:32 +0800] "GET /xingrg/kc/buy/cgsh_order_operate.html?command=get_materiel&rest_code=00102&code=00101008264&supplier_code=00100151&order_time=2020-07-31 HTTP/1.1" 200 412
180.175.214.200 - - [31/Jul/2020:10:24:34 +0800] "GET /xingrg/kc/buy/cgsh_order_operate.html?command=get_materiel&rest_code=00102&code=00101007161&supplier_code=00100347&order_time=2020-07-30 HTTP/1.1" 200 403
114.88.159.89 - - [31/Jul/2020:10:24:34 +0800] "GET /xingrg/all/function/internal_message.html?_=1596162284740&CODE_STATE=getMsg HTTP/1.1" 200 27
114.89.80.44 - - [31/Jul/2020:10:24:35 +0800] "POST /xingrg/dwr/call/plaincall/AjaxQqpsService.getMaterielByCode.dwr HTTP/1.1" 200 3583
222.69.143.246 - - [31/Jul/2020:10:24:37 +0800] "GET /xingrg/all/function/internal_message.html?_=1596162267015&CODE_STATE=getMsg HTTP/1.1" 200 27
180.175.214.200 - - [31/Jul/2020:10:24:41 +0800] "GET /xingrg/kc/buy/cgsh_order_operate.html?command=get_materiel&rest_code=00102&code=00101008163&supplier_code=00100151&order_time=2020-07-31 HTTP/1.1" 200 408
114.89.80.44 - - [31/Jul/2020:10:24:41 +0800] "POST /xingrg/kc/base/wldb_order_operate.html HTTP/1.1" 200 37
114.89.80.44 - - [31/Jul/2020:10:24:41 +0800] "POST /xingrg/kc/base/wldb_order_operate.html HTTP/1.1" 200 4729
114.89.80.44 - - [31/Jul/2020:10:24:41 +0800] "GET /xingrg/kc/base/wldb_order_info.html?code=422020073103626 HTTP/1.1" 200 30388
114.89.80.44 - - [31/Jul/2020:10:24:42 +0800] "GET /xingrg/javascript/easyui/themes/default/validatebox.css HTTP/1.1" 404 1104
114.89.80.44 - - [31/Jul/2020:10:24:42 +0800] "POST /xingrg/kc/base/wldb_order_operate.html HTTP/1.1" 200 4729
180.175.214.200 - - [31/Jul/2020:10:24:44 +0800] "GET /xingrg/kc/buy/cgsh_order_operate.html?command=get_materiel&rest_code=00102&code=00101001127&supplier_code=00100347&order_time=2020-07-30 HTTP/1.1" 200 431
222.70.173.120 - - [31/Jul/2020:10:24:46 +0800] "GET /xingrg/javascript/jquery_tools/order_manager.js HTTP/1.1" 304 -
222.70.173.120 - - [31/Jul/2020:10:24:46 +0800] "GET /xingrg/javascript/json2.js HTTP/1.1" 304 -
61.172.5.115 - - [31/Jul/2020:10:24:46 +0800] "GET /xingrg/all/function/internal_message.html?_=1596162278582&CODE_STATE=getMsg HTTP/1.1" 200 27
222.70.173.120 - - [31/Jul/2020:10:24:46 +0800] "GET /xingrg/kc/buy/cgsh_order_add.html HTTP/1.1" 200 59385
222.70.173.120 - - [31/Jul/2020:10:24:46 +0800] "GET /xingrg/words/20200730102719_words.js HTTP/1.1" 200 753890
114.89.80.44 - - [31/Jul/2020:10:24:46 +0800] "GET /xingrg/all/function/internal_message.html?_=1596162401577&CODE_STATE=getMsg HTTP/1.1" 200 27
222.70.173.120 - - [31/Jul/2020:10:24:46 +0800] "GET /xingrg/javascript/easyui/themes/icons/copy_new.png HTTP/1.1" 304 -
222.70.173.120 - - [31/Jul/2020:10:24:46 +0800] "GET /xingrg/javascript/easyui/themes/icons/template_new.png HTTP/1.1" 304 -
222.70.173.120 - - [31/Jul/2020:10:24:46 +0800] "GET /xingrg/javascript/easyui/themes/icons/ok.png HTTP/1.1" 304 -
222.70.173.120 - - [31/Jul/2020:10:24:46 +0800] "GET /xingrg/javascript/easyui/themes/icons/print.png HTTP/1.1" 304 -
222.70.173.120 - - [31/Jul/2020:10:24:46 +0800] "GET /xingrg/javascript/easyui/themes/default/images/menu_downarrow.png HTTP/1.1" 304 -
222.70.173.120 - - [31/Jul/2020:10:24:46 +0800] "GET /xingrg/javascript/easyui/themes/icons/cancel.png HTTP/1.1" 304 -
114.89.80.44 - - [31/Jul/2020:10:24:47 +0800] "POST /xingrg/dwr/call/plaincall/AjaxQqpsService.saveMaterielItem.dwr HTTP/1.1" 200 78
222.70.173.120 - - [31/Jul/2020:10:24:47 +0800] "POST /xingrg/kc/buy/cgsh_order_operate.html HTTP/1.1" 200 8245
222.70.173.120 - - [31/Jul/2020:10:24:47 +0800] "GET /xingrg/all/common/auto_word.html?type=employee&rest_code=00146 HTTP/1.1" 200 197
222.70.173.120 - - [31/Jul/2020:10:24:47 +0800] "GET /xingrg/all/common/auto_word.html?type=employee&rest_code=00146 HTTP/1.1" 200 197
222.70.173.120 - - [31/Jul/2020:10:24:47 +0800] "GET /xingrg/javascript/easyui/themes/default/validatebox.css HTTP/1.1" 404 1104
222.70.173.120 - - [31/Jul/2020:10:24:47 +0800] "GET /xingrg/javascript/easyui/plugins/jquery.validatebox.js HTTP/1.1" 304 -
222.70.173.120 - - [31/Jul/2020:10:24:47 +0800] "GET /xingrg/javascript/easyui/plugins/jquery.numberbox.js HTTP/1.1" 304 -
180.175.214.200 - - [31/Jul/2020:10:24:49 +0800] "POST /xingrg/kc/buy/cgsh_order_operate.html HTTP/1.1" 200 37
180.175.214.200 - - [31/Jul/2020:10:24:50 +0800] "POST /xingrg/kc/buy/cgsh_order_operate.html HTTP/1.1" 200 9178
180.175.214.200 - - [31/Jul/2020:10:24:51 +0800] "GET /xingrg/kc/buy/cgsh_order_operate.html?command=get_materiel&rest_code=00102&code=00102002167&supplier_code=00100347&order_time=2020-07-30 HTTP/1.1" 200 409
114.89.80.44 - - [31/Jul/2020:10:24:53 +0800] "POST /xingrg/dwr/call/plaincall/AjaxQqpsService.getMaterielByCode.dwr HTTP/1.1" 200 3629
180.175.214.200 - - [31/Jul/2020:10:24:53 +0800] "GET /xingrg/all/function/internal_message.html?_=1596162289424&CODE_STATE=getMsg HTTP/1.1" 200 27
222.69.27.237 - - [31/Jul/2020:10:24:54 +0800] "GET /xingrg/check_reg.html?_=1596162193761 HTTP/1.1" 200 22
222.69.27.237 - - [31/Jul/2020:10:24:54 +0800] "GET /xingrg/all/function/internal_message.html?_=1596162193763&CODE_STATE=getMsg HTTP/1.1" 200 27
222.70.173.120 - - [31/Jul/2020:10:24:56 +0800] "GET /xingrg/all/function/internal_message.html?_=1596162289212&CODE_STATE=getMsg HTTP/1.1" 200 27
116.230.74.197 - - [31/Jul/2020:10:24:56 +0800] "GET /xingrg/all/function/internal_message.html?_=1596162284870&CODE_STATE=getMsg HTTP/1.1" 200 27
172.17.0.185 - - [31/Jul/2020:10:24:58 +0800] "GET /xingrg/all/function/internal_message.html?_=1596162294046&CODE_STATE=getMsg HTTP/1.1" 200 27
114.89.80.44 - - [31/Jul/2020:10:24:59 +0800] "POST /xingrg/kc/base/wldb_order_operate.html HTTP/1.1" 200 37
114.89.80.44 - - [31/Jul/2020:10:24:59 +0800] "POST /xingrg/dwr/call/plaincall/AjaxQqpsService.saveMaterielItem.dwr HTTP/1.1" 200 78
114.89.80.44 - - [31/Jul/2020:10:25:00 +0800] "POST /xingrg/kc/base/wldb_order_operate.html HTTP/1.1" 200 12
114.89.80.44 - - [31/Jul/2020:10:25:00 +0800] "POST /xingrg/kc/base/wldb_order_operate.html HTTP/1.1" 200 4728
114.88.161.57 - - [31/Jul/2020:10:25:00 +0800] "GET /xingrg/check_reg.html?_=1596162295079 HTTP/1.1" 200 22
117.185.32.26 - - [31/Jul/2020:10:25:00 +0800] "GET /xingrg/check_reg.html?_=1596162728570 HTTP/1.1" 200 22
114.89.80.44 - - [31/Jul/2020:10:25:01 +0800] "GET /xingrg/kc/base/wldb_order_info.html?code=422020073103626 HTTP/1.1" 200 26252
114.89.80.44 - - [31/Jul/2020:10:25:01 +0800] "GET /xingrg/javascript/easyui/themes/default/validatebox.css HTTP/1.1" 404 1104
114.89.80.44 - - [31/Jul/2020:10:25:01 +0800] "POST /xingrg/kc/base/wldb_order_operate.html HTTP/1.1" 200 2967
180.175.214.200 - - [31/Jul/2020:10:25:03 +0800] "GET /xingrg/all/function/internal_message.html?_=1596162505461&CODE_STATE=getMsg HTTP/1.1" 200 27
114.88.159.89 - - [31/Jul/2020:10:25:04 +0800] "GET /xingrg/all/function/internal_message.html?_=1596161961020&CODE_STATE=getMsg HTTP/1.1" 200 27
180.175.214.200 - - [31/Jul/2020:10:25:04 +0800] "GET /xingrg/kc/buy/cgsh_order_operate.html?command=get_materiel&rest_code=00102&code=00101015100&supplier_code=00100347&order_time=2020-07-30 HTTP/1.1" 200 412
114.89.80.44 - - [31/Jul/2020:10:25:04 +0800] "POST /xingrg/dwr/call/plaincall/AjaxQqpsService.getMaterielByCode.dwr HTTP/1.1" 200 3665
222.69.143.246 - - [31/Jul/2020:10:25:09 +0800] "GET /xingrg/all/function/internal_message.html?_=1596162075193&CODE_STATE=getMsg HTTP/1.1" 200 27
180.175.214.200 - - [31/Jul/2020:10:25:10 +0800] "GET /xingrg/kc/buy/cgsh_order_operate.html?command=get_materiel&rest_code=00102&code=00101006249&supplier_code=00100347&order_time=2020-07-30 HTTP/1.1" 200 405
180.157.251.101 - - [31/Jul/2020:10:25:10 +0800] "GET /xingrg/all/function/internal_message.html?_=1596162310012&CODE_STATE=getMsg HTTP/1.1" 200 27
58.221.95.50 - - [31/Jul/2020:10:25:10 +0800] "GET /xingrg/all/function/internal_message.html?_=1596162426874&CODE_STATE=getMsg HTTP/1.1" 302 -
114.88.161.57 - - [31/Jul/2020:10:25:12 +0800] "GET /xingrg/all/function/internal_message.html?_=1596162306544&CODE_STATE=getMsg HTTP/1.1" 200 27
114.89.80.44 - - [31/Jul/2020:10:25:13 +0800] "POST /xingrg/kc/base/wldb_list_operate.html HTTP/1.1" 200 928
58.221.95.50 - - [31/Jul/2020:10:25:15 +0800] "GET /xingrg/check_reg.html?_=1596162431975 HTTP/1.1" 302 -
222.70.173.120 - - [31/Jul/2020:10:25:15 +0800] "GET /xingrg/kc/buy/cgsh_order_add.html HTTP/1.1" 200 59385
114.89.80.44 - - [31/Jul/2020:10:25:16 +0800] "GET /xingrg/all/function/internal_message.html?_=1596162310993&CODE_STATE=getMsg HTTP/1.1" 200 27
172.17.0.100 - - [31/Jul/2020:10:25:16 +0800] "GET /xingrg/all/function/internal_message.html?_=1596162312090&CODE_STATE=getMsg HTTP/1.1" 200 27
114.89.80.44 - - [31/Jul/2020:10:25:16 +0800] "GET /xingrg/kc/base/wldb_order_list.html HTTP/1.1" 200 19261
222.70.173.120 - - [31/Jul/2020:10:25:16 +0800] "POST /xingrg/kc/buy/cgsh_order_operate.html HTTP/1.1" 200 8245
114.89.80.44 - - [31/Jul/2020:10:25:16 +0800] "POST /xingrg/kc/base/wldb_list_operate.html HTTP/1.1" 200 928
222.70.173.120 - - [31/Jul/2020:10:25:16 +0800] "GET /xingrg/javascript/easyui/themes/default/validatebox.css HTTP/1.1" 404 1104
61.172.5.115 - - [31/Jul/2020:10:25:17 +0800] "GET /xingrg/all/function/internal_message.html?_=1596162317067&CODE_STATE=getMsg HTTP/1.1" 200 27
180.175.214.200 - - [31/Jul/2020:10:25:18 +0800] "POST /xingrg/kc/buy/cgsh_order_operate.html HTTP/1.1" 200 37
117.184.7.26 - - [31/Jul/2020:10:25:21 +0800] "GET /xingrg/all/function/internal_message.html?_=1596162309595&CODE_STATE=getMsg HTTP/1.1" 200 27
114.89.80.44 - - [31/Jul/2020:10:25:22 +0800] "POST /xingrg/dwr/call/plaincall/AjaxQqpsService.saveMaterielItem.dwr HTTP/1.1" 200 78
180.175.214.200 - - [31/Jul/2020:10:25:22 +0800] "POST /xingrg/kc/buy/cgsh_order_operate.html HTTP/1.1" 200 12
58.40.7.146 - - [31/Jul/2020:10:25:23 +0800] "GET /xingrg/check_reg.html?_=1596162320554 HTTP/1.1" 200 22
58.40.7.146 - - [31/Jul/2020:10:25:23 +0800] "GET /xingrg/all/function/internal_message.html?_=1596162320559&CODE_STATE=getMsg HTTP/1.1" 200 27
180.175.214.200 - - [31/Jul/2020:10:25:24 +0800] "GET /xingrg/kc/buy/cgsh_order_info.html?code=212020073113026 HTTP/1.1" 200 54192
114.89.80.44 - - [31/Jul/2020:10:25:24 +0800] "POST /xingrg/dwr/call/plaincall/AjaxQqpsService.saveOrder.dwr HTTP/1.1" 200 78
101.85.53.146 - - [31/Jul/2020:10:25:24 +0800] "GET /xingrg/check_reg.html?_=1596161650467 HTTP/1.1" 200 22
180.175.214.200 - - [31/Jul/2020:10:25:25 +0800] "GET /xingrg/javascript/easyui/themes/default/validatebox.css HTTP/1.1" 404 1104
180.175.214.200 - - [31/Jul/2020:10:25:25 +0800] "POST /xingrg/kc/buy/cgsh_order_operate.html HTTP/1.1" 200 6584
180.175.214.200 - - [31/Jul/2020:10:25:26 +0800] "GET /xingrg/kc/print/load_data.html?order_code=212020073113026&kc_code=cgsh&condition= HTTP/1.1" 200 2997
114.89.80.44 - - [31/Jul/2020:10:25:28 +0800] "GET /xingrg/kc/mdqp/qqps_order_list.html?isBack=1 HTTP/1.1" 200 10074
114.89.80.44 - - [31/Jul/2020:10:25:28 +0800] "GET /xingrg/dwr/interface/AjaxReportQueryService.js HTTP/1.1" 200 13203
114.89.80.44 - - [31/Jul/2020:10:25:28 +0800] "GET /xingrg/dwr/interface/AjaxQqpsService.js HTTP/1.1" 200 16326
114.89.80.44 - - [31/Jul/2020:10:25:28 +0800] "GET /xingrg/dwr/engine.js HTTP/1.1" 200 43631
117.184.7.30 - - [31/Jul/2020:10:25:28 +0800] "GET /xingrg/all/function/internal_message.html?_=1596162316229&CODE_STATE=getMsg HTTP/1.1" 200 27
222.70.173.120 - - [31/Jul/2020:10:25:30 +0800] "GET /xingrg/kc/buy/cgsh_order_operate.html?command=get_materiel&rest_code=00146&code=00101012026&supplier_code=00100033&order_time=2020-07-31 HTTP/1.1" 200 408
114.88.161.57 - - [31/Jul/2020:10:25:30 +0800] "GET /xingrg/all/function/internal_message.html?_=1596162357875&CODE_STATE=getMsg HTTP/1.1" 200 27
180.175.214.200 - - [31/Jul/2020:10:25:31 +0800] "GET /xingrg/kc/buy/cgsh_order_list.html HTTP/1.1" 200 43641
180.175.214.200 - - [31/Jul/2020:10:25:32 +0800] "POST /xingrg/kc/buy/cgsh_list_operate.html HTTP/1.1" 200 2003
114.89.80.44 - - [31/Jul/2020:10:25:33 +0800] "GET /xingrg/kc/mdqp/qqps_order_list.html?isQuery=1&timeSelect=1&orderTime=day&startTime=2020-07-29&endTime=2020-07-31&state=all&query=%C8%B7++%B6%A8 HTTP/1.1" 200 11838
114.89.80.44 - - [31/Jul/2020:10:25:33 +0800] "GET /xingrg/dwr/interface/AjaxQqpsService.js HTTP/1.1" 200 16326
114.89.80.44 - - [31/Jul/2020:10:25:33 +0800] "GET /xingrg/dwr/interface/AjaxReportQueryService.js HTTP/1.1" 200 13203
114.89.80.44 - - [31/Jul/2020:10:25:33 +0800] "GET /xingrg/dwr/engine.js HTTP/1.1" 200 43631
114.88.159.89 - - [31/Jul/2020:10:25:34 +0800] "GET /xingrg/all/function/internal_message.html?_=1596162344741&CODE_STATE=getMsg HTTP/1.1" 200 27
180.175.214.200 - - [31/Jul/2020:10:25:35 +0800] "POST /xingrg/kc/buy/cgsh_list_operate.html HTTP/1.1" 200 566
114.89.80.44 - - [31/Jul/2020:10:25:35 +0800] "GET /xingrg/kc/mdqp/qqps_order_info.html?code=302020072900540 HTTP/1.1" 200 26419
114.89.80.44 - - [31/Jul/2020:10:25:35 +0800] "GET /xingrg/dwr/interface/AjaxComOrderService.js HTTP/1.1" 200 18264
114.89.80.44 - - [31/Jul/2020:10:25:35 +0800] "GET /xingrg/dwr/interface/AjaxQqpsService.js HTTP/1.1" 200 16326
114.89.80.44 - - [31/Jul/2020:10:25:35 +0800] "GET /xingrg/dwr/engine.js HTTP/1.1" 200 43631
180.175.214.200 - - [31/Jul/2020:10:25:35 +0800] "POST /xingrg/kc/buy/cgsh_list_operate.html HTTP/1.1" 200 567
114.89.80.44 - - [31/Jul/2020:10:25:36 +0800] "POST /xingrg/dwr/call/plaincall/AjaxQqpsService.loadMaterielItems.dwr HTTP/1.1" 200 13726
222.69.143.246 - - [31/Jul/2020:10:25:37 +0800] "GET /xingrg/all/function/internal_message.html?_=1596162326983&CODE_STATE=getMsg HTTP/1.1" 200 27
180.175.214.200 - - [31/Jul/2020:10:25:37 +0800] "GET /xingrg/kc/buy/cgsh_order_info.html?code=212020073113021 HTTP/1.1" 200 59290
180.175.214.200 - - [31/Jul/2020:10:25:38 +0800] "POST /xingrg/kc/buy/cgsh_order_operate.html HTTP/1.1" 200 8607
222.69.143.246 - - [31/Jul/2020:10:25:39 +0800] "GET /xingrg/check_reg.html?_=1596162328206 HTTP/1.1" 200 22
180.175.214.200 - - [31/Jul/2020:10:25:39 +0800] "GET /xingrg/javascript/easyui/themes/default/validatebox.css HTTP/1.1" 404 1104
222.70.173.120 - - [31/Jul/2020:10:25:42 +0800] "GET /xingrg/kc/buy/cgsh_order_operate.html?command=get_materiel&rest_code=00146&code=00101007109&supplier_code=00100033&order_time=2020-07-31 HTTP/1.1" 200 408
180.175.214.200 - - [31/Jul/2020:10:25:45 +0800] "POST /xingrg/kc/buy/cgsh_order_operate.html HTTP/1.1" 200 37
180.175.214.200 - - [31/Jul/2020:10:25:46 +0800] "POST /xingrg/kc/buy/cgsh_list_operate.html HTTP/1.1" 200 2003
61.172.5.115 - - [31/Jul/2020:10:25:46 +0800] "GET /xingrg/all/function/internal_message.html?_=1596162338593&CODE_STATE=getMsg HTTP/1.1" 200 27
180.175.214.200 - - [31/Jul/2020:10:25:46 +0800] "POST /xingrg/kc/buy/cgsh_order_operate.html HTTP/1.1" 200 9178
114.89.80.44 - - [31/Jul/2020:10:25:46 +0800] "GET /xingrg/all/function/internal_message.html?_=1596162461590&CODE_STATE=getMsg HTTP/1.1" 200 27
61.172.5.115 - - [31/Jul/2020:10:25:47 +0800] "GET /xingrg/kc/buy/cgsh_order_operate.html?command=get_materiel&rest_code=00105&code=00101009016&supplier_code=00100024&order_time=2020-07-31 HTTP/1.1" 200 414
116.230.74.197 - - [31/Jul/2020:10:25:47 +0800] "POST /xingrg/dwr/call/plaincall/AjaxCheckService.deleteOrder.dwr HTTP/1.1" 200 78
180.175.214.200 - - [31/Jul/2020:10:25:47 +0800] "POST /xingrg/kc/buy/cgsh_list_operate.html HTTP/1.1" 200 567
180.175.214.200 - - [31/Jul/2020:10:25:48 +0800] "GET /xingrg/kc/buy/cgsh_order_info.html?code=212020073113025 HTTP/1.1" 200 59290
116.230.74.197 - - [31/Jul/2020:10:25:48 +0800] "GET /xingrg/kc/base/check_order_list.html HTTP/1.1" 200 16380
180.175.214.200 - - [31/Jul/2020:10:25:48 +0800] "GET /xingrg/javascript/easyui/themes/default/validatebox.css HTTP/1.1" 404 1104
114.89.80.44 - - [31/Jul/2020:10:25:48 +0800] "GET /xingrg/images/yd/bt.gif HTTP/1.1" 404 1040
114.89.80.44 - - [31/Jul/2020:10:25:48 +0800] "GET /xingrg/images/yd/bt2.gif HTTP/1.1" 404 1042
180.175.214.200 - - [31/Jul/2020:10:25:48 +0800] "POST /xingrg/kc/buy/cgsh_order_operate.html HTTP/1.1" 200 9178
116.230.74.197 - - [31/Jul/2020:10:25:49 +0800] "POST /xingrg/kc/base/check_list_operate.html HTTP/1.1" 200 1554
114.89.80.44 - - [31/Jul/2020:10:25:49 +0800] "GET /xingrg/kc/mdqp/qqps_order_list.html?isBack=1 HTTP/1.1" 302 -
114.89.80.44 - - [31/Jul/2020:10:25:50 +0800] "GET /xingrg/kc/mdqp/qqps_order_list.html?isQuery=1&timeSelect=1&orderTime=day&startTime=2020-07-29&endTime=2020-07-31&state=all&query=%C8%B7++%B6%A8 HTTP/1.1" 200 11838
114.89.80.44 - - [31/Jul/2020:10:25:50 +0800] "GET /xingrg/dwr/interface/AjaxQqpsService.js HTTP/1.1" 200 16326
114.89.80.44 - - [31/Jul/2020:10:25:50 +0800] "GET /xingrg/dwr/interface/AjaxReportQueryService.js HTTP/1.1" 200 13203
114.89.80.44 - - [31/Jul/2020:10:25:50 +0800] "GET /xingrg/dwr/engine.js HTTP/1.1" 200 43631
180.175.214.200 - - [31/Jul/2020:10:25:51 +0800] "POST /xingrg/kc/buy/cgsh_list_operate.html HTTP/1.1" 200 2003
180.175.214.200 - - [31/Jul/2020:10:25:52 +0800] "POST /xingrg/kc/buy/cgsh_list_operate.html HTTP/1.1" 200 566
114.89.80.44 - - [31/Jul/2020:10:25:52 +0800] "GET /xingrg/kc/mdqp/qqps_order_info.html?code=302020073100569 HTTP/1.1" 200 28164
114.89.80.44 - - [31/Jul/2020:10:25:52 +0800] "GET /xingrg/dwr/interface/AjaxComOrderService.js HTTP/1.1" 200 18264
114.89.80.44 - - [31/Jul/2020:10:25:52 +0800] "GET /xingrg/dwr/interface/AjaxQqpsService.js HTTP/1.1" 200 16326
114.89.80.44 - - [31/Jul/2020:10:25:52 +0800] "GET /xingrg/dwr/engine.js HTTP/1.1" 200 43631
61.172.5.115 - - [31/Jul/2020:10:25:52 +0800] "GET /xingrg/kc/buy/cgsh_order_operate.html?command=get_materiel&rest_code=00105&code=00101009013&supplier_code=00100024&order_time=2020-07-31 HTTP/1.1" 200 420
180.175.214.200 - - [31/Jul/2020:10:25:52 +0800] "GET /xingrg/kc/buy/cgsh_order_info.html?code=212020073113021 HTTP/1.1" 200 59290
222.70.173.120 - - [31/Jul/2020:10:25:53 +0800] "GET /xingrg/kc/buy/cgsh_order_operate.html?command=get_materiel&rest_code=00146&code=00101016071&supplier_code=00100033&order_time=2020-07-31 HTTP/1.1" 200 416
116.230.74.197 - - [31/Jul/2020:10:25:53 +0800] "GET /xingrg/kc/base/base_main.html HTTP/1.1" 200 12142
114.89.80.44 - - [31/Jul/2020:10:25:53 +0800] "POST /xingrg/dwr/call/plaincall/AjaxQqpsService.loadMaterielItems.dwr HTTP/1.1" 200 929
180.175.214.200 - - [31/Jul/2020:10:25:53 +0800] "GET /xingrg/javascript/easyui/themes/default/validatebox.css HTTP/1.1" 404 1104
180.175.214.200 - - [31/Jul/2020:10:25:53 +0800] "GET /xingrg/all/function/internal_message.html?_=1596162349525&CODE_STATE=getMsg HTTP/1.1" 200 27
180.175.214.200 - - [31/Jul/2020:10:25:53 +0800] "POST /xingrg/kc/buy/cgsh_order_operate.html HTTP/1.1" 200 8607
222.69.27.237 - - [31/Jul/2020:10:25:54 +0800] "GET /xingrg/all/function/internal_message.html?_=1596162253761&CODE_STATE=getMsg HTTP/1.1" 200 27
114.89.80.44 - - [31/Jul/2020:10:25:54 +0800] "GET /xingrg/images/yd/bt.gif HTTP/1.1" 404 1040
116.230.74.197 - - [31/Jul/2020:10:25:54 +0800] "GET /xingrg/kc/base/wldb_order_list.html HTTP/1.1" 200 19261
114.89.80.44 - - [31/Jul/2020:10:25:54 +0800] "GET /xingrg/images/yd/bt2.gif HTTP/1.1" 404 1042
