114.89.80.44 - - [31/Jul/2020:10:17:12 +0800] "POST /xingrg/kc/base/wldb_order_operate.html HTTP/1.1" 200 4720
117.184.7.26 - - [31/Jul/2020:10:17:16 +0800] "GET /xingrg/kc/buy/cgsh_order_operate.html?command=get_materiel&rest_code=00108&code=00101008350&supplier_code=00100008&order_time=2020-07-31 HTTP/1.1" 200 408
172.17.0.100 - - [31/Jul/2020:10:17:16 +0800] "GET /xingrg/all/function/internal_message.html?_=1596161832062&CODE_STATE=getMsg HTTP/1.1" 200 27
61.172.5.115 - - [31/Jul/2020:10:17:17 +0800] "GET /xingrg/all/function/internal_message.html?_=1596161837046&CODE_STATE=getMsg HTTP/1.1" 200 27
117.184.7.26 - - [31/Jul/2020:10:17:21 +0800] "GET /xingrg/all/function/internal_message.html?_=1596161829753&CODE_STATE=getMsg HTTP/1.1" 200 27
117.184.7.26 - - [31/Jul/2020:10:17:22 +0800] "GET /xingrg/check_reg.html?_=1596161830816 HTTP/1.1" 200 22
117.184.7.26 - - [31/Jul/2020:10:17:27 +0800] "GET /xingrg/check_reg.html?_=1596161835538 HTTP/1.1" 200 22
117.184.7.26 - - [31/Jul/2020:10:17:27 +0800] "GET /xingrg/all/function/internal_message.html?_=1596161835597&CODE_STATE=getMsg HTTP/1.1" 200 27
114.89.80.44 - - [31/Jul/2020:10:17:29 +0800] "GET /xingrg/all/function/internal_message.html?_=1596161844179&CODE_STATE=getMsg HTTP/1.1" 200 27
114.89.80.44 - - [31/Jul/2020:10:17:29 +0800] "GET /xingrg/check_reg.html?_=1596161844479 HTTP/1.1" 200 22
114.88.161.57 - - [31/Jul/2020:10:17:30 +0800] "GET /xingrg/all/function/internal_message.html?_=1596161877865&CODE_STATE=getMsg HTTP/1.1" 200 27
180.175.214.200 - - [31/Jul/2020:10:17:34 +0800] "GET /xingrg/kc/buy/cgsh_order_list.html HTTP/1.1" 200 43641
114.88.159.89 - - [31/Jul/2020:10:17:34 +0800] "GET /xingrg/all/function/internal_message.html?_=1596161864903&CODE_STATE=getMsg HTTP/1.1" 200 27
180.175.214.200 - - [31/Jul/2020:10:17:35 +0800] "POST /xingrg/kc/buy/cgsh_list_operate.html HTTP/1.1" 200 876
180.175.214.200 - - [31/Jul/2020:10:17:36 +0800] "GET /xingrg/kc/buy/cgsh_order_add.html HTTP/1.1" 200 59297
180.175.214.200 - - [31/Jul/2020:10:17:36 +0800] "GET /xingrg/javascript/pic_change.js HTTP/1.1" 304 -
180.175.214.200 - - [31/Jul/2020:10:17:36 +0800] "GET /xingrg/javascript/jquery_tools/order_manager.js HTTP/1.1" 304 -
180.175.214.200 - - [31/Jul/2020:10:17:36 +0800] "GET /xingrg/javascript/print/kc_print.js HTTP/1.1" 304 -
180.175.214.200 - - [31/Jul/2020:10:17:36 +0800] "GET /xingrg/javascript/convert.js HTTP/1.1" 304 -
180.175.214.200 - - [31/Jul/2020:10:17:36 +0800] "GET /xingrg/javascript/json2.js HTTP/1.1" 304 -
180.175.214.200 - - [31/Jul/2020:10:17:36 +0800] "GET /xingrg/words/20200730102719_words.js HTTP/1.1" 304 -
180.175.214.200 - - [31/Jul/2020:10:17:36 +0800] "POST /xingrg/kc/buy/cgsh_order_operate.html HTTP/1.1" 200 8245
180.175.214.200 - - [31/Jul/2020:10:17:36 +0800] "GET /xingrg/all/common/auto_word.html?type=employee&rest_code=00102 HTTP/1.1" 200 189
180.175.214.200 - - [31/Jul/2020:10:17:36 +0800] "GET /xingrg/all/common/auto_word.html?type=employee&rest_code=00102 HTTP/1.1" 200 189
180.175.214.200 - - [31/Jul/2020:10:17:36 +0800] "GET /xingrg/javascript/easyui/themes/default/validatebox.css HTTP/1.1" 404 1104
180.175.214.200 - - [31/Jul/2020:10:17:36 +0800] "GET /xingrg/javascript/easyui/plugins/jquery.validatebox.js HTTP/1.1" 304 -
180.175.214.200 - - [31/Jul/2020:10:17:36 +0800] "GET /xingrg/javascript/easyui/plugins/jquery.numberbox.js HTTP/1.1" 304 -
180.175.214.200 - - [31/Jul/2020:10:17:37 +0800] "GET /xingrg/javascript/auto/indicator.gif HTTP/1.1" 404 1066
222.69.143.246 - - [31/Jul/2020:10:17:38 +0800] "GET /xingrg/all/function/internal_message.html?_=1596161847129&CODE_STATE=getMsg HTTP/1.1" 200 27
180.175.214.200 - - [31/Jul/2020:10:17:38 +0800] "GET /xingrg/javascript/jquery_tools/images/prev.gif HTTP/1.1" 404 1086
180.175.214.200 - - [31/Jul/2020:10:17:38 +0800] "GET /xingrg/javascript/jquery_tools/images/next.gif HTTP/1.1" 404 1086
120.253.135.82 - - [31/Jul/2020:10:17:39 +0800] "GET /xingrg/kc/pszx/mdps_order_list.html?orderType=0 HTTP/1.1" 200 21018
120.253.135.82 - - [31/Jul/2020:10:17:40 +0800] "POST /xingrg/kc/pszx/mdps_list_operate.html HTTP/1.1" 200 5273
114.88.161.57 - - [31/Jul/2020:10:17:40 +0800] "GET /xingrg/kc/base/wldb_order_add.html HTTP/1.1" 200 30367
117.184.7.30 - - [31/Jul/2020:10:17:40 +0800] "GET /xingrg/kc/buy/cgsh_order_operate.html?command=get_materiel&rest_code=00108&code=00101008168&supplier_code=00100008&order_time=2020-07-31 HTTP/1.1" 200 412
114.88.161.57 - - [31/Jul/2020:10:17:40 +0800] "POST /xingrg/kc/base/wldb_order_operate.html HTTP/1.1" 200 6806
114.88.161.57 - - [31/Jul/2020:10:17:41 +0800] "GET /xingrg/javascript/easyui/themes/default/validatebox.css HTTP/1.1" 404 1104
120.253.135.82 - - [31/Jul/2020:10:17:41 +0800] "GET /xingrg/javascript/easyui/themes/default/tree.css HTTP/1.1" 404 1090
120.253.135.82 - - [31/Jul/2020:10:17:41 +0800] "POST /xingrg/all/common/load_tree.html?tree=area_rest_tree_json HTTP/1.1" 200 3216
120.253.135.82 - - [31/Jul/2020:10:17:41 +0800] "GET /xingrg/javascript/easyui/themes/default/images/tree_arrows.gif HTTP/1.1" 200 617
120.253.135.82 - - [31/Jul/2020:10:17:41 +0800] "GET /xingrg/javascript/easyui/themes/default/images/tree_checkbox_0.gif HTTP/1.1" 200 168
120.253.135.82 - - [31/Jul/2020:10:17:41 +0800] "GET /xingrg/javascript/easyui/themes/default/images/tree_folder_open.gif HTTP/1.1" 304 -
120.253.135.82 - - [31/Jul/2020:10:17:41 +0800] "GET /xingrg/javascript/easyui/themes/icons/rest.png HTTP/1.1" 200 695
120.253.135.82 - - [31/Jul/2020:10:17:41 +0800] "GET /xingrg/javascript/easyui/themes/icons/manage.png HTTP/1.1" 200 696
180.175.214.200 - - [31/Jul/2020:10:17:42 +0800] "GET /xingrg/kc/buy/cgsh_order_operate.html?command=get_materiel&rest_code=00102&code=00101004067&supplier_code=00100317&order_time=2020-07-30 HTTP/1.1" 200 413
114.88.161.57 - - [31/Jul/2020:10:17:42 +0800] "GET /xingrg/kc/mdqp/qqps_order_list.html HTTP/1.1" 200 9222
114.88.161.57 - - [31/Jul/2020:10:17:42 +0800] "GET /xingrg/dwr/interface/AjaxReportQueryService.js HTTP/1.1" 200 13203
114.88.161.57 - - [31/Jul/2020:10:17:42 +0800] "GET /xingrg/dwr/interface/AjaxQqpsService.js HTTP/1.1" 200 16326
114.88.161.57 - - [31/Jul/2020:10:17:42 +0800] "GET /xingrg/dwr/engine.js HTTP/1.1" 200 43631
120.253.135.82 - - [31/Jul/2020:10:17:44 +0800] "GET /xingrg/javascript/easyui/themes/icons/area.png HTTP/1.1" 200 262
117.184.7.30 - - [31/Jul/2020:10:17:45 +0800] "POST /xingrg/kc/buy/cgsh_order_operate.html HTTP/1.1" 200 2065
114.89.80.44 - - [31/Jul/2020:10:17:46 +0800] "GET /xingrg/check_reg.html?_=1596161980997 HTTP/1.1" 200 22
114.89.80.44 - - [31/Jul/2020:10:17:46 +0800] "GET /xingrg/all/function/internal_message.html?_=1596161981481&CODE_STATE=getMsg HTTP/1.1" 200 27
61.172.5.115 - - [31/Jul/2020:10:17:46 +0800] "GET /xingrg/all/function/internal_message.html?_=1596161858699&CODE_STATE=getMsg HTTP/1.1" 200 27
180.175.214.200 - - [31/Jul/2020:10:17:47 +0800] "GET /xingrg/kc/buy/cgsh_order_operate.html?command=get_materiel&rest_code=00102&code=00101004027&supplier_code=00100317&order_time=2020-07-30 HTTP/1.1" 200 409
117.184.7.30 - - [31/Jul/2020:10:17:47 +0800] "GET /xingrg/kc/buy/cgsh_order_operate.html?command=get_materiel&rest_code=00108&code=00101008114&supplier_code=00100008&order_time=2020-07-31 HTTP/1.1" 200 412
114.88.161.57 - - [31/Jul/2020:10:17:48 +0800] "GET /xingrg/javascript/jquery_easy_ui/themes/default/images/button_plain_hover.png HTTP/1.1" 304 -
114.89.80.44 - - [31/Jul/2020:10:17:49 +0800] "POST /xingrg/kc/base/wldb_order_operate.html HTTP/1.1" 200 37
120.253.135.82 - - [31/Jul/2020:10:17:49 +0800] "POST /xingrg/kc/pszx/mdps_list_operate.html HTTP/1.1" 200 1683
114.89.80.44 - - [31/Jul/2020:10:17:49 +0800] "POST /xingrg/kc/base/wldb_order_operate.html HTTP/1.1" 200 4723
114.88.161.57 - - [31/Jul/2020:10:17:50 +0800] "GET /xingrg/kc/mdqp/qqps_order_add.html HTTP/1.1" 200 28160
114.88.161.57 - - [31/Jul/2020:10:17:50 +0800] "GET /xingrg/javascript/tools/jquery.qtip-1.0.0-rc3.min.js HTTP/1.1" 304 -
114.88.161.57 - - [31/Jul/2020:10:17:50 +0800] "GET /xingrg/dwr/interface/AjaxComOrderService.js HTTP/1.1" 200 18264
114.88.161.57 - - [31/Jul/2020:10:17:50 +0800] "GET /xingrg/dwr/interface/AjaxQqpsService.js HTTP/1.1" 200 16326
114.88.161.57 - - [31/Jul/2020:10:17:50 +0800] "GET /xingrg/javascript/AjaxInfoList.js HTTP/1.1" 304 -
114.88.161.57 - - [31/Jul/2020:10:17:50 +0800] "GET /xingrg/dwr/engine.js HTTP/1.1" 200 43631
114.88.161.57 - - [31/Jul/2020:10:17:50 +0800] "GET /xingrg/javascript/Grid.js HTTP/1.1" 304 -
114.89.80.44 - - [31/Jul/2020:10:17:50 +0800] "GET /xingrg/kc/base/wldb_order_info.html?code=422020073103626 HTTP/1.1" 200 30388
114.89.80.44 - - [31/Jul/2020:10:17:51 +0800] "GET /xingrg/javascript/easyui/themes/default/validatebox.css HTTP/1.1" 404 1104
114.89.80.44 - - [31/Jul/2020:10:17:51 +0800] "POST /xingrg/kc/base/wldb_order_operate.html HTTP/1.1" 200 4723
180.175.214.200 - - [31/Jul/2020:10:17:52 +0800] "GET /xingrg/kc/buy/cgsh_order_operate.html?command=get_materiel&rest_code=00102&code=00101004020&supplier_code=00100317&order_time=2020-07-30 HTTP/1.1" 200 409
114.88.161.57 - - [31/Jul/2020:10:17:52 +0800] "GET /xingrg/javascript/jquery_easy_ui/themes/icons/template_new.png HTTP/1.1" 304 -
114.88.161.57 - - [31/Jul/2020:10:17:52 +0800] "GET /xingrg/javascript/jquery_easy_ui/themes/icons/copy_new.png HTTP/1.1" 304 -
114.88.161.57 - - [31/Jul/2020:10:17:52 +0800] "GET /xingrg/javascript/jquery_easy_ui/themes/icons/ok.png HTTP/1.1" 304 -
114.88.161.57 - - [31/Jul/2020:10:17:52 +0800] "GET /xingrg/javascript/jquery_easy_ui/themes/icons/print.png HTTP/1.1" 304 -
114.88.161.57 - - [31/Jul/2020:10:17:52 +0800] "GET /xingrg/javascript/jquery_easy_ui/themes/default/images/menu_downarrow.png HTTP/1.1" 304 -
114.88.161.57 - - [31/Jul/2020:10:17:52 +0800] "GET /xingrg/javascript/jquery_easy_ui/themes/icons/back_new.png HTTP/1.1" 304 -
114.88.161.57 - - [31/Jul/2020:10:17:52 +0800] "GET /xingrg/javascript/jquery_easy_ui/themes/default/images/combo_arrow_dot.gif HTTP/1.1" 304 -
114.88.161.57 - - [31/Jul/2020:10:17:52 +0800] "GET /xingrg/images/blue/button/kc_tab_add.gif HTTP/1.1" 304 -
114.88.161.57 - - [31/Jul/2020:10:17:52 +0800] "GET /xingrg/images/blue/button/kc_tab_edit.gif HTTP/1.1" 304 -
114.88.161.57 - - [31/Jul/2020:10:17:52 +0800] "GET /xingrg/images/blue/button/kc_tab_save.gif HTTP/1.1" 304 -
114.88.161.57 - - [31/Jul/2020:10:17:52 +0800] "GET /xingrg/images/blue/button/kc_tab_del.gif HTTP/1.1" 304 -
114.88.161.57 - - [31/Jul/2020:10:17:52 +0800] "GET /xingrg/images/blue/kc_tab_mid.gif HTTP/1.1" 304 -
114.88.161.57 - - [31/Jul/2020:10:17:52 +0800] "GET /xingrg/images/blue/kc_tab_left.gif HTTP/1.1" 304 -
114.88.161.57 - - [31/Jul/2020:10:17:52 +0800] "GET /xingrg/images/blue/kc_tab_right.gif HTTP/1.1" 304 -
114.88.161.57 - - [31/Jul/2020:10:17:52 +0800] "GET /xingrg/images/blue/kc_tab2_left.gif HTTP/1.1" 304 -
114.88.161.57 - - [31/Jul/2020:10:17:52 +0800] "GET /xingrg/images/blue/kc_tab2_right.gif HTTP/1.1" 304 -
180.175.214.200 - - [31/Jul/2020:10:17:53 +0800] "GET /xingrg/all/function/internal_message.html?_=1596161869203&CODE_STATE=getMsg HTTP/1.1" 200 27
222.69.27.237 - - [31/Jul/2020:10:17:54 +0800] "GET /xingrg/all/function/internal_message.html?_=1596161773757&CODE_STATE=getMsg HTTP/1.1" 200 27
117.184.7.30 - - [31/Jul/2020:10:17:54 +0800] "GET /xingrg/kc/buy/cgsh_order_operate.html?command=get_materiel&rest_code=00108&code=00101008236&supplier_code=00100008&order_time=2020-07-31 HTTP/1.1" 200 416
120.253.135.82 - - [31/Jul/2020:10:17:54 +0800] "POST /xingrg/kc/pszx/mdps_list_operate.html HTTP/1.1" 200 2095
222.70.173.120 - - [31/Jul/2020:10:17:55 +0800] "GET /xingrg/check_reg.html?_=1596161868093 HTTP/1.1" 200 22
222.70.173.120 - - [31/Jul/2020:10:17:55 +0800] "GET /xingrg/all/function/internal_message.html?_=1596161868945&CODE_STATE=getMsg HTTP/1.1" 200 27
116.230.74.197 - - [31/Jul/2020:10:17:56 +0800] "GET /xingrg/all/function/internal_message.html?_=1596161864987&CODE_STATE=getMsg HTTP/1.1" 200 27
180.175.214.200 - - [31/Jul/2020:10:17:57 +0800] "GET /xingrg/kc/buy/cgsh_order_operate.html?command=get_materiel&rest_code=00102&code=00101001060&supplier_code=00100151&order_time=2020-07-31 HTTP/1.1" 200 418
120.253.135.82 - - [31/Jul/2020:10:17:57 +0800] "POST /xingrg/kc/pszx/mdps_list_operate.html HTTP/1.1" 200 218
172.17.0.185 - - [31/Jul/2020:10:17:58 +0800] "GET /xingrg/all/function/internal_message.html?_=1596161874055&CODE_STATE=getMsg HTTP/1.1" 200 27
120.253.135.82 - - [31/Jul/2020:10:18:00 +0800] "POST /xingrg/kc/pszx/mdps_list_operate.html HTTP/1.1" 200 205
120.253.135.82 - - [31/Jul/2020:10:18:01 +0800] "GET /xingrg/kc/pszx/mdps_order_info.html?code=312020072600650 HTTP/1.1" 200 19509
120.253.135.82 - - [31/Jul/2020:10:18:01 +0800] "POST /xingrg/kc/pszx/mdps_order_operate.html HTTP/1.1" 200 502
120.253.135.82 - - [31/Jul/2020:10:18:01 +0800] "GET /xingrg/javascript/easyui/themes/default/validatebox.css HTTP/1.1" 404 1104
117.184.7.26 - - [31/Jul/2020:10:18:01 +0800] "GET /xingrg/kc/buy/cgsh_order_operate.html?command=get_materiel&rest_code=00108&code=00101015044&supplier_code=00100008&order_time=2020-07-31 HTTP/1.1" 200 408
58.40.7.146 - - [31/Jul/2020:10:18:02 +0800] "GET /xingrg/all/function/internal_message.html?_=1596161879501&CODE_STATE=getMsg HTTP/1.1" 200 27
180.175.214.200 - - [31/Jul/2020:10:18:03 +0800] "GET /xingrg/all/function/internal_message.html?_=1596162085319&CODE_STATE=getMsg HTTP/1.1" 200 27
114.88.159.89 - - [31/Jul/2020:10:18:04 +0800] "GET /xingrg/all/function/internal_message.html?_=1596161541001&CODE_STATE=getMsg HTTP/1.1" 200 27
114.89.80.44 - - [31/Jul/2020:10:18:07 +0800] "POST /xingrg/kc/buy/cgsh_list_operate.html HTTP/1.1" 200 1760
117.184.7.26 - - [31/Jul/2020:10:18:07 +0800] "GET /xingrg/kc/buy/cgsh_order_operate.html?command=get_materiel&rest_code=00108&code=00101015038&supplier_code=00100008&order_time=2020-07-31 HTTP/1.1" 200 418
180.175.214.200 - - [31/Jul/2020:10:18:07 +0800] "GET /xingrg/kc/buy/cgsh_order_operate.html?command=get_materiel&rest_code=00102&code=00101004030&supplier_code=00100317&order_time=2020-07-30 HTTP/1.1" 200 410
120.253.135.82 - - [31/Jul/2020:10:18:07 +0800] "POST /xingrg/kc/pszx/mdps_order_operate.html HTTP/1.1" 200 22
120.253.135.82 - - [31/Jul/2020:10:18:08 +0800] "GET /xingrg/kc/pszx/mdps_order_info.html?code=312020072600650 HTTP/1.1" 200 23849
120.253.135.82 - - [31/Jul/2020:10:18:08 +0800] "POST /xingrg/kc/pszx/mdps_order_operate.html HTTP/1.1" 200 2281
120.253.135.82 - - [31/Jul/2020:10:18:08 +0800] "GET /xingrg/javascript/easyui/themes/default/validatebox.css HTTP/1.1" 404 1104
222.69.143.246 - - [31/Jul/2020:10:18:09 +0800] "GET /xingrg/all/function/internal_message.html?_=1596161655182&CODE_STATE=getMsg HTTP/1.1" 200 27
180.157.251.101 - - [31/Jul/2020:10:18:10 +0800] "GET /xingrg/all/function/internal_message.html?_=1596161890008&CODE_STATE=getMsg HTTP/1.1" 200 27
58.221.95.50 - - [31/Jul/2020:10:18:10 +0800] "GET /xingrg/all/function/internal_message.html?_=1596162007030&CODE_STATE=getMsg HTTP/1.1" 302 -
114.88.161.57 - - [31/Jul/2020:10:18:11 +0800] "GET /xingrg/all/function/internal_message.html?_=1596161885467&CODE_STATE=getMsg HTTP/1.1" 200 27
120.253.135.82 - - [31/Jul/2020:10:18:13 +0800] "GET /xingrg/kc/pszx/mdps_order_list.html?orderType=0 HTTP/1.1" 200 21018
120.253.135.82 - - [31/Jul/2020:10:18:13 +0800] "POST /xingrg/kc/pszx/mdps_list_operate.html HTTP/1.1" 200 5242
180.175.214.200 - - [31/Jul/2020:10:18:14 +0800] "GET /xingrg/kc/buy/cgsh_order_operate.html?command=get_materiel&rest_code=00102&code=00101004051&supplier_code=00100317&order_time=2020-07-30 HTTP/1.1" 200 408
172.17.0.100 - - [31/Jul/2020:10:18:16 +0800] "GET /xingrg/check_reg.html?_=1596161892064 HTTP/1.1" 200 22
172.17.0.100 - - [31/Jul/2020:10:18:16 +0800] "GET /xingrg/all/function/internal_message.html?_=1596161892062&CODE_STATE=getMsg HTTP/1.1" 200 27
180.175.214.200 - - [31/Jul/2020:10:18:16 +0800] "GET /xingrg/kc/buy/cgsh_order_operate.html?command=get_materiel&rest_code=00102&code=00101001069&supplier_code=00100151&order_time=2020-07-31 HTTP/1.1" 200 409
61.172.5.115 - - [31/Jul/2020:10:18:17 +0800] "GET /xingrg/all/function/internal_message.html?_=1596161897027&CODE_STATE=getMsg HTTP/1.1" 200 27
120.253.135.82 - - [31/Jul/2020:10:18:18 +0800] "POST /xingrg/kc/pszx/mdps_list_operate.html HTTP/1.1" 200 2054
114.88.161.57 - - [31/Jul/2020:10:18:20 +0800] "GET /xingrg/images/blue/wait.gif HTTP/1.1" 304 -
114.88.161.57 - - [31/Jul/2020:10:18:20 +0800] "POST /xingrg/dwr/call/plaincall/AjaxQqpsService.saveOrder.dwr HTTP/1.1" 200 78
120.253.135.82 - - [31/Jul/2020:10:18:21 +0800] "POST /xingrg/kc/pszx/mdps_list_operate.html HTTP/1.1" 200 205
117.184.7.26 - - [31/Jul/2020:10:18:21 +0800] "GET /xingrg/all/function/internal_message.html?_=1596161889724&CODE_STATE=getMsg HTTP/1.1" 200 27
120.253.135.82 - - [31/Jul/2020:10:18:21 +0800] "GET /xingrg/kc/pszx/mdps_order_info.html?code=312020072600650 HTTP/1.1" 200 23849
120.253.135.82 - - [31/Jul/2020:10:18:22 +0800] "POST /xingrg/kc/pszx/mdps_order_operate.html HTTP/1.1" 200 2281
120.253.135.82 - - [31/Jul/2020:10:18:22 +0800] "GET /xingrg/javascript/easyui/themes/default/validatebox.css HTTP/1.1" 404 1104
180.175.214.200 - - [31/Jul/2020:10:18:25 +0800] "GET /xingrg/kc/buy/cgsh_order_operate.html?command=get_materiel&rest_code=00102&code=00101004050&supplier_code=00100317&order_time=2020-07-30 HTTP/1.1" 200 411
180.175.214.200 - - [31/Jul/2020:10:18:26 +0800] "GET /xingrg/kc/buy/cgsh_order_operate.html?command=get_materiel&rest_code=00102&code=00101002027&supplier_code=00100151&order_time=2020-07-31 HTTP/1.1" 200 413
117.184.7.26 - - [31/Jul/2020:10:18:27 +0800] "GET /xingrg/all/function/internal_message.html?_=1596161895611&CODE_STATE=getMsg HTTP/1.1" 200 27
114.89.80.44 - - [31/Jul/2020:10:18:28 +0800] "POST /xingrg/kc/base/wldb_order_operate.html HTTP/1.1" 200 37
114.89.80.44 - - [31/Jul/2020:10:18:28 +0800] "POST /xingrg/kc/base/wldb_order_operate.html HTTP/1.1" 200 5218
114.89.80.44 - - [31/Jul/2020:10:18:29 +0800] "GET /xingrg/kc/base/wldb_order_info.html?code=422020073103626 HTTP/1.1" 200 30388
114.89.80.44 - - [31/Jul/2020:10:18:30 +0800] "GET /xingrg/javascript/easyui/themes/default/validatebox.css HTTP/1.1" 404 1104
114.89.80.44 - - [31/Jul/2020:10:18:30 +0800] "POST /xingrg/kc/base/wldb_order_operate.html HTTP/1.1" 200 5218
114.88.161.57 - - [31/Jul/2020:10:18:30 +0800] "GET /xingrg/all/function/internal_message.html?_=1596161937864&CODE_STATE=getMsg HTTP/1.1" 200 27
120.253.135.82 - - [31/Jul/2020:10:18:31 +0800] "POST /xingrg/kc/pszx/mdps_order_operate.html HTTP/1.1" 200 37
120.253.135.82 - - [31/Jul/2020:10:18:32 +0800] "GET /xingrg/kc/pszx/mdps_order_info.html?code=312020072600650 HTTP/1.1" 200 23849
120.253.135.82 - - [31/Jul/2020:10:18:32 +0800] "GET /xingrg/javascript/easyui/themes/default/validatebox.css HTTP/1.1" 404 1104
120.253.135.82 - - [31/Jul/2020:10:18:32 +0800] "POST /xingrg/kc/pszx/mdps_order_operate.html HTTP/1.1" 200 2281
114.88.159.89 - - [31/Jul/2020:10:18:35 +0800] "GET /xingrg/all/function/internal_message.html?_=1596161924881&CODE_STATE=getMsg HTTP/1.1" 200 27
117.184.7.26 - - [31/Jul/2020:10:18:36 +0800] "POST /xingrg/kc/buy/cgsh_order_operate.html HTTP/1.1" 200 37
120.253.135.82 - - [31/Jul/2020:10:18:36 +0800] "POST /xingrg/kc/pszx/mdps_order_operate.html HTTP/1.1" 200 37
180.175.214.200 - - [31/Jul/2020:10:18:37 +0800] "POST /xingrg/kc/buy/cgsh_order_operate.html HTTP/1.1" 200 37
120.253.135.82 - - [31/Jul/2020:10:18:37 +0800] "POST /xingrg/kc/pszx/mdps_order_operate.html HTTP/1.1" 200 12
222.69.143.246 - - [31/Jul/2020:10:18:37 +0800] "GET /xingrg/all/function/internal_message.html?_=1596161907119&CODE_STATE=getMsg HTTP/1.1" 200 27
120.253.135.82 - - [31/Jul/2020:10:18:37 +0800] "GET /xingrg/kc/pszx/mdps_order_info.html?code=312020072600650 HTTP/1.1" 200 19509
120.253.135.82 - - [31/Jul/2020:10:18:38 +0800] "POST /xingrg/kc/pszx/mdps_order_operate.html HTTP/1.1" 200 502
120.253.135.82 - - [31/Jul/2020:10:18:38 +0800] "GET /xingrg/javascript/easyui/themes/default/validatebox.css HTTP/1.1" 404 1104
117.184.7.26 - - [31/Jul/2020:10:18:38 +0800] "POST /xingrg/kc/buy/cgsh_order_operate.html HTTP/1.1" 200 35737
180.175.214.200 - - [31/Jul/2020:10:18:39 +0800] "POST /xingrg/kc/buy/cgsh_order_operate.html HTTP/1.1" 200 12
180.175.214.200 - - [31/Jul/2020:10:18:39 +0800] "GET /xingrg/kc/buy/cgsh_order_info.html?code=212020073113017 HTTP/1.1" 200 54204
180.175.214.200 - - [31/Jul/2020:10:18:40 +0800] "GET /xingrg/javascript/easyui/themes/default/validatebox.css HTTP/1.1" 404 1104
180.175.214.200 - - [31/Jul/2020:10:18:40 +0800] "POST /xingrg/kc/buy/cgsh_order_operate.html HTTP/1.1" 200 3564
180.175.214.200 - - [31/Jul/2020:10:18:41 +0800] "GET /xingrg/kc/print/load_config.html?kc_code=cgsh HTTP/1.1" 200 1845
180.175.214.200 - - [31/Jul/2020:10:18:41 +0800] "GET /xingrg/kc/print/load_data.html?order_code=212020073113017&kc_code=cgsh&condition= HTTP/1.1" 200 1829
180.175.214.200 - - [31/Jul/2020:10:18:44 +0800] "GET /xingrg/kc/buy/cgsh_order_add.html HTTP/1.1" 200 59297
120.253.135.82 - - [31/Jul/2020:10:18:44 +0800] "POST /xingrg/kc/pszx/mdps_list_operate.html HTTP/1.1" 200 2095
180.175.214.200 - - [31/Jul/2020:10:18:44 +0800] "POST /xingrg/kc/buy/cgsh_order_operate.html HTTP/1.1" 200 8245
180.175.214.200 - - [31/Jul/2020:10:18:45 +0800] "GET /xingrg/javascript/easyui/themes/default/validatebox.css HTTP/1.1" 404 1104
114.89.80.44 - - [31/Jul/2020:10:18:46 +0800] "GET /xingrg/all/function/internal_message.html?_=1596162041494&CODE_STATE=getMsg HTTP/1.1" 200 27
61.172.5.115 - - [31/Jul/2020:10:18:46 +0800] "GET /xingrg/all/function/internal_message.html?_=1596161918684&CODE_STATE=getMsg HTTP/1.1" 200 27
120.253.135.82 - - [31/Jul/2020:10:18:47 +0800] "POST /xingrg/kc/pszx/mdps_list_operate.html HTTP/1.1" 200 205
120.253.135.82 - - [31/Jul/2020:10:18:49 +0800] "POST /xingrg/kc/pszx/mdps_list_operate.html HTTP/1.1" 200 218
180.175.214.200 - - [31/Jul/2020:10:18:49 +0800] "GET /xingrg/kc/buy/cgsh_order_operate.html?command=get_materiel&rest_code=00102&code=00101002006&supplier_code=00100091&order_time=2020-07-30 HTTP/1.1" 200 413
180.175.214.200 - - [31/Jul/2020:10:18:53 +0800] "GET /xingrg/check_reg.html?_=1596161929160 HTTP/1.1" 200 22
180.175.214.200 - - [31/Jul/2020:10:18:53 +0800] "GET /xingrg/all/function/internal_message.html?_=1596161929219&CODE_STATE=getMsg HTTP/1.1" 200 27
222.69.27.237 - - [31/Jul/2020:10:18:54 +0800] "GET /xingrg/all/function/internal_message.html?_=1596161833756&CODE_STATE=getMsg HTTP/1.1" 200 27
180.175.214.200 - - [31/Jul/2020:10:18:55 +0800] "POST /xingrg/kc/buy/cgsh_order_operate.html HTTP/1.1" 200 37
222.70.173.120 - - [31/Jul/2020:10:18:55 +0800] "GET /xingrg/all/function/internal_message.html?_=1596161928959&CODE_STATE=getMsg HTTP/1.1" 200 27
116.230.74.197 - - [31/Jul/2020:10:18:56 +0800] "GET /xingrg/all/function/internal_message.html?_=1596161924980&CODE_STATE=getMsg HTTP/1.1" 200 27
180.175.214.200 - - [31/Jul/2020:10:18:57 +0800] "GET /xingrg/kc/buy/cgsh_order_operate.html?command=get_materiel&rest_code=00102&code=00101001044&supplier_code=00100151&order_time=2020-07-31 HTTP/1.1" 200 411
180.175.214.200 - - [31/Jul/2020:10:18:57 +0800] "POST /xingrg/kc/buy/cgsh_order_operate.html HTTP/1.1" 200 12
114.88.161.57 - - [31/Jul/2020:10:18:57 +0800] "POST /xingrg/dwr/call/plaincall/AjaxQqpsService.getMaterielByCode.dwr HTTP/1.1" 200 2644
180.175.214.200 - - [31/Jul/2020:10:18:57 +0800] "GET /xingrg/kc/buy/cgsh_order_info.html?code=212020073113018 HTTP/1.1" 200 54204
58.40.7.146 - - [31/Jul/2020:10:18:57 +0800] "GET /xingrg/check_reg.html?_=1596161934629 HTTP/1.1" 200 22
180.175.214.200 - - [31/Jul/2020:10:18:58 +0800] "GET /xingrg/javascript/easyui/themes/default/validatebox.css HTTP/1.1" 404 1104
180.175.214.200 - - [31/Jul/2020:10:18:58 +0800] "POST /xingrg/kc/buy/cgsh_order_operate.html HTTP/1.1" 200 610
172.17.0.185 - - [31/Jul/2020:10:18:58 +0800] "GET /xingrg/all/function/internal_message.html?_=1596161934059&CODE_STATE=getMsg HTTP/1.1" 200 27
180.175.214.200 - - [31/Jul/2020:10:19:00 +0800] "GET /xingrg/kc/print/load_data.html?order_code=212020073113018&kc_code=cgsh&condition= HTTP/1.1" 200 762
114.88.161.57 - - [31/Jul/2020:10:19:00 +0800] "POST /xingrg/dwr/call/plaincall/AjaxQqpsService.saveMaterielItem.dwr HTTP/1.1" 200 78
58.40.7.146 - - [31/Jul/2020:10:19:02 +0800] "GET /xingrg/all/function/internal_message.html?_=1596161939474&CODE_STATE=getMsg HTTP/1.1" 200 27
180.175.214.200 - - [31/Jul/2020:10:19:03 +0800] "GET /xingrg/all/function/internal_message.html?_=1596162145333&CODE_STATE=getMsg HTTP/1.1" 200 27
114.88.159.89 - - [31/Jul/2020:10:19:04 +0800] "GET /xingrg/all/function/internal_message.html?_=1596161600999&CODE_STATE=getMsg HTTP/1.1" 200 27
114.88.159.89 - - [31/Jul/2020:10:19:04 +0800] "GET /xingrg/check_reg.html?_=1596161601000 HTTP/1.1" 200 22
180.175.214.200 - - [31/Jul/2020:10:19:04 +0800] "GET /xingrg/kc/buy/cgsh_order_add.html HTTP/1.1" 200 59297
180.175.214.200 - - [31/Jul/2020:10:19:04 +0800] "POST /xingrg/kc/buy/cgsh_order_operate.html HTTP/1.1" 200 8245
180.175.214.200 - - [31/Jul/2020:10:19:05 +0800] "GET /xingrg/javascript/easyui/themes/default/validatebox.css HTTP/1.1" 404 1104
114.88.161.57 - - [31/Jul/2020:10:19:05 +0800] "POST /xingrg/dwr/call/plaincall/AjaxQqpsService.checkOrder.dwr HTTP/1.1" 200 78
114.88.161.57 - - [31/Jul/2020:10:19:06 +0800] "GET /xingrg/kc/mdqp/qqps_order_info.html?code=302020073100568 HTTP/1.1" 200 26567
114.88.161.57 - - [31/Jul/2020:10:19:06 +0800] "GET /xingrg/dwr/interface/AjaxQqpsService.js HTTP/1.1" 200 16326
114.88.161.57 - - [31/Jul/2020:10:19:06 +0800] "GET /xingrg/dwr/interface/AjaxComOrderService.js HTTP/1.1" 200 18264
114.88.161.57 - - [31/Jul/2020:10:19:06 +0800] "GET /xingrg/dwr/engine.js HTTP/1.1" 200 43631
114.88.161.57 - - [31/Jul/2020:10:19:08 +0800] "POST /xingrg/dwr/call/plaincall/AjaxQqpsService.loadMaterielItems.dwr HTTP/1.1" 200 390
222.69.143.246 - - [31/Jul/2020:10:19:09 +0800] "GET /xingrg/all/function/internal_message.html?_=1596161715201&CODE_STATE=getMsg HTTP/1.1" 200 27
180.157.251.101 - - [31/Jul/2020:10:19:10 +0800] "GET /xingrg/all/function/internal_message.html?_=1596161950005&CODE_STATE=getMsg HTTP/1.1" 200 27
58.221.95.50 - - [31/Jul/2020:10:19:11 +0800] "GET /xingrg/all/function/internal_message.html?_=1596162066998&CODE_STATE=getMsg HTTP/1.1" 302 -
114.88.161.57 - - [31/Jul/2020:10:19:11 +0800] "GET /xingrg/all/function/internal_message.html?_=1596161945479&CODE_STATE=getMsg HTTP/1.1" 200 27
180.175.214.200 - - [31/Jul/2020:10:19:11 +0800] "GET /xingrg/kc/buy/cgsh_order_operate.html?command=get_materiel&rest_code=00102&code=00101001044&supplier_code=00100319&order_time=2020-07-30 HTTP/1.1" 200 411
61.172.5.115 - - [31/Jul/2020:10:19:13 +0800] "GET /xingrg/kc/buy/cgsh_order_operate.html?command=get_materiel&rest_code=00105&code=00101008096&supplier_code=00100203&order_time=2020-07-31 HTTP/1.1" 200 412
172.17.0.100 - - [31/Jul/2020:10:19:16 +0800] "GET /xingrg/all/function/internal_message.html?_=1596161952063&CODE_STATE=getMsg HTTP/1.1" 200 27
180.175.214.200 - - [31/Jul/2020:10:19:16 +0800] "GET /xingrg/kc/buy/cgsh_order_operate.html?command=get_materiel&rest_code=00102&code=00101001125&supplier_code=00100319&order_time=2020-07-30 HTTP/1.1" 200 415
61.172.5.115 - - [31/Jul/2020:10:19:17 +0800] "GET /xingrg/all/function/internal_message.html?_=1596161957138&CODE_STATE=getMsg HTTP/1.1" 200 27
114.89.80.44 - - [31/Jul/2020:10:19:18 +0800] "POST /xingrg/kc/base/wldb_order_operate.html HTTP/1.1" 200 37
114.89.80.44 - - [31/Jul/2020:10:19:19 +0800] "POST /xingrg/kc/base/wldb_order_operate.html HTTP/1.1" 200 12
114.89.80.44 - - [31/Jul/2020:10:19:19 +0800] "POST /xingrg/kc/base/wldb_order_operate.html HTTP/1.1" 200 4722
180.175.214.200 - - [31/Jul/2020:10:19:21 +0800] "GET /xingrg/kc/buy/cgsh_order_operate.html?command=get_materiel&rest_code=00102&code=00101002022&supplier_code=00100151&order_time=2020-07-31 HTTP/1.1" 200 428
117.184.7.26 - - [31/Jul/2020:10:19:21 +0800] "GET /xingrg/all/function/internal_message.html?_=1596161949708&CODE_STATE=getMsg HTTP/1.1" 200 27
114.89.80.44 - - [31/Jul/2020:10:19:21 +0800] "GET /xingrg/kc/base/wldb_order_info.html?code=422020073103626 HTTP/1.1" 200 26252
180.175.214.200 - - [31/Jul/2020:10:19:21 +0800] "GET /xingrg/kc/buy/cgsh_order_operate.html?command=get_materiel&rest_code=00102&code=00101001093&supplier_code=00100319&order_time=2020-07-30 HTTP/1.1" 200 411
114.89.80.44 - - [31/Jul/2020:10:19:22 +0800] "GET /xingrg/javascript/easyui/themes/default/validatebox.css HTTP/1.1" 404 1104
114.89.80.44 - - [31/Jul/2020:10:19:22 +0800] "POST /xingrg/kc/base/wldb_order_operate.html HTTP/1.1" 200 2961
117.184.7.26 - - [31/Jul/2020:10:19:27 +0800] "GET /xingrg/all/function/internal_message.html?_=1596161955625&CODE_STATE=getMsg HTTP/1.1" 200 27
114.89.80.44 - - [31/Jul/2020:10:19:29 +0800] "GET /xingrg/all/function/internal_message.html?_=1596161964194&CODE_STATE=getMsg HTTP/1.1" 200 27
114.88.161.57 - - [31/Jul/2020:10:19:30 +0800] "GET /xingrg/all/function/internal_message.html?_=1596161997863&CODE_STATE=getMsg HTTP/1.1" 200 27
180.175.214.200 - - [31/Jul/2020:10:19:32 +0800] "POST /xingrg/kc/buy/cgsh_order_operate.html HTTP/1.1" 200 37
180.175.214.200 - - [31/Jul/2020:10:19:33 +0800] "POST /xingrg/kc/buy/cgsh_order_operate.html HTTP/1.1" 200 12
180.175.214.200 - - [31/Jul/2020:10:19:33 +0800] "GET /xingrg/kc/buy/cgsh_order_info.html?code=212020073113019 HTTP/1.1" 200 54204
180.175.214.200 - - [31/Jul/2020:10:19:34 +0800] "GET /xingrg/javascript/easyui/themes/default/validatebox.css HTTP/1.1" 404 1104
180.175.214.200 - - [31/Jul/2020:10:19:34 +0800] "POST /xingrg/kc/buy/cgsh_order_operate.html HTTP/1.1" 200 1797
114.88.159.89 - - [31/Jul/2020:10:19:34 +0800] "GET /xingrg/all/function/internal_message.html?_=1596161984861&CODE_STATE=getMsg HTTP/1.1" 200 27
180.175.214.200 - - [31/Jul/2020:10:19:35 +0800] "GET /xingrg/kc/print/load_data.html?order_code=212020073113019&kc_code=cgsh&condition= HTTP/1.1" 200 1157
222.69.143.246 - - [31/Jul/2020:10:19:37 +0800] "GET /xingrg/all/function/internal_message.html?_=1596161967102&CODE_STATE=getMsg HTTP/1.1" 200 27
180.175.214.200 - - [31/Jul/2020:10:19:38 +0800] "GET /xingrg/kc/buy/cgsh_order_add.html HTTP/1.1" 200 59297
180.175.214.200 - - [31/Jul/2020:10:19:39 +0800] "POST /xingrg/kc/buy/cgsh_order_operate.html HTTP/1.1" 200 8245
180.175.214.200 - - [31/Jul/2020:10:19:39 +0800] "GET /xingrg/javascript/easyui/themes/default/validatebox.css HTTP/1.1" 404 1104
61.172.5.115 - - [31/Jul/2020:10:19:45 +0800] "GET /xingrg/kc/buy/cgsh_order_operate.html?command=get_materiel&rest_code=00105&code=00101008350&supplier_code=00100203&order_time=2020-07-31 HTTP/1.1" 200 408
114.89.80.44 - - [31/Jul/2020:10:19:46 +0800] "GET /xingrg/all/function/internal_message.html?_=1596162101509&CODE_STATE=getMsg HTTP/1.1" 200 27
61.172.5.115 - - [31/Jul/2020:10:19:46 +0800] "GET /xingrg/all/function/internal_message.html?_=1596161978669&CODE_STATE=getMsg HTTP/1.1" 200 27
180.175.214.200 - - [31/Jul/2020:10:19:47 +0800] "GET /xingrg/kc/buy/cgsh_order_operate.html?command=get_materiel&rest_code=00102&code=00101001037&supplier_code=00100090&order_time=2020-07-30 HTTP/1.1" 200 414
180.175.214.200 - - [31/Jul/2020:10:19:53 +0800] "GET /xingrg/all/function/internal_message.html?_=1596161989303&CODE_STATE=getMsg HTTP/1.1" 200 27
222.69.27.237 - - [31/Jul/2020:10:19:54 +0800] "GET /xingrg/all/function/internal_message.html?_=1596161893757&CODE_STATE=getMsg HTTP/1.1" 200 27
222.69.27.237 - - [31/Jul/2020:10:19:54 +0800] "GET /xingrg/check_reg.html?_=1596161893760 HTTP/1.1" 200 22
180.175.214.200 - - [31/Jul/2020:10:19:54 +0800] "GET /xingrg/kc/buy/cgsh_order_operate.html?command=get_materiel&rest_code=00102&code=00101004065&supplier_code=00100090&order_time=2020-07-30 HTTP/1.1" 200 433
222.70.173.120 - - [31/Jul/2020:10:19:55 +0800] "GET /xingrg/all/function/internal_message.html?_=1596161988972&CODE_STATE=getMsg HTTP/1.1" 200 27
116.230.74.197 - - [31/Jul/2020:10:19:56 +0800] "GET /xingrg/all/function/internal_message.html?_=1596161984963&CODE_STATE=getMsg HTTP/1.1" 200 27
172.17.0.185 - - [31/Jul/2020:10:19:58 +0800] "GET /xingrg/all/function/internal_message.html?_=1596161994048&CODE_STATE=getMsg HTTP/1.1" 200 27
114.88.161.57 - - [31/Jul/2020:10:20:00 +0800] "GET /xingrg/check_reg.html?_=1596161995072 HTTP/1.1" 200 22
117.185.32.26 - - [31/Jul/2020:10:20:00 +0800] "GET /xingrg/check_reg.html?_=1596162428558 HTTP/1.1" 200 22
180.175.214.200 - - [31/Jul/2020:10:20:01 +0800] "POST /xingrg/kc/buy/cgsh_order_operate.html HTTP/1.1" 200 37
58.40.7.146 - - [31/Jul/2020:10:20:02 +0800] "GET /xingrg/all/function/internal_message.html?_=1596161999445&CODE_STATE=getMsg HTTP/1.1" 200 27
180.175.214.200 - - [31/Jul/2020:10:20:03 +0800] "GET /xingrg/all/function/internal_message.html?_=1596162205346&CODE_STATE=getMsg HTTP/1.1" 200 27
180.175.214.200 - - [31/Jul/2020:10:20:03 +0800] "POST /xingrg/kc/buy/cgsh_order_operate.html HTTP/1.1" 200 12
180.175.214.200 - - [31/Jul/2020:10:20:04 +0800] "GET /xingrg/kc/buy/cgsh_order_info.html?code=212020073113020 HTTP/1.1" 200 54204
114.88.159.89 - - [31/Jul/2020:10:20:04 +0800] "GET /xingrg/all/function/internal_message.html?_=1596161660999&CODE_STATE=getMsg HTTP/1.1" 200 27
180.175.214.200 - - [31/Jul/2020:10:20:04 +0800] "GET /xingrg/javascript/easyui/themes/default/validatebox.css HTTP/1.1" 404 1104
180.175.214.200 - - [31/Jul/2020:10:20:04 +0800] "POST /xingrg/kc/buy/cgsh_order_operate.html HTTP/1.1" 200 1211
180.175.214.200 - - [31/Jul/2020:10:20:05 +0800] "GET /xingrg/kc/print/load_data.html?order_code=212020073113020&kc_code=cgsh&condition= HTTP/1.1" 200 1007
180.175.214.200 - - [31/Jul/2020:10:20:09 +0800] "GET /xingrg/kc/buy/cgsh_order_add.html HTTP/1.1" 200 59297
222.69.143.246 - - [31/Jul/2020:10:20:09 +0800] "GET /xingrg/all/function/internal_message.html?_=1596161775201&CODE_STATE=getMsg HTTP/1.1" 200 27
180.157.251.101 - - [31/Jul/2020:10:20:10 +0800] "GET /xingrg/all/function/internal_message.html?_=1596162010019&CODE_STATE=getMsg HTTP/1.1" 200 27
180.175.214.200 - - [31/Jul/2020:10:20:10 +0800] "POST /xingrg/kc/buy/cgsh_order_operate.html HTTP/1.1" 200 8245
180.175.214.200 - - [31/Jul/2020:10:20:10 +0800] "GET /xingrg/javascript/easyui/themes/default/validatebox.css HTTP/1.1" 404 1104
58.221.95.50 - - [31/Jul/2020:10:20:10 +0800] "GET /xingrg/all/function/internal_message.html?_=1596162126971&CODE_STATE=getMsg HTTP/1.1" 302 -
114.88.161.57 - - [31/Jul/2020:10:20:11 +0800] "GET /xingrg/all/function/internal_message.html?_=1596162005492&CODE_STATE=getMsg HTTP/1.1" 200 27
61.172.5.115 - - [31/Jul/2020:10:20:13 +0800] "POST /xingrg/kc/buy/cgsh_order_operate.html HTTP/1.1" 200 37
61.172.5.115 - - [31/Jul/2020:10:20:14 +0800] "POST /xingrg/kc/buy/cgsh_order_operate.html HTTP/1.1" 200 48180
58.221.95.50 - - [31/Jul/2020:10:20:15 +0800] "GET /xingrg/check_reg.html?_=1596162132007 HTTP/1.1" 302 -
172.17.0.100 - - [31/Jul/2020:10:20:16 +0800] "GET /xingrg/all/function/internal_message.html?_=1596162012063&CODE_STATE=getMsg HTTP/1.1" 200 27
180.175.214.200 - - [31/Jul/2020:10:20:16 +0800] "GET /xingrg/kc/buy/cgsh_order_operate.html?command=get_materiel&rest_code=00102&code=00101002031&supplier_code=00100094&order_time=2020-07-30 HTTP/1.1" 200 414
61.172.5.115 - - [31/Jul/2020:10:20:17 +0800] "GET /xingrg/all/function/internal_message.html?_=1596162017109&CODE_STATE=getMsg HTTP/1.1" 200 27
180.175.214.200 - - [31/Jul/2020:10:20:19 +0800] "POST /xingrg/kc/buy/cgsh_order_operate.html HTTP/1.1" 200 37
61.172.5.115 - - [31/Jul/2020:10:20:20 +0800] "GET /xingrg/kc/print/load_data.html?order_code=212020073112953&kc_code=cgsh&condition= HTTP/1.1" 200 17834
180.175.214.200 - - [31/Jul/2020:10:20:20 +0800] "POST /xingrg/kc/buy/cgsh_order_operate.html HTTP/1.1" 200 8607
117.184.7.26 - - [31/Jul/2020:10:20:21 +0800] "GET /xingrg/all/function/internal_message.html?_=1596162009693&CODE_STATE=getMsg HTTP/1.1" 200 27
180.175.214.200 - - [31/Jul/2020:10:20:23 +0800] "POST /xingrg/kc/buy/cgsh_order_operate.html HTTP/1.1" 200 37
180.175.214.200 - - [31/Jul/2020:10:20:23 +0800] "GET /xingrg/kc/buy/cgsh_order_add.html HTTP/1.1" 200 59291
101.85.53.146 - - [31/Jul/2020:10:20:24 +0800] "GET /xingrg/check_reg.html?_=1596161350489 HTTP/1.1" 200 22
180.175.214.200 - - [31/Jul/2020:10:20:25 +0800] "POST /xingrg/kc/buy/cgsh_order_operate.html HTTP/1.1" 200 12
180.175.214.200 - - [31/Jul/2020:10:20:26 +0800] "POST /xingrg/kc/buy/cgsh_order_operate.html HTTP/1.1" 200 8245
61.172.5.115 - - [31/Jul/2020:10:20:26 +0800] "GET /xingrg/kc/buy/cgsh_order_add.html HTTP/1.1" 200 59379
61.172.5.115 - - [31/Jul/2020:10:20:27 +0800] "POST /xingrg/kc/buy/cgsh_order_operate.html HTTP/1.1" 200 8245
61.172.5.115 - - [31/Jul/2020:10:20:27 +0800] "GET /xingrg/javascript/easyui/themes/default/validatebox.css HTTP/1.1" 404 1104
180.175.214.200 - - [31/Jul/2020:10:20:27 +0800] "GET /xingrg/kc/buy/cgsh_order_info.html?code=212020073113022 HTTP/1.1" 200 54200
117.184.7.26 - - [31/Jul/2020:10:20:27 +0800] "GET /xingrg/all/function/internal_message.html?_=1596162015637&CODE_STATE=getMsg HTTP/1.1" 200 27
180.175.214.200 - - [31/Jul/2020:10:20:27 +0800] "GET /xingrg/javascript/easyui/themes/default/validatebox.css HTTP/1.1" 404 1104
180.175.214.200 - - [31/Jul/2020:10:20:27 +0800] "GET /xingrg/javascript/easyui/themes/default/validatebox.css HTTP/1.1" 404 1104
180.175.214.200 - - [31/Jul/2020:10:20:28 +0800] "POST /xingrg/kc/buy/cgsh_order_operate.html HTTP/1.1" 200 612
114.89.80.44 - - [31/Jul/2020:10:20:29 +0800] "GET /xingrg/all/function/internal_message.html?_=1596162024175&CODE_STATE=getMsg HTTP/1.1" 200 27
114.88.161.57 - - [31/Jul/2020:10:20:30 +0800] "GET /xingrg/all/function/internal_message.html?_=1596162057862&CODE_STATE=getMsg HTTP/1.1" 200 27
114.88.159.89 - - [31/Jul/2020:10:20:34 +0800] "GET /xingrg/all/function/internal_message.html?_=1596162044834&CODE_STATE=getMsg HTTP/1.1" 200 27
180.175.214.200 - - [31/Jul/2020:10:20:36 +0800] "GET /xingrg/kc/buy/cgsh_order_operate.html?command=get_materiel&rest_code=00102&code=00101016038&supplier_code=00100151&order_time=2020-07-31 HTTP/1.1" 200 408
222.69.143.246 - - [31/Jul/2020:10:20:37 +0800] "GET /xingrg/all/function/internal_message.html?_=1596162027087&CODE_STATE=getMsg HTTP/1.1" 200 27
61.172.5.115 - - [31/Jul/2020:10:20:38 +0800] "GET /xingrg/kc/buy/cgsh_order_operate.html?command=get_materiel&rest_code=00105&code=00101016100&supplier_code=00100034&order_time=2020-07-31 HTTP/1.1" 200 412
222.69.143.246 - - [31/Jul/2020:10:20:39 +0800] "GET /xingrg/check_reg.html?_=1596162028195 HTTP/1.1" 200 22
114.89.80.44 - - [31/Jul/2020:10:20:41 +0800] "GET /xingrg/kc/base/wldb_order_list.html HTTP/1.1" 200 19261
114.89.80.44 - - [31/Jul/2020:10:20:42 +0800] "POST /xingrg/kc/base/wldb_list_operate.html HTTP/1.1" 200 928
114.89.80.44 - - [31/Jul/2020:10:20:45 +0800] "GET /xingrg/javascript/jquery_tools/images/next.gif HTTP/1.1" 404 1086
114.89.80.44 - - [31/Jul/2020:10:20:45 +0800] "GET /xingrg/javascript/jquery_tools/images/prev.gif HTTP/1.1" 404 1086
114.89.80.44 - - [31/Jul/2020:10:20:46 +0800] "GET /xingrg/all/function/internal_message.html?_=1596162161522&CODE_STATE=getMsg HTTP/1.1" 200 27
61.172.5.115 - - [31/Jul/2020:10:20:46 +0800] "GET /xingrg/all/function/internal_message.html?_=1596162038654&CODE_STATE=getMsg HTTP/1.1" 200 27
61.172.5.115 - - [31/Jul/2020:10:20:48 +0800] "GET /xingrg/kc/buy/cgsh_order_operate.html?command=get_materiel&rest_code=00105&code=00101012025&supplier_code=00100034&order_time=2020-07-31 HTTP/1.1" 200 412
114.89.80.44 - - [31/Jul/2020:10:20:48 +0800] "POST /xingrg/kc/base/wldb_list_operate.html HTTP/1.1" 200 2215
114.89.80.44 - - [31/Jul/2020:10:20:50 +0800] "POST /xingrg/kc/base/wldb_list_operate.html HTTP/1.1" 200 637
114.89.80.44 - - [31/Jul/2020:10:20:50 +0800] "GET /xingrg/kc/base/wldb_order_info.html?code=422020073103626 HTTP/1.1" 200 26252
114.89.80.44 - - [31/Jul/2020:10:20:51 +0800] "POST /xingrg/kc/base/wldb_order_operate.html HTTP/1.1" 200 2961
114.89.80.44 - - [31/Jul/2020:10:20:51 +0800] "GET /xingrg/javascript/easyui/themes/default/validatebox.css HTTP/1.1" 404 1104
180.175.214.200 - - [31/Jul/2020:10:20:53 +0800] "GET /xingrg/all/function/internal_message.html?_=1596162049380&CODE_STATE=getMsg HTTP/1.1" 200 27
180.175.214.200 - - [31/Jul/2020:10:20:53 +0800] "GET /xingrg/kc/print/load_data.html?order_code=212020073113022&kc_code=cgsh&condition= HTTP/1.1" 200 782
222.69.27.237 - - [31/Jul/2020:10:20:54 +0800] "GET /xingrg/all/function/internal_message.html?_=1596161953760&CODE_STATE=getMsg HTTP/1.1" 200 27
116.230.74.197 - - [31/Jul/2020:10:20:54 +0800] "GET /xingrg/check_reg.html?_=1596162042909 HTTP/1.1" 200 22
180.175.214.200 - - [31/Jul/2020:10:20:55 +0800] "GET /xingrg/kc/buy/cgsh_order_operate.html?command=get_materiel&rest_code=00102&code=00101002048&supplier_code=00100151&order_time=2020-07-31 HTTP/1.1" 200 399
222.70.173.120 - - [31/Jul/2020:10:20:56 +0800] "GET /xingrg/all/function/internal_message.html?_=1596162049161&CODE_STATE=getMsg HTTP/1.1" 200 27
116.230.74.197 - - [31/Jul/2020:10:20:56 +0800] "GET /xingrg/all/function/internal_message.html?_=1596162044943&CODE_STATE=getMsg HTTP/1.1" 200 27
61.172.5.115 - - [31/Jul/2020:10:20:57 +0800] "GET /xingrg/kc/buy/cgsh_order_operate.html?command=get_materiel&rest_code=00105&code=00101016071&supplier_code=00100034&order_time=2020-07-31 HTTP/1.1" 200 416
172.17.0.185 - - [31/Jul/2020:10:20:58 +0800] "GET /xingrg/all/function/internal_message.html?_=1596162054052&CODE_STATE=getMsg HTTP/1.1" 200 27
180.175.214.200 - - [31/Jul/2020:10:20:59 +0800] "GET /xingrg/check_reg.html?_=1596162260744 HTTP/1.1" 200 22
58.40.7.146 - - [31/Jul/2020:10:21:02 +0800] "GET /xingrg/all/function/internal_message.html?_=1596162059415&CODE_STATE=getMsg HTTP/1.1" 200 27
180.175.214.200 - - [31/Jul/2020:10:21:03 +0800] "GET /xingrg/all/function/internal_message.html?_=1596162265359&CODE_STATE=getMsg HTTP/1.1" 200 27
61.172.5.115 - - [31/Jul/2020:10:21:03 +0800] "GET /xingrg/kc/buy/cgsh_order_operate.html?command=get_materiel&rest_code=00105&code=00101020153&supplier_code=00100034&order_time=2020-07-31 HTTP/1.1" 200 408
114.88.159.89 - - [31/Jul/2020:10:21:04 +0800] "GET /xingrg/all/function/internal_message.html?_=1596161720997&CODE_STATE=getMsg HTTP/1.1" 200 27
180.175.214.200 - - [31/Jul/2020:10:21:04 +0800] "GET /xingrg/kc/buy/cgsh_order_add.html HTTP/1.1" 200 59297
180.175.214.200 - - [31/Jul/2020:10:21:05 +0800] "POST /xingrg/kc/buy/cgsh_order_operate.html HTTP/1.1" 200 8245
180.175.214.200 - - [31/Jul/2020:10:21:05 +0800] "GET /xingrg/javascript/easyui/themes/default/validatebox.css HTTP/1.1" 404 1104
114.89.80.44 - - [31/Jul/2020:10:21:06 +0800] "GET /xingrg/kc/base/wldb_order_add.html HTTP/1.1" 200 30373
114.89.80.44 - - [31/Jul/2020:10:21:06 +0800] "POST /xingrg/kc/base/wldb_order_operate.html HTTP/1.1" 200 6806
114.89.80.44 - - [31/Jul/2020:10:21:06 +0800] "GET /xingrg/javascript/easyui/themes/default/validatebox.css HTTP/1.1" 404 1104
222.69.143.246 - - [31/Jul/2020:10:21:09 +0800] "GET /xingrg/all/function/internal_message.html?_=1596161835198&CODE_STATE=getMsg HTTP/1.1" 200 27
180.157.251.101 - - [31/Jul/2020:10:21:10 +0800] "GET /xingrg/all/function/internal_message.html?_=1596162070014&CODE_STATE=getMsg HTTP/1.1" 200 27
58.221.95.50 - - [31/Jul/2020:10:21:10 +0800] "GET /xingrg/all/function/internal_message.html?_=1596162186953&CODE_STATE=getMsg HTTP/1.1" 302 -
114.88.161.57 - - [31/Jul/2020:10:21:11 +0800] "GET /xingrg/all/function/internal_message.html?_=1596162065507&CODE_STATE=getMsg HTTP/1.1" 200 27
172.17.0.100 - - [31/Jul/2020:10:21:16 +0800] "GET /xingrg/all/function/internal_message.html?_=1596162072064&CODE_STATE=getMsg HTTP/1.1" 200 27
61.172.5.115 - - [31/Jul/2020:10:21:17 +0800] "GET /xingrg/check_reg.html?_=1596162077038 HTTP/1.1" 200 22
61.172.5.115 - - [31/Jul/2020:10:21:17 +0800] "GET /xingrg/all/function/internal_message.html?_=1596162077091&CODE_STATE=getMsg HTTP/1.1" 200 27
117.184.7.26 - - [31/Jul/2020:10:21:21 +0800] "GET /xingrg/all/function/internal_message.html?_=1596162069681&CODE_STATE=getMsg HTTP/1.1" 200 27
114.88.159.89 - - [31/Jul/2020:10:21:24 +0800] "POST /xingrg/services/DataTransmitService HTTP/1.1" 200 524
114.88.159.89 - - [31/Jul/2020:10:21:24 +0800] "POST /xingrg/services/DataTransmitService HTTP/1.1" 200 2079
114.88.159.89 - - [31/Jul/2020:10:21:24 +0800] "POST /xingrg/services/DataTransmitService HTTP/1.1" 200 175775
117.184.7.30 - - [31/Jul/2020:10:21:27 +0800] "GET /xingrg/all/function/internal_message.html?_=1596162075850&CODE_STATE=getMsg HTTP/1.1" 200 27
114.89.80.44 - - [31/Jul/2020:10:21:28 +0800] "GET /xingrg/kc/base/wldb_order_info.html?code=422020073103626 HTTP/1.1" 200 26252
114.89.80.44 - - [31/Jul/2020:10:21:29 +0800] "GET /xingrg/javascript/easyui/themes/default/validatebox.css HTTP/1.1" 404 1104
114.89.80.44 - - [31/Jul/2020:10:21:29 +0800] "POST /xingrg/kc/base/wldb_order_operate.html HTTP/1.1" 200 2961
114.89.80.44 - - [31/Jul/2020:10:21:29 +0800] "GET /xingrg/all/function/internal_message.html?_=1596162084164&CODE_STATE=getMsg HTTP/1.1" 200 27
114.88.161.57 - - [31/Jul/2020:10:21:30 +0800] "GET /xingrg/check_reg.html?_=1596162117879 HTTP/1.1" 200 22
114.88.161.57 - - [31/Jul/2020:10:21:30 +0800] "GET /xingrg/all/function/internal_message.html?_=1596162117877&CODE_STATE=getMsg HTTP/1.1" 200 27
61.172.5.115 - - [31/Jul/2020:10:21:33 +0800] "POST /xingrg/kc/buy/cgsh_order_operate.html HTTP/1.1" 200 37
61.172.5.115 - - [31/Jul/2020:10:21:33 +0800] "POST /xingrg/kc/buy/cgsh_order_operate.html HTTP/1.1" 200 4423
114.88.159.89 - - [31/Jul/2020:10:21:34 +0800] "GET /xingrg/all/function/internal_message.html?_=1596162104816&CODE_STATE=getMsg HTTP/1.1" 200 27
61.172.5.115 - - [31/Jul/2020:10:21:35 +0800] "GET /xingrg/kc/print/load_data.html?order_code=212020073113023&kc_code=cgsh&condition= HTTP/1.1" 200 1374
222.69.143.246 - - [31/Jul/2020:10:21:37 +0800] "GET /xingrg/all/function/internal_message.html?_=1596162087070&CODE_STATE=getMsg HTTP/1.1" 200 27
61.172.5.115 - - [31/Jul/2020:10:21:39 +0800] "GET /xingrg/kc/buy/cgsh_order_add.html HTTP/1.1" 200 59379
61.172.5.115 - - [31/Jul/2020:10:21:39 +0800] "GET /xingrg/javascript/easyui/themes/default/validatebox.css HTTP/1.1" 404 1104
61.172.5.115 - - [31/Jul/2020:10:21:39 +0800] "POST /xingrg/kc/buy/cgsh_order_operate.html HTTP/1.1" 200 8245
180.175.214.200 - - [31/Jul/2020:10:21:41 +0800] "GET /xingrg/kc/buy/cgsh_order_operate.html?command=get_materiel&rest_code=00102&code=00101008137&supplier_code=00100151&order_time=2020-07-31 HTTP/1.1" 200 408
61.172.5.115 - - [31/Jul/2020:10:21:46 +0800] "GET /xingrg/check_reg.html?_=1596162098171 HTTP/1.1" 200 22
114.89.80.44 - - [31/Jul/2020:10:21:46 +0800] "GET /xingrg/all/function/internal_message.html?_=1596162221539&CODE_STATE=getMsg HTTP/1.1" 200 27
61.172.5.115 - - [31/Jul/2020:10:21:46 +0800] "GET /xingrg/all/function/internal_message.html?_=1596162098626&CODE_STATE=getMsg HTTP/1.1" 200 27
180.175.214.200 - - [31/Jul/2020:10:21:49 +0800] "GET /xingrg/kc/buy/cgsh_order_operate.html?command=get_materiel&rest_code=00102&code=00101008225&supplier_code=00100151&order_time=2020-07-31 HTTP/1.1" 200 416
114.88.159.89 - - [31/Jul/2020:10:21:50 +0800] "GET /xingrg/check_reg.html?_=1596162120042 HTTP/1.1" 200 22
61.172.5.115 - - [31/Jul/2020:10:21:52 +0800] "GET /xingrg/kc/buy/cgsh_order_operate.html?command=get_materiel&rest_code=00105&code=00101009001&supplier_code=00100024&order_time=2020-07-31 HTTP/1.1" 200 418
180.175.214.200 - - [31/Jul/2020:10:21:53 +0800] "GET /xingrg/all/function/internal_message.html?_=1596162109383&CODE_STATE=getMsg HTTP/1.1" 200 27
222.69.27.237 - - [31/Jul/2020:10:21:54 +0800] "GET /xingrg/all/function/internal_message.html?_=1596162013761&CODE_STATE=getMsg HTTP/1.1" 200 27
222.70.173.120 - - [31/Jul/2020:10:21:56 +0800] "GET /xingrg/all/function/internal_message.html?_=1596162109171&CODE_STATE=getMsg HTTP/1.1" 200 27
116.230.74.197 - - [31/Jul/2020:10:21:56 +0800] "GET /xingrg/all/function/internal_message.html?_=1596162104918&CODE_STATE=getMsg HTTP/1.1" 200 27
172.17.0.185 - - [31/Jul/2020:10:21:58 +0800] "GET /xingrg/all/function/internal_message.html?_=1596162114060&CODE_STATE=getMsg HTTP/1.1" 200 27
172.17.0.185 - - [31/Jul/2020:10:21:58 +0800] "GET /xingrg/check_reg.html?_=1596162114068 HTTP/1.1" 200 22
180.175.214.200 - - [31/Jul/2020:10:21:59 +0800] "GET /xingrg/kc/buy/cgsh_order_operate.html?command=get_materiel&rest_code=00102&code=00101001162&supplier_code=00100313&order_time=2020-07-30 HTTP/1.1" 200 413
61.172.5.115 - - [31/Jul/2020:10:22:01 +0800] "GET /xingrg/kc/buy/cgsh_order_operate.html?command=get_materiel&rest_code=00105&code=00101009050&supplier_code=00100024&order_time=2020-07-31 HTTP/1.1" 200 408
58.40.7.146 - - [31/Jul/2020:10:22:02 +0800] "GET /xingrg/all/function/internal_message.html?_=1596162119386&CODE_STATE=getMsg HTTP/1.1" 200 27
180.175.214.200 - - [31/Jul/2020:10:22:03 +0800] "GET /xingrg/all/function/internal_message.html?_=1596162325373&CODE_STATE=getMsg HTTP/1.1" 200 27
180.175.214.200 - - [31/Jul/2020:10:22:03 +0800] "GET /xingrg/kc/buy/cgsh_order_operate.html?command=get_materiel&rest_code=00102&code=00101008304&supplier_code=00100151&order_time=2020-07-31 HTTP/1.1" 200 412
114.88.159.89 - - [31/Jul/2020:10:22:04 +0800] "GET /xingrg/all/function/internal_message.html?_=1596161780996&CODE_STATE=getMsg HTTP/1.1" 200 27
180.175.214.200 - - [31/Jul/2020:10:22:05 +0800] "GET /xingrg/kc/buy/cgsh_order_operate.html?command=get_materiel&rest_code=00102&code=00101001033&supplier_code=00100313&order_time=2020-07-30 HTTP/1.1" 200 419
222.70.173.120 - - [31/Jul/2020:10:22:09 +0800] "GET /xingrg/check_reg.html?_=1596162146230 HTTP/1.1" 200 22
222.69.143.246 - - [31/Jul/2020:10:22:09 +0800] "GET /xingrg/check_reg.html?_=1596161895192 HTTP/1.1" 200 22
