114.88.161.57 - - [31/Jul/2020:09:07:03 +0800] "GET /xingrg/all/function/internal_message.html?_=1596157651023&CODE_STATE=getMsg HTTP/1.1" 200 27
114.88.159.89 - - [31/Jul/2020:09:07:04 +0800] "GET /xingrg/all/function/internal_message.html?_=1596157280837&CODE_STATE=getMsg HTTP/1.1" 200 27
114.86.229.156 - - [31/Jul/2020:09:07:04 +0800] "POST /xingrg/login.do HTTP/1.1" 302 -
114.86.229.156 - - [31/Jul/2020:09:07:05 +0800] "GET /xingrg/index.html?sysBaseUrl=http%3A%2F%2F180.169.147.146%3A18081%2Fxingrg%2F&costTime=72×tamp=1596157624999 HTTP/1.1" 200 17173
114.86.229.156 - - [31/Jul/2020:09:07:05 +0800] "GET /xingrg/javascript/jquery_easy_ui/themes/default/easyui.css HTTP/1.1" 304 -
114.86.229.156 - - [31/Jul/2020:09:07:05 +0800] "GET /xingrg/css/form.css HTTP/1.1" 304 -
114.86.229.156 - - [31/Jul/2020:09:07:05 +0800] "GET /xingrg/javascript/jquery_easy_ui/themes/icon.css HTTP/1.1" 304 -
114.86.229.156 - - [31/Jul/2020:09:07:05 +0800] "GET /xingrg/javascript/jquery_easy_ui/jquery.easyui.min.js HTTP/1.1" 304 -
114.86.229.156 - - [31/Jul/2020:09:07:05 +0800] "GET /xingrg/javascript/jquery-1.4.2.min.js HTTP/1.1" 304 -
114.86.229.156 - - [31/Jul/2020:09:07:05 +0800] "GET /xingrg/javascript/jquery_easy_ui/easyui-lang-zh_CN.js HTTP/1.1" 304 -
114.86.229.156 - - [31/Jul/2020:09:07:05 +0800] "GET /xingrg/javascript/jquery.form.js HTTP/1.1" 304 -
114.86.229.156 - - [31/Jul/2020:09:07:05 +0800] "GET /xingrg/javascript/jquery.timers.js HTTP/1.1" 304 -
114.86.229.156 - - [31/Jul/2020:09:07:05 +0800] "GET /xingrg/javascript/jquery.utils.js HTTP/1.1" 304 -
114.88.161.57 - - [31/Jul/2020:09:07:05 +0800] "GET /xingrg/kc/buy/cgsh_order_operate.html?command=get_materiel&rest_code=00111&code=00101008095&supplier_code=00100005&order_time=2020-07-31 HTTP/1.1" 200 412
114.86.229.156 - - [31/Jul/2020:09:07:06 +0800] "GET /xingrg/images/blue/navBackgound.jpg HTTP/1.1" 304 -
114.86.229.156 - - [31/Jul/2020:09:07:06 +0800] "GET /xingrg/javascript/jquery_easy_ui/themes/icons/settle_new.png HTTP/1.1" 304 -
114.86.229.156 - - [31/Jul/2020:09:07:06 +0800] "GET /favicon.ico HTTP/1.1" 404 -
114.86.229.156 - - [31/Jul/2020:09:07:07 +0800] "GET /xingrg/images/blue/pingpu.png HTTP/1.1" 304 -
114.86.229.156 - - [31/Jul/2020:09:07:07 +0800] "POST /xingrg/all/common/load_tree.html?tree=area_rest_tree_json&manage=1 HTTP/1.1" 200 342
114.86.229.156 - - [31/Jul/2020:09:07:07 +0800] "GET /xingrg/javascript/jquery_easy_ui/themes/default/images/tabs_rightarrow.png HTTP/1.1" 304 -
114.86.229.156 - - [31/Jul/2020:09:07:07 +0800] "GET /xingrg/javascript/jquery_easy_ui/themes/default/images/tabs_leftarrow.png HTTP/1.1" 304 -
114.86.229.156 - - [31/Jul/2020:09:07:07 +0800] "GET /xingrg/javascript/jquery_easy_ui/themes/default/images/panel_tool_collapse.gif HTTP/1.1" 304 -
114.86.229.156 - - [31/Jul/2020:09:07:07 +0800] "GET /xingrg/all/function/internal_message.html?_=1596157648578&CODE_STATE=count HTTP/1.1" 200 11
114.86.229.156 - - [31/Jul/2020:09:07:07 +0800] "GET /xingrg/check_reg.html?_=1596157648578 HTTP/1.1" 200 22
114.86.229.156 - - [31/Jul/2020:09:07:07 +0800] "POST /xingrg/load_menu.html HTTP/1.1" 200 5138
114.86.229.156 - - [31/Jul/2020:09:07:08 +0800] "GET /xingrg/javascript/jquery_easy_ui/themes/default/images/tree_arrows.gif HTTP/1.1" 304 -
114.86.229.156 - - [31/Jul/2020:09:07:08 +0800] "GET /xingrg/javascript/jquery_easy_ui/themes/default/images/tree_folder_open.gif HTTP/1.1" 304 -
114.86.229.156 - - [31/Jul/2020:09:07:08 +0800] "GET /xingrg/javascript/jquery_easy_ui/themes/icons/search_new.png HTTP/1.1" 304 -
114.86.229.156 - - [31/Jul/2020:09:07:08 +0800] "GET /xingrg/javascript/jquery_easy_ui/themes/default/images/tree_folder.gif HTTP/1.1" 304 -
114.86.229.156 - - [31/Jul/2020:09:07:08 +0800] "GET /xingrg/javascript/jquery_easy_ui/themes/icons/storage_new.png HTTP/1.1" 304 -
114.86.229.156 - - [31/Jul/2020:09:07:08 +0800] "GET /xingrg/javascript/jquery_easy_ui/themes/icons/forms_new.png HTTP/1.1" 304 -
114.86.229.156 - - [31/Jul/2020:09:07:08 +0800] "GET /xingrg/javascript/jquery_easy_ui/themes/default/images/tree_file.gif HTTP/1.1" 304 -
61.172.5.115 - - [31/Jul/2020:09:07:09 +0800] "POST /xingrg/kc/buy/cgsh_order_operate.html HTTP/1.1" 200 37
180.157.251.101 - - [31/Jul/2020:09:07:10 +0800] "GET /xingrg/all/function/internal_message.html?_=1596157629905&CODE_STATE=getMsg HTTP/1.1" 200 27
180.157.251.101 - - [31/Jul/2020:09:07:10 +0800] "GET /xingrg/check_reg.html?_=1596157629910 HTTP/1.1" 200 22
61.172.5.115 - - [31/Jul/2020:09:07:10 +0800] "POST /xingrg/kc/buy/cgsh_order_operate.html HTTP/1.1" 200 5629
114.86.229.156 - - [31/Jul/2020:09:07:11 +0800] "GET /xingrg/javascript/jquery_easy_ui/themes/default/images/tabs_close.gif HTTP/1.1" 304 -
114.86.229.156 - - [31/Jul/2020:09:07:11 +0800] "GET /xingrg/kc/report/report_main.html HTTP/1.1" 200 7345
114.86.229.156 - - [31/Jul/2020:09:07:11 +0800] "GET /xingrg/css/blue.css HTTP/1.1" 304 -
114.86.229.156 - - [31/Jul/2020:09:07:11 +0800] "GET /xingrg/javascript/jquery_ui/themes/humanity/humanity.css HTTP/1.1" 304 -
114.86.229.156 - - [31/Jul/2020:09:07:11 +0800] "GET /xingrg/javascript/pic_change.js HTTP/1.1" 304 -
114.88.161.57 - - [31/Jul/2020:09:07:11 +0800] "POST /xingrg/kc/buy/cgsh_order_operate.html HTTP/1.1" 200 2065
114.86.229.156 - - [31/Jul/2020:09:07:11 +0800] "GET /xingrg/javascript/myfunction.js HTTP/1.1" 304 -
114.86.229.156 - - [31/Jul/2020:09:07:11 +0800] "GET /xingrg/javascript/json2.js HTTP/1.1" 304 -
114.86.229.156 - - [31/Jul/2020:09:07:12 +0800] "GET /xingrg/javascript/jquery_easy_ui/themes/icons/back_new.png HTTP/1.1" 304 -
114.86.229.156 - - [31/Jul/2020:09:07:13 +0800] "GET /xingrg/all/report/report_query.html?fileName=kc/base/rk_by_base.xml&rh=9999 HTTP/1.1" 200 51953
114.86.229.156 - - [31/Jul/2020:09:07:13 +0800] "GET /xingrg/javascript/multi_select/jqueryMultiSelect.css HTTP/1.1" 304 -
114.86.229.156 - - [31/Jul/2020:09:07:13 +0800] "GET /xingrg/javascript/calendar/timePicker.css HTTP/1.1" 304 -
114.86.229.156 - - [31/Jul/2020:09:07:13 +0800] "GET /xingrg/javascript/bigrid/fix.css HTTP/1.1" 304 -
114.86.229.156 - - [31/Jul/2020:09:07:14 +0800] "GET /xingrg/dwr/interface/AjaxReportQueryService.js HTTP/1.1" 200 13203
114.86.229.156 - - [31/Jul/2020:09:07:14 +0800] "GET /xingrg/dwr/engine.js HTTP/1.1" 200 43631
114.86.229.156 - - [31/Jul/2020:09:07:14 +0800] "GET /xingrg/dwr/util.js HTTP/1.1" 304 -
114.86.229.156 - - [31/Jul/2020:09:07:14 +0800] "GET /xingrg/javascript/jqueryMultiSelect.js HTTP/1.1" 304 -
114.86.229.156 - - [31/Jul/2020:09:07:14 +0800] "GET /xingrg/javascript/Calendar.js HTTP/1.1" 304 -
114.86.229.156 - - [31/Jul/2020:09:07:14 +0800] "GET /xingrg/javascript/calendar/jquery.timePicker.min.js HTTP/1.1" 304 -
114.86.229.156 - - [31/Jul/2020:09:07:14 +0800] "GET /xingrg/javascript/bigrid/fix.js HTTP/1.1" 304 -
114.86.229.156 - - [31/Jul/2020:09:07:14 +0800] "GET /xingrg/images/control/loading.gif HTTP/1.1" 304 -
114.86.229.156 - - [31/Jul/2020:09:07:14 +0800] "GET /xingrg/images/blue/button/advance2over.gif HTTP/1.1" 304 -
114.86.229.156 - - [31/Jul/2020:09:07:14 +0800] "GET /xingrg/images/blue/button/advanceover.gif HTTP/1.1" 304 -
114.86.229.156 - - [31/Jul/2020:09:07:14 +0800] "GET /xingrg/images/blue/button/back2over.gif HTTP/1.1" 304 -
114.86.229.156 - - [31/Jul/2020:09:07:14 +0800] "GET /xingrg/images/blue/button/backover.gif HTTP/1.1" 304 -
114.86.229.156 - - [31/Jul/2020:09:07:14 +0800] "GET /xingrg/javascript/jquery_easy_ui/themes/icons/help.png HTTP/1.1" 304 -
222.69.143.246 - - [31/Jul/2020:09:07:14 +0800] "GET /xingrg/kc/buy/cgsh_order_operate.html?command=get_materiel&rest_code=00149&code=00101008101&supplier_code=00100005&order_time=2020-07-31 HTTP/1.1" 200 412
114.86.229.156 - - [31/Jul/2020:09:07:15 +0800] "GET /xingrg/javascript/jquery_easy_ui/themes/default/images/menu_downarrow.png HTTP/1.1" 304 -
114.86.229.156 - - [31/Jul/2020:09:07:15 +0800] "GET /xingrg/javascript/jquery_easy_ui/themes/default/images/menu.gif HTTP/1.1" 304 -
114.86.229.156 - - [31/Jul/2020:09:07:15 +0800] "GET /xingrg/javascript/jquery_easy_ui/themes/icons/print.png HTTP/1.1" 304 -
114.86.229.156 - - [31/Jul/2020:09:07:15 +0800] "GET /xingrg/javascript/jquery_easy_ui/themes/icons/pencil.png HTTP/1.1" 304 -
114.86.229.156 - - [31/Jul/2020:09:07:15 +0800] "GET /xingrg/javascript/jquery_easy_ui/themes/default/images/menu_rightarrow.png HTTP/1.1" 304 -
114.86.229.156 - - [31/Jul/2020:09:07:15 +0800] "POST /xingrg/dwr/call/plaincall/AjaxReportQueryService.getFixDate.dwr HTTP/1.1" 200 111
172.17.0.100 - - [31/Jul/2020:09:07:15 +0800] "GET /xingrg/all/function/internal_message.html?_=1596157631751&CODE_STATE=getMsg HTTP/1.1" 200 27
114.86.229.156 - - [31/Jul/2020:09:07:15 +0800] "GET /xingrg/javascript/jquery_easy_ui/themes/default/images/combo_arrow_dot.gif HTTP/1.1" 304 -
114.86.229.156 - - [31/Jul/2020:09:07:15 +0800] "POST /xingrg/all/common/load_tree.html?tree=materiel_sort_tree_json HTTP/1.1" 200 8666
114.86.229.156 - - [31/Jul/2020:09:07:16 +0800] "GET /xingrg/javascript/jquery_easy_ui/themes/default/images/tree_checkbox_0.gif HTTP/1.1" 304 -
114.86.229.156 - - [31/Jul/2020:09:07:16 +0800] "POST /xingrg/dwr/call/plaincall/AjaxReportQueryService.getInitString.dwr HTTP/1.1" 200 1014
114.86.229.156 - - [31/Jul/2020:09:07:16 +0800] "GET /xingrg/javascript/multi_select/dropdown.gif HTTP/1.1" 304 -
114.89.80.44 - - [31/Jul/2020:09:07:18 +0800] "GET /xingrg/all/function/internal_message.html?_=1596157752965&CODE_STATE=getMsg HTTP/1.1" 200 27
61.172.5.115 - - [31/Jul/2020:09:07:18 +0800] "GET /xingrg/all/function/internal_message.html?_=1596157638967&CODE_STATE=getMsg HTTP/1.1" 200 27
114.89.80.44 - - [31/Jul/2020:09:07:19 +0800] "GET /xingrg/javascript/auto/indicator.gif HTTP/1.1" 404 1066
114.88.161.57 - - [31/Jul/2020:09:07:20 +0800] "GET /xingrg/kc/buy/cgsh_order_operate.html?command=get_materiel&rest_code=00111&code=00101008114&supplier_code=00100005&order_time=2020-07-31 HTTP/1.1" 200 412
117.184.7.26 - - [31/Jul/2020:09:07:22 +0800] "GET /xingrg/check_reg.html?_=1596157630767 HTTP/1.1" 200 22
117.184.7.26 - - [31/Jul/2020:09:07:22 +0800] "GET /xingrg/all/function/internal_message.html?_=1596157631005&CODE_STATE=getMsg HTTP/1.1" 200 27
114.86.229.156 - - [31/Jul/2020:09:07:23 +0800] "GET /xingrg/javascript/jquery_easy_ui/themes/default/images/tree_checkbox_1.gif HTTP/1.1" 304 -
114.86.229.156 - - [31/Jul/2020:09:07:23 +0800] "GET /xingrg/javascript/jquery_easy_ui/themes/default/images/tree_checkbox_2.gif HTTP/1.1" 304 -
114.86.229.156 - - [31/Jul/2020:09:07:23 +0800] "GET /xingrg/javascript/multi_select/dropdown_hover.gif HTTP/1.1" 304 -
114.86.229.156 - - [31/Jul/2020:09:07:24 +0800] "GET /xingrg/javascript/multi_select/dropdown_active.gif HTTP/1.1" 304 -
114.89.80.44 - - [31/Jul/2020:09:07:24 +0800] "POST /xingrg/kc/buy/cgsh_list_operate.html HTTP/1.1" 200 2895
114.88.161.57 - - [31/Jul/2020:09:07:26 +0800] "GET /xingrg/kc/buy/cgsh_order_operate.html?command=get_materiel&rest_code=00111&code=00101008223&supplier_code=00100005&order_time=2020-07-31 HTTP/1.1" 200 412
120.253.135.82 - - [31/Jul/2020:09:07:27 +0800] "GET /xingrg/all/function/internal_message.html?_=1596157398670&CODE_STATE=getMsg HTTP/1.1" 200 27
114.88.161.57 - - [31/Jul/2020:09:07:32 +0800] "GET /xingrg/kc/buy/cgsh_order_operate.html?command=get_materiel&rest_code=00111&code=00101008168&supplier_code=00100005&order_time=2020-07-31 HTTP/1.1" 200 413
114.88.161.57 - - [31/Jul/2020:09:07:33 +0800] "POST /xingrg/kc/base/wldb_list_operate.html HTTP/1.1" 200 3749
114.88.161.57 - - [31/Jul/2020:09:07:35 +0800] "POST /xingrg/kc/base/wldb_list_operate.html HTTP/1.1" 200 593
114.88.159.89 - - [31/Jul/2020:09:07:36 +0800] "GET /xingrg/all/function/internal_message.html?_=1596157666439&CODE_STATE=getMsg HTTP/1.1" 200 27
114.88.161.57 - - [31/Jul/2020:09:07:37 +0800] "GET /xingrg/kc/base/wldb_order_info.html?code=422020073103613 HTTP/1.1" 200 30382
114.88.161.57 - - [31/Jul/2020:09:07:37 +0800] "GET /xingrg/javascript/easyui/themes/default/validatebox.css HTTP/1.1" 404 1104
114.88.161.57 - - [31/Jul/2020:09:07:37 +0800] "POST /xingrg/kc/base/wldb_order_operate.html HTTP/1.1" 200 4592
222.70.173.120 - - [31/Jul/2020:09:07:38 +0800] "GET /xingrg/login.html HTTP/1.1" 200 7641
222.69.143.246 - - [31/Jul/2020:09:07:38 +0800] "GET /xingrg/all/function/internal_message.html?_=1596157648103&CODE_STATE=getMsg HTTP/1.1" 200 27
222.70.173.120 - - [31/Jul/2020:09:07:39 +0800] "GET /favicon.ico HTTP/1.1" 404 -
114.88.161.57 - - [31/Jul/2020:09:07:40 +0800] "POST /xingrg/kc/buy/cgsh_order_operate.html HTTP/1.1" 200 2065
114.86.229.156 - - [31/Jul/2020:09:07:41 +0800] "GET /xingrg/javascript/jquery_easy_ui/themes/default/images/button_plain_hover.png HTTP/1.1" 304 -
114.86.229.156 - - [31/Jul/2020:09:07:41 +0800] "POST /xingrg/dwr/call/plaincall/AjaxReportQueryService.refreshCache.dwr HTTP/1.1" 200 78
114.86.229.156 - - [31/Jul/2020:09:07:42 +0800] "POST /xingrg/all/report/load_report_page.html HTTP/1.1" 200 22530
114.86.229.156 - - [31/Jul/2020:09:07:42 +0800] "GET /xingrg/servlets/image?cache=0.4950492177467155&image=px HTTP/1.1" 200 807
114.89.80.44 - - [31/Jul/2020:09:07:52 +0800] "GET /xingrg/all/function/internal_message.html?_=1596157667887&CODE_STATE=getMsg HTTP/1.1" 200 27
222.70.173.120 - - [31/Jul/2020:09:07:53 +0800] "POST /xingrg/login.do HTTP/1.1" 302 -
222.70.173.120 - - [31/Jul/2020:09:07:53 +0800] "GET /xingrg/javascript/jquery_easy_ui/themes/icon.css HTTP/1.1" 304 -
222.70.173.120 - - [31/Jul/2020:09:07:53 +0800] "GET /xingrg/css/form.css HTTP/1.1" 304 -
222.70.173.120 - - [31/Jul/2020:09:07:53 +0800] "GET /xingrg/javascript/jquery_easy_ui/themes/default/easyui.css HTTP/1.1" 304 -
222.70.173.120 - - [31/Jul/2020:09:07:53 +0800] "GET /xingrg/javascript/jquery-1.4.2.min.js HTTP/1.1" 304 -
222.70.173.120 - - [31/Jul/2020:09:07:53 +0800] "GET /xingrg/javascript/jquery_easy_ui/jquery.easyui.min.js HTTP/1.1" 304 -
222.70.173.120 - - [31/Jul/2020:09:07:53 +0800] "GET /xingrg/javascript/jquery_easy_ui/easyui-lang-zh_CN.js HTTP/1.1" 304 -
222.70.173.120 - - [31/Jul/2020:09:07:53 +0800] "GET /xingrg/javascript/jquery.form.js HTTP/1.1" 304 -
222.70.173.120 - - [31/Jul/2020:09:07:53 +0800] "GET /xingrg/javascript/jquery.utils.js HTTP/1.1" 304 -
222.70.173.120 - - [31/Jul/2020:09:07:53 +0800] "GET /xingrg/javascript/jquery.timers.js HTTP/1.1" 304 -
222.70.173.120 - - [31/Jul/2020:09:07:53 +0800] "GET /xingrg/index.html?sysBaseUrl=http%3A%2F%2F180.169.147.146%3A18081%2Fxingrg%2F&costTime=129×tamp=1596157673069 HTTP/1.1" 200 17179
222.70.173.120 - - [31/Jul/2020:09:07:53 +0800] "GET /favicon.ico HTTP/1.1" 404 -
222.70.173.120 - - [31/Jul/2020:09:07:53 +0800] "POST /xingrg/all/common/load_tree.html?tree=area_rest_tree_json&manage=1 HTTP/1.1" 200 351
222.70.173.120 - - [31/Jul/2020:09:07:53 +0800] "GET /xingrg/all/function/internal_message.html?_=1596157666285&CODE_STATE=count HTTP/1.1" 200 11
222.70.173.120 - - [31/Jul/2020:09:07:53 +0800] "GET /xingrg/check_reg.html?_=1596157666287 HTTP/1.1" 200 22
222.70.173.120 - - [31/Jul/2020:09:07:53 +0800] "POST /xingrg/load_menu.html HTTP/1.1" 200 5138
58.221.95.50 - - [31/Jul/2020:09:07:54 +0800] "GET /xingrg/all/function/internal_message.html?_=1596157790739&CODE_STATE=getMsg HTTP/1.1" 302 -
222.70.173.120 - - [31/Jul/2020:09:07:54 +0800] "GET /xingrg/css/blue.css HTTP/1.1" 304 -
222.70.173.120 - - [31/Jul/2020:09:07:54 +0800] "GET /xingrg/css/new_ie.css HTTP/1.1" 404 1036
222.70.173.120 - - [31/Jul/2020:09:07:54 +0800] "GET /xingrg/javascript/pic_change.js HTTP/1.1" 304 -
222.70.173.120 - - [31/Jul/2020:09:07:54 +0800] "GET /xingrg/javascript/jquery_ui/themes/humanity/humanity.css HTTP/1.1" 304 -
222.70.173.120 - - [31/Jul/2020:09:07:54 +0800] "GET /xingrg/javascript/ToolTips.js HTTP/1.1" 304 -
222.70.173.120 - - [31/Jul/2020:09:07:54 +0800] "GET /xingrg/javascript/myfunction.js HTTP/1.1" 304 -
222.70.173.120 - - [31/Jul/2020:09:07:54 +0800] "GET /xingrg/kc/buy/buy_main.html HTTP/1.1" 200 12412
222.70.173.120 - - [31/Jul/2020:09:07:54 +0800] "GET /xingrg/javascript/jquery_ui/jquery-ui.min.js HTTP/1.1" 304 -
222.70.173.120 - - [31/Jul/2020:09:07:54 +0800] "GET /xingrg/images/blue/button/cgxqd.gif HTTP/1.1" 304 -
222.70.173.120 - - [31/Jul/2020:09:07:54 +0800] "GET /xingrg/images/blue/button/cgydd.gif HTTP/1.1" 304 -
222.70.173.120 - - [31/Jul/2020:09:07:54 +0800] "GET /xingrg/images/blue/button/cgshd.gif HTTP/1.1" 304 -
222.70.173.120 - - [31/Jul/2020:09:07:54 +0800] "GET /xingrg/images/blue/button/cgfkd.gif HTTP/1.1" 304 -
222.70.173.120 - - [31/Jul/2020:09:07:54 +0800] "GET /xingrg/images/blue/button/kc.gif HTTP/1.1" 304 -
222.70.173.120 - - [31/Jul/2020:09:07:54 +0800] "GET /xingrg/images/blue/button/ckthd.gif HTTP/1.1" 304 -
222.70.173.120 - - [31/Jul/2020:09:07:54 +0800] "GET /xingrg/images/blue/pic_form2.gif HTTP/1.1" 304 -
222.70.173.120 - - [31/Jul/2020:09:07:54 +0800] "GET /xingrg/javascript/jquery_ui/themes/humanity/images/ui-bg_inset-soft_100_f4f0ec_1x100.png HTTP/1.1" 304 -
222.70.173.120 - - [31/Jul/2020:09:07:54 +0800] "GET /xingrg/images/blue/bg_dotted.jpg HTTP/1.1" 304 -
222.70.173.120 - - [31/Jul/2020:09:07:54 +0800] "GET /xingrg/images/blue/button/right_ah.jpg HTTP/1.1" 304 -
222.70.173.120 - - [31/Jul/2020:09:07:54 +0800] "GET /xingrg/images/blue/button/down_ah.jpg HTTP/1.1" 304 -
222.70.173.120 - - [31/Jul/2020:09:07:54 +0800] "GET /xingrg/javascript/jquery_ui/themes/humanity/images/ui-iconsnew.jpg HTTP/1.1" 304 -
222.70.173.120 - - [31/Jul/2020:09:07:54 +0800] "GET /xingrg/javascript/jquery_ui/themes/humanity/images/ui-icons_ffffff_256x240.png HTTP/1.1" 304 -
222.70.173.120 - - [31/Jul/2020:09:07:54 +0800] "GET /xingrg/javascript/jquery_ui/themes/humanity/images/ui-icons_c47a23_256x240.png HTTP/1.1" 304 -
222.70.173.120 - - [31/Jul/2020:09:07:54 +0800] "GET /xingrg/javascript/jquery_ui/themes/humanity/images/ui-bg_glass_70_ede4d4_1x400.png HTTP/1.1" 304 -
222.70.173.120 - - [31/Jul/2020:09:07:55 +0800] "GET /xingrg/images/yd/bt.gif HTTP/1.1" 404 1040
222.70.173.120 - - [31/Jul/2020:09:07:55 +0800] "GET /xingrg/css/base.css HTTP/1.1" 304 -
222.70.173.120 - - [31/Jul/2020:09:07:55 +0800] "GET /xingrg/css/site.css HTTP/1.1" 304 -
222.70.173.120 - - [31/Jul/2020:09:07:55 +0800] "GET /xingrg/javascript/jquery_tools/datebox.css HTTP/1.1" 304 -
222.70.173.120 - - [31/Jul/2020:09:07:55 +0800] "GET /xingrg/javascript/easyui/themes/default/easyui.css HTTP/1.1" 304 -
222.70.173.120 - - [31/Jul/2020:09:07:55 +0800] "GET /xingrg/javascript/easyui/themes/icon.css HTTP/1.1" 304 -
222.70.173.120 - - [31/Jul/2020:09:07:55 +0800] "GET /xingrg/javascript/jquery_tools/fix.css HTTP/1.1" 304 -
222.70.173.120 - - [31/Jul/2020:09:07:55 +0800] "GET /xingrg/javascript/auto/jquery.autocomplete.css HTTP/1.1" 304 -
222.70.173.120 - - [31/Jul/2020:09:07:55 +0800] "GET /xingrg/kc/buy/cgsh_order_list.html HTTP/1.1" 200 43647
222.70.173.120 - - [31/Jul/2020:09:07:56 +0800] "GET /xingrg/javascript/jquery_tools/table.css HTTP/1.1" 304 -
222.70.173.120 - - [31/Jul/2020:09:07:56 +0800] "GET /xingrg/javascript/jquery_tools/jquery.tools.extend.js HTTP/1.1" 304 -
222.70.173.120 - - [31/Jul/2020:09:07:56 +0800] "GET /xingrg/javascript/jquery_tools/jquery.tools.min.js HTTP/1.1" 304 -
222.70.173.120 - - [31/Jul/2020:09:07:56 +0800] "GET /xingrg/javascript/jquery_tools/jquery.tools.hotkey.js HTTP/1.1" 304 -
222.70.173.120 - - [31/Jul/2020:09:07:56 +0800] "GET /xingrg/javascript/jquery_tools/jquery.tools.table.js HTTP/1.1" 304 -
222.70.173.120 - - [31/Jul/2020:09:07:56 +0800] "GET /xingrg/javascript/jquery_tools/list_manager.js HTTP/1.1" 304 -
222.70.173.120 - - [31/Jul/2020:09:07:56 +0800] "GET /xingrg/javascript/auto/jquery.autocomplete.js HTTP/1.1" 304 -
222.70.173.120 - - [31/Jul/2020:09:07:56 +0800] "GET /xingrg/javascript/easyui/easyloader.js HTTP/1.1" 304 -
222.70.173.120 - - [31/Jul/2020:09:07:56 +0800] "GET /xingrg/javascript/jquery.cookie.js HTTP/1.1" 304 -
222.70.173.120 - - [31/Jul/2020:09:07:56 +0800] "GET /xingrg/javascript/print/LodopFuncs.js HTTP/1.1" 304 -
222.70.173.120 - - [31/Jul/2020:09:07:56 +0800] "GET /xingrg/javascript/easyui/themes/icons/import_new.png HTTP/1.1" 304 -
222.70.173.120 - - [31/Jul/2020:09:07:56 +0800] "GET /xingrg/javascript/easyui/plugins/jquery.parser.js HTTP/1.1" 304 -
114.88.161.57 - - [31/Jul/2020:09:07:57 +0800] "POST /xingrg/kc/buy/cgsh_order_operate.html HTTP/1.1" 200 37
114.88.161.57 - - [31/Jul/2020:09:07:57 +0800] "GET /xingrg/all/function/internal_message.html?_=1596157671785&CODE_STATE=getMsg HTTP/1.1" 200 27
222.70.173.120 - - [31/Jul/2020:09:07:57 +0800] "POST /xingrg/kc/buy/cgsh_list_operate.html HTTP/1.1" 200 876
116.230.74.197 - - [31/Jul/2020:09:07:57 +0800] "GET /xingrg/all/function/internal_message.html?_=1596157666240&CODE_STATE=getMsg HTTP/1.1" 200 27
58.40.7.146 - - [31/Jul/2020:09:07:57 +0800] "GET /xingrg/all/function/internal_message.html?_=1596157674552&CODE_STATE=getMsg HTTP/1.1" 200 27
114.88.161.57 - - [31/Jul/2020:09:07:58 +0800] "POST /xingrg/kc/buy/cgsh_order_operate.html HTTP/1.1" 200 44009
172.17.0.185 - - [31/Jul/2020:09:07:58 +0800] "GET /xingrg/all/function/internal_message.html?_=1596157674047&CODE_STATE=getMsg HTTP/1.1" 200 27
180.175.214.200 - - [31/Jul/2020:09:08:00 +0800] "GET /xingrg/all/function/internal_message.html?_=1596157881700&CODE_STATE=getMsg HTTP/1.1" 200 27
222.70.173.120 - - [31/Jul/2020:09:08:03 +0800] "GET /xingrg/javascript/easyui/themes/default/images/button_plain_hover.png HTTP/1.1" 304 -
222.70.173.120 - - [31/Jul/2020:09:08:03 +0800] "GET /xingrg/javascript/easyui/themes/default/images/button_plain_hover.png HTTP/1.1" 304 -
222.70.173.120 - - [31/Jul/2020:09:08:03 +0800] "GET /xingrg/javascript/easyui/themes/default/images/button_plain_hover.png HTTP/1.1" 304 -
114.88.161.57 - - [31/Jul/2020:09:08:03 +0800] "GET /xingrg/all/function/internal_message.html?_=1596157711001&CODE_STATE=getMsg HTTP/1.1" 200 27
114.88.159.89 - - [31/Jul/2020:09:08:04 +0800] "GET /xingrg/all/function/internal_message.html?_=1596157340863&CODE_STATE=getMsg HTTP/1.1" 200 27
222.70.173.120 - - [31/Jul/2020:09:08:04 +0800] "GET /xingrg/javascript/jquery_tools/order_manager.js HTTP/1.1" 304 -
222.70.173.120 - - [31/Jul/2020:09:08:04 +0800] "GET /xingrg/javascript/json2.js HTTP/1.1" 304 -
222.70.173.120 - - [31/Jul/2020:09:08:04 +0800] "GET /xingrg/javascript/convert.js HTTP/1.1" 304 -
222.70.173.120 - - [31/Jul/2020:09:08:04 +0800] "GET /xingrg/javascript/print/kc_print.js HTTP/1.1" 304 -
222.70.173.120 - - [31/Jul/2020:09:08:04 +0800] "GET /xingrg/kc/buy/cgsh_order_add.html HTTP/1.1" 200 59385
222.70.173.120 - - [31/Jul/2020:09:08:04 +0800] "GET /xingrg/words/20200730102719_words.js HTTP/1.1" 304 -
222.70.173.120 - - [31/Jul/2020:09:08:04 +0800] "GET /xingrg/javascript/easyui/themes/icons/copy_new.png HTTP/1.1" 304 -
222.70.173.120 - - [31/Jul/2020:09:08:04 +0800] "GET /xingrg/javascript/easyui/themes/icons/template_new.png HTTP/1.1" 304 -
222.70.173.120 - - [31/Jul/2020:09:08:04 +0800] "GET /xingrg/javascript/easyui/themes/icons/ok.png HTTP/1.1" 304 -
222.70.173.120 - - [31/Jul/2020:09:08:04 +0800] "GET /xingrg/javascript/easyui/themes/icons/print.png HTTP/1.1" 304 -
222.70.173.120 - - [31/Jul/2020:09:08:04 +0800] "GET /xingrg/javascript/easyui/themes/icons/cancel.png HTTP/1.1" 304 -
222.70.173.120 - - [31/Jul/2020:09:08:04 +0800] "GET /xingrg/javascript/easyui/themes/default/images/menu_downarrow.png HTTP/1.1" 304 -
222.70.173.120 - - [31/Jul/2020:09:08:04 +0800] "POST /xingrg/kc/buy/cgsh_order_operate.html HTTP/1.1" 200 8245
222.70.173.120 - - [31/Jul/2020:09:08:04 +0800] "GET /xingrg/all/common/auto_word.html?type=employee&rest_code=00146 HTTP/1.1" 200 197
222.70.173.120 - - [31/Jul/2020:09:08:04 +0800] "GET /xingrg/all/common/auto_word.html?type=employee&rest_code=00146 HTTP/1.1" 200 197
222.70.173.120 - - [31/Jul/2020:09:08:04 +0800] "GET /xingrg/javascript/easyui/themes/icons/edit_remove.png HTTP/1.1" 304 -
222.70.173.120 - - [31/Jul/2020:09:08:04 +0800] "GET /xingrg/javascript/easyui/themes/default/validatebox.css HTTP/1.1" 404 1104
222.70.173.120 - - [31/Jul/2020:09:08:04 +0800] "GET /xingrg/javascript/easyui/plugins/jquery.validatebox.js HTTP/1.1" 304 -
222.70.173.120 - - [31/Jul/2020:09:08:04 +0800] "GET /xingrg/javascript/easyui/plugins/jquery.numberbox.js HTTP/1.1" 304 -
222.70.173.120 - - [31/Jul/2020:09:08:07 +0800] "GET /xingrg/javascript/auto/indicator.gif HTTP/1.1" 404 1066
114.86.229.156 - - [31/Jul/2020:09:08:07 +0800] "GET /xingrg/all/function/internal_message.html?_=1596157708578&CODE_STATE=getMsg HTTP/1.1" 200 27
222.70.173.120 - - [31/Jul/2020:09:08:08 +0800] "GET /xingrg/javascript/jquery_tools/images/prev.gif HTTP/1.1" 404 1086
222.70.173.120 - - [31/Jul/2020:09:08:08 +0800] "GET /xingrg/javascript/jquery_tools/images/next.gif HTTP/1.1" 404 1086
180.157.251.101 - - [31/Jul/2020:09:08:10 +0800] "GET /xingrg/all/function/internal_message.html?_=1596157689900&CODE_STATE=getMsg HTTP/1.1" 200 27
114.88.161.57 - - [31/Jul/2020:09:08:11 +0800] "GET /xingrg/kc/buy/cgsh_order_add.html HTTP/1.1" 200 59379
114.88.161.57 - - [31/Jul/2020:09:08:12 +0800] "POST /xingrg/kc/buy/cgsh_order_operate.html HTTP/1.1" 200 8245
114.88.161.57 - - [31/Jul/2020:09:08:12 +0800] "GET /xingrg/javascript/easyui/themes/default/validatebox.css HTTP/1.1" 404 1104
222.70.173.120 - - [31/Jul/2020:09:08:15 +0800] "GET /xingrg/kc/buy/cgsh_order_operate.html?command=get_materiel&rest_code=00146&code=00101008087&supplier_code=00100005&order_time=2020-07-31 HTTP/1.1" 200 412
172.17.0.100 - - [31/Jul/2020:09:08:15 +0800] "GET /xingrg/check_reg.html?_=1596157691744 HTTP/1.1" 200 22
172.17.0.100 - - [31/Jul/2020:09:08:15 +0800] "GET /xingrg/all/function/internal_message.html?_=1596157691742&CODE_STATE=getMsg HTTP/1.1" 200 27
114.89.80.44 - - [31/Jul/2020:09:08:17 +0800] "GET /xingrg/check_reg.html?_=1596157812613 HTTP/1.1" 200 22
114.89.80.44 - - [31/Jul/2020:09:08:18 +0800] "GET /xingrg/all/function/internal_message.html?_=1596157812979&CODE_STATE=getMsg HTTP/1.1" 200 27
61.172.5.115 - - [31/Jul/2020:09:08:18 +0800] "GET /xingrg/all/function/internal_message.html?_=1596157698936&CODE_STATE=getMsg HTTP/1.1" 200 27
61.172.5.115 - - [31/Jul/2020:09:08:19 +0800] "GET /xingrg/check_reg.html?_=1596157699145 HTTP/1.1" 200 22
114.88.161.57 - - [31/Jul/2020:09:08:20 +0800] "GET /xingrg/kc/buy/cgsh_order_operate.html?command=get_materiel&rest_code=00111&code=00101007049&supplier_code=00100004&order_time=2020-07-31 HTTP/1.1" 200 409
117.184.7.26 - - [31/Jul/2020:09:08:22 +0800] "GET /xingrg/all/function/internal_message.html?_=1596157690990&CODE_STATE=getMsg HTTP/1.1" 200 27
222.70.173.120 - - [31/Jul/2020:09:08:25 +0800] "GET /xingrg/kc/buy/cgsh_order_operate.html?command=get_materiel&rest_code=00146&code=00101008361&supplier_code=00100005&order_time=2020-07-31 HTTP/1.1" 200 408
120.253.135.82 - - [31/Jul/2020:09:08:27 +0800] "GET /xingrg/all/function/internal_message.html?_=1596157458676&CODE_STATE=getMsg HTTP/1.1" 200 27
114.88.161.57 - - [31/Jul/2020:09:08:29 +0800] "GET /xingrg/kc/buy/cgsh_order_operate.html?command=get_materiel&rest_code=00111&code=00101007061&supplier_code=00100004&order_time=2020-07-31 HTTP/1.1" 200 409
114.88.161.57 - - [31/Jul/2020:09:08:30 +0800] "GET /xingrg/kc/base/wldb_order_operate.html?command=get_materiel&rest_code=00111&base_code=0010306&code=00102002376 HTTP/1.1" 200 431
222.70.173.120 - - [31/Jul/2020:09:08:32 +0800] "GET /xingrg/kc/buy/cgsh_order_operate.html?command=get_materiel&rest_code=00146&code=00101008212&supplier_code=00100005&order_time=2020-07-31 HTTP/1.1" 200 412
114.88.161.57 - - [31/Jul/2020:09:08:34 +0800] "GET /xingrg/kc/buy/cgsh_order_operate.html?command=get_materiel&rest_code=00111&code=00101007076&supplier_code=00100004&order_time=2020-07-31 HTTP/1.1" 200 410
114.88.159.89 - - [31/Jul/2020:09:08:36 +0800] "GET /xingrg/all/function/internal_message.html?_=1596157726409&CODE_STATE=getMsg HTTP/1.1" 200 27
222.69.143.246 - - [31/Jul/2020:09:08:38 +0800] "GET /xingrg/all/function/internal_message.html?_=1596157708096&CODE_STATE=getMsg HTTP/1.1" 200 27
114.88.161.57 - - [31/Jul/2020:09:08:43 +0800] "GET /xingrg/kc/base/wldb_order_operate.html?command=get_materiel&rest_code=00111&base_code=0010306&code=00102002347 HTTP/1.1" 200 441
222.70.173.120 - - [31/Jul/2020:09:08:43 +0800] "GET /xingrg/kc/buy/cgsh_order_operate.html?command=get_materiel&rest_code=00146&code=00101008137&supplier_code=00100005&order_time=2020-07-31 HTTP/1.1" 200 408
114.89.80.44 - - [31/Jul/2020:09:08:52 +0800] "GET /xingrg/all/function/internal_message.html?_=1596157727888&CODE_STATE=getMsg HTTP/1.1" 200 27
222.70.173.120 - - [31/Jul/2020:09:08:53 +0800] "GET /xingrg/all/function/internal_message.html?_=1596157726292&CODE_STATE=getMsg HTTP/1.1" 200 27
114.88.161.57 - - [31/Jul/2020:09:08:53 +0800] "POST /xingrg/kc/buy/cgsh_order_operate.html HTTP/1.1" 200 37
58.221.95.50 - - [31/Jul/2020:09:08:54 +0800] "GET /xingrg/all/function/internal_message.html?_=1596157850721&CODE_STATE=getMsg HTTP/1.1" 302 -
114.88.161.57 - - [31/Jul/2020:09:08:55 +0800] "POST /xingrg/kc/buy/cgsh_order_operate.html HTTP/1.1" 200 4423
58.221.95.50 - - [31/Jul/2020:09:08:55 +0800] "GET /xingrg/check_reg.html?_=1596157852341 HTTP/1.1" 302 -
114.88.161.57 - - [31/Jul/2020:09:08:56 +0800] "GET /xingrg/kc/print/load_data.html?order_code=212020073112958&kc_code=cgsh&condition= HTTP/1.1" 200 1387
116.230.74.197 - - [31/Jul/2020:09:08:57 +0800] "GET /xingrg/all/function/internal_message.html?_=1596157726215&CODE_STATE=getMsg HTTP/1.1" 200 27
58.40.7.146 - - [31/Jul/2020:09:08:57 +0800] "GET /xingrg/check_reg.html?_=1596157734555 HTTP/1.1" 200 22
58.40.7.146 - - [31/Jul/2020:09:08:57 +0800] "GET /xingrg/all/function/internal_message.html?_=1596157734557&CODE_STATE=getMsg HTTP/1.1" 200 27
114.88.161.57 - - [31/Jul/2020:09:08:58 +0800] "POST /xingrg/kc/base/wldb_order_operate.html HTTP/1.1" 200 37
172.17.0.185 - - [31/Jul/2020:09:08:58 +0800] "GET /xingrg/all/function/internal_message.html?_=1596157734052&CODE_STATE=getMsg HTTP/1.1" 200 27
114.88.161.57 - - [31/Jul/2020:09:08:58 +0800] "POST /xingrg/kc/base/wldb_order_operate.html HTTP/1.1" 200 5567
114.88.161.57 - - [31/Jul/2020:09:08:59 +0800] "GET /xingrg/kc/base/wldb_order_info.html?code=422020073103613 HTTP/1.1" 200 30382
114.88.161.57 - - [31/Jul/2020:09:08:59 +0800] "GET /xingrg/javascript/easyui/themes/default/validatebox.css HTTP/1.1" 404 1104
114.88.161.57 - - [31/Jul/2020:09:09:00 +0800] "POST /xingrg/kc/base/wldb_order_operate.html HTTP/1.1" 200 5567
180.175.214.200 - - [31/Jul/2020:09:09:00 +0800] "GET /xingrg/all/function/internal_message.html?_=1596157941760&CODE_STATE=getMsg HTTP/1.1" 200 27
114.88.161.57 - - [31/Jul/2020:09:09:00 +0800] "GET /xingrg/all/function/internal_message.html?_=1596157734669&CODE_STATE=getMsg HTTP/1.1" 200 27
114.88.161.57 - - [31/Jul/2020:09:09:02 +0800] "GET /xingrg/kc/base/wldb_order_add.html HTTP/1.1" 200 30367
114.88.161.57 - - [31/Jul/2020:09:09:02 +0800] "POST /xingrg/kc/base/wldb_order_operate.html HTTP/1.1" 200 6806
114.88.161.57 - - [31/Jul/2020:09:09:03 +0800] "GET /xingrg/javascript/easyui/themes/default/validatebox.css HTTP/1.1" 404 1104
114.88.159.89 - - [31/Jul/2020:09:09:04 +0800] "GET /xingrg/all/function/internal_message.html?_=1596157400863&CODE_STATE=getMsg HTTP/1.1" 200 27
114.88.159.89 - - [31/Jul/2020:09:09:04 +0800] "GET /xingrg/check_reg.html?_=1596157400865 HTTP/1.1" 200 22
101.89.239.216 - - [31/Jul/2020:09:09:04 +0800] "GET /xingrg/check_reg.html?_=1596157020268 HTTP/1.1" 302 -
114.88.161.57 - - [31/Jul/2020:09:09:04 +0800] "GET /xingrg/index.html?sysBaseUrl=http%3A%2F%2F180.169.147.146%3A18081%2Fxingrg%2F&costTime=38×tamp=1588335986102 HTTP/1.1" 302 -
114.88.161.57 - - [31/Jul/2020:09:09:04 +0800] "GET /xingrg/login.html HTTP/1.1" 200 7641
114.88.161.57 - - [31/Jul/2020:09:09:04 +0800] "GET /favicon.ico HTTP/1.1" 404 -
114.86.229.156 - - [31/Jul/2020:09:09:07 +0800] "GET /xingrg/all/function/internal_message.html?_=1596157768578&CODE_STATE=getMsg HTTP/1.1" 200 27
114.88.161.57 - - [31/Jul/2020:09:09:07 +0800] "POST /xingrg/login.do HTTP/1.1" 302 -
114.88.161.57 - - [31/Jul/2020:09:09:08 +0800] "GET /xingrg/index.html?sysBaseUrl=http%3A%2F%2F180.169.147.146%3A18081%2Fxingrg%2F&costTime=129×tamp=1596157747954 HTTP/1.1" 200 17173
114.88.161.57 - - [31/Jul/2020:09:09:08 +0800] "POST /xingrg/all/common/load_tree.html?tree=area_rest_tree_json&manage=1 HTTP/1.1" 200 342
114.88.161.57 - - [31/Jul/2020:09:09:08 +0800] "GET /favicon.ico HTTP/1.1" 404 -
114.88.161.57 - - [31/Jul/2020:09:09:08 +0800] "GET /xingrg/all/function/internal_message.html?_=1596157775512&CODE_STATE=count HTTP/1.1" 200 11
114.88.161.57 - - [31/Jul/2020:09:09:08 +0800] "GET /xingrg/check_reg.html?_=1596157775516 HTTP/1.1" 200 22
114.88.161.57 - - [31/Jul/2020:09:09:08 +0800] "POST /xingrg/load_menu.html HTTP/1.1" 200 5138
180.157.251.101 - - [31/Jul/2020:09:09:10 +0800] "GET /xingrg/all/function/internal_message.html?_=1596157749911&CODE_STATE=getMsg HTTP/1.1" 200 27
114.88.161.57 - - [31/Jul/2020:09:09:14 +0800] "GET /xingrg/kc/base/wldb_order_operate.html?command=get_materiel&rest_code=00111&base_code=0010283&code=00101008417 HTTP/1.1" 200 414
101.89.239.216 - - [31/Jul/2020:09:09:14 +0800] "GET /xingrg/login.html HTTP/1.1" 200 7641
172.17.0.100 - - [31/Jul/2020:09:09:15 +0800] "GET /xingrg/all/function/internal_message.html?_=1596157751737&CODE_STATE=getMsg HTTP/1.1" 200 27
114.89.80.44 - - [31/Jul/2020:09:09:18 +0800] "GET /xingrg/all/function/internal_message.html?_=1596157872992&CODE_STATE=getMsg HTTP/1.1" 200 27
61.172.5.115 - - [31/Jul/2020:09:09:18 +0800] "GET /xingrg/all/function/internal_message.html?_=1596157758904&CODE_STATE=getMsg HTTP/1.1" 200 27
117.184.7.26 - - [31/Jul/2020:09:09:22 +0800] "GET /xingrg/all/function/internal_message.html?_=1596157750974&CODE_STATE=getMsg HTTP/1.1" 200 27
114.88.161.57 - - [31/Jul/2020:09:09:24 +0800] "GET /xingrg/kc/base/wldb_order_operate.html?command=get_materiel&rest_code=00111&base_code=0010283&code=00101020116 HTTP/1.1" 200 438
120.253.135.82 - - [31/Jul/2020:09:09:25 +0800] "GET /xingrg/check_reg.html?_=1596157515950 HTTP/1.1" 200 22
101.85.53.146 - - [31/Jul/2020:09:09:26 +0800] "GET /xingrg/check_reg.html?_=1596157093933 HTTP/1.1" 200 22
120.253.135.82 - - [31/Jul/2020:09:09:27 +0800] "GET /xingrg/all/function/internal_message.html?_=1596157518689&CODE_STATE=getMsg HTTP/1.1" 200 27
114.88.161.57 - - [31/Jul/2020:09:09:31 +0800] "POST /xingrg/kc/base/wldb_order_operate.html HTTP/1.1" 200 37
114.88.161.57 - - [31/Jul/2020:09:09:32 +0800] "POST /xingrg/kc/base/wldb_order_operate.html HTTP/1.1" 200 2656
114.88.161.57 - - [31/Jul/2020:09:09:32 +0800] "GET /xingrg/kc/base/wldb_order_info.html?code=422020073103615 HTTP/1.1" 200 30384
114.88.161.57 - - [31/Jul/2020:09:09:33 +0800] "GET /xingrg/javascript/easyui/themes/default/validatebox.css HTTP/1.1" 404 1104
114.88.161.57 - - [31/Jul/2020:09:09:33 +0800] "POST /xingrg/kc/base/wldb_order_operate.html HTTP/1.1" 200 2656
114.88.161.57 - - [31/Jul/2020:09:09:35 +0800] "GET /xingrg/kc/base/wldb_order_add.html HTTP/1.1" 200 30367
114.88.161.57 - - [31/Jul/2020:09:09:35 +0800] "POST /xingrg/kc/base/wldb_order_operate.html HTTP/1.1" 200 6806
114.88.161.57 - - [31/Jul/2020:09:09:36 +0800] "GET /xingrg/javascript/easyui/themes/default/validatebox.css HTTP/1.1" 404 1104
114.88.159.89 - - [31/Jul/2020:09:09:36 +0800] "GET /xingrg/all/function/internal_message.html?_=1596157786383&CODE_STATE=getMsg HTTP/1.1" 200 27
222.69.143.246 - - [31/Jul/2020:09:09:38 +0800] "GET /xingrg/all/function/internal_message.html?_=1596157768094&CODE_STATE=getMsg HTTP/1.1" 200 27
58.247.206.147 - - [31/Jul/2020:09:09:47 +0800] "GET /xingrg/all/function/internal_message.html?_=1596157066664&CODE_STATE=getMsg HTTP/1.1" 302 -
114.86.229.156 - - [31/Jul/2020:09:09:48 +0800] "GET /xingrg/javascript/jquery_easy_ui/themes/icons/rest.png HTTP/1.1" 304 -
114.86.229.156 - - [31/Jul/2020:09:09:48 +0800] "GET /xingrg/javascript/jquery_easy_ui/themes/icons/area.png HTTP/1.1" 304 -
114.89.80.44 - - [31/Jul/2020:09:09:52 +0800] "GET /xingrg/all/function/internal_message.html?_=1596157787881&CODE_STATE=getMsg HTTP/1.1" 200 27
222.70.173.120 - - [31/Jul/2020:09:09:53 +0800] "GET /xingrg/all/function/internal_message.html?_=1596157786305&CODE_STATE=getMsg HTTP/1.1" 200 27
58.247.206.147 - - [31/Jul/2020:09:09:53 +0800] "GET /xingrg/login.html HTTP/1.1" 200 7641
58.221.95.50 - - [31/Jul/2020:09:09:54 +0800] "GET /xingrg/all/function/internal_message.html?_=1596157910689&CODE_STATE=getMsg HTTP/1.1" 302 -
114.88.161.57 - - [31/Jul/2020:09:09:56 +0800] "GET /xingrg/check_reg.html?_=1596157791315 HTTP/1.1" 200 22
116.230.74.197 - - [31/Jul/2020:09:09:57 +0800] "GET /xingrg/all/function/internal_message.html?_=1596157786201&CODE_STATE=getMsg HTTP/1.1" 200 27
58.40.7.146 - - [31/Jul/2020:09:09:57 +0800] "GET /xingrg/all/function/internal_message.html?_=1596157794558&CODE_STATE=getMsg HTTP/1.1" 200 27
172.17.0.185 - - [31/Jul/2020:09:09:58 +0800] "GET /xingrg/all/function/internal_message.html?_=1596157794057&CODE_STATE=getMsg HTTP/1.1" 200 27
114.88.161.57 - - [31/Jul/2020:09:09:59 +0800] "GET /xingrg/kc/base/wldb_order_operate.html?command=get_materiel&rest_code=00111&base_code=0010283&code=00101019063 HTTP/1.1" 200 445
180.175.214.200 - - [31/Jul/2020:09:10:00 +0800] "GET /xingrg/all/function/internal_message.html?_=1596158001775&CODE_STATE=getMsg HTTP/1.1" 200 27
114.88.161.57 - - [31/Jul/2020:09:10:00 +0800] "GET /xingrg/all/function/internal_message.html?_=1596157794682&CODE_STATE=getMsg HTTP/1.1" 200 27
114.88.159.89 - - [31/Jul/2020:09:10:04 +0800] "GET /xingrg/all/function/internal_message.html?_=1596157460865&CODE_STATE=getMsg HTTP/1.1" 200 27
222.69.143.246 - - [31/Jul/2020:09:10:04 +0800] "GET /xingrg/kc/buy/cgsh_order_operate.html?command=get_materiel&rest_code=00149&code=00101008010&supplier_code=00100005&order_time=2020-07-31 HTTP/1.1" 200 412
114.88.161.57 - - [31/Jul/2020:09:10:04 +0800] "GET /xingrg/kc/buy/cgsh_order_list.html HTTP/1.1" 200 43641
114.88.161.57 - - [31/Jul/2020:09:10:04 +0800] "GET /xingrg/kc/base/wldb_order_operate.html?command=get_materiel&rest_code=00111&base_code=0010283&code=00101019430 HTTP/1.1" 200 463
114.86.229.156 - - [31/Jul/2020:09:10:07 +0800] "GET /xingrg/all/function/internal_message.html?_=1596157828578&CODE_STATE=getMsg HTTP/1.1" 200 27
114.88.161.57 - - [31/Jul/2020:09:10:07 +0800] "POST /xingrg/kc/buy/cgsh_list_operate.html HTTP/1.1" 200 2413
114.88.161.57 - - [31/Jul/2020:09:10:08 +0800] "GET /xingrg/all/function/internal_message.html?_=1596157835522&CODE_STATE=getMsg HTTP/1.1" 200 27
222.69.143.246 - - [31/Jul/2020:09:10:08 +0800] "POST /xingrg/kc/buy/cgsh_order_operate.html HTTP/1.1" 200 2065
180.157.251.101 - - [31/Jul/2020:09:10:10 +0800] "GET /xingrg/all/function/internal_message.html?_=1596157809908&CODE_STATE=getMsg HTTP/1.1" 200 27
114.88.161.57 - - [31/Jul/2020:09:10:11 +0800] "GET /xingrg/kc/base/wldb_order_operate.html?command=get_materiel&rest_code=00111&base_code=0010283&code=00101019400 HTTP/1.1" 200 449
172.17.0.100 - - [31/Jul/2020:09:10:15 +0800] "GET /xingrg/all/function/internal_message.html?_=1596157811757&CODE_STATE=getMsg HTTP/1.1" 200 27
222.69.143.246 - - [31/Jul/2020:09:10:15 +0800] "GET /xingrg/kc/buy/cgsh_order_operate.html?command=get_materiel&rest_code=00149&code=00101008312&supplier_code=00100005&order_time=2020-07-31 HTTP/1.1" 200 412
114.88.161.57 - - [31/Jul/2020:09:10:17 +0800] "GET /xingrg/kc/base/wldb_order_operate.html?command=get_materiel&rest_code=00111&base_code=0010283&code=00101019358 HTTP/1.1" 200 462
114.89.80.44 - - [31/Jul/2020:09:10:18 +0800] "GET /xingrg/all/function/internal_message.html?_=1596157933005&CODE_STATE=getMsg HTTP/1.1" 200 27
61.172.5.115 - - [31/Jul/2020:09:10:18 +0800] "GET /xingrg/all/function/internal_message.html?_=1596157818883&CODE_STATE=getMsg HTTP/1.1" 200 27
114.89.80.44 - - [31/Jul/2020:09:10:21 +0800] "POST /xingrg/kc/buy/cgsh_list_operate.html HTTP/1.1" 200 1717
117.184.7.26 - - [31/Jul/2020:09:10:22 +0800] "GET /xingrg/all/function/internal_message.html?_=1596157810964&CODE_STATE=getMsg HTTP/1.1" 200 27
114.88.161.57 - - [31/Jul/2020:09:10:23 +0800] "GET /xingrg/kc/base/wldb_order_operate.html?command=get_materiel&rest_code=00111&base_code=0010283&code=00101016040 HTTP/1.1" 200 458
120.253.135.82 - - [31/Jul/2020:09:10:27 +0800] "GET /xingrg/all/function/internal_message.html?_=1596157578703&CODE_STATE=getMsg HTTP/1.1" 200 27
222.69.143.246 - - [31/Jul/2020:09:10:30 +0800] "GET /xingrg/kc/buy/cgsh_order_operate.html?command=get_materiel&rest_code=00149&code=00101008304&supplier_code=00100005&order_time=2020-07-31 HTTP/1.1" 200 412
114.88.161.57 - - [31/Jul/2020:09:10:30 +0800] "GET /xingrg/kc/base/wldb_order_operate.html?command=get_materiel&rest_code=00111&base_code=0010283&code=00101019133 HTTP/1.1" 200 464
114.88.161.57 - - [31/Jul/2020:09:10:36 +0800] "GET /xingrg/kc/base/wldb_order_operate.html?command=get_materiel&rest_code=00111&base_code=0010283&code=00101019079 HTTP/1.1" 200 464
114.88.159.89 - - [31/Jul/2020:09:10:36 +0800] "GET /xingrg/all/function/internal_message.html?_=1596157846365&CODE_STATE=getMsg HTTP/1.1" 200 27
222.69.143.246 - - [31/Jul/2020:09:10:38 +0800] "GET /xingrg/all/function/internal_message.html?_=1596157828110&CODE_STATE=getMsg HTTP/1.1" 200 27
222.69.143.246 - - [31/Jul/2020:09:10:39 +0800] "GET /xingrg/check_reg.html?_=1596157828114 HTTP/1.1" 200 22
222.69.143.246 - - [31/Jul/2020:09:10:40 +0800] "GET /xingrg/kc/buy/cgsh_order_operate.html?command=get_materiel&rest_code=00149&code=00101008041&supplier_code=00100005&order_time=2020-07-31 HTTP/1.1" 200 408
114.88.161.57 - - [31/Jul/2020:09:10:42 +0800] "GET /xingrg/kc/base/wldb_order_operate.html?command=get_materiel&rest_code=00111&base_code=0010283&code=00101019306 HTTP/1.1" 200 464
114.88.161.57 - - [31/Jul/2020:09:10:48 +0800] "GET /xingrg/kc/base/wldb_order_operate.html?command=get_materiel&rest_code=00111&base_code=0010283&code=00101019391 HTTP/1.1" 200 471
114.89.80.44 - - [31/Jul/2020:09:10:52 +0800] "GET /xingrg/all/function/internal_message.html?_=1596157847896&CODE_STATE=getMsg HTTP/1.1" 200 27
222.70.173.120 - - [31/Jul/2020:09:10:53 +0800] "GET /xingrg/all/function/internal_message.html?_=1596157846329&CODE_STATE=getMsg HTTP/1.1" 200 27
222.69.143.246 - - [31/Jul/2020:09:10:53 +0800] "GET /xingrg/kc/buy/cgsh_order_operate.html?command=get_materiel&rest_code=00149&code=00101008275&supplier_code=00100005&order_time=2020-07-31 HTTP/1.1" 200 417
114.88.161.57 - - [31/Jul/2020:09:10:53 +0800] "GET /xingrg/kc/base/wldb_order_operate.html?command=get_materiel&rest_code=00111&base_code=0010283&code=00101019384 HTTP/1.1" 200 456
116.230.74.197 - - [31/Jul/2020:09:10:54 +0800] "GET /xingrg/check_reg.html?_=1596157842802 HTTP/1.1" 200 22
58.221.95.50 - - [31/Jul/2020:09:10:54 +0800] "GET /xingrg/all/function/internal_message.html?_=1596157970658&CODE_STATE=getMsg HTTP/1.1" 302 -
116.230.74.197 - - [31/Jul/2020:09:10:57 +0800] "GET /xingrg/all/function/internal_message.html?_=1596157846174&CODE_STATE=getMsg HTTP/1.1" 200 27
58.40.7.146 - - [31/Jul/2020:09:10:57 +0800] "GET /xingrg/all/function/internal_message.html?_=1596157854574&CODE_STATE=getMsg HTTP/1.1" 200 27
180.175.214.200 - - [31/Jul/2020:09:10:58 +0800] "GET /xingrg/check_reg.html?_=1596158060157 HTTP/1.1" 200 22
172.17.0.185 - - [31/Jul/2020:09:10:58 +0800] "GET /xingrg/all/function/internal_message.html?_=1596157854061&CODE_STATE=getMsg HTTP/1.1" 200 27
180.175.214.200 - - [31/Jul/2020:09:11:00 +0800] "GET /xingrg/all/function/internal_message.html?_=1596158061788&CODE_STATE=getMsg HTTP/1.1" 200 27
114.88.161.57 - - [31/Jul/2020:09:11:00 +0800] "GET /xingrg/all/function/internal_message.html?_=1596157854697&CODE_STATE=getMsg HTTP/1.1" 200 27
222.69.143.246 - - [31/Jul/2020:09:11:00 +0800] "POST /xingrg/services/DataTransmitService HTTP/1.1" 200 524
114.88.161.57 - - [31/Jul/2020:09:11:00 +0800] "GET /xingrg/kc/base/wldb_order_operate.html?command=get_materiel&rest_code=00111&base_code=0010283&code=00101019295 HTTP/1.1" 200 463
222.69.143.246 - - [31/Jul/2020:09:11:00 +0800] "POST /xingrg/services/DataTransmitService HTTP/1.1" 200 1759
222.69.143.246 - - [31/Jul/2020:09:11:01 +0800] "POST /xingrg/services/DataTransmitService HTTP/1.1" 200 147024
114.88.159.89 - - [31/Jul/2020:09:11:04 +0800] "GET /xingrg/all/function/internal_message.html?_=1596157520867&CODE_STATE=getMsg HTTP/1.1" 200 27
114.86.229.156 - - [31/Jul/2020:09:11:07 +0800] "GET /xingrg/all/function/internal_message.html?_=1596157888578&CODE_STATE=getMsg HTTP/1.1" 200 27
114.88.161.57 - - [31/Jul/2020:09:11:08 +0800] "GET /xingrg/all/function/internal_message.html?_=1596157895527&CODE_STATE=getMsg HTTP/1.1" 200 27
180.157.251.101 - - [31/Jul/2020:09:11:10 +0800] "GET /xingrg/all/function/internal_message.html?_=1596157869904&CODE_STATE=getMsg HTTP/1.1" 200 27
114.88.161.57 - - [31/Jul/2020:09:11:11 +0800] "GET /xingrg/kc/base/wldb_order_operate.html?command=get_materiel&rest_code=00111&base_code=0010283&code=00101016092 HTTP/1.1" 200 452
114.89.80.44 - - [31/Jul/2020:09:11:14 +0800] "POST /xingrg/kc/buy/cgsh_list_operate.html HTTP/1.1" 200 2105
114.88.161.57 - - [31/Jul/2020:09:11:15 +0800] "GET /xingrg/kc/buy/cgsh_order_add.html HTTP/1.1" 200 59379
114.88.161.57 - - [31/Jul/2020:09:11:15 +0800] "POST /xingrg/kc/buy/cgsh_order_operate.html HTTP/1.1" 200 8245
114.88.161.57 - - [31/Jul/2020:09:11:15 +0800] "GET /xingrg/javascript/easyui/themes/default/validatebox.css HTTP/1.1" 404 1104
114.88.161.57 - - [31/Jul/2020:09:11:15 +0800] "GET /xingrg/all/common/auto_word.html?type=employee&rest_code=00111 HTTP/1.1" 200 205
114.88.161.57 - - [31/Jul/2020:09:11:15 +0800] "GET /xingrg/all/common/auto_word.html?type=employee&rest_code=00111 HTTP/1.1" 200 205
172.17.0.100 - - [31/Jul/2020:09:11:15 +0800] "GET /xingrg/all/function/internal_message.html?_=1596157871745&CODE_STATE=getMsg HTTP/1.1" 200 27
114.88.161.57 - - [31/Jul/2020:09:11:16 +0800] "GET /xingrg/javascript/auto/indicator.gif HTTP/1.1" 404 1066
114.88.161.57 - - [31/Jul/2020:09:11:17 +0800] "GET /xingrg/javascript/jquery_tools/images/next.gif HTTP/1.1" 404 1086
114.88.161.57 - - [31/Jul/2020:09:11:17 +0800] "GET /xingrg/javascript/jquery_tools/images/prev.gif HTTP/1.1" 404 1086
114.89.80.44 - - [31/Jul/2020:09:11:18 +0800] "GET /xingrg/all/function/internal_message.html?_=1596157993023&CODE_STATE=getMsg HTTP/1.1" 200 27
61.172.5.115 - - [31/Jul/2020:09:11:18 +0800] "GET /xingrg/all/function/internal_message.html?_=1596157878864&CODE_STATE=getMsg HTTP/1.1" 200 27
114.88.161.57 - - [31/Jul/2020:09:11:18 +0800] "GET /xingrg/kc/base/wldb_order_operate.html?command=get_materiel&rest_code=00111&base_code=0010283&code=00101019366 HTTP/1.1" 200 457
114.88.161.57 - - [31/Jul/2020:09:11:20 +0800] "GET /xingrg/kc/buy/cgsh_order_operate.html?command=get_materiel&rest_code=00111&code=00101002027&supplier_code=00100199&order_time=2020-07-31 HTTP/1.1" 200 413
61.172.5.115 - - [31/Jul/2020:09:11:21 +0800] "POST /xingrg/kc/buy/cgsh_order_operate.html HTTP/1.1" 200 37
117.184.7.26 - - [31/Jul/2020:09:11:22 +0800] "GET /xingrg/all/function/internal_message.html?_=1596157870943&CODE_STATE=getMsg HTTP/1.1" 200 27
61.172.5.115 - - [31/Jul/2020:09:11:23 +0800] "POST /xingrg/kc/buy/cgsh_order_operate.html HTTP/1.1" 200 5629
222.69.143.246 - - [31/Jul/2020:09:11:23 +0800] "GET /xingrg/kc/buy/cgsh_order_operate.html?command=get_materiel&rest_code=00149&code=00101008114&supplier_code=00100005&order_time=2020-07-31 HTTP/1.1" 200 412
61.172.5.115 - - [31/Jul/2020:09:11:24 +0800] "GET /xingrg/kc/print/load_data.html?order_code=212020073112956&kc_code=cgsh&condition= HTTP/1.1" 200 1888
114.88.161.57 - - [31/Jul/2020:09:11:25 +0800] "GET /xingrg/kc/buy/cgsh_order_operate.html?command=get_materiel&rest_code=00111&code=00101002006&supplier_code=00100199&order_time=2020-07-31 HTTP/1.1" 200 413
114.88.161.57 - - [31/Jul/2020:09:11:26 +0800] "GET /xingrg/kc/base/wldb_order_operate.html?command=get_materiel&rest_code=00111&base_code=0010283&code=00101019204 HTTP/1.1" 200 438
222.70.173.120 - - [31/Jul/2020:09:11:27 +0800] "GET /xingrg/kc/buy/cgsh_order_operate.html?command=get_materiel&rest_code=00146&code=00101008359&supplier_code=00100005&order_time=2020-07-31 HTTP/1.1" 200 408
120.253.135.82 - - [31/Jul/2020:09:11:27 +0800] "GET /xingrg/all/function/internal_message.html?_=1596157638717&CODE_STATE=getMsg HTTP/1.1" 200 27
222.69.143.246 - - [31/Jul/2020:09:11:27 +0800] "POST /xingrg/kc/buy/cgsh_order_operate.html HTTP/1.1" 200 2065
114.88.161.57 - - [31/Jul/2020:09:11:35 +0800] "POST /xingrg/kc/buy/cgsh_order_operate.html HTTP/1.1" 200 37
222.69.143.246 - - [31/Jul/2020:09:11:35 +0800] "GET /xingrg/kc/buy/cgsh_order_operate.html?command=get_materiel&rest_code=00149&code=00101008183&supplier_code=00100005&order_time=2020-07-31 HTTP/1.1" 200 413
114.88.161.57 - - [31/Jul/2020:09:11:36 +0800] "POST /xingrg/kc/buy/cgsh_order_operate.html HTTP/1.1" 200 3255
114.88.159.89 - - [31/Jul/2020:09:11:36 +0800] "GET /xingrg/all/function/internal_message.html?_=1596157906337&CODE_STATE=getMsg HTTP/1.1" 200 27
114.88.161.57 - - [31/Jul/2020:09:11:37 +0800] "GET /xingrg/kc/print/load_config.html?kc_code=cgsh HTTP/1.1" 200 1845
114.88.161.57 - - [31/Jul/2020:09:11:37 +0800] "GET /xingrg/kc/print/load_data.html?order_code=212020073112959&kc_code=cgsh&condition= HTTP/1.1" 200 904
222.69.143.246 - - [31/Jul/2020:09:11:38 +0800] "GET /xingrg/all/function/internal_message.html?_=1596157888101&CODE_STATE=getMsg HTTP/1.1" 200 27
222.70.173.120 - - [31/Jul/2020:09:11:40 +0800] "GET /xingrg/kc/buy/cgsh_order_operate.html?command=get_materiel&rest_code=00146&code=00101008132&supplier_code=00100005&order_time=2020-07-31 HTTP/1.1" 200 408
114.88.161.57 - - [31/Jul/2020:09:11:40 +0800] "GET /xingrg/kc/base/wldb_order_operate.html?command=get_materiel&rest_code=00111&base_code=0010283&code=00101019529 HTTP/1.1" 200 475
172.17.0.100 - - [31/Jul/2020:09:11:42 +0800] "GET /xingrg/kc/base/yddb_order_list.html HTTP/1.1" 200 16847
