172.17.0.100 - - [31/Jul/2020:09:11:42 +0800] "POST /xingrg/kc/base/yddb_list_operate.html HTTP/1.1" 200 583
172.17.0.100 - - [31/Jul/2020:09:11:45 +0800] "POST /xingrg/kc/base/yddb_list_operate.html HTTP/1.1" 200 3999
222.69.143.246 - - [31/Jul/2020:09:11:49 +0800] "GET /xingrg/kc/buy/cgsh_order_operate.html?command=get_materiel&rest_code=00149&code=00101008314&supplier_code=00100005&order_time=2020-07-31 HTTP/1.1" 200 413
114.88.159.89 - - [31/Jul/2020:09:11:50 +0800] "GET /xingrg/check_reg.html?_=1596157920221 HTTP/1.1" 200 22
222.70.173.120 - - [31/Jul/2020:09:11:51 +0800] "GET /xingrg/kc/buy/cgsh_order_operate.html?command=get_materiel&rest_code=00146&code=00101008112&supplier_code=00100005&order_time=2020-07-31 HTTP/1.1" 200 412
114.89.80.44 - - [31/Jul/2020:09:11:52 +0800] "GET /xingrg/check_reg.html?_=1596157907890 HTTP/1.1" 200 22
114.89.80.44 - - [31/Jul/2020:09:11:52 +0800] "GET /xingrg/all/function/internal_message.html?_=1596157907893&CODE_STATE=getMsg HTTP/1.1" 200 27
222.70.173.120 - - [31/Jul/2020:09:11:53 +0800] "GET /xingrg/all/function/internal_message.html?_=1596157906333&CODE_STATE=getMsg HTTP/1.1" 200 27
172.17.0.100 - - [31/Jul/2020:09:11:54 +0800] "GET /xingrg/kc/report/report_main.html HTTP/1.1" 200 7325
58.221.95.50 - - [31/Jul/2020:09:11:54 +0800] "GET /xingrg/all/function/internal_message.html?_=1596158030641&CODE_STATE=getMsg HTTP/1.1" 302 -
116.230.74.197 - - [31/Jul/2020:09:11:57 +0800] "GET /xingrg/all/function/internal_message.html?_=1596157906158&CODE_STATE=getMsg HTTP/1.1" 200 27
58.40.7.146 - - [31/Jul/2020:09:11:57 +0800] "GET /xingrg/all/function/internal_message.html?_=1596157914580&CODE_STATE=getMsg HTTP/1.1" 200 27
172.17.0.185 - - [31/Jul/2020:09:11:58 +0800] "GET /xingrg/check_reg.html?_=1596157914050 HTTP/1.1" 200 22
172.17.0.185 - - [31/Jul/2020:09:11:58 +0800] "GET /xingrg/all/function/internal_message.html?_=1596157914054&CODE_STATE=getMsg HTTP/1.1" 200 27
222.70.173.120 - - [31/Jul/2020:09:11:59 +0800] "GET /xingrg/kc/buy/cgsh_order_operate.html?command=get_materiel&rest_code=00146&code=00101008354&supplier_code=00100005&order_time=2020-07-31 HTTP/1.1" 200 412
172.17.0.100 - - [31/Jul/2020:09:12:00 +0800] "GET /xingrg/kc/mdqp/psth_order_list1.html HTTP/1.1" 200 17918
114.88.161.57 - - [31/Jul/2020:09:12:00 +0800] "GET /xingrg/kc/base/wldb_order_operate.html?command=get_materiel&rest_code=00111&base_code=0010283&code=00101019448 HTTP/1.1" 200 469
180.175.214.200 - - [31/Jul/2020:09:12:00 +0800] "GET /xingrg/all/function/internal_message.html?_=1596158121800&CODE_STATE=getMsg HTTP/1.1" 200 27
114.88.161.57 - - [31/Jul/2020:09:12:00 +0800] "GET /xingrg/all/function/internal_message.html?_=1596157914710&CODE_STATE=getMsg HTTP/1.1" 200 27
172.17.0.100 - - [31/Jul/2020:09:12:00 +0800] "POST /xingrg/kc/mdqp/psth_list_operate.html HTTP/1.1" 200 749
172.17.0.100 - - [31/Jul/2020:09:12:03 +0800] "POST /xingrg/kc/mdqp/psth_list_operate.html HTTP/1.1" 200 4630
114.88.159.89 - - [31/Jul/2020:09:12:04 +0800] "GET /xingrg/all/function/internal_message.html?_=1596157580867&CODE_STATE=getMsg HTTP/1.1" 200 27
222.69.143.246 - - [31/Jul/2020:09:12:06 +0800] "GET /xingrg/kc/buy/cgsh_order_operate.html?command=get_materiel&rest_code=00149&code=00101015044&supplier_code=00100005&order_time=2020-07-31 HTTP/1.1" 200 408
172.17.0.100 - - [31/Jul/2020:09:12:07 +0800] "POST /xingrg/kc/mdqp/psth_list_operate.html HTTP/1.1" 200 199
114.86.229.156 - - [31/Jul/2020:09:12:07 +0800] "GET /xingrg/check_reg.html?_=1596157948578 HTTP/1.1" 200 22
114.86.229.156 - - [31/Jul/2020:09:12:07 +0800] "GET /xingrg/all/function/internal_message.html?_=1596157948578&CODE_STATE=getMsg HTTP/1.1" 200 27
114.88.161.57 - - [31/Jul/2020:09:12:07 +0800] "GET /xingrg/kc/base/wldb_order_operate.html?command=get_materiel&rest_code=00111&base_code=0010283&code=00101013011 HTTP/1.1" 200 452
114.88.161.57 - - [31/Jul/2020:09:12:08 +0800] "GET /xingrg/all/function/internal_message.html?_=1596157955533&CODE_STATE=getMsg HTTP/1.1" 200 27
172.17.0.100 - - [31/Jul/2020:09:12:10 +0800] "POST /xingrg/kc/mdqp/psth_list_operate.html HTTP/1.1" 200 207
180.157.251.101 - - [31/Jul/2020:09:12:10 +0800] "GET /xingrg/all/function/internal_message.html?_=1596157929918&CODE_STATE=getMsg HTTP/1.1" 200 27
180.157.251.101 - - [31/Jul/2020:09:12:10 +0800] "GET /xingrg/check_reg.html?_=1596157929940 HTTP/1.1" 200 22
172.17.0.100 - - [31/Jul/2020:09:12:12 +0800] "POST /xingrg/kc/mdqp/psth_list_operate.html HTTP/1.1" 200 210
222.70.173.120 - - [31/Jul/2020:09:12:13 +0800] "GET /xingrg/kc/buy/cgsh_order_operate.html?command=get_materiel&rest_code=00146&code=00101008351&supplier_code=00100005&order_time=2020-07-31 HTTP/1.1" 200 408
222.69.143.246 - - [31/Jul/2020:09:12:15 +0800] "GET /xingrg/kc/buy/cgsh_order_operate.html?command=get_materiel&rest_code=00149&code=00101008236&supplier_code=00100005&order_time=2020-07-31 HTTP/1.1" 200 416
172.17.0.100 - - [31/Jul/2020:09:12:15 +0800] "GET /xingrg/all/function/internal_message.html?_=1596157931766&CODE_STATE=getMsg HTTP/1.1" 200 27
172.17.0.100 - - [31/Jul/2020:09:12:16 +0800] "POST /xingrg/kc/mdqp/psth_list_operate.html HTTP/1.1" 200 209
114.89.80.44 - - [31/Jul/2020:09:12:17 +0800] "POST /xingrg/kc/buy/cgsh_list_operate.html HTTP/1.1" 200 2105
172.17.0.100 - - [31/Jul/2020:09:12:17 +0800] "POST /xingrg/kc/mdqp/psth_list_operate.html HTTP/1.1" 200 202
114.89.80.44 - - [31/Jul/2020:09:12:18 +0800] "GET /xingrg/all/function/internal_message.html?_=1596158053033&CODE_STATE=getMsg HTTP/1.1" 200 27
61.172.5.115 - - [31/Jul/2020:09:12:18 +0800] "GET /xingrg/all/function/internal_message.html?_=1596157938852&CODE_STATE=getMsg HTTP/1.1" 200 27
222.70.173.120 - - [31/Jul/2020:09:12:21 +0800] "GET /xingrg/kc/buy/cgsh_order_operate.html?command=get_materiel&rest_code=00146&code=00101008096&supplier_code=00100005&order_time=2020-07-31 HTTP/1.1" 200 412
117.184.7.26 - - [31/Jul/2020:09:12:22 +0800] "GET /xingrg/check_reg.html?_=1596157930772 HTTP/1.1" 200 22
117.184.7.26 - - [31/Jul/2020:09:12:22 +0800] "GET /xingrg/all/function/internal_message.html?_=1596157930916&CODE_STATE=getMsg HTTP/1.1" 200 27
222.69.143.246 - - [31/Jul/2020:09:12:24 +0800] "GET /xingrg/kc/buy/cgsh_order_operate.html?command=get_materiel&rest_code=00149&code=00101008168&supplier_code=00100005&order_time=2020-07-31 HTTP/1.1" 200 413
222.69.143.246 - - [31/Jul/2020:09:12:27 +0800] "POST /xingrg/kc/buy/cgsh_order_operate.html HTTP/1.1" 200 2065
120.253.135.82 - - [31/Jul/2020:09:12:27 +0800] "GET /xingrg/all/function/internal_message.html?_=1596157698729&CODE_STATE=getMsg HTTP/1.1" 200 27
222.70.173.120 - - [31/Jul/2020:09:12:28 +0800] "GET /xingrg/kc/buy/cgsh_order_operate.html?command=get_materiel&rest_code=00146&code=00101008088&supplier_code=00100005&order_time=2020-07-31 HTTP/1.1" 200 408
222.69.143.246 - - [31/Jul/2020:09:12:33 +0800] "GET /xingrg/kc/buy/cgsh_order_operate.html?command=get_materiel&rest_code=00149&code=00101015024&supplier_code=00100005&order_time=2020-07-31 HTTP/1.1" 200 413
114.88.159.89 - - [31/Jul/2020:09:12:36 +0800] "GET /xingrg/all/function/internal_message.html?_=1596157966314&CODE_STATE=getMsg HTTP/1.1" 200 27
222.69.143.246 - - [31/Jul/2020:09:12:38 +0800] "GET /xingrg/all/function/internal_message.html?_=1596157948105&CODE_STATE=getMsg HTTP/1.1" 200 27
114.88.161.57 - - [31/Jul/2020:09:12:45 +0800] "GET /xingrg/kc/base/wldb_order_operate.html?command=get_materiel&rest_code=00111&base_code=0010283&code=00101013123 HTTP/1.1" 200 432
222.70.173.120 - - [31/Jul/2020:09:12:46 +0800] "GET /xingrg/kc/buy/cgsh_order_operate.html?command=get_materiel&rest_code=00146&code=00101008290&supplier_code=00100005&order_time=2020-07-31 HTTP/1.1" 200 416
172.17.0.100 - - [31/Jul/2020:09:12:46 +0800] "POST /xingrg/kc/mdqp/psth_list_operate.html HTTP/1.1" 200 593
172.17.0.100 - - [31/Jul/2020:09:12:50 +0800] "POST /xingrg/kc/mdqp/psth_list_operate.html HTTP/1.1" 200 -
172.17.0.100 - - [31/Jul/2020:09:12:52 +0800] "POST /xingrg/kc/mdqp/psth_list_operate.html HTTP/1.1" 200 -
172.17.0.100 - - [31/Jul/2020:09:12:52 +0800] "POST /xingrg/kc/mdqp/psth_list_operate.html HTTP/1.1" 200 205
114.89.80.44 - - [31/Jul/2020:09:12:52 +0800] "GET /xingrg/all/function/internal_message.html?_=1596157967896&CODE_STATE=getMsg HTTP/1.1" 200 27
222.70.173.120 - - [31/Jul/2020:09:12:53 +0800] "GET /xingrg/check_reg.html?_=1596157966288 HTTP/1.1" 200 22
222.70.173.120 - - [31/Jul/2020:09:12:53 +0800] "GET /xingrg/all/function/internal_message.html?_=1596157966346&CODE_STATE=getMsg HTTP/1.1" 200 27
222.70.173.120 - - [31/Jul/2020:09:12:53 +0800] "GET /xingrg/kc/buy/cgsh_order_operate.html?command=get_materiel&rest_code=00146&code=00101008003&supplier_code=00100005&order_time=2020-07-31 HTTP/1.1" 200 408
172.17.0.100 - - [31/Jul/2020:09:12:54 +0800] "POST /xingrg/kc/mdqp/psth_list_operate.html HTTP/1.1" 200 -
58.221.95.50 - - [31/Jul/2020:09:12:54 +0800] "GET /xingrg/all/function/internal_message.html?_=1596158090623&CODE_STATE=getMsg HTTP/1.1" 302 -
114.88.161.57 - - [31/Jul/2020:09:12:54 +0800] "GET /xingrg/kc/buy/cgsh_order_add.html HTTP/1.1" 200 59379
114.88.161.57 - - [31/Jul/2020:09:12:55 +0800] "POST /xingrg/kc/buy/cgsh_order_operate.html HTTP/1.1" 200 8245
114.88.161.57 - - [31/Jul/2020:09:12:55 +0800] "GET /xingrg/javascript/easyui/themes/default/validatebox.css HTTP/1.1" 404 1104
120.253.135.82 - - [31/Jul/2020:09:12:55 +0800] "GET /xingrg/kc/pszx/mdqp_order_list.html?state=10 HTTP/1.1" 200 11765
120.253.135.82 - - [31/Jul/2020:09:12:55 +0800] "GET /xingrg/dwr/interface/AjaxReportQueryService.js HTTP/1.1" 200 13203
120.253.135.82 - - [31/Jul/2020:09:12:55 +0800] "GET /xingrg/dwr/interface/AjaxQqpsService.js HTTP/1.1" 200 16326
120.253.135.82 - - [31/Jul/2020:09:12:55 +0800] "GET /xingrg/dwr/engine.js HTTP/1.1" 200 43631
172.17.0.100 - - [31/Jul/2020:09:12:55 +0800] "POST /xingrg/kc/mdqp/psth_list_operate.html HTTP/1.1" 200 198
116.230.74.197 - - [31/Jul/2020:09:12:57 +0800] "GET /xingrg/all/function/internal_message.html?_=1596157966135&CODE_STATE=getMsg HTTP/1.1" 200 27
58.40.7.146 - - [31/Jul/2020:09:12:57 +0800] "GET /xingrg/all/function/internal_message.html?_=1596157974585&CODE_STATE=getMsg HTTP/1.1" 200 27
172.17.0.185 - - [31/Jul/2020:09:12:58 +0800] "GET /xingrg/all/function/internal_message.html?_=1596157974057&CODE_STATE=getMsg HTTP/1.1" 200 27
114.88.161.57 - - [31/Jul/2020:09:12:59 +0800] "GET /xingrg/kc/base/wldb_order_operate.html?command=get_materiel&rest_code=00111&base_code=0010283&code=00101013188 HTTP/1.1" 200 433
180.175.214.200 - - [31/Jul/2020:09:13:00 +0800] "GET /xingrg/all/function/internal_message.html?_=1596158181814&CODE_STATE=getMsg HTTP/1.1" 200 27
114.88.161.57 - - [31/Jul/2020:09:13:00 +0800] "GET /xingrg/all/function/internal_message.html?_=1596157974723&CODE_STATE=getMsg HTTP/1.1" 200 27
222.70.173.120 - - [31/Jul/2020:09:13:01 +0800] "GET /xingrg/kc/buy/cgsh_order_operate.html?command=get_materiel&rest_code=00146&code=00101008264&supplier_code=00100005&order_time=2020-07-31 HTTP/1.1" 200 412
114.88.161.57 - - [31/Jul/2020:09:13:02 +0800] "GET /xingrg/kc/buy/cgsh_order_operate.html?command=get_materiel&rest_code=00111&code=00101006006&supplier_code=00100012&order_time=2020-07-31 HTTP/1.1" 200 409
114.88.161.57 - - [31/Jul/2020:09:13:03 +0800] "POST /xingrg/kc/base/wldb_order_operate.html HTTP/1.1" 200 1710
172.17.0.100 - - [31/Jul/2020:09:13:03 +0800] "GET /xingrg/kc/buy/cgsh_order_list.html HTTP/1.1" 200 43627
114.88.159.89 - - [31/Jul/2020:09:13:04 +0800] "GET /xingrg/all/function/internal_message.html?_=1596157640867&CODE_STATE=getMsg HTTP/1.1" 200 27
172.17.0.100 - - [31/Jul/2020:09:13:04 +0800] "POST /xingrg/kc/buy/cgsh_list_operate.html HTTP/1.1" 200 876
114.86.229.156 - - [31/Jul/2020:09:13:07 +0800] "GET /xingrg/all/function/internal_message.html?_=1596158008578&CODE_STATE=getMsg HTTP/1.1" 200 27
114.88.161.57 - - [31/Jul/2020:09:13:08 +0800] "GET /xingrg/all/function/internal_message.html?_=1596158015526&CODE_STATE=getMsg HTTP/1.1" 200 27
114.88.161.57 - - [31/Jul/2020:09:13:08 +0800] "GET /xingrg/kc/buy/cgsh_order_operate.html?command=get_materiel&rest_code=00111&code=00101006038&supplier_code=00100012&order_time=2020-07-31 HTTP/1.1" 200 421
180.157.251.101 - - [31/Jul/2020:09:13:10 +0800] "GET /xingrg/all/function/internal_message.html?_=1596157989933&CODE_STATE=getMsg HTTP/1.1" 200 27
114.88.161.57 - - [31/Jul/2020:09:13:12 +0800] "GET /xingrg/kc/base/wldb_order_operate.html?command=get_materiel&rest_code=00111&base_code=0010283&code=00101013012 HTTP/1.1" 200 430
114.88.161.57 - - [31/Jul/2020:09:13:15 +0800] "GET /xingrg/kc/buy/cgsh_order_operate.html?command=get_materiel&rest_code=00111&code=00101006055&supplier_code=00100012&order_time=2020-07-31 HTTP/1.1" 200 409
172.17.0.100 - - [31/Jul/2020:09:13:15 +0800] "GET /xingrg/all/function/internal_message.html?_=1596157991762&CODE_STATE=getMsg HTTP/1.1" 200 27
172.17.0.100 - - [31/Jul/2020:09:13:15 +0800] "GET /xingrg/check_reg.html?_=1596157991764 HTTP/1.1" 200 22
114.89.80.44 - - [31/Jul/2020:09:13:17 +0800] "GET /xingrg/check_reg.html?_=1596158112613 HTTP/1.1" 200 22
114.89.80.44 - - [31/Jul/2020:09:13:18 +0800] "GET /xingrg/all/function/internal_message.html?_=1596158113046&CODE_STATE=getMsg HTTP/1.1" 200 27
61.172.5.115 - - [31/Jul/2020:09:13:18 +0800] "GET /xingrg/all/function/internal_message.html?_=1596157998821&CODE_STATE=getMsg HTTP/1.1" 200 27
61.172.5.115 - - [31/Jul/2020:09:13:19 +0800] "GET /xingrg/check_reg.html?_=1596157999152 HTTP/1.1" 200 22
222.70.173.120 - - [31/Jul/2020:09:13:21 +0800] "GET /xingrg/kc/buy/cgsh_order_operate.html?command=get_materiel&rest_code=00146&code=00101008356&supplier_code=00100005&order_time=2020-07-31 HTTP/1.1" 200 408
117.184.7.26 - - [31/Jul/2020:09:13:22 +0800] "GET /xingrg/all/function/internal_message.html?_=1596157990901&CODE_STATE=getMsg HTTP/1.1" 200 27
114.88.161.57 - - [31/Jul/2020:09:13:23 +0800] "GET /xingrg/kc/buy/cgsh_order_operate.html?command=get_materiel&rest_code=00111&code=00101006056&supplier_code=00100012&order_time=2020-07-31 HTTP/1.1" 200 413
120.253.135.82 - - [31/Jul/2020:09:13:27 +0800] "GET /xingrg/all/function/internal_message.html?_=1596157758873&CODE_STATE=getMsg HTTP/1.1" 200 27
114.88.161.57 - - [31/Jul/2020:09:13:29 +0800] "GET /xingrg/kc/buy/cgsh_order_operate.html?command=get_materiel&rest_code=00111&code=00101006065&supplier_code=00100012&order_time=2020-07-31 HTTP/1.1" 200 409
114.89.80.44 - - [31/Jul/2020:09:13:29 +0800] "POST /xingrg/kc/buy/cgsh_list_operate.html HTTP/1.1" 200 2121
114.88.161.57 - - [31/Jul/2020:09:13:35 +0800] "GET /xingrg/kc/base/wldb_order_operate.html?command=get_materiel&rest_code=00111&base_code=0010283&code=00101019071 HTTP/1.1" 200 455
114.88.161.57 - - [31/Jul/2020:09:13:36 +0800] "GET /xingrg/kc/buy/cgsh_order_operate.html?command=get_materiel&rest_code=00111&code=00101006113&supplier_code=00100012&order_time=2020-07-31 HTTP/1.1" 200 413
114.88.159.89 - - [31/Jul/2020:09:13:36 +0800] "GET /xingrg/all/function/internal_message.html?_=1596158026286&CODE_STATE=getMsg HTTP/1.1" 200 27
222.70.173.120 - - [31/Jul/2020:09:13:36 +0800] "GET /xingrg/kc/buy/cgsh_order_operate.html?command=get_materiel&rest_code=00146&code=00101008270&supplier_code=00100005&order_time=2020-07-31 HTTP/1.1" 200 412
222.69.143.246 - - [31/Jul/2020:09:13:38 +0800] "GET /xingrg/all/function/internal_message.html?_=1596158008105&CODE_STATE=getMsg HTTP/1.1" 200 27
120.253.135.82 - - [31/Jul/2020:09:13:41 +0800] "GET /xingrg/kc/pszx/mdps_order_list.html?orderType=0 HTTP/1.1" 200 21018
120.253.135.82 - - [31/Jul/2020:09:13:41 +0800] "POST /xingrg/kc/pszx/mdps_list_operate.html HTTP/1.1" 200 5273
114.88.161.57 - - [31/Jul/2020:09:13:42 +0800] "GET /xingrg/kc/buy/cgsh_order_operate.html?command=get_materiel&rest_code=00111&code=00101006111&supplier_code=00100012&order_time=2020-07-31 HTTP/1.1" 200 409
222.70.173.120 - - [31/Jul/2020:09:13:44 +0800] "GET /xingrg/kc/buy/cgsh_order_operate.html?command=get_materiel&rest_code=00146&code=00101008196&supplier_code=00100005&order_time=2020-07-31 HTTP/1.1" 200 416
114.88.161.57 - - [31/Jul/2020:09:13:44 +0800] "GET /xingrg/kc/base/wldb_order_operate.html?command=get_materiel&rest_code=00111&base_code=0010283&code=00101019250 HTTP/1.1" 200 455
120.253.135.82 - - [31/Jul/2020:09:13:45 +0800] "GET /xingrg/kc/pszx/mdqp_order_list.html?state=10 HTTP/1.1" 200 11765
120.253.135.82 - - [31/Jul/2020:09:13:45 +0800] "GET /xingrg/dwr/interface/AjaxQqpsService.js HTTP/1.1" 200 16326
120.253.135.82 - - [31/Jul/2020:09:13:45 +0800] "GET /xingrg/dwr/interface/AjaxReportQueryService.js HTTP/1.1" 200 13203
120.253.135.82 - - [31/Jul/2020:09:13:45 +0800] "GET /xingrg/dwr/engine.js HTTP/1.1" 200 43631
120.253.135.82 - - [31/Jul/2020:09:13:47 +0800] "GET /xingrg/kc/pszx/jzcl_ps.html HTTP/1.1" 200 7683
120.253.135.82 - - [31/Jul/2020:09:13:47 +0800] "GET /xingrg/javascript/step/step.css HTTP/1.1" 200 999
120.253.135.82 - - [31/Jul/2020:09:13:47 +0800] "GET /xingrg/css/table.css HTTP/1.1" 200 3684
120.253.135.82 - - [31/Jul/2020:09:13:47 +0800] "GET /xingrg/javascript/step/images/navCurrentBtn.gif HTTP/1.1" 200 557
120.253.135.82 - - [31/Jul/2020:09:13:47 +0800] "GET /xingrg/javascript/jquery_easy_ui/themes/default/images/combo_arrow_dot.gif HTTP/1.1" 200 79
120.253.135.82 - - [31/Jul/2020:09:13:47 +0800] "POST /xingrg/all/common/load_tree.html?tree=area_rest_tree_json HTTP/1.1" 200 3216
120.253.135.82 - - [31/Jul/2020:09:13:48 +0800] "GET /xingrg/javascript/jquery_easy_ui/themes/default/images/datagrid_header_bg.gif HTTP/1.1" 200 97
120.253.135.82 - - [31/Jul/2020:09:13:48 +0800] "GET /xingrg/javascript/jquery_easy_ui/themes/default/images/pagination_loading.gif HTTP/1.1" 200 1737
120.253.135.82 - - [31/Jul/2020:09:13:48 +0800] "GET /xingrg/javascript/jquery_easy_ui/themes/default/images/tree_checkbox_0.gif HTTP/1.1" 200 168
120.253.135.82 - - [31/Jul/2020:09:13:48 +0800] "POST /xingrg/kc/pszx/jzcl_ps_operate.html HTTP/1.1" 200 1698
120.253.135.82 - - [31/Jul/2020:09:13:48 +0800] "POST /xingrg/kc/pszx/jzcl_ps_operate.html HTTP/1.1" 200 1698
120.253.135.82 - - [31/Jul/2020:09:13:49 +0800] "GET /xingrg/javascript/jquery_easy_ui/themes/icons/rest.png HTTP/1.1" 200 695
114.88.161.57 - - [31/Jul/2020:09:13:49 +0800] "POST /xingrg/kc/buy/cgsh_order_operate.html HTTP/1.1" 200 37
114.88.161.57 - - [31/Jul/2020:09:13:49 +0800] "GET /xingrg/kc/base/wldb_order_operate.html?command=get_materiel&rest_code=00111&base_code=0010283&code=00101019249 HTTP/1.1" 200 470
114.88.161.57 - - [31/Jul/2020:09:13:51 +0800] "POST /xingrg/kc/buy/cgsh_order_operate.html HTTP/1.1" 200 6208
120.253.135.82 - - [31/Jul/2020:09:13:52 +0800] "POST /xingrg/kc/pszx/jzcl_ps_operate.html HTTP/1.1" 200 4
120.253.135.82 - - [31/Jul/2020:09:13:52 +0800] "GET /xingrg/javascript/step/images/navBtn.gif HTTP/1.1" 200 361
120.253.135.82 - - [31/Jul/2020:09:13:52 +0800] "GET /xingrg/javascript/step/images/navLastDoneBtn.gif HTTP/1.1" 200 552
120.253.135.82 - - [31/Jul/2020:09:13:52 +0800] "GET /xingrg/javascript/step/images/navBtn.gif HTTP/1.1" 200 361
120.253.135.82 - - [31/Jul/2020:09:13:52 +0800] "GET /xingrg/javascript/step/images/navDoneBtn.gif HTTP/1.1" 200 394
114.88.161.57 - - [31/Jul/2020:09:13:52 +0800] "GET /xingrg/kc/print/load_data.html?order_code=212020073112960&kc_code=cgsh&condition= HTTP/1.1" 200 2117
114.89.80.44 - - [31/Jul/2020:09:13:52 +0800] "GET /xingrg/all/function/internal_message.html?_=1596158027908&CODE_STATE=getMsg HTTP/1.1" 200 27
222.70.173.120 - - [31/Jul/2020:09:13:53 +0800] "GET /xingrg/all/function/internal_message.html?_=1596158026360&CODE_STATE=getMsg HTTP/1.1" 200 27
120.253.135.82 - - [31/Jul/2020:09:13:53 +0800] "GET /xingrg/kc/pszx/mdps_order_list.html HTTP/1.1" 200 21018
120.253.135.82 - - [31/Jul/2020:09:13:53 +0800] "POST /xingrg/kc/pszx/mdps_list_operate.html HTTP/1.1" 200 5273
58.221.95.50 - - [31/Jul/2020:09:13:54 +0800] "GET /xingrg/all/function/internal_message.html?_=1596158150599&CODE_STATE=getMsg HTTP/1.1" 302 -
222.70.173.120 - - [31/Jul/2020:09:13:54 +0800] "GET /xingrg/kc/buy/cgsh_order_operate.html?command=get_materiel&rest_code=00146&code=00101008357&supplier_code=00100005&order_time=2020-07-31 HTTP/1.1" 200 408
58.221.95.50 - - [31/Jul/2020:09:13:55 +0800] "GET /xingrg/check_reg.html?_=1596158152322 HTTP/1.1" 302 -
114.88.161.57 - - [31/Jul/2020:09:13:56 +0800] "GET /xingrg/kc/base/wldb_order_operate.html?command=get_materiel&rest_code=00111&base_code=0010283&code=00101019283 HTTP/1.1" 200 451
222.70.173.120 - - [31/Jul/2020:09:13:56 +0800] "POST /xingrg/kc/buy/cgsh_order_operate.html HTTP/1.1" 200 2065
116.230.74.197 - - [31/Jul/2020:09:13:57 +0800] "GET /xingrg/all/function/internal_message.html?_=1596158026123&CODE_STATE=getMsg HTTP/1.1" 200 27
58.40.7.146 - - [31/Jul/2020:09:13:57 +0800] "GET /xingrg/all/function/internal_message.html?_=1596158034591&CODE_STATE=getMsg HTTP/1.1" 200 27
58.40.7.146 - - [31/Jul/2020:09:13:57 +0800] "GET /xingrg/check_reg.html?_=1596158034593 HTTP/1.1" 200 22
172.17.0.185 - - [31/Jul/2020:09:13:58 +0800] "GET /xingrg/all/function/internal_message.html?_=1596158034050&CODE_STATE=getMsg HTTP/1.1" 200 27
180.175.214.200 - - [31/Jul/2020:09:14:00 +0800] "GET /xingrg/all/function/internal_message.html?_=1596158241878&CODE_STATE=getMsg HTTP/1.1" 200 27
114.88.161.57 - - [31/Jul/2020:09:14:00 +0800] "GET /xingrg/all/function/internal_message.html?_=1596158034736&CODE_STATE=getMsg HTTP/1.1" 200 27
222.70.173.120 - - [31/Jul/2020:09:14:01 +0800] "GET /xingrg/kc/buy/cgsh_order_operate.html?command=get_materiel&rest_code=00146&code=00101008006&supplier_code=00100005&order_time=2020-07-31 HTTP/1.1" 200 416
114.88.161.57 - - [31/Jul/2020:09:14:02 +0800] "GET /xingrg/kc/base/wldb_order_operate.html?command=get_materiel&rest_code=00111&base_code=0010283&code=00101019313 HTTP/1.1" 200 443
114.88.159.89 - - [31/Jul/2020:09:14:04 +0800] "GET /xingrg/check_reg.html?_=1596157700868 HTTP/1.1" 200 22
114.88.159.89 - - [31/Jul/2020:09:14:04 +0800] "GET /xingrg/all/function/internal_message.html?_=1596157700870&CODE_STATE=getMsg HTTP/1.1" 200 27
114.88.161.57 - - [31/Jul/2020:09:14:04 +0800] "POST /xingrg/kc/base/wldb_order_operate.html HTTP/1.1" 200 1710
120.253.135.82 - - [31/Jul/2020:09:14:04 +0800] "GET /xingrg/kc/pszx/mdqp_order_list.html?state=10 HTTP/1.1" 200 11356
120.253.135.82 - - [31/Jul/2020:09:14:05 +0800] "GET /xingrg/dwr/interface/AjaxReportQueryService.js HTTP/1.1" 200 13203
120.253.135.82 - - [31/Jul/2020:09:14:05 +0800] "GET /xingrg/dwr/interface/AjaxQqpsService.js HTTP/1.1" 200 16326
120.253.135.82 - - [31/Jul/2020:09:14:05 +0800] "GET /xingrg/dwr/engine.js HTTP/1.1" 200 43631
114.86.229.156 - - [31/Jul/2020:09:14:07 +0800] "GET /xingrg/all/function/internal_message.html?_=1596158068578&CODE_STATE=getMsg HTTP/1.1" 200 27
114.88.161.57 - - [31/Jul/2020:09:14:08 +0800] "GET /xingrg/check_reg.html?_=1596158075531 HTTP/1.1" 200 22
114.88.161.57 - - [31/Jul/2020:09:14:08 +0800] "GET /xingrg/all/function/internal_message.html?_=1596158075532&CODE_STATE=getMsg HTTP/1.1" 200 27
222.70.173.120 - - [31/Jul/2020:09:14:08 +0800] "GET /xingrg/kc/buy/cgsh_order_operate.html?command=get_materiel&rest_code=00146&code=00101008131&supplier_code=00100005&order_time=2020-07-31 HTTP/1.1" 200 408
114.88.161.57 - - [31/Jul/2020:09:14:09 +0800] "GET /xingrg/kc/base/wldb_order_operate.html?command=get_materiel&rest_code=00111&base_code=0010283&code=00101019341 HTTP/1.1" 200 448
180.157.251.101 - - [31/Jul/2020:09:14:10 +0800] "GET /xingrg/all/function/internal_message.html?_=1596158049931&CODE_STATE=getMsg HTTP/1.1" 200 27
222.70.173.120 - - [31/Jul/2020:09:14:15 +0800] "GET /xingrg/kc/buy/cgsh_order_operate.html?command=get_materiel&rest_code=00146&code=00101008296&supplier_code=00100005&order_time=2020-07-31 HTTP/1.1" 200 416
172.17.0.100 - - [31/Jul/2020:09:14:15 +0800] "GET /xingrg/all/function/internal_message.html?_=1596158051758&CODE_STATE=getMsg HTTP/1.1" 200 27
114.88.161.57 - - [31/Jul/2020:09:14:18 +0800] "GET /xingrg/kc/base/wldb_order_operate.html?command=get_materiel&rest_code=00111&base_code=0010283&code=00101019404 HTTP/1.1" 200 476
114.89.80.44 - - [31/Jul/2020:09:14:18 +0800] "GET /xingrg/all/function/internal_message.html?_=1596158173061&CODE_STATE=getMsg HTTP/1.1" 200 27
61.172.5.115 - - [31/Jul/2020:09:14:18 +0800] "GET /xingrg/all/function/internal_message.html?_=1596158058799&CODE_STATE=getMsg HTTP/1.1" 200 27
117.184.7.26 - - [31/Jul/2020:09:14:22 +0800] "GET /xingrg/all/function/internal_message.html?_=1596158050886&CODE_STATE=getMsg HTTP/1.1" 200 27
120.253.135.82 - - [31/Jul/2020:09:14:25 +0800] "GET /xingrg/check_reg.html?_=1596157815949 HTTP/1.1" 200 22
222.69.143.246 - - [31/Jul/2020:09:14:25 +0800] "POST /xingrg/kc/buy/cgsh_order_operate.html HTTP/1.1" 200 37
114.88.161.57 - - [31/Jul/2020:09:14:25 +0800] "GET /xingrg/kc/base/wldb_order_operate.html?command=get_materiel&rest_code=00111&base_code=0010283&code=00101019535 HTTP/1.1" 200 475
101.85.53.146 - - [31/Jul/2020:09:14:26 +0800] "GET /xingrg/check_reg.html?_=1596157393926 HTTP/1.1" 200 22
222.69.143.246 - - [31/Jul/2020:09:14:27 +0800] "POST /xingrg/kc/buy/cgsh_order_operate.html HTTP/1.1" 200 12
120.253.135.82 - - [31/Jul/2020:09:14:27 +0800] "GET /xingrg/all/function/internal_message.html?_=1596157818881&CODE_STATE=getMsg HTTP/1.1" 200 27
222.69.143.246 - - [31/Jul/2020:09:14:29 +0800] "GET /xingrg/kc/buy/cgsh_order_info.html?code=212020073112961 HTTP/1.1" 200 54335
222.69.143.246 - - [31/Jul/2020:09:14:29 +0800] "GET /xingrg/javascript/easyui/themes/default/validatebox.css HTTP/1.1" 404 1104
222.69.143.246 - - [31/Jul/2020:09:14:29 +0800] "POST /xingrg/kc/buy/cgsh_order_operate.html HTTP/1.1" 200 35522
222.69.143.246 - - [31/Jul/2020:09:14:33 +0800] "POST /xingrg/services/DataTransmitService HTTP/1.1" 200 524
222.69.143.246 - - [31/Jul/2020:09:14:35 +0800] "GET /xingrg/kc/print/load_config.html?kc_code=cgsh HTTP/1.1" 200 1845
222.69.143.246 - - [31/Jul/2020:09:14:35 +0800] "GET /xingrg/kc/print/load_data.html?order_code=212020073112961&kc_code=cgsh&condition= HTTP/1.1" 200 13968
114.88.159.89 - - [31/Jul/2020:09:14:36 +0800] "GET /xingrg/all/function/internal_message.html?_=1596158086265&CODE_STATE=getMsg HTTP/1.1" 200 27
222.69.143.246 - - [31/Jul/2020:09:14:37 +0800] "POST /xingrg/services/DataTransmitService HTTP/1.1" 200 501
222.70.173.120 - - [31/Jul/2020:09:14:37 +0800] "GET /xingrg/kc/buy/cgsh_order_operate.html?command=get_materiel&rest_code=00146&code=00101008098&supplier_code=00100005&order_time=2020-07-31 HTTP/1.1" 200 412
222.69.143.246 - - [31/Jul/2020:09:14:39 +0800] "POST /xingrg/services/DataTransmitService HTTP/1.1" 200 524
222.69.143.246 - - [31/Jul/2020:09:14:39 +0800] "GET /xingrg/all/function/internal_message.html?_=1596158068145&CODE_STATE=getMsg HTTP/1.1" 200 27
222.69.143.246 - - [31/Jul/2020:09:14:39 +0800] "POST /xingrg/services/DataTransmitService HTTP/1.1" 200 501
114.88.161.57 - - [31/Jul/2020:09:14:39 +0800] "GET /xingrg/kc/base/wldb_order_operate.html?command=get_materiel&rest_code=00111&base_code=0010283&code=00101027001 HTTP/1.1" 200 471
114.88.161.57 - - [31/Jul/2020:09:14:46 +0800] "GET /xingrg/kc/base/wldb_order_operate.html?command=get_materiel&rest_code=00111&base_code=0010283&code=00101016074 HTTP/1.1" 200 458
222.69.143.246 - - [31/Jul/2020:09:14:46 +0800] "POST /xingrg/services/DataTransmitService HTTP/1.1" 200 524
222.70.173.120 - - [31/Jul/2020:09:14:48 +0800] "GET /xingrg/kc/buy/cgsh_order_operate.html?command=get_materiel&rest_code=00146&code=00101008353&supplier_code=00100005&order_time=2020-07-31 HTTP/1.1" 200 408
114.88.161.57 - - [31/Jul/2020:09:14:48 +0800] "POST /xingrg/kc/base/wldb_order_operate.html HTTP/1.1" 200 1710
222.69.143.246 - - [31/Jul/2020:09:14:48 +0800] "POST /xingrg/services/DataTransmitService HTTP/1.1" 200 501
222.69.143.246 - - [31/Jul/2020:09:14:50 +0800] "POST /xingrg/services/DataTransmitService HTTP/1.1" 200 501
222.70.173.120 - - [31/Jul/2020:09:14:50 +0800] "POST /xingrg/kc/buy/cgsh_order_operate.html HTTP/1.1" 200 2065
114.89.80.44 - - [31/Jul/2020:09:14:52 +0800] "GET /xingrg/all/function/internal_message.html?_=1596158087922&CODE_STATE=getMsg HTTP/1.1" 200 27
222.70.173.120 - - [31/Jul/2020:09:14:53 +0800] "GET /xingrg/all/function/internal_message.html?_=1596158086376&CODE_STATE=getMsg HTTP/1.1" 200 27
58.221.95.50 - - [31/Jul/2020:09:14:54 +0800] "GET /xingrg/all/function/internal_message.html?_=1596158210581&CODE_STATE=getMsg HTTP/1.1" 302 -
222.70.173.120 - - [31/Jul/2020:09:14:55 +0800] "GET /xingrg/kc/buy/cgsh_order_operate.html?command=get_materiel&rest_code=00146&code=00101008213&supplier_code=00100005&order_time=2020-07-31 HTTP/1.1" 200 412
114.88.161.57 - - [31/Jul/2020:09:14:56 +0800] "POST /xingrg/kc/base/wldb_order_operate.html HTTP/1.1" 200 37
114.88.161.57 - - [31/Jul/2020:09:14:56 +0800] "POST /xingrg/kc/base/wldb_order_operate.html HTTP/1.1" 200 16152
114.88.161.57 - - [31/Jul/2020:09:14:57 +0800] "GET /xingrg/kc/base/wldb_order_info.html?code=422020073103616 HTTP/1.1" 200 30383
116.230.74.197 - - [31/Jul/2020:09:14:57 +0800] "GET /xingrg/all/function/internal_message.html?_=1596158086107&CODE_STATE=getMsg HTTP/1.1" 200 27
58.40.7.146 - - [31/Jul/2020:09:14:57 +0800] "GET /xingrg/all/function/internal_message.html?_=1596158094598&CODE_STATE=getMsg HTTP/1.1" 200 27
114.88.161.57 - - [31/Jul/2020:09:14:58 +0800] "GET /xingrg/check_reg.html?_=1596158092909 HTTP/1.1" 200 22
172.17.0.185 - - [31/Jul/2020:09:14:58 +0800] "GET /xingrg/all/function/internal_message.html?_=1596158094058&CODE_STATE=getMsg HTTP/1.1" 200 27
114.88.161.57 - - [31/Jul/2020:09:14:58 +0800] "GET /xingrg/javascript/easyui/themes/default/validatebox.css HTTP/1.1" 404 1104
114.88.161.57 - - [31/Jul/2020:09:14:58 +0800] "POST /xingrg/kc/base/wldb_order_operate.html HTTP/1.1" 200 16152
180.175.214.200 - - [31/Jul/2020:09:15:00 +0800] "GET /xingrg/all/function/internal_message.html?_=1596158301890&CODE_STATE=getMsg HTTP/1.1" 200 27
114.88.161.57 - - [31/Jul/2020:09:15:00 +0800] "GET /xingrg/all/function/internal_message.html?_=1596158095034&CODE_STATE=getMsg HTTP/1.1" 200 27
114.88.161.57 - - [31/Jul/2020:09:15:04 +0800] "GET /xingrg/kc/base/wldb_order_add.html HTTP/1.1" 200 30367
114.88.159.89 - - [31/Jul/2020:09:15:04 +0800] "GET /xingrg/all/function/internal_message.html?_=1596157760867&CODE_STATE=getMsg HTTP/1.1" 200 27
114.88.161.57 - - [31/Jul/2020:09:15:04 +0800] "POST /xingrg/kc/base/wldb_order_operate.html HTTP/1.1" 200 6806
114.88.161.57 - - [31/Jul/2020:09:15:05 +0800] "GET /xingrg/javascript/easyui/themes/default/validatebox.css HTTP/1.1" 404 1104
222.70.173.120 - - [31/Jul/2020:09:15:05 +0800] "GET /xingrg/kc/buy/cgsh_order_operate.html?command=get_materiel&rest_code=00146&code=00101008125&supplier_code=00100005&order_time=2020-07-31 HTTP/1.1" 200 413
114.86.229.156 - - [31/Jul/2020:09:15:07 +0800] "GET /xingrg/all/function/internal_message.html?_=1596158128578&CODE_STATE=getMsg HTTP/1.1" 200 27
114.88.161.57 - - [31/Jul/2020:09:15:08 +0800] "GET /xingrg/all/function/internal_message.html?_=1596158135521&CODE_STATE=getMsg HTTP/1.1" 200 27
180.157.251.101 - - [31/Jul/2020:09:15:10 +0800] "GET /xingrg/all/function/internal_message.html?_=1596158109928&CODE_STATE=getMsg HTTP/1.1" 200 27
222.70.173.120 - - [31/Jul/2020:09:15:13 +0800] "GET /xingrg/kc/buy/cgsh_order_operate.html?command=get_materiel&rest_code=00146&code=00101008201&supplier_code=00100005&order_time=2020-07-31 HTTP/1.1" 200 412
222.69.143.246 - - [31/Jul/2020:09:15:15 +0800] "POST /xingrg/services/DataTransmitService HTTP/1.1" 200 501
172.17.0.100 - - [31/Jul/2020:09:15:15 +0800] "GET /xingrg/all/function/internal_message.html?_=1596158111757&CODE_STATE=getMsg HTTP/1.1" 200 27
114.88.161.57 - - [31/Jul/2020:09:15:16 +0800] "GET /xingrg/kc/base/wldb_order_operate.html?command=get_materiel&rest_code=00111&base_code=0010283&code=00101016001 HTTP/1.1" 200 457
114.89.80.44 - - [31/Jul/2020:09:15:18 +0800] "GET /xingrg/all/function/internal_message.html?_=1596158233073&CODE_STATE=getMsg HTTP/1.1" 200 27
61.172.5.115 - - [31/Jul/2020:09:15:18 +0800] "GET /xingrg/all/function/internal_message.html?_=1596158118776&CODE_STATE=getMsg HTTP/1.1" 200 27
117.184.7.26 - - [31/Jul/2020:09:15:22 +0800] "GET /xingrg/all/function/internal_message.html?_=1596158110874&CODE_STATE=getMsg HTTP/1.1" 200 27
114.88.161.57 - - [31/Jul/2020:09:15:22 +0800] "GET /xingrg/kc/base/wldb_order_operate.html?command=get_materiel&rest_code=00111&base_code=0010283&code=00101019425 HTTP/1.1" 200 458
114.89.80.44 - - [31/Jul/2020:09:15:27 +0800] "POST /xingrg/kc/buy/cgsh_list_operate.html HTTP/1.1" 200 1743
120.253.135.82 - - [31/Jul/2020:09:15:28 +0800] "GET /xingrg/all/function/internal_message.html?_=1596157878896&CODE_STATE=getMsg HTTP/1.1" 200 27
114.88.161.57 - - [31/Jul/2020:09:15:28 +0800] "GET /xingrg/kc/base/wldb_order_operate.html?command=get_materiel&rest_code=00111&base_code=0010283&code=00101019544 HTTP/1.1" 200 474
222.70.173.120 - - [31/Jul/2020:09:15:31 +0800] "GET /xingrg/kc/buy/cgsh_order_operate.html?command=get_materiel&rest_code=00146&code=00101008323&supplier_code=00100005&order_time=2020-07-31 HTTP/1.1" 200 410
114.88.161.57 - - [31/Jul/2020:09:15:35 +0800] "POST /xingrg/kc/base/wldb_order_operate.html HTTP/1.1" 200 37
114.88.161.57 - - [31/Jul/2020:09:15:35 +0800] "POST /xingrg/kc/base/wldb_order_operate.html HTTP/1.1" 200 3195
114.88.161.57 - - [31/Jul/2020:09:15:36 +0800] "GET /xingrg/kc/base/wldb_order_info.html?code=422020073103617 HTTP/1.1" 200 30381
114.88.159.89 - - [31/Jul/2020:09:15:36 +0800] "GET /xingrg/all/function/internal_message.html?_=1596158146266&CODE_STATE=getMsg HTTP/1.1" 200 27
114.88.161.57 - - [31/Jul/2020:09:15:37 +0800] "GET /xingrg/javascript/easyui/themes/default/validatebox.css HTTP/1.1" 404 1104
114.88.161.57 - - [31/Jul/2020:09:15:37 +0800] "POST /xingrg/kc/base/wldb_order_operate.html HTTP/1.1" 200 3195
114.88.161.57 - - [31/Jul/2020:09:15:38 +0800] "GET /xingrg/kc/base/wldb_order_add.html HTTP/1.1" 200 30367
222.69.143.246 - - [31/Jul/2020:09:15:38 +0800] "GET /xingrg/check_reg.html?_=1596158128102 HTTP/1.1" 200 22
222.69.143.246 - - [31/Jul/2020:09:15:39 +0800] "GET /xingrg/all/function/internal_message.html?_=1596158128121&CODE_STATE=getMsg HTTP/1.1" 200 27
114.88.161.57 - - [31/Jul/2020:09:15:39 +0800] "POST /xingrg/kc/base/wldb_order_operate.html HTTP/1.1" 200 6806
114.88.161.57 - - [31/Jul/2020:09:15:40 +0800] "GET /xingrg/javascript/easyui/themes/default/validatebox.css HTTP/1.1" 404 1104
222.69.143.246 - - [31/Jul/2020:09:15:40 +0800] "POST /xingrg/services/DataTransmitService HTTP/1.1" 200 501
222.70.173.120 - - [31/Jul/2020:09:15:42 +0800] "GET /xingrg/kc/buy/cgsh_order_operate.html?command=get_materiel&rest_code=00146&code=00101008257&supplier_code=00100005&order_time=2020-07-31 HTTP/1.1" 200 416
222.70.173.120 - - [31/Jul/2020:09:15:44 +0800] "POST /xingrg/kc/buy/cgsh_order_operate.html HTTP/1.1" 200 2065
222.69.143.246 - - [31/Jul/2020:09:15:45 +0800] "POST /xingrg/services/DataTransmitService HTTP/1.1" 200 501
222.69.143.246 - - [31/Jul/2020:09:15:45 +0800] "POST /xingrg/services/DataTransmitService HTTP/1.1" 200 501
222.69.143.246 - - [31/Jul/2020:09:15:45 +0800] "POST /xingrg/services/DataTransmitService HTTP/1.1" 200 501
222.69.143.246 - - [31/Jul/2020:09:15:46 +0800] "POST /xingrg/services/DataTransmitService HTTP/1.1" 200 501
222.69.143.246 - - [31/Jul/2020:09:15:47 +0800] "POST /xingrg/services/DataTransmitService HTTP/1.1" 200 501
114.88.161.57 - - [31/Jul/2020:09:15:49 +0800] "GET /xingrg/kc/base/wldb_order_operate.html?command=get_materiel&rest_code=00111&base_code=0010283&code=00101029073 HTTP/1.1" 200 477
222.70.173.120 - - [31/Jul/2020:09:15:49 +0800] "GET /xingrg/kc/buy/cgsh_order_operate.html?command=get_materiel&rest_code=00146&code=00101008156&supplier_code=00100005&order_time=2020-07-31 HTTP/1.1" 200 414
222.69.143.246 - - [31/Jul/2020:09:15:51 +0800] "POST /xingrg/services/DataTransmitService HTTP/1.1" 200 412
114.89.80.44 - - [31/Jul/2020:09:15:52 +0800] "GET /xingrg/all/function/internal_message.html?_=1596158147918&CODE_STATE=getMsg HTTP/1.1" 200 27
222.70.173.120 - - [31/Jul/2020:09:15:53 +0800] "GET /xingrg/all/function/internal_message.html?_=1596158146387&CODE_STATE=getMsg HTTP/1.1" 200 27
222.69.143.246 - - [31/Jul/2020:09:15:53 +0800] "GET /xingrg/kc/buy/cgsh_order_add.html HTTP/1.1" 200 59432
58.221.95.50 - - [31/Jul/2020:09:15:54 +0800] "GET /xingrg/all/function/internal_message.html?_=1596158270556&CODE_STATE=getMsg HTTP/1.1" 302 -
222.69.143.246 - - [31/Jul/2020:09:15:54 +0800] "POST /xingrg/kc/buy/cgsh_order_operate.html HTTP/1.1" 200 8245
222.69.143.246 - - [31/Jul/2020:09:15:54 +0800] "GET /xingrg/javascript/easyui/themes/default/validatebox.css HTTP/1.1" 404 1104
116.230.74.197 - - [31/Jul/2020:09:15:54 +0800] "GET /xingrg/check_reg.html?_=1596158142820 HTTP/1.1" 200 22
116.230.74.197 - - [31/Jul/2020:09:15:57 +0800] "GET /xingrg/all/function/internal_message.html?_=1596158146083&CODE_STATE=getMsg HTTP/1.1" 200 27
114.88.161.57 - - [31/Jul/2020:09:15:57 +0800] "POST /xingrg/kc/base/wldb_order_operate.html HTTP/1.1" 200 37
58.40.7.146 - - [31/Jul/2020:09:15:57 +0800] "GET /xingrg/all/function/internal_message.html?_=1596158154606&CODE_STATE=getMsg HTTP/1.1" 200 27
114.88.161.57 - - [31/Jul/2020:09:15:57 +0800] "POST /xingrg/kc/base/wldb_order_operate.html HTTP/1.1" 200 2236
222.70.173.120 - - [31/Jul/2020:09:15:57 +0800] "GET /xingrg/kc/buy/cgsh_order_operate.html?command=get_materiel&rest_code=00146&code=00101008080&supplier_code=00100005&order_time=2020-07-31 HTTP/1.1" 200 416
114.88.161.57 - - [31/Jul/2020:09:15:58 +0800] "GET /xingrg/kc/base/wldb_order_info.html?code=422020073103618 HTTP/1.1" 200 30379
172.17.0.185 - - [31/Jul/2020:09:15:58 +0800] "GET /xingrg/all/function/internal_message.html?_=1596158154058&CODE_STATE=getMsg HTTP/1.1" 200 27
180.175.214.200 - - [31/Jul/2020:09:15:58 +0800] "GET /xingrg/check_reg.html?_=1596158360208 HTTP/1.1" 200 22
114.88.161.57 - - [31/Jul/2020:09:15:59 +0800] "GET /xingrg/javascript/easyui/themes/default/validatebox.css HTTP/1.1" 404 1104
114.88.161.57 - - [31/Jul/2020:09:15:59 +0800] "POST /xingrg/kc/base/wldb_order_operate.html HTTP/1.1" 200 2236
180.175.214.200 - - [31/Jul/2020:09:16:00 +0800] "GET /xingrg/all/function/internal_message.html?_=1596158361903&CODE_STATE=getMsg HTTP/1.1" 200 27
114.88.161.57 - - [31/Jul/2020:09:16:01 +0800] "GET /xingrg/kc/base/wldb_order_add.html HTTP/1.1" 200 30367
114.88.161.57 - - [31/Jul/2020:09:16:01 +0800] "POST /xingrg/kc/base/wldb_order_operate.html HTTP/1.1" 200 6806
114.88.161.57 - - [31/Jul/2020:09:16:02 +0800] "GET /xingrg/javascript/easyui/themes/default/validatebox.css HTTP/1.1" 404 1104
114.88.161.57 - - [31/Jul/2020:09:16:02 +0800] "GET /xingrg/all/function/internal_message.html?_=1596158157019&CODE_STATE=getMsg HTTP/1.1" 200 27
114.88.159.89 - - [31/Jul/2020:09:16:04 +0800] "GET /xingrg/all/function/internal_message.html?_=1596157820867&CODE_STATE=getMsg HTTP/1.1" 200 27
222.70.173.120 - - [31/Jul/2020:09:16:05 +0800] "GET /xingrg/kc/buy/cgsh_order_operate.html?command=get_materiel&rest_code=00146&code=00101008244&supplier_code=00100005&order_time=2020-07-31 HTTP/1.1" 200 408
114.86.229.156 - - [31/Jul/2020:09:16:07 +0800] "GET /xingrg/all/function/internal_message.html?_=1596158188578&CODE_STATE=getMsg HTTP/1.1" 200 27
114.88.161.57 - - [31/Jul/2020:09:16:08 +0800] "GET /xingrg/all/function/internal_message.html?_=1596158195522&CODE_STATE=getMsg HTTP/1.1" 200 27
180.157.251.101 - - [31/Jul/2020:09:16:10 +0800] "GET /xingrg/all/function/internal_message.html?_=1596158169941&CODE_STATE=getMsg HTTP/1.1" 200 27
222.70.173.120 - - [31/Jul/2020:09:16:11 +0800] "GET /xingrg/kc/buy/cgsh_order_operate.html?command=get_materiel&rest_code=00146&code=00101008185&supplier_code=00100005&order_time=2020-07-31 HTTP/1.1" 200 408
172.17.0.100 - - [31/Jul/2020:09:16:15 +0800] "GET /xingrg/all/function/internal_message.html?_=1596158171783&CODE_STATE=getMsg HTTP/1.1" 200 27
114.89.80.44 - - [31/Jul/2020:09:16:18 +0800] "GET /xingrg/all/function/internal_message.html?_=1596158293090&CODE_STATE=getMsg HTTP/1.1" 200 27
61.172.5.115 - - [31/Jul/2020:09:16:18 +0800] "GET /xingrg/all/function/internal_message.html?_=1596158178756&CODE_STATE=getMsg HTTP/1.1" 200 27
222.70.173.120 - - [31/Jul/2020:09:16:19 +0800] "GET /xingrg/kc/buy/cgsh_order_operate.html?command=get_materiel&rest_code=00146&code=00101008010&supplier_code=00100005&order_time=2020-07-31 HTTP/1.1" 200 412
222.70.173.120 - - [31/Jul/2020:09:16:21 +0800] "POST /xingrg/kc/buy/cgsh_order_operate.html HTTP/1.1" 200 2065
117.184.7.26 - - [31/Jul/2020:09:16:22 +0800] "GET /xingrg/all/function/internal_message.html?_=1596158170860&CODE_STATE=getMsg HTTP/1.1" 200 27
114.89.80.44 - - [31/Jul/2020:09:16:24 +0800] "POST /xingrg/kc/buy/cgsh_list_operate.html HTTP/1.1" 200 2142
222.69.143.246 - - [31/Jul/2020:09:16:25 +0800] "GET /xingrg/kc/buy/cgsh_order_operate.html?command=get_materiel&rest_code=00149&code=00101020169&supplier_code=00100252&order_time=2020-07-31 HTTP/1.1" 200 428
120.253.135.82 - - [31/Jul/2020:09:16:28 +0800] "GET /xingrg/all/function/internal_message.html?_=1596157938909&CODE_STATE=getMsg HTTP/1.1" 200 27
222.70.173.120 - - [31/Jul/2020:09:16:29 +0800] "GET /xingrg/kc/buy/cgsh_order_operate.html?command=get_materiel&rest_code=00146&code=00101008026&supplier_code=00100005&order_time=2020-07-31 HTTP/1.1" 200 409
114.88.159.89 - - [31/Jul/2020:09:16:36 +0800] "GET /xingrg/all/function/internal_message.html?_=1596158206244&CODE_STATE=getMsg HTTP/1.1" 200 27
222.70.173.120 - - [31/Jul/2020:09:16:37 +0800] "GET /xingrg/kc/buy/cgsh_order_operate.html?command=get_materiel&rest_code=00146&code=00101008110&supplier_code=00100005&order_time=2020-07-31 HTTP/1.1" 200 408
114.88.161.57 - - [31/Jul/2020:09:16:39 +0800] "GET /xingrg/kc/base/wldb_order_operate.html?command=get_materiel&rest_code=00111&base_code=0010283&code=00101019373 HTTP/1.1" 200 453
222.69.143.246 - - [31/Jul/2020:09:16:41 +0800] "POST /xingrg/kc/buy/cgsh_order_operate.html HTTP/1.1" 200 37
222.69.143.246 - - [31/Jul/2020:09:16:43 +0800] "POST /xingrg/kc/buy/cgsh_order_operate.html HTTP/1.1" 200 12
222.69.143.246 - - [31/Jul/2020:09:16:44 +0800] "GET /xingrg/kc/buy/cgsh_order_info.html?code=212020073112962 HTTP/1.1" 200 54337
222.69.143.246 - - [31/Jul/2020:09:16:45 +0800] "GET /xingrg/javascript/easyui/themes/default/validatebox.css HTTP/1.1" 404 1104
222.69.143.246 - - [31/Jul/2020:09:16:45 +0800] "POST /xingrg/kc/buy/cgsh_order_operate.html HTTP/1.1" 200 619
114.88.161.57 - - [31/Jul/2020:09:16:46 +0800] "POST /xingrg/kc/base/wldb_order_operate.html HTTP/1.1" 200 37
114.88.161.57 - - [31/Jul/2020:09:16:46 +0800] "POST /xingrg/kc/base/wldb_order_operate.html HTTP/1.1" 200 2211
222.69.143.246 - - [31/Jul/2020:09:16:46 +0800] "GET /xingrg/kc/print/load_data.html?order_code=212020073112962&kc_code=cgsh&condition= HTTP/1.1" 200 732
222.70.173.120 - - [31/Jul/2020:09:16:47 +0800] "GET /xingrg/kc/buy/cgsh_order_operate.html?command=get_materiel&rest_code=00146&code=00101008038&supplier_code=00100005&order_time=2020-07-31 HTTP/1.1" 200 431
114.88.161.57 - - [31/Jul/2020:09:16:48 +0800] "GET /xingrg/kc/base/wldb_order_info.html?code=422020073103619 HTTP/1.1" 200 30379
114.88.161.57 - - [31/Jul/2020:09:16:49 +0800] "GET /xingrg/javascript/easyui/themes/default/validatebox.css HTTP/1.1" 404 1104
114.88.161.57 - - [31/Jul/2020:09:16:49 +0800] "POST /xingrg/kc/base/wldb_order_operate.html HTTP/1.1" 200 2211
114.88.159.89 - - [31/Jul/2020:09:16:50 +0800] "GET /xingrg/check_reg.html?_=1596158220228 HTTP/1.1" 200 22
114.88.161.57 - - [31/Jul/2020:09:16:52 +0800] "GET /xingrg/kc/base/wldb_order_add.html HTTP/1.1" 200 30367
114.89.80.44 - - [31/Jul/2020:09:16:53 +0800] "GET /xingrg/check_reg.html?_=1596158207946 HTTP/1.1" 200 22
114.89.80.44 - - [31/Jul/2020:09:16:53 +0800] "GET /xingrg/all/function/internal_message.html?_=1596158207953&CODE_STATE=getMsg HTTP/1.1" 200 27
222.70.173.120 - - [31/Jul/2020:09:16:53 +0800] "GET /xingrg/all/function/internal_message.html?_=1596158206401&CODE_STATE=getMsg HTTP/1.1" 200 27
114.88.161.57 - - [31/Jul/2020:09:16:53 +0800] "POST /xingrg/kc/base/wldb_order_operate.html HTTP/1.1" 200 6806
114.88.161.57 - - [31/Jul/2020:09:16:53 +0800] "GET /xingrg/javascript/easyui/themes/default/validatebox.css HTTP/1.1" 404 1104
58.221.95.50 - - [31/Jul/2020:09:16:54 +0800] "GET /xingrg/all/function/internal_message.html?_=1596158330555&CODE_STATE=getMsg HTTP/1.1" 302 -
222.70.173.120 - - [31/Jul/2020:09:16:54 +0800] "GET /xingrg/kc/buy/cgsh_order_operate.html?command=get_materiel&rest_code=00146&code=00101008148&supplier_code=00100005&order_time=2020-07-31 HTTP/1.1" 200 416
116.230.74.197 - - [31/Jul/2020:09:16:57 +0800] "GET /xingrg/all/function/internal_message.html?_=1596158206067&CODE_STATE=getMsg HTTP/1.1" 200 27
58.40.7.146 - - [31/Jul/2020:09:16:57 +0800] "GET /xingrg/all/function/internal_message.html?_=1596158214612&CODE_STATE=getMsg HTTP/1.1" 200 27
222.69.143.246 - - [31/Jul/2020:09:16:58 +0800] "GET /xingrg/login.html HTTP/1.1" 200 7641
172.17.0.185 - - [31/Jul/2020:09:16:58 +0800] "GET /xingrg/check_reg.html?_=1596158214051 HTTP/1.1" 200 22
172.17.0.185 - - [31/Jul/2020:09:16:58 +0800] "GET /xingrg/all/function/internal_message.html?_=1596158214058&CODE_STATE=getMsg HTTP/1.1" 200 27
222.69.143.246 - - [31/Jul/2020:09:16:58 +0800] "GET /favicon.ico HTTP/1.1" 404 -
180.175.214.200 - - [31/Jul/2020:09:17:00 +0800] "GET /xingrg/all/function/internal_message.html?_=1596158421917&CODE_STATE=getMsg HTTP/1.1" 200 27
222.70.173.120 - - [31/Jul/2020:09:17:01 +0800] "GET /xingrg/kc/buy/cgsh_order_operate.html?command=get_materiel&rest_code=00146&code=00101008144&supplier_code=00100005&order_time=2020-07-31 HTTP/1.1" 200 412
114.88.161.57 - - [31/Jul/2020:09:17:02 +0800] "GET /xingrg/all/function/internal_message.html?_=1596158217025&CODE_STATE=getMsg HTTP/1.1" 200 27
222.69.143.246 - - [31/Jul/2020:09:17:03 +0800] "POST /xingrg/login.do HTTP/1.1" 200 2421
222.69.143.246 - - [31/Jul/2020:09:17:03 +0800] "GET /xingrg/images/blue/pic_top.gif HTTP/1.1" 200 3656
222.69.143.246 - - [31/Jul/2020:09:17:03 +0800] "GET /xingrg/images/blue/pic_notice.jpg HTTP/1.1" 200 3583
222.69.143.246 - - [31/Jul/2020:09:17:03 +0800] "GET /xingrg/images/blue/error_buttom.gif HTTP/1.1" 200 1750
222.69.143.246 - - [31/Jul/2020:09:17:03 +0800] "GET /xingrg/images/blue/error_mid.gif HTTP/1.1" 200 215
222.69.143.246 - - [31/Jul/2020:09:17:03 +0800] "GET /xingrg/images/blue/error_top.gif HTTP/1.1" 200 1790
222.69.143.246 - - [31/Jul/2020:09:17:03 +0800] "GET /favicon.ico HTTP/1.1" 404 -
114.88.159.89 - - [31/Jul/2020:09:17:04 +0800] "GET /xingrg/all/function/internal_message.html?_=1596157880867&CODE_STATE=getMsg HTTP/1.1" 200 27
222.70.173.120 - - [31/Jul/2020:09:17:04 +0800] "POST /xingrg/kc/buy/cgsh_order_operate.html HTTP/1.1" 200 2065
222.69.143.246 - - [31/Jul/2020:09:17:05 +0800] "GET /xingrg/login.html HTTP/1.1" 200 7641
222.69.143.246 - - [31/Jul/2020:09:17:05 +0800] "GET /favicon.ico HTTP/1.1" 404 -
114.88.161.57 - - [31/Jul/2020:09:17:07 +0800] "GET /xingrg/kc/base/wldb_order_operate.html?command=get_materiel&rest_code=00111&base_code=0010283&code=00101013203 HTTP/1.1" 200 430
114.86.229.156 - - [31/Jul/2020:09:17:07 +0800] "GET /xingrg/check_reg.html?_=1596158248578 HTTP/1.1" 200 22
114.86.229.156 - - [31/Jul/2020:09:17:07 +0800] "GET /xingrg/all/function/internal_message.html?_=1596158248578&CODE_STATE=getMsg HTTP/1.1" 200 27
114.88.161.57 - - [31/Jul/2020:09:17:08 +0800] "GET /xingrg/all/function/internal_message.html?_=1596158255523&CODE_STATE=getMsg HTTP/1.1" 200 27
222.69.143.246 - - [31/Jul/2020:09:17:09 +0800] "POST /xingrg/login.do HTTP/1.1" 302 -
222.69.143.246 - - [31/Jul/2020:09:17:09 +0800] "GET /xingrg/index.html?sysBaseUrl=http%3A%2F%2F180.169.147.146%3A18081%2Fxingrg%2F&costTime=48×tamp=1596158229626 HTTP/1.1" 200 17179
222.69.143.246 - - [31/Jul/2020:09:17:09 +0800] "GET /favicon.ico HTTP/1.1" 404 -
222.69.143.246 - - [31/Jul/2020:09:17:09 +0800] "POST /xingrg/all/common/load_tree.html?tree=area_rest_tree_json&manage=1 HTTP/1.1" 200 351
222.69.143.246 - - [31/Jul/2020:09:17:09 +0800] "GET /xingrg/all/function/internal_message.html?_=1596157995093&CODE_STATE=count HTTP/1.1" 200 11
222.69.143.246 - - [31/Jul/2020:09:17:09 +0800] "GET /xingrg/check_reg.html?_=1596157995094 HTTP/1.1" 200 22
222.69.143.246 - - [31/Jul/2020:09:17:10 +0800] "POST /xingrg/load_menu.html HTTP/1.1" 200 5138
180.157.251.101 - - [31/Jul/2020:09:17:10 +0800] "GET /xingrg/all/function/internal_message.html?_=1596158229937&CODE_STATE=getMsg HTTP/1.1" 200 27
180.157.251.101 - - [31/Jul/2020:09:17:10 +0800] "GET /xingrg/check_reg.html?_=1596158229943 HTTP/1.1" 200 22
222.69.143.246 - - [31/Jul/2020:09:17:12 +0800] "GET /xingrg/kc/buy/cgsh_order_list.html HTTP/1.1" 200 43647
114.88.161.57 - - [31/Jul/2020:09:17:12 +0800] "GET /xingrg/kc/base/wldb_order_operate.html?command=get_materiel&rest_code=00111&base_code=0010283&code=00101016020 HTTP/1.1" 200 446
222.69.143.246 - - [31/Jul/2020:09:17:13 +0800] "POST /xingrg/kc/buy/cgsh_list_operate.html HTTP/1.1" 200 1693
222.69.143.246 - - [31/Jul/2020:09:17:15 +0800] "POST /xingrg/kc/buy/cgsh_list_operate.html HTTP/1.1" 200 361
222.69.143.246 - - [31/Jul/2020:09:17:15 +0800] "GET /xingrg/kc/buy/cgsh_order_info.html?code=212020073012899 HTTP/1.1" 200 59443
172.17.0.100 - - [31/Jul/2020:09:17:15 +0800] "GET /xingrg/all/function/internal_message.html?_=1596158231781&CODE_STATE=getMsg HTTP/1.1" 200 27
222.69.143.246 - - [31/Jul/2020:09:17:15 +0800] "GET /xingrg/words/20200730102719_words.js HTTP/1.1" 304 -
222.69.143.246 - - [31/Jul/2020:09:17:16 +0800] "GET /xingrg/all/common/auto_word.html?type=employee&rest_code=00149 HTTP/1.1" 200 197
222.69.143.246 - - [31/Jul/2020:09:17:16 +0800] "GET /xingrg/javascript/easyui/themes/default/validatebox.css HTTP/1.1" 404 1104
