114.88.161.57 - - [31/Jul/2020:08:20:29 +0800] "GET /xingrg/dwr/interface/AjaxReportQueryService.js HTTP/1.1" 200 13203
114.88.161.57 - - [31/Jul/2020:08:20:29 +0800] "GET /xingrg/dwr/engine.js HTTP/1.1" 200 43631
114.88.161.57 - - [31/Jul/2020:08:20:29 +0800] "GET /xingrg/javascript/jquery_easy_ui/themes/icons/edit_add_new.png HTTP/1.1" 304 -
114.88.161.57 - - [31/Jul/2020:08:20:29 +0800] "GET /xingrg/javascript/jquery_easy_ui/themes/icons/check_new.png HTTP/1.1" 304 -
114.88.161.57 - - [31/Jul/2020:08:20:29 +0800] "GET /xingrg/javascript/jquery_easy_ui/themes/icons/uncheck_new.png HTTP/1.1" 304 -
114.88.161.57 - - [31/Jul/2020:08:20:29 +0800] "GET /xingrg/javascript/jquery_easy_ui/themes/icons/cance_new.png HTTP/1.1" 304 -
114.88.161.57 - - [31/Jul/2020:08:20:35 +0800] "POST /xingrg/dwr/call/plaincall/AjaxReportQueryService.getFixDate.dwr HTTP/1.1" 200 111
114.88.161.57 - - [31/Jul/2020:08:20:36 +0800] "GET /xingrg/kc/mdqp/qqps_order_list.html?isQuery=1&timeSelect=2&orderTime=month&startTime=2020-07-01&endTime=2020-07-31&state=all&query=%C8%B7++%B6%A8 HTTP/1.1" 200 15871
114.88.161.57 - - [31/Jul/2020:08:20:36 +0800] "GET /xingrg/dwr/interface/AjaxQqpsService.js HTTP/1.1" 200 16326
114.88.161.57 - - [31/Jul/2020:08:20:36 +0800] "GET /xingrg/dwr/interface/AjaxReportQueryService.js HTTP/1.1" 200 13203
114.88.161.57 - - [31/Jul/2020:08:20:36 +0800] "GET /xingrg/dwr/engine.js HTTP/1.1" 200 43631
114.88.159.89 - - [31/Jul/2020:08:20:37 +0800] "GET /xingrg/all/function/internal_message.html?_=1596154847476&CODE_STATE=getMsg HTTP/1.1" 200 27
114.88.161.57 - - [31/Jul/2020:08:20:51 +0800] "GET /xingrg/kc/mdqp/qqps_order_list.html HTTP/1.1" 200 9222
114.88.161.57 - - [31/Jul/2020:08:20:51 +0800] "GET /xingrg/dwr/interface/AjaxQqpsService.js HTTP/1.1" 200 16326
114.88.161.57 - - [31/Jul/2020:08:20:51 +0800] "GET /xingrg/dwr/interface/AjaxReportQueryService.js HTTP/1.1" 200 13203
114.88.161.57 - - [31/Jul/2020:08:20:51 +0800] "GET /xingrg/dwr/engine.js HTTP/1.1" 200 43631
114.88.161.57 - - [31/Jul/2020:08:20:54 +0800] "POST /xingrg/dwr/call/plaincall/AjaxReportQueryService.getFixDate.dwr HTTP/1.1" 200 111
114.88.161.57 - - [31/Jul/2020:08:20:55 +0800] "GET /xingrg/kc/mdqp/qqps_order_list.html?isQuery=1&timeSelect=2&orderTime=month&startTime=2020-07-01&endTime=2020-07-31&state=all&query=%C8%B7++%B6%A8 HTTP/1.1" 200 15871
114.88.161.57 - - [31/Jul/2020:08:20:55 +0800] "GET /xingrg/dwr/interface/AjaxReportQueryService.js HTTP/1.1" 200 13203
114.88.161.57 - - [31/Jul/2020:08:20:55 +0800] "GET /xingrg/dwr/interface/AjaxQqpsService.js HTTP/1.1" 200 16326
114.88.161.57 - - [31/Jul/2020:08:20:55 +0800] "GET /xingrg/dwr/engine.js HTTP/1.1" 200 43631
114.88.161.57 - - [31/Jul/2020:08:20:56 +0800] "GET /xingrg/all/function/internal_message.html?_=1596154851038&CODE_STATE=getMsg HTTP/1.1" 200 27
58.40.7.146 - - [31/Jul/2020:08:20:57 +0800] "GET /xingrg/all/function/internal_message.html?_=1596154854520&CODE_STATE=getMsg HTTP/1.1" 200 27
172.17.0.185 - - [31/Jul/2020:08:20:58 +0800] "GET /xingrg/all/function/internal_message.html?_=1596154854055&CODE_STATE=getMsg HTTP/1.1" 200 27
114.88.159.89 - - [31/Jul/2020:08:21:04 +0800] "GET /xingrg/all/function/internal_message.html?_=1596154520764&CODE_STATE=getMsg HTTP/1.1" 200 27
114.88.161.57 - - [31/Jul/2020:08:21:06 +0800] "GET /xingrg/index.html?sysBaseUrl=http%3A%2F%2F180.169.147.146%3A18081%2Fxingrg%2F&costTime=38×tamp=1588335986102 HTTP/1.1" 302 -
114.88.161.57 - - [31/Jul/2020:08:21:06 +0800] "GET /xingrg/login.html HTTP/1.1" 200 7641
114.88.161.57 - - [31/Jul/2020:08:21:07 +0800] "GET /favicon.ico HTTP/1.1" 404 -
114.88.161.57 - - [31/Jul/2020:08:21:12 +0800] "POST /xingrg/login.do HTTP/1.1" 302 -
114.88.161.57 - - [31/Jul/2020:08:21:12 +0800] "GET /xingrg/index.html?sysBaseUrl=http%3A%2F%2F180.169.147.146%3A18081%2Fxingrg%2F&costTime=36×tamp=1596154872033 HTTP/1.1" 200 17173
114.88.161.57 - - [31/Jul/2020:08:21:12 +0800] "GET /xingrg/kc/mdqp/pssh_order_list.html HTTP/1.1" 200 17792
114.88.161.57 - - [31/Jul/2020:08:21:12 +0800] "POST /xingrg/kc/mdqp/pssh_list_operate.html HTTP/1.1" 200 9062
114.88.161.57 - - [31/Jul/2020:08:21:12 +0800] "POST /xingrg/all/common/load_tree.html?tree=area_rest_tree_json&manage=1 HTTP/1.1" 200 342
114.88.161.57 - - [31/Jul/2020:08:21:12 +0800] "GET /favicon.ico HTTP/1.1" 404 -
114.88.161.57 - - [31/Jul/2020:08:21:12 +0800] "GET /xingrg/all/function/internal_message.html?_=1596154899998&CODE_STATE=count HTTP/1.1" 200 11
114.88.161.57 - - [31/Jul/2020:08:21:12 +0800] "GET /xingrg/check_reg.html?_=1596154899999 HTTP/1.1" 200 22
114.88.161.57 - - [31/Jul/2020:08:21:12 +0800] "POST /xingrg/load_menu.html HTTP/1.1" 200 5138
114.88.161.57 - - [31/Jul/2020:08:21:16 +0800] "GET /xingrg/kc/buy/cgsh_order_list.html HTTP/1.1" 200 43641
114.88.161.57 - - [31/Jul/2020:08:21:18 +0800] "POST /xingrg/kc/buy/cgsh_list_operate.html HTTP/1.1" 200 876
114.89.80.44 - - [31/Jul/2020:08:21:22 +0800] "GET /xingrg/all/function/internal_message.html?_=1596154877077&CODE_STATE=getMsg HTTP/1.1" 200 27
120.253.135.82 - - [31/Jul/2020:08:21:24 +0800] "GET /xingrg/all/function/internal_message.html?_=1596154635588&CODE_STATE=getMsg HTTP/1.1" 200 27
114.88.161.57 - - [31/Jul/2020:08:21:24 +0800] "POST /xingrg/kc/mdqp/pssh_list_operate.html HTTP/1.1" 200 780
114.88.161.57 - - [31/Jul/2020:08:21:30 +0800] "POST /xingrg/kc/mdqp/pssh_list_operate.html HTTP/1.1" 200 808
114.88.161.57 - - [31/Jul/2020:08:21:30 +0800] "POST /xingrg/kc/mdqp/pssh_list_operate.html HTTP/1.1" 200 762
114.88.159.89 - - [31/Jul/2020:08:21:37 +0800] "GET /xingrg/all/function/internal_message.html?_=1596154907461&CODE_STATE=getMsg HTTP/1.1" 200 27
114.88.161.57 - - [31/Jul/2020:08:21:40 +0800] "GET /xingrg/kc/mdqp/pssh_order_info.html?code=312020073100717 HTTP/1.1" 200 17279
114.88.161.57 - - [31/Jul/2020:08:21:40 +0800] "GET /xingrg/javascript/jquery_tools/jquery-1.4.2.min.js HTTP/1.1" 404 1094
114.88.161.57 - - [31/Jul/2020:08:21:40 +0800] "GET /xingrg/javascript/jquery_tools/order_manager.js HTTP/1.1" 304 -
114.88.161.57 - - [31/Jul/2020:08:21:40 +0800] "GET /xingrg/javascript/convert.js HTTP/1.1" 304 -
114.88.161.57 - - [31/Jul/2020:08:21:40 +0800] "GET /xingrg/javascript/json2.js HTTP/1.1" 304 -
114.88.161.57 - - [31/Jul/2020:08:21:40 +0800] "GET /xingrg/javascript/print/kc_print.js HTTP/1.1" 304 -
114.88.161.57 - - [31/Jul/2020:08:21:40 +0800] "GET /xingrg/javascript/print/LodopFuncs.js HTTP/1.1" 304 -
114.88.161.57 - - [31/Jul/2020:08:21:40 +0800] "GET /xingrg/words/20200730102719_words.js HTTP/1.1" 304 -
114.88.161.57 - - [31/Jul/2020:08:21:40 +0800] "GET /xingrg/javascript/easyui/themes/icons/ok.png HTTP/1.1" 304 -
114.88.161.57 - - [31/Jul/2020:08:21:40 +0800] "GET /xingrg/javascript/easyui/themes/icons/print.png HTTP/1.1" 304 -
114.88.161.57 - - [31/Jul/2020:08:21:40 +0800] "GET /xingrg/javascript/easyui/themes/icons/back_new.png HTTP/1.1" 200 3414
114.88.161.57 - - [31/Jul/2020:08:21:40 +0800] "GET /xingrg/javascript/easyui/themes/default/images/menu_downarrow.png HTTP/1.1" 304 -
114.88.161.57 - - [31/Jul/2020:08:21:40 +0800] "POST /xingrg/kc/mdqp/pssh_order_operate.html HTTP/1.1" 200 26697
114.88.161.57 - - [31/Jul/2020:08:21:41 +0800] "GET /xingrg/all/common/auto_word.html?type=base&rest_code=00111&rest_code=00111 HTTP/1.1" 200 1753
114.88.161.57 - - [31/Jul/2020:08:21:41 +0800] "GET /xingrg/all/common/auto_word.html?type=employee&rest_code=00111 HTTP/1.1" 200 205
114.88.161.57 - - [31/Jul/2020:08:21:41 +0800] "GET /xingrg/javascript/easyui/themes/default/validatebox.css HTTP/1.1" 404 1104
114.88.161.57 - - [31/Jul/2020:08:21:41 +0800] "GET /xingrg/javascript/easyui/plugins/jquery.validatebox.js HTTP/1.1" 304 -
114.88.161.57 - - [31/Jul/2020:08:21:41 +0800] "GET /xingrg/javascript/easyui/plugins/jquery.numberbox.js HTTP/1.1" 304 -
114.88.161.57 - - [31/Jul/2020:08:21:44 +0800] "GET /xingrg/javascript/jquery_easy_ui/themes/default/images/tabs_active.png HTTP/1.1" 304 -
114.88.159.89 - - [31/Jul/2020:08:21:50 +0800] "GET /xingrg/check_reg.html?_=1596154920340 HTTP/1.1" 200 22
114.88.161.57 - - [31/Jul/2020:08:21:53 +0800] "POST /xingrg/kc/mdqp/pssh_list_operate.html HTTP/1.1" 200 364
114.88.161.57 - - [31/Jul/2020:08:21:56 +0800] "GET /xingrg/all/function/internal_message.html?_=1596154911052&CODE_STATE=getMsg HTTP/1.1" 200 27
58.40.7.146 - - [31/Jul/2020:08:21:57 +0800] "GET /xingrg/all/function/internal_message.html?_=1596154914523&CODE_STATE=getMsg HTTP/1.1" 200 27
172.17.0.185 - - [31/Jul/2020:08:21:58 +0800] "GET /xingrg/check_reg.html?_=1596154914055 HTTP/1.1" 200 22
172.17.0.185 - - [31/Jul/2020:08:21:58 +0800] "GET /xingrg/all/function/internal_message.html?_=1596154914062&CODE_STATE=getMsg HTTP/1.1" 200 27
114.88.159.89 - - [31/Jul/2020:08:22:04 +0800] "GET /xingrg/all/function/internal_message.html?_=1596154580763&CODE_STATE=getMsg HTTP/1.1" 200 27
114.88.161.57 - - [31/Jul/2020:08:22:12 +0800] "GET /xingrg/all/function/internal_message.html?_=1596154960018&CODE_STATE=getMsg HTTP/1.1" 200 27
114.88.161.57 - - [31/Jul/2020:08:22:19 +0800] "POST /xingrg/kc/mdqp/pssh_list_operate.html HTTP/1.1" 200 260
114.89.80.44 - - [31/Jul/2020:08:22:22 +0800] "GET /xingrg/all/function/internal_message.html?_=1596154937078&CODE_STATE=getMsg HTTP/1.1" 200 27
120.253.135.82 - - [31/Jul/2020:08:22:24 +0800] "GET /xingrg/all/function/internal_message.html?_=1596154695609&CODE_STATE=getMsg HTTP/1.1" 200 27
61.172.5.115 - - [31/Jul/2020:08:22:24 +0800] "POST /xingrg/services/DataTransmitService HTTP/1.1" 200 524
114.88.159.89 - - [31/Jul/2020:08:22:37 +0800] "GET /xingrg/all/function/internal_message.html?_=1596154967432&CODE_STATE=getMsg HTTP/1.1" 200 27
114.88.161.57 - - [31/Jul/2020:08:22:56 +0800] "GET /xingrg/all/function/internal_message.html?_=1596154971081&CODE_STATE=getMsg HTTP/1.1" 200 27
58.40.7.146 - - [31/Jul/2020:08:22:57 +0800] "GET /xingrg/all/function/internal_message.html?_=1596154974510&CODE_STATE=getMsg HTTP/1.1" 200 27
172.17.0.185 - - [31/Jul/2020:08:22:58 +0800] "GET /xingrg/all/function/internal_message.html?_=1596154974048&CODE_STATE=getMsg HTTP/1.1" 200 27
114.88.159.89 - - [31/Jul/2020:08:23:04 +0800] "GET /xingrg/all/function/internal_message.html?_=1596154640763&CODE_STATE=getMsg HTTP/1.1" 200 27
114.88.161.57 - - [31/Jul/2020:08:23:12 +0800] "GET /xingrg/all/function/internal_message.html?_=1596155020003&CODE_STATE=getMsg HTTP/1.1" 200 27
114.89.80.44 - - [31/Jul/2020:08:23:22 +0800] "GET /xingrg/all/function/internal_message.html?_=1596154997088&CODE_STATE=getMsg HTTP/1.1" 200 27
120.253.135.82 - - [31/Jul/2020:08:23:24 +0800] "GET /xingrg/all/function/internal_message.html?_=1596154755615&CODE_STATE=getMsg HTTP/1.1" 200 27
114.88.159.89 - - [31/Jul/2020:08:23:37 +0800] "GET /xingrg/all/function/internal_message.html?_=1596155027409&CODE_STATE=getMsg HTTP/1.1" 200 27
114.88.161.57 - - [31/Jul/2020:08:23:56 +0800] "GET /xingrg/all/function/internal_message.html?_=1596155031095&CODE_STATE=getMsg HTTP/1.1" 200 27
58.40.7.146 - - [31/Jul/2020:08:23:57 +0800] "GET /xingrg/all/function/internal_message.html?_=1596155034511&CODE_STATE=getMsg HTTP/1.1" 200 27
58.40.7.146 - - [31/Jul/2020:08:23:57 +0800] "GET /xingrg/check_reg.html?_=1596155034513 HTTP/1.1" 200 22
172.17.0.185 - - [31/Jul/2020:08:23:58 +0800] "GET /xingrg/all/function/internal_message.html?_=1596155034052&CODE_STATE=getMsg HTTP/1.1" 200 27
114.88.159.89 - - [31/Jul/2020:08:24:04 +0800] "GET /xingrg/check_reg.html?_=1596154700763 HTTP/1.1" 200 22
114.88.159.89 - - [31/Jul/2020:08:24:04 +0800] "GET /xingrg/all/function/internal_message.html?_=1596154700765&CODE_STATE=getMsg HTTP/1.1" 200 27
114.88.161.57 - - [31/Jul/2020:08:24:12 +0800] "GET /xingrg/all/function/internal_message.html?_=1596155080007&CODE_STATE=getMsg HTTP/1.1" 200 27
114.89.80.44 - - [31/Jul/2020:08:24:22 +0800] "GET /xingrg/all/function/internal_message.html?_=1596155057092&CODE_STATE=getMsg HTTP/1.1" 200 27
120.253.135.82 - - [31/Jul/2020:08:24:24 +0800] "GET /xingrg/check_reg.html?_=1596154815578 HTTP/1.1" 200 22
120.253.135.82 - - [31/Jul/2020:08:24:24 +0800] "GET /xingrg/all/function/internal_message.html?_=1596154815629&CODE_STATE=getMsg HTTP/1.1" 200 27
101.85.53.146 - - [31/Jul/2020:08:24:26 +0800] "GET /xingrg/check_reg.html?_=1596154394127 HTTP/1.1" 200 22
114.88.159.89 - - [31/Jul/2020:08:24:37 +0800] "GET /xingrg/all/function/internal_message.html?_=1596155087385&CODE_STATE=getMsg HTTP/1.1" 200 27
114.88.161.57 - - [31/Jul/2020:08:24:56 +0800] "GET /xingrg/check_reg.html?_=1596155091042 HTTP/1.1" 200 22
114.88.161.57 - - [31/Jul/2020:08:24:56 +0800] "GET /xingrg/all/function/internal_message.html?_=1596155091107&CODE_STATE=getMsg HTTP/1.1" 200 27
58.40.7.146 - - [31/Jul/2020:08:24:57 +0800] "GET /xingrg/all/function/internal_message.html?_=1596155094515&CODE_STATE=getMsg HTTP/1.1" 200 27
172.17.0.185 - - [31/Jul/2020:08:24:58 +0800] "GET /xingrg/all/function/internal_message.html?_=1596155094056&CODE_STATE=getMsg HTTP/1.1" 200 27
114.88.159.89 - - [31/Jul/2020:08:25:04 +0800] "GET /xingrg/all/function/internal_message.html?_=1596154760764&CODE_STATE=getMsg HTTP/1.1" 200 27
114.88.161.57 - - [31/Jul/2020:08:25:12 +0800] "GET /xingrg/all/function/internal_message.html?_=1596155140008&CODE_STATE=getMsg HTTP/1.1" 200 27
61.151.178.225 - - [31/Jul/2020:08:25:21 +0800] "GET /xingrg/all/function/internal_message.html?_=1596154727531&CODE_STATE=getMsg HTTP/1.1" 302 -
114.89.80.44 - - [31/Jul/2020:08:25:22 +0800] "GET /xingrg/all/function/internal_message.html?_=1596155117095&CODE_STATE=getMsg HTTP/1.1" 200 27
114.89.80.44 - - [31/Jul/2020:08:25:22 +0800] "GET /xingrg/check_reg.html?_=1596155117109 HTTP/1.1" 200 22
61.151.178.225 - - [31/Jul/2020:08:25:24 +0800] "GET /xingrg/login.html HTTP/1.1" 200 7641
120.253.135.82 - - [31/Jul/2020:08:25:24 +0800] "GET /xingrg/all/function/internal_message.html?_=1596154875643&CODE_STATE=getMsg HTTP/1.1" 200 27
61.129.7.236 - - [31/Jul/2020:08:25:32 +0800] "GET /xingrg/all/function/internal_message.html?_=1596154667562&CODE_STATE=getMsg HTTP/1.1" 302 -
120.253.135.82 - - [31/Jul/2020:08:25:33 +0800] "GET /xingrg/javascript/easyui/themes/sunny/images/ui-bg_gloss-wave_60_fece2f_500x100.png HTTP/1.1" 200 3512
114.88.159.89 - - [31/Jul/2020:08:25:37 +0800] "GET /xingrg/all/function/internal_message.html?_=1596155147383&CODE_STATE=getMsg HTTP/1.1" 200 27
120.253.135.82 - - [31/Jul/2020:08:25:38 +0800] "GET /xingrg/kc/pszx/mdqp_order_list.html?state=10 HTTP/1.1" 200 11356
120.253.135.82 - - [31/Jul/2020:08:25:39 +0800] "GET /xingrg/dwr/interface/AjaxQqpsService.js HTTP/1.1" 200 16326
120.253.135.82 - - [31/Jul/2020:08:25:39 +0800] "GET /xingrg/dwr/interface/AjaxReportQueryService.js HTTP/1.1" 200 13203
120.253.135.82 - - [31/Jul/2020:08:25:39 +0800] "GET /xingrg/dwr/engine.js HTTP/1.1" 200 43631
120.253.135.82 - - [31/Jul/2020:08:25:39 +0800] "GET /xingrg/javascript/Calendar.js HTTP/1.1" 200 31561
61.129.7.236 - - [31/Jul/2020:08:25:42 +0800] "GET /xingrg/login.html HTTP/1.1" 200 7641
120.253.135.82 - - [31/Jul/2020:08:25:48 +0800] "GET /xingrg/dwr/util.js HTTP/1.1" 200 24612
120.253.135.82 - - [31/Jul/2020:08:25:48 +0800] "GET /xingrg/kc/pszx/mdqp_order_list.html?state=10 HTTP/1.1" 200 11356
120.253.135.82 - - [31/Jul/2020:08:25:48 +0800] "GET /xingrg/dwr/interface/AjaxReportQueryService.js HTTP/1.1" 200 13203
120.253.135.82 - - [31/Jul/2020:08:25:48 +0800] "GET /xingrg/dwr/interface/AjaxQqpsService.js HTTP/1.1" 200 16326
120.253.135.82 - - [31/Jul/2020:08:25:48 +0800] "GET /xingrg/dwr/engine.js HTTP/1.1" 200 43631
120.253.135.82 - - [31/Jul/2020:08:25:48 +0800] "GET /xingrg/dwr/util.js HTTP/1.1" 200 35990
120.253.135.82 - - [31/Jul/2020:08:25:48 +0800] "GET /xingrg/javascript/jquery_easy_ui/themes/icons/uncheck_new.png HTTP/1.1" 200 3197
120.253.135.82 - - [31/Jul/2020:08:25:48 +0800] "GET /xingrg/javascript/jquery_easy_ui/themes/icons/check_new.png HTTP/1.1" 200 3224
120.253.135.82 - - [31/Jul/2020:08:25:50 +0800] "GET /xingrg/kc/pszx/mdps_order_list.html?orderType=0 HTTP/1.1" 200 21018
120.253.135.82 - - [31/Jul/2020:08:25:50 +0800] "GET /xingrg/javascript/jquery_tools/table.css HTTP/1.1" 200 1032
120.253.135.82 - - [31/Jul/2020:08:25:50 +0800] "GET /xingrg/javascript/jquery_tools/jquery.tools.table.js HTTP/1.1" 200 6994
120.253.135.82 - - [31/Jul/2020:08:25:50 +0800] "GET /xingrg/javascript/easyui/themes/default/easyui.css HTTP/1.1" 200 30432
120.253.135.82 - - [31/Jul/2020:08:25:50 +0800] "GET /xingrg/javascript/easyui/themes/icons/edit_add_new.png HTTP/1.1" 200 2997
120.253.135.82 - - [31/Jul/2020:08:25:50 +0800] "GET /xingrg/javascript/easyui/themes/icons/cance_new.png HTTP/1.1" 200 3986
120.253.135.82 - - [31/Jul/2020:08:25:50 +0800] "GET /xingrg/javascript/easyui/themes/icons/check_new.png HTTP/1.1" 200 3224
120.253.135.82 - - [31/Jul/2020:08:25:50 +0800] "GET /xingrg/javascript/easyui/themes/icons/uncheck_new.png HTTP/1.1" 200 3197
120.253.135.82 - - [31/Jul/2020:08:25:50 +0800] "POST /xingrg/kc/pszx/mdps_list_operate.html HTTP/1.1" 200 5272
120.253.135.82 - - [31/Jul/2020:08:25:52 +0800] "GET /xingrg/javascript/auto/indicator.gif HTTP/1.1" 404 1066
120.253.135.82 - - [31/Jul/2020:08:25:56 +0800] "POST /xingrg/kc/pszx/mdps_list_operate.html HTTP/1.1" 200 3496
114.88.161.57 - - [31/Jul/2020:08:25:56 +0800] "GET /xingrg/all/function/internal_message.html?_=1596155151121&CODE_STATE=getMsg HTTP/1.1" 200 27
120.253.135.82 - - [31/Jul/2020:08:25:57 +0800] "POST /xingrg/kc/pszx/mdps_list_operate.html HTTP/1.1" 200 289
58.40.7.146 - - [31/Jul/2020:08:25:57 +0800] "GET /xingrg/all/function/internal_message.html?_=1596155154518&CODE_STATE=getMsg HTTP/1.1" 200 27
120.253.135.82 - - [31/Jul/2020:08:25:57 +0800] "GET /xingrg/kc/pszx/mdps_order_info.html?code=312020072500595 HTTP/1.1" 200 23843
120.253.135.82 - - [31/Jul/2020:08:25:57 +0800] "GET /xingrg/javascript/jquery_tools/order_manager.js HTTP/1.1" 200 11183
120.253.135.82 - - [31/Jul/2020:08:25:57 +0800] "GET /xingrg/javascript/print/kc_print.js HTTP/1.1" 200 11415
120.253.135.82 - - [31/Jul/2020:08:25:57 +0800] "GET /xingrg/words/20200730102719_words.js HTTP/1.1" 200 753890
120.253.135.82 - - [31/Jul/2020:08:25:57 +0800] "GET /xingrg/javascript/easyui/themes/icons/copy_new.png HTTP/1.1" 200 815
120.253.135.82 - - [31/Jul/2020:08:25:57 +0800] "GET /xingrg/javascript/easyui/themes/icons/ok.png HTTP/1.1" 200 883
120.253.135.82 - - [31/Jul/2020:08:25:57 +0800] "GET /xingrg/javascript/easyui/themes/icons/print.png HTTP/1.1" 200 1057
120.253.135.82 - - [31/Jul/2020:08:25:57 +0800] "GET /xingrg/javascript/easyui/themes/icons/cancel.png HTTP/1.1" 200 1133
120.253.135.82 - - [31/Jul/2020:08:25:57 +0800] "GET /xingrg/javascript/easyui/themes/default/images/menu_downarrow.png HTTP/1.1" 200 173
172.17.0.185 - - [31/Jul/2020:08:25:58 +0800] "GET /xingrg/all/function/internal_message.html?_=1596155154057&CODE_STATE=getMsg HTTP/1.1" 200 27
120.253.135.82 - - [31/Jul/2020:08:25:59 +0800] "POST /xingrg/kc/pszx/mdps_order_operate.html HTTP/1.1" 200 2786
120.253.135.82 - - [31/Jul/2020:08:25:59 +0800] "GET /xingrg/javascript/easyui/themes/icons/edit_remove.png HTTP/1.1" 200 625
120.253.135.82 - - [31/Jul/2020:08:25:59 +0800] "GET /xingrg/javascript/easyui/themes/default/validatebox.css HTTP/1.1" 404 1104
120.253.135.82 - - [31/Jul/2020:08:25:59 +0800] "GET /xingrg/javascript/easyui/plugins/jquery.validatebox.js HTTP/1.1" 200 6103
120.253.135.82 - - [31/Jul/2020:08:25:59 +0800] "GET /xingrg/javascript/easyui/plugins/jquery.numberbox.js HTTP/1.1" 200 5213
114.88.159.89 - - [31/Jul/2020:08:26:04 +0800] "GET /xingrg/all/function/internal_message.html?_=1596154820763&CODE_STATE=getMsg HTTP/1.1" 200 27
114.88.161.57 - - [31/Jul/2020:08:26:12 +0800] "GET /xingrg/check_reg.html?_=1596155200011 HTTP/1.1" 200 22
114.88.161.57 - - [31/Jul/2020:08:26:12 +0800] "GET /xingrg/all/function/internal_message.html?_=1596155200014&CODE_STATE=getMsg HTTP/1.1" 200 27
120.253.135.82 - - [31/Jul/2020:08:26:18 +0800] "GET /xingrg/kc/pszx/mdps_order_operate.html?command=get_materiel&pszx_code=00101&rest_code=00109&base_code=0010246&code=00101022088 HTTP/1.1" 200 440
114.89.80.44 - - [31/Jul/2020:08:26:22 +0800] "GET /xingrg/all/function/internal_message.html?_=1596155177108&CODE_STATE=getMsg HTTP/1.1" 200 27
120.253.135.82 - - [31/Jul/2020:08:26:24 +0800] "GET /xingrg/all/function/internal_message.html?_=1596154935655&CODE_STATE=getMsg HTTP/1.1" 200 27
120.253.135.82 - - [31/Jul/2020:08:26:35 +0800] "GET /xingrg/kc/pszx/mdps_order_operate.html?command=get_materiel&pszx_code=00101&rest_code=00109&base_code=0010246&code=00101008473 HTTP/1.1" 200 440
114.88.159.89 - - [31/Jul/2020:08:26:37 +0800] "GET /xingrg/all/function/internal_message.html?_=1596155207353&CODE_STATE=getMsg HTTP/1.1" 200 27
120.253.135.82 - - [31/Jul/2020:08:26:47 +0800] "GET /xingrg/kc/pszx/mdps_order_operate.html?command=get_materiel&pszx_code=00101&rest_code=00109&base_code=0010246&code=00101022065 HTTP/1.1" 200 480
114.88.159.89 - - [31/Jul/2020:08:26:50 +0800] "GET /xingrg/check_reg.html?_=1596155220342 HTTP/1.1" 200 22
120.253.135.82 - - [31/Jul/2020:08:26:51 +0800] "POST /xingrg/all/common/load_select.html HTTP/1.1" 200 25
120.253.135.82 - - [31/Jul/2020:08:26:53 +0800] "GET /xingrg/kc/pszx/mdps_order_operate.html?command=get_materiel_price&pszx_code=00101&rest_code=00109&base_code=0010246&code=00101022065&unit_code=00100399&order_time=2020-08-01 HTTP/1.1" 200 35
114.88.161.57 - - [31/Jul/2020:08:26:56 +0800] "GET /xingrg/all/function/internal_message.html?_=1596155211135&CODE_STATE=getMsg HTTP/1.1" 200 27
58.40.7.146 - - [31/Jul/2020:08:26:57 +0800] "GET /xingrg/all/function/internal_message.html?_=1596155214523&CODE_STATE=getMsg HTTP/1.1" 200 27
172.17.0.185 - - [31/Jul/2020:08:26:58 +0800] "GET /xingrg/check_reg.html?_=1596155214048 HTTP/1.1" 200 22
172.17.0.185 - - [31/Jul/2020:08:26:58 +0800] "GET /xingrg/all/function/internal_message.html?_=1596155214053&CODE_STATE=getMsg HTTP/1.1" 200 27
114.88.159.89 - - [31/Jul/2020:08:27:04 +0800] "GET /xingrg/all/function/internal_message.html?_=1596154880763&CODE_STATE=getMsg HTTP/1.1" 200 27
120.253.135.82 - - [31/Jul/2020:08:27:07 +0800] "GET /xingrg/javascript/easyui/themes/default/images/button_plain_hover.png HTTP/1.1" 200 144
120.253.135.82 - - [31/Jul/2020:08:27:07 +0800] "GET /xingrg/javascript/easyui/themes/default/images/button_plain_hover.png HTTP/1.1" 200 144
120.253.135.82 - - [31/Jul/2020:08:27:08 +0800] "POST /xingrg/kc/pszx/mdps_order_operate.html HTTP/1.1" 200 37
120.253.135.82 - - [31/Jul/2020:08:27:09 +0800] "GET /xingrg/kc/pszx/mdps_order_info.html?code=312020072500595 HTTP/1.1" 200 23843
120.253.135.82 - - [31/Jul/2020:08:27:09 +0800] "GET /xingrg/javascript/jquery_easy_ui/themes/icons/area.png HTTP/1.1" 200 262
120.253.135.82 - - [31/Jul/2020:08:27:09 +0800] "GET /xingrg/javascript/jquery_easy_ui/themes/icons/manage.png HTTP/1.1" 200 696
120.253.135.82 - - [31/Jul/2020:08:27:09 +0800] "POST /xingrg/kc/pszx/mdps_order_operate.html HTTP/1.1" 200 3839
120.253.135.82 - - [31/Jul/2020:08:27:09 +0800] "GET /xingrg/javascript/easyui/themes/default/validatebox.css HTTP/1.1" 404 1104
114.88.161.57 - - [31/Jul/2020:08:27:12 +0800] "GET /xingrg/all/function/internal_message.html?_=1596155260014&CODE_STATE=getMsg HTTP/1.1" 200 27
114.86.227.215 - - [31/Jul/2020:08:27:18 +0800] "POST /xingrg/services/DataTransmitService HTTP/1.1" 200 524
114.86.227.215 - - [31/Jul/2020:08:27:18 +0800] "POST /xingrg/services/DataTransmitService HTTP/1.1" 200 501
114.89.80.44 - - [31/Jul/2020:08:27:22 +0800] "GET /xingrg/all/function/internal_message.html?_=1596155237116&CODE_STATE=getMsg HTTP/1.1" 200 27
120.253.135.82 - - [31/Jul/2020:08:27:25 +0800] "POST /xingrg/kc/pszx/mdps_order_operate.html HTTP/1.1" 200 37
120.253.135.82 - - [31/Jul/2020:08:27:25 +0800] "GET /xingrg/kc/pszx/mdps_order_info.html?code=312020072500595 HTTP/1.1" 200 23843
120.253.135.82 - - [31/Jul/2020:08:27:26 +0800] "POST /xingrg/kc/pszx/mdps_order_operate.html HTTP/1.1" 200 3839
120.253.135.82 - - [31/Jul/2020:08:27:26 +0800] "GET /xingrg/javascript/easyui/themes/default/validatebox.css HTTP/1.1" 404 1104
120.253.135.82 - - [31/Jul/2020:08:27:26 +0800] "GET /xingrg/all/function/internal_message.html?_=1596154997666&CODE_STATE=getMsg HTTP/1.1" 200 27
120.253.135.82 - - [31/Jul/2020:08:27:29 +0800] "GET /xingrg/kc/pszx/mdps_order_info.html?code=312020072500595 HTTP/1.1" 200 23843
120.253.135.82 - - [31/Jul/2020:08:27:29 +0800] "POST /xingrg/kc/pszx/mdps_order_operate.html HTTP/1.1" 200 3839
120.253.135.82 - - [31/Jul/2020:08:27:29 +0800] "GET /xingrg/javascript/easyui/themes/default/validatebox.css HTTP/1.1" 404 1104
120.253.135.82 - - [31/Jul/2020:08:27:32 +0800] "POST /xingrg/kc/pszx/mdps_list_operate.html HTTP/1.1" 200 3497
114.88.159.89 - - [31/Jul/2020:08:27:37 +0800] "GET /xingrg/all/function/internal_message.html?_=1596155267323&CODE_STATE=getMsg HTTP/1.1" 200 27
120.253.135.82 - - [31/Jul/2020:08:27:38 +0800] "POST /xingrg/kc/pszx/mdps_list_operate.html HTTP/1.1" 200 868
120.253.135.82 - - [31/Jul/2020:08:27:40 +0800] "GET /xingrg/kc/pszx/mdps_order_add.html HTTP/1.1" 200 28958
120.253.135.82 - - [31/Jul/2020:08:27:41 +0800] "POST /xingrg/kc/pszx/mdps_order_operate.html HTTP/1.1" 200 7126
120.253.135.82 - - [31/Jul/2020:08:27:41 +0800] "GET /xingrg/javascript/easyui/themes/default/validatebox.css HTTP/1.1" 404 1104
120.253.135.82 - - [31/Jul/2020:08:27:45 +0800] "GET /xingrg/javascript/jquery_tools/images/prev.gif HTTP/1.1" 404 1086
120.253.135.82 - - [31/Jul/2020:08:27:45 +0800] "GET /xingrg/javascript/jquery_tools/images/next.gif HTTP/1.1" 404 1086
120.253.135.82 - - [31/Jul/2020:08:27:52 +0800] "POST /xingrg/all/common/load_combo.html?type=base HTTP/1.1" 200 899
114.88.161.57 - - [31/Jul/2020:08:27:56 +0800] "GET /xingrg/all/function/internal_message.html?_=1596155271161&CODE_STATE=getMsg HTTP/1.1" 200 27
58.40.7.146 - - [31/Jul/2020:08:27:57 +0800] "GET /xingrg/all/function/internal_message.html?_=1596155274527&CODE_STATE=getMsg HTTP/1.1" 200 27
172.17.0.185 - - [31/Jul/2020:08:27:58 +0800] "GET /xingrg/all/function/internal_message.html?_=1596155274055&CODE_STATE=getMsg HTTP/1.1" 200 27
120.253.135.82 - - [31/Jul/2020:08:28:00 +0800] "GET /xingrg/kc/pszx/mdps_order_operate.html?command=get_materiel&pszx_code=00101&rest_code=00106&base_code=0010246&code=00101022065 HTTP/1.1" 200 480
120.253.135.82 - - [31/Jul/2020:08:28:02 +0800] "POST /xingrg/all/common/load_select.html HTTP/1.1" 200 25
114.88.159.89 - - [31/Jul/2020:08:28:04 +0800] "GET /xingrg/all/function/internal_message.html?_=1596154940763&CODE_STATE=getMsg HTTP/1.1" 200 27
120.253.135.82 - - [31/Jul/2020:08:28:04 +0800] "GET /xingrg/kc/pszx/mdps_order_operate.html?command=get_materiel_price&pszx_code=00101&rest_code=00106&base_code=0010246&code=00101022065&unit_code=00100399&order_time=2020-08-02 HTTP/1.1" 200 35
120.253.135.82 - - [31/Jul/2020:08:28:11 +0800] "POST /xingrg/kc/pszx/mdps_order_operate.html HTTP/1.1" 200 37
120.253.135.82 - - [31/Jul/2020:08:28:11 +0800] "GET /xingrg/kc/pszx/mdps_order_info.html?code=312020073100719 HTTP/1.1" 200 23843
120.253.135.82 - - [31/Jul/2020:08:28:12 +0800] "GET /xingrg/javascript/easyui/themes/default/validatebox.css HTTP/1.1" 404 1104
120.253.135.82 - - [31/Jul/2020:08:28:12 +0800] "POST /xingrg/kc/pszx/mdps_order_operate.html HTTP/1.1" 200 2311
114.88.161.57 - - [31/Jul/2020:08:28:12 +0800] "GET /xingrg/all/function/internal_message.html?_=1596155320015&CODE_STATE=getMsg HTTP/1.1" 200 27
120.253.135.82 - - [31/Jul/2020:08:28:13 +0800] "POST /xingrg/kc/pszx/mdps_list_operate.html HTTP/1.1" 200 1683
120.253.135.82 - - [31/Jul/2020:08:28:22 +0800] "POST /xingrg/kc/pszx/mdps_list_operate.html HTTP/1.1" 200 1688
114.89.80.44 - - [31/Jul/2020:08:28:22 +0800] "GET /xingrg/all/function/internal_message.html?_=1596155297120&CODE_STATE=getMsg HTTP/1.1" 200 27
120.253.135.82 - - [31/Jul/2020:08:28:23 +0800] "POST /xingrg/kc/pszx/mdps_list_operate.html HTTP/1.1" 200 296
120.253.135.82 - - [31/Jul/2020:08:28:26 +0800] "GET /xingrg/kc/pszx/mdps_order_add.html HTTP/1.1" 200 28958
120.253.135.82 - - [31/Jul/2020:08:28:26 +0800] "POST /xingrg/kc/pszx/mdps_order_operate.html HTTP/1.1" 200 7126
120.253.135.82 - - [31/Jul/2020:08:28:26 +0800] "GET /xingrg/javascript/easyui/themes/default/validatebox.css HTTP/1.1" 404 1104
120.253.135.82 - - [31/Jul/2020:08:28:26 +0800] "GET /xingrg/all/function/internal_message.html?_=1596155057692&CODE_STATE=getMsg HTTP/1.1" 200 27
114.88.159.89 - - [31/Jul/2020:08:28:37 +0800] "GET /xingrg/all/function/internal_message.html?_=1596155327295&CODE_STATE=getMsg HTTP/1.1" 200 27
120.253.135.82 - - [31/Jul/2020:08:28:38 +0800] "POST /xingrg/all/common/load_combo.html?type=base HTTP/1.1" 200 899
120.253.135.82 - - [31/Jul/2020:08:28:46 +0800] "GET /xingrg/kc/pszx/mdps_order_operate.html?command=get_materiel&pszx_code=00101&rest_code=00141&base_code=0010246&code=00101022065 HTTP/1.1" 200 480
114.88.161.57 - - [31/Jul/2020:08:28:48 +0800] "GET /xingrg/kc/buy/cgsh_order_list.html HTTP/1.1" 200 43641
120.253.135.82 - - [31/Jul/2020:08:28:48 +0800] "POST /xingrg/all/common/load_select.html HTTP/1.1" 200 25
114.88.161.57 - - [31/Jul/2020:08:28:49 +0800] "POST /xingrg/kc/buy/cgsh_list_operate.html HTTP/1.1" 200 876
120.253.135.82 - - [31/Jul/2020:08:28:50 +0800] "GET /xingrg/kc/pszx/mdps_order_operate.html?command=get_materiel_price&pszx_code=00101&rest_code=00141&base_code=0010246&code=00101022065&unit_code=00100399&order_time=2020-08-03 HTTP/1.1" 200 35
114.88.161.57 - - [31/Jul/2020:08:28:54 +0800] "GET /xingrg/kc/base/wldb_order_list.html HTTP/1.1" 200 19255
114.88.161.57 - - [31/Jul/2020:08:28:54 +0800] "POST /xingrg/kc/base/wldb_list_operate.html HTTP/1.1" 200 928
114.88.161.57 - - [31/Jul/2020:08:28:55 +0800] "GET /xingrg/kc/buy/cgsh_order_list.html HTTP/1.1" 200 43641
120.253.135.82 - - [31/Jul/2020:08:28:55 +0800] "POST /xingrg/kc/pszx/mdps_order_operate.html HTTP/1.1" 200 37
114.88.161.57 - - [31/Jul/2020:08:28:56 +0800] "POST /xingrg/kc/buy/cgsh_list_operate.html HTTP/1.1" 200 876
120.253.135.82 - - [31/Jul/2020:08:28:56 +0800] "GET /xingrg/kc/pszx/mdps_order_info.html?code=312020073100720 HTTP/1.1" 200 23849
120.253.135.82 - - [31/Jul/2020:08:28:56 +0800] "POST /xingrg/kc/pszx/mdps_order_operate.html HTTP/1.1" 200 2310
114.88.161.57 - - [31/Jul/2020:08:28:56 +0800] "GET /xingrg/all/function/internal_message.html?_=1596155331177&CODE_STATE=getMsg HTTP/1.1" 200 27
120.253.135.82 - - [31/Jul/2020:08:28:56 +0800] "GET /xingrg/javascript/easyui/themes/default/validatebox.css HTTP/1.1" 404 1104
58.40.7.146 - - [31/Jul/2020:08:28:57 +0800] "GET /xingrg/check_reg.html?_=1596155334514 HTTP/1.1" 200 22
58.40.7.146 - - [31/Jul/2020:08:28:57 +0800] "GET /xingrg/all/function/internal_message.html?_=1596155334516&CODE_STATE=getMsg HTTP/1.1" 200 27
120.253.135.82 - - [31/Jul/2020:08:28:58 +0800] "POST /xingrg/kc/pszx/mdps_list_operate.html HTTP/1.1" 200 2061
172.17.0.185 - - [31/Jul/2020:08:28:58 +0800] "GET /xingrg/all/function/internal_message.html?_=1596155334059&CODE_STATE=getMsg HTTP/1.1" 200 27
114.88.161.57 - - [31/Jul/2020:08:29:03 +0800] "GET /xingrg/kc/mdqp/pssh_order_list.html HTTP/1.1" 200 17792
114.88.161.57 - - [31/Jul/2020:08:29:03 +0800] "POST /xingrg/kc/mdqp/pssh_list_operate.html HTTP/1.1" 200 5453
114.88.159.89 - - [31/Jul/2020:08:29:04 +0800] "GET /xingrg/check_reg.html?_=1596155000762 HTTP/1.1" 200 22
114.88.159.89 - - [31/Jul/2020:08:29:04 +0800] "GET /xingrg/all/function/internal_message.html?_=1596155000763&CODE_STATE=getMsg HTTP/1.1" 200 27
114.88.161.57 - - [31/Jul/2020:08:29:06 +0800] "POST /xingrg/kc/mdqp/pssh_list_operate.html HTTP/1.1" 200 808
114.88.161.57 - - [31/Jul/2020:08:29:07 +0800] "GET /xingrg/kc/mdqp/pssh_order_info.html?code=312020073100717 HTTP/1.1" 200 17279
114.88.161.57 - - [31/Jul/2020:08:29:07 +0800] "GET /xingrg/javascript/jquery_tools/jquery-1.4.2.min.js HTTP/1.1" 404 1094
114.88.161.57 - - [31/Jul/2020:08:29:07 +0800] "GET /xingrg/words/20200730102719_words.js HTTP/1.1" 304 -
114.88.161.57 - - [31/Jul/2020:08:29:07 +0800] "GET /xingrg/javascript/easyui/themes/icons/back_new.png HTTP/1.1" 304 -
114.88.161.57 - - [31/Jul/2020:08:29:07 +0800] "POST /xingrg/kc/mdqp/pssh_order_operate.html HTTP/1.1" 200 26697
114.88.161.57 - - [31/Jul/2020:08:29:07 +0800] "GET /xingrg/all/common/auto_word.html?type=base&rest_code=00111&rest_code=00111 HTTP/1.1" 200 1753
114.88.161.57 - - [31/Jul/2020:08:29:07 +0800] "GET /xingrg/all/common/auto_word.html?type=employee&rest_code=00111 HTTP/1.1" 200 205
114.88.161.57 - - [31/Jul/2020:08:29:07 +0800] "GET /xingrg/javascript/easyui/themes/default/validatebox.css HTTP/1.1" 404 1104
101.227.139.173 - - [31/Jul/2020:08:29:07 +0800] "GET /xingrg/all/function/internal_message.html?_=1596154547609&CODE_STATE=getMsg HTTP/1.1" 302 -
114.88.161.57 - - [31/Jul/2020:08:29:12 +0800] "GET /xingrg/all/function/internal_message.html?_=1596155380004&CODE_STATE=getMsg HTTP/1.1" 200 27
101.227.139.173 - - [31/Jul/2020:08:29:14 +0800] "GET /xingrg/login.html HTTP/1.1" 200 7641
114.89.80.44 - - [31/Jul/2020:08:29:22 +0800] "GET /xingrg/all/function/internal_message.html?_=1596155357121&CODE_STATE=getMsg HTTP/1.1" 200 27
120.253.135.82 - - [31/Jul/2020:08:29:24 +0800] "GET /xingrg/check_reg.html?_=1596155115620 HTTP/1.1" 200 22
101.85.53.146 - - [31/Jul/2020:08:29:26 +0800] "GET /xingrg/check_reg.html?_=1596154694120 HTTP/1.1" 200 22
120.253.135.82 - - [31/Jul/2020:08:29:26 +0800] "GET /xingrg/all/function/internal_message.html?_=1596155117694&CODE_STATE=getMsg HTTP/1.1" 200 27
120.253.135.82 - - [31/Jul/2020:08:29:32 +0800] "GET /xingrg/kc/pszx/mdqp_order_list.html?state=10 HTTP/1.1" 200 11356
120.253.135.82 - - [31/Jul/2020:08:29:33 +0800] "GET /xingrg/dwr/interface/AjaxReportQueryService.js HTTP/1.1" 200 13203
120.253.135.82 - - [31/Jul/2020:08:29:33 +0800] "GET /xingrg/dwr/interface/AjaxQqpsService.js HTTP/1.1" 200 16326
120.253.135.82 - - [31/Jul/2020:08:29:33 +0800] "GET /xingrg/dwr/engine.js HTTP/1.1" 200 43631
120.253.135.82 - - [31/Jul/2020:08:29:35 +0800] "GET /xingrg/kc/pszx/mdth_order_list.html HTTP/1.1" 200 18442
120.253.135.82 - - [31/Jul/2020:08:29:35 +0800] "POST /xingrg/kc/pszx/mdth_order_new_list.html HTTP/1.1" 200 4647
114.88.159.89 - - [31/Jul/2020:08:29:37 +0800] "GET /xingrg/all/function/internal_message.html?_=1596155387264&CODE_STATE=getMsg HTTP/1.1" 200 27
120.253.135.82 - - [31/Jul/2020:08:29:43 +0800] "POST /xingrg/kc/pszx/mdth_order_new_list.html HTTP/1.1" 200 199
114.88.161.57 - - [31/Jul/2020:08:29:56 +0800] "GET /xingrg/check_reg.html?_=1596155391063 HTTP/1.1" 200 22
114.88.161.57 - - [31/Jul/2020:08:29:56 +0800] "GET /xingrg/all/function/internal_message.html?_=1596155391192&CODE_STATE=getMsg HTTP/1.1" 200 27
58.40.7.146 - - [31/Jul/2020:08:29:57 +0800] "GET /xingrg/all/function/internal_message.html?_=1596155394518&CODE_STATE=getMsg HTTP/1.1" 200 27
172.17.0.185 - - [31/Jul/2020:08:29:58 +0800] "GET /xingrg/all/function/internal_message.html?_=1596155394048&CODE_STATE=getMsg HTTP/1.1" 200 27
114.88.159.89 - - [31/Jul/2020:08:30:04 +0800] "GET /xingrg/all/function/internal_message.html?_=1596155060789&CODE_STATE=getMsg HTTP/1.1" 200 27
114.88.161.57 - - [31/Jul/2020:08:30:12 +0800] "GET /xingrg/all/function/internal_message.html?_=1596155440014&CODE_STATE=getMsg HTTP/1.1" 200 27
114.89.80.44 - - [31/Jul/2020:08:30:22 +0800] "GET /xingrg/all/function/internal_message.html?_=1596155417138&CODE_STATE=getMsg HTTP/1.1" 200 27
114.89.80.44 - - [31/Jul/2020:08:30:22 +0800] "GET /xingrg/check_reg.html?_=1596155417122 HTTP/1.1" 200 22
120.253.135.82 - - [31/Jul/2020:08:30:26 +0800] "GET /xingrg/all/function/internal_message.html?_=1596155177707&CODE_STATE=getMsg HTTP/1.1" 200 27
114.88.159.89 - - [31/Jul/2020:08:30:37 +0800] "GET /xingrg/all/function/internal_message.html?_=1596155447243&CODE_STATE=getMsg HTTP/1.1" 200 27
120.253.135.82 - - [31/Jul/2020:08:30:48 +0800] "GET /xingrg/kc/pszx/mdqp_order_list.html?state=10 HTTP/1.1" 200 11356
120.253.135.82 - - [31/Jul/2020:08:30:48 +0800] "GET /xingrg/dwr/interface/AjaxReportQueryService.js HTTP/1.1" 200 13203
120.253.135.82 - - [31/Jul/2020:08:30:48 +0800] "GET /xingrg/dwr/interface/AjaxQqpsService.js HTTP/1.1" 200 16326
120.253.135.82 - - [31/Jul/2020:08:30:48 +0800] "GET /xingrg/dwr/engine.js HTTP/1.1" 200 43631
114.88.161.57 - - [31/Jul/2020:08:30:56 +0800] "GET /xingrg/all/function/internal_message.html?_=1596155451205&CODE_STATE=getMsg HTTP/1.1" 200 27
58.40.7.146 - - [31/Jul/2020:08:30:57 +0800] "GET /xingrg/all/function/internal_message.html?_=1596155454521&CODE_STATE=getMsg HTTP/1.1" 200 27
172.17.0.185 - - [31/Jul/2020:08:30:58 +0800] "GET /xingrg/all/function/internal_message.html?_=1596155454052&CODE_STATE=getMsg HTTP/1.1" 200 27
120.253.135.82 - - [31/Jul/2020:08:31:02 +0800] "GET /xingrg/javascript/jquery_easy_ui/themes/default/images/button_plain_hover.png HTTP/1.1" 200 252
114.88.159.89 - - [31/Jul/2020:08:31:04 +0800] "GET /xingrg/all/function/internal_message.html?_=1596155120787&CODE_STATE=getMsg HTTP/1.1" 200 27
114.88.161.57 - - [31/Jul/2020:08:31:12 +0800] "GET /xingrg/check_reg.html?_=1596155500028 HTTP/1.1" 200 22
114.88.161.57 - - [31/Jul/2020:08:31:12 +0800] "GET /xingrg/all/function/internal_message.html?_=1596155500030&CODE_STATE=getMsg HTTP/1.1" 200 27
114.89.80.44 - - [31/Jul/2020:08:31:22 +0800] "GET /xingrg/all/function/internal_message.html?_=1596155477137&CODE_STATE=getMsg HTTP/1.1" 200 27
120.253.135.82 - - [31/Jul/2020:08:31:26 +0800] "GET /xingrg/all/function/internal_message.html?_=1596155237773&CODE_STATE=getMsg HTTP/1.1" 200 27
114.88.159.89 - - [31/Jul/2020:08:31:37 +0800] "GET /xingrg/all/function/internal_message.html?_=1596155507218&CODE_STATE=getMsg HTTP/1.1" 200 27
114.88.159.89 - - [31/Jul/2020:08:31:50 +0800] "GET /xingrg/check_reg.html?_=1596155520315 HTTP/1.1" 200 22
120.253.135.82 - - [31/Jul/2020:08:31:52 +0800] "GET /xingrg/kc/pszx/mdth_order_list.html HTTP/1.1" 200 18442
120.253.135.82 - - [31/Jul/2020:08:31:53 +0800] "POST /xingrg/kc/pszx/mdth_order_new_list.html HTTP/1.1" 200 4647
114.88.161.57 - - [31/Jul/2020:08:31:56 +0800] "GET /xingrg/all/function/internal_message.html?_=1596155511218&CODE_STATE=getMsg HTTP/1.1" 200 27
58.40.7.146 - - [31/Jul/2020:08:31:57 +0800] "GET /xingrg/all/function/internal_message.html?_=1596155514524&CODE_STATE=getMsg HTTP/1.1" 200 27
172.17.0.185 - - [31/Jul/2020:08:31:58 +0800] "GET /xingrg/check_reg.html?_=1596155514057 HTTP/1.1" 200 22
172.17.0.185 - - [31/Jul/2020:08:31:58 +0800] "GET /xingrg/all/function/internal_message.html?_=1596155514061&CODE_STATE=getMsg HTTP/1.1" 200 27
114.88.159.89 - - [31/Jul/2020:08:32:04 +0800] "GET /xingrg/all/function/internal_message.html?_=1596155180786&CODE_STATE=getMsg HTTP/1.1" 200 27
114.88.161.57 - - [31/Jul/2020:08:32:12 +0800] "GET /xingrg/all/function/internal_message.html?_=1596155560014&CODE_STATE=getMsg HTTP/1.1" 200 27
114.89.80.44 - - [31/Jul/2020:08:32:22 +0800] "GET /xingrg/all/function/internal_message.html?_=1596155537130&CODE_STATE=getMsg HTTP/1.1" 200 27
120.253.135.82 - - [31/Jul/2020:08:32:26 +0800] "GET /xingrg/all/function/internal_message.html?_=1596155297781&CODE_STATE=getMsg HTTP/1.1" 200 27
114.88.159.89 - - [31/Jul/2020:08:32:37 +0800] "GET /xingrg/all/function/internal_message.html?_=1596155567185&CODE_STATE=getMsg HTTP/1.1" 200 27
114.88.161.57 - - [31/Jul/2020:08:32:56 +0800] "GET /xingrg/all/function/internal_message.html?_=1596155571246&CODE_STATE=getMsg HTTP/1.1" 200 27
58.40.7.146 - - [31/Jul/2020:08:32:57 +0800] "GET /xingrg/all/function/internal_message.html?_=1596155574526&CODE_STATE=getMsg HTTP/1.1" 200 27
172.17.0.185 - - [31/Jul/2020:08:32:58 +0800] "GET /xingrg/all/function/internal_message.html?_=1596155574047&CODE_STATE=getMsg HTTP/1.1" 200 27
114.88.159.89 - - [31/Jul/2020:08:33:04 +0800] "GET /xingrg/all/function/internal_message.html?_=1596155240787&CODE_STATE=getMsg HTTP/1.1" 200 27
114.88.161.57 - - [31/Jul/2020:08:33:12 +0800] "GET /xingrg/all/function/internal_message.html?_=1596155620014&CODE_STATE=getMsg HTTP/1.1" 200 27
114.89.80.44 - - [31/Jul/2020:08:33:22 +0800] "GET /xingrg/all/function/internal_message.html?_=1596155597151&CODE_STATE=getMsg HTTP/1.1" 200 27
120.253.135.82 - - [31/Jul/2020:08:33:26 +0800] "GET /xingrg/all/function/internal_message.html?_=1596155357828&CODE_STATE=getMsg HTTP/1.1" 200 27
114.88.159.89 - - [31/Jul/2020:08:33:37 +0800] "GET /xingrg/all/function/internal_message.html?_=1596155627164&CODE_STATE=getMsg HTTP/1.1" 200 27
120.253.135.82 - - [31/Jul/2020:08:33:43 +0800] "GET /xingrg/dwr/interface/AjaxReportQueryService.js HTTP/1.1" 200 13203
120.253.135.82 - - [31/Jul/2020:08:33:43 +0800] "GET /xingrg/dwr/interface/AjaxQqpsService.js HTTP/1.1" 200 16326
120.253.135.82 - - [31/Jul/2020:08:33:43 +0800] "GET /xingrg/dwr/engine.js HTTP/1.1" 200 43631
120.253.135.82 - - [31/Jul/2020:08:33:43 +0800] "GET /xingrg/kc/pszx/mdqp_order_list.html?state=10 HTTP/1.1" 200 11356
61.129.6.151 - - [31/Jul/2020:08:33:44 +0800] "GET /xingrg/all/function/internal_message.html?_=1596154967432&CODE_STATE=getMsg HTTP/1.1" 302 -
61.129.6.151 - - [31/Jul/2020:08:33:46 +0800] "GET /xingrg/login.html HTTP/1.1" 200 7641
120.253.135.82 - - [31/Jul/2020:08:33:51 +0800] "GET /xingrg/kc/pszx/mdps_order_list.html?orderType=1 HTTP/1.1" 200 19075
120.253.135.82 - - [31/Jul/2020:08:33:51 +0800] "POST /xingrg/kc/pszx/mdps_list_operate.html HTTP/1.1" 200 868
120.253.135.82 - - [31/Jul/2020:08:33:53 +0800] "GET /xingrg/kc/pszx/mdps_order_list.html?orderType=0 HTTP/1.1" 200 21018
120.253.135.82 - - [31/Jul/2020:08:33:53 +0800] "POST /xingrg/kc/pszx/mdps_list_operate.html HTTP/1.1" 200 5273
114.88.161.57 - - [31/Jul/2020:08:33:56 +0800] "GET /xingrg/all/function/internal_message.html?_=1596155631261&CODE_STATE=getMsg HTTP/1.1" 200 27
58.40.7.146 - - [31/Jul/2020:08:33:57 +0800] "GET /xingrg/check_reg.html?_=1596155634531 HTTP/1.1" 200 22
58.40.7.146 - - [31/Jul/2020:08:33:57 +0800] "GET /xingrg/all/function/internal_message.html?_=1596155634532&CODE_STATE=getMsg HTTP/1.1" 200 27
172.17.0.185 - - [31/Jul/2020:08:33:58 +0800] "GET /xingrg/all/function/internal_message.html?_=1596155634049&CODE_STATE=getMsg HTTP/1.1" 200 27
114.88.159.89 - - [31/Jul/2020:08:34:04 +0800] "GET /xingrg/all/function/internal_message.html?_=1596155300785&CODE_STATE=getMsg HTTP/1.1" 200 27
114.88.159.89 - - [31/Jul/2020:08:34:04 +0800] "GET /xingrg/check_reg.html?_=1596155300786 HTTP/1.1" 200 22
58.221.95.50 - - [31/Jul/2020:08:34:04 +0800] "GET /xingrg/all/function/internal_message.html?_=1596155751528&CODE_STATE=getMsg HTTP/1.1" 302 -
58.221.95.50 - - [31/Jul/2020:08:34:04 +0800] "GET /xingrg/check_reg.html?_=1596155752464 HTTP/1.1" 302 -
58.221.95.50 - - [31/Jul/2020:08:34:05 +0800] "GET /xingrg/login.html HTTP/1.1" 200 7641
58.221.95.50 - - [31/Jul/2020:08:34:05 +0800] "GET /xingrg/login.html HTTP/1.1" 200 7641
61.151.178.225 - - [31/Jul/2020:08:34:10 +0800] "GET /xingrg/all/function/internal_message.html?_=1596155147383&CODE_STATE=getMsg HTTP/1.1" 302 -
114.88.161.57 - - [31/Jul/2020:08:34:12 +0800] "GET /xingrg/all/function/internal_message.html?_=1596155680013&CODE_STATE=getMsg HTTP/1.1" 200 27
120.253.135.82 - - [31/Jul/2020:08:34:15 +0800] "GET /xingrg/kc/pszx/mdqp_order_list.html?state=10 HTTP/1.1" 200 11356
120.253.135.82 - - [31/Jul/2020:08:34:15 +0800] "GET /xingrg/dwr/interface/AjaxQqpsService.js HTTP/1.1" 200 16326
120.253.135.82 - - [31/Jul/2020:08:34:15 +0800] "GET /xingrg/dwr/interface/AjaxReportQueryService.js HTTP/1.1" 200 13203
120.253.135.82 - - [31/Jul/2020:08:34:16 +0800] "GET /xingrg/dwr/engine.js HTTP/1.1" 200 43631
61.151.178.225 - - [31/Jul/2020:08:34:19 +0800] "GET /xingrg/login.html HTTP/1.1" 200 7641
114.89.80.44 - - [31/Jul/2020:08:34:22 +0800] "GET /xingrg/all/function/internal_message.html?_=1596155657137&CODE_STATE=getMsg HTTP/1.1" 200 27
120.253.135.82 - - [31/Jul/2020:08:34:22 +0800] "GET /xingrg/kc/pszx/mdth_order_list.html HTTP/1.1" 200 18442
120.253.135.82 - - [31/Jul/2020:08:34:22 +0800] "POST /xingrg/kc/pszx/mdth_order_new_list.html HTTP/1.1" 200 4647
120.253.135.82 - - [31/Jul/2020:08:34:24 +0800] "GET /xingrg/check_reg.html?_=1596155415729 HTTP/1.1" 200 22
101.85.53.146 - - [31/Jul/2020:08:34:26 +0800] "GET /xingrg/check_reg.html?_=1596154994102 HTTP/1.1" 200 22
120.253.135.82 - - [31/Jul/2020:08:34:26 +0800] "GET /xingrg/all/function/internal_message.html?_=1596155417840&CODE_STATE=getMsg HTTP/1.1" 200 27
114.88.159.89 - - [31/Jul/2020:08:34:37 +0800] "GET /xingrg/all/function/internal_message.html?_=1596155687135&CODE_STATE=getMsg HTTP/1.1" 200 27
58.221.95.50 - - [31/Jul/2020:08:34:55 +0800] "GET /xingrg/all/function/internal_message.html?_=1596155811509&CODE_STATE=getMsg HTTP/1.1" 302 -
114.88.161.57 - - [31/Jul/2020:08:34:56 +0800] "GET /xingrg/check_reg.html?_=1596155691090 HTTP/1.1" 200 22
114.88.161.57 - - [31/Jul/2020:08:34:56 +0800] "GET /xingrg/all/function/internal_message.html?_=1596155691274&CODE_STATE=getMsg HTTP/1.1" 200 27
58.40.7.146 - - [31/Jul/2020:08:34:57 +0800] "GET /xingrg/all/function/internal_message.html?_=1596155694519&CODE_STATE=getMsg HTTP/1.1" 200 27
172.17.0.185 - - [31/Jul/2020:08:34:58 +0800] "GET /xingrg/all/function/internal_message.html?_=1596155694055&CODE_STATE=getMsg HTTP/1.1" 200 27
114.88.159.89 - - [31/Jul/2020:08:35:04 +0800] "GET /xingrg/all/function/internal_message.html?_=1596155360784&CODE_STATE=getMsg HTTP/1.1" 200 27
120.253.135.82 - - [31/Jul/2020:08:35:09 +0800] "GET /xingrg/kc/pszx/mdth_order_list.html HTTP/1.1" 200 18442
120.253.135.82 - - [31/Jul/2020:08:35:09 +0800] "POST /xingrg/kc/pszx/mdth_order_new_list.html HTTP/1.1" 200 4647
114.88.161.57 - - [31/Jul/2020:08:35:12 +0800] "GET /xingrg/all/function/internal_message.html?_=1596155740013&CODE_STATE=getMsg HTTP/1.1" 200 27
120.253.135.82 - - [31/Jul/2020:08:35:20 +0800] "GET /xingrg/kc/report/report_main.html HTTP/1.1" 200 9370
114.89.80.44 - - [31/Jul/2020:08:35:22 +0800] "GET /xingrg/all/function/internal_message.html?_=1596155717137&CODE_STATE=getMsg HTTP/1.1" 200 27
114.89.80.44 - - [31/Jul/2020:08:35:22 +0800] "GET /xingrg/check_reg.html?_=1596155717141 HTTP/1.1" 200 22
120.253.135.82 - - [31/Jul/2020:08:35:22 +0800] "GET /xingrg/kc/base/kc_stocks.html HTTP/1.1" 200 16329
120.253.135.82 - - [31/Jul/2020:08:35:23 +0800] "GET /xingrg/javascript/easyui/themes/default/tree.css HTTP/1.1" 404 1090
120.253.135.82 - - [31/Jul/2020:08:35:23 +0800] "POST /xingrg/all/common/load_tree.html?tree=materiel_sort_tree_json HTTP/1.1" 200 8666
120.253.135.82 - - [31/Jul/2020:08:35:24 +0800] "POST /xingrg/all/common/load_combo.html?type=base HTTP/1.1" 200 899
120.253.135.82 - - [31/Jul/2020:08:35:31 +0800] "GET /xingrg/all/function/internal_message.html?_=1596155477852&CODE_STATE=getMsg HTTP/1.1" 200 27
120.253.135.82 - - [31/Jul/2020:08:35:33 +0800] "POST /xingrg/kc/base/stock_operate.html HTTP/1.1" 200 1452
114.88.159.89 - - [31/Jul/2020:08:35:37 +0800] "GET /xingrg/all/function/internal_message.html?_=1596155747138&CODE_STATE=getMsg HTTP/1.1" 200 27
120.253.135.82 - - [31/Jul/2020:08:35:43 +0800] "POST /xingrg/kc/base/stock_operate.html HTTP/1.1" 200 1738
58.221.95.50 - - [31/Jul/2020:08:35:55 +0800] "GET /xingrg/all/function/internal_message.html?_=1596155871490&CODE_STATE=getMsg HTTP/1.1" 302 -
114.88.161.57 - - [31/Jul/2020:08:35:56 +0800] "GET /xingrg/all/function/internal_message.html?_=1596155751288&CODE_STATE=getMsg HTTP/1.1" 200 27
58.40.7.146 - - [31/Jul/2020:08:35:57 +0800] "GET /xingrg/all/function/internal_message.html?_=1596155754521&CODE_STATE=getMsg HTTP/1.1" 200 27
172.17.0.185 - - [31/Jul/2020:08:35:58 +0800] "GET /xingrg/all/function/internal_message.html?_=1596155754059&CODE_STATE=getMsg HTTP/1.1" 200 27
114.88.159.89 - - [31/Jul/2020:08:36:04 +0800] "GET /xingrg/all/function/internal_message.html?_=1596155420800&CODE_STATE=getMsg HTTP/1.1" 200 27
114.88.161.57 - - [31/Jul/2020:08:36:12 +0800] "GET /xingrg/all/function/internal_message.html?_=1596155800016&CODE_STATE=getMsg HTTP/1.1" 200 27
114.88.161.57 - - [31/Jul/2020:08:36:12 +0800] "GET /xingrg/check_reg.html?_=1596155800014 HTTP/1.1" 200 22
114.89.80.44 - - [31/Jul/2020:08:36:22 +0800] "GET /xingrg/all/function/internal_message.html?_=1596155777156&CODE_STATE=getMsg HTTP/1.1" 200 27
120.253.135.82 - - [31/Jul/2020:08:36:26 +0800] "GET /xingrg/all/function/internal_message.html?_=1596155537867&CODE_STATE=getMsg HTTP/1.1" 200 27
114.88.159.89 - - [31/Jul/2020:08:36:37 +0800] "GET /xingrg/all/function/internal_message.html?_=1596155807105&CODE_STATE=getMsg HTTP/1.1" 200 27
114.88.159.89 - - [31/Jul/2020:08:36:50 +0800] "GET /xingrg/check_reg.html?_=1596155820315 HTTP/1.1" 200 22
58.221.95.50 - - [31/Jul/2020:08:36:55 +0800] "GET /xingrg/all/function/internal_message.html?_=1596155931472&CODE_STATE=getMsg HTTP/1.1" 302 -
114.88.161.57 - - [31/Jul/2020:08:36:56 +0800] "GET /xingrg/all/function/internal_message.html?_=1596155811302&CODE_STATE=getMsg HTTP/1.1" 200 27
58.40.7.146 - - [31/Jul/2020:08:36:57 +0800] "GET /xingrg/all/function/internal_message.html?_=1596155814523&CODE_STATE=getMsg HTTP/1.1" 200 27
172.17.0.185 - - [31/Jul/2020:08:36:58 +0800] "GET /xingrg/check_reg.html?_=1596155814059 HTTP/1.1" 200 22
172.17.0.185 - - [31/Jul/2020:08:36:58 +0800] "GET /xingrg/all/function/internal_message.html?_=1596155814063&CODE_STATE=getMsg HTTP/1.1" 200 27
61.129.6.227 - - [31/Jul/2020:08:37:01 +0800] "GET /xingrg/all/function/internal_message.html?_=1596155267323&CODE_STATE=getMsg HTTP/1.1" 302 -
114.88.159.89 - - [31/Jul/2020:08:37:04 +0800] "GET /xingrg/all/function/internal_message.html?_=1596155480784&CODE_STATE=getMsg HTTP/1.1" 200 27
61.129.6.227 - - [31/Jul/2020:08:37:09 +0800] "GET /xingrg/login.html HTTP/1.1" 200 7641
114.88.161.57 - - [31/Jul/2020:08:37:12 +0800] "GET /xingrg/all/function/internal_message.html?_=1596155860016&CODE_STATE=getMsg HTTP/1.1" 200 27
120.253.135.82 - - [31/Jul/2020:08:37:19 +0800] "GET /xingrg/kc/base/stock_detail.html?m=00101019373 HTTP/1.1" 200 6273
