114.88.161.57 - - [31/Jul/2020:09:46:30 +0800] "GET /xingrg/index.html?sysBaseUrl=http%3A%2F%2F180.169.147.146%3A18081%2Fxingrg%2F&costTime=35×tamp=1596159990188 HTTP/1.1" 200 17173
114.88.161.57 - - [31/Jul/2020:09:46:30 +0800] "POST /xingrg/all/common/load_tree.html?tree=area_rest_tree_json&manage=1 HTTP/1.1" 200 342
114.88.161.57 - - [31/Jul/2020:09:46:30 +0800] "GET /xingrg/all/function/internal_message.html?_=1596160017843&CODE_STATE=count HTTP/1.1" 200 11
114.88.161.57 - - [31/Jul/2020:09:46:30 +0800] "GET /xingrg/check_reg.html?_=1596160017843 HTTP/1.1" 200 22
114.88.161.57 - - [31/Jul/2020:09:46:30 +0800] "POST /xingrg/load_menu.html HTTP/1.1" 200 5138
114.89.80.44 - - [31/Jul/2020:09:46:34 +0800] "GET /xingrg/all/function/internal_message.html?_=1596160109204&CODE_STATE=getMsg HTTP/1.1" 200 27
114.88.159.89 - - [31/Jul/2020:09:46:35 +0800] "GET /xingrg/all/function/internal_message.html?_=1596160005568&CODE_STATE=getMsg HTTP/1.1" 200 27
114.88.161.57 - - [31/Jul/2020:09:46:37 +0800] "GET /xingrg/kc/buy/cgsh_order_list.html HTTP/1.1" 200 43641
222.69.143.246 - - [31/Jul/2020:09:46:38 +0800] "GET /xingrg/all/function/internal_message.html?_=1596159987710&CODE_STATE=getMsg HTTP/1.1" 200 27
114.88.161.57 - - [31/Jul/2020:09:46:41 +0800] "POST /xingrg/kc/buy/cgsh_list_operate.html HTTP/1.1" 200 3133
180.175.214.200 - - [31/Jul/2020:09:46:42 +0800] "POST /xingrg/kc/buy/cgsh_order_operate.html HTTP/1.1" 200 12
114.88.161.57 - - [31/Jul/2020:09:46:45 +0800] "POST /xingrg/kc/buy/cgsh_list_operate.html HTTP/1.1" 200 568
114.88.161.57 - - [31/Jul/2020:09:46:47 +0800] "GET /xingrg/kc/buy/cgsh_order_info.html?code=212020073112957 HTTP/1.1" 200 59388
114.88.161.57 - - [31/Jul/2020:09:46:47 +0800] "GET /xingrg/all/common/auto_word.html?type=employee&rest_code=00111 HTTP/1.1" 200 205
114.88.161.57 - - [31/Jul/2020:09:46:47 +0800] "GET /xingrg/all/common/auto_word.html?type=employee&rest_code=00111 HTTP/1.1" 200 205
114.88.161.57 - - [31/Jul/2020:09:46:47 +0800] "GET /xingrg/javascript/easyui/themes/default/validatebox.css HTTP/1.1" 404 1104
114.88.161.57 - - [31/Jul/2020:09:46:48 +0800] "POST /xingrg/kc/buy/cgsh_order_operate.html HTTP/1.1" 200 44011
114.88.159.89 - - [31/Jul/2020:09:46:50 +0800] "GET /xingrg/check_reg.html?_=1596160020150 HTTP/1.1" 200 22
180.175.214.200 - - [31/Jul/2020:09:46:52 +0800] "GET /xingrg/kc/buy/cgsh_order_info.html?code=212020073112981 HTTP/1.1" 200 54192
222.69.27.237 - - [31/Jul/2020:09:46:53 +0800] "GET /xingrg/all/function/internal_message.html?_=1596159913733&CODE_STATE=getMsg HTTP/1.1" 200 27
180.175.214.200 - - [31/Jul/2020:09:46:54 +0800] "GET /xingrg/javascript/easyui/themes/default/validatebox.css HTTP/1.1" 404 1104
180.175.214.200 - - [31/Jul/2020:09:46:54 +0800] "GET /xingrg/all/function/internal_message.html?_=1596160216082&CODE_STATE=getMsg HTTP/1.1" 200 27
114.89.80.44 - - [31/Jul/2020:09:46:54 +0800] "GET /xingrg/all/function/internal_message.html?_=1596160009412&CODE_STATE=getMsg HTTP/1.1" 200 27
222.70.173.120 - - [31/Jul/2020:09:46:54 +0800] "GET /xingrg/all/function/internal_message.html?_=1596160007557&CODE_STATE=getMsg HTTP/1.1" 200 27
180.175.214.200 - - [31/Jul/2020:09:46:54 +0800] "POST /xingrg/kc/buy/cgsh_order_operate.html HTTP/1.1" 200 7743
116.230.74.197 - - [31/Jul/2020:09:46:56 +0800] "GET /xingrg/all/function/internal_message.html?_=1596160005525&CODE_STATE=getMsg HTTP/1.1" 200 27
180.175.214.200 - - [31/Jul/2020:09:46:57 +0800] "GET /xingrg/kc/print/load_data.html?order_code=212020073112981&kc_code=cgsh&condition= HTTP/1.1" 200 3487
58.40.7.146 - - [31/Jul/2020:09:46:57 +0800] "GET /xingrg/all/function/internal_message.html?_=1596160014615&CODE_STATE=getMsg HTTP/1.1" 200 27
172.17.0.185 - - [31/Jul/2020:09:46:58 +0800] "GET /xingrg/all/function/internal_message.html?_=1596160014055&CODE_STATE=getMsg HTTP/1.1" 200 27
172.17.0.185 - - [31/Jul/2020:09:46:58 +0800] "GET /xingrg/check_reg.html?_=1596160014070 HTTP/1.1" 200 22
114.88.161.57 - - [31/Jul/2020:09:46:59 +0800] "GET /xingrg/kc/print/load_config.html?kc_code=cgsh HTTP/1.1" 200 1845
114.88.161.57 - - [31/Jul/2020:09:47:00 +0800] "GET /xingrg/kc/print/load_data.html?order_code=212020073112957&kc_code=cgsh&condition= HTTP/1.1" 200 16302
114.89.80.44 - - [31/Jul/2020:09:47:02 +0800] "POST /xingrg/kc/buy/cgsh_order_operate.html HTTP/1.1" 200 37
114.89.80.44 - - [31/Jul/2020:09:47:03 +0800] "POST /xingrg/kc/buy/cgsh_order_operate.html HTTP/1.1" 200 22887
114.88.159.89 - - [31/Jul/2020:09:47:04 +0800] "GET /xingrg/all/function/internal_message.html?_=1596159680942&CODE_STATE=getMsg HTTP/1.1" 200 27
114.88.161.57 - - [31/Jul/2020:09:47:05 +0800] "GET /xingrg/all/function/internal_message.html?_=1596160020033&CODE_STATE=getMsg HTTP/1.1" 200 27
180.175.214.200 - - [31/Jul/2020:09:47:07 +0800] "GET /xingrg/kc/buy/cgsh_order_add.html HTTP/1.1" 200 59291
180.175.214.200 - - [31/Jul/2020:09:47:09 +0800] "POST /xingrg/kc/buy/cgsh_order_operate.html HTTP/1.1" 200 8245
222.69.143.246 - - [31/Jul/2020:09:47:09 +0800] "GET /xingrg/check_reg.html?_=1596159795151 HTTP/1.1" 200 22
222.69.143.246 - - [31/Jul/2020:09:47:10 +0800] "GET /xingrg/all/function/internal_message.html?_=1596159795147&CODE_STATE=getMsg HTTP/1.1" 200 27
180.175.214.200 - - [31/Jul/2020:09:47:10 +0800] "GET /xingrg/javascript/easyui/themes/default/validatebox.css HTTP/1.1" 404 1104
180.157.251.101 - - [31/Jul/2020:09:47:10 +0800] "GET /xingrg/all/function/internal_message.html?_=1596160029962&CODE_STATE=getMsg HTTP/1.1" 200 27
180.157.251.101 - - [31/Jul/2020:09:47:10 +0800] "GET /xingrg/check_reg.html?_=1596160029967 HTTP/1.1" 200 22
180.175.214.200 - - [31/Jul/2020:09:47:13 +0800] "GET /xingrg/javascript/easyui/themes/default/tree.css HTTP/1.1" 404 1090
180.175.214.200 - - [31/Jul/2020:09:47:13 +0800] "POST /xingrg/all/common/load_tree.html?tree=supplier_tree_json&isDelete=1 HTTP/1.1" 200 49675
172.17.0.100 - - [31/Jul/2020:09:47:16 +0800] "GET /xingrg/all/function/internal_message.html?_=1596160031929&CODE_STATE=getMsg HTTP/1.1" 200 27
61.172.5.115 - - [31/Jul/2020:09:47:17 +0800] "GET /xingrg/all/function/internal_message.html?_=1596160037312&CODE_STATE=getMsg HTTP/1.1" 200 27
117.184.7.26 - - [31/Jul/2020:09:47:22 +0800] "GET /xingrg/all/function/internal_message.html?_=1596160030307&CODE_STATE=getMsg HTTP/1.1" 200 27
117.184.7.26 - - [31/Jul/2020:09:47:22 +0800] "GET /xingrg/check_reg.html?_=1596160030795 HTTP/1.1" 200 22
114.89.80.44 - - [31/Jul/2020:09:47:24 +0800] "GET /xingrg/kc/buy/cgsh_order_operate.html?command=get_materiel&rest_code=00151&code=00101015038&supplier_code=00100007&order_time=2020-07-31 HTTP/1.1" 200 419
180.175.214.200 - - [31/Jul/2020:09:47:27 +0800] "GET /xingrg/kc/buy/cgsh_order_operate.html?command=get_materiel&rest_code=00102&code=00101012030&supplier_code=00100031&order_time=2020-07-31 HTTP/1.1" 200 416
120.253.135.82 - - [31/Jul/2020:09:47:29 +0800] "GET /xingrg/all/function/internal_message.html?_=1596159799878&CODE_STATE=getMsg HTTP/1.1" 200 27
114.88.161.57 - - [31/Jul/2020:09:47:30 +0800] "GET /xingrg/all/function/internal_message.html?_=1596160077856&CODE_STATE=getMsg HTTP/1.1" 200 27
114.89.80.44 - - [31/Jul/2020:09:47:31 +0800] "GET /xingrg/check_reg.html?_=1596160166051 HTTP/1.1" 200 22
114.89.80.44 - - [31/Jul/2020:09:47:34 +0800] "GET /xingrg/all/function/internal_message.html?_=1596160169217&CODE_STATE=getMsg HTTP/1.1" 200 27
114.88.159.89 - - [31/Jul/2020:09:47:35 +0800] "GET /xingrg/all/function/internal_message.html?_=1596160065550&CODE_STATE=getMsg HTTP/1.1" 200 27
180.175.214.200 - - [31/Jul/2020:09:47:36 +0800] "GET /xingrg/kc/buy/cgsh_order_operate.html?command=get_materiel&rest_code=00102&code=00101005037&supplier_code=00100031&order_time=2020-07-31 HTTP/1.1" 200 409
222.69.143.246 - - [31/Jul/2020:09:47:38 +0800] "GET /xingrg/all/function/internal_message.html?_=1596160047694&CODE_STATE=getMsg HTTP/1.1" 200 27
114.89.80.44 - - [31/Jul/2020:09:47:39 +0800] "POST /xingrg/kc/buy/cgsh_order_operate.html HTTP/1.1" 200 37
114.89.80.44 - - [31/Jul/2020:09:47:40 +0800] "POST /xingrg/kc/buy/cgsh_order_operate.html HTTP/1.1" 200 25255
180.175.214.200 - - [31/Jul/2020:09:47:43 +0800] "GET /xingrg/kc/buy/cgsh_order_operate.html?command=get_materiel&rest_code=00102&code=00101012029&supplier_code=00100031&order_time=2020-07-31 HTTP/1.1" 200 412
114.89.80.44 - - [31/Jul/2020:09:47:46 +0800] "GET /xingrg/css/base.css HTTP/1.1" 304 -
114.89.80.44 - - [31/Jul/2020:09:47:46 +0800] "GET /xingrg/javascript/jquery_tools/datebox.css HTTP/1.1" 304 -
114.89.80.44 - - [31/Jul/2020:09:47:46 +0800] "GET /xingrg/css/site.css HTTP/1.1" 304 -
114.89.80.44 - - [31/Jul/2020:09:47:46 +0800] "GET /xingrg/javascript/easyui/themes/default/easyui.css HTTP/1.1" 304 -
114.89.80.44 - - [31/Jul/2020:09:47:46 +0800] "GET /xingrg/javascript/jquery_tools/fix.css HTTP/1.1" 304 -
114.89.80.44 - - [31/Jul/2020:09:47:46 +0800] "GET /xingrg/javascript/easyui/themes/icon.css HTTP/1.1" 304 -
114.89.80.44 - - [31/Jul/2020:09:47:46 +0800] "GET /xingrg/javascript/jquery_tools/jquery.tools.min.js HTTP/1.1" 304 -
114.89.80.44 - - [31/Jul/2020:09:47:46 +0800] "GET /xingrg/javascript/jquery_tools/table.css HTTP/1.1" 304 -
114.89.80.44 - - [31/Jul/2020:09:47:46 +0800] "GET /xingrg/javascript/auto/jquery.autocomplete.css HTTP/1.1" 304 -
114.89.80.44 - - [31/Jul/2020:09:47:46 +0800] "GET /xingrg/javascript/jquery_tools/jquery.tools.hotkey.js HTTP/1.1" 304 -
114.89.80.44 - - [31/Jul/2020:09:47:46 +0800] "GET /xingrg/javascript/jquery_tools/jquery.tools.extend.js HTTP/1.1" 304 -
114.89.80.44 - - [31/Jul/2020:09:47:46 +0800] "GET /xingrg/javascript/jquery_tools/jquery.tools.table.js HTTP/1.1" 304 -
114.89.80.44 - - [31/Jul/2020:09:47:46 +0800] "GET /xingrg/javascript/jquery_tools/list_manager.js HTTP/1.1" 304 -
114.89.80.44 - - [31/Jul/2020:09:47:46 +0800] "GET /xingrg/javascript/easyui/easyloader.js HTTP/1.1" 304 -
114.89.80.44 - - [31/Jul/2020:09:47:46 +0800] "GET /xingrg/javascript/auto/jquery.autocomplete.js HTTP/1.1" 304 -
114.89.80.44 - - [31/Jul/2020:09:47:46 +0800] "GET /xingrg/javascript/jquery.cookie.js HTTP/1.1" 304 -
114.89.80.44 - - [31/Jul/2020:09:47:46 +0800] "GET /xingrg/javascript/jquery.utils.js HTTP/1.1" 304 -
114.89.80.44 - - [31/Jul/2020:09:47:46 +0800] "GET /xingrg/javascript/print/LodopFuncs.js HTTP/1.1" 304 -
114.89.80.44 - - [31/Jul/2020:09:47:46 +0800] "GET /xingrg/kc/buy/cgsh_order_list.html HTTP/1.1" 200 43645
114.89.80.44 - - [31/Jul/2020:09:47:46 +0800] "GET /xingrg/javascript/easyui/themes/icons/check_new.png HTTP/1.1" 304 -
114.89.80.44 - - [31/Jul/2020:09:47:46 +0800] "GET /xingrg/javascript/easyui/themes/icons/edit_add_new.png HTTP/1.1" 304 -
114.89.80.44 - - [31/Jul/2020:09:47:46 +0800] "GET /xingrg/javascript/easyui/themes/icons/field_new.png HTTP/1.1" 304 -
114.89.80.44 - - [31/Jul/2020:09:47:46 +0800] "GET /xingrg/javascript/easyui/themes/icons/cance_new.png HTTP/1.1" 304 -
114.89.80.44 - - [31/Jul/2020:09:47:46 +0800] "GET /xingrg/javascript/easyui/themes/icons/import_new.png HTTP/1.1" 304 -
114.89.80.44 - - [31/Jul/2020:09:47:46 +0800] "GET /xingrg/javascript/easyui/plugins/jquery.parser.js HTTP/1.1" 304 -
114.89.80.44 - - [31/Jul/2020:09:47:46 +0800] "GET /xingrg/images/control/ajaxLoader.gif HTTP/1.1" 304 -
114.89.80.44 - - [31/Jul/2020:09:47:48 +0800] "POST /xingrg/kc/buy/cgsh_list_operate.html HTTP/1.1" 200 2468
114.89.80.44 - - [31/Jul/2020:09:47:53 +0800] "POST /xingrg/kc/buy/cgsh_list_operate.html HTTP/1.1" 200 575
180.175.214.200 - - [31/Jul/2020:09:47:53 +0800] "POST /xingrg/kc/buy/cgsh_order_operate.html HTTP/1.1" 200 37
222.69.27.237 - - [31/Jul/2020:09:47:53 +0800] "GET /xingrg/all/function/internal_message.html?_=1596159973744&CODE_STATE=getMsg HTTP/1.1" 200 27
222.70.173.120 - - [31/Jul/2020:09:47:54 +0800] "GET /xingrg/check_reg.html?_=1596160067107 HTTP/1.1" 200 22
114.89.80.44 - - [31/Jul/2020:09:47:54 +0800] "GET /xingrg/kc/buy/cgsh_order_info.html?code=212020073112975 HTTP/1.1" 200 59042
114.89.80.44 - - [31/Jul/2020:09:47:54 +0800] "GET /xingrg/javascript/easyui/themes/default/validatebox.css HTTP/1.1" 404 1104
114.89.80.44 - - [31/Jul/2020:09:47:54 +0800] "GET /xingrg/all/function/internal_message.html?_=1596160069388&CODE_STATE=getMsg HTTP/1.1" 200 27
222.70.173.120 - - [31/Jul/2020:09:47:54 +0800] "GET /xingrg/all/function/internal_message.html?_=1596160067570&CODE_STATE=getMsg HTTP/1.1" 200 27
114.89.80.44 - - [31/Jul/2020:09:47:54 +0800] "POST /xingrg/kc/buy/cgsh_order_operate.html HTTP/1.1" 200 7428
180.175.214.200 - - [31/Jul/2020:09:47:56 +0800] "POST /xingrg/kc/buy/cgsh_order_operate.html HTTP/1.1" 200 12
116.230.74.197 - - [31/Jul/2020:09:47:56 +0800] "GET /xingrg/all/function/internal_message.html?_=1596160065508&CODE_STATE=getMsg HTTP/1.1" 200 27
180.175.214.200 - - [31/Jul/2020:09:47:57 +0800] "GET /xingrg/kc/buy/cgsh_order_info.html?code=212020073112982 HTTP/1.1" 200 54194
58.40.7.146 - - [31/Jul/2020:09:47:57 +0800] "GET /xingrg/all/function/internal_message.html?_=1596160074618&CODE_STATE=getMsg HTTP/1.1" 200 27
172.17.0.185 - - [31/Jul/2020:09:47:58 +0800] "GET /xingrg/all/function/internal_message.html?_=1596160074048&CODE_STATE=getMsg HTTP/1.1" 200 27
180.175.214.200 - - [31/Jul/2020:09:47:59 +0800] "GET /xingrg/all/function/internal_message.html?_=1596160281328&CODE_STATE=getMsg HTTP/1.1" 200 27
180.175.214.200 - - [31/Jul/2020:09:47:59 +0800] "GET /xingrg/javascript/easyui/themes/default/validatebox.css HTTP/1.1" 404 1104
180.175.214.200 - - [31/Jul/2020:09:47:59 +0800] "POST /xingrg/kc/buy/cgsh_order_operate.html HTTP/1.1" 200 1790
180.175.214.200 - - [31/Jul/2020:09:48:01 +0800] "GET /xingrg/kc/print/load_data.html?order_code=212020073112982&kc_code=cgsh&condition= HTTP/1.1" 200 1156
114.88.159.89 - - [31/Jul/2020:09:48:04 +0800] "GET /xingrg/all/function/internal_message.html?_=1596159740940&CODE_STATE=getMsg HTTP/1.1" 200 27
114.88.161.57 - - [31/Jul/2020:09:48:06 +0800] "GET /xingrg/all/function/internal_message.html?_=1596160080470&CODE_STATE=getMsg HTTP/1.1" 200 27
180.175.214.200 - - [31/Jul/2020:09:48:09 +0800] "GET /xingrg/kc/buy/cgsh_order_add.html HTTP/1.1" 200 59291
222.69.143.246 - - [31/Jul/2020:09:48:09 +0800] "GET /xingrg/all/function/internal_message.html?_=1596159855146&CODE_STATE=getMsg HTTP/1.1" 200 27
180.157.251.101 - - [31/Jul/2020:09:48:10 +0800] "GET /xingrg/all/function/internal_message.html?_=1596160089960&CODE_STATE=getMsg HTTP/1.1" 200 27
114.89.80.44 - - [31/Jul/2020:09:48:11 +0800] "POST /xingrg/kc/buy/cgsh_order_operate.html HTTP/1.1" 200 37
180.175.214.200 - - [31/Jul/2020:09:48:13 +0800] "POST /xingrg/kc/buy/cgsh_order_operate.html HTTP/1.1" 200 8245
180.175.214.200 - - [31/Jul/2020:09:48:14 +0800] "GET /xingrg/javascript/easyui/themes/default/validatebox.css HTTP/1.1" 404 1104
114.89.80.44 - - [31/Jul/2020:09:48:14 +0800] "POST /xingrg/kc/buy/cgsh_order_operate.html HTTP/1.1" 200 12
180.175.214.200 - - [31/Jul/2020:09:48:15 +0800] "GET /xingrg/javascript/easyui/themes/default/tree.css HTTP/1.1" 404 1090
180.175.214.200 - - [31/Jul/2020:09:48:15 +0800] "POST /xingrg/all/common/load_tree.html?tree=supplier_tree_json&isDelete=1 HTTP/1.1" 200 49675
172.17.0.100 - - [31/Jul/2020:09:48:16 +0800] "GET /xingrg/all/function/internal_message.html?_=1596160091928&CODE_STATE=getMsg HTTP/1.1" 200 27
172.17.0.100 - - [31/Jul/2020:09:48:16 +0800] "GET /xingrg/check_reg.html?_=1596160091930 HTTP/1.1" 200 22
114.89.80.44 - - [31/Jul/2020:09:48:16 +0800] "GET /xingrg/kc/buy/cgsh_order_info.html?code=212020073112977 HTTP/1.1" 200 54206
114.89.80.44 - - [31/Jul/2020:09:48:16 +0800] "GET /xingrg/javascript/easyui/themes/default/validatebox.css HTTP/1.1" 404 1104
114.89.80.44 - - [31/Jul/2020:09:48:17 +0800] "POST /xingrg/kc/buy/cgsh_order_operate.html HTTP/1.1" 200 34934
61.172.5.115 - - [31/Jul/2020:09:48:17 +0800] "GET /xingrg/all/function/internal_message.html?_=1596160097284&CODE_STATE=getMsg HTTP/1.1" 200 27
114.89.80.44 - - [31/Jul/2020:09:48:19 +0800] "GET /xingrg/kc/print/load_data.html?order_code=212020073112977&kc_code=cgsh&condition= HTTP/1.1" 200 13745
117.184.7.26 - - [31/Jul/2020:09:48:22 +0800] "GET /xingrg/all/function/internal_message.html?_=1596160090280&CODE_STATE=getMsg HTTP/1.1" 200 27
114.89.80.44 - - [31/Jul/2020:09:48:28 +0800] "POST /xingrg/all/user/operate.html HTTP/1.1" 200 36
114.89.80.44 - - [31/Jul/2020:09:48:28 +0800] "GET /xingrg/index.html?sysBaseUrl=http%3A%2F%2F180.169.147.146%3A18081%2Fxingrg%2F&costTime=37×tamp=1596079690721 HTTP/1.1" 200 17177
114.89.80.44 - - [31/Jul/2020:09:48:28 +0800] "GET /xingrg/javascript/jquery_easy_ui/themes/default/easyui.css HTTP/1.1" 304 -
114.89.80.44 - - [31/Jul/2020:09:48:28 +0800] "GET /xingrg/javascript/jquery_easy_ui/themes/icon.css HTTP/1.1" 304 -
114.89.80.44 - - [31/Jul/2020:09:48:28 +0800] "GET /xingrg/css/form.css HTTP/1.1" 304 -
114.89.80.44 - - [31/Jul/2020:09:48:28 +0800] "GET /xingrg/javascript/jquery-1.4.2.min.js HTTP/1.1" 304 -
114.89.80.44 - - [31/Jul/2020:09:48:28 +0800] "GET /xingrg/javascript/jquery_easy_ui/jquery.easyui.min.js HTTP/1.1" 304 -
114.89.80.44 - - [31/Jul/2020:09:48:28 +0800] "GET /xingrg/javascript/jquery_easy_ui/easyui-lang-zh_CN.js HTTP/1.1" 304 -
114.89.80.44 - - [31/Jul/2020:09:48:28 +0800] "GET /xingrg/javascript/jquery.form.js HTTP/1.1" 304 -
114.89.80.44 - - [31/Jul/2020:09:48:29 +0800] "GET /xingrg/javascript/jquery.utils.js HTTP/1.1" 304 -
114.89.80.44 - - [31/Jul/2020:09:48:29 +0800] "GET /xingrg/javascript/jquery.timers.js HTTP/1.1" 304 -
114.89.80.44 - - [31/Jul/2020:09:48:29 +0800] "GET /xingrg/images/blue/jxLogo.png HTTP/1.1" 304 -
114.89.80.44 - - [31/Jul/2020:09:48:29 +0800] "GET /xingrg/javascript/jquery_easy_ui/themes/icons/settle_new.png HTTP/1.1" 304 -
114.89.80.44 - - [31/Jul/2020:09:48:29 +0800] "GET /xingrg/images/blue/navBackgound.jpg HTTP/1.1" 304 -
120.253.135.82 - - [31/Jul/2020:09:48:29 +0800] "GET /xingrg/all/function/internal_message.html?_=1596159859955&CODE_STATE=getMsg HTTP/1.1" 200 27
114.89.80.44 - - [31/Jul/2020:09:48:29 +0800] "POST /xingrg/all/common/load_tree.html?tree=area_rest_tree_json&manage=1 HTTP/1.1" 200 476
114.89.80.44 - - [31/Jul/2020:09:48:29 +0800] "POST /xingrg/kc/buy/cgsh_order_operate.html HTTP/1.1" 200 37
114.89.80.44 - - [31/Jul/2020:09:48:29 +0800] "GET /xingrg/all/function/internal_message.html?_=1596160104068&CODE_STATE=count HTTP/1.1" 200 11
114.89.80.44 - - [31/Jul/2020:09:48:29 +0800] "GET /xingrg/check_reg.html?_=1596160104069 HTTP/1.1" 200 22
114.89.80.44 - - [31/Jul/2020:09:48:29 +0800] "GET /xingrg/javascript/jquery_easy_ui/themes/default/images/tabs_leftarrow.png HTTP/1.1" 304 -
114.89.80.44 - - [31/Jul/2020:09:48:29 +0800] "GET /xingrg/images/blue/pingpu.png HTTP/1.1" 304 -
114.89.80.44 - - [31/Jul/2020:09:48:29 +0800] "GET /xingrg/javascript/jquery_easy_ui/themes/default/images/panel_tool_collapse.gif HTTP/1.1" 304 -
114.89.80.44 - - [31/Jul/2020:09:48:29 +0800] "GET /xingrg/javascript/jquery_easy_ui/themes/default/images/tabs_rightarrow.png HTTP/1.1" 304 -
114.89.80.44 - - [31/Jul/2020:09:48:29 +0800] "POST /xingrg/load_menu.html HTTP/1.1" 200 5138
114.88.161.57 - - [31/Jul/2020:09:48:30 +0800] "GET /xingrg/all/function/internal_message.html?_=1596160137857&CODE_STATE=getMsg HTTP/1.1" 200 27
114.89.80.44 - - [31/Jul/2020:09:48:30 +0800] "POST /xingrg/kc/buy/cgsh_order_operate.html HTTP/1.1" 200 12
114.89.80.44 - - [31/Jul/2020:09:48:31 +0800] "GET /xingrg/kc/buy/cgsh_order_list.html HTTP/1.1" 200 43645
114.89.80.44 - - [31/Jul/2020:09:48:31 +0800] "GET /xingrg/kc/buy/cgsh_order_info.html?code=212020073112975 HTTP/1.1" 200 53940
114.89.80.44 - - [31/Jul/2020:09:48:32 +0800] "GET /xingrg/javascript/easyui/themes/default/validatebox.css HTTP/1.1" 404 1104
180.175.214.200 - - [31/Jul/2020:09:48:32 +0800] "GET /xingrg/kc/buy/cgsh_order_operate.html?command=get_materiel&rest_code=00102&code=00101015042&supplier_code=00100054&order_time=2020-07-31 HTTP/1.1" 200 408
114.89.80.44 - - [31/Jul/2020:09:48:32 +0800] "POST /xingrg/kc/buy/cgsh_order_operate.html HTTP/1.1" 200 5373
114.89.80.44 - - [31/Jul/2020:09:48:33 +0800] "POST /xingrg/kc/buy/cgsh_list_operate.html HTTP/1.1" 200 2087
114.89.80.44 - - [31/Jul/2020:09:48:34 +0800] "GET /xingrg/kc/print/load_data.html?order_code=212020073112975&kc_code=cgsh&condition= HTTP/1.1" 200 2660
114.89.80.44 - - [31/Jul/2020:09:48:34 +0800] "POST /xingrg/kc/buy/cgsh_list_operate.html HTTP/1.1" 200 567
114.89.80.44 - - [31/Jul/2020:09:48:34 +0800] "GET /xingrg/kc/buy/cgsh_order_info.html?code=212020073112980 HTTP/1.1" 200 59042
114.89.80.44 - - [31/Jul/2020:09:48:35 +0800] "GET /xingrg/all/common/auto_word.html?type=employee&rest_code=00151 HTTP/1.1" 200 243
114.89.80.44 - - [31/Jul/2020:09:48:35 +0800] "GET /xingrg/all/common/auto_word.html?type=employee&rest_code=00151 HTTP/1.1" 200 243
114.89.80.44 - - [31/Jul/2020:09:48:35 +0800] "GET /xingrg/javascript/easyui/themes/default/validatebox.css HTTP/1.1" 404 1104
114.89.80.44 - - [31/Jul/2020:09:48:35 +0800] "GET /xingrg/all/function/internal_message.html?_=1596160230043&CODE_STATE=getMsg HTTP/1.1" 200 27
114.89.80.44 - - [31/Jul/2020:09:48:35 +0800] "POST /xingrg/kc/buy/cgsh_order_operate.html HTTP/1.1" 200 25255
114.88.159.89 - - [31/Jul/2020:09:48:35 +0800] "GET /xingrg/all/function/internal_message.html?_=1596160125532&CODE_STATE=getMsg HTTP/1.1" 200 27
222.69.143.246 - - [31/Jul/2020:09:48:38 +0800] "GET /xingrg/all/function/internal_message.html?_=1596160107681&CODE_STATE=getMsg HTTP/1.1" 200 27
114.89.80.44 - - [31/Jul/2020:09:48:44 +0800] "POST /xingrg/kc/buy/cgsh_list_operate.html HTTP/1.1" 200 349
180.175.214.200 - - [31/Jul/2020:09:48:46 +0800] "GET /xingrg/kc/buy/cgsh_order_operate.html?command=get_materiel&rest_code=00102&code=00101015021&supplier_code=00100054&order_time=2020-07-31 HTTP/1.1" 200 408
114.89.80.44 - - [31/Jul/2020:09:48:50 +0800] "GET /xingrg/kc/buy/cgsh_order_info.html?code=212020073112973 HTTP/1.1" 200 59044
114.89.80.44 - - [31/Jul/2020:09:48:50 +0800] "GET /xingrg/javascript/easyui/themes/default/validatebox.css HTTP/1.1" 404 1104
114.89.80.44 - - [31/Jul/2020:09:48:50 +0800] "POST /xingrg/kc/buy/cgsh_order_operate.html HTTP/1.1" 200 3836
222.69.27.237 - - [31/Jul/2020:09:48:53 +0800] "GET /xingrg/all/function/internal_message.html?_=1596160033734&CODE_STATE=getMsg HTTP/1.1" 200 27
222.70.173.120 - - [31/Jul/2020:09:48:54 +0800] "GET /xingrg/all/function/internal_message.html?_=1596160127584&CODE_STATE=getMsg HTTP/1.1" 200 27
116.230.74.197 - - [31/Jul/2020:09:48:56 +0800] "GET /xingrg/all/function/internal_message.html?_=1596160125492&CODE_STATE=getMsg HTTP/1.1" 200 27
180.175.214.200 - - [31/Jul/2020:09:48:57 +0800] "GET /xingrg/kc/buy/cgsh_order_operate.html?command=get_materiel&rest_code=00102&code=00101015040&supplier_code=00100054&order_time=2020-07-31 HTTP/1.1" 200 408
58.40.7.146 - - [31/Jul/2020:09:48:57 +0800] "GET /xingrg/check_reg.html?_=1596160134606 HTTP/1.1" 200 22
58.40.7.146 - - [31/Jul/2020:09:48:57 +0800] "GET /xingrg/all/function/internal_message.html?_=1596160134608&CODE_STATE=getMsg HTTP/1.1" 200 27
172.17.0.185 - - [31/Jul/2020:09:48:58 +0800] "GET /xingrg/all/function/internal_message.html?_=1596160134048&CODE_STATE=getMsg HTTP/1.1" 200 27
180.175.214.200 - - [31/Jul/2020:09:48:59 +0800] "GET /xingrg/all/function/internal_message.html?_=1596160341352&CODE_STATE=getMsg HTTP/1.1" 200 27
101.91.60.105 - - [31/Jul/2020:09:49:04 +0800] "GET /xingrg/check_reg.html?_=1596159420174 HTTP/1.1" 302 -
114.88.159.89 - - [31/Jul/2020:09:49:04 +0800] "GET /xingrg/all/function/internal_message.html?_=1596159800941&CODE_STATE=getMsg HTTP/1.1" 200 27
114.88.159.89 - - [31/Jul/2020:09:49:04 +0800] "GET /xingrg/check_reg.html?_=1596159800943 HTTP/1.1" 200 22
114.88.161.57 - - [31/Jul/2020:09:49:06 +0800] "GET /xingrg/all/function/internal_message.html?_=1596160140486&CODE_STATE=getMsg HTTP/1.1" 200 27
101.91.60.105 - - [31/Jul/2020:09:49:07 +0800] "GET /xingrg/login.html HTTP/1.1" 200 7641
222.69.143.246 - - [31/Jul/2020:09:49:09 +0800] "GET /xingrg/all/function/internal_message.html?_=1596159915149&CODE_STATE=getMsg HTTP/1.1" 200 27
180.157.251.101 - - [31/Jul/2020:09:49:10 +0800] "GET /xingrg/all/function/internal_message.html?_=1596160149962&CODE_STATE=getMsg HTTP/1.1" 200 27
180.175.214.200 - - [31/Jul/2020:09:49:15 +0800] "POST /xingrg/kc/buy/cgsh_order_operate.html HTTP/1.1" 200 37
172.17.0.100 - - [31/Jul/2020:09:49:16 +0800] "GET /xingrg/all/function/internal_message.html?_=1596160151928&CODE_STATE=getMsg HTTP/1.1" 200 27
61.172.5.115 - - [31/Jul/2020:09:49:17 +0800] "GET /xingrg/all/function/internal_message.html?_=1596160157262&CODE_STATE=getMsg HTTP/1.1" 200 27
180.175.214.200 - - [31/Jul/2020:09:49:17 +0800] "POST /xingrg/kc/buy/cgsh_order_operate.html HTTP/1.1" 200 12
180.175.214.200 - - [31/Jul/2020:09:49:18 +0800] "GET /xingrg/kc/buy/cgsh_order_info.html?code=212020073112983 HTTP/1.1" 200 54190
114.89.80.44 - - [31/Jul/2020:09:49:18 +0800] "POST /xingrg/kc/buy/cgsh_order_operate.html HTTP/1.1" 200 37
114.89.80.44 - - [31/Jul/2020:09:49:20 +0800] "POST /xingrg/kc/buy/cgsh_order_operate.html HTTP/1.1" 200 12
180.175.214.200 - - [31/Jul/2020:09:49:20 +0800] "GET /xingrg/javascript/easyui/themes/default/validatebox.css HTTP/1.1" 404 1104
180.175.214.200 - - [31/Jul/2020:09:49:20 +0800] "POST /xingrg/kc/buy/cgsh_order_operate.html HTTP/1.1" 200 2359
114.89.80.44 - - [31/Jul/2020:09:49:20 +0800] "GET /xingrg/kc/buy/cgsh_order_info.html?code=212020073112973 HTTP/1.1" 200 53942
114.89.80.44 - - [31/Jul/2020:09:49:21 +0800] "GET /xingrg/javascript/easyui/themes/default/validatebox.css HTTP/1.1" 404 1104
114.89.80.44 - - [31/Jul/2020:09:49:21 +0800] "POST /xingrg/kc/buy/cgsh_order_operate.html HTTP/1.1" 200 1786
117.184.7.26 - - [31/Jul/2020:09:49:22 +0800] "GET /xingrg/all/function/internal_message.html?_=1596160150266&CODE_STATE=getMsg HTTP/1.1" 200 27
114.89.80.44 - - [31/Jul/2020:09:49:23 +0800] "GET /xingrg/kc/print/load_data.html?order_code=212020073112973&kc_code=cgsh&condition= HTTP/1.1" 200 1244
180.175.214.200 - - [31/Jul/2020:09:49:23 +0800] "GET /xingrg/login.html HTTP/1.1" 200 7641
180.175.214.200 - - [31/Jul/2020:09:49:23 +0800] "GET /favicon.ico HTTP/1.1" 404 -
180.175.214.200 - - [31/Jul/2020:09:49:23 +0800] "GET /xingrg/kc/print/load_data.html?order_code=212020073112983&kc_code=cgsh&condition= HTTP/1.1" 200 1337
180.175.214.200 - - [31/Jul/2020:09:49:24 +0800] "POST /xingrg/login.do HTTP/1.1" 302 -
180.175.214.200 - - [31/Jul/2020:09:49:24 +0800] "GET /xingrg/index.html?sysBaseUrl=http%3A%2F%2F180.169.147.146%3A18081%2Fxingrg%2F&costTime=35×tamp=1596160164548 HTTP/1.1" 200 17173
180.175.214.200 - - [31/Jul/2020:09:49:24 +0800] "GET /xingrg/javascript/jquery_easy_ui/themes/default/easyui.css HTTP/1.1" 304 -
180.175.214.200 - - [31/Jul/2020:09:49:24 +0800] "GET /xingrg/javascript/jquery_easy_ui/jquery.easyui.min.js HTTP/1.1" 304 -
180.175.214.200 - - [31/Jul/2020:09:49:24 +0800] "GET /xingrg/javascript/jquery_easy_ui/themes/icon.css HTTP/1.1" 304 -
180.175.214.200 - - [31/Jul/2020:09:49:24 +0800] "GET /xingrg/javascript/jquery-1.4.2.min.js HTTP/1.1" 304 -
180.175.214.200 - - [31/Jul/2020:09:49:24 +0800] "GET /xingrg/css/form.css HTTP/1.1" 304 -
180.175.214.200 - - [31/Jul/2020:09:49:24 +0800] "GET /xingrg/javascript/jquery_easy_ui/easyui-lang-zh_CN.js HTTP/1.1" 304 -
180.175.214.200 - - [31/Jul/2020:09:49:24 +0800] "GET /xingrg/javascript/jquery.utils.js HTTP/1.1" 304 -
180.175.214.200 - - [31/Jul/2020:09:49:24 +0800] "GET /xingrg/javascript/jquery.timers.js HTTP/1.1" 304 -
180.175.214.200 - - [31/Jul/2020:09:49:24 +0800] "GET /xingrg/javascript/jquery.form.js HTTP/1.1" 304 -
180.175.214.200 - - [31/Jul/2020:09:49:24 +0800] "GET /favicon.ico HTTP/1.1" 404 -
180.175.214.200 - - [31/Jul/2020:09:49:24 +0800] "POST /xingrg/all/common/load_tree.html?tree=area_rest_tree_json&manage=1 HTTP/1.1" 200 342
180.175.214.200 - - [31/Jul/2020:09:49:25 +0800] "GET /xingrg/all/function/internal_message.html?_=1596160160977&CODE_STATE=count HTTP/1.1" 200 11
180.175.214.200 - - [31/Jul/2020:09:49:25 +0800] "GET /xingrg/check_reg.html?_=1596160160979 HTTP/1.1" 200 22
180.175.214.200 - - [31/Jul/2020:09:49:25 +0800] "POST /xingrg/load_menu.html HTTP/1.1" 200 5138
120.253.135.82 - - [31/Jul/2020:09:49:25 +0800] "GET /xingrg/check_reg.html?_=1596159916128 HTTP/1.1" 200 22
180.175.214.200 - - [31/Jul/2020:09:49:26 +0800] "GET /xingrg/kc/buy/cgsh_order_list.html HTTP/1.1" 200 43641
180.175.214.200 - - [31/Jul/2020:09:49:26 +0800] "GET /xingrg/css/base.css HTTP/1.1" 304 -
180.175.214.200 - - [31/Jul/2020:09:49:26 +0800] "GET /xingrg/css/site.css HTTP/1.1" 304 -
180.175.214.200 - - [31/Jul/2020:09:49:26 +0800] "GET /xingrg/javascript/jquery_tools/datebox.css HTTP/1.1" 304 -
180.175.214.200 - - [31/Jul/2020:09:49:26 +0800] "GET /xingrg/javascript/easyui/themes/default/easyui.css HTTP/1.1" 304 -
180.175.214.200 - - [31/Jul/2020:09:49:26 +0800] "GET /xingrg/javascript/easyui/themes/icon.css HTTP/1.1" 304 -
180.175.214.200 - - [31/Jul/2020:09:49:26 +0800] "GET /xingrg/javascript/auto/jquery.autocomplete.css HTTP/1.1" 304 -
180.175.214.200 - - [31/Jul/2020:09:49:26 +0800] "GET /xingrg/javascript/jquery_tools/fix.css HTTP/1.1" 304 -
180.175.214.200 - - [31/Jul/2020:09:49:26 +0800] "GET /xingrg/javascript/jquery_tools/table.css HTTP/1.1" 304 -
180.175.214.200 - - [31/Jul/2020:09:49:26 +0800] "GET /xingrg/javascript/jquery_tools/jquery.tools.min.js HTTP/1.1" 304 -
180.175.214.200 - - [31/Jul/2020:09:49:26 +0800] "GET /xingrg/javascript/jquery_tools/jquery.tools.extend.js HTTP/1.1" 304 -
180.175.214.200 - - [31/Jul/2020:09:49:26 +0800] "GET /xingrg/javascript/jquery_tools/jquery.tools.hotkey.js HTTP/1.1" 304 -
180.175.214.200 - - [31/Jul/2020:09:49:26 +0800] "GET /xingrg/javascript/jquery_tools/jquery.tools.table.js HTTP/1.1" 304 -
180.175.214.200 - - [31/Jul/2020:09:49:26 +0800] "GET /xingrg/javascript/jquery_tools/list_manager.js HTTP/1.1" 304 -
180.175.214.200 - - [31/Jul/2020:09:49:26 +0800] "GET /xingrg/javascript/auto/jquery.autocomplete.js HTTP/1.1" 304 -
180.175.214.200 - - [31/Jul/2020:09:49:26 +0800] "GET /xingrg/javascript/easyui/easyloader.js HTTP/1.1" 304 -
180.175.214.200 - - [31/Jul/2020:09:49:26 +0800] "GET /xingrg/javascript/jquery.cookie.js HTTP/1.1" 304 -
180.175.214.200 - - [31/Jul/2020:09:49:26 +0800] "GET /xingrg/javascript/print/LodopFuncs.js HTTP/1.1" 304 -
180.175.214.200 - - [31/Jul/2020:09:49:27 +0800] "GET /xingrg/javascript/easyui/plugins/jquery.parser.js HTTP/1.1" 304 -
180.175.214.200 - - [31/Jul/2020:09:49:27 +0800] "POST /xingrg/kc/buy/cgsh_list_operate.html HTTP/1.1" 200 876
120.253.135.82 - - [31/Jul/2020:09:49:29 +0800] "GET /xingrg/all/function/internal_message.html?_=1596159919966&CODE_STATE=getMsg HTTP/1.1" 200 27
114.89.80.44 - - [31/Jul/2020:09:49:29 +0800] "GET /xingrg/all/function/internal_message.html?_=1596160164087&CODE_STATE=getMsg HTTP/1.1" 200 27
180.175.214.200 - - [31/Jul/2020:09:49:29 +0800] "GET /xingrg/javascript/pic_change.js HTTP/1.1" 304 -
180.175.214.200 - - [31/Jul/2020:09:49:29 +0800] "GET /xingrg/kc/buy/cgsh_order_add.html HTTP/1.1" 200 59297
180.175.214.200 - - [31/Jul/2020:09:49:29 +0800] "GET /xingrg/javascript/jquery_tools/order_manager.js HTTP/1.1" 304 -
180.175.214.200 - - [31/Jul/2020:09:49:29 +0800] "GET /xingrg/javascript/convert.js HTTP/1.1" 304 -
180.175.214.200 - - [31/Jul/2020:09:49:29 +0800] "GET /xingrg/javascript/json2.js HTTP/1.1" 304 -
180.175.214.200 - - [31/Jul/2020:09:49:29 +0800] "GET /xingrg/javascript/print/kc_print.js HTTP/1.1" 304 -
180.175.214.200 - - [31/Jul/2020:09:49:29 +0800] "GET /xingrg/words/20200730102719_words.js HTTP/1.1" 304 -
180.175.214.200 - - [31/Jul/2020:09:49:29 +0800] "POST /xingrg/kc/buy/cgsh_order_operate.html HTTP/1.1" 200 8245
180.175.214.200 - - [31/Jul/2020:09:49:29 +0800] "GET /xingrg/all/common/auto_word.html?type=employee&rest_code=00102 HTTP/1.1" 200 189
180.175.214.200 - - [31/Jul/2020:09:49:29 +0800] "GET /xingrg/all/common/auto_word.html?type=employee&rest_code=00102 HTTP/1.1" 200 189
180.175.214.200 - - [31/Jul/2020:09:49:30 +0800] "GET /xingrg/javascript/easyui/themes/default/validatebox.css HTTP/1.1" 404 1104
180.175.214.200 - - [31/Jul/2020:09:49:30 +0800] "GET /xingrg/javascript/easyui/plugins/jquery.validatebox.js HTTP/1.1" 304 -
180.175.214.200 - - [31/Jul/2020:09:49:30 +0800] "GET /xingrg/javascript/easyui/plugins/jquery.numberbox.js HTTP/1.1" 304 -
114.88.161.57 - - [31/Jul/2020:09:49:30 +0800] "GET /xingrg/all/function/internal_message.html?_=1596160197849&CODE_STATE=getMsg HTTP/1.1" 200 27
180.175.214.200 - - [31/Jul/2020:09:49:33 +0800] "GET /xingrg/javascript/auto/indicator.gif HTTP/1.1" 404 1066
180.175.214.200 - - [31/Jul/2020:09:49:33 +0800] "GET /xingrg/javascript/jquery_tools/images/prev.gif HTTP/1.1" 404 1086
180.175.214.200 - - [31/Jul/2020:09:49:33 +0800] "GET /xingrg/javascript/jquery_tools/images/next.gif HTTP/1.1" 404 1086
114.89.80.44 - - [31/Jul/2020:09:49:35 +0800] "GET /xingrg/all/function/internal_message.html?_=1596160290056&CODE_STATE=getMsg HTTP/1.1" 200 27
114.88.159.89 - - [31/Jul/2020:09:49:35 +0800] "GET /xingrg/all/function/internal_message.html?_=1596160185513&CODE_STATE=getMsg HTTP/1.1" 200 27
222.69.143.246 - - [31/Jul/2020:09:49:38 +0800] "GET /xingrg/all/function/internal_message.html?_=1596160167667&CODE_STATE=getMsg HTTP/1.1" 200 27
180.175.214.200 - - [31/Jul/2020:09:49:39 +0800] "GET /xingrg/system/info/materiel_import.html?isSelect=1&singleSelect=false HTTP/1.1" 200 5600
180.175.214.200 - - [31/Jul/2020:09:49:39 +0800] "GET /xingrg/css/blue.css HTTP/1.1" 304 -
180.175.214.200 - - [31/Jul/2020:09:49:39 +0800] "GET /xingrg/css/xtree.css HTTP/1.1" 304 -
180.175.214.200 - - [31/Jul/2020:09:49:39 +0800] "GET /xingrg/javascript/jquery_ui/themes/base/base.css HTTP/1.1" 304 -
180.175.214.200 - - [31/Jul/2020:09:49:40 +0800] "GET /favicon.ico HTTP/1.1" 404 -
180.175.214.200 - - [31/Jul/2020:09:49:40 +0800] "POST /xingrg/all/common/load_tree.html?tree=materiel_sort_tree_json HTTP/1.1" 200 8666
180.175.214.200 - - [31/Jul/2020:09:49:45 +0800] "GET /xingrg/kc/buy/cgsh_order_operate.html?command=get_materiel&rest_code=00102&code=00101008091&supplier_code=00100008&order_time=2020-07-31 HTTP/1.1" 200 412
180.175.214.200 - - [31/Jul/2020:09:49:51 +0800] "GET /xingrg/kc/buy/cgsh_order_operate.html?command=get_materiel&rest_code=00102&code=00101008219&supplier_code=00100008&order_time=2020-07-31 HTTP/1.1" 200 412
180.175.214.200 - - [31/Jul/2020:09:49:51 +0800] "POST /xingrg/kc/buy/cgsh_list_operate.html HTTP/1.1" 200 6019
222.69.27.237 - - [31/Jul/2020:09:49:53 +0800] "GET /xingrg/all/function/internal_message.html?_=1596160093734&CODE_STATE=getMsg HTTP/1.1" 200 27
222.69.27.237 - - [31/Jul/2020:09:49:53 +0800] "GET /xingrg/check_reg.html?_=1596160093732 HTTP/1.1" 200 22
222.70.173.120 - - [31/Jul/2020:09:49:54 +0800] "GET /xingrg/all/function/internal_message.html?_=1596160187598&CODE_STATE=getMsg HTTP/1.1" 200 27
180.175.214.200 - - [31/Jul/2020:09:49:54 +0800] "GET /xingrg/kc/buy/cgsh_order_operate.html?command=get_materiel&rest_code=00102&code=00101008257&supplier_code=00100008&order_time=2020-07-31 HTTP/1.1" 200 416
116.230.74.197 - - [31/Jul/2020:09:49:56 +0800] "GET /xingrg/all/function/internal_message.html?_=1596160185476&CODE_STATE=getMsg HTTP/1.1" 200 27
58.40.7.146 - - [31/Jul/2020:09:49:57 +0800] "GET /xingrg/all/function/internal_message.html?_=1596160194610&CODE_STATE=getMsg HTTP/1.1" 200 27
172.17.0.185 - - [31/Jul/2020:09:49:58 +0800] "GET /xingrg/all/function/internal_message.html?_=1596160194057&CODE_STATE=getMsg HTTP/1.1" 200 27
180.175.214.200 - - [31/Jul/2020:09:49:59 +0800] "GET /xingrg/kc/buy/cgsh_order_operate.html?command=get_materiel&rest_code=00102&code=00101008185&supplier_code=00100008&order_time=2020-07-31 HTTP/1.1" 200 408
180.175.214.200 - - [31/Jul/2020:09:50:00 +0800] "GET /xingrg/all/function/internal_message.html?_=1596160401869&CODE_STATE=getMsg HTTP/1.1" 200 27
114.88.161.57 - - [31/Jul/2020:09:50:00 +0800] "GET /xingrg/check_reg.html?_=1596160195045 HTTP/1.1" 200 22
114.88.159.89 - - [31/Jul/2020:09:50:04 +0800] "GET /xingrg/all/function/internal_message.html?_=1596159860943&CODE_STATE=getMsg HTTP/1.1" 200 27
180.175.214.200 - - [31/Jul/2020:09:50:04 +0800] "GET /xingrg/kc/buy/cgsh_order_operate.html?command=get_materiel&rest_code=00102&code=00101008028&supplier_code=00100008&order_time=2020-07-31 HTTP/1.1" 200 412
180.175.214.200 - - [31/Jul/2020:09:50:05 +0800] "POST /xingrg/kc/buy/cgsh_list_operate.html HTTP/1.1" 200 5738
114.88.161.57 - - [31/Jul/2020:09:50:06 +0800] "GET /xingrg/all/function/internal_message.html?_=1596160200502&CODE_STATE=getMsg HTTP/1.1" 200 27
222.69.143.246 - - [31/Jul/2020:09:50:09 +0800] "GET /xingrg/all/function/internal_message.html?_=1596159975144&CODE_STATE=getMsg HTTP/1.1" 200 27
180.175.214.200 - - [31/Jul/2020:09:50:10 +0800] "GET /xingrg/kc/buy/cgsh_order_operate.html?command=get_materiel&rest_code=00102&code=00101008351&supplier_code=00100008&order_time=2020-07-31 HTTP/1.1" 200 408
180.157.251.101 - - [31/Jul/2020:09:50:10 +0800] "GET /xingrg/all/function/internal_message.html?_=1596160209974&CODE_STATE=getMsg HTTP/1.1" 200 27
180.175.214.200 - - [31/Jul/2020:09:50:15 +0800] "GET /xingrg/kc/buy/cgsh_order_operate.html?command=get_materiel&rest_code=00102&code=00101008283&supplier_code=00100008&order_time=2020-07-31 HTTP/1.1" 200 408
172.17.0.100 - - [31/Jul/2020:09:50:16 +0800] "GET /xingrg/all/function/internal_message.html?_=1596160211927&CODE_STATE=getMsg HTTP/1.1" 200 27
61.172.5.115 - - [31/Jul/2020:09:50:17 +0800] "GET /xingrg/all/function/internal_message.html?_=1596160217233&CODE_STATE=getMsg HTTP/1.1" 200 27
180.175.214.200 - - [31/Jul/2020:09:50:19 +0800] "GET /xingrg/kc/buy/cgsh_order_operate.html?command=get_materiel&rest_code=00102&code=00101008110&supplier_code=00100008&order_time=2020-07-31 HTTP/1.1" 200 408
222.69.27.237 - - [31/Jul/2020:09:50:21 +0800] "GET /xingrg/javascript/jquery_easy_ui/themes/default/images/tabs_close.gif HTTP/1.1" 200 829
222.69.27.237 - - [31/Jul/2020:09:50:21 +0800] "GET /xingrg/css/base.css HTTP/1.1" 200 2811
222.69.27.237 - - [31/Jul/2020:09:50:21 +0800] "GET /xingrg/css/site.css HTTP/1.1" 200 7541
222.69.27.237 - - [31/Jul/2020:09:50:21 +0800] "GET /xingrg/javascript/auto/jquery.autocomplete.css HTTP/1.1" 200 587
222.69.27.237 - - [31/Jul/2020:09:50:21 +0800] "GET /xingrg/javascript/easyui/themes/icon.css HTTP/1.1" 200 4483
222.69.27.237 - - [31/Jul/2020:09:50:21 +0800] "GET /xingrg/javascript/jquery_tools/datebox.css HTTP/1.1" 200 2597
222.69.27.237 - - [31/Jul/2020:09:50:21 +0800] "GET /xingrg/javascript/jquery_tools/table.css HTTP/1.1" 200 1032
222.69.27.237 - - [31/Jul/2020:09:50:21 +0800] "GET /xingrg/javascript/jquery_tools/fix.css HTTP/1.1" 200 1702
222.69.27.237 - - [31/Jul/2020:09:50:21 +0800] "GET /xingrg/javascript/jquery_tools/jquery.tools.min.js HTTP/1.1" 200 138801
222.69.27.237 - - [31/Jul/2020:09:50:21 +0800] "GET /xingrg/javascript/jquery_tools/jquery.tools.hotkey.js HTTP/1.1" 200 3242
222.69.27.237 - - [31/Jul/2020:09:50:21 +0800] "GET /xingrg/kc/buy/cgsh_order_list.html HTTP/1.1" 200 43647
222.69.27.237 - - [31/Jul/2020:09:50:21 +0800] "GET /xingrg/javascript/jquery_tools/list_manager.js HTTP/1.1" 200 3652
222.69.27.237 - - [31/Jul/2020:09:50:21 +0800] "GET /xingrg/javascript/easyui/easyloader.js HTTP/1.1" 200 5975
222.69.27.237 - - [31/Jul/2020:09:50:21 +0800] "GET /xingrg/javascript/jquery_tools/jquery.tools.extend.js HTTP/1.1" 200 15385
222.69.27.237 - - [31/Jul/2020:09:50:21 +0800] "GET /xingrg/javascript/jquery.cookie.js HTTP/1.1" 200 5513
222.69.27.237 - - [31/Jul/2020:09:50:21 +0800] "GET /xingrg/javascript/print/LodopFuncs.js HTTP/1.1" 200 5121
222.69.27.237 - - [31/Jul/2020:09:50:21 +0800] "GET /xingrg/javascript/jquery_tools/jquery.tools.table.js HTTP/1.1" 200 6994
222.69.27.237 - - [31/Jul/2020:09:50:21 +0800] "GET /xingrg/javascript/easyui/themes/default/easyui.css HTTP/1.1" 200 30432
222.69.27.237 - - [31/Jul/2020:09:50:22 +0800] "GET /xingrg/javascript/auto/jquery.autocomplete.js HTTP/1.1" 200 21624
117.184.7.26 - - [31/Jul/2020:09:50:22 +0800] "GET /xingrg/all/function/internal_message.html?_=1596160210252&CODE_STATE=getMsg HTTP/1.1" 200 27
222.69.27.237 - - [31/Jul/2020:09:50:22 +0800] "GET /xingrg/javascript/easyui/themes/icons/edit_add_new.png HTTP/1.1" 200 2997
222.69.27.237 - - [31/Jul/2020:09:50:22 +0800] "GET /xingrg/javascript/easyui/themes/icons/cance_new.png HTTP/1.1" 200 3986
222.69.27.237 - - [31/Jul/2020:09:50:22 +0800] "GET /xingrg/javascript/easyui/themes/icons/check_new.png HTTP/1.1" 200 3224
222.69.27.237 - - [31/Jul/2020:09:50:22 +0800] "GET /xingrg/javascript/easyui/themes/icons/field_new.png HTTP/1.1" 200 1097
222.69.27.237 - - [31/Jul/2020:09:50:22 +0800] "GET /xingrg/javascript/easyui/themes/icons/import_new.png HTTP/1.1" 200 1247
222.69.27.237 - - [31/Jul/2020:09:50:22 +0800] "GET /xingrg/javascript/easyui/plugins/jquery.parser.js HTTP/1.1" 200 1142
222.69.27.237 - - [31/Jul/2020:09:50:22 +0800] "GET /xingrg/images/control/ajaxLoader.gif HTTP/1.1" 200 4659
222.69.27.237 - - [31/Jul/2020:09:50:23 +0800] "POST /xingrg/kc/buy/cgsh_list_operate.html HTTP/1.1" 200 2059
222.69.27.237 - - [31/Jul/2020:09:50:23 +0800] "GET /xingrg/javascript/easyui/themes/default/images/button_plain_hover.png HTTP/1.1" 200 144
180.175.214.200 - - [31/Jul/2020:09:50:24 +0800] "GET /xingrg/kc/buy/cgsh_order_operate.html?command=get_materiel&rest_code=00102&code=00101008096&supplier_code=00100008&order_time=2020-07-31 HTTP/1.1" 200 412
222.69.27.237 - - [31/Jul/2020:09:50:24 +0800] "GET /xingrg/javascript/pic_change.js HTTP/1.1" 200 4739
222.69.27.237 - - [31/Jul/2020:09:50:24 +0800] "GET /xingrg/javascript/convert.js HTTP/1.1" 200 1239
222.69.27.237 - - [31/Jul/2020:09:50:24 +0800] "GET /xingrg/javascript/json2.js HTTP/1.1" 200 11259
222.69.27.237 - - [31/Jul/2020:09:50:24 +0800] "GET /xingrg/javascript/print/kc_print.js HTTP/1.1" 200 11415
222.69.27.237 - - [31/Jul/2020:09:50:24 +0800] "GET /xingrg/javascript/jquery_tools/order_manager.js HTTP/1.1" 200 11183
222.69.27.237 - - [31/Jul/2020:09:50:24 +0800] "GET /xingrg/kc/buy/cgsh_order_add.html HTTP/1.1" 200 58498
222.69.27.237 - - [31/Jul/2020:09:50:24 +0800] "GET /xingrg/words/20200730102719_words.js HTTP/1.1" 200 753890
222.69.27.237 - - [31/Jul/2020:09:50:24 +0800] "GET /xingrg/javascript/easyui/themes/icons/copy_new.png HTTP/1.1" 200 815
222.69.27.237 - - [31/Jul/2020:09:50:24 +0800] "GET /xingrg/javascript/easyui/themes/icons/ok.png HTTP/1.1" 200 883
222.69.27.237 - - [31/Jul/2020:09:50:24 +0800] "GET /xingrg/javascript/easyui/themes/icons/template_new.png HTTP/1.1" 200 3956
222.69.27.237 - - [31/Jul/2020:09:50:24 +0800] "GET /xingrg/javascript/easyui/themes/icons/print.png HTTP/1.1" 200 1057
222.69.27.237 - - [31/Jul/2020:09:50:24 +0800] "GET /xingrg/javascript/easyui/themes/icons/cancel.png HTTP/1.1" 200 1133
222.69.27.237 - - [31/Jul/2020:09:50:24 +0800] "GET /xingrg/javascript/easyui/themes/default/images/menu_downarrow.png HTTP/1.1" 200 173
180.175.214.200 - - [31/Jul/2020:09:50:25 +0800] "GET /xingrg/all/function/internal_message.html?_=1596160221048&CODE_STATE=getMsg HTTP/1.1" 200 27
222.69.27.237 - - [31/Jul/2020:09:50:25 +0800] "POST /xingrg/kc/buy/cgsh_order_operate.html HTTP/1.1" 200 8245
222.69.27.237 - - [31/Jul/2020:09:50:25 +0800] "GET /xingrg/all/common/auto_word.html?type=employee&rest_code=00142 HTTP/1.1" 200 105
222.69.27.237 - - [31/Jul/2020:09:50:25 +0800] "GET /xingrg/all/common/auto_word.html?type=employee&rest_code=00142 HTTP/1.1" 200 105
222.69.27.237 - - [31/Jul/2020:09:50:25 +0800] "GET /xingrg/javascript/easyui/plugins/jquery.validatebox.js HTTP/1.1" 200 6103
222.69.27.237 - - [31/Jul/2020:09:50:25 +0800] "GET /xingrg/javascript/easyui/themes/default/validatebox.css HTTP/1.1" 404 1104
222.69.27.237 - - [31/Jul/2020:09:50:25 +0800] "GET /xingrg/javascript/easyui/themes/icons/edit_remove.png HTTP/1.1" 200 625
222.69.27.237 - - [31/Jul/2020:09:50:25 +0800] "GET /xingrg/javascript/easyui/plugins/jquery.numberbox.js HTTP/1.1" 200 5213
222.69.27.237 - - [31/Jul/2020:09:50:26 +0800] "GET /xingrg/javascript/auto/indicator.gif HTTP/1.1" 404 1066
180.175.214.200 - - [31/Jul/2020:09:50:28 +0800] "GET /xingrg/kc/buy/cgsh_order_operate.html?command=get_materiel&rest_code=00102&code=00101008038&supplier_code=00100008&order_time=2020-07-31 HTTP/1.1" 200 431
114.89.80.44 - - [31/Jul/2020:09:50:29 +0800] "GET /xingrg/all/function/internal_message.html?_=1596160224077&CODE_STATE=getMsg HTTP/1.1" 200 27
120.253.135.82 - - [31/Jul/2020:09:50:29 +0800] "GET /xingrg/all/function/internal_message.html?_=1596159979980&CODE_STATE=getMsg HTTP/1.1" 200 27
114.88.161.57 - - [31/Jul/2020:09:50:30 +0800] "GET /xingrg/all/function/internal_message.html?_=1596160257854&CODE_STATE=getMsg HTTP/1.1" 200 27
180.175.214.200 - - [31/Jul/2020:09:50:33 +0800] "GET /xingrg/kc/buy/cgsh_order_operate.html?command=get_materiel&rest_code=00102&code=00101008358&supplier_code=00100008&order_time=2020-07-31 HTTP/1.1" 200 412
114.89.80.44 - - [31/Jul/2020:09:50:35 +0800] "GET /xingrg/all/function/internal_message.html?_=1596160350236&CODE_STATE=getMsg HTTP/1.1" 200 27
114.88.159.89 - - [31/Jul/2020:09:50:35 +0800] "GET /xingrg/all/function/internal_message.html?_=1596160245489&CODE_STATE=getMsg HTTP/1.1" 200 27
180.175.214.200 - - [31/Jul/2020:09:50:37 +0800] "GET /xingrg/kc/buy/cgsh_order_operate.html?command=get_materiel&rest_code=00102&code=00101008163&supplier_code=00100008&order_time=2020-07-31 HTTP/1.1" 200 408
222.69.143.246 - - [31/Jul/2020:09:50:38 +0800] "GET /xingrg/all/function/internal_message.html?_=1596160227646&CODE_STATE=getMsg HTTP/1.1" 200 27
222.69.143.246 - - [31/Jul/2020:09:50:39 +0800] "GET /xingrg/check_reg.html?_=1596160228165 HTTP/1.1" 200 22
180.175.214.200 - - [31/Jul/2020:09:50:40 +0800] "GET /xingrg/kc/buy/cgsh_order_operate.html?command=get_materiel&rest_code=00102&code=00101008224&supplier_code=00100008&order_time=2020-07-31 HTTP/1.1" 200 416
222.69.27.237 - - [31/Jul/2020:09:50:43 +0800] "GET /xingrg/kc/buy/cgsh_order_operate.html?command=get_materiel&rest_code=00142&code=00101011001&supplier_code=00100311&order_time=2020-07-31 HTTP/1.1" 200 422
180.175.214.200 - - [31/Jul/2020:09:50:44 +0800] "GET /xingrg/kc/buy/cgsh_order_operate.html?command=get_materiel&rest_code=00102&code=00101008264&supplier_code=00100008&order_time=2020-07-31 HTTP/1.1" 200 412
180.175.214.200 - - [31/Jul/2020:09:50:48 +0800] "GET /xingrg/kc/buy/cgsh_order_operate.html?command=get_materiel&rest_code=00102&code=00101008300&supplier_code=00100008&order_time=2020-07-31 HTTP/1.1" 200 412
180.175.214.200 - - [31/Jul/2020:09:50:52 +0800] "GET /xingrg/kc/buy/cgsh_order_operate.html?command=get_materiel&rest_code=00102&code=00101008357&supplier_code=00100008&order_time=2020-07-31 HTTP/1.1" 200 408
222.69.27.237 - - [31/Jul/2020:09:50:53 +0800] "GET /xingrg/all/function/internal_message.html?_=1596160153763&CODE_STATE=getMsg HTTP/1.1" 200 27
116.230.74.197 - - [31/Jul/2020:09:50:54 +0800] "GET /xingrg/check_reg.html?_=1596160242861 HTTP/1.1" 200 22
222.70.173.120 - - [31/Jul/2020:09:50:54 +0800] "GET /xingrg/all/function/internal_message.html?_=1596160247775&CODE_STATE=getMsg HTTP/1.1" 200 27
180.175.214.200 - - [31/Jul/2020:09:50:56 +0800] "GET /xingrg/kc/buy/cgsh_order_operate.html?command=get_materiel&rest_code=00102&code=00101008069&supplier_code=00100008&order_time=2020-07-31 HTTP/1.1" 200 412
116.230.74.197 - - [31/Jul/2020:09:50:56 +0800] "GET /xingrg/all/function/internal_message.html?_=1596160245468&CODE_STATE=getMsg HTTP/1.1" 200 27
222.69.27.237 - - [31/Jul/2020:09:50:57 +0800] "GET /xingrg/kc/buy/cgsh_order_operate.html?command=get_materiel&rest_code=00142&code=00101011005&supplier_code=00100311&order_time=2020-07-31 HTTP/1.1" 200 429
58.40.7.146 - - [31/Jul/2020:09:50:57 +0800] "GET /xingrg/all/function/internal_message.html?_=1596160254613&CODE_STATE=getMsg HTTP/1.1" 200 27
172.17.0.185 - - [31/Jul/2020:09:50:58 +0800] "GET /xingrg/all/function/internal_message.html?_=1596160254046&CODE_STATE=getMsg HTTP/1.1" 200 27
180.175.214.200 - - [31/Jul/2020:09:50:59 +0800] "GET /xingrg/check_reg.html?_=1596160460680 HTTP/1.1" 200 22
180.175.214.200 - - [31/Jul/2020:09:51:00 +0800] "GET /xingrg/all/function/internal_message.html?_=1596160461878&CODE_STATE=getMsg HTTP/1.1" 200 27
180.175.214.200 - - [31/Jul/2020:09:51:00 +0800] "GET /xingrg/kc/buy/cgsh_order_operate.html?command=get_materiel&rest_code=00102&code=00101008286&supplier_code=00100008&order_time=2020-07-31 HTTP/1.1" 200 408
114.88.159.89 - - [31/Jul/2020:09:51:04 +0800] "GET /xingrg/all/function/internal_message.html?_=1596159920942&CODE_STATE=getMsg HTTP/1.1" 200 27
222.69.27.237 - - [31/Jul/2020:09:51:05 +0800] "POST /xingrg/kc/buy/cgsh_order_operate.html HTTP/1.1" 200 37
180.175.214.200 - - [31/Jul/2020:09:51:05 +0800] "GET /xingrg/kc/buy/cgsh_order_operate.html?command=get_materiel&rest_code=00102&code=00101008036&supplier_code=00100008&order_time=2020-07-31 HTTP/1.1" 200 408
114.88.161.57 - - [31/Jul/2020:09:51:06 +0800] "GET /xingrg/all/function/internal_message.html?_=1596160260514&CODE_STATE=getMsg HTTP/1.1" 200 27
222.69.27.237 - - [31/Jul/2020:09:51:06 +0800] "POST /xingrg/kc/buy/cgsh_order_operate.html HTTP/1.1" 200 12
222.69.27.237 - - [31/Jul/2020:09:51:07 +0800] "GET /xingrg/kc/buy/cgsh_order_info.html?code=212020073112984 HTTP/1.1" 200 53405
180.175.214.200 - - [31/Jul/2020:09:51:07 +0800] "POST /xingrg/kc/buy/cgsh_order_operate.html HTTP/1.1" 200 2065
222.69.27.237 - - [31/Jul/2020:09:51:07 +0800] "GET /xingrg/javascript/easyui/themes/default/validatebox.css HTTP/1.1" 404 1104
222.69.27.237 - - [31/Jul/2020:09:51:07 +0800] "POST /xingrg/kc/buy/cgsh_order_operate.html HTTP/1.1" 200 1202
222.69.27.237 - - [31/Jul/2020:09:51:09 +0800] "GET /xingrg/kc/print/load_config.html?kc_code=cgsh HTTP/1.1" 200 1845
222.69.27.237 - - [31/Jul/2020:09:51:09 +0800] "GET /xingrg/kc/print/load_data.html?order_code=212020073112984&kc_code=cgsh&condition= HTTP/1.1" 200 938
