180.175.214.200 - - [30/Jul/2020:10:10:58 +0800] "POST /xingrg/kc/buy/cgsh_order_operate.html HTTP/1.1" 200 12
180.175.214.200 - - [30/Jul/2020:10:10:59 +0800] "GET /xingrg/kc/buy/cgsh_order_info.html?code=212020073012557 HTTP/1.1" 200 54200
222.70.173.120 - - [30/Jul/2020:10:10:59 +0800] "GET /xingrg/all/function/internal_message.html?_=1596075068086&CODE_STATE=getMsg HTTP/1.1" 200 27
116.230.74.197 - - [30/Jul/2020:10:10:59 +0800] "GET /xingrg/javascript/easyui/themes/default/tree.css HTTP/1.1" 404 1090
116.230.74.197 - - [30/Jul/2020:10:10:59 +0800] "POST /xingrg/all/common/load_tree.html?tree=supplier_tree_json&isDelete=1 HTTP/1.1" 200 49675
180.175.214.200 - - [30/Jul/2020:10:11:00 +0800] "GET /xingrg/javascript/easyui/themes/default/validatebox.css HTTP/1.1" 404 1104
180.175.214.200 - - [30/Jul/2020:10:11:00 +0800] "POST /xingrg/kc/buy/cgsh_order_operate.html HTTP/1.1" 200 612
180.175.214.200 - - [30/Jul/2020:10:11:01 +0800] "GET /xingrg/kc/print/load_data.html?order_code=212020073012557&kc_code=cgsh&condition= HTTP/1.1" 200 756
117.131.5.26 - - [30/Jul/2020:10:11:01 +0800] "POST /xingrg/services/DataTransmitService HTTP/1.1" 200 524
58.221.95.50 - - [30/Jul/2020:10:11:03 +0800] "POST /xingrg/kc/base/wldb_order_operate.html HTTP/1.1" 200 37
58.221.95.50 - - [30/Jul/2020:10:11:04 +0800] "POST /xingrg/kc/base/wldb_order_operate.html HTTP/1.1" 200 5609
58.221.95.50 - - [30/Jul/2020:10:11:05 +0800] "GET /xingrg/kc/base/wldb_order_info.html?code=422020073003441 HTTP/1.1" 200 30390
180.175.214.200 - - [30/Jul/2020:10:11:05 +0800] "GET /xingrg/kc/buy/cgsh_order_add.html HTTP/1.1" 200 59297
58.221.95.50 - - [30/Jul/2020:10:11:06 +0800] "GET /xingrg/javascript/easyui/themes/default/validatebox.css HTTP/1.1" 404 1104
58.221.95.50 - - [30/Jul/2020:10:11:06 +0800] "POST /xingrg/kc/base/wldb_order_operate.html HTTP/1.1" 200 5609
180.175.214.200 - - [30/Jul/2020:10:11:06 +0800] "POST /xingrg/kc/buy/cgsh_order_operate.html HTTP/1.1" 200 8245
180.175.214.200 - - [30/Jul/2020:10:11:07 +0800] "GET /xingrg/javascript/easyui/themes/default/validatebox.css HTTP/1.1" 404 1104
117.185.32.26 - - [30/Jul/2020:10:11:07 +0800] "POST /xingrg/services/DataTransmitService HTTP/1.1" 200 524
117.185.32.26 - - [30/Jul/2020:10:11:07 +0800] "POST /xingrg/services/DataTransmitService HTTP/1.1" 200 2339
117.185.32.26 - - [30/Jul/2020:10:11:08 +0800] "POST /xingrg/services/DataTransmitService HTTP/1.1" 200 159823
180.175.214.200 - - [30/Jul/2020:10:11:12 +0800] "GET /xingrg/kc/buy/cgsh_order_operate.html?command=get_materiel&rest_code=00102&code=00101004067&supplier_code=00100317&order_time=2020-07-29 HTTP/1.1" 200 413
180.175.214.200 - - [30/Jul/2020:10:11:20 +0800] "GET /xingrg/kc/buy/cgsh_order_operate.html?command=get_materiel&rest_code=00102&code=00101004027&supplier_code=00100317&order_time=2020-07-29 HTTP/1.1" 200 409
180.175.214.200 - - [30/Jul/2020:10:11:20 +0800] "POST /xingrg/all/report/load_report_page.html HTTP/1.1" 200 118694
172.17.0.120 - - [30/Jul/2020:10:11:20 +0800] "GET /xingrg/all/function/internal_message.html?_=1596075077584&CODE_STATE=getMsg HTTP/1.1" 200 27
180.175.214.200 - - [30/Jul/2020:10:11:21 +0800] "GET /xingrg/servlets/image?cache=0.06305418885837522&image=px HTTP/1.1" 200 807
180.175.214.200 - - [30/Jul/2020:10:11:21 +0800] "GET /xingrg/check_reg.html?_=1596075078028 HTTP/1.1" 200 22
180.175.214.200 - - [30/Jul/2020:10:11:21 +0800] "GET /xingrg/all/function/internal_message.html?_=1596075284405&CODE_STATE=getMsg HTTP/1.1" 200 27
180.175.214.200 - - [30/Jul/2020:10:11:21 +0800] "GET /xingrg/all/function/internal_message.html?_=1596075078883&CODE_STATE=getMsg HTTP/1.1" 200 27
58.221.95.50 - - [30/Jul/2020:10:11:23 +0800] "POST /xingrg/kc/base/wldb_list_operate.html HTTP/1.1" 200 6211
58.221.95.50 - - [30/Jul/2020:10:11:25 +0800] "GET /xingrg/kc/base/wldb_order_add.html HTTP/1.1" 200 30371
116.230.74.197 - - [30/Jul/2020:10:11:26 +0800] "GET /xingrg/kc/buy/cgsh_order_operate.html?command=get_materiel&rest_code=00107&code=00101002006&supplier_code=00100091&order_time=2020-07-30 HTTP/1.1" 200 413
114.89.80.44 - - [30/Jul/2020:10:11:26 +0800] "GET /xingrg/kc/base/wldb_order_list.html HTTP/1.1" 200 19261
114.89.80.44 - - [30/Jul/2020:10:11:26 +0800] "POST /xingrg/kc/base/wldb_list_operate.html HTTP/1.1" 200 928
58.221.95.50 - - [30/Jul/2020:10:11:26 +0800] "GET /xingrg/javascript/easyui/themes/default/validatebox.css HTTP/1.1" 404 1104
58.221.95.50 - - [30/Jul/2020:10:11:26 +0800] "POST /xingrg/kc/base/wldb_order_operate.html HTTP/1.1" 200 6806
114.89.80.44 - - [30/Jul/2020:10:11:27 +0800] "GET /xingrg/kc/base/wldb_order_add.html HTTP/1.1" 200 30381
114.89.80.44 - - [30/Jul/2020:10:11:27 +0800] "POST /xingrg/kc/base/wldb_order_operate.html HTTP/1.1" 200 6806
114.89.80.44 - - [30/Jul/2020:10:11:27 +0800] "GET /xingrg/all/common/auto_word.html?type=base&rest_code=00150 HTTP/1.1" 200 1653
114.89.80.44 - - [30/Jul/2020:10:11:27 +0800] "GET /xingrg/all/common/auto_word.html?type=base&rest_code=00150 HTTP/1.1" 200 1653
114.89.80.44 - - [30/Jul/2020:10:11:28 +0800] "GET /xingrg/javascript/easyui/themes/default/validatebox.css HTTP/1.1" 404 1104
172.17.0.100 - - [30/Jul/2020:10:11:28 +0800] "GET /xingrg/check_reg.html?_=1596075086197 HTTP/1.1" 200 22
172.17.0.100 - - [30/Jul/2020:10:11:28 +0800] "GET /xingrg/all/function/internal_message.html?_=1596075086196&CODE_STATE=getMsg HTTP/1.1" 200 27
114.89.80.44 - - [30/Jul/2020:10:11:28 +0800] "POST /xingrg/all/common/load_combo.html?type=base HTTP/1.1" 200 2966
117.184.7.30 - - [30/Jul/2020:10:11:28 +0800] "GET /xingrg/check_reg.html?_=1596075079765 HTTP/1.1" 200 22
172.17.200.101 - - [30/Jul/2020:10:11:28 +0800] "GET /xingrg/all/function/internal_message.html?_=1596075088793&CODE_STATE=getMsg HTTP/1.1" 200 27
114.89.80.44 - - [30/Jul/2020:10:11:32 +0800] "GET /xingrg/all/function/internal_message.html?_=1596075087746&CODE_STATE=getMsg HTTP/1.1" 200 27
114.89.80.44 - - [30/Jul/2020:10:11:36 +0800] "GET /xingrg/kc/base/wldb_order_operate.html?command=get_materiel&rest_code=00150&base_code=0010445&code=00101013162 HTTP/1.1" 200 435
114.88.161.57 - - [30/Jul/2020:10:11:39 +0800] "GET /xingrg/all/function/internal_message.html?_=1596075127528&CODE_STATE=getMsg HTTP/1.1" 200 27
116.230.74.197 - - [30/Jul/2020:10:11:40 +0800] "GET /xingrg/kc/buy/cgsh_order_operate.html?command=get_materiel&rest_code=00107&code=00101002034&supplier_code=00100091&order_time=2020-07-30 HTTP/1.1" 200 409
117.184.7.30 - - [30/Jul/2020:10:11:41 +0800] "GET /xingrg/all/function/internal_message.html?_=1596075093013&CODE_STATE=getMsg HTTP/1.1" 200 27
172.17.0.123 - - [30/Jul/2020:10:11:42 +0800] "GET /xingrg/all/function/internal_message.html?_=1596075033108&CODE_STATE=getMsg HTTP/1.1" 200 27
58.221.95.50 - - [30/Jul/2020:10:11:43 +0800] "GET /xingrg/all/function/internal_message.html?_=1596075219268&CODE_STATE=getMsg HTTP/1.1" 200 27
117.185.32.26 - - [30/Jul/2020:10:11:44 +0800] "GET /xingrg/all/function/internal_message.html?_=1596075093866&CODE_STATE=getMsg HTTP/1.1" 200 27
114.88.159.89 - - [30/Jul/2020:10:11:45 +0800] "GET /xingrg/all/function/internal_message.html?_=1596074761171&CODE_STATE=getMsg HTTP/1.1" 200 27
116.230.74.197 - - [30/Jul/2020:10:11:45 +0800] "GET /xingrg/all/function/internal_message.html?_=1596075096475&CODE_STATE=getMsg HTTP/1.1" 200 27
222.70.173.120 - - [30/Jul/2020:10:11:48 +0800] "GET /xingrg/all/function/internal_message.html?_=1596075121350&CODE_STATE=getMsg HTTP/1.1" 200 27
116.230.74.197 - - [30/Jul/2020:10:11:52 +0800] "POST /xingrg/kc/buy/cgsh_order_operate.html HTTP/1.1" 200 37
180.175.214.200 - - [30/Jul/2020:10:11:53 +0800] "GET /xingrg/kc/buy/cgsh_order_operate.html?command=get_materiel&rest_code=00102&code=00101004061&supplier_code=00100317&order_time=2020-07-29 HTTP/1.1" 200 409
116.230.74.197 - - [30/Jul/2020:10:11:53 +0800] "POST /xingrg/kc/buy/cgsh_order_operate.html HTTP/1.1" 200 3253
114.89.80.44 - - [30/Jul/2020:10:11:55 +0800] "GET /xingrg/all/function/internal_message.html?_=1596075231650&CODE_STATE=getMsg HTTP/1.1" 200 27
101.83.241.154 - - [30/Jul/2020:10:11:55 +0800] "GET /xingrg/all/function/internal_message.html?_=1596075107835&CODE_STATE=getMsg HTTP/1.1" 200 27
58.40.7.146 - - [30/Jul/2020:10:11:56 +0800] "GET /xingrg/all/function/internal_message.html?_=1596075113457&CODE_STATE=getMsg HTTP/1.1" 200 27
116.230.74.197 - - [30/Jul/2020:10:11:56 +0800] "GET /xingrg/kc/print/load_data.html?order_code=212020073012558&kc_code=cgsh&condition= HTTP/1.1" 200 966
58.221.95.50 - - [30/Jul/2020:10:11:57 +0800] "GET /xingrg/kc/base/wldb_order_operate.html?command=get_materiel&rest_code=00152&base_code=0010647&code=00102002288 HTTP/1.1" 200 433
172.17.0.185 - - [30/Jul/2020:10:11:57 +0800] "GET /xingrg/all/function/internal_message.html?_=1596075114062&CODE_STATE=getMsg HTTP/1.1" 200 27
172.17.0.185 - - [30/Jul/2020:10:11:57 +0800] "GET /xingrg/check_reg.html?_=1596075114063 HTTP/1.1" 200 22
180.175.214.200 - - [30/Jul/2020:10:11:58 +0800] "POST /xingrg/kc/buy/cgsh_order_operate.html HTTP/1.1" 200 37
222.70.173.120 - - [30/Jul/2020:10:11:59 +0800] "GET /xingrg/all/function/internal_message.html?_=1596075128289&CODE_STATE=getMsg HTTP/1.1" 200 27
116.230.74.197 - - [30/Jul/2020:10:12:00 +0800] "GET /xingrg/kc/buy/cgsh_order_add.html HTTP/1.1" 200 59426
180.175.214.200 - - [30/Jul/2020:10:12:00 +0800] "POST /xingrg/kc/buy/cgsh_order_operate.html HTTP/1.1" 200 12
180.175.214.200 - - [30/Jul/2020:10:12:00 +0800] "GET /xingrg/kc/buy/cgsh_order_info.html?code=212020073012559 HTTP/1.1" 200 54204
116.230.74.197 - - [30/Jul/2020:10:12:00 +0800] "POST /xingrg/kc/buy/cgsh_order_operate.html HTTP/1.1" 200 8245
116.230.74.197 - - [30/Jul/2020:10:12:00 +0800] "GET /xingrg/javascript/easyui/themes/default/validatebox.css HTTP/1.1" 404 1104
101.91.62.99 - - [30/Jul/2020:10:12:01 +0800] "GET /xingrg/check_reg.html?_=1596074416006 HTTP/1.1" 302 -
116.230.74.197 - - [30/Jul/2020:10:12:02 +0800] "GET /xingrg/javascript/easyui/themes/default/tree.css HTTP/1.1" 404 1090
116.230.74.197 - - [30/Jul/2020:10:12:02 +0800] "POST /xingrg/all/common/load_tree.html?tree=supplier_tree_json&isDelete=1 HTTP/1.1" 200 49675
180.175.214.200 - - [30/Jul/2020:10:12:02 +0800] "GET /xingrg/javascript/easyui/themes/default/validatebox.css HTTP/1.1" 404 1104
180.175.214.200 - - [30/Jul/2020:10:12:02 +0800] "POST /xingrg/kc/buy/cgsh_order_operate.html HTTP/1.1" 200 1792
180.175.214.200 - - [30/Jul/2020:10:12:05 +0800] "GET /xingrg/kc/print/load_data.html?order_code=212020073012559&kc_code=cgsh&condition= HTTP/1.1" 200 1150
58.221.95.50 - - [30/Jul/2020:10:12:06 +0800] "GET /xingrg/kc/base/wldb_order_operate.html?command=get_materiel&rest_code=00152&base_code=0010647&code=00102020027 HTTP/1.1" 200 445
172.17.0.123 - - [30/Jul/2020:10:12:11 +0800] "POST /xingrg/all/user/operate.html HTTP/1.1" 200 36
172.17.0.123 - - [30/Jul/2020:10:12:11 +0800] "GET /xingrg/index.html?sysBaseUrl=http%3A%2F%2F172.17.0.8%3A18081%2Fxingrg%2F&costTime=68×tamp=1596074913223 HTTP/1.1" 200 17454
172.17.0.123 - - [30/Jul/2020:10:12:11 +0800] "GET /xingrg/javascript/jquery_easy_ui/themes/default/easyui.css HTTP/1.1" 304 -
172.17.0.123 - - [30/Jul/2020:10:12:11 +0800] "GET /xingrg/javascript/jquery_easy_ui/themes/icon.css HTTP/1.1" 304 -
172.17.0.123 - - [30/Jul/2020:10:12:11 +0800] "GET /xingrg/css/form.css HTTP/1.1" 304 -
172.17.0.123 - - [30/Jul/2020:10:12:11 +0800] "GET /xingrg/javascript/jquery-1.4.2.min.js HTTP/1.1" 304 -
172.17.0.123 - - [30/Jul/2020:10:12:11 +0800] "GET /xingrg/javascript/jquery_easy_ui/jquery.easyui.min.js HTTP/1.1" 304 -
172.17.0.123 - - [30/Jul/2020:10:12:11 +0800] "GET /xingrg/javascript/jquery_easy_ui/easyui-lang-zh_CN.js HTTP/1.1" 304 -
172.17.0.123 - - [30/Jul/2020:10:12:11 +0800] "GET /xingrg/javascript/jquery.form.js HTTP/1.1" 304 -
172.17.0.123 - - [30/Jul/2020:10:12:11 +0800] "GET /xingrg/javascript/jquery.utils.js HTTP/1.1" 304 -
172.17.0.123 - - [30/Jul/2020:10:12:11 +0800] "GET /xingrg/javascript/jquery.timers.js HTTP/1.1" 304 -
172.17.0.123 - - [30/Jul/2020:10:12:11 +0800] "GET /xingrg/images/blue/jxLogo.png HTTP/1.1" 304 -
172.17.0.123 - - [30/Jul/2020:10:12:11 +0800] "GET /xingrg/images/blue/navBackgound.jpg HTTP/1.1" 304 -
172.17.0.123 - - [30/Jul/2020:10:12:11 +0800] "GET /xingrg/javascript/jquery_easy_ui/themes/icons/settle_new.png HTTP/1.1" 304 -
172.17.0.123 - - [30/Jul/2020:10:12:11 +0800] "POST /xingrg/all/common/load_tree.html?tree=area_rest_tree_json&manage=1 HTTP/1.1" 200 3216
172.17.0.123 - - [30/Jul/2020:10:12:11 +0800] "GET /xingrg/all/function/internal_message.html?_=1596075062137&CODE_STATE=count HTTP/1.1" 200 11
172.17.0.123 - - [30/Jul/2020:10:12:11 +0800] "GET /xingrg/check_reg.html?_=1596075062137 HTTP/1.1" 200 22
172.17.0.123 - - [30/Jul/2020:10:12:11 +0800] "GET /xingrg/javascript/jquery_easy_ui/themes/default/images/panel_tool_collapse.gif HTTP/1.1" 304 -
172.17.0.123 - - [30/Jul/2020:10:12:11 +0800] "GET /xingrg/javascript/jquery_easy_ui/themes/default/images/panel_tool_expand.gif HTTP/1.1" 304 -
172.17.0.123 - - [30/Jul/2020:10:12:11 +0800] "GET /xingrg/javascript/jquery_easy_ui/themes/default/images/tabs_rightarrow.png HTTP/1.1" 304 -
172.17.0.123 - - [30/Jul/2020:10:12:11 +0800] "GET /xingrg/images/blue/pingpu.png HTTP/1.1" 304 -
172.17.0.123 - - [30/Jul/2020:10:12:11 +0800] "GET /xingrg/javascript/jquery_easy_ui/themes/default/images/tabs_leftarrow.png HTTP/1.1" 304 -
172.17.0.123 - - [30/Jul/2020:10:12:11 +0800] "POST /xingrg/load_menu.html HTTP/1.1" 200 9924
101.91.62.99 - - [30/Jul/2020:10:12:11 +0800] "GET /xingrg/login.html HTTP/1.1" 200 7641
172.17.0.123 - - [30/Jul/2020:10:12:12 +0800] "GET /xingrg/kc/report/report_main.html HTTP/1.1" 200 7325
172.17.0.123 - - [30/Jul/2020:10:12:13 +0800] "GET /xingrg/all/report/report_query.html?fileName=kc/buy/wlcg_mx.xml HTTP/1.1" 200 51573
172.17.0.123 - - [30/Jul/2020:10:12:13 +0800] "GET /xingrg/dwr/interface/AjaxReportQueryService.js HTTP/1.1" 200 13203
172.17.0.123 - - [30/Jul/2020:10:12:13 +0800] "GET /xingrg/dwr/engine.js HTTP/1.1" 200 43631
172.17.0.123 - - [30/Jul/2020:10:12:13 +0800] "POST /xingrg/dwr/call/plaincall/AjaxReportQueryService.getFixDate.dwr HTTP/1.1" 200 111
172.17.0.123 - - [30/Jul/2020:10:12:13 +0800] "POST /xingrg/dwr/call/plaincall/AjaxReportQueryService.getInitString.dwr HTTP/1.1" 200 22024
120.204.17.68 - - [30/Jul/2020:10:12:13 +0800] "GET /xingrg/all/function/internal_message.html?_=1596074395416&CODE_STATE=getMsg HTTP/1.1" 302 -
172.17.0.123 - - [30/Jul/2020:10:12:13 +0800] "POST /xingrg/dwr/call/plaincall/AjaxReportQueryService.getInitString.dwr HTTP/1.1" 200 399
172.17.0.123 - - [30/Jul/2020:10:12:14 +0800] "POST /xingrg/dwr/call/plaincall/AjaxReportQueryService.getInitString.dwr HTTP/1.1" 200 125
172.17.0.123 - - [30/Jul/2020:10:12:15 +0800] "POST /xingrg/dwr/call/plaincall/AjaxReportQueryService.getFixDate.dwr HTTP/1.1" 200 111
180.175.214.200 - - [30/Jul/2020:10:12:15 +0800] "GET /xingrg/check_reg.html?_=1596075338629 HTTP/1.1" 200 22
58.221.95.50 - - [30/Jul/2020:10:12:18 +0800] "GET /xingrg/kc/base/wldb_order_operate.html?command=get_materiel&rest_code=00152&base_code=0010647&code=00102008020 HTTP/1.1" 200 432
180.175.214.200 - - [30/Jul/2020:10:12:18 +0800] "GET /xingrg/kc/buy/cgsh_order_add.html HTTP/1.1" 200 59297
172.17.0.123 - - [30/Jul/2020:10:12:19 +0800] "POST /xingrg/dwr/call/plaincall/AjaxReportQueryService.refreshCache.dwr HTTP/1.1" 200 78
180.175.214.200 - - [30/Jul/2020:10:12:19 +0800] "POST /xingrg/kc/buy/cgsh_order_operate.html HTTP/1.1" 200 8245
116.230.74.197 - - [30/Jul/2020:10:12:20 +0800] "GET /xingrg/kc/buy/cgsh_order_operate.html?command=get_materiel&rest_code=00107&code=00101004046&supplier_code=00100312&order_time=2020-07-30 HTTP/1.1" 200 417
180.175.214.200 - - [30/Jul/2020:10:12:20 +0800] "GET /xingrg/javascript/easyui/themes/default/validatebox.css HTTP/1.1" 404 1104
172.17.0.120 - - [30/Jul/2020:10:12:20 +0800] "GET /xingrg/all/function/internal_message.html?_=1596075137585&CODE_STATE=getMsg HTTP/1.1" 200 27
172.17.0.123 - - [30/Jul/2020:10:12:21 +0800] "POST /xingrg/all/report/load_report_page.html HTTP/1.1" 200 148566
172.17.0.123 - - [30/Jul/2020:10:12:21 +0800] "GET /xingrg/servlets/image?cache=0.1727566212132866&image=px HTTP/1.1" 200 807
180.175.214.200 - - [30/Jul/2020:10:12:21 +0800] "GET /xingrg/all/function/internal_message.html?_=1596075344414&CODE_STATE=getMsg HTTP/1.1" 200 27
180.175.214.200 - - [30/Jul/2020:10:12:21 +0800] "GET /xingrg/all/function/internal_message.html?_=1596075138894&CODE_STATE=getMsg HTTP/1.1" 200 27
120.204.17.68 - - [30/Jul/2020:10:12:23 +0800] "GET /xingrg/login.html HTTP/1.1" 200 7641
172.17.0.123 - - [30/Jul/2020:10:12:24 +0800] "POST /xingrg/all/report/load_report_page.html HTTP/1.1" 200 148319
172.17.0.123 - - [30/Jul/2020:10:12:24 +0800] "GET /xingrg/servlets/image?cache=0.8644908346908751&image=px HTTP/1.1" 200 807
101.85.53.146 - - [30/Jul/2020:10:12:24 +0800] "GET /xingrg/words/20200729195558_words.js HTTP/1.1" 200 753836
101.85.53.146 - - [30/Jul/2020:10:12:25 +0800] "GET /xingrg/kc/buy/cgsh_order_add.html HTTP/1.1" 200 58504
222.70.173.120 - - [30/Jul/2020:10:12:26 +0800] "GET /xingrg/check_reg.html?_=1596075159777 HTTP/1.1" 200 22
58.221.95.50 - - [30/Jul/2020:10:12:28 +0800] "GET /xingrg/kc/base/wldb_order_operate.html?command=get_materiel&rest_code=00152&base_code=0010647&code=00102018018 HTTP/1.1" 200 440
172.17.0.100 - - [30/Jul/2020:10:12:28 +0800] "GET /xingrg/all/function/internal_message.html?_=1596075146200&CODE_STATE=getMsg HTTP/1.1" 200 27
172.17.200.101 - - [30/Jul/2020:10:12:28 +0800] "GET /xingrg/all/function/internal_message.html?_=1596075148797&CODE_STATE=getMsg HTTP/1.1" 200 27
172.17.0.123 - - [30/Jul/2020:10:12:29 +0800] "POST /xingrg/all/report/report_print.html HTTP/1.1" 200 23581
114.89.80.44 - - [30/Jul/2020:10:12:32 +0800] "GET /xingrg/all/function/internal_message.html?_=1596075147762&CODE_STATE=getMsg HTTP/1.1" 200 27
114.89.80.44 - - [30/Jul/2020:10:12:32 +0800] "GET /xingrg/check_reg.html?_=1596075147759 HTTP/1.1" 200 22
101.85.53.146 - - [30/Jul/2020:10:12:33 +0800] "POST /xingrg/kc/buy/cgsh_order_operate.html HTTP/1.1" 200 8245
101.85.53.146 - - [30/Jul/2020:10:12:33 +0800] "GET /xingrg/all/common/auto_word.html?type=employee&rest_code=00145 HTTP/1.1" 200 105
101.85.53.146 - - [30/Jul/2020:10:12:33 +0800] "GET /xingrg/all/common/auto_word.html?type=employee&rest_code=00145 HTTP/1.1" 200 105
101.85.53.146 - - [30/Jul/2020:10:12:33 +0800] "GET /xingrg/javascript/easyui/themes/default/validatebox.css HTTP/1.1" 404 1104
114.88.161.57 - - [30/Jul/2020:10:12:39 +0800] "GET /xingrg/all/function/internal_message.html?_=1596075187527&CODE_STATE=getMsg HTTP/1.1" 200 27
116.230.74.197 - - [30/Jul/2020:10:12:40 +0800] "GET /xingrg/kc/buy/cgsh_order_operate.html?command=get_materiel&rest_code=00107&code=00101004067&supplier_code=00100312&order_time=2020-07-30 HTTP/1.1" 200 413
117.184.7.30 - - [30/Jul/2020:10:12:41 +0800] "GET /xingrg/all/function/internal_message.html?_=1596075153000&CODE_STATE=getMsg HTTP/1.1" 200 27
58.221.95.50 - - [30/Jul/2020:10:12:43 +0800] "GET /xingrg/all/function/internal_message.html?_=1596075279246&CODE_STATE=getMsg HTTP/1.1" 200 27
117.185.32.26 - - [30/Jul/2020:10:12:44 +0800] "GET /xingrg/all/function/internal_message.html?_=1596075153840&CODE_STATE=getMsg HTTP/1.1" 200 27
114.88.159.89 - - [30/Jul/2020:10:12:45 +0800] "GET /xingrg/all/function/internal_message.html?_=1596074821152&CODE_STATE=getMsg HTTP/1.1" 200 27
116.230.74.197 - - [30/Jul/2020:10:12:45 +0800] "GET /xingrg/all/function/internal_message.html?_=1596075156462&CODE_STATE=getMsg HTTP/1.1" 200 27
222.70.173.120 - - [30/Jul/2020:10:12:48 +0800] "GET /xingrg/all/function/internal_message.html?_=1596075181364&CODE_STATE=getMsg HTTP/1.1" 200 27
114.89.80.44 - - [30/Jul/2020:10:12:55 +0800] "GET /xingrg/all/function/internal_message.html?_=1596075291663&CODE_STATE=getMsg HTTP/1.1" 200 27
101.83.241.154 - - [30/Jul/2020:10:12:55 +0800] "GET /xingrg/all/function/internal_message.html?_=1596075167834&CODE_STATE=getMsg HTTP/1.1" 200 27
58.40.7.146 - - [30/Jul/2020:10:12:56 +0800] "GET /xingrg/all/function/internal_message.html?_=1596075173460&CODE_STATE=getMsg HTTP/1.1" 200 27
172.17.0.185 - - [30/Jul/2020:10:12:57 +0800] "GET /xingrg/all/function/internal_message.html?_=1596075174058&CODE_STATE=getMsg HTTP/1.1" 200 27
58.221.95.50 - - [30/Jul/2020:10:12:57 +0800] "GET /xingrg/kc/base/wldb_order_operate.html?command=get_materiel&rest_code=00152&base_code=0010647&code=00102002489 HTTP/1.1" 200 433
222.70.173.120 - - [30/Jul/2020:10:12:59 +0800] "GET /xingrg/all/function/internal_message.html?_=1596075188300&CODE_STATE=getMsg HTTP/1.1" 200 27
180.175.214.200 - - [30/Jul/2020:10:13:00 +0800] "GET /xingrg/kc/buy/cgsh_order_operate.html?command=get_materiel&rest_code=00102&code=00101002006&supplier_code=00100091&order_time=2020-07-29 HTTP/1.1" 200 413
116.230.74.197 - - [30/Jul/2020:10:13:01 +0800] "GET /xingrg/kc/buy/cgsh_order_operate.html?command=get_materiel&rest_code=00107&code=00101004049&supplier_code=00100312&order_time=2020-07-30 HTTP/1.1" 200 415
180.175.214.200 - - [30/Jul/2020:10:13:06 +0800] "POST /xingrg/kc/buy/cgsh_order_operate.html HTTP/1.1" 200 37
117.185.32.26 - - [30/Jul/2020:10:13:08 +0800] "GET /xingrg/check_reg.html?_=1596075177642 HTTP/1.1" 200 22
180.175.214.200 - - [30/Jul/2020:10:13:10 +0800] "POST /xingrg/kc/buy/cgsh_order_operate.html HTTP/1.1" 200 12
180.175.214.200 - - [30/Jul/2020:10:13:10 +0800] "GET /xingrg/kc/buy/cgsh_order_info.html?code=212020073012560 HTTP/1.1" 200 54204
172.17.0.123 - - [30/Jul/2020:10:13:11 +0800] "GET /xingrg/all/function/internal_message.html?_=1596075122141&CODE_STATE=getMsg HTTP/1.1" 200 27
180.175.214.200 - - [30/Jul/2020:10:13:11 +0800] "GET /xingrg/javascript/easyui/themes/default/validatebox.css HTTP/1.1" 404 1104
58.221.95.50 - - [30/Jul/2020:10:13:11 +0800] "GET /xingrg/kc/base/wldb_order_operate.html?command=get_materiel&rest_code=00152&base_code=0010647&code=00102002743 HTTP/1.1" 200 418
180.175.214.200 - - [30/Jul/2020:10:13:11 +0800] "POST /xingrg/kc/buy/cgsh_order_operate.html HTTP/1.1" 200 610
180.175.214.200 - - [30/Jul/2020:10:13:12 +0800] "GET /xingrg/kc/print/load_data.html?order_code=212020073012560&kc_code=cgsh&condition= HTTP/1.1" 200 771
116.230.74.197 - - [30/Jul/2020:10:13:18 +0800] "GET /xingrg/kc/buy/cgsh_order_operate.html?command=get_materiel&rest_code=00107&code=00101004030&supplier_code=00100312&order_time=2020-07-30 HTTP/1.1" 200 408
180.175.214.200 - - [30/Jul/2020:10:13:18 +0800] "GET /xingrg/kc/buy/cgsh_order_add.html HTTP/1.1" 200 59297
180.175.214.200 - - [30/Jul/2020:10:13:20 +0800] "POST /xingrg/kc/buy/cgsh_order_operate.html HTTP/1.1" 200 8245
180.175.214.200 - - [30/Jul/2020:10:13:20 +0800] "GET /xingrg/javascript/easyui/themes/default/validatebox.css HTTP/1.1" 404 1104
172.17.0.120 - - [30/Jul/2020:10:13:20 +0800] "GET /xingrg/all/function/internal_message.html?_=1596075197589&CODE_STATE=getMsg HTTP/1.1" 200 27
172.17.0.120 - - [30/Jul/2020:10:13:20 +0800] "GET /xingrg/check_reg.html?_=1596075197590 HTTP/1.1" 200 22
180.175.214.200 - - [30/Jul/2020:10:13:21 +0800] "GET /xingrg/all/function/internal_message.html?_=1596075404428&CODE_STATE=getMsg HTTP/1.1" 200 27
180.175.214.200 - - [30/Jul/2020:10:13:21 +0800] "GET /xingrg/all/function/internal_message.html?_=1596075198908&CODE_STATE=getMsg HTTP/1.1" 200 27
114.89.80.44 - - [30/Jul/2020:10:13:25 +0800] "GET /xingrg/kc/mdqp/qqps_order_list.html HTTP/1.1" 200 9222
114.89.80.44 - - [30/Jul/2020:10:13:25 +0800] "GET /xingrg/dwr/util.js HTTP/1.1" 304 -
114.89.80.44 - - [30/Jul/2020:10:13:25 +0800] "GET /xingrg/javascript/myfunction.js HTTP/1.1" 304 -
114.89.80.44 - - [30/Jul/2020:10:13:25 +0800] "GET /xingrg/javascript/Calendar.js HTTP/1.1" 304 -
114.89.80.44 - - [30/Jul/2020:10:13:25 +0800] "GET /xingrg/javascript/ToolTips.js HTTP/1.1" 304 -
114.89.80.44 - - [30/Jul/2020:10:13:25 +0800] "GET /xingrg/dwr/interface/AjaxReportQueryService.js HTTP/1.1" 200 13203
114.89.80.44 - - [30/Jul/2020:10:13:25 +0800] "GET /xingrg/dwr/interface/AjaxQqpsService.js HTTP/1.1" 200 16326
114.89.80.44 - - [30/Jul/2020:10:13:25 +0800] "GET /xingrg/dwr/engine.js HTTP/1.1" 200 43631
58.221.95.50 - - [30/Jul/2020:10:13:26 +0800] "GET /xingrg/kc/base/wldb_order_operate.html?command=get_materiel&rest_code=00152&base_code=0010647&code=00102002253 HTTP/1.1" 200 427
114.89.80.44 - - [30/Jul/2020:10:13:27 +0800] "GET /xingrg/kc/mdqp/qqps_order_add.html HTTP/1.1" 200 28002
114.89.80.44 - - [30/Jul/2020:10:13:27 +0800] "GET /xingrg/javascript/AjaxInfoList.js HTTP/1.1" 304 -
114.89.80.44 - - [30/Jul/2020:10:13:27 +0800] "GET /xingrg/javascript/tools/jquery.qtip-1.0.0-rc3.min.js HTTP/1.1" 304 -
114.89.80.44 - - [30/Jul/2020:10:13:27 +0800] "GET /xingrg/javascript/Grid.js HTTP/1.1" 304 -
114.89.80.44 - - [30/Jul/2020:10:13:27 +0800] "GET /xingrg/dwr/interface/AjaxComOrderService.js HTTP/1.1" 200 18264
114.89.80.44 - - [30/Jul/2020:10:13:27 +0800] "GET /xingrg/dwr/interface/AjaxQqpsService.js HTTP/1.1" 200 16326
114.89.80.44 - - [30/Jul/2020:10:13:27 +0800] "GET /xingrg/dwr/engine.js HTTP/1.1" 200 43631
172.17.0.100 - - [30/Jul/2020:10:13:28 +0800] "GET /xingrg/all/function/internal_message.html?_=1596075206195&CODE_STATE=getMsg HTTP/1.1" 200 27
172.17.200.101 - - [30/Jul/2020:10:13:28 +0800] "GET /xingrg/all/function/internal_message.html?_=1596075208799&CODE_STATE=getMsg HTTP/1.1" 200 27
116.230.74.197 - - [30/Jul/2020:10:13:29 +0800] "GET /xingrg/kc/buy/cgsh_order_operate.html?command=get_materiel&rest_code=00107&code=00101001029&supplier_code=00100312&order_time=2020-07-30 HTTP/1.1" 200 415
114.89.80.44 - - [30/Jul/2020:10:13:32 +0800] "GET /xingrg/all/function/internal_message.html?_=1596075207763&CODE_STATE=getMsg HTTP/1.1" 200 27
114.89.80.44 - - [30/Jul/2020:10:13:36 +0800] "POST /xingrg/dwr/call/plaincall/AjaxQqpsService.saveOrder.dwr HTTP/1.1" 200 78
120.204.17.70 - - [30/Jul/2020:10:13:38 +0800] "GET /xingrg/kc/buy/cgsh_order_operate.html?command=get_materiel&rest_code=00106&code=00101008168&supplier_code=00100007&order_time=2020-07-30 HTTP/1.1" 302 -
114.88.161.57 - - [30/Jul/2020:10:13:39 +0800] "GET /xingrg/all/function/internal_message.html?_=1596075247527&CODE_STATE=getMsg HTTP/1.1" 200 27
114.89.80.44 - - [30/Jul/2020:10:13:39 +0800] "POST /xingrg/dwr/call/plaincall/AjaxQqpsService.getMaterielByCode.dwr HTTP/1.1" 200 3577
114.89.80.44 - - [30/Jul/2020:10:13:41 +0800] "POST /xingrg/dwr/call/plaincall/AjaxQqpsService.saveMaterielItem.dwr HTTP/1.1" 200 78
117.184.7.30 - - [30/Jul/2020:10:13:41 +0800] "GET /xingrg/all/function/internal_message.html?_=1596075212986&CODE_STATE=getMsg HTTP/1.1" 200 27
61.172.5.115 - - [30/Jul/2020:10:13:41 +0800] "GET /xingrg/kc/buy/cgsh_order_add.html HTTP/1.1" 200 59379
61.172.5.115 - - [30/Jul/2020:10:13:42 +0800] "GET /xingrg/words/20200729195558_words.js HTTP/1.1" 304 -
61.172.5.115 - - [30/Jul/2020:10:13:42 +0800] "POST /xingrg/kc/buy/cgsh_order_operate.html HTTP/1.1" 200 8245
61.172.5.115 - - [30/Jul/2020:10:13:42 +0800] "GET /xingrg/javascript/easyui/themes/default/validatebox.css HTTP/1.1" 404 1104
180.175.214.200 - - [30/Jul/2020:10:13:43 +0800] "GET /xingrg/kc/buy/cgsh_order_operate.html?command=get_materiel&rest_code=00102&code=00101001019&supplier_code=00100318&order_time=2020-07-29 HTTP/1.1" 200 413
58.221.95.50 - - [30/Jul/2020:10:13:43 +0800] "GET /xingrg/all/function/internal_message.html?_=1596075339276&CODE_STATE=getMsg HTTP/1.1" 200 27
58.221.95.50 - - [30/Jul/2020:10:13:43 +0800] "GET /xingrg/check_reg.html?_=1596075339459 HTTP/1.1" 200 22
117.185.32.26 - - [30/Jul/2020:10:13:44 +0800] "GET /xingrg/all/function/internal_message.html?_=1596075213820&CODE_STATE=getMsg HTTP/1.1" 200 27
114.88.159.89 - - [30/Jul/2020:10:13:45 +0800] "GET /xingrg/all/function/internal_message.html?_=1596074881133&CODE_STATE=getMsg HTTP/1.1" 200 27
116.230.74.197 - - [30/Jul/2020:10:13:45 +0800] "GET /xingrg/all/function/internal_message.html?_=1596075216445&CODE_STATE=getMsg HTTP/1.1" 200 27
116.230.74.197 - - [30/Jul/2020:10:13:45 +0800] "POST /xingrg/kc/buy/cgsh_order_operate.html HTTP/1.1" 200 37
114.89.80.44 - - [30/Jul/2020:10:13:46 +0800] "POST /xingrg/dwr/call/plaincall/AjaxQqpsService.getMaterielByCode.dwr HTTP/1.1" 200 3584
120.204.17.73 - - [30/Jul/2020:10:13:46 +0800] "GET /xingrg/kc/buy/cgsh_order_operate.html?command=get_materiel&rest_code=00106&code=00101008402&supplier_code=00100007&order_time=2020-07-30 HTTP/1.1" 302 -
172.17.0.123 - - [30/Jul/2020:10:13:47 +0800] "POST /xingrg/all/user/operate.html HTTP/1.1" 200 36
120.204.17.70 - - [30/Jul/2020:10:13:47 +0800] "GET /xingrg/login.html HTTP/1.1" 200 7641
172.17.0.123 - - [30/Jul/2020:10:13:47 +0800] "GET /xingrg/index.html?sysBaseUrl=http%3A%2F%2F172.17.0.8%3A18081%2Fxingrg%2F&costTime=68×tamp=1596074913223 HTTP/1.1" 200 17454
172.17.0.123 - - [30/Jul/2020:10:13:47 +0800] "GET /xingrg/javascript/jquery_easy_ui/themes/default/easyui.css HTTP/1.1" 304 -
172.17.0.123 - - [30/Jul/2020:10:13:47 +0800] "GET /xingrg/javascript/jquery_easy_ui/themes/icon.css HTTP/1.1" 304 -
172.17.0.123 - - [30/Jul/2020:10:13:47 +0800] "GET /xingrg/css/form.css HTTP/1.1" 304 -
172.17.0.123 - - [30/Jul/2020:10:13:47 +0800] "GET /xingrg/javascript/jquery-1.4.2.min.js HTTP/1.1" 304 -
172.17.0.123 - - [30/Jul/2020:10:13:47 +0800] "GET /xingrg/javascript/jquery_easy_ui/jquery.easyui.min.js HTTP/1.1" 304 -
172.17.0.123 - - [30/Jul/2020:10:13:47 +0800] "GET /xingrg/javascript/jquery_easy_ui/easyui-lang-zh_CN.js HTTP/1.1" 304 -
172.17.0.123 - - [30/Jul/2020:10:13:47 +0800] "GET /xingrg/javascript/jquery.form.js HTTP/1.1" 304 -
172.17.0.123 - - [30/Jul/2020:10:13:47 +0800] "GET /xingrg/javascript/jquery.utils.js HTTP/1.1" 304 -
172.17.0.123 - - [30/Jul/2020:10:13:47 +0800] "GET /xingrg/javascript/jquery.timers.js HTTP/1.1" 304 -
172.17.0.123 - - [30/Jul/2020:10:13:47 +0800] "GET /xingrg/images/blue/jxLogo.png HTTP/1.1" 304 -
172.17.0.123 - - [30/Jul/2020:10:13:47 +0800] "GET /xingrg/javascript/jquery_easy_ui/themes/icons/settle_new.png HTTP/1.1" 304 -
172.17.0.123 - - [30/Jul/2020:10:13:47 +0800] "GET /xingrg/images/blue/navBackgound.jpg HTTP/1.1" 304 -
172.17.0.123 - - [30/Jul/2020:10:13:47 +0800] "POST /xingrg/all/common/load_tree.html?tree=area_rest_tree_json&manage=1 HTTP/1.1" 200 3216
116.230.74.197 - - [30/Jul/2020:10:13:47 +0800] "POST /xingrg/kc/buy/cgsh_order_operate.html HTTP/1.1" 200 5042
172.17.0.123 - - [30/Jul/2020:10:13:47 +0800] "GET /xingrg/all/function/internal_message.html?_=1596075158532&CODE_STATE=count HTTP/1.1" 200 11
172.17.0.123 - - [30/Jul/2020:10:13:47 +0800] "GET /xingrg/check_reg.html?_=1596075158534 HTTP/1.1" 200 22
172.17.0.123 - - [30/Jul/2020:10:13:47 +0800] "GET /xingrg/images/blue/pingpu.png HTTP/1.1" 304 -
172.17.0.123 - - [30/Jul/2020:10:13:47 +0800] "GET /xingrg/javascript/jquery_easy_ui/themes/default/images/tabs_rightarrow.png HTTP/1.1" 304 -
172.17.0.123 - - [30/Jul/2020:10:13:47 +0800] "GET /xingrg/javascript/jquery_easy_ui/themes/default/images/panel_tool_expand.gif HTTP/1.1" 304 -
172.17.0.123 - - [30/Jul/2020:10:13:47 +0800] "GET /xingrg/javascript/jquery_easy_ui/themes/default/images/panel_tool_collapse.gif HTTP/1.1" 304 -
172.17.0.123 - - [30/Jul/2020:10:13:47 +0800] "GET /xingrg/javascript/jquery_easy_ui/themes/default/images/tabs_leftarrow.png HTTP/1.1" 304 -
172.17.0.123 - - [30/Jul/2020:10:13:47 +0800] "POST /xingrg/load_menu.html HTTP/1.1" 200 9924
222.70.173.120 - - [30/Jul/2020:10:13:48 +0800] "GET /xingrg/all/function/internal_message.html?_=1596075241377&CODE_STATE=getMsg HTTP/1.1" 200 27
116.230.74.197 - - [30/Jul/2020:10:13:49 +0800] "GET /xingrg/kc/print/load_data.html?order_code=212020073012561&kc_code=cgsh&condition= HTTP/1.1" 200 1592
114.89.80.44 - - [30/Jul/2020:10:13:50 +0800] "POST /xingrg/dwr/call/plaincall/AjaxQqpsService.saveMaterielItem.dwr HTTP/1.1" 200 78
180.175.214.200 - - [30/Jul/2020:10:13:51 +0800] "POST /xingrg/kc/buy/cgsh_order_operate.html HTTP/1.1" 200 37
180.175.214.200 - - [30/Jul/2020:10:13:52 +0800] "POST /xingrg/kc/buy/cgsh_order_operate.html HTTP/1.1" 200 12
114.89.80.44 - - [30/Jul/2020:10:13:52 +0800] "POST /xingrg/dwr/call/plaincall/AjaxQqpsService.checkOrder.dwr HTTP/1.1" 200 78
58.221.95.50 - - [30/Jul/2020:10:13:52 +0800] "GET /xingrg/kc/base/wldb_order_operate.html?command=get_materiel&rest_code=00152&base_code=0010647&code=00102010133 HTTP/1.1" 200 427
116.230.74.197 - - [30/Jul/2020:10:13:53 +0800] "GET /xingrg/kc/buy/cgsh_order_add.html HTTP/1.1" 200 59426
180.175.214.200 - - [30/Jul/2020:10:13:53 +0800] "GET /xingrg/kc/buy/cgsh_order_info.html?code=212020073012562 HTTP/1.1" 200 54204
114.89.80.44 - - [30/Jul/2020:10:13:53 +0800] "GET /xingrg/kc/mdqp/qqps_order_info.html?code=302020073000547 HTTP/1.1" 200 26409
114.89.80.44 - - [30/Jul/2020:10:13:53 +0800] "GET /xingrg/dwr/interface/AjaxQqpsService.js HTTP/1.1" 200 16326
114.89.80.44 - - [30/Jul/2020:10:13:53 +0800] "GET /xingrg/dwr/interface/AjaxComOrderService.js HTTP/1.1" 200 18264
114.89.80.44 - - [30/Jul/2020:10:13:53 +0800] "GET /xingrg/dwr/engine.js HTTP/1.1" 200 43631
116.230.74.197 - - [30/Jul/2020:10:13:53 +0800] "POST /xingrg/kc/buy/cgsh_order_operate.html HTTP/1.1" 200 8245
116.230.74.197 - - [30/Jul/2020:10:13:54 +0800] "GET /xingrg/javascript/easyui/themes/default/validatebox.css HTTP/1.1" 404 1104
114.89.80.44 - - [30/Jul/2020:10:13:54 +0800] "POST /xingrg/dwr/call/plaincall/AjaxQqpsService.loadMaterielItems.dwr HTTP/1.1" 200 576
114.89.80.44 - - [30/Jul/2020:10:13:54 +0800] "GET /xingrg/check_reg.html?_=1596075351314 HTTP/1.1" 200 22
180.175.214.200 - - [30/Jul/2020:10:13:54 +0800] "GET /xingrg/javascript/easyui/themes/default/validatebox.css HTTP/1.1" 404 1104
116.230.74.197 - - [30/Jul/2020:10:13:55 +0800] "GET /xingrg/javascript/easyui/themes/default/tree.css HTTP/1.1" 404 1090
116.230.74.197 - - [30/Jul/2020:10:13:55 +0800] "POST /xingrg/all/common/load_tree.html?tree=supplier_tree_json&isDelete=1 HTTP/1.1" 200 49675
114.89.80.44 - - [30/Jul/2020:10:13:55 +0800] "GET /xingrg/all/function/internal_message.html?_=1596075351709&CODE_STATE=getMsg HTTP/1.1" 200 27
180.175.214.200 - - [30/Jul/2020:10:13:55 +0800] "POST /xingrg/kc/buy/cgsh_order_operate.html HTTP/1.1" 200 612
172.17.0.123 - - [30/Jul/2020:10:13:55 +0800] "GET /xingrg/kc/report/report_main.html HTTP/1.1" 200 7325
101.83.241.154 - - [30/Jul/2020:10:13:55 +0800] "GET /xingrg/all/function/internal_message.html?_=1596075227833&CODE_STATE=getMsg HTTP/1.1" 200 27
58.40.7.146 - - [30/Jul/2020:10:13:56 +0800] "GET /xingrg/check_reg.html?_=1596075233445 HTTP/1.1" 200 22
58.40.7.146 - - [30/Jul/2020:10:13:56 +0800] "GET /xingrg/all/function/internal_message.html?_=1596075233446&CODE_STATE=getMsg HTTP/1.1" 200 27
120.204.17.73 - - [30/Jul/2020:10:13:56 +0800] "GET /xingrg/login.html HTTP/1.1" 200 7641
172.17.0.123 - - [30/Jul/2020:10:13:56 +0800] "GET /xingrg/all/report/report_query.html?fileName=kc/buy/wlcg_mx.xml HTTP/1.1" 200 51573
172.17.0.123 - - [30/Jul/2020:10:13:56 +0800] "GET /xingrg/dwr/interface/AjaxReportQueryService.js HTTP/1.1" 200 13203
172.17.0.123 - - [30/Jul/2020:10:13:56 +0800] "GET /xingrg/dwr/engine.js HTTP/1.1" 200 43631
58.221.95.50 - - [30/Jul/2020:10:13:56 +0800] "GET /xingrg/kc/base/wldb_order_operate.html?command=get_materiel&rest_code=00152&base_code=0010647&code=00102002560 HTTP/1.1" 200 437
172.17.0.123 - - [30/Jul/2020:10:13:56 +0800] "POST /xingrg/dwr/call/plaincall/AjaxReportQueryService.getFixDate.dwr HTTP/1.1" 200 111
172.17.0.123 - - [30/Jul/2020:10:13:56 +0800] "POST /xingrg/dwr/call/plaincall/AjaxReportQueryService.getInitString.dwr HTTP/1.1" 200 22024
180.175.214.200 - - [30/Jul/2020:10:13:56 +0800] "GET /xingrg/kc/print/load_data.html?order_code=212020073012562&kc_code=cgsh&condition= HTTP/1.1" 200 708
172.17.0.123 - - [30/Jul/2020:10:13:57 +0800] "POST /xingrg/dwr/call/plaincall/AjaxReportQueryService.getInitString.dwr HTTP/1.1" 200 378
172.17.0.185 - - [30/Jul/2020:10:13:57 +0800] "GET /xingrg/all/function/internal_message.html?_=1596075234059&CODE_STATE=getMsg HTTP/1.1" 200 27
172.17.0.123 - - [30/Jul/2020:10:13:57 +0800] "POST /xingrg/dwr/call/plaincall/AjaxReportQueryService.getInitString.dwr HTTP/1.1" 200 125
222.70.173.120 - - [30/Jul/2020:10:13:57 +0800] "GET /xingrg/check_reg.html?_=1596075246779 HTTP/1.1" 200 22
172.17.0.123 - - [30/Jul/2020:10:13:58 +0800] "POST /xingrg/dwr/call/plaincall/AjaxReportQueryService.getFixDate.dwr HTTP/1.1" 200 111
172.17.0.123 - - [30/Jul/2020:10:13:59 +0800] "POST /xingrg/dwr/call/plaincall/AjaxReportQueryService.getFixDate.dwr HTTP/1.1" 200 111
222.70.173.120 - - [30/Jul/2020:10:13:59 +0800] "GET /xingrg/all/function/internal_message.html?_=1596075248314&CODE_STATE=getMsg HTTP/1.1" 200 27
180.175.214.200 - - [30/Jul/2020:10:14:02 +0800] "GET /xingrg/kc/buy/cgsh_order_add.html HTTP/1.1" 200 59297
172.17.0.123 - - [30/Jul/2020:10:14:03 +0800] "POST /xingrg/dwr/call/plaincall/AjaxReportQueryService.refreshCache.dwr HTTP/1.1" 200 78
180.175.214.200 - - [30/Jul/2020:10:14:03 +0800] "POST /xingrg/kc/buy/cgsh_order_operate.html HTTP/1.1" 200 8245
180.175.214.200 - - [30/Jul/2020:10:14:03 +0800] "GET /xingrg/javascript/easyui/themes/default/validatebox.css HTTP/1.1" 404 1104
172.17.0.123 - - [30/Jul/2020:10:14:05 +0800] "POST /xingrg/all/report/load_report_page.html HTTP/1.1" 200 148543
172.17.0.123 - - [30/Jul/2020:10:14:05 +0800] "GET /xingrg/servlets/image?cache=0.025348868530592705&image=px HTTP/1.1" 200 807
58.221.95.50 - - [30/Jul/2020:10:14:07 +0800] "POST /xingrg/kc/base/wldb_order_operate.html HTTP/1.1" 200 37
58.221.95.50 - - [30/Jul/2020:10:14:07 +0800] "POST /xingrg/kc/base/wldb_order_operate.html HTTP/1.1" 200 5535
172.17.0.123 - - [30/Jul/2020:10:14:07 +0800] "POST /xingrg/all/report/load_report_page.html HTTP/1.1" 200 148012
172.17.0.123 - - [30/Jul/2020:10:14:08 +0800] "GET /xingrg/servlets/image?cache=0.7790532232164828&image=px HTTP/1.1" 200 807
58.221.95.50 - - [30/Jul/2020:10:14:08 +0800] "GET /xingrg/kc/base/wldb_order_info.html?code=422020073003442 HTTP/1.1" 200 30388
116.230.74.197 - - [30/Jul/2020:10:14:08 +0800] "GET /xingrg/javascript/auto/indicator.gif HTTP/1.1" 404 1066
58.221.95.50 - - [30/Jul/2020:10:14:09 +0800] "GET /xingrg/javascript/easyui/themes/default/validatebox.css HTTP/1.1" 404 1104
58.221.95.50 - - [30/Jul/2020:10:14:09 +0800] "POST /xingrg/kc/base/wldb_order_operate.html HTTP/1.1" 200 5535
180.175.214.200 - - [30/Jul/2020:10:14:12 +0800] "GET /xingrg/kc/buy/cgsh_order_operate.html?command=get_materiel&rest_code=00102&code=00101001167&supplier_code=00100314&order_time=2020-07-29 HTTP/1.1" 200 417
116.230.74.197 - - [30/Jul/2020:10:14:14 +0800] "GET /xingrg/kc/buy/cgsh_order_operate.html?command=get_materiel&rest_code=00107&code=00101008061&supplier_code=00100339&order_time=2020-07-30 HTTP/1.1" 200 422
172.17.0.123 - - [30/Jul/2020:10:14:15 +0800] "POST /xingrg/all/report/report_print.html HTTP/1.1" 200 16405
58.221.95.50 - - [30/Jul/2020:10:14:15 +0800] "POST /xingrg/kc/base/wldb_list_operate.html HTTP/1.1" 200 6195
58.221.95.50 - - [30/Jul/2020:10:14:17 +0800] "POST /xingrg/kc/base/wldb_list_operate.html HTTP/1.1" 200 609
172.17.0.120 - - [30/Jul/2020:10:14:20 +0800] "GET /xingrg/all/function/internal_message.html?_=1596075257577&CODE_STATE=getMsg HTTP/1.1" 200 27
180.175.214.200 - - [30/Jul/2020:10:14:21 +0800] "GET /xingrg/all/function/internal_message.html?_=1596075464442&CODE_STATE=getMsg HTTP/1.1" 200 27
180.175.214.200 - - [30/Jul/2020:10:14:21 +0800] "GET /xingrg/all/function/internal_message.html?_=1596075258921&CODE_STATE=getMsg HTTP/1.1" 200 27
58.221.95.50 - - [30/Jul/2020:10:14:22 +0800] "POST /xingrg/kc/base/wldb_list_operate.html HTTP/1.1" 200 4
58.221.95.50 - - [30/Jul/2020:10:14:23 +0800] "POST /xingrg/kc/base/wldb_list_operate.html HTTP/1.1" 200 6211
58.221.95.50 - - [30/Jul/2020:10:14:25 +0800] "POST /xingrg/kc/base/wldb_list_operate.html HTTP/1.1" 200 598
116.230.74.197 - - [30/Jul/2020:10:14:28 +0800] "GET /xingrg/kc/buy/cgsh_order_operate.html?command=get_materiel&rest_code=00107&code=00101008314&supplier_code=00100339&order_time=2020-07-30 HTTP/1.1" 200 413
172.17.0.100 - - [30/Jul/2020:10:14:28 +0800] "GET /xingrg/all/function/internal_message.html?_=1596075266201&CODE_STATE=getMsg HTTP/1.1" 200 27
172.17.200.101 - - [30/Jul/2020:10:14:28 +0800] "GET /xingrg/all/function/internal_message.html?_=1596075268799&CODE_STATE=getMsg HTTP/1.1" 200 27
58.221.95.50 - - [30/Jul/2020:10:14:31 +0800] "POST /xingrg/kc/base/wldb_list_operate.html HTTP/1.1" 200 4
114.89.80.44 - - [30/Jul/2020:10:14:32 +0800] "GET /xingrg/all/function/internal_message.html?_=1596075267777&CODE_STATE=getMsg HTTP/1.1" 200 27
58.221.95.50 - - [30/Jul/2020:10:14:35 +0800] "POST /xingrg/kc/base/wldb_list_operate.html HTTP/1.1" 200 6227
180.175.214.200 - - [30/Jul/2020:10:14:38 +0800] "POST /xingrg/kc/buy/cgsh_order_operate.html HTTP/1.1" 200 37
114.88.161.57 - - [30/Jul/2020:10:14:39 +0800] "GET /xingrg/all/function/internal_message.html?_=1596075307528&CODE_STATE=getMsg HTTP/1.1" 200 27
116.230.74.197 - - [30/Jul/2020:10:14:39 +0800] "GET /xingrg/kc/buy/cgsh_order_operate.html?command=get_materiel&rest_code=00107&code=00101008512&supplier_code=00100339&order_time=2020-07-30 HTTP/1.1" 200 399
180.175.214.200 - - [30/Jul/2020:10:14:40 +0800] "POST /xingrg/kc/buy/cgsh_order_operate.html HTTP/1.1" 200 12
101.85.53.146 - - [30/Jul/2020:10:14:40 +0800] "GET /xingrg/check_reg.html?_=1596074606874 HTTP/1.1" 200 22
180.175.214.200 - - [30/Jul/2020:10:14:41 +0800] "GET /xingrg/kc/buy/cgsh_order_info.html?code=212020073012563 HTTP/1.1" 200 54202
117.184.7.30 - - [30/Jul/2020:10:14:41 +0800] "GET /xingrg/all/function/internal_message.html?_=1596075272973&CODE_STATE=getMsg HTTP/1.1" 200 27
180.175.214.200 - - [30/Jul/2020:10:14:42 +0800] "GET /xingrg/javascript/easyui/themes/default/validatebox.css HTTP/1.1" 404 1104
61.172.5.115 - - [30/Jul/2020:10:14:42 +0800] "GET /xingrg/kc/buy/cgsh_order_operate.html?command=get_materiel&rest_code=00105&code=00101002027&supplier_code=00100397&order_time=2020-07-30 HTTP/1.1" 200 413
180.175.214.200 - - [30/Jul/2020:10:14:42 +0800] "POST /xingrg/kc/buy/cgsh_order_operate.html HTTP/1.1" 200 616
58.221.95.50 - - [30/Jul/2020:10:14:43 +0800] "GET /xingrg/all/function/internal_message.html?_=1596075399229&CODE_STATE=getMsg HTTP/1.1" 200 27
180.175.214.200 - - [30/Jul/2020:10:14:43 +0800] "GET /xingrg/kc/print/load_data.html?order_code=212020073012563&kc_code=cgsh&condition= HTTP/1.1" 200 709
117.185.32.26 - - [30/Jul/2020:10:14:44 +0800] "GET /xingrg/all/function/internal_message.html?_=1596075273787&CODE_STATE=getMsg HTTP/1.1" 200 27
114.88.159.89 - - [30/Jul/2020:10:14:45 +0800] "GET /xingrg/all/function/internal_message.html?_=1596074941113&CODE_STATE=getMsg HTTP/1.1" 200 27
116.230.74.197 - - [30/Jul/2020:10:14:45 +0800] "GET /xingrg/all/function/internal_message.html?_=1596075276440&CODE_STATE=getMsg HTTP/1.1" 200 27
172.17.0.123 - - [30/Jul/2020:10:14:47 +0800] "GET /xingrg/all/function/internal_message.html?_=1596075218549&CODE_STATE=getMsg HTTP/1.1" 200 27
222.70.173.120 - - [30/Jul/2020:10:14:48 +0800] "GET /xingrg/all/function/internal_message.html?_=1596075301602&CODE_STATE=getMsg HTTP/1.1" 200 27
116.230.74.197 - - [30/Jul/2020:10:14:49 +0800] "GET /xingrg/kc/buy/cgsh_order_operate.html?command=get_materiel&rest_code=00107&code=00101008522&supplier_code=00100339&order_time=2020-07-30 HTTP/1.1" 200 400
114.89.80.44 - - [30/Jul/2020:10:14:55 +0800] "GET /xingrg/all/function/internal_message.html?_=1596075411722&CODE_STATE=getMsg HTTP/1.1" 200 27
101.83.241.154 - - [30/Jul/2020:10:14:55 +0800] "GET /xingrg/all/function/internal_message.html?_=1596075287846&CODE_STATE=getMsg HTTP/1.1" 200 27
58.40.7.146 - - [30/Jul/2020:10:14:56 +0800] "GET /xingrg/all/function/internal_message.html?_=1596075293449&CODE_STATE=getMsg HTTP/1.1" 200 27
172.17.0.185 - - [30/Jul/2020:10:14:57 +0800] "GET /xingrg/all/function/internal_message.html?_=1596075294048&CODE_STATE=getMsg HTTP/1.1" 200 27
116.230.74.197 - - [30/Jul/2020:10:14:57 +0800] "POST /xingrg/kc/buy/cgsh_order_operate.html HTTP/1.1" 200 37
58.221.95.50 - - [30/Jul/2020:10:14:58 +0800] "GET /xingrg/kc/base/wldb_order_add.html HTTP/1.1" 200 30371
58.221.95.50 - - [30/Jul/2020:10:14:58 +0800] "POST /xingrg/kc/base/wldb_order_operate.html HTTP/1.1" 200 6806
58.221.95.50 - - [30/Jul/2020:10:14:58 +0800] "GET /xingrg/javascript/easyui/themes/default/validatebox.css HTTP/1.1" 404 1104
222.70.173.120 - - [30/Jul/2020:10:14:59 +0800] "GET /xingrg/all/function/internal_message.html?_=1596075308328&CODE_STATE=getMsg HTTP/1.1" 200 27
116.230.74.197 - - [30/Jul/2020:10:14:59 +0800] "POST /xingrg/kc/buy/cgsh_order_operate.html HTTP/1.1" 200 4442
116.230.74.197 - - [30/Jul/2020:10:15:00 +0800] "GET /xingrg/kc/print/load_data.html?order_code=212020073012564&kc_code=cgsh&condition= HTTP/1.1" 200 1361
180.175.214.200 - - [30/Jul/2020:10:15:02 +0800] "GET /xingrg/kc/buy/cgsh_order_add.html HTTP/1.1" 200 59297
180.175.214.200 - - [30/Jul/2020:10:15:04 +0800] "POST /xingrg/kc/buy/cgsh_order_operate.html HTTP/1.1" 200 8245
180.175.214.200 - - [30/Jul/2020:10:15:04 +0800] "GET /xingrg/javascript/easyui/themes/default/validatebox.css HTTP/1.1" 404 1104
116.230.74.197 - - [30/Jul/2020:10:15:04 +0800] "GET /xingrg/kc/buy/cgsh_order_add.html HTTP/1.1" 200 59426
116.230.74.197 - - [30/Jul/2020:10:15:05 +0800] "GET /xingrg/javascript/easyui/themes/default/validatebox.css HTTP/1.1" 404 1104
116.230.74.197 - - [30/Jul/2020:10:15:05 +0800] "POST /xingrg/kc/buy/cgsh_order_operate.html HTTP/1.1" 200 8245
116.230.74.197 - - [30/Jul/2020:10:15:07 +0800] "GET /xingrg/javascript/easyui/themes/default/tree.css HTTP/1.1" 404 1090
116.230.74.197 - - [30/Jul/2020:10:15:07 +0800] "POST /xingrg/all/common/load_tree.html?tree=supplier_tree_json&isDelete=1 HTTP/1.1" 200 49675
114.88.159.89 - - [30/Jul/2020:10:15:07 +0800] "GET /xingrg/check_reg.html?_=1596074963516 HTTP/1.1" 200 22
61.172.5.115 - - [30/Jul/2020:10:15:08 +0800] "GET /xingrg/kc/buy/cgsh_order_operate.html?command=get_materiel&rest_code=00105&code=00101005037&supplier_code=00100397&order_time=2020-07-30 HTTP/1.1" 200 409
114.88.159.89 - - [30/Jul/2020:10:15:08 +0800] "GET /xingrg/check_reg.html?_=1596075315979 HTTP/1.1" 200 22
180.175.214.200 - - [30/Jul/2020:10:15:13 +0800] "GET /xingrg/kc/buy/cgsh_order_operate.html?command=get_materiel&rest_code=00102&code=00101001037&supplier_code=00100090&order_time=2020-07-29 HTTP/1.1" 200 416
183.192.164.85 - - [30/Jul/2020:10:15:16 +0800] "GET /xingrg/kc/print/load_data.html?order_code=212020073012510&kc_code=cgsh&condition= HTTP/1.1" 302 -
120.204.17.68 - - [30/Jul/2020:10:15:17 +0800] "GET /xingrg/check_reg.html?_=1596074577685 HTTP/1.1" 302 -
183.192.164.85 - - [30/Jul/2020:10:15:19 +0800] "GET /xingrg/login.html HTTP/1.1" 200 7641
58.221.95.50 - - [30/Jul/2020:10:15:20 +0800] "GET /xingrg/kc/base/wldb_order_operate.html?command=get_materiel&rest_code=00152&base_code=0010647&code=00102008023 HTTP/1.1" 200 438
172.17.0.120 - - [30/Jul/2020:10:15:20 +0800] "GET /xingrg/all/function/internal_message.html?_=1596075317583&CODE_STATE=getMsg HTTP/1.1" 200 27
180.175.214.200 - - [30/Jul/2020:10:15:21 +0800] "GET /xingrg/all/function/internal_message.html?_=1596075524455&CODE_STATE=getMsg HTTP/1.1" 200 27
180.175.214.200 - - [30/Jul/2020:10:15:21 +0800] "POST /xingrg/kc/buy/cgsh_order_operate.html HTTP/1.1" 200 37
180.175.214.200 - - [30/Jul/2020:10:15:22 +0800] "GET /xingrg/all/function/internal_message.html?_=1596075319006&CODE_STATE=getMsg HTTP/1.1" 200 27
116.230.74.197 - - [30/Jul/2020:10:15:23 +0800] "GET /xingrg/kc/buy/cgsh_order_operate.html?command=get_materiel&rest_code=00107&code=00101002038&supplier_code=00100087&order_time=2020-07-30 HTTP/1.1" 200 414
180.175.214.200 - - [30/Jul/2020:10:15:23 +0800] "POST /xingrg/kc/buy/cgsh_order_operate.html HTTP/1.1" 200 12
180.175.214.200 - - [30/Jul/2020:10:15:23 +0800] "GET /xingrg/kc/buy/cgsh_order_info.html?code=212020073012565 HTTP/1.1" 200 54204
120.204.17.68 - - [30/Jul/2020:10:15:24 +0800] "GET /xingrg/login.html HTTP/1.1" 200 7641
180.175.214.200 - - [30/Jul/2020:10:15:24 +0800] "GET /xingrg/javascript/easyui/themes/default/validatebox.css HTTP/1.1" 404 1104
180.175.214.200 - - [30/Jul/2020:10:15:25 +0800] "POST /xingrg/kc/buy/cgsh_order_operate.html HTTP/1.1" 200 613
180.175.214.200 - - [30/Jul/2020:10:15:25 +0800] "GET /xingrg/kc/print/load_data.html?order_code=212020073012565&kc_code=cgsh&condition= HTTP/1.1" 200 778
172.17.0.100 - - [30/Jul/2020:10:15:28 +0800] "GET /xingrg/all/function/internal_message.html?_=1596075326186&CODE_STATE=getMsg HTTP/1.1" 200 27
172.17.0.123 - - [30/Jul/2020:10:15:28 +0800] "POST /xingrg/all/user/operate.html HTTP/1.1" 200 36
172.17.200.101 - - [30/Jul/2020:10:15:28 +0800] "GET /xingrg/all/function/internal_message.html?_=1596075328799&CODE_STATE=getMsg HTTP/1.1" 200 27
172.17.200.101 - - [30/Jul/2020:10:15:28 +0800] "GET /xingrg/check_reg.html?_=1596075328804 HTTP/1.1" 200 22
172.17.0.123 - - [30/Jul/2020:10:15:28 +0800] "GET /xingrg/index.html?sysBaseUrl=http%3A%2F%2F172.17.0.8%3A18081%2Fxingrg%2F&costTime=68×tamp=1596074913223 HTTP/1.1" 200 17454
172.17.0.123 - - [30/Jul/2020:10:15:28 +0800] "GET /xingrg/javascript/jquery_easy_ui/themes/default/easyui.css HTTP/1.1" 304 -
172.17.0.123 - - [30/Jul/2020:10:15:28 +0800] "GET /xingrg/javascript/jquery_easy_ui/themes/icon.css HTTP/1.1" 304 -
172.17.0.123 - - [30/Jul/2020:10:15:28 +0800] "GET /xingrg/css/form.css HTTP/1.1" 304 -
172.17.0.123 - - [30/Jul/2020:10:15:28 +0800] "GET /xingrg/javascript/jquery-1.4.2.min.js HTTP/1.1" 304 -
172.17.0.123 - - [30/Jul/2020:10:15:28 +0800] "GET /xingrg/javascript/jquery_easy_ui/jquery.easyui.min.js HTTP/1.1" 304 -
172.17.0.123 - - [30/Jul/2020:10:15:28 +0800] "GET /xingrg/javascript/jquery_easy_ui/easyui-lang-zh_CN.js HTTP/1.1" 304 -
172.17.0.123 - - [30/Jul/2020:10:15:28 +0800] "GET /xingrg/javascript/jquery.form.js HTTP/1.1" 304 -
172.17.0.123 - - [30/Jul/2020:10:15:28 +0800] "GET /xingrg/javascript/jquery.utils.js HTTP/1.1" 304 -
