222.70.173.120 - - [30/Jul/2020:09:04:39 +0800] "GET /xingrg/kc/buy/cgsh_order_operate.html?command=get_materiel&rest_code=00146&code=00101008210&supplier_code=00100005&order_time=2020-07-30 HTTP/1.1" 200 408
114.88.161.57 - - [30/Jul/2020:09:04:39 +0800] "GET /xingrg/all/function/internal_message.html?_=1596071107483&CODE_STATE=getMsg HTTP/1.1" 200 27
114.89.80.44 - - [30/Jul/2020:09:04:39 +0800] "GET /xingrg/javascript/auto/indicator.gif HTTP/1.1" 404 1066
222.70.173.120 - - [30/Jul/2020:09:04:42 +0800] "GET /xingrg/all/function/internal_message.html?_=1596071095063&CODE_STATE=getMsg HTTP/1.1" 200 27
172.17.0.123 - - [30/Jul/2020:09:04:42 +0800] "GET /xingrg/all/function/internal_message.html?_=1596071013743&CODE_STATE=getMsg HTTP/1.1" 302 -
117.184.7.26 - - [30/Jul/2020:09:04:42 +0800] "GET /xingrg/all/function/internal_message.html?_=1596071074204&CODE_STATE=getMsg HTTP/1.1" 200 27
114.89.80.44 - - [30/Jul/2020:09:04:44 +0800] "GET /xingrg/all/function/internal_message.html?_=1596071079767&CODE_STATE=getMsg HTTP/1.1" 200 27
116.230.74.197 - - [30/Jul/2020:09:04:46 +0800] "GET /xingrg/all/function/internal_message.html?_=1596071076635&CODE_STATE=getMsg HTTP/1.1" 200 27
116.230.74.197 - - [30/Jul/2020:09:04:46 +0800] "POST /xingrg/kc/buy/cgsh_order_operate.html HTTP/1.1" 200 2065
114.89.80.44 - - [30/Jul/2020:09:04:46 +0800] "GET /xingrg/kc/buy/cgsh_order_operate.html?command=get_materiel&rest_code=00151&code=00101011001&supplier_code=00100047&order_time=2020-07-30 HTTP/1.1" 200 423
114.88.159.89 - - [30/Jul/2020:09:04:46 +0800] "GET /xingrg/all/function/internal_message.html?_=1596070742769&CODE_STATE=getMsg HTTP/1.1" 200 27
222.70.173.120 - - [30/Jul/2020:09:04:47 +0800] "GET /xingrg/kc/buy/cgsh_order_operate.html?command=get_materiel&rest_code=00146&code=00101008017&supplier_code=00100005&order_time=2020-07-30 HTTP/1.1" 200 416
114.89.80.44 - - [30/Jul/2020:09:04:48 +0800] "GET /xingrg/kc/buy/cgsh_order_operate.html?command=get_materiel&rest_code=00150&code=00101008349&supplier_code=00100007&order_time=2020-07-30 HTTP/1.1" 200 412
114.89.80.44 - - [30/Jul/2020:09:04:54 +0800] "POST /xingrg/kc/buy/cgsh_order_operate.html HTTP/1.1" 200 37
222.70.173.120 - - [30/Jul/2020:09:04:55 +0800] "GET /xingrg/kc/buy/cgsh_order_operate.html?command=get_materiel&rest_code=00146&code=00101008141&supplier_code=00100005&order_time=2020-07-30 HTTP/1.1" 200 412
58.40.7.146 - - [30/Jul/2020:09:04:56 +0800] "GET /xingrg/all/function/internal_message.html?_=1596071093395&CODE_STATE=getMsg HTTP/1.1" 200 27
222.70.173.120 - - [30/Jul/2020:09:04:56 +0800] "GET /xingrg/all/function/internal_message.html?_=1596071105161&CODE_STATE=getMsg HTTP/1.1" 200 27
114.89.80.44 - - [30/Jul/2020:09:04:56 +0800] "POST /xingrg/kc/buy/cgsh_order_operate.html HTTP/1.1" 200 12
114.89.80.44 - - [30/Jul/2020:09:04:56 +0800] "GET /xingrg/kc/buy/cgsh_order_operate.html?command=get_materiel&rest_code=00150&code=00101008049&supplier_code=00100007&order_time=2020-07-30 HTTP/1.1" 200 408
172.17.0.185 - - [30/Jul/2020:09:04:57 +0800] "GET /xingrg/all/function/internal_message.html?_=1596071094060&CODE_STATE=getMsg HTTP/1.1" 200 27
114.89.80.44 - - [30/Jul/2020:09:04:57 +0800] "GET /xingrg/kc/buy/cgsh_order_info.html?code=212020073012497 HTTP/1.1" 200 53940
114.89.80.44 - - [30/Jul/2020:09:04:57 +0800] "GET /xingrg/javascript/easyui/themes/default/validatebox.css HTTP/1.1" 404 1104
114.89.80.44 - - [30/Jul/2020:09:04:58 +0800] "POST /xingrg/kc/buy/cgsh_order_operate.html HTTP/1.1" 200 616
114.89.80.44 - - [30/Jul/2020:09:04:59 +0800] "GET /xingrg/kc/print/load_data.html?order_code=212020073012497&kc_code=cgsh&condition= HTTP/1.1" 200 780
222.70.173.120 - - [30/Jul/2020:09:05:04 +0800] "GET /xingrg/kc/buy/cgsh_order_operate.html?command=get_materiel&rest_code=00146&code=00101008087&supplier_code=00100005&order_time=2020-07-30 HTTP/1.1" 200 412
114.89.80.44 - - [30/Jul/2020:09:05:04 +0800] "GET /xingrg/kc/buy/cgsh_order_operate.html?command=get_materiel&rest_code=00150&code=00101008244&supplier_code=00100007&order_time=2020-07-30 HTTP/1.1" 200 408
172.17.0.123 - - [30/Jul/2020:09:05:05 +0800] "GET /xingrg/check_reg.html?_=1596071035962 HTTP/1.1" 302 -
114.88.159.89 - - [30/Jul/2020:09:05:07 +0800] "GET /xingrg/check_reg.html?_=1596070763379 HTTP/1.1" 200 22
114.88.159.89 - - [30/Jul/2020:09:05:08 +0800] "GET /xingrg/check_reg.html?_=1596071116125 HTTP/1.1" 200 22
116.230.74.197 - - [30/Jul/2020:09:05:10 +0800] "GET /xingrg/kc/buy/cgsh_order_operate.html?command=get_materiel&rest_code=00107&code=00101008036&supplier_code=00100006&order_time=2020-07-30 HTTP/1.1" 200 408
114.89.80.44 - - [30/Jul/2020:09:05:10 +0800] "GET /xingrg/kc/buy/cgsh_order_add.html HTTP/1.1" 200 59033
114.89.80.44 - - [30/Jul/2020:09:05:10 +0800] "POST /xingrg/kc/buy/cgsh_order_operate.html HTTP/1.1" 200 8245
114.89.80.44 - - [30/Jul/2020:09:05:10 +0800] "GET /xingrg/javascript/easyui/themes/default/validatebox.css HTTP/1.1" 404 1104
114.88.161.57 - - [30/Jul/2020:09:05:12 +0800] "GET /xingrg/kc/buy/cgsh_order_add.html HTTP/1.1" 200 59379
114.88.161.57 - - [30/Jul/2020:09:05:12 +0800] "GET /xingrg/javascript/easyui/themes/default/validatebox.css HTTP/1.1" 404 1104
114.88.161.57 - - [30/Jul/2020:09:05:12 +0800] "POST /xingrg/kc/buy/cgsh_order_operate.html HTTP/1.1" 200 8245
180.175.214.200 - - [30/Jul/2020:09:05:14 +0800] "GET /xingrg/all/function/internal_message.html?_=1596071317396&CODE_STATE=getMsg HTTP/1.1" 200 27
222.70.173.120 - - [30/Jul/2020:09:05:15 +0800] "GET /xingrg/kc/buy/cgsh_order_operate.html?command=get_materiel&rest_code=00146&code=00101008144&supplier_code=00100005&order_time=2020-07-30 HTTP/1.1" 200 412
114.89.80.44 - - [30/Jul/2020:09:05:16 +0800] "GET /xingrg/kc/buy/cgsh_order_operate.html?command=get_materiel&rest_code=00150&code=00101008149&supplier_code=00100007&order_time=2020-07-30 HTTP/1.1" 200 408
61.172.5.115 - - [30/Jul/2020:09:05:17 +0800] "GET /xingrg/all/function/internal_message.html?_=1596071110816&CODE_STATE=getMsg HTTP/1.1" 200 27
116.230.74.197 - - [30/Jul/2020:09:05:21 +0800] "POST /xingrg/kc/buy/cgsh_order_operate.html HTTP/1.1" 200 37
114.89.80.44 - - [30/Jul/2020:09:05:21 +0800] "GET /xingrg/kc/buy/cgsh_order_operate.html?command=get_materiel&rest_code=00151&code=00101008270&supplier_code=00100007&order_time=2020-07-30 HTTP/1.1" 200 412
114.88.161.57 - - [30/Jul/2020:09:05:22 +0800] "GET /xingrg/kc/buy/cgsh_order_operate.html?command=get_materiel&rest_code=00111&code=00101007061&supplier_code=00100004&order_time=2020-07-30 HTTP/1.1" 200 409
222.70.173.120 - - [30/Jul/2020:09:05:23 +0800] "GET /xingrg/kc/buy/cgsh_order_operate.html?command=get_materiel&rest_code=00146&code=00101008067&supplier_code=00100005&order_time=2020-07-30 HTTP/1.1" 200 416
116.230.74.197 - - [30/Jul/2020:09:05:23 +0800] "POST /xingrg/kc/buy/cgsh_order_operate.html HTTP/1.1" 200 38109
114.89.80.44 - - [30/Jul/2020:09:05:23 +0800] "GET /xingrg/kc/buy/cgsh_order_operate.html?command=get_materiel&rest_code=00150&code=00101008354&supplier_code=00100007&order_time=2020-07-30 HTTP/1.1" 200 412
116.230.74.197 - - [30/Jul/2020:09:05:27 +0800] "GET /xingrg/kc/print/load_config.html?kc_code=cgsh HTTP/1.1" 200 1845
116.230.74.197 - - [30/Jul/2020:09:05:27 +0800] "GET /xingrg/kc/print/load_data.html?order_code=212020073012498&kc_code=cgsh&condition= HTTP/1.1" 200 14062
172.17.0.100 - - [30/Jul/2020:09:05:28 +0800] "GET /xingrg/all/function/internal_message.html?_=1596071125888&CODE_STATE=getMsg HTTP/1.1" 200 27
114.88.161.57 - - [30/Jul/2020:09:05:31 +0800] "POST /xingrg/kc/buy/cgsh_order_operate.html HTTP/1.1" 200 37
114.89.80.44 - - [30/Jul/2020:09:05:31 +0800] "GET /xingrg/kc/buy/cgsh_order_operate.html?command=get_materiel&rest_code=00150&code=00101008096&supplier_code=00100007&order_time=2020-07-30 HTTP/1.1" 200 412
114.89.80.44 - - [30/Jul/2020:09:05:32 +0800] "GET /xingrg/kc/buy/cgsh_order_operate.html?command=get_materiel&rest_code=00151&code=00101008077&supplier_code=00100007&order_time=2020-07-30 HTTP/1.1" 200 416
114.88.161.57 - - [30/Jul/2020:09:05:32 +0800] "POST /xingrg/kc/buy/cgsh_order_operate.html HTTP/1.1" 200 2654
114.89.80.44 - - [30/Jul/2020:09:05:32 +0800] "GET /xingrg/all/function/internal_message.html?_=1596071249097&CODE_STATE=getMsg HTTP/1.1" 200 27
114.88.161.57 - - [30/Jul/2020:09:05:33 +0800] "GET /xingrg/kc/print/load_data.html?order_code=212020073012499&kc_code=cgsh&condition= HTTP/1.1" 200 724
222.70.173.120 - - [30/Jul/2020:09:05:33 +0800] "GET /xingrg/kc/buy/cgsh_order_operate.html?command=get_materiel&rest_code=00146&code=00101008212&supplier_code=00100005&order_time=2020-07-30 HTTP/1.1" 200 412
114.88.161.57 - - [30/Jul/2020:09:05:39 +0800] "GET /xingrg/check_reg.html?_=1596071167483 HTTP/1.1" 200 22
114.88.161.57 - - [30/Jul/2020:09:05:39 +0800] "GET /xingrg/all/function/internal_message.html?_=1596071167485&CODE_STATE=getMsg HTTP/1.1" 200 27
114.89.80.44 - - [30/Jul/2020:09:05:41 +0800] "GET /xingrg/kc/buy/cgsh_order_operate.html?command=get_materiel&rest_code=00151&code=00101008352&supplier_code=00100007&order_time=2020-07-30 HTTP/1.1" 200 412
222.70.173.120 - - [30/Jul/2020:09:05:42 +0800] "GET /xingrg/all/function/internal_message.html?_=1596071155072&CODE_STATE=getMsg HTTP/1.1" 200 27
222.70.173.120 - - [30/Jul/2020:09:05:42 +0800] "GET /xingrg/kc/buy/cgsh_order_operate.html?command=get_materiel&rest_code=00146&code=00101008115&supplier_code=00100005&order_time=2020-07-30 HTTP/1.1" 200 431
172.17.0.123 - - [30/Jul/2020:09:05:42 +0800] "GET /xingrg/all/function/internal_message.html?_=1596071073715&CODE_STATE=getMsg HTTP/1.1" 302 -
117.184.7.26 - - [30/Jul/2020:09:05:42 +0800] "GET /xingrg/all/function/internal_message.html?_=1596071134189&CODE_STATE=getMsg HTTP/1.1" 200 27
116.230.74.197 - - [30/Jul/2020:09:05:43 +0800] "GET /xingrg/kc/buy/cgsh_order_add.html HTTP/1.1" 200 59426
114.89.80.44 - - [30/Jul/2020:09:05:44 +0800] "GET /xingrg/all/function/internal_message.html?_=1596071139759&CODE_STATE=getMsg HTTP/1.1" 200 27
116.230.74.197 - - [30/Jul/2020:09:05:44 +0800] "GET /xingrg/javascript/easyui/themes/default/validatebox.css HTTP/1.1" 404 1104
116.230.74.197 - - [30/Jul/2020:09:05:44 +0800] "POST /xingrg/kc/buy/cgsh_order_operate.html HTTP/1.1" 200 8245
116.230.74.197 - - [30/Jul/2020:09:05:45 +0800] "GET /xingrg/check_reg.html?_=1596071135941 HTTP/1.1" 200 22
116.230.74.197 - - [30/Jul/2020:09:05:46 +0800] "GET /xingrg/all/function/internal_message.html?_=1596071136612&CODE_STATE=getMsg HTTP/1.1" 200 27
116.230.74.197 - - [30/Jul/2020:09:05:46 +0800] "GET /xingrg/javascript/easyui/themes/default/tree.css HTTP/1.1" 404 1090
116.230.74.197 - - [30/Jul/2020:09:05:46 +0800] "POST /xingrg/all/common/load_tree.html?tree=supplier_tree_json&isDelete=1 HTTP/1.1" 200 49675
114.88.159.89 - - [30/Jul/2020:09:05:46 +0800] "GET /xingrg/all/function/internal_message.html?_=1596070802750&CODE_STATE=getMsg HTTP/1.1" 200 27
114.89.80.44 - - [30/Jul/2020:09:05:49 +0800] "GET /xingrg/kc/buy/cgsh_order_operate.html?command=get_materiel&rest_code=00151&code=00101008264&supplier_code=00100007&order_time=2020-07-30 HTTP/1.1" 200 412
222.70.173.120 - - [30/Jul/2020:09:05:50 +0800] "GET /xingrg/kc/buy/cgsh_order_operate.html?command=get_materiel&rest_code=00146&code=00101008270&supplier_code=00100005&order_time=2020-07-30 HTTP/1.1" 200 412
101.83.241.154 - - [30/Jul/2020:09:05:53 +0800] "GET /xingrg/index.html?sysBaseUrl=http%3A%2F%2F180.169.147.146%3A18081%2Fxingrg%2F&costTime=52×tamp=1591679117969 HTTP/1.1" 302 -
101.83.241.154 - - [30/Jul/2020:09:05:53 +0800] "GET /xingrg/login.html HTTP/1.1" 200 7641
101.83.241.154 - - [30/Jul/2020:09:05:54 +0800] "GET /favicon.ico HTTP/1.1" 404 -
101.83.241.154 - - [30/Jul/2020:09:05:55 +0800] "POST /xingrg/login.do HTTP/1.1" 302 -
101.83.241.154 - - [30/Jul/2020:09:05:55 +0800] "GET /xingrg/index.html?sysBaseUrl=http%3A%2F%2F180.169.147.146%3A18081%2Fxingrg%2F&costTime=77×tamp=1596071155313 HTTP/1.1" 200 17179
101.83.241.154 - - [30/Jul/2020:09:05:55 +0800] "GET /favicon.ico HTTP/1.1" 404 -
101.83.241.154 - - [30/Jul/2020:09:05:55 +0800] "POST /xingrg/all/common/load_tree.html?tree=area_rest_tree_json&manage=1 HTTP/1.1" 200 351
101.83.241.154 - - [30/Jul/2020:09:05:55 +0800] "GET /xingrg/check_reg.html?_=1596071147722 HTTP/1.1" 200 22
101.83.241.154 - - [30/Jul/2020:09:05:55 +0800] "GET /xingrg/all/function/internal_message.html?_=1596071147722&CODE_STATE=count HTTP/1.1" 200 11
101.83.241.154 - - [30/Jul/2020:09:05:55 +0800] "POST /xingrg/load_menu.html HTTP/1.1" 200 5138
58.40.7.146 - - [30/Jul/2020:09:05:56 +0800] "GET /xingrg/all/function/internal_message.html?_=1596071153398&CODE_STATE=getMsg HTTP/1.1" 200 27
222.70.173.120 - - [30/Jul/2020:09:05:56 +0800] "GET /xingrg/all/function/internal_message.html?_=1596071165175&CODE_STATE=getMsg HTTP/1.1" 200 27
114.89.80.44 - - [30/Jul/2020:09:05:56 +0800] "GET /xingrg/kc/buy/cgsh_order_operate.html?command=get_materiel&rest_code=00151&code=00101008371&supplier_code=00100007&order_time=2020-07-30 HTTP/1.1" 200 412
172.17.0.185 - - [30/Jul/2020:09:05:57 +0800] "GET /xingrg/all/function/internal_message.html?_=1596071154048&CODE_STATE=getMsg HTTP/1.1" 200 27
114.89.80.44 - - [30/Jul/2020:09:05:58 +0800] "GET /xingrg/kc/buy/cgsh_order_operate.html?command=get_materiel&rest_code=00150&code=00101008038&supplier_code=00100007&order_time=2020-07-30 HTTP/1.1" 200 431
101.83.241.154 - - [30/Jul/2020:09:05:59 +0800] "GET /xingrg/kc/buy/cgsh_order_list.html HTTP/1.1" 200 43647
222.70.173.120 - - [30/Jul/2020:09:06:00 +0800] "GET /xingrg/kc/buy/cgsh_order_operate.html?command=get_materiel&rest_code=00146&code=00101016122&supplier_code=00100005&order_time=2020-07-30 HTTP/1.1" 200 395
101.83.241.154 - - [30/Jul/2020:09:06:00 +0800] "POST /xingrg/kc/buy/cgsh_list_operate.html HTTP/1.1" 200 876
101.83.241.154 - - [30/Jul/2020:09:06:02 +0800] "GET /xingrg/kc/buy/cgsh_order_add.html HTTP/1.1" 200 59432
101.83.241.154 - - [30/Jul/2020:09:06:02 +0800] "GET /xingrg/words/20200729195558_words.js HTTP/1.1" 200 753836
101.83.241.154 - - [30/Jul/2020:09:06:02 +0800] "POST /xingrg/kc/buy/cgsh_order_operate.html HTTP/1.1" 200 8245
101.83.241.154 - - [30/Jul/2020:09:06:02 +0800] "GET /xingrg/all/common/auto_word.html?type=employee&rest_code=00149 HTTP/1.1" 200 197
101.83.241.154 - - [30/Jul/2020:09:06:02 +0800] "GET /xingrg/all/common/auto_word.html?type=employee&rest_code=00149 HTTP/1.1" 200 197
101.83.241.154 - - [30/Jul/2020:09:06:02 +0800] "GET /xingrg/javascript/easyui/themes/default/validatebox.css HTTP/1.1" 404 1104
116.230.74.197 - - [30/Jul/2020:09:06:03 +0800] "GET /xingrg/kc/buy/cgsh_order_operate.html?command=get_materiel&rest_code=00107&code=00101016100&supplier_code=00100033&order_time=2020-07-30 HTTP/1.1" 200 412
101.83.241.154 - - [30/Jul/2020:09:06:04 +0800] "GET /xingrg/javascript/auto/indicator.gif HTTP/1.1" 404 1066
114.89.80.44 - - [30/Jul/2020:09:06:04 +0800] "GET /xingrg/kc/buy/cgsh_order_operate.html?command=get_materiel&rest_code=00151&code=00101008356&supplier_code=00100007&order_time=2020-07-30 HTTP/1.1" 200 408
101.83.241.154 - - [30/Jul/2020:09:06:05 +0800] "GET /xingrg/javascript/jquery_tools/images/prev.gif HTTP/1.1" 404 1086
101.83.241.154 - - [30/Jul/2020:09:06:05 +0800] "GET /xingrg/javascript/jquery_tools/images/next.gif HTTP/1.1" 404 1086
114.89.80.44 - - [30/Jul/2020:09:06:07 +0800] "GET /xingrg/kc/buy/cgsh_order_operate.html?command=get_materiel&rest_code=00150&code=00101008199&supplier_code=00100007&order_time=2020-07-30 HTTP/1.1" 200 408
101.83.241.154 - - [30/Jul/2020:09:06:10 +0800] "GET /xingrg/kc/buy/cgsh_order_operate.html?command=get_materiel&rest_code=00149&code=00101008175&supplier_code=00100005&order_time=2020-07-30 HTTP/1.1" 200 412
222.70.173.120 - - [30/Jul/2020:09:06:11 +0800] "GET /xingrg/kc/buy/cgsh_order_operate.html?command=get_materiel&rest_code=00146&code=00101008219&supplier_code=00100005&order_time=2020-07-30 HTTP/1.1" 200 412
114.89.80.44 - - [30/Jul/2020:09:06:12 +0800] "GET /xingrg/kc/buy/cgsh_order_operate.html?command=get_materiel&rest_code=00151&code=00101020002&supplier_code=00100007&order_time=2020-07-30 HTTP/1.1" 200 412
114.89.80.44 - - [30/Jul/2020:09:06:13 +0800] "GET /xingrg/kc/buy/cgsh_order_operate.html?command=get_materiel&rest_code=00150&code=00101008088&supplier_code=00100007&order_time=2020-07-30 HTTP/1.1" 200 408
116.230.74.197 - - [30/Jul/2020:09:06:13 +0800] "GET /xingrg/kc/buy/cgsh_order_operate.html?command=get_materiel&rest_code=00107&code=00101012025&supplier_code=00100033&order_time=2020-07-30 HTTP/1.1" 200 412
180.175.214.200 - - [30/Jul/2020:09:06:14 +0800] "GET /xingrg/all/function/internal_message.html?_=1596071377403&CODE_STATE=getMsg HTTP/1.1" 200 27
61.172.5.115 - - [30/Jul/2020:09:06:17 +0800] "GET /xingrg/all/function/internal_message.html?_=1596071170815&CODE_STATE=getMsg HTTP/1.1" 200 27
114.89.80.44 - - [30/Jul/2020:09:06:18 +0800] "GET /xingrg/kc/buy/cgsh_order_operate.html?command=get_materiel&rest_code=00150&code=00101008163&supplier_code=00100007&order_time=2020-07-30 HTTP/1.1" 200 408
101.83.241.154 - - [30/Jul/2020:09:06:19 +0800] "GET /xingrg/kc/buy/cgsh_order_operate.html?command=get_materiel&rest_code=00149&code=00101008176&supplier_code=00100005&order_time=2020-07-30 HTTP/1.1" 200 412
114.89.80.44 - - [30/Jul/2020:09:06:21 +0800] "GET /xingrg/kc/buy/cgsh_order_operate.html?command=get_materiel&rest_code=00151&code=00101008450&supplier_code=00100007&order_time=2020-07-30 HTTP/1.1" 200 391
101.83.241.154 - - [30/Jul/2020:09:06:26 +0800] "GET /xingrg/kc/buy/cgsh_order_operate.html?command=get_materiel&rest_code=00149&code=00101008256&supplier_code=00100005&order_time=2020-07-30 HTTP/1.1" 200 412
172.17.0.100 - - [30/Jul/2020:09:06:28 +0800] "GET /xingrg/check_reg.html?_=1596071185879 HTTP/1.1" 200 22
172.17.0.100 - - [30/Jul/2020:09:06:28 +0800] "GET /xingrg/all/function/internal_message.html?_=1596071185882&CODE_STATE=getMsg HTTP/1.1" 200 27
116.230.74.197 - - [30/Jul/2020:09:06:28 +0800] "GET /xingrg/kc/buy/cgsh_order_operate.html?command=get_materiel&rest_code=00107&code=00101016010&supplier_code=00100033&order_time=2020-07-30 HTTP/1.1" 200 408
222.70.173.120 - - [30/Jul/2020:09:06:28 +0800] "GET /xingrg/kc/buy/cgsh_order_operate.html?command=get_materiel&rest_code=00146&code=00101008027&supplier_code=00100005&order_time=2020-07-30 HTTP/1.1" 200 409
117.184.7.26 - - [30/Jul/2020:09:06:28 +0800] "GET /xingrg/check_reg.html?_=1596071179707 HTTP/1.1" 200 22
114.89.80.44 - - [30/Jul/2020:09:06:28 +0800] "GET /xingrg/kc/buy/cgsh_order_operate.html?command=get_materiel&rest_code=00151&code=00101008306&supplier_code=00100007&order_time=2020-07-30 HTTP/1.1" 200 412
114.89.80.44 - - [30/Jul/2020:09:06:31 +0800] "GET /xingrg/kc/buy/cgsh_order_operate.html?command=get_materiel&rest_code=00150&code=00101008087&supplier_code=00100007&order_time=2020-07-30 HTTP/1.1" 200 412
114.89.80.44 - - [30/Jul/2020:09:06:32 +0800] "GET /xingrg/all/function/internal_message.html?_=1596071309098&CODE_STATE=getMsg HTTP/1.1" 200 27
101.83.241.154 - - [30/Jul/2020:09:06:35 +0800] "GET /xingrg/kc/buy/cgsh_order_operate.html?command=get_materiel&rest_code=00149&code=00101008261&supplier_code=00100005&order_time=2020-07-30 HTTP/1.1" 200 408
114.89.80.44 - - [30/Jul/2020:09:06:36 +0800] "GET /xingrg/kc/buy/cgsh_order_operate.html?command=get_materiel&rest_code=00151&code=00101008010&supplier_code=00100007&order_time=2020-07-30 HTTP/1.1" 200 412
222.70.173.120 - - [30/Jul/2020:09:06:36 +0800] "GET /xingrg/kc/buy/cgsh_order_operate.html?command=get_materiel&rest_code=00146&code=00101008356&supplier_code=00100005&order_time=2020-07-30 HTTP/1.1" 200 408
114.89.80.44 - - [30/Jul/2020:09:06:37 +0800] "GET /xingrg/kc/buy/cgsh_order_operate.html?command=get_materiel&rest_code=00150&code=00101008264&supplier_code=00100007&order_time=2020-07-30 HTTP/1.1" 200 412
116.230.74.197 - - [30/Jul/2020:09:06:38 +0800] "GET /xingrg/kc/buy/cgsh_order_operate.html?command=get_materiel&rest_code=00107&code=00101016080&supplier_code=00100033&order_time=2020-07-30 HTTP/1.1" 200 408
114.88.161.57 - - [30/Jul/2020:09:06:39 +0800] "GET /xingrg/all/function/internal_message.html?_=1596071227496&CODE_STATE=getMsg HTTP/1.1" 200 27
222.70.173.120 - - [30/Jul/2020:09:06:42 +0800] "GET /xingrg/all/function/internal_message.html?_=1596071215301&CODE_STATE=getMsg HTTP/1.1" 200 27
172.17.0.123 - - [30/Jul/2020:09:06:42 +0800] "GET /xingrg/all/function/internal_message.html?_=1596071133685&CODE_STATE=getMsg HTTP/1.1" 302 -
117.184.7.26 - - [30/Jul/2020:09:06:42 +0800] "GET /xingrg/all/function/internal_message.html?_=1596071194168&CODE_STATE=getMsg HTTP/1.1" 200 27
114.89.80.44 - - [30/Jul/2020:09:06:43 +0800] "GET /xingrg/kc/buy/cgsh_order_operate.html?command=get_materiel&rest_code=00151&code=00101008033&supplier_code=00100007&order_time=2020-07-30 HTTP/1.1" 200 408
114.89.80.44 - - [30/Jul/2020:09:06:44 +0800] "GET /xingrg/check_reg.html?_=1596071199760 HTTP/1.1" 200 22
114.89.80.44 - - [30/Jul/2020:09:06:44 +0800] "GET /xingrg/all/function/internal_message.html?_=1596071199762&CODE_STATE=getMsg HTTP/1.1" 200 27
114.89.80.44 - - [30/Jul/2020:09:06:44 +0800] "GET /xingrg/kc/buy/cgsh_order_operate.html?command=get_materiel&rest_code=00150&code=00101008300&supplier_code=00100007&order_time=2020-07-30 HTTP/1.1" 200 412
116.230.74.197 - - [30/Jul/2020:09:06:45 +0800] "GET /xingrg/all/function/internal_message.html?_=1596071196592&CODE_STATE=getMsg HTTP/1.1" 200 27
114.88.159.89 - - [30/Jul/2020:09:06:46 +0800] "GET /xingrg/all/function/internal_message.html?_=1596070862728&CODE_STATE=getMsg HTTP/1.1" 200 27
116.230.74.197 - - [30/Jul/2020:09:06:50 +0800] "GET /xingrg/kc/buy/cgsh_order_operate.html?command=get_materiel&rest_code=00107&code=00101010136&supplier_code=00100033&order_time=2020-07-30 HTTP/1.1" 200 408
114.89.80.44 - - [30/Jul/2020:09:06:54 +0800] "GET /xingrg/kc/buy/cgsh_order_operate.html?command=get_materiel&rest_code=00151&code=00101008088&supplier_code=00100007&order_time=2020-07-30 HTTP/1.1" 200 408
101.83.241.154 - - [30/Jul/2020:09:06:54 +0800] "GET /xingrg/kc/buy/cgsh_order_operate.html?command=get_materiel&rest_code=00149&code=00101008215&supplier_code=00100005&order_time=2020-07-30 HTTP/1.1" 200 413
101.83.241.154 - - [30/Jul/2020:09:06:55 +0800] "GET /xingrg/all/function/internal_message.html?_=1596071207728&CODE_STATE=getMsg HTTP/1.1" 200 27
58.40.7.146 - - [30/Jul/2020:09:06:56 +0800] "GET /xingrg/all/function/internal_message.html?_=1596071213402&CODE_STATE=getMsg HTTP/1.1" 200 27
222.70.173.120 - - [30/Jul/2020:09:06:56 +0800] "GET /xingrg/all/function/internal_message.html?_=1596071225189&CODE_STATE=getMsg HTTP/1.1" 200 27
172.17.0.185 - - [30/Jul/2020:09:06:57 +0800] "GET /xingrg/all/function/internal_message.html?_=1596071214047&CODE_STATE=getMsg HTTP/1.1" 200 27
172.17.0.185 - - [30/Jul/2020:09:06:57 +0800] "GET /xingrg/check_reg.html?_=1596071214055 HTTP/1.1" 200 22
222.70.173.120 - - [30/Jul/2020:09:06:58 +0800] "GET /xingrg/kc/buy/cgsh_order_operate.html?command=get_materiel&rest_code=00146&code=00101008006&supplier_code=00100005&order_time=2020-07-30 HTTP/1.1" 200 416
101.83.241.154 - - [30/Jul/2020:09:07:02 +0800] "GET /xingrg/kc/buy/cgsh_order_operate.html?command=get_materiel&rest_code=00149&code=00101008132&supplier_code=00100005&order_time=2020-07-30 HTTP/1.1" 200 408
114.89.80.44 - - [30/Jul/2020:09:07:04 +0800] "GET /xingrg/kc/buy/cgsh_order_operate.html?command=get_materiel&rest_code=00151&code=00101016030&supplier_code=00100007&order_time=2020-07-30 HTTP/1.1" 200 412
114.89.80.44 - - [30/Jul/2020:09:07:04 +0800] "GET /xingrg/kc/buy/cgsh_order_operate.html?command=get_materiel&rest_code=00150&code=00101008360&supplier_code=00100007&order_time=2020-07-30 HTTP/1.1" 200 412
116.230.74.197 - - [30/Jul/2020:09:07:09 +0800] "GET /xingrg/kc/buy/cgsh_order_operate.html?command=get_materiel&rest_code=00107&code=00101012029&supplier_code=00100033&order_time=2020-07-30 HTTP/1.1" 200 412
222.70.173.120 - - [30/Jul/2020:09:07:10 +0800] "GET /xingrg/kc/buy/cgsh_order_operate.html?command=get_materiel&rest_code=00146&code=00101008131&supplier_code=00100005&order_time=2020-07-30 HTTP/1.1" 200 408
101.83.241.154 - - [30/Jul/2020:09:07:10 +0800] "GET /xingrg/kc/buy/cgsh_order_operate.html?command=get_materiel&rest_code=00149&code=00101008234&supplier_code=00100005&order_time=2020-07-30 HTTP/1.1" 200 408
114.89.80.44 - - [30/Jul/2020:09:07:11 +0800] "GET /xingrg/kc/buy/cgsh_order_operate.html?command=get_materiel&rest_code=00150&code=00101008136&supplier_code=00100007&order_time=2020-07-30 HTTP/1.1" 200 413
114.89.80.44 - - [30/Jul/2020:09:07:12 +0800] "GET /xingrg/kc/buy/cgsh_order_operate.html?command=get_materiel&rest_code=00151&code=00101008136&supplier_code=00100007&order_time=2020-07-30 HTTP/1.1" 200 413
180.175.214.200 - - [30/Jul/2020:09:07:13 +0800] "GET /xingrg/check_reg.html?_=1596071436714 HTTP/1.1" 200 22
180.175.214.200 - - [30/Jul/2020:09:07:14 +0800] "GET /xingrg/all/function/internal_message.html?_=1596071437417&CODE_STATE=getMsg HTTP/1.1" 200 27
222.70.173.120 - - [30/Jul/2020:09:07:16 +0800] "GET /xingrg/kc/buy/cgsh_order_operate.html?command=get_materiel&rest_code=00146&code=00101008296&supplier_code=00100005&order_time=2020-07-30 HTTP/1.1" 200 416
114.89.80.44 - - [30/Jul/2020:09:07:17 +0800] "GET /xingrg/kc/buy/cgsh_order_operate.html?command=get_materiel&rest_code=00150&code=00101008069&supplier_code=00100007&order_time=2020-07-30 HTTP/1.1" 200 412
101.83.241.154 - - [30/Jul/2020:09:07:17 +0800] "GET /xingrg/kc/buy/cgsh_order_operate.html?command=get_materiel&rest_code=00149&code=00101008331&supplier_code=00100005&order_time=2020-07-30 HTTP/1.1" 200 416
61.172.5.115 - - [30/Jul/2020:09:07:17 +0800] "GET /xingrg/all/function/internal_message.html?_=1596071230816&CODE_STATE=getMsg HTTP/1.1" 200 27
116.230.74.197 - - [30/Jul/2020:09:07:21 +0800] "POST /xingrg/kc/buy/cgsh_order_operate.html HTTP/1.1" 200 37
116.230.74.197 - - [30/Jul/2020:09:07:22 +0800] "POST /xingrg/kc/buy/cgsh_order_operate.html HTTP/1.1" 200 5604
222.70.173.120 - - [30/Jul/2020:09:07:23 +0800] "GET /xingrg/kc/buy/cgsh_order_operate.html?command=get_materiel&rest_code=00146&code=00101008353&supplier_code=00100005&order_time=2020-07-30 HTTP/1.1" 200 408
116.230.74.197 - - [30/Jul/2020:09:07:23 +0800] "GET /xingrg/kc/print/load_data.html?order_code=212020073012500&kc_code=cgsh&condition= HTTP/1.1" 200 1820
114.89.80.44 - - [30/Jul/2020:09:07:24 +0800] "GET /xingrg/kc/buy/cgsh_order_operate.html?command=get_materiel&rest_code=00150&code=00101008036&supplier_code=00100007&order_time=2020-07-30 HTTP/1.1" 200 408
114.89.80.44 - - [30/Jul/2020:09:07:24 +0800] "GET /xingrg/kc/buy/cgsh_order_operate.html?command=get_materiel&rest_code=00151&code=00101008131&supplier_code=00100007&order_time=2020-07-30 HTTP/1.1" 200 408
222.70.173.120 - - [30/Jul/2020:09:07:26 +0800] "GET /xingrg/check_reg.html?_=1596071259703 HTTP/1.1" 200 22
172.17.0.100 - - [30/Jul/2020:09:07:28 +0800] "GET /xingrg/all/function/internal_message.html?_=1596071245888&CODE_STATE=getMsg HTTP/1.1" 200 27
222.70.173.120 - - [30/Jul/2020:09:07:28 +0800] "POST /xingrg/kc/buy/cgsh_order_operate.html HTTP/1.1" 200 2065
116.230.74.197 - - [30/Jul/2020:09:07:30 +0800] "GET /xingrg/kc/buy/cgsh_order_add.html HTTP/1.1" 200 59426
114.89.80.44 - - [30/Jul/2020:09:07:31 +0800] "GET /xingrg/kc/buy/cgsh_order_operate.html?command=get_materiel&rest_code=00150&code=00101008131&supplier_code=00100007&order_time=2020-07-30 HTTP/1.1" 200 408
116.230.74.197 - - [30/Jul/2020:09:07:31 +0800] "GET /xingrg/javascript/easyui/themes/default/validatebox.css HTTP/1.1" 404 1104
116.230.74.197 - - [30/Jul/2020:09:07:31 +0800] "POST /xingrg/kc/buy/cgsh_order_operate.html HTTP/1.1" 200 8245
101.83.241.154 - - [30/Jul/2020:09:07:32 +0800] "GET /xingrg/kc/buy/cgsh_order_operate.html?command=get_materiel&rest_code=00149&code=00101008350&supplier_code=00100005&order_time=2020-07-30 HTTP/1.1" 200 408
114.89.80.44 - - [30/Jul/2020:09:07:32 +0800] "GET /xingrg/all/function/internal_message.html?_=1596071369112&CODE_STATE=getMsg HTTP/1.1" 200 27
116.230.74.197 - - [30/Jul/2020:09:07:32 +0800] "GET /xingrg/javascript/easyui/themes/default/tree.css HTTP/1.1" 404 1090
114.89.80.44 - - [30/Jul/2020:09:07:32 +0800] "GET /xingrg/kc/buy/cgsh_order_operate.html?command=get_materiel&rest_code=00151&code=00101008036&supplier_code=00100007&order_time=2020-07-30 HTTP/1.1" 200 408
116.230.74.197 - - [30/Jul/2020:09:07:32 +0800] "POST /xingrg/all/common/load_tree.html?tree=supplier_tree_json&isDelete=1 HTTP/1.1" 200 49675
114.89.80.44 - - [30/Jul/2020:09:07:33 +0800] "POST /xingrg/kc/buy/cgsh_order_operate.html HTTP/1.1" 200 2065
222.70.173.120 - - [30/Jul/2020:09:07:37 +0800] "GET /xingrg/kc/buy/cgsh_order_operate.html?command=get_materiel&rest_code=00146&code=00101008213&supplier_code=00100005&order_time=2020-07-30 HTTP/1.1" 200 412
114.88.161.57 - - [30/Jul/2020:09:07:39 +0800] "GET /xingrg/all/function/internal_message.html?_=1596071287496&CODE_STATE=getMsg HTTP/1.1" 200 27
222.70.173.120 - - [30/Jul/2020:09:07:42 +0800] "GET /xingrg/all/function/internal_message.html?_=1596071275304&CODE_STATE=getMsg HTTP/1.1" 200 27
114.89.80.44 - - [30/Jul/2020:09:07:42 +0800] "GET /xingrg/kc/buy/cgsh_order_operate.html?command=get_materiel&rest_code=00151&code=00101008069&supplier_code=00100007&order_time=2020-07-30 HTTP/1.1" 200 412
172.17.0.123 - - [30/Jul/2020:09:07:42 +0800] "GET /xingrg/all/function/internal_message.html?_=1596071193655&CODE_STATE=getMsg HTTP/1.1" 302 -
117.184.7.26 - - [30/Jul/2020:09:07:42 +0800] "GET /xingrg/all/function/internal_message.html?_=1596071254153&CODE_STATE=getMsg HTTP/1.1" 200 27
114.89.80.44 - - [30/Jul/2020:09:07:43 +0800] "GET /xingrg/kc/buy/cgsh_order_operate.html?command=get_materiel&rest_code=00150&code=00101008318&supplier_code=00100007&order_time=2020-07-30 HTTP/1.1" 200 408
114.89.80.44 - - [30/Jul/2020:09:07:44 +0800] "GET /xingrg/all/function/internal_message.html?_=1596071259817&CODE_STATE=getMsg HTTP/1.1" 200 27
116.230.74.197 - - [30/Jul/2020:09:07:45 +0800] "GET /xingrg/all/function/internal_message.html?_=1596071256572&CODE_STATE=getMsg HTTP/1.1" 200 27
114.88.159.89 - - [30/Jul/2020:09:07:46 +0800] "GET /xingrg/all/function/internal_message.html?_=1596070922698&CODE_STATE=getMsg HTTP/1.1" 200 27
101.83.241.154 - - [30/Jul/2020:09:07:48 +0800] "GET /xingrg/kc/buy/cgsh_order_operate.html?command=get_materiel&rest_code=00149&code=00101008244&supplier_code=00100005&order_time=2020-07-30 HTTP/1.1" 200 408
116.230.74.197 - - [30/Jul/2020:09:07:50 +0800] "GET /xingrg/kc/buy/cgsh_order_operate.html?command=get_materiel&rest_code=00107&code=00101007061&supplier_code=00100002&order_time=2020-07-30 HTTP/1.1" 200 409
114.89.80.44 - - [30/Jul/2020:09:07:52 +0800] "GET /xingrg/kc/buy/cgsh_order_operate.html?command=get_materiel&rest_code=00150&code=00101008352&supplier_code=00100007&order_time=2020-07-30 HTTP/1.1" 200 412
114.89.80.44 - - [30/Jul/2020:09:07:52 +0800] "GET /xingrg/kc/buy/cgsh_order_operate.html?command=get_materiel&rest_code=00151&code=00101016025&supplier_code=00100007&order_time=2020-07-30 HTTP/1.1" 200 408
222.70.173.120 - - [30/Jul/2020:09:07:54 +0800] "GET /xingrg/kc/buy/cgsh_order_operate.html?command=get_materiel&rest_code=00146&code=00101013179&supplier_code=00100005&order_time=2020-07-30 HTTP/1.1" 200 412
101.83.241.154 - - [30/Jul/2020:09:07:55 +0800] "GET /xingrg/all/function/internal_message.html?_=1596071267737&CODE_STATE=getMsg HTTP/1.1" 200 27
58.40.7.146 - - [30/Jul/2020:09:07:56 +0800] "GET /xingrg/all/function/internal_message.html?_=1596071273405&CODE_STATE=getMsg HTTP/1.1" 200 27
222.70.173.120 - - [30/Jul/2020:09:07:56 +0800] "GET /xingrg/all/function/internal_message.html?_=1596071285203&CODE_STATE=getMsg HTTP/1.1" 200 27
172.17.0.185 - - [30/Jul/2020:09:07:57 +0800] "GET /xingrg/all/function/internal_message.html?_=1596071274055&CODE_STATE=getMsg HTTP/1.1" 200 27
222.70.173.120 - - [30/Jul/2020:09:08:01 +0800] "GET /xingrg/kc/buy/cgsh_order_operate.html?command=get_materiel&rest_code=00146&code=00101020161&supplier_code=00100005&order_time=2020-07-30 HTTP/1.1" 200 417
114.89.80.44 - - [30/Jul/2020:09:08:04 +0800] "POST /xingrg/kc/buy/cgsh_order_operate.html HTTP/1.1" 200 37
116.230.74.197 - - [30/Jul/2020:09:08:05 +0800] "GET /xingrg/kc/buy/cgsh_order_operate.html?command=get_materiel&rest_code=00107&code=00101007023&supplier_code=00100002&order_time=2020-07-30 HTTP/1.1" 200 409
114.89.80.44 - - [30/Jul/2020:09:08:05 +0800] "POST /xingrg/kc/buy/cgsh_order_operate.html HTTP/1.1" 200 15066
114.89.80.44 - - [30/Jul/2020:09:08:05 +0800] "GET /xingrg/kc/buy/cgsh_order_operate.html?command=get_materiel&rest_code=00151&code=00101008137&supplier_code=00100007&order_time=2020-07-30 HTTP/1.1" 200 408
222.70.173.120 - - [30/Jul/2020:09:08:10 +0800] "GET /xingrg/kc/buy/cgsh_order_operate.html?command=get_materiel&rest_code=00146&code=00101008225&supplier_code=00100005&order_time=2020-07-30 HTTP/1.1" 200 416
222.70.173.120 - - [30/Jul/2020:09:08:12 +0800] "POST /xingrg/kc/buy/cgsh_order_operate.html HTTP/1.1" 200 2065
114.89.80.44 - - [30/Jul/2020:09:08:13 +0800] "GET /xingrg/kc/buy/cgsh_order_operate.html?command=get_materiel&rest_code=00151&code=00101008362&supplier_code=00100007&order_time=2020-07-30 HTTP/1.1" 200 408
180.175.214.200 - - [30/Jul/2020:09:08:14 +0800] "GET /xingrg/all/function/internal_message.html?_=1596071497430&CODE_STATE=getMsg HTTP/1.1" 200 27
61.172.5.115 - - [30/Jul/2020:09:08:17 +0800] "GET /xingrg/all/function/internal_message.html?_=1596071290803&CODE_STATE=getMsg HTTP/1.1" 200 27
101.83.241.154 - - [30/Jul/2020:09:08:17 +0800] "GET /xingrg/kc/buy/cgsh_order_operate.html?command=get_materiel&rest_code=00149&code=00101008149&supplier_code=00100005&order_time=2020-07-30 HTTP/1.1" 200 408
114.89.80.44 - - [30/Jul/2020:09:08:19 +0800] "POST /xingrg/kc/buy/cgsh_order_operate.html HTTP/1.1" 200 37
222.70.173.120 - - [30/Jul/2020:09:08:20 +0800] "GET /xingrg/kc/buy/cgsh_order_operate.html?command=get_materiel&rest_code=00146&code=00101008154&supplier_code=00100005&order_time=2020-07-30 HTTP/1.1" 200 413
114.89.80.44 - - [30/Jul/2020:09:08:20 +0800] "POST /xingrg/kc/buy/cgsh_order_operate.html HTTP/1.1" 200 13931
116.230.74.197 - - [30/Jul/2020:09:08:21 +0800] "GET /xingrg/kc/buy/cgsh_order_operate.html?command=get_materiel&rest_code=00107&code=00101007081&supplier_code=00100002&order_time=2020-07-30 HTTP/1.1" 200 413
114.89.80.44 - - [30/Jul/2020:09:08:25 +0800] "GET /xingrg/kc/buy/cgsh_order_operate.html?command=get_materiel&rest_code=00151&code=00101008318&supplier_code=00100007&order_time=2020-07-30 HTTP/1.1" 200 408
101.83.241.154 - - [30/Jul/2020:09:08:26 +0800] "GET /xingrg/kc/buy/cgsh_order_operate.html?command=get_materiel&rest_code=00149&code=00101008112&supplier_code=00100005&order_time=2020-07-30 HTTP/1.1" 200 412
172.17.0.100 - - [30/Jul/2020:09:08:28 +0800] "GET /xingrg/all/function/internal_message.html?_=1596071305881&CODE_STATE=getMsg HTTP/1.1" 200 27
222.70.173.120 - - [30/Jul/2020:09:08:29 +0800] "GET /xingrg/kc/buy/cgsh_order_operate.html?command=get_materiel&rest_code=00146&code=00101008201&supplier_code=00100005&order_time=2020-07-30 HTTP/1.1" 200 412
114.89.80.44 - - [30/Jul/2020:09:08:32 +0800] "GET /xingrg/all/function/internal_message.html?_=1596071429138&CODE_STATE=getMsg HTTP/1.1" 200 27
101.83.241.154 - - [30/Jul/2020:09:08:33 +0800] "GET /xingrg/kc/buy/cgsh_order_operate.html?command=get_materiel&rest_code=00149&code=00101008185&supplier_code=00100005&order_time=2020-07-30 HTTP/1.1" 200 408
114.89.80.44 - - [30/Jul/2020:09:08:33 +0800] "GET /xingrg/kc/buy/cgsh_order_operate.html?command=get_materiel&rest_code=00151&code=00101008169&supplier_code=00100007&order_time=2020-07-30 HTTP/1.1" 200 412
114.89.80.44 - - [30/Jul/2020:09:08:36 +0800] "GET /xingrg/kc/buy/cgsh_order_operate.html?command=get_materiel&rest_code=00150&code=00101008005&supplier_code=00100007&order_time=2020-07-30 HTTP/1.1" 200 412
222.70.173.120 - - [30/Jul/2020:09:08:38 +0800] "GET /xingrg/kc/buy/cgsh_order_operate.html?command=get_materiel&rest_code=00146&code=00101008175&supplier_code=00100005&order_time=2020-07-30 HTTP/1.1" 200 412
114.88.161.57 - - [30/Jul/2020:09:08:39 +0800] "GET /xingrg/all/function/internal_message.html?_=1596071347496&CODE_STATE=getMsg HTTP/1.1" 200 27
101.83.241.154 - - [30/Jul/2020:09:08:41 +0800] "GET /xingrg/kc/buy/cgsh_order_operate.html?command=get_materiel&rest_code=00149&code=00101008028&supplier_code=00100005&order_time=2020-07-30 HTTP/1.1" 200 412
114.89.80.44 - - [30/Jul/2020:09:08:41 +0800] "GET /xingrg/system/info/materiel_import.html?isSelect=1&singleSelect=false HTTP/1.1" 200 5600
114.89.80.44 - - [30/Jul/2020:09:08:41 +0800] "GET /xingrg/css/blue.css HTTP/1.1" 304 -
114.89.80.44 - - [30/Jul/2020:09:08:41 +0800] "GET /xingrg/css/xtree.css HTTP/1.1" 304 -
114.89.80.44 - - [30/Jul/2020:09:08:41 +0800] "GET /xingrg/javascript/jquery_ui/themes/base/base.css HTTP/1.1" 304 -
114.89.80.44 - - [30/Jul/2020:09:08:41 +0800] "GET /xingrg/javascript/jquery_easy_ui/themes/icons/search.png HTTP/1.1" 304 -
114.89.80.44 - - [30/Jul/2020:09:08:41 +0800] "GET /xingrg/javascript/jquery_easy_ui/themes/icons/edit_add.png HTTP/1.1" 304 -
114.89.80.44 - - [30/Jul/2020:09:08:41 +0800] "GET /xingrg/javascript/jquery_easy_ui/themes/default/images/datagrid_header_bg.gif HTTP/1.1" 304 -
114.89.80.44 - - [30/Jul/2020:09:08:41 +0800] "GET /xingrg/javascript/jquery_easy_ui/themes/default/images/pagination_first.gif HTTP/1.1" 304 -
114.89.80.44 - - [30/Jul/2020:09:08:41 +0800] "GET /xingrg/javascript/jquery_easy_ui/themes/default/images/pagination_prev.gif HTTP/1.1" 304 -
114.89.80.44 - - [30/Jul/2020:09:08:41 +0800] "GET /xingrg/javascript/jquery_easy_ui/themes/default/images/pagination_next.gif HTTP/1.1" 304 -
114.89.80.44 - - [30/Jul/2020:09:08:41 +0800] "GET /xingrg/javascript/jquery_easy_ui/themes/default/images/pagination_next.gif HTTP/1.1" 304 -
114.89.80.44 - - [30/Jul/2020:09:08:41 +0800] "GET /xingrg/javascript/jquery_easy_ui/themes/default/images/pagination_load.png HTTP/1.1" 304 -
114.89.80.44 - - [30/Jul/2020:09:08:41 +0800] "GET /xingrg/javascript/jquery_easy_ui/themes/default/images/pagination_last.gif HTTP/1.1" 304 -
114.89.80.44 - - [30/Jul/2020:09:08:41 +0800] "GET /favicon.ico HTTP/1.1" 404 -
114.89.80.44 - - [30/Jul/2020:09:08:41 +0800] "POST /xingrg/all/common/load_tree.html?tree=materiel_sort_tree_json HTTP/1.1" 200 8666
222.70.173.120 - - [30/Jul/2020:09:08:42 +0800] "GET /xingrg/all/function/internal_message.html?_=1596071335316&CODE_STATE=getMsg HTTP/1.1" 200 27
172.17.0.123 - - [30/Jul/2020:09:08:42 +0800] "GET /xingrg/all/function/internal_message.html?_=1596071253640&CODE_STATE=getMsg HTTP/1.1" 302 -
117.184.7.26 - - [30/Jul/2020:09:08:42 +0800] "GET /xingrg/all/function/internal_message.html?_=1596071314139&CODE_STATE=getMsg HTTP/1.1" 200 27
114.89.80.44 - - [30/Jul/2020:09:08:44 +0800] "GET /xingrg/all/function/internal_message.html?_=1596071319819&CODE_STATE=getMsg HTTP/1.1" 200 27
116.230.74.197 - - [30/Jul/2020:09:08:46 +0800] "GET /xingrg/all/function/internal_message.html?_=1596071316608&CODE_STATE=getMsg HTTP/1.1" 200 27
114.88.159.89 - - [30/Jul/2020:09:08:46 +0800] "GET /xingrg/all/function/internal_message.html?_=1596070982676&CODE_STATE=getMsg HTTP/1.1" 200 27
101.83.241.154 - - [30/Jul/2020:09:08:48 +0800] "GET /xingrg/kc/buy/cgsh_order_operate.html?command=get_materiel&rest_code=00149&code=00101008096&supplier_code=00100005&order_time=2020-07-30 HTTP/1.1" 200 412
222.70.173.120 - - [30/Jul/2020:09:08:49 +0800] "GET /xingrg/kc/buy/cgsh_order_operate.html?command=get_materiel&rest_code=00146&code=00101008257&supplier_code=00100005&order_time=2020-07-30 HTTP/1.1" 200 416
101.91.60.104 - - [30/Jul/2020:09:08:53 +0800] "GET /xingrg/check_reg.html?_=1596070516147 HTTP/1.1" 302 -
114.89.80.44 - - [30/Jul/2020:09:08:54 +0800] "POST /xingrg/kc/buy/cgsh_order_operate.html HTTP/1.1" 200 37
114.89.80.44 - - [30/Jul/2020:09:08:54 +0800] "GET /xingrg/kc/buy/cgsh_order_operate.html?command=get_materiel&rest_code=00150&code=00101008092&supplier_code=00100007&order_time=2020-07-30 HTTP/1.1" 200 412
101.83.241.154 - - [30/Jul/2020:09:08:55 +0800] "GET /xingrg/all/function/internal_message.html?_=1596071327756&CODE_STATE=getMsg HTTP/1.1" 200 27
58.40.7.146 - - [30/Jul/2020:09:08:56 +0800] "GET /xingrg/all/function/internal_message.html?_=1596071333406&CODE_STATE=getMsg HTTP/1.1" 200 27
58.40.7.146 - - [30/Jul/2020:09:08:56 +0800] "GET /xingrg/check_reg.html?_=1596071333408 HTTP/1.1" 200 22
114.89.80.44 - - [30/Jul/2020:09:08:56 +0800] "POST /xingrg/kc/buy/cgsh_order_operate.html HTTP/1.1" 200 15708
101.83.241.154 - - [30/Jul/2020:09:08:56 +0800] "GET /xingrg/kc/buy/cgsh_order_operate.html?command=get_materiel&rest_code=00149&code=00101008163&supplier_code=00100005&order_time=2020-07-30 HTTP/1.1" 200 408
222.70.173.120 - - [30/Jul/2020:09:08:56 +0800] "GET /xingrg/check_reg.html?_=1596071345153 HTTP/1.1" 200 22
222.70.173.120 - - [30/Jul/2020:09:08:56 +0800] "GET /xingrg/all/function/internal_message.html?_=1596071345217&CODE_STATE=getMsg HTTP/1.1" 200 27
172.17.0.185 - - [30/Jul/2020:09:08:57 +0800] "GET /xingrg/all/function/internal_message.html?_=1596071334060&CODE_STATE=getMsg HTTP/1.1" 200 27
101.91.60.104 - - [30/Jul/2020:09:08:57 +0800] "GET /xingrg/login.html HTTP/1.1" 200 7641
222.70.173.120 - - [30/Jul/2020:09:08:59 +0800] "GET /xingrg/kc/buy/cgsh_order_operate.html?command=get_materiel&rest_code=00146&code=00101008155&supplier_code=00100005&order_time=2020-07-30 HTTP/1.1" 200 408
114.89.80.44 - - [30/Jul/2020:09:09:03 +0800] "GET /xingrg/kc/buy/cgsh_order_operate.html?command=get_materiel&rest_code=00150&code=00101008353&supplier_code=00100007&order_time=2020-07-30 HTTP/1.1" 200 408
101.83.241.154 - - [30/Jul/2020:09:09:04 +0800] "GET /xingrg/kc/buy/cgsh_order_operate.html?command=get_materiel&rest_code=00149&code=00101008224&supplier_code=00100005&order_time=2020-07-30 HTTP/1.1" 200 416
222.70.173.120 - - [30/Jul/2020:09:09:07 +0800] "GET /xingrg/kc/buy/cgsh_order_operate.html?command=get_materiel&rest_code=00146&code=00101008156&supplier_code=00100005&order_time=2020-07-30 HTTP/1.1" 200 414
222.70.173.120 - - [30/Jul/2020:09:09:10 +0800] "POST /xingrg/kc/buy/cgsh_order_operate.html HTTP/1.1" 200 2065
114.89.80.44 - - [30/Jul/2020:09:09:11 +0800] "GET /xingrg/kc/buy/cgsh_order_operate.html?command=get_materiel&rest_code=00150&code=00101008359&supplier_code=00100007&order_time=2020-07-30 HTTP/1.1" 200 408
180.175.214.200 - - [30/Jul/2020:09:09:14 +0800] "GET /xingrg/all/function/internal_message.html?_=1596071557445&CODE_STATE=getMsg HTTP/1.1" 200 27
222.70.173.120 - - [30/Jul/2020:09:09:17 +0800] "GET /xingrg/kc/buy/cgsh_order_operate.html?command=get_materiel&rest_code=00146&code=00101012067&supplier_code=00100005&order_time=2020-07-30 HTTP/1.1" 200 405
61.172.5.115 - - [30/Jul/2020:09:09:17 +0800] "GET /xingrg/all/function/internal_message.html?_=1596071350802&CODE_STATE=getMsg HTTP/1.1" 200 27
61.172.5.115 - - [30/Jul/2020:09:09:17 +0800] "GET /xingrg/check_reg.html?_=1596071350803 HTTP/1.1" 200 22
114.89.80.44 - - [30/Jul/2020:09:09:19 +0800] "GET /xingrg/kc/buy/cgsh_order_operate.html?command=get_materiel&rest_code=00150&code=00101008312&supplier_code=00100007&order_time=2020-07-30 HTTP/1.1" 200 412
114.89.80.44 - - [30/Jul/2020:09:09:21 +0800] "POST /xingrg/kc/buy/cgsh_order_operate.html HTTP/1.1" 200 2065
222.70.173.120 - - [30/Jul/2020:09:09:24 +0800] "GET /xingrg/kc/buy/cgsh_order_operate.html?command=get_materiel&rest_code=00146&code=00101008185&supplier_code=00100005&order_time=2020-07-30 HTTP/1.1" 200 408
172.17.0.100 - - [30/Jul/2020:09:09:28 +0800] "GET /xingrg/all/function/internal_message.html?_=1596071365890&CODE_STATE=getMsg HTTP/1.1" 200 27
114.89.80.44 - - [30/Jul/2020:09:09:28 +0800] "GET /xingrg/kc/buy/cgsh_order_operate.html?command=get_materiel&rest_code=00150&code=00101008095&supplier_code=00100007&order_time=2020-07-30 HTTP/1.1" 200 412
114.89.80.44 - - [30/Jul/2020:09:09:32 +0800] "GET /xingrg/check_reg.html?_=1596071489029 HTTP/1.1" 200 22
114.89.80.44 - - [30/Jul/2020:09:09:32 +0800] "GET /xingrg/all/function/internal_message.html?_=1596071489196&CODE_STATE=getMsg HTTP/1.1" 200 27
222.70.173.120 - - [30/Jul/2020:09:09:34 +0800] "GET /xingrg/kc/buy/cgsh_order_operate.html?command=get_materiel&rest_code=00146&code=00101008110&supplier_code=00100005&order_time=2020-07-30 HTTP/1.1" 200 408
114.89.80.44 - - [30/Jul/2020:09:09:34 +0800] "GET /xingrg/kc/buy/cgsh_order_operate.html?command=get_materiel&rest_code=00150&code=00101008110&supplier_code=00100007&order_time=2020-07-30 HTTP/1.1" 200 408
101.85.53.146 - - [30/Jul/2020:09:09:35 +0800] "GET /xingrg/check_reg.html?_=1596070707138 HTTP/1.1" 200 22
61.172.5.115 - - [30/Jul/2020:09:09:38 +0800] "POST /xingrg/services/DataTransmitService HTTP/1.1" 200 524
61.172.5.115 - - [30/Jul/2020:09:09:38 +0800] "POST /xingrg/services/DataTransmitService HTTP/1.1" 200 501
114.88.161.57 - - [30/Jul/2020:09:09:39 +0800] "GET /xingrg/all/function/internal_message.html?_=1596071407496&CODE_STATE=getMsg HTTP/1.1" 200 27
222.70.173.120 - - [30/Jul/2020:09:09:42 +0800] "GET /xingrg/all/function/internal_message.html?_=1596071395556&CODE_STATE=getMsg HTTP/1.1" 200 27
172.17.0.123 - - [30/Jul/2020:09:09:42 +0800] "GET /xingrg/all/function/internal_message.html?_=1596071313611&CODE_STATE=getMsg HTTP/1.1" 302 -
117.184.7.26 - - [30/Jul/2020:09:09:42 +0800] "GET /xingrg/all/function/internal_message.html?_=1596071374108&CODE_STATE=getMsg HTTP/1.1" 200 27
114.89.80.44 - - [30/Jul/2020:09:09:43 +0800] "GET /xingrg/kc/buy/cgsh_order_operate.html?command=get_materiel&rest_code=00150&code=00101008229&supplier_code=00100007&order_time=2020-07-30 HTTP/1.1" 200 420
222.70.173.120 - - [30/Jul/2020:09:09:43 +0800] "GET /xingrg/kc/buy/cgsh_order_operate.html?command=get_materiel&rest_code=00146&code=00101008038&supplier_code=00100005&order_time=2020-07-30 HTTP/1.1" 200 431
114.89.80.44 - - [30/Jul/2020:09:09:44 +0800] "GET /xingrg/all/function/internal_message.html?_=1596071379809&CODE_STATE=getMsg HTTP/1.1" 200 27
116.230.74.197 - - [30/Jul/2020:09:09:45 +0800] "GET /xingrg/all/function/internal_message.html?_=1596071376588&CODE_STATE=getMsg HTTP/1.1" 200 27
101.83.241.154 - - [30/Jul/2020:09:09:46 +0800] "GET /xingrg/kc/buy/cgsh_order_operate.html?command=get_materiel&rest_code=00149&code=00101008126&supplier_code=00100005&order_time=2020-07-30 HTTP/1.1" 200 412
114.88.159.89 - - [30/Jul/2020:09:09:46 +0800] "GET /xingrg/all/function/internal_message.html?_=1596071042650&CODE_STATE=getMsg HTTP/1.1" 200 27
114.89.80.44 - - [30/Jul/2020:09:09:49 +0800] "GET /xingrg/kc/buy/cgsh_order_operate.html?command=get_materiel&rest_code=00150&code=00101008010&supplier_code=00100007&order_time=2020-07-30 HTTP/1.1" 200 412
222.70.173.120 - - [30/Jul/2020:09:09:51 +0800] "GET /xingrg/kc/buy/cgsh_order_operate.html?command=get_materiel&rest_code=00146&code=00101008358&supplier_code=00100005&order_time=2020-07-30 HTTP/1.1" 200 412
222.70.173.120 - - [30/Jul/2020:09:09:53 +0800] "POST /xingrg/kc/buy/cgsh_order_operate.html HTTP/1.1" 200 2065
101.83.241.154 - - [30/Jul/2020:09:09:55 +0800] "GET /xingrg/all/function/internal_message.html?_=1596071387734&CODE_STATE=getMsg HTTP/1.1" 200 27
58.40.7.146 - - [30/Jul/2020:09:09:56 +0800] "GET /xingrg/all/function/internal_message.html?_=1596071393410&CODE_STATE=getMsg HTTP/1.1" 200 27
222.70.173.120 - - [30/Jul/2020:09:09:56 +0800] "GET /xingrg/all/function/internal_message.html?_=1596071405229&CODE_STATE=getMsg HTTP/1.1" 200 27
172.17.0.185 - - [30/Jul/2020:09:09:57 +0800] "GET /xingrg/all/function/internal_message.html?_=1596071394049&CODE_STATE=getMsg HTTP/1.1" 200 27
222.70.173.120 - - [30/Jul/2020:09:09:59 +0800] "GET /xingrg/kc/buy/cgsh_order_operate.html?command=get_materiel&rest_code=00146&code=00101008163&supplier_code=00100005&order_time=2020-07-30 HTTP/1.1" 200 408
114.89.80.44 - - [30/Jul/2020:09:10:02 +0800] "GET /xingrg/kc/buy/cgsh_order_operate.html?command=get_materiel&rest_code=00150&code=00101008085&supplier_code=00100007&order_time=2020-07-30 HTTP/1.1" 200 412
172.17.0.123 - - [30/Jul/2020:09:10:05 +0800] "GET /xingrg/check_reg.html?_=1596071335974 HTTP/1.1" 302 -
101.83.241.154 - - [30/Jul/2020:09:10:06 +0800] "GET /xingrg/kc/buy/cgsh_order_operate.html?command=get_materiel&rest_code=00149&code=00101008148&supplier_code=00100005&order_time=2020-07-30 HTTP/1.1" 200 416
114.88.159.89 - - [30/Jul/2020:09:10:07 +0800] "GET /xingrg/check_reg.html?_=1596071063384 HTTP/1.1" 200 22
114.89.80.44 - - [30/Jul/2020:09:10:07 +0800] "POST /xingrg/kc/buy/cgsh_order_operate.html HTTP/1.1" 200 2065
114.88.159.89 - - [30/Jul/2020:09:10:08 +0800] "GET /xingrg/check_reg.html?_=1596071416099 HTTP/1.1" 200 22
222.70.173.120 - - [30/Jul/2020:09:10:09 +0800] "GET /xingrg/kc/buy/cgsh_order_operate.html?command=get_materiel&rest_code=00146&code=00101008148&supplier_code=00100005&order_time=2020-07-30 HTTP/1.1" 200 416
116.230.74.197 - - [30/Jul/2020:09:10:12 +0800] "GET /xingrg/kc/buy/cgsh_order_operate.html?command=get_materiel&rest_code=00107&code=00101007049&supplier_code=00100002&order_time=2020-07-30 HTTP/1.1" 200 409
101.83.241.154 - - [30/Jul/2020:09:10:12 +0800] "POST /xingrg/kc/buy/cgsh_order_operate.html HTTP/1.1" 200 2065
180.175.214.200 - - [30/Jul/2020:09:10:14 +0800] "GET /xingrg/all/function/internal_message.html?_=1596071617531&CODE_STATE=getMsg HTTP/1.1" 200 27
101.83.241.154 - - [30/Jul/2020:09:10:17 +0800] "GET /xingrg/kc/buy/cgsh_order_operate.html?command=get_materiel&rest_code=00149&code=00101008144&supplier_code=00100005&order_time=2020-07-30 HTTP/1.1" 200 412
61.172.5.115 - - [30/Jul/2020:09:10:17 +0800] "GET /xingrg/all/function/internal_message.html?_=1596071410817&CODE_STATE=getMsg HTTP/1.1" 200 27
