114.89.80.44 - - [30/Jul/2020:10:24:55 +0800] "POST /xingrg/all/common/load_combo.html?type=base HTTP/1.1" 200 2966
114.89.80.44 - - [30/Jul/2020:10:24:55 +0800] "GET /xingrg/all/function/internal_message.html?_=1596076012123&CODE_STATE=getMsg HTTP/1.1" 200 27
101.83.241.154 - - [30/Jul/2020:10:24:55 +0800] "GET /xingrg/all/function/internal_message.html?_=1596075887866&CODE_STATE=getMsg HTTP/1.1" 200 27
58.40.7.146 - - [30/Jul/2020:10:24:56 +0800] "GET /xingrg/all/function/internal_message.html?_=1596075893464&CODE_STATE=getMsg HTTP/1.1" 200 27
172.17.0.185 - - [30/Jul/2020:10:24:57 +0800] "GET /xingrg/all/function/internal_message.html?_=1596075894062&CODE_STATE=getMsg HTTP/1.1" 200 27
117.185.32.26 - - [30/Jul/2020:10:24:57 +0800] "GET /xingrg/kc/buy/cgsh_order_operate.html?command=get_materiel&rest_code=00106&code=00101007048&supplier_code=00100002&order_time=2020-07-30 HTTP/1.1" 200 410
222.70.173.120 - - [30/Jul/2020:10:24:59 +0800] "GET /xingrg/all/function/internal_message.html?_=1596075908807&CODE_STATE=getMsg HTTP/1.1" 200 27
114.89.80.44 - - [30/Jul/2020:10:25:04 +0800] "GET /xingrg/kc/base/wldb_order_operate.html?command=get_materiel&rest_code=00150&base_code=0010446&code=00102002304 HTTP/1.1" 200 449
117.185.32.26 - - [30/Jul/2020:10:25:07 +0800] "GET /xingrg/kc/buy/cgsh_order_operate.html?command=get_materiel&rest_code=00106&code=00101007077&supplier_code=00100002&order_time=2020-07-30 HTTP/1.1" 200 415
114.88.159.89 - - [30/Jul/2020:10:25:07 +0800] "GET /xingrg/check_reg.html?_=1596075563540 HTTP/1.1" 200 22
120.253.135.82 - - [30/Jul/2020:10:25:07 +0800] "POST /xingrg/kc/pszx/mdps_order_operate.html HTTP/1.1" 200 37
114.88.159.89 - - [30/Jul/2020:10:25:08 +0800] "GET /xingrg/check_reg.html?_=1596075915952 HTTP/1.1" 200 22
120.253.135.82 - - [30/Jul/2020:10:25:08 +0800] "GET /xingrg/kc/pszx/mdps_order_info.html?code=312020073000701 HTTP/1.1" 200 23857
120.253.135.82 - - [30/Jul/2020:10:25:09 +0800] "GET /xingrg/javascript/easyui/themes/default/validatebox.css HTTP/1.1" 404 1104
120.253.135.82 - - [30/Jul/2020:10:25:09 +0800] "POST /xingrg/kc/pszx/mdps_order_operate.html HTTP/1.1" 200 24698
114.89.80.44 - - [30/Jul/2020:10:25:13 +0800] "GET /xingrg/kc/base/wldb_order_operate.html?command=get_materiel&rest_code=00150&base_code=0010446&code=00102002204 HTTP/1.1" 200 433
117.185.32.26 - - [30/Jul/2020:10:25:14 +0800] "GET /xingrg/kc/buy/cgsh_order_operate.html?command=get_materiel&rest_code=00106&code=00101007059&supplier_code=00100002&order_time=2020-07-30 HTTP/1.1" 200 409
114.89.80.44 - - [30/Jul/2020:10:25:19 +0800] "POST /xingrg/kc/base/wldb_order_operate.html HTTP/1.1" 200 37
172.17.0.120 - - [30/Jul/2020:10:25:20 +0800] "GET /xingrg/all/function/internal_message.html?_=1596075917586&CODE_STATE=getMsg HTTP/1.1" 200 27
114.89.80.44 - - [30/Jul/2020:10:25:21 +0800] "POST /xingrg/kc/base/wldb_order_operate.html HTTP/1.1" 200 12
114.89.80.44 - - [30/Jul/2020:10:25:21 +0800] "POST /xingrg/kc/base/wldb_order_operate.html HTTP/1.1" 200 2692
114.89.80.44 - - [30/Jul/2020:10:25:21 +0800] "GET /xingrg/kc/base/wldb_order_info.html?code=422020073003448 HTTP/1.1" 200 26263
114.89.80.44 - - [30/Jul/2020:10:25:22 +0800] "POST /xingrg/kc/base/wldb_order_operate.html HTTP/1.1" 200 976
114.89.80.44 - - [30/Jul/2020:10:25:22 +0800] "GET /xingrg/javascript/easyui/themes/default/validatebox.css HTTP/1.1" 404 1104
120.253.135.82 - - [30/Jul/2020:10:25:22 +0800] "POST /xingrg/kc/pszx/mdps_list_operate.html HTTP/1.1" 200 198
120.253.135.82 - - [30/Jul/2020:10:25:22 +0800] "GET /xingrg/kc/pszx/mdps_order_info.html?code=312020073000698 HTTP/1.1" 200 23847
180.175.214.200 - - [30/Jul/2020:10:25:22 +0800] "GET /xingrg/all/function/internal_message.html?_=1596076125778&CODE_STATE=getMsg HTTP/1.1" 200 27
120.253.135.82 - - [30/Jul/2020:10:25:23 +0800] "POST /xingrg/kc/pszx/mdps_order_operate.html HTTP/1.1" 200 2269
120.253.135.82 - - [30/Jul/2020:10:25:23 +0800] "GET /xingrg/javascript/easyui/themes/default/validatebox.css HTTP/1.1" 404 1104
180.175.214.200 - - [30/Jul/2020:10:25:23 +0800] "GET /xingrg/all/function/internal_message.html?_=1596075920523&CODE_STATE=getMsg HTTP/1.1" 200 27
120.253.135.82 - - [30/Jul/2020:10:25:25 +0800] "GET /xingrg/all/function/internal_message.html?_=1596076047180&CODE_STATE=getMsg HTTP/1.1" 200 27
117.185.32.26 - - [30/Jul/2020:10:25:27 +0800] "POST /xingrg/kc/buy/cgsh_order_operate.html HTTP/1.1" 200 37
120.253.135.82 - - [30/Jul/2020:10:25:27 +0800] "POST /xingrg/kc/pszx/mdps_order_operate.html HTTP/1.1" 200 37
120.253.135.82 - - [30/Jul/2020:10:25:28 +0800] "POST /xingrg/kc/pszx/mdps_order_operate.html HTTP/1.1" 200 12
172.17.0.100 - - [30/Jul/2020:10:25:28 +0800] "GET /xingrg/all/function/internal_message.html?_=1596075926246&CODE_STATE=getMsg HTTP/1.1" 200 27
172.17.200.101 - - [30/Jul/2020:10:25:28 +0800] "GET /xingrg/all/function/internal_message.html?_=1596075928825&CODE_STATE=getMsg HTTP/1.1" 200 27
172.17.200.101 - - [30/Jul/2020:10:25:28 +0800] "GET /xingrg/check_reg.html?_=1596075928827 HTTP/1.1" 200 22
172.17.0.123 - - [30/Jul/2020:10:25:29 +0800] "GET /xingrg/check_reg.html?_=1596075859812 HTTP/1.1" 200 22
172.17.0.123 - - [30/Jul/2020:10:25:29 +0800] "GET /xingrg/all/function/internal_message.html?_=1596075859816&CODE_STATE=getMsg HTTP/1.1" 200 27
120.253.135.82 - - [30/Jul/2020:10:25:29 +0800] "GET /xingrg/kc/pszx/mdps_order_info.html?code=312020073000698 HTTP/1.1" 200 19505
120.253.135.82 - - [30/Jul/2020:10:25:29 +0800] "POST /xingrg/kc/pszx/mdps_order_operate.html HTTP/1.1" 200 490
120.253.135.82 - - [30/Jul/2020:10:25:29 +0800] "GET /xingrg/javascript/easyui/themes/default/validatebox.css HTTP/1.1" 404 1104
120.253.135.82 - - [30/Jul/2020:10:25:31 +0800] "POST /xingrg/kc/pszx/mdps_list_operate.html HTTP/1.1" 200 3007
114.89.80.44 - - [30/Jul/2020:10:25:32 +0800] "GET /xingrg/all/function/internal_message.html?_=1596075927828&CODE_STATE=getMsg HTTP/1.1" 200 27
117.185.32.26 - - [30/Jul/2020:10:25:32 +0800] "POST /xingrg/kc/buy/cgsh_order_operate.html HTTP/1.1" 200 12
114.89.80.44 - - [30/Jul/2020:10:25:32 +0800] "GET /xingrg/kc/base/wldb_order_add.html HTTP/1.1" 200 30381
114.89.80.44 - - [30/Jul/2020:10:25:33 +0800] "POST /xingrg/kc/base/wldb_order_operate.html HTTP/1.1" 200 6806
114.89.80.44 - - [30/Jul/2020:10:25:33 +0800] "GET /xingrg/javascript/easyui/themes/default/validatebox.css HTTP/1.1" 404 1104
114.89.80.44 - - [30/Jul/2020:10:25:34 +0800] "POST /xingrg/all/common/load_combo.html?type=base HTTP/1.1" 200 2966
117.185.32.26 - - [30/Jul/2020:10:25:34 +0800] "GET /xingrg/kc/buy/cgsh_order_info.html?code=212020073012573 HTTP/1.1" 200 54290
117.185.32.26 - - [30/Jul/2020:10:25:35 +0800] "GET /xingrg/javascript/easyui/themes/default/validatebox.css HTTP/1.1" 404 1104
117.185.32.26 - - [30/Jul/2020:10:25:36 +0800] "POST /xingrg/kc/buy/cgsh_order_operate.html HTTP/1.1" 200 3552
117.185.32.26 - - [30/Jul/2020:10:25:37 +0800] "GET /xingrg/kc/print/load_data.html?order_code=212020073012573&kc_code=cgsh&condition= HTTP/1.1" 200 1889
114.88.161.57 - - [30/Jul/2020:10:25:39 +0800] "GET /xingrg/all/function/internal_message.html?_=1596075967523&CODE_STATE=getMsg HTTP/1.1" 200 27
114.88.161.57 - - [30/Jul/2020:10:25:39 +0800] "GET /xingrg/check_reg.html?_=1596075967526 HTTP/1.1" 200 22
120.253.135.82 - - [30/Jul/2020:10:25:39 +0800] "POST /xingrg/kc/pszx/mdps_list_operate.html HTTP/1.1" 200 621
120.253.135.82 - - [30/Jul/2020:10:25:39 +0800] "GET /xingrg/kc/pszx/mdps_order_info.html?code=312020073000696 HTTP/1.1" 200 23849
120.253.135.82 - - [30/Jul/2020:10:25:40 +0800] "POST /xingrg/kc/pszx/mdps_order_operate.html HTTP/1.1" 200 16548
120.253.135.82 - - [30/Jul/2020:10:25:40 +0800] "GET /xingrg/javascript/easyui/themes/default/validatebox.css HTTP/1.1" 404 1104
117.184.7.30 - - [30/Jul/2020:10:25:41 +0800] "GET /xingrg/all/function/internal_message.html?_=1596075932789&CODE_STATE=getMsg HTTP/1.1" 200 27
120.253.135.82 - - [30/Jul/2020:10:25:42 +0800] "GET /xingrg/all/function/internal_message.html?_=1596075693623&CODE_STATE=getMsg HTTP/1.1" 200 27
117.185.32.26 - - [30/Jul/2020:10:25:42 +0800] "GET /xingrg/kc/print/load_data.html?order_code=212020073012573&kc_code=cgsh HTTP/1.1" 200 1889
58.221.95.50 - - [30/Jul/2020:10:25:43 +0800] "GET /xingrg/all/function/internal_message.html?_=1596076058958&CODE_STATE=getMsg HTTP/1.1" 200 27
114.89.80.44 - - [30/Jul/2020:10:25:44 +0800] "GET /xingrg/kc/base/wldb_order_operate.html?command=get_materiel&rest_code=00150&base_code=0010445&code=00101019267 HTTP/1.1" 200 482
117.185.32.26 - - [30/Jul/2020:10:25:44 +0800] "GET /xingrg/all/function/internal_message.html?_=1596075933607&CODE_STATE=getMsg HTTP/1.1" 200 27
114.88.159.89 - - [30/Jul/2020:10:25:44 +0800] "GET /xingrg/all/function/internal_message.html?_=1596075600845&CODE_STATE=getMsg HTTP/1.1" 200 27
116.230.74.197 - - [30/Jul/2020:10:25:45 +0800] "GET /xingrg/check_reg.html?_=1596075936050 HTTP/1.1" 200 22
116.230.74.197 - - [30/Jul/2020:10:25:45 +0800] "GET /xingrg/all/function/internal_message.html?_=1596075936208&CODE_STATE=getMsg HTTP/1.1" 200 27
120.253.135.82 - - [30/Jul/2020:10:25:46 +0800] "POST /xingrg/kc/pszx/mdps_list_operate.html HTTP/1.1" 200 3007
120.253.135.82 - - [30/Jul/2020:10:25:48 +0800] "POST /xingrg/kc/pszx/mdps_list_operate.html HTTP/1.1" 200 3007
120.253.135.82 - - [30/Jul/2020:10:25:48 +0800] "POST /xingrg/kc/pszx/mdps_list_operate.html HTTP/1.1" 200 3007
222.70.173.120 - - [30/Jul/2020:10:25:49 +0800] "GET /xingrg/all/function/internal_message.html?_=1596075962476&CODE_STATE=getMsg HTTP/1.1" 200 27
114.89.80.44 - - [30/Jul/2020:10:25:52 +0800] "GET /xingrg/kc/base/wldb_order_operate.html?command=get_materiel&rest_code=00150&base_code=0010445&code=00101019258 HTTP/1.1" 200 469
114.89.80.44 - - [30/Jul/2020:10:25:55 +0800] "GET /xingrg/all/function/internal_message.html?_=1596076072137&CODE_STATE=getMsg HTTP/1.1" 200 27
101.83.241.154 - - [30/Jul/2020:10:25:55 +0800] "GET /xingrg/all/function/internal_message.html?_=1596075947868&CODE_STATE=getMsg HTTP/1.1" 200 27
101.83.241.154 - - [30/Jul/2020:10:25:55 +0800] "GET /xingrg/check_reg.html?_=1596075947874 HTTP/1.1" 200 22
58.40.7.146 - - [30/Jul/2020:10:25:56 +0800] "GET /xingrg/all/function/internal_message.html?_=1596075953467&CODE_STATE=getMsg HTTP/1.1" 200 27
58.221.95.50 - - [30/Jul/2020:10:25:57 +0800] "POST /xingrg/kc/base/wldb_order_operate.html HTTP/1.1" 200 37
172.17.0.185 - - [30/Jul/2020:10:25:57 +0800] "GET /xingrg/all/function/internal_message.html?_=1596075954052&CODE_STATE=getMsg HTTP/1.1" 200 27
58.221.95.50 - - [30/Jul/2020:10:25:57 +0800] "POST /xingrg/kc/base/wldb_order_operate.html HTTP/1.1" 200 6056
114.89.80.44 - - [30/Jul/2020:10:25:59 +0800] "GET /xingrg/kc/base/wldb_order_operate.html?command=get_materiel&rest_code=00150&base_code=0010445&code=00101019185 HTTP/1.1" 200 455
222.70.173.120 - - [30/Jul/2020:10:25:59 +0800] "GET /xingrg/all/function/internal_message.html?_=1596075968821&CODE_STATE=getMsg HTTP/1.1" 200 27
58.221.95.50 - - [30/Jul/2020:10:26:01 +0800] "GET /xingrg/kc/base/wldb_order_info.html?code=422020073003449 HTTP/1.1" 200 30390
58.221.95.50 - - [30/Jul/2020:10:26:02 +0800] "GET /xingrg/javascript/easyui/themes/default/validatebox.css HTTP/1.1" 404 1104
58.221.95.50 - - [30/Jul/2020:10:26:02 +0800] "POST /xingrg/kc/base/wldb_order_operate.html HTTP/1.1" 200 6056
114.89.80.44 - - [30/Jul/2020:10:26:04 +0800] "GET /xingrg/kc/base/wldb_order_operate.html?command=get_materiel&rest_code=00150&base_code=0010445&code=00101019438 HTTP/1.1" 200 447
117.185.32.26 - - [30/Jul/2020:10:26:07 +0800] "GET /xingrg/kc/buy/cgsh_order_add.html HTTP/1.1" 200 59385
101.93.221.5 - - [30/Jul/2020:10:26:07 +0800] "POST /xingrg/services/DataTransmitService HTTP/1.1" 200 524
117.185.32.26 - - [30/Jul/2020:10:26:08 +0800] "GET /xingrg/javascript/easyui/themes/default/validatebox.css HTTP/1.1" 404 1104
117.185.32.26 - - [30/Jul/2020:10:26:08 +0800] "POST /xingrg/kc/buy/cgsh_order_operate.html HTTP/1.1" 200 8245
117.185.32.26 - - [30/Jul/2020:10:26:09 +0800] "GET /xingrg/javascript/easyui/themes/default/tree.css HTTP/1.1" 404 1090
101.93.221.5 - - [30/Jul/2020:10:26:09 +0800] "POST /xingrg/services/DataTransmitService HTTP/1.1" 200 501
114.89.80.44 - - [30/Jul/2020:10:26:09 +0800] "GET /xingrg/kc/base/wldb_order_operate.html?command=get_materiel&rest_code=00150&base_code=0010445&code=00101016076 HTTP/1.1" 200 477
117.185.32.26 - - [30/Jul/2020:10:26:09 +0800] "POST /xingrg/all/common/load_tree.html?tree=supplier_tree_json&isDelete=1 HTTP/1.1" 200 49675
101.93.221.5 - - [30/Jul/2020:10:26:09 +0800] "POST /xingrg/services/DataTransmitService HTTP/1.1" 200 501
101.93.221.5 - - [30/Jul/2020:10:26:13 +0800] "POST /xingrg/services/DataTransmitService HTTP/1.1" 200 501
114.89.80.44 - - [30/Jul/2020:10:26:15 +0800] "GET /xingrg/kc/base/wldb_order_operate.html?command=get_materiel&rest_code=00150&base_code=0010445&code=00101019183 HTTP/1.1" 200 433
101.93.221.5 - - [30/Jul/2020:10:26:17 +0800] "POST /xingrg/services/DataTransmitService HTTP/1.1" 200 501
101.93.221.5 - - [30/Jul/2020:10:26:17 +0800] "POST /xingrg/services/DataTransmitService HTTP/1.1" 200 501
61.172.5.115 - - [30/Jul/2020:10:26:17 +0800] "GET /xingrg/kc/buy/cgsh_order_add.html HTTP/1.1" 200 59379
61.172.5.115 - - [30/Jul/2020:10:26:18 +0800] "POST /xingrg/kc/buy/cgsh_order_operate.html HTTP/1.1" 200 8245
61.172.5.115 - - [30/Jul/2020:10:26:18 +0800] "GET /xingrg/javascript/easyui/themes/default/validatebox.css HTTP/1.1" 404 1104
101.93.221.5 - - [30/Jul/2020:10:26:18 +0800] "POST /xingrg/services/DataTransmitService HTTP/1.1" 200 501
101.93.221.5 - - [30/Jul/2020:10:26:18 +0800] "POST /xingrg/services/DataTransmitService HTTP/1.1" 200 501
101.93.221.5 - - [30/Jul/2020:10:26:19 +0800] "POST /xingrg/services/DataTransmitService HTTP/1.1" 200 501
101.93.221.5 - - [30/Jul/2020:10:26:19 +0800] "POST /xingrg/services/DataTransmitService HTTP/1.1" 200 501
101.93.221.5 - - [30/Jul/2020:10:26:19 +0800] "POST /xingrg/services/DataTransmitService HTTP/1.1" 200 501
172.17.0.120 - - [30/Jul/2020:10:26:20 +0800] "GET /xingrg/all/function/internal_message.html?_=1596075977590&CODE_STATE=getMsg HTTP/1.1" 200 27
180.175.214.200 - - [30/Jul/2020:10:26:21 +0800] "GET /xingrg/check_reg.html?_=1596075978048 HTTP/1.1" 200 22
117.185.32.26 - - [30/Jul/2020:10:26:21 +0800] "POST /xingrg/services/DataTransmitService HTTP/1.1" 200 524
101.93.221.5 - - [30/Jul/2020:10:26:21 +0800] "POST /xingrg/services/DataTransmitService HTTP/1.1" 200 412
180.175.214.200 - - [30/Jul/2020:10:26:22 +0800] "GET /xingrg/all/function/internal_message.html?_=1596076185790&CODE_STATE=getMsg HTTP/1.1" 200 27
180.175.214.200 - - [30/Jul/2020:10:26:23 +0800] "GET /xingrg/all/function/internal_message.html?_=1596075980973&CODE_STATE=getMsg HTTP/1.1" 200 27
120.253.135.82 - - [30/Jul/2020:10:26:25 +0800] "GET /xingrg/all/function/internal_message.html?_=1596076107193&CODE_STATE=getMsg HTTP/1.1" 200 27
117.185.32.26 - - [30/Jul/2020:10:26:25 +0800] "POST /xingrg/services/DataTransmitService HTTP/1.1" 200 501
114.89.80.44 - - [30/Jul/2020:10:26:25 +0800] "GET /xingrg/kc/base/wldb_order_operate.html?command=get_materiel&rest_code=00150&base_code=0010445&code=00101019067 HTTP/1.1" 200 446
120.253.135.82 - - [30/Jul/2020:10:26:27 +0800] "POST /xingrg/kc/pszx/mdps_list_operate.html HTTP/1.1" 200 592
120.253.135.82 - - [30/Jul/2020:10:26:27 +0800] "GET /xingrg/kc/pszx/mdps_order_info.html?code=312020073000701 HTTP/1.1" 200 23857
117.185.32.26 - - [30/Jul/2020:10:26:27 +0800] "GET /xingrg/kc/buy/cgsh_order_operate.html?command=get_materiel&rest_code=00106&code=00101006161&supplier_code=00100032&order_time=2020-07-30 HTTP/1.1" 200 409
120.253.135.82 - - [30/Jul/2020:10:26:27 +0800] "GET /xingrg/javascript/easyui/themes/default/validatebox.css HTTP/1.1" 404 1104
120.253.135.82 - - [30/Jul/2020:10:26:27 +0800] "POST /xingrg/kc/pszx/mdps_order_operate.html HTTP/1.1" 200 24698
58.221.95.50 - - [30/Jul/2020:10:26:28 +0800] "POST /xingrg/kc/base/wldb_order_operate.html HTTP/1.1" 200 37
172.17.0.100 - - [30/Jul/2020:10:26:28 +0800] "GET /xingrg/check_reg.html?_=1596075986252 HTTP/1.1" 200 22
172.17.0.100 - - [30/Jul/2020:10:26:28 +0800] "GET /xingrg/all/function/internal_message.html?_=1596075986254&CODE_STATE=getMsg HTTP/1.1" 200 27
58.221.95.50 - - [30/Jul/2020:10:26:28 +0800] "POST /xingrg/kc/base/wldb_order_operate.html HTTP/1.1" 200 6559
117.184.7.30 - - [30/Jul/2020:10:26:28 +0800] "GET /xingrg/check_reg.html?_=1596075979765 HTTP/1.1" 200 22
172.17.200.101 - - [30/Jul/2020:10:26:28 +0800] "GET /xingrg/all/function/internal_message.html?_=1596075988827&CODE_STATE=getMsg HTTP/1.1" 200 27
172.17.0.123 - - [30/Jul/2020:10:26:29 +0800] "GET /xingrg/all/function/internal_message.html?_=1596075919823&CODE_STATE=getMsg HTTP/1.1" 200 27
58.221.95.50 - - [30/Jul/2020:10:26:30 +0800] "GET /xingrg/kc/base/wldb_order_info.html?code=422020073003449 HTTP/1.1" 200 30390
58.221.95.50 - - [30/Jul/2020:10:26:30 +0800] "GET /xingrg/javascript/easyui/themes/default/validatebox.css HTTP/1.1" 404 1104
58.221.95.50 - - [30/Jul/2020:10:26:30 +0800] "POST /xingrg/kc/base/wldb_order_operate.html HTTP/1.1" 200 6559
114.89.80.44 - - [30/Jul/2020:10:26:32 +0800] "GET /xingrg/all/function/internal_message.html?_=1596075987830&CODE_STATE=getMsg HTTP/1.1" 200 27
114.89.80.44 - - [30/Jul/2020:10:26:34 +0800] "GET /xingrg/kc/base/wldb_order_operate.html?command=get_materiel&rest_code=00150&base_code=0010445&code=00101016094 HTTP/1.1" 200 466
114.88.161.57 - - [30/Jul/2020:10:26:39 +0800] "GET /xingrg/all/function/internal_message.html?_=1596076027525&CODE_STATE=getMsg HTTP/1.1" 200 27
117.185.32.26 - - [30/Jul/2020:10:26:39 +0800] "GET /xingrg/kc/buy/cgsh_order_operate.html?command=get_materiel&rest_code=00106&code=00101016025&supplier_code=00100032&order_time=2020-07-30 HTTP/1.1" 200 408
117.184.7.30 - - [30/Jul/2020:10:26:41 +0800] "GET /xingrg/all/function/internal_message.html?_=1596075992763&CODE_STATE=getMsg HTTP/1.1" 200 27
120.253.135.82 - - [30/Jul/2020:10:26:42 +0800] "GET /xingrg/all/function/internal_message.html?_=1596075753636&CODE_STATE=getMsg HTTP/1.1" 200 27
58.221.95.50 - - [30/Jul/2020:10:26:43 +0800] "GET /xingrg/all/function/internal_message.html?_=1596076118932&CODE_STATE=getMsg HTTP/1.1" 200 27
117.185.32.26 - - [30/Jul/2020:10:26:44 +0800] "GET /xingrg/all/function/internal_message.html?_=1596075993576&CODE_STATE=getMsg HTTP/1.1" 200 27
114.88.159.89 - - [30/Jul/2020:10:26:44 +0800] "GET /xingrg/all/function/internal_message.html?_=1596075660824&CODE_STATE=getMsg HTTP/1.1" 200 27
116.230.74.197 - - [30/Jul/2020:10:26:45 +0800] "GET /xingrg/all/function/internal_message.html?_=1596075996182&CODE_STATE=getMsg HTTP/1.1" 200 27
117.185.32.26 - - [30/Jul/2020:10:26:48 +0800] "GET /xingrg/kc/buy/cgsh_order_operate.html?command=get_materiel&rest_code=00106&code=00101012025&supplier_code=00100032&order_time=2020-07-30 HTTP/1.1" 200 412
222.70.173.120 - - [30/Jul/2020:10:26:49 +0800] "GET /xingrg/all/function/internal_message.html?_=1596076022688&CODE_STATE=getMsg HTTP/1.1" 200 27
58.221.95.50 - - [30/Jul/2020:10:26:55 +0800] "POST /xingrg/kc/base/wldb_list_operate.html HTTP/1.1" 200 6219
101.83.241.154 - - [30/Jul/2020:10:26:55 +0800] "GET /xingrg/all/function/internal_message.html?_=1596076007871&CODE_STATE=getMsg HTTP/1.1" 200 27
58.40.7.146 - - [30/Jul/2020:10:26:56 +0800] "GET /xingrg/all/function/internal_message.html?_=1596076013468&CODE_STATE=getMsg HTTP/1.1" 200 27
222.70.173.120 - - [30/Jul/2020:10:26:56 +0800] "POST /xingrg/services/DataTransmitService HTTP/1.1" 200 524
222.70.173.120 - - [30/Jul/2020:10:26:56 +0800] "POST /xingrg/services/DataTransmitService HTTP/1.1" 200 2015
172.17.0.120 - - [30/Jul/2020:10:26:56 +0800] "GET /xingrg/kc/info/info_main.html HTTP/1.1" 200 5880
172.17.0.120 - - [30/Jul/2020:10:26:56 +0800] "GET /xingrg/images/blue/cldwgl.gif HTTP/1.1" 200 2487
172.17.0.120 - - [30/Jul/2020:10:26:56 +0800] "GET /xingrg/images/blue/clxx.gif HTTP/1.1" 200 1916
172.17.0.120 - - [30/Jul/2020:10:26:56 +0800] "GET /xingrg/images/blue/ckxx.gif HTTP/1.1" 200 2041
172.17.0.120 - - [30/Jul/2020:10:26:56 +0800] "GET /xingrg/images/blue/gysxxgl.gif HTTP/1.1" 200 1945
172.17.0.120 - - [30/Jul/2020:10:26:56 +0800] "GET /xingrg/images/blue/gyslbgl.gif HTTP/1.1" 200 1480
172.17.0.120 - - [30/Jul/2020:10:26:56 +0800] "GET /xingrg/images/blue/gyscljg.gif HTTP/1.1" 200 2081
114.89.80.44 - - [30/Jul/2020:10:26:56 +0800] "POST /xingrg/kc/base/wldb_order_operate.html HTTP/1.1" 200 37
222.70.173.120 - - [30/Jul/2020:10:26:57 +0800] "POST /xingrg/services/DataTransmitService HTTP/1.1" 200 148315
172.17.0.185 - - [30/Jul/2020:10:26:57 +0800] "GET /xingrg/all/function/internal_message.html?_=1596076014054&CODE_STATE=getMsg HTTP/1.1" 200 27
172.17.0.185 - - [30/Jul/2020:10:26:57 +0800] "GET /xingrg/check_reg.html?_=1596076014059 HTTP/1.1" 200 22
114.89.80.44 - - [30/Jul/2020:10:26:58 +0800] "POST /xingrg/kc/base/wldb_order_operate.html HTTP/1.1" 200 12
114.89.80.44 - - [30/Jul/2020:10:26:58 +0800] "POST /xingrg/kc/base/wldb_order_operate.html HTTP/1.1" 200 6195
117.185.32.26 - - [30/Jul/2020:10:26:58 +0800] "GET /xingrg/kc/buy/cgsh_order_operate.html?command=get_materiel&rest_code=00106&code=00101010161&supplier_code=00100032&order_time=2020-07-30 HTTP/1.1" 200 409
172.17.0.120 - - [30/Jul/2020:10:26:59 +0800] "GET /xingrg/system/info/materiel_manager.html HTTP/1.1" 200 19442
172.17.0.120 - - [30/Jul/2020:10:26:59 +0800] "GET /xingrg/css/xtree.css HTTP/1.1" 200 880
172.17.0.120 - - [30/Jul/2020:10:26:59 +0800] "GET /xingrg/javascript/jquery_ui/themes/base/base.css HTTP/1.1" 200 28568
114.89.80.44 - - [30/Jul/2020:10:26:59 +0800] "GET /xingrg/kc/base/wldb_order_info.html?code=422020073003450 HTTP/1.1" 200 26264
172.17.0.120 - - [30/Jul/2020:10:26:59 +0800] "GET /xingrg/dwr/interface/AjaxBaseInfoService.js HTTP/1.1" 200 21363
172.17.0.120 - - [30/Jul/2020:10:26:59 +0800] "GET /xingrg/dwr/interface/AjaxComOrderService.js HTTP/1.1" 200 18264
172.17.0.120 - - [30/Jul/2020:10:26:59 +0800] "GET /xingrg/dwr/util.js HTTP/1.1" 200 35990
172.17.0.120 - - [30/Jul/2020:10:26:59 +0800] "GET /xingrg/dwr/engine.js HTTP/1.1" 200 43631
172.17.0.120 - - [30/Jul/2020:10:26:59 +0800] "GET /xingrg/javascript/Calendar.js HTTP/1.1" 200 31561
172.17.0.120 - - [30/Jul/2020:10:26:59 +0800] "GET /xingrg/javascript/Grid.js HTTP/1.1" 200 58908
172.17.0.120 - - [30/Jul/2020:10:26:59 +0800] "GET /xingrg/javascript/xtree.js HTTP/1.1" 200 26582
172.17.0.120 - - [30/Jul/2020:10:26:59 +0800] "GET /xingrg/images/xtree/openfoldericon.png HTTP/1.1" 200 232
172.17.0.120 - - [30/Jul/2020:10:26:59 +0800] "GET /xingrg/javascript/jquery_easy_ui/themes/icons/import_new.png HTTP/1.1" 200 1247
172.17.0.120 - - [30/Jul/2020:10:26:59 +0800] "GET /xingrg/javascript/jquery_easy_ui/themes/icons/back_new.png HTTP/1.1" 200 3414
172.17.0.120 - - [30/Jul/2020:10:26:59 +0800] "GET /xingrg/javascript/jquery_easy_ui/themes/icons/print_new.png HTTP/1.1" 200 3580
172.17.0.120 - - [30/Jul/2020:10:26:59 +0800] "GET /xingrg/images/blue/wait.gif HTTP/1.1" 200 1100
172.17.0.120 - - [30/Jul/2020:10:26:59 +0800] "POST /xingrg/dwr/call/plaincall/AjaxBaseInfoService.getSubMaterielSorts.dwr HTTP/1.1" 200 219
172.17.0.120 - - [30/Jul/2020:10:26:59 +0800] "GET /xingrg/images/xtree/Lplus.png HTTP/1.1" 200 224
172.17.0.120 - - [30/Jul/2020:10:26:59 +0800] "GET /xingrg/images/xtree/foldericon.png HTTP/1.1" 200 229
172.17.0.120 - - [30/Jul/2020:10:26:59 +0800] "GET /xingrg/images/xtree/Tplus.png HTTP/1.1" 200 222
114.89.80.44 - - [30/Jul/2020:10:26:59 +0800] "POST /xingrg/kc/base/wldb_order_operate.html HTTP/1.1" 200 4401
114.89.80.44 - - [30/Jul/2020:10:26:59 +0800] "GET /xingrg/javascript/easyui/themes/default/validatebox.css HTTP/1.1" 404 1104
172.17.0.120 - - [30/Jul/2020:10:26:59 +0800] "POST /xingrg/dwr/call/plaincall/AjaxBaseInfoService.getMateriels.dwr HTTP/1.1" 200 2929
114.89.80.44 - - [30/Jul/2020:10:27:00 +0800] "GET /xingrg/all/function/internal_message.html?_=1596076136586&CODE_STATE=getMsg HTTP/1.1" 200 27
222.70.173.120 - - [30/Jul/2020:10:27:00 +0800] "GET /xingrg/all/function/internal_message.html?_=1596076029015&CODE_STATE=getMsg HTTP/1.1" 200 27
172.17.0.120 - - [30/Jul/2020:10:27:00 +0800] "POST /xingrg/dwr/call/plaincall/AjaxBaseInfoService.getSubMaterielSorts.dwr HTTP/1.1" 200 3482
172.17.0.120 - - [30/Jul/2020:10:27:00 +0800] "GET /xingrg/images/xtree/blank.png HTTP/1.1" 200 144
172.17.0.120 - - [30/Jul/2020:10:27:00 +0800] "GET /xingrg/images/xtree/L.png HTTP/1.1" 200 153
172.17.0.120 - - [30/Jul/2020:10:27:00 +0800] "GET /xingrg/images/xtree/file.png HTTP/1.1" 200 251
172.17.0.120 - - [30/Jul/2020:10:27:00 +0800] "GET /xingrg/images/xtree/T.png HTTP/1.1" 200 152
172.17.0.120 - - [30/Jul/2020:10:27:00 +0800] "GET /xingrg/images/xtree/Lminus.png HTTP/1.1" 200 219
172.17.0.120 - - [30/Jul/2020:10:27:01 +0800] "POST /xingrg/dwr/call/plaincall/AjaxBaseInfoService.getMateriels.dwr HTTP/1.1" 200 3020
61.172.5.115 - - [30/Jul/2020:10:27:03 +0800] "GET /xingrg/kc/buy/cgsh_order_operate.html?command=get_materiel&rest_code=00105&code=00101018011&supplier_code=00100330&order_time=2020-07-30 HTTP/1.1" 200 413
172.17.0.120 - - [30/Jul/2020:10:27:03 +0800] "POST /xingrg/dwr/call/plaincall/AjaxBaseInfoService.getMateriels.dwr HTTP/1.1" 200 2925
172.17.0.120 - - [30/Jul/2020:10:27:04 +0800] "GET /xingrg/system/info/materiel_info.html?code=00102003&isAdd=1 HTTP/1.1" 200 33961
172.17.0.120 - - [30/Jul/2020:10:27:05 +0800] "GET /xingrg/dwr/interface/AjaxGetFirstChart.js HTTP/1.1" 200 631
172.17.0.120 - - [30/Jul/2020:10:27:05 +0800] "GET /xingrg/dwr/engine.js HTTP/1.1" 200 43631
172.17.0.120 - - [30/Jul/2020:10:27:05 +0800] "GET /xingrg/javascript/checkform.js HTTP/1.1" 200 18351
172.17.0.120 - - [30/Jul/2020:10:27:05 +0800] "GET /favicon.ico HTTP/1.1" 404 -
172.17.0.120 - - [30/Jul/2020:10:27:05 +0800] "POST /xingrg/all/common/load_tree.html?tree=area_rest_tree_json HTTP/1.1" 200 3216
172.17.0.120 - - [30/Jul/2020:10:27:05 +0800] "POST /xingrg/dwr/call/plaincall/AjaxBaseInfoService.getMaterielInfo.dwr HTTP/1.1" 200 216
172.17.0.120 - - [30/Jul/2020:10:27:05 +0800] "POST /xingrg/all/common/load_tree.html?tree=area_rest_tree_json&defaultRests=undefined HTTP/1.1" 200 3216
172.17.0.120 - - [30/Jul/2020:10:27:05 +0800] "GET /xingrg/javascript/jquery_easy_ui/themes/default/images/tree_checkbox_0.gif HTTP/1.1" 200 168
117.185.32.26 - - [30/Jul/2020:10:27:10 +0800] "GET /xingrg/kc/buy/cgsh_order_operate.html?command=get_materiel&rest_code=00106&code=00101005037&supplier_code=00100032&order_time=2020-07-30 HTTP/1.1" 200 409
172.17.0.120 - - [30/Jul/2020:10:27:10 +0800] "POST /xingrg/dwr/call/plaincall/AjaxGetFirstChart.getFirstChart.dwr HTTP/1.1" 200 79
58.221.95.50 - - [30/Jul/2020:10:27:14 +0800] "GET /xingrg/kc/base/wldb_order_add.html HTTP/1.1" 200 30371
58.221.95.50 - - [30/Jul/2020:10:27:14 +0800] "POST /xingrg/kc/base/wldb_order_operate.html HTTP/1.1" 200 6806
58.221.95.50 - - [30/Jul/2020:10:27:15 +0800] "GET /xingrg/javascript/easyui/themes/default/validatebox.css HTTP/1.1" 404 1104
180.175.214.200 - - [30/Jul/2020:10:27:16 +0800] "GET /xingrg/check_reg.html?_=1596076239209 HTTP/1.1" 200 22
117.185.32.26 - - [30/Jul/2020:10:27:17 +0800] "GET /xingrg/kc/buy/cgsh_order_operate.html?command=get_materiel&rest_code=00106&code=00101012040&supplier_code=00100032&order_time=2020-07-30 HTTP/1.1" 200 412
172.17.0.120 - - [30/Jul/2020:10:27:18 +0800] "POST /xingrg/dwr/call/plaincall/AjaxBaseInfoService.changeUnitGroup.dwr HTTP/1.1" 200 243
114.89.80.44 - - [30/Jul/2020:10:27:19 +0800] "GET /xingrg/kc/base/wldb_order_add.html HTTP/1.1" 200 30381
172.17.0.120 - - [30/Jul/2020:10:27:19 +0800] "POST /xingrg/dwr/call/plaincall/AjaxBaseInfoService.saveMateriel.dwr HTTP/1.1" 200 109
172.17.0.120 - - [30/Jul/2020:10:27:19 +0800] "POST /xingrg/dwr/call/plaincall/AjaxBaseInfoService.getMateriels.dwr HTTP/1.1" 200 2925
114.89.80.44 - - [30/Jul/2020:10:27:20 +0800] "POST /xingrg/kc/base/wldb_order_operate.html HTTP/1.1" 200 6806
114.89.80.44 - - [30/Jul/2020:10:27:20 +0800] "GET /xingrg/javascript/easyui/themes/default/validatebox.css HTTP/1.1" 404 1104
172.17.0.120 - - [30/Jul/2020:10:27:20 +0800] "GET /xingrg/all/function/internal_message.html?_=1596076037580&CODE_STATE=getMsg HTTP/1.1" 200 27
114.89.80.44 - - [30/Jul/2020:10:27:21 +0800] "POST /xingrg/all/common/load_combo.html?type=base HTTP/1.1" 200 2966
180.175.214.200 - - [30/Jul/2020:10:27:22 +0800] "GET /xingrg/all/function/internal_message.html?_=1596076245804&CODE_STATE=getMsg HTTP/1.1" 200 27
180.175.214.200 - - [30/Jul/2020:10:27:24 +0800] "GET /xingrg/all/function/internal_message.html?_=1596076041442&CODE_STATE=getMsg HTTP/1.1" 200 27
120.253.135.82 - - [30/Jul/2020:10:27:25 +0800] "GET /xingrg/check_reg.html?_=1596076167035 HTTP/1.1" 200 22
120.253.135.82 - - [30/Jul/2020:10:27:25 +0800] "GET /xingrg/all/function/internal_message.html?_=1596076167208&CODE_STATE=getMsg HTTP/1.1" 200 27
117.185.32.26 - - [30/Jul/2020:10:27:26 +0800] "POST /xingrg/kc/buy/cgsh_order_operate.html HTTP/1.1" 200 37
222.70.173.120 - - [30/Jul/2020:10:27:26 +0800] "GET /xingrg/check_reg.html?_=1596076059791 HTTP/1.1" 200 22
172.17.0.100 - - [30/Jul/2020:10:27:28 +0800] "GET /xingrg/all/function/internal_message.html?_=1596076046257&CODE_STATE=getMsg HTTP/1.1" 200 27
117.185.32.26 - - [30/Jul/2020:10:27:28 +0800] "POST /xingrg/kc/buy/cgsh_order_operate.html HTTP/1.1" 200 12
172.17.200.101 - - [30/Jul/2020:10:27:28 +0800] "GET /xingrg/all/function/internal_message.html?_=1596076048812&CODE_STATE=getMsg HTTP/1.1" 200 27
172.17.0.123 - - [30/Jul/2020:10:27:29 +0800] "GET /xingrg/all/function/internal_message.html?_=1596075979824&CODE_STATE=getMsg HTTP/1.1" 200 27
114.89.80.44 - - [30/Jul/2020:10:27:30 +0800] "GET /xingrg/kc/base/wldb_order_operate.html?command=get_materiel&rest_code=00150&base_code=0010445&code=00101019079 HTTP/1.1" 200 465
117.185.32.26 - - [30/Jul/2020:10:27:30 +0800] "GET /xingrg/kc/buy/cgsh_order_info.html?code=212020073012574 HTTP/1.1" 200 54292
117.185.32.26 - - [30/Jul/2020:10:27:31 +0800] "GET /xingrg/words/20200730102719_words.js HTTP/1.1" 200 753890
117.185.32.26 - - [30/Jul/2020:10:27:31 +0800] "GET /xingrg/javascript/easyui/themes/default/validatebox.css HTTP/1.1" 404 1104
114.89.80.44 - - [30/Jul/2020:10:27:32 +0800] "GET /xingrg/check_reg.html?_=1596076047835 HTTP/1.1" 200 22
114.89.80.44 - - [30/Jul/2020:10:27:32 +0800] "GET /xingrg/all/function/internal_message.html?_=1596076047832&CODE_STATE=getMsg HTTP/1.1" 200 27
117.185.32.26 - - [30/Jul/2020:10:27:32 +0800] "POST /xingrg/kc/buy/cgsh_order_operate.html HTTP/1.1" 200 3549
117.185.32.26 - - [30/Jul/2020:10:27:33 +0800] "GET /xingrg/kc/print/load_data.html?order_code=212020073012574&kc_code=cgsh&condition= HTTP/1.1" 200 1833
117.185.32.26 - - [30/Jul/2020:10:27:39 +0800] "GET /xingrg/kc/print/load_data.html?order_code=212020073012574&kc_code=cgsh HTTP/1.1" 200 1833
114.88.161.57 - - [30/Jul/2020:10:27:39 +0800] "GET /xingrg/all/function/internal_message.html?_=1596076087527&CODE_STATE=getMsg HTTP/1.1" 200 27
117.184.7.30 - - [30/Jul/2020:10:27:41 +0800] "GET /xingrg/all/function/internal_message.html?_=1596076052748&CODE_STATE=getMsg HTTP/1.1" 200 27
120.253.135.82 - - [30/Jul/2020:10:27:42 +0800] "GET /xingrg/all/function/internal_message.html?_=1596075813657&CODE_STATE=getMsg HTTP/1.1" 200 27
222.70.173.120 - - [30/Jul/2020:10:27:43 +0800] "POST /xingrg/services/DataTransmitService HTTP/1.1" 200 524
222.70.173.120 - - [30/Jul/2020:10:27:43 +0800] "POST /xingrg/services/DataTransmitService HTTP/1.1" 200 2015
58.221.95.50 - - [30/Jul/2020:10:27:43 +0800] "GET /xingrg/all/function/internal_message.html?_=1596076178904&CODE_STATE=getMsg HTTP/1.1" 200 27
114.89.80.44 - - [30/Jul/2020:10:27:43 +0800] "POST /xingrg/kc/buy/cgsh_list_operate.html HTTP/1.1" 200 876
117.185.32.26 - - [30/Jul/2020:10:27:44 +0800] "GET /xingrg/all/function/internal_message.html?_=1596076053559&CODE_STATE=getMsg HTTP/1.1" 200 27
114.89.80.44 - - [30/Jul/2020:10:27:44 +0800] "GET /xingrg/kc/base/wldb_order_operate.html?command=get_materiel&rest_code=00150&base_code=0010445&code=00101019448 HTTP/1.1" 200 469
114.88.159.89 - - [30/Jul/2020:10:27:44 +0800] "GET /xingrg/all/function/internal_message.html?_=1596075720797&CODE_STATE=getMsg HTTP/1.1" 200 27
172.17.0.120 - - [30/Jul/2020:10:27:44 +0800] "GET /xingrg/javascript/jquery_easy_ui/themes/default/images/button_plain_hover.png HTTP/1.1" 200 252
116.230.74.197 - - [30/Jul/2020:10:27:45 +0800] "GET /xingrg/all/function/internal_message.html?_=1596076056165&CODE_STATE=getMsg HTTP/1.1" 200 27
172.17.0.120 - - [30/Jul/2020:10:27:45 +0800] "POST /xingrg/dwr/call/plaincall/AjaxBaseInfoService.searchMateriels.dwr HTTP/1.1" 200 319
114.89.80.44 - - [30/Jul/2020:10:27:46 +0800] "GET /xingrg/css/base.css HTTP/1.1" 304 -
114.89.80.44 - - [30/Jul/2020:10:27:46 +0800] "GET /xingrg/css/site.css HTTP/1.1" 304 -
114.89.80.44 - - [30/Jul/2020:10:27:46 +0800] "GET /xingrg/javascript/jquery_tools/jquery.tools.min.js HTTP/1.1" 304 -
114.89.80.44 - - [30/Jul/2020:10:27:46 +0800] "GET /xingrg/javascript/jquery_tools/datebox.css HTTP/1.1" 304 -
114.89.80.44 - - [30/Jul/2020:10:27:46 +0800] "GET /xingrg/javascript/easyui/themes/icon.css HTTP/1.1" 304 -
114.89.80.44 - - [30/Jul/2020:10:27:46 +0800] "GET /xingrg/javascript/easyui/themes/default/easyui.css HTTP/1.1" 304 -
114.89.80.44 - - [30/Jul/2020:10:27:46 +0800] "GET /xingrg/javascript/jquery_tools/fix.css HTTP/1.1" 304 -
114.89.80.44 - - [30/Jul/2020:10:27:46 +0800] "GET /xingrg/javascript/auto/jquery.autocomplete.css HTTP/1.1" 304 -
114.89.80.44 - - [30/Jul/2020:10:27:46 +0800] "GET /xingrg/javascript/jquery_tools/table.css HTTP/1.1" 304 -
114.89.80.44 - - [30/Jul/2020:10:27:46 +0800] "GET /xingrg/javascript/jquery_tools/jquery.tools.hotkey.js HTTP/1.1" 304 -
114.89.80.44 - - [30/Jul/2020:10:27:46 +0800] "GET /xingrg/javascript/jquery_tools/jquery.tools.table.js HTTP/1.1" 304 -
114.89.80.44 - - [30/Jul/2020:10:27:46 +0800] "GET /xingrg/kc/buy/cgsh_order_list.html HTTP/1.1" 200 43645
114.89.80.44 - - [30/Jul/2020:10:27:46 +0800] "GET /xingrg/javascript/jquery_tools/jquery.tools.extend.js HTTP/1.1" 304 -
114.89.80.44 - - [30/Jul/2020:10:27:46 +0800] "GET /xingrg/javascript/jquery_tools/list_manager.js HTTP/1.1" 304 -
114.89.80.44 - - [30/Jul/2020:10:27:46 +0800] "GET /xingrg/javascript/auto/jquery.autocomplete.js HTTP/1.1" 304 -
114.89.80.44 - - [30/Jul/2020:10:27:46 +0800] "GET /xingrg/javascript/jquery.utils.js HTTP/1.1" 304 -
114.89.80.44 - - [30/Jul/2020:10:27:46 +0800] "GET /xingrg/javascript/easyui/easyloader.js HTTP/1.1" 304 -
114.89.80.44 - - [30/Jul/2020:10:27:46 +0800] "GET /xingrg/javascript/jquery.cookie.js HTTP/1.1" 304 -
114.89.80.44 - - [30/Jul/2020:10:27:46 +0800] "GET /xingrg/javascript/print/LodopFuncs.js HTTP/1.1" 304 -
114.89.80.44 - - [30/Jul/2020:10:27:46 +0800] "GET /xingrg/javascript/easyui/plugins/jquery.parser.js HTTP/1.1" 304 -
114.89.80.44 - - [30/Jul/2020:10:27:46 +0800] "GET /xingrg/images/control/ajaxLoader.gif HTTP/1.1" 304 -
114.89.80.44 - - [30/Jul/2020:10:27:46 +0800] "POST /xingrg/kc/buy/cgsh_list_operate.html HTTP/1.1" 200 876
172.17.0.120 - - [30/Jul/2020:10:27:48 +0800] "GET /xingrg/javascript/jquery_easy_ui/themes/default/images/tabs_active.png HTTP/1.1" 200 2894
222.70.173.120 - - [30/Jul/2020:10:27:49 +0800] "GET /xingrg/all/function/internal_message.html?_=1596076082691&CODE_STATE=getMsg HTTP/1.1" 200 27
114.89.80.44 - - [30/Jul/2020:10:27:51 +0800] "GET /xingrg/kc/base/wldb_order_operate.html?command=get_materiel&rest_code=00150&base_code=0010445&code=00101019066 HTTP/1.1" 200 441
172.17.0.120 - - [30/Jul/2020:10:27:52 +0800] "POST /xingrg/dwr/call/plaincall/AjaxBaseInfoService.searchMateriels.dwr HTTP/1.1" 200 2728
114.89.80.44 - - [30/Jul/2020:10:27:54 +0800] "GET /xingrg/kc/buy/cgsh_order_add.html HTTP/1.1" 200 59021
114.89.80.44 - - [30/Jul/2020:10:27:54 +0800] "GET /xingrg/words/20200730102719_words.js HTTP/1.1" 200 753890
114.89.80.44 - - [30/Jul/2020:10:27:54 +0800] "POST /xingrg/kc/buy/cgsh_order_operate.html HTTP/1.1" 200 8245
114.89.80.44 - - [30/Jul/2020:10:27:54 +0800] "GET /xingrg/javascript/easyui/themes/default/validatebox.css HTTP/1.1" 404 1104
172.17.0.120 - - [30/Jul/2020:10:27:55 +0800] "POST /xingrg/dwr/call/plaincall/AjaxBaseInfoService.getMateriels.dwr HTTP/1.1" 200 2925
101.83.241.154 - - [30/Jul/2020:10:27:55 +0800] "GET /xingrg/all/function/internal_message.html?_=1596076067872&CODE_STATE=getMsg HTTP/1.1" 200 27
58.40.7.146 - - [30/Jul/2020:10:27:56 +0800] "GET /xingrg/all/function/internal_message.html?_=1596076073458&CODE_STATE=getMsg HTTP/1.1" 200 27
172.17.0.185 - - [30/Jul/2020:10:27:57 +0800] "GET /xingrg/all/function/internal_message.html?_=1596076074061&CODE_STATE=getMsg HTTP/1.1" 200 27
114.89.80.44 - - [30/Jul/2020:10:27:58 +0800] "GET /xingrg/kc/base/wldb_order_operate.html?command=get_materiel&rest_code=00150&base_code=0010445&code=00101019430 HTTP/1.1" 200 463
222.70.173.120 - - [30/Jul/2020:10:28:00 +0800] "GET /xingrg/all/function/internal_message.html?_=1596076089019&CODE_STATE=getMsg HTTP/1.1" 200 27
114.89.80.44 - - [30/Jul/2020:10:28:00 +0800] "GET /xingrg/all/function/internal_message.html?_=1596076196594&CODE_STATE=getMsg HTTP/1.1" 200 27
117.185.32.26 - - [30/Jul/2020:10:28:01 +0800] "GET /xingrg/kc/buy/cgsh_order_add.html HTTP/1.1" 200 59385
117.185.32.26 - - [30/Jul/2020:10:28:03 +0800] "POST /xingrg/kc/buy/cgsh_order_operate.html HTTP/1.1" 200 8245
117.185.32.26 - - [30/Jul/2020:10:28:03 +0800] "GET /xingrg/javascript/easyui/themes/default/validatebox.css HTTP/1.1" 404 1104
117.185.32.26 - - [30/Jul/2020:10:28:03 +0800] "GET /xingrg/javascript/easyui/themes/default/tree.css HTTP/1.1" 404 1090
117.185.32.26 - - [30/Jul/2020:10:28:03 +0800] "POST /xingrg/all/common/load_tree.html?tree=supplier_tree_json&isDelete=1 HTTP/1.1" 200 49675
117.185.32.26 - - [30/Jul/2020:10:28:08 +0800] "GET /xingrg/check_reg.html?_=1596076077707 HTTP/1.1" 200 22
114.89.80.44 - - [30/Jul/2020:10:28:10 +0800] "GET /xingrg/kc/base/wldb_order_operate.html?command=get_materiel&rest_code=00150&base_code=0010445&code=00101016028 HTTP/1.1" 200 432
117.185.32.26 - - [30/Jul/2020:10:28:13 +0800] "GET /xingrg/kc/buy/cgsh_order_operate.html?command=get_materiel&rest_code=00106&code=00101009050&supplier_code=00100022&order_time=2020-07-30 HTTP/1.1" 200 410
222.70.173.120 - - [30/Jul/2020:10:28:16 +0800] "POST /xingrg/services/DataTransmitService HTTP/1.1" 200 524
58.221.95.50 - - [30/Jul/2020:10:28:16 +0800] "GET /xingrg/kc/base/wldb_order_operate.html?command=get_materiel&rest_code=00152&base_code=0010647&code=00102002238 HTTP/1.1" 200 432
222.70.173.120 - - [30/Jul/2020:10:28:16 +0800] "POST /xingrg/services/DataTransmitService HTTP/1.1" 200 2015
61.172.5.115 - - [30/Jul/2020:10:28:17 +0800] "GET /xingrg/check_reg.html?_=1596076090455 HTTP/1.1" 200 22
172.17.0.120 - - [30/Jul/2020:10:28:20 +0800] "GET /xingrg/check_reg.html?_=1596076097577 HTTP/1.1" 200 22
172.17.0.120 - - [30/Jul/2020:10:28:20 +0800] "GET /xingrg/all/function/internal_message.html?_=1596076097581&CODE_STATE=getMsg HTTP/1.1" 200 27
180.175.214.200 - - [30/Jul/2020:10:28:22 +0800] "GET /xingrg/all/function/internal_message.html?_=1596076305817&CODE_STATE=getMsg HTTP/1.1" 200 27
58.221.95.50 - - [30/Jul/2020:10:28:24 +0800] "GET /xingrg/kc/base/wldb_order_operate.html?command=get_materiel&rest_code=00152&base_code=0010647&code=00102002201 HTTP/1.1" 200 431
114.89.80.44 - - [30/Jul/2020:10:28:25 +0800] "GET /xingrg/kc/buy/cgsh_order_operate.html?command=get_materiel&rest_code=00151&code=00102003567&supplier_code=00100097&order_time=2020-07-30 HTTP/1.1" 200 398
120.253.135.82 - - [30/Jul/2020:10:28:25 +0800] "GET /xingrg/all/function/internal_message.html?_=1596076227221&CODE_STATE=getMsg HTTP/1.1" 200 27
117.185.32.26 - - [30/Jul/2020:10:28:25 +0800] "GET /xingrg/kc/buy/cgsh_order_operate.html?command=get_materiel&rest_code=00106&code=00101009011&supplier_code=00100022&order_time=2020-07-30 HTTP/1.1" 200 438
114.89.80.44 - - [30/Jul/2020:10:28:27 +0800] "GET /xingrg/kc/base/wldb_order_operate.html?command=get_materiel&rest_code=00150&base_code=0010445&code=00101016074 HTTP/1.1" 200 458
172.17.0.100 - - [30/Jul/2020:10:28:28 +0800] "GET /xingrg/all/function/internal_message.html?_=1596076106242&CODE_STATE=getMsg HTTP/1.1" 200 27
172.17.200.101 - - [30/Jul/2020:10:28:28 +0800] "GET /xingrg/all/function/internal_message.html?_=1596076108814&CODE_STATE=getMsg HTTP/1.1" 200 27
172.17.0.123 - - [30/Jul/2020:10:28:29 +0800] "GET /xingrg/all/function/internal_message.html?_=1596076039828&CODE_STATE=getMsg HTTP/1.1" 200 27
58.221.95.50 - - [30/Jul/2020:10:28:30 +0800] "GET /xingrg/kc/base/wldb_order_operate.html?command=get_materiel&rest_code=00152&base_code=0010647&code=00102002026 HTTP/1.1" 200 431
114.89.80.44 - - [30/Jul/2020:10:28:32 +0800] "GET /xingrg/all/function/internal_message.html?_=1596076107846&CODE_STATE=getMsg HTTP/1.1" 200 27
114.89.80.44 - - [30/Jul/2020:10:28:34 +0800] "GET /xingrg/kc/base/wldb_order_operate.html?command=get_materiel&rest_code=00150&base_code=0010445&code=00101013018 HTTP/1.1" 200 427
117.185.32.26 - - [30/Jul/2020:10:28:35 +0800] "GET /xingrg/kc/buy/cgsh_order_operate.html?command=get_materiel&rest_code=00106&code=00101009019&supplier_code=00100022&order_time=2020-07-30 HTTP/1.1" 200 431
114.88.161.57 - - [30/Jul/2020:10:28:39 +0800] "GET /xingrg/all/function/internal_message.html?_=1596076147527&CODE_STATE=getMsg HTTP/1.1" 200 27
58.221.95.50 - - [30/Jul/2020:10:28:39 +0800] "GET /xingrg/kc/base/wldb_order_operate.html?command=get_materiel&rest_code=00152&base_code=0010647&code=00102002739 HTTP/1.1" 200 420
117.184.7.30 - - [30/Jul/2020:10:28:41 +0800] "GET /xingrg/all/function/internal_message.html?_=1596076112734&CODE_STATE=getMsg HTTP/1.1" 200 27
120.253.135.82 - - [30/Jul/2020:10:28:42 +0800] "GET /xingrg/all/function/internal_message.html?_=1596075873663&CODE_STATE=getMsg HTTP/1.1" 200 27
58.221.95.50 - - [30/Jul/2020:10:28:43 +0800] "GET /xingrg/all/function/internal_message.html?_=1596076238921&CODE_STATE=getMsg HTTP/1.1" 200 27
58.221.95.50 - - [30/Jul/2020:10:28:43 +0800] "GET /xingrg/check_reg.html?_=1596076239388 HTTP/1.1" 200 22
117.185.32.26 - - [30/Jul/2020:10:28:44 +0800] "GET /xingrg/all/function/internal_message.html?_=1596076113668&CODE_STATE=getMsg HTTP/1.1" 200 27
117.185.32.26 - - [30/Jul/2020:10:28:44 +0800] "POST /xingrg/kc/buy/cgsh_order_operate.html HTTP/1.1" 200 37
114.88.159.89 - - [30/Jul/2020:10:28:44 +0800] "GET /xingrg/all/function/internal_message.html?_=1596075780779&CODE_STATE=getMsg HTTP/1.1" 200 27
114.89.80.44 - - [30/Jul/2020:10:28:44 +0800] "POST /xingrg/kc/buy/cgsh_order_operate.html HTTP/1.1" 200 88
116.230.74.197 - - [30/Jul/2020:10:28:45 +0800] "GET /xingrg/all/function/internal_message.html?_=1596076116145&CODE_STATE=getMsg HTTP/1.1" 200 27
114.89.80.44 - - [30/Jul/2020:10:28:46 +0800] "POST /xingrg/kc/base/wldb_order_operate.html HTTP/1.1" 200 37
117.185.32.26 - - [30/Jul/2020:10:28:46 +0800] "POST /xingrg/kc/buy/cgsh_order_operate.html HTTP/1.1" 200 12
117.185.32.26 - - [30/Jul/2020:10:28:47 +0800] "GET /xingrg/kc/buy/cgsh_order_info.html?code=212020073012575 HTTP/1.1" 200 54288
114.89.80.44 - - [30/Jul/2020:10:28:47 +0800] "POST /xingrg/kc/base/wldb_order_operate.html HTTP/1.1" 200 12
114.89.80.44 - - [30/Jul/2020:10:28:48 +0800] "POST /xingrg/kc/base/wldb_order_operate.html HTTP/1.1" 200 5169
117.185.32.26 - - [30/Jul/2020:10:28:48 +0800] "GET /xingrg/javascript/easyui/themes/default/validatebox.css HTTP/1.1" 404 1104
114.89.80.44 - - [30/Jul/2020:10:28:48 +0800] "GET /xingrg/kc/base/wldb_order_info.html?code=422020073003451 HTTP/1.1" 200 26264
114.89.80.44 - - [30/Jul/2020:10:28:48 +0800] "GET /xingrg/words/20200730102719_words.js HTTP/1.1" 200 753890
114.89.80.44 - - [30/Jul/2020:10:28:49 +0800] "POST /xingrg/kc/buy/cgsh_order_operate.html HTTP/1.1" 200 37
117.185.32.26 - - [30/Jul/2020:10:28:49 +0800] "POST /xingrg/kc/buy/cgsh_order_operate.html HTTP/1.1" 200 1794
180.157.251.101 - - [30/Jul/2020:10:28:49 +0800] "POST /xingrg/services/DataTransmitService HTTP/1.1" 200 524
180.157.251.101 - - [30/Jul/2020:10:28:49 +0800] "POST /xingrg/services/DataTransmitService HTTP/1.1" 200 501
114.89.80.44 - - [30/Jul/2020:10:28:49 +0800] "POST /xingrg/kc/base/wldb_order_operate.html HTTP/1.1" 200 3397
114.89.80.44 - - [30/Jul/2020:10:28:49 +0800] "GET /xingrg/javascript/easyui/themes/default/validatebox.css HTTP/1.1" 404 1104
222.70.173.120 - - [30/Jul/2020:10:28:49 +0800] "GET /xingrg/all/function/internal_message.html?_=1596076142705&CODE_STATE=getMsg HTTP/1.1" 200 27
180.157.251.101 - - [30/Jul/2020:10:28:49 +0800] "POST /xingrg/services/DataTransmitService HTTP/1.1" 200 501
114.89.80.44 - - [30/Jul/2020:10:28:50 +0800] "POST /xingrg/kc/buy/cgsh_order_operate.html HTTP/1.1" 200 2660
117.185.32.26 - - [30/Jul/2020:10:28:50 +0800] "GET /xingrg/kc/print/load_data.html?order_code=212020073012575&kc_code=cgsh&condition= HTTP/1.1" 200 1194
114.89.80.44 - - [30/Jul/2020:10:28:52 +0800] "GET /xingrg/kc/base/wldb_order_add.html HTTP/1.1" 200 30381
180.157.251.101 - - [30/Jul/2020:10:28:52 +0800] "POST /xingrg/services/DataTransmitService HTTP/1.1" 200 412
114.89.80.44 - - [30/Jul/2020:10:28:52 +0800] "POST /xingrg/kc/base/wldb_order_operate.html HTTP/1.1" 200 6806
114.89.80.44 - - [30/Jul/2020:10:28:52 +0800] "GET /xingrg/javascript/easyui/themes/default/validatebox.css HTTP/1.1" 404 1104
114.89.80.44 - - [30/Jul/2020:10:28:54 +0800] "GET /xingrg/check_reg.html?_=1596076251413 HTTP/1.1" 200 22
114.89.80.44 - - [30/Jul/2020:10:28:55 +0800] "POST /xingrg/kc/buy/cgsh_order_operate.html HTTP/1.1" 200 37
101.83.241.154 - - [30/Jul/2020:10:28:55 +0800] "GET /xingrg/all/function/internal_message.html?_=1596076127873&CODE_STATE=getMsg HTTP/1.1" 200 27
117.185.32.26 - - [30/Jul/2020:10:28:56 +0800] "GET /xingrg/kc/print/load_data.html?order_code=212020073012575&kc_code=cgsh HTTP/1.1" 200 1194
58.40.7.146 - - [30/Jul/2020:10:28:56 +0800] "GET /xingrg/all/function/internal_message.html?_=1596076133460&CODE_STATE=getMsg HTTP/1.1" 200 27
58.40.7.146 - - [30/Jul/2020:10:28:56 +0800] "GET /xingrg/check_reg.html?_=1596076133462 HTTP/1.1" 200 22
172.17.0.106 - - [30/Jul/2020:10:28:56 +0800] "GET /favicon.ico HTTP/1.1" 404 -
61.172.5.115 - - [30/Jul/2020:10:28:56 +0800] "GET /xingrg/kc/buy/cgsh_order_operate.html?command=get_materiel&rest_code=00105&code=00101006067&supplier_code=00100330&order_time=2020-07-30 HTTP/1.1" 200 409
172.17.0.185 - - [30/Jul/2020:10:28:57 +0800] "GET /xingrg/all/function/internal_message.html?_=1596076134051&CODE_STATE=getMsg HTTP/1.1" 200 27
114.89.80.44 - - [30/Jul/2020:10:28:57 +0800] "POST /xingrg/kc/buy/cgsh_order_operate.html HTTP/1.1" 200 12
58.221.95.50 - - [30/Jul/2020:10:28:57 +0800] "GET /xingrg/kc/base/wldb_order_operate.html?command=get_materiel&rest_code=00152&base_code=0010647&code=00102002353 HTTP/1.1" 200 439
172.17.0.106 - - [30/Jul/2020:10:28:57 +0800] "GET /favicon.ico HTTP/1.1" 404 -
172.17.0.106 - - [30/Jul/2020:10:28:57 +0800] "GET /favicon.ico HTTP/1.1" 404 -
114.89.80.44 - - [30/Jul/2020:10:28:58 +0800] "GET /xingrg/kc/buy/cgsh_order_info.html?code=212020073012577 HTTP/1.1" 200 53916
222.70.173.120 - - [30/Jul/2020:10:28:58 +0800] "GET /xingrg/check_reg.html?_=1596076147306 HTTP/1.1" 200 22
114.89.80.44 - - [30/Jul/2020:10:28:58 +0800] "GET /xingrg/words/20200730102719_words.js HTTP/1.1" 304 -
114.89.80.44 - - [30/Jul/2020:10:28:58 +0800] "GET /xingrg/javascript/easyui/themes/default/validatebox.css HTTP/1.1" 404 1104
114.89.80.44 - - [30/Jul/2020:10:28:58 +0800] "POST /xingrg/kc/buy/cgsh_order_operate.html HTTP/1.1" 200 610
114.89.80.44 - - [30/Jul/2020:10:28:59 +0800] "GET /xingrg/kc/base/yddb_order_list.html HTTP/1.1" 200 16867
114.89.80.44 - - [30/Jul/2020:10:28:59 +0800] "POST /xingrg/kc/base/yddb_list_operate.html HTTP/1.1" 200 583
114.89.80.44 - - [30/Jul/2020:10:28:59 +0800] "GET /xingrg/kc/print/load_data.html?order_code=212020073012577&kc_code=cgsh&condition= HTTP/1.1" 200 688
222.70.173.120 - - [30/Jul/2020:10:29:00 +0800] "GET /xingrg/all/function/internal_message.html?_=1596076149033&CODE_STATE=getMsg HTTP/1.1" 200 27
114.89.80.44 - - [30/Jul/2020:10:29:00 +0800] "GET /xingrg/all/function/internal_message.html?_=1596076256608&CODE_STATE=getMsg HTTP/1.1" 200 27
114.89.80.44 - - [30/Jul/2020:10:29:01 +0800] "GET /xingrg/kc/base/yddb_order_add.html HTTP/1.1" 200 29565
114.89.80.44 - - [30/Jul/2020:10:29:01 +0800] "GET /xingrg/javascript/checkform.js HTTP/1.1" 304 -
114.89.80.44 - - [30/Jul/2020:10:29:01 +0800] "GET /xingrg/dwr/interface/AjaxYddbService.js HTTP/1.1" 200 13201
114.89.80.44 - - [30/Jul/2020:10:29:01 +0800] "GET /xingrg/dwr/interface/AjaxComOrderService.js HTTP/1.1" 200 18264
114.89.80.44 - - [30/Jul/2020:10:29:01 +0800] "GET /xingrg/dwr/engine.js HTTP/1.1" 200 43631
114.89.80.44 - - [30/Jul/2020:10:29:03 +0800] "POST /xingrg/dwr/call/plaincall/AjaxYddbService.getRestBases.dwr HTTP/1.1" 200 1514
58.221.95.50 - - [30/Jul/2020:10:29:04 +0800] "GET /xingrg/kc/base/wldb_order_operate.html?command=get_materiel&rest_code=00152&base_code=0010647&code=00102002230 HTTP/1.1" 200 439
114.89.80.44 - - [30/Jul/2020:10:29:11 +0800] "POST /xingrg/dwr/call/plaincall/AjaxYddbService.saveOrder.dwr HTTP/1.1" 200 78
114.89.80.44 - - [30/Jul/2020:10:29:14 +0800] "GET /xingrg/images/yd/bt.gif HTTP/1.1" 404 1040
114.89.80.44 - - [30/Jul/2020:10:29:15 +0800] "POST /xingrg/dwr/call/plaincall/AjaxComOrderService.getMaterielSearchList.dwr HTTP/1.1" 200 1438
114.89.80.44 - - [30/Jul/2020:10:29:16 +0800] "POST /xingrg/dwr/call/plaincall/AjaxComOrderService.getMaterielSearchList.dwr HTTP/1.1" 200 753
114.89.80.44 - - [30/Jul/2020:10:29:17 +0800] "POST /xingrg/dwr/call/plaincall/AjaxYddbService.getMaterielByMap.dwr HTTP/1.1" 200 3744
58.221.95.50 - - [30/Jul/2020:10:29:17 +0800] "GET /xingrg/kc/base/wldb_order_operate.html?command=get_materiel&rest_code=00152&base_code=0010647&code=00102002500 HTTP/1.1" 200 452
