120.253.135.82 - - [29/Jul/2020:10:08:16 +0800] "GET /xingrg/dwr/interface/AjaxComOrderService.js HTTP/1.1" 200 18264
120.253.135.82 - - [29/Jul/2020:10:08:16 +0800] "GET /xingrg/dwr/engine.js HTTP/1.1" 200 43631
120.253.135.82 - - [29/Jul/2020:10:08:16 +0800] "POST /xingrg/dwr/call/plaincall/AjaxQqpsService.loadMaterielItems.dwr HTTP/1.1" 200 936
61.172.5.115 - - [29/Jul/2020:10:08:19 +0800] "GET /xingrg/kc/buy/cgsh_order_operate.html?command=get_materiel&rest_code=00105&code=00101007032&supplier_code=00100328&order_time=2020-07-29 HTTP/1.1" 200 413
114.89.80.44 - - [29/Jul/2020:10:08:23 +0800] "GET /xingrg/all/function/internal_message.html?_=1595988622094&CODE_STATE=getMsg HTTP/1.1" 200 27
120.253.135.82 - - [29/Jul/2020:10:08:30 +0800] "GET /xingrg/kc/pszx/mdqp_order_list.html?isBack=1 HTTP/1.1" 302 -
120.253.135.82 - - [29/Jul/2020:10:08:30 +0800] "GET /xingrg/kc/pszx/mdqp_order_list.html?state=10 HTTP/1.1" 200 10976
120.253.135.82 - - [29/Jul/2020:10:08:30 +0800] "GET /xingrg/dwr/interface/AjaxQqpsService.js HTTP/1.1" 200 16326
120.253.135.82 - - [29/Jul/2020:10:08:30 +0800] "GET /xingrg/dwr/interface/AjaxReportQueryService.js HTTP/1.1" 200 13203
120.253.135.82 - - [29/Jul/2020:10:08:30 +0800] "GET /xingrg/dwr/engine.js HTTP/1.1" 200 43631
120.253.135.82 - - [29/Jul/2020:10:08:30 +0800] "GET /xingrg/javascript/jquery_easy_ui/themes/icons/manage.png HTTP/1.1" 304 -
120.253.135.82 - - [29/Jul/2020:10:08:30 +0800] "GET /xingrg/javascript/jquery_easy_ui/themes/icons/area.png HTTP/1.1" 304 -
61.172.5.115 - - [29/Jul/2020:10:08:32 +0800] "POST /xingrg/kc/buy/cgsh_order_operate.html HTTP/1.1" 200 37
61.172.5.115 - - [29/Jul/2020:10:08:33 +0800] "POST /xingrg/kc/buy/cgsh_order_operate.html HTTP/1.1" 200 2657
114.89.80.44 - - [29/Jul/2020:10:08:34 +0800] "GET /xingrg/all/function/internal_message.html?_=1595988510433&CODE_STATE=getMsg HTTP/1.1" 200 27
61.172.5.115 - - [29/Jul/2020:10:08:35 +0800] "GET /xingrg/kc/print/load_data.html?order_code=212020072912139&kc_code=cgsh&condition= HTTP/1.1" 200 676
120.253.135.82 - - [29/Jul/2020:10:08:35 +0800] "GET /xingrg/kc/pszx/mdqp_order_list.html?state=10 HTTP/1.1" 200 10976
120.253.135.82 - - [29/Jul/2020:10:08:35 +0800] "GET /xingrg/dwr/interface/AjaxQqpsService.js HTTP/1.1" 200 16326
120.253.135.82 - - [29/Jul/2020:10:08:35 +0800] "GET /xingrg/dwr/interface/AjaxReportQueryService.js HTTP/1.1" 200 13203
120.253.135.82 - - [29/Jul/2020:10:08:35 +0800] "GET /xingrg/dwr/engine.js HTTP/1.1" 200 43631
117.184.7.26 - - [29/Jul/2020:10:08:38 +0800] "GET /xingrg/all/function/internal_message.html?_=1595988511996&CODE_STATE=getMsg HTTP/1.1" 200 27
180.175.214.200 - - [29/Jul/2020:10:08:44 +0800] "GET /xingrg/all/function/internal_message.html?_=1595988729187&CODE_STATE=getMsg HTTP/1.1" 200 27
61.172.5.115 - - [29/Jul/2020:10:08:50 +0800] "GET /xingrg/kc/buy/cgsh_order_add.html HTTP/1.1" 200 59379
61.172.5.115 - - [29/Jul/2020:10:08:50 +0800] "POST /xingrg/kc/buy/cgsh_order_operate.html HTTP/1.1" 200 8245
61.172.5.115 - - [29/Jul/2020:10:08:50 +0800] "GET /xingrg/javascript/easyui/themes/default/validatebox.css HTTP/1.1" 404 1104
172.17.0.120 - - [29/Jul/2020:10:08:50 +0800] "GET /xingrg/all/function/internal_message.html?_=1595988528177&CODE_STATE=getMsg HTTP/1.1" 200 27
58.40.7.146 - - [29/Jul/2020:10:08:54 +0800] "GET /xingrg/check_reg.html?_=1595988532246 HTTP/1.1" 200 22
58.40.7.146 - - [29/Jul/2020:10:08:54 +0800] "GET /xingrg/all/function/internal_message.html?_=1595988532248&CODE_STATE=getMsg HTTP/1.1" 200 27
180.175.214.200 - - [29/Jul/2020:10:09:01 +0800] "GET /xingrg/check_reg.html?_=1595988745723 HTTP/1.1" 200 22
114.88.161.57 - - [29/Jul/2020:10:09:04 +0800] "GET /xingrg/all/function/internal_message.html?_=1595988541184&CODE_STATE=getMsg HTTP/1.1" 200 27
116.230.74.197 - - [29/Jul/2020:10:09:05 +0800] "GET /xingrg/all/function/internal_message.html?_=1595988539420&CODE_STATE=getMsg HTTP/1.1" 200 27
222.70.173.120 - - [29/Jul/2020:10:09:06 +0800] "GET /xingrg/all/function/internal_message.html?_=1595988556226&CODE_STATE=getMsg HTTP/1.1" 200 27
116.230.74.197 - - [29/Jul/2020:10:09:06 +0800] "GET /xingrg/check_reg.html?_=1595988540545 HTTP/1.1" 200 22
114.86.227.226 - - [29/Jul/2020:10:09:08 +0800] "GET /xingrg/check_reg.html?_=1595988647234 HTTP/1.1" 200 22
114.86.227.226 - - [29/Jul/2020:10:09:08 +0800] "GET /xingrg/all/function/internal_message.html?_=1595988647234&CODE_STATE=getMsg HTTP/1.1" 200 27
61.172.5.115 - - [29/Jul/2020:10:09:10 +0800] "GET /xingrg/kc/buy/cgsh_order_operate.html?command=get_materiel&rest_code=00105&code=00101012045&supplier_code=00100326&order_time=2020-07-29 HTTP/1.1" 200 409
114.88.161.57 - - [29/Jul/2020:10:09:13 +0800] "GET /xingrg/all/function/internal_message.html?_=1595988582700&CODE_STATE=getMsg HTTP/1.1" 200 27
222.69.143.3 - - [29/Jul/2020:10:09:15 +0800] "GET /xingrg/all/function/internal_message.html?_=1595988548957&CODE_STATE=getMsg HTTP/1.1" 200 27
222.69.143.3 - - [29/Jul/2020:10:09:15 +0800] "GET /xingrg/check_reg.html?_=1595988548958 HTTP/1.1" 200 22
172.17.0.100 - - [29/Jul/2020:10:09:16 +0800] "GET /xingrg/all/function/internal_message.html?_=1595988555258&CODE_STATE=getMsg HTTP/1.1" 200 27
116.230.74.197 - - [29/Jul/2020:10:09:18 +0800] "GET /xingrg/kc/buy/cgsh_order_operate.html?command=get_materiel&rest_code=00107&code=00101001140&supplier_code=00100090&order_time=2020-07-29 HTTP/1.1" 200 434
114.89.80.44 - - [29/Jul/2020:10:09:23 +0800] "GET /xingrg/all/function/internal_message.html?_=1595988682111&CODE_STATE=getMsg HTTP/1.1" 200 27
114.89.80.44 - - [29/Jul/2020:10:09:34 +0800] "GET /xingrg/all/function/internal_message.html?_=1595988570463&CODE_STATE=getMsg HTTP/1.1" 200 27
61.172.5.115 - - [29/Jul/2020:10:09:34 +0800] "GET /xingrg/kc/buy/cgsh_order_operate.html?command=get_materiel&rest_code=00105&code=00101007111&supplier_code=00100326&order_time=2020-07-29 HTTP/1.1" 200 417
117.184.7.26 - - [29/Jul/2020:10:09:38 +0800] "GET /xingrg/all/function/internal_message.html?_=1595988571969&CODE_STATE=getMsg HTTP/1.1" 200 27
180.175.214.200 - - [29/Jul/2020:10:09:44 +0800] "GET /xingrg/all/function/internal_message.html?_=1595988789193&CODE_STATE=getMsg HTTP/1.1" 200 27
61.172.5.115 - - [29/Jul/2020:10:09:48 +0800] "GET /xingrg/kc/buy/cgsh_order_operate.html?command=get_materiel&rest_code=00105&code=00101010567&supplier_code=00100326&order_time=2020-07-29 HTTP/1.1" 200 399
172.17.0.120 - - [29/Jul/2020:10:09:50 +0800] "GET /xingrg/all/function/internal_message.html?_=1595988588179&CODE_STATE=getMsg HTTP/1.1" 200 27
116.230.74.197 - - [29/Jul/2020:10:09:53 +0800] "GET /xingrg/kc/buy/cgsh_order_operate.html?command=get_materiel&rest_code=00107&code=00101001125&supplier_code=00100090&order_time=2020-07-29 HTTP/1.1" 200 415
58.40.7.146 - - [29/Jul/2020:10:09:54 +0800] "GET /xingrg/all/function/internal_message.html?_=1595988592249&CODE_STATE=getMsg HTTP/1.1" 200 27
114.88.161.57 - - [29/Jul/2020:10:10:05 +0800] "GET /xingrg/all/function/internal_message.html?_=1595988601771&CODE_STATE=getMsg HTTP/1.1" 200 27
116.230.74.197 - - [29/Jul/2020:10:10:05 +0800] "GET /xingrg/all/function/internal_message.html?_=1595988599422&CODE_STATE=getMsg HTTP/1.1" 200 27
222.70.173.120 - - [29/Jul/2020:10:10:06 +0800] "GET /xingrg/all/function/internal_message.html?_=1595988616599&CODE_STATE=getMsg HTTP/1.1" 200 27
114.86.227.226 - - [29/Jul/2020:10:10:08 +0800] "GET /xingrg/all/function/internal_message.html?_=1595988707234&CODE_STATE=getMsg HTTP/1.1" 200 27
58.40.7.146 - - [29/Jul/2020:10:10:12 +0800] "GET /favicon.ico HTTP/1.1" 404 -
114.88.161.57 - - [29/Jul/2020:10:10:13 +0800] "GET /xingrg/all/function/internal_message.html?_=1595988642703&CODE_STATE=getMsg HTTP/1.1" 200 27
222.69.143.3 - - [29/Jul/2020:10:10:15 +0800] "GET /xingrg/all/function/internal_message.html?_=1595988608967&CODE_STATE=getMsg HTTP/1.1" 200 27
172.17.0.100 - - [29/Jul/2020:10:10:16 +0800] "GET /xingrg/all/function/internal_message.html?_=1595988615258&CODE_STATE=getMsg HTTP/1.1" 200 27
61.172.5.115 - - [29/Jul/2020:10:10:23 +0800] "POST /xingrg/kc/buy/cgsh_order_operate.html HTTP/1.1" 200 37
116.230.74.197 - - [29/Jul/2020:10:10:23 +0800] "POST /xingrg/kc/buy/cgsh_order_operate.html HTTP/1.1" 200 88
114.89.80.44 - - [29/Jul/2020:10:10:23 +0800] "GET /xingrg/all/function/internal_message.html?_=1595988742121&CODE_STATE=getMsg HTTP/1.1" 200 27
61.172.5.115 - - [29/Jul/2020:10:10:25 +0800] "POST /xingrg/kc/buy/cgsh_order_operate.html HTTP/1.1" 200 3844
117.184.7.26 - - [29/Jul/2020:10:10:26 +0800] "POST /xingrg/kc/buy/cgsh_list_operate.html HTTP/1.1" 200 3855
61.172.5.115 - - [29/Jul/2020:10:10:28 +0800] "GET /xingrg/kc/print/load_data.html?order_code=212020072912140&kc_code=cgsh&condition= HTTP/1.1" 200 1129
116.230.74.197 - - [29/Jul/2020:10:10:30 +0800] "POST /xingrg/kc/buy/cgsh_order_operate.html HTTP/1.1" 200 37
116.230.74.197 - - [29/Jul/2020:10:10:31 +0800] "POST /xingrg/kc/buy/cgsh_order_operate.html HTTP/1.1" 200 3259
114.89.80.44 - - [29/Jul/2020:10:10:34 +0800] "GET /xingrg/all/function/internal_message.html?_=1595988630459&CODE_STATE=getMsg HTTP/1.1" 200 27
116.230.74.197 - - [29/Jul/2020:10:10:36 +0800] "GET /xingrg/kc/print/load_data.html?order_code=212020072912142&kc_code=cgsh&condition= HTTP/1.1" 200 967
117.184.7.26 - - [29/Jul/2020:10:10:38 +0800] "GET /xingrg/all/function/internal_message.html?_=1595988631996&CODE_STATE=getMsg HTTP/1.1" 200 27
117.184.7.26 - - [29/Jul/2020:10:10:38 +0800] "GET /xingrg/check_reg.html?_=1595988632312 HTTP/1.1" 200 22
117.131.5.26 - - [29/Jul/2020:10:10:43 +0800] "POST /xingrg/services/DataTransmitService HTTP/1.1" 200 524
117.131.5.26 - - [29/Jul/2020:10:10:43 +0800] "POST /xingrg/services/DataTransmitService HTTP/1.1" 200 501
117.131.5.26 - - [29/Jul/2020:10:10:43 +0800] "POST /xingrg/services/DataTransmitService HTTP/1.1" 200 501
117.131.5.26 - - [29/Jul/2020:10:10:44 +0800] "POST /xingrg/services/DataTransmitService HTTP/1.1" 200 501
117.131.5.26 - - [29/Jul/2020:10:10:44 +0800] "POST /xingrg/services/DataTransmitService HTTP/1.1" 200 501
117.131.5.26 - - [29/Jul/2020:10:10:44 +0800] "POST /xingrg/services/DataTransmitService HTTP/1.1" 200 501
61.172.5.115 - - [29/Jul/2020:10:10:44 +0800] "GET /xingrg/kc/buy/cgsh_order_add.html HTTP/1.1" 200 59379
117.131.5.26 - - [29/Jul/2020:10:10:44 +0800] "POST /xingrg/services/DataTransmitService HTTP/1.1" 200 501
117.131.5.26 - - [29/Jul/2020:10:10:44 +0800] "POST /xingrg/services/DataTransmitService HTTP/1.1" 200 501
180.175.214.200 - - [29/Jul/2020:10:10:44 +0800] "GET /xingrg/all/function/internal_message.html?_=1595988849206&CODE_STATE=getMsg HTTP/1.1" 200 27
61.172.5.115 - - [29/Jul/2020:10:10:44 +0800] "POST /xingrg/kc/buy/cgsh_order_operate.html HTTP/1.1" 200 8245
61.172.5.115 - - [29/Jul/2020:10:10:44 +0800] "GET /xingrg/javascript/easyui/themes/default/validatebox.css HTTP/1.1" 404 1104
117.131.5.26 - - [29/Jul/2020:10:10:45 +0800] "POST /xingrg/services/DataTransmitService HTTP/1.1" 200 412
172.17.0.120 - - [29/Jul/2020:10:10:50 +0800] "GET /xingrg/all/function/internal_message.html?_=1595988648180&CODE_STATE=getMsg HTTP/1.1" 200 27
58.40.7.146 - - [29/Jul/2020:10:10:54 +0800] "GET /xingrg/all/function/internal_message.html?_=1595988652252&CODE_STATE=getMsg HTTP/1.1" 200 27
116.230.74.197 - - [29/Jul/2020:10:10:56 +0800] "GET /xingrg/kc/buy/cgsh_order_add.html HTTP/1.1" 200 59426
116.230.74.197 - - [29/Jul/2020:10:10:57 +0800] "POST /xingrg/kc/buy/cgsh_order_operate.html HTTP/1.1" 200 8245
116.230.74.197 - - [29/Jul/2020:10:10:57 +0800] "GET /xingrg/javascript/easyui/themes/default/validatebox.css HTTP/1.1" 404 1104
116.230.74.197 - - [29/Jul/2020:10:10:58 +0800] "GET /xingrg/javascript/easyui/themes/default/tree.css HTTP/1.1" 404 1090
116.230.74.197 - - [29/Jul/2020:10:10:59 +0800] "POST /xingrg/all/common/load_tree.html?tree=supplier_tree_json&isDelete=1 HTTP/1.1" 200 49675
114.88.161.57 - - [29/Jul/2020:10:11:05 +0800] "GET /xingrg/all/function/internal_message.html?_=1595988661772&CODE_STATE=getMsg HTTP/1.1" 200 27
116.230.74.197 - - [29/Jul/2020:10:11:05 +0800] "GET /xingrg/all/function/internal_message.html?_=1595988659405&CODE_STATE=getMsg HTTP/1.1" 200 27
222.70.173.120 - - [29/Jul/2020:10:11:06 +0800] "GET /xingrg/all/function/internal_message.html?_=1595988676611&CODE_STATE=getMsg HTTP/1.1" 200 27
114.86.227.226 - - [29/Jul/2020:10:11:07 +0800] "GET /xingrg/all/function/internal_message.html?_=1595988767232&CODE_STATE=getMsg HTTP/1.1" 200 27
114.88.161.57 - - [29/Jul/2020:10:11:13 +0800] "GET /xingrg/all/function/internal_message.html?_=1595988702703&CODE_STATE=getMsg HTTP/1.1" 200 27
61.172.5.115 - - [29/Jul/2020:10:11:14 +0800] "GET /xingrg/kc/buy/cgsh_order_operate.html?command=get_materiel&rest_code=00105&code=00101001051&supplier_code=00100090&order_time=2020-07-29 HTTP/1.1" 200 422
222.69.143.3 - - [29/Jul/2020:10:11:15 +0800] "GET /xingrg/all/function/internal_message.html?_=1595988668966&CODE_STATE=getMsg HTTP/1.1" 200 27
172.17.0.100 - - [29/Jul/2020:10:11:16 +0800] "GET /xingrg/all/function/internal_message.html?_=1595988675258&CODE_STATE=getMsg HTTP/1.1" 200 27
114.89.80.44 - - [29/Jul/2020:10:11:23 +0800] "GET /xingrg/check_reg.html?_=1595988801957 HTTP/1.1" 200 22
114.89.80.44 - - [29/Jul/2020:10:11:23 +0800] "GET /xingrg/all/function/internal_message.html?_=1595988802134&CODE_STATE=getMsg HTTP/1.1" 200 27
114.89.80.44 - - [29/Jul/2020:10:11:34 +0800] "GET /xingrg/all/function/internal_message.html?_=1595988690476&CODE_STATE=getMsg HTTP/1.1" 200 27
114.89.80.44 - - [29/Jul/2020:10:11:34 +0800] "GET /xingrg/check_reg.html?_=1595988690480 HTTP/1.1" 200 22
117.184.7.26 - - [29/Jul/2020:10:11:38 +0800] "GET /xingrg/all/function/internal_message.html?_=1595988691923&CODE_STATE=getMsg HTTP/1.1" 200 27
61.172.5.115 - - [29/Jul/2020:10:11:38 +0800] "GET /xingrg/kc/buy/cgsh_order_operate.html?command=get_materiel&rest_code=00105&code=00101001140&supplier_code=00100090&order_time=2020-07-29 HTTP/1.1" 200 434
116.230.74.197 - - [29/Jul/2020:10:11:40 +0800] "GET /xingrg/kc/buy/cgsh_order_operate.html?command=get_materiel&rest_code=00107&code=00101002006&supplier_code=00100091&order_time=2020-07-29 HTTP/1.1" 200 413
180.175.214.200 - - [29/Jul/2020:10:11:45 +0800] "GET /xingrg/all/function/internal_message.html?_=1595988910202&CODE_STATE=getMsg HTTP/1.1" 200 27
172.17.0.120 - - [29/Jul/2020:10:11:50 +0800] "GET /xingrg/all/function/internal_message.html?_=1595988708166&CODE_STATE=getMsg HTTP/1.1" 200 27
58.40.7.146 - - [29/Jul/2020:10:11:54 +0800] "GET /xingrg/all/function/internal_message.html?_=1595988712256&CODE_STATE=getMsg HTTP/1.1" 200 27
61.172.5.115 - - [29/Jul/2020:10:11:58 +0800] "GET /xingrg/check_reg.html?_=1595988711603 HTTP/1.1" 200 22
116.230.74.197 - - [29/Jul/2020:10:11:59 +0800] "GET /xingrg/kc/buy/cgsh_order_operate.html?command=get_materiel&rest_code=00107&code=00101002034&supplier_code=00100091&order_time=2020-07-29 HTTP/1.1" 200 409
61.172.5.115 - - [29/Jul/2020:10:12:02 +0800] "GET /xingrg/kc/buy/cgsh_order_operate.html?command=get_materiel&rest_code=00105&code=00101001043&supplier_code=00100090&order_time=2020-07-29 HTTP/1.1" 200 415
116.230.74.197 - - [29/Jul/2020:10:12:05 +0800] "GET /xingrg/all/function/internal_message.html?_=1595988719384&CODE_STATE=getMsg HTTP/1.1" 200 27
114.88.161.57 - - [29/Jul/2020:10:12:05 +0800] "GET /xingrg/all/function/internal_message.html?_=1595988722235&CODE_STATE=getMsg HTTP/1.1" 200 27
114.86.227.226 - - [29/Jul/2020:10:12:06 +0800] "GET /xingrg/all/function/internal_message.html?_=1595988827234&CODE_STATE=getMsg HTTP/1.1" 200 27
222.70.173.120 - - [29/Jul/2020:10:12:07 +0800] "GET /xingrg/all/function/internal_message.html?_=1595988736994&CODE_STATE=getMsg HTTP/1.1" 200 27
116.230.74.197 - - [29/Jul/2020:10:12:09 +0800] "POST /xingrg/kc/buy/cgsh_order_operate.html HTTP/1.1" 200 37
116.230.74.197 - - [29/Jul/2020:10:12:11 +0800] "POST /xingrg/kc/buy/cgsh_order_operate.html HTTP/1.1" 200 3250
114.88.161.57 - - [29/Jul/2020:10:12:13 +0800] "GET /xingrg/check_reg.html?_=1595988762703 HTTP/1.1" 200 22
114.88.161.57 - - [29/Jul/2020:10:12:13 +0800] "GET /xingrg/all/function/internal_message.html?_=1595988762706&CODE_STATE=getMsg HTTP/1.1" 200 27
116.230.74.197 - - [29/Jul/2020:10:12:14 +0800] "GET /xingrg/kc/print/load_data.html?order_code=212020072912143&kc_code=cgsh&condition= HTTP/1.1" 200 962
222.69.143.3 - - [29/Jul/2020:10:12:15 +0800] "GET /xingrg/all/function/internal_message.html?_=1595988728981&CODE_STATE=getMsg HTTP/1.1" 200 27
114.89.80.44 - - [29/Jul/2020:10:12:16 +0800] "POST /xingrg/kc/buy/cgsh_order_operate.html HTTP/1.1" 200 37
172.17.0.100 - - [29/Jul/2020:10:12:16 +0800] "GET /xingrg/all/function/internal_message.html?_=1595988735257&CODE_STATE=getMsg HTTP/1.1" 200 27
114.89.80.44 - - [29/Jul/2020:10:12:17 +0800] "POST /xingrg/kc/buy/cgsh_order_operate.html HTTP/1.1" 200 12
114.89.80.44 - - [29/Jul/2020:10:12:18 +0800] "GET /xingrg/kc/buy/cgsh_order_info.html?code=212020072912133 HTTP/1.1" 200 54204
114.89.80.44 - - [29/Jul/2020:10:12:19 +0800] "GET /xingrg/javascript/easyui/themes/default/validatebox.css HTTP/1.1" 404 1104
114.89.80.44 - - [29/Jul/2020:10:12:19 +0800] "POST /xingrg/kc/buy/cgsh_order_operate.html HTTP/1.1" 200 603
116.230.74.197 - - [29/Jul/2020:10:12:19 +0800] "GET /xingrg/kc/buy/cgsh_order_add.html HTTP/1.1" 200 59426
114.89.80.44 - - [29/Jul/2020:10:12:20 +0800] "GET /xingrg/kc/print/load_data.html?order_code=212020072912133&kc_code=cgsh&condition= HTTP/1.1" 200 765
116.230.74.197 - - [29/Jul/2020:10:12:20 +0800] "GET /xingrg/javascript/easyui/themes/default/validatebox.css HTTP/1.1" 404 1104
116.230.74.197 - - [29/Jul/2020:10:12:20 +0800] "POST /xingrg/kc/buy/cgsh_order_operate.html HTTP/1.1" 200 8245
116.230.74.197 - - [29/Jul/2020:10:12:22 +0800] "GET /xingrg/javascript/easyui/themes/default/tree.css HTTP/1.1" 404 1090
116.230.74.197 - - [29/Jul/2020:10:12:22 +0800] "POST /xingrg/all/common/load_tree.html?tree=supplier_tree_json&isDelete=1 HTTP/1.1" 200 49675
114.89.80.44 - - [29/Jul/2020:10:12:23 +0800] "GET /xingrg/all/function/internal_message.html?_=1595988862153&CODE_STATE=getMsg HTTP/1.1" 200 27
222.70.173.120 - - [29/Jul/2020:10:12:25 +0800] "GET /xingrg/check_reg.html?_=1595988755111 HTTP/1.1" 200 22
61.172.5.115 - - [29/Jul/2020:10:12:28 +0800] "POST /xingrg/kc/buy/cgsh_order_operate.html HTTP/1.1" 200 37
61.172.5.115 - - [29/Jul/2020:10:12:29 +0800] "POST /xingrg/kc/buy/cgsh_order_operate.html HTTP/1.1" 200 3863
61.172.5.115 - - [29/Jul/2020:10:12:31 +0800] "GET /xingrg/kc/print/load_data.html?order_code=212020072912144&kc_code=cgsh&condition= HTTP/1.1" 200 1204
114.89.80.44 - - [29/Jul/2020:10:12:34 +0800] "GET /xingrg/all/function/internal_message.html?_=1595988750478&CODE_STATE=getMsg HTTP/1.1" 200 27
117.184.7.26 - - [29/Jul/2020:10:12:38 +0800] "GET /xingrg/all/function/internal_message.html?_=1595988751912&CODE_STATE=getMsg HTTP/1.1" 200 27
180.175.214.200 - - [29/Jul/2020:10:12:45 +0800] "GET /xingrg/all/function/internal_message.html?_=1595988970216&CODE_STATE=getMsg HTTP/1.1" 200 27
172.17.0.120 - - [29/Jul/2020:10:12:50 +0800] "GET /xingrg/all/function/internal_message.html?_=1595988768169&CODE_STATE=getMsg HTTP/1.1" 200 27
172.17.0.120 - - [29/Jul/2020:10:12:50 +0800] "GET /xingrg/check_reg.html?_=1595988768172 HTTP/1.1" 200 22
114.88.161.57 - - [29/Jul/2020:10:12:51 +0800] "GET /xingrg/check_reg.html?_=1595988768180 HTTP/1.1" 200 22
58.40.7.146 - - [29/Jul/2020:10:12:54 +0800] "GET /xingrg/all/function/internal_message.html?_=1595988772253&CODE_STATE=getMsg HTTP/1.1" 200 27
116.230.74.197 - - [29/Jul/2020:10:12:56 +0800] "GET /xingrg/kc/buy/cgsh_order_operate.html?command=get_materiel&rest_code=00107&code=00101019503&supplier_code=00100337&order_time=2020-07-29 HTTP/1.1" 200 465
116.230.74.197 - - [29/Jul/2020:10:13:03 +0800] "POST /xingrg/kc/buy/cgsh_order_operate.html HTTP/1.1" 200 37
116.230.74.197 - - [29/Jul/2020:10:13:04 +0800] "POST /xingrg/kc/buy/cgsh_order_operate.html HTTP/1.1" 200 2683
116.230.74.197 - - [29/Jul/2020:10:13:05 +0800] "GET /xingrg/all/function/internal_message.html?_=1595988779369&CODE_STATE=getMsg HTTP/1.1" 200 27
114.88.161.57 - - [29/Jul/2020:10:13:05 +0800] "GET /xingrg/all/function/internal_message.html?_=1595988782236&CODE_STATE=getMsg HTTP/1.1" 200 27
116.230.74.197 - - [29/Jul/2020:10:13:05 +0800] "GET /xingrg/kc/print/load_data.html?order_code=212020072912145&kc_code=cgsh&condition= HTTP/1.1" 200 691
114.86.227.226 - - [29/Jul/2020:10:13:06 +0800] "GET /xingrg/all/function/internal_message.html?_=1595988887233&CODE_STATE=getMsg HTTP/1.1" 200 27
222.70.173.120 - - [29/Jul/2020:10:13:07 +0800] "GET /xingrg/all/function/internal_message.html?_=1595988796999&CODE_STATE=getMsg HTTP/1.1" 200 27
116.230.74.197 - - [29/Jul/2020:10:13:12 +0800] "GET /xingrg/kc/buy/cgsh_order_add.html HTTP/1.1" 200 59426
114.88.161.57 - - [29/Jul/2020:10:13:13 +0800] "GET /xingrg/all/function/internal_message.html?_=1595988822706&CODE_STATE=getMsg HTTP/1.1" 200 27
116.230.74.197 - - [29/Jul/2020:10:13:13 +0800] "GET /xingrg/javascript/easyui/themes/default/validatebox.css HTTP/1.1" 404 1104
116.230.74.197 - - [29/Jul/2020:10:13:13 +0800] "POST /xingrg/kc/buy/cgsh_order_operate.html HTTP/1.1" 200 8245
116.230.74.197 - - [29/Jul/2020:10:13:14 +0800] "GET /xingrg/javascript/easyui/themes/default/tree.css HTTP/1.1" 404 1090
116.230.74.197 - - [29/Jul/2020:10:13:15 +0800] "POST /xingrg/all/common/load_tree.html?tree=supplier_tree_json&isDelete=1 HTTP/1.1" 200 49675
222.69.143.3 - - [29/Jul/2020:10:13:15 +0800] "GET /xingrg/all/function/internal_message.html?_=1595988788982&CODE_STATE=getMsg HTTP/1.1" 200 27
172.17.0.100 - - [29/Jul/2020:10:13:16 +0800] "GET /xingrg/all/function/internal_message.html?_=1595988795257&CODE_STATE=getMsg HTTP/1.1" 200 27
172.17.0.100 - - [29/Jul/2020:10:13:16 +0800] "GET /xingrg/check_reg.html?_=1595988795262 HTTP/1.1" 200 22
114.89.80.44 - - [29/Jul/2020:10:13:23 +0800] "GET /xingrg/all/function/internal_message.html?_=1595988922161&CODE_STATE=getMsg HTTP/1.1" 200 27
114.89.80.44 - - [29/Jul/2020:10:13:34 +0800] "GET /xingrg/all/function/internal_message.html?_=1595988810472&CODE_STATE=getMsg HTTP/1.1" 200 27
117.184.7.26 - - [29/Jul/2020:10:13:38 +0800] "GET /xingrg/all/function/internal_message.html?_=1595988811896&CODE_STATE=getMsg HTTP/1.1" 200 27
116.230.74.197 - - [29/Jul/2020:10:13:38 +0800] "GET /xingrg/kc/buy/cgsh_order_operate.html?command=get_materiel&rest_code=00107&code=00101010108&supplier_code=00100336&order_time=2020-07-29 HTTP/1.1" 200 421
180.175.214.200 - - [29/Jul/2020:10:13:46 +0800] "GET /xingrg/all/function/internal_message.html?_=1595989031222&CODE_STATE=getMsg HTTP/1.1" 200 27
172.17.0.120 - - [29/Jul/2020:10:13:50 +0800] "GET /xingrg/all/function/internal_message.html?_=1595988828175&CODE_STATE=getMsg HTTP/1.1" 200 27
58.40.7.146 - - [29/Jul/2020:10:13:54 +0800] "GET /xingrg/check_reg.html?_=1595988832256 HTTP/1.1" 200 22
58.40.7.146 - - [29/Jul/2020:10:13:54 +0800] "GET /xingrg/all/function/internal_message.html?_=1595988832258&CODE_STATE=getMsg HTTP/1.1" 200 27
180.175.214.200 - - [29/Jul/2020:10:14:01 +0800] "GET /xingrg/check_reg.html?_=1595989045726 HTTP/1.1" 200 22
116.230.74.197 - - [29/Jul/2020:10:14:04 +0800] "POST /xingrg/kc/buy/cgsh_order_operate.html HTTP/1.1" 200 37
114.86.227.226 - - [29/Jul/2020:10:14:05 +0800] "GET /xingrg/check_reg.html?_=1595988947234 HTTP/1.1" 200 22
116.230.74.197 - - [29/Jul/2020:10:14:05 +0800] "GET /xingrg/all/function/internal_message.html?_=1595988839346&CODE_STATE=getMsg HTTP/1.1" 200 27
114.86.227.226 - - [29/Jul/2020:10:14:05 +0800] "GET /xingrg/all/function/internal_message.html?_=1595988947234&CODE_STATE=getMsg HTTP/1.1" 200 27
116.230.74.197 - - [29/Jul/2020:10:14:05 +0800] "POST /xingrg/kc/buy/cgsh_order_operate.html HTTP/1.1" 200 2665
114.88.161.57 - - [29/Jul/2020:10:14:05 +0800] "GET /xingrg/all/function/internal_message.html?_=1595988842249&CODE_STATE=getMsg HTTP/1.1" 200 27
116.230.74.197 - - [29/Jul/2020:10:14:06 +0800] "GET /xingrg/check_reg.html?_=1595988840559 HTTP/1.1" 200 22
222.70.173.120 - - [29/Jul/2020:10:14:07 +0800] "GET /xingrg/all/function/internal_message.html?_=1595988857009&CODE_STATE=getMsg HTTP/1.1" 200 27
116.230.74.197 - - [29/Jul/2020:10:14:07 +0800] "GET /xingrg/kc/print/load_data.html?order_code=212020072912146&kc_code=cgsh&condition= HTTP/1.1" 200 678
116.230.74.197 - - [29/Jul/2020:10:14:11 +0800] "GET /xingrg/kc/buy/cgsh_order_add.html HTTP/1.1" 200 59426
116.230.74.197 - - [29/Jul/2020:10:14:11 +0800] "GET /xingrg/javascript/easyui/themes/default/validatebox.css HTTP/1.1" 404 1104
116.230.74.197 - - [29/Jul/2020:10:14:12 +0800] "POST /xingrg/kc/buy/cgsh_order_operate.html HTTP/1.1" 200 8245
114.88.161.57 - - [29/Jul/2020:10:14:13 +0800] "GET /xingrg/all/function/internal_message.html?_=1595988882706&CODE_STATE=getMsg HTTP/1.1" 200 27
116.230.74.197 - - [29/Jul/2020:10:14:14 +0800] "GET /xingrg/javascript/easyui/themes/default/tree.css HTTP/1.1" 404 1090
116.230.74.197 - - [29/Jul/2020:10:14:14 +0800] "POST /xingrg/all/common/load_tree.html?tree=supplier_tree_json&isDelete=1 HTTP/1.1" 200 49675
222.69.143.3 - - [29/Jul/2020:10:14:15 +0800] "GET /xingrg/check_reg.html?_=1595988848981 HTTP/1.1" 200 22
222.69.143.3 - - [29/Jul/2020:10:14:15 +0800] "GET /xingrg/all/function/internal_message.html?_=1595988848982&CODE_STATE=getMsg HTTP/1.1" 200 27
172.17.0.100 - - [29/Jul/2020:10:14:16 +0800] "GET /xingrg/all/function/internal_message.html?_=1595988855290&CODE_STATE=getMsg HTTP/1.1" 200 27
114.89.80.44 - - [29/Jul/2020:10:14:23 +0800] "GET /xingrg/all/function/internal_message.html?_=1595988982179&CODE_STATE=getMsg HTTP/1.1" 200 27
114.89.80.44 - - [29/Jul/2020:10:14:34 +0800] "GET /xingrg/all/function/internal_message.html?_=1595988870478&CODE_STATE=getMsg HTTP/1.1" 200 27
117.184.7.26 - - [29/Jul/2020:10:14:38 +0800] "GET /xingrg/all/function/internal_message.html?_=1595988871882&CODE_STATE=getMsg HTTP/1.1" 200 27
180.175.214.200 - - [29/Jul/2020:10:14:46 +0800] "GET /xingrg/all/function/internal_message.html?_=1595989091226&CODE_STATE=getMsg HTTP/1.1" 200 27
172.17.0.120 - - [29/Jul/2020:10:14:50 +0800] "GET /xingrg/all/function/internal_message.html?_=1595988888178&CODE_STATE=getMsg HTTP/1.1" 200 27
116.230.74.197 - - [29/Jul/2020:10:14:54 +0800] "GET /xingrg/kc/buy/cgsh_order_operate.html?command=get_materiel&rest_code=00107&code=00101008328&supplier_code=00100338&order_time=2020-07-29 HTTP/1.1" 200 410
58.40.7.146 - - [29/Jul/2020:10:14:54 +0800] "GET /xingrg/all/function/internal_message.html?_=1595988892261&CODE_STATE=getMsg HTTP/1.1" 200 27
114.86.227.226 - - [29/Jul/2020:10:15:04 +0800] "GET /xingrg/all/function/internal_message.html?_=1595989007234&CODE_STATE=getMsg HTTP/1.1" 200 27
116.230.74.197 - - [29/Jul/2020:10:15:05 +0800] "GET /xingrg/all/function/internal_message.html?_=1595988899333&CODE_STATE=getMsg HTTP/1.1" 200 27
114.88.161.57 - - [29/Jul/2020:10:15:05 +0800] "GET /xingrg/all/function/internal_message.html?_=1595988902264&CODE_STATE=getMsg HTTP/1.1" 200 27
222.70.173.120 - - [29/Jul/2020:10:15:07 +0800] "GET /xingrg/all/function/internal_message.html?_=1595988917392&CODE_STATE=getMsg HTTP/1.1" 200 27
114.88.161.57 - - [29/Jul/2020:10:15:13 +0800] "GET /xingrg/all/function/internal_message.html?_=1595988942700&CODE_STATE=getMsg HTTP/1.1" 200 27
222.69.143.3 - - [29/Jul/2020:10:15:15 +0800] "GET /xingrg/all/function/internal_message.html?_=1595988908983&CODE_STATE=getMsg HTTP/1.1" 200 27
172.17.0.100 - - [29/Jul/2020:10:15:16 +0800] "GET /xingrg/all/function/internal_message.html?_=1595988915289&CODE_STATE=getMsg HTTP/1.1" 200 27
114.89.80.44 - - [29/Jul/2020:10:15:23 +0800] "GET /xingrg/all/function/internal_message.html?_=1595989042189&CODE_STATE=getMsg HTTP/1.1" 200 27
114.89.80.44 - - [29/Jul/2020:10:15:34 +0800] "GET /xingrg/all/function/internal_message.html?_=1595988930473&CODE_STATE=getMsg HTTP/1.1" 200 27
117.184.7.26 - - [29/Jul/2020:10:15:38 +0800] "GET /xingrg/all/function/internal_message.html?_=1595988931866&CODE_STATE=getMsg HTTP/1.1" 200 27
117.184.7.26 - - [29/Jul/2020:10:15:38 +0800] "GET /xingrg/check_reg.html?_=1595988932329 HTTP/1.1" 200 22
180.175.214.200 - - [29/Jul/2020:10:15:47 +0800] "GET /xingrg/all/function/internal_message.html?_=1595989151907&CODE_STATE=getMsg HTTP/1.1" 200 27
172.17.0.120 - - [29/Jul/2020:10:15:50 +0800] "GET /xingrg/all/function/internal_message.html?_=1595988948165&CODE_STATE=getMsg HTTP/1.1" 200 27
58.40.7.146 - - [29/Jul/2020:10:15:54 +0800] "GET /xingrg/all/function/internal_message.html?_=1595988952263&CODE_STATE=getMsg HTTP/1.1" 200 27
61.172.5.115 - - [29/Jul/2020:10:15:59 +0800] "GET /xingrg/kc/buy/cgsh_order_add.html HTTP/1.1" 200 59379
61.172.5.115 - - [29/Jul/2020:10:15:59 +0800] "POST /xingrg/kc/buy/cgsh_order_operate.html HTTP/1.1" 200 8245
61.172.5.115 - - [29/Jul/2020:10:15:59 +0800] "GET /xingrg/javascript/easyui/themes/default/validatebox.css HTTP/1.1" 404 1104
116.230.74.197 - - [29/Jul/2020:10:16:02 +0800] "POST /xingrg/kc/buy/cgsh_order_operate.html HTTP/1.1" 200 37
116.230.74.197 - - [29/Jul/2020:10:16:03 +0800] "POST /xingrg/kc/buy/cgsh_order_operate.html HTTP/1.1" 200 2654
114.86.227.226 - - [29/Jul/2020:10:16:03 +0800] "GET /xingrg/all/function/internal_message.html?_=1595989067234&CODE_STATE=getMsg HTTP/1.1" 200 27
116.230.74.197 - - [29/Jul/2020:10:16:05 +0800] "GET /xingrg/all/function/internal_message.html?_=1595988959311&CODE_STATE=getMsg HTTP/1.1" 200 27
114.88.161.57 - - [29/Jul/2020:10:16:06 +0800] "GET /xingrg/all/function/internal_message.html?_=1595988962278&CODE_STATE=getMsg HTTP/1.1" 200 27
222.70.173.120 - - [29/Jul/2020:10:16:07 +0800] "GET /xingrg/all/function/internal_message.html?_=1595988977396&CODE_STATE=getMsg HTTP/1.1" 200 27
116.230.74.197 - - [29/Jul/2020:10:16:08 +0800] "GET /xingrg/kc/print/load_data.html?order_code=212020072912147&kc_code=cgsh&condition= HTTP/1.1" 200 667
116.230.74.197 - - [29/Jul/2020:10:16:12 +0800] "GET /xingrg/kc/buy/cgsh_order_add.html HTTP/1.1" 200 59426
116.230.74.197 - - [29/Jul/2020:10:16:13 +0800] "GET /xingrg/words/20200728173406_words.js HTTP/1.1" 304 -
114.88.161.57 - - [29/Jul/2020:10:16:13 +0800] "GET /xingrg/all/function/internal_message.html?_=1595989002694&CODE_STATE=getMsg HTTP/1.1" 200 27
116.230.74.197 - - [29/Jul/2020:10:16:13 +0800] "GET /xingrg/javascript/easyui/themes/default/validatebox.css HTTP/1.1" 404 1104
116.230.74.197 - - [29/Jul/2020:10:16:13 +0800] "POST /xingrg/kc/buy/cgsh_order_operate.html HTTP/1.1" 200 8245
116.230.74.197 - - [29/Jul/2020:10:16:14 +0800] "GET /xingrg/javascript/easyui/themes/default/tree.css HTTP/1.1" 404 1090
116.230.74.197 - - [29/Jul/2020:10:16:14 +0800] "POST /xingrg/all/common/load_tree.html?tree=supplier_tree_json&isDelete=1 HTTP/1.1" 200 49675
222.69.143.3 - - [29/Jul/2020:10:16:15 +0800] "GET /xingrg/all/function/internal_message.html?_=1595988968983&CODE_STATE=getMsg HTTP/1.1" 200 27
172.17.0.100 - - [29/Jul/2020:10:16:16 +0800] "GET /xingrg/all/function/internal_message.html?_=1595988975289&CODE_STATE=getMsg HTTP/1.1" 200 27
114.89.80.44 - - [29/Jul/2020:10:16:23 +0800] "GET /xingrg/check_reg.html?_=1595989101956 HTTP/1.1" 200 22
114.89.80.44 - - [29/Jul/2020:10:16:23 +0800] "GET /xingrg/all/function/internal_message.html?_=1595989102203&CODE_STATE=getMsg HTTP/1.1" 200 27
61.172.5.115 - - [29/Jul/2020:10:16:24 +0800] "GET /xingrg/kc/buy/cgsh_order_operate.html?command=get_materiel&rest_code=00105&code=00101003003&supplier_code=00100093&order_time=2020-07-29 HTTP/1.1" 200 416
101.93.221.5 - - [29/Jul/2020:10:16:26 +0800] "POST /xingrg/services/DataTransmitService HTTP/1.1" 200 524
101.93.221.5 - - [29/Jul/2020:10:16:27 +0800] "POST /xingrg/services/DataTransmitService HTTP/1.1" 200 501
101.93.221.5 - - [29/Jul/2020:10:16:27 +0800] "POST /xingrg/services/DataTransmitService HTTP/1.1" 200 501
114.88.161.57 - - [29/Jul/2020:10:16:28 +0800] "GET /xingrg/javascript/jquery_easy_ui/themes/default/images/tabs_active.png HTTP/1.1" 304 -
101.93.221.5 - - [29/Jul/2020:10:16:29 +0800] "POST /xingrg/services/DataTransmitService HTTP/1.1" 200 501
101.93.221.5 - - [29/Jul/2020:10:16:30 +0800] "POST /xingrg/services/DataTransmitService HTTP/1.1" 200 501
101.93.221.5 - - [29/Jul/2020:10:16:30 +0800] "POST /xingrg/services/DataTransmitService HTTP/1.1" 200 501
101.93.221.5 - - [29/Jul/2020:10:16:30 +0800] "POST /xingrg/services/DataTransmitService HTTP/1.1" 200 501
101.93.221.5 - - [29/Jul/2020:10:16:30 +0800] "POST /xingrg/services/DataTransmitService HTTP/1.1" 200 501
101.93.221.5 - - [29/Jul/2020:10:16:31 +0800] "POST /xingrg/services/DataTransmitService HTTP/1.1" 200 501
101.93.221.5 - - [29/Jul/2020:10:16:31 +0800] "POST /xingrg/services/DataTransmitService HTTP/1.1" 200 501
101.93.221.5 - - [29/Jul/2020:10:16:31 +0800] "POST /xingrg/services/DataTransmitService HTTP/1.1" 200 501
101.93.221.5 - - [29/Jul/2020:10:16:33 +0800] "POST /xingrg/services/DataTransmitService HTTP/1.1" 200 412
114.89.80.44 - - [29/Jul/2020:10:16:34 +0800] "GET /xingrg/all/function/internal_message.html?_=1595988990498&CODE_STATE=getMsg HTTP/1.1" 200 27
114.89.80.44 - - [29/Jul/2020:10:16:34 +0800] "GET /xingrg/check_reg.html?_=1595988990502 HTTP/1.1" 200 22
117.184.7.26 - - [29/Jul/2020:10:16:38 +0800] "GET /xingrg/all/function/internal_message.html?_=1595988991850&CODE_STATE=getMsg HTTP/1.1" 200 27
180.175.214.200 - - [29/Jul/2020:10:16:47 +0800] "GET /xingrg/all/function/internal_message.html?_=1595989211909&CODE_STATE=getMsg HTTP/1.1" 200 27
172.17.0.120 - - [29/Jul/2020:10:16:50 +0800] "GET /xingrg/all/function/internal_message.html?_=1595989008169&CODE_STATE=getMsg HTTP/1.1" 200 27
61.172.5.115 - - [29/Jul/2020:10:16:51 +0800] "POST /xingrg/kc/buy/cgsh_order_operate.html HTTP/1.1" 200 37
61.172.5.115 - - [29/Jul/2020:10:16:53 +0800] "POST /xingrg/kc/buy/cgsh_order_operate.html HTTP/1.1" 200 2663
58.40.7.146 - - [29/Jul/2020:10:16:54 +0800] "GET /xingrg/all/function/internal_message.html?_=1595989012265&CODE_STATE=getMsg HTTP/1.1" 200 27
61.172.5.115 - - [29/Jul/2020:10:16:55 +0800] "GET /xingrg/kc/print/load_data.html?order_code=212020072912148&kc_code=cgsh&condition= HTTP/1.1" 200 730
116.230.74.197 - - [29/Jul/2020:10:16:55 +0800] "GET /xingrg/kc/buy/cgsh_order_operate.html?command=get_materiel&rest_code=00107&code=00101008198&supplier_code=00100339&order_time=2020-07-29 HTTP/1.1" 200 413
61.172.5.115 - - [29/Jul/2020:10:16:58 +0800] "GET /xingrg/check_reg.html?_=1595989011599 HTTP/1.1" 200 22
114.86.227.226 - - [29/Jul/2020:10:17:03 +0800] "GET /xingrg/all/function/internal_message.html?_=1595989127229&CODE_STATE=getMsg HTTP/1.1" 200 27
116.230.74.197 - - [29/Jul/2020:10:17:05 +0800] "GET /xingrg/all/function/internal_message.html?_=1595989019292&CODE_STATE=getMsg HTTP/1.1" 200 27
114.88.161.57 - - [29/Jul/2020:10:17:06 +0800] "GET /xingrg/all/function/internal_message.html?_=1595989023193&CODE_STATE=getMsg HTTP/1.1" 200 27
116.230.74.197 - - [29/Jul/2020:10:17:07 +0800] "GET /xingrg/kc/buy/cgsh_order_operate.html?command=get_materiel&rest_code=00107&code=00101008512&supplier_code=00100339&order_time=2020-07-29 HTTP/1.1" 200 399
222.70.173.120 - - [29/Jul/2020:10:17:08 +0800] "GET /xingrg/all/function/internal_message.html?_=1595989037790&CODE_STATE=getMsg HTTP/1.1" 200 27
61.172.5.115 - - [29/Jul/2020:10:17:11 +0800] "GET /xingrg/kc/buy/cgsh_order_add.html HTTP/1.1" 200 59379
61.172.5.115 - - [29/Jul/2020:10:17:11 +0800] "POST /xingrg/kc/buy/cgsh_order_operate.html HTTP/1.1" 200 8245
61.172.5.115 - - [29/Jul/2020:10:17:11 +0800] "GET /xingrg/javascript/easyui/themes/default/validatebox.css HTTP/1.1" 404 1104
222.70.173.120 - - [29/Jul/2020:10:17:13 +0800] "POST /xingrg/services/DataTransmitService HTTP/1.1" 200 524
114.88.161.57 - - [29/Jul/2020:10:17:13 +0800] "GET /xingrg/all/function/internal_message.html?_=1595989062707&CODE_STATE=getMsg HTTP/1.1" 200 27
114.88.161.57 - - [29/Jul/2020:10:17:13 +0800] "GET /xingrg/check_reg.html?_=1595989062709 HTTP/1.1" 200 22
222.70.173.120 - - [29/Jul/2020:10:17:13 +0800] "POST /xingrg/services/DataTransmitService HTTP/1.1" 200 2015
222.70.173.120 - - [29/Jul/2020:10:17:13 +0800] "POST /xingrg/services/DataTransmitService HTTP/1.1" 200 147770
222.69.143.3 - - [29/Jul/2020:10:17:15 +0800] "GET /xingrg/all/function/internal_message.html?_=1595989028982&CODE_STATE=getMsg HTTP/1.1" 200 27
172.17.0.100 - - [29/Jul/2020:10:17:16 +0800] "GET /xingrg/all/function/internal_message.html?_=1595989035288&CODE_STATE=getMsg HTTP/1.1" 200 27
116.230.74.197 - - [29/Jul/2020:10:17:18 +0800] "GET /xingrg/kc/buy/cgsh_order_operate.html?command=get_materiel&rest_code=00107&code=00101008522&supplier_code=00100339&order_time=2020-07-29 HTTP/1.1" 200 400
114.89.80.44 - - [29/Jul/2020:10:17:23 +0800] "GET /xingrg/all/function/internal_message.html?_=1595989162217&CODE_STATE=getMsg HTTP/1.1" 200 27
222.70.173.120 - - [29/Jul/2020:10:17:25 +0800] "GET /xingrg/check_reg.html?_=1595989055115 HTTP/1.1" 200 22
116.230.74.197 - - [29/Jul/2020:10:17:26 +0800] "POST /xingrg/kc/buy/cgsh_order_operate.html HTTP/1.1" 200 37
116.230.74.197 - - [29/Jul/2020:10:17:28 +0800] "POST /xingrg/kc/buy/cgsh_order_operate.html HTTP/1.1" 200 3842
114.88.161.57 - - [29/Jul/2020:10:17:28 +0800] "GET /favicon.ico HTTP/1.1" 404 -
114.88.161.57 - - [29/Jul/2020:10:17:29 +0800] "GET /favicon.ico HTTP/1.1" 404 -
114.88.161.57 - - [29/Jul/2020:10:17:30 +0800] "GET /favicon.ico HTTP/1.1" 404 -
116.230.74.197 - - [29/Jul/2020:10:17:30 +0800] "GET /xingrg/kc/print/load_data.html?order_code=212020072912149&kc_code=cgsh&condition= HTTP/1.1" 200 1125
114.88.161.57 - - [29/Jul/2020:10:17:30 +0800] "GET /favicon.ico HTTP/1.1" 404 -
114.88.161.57 - - [29/Jul/2020:10:17:31 +0800] "GET /favicon.ico HTTP/1.1" 404 -
114.88.161.57 - - [29/Jul/2020:10:17:32 +0800] "GET /favicon.ico HTTP/1.1" 404 -
114.88.161.57 - - [29/Jul/2020:10:17:32 +0800] "GET /favicon.ico HTTP/1.1" 404 -
114.88.161.57 - - [29/Jul/2020:10:17:33 +0800] "GET /favicon.ico HTTP/1.1" 404 -
114.88.161.57 - - [29/Jul/2020:10:17:33 +0800] "GET /favicon.ico HTTP/1.1" 404 -
114.89.80.44 - - [29/Jul/2020:10:17:34 +0800] "GET /xingrg/all/function/internal_message.html?_=1595989050496&CODE_STATE=getMsg HTTP/1.1" 200 27
61.172.5.115 - - [29/Jul/2020:10:17:34 +0800] "GET /xingrg/kc/buy/cgsh_order_operate.html?command=get_materiel&rest_code=00105&code=00101010529&supplier_code=00100340&order_time=2020-07-29 HTTP/1.1" 200 399
114.88.161.57 - - [29/Jul/2020:10:17:34 +0800] "GET /favicon.ico HTTP/1.1" 404 -
116.230.74.197 - - [29/Jul/2020:10:17:34 +0800] "GET /xingrg/kc/buy/cgsh_order_add.html HTTP/1.1" 200 59426
114.88.161.57 - - [29/Jul/2020:10:17:35 +0800] "GET /favicon.ico HTTP/1.1" 404 -
116.230.74.197 - - [29/Jul/2020:10:17:35 +0800] "GET /xingrg/javascript/easyui/themes/default/validatebox.css HTTP/1.1" 404 1104
116.230.74.197 - - [29/Jul/2020:10:17:35 +0800] "POST /xingrg/kc/buy/cgsh_order_operate.html HTTP/1.1" 200 8245
114.88.161.57 - - [29/Jul/2020:10:17:35 +0800] "GET /favicon.ico HTTP/1.1" 404 -
114.88.161.57 - - [29/Jul/2020:10:17:36 +0800] "GET /favicon.ico HTTP/1.1" 404 -
116.230.74.197 - - [29/Jul/2020:10:17:36 +0800] "GET /xingrg/javascript/easyui/themes/default/tree.css HTTP/1.1" 404 1090
116.230.74.197 - - [29/Jul/2020:10:17:36 +0800] "POST /xingrg/all/common/load_tree.html?tree=supplier_tree_json&isDelete=1 HTTP/1.1" 200 49675
114.88.161.57 - - [29/Jul/2020:10:17:36 +0800] "GET /favicon.ico HTTP/1.1" 404 -
114.88.161.57 - - [29/Jul/2020:10:17:37 +0800] "GET /favicon.ico HTTP/1.1" 404 -
114.88.161.57 - - [29/Jul/2020:10:17:38 +0800] "GET /favicon.ico HTTP/1.1" 404 -
117.184.7.26 - - [29/Jul/2020:10:17:38 +0800] "GET /xingrg/all/function/internal_message.html?_=1595989051835&CODE_STATE=getMsg HTTP/1.1" 200 27
114.88.161.57 - - [29/Jul/2020:10:17:38 +0800] "GET /favicon.ico HTTP/1.1" 404 -
114.88.161.57 - - [29/Jul/2020:10:17:39 +0800] "GET /favicon.ico HTTP/1.1" 404 -
114.88.161.57 - - [29/Jul/2020:10:17:40 +0800] "GET /favicon.ico HTTP/1.1" 404 -
114.88.161.57 - - [29/Jul/2020:10:17:40 +0800] "GET /favicon.ico HTTP/1.1" 404 -
114.88.161.57 - - [29/Jul/2020:10:17:41 +0800] "GET /favicon.ico HTTP/1.1" 404 -
114.88.161.57 - - [29/Jul/2020:10:17:41 +0800] "GET /favicon.ico HTTP/1.1" 404 -
114.88.161.57 - - [29/Jul/2020:10:17:42 +0800] "GET /favicon.ico HTTP/1.1" 404 -
114.88.161.57 - - [29/Jul/2020:10:17:43 +0800] "GET /favicon.ico HTTP/1.1" 404 -
114.88.161.57 - - [29/Jul/2020:10:17:43 +0800] "GET /favicon.ico HTTP/1.1" 404 -
114.88.161.57 - - [29/Jul/2020:10:17:44 +0800] "GET /favicon.ico HTTP/1.1" 404 -
114.88.161.57 - - [29/Jul/2020:10:17:44 +0800] "GET /favicon.ico HTTP/1.1" 404 -
114.88.161.57 - - [29/Jul/2020:10:17:45 +0800] "GET /favicon.ico HTTP/1.1" 404 -
61.172.5.115 - - [29/Jul/2020:10:17:46 +0800] "POST /xingrg/kc/buy/cgsh_order_operate.html HTTP/1.1" 200 37
114.88.161.57 - - [29/Jul/2020:10:17:46 +0800] "GET /favicon.ico HTTP/1.1" 404 -
114.88.161.57 - - [29/Jul/2020:10:17:46 +0800] "GET /favicon.ico HTTP/1.1" 404 -
114.88.161.57 - - [29/Jul/2020:10:17:47 +0800] "GET /favicon.ico HTTP/1.1" 404 -
61.172.5.115 - - [29/Jul/2020:10:17:47 +0800] "POST /xingrg/kc/buy/cgsh_order_operate.html HTTP/1.1" 200 2658
114.88.161.57 - - [29/Jul/2020:10:17:48 +0800] "GET /favicon.ico HTTP/1.1" 404 -
180.175.214.200 - - [29/Jul/2020:10:17:48 +0800] "GET /xingrg/all/function/internal_message.html?_=1595989272600&CODE_STATE=getMsg HTTP/1.1" 200 27
114.88.161.57 - - [29/Jul/2020:10:17:48 +0800] "GET /favicon.ico HTTP/1.1" 404 -
114.88.161.57 - - [29/Jul/2020:10:17:49 +0800] "GET /favicon.ico HTTP/1.1" 404 -
61.172.5.115 - - [29/Jul/2020:10:17:49 +0800] "GET /xingrg/kc/print/load_data.html?order_code=212020072912150&kc_code=cgsh&condition= HTTP/1.1" 200 665
114.88.161.57 - - [29/Jul/2020:10:17:49 +0800] "GET /favicon.ico HTTP/1.1" 404 -
114.88.161.57 - - [29/Jul/2020:10:17:50 +0800] "GET /favicon.ico HTTP/1.1" 404 -
172.17.0.120 - - [29/Jul/2020:10:17:50 +0800] "GET /xingrg/all/function/internal_message.html?_=1595989068174&CODE_STATE=getMsg HTTP/1.1" 200 27
172.17.0.120 - - [29/Jul/2020:10:17:50 +0800] "GET /xingrg/check_reg.html?_=1595989068176 HTTP/1.1" 200 22
114.88.161.57 - - [29/Jul/2020:10:17:51 +0800] "GET /favicon.ico HTTP/1.1" 404 -
114.88.161.57 - - [29/Jul/2020:10:17:51 +0800] "GET /favicon.ico HTTP/1.1" 404 -
114.88.161.57 - - [29/Jul/2020:10:17:51 +0800] "GET /xingrg/check_reg.html?_=1595989068187 HTTP/1.1" 200 22
114.88.161.57 - - [29/Jul/2020:10:17:52 +0800] "GET /favicon.ico HTTP/1.1" 404 -
114.88.161.57 - - [29/Jul/2020:10:17:52 +0800] "GET /favicon.ico HTTP/1.1" 404 -
114.88.161.57 - - [29/Jul/2020:10:17:53 +0800] "GET /favicon.ico HTTP/1.1" 404 -
114.88.161.57 - - [29/Jul/2020:10:17:54 +0800] "GET /favicon.ico HTTP/1.1" 404 -
58.40.7.146 - - [29/Jul/2020:10:17:54 +0800] "GET /xingrg/all/function/internal_message.html?_=1595989072258&CODE_STATE=getMsg HTTP/1.1" 200 27
116.230.74.197 - - [29/Jul/2020:10:17:54 +0800] "GET /xingrg/kc/buy/cgsh_order_operate.html?command=get_materiel&rest_code=00107&code=00101008053&supplier_code=00100323&order_time=2020-07-29 HTTP/1.1" 200 413
114.88.161.57 - - [29/Jul/2020:10:17:54 +0800] "GET /favicon.ico HTTP/1.1" 404 -
114.88.161.57 - - [29/Jul/2020:10:17:55 +0800] "GET /favicon.ico HTTP/1.1" 404 -
114.88.161.57 - - [29/Jul/2020:10:17:56 +0800] "GET /favicon.ico HTTP/1.1" 404 -
114.88.161.57 - - [29/Jul/2020:10:17:56 +0800] "GET /favicon.ico HTTP/1.1" 404 -
114.88.161.57 - - [29/Jul/2020:10:17:57 +0800] "GET /favicon.ico HTTP/1.1" 404 -
114.88.161.57 - - [29/Jul/2020:10:17:57 +0800] "GET /favicon.ico HTTP/1.1" 404 -
114.88.161.57 - - [29/Jul/2020:10:17:58 +0800] "GET /favicon.ico HTTP/1.1" 404 -
114.88.161.57 - - [29/Jul/2020:10:17:59 +0800] "GET /favicon.ico HTTP/1.1" 404 -
114.88.161.57 - - [29/Jul/2020:10:17:59 +0800] "GET /favicon.ico HTTP/1.1" 404 -
114.88.161.57 - - [29/Jul/2020:10:18:00 +0800] "GET /favicon.ico HTTP/1.1" 404 -
114.88.161.57 - - [29/Jul/2020:10:18:00 +0800] "GET /favicon.ico HTTP/1.1" 404 -
114.88.161.57 - - [29/Jul/2020:10:18:01 +0800] "GET /favicon.ico HTTP/1.1" 404 -
114.88.161.57 - - [29/Jul/2020:10:18:02 +0800] "GET /favicon.ico HTTP/1.1" 404 -
114.86.227.226 - - [29/Jul/2020:10:18:02 +0800] "GET /xingrg/all/function/internal_message.html?_=1595989187234&CODE_STATE=getMsg HTTP/1.1" 200 27
114.88.161.57 - - [29/Jul/2020:10:18:02 +0800] "GET /favicon.ico HTTP/1.1" 404 -
114.88.161.57 - - [29/Jul/2020:10:18:03 +0800] "GET /favicon.ico HTTP/1.1" 404 -
114.88.161.57 - - [29/Jul/2020:10:18:04 +0800] "GET /favicon.ico HTTP/1.1" 404 -
222.70.173.120 - - [29/Jul/2020:10:18:04 +0800] "POST /xingrg/services/DataTransmitService HTTP/1.1" 200 524
222.70.173.120 - - [29/Jul/2020:10:18:04 +0800] "POST /xingrg/services/DataTransmitService HTTP/1.1" 200 2015
222.70.173.120 - - [29/Jul/2020:10:18:04 +0800] "POST /xingrg/services/DataTransmitService HTTP/1.1" 200 524
222.70.173.120 - - [29/Jul/2020:10:18:04 +0800] "POST /xingrg/services/DataTransmitService HTTP/1.1" 200 2015
114.88.161.57 - - [29/Jul/2020:10:18:04 +0800] "GET /favicon.ico HTTP/1.1" 404 -
114.88.161.57 - - [29/Jul/2020:10:18:05 +0800] "GET /favicon.ico HTTP/1.1" 404 -
116.230.74.197 - - [29/Jul/2020:10:18:05 +0800] "GET /xingrg/all/function/internal_message.html?_=1595989079273&CODE_STATE=getMsg HTTP/1.1" 200 27
114.88.161.57 - - [29/Jul/2020:10:18:05 +0800] "GET /favicon.ico HTTP/1.1" 404 -
222.70.173.120 - - [29/Jul/2020:10:18:06 +0800] "POST /xingrg/services/DataTransmitService HTTP/1.1" 200 524
222.70.173.120 - - [29/Jul/2020:10:18:06 +0800] "POST /xingrg/services/DataTransmitService HTTP/1.1" 200 2015
222.70.173.120 - - [29/Jul/2020:10:18:06 +0800] "POST /xingrg/services/DataTransmitService HTTP/1.1" 200 524
222.70.173.120 - - [29/Jul/2020:10:18:06 +0800] "POST /xingrg/services/DataTransmitService HTTP/1.1" 200 2015
114.88.161.57 - - [29/Jul/2020:10:18:06 +0800] "GET /favicon.ico HTTP/1.1" 404 -
114.88.161.57 - - [29/Jul/2020:10:18:06 +0800] "GET /xingrg/all/function/internal_message.html?_=1595989083193&CODE_STATE=getMsg HTTP/1.1" 200 27
114.88.161.57 - - [29/Jul/2020:10:18:07 +0800] "GET /favicon.ico HTTP/1.1" 404 -
114.88.161.57 - - [29/Jul/2020:10:18:07 +0800] "GET /favicon.ico HTTP/1.1" 404 -
222.70.173.120 - - [29/Jul/2020:10:18:08 +0800] "GET /xingrg/all/function/internal_message.html?_=1595989097797&CODE_STATE=getMsg HTTP/1.1" 200 27
114.88.161.57 - - [29/Jul/2020:10:18:08 +0800] "GET /favicon.ico HTTP/1.1" 404 -
222.70.173.120 - - [29/Jul/2020:10:18:09 +0800] "POST /xingrg/services/DataTransmitService HTTP/1.1" 200 524
114.88.161.57 - - [29/Jul/2020:10:18:09 +0800] "GET /favicon.ico HTTP/1.1" 404 -
222.70.173.120 - - [29/Jul/2020:10:18:09 +0800] "POST /xingrg/services/DataTransmitService HTTP/1.1" 200 2015
222.70.173.120 - - [29/Jul/2020:10:18:09 +0800] "POST /xingrg/services/DataTransmitService HTTP/1.1" 200 524
222.70.173.120 - - [29/Jul/2020:10:18:09 +0800] "POST /xingrg/services/DataTransmitService HTTP/1.1" 200 2015
114.88.161.57 - - [29/Jul/2020:10:18:09 +0800] "GET /favicon.ico HTTP/1.1" 404 -
61.172.5.115 - - [29/Jul/2020:10:18:09 +0800] "GET /xingrg/kc/buy/cgsh_order_add.html HTTP/1.1" 200 59379
61.172.5.115 - - [29/Jul/2020:10:18:10 +0800] "POST /xingrg/kc/buy/cgsh_order_operate.html HTTP/1.1" 200 8245
114.88.161.57 - - [29/Jul/2020:10:18:10 +0800] "GET /favicon.ico HTTP/1.1" 404 -
61.172.5.115 - - [29/Jul/2020:10:18:10 +0800] "GET /xingrg/javascript/easyui/themes/default/validatebox.css HTTP/1.1" 404 1104
114.88.161.57 - - [29/Jul/2020:10:18:10 +0800] "GET /favicon.ico HTTP/1.1" 404 -
114.88.161.57 - - [29/Jul/2020:10:18:11 +0800] "GET /favicon.ico HTTP/1.1" 404 -
116.230.74.197 - - [29/Jul/2020:10:18:11 +0800] "GET /xingrg/kc/buy/cgsh_order_operate.html?command=get_materiel&rest_code=00107&code=00101010080&supplier_code=00100323&order_time=2020-07-29 HTTP/1.1" 200 420
114.88.161.57 - - [29/Jul/2020:10:18:12 +0800] "GET /favicon.ico HTTP/1.1" 404 -
114.88.161.57 - - [29/Jul/2020:10:18:12 +0800] "GET /favicon.ico HTTP/1.1" 404 -
114.88.161.57 - - [29/Jul/2020:10:18:13 +0800] "GET /favicon.ico HTTP/1.1" 404 -
114.88.161.57 - - [29/Jul/2020:10:18:13 +0800] "GET /xingrg/all/function/internal_message.html?_=1595989122705&CODE_STATE=getMsg HTTP/1.1" 200 27
114.88.161.57 - - [29/Jul/2020:10:18:14 +0800] "GET /favicon.ico HTTP/1.1" 404 -
114.88.161.57 - - [29/Jul/2020:10:18:14 +0800] "GET /favicon.ico HTTP/1.1" 404 -
114.88.161.57 - - [29/Jul/2020:10:18:15 +0800] "GET /favicon.ico HTTP/1.1" 404 -
114.88.161.57 - - [29/Jul/2020:10:18:15 +0800] "GET /favicon.ico HTTP/1.1" 404 -
222.69.143.3 - - [29/Jul/2020:10:18:15 +0800] "GET /xingrg/all/function/internal_message.html?_=1595989088987&CODE_STATE=getMsg HTTP/1.1" 200 27
172.17.0.100 - - [29/Jul/2020:10:18:16 +0800] "GET /xingrg/all/function/internal_message.html?_=1595989095289&CODE_STATE=getMsg HTTP/1.1" 200 27
172.17.0.100 - - [29/Jul/2020:10:18:16 +0800] "GET /xingrg/check_reg.html?_=1595989095291 HTTP/1.1" 200 22
114.88.161.57 - - [29/Jul/2020:10:18:16 +0800] "GET /favicon.ico HTTP/1.1" 404 -
114.88.161.57 - - [29/Jul/2020:10:18:17 +0800] "GET /favicon.ico HTTP/1.1" 404 -
114.88.161.57 - - [29/Jul/2020:10:18:17 +0800] "GET /favicon.ico HTTP/1.1" 404 -
114.88.161.57 - - [29/Jul/2020:10:18:18 +0800] "GET /favicon.ico HTTP/1.1" 404 -
114.88.161.57 - - [29/Jul/2020:10:18:18 +0800] "GET /favicon.ico HTTP/1.1" 404 -
114.88.161.57 - - [29/Jul/2020:10:18:19 +0800] "GET /favicon.ico HTTP/1.1" 404 -
114.88.161.57 - - [29/Jul/2020:10:18:20 +0800] "GET /favicon.ico HTTP/1.1" 404 -
114.88.161.57 - - [29/Jul/2020:10:18:20 +0800] "GET /favicon.ico HTTP/1.1" 404 -
114.88.161.57 - - [29/Jul/2020:10:18:21 +0800] "GET /favicon.ico HTTP/1.1" 404 -
116.230.74.197 - - [29/Jul/2020:10:18:21 +0800] "POST /xingrg/kc/buy/cgsh_order_operate.html HTTP/1.1" 200 37
114.88.161.57 - - [29/Jul/2020:10:18:22 +0800] "GET /favicon.ico HTTP/1.1" 404 -
114.88.161.57 - - [29/Jul/2020:10:18:22 +0800] "GET /favicon.ico HTTP/1.1" 404 -
114.88.161.57 - - [29/Jul/2020:10:18:23 +0800] "GET /favicon.ico HTTP/1.1" 404 -
