58.40.7.146 - - [29/Jul/2020:09:29:54 +0800] "GET /xingrg/all/function/internal_message.html?_=1595986192216&CODE_STATE=getMsg HTTP/1.1" 200 27
180.175.214.200 - - [29/Jul/2020:09:29:54 +0800] "GET /xingrg/kc/buy/cgsh_order_operate.html?command=get_materiel&rest_code=00102&code=00101006065&supplier_code=00100011&order_time=2020-07-29 HTTP/1.1" 200 409
114.86.227.226 - - [29/Jul/2020:09:29:57 +0800] "GET /xingrg/kc/buy/cgsh_order_operate.html?command=get_materiel&rest_code=00109&code=00101008361&supplier_code=00100005&order_time=2020-07-29 HTTP/1.1" 200 408
222.69.143.3 - - [29/Jul/2020:09:29:57 +0800] "GET /xingrg/kc/buy/cgsh_order_operate.html?command=get_materiel&rest_code=00149&code=00101007059&supplier_code=00100205&order_time=2020-07-29 HTTP/1.1" 200 411
222.70.173.120 - - [29/Jul/2020:09:29:58 +0800] "GET /xingrg/all/function/internal_message.html?_=1595986208144&CODE_STATE=getMsg HTTP/1.1" 200 27
114.88.161.57 - - [29/Jul/2020:09:29:58 +0800] "GET /xingrg/all/function/internal_message.html?_=1595986195438&CODE_STATE=getMsg HTTP/1.1" 200 27
114.86.227.226 - - [29/Jul/2020:09:30:01 +0800] "GET /xingrg/kc/buy/cgsh_order_operate.html?command=get_materiel&rest_code=00109&code=00101008156&supplier_code=00100005&order_time=2020-07-29 HTTP/1.1" 200 414
116.230.74.197 - - [29/Jul/2020:09:30:06 +0800] "GET /xingrg/all/function/internal_message.html?_=1595986200001&CODE_STATE=getMsg HTTP/1.1" 200 27
114.86.227.226 - - [29/Jul/2020:09:30:08 +0800] "GET /xingrg/kc/buy/cgsh_order_operate.html?command=get_materiel&rest_code=00109&code=00101008331&supplier_code=00100005&order_time=2020-07-29 HTTP/1.1" 200 416
114.86.227.226 - - [29/Jul/2020:09:30:10 +0800] "POST /xingrg/kc/buy/cgsh_order_operate.html HTTP/1.1" 200 2065
114.89.80.44 - - [29/Jul/2020:09:30:10 +0800] "GET /xingrg/all/function/internal_message.html?_=1595986329363&CODE_STATE=getMsg HTTP/1.1" 200 27
180.175.214.200 - - [29/Jul/2020:09:30:11 +0800] "GET /xingrg/kc/buy/cgsh_order_operate.html?command=get_materiel&rest_code=00102&code=00101006112&supplier_code=00100011&order_time=2020-07-29 HTTP/1.1" 200 409
114.88.161.57 - - [29/Jul/2020:09:30:13 +0800] "GET /xingrg/all/function/internal_message.html?_=1595986242722&CODE_STATE=getMsg HTTP/1.1" 200 27
114.89.80.44 - - [29/Jul/2020:09:30:14 +0800] "POST /xingrg/kc/buy/cgsh_order_operate.html HTTP/1.1" 200 37
114.86.227.226 - - [29/Jul/2020:09:30:15 +0800] "GET /xingrg/kc/buy/cgsh_order_operate.html?command=get_materiel&rest_code=00109&code=00101008110&supplier_code=00100005&order_time=2020-07-29 HTTP/1.1" 200 408
222.69.143.3 - - [29/Jul/2020:09:30:15 +0800] "GET /xingrg/all/function/internal_message.html?_=1595986208916&CODE_STATE=getMsg HTTP/1.1" 200 27
172.17.0.100 - - [29/Jul/2020:09:30:16 +0800] "GET /xingrg/all/function/internal_message.html?_=1595986215067&CODE_STATE=getMsg HTTP/1.1" 200 27
114.89.80.44 - - [29/Jul/2020:09:30:16 +0800] "GET /xingrg/all/function/internal_message.html?_=1595986212953&CODE_STATE=getMsg HTTP/1.1" 200 27
114.89.80.44 - - [29/Jul/2020:09:30:16 +0800] "GET /xingrg/check_reg.html?_=1595986212956 HTTP/1.1" 200 22
114.89.80.44 - - [29/Jul/2020:09:30:16 +0800] "POST /xingrg/kc/buy/cgsh_order_operate.html HTTP/1.1" 200 12
114.89.80.44 - - [29/Jul/2020:09:30:17 +0800] "GET /xingrg/kc/buy/cgsh_order_info.html?code=212020072912110 HTTP/1.1" 200 54206
114.89.80.44 - - [29/Jul/2020:09:30:17 +0800] "GET /xingrg/javascript/easyui/themes/default/validatebox.css HTTP/1.1" 404 1104
180.175.214.200 - - [29/Jul/2020:09:30:18 +0800] "POST /xingrg/kc/buy/cgsh_order_operate.html HTTP/1.1" 200 37
114.89.80.44 - - [29/Jul/2020:09:30:18 +0800] "POST /xingrg/kc/buy/cgsh_order_operate.html HTTP/1.1" 200 1208
222.70.173.120 - - [29/Jul/2020:09:30:19 +0800] "GET /xingrg/kc/buy/cgsh_order_operate.html?command=get_materiel&rest_code=00146&code=00101008353&supplier_code=00100005&order_time=2020-07-29 HTTP/1.1" 200 408
114.89.80.44 - - [29/Jul/2020:09:30:19 +0800] "GET /xingrg/kc/print/load_config.html?kc_code=cgsh HTTP/1.1" 200 1845
114.89.80.44 - - [29/Jul/2020:09:30:19 +0800] "GET /xingrg/kc/print/load_data.html?order_code=212020072912110&kc_code=cgsh&condition= HTTP/1.1" 200 994
114.86.227.226 - - [29/Jul/2020:09:30:19 +0800] "GET /xingrg/kc/buy/cgsh_order_operate.html?command=get_materiel&rest_code=00109&code=00101008356&supplier_code=00100005&order_time=2020-07-29 HTTP/1.1" 200 408
180.175.214.200 - - [29/Jul/2020:09:30:20 +0800] "POST /xingrg/kc/buy/cgsh_order_operate.html HTTP/1.1" 200 12
222.69.143.3 - - [29/Jul/2020:09:30:24 +0800] "POST /xingrg/kc/buy/cgsh_order_operate.html HTTP/1.1" 200 37
180.175.214.200 - - [29/Jul/2020:09:30:24 +0800] "GET /xingrg/kc/buy/cgsh_order_info.html?code=212020072912111 HTTP/1.1" 200 54192
114.86.227.226 - - [29/Jul/2020:09:30:24 +0800] "GET /xingrg/kc/buy/cgsh_order_operate.html?command=get_materiel&rest_code=00109&code=00101008223&supplier_code=00100005&order_time=2020-07-29 HTTP/1.1" 200 412
180.175.214.200 - - [29/Jul/2020:09:30:25 +0800] "GET /xingrg/javascript/easyui/themes/default/validatebox.css HTTP/1.1" 404 1104
180.175.214.200 - - [29/Jul/2020:09:30:25 +0800] "POST /xingrg/kc/buy/cgsh_order_operate.html HTTP/1.1" 200 3594
114.89.80.44 - - [29/Jul/2020:09:30:26 +0800] "GET /xingrg/kc/buy/cgsh_order_add.html HTTP/1.1" 200 59303
222.69.143.3 - - [29/Jul/2020:09:30:26 +0800] "POST /xingrg/kc/buy/cgsh_order_operate.html HTTP/1.1" 200 12
114.89.80.44 - - [29/Jul/2020:09:30:26 +0800] "POST /xingrg/kc/buy/cgsh_order_operate.html HTTP/1.1" 200 8245
114.89.80.44 - - [29/Jul/2020:09:30:26 +0800] "GET /xingrg/javascript/easyui/themes/default/validatebox.css HTTP/1.1" 404 1104
222.69.143.3 - - [29/Jul/2020:09:30:27 +0800] "GET /xingrg/kc/buy/cgsh_order_info.html?code=212020072912112 HTTP/1.1" 200 54333
222.69.143.3 - - [29/Jul/2020:09:30:27 +0800] "GET /xingrg/javascript/easyui/themes/default/validatebox.css HTTP/1.1" 404 1104
222.69.143.3 - - [29/Jul/2020:09:30:27 +0800] "POST /xingrg/kc/buy/cgsh_order_operate.html HTTP/1.1" 200 6536
222.69.143.3 - - [29/Jul/2020:09:30:29 +0800] "GET /xingrg/kc/print/load_data.html?order_code=212020072912112&kc_code=cgsh&condition= HTTP/1.1" 200 2951
114.86.227.226 - - [29/Jul/2020:09:30:29 +0800] "GET /xingrg/kc/buy/cgsh_order_operate.html?command=get_materiel&rest_code=00109&code=00101008353&supplier_code=00100005&order_time=2020-07-29 HTTP/1.1" 200 408
114.86.227.226 - - [29/Jul/2020:09:30:32 +0800] "GET /xingrg/all/function/internal_message.html?_=1595986290605&CODE_STATE=getMsg HTTP/1.1" 200 27
180.175.214.200 - - [29/Jul/2020:09:30:32 +0800] "GET /xingrg/kc/print/load_data.html?order_code=212020072912111&kc_code=cgsh&condition= HTTP/1.1" 200 1910
114.86.227.226 - - [29/Jul/2020:09:30:34 +0800] "GET /xingrg/kc/buy/cgsh_order_operate.html?command=get_materiel&rest_code=00109&code=00101008095&supplier_code=00100005&order_time=2020-07-29 HTTP/1.1" 200 412
222.70.173.120 - - [29/Jul/2020:09:30:34 +0800] "GET /xingrg/kc/buy/cgsh_order_operate.html?command=get_materiel&rest_code=00146&code=00101008312&supplier_code=00100005&order_time=2020-07-29 HTTP/1.1" 200 412
114.88.161.57 - - [29/Jul/2020:09:30:34 +0800] "POST /xingrg/services/DataTransmitService HTTP/1.1" 200 524
114.88.161.57 - - [29/Jul/2020:09:30:34 +0800] "POST /xingrg/services/DataTransmitService HTTP/1.1" 200 501
114.88.161.57 - - [29/Jul/2020:09:30:34 +0800] "POST /xingrg/services/DataTransmitService HTTP/1.1" 200 501
114.88.161.57 - - [29/Jul/2020:09:30:35 +0800] "POST /xingrg/services/DataTransmitService HTTP/1.1" 200 501
114.88.161.57 - - [29/Jul/2020:09:30:35 +0800] "POST /xingrg/services/DataTransmitService HTTP/1.1" 200 501
114.88.161.57 - - [29/Jul/2020:09:30:36 +0800] "POST /xingrg/services/DataTransmitService HTTP/1.1" 200 501
114.86.227.226 - - [29/Jul/2020:09:30:36 +0800] "POST /xingrg/kc/buy/cgsh_order_operate.html HTTP/1.1" 200 2065
114.88.161.57 - - [29/Jul/2020:09:30:36 +0800] "POST /xingrg/services/DataTransmitService HTTP/1.1" 200 501
114.88.161.57 - - [29/Jul/2020:09:30:36 +0800] "POST /xingrg/services/DataTransmitService HTTP/1.1" 200 501
114.88.161.57 - - [29/Jul/2020:09:30:36 +0800] "POST /xingrg/services/DataTransmitService HTTP/1.1" 200 412
114.86.227.226 - - [29/Jul/2020:09:30:38 +0800] "GET /xingrg/kc/buy/cgsh_order_operate.html?command=get_materiel&rest_code=00109&code=00101008168&supplier_code=00100005&order_time=2020-07-29 HTTP/1.1" 200 413
117.184.7.30 - - [29/Jul/2020:09:30:38 +0800] "GET /xingrg/check_reg.html?_=1595986232248 HTTP/1.1" 200 22
117.184.7.26 - - [29/Jul/2020:09:30:38 +0800] "GET /xingrg/all/function/internal_message.html?_=1595986232262&CODE_STATE=getMsg HTTP/1.1" 200 27
120.253.135.82 - - [29/Jul/2020:09:30:38 +0800] "GET /xingrg/all/function/internal_message.html?_=1595985990082&CODE_STATE=getMsg HTTP/1.1" 200 27
180.175.214.200 - - [29/Jul/2020:09:30:39 +0800] "GET /xingrg/all/function/internal_message.html?_=1595986443484&CODE_STATE=getMsg HTTP/1.1" 200 27
114.88.161.57 - - [29/Jul/2020:09:30:39 +0800] "GET /xingrg/kc/buy/cgsh_order_operate.html?command=get_materiel&rest_code=00111&code=00101008261&supplier_code=00100005&order_time=2020-07-29 HTTP/1.1" 200 408
222.70.173.120 - - [29/Jul/2020:09:30:44 +0800] "GET /xingrg/kc/buy/cgsh_order_operate.html?command=get_materiel&rest_code=00146&code=00101008114&supplier_code=00100005&order_time=2020-07-29 HTTP/1.1" 200 412
222.70.173.120 - - [29/Jul/2020:09:30:47 +0800] "POST /xingrg/kc/buy/cgsh_order_operate.html HTTP/1.1" 200 2065
61.172.5.115 - - [29/Jul/2020:09:30:48 +0800] "GET /xingrg/all/function/internal_message.html?_=1595986241757&CODE_STATE=getMsg HTTP/1.1" 200 27
114.88.161.57 - - [29/Jul/2020:09:30:48 +0800] "GET /xingrg/kc/buy/cgsh_order_operate.html?command=get_materiel&rest_code=00111&code=00101008144&supplier_code=00100005&order_time=2020-07-29 HTTP/1.1" 200 412
114.86.227.226 - - [29/Jul/2020:09:30:49 +0800] "GET /xingrg/kc/buy/cgsh_order_operate.html?command=get_materiel&rest_code=00109&code=00101008165&supplier_code=00100005&order_time=2020-07-29 HTTP/1.1" 200 416
172.17.0.120 - - [29/Jul/2020:09:30:50 +0800] "GET /xingrg/all/function/internal_message.html?_=1595986248165&CODE_STATE=getMsg HTTP/1.1" 200 27
114.86.227.226 - - [29/Jul/2020:09:30:53 +0800] "GET /xingrg/kc/buy/cgsh_order_operate.html?command=get_materiel&rest_code=00109&code=00101020152&supplier_code=00100005&order_time=2020-07-29 HTTP/1.1" 200 416
58.40.7.146 - - [29/Jul/2020:09:30:54 +0800] "GET /xingrg/all/function/internal_message.html?_=1595986252219&CODE_STATE=getMsg HTTP/1.1" 200 27
114.88.161.57 - - [29/Jul/2020:09:30:54 +0800] "GET /xingrg/kc/buy/cgsh_order_operate.html?command=get_materiel&rest_code=00111&code=00101008096&supplier_code=00100005&order_time=2020-07-29 HTTP/1.1" 200 412
114.89.80.44 - - [29/Jul/2020:09:30:56 +0800] "GET /xingrg/kc/buy/cgsh_order_operate.html?command=get_materiel&rest_code=00150&code=00101007061&supplier_code=00100002&order_time=2020-07-29 HTTP/1.1" 200 409
114.86.227.226 - - [29/Jul/2020:09:30:58 +0800] "GET /xingrg/kc/buy/cgsh_order_operate.html?command=get_materiel&rest_code=00109&code=00101008061&supplier_code=00100005&order_time=2020-07-29 HTTP/1.1" 200 422
222.70.173.120 - - [29/Jul/2020:09:30:58 +0800] "GET /xingrg/all/function/internal_message.html?_=1595986268162&CODE_STATE=getMsg HTTP/1.1" 200 27
114.88.161.57 - - [29/Jul/2020:09:30:59 +0800] "GET /xingrg/all/function/internal_message.html?_=1595986255441&CODE_STATE=getMsg HTTP/1.1" 200 27
114.88.161.57 - - [29/Jul/2020:09:31:00 +0800] "GET /xingrg/kc/buy/cgsh_order_operate.html?command=get_materiel&rest_code=00111&code=00101008088&supplier_code=00100005&order_time=2020-07-29 HTTP/1.1" 200 408
222.70.173.120 - - [29/Jul/2020:09:31:00 +0800] "GET /xingrg/kc/buy/cgsh_order_operate.html?command=get_materiel&rest_code=00146&code=00101008112&supplier_code=00100005&order_time=2020-07-29 HTTP/1.1" 200 412
114.86.227.226 - - [29/Jul/2020:09:31:03 +0800] "GET /xingrg/kc/buy/cgsh_order_operate.html?command=get_materiel&rest_code=00109&code=00101015043&supplier_code=00100005&order_time=2020-07-29 HTTP/1.1" 200 413
114.88.161.57 - - [29/Jul/2020:09:31:06 +0800] "GET /xingrg/kc/buy/cgsh_order_operate.html?command=get_materiel&rest_code=00111&code=00101008084&supplier_code=00100005&order_time=2020-07-29 HTTP/1.1" 200 412
116.230.74.197 - - [29/Jul/2020:09:31:06 +0800] "GET /xingrg/all/function/internal_message.html?_=1595986259995&CODE_STATE=getMsg HTTP/1.1" 200 27
114.86.227.226 - - [29/Jul/2020:09:31:06 +0800] "POST /xingrg/kc/buy/cgsh_order_operate.html HTTP/1.1" 200 2065
114.86.227.226 - - [29/Jul/2020:09:31:08 +0800] "GET /xingrg/kc/buy/cgsh_order_operate.html?command=get_materiel&rest_code=00109&code=00101015046&supplier_code=00100005&order_time=2020-07-29 HTTP/1.1" 200 412
114.89.80.44 - - [29/Jul/2020:09:31:11 +0800] "GET /xingrg/all/function/internal_message.html?_=1595986389376&CODE_STATE=getMsg HTTP/1.1" 200 27
114.88.161.57 - - [29/Jul/2020:09:31:11 +0800] "GET /xingrg/kc/buy/cgsh_order_operate.html?command=get_materiel&rest_code=00111&code=00101008361&supplier_code=00100005&order_time=2020-07-29 HTTP/1.1" 200 408
114.88.161.57 - - [29/Jul/2020:09:31:13 +0800] "GET /xingrg/all/function/internal_message.html?_=1595986302741&CODE_STATE=getMsg HTTP/1.1" 200 27
222.70.173.120 - - [29/Jul/2020:09:31:14 +0800] "GET /xingrg/kc/buy/cgsh_order_operate.html?command=get_materiel&rest_code=00146&code=00101015038&supplier_code=00100005&order_time=2020-07-29 HTTP/1.1" 200 418
114.86.227.226 - - [29/Jul/2020:09:31:14 +0800] "GET /xingrg/kc/buy/cgsh_order_operate.html?command=get_materiel&rest_code=00109&code=00101008323&supplier_code=00100005&order_time=2020-07-29 HTTP/1.1" 200 408
222.69.143.3 - - [29/Jul/2020:09:31:15 +0800] "GET /xingrg/all/function/internal_message.html?_=1595986268915&CODE_STATE=getMsg HTTP/1.1" 200 27
172.17.0.100 - - [29/Jul/2020:09:31:16 +0800] "GET /xingrg/all/function/internal_message.html?_=1595986275066&CODE_STATE=getMsg HTTP/1.1" 200 27
114.89.80.44 - - [29/Jul/2020:09:31:16 +0800] "GET /xingrg/all/function/internal_message.html?_=1595986273009&CODE_STATE=getMsg HTTP/1.1" 200 27
114.88.161.57 - - [29/Jul/2020:09:31:16 +0800] "GET /xingrg/kc/buy/cgsh_order_operate.html?command=get_materiel&rest_code=00111&code=00101008358&supplier_code=00100005&order_time=2020-07-29 HTTP/1.1" 200 412
114.89.80.44 - - [29/Jul/2020:09:31:20 +0800] "GET /xingrg/kc/buy/cgsh_order_operate.html?command=get_materiel&rest_code=00150&code=00101007081&supplier_code=00100002&order_time=2020-07-29 HTTP/1.1" 200 413
114.86.227.226 - - [29/Jul/2020:09:31:20 +0800] "GET /xingrg/kc/buy/cgsh_order_operate.html?command=get_materiel&rest_code=00109&code=00101008041&supplier_code=00100005&order_time=2020-07-29 HTTP/1.1" 200 408
222.70.173.120 - - [29/Jul/2020:09:31:24 +0800] "GET /xingrg/kc/buy/cgsh_order_operate.html?command=get_materiel&rest_code=00146&code=00101008102&supplier_code=00100005&order_time=2020-07-29 HTTP/1.1" 200 412
114.86.227.226 - - [29/Jul/2020:09:31:25 +0800] "GET /xingrg/kc/buy/cgsh_order_operate.html?command=get_materiel&rest_code=00109&code=00101008290&supplier_code=00100005&order_time=2020-07-29 HTTP/1.1" 200 416
114.88.161.57 - - [29/Jul/2020:09:31:27 +0800] "GET /xingrg/kc/buy/cgsh_order_operate.html?command=get_materiel&rest_code=00111&code=00101008141&supplier_code=00100005&order_time=2020-07-29 HTTP/1.1" 200 412
114.89.80.44 - - [29/Jul/2020:09:31:28 +0800] "GET /xingrg/kc/buy/cgsh_order_operate.html?command=get_materiel&rest_code=00150&code=00101007023&supplier_code=00100002&order_time=2020-07-29 HTTP/1.1" 200 409
114.86.227.226 - - [29/Jul/2020:09:31:28 +0800] "GET /xingrg/all/function/internal_message.html?_=1595986350599&CODE_STATE=getMsg HTTP/1.1" 200 27
114.86.227.226 - - [29/Jul/2020:09:31:30 +0800] "GET /xingrg/kc/buy/cgsh_order_operate.html?command=get_materiel&rest_code=00109&code=00101008350&supplier_code=00100005&order_time=2020-07-29 HTTP/1.1" 200 408
114.88.161.57 - - [29/Jul/2020:09:31:33 +0800] "GET /xingrg/kc/buy/cgsh_order_operate.html?command=get_materiel&rest_code=00111&code=00101008356&supplier_code=00100005&order_time=2020-07-29 HTTP/1.1" 200 408
114.86.227.226 - - [29/Jul/2020:09:31:34 +0800] "POST /xingrg/kc/buy/cgsh_order_operate.html HTTP/1.1" 200 2065
114.89.80.44 - - [29/Jul/2020:09:31:36 +0800] "GET /xingrg/kc/buy/cgsh_order_operate.html?command=get_materiel&rest_code=00150&code=00101007125&supplier_code=00100002&order_time=2020-07-29 HTTP/1.1" 200 406
222.70.173.120 - - [29/Jul/2020:09:31:37 +0800] "GET /xingrg/kc/buy/cgsh_order_operate.html?command=get_materiel&rest_code=00146&code=00101008284&supplier_code=00100005&order_time=2020-07-29 HTTP/1.1" 200 412
117.184.7.26 - - [29/Jul/2020:09:31:38 +0800] "GET /xingrg/all/function/internal_message.html?_=1595986292247&CODE_STATE=getMsg HTTP/1.1" 200 27
114.86.227.226 - - [29/Jul/2020:09:31:38 +0800] "GET /xingrg/kc/buy/cgsh_order_operate.html?command=get_materiel&rest_code=00109&code=00101008357&supplier_code=00100005&order_time=2020-07-29 HTTP/1.1" 200 408
120.253.135.82 - - [29/Jul/2020:09:31:38 +0800] "GET /xingrg/all/function/internal_message.html?_=1595986050153&CODE_STATE=getMsg HTTP/1.1" 200 27
180.175.214.200 - - [29/Jul/2020:09:31:39 +0800] "GET /xingrg/all/function/internal_message.html?_=1595986503497&CODE_STATE=getMsg HTTP/1.1" 200 27
114.88.161.57 - - [29/Jul/2020:09:31:39 +0800] "GET /xingrg/kc/buy/cgsh_order_operate.html?command=get_materiel&rest_code=00111&code=00101008196&supplier_code=00100005&order_time=2020-07-29 HTTP/1.1" 200 416
114.86.227.226 - - [29/Jul/2020:09:31:43 +0800] "GET /xingrg/kc/buy/cgsh_order_operate.html?command=get_materiel&rest_code=00109&code=00101008261&supplier_code=00100005&order_time=2020-07-29 HTTP/1.1" 200 408
114.88.161.57 - - [29/Jul/2020:09:31:45 +0800] "GET /xingrg/kc/buy/cgsh_order_operate.html?command=get_materiel&rest_code=00111&code=00101008188&supplier_code=00100005&order_time=2020-07-29 HTTP/1.1" 200 412
114.89.80.44 - - [29/Jul/2020:09:31:45 +0800] "GET /xingrg/kc/buy/cgsh_order_operate.html?command=get_materiel&rest_code=00150&code=00101007082&supplier_code=00100002&order_time=2020-07-29 HTTP/1.1" 200 427
61.172.5.115 - - [29/Jul/2020:09:31:48 +0800] "GET /xingrg/all/function/internal_message.html?_=1595986301742&CODE_STATE=getMsg HTTP/1.1" 200 27
61.172.5.115 - - [29/Jul/2020:09:31:48 +0800] "GET /xingrg/check_reg.html?_=1595986302213 HTTP/1.1" 200 22
114.86.227.226 - - [29/Jul/2020:09:31:49 +0800] "GET /xingrg/kc/buy/cgsh_order_operate.html?command=get_materiel&rest_code=00109&code=00101008361&supplier_code=00100005&order_time=2020-07-29 HTTP/1.1" 200 408
222.70.173.120 - - [29/Jul/2020:09:31:49 +0800] "GET /xingrg/kc/buy/cgsh_order_operate.html?command=get_materiel&rest_code=00146&code=00101008090&supplier_code=00100005&order_time=2020-07-29 HTTP/1.1" 200 408
172.17.0.120 - - [29/Jul/2020:09:31:50 +0800] "GET /xingrg/all/function/internal_message.html?_=1595986308169&CODE_STATE=getMsg HTTP/1.1" 200 27
114.88.161.57 - - [29/Jul/2020:09:31:51 +0800] "GET /xingrg/kc/buy/cgsh_order_operate.html?command=get_materiel&rest_code=00111&code=00101008010&supplier_code=00100005&order_time=2020-07-29 HTTP/1.1" 200 412
222.70.173.120 - - [29/Jul/2020:09:31:52 +0800] "POST /xingrg/kc/buy/cgsh_order_operate.html HTTP/1.1" 200 2065
58.40.7.146 - - [29/Jul/2020:09:31:54 +0800] "GET /xingrg/all/function/internal_message.html?_=1595986312221&CODE_STATE=getMsg HTTP/1.1" 200 27
114.88.161.57 - - [29/Jul/2020:09:31:55 +0800] "GET /xingrg/kc/buy/cgsh_order_operate.html?command=get_materiel&rest_code=00111&code=00101008306&supplier_code=00100005&order_time=2020-07-29 HTTP/1.1" 200 412
114.89.80.44 - - [29/Jul/2020:09:31:57 +0800] "GET /xingrg/kc/buy/cgsh_order_operate.html?command=get_materiel&rest_code=00150&code=00101007077&supplier_code=00100002&order_time=2020-07-29 HTTP/1.1" 200 415
222.70.173.120 - - [29/Jul/2020:09:31:58 +0800] "GET /xingrg/all/function/internal_message.html?_=1595986328171&CODE_STATE=getMsg HTTP/1.1" 200 27
114.88.161.57 - - [29/Jul/2020:09:31:59 +0800] "GET /xingrg/all/function/internal_message.html?_=1595986315814&CODE_STATE=getMsg HTTP/1.1" 200 27
114.86.227.226 - - [29/Jul/2020:09:32:01 +0800] "POST /xingrg/kc/buy/cgsh_order_operate.html HTTP/1.1" 200 37
114.86.227.226 - - [29/Jul/2020:09:32:02 +0800] "POST /xingrg/kc/buy/cgsh_order_operate.html HTTP/1.1" 200 43501
114.86.227.226 - - [29/Jul/2020:09:32:03 +0800] "GET /xingrg/kc/print/load_config.html?kc_code=cgsh HTTP/1.1" 200 1845
114.86.227.226 - - [29/Jul/2020:09:32:04 +0800] "GET /xingrg/kc/print/load_data.html?order_code=212020072912109&kc_code=cgsh&condition= HTTP/1.1" 200 16154
114.88.161.57 - - [29/Jul/2020:09:32:04 +0800] "GET /xingrg/kc/buy/cgsh_order_operate.html?command=get_materiel&rest_code=00111&code=00101008036&supplier_code=00100005&order_time=2020-07-29 HTTP/1.1" 200 408
117.184.7.26 - - [29/Jul/2020:09:32:06 +0800] "GET /xingrg/kc/buy/cgsh_order_add.html HTTP/1.1" 200 59344
116.230.74.197 - - [29/Jul/2020:09:32:06 +0800] "GET /xingrg/all/function/internal_message.html?_=1595986319978&CODE_STATE=getMsg HTTP/1.1" 200 27
117.184.7.26 - - [29/Jul/2020:09:32:06 +0800] "POST /xingrg/kc/buy/cgsh_order_operate.html HTTP/1.1" 200 8245
117.184.7.26 - - [29/Jul/2020:09:32:06 +0800] "GET /xingrg/javascript/easyui/themes/default/validatebox.css HTTP/1.1" 404 1104
114.88.161.57 - - [29/Jul/2020:09:32:09 +0800] "GET /xingrg/kc/buy/cgsh_order_operate.html?command=get_materiel&rest_code=00111&code=00101008350&supplier_code=00100005&order_time=2020-07-29 HTTP/1.1" 200 408
114.89.80.44 - - [29/Jul/2020:09:32:10 +0800] "GET /xingrg/check_reg.html?_=1595986448589 HTTP/1.1" 200 22
114.89.80.44 - - [29/Jul/2020:09:32:11 +0800] "GET /xingrg/all/function/internal_message.html?_=1595986449390&CODE_STATE=getMsg HTTP/1.1" 200 27
114.88.161.57 - - [29/Jul/2020:09:32:13 +0800] "GET /xingrg/all/function/internal_message.html?_=1595986362687&CODE_STATE=getMsg HTTP/1.1" 200 27
114.88.161.57 - - [29/Jul/2020:09:32:13 +0800] "GET /xingrg/check_reg.html?_=1595986362689 HTTP/1.1" 200 22
117.184.7.26 - - [29/Jul/2020:09:32:14 +0800] "GET /xingrg/kc/buy/cgsh_order_operate.html?command=get_materiel&rest_code=00108&code=00101011005&supplier_code=00100047&order_time=2020-07-29 HTTP/1.1" 200 429
222.69.143.3 - - [29/Jul/2020:09:32:15 +0800] "GET /xingrg/all/function/internal_message.html?_=1595986328908&CODE_STATE=getMsg HTTP/1.1" 200 27
172.17.0.100 - - [29/Jul/2020:09:32:16 +0800] "GET /xingrg/all/function/internal_message.html?_=1595986335096&CODE_STATE=getMsg HTTP/1.1" 200 27
114.89.80.44 - - [29/Jul/2020:09:32:16 +0800] "GET /xingrg/all/function/internal_message.html?_=1595986332984&CODE_STATE=getMsg HTTP/1.1" 200 27
114.88.161.57 - - [29/Jul/2020:09:32:17 +0800] "GET /xingrg/kc/buy/cgsh_order_operate.html?command=get_materiel&rest_code=00111&code=00101008045&supplier_code=00100005&order_time=2020-07-29 HTTP/1.1" 200 412
117.184.7.26 - - [29/Jul/2020:09:32:19 +0800] "POST /xingrg/kc/buy/cgsh_order_operate.html HTTP/1.1" 200 37
114.89.80.44 - - [29/Jul/2020:09:32:21 +0800] "POST /xingrg/kc/buy/cgsh_order_operate.html HTTP/1.1" 200 37
114.89.80.44 - - [29/Jul/2020:09:32:24 +0800] "POST /xingrg/kc/buy/cgsh_order_operate.html HTTP/1.1" 200 12
114.89.80.44 - - [29/Jul/2020:09:32:25 +0800] "GET /xingrg/kc/buy/cgsh_order_info.html?code=212020072912114 HTTP/1.1" 200 54206
222.70.173.120 - - [29/Jul/2020:09:32:25 +0800] "GET /xingrg/check_reg.html?_=1595986355072 HTTP/1.1" 200 22
114.89.80.44 - - [29/Jul/2020:09:32:25 +0800] "GET /xingrg/javascript/easyui/themes/default/validatebox.css HTTP/1.1" 404 1104
114.89.80.44 - - [29/Jul/2020:09:32:25 +0800] "POST /xingrg/kc/buy/cgsh_order_operate.html HTTP/1.1" 200 2982
114.89.80.44 - - [29/Jul/2020:09:32:27 +0800] "GET /xingrg/kc/print/load_data.html?order_code=212020072912114&kc_code=cgsh&condition= HTTP/1.1" 200 1698
114.88.161.57 - - [29/Jul/2020:09:32:27 +0800] "GET /xingrg/kc/buy/cgsh_order_operate.html?command=get_materiel&rest_code=00111&code=00101008436&supplier_code=00100005&order_time=2020-07-29 HTTP/1.1" 200 398
114.86.227.226 - - [29/Jul/2020:09:32:28 +0800] "GET /xingrg/all/function/internal_message.html?_=1595986412781&CODE_STATE=getMsg HTTP/1.1" 200 27
114.89.80.44 - - [29/Jul/2020:09:32:31 +0800] "GET /xingrg/kc/buy/cgsh_order_add.html HTTP/1.1" 200 59303
114.89.80.44 - - [29/Jul/2020:09:32:31 +0800] "POST /xingrg/kc/buy/cgsh_order_operate.html HTTP/1.1" 200 8245
114.89.80.44 - - [29/Jul/2020:09:32:31 +0800] "GET /xingrg/javascript/easyui/themes/default/validatebox.css HTTP/1.1" 404 1104
222.70.173.120 - - [29/Jul/2020:09:32:33 +0800] "GET /xingrg/kc/buy/cgsh_order_operate.html?command=get_materiel&rest_code=00146&code=00101008168&supplier_code=00100005&order_time=2020-07-29 HTTP/1.1" 200 413
114.88.161.57 - - [29/Jul/2020:09:32:34 +0800] "GET /xingrg/kc/buy/cgsh_order_operate.html?command=get_materiel&rest_code=00111&code=00101008110&supplier_code=00100005&order_time=2020-07-29 HTTP/1.1" 200 408
114.89.80.44 - - [29/Jul/2020:09:32:34 +0800] "POST /xingrg/all/user/operate.html HTTP/1.1" 200 36
114.89.80.44 - - [29/Jul/2020:09:32:34 +0800] "GET /xingrg/index.html?sysBaseUrl=http%3A%2F%2F180.169.147.146%3A18081%2Fxingrg%2F&costTime=41×tamp=1595736778594 HTTP/1.1" 200 17177
114.89.80.44 - - [29/Jul/2020:09:32:34 +0800] "GET /xingrg/javascript/jquery_easy_ui/themes/default/easyui.css HTTP/1.1" 304 -
114.89.80.44 - - [29/Jul/2020:09:32:34 +0800] "GET /xingrg/javascript/jquery_easy_ui/themes/icon.css HTTP/1.1" 304 -
114.89.80.44 - - [29/Jul/2020:09:32:34 +0800] "GET /xingrg/css/form.css HTTP/1.1" 304 -
114.89.80.44 - - [29/Jul/2020:09:32:34 +0800] "GET /xingrg/javascript/jquery-1.4.2.min.js HTTP/1.1" 304 -
114.89.80.44 - - [29/Jul/2020:09:32:34 +0800] "GET /xingrg/javascript/jquery_easy_ui/jquery.easyui.min.js HTTP/1.1" 304 -
114.89.80.44 - - [29/Jul/2020:09:32:34 +0800] "GET /xingrg/javascript/jquery_easy_ui/easyui-lang-zh_CN.js HTTP/1.1" 304 -
114.89.80.44 - - [29/Jul/2020:09:32:34 +0800] "GET /xingrg/javascript/jquery.form.js HTTP/1.1" 304 -
114.89.80.44 - - [29/Jul/2020:09:32:34 +0800] "GET /xingrg/javascript/jquery.utils.js HTTP/1.1" 304 -
114.89.80.44 - - [29/Jul/2020:09:32:34 +0800] "GET /xingrg/javascript/jquery.timers.js HTTP/1.1" 304 -
114.89.80.44 - - [29/Jul/2020:09:32:34 +0800] "GET /xingrg/images/blue/jxLogo.png HTTP/1.1" 304 -
114.89.80.44 - - [29/Jul/2020:09:32:34 +0800] "GET /xingrg/images/blue/navBackgound.jpg HTTP/1.1" 304 -
114.89.80.44 - - [29/Jul/2020:09:32:34 +0800] "GET /xingrg/javascript/jquery_easy_ui/themes/icons/settle_new.png HTTP/1.1" 304 -
114.89.80.44 - - [29/Jul/2020:09:32:34 +0800] "POST /xingrg/all/common/load_tree.html?tree=area_rest_tree_json&manage=1 HTTP/1.1" 200 476
114.89.80.44 - - [29/Jul/2020:09:32:34 +0800] "GET /xingrg/all/function/internal_message.html?_=1595986351008&CODE_STATE=count HTTP/1.1" 200 11
114.89.80.44 - - [29/Jul/2020:09:32:34 +0800] "GET /xingrg/check_reg.html?_=1595986351008 HTTP/1.1" 200 22
114.89.80.44 - - [29/Jul/2020:09:32:34 +0800] "GET /xingrg/images/blue/pingpu.png HTTP/1.1" 304 -
114.89.80.44 - - [29/Jul/2020:09:32:34 +0800] "GET /xingrg/javascript/jquery_easy_ui/themes/default/images/panel_tool_collapse.gif HTTP/1.1" 304 -
114.89.80.44 - - [29/Jul/2020:09:32:34 +0800] "GET /xingrg/javascript/jquery_easy_ui/themes/default/images/tabs_rightarrow.png HTTP/1.1" 304 -
114.89.80.44 - - [29/Jul/2020:09:32:34 +0800] "GET /xingrg/javascript/jquery_easy_ui/themes/default/images/tabs_leftarrow.png HTTP/1.1" 304 -
114.89.80.44 - - [29/Jul/2020:09:32:34 +0800] "POST /xingrg/load_menu.html HTTP/1.1" 200 5138
114.86.227.226 - - [29/Jul/2020:09:32:35 +0800] "GET /xingrg/kc/buy/cgsh_order_add.html HTTP/1.1" 200 59420
114.86.227.226 - - [29/Jul/2020:09:32:35 +0800] "POST /xingrg/kc/buy/cgsh_order_operate.html HTTP/1.1" 200 8245
114.86.227.226 - - [29/Jul/2020:09:32:35 +0800] "GET /xingrg/all/common/auto_word.html?type=employee&rest_code=00109 HTTP/1.1" 200 255
114.86.227.226 - - [29/Jul/2020:09:32:35 +0800] "GET /xingrg/all/common/auto_word.html?type=employee&rest_code=00109 HTTP/1.1" 200 255
114.86.227.226 - - [29/Jul/2020:09:32:35 +0800] "GET /xingrg/javascript/easyui/themes/default/validatebox.css HTTP/1.1" 404 1104
114.89.80.44 - - [29/Jul/2020:09:32:38 +0800] "GET /xingrg/kc/buy/cgsh_order_list.html HTTP/1.1" 200 43645
120.253.135.82 - - [29/Jul/2020:09:32:38 +0800] "GET /xingrg/all/function/internal_message.html?_=1595986110156&CODE_STATE=getMsg HTTP/1.1" 200 27
180.175.214.200 - - [29/Jul/2020:09:32:39 +0800] "GET /xingrg/all/function/internal_message.html?_=1595986563635&CODE_STATE=getMsg HTTP/1.1" 200 27
114.89.80.44 - - [29/Jul/2020:09:32:39 +0800] "POST /xingrg/kc/buy/cgsh_list_operate.html HTTP/1.1" 200 1708
114.89.80.44 - - [29/Jul/2020:09:32:39 +0800] "GET /xingrg/kc/buy/cgsh_order_add.html HTTP/1.1" 200 59021
114.89.80.44 - - [29/Jul/2020:09:32:40 +0800] "GET /xingrg/all/common/auto_word.html?type=employee&rest_code=00151 HTTP/1.1" 200 243
114.89.80.44 - - [29/Jul/2020:09:32:40 +0800] "GET /xingrg/all/common/auto_word.html?type=employee&rest_code=00151 HTTP/1.1" 200 243
114.89.80.44 - - [29/Jul/2020:09:32:40 +0800] "GET /xingrg/javascript/easyui/themes/default/validatebox.css HTTP/1.1" 404 1104
114.89.80.44 - - [29/Jul/2020:09:32:40 +0800] "POST /xingrg/kc/buy/cgsh_order_operate.html HTTP/1.1" 200 8245
114.89.80.44 - - [29/Jul/2020:09:32:41 +0800] "GET /xingrg/javascript/auto/indicator.gif HTTP/1.1" 404 1066
117.184.7.26 - - [29/Jul/2020:09:32:42 +0800] "POST /xingrg/kc/buy/cgsh_order_operate.html HTTP/1.1" 200 2656
222.70.173.120 - - [29/Jul/2020:09:32:42 +0800] "GET /xingrg/kc/buy/cgsh_order_operate.html?command=get_materiel&rest_code=00146&code=00101008223&supplier_code=00100005&order_time=2020-07-29 HTTP/1.1" 200 412
117.184.7.26 - - [29/Jul/2020:09:32:46 +0800] "GET /xingrg/kc/print/load_data.html?order_code=212020072912113&kc_code=cgsh&condition= HTTP/1.1" 200 718
114.89.80.44 - - [29/Jul/2020:09:32:47 +0800] "GET /xingrg/kc/buy/cgsh_order_operate.html?command=get_materiel&rest_code=00151&code=00101007090&supplier_code=00100002&order_time=2020-07-29 HTTP/1.1" 200 413
222.70.173.120 - - [29/Jul/2020:09:32:47 +0800] "POST /xingrg/kc/buy/cgsh_order_operate.html HTTP/1.1" 200 2065
114.88.161.57 - - [29/Jul/2020:09:32:50 +0800] "POST /xingrg/kc/buy/cgsh_order_operate.html HTTP/1.1" 200 2065
172.17.0.120 - - [29/Jul/2020:09:32:50 +0800] "GET /xingrg/check_reg.html?_=1595986368175 HTTP/1.1" 200 22
172.17.0.120 - - [29/Jul/2020:09:32:50 +0800] "GET /xingrg/all/function/internal_message.html?_=1595986368179&CODE_STATE=getMsg HTTP/1.1" 200 27
114.88.161.57 - - [29/Jul/2020:09:32:51 +0800] "GET /xingrg/check_reg.html?_=1595986368090 HTTP/1.1" 200 22
117.184.7.26 - - [29/Jul/2020:09:32:53 +0800] "GET /xingrg/kc/buy/cgsh_order_add.html HTTP/1.1" 200 59344
117.184.7.26 - - [29/Jul/2020:09:32:54 +0800] "POST /xingrg/kc/buy/cgsh_order_operate.html HTTP/1.1" 200 8245
58.40.7.146 - - [29/Jul/2020:09:32:54 +0800] "GET /xingrg/all/function/internal_message.html?_=1595986372225&CODE_STATE=getMsg HTTP/1.1" 200 27
117.184.7.26 - - [29/Jul/2020:09:32:54 +0800] "GET /xingrg/javascript/easyui/themes/default/validatebox.css HTTP/1.1" 404 1104
114.86.227.226 - - [29/Jul/2020:09:32:54 +0800] "GET /xingrg/javascript/jquery_tools/images/prev.gif HTTP/1.1" 404 1086
114.86.227.226 - - [29/Jul/2020:09:32:54 +0800] "GET /xingrg/javascript/jquery_tools/images/next.gif HTTP/1.1" 404 1086
114.88.161.57 - - [29/Jul/2020:09:32:55 +0800] "GET /xingrg/kc/buy/cgsh_order_operate.html?command=get_materiel&rest_code=00111&code=00101008038&supplier_code=00100005&order_time=2020-07-29 HTTP/1.1" 200 412
222.70.173.120 - - [29/Jul/2020:09:32:58 +0800] "GET /xingrg/all/function/internal_message.html?_=1595986388184&CODE_STATE=getMsg HTTP/1.1" 200 27
114.88.161.57 - - [29/Jul/2020:09:32:59 +0800] "GET /xingrg/all/function/internal_message.html?_=1595986375827&CODE_STATE=getMsg HTTP/1.1" 200 27
114.89.80.44 - - [29/Jul/2020:09:33:00 +0800] "GET /xingrg/kc/buy/cgsh_order_operate.html?command=get_materiel&rest_code=00151&code=00101007022&supplier_code=00100002&order_time=2020-07-29 HTTP/1.1" 200 413
114.86.227.226 - - [29/Jul/2020:09:33:02 +0800] "GET /xingrg/kc/buy/cgsh_order_operate.html?command=get_materiel&rest_code=00109&code=00101007048&supplier_code=00100004&order_time=2020-07-29 HTTP/1.1" 200 410
117.184.7.26 - - [29/Jul/2020:09:33:02 +0800] "GET /xingrg/kc/buy/cgsh_order_operate.html?command=get_materiel&rest_code=00108&code=00101008256&supplier_code=00100008&order_time=2020-07-29 HTTP/1.1" 200 412
116.230.74.197 - - [29/Jul/2020:09:33:06 +0800] "GET /xingrg/all/function/internal_message.html?_=1595986379958&CODE_STATE=getMsg HTTP/1.1" 200 27
114.88.161.57 - - [29/Jul/2020:09:33:06 +0800] "GET /xingrg/kc/buy/cgsh_order_operate.html?command=get_materiel&rest_code=00111&code=00101008148&supplier_code=00100005&order_time=2020-07-29 HTTP/1.1" 200 416
222.70.173.120 - - [29/Jul/2020:09:33:10 +0800] "GET /xingrg/kc/buy/cgsh_order_operate.html?command=get_materiel&rest_code=00146&code=00101008061&supplier_code=00100005&order_time=2020-07-29 HTTP/1.1" 200 422
117.184.7.26 - - [29/Jul/2020:09:33:10 +0800] "GET /xingrg/kc/buy/cgsh_order_operate.html?command=get_materiel&rest_code=00108&code=00101008185&supplier_code=00100008&order_time=2020-07-29 HTTP/1.1" 200 408
114.89.80.44 - - [29/Jul/2020:09:33:11 +0800] "GET /xingrg/all/function/internal_message.html?_=1595986509404&CODE_STATE=getMsg HTTP/1.1" 200 27
114.88.161.57 - - [29/Jul/2020:09:33:12 +0800] "GET /xingrg/kc/buy/cgsh_order_operate.html?command=get_materiel&rest_code=00111&code=00101008004&supplier_code=00100005&order_time=2020-07-29 HTTP/1.1" 200 416
114.88.161.57 - - [29/Jul/2020:09:33:13 +0800] "GET /xingrg/all/function/internal_message.html?_=1595986422696&CODE_STATE=getMsg HTTP/1.1" 200 27
222.69.143.3 - - [29/Jul/2020:09:33:15 +0800] "GET /xingrg/all/function/internal_message.html?_=1595986388908&CODE_STATE=getMsg HTTP/1.1" 200 27
172.17.0.100 - - [29/Jul/2020:09:33:16 +0800] "GET /xingrg/check_reg.html?_=1595986395096 HTTP/1.1" 200 22
172.17.0.100 - - [29/Jul/2020:09:33:16 +0800] "GET /xingrg/all/function/internal_message.html?_=1595986395098&CODE_STATE=getMsg HTTP/1.1" 200 27
114.88.161.57 - - [29/Jul/2020:09:33:17 +0800] "GET /xingrg/kc/buy/cgsh_order_operate.html?command=get_materiel&rest_code=00111&code=00101008264&supplier_code=00100005&order_time=2020-07-29 HTTP/1.1" 200 412
114.89.80.44 - - [29/Jul/2020:09:33:18 +0800] "POST /xingrg/kc/buy/cgsh_order_operate.html HTTP/1.1" 200 37
117.184.7.26 - - [29/Jul/2020:09:33:19 +0800] "GET /xingrg/kc/buy/cgsh_order_operate.html?command=get_materiel&rest_code=00108&code=00101008354&supplier_code=00100008&order_time=2020-07-29 HTTP/1.1" 200 412
114.88.161.57 - - [29/Jul/2020:09:33:20 +0800] "POST /xingrg/kc/buy/cgsh_order_operate.html HTTP/1.1" 200 2065
117.184.7.26 - - [29/Jul/2020:09:33:25 +0800] "GET /xingrg/kc/buy/cgsh_order_operate.html?command=get_materiel&rest_code=00108&code=00101008010&supplier_code=00100008&order_time=2020-07-29 HTTP/1.1" 200 412
114.86.227.226 - - [29/Jul/2020:09:33:27 +0800] "GET /xingrg/all/function/internal_message.html?_=1595986473239&CODE_STATE=getMsg HTTP/1.1" 200 27
114.88.161.57 - - [29/Jul/2020:09:33:30 +0800] "GET /xingrg/kc/buy/cgsh_order_operate.html?command=get_materiel&rest_code=00111&code=00101008137&supplier_code=00100005&order_time=2020-07-29 HTTP/1.1" 200 408
114.89.80.44 - - [29/Jul/2020:09:33:31 +0800] "POST /xingrg/kc/buy/cgsh_order_operate.html HTTP/1.1" 200 12
117.184.7.26 - - [29/Jul/2020:09:33:32 +0800] "GET /xingrg/kc/buy/cgsh_order_operate.html?command=get_materiel&rest_code=00108&code=00101008351&supplier_code=00100008&order_time=2020-07-29 HTTP/1.1" 200 408
114.89.80.44 - - [29/Jul/2020:09:33:32 +0800] "GET /xingrg/kc/buy/cgsh_order_info.html?code=212020072912115 HTTP/1.1" 200 53924
114.89.80.44 - - [29/Jul/2020:09:33:32 +0800] "GET /xingrg/javascript/easyui/themes/default/validatebox.css HTTP/1.1" 404 1104
114.89.80.44 - - [29/Jul/2020:09:33:32 +0800] "POST /xingrg/kc/buy/cgsh_order_operate.html HTTP/1.1" 200 1213
114.89.80.44 - - [29/Jul/2020:09:33:34 +0800] "GET /xingrg/kc/print/load_data.html?order_code=212020072912115&kc_code=cgsh&condition= HTTP/1.1" 200 1014
114.88.161.57 - - [29/Jul/2020:09:33:35 +0800] "GET /xingrg/kc/buy/cgsh_order_operate.html?command=get_materiel&rest_code=00111&code=00101008362&supplier_code=00100005&order_time=2020-07-29 HTTP/1.1" 200 408
114.89.80.44 - - [29/Jul/2020:09:33:35 +0800] "GET /xingrg/all/function/internal_message.html?_=1595986411669&CODE_STATE=getMsg HTTP/1.1" 200 27
117.184.7.26 - - [29/Jul/2020:09:33:38 +0800] "GET /xingrg/all/function/internal_message.html?_=1595986412265&CODE_STATE=getMsg HTTP/1.1" 200 27
114.89.80.44 - - [29/Jul/2020:09:33:38 +0800] "GET /xingrg/kc/buy/cgsh_order_add.html HTTP/1.1" 200 59021
120.253.135.82 - - [29/Jul/2020:09:33:38 +0800] "GET /xingrg/all/function/internal_message.html?_=1595986170234&CODE_STATE=getMsg HTTP/1.1" 200 27
114.89.80.44 - - [29/Jul/2020:09:33:39 +0800] "POST /xingrg/kc/buy/cgsh_order_operate.html HTTP/1.1" 200 8245
114.89.80.44 - - [29/Jul/2020:09:33:39 +0800] "GET /xingrg/javascript/easyui/themes/default/validatebox.css HTTP/1.1" 404 1104
180.175.214.200 - - [29/Jul/2020:09:33:39 +0800] "GET /xingrg/all/function/internal_message.html?_=1595986623649&CODE_STATE=getMsg HTTP/1.1" 200 27
117.184.7.26 - - [29/Jul/2020:09:33:39 +0800] "GET /xingrg/kc/buy/cgsh_order_operate.html?command=get_materiel&rest_code=00108&code=00101008110&supplier_code=00100008&order_time=2020-07-29 HTTP/1.1" 200 408
114.88.161.57 - - [29/Jul/2020:09:33:45 +0800] "GET /xingrg/kc/buy/cgsh_order_operate.html?command=get_materiel&rest_code=00111&code=00101008360&supplier_code=00100005&order_time=2020-07-29 HTTP/1.1" 200 412
117.184.7.26 - - [29/Jul/2020:09:33:45 +0800] "GET /xingrg/kc/buy/cgsh_order_operate.html?command=get_materiel&rest_code=00108&code=00101008038&supplier_code=00100008&order_time=2020-07-29 HTTP/1.1" 200 412
114.88.161.57 - - [29/Jul/2020:09:33:50 +0800] "GET /xingrg/kc/buy/cgsh_order_operate.html?command=get_materiel&rest_code=00111&code=00101008270&supplier_code=00100005&order_time=2020-07-29 HTTP/1.1" 200 412
172.17.0.120 - - [29/Jul/2020:09:33:50 +0800] "GET /xingrg/all/function/internal_message.html?_=1595986428165&CODE_STATE=getMsg HTTP/1.1" 200 27
114.89.80.44 - - [29/Jul/2020:09:33:52 +0800] "GET /xingrg/kc/buy/cgsh_order_operate.html?command=get_materiel&rest_code=00151&code=00101011005&supplier_code=00100047&order_time=2020-07-29 HTTP/1.1" 200 429
114.88.161.57 - - [29/Jul/2020:09:33:52 +0800] "POST /xingrg/kc/buy/cgsh_order_operate.html HTTP/1.1" 200 2065
117.184.7.26 - - [29/Jul/2020:09:33:53 +0800] "GET /xingrg/kc/buy/cgsh_order_operate.html?command=get_materiel&rest_code=00108&code=00101008087&supplier_code=00100008&order_time=2020-07-29 HTTP/1.1" 200 412
58.40.7.146 - - [29/Jul/2020:09:33:54 +0800] "GET /xingrg/all/function/internal_message.html?_=1595986432230&CODE_STATE=getMsg HTTP/1.1" 200 27
120.253.135.82 - - [29/Jul/2020:09:33:54 +0800] "GET /xingrg/kc/pszx/mdqp_order_list.html?state=10 HTTP/1.1" 200 10125
58.40.7.146 - - [29/Jul/2020:09:33:54 +0800] "GET /xingrg/check_reg.html?_=1595986432231 HTTP/1.1" 200 22
120.253.135.82 - - [29/Jul/2020:09:33:54 +0800] "GET /xingrg/dwr/interface/AjaxReportQueryService.js HTTP/1.1" 200 13203
120.253.135.82 - - [29/Jul/2020:09:33:54 +0800] "GET /xingrg/dwr/interface/AjaxQqpsService.js HTTP/1.1" 200 16326
120.253.135.82 - - [29/Jul/2020:09:33:54 +0800] "GET /xingrg/dwr/engine.js HTTP/1.1" 200 43631
120.253.135.82 - - [29/Jul/2020:09:33:55 +0800] "GET /xingrg/javascript/jquery_easy_ui/themes/default/images/tabs_active.png HTTP/1.1" 304 -
120.253.135.82 - - [29/Jul/2020:09:33:55 +0800] "GET /xingrg/javascript/jquery_easy_ui/themes/default/images/tabs_active.png HTTP/1.1" 304 -
114.89.80.44 - - [29/Jul/2020:09:33:58 +0800] "POST /xingrg/kc/buy/cgsh_order_operate.html HTTP/1.1" 200 37
114.88.161.57 - - [29/Jul/2020:09:33:59 +0800] "GET /xingrg/all/function/internal_message.html?_=1595986435841&CODE_STATE=getMsg HTTP/1.1" 200 27
114.88.161.57 - - [29/Jul/2020:09:33:59 +0800] "GET /xingrg/kc/buy/cgsh_order_operate.html?command=get_materiel&rest_code=00111&code=00101008357&supplier_code=00100005&order_time=2020-07-29 HTTP/1.1" 200 408
222.70.173.120 - - [29/Jul/2020:09:34:00 +0800] "GET /xingrg/all/function/internal_message.html?_=1595986450366&CODE_STATE=getMsg HTTP/1.1" 200 27
180.175.214.200 - - [29/Jul/2020:09:34:01 +0800] "GET /xingrg/check_reg.html?_=1595986645568 HTTP/1.1" 200 22
222.70.173.120 - - [29/Jul/2020:09:34:01 +0800] "POST /xingrg/kc/buy/cgsh_order_operate.html HTTP/1.1" 200 37
114.89.80.44 - - [29/Jul/2020:09:34:01 +0800] "POST /xingrg/kc/buy/cgsh_order_operate.html HTTP/1.1" 200 12
117.184.7.26 - - [29/Jul/2020:09:34:02 +0800] "GET /xingrg/kc/buy/cgsh_order_operate.html?command=get_materiel&rest_code=00108&code=00101008355&supplier_code=00100008&order_time=2020-07-29 HTTP/1.1" 200 408
114.89.80.44 - - [29/Jul/2020:09:34:02 +0800] "GET /xingrg/kc/buy/cgsh_order_info.html?code=212020072912116 HTTP/1.1" 200 53924
114.89.80.44 - - [29/Jul/2020:09:34:02 +0800] "GET /xingrg/javascript/easyui/themes/default/validatebox.css HTTP/1.1" 404 1104
222.70.173.120 - - [29/Jul/2020:09:34:02 +0800] "POST /xingrg/kc/buy/cgsh_order_operate.html HTTP/1.1" 200 45848
114.89.80.44 - - [29/Jul/2020:09:34:03 +0800] "POST /xingrg/kc/buy/cgsh_order_operate.html HTTP/1.1" 200 603
114.88.161.57 - - [29/Jul/2020:09:34:05 +0800] "GET /xingrg/kc/buy/cgsh_order_operate.html?command=get_materiel&rest_code=00111&code=00101008006&supplier_code=00100005&order_time=2020-07-29 HTTP/1.1" 200 416
222.70.173.120 - - [29/Jul/2020:09:34:05 +0800] "GET /xingrg/kc/print/load_config.html?kc_code=cgsh HTTP/1.1" 200 1845
222.70.173.120 - - [29/Jul/2020:09:34:05 +0800] "GET /xingrg/kc/print/load_data.html?order_code=212020072912117&kc_code=cgsh&condition= HTTP/1.1" 200 17056
116.230.74.197 - - [29/Jul/2020:09:34:06 +0800] "GET /xingrg/all/function/internal_message.html?_=1595986439945&CODE_STATE=getMsg HTTP/1.1" 200 27
116.230.74.197 - - [29/Jul/2020:09:34:06 +0800] "GET /xingrg/check_reg.html?_=1595986440418 HTTP/1.1" 200 22
114.89.80.44 - - [29/Jul/2020:09:34:08 +0800] "GET /xingrg/kc/print/load_data.html?order_code=212020072912116&kc_code=cgsh&condition= HTTP/1.1" 200 750
117.184.7.26 - - [29/Jul/2020:09:34:09 +0800] "GET /xingrg/kc/buy/cgsh_order_operate.html?command=get_materiel&rest_code=00108&code=00101008144&supplier_code=00100008&order_time=2020-07-29 HTTP/1.1" 200 412
114.89.80.44 - - [29/Jul/2020:09:34:11 +0800] "GET /xingrg/all/function/internal_message.html?_=1595986569417&CODE_STATE=getMsg HTTP/1.1" 200 27
114.88.161.57 - - [29/Jul/2020:09:34:13 +0800] "GET /xingrg/all/function/internal_message.html?_=1595986482774&CODE_STATE=getMsg HTTP/1.1" 200 27
222.69.143.3 - - [29/Jul/2020:09:34:15 +0800] "GET /xingrg/all/function/internal_message.html?_=1595986448908&CODE_STATE=getMsg HTTP/1.1" 200 27
222.69.143.3 - - [29/Jul/2020:09:34:15 +0800] "GET /xingrg/check_reg.html?_=1595986448915 HTTP/1.1" 200 22
172.17.0.100 - - [29/Jul/2020:09:34:16 +0800] "GET /xingrg/all/function/internal_message.html?_=1595986455097&CODE_STATE=getMsg HTTP/1.1" 200 27
114.88.161.57 - - [29/Jul/2020:09:34:16 +0800] "GET /xingrg/kc/buy/cgsh_order_operate.html?command=get_materiel&rest_code=00111&code=00101008131&supplier_code=00100005&order_time=2020-07-29 HTTP/1.1" 200 408
117.184.7.26 - - [29/Jul/2020:09:34:17 +0800] "GET /xingrg/kc/buy/cgsh_order_operate.html?command=get_materiel&rest_code=00108&code=00101008264&supplier_code=00100008&order_time=2020-07-29 HTTP/1.1" 200 412
114.88.161.57 - - [29/Jul/2020:09:34:18 +0800] "POST /xingrg/kc/buy/cgsh_order_operate.html HTTP/1.1" 200 2065
114.88.161.57 - - [29/Jul/2020:09:34:22 +0800] "GET /xingrg/kc/buy/cgsh_order_operate.html?command=get_materiel&rest_code=00111&code=00101008318&supplier_code=00100005&order_time=2020-07-29 HTTP/1.1" 200 408
117.184.7.26 - - [29/Jul/2020:09:34:25 +0800] "GET /xingrg/kc/buy/cgsh_order_operate.html?command=get_materiel&rest_code=00108&code=00101008270&supplier_code=00100008&order_time=2020-07-29 HTTP/1.1" 200 412
114.86.227.226 - - [29/Jul/2020:09:34:25 +0800] "GET /xingrg/check_reg.html?_=1595986532798 HTTP/1.1" 200 22
114.86.227.226 - - [29/Jul/2020:09:34:25 +0800] "GET /xingrg/all/function/internal_message.html?_=1595986532798&CODE_STATE=getMsg HTTP/1.1" 200 27
114.88.161.57 - - [29/Jul/2020:09:34:28 +0800] "GET /xingrg/kc/buy/cgsh_order_operate.html?command=get_materiel&rest_code=00111&code=00101015070&supplier_code=00100005&order_time=2020-07-29 HTTP/1.1" 200 412
117.184.7.26 - - [29/Jul/2020:09:34:32 +0800] "GET /xingrg/kc/buy/cgsh_order_operate.html?command=get_materiel&rest_code=00108&code=00101008077&supplier_code=00100008&order_time=2020-07-29 HTTP/1.1" 200 416
114.89.80.44 - - [29/Jul/2020:09:34:34 +0800] "GET /xingrg/kc/buy/cgsh_order_list.html HTTP/1.1" 200 43645
114.88.161.57 - - [29/Jul/2020:09:34:34 +0800] "GET /xingrg/kc/buy/cgsh_order_operate.html?command=get_materiel&rest_code=00111&code=00101008352&supplier_code=00100005&order_time=2020-07-29 HTTP/1.1" 200 412
114.89.80.44 - - [29/Jul/2020:09:34:35 +0800] "POST /xingrg/kc/buy/cgsh_list_operate.html HTTP/1.1" 200 1708
114.89.80.44 - - [29/Jul/2020:09:34:35 +0800] "GET /xingrg/all/function/internal_message.html?_=1595986471659&CODE_STATE=getMsg HTTP/1.1" 200 27
114.89.80.44 - - [29/Jul/2020:09:34:37 +0800] "GET /xingrg/javascript/jquery_tools/images/prev.gif HTTP/1.1" 404 1086
114.89.80.44 - - [29/Jul/2020:09:34:37 +0800] "GET /xingrg/javascript/jquery_tools/images/next.gif HTTP/1.1" 404 1086
117.184.7.26 - - [29/Jul/2020:09:34:38 +0800] "GET /xingrg/kc/buy/cgsh_order_operate.html?command=get_materiel&rest_code=00108&code=00101008230&supplier_code=00100008&order_time=2020-07-29 HTTP/1.1" 200 408
117.184.7.26 - - [29/Jul/2020:09:34:38 +0800] "GET /xingrg/all/function/internal_message.html?_=1595986472241&CODE_STATE=getMsg HTTP/1.1" 200 27
180.175.214.200 - - [29/Jul/2020:09:34:39 +0800] "GET /xingrg/all/function/internal_message.html?_=1595986683756&CODE_STATE=getMsg HTTP/1.1" 200 27
114.89.80.44 - - [29/Jul/2020:09:34:41 +0800] "POST /xingrg/kc/buy/cgsh_list_operate.html HTTP/1.1" 200 2099
114.89.80.44 - - [29/Jul/2020:09:34:43 +0800] "POST /xingrg/kc/buy/cgsh_list_operate.html HTTP/1.1" 200 278
114.89.80.44 - - [29/Jul/2020:09:34:43 +0800] "GET /xingrg/kc/buy/cgsh_order_info.html?code=212020072912115 HTTP/1.1" 200 53924
114.89.80.44 - - [29/Jul/2020:09:34:43 +0800] "GET /xingrg/javascript/easyui/themes/default/validatebox.css HTTP/1.1" 404 1104
114.89.80.44 - - [29/Jul/2020:09:34:44 +0800] "POST /xingrg/kc/buy/cgsh_order_operate.html HTTP/1.1" 200 1213
117.184.7.26 - - [29/Jul/2020:09:34:45 +0800] "GET /xingrg/kc/buy/cgsh_order_operate.html?command=get_materiel&rest_code=00108&code=00101008069&supplier_code=00100008&order_time=2020-07-29 HTTP/1.1" 200 412
114.86.227.226 - - [29/Jul/2020:09:34:46 +0800] "GET /xingrg/kc/buy/cgsh_order_operate.html?command=get_materiel&rest_code=00109&code=00101007049&supplier_code=00100004&order_time=2020-07-29 HTTP/1.1" 200 409
58.40.7.146 - - [29/Jul/2020:09:34:48 +0800] "POST /xingrg/services/DataTransmitService HTTP/1.1" 200 524
114.88.161.57 - - [29/Jul/2020:09:34:48 +0800] "GET /xingrg/kc/buy/cgsh_order_operate.html?command=get_materiel&rest_code=00111&code=00101008092&supplier_code=00100005&order_time=2020-07-29 HTTP/1.1" 200 412
172.17.0.120 - - [29/Jul/2020:09:34:50 +0800] "GET /xingrg/all/function/internal_message.html?_=1595986488168&CODE_STATE=getMsg HTTP/1.1" 200 27
117.184.7.26 - - [29/Jul/2020:09:34:52 +0800] "GET /xingrg/kc/buy/cgsh_order_operate.html?command=get_materiel&rest_code=00108&code=00101008286&supplier_code=00100008&order_time=2020-07-29 HTTP/1.1" 200 408
58.40.7.146 - - [29/Jul/2020:09:34:54 +0800] "GET /xingrg/all/function/internal_message.html?_=1595986492234&CODE_STATE=getMsg HTTP/1.1" 200 27
114.86.227.226 - - [29/Jul/2020:09:34:55 +0800] "POST /xingrg/kc/buy/cgsh_order_operate.html HTTP/1.1" 200 37
114.88.161.57 - - [29/Jul/2020:09:34:56 +0800] "GET /xingrg/kc/buy/cgsh_order_operate.html?command=get_materiel&rest_code=00111&code=00101008353&supplier_code=00100005&order_time=2020-07-29 HTTP/1.1" 200 408
114.86.227.226 - - [29/Jul/2020:09:34:57 +0800] "POST /xingrg/kc/buy/cgsh_order_operate.html HTTP/1.1" 200 3239
114.88.161.57 - - [29/Jul/2020:09:34:58 +0800] "POST /xingrg/kc/buy/cgsh_order_operate.html HTTP/1.1" 200 2065
114.86.227.226 - - [29/Jul/2020:09:34:58 +0800] "GET /xingrg/kc/print/load_config.html?kc_code=cgsh HTTP/1.1" 200 1845
114.86.227.226 - - [29/Jul/2020:09:34:58 +0800] "GET /xingrg/kc/print/load_data.html?order_code=212020072912118&kc_code=cgsh&condition= HTTP/1.1" 200 927
114.88.161.57 - - [29/Jul/2020:09:34:59 +0800] "GET /xingrg/all/function/internal_message.html?_=1595986496219&CODE_STATE=getMsg HTTP/1.1" 200 27
222.70.173.120 - - [29/Jul/2020:09:35:01 +0800] "GET /xingrg/all/function/internal_message.html?_=1595986510744&CODE_STATE=getMsg HTTP/1.1" 200 27
117.184.7.26 - - [29/Jul/2020:09:35:01 +0800] "GET /xingrg/kc/buy/cgsh_order_operate.html?command=get_materiel&rest_code=00108&code=00101008036&supplier_code=00100008&order_time=2020-07-29 HTTP/1.1" 200 408
114.88.161.57 - - [29/Jul/2020:09:35:02 +0800] "GET /xingrg/kc/buy/cgsh_order_operate.html?command=get_materiel&rest_code=00111&code=00101008125&supplier_code=00100005&order_time=2020-07-29 HTTP/1.1" 200 413
114.86.227.226 - - [29/Jul/2020:09:35:02 +0800] "GET /xingrg/kc/buy/cgsh_order_add.html HTTP/1.1" 200 59420
114.86.227.226 - - [29/Jul/2020:09:35:03 +0800] "POST /xingrg/kc/buy/cgsh_order_operate.html HTTP/1.1" 200 8245
114.86.227.226 - - [29/Jul/2020:09:35:03 +0800] "GET /xingrg/all/common/auto_word.html?type=employee&rest_code=00109 HTTP/1.1" 200 255
114.86.227.226 - - [29/Jul/2020:09:35:03 +0800] "GET /xingrg/all/common/auto_word.html?type=employee&rest_code=00109 HTTP/1.1" 200 255
