222.69.143.3 - - [29/Jul/2020:09:15:19 +0800] "GET /xingrg/kc/buy/cgsh_order_operate.html?command=get_materiel&rest_code=00149&code=00101008284&supplier_code=00100005&order_time=2020-07-29 HTTP/1.1" 200 412
222.69.143.3 - - [29/Jul/2020:09:15:27 +0800] "POST /xingrg/kc/buy/cgsh_order_operate.html HTTP/1.1" 200 37
222.69.143.3 - - [29/Jul/2020:09:15:29 +0800] "POST /xingrg/kc/buy/cgsh_order_operate.html HTTP/1.1" 200 12
222.69.143.3 - - [29/Jul/2020:09:15:32 +0800] "GET /xingrg/kc/buy/cgsh_order_info.html?code=212020072912103 HTTP/1.1" 200 54335
120.253.135.82 - - [29/Jul/2020:09:15:32 +0800] "GET /xingrg/all/function/internal_message.html?_=1595985083640&CODE_STATE=getMsg HTTP/1.1" 200 27
222.69.143.3 - - [29/Jul/2020:09:15:32 +0800] "GET /xingrg/javascript/easyui/themes/default/validatebox.css HTTP/1.1" 404 1104
222.69.143.3 - - [29/Jul/2020:09:15:32 +0800] "POST /xingrg/kc/buy/cgsh_order_operate.html HTTP/1.1" 200 34892
117.184.7.26 - - [29/Jul/2020:09:15:38 +0800] "GET /xingrg/check_reg.html?_=1595985332214 HTTP/1.1" 200 22
117.184.7.30 - - [29/Jul/2020:09:15:38 +0800] "GET /xingrg/all/function/internal_message.html?_=1595985332217&CODE_STATE=getMsg HTTP/1.1" 200 27
61.172.5.115 - - [29/Jul/2020:09:15:48 +0800] "GET /xingrg/all/function/internal_message.html?_=1595985342033&CODE_STATE=getMsg HTTP/1.1" 200 27
58.40.7.146 - - [29/Jul/2020:09:15:54 +0800] "GET /xingrg/all/function/internal_message.html?_=1595985352218&CODE_STATE=getMsg HTTP/1.1" 200 27
114.88.161.57 - - [29/Jul/2020:09:15:56 +0800] "GET /xingrg/all/function/internal_message.html?_=1595985352929&CODE_STATE=getMsg HTTP/1.1" 200 27
222.70.173.120 - - [29/Jul/2020:09:15:58 +0800] "GET /xingrg/all/function/internal_message.html?_=1595985367658&CODE_STATE=getMsg HTTP/1.1" 200 27
180.175.214.200 - - [29/Jul/2020:09:16:01 +0800] "GET /xingrg/all/function/internal_message.html?_=1595985565526&CODE_STATE=getMsg HTTP/1.1" 200 27
222.69.143.3 - - [29/Jul/2020:09:16:05 +0800] "GET /xingrg/kc/print/load_config.html?kc_code=cgsh HTTP/1.1" 200 1845
222.69.143.3 - - [29/Jul/2020:09:16:05 +0800] "GET /xingrg/kc/print/load_data.html?order_code=212020072912103&kc_code=cgsh&condition= HTTP/1.1" 200 13706
116.230.74.197 - - [29/Jul/2020:09:16:06 +0800] "GET /xingrg/all/function/internal_message.html?_=1595985360250&CODE_STATE=getMsg HTTP/1.1" 200 27
114.89.80.44 - - [29/Jul/2020:09:16:10 +0800] "GET /xingrg/all/function/internal_message.html?_=1595985488970&CODE_STATE=getMsg HTTP/1.1" 200 27
114.88.161.57 - - [29/Jul/2020:09:16:13 +0800] "GET /xingrg/all/function/internal_message.html?_=1595985402675&CODE_STATE=getMsg HTTP/1.1" 200 27
222.69.143.3 - - [29/Jul/2020:09:16:15 +0800] "GET /xingrg/all/function/internal_message.html?_=1595985368944&CODE_STATE=getMsg HTTP/1.1" 200 27
172.17.0.100 - - [29/Jul/2020:09:16:16 +0800] "GET /xingrg/all/function/internal_message.html?_=1595985375012&CODE_STATE=getMsg HTTP/1.1" 200 27
114.89.80.44 - - [29/Jul/2020:09:16:16 +0800] "GET /xingrg/all/function/internal_message.html?_=1595985372886&CODE_STATE=getMsg HTTP/1.1" 200 27
120.253.135.82 - - [29/Jul/2020:09:16:32 +0800] "GET /xingrg/all/function/internal_message.html?_=1595985143653&CODE_STATE=getMsg HTTP/1.1" 200 27
117.184.7.30 - - [29/Jul/2020:09:16:38 +0800] "GET /xingrg/all/function/internal_message.html?_=1595985392217&CODE_STATE=getMsg HTTP/1.1" 200 27
61.172.5.115 - - [29/Jul/2020:09:16:48 +0800] "GET /xingrg/all/function/internal_message.html?_=1595985402019&CODE_STATE=getMsg HTTP/1.1" 200 27
61.172.5.115 - - [29/Jul/2020:09:16:48 +0800] "GET /xingrg/check_reg.html?_=1595985402288 HTTP/1.1" 200 22
58.40.7.146 - - [29/Jul/2020:09:16:54 +0800] "GET /xingrg/all/function/internal_message.html?_=1595985412205&CODE_STATE=getMsg HTTP/1.1" 200 27
114.88.161.57 - - [29/Jul/2020:09:16:56 +0800] "GET /xingrg/all/function/internal_message.html?_=1595985413325&CODE_STATE=getMsg HTTP/1.1" 200 27
222.70.173.120 - - [29/Jul/2020:09:16:58 +0800] "GET /xingrg/all/function/internal_message.html?_=1595985427881&CODE_STATE=getMsg HTTP/1.1" 200 27
180.175.214.200 - - [29/Jul/2020:09:17:01 +0800] "GET /xingrg/all/function/internal_message.html?_=1595985625551&CODE_STATE=getMsg HTTP/1.1" 200 27
116.230.74.197 - - [29/Jul/2020:09:17:06 +0800] "GET /xingrg/all/function/internal_message.html?_=1595985420228&CODE_STATE=getMsg HTTP/1.1" 200 27
114.89.80.44 - - [29/Jul/2020:09:17:09 +0800] "GET /xingrg/check_reg.html?_=1595985548317 HTTP/1.1" 200 22
114.89.80.44 - - [29/Jul/2020:09:17:10 +0800] "GET /xingrg/all/function/internal_message.html?_=1595985548984&CODE_STATE=getMsg HTTP/1.1" 200 27
114.88.161.57 - - [29/Jul/2020:09:17:13 +0800] "GET /xingrg/all/function/internal_message.html?_=1595985462677&CODE_STATE=getMsg HTTP/1.1" 200 27
114.88.161.57 - - [29/Jul/2020:09:17:13 +0800] "GET /xingrg/check_reg.html?_=1595985462679 HTTP/1.1" 200 22
120.253.135.82 - - [29/Jul/2020:09:17:14 +0800] "GET /xingrg/kc/buy/cgsh_order_list.html HTTP/1.1" 200 43896
120.253.135.82 - - [29/Jul/2020:09:17:15 +0800] "POST /xingrg/kc/buy/cgsh_list_operate.html HTTP/1.1" 200 876
222.69.143.3 - - [29/Jul/2020:09:17:15 +0800] "GET /xingrg/all/function/internal_message.html?_=1595985428927&CODE_STATE=getMsg HTTP/1.1" 200 27
172.17.0.100 - - [29/Jul/2020:09:17:16 +0800] "GET /xingrg/all/function/internal_message.html?_=1595985435011&CODE_STATE=getMsg HTTP/1.1" 200 27
114.89.80.44 - - [29/Jul/2020:09:17:16 +0800] "GET /xingrg/all/function/internal_message.html?_=1595985432891&CODE_STATE=getMsg HTTP/1.1" 200 27
120.253.135.82 - - [29/Jul/2020:09:17:17 +0800] "GET /xingrg/kc/buy/cgsh_order_add.html HTTP/1.1" 200 58358
120.253.135.82 - - [29/Jul/2020:09:17:17 +0800] "GET /xingrg/javascript/easyui/themes/icons/template_new.png HTTP/1.1" 200 3956
120.253.135.82 - - [29/Jul/2020:09:17:17 +0800] "POST /xingrg/kc/buy/cgsh_order_operate.html HTTP/1.1" 200 8245
120.253.135.82 - - [29/Jul/2020:09:17:17 +0800] "GET /xingrg/all/common/auto_word.html?type=employee&rest_code=00101 HTTP/1.1" 200 1123
120.253.135.82 - - [29/Jul/2020:09:17:17 +0800] "GET /xingrg/all/common/auto_word.html?type=employee&rest_code=00101 HTTP/1.1" 200 1123
120.253.135.82 - - [29/Jul/2020:09:17:17 +0800] "GET /xingrg/javascript/easyui/themes/default/validatebox.css HTTP/1.1" 404 1104
222.70.173.120 - - [29/Jul/2020:09:17:25 +0800] "GET /xingrg/check_reg.html?_=1595985455053 HTTP/1.1" 200 22
120.253.135.82 - - [29/Jul/2020:09:17:26 +0800] "POST /xingrg/all/common/load_combo.html?type=employee HTTP/1.1" 200 2013
120.253.135.82 - - [29/Jul/2020:09:17:32 +0800] "GET /xingrg/all/function/internal_message.html?_=1595985203666&CODE_STATE=getMsg HTTP/1.1" 200 27
120.253.135.82 - - [29/Jul/2020:09:17:34 +0800] "GET /xingrg/kc/buy/cgsh_order_operate.html?command=get_materiel&rest_code=00101&code=00101006002&supplier_code=00100139&order_time=2020-07-29 HTTP/1.1" 200 438
117.184.7.30 - - [29/Jul/2020:09:17:38 +0800] "GET /xingrg/all/function/internal_message.html?_=1595985452228&CODE_STATE=getMsg HTTP/1.1" 200 27
61.172.5.115 - - [29/Jul/2020:09:17:48 +0800] "GET /xingrg/all/function/internal_message.html?_=1595985461993&CODE_STATE=getMsg HTTP/1.1" 200 27
114.88.161.57 - - [29/Jul/2020:09:17:51 +0800] "GET /xingrg/check_reg.html?_=1595985468078 HTTP/1.1" 200 22
58.40.7.146 - - [29/Jul/2020:09:17:54 +0800] "GET /xingrg/all/function/internal_message.html?_=1595985472207&CODE_STATE=getMsg HTTP/1.1" 200 27
114.88.161.57 - - [29/Jul/2020:09:17:56 +0800] "GET /xingrg/all/function/internal_message.html?_=1595985473331&CODE_STATE=getMsg HTTP/1.1" 200 27
222.70.173.120 - - [29/Jul/2020:09:17:58 +0800] "GET /xingrg/all/function/internal_message.html?_=1595985487888&CODE_STATE=getMsg HTTP/1.1" 200 27
180.175.214.200 - - [29/Jul/2020:09:18:01 +0800] "GET /xingrg/all/function/internal_message.html?_=1595985685553&CODE_STATE=getMsg HTTP/1.1" 200 27
116.230.74.197 - - [29/Jul/2020:09:18:06 +0800] "GET /xingrg/all/function/internal_message.html?_=1595985480207&CODE_STATE=getMsg HTTP/1.1" 200 27
114.89.80.44 - - [29/Jul/2020:09:18:10 +0800] "GET /xingrg/all/function/internal_message.html?_=1595985608998&CODE_STATE=getMsg HTTP/1.1" 200 27
120.253.135.82 - - [29/Jul/2020:09:18:11 +0800] "POST /xingrg/kc/buy/cgsh_order_operate.html HTTP/1.1" 200 37
120.253.135.82 - - [29/Jul/2020:09:18:12 +0800] "POST /xingrg/kc/buy/cgsh_order_operate.html HTTP/1.1" 200 2669
114.88.161.57 - - [29/Jul/2020:09:18:13 +0800] "GET /xingrg/all/function/internal_message.html?_=1595985522678&CODE_STATE=getMsg HTTP/1.1" 200 27
222.69.143.3 - - [29/Jul/2020:09:18:15 +0800] "GET /xingrg/all/function/internal_message.html?_=1595985488912&CODE_STATE=getMsg HTTP/1.1" 200 27
172.17.0.100 - - [29/Jul/2020:09:18:16 +0800] "GET /xingrg/check_reg.html?_=1595985495012 HTTP/1.1" 200 22
172.17.0.100 - - [29/Jul/2020:09:18:16 +0800] "GET /xingrg/all/function/internal_message.html?_=1595985495014&CODE_STATE=getMsg HTTP/1.1" 200 27
222.70.173.120 - - [29/Jul/2020:09:18:16 +0800] "POST /xingrg/kc/buy/cgsh_list_operate.html HTTP/1.1" 200 876
114.89.80.44 - - [29/Jul/2020:09:18:16 +0800] "GET /xingrg/all/function/internal_message.html?_=1595985492896&CODE_STATE=getMsg HTTP/1.1" 200 27
222.70.173.120 - - [29/Jul/2020:09:18:17 +0800] "GET /xingrg/kc/buy/cgsh_order_list.html HTTP/1.1" 200 43647
222.70.173.120 - - [29/Jul/2020:09:18:18 +0800] "POST /xingrg/kc/buy/cgsh_list_operate.html HTTP/1.1" 200 876
222.70.173.120 - - [29/Jul/2020:09:18:19 +0800] "GET /xingrg/javascript/pic_change.js HTTP/1.1" 304 -
222.70.173.120 - - [29/Jul/2020:09:18:19 +0800] "GET /xingrg/javascript/jquery_tools/order_manager.js HTTP/1.1" 304 -
222.70.173.120 - - [29/Jul/2020:09:18:19 +0800] "GET /xingrg/javascript/json2.js HTTP/1.1" 304 -
222.70.173.120 - - [29/Jul/2020:09:18:19 +0800] "GET /xingrg/javascript/convert.js HTTP/1.1" 304 -
222.70.173.120 - - [29/Jul/2020:09:18:19 +0800] "GET /xingrg/javascript/print/kc_print.js HTTP/1.1" 304 -
222.70.173.120 - - [29/Jul/2020:09:18:19 +0800] "GET /xingrg/kc/buy/cgsh_order_add.html HTTP/1.1" 200 59385
222.70.173.120 - - [29/Jul/2020:09:18:19 +0800] "GET /xingrg/words/20200728173406_words.js HTTP/1.1" 304 -
222.70.173.120 - - [29/Jul/2020:09:18:19 +0800] "GET /xingrg/javascript/easyui/themes/icons/copy_new.png HTTP/1.1" 304 -
222.70.173.120 - - [29/Jul/2020:09:18:19 +0800] "GET /xingrg/javascript/easyui/themes/icons/template_new.png HTTP/1.1" 304 -
222.70.173.120 - - [29/Jul/2020:09:18:19 +0800] "GET /xingrg/javascript/easyui/themes/icons/ok.png HTTP/1.1" 304 -
222.70.173.120 - - [29/Jul/2020:09:18:19 +0800] "GET /xingrg/javascript/easyui/themes/icons/print.png HTTP/1.1" 304 -
222.70.173.120 - - [29/Jul/2020:09:18:19 +0800] "GET /xingrg/javascript/easyui/themes/default/images/menu_downarrow.png HTTP/1.1" 304 -
222.70.173.120 - - [29/Jul/2020:09:18:19 +0800] "GET /xingrg/javascript/easyui/themes/icons/cancel.png HTTP/1.1" 304 -
222.70.173.120 - - [29/Jul/2020:09:18:19 +0800] "GET /xingrg/all/common/auto_word.html?type=employee&rest_code=00146 HTTP/1.1" 200 197
222.70.173.120 - - [29/Jul/2020:09:18:19 +0800] "GET /xingrg/all/common/auto_word.html?type=employee&rest_code=00146 HTTP/1.1" 200 197
222.70.173.120 - - [29/Jul/2020:09:18:19 +0800] "GET /xingrg/javascript/easyui/themes/default/validatebox.css HTTP/1.1" 404 1104
222.70.173.120 - - [29/Jul/2020:09:18:19 +0800] "GET /xingrg/javascript/easyui/plugins/jquery.validatebox.js HTTP/1.1" 304 -
222.70.173.120 - - [29/Jul/2020:09:18:19 +0800] "GET /xingrg/javascript/easyui/plugins/jquery.numberbox.js HTTP/1.1" 304 -
222.70.173.120 - - [29/Jul/2020:09:18:20 +0800] "POST /xingrg/kc/buy/cgsh_order_operate.html HTTP/1.1" 200 8245
120.253.135.82 - - [29/Jul/2020:09:18:33 +0800] "POST /xingrg/kc/buy/cgsh_order_operate.html HTTP/1.1" 200 37
120.253.135.82 - - [29/Jul/2020:09:18:34 +0800] "POST /xingrg/kc/buy/cgsh_order_operate.html HTTP/1.1" 200 2669
120.253.135.82 - - [29/Jul/2020:09:18:38 +0800] "GET /xingrg/all/function/internal_message.html?_=1595985269795&CODE_STATE=getMsg HTTP/1.1" 200 27
117.184.7.30 - - [29/Jul/2020:09:18:38 +0800] "GET /xingrg/all/function/internal_message.html?_=1595985512231&CODE_STATE=getMsg HTTP/1.1" 200 27
120.253.135.82 - - [29/Jul/2020:09:18:38 +0800] "POST /xingrg/kc/buy/cgsh_order_operate.html HTTP/1.1" 200 37
120.253.135.82 - - [29/Jul/2020:09:18:40 +0800] "POST /xingrg/kc/buy/cgsh_order_operate.html HTTP/1.1" 200 12
120.253.135.82 - - [29/Jul/2020:09:18:41 +0800] "GET /xingrg/kc/buy/cgsh_order_info.html?code=212020072912104 HTTP/1.1" 200 53518
120.253.135.82 - - [29/Jul/2020:09:18:41 +0800] "GET /xingrg/javascript/easyui/themes/default/validatebox.css HTTP/1.1" 404 1104
120.253.135.82 - - [29/Jul/2020:09:18:42 +0800] "POST /xingrg/kc/buy/cgsh_order_operate.html HTTP/1.1" 200 619
120.253.135.82 - - [29/Jul/2020:09:18:43 +0800] "GET /xingrg/kc/print/load_config.html?kc_code=cgsh HTTP/1.1" 200 1845
120.253.135.82 - - [29/Jul/2020:09:18:43 +0800] "GET /xingrg/kc/print/load_data.html?order_code=212020072912104&kc_code=cgsh&condition= HTTP/1.1" 200 767
222.70.173.120 - - [29/Jul/2020:09:18:46 +0800] "GET /xingrg/kc/buy/cgsh_order_operate.html?command=get_materiel&rest_code=00146&code=00101008072&supplier_code=00100005&order_time=2020-07-29 HTTP/1.1" 200 408
61.172.5.115 - - [29/Jul/2020:09:18:48 +0800] "GET /xingrg/all/function/internal_message.html?_=1595985521962&CODE_STATE=getMsg HTTP/1.1" 200 27
58.40.7.146 - - [29/Jul/2020:09:18:54 +0800] "GET /xingrg/all/function/internal_message.html?_=1595985532209&CODE_STATE=getMsg HTTP/1.1" 200 27
58.40.7.146 - - [29/Jul/2020:09:18:54 +0800] "GET /xingrg/check_reg.html?_=1595985532211 HTTP/1.1" 200 22
114.88.161.57 - - [29/Jul/2020:09:18:56 +0800] "GET /xingrg/all/function/internal_message.html?_=1595985533345&CODE_STATE=getMsg HTTP/1.1" 200 27
222.70.173.120 - - [29/Jul/2020:09:18:58 +0800] "GET /xingrg/all/function/internal_message.html?_=1595985547901&CODE_STATE=getMsg HTTP/1.1" 200 27
222.70.173.120 - - [29/Jul/2020:09:18:59 +0800] "GET /xingrg/kc/buy/cgsh_order_operate.html?command=get_materiel&rest_code=00146&code=00101008290&supplier_code=00100005&order_time=2020-07-29 HTTP/1.1" 200 416
180.175.214.200 - - [29/Jul/2020:09:19:01 +0800] "GET /xingrg/check_reg.html?_=1595985745521 HTTP/1.1" 200 22
180.175.214.200 - - [29/Jul/2020:09:19:01 +0800] "GET /xingrg/all/function/internal_message.html?_=1595985745566&CODE_STATE=getMsg HTTP/1.1" 200 27
116.230.74.197 - - [29/Jul/2020:09:19:06 +0800] "GET /xingrg/all/function/internal_message.html?_=1595985540198&CODE_STATE=getMsg HTTP/1.1" 200 27
116.230.74.197 - - [29/Jul/2020:09:19:06 +0800] "GET /xingrg/check_reg.html?_=1595985540373 HTTP/1.1" 200 22
222.70.173.120 - - [29/Jul/2020:09:19:09 +0800] "GET /xingrg/kc/buy/cgsh_order_operate.html?command=get_materiel&rest_code=00146&code=00101008003&supplier_code=00100005&order_time=2020-07-29 HTTP/1.1" 200 408
114.89.80.44 - - [29/Jul/2020:09:19:10 +0800] "GET /xingrg/all/function/internal_message.html?_=1595985669011&CODE_STATE=getMsg HTTP/1.1" 200 27
114.88.161.57 - - [29/Jul/2020:09:19:13 +0800] "GET /xingrg/all/function/internal_message.html?_=1595985582677&CODE_STATE=getMsg HTTP/1.1" 200 27
222.69.143.3 - - [29/Jul/2020:09:19:15 +0800] "GET /xingrg/all/function/internal_message.html?_=1595985548890&CODE_STATE=getMsg HTTP/1.1" 200 27
222.69.143.3 - - [29/Jul/2020:09:19:15 +0800] "GET /xingrg/check_reg.html?_=1595985548937 HTTP/1.1" 200 22
172.17.0.100 - - [29/Jul/2020:09:19:16 +0800] "GET /xingrg/all/function/internal_message.html?_=1595985554999&CODE_STATE=getMsg HTTP/1.1" 200 27
114.89.80.44 - - [29/Jul/2020:09:19:16 +0800] "GET /xingrg/all/function/internal_message.html?_=1595985552897&CODE_STATE=getMsg HTTP/1.1" 200 27
120.253.135.82 - - [29/Jul/2020:09:19:32 +0800] "GET /xingrg/check_reg.html?_=1595985323433 HTTP/1.1" 200 22
222.70.173.120 - - [29/Jul/2020:09:19:34 +0800] "GET /xingrg/kc/buy/cgsh_order_operate.html?command=get_materiel&rest_code=00146&code=00101008087&supplier_code=00100005&order_time=2020-07-29 HTTP/1.1" 200 412
120.253.135.82 - - [29/Jul/2020:09:19:38 +0800] "GET /xingrg/all/function/internal_message.html?_=1595985329809&CODE_STATE=getMsg HTTP/1.1" 200 27
117.184.7.30 - - [29/Jul/2020:09:19:38 +0800] "GET /xingrg/all/function/internal_message.html?_=1595985572231&CODE_STATE=getMsg HTTP/1.1" 200 27
114.86.227.226 - - [29/Jul/2020:09:19:44 +0800] "GET /xingrg/login.html HTTP/1.1" 200 7641
222.70.173.120 - - [29/Jul/2020:09:19:44 +0800] "GET /xingrg/kc/buy/cgsh_order_operate.html?command=get_materiel&rest_code=00146&code=00101008321&supplier_code=00100005&order_time=2020-07-29 HTTP/1.1" 200 412
114.86.227.226 - - [29/Jul/2020:09:19:44 +0800] "GET /xingrg/images/blue/jxLogo.png HTTP/1.1" 200 6156
114.86.227.226 - - [29/Jul/2020:09:19:44 +0800] "GET /xingrg/images/blue/hj.png HTTP/1.1" 200 1014
114.86.227.226 - - [29/Jul/2020:09:19:44 +0800] "GET /xingrg/images/blue/srbg.png HTTP/1.1" 200 138
114.86.227.226 - - [29/Jul/2020:09:19:44 +0800] "GET /xingrg/images/blue/login_bg.png HTTP/1.1" 200 22101
114.86.227.226 - - [29/Jul/2020:09:19:45 +0800] "GET /favicon.ico HTTP/1.1" 404 -
61.172.5.115 - - [29/Jul/2020:09:19:48 +0800] "GET /xingrg/all/function/internal_message.html?_=1595985581947&CODE_STATE=getMsg HTTP/1.1" 200 27
58.40.7.146 - - [29/Jul/2020:09:19:54 +0800] "GET /xingrg/all/function/internal_message.html?_=1595985592214&CODE_STATE=getMsg HTTP/1.1" 200 27
222.70.173.120 - - [29/Jul/2020:09:19:55 +0800] "GET /xingrg/kc/buy/cgsh_order_operate.html?command=get_materiel&rest_code=00146&code=00101008270&supplier_code=00100005&order_time=2020-07-29 HTTP/1.1" 200 412
114.88.161.57 - - [29/Jul/2020:09:19:57 +0800] "GET /xingrg/all/function/internal_message.html?_=1595985593748&CODE_STATE=getMsg HTTP/1.1" 200 27
222.70.173.120 - - [29/Jul/2020:09:19:58 +0800] "GET /xingrg/all/function/internal_message.html?_=1595985607915&CODE_STATE=getMsg HTTP/1.1" 200 27
114.86.227.226 - - [29/Jul/2020:09:19:59 +0800] "POST /xingrg/login.do HTTP/1.1" 302 -
114.86.227.226 - - [29/Jul/2020:09:19:59 +0800] "GET /xingrg/index.html?sysBaseUrl=http%3A%2F%2F180.169.147.146%3A18081%2Fxingrg%2F&costTime=49×tamp=1595985599028 HTTP/1.1" 200 17173
114.86.227.226 - - [29/Jul/2020:09:19:59 +0800] "GET /xingrg/css/form.css HTTP/1.1" 200 893
114.86.227.226 - - [29/Jul/2020:09:19:59 +0800] "GET /xingrg/javascript/jquery_easy_ui/themes/icons/settle_new.png HTTP/1.1" 200 826
114.86.227.226 - - [29/Jul/2020:09:19:59 +0800] "GET /xingrg/images/blue/navBackgound.jpg HTTP/1.1" 200 12378
114.86.227.226 - - [29/Jul/2020:09:19:59 +0800] "GET /xingrg/images/blue/pingpu.png HTTP/1.1" 200 231
114.86.227.226 - - [29/Jul/2020:09:19:59 +0800] "GET /xingrg/javascript/jquery_easy_ui/themes/default/images/tabs_leftarrow.png HTTP/1.1" 200 389
114.86.227.226 - - [29/Jul/2020:09:19:59 +0800] "POST /xingrg/all/common/load_tree.html?tree=area_rest_tree_json&manage=1 HTTP/1.1" 200 342
114.86.227.226 - - [29/Jul/2020:09:19:59 +0800] "GET /xingrg/javascript/jquery_easy_ui/themes/default/images/tabs_rightarrow.png HTTP/1.1" 200 395
114.86.227.226 - - [29/Jul/2020:09:19:59 +0800] "GET /xingrg/javascript/jquery_easy_ui/themes/default/images/panel_tool_collapse.gif HTTP/1.1" 200 246
114.86.227.226 - - [29/Jul/2020:09:19:59 +0800] "GET /xingrg/all/function/internal_message.html?_=1595985628987&CODE_STATE=count HTTP/1.1" 200 11
114.86.227.226 - - [29/Jul/2020:09:19:59 +0800] "GET /xingrg/check_reg.html?_=1595985628987 HTTP/1.1" 200 22
114.86.227.226 - - [29/Jul/2020:09:19:59 +0800] "POST /xingrg/load_menu.html HTTP/1.1" 200 5138
114.86.227.226 - - [29/Jul/2020:09:19:59 +0800] "GET /xingrg/javascript/jquery_easy_ui/themes/default/images/tree_arrows.gif HTTP/1.1" 200 1043
114.86.227.226 - - [29/Jul/2020:09:19:59 +0800] "GET /xingrg/javascript/jquery_easy_ui/themes/default/images/tree_folder_open.gif HTTP/1.1" 200 956
114.86.227.226 - - [29/Jul/2020:09:19:59 +0800] "GET /xingrg/javascript/jquery_easy_ui/themes/default/images/tree_folder.gif HTTP/1.1" 200 952
114.86.227.226 - - [29/Jul/2020:09:19:59 +0800] "GET /xingrg/javascript/jquery_easy_ui/themes/icons/search_new.png HTTP/1.1" 200 586
114.86.227.226 - - [29/Jul/2020:09:19:59 +0800] "GET /xingrg/javascript/jquery_easy_ui/themes/icons/storage_new.png HTTP/1.1" 200 853
114.86.227.226 - - [29/Jul/2020:09:19:59 +0800] "GET /xingrg/javascript/jquery_easy_ui/themes/icons/forms_new.png HTTP/1.1" 200 350
180.175.214.200 - - [29/Jul/2020:09:20:01 +0800] "GET /xingrg/all/function/internal_message.html?_=1595985805581&CODE_STATE=getMsg HTTP/1.1" 200 27
116.230.74.197 - - [29/Jul/2020:09:20:06 +0800] "GET /xingrg/all/function/internal_message.html?_=1595985600177&CODE_STATE=getMsg HTTP/1.1" 200 27
222.70.173.120 - - [29/Jul/2020:09:20:06 +0800] "GET /xingrg/kc/buy/cgsh_order_operate.html?command=get_materiel&rest_code=00146&code=00101008005&supplier_code=00100005&order_time=2020-07-29 HTTP/1.1" 200 412
114.89.80.44 - - [29/Jul/2020:09:20:10 +0800] "GET /xingrg/all/function/internal_message.html?_=1595985729100&CODE_STATE=getMsg HTTP/1.1" 200 27
114.88.161.57 - - [29/Jul/2020:09:20:13 +0800] "GET /xingrg/all/function/internal_message.html?_=1595985642681&CODE_STATE=getMsg HTTP/1.1" 200 27
120.253.135.82 - - [29/Jul/2020:09:20:14 +0800] "GET /xingrg/kc/pszx/mdps_order_list.html?orderType=0 HTTP/1.1" 200 21018
120.253.135.82 - - [29/Jul/2020:09:20:14 +0800] "POST /xingrg/kc/pszx/mdps_list_operate.html HTTP/1.1" 200 5247
222.69.143.3 - - [29/Jul/2020:09:20:15 +0800] "GET /xingrg/all/function/internal_message.html?_=1595985608890&CODE_STATE=getMsg HTTP/1.1" 200 27
172.17.0.100 - - [29/Jul/2020:09:20:16 +0800] "GET /xingrg/all/function/internal_message.html?_=1595985615026&CODE_STATE=getMsg HTTP/1.1" 200 27
114.89.80.44 - - [29/Jul/2020:09:20:16 +0800] "GET /xingrg/check_reg.html?_=1595985612898 HTTP/1.1" 200 22
114.89.80.44 - - [29/Jul/2020:09:20:16 +0800] "GET /xingrg/all/function/internal_message.html?_=1595985612902&CODE_STATE=getMsg HTTP/1.1" 200 27
222.70.173.120 - - [29/Jul/2020:09:20:18 +0800] "GET /xingrg/kc/buy/cgsh_order_operate.html?command=get_materiel&rest_code=00146&code=00101016122&supplier_code=00100005&order_time=2020-07-29 HTTP/1.1" 200 395
120.253.135.82 - - [29/Jul/2020:09:20:24 +0800] "POST /xingrg/kc/pszx/mdps_list_operate.html HTTP/1.1" 200 3547
114.86.227.226 - - [29/Jul/2020:09:20:24 +0800] "GET /xingrg/javascript/jquery_easy_ui/themes/default/images/tabs_close.gif HTTP/1.1" 200 829
114.86.227.226 - - [29/Jul/2020:09:20:24 +0800] "GET /xingrg/kc/buy/buy_main.html HTTP/1.1" 200 12412
114.86.227.226 - - [29/Jul/2020:09:20:24 +0800] "GET /xingrg/css/new_ie.css HTTP/1.1" 404 1036
120.253.135.82 - - [29/Jul/2020:09:20:26 +0800] "POST /xingrg/kc/pszx/mdps_list_operate.html HTTP/1.1" 200 205
120.253.135.82 - - [29/Jul/2020:09:20:27 +0800] "GET /xingrg/kc/pszx/mdps_order_info.html?code=312020072800682 HTTP/1.1" 200 23849
120.253.135.82 - - [29/Jul/2020:09:20:27 +0800] "POST /xingrg/kc/pszx/mdps_order_operate.html HTTP/1.1" 200 2282
120.253.135.82 - - [29/Jul/2020:09:20:28 +0800] "GET /xingrg/javascript/easyui/themes/default/validatebox.css HTTP/1.1" 404 1104
114.86.227.226 - - [29/Jul/2020:09:20:29 +0800] "GET /xingrg/kc/buy/cgsh_order_list.html HTTP/1.1" 200 43641
114.86.227.226 - - [29/Jul/2020:09:20:29 +0800] "GET /xingrg/javascript/easyui/themes/icons/edit_add_new.png HTTP/1.1" 200 2997
114.86.227.226 - - [29/Jul/2020:09:20:29 +0800] "GET /xingrg/javascript/easyui/themes/icons/cance_new.png HTTP/1.1" 200 3986
114.86.227.226 - - [29/Jul/2020:09:20:29 +0800] "GET /xingrg/javascript/easyui/themes/icons/import_new.png HTTP/1.1" 200 1247
114.86.227.226 - - [29/Jul/2020:09:20:29 +0800] "GET /xingrg/javascript/easyui/themes/icons/check_new.png HTTP/1.1" 200 3224
114.86.227.226 - - [29/Jul/2020:09:20:29 +0800] "GET /xingrg/javascript/easyui/themes/icons/field_new.png HTTP/1.1" 200 1097
114.86.227.226 - - [29/Jul/2020:09:20:29 +0800] "GET /xingrg/images/control/ajaxLoader.gif HTTP/1.1" 200 4659
114.86.227.226 - - [29/Jul/2020:09:20:29 +0800] "POST /xingrg/kc/buy/cgsh_list_operate.html HTTP/1.1" 200 876
222.70.173.120 - - [29/Jul/2020:09:20:33 +0800] "GET /xingrg/kc/buy/cgsh_order_operate.html?command=get_materiel&rest_code=00146&code=00101008175&supplier_code=00100005&order_time=2020-07-29 HTTP/1.1" 200 412
120.253.135.82 - - [29/Jul/2020:09:20:38 +0800] "GET /xingrg/all/function/internal_message.html?_=1595985389822&CODE_STATE=getMsg HTTP/1.1" 200 27
117.184.7.30 - - [29/Jul/2020:09:20:38 +0800] "GET /xingrg/check_reg.html?_=1595985632234 HTTP/1.1" 200 22
117.184.7.26 - - [29/Jul/2020:09:20:38 +0800] "GET /xingrg/all/function/internal_message.html?_=1595985632237&CODE_STATE=getMsg HTTP/1.1" 200 27
120.253.135.82 - - [29/Jul/2020:09:20:38 +0800] "POST /xingrg/kc/pszx/mdps_list_operate.html HTTP/1.1" 200 3542
120.253.135.82 - - [29/Jul/2020:09:20:40 +0800] "POST /xingrg/kc/pszx/mdps_list_operate.html HTTP/1.1" 200 205
120.253.135.82 - - [29/Jul/2020:09:20:41 +0800] "GET /xingrg/kc/pszx/mdps_order_info.html?code=312020072900693 HTTP/1.1" 200 23849
120.253.135.82 - - [29/Jul/2020:09:20:41 +0800] "POST /xingrg/kc/pszx/mdps_order_operate.html HTTP/1.1" 200 2281
120.253.135.82 - - [29/Jul/2020:09:20:41 +0800] "GET /xingrg/javascript/easyui/themes/default/validatebox.css HTTP/1.1" 404 1104
222.70.173.120 - - [29/Jul/2020:09:20:42 +0800] "GET /xingrg/kc/buy/cgsh_order_operate.html?command=get_materiel&rest_code=00146&code=00101008354&supplier_code=00100005&order_time=2020-07-29 HTTP/1.1" 200 412
120.253.135.82 - - [29/Jul/2020:09:20:44 +0800] "POST /xingrg/kc/pszx/mdps_list_operate.html HTTP/1.1" 200 3542
61.172.5.115 - - [29/Jul/2020:09:20:48 +0800] "GET /xingrg/all/function/internal_message.html?_=1595985641932&CODE_STATE=getMsg HTTP/1.1" 200 27
222.70.173.120 - - [29/Jul/2020:09:20:52 +0800] "GET /xingrg/kc/buy/cgsh_order_operate.html?command=get_materiel&rest_code=00146&code=00101008028&supplier_code=00100005&order_time=2020-07-29 HTTP/1.1" 200 412
58.40.7.146 - - [29/Jul/2020:09:20:54 +0800] "GET /xingrg/all/function/internal_message.html?_=1595985652217&CODE_STATE=getMsg HTTP/1.1" 200 27
114.88.161.57 - - [29/Jul/2020:09:20:57 +0800] "GET /xingrg/all/function/internal_message.html?_=1595985653762&CODE_STATE=getMsg HTTP/1.1" 200 27
222.70.173.120 - - [29/Jul/2020:09:20:58 +0800] "GET /xingrg/all/function/internal_message.html?_=1595985667928&CODE_STATE=getMsg HTTP/1.1" 200 27
114.86.227.226 - - [29/Jul/2020:09:20:58 +0800] "GET /xingrg/all/function/internal_message.html?_=1595985689000&CODE_STATE=getMsg HTTP/1.1" 200 27
180.175.214.200 - - [29/Jul/2020:09:21:01 +0800] "GET /xingrg/all/function/internal_message.html?_=1595985865593&CODE_STATE=getMsg HTTP/1.1" 200 27
222.70.173.120 - - [29/Jul/2020:09:21:02 +0800] "GET /xingrg/kc/buy/cgsh_order_operate.html?command=get_materiel&rest_code=00146&code=00101008096&supplier_code=00100005&order_time=2020-07-29 HTTP/1.1" 200 412
116.230.74.197 - - [29/Jul/2020:09:21:06 +0800] "GET /xingrg/all/function/internal_message.html?_=1595985660156&CODE_STATE=getMsg HTTP/1.1" 200 27
114.89.80.44 - - [29/Jul/2020:09:21:10 +0800] "GET /xingrg/all/function/internal_message.html?_=1595985789100&CODE_STATE=getMsg HTTP/1.1" 200 27
114.88.161.57 - - [29/Jul/2020:09:21:13 +0800] "GET /xingrg/all/function/internal_message.html?_=1595985702682&CODE_STATE=getMsg HTTP/1.1" 200 27
222.70.173.120 - - [29/Jul/2020:09:21:14 +0800] "GET /xingrg/kc/buy/cgsh_order_operate.html?command=get_materiel&rest_code=00146&code=00101008088&supplier_code=00100005&order_time=2020-07-29 HTTP/1.1" 200 408
222.69.143.3 - - [29/Jul/2020:09:21:15 +0800] "GET /xingrg/all/function/internal_message.html?_=1595985668892&CODE_STATE=getMsg HTTP/1.1" 200 27
172.17.0.100 - - [29/Jul/2020:09:21:16 +0800] "GET /xingrg/all/function/internal_message.html?_=1595985675041&CODE_STATE=getMsg HTTP/1.1" 200 27
222.69.143.3 - - [29/Jul/2020:09:21:16 +0800] "GET /xingrg/kc/buy/cgsh_order_add.html HTTP/1.1" 200 59432
222.69.143.3 - - [29/Jul/2020:09:21:16 +0800] "POST /xingrg/kc/buy/cgsh_order_operate.html HTTP/1.1" 200 8245
222.69.143.3 - - [29/Jul/2020:09:21:16 +0800] "GET /xingrg/javascript/easyui/themes/default/validatebox.css HTTP/1.1" 404 1104
114.89.80.44 - - [29/Jul/2020:09:21:16 +0800] "GET /xingrg/all/function/internal_message.html?_=1595985672903&CODE_STATE=getMsg HTTP/1.1" 200 27
222.69.143.3 - - [29/Jul/2020:09:21:29 +0800] "GET /xingrg/kc/buy/cgsh_order_operate.html?command=get_materiel&rest_code=00149&code=00102002453&supplier_code=00100072&order_time=2020-07-29 HTTP/1.1" 200 433
120.253.135.82 - - [29/Jul/2020:09:21:38 +0800] "GET /xingrg/all/function/internal_message.html?_=1595985449888&CODE_STATE=getMsg HTTP/1.1" 200 27
117.184.7.26 - - [29/Jul/2020:09:21:38 +0800] "GET /xingrg/all/function/internal_message.html?_=1595985692236&CODE_STATE=getMsg HTTP/1.1" 200 27
61.172.5.115 - - [29/Jul/2020:09:21:48 +0800] "GET /xingrg/all/function/internal_message.html?_=1595985701917&CODE_STATE=getMsg HTTP/1.1" 200 27
61.172.5.115 - - [29/Jul/2020:09:21:48 +0800] "GET /xingrg/check_reg.html?_=1595985702263 HTTP/1.1" 200 22
222.70.173.120 - - [29/Jul/2020:09:21:53 +0800] "GET /xingrg/kc/buy/cgsh_order_operate.html?command=get_materiel&rest_code=00146&code=00101008361&supplier_code=00100005&order_time=2020-07-29 HTTP/1.1" 200 408
58.40.7.146 - - [29/Jul/2020:09:21:54 +0800] "GET /xingrg/all/function/internal_message.html?_=1595985712220&CODE_STATE=getMsg HTTP/1.1" 200 27
114.88.161.57 - - [29/Jul/2020:09:21:57 +0800] "GET /xingrg/all/function/internal_message.html?_=1595985714160&CODE_STATE=getMsg HTTP/1.1" 200 27
114.86.227.226 - - [29/Jul/2020:09:21:57 +0800] "GET /xingrg/all/function/internal_message.html?_=1595985748996&CODE_STATE=getMsg HTTP/1.1" 200 27
222.70.173.120 - - [29/Jul/2020:09:21:58 +0800] "GET /xingrg/all/function/internal_message.html?_=1595985727941&CODE_STATE=getMsg HTTP/1.1" 200 27
180.175.214.200 - - [29/Jul/2020:09:22:01 +0800] "GET /xingrg/all/function/internal_message.html?_=1595985925619&CODE_STATE=getMsg HTTP/1.1" 200 27
222.70.173.120 - - [29/Jul/2020:09:22:04 +0800] "GET /xingrg/kc/buy/cgsh_order_operate.html?command=get_materiel&rest_code=00146&code=00101008067&supplier_code=00100005&order_time=2020-07-29 HTTP/1.1" 200 416
116.230.74.197 - - [29/Jul/2020:09:22:06 +0800] "GET /xingrg/all/function/internal_message.html?_=1595985720134&CODE_STATE=getMsg HTTP/1.1" 200 27
114.89.80.44 - - [29/Jul/2020:09:22:10 +0800] "GET /xingrg/check_reg.html?_=1595985848402 HTTP/1.1" 200 22
114.89.80.44 - - [29/Jul/2020:09:22:10 +0800] "GET /xingrg/all/function/internal_message.html?_=1595985849114&CODE_STATE=getMsg HTTP/1.1" 200 27
114.88.161.57 - - [29/Jul/2020:09:22:13 +0800] "GET /xingrg/check_reg.html?_=1595985762681 HTTP/1.1" 200 22
114.88.161.57 - - [29/Jul/2020:09:22:13 +0800] "GET /xingrg/all/function/internal_message.html?_=1595985762684&CODE_STATE=getMsg HTTP/1.1" 200 27
222.69.143.3 - - [29/Jul/2020:09:22:15 +0800] "GET /xingrg/all/function/internal_message.html?_=1595985728906&CODE_STATE=getMsg HTTP/1.1" 200 27
172.17.0.100 - - [29/Jul/2020:09:22:16 +0800] "GET /xingrg/all/function/internal_message.html?_=1595985735026&CODE_STATE=getMsg HTTP/1.1" 200 27
222.70.173.120 - - [29/Jul/2020:09:22:16 +0800] "GET /xingrg/kc/buy/cgsh_order_operate.html?command=get_materiel&rest_code=00146&code=00101008264&supplier_code=00100005&order_time=2020-07-29 HTTP/1.1" 200 412
114.89.80.44 - - [29/Jul/2020:09:22:16 +0800] "GET /xingrg/all/function/internal_message.html?_=1595985732922&CODE_STATE=getMsg HTTP/1.1" 200 27
222.69.143.3 - - [29/Jul/2020:09:22:22 +0800] "POST /xingrg/kc/buy/cgsh_order_operate.html HTTP/1.1" 200 37
222.69.143.3 - - [29/Jul/2020:09:22:25 +0800] "POST /xingrg/kc/buy/cgsh_order_operate.html HTTP/1.1" 200 12
222.70.173.120 - - [29/Jul/2020:09:22:25 +0800] "GET /xingrg/check_reg.html?_=1595985755055 HTTP/1.1" 200 22
222.69.143.3 - - [29/Jul/2020:09:22:27 +0800] "GET /xingrg/kc/buy/cgsh_order_info.html?code=212020072912105 HTTP/1.1" 200 54337
222.69.143.3 - - [29/Jul/2020:09:22:28 +0800] "GET /xingrg/javascript/easyui/themes/default/validatebox.css HTTP/1.1" 404 1104
222.69.143.3 - - [29/Jul/2020:09:22:28 +0800] "POST /xingrg/kc/buy/cgsh_order_operate.html HTTP/1.1" 200 611
222.69.143.3 - - [29/Jul/2020:09:22:30 +0800] "GET /xingrg/kc/print/load_data.html?order_code=212020072912105&kc_code=cgsh&condition= HTTP/1.1" 200 718
222.70.173.120 - - [29/Jul/2020:09:22:30 +0800] "GET /xingrg/kc/buy/cgsh_order_operate.html?command=get_materiel&rest_code=00146&code=00101008356&supplier_code=00100005&order_time=2020-07-29 HTTP/1.1" 200 408
222.70.173.120 - - [29/Jul/2020:09:22:33 +0800] "POST /xingrg/kc/buy/cgsh_order_operate.html HTTP/1.1" 200 2065
117.184.7.26 - - [29/Jul/2020:09:22:38 +0800] "GET /xingrg/all/function/internal_message.html?_=1595985752237&CODE_STATE=getMsg HTTP/1.1" 200 27
120.253.135.82 - - [29/Jul/2020:09:22:38 +0800] "GET /xingrg/all/function/internal_message.html?_=1595985509897&CODE_STATE=getMsg HTTP/1.1" 200 27
222.69.143.3 - - [29/Jul/2020:09:22:44 +0800] "GET /xingrg/kc/buy/cgsh_order_add.html HTTP/1.1" 200 59432
222.69.143.3 - - [29/Jul/2020:09:22:45 +0800] "POST /xingrg/kc/buy/cgsh_order_operate.html HTTP/1.1" 200 8245
222.69.143.3 - - [29/Jul/2020:09:22:45 +0800] "GET /xingrg/javascript/easyui/themes/default/validatebox.css HTTP/1.1" 404 1104
61.172.5.115 - - [29/Jul/2020:09:22:48 +0800] "GET /xingrg/all/function/internal_message.html?_=1595985761890&CODE_STATE=getMsg HTTP/1.1" 200 27
114.88.161.57 - - [29/Jul/2020:09:22:51 +0800] "GET /xingrg/check_reg.html?_=1595985768084 HTTP/1.1" 200 22
222.70.173.120 - - [29/Jul/2020:09:22:53 +0800] "GET /xingrg/kc/buy/cgsh_order_operate.html?command=get_materiel&rest_code=00146&code=00101008196&supplier_code=00100005&order_time=2020-07-29 HTTP/1.1" 200 416
58.40.7.146 - - [29/Jul/2020:09:22:54 +0800] "GET /xingrg/all/function/internal_message.html?_=1595985772223&CODE_STATE=getMsg HTTP/1.1" 200 27
114.86.227.226 - - [29/Jul/2020:09:22:57 +0800] "GET /xingrg/all/function/internal_message.html?_=1595985809000&CODE_STATE=getMsg HTTP/1.1" 200 27
114.88.161.57 - - [29/Jul/2020:09:22:57 +0800] "GET /xingrg/all/function/internal_message.html?_=1595985774164&CODE_STATE=getMsg HTTP/1.1" 200 27
222.70.173.120 - - [29/Jul/2020:09:22:58 +0800] "GET /xingrg/all/function/internal_message.html?_=1595985787955&CODE_STATE=getMsg HTTP/1.1" 200 27
180.175.214.200 - - [29/Jul/2020:09:23:01 +0800] "GET /xingrg/all/function/internal_message.html?_=1595985985637&CODE_STATE=getMsg HTTP/1.1" 200 27
222.70.173.120 - - [29/Jul/2020:09:23:05 +0800] "GET /xingrg/kc/buy/cgsh_order_operate.html?command=get_materiel&rest_code=00146&code=00101008357&supplier_code=00100005&order_time=2020-07-29 HTTP/1.1" 200 408
116.230.74.197 - - [29/Jul/2020:09:23:06 +0800] "GET /xingrg/all/function/internal_message.html?_=1595985780111&CODE_STATE=getMsg HTTP/1.1" 200 27
222.69.143.3 - - [29/Jul/2020:09:23:08 +0800] "POST /xingrg/services/DataTransmitService HTTP/1.1" 200 524
114.89.80.44 - - [29/Jul/2020:09:23:10 +0800] "GET /xingrg/all/function/internal_message.html?_=1595985909128&CODE_STATE=getMsg HTTP/1.1" 200 27
222.69.143.3 - - [29/Jul/2020:09:23:11 +0800] "POST /xingrg/services/DataTransmitService HTTP/1.1" 200 501
222.69.143.3 - - [29/Jul/2020:09:23:12 +0800] "POST /xingrg/services/DataTransmitService HTTP/1.1" 200 501
114.88.161.57 - - [29/Jul/2020:09:23:13 +0800] "GET /xingrg/all/function/internal_message.html?_=1595985822669&CODE_STATE=getMsg HTTP/1.1" 200 27
222.69.143.3 - - [29/Jul/2020:09:23:15 +0800] "GET /xingrg/all/function/internal_message.html?_=1595985788995&CODE_STATE=getMsg HTTP/1.1" 200 27
172.17.0.100 - - [29/Jul/2020:09:23:16 +0800] "GET /xingrg/all/function/internal_message.html?_=1595985795026&CODE_STATE=getMsg HTTP/1.1" 200 27
172.17.0.100 - - [29/Jul/2020:09:23:16 +0800] "GET /xingrg/check_reg.html?_=1595985795028 HTTP/1.1" 200 22
222.70.173.120 - - [29/Jul/2020:09:23:16 +0800] "GET /xingrg/kc/buy/cgsh_order_operate.html?command=get_materiel&rest_code=00146&code=00101008006&supplier_code=00100005&order_time=2020-07-29 HTTP/1.1" 200 416
114.89.80.44 - - [29/Jul/2020:09:23:16 +0800] "GET /xingrg/all/function/internal_message.html?_=1595985792929&CODE_STATE=getMsg HTTP/1.1" 200 27
222.69.143.3 - - [29/Jul/2020:09:23:23 +0800] "POST /xingrg/services/DataTransmitService HTTP/1.1" 200 501
222.70.173.120 - - [29/Jul/2020:09:23:27 +0800] "GET /xingrg/kc/buy/cgsh_order_operate.html?command=get_materiel&rest_code=00146&code=00101008296&supplier_code=00100005&order_time=2020-07-29 HTTP/1.1" 200 416
222.70.173.120 - - [29/Jul/2020:09:23:30 +0800] "POST /xingrg/kc/buy/cgsh_order_operate.html HTTP/1.1" 200 2065
222.69.143.3 - - [29/Jul/2020:09:23:35 +0800] "POST /xingrg/services/DataTransmitService HTTP/1.1" 200 501
222.70.173.120 - - [29/Jul/2020:09:23:36 +0800] "GET /xingrg/kc/buy/cgsh_order_operate.html?command=get_materiel&rest_code=00146&code=00101008213&supplier_code=00100005&order_time=2020-07-29 HTTP/1.1" 200 412
222.69.143.3 - - [29/Jul/2020:09:23:37 +0800] "POST /xingrg/services/DataTransmitService HTTP/1.1" 200 501
222.69.143.3 - - [29/Jul/2020:09:23:37 +0800] "POST /xingrg/services/DataTransmitService HTTP/1.1" 200 501
222.69.143.3 - - [29/Jul/2020:09:23:37 +0800] "POST /xingrg/services/DataTransmitService HTTP/1.1" 200 501
222.69.143.3 - - [29/Jul/2020:09:23:37 +0800] "POST /xingrg/services/DataTransmitService HTTP/1.1" 200 501
222.69.143.3 - - [29/Jul/2020:09:23:38 +0800] "POST /xingrg/services/DataTransmitService HTTP/1.1" 200 501
117.184.7.26 - - [29/Jul/2020:09:23:38 +0800] "GET /xingrg/all/function/internal_message.html?_=1595985812241&CODE_STATE=getMsg HTTP/1.1" 200 27
120.253.135.82 - - [29/Jul/2020:09:23:38 +0800] "GET /xingrg/all/function/internal_message.html?_=1595985569962&CODE_STATE=getMsg HTTP/1.1" 200 27
222.69.143.3 - - [29/Jul/2020:09:23:40 +0800] "POST /xingrg/services/DataTransmitService HTTP/1.1" 200 412
61.172.5.115 - - [29/Jul/2020:09:23:48 +0800] "GET /xingrg/all/function/internal_message.html?_=1595985821876&CODE_STATE=getMsg HTTP/1.1" 200 27
222.70.173.120 - - [29/Jul/2020:09:23:49 +0800] "GET /xingrg/kc/buy/cgsh_order_operate.html?command=get_materiel&rest_code=00146&code=00101008305&supplier_code=00100005&order_time=2020-07-29 HTTP/1.1" 200 412
58.40.7.146 - - [29/Jul/2020:09:23:54 +0800] "GET /xingrg/check_reg.html?_=1595985832226 HTTP/1.1" 200 22
58.40.7.146 - - [29/Jul/2020:09:23:54 +0800] "GET /xingrg/all/function/internal_message.html?_=1595985832228&CODE_STATE=getMsg HTTP/1.1" 200 27
114.86.227.226 - - [29/Jul/2020:09:23:56 +0800] "GET /xingrg/all/function/internal_message.html?_=1595985868998&CODE_STATE=getMsg HTTP/1.1" 200 27
114.88.161.57 - - [29/Jul/2020:09:23:57 +0800] "GET /xingrg/all/function/internal_message.html?_=1595985834177&CODE_STATE=getMsg HTTP/1.1" 200 27
222.70.173.120 - - [29/Jul/2020:09:23:58 +0800] "GET /xingrg/all/function/internal_message.html?_=1595985847968&CODE_STATE=getMsg HTTP/1.1" 200 27
222.70.173.120 - - [29/Jul/2020:09:23:58 +0800] "GET /xingrg/kc/buy/cgsh_order_operate.html?command=get_materiel&rest_code=00146&code=00101008017&supplier_code=00100005&order_time=2020-07-29 HTTP/1.1" 200 416
114.86.227.226 - - [29/Jul/2020:09:24:00 +0800] "GET /xingrg/kc/buy/cgsh_order_add.html HTTP/1.1" 200 59420
114.86.227.226 - - [29/Jul/2020:09:24:00 +0800] "GET /xingrg/words/20200728173406_words.js HTTP/1.1" 304 -
114.86.227.226 - - [29/Jul/2020:09:24:00 +0800] "GET /xingrg/javascript/easyui/themes/icons/copy_new.png HTTP/1.1" 200 815
114.86.227.226 - - [29/Jul/2020:09:24:00 +0800] "POST /xingrg/kc/buy/cgsh_order_operate.html HTTP/1.1" 200 8245
114.86.227.226 - - [29/Jul/2020:09:24:01 +0800] "GET /xingrg/all/common/auto_word.html?type=employee&rest_code=00109 HTTP/1.1" 200 255
114.86.227.226 - - [29/Jul/2020:09:24:01 +0800] "GET /xingrg/all/common/auto_word.html?type=employee&rest_code=00109 HTTP/1.1" 200 255
114.86.227.226 - - [29/Jul/2020:09:24:01 +0800] "GET /xingrg/javascript/easyui/themes/default/validatebox.css HTTP/1.1" 404 1104
180.175.214.200 - - [29/Jul/2020:09:24:01 +0800] "GET /xingrg/check_reg.html?_=1595986045537 HTTP/1.1" 200 22
180.175.214.200 - - [29/Jul/2020:09:24:01 +0800] "GET /xingrg/all/function/internal_message.html?_=1595986045651&CODE_STATE=getMsg HTTP/1.1" 200 27
116.230.74.197 - - [29/Jul/2020:09:24:06 +0800] "GET /xingrg/all/function/internal_message.html?_=1595985840095&CODE_STATE=getMsg HTTP/1.1" 200 27
116.230.74.197 - - [29/Jul/2020:09:24:06 +0800] "GET /xingrg/check_reg.html?_=1595985840395 HTTP/1.1" 200 22
114.86.227.226 - - [29/Jul/2020:09:24:09 +0800] "GET /xingrg/javascript/jquery_tools/images/prev.gif HTTP/1.1" 404 1086
114.86.227.226 - - [29/Jul/2020:09:24:09 +0800] "GET /xingrg/javascript/jquery_tools/images/next.gif HTTP/1.1" 404 1086
114.89.80.44 - - [29/Jul/2020:09:24:10 +0800] "GET /xingrg/all/function/internal_message.html?_=1595985969141&CODE_STATE=getMsg HTTP/1.1" 200 27
222.70.173.120 - - [29/Jul/2020:09:24:11 +0800] "GET /xingrg/kc/buy/cgsh_order_operate.html?command=get_materiel&rest_code=00146&code=00101008154&supplier_code=00100005&order_time=2020-07-29 HTTP/1.1" 200 413
114.88.161.57 - - [29/Jul/2020:09:24:13 +0800] "GET /xingrg/all/function/internal_message.html?_=1595985882669&CODE_STATE=getMsg HTTP/1.1" 200 27
114.86.227.226 - - [29/Jul/2020:09:24:14 +0800] "GET /xingrg/kc/buy/cgsh_order_operate.html?command=get_materiel&rest_code=00109&code=00101008261&supplier_code=00100005&order_time=2020-07-29 HTTP/1.1" 200 408
222.69.143.3 - - [29/Jul/2020:09:24:15 +0800] "GET /xingrg/all/function/internal_message.html?_=1595985848907&CODE_STATE=getMsg HTTP/1.1" 200 27
222.69.143.3 - - [29/Jul/2020:09:24:15 +0800] "GET /xingrg/check_reg.html?_=1595985848925 HTTP/1.1" 200 22
172.17.0.100 - - [29/Jul/2020:09:24:16 +0800] "GET /xingrg/all/function/internal_message.html?_=1595985855027&CODE_STATE=getMsg HTTP/1.1" 200 27
114.89.80.44 - - [29/Jul/2020:09:24:16 +0800] "GET /xingrg/all/function/internal_message.html?_=1595985852932&CODE_STATE=getMsg HTTP/1.1" 200 27
114.86.227.226 - - [29/Jul/2020:09:24:21 +0800] "GET /xingrg/kc/buy/cgsh_order_operate.html?command=get_materiel&rest_code=00109&code=00101008072&supplier_code=00100005&order_time=2020-07-29 HTTP/1.1" 200 408
222.70.173.120 - - [29/Jul/2020:09:24:23 +0800] "GET /xingrg/kc/buy/cgsh_order_operate.html?command=get_materiel&rest_code=00146&code=00101008225&supplier_code=00100005&order_time=2020-07-29 HTTP/1.1" 200 416
114.86.227.226 - - [29/Jul/2020:09:24:26 +0800] "GET /xingrg/kc/buy/cgsh_order_operate.html?command=get_materiel&rest_code=00109&code=00101008331&supplier_code=00100005&order_time=2020-07-29 HTTP/1.1" 200 416
222.70.173.120 - - [29/Jul/2020:09:24:28 +0800] "POST /xingrg/kc/buy/cgsh_order_operate.html HTTP/1.1" 200 2065
114.86.227.226 - - [29/Jul/2020:09:24:31 +0800] "GET /xingrg/kc/buy/cgsh_order_operate.html?command=get_materiel&rest_code=00109&code=00101008049&supplier_code=00100005&order_time=2020-07-29 HTTP/1.1" 200 408
120.253.135.82 - - [29/Jul/2020:09:24:32 +0800] "GET /xingrg/check_reg.html?_=1595985623433 HTTP/1.1" 200 22
172.17.0.120 - - [29/Jul/2020:09:24:34 +0800] "GET /xingrg/check_reg.html?_=1595985872317 HTTP/1.1" 200 22
114.86.227.226 - - [29/Jul/2020:09:24:36 +0800] "GET /xingrg/kc/buy/cgsh_order_operate.html?command=get_materiel&rest_code=00109&code=00101008355&supplier_code=00100005&order_time=2020-07-29 HTTP/1.1" 200 408
117.184.7.26 - - [29/Jul/2020:09:24:38 +0800] "GET /xingrg/all/function/internal_message.html?_=1595985872242&CODE_STATE=getMsg HTTP/1.1" 200 27
120.253.135.82 - - [29/Jul/2020:09:24:38 +0800] "GET /xingrg/all/function/internal_message.html?_=1595985629971&CODE_STATE=getMsg HTTP/1.1" 200 27
172.17.0.120 - - [29/Jul/2020:09:24:39 +0800] "GET /xingrg/javascript/easyui/themes/default/images/button_plain_hover.png HTTP/1.1" 200 144
222.69.143.3 - - [29/Jul/2020:09:24:40 +0800] "GET /xingrg/kc/buy/cgsh_order_operate.html?command=get_materiel&rest_code=00149&code=00101004048&supplier_code=00100083&order_time=2020-07-29 HTTP/1.1" 200 417
114.86.227.226 - - [29/Jul/2020:09:24:42 +0800] "GET /xingrg/kc/buy/cgsh_order_operate.html?command=get_materiel&rest_code=00109&code=00101008144&supplier_code=00100005&order_time=2020-07-29 HTTP/1.1" 200 412
222.70.173.120 - - [29/Jul/2020:09:24:43 +0800] "GET /xingrg/kc/buy/cgsh_order_operate.html?command=get_materiel&rest_code=00146&code=00101008323&supplier_code=00100005&order_time=2020-07-29 HTTP/1.1" 200 408
172.17.0.120 - - [29/Jul/2020:09:24:45 +0800] "GET /xingrg/javascript/auto/indicator.gif HTTP/1.1" 404 1066
114.86.227.226 - - [29/Jul/2020:09:24:47 +0800] "GET /xingrg/kc/buy/cgsh_order_operate.html?command=get_materiel&rest_code=00109&code=00101008359&supplier_code=00100005&order_time=2020-07-29 HTTP/1.1" 200 408
222.69.143.3 - - [29/Jul/2020:09:24:47 +0800] "GET /xingrg/kc/buy/cgsh_order_operate.html?command=get_materiel&rest_code=00149&code=00101004033&supplier_code=00100083&order_time=2020-07-29 HTTP/1.1" 200 439
61.172.5.115 - - [29/Jul/2020:09:24:48 +0800] "GET /xingrg/all/function/internal_message.html?_=1595985881860&CODE_STATE=getMsg HTTP/1.1" 200 27
114.86.227.226 - - [29/Jul/2020:09:24:51 +0800] "GET /xingrg/kc/buy/cgsh_order_operate.html?command=get_materiel&rest_code=00109&code=00101008298&supplier_code=00100005&order_time=2020-07-29 HTTP/1.1" 200 412
114.86.227.226 - - [29/Jul/2020:09:24:52 +0800] "GET /xingrg/all/function/internal_message.html?_=1595985928993&CODE_STATE=getMsg HTTP/1.1" 200 27
114.86.227.226 - - [29/Jul/2020:09:24:52 +0800] "GET /xingrg/check_reg.html?_=1595985928993 HTTP/1.1" 200 22
58.40.7.146 - - [29/Jul/2020:09:24:54 +0800] "GET /xingrg/all/function/internal_message.html?_=1595985892215&CODE_STATE=getMsg HTTP/1.1" 200 27
172.17.0.120 - - [29/Jul/2020:09:24:54 +0800] "POST /xingrg/kc/buy/cgsh_list_operate.html HTTP/1.1" 200 1706
222.69.143.3 - - [29/Jul/2020:09:24:54 +0800] "GET /xingrg/kc/buy/cgsh_order_operate.html?command=get_materiel&rest_code=00149&code=00101004017&supplier_code=00100083&order_time=2020-07-29 HTTP/1.1" 200 413
222.70.173.120 - - [29/Jul/2020:09:24:56 +0800] "GET /xingrg/kc/buy/cgsh_order_operate.html?command=get_materiel&rest_code=00146&code=00101008156&supplier_code=00100005&order_time=2020-07-29 HTTP/1.1" 200 416
114.86.227.226 - - [29/Jul/2020:09:24:57 +0800] "GET /xingrg/kc/buy/cgsh_order_operate.html?command=get_materiel&rest_code=00109&code=00101008185&supplier_code=00100005&order_time=2020-07-29 HTTP/1.1" 200 408
114.88.161.57 - - [29/Jul/2020:09:24:58 +0800] "GET /xingrg/all/function/internal_message.html?_=1595985894579&CODE_STATE=getMsg HTTP/1.1" 200 27
222.70.173.120 - - [29/Jul/2020:09:24:58 +0800] "GET /xingrg/all/function/internal_message.html?_=1595985907983&CODE_STATE=getMsg HTTP/1.1" 200 27
180.175.214.200 - - [29/Jul/2020:09:25:01 +0800] "GET /xingrg/all/function/internal_message.html?_=1595986105663&CODE_STATE=getMsg HTTP/1.1" 200 27
222.69.143.3 - - [29/Jul/2020:09:25:02 +0800] "POST /xingrg/kc/buy/cgsh_order_operate.html HTTP/1.1" 200 37
114.86.227.226 - - [29/Jul/2020:09:25:03 +0800] "GET /xingrg/kc/buy/cgsh_order_operate.html?command=get_materiel&rest_code=00109&code=00101008308&supplier_code=00100005&order_time=2020-07-29 HTTP/1.1" 200 420
222.69.143.3 - - [29/Jul/2020:09:25:04 +0800] "POST /xingrg/kc/buy/cgsh_order_operate.html HTTP/1.1" 200 12
116.230.74.197 - - [29/Jul/2020:09:25:06 +0800] "GET /xingrg/all/function/internal_message.html?_=1595985900088&CODE_STATE=getMsg HTTP/1.1" 200 27
114.86.227.226 - - [29/Jul/2020:09:25:07 +0800] "GET /xingrg/kc/buy/cgsh_order_operate.html?command=get_materiel&rest_code=00109&code=00101008038&supplier_code=00100005&order_time=2020-07-29 HTTP/1.1" 200 412
222.69.143.3 - - [29/Jul/2020:09:25:09 +0800] "GET /xingrg/kc/buy/cgsh_order_info.html?code=212020072912106 HTTP/1.1" 200 54333
222.69.143.3 - - [29/Jul/2020:09:25:10 +0800] "GET /xingrg/javascript/easyui/themes/default/validatebox.css HTTP/1.1" 404 1104
222.69.143.3 - - [29/Jul/2020:09:25:10 +0800] "POST /xingrg/kc/buy/cgsh_order_operate.html HTTP/1.1" 200 1826
222.70.173.120 - - [29/Jul/2020:09:25:10 +0800] "GET /xingrg/kc/buy/cgsh_order_operate.html?command=get_materiel&rest_code=00146&code=00101013139&supplier_code=00100005&order_time=2020-07-29 HTTP/1.1" 200 449
114.89.80.44 - - [29/Jul/2020:09:25:10 +0800] "GET /xingrg/all/function/internal_message.html?_=1595986029229&CODE_STATE=getMsg HTTP/1.1" 200 27
114.86.227.226 - - [29/Jul/2020:09:25:12 +0800] "GET /xingrg/kc/buy/cgsh_order_operate.html?command=get_materiel&rest_code=00109&code=00101008004&supplier_code=00100005&order_time=2020-07-29 HTTP/1.1" 200 416
114.88.161.57 - - [29/Jul/2020:09:25:13 +0800] "GET /xingrg/all/function/internal_message.html?_=1595985942669&CODE_STATE=getMsg HTTP/1.1" 200 27
222.69.143.3 - - [29/Jul/2020:09:25:13 +0800] "GET /xingrg/kc/print/load_data.html?order_code=212020072912106&kc_code=cgsh&condition= HTTP/1.1" 200 1212
222.69.143.3 - - [29/Jul/2020:09:25:15 +0800] "GET /xingrg/all/function/internal_message.html?_=1595985908941&CODE_STATE=getMsg HTTP/1.1" 200 27
172.17.0.100 - - [29/Jul/2020:09:25:16 +0800] "GET /xingrg/all/function/internal_message.html?_=1595985915026&CODE_STATE=getMsg HTTP/1.1" 200 27
114.89.80.44 - - [29/Jul/2020:09:25:16 +0800] "GET /xingrg/check_reg.html?_=1595985912937 HTTP/1.1" 200 22
114.89.80.44 - - [29/Jul/2020:09:25:16 +0800] "GET /xingrg/all/function/internal_message.html?_=1595985912938&CODE_STATE=getMsg HTTP/1.1" 200 27
114.86.227.226 - - [29/Jul/2020:09:25:17 +0800] "GET /xingrg/kc/buy/cgsh_order_operate.html?command=get_materiel&rest_code=00109&code=00101008144&supplier_code=00100005&order_time=2020-07-29 HTTP/1.1" 200 412
114.86.227.226 - - [29/Jul/2020:09:25:22 +0800] "GET /xingrg/kc/buy/cgsh_order_operate.html?command=get_materiel&rest_code=00109&code=00101008362&supplier_code=00100005&order_time=2020-07-29 HTTP/1.1" 200 408
222.70.173.120 - - [29/Jul/2020:09:25:37 +0800] "GET /xingrg/kc/buy/cgsh_order_operate.html?command=get_materiel&rest_code=00146&code=00101008350&supplier_code=00100005&order_time=2020-07-29 HTTP/1.1" 200 408
