222.69.143.3 - - [29/Jul/2020:08:58:24 +0800] "POST /xingrg/kc/buy/cgsh_list_operate.html HTTP/1.1" 200 876
222.69.143.3 - - [29/Jul/2020:08:58:26 +0800] "GET /xingrg/kc/buy/cgsh_order_add.html HTTP/1.1" 200 59432
222.69.143.3 - - [29/Jul/2020:08:58:26 +0800] "GET /xingrg/words/20200728173406_words.js HTTP/1.1" 200 753721
222.69.143.3 - - [29/Jul/2020:08:58:26 +0800] "POST /xingrg/kc/buy/cgsh_order_operate.html HTTP/1.1" 200 8245
222.69.143.3 - - [29/Jul/2020:08:58:26 +0800] "GET /xingrg/all/common/auto_word.html?type=employee&rest_code=00149 HTTP/1.1" 200 197
222.69.143.3 - - [29/Jul/2020:08:58:26 +0800] "GET /xingrg/all/common/auto_word.html?type=employee&rest_code=00149 HTTP/1.1" 200 197
222.69.143.3 - - [29/Jul/2020:08:58:26 +0800] "GET /xingrg/javascript/easyui/themes/default/validatebox.css HTTP/1.1" 404 1104
116.230.74.197 - - [29/Jul/2020:08:58:32 +0800] "GET /xingrg/kc/buy/cgsh_order_operate.html?command=get_materiel&rest_code=00107&code=00101008271&supplier_code=00100006&order_time=2020-07-29 HTTP/1.1" 200 408
117.184.7.26 - - [29/Jul/2020:08:58:38 +0800] "GET /xingrg/all/function/internal_message.html?_=1595984312214&CODE_STATE=getMsg HTTP/1.1" 200 27
116.230.74.197 - - [29/Jul/2020:08:58:41 +0800] "GET /xingrg/kc/buy/cgsh_order_operate.html?command=get_materiel&rest_code=00107&code=00101008264&supplier_code=00100006&order_time=2020-07-29 HTTP/1.1" 200 412
61.172.5.115 - - [29/Jul/2020:08:58:43 +0800] "GET /xingrg/kc/buy/cgsh_order_operate.html?command=get_materiel&rest_code=00105&code=00101012039&supplier_code=00100034&order_time=2020-07-29 HTTP/1.1" 200 408
61.172.5.115 - - [29/Jul/2020:08:58:48 +0800] "GET /xingrg/all/function/internal_message.html?_=1595984322302&CODE_STATE=getMsg HTTP/1.1" 200 27
58.40.7.146 - - [29/Jul/2020:08:58:54 +0800] "GET /xingrg/all/function/internal_message.html?_=1595984332196&CODE_STATE=getMsg HTTP/1.1" 200 27
58.40.7.146 - - [29/Jul/2020:08:58:54 +0800] "GET /xingrg/check_reg.html?_=1595984332197 HTTP/1.1" 200 22
114.88.161.57 - - [29/Jul/2020:08:58:54 +0800] "GET /xingrg/all/function/internal_message.html?_=1595984331092&CODE_STATE=getMsg HTTP/1.1" 200 27
116.230.74.197 - - [29/Jul/2020:08:58:55 +0800] "GET /xingrg/kc/buy/cgsh_order_operate.html?command=get_materiel&rest_code=00107&code=00101008198&supplier_code=00100006&order_time=2020-07-29 HTTP/1.1" 200 413
222.70.173.120 - - [29/Jul/2020:08:58:56 +0800] "GET /xingrg/all/function/internal_message.html?_=1595984346069&CODE_STATE=getMsg HTTP/1.1" 200 27
116.230.74.197 - - [29/Jul/2020:08:58:57 +0800] "POST /xingrg/kc/buy/cgsh_order_operate.html HTTP/1.1" 200 2065
61.172.5.115 - - [29/Jul/2020:08:58:59 +0800] "POST /xingrg/kc/buy/cgsh_order_operate.html HTTP/1.1" 200 37
61.172.5.115 - - [29/Jul/2020:08:59:01 +0800] "POST /xingrg/kc/buy/cgsh_order_operate.html HTTP/1.1" 200 3839
117.184.7.26 - - [29/Jul/2020:08:59:06 +0800] "GET /xingrg/kc/buy/cgsh_order_operate.html?command=get_materiel&rest_code=00108&code=00101007076&supplier_code=00100002&order_time=2020-07-29 HTTP/1.1" 200 408
116.230.74.197 - - [29/Jul/2020:08:59:06 +0800] "GET /xingrg/check_reg.html?_=1595984340297 HTTP/1.1" 200 22
116.230.74.197 - - [29/Jul/2020:08:59:06 +0800] "GET /xingrg/all/function/internal_message.html?_=1595984340355&CODE_STATE=getMsg HTTP/1.1" 200 27
114.89.80.44 - - [29/Jul/2020:08:59:10 +0800] "GET /xingrg/all/function/internal_message.html?_=1595984468474&CODE_STATE=getMsg HTTP/1.1" 200 27
114.88.161.57 - - [29/Jul/2020:08:59:13 +0800] "GET /xingrg/all/function/internal_message.html?_=1595984382675&CODE_STATE=getMsg HTTP/1.1" 200 27
61.172.5.115 - - [29/Jul/2020:08:59:15 +0800] "POST /xingrg/kc/buy/cgsh_order_operate.html HTTP/1.1" 200 37
116.230.74.197 - - [29/Jul/2020:08:59:15 +0800] "GET /xingrg/kc/buy/cgsh_order_operate.html?command=get_materiel&rest_code=00107&code=00101008361&supplier_code=00100006&order_time=2020-07-29 HTTP/1.1" 200 408
222.69.143.3 - - [29/Jul/2020:08:59:15 +0800] "GET /xingrg/all/function/internal_message.html?_=1595984348875&CODE_STATE=getMsg HTTP/1.1" 200 27
222.69.143.3 - - [29/Jul/2020:08:59:15 +0800] "GET /xingrg/check_reg.html?_=1595984348873 HTTP/1.1" 200 22
114.89.80.44 - - [29/Jul/2020:08:59:16 +0800] "GET /xingrg/all/function/internal_message.html?_=1595984352798&CODE_STATE=getMsg HTTP/1.1" 200 27
61.172.5.115 - - [29/Jul/2020:08:59:16 +0800] "POST /xingrg/kc/buy/cgsh_order_operate.html HTTP/1.1" 200 3839
61.172.5.115 - - [29/Jul/2020:08:59:18 +0800] "GET /xingrg/kc/print/load_config.html?kc_code=cgsh HTTP/1.1" 200 1845
61.172.5.115 - - [29/Jul/2020:08:59:18 +0800] "GET /xingrg/kc/print/load_data.html?order_code=212020072912095&kc_code=cgsh&condition= HTTP/1.1" 200 1170
117.184.7.26 - - [29/Jul/2020:08:59:20 +0800] "GET /xingrg/kc/buy/cgsh_order_operate.html?command=get_materiel&rest_code=00108&code=00101007049&supplier_code=00100002&order_time=2020-07-29 HTTP/1.1" 200 409
116.230.74.197 - - [29/Jul/2020:08:59:27 +0800] "GET /xingrg/kc/buy/cgsh_order_operate.html?command=get_materiel&rest_code=00107&code=00101008321&supplier_code=00100006&order_time=2020-07-29 HTTP/1.1" 200 412
117.184.7.26 - - [29/Jul/2020:08:59:30 +0800] "POST /xingrg/kc/buy/cgsh_order_operate.html HTTP/1.1" 200 37
117.184.7.26 - - [29/Jul/2020:08:59:31 +0800] "POST /xingrg/kc/buy/cgsh_order_operate.html HTTP/1.1" 200 3833
117.184.7.26 - - [29/Jul/2020:08:59:33 +0800] "GET /xingrg/kc/print/load_config.html?kc_code=cgsh HTTP/1.1" 200 1845
117.184.7.26 - - [29/Jul/2020:08:59:33 +0800] "GET /xingrg/kc/print/load_data.html?order_code=212020072912096&kc_code=cgsh&condition= HTTP/1.1" 200 1188
222.69.143.3 - - [29/Jul/2020:08:59:37 +0800] "POST /xingrg/services/DataTransmitService HTTP/1.1" 200 524
117.184.7.26 - - [29/Jul/2020:08:59:38 +0800] "GET /xingrg/all/function/internal_message.html?_=1595984372226&CODE_STATE=getMsg HTTP/1.1" 200 27
61.172.5.115 - - [29/Jul/2020:08:59:43 +0800] "GET /xingrg/kc/buy/cgsh_order_add.html HTTP/1.1" 200 59379
61.172.5.115 - - [29/Jul/2020:08:59:44 +0800] "POST /xingrg/kc/buy/cgsh_order_operate.html HTTP/1.1" 200 8245
61.172.5.115 - - [29/Jul/2020:08:59:44 +0800] "GET /xingrg/javascript/easyui/themes/default/validatebox.css HTTP/1.1" 404 1104
116.230.74.197 - - [29/Jul/2020:08:59:45 +0800] "GET /xingrg/kc/buy/cgsh_order_operate.html?command=get_materiel&rest_code=00107&code=00101008024&supplier_code=00100006&order_time=2020-07-29 HTTP/1.1" 200 408
61.172.5.115 - - [29/Jul/2020:08:59:48 +0800] "GET /xingrg/all/function/internal_message.html?_=1595984382314&CODE_STATE=getMsg HTTP/1.1" 200 27
58.40.7.146 - - [29/Jul/2020:08:59:54 +0800] "GET /xingrg/all/function/internal_message.html?_=1595984392200&CODE_STATE=getMsg HTTP/1.1" 200 27
222.69.143.3 - - [29/Jul/2020:08:59:54 +0800] "GET /xingrg/javascript/auto/indicator.gif HTTP/1.1" 404 1066
114.88.161.57 - - [29/Jul/2020:08:59:55 +0800] "GET /xingrg/all/function/internal_message.html?_=1595984391504&CODE_STATE=getMsg HTTP/1.1" 200 27
222.69.143.3 - - [29/Jul/2020:08:59:55 +0800] "POST /xingrg/services/DataTransmitService HTTP/1.1" 200 524
222.69.143.3 - - [29/Jul/2020:08:59:55 +0800] "POST /xingrg/services/DataTransmitService HTTP/1.1" 200 1755
222.69.143.3 - - [29/Jul/2020:08:59:55 +0800] "GET /xingrg/javascript/jquery_tools/images/prev.gif HTTP/1.1" 404 1086
222.69.143.3 - - [29/Jul/2020:08:59:55 +0800] "GET /xingrg/javascript/jquery_tools/images/next.gif HTTP/1.1" 404 1086
222.70.173.120 - - [29/Jul/2020:08:59:56 +0800] "GET /xingrg/all/function/internal_message.html?_=1595984406283&CODE_STATE=getMsg HTTP/1.1" 200 27
116.230.74.197 - - [29/Jul/2020:08:59:58 +0800] "POST /xingrg/kc/buy/cgsh_order_operate.html HTTP/1.1" 200 2065
222.69.143.3 - - [29/Jul/2020:09:00:01 +0800] "GET /xingrg/kc/buy/cgsh_order_operate.html?command=get_materiel&rest_code=00149&code=00101008323&supplier_code=00100005&order_time=2020-07-29 HTTP/1.1" 200 408
116.230.74.197 - - [29/Jul/2020:09:00:05 +0800] "GET /xingrg/kc/buy/cgsh_order_operate.html?command=get_materiel&rest_code=00107&code=00101008108&supplier_code=00100006&order_time=2020-07-29 HTTP/1.1" 200 412
116.230.74.197 - - [29/Jul/2020:09:00:06 +0800] "GET /xingrg/all/function/internal_message.html?_=1595984400418&CODE_STATE=getMsg HTTP/1.1" 200 27
61.172.5.115 - - [29/Jul/2020:09:00:09 +0800] "GET /xingrg/kc/buy/cgsh_order_operate.html?command=get_materiel&rest_code=00105&code=00101007061&supplier_code=00100002&order_time=2020-07-29 HTTP/1.1" 200 409
114.89.80.44 - - [29/Jul/2020:09:00:10 +0800] "GET /xingrg/all/function/internal_message.html?_=1595984528554&CODE_STATE=getMsg HTTP/1.1" 200 27
114.88.161.57 - - [29/Jul/2020:09:00:13 +0800] "GET /xingrg/all/function/internal_message.html?_=1595984442668&CODE_STATE=getMsg HTTP/1.1" 200 27
222.69.143.3 - - [29/Jul/2020:09:00:15 +0800] "GET /xingrg/all/function/internal_message.html?_=1595984408872&CODE_STATE=getMsg HTTP/1.1" 200 27
114.89.80.44 - - [29/Jul/2020:09:00:16 +0800] "GET /xingrg/check_reg.html?_=1595984412799 HTTP/1.1" 200 22
114.89.80.44 - - [29/Jul/2020:09:00:16 +0800] "GET /xingrg/all/function/internal_message.html?_=1595984412801&CODE_STATE=getMsg HTTP/1.1" 200 27
116.230.74.197 - - [29/Jul/2020:09:00:16 +0800] "GET /xingrg/kc/buy/cgsh_order_operate.html?command=get_materiel&rest_code=00107&code=00101008213&supplier_code=00100006&order_time=2020-07-29 HTTP/1.1" 200 412
117.184.7.26 - - [29/Jul/2020:09:00:26 +0800] "GET /xingrg/kc/buy/cgsh_order_add.html HTTP/1.1" 200 59344
222.69.143.3 - - [29/Jul/2020:09:00:26 +0800] "GET /xingrg/kc/buy/cgsh_order_operate.html?command=get_materiel&rest_code=00149&code=00101008256&supplier_code=00100005&order_time=2020-07-29 HTTP/1.1" 200 412
117.184.7.26 - - [29/Jul/2020:09:00:26 +0800] "POST /xingrg/kc/buy/cgsh_order_operate.html HTTP/1.1" 200 8245
117.184.7.30 - - [29/Jul/2020:09:00:26 +0800] "GET /xingrg/javascript/easyui/themes/default/validatebox.css HTTP/1.1" 404 1104
116.230.74.197 - - [29/Jul/2020:09:00:28 +0800] "GET /xingrg/kc/buy/cgsh_order_operate.html?command=get_materiel&rest_code=00107&code=00101008176&supplier_code=00100006&order_time=2020-07-29 HTTP/1.1" 200 412
222.69.143.3 - - [29/Jul/2020:09:00:33 +0800] "GET /xingrg/kc/buy/cgsh_order_operate.html?command=get_materiel&rest_code=00149&code=00101008302&supplier_code=00100005&order_time=2020-07-29 HTTP/1.1" 200 412
117.184.7.26 - - [29/Jul/2020:09:00:37 +0800] "GET /xingrg/kc/buy/cgsh_order_operate.html?command=get_materiel&rest_code=00108&code=00101001084&supplier_code=00100044&order_time=2020-07-29 HTTP/1.1" 200 413
117.184.7.26 - - [29/Jul/2020:09:00:38 +0800] "GET /xingrg/check_reg.html?_=1595984432228 HTTP/1.1" 200 22
117.184.7.26 - - [29/Jul/2020:09:00:38 +0800] "GET /xingrg/all/function/internal_message.html?_=1595984432230&CODE_STATE=getMsg HTTP/1.1" 200 27
61.172.5.115 - - [29/Jul/2020:09:00:39 +0800] "GET /xingrg/kc/buy/cgsh_order_operate.html?command=get_materiel&rest_code=00105&code=00101007081&supplier_code=00100002&order_time=2020-07-29 HTTP/1.1" 200 413
222.69.143.3 - - [29/Jul/2020:09:00:43 +0800] "GET /xingrg/kc/buy/cgsh_order_operate.html?command=get_materiel&rest_code=00149&code=00101008132&supplier_code=00100005&order_time=2020-07-29 HTTP/1.1" 200 408
61.172.5.115 - - [29/Jul/2020:09:00:48 +0800] "GET /xingrg/all/function/internal_message.html?_=1595984442317&CODE_STATE=getMsg HTTP/1.1" 200 27
222.69.143.3 - - [29/Jul/2020:09:00:51 +0800] "GET /xingrg/kc/buy/cgsh_order_operate.html?command=get_materiel&rest_code=00149&code=00101008234&supplier_code=00100005&order_time=2020-07-29 HTTP/1.1" 200 408
58.40.7.146 - - [29/Jul/2020:09:00:54 +0800] "GET /xingrg/all/function/internal_message.html?_=1595984452204&CODE_STATE=getMsg HTTP/1.1" 200 27
114.88.161.57 - - [29/Jul/2020:09:00:55 +0800] "GET /xingrg/all/function/internal_message.html?_=1595984451525&CODE_STATE=getMsg HTTP/1.1" 200 27
116.230.74.197 - - [29/Jul/2020:09:00:56 +0800] "GET /xingrg/kc/buy/cgsh_order_operate.html?command=get_materiel&rest_code=00107&code=00101008132&supplier_code=00100006&order_time=2020-07-29 HTTP/1.1" 200 408
222.70.173.120 - - [29/Jul/2020:09:00:56 +0800] "GET /xingrg/all/function/internal_message.html?_=1595984466284&CODE_STATE=getMsg HTTP/1.1" 200 27
114.88.161.57 - - [29/Jul/2020:09:00:59 +0800] "GET /xingrg/kc/buy/cgsh_order_operate.html?command=get_materiel&rest_code=00111&code=00101007061&supplier_code=00100004&order_time=2020-07-29 HTTP/1.1" 200 409
117.184.7.26 - - [29/Jul/2020:09:01:02 +0800] "POST /xingrg/kc/buy/cgsh_order_operate.html HTTP/1.1" 200 37
117.184.7.26 - - [29/Jul/2020:09:01:03 +0800] "POST /xingrg/kc/buy/cgsh_order_operate.html HTTP/1.1" 200 3249
117.184.7.26 - - [29/Jul/2020:09:01:05 +0800] "GET /xingrg/kc/print/load_data.html?order_code=212020072912097&kc_code=cgsh&condition= HTTP/1.1" 200 931
116.230.74.197 - - [29/Jul/2020:09:01:06 +0800] "GET /xingrg/all/function/internal_message.html?_=1595984460401&CODE_STATE=getMsg HTTP/1.1" 200 27
114.88.161.57 - - [29/Jul/2020:09:01:07 +0800] "POST /xingrg/kc/buy/cgsh_order_operate.html HTTP/1.1" 200 37
61.172.5.115 - - [29/Jul/2020:09:01:08 +0800] "GET /xingrg/kc/buy/cgsh_order_operate.html?command=get_materiel&rest_code=00105&code=00101007048&supplier_code=00100002&order_time=2020-07-29 HTTP/1.1" 200 408
116.230.74.197 - - [29/Jul/2020:09:01:08 +0800] "POST /xingrg/kc/buy/cgsh_order_operate.html HTTP/1.1" 200 2065
114.88.161.57 - - [29/Jul/2020:09:01:08 +0800] "POST /xingrg/kc/buy/cgsh_order_operate.html HTTP/1.1" 200 2653
117.184.7.26 - - [29/Jul/2020:09:01:09 +0800] "GET /xingrg/kc/buy/cgsh_order_add.html HTTP/1.1" 200 59344
114.88.161.57 - - [29/Jul/2020:09:01:09 +0800] "GET /xingrg/kc/print/load_data.html?order_code=212020072912098&kc_code=cgsh&condition= HTTP/1.1" 200 717
117.184.7.26 - - [29/Jul/2020:09:01:10 +0800] "POST /xingrg/kc/buy/cgsh_order_operate.html HTTP/1.1" 200 8245
114.89.80.44 - - [29/Jul/2020:09:01:10 +0800] "GET /xingrg/all/function/internal_message.html?_=1595984588564&CODE_STATE=getMsg HTTP/1.1" 200 27
117.184.7.26 - - [29/Jul/2020:09:01:10 +0800] "GET /xingrg/javascript/easyui/themes/default/validatebox.css HTTP/1.1" 404 1104
114.88.161.57 - - [29/Jul/2020:09:01:13 +0800] "GET /xingrg/all/function/internal_message.html?_=1595984502675&CODE_STATE=getMsg HTTP/1.1" 200 27
222.69.143.3 - - [29/Jul/2020:09:01:15 +0800] "GET /xingrg/all/function/internal_message.html?_=1595984468876&CODE_STATE=getMsg HTTP/1.1" 200 27
114.89.80.44 - - [29/Jul/2020:09:01:16 +0800] "GET /xingrg/all/function/internal_message.html?_=1595984472787&CODE_STATE=getMsg HTTP/1.1" 200 27
117.184.7.26 - - [29/Jul/2020:09:01:17 +0800] "GET /xingrg/kc/buy/cgsh_order_operate.html?command=get_materiel&rest_code=00108&code=00101006184&supplier_code=00100010&order_time=2020-07-29 HTTP/1.1" 200 408
116.230.74.197 - - [29/Jul/2020:09:01:23 +0800] "GET /xingrg/kc/buy/cgsh_order_operate.html?command=get_materiel&rest_code=00107&code=00101008185&supplier_code=00100006&order_time=2020-07-29 HTTP/1.1" 200 408
117.184.7.26 - - [29/Jul/2020:09:01:26 +0800] "GET /xingrg/kc/buy/cgsh_order_operate.html?command=get_materiel&rest_code=00108&code=00101006055&supplier_code=00100010&order_time=2020-07-29 HTTP/1.1" 200 409
116.230.74.197 - - [29/Jul/2020:09:01:31 +0800] "GET /xingrg/kc/buy/cgsh_order_operate.html?command=get_materiel&rest_code=00107&code=00101008003&supplier_code=00100006&order_time=2020-07-29 HTTP/1.1" 200 408
117.184.7.26 - - [29/Jul/2020:09:01:37 +0800] "GET /xingrg/kc/buy/cgsh_order_operate.html?command=get_materiel&rest_code=00108&code=00101006109&supplier_code=00100010&order_time=2020-07-29 HTTP/1.1" 200 409
117.184.7.26 - - [29/Jul/2020:09:01:38 +0800] "GET /xingrg/all/function/internal_message.html?_=1595984492229&CODE_STATE=getMsg HTTP/1.1" 200 27
61.172.5.115 - - [29/Jul/2020:09:01:39 +0800] "POST /xingrg/kc/buy/cgsh_order_operate.html HTTP/1.1" 200 37
222.69.143.3 - - [29/Jul/2020:09:01:42 +0800] "GET /xingrg/kc/buy/cgsh_order_operate.html?command=get_materiel&rest_code=00149&code=00101008156&supplier_code=00100005&order_time=2020-07-29 HTTP/1.1" 200 414
117.184.7.26 - - [29/Jul/2020:09:01:50 +0800] "GET /xingrg/kc/buy/cgsh_order_operate.html?command=get_materiel&rest_code=00108&code=00101006112&supplier_code=00100010&order_time=2020-07-29 HTTP/1.1" 200 409
61.172.5.115 - - [29/Jul/2020:09:01:50 +0800] "POST /xingrg/kc/buy/cgsh_order_operate.html HTTP/1.1" 200 3835
222.69.143.3 - - [29/Jul/2020:09:01:51 +0800] "GET /xingrg/kc/buy/cgsh_order_operate.html?command=get_materiel&rest_code=00149&code=00101008331&supplier_code=00100005&order_time=2020-07-29 HTTP/1.1" 200 416
58.40.7.146 - - [29/Jul/2020:09:01:54 +0800] "GET /xingrg/all/function/internal_message.html?_=1595984512206&CODE_STATE=getMsg HTTP/1.1" 200 27
114.88.161.57 - - [29/Jul/2020:09:01:55 +0800] "GET /xingrg/all/function/internal_message.html?_=1595984511948&CODE_STATE=getMsg HTTP/1.1" 200 27
222.70.173.120 - - [29/Jul/2020:09:01:56 +0800] "GET /xingrg/all/function/internal_message.html?_=1595984526511&CODE_STATE=getMsg HTTP/1.1" 200 27
116.230.74.197 - - [29/Jul/2020:09:01:58 +0800] "GET /xingrg/kc/buy/cgsh_order_operate.html?command=get_materiel&rest_code=00107&code=00101008300&supplier_code=00100006&order_time=2020-07-29 HTTP/1.1" 200 412
222.69.143.3 - - [29/Jul/2020:09:02:00 +0800] "GET /xingrg/kc/buy/cgsh_order_operate.html?command=get_materiel&rest_code=00149&code=00101008350&supplier_code=00100005&order_time=2020-07-29 HTTP/1.1" 200 408
116.230.74.197 - - [29/Jul/2020:09:02:01 +0800] "POST /xingrg/kc/buy/cgsh_order_operate.html HTTP/1.1" 200 2065
116.230.74.197 - - [29/Jul/2020:09:02:06 +0800] "GET /xingrg/all/function/internal_message.html?_=1595984520388&CODE_STATE=getMsg HTTP/1.1" 200 27
116.230.74.197 - - [29/Jul/2020:09:02:07 +0800] "GET /xingrg/kc/buy/cgsh_order_operate.html?command=get_materiel&rest_code=00107&code=00101008415&supplier_code=00100006&order_time=2020-07-29 HTTP/1.1" 200 398
114.89.80.44 - - [29/Jul/2020:09:02:09 +0800] "GET /xingrg/check_reg.html?_=1595984648075 HTTP/1.1" 200 22
114.89.80.44 - - [29/Jul/2020:09:02:10 +0800] "GET /xingrg/all/function/internal_message.html?_=1595984648577&CODE_STATE=getMsg HTTP/1.1" 200 27
117.184.7.26 - - [29/Jul/2020:09:02:11 +0800] "GET /xingrg/kc/buy/cgsh_order_operate.html?command=get_materiel&rest_code=00108&code=00101006177&supplier_code=00100010&order_time=2020-07-29 HTTP/1.1" 200 409
114.88.161.57 - - [29/Jul/2020:09:02:13 +0800] "GET /xingrg/check_reg.html?_=1595984562686 HTTP/1.1" 200 22
114.88.161.57 - - [29/Jul/2020:09:02:13 +0800] "GET /xingrg/all/function/internal_message.html?_=1595984562684&CODE_STATE=getMsg HTTP/1.1" 200 27
222.69.143.3 - - [29/Jul/2020:09:02:15 +0800] "GET /xingrg/all/function/internal_message.html?_=1595984528880&CODE_STATE=getMsg HTTP/1.1" 200 27
114.89.80.44 - - [29/Jul/2020:09:02:16 +0800] "GET /xingrg/all/function/internal_message.html?_=1595984532817&CODE_STATE=getMsg HTTP/1.1" 200 27
116.230.74.197 - - [29/Jul/2020:09:02:17 +0800] "GET /xingrg/kc/buy/cgsh_order_operate.html?command=get_materiel&rest_code=00107&code=00101008137&supplier_code=00100006&order_time=2020-07-29 HTTP/1.1" 200 408
117.184.7.26 - - [29/Jul/2020:09:02:20 +0800] "POST /xingrg/kc/buy/cgsh_order_operate.html HTTP/1.1" 200 37
61.172.5.115 - - [29/Jul/2020:09:02:22 +0800] "POST /xingrg/kc/buy/cgsh_order_operate.html HTTP/1.1" 200 37
117.184.7.26 - - [29/Jul/2020:09:02:22 +0800] "POST /xingrg/kc/buy/cgsh_order_operate.html HTTP/1.1" 200 5005
117.184.7.26 - - [29/Jul/2020:09:02:23 +0800] "GET /xingrg/kc/print/load_data.html?order_code=212020072912100&kc_code=cgsh&condition= HTTP/1.1" 200 1610
61.172.5.115 - - [29/Jul/2020:09:02:23 +0800] "POST /xingrg/kc/buy/cgsh_order_operate.html HTTP/1.1" 200 3836
222.70.173.120 - - [29/Jul/2020:09:02:25 +0800] "GET /xingrg/check_reg.html?_=1595984555037 HTTP/1.1" 200 22
61.172.5.115 - - [29/Jul/2020:09:02:25 +0800] "GET /xingrg/kc/print/load_data.html?order_code=212020072912099&kc_code=cgsh&condition= HTTP/1.1" 200 1189
222.69.143.3 - - [29/Jul/2020:09:02:28 +0800] "GET /xingrg/kc/buy/cgsh_order_operate.html?command=get_materiel&rest_code=00149&code=00101008244&supplier_code=00100005&order_time=2020-07-29 HTTP/1.1" 200 408
116.230.74.197 - - [29/Jul/2020:09:02:31 +0800] "GET /xingrg/kc/buy/cgsh_order_operate.html?command=get_materiel&rest_code=00107&code=00101008225&supplier_code=00100006&order_time=2020-07-29 HTTP/1.1" 200 416
172.17.0.100 - - [29/Jul/2020:09:02:35 +0800] "GET /xingrg/index.html?sysBaseUrl=http%3A%2F%2F172.17.0.8%3A18081%2Fxingrg%2F&costTime=32×tamp=1585227824564 HTTP/1.1" 302 -
172.17.0.100 - - [29/Jul/2020:09:02:35 +0800] "GET /xingrg/login.html HTTP/1.1" 200 7636
222.69.143.3 - - [29/Jul/2020:09:02:35 +0800] "GET /xingrg/kc/buy/cgsh_order_operate.html?command=get_materiel&rest_code=00149&code=00101008149&supplier_code=00100005&order_time=2020-07-29 HTTP/1.1" 200 408
172.17.0.100 - - [29/Jul/2020:09:02:36 +0800] "GET /favicon.ico HTTP/1.1" 404 -
117.184.7.26 - - [29/Jul/2020:09:02:38 +0800] "GET /xingrg/all/function/internal_message.html?_=1595984552207&CODE_STATE=getMsg HTTP/1.1" 200 27
116.230.74.197 - - [29/Jul/2020:09:02:41 +0800] "GET /xingrg/kc/buy/cgsh_order_operate.html?command=get_materiel&rest_code=00107&code=00101008286&supplier_code=00100006&order_time=2020-07-29 HTTP/1.1" 200 408
222.69.143.3 - - [29/Jul/2020:09:02:43 +0800] "GET /xingrg/kc/buy/cgsh_order_operate.html?command=get_materiel&rest_code=00149&code=00101008112&supplier_code=00100005&order_time=2020-07-29 HTTP/1.1" 200 412
172.17.0.100 - - [29/Jul/2020:09:02:48 +0800] "POST /xingrg/login.do HTTP/1.1" 302 -
172.17.0.100 - - [29/Jul/2020:09:02:48 +0800] "GET /xingrg/index.html?sysBaseUrl=http%3A%2F%2F172.17.0.8%3A18081%2Fxingrg%2F&costTime=60×tamp=1595984568477 HTTP/1.1" 200 17124
222.69.143.3 - - [29/Jul/2020:09:02:48 +0800] "POST /xingrg/services/DataTransmitService HTTP/1.1" 200 524
61.172.5.115 - - [29/Jul/2020:09:02:48 +0800] "GET /xingrg/all/function/internal_message.html?_=1595984562333&CODE_STATE=getMsg HTTP/1.1" 200 27
172.17.0.100 - - [29/Jul/2020:09:02:48 +0800] "GET /favicon.ico HTTP/1.1" 404 -
116.230.74.197 - - [29/Jul/2020:09:02:48 +0800] "GET /xingrg/kc/buy/cgsh_order_operate.html?command=get_materiel&rest_code=00107&code=00101008036&supplier_code=00100006&order_time=2020-07-29 HTTP/1.1" 200 408
172.17.0.100 - - [29/Jul/2020:09:02:49 +0800] "POST /xingrg/all/common/load_tree.html?tree=area_rest_tree_json&manage=1 HTTP/1.1" 200 604
172.17.0.100 - - [29/Jul/2020:09:02:49 +0800] "GET /xingrg/all/function/internal_message.html?_=1595984568175&CODE_STATE=count HTTP/1.1" 200 11
172.17.0.100 - - [29/Jul/2020:09:02:49 +0800] "GET /xingrg/check_reg.html?_=1595984568176 HTTP/1.1" 200 22
172.17.0.100 - - [29/Jul/2020:09:02:49 +0800] "POST /xingrg/load_menu.html HTTP/1.1" 200 5103
114.88.161.57 - - [29/Jul/2020:09:02:51 +0800] "GET /xingrg/check_reg.html?_=1595984567673 HTTP/1.1" 200 22
222.69.143.3 - - [29/Jul/2020:09:02:51 +0800] "GET /xingrg/kc/buy/cgsh_order_operate.html?command=get_materiel&rest_code=00149&code=00101008185&supplier_code=00100005&order_time=2020-07-29 HTTP/1.1" 200 408
116.230.74.197 - - [29/Jul/2020:09:02:52 +0800] "POST /xingrg/kc/buy/cgsh_order_operate.html HTTP/1.1" 200 2065
172.17.0.100 - - [29/Jul/2020:09:02:53 +0800] "GET /xingrg/kc/base/wldb_order_list.html HTTP/1.1" 200 19241
222.69.143.3 - - [29/Jul/2020:09:02:54 +0800] "POST /xingrg/services/DataTransmitService HTTP/1.1" 200 501
172.17.0.100 - - [29/Jul/2020:09:02:54 +0800] "POST /xingrg/kc/base/wldb_list_operate.html HTTP/1.1" 200 928
58.40.7.146 - - [29/Jul/2020:09:02:54 +0800] "GET /xingrg/all/function/internal_message.html?_=1595984572208&CODE_STATE=getMsg HTTP/1.1" 200 27
114.88.161.57 - - [29/Jul/2020:09:02:55 +0800] "GET /xingrg/all/function/internal_message.html?_=1595984571956&CODE_STATE=getMsg HTTP/1.1" 200 27
222.69.143.3 - - [29/Jul/2020:09:02:56 +0800] "POST /xingrg/services/DataTransmitService HTTP/1.1" 200 501
222.70.173.120 - - [29/Jul/2020:09:02:56 +0800] "GET /xingrg/all/function/internal_message.html?_=1595984586514&CODE_STATE=getMsg HTTP/1.1" 200 27
117.184.7.26 - - [29/Jul/2020:09:02:58 +0800] "POST /xingrg/kc/buy/cgsh_list_operate.html HTTP/1.1" 200 2411
172.17.0.100 - - [29/Jul/2020:09:02:59 +0800] "GET /xingrg/kc/base/wldb_order_add.html HTTP/1.1" 200 30338
172.17.0.100 - - [29/Jul/2020:09:03:00 +0800] "GET /xingrg/words/20200728173406_words.js HTTP/1.1" 304 -
172.17.0.100 - - [29/Jul/2020:09:03:00 +0800] "POST /xingrg/kc/base/wldb_order_operate.html HTTP/1.1" 200 6806
172.17.0.100 - - [29/Jul/2020:09:03:00 +0800] "GET /xingrg/all/common/auto_word.html?type=base&rest_code=00147 HTTP/1.1" 200 1707
172.17.0.100 - - [29/Jul/2020:09:03:00 +0800] "GET /xingrg/javascript/easyui/themes/default/validatebox.css HTTP/1.1" 404 1104
172.17.0.100 - - [29/Jul/2020:09:03:00 +0800] "GET /xingrg/all/common/auto_word.html?type=base&rest_code=00147 HTTP/1.1" 200 1707
172.17.0.100 - - [29/Jul/2020:09:03:02 +0800] "GET /xingrg/javascript/auto/indicator.gif HTTP/1.1" 404 1066
172.17.0.100 - - [29/Jul/2020:09:03:04 +0800] "GET /xingrg/javascript/jquery_tools/images/prev.gif HTTP/1.1" 404 1086
172.17.0.100 - - [29/Jul/2020:09:03:04 +0800] "GET /xingrg/javascript/jquery_tools/images/next.gif HTTP/1.1" 404 1086
116.230.74.197 - - [29/Jul/2020:09:03:06 +0800] "GET /xingrg/all/function/internal_message.html?_=1595984580372&CODE_STATE=getMsg HTTP/1.1" 200 27
172.17.0.100 - - [29/Jul/2020:09:03:07 +0800] "GET /xingrg/kc/base/wldb_order_operate.html?command=get_materiel&rest_code=00147&base_code=0010287&code=00102002441 HTTP/1.1" 200 447
114.89.80.44 - - [29/Jul/2020:09:03:10 +0800] "GET /xingrg/all/function/internal_message.html?_=1595984708591&CODE_STATE=getMsg HTTP/1.1" 200 27
116.230.74.197 - - [29/Jul/2020:09:03:10 +0800] "GET /xingrg/kc/buy/cgsh_order_operate.html?command=get_materiel&rest_code=00107&code=00101008296&supplier_code=00100006&order_time=2020-07-29 HTTP/1.1" 200 416
114.88.161.57 - - [29/Jul/2020:09:03:13 +0800] "GET /xingrg/all/function/internal_message.html?_=1595984622671&CODE_STATE=getMsg HTTP/1.1" 200 27
172.17.0.100 - - [29/Jul/2020:09:03:14 +0800] "GET /xingrg/kc/base/wldb_order_operate.html?command=get_materiel&rest_code=00147&base_code=0010287&code=00102002150 HTTP/1.1" 200 432
222.69.143.3 - - [29/Jul/2020:09:03:15 +0800] "GET /xingrg/all/function/internal_message.html?_=1595984588876&CODE_STATE=getMsg HTTP/1.1" 200 27
114.89.80.44 - - [29/Jul/2020:09:03:16 +0800] "GET /xingrg/all/function/internal_message.html?_=1595984592817&CODE_STATE=getMsg HTTP/1.1" 200 27
116.230.74.197 - - [29/Jul/2020:09:03:19 +0800] "POST /xingrg/kc/buy/cgsh_order_operate.html HTTP/1.1" 200 37
116.230.74.197 - - [29/Jul/2020:09:03:20 +0800] "POST /xingrg/kc/buy/cgsh_order_operate.html HTTP/1.1" 200 26296
116.230.74.197 - - [29/Jul/2020:09:03:29 +0800] "GET /xingrg/kc/buy/cgsh_order_operate.html?command=get_materiel&rest_code=00107&code=00101008353&supplier_code=00100006&order_time=2020-07-29 HTTP/1.1" 200 408
117.184.7.26 - - [29/Jul/2020:09:03:38 +0800] "GET /xingrg/all/function/internal_message.html?_=1595984612214&CODE_STATE=getMsg HTTP/1.1" 200 27
222.69.143.3 - - [29/Jul/2020:09:03:39 +0800] "POST /xingrg/services/DataTransmitService HTTP/1.1" 200 501
114.88.161.57 - - [29/Jul/2020:09:03:43 +0800] "POST /xingrg/kc/buy/cgsh_list_operate.html HTTP/1.1" 200 2046
172.17.0.100 - - [29/Jul/2020:09:03:45 +0800] "GET /xingrg/kc/base/wldb_order_operate.html?command=get_materiel&rest_code=00147&base_code=0010287&code=00102002439 HTTP/1.1" 200 458
114.88.161.57 - - [29/Jul/2020:09:03:45 +0800] "POST /xingrg/kc/buy/cgsh_list_operate.html HTTP/1.1" 200 198
61.172.5.115 - - [29/Jul/2020:09:03:48 +0800] "GET /xingrg/all/function/internal_message.html?_=1595984622302&CODE_STATE=getMsg HTTP/1.1" 200 27
172.17.0.100 - - [29/Jul/2020:09:03:49 +0800] "GET /xingrg/all/function/internal_message.html?_=1595984628199&CODE_STATE=getMsg HTTP/1.1" 200 27
172.17.0.100 - - [29/Jul/2020:09:03:53 +0800] "GET /xingrg/kc/base/wldb_order_operate.html?command=get_materiel&rest_code=00147&base_code=0010287&code=00102002082 HTTP/1.1" 200 439
58.40.7.146 - - [29/Jul/2020:09:03:54 +0800] "GET /xingrg/check_reg.html?_=1595984632195 HTTP/1.1" 200 22
58.40.7.146 - - [29/Jul/2020:09:03:54 +0800] "GET /xingrg/all/function/internal_message.html?_=1595984632197&CODE_STATE=getMsg HTTP/1.1" 200 27
114.88.161.57 - - [29/Jul/2020:09:03:55 +0800] "GET /xingrg/all/function/internal_message.html?_=1595984631969&CODE_STATE=getMsg HTTP/1.1" 200 27
222.70.173.120 - - [29/Jul/2020:09:03:56 +0800] "GET /xingrg/all/function/internal_message.html?_=1595984646528&CODE_STATE=getMsg HTTP/1.1" 200 27
172.17.0.100 - - [29/Jul/2020:09:03:59 +0800] "POST /xingrg/kc/base/wldb_order_operate.html HTTP/1.1" 200 37
172.17.0.100 - - [29/Jul/2020:09:04:00 +0800] "POST /xingrg/kc/base/wldb_order_operate.html HTTP/1.1" 200 3681
172.17.0.100 - - [29/Jul/2020:09:04:00 +0800] "GET /xingrg/kc/base/wldb_order_info.html?code=422020072903338 HTTP/1.1" 200 30352
172.17.0.100 - - [29/Jul/2020:09:04:00 +0800] "GET /xingrg/javascript/easyui/themes/default/validatebox.css HTTP/1.1" 404 1104
172.17.0.100 - - [29/Jul/2020:09:04:01 +0800] "POST /xingrg/kc/base/wldb_order_operate.html HTTP/1.1" 200 3681
116.230.74.197 - - [29/Jul/2020:09:04:06 +0800] "GET /xingrg/check_reg.html?_=1595984640318 HTTP/1.1" 200 22
116.230.74.197 - - [29/Jul/2020:09:04:06 +0800] "GET /xingrg/all/function/internal_message.html?_=1595984640347&CODE_STATE=getMsg HTTP/1.1" 200 27
116.230.74.197 - - [29/Jul/2020:09:04:08 +0800] "GET /xingrg/kc/buy/cgsh_order_operate.html?command=get_materiel&rest_code=00107&code=00101008012&supplier_code=00100006&order_time=2020-07-29 HTTP/1.1" 200 412
114.89.80.44 - - [29/Jul/2020:09:04:10 +0800] "GET /xingrg/all/function/internal_message.html?_=1595984768604&CODE_STATE=getMsg HTTP/1.1" 200 27
222.69.143.3 - - [29/Jul/2020:09:04:12 +0800] "GET /xingrg/kc/buy/cgsh_order_operate.html?command=get_materiel&rest_code=00149&code=00101008038&supplier_code=00100005&order_time=2020-07-29 HTTP/1.1" 200 412
114.88.161.57 - - [29/Jul/2020:09:04:13 +0800] "GET /xingrg/all/function/internal_message.html?_=1595984682672&CODE_STATE=getMsg HTTP/1.1" 200 27
222.69.143.3 - - [29/Jul/2020:09:04:15 +0800] "GET /xingrg/all/function/internal_message.html?_=1595984648878&CODE_STATE=getMsg HTTP/1.1" 200 27
222.69.143.3 - - [29/Jul/2020:09:04:15 +0800] "GET /xingrg/check_reg.html?_=1595984648880 HTTP/1.1" 200 22
114.89.80.44 - - [29/Jul/2020:09:04:16 +0800] "GET /xingrg/all/function/internal_message.html?_=1595984652824&CODE_STATE=getMsg HTTP/1.1" 200 27
222.69.143.3 - - [29/Jul/2020:09:04:21 +0800] "POST /xingrg/services/DataTransmitService HTTP/1.1" 200 501
116.230.74.197 - - [29/Jul/2020:09:04:22 +0800] "GET /xingrg/kc/buy/cgsh_order_operate.html?command=get_materiel&rest_code=00107&code=00101008323&supplier_code=00100006&order_time=2020-07-29 HTTP/1.1" 200 408
222.69.143.3 - - [29/Jul/2020:09:04:27 +0800] "POST /xingrg/services/DataTransmitService HTTP/1.1" 200 501
222.69.143.3 - - [29/Jul/2020:09:04:27 +0800] "GET /xingrg/kc/buy/cgsh_order_operate.html?command=get_materiel&rest_code=00149&code=00101008283&supplier_code=00100005&order_time=2020-07-29 HTTP/1.1" 200 408
222.69.143.3 - - [29/Jul/2020:09:04:27 +0800] "POST /xingrg/services/DataTransmitService HTTP/1.1" 200 501
222.69.143.3 - - [29/Jul/2020:09:04:27 +0800] "POST /xingrg/services/DataTransmitService HTTP/1.1" 200 501
222.69.143.3 - - [29/Jul/2020:09:04:29 +0800] "POST /xingrg/services/DataTransmitService HTTP/1.1" 200 501
116.230.74.197 - - [29/Jul/2020:09:04:30 +0800] "POST /xingrg/kc/buy/cgsh_order_operate.html HTTP/1.1" 200 2065
222.69.143.3 - - [29/Jul/2020:09:04:31 +0800] "POST /xingrg/services/DataTransmitService HTTP/1.1" 200 501
222.69.143.3 - - [29/Jul/2020:09:04:32 +0800] "POST /xingrg/kc/buy/cgsh_order_operate.html HTTP/1.1" 200 2065
116.230.74.197 - - [29/Jul/2020:09:04:37 +0800] "GET /xingrg/kc/buy/cgsh_order_operate.html?command=get_materiel&rest_code=00107&code=00101008175&supplier_code=00100006&order_time=2020-07-29 HTTP/1.1" 200 412
222.69.143.3 - - [29/Jul/2020:09:04:37 +0800] "POST /xingrg/services/DataTransmitService HTTP/1.1" 200 412
117.184.7.26 - - [29/Jul/2020:09:04:38 +0800] "GET /xingrg/all/function/internal_message.html?_=1595984672213&CODE_STATE=getMsg HTTP/1.1" 200 27
222.69.143.3 - - [29/Jul/2020:09:04:40 +0800] "GET /xingrg/kc/buy/cgsh_order_operate.html?command=get_materiel&rest_code=00149&code=00101008358&supplier_code=00100005&order_time=2020-07-29 HTTP/1.1" 200 412
172.17.0.100 - - [29/Jul/2020:09:04:43 +0800] "GET /xingrg/kc/base/wldb_order_add.html HTTP/1.1" 200 30338
172.17.0.100 - - [29/Jul/2020:09:04:43 +0800] "GET /xingrg/javascript/easyui/themes/default/validatebox.css HTTP/1.1" 404 1104
172.17.0.100 - - [29/Jul/2020:09:04:43 +0800] "POST /xingrg/kc/base/wldb_order_operate.html HTTP/1.1" 200 6806
116.230.74.197 - - [29/Jul/2020:09:04:48 +0800] "GET /xingrg/kc/buy/cgsh_order_operate.html?command=get_materiel&rest_code=00107&code=00101008095&supplier_code=00100006&order_time=2020-07-29 HTTP/1.1" 200 412
61.172.5.115 - - [29/Jul/2020:09:04:48 +0800] "GET /xingrg/all/function/internal_message.html?_=1595984682287&CODE_STATE=getMsg HTTP/1.1" 200 27
172.17.0.100 - - [29/Jul/2020:09:04:49 +0800] "GET /xingrg/all/function/internal_message.html?_=1595984688207&CODE_STATE=getMsg HTTP/1.1" 200 27
58.40.7.146 - - [29/Jul/2020:09:04:54 +0800] "GET /xingrg/all/function/internal_message.html?_=1595984692199&CODE_STATE=getMsg HTTP/1.1" 200 27
222.69.143.3 - - [29/Jul/2020:09:04:54 +0800] "GET /xingrg/kc/buy/cgsh_order_operate.html?command=get_materiel&rest_code=00149&code=00101008224&supplier_code=00100005&order_time=2020-07-29 HTTP/1.1" 200 416
114.88.161.57 - - [29/Jul/2020:09:04:55 +0800] "GET /xingrg/all/function/internal_message.html?_=1595984691985&CODE_STATE=getMsg HTTP/1.1" 200 27
222.70.173.120 - - [29/Jul/2020:09:04:57 +0800] "GET /xingrg/all/function/internal_message.html?_=1595984706753&CODE_STATE=getMsg HTTP/1.1" 200 27
116.230.74.197 - - [29/Jul/2020:09:04:58 +0800] "GET /xingrg/kc/buy/cgsh_order_operate.html?command=get_materiel&rest_code=00107&code=00101008168&supplier_code=00100006&order_time=2020-07-29 HTTP/1.1" 200 413
172.17.0.100 - - [29/Jul/2020:09:04:59 +0800] "GET /xingrg/kc/base/wldb_order_operate.html?command=get_materiel&rest_code=00147&base_code=0010287&code=00102002208 HTTP/1.1" 200 443
116.230.74.197 - - [29/Jul/2020:09:05:06 +0800] "GET /xingrg/all/function/internal_message.html?_=1595984700329&CODE_STATE=getMsg HTTP/1.1" 200 27
222.69.143.3 - - [29/Jul/2020:09:05:06 +0800] "GET /xingrg/kc/buy/cgsh_order_operate.html?command=get_materiel&rest_code=00149&code=00101008370&supplier_code=00100005&order_time=2020-07-29 HTTP/1.1" 200 412
114.89.80.44 - - [29/Jul/2020:09:05:10 +0800] "GET /xingrg/all/function/internal_message.html?_=1595984828685&CODE_STATE=getMsg HTTP/1.1" 200 27
114.88.161.57 - - [29/Jul/2020:09:05:13 +0800] "GET /xingrg/all/function/internal_message.html?_=1595984742670&CODE_STATE=getMsg HTTP/1.1" 200 27
222.69.143.3 - - [29/Jul/2020:09:05:13 +0800] "GET /xingrg/kc/buy/cgsh_order_operate.html?command=get_materiel&rest_code=00149&code=00101008126&supplier_code=00100005&order_time=2020-07-29 HTTP/1.1" 200 412
222.69.143.3 - - [29/Jul/2020:09:05:15 +0800] "GET /xingrg/all/function/internal_message.html?_=1595984708928&CODE_STATE=getMsg HTTP/1.1" 200 27
222.69.143.3 - - [29/Jul/2020:09:05:15 +0800] "POST /xingrg/kc/buy/cgsh_order_operate.html HTTP/1.1" 200 2065
114.89.80.44 - - [29/Jul/2020:09:05:16 +0800] "GET /xingrg/all/function/internal_message.html?_=1595984712831&CODE_STATE=getMsg HTTP/1.1" 200 27
114.89.80.44 - - [29/Jul/2020:09:05:16 +0800] "GET /xingrg/check_reg.html?_=1595984712834 HTTP/1.1" 200 22
116.230.74.197 - - [29/Jul/2020:09:05:18 +0800] "GET /xingrg/kc/buy/cgsh_order_operate.html?command=get_materiel&rest_code=00107&code=00101008092&supplier_code=00100006&order_time=2020-07-29 HTTP/1.1" 200 412
116.230.74.197 - - [29/Jul/2020:09:05:21 +0800] "POST /xingrg/kc/buy/cgsh_order_operate.html HTTP/1.1" 200 2065
222.69.143.3 - - [29/Jul/2020:09:05:22 +0800] "GET /xingrg/kc/buy/cgsh_order_operate.html?command=get_materiel&rest_code=00149&code=00101008087&supplier_code=00100005&order_time=2020-07-29 HTTP/1.1" 200 412
222.69.143.3 - - [29/Jul/2020:09:05:32 +0800] "GET /xingrg/kc/buy/cgsh_order_operate.html?command=get_materiel&rest_code=00149&code=00101008148&supplier_code=00100005&order_time=2020-07-29 HTTP/1.1" 200 416
116.230.74.197 - - [29/Jul/2020:09:05:33 +0800] "GET /xingrg/kc/buy/cgsh_order_operate.html?command=get_materiel&rest_code=00107&code=00101008236&supplier_code=00100006&order_time=2020-07-29 HTTP/1.1" 200 416
117.184.7.26 - - [29/Jul/2020:09:05:38 +0800] "GET /xingrg/all/function/internal_message.html?_=1595984732213&CODE_STATE=getMsg HTTP/1.1" 200 27
117.184.7.26 - - [29/Jul/2020:09:05:38 +0800] "GET /xingrg/check_reg.html?_=1595984732215 HTTP/1.1" 200 22
116.230.74.197 - - [29/Jul/2020:09:05:43 +0800] "GET /xingrg/kc/buy/cgsh_order_operate.html?command=get_materiel&rest_code=00107&code=00101008114&supplier_code=00100006&order_time=2020-07-29 HTTP/1.1" 200 412
222.69.143.3 - - [29/Jul/2020:09:05:43 +0800] "GET /xingrg/kc/buy/cgsh_order_operate.html?command=get_materiel&rest_code=00149&code=00101008144&supplier_code=00100005&order_time=2020-07-29 HTTP/1.1" 200 412
61.172.5.115 - - [29/Jul/2020:09:05:48 +0800] "GET /xingrg/all/function/internal_message.html?_=1595984742273&CODE_STATE=getMsg HTTP/1.1" 200 27
172.17.0.100 - - [29/Jul/2020:09:05:49 +0800] "GET /xingrg/all/function/internal_message.html?_=1595984748198&CODE_STATE=getMsg HTTP/1.1" 200 27
222.69.143.3 - - [29/Jul/2020:09:05:52 +0800] "GET /xingrg/kc/buy/cgsh_order_operate.html?command=get_materiel&rest_code=00149&code=00101008264&supplier_code=00100005&order_time=2020-07-29 HTTP/1.1" 200 412
58.40.7.146 - - [29/Jul/2020:09:05:54 +0800] "GET /xingrg/all/function/internal_message.html?_=1595984752201&CODE_STATE=getMsg HTTP/1.1" 200 27
116.230.74.197 - - [29/Jul/2020:09:05:54 +0800] "GET /xingrg/kc/buy/cgsh_order_operate.html?command=get_materiel&rest_code=00107&code=00101009010&supplier_code=00100006&order_time=2020-07-29 HTTP/1.1" 200 412
172.17.0.100 - - [29/Jul/2020:09:05:54 +0800] "POST /xingrg/kc/base/wldb_order_operate.html HTTP/1.1" 200 37
172.17.0.100 - - [29/Jul/2020:09:05:54 +0800] "POST /xingrg/kc/base/wldb_order_operate.html HTTP/1.1" 200 2192
172.17.0.100 - - [29/Jul/2020:09:05:55 +0800] "GET /xingrg/kc/base/wldb_order_info.html?code=422020072903339 HTTP/1.1" 200 30348
172.17.0.100 - - [29/Jul/2020:09:05:55 +0800] "GET /xingrg/javascript/easyui/themes/default/validatebox.css HTTP/1.1" 404 1104
172.17.0.100 - - [29/Jul/2020:09:05:55 +0800] "POST /xingrg/kc/base/wldb_order_operate.html HTTP/1.1" 200 2192
114.88.161.57 - - [29/Jul/2020:09:05:55 +0800] "GET /xingrg/all/function/internal_message.html?_=1595984752385&CODE_STATE=getMsg HTTP/1.1" 200 27
172.17.0.100 - - [29/Jul/2020:09:05:57 +0800] "GET /xingrg/kc/base/wldb_order_add.html HTTP/1.1" 200 30338
222.70.173.120 - - [29/Jul/2020:09:05:57 +0800] "GET /xingrg/all/function/internal_message.html?_=1595984766758&CODE_STATE=getMsg HTTP/1.1" 200 27
172.17.0.100 - - [29/Jul/2020:09:05:57 +0800] "POST /xingrg/kc/base/wldb_order_operate.html HTTP/1.1" 200 6806
172.17.0.100 - - [29/Jul/2020:09:05:57 +0800] "GET /xingrg/javascript/easyui/themes/default/validatebox.css HTTP/1.1" 404 1104
222.69.143.3 - - [29/Jul/2020:09:06:01 +0800] "GET /xingrg/kc/buy/cgsh_order_operate.html?command=get_materiel&rest_code=00149&code=00101008356&supplier_code=00100005&order_time=2020-07-29 HTTP/1.1" 200 408
222.69.143.3 - - [29/Jul/2020:09:06:04 +0800] "POST /xingrg/kc/buy/cgsh_order_operate.html HTTP/1.1" 200 2065
116.230.74.197 - - [29/Jul/2020:09:06:06 +0800] "GET /xingrg/all/function/internal_message.html?_=1595984760319&CODE_STATE=getMsg HTTP/1.1" 200 27
116.230.74.197 - - [29/Jul/2020:09:06:07 +0800] "GET /xingrg/kc/buy/cgsh_order_operate.html?command=get_materiel&rest_code=00107&code=00101009066&supplier_code=00100006&order_time=2020-07-29 HTTP/1.1" 200 416
114.89.80.44 - - [29/Jul/2020:09:06:10 +0800] "GET /xingrg/all/function/internal_message.html?_=1595984888693&CODE_STATE=getMsg HTTP/1.1" 200 27
114.88.161.57 - - [29/Jul/2020:09:06:13 +0800] "GET /xingrg/all/function/internal_message.html?_=1595984802670&CODE_STATE=getMsg HTTP/1.1" 200 27
172.17.0.100 - - [29/Jul/2020:09:06:13 +0800] "POST /xingrg/kc/base/wldb_order_operate.html HTTP/1.1" 200 37
172.17.0.100 - - [29/Jul/2020:09:06:14 +0800] "POST /xingrg/kc/base/wldb_order_operate.html HTTP/1.1" 200 2680
172.17.0.100 - - [29/Jul/2020:09:06:14 +0800] "GET /xingrg/kc/base/wldb_order_info.html?code=422020072903340 HTTP/1.1" 200 30352
172.17.0.100 - - [29/Jul/2020:09:06:14 +0800] "GET /xingrg/javascript/easyui/themes/default/validatebox.css HTTP/1.1" 404 1104
172.17.0.100 - - [29/Jul/2020:09:06:15 +0800] "POST /xingrg/kc/base/wldb_order_operate.html HTTP/1.1" 200 2680
222.69.143.3 - - [29/Jul/2020:09:06:15 +0800] "GET /xingrg/all/function/internal_message.html?_=1595984768909&CODE_STATE=getMsg HTTP/1.1" 200 27
114.89.80.44 - - [29/Jul/2020:09:06:16 +0800] "GET /xingrg/all/function/internal_message.html?_=1595984772835&CODE_STATE=getMsg HTTP/1.1" 200 27
116.230.74.197 - - [29/Jul/2020:09:06:17 +0800] "GET /xingrg/kc/buy/cgsh_order_operate.html?command=get_materiel&rest_code=00107&code=00101009007&supplier_code=00100006&order_time=2020-07-29 HTTP/1.1" 200 408
172.17.0.100 - - [29/Jul/2020:09:06:19 +0800] "POST /xingrg/kc/base/wldb_list_operate.html HTTP/1.1" 200 2583
116.230.74.197 - - [29/Jul/2020:09:06:21 +0800] "POST /xingrg/kc/buy/cgsh_order_operate.html HTTP/1.1" 200 2065
222.69.143.3 - - [29/Jul/2020:09:06:26 +0800] "GET /xingrg/kc/buy/cgsh_order_operate.html?command=get_materiel&rest_code=00149&code=00101008137&supplier_code=00100005&order_time=2020-07-29 HTTP/1.1" 200 408
116.230.74.197 - - [29/Jul/2020:09:06:30 +0800] "GET /xingrg/kc/buy/cgsh_order_operate.html?command=get_materiel&rest_code=00107&code=00101009011&supplier_code=00100006&order_time=2020-07-29 HTTP/1.1" 200 436
222.69.143.3 - - [29/Jul/2020:09:06:35 +0800] "GET /xingrg/kc/buy/cgsh_order_operate.html?command=get_materiel&rest_code=00149&code=00101008360&supplier_code=00100005&order_time=2020-07-29 HTTP/1.1" 200 412
172.17.0.100 - - [29/Jul/2020:09:06:36 +0800] "POST /xingrg/kc/base/wldb_list_operate.html HTTP/1.1" 200 4
172.17.0.100 - - [29/Jul/2020:09:06:37 +0800] "POST /xingrg/kc/base/wldb_list_operate.html HTTP/1.1" 200 928
117.184.7.26 - - [29/Jul/2020:09:06:38 +0800] "GET /xingrg/all/function/internal_message.html?_=1595984792245&CODE_STATE=getMsg HTTP/1.1" 200 27
172.17.0.100 - - [29/Jul/2020:09:06:41 +0800] "GET /xingrg/kc/buy/cgsh_order_list.html HTTP/1.1" 200 43627
116.230.74.197 - - [29/Jul/2020:09:06:43 +0800] "GET /xingrg/kc/buy/cgsh_order_operate.html?command=get_materiel&rest_code=00107&code=00101008141&supplier_code=00100006&order_time=2020-07-29 HTTP/1.1" 200 414
222.69.143.3 - - [29/Jul/2020:09:06:43 +0800] "GET /xingrg/kc/buy/cgsh_order_operate.html?command=get_materiel&rest_code=00149&code=00101008223&supplier_code=00100005&order_time=2020-07-29 HTTP/1.1" 200 412
61.172.5.115 - - [29/Jul/2020:09:06:48 +0800] "GET /xingrg/all/function/internal_message.html?_=1595984802257&CODE_STATE=getMsg HTTP/1.1" 200 27
61.172.5.115 - - [29/Jul/2020:09:06:48 +0800] "GET /xingrg/check_reg.html?_=1595984802339 HTTP/1.1" 200 22
172.17.0.100 - - [29/Jul/2020:09:06:49 +0800] "GET /xingrg/all/function/internal_message.html?_=1595984808200&CODE_STATE=getMsg HTTP/1.1" 200 27
58.40.7.146 - - [29/Jul/2020:09:06:54 +0800] "GET /xingrg/all/function/internal_message.html?_=1595984812204&CODE_STATE=getMsg HTTP/1.1" 200 27
114.88.161.57 - - [29/Jul/2020:09:06:55 +0800] "GET /xingrg/all/function/internal_message.html?_=1595984812402&CODE_STATE=getMsg HTTP/1.1" 200 27
222.70.173.120 - - [29/Jul/2020:09:06:57 +0800] "GET /xingrg/all/function/internal_message.html?_=1595984826969&CODE_STATE=getMsg HTTP/1.1" 200 27
172.17.0.100 - - [29/Jul/2020:09:06:59 +0800] "POST /xingrg/kc/buy/cgsh_list_operate.html HTTP/1.1" 200 5195
172.17.0.100 - - [29/Jul/2020:09:07:02 +0800] "GET /xingrg/kc/buy/cgsh_order_add.html HTTP/1.1" 200 59312
172.17.0.100 - - [29/Jul/2020:09:07:02 +0800] "POST /xingrg/kc/buy/cgsh_order_operate.html HTTP/1.1" 200 8245
172.17.0.100 - - [29/Jul/2020:09:07:02 +0800] "GET /xingrg/all/common/auto_word.html?type=employee&rest_code=00147 HTTP/1.1" 200 201
172.17.0.100 - - [29/Jul/2020:09:07:02 +0800] "GET /xingrg/javascript/easyui/themes/default/validatebox.css HTTP/1.1" 404 1104
172.17.0.100 - - [29/Jul/2020:09:07:02 +0800] "GET /xingrg/all/common/auto_word.html?type=employee&rest_code=00147 HTTP/1.1" 200 201
116.230.74.197 - - [29/Jul/2020:09:07:07 +0800] "GET /xingrg/all/function/internal_message.html?_=1595984820376&CODE_STATE=getMsg HTTP/1.1" 200 27
114.89.80.44 - - [29/Jul/2020:09:07:09 +0800] "GET /xingrg/check_reg.html?_=1595984948147 HTTP/1.1" 200 22
114.89.80.44 - - [29/Jul/2020:09:07:10 +0800] "GET /xingrg/all/function/internal_message.html?_=1595984948707&CODE_STATE=getMsg HTTP/1.1" 200 27
114.88.161.57 - - [29/Jul/2020:09:07:13 +0800] "GET /xingrg/check_reg.html?_=1595984862687 HTTP/1.1" 200 22
114.88.161.57 - - [29/Jul/2020:09:07:13 +0800] "GET /xingrg/all/function/internal_message.html?_=1595984862684&CODE_STATE=getMsg HTTP/1.1" 200 27
222.69.143.3 - - [29/Jul/2020:09:07:15 +0800] "GET /xingrg/all/function/internal_message.html?_=1595984828879&CODE_STATE=getMsg HTTP/1.1" 200 27
114.89.80.44 - - [29/Jul/2020:09:07:16 +0800] "GET /xingrg/all/function/internal_message.html?_=1595984832845&CODE_STATE=getMsg HTTP/1.1" 200 27
172.17.0.100 - - [29/Jul/2020:09:07:16 +0800] "GET /xingrg/kc/buy/cgsh_order_operate.html?command=get_materiel&rest_code=00147&code=00102001051&supplier_code=00100073&order_time=2020-07-29 HTTP/1.1" 200 416
116.230.74.197 - - [29/Jul/2020:09:07:18 +0800] "GET /xingrg/kc/buy/cgsh_order_operate.html?command=get_materiel&rest_code=00107&code=00101008098&supplier_code=00100006&order_time=2020-07-29 HTTP/1.1" 200 412
222.70.173.120 - - [29/Jul/2020:09:07:25 +0800] "GET /xingrg/check_reg.html?_=1595984855038 HTTP/1.1" 200 22
172.17.0.100 - - [29/Jul/2020:09:07:28 +0800] "GET /xingrg/kc/buy/cgsh_order_operate.html?command=get_materiel&rest_code=00147&code=00102001096&supplier_code=00100073&order_time=2020-07-29 HTTP/1.1" 200 431
116.230.74.197 - - [29/Jul/2020:09:07:31 +0800] "POST /xingrg/kc/buy/cgsh_order_operate.html HTTP/1.1" 200 2065
172.17.0.100 - - [29/Jul/2020:09:07:37 +0800] "GET /xingrg/kc/buy/cgsh_order_operate.html?command=get_materiel&rest_code=00147&code=00102001105&supplier_code=00100073&order_time=2020-07-29 HTTP/1.1" 200 432
117.184.7.26 - - [29/Jul/2020:09:07:38 +0800] "GET /xingrg/all/function/internal_message.html?_=1595984852200&CODE_STATE=getMsg HTTP/1.1" 200 27
116.230.74.197 - - [29/Jul/2020:09:07:44 +0800] "GET /xingrg/kc/buy/cgsh_order_operate.html?command=get_materiel&rest_code=00107&code=00101020029&supplier_code=00100006&order_time=2020-07-29 HTTP/1.1" 200 413
61.172.5.115 - - [29/Jul/2020:09:07:48 +0800] "GET /xingrg/all/function/internal_message.html?_=1595984862230&CODE_STATE=getMsg HTTP/1.1" 200 27
172.17.0.100 - - [29/Jul/2020:09:07:49 +0800] "GET /xingrg/check_reg.html?_=1595984868201 HTTP/1.1" 200 22
172.17.0.100 - - [29/Jul/2020:09:07:49 +0800] "GET /xingrg/all/function/internal_message.html?_=1595984868202&CODE_STATE=getMsg HTTP/1.1" 200 27
172.17.0.100 - - [29/Jul/2020:09:07:50 +0800] "POST /xingrg/kc/buy/cgsh_order_operate.html HTTP/1.1" 200 37
172.17.0.100 - - [29/Jul/2020:09:07:51 +0800] "POST /xingrg/kc/buy/cgsh_order_operate.html HTTP/1.1" 200 3862
114.88.161.57 - - [29/Jul/2020:09:07:51 +0800] "GET /xingrg/check_reg.html?_=1595984868070 HTTP/1.1" 200 22
172.17.0.100 - - [29/Jul/2020:09:07:52 +0800] "GET /xingrg/kc/print/load_config.html?kc_code=cgsh HTTP/1.1" 200 1845
58.40.7.146 - - [29/Jul/2020:09:07:54 +0800] "GET /xingrg/all/function/internal_message.html?_=1595984872209&CODE_STATE=getMsg HTTP/1.1" 200 27
116.230.74.197 - - [29/Jul/2020:09:07:55 +0800] "POST /xingrg/kc/buy/cgsh_order_operate.html HTTP/1.1" 200 37
172.17.0.100 - - [29/Jul/2020:09:07:55 +0800] "GET /xingrg/kc/print/load_data.html?order_code=212020072912102&kc_code=cgsh&condition= HTTP/1.1" 200 2273
114.88.161.57 - - [29/Jul/2020:09:07:55 +0800] "GET /xingrg/all/function/internal_message.html?_=1595984872415&CODE_STATE=getMsg HTTP/1.1" 200 27
222.70.173.120 - - [29/Jul/2020:09:07:57 +0800] "GET /xingrg/all/function/internal_message.html?_=1595984886971&CODE_STATE=getMsg HTTP/1.1" 200 27
114.89.80.44 - - [29/Jul/2020:09:08:10 +0800] "GET /xingrg/all/function/internal_message.html?_=1595985008720&CODE_STATE=getMsg HTTP/1.1" 200 27
172.17.0.100 - - [29/Jul/2020:09:08:10 +0800] "GET /xingrg/index.html?sysBaseUrl=http%3A%2F%2F172.17.0.8%3A18081%2Fxingrg%2F&costTime=32×tamp=1585227824564 HTTP/1.1" 302 -
172.17.0.100 - - [29/Jul/2020:09:08:10 +0800] "GET /xingrg/login.html HTTP/1.1" 200 7636
172.17.0.100 - - [29/Jul/2020:09:08:10 +0800] "GET /favicon.ico HTTP/1.1" 404 -
116.230.74.197 - - [29/Jul/2020:09:08:12 +0800] "POST /xingrg/kc/buy/cgsh_order_operate.html HTTP/1.1" 200 38117
114.88.161.57 - - [29/Jul/2020:09:08:13 +0800] "GET /xingrg/all/function/internal_message.html?_=1595984922671&CODE_STATE=getMsg HTTP/1.1" 200 27
172.17.0.100 - - [29/Jul/2020:09:08:15 +0800] "POST /xingrg/login.do HTTP/1.1" 302 -
172.17.0.100 - - [29/Jul/2020:09:08:15 +0800] "GET /xingrg/index.html?sysBaseUrl=http%3A%2F%2F172.17.0.8%3A18081%2Fxingrg%2F&costTime=105×tamp=1595984895726 HTTP/1.1" 200 17124
222.69.143.3 - - [29/Jul/2020:09:08:15 +0800] "GET /xingrg/all/function/internal_message.html?_=1595984888890&CODE_STATE=getMsg HTTP/1.1" 200 27
172.17.0.100 - - [29/Jul/2020:09:08:15 +0800] "GET /favicon.ico HTTP/1.1" 404 -
172.17.0.100 - - [29/Jul/2020:09:08:15 +0800] "POST /xingrg/all/common/load_tree.html?tree=area_rest_tree_json&manage=1 HTTP/1.1" 200 604
