117.185.32.26 - - [27/Jul/2020:10:48:41 +0800] "POST /xingrg/kc/buy/cgsh_order_operate.html HTTP/1.1" 200 3561
172.17.200.101 - - [27/Jul/2020:10:48:42 +0800] "GET /xingrg/all/function/internal_message.html?_=1595818123607&CODE_STATE=getMsg HTTP/1.1" 302 -
222.69.27.237 - - [27/Jul/2020:10:48:43 +0800] "POST /xingrg/kc/buy/cgsh_order_operate.html HTTP/1.1" 200 5020
172.17.0.123 - - [27/Jul/2020:10:48:43 +0800] "GET /xingrg/all/report/report_query.html?fileName=kc/buy/gys_amount_base_rest.xml HTTP/1.1" 200 51589
172.17.0.123 - - [27/Jul/2020:10:48:43 +0800] "GET /xingrg/dwr/interface/AjaxReportQueryService.js HTTP/1.1" 200 13203
172.17.0.123 - - [27/Jul/2020:10:48:43 +0800] "GET /xingrg/dwr/engine.js HTTP/1.1" 200 43631
116.230.146.118 - - [27/Jul/2020:10:48:43 +0800] "GET /xingrg/kc/buy/cgsh_order_add.html HTTP/1.1" 200 59363
172.17.0.123 - - [27/Jul/2020:10:48:43 +0800] "POST /xingrg/dwr/call/plaincall/AjaxReportQueryService.getFixDate.dwr HTTP/1.1" 200 111
172.17.0.123 - - [27/Jul/2020:10:48:43 +0800] "POST /xingrg/all/common/load_tree.html?tree=area_rest_tree_json&manage=1 HTTP/1.1" 200 3216
117.185.32.26 - - [27/Jul/2020:10:48:43 +0800] "GET /xingrg/kc/print/load_config.html?kc_code=cgsh HTTP/1.1" 200 1845
117.185.32.26 - - [27/Jul/2020:10:48:43 +0800] "GET /xingrg/kc/print/load_data.html?order_code=212020072711337&kc_code=cgsh&condition= HTTP/1.1" 200 1848
172.17.0.123 - - [27/Jul/2020:10:48:43 +0800] "POST /xingrg/all/common/load_tree.html?tree=supplier_tree_json&manage=1 HTTP/1.1" 200 50282
116.230.146.118 - - [27/Jul/2020:10:48:43 +0800] "GET /xingrg/words/20200726131235_words.js HTTP/1.1" 304 -
61.172.5.115 - - [27/Jul/2020:10:48:44 +0800] "GET /xingrg/kc/buy/cgsh_order_add.html HTTP/1.1" 200 59316
116.230.146.118 - - [27/Jul/2020:10:48:44 +0800] "GET /xingrg/javascript/easyui/themes/default/validatebox.css HTTP/1.1" 404 1104
116.230.146.118 - - [27/Jul/2020:10:48:44 +0800] "POST /xingrg/kc/buy/cgsh_order_operate.html HTTP/1.1" 200 8245
61.172.5.115 - - [27/Jul/2020:10:48:44 +0800] "POST /xingrg/kc/buy/cgsh_order_operate.html HTTP/1.1" 200 8245
61.172.5.115 - - [27/Jul/2020:10:48:44 +0800] "GET /xingrg/javascript/easyui/themes/default/validatebox.css HTTP/1.1" 404 1104
222.69.136.242 - - [27/Jul/2020:10:48:45 +0800] "GET /xingrg/kc/buy/cgsh_order_add.html HTTP/1.1" 200 59369
222.69.136.242 - - [27/Jul/2020:10:48:45 +0800] "GET /xingrg/words/20200726131235_words.js HTTP/1.1" 304 -
222.69.136.242 - - [27/Jul/2020:10:48:45 +0800] "POST /xingrg/kc/buy/cgsh_order_operate.html HTTP/1.1" 200 8245
222.69.136.242 - - [27/Jul/2020:10:48:45 +0800] "GET /xingrg/javascript/easyui/themes/default/validatebox.css HTTP/1.1" 404 1104
116.230.146.118 - - [27/Jul/2020:10:48:45 +0800] "GET /xingrg/javascript/easyui/themes/default/tree.css HTTP/1.1" 404 1090
116.230.146.118 - - [27/Jul/2020:10:48:45 +0800] "POST /xingrg/all/common/load_tree.html?tree=supplier_tree_json&isDelete=1 HTTP/1.1" 200 49550
222.69.27.237 - - [27/Jul/2020:10:48:46 +0800] "POST /xingrg/kc/buy/cgsh_order_operate.html HTTP/1.1" 200 37
117.184.7.30 - - [27/Jul/2020:10:48:46 +0800] "POST /xingrg/kc/buy/cgsh_list_operate.html HTTP/1.1" 200 3849
222.69.27.237 - - [27/Jul/2020:10:48:47 +0800] "POST /xingrg/kc/buy/cgsh_order_operate.html HTTP/1.1" 200 5020
222.69.136.242 - - [27/Jul/2020:10:48:49 +0800] "GET /xingrg/all/function/internal_message.html?_=1595818127331&CODE_STATE=getMsg HTTP/1.1" 200 27
172.17.0.108 - - [27/Jul/2020:10:48:49 +0800] "GET /xingrg/check_reg.html?_=1595818128903 HTTP/1.1" 200 22
172.17.0.108 - - [27/Jul/2020:10:48:49 +0800] "GET /xingrg/all/function/internal_message.html?_=1595818128906&CODE_STATE=getMsg HTTP/1.1" 200 27
61.172.5.115 - - [27/Jul/2020:10:48:50 +0800] "GET /xingrg/all/function/internal_message.html?_=1595818125152&CODE_STATE=getMsg HTTP/1.1" 200 27
116.230.146.118 - - [27/Jul/2020:10:48:50 +0800] "GET /xingrg/all/function/internal_message.html?_=1595818128576&CODE_STATE=getMsg HTTP/1.1" 200 27
116.230.146.118 - - [27/Jul/2020:10:48:50 +0800] "GET /xingrg/check_reg.html?_=1595818128589 HTTP/1.1" 200 22
172.17.0.185 - - [27/Jul/2020:10:48:51 +0800] "GET /xingrg/all/function/internal_message.html?_=1595818130203&CODE_STATE=getMsg HTTP/1.1" 200 27
117.184.7.30 - - [27/Jul/2020:10:48:51 +0800] "POST /xingrg/kc/buy/cgsh_list_operate.html HTTP/1.1" 200 468
117.184.7.30 - - [27/Jul/2020:10:48:51 +0800] "GET /xingrg/kc/buy/cgsh_order_info.html?code=212020072711340 HTTP/1.1" 200 59288
117.184.7.26 - - [27/Jul/2020:10:48:52 +0800] "GET /xingrg/javascript/easyui/themes/default/validatebox.css HTTP/1.1" 404 1104
117.184.7.30 - - [27/Jul/2020:10:48:52 +0800] "POST /xingrg/kc/buy/cgsh_order_operate.html HTTP/1.1" 200 4559
222.69.136.242 - - [27/Jul/2020:10:48:54 +0800] "GET /xingrg/kc/base/wldb_order_list.html HTTP/1.1" 200 19261
222.69.136.242 - - [27/Jul/2020:10:48:55 +0800] "POST /xingrg/kc/base/wldb_list_operate.html HTTP/1.1" 200 928
172.17.0.120 - - [27/Jul/2020:10:48:55 +0800] "GET /xingrg/all/function/internal_message.html?_=1595818134243&CODE_STATE=getMsg HTTP/1.1" 200 27
117.184.7.30 - - [27/Jul/2020:10:48:56 +0800] "GET /xingrg/all/function/internal_message.html?_=1595818135354&CODE_STATE=getMsg HTTP/1.1" 200 27
114.88.159.89 - - [27/Jul/2020:10:48:58 +0800] "GET /xingrg/all/function/internal_message.html?_=1595818138542&CODE_STATE=getMsg HTTP/1.1" 200 27
120.253.135.82 - - [27/Jul/2020:10:49:00 +0800] "GET /xingrg/all/function/internal_message.html?_=1595817893124&CODE_STATE=getMsg HTTP/1.1" 200 27
120.253.135.82 - - [27/Jul/2020:10:49:00 +0800] "GET /xingrg/all/function/internal_message.html?_=1595818265075&CODE_STATE=getMsg HTTP/1.1" 200 27
61.172.5.115 - - [27/Jul/2020:10:49:01 +0800] "GET /xingrg/all/function/internal_message.html?_=1595818136461&CODE_STATE=getMsg HTTP/1.1" 200 27
222.69.27.237 - - [27/Jul/2020:10:49:02 +0800] "POST /xingrg/kc/buy/cgsh_order_operate.html HTTP/1.1" 200 37
222.69.27.237 - - [27/Jul/2020:10:49:04 +0800] "POST /xingrg/kc/buy/cgsh_order_operate.html HTTP/1.1" 200 12
222.69.27.237 - - [27/Jul/2020:10:49:04 +0800] "GET /xingrg/kc/buy/cgsh_order_info.html?code=212020072711342 HTTP/1.1" 200 53340
116.230.146.118 - - [27/Jul/2020:10:49:04 +0800] "GET /xingrg/kc/buy/cgsh_order_operate.html?command=get_materiel&rest_code=00107&code=00101002007&supplier_code=00100199&order_time=2020-07-27 HTTP/1.1" 200 409
222.69.27.237 - - [27/Jul/2020:10:49:04 +0800] "GET /xingrg/javascript/easyui/themes/default/validatebox.css HTTP/1.1" 404 1104
222.69.27.237 - - [27/Jul/2020:10:49:05 +0800] "POST /xingrg/kc/buy/cgsh_order_operate.html HTTP/1.1" 200 2969
114.88.159.89 - - [27/Jul/2020:10:49:05 +0800] "GET /xingrg/all/function/internal_message.html?_=1595817809643&CODE_STATE=getMsg HTTP/1.1" 200 27
172.17.0.123 - - [27/Jul/2020:10:49:05 +0800] "POST /xingrg/dwr/call/plaincall/AjaxReportQueryService.refreshCache.dwr HTTP/1.1" 200 78
180.175.214.200 - - [27/Jul/2020:10:49:06 +0800] "POST /xingrg/kc/base/wldb_order_operate.html HTTP/1.1" 200 37
114.89.80.44 - - [27/Jul/2020:10:49:06 +0800] "GET /xingrg/all/function/internal_message.html?_=1595818268613&CODE_STATE=getMsg HTTP/1.1" 200 27
172.17.0.123 - - [27/Jul/2020:10:49:06 +0800] "POST /xingrg/all/report/load_report_page.html HTTP/1.1" 200 47050
172.17.0.123 - - [27/Jul/2020:10:49:06 +0800] "GET /xingrg/servlets/image?cache=0.040032721650794745&image=px HTTP/1.1" 200 807
180.175.214.200 - - [27/Jul/2020:10:49:07 +0800] "POST /xingrg/kc/base/wldb_order_operate.html HTTP/1.1" 200 12
180.175.214.200 - - [27/Jul/2020:10:49:07 +0800] "POST /xingrg/kc/base/wldb_order_operate.html HTTP/1.1" 200 6175
180.175.214.200 - - [27/Jul/2020:10:49:08 +0800] "GET /xingrg/kc/base/wldb_order_info.html?code=422020072703109 HTTP/1.1" 200 26240
180.175.214.200 - - [27/Jul/2020:10:49:09 +0800] "POST /xingrg/kc/base/wldb_order_operate.html HTTP/1.1" 200 4382
180.175.214.200 - - [27/Jul/2020:10:49:09 +0800] "GET /xingrg/javascript/easyui/themes/default/validatebox.css HTTP/1.1" 404 1104
222.69.27.237 - - [27/Jul/2020:10:49:10 +0800] "GET /xingrg/all/function/internal_message.html?_=1595818058719&CODE_STATE=getMsg HTTP/1.1" 200 27
117.185.32.26 - - [27/Jul/2020:10:49:10 +0800] "GET /xingrg/all/function/internal_message.html?_=1595818143796&CODE_STATE=getMsg HTTP/1.1" 200 27
222.69.27.237 - - [27/Jul/2020:10:49:11 +0800] "GET /xingrg/kc/print/load_config.html?kc_code=cgsh HTTP/1.1" 200 1845
222.69.27.237 - - [27/Jul/2020:10:49:11 +0800] "GET /xingrg/kc/print/load_data.html?order_code=212020072711342&kc_code=cgsh&condition= HTTP/1.1" 200 1654
180.175.214.200 - - [27/Jul/2020:10:49:12 +0800] "GET /xingrg/kc/base/wldb_order_add.html HTTP/1.1" 200 30363
222.70.173.120 - - [27/Jul/2020:10:49:12 +0800] "GET /xingrg/all/function/internal_message.html?_=1595818155422&CODE_STATE=getMsg HTTP/1.1" 200 27
180.175.214.200 - - [27/Jul/2020:10:49:12 +0800] "POST /xingrg/kc/base/wldb_order_operate.html HTTP/1.1" 200 6806
180.175.214.200 - - [27/Jul/2020:10:49:13 +0800] "GET /xingrg/javascript/easyui/themes/default/validatebox.css HTTP/1.1" 404 1104
180.175.214.200 - - [27/Jul/2020:10:49:13 +0800] "POST /xingrg/all/common/load_combo.html?type=base HTTP/1.1" 200 2966
116.230.146.118 - - [27/Jul/2020:10:49:13 +0800] "POST /xingrg/kc/buy/cgsh_order_operate.html HTTP/1.1" 200 37
61.172.5.115 - - [27/Jul/2020:10:49:14 +0800] "GET /xingrg/kc/buy/cgsh_order_operate.html?command=get_materiel&rest_code=00105&code=00101004090&supplier_code=00100312&order_time=2020-07-27 HTTP/1.1" 200 391
116.230.146.118 - - [27/Jul/2020:10:49:15 +0800] "POST /xingrg/kc/buy/cgsh_order_operate.html HTTP/1.1" 200 2657
180.175.214.200 - - [27/Jul/2020:10:49:15 +0800] "POST /xingrg/all/common/load_combo.html?type=base HTTP/1.1" 200 2966
116.230.146.118 - - [27/Jul/2020:10:49:16 +0800] "GET /xingrg/kc/print/load_data.html?order_code=212020072711343&kc_code=cgsh&condition= HTTP/1.1" 200 664
116.230.146.118 - - [27/Jul/2020:10:49:21 +0800] "GET /xingrg/kc/buy/cgsh_order_add.html HTTP/1.1" 200 59363
180.175.214.200 - - [27/Jul/2020:10:49:22 +0800] "GET /xingrg/kc/base/wldb_order_operate.html?command=get_materiel&rest_code=00102&base_code=0010476&code=00101013139 HTTP/1.1" 200 450
116.230.146.118 - - [27/Jul/2020:10:49:22 +0800] "GET /xingrg/javascript/easyui/themes/default/validatebox.css HTTP/1.1" 404 1104
116.230.146.118 - - [27/Jul/2020:10:49:22 +0800] "POST /xingrg/kc/buy/cgsh_order_operate.html HTTP/1.1" 200 8245
222.69.136.242 - - [27/Jul/2020:10:49:22 +0800] "GET /xingrg/kc/base/wldb_order_add.html HTTP/1.1" 200 30373
222.69.136.242 - - [27/Jul/2020:10:49:23 +0800] "POST /xingrg/kc/base/wldb_order_operate.html HTTP/1.1" 200 6806
222.69.136.242 - - [27/Jul/2020:10:49:23 +0800] "GET /xingrg/all/common/auto_word.html?type=base&rest_code=00149 HTTP/1.1" 200 1811
222.69.136.242 - - [27/Jul/2020:10:49:23 +0800] "GET /xingrg/all/common/auto_word.html?type=base&rest_code=00149 HTTP/1.1" 200 1811
222.69.136.242 - - [27/Jul/2020:10:49:23 +0800] "GET /xingrg/javascript/easyui/themes/default/validatebox.css HTTP/1.1" 404 1104
172.17.0.123 - - [27/Jul/2020:10:49:25 +0800] "GET /xingrg/all/function/internal_message.html?_=1595818100267&CODE_STATE=getMsg HTTP/1.1" 200 27
180.175.214.200 - - [27/Jul/2020:10:49:28 +0800] "GET /xingrg/kc/base/wldb_order_operate.html?command=get_materiel&rest_code=00102&base_code=0010476&code=00101019084 HTTP/1.1" 200 471
117.131.5.26 - - [27/Jul/2020:10:49:28 +0800] "GET /xingrg/check_reg.html?_=1595818167127 HTTP/1.1" 200 22
117.131.5.26 - - [27/Jul/2020:10:49:28 +0800] "GET /xingrg/all/function/internal_message.html?_=1595818167127&CODE_STATE=getMsg HTTP/1.1" 200 27
114.88.161.57 - - [27/Jul/2020:10:49:32 +0800] "GET /xingrg/check_reg.html?_=1595818171533 HTTP/1.1" 200 22
116.233.73.166 - - [27/Jul/2020:10:49:33 +0800] "GET /xingrg/all/function/internal_message.html?_=1595818222906&CODE_STATE=getMsg HTTP/1.1" 200 27
114.88.161.57 - - [27/Jul/2020:10:49:33 +0800] "GET /xingrg/all/function/internal_message.html?_=1595818172664&CODE_STATE=getMsg HTTP/1.1" 200 27
116.230.146.118 - - [27/Jul/2020:10:49:34 +0800] "GET /xingrg/javascript/easyui/themes/default/tree.css HTTP/1.1" 404 1090
116.230.146.118 - - [27/Jul/2020:10:49:34 +0800] "POST /xingrg/all/common/load_tree.html?tree=supplier_tree_json&isDelete=1 HTTP/1.1" 200 49550
172.17.0.101 - - [27/Jul/2020:10:49:35 +0800] "GET /xingrg/all/function/internal_message.html?_=1595818178015&CODE_STATE=getMsg HTTP/1.1" 200 27
180.175.214.200 - - [27/Jul/2020:10:49:36 +0800] "POST /xingrg/kc/base/wldb_order_operate.html HTTP/1.1" 200 37
180.175.214.200 - - [27/Jul/2020:10:49:37 +0800] "POST /xingrg/kc/base/wldb_order_operate.html HTTP/1.1" 200 12
180.175.214.200 - - [27/Jul/2020:10:49:37 +0800] "POST /xingrg/kc/base/wldb_order_operate.html HTTP/1.1" 200 2694
61.172.5.115 - - [27/Jul/2020:10:49:39 +0800] "GET /xingrg/kc/buy/cgsh_order_operate.html?command=get_materiel&rest_code=00105&code=00101004067&supplier_code=00100312&order_time=2020-07-27 HTTP/1.1" 200 413
180.175.214.200 - - [27/Jul/2020:10:49:40 +0800] "GET /xingrg/kc/base/wldb_order_info.html?code=422020072703110 HTTP/1.1" 200 26239
180.175.214.200 - - [27/Jul/2020:10:49:40 +0800] "GET /xingrg/all/function/internal_message.html?_=1595818386917&CODE_STATE=getMsg HTTP/1.1" 200 27
180.175.214.200 - - [27/Jul/2020:10:49:41 +0800] "POST /xingrg/kc/base/wldb_order_operate.html HTTP/1.1" 200 979
180.175.214.200 - - [27/Jul/2020:10:49:41 +0800] "GET /xingrg/javascript/easyui/themes/default/validatebox.css HTTP/1.1" 404 1104
172.17.200.101 - - [27/Jul/2020:10:49:42 +0800] "GET /xingrg/check_reg.html?_=1595818183612 HTTP/1.1" 302 -
172.17.200.101 - - [27/Jul/2020:10:49:42 +0800] "GET /xingrg/all/function/internal_message.html?_=1595818183607&CODE_STATE=getMsg HTTP/1.1" 302 -
180.175.214.200 - - [27/Jul/2020:10:49:45 +0800] "GET /xingrg/kc/base/wldb_order_add.html HTTP/1.1" 200 30363
180.175.214.200 - - [27/Jul/2020:10:49:46 +0800] "POST /xingrg/kc/base/wldb_order_operate.html HTTP/1.1" 200 6806
180.175.214.200 - - [27/Jul/2020:10:49:46 +0800] "GET /xingrg/javascript/easyui/themes/default/validatebox.css HTTP/1.1" 404 1104
180.175.214.200 - - [27/Jul/2020:10:49:47 +0800] "POST /xingrg/all/common/load_combo.html?type=base HTTP/1.1" 200 2966
180.175.214.200 - - [27/Jul/2020:10:49:49 +0800] "POST /xingrg/all/common/load_combo.html?type=base HTTP/1.1" 200 2966
222.69.136.242 - - [27/Jul/2020:10:49:49 +0800] "GET /xingrg/all/function/internal_message.html?_=1595818187331&CODE_STATE=getMsg HTTP/1.1" 200 27
172.17.0.108 - - [27/Jul/2020:10:49:49 +0800] "GET /xingrg/all/function/internal_message.html?_=1595818188912&CODE_STATE=getMsg HTTP/1.1" 200 27
116.230.146.118 - - [27/Jul/2020:10:49:50 +0800] "GET /xingrg/all/function/internal_message.html?_=1595818188568&CODE_STATE=getMsg HTTP/1.1" 200 27
61.172.5.115 - - [27/Jul/2020:10:49:50 +0800] "GET /xingrg/all/function/internal_message.html?_=1595818185142&CODE_STATE=getMsg HTTP/1.1" 200 27
172.17.0.185 - - [27/Jul/2020:10:49:51 +0800] "GET /xingrg/check_reg.html?_=1595818190194 HTTP/1.1" 200 22
172.17.0.185 - - [27/Jul/2020:10:49:51 +0800] "GET /xingrg/all/function/internal_message.html?_=1595818190196&CODE_STATE=getMsg HTTP/1.1" 200 27
61.172.5.115 - - [27/Jul/2020:10:49:52 +0800] "GET /xingrg/kc/buy/cgsh_order_operate.html?command=get_materiel&rest_code=00105&code=00101004020&supplier_code=00100312&order_time=2020-07-27 HTTP/1.1" 200 409
180.175.214.200 - - [27/Jul/2020:10:49:55 +0800] "GET /xingrg/kc/base/wldb_order_operate.html?command=get_materiel&rest_code=00102&base_code=0010476&code=00101019134 HTTP/1.1" 200 466
172.17.0.120 - - [27/Jul/2020:10:49:55 +0800] "GET /xingrg/all/function/internal_message.html?_=1595818194240&CODE_STATE=getMsg HTTP/1.1" 200 27
117.184.7.30 - - [27/Jul/2020:10:49:56 +0800] "GET /xingrg/all/function/internal_message.html?_=1595818195334&CODE_STATE=getMsg HTTP/1.1" 200 27
114.88.159.89 - - [27/Jul/2020:10:49:58 +0800] "GET /xingrg/all/function/internal_message.html?_=1595818198541&CODE_STATE=getMsg HTTP/1.1" 200 27
120.253.135.82 - - [27/Jul/2020:10:50:00 +0800] "GET /xingrg/all/function/internal_message.html?_=1595817953229&CODE_STATE=getMsg HTTP/1.1" 200 27
120.253.135.82 - - [27/Jul/2020:10:50:01 +0800] "GET /xingrg/all/function/internal_message.html?_=1595818325090&CODE_STATE=getMsg HTTP/1.1" 200 27
61.172.5.115 - - [27/Jul/2020:10:50:01 +0800] "GET /xingrg/all/function/internal_message.html?_=1595818196440&CODE_STATE=getMsg HTTP/1.1" 200 27
116.230.146.118 - - [27/Jul/2020:10:50:01 +0800] "GET /xingrg/kc/buy/cgsh_order_operate.html?command=get_materiel&rest_code=00107&code=00101001029&supplier_code=00100314&order_time=2020-07-27 HTTP/1.1" 200 415
222.69.136.242 - - [27/Jul/2020:10:50:03 +0800] "GET /xingrg/kc/base/wldb_order_operate.html?command=get_materiel&rest_code=00149&base_code=0010394&code=00101016124 HTTP/1.1" 200 439
114.88.159.89 - - [27/Jul/2020:10:50:05 +0800] "GET /xingrg/all/function/internal_message.html?_=1595817869615&CODE_STATE=getMsg HTTP/1.1" 200 27
180.175.214.200 - - [27/Jul/2020:10:50:05 +0800] "GET /xingrg/kc/base/wldb_order_operate.html?command=get_materiel&rest_code=00102&base_code=0010476&code=00101019400 HTTP/1.1" 200 450
114.89.80.44 - - [27/Jul/2020:10:50:06 +0800] "GET /xingrg/all/function/internal_message.html?_=1595818328634&CODE_STATE=getMsg HTTP/1.1" 200 27
222.69.136.242 - - [27/Jul/2020:10:50:08 +0800] "GET /xingrg/kc/base/wldb_order_operate.html?command=get_materiel&rest_code=00149&base_code=0010394&code=00101019133 HTTP/1.1" 200 464
222.69.27.237 - - [27/Jul/2020:10:50:10 +0800] "GET /xingrg/all/function/internal_message.html?_=1595818118682&CODE_STATE=getMsg HTTP/1.1" 200 27
117.185.32.26 - - [27/Jul/2020:10:50:10 +0800] "GET /xingrg/all/function/internal_message.html?_=1595818203794&CODE_STATE=getMsg HTTP/1.1" 200 27
61.172.5.115 - - [27/Jul/2020:10:50:11 +0800] "GET /xingrg/kc/buy/cgsh_order_operate.html?command=get_materiel&rest_code=00105&code=00101005017&supplier_code=00100312&order_time=2020-07-27 HTTP/1.1" 200 411
222.70.173.120 - - [27/Jul/2020:10:50:12 +0800] "GET /xingrg/all/function/internal_message.html?_=1595818215426&CODE_STATE=getMsg HTTP/1.1" 200 27
222.69.136.242 - - [27/Jul/2020:10:50:13 +0800] "GET /xingrg/kc/base/wldb_order_operate.html?command=get_materiel&rest_code=00149&base_code=0010394&code=00101019108 HTTP/1.1" 200 463
180.175.214.200 - - [27/Jul/2020:10:50:17 +0800] "GET /xingrg/kc/base/wldb_order_operate.html?command=get_materiel&rest_code=00102&base_code=0010476&code=00101019195 HTTP/1.1" 200 460
222.69.136.242 - - [27/Jul/2020:10:50:19 +0800] "GET /xingrg/kc/base/wldb_order_operate.html?command=get_materiel&rest_code=00149&base_code=0010394&code=00101019425 HTTP/1.1" 200 458
180.175.214.200 - - [27/Jul/2020:10:50:21 +0800] "GET /xingrg/kc/base/wldb_order_operate.html?command=get_materiel&rest_code=00102&base_code=0010476&code=00101019439 HTTP/1.1" 200 455
222.69.136.242 - - [27/Jul/2020:10:50:23 +0800] "GET /xingrg/kc/base/wldb_order_operate.html?command=get_materiel&rest_code=00149&base_code=0010394&code=00101016125 HTTP/1.1" 200 447
172.17.0.123 - - [27/Jul/2020:10:50:25 +0800] "GET /xingrg/all/function/internal_message.html?_=1595818160259&CODE_STATE=getMsg HTTP/1.1" 200 27
180.175.214.200 - - [27/Jul/2020:10:50:26 +0800] "GET /xingrg/kc/base/wldb_order_operate.html?command=get_materiel&rest_code=00102&base_code=0010476&code=00101019063 HTTP/1.1" 200 447
117.131.5.26 - - [27/Jul/2020:10:50:28 +0800] "GET /xingrg/all/function/internal_message.html?_=1595818227134&CODE_STATE=getMsg HTTP/1.1" 200 27
117.184.7.30 - - [27/Jul/2020:10:50:30 +0800] "POST /xingrg/kc/buy/cgsh_list_operate.html HTTP/1.1" 200 3849
222.69.136.242 - - [27/Jul/2020:10:50:30 +0800] "GET /xingrg/kc/base/wldb_order_operate.html?command=get_materiel&rest_code=00149&base_code=0010394&code=00101016094 HTTP/1.1" 200 469
183.192.164.97 - - [27/Jul/2020:10:50:31 +0800] "GET /xingrg/all/function/internal_message.html?_=1595817490879&CODE_STATE=getMsg HTTP/1.1" 302 -
116.233.73.166 - - [27/Jul/2020:10:50:33 +0800] "GET /xingrg/all/function/internal_message.html?_=1595818282906&CODE_STATE=getMsg HTTP/1.1" 200 27
116.233.73.166 - - [27/Jul/2020:10:50:33 +0800] "GET /xingrg/check_reg.html?_=1595818282906 HTTP/1.1" 200 22
114.88.161.57 - - [27/Jul/2020:10:50:33 +0800] "GET /xingrg/all/function/internal_message.html?_=1595818232677&CODE_STATE=getMsg HTTP/1.1" 200 27
180.175.214.200 - - [27/Jul/2020:10:50:35 +0800] "POST /xingrg/all/common/load_select.html HTTP/1.1" 200 25
172.17.0.101 - - [27/Jul/2020:10:50:35 +0800] "GET /xingrg/all/function/internal_message.html?_=1595818238017&CODE_STATE=getMsg HTTP/1.1" 200 27
172.17.0.101 - - [27/Jul/2020:10:50:35 +0800] "GET /xingrg/check_reg.html?_=1595818238022 HTTP/1.1" 200 22
183.192.164.97 - - [27/Jul/2020:10:50:36 +0800] "GET /xingrg/login.html HTTP/1.1" 200 7641
222.69.136.242 - - [27/Jul/2020:10:50:37 +0800] "GET /xingrg/kc/base/wldb_order_operate.html?command=get_materiel&rest_code=00149&base_code=0010394&code=00101019184 HTTP/1.1" 200 443
61.172.5.115 - - [27/Jul/2020:10:50:40 +0800] "POST /xingrg/kc/buy/cgsh_order_operate.html HTTP/1.1" 200 37
180.175.214.200 - - [27/Jul/2020:10:50:40 +0800] "GET /xingrg/all/function/internal_message.html?_=1595818446983&CODE_STATE=getMsg HTTP/1.1" 200 27
117.184.7.26 - - [27/Jul/2020:10:50:40 +0800] "GET /xingrg/kc/mdqp/qp_main.html HTTP/1.1" 200 10633
116.230.146.118 - - [27/Jul/2020:10:50:41 +0800] "POST /xingrg/kc/buy/cgsh_order_operate.html HTTP/1.1" 200 37
61.172.5.115 - - [27/Jul/2020:10:50:41 +0800] "POST /xingrg/kc/buy/cgsh_order_operate.html HTTP/1.1" 200 4424
116.230.146.118 - - [27/Jul/2020:10:50:41 +0800] "POST /xingrg/kc/buy/cgsh_order_operate.html HTTP/1.1" 200 2662
117.184.7.26 - - [27/Jul/2020:10:50:42 +0800] "GET /xingrg/images/yd/bt.gif HTTP/1.1" 404 1040
172.17.200.101 - - [27/Jul/2020:10:50:42 +0800] "GET /xingrg/all/function/internal_message.html?_=1595818243598&CODE_STATE=getMsg HTTP/1.1" 302 -
117.184.7.26 - - [27/Jul/2020:10:50:42 +0800] "GET /xingrg/kc/mdqp/pssh_order_list.html HTTP/1.1" 200 17756
222.69.136.242 - - [27/Jul/2020:10:50:43 +0800] "GET /xingrg/kc/base/wldb_order_operate.html?command=get_materiel&rest_code=00149&base_code=0010394&code=00101019199 HTTP/1.1" 200 458
61.172.5.115 - - [27/Jul/2020:10:50:43 +0800] "GET /xingrg/kc/print/load_data.html?order_code=212020072711344&kc_code=cgsh&condition= HTTP/1.1" 200 1342
117.184.7.26 - - [27/Jul/2020:10:50:43 +0800] "POST /xingrg/kc/mdqp/pssh_list_operate.html HTTP/1.1" 200 5277
116.230.146.118 - - [27/Jul/2020:10:50:43 +0800] "GET /xingrg/kc/print/load_data.html?order_code=212020072711345&kc_code=cgsh&condition= HTTP/1.1" 200 676
117.184.7.30 - - [27/Jul/2020:10:50:43 +0800] "POST /xingrg/kc/buy/cgsh_list_operate.html HTTP/1.1" 200 3849
180.175.214.200 - - [27/Jul/2020:10:50:43 +0800] "GET /xingrg/kc/base/wldb_order_operate.html?command=get_materiel&rest_code=00102&base_code=0010476&code=00101016044 HTTP/1.1" 200 464
117.184.7.26 - - [27/Jul/2020:10:50:44 +0800] "POST /xingrg/kc/mdqp/pssh_list_operate.html HTTP/1.1" 200 273
117.184.7.26 - - [27/Jul/2020:10:50:48 +0800] "GET /xingrg/kc/mdqp/pssh_order_info.html?code=312020072500605 HTTP/1.1" 200 17266
116.230.146.118 - - [27/Jul/2020:10:50:48 +0800] "GET /xingrg/kc/buy/cgsh_order_add.html HTTP/1.1" 200 59363
117.184.7.26 - - [27/Jul/2020:10:50:48 +0800] "GET /xingrg/javascript/jquery_tools/jquery-1.4.2.min.js HTTP/1.1" 404 1094
117.184.7.26 - - [27/Jul/2020:10:50:48 +0800] "GET /xingrg/all/common/auto_word.html?type=base&rest_code=00108&rest_code=00108 HTTP/1.1" 200 1711
117.184.7.26 - - [27/Jul/2020:10:50:48 +0800] "GET /xingrg/javascript/easyui/themes/default/validatebox.css HTTP/1.1" 404 1104
117.184.7.26 - - [27/Jul/2020:10:50:48 +0800] "POST /xingrg/kc/mdqp/pssh_order_operate.html HTTP/1.1" 200 549
116.230.146.118 - - [27/Jul/2020:10:50:48 +0800] "GET /xingrg/javascript/easyui/themes/default/validatebox.css HTTP/1.1" 404 1104
116.230.146.118 - - [27/Jul/2020:10:50:48 +0800] "POST /xingrg/kc/buy/cgsh_order_operate.html HTTP/1.1" 200 8245
222.69.136.242 - - [27/Jul/2020:10:50:49 +0800] "GET /xingrg/kc/base/wldb_order_operate.html?command=get_materiel&rest_code=00149&base_code=0010394&code=00101019183 HTTP/1.1" 200 432
172.17.0.108 - - [27/Jul/2020:10:50:49 +0800] "GET /xingrg/all/function/internal_message.html?_=1595818248905&CODE_STATE=getMsg HTTP/1.1" 200 27
222.69.136.242 - - [27/Jul/2020:10:50:49 +0800] "GET /xingrg/check_reg.html?_=1595818247363 HTTP/1.1" 200 22
222.69.136.242 - - [27/Jul/2020:10:50:49 +0800] "GET /xingrg/all/function/internal_message.html?_=1595818247364&CODE_STATE=getMsg HTTP/1.1" 200 27
116.230.146.118 - - [27/Jul/2020:10:50:50 +0800] "GET /xingrg/all/function/internal_message.html?_=1595818248549&CODE_STATE=getMsg HTTP/1.1" 200 27
61.172.5.115 - - [27/Jul/2020:10:50:50 +0800] "GET /xingrg/all/function/internal_message.html?_=1595818245143&CODE_STATE=getMsg HTTP/1.1" 200 27
172.17.0.185 - - [27/Jul/2020:10:50:51 +0800] "GET /xingrg/all/function/internal_message.html?_=1595818250198&CODE_STATE=getMsg HTTP/1.1" 200 27
116.230.146.118 - - [27/Jul/2020:10:50:53 +0800] "GET /xingrg/javascript/easyui/themes/default/tree.css HTTP/1.1" 404 1090
116.230.146.118 - - [27/Jul/2020:10:50:53 +0800] "POST /xingrg/all/common/load_tree.html?tree=supplier_tree_json&isDelete=1 HTTP/1.1" 200 49550
172.17.0.120 - - [27/Jul/2020:10:50:55 +0800] "GET /xingrg/all/function/internal_message.html?_=1595818254236&CODE_STATE=getMsg HTTP/1.1" 200 27
222.69.136.242 - - [27/Jul/2020:10:50:56 +0800] "GET /xingrg/kc/base/wldb_order_operate.html?command=get_materiel&rest_code=00149&base_code=0010394&code=00101019257 HTTP/1.1" 200 478
120.253.135.82 - - [27/Jul/2020:10:50:56 +0800] "GET /xingrg/check_reg.html?_=1595818009220 HTTP/1.1" 200 22
117.184.7.26 - - [27/Jul/2020:10:50:56 +0800] "GET /xingrg/all/function/internal_message.html?_=1595818255337&CODE_STATE=getMsg HTTP/1.1" 200 27
114.88.159.89 - - [27/Jul/2020:10:50:58 +0800] "GET /xingrg/all/function/internal_message.html?_=1595818258540&CODE_STATE=getMsg HTTP/1.1" 200 27
180.175.214.200 - - [27/Jul/2020:10:50:58 +0800] "GET /xingrg/kc/base/wldb_order_operate.html?command=get_materiel&rest_code=00102&base_code=0010476&code=00101016020 HTTP/1.1" 200 446
120.253.135.82 - - [27/Jul/2020:10:51:00 +0800] "GET /xingrg/all/function/internal_message.html?_=1595818013228&CODE_STATE=getMsg HTTP/1.1" 200 27
120.253.135.82 - - [27/Jul/2020:10:51:01 +0800] "GET /xingrg/all/function/internal_message.html?_=1595818385107&CODE_STATE=getMsg HTTP/1.1" 200 27
61.172.5.115 - - [27/Jul/2020:10:51:01 +0800] "GET /xingrg/all/function/internal_message.html?_=1595818256417&CODE_STATE=getMsg HTTP/1.1" 200 27
61.172.5.115 - - [27/Jul/2020:10:51:01 +0800] "GET /xingrg/check_reg.html?_=1595818256466 HTTP/1.1" 200 22
222.69.136.242 - - [27/Jul/2020:10:51:02 +0800] "GET /xingrg/kc/base/wldb_order_operate.html?command=get_materiel&rest_code=00149&base_code=0010394&code=00101019527 HTTP/1.1" 200 473
61.172.5.115 - - [27/Jul/2020:10:51:02 +0800] "GET /xingrg/kc/buy/cgsh_order_add.html HTTP/1.1" 200 59316
61.172.5.115 - - [27/Jul/2020:10:51:02 +0800] "POST /xingrg/kc/buy/cgsh_order_operate.html HTTP/1.1" 200 8245
61.172.5.115 - - [27/Jul/2020:10:51:02 +0800] "GET /xingrg/javascript/easyui/themes/default/validatebox.css HTTP/1.1" 404 1104
180.175.214.200 - - [27/Jul/2020:10:51:05 +0800] "GET /xingrg/kc/base/wldb_order_operate.html?command=get_materiel&rest_code=00102&base_code=0010476&code=00101019297 HTTP/1.1" 200 464
114.88.159.89 - - [27/Jul/2020:10:51:05 +0800] "GET /xingrg/all/function/internal_message.html?_=1595817929622&CODE_STATE=getMsg HTTP/1.1" 200 27
222.69.136.242 - - [27/Jul/2020:10:51:06 +0800] "GET /xingrg/kc/base/wldb_order_operate.html?command=get_materiel&rest_code=00149&base_code=0010394&code=00101019391 HTTP/1.1" 200 471
114.89.80.44 - - [27/Jul/2020:10:51:06 +0800] "GET /xingrg/all/function/internal_message.html?_=1595818388639&CODE_STATE=getMsg HTTP/1.1" 200 27
222.69.27.237 - - [27/Jul/2020:10:51:10 +0800] "GET /xingrg/all/function/internal_message.html?_=1595818178685&CODE_STATE=getMsg HTTP/1.1" 200 27
117.185.32.26 - - [27/Jul/2020:10:51:10 +0800] "GET /xingrg/all/function/internal_message.html?_=1595818263793&CODE_STATE=getMsg HTTP/1.1" 200 27
222.70.173.120 - - [27/Jul/2020:10:51:12 +0800] "GET /xingrg/all/function/internal_message.html?_=1595818275873&CODE_STATE=getMsg HTTP/1.1" 200 27
222.69.136.242 - - [27/Jul/2020:10:51:15 +0800] "GET /xingrg/kc/base/wldb_order_operate.html?command=get_materiel&rest_code=00149&base_code=0010394&code=00101019185 HTTP/1.1" 200 454
180.175.214.200 - - [27/Jul/2020:10:51:16 +0800] "GET /xingrg/kc/base/wldb_order_operate.html?command=get_materiel&rest_code=00102&base_code=0010476&code=00101019222 HTTP/1.1" 200 453
172.17.0.123 - - [27/Jul/2020:10:51:25 +0800] "GET /xingrg/all/function/internal_message.html?_=1595818220265&CODE_STATE=getMsg HTTP/1.1" 200 27
114.88.159.89 - - [27/Jul/2020:10:51:25 +0800] "GET /xingrg/check_reg.html?_=1595817949987 HTTP/1.1" 200 22
180.175.214.200 - - [27/Jul/2020:10:51:26 +0800] "GET /xingrg/kc/base/wldb_order_operate.html?command=get_materiel&rest_code=00102&base_code=0010476&code=00101016001 HTTP/1.1" 200 457
117.131.5.26 - - [27/Jul/2020:10:51:28 +0800] "GET /xingrg/all/function/internal_message.html?_=1595818287140&CODE_STATE=getMsg HTTP/1.1" 200 27
222.69.136.242 - - [27/Jul/2020:10:51:31 +0800] "GET /xingrg/kc/base/wldb_order_operate.html?command=get_materiel&rest_code=00149&base_code=0010394&code=00101019176 HTTP/1.1" 200 465
116.233.73.166 - - [27/Jul/2020:10:51:33 +0800] "GET /xingrg/all/function/internal_message.html?_=1595818342906&CODE_STATE=getMsg HTTP/1.1" 200 27
114.88.161.57 - - [27/Jul/2020:10:51:33 +0800] "GET /xingrg/all/function/internal_message.html?_=1595818292691&CODE_STATE=getMsg HTTP/1.1" 200 27
172.17.0.101 - - [27/Jul/2020:10:51:35 +0800] "GET /xingrg/all/function/internal_message.html?_=1595818298049&CODE_STATE=getMsg HTTP/1.1" 200 27
180.175.214.200 - - [27/Jul/2020:10:51:37 +0800] "GET /xingrg/kc/base/wldb_order_operate.html?command=get_materiel&rest_code=00102&base_code=0010476&code=00101019185 HTTP/1.1" 200 455
222.69.136.242 - - [27/Jul/2020:10:51:37 +0800] "GET /xingrg/kc/base/wldb_order_operate.html?command=get_materiel&rest_code=00149&base_code=0010394&code=00101019392 HTTP/1.1" 200 476
180.175.214.200 - - [27/Jul/2020:10:51:40 +0800] "GET /xingrg/all/function/internal_message.html?_=1595818506991&CODE_STATE=getMsg HTTP/1.1" 200 27
120.204.17.71 - - [27/Jul/2020:10:51:41 +0800] "GET /xingrg/kc/buy/cgsh_order_operate.html?command=get_materiel&rest_code=00106&code=00101006111&supplier_code=00100015&order_time=2020-07-27 HTTP/1.1" 302 -
172.17.200.101 - - [27/Jul/2020:10:51:42 +0800] "GET /xingrg/all/function/internal_message.html?_=1595818303600&CODE_STATE=getMsg HTTP/1.1" 302 -
180.175.214.200 - - [27/Jul/2020:10:51:43 +0800] "GET /xingrg/kc/base/wldb_order_operate.html?command=get_materiel&rest_code=00102&base_code=0010476&code=00101019183 HTTP/1.1" 200 433
222.69.136.242 - - [27/Jul/2020:10:51:44 +0800] "GET /xingrg/kc/base/wldb_order_operate.html?command=get_materiel&rest_code=00149&base_code=0010394&code=00101019422 HTTP/1.1" 200 458
120.204.17.71 - - [27/Jul/2020:10:51:46 +0800] "GET /xingrg/login.html HTTP/1.1" 200 7641
222.69.136.242 - - [27/Jul/2020:10:51:48 +0800] "GET /xingrg/kc/base/wldb_order_operate.html?command=get_materiel&rest_code=00149&base_code=0010394&code=00101016037 HTTP/1.1" 200 450
120.253.135.82 - - [27/Jul/2020:10:51:49 +0800] "POST /xingrg/kc/buy/cgsh_list_operate.html HTTP/1.1" 200 876
222.69.136.242 - - [27/Jul/2020:10:51:49 +0800] "GET /xingrg/all/function/internal_message.html?_=1595818307342&CODE_STATE=getMsg HTTP/1.1" 200 27
172.17.0.108 - - [27/Jul/2020:10:51:49 +0800] "GET /xingrg/all/function/internal_message.html?_=1595818308914&CODE_STATE=getMsg HTTP/1.1" 200 27
116.230.146.118 - - [27/Jul/2020:10:51:50 +0800] "GET /xingrg/all/function/internal_message.html?_=1595818308525&CODE_STATE=getMsg HTTP/1.1" 200 27
61.172.5.115 - - [27/Jul/2020:10:51:50 +0800] "GET /xingrg/all/function/internal_message.html?_=1595818305144&CODE_STATE=getMsg HTTP/1.1" 200 27
61.172.5.115 - - [27/Jul/2020:10:51:50 +0800] "GET /xingrg/check_reg.html?_=1595818305147 HTTP/1.1" 200 22
172.17.0.185 - - [27/Jul/2020:10:51:51 +0800] "GET /xingrg/all/function/internal_message.html?_=1595818310204&CODE_STATE=getMsg HTTP/1.1" 200 27
120.253.135.82 - - [27/Jul/2020:10:51:53 +0800] "GET /xingrg/kc/pszx/mdqp_order_list.html?state=10 HTTP/1.1" 200 10125
120.253.135.82 - - [27/Jul/2020:10:51:53 +0800] "GET /xingrg/dwr/engine.js HTTP/1.1" 200 43631
120.253.135.82 - - [27/Jul/2020:10:51:53 +0800] "GET /xingrg/dwr/interface/AjaxReportQueryService.js HTTP/1.1" 200 13203
120.253.135.82 - - [27/Jul/2020:10:51:53 +0800] "GET /xingrg/dwr/interface/AjaxQqpsService.js HTTP/1.1" 200 16326
172.17.0.120 - - [27/Jul/2020:10:51:55 +0800] "GET /xingrg/all/function/internal_message.html?_=1595818314239&CODE_STATE=getMsg HTTP/1.1" 200 27
172.17.0.120 - - [27/Jul/2020:10:51:55 +0800] "GET /xingrg/check_reg.html?_=1595818314240 HTTP/1.1" 200 22
117.184.7.26 - - [27/Jul/2020:10:51:56 +0800] "GET /xingrg/all/function/internal_message.html?_=1595818315335&CODE_STATE=getMsg HTTP/1.1" 200 27
114.88.159.89 - - [27/Jul/2020:10:51:58 +0800] "GET /xingrg/all/function/internal_message.html?_=1595818318539&CODE_STATE=getMsg HTTP/1.1" 200 27
114.88.159.89 - - [27/Jul/2020:10:51:58 +0800] "GET /xingrg/check_reg.html?_=1595818318542 HTTP/1.1" 200 22
120.253.135.82 - - [27/Jul/2020:10:52:01 +0800] "GET /xingrg/all/function/internal_message.html?_=1595818445116&CODE_STATE=getMsg HTTP/1.1" 200 27
61.172.5.115 - - [27/Jul/2020:10:52:01 +0800] "GET /xingrg/all/function/internal_message.html?_=1595818316395&CODE_STATE=getMsg HTTP/1.1" 200 27
114.88.159.89 - - [27/Jul/2020:10:52:05 +0800] "GET /xingrg/all/function/internal_message.html?_=1595817989601&CODE_STATE=getMsg HTTP/1.1" 200 27
114.89.80.44 - - [27/Jul/2020:10:52:06 +0800] "GET /xingrg/check_reg.html?_=1595818448023 HTTP/1.1" 200 22
114.89.80.44 - - [27/Jul/2020:10:52:06 +0800] "GET /xingrg/all/function/internal_message.html?_=1595818448652&CODE_STATE=getMsg HTTP/1.1" 200 27
222.69.27.237 - - [27/Jul/2020:10:52:10 +0800] "GET /xingrg/all/function/internal_message.html?_=1595818238693&CODE_STATE=getMsg HTTP/1.1" 200 27
222.69.27.237 - - [27/Jul/2020:10:52:10 +0800] "GET /xingrg/check_reg.html?_=1595818238695 HTTP/1.1" 200 22
117.185.32.26 - - [27/Jul/2020:10:52:10 +0800] "GET /xingrg/all/function/internal_message.html?_=1595818323792&CODE_STATE=getMsg HTTP/1.1" 200 27
180.175.214.200 - - [27/Jul/2020:10:52:10 +0800] "POST /xingrg/kc/base/wldb_order_operate.html HTTP/1.1" 200 37
180.175.214.200 - - [27/Jul/2020:10:52:12 +0800] "POST /xingrg/kc/base/wldb_order_operate.html HTTP/1.1" 200 12
180.175.214.200 - - [27/Jul/2020:10:52:12 +0800] "POST /xingrg/kc/base/wldb_order_operate.html HTTP/1.1" 200 10165
222.70.173.120 - - [27/Jul/2020:10:52:12 +0800] "GET /xingrg/all/function/internal_message.html?_=1595818335874&CODE_STATE=getMsg HTTP/1.1" 200 27
114.89.80.44 - - [27/Jul/2020:10:52:13 +0800] "GET /xingrg/check_reg.html?_=1595818330442 HTTP/1.1" 200 22
180.175.214.200 - - [27/Jul/2020:10:52:13 +0800] "GET /xingrg/kc/base/wldb_order_info.html?code=422020072703111 HTTP/1.1" 200 26240
180.175.214.200 - - [27/Jul/2020:10:52:14 +0800] "POST /xingrg/kc/base/wldb_order_operate.html HTTP/1.1" 200 8281
180.175.214.200 - - [27/Jul/2020:10:52:14 +0800] "GET /xingrg/javascript/easyui/themes/default/validatebox.css HTTP/1.1" 404 1104
180.175.214.200 - - [27/Jul/2020:10:52:17 +0800] "GET /xingrg/kc/base/wldb_order_add.html HTTP/1.1" 200 30363
180.175.214.200 - - [27/Jul/2020:10:52:18 +0800] "POST /xingrg/kc/base/wldb_order_operate.html HTTP/1.1" 200 6806
180.175.214.200 - - [27/Jul/2020:10:52:18 +0800] "GET /xingrg/javascript/easyui/themes/default/validatebox.css HTTP/1.1" 404 1104
180.175.214.200 - - [27/Jul/2020:10:52:19 +0800] "POST /xingrg/all/common/load_combo.html?type=base HTTP/1.1" 200 2966
180.175.214.200 - - [27/Jul/2020:10:52:21 +0800] "POST /xingrg/all/common/load_combo.html?type=base HTTP/1.1" 200 2966
172.17.0.123 - - [27/Jul/2020:10:52:25 +0800] "GET /xingrg/all/function/internal_message.html?_=1595818280263&CODE_STATE=getMsg HTTP/1.1" 200 27
117.131.5.26 - - [27/Jul/2020:10:52:28 +0800] "GET /xingrg/all/function/internal_message.html?_=1595818347146&CODE_STATE=getMsg HTTP/1.1" 200 27
180.175.214.200 - - [27/Jul/2020:10:52:29 +0800] "GET /xingrg/kc/base/wldb_order_operate.html?command=get_materiel&rest_code=00102&base_code=0010476&code=00101019079 HTTP/1.1" 200 465
116.233.73.166 - - [27/Jul/2020:10:52:32 +0800] "GET /xingrg/all/function/internal_message.html?_=1595818402903&CODE_STATE=getMsg HTTP/1.1" 200 27
222.69.136.242 - - [27/Jul/2020:10:52:33 +0800] "POST /xingrg/kc/base/wldb_order_operate.html HTTP/1.1" 200 37
222.69.136.242 - - [27/Jul/2020:10:52:33 +0800] "POST /xingrg/kc/base/wldb_order_operate.html HTTP/1.1" 200 10250
114.88.161.57 - - [27/Jul/2020:10:52:33 +0800] "GET /xingrg/all/function/internal_message.html?_=1595818352787&CODE_STATE=getMsg HTTP/1.1" 200 27
222.69.136.242 - - [27/Jul/2020:10:52:33 +0800] "GET /xingrg/kc/base/wldb_order_info.html?code=422020072703112 HTTP/1.1" 200 30390
222.69.136.242 - - [27/Jul/2020:10:52:34 +0800] "GET /xingrg/javascript/easyui/themes/default/validatebox.css HTTP/1.1" 404 1104
222.69.136.242 - - [27/Jul/2020:10:52:34 +0800] "POST /xingrg/kc/base/wldb_order_operate.html HTTP/1.1" 200 10250
172.17.0.101 - - [27/Jul/2020:10:52:35 +0800] "GET /xingrg/all/function/internal_message.html?_=1595818358051&CODE_STATE=getMsg HTTP/1.1" 200 27
180.175.214.200 - - [27/Jul/2020:10:52:40 +0800] "GET /xingrg/all/function/internal_message.html?_=1595818567005&CODE_STATE=getMsg HTTP/1.1" 200 27
180.175.214.200 - - [27/Jul/2020:10:52:42 +0800] "GET /xingrg/kc/base/wldb_order_operate.html?command=get_materiel&rest_code=00102&base_code=0010476&code=00101013011 HTTP/1.1" 200 451
172.17.200.101 - - [27/Jul/2020:10:52:42 +0800] "GET /xingrg/all/function/internal_message.html?_=1595818363601&CODE_STATE=getMsg HTTP/1.1" 302 -
117.184.7.26 - - [27/Jul/2020:10:52:43 +0800] "GET /xingrg/javascript/auto/indicator.gif HTTP/1.1" 404 1066
117.184.7.26 - - [27/Jul/2020:10:52:44 +0800] "GET /xingrg/javascript/jquery_tools/images/next.gif HTTP/1.1" 404 1086
117.184.7.26 - - [27/Jul/2020:10:52:44 +0800] "GET /xingrg/javascript/jquery_tools/images/prev.gif HTTP/1.1" 404 1086
180.175.214.200 - - [27/Jul/2020:10:52:48 +0800] "POST /xingrg/kc/base/wldb_order_operate.html HTTP/1.1" 200 37
222.69.136.242 - - [27/Jul/2020:10:52:49 +0800] "GET /xingrg/all/function/internal_message.html?_=1595818367337&CODE_STATE=getMsg HTTP/1.1" 200 27
172.17.0.108 - - [27/Jul/2020:10:52:49 +0800] "GET /xingrg/all/function/internal_message.html?_=1595818368935&CODE_STATE=getMsg HTTP/1.1" 200 27
180.175.214.200 - - [27/Jul/2020:10:52:49 +0800] "POST /xingrg/kc/base/wldb_order_operate.html HTTP/1.1" 200 12
180.175.214.200 - - [27/Jul/2020:10:52:49 +0800] "POST /xingrg/kc/base/wldb_order_operate.html HTTP/1.1" 200 3208
116.230.146.118 - - [27/Jul/2020:10:52:50 +0800] "GET /xingrg/all/function/internal_message.html?_=1595818368514&CODE_STATE=getMsg HTTP/1.1" 200 27
61.172.5.115 - - [27/Jul/2020:10:52:50 +0800] "GET /xingrg/all/function/internal_message.html?_=1595818365148&CODE_STATE=getMsg HTTP/1.1" 200 27
117.184.7.26 - - [27/Jul/2020:10:52:51 +0800] "POST /xingrg/kc/mdqp/pssh_order_operate.html HTTP/1.1" 200 37
117.184.7.26 - - [27/Jul/2020:10:52:51 +0800] "POST /xingrg/kc/mdqp/pssh_order_operate.html HTTP/1.1" 200 12
172.17.0.185 - - [27/Jul/2020:10:52:51 +0800] "GET /xingrg/all/function/internal_message.html?_=1595818370197&CODE_STATE=getMsg HTTP/1.1" 200 27
117.184.7.26 - - [27/Jul/2020:10:52:51 +0800] "GET /xingrg/kc/mdqp/pssh_order_info.html?code=312020072500605 HTTP/1.1" 200 14382
117.184.7.26 - - [27/Jul/2020:10:52:51 +0800] "GET /xingrg/javascript/jquery_tools/jquery-1.4.2.min.js HTTP/1.1" 404 1094
117.184.7.30 - - [27/Jul/2020:10:52:52 +0800] "GET /xingrg/javascript/easyui/themes/icons/uncheck_new.png HTTP/1.1" 200 3197
117.184.7.30 - - [27/Jul/2020:10:52:52 +0800] "POST /xingrg/kc/mdqp/pssh_order_operate.html HTTP/1.1" 200 549
117.184.7.30 - - [27/Jul/2020:10:52:52 +0800] "GET /xingrg/javascript/easyui/themes/default/validatebox.css HTTP/1.1" 404 1104
180.175.214.200 - - [27/Jul/2020:10:52:53 +0800] "GET /xingrg/kc/base/wldb_order_info.html?code=422020072703113 HTTP/1.1" 200 26240
117.184.7.30 - - [27/Jul/2020:10:52:53 +0800] "GET /xingrg/kc/print/load_config.html?kc_code=pssh HTTP/1.1" 200 2290
117.184.7.30 - - [27/Jul/2020:10:52:53 +0800] "GET /xingrg/kc/print/load_data.html?order_code=312020072500605&kc_code=pssh&condition= HTTP/1.1" 200 676
180.175.214.200 - - [27/Jul/2020:10:52:54 +0800] "POST /xingrg/kc/base/wldb_order_operate.html HTTP/1.1" 200 1481
180.175.214.200 - - [27/Jul/2020:10:52:54 +0800] "GET /xingrg/javascript/easyui/themes/default/validatebox.css HTTP/1.1" 404 1104
172.17.0.120 - - [27/Jul/2020:10:52:55 +0800] "GET /xingrg/all/function/internal_message.html?_=1595818374243&CODE_STATE=getMsg HTTP/1.1" 200 27
117.184.7.30 - - [27/Jul/2020:10:52:56 +0800] "GET /xingrg/all/function/internal_message.html?_=1595818375355&CODE_STATE=getMsg HTTP/1.1" 200 27
117.184.7.30 - - [27/Jul/2020:10:52:56 +0800] "GET /xingrg/check_reg.html?_=1595818375357 HTTP/1.1" 200 22
114.88.159.89 - - [27/Jul/2020:10:52:58 +0800] "GET /xingrg/all/function/internal_message.html?_=1595818378540&CODE_STATE=getMsg HTTP/1.1" 200 27
117.184.7.30 - - [27/Jul/2020:10:52:58 +0800] "POST /xingrg/kc/mdqp/pssh_list_operate.html HTTP/1.1" 200 1580
117.184.7.30 - - [27/Jul/2020:10:53:00 +0800] "GET /xingrg/kc/mdqp/qp_main.html HTTP/1.1" 200 10633
120.253.135.82 - - [27/Jul/2020:10:53:00 +0800] "GET /xingrg/check_reg.html?_=1595818504383 HTTP/1.1" 200 22
117.184.7.30 - - [27/Jul/2020:10:53:00 +0800] "GET /xingrg/images/yd/bt.gif HTTP/1.1" 404 1040
117.184.7.30 - - [27/Jul/2020:10:53:00 +0800] "GET /xingrg/kc/mdqp/pssh_order_list.html HTTP/1.1" 200 17756
120.253.135.82 - - [27/Jul/2020:10:53:01 +0800] "GET /xingrg/all/function/internal_message.html?_=1595818505129&CODE_STATE=getMsg HTTP/1.1" 200 27
61.172.5.115 - - [27/Jul/2020:10:53:01 +0800] "GET /xingrg/all/function/internal_message.html?_=1595818376365&CODE_STATE=getMsg HTTP/1.1" 200 27
117.184.7.30 - - [27/Jul/2020:10:53:01 +0800] "POST /xingrg/kc/mdqp/pssh_list_operate.html HTTP/1.1" 200 5308
117.184.7.30 - - [27/Jul/2020:10:53:01 +0800] "POST /xingrg/kc/mdqp/pssh_list_operate.html HTTP/1.1" 200 763
117.184.7.30 - - [27/Jul/2020:10:53:02 +0800] "GET /xingrg/kc/mdqp/pssh_order_info.html?code=312020072600637 HTTP/1.1" 200 17297
117.184.7.30 - - [27/Jul/2020:10:53:02 +0800] "GET /xingrg/javascript/jquery_tools/jquery-1.4.2.min.js HTTP/1.1" 404 1094
117.184.7.26 - - [27/Jul/2020:10:53:03 +0800] "POST /xingrg/kc/mdqp/pssh_order_operate.html HTTP/1.1" 200 12665
117.184.7.26 - - [27/Jul/2020:10:53:03 +0800] "GET /xingrg/javascript/easyui/themes/default/validatebox.css HTTP/1.1" 404 1104
117.184.7.26 - - [27/Jul/2020:10:53:04 +0800] "GET /xingrg/javascript/auto/indicator.gif HTTP/1.1" 404 1066
114.88.159.89 - - [27/Jul/2020:10:53:05 +0800] "GET /xingrg/all/function/internal_message.html?_=1595818049578&CODE_STATE=getMsg HTTP/1.1" 200 27
114.89.80.44 - - [27/Jul/2020:10:53:06 +0800] "GET /xingrg/all/function/internal_message.html?_=1595818508666&CODE_STATE=getMsg HTTP/1.1" 200 27
117.184.7.26 - - [27/Jul/2020:10:53:07 +0800] "POST /xingrg/kc/mdqp/pssh_order_operate.html HTTP/1.1" 200 37
117.184.7.26 - - [27/Jul/2020:10:53:07 +0800] "POST /xingrg/kc/mdqp/pssh_order_operate.html HTTP/1.1" 200 12
117.184.7.26 - - [27/Jul/2020:10:53:07 +0800] "GET /xingrg/kc/mdqp/pssh_order_info.html?code=312020072600637 HTTP/1.1" 200 14386
117.184.7.26 - - [27/Jul/2020:10:53:07 +0800] "GET /xingrg/javascript/jquery_tools/jquery-1.4.2.min.js HTTP/1.1" 404 1094
117.184.7.26 - - [27/Jul/2020:10:53:08 +0800] "GET /xingrg/javascript/easyui/themes/default/validatebox.css HTTP/1.1" 404 1104
117.184.7.26 - - [27/Jul/2020:10:53:08 +0800] "POST /xingrg/kc/mdqp/pssh_order_operate.html HTTP/1.1" 200 12665
222.70.173.120 - - [27/Jul/2020:10:53:09 +0800] "GET /xingrg/check_reg.html?_=1595818392539 HTTP/1.1" 200 22
117.184.7.26 - - [27/Jul/2020:10:53:09 +0800] "GET /xingrg/kc/print/load_data.html?order_code=312020072600637&kc_code=pssh&condition= HTTP/1.1" 200 4812
222.69.27.237 - - [27/Jul/2020:10:53:10 +0800] "GET /xingrg/all/function/internal_message.html?_=1595818298692&CODE_STATE=getMsg HTTP/1.1" 200 27
117.185.32.26 - - [27/Jul/2020:10:53:10 +0800] "GET /xingrg/all/function/internal_message.html?_=1595818383809&CODE_STATE=getMsg HTTP/1.1" 200 27
117.185.32.26 - - [27/Jul/2020:10:53:10 +0800] "GET /xingrg/check_reg.html?_=1595818383806 HTTP/1.1" 200 22
222.70.173.120 - - [27/Jul/2020:10:53:12 +0800] "GET /xingrg/all/function/internal_message.html?_=1595818395954&CODE_STATE=getMsg HTTP/1.1" 200 27
117.184.7.26 - - [27/Jul/2020:10:53:24 +0800] "POST /xingrg/kc/mdqp/pssh_list_operate.html HTTP/1.1" 200 371
117.184.7.26 - - [27/Jul/2020:10:53:24 +0800] "GET /xingrg/index.html?sysBaseUrl=http%3A%2F%2F180.169.147.146%3A18081%2Fxingrg%2F&costTime=35×tamp=1595814084365 HTTP/1.1" 200 17173
117.184.7.26 - - [27/Jul/2020:10:53:24 +0800] "GET /xingrg/javascript/jquery_easy_ui/themes/default/easyui.css HTTP/1.1" 304 -
117.184.7.26 - - [27/Jul/2020:10:53:24 +0800] "GET /xingrg/css/form.css HTTP/1.1" 304 -
117.184.7.26 - - [27/Jul/2020:10:53:24 +0800] "GET /xingrg/javascript/jquery_easy_ui/themes/icon.css HTTP/1.1" 304 -
117.184.7.26 - - [27/Jul/2020:10:53:24 +0800] "GET /xingrg/javascript/jquery-1.4.2.min.js HTTP/1.1" 304 -
117.184.7.26 - - [27/Jul/2020:10:53:25 +0800] "GET /xingrg/javascript/jquery_easy_ui/jquery.easyui.min.js HTTP/1.1" 304 -
117.184.7.26 - - [27/Jul/2020:10:53:25 +0800] "GET /xingrg/javascript/jquery.form.js HTTP/1.1" 304 -
117.184.7.26 - - [27/Jul/2020:10:53:25 +0800] "GET /xingrg/javascript/jquery_easy_ui/easyui-lang-zh_CN.js HTTP/1.1" 304 -
117.184.7.26 - - [27/Jul/2020:10:53:25 +0800] "GET /xingrg/javascript/jquery.utils.js HTTP/1.1" 304 -
117.184.7.26 - - [27/Jul/2020:10:53:25 +0800] "GET /xingrg/javascript/jquery.timers.js HTTP/1.1" 304 -
172.17.0.123 - - [27/Jul/2020:10:53:25 +0800] "GET /xingrg/check_reg.html?_=1595818340265 HTTP/1.1" 200 22
172.17.0.123 - - [27/Jul/2020:10:53:25 +0800] "GET /xingrg/all/function/internal_message.html?_=1595818340266&CODE_STATE=getMsg HTTP/1.1" 200 27
117.184.7.26 - - [27/Jul/2020:10:53:25 +0800] "GET /xingrg/kc/mdqp/pssh_order_info.html?code=312020072600640 HTTP/1.1" 200 17297
117.184.7.26 - - [27/Jul/2020:10:53:25 +0800] "GET /xingrg/javascript/jquery_tools/jquery-1.4.2.min.js HTTP/1.1" 404 1094
117.184.7.26 - - [27/Jul/2020:10:53:25 +0800] "POST /xingrg/all/common/load_tree.html?tree=area_rest_tree_json&manage=1 HTTP/1.1" 200 470
117.184.7.26 - - [27/Jul/2020:10:53:26 +0800] "GET /xingrg/all/function/internal_message.html?_=1595818403255&CODE_STATE=count HTTP/1.1" 200 11
117.184.7.26 - - [27/Jul/2020:10:53:26 +0800] "GET /xingrg/check_reg.html?_=1595818403256 HTTP/1.1" 200 22
117.184.7.26 - - [27/Jul/2020:10:53:26 +0800] "GET /xingrg/javascript/easyui/themes/default/validatebox.css HTTP/1.1" 404 1104
117.184.7.26 - - [27/Jul/2020:10:53:26 +0800] "POST /xingrg/load_menu.html HTTP/1.1" 200 5138
117.184.7.26 - - [27/Jul/2020:10:53:26 +0800] "POST /xingrg/kc/mdqp/pssh_order_operate.html HTTP/1.1" 200 1070
117.184.7.26 - - [27/Jul/2020:10:53:26 +0800] "GET /favicon.ico HTTP/1.1" 404 -
117.184.7.26 - - [27/Jul/2020:10:53:28 +0800] "GET /xingrg/kc/base/base_main.html HTTP/1.1" 200 12142
117.184.7.26 - - [27/Jul/2020:10:53:28 +0800] "GET /xingrg/css/blue.css HTTP/1.1" 304 -
117.184.7.26 - - [27/Jul/2020:10:53:28 +0800] "GET /xingrg/javascript/pic_change.js HTTP/1.1" 304 -
117.184.7.26 - - [27/Jul/2020:10:53:28 +0800] "GET /xingrg/javascript/myfunction.js HTTP/1.1" 304 -
117.131.5.26 - - [27/Jul/2020:10:53:28 +0800] "GET /xingrg/all/function/internal_message.html?_=1595818407152&CODE_STATE=getMsg HTTP/1.1" 200 27
117.184.7.26 - - [27/Jul/2020:10:53:29 +0800] "GET /xingrg/kc/base/wldb_order_list.html HTTP/1.1" 200 19255
117.184.7.26 - - [27/Jul/2020:10:53:29 +0800] "GET /xingrg/css/site.css HTTP/1.1" 304 -
117.184.7.26 - - [27/Jul/2020:10:53:29 +0800] "GET /xingrg/css/base.css HTTP/1.1" 304 -
117.184.7.26 - - [27/Jul/2020:10:53:29 +0800] "GET /xingrg/javascript/jquery_tools/datebox.css HTTP/1.1" 304 -
117.184.7.26 - - [27/Jul/2020:10:53:29 +0800] "GET /xingrg/javascript/easyui/themes/icon.css HTTP/1.1" 304 -
117.184.7.26 - - [27/Jul/2020:10:53:29 +0800] "GET /xingrg/javascript/easyui/themes/default/easyui.css HTTP/1.1" 304 -
117.184.7.26 - - [27/Jul/2020:10:53:29 +0800] "GET /xingrg/javascript/auto/jquery.autocomplete.css HTTP/1.1" 304 -
117.184.7.26 - - [27/Jul/2020:10:53:29 +0800] "GET /xingrg/javascript/auto/jquery.autocomplete.js HTTP/1.1" 304 -
117.184.7.26 - - [27/Jul/2020:10:53:29 +0800] "GET /xingrg/javascript/jquery.cookie.js HTTP/1.1" 304 -
117.184.7.26 - - [27/Jul/2020:10:53:29 +0800] "GET /xingrg/javascript/jquery_tools/fix.css HTTP/1.1" 304 -
117.184.7.26 - - [27/Jul/2020:10:53:29 +0800] "GET /xingrg/javascript/jquery_tools/jquery.tools.table.js HTTP/1.1" 304 -
117.184.7.26 - - [27/Jul/2020:10:53:29 +0800] "GET /xingrg/javascript/jquery_tools/table.css HTTP/1.1" 304 -
117.184.7.26 - - [27/Jul/2020:10:53:29 +0800] "GET /xingrg/javascript/jquery_tools/jquery.tools.extend.js HTTP/1.1" 304 -
117.184.7.26 - - [27/Jul/2020:10:53:29 +0800] "GET /xingrg/javascript/easyui/easyloader.js HTTP/1.1" 304 -
117.184.7.26 - - [27/Jul/2020:10:53:29 +0800] "GET /xingrg/javascript/jquery_tools/jquery.tools.min.js HTTP/1.1" 304 -
117.184.7.26 - - [27/Jul/2020:10:53:29 +0800] "GET /xingrg/javascript/jquery_tools/jquery.tools.hotkey.js HTTP/1.1" 304 -
