222.69.136.242 - - [27/Jul/2020:08:50:57 +0800] "GET /xingrg/kc/buy/cgsh_order_operate.html?command=get_materiel&rest_code=00149&code=00101008286&supplier_code=00100005&order_time=2020-07-27 HTTP/1.1" 200 408
222.69.136.242 - - [27/Jul/2020:08:50:59 +0800] "POST /xingrg/kc/buy/cgsh_order_operate.html HTTP/1.1" 200 2065
114.89.80.44 - - [27/Jul/2020:08:50:59 +0800] "GET /xingrg/kc/buy/cgsh_order_operate.html?command=get_materiel&rest_code=00151&code=00101006062&supplier_code=00100012&order_time=2020-07-27 HTTP/1.1" 200 409
114.88.161.57 - - [27/Jul/2020:08:51:02 +0800] "GET /xingrg/kc/buy/cgsh_order_operate.html?command=get_materiel&rest_code=00111&code=00101008148&supplier_code=00100005&order_time=2020-07-27 HTTP/1.1" 200 416
114.88.159.89 - - [27/Jul/2020:08:51:08 +0800] "GET /xingrg/all/function/internal_message.html?_=1595810732223&CODE_STATE=getMsg HTTP/1.1" 200 27
114.88.161.57 - - [27/Jul/2020:08:51:08 +0800] "GET /xingrg/kc/buy/cgsh_order_operate.html?command=get_materiel&rest_code=00111&code=00101008004&supplier_code=00100005&order_time=2020-07-27 HTTP/1.1" 200 416
222.69.136.242 - - [27/Jul/2020:08:51:08 +0800] "GET /xingrg/kc/buy/cgsh_order_operate.html?command=get_materiel&rest_code=00149&code=00101008036&supplier_code=00100005&order_time=2020-07-27 HTTP/1.1" 200 408
114.89.80.44 - - [27/Jul/2020:08:51:09 +0800] "GET /xingrg/kc/buy/cgsh_order_operate.html?command=get_materiel&rest_code=00151&code=00101006087&supplier_code=00100012&order_time=2020-07-27 HTTP/1.1" 200 409
116.230.146.118 - - [27/Jul/2020:08:51:13 +0800] "GET /xingrg/kc/buy/cgsh_order_operate.html?command=get_materiel&rest_code=00107&code=00101006109&supplier_code=00100010&order_time=2020-07-27 HTTP/1.1" 200 409
114.88.161.57 - - [27/Jul/2020:08:51:14 +0800] "GET /xingrg/kc/buy/cgsh_order_operate.html?command=get_materiel&rest_code=00111&code=00101009030&supplier_code=00100005&order_time=2020-07-27 HTTP/1.1" 200 412
114.88.161.57 - - [27/Jul/2020:08:51:19 +0800] "GET /xingrg/check_reg.html?_=1595811110618 HTTP/1.1" 200 22
114.88.161.57 - - [27/Jul/2020:08:51:19 +0800] "GET /xingrg/all/function/internal_message.html?_=1595811110619&CODE_STATE=getMsg HTTP/1.1" 200 27
114.89.80.44 - - [27/Jul/2020:08:51:22 +0800] "POST /xingrg/kc/buy/cgsh_order_operate.html HTTP/1.1" 200 37
114.89.80.44 - - [27/Jul/2020:08:51:25 +0800] "POST /xingrg/kc/buy/cgsh_order_operate.html HTTP/1.1" 200 4443
114.88.159.89 - - [27/Jul/2020:08:51:26 +0800] "GET /xingrg/check_reg.html?_=1595810750209 HTTP/1.1" 200 22
222.69.136.242 - - [27/Jul/2020:08:51:26 +0800] "GET /xingrg/kc/buy/cgsh_order_operate.html?command=get_materiel&rest_code=00149&code=00101008131&supplier_code=00100005&order_time=2020-07-27 HTTP/1.1" 200 408
114.88.161.57 - - [27/Jul/2020:08:51:27 +0800] "GET /xingrg/kc/buy/cgsh_order_operate.html?command=get_materiel&rest_code=00111&code=00101008137&supplier_code=00100005&order_time=2020-07-27 HTTP/1.1" 200 408
116.230.146.118 - - [27/Jul/2020:08:51:28 +0800] "GET /xingrg/kc/buy/cgsh_order_operate.html?command=get_materiel&rest_code=00107&code=00101006144&supplier_code=00100010&order_time=2020-07-27 HTTP/1.1" 200 409
114.88.161.57 - - [27/Jul/2020:08:51:29 +0800] "POST /xingrg/kc/buy/cgsh_order_operate.html HTTP/1.1" 200 2065
114.89.80.44 - - [27/Jul/2020:08:51:29 +0800] "GET /xingrg/kc/buy/cgsh_order_add.html HTTP/1.1" 200 58970
114.89.80.44 - - [27/Jul/2020:08:51:30 +0800] "POST /xingrg/kc/buy/cgsh_order_operate.html HTTP/1.1" 200 8245
114.89.80.44 - - [27/Jul/2020:08:51:31 +0800] "GET /xingrg/javascript/easyui/themes/default/validatebox.css HTTP/1.1" 404 1104
116.230.146.118 - - [27/Jul/2020:08:51:36 +0800] "GET /xingrg/kc/buy/cgsh_order_operate.html?command=get_materiel&rest_code=00107&code=00101006115&supplier_code=00100010&order_time=2020-07-27 HTTP/1.1" 200 409
222.69.136.242 - - [27/Jul/2020:08:51:38 +0800] "GET /xingrg/kc/buy/cgsh_order_operate.html?command=get_materiel&rest_code=00149&code=00101008296&supplier_code=00100005&order_time=2020-07-27 HTTP/1.1" 200 416
58.40.7.146 - - [27/Jul/2020:08:51:38 +0800] "GET /xingrg/all/function/internal_message.html?_=1595811097803&CODE_STATE=getMsg HTTP/1.1" 200 27
114.88.161.57 - - [27/Jul/2020:08:51:39 +0800] "GET /xingrg/kc/buy/cgsh_order_operate.html?command=get_materiel&rest_code=00111&code=00101008069&supplier_code=00100005&order_time=2020-07-27 HTTP/1.1" 200 412
114.89.80.44 - - [27/Jul/2020:08:51:39 +0800] "GET /xingrg/all/function/internal_message.html?_=1595811221641&CODE_STATE=getMsg HTTP/1.1" 200 27
114.89.80.44 - - [27/Jul/2020:08:51:40 +0800] "GET /xingrg/kc/buy/cgsh_order_operate.html?command=get_materiel&rest_code=00151&code=00101001069&supplier_code=00100040&order_time=2020-07-27 HTTP/1.1" 200 409
222.69.136.242 - - [27/Jul/2020:08:51:42 +0800] "POST /xingrg/kc/buy/cgsh_order_operate.html HTTP/1.1" 200 2065
114.88.161.57 - - [27/Jul/2020:08:51:44 +0800] "GET /xingrg/kc/buy/cgsh_order_operate.html?command=get_materiel&rest_code=00111&code=00101008318&supplier_code=00100005&order_time=2020-07-27 HTTP/1.1" 200 408
116.230.146.118 - - [27/Jul/2020:08:51:46 +0800] "GET /xingrg/all/function/internal_message.html?_=1595811104111&CODE_STATE=getMsg HTTP/1.1" 200 27
114.88.159.89 - - [27/Jul/2020:08:51:47 +0800] "GET /xingrg/all/function/internal_message.html?_=1595811107870&CODE_STATE=getMsg HTTP/1.1" 200 27
114.88.161.57 - - [27/Jul/2020:08:51:50 +0800] "GET /xingrg/kc/buy/cgsh_order_operate.html?command=get_materiel&rest_code=00111&code=00101008271&supplier_code=00100005&order_time=2020-07-27 HTTP/1.1" 200 408
172.17.0.185 - - [27/Jul/2020:08:51:51 +0800] "GET /xingrg/all/function/internal_message.html?_=1595811110205&CODE_STATE=getMsg HTTP/1.1" 200 27
222.69.136.242 - - [27/Jul/2020:08:51:52 +0800] "GET /xingrg/kc/buy/cgsh_order_operate.html?command=get_materiel&rest_code=00149&code=00101008098&supplier_code=00100005&order_time=2020-07-27 HTTP/1.1" 200 412
61.172.5.115 - - [27/Jul/2020:08:51:52 +0800] "GET /xingrg/all/function/internal_message.html?_=1595811108081&CODE_STATE=getMsg HTTP/1.1" 200 27
61.151.178.197 - - [27/Jul/2020:08:51:52 +0800] "GET /xingrg/all/function/internal_message.html?_=1595810388094&CODE_STATE=getMsg HTTP/1.1" 302 -
222.69.136.242 - - [27/Jul/2020:08:51:52 +0800] "GET /xingrg/all/function/internal_message.html?_=1595811110202&CODE_STATE=getMsg HTTP/1.1" 200 27
222.69.136.242 - - [27/Jul/2020:08:51:52 +0800] "GET /xingrg/check_reg.html?_=1595811110203 HTTP/1.1" 200 22
222.70.173.120 - - [27/Jul/2020:08:51:55 +0800] "GET /xingrg/all/function/internal_message.html?_=1595811118113&CODE_STATE=getMsg HTTP/1.1" 200 27
61.172.5.115 - - [27/Jul/2020:08:51:55 +0800] "GET /xingrg/kc/buy/cgsh_order_operate.html?command=get_materiel&rest_code=00105&code=00101006174&supplier_code=00100013&order_time=2020-07-27 HTTP/1.1" 200 415
114.89.80.44 - - [27/Jul/2020:08:51:55 +0800] "GET /xingrg/kc/buy/cgsh_order_operate.html?command=get_materiel&rest_code=00151&code=00101001010&supplier_code=00100040&order_time=2020-07-27 HTTP/1.1" 200 408
114.88.161.57 - - [27/Jul/2020:08:51:57 +0800] "GET /xingrg/kc/buy/cgsh_order_operate.html?command=get_materiel&rest_code=00111&code=00101008353&supplier_code=00100005&order_time=2020-07-27 HTTP/1.1" 200 408
114.88.161.57 - - [27/Jul/2020:08:51:59 +0800] "POST /xingrg/kc/buy/cgsh_order_operate.html HTTP/1.1" 200 2065
61.151.178.197 - - [27/Jul/2020:08:51:59 +0800] "GET /xingrg/login.html HTTP/1.1" 200 7641
222.69.136.242 - - [27/Jul/2020:08:52:02 +0800] "GET /xingrg/kc/buy/cgsh_order_operate.html?command=get_materiel&rest_code=00149&code=00101008353&supplier_code=00100005&order_time=2020-07-27 HTTP/1.1" 200 408
114.88.161.57 - - [27/Jul/2020:08:52:03 +0800] "GET /xingrg/kc/buy/cgsh_order_operate.html?command=get_materiel&rest_code=00111&code=00101014065&supplier_code=00100005&order_time=2020-07-27 HTTP/1.1" 200 417
114.89.80.44 - - [27/Jul/2020:08:52:08 +0800] "POST /xingrg/kc/buy/cgsh_order_operate.html HTTP/1.1" 200 37
114.88.159.89 - - [27/Jul/2020:08:52:08 +0800] "GET /xingrg/all/function/internal_message.html?_=1595810792197&CODE_STATE=getMsg HTTP/1.1" 200 27
114.89.80.44 - - [27/Jul/2020:08:52:12 +0800] "POST /xingrg/kc/buy/cgsh_order_operate.html HTTP/1.1" 200 3246
114.88.161.57 - - [27/Jul/2020:08:52:12 +0800] "GET /xingrg/kc/buy/cgsh_order_operate.html?command=get_materiel&rest_code=00111&code=00101008244&supplier_code=00100005&order_time=2020-07-27 HTTP/1.1" 200 408
114.89.80.44 - - [27/Jul/2020:08:52:13 +0800] "GET /xingrg/kc/buy/cgsh_order_add.html HTTP/1.1" 200 58970
114.89.80.44 - - [27/Jul/2020:08:52:14 +0800] "POST /xingrg/kc/buy/cgsh_order_operate.html HTTP/1.1" 200 8245
114.89.80.44 - - [27/Jul/2020:08:52:15 +0800] "GET /xingrg/javascript/easyui/themes/default/validatebox.css HTTP/1.1" 404 1104
114.88.161.57 - - [27/Jul/2020:08:52:19 +0800] "GET /xingrg/all/function/internal_message.html?_=1595811170695&CODE_STATE=getMsg HTTP/1.1" 200 27
116.230.146.118 - - [27/Jul/2020:08:52:19 +0800] "POST /xingrg/kc/buy/cgsh_order_operate.html HTTP/1.1" 200 37
116.230.146.118 - - [27/Jul/2020:08:52:20 +0800] "POST /xingrg/kc/buy/cgsh_order_operate.html HTTP/1.1" 200 5007
116.230.146.118 - - [27/Jul/2020:08:52:21 +0800] "GET /xingrg/kc/print/load_config.html?kc_code=cgsh HTTP/1.1" 200 1845
116.230.146.118 - - [27/Jul/2020:08:52:22 +0800] "GET /xingrg/kc/print/load_data.html?order_code=212020072711280&kc_code=cgsh&condition= HTTP/1.1" 200 1612
114.89.80.44 - - [27/Jul/2020:08:52:22 +0800] "GET /xingrg/kc/buy/cgsh_order_operate.html?command=get_materiel&rest_code=00151&code=00101012059&supplier_code=00100036&order_time=2020-07-27 HTTP/1.1" 200 412
222.69.136.242 - - [27/Jul/2020:08:52:22 +0800] "GET /xingrg/kc/buy/cgsh_order_operate.html?command=get_materiel&rest_code=00149&code=00101008298&supplier_code=00100005&order_time=2020-07-27 HTTP/1.1" 200 412
222.69.136.242 - - [27/Jul/2020:08:52:35 +0800] "GET /xingrg/kc/buy/cgsh_order_operate.html?command=get_materiel&rest_code=00149&code=00101008101&supplier_code=00100005&order_time=2020-07-27 HTTP/1.1" 200 412
58.40.7.146 - - [27/Jul/2020:08:52:38 +0800] "GET /xingrg/all/function/internal_message.html?_=1595811157804&CODE_STATE=getMsg HTTP/1.1" 200 27
222.69.136.242 - - [27/Jul/2020:08:52:38 +0800] "POST /xingrg/kc/buy/cgsh_order_operate.html HTTP/1.1" 200 2065
61.172.5.115 - - [27/Jul/2020:08:52:40 +0800] "POST /xingrg/kc/buy/cgsh_order_operate.html HTTP/1.1" 200 37
116.230.146.118 - - [27/Jul/2020:08:52:41 +0800] "GET /xingrg/kc/buy/cgsh_order_add.html HTTP/1.1" 200 59363
222.69.136.242 - - [27/Jul/2020:08:52:41 +0800] "GET /xingrg/kc/buy/cgsh_order_operate.html?command=get_materiel&rest_code=00149&code=00101008010&supplier_code=00100005&order_time=2020-07-27 HTTP/1.1" 200 412
116.230.146.118 - - [27/Jul/2020:08:52:42 +0800] "GET /xingrg/javascript/easyui/themes/default/validatebox.css HTTP/1.1" 404 1104
116.230.146.118 - - [27/Jul/2020:08:52:42 +0800] "POST /xingrg/kc/buy/cgsh_order_operate.html HTTP/1.1" 200 8245
114.89.80.44 - - [27/Jul/2020:08:52:42 +0800] "POST /xingrg/kc/buy/cgsh_order_operate.html HTTP/1.1" 200 37
61.172.5.115 - - [27/Jul/2020:08:52:42 +0800] "POST /xingrg/kc/buy/cgsh_order_operate.html HTTP/1.1" 200 8597
61.172.5.115 - - [27/Jul/2020:08:52:44 +0800] "GET /xingrg/kc/print/load_config.html?kc_code=cgsh HTTP/1.1" 200 1845
61.172.5.115 - - [27/Jul/2020:08:52:44 +0800] "GET /xingrg/kc/print/load_data.html?order_code=212020072711281&kc_code=cgsh&condition= HTTP/1.1" 200 2971
114.89.80.44 - - [27/Jul/2020:08:52:45 +0800] "POST /xingrg/kc/buy/cgsh_order_operate.html HTTP/1.1" 200 2654
116.230.146.118 - - [27/Jul/2020:08:52:46 +0800] "GET /xingrg/all/function/internal_message.html?_=1595811164114&CODE_STATE=getMsg HTTP/1.1" 200 27
114.89.80.44 - - [27/Jul/2020:08:52:47 +0800] "GET /xingrg/kc/buy/cgsh_order_add.html HTTP/1.1" 200 58970
114.88.159.89 - - [27/Jul/2020:08:52:47 +0800] "GET /xingrg/all/function/internal_message.html?_=1595811167845&CODE_STATE=getMsg HTTP/1.1" 200 27
114.89.80.44 - - [27/Jul/2020:08:52:48 +0800] "POST /xingrg/kc/buy/cgsh_order_operate.html HTTP/1.1" 200 8245
114.89.80.44 - - [27/Jul/2020:08:52:48 +0800] "GET /xingrg/all/function/internal_message.html?_=1595811290720&CODE_STATE=getMsg HTTP/1.1" 200 27
114.89.80.44 - - [27/Jul/2020:08:52:48 +0800] "GET /xingrg/javascript/easyui/themes/default/validatebox.css HTTP/1.1" 404 1104
222.69.136.242 - - [27/Jul/2020:08:52:49 +0800] "GET /xingrg/kc/buy/cgsh_order_operate.html?command=get_materiel&rest_code=00149&code=00101008304&supplier_code=00100005&order_time=2020-07-27 HTTP/1.1" 200 412
172.17.0.185 - - [27/Jul/2020:08:52:51 +0800] "GET /xingrg/all/function/internal_message.html?_=1595811170204&CODE_STATE=getMsg HTTP/1.1" 200 27
61.172.5.115 - - [27/Jul/2020:08:52:52 +0800] "GET /xingrg/all/function/internal_message.html?_=1595811168084&CODE_STATE=getMsg HTTP/1.1" 200 27
222.69.136.242 - - [27/Jul/2020:08:52:52 +0800] "GET /xingrg/all/function/internal_message.html?_=1595811170200&CODE_STATE=getMsg HTTP/1.1" 200 27
222.70.173.120 - - [27/Jul/2020:08:52:55 +0800] "GET /xingrg/all/function/internal_message.html?_=1595811178429&CODE_STATE=getMsg HTTP/1.1" 200 27
116.230.146.118 - - [27/Jul/2020:08:52:58 +0800] "GET /xingrg/javascript/easyui/themes/default/tree.css HTTP/1.1" 404 1090
116.230.146.118 - - [27/Jul/2020:08:52:58 +0800] "POST /xingrg/all/common/load_tree.html?tree=supplier_tree_json&isDelete=1 HTTP/1.1" 200 49550
114.89.80.44 - - [27/Jul/2020:08:52:58 +0800] "GET /xingrg/kc/buy/cgsh_order_operate.html?command=get_materiel&rest_code=00151&code=00101011005&supplier_code=00100047&order_time=2020-07-27 HTTP/1.1" 200 428
114.88.161.57 - - [27/Jul/2020:08:53:04 +0800] "GET /xingrg/kc/buy/cgsh_order_operate.html?command=get_materiel&rest_code=00111&code=00101008198&supplier_code=00100005&order_time=2020-07-27 HTTP/1.1" 200 413
222.69.136.242 - - [27/Jul/2020:08:53:05 +0800] "GET /xingrg/kc/buy/cgsh_order_operate.html?command=get_materiel&rest_code=00149&code=00101008110&supplier_code=00100005&order_time=2020-07-27 HTTP/1.1" 200 408
114.88.159.89 - - [27/Jul/2020:08:53:06 +0800] "GET /xingrg/check_reg.html?_=1595811186349 HTTP/1.1" 200 22
222.70.173.120 - - [27/Jul/2020:08:53:07 +0800] "GET /xingrg/check_reg.html?_=1595811189874 HTTP/1.1" 200 22
114.88.159.89 - - [27/Jul/2020:08:53:08 +0800] "GET /xingrg/all/function/internal_message.html?_=1595810852172&CODE_STATE=getMsg HTTP/1.1" 200 27
114.88.161.57 - - [27/Jul/2020:08:53:13 +0800] "GET /xingrg/kc/buy/cgsh_order_operate.html?command=get_materiel&rest_code=00111&code=00101008101&supplier_code=00100005&order_time=2020-07-27 HTTP/1.1" 200 412
222.69.136.242 - - [27/Jul/2020:08:53:17 +0800] "GET /xingrg/kc/buy/cgsh_order_operate.html?command=get_materiel&rest_code=00149&code=00101008114&supplier_code=00100005&order_time=2020-07-27 HTTP/1.1" 200 412
114.88.161.57 - - [27/Jul/2020:08:53:19 +0800] "GET /xingrg/all/function/internal_message.html?_=1595811230563&CODE_STATE=getMsg HTTP/1.1" 200 27
61.172.5.115 - - [27/Jul/2020:08:53:20 +0800] "GET /xingrg/kc/buy/cgsh_order_add.html HTTP/1.1" 200 59316
61.172.5.115 - - [27/Jul/2020:08:53:20 +0800] "POST /xingrg/kc/buy/cgsh_order_operate.html HTTP/1.1" 200 8245
61.172.5.115 - - [27/Jul/2020:08:53:20 +0800] "GET /xingrg/javascript/easyui/themes/default/validatebox.css HTTP/1.1" 404 1104
114.88.161.57 - - [27/Jul/2020:08:53:21 +0800] "POST /xingrg/kc/buy/cgsh_order_operate.html HTTP/1.1" 200 2065
114.89.80.44 - - [27/Jul/2020:08:53:22 +0800] "GET /xingrg/kc/buy/cgsh_order_operate.html?command=get_materiel&rest_code=00151&code=00101011001&supplier_code=00100047&order_time=2020-07-27 HTTP/1.1" 200 423
222.69.136.242 - - [27/Jul/2020:08:53:29 +0800] "GET /xingrg/kc/buy/cgsh_order_operate.html?command=get_materiel&rest_code=00149&code=00101015027&supplier_code=00100005&order_time=2020-07-27 HTTP/1.1" 200 417
222.69.136.242 - - [27/Jul/2020:08:53:32 +0800] "POST /xingrg/kc/buy/cgsh_order_operate.html HTTP/1.1" 200 2065
222.69.136.242 - - [27/Jul/2020:08:53:37 +0800] "GET /xingrg/kc/buy/cgsh_order_operate.html?command=get_materiel&rest_code=00149&code=00101008168&supplier_code=00100005&order_time=2020-07-27 HTTP/1.1" 200 413
58.40.7.146 - - [27/Jul/2020:08:53:38 +0800] "GET /xingrg/all/function/internal_message.html?_=1595811217806&CODE_STATE=getMsg HTTP/1.1" 200 27
58.40.7.146 - - [27/Jul/2020:08:53:38 +0800] "GET /xingrg/check_reg.html?_=1595811217808 HTTP/1.1" 200 22
116.230.146.118 - - [27/Jul/2020:08:53:39 +0800] "GET /xingrg/kc/buy/cgsh_order_operate.html?command=get_materiel&rest_code=00107&code=00101007059&supplier_code=00100002&order_time=2020-07-27 HTTP/1.1" 200 409
61.172.5.115 - - [27/Jul/2020:08:53:42 +0800] "GET /xingrg/kc/buy/cgsh_order_operate.html?command=get_materiel&rest_code=00105&code=00101016100&supplier_code=00100034&order_time=2020-07-27 HTTP/1.1" 200 412
116.230.146.118 - - [27/Jul/2020:08:53:46 +0800] "GET /xingrg/check_reg.html?_=1595811224127 HTTP/1.1" 200 22
116.230.146.118 - - [27/Jul/2020:08:53:46 +0800] "GET /xingrg/all/function/internal_message.html?_=1595811224133&CODE_STATE=getMsg HTTP/1.1" 200 27
222.69.136.242 - - [27/Jul/2020:08:53:46 +0800] "GET /xingrg/kc/buy/cgsh_order_operate.html?command=get_materiel&rest_code=00149&code=00101015024&supplier_code=00100005&order_time=2020-07-27 HTTP/1.1" 200 413
114.88.159.89 - - [27/Jul/2020:08:53:47 +0800] "GET /xingrg/all/function/internal_message.html?_=1595811227816&CODE_STATE=getMsg HTTP/1.1" 200 27
114.89.80.44 - - [27/Jul/2020:08:53:50 +0800] "GET /xingrg/all/function/internal_message.html?_=1595811351993&CODE_STATE=getMsg HTTP/1.1" 200 27
114.89.80.44 - - [27/Jul/2020:08:53:50 +0800] "POST /xingrg/kc/buy/cgsh_order_operate.html HTTP/1.1" 200 37
172.17.0.185 - - [27/Jul/2020:08:53:51 +0800] "GET /xingrg/all/function/internal_message.html?_=1595811230193&CODE_STATE=getMsg HTTP/1.1" 200 27
61.172.5.115 - - [27/Jul/2020:08:53:52 +0800] "GET /xingrg/all/function/internal_message.html?_=1595811228088&CODE_STATE=getMsg HTTP/1.1" 200 27
222.69.136.242 - - [27/Jul/2020:08:53:52 +0800] "GET /xingrg/all/function/internal_message.html?_=1595811230199&CODE_STATE=getMsg HTTP/1.1" 200 27
114.88.161.57 - - [27/Jul/2020:08:53:53 +0800] "GET /xingrg/kc/buy/cgsh_order_operate.html?command=get_materiel&rest_code=00111&code=00101008223&supplier_code=00100005&order_time=2020-07-27 HTTP/1.1" 200 412
222.69.136.242 - - [27/Jul/2020:08:53:55 +0800] "GET /xingrg/kc/buy/cgsh_order_operate.html?command=get_materiel&rest_code=00149&code=00101015006&supplier_code=00100005&order_time=2020-07-27 HTTP/1.1" 200 413
222.70.173.120 - - [27/Jul/2020:08:53:55 +0800] "GET /xingrg/all/function/internal_message.html?_=1595811238436&CODE_STATE=getMsg HTTP/1.1" 200 27
114.89.80.44 - - [27/Jul/2020:08:53:56 +0800] "POST /xingrg/kc/buy/cgsh_order_operate.html HTTP/1.1" 200 12
114.89.80.44 - - [27/Jul/2020:08:53:58 +0800] "GET /xingrg/kc/buy/cgsh_order_info.html?code=212020072711283 HTTP/1.1" 200 53877
114.88.161.57 - - [27/Jul/2020:08:54:00 +0800] "GET /xingrg/kc/buy/cgsh_order_operate.html?command=get_materiel&rest_code=00111&code=00101008230&supplier_code=00100005&order_time=2020-07-27 HTTP/1.1" 200 408
116.230.146.118 - - [27/Jul/2020:08:54:01 +0800] "GET /xingrg/kc/buy/cgsh_order_operate.html?command=get_materiel&rest_code=00107&code=00101007017&supplier_code=00100002&order_time=2020-07-27 HTTP/1.1" 200 408
114.88.161.57 - - [27/Jul/2020:08:54:02 +0800] "POST /xingrg/kc/buy/cgsh_order_operate.html HTTP/1.1" 200 2065
114.89.80.44 - - [27/Jul/2020:08:54:02 +0800] "GET /xingrg/javascript/easyui/themes/default/validatebox.css HTTP/1.1" 404 1104
114.89.80.44 - - [27/Jul/2020:08:54:02 +0800] "POST /xingrg/kc/buy/cgsh_order_operate.html HTTP/1.1" 200 1814
58.40.7.146 - - [27/Jul/2020:08:54:03 +0800] "GET /xingrg/check_reg.html?_=1595811243138 HTTP/1.1" 200 22
114.89.80.44 - - [27/Jul/2020:08:54:04 +0800] "GET /xingrg/kc/print/load_config.html?kc_code=cgsh HTTP/1.1" 200 1845
114.89.80.44 - - [27/Jul/2020:08:54:04 +0800] "GET /xingrg/kc/print/load_data.html?order_code=212020072711283&kc_code=cgsh&condition= HTTP/1.1" 200 1254
114.88.159.89 - - [27/Jul/2020:08:54:08 +0800] "GET /xingrg/all/function/internal_message.html?_=1595810912148&CODE_STATE=getMsg HTTP/1.1" 200 27
222.69.136.242 - - [27/Jul/2020:08:54:09 +0800] "GET /xingrg/kc/buy/cgsh_order_operate.html?command=get_materiel&rest_code=00149&code=00101008257&supplier_code=00100005&order_time=2020-07-27 HTTP/1.1" 200 416
114.88.161.57 - - [27/Jul/2020:08:54:17 +0800] "GET /xingrg/kc/buy/cgsh_order_operate.html?command=get_materiel&rest_code=00111&code=00101008131&supplier_code=00100005&order_time=2020-07-27 HTTP/1.1" 200 408
114.88.161.57 - - [27/Jul/2020:08:54:19 +0800] "GET /xingrg/all/function/internal_message.html?_=1595811290544&CODE_STATE=getMsg HTTP/1.1" 200 27
114.89.80.44 - - [27/Jul/2020:08:54:29 +0800] "GET /xingrg/login.html HTTP/1.1" 200 7641
114.88.161.57 - - [27/Jul/2020:08:54:29 +0800] "GET /xingrg/kc/buy/cgsh_order_operate.html?command=get_materiel&rest_code=00111&code=00101008095&supplier_code=00100005&order_time=2020-07-27 HTTP/1.1" 200 412
222.69.136.242 - - [27/Jul/2020:08:54:29 +0800] "GET /xingrg/kc/buy/cgsh_order_operate.html?command=get_materiel&rest_code=00149&code=00101008312&supplier_code=00100005&order_time=2020-07-27 HTTP/1.1" 200 412
114.88.161.57 - - [27/Jul/2020:08:54:31 +0800] "POST /xingrg/kc/buy/cgsh_order_operate.html HTTP/1.1" 200 2065
222.69.136.242 - - [27/Jul/2020:08:54:32 +0800] "POST /xingrg/kc/buy/cgsh_order_operate.html HTTP/1.1" 200 2065
222.69.136.242 - - [27/Jul/2020:08:54:36 +0800] "GET /xingrg/kc/buy/cgsh_order_operate.html?command=get_materiel&rest_code=00149&code=00101013179&supplier_code=00100005&order_time=2020-07-27 HTTP/1.1" 200 412
58.40.7.146 - - [27/Jul/2020:08:54:38 +0800] "GET /xingrg/all/function/internal_message.html?_=1595811277810&CODE_STATE=getMsg HTTP/1.1" 200 27
114.88.161.57 - - [27/Jul/2020:08:54:38 +0800] "GET /xingrg/kc/buy/cgsh_order_operate.html?command=get_materiel&rest_code=00111&code=00101008110&supplier_code=00100005&order_time=2020-07-27 HTTP/1.1" 200 408
114.88.161.57 - - [27/Jul/2020:08:54:45 +0800] "GET /xingrg/kc/buy/cgsh_order_operate.html?command=get_materiel&rest_code=00111&code=00101008168&supplier_code=00100005&order_time=2020-07-27 HTTP/1.1" 200 413
116.230.146.118 - - [27/Jul/2020:08:54:46 +0800] "GET /xingrg/all/function/internal_message.html?_=1595811284123&CODE_STATE=getMsg HTTP/1.1" 200 27
114.88.159.89 - - [27/Jul/2020:08:54:47 +0800] "GET /xingrg/all/function/internal_message.html?_=1595811287790&CODE_STATE=getMsg HTTP/1.1" 200 27
172.17.0.185 - - [27/Jul/2020:08:54:51 +0800] "GET /xingrg/all/function/internal_message.html?_=1595811290197&CODE_STATE=getMsg HTTP/1.1" 200 27
172.17.0.185 - - [27/Jul/2020:08:54:51 +0800] "GET /xingrg/check_reg.html?_=1595811290201 HTTP/1.1" 200 22
61.172.5.115 - - [27/Jul/2020:08:54:52 +0800] "GET /xingrg/check_reg.html?_=1595811288087 HTTP/1.1" 200 22
61.172.5.115 - - [27/Jul/2020:08:54:52 +0800] "GET /xingrg/all/function/internal_message.html?_=1595811288091&CODE_STATE=getMsg HTTP/1.1" 200 27
222.69.136.242 - - [27/Jul/2020:08:54:52 +0800] "GET /xingrg/all/function/internal_message.html?_=1595811290211&CODE_STATE=getMsg HTTP/1.1" 200 27
114.88.161.57 - - [27/Jul/2020:08:54:53 +0800] "POST /xingrg/kc/buy/cgsh_order_operate.html HTTP/1.1" 200 37
116.230.146.118 - - [27/Jul/2020:08:54:53 +0800] "GET /xingrg/kc/buy/cgsh_order_operate.html?command=get_materiel&rest_code=00107&code=00101007061&supplier_code=00100002&order_time=2020-07-27 HTTP/1.1" 200 409
114.88.161.57 - - [27/Jul/2020:08:54:53 +0800] "POST /xingrg/kc/buy/cgsh_order_operate.html HTTP/1.1" 200 32205
222.70.173.120 - - [27/Jul/2020:08:54:55 +0800] "GET /xingrg/all/function/internal_message.html?_=1595811298451&CODE_STATE=getMsg HTTP/1.1" 200 27
114.89.80.44 - - [27/Jul/2020:08:54:58 +0800] "GET /favicon.ico HTTP/1.1" 404 -
61.172.5.115 - - [27/Jul/2020:08:55:01 +0800] "GET /xingrg/kc/buy/cgsh_order_operate.html?command=get_materiel&rest_code=00105&code=00101012029&supplier_code=00100034&order_time=2020-07-27 HTTP/1.1" 200 412
114.88.159.89 - - [27/Jul/2020:08:55:08 +0800] "GET /xingrg/all/function/internal_message.html?_=1595810972124&CODE_STATE=getMsg HTTP/1.1" 200 27
116.230.146.118 - - [27/Jul/2020:08:55:14 +0800] "GET /xingrg/kc/buy/cgsh_order_operate.html?command=get_materiel&rest_code=00107&code=00101007081&supplier_code=00100002&order_time=2020-07-27 HTTP/1.1" 200 413
114.89.80.44 - - [27/Jul/2020:08:55:17 +0800] "GET /xingrg/login.html HTTP/1.1" 200 7641
114.88.161.57 - - [27/Jul/2020:08:55:19 +0800] "GET /xingrg/all/function/internal_message.html?_=1595811350537&CODE_STATE=getMsg HTTP/1.1" 200 27
114.89.80.44 - - [27/Jul/2020:08:55:20 +0800] "GET /favicon.ico HTTP/1.1" 404 -
116.230.146.118 - - [27/Jul/2020:08:55:23 +0800] "POST /xingrg/kc/buy/cgsh_order_operate.html HTTP/1.1" 200 37
116.230.146.118 - - [27/Jul/2020:08:55:25 +0800] "POST /xingrg/kc/buy/cgsh_order_operate.html HTTP/1.1" 200 5008
114.89.80.44 - - [27/Jul/2020:08:55:28 +0800] "POST /xingrg/login.do HTTP/1.1" 302 -
114.89.80.44 - - [27/Jul/2020:08:55:28 +0800] "GET /xingrg/index.html?sysBaseUrl=http%3A%2F%2F180.169.147.146%3A18081%2Fxingrg%2F&costTime=37×tamp=1595811328928 HTTP/1.1" 200 17179
114.89.80.44 - - [27/Jul/2020:08:55:28 +0800] "GET /xingrg/javascript/jquery_easy_ui/themes/icon.css HTTP/1.1" 304 -
114.89.80.44 - - [27/Jul/2020:08:55:28 +0800] "GET /xingrg/css/form.css HTTP/1.1" 304 -
114.89.80.44 - - [27/Jul/2020:08:55:28 +0800] "GET /xingrg/javascript/jquery_easy_ui/themes/default/easyui.css HTTP/1.1" 304 -
114.89.80.44 - - [27/Jul/2020:08:55:28 +0800] "GET /xingrg/javascript/jquery-1.4.2.min.js HTTP/1.1" 304 -
114.89.80.44 - - [27/Jul/2020:08:55:29 +0800] "GET /xingrg/javascript/jquery_easy_ui/jquery.easyui.min.js HTTP/1.1" 304 -
114.89.80.44 - - [27/Jul/2020:08:55:29 +0800] "GET /xingrg/javascript/jquery_easy_ui/easyui-lang-zh_CN.js HTTP/1.1" 304 -
114.89.80.44 - - [27/Jul/2020:08:55:29 +0800] "GET /xingrg/javascript/jquery.utils.js HTTP/1.1" 304 -
114.89.80.44 - - [27/Jul/2020:08:55:29 +0800] "GET /xingrg/javascript/jquery.form.js HTTP/1.1" 304 -
114.89.80.44 - - [27/Jul/2020:08:55:29 +0800] "GET /xingrg/javascript/jquery.timers.js HTTP/1.1" 304 -
114.89.80.44 - - [27/Jul/2020:08:55:29 +0800] "GET /favicon.ico HTTP/1.1" 404 -
116.230.146.118 - - [27/Jul/2020:08:55:30 +0800] "GET /xingrg/kc/print/load_data.html?order_code=212020072711285&kc_code=cgsh&condition= HTTP/1.1" 200 1620
114.89.80.44 - - [27/Jul/2020:08:55:30 +0800] "POST /xingrg/all/common/load_tree.html?tree=area_rest_tree_json&manage=1 HTTP/1.1" 200 476
114.89.80.44 - - [27/Jul/2020:08:55:31 +0800] "GET /xingrg/all/function/internal_message.html?_=1595811453266&CODE_STATE=count HTTP/1.1" 200 11
114.89.80.44 - - [27/Jul/2020:08:55:31 +0800] "GET /xingrg/check_reg.html?_=1595811453267 HTTP/1.1" 200 22
114.89.80.44 - - [27/Jul/2020:08:55:31 +0800] "POST /xingrg/load_menu.html HTTP/1.1" 200 5138
114.89.80.44 - - [27/Jul/2020:08:55:36 +0800] "GET /xingrg/css/base.css HTTP/1.1" 304 -
114.89.80.44 - - [27/Jul/2020:08:55:36 +0800] "GET /xingrg/kc/buy/cgsh_order_list.html HTTP/1.1" 200 43584
114.89.80.44 - - [27/Jul/2020:08:55:36 +0800] "GET /xingrg/css/site.css HTTP/1.1" 304 -
114.89.80.44 - - [27/Jul/2020:08:55:36 +0800] "GET /xingrg/javascript/easyui/themes/default/easyui.css HTTP/1.1" 304 -
114.89.80.44 - - [27/Jul/2020:08:55:36 +0800] "GET /xingrg/javascript/easyui/themes/icon.css HTTP/1.1" 304 -
114.89.80.44 - - [27/Jul/2020:08:55:36 +0800] "GET /xingrg/javascript/jquery_tools/jquery.tools.hotkey.js HTTP/1.1" 304 -
114.89.80.44 - - [27/Jul/2020:08:55:36 +0800] "GET /xingrg/javascript/jquery_tools/datebox.css HTTP/1.1" 304 -
114.89.80.44 - - [27/Jul/2020:08:55:36 +0800] "GET /xingrg/javascript/jquery_tools/jquery.tools.table.js HTTP/1.1" 304 -
114.89.80.44 - - [27/Jul/2020:08:55:36 +0800] "GET /xingrg/javascript/jquery_tools/jquery.tools.extend.js HTTP/1.1" 304 -
114.89.80.44 - - [27/Jul/2020:08:55:36 +0800] "GET /xingrg/javascript/jquery_tools/table.css HTTP/1.1" 304 -
114.89.80.44 - - [27/Jul/2020:08:55:36 +0800] "GET /xingrg/javascript/jquery_tools/jquery.tools.min.js HTTP/1.1" 304 -
114.89.80.44 - - [27/Jul/2020:08:55:36 +0800] "GET /xingrg/javascript/auto/jquery.autocomplete.css HTTP/1.1" 304 -
114.89.80.44 - - [27/Jul/2020:08:55:36 +0800] "GET /xingrg/javascript/auto/jquery.autocomplete.js HTTP/1.1" 304 -
114.89.80.44 - - [27/Jul/2020:08:55:36 +0800] "GET /xingrg/javascript/jquery_tools/list_manager.js HTTP/1.1" 304 -
114.89.80.44 - - [27/Jul/2020:08:55:36 +0800] "GET /xingrg/javascript/easyui/easyloader.js HTTP/1.1" 304 -
114.89.80.44 - - [27/Jul/2020:08:55:36 +0800] "GET /xingrg/javascript/jquery.cookie.js HTTP/1.1" 304 -
114.89.80.44 - - [27/Jul/2020:08:55:36 +0800] "GET /xingrg/javascript/jquery_tools/fix.css HTTP/1.1" 304 -
114.89.80.44 - - [27/Jul/2020:08:55:36 +0800] "GET /xingrg/javascript/print/LodopFuncs.js HTTP/1.1" 304 -
114.89.80.44 - - [27/Jul/2020:08:55:36 +0800] "GET /xingrg/javascript/easyui/plugins/jquery.parser.js HTTP/1.1" 304 -
114.89.80.44 - - [27/Jul/2020:08:55:37 +0800] "POST /xingrg/kc/buy/cgsh_list_operate.html HTTP/1.1" 200 1708
58.40.7.146 - - [27/Jul/2020:08:55:38 +0800] "GET /xingrg/all/function/internal_message.html?_=1595811337813&CODE_STATE=getMsg HTTP/1.1" 200 27
114.89.80.44 - - [27/Jul/2020:08:55:39 +0800] "GET /xingrg/javascript/jquery_tools/order_manager.js HTTP/1.1" 304 -
114.89.80.44 - - [27/Jul/2020:08:55:39 +0800] "GET /xingrg/javascript/pic_change.js HTTP/1.1" 304 -
114.89.80.44 - - [27/Jul/2020:08:55:39 +0800] "GET /xingrg/javascript/convert.js HTTP/1.1" 304 -
114.89.80.44 - - [27/Jul/2020:08:55:39 +0800] "GET /xingrg/javascript/print/kc_print.js HTTP/1.1" 304 -
114.89.80.44 - - [27/Jul/2020:08:55:39 +0800] "GET /xingrg/javascript/json2.js HTTP/1.1" 304 -
114.89.80.44 - - [27/Jul/2020:08:55:39 +0800] "GET /xingrg/kc/buy/cgsh_order_add.html HTTP/1.1" 200 59252
114.89.80.44 - - [27/Jul/2020:08:55:39 +0800] "GET /xingrg/words/20200726131235_words.js HTTP/1.1" 304 -
114.89.80.44 - - [27/Jul/2020:08:55:39 +0800] "POST /xingrg/kc/buy/cgsh_order_operate.html HTTP/1.1" 200 8245
114.89.80.44 - - [27/Jul/2020:08:55:39 +0800] "GET /xingrg/all/common/auto_word.html?type=employee&rest_code=00150 HTTP/1.1" 200 205
114.89.80.44 - - [27/Jul/2020:08:55:39 +0800] "GET /xingrg/all/common/auto_word.html?type=employee&rest_code=00150 HTTP/1.1" 200 205
114.89.80.44 - - [27/Jul/2020:08:55:40 +0800] "GET /xingrg/javascript/easyui/themes/default/validatebox.css HTTP/1.1" 404 1104
114.89.80.44 - - [27/Jul/2020:08:55:40 +0800] "GET /xingrg/javascript/easyui/plugins/jquery.validatebox.js HTTP/1.1" 304 -
114.89.80.44 - - [27/Jul/2020:08:55:40 +0800] "GET /xingrg/javascript/easyui/plugins/jquery.numberbox.js HTTP/1.1" 304 -
114.89.80.44 - - [27/Jul/2020:08:55:43 +0800] "GET /xingrg/javascript/auto/indicator.gif HTTP/1.1" 404 1066
116.230.146.118 - - [27/Jul/2020:08:55:44 +0800] "GET /xingrg/kc/buy/cgsh_order_add.html HTTP/1.1" 200 59363
116.230.146.118 - - [27/Jul/2020:08:55:45 +0800] "GET /xingrg/javascript/easyui/themes/default/validatebox.css HTTP/1.1" 404 1104
116.230.146.118 - - [27/Jul/2020:08:55:45 +0800] "POST /xingrg/kc/buy/cgsh_order_operate.html HTTP/1.1" 200 8245
116.230.146.118 - - [27/Jul/2020:08:55:46 +0800] "GET /xingrg/all/function/internal_message.html?_=1595811344129&CODE_STATE=getMsg HTTP/1.1" 200 27
114.88.159.89 - - [27/Jul/2020:08:55:47 +0800] "GET /xingrg/all/function/internal_message.html?_=1595811347763&CODE_STATE=getMsg HTTP/1.1" 200 27
172.17.0.185 - - [27/Jul/2020:08:55:51 +0800] "GET /xingrg/all/function/internal_message.html?_=1595811350189&CODE_STATE=getMsg HTTP/1.1" 200 27
61.172.5.115 - - [27/Jul/2020:08:55:52 +0800] "GET /xingrg/all/function/internal_message.html?_=1595811348089&CODE_STATE=getMsg HTTP/1.1" 200 27
222.69.136.242 - - [27/Jul/2020:08:55:52 +0800] "GET /xingrg/all/function/internal_message.html?_=1595811350199&CODE_STATE=getMsg HTTP/1.1" 200 27
116.230.146.118 - - [27/Jul/2020:08:55:53 +0800] "GET /xingrg/javascript/easyui/themes/default/tree.css HTTP/1.1" 404 1090
116.230.146.118 - - [27/Jul/2020:08:55:53 +0800] "POST /xingrg/all/common/load_tree.html?tree=supplier_tree_json&isDelete=1 HTTP/1.1" 200 49550
222.70.173.120 - - [27/Jul/2020:08:55:56 +0800] "GET /xingrg/all/function/internal_message.html?_=1595811358788&CODE_STATE=getMsg HTTP/1.1" 200 27
114.89.80.44 - - [27/Jul/2020:08:55:58 +0800] "GET /xingrg/kc/buy/cgsh_order_operate.html?command=get_materiel&rest_code=00150&code=00101011005&supplier_code=00100047&order_time=2020-07-27 HTTP/1.1" 200 428
114.88.159.89 - - [27/Jul/2020:08:56:08 +0800] "GET /xingrg/all/function/internal_message.html?_=1595811032120&CODE_STATE=getMsg HTTP/1.1" 200 27
114.89.80.44 - - [27/Jul/2020:08:56:08 +0800] "POST /xingrg/kc/buy/cgsh_order_operate.html HTTP/1.1" 200 37
114.89.80.44 - - [27/Jul/2020:08:56:10 +0800] "POST /xingrg/kc/buy/cgsh_order_operate.html HTTP/1.1" 200 12
114.89.80.44 - - [27/Jul/2020:08:56:12 +0800] "GET /xingrg/kc/buy/cgsh_order_info.html?code=212020072711286 HTTP/1.1" 200 54159
114.89.80.44 - - [27/Jul/2020:08:56:12 +0800] "GET /xingrg/javascript/easyui/themes/default/validatebox.css HTTP/1.1" 404 1104
114.89.80.44 - - [27/Jul/2020:08:56:12 +0800] "POST /xingrg/kc/buy/cgsh_order_operate.html HTTP/1.1" 200 606
114.89.80.44 - - [27/Jul/2020:08:56:13 +0800] "GET /xingrg/kc/print/load_config.html?kc_code=cgsh HTTP/1.1" 200 1845
114.89.80.44 - - [27/Jul/2020:08:56:14 +0800] "GET /xingrg/kc/print/load_data.html?order_code=212020072711286&kc_code=cgsh&condition= HTTP/1.1" 200 780
114.89.80.44 - - [27/Jul/2020:08:56:18 +0800] "GET /xingrg/kc/buy/cgsh_order_add.html HTTP/1.1" 200 59252
114.89.80.44 - - [27/Jul/2020:08:56:18 +0800] "POST /xingrg/kc/buy/cgsh_order_operate.html HTTP/1.1" 200 8245
114.89.80.44 - - [27/Jul/2020:08:56:18 +0800] "GET /xingrg/javascript/easyui/themes/default/validatebox.css HTTP/1.1" 404 1104
61.172.5.115 - - [27/Jul/2020:08:56:18 +0800] "GET /xingrg/kc/buy/cgsh_order_operate.html?command=get_materiel&rest_code=00105&code=00101012067&supplier_code=00100034&order_time=2020-07-27 HTTP/1.1" 200 405
114.88.161.57 - - [27/Jul/2020:08:56:19 +0800] "GET /xingrg/check_reg.html?_=1595811410538 HTTP/1.1" 200 22
114.88.161.57 - - [27/Jul/2020:08:56:19 +0800] "GET /xingrg/all/function/internal_message.html?_=1595811410544&CODE_STATE=getMsg HTTP/1.1" 200 27
114.89.80.44 - - [27/Jul/2020:08:56:25 +0800] "GET /xingrg/kc/buy/cgsh_order_operate.html?command=get_materiel&rest_code=00150&code=00101007076&supplier_code=00100002&order_time=2020-07-27 HTTP/1.1" 200 408
114.88.159.89 - - [27/Jul/2020:08:56:26 +0800] "GET /xingrg/check_reg.html?_=1595811050209 HTTP/1.1" 200 22
114.89.80.44 - - [27/Jul/2020:08:56:31 +0800] "GET /xingrg/all/function/internal_message.html?_=1595811513270&CODE_STATE=getMsg HTTP/1.1" 200 27
114.89.80.44 - - [27/Jul/2020:08:56:35 +0800] "GET /xingrg/kc/buy/cgsh_order_operate.html?command=get_materiel&rest_code=00150&code=00101007048&supplier_code=00100002&order_time=2020-07-27 HTTP/1.1" 200 408
58.40.7.146 - - [27/Jul/2020:08:56:38 +0800] "GET /xingrg/all/function/internal_message.html?_=1595811397816&CODE_STATE=getMsg HTTP/1.1" 200 27
114.88.161.57 - - [27/Jul/2020:08:56:39 +0800] "GET /xingrg/kc/buy/cgsh_order_list.html HTTP/1.1" 200 43578
114.88.161.57 - - [27/Jul/2020:08:56:41 +0800] "POST /xingrg/kc/buy/cgsh_list_operate.html HTTP/1.1" 200 2051
114.88.161.57 - - [27/Jul/2020:08:56:42 +0800] "GET /xingrg/kc/buy/cgsh_order_add.html HTTP/1.1" 200 59316
114.88.161.57 - - [27/Jul/2020:08:56:42 +0800] "GET /xingrg/javascript/easyui/themes/default/validatebox.css HTTP/1.1" 404 1104
114.88.161.57 - - [27/Jul/2020:08:56:42 +0800] "POST /xingrg/kc/buy/cgsh_order_operate.html HTTP/1.1" 200 8245
114.89.80.44 - - [27/Jul/2020:08:56:45 +0800] "GET /xingrg/kc/buy/cgsh_order_operate.html?command=get_materiel&rest_code=00150&code=00101007081&supplier_code=00100002&order_time=2020-07-27 HTTP/1.1" 200 413
116.230.146.118 - - [27/Jul/2020:08:56:46 +0800] "GET /xingrg/all/function/internal_message.html?_=1595811404134&CODE_STATE=getMsg HTTP/1.1" 200 27
114.88.159.89 - - [27/Jul/2020:08:56:47 +0800] "GET /xingrg/all/function/internal_message.html?_=1595811407739&CODE_STATE=getMsg HTTP/1.1" 200 27
114.88.161.57 - - [27/Jul/2020:08:56:50 +0800] "GET /xingrg/kc/buy/cgsh_order_operate.html?command=get_materiel&rest_code=00111&code=00101007061&supplier_code=00100004&order_time=2020-07-27 HTTP/1.1" 200 409
61.172.5.115 - - [27/Jul/2020:08:56:50 +0800] "GET /xingrg/kc/buy/cgsh_order_operate.html?command=get_materiel&rest_code=00105&code=00101016030&supplier_code=00100034&order_time=2020-07-27 HTTP/1.1" 200 412
172.17.0.185 - - [27/Jul/2020:08:56:51 +0800] "GET /xingrg/all/function/internal_message.html?_=1595811410194&CODE_STATE=getMsg HTTP/1.1" 200 27
61.172.5.115 - - [27/Jul/2020:08:56:52 +0800] "GET /xingrg/all/function/internal_message.html?_=1595811408089&CODE_STATE=getMsg HTTP/1.1" 200 27
222.69.136.242 - - [27/Jul/2020:08:56:52 +0800] "GET /xingrg/all/function/internal_message.html?_=1595811410206&CODE_STATE=getMsg HTTP/1.1" 200 27
222.69.136.242 - - [27/Jul/2020:08:56:52 +0800] "GET /xingrg/check_reg.html?_=1595811410209 HTTP/1.1" 200 22
114.89.80.44 - - [27/Jul/2020:08:56:54 +0800] "GET /xingrg/kc/buy/cgsh_order_operate.html?command=get_materiel&rest_code=00150&code=00101007071&supplier_code=00100002&order_time=2020-07-27 HTTP/1.1" 200 417
222.70.173.120 - - [27/Jul/2020:08:56:56 +0800] "GET /xingrg/all/function/internal_message.html?_=1595811418789&CODE_STATE=getMsg HTTP/1.1" 200 27
114.88.161.57 - - [27/Jul/2020:08:56:59 +0800] "GET /xingrg/kc/buy/cgsh_order_operate.html?command=get_materiel&rest_code=00111&code=00101007059&supplier_code=00100004&order_time=2020-07-27 HTTP/1.1" 200 409
114.89.80.44 - - [27/Jul/2020:08:57:01 +0800] "GET /xingrg/kc/buy/cgsh_order_operate.html?command=get_materiel&rest_code=00150&code=00101007059&supplier_code=00100002&order_time=2020-07-27 HTTP/1.1" 200 409
114.88.159.89 - - [27/Jul/2020:08:57:08 +0800] "GET /xingrg/all/function/internal_message.html?_=1595811092101&CODE_STATE=getMsg HTTP/1.1" 200 27
61.129.6.145 - - [27/Jul/2020:08:57:09 +0800] "GET /xingrg/all/function/internal_message.html?_=1595810747981&CODE_STATE=getMsg HTTP/1.1" 302 -
114.89.80.44 - - [27/Jul/2020:08:57:09 +0800] "GET /xingrg/kc/buy/cgsh_order_operate.html?command=get_materiel&rest_code=00150&code=00101007077&supplier_code=00100002&order_time=2020-07-27 HTTP/1.1" 200 415
222.69.136.242 - - [27/Jul/2020:08:57:10 +0800] "GET /xingrg/kc/buy/cgsh_order_operate.html?command=get_materiel&rest_code=00149&code=00101008213&supplier_code=00100005&order_time=2020-07-27 HTTP/1.1" 200 412
61.129.6.145 - - [27/Jul/2020:08:57:13 +0800] "GET /xingrg/login.html HTTP/1.1" 200 7641
61.172.5.115 - - [27/Jul/2020:08:57:16 +0800] "GET /xingrg/kc/buy/cgsh_order_operate.html?command=get_materiel&rest_code=00105&code=00101016071&supplier_code=00100034&order_time=2020-07-27 HTTP/1.1" 200 416
114.88.161.57 - - [27/Jul/2020:08:57:19 +0800] "GET /xingrg/all/function/internal_message.html?_=1595811470531&CODE_STATE=getMsg HTTP/1.1" 200 27
114.89.80.44 - - [27/Jul/2020:08:57:19 +0800] "GET /xingrg/kc/buy/cgsh_order_operate.html?command=get_materiel&rest_code=00150&code=00101007031&supplier_code=00100002&order_time=2020-07-27 HTTP/1.1" 200 413
114.88.161.57 - - [27/Jul/2020:08:57:20 +0800] "POST /xingrg/kc/buy/cgsh_order_operate.html HTTP/1.1" 200 37
114.88.161.57 - - [27/Jul/2020:08:57:21 +0800] "POST /xingrg/kc/buy/cgsh_order_operate.html HTTP/1.1" 200 3242
114.88.161.57 - - [27/Jul/2020:08:57:22 +0800] "GET /xingrg/kc/print/load_data.html?order_code=212020072711287&kc_code=cgsh&condition= HTTP/1.1" 200 945
114.89.80.44 - - [27/Jul/2020:08:57:28 +0800] "POST /xingrg/kc/buy/cgsh_order_operate.html HTTP/1.1" 200 37
116.230.146.118 - - [27/Jul/2020:08:57:30 +0800] "GET /xingrg/kc/buy/cgsh_order_operate.html?command=get_materiel&rest_code=00107&code=00101012030&supplier_code=00100033&order_time=2020-07-27 HTTP/1.1" 200 416
114.89.80.44 - - [27/Jul/2020:08:57:31 +0800] "GET /xingrg/all/function/internal_message.html?_=1595811573284&CODE_STATE=getMsg HTTP/1.1" 200 27
114.89.80.44 - - [27/Jul/2020:08:57:32 +0800] "POST /xingrg/kc/buy/cgsh_order_operate.html HTTP/1.1" 200 12
114.89.80.44 - - [27/Jul/2020:08:57:33 +0800] "GET /xingrg/kc/buy/cgsh_order_info.html?code=212020072711288 HTTP/1.1" 200 54159
114.89.80.44 - - [27/Jul/2020:08:57:33 +0800] "GET /xingrg/javascript/easyui/themes/default/validatebox.css HTTP/1.1" 404 1104
114.89.80.44 - - [27/Jul/2020:08:57:33 +0800] "POST /xingrg/kc/buy/cgsh_order_operate.html HTTP/1.1" 200 4158
114.89.80.44 - - [27/Jul/2020:08:57:35 +0800] "GET /xingrg/kc/print/load_data.html?order_code=212020072711288&kc_code=cgsh&condition= HTTP/1.1" 200 2164
58.40.7.146 - - [27/Jul/2020:08:57:38 +0800] "GET /xingrg/all/function/internal_message.html?_=1595811457803&CODE_STATE=getMsg HTTP/1.1" 200 27
117.184.7.26 - - [27/Jul/2020:08:57:40 +0800] "GET /xingrg/login.html HTTP/1.1" 200 7641
116.230.146.118 - - [27/Jul/2020:08:57:46 +0800] "GET /xingrg/all/function/internal_message.html?_=1595811464155&CODE_STATE=getMsg HTTP/1.1" 200 27
117.184.7.26 - - [27/Jul/2020:08:57:46 +0800] "GET /favicon.ico HTTP/1.1" 404 -
114.88.159.89 - - [27/Jul/2020:08:57:47 +0800] "GET /xingrg/all/function/internal_message.html?_=1595811467711&CODE_STATE=getMsg HTTP/1.1" 200 27
61.172.5.115 - - [27/Jul/2020:08:57:48 +0800] "POST /xingrg/kc/buy/cgsh_order_operate.html HTTP/1.1" 200 37
116.230.146.118 - - [27/Jul/2020:08:57:48 +0800] "GET /xingrg/kc/buy/cgsh_order_operate.html?command=get_materiel&rest_code=00107&code=00101012029&supplier_code=00100033&order_time=2020-07-27 HTTP/1.1" 200 412
61.172.5.115 - - [27/Jul/2020:08:57:49 +0800] "POST /xingrg/kc/buy/cgsh_order_operate.html HTTP/1.1" 200 5014
172.17.0.185 - - [27/Jul/2020:08:57:51 +0800] "GET /xingrg/all/function/internal_message.html?_=1595811470198&CODE_STATE=getMsg HTTP/1.1" 200 27
61.172.5.115 - - [27/Jul/2020:08:57:52 +0800] "GET /xingrg/all/function/internal_message.html?_=1595811468090&CODE_STATE=getMsg HTTP/1.1" 200 27
222.69.136.242 - - [27/Jul/2020:08:57:52 +0800] "GET /xingrg/all/function/internal_message.html?_=1595811470204&CODE_STATE=getMsg HTTP/1.1" 200 27
61.172.5.115 - - [27/Jul/2020:08:57:52 +0800] "GET /xingrg/kc/print/load_data.html?order_code=212020072711289&kc_code=cgsh&condition= HTTP/1.1" 200 1595
117.184.7.26 - - [27/Jul/2020:08:57:55 +0800] "POST /xingrg/login.do HTTP/1.1" 302 -
117.184.7.26 - - [27/Jul/2020:08:57:55 +0800] "GET /xingrg/index.html?sysBaseUrl=http%3A%2F%2F180.169.147.146%3A18081%2Fxingrg%2F&costTime=37×tamp=1595811475233 HTTP/1.1" 200 17173
117.184.7.26 - - [27/Jul/2020:08:57:55 +0800] "GET /favicon.ico HTTP/1.1" 404 -
117.184.7.26 - - [27/Jul/2020:08:57:56 +0800] "POST /xingrg/all/common/load_tree.html?tree=area_rest_tree_json&manage=1 HTTP/1.1" 200 470
222.70.173.120 - - [27/Jul/2020:08:57:56 +0800] "GET /xingrg/all/function/internal_message.html?_=1595811479120&CODE_STATE=getMsg HTTP/1.1" 200 27
114.89.80.44 - - [27/Jul/2020:08:57:56 +0800] "GET /xingrg/kc/buy/cgsh_order_add.html HTTP/1.1" 200 59252
117.184.7.26 - - [27/Jul/2020:08:57:56 +0800] "GET /xingrg/all/function/internal_message.html?_=1595811475249&CODE_STATE=count HTTP/1.1" 200 11
117.184.7.26 - - [27/Jul/2020:08:57:56 +0800] "GET /xingrg/check_reg.html?_=1595811475251 HTTP/1.1" 200 22
117.184.7.26 - - [27/Jul/2020:08:57:56 +0800] "POST /xingrg/load_menu.html HTTP/1.1" 200 5138
114.89.80.44 - - [27/Jul/2020:08:57:56 +0800] "POST /xingrg/kc/buy/cgsh_order_operate.html HTTP/1.1" 200 8245
114.89.80.44 - - [27/Jul/2020:08:57:56 +0800] "GET /xingrg/javascript/easyui/themes/default/validatebox.css HTTP/1.1" 404 1104
117.184.7.26 - - [27/Jul/2020:08:57:57 +0800] "GET /xingrg/kc/buy/buy_main.html HTTP/1.1" 200 12412
117.184.7.26 - - [27/Jul/2020:08:57:57 +0800] "GET /xingrg/css/new_ie.css HTTP/1.1" 404 1036
117.184.7.26 - - [27/Jul/2020:08:57:59 +0800] "GET /xingrg/images/yd/bt.gif HTTP/1.1" 404 1040
117.184.7.26 - - [27/Jul/2020:08:57:59 +0800] "GET /xingrg/kc/buy/cgsh_order_list.html HTTP/1.1" 200 43578
117.184.7.26 - - [27/Jul/2020:08:58:01 +0800] "POST /xingrg/kc/buy/cgsh_list_operate.html HTTP/1.1" 200 876
114.89.80.44 - - [27/Jul/2020:08:58:03 +0800] "GET /xingrg/kc/buy/cgsh_order_operate.html?command=get_materiel&rest_code=00150&code=00101006133&supplier_code=00100012&order_time=2020-07-27 HTTP/1.1" 200 413
114.88.159.89 - - [27/Jul/2020:08:58:06 +0800] "GET /xingrg/check_reg.html?_=1595811486331 HTTP/1.1" 200 22
222.70.173.120 - - [27/Jul/2020:08:58:07 +0800] "GET /xingrg/check_reg.html?_=1595811489881 HTTP/1.1" 200 22
114.88.159.89 - - [27/Jul/2020:08:58:08 +0800] "GET /xingrg/all/function/internal_message.html?_=1595811152082&CODE_STATE=getMsg HTTP/1.1" 200 27
114.89.80.44 - - [27/Jul/2020:08:58:15 +0800] "GET /xingrg/kc/buy/cgsh_order_operate.html?command=get_materiel&rest_code=00150&code=00101007067&supplier_code=00100012&order_time=2020-07-27 HTTP/1.1" 200 409
117.184.7.26 - - [27/Jul/2020:08:58:16 +0800] "GET /xingrg/kc/buy/buy_main.html HTTP/1.1" 200 12412
117.184.7.26 - - [27/Jul/2020:08:58:16 +0800] "GET /xingrg/css/new_ie.css HTTP/1.1" 404 1036
116.230.146.118 - - [27/Jul/2020:08:58:16 +0800] "GET /xingrg/kc/buy/cgsh_order_operate.html?command=get_materiel&rest_code=00107&code=00101016025&supplier_code=00100033&order_time=2020-07-27 HTTP/1.1" 200 408
114.88.161.57 - - [27/Jul/2020:08:58:19 +0800] "GET /xingrg/all/function/internal_message.html?_=1595811530538&CODE_STATE=getMsg HTTP/1.1" 200 27
114.89.80.44 - - [27/Jul/2020:08:58:26 +0800] "GET /xingrg/kc/buy/cgsh_order_operate.html?command=get_materiel&rest_code=00150&code=00101006068&supplier_code=00100012&order_time=2020-07-27 HTTP/1.1" 200 409
114.89.80.44 - - [27/Jul/2020:08:58:31 +0800] "GET /xingrg/all/function/internal_message.html?_=1595811633296&CODE_STATE=getMsg HTTP/1.1" 200 27
114.89.80.44 - - [27/Jul/2020:08:58:36 +0800] "POST /xingrg/kc/buy/cgsh_order_operate.html HTTP/1.1" 200 37
116.230.146.118 - - [27/Jul/2020:08:58:36 +0800] "GET /xingrg/kc/buy/cgsh_order_operate.html?command=get_materiel&rest_code=00107&code=00101010136&supplier_code=00100033&order_time=2020-07-27 HTTP/1.1" 200 410
114.89.80.44 - - [27/Jul/2020:08:58:37 +0800] "POST /xingrg/kc/buy/cgsh_order_operate.html HTTP/1.1" 200 3833
58.40.7.146 - - [27/Jul/2020:08:58:38 +0800] "GET /xingrg/all/function/internal_message.html?_=1595811517807&CODE_STATE=getMsg HTTP/1.1" 200 27
58.40.7.146 - - [27/Jul/2020:08:58:38 +0800] "GET /xingrg/check_reg.html?_=1595811517808 HTTP/1.1" 200 22
114.89.80.44 - - [27/Jul/2020:08:58:41 +0800] "GET /xingrg/kc/buy/cgsh_order_add.html HTTP/1.1" 200 59252
114.89.80.44 - - [27/Jul/2020:08:58:41 +0800] "POST /xingrg/kc/buy/cgsh_order_operate.html HTTP/1.1" 200 8245
114.89.80.44 - - [27/Jul/2020:08:58:41 +0800] "GET /xingrg/javascript/easyui/themes/default/validatebox.css HTTP/1.1" 404 1104
116.230.146.118 - - [27/Jul/2020:08:58:46 +0800] "GET /xingrg/check_reg.html?_=1595811524161 HTTP/1.1" 200 22
116.230.146.118 - - [27/Jul/2020:08:58:46 +0800] "GET /xingrg/all/function/internal_message.html?_=1595811524176&CODE_STATE=getMsg HTTP/1.1" 200 27
114.88.159.89 - - [27/Jul/2020:08:58:47 +0800] "GET /xingrg/all/function/internal_message.html?_=1595811527678&CODE_STATE=getMsg HTTP/1.1" 200 27
114.89.80.44 - - [27/Jul/2020:08:58:50 +0800] "GET /xingrg/kc/buy/cgsh_order_operate.html?command=get_materiel&rest_code=00150&code=00101012039&supplier_code=00100036&order_time=2020-07-27 HTTP/1.1" 200 408
172.17.0.185 - - [27/Jul/2020:08:58:51 +0800] "GET /xingrg/all/function/internal_message.html?_=1595811530204&CODE_STATE=getMsg HTTP/1.1" 200 27
61.172.5.115 - - [27/Jul/2020:08:58:52 +0800] "GET /xingrg/all/function/internal_message.html?_=1595811528098&CODE_STATE=getMsg HTTP/1.1" 200 27
222.69.136.242 - - [27/Jul/2020:08:58:52 +0800] "GET /xingrg/all/function/internal_message.html?_=1595811530204&CODE_STATE=getMsg HTTP/1.1" 200 27
222.70.173.120 - - [27/Jul/2020:08:58:56 +0800] "GET /xingrg/all/function/internal_message.html?_=1595811539128&CODE_STATE=getMsg HTTP/1.1" 200 27
117.184.7.26 - - [27/Jul/2020:08:58:56 +0800] "GET /xingrg/all/function/internal_message.html?_=1595811535263&CODE_STATE=getMsg HTTP/1.1" 200 27
114.89.80.44 - - [27/Jul/2020:08:58:59 +0800] "GET /xingrg/kc/buy/cgsh_order_operate.html?command=get_materiel&rest_code=00150&code=00101016025&supplier_code=00100036&order_time=2020-07-27 HTTP/1.1" 200 408
58.40.7.146 - - [27/Jul/2020:08:59:03 +0800] "GET /xingrg/check_reg.html?_=1595811543111 HTTP/1.1" 200 22
222.69.136.242 - - [27/Jul/2020:08:59:05 +0800] "POST /xingrg/kc/buy/cgsh_order_operate.html HTTP/1.1" 200 37
116.230.146.118 - - [27/Jul/2020:08:59:07 +0800] "POST /xingrg/kc/buy/cgsh_order_operate.html HTTP/1.1" 200 37
114.88.159.89 - - [27/Jul/2020:08:59:08 +0800] "GET /xingrg/all/function/internal_message.html?_=1595811212056&CODE_STATE=getMsg HTTP/1.1" 200 27
114.89.80.44 - - [27/Jul/2020:08:59:09 +0800] "POST /xingrg/kc/buy/cgsh_order_operate.html HTTP/1.1" 200 37
116.230.146.118 - - [27/Jul/2020:08:59:09 +0800] "POST /xingrg/kc/buy/cgsh_order_operate.html HTTP/1.1" 200 4435
222.69.136.242 - - [27/Jul/2020:08:59:09 +0800] "POST /xingrg/kc/buy/cgsh_order_operate.html HTTP/1.1" 200 12
114.89.80.44 - - [27/Jul/2020:08:59:11 +0800] "POST /xingrg/kc/buy/cgsh_order_operate.html HTTP/1.1" 200 12
114.89.80.44 - - [27/Jul/2020:08:59:12 +0800] "GET /xingrg/kc/buy/cgsh_order_info.html?code=212020072711293 HTTP/1.1" 200 54161
114.89.80.44 - - [27/Jul/2020:08:59:13 +0800] "GET /xingrg/javascript/easyui/themes/default/validatebox.css HTTP/1.1" 404 1104
114.89.80.44 - - [27/Jul/2020:08:59:13 +0800] "POST /xingrg/kc/buy/cgsh_order_operate.html HTTP/1.1" 200 1187
114.89.80.44 - - [27/Jul/2020:08:59:15 +0800] "GET /xingrg/kc/print/load_data.html?order_code=212020072711293&kc_code=cgsh&condition= HTTP/1.1" 200 1021
