116.230.146.118 - - [27/Jul/2020:11:01:51 +0800] "GET /xingrg/all/function/internal_message.html?_=1595818909843&CODE_STATE=getMsg HTTP/1.1" 200 27
114.88.159.89 - - [27/Jul/2020:11:01:55 +0800] "GET /xingrg/kc/buy/cgsh_order_operate.html?command=get_materiel&rest_code=00141&code=00101004067&supplier_code=00100312&order_time=2020-07-27 HTTP/1.1" 200 413
172.17.0.120 - - [27/Jul/2020:11:01:55 +0800] "GET /xingrg/all/function/internal_message.html?_=1595818914241&CODE_STATE=getMsg HTTP/1.1" 200 27
172.17.0.120 - - [27/Jul/2020:11:01:55 +0800] "GET /xingrg/check_reg.html?_=1595818914241 HTTP/1.1" 200 22
116.230.146.118 - - [27/Jul/2020:11:01:56 +0800] "GET /xingrg/kc/buy/cgsh_order_operate.html?command=get_materiel&rest_code=00107&code=00101006001&supplier_code=00100404&order_time=2020-07-27 HTTP/1.1" 200 428
117.184.7.26 - - [27/Jul/2020:11:01:56 +0800] "GET /xingrg/all/function/internal_message.html?_=1595818915344&CODE_STATE=getMsg HTTP/1.1" 200 27
114.88.159.89 - - [27/Jul/2020:11:01:58 +0800] "GET /xingrg/all/function/internal_message.html?_=1595818918560&CODE_STATE=getMsg HTTP/1.1" 200 27
114.88.159.89 - - [27/Jul/2020:11:01:58 +0800] "GET /xingrg/check_reg.html?_=1595818918562 HTTP/1.1" 200 22
61.172.5.115 - - [27/Jul/2020:11:01:58 +0800] "GET /xingrg/kc/buy/cgsh_order_operate.html?command=get_materiel&rest_code=00105&code=00101001093&supplier_code=00100319&order_time=2020-07-27 HTTP/1.1" 200 409
61.172.5.115 - - [27/Jul/2020:11:02:00 +0800] "GET /xingrg/all/function/internal_message.html?_=1595818916212&CODE_STATE=getMsg HTTP/1.1" 200 27
120.253.135.82 - - [27/Jul/2020:11:02:01 +0800] "GET /xingrg/all/function/internal_message.html?_=1595819045252&CODE_STATE=getMsg HTTP/1.1" 200 27
114.88.159.89 - - [27/Jul/2020:11:02:01 +0800] "GET /xingrg/kc/buy/cgsh_order_operate.html?command=get_materiel&rest_code=00141&code=00101005017&supplier_code=00100312&order_time=2020-07-27 HTTP/1.1" 200 411
114.88.159.89 - - [27/Jul/2020:11:02:05 +0800] "GET /xingrg/all/function/internal_message.html?_=1595818589475&CODE_STATE=getMsg HTTP/1.1" 200 27
114.89.80.44 - - [27/Jul/2020:11:02:06 +0800] "GET /xingrg/check_reg.html?_=1595819048056 HTTP/1.1" 200 22
114.89.80.44 - - [27/Jul/2020:11:02:07 +0800] "GET /xingrg/all/function/internal_message.html?_=1595819048805&CODE_STATE=getMsg HTTP/1.1" 200 27
116.230.146.118 - - [27/Jul/2020:11:02:10 +0800] "POST /xingrg/kc/buy/cgsh_order_operate.html HTTP/1.1" 200 37
222.69.27.237 - - [27/Jul/2020:11:02:10 +0800] "GET /xingrg/all/function/internal_message.html?_=1595818838684&CODE_STATE=getMsg HTTP/1.1" 200 27
222.69.27.237 - - [27/Jul/2020:11:02:10 +0800] "GET /xingrg/check_reg.html?_=1595818838687 HTTP/1.1" 200 22
117.185.32.26 - - [27/Jul/2020:11:02:10 +0800] "GET /xingrg/all/function/internal_message.html?_=1595818923803&CODE_STATE=getMsg HTTP/1.1" 200 27
114.88.159.89 - - [27/Jul/2020:11:02:11 +0800] "GET /xingrg/kc/buy/cgsh_order_operate.html?command=get_materiel&rest_code=00141&code=00101004057&supplier_code=00100312&order_time=2020-07-27 HTTP/1.1" 200 409
116.230.146.118 - - [27/Jul/2020:11:02:11 +0800] "POST /xingrg/kc/buy/cgsh_order_operate.html HTTP/1.1" 200 2674
114.89.80.44 - - [27/Jul/2020:11:02:13 +0800] "GET /xingrg/check_reg.html?_=1595818930443 HTTP/1.1" 200 22
172.17.0.120 - - [27/Jul/2020:11:02:13 +0800] "POST /xingrg/kc/buy/cgsh_list_operate.html HTTP/1.1" 200 5228
116.230.146.118 - - [27/Jul/2020:11:02:15 +0800] "GET /xingrg/kc/print/load_data.html?order_code=212020072711359&kc_code=cgsh&condition= HTTP/1.1" 200 706
116.230.146.118 - - [27/Jul/2020:11:02:16 +0800] "GET /xingrg/all/function/internal_message.html?_=1595818936819&CODE_STATE=getMsg HTTP/1.1" 200 27
114.88.159.89 - - [27/Jul/2020:11:02:17 +0800] "GET /xingrg/kc/buy/cgsh_order_operate.html?command=get_materiel&rest_code=00141&code=00101004079&supplier_code=00100312&order_time=2020-07-27 HTTP/1.1" 200 399
172.17.0.120 - - [27/Jul/2020:11:02:20 +0800] "POST /xingrg/kc/buy/cgsh_list_operate.html HTTP/1.1" 200 2077
61.172.5.115 - - [27/Jul/2020:11:02:23 +0800] "POST /xingrg/kc/buy/cgsh_order_operate.html HTTP/1.1" 200 37
114.88.159.89 - - [27/Jul/2020:11:02:24 +0800] "GET /xingrg/kc/buy/cgsh_order_operate.html?command=get_materiel&rest_code=00141&code=00101004005&supplier_code=00100312&order_time=2020-07-27 HTTP/1.1" 200 409
61.172.5.115 - - [27/Jul/2020:11:02:24 +0800] "POST /xingrg/kc/buy/cgsh_order_operate.html HTTP/1.1" 200 2658
172.17.0.123 - - [27/Jul/2020:11:02:25 +0800] "GET /xingrg/all/function/internal_message.html?_=1595818880261&CODE_STATE=getMsg HTTP/1.1" 200 27
117.184.7.26 - - [27/Jul/2020:11:02:26 +0800] "GET /xingrg/all/function/internal_message.html?_=1595818943463&CODE_STATE=getMsg HTTP/1.1" 200 27
61.172.5.115 - - [27/Jul/2020:11:02:26 +0800] "GET /xingrg/kc/print/load_data.html?order_code=212020072711360&kc_code=cgsh&condition= HTTP/1.1" 200 675
117.131.5.26 - - [27/Jul/2020:11:02:28 +0800] "GET /xingrg/all/function/internal_message.html?_=1595818947205&CODE_STATE=getMsg HTTP/1.1" 200 27
116.233.73.166 - - [27/Jul/2020:11:02:30 +0800] "GET /xingrg/all/function/internal_message.html?_=1595819002921&CODE_STATE=getMsg HTTP/1.1" 200 27
114.88.159.89 - - [27/Jul/2020:11:02:31 +0800] "GET /xingrg/kc/buy/cgsh_order_operate.html?command=get_materiel&rest_code=00141&code=00101004049&supplier_code=00100312&order_time=2020-07-27 HTTP/1.1" 200 415
172.17.0.119 - - [27/Jul/2020:11:02:33 +0800] "GET /xingrg/all/function/internal_message.html?_=1595818954072&CODE_STATE=getMsg HTTP/1.1" 200 27
114.88.161.57 - - [27/Jul/2020:11:02:33 +0800] "GET /xingrg/all/function/internal_message.html?_=1595818953081&CODE_STATE=getMsg HTTP/1.1" 200 27
172.17.0.101 - - [27/Jul/2020:11:02:35 +0800] "GET /xingrg/all/function/internal_message.html?_=1595818958053&CODE_STATE=getMsg HTTP/1.1" 200 27
180.157.251.101 - - [27/Jul/2020:11:02:38 +0800] "GET /xingrg/all/function/internal_message.html?_=1595818957826&CODE_STATE=getMsg HTTP/1.1" 200 27
222.70.173.120 - - [27/Jul/2020:11:02:38 +0800] "GET /xingrg/all/function/internal_message.html?_=1595818961831&CODE_STATE=getMsg HTTP/1.1" 200 27
222.70.173.120 - - [27/Jul/2020:11:02:40 +0800] "POST /xingrg/kc/buy/cgsh_order_operate.html HTTP/1.1" 200 37
180.175.214.200 - - [27/Jul/2020:11:02:41 +0800] "GET /xingrg/all/function/internal_message.html?_=1595819167858&CODE_STATE=getMsg HTTP/1.1" 200 27
114.88.159.89 - - [27/Jul/2020:11:02:42 +0800] "GET /xingrg/kc/buy/cgsh_order_operate.html?command=get_materiel&rest_code=00141&code=00101004030&supplier_code=00100312&order_time=2020-07-27 HTTP/1.1" 200 408
222.70.173.120 - - [27/Jul/2020:11:02:42 +0800] "POST /xingrg/kc/buy/cgsh_order_operate.html HTTP/1.1" 200 42286
172.17.200.101 - - [27/Jul/2020:11:02:42 +0800] "GET /xingrg/all/function/internal_message.html?_=1595818963610&CODE_STATE=getMsg HTTP/1.1" 302 -
222.69.136.242 - - [27/Jul/2020:11:02:49 +0800] "GET /xingrg/all/function/internal_message.html?_=1595818967414&CODE_STATE=getMsg HTTP/1.1" 200 27
172.17.0.108 - - [27/Jul/2020:11:02:49 +0800] "GET /xingrg/all/function/internal_message.html?_=1595818968971&CODE_STATE=getMsg HTTP/1.1" 200 27
222.70.173.120 - - [27/Jul/2020:11:02:51 +0800] "POST /xingrg/kc/buy/cgsh_order_operate.html HTTP/1.1" 200 37
114.88.159.89 - - [27/Jul/2020:11:02:51 +0800] "GET /xingrg/kc/buy/cgsh_order_operate.html?command=get_materiel&rest_code=00141&code=00101005015&supplier_code=00100312&order_time=2020-07-27 HTTP/1.1" 200 409
116.230.146.118 - - [27/Jul/2020:11:02:51 +0800] "GET /xingrg/kc/buy/cgsh_order_add.html HTTP/1.1" 200 59363
172.17.0.185 - - [27/Jul/2020:11:02:51 +0800] "GET /xingrg/all/function/internal_message.html?_=1595818970196&CODE_STATE=getMsg HTTP/1.1" 200 27
116.230.146.118 - - [27/Jul/2020:11:02:51 +0800] "GET /xingrg/all/function/internal_message.html?_=1595818969905&CODE_STATE=getMsg HTTP/1.1" 200 27
116.230.146.118 - - [27/Jul/2020:11:02:52 +0800] "GET /xingrg/javascript/easyui/themes/default/validatebox.css HTTP/1.1" 404 1104
116.230.146.118 - - [27/Jul/2020:11:02:52 +0800] "POST /xingrg/kc/buy/cgsh_order_operate.html HTTP/1.1" 200 8245
222.70.173.120 - - [27/Jul/2020:11:02:52 +0800] "POST /xingrg/kc/buy/cgsh_order_operate.html HTTP/1.1" 200 42286
116.230.146.118 - - [27/Jul/2020:11:02:53 +0800] "GET /xingrg/javascript/easyui/themes/default/tree.css HTTP/1.1" 404 1090
116.230.146.118 - - [27/Jul/2020:11:02:53 +0800] "POST /xingrg/all/common/load_tree.html?tree=supplier_tree_json&isDelete=1 HTTP/1.1" 200 49550
172.17.0.120 - - [27/Jul/2020:11:02:55 +0800] "GET /xingrg/all/function/internal_message.html?_=1595818974242&CODE_STATE=getMsg HTTP/1.1" 200 27
117.184.7.26 - - [27/Jul/2020:11:02:56 +0800] "GET /xingrg/check_reg.html?_=1595818975340 HTTP/1.1" 200 22
117.184.7.26 - - [27/Jul/2020:11:02:56 +0800] "GET /xingrg/all/function/internal_message.html?_=1595818975343&CODE_STATE=getMsg HTTP/1.1" 200 27
114.88.159.89 - - [27/Jul/2020:11:02:58 +0800] "GET /xingrg/all/function/internal_message.html?_=1595818978560&CODE_STATE=getMsg HTTP/1.1" 200 27
120.253.135.82 - - [27/Jul/2020:11:03:00 +0800] "GET /xingrg/check_reg.html?_=1595819104396 HTTP/1.1" 200 22
61.172.5.115 - - [27/Jul/2020:11:03:00 +0800] "GET /xingrg/all/function/internal_message.html?_=1595818976197&CODE_STATE=getMsg HTTP/1.1" 200 27
120.253.135.82 - - [27/Jul/2020:11:03:01 +0800] "GET /xingrg/all/function/internal_message.html?_=1595819105265&CODE_STATE=getMsg HTTP/1.1" 200 27
114.88.159.89 - - [27/Jul/2020:11:03:03 +0800] "POST /xingrg/kc/buy/cgsh_order_operate.html HTTP/1.1" 200 37
114.88.159.89 - - [27/Jul/2020:11:03:05 +0800] "POST /xingrg/kc/buy/cgsh_order_operate.html HTTP/1.1" 200 12
114.88.159.89 - - [27/Jul/2020:11:03:05 +0800] "GET /xingrg/kc/buy/cgsh_order_info.html?code=212020072711361 HTTP/1.1" 200 54229
114.88.159.89 - - [27/Jul/2020:11:03:06 +0800] "GET /xingrg/javascript/easyui/themes/default/validatebox.css HTTP/1.1" 404 1104
114.88.159.89 - - [27/Jul/2020:11:03:06 +0800] "POST /xingrg/kc/buy/cgsh_order_operate.html HTTP/1.1" 200 6538
114.89.80.44 - - [27/Jul/2020:11:03:07 +0800] "GET /xingrg/all/function/internal_message.html?_=1595819108818&CODE_STATE=getMsg HTTP/1.1" 200 27
114.88.159.89 - - [27/Jul/2020:11:03:07 +0800] "GET /xingrg/kc/print/load_data.html?order_code=212020072711361&kc_code=cgsh&condition= HTTP/1.1" 200 2971
61.172.5.115 - - [27/Jul/2020:11:03:09 +0800] "GET /xingrg/kc/buy/cgsh_order_add.html HTTP/1.1" 200 59316
61.172.5.115 - - [27/Jul/2020:11:03:09 +0800] "POST /xingrg/kc/buy/cgsh_order_operate.html HTTP/1.1" 200 8245
61.172.5.115 - - [27/Jul/2020:11:03:09 +0800] "GET /xingrg/javascript/easyui/themes/default/validatebox.css HTTP/1.1" 404 1104
222.70.173.120 - - [27/Jul/2020:11:03:09 +0800] "GET /xingrg/check_reg.html?_=1595818992965 HTTP/1.1" 200 22
222.69.27.237 - - [27/Jul/2020:11:03:10 +0800] "GET /xingrg/all/function/internal_message.html?_=1595818898696&CODE_STATE=getMsg HTTP/1.1" 200 27
117.185.32.26 - - [27/Jul/2020:11:03:10 +0800] "GET /xingrg/check_reg.html?_=1595818983802 HTTP/1.1" 200 22
117.185.32.26 - - [27/Jul/2020:11:03:10 +0800] "GET /xingrg/all/function/internal_message.html?_=1595818983803&CODE_STATE=getMsg HTTP/1.1" 200 27
116.230.146.118 - - [27/Jul/2020:11:03:12 +0800] "GET /xingrg/kc/buy/cgsh_order_operate.html?command=get_materiel&rest_code=00107&code=00101006101&supplier_code=00100324&order_time=2020-07-27 HTTP/1.1" 200 421
114.88.159.89 - - [27/Jul/2020:11:03:14 +0800] "GET /xingrg/kc/buy/cgsh_order_add.html HTTP/1.1" 200 59322
114.88.159.89 - - [27/Jul/2020:11:03:14 +0800] "GET /xingrg/javascript/easyui/themes/default/validatebox.css HTTP/1.1" 404 1104
114.88.159.89 - - [27/Jul/2020:11:03:14 +0800] "POST /xingrg/kc/buy/cgsh_order_operate.html HTTP/1.1" 200 8245
116.230.146.118 - - [27/Jul/2020:11:03:16 +0800] "GET /xingrg/check_reg.html?_=1595818996820 HTTP/1.1" 200 22
116.230.146.118 - - [27/Jul/2020:11:03:16 +0800] "GET /xingrg/all/function/internal_message.html?_=1595818996821&CODE_STATE=getMsg HTTP/1.1" 200 27
222.69.27.237 - - [27/Jul/2020:11:03:19 +0800] "GET /xingrg/kc/buy/cgsh_order_add.html HTTP/1.1" 200 58435
222.69.27.237 - - [27/Jul/2020:11:03:20 +0800] "GET /xingrg/javascript/easyui/themes/default/validatebox.css HTTP/1.1" 404 1104
222.69.27.237 - - [27/Jul/2020:11:03:20 +0800] "POST /xingrg/kc/buy/cgsh_order_operate.html HTTP/1.1" 200 8245
114.88.159.89 - - [27/Jul/2020:11:03:20 +0800] "GET /xingrg/kc/buy/cgsh_order_operate.html?command=get_materiel&rest_code=00141&code=00101001096&supplier_code=00100312&order_time=2020-07-27 HTTP/1.1" 200 413
172.17.0.123 - - [27/Jul/2020:11:03:25 +0800] "GET /xingrg/check_reg.html?_=1595818940300 HTTP/1.1" 200 22
172.17.0.123 - - [27/Jul/2020:11:03:25 +0800] "GET /xingrg/all/function/internal_message.html?_=1595818940304&CODE_STATE=getMsg HTTP/1.1" 200 27
117.184.7.26 - - [27/Jul/2020:11:03:26 +0800] "GET /xingrg/check_reg.html?_=1595819003294 HTTP/1.1" 200 22
117.184.7.26 - - [27/Jul/2020:11:03:26 +0800] "GET /xingrg/all/function/internal_message.html?_=1595819003475&CODE_STATE=getMsg HTTP/1.1" 200 27
114.88.159.89 - - [27/Jul/2020:11:03:28 +0800] "GET /xingrg/kc/buy/cgsh_order_operate.html?command=get_materiel&rest_code=00141&code=00101001047&supplier_code=00100312&order_time=2020-07-27 HTTP/1.1" 200 421
117.131.5.26 - - [27/Jul/2020:11:03:28 +0800] "GET /xingrg/all/function/internal_message.html?_=1595819007211&CODE_STATE=getMsg HTTP/1.1" 200 27
116.233.73.166 - - [27/Jul/2020:11:03:30 +0800] "GET /xingrg/all/function/internal_message.html?_=1595819062913&CODE_STATE=getMsg HTTP/1.1" 200 27
222.69.136.242 - - [27/Jul/2020:11:03:32 +0800] "POST /xingrg/kc/base/wldb_list_operate.html HTTP/1.1" 200 3397
172.17.0.119 - - [27/Jul/2020:11:03:33 +0800] "GET /xingrg/all/function/internal_message.html?_=1595819014078&CODE_STATE=getMsg HTTP/1.1" 200 27
114.88.161.57 - - [27/Jul/2020:11:03:33 +0800] "GET /xingrg/all/function/internal_message.html?_=1595819013090&CODE_STATE=getMsg HTTP/1.1" 200 27
114.88.159.89 - - [27/Jul/2020:11:03:35 +0800] "GET /xingrg/kc/buy/cgsh_order_operate.html?command=get_materiel&rest_code=00141&code=00101001162&supplier_code=00100312&order_time=2020-07-27 HTTP/1.1" 200 413
172.17.0.101 - - [27/Jul/2020:11:03:35 +0800] "GET /xingrg/all/function/internal_message.html?_=1595819018040&CODE_STATE=getMsg HTTP/1.1" 200 27
180.157.251.101 - - [27/Jul/2020:11:03:38 +0800] "GET /xingrg/all/function/internal_message.html?_=1595819017834&CODE_STATE=getMsg HTTP/1.1" 200 27
222.70.173.120 - - [27/Jul/2020:11:03:38 +0800] "GET /xingrg/all/function/internal_message.html?_=1595819021856&CODE_STATE=getMsg HTTP/1.1" 200 27
180.175.214.200 - - [27/Jul/2020:11:03:39 +0800] "GET /xingrg/check_reg.html?_=1595819225785 HTTP/1.1" 200 22
222.69.27.237 - - [27/Jul/2020:11:03:41 +0800] "GET /xingrg/kc/buy/cgsh_order_operate.html?command=get_materiel&rest_code=00142&code=00101008126&supplier_code=00100161&order_time=2020-07-27 HTTP/1.1" 200 412
180.175.214.200 - - [27/Jul/2020:11:03:41 +0800] "GET /xingrg/all/function/internal_message.html?_=1595819227870&CODE_STATE=getMsg HTTP/1.1" 200 27
172.17.200.101 - - [27/Jul/2020:11:03:42 +0800] "GET /xingrg/all/function/internal_message.html?_=1595819023612&CODE_STATE=getMsg HTTP/1.1" 302 -
114.88.159.89 - - [27/Jul/2020:11:03:44 +0800] "GET /xingrg/kc/buy/cgsh_order_operate.html?command=get_materiel&rest_code=00141&code=00101014083&supplier_code=00100312&order_time=2020-07-27 HTTP/1.1" 200 409
222.69.136.242 - - [27/Jul/2020:11:03:44 +0800] "POST /xingrg/kc/base/wldb_list_operate.html HTTP/1.1" 200 4
61.172.5.115 - - [27/Jul/2020:11:03:46 +0800] "GET /xingrg/kc/buy/cgsh_order_operate.html?command=get_materiel&rest_code=00105&code=00101003037&supplier_code=00100091&order_time=2020-07-27 HTTP/1.1" 200 413
116.230.146.118 - - [27/Jul/2020:11:03:48 +0800] "POST /xingrg/kc/buy/cgsh_order_operate.html HTTP/1.1" 200 37
116.230.146.118 - - [27/Jul/2020:11:03:49 +0800] "POST /xingrg/kc/buy/cgsh_order_operate.html HTTP/1.1" 200 2665
172.17.0.108 - - [27/Jul/2020:11:03:49 +0800] "GET /xingrg/check_reg.html?_=1595819028964 HTTP/1.1" 200 22
172.17.0.108 - - [27/Jul/2020:11:03:49 +0800] "GET /xingrg/all/function/internal_message.html?_=1595819028966&CODE_STATE=getMsg HTTP/1.1" 200 27
114.88.159.89 - - [27/Jul/2020:11:03:49 +0800] "GET /xingrg/kc/buy/cgsh_order_operate.html?command=get_materiel&rest_code=00141&code=00101001049&supplier_code=00100312&order_time=2020-07-27 HTTP/1.1" 200 415
222.70.173.120 - - [27/Jul/2020:11:03:50 +0800] "POST /xingrg/kc/buy/cgsh_order_operate.html HTTP/1.1" 200 37
116.230.146.118 - - [27/Jul/2020:11:03:50 +0800] "GET /xingrg/check_reg.html?_=1595819028606 HTTP/1.1" 200 22
222.69.27.237 - - [27/Jul/2020:11:03:50 +0800] "GET /xingrg/kc/buy/cgsh_order_operate.html?command=get_materiel&rest_code=00142&code=00101008108&supplier_code=00100161&order_time=2020-07-27 HTTP/1.1" 200 412
222.69.136.242 - - [27/Jul/2020:11:03:50 +0800] "POST /xingrg/kc/base/wldb_list_operate.html HTTP/1.1" 200 928
116.230.146.118 - - [27/Jul/2020:11:03:51 +0800] "GET /xingrg/kc/print/load_data.html?order_code=212020072711362&kc_code=cgsh&condition= HTTP/1.1" 200 682
222.70.173.120 - - [27/Jul/2020:11:03:51 +0800] "POST /xingrg/kc/buy/cgsh_order_operate.html HTTP/1.1" 200 42286
172.17.0.185 - - [27/Jul/2020:11:03:51 +0800] "GET /xingrg/all/function/internal_message.html?_=1595819030199&CODE_STATE=getMsg HTTP/1.1" 200 27
116.230.146.118 - - [27/Jul/2020:11:03:52 +0800] "GET /xingrg/all/function/internal_message.html?_=1595819030153&CODE_STATE=getMsg HTTP/1.1" 200 27
172.17.0.123 - - [27/Jul/2020:11:03:52 +0800] "POST /xingrg/dwr/call/plaincall/AjaxReportQueryService.refreshCache.dwr HTTP/1.1" 200 78
172.17.0.123 - - [27/Jul/2020:11:03:54 +0800] "POST /xingrg/all/report/load_report_page.html HTTP/1.1" 200 46962
172.17.0.123 - - [27/Jul/2020:11:03:54 +0800] "GET /xingrg/servlets/image?cache=0.8899067562787608&image=px HTTP/1.1" 200 807
116.230.146.118 - - [27/Jul/2020:11:03:54 +0800] "GET /xingrg/kc/buy/cgsh_order_add.html HTTP/1.1" 200 59363
116.230.146.118 - - [27/Jul/2020:11:03:55 +0800] "GET /xingrg/javascript/easyui/themes/default/validatebox.css HTTP/1.1" 404 1104
116.230.146.118 - - [27/Jul/2020:11:03:55 +0800] "POST /xingrg/kc/buy/cgsh_order_operate.html HTTP/1.1" 200 8245
172.17.0.120 - - [27/Jul/2020:11:03:55 +0800] "GET /xingrg/all/function/internal_message.html?_=1595819034246&CODE_STATE=getMsg HTTP/1.1" 200 27
117.184.7.26 - - [27/Jul/2020:11:03:56 +0800] "GET /xingrg/all/function/internal_message.html?_=1595819035349&CODE_STATE=getMsg HTTP/1.1" 200 27
116.230.146.118 - - [27/Jul/2020:11:03:57 +0800] "GET /xingrg/javascript/easyui/themes/default/tree.css HTTP/1.1" 404 1090
116.230.146.118 - - [27/Jul/2020:11:03:57 +0800] "POST /xingrg/all/common/load_tree.html?tree=supplier_tree_json&isDelete=1 HTTP/1.1" 200 49550
114.88.159.89 - - [27/Jul/2020:11:03:58 +0800] "GET /xingrg/all/function/internal_message.html?_=1595819038560&CODE_STATE=getMsg HTTP/1.1" 200 27
222.69.27.237 - - [27/Jul/2020:11:03:58 +0800] "GET /xingrg/kc/buy/cgsh_order_operate.html?command=get_materiel&rest_code=00142&code=00101008368&supplier_code=00100161&order_time=2020-07-27 HTTP/1.1" 200 408
61.172.5.115 - - [27/Jul/2020:11:04:00 +0800] "GET /xingrg/all/function/internal_message.html?_=1595819036219&CODE_STATE=getMsg HTTP/1.1" 200 27
120.253.135.82 - - [27/Jul/2020:11:04:01 +0800] "GET /xingrg/all/function/internal_message.html?_=1595819165279&CODE_STATE=getMsg HTTP/1.1" 200 27
114.88.159.89 - - [27/Jul/2020:11:04:01 +0800] "POST /xingrg/kc/buy/cgsh_order_operate.html HTTP/1.1" 200 37
114.88.159.89 - - [27/Jul/2020:11:04:03 +0800] "POST /xingrg/kc/buy/cgsh_order_operate.html HTTP/1.1" 200 12
114.88.159.89 - - [27/Jul/2020:11:04:04 +0800] "GET /xingrg/kc/buy/cgsh_order_info.html?code=212020072711363 HTTP/1.1" 200 54229
114.88.159.89 - - [27/Jul/2020:11:04:04 +0800] "GET /xingrg/javascript/easyui/themes/default/validatebox.css HTTP/1.1" 404 1104
114.88.159.89 - - [27/Jul/2020:11:04:05 +0800] "POST /xingrg/kc/buy/cgsh_order_operate.html HTTP/1.1" 200 2997
114.88.159.89 - - [27/Jul/2020:11:04:05 +0800] "GET /xingrg/all/function/internal_message.html?_=1595818709456&CODE_STATE=getMsg HTTP/1.1" 200 27
222.69.27.237 - - [27/Jul/2020:11:04:05 +0800] "GET /xingrg/kc/buy/cgsh_order_operate.html?command=get_materiel&rest_code=00142&code=00101008005&supplier_code=00100161&order_time=2020-07-27 HTTP/1.1" 200 412
114.88.159.89 - - [27/Jul/2020:11:04:05 +0800] "GET /xingrg/kc/print/load_data.html?order_code=212020072711363&kc_code=cgsh&condition= HTTP/1.1" 200 1626
114.89.80.44 - - [27/Jul/2020:11:04:07 +0800] "GET /xingrg/all/function/internal_message.html?_=1595819168831&CODE_STATE=getMsg HTTP/1.1" 200 27
61.172.5.115 - - [27/Jul/2020:11:04:07 +0800] "POST /xingrg/kc/buy/cgsh_order_operate.html HTTP/1.1" 200 37
61.172.5.115 - - [27/Jul/2020:11:04:09 +0800] "POST /xingrg/kc/buy/cgsh_order_operate.html HTTP/1.1" 200 2662
172.17.0.123 - - [27/Jul/2020:11:04:09 +0800] "POST /xingrg/dwr/call/plaincall/AjaxReportQueryService.refreshCache.dwr HTTP/1.1" 200 78
222.69.27.237 - - [27/Jul/2020:11:04:10 +0800] "GET /xingrg/all/function/internal_message.html?_=1595818958726&CODE_STATE=getMsg HTTP/1.1" 200 27
117.185.32.26 - - [27/Jul/2020:11:04:10 +0800] "GET /xingrg/all/function/internal_message.html?_=1595819043801&CODE_STATE=getMsg HTTP/1.1" 200 27
172.17.0.123 - - [27/Jul/2020:11:04:11 +0800] "POST /xingrg/all/report/load_report_page.html HTTP/1.1" 200 46799
172.17.0.123 - - [27/Jul/2020:11:04:11 +0800] "GET /xingrg/servlets/image?cache=0.5148591050503698&image=px HTTP/1.1" 200 807
61.172.5.115 - - [27/Jul/2020:11:04:11 +0800] "GET /xingrg/kc/print/load_data.html?order_code=212020072711364&kc_code=cgsh&condition= HTTP/1.1" 200 739
114.88.159.89 - - [27/Jul/2020:11:04:11 +0800] "GET /xingrg/kc/buy/cgsh_order_add.html HTTP/1.1" 200 59322
114.88.159.89 - - [27/Jul/2020:11:04:11 +0800] "GET /xingrg/javascript/easyui/themes/default/validatebox.css HTTP/1.1" 404 1104
114.88.159.89 - - [27/Jul/2020:11:04:11 +0800] "POST /xingrg/kc/buy/cgsh_order_operate.html HTTP/1.1" 200 8245
180.157.251.101 - - [27/Jul/2020:11:04:13 +0800] "GET /xingrg/kc/base/stock_operate.html?_=1595819052660&command=get_report_file&start_day=20200501 HTTP/1.1" 200 53
180.157.251.101 - - [27/Jul/2020:11:04:13 +0800] "GET /xingrg/all/report/report_query.html?isQuery=1&onlyBody=1&rh=2000&fileName=kc/base/kc_stock_detail_new.xml&queryString=(1=1)&queryText=&tableQueryString=init_table$sp1$$sp$crk_table$sp1$order_day%20between%2020200501%20and%2020200731&varString=start_day:20200501,materiel_code:00101025025,cost_id:2652,end_date:20200430 HTTP/1.1" 200 48701
180.157.251.101 - - [27/Jul/2020:11:04:13 +0800] "GET /xingrg/dwr/interface/AjaxReportQueryService.js HTTP/1.1" 200 13203
180.157.251.101 - - [27/Jul/2020:11:04:13 +0800] "GET /xingrg/dwr/engine.js HTTP/1.1" 200 43631
180.157.251.101 - - [27/Jul/2020:11:04:14 +0800] "POST /xingrg/all/report/load_report_page.html HTTP/1.1" 200 44717
180.157.251.101 - - [27/Jul/2020:11:04:14 +0800] "GET /xingrg/servlets/image?cache=0.7407316425963149&image=px HTTP/1.1" 200 807
116.230.146.118 - - [27/Jul/2020:11:04:16 +0800] "GET /xingrg/all/function/internal_message.html?_=1595819056819&CODE_STATE=getMsg HTTP/1.1" 200 27
116.230.146.118 - - [27/Jul/2020:11:04:16 +0800] "GET /xingrg/kc/buy/cgsh_order_operate.html?command=get_materiel&rest_code=00107&code=00101006160&supplier_code=00100344&order_time=2020-07-27 HTTP/1.1" 200 415
180.157.251.101 - - [27/Jul/2020:11:04:20 +0800] "GET /xingrg/kc/base/stock_operate.html?_=1595819059390&command=get_report_file&start_day=20200301 HTTP/1.1" 200 53
180.157.251.101 - - [27/Jul/2020:11:04:20 +0800] "GET /xingrg/all/report/report_query.html?isQuery=1&onlyBody=1&rh=2000&fileName=kc/base/kc_stock_detail_new.xml&queryString=(1=1)&queryText=&tableQueryString=init_table$sp1$$sp$crk_table$sp1$order_day%20between%2020200301%20and%2020200731&varString=start_day:20200301,materiel_code:00101025025,cost_id:2551,end_date:20200229 HTTP/1.1" 200 48701
180.157.251.101 - - [27/Jul/2020:11:04:20 +0800] "GET /xingrg/dwr/interface/AjaxReportQueryService.js HTTP/1.1" 200 13203
180.157.251.101 - - [27/Jul/2020:11:04:20 +0800] "GET /xingrg/dwr/engine.js HTTP/1.1" 200 43631
222.69.27.237 - - [27/Jul/2020:11:04:20 +0800] "GET /xingrg/kc/buy/cgsh_order_operate.html?command=get_materiel&rest_code=00142&code=00101008141&supplier_code=00100161&order_time=2020-07-27 HTTP/1.1" 200 412
180.157.251.101 - - [27/Jul/2020:11:04:21 +0800] "POST /xingrg/all/report/load_report_page.html HTTP/1.1" 200 74054
180.157.251.101 - - [27/Jul/2020:11:04:21 +0800] "GET /xingrg/servlets/image?cache=0.17209368007055736&image=px HTTP/1.1" 200 807
114.88.159.89 - - [27/Jul/2020:11:04:22 +0800] "GET /xingrg/kc/buy/cgsh_order_operate.html?command=get_materiel&rest_code=00141&code=00101008061&supplier_code=00100339&order_time=2020-07-27 HTTP/1.1" 200 422
172.17.0.123 - - [27/Jul/2020:11:04:25 +0800] "GET /xingrg/all/function/internal_message.html?_=1595819000283&CODE_STATE=getMsg HTTP/1.1" 200 27
117.184.7.26 - - [27/Jul/2020:11:04:26 +0800] "GET /xingrg/all/function/internal_message.html?_=1595819063528&CODE_STATE=getMsg HTTP/1.1" 200 27
117.131.5.26 - - [27/Jul/2020:11:04:28 +0800] "GET /xingrg/check_reg.html?_=1595819067216 HTTP/1.1" 200 22
117.131.5.26 - - [27/Jul/2020:11:04:28 +0800] "GET /xingrg/all/function/internal_message.html?_=1595819067216&CODE_STATE=getMsg HTTP/1.1" 200 27
180.157.251.101 - - [27/Jul/2020:11:04:29 +0800] "GET /xingrg/kc/base/stock_operate.html?_=1595819069123&command=get_report_file&start_day=20190301 HTTP/1.1" 200 53
116.233.73.166 - - [27/Jul/2020:11:04:30 +0800] "GET /xingrg/all/function/internal_message.html?_=1595819122906&CODE_STATE=getMsg HTTP/1.1" 200 27
180.157.251.101 - - [27/Jul/2020:11:04:30 +0800] "GET /xingrg/all/report/report_query.html?isQuery=1&onlyBody=1&rh=2000&fileName=kc/base/kc_stock_detail_new.xml&queryString=(1=1)&queryText=&tableQueryString=init_table$sp1$$sp$crk_table$sp1$order_day%20between%2020190301%20and%2020200731&varString=start_day:20190301,materiel_code:00101025025,cost_id:1849,end_date:20190228 HTTP/1.1" 200 48701
180.157.251.101 - - [27/Jul/2020:11:04:30 +0800] "GET /xingrg/dwr/interface/AjaxReportQueryService.js HTTP/1.1" 200 13203
180.157.251.101 - - [27/Jul/2020:11:04:30 +0800] "GET /xingrg/dwr/engine.js HTTP/1.1" 200 43631
180.157.251.101 - - [27/Jul/2020:11:04:31 +0800] "POST /xingrg/all/report/load_report_page.html HTTP/1.1" 200 328399
180.157.251.101 - - [27/Jul/2020:11:04:32 +0800] "GET /xingrg/servlets/image?cache=0.6449775296988557&image=px HTTP/1.1" 200 807
222.69.27.237 - - [27/Jul/2020:11:04:32 +0800] "GET /xingrg/kc/buy/cgsh_order_operate.html?command=get_materiel&rest_code=00142&code=00101008049&supplier_code=00100161&order_time=2020-07-27 HTTP/1.1" 200 408
114.88.161.57 - - [27/Jul/2020:11:04:32 +0800] "GET /xingrg/check_reg.html?_=1595819071747 HTTP/1.1" 200 22
61.172.5.115 - - [27/Jul/2020:11:04:33 +0800] "GET /xingrg/kc/buy/cgsh_order_add.html HTTP/1.1" 200 59316
172.17.0.119 - - [27/Jul/2020:11:04:33 +0800] "GET /xingrg/all/function/internal_message.html?_=1595819074064&CODE_STATE=getMsg HTTP/1.1" 200 27
61.172.5.115 - - [27/Jul/2020:11:04:33 +0800] "POST /xingrg/kc/buy/cgsh_order_operate.html HTTP/1.1" 200 8245
61.172.5.115 - - [27/Jul/2020:11:04:33 +0800] "GET /xingrg/javascript/easyui/themes/default/validatebox.css HTTP/1.1" 404 1104
114.88.159.89 - - [27/Jul/2020:11:04:33 +0800] "GET /xingrg/kc/buy/cgsh_order_operate.html?command=get_materiel&rest_code=00141&code=00101008311&supplier_code=00100339&order_time=2020-07-27 HTTP/1.1" 200 417
114.88.161.57 - - [27/Jul/2020:11:04:33 +0800] "GET /xingrg/all/function/internal_message.html?_=1595819073102&CODE_STATE=getMsg HTTP/1.1" 200 27
172.17.0.101 - - [27/Jul/2020:11:04:35 +0800] "GET /xingrg/all/function/internal_message.html?_=1595819078041&CODE_STATE=getMsg HTTP/1.1" 200 27
180.157.251.101 - - [27/Jul/2020:11:04:38 +0800] "GET /xingrg/all/function/internal_message.html?_=1595819078004&CODE_STATE=getMsg HTTP/1.1" 200 27
222.69.27.237 - - [27/Jul/2020:11:04:40 +0800] "GET /xingrg/kc/buy/cgsh_order_operate.html?command=get_materiel&rest_code=00142&code=00101008261&supplier_code=00100161&order_time=2020-07-27 HTTP/1.1" 200 408
180.175.214.200 - - [27/Jul/2020:11:04:41 +0800] "GET /xingrg/all/function/internal_message.html?_=1595819287885&CODE_STATE=getMsg HTTP/1.1" 200 27
172.17.200.101 - - [27/Jul/2020:11:04:42 +0800] "GET /xingrg/check_reg.html?_=1595819083604 HTTP/1.1" 302 -
172.17.200.101 - - [27/Jul/2020:11:04:42 +0800] "GET /xingrg/all/function/internal_message.html?_=1595819083607&CODE_STATE=getMsg HTTP/1.1" 302 -
116.230.146.118 - - [27/Jul/2020:11:04:43 +0800] "POST /xingrg/kc/buy/cgsh_order_operate.html HTTP/1.1" 200 37
116.230.146.118 - - [27/Jul/2020:11:04:44 +0800] "POST /xingrg/kc/buy/cgsh_order_operate.html HTTP/1.1" 200 2658
116.230.146.118 - - [27/Jul/2020:11:04:46 +0800] "GET /xingrg/kc/print/load_data.html?order_code=212020072711365&kc_code=cgsh&condition= HTTP/1.1" 200 670
222.69.27.237 - - [27/Jul/2020:11:04:47 +0800] "GET /xingrg/kc/buy/cgsh_order_operate.html?command=get_materiel&rest_code=00142&code=00101008268&supplier_code=00100161&order_time=2020-07-27 HTTP/1.1" 200 408
222.69.136.242 - - [27/Jul/2020:11:04:49 +0800] "GET /xingrg/all/function/internal_message.html?_=1595819087427&CODE_STATE=getMsg HTTP/1.1" 200 27
172.17.0.108 - - [27/Jul/2020:11:04:49 +0800] "GET /xingrg/all/function/internal_message.html?_=1595819088968&CODE_STATE=getMsg HTTP/1.1" 200 27
116.230.146.118 - - [27/Jul/2020:11:04:49 +0800] "GET /xingrg/kc/buy/cgsh_order_add.html HTTP/1.1" 200 59363
116.230.146.118 - - [27/Jul/2020:11:04:50 +0800] "GET /xingrg/javascript/easyui/themes/default/validatebox.css HTTP/1.1" 404 1104
116.230.146.118 - - [27/Jul/2020:11:04:50 +0800] "POST /xingrg/kc/buy/cgsh_order_operate.html HTTP/1.1" 200 8245
172.17.0.185 - - [27/Jul/2020:11:04:51 +0800] "GET /xingrg/check_reg.html?_=1595819090202 HTTP/1.1" 200 22
172.17.0.185 - - [27/Jul/2020:11:04:51 +0800] "GET /xingrg/all/function/internal_message.html?_=1595819090200&CODE_STATE=getMsg HTTP/1.1" 200 27
114.88.159.89 - - [27/Jul/2020:11:04:51 +0800] "POST /xingrg/kc/buy/cgsh_order_operate.html HTTP/1.1" 200 37
116.230.146.118 - - [27/Jul/2020:11:04:51 +0800] "GET /xingrg/javascript/easyui/themes/default/tree.css HTTP/1.1" 404 1090
116.230.146.118 - - [27/Jul/2020:11:04:51 +0800] "POST /xingrg/all/common/load_tree.html?tree=supplier_tree_json&isDelete=1 HTTP/1.1" 200 49550
116.230.146.118 - - [27/Jul/2020:11:04:51 +0800] "GET /xingrg/all/function/internal_message.html?_=1595819090170&CODE_STATE=getMsg HTTP/1.1" 200 27
114.88.159.89 - - [27/Jul/2020:11:04:53 +0800] "POST /xingrg/kc/buy/cgsh_order_operate.html HTTP/1.1" 200 12
114.88.159.89 - - [27/Jul/2020:11:04:53 +0800] "GET /xingrg/kc/buy/cgsh_order_info.html?code=212020072711366 HTTP/1.1" 200 54228
61.172.5.115 - - [27/Jul/2020:11:04:54 +0800] "GET /xingrg/kc/buy/cgsh_order_operate.html?command=get_materiel&rest_code=00105&code=00101013090&supplier_code=00100337&order_time=2020-07-27 HTTP/1.1" 200 409
114.88.159.89 - - [27/Jul/2020:11:04:54 +0800] "GET /xingrg/javascript/easyui/themes/default/validatebox.css HTTP/1.1" 404 1104
114.88.159.89 - - [27/Jul/2020:11:04:54 +0800] "POST /xingrg/kc/buy/cgsh_order_operate.html HTTP/1.1" 200 1210
222.69.27.237 - - [27/Jul/2020:11:04:55 +0800] "GET /xingrg/kc/buy/cgsh_order_operate.html?command=get_materiel&rest_code=00142&code=00101008059&supplier_code=00100161&order_time=2020-07-27 HTTP/1.1" 200 408
114.88.159.89 - - [27/Jul/2020:11:04:55 +0800] "GET /xingrg/kc/print/load_data.html?order_code=212020072711366&kc_code=cgsh&condition= HTTP/1.1" 200 951
172.17.0.120 - - [27/Jul/2020:11:04:55 +0800] "GET /xingrg/all/function/internal_message.html?_=1595819094250&CODE_STATE=getMsg HTTP/1.1" 200 27
117.184.7.26 - - [27/Jul/2020:11:04:56 +0800] "GET /xingrg/all/function/internal_message.html?_=1595819095349&CODE_STATE=getMsg HTTP/1.1" 200 27
114.88.159.89 - - [27/Jul/2020:11:04:58 +0800] "GET /xingrg/all/function/internal_message.html?_=1595819098558&CODE_STATE=getMsg HTTP/1.1" 200 27
114.88.159.89 - - [27/Jul/2020:11:05:00 +0800] "GET /xingrg/kc/buy/cgsh_order_add.html HTTP/1.1" 200 59322
61.172.5.115 - - [27/Jul/2020:11:05:00 +0800] "GET /xingrg/all/function/internal_message.html?_=1595819096195&CODE_STATE=getMsg HTTP/1.1" 200 27
120.253.135.82 - - [27/Jul/2020:11:05:01 +0800] "GET /xingrg/all/function/internal_message.html?_=1595819225292&CODE_STATE=getMsg HTTP/1.1" 200 27
114.88.159.89 - - [27/Jul/2020:11:05:01 +0800] "GET /xingrg/javascript/easyui/themes/default/validatebox.css HTTP/1.1" 404 1104
114.88.159.89 - - [27/Jul/2020:11:05:01 +0800] "POST /xingrg/kc/buy/cgsh_order_operate.html HTTP/1.1" 200 8245
222.69.27.237 - - [27/Jul/2020:11:05:02 +0800] "GET /xingrg/kc/buy/cgsh_order_operate.html?command=get_materiel&rest_code=00142&code=00101008361&supplier_code=00100161&order_time=2020-07-27 HTTP/1.1" 200 408
116.230.146.118 - - [27/Jul/2020:11:05:04 +0800] "GET /xingrg/kc/buy/cgsh_order_operate.html?command=get_materiel&rest_code=00107&code=00101004065&supplier_code=00100086&order_time=2020-07-27 HTTP/1.1" 200 432
114.88.159.89 - - [27/Jul/2020:11:05:05 +0800] "GET /xingrg/all/function/internal_message.html?_=1595818769446&CODE_STATE=getMsg HTTP/1.1" 200 27
180.157.251.101 - - [27/Jul/2020:11:05:06 +0800] "GET /xingrg/kc/guide/show_order.html?code=312020010800243&type=31 HTTP/1.1" 302 -
180.157.251.101 - - [27/Jul/2020:11:05:06 +0800] "GET /xingrg/kc/mdqp/pssh_order_info.html?code=312020010800243&sysBaseUrl=http%3A%2F%2F180.169.147.146%3A18081%2Fxingrg%2F&costTime=0×tamp=1595819106682 HTTP/1.1" 200 14388
114.89.80.44 - - [27/Jul/2020:11:05:07 +0800] "GET /xingrg/all/function/internal_message.html?_=1595819228853&CODE_STATE=getMsg HTTP/1.1" 200 27
180.157.251.101 - - [27/Jul/2020:11:05:07 +0800] "GET /xingrg/javascript/jquery_tools/jquery-1.4.2.min.js HTTP/1.1" 404 1094
180.157.251.101 - - [27/Jul/2020:11:05:07 +0800] "GET /favicon.ico HTTP/1.1" 404 -
180.157.251.101 - - [27/Jul/2020:11:05:08 +0800] "GET /xingrg/javascript/easyui/themes/default/validatebox.css HTTP/1.1" 404 1104
180.157.251.101 - - [27/Jul/2020:11:05:08 +0800] "POST /xingrg/kc/mdqp/pssh_order_operate.html HTTP/1.1" 200 1085
61.172.5.115 - - [27/Jul/2020:11:05:08 +0800] "POST /xingrg/kc/buy/cgsh_order_operate.html HTTP/1.1" 200 37
222.69.27.237 - - [27/Jul/2020:11:05:09 +0800] "GET /xingrg/kc/buy/cgsh_order_operate.html?command=get_materiel&rest_code=00142&code=00101008371&supplier_code=00100161&order_time=2020-07-27 HTTP/1.1" 200 412
61.172.5.115 - - [27/Jul/2020:11:05:09 +0800] "POST /xingrg/kc/buy/cgsh_order_operate.html HTTP/1.1" 200 2652
222.69.27.237 - - [27/Jul/2020:11:05:10 +0800] "GET /xingrg/all/function/internal_message.html?_=1595819018736&CODE_STATE=getMsg HTTP/1.1" 200 27
117.185.32.26 - - [27/Jul/2020:11:05:10 +0800] "GET /xingrg/all/function/internal_message.html?_=1595819103800&CODE_STATE=getMsg HTTP/1.1" 200 27
61.172.5.115 - - [27/Jul/2020:11:05:11 +0800] "GET /xingrg/kc/print/load_data.html?order_code=212020072711367&kc_code=cgsh&condition= HTTP/1.1" 200 661
116.230.146.118 - - [27/Jul/2020:11:05:16 +0800] "GET /xingrg/all/function/internal_message.html?_=1595819116820&CODE_STATE=getMsg HTTP/1.1" 200 27
222.69.27.237 - - [27/Jul/2020:11:05:17 +0800] "GET /xingrg/kc/buy/cgsh_order_operate.html?command=get_materiel&rest_code=00142&code=00101008355&supplier_code=00100161&order_time=2020-07-27 HTTP/1.1" 200 408
116.230.146.118 - - [27/Jul/2020:11:05:17 +0800] "GET /xingrg/kc/buy/cgsh_order_operate.html?command=get_materiel&rest_code=00107&code=00101014101&supplier_code=00100086&order_time=2020-07-27 HTTP/1.1" 200 402
222.70.173.120 - - [27/Jul/2020:11:05:20 +0800] "GET /xingrg/login.html HTTP/1.1" 200 7641
222.70.173.120 - - [27/Jul/2020:11:05:21 +0800] "GET /xingrg/images/blue/jxLogo.png HTTP/1.1" 304 -
222.70.173.120 - - [27/Jul/2020:11:05:23 +0800] "GET /xingrg/images/blue/login_bg.png HTTP/1.1" 304 -
222.70.173.120 - - [27/Jul/2020:11:05:23 +0800] "GET /xingrg/images/blue/hj.png HTTP/1.1" 304 -
222.70.173.120 - - [27/Jul/2020:11:05:23 +0800] "GET /xingrg/images/blue/srbg.png HTTP/1.1" 304 -
222.70.173.120 - - [27/Jul/2020:11:05:24 +0800] "GET /favicon.ico HTTP/1.1" 404 -
172.17.0.123 - - [27/Jul/2020:11:05:25 +0800] "GET /xingrg/all/function/internal_message.html?_=1595819060268&CODE_STATE=getMsg HTTP/1.1" 200 27
117.184.7.30 - - [27/Jul/2020:11:05:26 +0800] "GET /xingrg/all/function/internal_message.html?_=1595819123534&CODE_STATE=getMsg HTTP/1.1" 200 27
117.131.5.26 - - [27/Jul/2020:11:05:28 +0800] "GET /xingrg/all/function/internal_message.html?_=1595819127221&CODE_STATE=getMsg HTTP/1.1" 200 27
116.233.73.166 - - [27/Jul/2020:11:05:30 +0800] "GET /xingrg/all/function/internal_message.html?_=1595819182898&CODE_STATE=getMsg HTTP/1.1" 200 27
116.233.73.166 - - [27/Jul/2020:11:05:30 +0800] "GET /xingrg/check_reg.html?_=1595819182898 HTTP/1.1" 200 22
172.17.0.119 - - [27/Jul/2020:11:05:33 +0800] "GET /xingrg/check_reg.html?_=1595819134068 HTTP/1.1" 200 22
172.17.0.119 - - [27/Jul/2020:11:05:33 +0800] "GET /xingrg/all/function/internal_message.html?_=1595819134072&CODE_STATE=getMsg HTTP/1.1" 200 27
114.88.161.57 - - [27/Jul/2020:11:05:33 +0800] "GET /xingrg/all/function/internal_message.html?_=1595819133116&CODE_STATE=getMsg HTTP/1.1" 200 27
172.17.0.101 - - [27/Jul/2020:11:05:35 +0800] "GET /xingrg/all/function/internal_message.html?_=1595819138043&CODE_STATE=getMsg HTTP/1.1" 200 27
172.17.0.101 - - [27/Jul/2020:11:05:35 +0800] "GET /xingrg/check_reg.html?_=1595819138048 HTTP/1.1" 200 22
180.157.251.101 - - [27/Jul/2020:11:05:38 +0800] "GET /xingrg/check_reg.html?_=1595819137815 HTTP/1.1" 200 22
180.157.251.101 - - [27/Jul/2020:11:05:38 +0800] "GET /xingrg/all/function/internal_message.html?_=1595819137978&CODE_STATE=getMsg HTTP/1.1" 200 27
222.69.27.237 - - [27/Jul/2020:11:05:40 +0800] "GET /xingrg/kc/buy/cgsh_order_operate.html?command=get_materiel&rest_code=00142&code=00101008024&supplier_code=00100161&order_time=2020-07-27 HTTP/1.1" 200 408
180.175.214.200 - - [27/Jul/2020:11:05:41 +0800] "GET /xingrg/all/function/internal_message.html?_=1595819347898&CODE_STATE=getMsg HTTP/1.1" 200 27
172.17.200.101 - - [27/Jul/2020:11:05:42 +0800] "GET /xingrg/all/function/internal_message.html?_=1595819143607&CODE_STATE=getMsg HTTP/1.1" 302 -
58.40.7.146 - - [27/Jul/2020:11:05:43 +0800] "GET /favicon.ico HTTP/1.1" 404 -
222.69.27.237 - - [27/Jul/2020:11:05:47 +0800] "GET /xingrg/kc/buy/cgsh_order_operate.html?command=get_materiel&rest_code=00142&code=00101008356&supplier_code=00100161&order_time=2020-07-27 HTTP/1.1" 200 408
222.69.136.242 - - [27/Jul/2020:11:05:49 +0800] "GET /xingrg/check_reg.html?_=1595819147348 HTTP/1.1" 200 22
222.69.136.242 - - [27/Jul/2020:11:05:49 +0800] "GET /xingrg/all/function/internal_message.html?_=1595819147400&CODE_STATE=getMsg HTTP/1.1" 200 27
172.17.0.108 - - [27/Jul/2020:11:05:49 +0800] "GET /xingrg/all/function/internal_message.html?_=1595819148998&CODE_STATE=getMsg HTTP/1.1" 200 27
222.70.173.120 - - [27/Jul/2020:11:05:50 +0800] "POST /xingrg/login.do HTTP/1.1" 302 -
222.70.173.120 - - [27/Jul/2020:11:05:51 +0800] "GET /xingrg/index.html?sysBaseUrl=http%3A%2F%2F180.169.147.146%3A18081%2Fxingrg%2F&costTime=39×tamp=1595819150971 HTTP/1.1" 200 17179
222.70.173.120 - - [27/Jul/2020:11:05:51 +0800] "GET /xingrg/javascript/jquery_easy_ui/themes/default/easyui.css HTTP/1.1" 304 -
222.70.173.120 - - [27/Jul/2020:11:05:51 +0800] "GET /xingrg/javascript/jquery_easy_ui/themes/icon.css HTTP/1.1" 304 -
222.70.173.120 - - [27/Jul/2020:11:05:51 +0800] "GET /xingrg/css/form.css HTTP/1.1" 304 -
222.70.173.120 - - [27/Jul/2020:11:05:51 +0800] "GET /xingrg/javascript/jquery-1.4.2.min.js HTTP/1.1" 304 -
222.70.173.120 - - [27/Jul/2020:11:05:51 +0800] "GET /xingrg/javascript/jquery_easy_ui/jquery.easyui.min.js HTTP/1.1" 304 -
222.70.173.120 - - [27/Jul/2020:11:05:51 +0800] "GET /xingrg/javascript/jquery_easy_ui/easyui-lang-zh_CN.js HTTP/1.1" 304 -
222.70.173.120 - - [27/Jul/2020:11:05:51 +0800] "GET /xingrg/javascript/jquery.form.js HTTP/1.1" 304 -
222.70.173.120 - - [27/Jul/2020:11:05:51 +0800] "GET /xingrg/javascript/jquery.utils.js HTTP/1.1" 304 -
222.70.173.120 - - [27/Jul/2020:11:05:51 +0800] "GET /xingrg/javascript/jquery.timers.js HTTP/1.1" 304 -
222.70.173.120 - - [27/Jul/2020:11:05:51 +0800] "GET /favicon.ico HTTP/1.1" 404 -
222.70.173.120 - - [27/Jul/2020:11:05:51 +0800] "GET /xingrg/images/blue/navBackgound.jpg HTTP/1.1" 304 -
222.70.173.120 - - [27/Jul/2020:11:05:51 +0800] "GET /xingrg/javascript/jquery_easy_ui/themes/icons/settle_new.png HTTP/1.1" 304 -
172.17.0.185 - - [27/Jul/2020:11:05:51 +0800] "GET /xingrg/all/function/internal_message.html?_=1595819150204&CODE_STATE=getMsg HTTP/1.1" 200 27
222.70.173.120 - - [27/Jul/2020:11:05:51 +0800] "POST /xingrg/all/common/load_tree.html?tree=area_rest_tree_json&manage=1 HTTP/1.1" 200 479
222.70.173.120 - - [27/Jul/2020:11:05:51 +0800] "GET /xingrg/images/blue/pingpu.png HTTP/1.1" 304 -
222.70.173.120 - - [27/Jul/2020:11:05:51 +0800] "GET /xingrg/javascript/jquery_easy_ui/themes/default/images/tabs_leftarrow.png HTTP/1.1" 304 -
222.70.173.120 - - [27/Jul/2020:11:05:51 +0800] "GET /xingrg/javascript/jquery_easy_ui/themes/default/images/tabs_rightarrow.png HTTP/1.1" 304 -
222.70.173.120 - - [27/Jul/2020:11:05:51 +0800] "GET /xingrg/javascript/jquery_easy_ui/themes/default/images/panel_tool_collapse.gif HTTP/1.1" 304 -
180.157.251.101 - - [27/Jul/2020:11:05:51 +0800] "GET /xingrg/kc/buy/cgsh_order_list.html HTTP/1.1" 200 43584
116.230.146.118 - - [27/Jul/2020:11:05:51 +0800] "GET /xingrg/all/function/internal_message.html?_=1595819150150&CODE_STATE=getMsg HTTP/1.1" 200 27
222.70.173.120 - - [27/Jul/2020:11:05:52 +0800] "GET /xingrg/all/function/internal_message.html?_=1595819155113&CODE_STATE=count HTTP/1.1" 200 11
222.70.173.120 - - [27/Jul/2020:11:05:52 +0800] "GET /xingrg/check_reg.html?_=1595819155114 HTTP/1.1" 200 22
222.70.173.120 - - [27/Jul/2020:11:05:52 +0800] "POST /xingrg/load_menu.html HTTP/1.1" 200 5138
222.70.173.120 - - [27/Jul/2020:11:05:52 +0800] "GET /xingrg/javascript/jquery_easy_ui/themes/default/images/tree_arrows.gif HTTP/1.1" 304 -
222.70.173.120 - - [27/Jul/2020:11:05:52 +0800] "GET /xingrg/javascript/jquery_easy_ui/themes/default/images/tree_folder_open.gif HTTP/1.1" 304 -
222.70.173.120 - - [27/Jul/2020:11:05:52 +0800] "GET /xingrg/javascript/jquery_easy_ui/themes/icons/search_new.png HTTP/1.1" 304 -
222.70.173.120 - - [27/Jul/2020:11:05:52 +0800] "GET /xingrg/javascript/jquery_easy_ui/themes/default/images/tree_folder.gif HTTP/1.1" 304 -
222.70.173.120 - - [27/Jul/2020:11:05:52 +0800] "GET /xingrg/javascript/jquery_easy_ui/themes/icons/storage_new.png HTTP/1.1" 304 -
222.70.173.120 - - [27/Jul/2020:11:05:52 +0800] "GET /xingrg/javascript/jquery_easy_ui/themes/icons/forms_new.png HTTP/1.1" 304 -
222.70.173.120 - - [27/Jul/2020:11:05:52 +0800] "GET /xingrg/javascript/jquery_easy_ui/themes/default/images/tree_file.gif HTTP/1.1" 304 -
180.157.251.101 - - [27/Jul/2020:11:05:52 +0800] "POST /xingrg/kc/buy/cgsh_list_operate.html HTTP/1.1" 200 876
222.69.27.237 - - [27/Jul/2020:11:05:55 +0800] "GET /xingrg/kc/buy/cgsh_order_operate.html?command=get_materiel&rest_code=00142&code=00101008286&supplier_code=00100161&order_time=2020-07-27 HTTP/1.1" 200 408
172.17.0.120 - - [27/Jul/2020:11:05:55 +0800] "GET /xingrg/all/function/internal_message.html?_=1595819154239&CODE_STATE=getMsg HTTP/1.1" 200 27
222.70.173.120 - - [27/Jul/2020:11:05:56 +0800] "GET /xingrg/kc/buy/cgsh_order_list.html HTTP/1.1" 200 43584
222.70.173.120 - - [27/Jul/2020:11:05:56 +0800] "GET /xingrg/javascript/jquery_easy_ui/themes/default/images/tabs_close.gif HTTP/1.1" 304 -
222.70.173.120 - - [27/Jul/2020:11:05:56 +0800] "GET /xingrg/css/base.css HTTP/1.1" 304 -
222.70.173.120 - - [27/Jul/2020:11:05:56 +0800] "GET /xingrg/css/site.css HTTP/1.1" 304 -
222.70.173.120 - - [27/Jul/2020:11:05:56 +0800] "GET /xingrg/javascript/jquery_tools/datebox.css HTTP/1.1" 304 -
222.70.173.120 - - [27/Jul/2020:11:05:56 +0800] "GET /xingrg/javascript/easyui/themes/icon.css HTTP/1.1" 304 -
222.70.173.120 - - [27/Jul/2020:11:05:56 +0800] "GET /xingrg/javascript/easyui/themes/default/easyui.css HTTP/1.1" 304 -
222.70.173.120 - - [27/Jul/2020:11:05:56 +0800] "GET /xingrg/javascript/jquery_tools/list_manager.js HTTP/1.1" 304 -
222.70.173.120 - - [27/Jul/2020:11:05:56 +0800] "GET /xingrg/javascript/jquery_tools/jquery.tools.extend.js HTTP/1.1" 304 -
222.70.173.120 - - [27/Jul/2020:11:05:56 +0800] "GET /xingrg/javascript/easyui/easyloader.js HTTP/1.1" 304 -
222.70.173.120 - - [27/Jul/2020:11:05:56 +0800] "GET /xingrg/javascript/auto/jquery.autocomplete.js HTTP/1.1" 304 -
222.70.173.120 - - [27/Jul/2020:11:05:56 +0800] "GET /xingrg/javascript/jquery_tools/jquery.tools.table.js HTTP/1.1" 304 -
222.70.173.120 - - [27/Jul/2020:11:05:56 +0800] "GET /xingrg/javascript/jquery_tools/jquery.tools.min.js HTTP/1.1" 304 -
222.70.173.120 - - [27/Jul/2020:11:05:56 +0800] "GET /xingrg/javascript/jquery_tools/fix.css HTTP/1.1" 304 -
222.70.173.120 - - [27/Jul/2020:11:05:56 +0800] "GET /xingrg/javascript/auto/jquery.autocomplete.css HTTP/1.1" 304 -
222.70.173.120 - - [27/Jul/2020:11:05:56 +0800] "GET /xingrg/javascript/jquery_tools/jquery.tools.hotkey.js HTTP/1.1" 304 -
222.70.173.120 - - [27/Jul/2020:11:05:56 +0800] "GET /xingrg/javascript/jquery_tools/table.css HTTP/1.1" 304 -
222.70.173.120 - - [27/Jul/2020:11:05:56 +0800] "GET /xingrg/javascript/jquery.cookie.js HTTP/1.1" 304 -
222.70.173.120 - - [27/Jul/2020:11:05:56 +0800] "GET /xingrg/javascript/print/LodopFuncs.js HTTP/1.1" 304 -
117.184.7.26 - - [27/Jul/2020:11:05:56 +0800] "GET /xingrg/all/function/internal_message.html?_=1595819155345&CODE_STATE=getMsg HTTP/1.1" 200 27
116.230.146.118 - - [27/Jul/2020:11:05:57 +0800] "GET /xingrg/kc/buy/buy_main.html HTTP/1.1" 200 12412
116.230.146.118 - - [27/Jul/2020:11:05:57 +0800] "GET /xingrg/css/new_ie.css HTTP/1.1" 404 1036
114.88.159.89 - - [27/Jul/2020:11:05:58 +0800] "GET /xingrg/all/function/internal_message.html?_=1595819158573&CODE_STATE=getMsg HTTP/1.1" 200 27
116.230.146.118 - - [27/Jul/2020:11:05:58 +0800] "GET /xingrg/images/yd/bt.gif HTTP/1.1" 404 1040
222.70.173.120 - - [27/Jul/2020:11:05:58 +0800] "GET /xingrg/javascript/easyui/themes/icons/edit_add_new.png HTTP/1.1" 304 -
222.70.173.120 - - [27/Jul/2020:11:05:58 +0800] "GET /xingrg/javascript/easyui/themes/icons/cance_new.png HTTP/1.1" 304 -
222.70.173.120 - - [27/Jul/2020:11:05:58 +0800] "GET /xingrg/javascript/easyui/themes/icons/check_new.png HTTP/1.1" 304 -
222.70.173.120 - - [27/Jul/2020:11:05:58 +0800] "GET /xingrg/javascript/easyui/themes/icons/field_new.png HTTP/1.1" 304 -
222.70.173.120 - - [27/Jul/2020:11:05:58 +0800] "GET /xingrg/javascript/easyui/themes/icons/import_new.png HTTP/1.1" 304 -
222.70.173.120 - - [27/Jul/2020:11:05:58 +0800] "GET /xingrg/javascript/jquery_easy_ui/themes/icons/area.png HTTP/1.1" 304 -
222.70.173.120 - - [27/Jul/2020:11:05:58 +0800] "GET /xingrg/javascript/jquery_easy_ui/themes/icons/rest.png HTTP/1.1" 304 -
222.70.173.120 - - [27/Jul/2020:11:05:58 +0800] "GET /xingrg/javascript/easyui/plugins/jquery.parser.js HTTP/1.1" 304 -
61.172.5.115 - - [27/Jul/2020:11:05:58 +0800] "GET /xingrg/kc/buy/cgsh_order_add.html HTTP/1.1" 200 59316
222.70.173.120 - - [27/Jul/2020:11:05:58 +0800] "GET /xingrg/images/control/ajaxLoader.gif HTTP/1.1" 304 -
116.230.146.118 - - [27/Jul/2020:11:05:59 +0800] "GET /xingrg/kc/buy/cgyd_order_list.html HTTP/1.1" 200 43051
61.172.5.115 - - [27/Jul/2020:11:05:59 +0800] "POST /xingrg/kc/buy/cgsh_order_operate.html HTTP/1.1" 200 8245
61.172.5.115 - - [27/Jul/2020:11:05:59 +0800] "GET /xingrg/javascript/easyui/themes/default/validatebox.css HTTP/1.1" 404 1104
116.230.146.118 - - [27/Jul/2020:11:05:59 +0800] "POST /xingrg/kc/buy/cgsh_order_operate.html HTTP/1.1" 200 37
116.230.146.118 - - [27/Jul/2020:11:05:59 +0800] "POST /xingrg/kc/buy/cgyd_list_operate.html HTTP/1.1" 200 976
222.70.173.120 - - [27/Jul/2020:11:06:00 +0800] "POST /xingrg/kc/buy/cgsh_list_operate.html HTTP/1.1" 200 1690
116.230.146.118 - - [27/Jul/2020:11:06:00 +0800] "POST /xingrg/kc/buy/cgsh_order_operate.html HTTP/1.1" 200 3260
61.172.5.115 - - [27/Jul/2020:11:06:00 +0800] "GET /xingrg/all/function/internal_message.html?_=1595819156178&CODE_STATE=getMsg HTTP/1.1" 200 27
61.172.5.115 - - [27/Jul/2020:11:06:01 +0800] "GET /xingrg/check_reg.html?_=1595819156522 HTTP/1.1" 200 22
120.253.135.82 - - [27/Jul/2020:11:06:01 +0800] "GET /xingrg/all/function/internal_message.html?_=1595819285308&CODE_STATE=getMsg HTTP/1.1" 200 27
116.230.146.118 - - [27/Jul/2020:11:06:01 +0800] "GET /xingrg/kc/print/load_data.html?order_code=212020072711368&kc_code=cgsh&condition= HTTP/1.1" 200 976
222.69.27.237 - - [27/Jul/2020:11:06:03 +0800] "GET /xingrg/kc/buy/cgsh_order_operate.html?command=get_materiel&rest_code=00142&code=00101008353&supplier_code=00100161&order_time=2020-07-27 HTTP/1.1" 200 408
222.70.173.120 - - [27/Jul/2020:11:06:04 +0800] "POST /xingrg/kc/buy/cgsh_list_operate.html HTTP/1.1" 200 563
116.230.146.118 - - [27/Jul/2020:11:06:04 +0800] "POST /xingrg/kc/buy/cgyd_list_operate.html HTTP/1.1" 200 976
114.88.159.89 - - [27/Jul/2020:11:06:05 +0800] "GET /xingrg/all/function/internal_message.html?_=1595818829406&CODE_STATE=getMsg HTTP/1.1" 200 27
222.70.173.120 - - [27/Jul/2020:11:06:06 +0800] "GET /xingrg/javascript/pic_change.js HTTP/1.1" 304 -
222.70.173.120 - - [27/Jul/2020:11:06:06 +0800] "GET /xingrg/javascript/jquery_tools/order_manager.js HTTP/1.1" 304 -
222.70.173.120 - - [27/Jul/2020:11:06:06 +0800] "GET /xingrg/javascript/convert.js HTTP/1.1" 304 -
222.70.173.120 - - [27/Jul/2020:11:06:06 +0800] "GET /xingrg/javascript/print/kc_print.js HTTP/1.1" 304 -
222.70.173.120 - - [27/Jul/2020:11:06:06 +0800] "GET /xingrg/javascript/json2.js HTTP/1.1" 304 -
