222.69.129.1 - - [26/Jul/2020:09:21:33 +0800] "GET /xingrg/kc/buy/cgsh_order_operate.html?command=get_materiel&rest_code=00149&code=00101001023&supplier_code=00100039&order_time=2020-07-26 HTTP/1.1" 200 415
116.230.146.118 - - [26/Jul/2020:09:21:33 +0800] "GET /xingrg/kc/buy/cgsh_order_operate.html?command=get_materiel&rest_code=00107&code=00101008084&supplier_code=00100006&order_time=2020-07-26 HTTP/1.1" 200 412
172.17.0.120 - - [26/Jul/2020:09:21:35 +0800] "POST /xingrg/login.do HTTP/1.1" 302 -
172.17.0.120 - - [26/Jul/2020:09:21:35 +0800] "GET /xingrg/index.html?sysBaseUrl=http%3A%2F%2F172.17.0.8%3A18081%2Fxingrg%2F&costTime=36×tamp=1595726495752 HTTP/1.1" 200 17448
172.17.0.120 - - [26/Jul/2020:09:21:35 +0800] "GET /favicon.ico HTTP/1.1" 404 -
172.17.0.120 - - [26/Jul/2020:09:21:35 +0800] "POST /xingrg/all/common/load_tree.html?tree=area_rest_tree_json&manage=1 HTTP/1.1" 200 3216
172.17.0.120 - - [26/Jul/2020:09:21:36 +0800] "GET /xingrg/all/function/internal_message.html?_=1595726494052&CODE_STATE=count HTTP/1.1" 200 11
172.17.0.120 - - [26/Jul/2020:09:21:36 +0800] "GET /xingrg/check_reg.html?_=1595726494053 HTTP/1.1" 200 22
172.17.0.120 - - [26/Jul/2020:09:21:36 +0800] "GET /xingrg/images/blue/pingpu.png HTTP/1.1" 200 231
172.17.0.120 - - [26/Jul/2020:09:21:36 +0800] "GET /xingrg/javascript/jquery_easy_ui/themes/default/images/panel_tool_expand.gif HTTP/1.1" 200 247
172.17.0.120 - - [26/Jul/2020:09:21:36 +0800] "GET /xingrg/javascript/jquery_easy_ui/themes/default/images/panel_tool_collapse.gif HTTP/1.1" 200 246
172.17.0.120 - - [26/Jul/2020:09:21:36 +0800] "POST /xingrg/load_menu.html HTTP/1.1" 200 11408
172.17.0.120 - - [26/Jul/2020:09:21:36 +0800] "GET /xingrg/javascript/jquery_easy_ui/themes/icons/delivery_new.png HTTP/1.1" 200 700
58.40.7.146 - - [26/Jul/2020:09:21:36 +0800] "GET /xingrg/all/function/internal_message.html?_=1595726496640&CODE_STATE=getMsg HTTP/1.1" 200 27
180.175.214.200 - - [26/Jul/2020:09:21:37 +0800] "GET /xingrg/kc/buy/cgsh_order_operate.html?command=get_materiel&rest_code=00102&code=00101007076&supplier_code=00100002&order_time=2020-07-26 HTTP/1.1" 200 408
114.86.227.215 - - [26/Jul/2020:09:21:39 +0800] "GET /xingrg/all/function/internal_message.html?_=1595726508340&CODE_STATE=getMsg HTTP/1.1" 200 27
114.89.80.44 - - [26/Jul/2020:09:21:40 +0800] "GET /xingrg/all/function/internal_message.html?_=1595726498473&CODE_STATE=getMsg HTTP/1.1" 200 27
61.172.5.115 - - [26/Jul/2020:09:21:44 +0800] "GET /xingrg/kc/buy/cgsh_order_operate.html?command=get_materiel&rest_code=00105&code=00101007049&supplier_code=00100002&order_time=2020-07-26 HTTP/1.1" 200 409
114.88.161.57 - - [26/Jul/2020:09:21:46 +0800] "GET /xingrg/all/function/internal_message.html?_=1595726538885&CODE_STATE=getMsg HTTP/1.1" 200 27
222.69.129.1 - - [26/Jul/2020:09:21:48 +0800] "GET /xingrg/all/function/internal_message.html?_=1595726507985&CODE_STATE=getMsg HTTP/1.1" 200 27
222.69.129.1 - - [26/Jul/2020:09:21:49 +0800] "GET /xingrg/kc/buy/cgsh_order_operate.html?command=get_materiel&rest_code=00149&code=00101010161&supplier_code=00100039&order_time=2020-07-26 HTTP/1.1" 200 411
180.175.214.200 - - [26/Jul/2020:09:21:49 +0800] "GET /xingrg/kc/buy/cgsh_order_operate.html?command=get_materiel&rest_code=00102&code=00101007082&supplier_code=00100002&order_time=2020-07-26 HTTP/1.1" 200 427
116.233.76.44 - - [26/Jul/2020:09:21:49 +0800] "GET /xingrg/kc/buy/cgsh_order_operate.html?command=get_materiel&rest_code=00109&code=00102026010&supplier_code=00100151&order_time=2020-07-26 HTTP/1.1" 200 408
172.17.0.185 - - [26/Jul/2020:09:21:50 +0800] "GET /xingrg/all/function/internal_message.html?_=1595726508791&CODE_STATE=getMsg HTTP/1.1" 200 27
114.89.80.44 - - [26/Jul/2020:09:21:52 +0800] "GET /xingrg/all/function/internal_message.html?_=1595726636183&CODE_STATE=getMsg HTTP/1.1" 200 27
114.88.159.89 - - [26/Jul/2020:09:21:53 +0800] "GET /xingrg/check_reg.html?_=1595726533008 HTTP/1.1" 200 22
114.88.159.89 - - [26/Jul/2020:09:21:53 +0800] "GET /xingrg/all/function/internal_message.html?_=1595726533009&CODE_STATE=getMsg HTTP/1.1" 200 27
222.70.173.120 - - [26/Jul/2020:09:21:55 +0800] "GET /xingrg/all/function/internal_message.html?_=1595726515580&CODE_STATE=getMsg HTTP/1.1" 200 27
172.17.0.120 - - [26/Jul/2020:09:22:02 +0800] "POST /xingrg/all/user/operate.html HTTP/1.1" 200 36
172.17.0.120 - - [26/Jul/2020:09:22:02 +0800] "GET /xingrg/index.html?sysBaseUrl=http%3A%2F%2F172.17.0.8%3A18081%2Fxingrg%2F&costTime=36×tamp=1595726495752 HTTP/1.1" 200 17448
172.17.0.120 - - [26/Jul/2020:09:22:02 +0800] "GET /xingrg/javascript/jquery_easy_ui/themes/default/easyui.css HTTP/1.1" 304 -
172.17.0.120 - - [26/Jul/2020:09:22:02 +0800] "GET /xingrg/javascript/jquery_easy_ui/themes/icon.css HTTP/1.1" 304 -
172.17.0.120 - - [26/Jul/2020:09:22:02 +0800] "GET /xingrg/css/form.css HTTP/1.1" 304 -
172.17.0.120 - - [26/Jul/2020:09:22:02 +0800] "GET /xingrg/javascript/jquery-1.4.2.min.js HTTP/1.1" 304 -
172.17.0.120 - - [26/Jul/2020:09:22:02 +0800] "GET /xingrg/javascript/jquery_easy_ui/jquery.easyui.min.js HTTP/1.1" 304 -
172.17.0.120 - - [26/Jul/2020:09:22:02 +0800] "GET /xingrg/javascript/jquery_easy_ui/easyui-lang-zh_CN.js HTTP/1.1" 304 -
172.17.0.120 - - [26/Jul/2020:09:22:02 +0800] "GET /xingrg/javascript/jquery.form.js HTTP/1.1" 304 -
172.17.0.120 - - [26/Jul/2020:09:22:02 +0800] "GET /xingrg/javascript/jquery.utils.js HTTP/1.1" 304 -
172.17.0.120 - - [26/Jul/2020:09:22:02 +0800] "GET /xingrg/javascript/jquery.timers.js HTTP/1.1" 304 -
172.17.0.120 - - [26/Jul/2020:09:22:02 +0800] "GET /xingrg/images/blue/jxLogo.png HTTP/1.1" 304 -
172.17.0.120 - - [26/Jul/2020:09:22:02 +0800] "GET /xingrg/images/blue/navBackgound.jpg HTTP/1.1" 304 -
172.17.0.120 - - [26/Jul/2020:09:22:02 +0800] "GET /xingrg/javascript/jquery_easy_ui/themes/icons/settle_new.png HTTP/1.1" 304 -
172.17.0.120 - - [26/Jul/2020:09:22:02 +0800] "POST /xingrg/all/common/load_tree.html?tree=area_rest_tree_json&manage=1 HTTP/1.1" 200 3216
172.17.0.120 - - [26/Jul/2020:09:22:02 +0800] "GET /xingrg/all/function/internal_message.html?_=1595726520769&CODE_STATE=count HTTP/1.1" 200 11
172.17.0.120 - - [26/Jul/2020:09:22:02 +0800] "GET /xingrg/check_reg.html?_=1595726520770 HTTP/1.1" 200 22
172.17.0.120 - - [26/Jul/2020:09:22:02 +0800] "GET /xingrg/javascript/jquery_easy_ui/themes/default/images/tabs_leftarrow.png HTTP/1.1" 304 -
172.17.0.120 - - [26/Jul/2020:09:22:02 +0800] "GET /xingrg/javascript/jquery_easy_ui/themes/default/images/panel_tool_expand.gif HTTP/1.1" 304 -
172.17.0.120 - - [26/Jul/2020:09:22:02 +0800] "GET /xingrg/javascript/jquery_easy_ui/themes/default/images/panel_tool_collapse.gif HTTP/1.1" 304 -
172.17.0.120 - - [26/Jul/2020:09:22:02 +0800] "GET /xingrg/javascript/jquery_easy_ui/themes/default/images/tabs_rightarrow.png HTTP/1.1" 304 -
172.17.0.120 - - [26/Jul/2020:09:22:02 +0800] "GET /xingrg/images/blue/pingpu.png HTTP/1.1" 304 -
172.17.0.120 - - [26/Jul/2020:09:22:02 +0800] "POST /xingrg/load_menu.html HTTP/1.1" 200 9924
172.17.0.120 - - [26/Jul/2020:09:22:03 +0800] "GET /xingrg/kc/buy/buy_main.html HTTP/1.1" 200 12377
172.17.0.120 - - [26/Jul/2020:09:22:03 +0800] "GET /xingrg/css/new_ie.css HTTP/1.1" 404 1036
180.175.214.200 - - [26/Jul/2020:09:22:05 +0800] "GET /xingrg/kc/buy/cgsh_order_operate.html?command=get_materiel&rest_code=00102&code=00101007085&supplier_code=00100002&order_time=2020-07-26 HTTP/1.1" 200 413
172.17.0.120 - - [26/Jul/2020:09:22:07 +0800] "GET /xingrg/kc/buy/cgsh_order_list.html HTTP/1.1" 200 43813
222.69.129.1 - - [26/Jul/2020:09:22:08 +0800] "GET /xingrg/kc/buy/cgsh_order_operate.html?command=get_materiel&rest_code=00149&code=00101001060&supplier_code=00100039&order_time=2020-07-26 HTTP/1.1" 200 419
172.17.0.120 - - [26/Jul/2020:09:22:08 +0800] "POST /xingrg/kc/buy/cgsh_list_operate.html HTTP/1.1" 200 2003
61.172.5.115 - - [26/Jul/2020:09:22:10 +0800] "GET /xingrg/all/function/internal_message.html?_=1595726526963&CODE_STATE=getMsg HTTP/1.1" 200 27
116.233.76.44 - - [26/Jul/2020:09:22:10 +0800] "POST /xingrg/kc/buy/cgsh_order_operate.html HTTP/1.1" 200 37
116.233.76.44 - - [26/Jul/2020:09:22:11 +0800] "POST /xingrg/kc/buy/cgsh_order_operate.html HTTP/1.1" 200 2666
172.17.0.120 - - [26/Jul/2020:09:22:12 +0800] "GET /xingrg/javascript/jquery_tools/images/next.gif HTTP/1.1" 404 1086
172.17.0.120 - - [26/Jul/2020:09:22:12 +0800] "GET /xingrg/javascript/jquery_tools/images/prev.gif HTTP/1.1" 404 1086
116.233.76.44 - - [26/Jul/2020:09:22:12 +0800] "GET /xingrg/kc/print/load_config.html?kc_code=cgsh HTTP/1.1" 200 1845
116.233.76.44 - - [26/Jul/2020:09:22:12 +0800] "GET /xingrg/kc/print/load_data.html?order_code=212020072610844&kc_code=cgsh&condition= HTTP/1.1" 200 640
180.175.214.200 - - [26/Jul/2020:09:22:15 +0800] "GET /xingrg/kc/buy/cgsh_order_operate.html?command=get_materiel&rest_code=00102&code=00101007059&supplier_code=00100002&order_time=2020-07-26 HTTP/1.1" 200 409
116.230.146.118 - - [26/Jul/2020:09:22:15 +0800] "GET /xingrg/all/function/internal_message.html?_=1595726535743&CODE_STATE=getMsg HTTP/1.1" 200 27
116.230.146.118 - - [26/Jul/2020:09:22:16 +0800] "POST /xingrg/kc/buy/cgsh_order_operate.html HTTP/1.1" 200 2065
61.172.5.115 - - [26/Jul/2020:09:22:16 +0800] "GET /xingrg/kc/buy/cgsh_order_operate.html?command=get_materiel&rest_code=00105&code=00101007023&supplier_code=00100002&order_time=2020-07-26 HTTP/1.1" 200 408
172.17.0.120 - - [26/Jul/2020:09:22:19 +0800] "GET /xingrg/javascript/easyui/plugins/jquery.draggable.js HTTP/1.1" 200 6121
172.17.0.120 - - [26/Jul/2020:09:22:19 +0800] "GET /xingrg/css/images/panel_loading.gif HTTP/1.1" 200 1737
172.17.0.120 - - [26/Jul/2020:09:22:19 +0800] "GET /xingrg/javascript/easyui/plugins/jquery.droppable.js HTTP/1.1" 200 1167
172.17.0.120 - - [26/Jul/2020:09:22:19 +0800] "GET /xingrg/javascript/easyui/themes/default/tree.css HTTP/1.1" 404 1090
172.17.0.120 - - [26/Jul/2020:09:22:19 +0800] "GET /xingrg/javascript/easyui/plugins/jquery.tree.js HTTP/1.1" 200 20874
172.17.0.120 - - [26/Jul/2020:09:22:19 +0800] "POST /xingrg/all/common/load_tree.html?tree=supplier_tree_json&manage=1 HTTP/1.1" 200 50282
172.17.0.120 - - [26/Jul/2020:09:22:20 +0800] "GET /xingrg/javascript/easyui/themes/default/images/tree_folder_open.gif HTTP/1.1" 200 956
172.17.0.120 - - [26/Jul/2020:09:22:20 +0800] "GET /xingrg/javascript/easyui/themes/default/images/tree_arrows.gif HTTP/1.1" 200 617
172.17.0.120 - - [26/Jul/2020:09:22:20 +0800] "GET /xingrg/javascript/easyui/themes/default/images/tree_checkbox_0.gif HTTP/1.1" 200 168
172.17.0.120 - - [26/Jul/2020:09:22:20 +0800] "GET /xingrg/javascript/easyui/themes/default/images/tree_folder.gif HTTP/1.1" 200 952
172.17.0.120 - - [26/Jul/2020:09:22:20 +0800] "GET /xingrg/javascript/easyui/themes/default/images/tree_file.gif HTTP/1.1" 200 118
116.230.146.118 - - [26/Jul/2020:09:22:21 +0800] "POST /xingrg/kc/buy/cgsh_order_operate.html HTTP/1.1" 200 37
61.151.178.225 - - [26/Jul/2020:09:22:22 +0800] "GET /xingrg/all/function/internal_message.html?_=1595725752954&CODE_STATE=getMsg HTTP/1.1" 302 -
116.230.146.118 - - [26/Jul/2020:09:22:22 +0800] "POST /xingrg/kc/buy/cgsh_order_operate.html HTTP/1.1" 200 42245
172.17.0.120 - - [26/Jul/2020:09:22:24 +0800] "GET /xingrg/javascript/easyui/themes/default/images/tree_checkbox_1.gif HTTP/1.1" 200 174
172.17.0.120 - - [26/Jul/2020:09:22:24 +0800] "GET /xingrg/javascript/easyui/themes/default/images/tree_checkbox_2.gif HTTP/1.1" 200 181
180.175.214.200 - - [26/Jul/2020:09:22:24 +0800] "GET /xingrg/all/function/internal_message.html?_=1595726750667&CODE_STATE=getMsg HTTP/1.1" 200 27
172.17.200.101 - - [26/Jul/2020:09:22:24 +0800] "GET /xingrg/all/function/internal_message.html?_=1595726544558&CODE_STATE=getMsg HTTP/1.1" 200 27
114.88.161.57 - - [26/Jul/2020:09:22:25 +0800] "GET /xingrg/all/function/internal_message.html?_=1595726542431&CODE_STATE=getMsg HTTP/1.1" 200 27
117.184.7.26 - - [26/Jul/2020:09:22:25 +0800] "GET /xingrg/all/function/internal_message.html?_=1595726545735&CODE_STATE=getMsg HTTP/1.1" 200 27
61.172.5.115 - - [26/Jul/2020:09:22:29 +0800] "GET /xingrg/kc/buy/cgsh_order_operate.html?command=get_materiel&rest_code=00105&code=00101007024&supplier_code=00100002&order_time=2020-07-26 HTTP/1.1" 200 415
114.88.159.89 - - [26/Jul/2020:09:22:30 +0800] "GET /xingrg/all/function/internal_message.html?_=1595726213271&CODE_STATE=getMsg HTTP/1.1" 200 27
222.69.129.1 - - [26/Jul/2020:09:22:30 +0800] "GET /xingrg/kc/buy/cgsh_order_operate.html?command=get_materiel&rest_code=00149&code=00101001010&supplier_code=00100039&order_time=2020-07-26 HTTP/1.1" 200 409
61.151.178.225 - - [26/Jul/2020:09:22:32 +0800] "GET /xingrg/login.html HTTP/1.1" 200 7641
172.17.0.120 - - [26/Jul/2020:09:22:32 +0800] "POST /xingrg/kc/buy/cgsh_list_operate.html HTTP/1.1" 200 5262
116.233.76.44 - - [26/Jul/2020:09:22:33 +0800] "GET /xingrg/all/function/internal_message.html?_=1595726710092&CODE_STATE=getMsg HTTP/1.1" 200 27
116.233.76.44 - - [26/Jul/2020:09:22:35 +0800] "GET /xingrg/kc/buy/cgsh_order_add.html HTTP/1.1" 200 59357
116.233.76.44 - - [26/Jul/2020:09:22:35 +0800] "POST /xingrg/kc/buy/cgsh_order_operate.html HTTP/1.1" 200 8245
116.233.76.44 - - [26/Jul/2020:09:22:35 +0800] "GET /xingrg/all/common/auto_word.html?type=employee&rest_code=00109 HTTP/1.1" 200 255
116.233.76.44 - - [26/Jul/2020:09:22:35 +0800] "GET /xingrg/all/common/auto_word.html?type=employee&rest_code=00109 HTTP/1.1" 200 255
180.175.214.200 - - [26/Jul/2020:09:22:35 +0800] "GET /xingrg/kc/buy/cgsh_order_operate.html?command=get_materiel&rest_code=00102&code=00101007038&supplier_code=00100002&order_time=2020-07-26 HTTP/1.1" 200 443
116.233.76.44 - - [26/Jul/2020:09:22:35 +0800] "GET /xingrg/javascript/easyui/themes/default/validatebox.css HTTP/1.1" 404 1104
58.40.7.146 - - [26/Jul/2020:09:22:36 +0800] "GET /xingrg/all/function/internal_message.html?_=1595726556642&CODE_STATE=getMsg HTTP/1.1" 200 27
114.86.227.215 - - [26/Jul/2020:09:22:39 +0800] "GET /xingrg/all/function/internal_message.html?_=1595726568350&CODE_STATE=getMsg HTTP/1.1" 200 27
114.89.80.44 - - [26/Jul/2020:09:22:40 +0800] "GET /xingrg/all/function/internal_message.html?_=1595726558485&CODE_STATE=getMsg HTTP/1.1" 200 27
172.17.200.101 - - [26/Jul/2020:09:22:44 +0800] "POST /xingrg/dwr/call/plaincall/AjaxReportQueryService.refreshCache.dwr HTTP/1.1" 200 78
172.17.200.101 - - [26/Jul/2020:09:22:45 +0800] "POST /xingrg/all/report/load_report_page.html HTTP/1.1" 200 46656
172.17.200.101 - - [26/Jul/2020:09:22:45 +0800] "GET /xingrg/servlets/image?cache=0.4612992463020147&image=px HTTP/1.1" 200 807
114.88.161.57 - - [26/Jul/2020:09:22:46 +0800] "GET /xingrg/all/function/internal_message.html?_=1595726598891&CODE_STATE=getMsg HTTP/1.1" 200 27
114.88.161.57 - - [26/Jul/2020:09:22:46 +0800] "GET /xingrg/check_reg.html?_=1595726598885 HTTP/1.1" 200 22
222.69.129.1 - - [26/Jul/2020:09:22:46 +0800] "POST /xingrg/kc/buy/cgsh_order_operate.html HTTP/1.1" 200 37
172.17.0.120 - - [26/Jul/2020:09:22:46 +0800] "POST /xingrg/kc/buy/cgsh_list_operate.html HTTP/1.1" 200 549
222.69.129.1 - - [26/Jul/2020:09:22:48 +0800] "GET /xingrg/all/function/internal_message.html?_=1595726567961&CODE_STATE=getMsg HTTP/1.1" 200 27
222.69.129.1 - - [26/Jul/2020:09:22:48 +0800] "POST /xingrg/kc/buy/cgsh_order_operate.html HTTP/1.1" 200 12
222.69.129.1 - - [26/Jul/2020:09:22:49 +0800] "GET /xingrg/kc/buy/cgsh_order_info.html?code=212020072610845 HTTP/1.1" 200 54272
222.69.129.1 - - [26/Jul/2020:09:22:49 +0800] "GET /xingrg/javascript/easyui/themes/default/validatebox.css HTTP/1.1" 404 1104
172.17.0.185 - - [26/Jul/2020:09:22:50 +0800] "GET /xingrg/all/function/internal_message.html?_=1595726568800&CODE_STATE=getMsg HTTP/1.1" 200 27
222.69.129.1 - - [26/Jul/2020:09:22:50 +0800] "POST /xingrg/kc/buy/cgsh_order_operate.html HTTP/1.1" 200 3579
222.69.129.1 - - [26/Jul/2020:09:22:51 +0800] "GET /xingrg/kc/print/load_data.html?order_code=212020072610845&kc_code=cgsh&condition= HTTP/1.1" 200 1859
114.89.80.44 - - [26/Jul/2020:09:22:52 +0800] "GET /xingrg/all/function/internal_message.html?_=1595726696204&CODE_STATE=getMsg HTTP/1.1" 200 27
114.88.159.89 - - [26/Jul/2020:09:22:53 +0800] "GET /xingrg/all/function/internal_message.html?_=1595726593006&CODE_STATE=getMsg HTTP/1.1" 200 27
222.70.173.120 - - [26/Jul/2020:09:22:55 +0800] "GET /xingrg/all/function/internal_message.html?_=1595726575584&CODE_STATE=getMsg HTTP/1.1" 200 27
61.172.5.115 - - [26/Jul/2020:09:22:57 +0800] "POST /xingrg/kc/buy/cgsh_order_operate.html HTTP/1.1" 200 37
172.17.0.120 - - [26/Jul/2020:09:22:57 +0800] "POST /xingrg/kc/buy/cgsh_list_operate.html HTTP/1.1" 200 198
180.175.214.200 - - [26/Jul/2020:09:22:57 +0800] "POST /xingrg/kc/buy/cgsh_order_operate.html HTTP/1.1" 200 88
116.230.146.118 - - [26/Jul/2020:09:22:58 +0800] "POST /xingrg/kc/buy/cgsh_order_operate.html HTTP/1.1" 200 37
61.172.5.115 - - [26/Jul/2020:09:22:59 +0800] "POST /xingrg/kc/buy/cgsh_order_operate.html HTTP/1.1" 200 4428
116.230.146.118 - - [26/Jul/2020:09:22:59 +0800] "POST /xingrg/kc/buy/cgsh_order_operate.html HTTP/1.1" 200 42245
116.230.146.118 - - [26/Jul/2020:09:23:01 +0800] "GET /xingrg/kc/print/load_config.html?kc_code=cgsh HTTP/1.1" 200 1845
180.175.214.200 - - [26/Jul/2020:09:23:02 +0800] "POST /xingrg/kc/buy/cgsh_order_operate.html HTTP/1.1" 200 37
116.230.146.118 - - [26/Jul/2020:09:23:02 +0800] "GET /xingrg/kc/print/load_data.html?order_code=212020072610843&kc_code=cgsh&condition= HTTP/1.1" 200 15612
172.17.0.120 - - [26/Jul/2020:09:23:02 +0800] "GET /xingrg/all/function/internal_message.html?_=1595726580777&CODE_STATE=getMsg HTTP/1.1" 200 27
61.172.5.115 - - [26/Jul/2020:09:23:03 +0800] "GET /xingrg/kc/print/load_data.html?order_code=212020072610846&kc_code=cgsh&condition= HTTP/1.1" 200 1416
180.175.214.200 - - [26/Jul/2020:09:23:03 +0800] "POST /xingrg/kc/buy/cgsh_order_operate.html HTTP/1.1" 200 7399
116.233.76.44 - - [26/Jul/2020:09:23:07 +0800] "GET /xingrg/javascript/jquery_tools/images/prev.gif HTTP/1.1" 404 1086
116.233.76.44 - - [26/Jul/2020:09:23:07 +0800] "GET /xingrg/javascript/jquery_tools/images/next.gif HTTP/1.1" 404 1086
172.17.0.120 - - [26/Jul/2020:09:23:07 +0800] "POST /xingrg/kc/buy/cgsh_list_operate.html HTTP/1.1" 200 282
180.175.214.200 - - [26/Jul/2020:09:23:09 +0800] "POST /xingrg/kc/buy/cgsh_order_operate.html HTTP/1.1" 200 37
61.172.5.115 - - [26/Jul/2020:09:23:10 +0800] "GET /xingrg/all/function/internal_message.html?_=1595726586962&CODE_STATE=getMsg HTTP/1.1" 200 27
180.175.214.200 - - [26/Jul/2020:09:23:11 +0800] "POST /xingrg/kc/buy/cgsh_order_operate.html HTTP/1.1" 200 12
180.175.214.200 - - [26/Jul/2020:09:23:12 +0800] "GET /xingrg/kc/buy/cgsh_order_info.html?code=212020072610848 HTTP/1.1" 200 54129
180.175.214.200 - - [26/Jul/2020:09:23:14 +0800] "GET /xingrg/javascript/easyui/themes/default/validatebox.css HTTP/1.1" 404 1104
180.175.214.200 - - [26/Jul/2020:09:23:14 +0800] "POST /xingrg/kc/buy/cgsh_order_operate.html HTTP/1.1" 200 5344
116.230.146.118 - - [26/Jul/2020:09:23:15 +0800] "GET /xingrg/check_reg.html?_=1595726595009 HTTP/1.1" 200 22
116.230.146.118 - - [26/Jul/2020:09:23:15 +0800] "GET /xingrg/all/function/internal_message.html?_=1595726595724&CODE_STATE=getMsg HTTP/1.1" 200 27
180.175.214.200 - - [26/Jul/2020:09:23:17 +0800] "GET /xingrg/kc/print/load_data.html?order_code=212020072610848&kc_code=cgsh&condition= HTTP/1.1" 200 2569
116.230.146.118 - - [26/Jul/2020:09:23:19 +0800] "GET /xingrg/kc/buy/cgsh_order_add.html HTTP/1.1" 200 59363
116.230.146.118 - - [26/Jul/2020:09:23:20 +0800] "GET /xingrg/javascript/easyui/themes/default/validatebox.css HTTP/1.1" 404 1104
116.230.146.118 - - [26/Jul/2020:09:23:20 +0800] "POST /xingrg/kc/buy/cgsh_order_operate.html HTTP/1.1" 200 8245
116.230.146.118 - - [26/Jul/2020:09:23:21 +0800] "GET /xingrg/javascript/easyui/themes/default/tree.css HTTP/1.1" 404 1090
116.230.146.118 - - [26/Jul/2020:09:23:22 +0800] "POST /xingrg/all/common/load_tree.html?tree=supplier_tree_json&isDelete=1 HTTP/1.1" 200 49550
180.175.214.200 - - [26/Jul/2020:09:23:24 +0800] "GET /xingrg/all/function/internal_message.html?_=1595726810679&CODE_STATE=getMsg HTTP/1.1" 200 27
172.17.200.101 - - [26/Jul/2020:09:23:24 +0800] "GET /xingrg/all/function/internal_message.html?_=1595726604537&CODE_STATE=getMsg HTTP/1.1" 200 27
114.88.161.57 - - [26/Jul/2020:09:23:25 +0800] "GET /xingrg/all/function/internal_message.html?_=1595726602454&CODE_STATE=getMsg HTTP/1.1" 200 27
117.184.7.26 - - [26/Jul/2020:09:23:25 +0800] "GET /xingrg/all/function/internal_message.html?_=1595726605737&CODE_STATE=getMsg HTTP/1.1" 200 27
116.233.76.44 - - [26/Jul/2020:09:23:27 +0800] "GET /xingrg/all/function/internal_message.html?_=1595726765904&CODE_STATE=getMsg HTTP/1.1" 200 27
116.233.76.44 - - [26/Jul/2020:09:23:28 +0800] "GET /xingrg/kc/buy/cgsh_order_operate.html?command=get_materiel&rest_code=00109&code=00102026010&supplier_code=00100151&order_time=2020-07-26 HTTP/1.1" 200 408
119.61.6.134 - - [26/Jul/2020:09:23:30 +0800] "GET / HTTP/1.0" 404 -
114.88.159.89 - - [26/Jul/2020:09:23:30 +0800] "GET /xingrg/all/function/internal_message.html?_=1595726273270&CODE_STATE=getMsg HTTP/1.1" 200 27
61.172.5.115 - - [26/Jul/2020:09:23:31 +0800] "GET /xingrg/kc/buy/cgsh_order_add.html HTTP/1.1" 200 59316
61.172.5.115 - - [26/Jul/2020:09:23:31 +0800] "POST /xingrg/kc/buy/cgsh_order_operate.html HTTP/1.1" 200 8245
61.172.5.115 - - [26/Jul/2020:09:23:31 +0800] "GET /xingrg/javascript/easyui/themes/default/validatebox.css HTTP/1.1" 404 1104
172.17.0.120 - - [26/Jul/2020:09:23:31 +0800] "POST /xingrg/kc/buy/cgsh_list_operate.html HTTP/1.1" 200 270
58.40.7.146 - - [26/Jul/2020:09:23:36 +0800] "GET /xingrg/check_reg.html?_=1595726616646 HTTP/1.1" 200 22
58.40.7.146 - - [26/Jul/2020:09:23:36 +0800] "GET /xingrg/all/function/internal_message.html?_=1595726616648&CODE_STATE=getMsg HTTP/1.1" 200 27
114.86.227.215 - - [26/Jul/2020:09:23:39 +0800] "GET /xingrg/all/function/internal_message.html?_=1595726628337&CODE_STATE=getMsg HTTP/1.1" 200 27
114.89.80.44 - - [26/Jul/2020:09:23:40 +0800] "GET /xingrg/all/function/internal_message.html?_=1595726618471&CODE_STATE=getMsg HTTP/1.1" 200 27
114.89.80.44 - - [26/Jul/2020:09:23:41 +0800] "GET /xingrg/check_reg.html?_=1595726745058 HTTP/1.1" 200 22
116.230.146.118 - - [26/Jul/2020:09:23:41 +0800] "GET /xingrg/kc/buy/cgsh_order_operate.html?command=get_materiel&rest_code=00107&code=00101008417&supplier_code=00100049&order_time=2020-07-26 HTTP/1.1" 200 414
180.175.214.200 - - [26/Jul/2020:09:23:45 +0800] "GET /xingrg/kc/buy/cgsh_order_add.html HTTP/1.1" 200 59228
114.88.161.57 - - [26/Jul/2020:09:23:46 +0800] "GET /xingrg/all/function/internal_message.html?_=1595726658876&CODE_STATE=getMsg HTTP/1.1" 200 27
222.69.129.1 - - [26/Jul/2020:09:23:48 +0800] "GET /xingrg/all/function/internal_message.html?_=1595726627932&CODE_STATE=getMsg HTTP/1.1" 200 27
180.175.214.200 - - [26/Jul/2020:09:23:49 +0800] "POST /xingrg/kc/buy/cgsh_order_operate.html HTTP/1.1" 200 8245
180.175.214.200 - - [26/Jul/2020:09:23:49 +0800] "GET /xingrg/javascript/easyui/themes/default/validatebox.css HTTP/1.1" 404 1104
172.17.0.185 - - [26/Jul/2020:09:23:50 +0800] "GET /xingrg/all/function/internal_message.html?_=1595726628789&CODE_STATE=getMsg HTTP/1.1" 200 27
61.172.5.115 - - [26/Jul/2020:09:23:50 +0800] "GET /xingrg/kc/buy/cgsh_order_operate.html?command=get_materiel&rest_code=00105&code=00101002027&supplier_code=00100397&order_time=2020-07-26 HTTP/1.1" 200 413
116.233.76.44 - - [26/Jul/2020:09:23:52 +0800] "POST /xingrg/kc/buy/cgsh_order_operate.html HTTP/1.1" 200 37
114.89.80.44 - - [26/Jul/2020:09:23:52 +0800] "GET /xingrg/all/function/internal_message.html?_=1595726756211&CODE_STATE=getMsg HTTP/1.1" 200 27
116.233.76.44 - - [26/Jul/2020:09:23:52 +0800] "POST /xingrg/kc/buy/cgsh_order_operate.html HTTP/1.1" 200 2665
114.88.159.89 - - [26/Jul/2020:09:23:53 +0800] "GET /xingrg/all/function/internal_message.html?_=1595726653004&CODE_STATE=getMsg HTTP/1.1" 200 27
116.230.146.118 - - [26/Jul/2020:09:23:53 +0800] "GET /xingrg/kc/buy/cgsh_order_operate.html?command=get_materiel&rest_code=00107&code=00101016059&supplier_code=00100049&order_time=2020-07-26 HTTP/1.1" 200 428
180.175.214.200 - - [26/Jul/2020:09:23:54 +0800] "GET /xingrg/javascript/easyui/themes/default/tree.css HTTP/1.1" 404 1090
116.233.76.44 - - [26/Jul/2020:09:23:54 +0800] "GET /xingrg/kc/print/load_config.html?kc_code=cgsh HTTP/1.1" 200 1845
116.233.76.44 - - [26/Jul/2020:09:23:54 +0800] "GET /xingrg/kc/print/load_data.html?order_code=212020072610849&kc_code=cgsh&condition= HTTP/1.1" 200 645
180.175.214.200 - - [26/Jul/2020:09:23:54 +0800] "POST /xingrg/all/common/load_tree.html?tree=supplier_tree_json&isDelete=1 HTTP/1.1" 200 49550
222.70.173.120 - - [26/Jul/2020:09:23:55 +0800] "GET /xingrg/all/function/internal_message.html?_=1595726635773&CODE_STATE=getMsg HTTP/1.1" 200 27
222.70.173.120 - - [26/Jul/2020:09:23:58 +0800] "GET /xingrg/check_reg.html?_=1595726638897 HTTP/1.1" 200 22
172.17.0.120 - - [26/Jul/2020:09:24:02 +0800] "GET /xingrg/all/function/internal_message.html?_=1595726640776&CODE_STATE=getMsg HTTP/1.1" 200 27
116.230.146.118 - - [26/Jul/2020:09:24:02 +0800] "GET /xingrg/kc/buy/cgsh_order_operate.html?command=get_materiel&rest_code=00107&code=00101011010&supplier_code=00100049&order_time=2020-07-26 HTTP/1.1" 200 418
180.175.214.200 - - [26/Jul/2020:09:24:08 +0800] "GET /xingrg/kc/buy/cgsh_order_operate.html?command=get_materiel&rest_code=00102&code=00101006019&supplier_code=00100011&order_time=2020-07-26 HTTP/1.1" 200 417
58.40.7.146 - - [26/Jul/2020:09:24:09 +0800] "GET /xingrg/check_reg.html?_=1595726649737 HTTP/1.1" 200 22
61.172.5.115 - - [26/Jul/2020:09:24:10 +0800] "GET /xingrg/all/function/internal_message.html?_=1595726646961&CODE_STATE=getMsg HTTP/1.1" 200 27
61.172.5.115 - - [26/Jul/2020:09:24:13 +0800] "GET /xingrg/kc/buy/cgsh_order_operate.html?command=get_materiel&rest_code=00105&code=00101005037&supplier_code=00100397&order_time=2020-07-26 HTTP/1.1" 200 409
116.230.146.118 - - [26/Jul/2020:09:24:15 +0800] "POST /xingrg/kc/buy/cgsh_order_operate.html HTTP/1.1" 200 37
114.88.161.57 - - [26/Jul/2020:09:24:15 +0800] "GET /xingrg/check_reg.html?_=1595726652836 HTTP/1.1" 200 22
116.230.146.118 - - [26/Jul/2020:09:24:16 +0800] "POST /xingrg/kc/buy/cgsh_order_operate.html HTTP/1.1" 200 3834
116.230.146.118 - - [26/Jul/2020:09:24:18 +0800] "GET /xingrg/kc/print/load_data.html?order_code=212020072610850&kc_code=cgsh&condition= HTTP/1.1" 200 1157
116.230.146.118 - - [26/Jul/2020:09:24:22 +0800] "GET /xingrg/kc/buy/cgsh_order_add.html HTTP/1.1" 200 59363
116.230.146.118 - - [26/Jul/2020:09:24:23 +0800] "GET /xingrg/javascript/easyui/themes/default/validatebox.css HTTP/1.1" 404 1104
116.230.146.118 - - [26/Jul/2020:09:24:23 +0800] "POST /xingrg/kc/buy/cgsh_order_operate.html HTTP/1.1" 200 8245
180.175.214.200 - - [26/Jul/2020:09:24:23 +0800] "GET /xingrg/check_reg.html?_=1595726869572 HTTP/1.1" 200 22
180.175.214.200 - - [26/Jul/2020:09:24:24 +0800] "GET /xingrg/all/function/internal_message.html?_=1595726870694&CODE_STATE=getMsg HTTP/1.1" 200 27
172.17.200.101 - - [26/Jul/2020:09:24:24 +0800] "GET /xingrg/all/function/internal_message.html?_=1595726664510&CODE_STATE=getMsg HTTP/1.1" 200 27
180.175.214.200 - - [26/Jul/2020:09:24:24 +0800] "GET /xingrg/kc/buy/cgsh_order_operate.html?command=get_materiel&rest_code=00102&code=00101006195&supplier_code=00100011&order_time=2020-07-26 HTTP/1.1" 200 409
114.88.161.57 - - [26/Jul/2020:09:24:25 +0800] "GET /xingrg/all/function/internal_message.html?_=1595726662459&CODE_STATE=getMsg HTTP/1.1" 200 27
117.184.7.26 - - [26/Jul/2020:09:24:25 +0800] "GET /xingrg/all/function/internal_message.html?_=1595726665738&CODE_STATE=getMsg HTTP/1.1" 200 27
116.230.146.118 - - [26/Jul/2020:09:24:26 +0800] "GET /xingrg/javascript/easyui/themes/default/tree.css HTTP/1.1" 404 1090
116.230.146.118 - - [26/Jul/2020:09:24:26 +0800] "POST /xingrg/all/common/load_tree.html?tree=supplier_tree_json&isDelete=1 HTTP/1.1" 200 49550
116.233.76.44 - - [26/Jul/2020:09:24:27 +0800] "GET /xingrg/all/function/internal_message.html?_=1595726827286&CODE_STATE=getMsg HTTP/1.1" 200 27
114.88.159.89 - - [26/Jul/2020:09:24:30 +0800] "GET /xingrg/all/function/internal_message.html?_=1595726333268&CODE_STATE=getMsg HTTP/1.1" 200 27
114.88.159.89 - - [26/Jul/2020:09:24:30 +0800] "GET /xingrg/check_reg.html?_=1595726333269 HTTP/1.1" 200 22
180.175.214.200 - - [26/Jul/2020:09:24:30 +0800] "GET /xingrg/kc/buy/cgsh_order_operate.html?command=get_materiel&rest_code=00102&code=00101006136&supplier_code=00100011&order_time=2020-07-26 HTTP/1.1" 200 417
61.172.5.115 - - [26/Jul/2020:09:24:34 +0800] "POST /xingrg/kc/buy/cgsh_order_operate.html HTTP/1.1" 200 37
61.172.5.115 - - [26/Jul/2020:09:24:35 +0800] "POST /xingrg/kc/buy/cgsh_order_operate.html HTTP/1.1" 200 3248
58.40.7.146 - - [26/Jul/2020:09:24:36 +0800] "GET /xingrg/all/function/internal_message.html?_=1595726676649&CODE_STATE=getMsg HTTP/1.1" 200 27
61.172.5.115 - - [26/Jul/2020:09:24:37 +0800] "GET /xingrg/kc/print/load_data.html?order_code=212020072610851&kc_code=cgsh&condition= HTTP/1.1" 200 891
114.86.227.215 - - [26/Jul/2020:09:24:39 +0800] "GET /xingrg/all/function/internal_message.html?_=1595726688338&CODE_STATE=getMsg HTTP/1.1" 200 27
114.86.227.215 - - [26/Jul/2020:09:24:39 +0800] "GET /xingrg/check_reg.html?_=1595726688339 HTTP/1.1" 200 22
116.230.146.118 - - [26/Jul/2020:09:24:39 +0800] "GET /xingrg/kc/buy/cgsh_order_operate.html?command=get_materiel&rest_code=00107&code=00101007076&supplier_code=00100010&order_time=2020-07-26 HTTP/1.1" 200 408
180.175.214.200 - - [26/Jul/2020:09:24:40 +0800] "GET /xingrg/kc/buy/cgsh_order_operate.html?command=get_materiel&rest_code=00102&code=00101006062&supplier_code=00100011&order_time=2020-07-26 HTTP/1.1" 200 409
114.89.80.44 - - [26/Jul/2020:09:24:40 +0800] "GET /xingrg/all/function/internal_message.html?_=1595726678471&CODE_STATE=getMsg HTTP/1.1" 200 27
101.91.60.104 - - [26/Jul/2020:09:24:45 +0800] "GET /xingrg/all/function/internal_message.html?_=1595726292970&CODE_STATE=getMsg HTTP/1.1" 302 -
114.88.161.57 - - [26/Jul/2020:09:24:46 +0800] "GET /xingrg/all/function/internal_message.html?_=1595726718873&CODE_STATE=getMsg HTTP/1.1" 200 27
101.91.60.104 - - [26/Jul/2020:09:24:47 +0800] "GET /xingrg/login.html HTTP/1.1" 200 7641
222.69.129.1 - - [26/Jul/2020:09:24:47 +0800] "GET /xingrg/all/function/internal_message.html?_=1595726687915&CODE_STATE=getMsg HTTP/1.1" 200 27
222.69.129.1 - - [26/Jul/2020:09:24:48 +0800] "GET /xingrg/check_reg.html?_=1595726688200 HTTP/1.1" 200 22
222.69.129.1 - - [26/Jul/2020:09:24:49 +0800] "GET /xingrg/kc/buy/cgsh_order_add.html HTTP/1.1" 200 59369
222.69.129.1 - - [26/Jul/2020:09:24:49 +0800] "POST /xingrg/kc/buy/cgsh_order_operate.html HTTP/1.1" 200 8245
222.69.129.1 - - [26/Jul/2020:09:24:49 +0800] "GET /xingrg/javascript/easyui/themes/default/validatebox.css HTTP/1.1" 404 1104
172.17.0.185 - - [26/Jul/2020:09:24:50 +0800] "GET /xingrg/all/function/internal_message.html?_=1595726688795&CODE_STATE=getMsg HTTP/1.1" 200 27
172.17.0.185 - - [26/Jul/2020:09:24:50 +0800] "GET /xingrg/check_reg.html?_=1595726688799 HTTP/1.1" 200 22
116.233.76.44 - - [26/Jul/2020:09:24:50 +0800] "GET /xingrg/kc/buy/cgsh_order_add.html HTTP/1.1" 200 59357
116.233.76.44 - - [26/Jul/2020:09:24:50 +0800] "POST /xingrg/kc/buy/cgsh_order_operate.html HTTP/1.1" 200 8245
116.233.76.44 - - [26/Jul/2020:09:24:50 +0800] "GET /xingrg/all/common/auto_word.html?type=employee&rest_code=00109 HTTP/1.1" 200 255
116.233.76.44 - - [26/Jul/2020:09:24:50 +0800] "GET /xingrg/all/common/auto_word.html?type=employee&rest_code=00109 HTTP/1.1" 200 255
116.233.76.44 - - [26/Jul/2020:09:24:50 +0800] "GET /xingrg/javascript/easyui/themes/default/validatebox.css HTTP/1.1" 404 1104
180.175.214.200 - - [26/Jul/2020:09:24:50 +0800] "GET /xingrg/kc/buy/cgsh_order_operate.html?command=get_materiel&rest_code=00102&code=00101006110&supplier_code=00100011&order_time=2020-07-26 HTTP/1.1" 200 408
114.89.80.44 - - [26/Jul/2020:09:24:52 +0800] "GET /xingrg/all/function/internal_message.html?_=1595726816223&CODE_STATE=getMsg HTTP/1.1" 200 27
114.88.159.89 - - [26/Jul/2020:09:24:53 +0800] "GET /xingrg/all/function/internal_message.html?_=1595726713003&CODE_STATE=getMsg HTTP/1.1" 200 27
116.233.76.44 - - [26/Jul/2020:09:24:53 +0800] "GET /xingrg/javascript/jquery_tools/images/prev.gif HTTP/1.1" 404 1086
116.233.76.44 - - [26/Jul/2020:09:24:53 +0800] "GET /xingrg/javascript/jquery_tools/images/next.gif HTTP/1.1" 404 1086
222.70.173.120 - - [26/Jul/2020:09:24:55 +0800] "GET /xingrg/all/function/internal_message.html?_=1595726695783&CODE_STATE=getMsg HTTP/1.1" 200 27
101.91.60.108 - - [26/Jul/2020:09:24:57 +0800] "GET /xingrg/all/function/internal_message.html?_=1595726232971&CODE_STATE=getMsg HTTP/1.1" 302 -
180.175.214.200 - - [26/Jul/2020:09:24:59 +0800] "GET /xingrg/kc/buy/cgsh_order_operate.html?command=get_materiel&rest_code=00102&code=00101006055&supplier_code=00100011&order_time=2020-07-26 HTTP/1.1" 200 409
116.233.76.44 - - [26/Jul/2020:09:25:01 +0800] "GET /xingrg/kc/buy/cgsh_order_operate.html?command=get_materiel&rest_code=00109&code=00101020151&supplier_code=00100151&order_time=2020-07-26 HTTP/1.1" 200 444
172.17.0.120 - - [26/Jul/2020:09:25:02 +0800] "GET /xingrg/all/function/internal_message.html?_=1595726700782&CODE_STATE=getMsg HTTP/1.1" 200 27
116.230.146.118 - - [26/Jul/2020:09:25:03 +0800] "GET /xingrg/kc/buy/cgsh_order_operate.html?command=get_materiel&rest_code=00107&code=00101007031&supplier_code=00100010&order_time=2020-07-26 HTTP/1.1" 200 413
101.91.60.108 - - [26/Jul/2020:09:25:03 +0800] "GET /xingrg/login.html HTTP/1.1" 200 7641
180.175.214.200 - - [26/Jul/2020:09:25:06 +0800] "GET /xingrg/kc/buy/cgsh_order_operate.html?command=get_materiel&rest_code=00102&code=00101006017&supplier_code=00100011&order_time=2020-07-26 HTTP/1.1" 200 417
222.69.129.1 - - [26/Jul/2020:09:25:08 +0800] "GET /xingrg/kc/buy/cgsh_order_operate.html?command=get_materiel&rest_code=00149&code=00101007061&supplier_code=00100205&order_time=2020-07-26 HTTP/1.1" 200 409
116.233.76.44 - - [26/Jul/2020:09:25:08 +0800] "GET /xingrg/javascript/auto/indicator.gif HTTP/1.1" 404 1066
61.172.5.115 - - [26/Jul/2020:09:25:10 +0800] "GET /xingrg/all/function/internal_message.html?_=1595726706967&CODE_STATE=getMsg HTTP/1.1" 200 27
172.17.200.101 - - [26/Jul/2020:09:25:12 +0800] "POST /xingrg/dwr/call/plaincall/AjaxReportQueryService.refreshCache.dwr HTTP/1.1" 200 78
172.17.200.101 - - [26/Jul/2020:09:25:14 +0800] "POST /xingrg/all/report/load_report_page.html HTTP/1.1" 200 256817
172.17.200.101 - - [26/Jul/2020:09:25:14 +0800] "GET /xingrg/servlets/image?cache=0.6870783225518629&image=px HTTP/1.1" 200 807
180.175.214.200 - - [26/Jul/2020:09:25:14 +0800] "GET /xingrg/kc/buy/cgsh_order_operate.html?command=get_materiel&rest_code=00102&code=00101006133&supplier_code=00100011&order_time=2020-07-26 HTTP/1.1" 200 413
116.230.146.118 - - [26/Jul/2020:09:25:15 +0800] "GET /xingrg/all/function/internal_message.html?_=1595726715731&CODE_STATE=getMsg HTTP/1.1" 200 27
222.69.129.1 - - [26/Jul/2020:09:25:18 +0800] "GET /xingrg/kc/buy/cgsh_order_operate.html?command=get_materiel&rest_code=00149&code=00101007083&supplier_code=00100205&order_time=2020-07-26 HTTP/1.1" 200 421
116.233.76.44 - - [26/Jul/2020:09:25:18 +0800] "GET /xingrg/kc/buy/cgsh_order_operate.html?command=get_materiel&rest_code=00109&code=00101020036&supplier_code=00100151&order_time=2020-07-26 HTTP/1.1" 200 428
116.230.146.118 - - [26/Jul/2020:09:25:19 +0800] "GET /xingrg/kc/buy/cgsh_order_operate.html?command=get_materiel&rest_code=00107&code=00101007061&supplier_code=00100010&order_time=2020-07-26 HTTP/1.1" 200 409
172.17.200.101 - - [26/Jul/2020:09:25:24 +0800] "GET /xingrg/check_reg.html?_=1595726724126 HTTP/1.1" 200 22
180.175.214.200 - - [26/Jul/2020:09:25:24 +0800] "GET /xingrg/all/function/internal_message.html?_=1595726930796&CODE_STATE=getMsg HTTP/1.1" 200 27
172.17.200.101 - - [26/Jul/2020:09:25:24 +0800] "GET /xingrg/all/function/internal_message.html?_=1595726724541&CODE_STATE=getMsg HTTP/1.1" 200 27
172.17.200.101 - - [26/Jul/2020:09:25:24 +0800] "POST /xingrg/dwr/call/plaincall/AjaxReportQueryService.refreshCache.dwr HTTP/1.1" 200 78
116.233.76.44 - - [26/Jul/2020:09:25:25 +0800] "GET /xingrg/check_reg.html?_=1595726887293 HTTP/1.1" 200 22
116.233.76.44 - - [26/Jul/2020:09:25:25 +0800] "GET /xingrg/all/function/internal_message.html?_=1595726887293&CODE_STATE=getMsg HTTP/1.1" 200 27
114.88.161.57 - - [26/Jul/2020:09:25:25 +0800] "GET /xingrg/all/function/internal_message.html?_=1595726722472&CODE_STATE=getMsg HTTP/1.1" 200 27
117.184.7.26 - - [26/Jul/2020:09:25:25 +0800] "GET /xingrg/all/function/internal_message.html?_=1595726725738&CODE_STATE=getMsg HTTP/1.1" 200 27
172.17.200.101 - - [26/Jul/2020:09:25:27 +0800] "POST /xingrg/all/report/load_report_page.html HTTP/1.1" 200 257597
172.17.200.101 - - [26/Jul/2020:09:25:27 +0800] "GET /xingrg/servlets/image?cache=0.6788164643403528&image=px HTTP/1.1" 200 807
222.69.129.1 - - [26/Jul/2020:09:25:27 +0800] "GET /xingrg/kc/buy/cgsh_order_operate.html?command=get_materiel&rest_code=00149&code=00101007048&supplier_code=00100205&order_time=2020-07-26 HTTP/1.1" 200 410
114.88.159.89 - - [26/Jul/2020:09:25:30 +0800] "GET /xingrg/all/function/internal_message.html?_=1595726393267&CODE_STATE=getMsg HTTP/1.1" 200 27
116.230.146.118 - - [26/Jul/2020:09:25:32 +0800] "GET /xingrg/kc/buy/cgsh_order_operate.html?command=get_materiel&rest_code=00107&code=00101007023&supplier_code=00100010&order_time=2020-07-26 HTTP/1.1" 200 409
172.17.200.101 - - [26/Jul/2020:09:25:35 +0800] "POST /xingrg/all/report/load_report_page.html HTTP/1.1" 200 88993
172.17.200.101 - - [26/Jul/2020:09:25:35 +0800] "GET /xingrg/servlets/image?cache=0.2432699016487303&image=px HTTP/1.1" 200 807
58.40.7.146 - - [26/Jul/2020:09:25:36 +0800] "GET /xingrg/all/function/internal_message.html?_=1595726736636&CODE_STATE=getMsg HTTP/1.1" 200 27
180.175.214.200 - - [26/Jul/2020:09:25:37 +0800] "GET /xingrg/kc/buy/cgsh_order_operate.html?command=get_materiel&rest_code=00102&code=00101006129&supplier_code=00100011&order_time=2020-07-26 HTTP/1.1" 200 431
114.86.227.215 - - [26/Jul/2020:09:25:39 +0800] "GET /xingrg/all/function/internal_message.html?_=1595726748340&CODE_STATE=getMsg HTTP/1.1" 200 27
114.89.80.44 - - [26/Jul/2020:09:25:40 +0800] "GET /xingrg/all/function/internal_message.html?_=1595726738488&CODE_STATE=getMsg HTTP/1.1" 200 27
114.89.80.44 - - [26/Jul/2020:09:25:40 +0800] "GET /xingrg/check_reg.html?_=1595726738494 HTTP/1.1" 200 22
116.230.146.118 - - [26/Jul/2020:09:25:40 +0800] "POST /xingrg/kc/buy/cgsh_order_operate.html HTTP/1.1" 200 37
116.230.146.118 - - [26/Jul/2020:09:25:43 +0800] "POST /xingrg/kc/buy/cgsh_order_operate.html HTTP/1.1" 200 4425
116.230.146.118 - - [26/Jul/2020:09:25:44 +0800] "GET /xingrg/kc/print/load_data.html?order_code=212020072610852&kc_code=cgsh&condition= HTTP/1.1" 200 1395
114.88.161.57 - - [26/Jul/2020:09:25:46 +0800] "GET /xingrg/all/function/internal_message.html?_=1595726778872&CODE_STATE=getMsg HTTP/1.1" 200 27
222.69.129.1 - - [26/Jul/2020:09:25:47 +0800] "GET /xingrg/all/function/internal_message.html?_=1595726747914&CODE_STATE=getMsg HTTP/1.1" 200 27
172.17.200.101 - - [26/Jul/2020:09:25:48 +0800] "POST /xingrg/all/user/operate.html HTTP/1.1" 200 36
222.69.129.1 - - [26/Jul/2020:09:25:48 +0800] "GET /xingrg/kc/buy/cgsh_order_operate.html?command=get_materiel&rest_code=00149&code=00101007023&supplier_code=00100205&order_time=2020-07-26 HTTP/1.1" 200 409
116.230.146.118 - - [26/Jul/2020:09:25:49 +0800] "GET /xingrg/kc/buy/cgsh_order_add.html HTTP/1.1" 200 59363
119.61.6.132 - - [26/Jul/2020:09:25:49 +0800] "GET / HTTP/1.0" 404 -
116.230.146.118 - - [26/Jul/2020:09:25:49 +0800] "POST /xingrg/kc/buy/cgsh_order_operate.html HTTP/1.1" 200 8245
116.230.146.118 - - [26/Jul/2020:09:25:49 +0800] "GET /xingrg/javascript/easyui/themes/default/validatebox.css HTTP/1.1" 404 1104
172.17.0.185 - - [26/Jul/2020:09:25:50 +0800] "GET /xingrg/all/function/internal_message.html?_=1595726748805&CODE_STATE=getMsg HTTP/1.1" 200 27
172.17.200.101 - - [26/Jul/2020:09:25:50 +0800] "GET /xingrg/index.html?sysBaseUrl=http%3A%2F%2F172.17.0.8%3A18081%2Fxingrg%2F&costTime=87×tamp=1595725820715 HTTP/1.1" 200 17454
172.17.200.101 - - [26/Jul/2020:09:25:50 +0800] "GET /xingrg/javascript/jquery_easy_ui/themes/default/easyui.css HTTP/1.1" 304 -
116.230.146.118 - - [26/Jul/2020:09:25:50 +0800] "GET /xingrg/javascript/easyui/themes/default/tree.css HTTP/1.1" 404 1090
116.230.146.118 - - [26/Jul/2020:09:25:50 +0800] "POST /xingrg/all/common/load_tree.html?tree=supplier_tree_json&isDelete=1 HTTP/1.1" 200 49550
172.17.200.101 - - [26/Jul/2020:09:25:50 +0800] "GET /xingrg/javascript/jquery_easy_ui/themes/icon.css HTTP/1.1" 304 -
172.17.200.101 - - [26/Jul/2020:09:25:51 +0800] "GET /xingrg/css/form.css HTTP/1.1" 304 -
172.17.200.101 - - [26/Jul/2020:09:25:51 +0800] "GET /xingrg/javascript/jquery-1.4.2.min.js HTTP/1.1" 304 -
172.17.200.101 - - [26/Jul/2020:09:25:51 +0800] "GET /xingrg/javascript/jquery_easy_ui/jquery.easyui.min.js HTTP/1.1" 304 -
172.17.200.101 - - [26/Jul/2020:09:25:52 +0800] "GET /xingrg/javascript/jquery_easy_ui/easyui-lang-zh_CN.js HTTP/1.1" 304 -
172.17.200.101 - - [26/Jul/2020:09:25:52 +0800] "GET /xingrg/javascript/jquery.form.js HTTP/1.1" 304 -
180.175.214.200 - - [26/Jul/2020:09:25:52 +0800] "GET /xingrg/kc/buy/cgsh_order_operate.html?command=get_materiel&rest_code=00102&code=00101006063&supplier_code=00100011&order_time=2020-07-26 HTTP/1.1" 200 413
172.17.200.101 - - [26/Jul/2020:09:25:52 +0800] "GET /xingrg/javascript/jquery.utils.js HTTP/1.1" 304 -
172.17.200.101 - - [26/Jul/2020:09:25:52 +0800] "GET /xingrg/javascript/jquery.timers.js HTTP/1.1" 304 -
172.17.200.101 - - [26/Jul/2020:09:25:52 +0800] "GET /xingrg/images/blue/jxLogo.png HTTP/1.1" 304 -
172.17.200.101 - - [26/Jul/2020:09:25:52 +0800] "GET /xingrg/images/blue/navBackgound.jpg HTTP/1.1" 304 -
114.89.80.44 - - [26/Jul/2020:09:25:52 +0800] "GET /xingrg/all/function/internal_message.html?_=1595726876244&CODE_STATE=getMsg HTTP/1.1" 200 27
172.17.200.101 - - [26/Jul/2020:09:25:52 +0800] "GET /xingrg/javascript/jquery_easy_ui/themes/icons/settle_new.png HTTP/1.1" 304 -
172.17.200.101 - - [26/Jul/2020:09:25:52 +0800] "POST /xingrg/all/common/load_tree.html?tree=area_rest_tree_json&manage=1 HTTP/1.1" 200 3088
172.17.200.101 - - [26/Jul/2020:09:25:52 +0800] "GET /xingrg/all/function/internal_message.html?_=1595726752882&CODE_STATE=count HTTP/1.1" 200 11
172.17.200.101 - - [26/Jul/2020:09:25:52 +0800] "GET /xingrg/check_reg.html?_=1595726752882 HTTP/1.1" 200 22
172.17.200.101 - - [26/Jul/2020:09:25:53 +0800] "POST /xingrg/load_menu.html HTTP/1.1" 200 9924
114.88.159.89 - - [26/Jul/2020:09:25:53 +0800] "GET /xingrg/all/function/internal_message.html?_=1595726773001&CODE_STATE=getMsg HTTP/1.1" 200 27
222.70.173.120 - - [26/Jul/2020:09:25:55 +0800] "GET /xingrg/all/function/internal_message.html?_=1595726755797&CODE_STATE=getMsg HTTP/1.1" 200 27
172.17.200.101 - - [26/Jul/2020:09:25:55 +0800] "GET /xingrg/kc/buy/cgsh_order_list.html HTTP/1.1" 200 43819
180.175.214.200 - - [26/Jul/2020:09:25:59 +0800] "GET /xingrg/kc/buy/cgsh_order_operate.html?command=get_materiel&rest_code=00102&code=00101006112&supplier_code=00100011&order_time=2020-07-26 HTTP/1.1" 200 409
222.69.129.1 - - [26/Jul/2020:09:25:59 +0800] "GET /xingrg/kc/buy/cgsh_order_operate.html?command=get_materiel&rest_code=00149&code=00101007114&supplier_code=00100205&order_time=2020-07-26 HTTP/1.1" 200 409
172.17.200.101 - - [26/Jul/2020:09:26:01 +0800] "POST /xingrg/kc/buy/cgsh_list_operate.html HTTP/1.1" 200 1678
116.230.146.118 - - [26/Jul/2020:09:26:02 +0800] "GET /xingrg/kc/buy/cgsh_order_operate.html?command=get_materiel&rest_code=00107&code=00101016100&supplier_code=00100033&order_time=2020-07-26 HTTP/1.1" 200 412
172.17.0.120 - - [26/Jul/2020:09:26:02 +0800] "GET /xingrg/all/function/internal_message.html?_=1595726760773&CODE_STATE=getMsg HTTP/1.1" 200 27
172.17.200.101 - - [26/Jul/2020:09:26:05 +0800] "POST /xingrg/kc/buy/cgsh_list_operate.html HTTP/1.1" 200 588
222.69.129.1 - - [26/Jul/2020:09:26:08 +0800] "GET /xingrg/kc/buy/cgsh_order_operate.html?command=get_materiel&rest_code=00149&code=00101007059&supplier_code=00100205&order_time=2020-07-26 HTTP/1.1" 200 409
61.172.5.115 - - [26/Jul/2020:09:26:10 +0800] "GET /xingrg/check_reg.html?_=1595726766968 HTTP/1.1" 200 22
61.172.5.115 - - [26/Jul/2020:09:26:10 +0800] "GET /xingrg/all/function/internal_message.html?_=1595726766970&CODE_STATE=getMsg HTTP/1.1" 200 27
116.233.76.44 - - [26/Jul/2020:09:26:11 +0800] "GET /xingrg/kc/buy/cgsh_order_operate.html?command=get_materiel&rest_code=00109&code=00101020127&supplier_code=00100151&order_time=2020-07-26 HTTP/1.1" 200 408
116.230.146.118 - - [26/Jul/2020:09:26:15 +0800] "GET /xingrg/all/function/internal_message.html?_=1595726775711&CODE_STATE=getMsg HTTP/1.1" 200 27
116.230.146.118 - - [26/Jul/2020:09:26:18 +0800] "GET /xingrg/kc/buy/cgsh_order_operate.html?command=get_materiel&rest_code=00107&code=00101016057&supplier_code=00100033&order_time=2020-07-26 HTTP/1.1" 200 408
116.233.76.44 - - [26/Jul/2020:09:26:23 +0800] "GET /xingrg/all/function/internal_message.html?_=1595726947292&CODE_STATE=getMsg HTTP/1.1" 200 27
180.175.214.200 - - [26/Jul/2020:09:26:24 +0800] "GET /xingrg/all/function/internal_message.html?_=1595726991037&CODE_STATE=getMsg HTTP/1.1" 200 27
114.88.161.57 - - [26/Jul/2020:09:26:25 +0800] "GET /xingrg/all/function/internal_message.html?_=1595726782491&CODE_STATE=getMsg HTTP/1.1" 200 27
117.184.7.26 - - [26/Jul/2020:09:26:25 +0800] "GET /xingrg/check_reg.html?_=1595726785738 HTTP/1.1" 200 22
117.184.7.26 - - [26/Jul/2020:09:26:25 +0800] "GET /xingrg/all/function/internal_message.html?_=1595726785741&CODE_STATE=getMsg HTTP/1.1" 200 27
116.233.76.44 - - [26/Jul/2020:09:26:28 +0800] "GET /xingrg/kc/buy/cgsh_order_operate.html?command=get_materiel&rest_code=00109&code=00101020082&supplier_code=00100151&order_time=2020-07-26 HTTP/1.1" 200 409
114.88.159.89 - - [26/Jul/2020:09:26:30 +0800] "GET /xingrg/all/function/internal_message.html?_=1595726453265&CODE_STATE=getMsg HTTP/1.1" 200 27
58.40.7.146 - - [26/Jul/2020:09:26:36 +0800] "GET /xingrg/all/function/internal_message.html?_=1595726796638&CODE_STATE=getMsg HTTP/1.1" 200 27
116.230.146.118 - - [26/Jul/2020:09:26:36 +0800] "GET /xingrg/kc/buy/cgsh_order_operate.html?command=get_materiel&rest_code=00107&code=00101016010&supplier_code=00100033&order_time=2020-07-26 HTTP/1.1" 200 408
114.86.227.215 - - [26/Jul/2020:09:26:39 +0800] "GET /xingrg/all/function/internal_message.html?_=1595726808340&CODE_STATE=getMsg HTTP/1.1" 200 27
114.89.80.44 - - [26/Jul/2020:09:26:40 +0800] "GET /xingrg/all/function/internal_message.html?_=1595726798494&CODE_STATE=getMsg HTTP/1.1" 200 27
114.88.161.57 - - [26/Jul/2020:09:26:46 +0800] "GET /xingrg/all/function/internal_message.html?_=1595726838872&CODE_STATE=getMsg HTTP/1.1" 200 27
172.17.0.120 - - [26/Jul/2020:09:26:46 +0800] "POST /xingrg/kc/buy/cgsh_list_operate.html HTTP/1.1" 200 1704
222.69.129.1 - - [26/Jul/2020:09:26:47 +0800] "GET /xingrg/all/function/internal_message.html?_=1595726807897&CODE_STATE=getMsg HTTP/1.1" 200 27
172.17.0.185 - - [26/Jul/2020:09:26:50 +0800] "GET /xingrg/all/function/internal_message.html?_=1595726808794&CODE_STATE=getMsg HTTP/1.1" 200 27
116.230.146.118 - - [26/Jul/2020:09:26:52 +0800] "GET /xingrg/kc/buy/cgsh_order_operate.html?command=get_materiel&rest_code=00107&code=00101016080&supplier_code=00100033&order_time=2020-07-26 HTTP/1.1" 200 408
114.89.80.44 - - [26/Jul/2020:09:26:52 +0800] "GET /xingrg/all/function/internal_message.html?_=1595726936250&CODE_STATE=getMsg HTTP/1.1" 200 27
172.17.200.101 - - [26/Jul/2020:09:26:52 +0800] "GET /xingrg/all/function/internal_message.html?_=1595726812897&CODE_STATE=getMsg HTTP/1.1" 200 27
114.88.159.89 - - [26/Jul/2020:09:26:53 +0800] "GET /xingrg/all/function/internal_message.html?_=1595726833000&CODE_STATE=getMsg HTTP/1.1" 200 27
114.88.159.89 - - [26/Jul/2020:09:26:53 +0800] "GET /xingrg/check_reg.html?_=1595726833001 HTTP/1.1" 200 22
222.70.173.120 - - [26/Jul/2020:09:26:55 +0800] "GET /xingrg/all/function/internal_message.html?_=1595726815989&CODE_STATE=getMsg HTTP/1.1" 200 27
172.17.200.101 - - [26/Jul/2020:09:26:56 +0800] "POST /xingrg/all/user/operate.html HTTP/1.1" 200 36
172.17.200.101 - - [26/Jul/2020:09:26:56 +0800] "GET /xingrg/index.html?sysBaseUrl=http%3A%2F%2F172.17.0.8%3A18081%2Fxingrg%2F&costTime=87×tamp=1595725820715 HTTP/1.1" 200 17454
172.17.200.101 - - [26/Jul/2020:09:26:56 +0800] "GET /xingrg/javascript/jquery_easy_ui/themes/default/easyui.css HTTP/1.1" 304 -
172.17.200.101 - - [26/Jul/2020:09:26:56 +0800] "GET /xingrg/javascript/jquery_easy_ui/themes/icon.css HTTP/1.1" 304 -
172.17.200.101 - - [26/Jul/2020:09:26:56 +0800] "GET /xingrg/css/form.css HTTP/1.1" 304 -
172.17.200.101 - - [26/Jul/2020:09:26:56 +0800] "GET /xingrg/javascript/jquery-1.4.2.min.js HTTP/1.1" 304 -
172.17.200.101 - - [26/Jul/2020:09:26:56 +0800] "GET /xingrg/javascript/jquery_easy_ui/jquery.easyui.min.js HTTP/1.1" 304 -
172.17.200.101 - - [26/Jul/2020:09:26:56 +0800] "GET /xingrg/javascript/jquery_easy_ui/easyui-lang-zh_CN.js HTTP/1.1" 304 -
172.17.200.101 - - [26/Jul/2020:09:26:56 +0800] "GET /xingrg/javascript/jquery.form.js HTTP/1.1" 304 -
172.17.200.101 - - [26/Jul/2020:09:26:56 +0800] "GET /xingrg/javascript/jquery.utils.js HTTP/1.1" 304 -
172.17.200.101 - - [26/Jul/2020:09:26:56 +0800] "GET /xingrg/javascript/jquery.timers.js HTTP/1.1" 304 -
172.17.200.101 - - [26/Jul/2020:09:26:56 +0800] "GET /xingrg/images/blue/jxLogo.png HTTP/1.1" 304 -
172.17.200.101 - - [26/Jul/2020:09:26:56 +0800] "GET /xingrg/images/blue/navBackgound.jpg HTTP/1.1" 304 -
172.17.200.101 - - [26/Jul/2020:09:26:56 +0800] "GET /xingrg/javascript/jquery_easy_ui/themes/icons/settle_new.png HTTP/1.1" 304 -
