114.89.80.44 - - [26/Jul/2020:10:01:28 +0800] "GET /xingrg/all/function/internal_message.html?_=1595728886741&CODE_STATE=getMsg HTTP/1.1" 200 27
114.88.159.89 - - [26/Jul/2020:10:01:30 +0800] "GET /xingrg/all/function/internal_message.html?_=1595728553377&CODE_STATE=getMsg HTTP/1.1" 200 27
180.175.214.200 - - [26/Jul/2020:10:01:31 +0800] "GET /xingrg/all/function/internal_message.html?_=1595729097966&CODE_STATE=getMsg HTTP/1.1" 200 27
58.40.7.146 - - [26/Jul/2020:10:01:36 +0800] "GET /xingrg/all/function/internal_message.html?_=1595728896663&CODE_STATE=getMsg HTTP/1.1" 200 27
114.86.227.215 - - [26/Jul/2020:10:01:39 +0800] "GET /xingrg/all/function/internal_message.html?_=1595728908363&CODE_STATE=getMsg HTTP/1.1" 200 27
172.17.0.120 - - [26/Jul/2020:10:01:44 +0800] "GET /xingrg/all/function/internal_message.html?_=1595728904108&CODE_STATE=getMsg HTTP/1.1" 200 27
180.175.214.200 - - [26/Jul/2020:10:01:44 +0800] "POST /xingrg/kc/buy/cgsh_list_operate.html HTTP/1.1" 200 5658
222.69.129.1 - - [26/Jul/2020:10:01:47 +0800] "GET /xingrg/all/function/internal_message.html?_=1595728907264&CODE_STATE=getMsg HTTP/1.1" 200 27
172.17.0.185 - - [26/Jul/2020:10:01:50 +0800] "GET /xingrg/all/function/internal_message.html?_=1595728908791&CODE_STATE=getMsg HTTP/1.1" 200 27
180.175.214.200 - - [26/Jul/2020:10:01:50 +0800] "POST /xingrg/kc/buy/cgsh_list_operate.html HTTP/1.1" 200 2003
114.89.80.44 - - [26/Jul/2020:10:01:53 +0800] "GET /xingrg/all/function/internal_message.html?_=1595729036726&CODE_STATE=getMsg HTTP/1.1" 200 27
114.89.80.44 - - [26/Jul/2020:10:01:53 +0800] "GET /xingrg/kc/buy/cgsh_order_list.html HTTP/1.1" 200 43582
114.88.159.89 - - [26/Jul/2020:10:01:53 +0800] "GET /xingrg/all/function/internal_message.html?_=1595728933107&CODE_STATE=getMsg HTTP/1.1" 200 27
114.88.159.89 - - [26/Jul/2020:10:01:53 +0800] "GET /xingrg/check_reg.html?_=1595728933107 HTTP/1.1" 200 22
114.89.80.44 - - [26/Jul/2020:10:01:54 +0800] "POST /xingrg/kc/buy/cgsh_list_operate.html HTTP/1.1" 200 876
180.175.214.200 - - [26/Jul/2020:10:01:54 +0800] "POST /xingrg/kc/buy/cgsh_list_operate.html HTTP/1.1" 200 558
114.88.161.57 - - [26/Jul/2020:10:01:54 +0800] "GET /xingrg/all/function/internal_message.html?_=1595728947018&CODE_STATE=getMsg HTTP/1.1" 200 27
114.89.80.44 - - [26/Jul/2020:10:01:54 +0800] "GET /xingrg/kc/buy/cgsh_order_add.html HTTP/1.1" 200 58958
114.89.80.44 - - [26/Jul/2020:10:01:55 +0800] "POST /xingrg/kc/buy/cgsh_order_operate.html HTTP/1.1" 200 8245
180.175.214.200 - - [26/Jul/2020:10:01:55 +0800] "GET /xingrg/kc/buy/cgsh_order_info.html?code=212020072610828 HTTP/1.1" 200 59227
114.89.80.44 - - [26/Jul/2020:10:01:55 +0800] "GET /xingrg/javascript/easyui/themes/default/validatebox.css HTTP/1.1" 404 1104
180.175.214.200 - - [26/Jul/2020:10:01:55 +0800] "GET /xingrg/javascript/easyui/themes/default/validatebox.css HTTP/1.1" 404 1104
180.175.214.200 - - [26/Jul/2020:10:01:55 +0800] "POST /xingrg/kc/buy/cgsh_order_operate.html HTTP/1.1" 200 12130
172.17.200.101 - - [26/Jul/2020:10:01:56 +0800] "GET /xingrg/all/function/internal_message.html?_=1595728916543&CODE_STATE=getMsg HTTP/1.1" 200 27
172.17.200.101 - - [26/Jul/2020:10:01:56 +0800] "GET /xingrg/check_reg.html?_=1595728916546 HTTP/1.1" 200 22
222.70.173.120 - - [26/Jul/2020:10:01:58 +0800] "GET /xingrg/all/function/internal_message.html?_=1595728918829&CODE_STATE=getMsg HTTP/1.1" 200 27
222.69.27.237 - - [26/Jul/2020:10:02:00 +0800] "GET /xingrg/all/function/internal_message.html?_=1595728831254&CODE_STATE=getMsg HTTP/1.1" 200 27
116.233.76.44 - - [26/Jul/2020:10:02:08 +0800] "GET /xingrg/all/function/internal_message.html?_=1595728965312&CODE_STATE=getMsg HTTP/1.1" 200 27
116.230.146.118 - - [26/Jul/2020:10:02:15 +0800] "GET /xingrg/all/function/internal_message.html?_=1595728935134&CODE_STATE=getMsg HTTP/1.1" 200 27
120.253.135.82 - - [26/Jul/2020:10:02:23 +0800] "GET /xingrg/all/function/internal_message.html?_=1595728697564&CODE_STATE=getMsg HTTP/1.1" 200 27
114.88.161.57 - - [26/Jul/2020:10:02:26 +0800] "GET /xingrg/all/function/internal_message.html?_=1595728943068&CODE_STATE=getMsg HTTP/1.1" 200 27
117.184.7.26 - - [26/Jul/2020:10:02:26 +0800] "GET /xingrg/all/function/internal_message.html?_=1595728946158&CODE_STATE=getMsg HTTP/1.1" 200 27
114.89.80.44 - - [26/Jul/2020:10:02:28 +0800] "GET /xingrg/all/function/internal_message.html?_=1595728946743&CODE_STATE=getMsg HTTP/1.1" 200 27
114.88.159.89 - - [26/Jul/2020:10:02:30 +0800] "GET /xingrg/all/function/internal_message.html?_=1595728613402&CODE_STATE=getMsg HTTP/1.1" 200 27
180.175.214.200 - - [26/Jul/2020:10:02:31 +0800] "GET /xingrg/all/function/internal_message.html?_=1595729157979&CODE_STATE=getMsg HTTP/1.1" 200 27
58.40.7.146 - - [26/Jul/2020:10:02:36 +0800] "GET /xingrg/all/function/internal_message.html?_=1595728956665&CODE_STATE=getMsg HTTP/1.1" 200 27
114.86.227.215 - - [26/Jul/2020:10:02:39 +0800] "GET /xingrg/all/function/internal_message.html?_=1595728968362&CODE_STATE=getMsg HTTP/1.1" 200 27
180.175.214.200 - - [26/Jul/2020:10:02:44 +0800] "POST /xingrg/kc/buy/cgsh_order_operate.html HTTP/1.1" 200 37
172.17.0.120 - - [26/Jul/2020:10:02:44 +0800] "GET /xingrg/all/function/internal_message.html?_=1595728964110&CODE_STATE=getMsg HTTP/1.1" 200 27
180.175.214.200 - - [26/Jul/2020:10:02:45 +0800] "POST /xingrg/kc/buy/cgsh_order_operate.html HTTP/1.1" 200 12130
114.89.80.44 - - [26/Jul/2020:10:02:45 +0800] "GET /xingrg/javascript/auto/indicator.gif HTTP/1.1" 404 1066
222.69.129.1 - - [26/Jul/2020:10:02:47 +0800] "GET /xingrg/all/function/internal_message.html?_=1595728967235&CODE_STATE=getMsg HTTP/1.1" 200 27
172.17.0.185 - - [26/Jul/2020:10:02:50 +0800] "GET /xingrg/all/function/internal_message.html?_=1595728968797&CODE_STATE=getMsg HTTP/1.1" 200 27
114.89.80.44 - - [26/Jul/2020:10:02:52 +0800] "GET /xingrg/kc/buy/cgsh_order_operate.html?command=get_materiel&rest_code=00151&code=00101011005&supplier_code=00100047&order_time=2020-07-26 HTTP/1.1" 200 428
114.89.80.44 - - [26/Jul/2020:10:02:53 +0800] "GET /xingrg/all/function/internal_message.html?_=1595729096747&CODE_STATE=getMsg HTTP/1.1" 200 27
61.172.5.115 - - [26/Jul/2020:10:02:53 +0800] "GET /xingrg/kc/buy/buy_main.html HTTP/1.1" 200 12412
61.172.5.115 - - [26/Jul/2020:10:02:53 +0800] "GET /xingrg/css/new_ie.css HTTP/1.1" 404 1036
114.88.159.89 - - [26/Jul/2020:10:02:53 +0800] "GET /xingrg/all/function/internal_message.html?_=1595728993105&CODE_STATE=getMsg HTTP/1.1" 200 27
61.172.5.115 - - [26/Jul/2020:10:02:54 +0800] "GET /xingrg/images/yd/bt.gif HTTP/1.1" 404 1040
114.88.161.57 - - [26/Jul/2020:10:02:54 +0800] "GET /xingrg/all/function/internal_message.html?_=1595729007019&CODE_STATE=getMsg HTTP/1.1" 200 27
61.172.5.115 - - [26/Jul/2020:10:02:54 +0800] "GET /xingrg/kc/buy/cgsh_order_list.html HTTP/1.1" 200 43578
172.17.200.101 - - [26/Jul/2020:10:02:56 +0800] "GET /xingrg/all/function/internal_message.html?_=1595728976554&CODE_STATE=getMsg HTTP/1.1" 200 27
61.172.5.115 - - [26/Jul/2020:10:02:56 +0800] "POST /xingrg/kc/buy/cgsh_list_operate.html HTTP/1.1" 200 2416
222.70.173.120 - - [26/Jul/2020:10:02:58 +0800] "GET /xingrg/all/function/internal_message.html?_=1595728978843&CODE_STATE=getMsg HTTP/1.1" 200 27
61.172.5.115 - - [26/Jul/2020:10:03:00 +0800] "GET /xingrg/kc/buy/cgsh_order_add.html HTTP/1.1" 200 59316
222.69.27.237 - - [26/Jul/2020:10:03:00 +0800] "GET /xingrg/all/function/internal_message.html?_=1595728891253&CODE_STATE=getMsg HTTP/1.1" 200 27
61.172.5.115 - - [26/Jul/2020:10:03:00 +0800] "POST /xingrg/kc/buy/cgsh_order_operate.html HTTP/1.1" 200 8245
61.172.5.115 - - [26/Jul/2020:10:03:00 +0800] "GET /xingrg/javascript/easyui/themes/default/validatebox.css HTTP/1.1" 404 1104
114.89.80.44 - - [26/Jul/2020:10:03:05 +0800] "GET /xingrg/kc/buy/cgsh_order_operate.html?command=get_materiel&rest_code=00151&code=00101011001&supplier_code=00100047&order_time=2020-07-26 HTTP/1.1" 200 423
116.233.76.44 - - [26/Jul/2020:10:03:08 +0800] "GET /xingrg/all/function/internal_message.html?_=1595729025308&CODE_STATE=getMsg HTTP/1.1" 200 27
114.89.80.44 - - [26/Jul/2020:10:03:13 +0800] "GET /xingrg/kc/buy/cgsh_order_operate.html?command=get_materiel&rest_code=00151&code=00101011007&supplier_code=00100047&order_time=2020-07-26 HTTP/1.1" 200 414
116.230.146.118 - - [26/Jul/2020:10:03:15 +0800] "GET /xingrg/check_reg.html?_=1595728995087 HTTP/1.1" 200 22
116.230.146.118 - - [26/Jul/2020:10:03:15 +0800] "GET /xingrg/all/function/internal_message.html?_=1595728995106&CODE_STATE=getMsg HTTP/1.1" 200 27
120.253.135.82 - - [26/Jul/2020:10:03:23 +0800] "GET /xingrg/all/function/internal_message.html?_=1595728757617&CODE_STATE=getMsg HTTP/1.1" 200 27
114.88.161.57 - - [26/Jul/2020:10:03:26 +0800] "GET /xingrg/all/function/internal_message.html?_=1595729003093&CODE_STATE=getMsg HTTP/1.1" 200 27
117.184.7.26 - - [26/Jul/2020:10:03:26 +0800] "GET /xingrg/all/function/internal_message.html?_=1595729006129&CODE_STATE=getMsg HTTP/1.1" 200 27
114.89.80.44 - - [26/Jul/2020:10:03:28 +0800] "GET /xingrg/all/function/internal_message.html?_=1595729006747&CODE_STATE=getMsg HTTP/1.1" 200 27
114.88.159.89 - - [26/Jul/2020:10:03:30 +0800] "GET /xingrg/all/function/internal_message.html?_=1595728673400&CODE_STATE=getMsg HTTP/1.1" 200 27
61.172.5.115 - - [26/Jul/2020:10:03:31 +0800] "GET /xingrg/javascript/auto/indicator.gif HTTP/1.1" 404 1066
180.175.214.200 - - [26/Jul/2020:10:03:31 +0800] "GET /xingrg/all/function/internal_message.html?_=1595729217993&CODE_STATE=getMsg HTTP/1.1" 200 27
58.40.7.146 - - [26/Jul/2020:10:03:36 +0800] "GET /xingrg/all/function/internal_message.html?_=1595729016668&CODE_STATE=getMsg HTTP/1.1" 200 27
58.40.7.146 - - [26/Jul/2020:10:03:36 +0800] "GET /xingrg/check_reg.html?_=1595729016670 HTTP/1.1" 200 22
114.86.227.215 - - [26/Jul/2020:10:03:39 +0800] "GET /xingrg/all/function/internal_message.html?_=1595729028360&CODE_STATE=getMsg HTTP/1.1" 200 27
114.89.80.44 - - [26/Jul/2020:10:03:41 +0800] "GET /xingrg/check_reg.html?_=1595729145101 HTTP/1.1" 200 22
172.17.0.120 - - [26/Jul/2020:10:03:44 +0800] "GET /xingrg/all/function/internal_message.html?_=1595729024113&CODE_STATE=getMsg HTTP/1.1" 200 27
172.17.0.120 - - [26/Jul/2020:10:03:44 +0800] "GET /xingrg/check_reg.html?_=1595729024115 HTTP/1.1" 200 22
114.89.80.44 - - [26/Jul/2020:10:03:44 +0800] "POST /xingrg/kc/buy/cgsh_order_operate.html HTTP/1.1" 200 37
114.89.80.44 - - [26/Jul/2020:10:03:46 +0800] "POST /xingrg/kc/buy/cgsh_order_operate.html HTTP/1.1" 200 12
222.69.129.1 - - [26/Jul/2020:10:03:47 +0800] "GET /xingrg/all/function/internal_message.html?_=1595729027221&CODE_STATE=getMsg HTTP/1.1" 200 27
114.89.80.44 - - [26/Jul/2020:10:03:47 +0800] "GET /xingrg/kc/buy/cgsh_order_info.html?code=212020072610867 HTTP/1.1" 200 53861
114.89.80.44 - - [26/Jul/2020:10:03:47 +0800] "GET /xingrg/words/20200725205022_words.js HTTP/1.1" 304 -
114.89.80.44 - - [26/Jul/2020:10:03:47 +0800] "GET /xingrg/javascript/easyui/themes/default/validatebox.css HTTP/1.1" 404 1104
114.89.80.44 - - [26/Jul/2020:10:03:48 +0800] "POST /xingrg/kc/buy/cgsh_order_operate.html HTTP/1.1" 200 2388
61.172.5.115 - - [26/Jul/2020:10:03:48 +0800] "GET /xingrg/kc/buy/cgsh_order_operate.html?command=get_materiel&rest_code=00105&code=00101009050&supplier_code=00100024&order_time=2020-07-26 HTTP/1.1" 200 408
114.89.80.44 - - [26/Jul/2020:10:03:49 +0800] "GET /xingrg/kc/print/load_data.html?order_code=212020072610867&kc_code=cgsh&condition= HTTP/1.1" 200 1437
172.17.0.185 - - [26/Jul/2020:10:03:50 +0800] "GET /xingrg/all/function/internal_message.html?_=1595729028802&CODE_STATE=getMsg HTTP/1.1" 200 27
114.89.80.44 - - [26/Jul/2020:10:03:53 +0800] "GET /xingrg/all/function/internal_message.html?_=1595729156753&CODE_STATE=getMsg HTTP/1.1" 200 27
114.89.80.44 - - [26/Jul/2020:10:03:53 +0800] "GET /xingrg/kc/buy/cgsh_order_add.html HTTP/1.1" 200 58958
114.88.159.89 - - [26/Jul/2020:10:03:53 +0800] "GET /xingrg/all/function/internal_message.html?_=1595729053104&CODE_STATE=getMsg HTTP/1.1" 200 27
114.89.80.44 - - [26/Jul/2020:10:03:53 +0800] "POST /xingrg/kc/buy/cgsh_order_operate.html HTTP/1.1" 200 8245
114.89.80.44 - - [26/Jul/2020:10:03:53 +0800] "GET /xingrg/javascript/easyui/themes/default/validatebox.css HTTP/1.1" 404 1104
114.88.161.57 - - [26/Jul/2020:10:03:54 +0800] "GET /xingrg/all/function/internal_message.html?_=1595729067014&CODE_STATE=getMsg HTTP/1.1" 200 27
61.129.6.203 - - [26/Jul/2020:10:03:55 +0800] "GET /xingrg/all/function/internal_message.html?_=1595728333078&CODE_STATE=getMsg HTTP/1.1" 302 -
172.17.200.101 - - [26/Jul/2020:10:03:56 +0800] "GET /xingrg/all/function/internal_message.html?_=1595729036558&CODE_STATE=getMsg HTTP/1.1" 200 27
222.70.173.120 - - [26/Jul/2020:10:03:58 +0800] "GET /xingrg/check_reg.html?_=1595729039049 HTTP/1.1" 200 22
222.70.173.120 - - [26/Jul/2020:10:03:58 +0800] "GET /xingrg/all/function/internal_message.html?_=1595729039048&CODE_STATE=getMsg HTTP/1.1" 200 27
222.69.27.237 - - [26/Jul/2020:10:04:00 +0800] "GET /xingrg/all/function/internal_message.html?_=1595728951254&CODE_STATE=getMsg HTTP/1.1" 200 27
61.129.6.203 - - [26/Jul/2020:10:04:02 +0800] "GET /xingrg/login.html HTTP/1.1" 200 7641
116.233.76.44 - - [26/Jul/2020:10:04:07 +0800] "GET /xingrg/all/function/internal_message.html?_=1595729085307&CODE_STATE=getMsg HTTP/1.1" 200 27
114.89.80.44 - - [26/Jul/2020:10:04:08 +0800] "GET /xingrg/kc/buy/cgsh_order_operate.html?command=get_materiel&rest_code=00151&code=00101016105&supplier_code=00100036&order_time=2020-07-26 HTTP/1.1" 200 409
58.40.7.146 - - [26/Jul/2020:10:04:09 +0800] "GET /xingrg/check_reg.html?_=1595729049580 HTTP/1.1" 200 22
116.230.146.118 - - [26/Jul/2020:10:04:15 +0800] "GET /xingrg/all/function/internal_message.html?_=1595729055093&CODE_STATE=getMsg HTTP/1.1" 200 27
114.88.161.57 - - [26/Jul/2020:10:04:16 +0800] "GET /xingrg/check_reg.html?_=1595729052894 HTTP/1.1" 200 22
114.89.80.44 - - [26/Jul/2020:10:04:18 +0800] "GET /xingrg/kc/buy/cgsh_order_operate.html?command=get_materiel&rest_code=00151&code=00101016057&supplier_code=00100036&order_time=2020-07-26 HTTP/1.1" 200 408
61.172.5.115 - - [26/Jul/2020:10:04:18 +0800] "GET /xingrg/kc/buy/cgsh_order_operate.html?command=get_materiel&rest_code=00105&code=00101009062&supplier_code=00100024&order_time=2020-07-26 HTTP/1.1" 200 414
120.253.135.82 - - [26/Jul/2020:10:04:23 +0800] "GET /xingrg/all/function/internal_message.html?_=1595728817622&CODE_STATE=getMsg HTTP/1.1" 200 27
114.89.80.44 - - [26/Jul/2020:10:04:23 +0800] "GET /xingrg/kc/buy/cgsh_order_operate.html?command=get_materiel&rest_code=00151&code=00101012059&supplier_code=00100036&order_time=2020-07-26 HTTP/1.1" 200 412
180.175.214.200 - - [26/Jul/2020:10:04:25 +0800] "GET /xingrg/check_reg.html?_=1595729271444 HTTP/1.1" 200 22
114.88.161.57 - - [26/Jul/2020:10:04:26 +0800] "GET /xingrg/all/function/internal_message.html?_=1595729063097&CODE_STATE=getMsg HTTP/1.1" 200 27
117.184.7.26 - - [26/Jul/2020:10:04:26 +0800] "GET /xingrg/all/function/internal_message.html?_=1595729066112&CODE_STATE=getMsg HTTP/1.1" 200 27
114.89.80.44 - - [26/Jul/2020:10:04:28 +0800] "GET /xingrg/check_reg.html?_=1595729066752 HTTP/1.1" 200 22
114.89.80.44 - - [26/Jul/2020:10:04:28 +0800] "GET /xingrg/all/function/internal_message.html?_=1595729066755&CODE_STATE=getMsg HTTP/1.1" 200 27
114.89.80.44 - - [26/Jul/2020:10:04:29 +0800] "GET /xingrg/kc/buy/cgsh_order_operate.html?command=get_materiel&rest_code=00151&code=00101012005&supplier_code=00100036&order_time=2020-07-26 HTTP/1.1" 200 412
114.88.159.89 - - [26/Jul/2020:10:04:30 +0800] "GET /xingrg/all/function/internal_message.html?_=1595728733398&CODE_STATE=getMsg HTTP/1.1" 200 27
114.88.159.89 - - [26/Jul/2020:10:04:30 +0800] "GET /xingrg/check_reg.html?_=1595728733399 HTTP/1.1" 200 22
180.175.214.200 - - [26/Jul/2020:10:04:31 +0800] "GET /xingrg/all/function/internal_message.html?_=1595729278007&CODE_STATE=getMsg HTTP/1.1" 200 27
114.89.80.44 - - [26/Jul/2020:10:04:33 +0800] "GET /xingrg/kc/buy/cgsh_order_operate.html?command=get_materiel&rest_code=00151&code=00101012029&supplier_code=00100036&order_time=2020-07-26 HTTP/1.1" 200 412
58.40.7.146 - - [26/Jul/2020:10:04:36 +0800] "GET /xingrg/all/function/internal_message.html?_=1595729076672&CODE_STATE=getMsg HTTP/1.1" 200 27
114.86.227.215 - - [26/Jul/2020:10:04:39 +0800] "GET /xingrg/all/function/internal_message.html?_=1595729088359&CODE_STATE=getMsg HTTP/1.1" 200 27
114.86.227.215 - - [26/Jul/2020:10:04:39 +0800] "GET /xingrg/check_reg.html?_=1595729088364 HTTP/1.1" 200 22
172.17.0.120 - - [26/Jul/2020:10:04:44 +0800] "GET /xingrg/all/function/internal_message.html?_=1595729084101&CODE_STATE=getMsg HTTP/1.1" 200 27
222.69.129.1 - - [26/Jul/2020:10:04:47 +0800] "GET /xingrg/all/function/internal_message.html?_=1595729087208&CODE_STATE=getMsg HTTP/1.1" 200 27
222.69.129.1 - - [26/Jul/2020:10:04:48 +0800] "GET /xingrg/check_reg.html?_=1595729088067 HTTP/1.1" 200 22
172.17.0.185 - - [26/Jul/2020:10:04:50 +0800] "GET /xingrg/check_reg.html?_=1595729088789 HTTP/1.1" 200 22
172.17.0.185 - - [26/Jul/2020:10:04:50 +0800] "GET /xingrg/all/function/internal_message.html?_=1595729088792&CODE_STATE=getMsg HTTP/1.1" 200 27
114.89.80.44 - - [26/Jul/2020:10:04:53 +0800] "GET /xingrg/all/function/internal_message.html?_=1595729216767&CODE_STATE=getMsg HTTP/1.1" 200 27
114.88.159.89 - - [26/Jul/2020:10:04:53 +0800] "GET /xingrg/all/function/internal_message.html?_=1595729113105&CODE_STATE=getMsg HTTP/1.1" 200 27
114.88.161.57 - - [26/Jul/2020:10:04:54 +0800] "GET /xingrg/check_reg.html?_=1595729127015 HTTP/1.1" 200 22
114.88.161.57 - - [26/Jul/2020:10:04:54 +0800] "GET /xingrg/all/function/internal_message.html?_=1595729127017&CODE_STATE=getMsg HTTP/1.1" 200 27
172.17.200.101 - - [26/Jul/2020:10:04:56 +0800] "GET /xingrg/all/function/internal_message.html?_=1595729096560&CODE_STATE=getMsg HTTP/1.1" 200 27
222.70.173.120 - - [26/Jul/2020:10:04:58 +0800] "GET /xingrg/all/function/internal_message.html?_=1595729099057&CODE_STATE=getMsg HTTP/1.1" 200 27
222.69.27.237 - - [26/Jul/2020:10:05:00 +0800] "GET /xingrg/all/function/internal_message.html?_=1595729011246&CODE_STATE=getMsg HTTP/1.1" 200 27
61.151.207.158 - - [26/Jul/2020:10:05:02 +0800] "GET /xingrg/all/function/internal_message.html?_=1595728393076&CODE_STATE=getMsg HTTP/1.1" 302 -
117.131.5.26 - - [26/Jul/2020:10:05:03 +0800] "POST /xingrg/services/DataTransmitService HTTP/1.1" 200 524
117.131.5.26 - - [26/Jul/2020:10:05:03 +0800] "POST /xingrg/services/DataTransmitService HTTP/1.1" 200 501
114.89.80.44 - - [26/Jul/2020:10:05:04 +0800] "POST /xingrg/kc/buy/cgsh_order_operate.html HTTP/1.1" 200 37
114.89.80.44 - - [26/Jul/2020:10:05:06 +0800] "POST /xingrg/kc/buy/cgsh_order_operate.html HTTP/1.1" 200 12
116.233.76.44 - - [26/Jul/2020:10:05:06 +0800] "GET /xingrg/check_reg.html?_=1595729145296 HTTP/1.1" 200 22
116.233.76.44 - - [26/Jul/2020:10:05:06 +0800] "GET /xingrg/all/function/internal_message.html?_=1595729145312&CODE_STATE=getMsg HTTP/1.1" 200 27
114.89.80.44 - - [26/Jul/2020:10:05:07 +0800] "GET /xingrg/kc/buy/cgsh_order_info.html?code=212020072610868 HTTP/1.1" 200 53863
61.151.207.158 - - [26/Jul/2020:10:05:07 +0800] "GET /xingrg/login.html HTTP/1.1" 200 7641
114.89.80.44 - - [26/Jul/2020:10:05:07 +0800] "GET /xingrg/javascript/easyui/themes/default/validatebox.css HTTP/1.1" 404 1104
114.89.80.44 - - [26/Jul/2020:10:05:07 +0800] "POST /xingrg/kc/buy/cgsh_order_operate.html HTTP/1.1" 200 2960
114.89.80.44 - - [26/Jul/2020:10:05:10 +0800] "GET /xingrg/kc/print/load_data.html?order_code=212020072610868&kc_code=cgsh&condition= HTTP/1.1" 200 1666
114.89.80.44 - - [26/Jul/2020:10:05:14 +0800] "GET /xingrg/kc/buy/cgsh_order_add.html HTTP/1.1" 200 58958
114.89.80.44 - - [26/Jul/2020:10:05:14 +0800] "POST /xingrg/kc/buy/cgsh_order_operate.html HTTP/1.1" 200 8245
114.89.80.44 - - [26/Jul/2020:10:05:14 +0800] "GET /xingrg/javascript/easyui/themes/default/validatebox.css HTTP/1.1" 404 1104
116.230.146.118 - - [26/Jul/2020:10:05:15 +0800] "GET /xingrg/all/function/internal_message.html?_=1595729115080&CODE_STATE=getMsg HTTP/1.1" 200 27
120.253.135.82 - - [26/Jul/2020:10:05:21 +0800] "GET /xingrg/check_reg.html?_=1595728875573 HTTP/1.1" 200 22
120.253.135.82 - - [26/Jul/2020:10:05:23 +0800] "GET /xingrg/all/function/internal_message.html?_=1595728877636&CODE_STATE=getMsg HTTP/1.1" 200 27
114.88.161.57 - - [26/Jul/2020:10:05:26 +0800] "GET /xingrg/all/function/internal_message.html?_=1595729123110&CODE_STATE=getMsg HTTP/1.1" 200 27
117.184.7.26 - - [26/Jul/2020:10:05:26 +0800] "GET /xingrg/all/function/internal_message.html?_=1595729126101&CODE_STATE=getMsg HTTP/1.1" 200 27
114.89.80.44 - - [26/Jul/2020:10:05:28 +0800] "GET /xingrg/kc/buy/cgsh_order_operate.html?command=get_materiel&rest_code=00151&code=00101006229&supplier_code=00100012&order_time=2020-07-26 HTTP/1.1" 200 412
114.89.80.44 - - [26/Jul/2020:10:05:28 +0800] "GET /xingrg/all/function/internal_message.html?_=1595729126760&CODE_STATE=getMsg HTTP/1.1" 200 27
114.88.159.89 - - [26/Jul/2020:10:05:30 +0800] "GET /xingrg/all/function/internal_message.html?_=1595728793397&CODE_STATE=getMsg HTTP/1.1" 200 27
180.175.214.200 - - [26/Jul/2020:10:05:31 +0800] "GET /xingrg/all/function/internal_message.html?_=1595729338021&CODE_STATE=getMsg HTTP/1.1" 200 27
58.40.7.146 - - [26/Jul/2020:10:05:36 +0800] "GET /xingrg/all/function/internal_message.html?_=1595729136674&CODE_STATE=getMsg HTTP/1.1" 200 27
114.86.227.215 - - [26/Jul/2020:10:05:39 +0800] "GET /xingrg/all/function/internal_message.html?_=1595729148364&CODE_STATE=getMsg HTTP/1.1" 200 27
114.89.80.44 - - [26/Jul/2020:10:05:41 +0800] "GET /xingrg/kc/buy/cgsh_order_operate.html?command=get_materiel&rest_code=00151&code=00101006168&supplier_code=00100012&order_time=2020-07-26 HTTP/1.1" 200 421
172.17.0.120 - - [26/Jul/2020:10:05:44 +0800] "GET /xingrg/all/function/internal_message.html?_=1595729144104&CODE_STATE=getMsg HTTP/1.1" 200 27
61.172.5.115 - - [26/Jul/2020:10:05:46 +0800] "GET /xingrg/kc/buy/cgsh_order_operate.html?command=get_materiel&rest_code=00105&code=00101009019&supplier_code=00100024&order_time=2020-07-26 HTTP/1.1" 200 412
222.69.129.1 - - [26/Jul/2020:10:05:47 +0800] "GET /xingrg/all/function/internal_message.html?_=1595729147193&CODE_STATE=getMsg HTTP/1.1" 200 27
172.17.0.185 - - [26/Jul/2020:10:05:50 +0800] "GET /xingrg/all/function/internal_message.html?_=1595729148795&CODE_STATE=getMsg HTTP/1.1" 200 27
114.89.80.44 - - [26/Jul/2020:10:05:51 +0800] "GET /xingrg/kc/buy/cgsh_order_operate.html?command=get_materiel&rest_code=00151&code=00101006027&supplier_code=00100012&order_time=2020-07-26 HTTP/1.1" 200 409
114.89.80.44 - - [26/Jul/2020:10:05:53 +0800] "GET /xingrg/all/function/internal_message.html?_=1595729276788&CODE_STATE=getMsg HTTP/1.1" 200 27
114.88.159.89 - - [26/Jul/2020:10:05:53 +0800] "GET /xingrg/all/function/internal_message.html?_=1595729173104&CODE_STATE=getMsg HTTP/1.1" 200 27
114.88.161.57 - - [26/Jul/2020:10:05:54 +0800] "GET /xingrg/all/function/internal_message.html?_=1595729187017&CODE_STATE=getMsg HTTP/1.1" 200 27
172.17.200.101 - - [26/Jul/2020:10:05:56 +0800] "GET /xingrg/all/function/internal_message.html?_=1595729156566&CODE_STATE=getMsg HTTP/1.1" 200 27
222.70.173.120 - - [26/Jul/2020:10:05:58 +0800] "GET /xingrg/all/function/internal_message.html?_=1595729159073&CODE_STATE=getMsg HTTP/1.1" 200 27
117.184.7.26 - - [26/Jul/2020:10:05:59 +0800] "GET /xingrg/kc/buy/buy_main.html HTTP/1.1" 200 12412
117.184.7.26 - - [26/Jul/2020:10:05:59 +0800] "GET /xingrg/css/new_ie.css HTTP/1.1" 404 1036
222.69.27.237 - - [26/Jul/2020:10:06:00 +0800] "GET /xingrg/check_reg.html?_=1595729071248 HTTP/1.1" 200 22
222.69.27.237 - - [26/Jul/2020:10:06:00 +0800] "GET /xingrg/all/function/internal_message.html?_=1595729071247&CODE_STATE=getMsg HTTP/1.1" 200 27
117.184.7.26 - - [26/Jul/2020:10:06:00 +0800] "GET /xingrg/kc/buy/cgsh_order_list.html HTTP/1.1" 200 43578
114.89.80.44 - - [26/Jul/2020:10:06:02 +0800] "GET /xingrg/kc/buy/cgsh_order_operate.html?command=get_materiel&rest_code=00151&code=00101006013&supplier_code=00100012&order_time=2020-07-26 HTTP/1.1" 200 409
117.184.7.26 - - [26/Jul/2020:10:06:03 +0800] "POST /xingrg/kc/buy/cgsh_list_operate.html HTTP/1.1" 200 2758
117.184.7.26 - - [26/Jul/2020:10:06:03 +0800] "GET /xingrg/kc/buy/cgsh_order_add.html HTTP/1.1" 200 59281
117.184.7.26 - - [26/Jul/2020:10:06:04 +0800] "POST /xingrg/kc/buy/cgsh_order_operate.html HTTP/1.1" 200 8245
117.184.7.26 - - [26/Jul/2020:10:06:04 +0800] "GET /xingrg/javascript/easyui/themes/default/validatebox.css HTTP/1.1" 404 1104
117.184.7.26 - - [26/Jul/2020:10:06:04 +0800] "GET /xingrg/javascript/auto/indicator.gif HTTP/1.1" 404 1066
61.172.5.115 - - [26/Jul/2020:10:06:05 +0800] "GET /xingrg/kc/buy/cgsh_order_operate.html?command=get_materiel&rest_code=00105&code=00101009011&supplier_code=00100024&order_time=2020-07-26 HTTP/1.1" 200 436
116.233.76.44 - - [26/Jul/2020:10:06:05 +0800] "GET /xingrg/all/function/internal_message.html?_=1595729205312&CODE_STATE=getMsg HTTP/1.1" 200 27
117.184.7.30 - - [26/Jul/2020:10:06:06 +0800] "GET /xingrg/javascript/jquery_tools/images/next.gif HTTP/1.1" 404 1086
117.184.7.30 - - [26/Jul/2020:10:06:06 +0800] "GET /xingrg/javascript/jquery_tools/images/prev.gif HTTP/1.1" 404 1086
114.89.80.44 - - [26/Jul/2020:10:06:11 +0800] "GET /xingrg/kc/buy/cgsh_order_operate.html?command=get_materiel&rest_code=00151&code=00101006084&supplier_code=00100012&order_time=2020-07-26 HTTP/1.1" 200 413
117.184.7.30 - - [26/Jul/2020:10:06:12 +0800] "GET /xingrg/kc/buy/cgsh_order_operate.html?command=get_materiel&rest_code=00108&code=00101016030&supplier_code=00100036&order_time=2020-07-26 HTTP/1.1" 200 412
116.230.146.118 - - [26/Jul/2020:10:06:15 +0800] "GET /xingrg/all/function/internal_message.html?_=1595729175065&CODE_STATE=getMsg HTTP/1.1" 200 27
114.89.80.44 - - [26/Jul/2020:10:06:16 +0800] "GET /xingrg/kc/buy/cgsh_order_operate.html?command=get_materiel&rest_code=00151&code=00101006068&supplier_code=00100012&order_time=2020-07-26 HTTP/1.1" 200 409
101.91.62.89 - - [26/Jul/2020:10:06:18 +0800] "GET /xingrg/all/function/internal_message.html?_=1595728453075&CODE_STATE=getMsg HTTP/1.1" 302 -
101.91.62.89 - - [26/Jul/2020:10:06:21 +0800] "GET /xingrg/login.html HTTP/1.1" 200 7641
117.184.7.30 - - [26/Jul/2020:10:06:22 +0800] "POST /xingrg/kc/buy/cgsh_order_operate.html HTTP/1.1" 200 37
120.253.135.82 - - [26/Jul/2020:10:06:23 +0800] "GET /xingrg/all/function/internal_message.html?_=1595728937649&CODE_STATE=getMsg HTTP/1.1" 200 27
114.89.80.44 - - [26/Jul/2020:10:06:23 +0800] "GET /xingrg/kc/buy/cgsh_order_operate.html?command=get_materiel&rest_code=00151&code=00101006056&supplier_code=00100012&order_time=2020-07-26 HTTP/1.1" 200 413
114.88.161.57 - - [26/Jul/2020:10:06:26 +0800] "GET /xingrg/all/function/internal_message.html?_=1595729183133&CODE_STATE=getMsg HTTP/1.1" 200 27
114.89.80.44 - - [26/Jul/2020:10:06:28 +0800] "GET /xingrg/all/function/internal_message.html?_=1595729186762&CODE_STATE=getMsg HTTP/1.1" 200 27
114.88.159.89 - - [26/Jul/2020:10:06:30 +0800] "GET /xingrg/all/function/internal_message.html?_=1595728853397&CODE_STATE=getMsg HTTP/1.1" 200 27
180.175.214.200 - - [26/Jul/2020:10:06:32 +0800] "GET /xingrg/all/function/internal_message.html?_=1595729398741&CODE_STATE=getMsg HTTP/1.1" 200 27
117.184.7.30 - - [26/Jul/2020:10:06:33 +0800] "POST /xingrg/kc/buy/cgsh_order_operate.html HTTP/1.1" 200 3250
117.184.7.30 - - [26/Jul/2020:10:06:35 +0800] "GET /xingrg/kc/print/load_data.html?order_code=212020072610869&kc_code=cgsh&condition= HTTP/1.1" 200 966
58.40.7.146 - - [26/Jul/2020:10:06:36 +0800] "GET /xingrg/all/function/internal_message.html?_=1595729196676&CODE_STATE=getMsg HTTP/1.1" 200 27
114.86.227.215 - - [26/Jul/2020:10:06:39 +0800] "GET /xingrg/all/function/internal_message.html?_=1595729208365&CODE_STATE=getMsg HTTP/1.1" 200 27
172.17.0.120 - - [26/Jul/2020:10:06:44 +0800] "GET /xingrg/all/function/internal_message.html?_=1595729204106&CODE_STATE=getMsg HTTP/1.1" 200 27
222.69.129.1 - - [26/Jul/2020:10:06:47 +0800] "GET /xingrg/all/function/internal_message.html?_=1595729207186&CODE_STATE=getMsg HTTP/1.1" 200 27
117.184.7.30 - - [26/Jul/2020:10:06:47 +0800] "GET /xingrg/kc/buy/cgsh_order_add.html HTTP/1.1" 200 59281
117.184.7.30 - - [26/Jul/2020:10:06:47 +0800] "POST /xingrg/kc/buy/cgsh_order_operate.html HTTP/1.1" 200 8245
117.184.7.30 - - [26/Jul/2020:10:06:47 +0800] "GET /xingrg/javascript/easyui/themes/default/validatebox.css HTTP/1.1" 404 1104
172.17.0.185 - - [26/Jul/2020:10:06:50 +0800] "GET /xingrg/all/function/internal_message.html?_=1595729208804&CODE_STATE=getMsg HTTP/1.1" 200 27
114.89.80.44 - - [26/Jul/2020:10:06:53 +0800] "GET /xingrg/all/function/internal_message.html?_=1595729336794&CODE_STATE=getMsg HTTP/1.1" 200 27
117.184.7.30 - - [26/Jul/2020:10:06:53 +0800] "GET /xingrg/kc/buy/cgsh_order_operate.html?command=get_materiel&rest_code=00108&code=00101002027&supplier_code=00100400&order_time=2020-07-26 HTTP/1.1" 200 413
114.88.159.89 - - [26/Jul/2020:10:06:53 +0800] "GET /xingrg/all/function/internal_message.html?_=1595729233103&CODE_STATE=getMsg HTTP/1.1" 200 27
114.88.159.89 - - [26/Jul/2020:10:06:53 +0800] "GET /xingrg/check_reg.html?_=1595729233104 HTTP/1.1" 200 22
114.88.161.57 - - [26/Jul/2020:10:06:54 +0800] "GET /xingrg/all/function/internal_message.html?_=1595729247017&CODE_STATE=getMsg HTTP/1.1" 200 27
172.17.200.101 - - [26/Jul/2020:10:06:56 +0800] "GET /xingrg/check_reg.html?_=1595729216554 HTTP/1.1" 200 22
172.17.200.101 - - [26/Jul/2020:10:06:56 +0800] "GET /xingrg/all/function/internal_message.html?_=1595729216565&CODE_STATE=getMsg HTTP/1.1" 200 27
222.70.173.120 - - [26/Jul/2020:10:06:58 +0800] "GET /xingrg/all/function/internal_message.html?_=1595729219261&CODE_STATE=getMsg HTTP/1.1" 200 27
61.172.5.115 - - [26/Jul/2020:10:06:59 +0800] "GET /xingrg/kc/buy/cgsh_order_operate.html?command=get_materiel&rest_code=00105&code=00101009021&supplier_code=00100024&order_time=2020-07-26 HTTP/1.1" 200 416
222.69.27.237 - - [26/Jul/2020:10:07:00 +0800] "GET /xingrg/all/function/internal_message.html?_=1595729131272&CODE_STATE=getMsg HTTP/1.1" 200 27
117.184.7.30 - - [26/Jul/2020:10:07:00 +0800] "GET /xingrg/kc/buy/cgsh_order_operate.html?command=get_materiel&rest_code=00108&code=00101002022&supplier_code=00100400&order_time=2020-07-26 HTTP/1.1" 200 429
116.233.76.44 - - [26/Jul/2020:10:07:05 +0800] "GET /xingrg/all/function/internal_message.html?_=1595729265311&CODE_STATE=getMsg HTTP/1.1" 200 27
117.184.7.30 - - [26/Jul/2020:10:07:11 +0800] "GET /xingrg/kc/buy/cgsh_order_operate.html?command=get_materiel&rest_code=00108&code=00101005037&supplier_code=00100400&order_time=2020-07-26 HTTP/1.1" 200 411
116.230.146.118 - - [26/Jul/2020:10:07:14 +0800] "GET /xingrg/all/function/internal_message.html?_=1595729235053&CODE_STATE=getMsg HTTP/1.1" 200 27
120.253.135.82 - - [26/Jul/2020:10:07:23 +0800] "GET /xingrg/all/function/internal_message.html?_=1595728997663&CODE_STATE=getMsg HTTP/1.1" 200 27
114.88.161.57 - - [26/Jul/2020:10:07:26 +0800] "GET /xingrg/all/function/internal_message.html?_=1595729243153&CODE_STATE=getMsg HTTP/1.1" 200 27
117.184.7.30 - - [26/Jul/2020:10:07:26 +0800] "GET /xingrg/all/function/internal_message.html?_=1595729246117&CODE_STATE=getMsg HTTP/1.1" 200 27
114.89.80.44 - - [26/Jul/2020:10:07:28 +0800] "GET /xingrg/all/function/internal_message.html?_=1595729246773&CODE_STATE=getMsg HTTP/1.1" 200 27
114.88.159.89 - - [26/Jul/2020:10:07:30 +0800] "GET /xingrg/all/function/internal_message.html?_=1595728913399&CODE_STATE=getMsg HTTP/1.1" 200 27
180.175.214.200 - - [26/Jul/2020:10:07:32 +0800] "GET /xingrg/all/function/internal_message.html?_=1595729458750&CODE_STATE=getMsg HTTP/1.1" 200 27
58.40.7.146 - - [26/Jul/2020:10:07:36 +0800] "GET /xingrg/all/function/internal_message.html?_=1595729256679&CODE_STATE=getMsg HTTP/1.1" 200 27
61.172.5.115 - - [26/Jul/2020:10:07:38 +0800] "GET /xingrg/check_reg.html?_=1595729254488 HTTP/1.1" 200 22
114.86.227.215 - - [26/Jul/2020:10:07:39 +0800] "GET /xingrg/all/function/internal_message.html?_=1595729268373&CODE_STATE=getMsg HTTP/1.1" 200 27
172.17.0.120 - - [26/Jul/2020:10:07:44 +0800] "GET /xingrg/all/function/internal_message.html?_=1595729264107&CODE_STATE=getMsg HTTP/1.1" 200 27
222.69.129.1 - - [26/Jul/2020:10:07:47 +0800] "GET /xingrg/all/function/internal_message.html?_=1595729267184&CODE_STATE=getMsg HTTP/1.1" 200 27
172.17.0.185 - - [26/Jul/2020:10:07:50 +0800] "GET /xingrg/all/function/internal_message.html?_=1595729268801&CODE_STATE=getMsg HTTP/1.1" 200 27
114.89.80.44 - - [26/Jul/2020:10:07:53 +0800] "GET /xingrg/all/function/internal_message.html?_=1595729396815&CODE_STATE=getMsg HTTP/1.1" 200 27
114.88.159.89 - - [26/Jul/2020:10:07:53 +0800] "GET /xingrg/all/function/internal_message.html?_=1595729293102&CODE_STATE=getMsg HTTP/1.1" 200 27
114.88.161.57 - - [26/Jul/2020:10:07:54 +0800] "GET /xingrg/all/function/internal_message.html?_=1595729307016&CODE_STATE=getMsg HTTP/1.1" 200 27
117.184.7.30 - - [26/Jul/2020:10:07:54 +0800] "POST /xingrg/kc/buy/cgsh_order_operate.html HTTP/1.1" 200 37
172.17.200.101 - - [26/Jul/2020:10:07:56 +0800] "GET /xingrg/all/function/internal_message.html?_=1595729276565&CODE_STATE=getMsg HTTP/1.1" 200 27
222.70.173.120 - - [26/Jul/2020:10:07:58 +0800] "GET /xingrg/all/function/internal_message.html?_=1595729279269&CODE_STATE=getMsg HTTP/1.1" 200 27
222.69.27.237 - - [26/Jul/2020:10:08:00 +0800] "GET /xingrg/all/function/internal_message.html?_=1595729191270&CODE_STATE=getMsg HTTP/1.1" 200 27
116.233.76.44 - - [26/Jul/2020:10:08:04 +0800] "GET /xingrg/all/function/internal_message.html?_=1595729325306&CODE_STATE=getMsg HTTP/1.1" 200 27
117.184.7.30 - - [26/Jul/2020:10:08:09 +0800] "POST /xingrg/kc/buy/cgsh_order_operate.html HTTP/1.1" 200 3842
117.184.7.30 - - [26/Jul/2020:10:08:10 +0800] "GET /xingrg/kc/print/load_data.html?order_code=212020072610870&kc_code=cgsh&condition= HTTP/1.1" 200 1117
116.230.146.118 - - [26/Jul/2020:10:08:14 +0800] "GET /xingrg/all/function/internal_message.html?_=1595729295030&CODE_STATE=getMsg HTTP/1.1" 200 27
116.230.146.118 - - [26/Jul/2020:10:08:15 +0800] "GET /xingrg/check_reg.html?_=1595729295094 HTTP/1.1" 200 22
114.88.159.89 - - [26/Jul/2020:10:08:22 +0800] "POST /xingrg/services/DataTransmitService HTTP/1.1" 200 524
114.88.159.89 - - [26/Jul/2020:10:08:23 +0800] "POST /xingrg/services/DataTransmitService HTTP/1.1" 200 2079
120.253.135.82 - - [26/Jul/2020:10:08:23 +0800] "GET /xingrg/all/function/internal_message.html?_=1595729057716&CODE_STATE=getMsg HTTP/1.1" 200 27
114.88.159.89 - - [26/Jul/2020:10:08:23 +0800] "POST /xingrg/services/DataTransmitService HTTP/1.1" 200 174219
117.184.7.30 - - [26/Jul/2020:10:08:26 +0800] "GET /xingrg/all/function/internal_message.html?_=1595729306100&CODE_STATE=getMsg HTTP/1.1" 200 27
114.88.161.57 - - [26/Jul/2020:10:08:26 +0800] "GET /xingrg/all/function/internal_message.html?_=1595729303176&CODE_STATE=getMsg HTTP/1.1" 200 27
114.89.80.44 - - [26/Jul/2020:10:08:28 +0800] "GET /xingrg/all/function/internal_message.html?_=1595729306811&CODE_STATE=getMsg HTTP/1.1" 200 27
114.88.159.89 - - [26/Jul/2020:10:08:30 +0800] "GET /xingrg/all/function/internal_message.html?_=1595728973398&CODE_STATE=getMsg HTTP/1.1" 200 27
180.175.214.200 - - [26/Jul/2020:10:08:33 +0800] "GET /xingrg/all/function/internal_message.html?_=1595729519441&CODE_STATE=getMsg HTTP/1.1" 200 27
222.69.129.1 - - [26/Jul/2020:10:08:36 +0800] "GET /xingrg/kc/buy/cgsh_order_add.html HTTP/1.1" 200 59369
222.69.129.1 - - [26/Jul/2020:10:08:36 +0800] "GET /xingrg/words/20200725205022_words.js HTTP/1.1" 304 -
222.69.129.1 - - [26/Jul/2020:10:08:36 +0800] "POST /xingrg/kc/buy/cgsh_order_operate.html HTTP/1.1" 200 8245
222.69.129.1 - - [26/Jul/2020:10:08:36 +0800] "GET /xingrg/javascript/easyui/themes/default/validatebox.css HTTP/1.1" 404 1104
58.40.7.146 - - [26/Jul/2020:10:08:36 +0800] "GET /xingrg/check_reg.html?_=1595729316682 HTTP/1.1" 200 22
58.40.7.146 - - [26/Jul/2020:10:08:36 +0800] "GET /xingrg/all/function/internal_message.html?_=1595729316684&CODE_STATE=getMsg HTTP/1.1" 200 27
114.86.227.215 - - [26/Jul/2020:10:08:39 +0800] "GET /xingrg/all/function/internal_message.html?_=1595729328362&CODE_STATE=getMsg HTTP/1.1" 200 27
114.89.80.44 - - [26/Jul/2020:10:08:41 +0800] "GET /xingrg/check_reg.html?_=1595729445106 HTTP/1.1" 200 22
172.17.0.120 - - [26/Jul/2020:10:08:44 +0800] "GET /xingrg/all/function/internal_message.html?_=1595729324112&CODE_STATE=getMsg HTTP/1.1" 200 27
172.17.0.120 - - [26/Jul/2020:10:08:44 +0800] "GET /xingrg/check_reg.html?_=1595729324113 HTTP/1.1" 200 22
222.69.129.1 - - [26/Jul/2020:10:08:45 +0800] "GET /xingrg/kc/buy/cgsh_order_operate.html?command=get_materiel&rest_code=00149&code=00101004033&supplier_code=00100083&order_time=2020-07-26 HTTP/1.1" 200 439
222.69.129.1 - - [26/Jul/2020:10:08:47 +0800] "GET /xingrg/all/function/internal_message.html?_=1595729327247&CODE_STATE=getMsg HTTP/1.1" 200 27
172.17.0.185 - - [26/Jul/2020:10:08:50 +0800] "GET /xingrg/all/function/internal_message.html?_=1595729328790&CODE_STATE=getMsg HTTP/1.1" 200 27
222.69.129.1 - - [26/Jul/2020:10:08:52 +0800] "GET /xingrg/kc/buy/cgsh_order_operate.html?command=get_materiel&rest_code=00149&code=00101004011&supplier_code=00100083&order_time=2020-07-26 HTTP/1.1" 200 413
114.89.80.44 - - [26/Jul/2020:10:08:53 +0800] "GET /xingrg/all/function/internal_message.html?_=1595729456821&CODE_STATE=getMsg HTTP/1.1" 200 27
114.88.159.89 - - [26/Jul/2020:10:08:53 +0800] "GET /xingrg/all/function/internal_message.html?_=1595729353100&CODE_STATE=getMsg HTTP/1.1" 200 27
114.88.161.57 - - [26/Jul/2020:10:08:54 +0800] "GET /xingrg/all/function/internal_message.html?_=1595729367015&CODE_STATE=getMsg HTTP/1.1" 200 27
172.17.200.101 - - [26/Jul/2020:10:08:56 +0800] "GET /xingrg/all/function/internal_message.html?_=1595729336573&CODE_STATE=getMsg HTTP/1.1" 200 27
222.70.173.120 - - [26/Jul/2020:10:08:58 +0800] "GET /xingrg/check_reg.html?_=1595729339228 HTTP/1.1" 200 22
222.70.173.120 - - [26/Jul/2020:10:08:58 +0800] "GET /xingrg/all/function/internal_message.html?_=1595729339283&CODE_STATE=getMsg HTTP/1.1" 200 27
222.69.27.237 - - [26/Jul/2020:10:09:00 +0800] "GET /xingrg/all/function/internal_message.html?_=1595729251269&CODE_STATE=getMsg HTTP/1.1" 200 27
114.89.80.44 - - [26/Jul/2020:10:09:01 +0800] "POST /xingrg/kc/buy/cgsh_order_operate.html HTTP/1.1" 200 37
116.233.76.44 - - [26/Jul/2020:10:09:03 +0800] "GET /xingrg/all/function/internal_message.html?_=1595729385312&CODE_STATE=getMsg HTTP/1.1" 200 27
114.89.80.44 - - [26/Jul/2020:10:09:03 +0800] "POST /xingrg/kc/buy/cgsh_order_operate.html HTTP/1.1" 200 12
114.89.80.44 - - [26/Jul/2020:10:09:04 +0800] "GET /xingrg/kc/buy/cgsh_order_info.html?code=212020072610871 HTTP/1.1" 200 53861
114.89.80.44 - - [26/Jul/2020:10:09:05 +0800] "GET /xingrg/javascript/easyui/themes/default/validatebox.css HTTP/1.1" 404 1104
114.89.80.44 - - [26/Jul/2020:10:09:05 +0800] "POST /xingrg/kc/buy/cgsh_order_operate.html HTTP/1.1" 200 3607
222.69.129.1 - - [26/Jul/2020:10:09:06 +0800] "GET /xingrg/kc/buy/cgsh_order_operate.html?command=get_materiel&rest_code=00149&code=00101004067&supplier_code=00100083&order_time=2020-07-26 HTTP/1.1" 200 413
58.40.7.146 - - [26/Jul/2020:10:09:09 +0800] "GET /xingrg/check_reg.html?_=1595729349554 HTTP/1.1" 200 22
114.89.80.44 - - [26/Jul/2020:10:09:11 +0800] "GET /xingrg/kc/print/load_data.html?order_code=212020072610871&kc_code=cgsh&condition= HTTP/1.1" 200 1971
116.230.146.118 - - [26/Jul/2020:10:09:14 +0800] "GET /xingrg/all/function/internal_message.html?_=1595729355001&CODE_STATE=getMsg HTTP/1.1" 200 27
114.88.161.57 - - [26/Jul/2020:10:09:16 +0800] "GET /xingrg/check_reg.html?_=1595729352899 HTTP/1.1" 200 22
114.89.80.44 - - [26/Jul/2020:10:09:16 +0800] "GET /xingrg/kc/buy/cgsh_order_add.html HTTP/1.1" 200 58958
114.89.80.44 - - [26/Jul/2020:10:09:16 +0800] "POST /xingrg/kc/buy/cgsh_order_operate.html HTTP/1.1" 200 8245
114.89.80.44 - - [26/Jul/2020:10:09:16 +0800] "GET /xingrg/javascript/easyui/themes/default/validatebox.css HTTP/1.1" 404 1104
120.253.135.82 - - [26/Jul/2020:10:09:23 +0800] "GET /xingrg/all/function/internal_message.html?_=1595729117722&CODE_STATE=getMsg HTTP/1.1" 200 27
114.89.80.44 - - [26/Jul/2020:10:09:24 +0800] "GET /xingrg/kc/buy/cgsh_order_operate.html?command=get_materiel&rest_code=00151&code=00101001075&supplier_code=00100040&order_time=2020-07-26 HTTP/1.1" 200 409
180.175.214.200 - - [26/Jul/2020:10:09:25 +0800] "GET /xingrg/check_reg.html?_=1595729571452 HTTP/1.1" 200 22
117.184.7.30 - - [26/Jul/2020:10:09:26 +0800] "GET /xingrg/all/function/internal_message.html?_=1595729366073&CODE_STATE=getMsg HTTP/1.1" 200 27
114.88.161.57 - - [26/Jul/2020:10:09:26 +0800] "GET /xingrg/all/function/internal_message.html?_=1595729363195&CODE_STATE=getMsg HTTP/1.1" 200 27
114.89.80.44 - - [26/Jul/2020:10:09:28 +0800] "GET /xingrg/check_reg.html?_=1595729366782 HTTP/1.1" 200 22
114.89.80.44 - - [26/Jul/2020:10:09:28 +0800] "GET /xingrg/all/function/internal_message.html?_=1595729366801&CODE_STATE=getMsg HTTP/1.1" 200 27
114.88.159.89 - - [26/Jul/2020:10:09:30 +0800] "GET /xingrg/check_reg.html?_=1595729033398 HTTP/1.1" 200 22
114.88.159.89 - - [26/Jul/2020:10:09:30 +0800] "GET /xingrg/all/function/internal_message.html?_=1595729033397&CODE_STATE=getMsg HTTP/1.1" 200 27
180.175.214.200 - - [26/Jul/2020:10:09:33 +0800] "GET /xingrg/all/function/internal_message.html?_=1595729579449&CODE_STATE=getMsg HTTP/1.1" 200 27
58.40.7.146 - - [26/Jul/2020:10:09:36 +0800] "GET /xingrg/all/function/internal_message.html?_=1595729376669&CODE_STATE=getMsg HTTP/1.1" 200 27
114.89.80.44 - - [26/Jul/2020:10:09:39 +0800] "POST /xingrg/kc/buy/cgsh_order_operate.html HTTP/1.1" 200 37
114.86.227.215 - - [26/Jul/2020:10:09:39 +0800] "GET /xingrg/all/function/internal_message.html?_=1595729388363&CODE_STATE=getMsg HTTP/1.1" 200 27
114.86.227.215 - - [26/Jul/2020:10:09:40 +0800] "GET /xingrg/check_reg.html?_=1595729388366 HTTP/1.1" 200 22
114.89.80.44 - - [26/Jul/2020:10:09:41 +0800] "POST /xingrg/kc/buy/cgsh_order_operate.html HTTP/1.1" 200 12
114.89.80.44 - - [26/Jul/2020:10:09:41 +0800] "GET /xingrg/kc/buy/cgsh_order_info.html?code=212020072610872 HTTP/1.1" 200 53861
114.89.80.44 - - [26/Jul/2020:10:09:42 +0800] "GET /xingrg/javascript/easyui/themes/default/validatebox.css HTTP/1.1" 404 1104
114.89.80.44 - - [26/Jul/2020:10:09:42 +0800] "POST /xingrg/kc/buy/cgsh_order_operate.html HTTP/1.1" 200 611
114.89.80.44 - - [26/Jul/2020:10:09:43 +0800] "GET /xingrg/kc/print/load_data.html?order_code=212020072610872&kc_code=cgsh&condition= HTTP/1.1" 200 776
172.17.0.120 - - [26/Jul/2020:10:09:44 +0800] "GET /xingrg/all/function/internal_message.html?_=1595729384100&CODE_STATE=getMsg HTTP/1.1" 200 27
222.69.129.1 - - [26/Jul/2020:10:09:47 +0800] "GET /xingrg/all/function/internal_message.html?_=1595729387227&CODE_STATE=getMsg HTTP/1.1" 200 27
114.89.80.44 - - [26/Jul/2020:10:09:47 +0800] "GET /xingrg/kc/buy/cgsh_order_add.html HTTP/1.1" 200 58958
222.69.129.1 - - [26/Jul/2020:10:09:48 +0800] "GET /xingrg/check_reg.html?_=1595729388058 HTTP/1.1" 200 22
114.89.80.44 - - [26/Jul/2020:10:09:48 +0800] "GET /xingrg/javascript/easyui/themes/default/validatebox.css HTTP/1.1" 404 1104
114.89.80.44 - - [26/Jul/2020:10:09:48 +0800] "POST /xingrg/kc/buy/cgsh_order_operate.html HTTP/1.1" 200 8245
172.17.0.185 - - [26/Jul/2020:10:09:50 +0800] "GET /xingrg/check_reg.html?_=1595729388796 HTTP/1.1" 200 22
172.17.0.185 - - [26/Jul/2020:10:09:50 +0800] "GET /xingrg/all/function/internal_message.html?_=1595729388799&CODE_STATE=getMsg HTTP/1.1" 200 27
114.89.80.44 - - [26/Jul/2020:10:09:53 +0800] "GET /xingrg/all/function/internal_message.html?_=1595729516836&CODE_STATE=getMsg HTTP/1.1" 200 27
114.88.159.89 - - [26/Jul/2020:10:09:53 +0800] "GET /xingrg/all/function/internal_message.html?_=1595729413098&CODE_STATE=getMsg HTTP/1.1" 200 27
114.88.161.57 - - [26/Jul/2020:10:09:54 +0800] "GET /xingrg/all/function/internal_message.html?_=1595729427019&CODE_STATE=getMsg HTTP/1.1" 200 27
114.88.161.57 - - [26/Jul/2020:10:09:54 +0800] "GET /xingrg/check_reg.html?_=1595729427017 HTTP/1.1" 200 22
114.89.80.44 - - [26/Jul/2020:10:09:56 +0800] "GET /xingrg/kc/buy/cgsh_order_operate.html?command=get_materiel&rest_code=00151&code=00101009001&supplier_code=00100096&order_time=2020-07-26 HTTP/1.1" 200 418
172.17.200.101 - - [26/Jul/2020:10:09:56 +0800] "GET /xingrg/all/function/internal_message.html?_=1595729396573&CODE_STATE=getMsg HTTP/1.1" 200 27
222.70.173.120 - - [26/Jul/2020:10:09:58 +0800] "GET /xingrg/all/function/internal_message.html?_=1595729399297&CODE_STATE=getMsg HTTP/1.1" 200 27
180.175.214.200 - - [26/Jul/2020:10:09:59 +0800] "POST /xingrg/kc/buy/cgsh_order_operate.html HTTP/1.1" 200 37
222.69.27.237 - - [26/Jul/2020:10:10:00 +0800] "GET /xingrg/all/function/internal_message.html?_=1595729311269&CODE_STATE=getMsg HTTP/1.1" 200 27
180.175.214.200 - - [26/Jul/2020:10:10:00 +0800] "POST /xingrg/kc/buy/cgsh_order_operate.html HTTP/1.1" 200 12130
116.233.76.44 - - [26/Jul/2020:10:10:02 +0800] "GET /xingrg/check_reg.html?_=1595729445296 HTTP/1.1" 200 22
116.233.76.44 - - [26/Jul/2020:10:10:02 +0800] "GET /xingrg/all/function/internal_message.html?_=1595729445312&CODE_STATE=getMsg HTTP/1.1" 200 27
61.172.5.115 - - [26/Jul/2020:10:10:03 +0800] "GET /xingrg/kc/buy/cgsh_order_operate.html?command=get_materiel&rest_code=00105&code=00101009007&supplier_code=00100024&order_time=2020-07-26 HTTP/1.1" 200 408
116.230.146.118 - - [26/Jul/2020:10:10:14 +0800] "GET /xingrg/all/function/internal_message.html?_=1595729414993&CODE_STATE=getMsg HTTP/1.1" 200 27
61.172.5.115 - - [26/Jul/2020:10:10:15 +0800] "POST /xingrg/kc/buy/cgsh_order_operate.html HTTP/1.1" 200 37
61.172.5.115 - - [26/Jul/2020:10:10:17 +0800] "POST /xingrg/kc/buy/cgsh_order_operate.html HTTP/1.1" 200 7393
120.253.135.82 - - [26/Jul/2020:10:10:21 +0800] "GET /xingrg/check_reg.html?_=1595729175592 HTTP/1.1" 200 22
120.253.135.82 - - [26/Jul/2020:10:10:23 +0800] "GET /xingrg/all/function/internal_message.html?_=1595729177735&CODE_STATE=getMsg HTTP/1.1" 200 27
117.184.7.30 - - [26/Jul/2020:10:10:26 +0800] "GET /xingrg/all/function/internal_message.html?_=1595729426060&CODE_STATE=getMsg HTTP/1.1" 200 27
114.88.161.57 - - [26/Jul/2020:10:10:26 +0800] "GET /xingrg/all/function/internal_message.html?_=1595729423209&CODE_STATE=getMsg HTTP/1.1" 200 27
114.89.80.44 - - [26/Jul/2020:10:10:28 +0800] "GET /xingrg/all/function/internal_message.html?_=1595729426782&CODE_STATE=getMsg HTTP/1.1" 200 27
114.88.159.89 - - [26/Jul/2020:10:10:30 +0800] "GET /xingrg/all/function/internal_message.html?_=1595729093424&CODE_STATE=getMsg HTTP/1.1" 200 27
180.175.214.200 - - [26/Jul/2020:10:10:33 +0800] "GET /xingrg/all/function/internal_message.html?_=1595729640076&CODE_STATE=getMsg HTTP/1.1" 200 27
61.172.5.115 - - [26/Jul/2020:10:10:34 +0800] "GET /xingrg/kc/print/load_data.html?order_code=212020072610873&kc_code=cgsh&condition= HTTP/1.1" 200 2482
222.69.129.1 - - [26/Jul/2020:10:10:36 +0800] "GET /xingrg/kc/buy/cgsh_order_operate.html?command=get_materiel&rest_code=00149&code=00101004027&supplier_code=00100083&order_time=2020-07-26 HTTP/1.1" 200 409
58.40.7.146 - - [26/Jul/2020:10:10:36 +0800] "GET /xingrg/all/function/internal_message.html?_=1595729436673&CODE_STATE=getMsg HTTP/1.1" 200 27
114.89.80.44 - - [26/Jul/2020:10:10:37 +0800] "GET /xingrg/kc/buy/cgsh_order_operate.html?command=get_materiel&rest_code=00151&code=00101009016&supplier_code=00100096&order_time=2020-07-26 HTTP/1.1" 200 414
114.86.227.215 - - [26/Jul/2020:10:10:39 +0800] "GET /xingrg/all/function/internal_message.html?_=1595729448373&CODE_STATE=getMsg HTTP/1.1" 200 27
172.17.0.120 - - [26/Jul/2020:10:10:44 +0800] "GET /xingrg/all/function/internal_message.html?_=1595729444103&CODE_STATE=getMsg HTTP/1.1" 200 27
222.69.129.1 - - [26/Jul/2020:10:10:47 +0800] "GET /xingrg/all/function/internal_message.html?_=1595729447199&CODE_STATE=getMsg HTTP/1.1" 200 27
172.17.0.185 - - [26/Jul/2020:10:10:50 +0800] "GET /xingrg/all/function/internal_message.html?_=1595729448802&CODE_STATE=getMsg HTTP/1.1" 200 27
114.89.80.44 - - [26/Jul/2020:10:10:53 +0800] "GET /xingrg/all/function/internal_message.html?_=1595729576856&CODE_STATE=getMsg HTTP/1.1" 200 27
114.88.159.89 - - [26/Jul/2020:10:10:53 +0800] "GET /xingrg/all/function/internal_message.html?_=1595729473112&CODE_STATE=getMsg HTTP/1.1" 200 27
114.88.161.57 - - [26/Jul/2020:10:10:54 +0800] "GET /xingrg/all/function/internal_message.html?_=1595729487019&CODE_STATE=getMsg HTTP/1.1" 200 27
172.17.200.101 - - [26/Jul/2020:10:10:56 +0800] "GET /xingrg/all/function/internal_message.html?_=1595729456562&CODE_STATE=getMsg HTTP/1.1" 200 27
222.70.173.120 - - [26/Jul/2020:10:10:58 +0800] "GET /xingrg/all/function/internal_message.html?_=1595729459310&CODE_STATE=getMsg HTTP/1.1" 200 27
222.69.27.237 - - [26/Jul/2020:10:11:00 +0800] "GET /xingrg/all/function/internal_message.html?_=1595729371276&CODE_STATE=getMsg HTTP/1.1" 200 27
222.69.27.237 - - [26/Jul/2020:10:11:00 +0800] "GET /xingrg/check_reg.html?_=1595729371278 HTTP/1.1" 200 22
116.233.76.44 - - [26/Jul/2020:10:11:01 +0800] "GET /xingrg/all/function/internal_message.html?_=1595729505293&CODE_STATE=getMsg HTTP/1.1" 200 27
172.17.0.240 - - [26/Jul/2020:10:11:02 +0800] "GET /xingrg/index.html?sysBaseUrl=http%3A%2F%2F172.17.0.8%3A18081%2Fxingrg%2F&costTime=213×tamp=1585200360465 HTTP/1.1" 302 -
172.17.0.240 - - [26/Jul/2020:10:11:02 +0800] "GET /xingrg/login.html HTTP/1.1" 200 7636
172.17.0.240 - - [26/Jul/2020:10:11:02 +0800] "GET /xingrg/images/blue/jxLogo.png HTTP/1.1" 200 6156
172.17.0.240 - - [26/Jul/2020:10:11:03 +0800] "GET /xingrg/images/blue/login_bg.png HTTP/1.1" 200 22101
172.17.0.240 - - [26/Jul/2020:10:11:03 +0800] "GET /xingrg/images/blue/hj.png HTTP/1.1" 200 1014
172.17.0.240 - - [26/Jul/2020:10:11:03 +0800] "GET /xingrg/images/blue/srbg.png HTTP/1.1" 200 138
