61.172.5.115 - - [26/Jul/2020:10:32:20 +0800] "GET /xingrg/kc/buy/cgsh_order_operate.html?command=get_materiel&rest_code=00105&code=00101005015&supplier_code=00100312&order_time=2020-07-26 HTTP/1.1" 200 409
120.253.135.82 - - [26/Jul/2020:10:32:23 +0800] "GET /xingrg/all/function/internal_message.html?_=1595730498143&CODE_STATE=getMsg HTTP/1.1" 200 27
116.230.146.118 - - [26/Jul/2020:10:32:24 +0800] "GET /xingrg/all/function/internal_message.html?_=1595730745546&CODE_STATE=getMsg HTTP/1.1" 200 27
117.184.7.26 - - [26/Jul/2020:10:32:25 +0800] "GET /xingrg/all/function/internal_message.html?_=1595730745628&CODE_STATE=getMsg HTTP/1.1" 200 27
114.88.161.57 - - [26/Jul/2020:10:32:26 +0800] "GET /xingrg/all/function/internal_message.html?_=1595730743585&CODE_STATE=getMsg HTTP/1.1" 200 27
180.175.214.200 - - [26/Jul/2020:10:32:31 +0800] "GET /xingrg/all/function/internal_message.html?_=1595730750674&CODE_STATE=getMsg HTTP/1.1" 200 27
61.172.5.115 - - [26/Jul/2020:10:32:35 +0800] "GET /xingrg/kc/buy/cgsh_order_operate.html?command=get_materiel&rest_code=00105&code=00101005028&supplier_code=00100312&order_time=2020-07-26 HTTP/1.1" 200 409
180.175.214.200 - - [26/Jul/2020:10:32:36 +0800] "GET /xingrg/all/function/internal_message.html?_=1595730962865&CODE_STATE=getMsg HTTP/1.1" 200 27
58.40.7.146 - - [26/Jul/2020:10:32:36 +0800] "GET /xingrg/all/function/internal_message.html?_=1595730756690&CODE_STATE=getMsg HTTP/1.1" 200 27
61.172.5.115 - - [26/Jul/2020:10:32:38 +0800] "GET /xingrg/check_reg.html?_=1595730754424 HTTP/1.1" 200 22
116.233.76.44 - - [26/Jul/2020:10:32:38 +0800] "GET /xingrg/all/function/internal_message.html?_=1595730825721&CODE_STATE=getMsg HTTP/1.1" 200 27
114.86.227.215 - - [26/Jul/2020:10:32:39 +0800] "GET /xingrg/all/function/internal_message.html?_=1595730768372&CODE_STATE=getMsg HTTP/1.1" 200 27
120.253.135.82 - - [26/Jul/2020:10:32:43 +0800] "GET /favicon.ico HTTP/1.1" 404 -
172.17.0.123 - - [26/Jul/2020:10:32:43 +0800] "GET /xingrg/login.html HTTP/1.1" 200 7636
172.17.0.123 - - [26/Jul/2020:10:32:44 +0800] "GET /favicon.ico HTTP/1.1" 404 -
172.17.0.123 - - [26/Jul/2020:10:32:44 +0800] "GET /favicon.ico HTTP/1.1" 404 -
116.233.76.44 - - [26/Jul/2020:10:32:44 +0800] "GET /xingrg/kc/buy/cgsh_order_add.html HTTP/1.1" 200 59357
116.233.76.44 - - [26/Jul/2020:10:32:44 +0800] "GET /xingrg/words/20200726102233_words.js HTTP/1.1" 200 752896
116.233.76.44 - - [26/Jul/2020:10:32:44 +0800] "POST /xingrg/kc/buy/cgsh_order_operate.html HTTP/1.1" 200 8245
116.233.76.44 - - [26/Jul/2020:10:32:44 +0800] "GET /xingrg/all/common/auto_word.html?type=employee&rest_code=00109 HTTP/1.1" 200 255
116.233.76.44 - - [26/Jul/2020:10:32:44 +0800] "GET /xingrg/javascript/easyui/themes/default/validatebox.css HTTP/1.1" 404 1104
116.233.76.44 - - [26/Jul/2020:10:32:44 +0800] "GET /xingrg/all/common/auto_word.html?type=employee&rest_code=00109 HTTP/1.1" 200 255
116.233.76.44 - - [26/Jul/2020:10:32:46 +0800] "GET /xingrg/javascript/jquery_tools/images/prev.gif HTTP/1.1" 404 1086
116.233.76.44 - - [26/Jul/2020:10:32:46 +0800] "GET /xingrg/javascript/jquery_tools/images/next.gif HTTP/1.1" 404 1086
222.69.129.1 - - [26/Jul/2020:10:32:47 +0800] "GET /xingrg/all/function/internal_message.html?_=1595730767218&CODE_STATE=getMsg HTTP/1.1" 200 27
120.253.135.82 - - [26/Jul/2020:10:32:48 +0800] "GET /xingrg/login.html HTTP/1.1" 200 7641
172.17.0.123 - - [26/Jul/2020:10:32:48 +0800] "POST /xingrg/login.do HTTP/1.1" 302 -
172.17.0.123 - - [26/Jul/2020:10:32:48 +0800] "GET /xingrg/index.html?sysBaseUrl=http%3A%2F%2F172.17.0.8%3A18081%2Fxingrg%2F&costTime=37×tamp=1595730768156 HTTP/1.1" 200 17448
172.17.0.123 - - [26/Jul/2020:10:32:48 +0800] "POST /xingrg/login.do HTTP/1.1" 302 -
172.17.0.123 - - [26/Jul/2020:10:32:48 +0800] "GET /xingrg/index.html?sysBaseUrl=http%3A%2F%2F172.17.0.8%3A18081%2Fxingrg%2F&costTime=42×tamp=1595730768293 HTTP/1.1" 200 17448
172.17.0.123 - - [26/Jul/2020:10:32:48 +0800] "GET /favicon.ico HTTP/1.1" 404 -
172.17.0.123 - - [26/Jul/2020:10:32:48 +0800] "POST /xingrg/all/common/load_tree.html?tree=area_rest_tree_json&manage=1 HTTP/1.1" 200 3216
172.17.0.123 - - [26/Jul/2020:10:32:48 +0800] "GET /xingrg/all/function/internal_message.html?_=1595730705273&CODE_STATE=count HTTP/1.1" 200 11
172.17.0.123 - - [26/Jul/2020:10:32:48 +0800] "GET /xingrg/check_reg.html?_=1595730705274 HTTP/1.1" 200 22
172.17.0.123 - - [26/Jul/2020:10:32:48 +0800] "POST /xingrg/load_menu.html HTTP/1.1" 200 11408
120.253.135.82 - - [26/Jul/2020:10:32:49 +0800] "GET /favicon.ico HTTP/1.1" 404 -
172.17.0.185 - - [26/Jul/2020:10:32:50 +0800] "GET /xingrg/all/function/internal_message.html?_=1595730768795&CODE_STATE=getMsg HTTP/1.1" 200 27
116.233.76.44 - - [26/Jul/2020:10:32:51 +0800] "GET /xingrg/kc/buy/cgsh_order_operate.html?command=get_materiel&rest_code=00109&code=00101016030&supplier_code=00100151&order_time=2020-07-26 HTTP/1.1" 200 414
114.89.80.44 - - [26/Jul/2020:10:32:53 +0800] "GET /xingrg/all/function/internal_message.html?_=1595730897156&CODE_STATE=getMsg HTTP/1.1" 200 27
172.17.0.123 - - [26/Jul/2020:10:32:53 +0800] "GET /xingrg/system/supplier/kcSupplier.html?isKc=1 HTTP/1.1" 200 10904
114.88.159.89 - - [26/Jul/2020:10:32:53 +0800] "GET /xingrg/all/function/internal_message.html?_=1595730793189&CODE_STATE=getMsg HTTP/1.1" 200 27
172.17.0.123 - - [26/Jul/2020:10:32:54 +0800] "POST /xingrg/all/common/load_tree.html?tree=area_tree_json HTTP/1.1" 200 206
172.17.0.123 - - [26/Jul/2020:10:32:54 +0800] "POST /xingrg/all/common/load_tree.html?tree=supplier_sort_tree_json HTTP/1.1" 200 2511
172.17.0.123 - - [26/Jul/2020:10:32:54 +0800] "POST /xingrg/all/common/load_tree.html?tree=area_tree_json HTTP/1.1" 200 206
172.17.0.123 - - [26/Jul/2020:10:32:54 +0800] "POST /xingrg/all/common/load_tree.html?tree=supplier_sort_tree_json HTTP/1.1" 200 2511
172.17.0.123 - - [26/Jul/2020:10:32:54 +0800] "GET /xingrg/javascript/jquery_easy_ui/themes/default/images/button_plain_hover.png HTTP/1.1" 200 252
114.88.161.57 - - [26/Jul/2020:10:32:54 +0800] "GET /xingrg/all/function/internal_message.html?_=1595730807043&CODE_STATE=getMsg HTTP/1.1" 200 27
172.17.200.101 - - [26/Jul/2020:10:32:56 +0800] "GET /xingrg/all/function/internal_message.html?_=1595730776609&CODE_STATE=getMsg HTTP/1.1" 200 27
172.17.0.123 - - [26/Jul/2020:10:32:56 +0800] "POST /xingrg/system/supplier/kc_supplier_operate.html HTTP/1.1" 200 67104
61.172.5.115 - - [26/Jul/2020:10:32:56 +0800] "GET /xingrg/kc/buy/cgsh_order_operate.html?command=get_materiel&rest_code=00105&code=00101004023&supplier_code=00100312&order_time=2020-07-26 HTTP/1.1" 200 409
114.88.159.89 - - [26/Jul/2020:10:32:56 +0800] "GET /xingrg/check_reg.html?_=1595730439957 HTTP/1.1" 200 22
114.88.159.89 - - [26/Jul/2020:10:32:56 +0800] "GET /xingrg/all/function/internal_message.html?_=1595730439959&CODE_STATE=getMsg HTTP/1.1" 200 27
222.70.173.120 - - [26/Jul/2020:10:33:00 +0800] "GET /xingrg/all/function/internal_message.html?_=1595730780989&CODE_STATE=getMsg HTTP/1.1" 200 27
222.69.27.237 - - [26/Jul/2020:10:33:00 +0800] "GET /xingrg/all/function/internal_message.html?_=1595730691305&CODE_STATE=getMsg HTTP/1.1" 200 27
222.70.173.120 - - [26/Jul/2020:10:33:03 +0800] "GET /xingrg/kc/buy/cgsh_order_operate.html?command=get_materiel&rest_code=00146&code=00101008003&supplier_code=00100005&order_time=2020-07-26 HTTP/1.1" 200 408
116.233.76.44 - - [26/Jul/2020:10:33:03 +0800] "GET /xingrg/kc/buy/cgsh_order_operate.html?command=get_materiel&rest_code=00109&code=00101019673&supplier_code=00100151&order_time=2020-07-26 HTTP/1.1" 200 411
120.253.135.82 - - [26/Jul/2020:10:33:03 +0800] "POST /xingrg/login.do HTTP/1.1" 302 -
120.253.135.82 - - [26/Jul/2020:10:33:04 +0800] "GET /xingrg/index.html?sysBaseUrl=http%3A%2F%2F180.169.147.146%3A18081%2Fxingrg%2F&costTime=41×tamp=1595730783991 HTTP/1.1" 200 17173
120.253.135.82 - - [26/Jul/2020:10:33:04 +0800] "GET /xingrg/javascript/jquery_easy_ui/themes/icon.css HTTP/1.1" 304 -
120.253.135.82 - - [26/Jul/2020:10:33:04 +0800] "GET /xingrg/javascript/jquery_easy_ui/themes/default/easyui.css HTTP/1.1" 304 -
120.253.135.82 - - [26/Jul/2020:10:33:04 +0800] "GET /xingrg/javascript/jquery-1.4.2.min.js HTTP/1.1" 304 -
120.253.135.82 - - [26/Jul/2020:10:33:04 +0800] "GET /xingrg/javascript/jquery.timers.js HTTP/1.1" 304 -
120.253.135.82 - - [26/Jul/2020:10:33:04 +0800] "GET /xingrg/javascript/jquery_easy_ui/jquery.easyui.min.js HTTP/1.1" 304 -
120.253.135.82 - - [26/Jul/2020:10:33:04 +0800] "GET /xingrg/css/form.css HTTP/1.1" 304 -
120.253.135.82 - - [26/Jul/2020:10:33:04 +0800] "GET /xingrg/javascript/jquery.form.js HTTP/1.1" 304 -
120.253.135.82 - - [26/Jul/2020:10:33:04 +0800] "GET /xingrg/javascript/jquery.utils.js HTTP/1.1" 304 -
120.253.135.82 - - [26/Jul/2020:10:33:04 +0800] "GET /xingrg/javascript/jquery_easy_ui/easyui-lang-zh_CN.js HTTP/1.1" 304 -
120.253.135.82 - - [26/Jul/2020:10:33:04 +0800] "POST /xingrg/all/common/load_tree.html?tree=area_rest_tree_json&manage=1 HTTP/1.1" 200 344
120.253.135.82 - - [26/Jul/2020:10:33:04 +0800] "GET /xingrg/all/function/internal_message.html?_=1595730909392&CODE_STATE=count HTTP/1.1" 200 11
120.253.135.82 - - [26/Jul/2020:10:33:04 +0800] "GET /xingrg/check_reg.html?_=1595730909394 HTTP/1.1" 200 22
120.253.135.82 - - [26/Jul/2020:10:33:04 +0800] "GET /favicon.ico HTTP/1.1" 404 -
120.253.135.82 - - [26/Jul/2020:10:33:04 +0800] "POST /xingrg/load_menu.html HTTP/1.1" 200 6743
172.17.0.120 - - [26/Jul/2020:10:33:11 +0800] "GET /xingrg/all/function/internal_message.html?_=1595730791601&CODE_STATE=getMsg HTTP/1.1" 200 27
120.253.135.82 - - [26/Jul/2020:10:33:12 +0800] "GET /xingrg/kc/pszx/mdqp_order_list.html?state=10 HTTP/1.1" 200 10559
120.253.135.82 - - [26/Jul/2020:10:33:12 +0800] "GET /xingrg/css/blue.css HTTP/1.1" 304 -
120.253.135.82 - - [26/Jul/2020:10:33:12 +0800] "GET /xingrg/javascript/pic_change.js HTTP/1.1" 304 -
120.253.135.82 - - [26/Jul/2020:10:33:12 +0800] "GET /xingrg/dwr/engine.js HTTP/1.1" 200 8212
120.253.135.82 - - [26/Jul/2020:10:33:12 +0800] "GET /xingrg/kc/pszx/mdqp_order_list.html?state=10 HTTP/1.1" 200 10559
120.253.135.82 - - [26/Jul/2020:10:33:12 +0800] "GET /xingrg/dwr/util.js HTTP/1.1" 304 -
120.253.135.82 - - [26/Jul/2020:10:33:12 +0800] "GET /xingrg/javascript/Calendar.js HTTP/1.1" 304 -
120.253.135.82 - - [26/Jul/2020:10:33:12 +0800] "GET /xingrg/javascript/myfunction.js HTTP/1.1" 304 -
120.253.135.82 - - [26/Jul/2020:10:33:12 +0800] "GET /xingrg/dwr/interface/AjaxReportQueryService.js HTTP/1.1" 200 13203
120.253.135.82 - - [26/Jul/2020:10:33:12 +0800] "GET /xingrg/dwr/interface/AjaxQqpsService.js HTTP/1.1" 200 16326
120.253.135.82 - - [26/Jul/2020:10:33:12 +0800] "GET /xingrg/dwr/engine.js HTTP/1.1" 200 43631
120.253.135.82 - - [26/Jul/2020:10:33:12 +0800] "GET /xingrg/javascript/jquery_easy_ui/themes/icons/check_new.png HTTP/1.1" 304 -
120.253.135.82 - - [26/Jul/2020:10:33:12 +0800] "GET /xingrg/javascript/jquery_easy_ui/themes/icons/uncheck_new.png HTTP/1.1" 304 -
120.253.135.82 - - [26/Jul/2020:10:33:12 +0800] "GET /xingrg/javascript/jquery_easy_ui/themes/icons/back_new.png HTTP/1.1" 304 -
114.89.80.44 - - [26/Jul/2020:10:33:14 +0800] "GET /xingrg/all/function/internal_message.html?_=1595730792821&CODE_STATE=getMsg HTTP/1.1" 200 27
116.230.146.118 - - [26/Jul/2020:10:33:15 +0800] "GET /xingrg/check_reg.html?_=1595730795136 HTTP/1.1" 200 22
120.253.135.82 - - [26/Jul/2020:10:33:15 +0800] "GET /xingrg/kc/pszx/mdqp_order_info.html?code=302020072600501 HTTP/1.1" 200 13338
120.253.135.82 - - [26/Jul/2020:10:33:15 +0800] "GET /xingrg/javascript/auto/jquery.autocomplete.js HTTP/1.1" 304 -
120.253.135.82 - - [26/Jul/2020:10:33:15 +0800] "GET /xingrg/javascript/tools/jquery.qtip-1.0.0-rc3.min.js HTTP/1.1" 304 -
120.253.135.82 - - [26/Jul/2020:10:33:15 +0800] "GET /xingrg/javascript/ToolTips.js HTTP/1.1" 304 -
120.253.135.82 - - [26/Jul/2020:10:33:15 +0800] "GET /xingrg/javascript/checkform.js HTTP/1.1" 304 -
120.253.135.82 - - [26/Jul/2020:10:33:15 +0800] "GET /xingrg/javascript/AjaxInfoList.js HTTP/1.1" 304 -
120.253.135.82 - - [26/Jul/2020:10:33:15 +0800] "GET /xingrg/dwr/interface/AjaxComOrderService.js HTTP/1.1" 200 18264
120.253.135.82 - - [26/Jul/2020:10:33:15 +0800] "GET /xingrg/javascript/Grid.js HTTP/1.1" 304 -
120.253.135.82 - - [26/Jul/2020:10:33:15 +0800] "GET /xingrg/javascript/print/kc_print.js HTTP/1.1" 304 -
120.253.135.82 - - [26/Jul/2020:10:33:15 +0800] "GET /xingrg/javascript/print/LodopFuncs.js HTTP/1.1" 304 -
120.253.135.82 - - [26/Jul/2020:10:33:15 +0800] "GET /xingrg/dwr/interface/AjaxQqpsService.js HTTP/1.1" 200 16326
120.253.135.82 - - [26/Jul/2020:10:33:15 +0800] "GET /xingrg/dwr/engine.js HTTP/1.1" 200 43631
120.253.135.82 - - [26/Jul/2020:10:33:15 +0800] "GET /xingrg/javascript/jquery_easy_ui/themes/icons/print.png HTTP/1.1" 304 -
120.253.135.82 - - [26/Jul/2020:10:33:15 +0800] "GET /xingrg/javascript/jquery_easy_ui/themes/default/images/menu_downarrow.png HTTP/1.1" 304 -
120.253.135.82 - - [26/Jul/2020:10:33:15 +0800] "GET /xingrg/images/blue/kc_tab_left.gif HTTP/1.1" 304 -
120.253.135.82 - - [26/Jul/2020:10:33:15 +0800] "GET /xingrg/images/blue/kc_tab_mid.gif HTTP/1.1" 304 -
120.253.135.82 - - [26/Jul/2020:10:33:15 +0800] "GET /xingrg/images/blue/button/kc_tab_edit.gif HTTP/1.1" 304 -
120.253.135.82 - - [26/Jul/2020:10:33:15 +0800] "GET /xingrg/images/blue/button/kc_tab_save.gif HTTP/1.1" 304 -
120.253.135.82 - - [26/Jul/2020:10:33:15 +0800] "GET /xingrg/images/blue/kc_tab_right.gif HTTP/1.1" 304 -
120.253.135.82 - - [26/Jul/2020:10:33:15 +0800] "GET /xingrg/images/blue/kc_tab2_left.gif HTTP/1.1" 304 -
120.253.135.82 - - [26/Jul/2020:10:33:15 +0800] "GET /xingrg/images/blue/kc_tab2_right.gif HTTP/1.1" 304 -
120.253.135.82 - - [26/Jul/2020:10:33:15 +0800] "GET /xingrg/images/blue/wait.gif HTTP/1.1" 304 -
120.253.135.82 - - [26/Jul/2020:10:33:15 +0800] "POST /xingrg/dwr/call/plaincall/AjaxQqpsService.loadMaterielItems.dwr HTTP/1.1" 200 338
222.70.173.120 - - [26/Jul/2020:10:33:15 +0800] "GET /xingrg/kc/buy/cgsh_order_operate.html?command=get_materiel&rest_code=00146&code=00101008321&supplier_code=00100005&order_time=2020-07-26 HTTP/1.1" 200 412
116.230.146.118 - - [26/Jul/2020:10:33:16 +0800] "GET /xingrg/all/function/internal_message.html?_=1595730796109&CODE_STATE=getMsg HTTP/1.1" 200 27
120.253.135.82 - - [26/Jul/2020:10:33:23 +0800] "GET /xingrg/all/function/internal_message.html?_=1595730558157&CODE_STATE=getMsg HTTP/1.1" 200 27
116.230.146.118 - - [26/Jul/2020:10:33:24 +0800] "GET /xingrg/all/function/internal_message.html?_=1595730805547&CODE_STATE=getMsg HTTP/1.1" 200 27
117.184.7.26 - - [26/Jul/2020:10:33:25 +0800] "GET /xingrg/all/function/internal_message.html?_=1595730805615&CODE_STATE=getMsg HTTP/1.1" 200 27
114.88.161.57 - - [26/Jul/2020:10:33:26 +0800] "GET /xingrg/all/function/internal_message.html?_=1595730803611&CODE_STATE=getMsg HTTP/1.1" 200 27
222.70.173.120 - - [26/Jul/2020:10:33:28 +0800] "GET /xingrg/kc/buy/cgsh_order_operate.html?command=get_materiel&rest_code=00146&code=00101008212&supplier_code=00100005&order_time=2020-07-26 HTTP/1.1" 200 412
61.172.5.115 - - [26/Jul/2020:10:33:30 +0800] "POST /xingrg/kc/buy/cgsh_order_operate.html HTTP/1.1" 200 37
61.172.5.115 - - [26/Jul/2020:10:33:31 +0800] "POST /xingrg/kc/buy/cgsh_order_operate.html HTTP/1.1" 200 6197
180.175.214.200 - - [26/Jul/2020:10:33:31 +0800] "GET /xingrg/all/function/internal_message.html?_=1595730810693&CODE_STATE=getMsg HTTP/1.1" 200 27
61.172.5.115 - - [26/Jul/2020:10:33:33 +0800] "GET /xingrg/kc/print/load_data.html?order_code=212020072610890&kc_code=cgsh&condition= HTTP/1.1" 200 2011
101.89.239.216 - - [26/Jul/2020:10:33:34 +0800] "GET /xingrg/all/function/internal_message.html?_=1595730133165&CODE_STATE=getMsg HTTP/1.1" 302 -
116.233.76.44 - - [26/Jul/2020:10:33:36 +0800] "GET /xingrg/all/function/internal_message.html?_=1595730885728&CODE_STATE=getMsg HTTP/1.1" 200 27
58.40.7.146 - - [26/Jul/2020:10:33:36 +0800] "GET /xingrg/all/function/internal_message.html?_=1595730816695&CODE_STATE=getMsg HTTP/1.1" 200 27
58.40.7.146 - - [26/Jul/2020:10:33:36 +0800] "GET /xingrg/check_reg.html?_=1595730816696 HTTP/1.1" 200 22
180.175.214.200 - - [26/Jul/2020:10:33:37 +0800] "GET /xingrg/all/function/internal_message.html?_=1595731023516&CODE_STATE=getMsg HTTP/1.1" 200 27
114.86.227.215 - - [26/Jul/2020:10:33:39 +0800] "GET /xingrg/all/function/internal_message.html?_=1595730828361&CODE_STATE=getMsg HTTP/1.1" 200 27
114.89.80.44 - - [26/Jul/2020:10:33:41 +0800] "GET /xingrg/check_reg.html?_=1595730945133 HTTP/1.1" 200 22
116.233.76.44 - - [26/Jul/2020:10:33:42 +0800] "POST /xingrg/kc/buy/cgsh_order_operate.html HTTP/1.1" 200 37
222.70.173.120 - - [26/Jul/2020:10:33:43 +0800] "GET /xingrg/kc/buy/cgsh_order_operate.html?command=get_materiel&rest_code=00146&code=00101008005&supplier_code=00100005&order_time=2020-07-26 HTTP/1.1" 200 412
116.233.76.44 - - [26/Jul/2020:10:33:43 +0800] "POST /xingrg/kc/buy/cgsh_order_operate.html HTTP/1.1" 200 2669
116.233.76.44 - - [26/Jul/2020:10:33:44 +0800] "GET /xingrg/kc/print/load_config.html?kc_code=cgsh HTTP/1.1" 200 1845
101.89.239.216 - - [26/Jul/2020:10:33:44 +0800] "GET /xingrg/login.html HTTP/1.1" 200 7641
116.233.76.44 - - [26/Jul/2020:10:33:44 +0800] "GET /xingrg/kc/print/load_data.html?order_code=212020072610891&kc_code=cgsh&condition= HTTP/1.1" 200 648
120.253.135.82 - - [26/Jul/2020:10:33:45 +0800] "GET /xingrg/kc/pszx/mdqp_order_list.html?state=10 HTTP/1.1" 200 10559
120.253.135.82 - - [26/Jul/2020:10:33:45 +0800] "GET /xingrg/dwr/interface/AjaxReportQueryService.js HTTP/1.1" 200 13203
120.253.135.82 - - [26/Jul/2020:10:33:45 +0800] "GET /xingrg/dwr/interface/AjaxQqpsService.js HTTP/1.1" 200 16326
120.253.135.82 - - [26/Jul/2020:10:33:45 +0800] "GET /xingrg/dwr/engine.js HTTP/1.1" 200 43631
120.253.135.82 - - [26/Jul/2020:10:33:46 +0800] "GET /xingrg/kc/pszx/mdqp_order_list.html?state=10 HTTP/1.1" 200 10559
120.253.135.82 - - [26/Jul/2020:10:33:46 +0800] "GET /xingrg/dwr/interface/AjaxReportQueryService.js HTTP/1.1" 200 13203
120.253.135.82 - - [26/Jul/2020:10:33:46 +0800] "GET /xingrg/dwr/interface/AjaxQqpsService.js HTTP/1.1" 200 16326
222.69.129.1 - - [26/Jul/2020:10:33:47 +0800] "GET /xingrg/all/function/internal_message.html?_=1595730827218&CODE_STATE=getMsg HTTP/1.1" 200 27
172.17.0.123 - - [26/Jul/2020:10:33:48 +0800] "GET /xingrg/all/function/internal_message.html?_=1595730765291&CODE_STATE=getMsg HTTP/1.1" 200 27
120.253.135.82 - - [26/Jul/2020:10:33:49 +0800] "GET /xingrg/kc/pszx/mdps_order_list.html?orderType=0 HTTP/1.1" 200 21018
120.253.135.82 - - [26/Jul/2020:10:33:49 +0800] "GET /xingrg/css/base.css HTTP/1.1" 304 -
120.253.135.82 - - [26/Jul/2020:10:33:49 +0800] "GET /xingrg/css/site.css HTTP/1.1" 304 -
120.253.135.82 - - [26/Jul/2020:10:33:49 +0800] "GET /xingrg/javascript/jquery_tools/datebox.css HTTP/1.1" 304 -
120.253.135.82 - - [26/Jul/2020:10:33:49 +0800] "GET /xingrg/javascript/easyui/themes/default/easyui.css HTTP/1.1" 304 -
120.253.135.82 - - [26/Jul/2020:10:33:49 +0800] "GET /xingrg/javascript/jquery_tools/jquery.tools.hotkey.js HTTP/1.1" 304 -
120.253.135.82 - - [26/Jul/2020:10:33:49 +0800] "GET /xingrg/javascript/jquery_tools/jquery.tools.table.js HTTP/1.1" 304 -
120.253.135.82 - - [26/Jul/2020:10:33:49 +0800] "GET /xingrg/javascript/jquery_tools/table.css HTTP/1.1" 304 -
120.253.135.82 - - [26/Jul/2020:10:33:49 +0800] "GET /xingrg/javascript/easyui/easyloader.js HTTP/1.1" 304 -
120.253.135.82 - - [26/Jul/2020:10:33:49 +0800] "GET /xingrg/javascript/jquery_tools/fix.css HTTP/1.1" 304 -
120.253.135.82 - - [26/Jul/2020:10:33:49 +0800] "GET /xingrg/javascript/easyui/themes/icon.css HTTP/1.1" 304 -
120.253.135.82 - - [26/Jul/2020:10:33:49 +0800] "GET /xingrg/javascript/auto/jquery.autocomplete.css HTTP/1.1" 304 -
120.253.135.82 - - [26/Jul/2020:10:33:49 +0800] "GET /xingrg/javascript/jquery_tools/list_manager.js HTTP/1.1" 304 -
120.253.135.82 - - [26/Jul/2020:10:33:49 +0800] "GET /xingrg/javascript/jquery_tools/jquery.tools.min.js HTTP/1.1" 304 -
120.253.135.82 - - [26/Jul/2020:10:33:49 +0800] "GET /xingrg/javascript/jquery_tools/jquery.tools.extend.js HTTP/1.1" 304 -
120.253.135.82 - - [26/Jul/2020:10:33:49 +0800] "GET /xingrg/javascript/jquery.cookie.js HTTP/1.1" 304 -
120.253.135.82 - - [26/Jul/2020:10:33:50 +0800] "GET /xingrg/javascript/easyui/themes/icons/uncheck_new.png HTTP/1.1" 304 -
120.253.135.82 - - [26/Jul/2020:10:33:50 +0800] "GET /xingrg/javascript/easyui/plugins/jquery.parser.js HTTP/1.1" 304 -
172.17.0.185 - - [26/Jul/2020:10:33:50 +0800] "GET /xingrg/all/function/internal_message.html?_=1595730828797&CODE_STATE=getMsg HTTP/1.1" 200 27
120.253.135.82 - - [26/Jul/2020:10:33:50 +0800] "POST /xingrg/kc/pszx/mdps_list_operate.html HTTP/1.1" 200 5546
114.89.80.44 - - [26/Jul/2020:10:33:53 +0800] "GET /xingrg/all/function/internal_message.html?_=1595730957162&CODE_STATE=getMsg HTTP/1.1" 200 27
114.88.159.89 - - [26/Jul/2020:10:33:53 +0800] "GET /xingrg/all/function/internal_message.html?_=1595730853189&CODE_STATE=getMsg HTTP/1.1" 200 27
114.88.161.57 - - [26/Jul/2020:10:33:54 +0800] "GET /xingrg/all/function/internal_message.html?_=1595730867039&CODE_STATE=getMsg HTTP/1.1" 200 27
222.70.173.120 - - [26/Jul/2020:10:33:56 +0800] "GET /xingrg/kc/buy/cgsh_order_operate.html?command=get_materiel&rest_code=00146&code=00101008359&supplier_code=00100005&order_time=2020-07-26 HTTP/1.1" 200 408
172.17.200.101 - - [26/Jul/2020:10:33:56 +0800] "GET /xingrg/all/function/internal_message.html?_=1595730836610&CODE_STATE=getMsg HTTP/1.1" 200 27
114.88.159.89 - - [26/Jul/2020:10:33:56 +0800] "GET /xingrg/all/function/internal_message.html?_=1595730499942&CODE_STATE=getMsg HTTP/1.1" 200 27
222.70.173.120 - - [26/Jul/2020:10:33:59 +0800] "GET /xingrg/check_reg.html?_=1595730839703 HTTP/1.1" 200 22
114.89.80.44 - - [26/Jul/2020:10:34:00 +0800] "POST /xingrg/kc/buy/cgsh_order_operate.html HTTP/1.1" 200 37
222.70.173.120 - - [26/Jul/2020:10:34:00 +0800] "GET /xingrg/all/function/internal_message.html?_=1595730841034&CODE_STATE=getMsg HTTP/1.1" 200 27
222.69.27.237 - - [26/Jul/2020:10:34:00 +0800] "GET /xingrg/all/function/internal_message.html?_=1595730751305&CODE_STATE=getMsg HTTP/1.1" 200 27
114.89.80.44 - - [26/Jul/2020:10:34:01 +0800] "POST /xingrg/kc/buy/cgsh_order_operate.html HTTP/1.1" 200 12
114.89.80.44 - - [26/Jul/2020:10:34:02 +0800] "GET /xingrg/kc/buy/cgsh_order_info.html?code=212020072610876 HTTP/1.1" 200 53851
114.89.80.44 - - [26/Jul/2020:10:34:02 +0800] "GET /xingrg/words/20200726102233_words.js HTTP/1.1" 304 -
114.89.80.44 - - [26/Jul/2020:10:34:02 +0800] "GET /xingrg/javascript/easyui/themes/default/validatebox.css HTTP/1.1" 404 1104
114.89.80.44 - - [26/Jul/2020:10:34:03 +0800] "POST /xingrg/kc/buy/cgsh_order_operate.html HTTP/1.1" 200 9503
114.89.80.44 - - [26/Jul/2020:10:34:04 +0800] "GET /xingrg/kc/print/load_data.html?order_code=212020072610876&kc_code=cgsh&condition= HTTP/1.1" 200 4045
120.253.135.82 - - [26/Jul/2020:10:34:04 +0800] "GET /xingrg/all/function/internal_message.html?_=1595730969399&CODE_STATE=getMsg HTTP/1.1" 200 27
117.184.7.26 - - [26/Jul/2020:10:34:07 +0800] "GET /xingrg/login.html HTTP/1.1" 200 7641
117.184.7.26 - - [26/Jul/2020:10:34:07 +0800] "GET /favicon.ico HTTP/1.1" 404 -
222.70.173.120 - - [26/Jul/2020:10:34:09 +0800] "GET /xingrg/kc/buy/cgsh_order_operate.html?command=get_materiel&rest_code=00146&code=00101016122&supplier_code=00100005&order_time=2020-07-26 HTTP/1.1" 200 395
61.172.5.115 - - [26/Jul/2020:10:34:09 +0800] "GET /xingrg/kc/buy/cgsh_order_add.html HTTP/1.1" 200 59316
58.40.7.146 - - [26/Jul/2020:10:34:09 +0800] "GET /xingrg/check_reg.html?_=1595730849436 HTTP/1.1" 200 22
61.172.5.115 - - [26/Jul/2020:10:34:09 +0800] "GET /xingrg/words/20200726102233_words.js HTTP/1.1" 304 -
117.184.7.26 - - [26/Jul/2020:10:34:09 +0800] "POST /xingrg/login.do HTTP/1.1" 302 -
117.184.7.26 - - [26/Jul/2020:10:34:09 +0800] "GET /xingrg/index.html?sysBaseUrl=http%3A%2F%2F180.169.147.146%3A18081%2Fxingrg%2F&costTime=38×tamp=1595730849707 HTTP/1.1" 200 17179
61.172.5.115 - - [26/Jul/2020:10:34:09 +0800] "POST /xingrg/kc/buy/cgsh_order_operate.html HTTP/1.1" 200 8245
117.184.7.26 - - [26/Jul/2020:10:34:09 +0800] "GET /xingrg/javascript/jquery_easy_ui/themes/default/easyui.css HTTP/1.1" 304 -
61.172.5.115 - - [26/Jul/2020:10:34:09 +0800] "GET /xingrg/javascript/easyui/themes/default/validatebox.css HTTP/1.1" 404 1104
117.184.7.26 - - [26/Jul/2020:10:34:09 +0800] "GET /xingrg/javascript/jquery.utils.js HTTP/1.1" 304 -
117.184.7.30 - - [26/Jul/2020:10:34:09 +0800] "GET /xingrg/css/form.css HTTP/1.1" 304 -
117.184.7.30 - - [26/Jul/2020:10:34:09 +0800] "GET /xingrg/javascript/jquery_easy_ui/themes/icon.css HTTP/1.1" 304 -
117.184.7.30 - - [26/Jul/2020:10:34:09 +0800] "GET /xingrg/javascript/jquery_easy_ui/easyui-lang-zh_CN.js HTTP/1.1" 304 -
117.184.7.30 - - [26/Jul/2020:10:34:09 +0800] "GET /xingrg/javascript/jquery-1.4.2.min.js HTTP/1.1" 304 -
117.184.7.30 - - [26/Jul/2020:10:34:09 +0800] "GET /xingrg/javascript/jquery.form.js HTTP/1.1" 304 -
117.184.7.30 - - [26/Jul/2020:10:34:09 +0800] "GET /xingrg/javascript/jquery_easy_ui/jquery.easyui.min.js HTTP/1.1" 304 -
117.184.7.30 - - [26/Jul/2020:10:34:09 +0800] "GET /xingrg/javascript/jquery.timers.js HTTP/1.1" 304 -
117.184.7.30 - - [26/Jul/2020:10:34:09 +0800] "GET /favicon.ico HTTP/1.1" 404 -
117.184.7.26 - - [26/Jul/2020:10:34:10 +0800] "POST /xingrg/all/common/load_tree.html?tree=area_rest_tree_json&manage=1 HTTP/1.1" 200 470
117.184.7.30 - - [26/Jul/2020:10:34:10 +0800] "GET /xingrg/all/function/internal_message.html?_=1595730849919&CODE_STATE=count HTTP/1.1" 200 11
117.184.7.30 - - [26/Jul/2020:10:34:10 +0800] "GET /xingrg/check_reg.html?_=1595730849920 HTTP/1.1" 200 22
117.184.7.30 - - [26/Jul/2020:10:34:10 +0800] "POST /xingrg/load_menu.html HTTP/1.1" 200 5138
172.17.0.120 - - [26/Jul/2020:10:34:11 +0800] "GET /xingrg/check_reg.html?_=1595730851598 HTTP/1.1" 200 22
172.17.0.120 - - [26/Jul/2020:10:34:11 +0800] "GET /xingrg/all/function/internal_message.html?_=1595730851609&CODE_STATE=getMsg HTTP/1.1" 200 27
114.89.80.44 - - [26/Jul/2020:10:34:14 +0800] "GET /xingrg/all/function/internal_message.html?_=1595730852832&CODE_STATE=getMsg HTTP/1.1" 200 27
116.230.146.118 - - [26/Jul/2020:10:34:15 +0800] "GET /xingrg/all/function/internal_message.html?_=1595730856093&CODE_STATE=getMsg HTTP/1.1" 200 27
114.88.161.57 - - [26/Jul/2020:10:34:16 +0800] "GET /xingrg/check_reg.html?_=1595730852928 HTTP/1.1" 200 22
117.184.7.26 - - [26/Jul/2020:10:34:21 +0800] "POST /xingrg/all/user/operate.html HTTP/1.1" 200 36
117.184.7.26 - - [26/Jul/2020:10:34:21 +0800] "GET /xingrg/index.html?sysBaseUrl=http%3A%2F%2F180.169.147.146%3A18081%2Fxingrg%2F&costTime=38×tamp=1595730849707 HTTP/1.1" 200 17173
117.184.7.26 - - [26/Jul/2020:10:34:21 +0800] "GET /xingrg/javascript/jquery_easy_ui/themes/default/easyui.css HTTP/1.1" 304 -
117.184.7.26 - - [26/Jul/2020:10:34:21 +0800] "GET /xingrg/javascript/jquery_easy_ui/themes/icon.css HTTP/1.1" 304 -
117.184.7.26 - - [26/Jul/2020:10:34:21 +0800] "GET /xingrg/css/form.css HTTP/1.1" 304 -
117.184.7.26 - - [26/Jul/2020:10:34:21 +0800] "GET /xingrg/javascript/jquery-1.4.2.min.js HTTP/1.1" 304 -
117.184.7.26 - - [26/Jul/2020:10:34:21 +0800] "GET /xingrg/javascript/jquery_easy_ui/jquery.easyui.min.js HTTP/1.1" 304 -
117.184.7.26 - - [26/Jul/2020:10:34:21 +0800] "GET /xingrg/javascript/jquery_easy_ui/easyui-lang-zh_CN.js HTTP/1.1" 304 -
117.184.7.26 - - [26/Jul/2020:10:34:21 +0800] "GET /xingrg/javascript/jquery.form.js HTTP/1.1" 304 -
117.184.7.26 - - [26/Jul/2020:10:34:21 +0800] "GET /xingrg/javascript/jquery.utils.js HTTP/1.1" 304 -
117.184.7.26 - - [26/Jul/2020:10:34:21 +0800] "GET /xingrg/javascript/jquery.timers.js HTTP/1.1" 304 -
117.184.7.26 - - [26/Jul/2020:10:34:21 +0800] "GET /xingrg/images/blue/jxLogo.png HTTP/1.1" 304 -
117.184.7.30 - - [26/Jul/2020:10:34:21 +0800] "GET /xingrg/images/blue/navBackgound.jpg HTTP/1.1" 304 -
117.184.7.30 - - [26/Jul/2020:10:34:21 +0800] "GET /xingrg/javascript/jquery_easy_ui/themes/icons/settle_new.png HTTP/1.1" 304 -
117.184.7.26 - - [26/Jul/2020:10:34:21 +0800] "POST /xingrg/all/common/load_tree.html?tree=area_rest_tree_json&manage=1 HTTP/1.1" 200 470
117.184.7.30 - - [26/Jul/2020:10:34:21 +0800] "GET /xingrg/images/blue/pingpu.png HTTP/1.1" 304 -
117.184.7.26 - - [26/Jul/2020:10:34:21 +0800] "GET /xingrg/javascript/jquery_easy_ui/themes/default/images/tabs_rightarrow.png HTTP/1.1" 304 -
117.184.7.30 - - [26/Jul/2020:10:34:21 +0800] "GET /xingrg/javascript/jquery_easy_ui/themes/default/images/tabs_leftarrow.png HTTP/1.1" 304 -
117.184.7.30 - - [26/Jul/2020:10:34:21 +0800] "GET /xingrg/javascript/jquery_easy_ui/themes/default/images/panel_tool_collapse.gif HTTP/1.1" 304 -
117.184.7.30 - - [26/Jul/2020:10:34:21 +0800] "GET /xingrg/all/function/internal_message.html?_=1595730861396&CODE_STATE=count HTTP/1.1" 200 11
117.184.7.30 - - [26/Jul/2020:10:34:21 +0800] "GET /xingrg/check_reg.html?_=1595730861397 HTTP/1.1" 200 22
117.184.7.26 - - [26/Jul/2020:10:34:21 +0800] "POST /xingrg/load_menu.html HTTP/1.1" 200 5138
120.253.135.82 - - [26/Jul/2020:10:34:23 +0800] "GET /xingrg/all/function/internal_message.html?_=1595730618169&CODE_STATE=getMsg HTTP/1.1" 200 27
117.184.7.30 - - [26/Jul/2020:10:34:24 +0800] "GET /xingrg/kc/buy/buy_main.html HTTP/1.1" 200 12412
117.184.7.26 - - [26/Jul/2020:10:34:24 +0800] "GET /xingrg/css/new_ie.css HTTP/1.1" 404 1036
117.184.7.30 - - [26/Jul/2020:10:34:24 +0800] "GET /xingrg/css/blue.css HTTP/1.1" 304 -
117.184.7.30 - - [26/Jul/2020:10:34:24 +0800] "GET /xingrg/javascript/jquery_ui/themes/humanity/humanity.css HTTP/1.1" 304 -
117.184.7.30 - - [26/Jul/2020:10:34:24 +0800] "GET /xingrg/javascript/pic_change.js HTTP/1.1" 304 -
117.184.7.30 - - [26/Jul/2020:10:34:24 +0800] "GET /xingrg/javascript/ToolTips.js HTTP/1.1" 304 -
117.184.7.30 - - [26/Jul/2020:10:34:24 +0800] "GET /xingrg/javascript/myfunction.js HTTP/1.1" 304 -
117.184.7.30 - - [26/Jul/2020:10:34:24 +0800] "GET /xingrg/javascript/jquery_ui/jquery-ui.min.js HTTP/1.1" 304 -
116.230.146.118 - - [26/Jul/2020:10:34:24 +0800] "GET /xingrg/check_reg.html?_=1595730865536 HTTP/1.1" 200 22
116.230.146.118 - - [26/Jul/2020:10:34:24 +0800] "GET /xingrg/all/function/internal_message.html?_=1595730865539&CODE_STATE=getMsg HTTP/1.1" 200 27
117.184.7.30 - - [26/Jul/2020:10:34:25 +0800] "GET /xingrg/images/yd/bt.gif HTTP/1.1" 404 1040
117.184.7.30 - - [26/Jul/2020:10:34:25 +0800] "GET /xingrg/css/site.css HTTP/1.1" 304 -
117.184.7.30 - - [26/Jul/2020:10:34:25 +0800] "GET /xingrg/css/base.css HTTP/1.1" 304 -
117.184.7.30 - - [26/Jul/2020:10:34:25 +0800] "GET /xingrg/javascript/jquery_tools/datebox.css HTTP/1.1" 304 -
117.184.7.30 - - [26/Jul/2020:10:34:25 +0800] "GET /xingrg/javascript/easyui/themes/icon.css HTTP/1.1" 304 -
117.184.7.30 - - [26/Jul/2020:10:34:25 +0800] "GET /xingrg/kc/buy/cgsh_order_list.html HTTP/1.1" 200 43578
117.184.7.30 - - [26/Jul/2020:10:34:25 +0800] "GET /xingrg/javascript/easyui/themes/default/easyui.css HTTP/1.1" 304 -
117.184.7.30 - - [26/Jul/2020:10:34:25 +0800] "GET /xingrg/javascript/auto/jquery.autocomplete.css HTTP/1.1" 304 -
117.184.7.30 - - [26/Jul/2020:10:34:25 +0800] "GET /xingrg/javascript/jquery_tools/fix.css HTTP/1.1" 304 -
117.184.7.30 - - [26/Jul/2020:10:34:25 +0800] "GET /xingrg/javascript/jquery_tools/table.css HTTP/1.1" 304 -
117.184.7.30 - - [26/Jul/2020:10:34:25 +0800] "GET /xingrg/javascript/jquery_tools/jquery.tools.min.js HTTP/1.1" 304 -
117.184.7.30 - - [26/Jul/2020:10:34:25 +0800] "GET /xingrg/javascript/jquery_tools/jquery.tools.extend.js HTTP/1.1" 304 -
117.184.7.30 - - [26/Jul/2020:10:34:25 +0800] "GET /xingrg/javascript/jquery_tools/jquery.tools.hotkey.js HTTP/1.1" 304 -
117.184.7.30 - - [26/Jul/2020:10:34:25 +0800] "GET /xingrg/javascript/jquery_tools/jquery.tools.table.js HTTP/1.1" 304 -
117.184.7.30 - - [26/Jul/2020:10:34:25 +0800] "GET /xingrg/javascript/jquery_tools/list_manager.js HTTP/1.1" 304 -
117.184.7.30 - - [26/Jul/2020:10:34:25 +0800] "GET /xingrg/javascript/auto/jquery.autocomplete.js HTTP/1.1" 304 -
117.184.7.30 - - [26/Jul/2020:10:34:25 +0800] "GET /xingrg/javascript/easyui/easyloader.js HTTP/1.1" 304 -
117.184.7.30 - - [26/Jul/2020:10:34:25 +0800] "GET /xingrg/javascript/jquery.cookie.js HTTP/1.1" 304 -
117.184.7.30 - - [26/Jul/2020:10:34:25 +0800] "GET /xingrg/javascript/print/LodopFuncs.js HTTP/1.1" 304 -
117.184.7.26 - - [26/Jul/2020:10:34:25 +0800] "GET /xingrg/all/function/internal_message.html?_=1595730865586&CODE_STATE=getMsg HTTP/1.1" 200 27
180.175.214.200 - - [26/Jul/2020:10:34:26 +0800] "GET /xingrg/check_reg.html?_=1595731072725 HTTP/1.1" 200 22
117.184.7.30 - - [26/Jul/2020:10:34:26 +0800] "GET /xingrg/javascript/easyui/plugins/jquery.parser.js HTTP/1.1" 304 -
114.88.161.57 - - [26/Jul/2020:10:34:26 +0800] "GET /xingrg/all/function/internal_message.html?_=1595730863628&CODE_STATE=getMsg HTTP/1.1" 200 27
117.184.7.30 - - [26/Jul/2020:10:34:29 +0800] "POST /xingrg/kc/buy/cgsh_list_operate.html HTTP/1.1" 200 3480
180.175.214.200 - - [26/Jul/2020:10:34:31 +0800] "GET /xingrg/all/function/internal_message.html?_=1595730870700&CODE_STATE=getMsg HTTP/1.1" 200 27
117.184.7.30 - - [26/Jul/2020:10:34:33 +0800] "GET /xingrg/javascript/jquery_tools/order_manager.js HTTP/1.1" 304 -
117.184.7.30 - - [26/Jul/2020:10:34:33 +0800] "GET /xingrg/javascript/convert.js HTTP/1.1" 304 -
117.184.7.30 - - [26/Jul/2020:10:34:33 +0800] "GET /xingrg/javascript/json2.js HTTP/1.1" 304 -
117.184.7.30 - - [26/Jul/2020:10:34:33 +0800] "GET /xingrg/kc/buy/cgsh_order_add.html HTTP/1.1" 200 59275
117.184.7.30 - - [26/Jul/2020:10:34:33 +0800] "GET /xingrg/javascript/print/kc_print.js HTTP/1.1" 304 -
117.184.7.30 - - [26/Jul/2020:10:34:34 +0800] "GET /xingrg/words/20200726102233_words.js HTTP/1.1" 200 752896
180.157.251.101 - - [26/Jul/2020:10:34:34 +0800] "GET /favicon.ico HTTP/1.1" 404 -
117.184.7.30 - - [26/Jul/2020:10:34:34 +0800] "POST /xingrg/kc/buy/cgsh_order_operate.html HTTP/1.1" 200 8245
117.184.7.30 - - [26/Jul/2020:10:34:34 +0800] "GET /xingrg/all/common/auto_word.html?type=employee&rest_code=00108 HTTP/1.1" 200 197
117.184.7.30 - - [26/Jul/2020:10:34:34 +0800] "GET /xingrg/all/common/auto_word.html?type=employee&rest_code=00108 HTTP/1.1" 200 197
117.184.7.30 - - [26/Jul/2020:10:34:34 +0800] "GET /xingrg/javascript/easyui/themes/default/validatebox.css HTTP/1.1" 404 1104
117.184.7.30 - - [26/Jul/2020:10:34:34 +0800] "GET /xingrg/javascript/easyui/plugins/jquery.validatebox.js HTTP/1.1" 304 -
117.184.7.30 - - [26/Jul/2020:10:34:34 +0800] "GET /xingrg/javascript/easyui/plugins/jquery.numberbox.js HTTP/1.1" 304 -
222.70.173.120 - - [26/Jul/2020:10:34:35 +0800] "GET /xingrg/kc/buy/cgsh_order_operate.html?command=get_materiel&rest_code=00146&code=00101008175&supplier_code=00100005&order_time=2020-07-26 HTTP/1.1" 200 412
117.184.7.30 - - [26/Jul/2020:10:34:35 +0800] "GET /xingrg/javascript/auto/indicator.gif HTTP/1.1" 404 1066
58.40.7.146 - - [26/Jul/2020:10:34:36 +0800] "GET /xingrg/all/function/internal_message.html?_=1595730876698&CODE_STATE=getMsg HTTP/1.1" 200 27
180.175.214.200 - - [26/Jul/2020:10:34:37 +0800] "GET /xingrg/all/function/internal_message.html?_=1595731083532&CODE_STATE=getMsg HTTP/1.1" 200 27
116.233.76.44 - - [26/Jul/2020:10:34:37 +0800] "GET /xingrg/check_reg.html?_=1595730947203 HTTP/1.1" 200 22
116.233.76.44 - - [26/Jul/2020:10:34:37 +0800] "GET /xingrg/all/function/internal_message.html?_=1595730947203&CODE_STATE=getMsg HTTP/1.1" 200 27
114.86.227.215 - - [26/Jul/2020:10:34:39 +0800] "GET /xingrg/all/function/internal_message.html?_=1595730888367&CODE_STATE=getMsg HTTP/1.1" 200 27
114.86.227.215 - - [26/Jul/2020:10:34:39 +0800] "GET /xingrg/check_reg.html?_=1595730888372 HTTP/1.1" 200 22
222.70.173.120 - - [26/Jul/2020:10:34:42 +0800] "GET /xingrg/kc/buy/cgsh_order_operate.html?command=get_materiel&rest_code=00146&code=00101008219&supplier_code=00100005&order_time=2020-07-26 HTTP/1.1" 200 412
61.151.178.225 - - [26/Jul/2020:10:34:43 +0800] "GET /xingrg/all/function/internal_message.html?_=1595730193163&CODE_STATE=getMsg HTTP/1.1" 302 -
222.69.129.1 - - [26/Jul/2020:10:34:47 +0800] "GET /xingrg/all/function/internal_message.html?_=1595730887219&CODE_STATE=getMsg HTTP/1.1" 200 27
61.172.5.115 - - [26/Jul/2020:10:34:47 +0800] "GET /xingrg/kc/buy/cgsh_order_operate.html?command=get_materiel&rest_code=00105&code=00101009034&supplier_code=00100335&order_time=2020-07-26 HTTP/1.1" 200 428
222.69.129.1 - - [26/Jul/2020:10:34:48 +0800] "GET /xingrg/check_reg.html?_=1595730887972 HTTP/1.1" 200 22
172.17.0.123 - - [26/Jul/2020:10:34:48 +0800] "GET /xingrg/all/function/internal_message.html?_=1595730825278&CODE_STATE=getMsg HTTP/1.1" 200 27
61.172.5.115 - - [26/Jul/2020:10:34:49 +0800] "POST /xingrg/all/common/load_select.html HTTP/1.1" 200 25
61.151.178.225 - - [26/Jul/2020:10:34:49 +0800] "GET /xingrg/login.html HTTP/1.1" 200 7641
172.17.0.185 - - [26/Jul/2020:10:34:50 +0800] "GET /xingrg/check_reg.html?_=1595730888803 HTTP/1.1" 200 22
172.17.0.185 - - [26/Jul/2020:10:34:50 +0800] "GET /xingrg/all/function/internal_message.html?_=1595730888807&CODE_STATE=getMsg HTTP/1.1" 200 27
222.70.173.120 - - [26/Jul/2020:10:34:51 +0800] "GET /xingrg/kc/buy/cgsh_order_operate.html?command=get_materiel&rest_code=00146&code=00101008027&supplier_code=00100005&order_time=2020-07-26 HTTP/1.1" 200 409
61.172.5.115 - - [26/Jul/2020:10:34:52 +0800] "GET /xingrg/kc/buy/cgsh_order_operate.html?command=get_materiel_price&rest_code=00105&code=00101009034&unit_code=00100047&supplier_code=00100335&order_time=2020-07-26 HTTP/1.1" 200 28
114.89.80.44 - - [26/Jul/2020:10:34:53 +0800] "GET /xingrg/all/function/internal_message.html?_=1595731017175&CODE_STATE=getMsg HTTP/1.1" 200 27
114.88.159.89 - - [26/Jul/2020:10:34:53 +0800] "GET /xingrg/all/function/internal_message.html?_=1595730913188&CODE_STATE=getMsg HTTP/1.1" 200 27
114.88.161.57 - - [26/Jul/2020:10:34:54 +0800] "GET /xingrg/check_reg.html?_=1595730927037 HTTP/1.1" 200 22
114.88.161.57 - - [26/Jul/2020:10:34:54 +0800] "GET /xingrg/all/function/internal_message.html?_=1595730927039&CODE_STATE=getMsg HTTP/1.1" 200 27
172.17.200.101 - - [26/Jul/2020:10:34:56 +0800] "GET /xingrg/all/function/internal_message.html?_=1595730896612&CODE_STATE=getMsg HTTP/1.1" 200 27
114.88.159.89 - - [26/Jul/2020:10:34:56 +0800] "GET /xingrg/all/function/internal_message.html?_=1595730559956&CODE_STATE=getMsg HTTP/1.1" 200 27
222.69.27.237 - - [26/Jul/2020:10:35:00 +0800] "GET /xingrg/all/function/internal_message.html?_=1595730811303&CODE_STATE=getMsg HTTP/1.1" 200 27
222.70.173.120 - - [26/Jul/2020:10:35:00 +0800] "GET /xingrg/all/function/internal_message.html?_=1595730901080&CODE_STATE=getMsg HTTP/1.1" 200 27
222.70.173.120 - - [26/Jul/2020:10:35:01 +0800] "GET /xingrg/kc/buy/cgsh_order_operate.html?command=get_materiel&rest_code=00146&code=00101008132&supplier_code=00100005&order_time=2020-07-26 HTTP/1.1" 200 408
120.253.135.82 - - [26/Jul/2020:10:35:04 +0800] "GET /xingrg/all/function/internal_message.html?_=1595731029409&CODE_STATE=getMsg HTTP/1.1" 200 27
61.172.5.115 - - [26/Jul/2020:10:35:07 +0800] "POST /xingrg/kc/buy/cgsh_order_operate.html HTTP/1.1" 200 37
61.172.5.115 - - [26/Jul/2020:10:35:08 +0800] "POST /xingrg/kc/buy/cgsh_order_operate.html HTTP/1.1" 200 2665
61.172.5.115 - - [26/Jul/2020:10:35:09 +0800] "GET /favicon.ico HTTP/1.1" 404 -
61.172.5.115 - - [26/Jul/2020:10:35:09 +0800] "GET /xingrg/kc/print/load_data.html?order_code=212020072610892&kc_code=cgsh&condition= HTTP/1.1" 200 671
172.17.0.120 - - [26/Jul/2020:10:35:11 +0800] "GET /xingrg/all/function/internal_message.html?_=1595730911599&CODE_STATE=getMsg HTTP/1.1" 200 27
222.70.173.120 - - [26/Jul/2020:10:35:13 +0800] "GET /xingrg/kc/buy/cgsh_order_operate.html?command=get_materiel&rest_code=00146&code=00101008257&supplier_code=00100005&order_time=2020-07-26 HTTP/1.1" 200 416
114.89.80.44 - - [26/Jul/2020:10:35:14 +0800] "GET /xingrg/all/function/internal_message.html?_=1595730912833&CODE_STATE=getMsg HTTP/1.1" 200 27
116.230.146.118 - - [26/Jul/2020:10:35:15 +0800] "GET /xingrg/all/function/internal_message.html?_=1595730916078&CODE_STATE=getMsg HTTP/1.1" 200 27
120.253.135.82 - - [26/Jul/2020:10:35:21 +0800] "GET /xingrg/check_reg.html?_=1595730675720 HTTP/1.1" 200 22
117.184.7.26 - - [26/Jul/2020:10:35:21 +0800] "GET /xingrg/all/function/internal_message.html?_=1595730921404&CODE_STATE=getMsg HTTP/1.1" 200 27
120.253.135.82 - - [26/Jul/2020:10:35:23 +0800] "GET /xingrg/all/function/internal_message.html?_=1595730678184&CODE_STATE=getMsg HTTP/1.1" 200 27
116.230.146.118 - - [26/Jul/2020:10:35:24 +0800] "GET /xingrg/all/function/internal_message.html?_=1595730925541&CODE_STATE=getMsg HTTP/1.1" 200 27
117.184.7.26 - - [26/Jul/2020:10:35:25 +0800] "GET /xingrg/all/function/internal_message.html?_=1595730925572&CODE_STATE=getMsg HTTP/1.1" 200 27
117.184.7.26 - - [26/Jul/2020:10:35:26 +0800] "GET /xingrg/javascript/jquery_tools/images/prev.gif HTTP/1.1" 404 1086
117.184.7.26 - - [26/Jul/2020:10:35:26 +0800] "GET /xingrg/javascript/jquery_tools/images/next.gif HTTP/1.1" 404 1086
114.88.161.57 - - [26/Jul/2020:10:35:26 +0800] "GET /xingrg/all/function/internal_message.html?_=1595730923642&CODE_STATE=getMsg HTTP/1.1" 200 27
120.253.135.82 - - [26/Jul/2020:10:35:31 +0800] "GET /xingrg/javascript/jquery_easy_ui/themes/default/images/button_plain_hover.png HTTP/1.1" 304 -
61.172.5.115 - - [26/Jul/2020:10:35:31 +0800] "GET /xingrg/kc/buy/cgsh_order_add.html HTTP/1.1" 200 59316
61.172.5.115 - - [26/Jul/2020:10:35:31 +0800] "GET /xingrg/words/20200726102233_words.js HTTP/1.1" 304 -
61.172.5.115 - - [26/Jul/2020:10:35:31 +0800] "POST /xingrg/kc/buy/cgsh_order_operate.html HTTP/1.1" 200 8245
61.172.5.115 - - [26/Jul/2020:10:35:31 +0800] "GET /xingrg/javascript/easyui/themes/default/validatebox.css HTTP/1.1" 404 1104
180.175.214.200 - - [26/Jul/2020:10:35:31 +0800] "GET /xingrg/check_reg.html?_=1595730930651 HTTP/1.1" 200 22
180.175.214.200 - - [26/Jul/2020:10:35:31 +0800] "GET /xingrg/all/function/internal_message.html?_=1595730930721&CODE_STATE=getMsg HTTP/1.1" 200 27
120.253.135.82 - - [26/Jul/2020:10:35:31 +0800] "GET /xingrg/javascript/jquery_easy_ui/themes/default/images/button_plain_hover.png HTTP/1.1" 304 -
120.253.135.82 - - [26/Jul/2020:10:35:32 +0800] "GET /xingrg/kc/pszx/mdqp_order_list.html?isBack=1 HTTP/1.1" 302 -
120.253.135.82 - - [26/Jul/2020:10:35:32 +0800] "GET /xingrg/kc/pszx/mdqp_order_list.html?state=10 HTTP/1.1" 200 10559
120.253.135.82 - - [26/Jul/2020:10:35:32 +0800] "GET /xingrg/dwr/interface/AjaxReportQueryService.js HTTP/1.1" 200 13203
120.253.135.82 - - [26/Jul/2020:10:35:32 +0800] "GET /xingrg/dwr/interface/AjaxQqpsService.js HTTP/1.1" 200 16326
120.253.135.82 - - [26/Jul/2020:10:35:32 +0800] "GET /xingrg/dwr/engine.js HTTP/1.1" 200 43631
117.184.7.30 - - [26/Jul/2020:10:35:32 +0800] "GET /xingrg/kc/buy/cgsh_order_operate.html?command=get_materiel&rest_code=00108&code=00101008256&supplier_code=00100008&order_time=2020-07-26 HTTP/1.1" 200 412
120.253.135.82 - - [26/Jul/2020:10:35:34 +0800] "GET /xingrg/kc/pszx/mdps_order_list.html?orderType=0 HTTP/1.1" 200 21018
120.253.135.82 - - [26/Jul/2020:10:35:34 +0800] "POST /xingrg/kc/pszx/mdps_list_operate.html HTTP/1.1" 200 5546
116.233.76.44 - - [26/Jul/2020:10:35:36 +0800] "GET /xingrg/all/function/internal_message.html?_=1595731007218&CODE_STATE=getMsg HTTP/1.1" 200 27
58.40.7.146 - - [26/Jul/2020:10:35:36 +0800] "GET /xingrg/all/function/internal_message.html?_=1595730936699&CODE_STATE=getMsg HTTP/1.1" 200 27
180.175.214.200 - - [26/Jul/2020:10:35:37 +0800] "GET /xingrg/all/function/internal_message.html?_=1595731143545&CODE_STATE=getMsg HTTP/1.1" 200 27
114.86.227.215 - - [26/Jul/2020:10:35:39 +0800] "GET /xingrg/all/function/internal_message.html?_=1595730948375&CODE_STATE=getMsg HTTP/1.1" 200 27
117.184.7.30 - - [26/Jul/2020:10:35:41 +0800] "GET /xingrg/kc/buy/cgsh_order_operate.html?command=get_materiel&rest_code=00108&code=00101008261&supplier_code=00100008&order_time=2020-07-26 HTTP/1.1" 200 408
120.253.135.82 - - [26/Jul/2020:10:35:42 +0800] "POST /xingrg/kc/pszx/mdps_list_operate.html HTTP/1.1" 200 3495
120.253.135.82 - - [26/Jul/2020:10:35:43 +0800] "POST /xingrg/kc/pszx/mdps_list_operate.html HTTP/1.1" 200 205
120.253.135.82 - - [26/Jul/2020:10:35:44 +0800] "GET /xingrg/kc/pszx/mdps_order_info.html?code=312020072600644 HTTP/1.1" 200 23843
120.253.135.82 - - [26/Jul/2020:10:35:44 +0800] "POST /xingrg/kc/pszx/mdps_order_operate.html HTTP/1.1" 200 2282
120.253.135.82 - - [26/Jul/2020:10:35:44 +0800] "GET /xingrg/javascript/easyui/themes/default/validatebox.css HTTP/1.1" 404 1104
117.184.7.30 - - [26/Jul/2020:10:35:46 +0800] "GET /xingrg/kc/buy/cgsh_order_operate.html?command=get_materiel&rest_code=00108&code=00101008155&supplier_code=00100008&order_time=2020-07-26 HTTP/1.1" 200 408
222.70.173.120 - - [26/Jul/2020:10:35:47 +0800] "GET /xingrg/kc/buy/cgsh_order_operate.html?command=get_materiel&rest_code=00146&code=00101008353&supplier_code=00100005&order_time=2020-07-26 HTTP/1.1" 200 408
222.69.129.1 - - [26/Jul/2020:10:35:47 +0800] "GET /xingrg/all/function/internal_message.html?_=1595730947222&CODE_STATE=getMsg HTTP/1.1" 200 27
172.17.0.123 - - [26/Jul/2020:10:35:48 +0800] "GET /xingrg/all/function/internal_message.html?_=1595730885281&CODE_STATE=getMsg HTTP/1.1" 200 27
172.17.0.185 - - [26/Jul/2020:10:35:50 +0800] "GET /xingrg/all/function/internal_message.html?_=1595730948795&CODE_STATE=getMsg HTTP/1.1" 200 27
114.89.80.44 - - [26/Jul/2020:10:35:53 +0800] "GET /xingrg/all/function/internal_message.html?_=1595731077196&CODE_STATE=getMsg HTTP/1.1" 200 27
114.88.159.89 - - [26/Jul/2020:10:35:53 +0800] "GET /xingrg/all/function/internal_message.html?_=1595730973187&CODE_STATE=getMsg HTTP/1.1" 200 27
120.253.135.82 - - [26/Jul/2020:10:35:54 +0800] "POST /xingrg/kc/pszx/mdps_list_operate.html HTTP/1.1" 200 868
114.88.161.57 - - [26/Jul/2020:10:35:54 +0800] "GET /xingrg/all/function/internal_message.html?_=1595730987033&CODE_STATE=getMsg HTTP/1.1" 200 27
117.184.7.30 - - [26/Jul/2020:10:35:55 +0800] "GET /xingrg/kc/buy/cgsh_order_operate.html?command=get_materiel&rest_code=00108&code=00101008331&supplier_code=00100008&order_time=2020-07-26 HTTP/1.1" 200 416
172.17.200.101 - - [26/Jul/2020:10:35:56 +0800] "GET /xingrg/all/function/internal_message.html?_=1595730956613&CODE_STATE=getMsg HTTP/1.1" 200 27
114.88.159.89 - - [26/Jul/2020:10:35:56 +0800] "GET /xingrg/all/function/internal_message.html?_=1595730619955&CODE_STATE=getMsg HTTP/1.1" 200 27
222.70.173.120 - - [26/Jul/2020:10:35:58 +0800] "GET /xingrg/kc/buy/cgsh_order_operate.html?command=get_materiel&rest_code=00146&code=00101008213&supplier_code=00100005&order_time=2020-07-26 HTTP/1.1" 200 412
117.184.7.26 - - [26/Jul/2020:10:35:59 +0800] "GET /favicon.ico HTTP/1.1" 404 -
120.253.135.82 - - [26/Jul/2020:10:36:00 +0800] "POST /xingrg/kc/pszx/mdps_list_operate.html HTTP/1.1" 200 4221
222.69.27.237 - - [26/Jul/2020:10:36:00 +0800] "GET /xingrg/all/function/internal_message.html?_=1595730871329&CODE_STATE=getMsg HTTP/1.1" 200 27
222.69.27.237 - - [26/Jul/2020:10:36:00 +0800] "GET /xingrg/check_reg.html?_=1595730871331 HTTP/1.1" 200 22
222.70.173.120 - - [26/Jul/2020:10:36:00 +0800] "GET /xingrg/all/function/internal_message.html?_=1595730961084&CODE_STATE=getMsg HTTP/1.1" 200 27
117.184.7.30 - - [26/Jul/2020:10:36:01 +0800] "GET /xingrg/kc/buy/cgsh_order_operate.html?command=get_materiel&rest_code=00108&code=00101008350&supplier_code=00100008&order_time=2020-07-26 HTTP/1.1" 200 408
61.172.5.115 - - [26/Jul/2020:10:36:01 +0800] "GET /xingrg/kc/buy/cgsh_order_operate.html?command=get_materiel&rest_code=00105&code=00101006152&supplier_code=00100344&order_time=2020-07-26 HTTP/1.1" 200 409
120.253.135.82 - - [26/Jul/2020:10:36:02 +0800] "POST /xingrg/kc/pszx/mdps_list_operate.html HTTP/1.1" 200 348
120.253.135.82 - - [26/Jul/2020:10:36:04 +0800] "GET /xingrg/all/function/internal_message.html?_=1595731089425&CODE_STATE=getMsg HTTP/1.1" 200 27
222.69.129.1 - - [26/Jul/2020:10:36:11 +0800] "POST /xingrg/services/DataTransmitService HTTP/1.1" 200 524
222.69.129.1 - - [26/Jul/2020:10:36:11 +0800] "POST /xingrg/services/DataTransmitService HTTP/1.1" 200 1759
172.17.0.120 - - [26/Jul/2020:10:36:11 +0800] "GET /xingrg/all/function/internal_message.html?_=1595730971588&CODE_STATE=getMsg HTTP/1.1" 200 27
222.69.129.1 - - [26/Jul/2020:10:36:11 +0800] "POST /xingrg/services/DataTransmitService HTTP/1.1" 200 146592
117.184.7.26 - - [26/Jul/2020:10:36:13 +0800] "GET /xingrg/kc/buy/cgsh_order_operate.html?command=get_materiel&rest_code=00108&code=00101008149&supplier_code=00100008&order_time=2020-07-26 HTTP/1.1" 200 408
114.89.80.44 - - [26/Jul/2020:10:36:14 +0800] "GET /xingrg/check_reg.html?_=1595730972837 HTTP/1.1" 200 22
114.89.80.44 - - [26/Jul/2020:10:36:14 +0800] "GET /xingrg/all/function/internal_message.html?_=1595730972841&CODE_STATE=getMsg HTTP/1.1" 200 27
116.230.146.118 - - [26/Jul/2020:10:36:15 +0800] "GET /xingrg/all/function/internal_message.html?_=1595730976064&CODE_STATE=getMsg HTTP/1.1" 200 27
222.70.173.120 - - [26/Jul/2020:10:36:17 +0800] "GET /xingrg/kc/buy/cgsh_order_operate.html?command=get_materiel&rest_code=00146&code=00101008028&supplier_code=00100005&order_time=2020-07-26 HTTP/1.1" 200 412
61.172.5.115 - - [26/Jul/2020:10:36:19 +0800] "POST /xingrg/kc/buy/cgsh_order_operate.html HTTP/1.1" 200 37
117.184.7.26 - - [26/Jul/2020:10:36:19 +0800] "GET /xingrg/kc/buy/cgsh_order_operate.html?command=get_materiel&rest_code=00108&code=00101008185&supplier_code=00100008&order_time=2020-07-26 HTTP/1.1" 200 408
61.172.5.115 - - [26/Jul/2020:10:36:20 +0800] "POST /xingrg/kc/buy/cgsh_order_operate.html HTTP/1.1" 200 2656
117.184.7.26 - - [26/Jul/2020:10:36:21 +0800] "GET /xingrg/all/function/internal_message.html?_=1595730981417&CODE_STATE=getMsg HTTP/1.1" 200 27
61.172.5.115 - - [26/Jul/2020:10:36:21 +0800] "GET /xingrg/kc/print/load_data.html?order_code=212020072610893&kc_code=cgsh&condition= HTTP/1.1" 200 673
