114.89.80.44 - - [24/Jul/2020:10:11:34 +0800] "GET /xingrg/all/function/internal_message.html?_=1595556818174&CODE_STATE=getMsg HTTP/1.1" 200 27
116.230.146.118 - - [24/Jul/2020:10:11:35 +0800] "GET /xingrg/all/function/internal_message.html?_=1595556684623&CODE_STATE=getMsg HTTP/1.1" 200 27
222.69.133.140 - - [24/Jul/2020:10:11:36 +0800] "GET /xingrg/kc/buy/cgsh_order_operate.html?command=get_materiel&rest_code=00149&code=00101008356&supplier_code=00100005&order_time=2020-07-24 HTTP/1.1" 200 408
114.88.159.89 - - [24/Jul/2020:10:11:40 +0800] "GET /xingrg/all/function/internal_message.html?_=1595556711211&CODE_STATE=getMsg HTTP/1.1" 200 27
222.69.133.140 - - [24/Jul/2020:10:11:43 +0800] "GET /xingrg/kc/buy/cgsh_order_operate.html?command=get_materiel&rest_code=00149&code=00101008205&supplier_code=00100005&order_time=2020-07-24 HTTP/1.1" 200 412
114.88.159.89 - - [24/Jul/2020:10:11:43 +0800] "GET /xingrg/all/function/internal_message.html?_=1595556362451&CODE_STATE=getMsg HTTP/1.1" 302 -
114.89.80.44 - - [24/Jul/2020:10:11:45 +0800] "GET /xingrg/all/function/internal_message.html?_=1595556701197&CODE_STATE=getMsg HTTP/1.1" 200 27
114.86.227.215 - - [24/Jul/2020:10:11:47 +0800] "GET /xingrg/all/function/internal_message.html?_=1595556711460&CODE_STATE=getMsg HTTP/1.1" 200 27
222.69.133.140 - - [24/Jul/2020:10:11:49 +0800] "GET /xingrg/kc/buy/cgsh_order_operate.html?command=get_materiel&rest_code=00149&code=00101008223&supplier_code=00100005&order_time=2020-07-24 HTTP/1.1" 200 412
114.88.161.57 - - [24/Jul/2020:10:11:57 +0800] "GET /xingrg/all/function/internal_message.html?_=1595556713013&CODE_STATE=getMsg HTTP/1.1" 200 27
180.175.214.200 - - [24/Jul/2020:10:11:59 +0800] "GET /xingrg/all/function/internal_message.html?_=1595556923452&CODE_STATE=getMsg HTTP/1.1" 200 27
61.172.5.115 - - [24/Jul/2020:10:12:04 +0800] "GET /xingrg/all/function/internal_message.html?_=1595556724333&CODE_STATE=getMsg HTTP/1.1" 200 27
222.69.133.140 - - [24/Jul/2020:10:12:12 +0800] "GET /xingrg/kc/buy/cgsh_order_operate.html?command=get_materiel&rest_code=00149&code=00101008357&supplier_code=00100005&order_time=2020-07-24 HTTP/1.1" 200 408
172.17.0.120 - - [24/Jul/2020:10:12:13 +0800] "GET /xingrg/all/function/internal_message.html?_=1595556730233&CODE_STATE=getMsg HTTP/1.1" 200 27
222.69.133.140 - - [24/Jul/2020:10:12:16 +0800] "POST /xingrg/kc/buy/cgsh_order_operate.html HTTP/1.1" 200 2065
222.69.133.140 - - [24/Jul/2020:10:12:19 +0800] "GET /xingrg/kc/buy/cgsh_order_operate.html?command=get_materiel&rest_code=00149&code=00101008286&supplier_code=00100005&order_time=2020-07-24 HTTP/1.1" 200 408
172.17.0.100 - - [24/Jul/2020:10:12:20 +0800] "GET /xingrg/all/function/internal_message.html?_=1595556739001&CODE_STATE=getMsg HTTP/1.1" 200 27
172.17.0.119 - - [24/Jul/2020:10:12:21 +0800] "GET /xingrg/all/function/internal_message.html?_=1595556740187&CODE_STATE=getMsg HTTP/1.1" 200 27
120.253.135.82 - - [24/Jul/2020:10:12:22 +0800] "GET /xingrg/all/function/internal_message.html?_=1595556862082&CODE_STATE=getMsg HTTP/1.1" 200 27
222.69.133.140 - - [24/Jul/2020:10:12:29 +0800] "GET /xingrg/all/function/internal_message.html?_=1595556739999&CODE_STATE=getMsg HTTP/1.1" 200 27
120.253.135.82 - - [24/Jul/2020:10:12:30 +0800] "GET /xingrg/all/function/internal_message.html?_=1595556501973&CODE_STATE=getMsg HTTP/1.1" 200 27
117.184.7.30 - - [24/Jul/2020:10:12:31 +0800] "GET /xingrg/check_reg.html?_=1595556743220 HTTP/1.1" 200 22
117.184.7.30 - - [24/Jul/2020:10:12:32 +0800] "GET /xingrg/all/function/internal_message.html?_=1595556743269&CODE_STATE=getMsg HTTP/1.1" 200 27
222.70.173.120 - - [24/Jul/2020:10:12:33 +0800] "GET /xingrg/all/function/internal_message.html?_=1595556768710&CODE_STATE=getMsg HTTP/1.1" 200 27
114.86.231.0 - - [24/Jul/2020:10:12:34 +0800] "GET /xingrg/check_reg.html?_=1595556789171 HTTP/1.1" 200 22
114.86.231.0 - - [24/Jul/2020:10:12:34 +0800] "GET /xingrg/all/function/internal_message.html?_=1595556789171&CODE_STATE=getMsg HTTP/1.1" 200 27
114.89.80.44 - - [24/Jul/2020:10:12:34 +0800] "GET /xingrg/all/function/internal_message.html?_=1595556878205&CODE_STATE=getMsg HTTP/1.1" 200 27
222.69.133.140 - - [24/Jul/2020:10:12:34 +0800] "GET /xingrg/kc/buy/cgsh_order_operate.html?command=get_materiel&rest_code=00149&code=00101008036&supplier_code=00100005&order_time=2020-07-24 HTTP/1.1" 200 408
116.230.146.118 - - [24/Jul/2020:10:12:35 +0800] "GET /xingrg/all/function/internal_message.html?_=1595556744600&CODE_STATE=getMsg HTTP/1.1" 200 27
61.151.178.197 - - [24/Jul/2020:10:12:35 +0800] "GET /xingrg/all/function/internal_message.html?_=1595556051201&CODE_STATE=getMsg HTTP/1.1" 302 -
114.88.159.89 - - [24/Jul/2020:10:12:40 +0800] "GET /xingrg/all/function/internal_message.html?_=1595556771225&CODE_STATE=getMsg HTTP/1.1" 200 27
114.86.231.0 - - [24/Jul/2020:10:12:40 +0800] "GET /xingrg/javascript/jquery_tools/images/next.gif HTTP/1.1" 404 1086
114.86.231.0 - - [24/Jul/2020:10:12:40 +0800] "GET /xingrg/javascript/jquery_tools/images/prev.gif HTTP/1.1" 404 1086
61.151.178.197 - - [24/Jul/2020:10:12:41 +0800] "GET /xingrg/login.html HTTP/1.1" 200 7641
114.88.159.89 - - [24/Jul/2020:10:12:43 +0800] "GET /xingrg/all/function/internal_message.html?_=1595556422427&CODE_STATE=getMsg HTTP/1.1" 302 -
180.175.214.200 - - [24/Jul/2020:10:12:43 +0800] "POST /xingrg/kc/buy/cgsh_order_operate.html HTTP/1.1" 200 37
114.86.231.0 - - [24/Jul/2020:10:12:44 +0800] "GET /xingrg/kc/buy/cgsh_order_operate.html?command=get_materiel&rest_code=00109&code=00101006110&supplier_code=00100015&order_time=2020-07-24 HTTP/1.1" 200 408
114.89.80.44 - - [24/Jul/2020:10:12:45 +0800] "GET /xingrg/all/function/internal_message.html?_=1595556761211&CODE_STATE=getMsg HTTP/1.1" 200 27
180.175.214.200 - - [24/Jul/2020:10:12:45 +0800] "POST /xingrg/kc/buy/cgsh_order_operate.html HTTP/1.1" 200 12
114.86.227.215 - - [24/Jul/2020:10:12:47 +0800] "GET /xingrg/all/function/internal_message.html?_=1595556771463&CODE_STATE=getMsg HTTP/1.1" 200 27
114.88.159.89 - - [24/Jul/2020:10:12:47 +0800] "GET /xingrg/check_reg.html?_=1595556426710 HTTP/1.1" 302 -
222.69.133.140 - - [24/Jul/2020:10:12:49 +0800] "GET /xingrg/kc/buy/cgsh_order_operate.html?command=get_materiel&rest_code=00149&code=00101008131&supplier_code=00100005&order_time=2020-07-24 HTTP/1.1" 200 408
116.230.146.118 - - [24/Jul/2020:10:12:51 +0800] "GET /xingrg/check_reg.html?_=1595556761292 HTTP/1.1" 200 22
114.86.231.0 - - [24/Jul/2020:10:12:51 +0800] "GET /xingrg/kc/buy/cgsh_order_operate.html?command=get_materiel&rest_code=00109&code=00101006109&supplier_code=00100015&order_time=2020-07-24 HTTP/1.1" 200 409
114.88.161.57 - - [24/Jul/2020:10:12:55 +0800] "GET /xingrg/check_reg.html?_=1595556771138 HTTP/1.1" 200 22
114.88.161.57 - - [24/Jul/2020:10:12:57 +0800] "GET /xingrg/all/function/internal_message.html?_=1595556773026&CODE_STATE=getMsg HTTP/1.1" 200 27
222.69.133.140 - - [24/Jul/2020:10:12:57 +0800] "GET /xingrg/kc/buy/cgsh_order_operate.html?command=get_materiel&rest_code=00149&code=00101008296&supplier_code=00100005&order_time=2020-07-24 HTTP/1.1" 200 416
114.86.231.0 - - [24/Jul/2020:10:12:59 +0800] "GET /xingrg/kc/buy/cgsh_order_operate.html?command=get_materiel&rest_code=00109&code=00101006062&supplier_code=00100015&order_time=2020-07-24 HTTP/1.1" 200 409
180.175.214.200 - - [24/Jul/2020:10:13:02 +0800] "GET /xingrg/kc/buy/cgsh_order_info.html?code=212020072409976 HTTP/1.1" 200 54119
222.69.133.140 - - [24/Jul/2020:10:13:03 +0800] "POST /xingrg/kc/buy/cgsh_order_operate.html HTTP/1.1" 200 2065
180.175.214.200 - - [24/Jul/2020:10:13:03 +0800] "GET /xingrg/javascript/easyui/themes/default/validatebox.css HTTP/1.1" 404 1104
180.175.214.200 - - [24/Jul/2020:10:13:03 +0800] "GET /xingrg/all/function/internal_message.html?_=1595556987493&CODE_STATE=getMsg HTTP/1.1" 200 27
180.175.214.200 - - [24/Jul/2020:10:13:03 +0800] "POST /xingrg/kc/buy/cgsh_order_operate.html HTTP/1.1" 200 6543
61.172.5.115 - - [24/Jul/2020:10:13:04 +0800] "GET /xingrg/all/function/internal_message.html?_=1595556784314&CODE_STATE=getMsg HTTP/1.1" 200 27
114.86.231.0 - - [24/Jul/2020:10:13:05 +0800] "GET /xingrg/kc/buy/cgsh_order_operate.html?command=get_materiel&rest_code=00109&code=00101006062&supplier_code=00100015&order_time=2020-07-24 HTTP/1.1" 200 409
222.69.133.140 - - [24/Jul/2020:10:13:08 +0800] "GET /xingrg/kc/buy/cgsh_order_operate.html?command=get_materiel&rest_code=00149&code=00101008169&supplier_code=00100005&order_time=2020-07-24 HTTP/1.1" 200 412
180.175.214.200 - - [24/Jul/2020:10:13:11 +0800] "GET /xingrg/kc/print/load_config.html?kc_code=cgsh HTTP/1.1" 200 1845
180.175.214.200 - - [24/Jul/2020:10:13:11 +0800] "GET /xingrg/kc/print/load_data.html?order_code=212020072409976&kc_code=cgsh&condition= HTTP/1.1" 200 2918
172.17.0.120 - - [24/Jul/2020:10:13:13 +0800] "GET /xingrg/all/function/internal_message.html?_=1595556790221&CODE_STATE=getMsg HTTP/1.1" 200 27
114.86.231.0 - - [24/Jul/2020:10:13:13 +0800] "GET /xingrg/kc/buy/cgsh_order_operate.html?command=get_materiel&rest_code=00109&code=00101006133&supplier_code=00100015&order_time=2020-07-24 HTTP/1.1" 200 413
180.175.214.200 - - [24/Jul/2020:10:13:19 +0800] "GET /xingrg/kc/buy/cgsh_order_add.html HTTP/1.1" 200 59228
172.17.0.100 - - [24/Jul/2020:10:13:20 +0800] "GET /xingrg/all/function/internal_message.html?_=1595556799000&CODE_STATE=getMsg HTTP/1.1" 200 27
222.69.133.140 - - [24/Jul/2020:10:13:20 +0800] "GET /xingrg/kc/buy/cgsh_order_operate.html?command=get_materiel&rest_code=00149&code=00101008098&supplier_code=00100005&order_time=2020-07-24 HTTP/1.1" 200 412
180.175.214.200 - - [24/Jul/2020:10:13:20 +0800] "POST /xingrg/kc/buy/cgsh_order_operate.html HTTP/1.1" 200 8245
180.175.214.200 - - [24/Jul/2020:10:13:20 +0800] "GET /xingrg/javascript/easyui/themes/default/validatebox.css HTTP/1.1" 404 1104
172.17.0.119 - - [24/Jul/2020:10:13:21 +0800] "GET /xingrg/all/function/internal_message.html?_=1595556800191&CODE_STATE=getMsg HTTP/1.1" 200 27
172.17.0.119 - - [24/Jul/2020:10:13:21 +0800] "GET /xingrg/check_reg.html?_=1595556800193 HTTP/1.1" 200 22
120.253.135.82 - - [24/Jul/2020:10:13:22 +0800] "GET /xingrg/all/function/internal_message.html?_=1595556922088&CODE_STATE=getMsg HTTP/1.1" 200 27
58.40.7.146 - - [24/Jul/2020:10:13:28 +0800] "GET /xingrg/check_reg.html?_=1595556805951 HTTP/1.1" 200 22
222.69.133.140 - - [24/Jul/2020:10:13:29 +0800] "GET /xingrg/all/function/internal_message.html?_=1595556799982&CODE_STATE=getMsg HTTP/1.1" 200 27
120.253.135.82 - - [24/Jul/2020:10:13:30 +0800] "GET /xingrg/all/function/internal_message.html?_=1595556562104&CODE_STATE=getMsg HTTP/1.1" 200 27
117.184.7.30 - - [24/Jul/2020:10:13:32 +0800] "GET /xingrg/all/function/internal_message.html?_=1595556803254&CODE_STATE=getMsg HTTP/1.1" 200 27
114.89.80.44 - - [24/Jul/2020:10:13:33 +0800] "GET /xingrg/check_reg.html?_=1595556937811 HTTP/1.1" 200 22
114.86.231.0 - - [24/Jul/2020:10:13:34 +0800] "GET /xingrg/all/function/internal_message.html?_=1595556849170&CODE_STATE=getMsg HTTP/1.1" 200 27
114.89.80.44 - - [24/Jul/2020:10:13:34 +0800] "GET /xingrg/all/function/internal_message.html?_=1595556938227&CODE_STATE=getMsg HTTP/1.1" 200 27
116.230.146.118 - - [24/Jul/2020:10:13:35 +0800] "GET /xingrg/all/function/internal_message.html?_=1595556804595&CODE_STATE=getMsg HTTP/1.1" 200 27
222.69.133.140 - - [24/Jul/2020:10:13:35 +0800] "GET /xingrg/kc/buy/cgsh_order_operate.html?command=get_materiel&rest_code=00149&code=00101008353&supplier_code=00100005&order_time=2020-07-24 HTTP/1.1" 200 408
222.70.173.120 - - [24/Jul/2020:10:13:36 +0800] "GET /xingrg/all/function/internal_message.html?_=1595556828723&CODE_STATE=getMsg HTTP/1.1" 200 27
114.88.159.89 - - [24/Jul/2020:10:13:40 +0800] "GET /xingrg/check_reg.html?_=1595556831223 HTTP/1.1" 200 22
114.88.159.89 - - [24/Jul/2020:10:13:40 +0800] "GET /xingrg/all/function/internal_message.html?_=1595556831224&CODE_STATE=getMsg HTTP/1.1" 200 27
180.175.214.200 - - [24/Jul/2020:10:13:40 +0800] "GET /xingrg/javascript/easyui/themes/default/tree.css HTTP/1.1" 404 1090
180.175.214.200 - - [24/Jul/2020:10:13:40 +0800] "POST /xingrg/all/common/load_tree.html?tree=supplier_tree_json&isDelete=1 HTTP/1.1" 200 49550
114.88.159.89 - - [24/Jul/2020:10:13:43 +0800] "GET /xingrg/all/function/internal_message.html?_=1595556482403&CODE_STATE=getMsg HTTP/1.1" 302 -
114.86.231.0 - - [24/Jul/2020:10:13:44 +0800] "GET /xingrg/kc/buy/cgsh_order_operate.html?command=get_materiel&rest_code=00109&code=00101006122&supplier_code=00100015&order_time=2020-07-24 HTTP/1.1" 200 409
114.89.80.44 - - [24/Jul/2020:10:13:45 +0800] "GET /xingrg/all/function/internal_message.html?_=1595556821198&CODE_STATE=getMsg HTTP/1.1" 200 27
114.89.80.44 - - [24/Jul/2020:10:13:45 +0800] "GET /xingrg/check_reg.html?_=1595556821197 HTTP/1.1" 200 22
114.86.227.215 - - [24/Jul/2020:10:13:47 +0800] "GET /xingrg/all/function/internal_message.html?_=1595556831449&CODE_STATE=getMsg HTTP/1.1" 200 27
114.86.231.0 - - [24/Jul/2020:10:13:50 +0800] "GET /xingrg/kc/buy/cgsh_order_operate.html?command=get_materiel&rest_code=00109&code=00101006058&supplier_code=00100015&order_time=2020-07-24 HTTP/1.1" 200 413
222.69.133.140 - - [24/Jul/2020:10:13:53 +0800] "GET /xingrg/kc/buy/cgsh_order_operate.html?command=get_materiel&rest_code=00149&code=00101008213&supplier_code=00100005&order_time=2020-07-24 HTTP/1.1" 200 412
180.175.214.200 - - [24/Jul/2020:10:13:55 +0800] "GET /xingrg/login.html HTTP/1.1" 200 7641
180.175.214.200 - - [24/Jul/2020:10:13:56 +0800] "GET /favicon.ico HTTP/1.1" 404 -
180.175.214.200 - - [24/Jul/2020:10:13:56 +0800] "POST /xingrg/login.do HTTP/1.1" 302 -
180.175.214.200 - - [24/Jul/2020:10:13:56 +0800] "GET /xingrg/index.html?sysBaseUrl=http%3A%2F%2F180.169.147.146%3A18081%2Fxingrg%2F&costTime=37×tamp=1595556836948 HTTP/1.1" 200 17173
180.175.214.200 - - [24/Jul/2020:10:13:57 +0800] "GET /xingrg/javascript/jquery_easy_ui/themes/default/easyui.css HTTP/1.1" 304 -
180.175.214.200 - - [24/Jul/2020:10:13:57 +0800] "GET /xingrg/javascript/jquery_easy_ui/themes/icon.css HTTP/1.1" 304 -
180.175.214.200 - - [24/Jul/2020:10:13:57 +0800] "GET /xingrg/css/form.css HTTP/1.1" 304 -
180.175.214.200 - - [24/Jul/2020:10:13:57 +0800] "GET /xingrg/javascript/jquery-1.4.2.min.js HTTP/1.1" 304 -
180.175.214.200 - - [24/Jul/2020:10:13:57 +0800] "GET /xingrg/javascript/jquery_easy_ui/jquery.easyui.min.js HTTP/1.1" 304 -
180.175.214.200 - - [24/Jul/2020:10:13:57 +0800] "GET /xingrg/javascript/jquery_easy_ui/easyui-lang-zh_CN.js HTTP/1.1" 304 -
180.175.214.200 - - [24/Jul/2020:10:13:57 +0800] "GET /xingrg/javascript/jquery.form.js HTTP/1.1" 304 -
180.175.214.200 - - [24/Jul/2020:10:13:57 +0800] "GET /xingrg/javascript/jquery.utils.js HTTP/1.1" 304 -
180.175.214.200 - - [24/Jul/2020:10:13:57 +0800] "GET /xingrg/javascript/jquery.timers.js HTTP/1.1" 304 -
114.86.231.0 - - [24/Jul/2020:10:13:57 +0800] "GET /xingrg/kc/buy/cgsh_order_operate.html?command=get_materiel&rest_code=00109&code=00101006057&supplier_code=00100015&order_time=2020-07-24 HTTP/1.1" 200 413
180.175.214.200 - - [24/Jul/2020:10:13:57 +0800] "GET /favicon.ico HTTP/1.1" 404 -
180.175.214.200 - - [24/Jul/2020:10:13:57 +0800] "POST /xingrg/all/common/load_tree.html?tree=area_rest_tree_json&manage=1 HTTP/1.1" 200 342
180.175.214.200 - - [24/Jul/2020:10:13:57 +0800] "GET /xingrg/all/function/internal_message.html?_=1595556836035&CODE_STATE=count HTTP/1.1" 200 11
180.175.214.200 - - [24/Jul/2020:10:13:57 +0800] "GET /xingrg/check_reg.html?_=1595556836038 HTTP/1.1" 200 22
114.88.161.57 - - [24/Jul/2020:10:13:57 +0800] "GET /xingrg/all/function/internal_message.html?_=1595556833040&CODE_STATE=getMsg HTTP/1.1" 200 27
180.175.214.200 - - [24/Jul/2020:10:13:57 +0800] "POST /xingrg/load_menu.html HTTP/1.1" 200 5138
180.175.214.200 - - [24/Jul/2020:10:13:59 +0800] "GET /xingrg/check_reg.html?_=1595557043218 HTTP/1.1" 200 22
180.175.214.200 - - [24/Jul/2020:10:13:59 +0800] "GET /xingrg/kc/buy/cgsh_order_list.html HTTP/1.1" 200 43578
180.175.214.200 - - [24/Jul/2020:10:13:59 +0800] "GET /xingrg/css/base.css HTTP/1.1" 304 -
180.175.214.200 - - [24/Jul/2020:10:13:59 +0800] "GET /xingrg/css/site.css HTTP/1.1" 304 -
180.175.214.200 - - [24/Jul/2020:10:13:59 +0800] "GET /xingrg/javascript/jquery_tools/datebox.css HTTP/1.1" 304 -
180.175.214.200 - - [24/Jul/2020:10:13:59 +0800] "GET /xingrg/javascript/easyui/themes/default/easyui.css HTTP/1.1" 304 -
180.175.214.200 - - [24/Jul/2020:10:13:59 +0800] "GET /xingrg/javascript/easyui/themes/icon.css HTTP/1.1" 304 -
180.175.214.200 - - [24/Jul/2020:10:13:59 +0800] "GET /xingrg/javascript/auto/jquery.autocomplete.css HTTP/1.1" 304 -
180.175.214.200 - - [24/Jul/2020:10:13:59 +0800] "GET /xingrg/javascript/jquery_tools/fix.css HTTP/1.1" 304 -
180.175.214.200 - - [24/Jul/2020:10:13:59 +0800] "GET /xingrg/javascript/jquery_tools/table.css HTTP/1.1" 304 -
180.175.214.200 - - [24/Jul/2020:10:13:59 +0800] "GET /xingrg/javascript/jquery_tools/jquery.tools.min.js HTTP/1.1" 304 -
180.175.214.200 - - [24/Jul/2020:10:13:59 +0800] "GET /xingrg/javascript/jquery_tools/jquery.tools.extend.js HTTP/1.1" 304 -
180.175.214.200 - - [24/Jul/2020:10:13:59 +0800] "GET /xingrg/javascript/jquery_tools/jquery.tools.hotkey.js HTTP/1.1" 304 -
180.175.214.200 - - [24/Jul/2020:10:13:59 +0800] "GET /xingrg/javascript/jquery_tools/jquery.tools.table.js HTTP/1.1" 304 -
180.175.214.200 - - [24/Jul/2020:10:13:59 +0800] "GET /xingrg/javascript/jquery_tools/list_manager.js HTTP/1.1" 304 -
180.175.214.200 - - [24/Jul/2020:10:13:59 +0800] "GET /xingrg/javascript/auto/jquery.autocomplete.js HTTP/1.1" 304 -
180.175.214.200 - - [24/Jul/2020:10:13:59 +0800] "GET /xingrg/javascript/easyui/easyloader.js HTTP/1.1" 304 -
180.175.214.200 - - [24/Jul/2020:10:13:59 +0800] "GET /xingrg/javascript/jquery.cookie.js HTTP/1.1" 304 -
180.175.214.200 - - [24/Jul/2020:10:13:59 +0800] "GET /xingrg/javascript/print/LodopFuncs.js HTTP/1.1" 304 -
180.175.214.200 - - [24/Jul/2020:10:13:59 +0800] "GET /xingrg/kc/buy/cgsh_order_operate.html?command=get_materiel&rest_code=00102&code=00101007059&supplier_code=00100002&order_time=2020-07-24 HTTP/1.1" 200 409
180.175.214.200 - - [24/Jul/2020:10:13:59 +0800] "GET /xingrg/javascript/easyui/plugins/jquery.parser.js HTTP/1.1" 304 -
180.175.214.200 - - [24/Jul/2020:10:14:00 +0800] "POST /xingrg/kc/buy/cgsh_list_operate.html HTTP/1.1" 200 876
180.175.214.200 - - [24/Jul/2020:10:14:01 +0800] "GET /xingrg/kc/buy/cgsh_order_add.html HTTP/1.1" 200 59234
180.175.214.200 - - [24/Jul/2020:10:14:01 +0800] "GET /xingrg/javascript/pic_change.js HTTP/1.1" 304 -
180.175.214.200 - - [24/Jul/2020:10:14:01 +0800] "GET /xingrg/javascript/jquery_tools/order_manager.js HTTP/1.1" 304 -
180.175.214.200 - - [24/Jul/2020:10:14:01 +0800] "GET /xingrg/javascript/convert.js HTTP/1.1" 304 -
180.175.214.200 - - [24/Jul/2020:10:14:01 +0800] "GET /xingrg/javascript/json2.js HTTP/1.1" 304 -
180.175.214.200 - - [24/Jul/2020:10:14:01 +0800] "GET /xingrg/javascript/print/kc_print.js HTTP/1.1" 304 -
180.175.214.200 - - [24/Jul/2020:10:14:01 +0800] "GET /xingrg/words/20200724094026_words.js HTTP/1.1" 304 -
222.69.133.140 - - [24/Jul/2020:10:14:01 +0800] "GET /xingrg/kc/buy/cgsh_order_operate.html?command=get_materiel&rest_code=00149&code=00101008101&supplier_code=00100005&order_time=2020-07-24 HTTP/1.1" 200 412
180.175.214.200 - - [24/Jul/2020:10:14:01 +0800] "GET /xingrg/all/common/auto_word.html?type=employee&rest_code=00102 HTTP/1.1" 200 189
180.175.214.200 - - [24/Jul/2020:10:14:01 +0800] "GET /xingrg/all/common/auto_word.html?type=employee&rest_code=00102 HTTP/1.1" 200 189
180.175.214.200 - - [24/Jul/2020:10:14:01 +0800] "POST /xingrg/kc/buy/cgsh_order_operate.html HTTP/1.1" 200 8245
180.175.214.200 - - [24/Jul/2020:10:14:02 +0800] "GET /xingrg/javascript/easyui/themes/default/validatebox.css HTTP/1.1" 404 1104
180.175.214.200 - - [24/Jul/2020:10:14:02 +0800] "GET /xingrg/javascript/easyui/plugins/jquery.validatebox.js HTTP/1.1" 304 -
180.175.214.200 - - [24/Jul/2020:10:14:02 +0800] "GET /xingrg/javascript/easyui/plugins/jquery.numberbox.js HTTP/1.1" 304 -
180.175.214.200 - - [24/Jul/2020:10:14:03 +0800] "GET /xingrg/all/function/internal_message.html?_=1595557047505&CODE_STATE=getMsg HTTP/1.1" 200 27
61.172.5.115 - - [24/Jul/2020:10:14:04 +0800] "GET /xingrg/all/function/internal_message.html?_=1595556844287&CODE_STATE=getMsg HTTP/1.1" 200 27
172.17.0.123 - - [24/Jul/2020:10:14:05 +0800] "GET /favicon.ico HTTP/1.1" 404 -
114.86.231.0 - - [24/Jul/2020:10:14:06 +0800] "GET /xingrg/kc/buy/cgsh_order_operate.html?command=get_materiel&rest_code=00109&code=00101006129&supplier_code=00100015&order_time=2020-07-24 HTTP/1.1" 200 431
222.69.133.140 - - [24/Jul/2020:10:14:08 +0800] "POST /xingrg/kc/buy/cgsh_order_operate.html HTTP/1.1" 200 2065
172.17.0.123 - - [24/Jul/2020:10:14:08 +0800] "GET /xingrg/login.html HTTP/1.1" 200 7636
172.17.0.123 - - [24/Jul/2020:10:14:09 +0800] "GET /favicon.ico HTTP/1.1" 404 -
172.17.0.120 - - [24/Jul/2020:10:14:13 +0800] "GET /xingrg/all/function/internal_message.html?_=1595556850225&CODE_STATE=getMsg HTTP/1.1" 200 27
222.69.133.140 - - [24/Jul/2020:10:14:13 +0800] "GET /xingrg/kc/buy/cgsh_order_operate.html?command=get_materiel&rest_code=00149&code=00101008010&supplier_code=00100005&order_time=2020-07-24 HTTP/1.1" 200 412
172.17.0.123 - - [24/Jul/2020:10:14:13 +0800] "POST /xingrg/login.do HTTP/1.1" 302 -
172.17.0.123 - - [24/Jul/2020:10:14:13 +0800] "GET /xingrg/index.html?sysBaseUrl=http%3A%2F%2F172.17.0.8%3A18081%2Fxingrg%2F&costTime=40×tamp=1595556853210 HTTP/1.1" 200 17448
172.17.0.123 - - [24/Jul/2020:10:14:13 +0800] "POST /xingrg/login.do HTTP/1.1" 302 -
172.17.0.123 - - [24/Jul/2020:10:14:13 +0800] "GET /xingrg/index.html?sysBaseUrl=http%3A%2F%2F172.17.0.8%3A18081%2Fxingrg%2F&costTime=36×tamp=1595556853348 HTTP/1.1" 200 17448
172.17.0.123 - - [24/Jul/2020:10:14:13 +0800] "GET /favicon.ico HTTP/1.1" 404 -
172.17.0.123 - - [24/Jul/2020:10:14:13 +0800] "POST /xingrg/all/common/load_tree.html?tree=area_rest_tree_json&manage=1 HTTP/1.1" 200 3216
172.17.0.123 - - [24/Jul/2020:10:14:13 +0800] "GET /xingrg/all/function/internal_message.html?_=1595556789893&CODE_STATE=count HTTP/1.1" 200 11
172.17.0.123 - - [24/Jul/2020:10:14:13 +0800] "GET /xingrg/check_reg.html?_=1595556789893 HTTP/1.1" 200 22
172.17.0.123 - - [24/Jul/2020:10:14:13 +0800] "POST /xingrg/load_menu.html HTTP/1.1" 200 11408
114.86.231.0 - - [24/Jul/2020:10:14:14 +0800] "GET /xingrg/kc/buy/cgsh_order_operate.html?command=get_materiel&rest_code=00109&code=00101006177&supplier_code=00100015&order_time=2020-07-24 HTTP/1.1" 200 409
172.17.0.123 - - [24/Jul/2020:10:14:16 +0800] "GET /xingrg/kc/report/report_main.html HTTP/1.1" 200 9350
172.17.0.123 - - [24/Jul/2020:10:14:17 +0800] "GET /xingrg/all/report/report_query.html?fileName=kc/buy/gys_amount_base_rest.xml HTTP/1.1" 200 51589
172.17.0.123 - - [24/Jul/2020:10:14:17 +0800] "GET /xingrg/dwr/interface/AjaxReportQueryService.js HTTP/1.1" 200 13203
172.17.0.123 - - [24/Jul/2020:10:14:17 +0800] "GET /xingrg/dwr/engine.js HTTP/1.1" 200 43631
172.17.0.123 - - [24/Jul/2020:10:14:17 +0800] "GET /xingrg/dwr/util.js HTTP/1.1" 304 -
172.17.0.123 - - [24/Jul/2020:10:14:17 +0800] "POST /xingrg/dwr/call/plaincall/AjaxReportQueryService.getFixDate.dwr HTTP/1.1" 200 111
172.17.0.123 - - [24/Jul/2020:10:14:17 +0800] "POST /xingrg/all/common/load_tree.html?tree=area_rest_tree_json&manage=1 HTTP/1.1" 200 3216
172.17.0.123 - - [24/Jul/2020:10:14:18 +0800] "POST /xingrg/all/common/load_tree.html?tree=supplier_tree_json&manage=1 HTTP/1.1" 200 50282
114.86.231.0 - - [24/Jul/2020:10:14:19 +0800] "GET /xingrg/kc/buy/cgsh_order_operate.html?command=get_materiel&rest_code=00109&code=00101010248&supplier_code=00100015&order_time=2020-07-24 HTTP/1.1" 200 430
222.69.133.140 - - [24/Jul/2020:10:14:19 +0800] "GET /xingrg/kc/buy/cgsh_order_operate.html?command=get_materiel&rest_code=00149&code=00101008305&supplier_code=00100005&order_time=2020-07-24 HTTP/1.1" 200 412
172.17.0.100 - - [24/Jul/2020:10:14:20 +0800] "GET /xingrg/all/function/internal_message.html?_=1595556859026&CODE_STATE=getMsg HTTP/1.1" 200 27
172.17.0.123 - - [24/Jul/2020:10:14:20 +0800] "POST /xingrg/dwr/call/plaincall/AjaxReportQueryService.getFixDate.dwr HTTP/1.1" 200 111
172.17.0.119 - - [24/Jul/2020:10:14:21 +0800] "GET /xingrg/all/function/internal_message.html?_=1595556860194&CODE_STATE=getMsg HTTP/1.1" 200 27
120.253.135.82 - - [24/Jul/2020:10:14:22 +0800] "GET /xingrg/all/function/internal_message.html?_=1595556982109&CODE_STATE=getMsg HTTP/1.1" 200 27
180.175.214.200 - - [24/Jul/2020:10:14:22 +0800] "GET /xingrg/kc/buy/cgsh_order_operate.html?command=get_materiel&rest_code=00102&code=00101007061&supplier_code=00100002&order_time=2020-07-24 HTTP/1.1" 200 409
120.253.135.82 - - [24/Jul/2020:10:14:25 +0800] "GET /xingrg/check_reg.html?_=1595556617491 HTTP/1.1" 200 22
222.69.133.140 - - [24/Jul/2020:10:14:27 +0800] "GET /xingrg/kc/buy/cgsh_order_operate.html?command=get_materiel&rest_code=00149&code=00101008512&supplier_code=00100005&order_time=2020-07-24 HTTP/1.1" 200 399
222.69.133.140 - - [24/Jul/2020:10:14:29 +0800] "GET /xingrg/all/function/internal_message.html?_=1595556859957&CODE_STATE=getMsg HTTP/1.1" 200 27
172.17.0.123 - - [24/Jul/2020:10:14:30 +0800] "POST /xingrg/dwr/call/plaincall/AjaxReportQueryService.refreshCache.dwr HTTP/1.1" 200 78
120.253.135.82 - - [24/Jul/2020:10:14:30 +0800] "GET /xingrg/all/function/internal_message.html?_=1595556622110&CODE_STATE=getMsg HTTP/1.1" 200 27
172.17.0.123 - - [24/Jul/2020:10:14:30 +0800] "POST /xingrg/all/report/load_report_page.html HTTP/1.1" 200 46648
172.17.0.123 - - [24/Jul/2020:10:14:30 +0800] "GET /xingrg/servlets/image?cache=0.2293574723523636&image=px HTTP/1.1" 200 807
222.70.173.120 - - [24/Jul/2020:10:14:31 +0800] "GET /xingrg/check_reg.html?_=1595556886803 HTTP/1.1" 200 22
117.184.7.30 - - [24/Jul/2020:10:14:32 +0800] "GET /xingrg/all/function/internal_message.html?_=1595556863224&CODE_STATE=getMsg HTTP/1.1" 200 27
180.175.214.200 - - [24/Jul/2020:10:14:32 +0800] "GET /xingrg/kc/buy/cgsh_order_operate.html?command=get_materiel&rest_code=00102&code=00101007048&supplier_code=00100002&order_time=2020-07-24 HTTP/1.1" 200 408
114.86.231.0 - - [24/Jul/2020:10:14:32 +0800] "GET /xingrg/kc/buy/cgsh_order_operate.html?command=get_materiel&rest_code=00109&code=00101006087&supplier_code=00100015&order_time=2020-07-24 HTTP/1.1" 200 409
114.86.231.0 - - [24/Jul/2020:10:14:34 +0800] "GET /xingrg/all/function/internal_message.html?_=1595556909159&CODE_STATE=getMsg HTTP/1.1" 200 27
114.89.80.44 - - [24/Jul/2020:10:14:34 +0800] "GET /xingrg/all/function/internal_message.html?_=1595556998230&CODE_STATE=getMsg HTTP/1.1" 200 27
222.70.173.120 - - [24/Jul/2020:10:14:34 +0800] "GET /xingrg/all/function/internal_message.html?_=1595556889331&CODE_STATE=getMsg HTTP/1.1" 200 27
116.230.146.118 - - [24/Jul/2020:10:14:34 +0800] "GET /xingrg/all/function/internal_message.html?_=1595556864577&CODE_STATE=getMsg HTTP/1.1" 200 27
180.175.214.200 - - [24/Jul/2020:10:14:37 +0800] "GET /xingrg/kc/buy/cgsh_order_operate.html?command=get_materiel&rest_code=00102&code=00101007081&supplier_code=00100002&order_time=2020-07-24 HTTP/1.1" 200 413
180.175.214.200 - - [24/Jul/2020:10:14:38 +0800] "GET /xingrg/javascript/auto/indicator.gif HTTP/1.1" 404 1066
114.88.159.89 - - [24/Jul/2020:10:14:40 +0800] "GET /xingrg/all/function/internal_message.html?_=1595556891222&CODE_STATE=getMsg HTTP/1.1" 200 27
180.175.214.200 - - [24/Jul/2020:10:14:40 +0800] "GET /xingrg/javascript/jquery_tools/images/prev.gif HTTP/1.1" 404 1086
180.175.214.200 - - [24/Jul/2020:10:14:40 +0800] "GET /xingrg/javascript/jquery_tools/images/next.gif HTTP/1.1" 404 1086
114.86.231.0 - - [24/Jul/2020:10:14:41 +0800] "GET /xingrg/kc/buy/cgsh_order_operate.html?command=get_materiel&rest_code=00109&code=00101006115&supplier_code=00100015&order_time=2020-07-24 HTTP/1.1" 200 409
114.88.159.89 - - [24/Jul/2020:10:14:43 +0800] "GET /xingrg/all/function/internal_message.html?_=1595556542372&CODE_STATE=getMsg HTTP/1.1" 302 -
114.89.80.44 - - [24/Jul/2020:10:14:45 +0800] "GET /xingrg/all/function/internal_message.html?_=1595556881198&CODE_STATE=getMsg HTTP/1.1" 200 27
114.86.227.215 - - [24/Jul/2020:10:14:47 +0800] "GET /xingrg/all/function/internal_message.html?_=1595556891458&CODE_STATE=getMsg HTTP/1.1" 200 27
222.69.133.140 - - [24/Jul/2020:10:14:47 +0800] "GET /xingrg/kc/buy/cgsh_order_operate.html?command=get_materiel&rest_code=00149&code=00101008114&supplier_code=00100005&order_time=2020-07-24 HTTP/1.1" 200 412
114.86.231.0 - - [24/Jul/2020:10:14:50 +0800] "GET /xingrg/kc/buy/cgsh_order_operate.html?command=get_materiel&rest_code=00109&code=00101006144&supplier_code=00100015&order_time=2020-07-24 HTTP/1.1" 200 409
180.175.214.200 - - [24/Jul/2020:10:14:57 +0800] "GET /xingrg/all/function/internal_message.html?_=1595556896047&CODE_STATE=getMsg HTTP/1.1" 200 27
114.88.161.57 - - [24/Jul/2020:10:14:57 +0800] "GET /xingrg/all/function/internal_message.html?_=1595556893054&CODE_STATE=getMsg HTTP/1.1" 200 27
180.175.214.200 - - [24/Jul/2020:10:14:57 +0800] "GET /xingrg/kc/buy/cgsh_order_operate.html?command=get_materiel&rest_code=00102&code=00102004128&supplier_code=00100220&order_time=2020-07-24 HTTP/1.1" 200 401
180.175.214.200 - - [24/Jul/2020:10:15:03 +0800] "GET /xingrg/all/function/internal_message.html?_=1595557107518&CODE_STATE=getMsg HTTP/1.1" 200 27
61.172.5.115 - - [24/Jul/2020:10:15:04 +0800] "GET /xingrg/all/function/internal_message.html?_=1595556904258&CODE_STATE=getMsg HTTP/1.1" 200 27
180.175.214.200 - - [24/Jul/2020:10:15:05 +0800] "POST /xingrg/kc/buy/cgsh_order_operate.html HTTP/1.1" 200 64
114.86.231.0 - - [24/Jul/2020:10:15:05 +0800] "POST /xingrg/kc/buy/cgsh_order_operate.html HTTP/1.1" 200 37
120.253.135.82 - - [24/Jul/2020:10:15:06 +0800] "GET /xingrg/check_reg.html?_=1595557026005 HTTP/1.1" 200 22
114.86.231.0 - - [24/Jul/2020:10:15:08 +0800] "POST /xingrg/kc/buy/cgsh_order_operate.html HTTP/1.1" 200 10381
114.86.231.0 - - [24/Jul/2020:10:15:09 +0800] "GET /xingrg/kc/print/load_config.html?kc_code=cgsh HTTP/1.1" 200 1845
180.175.214.200 - - [24/Jul/2020:10:15:09 +0800] "POST /xingrg/kc/buy/cgsh_order_operate.html HTTP/1.1" 200 37
114.86.231.0 - - [24/Jul/2020:10:15:09 +0800] "GET /xingrg/kc/print/load_data.html?order_code=212020072409977&kc_code=cgsh&condition= HTTP/1.1" 200 3689
180.175.214.200 - - [24/Jul/2020:10:15:10 +0800] "POST /xingrg/kc/buy/cgsh_order_operate.html HTTP/1.1" 200 4421
172.17.0.120 - - [24/Jul/2020:10:15:13 +0800] "GET /xingrg/all/function/internal_message.html?_=1595556910232&CODE_STATE=getMsg HTTP/1.1" 200 27
172.17.0.123 - - [24/Jul/2020:10:15:13 +0800] "GET /xingrg/all/function/internal_message.html?_=1595556849904&CODE_STATE=getMsg HTTP/1.1" 200 27
180.175.214.200 - - [24/Jul/2020:10:15:13 +0800] "GET /xingrg/kc/buy/cgsh_order_operate.html?command=get_materiel&rest_code=00102&code=00102004002&supplier_code=00100220&order_time=2020-07-24 HTTP/1.1" 200 418
180.175.214.200 - - [24/Jul/2020:10:15:15 +0800] "POST /xingrg/kc/buy/cgsh_order_operate.html HTTP/1.1" 200 37
222.69.133.140 - - [24/Jul/2020:10:15:16 +0800] "GET /xingrg/kc/buy/cgsh_order_operate.html?command=get_materiel&rest_code=00149&code=00101020152&supplier_code=00100005&order_time=2020-07-24 HTTP/1.1" 200 416
180.175.214.200 - - [24/Jul/2020:10:15:17 +0800] "POST /xingrg/kc/buy/cgsh_order_operate.html HTTP/1.1" 200 12
180.175.214.200 - - [24/Jul/2020:10:15:18 +0800] "GET /xingrg/kc/buy/cgsh_order_info.html?code=212020072409979 HTTP/1.1" 200 54129
180.175.214.200 - - [24/Jul/2020:10:15:19 +0800] "GET /xingrg/javascript/easyui/themes/default/validatebox.css HTTP/1.1" 404 1104
180.175.214.200 - - [24/Jul/2020:10:15:19 +0800] "POST /xingrg/kc/buy/cgsh_order_operate.html HTTP/1.1" 200 2371
172.17.0.100 - - [24/Jul/2020:10:15:20 +0800] "GET /xingrg/all/function/internal_message.html?_=1595556919026&CODE_STATE=getMsg HTTP/1.1" 200 27
172.17.0.100 - - [24/Jul/2020:10:15:20 +0800] "GET /xingrg/check_reg.html?_=1595556919029 HTTP/1.1" 200 22
172.17.0.119 - - [24/Jul/2020:10:15:21 +0800] "GET /xingrg/all/function/internal_message.html?_=1595556920197&CODE_STATE=getMsg HTTP/1.1" 200 27
180.175.214.200 - - [24/Jul/2020:10:15:22 +0800] "GET /xingrg/kc/print/load_data.html?order_code=212020072409979&kc_code=cgsh&condition= HTTP/1.1" 200 1426
120.253.135.82 - - [24/Jul/2020:10:15:22 +0800] "GET /xingrg/all/function/internal_message.html?_=1595557042115&CODE_STATE=getMsg HTTP/1.1" 200 27
180.175.214.200 - - [24/Jul/2020:10:15:23 +0800] "GET /xingrg/kc/buy/cgsh_order_operate.html?command=get_materiel&rest_code=00102&code=00102004133&supplier_code=00100220&order_time=2020-07-24 HTTP/1.1" 200 401
222.69.133.140 - - [24/Jul/2020:10:15:29 +0800] "GET /xingrg/all/function/internal_message.html?_=1595556919929&CODE_STATE=getMsg HTTP/1.1" 200 27
114.86.231.0 - - [24/Jul/2020:10:15:30 +0800] "GET /xingrg/kc/buy/cgsh_order_add.html HTTP/1.1" 200 59363
114.86.231.0 - - [24/Jul/2020:10:15:30 +0800] "GET /xingrg/words/20200724094026_words.js HTTP/1.1" 304 -
180.175.214.200 - - [24/Jul/2020:10:15:30 +0800] "GET /xingrg/kc/buy/cgsh_order_operate.html?command=get_materiel&rest_code=00102&code=00102004134&supplier_code=00100220&order_time=2020-07-24 HTTP/1.1" 200 397
120.253.135.82 - - [24/Jul/2020:10:15:30 +0800] "GET /xingrg/all/function/internal_message.html?_=1595556682123&CODE_STATE=getMsg HTTP/1.1" 200 27
114.86.231.0 - - [24/Jul/2020:10:15:30 +0800] "POST /xingrg/kc/buy/cgsh_order_operate.html HTTP/1.1" 200 8245
114.86.231.0 - - [24/Jul/2020:10:15:30 +0800] "GET /xingrg/all/common/auto_word.html?type=employee&rest_code=00109 HTTP/1.1" 200 255
222.69.133.140 - - [24/Jul/2020:10:15:30 +0800] "GET /xingrg/check_reg.html?_=1595556921383 HTTP/1.1" 200 22
114.86.231.0 - - [24/Jul/2020:10:15:30 +0800] "GET /xingrg/javascript/easyui/themes/default/validatebox.css HTTP/1.1" 404 1104
114.86.231.0 - - [24/Jul/2020:10:15:30 +0800] "GET /xingrg/all/common/auto_word.html?type=employee&rest_code=00109 HTTP/1.1" 200 255
117.184.7.30 - - [24/Jul/2020:10:15:32 +0800] "GET /xingrg/all/function/internal_message.html?_=1595556923232&CODE_STATE=getMsg HTTP/1.1" 200 27
180.175.214.200 - - [24/Jul/2020:10:15:33 +0800] "GET /xingrg/kc/buy/cgsh_order_add.html HTTP/1.1" 200 59228
180.175.214.200 - - [24/Jul/2020:10:15:34 +0800] "POST /xingrg/kc/buy/cgsh_order_operate.html HTTP/1.1" 200 8245
114.89.80.44 - - [24/Jul/2020:10:15:34 +0800] "GET /xingrg/all/function/internal_message.html?_=1595557058244&CODE_STATE=getMsg HTTP/1.1" 200 27
222.70.173.120 - - [24/Jul/2020:10:15:34 +0800] "GET /xingrg/all/function/internal_message.html?_=1595556949921&CODE_STATE=getMsg HTTP/1.1" 200 27
180.175.214.200 - - [24/Jul/2020:10:15:34 +0800] "GET /xingrg/javascript/easyui/themes/default/validatebox.css HTTP/1.1" 404 1104
116.230.146.118 - - [24/Jul/2020:10:15:34 +0800] "GET /xingrg/all/function/internal_message.html?_=1595556924565&CODE_STATE=getMsg HTTP/1.1" 200 27
180.175.214.200 - - [24/Jul/2020:10:15:37 +0800] "GET /xingrg/javascript/easyui/themes/default/tree.css HTTP/1.1" 404 1090
114.86.231.0 - - [24/Jul/2020:10:15:37 +0800] "GET /xingrg/all/function/internal_message.html?_=1595556971917&CODE_STATE=getMsg HTTP/1.1" 200 27
180.175.214.200 - - [24/Jul/2020:10:15:37 +0800] "POST /xingrg/all/common/load_tree.html?tree=supplier_tree_json&isDelete=1 HTTP/1.1" 200 49550
114.88.159.89 - - [24/Jul/2020:10:15:40 +0800] "GET /xingrg/all/function/internal_message.html?_=1595556951248&CODE_STATE=getMsg HTTP/1.1" 200 27
114.88.159.89 - - [24/Jul/2020:10:15:43 +0800] "GET /xingrg/all/function/internal_message.html?_=1595556602368&CODE_STATE=getMsg HTTP/1.1" 302 -
114.89.80.44 - - [24/Jul/2020:10:15:45 +0800] "GET /xingrg/all/function/internal_message.html?_=1595556941219&CODE_STATE=getMsg HTTP/1.1" 200 27
58.40.7.146 - - [24/Jul/2020:10:15:46 +0800] "GET /xingrg/check_reg.html?_=1595556943941 HTTP/1.1" 200 22
114.86.227.215 - - [24/Jul/2020:10:15:47 +0800] "GET /xingrg/all/function/internal_message.html?_=1595556951452&CODE_STATE=getMsg HTTP/1.1" 200 27
180.175.214.200 - - [24/Jul/2020:10:15:48 +0800] "GET /xingrg/kc/buy/cgsh_order_operate.html?command=get_materiel&rest_code=00102&code=00102004056&supplier_code=00100220&order_time=2020-07-24 HTTP/1.1" 200 434
114.86.227.215 - - [24/Jul/2020:10:15:48 +0800] "GET /xingrg/check_reg.html?_=1595556953015 HTTP/1.1" 200 22
114.86.231.0 - - [24/Jul/2020:10:15:54 +0800] "GET /xingrg/javascript/jquery_tools/images/prev.gif HTTP/1.1" 404 1086
114.86.231.0 - - [24/Jul/2020:10:15:54 +0800] "GET /xingrg/javascript/jquery_tools/images/next.gif HTTP/1.1" 404 1086
180.175.214.200 - - [24/Jul/2020:10:15:57 +0800] "GET /xingrg/kc/buy/cgsh_order_operate.html?command=get_materiel&rest_code=00102&code=00101006112&supplier_code=00100011&order_time=2020-07-24 HTTP/1.1" 200 409
180.175.214.200 - - [24/Jul/2020:10:15:57 +0800] "GET /xingrg/all/function/internal_message.html?_=1595556956061&CODE_STATE=getMsg HTTP/1.1" 200 27
114.88.161.57 - - [24/Jul/2020:10:15:57 +0800] "GET /xingrg/all/function/internal_message.html?_=1595556953353&CODE_STATE=getMsg HTTP/1.1" 200 27
180.175.214.200 - - [24/Jul/2020:10:16:03 +0800] "GET /xingrg/all/function/internal_message.html?_=1595557167708&CODE_STATE=getMsg HTTP/1.1" 200 27
61.172.5.115 - - [24/Jul/2020:10:16:04 +0800] "GET /xingrg/all/function/internal_message.html?_=1595556964232&CODE_STATE=getMsg HTTP/1.1" 200 27
61.172.5.115 - - [24/Jul/2020:10:16:05 +0800] "GET /xingrg/check_reg.html?_=1595556965765 HTTP/1.1" 200 22
180.175.214.200 - - [24/Jul/2020:10:16:06 +0800] "GET /xingrg/kc/buy/cgsh_order_operate.html?command=get_materiel&rest_code=00102&code=00101006063&supplier_code=00100011&order_time=2020-07-24 HTTP/1.1" 200 413
114.86.231.0 - - [24/Jul/2020:10:16:06 +0800] "GET /xingrg/kc/buy/cgsh_order_operate.html?command=get_materiel&rest_code=00109&code=00101016025&supplier_code=00100035&order_time=2020-07-24 HTTP/1.1" 200 408
172.17.0.120 - - [24/Jul/2020:10:16:13 +0800] "GET /xingrg/check_reg.html?_=1595556970223 HTTP/1.1" 200 22
172.17.0.120 - - [24/Jul/2020:10:16:13 +0800] "GET /xingrg/all/function/internal_message.html?_=1595556970234&CODE_STATE=getMsg HTTP/1.1" 200 27
172.17.0.123 - - [24/Jul/2020:10:16:13 +0800] "GET /xingrg/all/function/internal_message.html?_=1595556909906&CODE_STATE=getMsg HTTP/1.1" 200 27
114.86.231.0 - - [24/Jul/2020:10:16:14 +0800] "GET /xingrg/kc/buy/cgsh_order_operate.html?command=get_materiel&rest_code=00109&code=00101012059&supplier_code=00100035&order_time=2020-07-24 HTTP/1.1" 200 412
180.175.214.200 - - [24/Jul/2020:10:16:14 +0800] "GET /xingrg/kc/buy/cgsh_order_operate.html?command=get_materiel&rest_code=00102&code=00101006193&supplier_code=00100011&order_time=2020-07-24 HTTP/1.1" 200 409
222.69.133.140 - - [24/Jul/2020:10:16:15 +0800] "POST /xingrg/kc/buy/cgsh_order_operate.html HTTP/1.1" 200 2065
172.17.0.100 - - [24/Jul/2020:10:16:20 +0800] "GET /xingrg/all/function/internal_message.html?_=1595556979027&CODE_STATE=getMsg HTTP/1.1" 200 27
180.175.214.200 - - [24/Jul/2020:10:16:21 +0800] "POST /xingrg/kc/buy/cgsh_order_operate.html HTTP/1.1" 200 37
172.17.0.119 - - [24/Jul/2020:10:16:21 +0800] "GET /xingrg/all/function/internal_message.html?_=1595556980184&CODE_STATE=getMsg HTTP/1.1" 200 27
180.175.214.200 - - [24/Jul/2020:10:16:21 +0800] "GET /xingrg/kc/buy/cgsh_order_operate.html?command=get_materiel&rest_code=00102&code=00101006017&supplier_code=00100011&order_time=2020-07-24 HTTP/1.1" 200 417
180.175.214.200 - - [24/Jul/2020:10:16:22 +0800] "POST /xingrg/kc/buy/cgsh_order_operate.html HTTP/1.1" 200 12
120.253.135.82 - - [24/Jul/2020:10:16:22 +0800] "GET /xingrg/all/function/internal_message.html?_=1595557102128&CODE_STATE=getMsg HTTP/1.1" 200 27
180.175.214.200 - - [24/Jul/2020:10:16:23 +0800] "GET /xingrg/kc/buy/cgsh_order_info.html?code=212020072409980 HTTP/1.1" 200 54147
180.175.214.200 - - [24/Jul/2020:10:16:23 +0800] "GET /xingrg/javascript/easyui/themes/default/validatebox.css HTTP/1.1" 404 1104
180.175.214.200 - - [24/Jul/2020:10:16:23 +0800] "POST /xingrg/kc/buy/cgsh_order_operate.html HTTP/1.1" 200 3019
222.69.133.140 - - [24/Jul/2020:10:16:24 +0800] "GET /xingrg/kc/buy/cgsh_order_operate.html?command=get_materiel&rest_code=00149&code=00101008061&supplier_code=00100005&order_time=2020-07-24 HTTP/1.1" 200 422
114.86.231.0 - - [24/Jul/2020:10:16:25 +0800] "GET /xingrg/kc/buy/cgsh_order_operate.html?command=get_materiel&rest_code=00109&code=00101012026&supplier_code=00100035&order_time=2020-07-24 HTTP/1.1" 200 408
180.175.214.200 - - [24/Jul/2020:10:16:25 +0800] "GET /xingrg/kc/print/load_config.html?kc_code=cgsh HTTP/1.1" 200 1845
180.175.214.200 - - [24/Jul/2020:10:16:25 +0800] "GET /xingrg/kc/print/load_data.html?order_code=212020072409980&kc_code=cgsh&condition= HTTP/1.1" 200 1648
180.175.214.200 - - [24/Jul/2020:10:16:28 +0800] "GET /xingrg/kc/buy/cgsh_order_operate.html?command=get_materiel&rest_code=00102&code=00101006065&supplier_code=00100011&order_time=2020-07-24 HTTP/1.1" 200 409
222.69.133.140 - - [24/Jul/2020:10:16:29 +0800] "GET /xingrg/all/function/internal_message.html?_=1595556979927&CODE_STATE=getMsg HTTP/1.1" 200 27
120.253.135.82 - - [24/Jul/2020:10:16:30 +0800] "GET /xingrg/all/function/internal_message.html?_=1595556742252&CODE_STATE=getMsg HTTP/1.1" 200 27
172.17.0.185 - - [24/Jul/2020:10:16:30 +0800] "GET /xingrg/check_reg.html?_=1595556987110 HTTP/1.1" 200 22
117.184.7.30 - - [24/Jul/2020:10:16:32 +0800] "GET /xingrg/all/function/internal_message.html?_=1595556983232&CODE_STATE=getMsg HTTP/1.1" 200 27
180.175.214.200 - - [24/Jul/2020:10:16:33 +0800] "GET /xingrg/kc/buy/cgsh_order_add.html HTTP/1.1" 200 59234
180.175.214.200 - - [24/Jul/2020:10:16:33 +0800] "POST /xingrg/kc/buy/cgsh_order_operate.html HTTP/1.1" 200 8245
222.69.133.140 - - [24/Jul/2020:10:16:33 +0800] "GET /xingrg/kc/buy/cgsh_order_operate.html?command=get_materiel&rest_code=00149&code=00101008236&supplier_code=00100005&order_time=2020-07-24 HTTP/1.1" 200 416
180.175.214.200 - - [24/Jul/2020:10:16:33 +0800] "GET /xingrg/javascript/easyui/themes/default/validatebox.css HTTP/1.1" 404 1104
114.89.80.44 - - [24/Jul/2020:10:16:34 +0800] "GET /xingrg/all/function/internal_message.html?_=1595557118271&CODE_STATE=getMsg HTTP/1.1" 200 27
222.70.173.120 - - [24/Jul/2020:10:16:34 +0800] "GET /xingrg/all/function/internal_message.html?_=1595557009934&CODE_STATE=getMsg HTTP/1.1" 200 27
180.175.214.200 - - [24/Jul/2020:10:16:34 +0800] "GET /xingrg/kc/buy/cgsh_order_operate.html?command=get_materiel&rest_code=00102&code=00101006133&supplier_code=00100011&order_time=2020-07-24 HTTP/1.1" 200 413
116.230.146.118 - - [24/Jul/2020:10:16:34 +0800] "GET /xingrg/all/function/internal_message.html?_=1595556984547&CODE_STATE=getMsg HTTP/1.1" 200 27
114.86.231.0 - - [24/Jul/2020:10:16:37 +0800] "GET /xingrg/all/function/internal_message.html?_=1595557031921&CODE_STATE=getMsg HTTP/1.1" 200 27
114.88.159.89 - - [24/Jul/2020:10:16:40 +0800] "GET /xingrg/all/function/internal_message.html?_=1595557011246&CODE_STATE=getMsg HTTP/1.1" 200 27
114.88.159.89 - - [24/Jul/2020:10:16:43 +0800] "GET /xingrg/all/function/internal_message.html?_=1595556662340&CODE_STATE=getMsg HTTP/1.1" 302 -
180.175.214.200 - - [24/Jul/2020:10:16:44 +0800] "GET /xingrg/kc/buy/cgsh_order_operate.html?command=get_materiel&rest_code=00102&code=00102004060&supplier_code=00100220&order_time=2020-07-24 HTTP/1.1" 200 409
222.69.133.140 - - [24/Jul/2020:10:16:44 +0800] "GET /xingrg/kc/buy/cgsh_order_operate.html?command=get_materiel&rest_code=00149&code=00101008198&supplier_code=00100005&order_time=2020-07-24 HTTP/1.1" 200 413
180.175.214.200 - - [24/Jul/2020:10:16:44 +0800] "GET /xingrg/kc/buy/cgsh_order_operate.html?command=get_materiel&rest_code=00102&code=00101006039&supplier_code=00100011&order_time=2020-07-24 HTTP/1.1" 200 413
114.89.80.44 - - [24/Jul/2020:10:16:45 +0800] "GET /xingrg/all/function/internal_message.html?_=1595557001219&CODE_STATE=getMsg HTTP/1.1" 200 27
114.86.227.215 - - [24/Jul/2020:10:16:47 +0800] "GET /xingrg/all/function/internal_message.html?_=1595557011462&CODE_STATE=getMsg HTTP/1.1" 200 27
114.86.231.0 - - [24/Jul/2020:10:16:48 +0800] "GET /xingrg/kc/buy/cgsh_order_operate.html?command=get_materiel&rest_code=00109&code=00101016105&supplier_code=00100035&order_time=2020-07-24 HTTP/1.1" 200 409
180.175.214.200 - - [24/Jul/2020:10:16:52 +0800] "GET /xingrg/kc/buy/cgsh_order_operate.html?command=get_materiel&rest_code=00102&code=00101006110&supplier_code=00100011&order_time=2020-07-24 HTTP/1.1" 200 408
180.175.214.200 - - [24/Jul/2020:10:16:53 +0800] "GET /xingrg/kc/buy/cgsh_order_operate.html?command=get_materiel&rest_code=00102&code=00102002613&supplier_code=00100220&order_time=2020-07-24 HTTP/1.1" 200 417
222.69.133.140 - - [24/Jul/2020:10:16:56 +0800] "GET /xingrg/kc/buy/cgsh_order_operate.html?command=get_materiel&rest_code=00149&code=00101008125&supplier_code=00100005&order_time=2020-07-24 HTTP/1.1" 200 413
114.86.231.0 - - [24/Jul/2020:10:16:56 +0800] "GET /xingrg/kc/buy/cgsh_order_operate.html?command=get_materiel&rest_code=00109&code=00101012051&supplier_code=00100035&order_time=2020-07-24 HTTP/1.1" 200 408
180.175.214.200 - - [24/Jul/2020:10:16:57 +0800] "GET /xingrg/all/function/internal_message.html?_=1595557016074&CODE_STATE=getMsg HTTP/1.1" 200 27
114.88.161.57 - - [24/Jul/2020:10:16:57 +0800] "GET /xingrg/all/function/internal_message.html?_=1595557013361&CODE_STATE=getMsg HTTP/1.1" 200 27
180.175.214.200 - - [24/Jul/2020:10:17:03 +0800] "GET /xingrg/all/function/internal_message.html?_=1595557227717&CODE_STATE=getMsg HTTP/1.1" 200 27
61.172.5.115 - - [24/Jul/2020:10:17:03 +0800] "GET /xingrg/all/function/internal_message.html?_=1595557024206&CODE_STATE=getMsg HTTP/1.1" 200 27
222.69.133.140 - - [24/Jul/2020:10:17:04 +0800] "POST /xingrg/kc/buy/cgsh_order_operate.html HTTP/1.1" 200 37
114.86.231.0 - - [24/Jul/2020:10:17:04 +0800] "GET /xingrg/kc/buy/cgsh_order_operate.html?command=get_materiel&rest_code=00109&code=00101016010&supplier_code=00100035&order_time=2020-07-24 HTTP/1.1" 200 408
114.86.231.0 - - [24/Jul/2020:10:17:04 +0800] "GET /xingrg/javascript/auto/indicator.gif HTTP/1.1" 404 1066
180.175.214.200 - - [24/Jul/2020:10:17:05 +0800] "GET /xingrg/kc/buy/cgsh_order_operate.html?command=get_materiel&rest_code=00102&code=00101006129&supplier_code=00100011&order_time=2020-07-24 HTTP/1.1" 200 431
222.69.133.140 - - [24/Jul/2020:10:17:07 +0800] "POST /xingrg/kc/buy/cgsh_order_operate.html HTTP/1.1" 200 33449
61.172.5.115 - - [24/Jul/2020:10:17:07 +0800] "GET /xingrg/kc/buy/cgsh_order_list.html HTTP/1.1" 200 43578
114.86.231.0 - - [24/Jul/2020:10:17:09 +0800] "GET /xingrg/kc/buy/cgsh_order_operate.html?command=get_materiel&rest_code=00109&code=00101012029&supplier_code=00100035&order_time=2020-07-24 HTTP/1.1" 200 412
61.172.5.115 - - [24/Jul/2020:10:17:10 +0800] "POST /xingrg/kc/buy/cgsh_list_operate.html HTTP/1.1" 200 3132
172.17.0.120 - - [24/Jul/2020:10:17:13 +0800] "GET /xingrg/all/function/internal_message.html?_=1595557030227&CODE_STATE=getMsg HTTP/1.1" 200 27
172.17.0.123 - - [24/Jul/2020:10:17:13 +0800] "GET /xingrg/all/function/internal_message.html?_=1595556969910&CODE_STATE=getMsg HTTP/1.1" 200 27
114.86.227.215 - - [24/Jul/2020:10:17:14 +0800] "POST /xingrg/services/DataTransmitService HTTP/1.1" 200 524
61.172.5.115 - - [24/Jul/2020:10:17:15 +0800] "POST /xingrg/kc/buy/cgsh_list_operate.html HTTP/1.1" 200 493
180.175.214.200 - - [24/Jul/2020:10:17:16 +0800] "POST /xingrg/kc/buy/cgsh_order_operate.html HTTP/1.1" 200 37
61.172.5.115 - - [24/Jul/2020:10:17:16 +0800] "GET /xingrg/kc/buy/cgsh_order_info.html?code=212020072409941 HTTP/1.1" 200 59327
61.172.5.115 - - [24/Jul/2020:10:17:16 +0800] "GET /xingrg/javascript/easyui/themes/default/validatebox.css HTTP/1.1" 404 1104
114.86.231.0 - - [24/Jul/2020:10:17:16 +0800] "GET /xingrg/kc/buy/cgsh_order_operate.html?command=get_materiel&rest_code=00109&code=00101012019&supplier_code=00100035&order_time=2020-07-24 HTTP/1.1" 200 412
61.172.5.115 - - [24/Jul/2020:10:17:16 +0800] "POST /xingrg/kc/buy/cgsh_order_operate.html HTTP/1.1" 200 5020
180.175.214.200 - - [24/Jul/2020:10:17:17 +0800] "POST /xingrg/kc/buy/cgsh_order_operate.html HTTP/1.1" 200 12
61.172.5.115 - - [24/Jul/2020:10:17:18 +0800] "GET /xingrg/kc/print/load_data.html?order_code=212020072409941&kc_code=cgsh&condition= HTTP/1.1" 200 1574
180.175.214.200 - - [24/Jul/2020:10:17:18 +0800] "GET /xingrg/kc/buy/cgsh_order_info.html?code=212020072409982 HTTP/1.1" 200 54147
180.175.214.200 - - [24/Jul/2020:10:17:18 +0800] "GET /xingrg/javascript/easyui/themes/default/validatebox.css HTTP/1.1" 404 1104
180.175.214.200 - - [24/Jul/2020:10:17:19 +0800] "POST /xingrg/kc/buy/cgsh_order_operate.html HTTP/1.1" 200 1200
180.175.214.200 - - [24/Jul/2020:10:17:19 +0800] "GET /xingrg/kc/buy/cgsh_order_operate.html?command=get_materiel&rest_code=00102&code=00101006109&supplier_code=00100011&order_time=2020-07-24 HTTP/1.1" 200 409
172.17.0.100 - - [24/Jul/2020:10:17:20 +0800] "GET /xingrg/all/function/internal_message.html?_=1595557039026&CODE_STATE=getMsg HTTP/1.1" 200 27
172.17.0.119 - - [24/Jul/2020:10:17:21 +0800] "GET /xingrg/all/function/internal_message.html?_=1595557040187&CODE_STATE=getMsg HTTP/1.1" 200 27
180.175.214.200 - - [24/Jul/2020:10:17:21 +0800] "GET /xingrg/kc/print/load_data.html?order_code=212020072409982&kc_code=cgsh&condition= HTTP/1.1" 200 925
61.172.5.115 - - [24/Jul/2020:10:17:22 +0800] "GET /xingrg/kc/buy/cgsh_order_list.html HTTP/1.1" 200 43578
120.253.135.82 - - [24/Jul/2020:10:17:22 +0800] "GET /xingrg/all/function/internal_message.html?_=1595557162147&CODE_STATE=getMsg HTTP/1.1" 200 27
114.86.231.0 - - [24/Jul/2020:10:17:25 +0800] "POST /xingrg/kc/buy/cgsh_order_operate.html HTTP/1.1" 200 37
180.175.214.200 - - [24/Jul/2020:10:17:25 +0800] "GET /xingrg/kc/buy/cgsh_order_add.html HTTP/1.1" 200 59234
180.175.214.200 - - [24/Jul/2020:10:17:26 +0800] "POST /xingrg/kc/buy/cgsh_order_operate.html HTTP/1.1" 200 8245
