172.17.0.119 - - [24/Jul/2020:09:40:45 +0800] "GET /xingrg/javascript/jquery_easy_ui/themes/default/images/button_plain_hover.png HTTP/1.1" 200 252
58.40.7.146 - - [24/Jul/2020:09:40:46 +0800] "GET /xingrg/check_reg.html?_=1595554844104 HTTP/1.1" 200 22
114.86.227.215 - - [24/Jul/2020:09:40:47 +0800] "GET /xingrg/all/function/internal_message.html?_=1595554851461&CODE_STATE=getMsg HTTP/1.1" 200 27
172.17.0.185 - - [24/Jul/2020:09:40:47 +0800] "GET /xingrg/dma/order_info.html?id=36241&sid=13&sale_day=20200723 HTTP/1.1" 200 8981
172.17.0.185 - - [24/Jul/2020:09:40:47 +0800] "GET /favicon.ico HTTP/1.1" 404 -
114.89.80.44 - - [24/Jul/2020:09:40:48 +0800] "GET /xingrg/kc/buy/cgsh_order_add.html HTTP/1.1" 200 58970
114.89.80.44 - - [24/Jul/2020:09:40:48 +0800] "POST /xingrg/kc/buy/cgsh_order_operate.html HTTP/1.1" 200 8245
114.89.80.44 - - [24/Jul/2020:09:40:48 +0800] "GET /xingrg/javascript/easyui/themes/default/validatebox.css HTTP/1.1" 404 1104
114.86.227.215 - - [24/Jul/2020:09:40:48 +0800] "GET /xingrg/check_reg.html?_=1595554853141 HTTP/1.1" 200 22
180.175.214.200 - - [24/Jul/2020:09:40:50 +0800] "GET /xingrg/all/function/internal_message.html?_=1595555054173&CODE_STATE=getMsg HTTP/1.1" 200 27
172.17.0.100 - - [24/Jul/2020:09:40:51 +0800] "GET /xingrg/kc/buy/cgsh_order_list.html HTTP/1.1" 200 43564
172.17.0.100 - - [24/Jul/2020:09:40:51 +0800] "POST /xingrg/kc/buy/cgsh_list_operate.html HTTP/1.1" 200 876
172.17.0.100 - - [24/Jul/2020:09:40:53 +0800] "GET /xingrg/kc/buy/cgsh_order_add.html HTTP/1.1" 200 59249
172.17.0.100 - - [24/Jul/2020:09:40:53 +0800] "GET /xingrg/words/20200724094026_words.js HTTP/1.1" 200 752430
172.17.0.100 - - [24/Jul/2020:09:40:53 +0800] "POST /xingrg/kc/buy/cgsh_order_operate.html HTTP/1.1" 200 8245
172.17.0.100 - - [24/Jul/2020:09:40:53 +0800] "GET /xingrg/javascript/easyui/themes/default/validatebox.css HTTP/1.1" 404 1104
114.88.161.57 - - [24/Jul/2020:09:40:55 +0800] "GET /xingrg/all/function/internal_message.html?_=1595554850912&CODE_STATE=getMsg HTTP/1.1" 200 27
114.89.80.44 - - [24/Jul/2020:09:40:56 +0800] "GET /xingrg/kc/buy/cgsh_order_operate.html?command=get_materiel&rest_code=00151&code=00101012059&supplier_code=00100036&order_time=2020-07-24 HTTP/1.1" 200 412
222.69.133.140 - - [24/Jul/2020:09:40:57 +0800] "GET /xingrg/kc/buy/cgsh_order_operate.html?command=get_materiel&rest_code=00149&code=00101004033&supplier_code=00100083&order_time=2020-07-24 HTTP/1.1" 200 439
172.17.0.100 - - [24/Jul/2020:09:40:59 +0800] "GET /xingrg/javascript/jquery_tools/images/next.gif HTTP/1.1" 404 1086
172.17.0.100 - - [24/Jul/2020:09:40:59 +0800] "GET /xingrg/javascript/jquery_tools/images/prev.gif HTTP/1.1" 404 1086
61.172.5.115 - - [24/Jul/2020:09:41:04 +0800] "GET /xingrg/all/function/internal_message.html?_=1595554865031&CODE_STATE=getMsg HTTP/1.1" 200 27
61.172.5.115 - - [24/Jul/2020:09:41:05 +0800] "GET /xingrg/check_reg.html?_=1595554865737 HTTP/1.1" 200 22
222.69.133.140 - - [24/Jul/2020:09:41:06 +0800] "POST /xingrg/kc/buy/cgsh_order_operate.html HTTP/1.1" 200 37
172.17.0.100 - - [24/Jul/2020:09:41:06 +0800] "GET /xingrg/kc/buy/cgsh_order_operate.html?command=get_materiel&rest_code=00147&code=00102004135&supplier_code=00100220&order_time=2020-07-24 HTTP/1.1" 200 401
114.89.80.44 - - [24/Jul/2020:09:41:08 +0800] "POST /xingrg/kc/buy/cgsh_order_operate.html HTTP/1.1" 200 37
114.89.80.44 - - [24/Jul/2020:09:41:08 +0800] "GET /xingrg/kc/buy/cgsh_order_operate.html?command=get_materiel&rest_code=00151&code=00101016105&supplier_code=00100036&order_time=2020-07-24 HTTP/1.1" 200 409
222.69.133.140 - - [24/Jul/2020:09:41:09 +0800] "POST /xingrg/kc/buy/cgsh_order_operate.html HTTP/1.1" 200 12
114.89.80.44 - - [24/Jul/2020:09:41:10 +0800] "POST /xingrg/kc/buy/cgsh_order_operate.html HTTP/1.1" 200 12
222.69.133.140 - - [24/Jul/2020:09:41:11 +0800] "GET /xingrg/kc/buy/cgsh_order_info.html?code=212020072409961 HTTP/1.1" 200 54270
222.69.133.140 - - [24/Jul/2020:09:41:11 +0800] "GET /xingrg/words/20200724094026_words.js HTTP/1.1" 200 752430
222.69.133.140 - - [24/Jul/2020:09:41:11 +0800] "GET /xingrg/javascript/easyui/themes/default/validatebox.css HTTP/1.1" 404 1104
114.89.80.44 - - [24/Jul/2020:09:41:11 +0800] "GET /xingrg/kc/buy/cgsh_order_info.html?code=212020072409962 HTTP/1.1" 200 53851
222.69.133.140 - - [24/Jul/2020:09:41:11 +0800] "POST /xingrg/kc/buy/cgsh_order_operate.html HTTP/1.1" 200 1827
114.89.80.44 - - [24/Jul/2020:09:41:12 +0800] "GET /xingrg/words/20200724094026_words.js HTTP/1.1" 200 752430
114.89.80.44 - - [24/Jul/2020:09:41:12 +0800] "GET /xingrg/javascript/easyui/themes/default/validatebox.css HTTP/1.1" 404 1104
172.17.0.120 - - [24/Jul/2020:09:41:12 +0800] "POST /xingrg/all/user/operate.html HTTP/1.1" 200 36
172.17.0.120 - - [24/Jul/2020:09:41:12 +0800] "GET /xingrg/index.html?sysBaseUrl=http%3A%2F%2F172.17.0.8%3A18081%2Fxingrg%2F&costTime=36×tamp=1595553655191 HTTP/1.1" 200 17454
172.17.0.120 - - [24/Jul/2020:09:41:12 +0800] "GET /xingrg/javascript/jquery_easy_ui/themes/default/easyui.css HTTP/1.1" 304 -
172.17.0.120 - - [24/Jul/2020:09:41:12 +0800] "GET /xingrg/javascript/jquery_easy_ui/themes/icon.css HTTP/1.1" 304 -
172.17.0.120 - - [24/Jul/2020:09:41:12 +0800] "GET /xingrg/css/form.css HTTP/1.1" 304 -
172.17.0.120 - - [24/Jul/2020:09:41:12 +0800] "GET /xingrg/javascript/jquery-1.4.2.min.js HTTP/1.1" 304 -
172.17.0.120 - - [24/Jul/2020:09:41:12 +0800] "GET /xingrg/javascript/jquery_easy_ui/jquery.easyui.min.js HTTP/1.1" 304 -
114.89.80.44 - - [24/Jul/2020:09:41:12 +0800] "POST /xingrg/kc/buy/cgsh_order_operate.html HTTP/1.1" 200 3581
172.17.0.120 - - [24/Jul/2020:09:41:12 +0800] "GET /xingrg/javascript/jquery_easy_ui/easyui-lang-zh_CN.js HTTP/1.1" 304 -
172.17.0.120 - - [24/Jul/2020:09:41:12 +0800] "GET /xingrg/javascript/jquery.form.js HTTP/1.1" 304 -
172.17.0.120 - - [24/Jul/2020:09:41:12 +0800] "GET /xingrg/javascript/jquery.utils.js HTTP/1.1" 304 -
172.17.0.120 - - [24/Jul/2020:09:41:12 +0800] "GET /xingrg/javascript/jquery.timers.js HTTP/1.1" 304 -
172.17.0.120 - - [24/Jul/2020:09:41:12 +0800] "GET /xingrg/images/blue/jxLogo.png HTTP/1.1" 304 -
172.17.0.120 - - [24/Jul/2020:09:41:12 +0800] "GET /xingrg/javascript/jquery_easy_ui/themes/icons/settle_new.png HTTP/1.1" 304 -
172.17.0.120 - - [24/Jul/2020:09:41:12 +0800] "GET /xingrg/images/blue/navBackgound.jpg HTTP/1.1" 304 -
172.17.0.120 - - [24/Jul/2020:09:41:12 +0800] "POST /xingrg/all/common/load_tree.html?tree=area_rest_tree_json&manage=1 HTTP/1.1" 200 3216
172.17.0.120 - - [24/Jul/2020:09:41:12 +0800] "GET /xingrg/all/function/internal_message.html?_=1595554870216&CODE_STATE=count HTTP/1.1" 200 11
172.17.0.120 - - [24/Jul/2020:09:41:12 +0800] "GET /xingrg/check_reg.html?_=1595554870217 HTTP/1.1" 200 22
172.17.0.120 - - [24/Jul/2020:09:41:12 +0800] "GET /xingrg/javascript/jquery_easy_ui/themes/default/images/panel_tool_collapse.gif HTTP/1.1" 304 -
172.17.0.120 - - [24/Jul/2020:09:41:12 +0800] "GET /xingrg/javascript/jquery_easy_ui/themes/default/images/tabs_rightarrow.png HTTP/1.1" 304 -
172.17.0.120 - - [24/Jul/2020:09:41:12 +0800] "GET /xingrg/images/blue/pingpu.png HTTP/1.1" 304 -
172.17.0.120 - - [24/Jul/2020:09:41:12 +0800] "GET /xingrg/javascript/jquery_easy_ui/themes/default/images/tabs_leftarrow.png HTTP/1.1" 304 -
172.17.0.120 - - [24/Jul/2020:09:41:12 +0800] "GET /xingrg/javascript/jquery_easy_ui/themes/default/images/panel_tool_expand.gif HTTP/1.1" 304 -
172.17.0.120 - - [24/Jul/2020:09:41:13 +0800] "POST /xingrg/load_menu.html HTTP/1.1" 200 9924
114.89.80.44 - - [24/Jul/2020:09:41:14 +0800] "GET /xingrg/kc/print/load_data.html?order_code=212020072409962&kc_code=cgsh&condition= HTTP/1.1" 200 1819
222.69.133.140 - - [24/Jul/2020:09:41:16 +0800] "GET /xingrg/kc/print/load_data.html?order_code=212020072409961&kc_code=cgsh&condition= HTTP/1.1" 200 1208
172.17.0.100 - - [24/Jul/2020:09:41:19 +0800] "GET /xingrg/kc/buy/cgsh_order_operate.html?command=get_materiel&rest_code=00147&code=00102004133&supplier_code=00100220&order_time=2020-07-24 HTTP/1.1" 200 401
172.17.0.100 - - [24/Jul/2020:09:41:20 +0800] "GET /xingrg/all/function/internal_message.html?_=1595554878885&CODE_STATE=getMsg HTTP/1.1" 200 27
114.89.80.44 - - [24/Jul/2020:09:41:20 +0800] "POST /xingrg/kc/buy/cgsh_order_operate.html HTTP/1.1" 200 37
222.69.133.140 - - [24/Jul/2020:09:41:21 +0800] "GET /xingrg/kc/buy/cgsh_order_add.html HTTP/1.1" 200 59369
222.69.133.140 - - [24/Jul/2020:09:41:21 +0800] "GET /xingrg/words/20200724094026_words.js HTTP/1.1" 304 -
172.17.0.119 - - [24/Jul/2020:09:41:21 +0800] "GET /xingrg/all/function/internal_message.html?_=1595554880189&CODE_STATE=getMsg HTTP/1.1" 200 27
222.69.133.140 - - [24/Jul/2020:09:41:21 +0800] "POST /xingrg/kc/buy/cgsh_order_operate.html HTTP/1.1" 200 8245
222.69.133.140 - - [24/Jul/2020:09:41:21 +0800] "GET /xingrg/javascript/easyui/themes/default/validatebox.css HTTP/1.1" 404 1104
120.253.135.82 - - [24/Jul/2020:09:41:22 +0800] "GET /xingrg/all/function/internal_message.html?_=1595555001653&CODE_STATE=getMsg HTTP/1.1" 200 27
114.89.80.44 - - [24/Jul/2020:09:41:22 +0800] "POST /xingrg/kc/buy/cgsh_order_operate.html HTTP/1.1" 200 12
114.89.80.44 - - [24/Jul/2020:09:41:23 +0800] "GET /xingrg/kc/buy/cgsh_order_info.html?code=212020072409963 HTTP/1.1" 200 53879
114.89.80.44 - - [24/Jul/2020:09:41:23 +0800] "GET /xingrg/javascript/easyui/themes/default/validatebox.css HTTP/1.1" 404 1104
114.89.80.44 - - [24/Jul/2020:09:41:23 +0800] "GET /xingrg/all/function/internal_message.html?_=1595555007845&CODE_STATE=getMsg HTTP/1.1" 200 27
114.89.80.44 - - [24/Jul/2020:09:41:24 +0800] "POST /xingrg/kc/buy/cgsh_order_operate.html HTTP/1.1" 200 1191
114.89.80.44 - - [24/Jul/2020:09:41:25 +0800] "POST /xingrg/all/user/operate.html HTTP/1.1" 200 36
114.89.80.44 - - [24/Jul/2020:09:41:26 +0800] "GET /xingrg/kc/print/load_data.html?order_code=212020072409963&kc_code=cgsh&condition= HTTP/1.1" 200 1016
114.89.80.44 - - [24/Jul/2020:09:41:26 +0800] "GET /xingrg/index.html?sysBaseUrl=http%3A%2F%2F180.169.147.146%3A18081%2Fxingrg%2F&costTime=39×tamp=1595236763336 HTTP/1.1" 200 17179
114.89.80.44 - - [24/Jul/2020:09:41:26 +0800] "GET /xingrg/javascript/jquery_easy_ui/themes/default/easyui.css HTTP/1.1" 304 -
114.89.80.44 - - [24/Jul/2020:09:41:26 +0800] "GET /xingrg/javascript/jquery_easy_ui/themes/icon.css HTTP/1.1" 304 -
114.89.80.44 - - [24/Jul/2020:09:41:26 +0800] "GET /xingrg/css/form.css HTTP/1.1" 304 -
114.89.80.44 - - [24/Jul/2020:09:41:26 +0800] "GET /xingrg/javascript/jquery-1.4.2.min.js HTTP/1.1" 304 -
114.89.80.44 - - [24/Jul/2020:09:41:26 +0800] "GET /xingrg/javascript/jquery_easy_ui/jquery.easyui.min.js HTTP/1.1" 304 -
114.89.80.44 - - [24/Jul/2020:09:41:26 +0800] "GET /xingrg/javascript/jquery_easy_ui/easyui-lang-zh_CN.js HTTP/1.1" 304 -
114.89.80.44 - - [24/Jul/2020:09:41:26 +0800] "GET /xingrg/javascript/jquery.form.js HTTP/1.1" 304 -
114.89.80.44 - - [24/Jul/2020:09:41:26 +0800] "GET /xingrg/javascript/jquery.utils.js HTTP/1.1" 304 -
114.89.80.44 - - [24/Jul/2020:09:41:26 +0800] "GET /xingrg/javascript/jquery.timers.js HTTP/1.1" 304 -
114.89.80.44 - - [24/Jul/2020:09:41:26 +0800] "GET /xingrg/images/blue/jxLogo.png HTTP/1.1" 304 -
114.89.80.44 - - [24/Jul/2020:09:41:26 +0800] "GET /xingrg/javascript/jquery_easy_ui/themes/icons/settle_new.png HTTP/1.1" 304 -
114.89.80.44 - - [24/Jul/2020:09:41:26 +0800] "GET /xingrg/images/blue/navBackgound.jpg HTTP/1.1" 304 -
114.89.80.44 - - [24/Jul/2020:09:41:26 +0800] "POST /xingrg/all/common/load_tree.html?tree=area_rest_tree_json&manage=1 HTTP/1.1" 200 476
114.89.80.44 - - [24/Jul/2020:09:41:26 +0800] "GET /xingrg/all/function/internal_message.html?_=1595554882402&CODE_STATE=count HTTP/1.1" 200 11
114.89.80.44 - - [24/Jul/2020:09:41:26 +0800] "GET /xingrg/check_reg.html?_=1595554882403 HTTP/1.1" 200 22
114.89.80.44 - - [24/Jul/2020:09:41:26 +0800] "GET /xingrg/images/blue/pingpu.png HTTP/1.1" 304 -
114.89.80.44 - - [24/Jul/2020:09:41:26 +0800] "GET /xingrg/javascript/jquery_easy_ui/themes/default/images/tabs_leftarrow.png HTTP/1.1" 304 -
114.89.80.44 - - [24/Jul/2020:09:41:26 +0800] "GET /xingrg/javascript/jquery_easy_ui/themes/default/images/panel_tool_collapse.gif HTTP/1.1" 304 -
114.89.80.44 - - [24/Jul/2020:09:41:26 +0800] "GET /xingrg/javascript/jquery_easy_ui/themes/default/images/tabs_rightarrow.png HTTP/1.1" 304 -
114.89.80.44 - - [24/Jul/2020:09:41:26 +0800] "POST /xingrg/load_menu.html HTTP/1.1" 200 5138
172.17.0.120 - - [24/Jul/2020:09:41:26 +0800] "GET /xingrg/kc/buy/buy_main.html HTTP/1.1" 200 12377
172.17.0.120 - - [24/Jul/2020:09:41:26 +0800] "GET /xingrg/css/new_ie.css HTTP/1.1" 404 1036
172.17.0.120 - - [24/Jul/2020:09:41:26 +0800] "GET /xingrg/images/yd/bt.gif HTTP/1.1" 404 1040
222.70.173.120 - - [24/Jul/2020:09:41:27 +0800] "GET /xingrg/all/function/internal_message.html?_=1595554902611&CODE_STATE=getMsg HTTP/1.1" 200 27
172.17.0.120 - - [24/Jul/2020:09:41:27 +0800] "GET /xingrg/kc/buy/cgsh_order_list.html HTTP/1.1" 200 43819
114.89.80.44 - - [24/Jul/2020:09:41:28 +0800] "GET /xingrg/kc/buy/cgsh_order_list.html HTTP/1.1" 200 43584
172.17.0.120 - - [24/Jul/2020:09:41:28 +0800] "POST /xingrg/kc/buy/cgsh_list_operate.html HTTP/1.1" 200 876
114.89.80.44 - - [24/Jul/2020:09:41:28 +0800] "POST /xingrg/kc/buy/cgsh_list_operate.html HTTP/1.1" 200 876
120.253.135.82 - - [24/Jul/2020:09:41:28 +0800] "GET /xingrg/all/function/internal_message.html?_=1595554640553&CODE_STATE=getMsg HTTP/1.1" 200 27
114.89.80.44 - - [24/Jul/2020:09:41:29 +0800] "GET /xingrg/kc/buy/cgsh_order_add.html HTTP/1.1" 200 59240
172.17.0.100 - - [24/Jul/2020:09:41:29 +0800] "GET /xingrg/kc/buy/cgsh_order_operate.html?command=get_materiel&rest_code=00147&code=00102004002&supplier_code=00100220&order_time=2020-07-24 HTTP/1.1" 200 418
114.89.80.44 - - [24/Jul/2020:09:41:29 +0800] "GET /xingrg/words/20200724094026_words.js HTTP/1.1" 304 -
222.69.133.140 - - [24/Jul/2020:09:41:29 +0800] "GET /xingrg/all/function/internal_message.html?_=1595554880421&CODE_STATE=getMsg HTTP/1.1" 200 27
114.89.80.44 - - [24/Jul/2020:09:41:29 +0800] "GET /xingrg/javascript/easyui/themes/default/validatebox.css HTTP/1.1" 404 1104
114.89.80.44 - - [24/Jul/2020:09:41:30 +0800] "POST /xingrg/kc/buy/cgsh_order_operate.html HTTP/1.1" 200 8245
172.17.0.120 - - [24/Jul/2020:09:41:30 +0800] "GET /xingrg/javascript/jquery_tools/images/prev.gif HTTP/1.1" 404 1086
172.17.0.120 - - [24/Jul/2020:09:41:30 +0800] "GET /xingrg/javascript/jquery_tools/images/next.gif HTTP/1.1" 404 1086
172.17.0.185 - - [24/Jul/2020:09:41:30 +0800] "GET /xingrg/check_reg.html?_=1595554887265 HTTP/1.1" 200 22
114.89.80.44 - - [24/Jul/2020:09:41:31 +0800] "GET /xingrg/javascript/auto/indicator.gif HTTP/1.1" 404 1066
114.89.80.44 - - [24/Jul/2020:09:41:31 +0800] "GET /xingrg/kc/buy/cgsh_order_add.html HTTP/1.1" 200 58970
114.89.80.44 - - [24/Jul/2020:09:41:31 +0800] "POST /xingrg/kc/buy/cgsh_order_operate.html HTTP/1.1" 200 8245
180.157.251.101 - - [24/Jul/2020:09:41:31 +0800] "GET /xingrg/all/function/internal_message.html?_=1595554892735&CODE_STATE=getMsg HTTP/1.1" 200 27
114.89.80.44 - - [24/Jul/2020:09:41:31 +0800] "GET /xingrg/javascript/easyui/themes/default/validatebox.css HTTP/1.1" 404 1104
117.184.7.30 - - [24/Jul/2020:09:41:32 +0800] "GET /xingrg/all/function/internal_message.html?_=1595554883328&CODE_STATE=getMsg HTTP/1.1" 200 27
172.17.0.120 - - [24/Jul/2020:09:41:35 +0800] "POST /xingrg/kc/buy/cgsh_list_operate.html HTTP/1.1" 200 3360
116.230.146.118 - - [24/Jul/2020:09:41:35 +0800] "GET /xingrg/all/function/internal_message.html?_=1595554885161&CODE_STATE=getMsg HTTP/1.1" 200 27
114.86.231.0 - - [24/Jul/2020:09:41:36 +0800] "GET /xingrg/all/function/internal_message.html?_=1595554929166&CODE_STATE=getMsg HTTP/1.1" 200 27
172.17.0.120 - - [24/Jul/2020:09:41:37 +0800] "POST /xingrg/kc/buy/cgsh_list_operate.html HTTP/1.1" 200 576
172.17.0.100 - - [24/Jul/2020:09:41:38 +0800] "GET /xingrg/kc/buy/cgsh_order_operate.html?command=get_materiel&rest_code=00147&code=00102004136&supplier_code=00100220&order_time=2020-07-24 HTTP/1.1" 200 401
172.17.0.120 - - [24/Jul/2020:09:41:39 +0800] "POST /xingrg/kc/buy/cgsh_list_operate.html HTTP/1.1" 200 4
222.69.133.140 - - [24/Jul/2020:09:41:39 +0800] "GET /xingrg/kc/buy/cgsh_order_operate.html?command=get_materiel&rest_code=00149&code=00101007082&supplier_code=00100205&order_time=2020-07-24 HTTP/1.1" 200 429
114.88.159.89 - - [24/Jul/2020:09:41:40 +0800] "GET /xingrg/all/function/internal_message.html?_=1595554911143&CODE_STATE=getMsg HTTP/1.1" 200 27
114.89.80.44 - - [24/Jul/2020:09:41:40 +0800] "GET /xingrg/kc/buy/cgsh_order_operate.html?command=get_materiel&rest_code=00150&code=00101009001&supplier_code=00100096&order_time=2020-07-24 HTTP/1.1" 200 416
172.17.0.120 - - [24/Jul/2020:09:41:41 +0800] "POST /xingrg/kc/buy/cgsh_list_operate.html HTTP/1.1" 200 3329
58.40.7.146 - - [24/Jul/2020:09:41:41 +0800] "GET /xingrg/all/function/internal_message.html?_=1595554899187&CODE_STATE=getMsg HTTP/1.1" 200 27
114.89.80.44 - - [24/Jul/2020:09:41:42 +0800] "GET /xingrg/kc/buy/cgsh_order_operate.html?command=get_materiel&rest_code=00151&code=00101006013&supplier_code=00100012&order_time=2020-07-24 HTTP/1.1" 200 409
114.86.227.215 - - [24/Jul/2020:09:41:47 +0800] "GET /xingrg/all/function/internal_message.html?_=1595554911465&CODE_STATE=getMsg HTTP/1.1" 200 27
172.17.0.100 - - [24/Jul/2020:09:41:48 +0800] "GET /xingrg/kc/buy/cgsh_order_operate.html?command=get_materiel&rest_code=00147&code=00102004131&supplier_code=00100220&order_time=2020-07-24 HTTP/1.1" 200 405
180.175.214.200 - - [24/Jul/2020:09:41:50 +0800] "GET /xingrg/all/function/internal_message.html?_=1595555114183&CODE_STATE=getMsg HTTP/1.1" 200 27
114.89.80.44 - - [24/Jul/2020:09:41:54 +0800] "GET /xingrg/kc/buy/cgsh_order_operate.html?command=get_materiel&rest_code=00150&code=00101009016&supplier_code=00100096&order_time=2020-07-24 HTTP/1.1" 200 412
114.88.161.57 - - [24/Jul/2020:09:41:55 +0800] "GET /xingrg/all/function/internal_message.html?_=1595554910921&CODE_STATE=getMsg HTTP/1.1" 200 27
172.17.0.100 - - [24/Jul/2020:09:42:00 +0800] "GET /xingrg/kc/buy/cgsh_order_operate.html?command=get_materiel&rest_code=00147&code=00102004137&supplier_code=00100220&order_time=2020-07-24 HTTP/1.1" 200 405
61.172.5.115 - - [24/Jul/2020:09:42:04 +0800] "GET /xingrg/all/function/internal_message.html?_=1595554925009&CODE_STATE=getMsg HTTP/1.1" 200 27
114.89.80.44 - - [24/Jul/2020:09:42:05 +0800] "GET /xingrg/kc/buy/cgsh_order_operate.html?command=get_materiel&rest_code=00151&code=00101006055&supplier_code=00100012&order_time=2020-07-24 HTTP/1.1" 200 409
114.89.80.44 - - [24/Jul/2020:09:42:12 +0800] "GET /xingrg/kc/buy/cgsh_order_operate.html?command=get_materiel&rest_code=00150&code=00101009013&supplier_code=00100096&order_time=2020-07-24 HTTP/1.1" 200 420
172.17.0.120 - - [24/Jul/2020:09:42:12 +0800] "GET /xingrg/all/function/internal_message.html?_=1595554930229&CODE_STATE=getMsg HTTP/1.1" 200 27
222.69.133.140 - - [24/Jul/2020:09:42:16 +0800] "GET /xingrg/kc/buy/cgsh_order_operate.html?command=get_materiel&rest_code=00149&code=00101007048&supplier_code=00100205&order_time=2020-07-24 HTTP/1.1" 200 410
172.17.0.100 - - [24/Jul/2020:09:42:20 +0800] "GET /xingrg/all/function/internal_message.html?_=1595554938898&CODE_STATE=getMsg HTTP/1.1" 200 27
172.17.0.100 - - [24/Jul/2020:09:42:20 +0800] "GET /xingrg/kc/buy/cgsh_order_operate.html?command=get_materiel&rest_code=00147&code=00102004138&supplier_code=00100220&order_time=2020-07-24 HTTP/1.1" 200 401
172.17.0.119 - - [24/Jul/2020:09:42:21 +0800] "GET /xingrg/all/function/internal_message.html?_=1595554940190&CODE_STATE=getMsg HTTP/1.1" 200 27
120.253.135.82 - - [24/Jul/2020:09:42:22 +0800] "GET /xingrg/all/function/internal_message.html?_=1595555061675&CODE_STATE=getMsg HTTP/1.1" 200 27
114.89.80.44 - - [24/Jul/2020:09:42:22 +0800] "GET /xingrg/kc/buy/cgsh_order_operate.html?command=get_materiel&rest_code=00150&code=00101009019&supplier_code=00100096&order_time=2020-07-24 HTTP/1.1" 200 413
114.89.80.44 - - [24/Jul/2020:09:42:23 +0800] "GET /xingrg/all/function/internal_message.html?_=1595555067859&CODE_STATE=getMsg HTTP/1.1" 200 27
114.89.80.44 - - [24/Jul/2020:09:42:25 +0800] "GET /xingrg/kc/buy/cgsh_order_operate.html?command=get_materiel&rest_code=00151&code=00101006115&supplier_code=00100012&order_time=2020-07-24 HTTP/1.1" 200 409
114.89.80.44 - - [24/Jul/2020:09:42:26 +0800] "GET /xingrg/all/function/internal_message.html?_=1595554942411&CODE_STATE=getMsg HTTP/1.1" 200 27
222.70.173.120 - - [24/Jul/2020:09:42:27 +0800] "GET /xingrg/all/function/internal_message.html?_=1595554963200&CODE_STATE=getMsg HTTP/1.1" 200 27
120.253.135.82 - - [24/Jul/2020:09:42:28 +0800] "GET /xingrg/all/function/internal_message.html?_=1595554700568&CODE_STATE=getMsg HTTP/1.1" 200 27
222.69.133.140 - - [24/Jul/2020:09:42:29 +0800] "GET /xingrg/all/function/internal_message.html?_=1595554940404&CODE_STATE=getMsg HTTP/1.1" 200 27
114.89.80.44 - - [24/Jul/2020:09:42:30 +0800] "GET /xingrg/kc/buy/cgsh_order_operate.html?command=get_materiel&rest_code=00150&code=00101009011&supplier_code=00100096&order_time=2020-07-24 HTTP/1.1" 200 436
180.157.251.101 - - [24/Jul/2020:09:42:31 +0800] "GET /xingrg/all/function/internal_message.html?_=1595554952739&CODE_STATE=getMsg HTTP/1.1" 200 27
180.157.251.101 - - [24/Jul/2020:09:42:31 +0800] "GET /xingrg/check_reg.html?_=1595554952744 HTTP/1.1" 200 22
117.184.7.30 - - [24/Jul/2020:09:42:32 +0800] "GET /xingrg/check_reg.html?_=1595554943295 HTTP/1.1" 200 22
117.184.7.30 - - [24/Jul/2020:09:42:32 +0800] "GET /xingrg/all/function/internal_message.html?_=1595554943489&CODE_STATE=getMsg HTTP/1.1" 200 27
114.89.80.44 - - [24/Jul/2020:09:42:34 +0800] "GET /xingrg/kc/buy/cgsh_order_operate.html?command=get_materiel&rest_code=00151&code=00101006056&supplier_code=00100012&order_time=2020-07-24 HTTP/1.1" 200 413
116.230.146.118 - - [24/Jul/2020:09:42:35 +0800] "GET /xingrg/all/function/internal_message.html?_=1595554945146&CODE_STATE=getMsg HTTP/1.1" 200 27
114.86.231.0 - - [24/Jul/2020:09:42:36 +0800] "GET /xingrg/check_reg.html?_=1595554989164 HTTP/1.1" 200 22
114.86.231.0 - - [24/Jul/2020:09:42:36 +0800] "GET /xingrg/all/function/internal_message.html?_=1595554989164&CODE_STATE=getMsg HTTP/1.1" 200 27
172.17.0.100 - - [24/Jul/2020:09:42:39 +0800] "POST /xingrg/kc/buy/cgsh_order_operate.html HTTP/1.1" 200 37
172.17.0.100 - - [24/Jul/2020:09:42:39 +0800] "POST /xingrg/kc/buy/cgsh_order_operate.html HTTP/1.1" 200 6257
114.88.159.89 - - [24/Jul/2020:09:42:40 +0800] "GET /xingrg/all/function/internal_message.html?_=1595554971141&CODE_STATE=getMsg HTTP/1.1" 200 27
172.17.0.100 - - [24/Jul/2020:09:42:40 +0800] "GET /xingrg/kc/print/load_config.html?kc_code=cgsh HTTP/1.1" 200 1845
172.17.0.100 - - [24/Jul/2020:09:42:40 +0800] "GET /xingrg/kc/print/load_data.html?order_code=212020072409964&kc_code=cgsh&condition= HTTP/1.1" 200 2081
58.40.7.146 - - [24/Jul/2020:09:42:41 +0800] "GET /xingrg/all/function/internal_message.html?_=1595554959174&CODE_STATE=getMsg HTTP/1.1" 200 27
114.89.80.44 - - [24/Jul/2020:09:42:42 +0800] "GET /xingrg/kc/buy/cgsh_order_operate.html?command=get_materiel&rest_code=00151&code=00101006058&supplier_code=00100012&order_time=2020-07-24 HTTP/1.1" 200 413
114.86.227.215 - - [24/Jul/2020:09:42:47 +0800] "GET /xingrg/all/function/internal_message.html?_=1595554971452&CODE_STATE=getMsg HTTP/1.1" 200 27
114.89.80.44 - - [24/Jul/2020:09:42:48 +0800] "GET /xingrg/kc/buy/cgsh_order_operate.html?command=get_materiel&rest_code=00150&code=00101009041&supplier_code=00100096&order_time=2020-07-24 HTTP/1.1" 200 408
180.175.214.200 - - [24/Jul/2020:09:42:49 +0800] "GET /xingrg/check_reg.html?_=1595555174031 HTTP/1.1" 200 22
180.175.214.200 - - [24/Jul/2020:09:42:50 +0800] "GET /xingrg/all/function/internal_message.html?_=1595555174198&CODE_STATE=getMsg HTTP/1.1" 200 27
172.17.0.100 - - [24/Jul/2020:09:42:51 +0800] "POST /xingrg/kc/buy/cgsh_list_operate.html HTTP/1.1" 200 1705
114.89.80.44 - - [24/Jul/2020:09:42:51 +0800] "GET /xingrg/kc/buy/cgsh_order_operate.html?command=get_materiel&rest_code=00151&code=00101006027&supplier_code=00100012&order_time=2020-07-24 HTTP/1.1" 200 409
116.230.146.118 - - [24/Jul/2020:09:42:51 +0800] "GET /xingrg/check_reg.html?_=1595554961232 HTTP/1.1" 200 22
172.17.0.100 - - [24/Jul/2020:09:42:54 +0800] "POST /xingrg/kc/buy/cgsh_list_operate.html HTTP/1.1" 200 609
114.88.161.57 - - [24/Jul/2020:09:42:55 +0800] "GET /xingrg/check_reg.html?_=1595554970458 HTTP/1.1" 200 22
114.88.161.57 - - [24/Jul/2020:09:42:55 +0800] "GET /xingrg/all/function/internal_message.html?_=1595554970934&CODE_STATE=getMsg HTTP/1.1" 200 27
114.89.80.44 - - [24/Jul/2020:09:42:56 +0800] "GET /xingrg/kc/buy/cgsh_order_operate.html?command=get_materiel&rest_code=00150&code=00101009062&supplier_code=00100096&order_time=2020-07-24 HTTP/1.1" 200 412
172.17.0.100 - - [24/Jul/2020:09:42:57 +0800] "POST /xingrg/kc/buy/cgsh_list_operate.html HTTP/1.1" 200 4
114.89.80.44 - - [24/Jul/2020:09:42:57 +0800] "GET /xingrg/kc/buy/cgsh_order_operate.html?command=get_materiel&rest_code=00151&code=00101016104&supplier_code=00100012&order_time=2020-07-24 HTTP/1.1" 200 409
172.17.0.100 - - [24/Jul/2020:09:43:01 +0800] "POST /xingrg/kc/buy/cgsh_list_operate.html HTTP/1.1" 200 876
172.17.0.185 - - [24/Jul/2020:09:43:04 +0800] "POST /xingrg/all/report/load_report_page.html HTTP/1.1" 200 208415
61.172.5.115 - - [24/Jul/2020:09:43:04 +0800] "GET /xingrg/all/function/internal_message.html?_=1595554984982&CODE_STATE=getMsg HTTP/1.1" 200 27
172.17.0.185 - - [24/Jul/2020:09:43:04 +0800] "GET /xingrg/servlets/image?cache=0.3958572235640203&image=px HTTP/1.1" 200 807
114.89.80.44 - - [24/Jul/2020:09:43:09 +0800] "GET /xingrg/kc/buy/cgsh_order_operate.html?command=get_materiel&rest_code=00150&code=00101009039&supplier_code=00100096&order_time=2020-07-24 HTTP/1.1" 200 410
172.17.0.120 - - [24/Jul/2020:09:43:12 +0800] "GET /xingrg/all/function/internal_message.html?_=1595554990222&CODE_STATE=getMsg HTTP/1.1" 200 27
114.89.80.44 - - [24/Jul/2020:09:43:15 +0800] "POST /xingrg/kc/buy/cgsh_order_operate.html HTTP/1.1" 200 37
114.89.80.44 - - [24/Jul/2020:09:43:17 +0800] "POST /xingrg/kc/buy/cgsh_order_operate.html HTTP/1.1" 200 12
114.89.80.44 - - [24/Jul/2020:09:43:18 +0800] "GET /xingrg/kc/buy/cgsh_order_info.html?code=212020072409965 HTTP/1.1" 200 53877
114.89.80.44 - - [24/Jul/2020:09:43:18 +0800] "GET /xingrg/javascript/easyui/themes/default/validatebox.css HTTP/1.1" 404 1104
114.89.80.44 - - [24/Jul/2020:09:43:18 +0800] "POST /xingrg/kc/buy/cgsh_order_operate.html HTTP/1.1" 200 3583
114.89.80.44 - - [24/Jul/2020:09:43:19 +0800] "GET /xingrg/kc/buy/cgsh_order_operate.html?command=get_materiel&rest_code=00150&code=00101009007&supplier_code=00100096&order_time=2020-07-24 HTTP/1.1" 200 408
172.17.0.100 - - [24/Jul/2020:09:43:20 +0800] "GET /xingrg/all/function/internal_message.html?_=1595554998920&CODE_STATE=getMsg HTTP/1.1" 200 27
114.89.80.44 - - [24/Jul/2020:09:43:20 +0800] "GET /xingrg/kc/print/load_data.html?order_code=212020072409965&kc_code=cgsh&condition= HTTP/1.1" 200 1964
172.17.0.119 - - [24/Jul/2020:09:43:21 +0800] "GET /xingrg/check_reg.html?_=1595555000195 HTTP/1.1" 200 22
120.253.135.82 - - [24/Jul/2020:09:43:22 +0800] "GET /xingrg/all/function/internal_message.html?_=1595555121680&CODE_STATE=getMsg HTTP/1.1" 200 27
114.89.80.44 - - [24/Jul/2020:09:43:23 +0800] "GET /xingrg/all/function/internal_message.html?_=1595555127873&CODE_STATE=getMsg HTTP/1.1" 200 27
172.17.0.119 - - [24/Jul/2020:09:43:24 +0800] "GET /xingrg/all/function/internal_message.html?_=1595555000197&CODE_STATE=getMsg HTTP/1.1" 200 27
114.89.80.44 - - [24/Jul/2020:09:43:26 +0800] "GET /xingrg/all/function/internal_message.html?_=1595555002437&CODE_STATE=getMsg HTTP/1.1" 200 27
222.70.173.120 - - [24/Jul/2020:09:43:27 +0800] "GET /xingrg/all/function/internal_message.html?_=1595555023216&CODE_STATE=getMsg HTTP/1.1" 200 27
58.40.7.146 - - [24/Jul/2020:09:43:28 +0800] "GET /xingrg/check_reg.html?_=1595555006087 HTTP/1.1" 200 22
120.253.135.82 - - [24/Jul/2020:09:43:29 +0800] "GET /xingrg/all/function/internal_message.html?_=1595554760674&CODE_STATE=getMsg HTTP/1.1" 200 27
222.69.133.140 - - [24/Jul/2020:09:43:29 +0800] "GET /xingrg/all/function/internal_message.html?_=1595555000386&CODE_STATE=getMsg HTTP/1.1" 200 27
180.157.251.101 - - [24/Jul/2020:09:43:31 +0800] "GET /xingrg/all/function/internal_message.html?_=1595555012732&CODE_STATE=getMsg HTTP/1.1" 200 27
117.184.7.30 - - [24/Jul/2020:09:43:32 +0800] "GET /xingrg/all/function/internal_message.html?_=1595555003531&CODE_STATE=getMsg HTTP/1.1" 200 27
114.89.80.44 - - [24/Jul/2020:09:43:33 +0800] "POST /xingrg/all/user/operate.html HTTP/1.1" 200 36
114.89.80.44 - - [24/Jul/2020:09:43:33 +0800] "GET /xingrg/javascript/jquery_easy_ui/themes/default/easyui.css HTTP/1.1" 304 -
114.89.80.44 - - [24/Jul/2020:09:43:33 +0800] "GET /xingrg/index.html?sysBaseUrl=http%3A%2F%2F180.169.147.146%3A18081%2Fxingrg%2F&costTime=39×tamp=1595549791102 HTTP/1.1" 200 17179
114.89.80.44 - - [24/Jul/2020:09:43:33 +0800] "GET /xingrg/javascript/jquery_easy_ui/themes/icon.css HTTP/1.1" 304 -
114.89.80.44 - - [24/Jul/2020:09:43:33 +0800] "GET /xingrg/css/form.css HTTP/1.1" 304 -
114.89.80.44 - - [24/Jul/2020:09:43:33 +0800] "GET /xingrg/javascript/jquery-1.4.2.min.js HTTP/1.1" 304 -
114.89.80.44 - - [24/Jul/2020:09:43:33 +0800] "GET /xingrg/javascript/jquery_easy_ui/jquery.easyui.min.js HTTP/1.1" 304 -
114.89.80.44 - - [24/Jul/2020:09:43:33 +0800] "GET /xingrg/javascript/jquery_easy_ui/easyui-lang-zh_CN.js HTTP/1.1" 304 -
114.89.80.44 - - [24/Jul/2020:09:43:33 +0800] "GET /xingrg/javascript/jquery.form.js HTTP/1.1" 304 -
114.89.80.44 - - [24/Jul/2020:09:43:33 +0800] "GET /xingrg/javascript/jquery.utils.js HTTP/1.1" 304 -
114.89.80.44 - - [24/Jul/2020:09:43:33 +0800] "GET /xingrg/javascript/jquery.timers.js HTTP/1.1" 304 -
114.89.80.44 - - [24/Jul/2020:09:43:33 +0800] "GET /xingrg/images/blue/navBackgound.jpg HTTP/1.1" 304 -
114.89.80.44 - - [24/Jul/2020:09:43:33 +0800] "GET /xingrg/images/blue/jxLogo.png HTTP/1.1" 304 -
114.89.80.44 - - [24/Jul/2020:09:43:33 +0800] "GET /xingrg/javascript/jquery_easy_ui/themes/icons/settle_new.png HTTP/1.1" 304 -
114.89.80.44 - - [24/Jul/2020:09:43:33 +0800] "POST /xingrg/all/common/load_tree.html?tree=area_rest_tree_json&manage=1 HTTP/1.1" 200 476
114.89.80.44 - - [24/Jul/2020:09:43:33 +0800] "GET /xingrg/images/blue/pingpu.png HTTP/1.1" 304 -
114.89.80.44 - - [24/Jul/2020:09:43:33 +0800] "GET /xingrg/javascript/jquery_easy_ui/themes/default/images/tabs_rightarrow.png HTTP/1.1" 304 -
114.89.80.44 - - [24/Jul/2020:09:43:33 +0800] "GET /xingrg/javascript/jquery_easy_ui/themes/default/images/tabs_leftarrow.png HTTP/1.1" 304 -
114.89.80.44 - - [24/Jul/2020:09:43:33 +0800] "GET /xingrg/javascript/jquery_easy_ui/themes/default/images/panel_tool_collapse.gif HTTP/1.1" 304 -
114.89.80.44 - - [24/Jul/2020:09:43:33 +0800] "GET /xingrg/all/function/internal_message.html?_=1595555137787&CODE_STATE=count HTTP/1.1" 200 11
114.89.80.44 - - [24/Jul/2020:09:43:33 +0800] "GET /xingrg/check_reg.html?_=1595555137788 HTTP/1.1" 200 22
114.89.80.44 - - [24/Jul/2020:09:43:33 +0800] "POST /xingrg/load_menu.html HTTP/1.1" 200 5138
116.230.146.118 - - [24/Jul/2020:09:43:35 +0800] "GET /xingrg/all/function/internal_message.html?_=1595555005129&CODE_STATE=getMsg HTTP/1.1" 200 27
114.86.231.0 - - [24/Jul/2020:09:43:35 +0800] "GET /xingrg/all/function/internal_message.html?_=1595555049171&CODE_STATE=getMsg HTTP/1.1" 200 27
114.89.80.44 - - [24/Jul/2020:09:43:36 +0800] "GET /xingrg/kc/buy/cgsh_order_list.html HTTP/1.1" 200 43584
114.89.80.44 - - [24/Jul/2020:09:43:37 +0800] "POST /xingrg/kc/buy/cgsh_list_operate.html HTTP/1.1" 200 1708
114.89.80.44 - - [24/Jul/2020:09:43:38 +0800] "POST /xingrg/kc/buy/cgsh_list_operate.html HTTP/1.1" 200 576
114.89.80.44 - - [24/Jul/2020:09:43:39 +0800] "GET /xingrg/kc/buy/cgsh_order_info.html?code=212020072409950 HTTP/1.1" 200 59261
114.89.80.44 - - [24/Jul/2020:09:43:39 +0800] "GET /xingrg/javascript/easyui/themes/default/validatebox.css HTTP/1.1" 404 1104
114.88.159.89 - - [24/Jul/2020:09:43:40 +0800] "GET /xingrg/all/function/internal_message.html?_=1595555031139&CODE_STATE=getMsg HTTP/1.1" 200 27
114.88.159.89 - - [24/Jul/2020:09:43:40 +0800] "GET /xingrg/check_reg.html?_=1595555031140 HTTP/1.1" 200 22
114.89.80.44 - - [24/Jul/2020:09:43:40 +0800] "POST /xingrg/kc/buy/cgsh_order_operate.html HTTP/1.1" 200 5621
58.40.7.146 - - [24/Jul/2020:09:43:41 +0800] "GET /xingrg/all/function/internal_message.html?_=1595555019177&CODE_STATE=getMsg HTTP/1.1" 200 27
58.40.7.146 - - [24/Jul/2020:09:43:41 +0800] "GET /xingrg/check_reg.html?_=1595555019179 HTTP/1.1" 200 22
114.89.80.44 - - [24/Jul/2020:09:43:42 +0800] "GET /xingrg/javascript/auto/indicator.gif HTTP/1.1" 404 1066
114.89.80.44 - - [24/Jul/2020:09:43:46 +0800] "GET /xingrg/kc/buy/cgsh_order_operate.html?command=get_materiel&rest_code=00150&code=00101006130&supplier_code=00100012&order_time=2020-07-24 HTTP/1.1" 200 427
114.86.227.215 - - [24/Jul/2020:09:43:47 +0800] "GET /xingrg/all/function/internal_message.html?_=1595555031458&CODE_STATE=getMsg HTTP/1.1" 200 27
180.175.214.200 - - [24/Jul/2020:09:43:50 +0800] "GET /xingrg/all/function/internal_message.html?_=1595555234211&CODE_STATE=getMsg HTTP/1.1" 200 27
114.88.161.57 - - [24/Jul/2020:09:43:55 +0800] "GET /xingrg/all/function/internal_message.html?_=1595555030948&CODE_STATE=getMsg HTTP/1.1" 200 27
114.89.80.44 - - [24/Jul/2020:09:43:56 +0800] "GET /xingrg/kc/buy/cgsh_order_operate.html?command=get_materiel&rest_code=00150&code=00101009031&supplier_code=00100096&order_time=2020-07-24 HTTP/1.1" 200 408
114.89.80.44 - - [24/Jul/2020:09:44:00 +0800] "POST /xingrg/kc/buy/cgsh_order_operate.html HTTP/1.1" 200 37
114.89.80.44 - - [24/Jul/2020:09:44:02 +0800] "POST /xingrg/kc/buy/cgsh_order_operate.html HTTP/1.1" 200 12
114.89.80.44 - - [24/Jul/2020:09:44:03 +0800] "GET /xingrg/kc/buy/cgsh_order_info.html?code=212020072409950 HTTP/1.1" 200 54159
114.89.80.44 - - [24/Jul/2020:09:44:03 +0800] "GET /xingrg/javascript/easyui/themes/default/validatebox.css HTTP/1.1" 404 1104
114.89.80.44 - - [24/Jul/2020:09:44:03 +0800] "POST /xingrg/kc/buy/cgsh_order_operate.html HTTP/1.1" 200 3565
61.172.5.115 - - [24/Jul/2020:09:44:04 +0800] "GET /xingrg/all/function/internal_message.html?_=1595555044961&CODE_STATE=getMsg HTTP/1.1" 200 27
114.89.80.44 - - [24/Jul/2020:09:44:04 +0800] "GET /xingrg/kc/print/load_data.html?order_code=212020072409950&kc_code=cgsh&condition= HTTP/1.1" 200 1956
120.253.135.82 - - [24/Jul/2020:09:44:06 +0800] "GET /xingrg/kc/pszx/mdqp_order_list.html?state=10 HTTP/1.1" 200 10125
120.253.135.82 - - [24/Jul/2020:09:44:06 +0800] "GET /xingrg/dwr/interface/AjaxQqpsService.js HTTP/1.1" 200 16326
120.253.135.82 - - [24/Jul/2020:09:44:06 +0800] "GET /xingrg/dwr/interface/AjaxReportQueryService.js HTTP/1.1" 200 13203
120.253.135.82 - - [24/Jul/2020:09:44:06 +0800] "GET /xingrg/dwr/engine.js HTTP/1.1" 200 43631
120.253.135.82 - - [24/Jul/2020:09:44:09 +0800] "GET /xingrg/kc/buy/cgth_order_list.html HTTP/1.1" 200 43236
120.253.135.82 - - [24/Jul/2020:09:44:10 +0800] "POST /xingrg/kc/buy/cgth_list_operate.html HTTP/1.1" 200 1035
120.253.135.82 - - [24/Jul/2020:09:44:12 +0800] "GET /xingrg/kc/buy/cgsh_order_list.html HTTP/1.1" 200 43833
120.253.135.82 - - [24/Jul/2020:09:44:12 +0800] "POST /xingrg/kc/buy/cgsh_list_operate.html HTTP/1.1" 200 876
172.17.0.120 - - [24/Jul/2020:09:44:12 +0800] "GET /xingrg/all/function/internal_message.html?_=1595555050229&CODE_STATE=getMsg HTTP/1.1" 200 27
172.17.0.100 - - [24/Jul/2020:09:44:20 +0800] "GET /xingrg/all/function/internal_message.html?_=1595555058872&CODE_STATE=getMsg HTTP/1.1" 200 27
172.17.0.119 - - [24/Jul/2020:09:44:21 +0800] "GET /xingrg/all/function/internal_message.html?_=1595555060188&CODE_STATE=getMsg HTTP/1.1" 200 27
120.253.135.82 - - [24/Jul/2020:09:44:22 +0800] "GET /xingrg/all/function/internal_message.html?_=1595555181703&CODE_STATE=getMsg HTTP/1.1" 200 27
120.253.135.82 - - [24/Jul/2020:09:44:25 +0800] "GET /xingrg/check_reg.html?_=1595554817255 HTTP/1.1" 200 22
114.89.80.44 - - [24/Jul/2020:09:44:26 +0800] "GET /xingrg/all/function/internal_message.html?_=1595555062451&CODE_STATE=getMsg HTTP/1.1" 200 27
222.70.173.120 - - [24/Jul/2020:09:44:28 +0800] "GET /xingrg/all/function/internal_message.html?_=1595555083795&CODE_STATE=getMsg HTTP/1.1" 200 27
120.253.135.82 - - [24/Jul/2020:09:44:29 +0800] "GET /xingrg/all/function/internal_message.html?_=1595554820688&CODE_STATE=getMsg HTTP/1.1" 200 27
222.69.133.140 - - [24/Jul/2020:09:44:29 +0800] "GET /xingrg/all/function/internal_message.html?_=1595555060366&CODE_STATE=getMsg HTTP/1.1" 200 27
222.70.173.120 - - [24/Jul/2020:09:44:30 +0800] "GET /xingrg/check_reg.html?_=1595555085553 HTTP/1.1" 200 22
180.157.251.101 - - [24/Jul/2020:09:44:31 +0800] "GET /xingrg/all/function/internal_message.html?_=1595555072735&CODE_STATE=getMsg HTTP/1.1" 200 27
117.184.7.26 - - [24/Jul/2020:09:44:32 +0800] "GET /xingrg/all/function/internal_message.html?_=1595555063611&CODE_STATE=getMsg HTTP/1.1" 200 27
114.89.80.44 - - [24/Jul/2020:09:44:33 +0800] "GET /xingrg/all/function/internal_message.html?_=1595555197792&CODE_STATE=getMsg HTTP/1.1" 200 27
114.86.231.0 - - [24/Jul/2020:09:44:35 +0800] "GET /xingrg/all/function/internal_message.html?_=1595555109171&CODE_STATE=getMsg HTTP/1.1" 200 27
116.230.146.118 - - [24/Jul/2020:09:44:35 +0800] "GET /xingrg/all/function/internal_message.html?_=1595555065110&CODE_STATE=getMsg HTTP/1.1" 200 27
114.88.159.89 - - [24/Jul/2020:09:44:40 +0800] "GET /xingrg/all/function/internal_message.html?_=1595555091138&CODE_STATE=getMsg HTTP/1.1" 200 27
58.40.7.146 - - [24/Jul/2020:09:44:41 +0800] "GET /xingrg/all/function/internal_message.html?_=1595555079180&CODE_STATE=getMsg HTTP/1.1" 200 27
114.86.227.215 - - [24/Jul/2020:09:44:47 +0800] "GET /xingrg/all/function/internal_message.html?_=1595555091465&CODE_STATE=getMsg HTTP/1.1" 200 27
180.175.214.200 - - [24/Jul/2020:09:44:50 +0800] "GET /xingrg/all/function/internal_message.html?_=1595555294223&CODE_STATE=getMsg HTTP/1.1" 200 27
114.88.161.57 - - [24/Jul/2020:09:44:55 +0800] "GET /xingrg/all/function/internal_message.html?_=1595555090961&CODE_STATE=getMsg HTTP/1.1" 200 27
61.172.5.115 - - [24/Jul/2020:09:45:04 +0800] "GET /xingrg/all/function/internal_message.html?_=1595555104940&CODE_STATE=getMsg HTTP/1.1" 200 27
120.253.135.82 - - [24/Jul/2020:09:45:06 +0800] "GET /xingrg/check_reg.html?_=1595555225972 HTTP/1.1" 200 22
172.17.0.120 - - [24/Jul/2020:09:45:12 +0800] "GET /xingrg/all/function/internal_message.html?_=1595555110225&CODE_STATE=getMsg HTTP/1.1" 200 27
172.17.0.100 - - [24/Jul/2020:09:45:20 +0800] "GET /xingrg/all/function/internal_message.html?_=1595555118872&CODE_STATE=getMsg HTTP/1.1" 200 27
172.17.0.100 - - [24/Jul/2020:09:45:20 +0800] "GET /xingrg/check_reg.html?_=1595555118874 HTTP/1.1" 200 22
172.17.0.119 - - [24/Jul/2020:09:45:21 +0800] "GET /xingrg/all/function/internal_message.html?_=1595555120193&CODE_STATE=getMsg HTTP/1.1" 200 27
120.253.135.82 - - [24/Jul/2020:09:45:22 +0800] "GET /xingrg/all/function/internal_message.html?_=1595555241708&CODE_STATE=getMsg HTTP/1.1" 200 27
114.89.80.44 - - [24/Jul/2020:09:45:26 +0800] "GET /xingrg/all/function/internal_message.html?_=1595555122449&CODE_STATE=getMsg HTTP/1.1" 200 27
222.70.173.120 - - [24/Jul/2020:09:45:28 +0800] "GET /xingrg/all/function/internal_message.html?_=1595555143804&CODE_STATE=getMsg HTTP/1.1" 200 27
120.253.135.82 - - [24/Jul/2020:09:45:29 +0800] "GET /xingrg/all/function/internal_message.html?_=1595554880702&CODE_STATE=getMsg HTTP/1.1" 200 27
222.69.133.140 - - [24/Jul/2020:09:45:29 +0800] "GET /xingrg/all/function/internal_message.html?_=1595555120350&CODE_STATE=getMsg HTTP/1.1" 200 27
222.69.133.140 - - [24/Jul/2020:09:45:30 +0800] "GET /xingrg/check_reg.html?_=1595555121353 HTTP/1.1" 200 22
180.157.251.101 - - [24/Jul/2020:09:45:31 +0800] "GET /xingrg/all/function/internal_message.html?_=1595555132737&CODE_STATE=getMsg HTTP/1.1" 200 27
117.184.7.26 - - [24/Jul/2020:09:45:32 +0800] "GET /xingrg/all/function/internal_message.html?_=1595555123679&CODE_STATE=getMsg HTTP/1.1" 200 27
114.89.80.44 - - [24/Jul/2020:09:45:33 +0800] "GET /xingrg/all/function/internal_message.html?_=1595555257819&CODE_STATE=getMsg HTTP/1.1" 200 27
114.86.231.0 - - [24/Jul/2020:09:45:35 +0800] "GET /xingrg/all/function/internal_message.html?_=1595555169167&CODE_STATE=getMsg HTTP/1.1" 200 27
116.230.146.118 - - [24/Jul/2020:09:45:35 +0800] "GET /xingrg/all/function/internal_message.html?_=1595555125097&CODE_STATE=getMsg HTTP/1.1" 200 27
114.88.159.89 - - [24/Jul/2020:09:45:40 +0800] "GET /xingrg/all/function/internal_message.html?_=1595555151164&CODE_STATE=getMsg HTTP/1.1" 200 27
58.40.7.146 - - [24/Jul/2020:09:45:41 +0800] "GET /xingrg/all/function/internal_message.html?_=1595555139192&CODE_STATE=getMsg HTTP/1.1" 200 27
58.40.7.146 - - [24/Jul/2020:09:45:46 +0800] "GET /xingrg/check_reg.html?_=1595555144079 HTTP/1.1" 200 22
114.86.227.215 - - [24/Jul/2020:09:45:47 +0800] "GET /xingrg/all/function/internal_message.html?_=1595555151454&CODE_STATE=getMsg HTTP/1.1" 200 27
114.86.227.215 - - [24/Jul/2020:09:45:48 +0800] "GET /xingrg/check_reg.html?_=1595555153113 HTTP/1.1" 200 22
180.175.214.200 - - [24/Jul/2020:09:45:50 +0800] "GET /xingrg/all/function/internal_message.html?_=1595555354269&CODE_STATE=getMsg HTTP/1.1" 200 27
114.88.161.57 - - [24/Jul/2020:09:45:55 +0800] "GET /xingrg/all/function/internal_message.html?_=1595555151127&CODE_STATE=getMsg HTTP/1.1" 200 27
61.172.5.115 - - [24/Jul/2020:09:46:04 +0800] "GET /xingrg/all/function/internal_message.html?_=1595555164911&CODE_STATE=getMsg HTTP/1.1" 200 27
61.172.5.115 - - [24/Jul/2020:09:46:05 +0800] "GET /xingrg/check_reg.html?_=1595555165740 HTTP/1.1" 200 22
172.17.0.120 - - [24/Jul/2020:09:46:12 +0800] "GET /xingrg/check_reg.html?_=1595555170230 HTTP/1.1" 200 22
172.17.0.120 - - [24/Jul/2020:09:46:12 +0800] "GET /xingrg/all/function/internal_message.html?_=1595555170234&CODE_STATE=getMsg HTTP/1.1" 200 27
172.17.0.100 - - [24/Jul/2020:09:46:20 +0800] "GET /xingrg/all/function/internal_message.html?_=1595555178873&CODE_STATE=getMsg HTTP/1.1" 200 27
114.89.80.44 - - [24/Jul/2020:09:46:21 +0800] "POST /xingrg/kc/buy/cgsh_order_operate.html HTTP/1.1" 200 37
172.17.0.119 - - [24/Jul/2020:09:46:21 +0800] "GET /xingrg/all/function/internal_message.html?_=1595555180196&CODE_STATE=getMsg HTTP/1.1" 200 27
120.253.135.82 - - [24/Jul/2020:09:46:22 +0800] "GET /xingrg/all/function/internal_message.html?_=1595555301722&CODE_STATE=getMsg HTTP/1.1" 200 27
114.89.80.44 - - [24/Jul/2020:09:46:23 +0800] "POST /xingrg/kc/buy/cgsh_order_operate.html HTTP/1.1" 200 12
114.89.80.44 - - [24/Jul/2020:09:46:24 +0800] "GET /xingrg/kc/buy/cgsh_order_info.html?code=212020072409966 HTTP/1.1" 200 54133
114.89.80.44 - - [24/Jul/2020:09:46:24 +0800] "GET /xingrg/words/20200724094026_words.js HTTP/1.1" 304 -
114.89.80.44 - - [24/Jul/2020:09:46:24 +0800] "GET /xingrg/javascript/easyui/themes/default/validatebox.css HTTP/1.1" 404 1104
114.89.80.44 - - [24/Jul/2020:09:46:25 +0800] "POST /xingrg/kc/buy/cgsh_order_operate.html HTTP/1.1" 200 8911
114.89.80.44 - - [24/Jul/2020:09:46:26 +0800] "GET /xingrg/check_reg.html?_=1595555182436 HTTP/1.1" 200 22
114.89.80.44 - - [24/Jul/2020:09:46:26 +0800] "GET /xingrg/all/function/internal_message.html?_=1595555182438&CODE_STATE=getMsg HTTP/1.1" 200 27
222.70.173.120 - - [24/Jul/2020:09:46:28 +0800] "GET /xingrg/all/function/internal_message.html?_=1595555203817&CODE_STATE=getMsg HTTP/1.1" 200 27
120.253.135.82 - - [24/Jul/2020:09:46:28 +0800] "GET /xingrg/kc/pszx/mdqp_order_list.html?state=10 HTTP/1.1" 200 10125
120.253.135.82 - - [24/Jul/2020:09:46:29 +0800] "GET /xingrg/dwr/interface/AjaxQqpsService.js HTTP/1.1" 200 16326
120.253.135.82 - - [24/Jul/2020:09:46:29 +0800] "GET /xingrg/all/function/internal_message.html?_=1595554940714&CODE_STATE=getMsg HTTP/1.1" 200 27
120.253.135.82 - - [24/Jul/2020:09:46:29 +0800] "GET /xingrg/dwr/interface/AjaxReportQueryService.js HTTP/1.1" 200 13203
120.253.135.82 - - [24/Jul/2020:09:46:29 +0800] "GET /xingrg/dwr/engine.js HTTP/1.1" 200 43631
222.69.133.140 - - [24/Jul/2020:09:46:29 +0800] "GET /xingrg/all/function/internal_message.html?_=1595555180333&CODE_STATE=getMsg HTTP/1.1" 200 27
172.17.0.185 - - [24/Jul/2020:09:46:30 +0800] "GET /xingrg/check_reg.html?_=1595555187244 HTTP/1.1" 200 22
114.89.80.44 - - [24/Jul/2020:09:46:30 +0800] "GET /xingrg/kc/print/load_data.html?order_code=212020072409966&kc_code=cgsh&condition= HTTP/1.1" 200 3813
180.157.251.101 - - [24/Jul/2020:09:46:31 +0800] "GET /xingrg/all/function/internal_message.html?_=1595555192737&CODE_STATE=getMsg HTTP/1.1" 200 27
117.184.7.26 - - [24/Jul/2020:09:46:32 +0800] "GET /xingrg/all/function/internal_message.html?_=1595555183658&CODE_STATE=getMsg HTTP/1.1" 200 27
114.89.80.44 - - [24/Jul/2020:09:46:33 +0800] "GET /xingrg/all/function/internal_message.html?_=1595555317834&CODE_STATE=getMsg HTTP/1.1" 200 27
114.86.231.0 - - [24/Jul/2020:09:46:35 +0800] "GET /xingrg/all/function/internal_message.html?_=1595555229166&CODE_STATE=getMsg HTTP/1.1" 200 27
116.230.146.118 - - [24/Jul/2020:09:46:35 +0800] "GET /xingrg/all/function/internal_message.html?_=1595555185079&CODE_STATE=getMsg HTTP/1.1" 200 27
114.88.159.89 - - [24/Jul/2020:09:46:40 +0800] "GET /xingrg/all/function/internal_message.html?_=1595555211161&CODE_STATE=getMsg HTTP/1.1" 200 27
114.86.227.215 - - [24/Jul/2020:09:46:47 +0800] "GET /xingrg/all/function/internal_message.html?_=1595555211449&CODE_STATE=getMsg HTTP/1.1" 200 27
180.175.214.200 - - [24/Jul/2020:09:46:50 +0800] "GET /xingrg/all/function/internal_message.html?_=1595555414282&CODE_STATE=getMsg HTTP/1.1" 200 27
114.88.161.57 - - [24/Jul/2020:09:46:55 +0800] "GET /xingrg/all/function/internal_message.html?_=1595555211128&CODE_STATE=getMsg HTTP/1.1" 200 27
114.89.80.44 - - [24/Jul/2020:09:46:56 +0800] "POST /xingrg/all/user/operate.html HTTP/1.1" 200 36
114.89.80.44 - - [24/Jul/2020:09:46:56 +0800] "GET /xingrg/index.html?sysBaseUrl=http%3A%2F%2F180.169.147.146%3A18081%2Fxingrg%2F&costTime=39×tamp=1595236763336 HTTP/1.1" 200 17177
114.89.80.44 - - [24/Jul/2020:09:46:56 +0800] "GET /xingrg/javascript/jquery_easy_ui/themes/default/easyui.css HTTP/1.1" 304 -
114.89.80.44 - - [24/Jul/2020:09:46:56 +0800] "GET /xingrg/javascript/jquery_easy_ui/themes/icon.css HTTP/1.1" 304 -
114.89.80.44 - - [24/Jul/2020:09:46:56 +0800] "GET /xingrg/css/form.css HTTP/1.1" 304 -
114.89.80.44 - - [24/Jul/2020:09:46:56 +0800] "GET /xingrg/javascript/jquery-1.4.2.min.js HTTP/1.1" 304 -
114.89.80.44 - - [24/Jul/2020:09:46:56 +0800] "GET /xingrg/javascript/jquery_easy_ui/jquery.easyui.min.js HTTP/1.1" 304 -
114.89.80.44 - - [24/Jul/2020:09:46:56 +0800] "GET /xingrg/javascript/jquery_easy_ui/easyui-lang-zh_CN.js HTTP/1.1" 304 -
114.89.80.44 - - [24/Jul/2020:09:46:56 +0800] "GET /xingrg/javascript/jquery.form.js HTTP/1.1" 304 -
114.89.80.44 - - [24/Jul/2020:09:46:56 +0800] "GET /xingrg/javascript/jquery.utils.js HTTP/1.1" 304 -
114.89.80.44 - - [24/Jul/2020:09:46:56 +0800] "GET /xingrg/javascript/jquery.timers.js HTTP/1.1" 304 -
114.89.80.44 - - [24/Jul/2020:09:46:56 +0800] "GET /xingrg/images/blue/jxLogo.png HTTP/1.1" 304 -
114.89.80.44 - - [24/Jul/2020:09:46:56 +0800] "GET /xingrg/images/blue/navBackgound.jpg HTTP/1.1" 304 -
114.89.80.44 - - [24/Jul/2020:09:46:56 +0800] "GET /xingrg/javascript/jquery_easy_ui/themes/icons/settle_new.png HTTP/1.1" 304 -
114.89.80.44 - - [24/Jul/2020:09:46:56 +0800] "POST /xingrg/all/common/load_tree.html?tree=area_rest_tree_json&manage=1 HTTP/1.1" 200 476
114.89.80.44 - - [24/Jul/2020:09:46:56 +0800] "GET /xingrg/all/function/internal_message.html?_=1595555212799&CODE_STATE=count HTTP/1.1" 200 11
114.89.80.44 - - [24/Jul/2020:09:46:56 +0800] "GET /xingrg/check_reg.html?_=1595555212801 HTTP/1.1" 200 22
114.89.80.44 - - [24/Jul/2020:09:46:56 +0800] "GET /xingrg/javascript/jquery_easy_ui/themes/default/images/panel_tool_collapse.gif HTTP/1.1" 304 -
114.89.80.44 - - [24/Jul/2020:09:46:56 +0800] "GET /xingrg/images/blue/pingpu.png HTTP/1.1" 304 -
114.89.80.44 - - [24/Jul/2020:09:46:56 +0800] "GET /xingrg/javascript/jquery_easy_ui/themes/default/images/tabs_rightarrow.png HTTP/1.1" 304 -
114.89.80.44 - - [24/Jul/2020:09:46:56 +0800] "GET /xingrg/javascript/jquery_easy_ui/themes/default/images/tabs_leftarrow.png HTTP/1.1" 304 -
114.89.80.44 - - [24/Jul/2020:09:46:56 +0800] "POST /xingrg/load_menu.html HTTP/1.1" 200 5138
114.89.80.44 - - [24/Jul/2020:09:46:59 +0800] "GET /xingrg/kc/buy/cgsh_order_list.html HTTP/1.1" 200 43582
114.89.80.44 - - [24/Jul/2020:09:47:00 +0800] "POST /xingrg/kc/buy/cgsh_list_operate.html HTTP/1.1" 200 876
61.172.5.115 - - [24/Jul/2020:09:47:04 +0800] "GET /xingrg/all/function/internal_message.html?_=1595555224888&CODE_STATE=getMsg HTTP/1.1" 200 27
172.17.0.120 - - [24/Jul/2020:09:47:12 +0800] "GET /xingrg/all/function/internal_message.html?_=1595555230222&CODE_STATE=getMsg HTTP/1.1" 200 27
180.175.214.200 - - [24/Jul/2020:09:47:19 +0800] "GET /favicon.ico HTTP/1.1" 404 -
172.17.0.100 - - [24/Jul/2020:09:47:20 +0800] "GET /xingrg/all/function/internal_message.html?_=1595555238873&CODE_STATE=getMsg HTTP/1.1" 200 27
180.175.214.200 - - [24/Jul/2020:09:47:20 +0800] "GET /favicon.ico HTTP/1.1" 404 -
180.175.214.200 - - [24/Jul/2020:09:47:20 +0800] "GET /favicon.ico HTTP/1.1" 404 -
172.17.0.119 - - [24/Jul/2020:09:47:21 +0800] "GET /xingrg/all/function/internal_message.html?_=1595555240183&CODE_STATE=getMsg HTTP/1.1" 200 27
180.175.214.200 - - [24/Jul/2020:09:47:21 +0800] "GET /favicon.ico HTTP/1.1" 404 -
180.175.214.200 - - [24/Jul/2020:09:47:22 +0800] "GET /favicon.ico HTTP/1.1" 404 -
120.253.135.82 - - [24/Jul/2020:09:47:22 +0800] "GET /xingrg/all/function/internal_message.html?_=1595555361740&CODE_STATE=getMsg HTTP/1.1" 200 27
180.175.214.200 - - [24/Jul/2020:09:47:22 +0800] "GET /favicon.ico HTTP/1.1" 404 -
