180.157.251.101 - - [22/Jul/2020:10:41:43 +0800] "POST /xingrg/services/DataTransmitService HTTP/1.1" 200 524
180.157.251.101 - - [22/Jul/2020:10:41:43 +0800] "POST /xingrg/services/DataTransmitService HTTP/1.1" 200 2007
180.157.251.101 - - [22/Jul/2020:10:41:43 +0800] "POST /xingrg/services/DataTransmitService HTTP/1.1" 200 2283
180.157.251.101 - - [22/Jul/2020:10:41:44 +0800] "POST /xingrg/services/DataTransmitService HTTP/1.1" 200 1423
180.157.251.101 - - [22/Jul/2020:10:41:44 +0800] "POST /xingrg/services/DataTransmitService HTTP/1.1" 200 128892
101.83.241.65 - - [22/Jul/2020:10:41:44 +0800] "GET /xingrg/all/function/internal_message.html?_=1595385700121&CODE_STATE=getMsg HTTP/1.1" 200 27
180.157.251.101 - - [22/Jul/2020:10:41:44 +0800] "GET /xingrg/kc/buy/cgsh_order_operate.html?command=get_materiel&rest_code=00148&code=00101008352&supplier_code=00100007&order_time=2020-07-22 HTTP/1.1" 200 412
117.185.32.26 - - [22/Jul/2020:10:41:46 +0800] "GET /xingrg/kc/buy/cgsh_order_operate.html?command=get_materiel&rest_code=00106&code=00101008102&supplier_code=00100007&order_time=2020-07-22 HTTP/1.1" 200 413
114.86.227.216 - - [22/Jul/2020:10:41:46 +0800] "GET /xingrg/all/function/internal_message.html?_=1595385764986&CODE_STATE=getMsg HTTP/1.1" 200 27
117.184.7.30 - - [22/Jul/2020:10:41:47 +0800] "GET /xingrg/all/function/internal_message.html?_=1595385705059&CODE_STATE=getMsg HTTP/1.1" 200 27
114.88.161.57 - - [22/Jul/2020:10:41:47 +0800] "GET /xingrg/all/function/internal_message.html?_=1595385705471&CODE_STATE=getMsg HTTP/1.1" 200 27
114.86.227.216 - - [22/Jul/2020:10:41:48 +0800] "GET /xingrg/kc/buy/cgsh_order_operate.html?command=get_materiel&rest_code=00109&code=00101008271&supplier_code=00100005&order_time=2020-07-22 HTTP/1.1" 200 408
183.192.164.214 - - [22/Jul/2020:10:41:49 +0800] "GET /xingrg/login.html HTTP/1.1" 200 7641
58.40.7.146 - - [22/Jul/2020:10:41:49 +0800] "GET /xingrg/system/rest/query_items.html?_=1595385708640&table=menu&page=2&rows=20&categoryId=202&key= HTTP/1.1" 200 3466
117.185.32.26 - - [22/Jul/2020:10:41:49 +0800] "POST /xingrg/kc/buy/cgsh_order_operate.html HTTP/1.1" 200 2065
120.204.17.70 - - [22/Jul/2020:10:41:50 +0800] "GET /xingrg/kc/buy/cgsh_order_operate.html?command=get_materiel&rest_code=00106&code=00101008356&supplier_code=00100007&order_time=2020-07-22 HTTP/1.1" 302 -
180.157.251.101 - - [22/Jul/2020:10:41:50 +0800] "GET /xingrg/kc/buy/cgsh_order_operate.html?command=get_materiel&rest_code=00148&code=00101008005&supplier_code=00100007&order_time=2020-07-22 HTTP/1.1" 200 412
114.86.227.216 - - [22/Jul/2020:10:41:52 +0800] "GET /xingrg/kc/buy/cgsh_order_operate.html?command=get_materiel&rest_code=00109&code=00101008361&supplier_code=00100005&order_time=2020-07-22 HTTP/1.1" 200 408
58.40.7.146 - - [22/Jul/2020:10:41:52 +0800] "GET /xingrg/system/rest/query_items.html?_=1595385712071&table=menu&page=2&rows=20&categoryId=205&key= HTTP/1.1" 200 936
117.185.32.26 - - [22/Jul/2020:10:41:53 +0800] "GET /xingrg/kc/buy/cgsh_order_operate.html?command=get_materiel&rest_code=00106&code=00101008354&supplier_code=00100007&order_time=2020-07-22 HTTP/1.1" 200 412
114.88.159.128 - - [22/Jul/2020:10:41:54 +0800] "GET /xingrg/kc/buy/buy_main.html HTTP/1.1" 200 12412
114.88.159.128 - - [22/Jul/2020:10:41:54 +0800] "GET /xingrg/css/new_ie.css HTTP/1.1" 404 1036
124.77.243.181 - - [22/Jul/2020:10:41:54 +0800] "GET /xingrg/all/function/internal_message.html?_=1595385723364&CODE_STATE=getMsg HTTP/1.1" 200 27
114.88.159.128 - - [22/Jul/2020:10:41:54 +0800] "GET /xingrg/images/yd/bt.gif HTTP/1.1" 404 1040
114.88.159.128 - - [22/Jul/2020:10:41:55 +0800] "GET /xingrg/kc/buy/cgsh_order_list.html HTTP/1.1" 200 43584
61.172.5.115 - - [22/Jul/2020:10:41:55 +0800] "GET /xingrg/all/function/internal_message.html?_=1595385711685&CODE_STATE=getMsg HTTP/1.1" 200 27
114.88.159.128 - - [22/Jul/2020:10:41:55 +0800] "POST /xingrg/kc/buy/cgsh_list_operate.html HTTP/1.1" 200 876
180.157.251.101 - - [22/Jul/2020:10:41:56 +0800] "GET /xingrg/kc/buy/cgsh_order_operate.html?command=get_materiel&rest_code=00148&code=00101008353&supplier_code=00100007&order_time=2020-07-22 HTTP/1.1" 200 408
172.17.0.120 - - [22/Jul/2020:10:41:57 +0800] "GET /xingrg/all/function/internal_message.html?_=1595385716237&CODE_STATE=getMsg HTTP/1.1" 200 27
120.204.17.70 - - [22/Jul/2020:10:41:57 +0800] "GET /xingrg/login.html HTTP/1.1" 200 7641
58.40.7.146 - - [22/Jul/2020:10:41:58 +0800] "GET /xingrg/system/rest/get_item.html?table=menu&isAdd=1&_=1595385717589 HTTP/1.1" 200 22
116.230.146.118 - - [22/Jul/2020:10:41:59 +0800] "GET /xingrg/kc/buy/cgsh_order_operate.html?command=get_materiel&rest_code=00107&code=00101028020&supplier_code=00100017&order_time=2020-07-22 HTTP/1.1" 200 451
172.17.200.101 - - [22/Jul/2020:10:42:00 +0800] "GET /xingrg/all/function/internal_message.html?_=1595385721162&CODE_STATE=getMsg HTTP/1.1" 200 27
180.157.251.101 - - [22/Jul/2020:10:42:02 +0800] "GET /xingrg/all/function/internal_message.html?_=1595385727377&CODE_STATE=getMsg HTTP/1.1" 200 27
61.172.5.115 - - [22/Jul/2020:10:42:04 +0800] "GET /xingrg/all/function/internal_message.html?_=1595385724814&CODE_STATE=getMsg HTTP/1.1" 200 27
180.157.251.101 - - [22/Jul/2020:10:42:05 +0800] "GET /xingrg/kc/buy/cgsh_order_operate.html?command=get_materiel&rest_code=00148&code=00101008004&supplier_code=00100007&order_time=2020-07-22 HTTP/1.1" 200 416
114.86.227.216 - - [22/Jul/2020:10:42:05 +0800] "POST /xingrg/kc/buy/cgsh_order_operate.html HTTP/1.1" 200 37
114.86.227.216 - - [22/Jul/2020:10:42:06 +0800] "POST /xingrg/kc/buy/cgsh_order_operate.html HTTP/1.1" 200 44701
58.40.7.146 - - [22/Jul/2020:10:42:06 +0800] "POST /xingrg/dwr/call/plaincall/AjaxGetFirstChart.getFirstChart.dwr HTTP/1.1" 200 79
58.40.7.146 - - [22/Jul/2020:10:42:07 +0800] "POST /xingrg/dwr/call/plaincall/AjaxGetFirstChart.getFirstChart.dwr HTTP/1.1" 200 80
58.40.7.146 - - [22/Jul/2020:10:42:07 +0800] "POST /xingrg/dwr/call/plaincall/AjaxGetFirstChart.getFirstChart.dwr HTTP/1.1" 200 81
58.40.7.146 - - [22/Jul/2020:10:42:07 +0800] "POST /xingrg/dwr/call/plaincall/AjaxGetFirstChart.getFirstChart.dwr HTTP/1.1" 200 82
58.40.7.146 - - [22/Jul/2020:10:42:07 +0800] "POST /xingrg/dwr/call/plaincall/AjaxGetFirstChart.getFirstChart.dwr HTTP/1.1" 200 83
58.40.7.146 - - [22/Jul/2020:10:42:07 +0800] "POST /xingrg/dwr/call/plaincall/AjaxGetFirstChart.getFirstChart.dwr HTTP/1.1" 200 84
180.157.251.101 - - [22/Jul/2020:10:42:07 +0800] "POST /xingrg/services/DataTransmitService HTTP/1.1" 200 524
114.86.227.216 - - [22/Jul/2020:10:42:08 +0800] "GET /xingrg/kc/print/load_config.html?kc_code=cgsh HTTP/1.1" 200 1845
58.40.7.146 - - [22/Jul/2020:10:42:08 +0800] "POST /xingrg/dwr/call/plaincall/AjaxGetFirstChart.getFirstChart.dwr HTTP/1.1" 200 80
114.86.227.216 - - [22/Jul/2020:10:42:08 +0800] "GET /xingrg/kc/print/load_data.html?order_code=212020072209196&kc_code=cgsh&condition= HTTP/1.1" 200 16622
58.40.7.146 - - [22/Jul/2020:10:42:08 +0800] "POST /xingrg/dwr/call/plaincall/AjaxGetFirstChart.getFirstChart.dwr HTTP/1.1" 200 81
58.40.7.146 - - [22/Jul/2020:10:42:08 +0800] "POST /xingrg/dwr/call/plaincall/AjaxGetFirstChart.getFirstChart.dwr HTTP/1.1" 200 82
222.69.27.237 - - [22/Jul/2020:10:42:08 +0800] "GET /xingrg/all/function/internal_message.html?_=1595385644335&CODE_STATE=getMsg HTTP/1.1" 200 27
58.40.7.146 - - [22/Jul/2020:10:42:08 +0800] "POST /xingrg/dwr/call/plaincall/AjaxGetFirstChart.getFirstChart.dwr HTTP/1.1" 200 83
180.175.214.200 - - [22/Jul/2020:10:42:09 +0800] "GET /xingrg/all/function/internal_message.html?_=1595385935810&CODE_STATE=getMsg HTTP/1.1" 200 27
58.40.7.146 - - [22/Jul/2020:10:42:09 +0800] "POST /xingrg/dwr/call/plaincall/AjaxGetFirstChart.getFirstChart.dwr HTTP/1.1" 200 82
58.40.7.146 - - [22/Jul/2020:10:42:09 +0800] "POST /xingrg/dwr/call/plaincall/AjaxGetFirstChart.getFirstChart.dwr HTTP/1.1" 200 84
58.40.7.146 - - [22/Jul/2020:10:42:09 +0800] "POST /xingrg/dwr/call/plaincall/AjaxGetFirstChart.getFirstChart.dwr HTTP/1.1" 200 84
58.40.7.146 - - [22/Jul/2020:10:42:09 +0800] "POST /xingrg/dwr/call/plaincall/AjaxGetFirstChart.getFirstChart.dwr HTTP/1.1" 200 85
58.40.7.146 - - [22/Jul/2020:10:42:09 +0800] "POST /xingrg/dwr/call/plaincall/AjaxGetFirstChart.getFirstChart.dwr HTTP/1.1" 200 86
180.157.251.101 - - [22/Jul/2020:10:42:10 +0800] "POST /xingrg/services/DataTransmitService HTTP/1.1" 200 501
58.40.7.146 - - [22/Jul/2020:10:42:10 +0800] "POST /xingrg/dwr/call/plaincall/AjaxGetFirstChart.getFirstChart.dwr HTTP/1.1" 200 82
114.89.80.44 - - [22/Jul/2020:10:42:10 +0800] "GET /xingrg/all/function/internal_message.html?_=1595385858223&CODE_STATE=getMsg HTTP/1.1" 200 27
117.184.7.30 - - [22/Jul/2020:10:42:11 +0800] "GET /xingrg/all/function/internal_message.html?_=1595385726075&CODE_STATE=getMsg HTTP/1.1" 200 27
120.253.135.82 - - [22/Jul/2020:10:42:11 +0800] "GET /xingrg/check_reg.html?_=1595385484992 HTTP/1.1" 200 22
120.253.135.82 - - [22/Jul/2020:10:42:12 +0800] "GET /xingrg/all/function/internal_message.html?_=1595385485678&CODE_STATE=getMsg HTTP/1.1" 200 27
114.88.161.57 - - [22/Jul/2020:10:42:13 +0800] "GET /xingrg/all/function/internal_message.html?_=1595385752894&CODE_STATE=getMsg HTTP/1.1" 200 27
180.157.251.101 - - [22/Jul/2020:10:42:13 +0800] "GET /xingrg/kc/buy/cgsh_order_operate.html?command=get_materiel&rest_code=00148&code=00101008298&supplier_code=00100007&order_time=2020-07-22 HTTP/1.1" 200 412
116.230.146.118 - - [22/Jul/2020:10:42:14 +0800] "POST /xingrg/kc/buy/cgsh_order_operate.html HTTP/1.1" 200 37
116.230.146.118 - - [22/Jul/2020:10:42:16 +0800] "POST /xingrg/kc/buy/cgsh_order_operate.html HTTP/1.1" 200 2690
180.157.251.101 - - [22/Jul/2020:10:42:16 +0800] "POST /xingrg/services/DataTransmitService HTTP/1.1" 200 128892
116.230.146.118 - - [22/Jul/2020:10:42:18 +0800] "GET /xingrg/kc/print/load_data.html?order_code=212020072209199&kc_code=cgsh&condition= HTTP/1.1" 200 756
180.157.251.101 - - [22/Jul/2020:10:42:18 +0800] "POST /xingrg/kc/buy/cgsh_order_operate.html HTTP/1.1" 200 2065
114.89.80.44 - - [22/Jul/2020:10:42:22 +0800] "GET /xingrg/all/function/internal_message.html?_=1595385739342&CODE_STATE=getMsg HTTP/1.1" 200 27
180.157.251.101 - - [22/Jul/2020:10:42:23 +0800] "GET /xingrg/kc/buy/cgsh_order_operate.html?command=get_materiel&rest_code=00148&code=00101008101&supplier_code=00100007&order_time=2020-07-22 HTTP/1.1" 200 412
58.40.7.146 - - [22/Jul/2020:10:42:25 +0800] "GET /xingrg/all/function/internal_message.html?_=1595385744897&CODE_STATE=getMsg HTTP/1.1" 200 27
114.88.159.128 - - [22/Jul/2020:10:42:27 +0800] "GET /xingrg/all/function/internal_message.html?_=1595385753952&CODE_STATE=getMsg HTTP/1.1" 200 27
172.17.0.101 - - [22/Jul/2020:10:42:27 +0800] "GET /xingrg/all/function/internal_message.html?_=1595385748468&CODE_STATE=getMsg HTTP/1.1" 200 27
180.157.251.101 - - [22/Jul/2020:10:42:28 +0800] "POST /xingrg/services/DataTransmitService HTTP/1.1" 200 524
117.185.32.26 - - [22/Jul/2020:10:42:30 +0800] "POST /xingrg/kc/buy/cgsh_order_operate.html HTTP/1.1" 200 37
180.157.251.101 - - [22/Jul/2020:10:42:31 +0800] "POST /xingrg/services/DataTransmitService HTTP/1.1" 200 501
180.157.251.101 - - [22/Jul/2020:10:42:32 +0800] "GET /xingrg/kc/buy/cgsh_order_operate.html?command=get_materiel&rest_code=00148&code=00101008283&supplier_code=00100007&order_time=2020-07-22 HTTP/1.1" 200 408
117.185.32.26 - - [22/Jul/2020:10:42:32 +0800] "POST /xingrg/kc/buy/cgsh_order_operate.html HTTP/1.1" 200 12
117.185.32.26 - - [22/Jul/2020:10:42:34 +0800] "GET /xingrg/kc/buy/cgsh_order_info.html?code=212020072209187 HTTP/1.1" 200 54227
117.185.32.26 - - [22/Jul/2020:10:42:35 +0800] "GET /xingrg/javascript/easyui/themes/default/validatebox.css HTTP/1.1" 404 1104
117.185.32.26 - - [22/Jul/2020:10:42:35 +0800] "POST /xingrg/kc/buy/cgsh_order_operate.html HTTP/1.1" 200 39002
116.230.146.118 - - [22/Jul/2020:10:42:36 +0800] "GET /xingrg/all/function/internal_message.html?_=1595385750417&CODE_STATE=getMsg HTTP/1.1" 200 27
117.185.32.26 - - [22/Jul/2020:10:42:38 +0800] "GET /xingrg/kc/print/load_config.html?kc_code=cgsh HTTP/1.1" 200 1845
117.185.32.26 - - [22/Jul/2020:10:42:38 +0800] "GET /xingrg/kc/print/load_data.html?order_code=212020072209187&kc_code=cgsh&condition= HTTP/1.1" 200 15243
180.157.251.101 - - [22/Jul/2020:10:42:39 +0800] "GET /xingrg/kc/buy/cgsh_order_operate.html?command=get_materiel&rest_code=00148&code=00101008125&supplier_code=00100007&order_time=2020-07-22 HTTP/1.1" 200 413
58.40.7.146 - - [22/Jul/2020:10:42:40 +0800] "POST /xingrg/system/rest/edit_item.html HTTP/1.1" 200 3
58.40.7.146 - - [22/Jul/2020:10:42:40 +0800] "GET /xingrg/system/rest/get_item.html?table=menu&id=333&_=1595385759268 HTTP/1.1" 200 923
116.230.146.118 - - [22/Jul/2020:10:42:40 +0800] "GET /xingrg/kc/buy/cgsh_order_add.html HTTP/1.1" 200 59363
116.230.146.118 - - [22/Jul/2020:10:42:41 +0800] "GET /xingrg/javascript/easyui/themes/default/validatebox.css HTTP/1.1" 404 1104
116.230.146.118 - - [22/Jul/2020:10:42:41 +0800] "POST /xingrg/kc/buy/cgsh_order_operate.html HTTP/1.1" 200 8245
58.40.7.146 - - [22/Jul/2020:10:42:41 +0800] "GET /xingrg/system/rest/get_infos.html?command=menu_img_show&id=333 HTTP/1.1" 200 5
58.40.7.146 - - [22/Jul/2020:10:42:41 +0800] "GET /xingrg/system/rest/query_items.html?_=1595385760809&table=menu&page=2&rows=20&categoryId=205&key= HTTP/1.1" 200 1159
117.185.32.26 - - [22/Jul/2020:10:42:42 +0800] "GET /xingrg/all/function/internal_message.html?_=1595385759042&CODE_STATE=getMsg HTTP/1.1" 200 27
117.185.32.26 - - [22/Jul/2020:10:42:42 +0800] "GET /xingrg/check_reg.html?_=1595385759042 HTTP/1.1" 200 22
116.230.146.118 - - [22/Jul/2020:10:42:43 +0800] "GET /xingrg/javascript/easyui/themes/default/tree.css HTTP/1.1" 404 1090
116.230.146.118 - - [22/Jul/2020:10:42:43 +0800] "POST /xingrg/all/common/load_tree.html?tree=supplier_tree_json&isDelete=1 HTTP/1.1" 200 49550
101.83.241.65 - - [22/Jul/2020:10:42:44 +0800] "GET /xingrg/all/function/internal_message.html?_=1595385760106&CODE_STATE=getMsg HTTP/1.1" 200 27
114.86.227.216 - - [22/Jul/2020:10:42:45 +0800] "GET /xingrg/all/function/internal_message.html?_=1595385826812&CODE_STATE=getMsg HTTP/1.1" 200 27
117.184.7.30 - - [22/Jul/2020:10:42:47 +0800] "GET /xingrg/check_reg.html?_=1595385765041 HTTP/1.1" 200 22
117.184.7.30 - - [22/Jul/2020:10:42:47 +0800] "GET /xingrg/all/function/internal_message.html?_=1595385765074&CODE_STATE=getMsg HTTP/1.1" 200 27
114.88.161.57 - - [22/Jul/2020:10:42:47 +0800] "GET /xingrg/all/function/internal_message.html?_=1595385765482&CODE_STATE=getMsg HTTP/1.1" 200 27
124.77.243.181 - - [22/Jul/2020:10:42:54 +0800] "GET /xingrg/all/function/internal_message.html?_=1595385783735&CODE_STATE=getMsg HTTP/1.1" 200 27
61.172.5.115 - - [22/Jul/2020:10:42:55 +0800] "GET /xingrg/all/function/internal_message.html?_=1595385771701&CODE_STATE=getMsg HTTP/1.1" 200 27
114.88.159.128 - - [22/Jul/2020:10:42:55 +0800] "GET /xingrg/kc/buy/buy_main.html HTTP/1.1" 200 12412
114.88.159.128 - - [22/Jul/2020:10:42:55 +0800] "GET /xingrg/css/new_ie.css HTTP/1.1" 404 1036
114.88.159.128 - - [22/Jul/2020:10:42:56 +0800] "GET /xingrg/images/yd/bt.gif HTTP/1.1" 404 1040
114.88.159.128 - - [22/Jul/2020:10:42:57 +0800] "GET /xingrg/kc/buy/cgsh_order_list.html HTTP/1.1" 200 43584
172.17.0.120 - - [22/Jul/2020:10:42:57 +0800] "GET /xingrg/all/function/internal_message.html?_=1595385776229&CODE_STATE=getMsg HTTP/1.1" 200 27
114.88.159.128 - - [22/Jul/2020:10:42:57 +0800] "POST /xingrg/kc/buy/cgsh_list_operate.html HTTP/1.1" 200 876
120.204.17.68 - - [22/Jul/2020:10:42:57 +0800] "GET /xingrg/kc/buy/cgsh_order_operate.html?command=get_materiel&rest_code=00106&code=00101008233&supplier_code=00100007&order_time=2020-07-22 HTTP/1.1" 302 -
114.88.159.128 - - [22/Jul/2020:10:42:57 +0800] "GET /xingrg/check_reg.html?_=1595385439806 HTTP/1.1" 302 -
114.88.159.128 - - [22/Jul/2020:10:42:57 +0800] "GET /xingrg/login.html HTTP/1.1" 200 7641
114.88.159.128 - - [22/Jul/2020:10:42:58 +0800] "GET /xingrg/kc/buy/cgsh_order_add.html HTTP/1.1" 200 59322
114.88.159.128 - - [22/Jul/2020:10:42:58 +0800] "GET /xingrg/words/20200721125735_words.js HTTP/1.1" 304 -
61.172.5.115 - - [22/Jul/2020:10:42:59 +0800] "POST /xingrg/kc/base/wldb_order_operate.html HTTP/1.1" 200 37
180.157.251.101 - - [22/Jul/2020:10:42:59 +0800] "GET /xingrg/kc/buy/cgsh_order_operate.html?command=get_materiel&rest_code=00148&code=00101009066&supplier_code=00100007&order_time=2020-07-22 HTTP/1.1" 200 416
114.88.159.128 - - [22/Jul/2020:10:42:59 +0800] "GET /xingrg/javascript/easyui/themes/default/validatebox.css HTTP/1.1" 404 1104
114.88.159.128 - - [22/Jul/2020:10:42:59 +0800] "POST /xingrg/kc/buy/cgsh_order_operate.html HTTP/1.1" 200 8245
114.88.159.128 - - [22/Jul/2020:10:42:59 +0800] "GET /xingrg/all/common/auto_word.html?type=employee&rest_code=00141 HTTP/1.1" 200 201
114.88.159.128 - - [22/Jul/2020:10:42:59 +0800] "GET /xingrg/all/common/auto_word.html?type=employee&rest_code=00141 HTTP/1.1" 200 201
61.172.5.115 - - [22/Jul/2020:10:42:59 +0800] "POST /xingrg/kc/base/wldb_order_operate.html HTTP/1.1" 200 3648
172.17.200.101 - - [22/Jul/2020:10:43:00 +0800] "GET /xingrg/all/function/internal_message.html?_=1595385781166&CODE_STATE=getMsg HTTP/1.1" 200 27
61.172.5.115 - - [22/Jul/2020:10:43:00 +0800] "GET /xingrg/kc/base/wldb_order_info.html?code=422020072202473 HTTP/1.1" 200 30381
61.172.5.115 - - [22/Jul/2020:10:43:01 +0800] "GET /xingrg/javascript/easyui/themes/default/validatebox.css HTTP/1.1" 404 1104
61.172.5.115 - - [22/Jul/2020:10:43:01 +0800] "POST /xingrg/kc/base/wldb_order_operate.html HTTP/1.1" 200 3648
114.88.159.128 - - [22/Jul/2020:10:43:02 +0800] "GET /xingrg/javascript/jquery_tools/images/prev.gif HTTP/1.1" 404 1086
114.88.159.128 - - [22/Jul/2020:10:43:02 +0800] "GET /xingrg/javascript/jquery_tools/images/next.gif HTTP/1.1" 404 1086
180.157.251.101 - - [22/Jul/2020:10:43:02 +0800] "GET /xingrg/all/function/internal_message.html?_=1595385787488&CODE_STATE=getMsg HTTP/1.1" 200 27
61.172.5.115 - - [22/Jul/2020:10:43:04 +0800] "GET /xingrg/all/function/internal_message.html?_=1595385784824&CODE_STATE=getMsg HTTP/1.1" 200 27
120.204.17.68 - - [22/Jul/2020:10:43:04 +0800] "GET /xingrg/login.html HTTP/1.1" 200 7641
117.185.32.26 - - [22/Jul/2020:10:43:05 +0800] "GET /xingrg/kc/print/load_data.html?order_code=212020072209187&kc_code=cgsh HTTP/1.1" 200 15243
114.88.159.128 - - [22/Jul/2020:10:43:07 +0800] "GET /xingrg/kc/buy/cgsh_order_operate.html?command=get_materiel&rest_code=00141&code=00101008288&supplier_code=00100007&order_time=2020-07-22 HTTP/1.1" 200 408
222.69.27.237 - - [22/Jul/2020:10:43:08 +0800] "GET /xingrg/check_reg.html?_=1595385704336 HTTP/1.1" 200 22
222.69.27.237 - - [22/Jul/2020:10:43:08 +0800] "GET /xingrg/all/function/internal_message.html?_=1595385704338&CODE_STATE=getMsg HTTP/1.1" 200 27
180.175.214.200 - - [22/Jul/2020:10:43:09 +0800] "GET /xingrg/all/function/internal_message.html?_=1595385996462&CODE_STATE=getMsg HTTP/1.1" 200 27
180.157.251.101 - - [22/Jul/2020:10:43:09 +0800] "GET /xingrg/kc/buy/cgsh_order_operate.html?command=get_materiel&rest_code=00148&code=00101008041&supplier_code=00100007&order_time=2020-07-22 HTTP/1.1" 200 408
114.89.80.44 - - [22/Jul/2020:10:43:10 +0800] "GET /xingrg/check_reg.html?_=1595385917871 HTTP/1.1" 200 22
114.89.80.44 - - [22/Jul/2020:10:43:11 +0800] "GET /xingrg/all/function/internal_message.html?_=1595385918236&CODE_STATE=getMsg HTTP/1.1" 200 27
117.184.7.30 - - [22/Jul/2020:10:43:11 +0800] "GET /xingrg/check_reg.html?_=1595385786060 HTTP/1.1" 200 22
117.184.7.26 - - [22/Jul/2020:10:43:11 +0800] "GET /xingrg/all/function/internal_message.html?_=1595385786064&CODE_STATE=getMsg HTTP/1.1" 200 27
116.230.146.118 - - [22/Jul/2020:10:43:12 +0800] "GET /xingrg/kc/buy/cgsh_order_operate.html?command=get_materiel&rest_code=00107&code=00101001125&supplier_code=00100319&order_time=2020-07-22 HTTP/1.1" 200 414
120.253.135.82 - - [22/Jul/2020:10:43:12 +0800] "GET /xingrg/all/function/internal_message.html?_=1595385545692&CODE_STATE=getMsg HTTP/1.1" 200 27
114.88.161.57 - - [22/Jul/2020:10:43:13 +0800] "GET /xingrg/all/function/internal_message.html?_=1595385812884&CODE_STATE=getMsg HTTP/1.1" 200 27
180.157.251.101 - - [22/Jul/2020:10:43:16 +0800] "POST /xingrg/kc/buy/cgsh_order_operate.html HTTP/1.1" 200 2065
58.40.7.146 - - [22/Jul/2020:10:43:18 +0800] "GET /xingrg/system/rest/query_items.html?_=1595385797804&table=menu&page=2&rows=20&categoryId=205&key= HTTP/1.1" 200 1159
58.40.7.146 - - [22/Jul/2020:10:43:20 +0800] "GET /xingrg/system/rest/query_items.html?_=1595385799431&table=menu&page=2&rows=20&categoryId=&key= HTTP/1.1" 200 4709
114.89.80.44 - - [22/Jul/2020:10:43:22 +0800] "GET /xingrg/all/function/internal_message.html?_=1595385799361&CODE_STATE=getMsg HTTP/1.1" 200 27
58.40.7.146 - - [22/Jul/2020:10:43:23 +0800] "GET /xingrg/system/rest/query_items.html?_=1595385802488&table=menu&page=2&rows=20&categoryId=&key=%25E8%2584%2586%25E7%259A%25AE HTTP/1.1" 200 4671
58.40.7.146 - - [22/Jul/2020:10:43:25 +0800] "GET /xingrg/system/rest/query_items.html?_=1595385804764&table=menu&page=2&rows=20&categoryId=&key=%25E8%2584%2586%25E7%259A%25AE HTTP/1.1" 200 4671
58.40.7.146 - - [22/Jul/2020:10:43:26 +0800] "GET /xingrg/all/function/internal_message.html?_=1595385805352&CODE_STATE=getMsg HTTP/1.1" 200 27
114.86.227.215 - - [22/Jul/2020:10:43:26 +0800] "GET /xingrg/login.html HTTP/1.1" 200 7641
58.40.7.146 - - [22/Jul/2020:10:43:27 +0800] "GET /xingrg/system/rest/get_item.html?table=menu&id=427&_=1595385806223 HTTP/1.1" 200 935
58.40.7.146 - - [22/Jul/2020:10:43:27 +0800] "GET /xingrg/system/rest/get_item.html?table=menu&target=menu_rest&id=427&_=1595385806242 HTTP/1.1" 200 67
58.40.7.146 - - [22/Jul/2020:10:43:27 +0800] "GET /xingrg/system/rest/get_item.html?table=menu&target=cook_mode&id=427&_=1595385806240 HTTP/1.1" 200 67
114.88.159.128 - - [22/Jul/2020:10:43:27 +0800] "GET /xingrg/all/function/internal_message.html?_=1595385813934&CODE_STATE=getMsg HTTP/1.1" 200 27
58.40.7.146 - - [22/Jul/2020:10:43:27 +0800] "GET /xingrg/system/rest/get_infos.html?command=menu_img_show&id=427 HTTP/1.1" 200 5
172.17.0.101 - - [22/Jul/2020:10:43:28 +0800] "GET /xingrg/all/function/internal_message.html?_=1595385808479&CODE_STATE=getMsg HTTP/1.1" 200 27
114.86.227.215 - - [22/Jul/2020:10:43:29 +0800] "GET /favicon.ico HTTP/1.1" 404 -
116.230.146.118 - - [22/Jul/2020:10:43:33 +0800] "POST /xingrg/kc/buy/cgsh_order_operate.html HTTP/1.1" 200 37
58.40.7.146 - - [22/Jul/2020:10:43:34 +0800] "POST /xingrg/system/rest/edit_item.html HTTP/1.1" 200 -
116.230.146.118 - - [22/Jul/2020:10:43:34 +0800] "POST /xingrg/kc/buy/cgsh_order_operate.html HTTP/1.1" 200 2660
116.230.146.118 - - [22/Jul/2020:10:43:35 +0800] "GET /xingrg/check_reg.html?_=1595385810266 HTTP/1.1" 200 22
58.40.7.146 - - [22/Jul/2020:10:43:36 +0800] "GET /xingrg/system/rest/query_items.html?_=1595385815093&table=menu&page=2&rows=20&categoryId=&key=%25E8%2584%2586%25E7%259A%25AE HTTP/1.1" 200 4436
116.230.146.118 - - [22/Jul/2020:10:43:36 +0800] "GET /xingrg/all/function/internal_message.html?_=1595385810400&CODE_STATE=getMsg HTTP/1.1" 200 27
116.230.146.118 - - [22/Jul/2020:10:43:36 +0800] "GET /xingrg/kc/print/load_data.html?order_code=212020072209200&kc_code=cgsh&condition= HTTP/1.1" 200 679
58.40.7.146 - - [22/Jul/2020:10:43:39 +0800] "GET /xingrg/check_reg.html?_=1595385818916 HTTP/1.1" 200 22
58.40.7.146 - - [22/Jul/2020:10:43:40 +0800] "GET /xingrg/system/rest/query_items.html?_=1595385819673&table=menu&page=2&rows=20&categoryId=&key=%25E6%25A1%2582%25E8%258A%25B1 HTTP/1.1" 200 1461
58.40.7.146 - - [22/Jul/2020:10:43:41 +0800] "GET /xingrg/system/rest/query_items.html?_=1595385821023&table=menu&page=2&rows=20&categoryId=&key=%25E6%25A1%2582%25E8%258A%25B1 HTTP/1.1" 200 1461
114.86.227.216 - - [22/Jul/2020:10:43:43 +0800] "GET /xingrg/all/function/internal_message.html?_=1595385886809&CODE_STATE=getMsg HTTP/1.1" 200 27
117.185.32.26 - - [22/Jul/2020:10:43:43 +0800] "GET /xingrg/all/function/internal_message.html?_=1595385820244&CODE_STATE=getMsg HTTP/1.1" 200 27
101.83.241.65 - - [22/Jul/2020:10:43:44 +0800] "GET /xingrg/all/function/internal_message.html?_=1595385820081&CODE_STATE=getMsg HTTP/1.1" 200 27
101.83.241.65 - - [22/Jul/2020:10:43:46 +0800] "GET /xingrg/check_reg.html?_=1595385822033 HTTP/1.1" 200 22
114.88.161.57 - - [22/Jul/2020:10:43:46 +0800] "GET /xingrg/check_reg.html?_=1595385824258 HTTP/1.1" 200 22
117.184.7.30 - - [22/Jul/2020:10:43:47 +0800] "GET /xingrg/all/function/internal_message.html?_=1595385825119&CODE_STATE=getMsg HTTP/1.1" 200 27
114.88.161.57 - - [22/Jul/2020:10:43:47 +0800] "GET /xingrg/all/function/internal_message.html?_=1595385825496&CODE_STATE=getMsg HTTP/1.1" 200 27
58.40.7.146 - - [22/Jul/2020:10:43:48 +0800] "POST /xingrg/system/rest/edit_item.html HTTP/1.1" 200 -
58.40.7.146 - - [22/Jul/2020:10:43:50 +0800] "GET /xingrg/system/rest/query_items.html?_=1595385829116&table=menu&page=2&rows=20&categoryId=&key=%25E6%25A1%2582%25E8%258A%25B1 HTTP/1.1" 200 1234
58.40.7.146 - - [22/Jul/2020:10:43:54 +0800] "GET /xingrg/system/rest/list_page.html?p=down HTTP/1.1" 200 20340
124.77.243.181 - - [22/Jul/2020:10:43:54 +0800] "GET /xingrg/all/function/internal_message.html?_=1595385843750&CODE_STATE=getMsg HTTP/1.1" 200 27
58.40.7.146 - - [22/Jul/2020:10:43:55 +0800] "GET /xingrg/javascript/jquery_easy_ui/themes/default/images/calendar_prevmonth.gif HTTP/1.1" 200 66
58.40.7.146 - - [22/Jul/2020:10:43:55 +0800] "GET /xingrg/javascript/jquery_easy_ui/themes/default/images/calendar_nextmonth.gif HTTP/1.1" 200 64
58.40.7.146 - - [22/Jul/2020:10:43:55 +0800] "GET /xingrg/javascript/jquery_easy_ui/themes/default/images/calendar_prevyear.gif HTTP/1.1" 200 76
58.40.7.146 - - [22/Jul/2020:10:43:55 +0800] "GET /xingrg/javascript/jquery_easy_ui/themes/default/images/calendar_nextyear.gif HTTP/1.1" 200 75
58.40.7.146 - - [22/Jul/2020:10:43:55 +0800] "GET /xingrg/system/rest/query_items.html?_=1595385834300&table=down&tcode=&key= HTTP/1.1" 200 10661
61.172.5.115 - - [22/Jul/2020:10:43:55 +0800] "GET /xingrg/all/function/internal_message.html?_=1595385831685&CODE_STATE=getMsg HTTP/1.1" 200 27
172.17.0.120 - - [22/Jul/2020:10:43:57 +0800] "GET /xingrg/check_reg.html?_=1595385836242 HTTP/1.1" 200 22
172.17.0.120 - - [22/Jul/2020:10:43:57 +0800] "GET /xingrg/all/function/internal_message.html?_=1595385836254&CODE_STATE=getMsg HTTP/1.1" 200 27
58.40.7.146 - - [22/Jul/2020:10:44:00 +0800] "GET /xingrg/system/rest/get_item.html?table=down&code=0d92be9ad95a4aae9afd50a7a84c1984&_=1595385839201 HTTP/1.1" 200 213
58.40.7.146 - - [22/Jul/2020:10:44:00 +0800] "POST /xingrg/system/rest/edit_item.html HTTP/1.1" 200 4
58.40.7.146 - - [22/Jul/2020:10:44:00 +0800] "POST /xingrg/all/common/load_tree.html?tree=area_station_tree_json&defaultRests=1_17 HTTP/1.1" 200 3115
172.17.200.101 - - [22/Jul/2020:10:44:00 +0800] "GET /xingrg/all/function/internal_message.html?_=1595385841168&CODE_STATE=getMsg HTTP/1.1" 200 27
172.17.200.101 - - [22/Jul/2020:10:44:00 +0800] "GET /xingrg/check_reg.html?_=1595385841171 HTTP/1.1" 200 22
58.40.7.146 - - [22/Jul/2020:10:44:00 +0800] "GET /xingrg/javascript/jquery_easy_ui/themes/default/images/tree_checkbox_1.gif HTTP/1.1" 200 174
58.40.7.146 - - [22/Jul/2020:10:44:00 +0800] "GET /xingrg/javascript/jquery_easy_ui/themes/default/images/tree_checkbox_2.gif HTTP/1.1" 200 181
58.40.7.146 - - [22/Jul/2020:10:44:00 +0800] "GET /xingrg/javascript/jquery_easy_ui/themes/icons/area.png HTTP/1.1" 200 262
58.40.7.146 - - [22/Jul/2020:10:44:00 +0800] "GET /xingrg/javascript/jquery_easy_ui/themes/icons/manage.png HTTP/1.1" 200 696
58.40.7.146 - - [22/Jul/2020:10:44:00 +0800] "GET /xingrg/javascript/jquery_easy_ui/themes/default/images/tree_checkbox_0.gif HTTP/1.1" 200 168
58.40.7.146 - - [22/Jul/2020:10:44:00 +0800] "GET /xingrg/javascript/jquery_easy_ui/themes/icons/rest.png HTTP/1.1" 200 695
58.40.7.146 - - [22/Jul/2020:10:44:00 +0800] "POST /xingrg/system/rest/get_infos.html HTTP/1.1" 200 450133
116.230.146.118 - - [22/Jul/2020:10:44:01 +0800] "GET /xingrg/kc/buy/cgsh_order_add.html HTTP/1.1" 200 59363
116.230.146.118 - - [22/Jul/2020:10:44:02 +0800] "GET /xingrg/javascript/easyui/themes/default/validatebox.css HTTP/1.1" 404 1104
116.230.146.118 - - [22/Jul/2020:10:44:02 +0800] "POST /xingrg/kc/buy/cgsh_order_operate.html HTTP/1.1" 200 8245
180.157.251.101 - - [22/Jul/2020:10:44:03 +0800] "GET /xingrg/all/function/internal_message.html?_=1595385847626&CODE_STATE=getMsg HTTP/1.1" 200 27
116.230.146.118 - - [22/Jul/2020:10:44:03 +0800] "GET /xingrg/javascript/easyui/themes/default/tree.css HTTP/1.1" 404 1090
116.230.146.118 - - [22/Jul/2020:10:44:03 +0800] "POST /xingrg/all/common/load_tree.html?tree=supplier_tree_json&isDelete=1 HTTP/1.1" 200 49550
61.172.5.115 - - [22/Jul/2020:10:44:03 +0800] "GET /xingrg/all/function/internal_message.html?_=1595385844755&CODE_STATE=getMsg HTTP/1.1" 200 27
222.69.27.237 - - [22/Jul/2020:10:44:08 +0800] "GET /xingrg/all/function/internal_message.html?_=1595385764338&CODE_STATE=getMsg HTTP/1.1" 200 27
180.175.214.200 - - [22/Jul/2020:10:44:09 +0800] "GET /xingrg/all/function/internal_message.html?_=1595386056478&CODE_STATE=getMsg HTTP/1.1" 200 27
117.184.7.26 - - [22/Jul/2020:10:44:11 +0800] "GET /xingrg/all/function/internal_message.html?_=1595385846069&CODE_STATE=getMsg HTTP/1.1" 200 27
114.89.80.44 - - [22/Jul/2020:10:44:11 +0800] "GET /xingrg/all/function/internal_message.html?_=1595385978251&CODE_STATE=getMsg HTTP/1.1" 200 27
120.253.135.82 - - [22/Jul/2020:10:44:12 +0800] "GET /xingrg/all/function/internal_message.html?_=1595385605705&CODE_STATE=getMsg HTTP/1.1" 200 27
180.157.251.101 - - [22/Jul/2020:10:44:13 +0800] "GET /xingrg/kc/buy/cgsh_order_operate.html?command=get_materiel&rest_code=00148&code=00101008323&supplier_code=00100007&order_time=2020-07-22 HTTP/1.1" 200 408
114.88.161.57 - - [22/Jul/2020:10:44:13 +0800] "GET /xingrg/all/function/internal_message.html?_=1595385872892&CODE_STATE=getMsg HTTP/1.1" 200 27
114.88.161.57 - - [22/Jul/2020:10:44:13 +0800] "GET /xingrg/check_reg.html?_=1595385872895 HTTP/1.1" 200 22
180.157.251.101 - - [22/Jul/2020:10:44:20 +0800] "GET /xingrg/kc/buy/cgsh_order_operate.html?command=get_materiel&rest_code=00148&code=00101008302&supplier_code=00100007&order_time=2020-07-22 HTTP/1.1" 200 412
114.89.80.44 - - [22/Jul/2020:10:44:22 +0800] "GET /xingrg/all/function/internal_message.html?_=1595385859396&CODE_STATE=getMsg HTTP/1.1" 200 27
114.89.80.44 - - [22/Jul/2020:10:44:22 +0800] "GET /xingrg/check_reg.html?_=1595385859397 HTTP/1.1" 200 22
117.131.5.26 - - [22/Jul/2020:10:44:24 +0800] "GET /xingrg/check_reg.html?_=1595385853152 HTTP/1.1" 302 -
180.157.251.101 - - [22/Jul/2020:10:44:25 +0800] "GET /xingrg/kc/buy/cgsh_order_operate.html?command=get_materiel&rest_code=00148&code=00101008350&supplier_code=00100007&order_time=2020-07-22 HTTP/1.1" 200 408
58.40.7.146 - - [22/Jul/2020:10:44:26 +0800] "GET /xingrg/all/function/internal_message.html?_=1595385865323&CODE_STATE=getMsg HTTP/1.1" 200 27
114.88.159.128 - - [22/Jul/2020:10:44:27 +0800] "GET /xingrg/all/function/internal_message.html?_=1595385873905&CODE_STATE=getMsg HTTP/1.1" 200 27
172.17.0.101 - - [22/Jul/2020:10:44:28 +0800] "GET /xingrg/all/function/internal_message.html?_=1595385868472&CODE_STATE=getMsg HTTP/1.1" 200 27
180.157.251.101 - - [22/Jul/2020:10:44:29 +0800] "GET /xingrg/kc/buy/cgsh_order_operate.html?command=get_materiel&rest_code=00148&code=00101008244&supplier_code=00100007&order_time=2020-07-22 HTTP/1.1" 200 408
116.230.146.118 - - [22/Jul/2020:10:44:35 +0800] "GET /xingrg/kc/buy/cgsh_order_operate.html?command=get_materiel&rest_code=00107&code=00101001037&supplier_code=00100090&order_time=2020-07-22 HTTP/1.1" 200 414
116.230.146.118 - - [22/Jul/2020:10:44:36 +0800] "GET /xingrg/all/function/internal_message.html?_=1595385870381&CODE_STATE=getMsg HTTP/1.1" 200 27
180.157.251.101 - - [22/Jul/2020:10:44:36 +0800] "GET /xingrg/kc/buy/cgsh_order_operate.html?command=get_materiel&rest_code=00148&code=00101008149&supplier_code=00100007&order_time=2020-07-22 HTTP/1.1" 200 408
180.157.251.101 - - [22/Jul/2020:10:44:38 +0800] "POST /xingrg/kc/buy/cgsh_order_operate.html HTTP/1.1" 200 2065
114.86.227.216 - - [22/Jul/2020:10:44:41 +0800] "GET /xingrg/all/function/internal_message.html?_=1595385946808&CODE_STATE=getMsg HTTP/1.1" 200 27
180.157.251.101 - - [22/Jul/2020:10:44:41 +0800] "GET /xingrg/kc/buy/cgsh_order_operate.html?command=get_materiel&rest_code=00148&code=00101008112&supplier_code=00100007&order_time=2020-07-22 HTTP/1.1" 200 412
117.185.32.26 - - [22/Jul/2020:10:44:43 +0800] "GET /xingrg/all/function/internal_message.html?_=1595385880216&CODE_STATE=getMsg HTTP/1.1" 200 27
101.83.241.65 - - [22/Jul/2020:10:44:44 +0800] "GET /xingrg/all/function/internal_message.html?_=1595385880065&CODE_STATE=getMsg HTTP/1.1" 200 27
58.40.7.146 - - [22/Jul/2020:10:44:45 +0800] "POST /xingrg/system/rest/edit_item.html HTTP/1.1" 200 32
58.40.7.146 - - [22/Jul/2020:10:44:45 +0800] "POST /xingrg/system/rest/edit_item.html HTTP/1.1" 200 -
58.40.7.146 - - [22/Jul/2020:10:44:45 +0800] "POST /xingrg/system/rest/edit_item.html HTTP/1.1" 200 32
58.40.7.146 - - [22/Jul/2020:10:44:45 +0800] "GET /xingrg/system/rest/get_item.html?table=down&code=0d92be9ad95a4aae9afd50a7a84c1984&_=1595385884649 HTTP/1.1" 200 213
58.40.7.146 - - [22/Jul/2020:10:44:47 +0800] "POST /xingrg/system/rest/edit_item.html HTTP/1.1" 200 4
58.40.7.146 - - [22/Jul/2020:10:44:47 +0800] "GET /xingrg/system/rest/query_items.html?_=1595385886310&table=down&tcode=&key= HTTP/1.1" 200 10661
58.40.7.146 - - [22/Jul/2020:10:44:47 +0800] "POST /xingrg/all/common/load_tree.html?tree=area_station_tree_json&defaultRests=1_17 HTTP/1.1" 200 3115
58.40.7.146 - - [22/Jul/2020:10:44:47 +0800] "POST /xingrg/system/rest/get_infos.html HTTP/1.1" 200 450126
117.184.7.30 - - [22/Jul/2020:10:44:47 +0800] "GET /xingrg/all/function/internal_message.html?_=1595385885133&CODE_STATE=getMsg HTTP/1.1" 200 27
114.88.161.57 - - [22/Jul/2020:10:44:47 +0800] "GET /xingrg/all/function/internal_message.html?_=1595385885509&CODE_STATE=getMsg HTTP/1.1" 200 27
180.157.251.101 - - [22/Jul/2020:10:44:50 +0800] "GET /xingrg/kc/buy/cgsh_order_operate.html?command=get_materiel&rest_code=00148&code=00101008010&supplier_code=00100007&order_time=2020-07-22 HTTP/1.1" 200 412
114.88.159.128 - - [22/Jul/2020:10:44:50 +0800] "GET /xingrg/check_reg.html?_=1595385897106 HTTP/1.1" 200 22
172.17.0.120 - - [22/Jul/2020:10:44:52 +0800] "POST /xingrg/all/user/operate.html HTTP/1.1" 200 36
172.17.0.120 - - [22/Jul/2020:10:44:52 +0800] "GET /xingrg/index.html?sysBaseUrl=http%3A%2F%2F172.17.0.8%3A18081%2Fxingrg%2F&costTime=73×tamp=1595384677902 HTTP/1.1" 200 17448
172.17.0.120 - - [22/Jul/2020:10:44:52 +0800] "GET /xingrg/javascript/jquery_easy_ui/themes/default/easyui.css HTTP/1.1" 304 -
172.17.0.120 - - [22/Jul/2020:10:44:52 +0800] "GET /xingrg/javascript/jquery_easy_ui/themes/icon.css HTTP/1.1" 304 -
172.17.0.120 - - [22/Jul/2020:10:44:52 +0800] "GET /xingrg/css/form.css HTTP/1.1" 304 -
172.17.0.120 - - [22/Jul/2020:10:44:52 +0800] "GET /xingrg/javascript/jquery-1.4.2.min.js HTTP/1.1" 304 -
172.17.0.120 - - [22/Jul/2020:10:44:52 +0800] "GET /xingrg/javascript/jquery_easy_ui/jquery.easyui.min.js HTTP/1.1" 304 -
172.17.0.120 - - [22/Jul/2020:10:44:52 +0800] "GET /xingrg/javascript/jquery_easy_ui/easyui-lang-zh_CN.js HTTP/1.1" 304 -
172.17.0.120 - - [22/Jul/2020:10:44:52 +0800] "GET /xingrg/javascript/jquery.form.js HTTP/1.1" 304 -
172.17.0.120 - - [22/Jul/2020:10:44:52 +0800] "GET /xingrg/javascript/jquery.utils.js HTTP/1.1" 304 -
172.17.0.120 - - [22/Jul/2020:10:44:52 +0800] "GET /xingrg/javascript/jquery.timers.js HTTP/1.1" 304 -
172.17.0.120 - - [22/Jul/2020:10:44:52 +0800] "GET /xingrg/images/blue/jxLogo.png HTTP/1.1" 304 -
172.17.0.120 - - [22/Jul/2020:10:44:52 +0800] "GET /xingrg/images/blue/navBackgound.jpg HTTP/1.1" 304 -
172.17.0.120 - - [22/Jul/2020:10:44:52 +0800] "GET /xingrg/javascript/jquery_easy_ui/themes/icons/settle_new.png HTTP/1.1" 304 -
172.17.0.120 - - [22/Jul/2020:10:44:52 +0800] "POST /xingrg/all/common/load_tree.html?tree=area_rest_tree_json&manage=1 HTTP/1.1" 200 3216
172.17.0.120 - - [22/Jul/2020:10:44:52 +0800] "GET /xingrg/all/function/internal_message.html?_=1595385891480&CODE_STATE=count HTTP/1.1" 200 11
172.17.0.120 - - [22/Jul/2020:10:44:52 +0800] "GET /xingrg/check_reg.html?_=1595385891481 HTTP/1.1" 200 22
172.17.0.120 - - [22/Jul/2020:10:44:52 +0800] "GET /xingrg/javascript/jquery_easy_ui/themes/default/images/panel_tool_expand.gif HTTP/1.1" 304 -
172.17.0.120 - - [22/Jul/2020:10:44:52 +0800] "GET /xingrg/javascript/jquery_easy_ui/themes/default/images/tabs_leftarrow.png HTTP/1.1" 304 -
172.17.0.120 - - [22/Jul/2020:10:44:52 +0800] "GET /xingrg/javascript/jquery_easy_ui/themes/default/images/panel_tool_collapse.gif HTTP/1.1" 304 -
172.17.0.120 - - [22/Jul/2020:10:44:52 +0800] "GET /xingrg/javascript/jquery_easy_ui/themes/default/images/tabs_rightarrow.png HTTP/1.1" 304 -
172.17.0.120 - - [22/Jul/2020:10:44:52 +0800] "GET /xingrg/images/blue/pingpu.png HTTP/1.1" 304 -
172.17.0.120 - - [22/Jul/2020:10:44:52 +0800] "POST /xingrg/load_menu.html HTTP/1.1" 200 9924
172.17.0.120 - - [22/Jul/2020:10:44:53 +0800] "GET /xingrg/kc/buy/buy_main.html HTTP/1.1" 200 12377
172.17.0.120 - - [22/Jul/2020:10:44:53 +0800] "GET /xingrg/css/new_ie.css HTTP/1.1" 404 1036
124.77.243.181 - - [22/Jul/2020:10:44:54 +0800] "GET /xingrg/check_reg.html?_=1595385903166 HTTP/1.1" 200 22
172.17.0.120 - - [22/Jul/2020:10:44:54 +0800] "GET /xingrg/images/yd/bt.gif HTTP/1.1" 404 1040
116.230.146.118 - - [22/Jul/2020:10:44:54 +0800] "GET /xingrg/kc/buy/cgsh_order_operate.html?command=get_materiel&rest_code=00107&code=00101001140&supplier_code=00100090&order_time=2020-07-22 HTTP/1.1" 200 415
172.17.0.120 - - [22/Jul/2020:10:44:54 +0800] "GET /xingrg/kc/buy/cgsh_order_list.html HTTP/1.1" 200 43813
124.77.243.181 - - [22/Jul/2020:10:44:54 +0800] "GET /xingrg/all/function/internal_message.html?_=1595385903764&CODE_STATE=getMsg HTTP/1.1" 200 27
180.157.251.101 - - [22/Jul/2020:10:44:55 +0800] "GET /xingrg/kc/buy/cgsh_order_operate.html?command=get_materiel&rest_code=00148&code=00101008096&supplier_code=00100007&order_time=2020-07-22 HTTP/1.1" 200 412
172.17.0.120 - - [22/Jul/2020:10:44:55 +0800] "POST /xingrg/kc/buy/cgsh_list_operate.html HTTP/1.1" 200 876
61.172.5.115 - - [22/Jul/2020:10:44:55 +0800] "GET /xingrg/all/function/internal_message.html?_=1595385891699&CODE_STATE=getMsg HTTP/1.1" 200 27
61.172.5.115 - - [22/Jul/2020:10:44:55 +0800] "GET /xingrg/check_reg.html?_=1595385891702 HTTP/1.1" 200 22
172.17.200.101 - - [22/Jul/2020:10:45:00 +0800] "GET /xingrg/all/function/internal_message.html?_=1595385901160&CODE_STATE=getMsg HTTP/1.1" 200 27
180.157.251.101 - - [22/Jul/2020:10:45:01 +0800] "GET /xingrg/kc/buy/cgsh_order_operate.html?command=get_materiel&rest_code=00148&code=00101008088&supplier_code=00100007&order_time=2020-07-22 HTTP/1.1" 200 408
180.157.251.101 - - [22/Jul/2020:10:45:03 +0800] "GET /xingrg/all/function/internal_message.html?_=1595385907636&CODE_STATE=getMsg HTTP/1.1" 200 27
61.172.5.115 - - [22/Jul/2020:10:45:03 +0800] "GET /xingrg/all/function/internal_message.html?_=1595385904736&CODE_STATE=getMsg HTTP/1.1" 200 27
58.40.7.146 - - [22/Jul/2020:10:45:04 +0800] "GET /xingrg/dwr/interface/AjaxGetFirstChart.js HTTP/1.1" 200 631
58.40.7.146 - - [22/Jul/2020:10:45:04 +0800] "GET /xingrg/dwr/engine.js HTTP/1.1" 200 43631
58.40.7.146 - - [22/Jul/2020:10:45:04 +0800] "GET /xingrg/system/rest/list_page.html?p=menu HTTP/1.1" 200 113320
58.40.7.146 - - [22/Jul/2020:10:45:05 +0800] "GET /xingrg/system/rest/query_items.html?_=1595385904551&table=menu&page=1&rows=20&categoryId=&key= HTTP/1.1" 200 4724
180.157.251.101 - - [22/Jul/2020:10:45:06 +0800] "GET /xingrg/kc/buy/cgsh_order_operate.html?command=get_materiel&rest_code=00148&code=00101008224&supplier_code=00100007&order_time=2020-07-22 HTTP/1.1" 200 416
58.40.7.146 - - [22/Jul/2020:10:45:07 +0800] "GET /xingrg/system/rest/query_items.html?_=1595385906665&table=menu&page=1&rows=20&categoryId=&key= HTTP/1.1" 200 4724
116.230.146.118 - - [22/Jul/2020:10:45:07 +0800] "GET /xingrg/css/new_ie.css HTTP/1.1" 404 1036
180.157.251.101 - - [22/Jul/2020:10:45:08 +0800] "POST /xingrg/kc/buy/cgsh_order_operate.html HTTP/1.1" 200 2065
222.69.27.237 - - [22/Jul/2020:10:45:08 +0800] "GET /xingrg/all/function/internal_message.html?_=1595385824337&CODE_STATE=getMsg HTTP/1.1" 200 27
58.40.7.146 - - [22/Jul/2020:10:45:09 +0800] "GET /xingrg/system/rest/query_items.html?_=1595385908421&table=menu&page=1&rows=20&categoryId=214&key= HTTP/1.1" 200 245
116.230.146.118 - - [22/Jul/2020:10:45:09 +0800] "GET /favicon.ico HTTP/1.1" 404 -
180.175.214.200 - - [22/Jul/2020:10:45:10 +0800] "GET /xingrg/all/function/internal_message.html?_=1595386117144&CODE_STATE=getMsg HTTP/1.1" 200 27
58.40.7.146 - - [22/Jul/2020:10:45:10 +0800] "GET /xingrg/system/rest/get_item.html?table=menu&id=432&_=1595385909925 HTTP/1.1" 200 932
58.40.7.146 - - [22/Jul/2020:10:45:10 +0800] "GET /xingrg/system/rest/get_item.html?table=menu&target=menu_rest&id=432&_=1595385909954 HTTP/1.1" 200 64
58.40.7.146 - - [22/Jul/2020:10:45:10 +0800] "GET /xingrg/system/rest/get_item.html?table=menu&target=cook_mode&id=432&_=1595385909953 HTTP/1.1" 200 64
117.184.7.26 - - [22/Jul/2020:10:45:11 +0800] "GET /xingrg/all/function/internal_message.html?_=1595385906069&CODE_STATE=getMsg HTTP/1.1" 200 27
114.89.80.44 - - [22/Jul/2020:10:45:11 +0800] "GET /xingrg/all/function/internal_message.html?_=1595386038263&CODE_STATE=getMsg HTTP/1.1" 200 27
58.40.7.146 - - [22/Jul/2020:10:45:11 +0800] "GET /xingrg/system/rest/get_infos.html?command=menu_img_show&id=432 HTTP/1.1" 200 5
116.230.146.118 - - [22/Jul/2020:10:45:11 +0800] "POST /xingrg/login.do HTTP/1.1" 302 -
116.230.146.118 - - [22/Jul/2020:10:45:11 +0800] "GET /xingrg/index.html?sysBaseUrl=http%3A%2F%2F180.169.147.146%3A18081%2Fxingrg%2F&costTime=36×tamp=1595385911600 HTTP/1.1" 200 17179
180.157.251.101 - - [22/Jul/2020:10:45:12 +0800] "GET /xingrg/kc/buy/cgsh_order_operate.html?command=get_materiel&rest_code=00148&code=00101008190&supplier_code=00100007&order_time=2020-07-22 HTTP/1.1" 200 412
116.230.146.118 - - [22/Jul/2020:10:45:12 +0800] "GET /favicon.ico HTTP/1.1" 404 -
120.253.135.82 - - [22/Jul/2020:10:45:12 +0800] "GET /xingrg/all/function/internal_message.html?_=1595385665719&CODE_STATE=getMsg HTTP/1.1" 200 27
116.230.146.118 - - [22/Jul/2020:10:45:13 +0800] "POST /xingrg/all/common/load_tree.html?tree=area_rest_tree_json&manage=1 HTTP/1.1" 200 476
114.88.161.57 - - [22/Jul/2020:10:45:13 +0800] "GET /xingrg/all/function/internal_message.html?_=1595385932891&CODE_STATE=getMsg HTTP/1.1" 200 27
116.230.146.118 - - [22/Jul/2020:10:45:13 +0800] "GET /xingrg/all/function/internal_message.html?_=1595385907651&CODE_STATE=count HTTP/1.1" 200 11
116.230.146.118 - - [22/Jul/2020:10:45:13 +0800] "GET /xingrg/check_reg.html?_=1595385907727 HTTP/1.1" 200 22
116.230.146.118 - - [22/Jul/2020:10:45:13 +0800] "POST /xingrg/load_menu.html HTTP/1.1" 200 5138
116.230.146.118 - - [22/Jul/2020:10:45:14 +0800] "GET /xingrg/kc/buy/buy_main.html HTTP/1.1" 200 12412
116.230.146.118 - - [22/Jul/2020:10:45:14 +0800] "GET /xingrg/css/new_ie.css HTTP/1.1" 404 1036
58.40.7.146 - - [22/Jul/2020:10:45:16 +0800] "POST /xingrg/system/rest/edit_item.html HTTP/1.1" 200 3
116.230.146.118 - - [22/Jul/2020:10:45:16 +0800] "GET /xingrg/images/yd/bt.gif HTTP/1.1" 404 1040
58.40.7.146 - - [22/Jul/2020:10:45:16 +0800] "GET /xingrg/system/rest/get_item.html?table=menu&id=432&_=1595385915379 HTTP/1.1" 200 932
116.230.146.118 - - [22/Jul/2020:10:45:16 +0800] "GET /xingrg/kc/buy/cgsh_order_list.html HTTP/1.1" 200 43584
58.40.7.146 - - [22/Jul/2020:10:45:17 +0800] "GET /xingrg/system/rest/query_items.html?_=1595385916840&table=menu&page=1&rows=20&categoryId=214&key= HTTP/1.1" 200 21
180.157.251.101 - - [22/Jul/2020:10:45:18 +0800] "GET /xingrg/kc/buy/cgsh_order_operate.html?command=get_materiel&rest_code=00148&code=00101008361&supplier_code=00100007&order_time=2020-07-22 HTTP/1.1" 200 408
116.230.146.118 - - [22/Jul/2020:10:45:19 +0800] "POST /xingrg/kc/buy/cgsh_list_operate.html HTTP/1.1" 200 3092
58.40.7.146 - - [22/Jul/2020:10:45:20 +0800] "GET /xingrg/system/rest/list_page.html?p=down HTTP/1.1" 200 20340
58.40.7.146 - - [22/Jul/2020:10:45:20 +0800] "GET /xingrg/system/rest/query_items.html?_=1595385919794&table=down&tcode=&key= HTTP/1.1" 200 10661
114.89.80.44 - - [22/Jul/2020:10:45:22 +0800] "GET /xingrg/all/function/internal_message.html?_=1595385919376&CODE_STATE=getMsg HTTP/1.1" 200 27
180.175.214.200 - - [22/Jul/2020:10:45:22 +0800] "GET /xingrg/check_reg.html?_=1595386129144 HTTP/1.1" 200 22
116.230.146.118 - - [22/Jul/2020:10:45:22 +0800] "GET /xingrg/kc/buy/cgsh_order_add.html HTTP/1.1" 200 59363
116.230.146.118 - - [22/Jul/2020:10:45:23 +0800] "GET /xingrg/javascript/easyui/themes/default/validatebox.css HTTP/1.1" 404 1104
116.230.146.118 - - [22/Jul/2020:10:45:23 +0800] "POST /xingrg/kc/buy/cgsh_order_operate.html HTTP/1.1" 200 8245
180.157.251.101 - - [22/Jul/2020:10:45:24 +0800] "GET /xingrg/kc/buy/cgsh_order_operate.html?command=get_materiel&rest_code=00148&code=00101008355&supplier_code=00100007&order_time=2020-07-22 HTTP/1.1" 200 408
116.230.146.118 - - [22/Jul/2020:10:45:24 +0800] "GET /xingrg/javascript/easyui/themes/default/tree.css HTTP/1.1" 404 1090
116.230.146.118 - - [22/Jul/2020:10:45:24 +0800] "POST /xingrg/all/common/load_tree.html?tree=supplier_tree_json&isDelete=1 HTTP/1.1" 200 49550
58.40.7.146 - - [22/Jul/2020:10:45:26 +0800] "GET /xingrg/all/function/internal_message.html?_=1595385925384&CODE_STATE=getMsg HTTP/1.1" 200 27
114.88.159.128 - - [22/Jul/2020:10:45:27 +0800] "GET /xingrg/all/function/internal_message.html?_=1595385933887&CODE_STATE=getMsg HTTP/1.1" 200 27
172.17.0.101 - - [22/Jul/2020:10:45:28 +0800] "GET /xingrg/all/function/internal_message.html?_=1595385928464&CODE_STATE=getMsg HTTP/1.1" 200 27
180.157.251.101 - - [22/Jul/2020:10:45:28 +0800] "GET /xingrg/kc/buy/cgsh_order_operate.html?command=get_materiel&rest_code=00148&code=00101008264&supplier_code=00100007&order_time=2020-07-22 HTTP/1.1" 200 412
58.40.7.146 - - [22/Jul/2020:10:45:28 +0800] "GET /xingrg/system/rest/get_item.html?table=down&code=0d92be9ad95a4aae9afd50a7a84c1984&_=1595385927597 HTTP/1.1" 200 213
58.40.7.146 - - [22/Jul/2020:10:45:28 +0800] "POST /xingrg/system/rest/edit_item.html HTTP/1.1" 200 4
58.40.7.146 - - [22/Jul/2020:10:45:28 +0800] "POST /xingrg/all/common/load_tree.html?tree=area_station_tree_json&defaultRests=1_17 HTTP/1.1" 200 3115
58.40.7.146 - - [22/Jul/2020:10:45:28 +0800] "POST /xingrg/system/rest/get_infos.html HTTP/1.1" 200 449950
180.157.251.101 - - [22/Jul/2020:10:45:32 +0800] "GET /xingrg/kc/buy/cgsh_order_operate.html?command=get_materiel&rest_code=00148&code=00101008300&supplier_code=00100007&order_time=2020-07-22 HTTP/1.1" 200 412
180.157.251.101 - - [22/Jul/2020:10:45:34 +0800] "POST /xingrg/kc/buy/cgsh_order_operate.html HTTP/1.1" 200 2065
116.230.146.118 - - [22/Jul/2020:10:45:37 +0800] "GET /xingrg/javascript/auto/indicator.gif HTTP/1.1" 404 1066
114.86.227.216 - - [22/Jul/2020:10:45:39 +0800] "GET /xingrg/check_reg.html?_=1595386006812 HTTP/1.1" 200 22
114.86.227.216 - - [22/Jul/2020:10:45:39 +0800] "GET /xingrg/all/function/internal_message.html?_=1595386006812&CODE_STATE=getMsg HTTP/1.1" 200 27
180.157.251.101 - - [22/Jul/2020:10:45:40 +0800] "GET /xingrg/kc/buy/cgsh_order_operate.html?command=get_materiel&rest_code=00148&code=00101008357&supplier_code=00100007&order_time=2020-07-22 HTTP/1.1" 200 408
117.185.32.26 - - [22/Jul/2020:10:45:43 +0800] "GET /xingrg/all/function/internal_message.html?_=1595385940191&CODE_STATE=getMsg HTTP/1.1" 200 27
101.83.241.65 - - [22/Jul/2020:10:45:44 +0800] "GET /xingrg/all/function/internal_message.html?_=1595385940054&CODE_STATE=getMsg HTTP/1.1" 200 27
180.157.251.101 - - [22/Jul/2020:10:45:46 +0800] "GET /xingrg/kc/buy/cgsh_order_operate.html?command=get_materiel&rest_code=00148&code=00101008286&supplier_code=00100007&order_time=2020-07-22 HTTP/1.1" 200 408
117.184.7.30 - - [22/Jul/2020:10:45:47 +0800] "GET /xingrg/all/function/internal_message.html?_=1595385945191&CODE_STATE=getMsg HTTP/1.1" 200 27
114.88.161.57 - - [22/Jul/2020:10:45:47 +0800] "GET /xingrg/all/function/internal_message.html?_=1595385945524&CODE_STATE=getMsg HTTP/1.1" 200 27
180.157.251.101 - - [22/Jul/2020:10:45:51 +0800] "GET /xingrg/kc/buy/cgsh_order_operate.html?command=get_materiel&rest_code=00148&code=00101008131&supplier_code=00100007&order_time=2020-07-22 HTTP/1.1" 200 408
172.17.0.120 - - [22/Jul/2020:10:45:52 +0800] "GET /xingrg/all/function/internal_message.html?_=1595385951490&CODE_STATE=getMsg HTTP/1.1" 200 27
58.40.7.146 - - [22/Jul/2020:10:45:54 +0800] "POST /xingrg/system/rest/edit_item.html HTTP/1.1" 200 32
58.40.7.146 - - [22/Jul/2020:10:45:54 +0800] "POST /xingrg/system/rest/edit_item.html HTTP/1.1" 200 -
58.40.7.146 - - [22/Jul/2020:10:45:54 +0800] "POST /xingrg/system/rest/edit_item.html HTTP/1.1" 200 32
58.40.7.146 - - [22/Jul/2020:10:45:54 +0800] "GET /xingrg/system/rest/get_item.html?table=down&code=0d92be9ad95a4aae9afd50a7a84c1984&_=1595385953521 HTTP/1.1" 200 213
124.77.243.181 - - [22/Jul/2020:10:45:55 +0800] "GET /xingrg/all/function/internal_message.html?_=1595385963778&CODE_STATE=getMsg HTTP/1.1" 200 27
58.40.7.146 - - [22/Jul/2020:10:45:55 +0800] "POST /xingrg/system/rest/edit_item.html HTTP/1.1" 200 4
58.40.7.146 - - [22/Jul/2020:10:45:55 +0800] "GET /xingrg/system/rest/query_items.html?_=1595385954746&table=down&tcode=&key= HTTP/1.1" 200 10661
58.40.7.146 - - [22/Jul/2020:10:45:55 +0800] "POST /xingrg/all/common/load_tree.html?tree=area_station_tree_json&defaultRests=1_17 HTTP/1.1" 200 3115
61.172.5.115 - - [22/Jul/2020:10:45:55 +0800] "GET /xingrg/all/function/internal_message.html?_=1595385951687&CODE_STATE=getMsg HTTP/1.1" 200 27
