120.253.135.82 - - [22/Jul/2020:10:13:36 +0800] "GET /xingrg/javascript/easyui/themes/default/validatebox.css HTTP/1.1" 404 1104
120.253.135.82 - - [22/Jul/2020:10:13:36 +0800] "POST /xingrg/kc/pszx/mdps_order_operate.html HTTP/1.1" 200 2289
172.17.200.101 - - [22/Jul/2020:10:13:36 +0800] "GET /xingrg/login.html HTTP/1.1" 200 7636
172.17.200.101 - - [22/Jul/2020:10:13:37 +0800] "GET /favicon.ico HTTP/1.1" 404 -
172.17.200.101 - - [22/Jul/2020:10:13:37 +0800] "GET /favicon.ico HTTP/1.1" 404 -
58.40.7.146 - - [22/Jul/2020:10:13:39 +0800] "GET /xingrg/check_reg.html?_=1595384019047 HTTP/1.1" 200 22
120.253.135.82 - - [22/Jul/2020:10:13:40 +0800] "GET /xingrg/kc/pszx/mdps_order_info.html?code=312020072200553 HTTP/1.1" 200 23849
120.253.135.82 - - [22/Jul/2020:10:13:40 +0800] "GET /xingrg/javascript/easyui/themes/default/validatebox.css HTTP/1.1" 404 1104
120.253.135.82 - - [22/Jul/2020:10:13:40 +0800] "POST /xingrg/kc/pszx/mdps_order_operate.html HTTP/1.1" 200 2289
61.172.5.115 - - [22/Jul/2020:10:13:42 +0800] "GET /xingrg/kc/buy/cgsh_order_operate.html?command=get_materiel&rest_code=00105&code=00101002006&supplier_code=00100091&order_time=2020-07-22 HTTP/1.1" 200 413
120.253.135.82 - - [22/Jul/2020:10:13:43 +0800] "POST /xingrg/kc/pszx/mdps_list_operate.html HTTP/1.1" 200 2063
120.253.135.82 - - [22/Jul/2020:10:13:44 +0800] "POST /xingrg/kc/pszx/mdps_list_operate.html HTTP/1.1" 200 205
101.83.241.65 - - [22/Jul/2020:10:13:45 +0800] "GET /xingrg/all/function/internal_message.html?_=1595384020737&CODE_STATE=getMsg HTTP/1.1" 200 27
120.253.135.82 - - [22/Jul/2020:10:13:45 +0800] "GET /xingrg/kc/pszx/mdps_order_info.html?code=312020072200553 HTTP/1.1" 200 23849
120.253.135.82 - - [22/Jul/2020:10:13:45 +0800] "GET /xingrg/javascript/easyui/themes/default/validatebox.css HTTP/1.1" 404 1104
120.253.135.82 - - [22/Jul/2020:10:13:46 +0800] "POST /xingrg/kc/pszx/mdps_order_operate.html HTTP/1.1" 200 2289
101.83.241.65 - - [22/Jul/2020:10:13:46 +0800] "GET /xingrg/check_reg.html?_=1595384021991 HTTP/1.1" 200 22
114.88.161.57 - - [22/Jul/2020:10:13:46 +0800] "GET /xingrg/check_reg.html?_=1595384024219 HTTP/1.1" 200 22
114.88.161.57 - - [22/Jul/2020:10:13:47 +0800] "GET /xingrg/all/function/internal_message.html?_=1595384025089&CODE_STATE=getMsg HTTP/1.1" 200 27
120.253.135.82 - - [22/Jul/2020:10:13:48 +0800] "GET /xingrg/kc/print/load_config.html?kc_code=mdps HTTP/1.1" 200 2396
120.253.135.82 - - [22/Jul/2020:10:13:48 +0800] "GET /xingrg/kc/print/load_data.html?order_code=312020072200553&kc_code=mdps&condition= HTTP/1.1" 200 700
124.77.243.181 - - [22/Jul/2020:10:13:52 +0800] "GET /xingrg/all/function/internal_message.html?_=1595384041283&CODE_STATE=getMsg HTTP/1.1" 200 27
61.172.5.115 - - [22/Jul/2020:10:13:55 +0800] "GET /xingrg/all/function/internal_message.html?_=1595384031668&CODE_STATE=getMsg HTTP/1.1" 200 27
172.17.200.101 - - [22/Jul/2020:10:13:59 +0800] "POST /xingrg/login.do HTTP/1.1" 302 -
172.17.200.101 - - [22/Jul/2020:10:13:59 +0800] "GET /xingrg/index.html?sysBaseUrl=http%3A%2F%2F172.17.0.8%3A18081%2Fxingrg%2F&costTime=97×tamp=1595384039647 HTTP/1.1" 200 17448
172.17.200.101 - - [22/Jul/2020:10:13:59 +0800] "GET /favicon.ico HTTP/1.1" 404 -
172.17.200.101 - - [22/Jul/2020:10:14:00 +0800] "POST /xingrg/all/common/load_tree.html?tree=area_rest_tree_json&manage=1 HTTP/1.1" 200 3088
172.17.200.101 - - [22/Jul/2020:10:14:00 +0800] "GET /xingrg/check_reg.html?_=1595384041125 HTTP/1.1" 200 22
172.17.200.101 - - [22/Jul/2020:10:14:00 +0800] "GET /xingrg/all/function/internal_message.html?_=1595384041125&CODE_STATE=count HTTP/1.1" 200 11
116.231.60.117 - - [22/Jul/2020:10:14:00 +0800] "GET /favicon.ico HTTP/1.1" 404 -
172.17.200.101 - - [22/Jul/2020:10:14:00 +0800] "POST /xingrg/load_menu.html HTTP/1.1" 200 11529
180.175.214.200 - - [22/Jul/2020:10:14:00 +0800] "GET /xingrg/all/function/internal_message.html?_=1595384247116&CODE_STATE=getMsg HTTP/1.1" 200 27
61.172.5.115 - - [22/Jul/2020:10:14:04 +0800] "GET /xingrg/all/function/internal_message.html?_=1595384045506&CODE_STATE=getMsg HTTP/1.1" 200 27
117.131.5.26 - - [22/Jul/2020:10:14:07 +0800] "GET /xingrg/check_reg.html?_=1595384327530 HTTP/1.1" 302 -
117.131.5.26 - - [22/Jul/2020:10:14:07 +0800] "GET /xingrg/login.html HTTP/1.1" 200 7641
222.69.27.237 - - [22/Jul/2020:10:14:08 +0800] "GET /xingrg/all/function/internal_message.html?_=1595383964309&CODE_STATE=getMsg HTTP/1.1" 200 27
114.89.80.44 - - [22/Jul/2020:10:14:10 +0800] "GET /xingrg/all/function/internal_message.html?_=1595384177843&CODE_STATE=getMsg HTTP/1.1" 200 27
117.184.7.26 - - [22/Jul/2020:10:14:10 +0800] "GET /xingrg/all/function/internal_message.html?_=1595384046044&CODE_STATE=getMsg HTTP/1.1" 200 27
172.17.200.101 - - [22/Jul/2020:10:14:11 +0800] "GET /xingrg/kc/report/report_main.html HTTP/1.1" 200 9350
120.253.135.82 - - [22/Jul/2020:10:14:12 +0800] "GET /xingrg/all/function/internal_message.html?_=1595383805173&CODE_STATE=getMsg HTTP/1.1" 200 27
114.88.161.57 - - [22/Jul/2020:10:14:13 +0800] "GET /xingrg/check_reg.html?_=1595384072869 HTTP/1.1" 200 22
114.88.161.57 - - [22/Jul/2020:10:14:13 +0800] "GET /xingrg/all/function/internal_message.html?_=1595384072872&CODE_STATE=getMsg HTTP/1.1" 200 27
172.17.200.101 - - [22/Jul/2020:10:14:13 +0800] "POST /xingrg/load_menu.html HTTP/1.1" 200 10208
114.86.227.216 - - [22/Jul/2020:10:14:14 +0800] "GET /xingrg/check_reg.html?_=1595384166875 HTTP/1.1" 200 22
114.86.227.216 - - [22/Jul/2020:10:14:14 +0800] "GET /xingrg/all/function/internal_message.html?_=1595384166953&CODE_STATE=getMsg HTTP/1.1" 200 27
117.185.32.26 - - [22/Jul/2020:10:14:14 +0800] "GET /xingrg/all/function/internal_message.html?_=1595384051407&CODE_STATE=getMsg HTTP/1.1" 200 27
172.17.200.101 - - [22/Jul/2020:10:14:15 +0800] "GET /xingrg/all/report/report_query.html?fileName=dma/new_5.0/menu/menu_category_hz.xml HTTP/1.1" 200 52989
172.17.200.101 - - [22/Jul/2020:10:14:15 +0800] "GET /xingrg/dwr/interface/AjaxReportQueryService.js HTTP/1.1" 200 13203
172.17.200.101 - - [22/Jul/2020:10:14:15 +0800] "GET /xingrg/dwr/engine.js HTTP/1.1" 200 43631
172.17.200.101 - - [22/Jul/2020:10:14:15 +0800] "POST /xingrg/dwr/call/plaincall/AjaxReportQueryService.getFixDate.dwr HTTP/1.1" 200 111
172.17.200.101 - - [22/Jul/2020:10:14:16 +0800] "POST /xingrg/all/common/load_tree.html?tree=area_station_tree_json&manage=1 HTTP/1.1" 200 2990
116.231.60.117 - - [22/Jul/2020:10:14:21 +0800] "GET /favicon.ico HTTP/1.1" 404 -
114.89.80.44 - - [22/Jul/2020:10:14:22 +0800] "GET /xingrg/check_reg.html?_=1595384059224 HTTP/1.1" 200 22
114.89.80.44 - - [22/Jul/2020:10:14:22 +0800] "GET /xingrg/all/function/internal_message.html?_=1595384059230&CODE_STATE=getMsg HTTP/1.1" 200 27
61.172.5.115 - - [22/Jul/2020:10:14:23 +0800] "GET /xingrg/kc/buy/cgsh_order_operate.html?command=get_materiel&rest_code=00105&code=00101002034&supplier_code=00100091&order_time=2020-07-22 HTTP/1.1" 200 411
117.131.5.26 - - [22/Jul/2020:10:14:24 +0800] "GET /xingrg/check_reg.html?_=1595384053059 HTTP/1.1" 302 -
172.17.0.101 - - [22/Jul/2020:10:14:27 +0800] "GET /xingrg/all/function/internal_message.html?_=1595384068327&CODE_STATE=getMsg HTTP/1.1" 200 27
114.88.159.128 - - [22/Jul/2020:10:14:28 +0800] "GET /xingrg/all/function/internal_message.html?_=1595384074602&CODE_STATE=getMsg HTTP/1.1" 200 27
120.253.135.82 - - [22/Jul/2020:10:14:28 +0800] "POST /xingrg/kc/pszx/mdps_list_operate.html HTTP/1.1" 200 2063
61.172.5.115 - - [22/Jul/2020:10:14:29 +0800] "GET /xingrg/kc/buy/cgsh_order_operate.html?command=get_materiel&rest_code=00105&code=00101003037&supplier_code=00100091&order_time=2020-07-22 HTTP/1.1" 200 415
120.253.135.82 - - [22/Jul/2020:10:14:30 +0800] "POST /xingrg/kc/pszx/mdps_list_operate.html HTTP/1.1" 200 205
120.253.135.82 - - [22/Jul/2020:10:14:30 +0800] "GET /xingrg/kc/pszx/mdps_order_info.html?code=312020072200552 HTTP/1.1" 200 23849
120.253.135.82 - - [22/Jul/2020:10:14:31 +0800] "POST /xingrg/kc/pszx/mdps_order_operate.html HTTP/1.1" 200 2280
120.253.135.82 - - [22/Jul/2020:10:14:31 +0800] "GET /xingrg/javascript/easyui/themes/default/validatebox.css HTTP/1.1" 404 1104
172.17.200.101 - - [22/Jul/2020:10:14:31 +0800] "GET /xingrg/all/report/report_query.html?fileName=dma/new_5.0/menu/menu_hz.xml HTTP/1.1" 200 53622
172.17.200.101 - - [22/Jul/2020:10:14:31 +0800] "GET /xingrg/dwr/interface/AjaxReportQueryService.js HTTP/1.1" 200 13203
172.17.200.101 - - [22/Jul/2020:10:14:31 +0800] "GET /xingrg/dwr/engine.js HTTP/1.1" 200 43631
172.17.200.101 - - [22/Jul/2020:10:14:32 +0800] "POST /xingrg/dwr/call/plaincall/AjaxReportQueryService.getFixDate.dwr HTTP/1.1" 200 111
172.17.200.101 - - [22/Jul/2020:10:14:32 +0800] "POST /xingrg/all/common/load_tree.html?tree=area_station_tree_json&manage=1 HTTP/1.1" 200 2990
120.253.135.82 - - [22/Jul/2020:10:14:33 +0800] "POST /xingrg/kc/pszx/mdps_order_operate.html HTTP/1.1" 200 12
120.253.135.82 - - [22/Jul/2020:10:14:34 +0800] "POST /xingrg/kc/pszx/mdps_list_operate.html HTTP/1.1" 200 1692
120.253.135.82 - - [22/Jul/2020:10:14:35 +0800] "POST /xingrg/kc/pszx/mdps_list_operate.html HTTP/1.1" 200 205
116.230.146.118 - - [22/Jul/2020:10:14:35 +0800] "GET /xingrg/all/function/internal_message.html?_=1595384070223&CODE_STATE=getMsg HTTP/1.1" 200 27
120.253.135.82 - - [22/Jul/2020:10:14:36 +0800] "GET /xingrg/kc/pszx/mdps_order_info.html?code=312020072200553 HTTP/1.1" 200 23849
120.253.135.82 - - [22/Jul/2020:10:14:36 +0800] "POST /xingrg/kc/pszx/mdps_order_operate.html HTTP/1.1" 200 2289
120.253.135.82 - - [22/Jul/2020:10:14:36 +0800] "GET /xingrg/javascript/easyui/themes/default/validatebox.css HTTP/1.1" 404 1104
120.253.135.82 - - [22/Jul/2020:10:14:38 +0800] "POST /xingrg/kc/pszx/mdps_list_operate.html HTTP/1.1" 200 1692
61.172.5.115 - - [22/Jul/2020:10:14:44 +0800] "POST /xingrg/kc/buy/cgsh_order_operate.html HTTP/1.1" 200 37
101.83.241.65 - - [22/Jul/2020:10:14:45 +0800] "GET /xingrg/all/function/internal_message.html?_=1595384080712&CODE_STATE=getMsg HTTP/1.1" 200 27
172.17.200.101 - - [22/Jul/2020:10:14:45 +0800] "POST /xingrg/dwr/call/plaincall/AjaxReportQueryService.queryInitializeString.dwr HTTP/1.1" 200 923
61.172.5.115 - - [22/Jul/2020:10:14:45 +0800] "POST /xingrg/kc/buy/cgsh_order_operate.html HTTP/1.1" 200 3846
61.172.5.115 - - [22/Jul/2020:10:14:46 +0800] "GET /xingrg/kc/print/load_data.html?order_code=212020072209165&kc_code=cgsh&condition= HTTP/1.1" 200 1190
114.88.161.57 - - [22/Jul/2020:10:14:47 +0800] "GET /xingrg/all/function/internal_message.html?_=1595384085102&CODE_STATE=getMsg HTTP/1.1" 200 27
114.88.159.128 - - [22/Jul/2020:10:14:50 +0800] "GET /xingrg/check_reg.html?_=1595384097022 HTTP/1.1" 200 22
124.77.243.181 - - [22/Jul/2020:10:14:52 +0800] "GET /xingrg/check_reg.html?_=1595384101085 HTTP/1.1" 200 22
172.17.200.101 - - [22/Jul/2020:10:14:52 +0800] "POST /xingrg/dwr/call/plaincall/AjaxReportQueryService.refreshCache.dwr HTTP/1.1" 200 78
124.77.243.181 - - [22/Jul/2020:10:14:52 +0800] "GET /xingrg/all/function/internal_message.html?_=1595384101296&CODE_STATE=getMsg HTTP/1.1" 200 27
172.17.200.101 - - [22/Jul/2020:10:14:52 +0800] "POST /xingrg/all/report/load_report_page.html HTTP/1.1" 200 77643
172.17.200.101 - - [22/Jul/2020:10:14:53 +0800] "GET /xingrg/servlets/image?cache=0.27211507121433387&image=px HTTP/1.1" 200 807
61.172.5.115 - - [22/Jul/2020:10:14:55 +0800] "GET /xingrg/kc/buy/cgsh_order_add.html HTTP/1.1" 200 59316
61.172.5.115 - - [22/Jul/2020:10:14:55 +0800] "GET /xingrg/javascript/easyui/themes/default/validatebox.css HTTP/1.1" 404 1104
61.172.5.115 - - [22/Jul/2020:10:14:55 +0800] "POST /xingrg/kc/buy/cgsh_order_operate.html HTTP/1.1" 200 8245
61.172.5.115 - - [22/Jul/2020:10:14:55 +0800] "GET /xingrg/check_reg.html?_=1595384091669 HTTP/1.1" 200 22
61.172.5.115 - - [22/Jul/2020:10:14:55 +0800] "GET /xingrg/all/function/internal_message.html?_=1595384091671&CODE_STATE=getMsg HTTP/1.1" 200 27
172.17.200.101 - - [22/Jul/2020:10:15:00 +0800] "GET /xingrg/all/function/internal_message.html?_=1595384101129&CODE_STATE=getMsg HTTP/1.1" 200 27
180.175.214.200 - - [22/Jul/2020:10:15:01 +0800] "GET /xingrg/all/function/internal_message.html?_=1595384307825&CODE_STATE=getMsg HTTP/1.1" 200 27
101.83.241.65 - - [22/Jul/2020:10:15:04 +0800] "GET /xingrg/kc/buy/cgsh_order_operate.html?command=get_materiel&rest_code=00149&code=00101009021&supplier_code=00100201&order_time=2020-07-22 HTTP/1.1" 200 416
61.172.5.115 - - [22/Jul/2020:10:15:04 +0800] "GET /xingrg/all/function/internal_message.html?_=1595384105467&CODE_STATE=getMsg HTTP/1.1" 200 27
61.172.5.115 - - [22/Jul/2020:10:15:05 +0800] "GET /xingrg/kc/buy/cgsh_order_operate.html?command=get_materiel&rest_code=00105&code=00101010163&supplier_code=00100323&order_time=2020-07-22 HTTP/1.1" 200 408
222.69.27.237 - - [22/Jul/2020:10:15:08 +0800] "GET /xingrg/all/function/internal_message.html?_=1595384024308&CODE_STATE=getMsg HTTP/1.1" 200 27
172.17.200.101 - - [22/Jul/2020:10:15:10 +0800] "POST /xingrg/dwr/call/plaincall/AjaxReportQueryService.refreshCache.dwr HTTP/1.1" 200 78
172.17.200.101 - - [22/Jul/2020:10:15:10 +0800] "POST /xingrg/all/report/load_report_page.html HTTP/1.1" 200 26805
172.17.200.101 - - [22/Jul/2020:10:15:10 +0800] "GET /xingrg/servlets/image?cache=0.5649982216522522&image=px HTTP/1.1" 200 807
114.89.80.44 - - [22/Jul/2020:10:15:10 +0800] "GET /xingrg/all/function/internal_message.html?_=1595384237857&CODE_STATE=getMsg HTTP/1.1" 200 27
117.184.7.26 - - [22/Jul/2020:10:15:10 +0800] "GET /xingrg/all/function/internal_message.html?_=1595384106045&CODE_STATE=getMsg HTTP/1.1" 200 27
114.86.227.216 - - [22/Jul/2020:10:15:11 +0800] "GET /xingrg/all/function/internal_message.html?_=1595384226953&CODE_STATE=getMsg HTTP/1.1" 200 27
120.253.135.82 - - [22/Jul/2020:10:15:12 +0800] "GET /xingrg/all/function/internal_message.html?_=1595383865219&CODE_STATE=getMsg HTTP/1.1" 200 27
114.88.161.57 - - [22/Jul/2020:10:15:13 +0800] "GET /xingrg/all/function/internal_message.html?_=1595384132857&CODE_STATE=getMsg HTTP/1.1" 200 27
117.185.32.26 - - [22/Jul/2020:10:15:14 +0800] "GET /xingrg/all/function/internal_message.html?_=1595384111395&CODE_STATE=getMsg HTTP/1.1" 200 27
180.175.214.200 - - [22/Jul/2020:10:15:21 +0800] "GET /xingrg/check_reg.html?_=1595384328505 HTTP/1.1" 200 22
114.89.80.44 - - [22/Jul/2020:10:15:22 +0800] "GET /xingrg/all/function/internal_message.html?_=1595384119222&CODE_STATE=getMsg HTTP/1.1" 200 27
172.17.0.101 - - [22/Jul/2020:10:15:27 +0800] "GET /xingrg/all/function/internal_message.html?_=1595384128335&CODE_STATE=getMsg HTTP/1.1" 200 27
114.88.159.128 - - [22/Jul/2020:10:15:28 +0800] "GET /xingrg/all/function/internal_message.html?_=1595384134577&CODE_STATE=getMsg HTTP/1.1" 200 27
116.230.146.118 - - [22/Jul/2020:10:15:35 +0800] "GET /xingrg/all/function/internal_message.html?_=1595384130221&CODE_STATE=getMsg HTTP/1.1" 200 27
172.17.200.101 - - [22/Jul/2020:10:15:45 +0800] "GET /xingrg/all/report/report_query.html?isQuery=1&fileName=dma/new_5.0/menu/menu_day_hz.xml&queryString=(a.sale_day%2520between%252020200501%2520and%252020200531)%2520and%2520(a.sid%2520%253D%25204)%2520and%2520((1%253D1))%2520and%2520(a.category_id%2520in%2520(16))%2520and%2520(a.menu_name%2520like%2520'%2524bf%2524%25E5%25A4%25A9%25E4%25BB%2599%25E9%25B1%25BC%2524bf%2524')%2520and%2520(a.menu_name%253D'%25E5%25A4%25A9%25E4%25BB%2599%25E9%25B1%25BC2%25E6%259D%25A1'%2520and%2520a.menu_unit%253D'%25E5%2585%2583')&queryText=%25E3%2580%2590%25E8%2590%25A5%25E4%25B8%259A%25E6%2597%25A5%25E6%259C%259F%253A2020-05-01%2520%25E8%2587%25B3%25202020-05-31%25E3%2580%2591%2520%25E5%25B9%25B6%25E4%25B8%2594%2520%2520%25E3%2580%2590%25E9%2597%25A8%25E5%25BA%2597%25E5%2590%258D%25E7%25A7%25B0%2520%253D%2520%25E6%2599%25AE%25E9%2599%2580%25E6%25A6%2595%25E6%25B8%25AF1_4%25E3%2580%2591%2520%25E5%25B9%25B6%25E4%25B8%2594%2520%2520%25E3%2580%2590%25E7%25B1%25BB%25E5%259E%258B%25E8%25BF%2587%25E6%25BB%25A4%2520%253D%2520%25E5%258D%2595%25E5%2593%2581%252C%25E5%25A5%2597%25E9%25A4%2590%25E5%2592%258C%25E7%25BB%2584%25E4%25BB%25BD%25E3%2580%2591%2520%25E5%25B9%25B6%25E4%25B8%2594%2520%2520%25E3%2580%2590%25E8%258F%259C%25E5%2593%2581%25E7%25B1%25BB%25E5%2588%25AB%2520%253D%2520%25E6%25B5%25B7%25E6%25B4%25BE%25E9%25A3%258E%25E5%2591%25B3%25E3%2580%2591%2520%25E5%25B9%25B6%25E4%25B8%2594%2520%2520%25E3%2580%2590%25E8%258F%259C%25E5%2593%2581%25E5%2590%258D%25E7%25A7%25B0%2520%25E5%258C%2585%25E5%2590%25AB%2520%25E5%25A4%25A9%25E4%25BB%2599%25E9%25B1%25BC%25E3%2580%2591%2520%25E5%25B9%25B6%25E4%25B8%2594%2520%25E3%2580%2590%25E8%258F%259C%25E5%2593%2581%25E5%2590%258D%25E7%25A7%25B0%2520%253D%2520%25E5%25A4%25A9%25E4%25BB%2599%25E9%25B1%25BC2%25E6%259D%25A1%25E3%2580%2591%2520%25E3%2580%2590%25E5%258D%2595%25E4%25BD%258D%2520%253D%2520%25E5%2585%2583%25E3%2580%2591 HTTP/1.1" 200 52518
101.83.241.65 - - [22/Jul/2020:10:15:45 +0800] "GET /xingrg/all/function/internal_message.html?_=1595384140689&CODE_STATE=getMsg HTTP/1.1" 200 27
172.17.200.101 - - [22/Jul/2020:10:15:45 +0800] "GET /xingrg/dwr/engine.js HTTP/1.1" 200 43631
172.17.200.101 - - [22/Jul/2020:10:15:45 +0800] "GET /favicon.ico HTTP/1.1" 404 -
172.17.200.101 - - [22/Jul/2020:10:15:45 +0800] "POST /xingrg/all/report/load_report_page.html HTTP/1.1" 200 11639
172.17.200.101 - - [22/Jul/2020:10:15:45 +0800] "GET /xingrg/servlets/image?cache=0.06446822623741677&image=px HTTP/1.1" 200 807
114.88.161.57 - - [22/Jul/2020:10:15:47 +0800] "GET /xingrg/all/function/internal_message.html?_=1595384145117&CODE_STATE=getMsg HTTP/1.1" 200 27
101.83.241.65 - - [22/Jul/2020:10:15:47 +0800] "GET /xingrg/kc/buy/cgsh_order_operate.html?command=get_materiel&rest_code=00149&code=00101009109&supplier_code=00100201&order_time=2020-07-22 HTTP/1.1" 200 399
124.77.243.181 - - [22/Jul/2020:10:15:52 +0800] "GET /xingrg/all/function/internal_message.html?_=1595384161310&CODE_STATE=getMsg HTTP/1.1" 200 27
61.172.5.115 - - [22/Jul/2020:10:15:55 +0800] "GET /xingrg/all/function/internal_message.html?_=1595384151670&CODE_STATE=getMsg HTTP/1.1" 200 27
58.40.7.146 - - [22/Jul/2020:10:15:57 +0800] "GET /xingrg/check_reg.html?_=1595384156788 HTTP/1.1" 200 22
172.17.200.101 - - [22/Jul/2020:10:15:57 +0800] "GET /xingrg/all/report/report_query.html?isQuery=1&fileName=dma/new_5.0/menu/menu_day_hz.xml&queryString=(a.sale_day%2520between%252020200501%2520and%252020200531)%2520and%2520(a.sid%2520%253D%25204)%2520and%2520((1%253D1))%2520and%2520(a.category_id%2520in%2520(16))%2520and%2520(a.menu_name%2520like%2520'%2524bf%2524%25E5%25A4%25A9%25E4%25BB%2599%25E9%25B1%25BC%2524bf%2524')%2520and%2520(a.menu_name%253D'%25E5%25A4%25A9%25E4%25BB%2599%25E9%25B1%25BC3%25E6%259D%25A1'%2520and%2520a.menu_unit%253D'%25E5%2585%2583')&queryText=%25E3%2580%2590%25E8%2590%25A5%25E4%25B8%259A%25E6%2597%25A5%25E6%259C%259F%253A2020-05-01%2520%25E8%2587%25B3%25202020-05-31%25E3%2580%2591%2520%25E5%25B9%25B6%25E4%25B8%2594%2520%2520%25E3%2580%2590%25E9%2597%25A8%25E5%25BA%2597%25E5%2590%258D%25E7%25A7%25B0%2520%253D%2520%25E6%2599%25AE%25E9%2599%2580%25E6%25A6%2595%25E6%25B8%25AF1_4%25E3%2580%2591%2520%25E5%25B9%25B6%25E4%25B8%2594%2520%2520%25E3%2580%2590%25E7%25B1%25BB%25E5%259E%258B%25E8%25BF%2587%25E6%25BB%25A4%2520%253D%2520%25E5%258D%2595%25E5%2593%2581%252C%25E5%25A5%2597%25E9%25A4%2590%25E5%2592%258C%25E7%25BB%2584%25E4%25BB%25BD%25E3%2580%2591%2520%25E5%25B9%25B6%25E4%25B8%2594%2520%2520%25E3%2580%2590%25E8%258F%259C%25E5%2593%2581%25E7%25B1%25BB%25E5%2588%25AB%2520%253D%2520%25E6%25B5%25B7%25E6%25B4%25BE%25E9%25A3%258E%25E5%2591%25B3%25E3%2580%2591%2520%25E5%25B9%25B6%25E4%25B8%2594%2520%2520%25E3%2580%2590%25E8%258F%259C%25E5%2593%2581%25E5%2590%258D%25E7%25A7%25B0%2520%25E5%258C%2585%25E5%2590%25AB%2520%25E5%25A4%25A9%25E4%25BB%2599%25E9%25B1%25BC%25E3%2580%2591%2520%25E5%25B9%25B6%25E4%25B8%2594%2520%25E3%2580%2590%25E8%258F%259C%25E5%2593%2581%25E5%2590%258D%25E7%25A7%25B0%2520%253D%2520%25E5%25A4%25A9%25E4%25BB%2599%25E9%25B1%25BC3%25E6%259D%25A1%25E3%2580%2591%2520%25E3%2580%2590%25E5%258D%2595%25E4%25BD%258D%2520%253D%2520%25E5%2585%2583%25E3%2580%2591 HTTP/1.1" 200 52518
172.17.200.101 - - [22/Jul/2020:10:15:57 +0800] "GET /xingrg/dwr/engine.js HTTP/1.1" 200 43631
172.17.200.101 - - [22/Jul/2020:10:15:58 +0800] "GET /favicon.ico HTTP/1.1" 404 -
172.17.200.101 - - [22/Jul/2020:10:15:58 +0800] "POST /xingrg/all/report/load_report_page.html HTTP/1.1" 200 11643
172.17.200.101 - - [22/Jul/2020:10:15:58 +0800] "GET /xingrg/servlets/image?cache=0.16941232278054275&image=px HTTP/1.1" 200 807
172.17.200.101 - - [22/Jul/2020:10:16:00 +0800] "GET /xingrg/all/function/internal_message.html?_=1595384161140&CODE_STATE=getMsg HTTP/1.1" 200 27
180.175.214.200 - - [22/Jul/2020:10:16:01 +0800] "GET /xingrg/all/function/internal_message.html?_=1595384367829&CODE_STATE=getMsg HTTP/1.1" 200 27
101.83.241.65 - - [22/Jul/2020:10:16:02 +0800] "POST /xingrg/kc/buy/cgsh_order_operate.html HTTP/1.1" 200 37
61.172.5.115 - - [22/Jul/2020:10:16:04 +0800] "GET /xingrg/all/function/internal_message.html?_=1595384165434&CODE_STATE=getMsg HTTP/1.1" 200 27
61.172.5.115 - - [22/Jul/2020:10:16:06 +0800] "GET /xingrg/check_reg.html?_=1595384167470 HTTP/1.1" 200 22
61.172.5.115 - - [22/Jul/2020:10:16:07 +0800] "GET /xingrg/kc/buy/cgsh_order_operate.html?command=get_materiel&rest_code=00105&code=00101010046&supplier_code=00100323&order_time=2020-07-22 HTTP/1.1" 200 424
222.69.27.237 - - [22/Jul/2020:10:16:08 +0800] "GET /xingrg/all/function/internal_message.html?_=1595384084308&CODE_STATE=getMsg HTTP/1.1" 200 27
101.83.241.65 - - [22/Jul/2020:10:16:09 +0800] "POST /xingrg/kc/buy/cgsh_order_operate.html HTTP/1.1" 200 12
114.86.227.216 - - [22/Jul/2020:10:16:09 +0800] "GET /xingrg/all/function/internal_message.html?_=1595384286953&CODE_STATE=getMsg HTTP/1.1" 200 27
101.83.241.65 - - [22/Jul/2020:10:16:10 +0800] "GET /xingrg/kc/buy/cgsh_order_info.html?code=212020072209166 HTTP/1.1" 200 54272
101.83.241.65 - - [22/Jul/2020:10:16:10 +0800] "GET /xingrg/javascript/easyui/themes/default/validatebox.css HTTP/1.1" 404 1104
114.89.80.44 - - [22/Jul/2020:10:16:10 +0800] "GET /xingrg/all/function/internal_message.html?_=1595384297870&CODE_STATE=getMsg HTTP/1.1" 200 27
101.83.241.65 - - [22/Jul/2020:10:16:10 +0800] "POST /xingrg/kc/buy/cgsh_order_operate.html HTTP/1.1" 200 4158
117.184.7.26 - - [22/Jul/2020:10:16:10 +0800] "GET /xingrg/all/function/internal_message.html?_=1595384166047&CODE_STATE=getMsg HTTP/1.1" 200 27
101.83.241.65 - - [22/Jul/2020:10:16:11 +0800] "GET /xingrg/kc/print/load_data.html?order_code=212020072209166&kc_code=cgsh&condition= HTTP/1.1" 200 2066
120.253.135.82 - - [22/Jul/2020:10:16:12 +0800] "GET /xingrg/all/function/internal_message.html?_=1595383925231&CODE_STATE=getMsg HTTP/1.1" 200 27
114.88.161.57 - - [22/Jul/2020:10:16:13 +0800] "GET /xingrg/all/function/internal_message.html?_=1595384192858&CODE_STATE=getMsg HTTP/1.1" 200 27
101.83.241.65 - - [22/Jul/2020:10:16:18 +0800] "GET /xingrg/kc/buy/cgsh_order_add.html HTTP/1.1" 200 59369
101.83.241.65 - - [22/Jul/2020:10:16:18 +0800] "POST /xingrg/kc/buy/cgsh_order_operate.html HTTP/1.1" 200 8245
101.83.241.65 - - [22/Jul/2020:10:16:18 +0800] "GET /xingrg/javascript/easyui/themes/default/validatebox.css HTTP/1.1" 404 1104
114.89.80.44 - - [22/Jul/2020:10:16:22 +0800] "GET /xingrg/all/function/internal_message.html?_=1595384179230&CODE_STATE=getMsg HTTP/1.1" 200 27
172.17.0.101 - - [22/Jul/2020:10:16:27 +0800] "GET /xingrg/check_reg.html?_=1595384188329 HTTP/1.1" 200 22
172.17.0.101 - - [22/Jul/2020:10:16:27 +0800] "GET /xingrg/all/function/internal_message.html?_=1595384188331&CODE_STATE=getMsg HTTP/1.1" 200 27
114.88.159.128 - - [22/Jul/2020:10:16:28 +0800] "GET /xingrg/all/function/internal_message.html?_=1595384194556&CODE_STATE=getMsg HTTP/1.1" 200 27
114.86.227.215 - - [22/Jul/2020:10:16:33 +0800] "POST /xingrg/services/DataTransmitService HTTP/1.1" 200 524
116.230.146.118 - - [22/Jul/2020:10:16:35 +0800] "GET /xingrg/all/function/internal_message.html?_=1595384190216&CODE_STATE=getMsg HTTP/1.1" 200 27
61.172.5.115 - - [22/Jul/2020:10:16:38 +0800] "GET /xingrg/kc/buy/cgsh_order_operate.html?command=get_materiel&rest_code=00105&code=00101004003&supplier_code=00100323&order_time=2020-07-22 HTTP/1.1" 200 410
172.17.0.123 - - [22/Jul/2020:10:16:40 +0800] "GET /xingrg/check_reg.html?_=1595384139495 HTTP/1.1" 200 22
101.85.53.146 - - [22/Jul/2020:10:16:41 +0800] "GET /xingrg/check_reg.html?_=1595383555879 HTTP/1.1" 200 22
101.83.241.65 - - [22/Jul/2020:10:16:45 +0800] "GET /xingrg/all/function/internal_message.html?_=1595384200663&CODE_STATE=getMsg HTTP/1.1" 200 27
114.88.161.57 - - [22/Jul/2020:10:16:47 +0800] "GET /xingrg/all/function/internal_message.html?_=1595384205132&CODE_STATE=getMsg HTTP/1.1" 200 27
124.77.243.181 - - [22/Jul/2020:10:16:52 +0800] "GET /xingrg/all/function/internal_message.html?_=1595384221324&CODE_STATE=getMsg HTTP/1.1" 200 27
61.172.5.115 - - [22/Jul/2020:10:16:55 +0800] "GET /xingrg/all/function/internal_message.html?_=1595384211670&CODE_STATE=getMsg HTTP/1.1" 200 27
61.172.5.115 - - [22/Jul/2020:10:16:56 +0800] "GET /xingrg/kc/buy/cgsh_order_operate.html?command=get_materiel&rest_code=00105&code=00101013176&supplier_code=00100323&order_time=2020-07-22 HTTP/1.1" 200 420
172.17.200.101 - - [22/Jul/2020:10:17:00 +0800] "GET /xingrg/all/function/internal_message.html?_=1595384221134&CODE_STATE=getMsg HTTP/1.1" 200 27
180.175.214.200 - - [22/Jul/2020:10:17:01 +0800] "GET /xingrg/all/function/internal_message.html?_=1595384427842&CODE_STATE=getMsg HTTP/1.1" 200 27
61.172.5.115 - - [22/Jul/2020:10:17:04 +0800] "GET /xingrg/all/function/internal_message.html?_=1595384225413&CODE_STATE=getMsg HTTP/1.1" 200 27
114.86.227.216 - - [22/Jul/2020:10:17:07 +0800] "GET /xingrg/all/function/internal_message.html?_=1595384346953&CODE_STATE=getMsg HTTP/1.1" 200 27
61.172.5.115 - - [22/Jul/2020:10:17:07 +0800] "POST /xingrg/kc/buy/cgsh_order_operate.html HTTP/1.1" 200 37
222.69.27.237 - - [22/Jul/2020:10:17:08 +0800] "GET /xingrg/all/function/internal_message.html?_=1595384144309&CODE_STATE=getMsg HTTP/1.1" 200 27
61.172.5.115 - - [22/Jul/2020:10:17:09 +0800] "POST /xingrg/kc/buy/cgsh_order_operate.html HTTP/1.1" 200 3252
61.172.5.115 - - [22/Jul/2020:10:17:10 +0800] "GET /xingrg/kc/print/load_data.html?order_code=212020072209167&kc_code=cgsh&condition= HTTP/1.1" 200 903
114.89.80.44 - - [22/Jul/2020:10:17:10 +0800] "GET /xingrg/all/function/internal_message.html?_=1595384357883&CODE_STATE=getMsg HTTP/1.1" 200 27
117.184.7.26 - - [22/Jul/2020:10:17:10 +0800] "GET /xingrg/all/function/internal_message.html?_=1595384226047&CODE_STATE=getMsg HTTP/1.1" 200 27
120.253.135.82 - - [22/Jul/2020:10:17:11 +0800] "GET /xingrg/check_reg.html?_=1595383984840 HTTP/1.1" 200 22
120.253.135.82 - - [22/Jul/2020:10:17:12 +0800] "GET /xingrg/all/function/internal_message.html?_=1595383985244&CODE_STATE=getMsg HTTP/1.1" 200 27
114.88.161.57 - - [22/Jul/2020:10:17:13 +0800] "GET /xingrg/all/function/internal_message.html?_=1595384252864&CODE_STATE=getMsg HTTP/1.1" 200 27
114.89.80.44 - - [22/Jul/2020:10:17:22 +0800] "GET /xingrg/all/function/internal_message.html?_=1595384239224&CODE_STATE=getMsg HTTP/1.1" 200 27
61.172.5.115 - - [22/Jul/2020:10:17:22 +0800] "GET /xingrg/kc/buy/cgsh_order_add.html HTTP/1.1" 200 59316
61.172.5.115 - - [22/Jul/2020:10:17:22 +0800] "GET /xingrg/javascript/easyui/themes/default/validatebox.css HTTP/1.1" 404 1104
61.172.5.115 - - [22/Jul/2020:10:17:23 +0800] "POST /xingrg/kc/buy/cgsh_order_operate.html HTTP/1.1" 200 8245
172.17.0.101 - - [22/Jul/2020:10:17:27 +0800] "GET /xingrg/all/function/internal_message.html?_=1595384248350&CODE_STATE=getMsg HTTP/1.1" 200 27
114.88.159.128 - - [22/Jul/2020:10:17:28 +0800] "GET /xingrg/all/function/internal_message.html?_=1595384254532&CODE_STATE=getMsg HTTP/1.1" 200 27
61.172.5.115 - - [22/Jul/2020:10:17:31 +0800] "GET /xingrg/kc/buy/cgsh_order_operate.html?command=get_materiel&rest_code=00105&code=00101007085&supplier_code=00100328&order_time=2020-07-22 HTTP/1.1" 200 413
116.230.146.118 - - [22/Jul/2020:10:17:35 +0800] "GET /xingrg/all/function/internal_message.html?_=1595384250227&CODE_STATE=getMsg HTTP/1.1" 200 27
101.83.241.65 - - [22/Jul/2020:10:17:45 +0800] "GET /xingrg/all/function/internal_message.html?_=1595384260641&CODE_STATE=getMsg HTTP/1.1" 200 27
114.88.161.57 - - [22/Jul/2020:10:17:47 +0800] "GET /xingrg/all/function/internal_message.html?_=1595384265144&CODE_STATE=getMsg HTTP/1.1" 200 27
124.77.243.181 - - [22/Jul/2020:10:17:52 +0800] "GET /xingrg/all/function/internal_message.html?_=1595384281681&CODE_STATE=getMsg HTTP/1.1" 200 27
61.172.5.115 - - [22/Jul/2020:10:17:55 +0800] "GET /xingrg/all/function/internal_message.html?_=1595384271673&CODE_STATE=getMsg HTTP/1.1" 200 27
172.17.200.101 - - [22/Jul/2020:10:18:00 +0800] "GET /xingrg/all/function/internal_message.html?_=1595384281145&CODE_STATE=getMsg HTTP/1.1" 200 27
180.175.214.200 - - [22/Jul/2020:10:18:01 +0800] "GET /xingrg/all/function/internal_message.html?_=1595384488564&CODE_STATE=getMsg HTTP/1.1" 200 27
61.172.5.115 - - [22/Jul/2020:10:18:04 +0800] "GET /xingrg/all/function/internal_message.html?_=1595384285401&CODE_STATE=getMsg HTTP/1.1" 200 27
114.86.227.216 - - [22/Jul/2020:10:18:04 +0800] "GET /xingrg/all/function/internal_message.html?_=1595384406953&CODE_STATE=getMsg HTTP/1.1" 200 27
222.69.27.237 - - [22/Jul/2020:10:18:08 +0800] "GET /xingrg/check_reg.html?_=1595384204309 HTTP/1.1" 200 22
222.69.27.237 - - [22/Jul/2020:10:18:08 +0800] "GET /xingrg/all/function/internal_message.html?_=1595384204312&CODE_STATE=getMsg HTTP/1.1" 200 27
114.89.80.44 - - [22/Jul/2020:10:18:10 +0800] "GET /xingrg/check_reg.html?_=1595384417837 HTTP/1.1" 200 22
114.89.80.44 - - [22/Jul/2020:10:18:10 +0800] "GET /xingrg/all/function/internal_message.html?_=1595384417897&CODE_STATE=getMsg HTTP/1.1" 200 27
117.184.7.26 - - [22/Jul/2020:10:18:10 +0800] "GET /xingrg/check_reg.html?_=1595384286048 HTTP/1.1" 200 22
117.184.7.26 - - [22/Jul/2020:10:18:10 +0800] "GET /xingrg/all/function/internal_message.html?_=1595384286050&CODE_STATE=getMsg HTTP/1.1" 200 27
120.253.135.82 - - [22/Jul/2020:10:18:12 +0800] "GET /xingrg/all/function/internal_message.html?_=1595384045258&CODE_STATE=getMsg HTTP/1.1" 200 27
114.88.161.57 - - [22/Jul/2020:10:18:13 +0800] "GET /xingrg/all/function/internal_message.html?_=1595384312867&CODE_STATE=getMsg HTTP/1.1" 200 27
116.230.146.118 - - [22/Jul/2020:10:18:18 +0800] "POST /xingrg/services/DataTransmitService HTTP/1.1" 200 524
116.230.146.118 - - [22/Jul/2020:10:18:19 +0800] "POST /xingrg/services/DataTransmitService HTTP/1.1" 200 2007
116.230.146.118 - - [22/Jul/2020:10:18:19 +0800] "POST /xingrg/services/DataTransmitService HTTP/1.1" 200 155898
114.89.80.44 - - [22/Jul/2020:10:18:22 +0800] "GET /xingrg/all/function/internal_message.html?_=1595384299222&CODE_STATE=getMsg HTTP/1.1" 200 27
172.17.0.101 - - [22/Jul/2020:10:18:27 +0800] "GET /xingrg/all/function/internal_message.html?_=1595384308358&CODE_STATE=getMsg HTTP/1.1" 200 27
114.88.159.128 - - [22/Jul/2020:10:18:28 +0800] "GET /xingrg/all/function/internal_message.html?_=1595384314506&CODE_STATE=getMsg HTTP/1.1" 200 27
116.230.146.118 - - [22/Jul/2020:10:18:35 +0800] "GET /xingrg/all/function/internal_message.html?_=1595384310225&CODE_STATE=getMsg HTTP/1.1" 200 27
116.230.146.118 - - [22/Jul/2020:10:18:35 +0800] "GET /xingrg/check_reg.html?_=1595384310227 HTTP/1.1" 200 22
58.40.7.146 - - [22/Jul/2020:10:18:39 +0800] "GET /xingrg/check_reg.html?_=1595384319022 HTTP/1.1" 200 22
101.83.241.65 - - [22/Jul/2020:10:18:45 +0800] "GET /xingrg/all/function/internal_message.html?_=1595384320624&CODE_STATE=getMsg HTTP/1.1" 200 27
101.83.241.65 - - [22/Jul/2020:10:18:46 +0800] "GET /xingrg/check_reg.html?_=1595384322000 HTTP/1.1" 200 22
114.88.161.57 - - [22/Jul/2020:10:18:46 +0800] "GET /xingrg/check_reg.html?_=1595384324224 HTTP/1.1" 200 22
114.88.161.57 - - [22/Jul/2020:10:18:47 +0800] "GET /xingrg/all/function/internal_message.html?_=1595384325156&CODE_STATE=getMsg HTTP/1.1" 200 27
61.172.5.115 - - [22/Jul/2020:10:18:51 +0800] "GET /xingrg/kc/buy/cgsh_order_operate.html?command=get_materiel&rest_code=00105&code=00101007032&supplier_code=00100328&order_time=2020-07-22 HTTP/1.1" 200 413
124.77.243.181 - - [22/Jul/2020:10:18:52 +0800] "GET /xingrg/all/function/internal_message.html?_=1595384341695&CODE_STATE=getMsg HTTP/1.1" 200 27
61.172.5.115 - - [22/Jul/2020:10:18:55 +0800] "GET /xingrg/all/function/internal_message.html?_=1595384331659&CODE_STATE=getMsg HTTP/1.1" 200 27
172.17.200.101 - - [22/Jul/2020:10:19:00 +0800] "GET /xingrg/check_reg.html?_=1595384341140 HTTP/1.1" 200 22
172.17.200.101 - - [22/Jul/2020:10:19:00 +0800] "GET /xingrg/all/function/internal_message.html?_=1595384341143&CODE_STATE=getMsg HTTP/1.1" 200 27
180.175.214.200 - - [22/Jul/2020:10:19:01 +0800] "GET /xingrg/all/function/internal_message.html?_=1595384548571&CODE_STATE=getMsg HTTP/1.1" 200 27
114.86.227.216 - - [22/Jul/2020:10:19:01 +0800] "GET /xingrg/check_reg.html?_=1595384466875 HTTP/1.1" 200 22
114.86.227.216 - - [22/Jul/2020:10:19:02 +0800] "GET /xingrg/all/function/internal_message.html?_=1595384466953&CODE_STATE=getMsg HTTP/1.1" 200 27
61.172.5.115 - - [22/Jul/2020:10:19:04 +0800] "GET /xingrg/all/function/internal_message.html?_=1595384345375&CODE_STATE=getMsg HTTP/1.1" 200 27
117.131.5.26 - - [22/Jul/2020:10:19:07 +0800] "GET /xingrg/check_reg.html?_=1595384627536 HTTP/1.1" 302 -
117.131.5.26 - - [22/Jul/2020:10:19:07 +0800] "GET /xingrg/login.html HTTP/1.1" 200 7641
222.69.27.237 - - [22/Jul/2020:10:19:08 +0800] "GET /xingrg/all/function/internal_message.html?_=1595384264311&CODE_STATE=getMsg HTTP/1.1" 200 27
61.172.5.115 - - [22/Jul/2020:10:19:10 +0800] "POST /xingrg/kc/buy/cgsh_order_operate.html HTTP/1.1" 200 37
114.89.80.44 - - [22/Jul/2020:10:19:10 +0800] "GET /xingrg/all/function/internal_message.html?_=1595384477911&CODE_STATE=getMsg HTTP/1.1" 200 27
117.184.7.26 - - [22/Jul/2020:10:19:10 +0800] "GET /xingrg/all/function/internal_message.html?_=1595384346035&CODE_STATE=getMsg HTTP/1.1" 200 27
61.172.5.115 - - [22/Jul/2020:10:19:11 +0800] "POST /xingrg/kc/buy/cgsh_order_operate.html HTTP/1.1" 200 2657
61.172.5.115 - - [22/Jul/2020:10:19:12 +0800] "GET /xingrg/kc/print/load_data.html?order_code=212020072209168&kc_code=cgsh&condition= HTTP/1.1" 200 676
120.253.135.82 - - [22/Jul/2020:10:19:12 +0800] "GET /xingrg/all/function/internal_message.html?_=1595384105272&CODE_STATE=getMsg HTTP/1.1" 200 27
114.88.161.57 - - [22/Jul/2020:10:19:13 +0800] "GET /xingrg/all/function/internal_message.html?_=1595384372867&CODE_STATE=getMsg HTTP/1.1" 200 27
114.88.161.57 - - [22/Jul/2020:10:19:13 +0800] "GET /xingrg/check_reg.html?_=1595384372869 HTTP/1.1" 200 22
116.230.146.118 - - [22/Jul/2020:10:19:13 +0800] "POST /xingrg/services/DataTransmitService HTTP/1.1" 200 524
116.230.146.118 - - [22/Jul/2020:10:19:17 +0800] "POST /xingrg/services/DataTransmitService HTTP/1.1" 200 501
61.172.5.115 - - [22/Jul/2020:10:19:20 +0800] "GET /xingrg/kc/buy/cgsh_order_add.html HTTP/1.1" 200 59316
61.172.5.115 - - [22/Jul/2020:10:19:21 +0800] "GET /xingrg/javascript/easyui/themes/default/validatebox.css HTTP/1.1" 404 1104
61.172.5.115 - - [22/Jul/2020:10:19:21 +0800] "POST /xingrg/kc/buy/cgsh_order_operate.html HTTP/1.1" 200 8245
114.89.80.44 - - [22/Jul/2020:10:19:22 +0800] "GET /xingrg/all/function/internal_message.html?_=1595384359245&CODE_STATE=getMsg HTTP/1.1" 200 27
114.89.80.44 - - [22/Jul/2020:10:19:22 +0800] "GET /xingrg/check_reg.html?_=1595384359249 HTTP/1.1" 200 22
117.131.5.26 - - [22/Jul/2020:10:19:24 +0800] "GET /xingrg/check_reg.html?_=1595384353074 HTTP/1.1" 302 -
172.17.0.101 - - [22/Jul/2020:10:19:27 +0800] "GET /xingrg/all/function/internal_message.html?_=1595384368351&CODE_STATE=getMsg HTTP/1.1" 200 27
114.88.159.128 - - [22/Jul/2020:10:19:28 +0800] "GET /xingrg/all/function/internal_message.html?_=1595384374475&CODE_STATE=getMsg HTTP/1.1" 200 27
61.172.5.115 - - [22/Jul/2020:10:19:30 +0800] "GET /xingrg/kc/buy/cgsh_order_operate.html?command=get_materiel&rest_code=00105&code=00101012060&supplier_code=00100338&order_time=2020-07-22 HTTP/1.1" 200 408
116.230.146.118 - - [22/Jul/2020:10:19:35 +0800] "GET /xingrg/all/function/internal_message.html?_=1595384370227&CODE_STATE=getMsg HTTP/1.1" 200 27
101.83.241.65 - - [22/Jul/2020:10:19:45 +0800] "GET /xingrg/all/function/internal_message.html?_=1595384380601&CODE_STATE=getMsg HTTP/1.1" 200 27
114.88.161.57 - - [22/Jul/2020:10:19:47 +0800] "GET /xingrg/all/function/internal_message.html?_=1595384385170&CODE_STATE=getMsg HTTP/1.1" 200 27
114.88.159.128 - - [22/Jul/2020:10:19:50 +0800] "GET /xingrg/check_reg.html?_=1595384397019 HTTP/1.1" 200 22
124.77.243.181 - - [22/Jul/2020:10:19:52 +0800] "GET /xingrg/check_reg.html?_=1595384401445 HTTP/1.1" 200 22
124.77.243.181 - - [22/Jul/2020:10:19:52 +0800] "GET /xingrg/all/function/internal_message.html?_=1595384401707&CODE_STATE=getMsg HTTP/1.1" 200 27
61.172.5.115 - - [22/Jul/2020:10:19:55 +0800] "GET /xingrg/all/function/internal_message.html?_=1595384391674&CODE_STATE=getMsg HTTP/1.1" 200 27
61.172.5.115 - - [22/Jul/2020:10:19:55 +0800] "GET /xingrg/check_reg.html?_=1595384391675 HTTP/1.1" 200 22
114.86.227.216 - - [22/Jul/2020:10:19:59 +0800] "GET /xingrg/all/function/internal_message.html?_=1595384526953&CODE_STATE=getMsg HTTP/1.1" 200 27
172.17.200.101 - - [22/Jul/2020:10:20:00 +0800] "GET /xingrg/all/function/internal_message.html?_=1595384401139&CODE_STATE=getMsg HTTP/1.1" 200 27
180.175.214.200 - - [22/Jul/2020:10:20:02 +0800] "GET /xingrg/all/function/internal_message.html?_=1595384609269&CODE_STATE=getMsg HTTP/1.1" 200 27
61.172.5.115 - - [22/Jul/2020:10:20:04 +0800] "GET /xingrg/all/function/internal_message.html?_=1595384405348&CODE_STATE=getMsg HTTP/1.1" 200 27
222.69.27.237 - - [22/Jul/2020:10:20:08 +0800] "GET /xingrg/all/function/internal_message.html?_=1595384324311&CODE_STATE=getMsg HTTP/1.1" 200 27
114.89.80.44 - - [22/Jul/2020:10:20:10 +0800] "GET /xingrg/all/function/internal_message.html?_=1595384537924&CODE_STATE=getMsg HTTP/1.1" 200 27
117.184.7.26 - - [22/Jul/2020:10:20:10 +0800] "GET /xingrg/all/function/internal_message.html?_=1595384406042&CODE_STATE=getMsg HTTP/1.1" 200 27
120.253.135.82 - - [22/Jul/2020:10:20:12 +0800] "GET /xingrg/all/function/internal_message.html?_=1595384165313&CODE_STATE=getMsg HTTP/1.1" 200 27
114.88.161.57 - - [22/Jul/2020:10:20:13 +0800] "GET /xingrg/all/function/internal_message.html?_=1595384432869&CODE_STATE=getMsg HTTP/1.1" 200 27
101.93.221.5 - - [22/Jul/2020:10:20:15 +0800] "POST /xingrg/services/DataTransmitService HTTP/1.1" 200 524
61.172.5.115 - - [22/Jul/2020:10:20:16 +0800] "GET /xingrg/kc/buy/cgsh_order_operate.html?command=get_materiel&rest_code=00105&code=00101019125&supplier_code=00100338&order_time=2020-07-22 HTTP/1.1" 200 443
61.172.5.115 - - [22/Jul/2020:10:20:18 +0800] "POST /xingrg/all/common/load_select.html HTTP/1.1" 200 25
61.172.5.115 - - [22/Jul/2020:10:20:21 +0800] "GET /xingrg/kc/buy/cgsh_order_operate.html?command=get_materiel_price&rest_code=00105&code=00101019125&unit_code=00100129&supplier_code=00100338&order_time=2020-07-22 HTTP/1.1" 200 28
180.175.214.200 - - [22/Jul/2020:10:20:21 +0800] "GET /xingrg/check_reg.html?_=1595384628512 HTTP/1.1" 200 22
114.89.80.44 - - [22/Jul/2020:10:20:22 +0800] "GET /xingrg/all/function/internal_message.html?_=1595384419241&CODE_STATE=getMsg HTTP/1.1" 200 27
172.17.0.101 - - [22/Jul/2020:10:20:27 +0800] "GET /xingrg/all/function/internal_message.html?_=1595384428359&CODE_STATE=getMsg HTTP/1.1" 200 27
114.88.159.128 - - [22/Jul/2020:10:20:28 +0800] "GET /xingrg/all/function/internal_message.html?_=1595384434474&CODE_STATE=getMsg HTTP/1.1" 200 27
116.230.146.118 - - [22/Jul/2020:10:20:35 +0800] "GET /xingrg/all/function/internal_message.html?_=1595384430227&CODE_STATE=getMsg HTTP/1.1" 200 27
116.230.146.118 - - [22/Jul/2020:10:20:36 +0800] "GET /xingrg/index.html?sysBaseUrl=http%3A%2F%2F180.169.147.146%3A18081%2Fxingrg%2F&costTime=34×tamp=1585362191572 HTTP/1.1" 302 -
116.230.146.118 - - [22/Jul/2020:10:20:36 +0800] "GET /xingrg/login.html HTTP/1.1" 200 7641
116.230.146.118 - - [22/Jul/2020:10:20:36 +0800] "GET /favicon.ico HTTP/1.1" 404 -
116.230.146.118 - - [22/Jul/2020:10:20:37 +0800] "POST /xingrg/login.do HTTP/1.1" 302 -
116.230.146.118 - - [22/Jul/2020:10:20:37 +0800] "GET /xingrg/index.html?sysBaseUrl=http%3A%2F%2F180.169.147.146%3A18081%2Fxingrg%2F&costTime=39×tamp=1595384437865 HTTP/1.1" 200 17419
116.230.146.118 - - [22/Jul/2020:10:20:38 +0800] "GET /favicon.ico HTTP/1.1" 404 -
116.230.146.118 - - [22/Jul/2020:10:20:38 +0800] "POST /xingrg/all/common/load_tree.html?tree=area_rest_tree_json&manage=1 HTTP/1.1" 200 351
116.230.146.118 - - [22/Jul/2020:10:20:38 +0800] "GET /xingrg/all/function/internal_message.html?_=1595384438797&CODE_STATE=count HTTP/1.1" 200 11
116.230.146.118 - - [22/Jul/2020:10:20:38 +0800] "GET /xingrg/check_reg.html?_=1595384438798 HTTP/1.1" 200 22
116.230.146.118 - - [22/Jul/2020:10:20:38 +0800] "POST /xingrg/load_menu.html HTTP/1.1" 200 9959
101.83.241.65 - - [22/Jul/2020:10:20:45 +0800] "GET /xingrg/all/function/internal_message.html?_=1595384440583&CODE_STATE=getMsg HTTP/1.1" 200 27
114.88.161.57 - - [22/Jul/2020:10:20:47 +0800] "GET /xingrg/all/function/internal_message.html?_=1595384445184&CODE_STATE=getMsg HTTP/1.1" 200 27
101.83.241.65 - - [22/Jul/2020:10:20:47 +0800] "GET /xingrg/kc/buy/cgsh_order_operate.html?command=get_materiel&rest_code=00149&code=00102011204&supplier_code=00100039&order_time=2020-07-22 HTTP/1.1" 200 395
124.77.243.181 - - [22/Jul/2020:10:20:53 +0800] "GET /xingrg/all/function/internal_message.html?_=1595384461722&CODE_STATE=getMsg HTTP/1.1" 200 27
101.83.241.65 - - [22/Jul/2020:10:20:53 +0800] "GET /xingrg/kc/buy/cgsh_order_operate.html?command=get_materiel&rest_code=00149&code=00101002027&supplier_code=00100039&order_time=2020-07-22 HTTP/1.1" 200 413
61.172.5.115 - - [22/Jul/2020:10:20:55 +0800] "GET /xingrg/all/function/internal_message.html?_=1595384451699&CODE_STATE=getMsg HTTP/1.1" 200 27
117.185.32.26 - - [22/Jul/2020:10:20:56 +0800] "POST /xingrg/services/DataTransmitService HTTP/1.1" 200 524
117.185.32.26 - - [22/Jul/2020:10:20:56 +0800] "POST /xingrg/services/DataTransmitService HTTP/1.1" 200 2339
117.185.32.26 - - [22/Jul/2020:10:20:56 +0800] "POST /xingrg/services/DataTransmitService HTTP/1.1" 200 2327
117.185.32.26 - - [22/Jul/2020:10:20:56 +0800] "POST /xingrg/services/DataTransmitService HTTP/1.1" 200 1459
114.86.227.216 - - [22/Jul/2020:10:20:56 +0800] "GET /xingrg/all/function/internal_message.html?_=1595384586953&CODE_STATE=getMsg HTTP/1.1" 200 27
117.185.32.26 - - [22/Jul/2020:10:20:57 +0800] "POST /xingrg/services/DataTransmitService HTTP/1.1" 200 158779
58.40.7.146 - - [22/Jul/2020:10:20:57 +0800] "GET /xingrg/check_reg.html?_=1595384456765 HTTP/1.1" 200 22
172.17.200.101 - - [22/Jul/2020:10:21:00 +0800] "GET /xingrg/all/function/internal_message.html?_=1595384461132&CODE_STATE=getMsg HTTP/1.1" 200 27
61.172.5.115 - - [22/Jul/2020:10:21:00 +0800] "POST /xingrg/kc/buy/cgsh_order_operate.html HTTP/1.1" 200 37
61.172.5.115 - - [22/Jul/2020:10:21:01 +0800] "POST /xingrg/kc/buy/cgsh_order_operate.html HTTP/1.1" 200 3271
180.175.214.200 - - [22/Jul/2020:10:21:02 +0800] "GET /xingrg/all/function/internal_message.html?_=1595384669285&CODE_STATE=getMsg HTTP/1.1" 200 27
61.172.5.115 - - [22/Jul/2020:10:21:02 +0800] "GET /xingrg/kc/print/load_data.html?order_code=212020072209169&kc_code=cgsh&condition= HTTP/1.1" 200 916
61.172.5.115 - - [22/Jul/2020:10:21:04 +0800] "GET /xingrg/all/function/internal_message.html?_=1595384465325&CODE_STATE=getMsg HTTP/1.1" 200 27
61.172.5.115 - - [22/Jul/2020:10:21:06 +0800] "GET /xingrg/check_reg.html?_=1595384467451 HTTP/1.1" 200 22
101.83.241.65 - - [22/Jul/2020:10:21:08 +0800] "GET /xingrg/kc/buy/cgsh_order_operate.html?command=get_materiel&rest_code=00149&code=00101002010&supplier_code=00100039&order_time=2020-07-22 HTTP/1.1" 200 413
222.69.27.237 - - [22/Jul/2020:10:21:08 +0800] "GET /xingrg/all/function/internal_message.html?_=1595384384311&CODE_STATE=getMsg HTTP/1.1" 200 27
114.89.80.44 - - [22/Jul/2020:10:21:10 +0800] "GET /xingrg/all/function/internal_message.html?_=1595384597939&CODE_STATE=getMsg HTTP/1.1" 200 27
61.172.5.115 - - [22/Jul/2020:10:21:10 +0800] "GET /xingrg/kc/buy/cgsh_order_add.html HTTP/1.1" 200 59316
117.184.7.26 - - [22/Jul/2020:10:21:10 +0800] "GET /xingrg/all/function/internal_message.html?_=1595384466041&CODE_STATE=getMsg HTTP/1.1" 200 27
61.172.5.115 - - [22/Jul/2020:10:21:11 +0800] "POST /xingrg/kc/buy/cgsh_order_operate.html HTTP/1.1" 200 8245
61.172.5.115 - - [22/Jul/2020:10:21:11 +0800] "GET /xingrg/javascript/easyui/themes/default/validatebox.css HTTP/1.1" 404 1104
120.253.135.82 - - [22/Jul/2020:10:21:12 +0800] "GET /xingrg/all/function/internal_message.html?_=1595384225315&CODE_STATE=getMsg HTTP/1.1" 200 27
114.88.161.57 - - [22/Jul/2020:10:21:13 +0800] "GET /xingrg/all/function/internal_message.html?_=1595384492855&CODE_STATE=getMsg HTTP/1.1" 200 27
61.129.7.236 - - [22/Jul/2020:10:21:15 +0800] "GET /xingrg/all/function/internal_message.html?_=1595383774668&CODE_STATE=getMsg HTTP/1.1" 302 -
61.172.5.115 - - [22/Jul/2020:10:21:19 +0800] "GET /xingrg/kc/buy/cgsh_order_operate.html?command=get_materiel&rest_code=00105&code=00101008061&supplier_code=00100339&order_time=2020-07-22 HTTP/1.1" 200 422
114.89.80.44 - - [22/Jul/2020:10:21:22 +0800] "GET /xingrg/all/function/internal_message.html?_=1595384479248&CODE_STATE=getMsg HTTP/1.1" 200 27
61.129.7.236 - - [22/Jul/2020:10:21:23 +0800] "GET /xingrg/login.html HTTP/1.1" 200 7641
116.230.146.118 - - [22/Jul/2020:10:21:24 +0800] "POST /xingrg/load_menu.html HTTP/1.1" 200 9242
116.230.146.118 - - [22/Jul/2020:10:21:25 +0800] "GET /xingrg/all/report/report_query.html?fileName=dma/new_5.0/yingye/order_list.xml HTTP/1.1" 200 55281
116.230.146.118 - - [22/Jul/2020:10:21:25 +0800] "GET /xingrg/dwr/interface/AjaxReportQueryService.js HTTP/1.1" 200 13203
116.230.146.118 - - [22/Jul/2020:10:21:25 +0800] "GET /xingrg/dwr/engine.js HTTP/1.1" 200 43631
116.230.146.118 - - [22/Jul/2020:10:21:25 +0800] "GET /xingrg/dwr/util.js HTTP/1.1" 200 35990
116.230.146.118 - - [22/Jul/2020:10:21:26 +0800] "POST /xingrg/dwr/call/plaincall/AjaxReportQueryService.getFixDate.dwr HTTP/1.1" 200 111
116.230.146.118 - - [22/Jul/2020:10:21:26 +0800] "POST /xingrg/all/common/load_tree.html?tree=area_station_tree_json&manage=1 HTTP/1.1" 200 345
116.230.146.118 - - [22/Jul/2020:10:21:26 +0800] "POST /xingrg/dwr/call/plaincall/AjaxReportQueryService.getInitString.dwr HTTP/1.1" 200 76
172.17.0.101 - - [22/Jul/2020:10:21:27 +0800] "GET /xingrg/check_reg.html?_=1595384488352 HTTP/1.1" 200 22
172.17.0.101 - - [22/Jul/2020:10:21:27 +0800] "GET /xingrg/all/function/internal_message.html?_=1595384488354&CODE_STATE=getMsg HTTP/1.1" 200 27
114.88.159.128 - - [22/Jul/2020:10:21:28 +0800] "GET /xingrg/all/function/internal_message.html?_=1595384494441&CODE_STATE=getMsg HTTP/1.1" 200 27
101.83.241.65 - - [22/Jul/2020:10:21:31 +0800] "GET /xingrg/kc/buy/cgsh_order_operate.html?command=get_materiel&rest_code=00149&code=00101001052&supplier_code=00100039&order_time=2020-07-22 HTTP/1.1" 200 409
116.230.146.118 - - [22/Jul/2020:10:21:33 +0800] "POST /xingrg/dwr/call/plaincall/AjaxReportQueryService.refreshCache.dwr HTTP/1.1" 200 78
116.230.146.118 - - [22/Jul/2020:10:21:33 +0800] "POST /xingrg/all/report/load_report_page.html HTTP/1.1" 200 208042
116.230.146.118 - - [22/Jul/2020:10:21:34 +0800] "GET /xingrg/servlets/image?cache=0.36210988769673824&image=px HTTP/1.1" 200 807
116.230.146.118 - - [22/Jul/2020:10:21:35 +0800] "GET /xingrg/all/function/internal_message.html?_=1595384490227&CODE_STATE=getMsg HTTP/1.1" 200 27
114.86.227.216 - - [22/Jul/2020:10:21:37 +0800] "GET /xingrg/javascript/jquery_easy_ui/themes/default/images/button_plain_hover.png HTTP/1.1" 200 252
114.86.227.216 - - [22/Jul/2020:10:21:37 +0800] "POST /xingrg/dwr/call/plaincall/AjaxReportQueryService.refreshCache.dwr HTTP/1.1" 200 78
114.86.227.216 - - [22/Jul/2020:10:21:38 +0800] "POST /xingrg/all/report/load_report_page.html HTTP/1.1" 200 7446
114.86.227.216 - - [22/Jul/2020:10:21:38 +0800] "GET /xingrg/servlets/image?cache=0.30614955088225315&image=px HTTP/1.1" 200 807
116.230.146.118 - - [22/Jul/2020:10:21:38 +0800] "GET /xingrg/all/function/internal_message.html?_=1595384498814&CODE_STATE=getMsg HTTP/1.1" 200 27
116.230.146.118 - - [22/Jul/2020:10:21:39 +0800] "POST /xingrg/all/report/load_report_page.html HTTP/1.1" 200 60322
116.230.146.118 - - [22/Jul/2020:10:21:39 +0800] "GET /xingrg/servlets/image?cache=0.7930954636559202&image=px HTTP/1.1" 200 807
172.17.0.123 - - [22/Jul/2020:10:21:40 +0800] "GET /xingrg/check_reg.html?_=1595384439467 HTTP/1.1" 200 22
101.85.53.146 - - [22/Jul/2020:10:21:41 +0800] "GET /xingrg/check_reg.html?_=1595383855872 HTTP/1.1" 200 22
101.83.241.65 - - [22/Jul/2020:10:21:45 +0800] "GET /xingrg/all/function/internal_message.html?_=1595384500568&CODE_STATE=getMsg HTTP/1.1" 200 27
61.172.5.115 - - [22/Jul/2020:10:21:46 +0800] "POST /xingrg/kc/buy/cgsh_order_operate.html HTTP/1.1" 200 37
101.83.241.65 - - [22/Jul/2020:10:21:46 +0800] "GET /xingrg/kc/buy/cgsh_order_operate.html?command=get_materiel&rest_code=00149&code=00101001075&supplier_code=00100039&order_time=2020-07-22 HTTP/1.1" 200 411
61.172.5.115 - - [22/Jul/2020:10:21:47 +0800] "POST /xingrg/kc/buy/cgsh_order_operate.html HTTP/1.1" 200 2665
114.88.161.57 - - [22/Jul/2020:10:21:47 +0800] "GET /xingrg/all/function/internal_message.html?_=1595384505200&CODE_STATE=getMsg HTTP/1.1" 200 27
61.172.5.115 - - [22/Jul/2020:10:21:48 +0800] "GET /xingrg/kc/print/load_data.html?order_code=212020072209170&kc_code=cgsh&condition= HTTP/1.1" 200 678
