58.40.7.146 - - [22/Jul/2020:10:32:33 +0800] "GET /xingrg/javascript/jquery_easy_ui/themes/default/images/validatebox_warning.png HTTP/1.1" 200 921
58.40.7.146 - - [22/Jul/2020:10:32:33 +0800] "GET /xingrg/javascript/jquery_easy_ui/themes/default/images/validatebox_pointer.gif HTTP/1.1" 200 82
114.86.227.216 - - [22/Jul/2020:10:32:33 +0800] "GET /xingrg/javascript/auto/indicator.gif HTTP/1.1" 404 1066
114.86.227.216 - - [22/Jul/2020:10:32:34 +0800] "GET /xingrg/kc/buy/cgsh_order_operate.html?command=get_materiel&rest_code=00109&code=00101006161&supplier_code=00100038&order_time=2020-07-22 HTTP/1.1" 200 409
116.230.146.118 - - [22/Jul/2020:10:32:35 +0800] "GET /xingrg/all/function/internal_message.html?_=1595385150244&CODE_STATE=getMsg HTTP/1.1" 200 27
180.157.251.101 - - [22/Jul/2020:10:32:36 +0800] "GET /xingrg/kc/buy/cgsh_order_operate.html?command=get_materiel&rest_code=00148&code=00101009059&supplier_code=00100022&order_time=2020-07-22 HTTP/1.1" 200 409
58.40.7.146 - - [22/Jul/2020:10:32:40 +0800] "GET /xingrg/system/rest/query_items.html?_=1595385159140&table=menu&page=1&rows=20&categoryId=&key= HTTP/1.1" 200 4724
114.86.227.216 - - [22/Jul/2020:10:32:40 +0800] "GET /xingrg/kc/buy/cgsh_order_operate.html?command=get_materiel&rest_code=00109&code=00101001044&supplier_code=00100038&order_time=2020-07-22 HTTP/1.1" 200 409
117.185.32.26 - - [22/Jul/2020:10:32:41 +0800] "GET /xingrg/check_reg.html?_=1595385158570 HTTP/1.1" 200 22
117.185.32.26 - - [22/Jul/2020:10:32:41 +0800] "GET /xingrg/all/function/internal_message.html?_=1595385158572&CODE_STATE=getMsg HTTP/1.1" 200 27
58.40.7.146 - - [22/Jul/2020:10:32:42 +0800] "GET /xingrg/system/rest/query_items.html?_=1595385161272&table=menu&page=1&rows=20&categoryId=&key=117 HTTP/1.1" 200 1460
180.157.251.101 - - [22/Jul/2020:10:32:42 +0800] "GET /xingrg/javascript/easyui/themes/default/images/button_plain_hover.png HTTP/1.1" 304 -
180.157.251.101 - - [22/Jul/2020:10:32:42 +0800] "GET /xingrg/javascript/easyui/themes/default/images/button_plain_hover.png HTTP/1.1" 304 -
180.157.251.101 - - [22/Jul/2020:10:32:42 +0800] "GET /xingrg/javascript/easyui/themes/default/images/button_plain_hover.png HTTP/1.1" 304 -
180.157.251.101 - - [22/Jul/2020:10:32:42 +0800] "GET /xingrg/javascript/easyui/themes/default/images/button_plain_hover.png HTTP/1.1" 304 -
180.157.251.101 - - [22/Jul/2020:10:32:42 +0800] "GET /xingrg/javascript/easyui/themes/default/images/button_plain_hover.png HTTP/1.1" 304 -
180.157.251.101 - - [22/Jul/2020:10:32:42 +0800] "GET /xingrg/javascript/easyui/themes/default/images/button_plain_hover.png HTTP/1.1" 304 -
58.40.7.146 - - [22/Jul/2020:10:32:44 +0800] "GET /xingrg/system/rest/query_items.html?_=1595385163603&table=menu&page=1&rows=20&categoryId=&key=117 HTTP/1.1" 200 1460
101.83.241.65 - - [22/Jul/2020:10:32:44 +0800] "GET /xingrg/all/function/internal_message.html?_=1595385160330&CODE_STATE=getMsg HTTP/1.1" 200 27
180.157.251.101 - - [22/Jul/2020:10:32:45 +0800] "POST /xingrg/kc/buy/cgsh_order_operate.html HTTP/1.1" 200 37
58.40.7.146 - - [22/Jul/2020:10:32:46 +0800] "GET /xingrg/system/rest/get_item.html?table=menu&isAdd=1&_=1595385165254 HTTP/1.1" 200 22
180.157.251.101 - - [22/Jul/2020:10:32:46 +0800] "POST /xingrg/kc/buy/cgsh_order_operate.html HTTP/1.1" 200 3835
180.157.251.101 - - [22/Jul/2020:10:32:46 +0800] "GET /xingrg/javascript/easyui/themes/default/images/button_plain_hover.png HTTP/1.1" 304 -
180.157.251.101 - - [22/Jul/2020:10:32:47 +0800] "GET /xingrg/javascript/easyui/themes/default/images/button_plain_hover.png HTTP/1.1" 304 -
180.157.251.101 - - [22/Jul/2020:10:32:47 +0800] "GET /xingrg/javascript/easyui/themes/default/images/button_plain_hover.png HTTP/1.1" 304 -
180.157.251.101 - - [22/Jul/2020:10:32:47 +0800] "GET /xingrg/javascript/easyui/themes/default/images/button_plain_hover.png HTTP/1.1" 304 -
180.157.251.101 - - [22/Jul/2020:10:32:47 +0800] "GET /xingrg/css/base.css HTTP/1.1" 304 -
180.157.251.101 - - [22/Jul/2020:10:32:47 +0800] "GET /xingrg/css/site.css HTTP/1.1" 304 -
180.157.251.101 - - [22/Jul/2020:10:32:47 +0800] "GET /xingrg/javascript/easyui/themes/default/easyui.css HTTP/1.1" 304 -
180.157.251.101 - - [22/Jul/2020:10:32:47 +0800] "GET /xingrg/javascript/easyui/themes/icon.css HTTP/1.1" 304 -
180.157.251.101 - - [22/Jul/2020:10:32:47 +0800] "GET /xingrg/javascript/jquery_tools/datebox.css HTTP/1.1" 304 -
180.157.251.101 - - [22/Jul/2020:10:32:47 +0800] "GET /xingrg/javascript/auto/jquery.autocomplete.css HTTP/1.1" 304 -
180.157.251.101 - - [22/Jul/2020:10:32:47 +0800] "GET /xingrg/javascript/jquery_tools/table.css HTTP/1.1" 304 -
180.157.251.101 - - [22/Jul/2020:10:32:47 +0800] "GET /xingrg/javascript/jquery_tools/fix.css HTTP/1.1" 304 -
180.157.251.101 - - [22/Jul/2020:10:32:47 +0800] "GET /xingrg/javascript/jquery_tools/jquery.tools.extend.js HTTP/1.1" 304 -
180.157.251.101 - - [22/Jul/2020:10:32:47 +0800] "GET /xingrg/javascript/jquery_tools/jquery.tools.table.js HTTP/1.1" 304 -
180.157.251.101 - - [22/Jul/2020:10:32:47 +0800] "GET /xingrg/javascript/jquery.utils.js HTTP/1.1" 304 -
180.157.251.101 - - [22/Jul/2020:10:32:47 +0800] "GET /xingrg/javascript/convert.js HTTP/1.1" 304 -
180.157.251.101 - - [22/Jul/2020:10:32:47 +0800] "GET /xingrg/javascript/jquery_tools/jquery.tools.min.js HTTP/1.1" 304 -
180.157.251.101 - - [22/Jul/2020:10:32:47 +0800] "GET /xingrg/javascript/auto/jquery.autocomplete.js HTTP/1.1" 304 -
180.157.251.101 - - [22/Jul/2020:10:32:47 +0800] "GET /xingrg/javascript/easyui/easyloader.js HTTP/1.1" 304 -
180.157.251.101 - - [22/Jul/2020:10:32:47 +0800] "GET /xingrg/javascript/json2.js HTTP/1.1" 304 -
180.157.251.101 - - [22/Jul/2020:10:32:47 +0800] "GET /xingrg/javascript/jquery_tools/jquery.tools.hotkey.js HTTP/1.1" 304 -
180.157.251.101 - - [22/Jul/2020:10:32:47 +0800] "GET /xingrg/kc/buy/cgsh_order_add.html HTTP/1.1" 200 59316
180.157.251.101 - - [22/Jul/2020:10:32:47 +0800] "GET /xingrg/javascript/print/LodopFuncs.js HTTP/1.1" 304 -
180.157.251.101 - - [22/Jul/2020:10:32:47 +0800] "GET /xingrg/javascript/pic_change.js HTTP/1.1" 304 -
180.157.251.101 - - [22/Jul/2020:10:32:47 +0800] "GET /xingrg/javascript/print/kc_print.js HTTP/1.1" 304 -
180.157.251.101 - - [22/Jul/2020:10:32:47 +0800] "GET /xingrg/javascript/jquery_tools/order_manager.js HTTP/1.1" 304 -
180.157.251.101 - - [22/Jul/2020:10:32:47 +0800] "GET /xingrg/javascript/jquery.cookie.js HTTP/1.1" 304 -
180.157.251.101 - - [22/Jul/2020:10:32:47 +0800] "GET /xingrg/words/20200721125735_words.js HTTP/1.1" 304 -
180.157.251.101 - - [22/Jul/2020:10:32:47 +0800] "GET /xingrg/javascript/easyui/themes/icons/template_new.png HTTP/1.1" 304 -
180.157.251.101 - - [22/Jul/2020:10:32:47 +0800] "GET /xingrg/javascript/easyui/themes/icons/copy_new.png HTTP/1.1" 304 -
180.157.251.101 - - [22/Jul/2020:10:32:47 +0800] "GET /xingrg/javascript/easyui/themes/icons/print.png HTTP/1.1" 304 -
180.157.251.101 - - [22/Jul/2020:10:32:47 +0800] "GET /xingrg/javascript/easyui/themes/default/images/menu_downarrow.png HTTP/1.1" 304 -
180.157.251.101 - - [22/Jul/2020:10:32:47 +0800] "GET /xingrg/javascript/easyui/themes/icons/ok.png HTTP/1.1" 304 -
180.157.251.101 - - [22/Jul/2020:10:32:47 +0800] "GET /xingrg/javascript/easyui/themes/icons/cancel.png HTTP/1.1" 304 -
180.157.251.101 - - [22/Jul/2020:10:32:47 +0800] "GET /xingrg/javascript/easyui/plugins/jquery.parser.js HTTP/1.1" 304 -
114.88.161.57 - - [22/Jul/2020:10:32:47 +0800] "GET /xingrg/all/function/internal_message.html?_=1595385165348&CODE_STATE=getMsg HTTP/1.1" 200 27
180.157.251.101 - - [22/Jul/2020:10:32:47 +0800] "GET /xingrg/all/common/auto_word.html?type=employee&rest_code=00148 HTTP/1.1" 200 147
180.157.251.101 - - [22/Jul/2020:10:32:47 +0800] "GET /xingrg/all/common/auto_word.html?type=employee&rest_code=00148 HTTP/1.1" 200 147
180.157.251.101 - - [22/Jul/2020:10:32:47 +0800] "GET /xingrg/javascript/easyui/themes/default/validatebox.css HTTP/1.1" 404 1104
180.157.251.101 - - [22/Jul/2020:10:32:47 +0800] "GET /xingrg/javascript/easyui/plugins/jquery.validatebox.js HTTP/1.1" 304 -
180.157.251.101 - - [22/Jul/2020:10:32:47 +0800] "GET /xingrg/javascript/easyui/plugins/jquery.numberbox.js HTTP/1.1" 304 -
180.157.251.101 - - [22/Jul/2020:10:32:47 +0800] "POST /xingrg/kc/buy/cgsh_order_operate.html HTTP/1.1" 200 8245
180.157.251.101 - - [22/Jul/2020:10:32:48 +0800] "GET /xingrg/javascript/easyui/themes/default/images/button_plain_hover.png HTTP/1.1" 304 -
124.77.243.181 - - [22/Jul/2020:10:32:54 +0800] "GET /xingrg/all/function/internal_message.html?_=1595385182908&CODE_STATE=getMsg HTTP/1.1" 200 27
58.40.7.146 - - [22/Jul/2020:10:32:54 +0800] "POST /xingrg/dwr/call/plaincall/AjaxGetFirstChart.getFirstChart.dwr HTTP/1.1" 200 77
180.157.251.101 - - [22/Jul/2020:10:32:54 +0800] "GET /xingrg/javascript/pic_change.js HTTP/1.1" 304 -
180.157.251.101 - - [22/Jul/2020:10:32:54 +0800] "GET /xingrg/javascript/jquery_tools/jquery.tools.min.js HTTP/1.1" 304 -
180.157.251.101 - - [22/Jul/2020:10:32:54 +0800] "GET /xingrg/javascript/jquery_tools/jquery.tools.extend.js HTTP/1.1" 304 -
180.157.251.101 - - [22/Jul/2020:10:32:54 +0800] "GET /xingrg/javascript/jquery_tools/jquery.tools.hotkey.js HTTP/1.1" 304 -
180.157.251.101 - - [22/Jul/2020:10:32:54 +0800] "GET /xingrg/javascript/jquery_tools/jquery.tools.table.js HTTP/1.1" 304 -
180.157.251.101 - - [22/Jul/2020:10:32:54 +0800] "GET /xingrg/javascript/auto/jquery.autocomplete.js HTTP/1.1" 304 -
180.157.251.101 - - [22/Jul/2020:10:32:54 +0800] "GET /xingrg/javascript/easyui/easyloader.js HTTP/1.1" 304 -
180.157.251.101 - - [22/Jul/2020:10:32:54 +0800] "GET /xingrg/javascript/jquery.utils.js HTTP/1.1" 304 -
180.157.251.101 - - [22/Jul/2020:10:32:54 +0800] "GET /xingrg/javascript/jquery_tools/order_manager.js HTTP/1.1" 304 -
180.157.251.101 - - [22/Jul/2020:10:32:54 +0800] "GET /xingrg/javascript/convert.js HTTP/1.1" 304 -
180.157.251.101 - - [22/Jul/2020:10:32:54 +0800] "GET /xingrg/javascript/json2.js HTTP/1.1" 304 -
180.157.251.101 - - [22/Jul/2020:10:32:54 +0800] "GET /xingrg/javascript/jquery.cookie.js HTTP/1.1" 304 -
180.157.251.101 - - [22/Jul/2020:10:32:54 +0800] "GET /xingrg/javascript/print/kc_print.js HTTP/1.1" 304 -
180.157.251.101 - - [22/Jul/2020:10:32:54 +0800] "GET /xingrg/javascript/print/LodopFuncs.js HTTP/1.1" 304 -
180.157.251.101 - - [22/Jul/2020:10:32:54 +0800] "GET /xingrg/javascript/easyui/plugins/jquery.parser.js HTTP/1.1" 304 -
180.157.251.101 - - [22/Jul/2020:10:32:54 +0800] "GET /xingrg/javascript/easyui/plugins/jquery.validatebox.js HTTP/1.1" 304 -
180.157.251.101 - - [22/Jul/2020:10:32:54 +0800] "GET /xingrg/javascript/easyui/plugins/jquery.numberbox.js HTTP/1.1" 304 -
180.157.251.101 - - [22/Jul/2020:10:32:54 +0800] "GET /xingrg/words/20200721125735_words.js HTTP/1.1" 304 -
58.40.7.146 - - [22/Jul/2020:10:32:54 +0800] "POST /xingrg/dwr/call/plaincall/AjaxGetFirstChart.getFirstChart.dwr HTTP/1.1" 200 78
58.40.7.146 - - [22/Jul/2020:10:32:54 +0800] "POST /xingrg/dwr/call/plaincall/AjaxGetFirstChart.getFirstChart.dwr HTTP/1.1" 200 79
58.40.7.146 - - [22/Jul/2020:10:32:55 +0800] "POST /xingrg/dwr/call/plaincall/AjaxGetFirstChart.getFirstChart.dwr HTTP/1.1" 200 80
58.40.7.146 - - [22/Jul/2020:10:32:55 +0800] "POST /xingrg/dwr/call/plaincall/AjaxGetFirstChart.getFirstChart.dwr HTTP/1.1" 200 81
61.172.5.115 - - [22/Jul/2020:10:32:55 +0800] "GET /xingrg/all/function/internal_message.html?_=1595385171687&CODE_STATE=getMsg HTTP/1.1" 200 27
58.40.7.146 - - [22/Jul/2020:10:32:56 +0800] "POST /xingrg/dwr/call/plaincall/AjaxGetFirstChart.getFirstChart.dwr HTTP/1.1" 200 78
58.40.7.146 - - [22/Jul/2020:10:32:57 +0800] "POST /xingrg/dwr/call/plaincall/AjaxGetFirstChart.getFirstChart.dwr HTTP/1.1" 200 80
58.40.7.146 - - [22/Jul/2020:10:32:57 +0800] "POST /xingrg/dwr/call/plaincall/AjaxGetFirstChart.getFirstChart.dwr HTTP/1.1" 200 80
58.40.7.146 - - [22/Jul/2020:10:32:57 +0800] "POST /xingrg/dwr/call/plaincall/AjaxGetFirstChart.getFirstChart.dwr HTTP/1.1" 200 81
180.157.251.101 - - [22/Jul/2020:10:32:58 +0800] "GET /xingrg/kc/buy/cgsh_order_operate.html?command=get_materiel&rest_code=00148&code=00101006161&supplier_code=00100036&order_time=2020-07-22 HTTP/1.1" 200 409
180.157.251.101 - - [22/Jul/2020:10:32:58 +0800] "GET /xingrg/javascript/easyui/themes/default/images/button_plain_hover.png HTTP/1.1" 304 -
58.40.7.146 - - [22/Jul/2020:10:32:58 +0800] "POST /xingrg/dwr/call/plaincall/AjaxGetFirstChart.getFirstChart.dwr HTTP/1.1" 200 81
58.40.7.146 - - [22/Jul/2020:10:32:59 +0800] "POST /xingrg/dwr/call/plaincall/AjaxGetFirstChart.getFirstChart.dwr HTTP/1.1" 200 80
58.40.7.146 - - [22/Jul/2020:10:33:00 +0800] "POST /xingrg/dwr/call/plaincall/AjaxGetFirstChart.getFirstChart.dwr HTTP/1.1" 200 82
58.40.7.146 - - [22/Jul/2020:10:33:00 +0800] "POST /xingrg/dwr/call/plaincall/AjaxGetFirstChart.getFirstChart.dwr HTTP/1.1" 200 82
172.17.200.101 - - [22/Jul/2020:10:33:00 +0800] "GET /xingrg/all/function/internal_message.html?_=1595385181159&CODE_STATE=getMsg HTTP/1.1" 200 27
58.40.7.146 - - [22/Jul/2020:10:33:00 +0800] "POST /xingrg/dwr/call/plaincall/AjaxGetFirstChart.getFirstChart.dwr HTTP/1.1" 200 83
58.40.7.146 - - [22/Jul/2020:10:33:00 +0800] "POST /xingrg/dwr/call/plaincall/AjaxGetFirstChart.getFirstChart.dwr HTTP/1.1" 200 85
58.40.7.146 - - [22/Jul/2020:10:33:00 +0800] "POST /xingrg/dwr/call/plaincall/AjaxGetFirstChart.getFirstChart.dwr HTTP/1.1" 200 85
58.40.7.146 - - [22/Jul/2020:10:33:00 +0800] "POST /xingrg/dwr/call/plaincall/AjaxGetFirstChart.getFirstChart.dwr HTTP/1.1" 200 86
58.40.7.146 - - [22/Jul/2020:10:33:02 +0800] "POST /xingrg/dwr/call/plaincall/AjaxGetFirstChart.getFirstChart.dwr HTTP/1.1" 200 82
180.157.251.101 - - [22/Jul/2020:10:33:02 +0800] "GET /xingrg/all/function/internal_message.html?_=1595385186897&CODE_STATE=getMsg HTTP/1.1" 200 27
61.172.5.115 - - [22/Jul/2020:10:33:04 +0800] "GET /xingrg/all/function/internal_message.html?_=1595385185028&CODE_STATE=getMsg HTTP/1.1" 200 27
180.157.251.101 - - [22/Jul/2020:10:33:04 +0800] "GET /xingrg/kc/buy/cgsh_order_operate.html?command=get_materiel&rest_code=00148&code=00101016025&supplier_code=00100036&order_time=2020-07-22 HTTP/1.1" 200 408
180.157.251.101 - - [22/Jul/2020:10:33:04 +0800] "GET /xingrg/javascript/easyui/themes/default/images/button_plain_hover.png HTTP/1.1" 304 -
180.175.214.200 - - [22/Jul/2020:10:33:06 +0800] "GET /xingrg/all/function/internal_message.html?_=1595385393008&CODE_STATE=getMsg HTTP/1.1" 200 27
222.69.27.237 - - [22/Jul/2020:10:33:08 +0800] "GET /xingrg/check_reg.html?_=1595385104311 HTTP/1.1" 200 22
222.69.27.237 - - [22/Jul/2020:10:33:08 +0800] "GET /xingrg/all/function/internal_message.html?_=1595385104338&CODE_STATE=getMsg HTTP/1.1" 200 27
180.157.251.101 - - [22/Jul/2020:10:33:09 +0800] "GET /xingrg/kc/buy/cgsh_order_operate.html?command=get_materiel&rest_code=00148&code=00101012019&supplier_code=00100036&order_time=2020-07-22 HTTP/1.1" 200 412
180.157.251.101 - - [22/Jul/2020:10:33:09 +0800] "GET /xingrg/javascript/easyui/themes/default/images/button_plain_hover.png HTTP/1.1" 304 -
114.89.80.44 - - [22/Jul/2020:10:33:10 +0800] "GET /xingrg/check_reg.html?_=1595385317860 HTTP/1.1" 200 22
114.89.80.44 - - [22/Jul/2020:10:33:10 +0800] "GET /xingrg/all/function/internal_message.html?_=1595385318100&CODE_STATE=getMsg HTTP/1.1" 200 27
117.184.7.26 - - [22/Jul/2020:10:33:10 +0800] "GET /xingrg/check_reg.html?_=1595385186064 HTTP/1.1" 200 22
117.184.7.26 - - [22/Jul/2020:10:33:10 +0800] "GET /xingrg/all/function/internal_message.html?_=1595385186068&CODE_STATE=getMsg HTTP/1.1" 200 27
120.253.135.82 - - [22/Jul/2020:10:33:12 +0800] "GET /xingrg/all/function/internal_message.html?_=1595384945508&CODE_STATE=getMsg HTTP/1.1" 200 27
114.88.161.57 - - [22/Jul/2020:10:33:13 +0800] "GET /xingrg/all/function/internal_message.html?_=1595385212864&CODE_STATE=getMsg HTTP/1.1" 200 27
172.17.0.120 - - [22/Jul/2020:10:33:13 +0800] "GET /xingrg/all/function/internal_message.html?_=1595385192535&CODE_STATE=getMsg HTTP/1.1" 200 27
114.86.227.216 - - [22/Jul/2020:10:33:17 +0800] "GET /xingrg/all/function/internal_message.html?_=1595385219025&CODE_STATE=getMsg HTTP/1.1" 200 27
180.157.251.101 - - [22/Jul/2020:10:33:17 +0800] "POST /xingrg/kc/buy/cgsh_order_operate.html HTTP/1.1" 200 37
117.185.32.26 - - [22/Jul/2020:10:33:17 +0800] "GET /xingrg/kc/buy/cgsh_order_operate.html?command=get_materiel&rest_code=00106&code=00101008125&supplier_code=00100007&order_time=2020-07-22 HTTP/1.1" 200 413
114.89.80.44 - - [22/Jul/2020:10:33:22 +0800] "GET /xingrg/all/function/internal_message.html?_=1595385199303&CODE_STATE=getMsg HTTP/1.1" 200 27
117.185.32.26 - - [22/Jul/2020:10:33:24 +0800] "GET /xingrg/kc/buy/cgsh_order_operate.html?command=get_materiel&rest_code=00106&code=00101008114&supplier_code=00100007&order_time=2020-07-22 HTTP/1.1" 200 412
58.40.7.146 - - [22/Jul/2020:10:33:25 +0800] "GET /xingrg/all/function/internal_message.html?_=1595385204874&CODE_STATE=getMsg HTTP/1.1" 200 27
114.88.159.128 - - [22/Jul/2020:10:33:27 +0800] "GET /xingrg/all/function/internal_message.html?_=1595385214138&CODE_STATE=getMsg HTTP/1.1" 200 27
172.17.0.101 - - [22/Jul/2020:10:33:27 +0800] "GET /xingrg/all/function/internal_message.html?_=1595385208412&CODE_STATE=getMsg HTTP/1.1" 200 27
180.157.251.101 - - [22/Jul/2020:10:33:28 +0800] "GET /xingrg/kc/buy/cgsh_order_operate.html?command=get_materiel&rest_code=00148&code=00101001069&supplier_code=00100036&order_time=2020-07-22 HTTP/1.1" 200 409
180.157.251.101 - - [22/Jul/2020:10:33:28 +0800] "GET /xingrg/javascript/easyui/themes/default/images/button_plain_hover.png HTTP/1.1" 304 -
117.185.32.26 - - [22/Jul/2020:10:33:32 +0800] "GET /xingrg/kc/buy/cgsh_order_operate.html?command=get_materiel&rest_code=00106&code=00101008301&supplier_code=00100007&order_time=2020-07-22 HTTP/1.1" 200 422
116.230.146.118 - - [22/Jul/2020:10:33:35 +0800] "GET /xingrg/check_reg.html?_=1595385210248 HTTP/1.1" 200 22
116.230.146.118 - - [22/Jul/2020:10:33:35 +0800] "GET /xingrg/all/function/internal_message.html?_=1595385210250&CODE_STATE=getMsg HTTP/1.1" 200 27
180.157.251.101 - - [22/Jul/2020:10:33:37 +0800] "GET /xingrg/kc/buy/cgsh_order_operate.html?command=get_materiel&rest_code=00148&code=00101010248&supplier_code=00100036&order_time=2020-07-22 HTTP/1.1" 200 430
180.157.251.101 - - [22/Jul/2020:10:33:37 +0800] "GET /xingrg/javascript/easyui/themes/default/images/button_plain_hover.png HTTP/1.1" 304 -
58.40.7.146 - - [22/Jul/2020:10:33:39 +0800] "GET /xingrg/check_reg.html?_=1595385218952 HTTP/1.1" 200 22
117.185.32.26 - - [22/Jul/2020:10:33:41 +0800] "GET /xingrg/all/function/internal_message.html?_=1595385218622&CODE_STATE=getMsg HTTP/1.1" 200 27
114.86.227.216 - - [22/Jul/2020:10:33:43 +0800] "POST /xingrg/kc/buy/cgsh_order_operate.html HTTP/1.1" 200 37
114.86.227.216 - - [22/Jul/2020:10:33:44 +0800] "POST /xingrg/kc/buy/cgsh_order_operate.html HTTP/1.1" 200 3242
101.83.241.65 - - [22/Jul/2020:10:33:44 +0800] "GET /xingrg/all/function/internal_message.html?_=1595385220305&CODE_STATE=getMsg HTTP/1.1" 200 27
114.86.227.216 - - [22/Jul/2020:10:33:45 +0800] "GET /xingrg/kc/print/load_config.html?kc_code=cgsh HTTP/1.1" 200 1845
114.86.227.216 - - [22/Jul/2020:10:33:45 +0800] "GET /xingrg/kc/print/load_data.html?order_code=212020072209192&kc_code=cgsh&condition= HTTP/1.1" 200 902
180.157.251.101 - - [22/Jul/2020:10:33:46 +0800] "GET /xingrg/kc/buy/cgsh_order_operate.html?command=get_materiel&rest_code=00148&code=00101016053&supplier_code=00100036&order_time=2020-07-22 HTTP/1.1" 200 408
180.157.251.101 - - [22/Jul/2020:10:33:46 +0800] "GET /xingrg/javascript/easyui/themes/default/images/button_plain_hover.png HTTP/1.1" 304 -
101.83.241.65 - - [22/Jul/2020:10:33:46 +0800] "GET /xingrg/check_reg.html?_=1595385222024 HTTP/1.1" 200 22
114.88.161.57 - - [22/Jul/2020:10:33:46 +0800] "GET /xingrg/check_reg.html?_=1595385224240 HTTP/1.1" 200 22
114.88.161.57 - - [22/Jul/2020:10:33:47 +0800] "GET /xingrg/all/function/internal_message.html?_=1595385225361&CODE_STATE=getMsg HTTP/1.1" 200 27
114.86.227.216 - - [22/Jul/2020:10:33:49 +0800] "GET /xingrg/kc/buy/cgsh_order_add.html HTTP/1.1" 200 59357
114.86.227.216 - - [22/Jul/2020:10:33:49 +0800] "POST /xingrg/kc/buy/cgsh_order_operate.html HTTP/1.1" 200 8245
114.86.227.216 - - [22/Jul/2020:10:33:49 +0800] "GET /xingrg/javascript/easyui/themes/default/validatebox.css HTTP/1.1" 404 1104
114.86.227.216 - - [22/Jul/2020:10:33:49 +0800] "GET /xingrg/all/common/auto_word.html?type=employee&rest_code=00109 HTTP/1.1" 200 255
114.86.227.216 - - [22/Jul/2020:10:33:49 +0800] "GET /xingrg/all/common/auto_word.html?type=employee&rest_code=00109 HTTP/1.1" 200 255
124.77.243.181 - - [22/Jul/2020:10:33:54 +0800] "GET /xingrg/all/function/internal_message.html?_=1595385242912&CODE_STATE=getMsg HTTP/1.1" 200 27
180.157.251.101 - - [22/Jul/2020:10:33:54 +0800] "GET /xingrg/kc/buy/cgsh_order_operate.html?command=get_materiel&rest_code=00148&code=00101016057&supplier_code=00100036&order_time=2020-07-22 HTTP/1.1" 200 408
180.157.251.101 - - [22/Jul/2020:10:33:54 +0800] "GET /xingrg/javascript/easyui/themes/default/images/button_plain_hover.png HTTP/1.1" 304 -
61.172.5.115 - - [22/Jul/2020:10:33:55 +0800] "GET /xingrg/all/function/internal_message.html?_=1595385231686&CODE_STATE=getMsg HTTP/1.1" 200 27
114.86.227.216 - - [22/Jul/2020:10:33:57 +0800] "GET /xingrg/kc/buy/cgsh_order_operate.html?command=get_materiel&rest_code=00109&code=00101008261&supplier_code=00100005&order_time=2020-07-22 HTTP/1.1" 200 408
172.17.200.101 - - [22/Jul/2020:10:34:00 +0800] "GET /xingrg/check_reg.html?_=1595385241159 HTTP/1.1" 200 22
172.17.200.101 - - [22/Jul/2020:10:34:00 +0800] "GET /xingrg/all/function/internal_message.html?_=1595385241165&CODE_STATE=getMsg HTTP/1.1" 200 27
58.40.7.146 - - [22/Jul/2020:10:34:02 +0800] "POST /xingrg/system/rest/edit_item.html HTTP/1.1" 200 3
58.40.7.146 - - [22/Jul/2020:10:34:02 +0800] "GET /xingrg/system/rest/get_item.html?table=menu&id=117&_=1595385241360 HTTP/1.1" 200 928
180.157.251.101 - - [22/Jul/2020:10:34:02 +0800] "GET /xingrg/all/function/internal_message.html?_=1595385247228&CODE_STATE=getMsg HTTP/1.1" 200 27
114.86.227.216 - - [22/Jul/2020:10:34:03 +0800] "GET /xingrg/kc/buy/cgsh_order_operate.html?command=get_materiel&rest_code=00109&code=00101008072&supplier_code=00100005&order_time=2020-07-22 HTTP/1.1" 200 408
58.40.7.146 - - [22/Jul/2020:10:34:04 +0800] "GET /xingrg/system/rest/get_infos.html?command=menu_img_show&id=117 HTTP/1.1" 200 5
58.40.7.146 - - [22/Jul/2020:10:34:04 +0800] "GET /xingrg/system/rest/query_items.html?_=1595385243233&table=menu&page=1&rows=20&categoryId=&key=117 HTTP/1.1" 200 1688
61.172.5.115 - - [22/Jul/2020:10:34:04 +0800] "GET /xingrg/all/function/internal_message.html?_=1595385245006&CODE_STATE=getMsg HTTP/1.1" 200 27
180.175.214.200 - - [22/Jul/2020:10:34:06 +0800] "GET /xingrg/all/function/internal_message.html?_=1595385453020&CODE_STATE=getMsg HTTP/1.1" 200 27
117.131.5.26 - - [22/Jul/2020:10:34:08 +0800] "GET /xingrg/check_reg.html?_=1595385528003 HTTP/1.1" 302 -
117.131.5.26 - - [22/Jul/2020:10:34:08 +0800] "GET /xingrg/login.html HTTP/1.1" 200 7641
101.83.241.65 - - [22/Jul/2020:10:34:08 +0800] "POST /xingrg/kc/buy/cgsh_order_operate.html HTTP/1.1" 200 37
180.157.251.101 - - [22/Jul/2020:10:34:08 +0800] "GET /xingrg/kc/buy/cgsh_order_operate.html?command=get_materiel&rest_code=00148&code=00101012059&supplier_code=00100036&order_time=2020-07-22 HTTP/1.1" 200 412
180.157.251.101 - - [22/Jul/2020:10:34:08 +0800] "GET /xingrg/javascript/easyui/themes/default/images/button_plain_hover.png HTTP/1.1" 304 -
114.86.227.216 - - [22/Jul/2020:10:34:08 +0800] "GET /xingrg/kc/buy/cgsh_order_operate.html?command=get_materiel&rest_code=00109&code=00101008331&supplier_code=00100005&order_time=2020-07-22 HTTP/1.1" 200 416
222.69.27.237 - - [22/Jul/2020:10:34:08 +0800] "GET /xingrg/all/function/internal_message.html?_=1595385164336&CODE_STATE=getMsg HTTP/1.1" 200 27
114.89.80.44 - - [22/Jul/2020:10:34:10 +0800] "GET /xingrg/all/function/internal_message.html?_=1595385378114&CODE_STATE=getMsg HTTP/1.1" 200 27
117.184.7.26 - - [22/Jul/2020:10:34:10 +0800] "GET /xingrg/all/function/internal_message.html?_=1595385246068&CODE_STATE=getMsg HTTP/1.1" 200 27
101.83.241.65 - - [22/Jul/2020:10:34:11 +0800] "POST /xingrg/kc/buy/cgsh_order_operate.html HTTP/1.1" 200 12
101.83.241.65 - - [22/Jul/2020:10:34:12 +0800] "GET /xingrg/kc/buy/cgsh_order_info.html?code=212020072209193 HTTP/1.1" 200 54274
101.83.241.65 - - [22/Jul/2020:10:34:12 +0800] "GET /xingrg/javascript/easyui/themes/default/validatebox.css HTTP/1.1" 404 1104
120.253.135.82 - - [22/Jul/2020:10:34:12 +0800] "GET /xingrg/all/function/internal_message.html?_=1595385005523&CODE_STATE=getMsg HTTP/1.1" 200 27
114.86.227.216 - - [22/Jul/2020:10:34:12 +0800] "GET /xingrg/kc/buy/cgsh_order_operate.html?command=get_materiel&rest_code=00109&code=00101008358&supplier_code=00100005&order_time=2020-07-22 HTTP/1.1" 200 412
101.83.241.65 - - [22/Jul/2020:10:34:12 +0800] "POST /xingrg/kc/buy/cgsh_order_operate.html HTTP/1.1" 200 2393
114.88.161.57 - - [22/Jul/2020:10:34:13 +0800] "GET /xingrg/check_reg.html?_=1595385272868 HTTP/1.1" 200 22
114.88.161.57 - - [22/Jul/2020:10:34:13 +0800] "GET /xingrg/all/function/internal_message.html?_=1595385272871&CODE_STATE=getMsg HTTP/1.1" 200 27
172.17.0.120 - - [22/Jul/2020:10:34:13 +0800] "GET /xingrg/all/function/internal_message.html?_=1595385252548&CODE_STATE=getMsg HTTP/1.1" 200 27
101.83.241.65 - - [22/Jul/2020:10:34:13 +0800] "GET /xingrg/kc/print/load_data.html?order_code=212020072209193&kc_code=cgsh&condition= HTTP/1.1" 200 1470
114.86.227.216 - - [22/Jul/2020:10:34:15 +0800] "GET /xingrg/all/function/internal_message.html?_=1595385280871&CODE_STATE=getMsg HTTP/1.1" 200 27
58.40.7.146 - - [22/Jul/2020:10:34:16 +0800] "GET /xingrg/system/rest/query_items.html?_=1595385255414&table=menu&page=1&rows=20&categoryId=&key= HTTP/1.1" 200 4724
114.86.227.216 - - [22/Jul/2020:10:34:19 +0800] "GET /xingrg/kc/buy/cgsh_order_operate.html?command=get_materiel&rest_code=00109&code=00101008355&supplier_code=00100005&order_time=2020-07-22 HTTP/1.1" 200 408
114.89.80.44 - - [22/Jul/2020:10:34:22 +0800] "GET /xingrg/check_reg.html?_=1595385259324 HTTP/1.1" 200 22
114.89.80.44 - - [22/Jul/2020:10:34:22 +0800] "GET /xingrg/all/function/internal_message.html?_=1595385259328&CODE_STATE=getMsg HTTP/1.1" 200 27
117.185.32.26 - - [22/Jul/2020:10:34:22 +0800] "POST /xingrg/kc/buy/cgsh_order_operate.html HTTP/1.1" 200 2065
58.40.7.146 - - [22/Jul/2020:10:34:24 +0800] "GET /xingrg/system/rest/query_items.html?_=1595385263196&table=menu&page=1&rows=20&categoryId=207&key= HTTP/1.1" 200 4584
117.131.5.26 - - [22/Jul/2020:10:34:24 +0800] "GET /xingrg/check_reg.html?_=1595385253121 HTTP/1.1" 302 -
58.40.7.146 - - [22/Jul/2020:10:34:25 +0800] "GET /xingrg/all/function/internal_message.html?_=1595385264873&CODE_STATE=getMsg HTTP/1.1" 200 27
114.86.227.216 - - [22/Jul/2020:10:34:27 +0800] "GET /xingrg/kc/buy/cgsh_order_operate.html?command=get_materiel&rest_code=00109&code=00101008144&supplier_code=00100005&order_time=2020-07-22 HTTP/1.1" 200 412
58.40.7.146 - - [22/Jul/2020:10:34:27 +0800] "GET /xingrg/system/rest/query_items.html?_=1595385266727&table=menu&page=1&rows=20&categoryId=&key= HTTP/1.1" 200 4724
114.88.159.128 - - [22/Jul/2020:10:34:27 +0800] "GET /xingrg/all/function/internal_message.html?_=1595385274117&CODE_STATE=getMsg HTTP/1.1" 200 27
172.17.0.101 - - [22/Jul/2020:10:34:27 +0800] "GET /xingrg/all/function/internal_message.html?_=1595385268450&CODE_STATE=getMsg HTTP/1.1" 200 27
114.86.227.216 - - [22/Jul/2020:10:34:31 +0800] "GET /xingrg/kc/buy/cgsh_order_operate.html?command=get_materiel&rest_code=00109&code=00101008005&supplier_code=00100005&order_time=2020-07-22 HTTP/1.1" 200 412
58.40.7.146 - - [22/Jul/2020:10:34:31 +0800] "GET /xingrg/system/rest/query_items.html?_=1595385270585&table=menu&page=2&rows=20&categoryId=&key= HTTP/1.1" 200 4709
58.40.7.146 - - [22/Jul/2020:10:34:32 +0800] "GET /xingrg/system/rest/query_items.html?_=1595385271711&table=menu&page=3&rows=20&categoryId=&key= HTTP/1.1" 200 4663
58.40.7.146 - - [22/Jul/2020:10:34:33 +0800] "GET /xingrg/system/rest/query_items.html?_=1595385272761&table=menu&page=4&rows=20&categoryId=&key= HTTP/1.1" 200 4659
58.40.7.146 - - [22/Jul/2020:10:34:34 +0800] "GET /xingrg/system/rest/query_items.html?_=1595385273834&table=menu&page=5&rows=20&categoryId=&key= HTTP/1.1" 200 4644
58.40.7.146 - - [22/Jul/2020:10:34:35 +0800] "GET /xingrg/system/rest/query_items.html?_=1595385274908&table=menu&page=6&rows=20&categoryId=&key= HTTP/1.1" 200 4718
116.230.146.118 - - [22/Jul/2020:10:34:35 +0800] "GET /xingrg/all/function/internal_message.html?_=1595385270248&CODE_STATE=getMsg HTTP/1.1" 200 27
114.86.227.216 - - [22/Jul/2020:10:34:37 +0800] "GET /xingrg/kc/buy/cgsh_order_operate.html?command=get_materiel&rest_code=00109&code=00101008257&supplier_code=00100005&order_time=2020-07-22 HTTP/1.1" 200 416
58.40.7.146 - - [22/Jul/2020:10:34:37 +0800] "GET /xingrg/system/rest/query_items.html?_=1595385276281&table=menu&page=7&rows=20&categoryId=&key= HTTP/1.1" 200 4759
117.185.32.26 - - [22/Jul/2020:10:34:41 +0800] "GET /xingrg/kc/buy/cgsh_order_operate.html?command=get_materiel&rest_code=00106&code=00101008323&supplier_code=00100007&order_time=2020-07-22 HTTP/1.1" 200 408
117.185.32.26 - - [22/Jul/2020:10:34:41 +0800] "GET /xingrg/all/function/internal_message.html?_=1595385278611&CODE_STATE=getMsg HTTP/1.1" 200 27
114.86.227.216 - - [22/Jul/2020:10:34:42 +0800] "GET /xingrg/kc/buy/cgsh_order_operate.html?command=get_materiel&rest_code=00109&code=00101008156&supplier_code=00100005&order_time=2020-07-22 HTTP/1.1" 200 414
180.157.251.101 - - [22/Jul/2020:10:34:44 +0800] "GET /xingrg/javascript/easyui/themes/default/images/button_plain_hover.png HTTP/1.1" 304 -
180.157.251.101 - - [22/Jul/2020:10:34:44 +0800] "GET /xingrg/javascript/easyui/themes/default/images/button_plain_hover.png HTTP/1.1" 304 -
180.157.251.101 - - [22/Jul/2020:10:34:44 +0800] "GET /xingrg/javascript/easyui/themes/default/images/button_plain_hover.png HTTP/1.1" 304 -
180.157.251.101 - - [22/Jul/2020:10:34:44 +0800] "GET /xingrg/javascript/easyui/themes/default/images/button_plain_hover.png HTTP/1.1" 304 -
180.157.251.101 - - [22/Jul/2020:10:34:44 +0800] "GET /xingrg/javascript/easyui/themes/default/images/button_plain_hover.png HTTP/1.1" 304 -
180.157.251.101 - - [22/Jul/2020:10:34:44 +0800] "GET /xingrg/javascript/easyui/themes/default/images/button_plain_hover.png HTTP/1.1" 304 -
58.40.7.146 - - [22/Jul/2020:10:34:44 +0800] "GET /xingrg/system/rest/query_items.html?_=1595385283325&table=menu&page=7&rows=20&categoryId=207&key= HTTP/1.1" 200 252
101.83.241.65 - - [22/Jul/2020:10:34:44 +0800] "GET /xingrg/all/function/internal_message.html?_=1595385280285&CODE_STATE=getMsg HTTP/1.1" 200 27
180.157.251.101 - - [22/Jul/2020:10:34:46 +0800] "POST /xingrg/kc/buy/cgsh_order_operate.html HTTP/1.1" 200 37
114.86.227.216 - - [22/Jul/2020:10:34:47 +0800] "GET /xingrg/kc/buy/cgsh_order_operate.html?command=get_materiel&rest_code=00109&code=00101008049&supplier_code=00100005&order_time=2020-07-22 HTTP/1.1" 200 408
114.88.161.57 - - [22/Jul/2020:10:34:47 +0800] "GET /xingrg/all/function/internal_message.html?_=1595385285374&CODE_STATE=getMsg HTTP/1.1" 200 27
180.157.251.101 - - [22/Jul/2020:10:34:47 +0800] "POST /xingrg/kc/buy/cgsh_order_operate.html HTTP/1.1" 200 6789
180.157.251.101 - - [22/Jul/2020:10:34:48 +0800] "GET /xingrg/javascript/easyui/themes/default/images/button_plain_hover.png HTTP/1.1" 304 -
180.157.251.101 - - [22/Jul/2020:10:34:48 +0800] "GET /xingrg/javascript/easyui/themes/default/images/button_plain_hover.png HTTP/1.1" 304 -
180.157.251.101 - - [22/Jul/2020:10:34:48 +0800] "GET /xingrg/javascript/easyui/themes/default/images/button_plain_hover.png HTTP/1.1" 304 -
58.40.7.146 - - [22/Jul/2020:10:34:48 +0800] "GET /xingrg/system/rest/query_items.html?_=1595385287408&table=menu&page=1&rows=20&categoryId=207&key= HTTP/1.1" 200 4584
180.157.251.101 - - [22/Jul/2020:10:34:48 +0800] "GET /xingrg/css/site.css HTTP/1.1" 304 -
180.157.251.101 - - [22/Jul/2020:10:34:48 +0800] "GET /xingrg/javascript/jquery_tools/datebox.css HTTP/1.1" 304 -
180.157.251.101 - - [22/Jul/2020:10:34:48 +0800] "GET /xingrg/javascript/easyui/themes/default/easyui.css HTTP/1.1" 304 -
180.157.251.101 - - [22/Jul/2020:10:34:48 +0800] "GET /xingrg/kc/buy/cgsh_order_add.html HTTP/1.1" 200 59316
180.157.251.101 - - [22/Jul/2020:10:34:48 +0800] "GET /xingrg/javascript/jquery_tools/jquery.tools.hotkey.js HTTP/1.1" 304 -
180.157.251.101 - - [22/Jul/2020:10:34:48 +0800] "GET /xingrg/javascript/jquery_tools/jquery.tools.extend.js HTTP/1.1" 304 -
180.157.251.101 - - [22/Jul/2020:10:34:48 +0800] "GET /xingrg/javascript/jquery_tools/jquery.tools.table.js HTTP/1.1" 304 -
180.157.251.101 - - [22/Jul/2020:10:34:48 +0800] "GET /xingrg/javascript/easyui/themes/icon.css HTTP/1.1" 304 -
180.157.251.101 - - [22/Jul/2020:10:34:48 +0800] "GET /xingrg/javascript/auto/jquery.autocomplete.css HTTP/1.1" 304 -
180.157.251.101 - - [22/Jul/2020:10:34:48 +0800] "GET /xingrg/javascript/jquery_tools/fix.css HTTP/1.1" 304 -
180.157.251.101 - - [22/Jul/2020:10:34:48 +0800] "GET /xingrg/javascript/jquery_tools/table.css HTTP/1.1" 304 -
180.157.251.101 - - [22/Jul/2020:10:34:48 +0800] "GET /xingrg/javascript/pic_change.js HTTP/1.1" 304 -
180.157.251.101 - - [22/Jul/2020:10:34:48 +0800] "GET /xingrg/javascript/jquery_tools/jquery.tools.min.js HTTP/1.1" 304 -
180.157.251.101 - - [22/Jul/2020:10:34:48 +0800] "GET /xingrg/javascript/jquery_tools/order_manager.js HTTP/1.1" 304 -
180.157.251.101 - - [22/Jul/2020:10:34:48 +0800] "GET /xingrg/javascript/convert.js HTTP/1.1" 304 -
180.157.251.101 - - [22/Jul/2020:10:34:48 +0800] "GET /xingrg/javascript/json2.js HTTP/1.1" 304 -
180.157.251.101 - - [22/Jul/2020:10:34:48 +0800] "GET /xingrg/javascript/jquery.cookie.js HTTP/1.1" 304 -
180.157.251.101 - - [22/Jul/2020:10:34:48 +0800] "GET /xingrg/javascript/print/LodopFuncs.js HTTP/1.1" 304 -
180.157.251.101 - - [22/Jul/2020:10:34:48 +0800] "GET /xingrg/javascript/print/kc_print.js HTTP/1.1" 304 -
180.157.251.101 - - [22/Jul/2020:10:34:48 +0800] "GET /xingrg/css/base.css HTTP/1.1" 304 -
180.157.251.101 - - [22/Jul/2020:10:34:48 +0800] "GET /xingrg/javascript/jquery.utils.js HTTP/1.1" 304 -
180.157.251.101 - - [22/Jul/2020:10:34:48 +0800] "GET /xingrg/javascript/easyui/easyloader.js HTTP/1.1" 304 -
180.157.251.101 - - [22/Jul/2020:10:34:48 +0800] "GET /xingrg/javascript/auto/jquery.autocomplete.js HTTP/1.1" 304 -
180.157.251.101 - - [22/Jul/2020:10:34:48 +0800] "GET /xingrg/words/20200721125735_words.js HTTP/1.1" 304 -
180.157.251.101 - - [22/Jul/2020:10:34:48 +0800] "GET /xingrg/javascript/easyui/themes/icons/ok.png HTTP/1.1" 304 -
180.157.251.101 - - [22/Jul/2020:10:34:48 +0800] "GET /xingrg/javascript/easyui/themes/icons/template_new.png HTTP/1.1" 304 -
180.157.251.101 - - [22/Jul/2020:10:34:48 +0800] "GET /xingrg/javascript/easyui/themes/icons/copy_new.png HTTP/1.1" 304 -
180.157.251.101 - - [22/Jul/2020:10:34:48 +0800] "GET /xingrg/javascript/easyui/themes/icons/print.png HTTP/1.1" 304 -
180.157.251.101 - - [22/Jul/2020:10:34:48 +0800] "GET /xingrg/javascript/easyui/themes/icons/cancel.png HTTP/1.1" 304 -
180.157.251.101 - - [22/Jul/2020:10:34:48 +0800] "GET /xingrg/javascript/easyui/themes/default/images/menu_downarrow.png HTTP/1.1" 304 -
180.157.251.101 - - [22/Jul/2020:10:34:48 +0800] "GET /xingrg/javascript/easyui/plugins/jquery.parser.js HTTP/1.1" 304 -
180.157.251.101 - - [22/Jul/2020:10:34:48 +0800] "POST /xingrg/kc/buy/cgsh_order_operate.html HTTP/1.1" 200 8245
180.157.251.101 - - [22/Jul/2020:10:34:48 +0800] "GET /xingrg/javascript/easyui/themes/default/images/button_plain_hover.png HTTP/1.1" 304 -
180.157.251.101 - - [22/Jul/2020:10:34:48 +0800] "GET /xingrg/all/common/auto_word.html?type=employee&rest_code=00148 HTTP/1.1" 200 147
180.157.251.101 - - [22/Jul/2020:10:34:48 +0800] "GET /xingrg/all/common/auto_word.html?type=employee&rest_code=00148 HTTP/1.1" 200 147
180.157.251.101 - - [22/Jul/2020:10:34:48 +0800] "GET /xingrg/javascript/easyui/themes/default/images/button_plain_hover.png HTTP/1.1" 304 -
180.157.251.101 - - [22/Jul/2020:10:34:48 +0800] "GET /xingrg/javascript/easyui/themes/default/validatebox.css HTTP/1.1" 404 1104
180.157.251.101 - - [22/Jul/2020:10:34:48 +0800] "GET /xingrg/javascript/easyui/plugins/jquery.validatebox.js HTTP/1.1" 304 -
180.157.251.101 - - [22/Jul/2020:10:34:48 +0800] "GET /xingrg/javascript/easyui/plugins/jquery.numberbox.js HTTP/1.1" 304 -
114.88.159.128 - - [22/Jul/2020:10:34:50 +0800] "GET /xingrg/check_reg.html?_=1595385297064 HTTP/1.1" 200 22
58.40.7.146 - - [22/Jul/2020:10:34:51 +0800] "GET /xingrg/system/rest/query_items.html?_=1595385290234&table=menu&page=2&rows=20&categoryId=207&key= HTTP/1.1" 200 252
180.157.251.101 - - [22/Jul/2020:10:34:51 +0800] "GET /xingrg/javascript/jquery_tools/jquery.tools.min.js HTTP/1.1" 304 -
180.157.251.101 - - [22/Jul/2020:10:34:51 +0800] "GET /xingrg/javascript/pic_change.js HTTP/1.1" 304 -
180.157.251.101 - - [22/Jul/2020:10:34:51 +0800] "GET /xingrg/javascript/jquery_tools/jquery.tools.extend.js HTTP/1.1" 304 -
180.157.251.101 - - [22/Jul/2020:10:34:51 +0800] "GET /xingrg/javascript/auto/jquery.autocomplete.js HTTP/1.1" 304 -
180.157.251.101 - - [22/Jul/2020:10:34:51 +0800] "GET /xingrg/javascript/jquery_tools/jquery.tools.table.js HTTP/1.1" 304 -
180.157.251.101 - - [22/Jul/2020:10:34:51 +0800] "GET /xingrg/javascript/easyui/easyloader.js HTTP/1.1" 304 -
180.157.251.101 - - [22/Jul/2020:10:34:51 +0800] "GET /xingrg/javascript/jquery.utils.js HTTP/1.1" 304 -
180.157.251.101 - - [22/Jul/2020:10:34:51 +0800] "GET /xingrg/javascript/jquery_tools/order_manager.js HTTP/1.1" 304 -
180.157.251.101 - - [22/Jul/2020:10:34:51 +0800] "GET /xingrg/javascript/convert.js HTTP/1.1" 304 -
180.157.251.101 - - [22/Jul/2020:10:34:51 +0800] "GET /xingrg/javascript/jquery.cookie.js HTTP/1.1" 304 -
180.157.251.101 - - [22/Jul/2020:10:34:51 +0800] "GET /xingrg/javascript/jquery_tools/jquery.tools.hotkey.js HTTP/1.1" 304 -
180.157.251.101 - - [22/Jul/2020:10:34:51 +0800] "GET /xingrg/javascript/print/LodopFuncs.js HTTP/1.1" 304 -
180.157.251.101 - - [22/Jul/2020:10:34:51 +0800] "GET /xingrg/javascript/easyui/plugins/jquery.parser.js HTTP/1.1" 304 -
180.157.251.101 - - [22/Jul/2020:10:34:51 +0800] "GET /xingrg/javascript/easyui/plugins/jquery.validatebox.js HTTP/1.1" 304 -
180.157.251.101 - - [22/Jul/2020:10:34:51 +0800] "GET /xingrg/javascript/print/kc_print.js HTTP/1.1" 304 -
180.157.251.101 - - [22/Jul/2020:10:34:51 +0800] "GET /xingrg/words/20200721125735_words.js HTTP/1.1" 304 -
180.157.251.101 - - [22/Jul/2020:10:34:51 +0800] "GET /xingrg/javascript/easyui/plugins/jquery.numberbox.js HTTP/1.1" 304 -
180.157.251.101 - - [22/Jul/2020:10:34:51 +0800] "GET /xingrg/javascript/json2.js HTTP/1.1" 304 -
114.86.227.216 - - [22/Jul/2020:10:34:52 +0800] "GET /xingrg/kc/buy/cgsh_order_operate.html?command=get_materiel&rest_code=00109&code=00101008185&supplier_code=00100005&order_time=2020-07-22 HTTP/1.1" 200 408
114.88.159.128 - - [22/Jul/2020:10:34:53 +0800] "POST /xingrg/services/DataTransmitService HTTP/1.1" 200 524
114.88.159.128 - - [22/Jul/2020:10:34:53 +0800] "POST /xingrg/services/DataTransmitService HTTP/1.1" 200 501
117.185.32.26 - - [22/Jul/2020:10:34:53 +0800] "GET /xingrg/kc/buy/cgsh_order_operate.html?command=get_materiel&rest_code=00106&code=00101008175&supplier_code=00100007&order_time=2020-07-22 HTTP/1.1" 200 412
124.77.243.181 - - [22/Jul/2020:10:34:53 +0800] "GET /xingrg/check_reg.html?_=1595385302467 HTTP/1.1" 200 22
124.77.243.181 - - [22/Jul/2020:10:34:54 +0800] "GET /xingrg/all/function/internal_message.html?_=1595385302926&CODE_STATE=getMsg HTTP/1.1" 200 27
61.172.5.115 - - [22/Jul/2020:10:34:55 +0800] "GET /xingrg/all/function/internal_message.html?_=1595385291688&CODE_STATE=getMsg HTTP/1.1" 200 27
61.172.5.115 - - [22/Jul/2020:10:34:55 +0800] "GET /xingrg/check_reg.html?_=1595385291690 HTTP/1.1" 200 22
58.40.7.146 - - [22/Jul/2020:10:34:56 +0800] "GET /xingrg/system/rest/query_items.html?_=1595385295092&table=menu&page=2&rows=20&categoryId=&key= HTTP/1.1" 200 4709
58.40.7.146 - - [22/Jul/2020:10:34:58 +0800] "GET /xingrg/system/rest/query_items.html?_=1595385297276&table=menu&page=2&rows=20&categoryId=&key=432 HTTP/1.1" 200 726
172.17.200.101 - - [22/Jul/2020:10:35:00 +0800] "GET /xingrg/all/function/internal_message.html?_=1595385301152&CODE_STATE=getMsg HTTP/1.1" 200 27
117.185.32.26 - - [22/Jul/2020:10:35:00 +0800] "GET /xingrg/kc/buy/cgsh_order_operate.html?command=get_materiel&rest_code=00106&code=00101008302&supplier_code=00100007&order_time=2020-07-22 HTTP/1.1" 200 412
58.40.7.146 - - [22/Jul/2020:10:35:00 +0800] "GET /xingrg/system/rest/query_items.html?_=1595385299643&table=menu&page=2&rows=20&categoryId=&key=432 HTTP/1.1" 200 726
58.40.7.146 - - [22/Jul/2020:10:35:00 +0800] "GET /xingrg/system/rest/get_item.html?table=menu&isAdd=1&_=1595385299931 HTTP/1.1" 200 22
117.185.32.26 - - [22/Jul/2020:10:35:02 +0800] "POST /xingrg/kc/buy/cgsh_order_operate.html HTTP/1.1" 200 2065
180.157.251.101 - - [22/Jul/2020:10:35:02 +0800] "GET /xingrg/all/function/internal_message.html?_=1595385307236&CODE_STATE=getMsg HTTP/1.1" 200 27
114.86.227.216 - - [22/Jul/2020:10:35:04 +0800] "GET /xingrg/kc/buy/cgsh_order_operate.html?command=get_materiel&rest_code=00109&code=00101008308&supplier_code=00100005&order_time=2020-07-22 HTTP/1.1" 200 420
61.172.5.115 - - [22/Jul/2020:10:35:04 +0800] "GET /xingrg/all/function/internal_message.html?_=1595385304973&CODE_STATE=getMsg HTTP/1.1" 200 27
117.185.32.26 - - [22/Jul/2020:10:35:05 +0800] "GET /xingrg/kc/buy/cgsh_order_operate.html?command=get_materiel&rest_code=00106&code=00101008045&supplier_code=00100007&order_time=2020-07-22 HTTP/1.1" 200 412
180.175.214.200 - - [22/Jul/2020:10:35:07 +0800] "GET /xingrg/all/function/internal_message.html?_=1595385513736&CODE_STATE=getMsg HTTP/1.1" 200 27
114.86.227.216 - - [22/Jul/2020:10:35:08 +0800] "GET /xingrg/kc/buy/cgsh_order_operate.html?command=get_materiel&rest_code=00109&code=00101008026&supplier_code=00100005&order_time=2020-07-22 HTTP/1.1" 200 409
222.69.27.237 - - [22/Jul/2020:10:35:08 +0800] "GET /xingrg/all/function/internal_message.html?_=1595385224336&CODE_STATE=getMsg HTTP/1.1" 200 27
114.86.227.216 - - [22/Jul/2020:10:35:10 +0800] "GET /xingrg/all/function/internal_message.html?_=1595385340862&CODE_STATE=getMsg HTTP/1.1" 200 27
114.89.80.44 - - [22/Jul/2020:10:35:10 +0800] "GET /xingrg/all/function/internal_message.html?_=1595385438128&CODE_STATE=getMsg HTTP/1.1" 200 27
117.184.7.26 - - [22/Jul/2020:10:35:10 +0800] "GET /xingrg/all/function/internal_message.html?_=1595385306071&CODE_STATE=getMsg HTTP/1.1" 200 27
58.40.7.146 - - [22/Jul/2020:10:35:11 +0800] "POST /xingrg/dwr/call/plaincall/AjaxGetFirstChart.getFirstChart.dwr HTTP/1.1" 200 78
58.40.7.146 - - [22/Jul/2020:10:35:11 +0800] "POST /xingrg/dwr/call/plaincall/AjaxGetFirstChart.getFirstChart.dwr HTTP/1.1" 200 79
58.40.7.146 - - [22/Jul/2020:10:35:11 +0800] "POST /xingrg/dwr/call/plaincall/AjaxGetFirstChart.getFirstChart.dwr HTTP/1.1" 200 81
58.40.7.146 - - [22/Jul/2020:10:35:11 +0800] "POST /xingrg/dwr/call/plaincall/AjaxGetFirstChart.getFirstChart.dwr HTTP/1.1" 200 81
117.185.32.26 - - [22/Jul/2020:10:35:11 +0800] "GET /xingrg/kc/buy/cgsh_order_operate.html?command=get_materiel&rest_code=00106&code=00101008257&supplier_code=00100007&order_time=2020-07-22 HTTP/1.1" 200 416
120.253.135.82 - - [22/Jul/2020:10:35:12 +0800] "GET /xingrg/all/function/internal_message.html?_=1595385065566&CODE_STATE=getMsg HTTP/1.1" 200 27
58.40.7.146 - - [22/Jul/2020:10:35:12 +0800] "POST /xingrg/dwr/call/plaincall/AjaxGetFirstChart.getFirstChart.dwr HTTP/1.1" 200 83
58.40.7.146 - - [22/Jul/2020:10:35:12 +0800] "POST /xingrg/dwr/call/plaincall/AjaxGetFirstChart.getFirstChart.dwr HTTP/1.1" 200 83
58.40.7.146 - - [22/Jul/2020:10:35:13 +0800] "POST /xingrg/dwr/call/plaincall/AjaxGetFirstChart.getFirstChart.dwr HTTP/1.1" 200 85
114.88.161.57 - - [22/Jul/2020:10:35:13 +0800] "GET /xingrg/all/function/internal_message.html?_=1595385332862&CODE_STATE=getMsg HTTP/1.1" 200 27
58.40.7.146 - - [22/Jul/2020:10:35:13 +0800] "POST /xingrg/dwr/call/plaincall/AjaxGetFirstChart.getFirstChart.dwr HTTP/1.1" 200 85
58.40.7.146 - - [22/Jul/2020:10:35:13 +0800] "POST /xingrg/dwr/call/plaincall/AjaxGetFirstChart.getFirstChart.dwr HTTP/1.1" 200 86
172.17.0.120 - - [22/Jul/2020:10:35:13 +0800] "GET /xingrg/check_reg.html?_=1595385312538 HTTP/1.1" 200 22
172.17.0.120 - - [22/Jul/2020:10:35:13 +0800] "GET /xingrg/all/function/internal_message.html?_=1595385312542&CODE_STATE=getMsg HTTP/1.1" 200 27
58.40.7.146 - - [22/Jul/2020:10:35:13 +0800] "POST /xingrg/dwr/call/plaincall/AjaxGetFirstChart.getFirstChart.dwr HTTP/1.1" 200 87
58.40.7.146 - - [22/Jul/2020:10:35:13 +0800] "POST /xingrg/dwr/call/plaincall/AjaxGetFirstChart.getFirstChart.dwr HTTP/1.1" 200 88
58.40.7.146 - - [22/Jul/2020:10:35:13 +0800] "POST /xingrg/dwr/call/plaincall/AjaxGetFirstChart.getFirstChart.dwr HTTP/1.1" 200 89
180.157.251.101 - - [22/Jul/2020:10:35:14 +0800] "GET /xingrg/kc/buy/cgsh_order_operate.html?command=get_materiel&rest_code=00148&code=00101006055&supplier_code=00100010&order_time=2020-07-22 HTTP/1.1" 200 409
180.157.251.101 - - [22/Jul/2020:10:35:14 +0800] "GET /xingrg/javascript/easyui/themes/default/images/button_plain_hover.png HTTP/1.1" 304 -
58.40.7.146 - - [22/Jul/2020:10:35:14 +0800] "POST /xingrg/dwr/call/plaincall/AjaxGetFirstChart.getFirstChart.dwr HTTP/1.1" 200 80
58.40.7.146 - - [22/Jul/2020:10:35:15 +0800] "POST /xingrg/dwr/call/plaincall/AjaxGetFirstChart.getFirstChart.dwr HTTP/1.1" 200 81
58.40.7.146 - - [22/Jul/2020:10:35:15 +0800] "POST /xingrg/dwr/call/plaincall/AjaxGetFirstChart.getFirstChart.dwr HTTP/1.1" 200 82
58.40.7.146 - - [22/Jul/2020:10:35:15 +0800] "POST /xingrg/dwr/call/plaincall/AjaxGetFirstChart.getFirstChart.dwr HTTP/1.1" 200 84
58.40.7.146 - - [22/Jul/2020:10:35:15 +0800] "POST /xingrg/dwr/call/plaincall/AjaxGetFirstChart.getFirstChart.dwr HTTP/1.1" 200 84
58.40.7.146 - - [22/Jul/2020:10:35:16 +0800] "POST /xingrg/dwr/call/plaincall/AjaxGetFirstChart.getFirstChart.dwr HTTP/1.1" 200 83
58.40.7.146 - - [22/Jul/2020:10:35:16 +0800] "POST /xingrg/dwr/call/plaincall/AjaxGetFirstChart.getFirstChart.dwr HTTP/1.1" 200 82
58.40.7.146 - - [22/Jul/2020:10:35:17 +0800] "POST /xingrg/dwr/call/plaincall/AjaxGetFirstChart.getFirstChart.dwr HTTP/1.1" 200 83
58.40.7.146 - - [22/Jul/2020:10:35:17 +0800] "POST /xingrg/dwr/call/plaincall/AjaxGetFirstChart.getFirstChart.dwr HTTP/1.1" 200 84
58.40.7.146 - - [22/Jul/2020:10:35:17 +0800] "POST /xingrg/dwr/call/plaincall/AjaxGetFirstChart.getFirstChart.dwr HTTP/1.1" 200 85
58.40.7.146 - - [22/Jul/2020:10:35:17 +0800] "POST /xingrg/dwr/call/plaincall/AjaxGetFirstChart.getFirstChart.dwr HTTP/1.1" 200 86
58.40.7.146 - - [22/Jul/2020:10:35:18 +0800] "POST /xingrg/dwr/call/plaincall/AjaxGetFirstChart.getFirstChart.dwr HTTP/1.1" 200 87
58.40.7.146 - - [22/Jul/2020:10:35:18 +0800] "POST /xingrg/dwr/call/plaincall/AjaxGetFirstChart.getFirstChart.dwr HTTP/1.1" 200 88
58.40.7.146 - - [22/Jul/2020:10:35:18 +0800] "POST /xingrg/dwr/call/plaincall/AjaxGetFirstChart.getFirstChart.dwr HTTP/1.1" 200 83
117.185.32.26 - - [22/Jul/2020:10:35:18 +0800] "GET /xingrg/kc/buy/cgsh_order_operate.html?command=get_materiel&rest_code=00106&code=00101008151&supplier_code=00100007&order_time=2020-07-22 HTTP/1.1" 200 412
180.157.251.101 - - [22/Jul/2020:10:35:20 +0800] "GET /xingrg/kc/buy/cgsh_order_operate.html?command=get_materiel&rest_code=00148&code=00101006065&supplier_code=00100010&order_time=2020-07-22 HTTP/1.1" 200 409
180.157.251.101 - - [22/Jul/2020:10:35:21 +0800] "GET /xingrg/javascript/easyui/themes/default/images/button_plain_hover.png HTTP/1.1" 304 -
180.175.214.200 - - [22/Jul/2020:10:35:21 +0800] "GET /xingrg/check_reg.html?_=1595385528529 HTTP/1.1" 200 22
114.89.80.44 - - [22/Jul/2020:10:35:22 +0800] "GET /xingrg/all/function/internal_message.html?_=1595385319322&CODE_STATE=getMsg HTTP/1.1" 200 27
58.40.7.146 - - [22/Jul/2020:10:35:25 +0800] "GET /xingrg/all/function/internal_message.html?_=1595385324876&CODE_STATE=getMsg HTTP/1.1" 200 27
114.86.227.216 - - [22/Jul/2020:10:35:26 +0800] "GET /xingrg/kc/buy/cgsh_order_operate.html?command=get_materiel&rest_code=00109&code=00101008095&supplier_code=00100005&order_time=2020-07-22 HTTP/1.1" 200 412
114.88.159.128 - - [22/Jul/2020:10:35:27 +0800] "GET /xingrg/all/function/internal_message.html?_=1595385334085&CODE_STATE=getMsg HTTP/1.1" 200 27
172.17.0.101 - - [22/Jul/2020:10:35:27 +0800] "GET /xingrg/all/function/internal_message.html?_=1595385328442&CODE_STATE=getMsg HTTP/1.1" 200 27
180.157.251.101 - - [22/Jul/2020:10:35:28 +0800] "GET /xingrg/kc/buy/cgsh_order_operate.html?command=get_materiel&rest_code=00148&code=00101006129&supplier_code=00100010&order_time=2020-07-22 HTTP/1.1" 200 431
180.157.251.101 - - [22/Jul/2020:10:35:28 +0800] "GET /xingrg/javascript/easyui/themes/default/images/button_plain_hover.png HTTP/1.1" 304 -
114.86.227.216 - - [22/Jul/2020:10:35:31 +0800] "GET /xingrg/kc/buy/cgsh_order_operate.html?command=get_materiel&rest_code=00109&code=00101008110&supplier_code=00100005&order_time=2020-07-22 HTTP/1.1" 200 408
117.185.32.26 - - [22/Jul/2020:10:35:35 +0800] "GET /xingrg/kc/buy/cgsh_order_operate.html?command=get_materiel&rest_code=00106&code=00101008244&supplier_code=00100007&order_time=2020-07-22 HTTP/1.1" 200 408
116.230.146.118 - - [22/Jul/2020:10:35:35 +0800] "GET /xingrg/all/function/internal_message.html?_=1595385330243&CODE_STATE=getMsg HTTP/1.1" 200 27
114.86.227.216 - - [22/Jul/2020:10:35:39 +0800] "GET /xingrg/kc/buy/cgsh_order_operate.html?command=get_materiel&rest_code=00109&code=00101008096&supplier_code=00100005&order_time=2020-07-22 HTTP/1.1" 200 412
