117.131.5.26 - - [20/Jul/2020:08:22:46 +0800] "GET /xingrg/javascript/jquery_easy_ui/themes/icons/settle_new.png HTTP/1.1" 304 -
117.131.5.26 - - [20/Jul/2020:08:22:46 +0800] "POST /xingrg/all/common/load_tree.html?tree=area_rest_tree_json&manage=1 HTTP/1.1" 200 3216
117.131.5.26 - - [20/Jul/2020:08:22:46 +0800] "GET /xingrg/all/function/internal_message.html?_=1595204938720&CODE_STATE=count HTTP/1.1" 200 11
117.131.5.26 - - [20/Jul/2020:08:22:46 +0800] "GET /xingrg/check_reg.html?_=1595204938720 HTTP/1.1" 200 22
117.131.5.26 - - [20/Jul/2020:08:22:46 +0800] "GET /xingrg/javascript/jquery_easy_ui/themes/default/images/tabs_leftarrow.png HTTP/1.1" 304 -
117.131.5.26 - - [20/Jul/2020:08:22:46 +0800] "GET /xingrg/images/blue/pingpu.png HTTP/1.1" 304 -
117.131.5.26 - - [20/Jul/2020:08:22:46 +0800] "GET /xingrg/javascript/jquery_easy_ui/themes/default/images/tabs_rightarrow.png HTTP/1.1" 304 -
117.131.5.26 - - [20/Jul/2020:08:22:46 +0800] "GET /xingrg/javascript/jquery_easy_ui/themes/default/images/panel_tool_expand.gif HTTP/1.1" 304 -
117.131.5.26 - - [20/Jul/2020:08:22:46 +0800] "GET /xingrg/javascript/jquery_easy_ui/themes/default/images/panel_tool_collapse.gif HTTP/1.1" 304 -
117.131.5.26 - - [20/Jul/2020:08:22:46 +0800] "POST /xingrg/load_menu.html HTTP/1.1" 200 9959
117.131.5.26 - - [20/Jul/2020:08:22:46 +0800] "GET /xingrg/javascript/jquery_easy_ui/themes/default/images/tree_arrows.gif HTTP/1.1" 304 -
117.131.5.26 - - [20/Jul/2020:08:22:46 +0800] "GET /xingrg/javascript/jquery_easy_ui/themes/default/images/tree_file.gif HTTP/1.1" 304 -
117.131.5.26 - - [20/Jul/2020:08:22:46 +0800] "GET /xingrg/javascript/jquery_easy_ui/themes/icons/systemset_new.png HTTP/1.1" 304 -
117.131.5.26 - - [20/Jul/2020:08:22:46 +0800] "GET /xingrg/javascript/jquery_easy_ui/themes/icons/setting_new.png HTTP/1.1" 304 -
117.131.5.26 - - [20/Jul/2020:08:22:46 +0800] "GET /xingrg/javascript/jquery_easy_ui/themes/icons/forms_new.png HTTP/1.1" 304 -
117.131.5.26 - - [20/Jul/2020:08:22:46 +0800] "GET /xingrg/javascript/jquery_easy_ui/themes/icons/checkout_new.png HTTP/1.1" 304 -
117.131.5.26 - - [20/Jul/2020:08:22:46 +0800] "GET /xingrg/javascript/jquery_easy_ui/themes/icons/storage_new.png HTTP/1.1" 304 -
117.131.5.26 - - [20/Jul/2020:08:22:46 +0800] "GET /xingrg/javascript/jquery_easy_ui/themes/default/images/tree_folder.gif HTTP/1.1" 304 -
117.131.5.26 - - [20/Jul/2020:08:22:46 +0800] "GET /xingrg/javascript/jquery_easy_ui/themes/icons/search_new.png HTTP/1.1" 304 -
117.131.5.26 - - [20/Jul/2020:08:22:46 +0800] "GET /xingrg/javascript/jquery_easy_ui/themes/default/images/tree_folder_open.gif HTTP/1.1" 304 -
124.77.243.181 - - [20/Jul/2020:08:22:52 +0800] "POST /xingrg/dwr/call/plaincall/AjaxCheckService.setItemNumber.dwr HTTP/1.1" 200 77
124.77.243.181 - - [20/Jul/2020:08:22:53 +0800] "POST /xingrg/dwr/call/plaincall/AjaxCheckService.setItemNumber.dwr HTTP/1.1" 200 77
124.77.243.181 - - [20/Jul/2020:08:22:54 +0800] "POST /xingrg/dwr/call/plaincall/AjaxCheckService.setItemNumber.dwr HTTP/1.1" 200 77
124.77.243.181 - - [20/Jul/2020:08:22:56 +0800] "POST /xingrg/dwr/call/plaincall/AjaxCheckService.setItemNumber.dwr HTTP/1.1" 200 77
124.77.243.181 - - [20/Jul/2020:08:22:57 +0800] "POST /xingrg/dwr/call/plaincall/AjaxCheckService.setItemNumber.dwr HTTP/1.1" 200 77
124.77.243.181 - - [20/Jul/2020:08:22:58 +0800] "POST /xingrg/dwr/call/plaincall/AjaxCheckService.setItemNumber.dwr HTTP/1.1" 200 77
124.77.243.181 - - [20/Jul/2020:08:22:59 +0800] "POST /xingrg/dwr/call/plaincall/AjaxCheckService.setItemNumber.dwr HTTP/1.1" 200 77
124.77.243.181 - - [20/Jul/2020:08:23:00 +0800] "POST /xingrg/dwr/call/plaincall/AjaxCheckService.setItemNumber.dwr HTTP/1.1" 200 77
124.77.243.181 - - [20/Jul/2020:08:23:01 +0800] "POST /xingrg/dwr/call/plaincall/AjaxCheckService.setItemNumber.dwr HTTP/1.1" 200 77
124.77.243.181 - - [20/Jul/2020:08:23:03 +0800] "POST /xingrg/dwr/call/plaincall/AjaxCheckService.setItemNumber.dwr HTTP/1.1" 200 77
124.77.243.181 - - [20/Jul/2020:08:23:04 +0800] "POST /xingrg/dwr/call/plaincall/AjaxCheckService.setItemNumber.dwr HTTP/1.1" 200 77
124.77.243.181 - - [20/Jul/2020:08:23:05 +0800] "POST /xingrg/dwr/call/plaincall/AjaxCheckService.setItemNumber.dwr HTTP/1.1" 200 77
124.77.243.181 - - [20/Jul/2020:08:23:07 +0800] "POST /xingrg/dwr/call/plaincall/AjaxCheckService.setItemNumber.dwr HTTP/1.1" 200 77
124.77.243.181 - - [20/Jul/2020:08:23:07 +0800] "POST /xingrg/dwr/call/plaincall/AjaxCheckService.setItemNumber.dwr HTTP/1.1" 200 77
58.37.224.159 - - [20/Jul/2020:08:23:08 +0800] "GET /xingrg/all/function/internal_message.html?_=1595204254145&CODE_STATE=getMsg HTTP/1.1" 200 27
124.77.243.181 - - [20/Jul/2020:08:23:08 +0800] "POST /xingrg/dwr/call/plaincall/AjaxCheckService.setItemNumber.dwr HTTP/1.1" 200 77
124.77.243.181 - - [20/Jul/2020:08:23:09 +0800] "POST /xingrg/dwr/call/plaincall/AjaxCheckService.setItemNumber.dwr HTTP/1.1" 200 77
117.131.5.26 - - [20/Jul/2020:08:23:18 +0800] "GET /xingrg/check_reg.html?_=1595204597922 HTTP/1.1" 302 -
124.77.243.181 - - [20/Jul/2020:08:23:18 +0800] "GET /xingrg/all/function/internal_message.html?_=1595204599875&CODE_STATE=getMsg HTTP/1.1" 200 27
124.77.243.181 - - [20/Jul/2020:08:23:20 +0800] "POST /xingrg/dwr/call/plaincall/AjaxCheckService.setItemNumber.dwr HTTP/1.1" 200 77
124.77.243.181 - - [20/Jul/2020:08:23:22 +0800] "GET /xingrg/kc/base/check_order_info.html?code=452020071900348 HTTP/1.1" 200 26440
124.77.243.181 - - [20/Jul/2020:08:23:22 +0800] "GET /xingrg/dwr/interface/AjaxCheckService.js HTTP/1.1" 200 14003
124.77.243.181 - - [20/Jul/2020:08:23:22 +0800] "GET /xingrg/dwr/interface/AjaxComOrderService.js HTTP/1.1" 200 18264
124.77.243.181 - - [20/Jul/2020:08:23:22 +0800] "GET /xingrg/dwr/engine.js HTTP/1.1" 200 43631
124.77.243.181 - - [20/Jul/2020:08:23:22 +0800] "POST /xingrg/dwr/call/plaincall/AjaxCheckService.loadOrderItems.dwr HTTP/1.1" 200 122960
61.151.179.84 - - [20/Jul/2020:08:23:28 +0800] "GET /xingrg/all/function/internal_message.html?_=1595204549177&CODE_STATE=getMsg HTTP/1.1" 302 -
58.37.224.159 - - [20/Jul/2020:08:23:28 +0800] "GET /xingrg/all/function/internal_message.html?_=1595204609178&CODE_STATE=getMsg HTTP/1.1" 200 27
61.151.179.84 - - [20/Jul/2020:08:23:28 +0800] "GET /xingrg/login.html HTTP/1.1" 200 7641
120.253.135.82 - - [20/Jul/2020:08:23:31 +0800] "GET /xingrg/all/function/internal_message.html?_=1595204366280&CODE_STATE=getMsg HTTP/1.1" 200 27
124.77.243.181 - - [20/Jul/2020:08:23:33 +0800] "POST /xingrg/dwr/call/plaincall/AjaxCheckService.setItemNumber.dwr HTTP/1.1" 200 76
120.253.135.82 - - [20/Jul/2020:08:23:35 +0800] "POST /xingrg/kc/pszx/mdth_order_new_list.html HTTP/1.1" 200 4657
124.77.243.181 - - [20/Jul/2020:08:23:39 +0800] "POST /xingrg/dwr/call/plaincall/AjaxCheckService.setItemNumber.dwr HTTP/1.1" 200 76
124.77.243.181 - - [20/Jul/2020:08:23:40 +0800] "POST /xingrg/dwr/call/plaincall/AjaxCheckService.setItemNumber.dwr HTTP/1.1" 200 76
124.77.243.181 - - [20/Jul/2020:08:23:41 +0800] "POST /xingrg/dwr/call/plaincall/AjaxCheckService.setItemNumber.dwr HTTP/1.1" 200 76
124.77.243.181 - - [20/Jul/2020:08:23:42 +0800] "POST /xingrg/dwr/call/plaincall/AjaxCheckService.setItemNumber.dwr HTTP/1.1" 200 76
124.77.243.181 - - [20/Jul/2020:08:23:43 +0800] "POST /xingrg/dwr/call/plaincall/AjaxCheckService.setItemNumber.dwr HTTP/1.1" 200 76
172.17.0.123 - - [20/Jul/2020:08:23:44 +0800] "GET /xingrg/all/function/internal_message.html?_=1595204565521&CODE_STATE=getMsg HTTP/1.1" 302 -
124.77.243.181 - - [20/Jul/2020:08:23:44 +0800] "POST /xingrg/dwr/call/plaincall/AjaxCheckService.setItemNumber.dwr HTTP/1.1" 200 76
124.77.243.181 - - [20/Jul/2020:08:23:45 +0800] "POST /xingrg/dwr/call/plaincall/AjaxCheckService.setItemNumber.dwr HTTP/1.1" 200 76
117.131.5.26 - - [20/Jul/2020:08:23:46 +0800] "GET /xingrg/all/function/internal_message.html?_=1595204998740&CODE_STATE=getMsg HTTP/1.1" 200 27
124.77.243.181 - - [20/Jul/2020:08:23:46 +0800] "POST /xingrg/dwr/call/plaincall/AjaxCheckService.setItemNumber.dwr HTTP/1.1" 200 76
124.77.243.181 - - [20/Jul/2020:08:23:47 +0800] "POST /xingrg/dwr/call/plaincall/AjaxCheckService.setItemNumber.dwr HTTP/1.1" 200 77
124.77.243.181 - - [20/Jul/2020:08:23:49 +0800] "POST /xingrg/dwr/call/plaincall/AjaxCheckService.setItemNumber.dwr HTTP/1.1" 200 77
124.77.243.181 - - [20/Jul/2020:08:23:49 +0800] "POST /xingrg/dwr/call/plaincall/AjaxCheckService.setItemNumber.dwr HTTP/1.1" 200 77
124.77.243.181 - - [20/Jul/2020:08:23:50 +0800] "POST /xingrg/dwr/call/plaincall/AjaxCheckService.setItemNumber.dwr HTTP/1.1" 200 77
124.77.243.181 - - [20/Jul/2020:08:23:51 +0800] "POST /xingrg/dwr/call/plaincall/AjaxCheckService.setItemNumber.dwr HTTP/1.1" 200 77
124.77.243.181 - - [20/Jul/2020:08:23:52 +0800] "POST /xingrg/dwr/call/plaincall/AjaxCheckService.setItemNumber.dwr HTTP/1.1" 200 77
124.77.243.181 - - [20/Jul/2020:08:23:52 +0800] "POST /xingrg/dwr/call/plaincall/AjaxCheckService.setItemNumber.dwr HTTP/1.1" 200 77
124.77.243.181 - - [20/Jul/2020:08:23:54 +0800] "POST /xingrg/dwr/call/plaincall/AjaxCheckService.setItemNumber.dwr HTTP/1.1" 200 77
124.77.243.181 - - [20/Jul/2020:08:23:55 +0800] "POST /xingrg/dwr/call/plaincall/AjaxCheckService.setItemNumber.dwr HTTP/1.1" 200 77
124.77.243.181 - - [20/Jul/2020:08:23:57 +0800] "POST /xingrg/dwr/call/plaincall/AjaxCheckService.setItemNumber.dwr HTTP/1.1" 200 77
124.77.243.181 - - [20/Jul/2020:08:23:58 +0800] "POST /xingrg/dwr/call/plaincall/AjaxCheckService.setItemNumber.dwr HTTP/1.1" 200 77
124.77.243.181 - - [20/Jul/2020:08:24:00 +0800] "POST /xingrg/dwr/call/plaincall/AjaxCheckService.setItemNumber.dwr HTTP/1.1" 200 77
124.77.243.181 - - [20/Jul/2020:08:24:00 +0800] "POST /xingrg/dwr/call/plaincall/AjaxCheckService.setItemNumber.dwr HTTP/1.1" 200 77
124.77.243.181 - - [20/Jul/2020:08:24:02 +0800] "POST /xingrg/dwr/call/plaincall/AjaxCheckService.setItemNumber.dwr HTTP/1.1" 200 77
124.77.243.181 - - [20/Jul/2020:08:24:04 +0800] "POST /xingrg/dwr/call/plaincall/AjaxCheckService.setItemNumber.dwr HTTP/1.1" 200 77
117.131.5.26 - - [20/Jul/2020:08:24:05 +0800] "GET /xingrg/kc/buy/cgsh_order_list.html HTTP/1.1" 200 43839
124.77.243.181 - - [20/Jul/2020:08:24:06 +0800] "POST /xingrg/dwr/call/plaincall/AjaxCheckService.setItemNumber.dwr HTTP/1.1" 200 77
124.77.243.181 - - [20/Jul/2020:08:24:07 +0800] "POST /xingrg/dwr/call/plaincall/AjaxCheckService.setItemNumber.dwr HTTP/1.1" 200 77
117.131.5.26 - - [20/Jul/2020:08:24:07 +0800] "GET /xingrg/kc/base/wldb_order_list.html HTTP/1.1" 200 19516
117.131.5.26 - - [20/Jul/2020:08:24:08 +0800] "POST /xingrg/kc/buy/cgsh_list_operate.html HTTP/1.1" 200 3024
117.131.5.26 - - [20/Jul/2020:08:24:08 +0800] "POST /xingrg/kc/base/wldb_list_operate.html HTTP/1.1" 200 928
124.77.243.181 - - [20/Jul/2020:08:24:08 +0800] "POST /xingrg/dwr/call/plaincall/AjaxCheckService.setItemNumber.dwr HTTP/1.1" 200 77
58.37.224.159 - - [20/Jul/2020:08:24:08 +0800] "GET /xingrg/all/function/internal_message.html?_=1595204314117&CODE_STATE=getMsg HTTP/1.1" 200 27
124.77.243.181 - - [20/Jul/2020:08:24:10 +0800] "POST /xingrg/dwr/call/plaincall/AjaxCheckService.setItemNumber.dwr HTTP/1.1" 200 77
120.253.135.82 - - [20/Jul/2020:08:24:10 +0800] "GET /xingrg/kc/pszx/mdqp_order_list.html?state=10 HTTP/1.1" 200 10565
120.253.135.82 - - [20/Jul/2020:08:24:10 +0800] "GET /xingrg/dwr/interface/AjaxReportQueryService.js HTTP/1.1" 200 13203
120.253.135.82 - - [20/Jul/2020:08:24:10 +0800] "GET /xingrg/dwr/interface/AjaxQqpsService.js HTTP/1.1" 200 16326
120.253.135.82 - - [20/Jul/2020:08:24:10 +0800] "GET /xingrg/dwr/engine.js HTTP/1.1" 200 43631
124.77.243.181 - - [20/Jul/2020:08:24:12 +0800] "POST /xingrg/dwr/call/plaincall/AjaxCheckService.setItemNumber.dwr HTTP/1.1" 200 77
117.131.5.26 - - [20/Jul/2020:08:24:13 +0800] "POST /xingrg/kc/base/wldb_list_operate.html HTTP/1.1" 200 6211
124.77.243.181 - - [20/Jul/2020:08:24:13 +0800] "POST /xingrg/dwr/call/plaincall/AjaxCheckService.setItemNumber.dwr HTTP/1.1" 200 77
124.77.243.181 - - [20/Jul/2020:08:24:14 +0800] "POST /xingrg/dwr/call/plaincall/AjaxCheckService.setItemNumber.dwr HTTP/1.1" 200 77
124.77.243.181 - - [20/Jul/2020:08:24:15 +0800] "POST /xingrg/dwr/call/plaincall/AjaxCheckService.setItemNumber.dwr HTTP/1.1" 200 77
124.77.243.181 - - [20/Jul/2020:08:24:16 +0800] "POST /xingrg/dwr/call/plaincall/AjaxCheckService.setItemNumber.dwr HTTP/1.1" 200 77
117.131.5.26 - - [20/Jul/2020:08:24:16 +0800] "POST /xingrg/kc/base/wldb_list_operate.html HTTP/1.1" 200 312
117.131.5.26 - - [20/Jul/2020:08:24:16 +0800] "GET /xingrg/kc/base/wldb_order_info.html?code=422020071902261 HTTP/1.1" 200 26502
117.131.5.26 - - [20/Jul/2020:08:24:17 +0800] "GET /xingrg/words/20200719191801_words.js HTTP/1.1" 304 -
117.131.5.26 - - [20/Jul/2020:08:24:17 +0800] "GET /xingrg/javascript/easyui/themes/default/validatebox.css HTTP/1.1" 404 1104
117.131.5.26 - - [20/Jul/2020:08:24:17 +0800] "POST /xingrg/kc/base/wldb_order_operate.html HTTP/1.1" 200 992
124.77.243.181 - - [20/Jul/2020:08:24:18 +0800] "POST /xingrg/dwr/call/plaincall/AjaxCheckService.setItemNumber.dwr HTTP/1.1" 200 77
124.77.243.181 - - [20/Jul/2020:08:24:18 +0800] "GET /xingrg/all/function/internal_message.html?_=1595204659942&CODE_STATE=getMsg HTTP/1.1" 200 27
124.77.243.181 - - [20/Jul/2020:08:24:20 +0800] "POST /xingrg/dwr/call/plaincall/AjaxCheckService.setItemNumber.dwr HTTP/1.1" 200 77
124.77.243.181 - - [20/Jul/2020:08:24:21 +0800] "POST /xingrg/dwr/call/plaincall/AjaxCheckService.setItemNumber.dwr HTTP/1.1" 200 77
117.131.5.26 - - [20/Jul/2020:08:24:21 +0800] "POST /xingrg/kc/base/wldb_order_operate.html HTTP/1.1" 200 12
124.77.243.181 - - [20/Jul/2020:08:24:22 +0800] "POST /xingrg/dwr/call/plaincall/AjaxCheckService.setItemNumber.dwr HTTP/1.1" 200 77
117.131.5.26 - - [20/Jul/2020:08:24:22 +0800] "GET /xingrg/kc/base/wldb_order_info.html?code=422020071902261 HTTP/1.1" 200 30381
117.131.5.26 - - [20/Jul/2020:08:24:22 +0800] "GET /xingrg/all/common/auto_word.html?type=base&rest_code=00104 HTTP/1.1" 200 1753
117.131.5.26 - - [20/Jul/2020:08:24:22 +0800] "GET /xingrg/all/common/auto_word.html?type=base&rest_code=00104 HTTP/1.1" 200 1753
117.131.5.26 - - [20/Jul/2020:08:24:23 +0800] "GET /xingrg/javascript/easyui/themes/default/validatebox.css HTTP/1.1" 404 1104
117.131.5.26 - - [20/Jul/2020:08:24:23 +0800] "POST /xingrg/kc/base/wldb_order_operate.html HTTP/1.1" 200 2710
124.77.243.181 - - [20/Jul/2020:08:24:24 +0800] "POST /xingrg/dwr/call/plaincall/AjaxCheckService.setItemNumber.dwr HTTP/1.1" 200 77
124.77.243.181 - - [20/Jul/2020:08:24:25 +0800] "POST /xingrg/dwr/call/plaincall/AjaxCheckService.setItemNumber.dwr HTTP/1.1" 200 77
124.77.243.181 - - [20/Jul/2020:08:24:26 +0800] "POST /xingrg/dwr/call/plaincall/AjaxCheckService.setItemNumber.dwr HTTP/1.1" 200 77
124.77.243.181 - - [20/Jul/2020:08:24:27 +0800] "POST /xingrg/dwr/call/plaincall/AjaxCheckService.setItemNumber.dwr HTTP/1.1" 200 77
58.37.224.159 - - [20/Jul/2020:08:24:27 +0800] "GET /xingrg/check_reg.html?_=1595204333244 HTTP/1.1" 200 22
101.89.239.230 - - [20/Jul/2020:08:24:28 +0800] "GET /xingrg/all/function/internal_message.html?_=1595204609178&CODE_STATE=getMsg HTTP/1.1" 302 -
124.77.243.181 - - [20/Jul/2020:08:24:28 +0800] "POST /xingrg/dwr/call/plaincall/AjaxCheckService.setItemNumber.dwr HTTP/1.1" 200 77
58.37.224.159 - - [20/Jul/2020:08:24:28 +0800] "GET /xingrg/all/function/internal_message.html?_=1595204669177&CODE_STATE=getMsg HTTP/1.1" 200 27
101.89.239.230 - - [20/Jul/2020:08:24:28 +0800] "GET /xingrg/login.html HTTP/1.1" 200 7641
124.77.243.181 - - [20/Jul/2020:08:24:29 +0800] "POST /xingrg/dwr/call/plaincall/AjaxCheckService.setItemNumber.dwr HTTP/1.1" 200 77
114.92.198.157 - - [20/Jul/2020:08:24:29 +0800] "POST /xingrg/login_supplier.html HTTP/1.1" 302 -
114.92.198.157 - - [20/Jul/2020:08:24:29 +0800] "GET /xingrg/supplier_index.html?sysBaseUrl=http%3A%2F%2F180.169.147.146%3A18081%2Fxingrg%2F&costTime=12×tamp=1595204669892 HTTP/1.1" 200 9061
114.92.198.157 - - [20/Jul/2020:08:24:30 +0800] "GET /favicon.ico HTTP/1.1" 404 -
124.77.243.181 - - [20/Jul/2020:08:24:31 +0800] "POST /xingrg/dwr/call/plaincall/AjaxCheckService.setItemNumber.dwr HTTP/1.1" 200 77
114.92.198.157 - - [20/Jul/2020:08:24:31 +0800] "GET /xingrg/supplier/cgsh_order_list.html HTTP/1.1" 200 10896
124.77.243.181 - - [20/Jul/2020:08:24:31 +0800] "POST /xingrg/dwr/call/plaincall/AjaxCheckService.setItemNumber.dwr HTTP/1.1" 200 77
124.77.243.181 - - [20/Jul/2020:08:24:32 +0800] "POST /xingrg/dwr/call/plaincall/AjaxCheckService.setItemNumber.dwr HTTP/1.1" 200 77
114.92.198.157 - - [20/Jul/2020:08:24:32 +0800] "POST /xingrg/supplier/cgsh_list_operate.html HTTP/1.1" 200 6095
124.77.243.181 - - [20/Jul/2020:08:24:34 +0800] "POST /xingrg/dwr/call/plaincall/AjaxCheckService.setItemNumber.dwr HTTP/1.1" 200 77
114.92.198.157 - - [20/Jul/2020:08:24:34 +0800] "GET /xingrg/javascript/jquery_tools/images/prev.gif HTTP/1.1" 404 1086
114.92.198.157 - - [20/Jul/2020:08:24:34 +0800] "GET /xingrg/javascript/jquery_tools/images/next.gif HTTP/1.1" 404 1086
114.92.198.157 - - [20/Jul/2020:08:24:40 +0800] "POST /xingrg/supplier/cgsh_list_operate.html HTTP/1.1" 200 5756
124.77.243.181 - - [20/Jul/2020:08:24:40 +0800] "POST /xingrg/dwr/call/plaincall/AjaxCheckService.setItemNumber.dwr HTTP/1.1" 200 77
124.77.243.181 - - [20/Jul/2020:08:24:41 +0800] "POST /xingrg/dwr/call/plaincall/AjaxCheckService.setItemNumber.dwr HTTP/1.1" 200 77
124.77.243.181 - - [20/Jul/2020:08:24:42 +0800] "POST /xingrg/dwr/call/plaincall/AjaxCheckService.setItemNumber.dwr HTTP/1.1" 200 77
172.17.0.123 - - [20/Jul/2020:08:24:44 +0800] "GET /xingrg/all/function/internal_message.html?_=1595204625507&CODE_STATE=getMsg HTTP/1.1" 302 -
117.131.5.26 - - [20/Jul/2020:08:24:45 +0800] "POST /xingrg/kc/base/wldb_order_operate.html HTTP/1.1" 200 37
117.131.5.26 - - [20/Jul/2020:08:24:45 +0800] "POST /xingrg/kc/base/wldb_order_operate.html HTTP/1.1" 200 2236
117.131.5.26 - - [20/Jul/2020:08:24:46 +0800] "GET /xingrg/kc/base/wldb_order_info.html?code=422020071902261 HTTP/1.1" 200 30381
117.131.5.26 - - [20/Jul/2020:08:24:47 +0800] "GET /xingrg/javascript/easyui/themes/default/validatebox.css HTTP/1.1" 404 1104
117.131.5.26 - - [20/Jul/2020:08:24:47 +0800] "POST /xingrg/kc/base/wldb_order_operate.html HTTP/1.1" 200 2236
117.131.5.26 - - [20/Jul/2020:08:24:51 +0800] "GET /xingrg/login.html HTTP/1.1" 200 7641
117.131.5.26 - - [20/Jul/2020:08:24:51 +0800] "GET /favicon.ico HTTP/1.1" 404 -
117.131.5.26 - - [20/Jul/2020:08:25:03 +0800] "POST /xingrg/login.do HTTP/1.1" 302 -
117.131.5.26 - - [20/Jul/2020:08:25:03 +0800] "GET /xingrg/index.html?sysBaseUrl=http%3A%2F%2F180.169.147.146%3A18081%2Fxingrg%2F&costTime=38×tamp=1595204703460 HTTP/1.1" 200 17179
117.131.5.26 - - [20/Jul/2020:08:25:03 +0800] "POST /xingrg/all/common/load_tree.html?tree=area_rest_tree_json&manage=1 HTTP/1.1" 200 351
117.131.5.26 - - [20/Jul/2020:08:25:03 +0800] "GET /xingrg/all/function/internal_message.html?_=1595205075941&CODE_STATE=count HTTP/1.1" 200 11
117.131.5.26 - - [20/Jul/2020:08:25:03 +0800] "GET /xingrg/check_reg.html?_=1595205075942 HTTP/1.1" 200 22
117.131.5.26 - - [20/Jul/2020:08:25:03 +0800] "POST /xingrg/load_menu.html HTTP/1.1" 200 5138
117.131.5.26 - - [20/Jul/2020:08:25:03 +0800] "GET /favicon.ico HTTP/1.1" 404 -
114.92.198.157 - - [20/Jul/2020:08:25:07 +0800] "POST /xingrg/supplier/cgsh_list_operate.html HTTP/1.1" 200 5638
58.37.224.159 - - [20/Jul/2020:08:25:08 +0800] "GET /xingrg/all/function/internal_message.html?_=1595204374092&CODE_STATE=getMsg HTTP/1.1" 200 27
58.40.7.146 - - [20/Jul/2020:08:25:12 +0800] "GET /xingrg/check_reg.html?_=1595204712208 HTTP/1.1" 200 22
124.77.243.181 - - [20/Jul/2020:08:25:15 +0800] "GET /xingrg/check_reg.html?_=1595204716702 HTTP/1.1" 200 22
124.77.243.181 - - [20/Jul/2020:08:25:19 +0800] "POST /xingrg/dwr/call/plaincall/AjaxCheckService.setItemNumber.dwr HTTP/1.1" 200 77
124.77.243.181 - - [20/Jul/2020:08:25:19 +0800] "GET /xingrg/all/function/internal_message.html?_=1595204720465&CODE_STATE=getMsg HTTP/1.1" 200 27
124.77.243.181 - - [20/Jul/2020:08:25:24 +0800] "POST /xingrg/dwr/call/plaincall/AjaxCheckService.setItemNumber.dwr HTTP/1.1" 200 77
124.77.243.181 - - [20/Jul/2020:08:25:24 +0800] "POST /xingrg/dwr/call/plaincall/AjaxCheckService.setItemNumber.dwr HTTP/1.1" 200 77
124.77.243.181 - - [20/Jul/2020:08:25:26 +0800] "POST /xingrg/dwr/call/plaincall/AjaxCheckService.setItemNumber.dwr HTTP/1.1" 200 77
124.77.243.181 - - [20/Jul/2020:08:25:27 +0800] "POST /xingrg/dwr/call/plaincall/AjaxCheckService.setItemNumber.dwr HTTP/1.1" 200 77
58.37.224.159 - - [20/Jul/2020:08:25:28 +0800] "GET /xingrg/all/function/internal_message.html?_=1595204729178&CODE_STATE=getMsg HTTP/1.1" 200 27
124.77.243.181 - - [20/Jul/2020:08:25:28 +0800] "POST /xingrg/dwr/call/plaincall/AjaxCheckService.setItemNumber.dwr HTTP/1.1" 200 77
124.77.243.181 - - [20/Jul/2020:08:25:29 +0800] "POST /xingrg/dwr/call/plaincall/AjaxCheckService.setItemNumber.dwr HTTP/1.1" 200 77
124.77.243.181 - - [20/Jul/2020:08:25:30 +0800] "POST /xingrg/dwr/call/plaincall/AjaxCheckService.setItemNumber.dwr HTTP/1.1" 200 77
114.92.198.157 - - [20/Jul/2020:08:25:30 +0800] "POST /xingrg/supplier/cgsh_list_operate.html HTTP/1.1" 200 5599
124.77.243.181 - - [20/Jul/2020:08:25:31 +0800] "POST /xingrg/dwr/call/plaincall/AjaxCheckService.setItemNumber.dwr HTTP/1.1" 200 77
124.77.243.181 - - [20/Jul/2020:08:25:33 +0800] "POST /xingrg/dwr/call/plaincall/AjaxCheckService.setItemNumber.dwr HTTP/1.1" 200 77
124.77.243.181 - - [20/Jul/2020:08:25:33 +0800] "POST /xingrg/dwr/call/plaincall/AjaxCheckService.setItemNumber.dwr HTTP/1.1" 200 77
124.77.243.181 - - [20/Jul/2020:08:25:34 +0800] "POST /xingrg/dwr/call/plaincall/AjaxCheckService.setItemNumber.dwr HTTP/1.1" 200 77
124.77.243.181 - - [20/Jul/2020:08:25:35 +0800] "POST /xingrg/dwr/call/plaincall/AjaxCheckService.setItemNumber.dwr HTTP/1.1" 200 77
124.77.243.181 - - [20/Jul/2020:08:25:36 +0800] "POST /xingrg/dwr/call/plaincall/AjaxCheckService.setItemNumber.dwr HTTP/1.1" 200 77
124.77.243.181 - - [20/Jul/2020:08:25:37 +0800] "POST /xingrg/dwr/call/plaincall/AjaxCheckService.setItemNumber.dwr HTTP/1.1" 200 77
124.77.243.181 - - [20/Jul/2020:08:25:39 +0800] "POST /xingrg/dwr/call/plaincall/AjaxCheckService.setItemNumber.dwr HTTP/1.1" 200 77
124.77.243.181 - - [20/Jul/2020:08:25:39 +0800] "POST /xingrg/dwr/call/plaincall/AjaxCheckService.setItemNumber.dwr HTTP/1.1" 200 77
124.77.243.181 - - [20/Jul/2020:08:25:41 +0800] "POST /xingrg/dwr/call/plaincall/AjaxCheckService.setItemNumber.dwr HTTP/1.1" 200 77
124.77.243.181 - - [20/Jul/2020:08:25:42 +0800] "POST /xingrg/dwr/call/plaincall/AjaxCheckService.setItemNumber.dwr HTTP/1.1" 200 77
124.77.243.181 - - [20/Jul/2020:08:25:42 +0800] "POST /xingrg/dwr/call/plaincall/AjaxCheckService.setItemNumber.dwr HTTP/1.1" 200 77
172.17.0.123 - - [20/Jul/2020:08:25:44 +0800] "GET /xingrg/all/function/internal_message.html?_=1595204685519&CODE_STATE=getMsg HTTP/1.1" 302 -
114.92.198.157 - - [20/Jul/2020:08:25:44 +0800] "POST /xingrg/supplier/cgsh_list_operate.html HTTP/1.1" 200 5623
124.77.243.181 - - [20/Jul/2020:08:25:44 +0800] "POST /xingrg/dwr/call/plaincall/AjaxCheckService.setItemNumber.dwr HTTP/1.1" 200 77
124.77.243.181 - - [20/Jul/2020:08:25:45 +0800] "POST /xingrg/dwr/call/plaincall/AjaxCheckService.setItemNumber.dwr HTTP/1.1" 200 77
124.77.243.181 - - [20/Jul/2020:08:25:46 +0800] "POST /xingrg/dwr/call/plaincall/AjaxCheckService.setItemNumber.dwr HTTP/1.1" 200 77
124.77.243.181 - - [20/Jul/2020:08:25:47 +0800] "POST /xingrg/dwr/call/plaincall/AjaxCheckService.setItemNumber.dwr HTTP/1.1" 200 77
124.77.243.181 - - [20/Jul/2020:08:25:49 +0800] "POST /xingrg/dwr/call/plaincall/AjaxCheckService.setItemNumber.dwr HTTP/1.1" 200 77
124.77.243.181 - - [20/Jul/2020:08:25:50 +0800] "POST /xingrg/dwr/call/plaincall/AjaxCheckService.setItemNumber.dwr HTTP/1.1" 200 77
124.77.243.181 - - [20/Jul/2020:08:25:51 +0800] "POST /xingrg/dwr/call/plaincall/AjaxCheckService.setItemNumber.dwr HTTP/1.1" 200 77
124.77.243.181 - - [20/Jul/2020:08:25:53 +0800] "POST /xingrg/dwr/call/plaincall/AjaxCheckService.setItemNumber.dwr HTTP/1.1" 200 77
124.77.243.181 - - [20/Jul/2020:08:25:54 +0800] "POST /xingrg/dwr/call/plaincall/AjaxCheckService.setItemNumber.dwr HTTP/1.1" 200 77
114.92.198.157 - - [20/Jul/2020:08:25:55 +0800] "POST /xingrg/supplier/cgsh_list_operate.html HTTP/1.1" 200 5756
124.77.243.181 - - [20/Jul/2020:08:25:55 +0800] "POST /xingrg/dwr/call/plaincall/AjaxCheckService.setItemNumber.dwr HTTP/1.1" 200 77
124.77.243.181 - - [20/Jul/2020:08:25:56 +0800] "POST /xingrg/dwr/call/plaincall/AjaxCheckService.setItemNumber.dwr HTTP/1.1" 200 77
124.77.243.181 - - [20/Jul/2020:08:26:02 +0800] "POST /xingrg/dwr/call/plaincall/AjaxCheckService.setItemNumber.dwr HTTP/1.1" 200 77
117.131.5.26 - - [20/Jul/2020:08:26:03 +0800] "GET /xingrg/all/function/internal_message.html?_=1595205135953&CODE_STATE=getMsg HTTP/1.1" 200 27
124.77.243.181 - - [20/Jul/2020:08:26:03 +0800] "POST /xingrg/dwr/call/plaincall/AjaxCheckService.setItemNumber.dwr HTTP/1.1" 200 77
124.77.243.181 - - [20/Jul/2020:08:26:04 +0800] "POST /xingrg/dwr/call/plaincall/AjaxCheckService.setItemNumber.dwr HTTP/1.1" 200 77
124.77.243.181 - - [20/Jul/2020:08:26:05 +0800] "POST /xingrg/dwr/call/plaincall/AjaxCheckService.setItemNumber.dwr HTTP/1.1" 200 77
124.77.243.181 - - [20/Jul/2020:08:26:06 +0800] "POST /xingrg/dwr/call/plaincall/AjaxCheckService.setItemNumber.dwr HTTP/1.1" 200 77
124.77.243.181 - - [20/Jul/2020:08:26:07 +0800] "POST /xingrg/dwr/call/plaincall/AjaxCheckService.setItemNumber.dwr HTTP/1.1" 200 77
58.37.224.159 - - [20/Jul/2020:08:26:08 +0800] "GET /xingrg/all/function/internal_message.html?_=1595204434074&CODE_STATE=getMsg HTTP/1.1" 200 27
124.77.243.181 - - [20/Jul/2020:08:26:10 +0800] "POST /xingrg/dwr/call/plaincall/AjaxCheckService.setItemNumber.dwr HTTP/1.1" 200 77
58.40.7.146 - - [20/Jul/2020:08:26:10 +0800] "GET /xingrg/check_reg.html?_=1595204770484 HTTP/1.1" 200 22
124.77.243.181 - - [20/Jul/2020:08:26:16 +0800] "POST /xingrg/dwr/call/plaincall/AjaxCheckService.setItemNumber.dwr HTTP/1.1" 200 77
124.77.243.181 - - [20/Jul/2020:08:26:19 +0800] "GET /xingrg/all/function/internal_message.html?_=1595204780585&CODE_STATE=getMsg HTTP/1.1" 200 27
124.77.243.181 - - [20/Jul/2020:08:26:21 +0800] "POST /xingrg/dwr/call/plaincall/AjaxCheckService.setItemNumber.dwr HTTP/1.1" 200 77
124.77.243.181 - - [20/Jul/2020:08:26:24 +0800] "POST /xingrg/dwr/call/plaincall/AjaxCheckService.setItemNumber.dwr HTTP/1.1" 200 77
124.77.243.181 - - [20/Jul/2020:08:26:25 +0800] "POST /xingrg/dwr/call/plaincall/AjaxCheckService.setItemNumber.dwr HTTP/1.1" 200 77
124.77.243.181 - - [20/Jul/2020:08:26:27 +0800] "POST /xingrg/dwr/call/plaincall/AjaxCheckService.setItemNumber.dwr HTTP/1.1" 200 77
124.77.243.181 - - [20/Jul/2020:08:26:28 +0800] "POST /xingrg/dwr/call/plaincall/AjaxCheckService.setItemNumber.dwr HTTP/1.1" 200 77
101.91.60.105 - - [20/Jul/2020:08:26:28 +0800] "GET /xingrg/all/function/internal_message.html?_=1595204729178&CODE_STATE=getMsg HTTP/1.1" 302 -
58.37.224.159 - - [20/Jul/2020:08:26:28 +0800] "GET /xingrg/all/function/internal_message.html?_=1595204789193&CODE_STATE=getMsg HTTP/1.1" 200 27
101.91.60.105 - - [20/Jul/2020:08:26:28 +0800] "GET /xingrg/login.html HTTP/1.1" 200 7641
124.77.243.181 - - [20/Jul/2020:08:26:29 +0800] "POST /xingrg/dwr/call/plaincall/AjaxCheckService.setItemNumber.dwr HTTP/1.1" 200 77
124.77.243.181 - - [20/Jul/2020:08:26:30 +0800] "POST /xingrg/dwr/call/plaincall/AjaxCheckService.setItemNumber.dwr HTTP/1.1" 200 77
124.77.243.181 - - [20/Jul/2020:08:26:31 +0800] "POST /xingrg/dwr/call/plaincall/AjaxCheckService.setItemNumber.dwr HTTP/1.1" 200 77
124.77.243.181 - - [20/Jul/2020:08:26:32 +0800] "POST /xingrg/dwr/call/plaincall/AjaxCheckService.setItemNumber.dwr HTTP/1.1" 200 77
124.77.243.181 - - [20/Jul/2020:08:26:33 +0800] "POST /xingrg/dwr/call/plaincall/AjaxCheckService.setItemNumber.dwr HTTP/1.1" 200 77
124.77.243.181 - - [20/Jul/2020:08:26:34 +0800] "POST /xingrg/dwr/call/plaincall/AjaxCheckService.setItemNumber.dwr HTTP/1.1" 200 78
124.77.243.181 - - [20/Jul/2020:08:26:35 +0800] "POST /xingrg/dwr/call/plaincall/AjaxCheckService.setItemNumber.dwr HTTP/1.1" 200 78
172.17.0.123 - - [20/Jul/2020:08:26:44 +0800] "GET /xingrg/check_reg.html?_=1595204745517 HTTP/1.1" 302 -
172.17.0.123 - - [20/Jul/2020:08:26:44 +0800] "GET /xingrg/all/function/internal_message.html?_=1595204745519&CODE_STATE=getMsg HTTP/1.1" 302 -
124.77.243.181 - - [20/Jul/2020:08:26:46 +0800] "POST /xingrg/dwr/call/plaincall/AjaxCheckService.setItemNumber.dwr HTTP/1.1" 200 78
124.77.243.181 - - [20/Jul/2020:08:26:48 +0800] "POST /xingrg/dwr/call/plaincall/AjaxCheckService.setItemNumber.dwr HTTP/1.1" 200 78
124.77.243.181 - - [20/Jul/2020:08:26:49 +0800] "POST /xingrg/dwr/call/plaincall/AjaxCheckService.setItemNumber.dwr HTTP/1.1" 200 78
124.77.243.181 - - [20/Jul/2020:08:26:50 +0800] "POST /xingrg/dwr/call/plaincall/AjaxCheckService.setItemNumber.dwr HTTP/1.1" 200 78
124.77.243.181 - - [20/Jul/2020:08:26:52 +0800] "POST /xingrg/dwr/call/plaincall/AjaxCheckService.setItemNumber.dwr HTTP/1.1" 200 78
124.77.243.181 - - [20/Jul/2020:08:26:53 +0800] "POST /xingrg/dwr/call/plaincall/AjaxCheckService.setItemNumber.dwr HTTP/1.1" 200 78
124.77.243.181 - - [20/Jul/2020:08:26:54 +0800] "POST /xingrg/dwr/call/plaincall/AjaxCheckService.setItemNumber.dwr HTTP/1.1" 200 78
114.92.198.157 - - [20/Jul/2020:08:26:55 +0800] "POST /xingrg/supplier/cgsh_list_operate.html HTTP/1.1" 200 5600
124.77.243.181 - - [20/Jul/2020:08:26:56 +0800] "POST /xingrg/dwr/call/plaincall/AjaxCheckService.setItemNumber.dwr HTTP/1.1" 200 78
124.77.243.181 - - [20/Jul/2020:08:26:57 +0800] "POST /xingrg/dwr/call/plaincall/AjaxCheckService.setItemNumber.dwr HTTP/1.1" 200 78
124.77.243.181 - - [20/Jul/2020:08:26:58 +0800] "POST /xingrg/dwr/call/plaincall/AjaxCheckService.setItemNumber.dwr HTTP/1.1" 200 78
124.77.243.181 - - [20/Jul/2020:08:26:59 +0800] "POST /xingrg/dwr/call/plaincall/AjaxCheckService.setItemNumber.dwr HTTP/1.1" 200 78
124.77.243.181 - - [20/Jul/2020:08:27:00 +0800] "POST /xingrg/dwr/call/plaincall/AjaxCheckService.setItemNumber.dwr HTTP/1.1" 200 78
124.77.243.181 - - [20/Jul/2020:08:27:01 +0800] "POST /xingrg/dwr/call/plaincall/AjaxCheckService.setItemNumber.dwr HTTP/1.1" 200 78
124.77.243.181 - - [20/Jul/2020:08:27:01 +0800] "POST /xingrg/dwr/call/plaincall/AjaxCheckService.setItemNumber.dwr HTTP/1.1" 200 78
124.77.243.181 - - [20/Jul/2020:08:27:02 +0800] "POST /xingrg/dwr/call/plaincall/AjaxCheckService.setItemNumber.dwr HTTP/1.1" 200 78
117.131.5.26 - - [20/Jul/2020:08:27:03 +0800] "GET /xingrg/all/function/internal_message.html?_=1595205195960&CODE_STATE=getMsg HTTP/1.1" 200 27
124.77.243.181 - - [20/Jul/2020:08:27:03 +0800] "POST /xingrg/dwr/call/plaincall/AjaxCheckService.setItemNumber.dwr HTTP/1.1" 200 78
124.77.243.181 - - [20/Jul/2020:08:27:04 +0800] "POST /xingrg/dwr/call/plaincall/AjaxCheckService.setItemNumber.dwr HTTP/1.1" 200 78
124.77.243.181 - - [20/Jul/2020:08:27:06 +0800] "POST /xingrg/dwr/call/plaincall/AjaxCheckService.setItemNumber.dwr HTTP/1.1" 200 78
124.77.243.181 - - [20/Jul/2020:08:27:07 +0800] "POST /xingrg/dwr/call/plaincall/AjaxCheckService.setItemNumber.dwr HTTP/1.1" 200 78
124.77.243.181 - - [20/Jul/2020:08:27:07 +0800] "POST /xingrg/dwr/call/plaincall/AjaxCheckService.setItemNumber.dwr HTTP/1.1" 200 78
58.37.224.159 - - [20/Jul/2020:08:27:08 +0800] "GET /xingrg/all/function/internal_message.html?_=1595204494056&CODE_STATE=getMsg HTTP/1.1" 200 27
124.77.243.181 - - [20/Jul/2020:08:27:08 +0800] "POST /xingrg/dwr/call/plaincall/AjaxCheckService.setItemNumber.dwr HTTP/1.1" 200 78
124.77.243.181 - - [20/Jul/2020:08:27:14 +0800] "POST /xingrg/dwr/call/plaincall/AjaxCheckService.setItemNumber.dwr HTTP/1.1" 200 78
124.77.243.181 - - [20/Jul/2020:08:27:16 +0800] "POST /xingrg/dwr/call/plaincall/AjaxCheckService.setItemNumber.dwr HTTP/1.1" 200 78
124.77.243.181 - - [20/Jul/2020:08:27:17 +0800] "POST /xingrg/dwr/call/plaincall/AjaxCheckService.setItemNumber.dwr HTTP/1.1" 200 78
124.77.243.181 - - [20/Jul/2020:08:27:19 +0800] "POST /xingrg/dwr/call/plaincall/AjaxCheckService.setItemNumber.dwr HTTP/1.1" 200 78
124.77.243.181 - - [20/Jul/2020:08:27:19 +0800] "GET /xingrg/all/function/internal_message.html?_=1595204840594&CODE_STATE=getMsg HTTP/1.1" 200 27
124.77.243.181 - - [20/Jul/2020:08:27:21 +0800] "POST /xingrg/dwr/call/plaincall/AjaxCheckService.setItemNumber.dwr HTTP/1.1" 200 78
124.77.243.181 - - [20/Jul/2020:08:27:22 +0800] "POST /xingrg/dwr/call/plaincall/AjaxCheckService.setItemNumber.dwr HTTP/1.1" 200 78
124.77.243.181 - - [20/Jul/2020:08:27:22 +0800] "POST /xingrg/dwr/call/plaincall/AjaxCheckService.setItemNumber.dwr HTTP/1.1" 200 78
124.77.243.181 - - [20/Jul/2020:08:27:23 +0800] "POST /xingrg/dwr/call/plaincall/AjaxCheckService.setItemNumber.dwr HTTP/1.1" 200 78
124.77.243.181 - - [20/Jul/2020:08:27:24 +0800] "POST /xingrg/dwr/call/plaincall/AjaxCheckService.setItemNumber.dwr HTTP/1.1" 200 78
124.77.243.181 - - [20/Jul/2020:08:27:25 +0800] "POST /xingrg/dwr/call/plaincall/AjaxCheckService.setItemNumber.dwr HTTP/1.1" 200 78
114.92.198.157 - - [20/Jul/2020:08:27:26 +0800] "POST /xingrg/supplier/cgsh_list_operate.html HTTP/1.1" 200 5613
124.77.243.181 - - [20/Jul/2020:08:27:26 +0800] "POST /xingrg/dwr/call/plaincall/AjaxCheckService.setItemNumber.dwr HTTP/1.1" 200 78
124.77.243.181 - - [20/Jul/2020:08:27:27 +0800] "POST /xingrg/dwr/call/plaincall/AjaxCheckService.setItemNumber.dwr HTTP/1.1" 200 78
58.37.224.159 - - [20/Jul/2020:08:27:28 +0800] "GET /xingrg/all/function/internal_message.html?_=1595204849178&CODE_STATE=getMsg HTTP/1.1" 200 27
58.37.224.159 - - [20/Jul/2020:08:27:28 +0800] "GET /xingrg/check_reg.html?_=1595204849178 HTTP/1.1" 200 22
124.77.243.181 - - [20/Jul/2020:08:27:33 +0800] "POST /xingrg/dwr/call/plaincall/AjaxCheckService.setItemNumber.dwr HTTP/1.1" 200 78
124.77.243.181 - - [20/Jul/2020:08:27:35 +0800] "POST /xingrg/dwr/call/plaincall/AjaxCheckService.setItemNumber.dwr HTTP/1.1" 200 78
124.77.243.181 - - [20/Jul/2020:08:27:37 +0800] "POST /xingrg/dwr/call/plaincall/AjaxCheckService.setItemNumber.dwr HTTP/1.1" 200 78
124.77.243.181 - - [20/Jul/2020:08:27:37 +0800] "POST /xingrg/dwr/call/plaincall/AjaxCheckService.setItemNumber.dwr HTTP/1.1" 200 78
114.92.198.157 - - [20/Jul/2020:08:27:37 +0800] "GET /xingrg/javascript/easyui/themes/default/tree.css HTTP/1.1" 404 1090
114.92.198.157 - - [20/Jul/2020:08:27:37 +0800] "POST /xingrg/all/common/load_tree.html?tree=area_rest_tree_json HTTP/1.1" 200 3216
124.77.243.181 - - [20/Jul/2020:08:27:38 +0800] "POST /xingrg/dwr/call/plaincall/AjaxCheckService.setItemNumber.dwr HTTP/1.1" 200 78
124.77.243.181 - - [20/Jul/2020:08:27:39 +0800] "POST /xingrg/dwr/call/plaincall/AjaxCheckService.setItemNumber.dwr HTTP/1.1" 200 78
124.77.243.181 - - [20/Jul/2020:08:27:40 +0800] "POST /xingrg/dwr/call/plaincall/AjaxCheckService.setItemNumber.dwr HTTP/1.1" 200 78
124.77.243.181 - - [20/Jul/2020:08:27:41 +0800] "POST /xingrg/dwr/call/plaincall/AjaxCheckService.setItemNumber.dwr HTTP/1.1" 200 78
124.77.243.181 - - [20/Jul/2020:08:27:43 +0800] "POST /xingrg/dwr/call/plaincall/AjaxCheckService.setItemNumber.dwr HTTP/1.1" 200 78
172.17.0.123 - - [20/Jul/2020:08:27:44 +0800] "GET /xingrg/all/function/internal_message.html?_=1595204805507&CODE_STATE=getMsg HTTP/1.1" 302 -
124.77.243.181 - - [20/Jul/2020:08:27:44 +0800] "POST /xingrg/dwr/call/plaincall/AjaxCheckService.setItemNumber.dwr HTTP/1.1" 200 78
124.77.243.181 - - [20/Jul/2020:08:27:45 +0800] "POST /xingrg/dwr/call/plaincall/AjaxCheckService.setItemNumber.dwr HTTP/1.1" 200 78
124.77.243.181 - - [20/Jul/2020:08:27:46 +0800] "POST /xingrg/dwr/call/plaincall/AjaxCheckService.setItemNumber.dwr HTTP/1.1" 200 78
114.92.198.157 - - [20/Jul/2020:08:27:47 +0800] "POST /xingrg/supplier/cgsh_list_operate.html HTTP/1.1" 200 2194
124.77.243.181 - - [20/Jul/2020:08:27:48 +0800] "POST /xingrg/dwr/call/plaincall/AjaxCheckService.setItemNumber.dwr HTTP/1.1" 200 78
124.77.243.181 - - [20/Jul/2020:08:27:48 +0800] "POST /xingrg/dwr/call/plaincall/AjaxCheckService.setItemNumber.dwr HTTP/1.1" 200 78
124.77.243.181 - - [20/Jul/2020:08:27:50 +0800] "POST /xingrg/dwr/call/plaincall/AjaxCheckService.setItemNumber.dwr HTTP/1.1" 200 78
124.77.243.181 - - [20/Jul/2020:08:27:50 +0800] "POST /xingrg/dwr/call/plaincall/AjaxCheckService.setItemNumber.dwr HTTP/1.1" 200 78
124.77.243.181 - - [20/Jul/2020:08:27:51 +0800] "POST /xingrg/dwr/call/plaincall/AjaxCheckService.setItemNumber.dwr HTTP/1.1" 200 78
124.77.243.181 - - [20/Jul/2020:08:27:53 +0800] "POST /xingrg/dwr/call/plaincall/AjaxCheckService.setItemNumber.dwr HTTP/1.1" 200 78
124.77.243.181 - - [20/Jul/2020:08:28:01 +0800] "POST /xingrg/dwr/call/plaincall/AjaxCheckService.setItemNumber.dwr HTTP/1.1" 200 78
117.131.5.26 - - [20/Jul/2020:08:28:03 +0800] "GET /xingrg/all/function/internal_message.html?_=1595205255951&CODE_STATE=getMsg HTTP/1.1" 200 27
124.77.243.181 - - [20/Jul/2020:08:28:05 +0800] "POST /xingrg/dwr/call/plaincall/AjaxCheckService.setItemNumber.dwr HTTP/1.1" 200 78
58.37.224.159 - - [20/Jul/2020:08:28:08 +0800] "GET /xingrg/all/function/internal_message.html?_=1595204554049&CODE_STATE=getMsg HTTP/1.1" 200 27
124.77.243.181 - - [20/Jul/2020:08:28:08 +0800] "POST /xingrg/dwr/call/plaincall/AjaxCheckService.setItemNumber.dwr HTTP/1.1" 200 78
124.77.243.181 - - [20/Jul/2020:08:28:08 +0800] "POST /xingrg/dwr/call/plaincall/AjaxCheckService.setItemNumber.dwr HTTP/1.1" 200 78
124.77.243.181 - - [20/Jul/2020:08:28:09 +0800] "POST /xingrg/dwr/call/plaincall/AjaxCheckService.setItemNumber.dwr HTTP/1.1" 200 78
124.77.243.181 - - [20/Jul/2020:08:28:11 +0800] "POST /xingrg/dwr/call/plaincall/AjaxCheckService.setItemNumber.dwr HTTP/1.1" 200 78
124.77.243.181 - - [20/Jul/2020:08:28:13 +0800] "POST /xingrg/dwr/call/plaincall/AjaxCheckService.setItemNumber.dwr HTTP/1.1" 200 78
124.77.243.181 - - [20/Jul/2020:08:28:14 +0800] "POST /xingrg/dwr/call/plaincall/AjaxCheckService.setItemNumber.dwr HTTP/1.1" 200 78
124.77.243.181 - - [20/Jul/2020:08:28:14 +0800] "POST /xingrg/dwr/call/plaincall/AjaxCheckService.setItemNumber.dwr HTTP/1.1" 200 78
124.77.243.181 - - [20/Jul/2020:08:28:15 +0800] "POST /xingrg/dwr/call/plaincall/AjaxCheckService.setItemNumber.dwr HTTP/1.1" 200 78
124.77.243.181 - - [20/Jul/2020:08:28:16 +0800] "POST /xingrg/dwr/call/plaincall/AjaxCheckService.setItemNumber.dwr HTTP/1.1" 200 78
124.77.243.181 - - [20/Jul/2020:08:28:16 +0800] "POST /xingrg/dwr/call/plaincall/AjaxCheckService.setItemNumber.dwr HTTP/1.1" 200 78
117.131.5.26 - - [20/Jul/2020:08:28:18 +0800] "GET /xingrg/check_reg.html?_=1595204897938 HTTP/1.1" 302 -
124.77.243.181 - - [20/Jul/2020:08:28:19 +0800] "GET /xingrg/all/function/internal_message.html?_=1595204900607&CODE_STATE=getMsg HTTP/1.1" 200 27
124.77.243.181 - - [20/Jul/2020:08:28:20 +0800] "POST /xingrg/dwr/call/plaincall/AjaxCheckService.setItemNumber.dwr HTTP/1.1" 200 78
124.77.243.181 - - [20/Jul/2020:08:28:21 +0800] "POST /xingrg/dwr/call/plaincall/AjaxCheckService.setItemNumber.dwr HTTP/1.1" 200 78
124.77.243.181 - - [20/Jul/2020:08:28:22 +0800] "POST /xingrg/dwr/call/plaincall/AjaxCheckService.setItemNumber.dwr HTTP/1.1" 200 78
124.77.243.181 - - [20/Jul/2020:08:28:23 +0800] "POST /xingrg/dwr/call/plaincall/AjaxCheckService.setItemNumber.dwr HTTP/1.1" 200 78
124.77.243.181 - - [20/Jul/2020:08:28:25 +0800] "POST /xingrg/dwr/call/plaincall/AjaxCheckService.setItemNumber.dwr HTTP/1.1" 200 78
124.77.243.181 - - [20/Jul/2020:08:28:26 +0800] "POST /xingrg/dwr/call/plaincall/AjaxCheckService.setItemNumber.dwr HTTP/1.1" 200 78
124.77.243.181 - - [20/Jul/2020:08:28:27 +0800] "POST /xingrg/dwr/call/plaincall/AjaxCheckService.setItemNumber.dwr HTTP/1.1" 200 78
61.151.178.174 - - [20/Jul/2020:08:28:28 +0800] "GET /xingrg/check_reg.html?_=1595204849178 HTTP/1.1" 302 -
124.77.243.181 - - [20/Jul/2020:08:28:28 +0800] "POST /xingrg/dwr/call/plaincall/AjaxCheckService.setItemNumber.dwr HTTP/1.1" 200 78
58.37.224.159 - - [20/Jul/2020:08:28:28 +0800] "GET /xingrg/all/function/internal_message.html?_=1595204909192&CODE_STATE=getMsg HTTP/1.1" 200 27
61.151.178.174 - - [20/Jul/2020:08:28:28 +0800] "GET /xingrg/login.html HTTP/1.1" 200 7641
124.77.243.181 - - [20/Jul/2020:08:28:29 +0800] "POST /xingrg/dwr/call/plaincall/AjaxCheckService.setItemNumber.dwr HTTP/1.1" 200 78
124.77.243.181 - - [20/Jul/2020:08:28:30 +0800] "POST /xingrg/dwr/call/plaincall/AjaxCheckService.setItemNumber.dwr HTTP/1.1" 200 78
124.77.243.181 - - [20/Jul/2020:08:28:31 +0800] "POST /xingrg/dwr/call/plaincall/AjaxCheckService.setItemNumber.dwr HTTP/1.1" 200 78
124.77.243.181 - - [20/Jul/2020:08:28:32 +0800] "POST /xingrg/dwr/call/plaincall/AjaxCheckService.setItemNumber.dwr HTTP/1.1" 200 78
124.77.243.181 - - [20/Jul/2020:08:28:33 +0800] "POST /xingrg/dwr/call/plaincall/AjaxCheckService.setItemNumber.dwr HTTP/1.1" 200 78
124.77.243.181 - - [20/Jul/2020:08:28:34 +0800] "POST /xingrg/dwr/call/plaincall/AjaxCheckService.setItemNumber.dwr HTTP/1.1" 200 78
124.77.243.181 - - [20/Jul/2020:08:28:35 +0800] "POST /xingrg/dwr/call/plaincall/AjaxCheckService.setItemNumber.dwr HTTP/1.1" 200 78
124.77.243.181 - - [20/Jul/2020:08:28:37 +0800] "POST /xingrg/dwr/call/plaincall/AjaxCheckService.setItemNumber.dwr HTTP/1.1" 200 78
124.77.243.181 - - [20/Jul/2020:08:28:38 +0800] "POST /xingrg/dwr/call/plaincall/AjaxCheckService.setItemNumber.dwr HTTP/1.1" 200 78
124.77.243.181 - - [20/Jul/2020:08:28:40 +0800] "POST /xingrg/dwr/call/plaincall/AjaxCheckService.setItemNumber.dwr HTTP/1.1" 200 78
124.77.243.181 - - [20/Jul/2020:08:28:41 +0800] "POST /xingrg/dwr/call/plaincall/AjaxCheckService.setItemNumber.dwr HTTP/1.1" 200 78
124.77.243.181 - - [20/Jul/2020:08:28:42 +0800] "POST /xingrg/dwr/call/plaincall/AjaxCheckService.setItemNumber.dwr HTTP/1.1" 200 78
124.77.243.181 - - [20/Jul/2020:08:28:43 +0800] "POST /xingrg/dwr/call/plaincall/AjaxCheckService.setItemNumber.dwr HTTP/1.1" 200 78
172.17.0.123 - - [20/Jul/2020:08:28:44 +0800] "GET /xingrg/all/function/internal_message.html?_=1595204865509&CODE_STATE=getMsg HTTP/1.1" 302 -
124.77.243.181 - - [20/Jul/2020:08:28:46 +0800] "POST /xingrg/dwr/call/plaincall/AjaxCheckService.setItemNumber.dwr HTTP/1.1" 200 78
124.77.243.181 - - [20/Jul/2020:08:28:47 +0800] "POST /xingrg/dwr/call/plaincall/AjaxCheckService.setItemNumber.dwr HTTP/1.1" 200 78
124.77.243.181 - - [20/Jul/2020:08:28:47 +0800] "POST /xingrg/dwr/call/plaincall/AjaxCheckService.setItemNumber.dwr HTTP/1.1" 200 78
124.77.243.181 - - [20/Jul/2020:08:28:49 +0800] "POST /xingrg/dwr/call/plaincall/AjaxCheckService.setItemNumber.dwr HTTP/1.1" 200 78
114.92.198.157 - - [20/Jul/2020:08:28:50 +0800] "POST /xingrg/supplier/cgsh_list_operate.html HTTP/1.1" 200 2194
124.77.243.181 - - [20/Jul/2020:08:28:53 +0800] "POST /xingrg/dwr/call/plaincall/AjaxCheckService.setItemNumber.dwr HTTP/1.1" 200 78
114.92.198.157 - - [20/Jul/2020:08:28:55 +0800] "POST /xingrg/supplier/cgsh_list_operate.html HTTP/1.1" 200 1787
114.92.198.157 - - [20/Jul/2020:08:29:01 +0800] "POST /xingrg/supplier/cgsh_list_operate.html HTTP/1.1" 200 5600
117.131.5.26 - - [20/Jul/2020:08:29:03 +0800] "GET /xingrg/all/function/internal_message.html?_=1595205315959&CODE_STATE=getMsg HTTP/1.1" 200 27
58.37.224.159 - - [20/Jul/2020:08:29:08 +0800] "GET /xingrg/all/function/internal_message.html?_=1595204614019&CODE_STATE=getMsg HTTP/1.1" 200 27
124.77.243.181 - - [20/Jul/2020:08:29:12 +0800] "POST /xingrg/dwr/call/plaincall/AjaxCheckService.setItemNumber.dwr HTTP/1.1" 200 78
124.77.243.181 - - [20/Jul/2020:08:29:14 +0800] "GET /xingrg/kc/base/check_order_info.html?code=452020071900349 HTTP/1.1" 200 26440
124.77.243.181 - - [20/Jul/2020:08:29:14 +0800] "GET /xingrg/dwr/interface/AjaxCheckService.js HTTP/1.1" 200 14003
124.77.243.181 - - [20/Jul/2020:08:29:14 +0800] "GET /xingrg/dwr/interface/AjaxComOrderService.js HTTP/1.1" 200 18264
124.77.243.181 - - [20/Jul/2020:08:29:14 +0800] "GET /xingrg/dwr/engine.js HTTP/1.1" 200 43631
124.77.243.181 - - [20/Jul/2020:08:29:14 +0800] "POST /xingrg/dwr/call/plaincall/AjaxCheckService.loadOrderItems.dwr HTTP/1.1" 200 118048
124.77.243.181 - - [20/Jul/2020:08:29:19 +0800] "GET /xingrg/all/function/internal_message.html?_=1595204960622&CODE_STATE=getMsg HTTP/1.1" 200 27
58.37.224.159 - - [20/Jul/2020:08:29:27 +0800] "GET /xingrg/check_reg.html?_=1595204633271 HTTP/1.1" 200 22
58.37.224.159 - - [20/Jul/2020:08:29:28 +0800] "GET /xingrg/all/function/internal_message.html?_=1595204969191&CODE_STATE=getMsg HTTP/1.1" 200 27
124.77.243.181 - - [20/Jul/2020:08:29:29 +0800] "POST /xingrg/dwr/call/plaincall/AjaxCheckService.setItemNumber.dwr HTTP/1.1" 200 76
222.69.130.28 - - [20/Jul/2020:08:29:30 +0800] "GET /xingrg/index.html?sysBaseUrl=http%3A%2F%2F180.169.147.146%3A18081%2Fxingrg%2F&costTime=52×tamp=1591679117969 HTTP/1.1" 302 -
222.69.130.28 - - [20/Jul/2020:08:29:30 +0800] "GET /xingrg/login.html HTTP/1.1" 200 7641
222.69.130.28 - - [20/Jul/2020:08:29:30 +0800] "GET /favicon.ico HTTP/1.1" 404 -
124.77.243.181 - - [20/Jul/2020:08:29:30 +0800] "POST /xingrg/dwr/call/plaincall/AjaxCheckService.setItemNumber.dwr HTTP/1.1" 200 76
117.131.5.26 - - [20/Jul/2020:08:29:31 +0800] "GET /xingrg/kc/buy/cgsh_order_list.html HTTP/1.1" 200 43584
124.77.243.181 - - [20/Jul/2020:08:29:31 +0800] "POST /xingrg/dwr/call/plaincall/AjaxCheckService.setItemNumber.dwr HTTP/1.1" 200 76
222.69.130.28 - - [20/Jul/2020:08:29:31 +0800] "POST /xingrg/login.do HTTP/1.1" 302 -
222.69.130.28 - - [20/Jul/2020:08:29:31 +0800] "GET /xingrg/index.html?sysBaseUrl=http%3A%2F%2F180.169.147.146%3A18081%2Fxingrg%2F&costTime=52×tamp=1595204971663 HTTP/1.1" 200 17179
222.69.130.28 - - [20/Jul/2020:08:29:31 +0800] "GET /favicon.ico HTTP/1.1" 404 -
222.69.130.28 - - [20/Jul/2020:08:29:31 +0800] "POST /xingrg/all/common/load_tree.html?tree=area_rest_tree_json&manage=1 HTTP/1.1" 200 351
222.69.130.28 - - [20/Jul/2020:08:29:32 +0800] "GET /xingrg/all/function/internal_message.html?_=1595204970796&CODE_STATE=count HTTP/1.1" 200 11
222.69.130.28 - - [20/Jul/2020:08:29:32 +0800] "GET /xingrg/check_reg.html?_=1595204970798 HTTP/1.1" 200 22
222.69.130.28 - - [20/Jul/2020:08:29:32 +0800] "POST /xingrg/load_menu.html HTTP/1.1" 200 5138
124.77.243.181 - - [20/Jul/2020:08:29:32 +0800] "POST /xingrg/dwr/call/plaincall/AjaxCheckService.setItemNumber.dwr HTTP/1.1" 200 76
124.77.243.181 - - [20/Jul/2020:08:29:33 +0800] "POST /xingrg/dwr/call/plaincall/AjaxCheckService.setItemNumber.dwr HTTP/1.1" 200 76
124.77.243.181 - - [20/Jul/2020:08:29:33 +0800] "POST /xingrg/dwr/call/plaincall/AjaxCheckService.setItemNumber.dwr HTTP/1.1" 200 76
117.131.5.26 - - [20/Jul/2020:08:29:33 +0800] "POST /xingrg/kc/buy/cgsh_list_operate.html HTTP/1.1" 200 3024
124.77.243.181 - - [20/Jul/2020:08:29:34 +0800] "POST /xingrg/dwr/call/plaincall/AjaxCheckService.setItemNumber.dwr HTTP/1.1" 200 76
117.131.5.26 - - [20/Jul/2020:08:29:36 +0800] "GET /xingrg/kc/buy/cgsh_order_add.html HTTP/1.1" 200 59322
117.131.5.26 - - [20/Jul/2020:08:29:36 +0800] "GET /xingrg/all/common/auto_word.html?type=employee&rest_code=00104 HTTP/1.1" 200 193
117.131.5.26 - - [20/Jul/2020:08:29:36 +0800] "GET /xingrg/all/common/auto_word.html?type=employee&rest_code=00104 HTTP/1.1" 200 193
117.131.5.26 - - [20/Jul/2020:08:29:36 +0800] "GET /xingrg/javascript/easyui/themes/default/validatebox.css HTTP/1.1" 404 1104
117.131.5.26 - - [20/Jul/2020:08:29:36 +0800] "POST /xingrg/kc/buy/cgsh_order_operate.html HTTP/1.1" 200 8245
124.77.243.181 - - [20/Jul/2020:08:29:36 +0800] "POST /xingrg/dwr/call/plaincall/AjaxCheckService.setItemNumber.dwr HTTP/1.1" 200 76
124.77.243.181 - - [20/Jul/2020:08:29:37 +0800] "POST /xingrg/dwr/call/plaincall/AjaxCheckService.setItemNumber.dwr HTTP/1.1" 200 76
114.89.80.44 - - [20/Jul/2020:08:29:40 +0800] "POST /xingrg/services/DataTransmitService HTTP/1.1" 200 524
124.77.243.181 - - [20/Jul/2020:08:29:40 +0800] "POST /xingrg/dwr/call/plaincall/AjaxCheckService.setItemNumber.dwr HTTP/1.1" 200 77
124.77.243.181 - - [20/Jul/2020:08:29:41 +0800] "POST /xingrg/dwr/call/plaincall/AjaxCheckService.setItemNumber.dwr HTTP/1.1" 200 77
117.131.5.26 - - [20/Jul/2020:08:29:41 +0800] "GET /xingrg/kc/base/wldb_order_list.html HTTP/1.1" 200 19261
117.131.5.26 - - [20/Jul/2020:08:29:41 +0800] "POST /xingrg/kc/base/wldb_list_operate.html HTTP/1.1" 200 1775
124.77.243.181 - - [20/Jul/2020:08:29:42 +0800] "POST /xingrg/dwr/call/plaincall/AjaxCheckService.setItemNumber.dwr HTTP/1.1" 200 77
124.77.243.181 - - [20/Jul/2020:08:29:43 +0800] "POST /xingrg/dwr/call/plaincall/AjaxCheckService.setItemNumber.dwr HTTP/1.1" 200 77
172.17.0.123 - - [20/Jul/2020:08:29:44 +0800] "GET /xingrg/all/function/internal_message.html?_=1595204925519&CODE_STATE=getMsg HTTP/1.1" 302 -
124.77.243.181 - - [20/Jul/2020:08:29:44 +0800] "POST /xingrg/dwr/call/plaincall/AjaxCheckService.setItemNumber.dwr HTTP/1.1" 200 77
124.77.243.181 - - [20/Jul/2020:08:29:44 +0800] "POST /xingrg/dwr/call/plaincall/AjaxCheckService.setItemNumber.dwr HTTP/1.1" 200 77
124.77.243.181 - - [20/Jul/2020:08:29:45 +0800] "POST /xingrg/dwr/call/plaincall/AjaxCheckService.setItemNumber.dwr HTTP/1.1" 200 77
117.131.5.26 - - [20/Jul/2020:08:29:47 +0800] "GET /xingrg/kc/base/wldb_order_add.html HTTP/1.1" 200 30373
124.77.243.181 - - [20/Jul/2020:08:29:47 +0800] "POST /xingrg/dwr/call/plaincall/AjaxCheckService.setItemNumber.dwr HTTP/1.1" 200 77
117.131.5.26 - - [20/Jul/2020:08:29:47 +0800] "GET /xingrg/all/common/auto_word.html?type=base&rest_code=00104 HTTP/1.1" 200 1753
117.131.5.26 - - [20/Jul/2020:08:29:47 +0800] "GET /xingrg/all/common/auto_word.html?type=base&rest_code=00104 HTTP/1.1" 200 1753
117.131.5.26 - - [20/Jul/2020:08:29:47 +0800] "GET /xingrg/javascript/easyui/themes/default/validatebox.css HTTP/1.1" 404 1104
117.131.5.26 - - [20/Jul/2020:08:29:47 +0800] "POST /xingrg/kc/base/wldb_order_operate.html HTTP/1.1" 200 6806
124.77.243.181 - - [20/Jul/2020:08:29:49 +0800] "POST /xingrg/dwr/call/plaincall/AjaxCheckService.setItemNumber.dwr HTTP/1.1" 200 77
