180.157.251.101 - - [20/Jul/2020:09:05:01 +0800] "POST /xingrg/kc/mdqp/pssh_list_operate.html HTTP/1.1" 200 258
222.69.130.28 - - [20/Jul/2020:09:05:01 +0800] "POST /xingrg/dwr/call/plaincall/AjaxCheckService.setItemNumber.dwr HTTP/1.1" 200 77
222.69.130.28 - - [20/Jul/2020:09:05:02 +0800] "POST /xingrg/dwr/call/plaincall/AjaxCheckService.setItemNumber.dwr HTTP/1.1" 200 77
116.230.146.118 - - [20/Jul/2020:09:05:02 +0800] "POST /xingrg/dwr/call/plaincall/AjaxComOrderService.getMaterielSearchList.dwr HTTP/1.1" 200 337
117.184.7.30 - - [20/Jul/2020:09:05:03 +0800] "GET /xingrg/kc/buy/cgsh_order_operate.html?command=get_materiel&rest_code=00108&code=00101007048&supplier_code=00100002&order_time=2020-07-20 HTTP/1.1" 200 428
180.157.251.101 - - [20/Jul/2020:09:05:03 +0800] "POST /xingrg/kc/mdqp/pssh_list_operate.html HTTP/1.1" 200 260
117.131.5.26 - - [20/Jul/2020:09:05:03 +0800] "GET /xingrg/all/function/internal_message.html?_=1595207476012&CODE_STATE=getMsg HTTP/1.1" 200 27
117.131.5.26 - - [20/Jul/2020:09:05:03 +0800] "GET /xingrg/check_reg.html?_=1595207476014 HTTP/1.1" 200 22
180.157.251.101 - - [20/Jul/2020:09:05:05 +0800] "POST /xingrg/kc/mdqp/pssh_list_operate.html HTTP/1.1" 200 470
172.17.200.101 - - [20/Jul/2020:09:05:05 +0800] "GET /xingrg/all/function/internal_message.html?_=1595207105716&CODE_STATE=getMsg HTTP/1.1" 200 27
58.37.224.159 - - [20/Jul/2020:09:05:07 +0800] "GET /xingrg/all/function/internal_message.html?_=1595206773252&CODE_STATE=getMsg HTTP/1.1" 200 27
180.157.251.101 - - [20/Jul/2020:09:05:07 +0800] "POST /xingrg/kc/mdqp/pssh_list_operate.html HTTP/1.1" 200 260
61.172.5.115 - - [20/Jul/2020:09:05:08 +0800] "GET /xingrg/kc/buy/cgsh_order_operate.html?command=get_materiel&rest_code=00105&code=00101010136&supplier_code=00100013&order_time=2020-07-20 HTTP/1.1" 200 408
222.69.130.28 - - [20/Jul/2020:09:05:09 +0800] "POST /xingrg/dwr/call/plaincall/AjaxCheckService.setItemNumber.dwr HTTP/1.1" 200 77
180.157.251.101 - - [20/Jul/2020:09:05:10 +0800] "POST /xingrg/kc/mdqp/pssh_list_operate.html HTTP/1.1" 200 5601
116.230.146.118 - - [20/Jul/2020:09:05:11 +0800] "POST /xingrg/dwr/call/plaincall/AjaxComOrderService.getMaterielSearchList.dwr HTTP/1.1" 200 337
116.233.74.240 - - [20/Jul/2020:09:05:12 +0800] "GET /xingrg/all/function/internal_message.html?_=1595207143906&CODE_STATE=getMsg HTTP/1.1" 200 27
58.40.7.146 - - [20/Jul/2020:09:05:12 +0800] "GET /xingrg/check_reg.html?_=1595207112017 HTTP/1.1" 200 22
180.157.251.101 - - [20/Jul/2020:09:05:12 +0800] "POST /xingrg/kc/mdqp/pssh_list_operate.html HTTP/1.1" 200 755
222.69.130.28 - - [20/Jul/2020:09:05:13 +0800] "POST /xingrg/dwr/call/plaincall/AjaxCheckService.setItemNumber.dwr HTTP/1.1" 200 77
116.230.146.118 - - [20/Jul/2020:09:05:14 +0800] "POST /xingrg/dwr/call/plaincall/AjaxCgthService.removeMaterielItem.dwr HTTP/1.1" 200 78
180.157.251.101 - - [20/Jul/2020:09:05:14 +0800] "POST /xingrg/kc/mdqp/pssh_list_operate.html HTTP/1.1" 200 544
222.69.130.28 - - [20/Jul/2020:09:05:14 +0800] "POST /xingrg/dwr/call/plaincall/AjaxCheckService.setItemNumber.dwr HTTP/1.1" 200 77
222.69.130.28 - - [20/Jul/2020:09:05:15 +0800] "POST /xingrg/dwr/call/plaincall/AjaxCheckService.setItemNumber.dwr HTTP/1.1" 200 77
124.77.243.181 - - [20/Jul/2020:09:05:15 +0800] "GET /xingrg/check_reg.html?_=1595207117096 HTTP/1.1" 200 22
117.184.7.30 - - [20/Jul/2020:09:05:16 +0800] "POST /xingrg/kc/buy/cgsh_order_operate.html HTTP/1.1" 200 37
222.69.130.28 - - [20/Jul/2020:09:05:16 +0800] "POST /xingrg/dwr/call/plaincall/AjaxCheckService.setItemNumber.dwr HTTP/1.1" 200 78
116.230.146.118 - - [20/Jul/2020:09:05:16 +0800] "GET /xingrg/all/function/internal_message.html?_=1595207114798&CODE_STATE=getMsg HTTP/1.1" 200 27
222.69.130.28 - - [20/Jul/2020:09:05:16 +0800] "POST /xingrg/dwr/call/plaincall/AjaxCheckService.setItemNumber.dwr HTTP/1.1" 200 78
117.184.7.30 - - [20/Jul/2020:09:05:17 +0800] "POST /xingrg/kc/buy/cgsh_order_operate.html HTTP/1.1" 200 4415
222.69.130.28 - - [20/Jul/2020:09:05:17 +0800] "POST /xingrg/dwr/call/plaincall/AjaxCheckService.setItemNumber.dwr HTTP/1.1" 200 78
222.69.130.28 - - [20/Jul/2020:09:05:17 +0800] "POST /xingrg/dwr/call/plaincall/AjaxCheckService.setItemNumber.dwr HTTP/1.1" 200 78
61.172.5.115 - - [20/Jul/2020:09:05:18 +0800] "GET /xingrg/all/function/internal_message.html?_=1595207115782&CODE_STATE=getMsg HTTP/1.1" 200 27
180.157.251.101 - - [20/Jul/2020:09:05:18 +0800] "POST /xingrg/kc/mdqp/pssh_list_operate.html HTTP/1.1" 200 5446
117.184.7.30 - - [20/Jul/2020:09:05:18 +0800] "GET /xingrg/kc/print/load_config.html?kc_code=cgsh HTTP/1.1" 200 1845
117.184.7.30 - - [20/Jul/2020:09:05:18 +0800] "GET /xingrg/kc/print/load_data.html?order_code=212020072008236&kc_code=cgsh&condition= HTTP/1.1" 200 1403
120.253.135.82 - - [20/Jul/2020:09:05:19 +0800] "GET /xingrg/index.html?sysBaseUrl=http%3A%2F%2F180.169.147.146%3A18081%2Fxingrg%2F&costTime=34×tamp=1585631483848 HTTP/1.1" 302 -
120.253.135.82 - - [20/Jul/2020:09:05:19 +0800] "GET /xingrg/login.html HTTP/1.1" 200 7641
120.253.135.82 - - [20/Jul/2020:09:05:19 +0800] "GET /xingrg/images/blue/jxLogo.png HTTP/1.1" 304 -
120.253.135.82 - - [20/Jul/2020:09:05:19 +0800] "GET /xingrg/images/blue/login_bg.png HTTP/1.1" 304 -
120.253.135.82 - - [20/Jul/2020:09:05:19 +0800] "GET /xingrg/images/blue/hj.png HTTP/1.1" 304 -
222.69.130.28 - - [20/Jul/2020:09:05:19 +0800] "POST /xingrg/dwr/call/plaincall/AjaxCheckService.setItemNumber.dwr HTTP/1.1" 200 78
120.253.135.82 - - [20/Jul/2020:09:05:19 +0800] "GET /xingrg/images/blue/srbg.png HTTP/1.1" 304 -
120.253.135.82 - - [20/Jul/2020:09:05:19 +0800] "GET /favicon.ico HTTP/1.1" 404 -
180.157.251.101 - - [20/Jul/2020:09:05:19 +0800] "POST /xingrg/kc/mdqp/pssh_list_operate.html HTTP/1.1" 200 271
116.230.146.118 - - [20/Jul/2020:09:05:20 +0800] "POST /xingrg/dwr/call/plaincall/AjaxComOrderService.getMaterielSearchList.dwr HTTP/1.1" 200 297
222.69.130.28 - - [20/Jul/2020:09:05:20 +0800] "POST /xingrg/dwr/call/plaincall/AjaxCheckService.setItemNumber.dwr HTTP/1.1" 200 78
172.17.0.101 - - [20/Jul/2020:09:05:20 +0800] "GET /xingrg/all/function/internal_message.html?_=1595207121986&CODE_STATE=getMsg HTTP/1.1" 200 27
120.253.135.82 - - [20/Jul/2020:09:05:21 +0800] "POST /xingrg/login.do HTTP/1.1" 302 -
120.253.135.82 - - [20/Jul/2020:09:05:21 +0800] "GET /xingrg/javascript/jquery_easy_ui/themes/default/easyui.css HTTP/1.1" 304 -
120.253.135.82 - - [20/Jul/2020:09:05:21 +0800] "GET /xingrg/javascript/jquery_easy_ui/themes/icon.css HTTP/1.1" 304 -
120.253.135.82 - - [20/Jul/2020:09:05:21 +0800] "GET /xingrg/css/form.css HTTP/1.1" 304 -
120.253.135.82 - - [20/Jul/2020:09:05:21 +0800] "GET /favicon.ico HTTP/1.1" 404 -
120.253.135.82 - - [20/Jul/2020:09:05:21 +0800] "GET /xingrg/javascript/jquery-1.4.2.min.js HTTP/1.1" 304 -
120.253.135.82 - - [20/Jul/2020:09:05:21 +0800] "GET /xingrg/javascript/jquery_easy_ui/easyui-lang-zh_CN.js HTTP/1.1" 304 -
120.253.135.82 - - [20/Jul/2020:09:05:21 +0800] "GET /xingrg/javascript/jquery_easy_ui/jquery.easyui.min.js HTTP/1.1" 304 -
120.253.135.82 - - [20/Jul/2020:09:05:21 +0800] "GET /xingrg/javascript/jquery.utils.js HTTP/1.1" 304 -
120.253.135.82 - - [20/Jul/2020:09:05:21 +0800] "GET /xingrg/index.html?sysBaseUrl=http%3A%2F%2F180.169.147.146%3A18081%2Fxingrg%2F&costTime=89×tamp=1595207121052 HTTP/1.1" 200 17173
120.253.135.82 - - [20/Jul/2020:09:05:21 +0800] "GET /xingrg/javascript/jquery.form.js HTTP/1.1" 304 -
120.253.135.82 - - [20/Jul/2020:09:05:21 +0800] "GET /xingrg/javascript/jquery.timers.js HTTP/1.1" 304 -
120.253.135.82 - - [20/Jul/2020:09:05:21 +0800] "GET /xingrg/images/blue/navBackgound.jpg HTTP/1.1" 304 -
120.253.135.82 - - [20/Jul/2020:09:05:21 +0800] "GET /xingrg/javascript/jquery_easy_ui/themes/icons/settle_new.png HTTP/1.1" 304 -
222.69.130.28 - - [20/Jul/2020:09:05:21 +0800] "POST /xingrg/dwr/call/plaincall/AjaxCheckService.setItemNumber.dwr HTTP/1.1" 200 78
120.253.135.82 - - [20/Jul/2020:09:05:21 +0800] "GET /xingrg/images/blue/pingpu.png HTTP/1.1" 304 -
120.253.135.82 - - [20/Jul/2020:09:05:21 +0800] "POST /xingrg/all/common/load_tree.html?tree=area_rest_tree_json&manage=1 HTTP/1.1" 200 344
120.253.135.82 - - [20/Jul/2020:09:05:21 +0800] "GET /xingrg/javascript/jquery_easy_ui/themes/default/images/tabs_leftarrow.png HTTP/1.1" 304 -
120.253.135.82 - - [20/Jul/2020:09:05:21 +0800] "GET /xingrg/javascript/jquery_easy_ui/themes/default/images/tabs_rightarrow.png HTTP/1.1" 304 -
120.253.135.82 - - [20/Jul/2020:09:05:21 +0800] "GET /xingrg/javascript/jquery_easy_ui/themes/default/images/panel_tool_collapse.gif HTTP/1.1" 304 -
120.253.135.82 - - [20/Jul/2020:09:05:21 +0800] "GET /xingrg/all/function/internal_message.html?_=1595207194570&CODE_STATE=count HTTP/1.1" 200 11
120.253.135.82 - - [20/Jul/2020:09:05:21 +0800] "GET /xingrg/check_reg.html?_=1595207194571 HTTP/1.1" 200 22
120.253.135.82 - - [20/Jul/2020:09:05:21 +0800] "GET /xingrg/javascript/jquery_easy_ui/themes/default/images/tree_arrows.gif HTTP/1.1" 304 -
120.253.135.82 - - [20/Jul/2020:09:05:21 +0800] "POST /xingrg/load_menu.html HTTP/1.1" 200 6743
120.253.135.82 - - [20/Jul/2020:09:05:21 +0800] "GET /xingrg/javascript/jquery_easy_ui/themes/icons/delivery_new.png HTTP/1.1" 304 -
120.253.135.82 - - [20/Jul/2020:09:05:21 +0800] "GET /xingrg/javascript/jquery_easy_ui/themes/icons/search_new.png HTTP/1.1" 304 -
120.253.135.82 - - [20/Jul/2020:09:05:21 +0800] "GET /xingrg/javascript/jquery_easy_ui/themes/icons/storage_new.png HTTP/1.1" 304 -
120.253.135.82 - - [20/Jul/2020:09:05:21 +0800] "GET /xingrg/javascript/jquery_easy_ui/themes/default/images/tree_folder_open.gif HTTP/1.1" 304 -
120.253.135.82 - - [20/Jul/2020:09:05:21 +0800] "GET /xingrg/javascript/jquery_easy_ui/themes/default/images/tree_file.gif HTTP/1.1" 304 -
120.253.135.82 - - [20/Jul/2020:09:05:21 +0800] "GET /xingrg/javascript/jquery_easy_ui/themes/icons/forms_new.png HTTP/1.1" 304 -
120.253.135.82 - - [20/Jul/2020:09:05:21 +0800] "GET /xingrg/javascript/jquery_easy_ui/themes/default/images/tree_folder.gif HTTP/1.1" 304 -
222.69.130.28 - - [20/Jul/2020:09:05:21 +0800] "POST /xingrg/dwr/call/plaincall/AjaxCheckService.setItemNumber.dwr HTTP/1.1" 200 78
180.175.214.200 - - [20/Jul/2020:09:05:22 +0800] "GET /xingrg/kc/buy/cgsh_order_operate.html?command=get_materiel&rest_code=00102&code=00101008137&supplier_code=00100008&order_time=2020-07-20 HTTP/1.1" 200 408
222.69.130.28 - - [20/Jul/2020:09:05:22 +0800] "POST /xingrg/dwr/call/plaincall/AjaxCheckService.setItemNumber.dwr HTTP/1.1" 200 78
124.77.243.181 - - [20/Jul/2020:09:05:22 +0800] "GET /xingrg/all/function/internal_message.html?_=1595207123748&CODE_STATE=getMsg HTTP/1.1" 200 27
114.89.80.44 - - [20/Jul/2020:09:05:23 +0800] "GET /xingrg/all/function/internal_message.html?_=1595207121001&CODE_STATE=getMsg HTTP/1.1" 200 27
222.69.130.28 - - [20/Jul/2020:09:05:23 +0800] "POST /xingrg/dwr/call/plaincall/AjaxCheckService.setItemNumber.dwr HTTP/1.1" 200 78
222.69.130.28 - - [20/Jul/2020:09:05:24 +0800] "POST /xingrg/dwr/call/plaincall/AjaxCheckService.setItemNumber.dwr HTTP/1.1" 200 78
222.69.130.28 - - [20/Jul/2020:09:05:24 +0800] "POST /xingrg/dwr/call/plaincall/AjaxCheckService.setItemNumber.dwr HTTP/1.1" 200 78
222.69.130.28 - - [20/Jul/2020:09:05:25 +0800] "POST /xingrg/dwr/call/plaincall/AjaxCheckService.setItemNumber.dwr HTTP/1.1" 200 78
120.253.135.82 - - [20/Jul/2020:09:05:25 +0800] "GET /xingrg/javascript/jquery_easy_ui/themes/default/images/tabs_close.gif HTTP/1.1" 304 -
120.253.135.82 - - [20/Jul/2020:09:05:25 +0800] "GET /xingrg/css/site.css HTTP/1.1" 304 -
120.253.135.82 - - [20/Jul/2020:09:05:25 +0800] "GET /xingrg/css/base.css HTTP/1.1" 304 -
120.253.135.82 - - [20/Jul/2020:09:05:25 +0800] "GET /xingrg/javascript/easyui/themes/default/easyui.css HTTP/1.1" 304 -
120.253.135.82 - - [20/Jul/2020:09:05:25 +0800] "GET /xingrg/javascript/easyui/themes/icon.css HTTP/1.1" 304 -
120.253.135.82 - - [20/Jul/2020:09:05:25 +0800] "GET /xingrg/javascript/jquery_tools/datebox.css HTTP/1.1" 304 -
120.253.135.82 - - [20/Jul/2020:09:05:25 +0800] "GET /xingrg/javascript/jquery_tools/fix.css HTTP/1.1" 304 -
120.253.135.82 - - [20/Jul/2020:09:05:25 +0800] "GET /xingrg/javascript/jquery_tools/jquery.tools.hotkey.js HTTP/1.1" 304 -
120.253.135.82 - - [20/Jul/2020:09:05:25 +0800] "GET /xingrg/javascript/jquery_tools/table.css HTTP/1.1" 304 -
120.253.135.82 - - [20/Jul/2020:09:05:25 +0800] "GET /xingrg/javascript/jquery_tools/jquery.tools.min.js HTTP/1.1" 304 -
120.253.135.82 - - [20/Jul/2020:09:05:25 +0800] "GET /xingrg/javascript/jquery_tools/jquery.tools.table.js HTTP/1.1" 304 -
120.253.135.82 - - [20/Jul/2020:09:05:25 +0800] "GET /xingrg/javascript/jquery_tools/list_manager.js HTTP/1.1" 304 -
120.253.135.82 - - [20/Jul/2020:09:05:25 +0800] "GET /xingrg/javascript/jquery_tools/jquery.tools.extend.js HTTP/1.1" 304 -
120.253.135.82 - - [20/Jul/2020:09:05:25 +0800] "GET /xingrg/javascript/easyui/easyloader.js HTTP/1.1" 304 -
120.253.135.82 - - [20/Jul/2020:09:05:25 +0800] "GET /xingrg/javascript/print/LodopFuncs.js HTTP/1.1" 304 -
120.253.135.82 - - [20/Jul/2020:09:05:25 +0800] "GET /xingrg/javascript/auto/jquery.autocomplete.js HTTP/1.1" 304 -
120.253.135.82 - - [20/Jul/2020:09:05:25 +0800] "GET /xingrg/javascript/jquery.cookie.js HTTP/1.1" 304 -
120.253.135.82 - - [20/Jul/2020:09:05:25 +0800] "GET /xingrg/javascript/auto/jquery.autocomplete.css HTTP/1.1" 304 -
120.253.135.82 - - [20/Jul/2020:09:05:25 +0800] "GET /xingrg/kc/buy/cgsh_order_list.html HTTP/1.1" 200 43578
222.69.130.28 - - [20/Jul/2020:09:05:26 +0800] "POST /xingrg/dwr/call/plaincall/AjaxCheckService.setItemNumber.dwr HTTP/1.1" 200 78
120.253.135.82 - - [20/Jul/2020:09:05:26 +0800] "GET /xingrg/javascript/easyui/themes/icons/field_new.png HTTP/1.1" 304 -
120.253.135.82 - - [20/Jul/2020:09:05:26 +0800] "GET /xingrg/javascript/easyui/themes/icons/cance_new.png HTTP/1.1" 304 -
120.253.135.82 - - [20/Jul/2020:09:05:26 +0800] "GET /xingrg/javascript/easyui/themes/icons/edit_add_new.png HTTP/1.1" 304 -
120.253.135.82 - - [20/Jul/2020:09:05:26 +0800] "GET /xingrg/javascript/easyui/themes/icons/check_new.png HTTP/1.1" 304 -
120.253.135.82 - - [20/Jul/2020:09:05:26 +0800] "GET /xingrg/javascript/easyui/themes/icons/import_new.png HTTP/1.1" 304 -
120.253.135.82 - - [20/Jul/2020:09:05:26 +0800] "GET /xingrg/javascript/easyui/plugins/jquery.parser.js HTTP/1.1" 304 -
120.253.135.82 - - [20/Jul/2020:09:05:26 +0800] "GET /xingrg/images/control/ajaxLoader.gif HTTP/1.1" 304 -
222.69.130.28 - - [20/Jul/2020:09:05:26 +0800] "POST /xingrg/dwr/call/plaincall/AjaxCheckService.setItemNumber.dwr HTTP/1.1" 200 78
120.253.135.82 - - [20/Jul/2020:09:05:26 +0800] "POST /xingrg/kc/buy/cgsh_list_operate.html HTTP/1.1" 200 876
222.69.130.28 - - [20/Jul/2020:09:05:27 +0800] "POST /xingrg/dwr/call/plaincall/AjaxCheckService.setItemNumber.dwr HTTP/1.1" 200 78
222.69.130.28 - - [20/Jul/2020:09:05:27 +0800] "POST /xingrg/dwr/call/plaincall/AjaxCheckService.setItemNumber.dwr HTTP/1.1" 200 78
222.69.130.28 - - [20/Jul/2020:09:05:28 +0800] "POST /xingrg/dwr/call/plaincall/AjaxCheckService.setItemNumber.dwr HTTP/1.1" 200 78
116.230.146.118 - - [20/Jul/2020:09:05:28 +0800] "POST /xingrg/dwr/call/plaincall/AjaxComOrderService.getMaterielSearchList.dwr HTTP/1.1" 200 203
58.37.224.159 - - [20/Jul/2020:09:05:28 +0800] "GET /xingrg/all/function/internal_message.html?_=1595207129291&CODE_STATE=getMsg HTTP/1.1" 200 27
222.69.130.28 - - [20/Jul/2020:09:05:28 +0800] "POST /xingrg/dwr/call/plaincall/AjaxCheckService.setItemNumber.dwr HTTP/1.1" 200 78
222.69.130.28 - - [20/Jul/2020:09:05:29 +0800] "POST /xingrg/dwr/call/plaincall/AjaxCheckService.setItemNumber.dwr HTTP/1.1" 200 78
180.175.214.200 - - [20/Jul/2020:09:05:29 +0800] "GET /xingrg/kc/buy/cgsh_order_operate.html?command=get_materiel&rest_code=00102&code=00101008270&supplier_code=00100008&order_time=2020-07-20 HTTP/1.1" 200 414
114.88.161.57 - - [20/Jul/2020:09:05:29 +0800] "GET /xingrg/all/function/internal_message.html?_=1595207128095&CODE_STATE=getMsg HTTP/1.1" 200 27
222.69.130.28 - - [20/Jul/2020:09:05:29 +0800] "POST /xingrg/dwr/call/plaincall/AjaxCheckService.setItemNumber.dwr HTTP/1.1" 200 78
222.69.130.28 - - [20/Jul/2020:09:05:30 +0800] "POST /xingrg/dwr/call/plaincall/AjaxCheckService.setItemNumber.dwr HTTP/1.1" 200 78
120.253.135.82 - - [20/Jul/2020:09:05:30 +0800] "GET /xingrg/css/blue.css HTTP/1.1" 304 -
120.253.135.82 - - [20/Jul/2020:09:05:30 +0800] "GET /xingrg/kc/pszx/mdqp_order_list.html?state=10 HTTP/1.1" 200 10565
120.253.135.82 - - [20/Jul/2020:09:05:30 +0800] "GET /xingrg/dwr/util.js HTTP/1.1" 304 -
120.253.135.82 - - [20/Jul/2020:09:05:30 +0800] "GET /xingrg/javascript/Calendar.js HTTP/1.1" 304 -
120.253.135.82 - - [20/Jul/2020:09:05:30 +0800] "GET /xingrg/javascript/myfunction.js HTTP/1.1" 304 -
120.253.135.82 - - [20/Jul/2020:09:05:30 +0800] "GET /xingrg/javascript/pic_change.js HTTP/1.1" 304 -
120.253.135.82 - - [20/Jul/2020:09:05:30 +0800] "GET /xingrg/dwr/interface/AjaxReportQueryService.js HTTP/1.1" 200 13203
120.253.135.82 - - [20/Jul/2020:09:05:30 +0800] "GET /xingrg/dwr/interface/AjaxQqpsService.js HTTP/1.1" 200 16326
120.253.135.82 - - [20/Jul/2020:09:05:30 +0800] "GET /xingrg/dwr/engine.js HTTP/1.1" 200 43631
120.253.135.82 - - [20/Jul/2020:09:05:31 +0800] "GET /xingrg/javascript/jquery_easy_ui/themes/icons/uncheck_new.png HTTP/1.1" 304 -
120.253.135.82 - - [20/Jul/2020:09:05:31 +0800] "GET /xingrg/javascript/jquery_easy_ui/themes/icons/back_new.png HTTP/1.1" 304 -
120.253.135.82 - - [20/Jul/2020:09:05:31 +0800] "GET /xingrg/javascript/jquery_easy_ui/themes/icons/check_new.png HTTP/1.1" 304 -
180.157.251.101 - - [20/Jul/2020:09:05:32 +0800] "POST /xingrg/kc/mdqp/pssh_list_operate.html HTTP/1.1" 200 260
172.17.200.101 - - [20/Jul/2020:09:05:32 +0800] "POST /xingrg/dwr/call/plaincall/AjaxReportQueryService.refreshCache.dwr HTTP/1.1" 200 78
222.69.130.28 - - [20/Jul/2020:09:05:33 +0800] "POST /xingrg/dwr/call/plaincall/AjaxCheckService.setItemNumber.dwr HTTP/1.1" 200 78
222.69.130.28 - - [20/Jul/2020:09:05:33 +0800] "POST /xingrg/dwr/call/plaincall/AjaxCheckService.setItemNumber.dwr HTTP/1.1" 200 78
61.129.8.179 - - [20/Jul/2020:09:05:33 +0800] "GET /xingrg/all/function/internal_message.html?_=1595207069292&CODE_STATE=getMsg HTTP/1.1" 302 -
172.17.200.101 - - [20/Jul/2020:09:05:33 +0800] "POST /xingrg/all/report/load_report_page.html HTTP/1.1" 200 46735
172.17.200.101 - - [20/Jul/2020:09:05:33 +0800] "GET /xingrg/servlets/image?cache=0.21274176080173512&image=px HTTP/1.1" 200 807
222.69.130.28 - - [20/Jul/2020:09:05:33 +0800] "GET /xingrg/all/function/internal_message.html?_=1595207132702&CODE_STATE=getMsg HTTP/1.1" 200 27
222.69.130.28 - - [20/Jul/2020:09:05:34 +0800] "POST /xingrg/dwr/call/plaincall/AjaxCheckService.setItemNumber.dwr HTTP/1.1" 200 78
222.69.130.28 - - [20/Jul/2020:09:05:34 +0800] "POST /xingrg/dwr/call/plaincall/AjaxCheckService.setItemNumber.dwr HTTP/1.1" 200 78
222.69.130.28 - - [20/Jul/2020:09:05:35 +0800] "POST /xingrg/dwr/call/plaincall/AjaxCheckService.setItemNumber.dwr HTTP/1.1" 200 78
120.253.135.82 - - [20/Jul/2020:09:05:35 +0800] "GET /xingrg/kc/pszx/mdps_order_list.html?orderType=0 HTTP/1.1" 200 21018
120.253.135.82 - - [20/Jul/2020:09:05:35 +0800] "GET /xingrg/javascript/easyui/themes/icons/uncheck_new.png HTTP/1.1" 304 -
120.253.135.82 - - [20/Jul/2020:09:05:36 +0800] "POST /xingrg/kc/pszx/mdps_list_operate.html HTTP/1.1" 200 5241
222.69.130.28 - - [20/Jul/2020:09:05:36 +0800] "POST /xingrg/dwr/call/plaincall/AjaxCheckService.setItemNumber.dwr HTTP/1.1" 200 78
61.129.8.179 - - [20/Jul/2020:09:05:37 +0800] "GET /xingrg/login.html HTTP/1.1" 200 7641
222.69.130.28 - - [20/Jul/2020:09:05:37 +0800] "POST /xingrg/dwr/call/plaincall/AjaxCheckService.setItemNumber.dwr HTTP/1.1" 200 78
120.253.135.82 - - [20/Jul/2020:09:05:37 +0800] "GET /xingrg/javascript/easyui/themes/default/images/button_plain_hover.png HTTP/1.1" 304 -
180.175.214.200 - - [20/Jul/2020:09:05:40 +0800] "GET /xingrg/kc/buy/cgsh_order_operate.html?command=get_materiel&rest_code=00102&code=00101008169&supplier_code=00100008&order_time=2020-07-20 HTTP/1.1" 200 412
180.157.251.101 - - [20/Jul/2020:09:05:40 +0800] "GET /xingrg/all/function/internal_message.html?_=1595207141117&CODE_STATE=getMsg HTTP/1.1" 200 27
116.230.146.118 - - [20/Jul/2020:09:05:41 +0800] "POST /xingrg/dwr/call/plaincall/AjaxComOrderService.getMaterielSearchList.dwr HTTP/1.1" 200 204
172.17.0.123 - - [20/Jul/2020:09:05:44 +0800] "GET /xingrg/all/function/internal_message.html?_=1595207085517&CODE_STATE=getMsg HTTP/1.1" 302 -
117.184.7.30 - - [20/Jul/2020:09:05:44 +0800] "GET /xingrg/all/function/internal_message.html?_=1595207142139&CODE_STATE=getMsg HTTP/1.1" 200 27
222.69.130.28 - - [20/Jul/2020:09:05:44 +0800] "POST /xingrg/dwr/call/plaincall/AjaxCheckService.setItemNumber.dwr HTTP/1.1" 200 78
116.230.146.118 - - [20/Jul/2020:09:05:46 +0800] "POST /xingrg/dwr/call/plaincall/AjaxComOrderService.getMaterielSearchList.dwr HTTP/1.1" 200 204
116.230.146.118 - - [20/Jul/2020:09:05:47 +0800] "POST /xingrg/dwr/call/plaincall/AjaxComOrderService.getMaterielSearchList.dwr HTTP/1.1" 200 1272
180.175.214.200 - - [20/Jul/2020:09:05:47 +0800] "GET /xingrg/all/function/internal_message.html?_=1595207354427&CODE_STATE=getMsg HTTP/1.1" 200 27
116.230.146.118 - - [20/Jul/2020:09:05:53 +0800] "POST /xingrg/dwr/call/plaincall/AjaxCgthService.getMaterielByMap.dwr HTTP/1.1" 200 3541
222.69.130.28 - - [20/Jul/2020:09:05:53 +0800] "POST /xingrg/dwr/call/plaincall/AjaxCheckService.setItemNumber.dwr HTTP/1.1" 200 78
114.88.161.57 - - [20/Jul/2020:09:05:55 +0800] "GET /xingrg/all/function/internal_message.html?_=1595207176298&CODE_STATE=getMsg HTTP/1.1" 200 27
222.69.130.28 - - [20/Jul/2020:09:05:55 +0800] "POST /xingrg/dwr/call/plaincall/AjaxCheckService.setItemNumber.dwr HTTP/1.1" 200 78
222.69.130.28 - - [20/Jul/2020:09:05:56 +0800] "POST /xingrg/dwr/call/plaincall/AjaxCheckService.setItemNumber.dwr HTTP/1.1" 200 78
222.69.130.28 - - [20/Jul/2020:09:05:57 +0800] "POST /xingrg/dwr/call/plaincall/AjaxCheckService.setItemNumber.dwr HTTP/1.1" 200 78
222.69.130.28 - - [20/Jul/2020:09:05:57 +0800] "POST /xingrg/dwr/call/plaincall/AjaxCheckService.setItemNumber.dwr HTTP/1.1" 200 78
222.69.130.28 - - [20/Jul/2020:09:05:58 +0800] "POST /xingrg/dwr/call/plaincall/AjaxCheckService.setItemNumber.dwr HTTP/1.1" 200 78
222.69.130.28 - - [20/Jul/2020:09:05:58 +0800] "POST /xingrg/dwr/call/plaincall/AjaxCheckService.setItemNumber.dwr HTTP/1.1" 200 78
222.69.130.28 - - [20/Jul/2020:09:05:59 +0800] "POST /xingrg/dwr/call/plaincall/AjaxCheckService.setItemNumber.dwr HTTP/1.1" 200 78
222.69.130.28 - - [20/Jul/2020:09:06:00 +0800] "POST /xingrg/dwr/call/plaincall/AjaxCheckService.setItemNumber.dwr HTTP/1.1" 200 78
116.230.146.118 - - [20/Jul/2020:09:06:00 +0800] "POST /xingrg/dwr/call/plaincall/AjaxCgthService.saveMaterielItem.dwr HTTP/1.1" 200 79
222.69.130.28 - - [20/Jul/2020:09:06:00 +0800] "POST /xingrg/dwr/call/plaincall/AjaxCheckService.setItemNumber.dwr HTTP/1.1" 200 78
222.69.130.28 - - [20/Jul/2020:09:06:00 +0800] "POST /xingrg/dwr/call/plaincall/AjaxCheckService.setItemNumber.dwr HTTP/1.1" 200 78
222.69.130.28 - - [20/Jul/2020:09:06:01 +0800] "POST /xingrg/dwr/call/plaincall/AjaxCheckService.setItemNumber.dwr HTTP/1.1" 200 78
180.175.214.200 - - [20/Jul/2020:09:06:02 +0800] "POST /xingrg/kc/buy/cgsh_order_operate.html HTTP/1.1" 200 37
116.230.146.118 - - [20/Jul/2020:09:06:02 +0800] "POST /xingrg/dwr/call/plaincall/AjaxCgthService.saveOrder.dwr HTTP/1.1" 200 79
222.69.130.28 - - [20/Jul/2020:09:06:02 +0800] "POST /xingrg/dwr/call/plaincall/AjaxCheckService.setItemNumber.dwr HTTP/1.1" 200 78
222.69.130.28 - - [20/Jul/2020:09:06:03 +0800] "POST /xingrg/dwr/call/plaincall/AjaxCheckService.setItemNumber.dwr HTTP/1.1" 200 78
180.175.214.200 - - [20/Jul/2020:09:06:03 +0800] "POST /xingrg/kc/buy/cgsh_order_operate.html HTTP/1.1" 200 12140
117.131.5.26 - - [20/Jul/2020:09:06:03 +0800] "GET /xingrg/all/function/internal_message.html?_=1595207536011&CODE_STATE=getMsg HTTP/1.1" 200 27
172.17.200.101 - - [20/Jul/2020:09:06:05 +0800] "GET /xingrg/all/function/internal_message.html?_=1595207165717&CODE_STATE=getMsg HTTP/1.1" 200 27
58.37.224.159 - - [20/Jul/2020:09:06:07 +0800] "GET /xingrg/all/function/internal_message.html?_=1595206833221&CODE_STATE=getMsg HTTP/1.1" 200 27
116.230.146.118 - - [20/Jul/2020:09:06:09 +0800] "POST /xingrg/dwr/call/plaincall/AjaxComOrderService.getMaterielSearchList.dwr HTTP/1.1" 200 938
116.230.146.118 - - [20/Jul/2020:09:06:10 +0800] "POST /xingrg/dwr/call/plaincall/AjaxComOrderService.getMaterielSearchList.dwr HTTP/1.1" 200 938
116.233.74.240 - - [20/Jul/2020:09:06:10 +0800] "GET /xingrg/all/function/internal_message.html?_=1595207203906&CODE_STATE=getMsg HTTP/1.1" 200 27
58.40.7.146 - - [20/Jul/2020:09:06:10 +0800] "GET /xingrg/check_reg.html?_=1595207170316 HTTP/1.1" 200 22
116.230.146.118 - - [20/Jul/2020:09:06:11 +0800] "POST /xingrg/dwr/call/plaincall/AjaxComOrderService.getMaterielSearchList.dwr HTTP/1.1" 200 204
116.230.146.118 - - [20/Jul/2020:09:06:11 +0800] "POST /xingrg/dwr/call/plaincall/AjaxComOrderService.getMaterielSearchList.dwr HTTP/1.1" 200 204
172.17.200.101 - - [20/Jul/2020:09:06:13 +0800] "POST /xingrg/dwr/call/plaincall/AjaxReportQueryService.refreshCache.dwr HTTP/1.1" 200 78
116.230.146.118 - - [20/Jul/2020:09:06:14 +0800] "POST /xingrg/dwr/call/plaincall/AjaxComOrderService.getMaterielSearchList.dwr HTTP/1.1" 200 77
180.175.214.200 - - [20/Jul/2020:09:06:15 +0800] "POST /xingrg/kc/buy/cgsh_list_operate.html HTTP/1.1" 200 2384
116.230.146.118 - - [20/Jul/2020:09:06:15 +0800] "POST /xingrg/dwr/call/plaincall/AjaxComOrderService.getMaterielSearchList.dwr HTTP/1.1" 200 1684989
172.17.200.101 - - [20/Jul/2020:09:06:16 +0800] "POST /xingrg/all/report/load_report_page.html HTTP/1.1" 200 258141
172.17.200.101 - - [20/Jul/2020:09:06:16 +0800] "GET /xingrg/servlets/image?cache=0.45123233644194727&image=px HTTP/1.1" 200 807
116.230.146.118 - - [20/Jul/2020:09:06:17 +0800] "GET /xingrg/all/function/internal_message.html?_=1595207175605&CODE_STATE=getMsg HTTP/1.1" 200 27
61.172.5.115 - - [20/Jul/2020:09:06:18 +0800] "GET /xingrg/all/function/internal_message.html?_=1595207175796&CODE_STATE=getMsg HTTP/1.1" 200 27
61.172.5.115 - - [20/Jul/2020:09:06:18 +0800] "GET /xingrg/check_reg.html?_=1595207175799 HTTP/1.1" 200 22
172.17.0.101 - - [20/Jul/2020:09:06:20 +0800] "GET /xingrg/check_reg.html?_=1595207181686 HTTP/1.1" 200 22
116.230.146.118 - - [20/Jul/2020:09:06:20 +0800] "POST /xingrg/dwr/call/plaincall/AjaxComOrderService.getMaterielSearchList.dwr HTTP/1.1" 200 1494
172.17.0.101 - - [20/Jul/2020:09:06:20 +0800] "GET /xingrg/all/function/internal_message.html?_=1595207181986&CODE_STATE=getMsg HTTP/1.1" 200 27
120.253.135.82 - - [20/Jul/2020:09:06:21 +0800] "GET /xingrg/all/function/internal_message.html?_=1595207254581&CODE_STATE=getMsg HTTP/1.1" 200 27
124.77.243.181 - - [20/Jul/2020:09:06:22 +0800] "GET /xingrg/all/function/internal_message.html?_=1595207183761&CODE_STATE=getMsg HTTP/1.1" 200 27
172.17.200.101 - - [20/Jul/2020:09:06:23 +0800] "POST /xingrg/all/report/report_print.html HTTP/1.1" 200 29733
114.89.80.44 - - [20/Jul/2020:09:06:23 +0800] "GET /xingrg/all/function/internal_message.html?_=1595207180995&CODE_STATE=getMsg HTTP/1.1" 200 27
116.230.146.118 - - [20/Jul/2020:09:06:25 +0800] "POST /xingrg/dwr/call/plaincall/AjaxComOrderService.getMaterielSearchList.dwr HTTP/1.1" 200 204
116.230.146.118 - - [20/Jul/2020:09:06:25 +0800] "POST /xingrg/dwr/call/plaincall/AjaxComOrderService.getMaterielSearchList.dwr HTTP/1.1" 200 303
117.184.7.30 - - [20/Jul/2020:09:06:27 +0800] "GET /xingrg/kc/buy/cgsh_order_add.html HTTP/1.1" 200 59281
117.184.7.30 - - [20/Jul/2020:09:06:27 +0800] "POST /xingrg/kc/buy/cgsh_order_operate.html HTTP/1.1" 200 8245
117.184.7.26 - - [20/Jul/2020:09:06:27 +0800] "GET /xingrg/javascript/easyui/themes/default/validatebox.css HTTP/1.1" 404 1104
58.37.224.159 - - [20/Jul/2020:09:06:28 +0800] "GET /xingrg/all/function/internal_message.html?_=1595207189291&CODE_STATE=getMsg HTTP/1.1" 200 27
114.88.161.57 - - [20/Jul/2020:09:06:28 +0800] "GET /xingrg/check_reg.html?_=1595207187531 HTTP/1.1" 200 22
116.230.146.118 - - [20/Jul/2020:09:06:28 +0800] "POST /xingrg/dwr/call/plaincall/AjaxCgthService.getMaterielByMap.dwr HTTP/1.1" 200 3530
114.88.161.57 - - [20/Jul/2020:09:06:29 +0800] "GET /xingrg/all/function/internal_message.html?_=1595207188175&CODE_STATE=getMsg HTTP/1.1" 200 27
180.157.251.101 - - [20/Jul/2020:09:06:30 +0800] "GET /xingrg/check_reg.html?_=1595207190301 HTTP/1.1" 200 22
222.69.130.28 - - [20/Jul/2020:09:06:31 +0800] "POST /xingrg/dwr/call/plaincall/AjaxCheckService.setItemNumber.dwr HTTP/1.1" 200 78
116.230.146.118 - - [20/Jul/2020:09:06:31 +0800] "POST /xingrg/dwr/call/plaincall/AjaxCgthService.saveMaterielItem.dwr HTTP/1.1" 200 79
222.69.130.28 - - [20/Jul/2020:09:06:33 +0800] "GET /xingrg/all/function/internal_message.html?_=1595207192673&CODE_STATE=getMsg HTTP/1.1" 200 27
222.69.130.28 - - [20/Jul/2020:09:06:36 +0800] "POST /xingrg/dwr/call/plaincall/AjaxCheckService.setItemNumber.dwr HTTP/1.1" 200 78
172.17.200.101 - - [20/Jul/2020:09:06:37 +0800] "POST /xingrg/dwr/call/plaincall/AjaxReportQueryService.refreshCache.dwr HTTP/1.1" 200 78
222.69.130.28 - - [20/Jul/2020:09:06:37 +0800] "POST /xingrg/dwr/call/plaincall/AjaxCheckService.setItemNumber.dwr HTTP/1.1" 200 78
222.69.130.28 - - [20/Jul/2020:09:06:38 +0800] "POST /xingrg/dwr/call/plaincall/AjaxCheckService.setItemNumber.dwr HTTP/1.1" 200 78
222.69.130.28 - - [20/Jul/2020:09:06:38 +0800] "POST /xingrg/dwr/call/plaincall/AjaxCheckService.setItemNumber.dwr HTTP/1.1" 200 78
222.69.130.28 - - [20/Jul/2020:09:06:39 +0800] "POST /xingrg/dwr/call/plaincall/AjaxCheckService.setItemNumber.dwr HTTP/1.1" 200 78
172.17.200.101 - - [20/Jul/2020:09:06:40 +0800] "POST /xingrg/all/report/load_report_page.html HTTP/1.1" 200 256255
222.69.130.28 - - [20/Jul/2020:09:06:40 +0800] "POST /xingrg/dwr/call/plaincall/AjaxCheckService.setItemNumber.dwr HTTP/1.1" 200 78
172.17.200.101 - - [20/Jul/2020:09:06:40 +0800] "GET /xingrg/servlets/image?cache=0.753451729334213&image=px HTTP/1.1" 200 807
222.69.130.28 - - [20/Jul/2020:09:06:40 +0800] "POST /xingrg/dwr/call/plaincall/AjaxCheckService.setItemNumber.dwr HTTP/1.1" 200 78
222.69.130.28 - - [20/Jul/2020:09:06:40 +0800] "POST /xingrg/dwr/call/plaincall/AjaxCheckService.setItemNumber.dwr HTTP/1.1" 200 78
180.157.251.101 - - [20/Jul/2020:09:06:40 +0800] "GET /xingrg/all/function/internal_message.html?_=1595207201121&CODE_STATE=getMsg HTTP/1.1" 200 27
116.230.146.118 - - [20/Jul/2020:09:06:41 +0800] "POST /xingrg/dwr/call/plaincall/AjaxCgthService.saveOrder.dwr HTTP/1.1" 200 79
222.69.130.28 - - [20/Jul/2020:09:06:41 +0800] "POST /xingrg/dwr/call/plaincall/AjaxCheckService.setItemNumber.dwr HTTP/1.1" 200 78
222.69.130.28 - - [20/Jul/2020:09:06:42 +0800] "POST /xingrg/dwr/call/plaincall/AjaxCheckService.setItemNumber.dwr HTTP/1.1" 200 78
222.69.130.28 - - [20/Jul/2020:09:06:42 +0800] "POST /xingrg/dwr/call/plaincall/AjaxCheckService.setItemNumber.dwr HTTP/1.1" 200 78
222.69.130.28 - - [20/Jul/2020:09:06:43 +0800] "POST /xingrg/dwr/call/plaincall/AjaxCheckService.setItemNumber.dwr HTTP/1.1" 200 78
172.17.200.101 - - [20/Jul/2020:09:06:43 +0800] "POST /xingrg/all/report/report_print.html HTTP/1.1" 200 27684
172.17.0.123 - - [20/Jul/2020:09:06:44 +0800] "GET /xingrg/check_reg.html?_=1595207145509 HTTP/1.1" 302 -
172.17.0.123 - - [20/Jul/2020:09:06:44 +0800] "GET /xingrg/all/function/internal_message.html?_=1595207145509&CODE_STATE=getMsg HTTP/1.1" 302 -
222.69.130.28 - - [20/Jul/2020:09:06:44 +0800] "POST /xingrg/dwr/call/plaincall/AjaxCheckService.setItemNumber.dwr HTTP/1.1" 200 78
117.184.7.30 - - [20/Jul/2020:09:06:44 +0800] "GET /xingrg/all/function/internal_message.html?_=1595207204392&CODE_STATE=getMsg HTTP/1.1" 200 27
222.69.130.28 - - [20/Jul/2020:09:06:45 +0800] "POST /xingrg/dwr/call/plaincall/AjaxCheckService.setItemNumber.dwr HTTP/1.1" 200 78
61.172.5.115 - - [20/Jul/2020:09:06:45 +0800] "POST /xingrg/kc/buy/cgsh_order_operate.html HTTP/1.1" 200 37
222.69.130.28 - - [20/Jul/2020:09:06:46 +0800] "POST /xingrg/dwr/call/plaincall/AjaxCheckService.setItemNumber.dwr HTTP/1.1" 200 78
116.230.146.118 - - [20/Jul/2020:09:06:46 +0800] "POST /xingrg/dwr/call/plaincall/AjaxComOrderService.getMaterielSearchList.dwr HTTP/1.1" 200 14216
222.69.130.28 - - [20/Jul/2020:09:06:46 +0800] "POST /xingrg/dwr/call/plaincall/AjaxCheckService.setItemNumber.dwr HTTP/1.1" 200 78
61.172.5.115 - - [20/Jul/2020:09:06:47 +0800] "POST /xingrg/kc/buy/cgsh_order_operate.html HTTP/1.1" 200 6231
180.157.251.101 - - [20/Jul/2020:09:06:48 +0800] "POST /xingrg/kc/mdqp/pssh_list_operate.html HTTP/1.1" 200 352
180.175.214.200 - - [20/Jul/2020:09:06:48 +0800] "GET /xingrg/all/function/internal_message.html?_=1595207414440&CODE_STATE=getMsg HTTP/1.1" 200 27
116.230.146.118 - - [20/Jul/2020:09:06:48 +0800] "POST /xingrg/dwr/call/plaincall/AjaxComOrderService.getMaterielSearchList.dwr HTTP/1.1" 200 774
222.69.130.28 - - [20/Jul/2020:09:06:49 +0800] "POST /xingrg/dwr/call/plaincall/AjaxCheckService.setItemNumber.dwr HTTP/1.1" 200 78
180.157.251.101 - - [20/Jul/2020:09:06:49 +0800] "GET /xingrg/kc/mdqp/pssh_order_info.html?code=312020071800450 HTTP/1.1" 200 17250
180.157.251.101 - - [20/Jul/2020:09:06:49 +0800] "GET /xingrg/javascript/jquery_tools/jquery-1.4.2.min.js HTTP/1.1" 404 1094
222.69.130.28 - - [20/Jul/2020:09:06:49 +0800] "POST /xingrg/dwr/call/plaincall/AjaxCheckService.setItemNumber.dwr HTTP/1.1" 200 78
180.157.251.101 - - [20/Jul/2020:09:06:50 +0800] "POST /xingrg/kc/mdqp/pssh_order_operate.html HTTP/1.1" 200 1037
222.69.130.28 - - [20/Jul/2020:09:06:50 +0800] "POST /xingrg/dwr/call/plaincall/AjaxCheckService.setItemNumber.dwr HTTP/1.1" 200 78
180.157.251.101 - - [20/Jul/2020:09:06:50 +0800] "GET /xingrg/javascript/easyui/themes/default/validatebox.css HTTP/1.1" 404 1104
222.69.130.28 - - [20/Jul/2020:09:06:51 +0800] "POST /xingrg/dwr/call/plaincall/AjaxCheckService.setItemNumber.dwr HTTP/1.1" 200 78
180.157.251.101 - - [20/Jul/2020:09:06:52 +0800] "GET /xingrg/javascript/jquery_easy_ui/themes/icons/rest.png HTTP/1.1" 304 -
180.157.251.101 - - [20/Jul/2020:09:06:52 +0800] "GET /xingrg/javascript/jquery_easy_ui/themes/icons/area.png HTTP/1.1" 304 -
222.69.130.28 - - [20/Jul/2020:09:06:52 +0800] "POST /xingrg/dwr/call/plaincall/AjaxCheckService.setItemNumber.dwr HTTP/1.1" 200 78
222.69.130.28 - - [20/Jul/2020:09:06:52 +0800] "POST /xingrg/dwr/call/plaincall/AjaxCheckService.setItemNumber.dwr HTTP/1.1" 200 78
222.69.130.28 - - [20/Jul/2020:09:06:53 +0800] "POST /xingrg/dwr/call/plaincall/AjaxCheckService.setItemNumber.dwr HTTP/1.1" 200 78
222.69.130.28 - - [20/Jul/2020:09:06:53 +0800] "POST /xingrg/dwr/call/plaincall/AjaxCheckService.setItemNumber.dwr HTTP/1.1" 200 78
180.157.251.101 - - [20/Jul/2020:09:06:53 +0800] "POST /xingrg/kc/mdqp/pssh_list_operate.html HTTP/1.1" 200 5446
180.157.251.101 - - [20/Jul/2020:09:06:54 +0800] "POST /xingrg/kc/mdqp/pssh_list_operate.html HTTP/1.1" 200 751
114.88.161.57 - - [20/Jul/2020:09:06:55 +0800] "GET /xingrg/check_reg.html?_=1595207236310 HTTP/1.1" 200 22
114.88.161.57 - - [20/Jul/2020:09:06:55 +0800] "GET /xingrg/all/function/internal_message.html?_=1595207236309&CODE_STATE=getMsg HTTP/1.1" 200 27
180.157.251.101 - - [20/Jul/2020:09:06:56 +0800] "POST /xingrg/kc/mdqp/pssh_list_operate.html HTTP/1.1" 200 271
222.69.130.28 - - [20/Jul/2020:09:06:58 +0800] "POST /xingrg/dwr/call/plaincall/AjaxCheckService.setItemNumber.dwr HTTP/1.1" 200 78
222.69.130.28 - - [20/Jul/2020:09:06:59 +0800] "POST /xingrg/dwr/call/plaincall/AjaxCheckService.setItemNumber.dwr HTTP/1.1" 200 78
114.88.161.57 - - [20/Jul/2020:09:06:59 +0800] "GET /xingrg/kc/buy/cgsh_order_operate.html?command=get_materiel&rest_code=00111&code=00101010314&supplier_code=00100037&order_time=2020-07-20 HTTP/1.1" 200 413
180.157.251.101 - - [20/Jul/2020:09:07:00 +0800] "POST /xingrg/kc/mdqp/pssh_list_operate.html HTTP/1.1" 200 5446
222.69.130.28 - - [20/Jul/2020:09:07:01 +0800] "POST /xingrg/dwr/call/plaincall/AjaxCheckService.setItemNumber.dwr HTTP/1.1" 200 78
180.157.251.101 - - [20/Jul/2020:09:07:02 +0800] "POST /xingrg/kc/mdqp/pssh_list_operate.html HTTP/1.1" 200 5580
222.69.130.28 - - [20/Jul/2020:09:07:02 +0800] "POST /xingrg/dwr/call/plaincall/AjaxCheckService.setItemNumber.dwr HTTP/1.1" 200 78
116.230.146.118 - - [20/Jul/2020:09:07:03 +0800] "POST /xingrg/dwr/call/plaincall/AjaxCgthService.getMaterielByMap.dwr HTTP/1.1" 200 3552
117.131.5.26 - - [20/Jul/2020:09:07:03 +0800] "GET /xingrg/all/function/internal_message.html?_=1595207596009&CODE_STATE=getMsg HTTP/1.1" 200 27
222.69.130.28 - - [20/Jul/2020:09:07:04 +0800] "POST /xingrg/dwr/call/plaincall/AjaxCheckService.setItemNumber.dwr HTTP/1.1" 200 78
180.157.251.101 - - [20/Jul/2020:09:07:04 +0800] "POST /xingrg/kc/mdqp/pssh_list_operate.html HTTP/1.1" 200 254
222.69.130.28 - - [20/Jul/2020:09:07:05 +0800] "POST /xingrg/dwr/call/plaincall/AjaxCheckService.setItemNumber.dwr HTTP/1.1" 200 78
172.17.200.101 - - [20/Jul/2020:09:07:05 +0800] "GET /xingrg/all/function/internal_message.html?_=1595207225731&CODE_STATE=getMsg HTTP/1.1" 200 27
222.69.130.28 - - [20/Jul/2020:09:07:06 +0800] "POST /xingrg/dwr/call/plaincall/AjaxCheckService.setItemNumber.dwr HTTP/1.1" 200 78
222.69.130.28 - - [20/Jul/2020:09:07:07 +0800] "POST /xingrg/dwr/call/plaincall/AjaxCheckService.setItemNumber.dwr HTTP/1.1" 200 78
58.37.224.159 - - [20/Jul/2020:09:07:07 +0800] "GET /xingrg/all/function/internal_message.html?_=1595206893200&CODE_STATE=getMsg HTTP/1.1" 200 27
222.69.130.28 - - [20/Jul/2020:09:07:07 +0800] "POST /xingrg/dwr/call/plaincall/AjaxCheckService.setItemNumber.dwr HTTP/1.1" 200 78
222.69.130.28 - - [20/Jul/2020:09:07:08 +0800] "POST /xingrg/dwr/call/plaincall/AjaxCheckService.setItemNumber.dwr HTTP/1.1" 200 78
116.230.146.118 - - [20/Jul/2020:09:07:08 +0800] "POST /xingrg/dwr/call/plaincall/AjaxCgthService.saveMaterielItem.dwr HTTP/1.1" 200 79
116.233.74.240 - - [20/Jul/2020:09:07:08 +0800] "GET /xingrg/all/function/internal_message.html?_=1595207263906&CODE_STATE=getMsg HTTP/1.1" 200 27
116.230.146.118 - - [20/Jul/2020:09:07:11 +0800] "POST /xingrg/dwr/call/plaincall/AjaxCgthService.saveOrder.dwr HTTP/1.1" 200 79
180.157.251.101 - - [20/Jul/2020:09:07:12 +0800] "POST /xingrg/kc/mdqp/pssh_list_operate.html HTTP/1.1" 200 5615
180.157.251.101 - - [20/Jul/2020:09:07:15 +0800] "POST /xingrg/kc/mdqp/pssh_list_operate.html HTTP/1.1" 200 5617
114.88.161.57 - - [20/Jul/2020:09:07:16 +0800] "GET /xingrg/kc/buy/cgsh_order_operate.html?command=get_materiel&rest_code=00111&code=00101008126&supplier_code=00100037&order_time=2020-07-20 HTTP/1.1" 200 412
180.157.251.101 - - [20/Jul/2020:09:07:17 +0800] "POST /xingrg/kc/mdqp/pssh_list_operate.html HTTP/1.1" 200 5615
116.230.146.118 - - [20/Jul/2020:09:07:17 +0800] "POST /xingrg/dwr/call/plaincall/AjaxComOrderService.getMaterielSearchList.dwr HTTP/1.1" 200 19468
117.184.7.30 - - [20/Jul/2020:09:07:17 +0800] "GET /xingrg/kc/buy/cgsh_order_operate.html?command=get_materiel&rest_code=00108&code=00101006129&supplier_code=00100010&order_time=2020-07-20 HTTP/1.1" 200 450
116.230.146.118 - - [20/Jul/2020:09:07:17 +0800] "GET /xingrg/all/function/internal_message.html?_=1595207235590&CODE_STATE=getMsg HTTP/1.1" 200 27
61.172.5.115 - - [20/Jul/2020:09:07:18 +0800] "GET /xingrg/all/function/internal_message.html?_=1595207235786&CODE_STATE=getMsg HTTP/1.1" 200 27
180.157.251.101 - - [20/Jul/2020:09:07:18 +0800] "POST /xingrg/kc/mdqp/pssh_list_operate.html HTTP/1.1" 200 5580
172.17.0.101 - - [20/Jul/2020:09:07:20 +0800] "GET /xingrg/all/function/internal_message.html?_=1595207241958&CODE_STATE=getMsg HTTP/1.1" 200 27
116.230.146.118 - - [20/Jul/2020:09:07:20 +0800] "POST /xingrg/dwr/call/plaincall/AjaxComOrderService.getMaterielSearchList.dwr HTTP/1.1" 200 1778
120.253.135.82 - - [20/Jul/2020:09:07:21 +0800] "GET /xingrg/all/function/internal_message.html?_=1595207314596&CODE_STATE=getMsg HTTP/1.1" 200 27
124.77.243.181 - - [20/Jul/2020:09:07:22 +0800] "GET /xingrg/all/function/internal_message.html?_=1595207243914&CODE_STATE=getMsg HTTP/1.1" 200 27
180.157.251.101 - - [20/Jul/2020:09:07:22 +0800] "POST /xingrg/kc/mdqp/pssh_list_operate.html HTTP/1.1" 200 5446
114.89.80.44 - - [20/Jul/2020:09:07:23 +0800] "GET /xingrg/all/function/internal_message.html?_=1595207241004&CODE_STATE=getMsg HTTP/1.1" 200 27
222.69.130.28 - - [20/Jul/2020:09:07:24 +0800] "POST /xingrg/dwr/call/plaincall/AjaxCheckService.setItemNumber.dwr HTTP/1.1" 200 78
61.172.5.115 - - [20/Jul/2020:09:07:25 +0800] "GET /xingrg/kc/print/load_data.html?order_code=212020072008238&kc_code=cgsh&condition= HTTP/1.1" 200 2099
116.233.74.240 - - [20/Jul/2020:09:07:26 +0800] "GET /xingrg/kc/buy/buy_main.html HTTP/1.1" 200 12412
116.233.74.240 - - [20/Jul/2020:09:07:26 +0800] "GET /xingrg/css/new_ie.css HTTP/1.1" 404 1036
116.233.74.240 - - [20/Jul/2020:09:07:26 +0800] "GET /xingrg/javascript/jquery_ui/themes/humanity/humanity.css HTTP/1.1" 304 -
116.233.74.240 - - [20/Jul/2020:09:07:26 +0800] "GET /xingrg/javascript/jquery_ui/jquery-ui.min.js HTTP/1.1" 304 -
114.88.161.57 - - [20/Jul/2020:09:07:26 +0800] "GET /xingrg/kc/buy/cgsh_order_operate.html?command=get_materiel&rest_code=00111&code=00101016080&supplier_code=00100037&order_time=2020-07-20 HTTP/1.1" 200 408
222.69.130.28 - - [20/Jul/2020:09:07:27 +0800] "POST /xingrg/dwr/call/plaincall/AjaxCheckService.setItemNumber.dwr HTTP/1.1" 200 78
58.37.224.159 - - [20/Jul/2020:09:07:28 +0800] "GET /xingrg/all/function/internal_message.html?_=1595207249290&CODE_STATE=getMsg HTTP/1.1" 200 27
58.37.224.159 - - [20/Jul/2020:09:07:28 +0800] "GET /xingrg/check_reg.html?_=1595207249291 HTTP/1.1" 200 22
222.69.130.28 - - [20/Jul/2020:09:07:28 +0800] "POST /xingrg/dwr/call/plaincall/AjaxCheckService.setItemNumber.dwr HTTP/1.1" 200 78
116.233.74.240 - - [20/Jul/2020:09:07:29 +0800] "GET /xingrg/javascript/ToolTips.js HTTP/1.1" 304 -
116.233.74.240 - - [20/Jul/2020:09:07:29 +0800] "GET /xingrg/images/blue/button/cgxqd.gif HTTP/1.1" 304 -
116.233.74.240 - - [20/Jul/2020:09:07:29 +0800] "GET /xingrg/images/blue/button/ckthd.gif HTTP/1.1" 304 -
116.233.74.240 - - [20/Jul/2020:09:07:29 +0800] "GET /xingrg/javascript/jquery_ui/themes/humanity/images/ui-bg_inset-soft_100_f4f0ec_1x100.png HTTP/1.1" 304 -
116.233.74.240 - - [20/Jul/2020:09:07:29 +0800] "GET /xingrg/images/blue/button/down_ah.jpg HTTP/1.1" 304 -
222.69.130.28 - - [20/Jul/2020:09:07:29 +0800] "POST /xingrg/dwr/call/plaincall/AjaxCheckService.setItemNumber.dwr HTTP/1.1" 200 78
114.88.161.57 - - [20/Jul/2020:09:07:29 +0800] "GET /xingrg/all/function/internal_message.html?_=1595207248400&CODE_STATE=getMsg HTTP/1.1" 200 27
222.69.130.28 - - [20/Jul/2020:09:07:30 +0800] "POST /xingrg/dwr/call/plaincall/AjaxCheckService.setItemNumber.dwr HTTP/1.1" 200 78
222.69.130.28 - - [20/Jul/2020:09:07:30 +0800] "POST /xingrg/dwr/call/plaincall/AjaxCheckService.setItemNumber.dwr HTTP/1.1" 200 78
222.69.130.28 - - [20/Jul/2020:09:07:30 +0800] "POST /xingrg/dwr/call/plaincall/AjaxCheckService.setItemNumber.dwr HTTP/1.1" 200 78
116.233.74.240 - - [20/Jul/2020:09:07:31 +0800] "GET /xingrg/images/blue/button/cgfkd.gif HTTP/1.1" 304 -
222.69.130.28 - - [20/Jul/2020:09:07:31 +0800] "POST /xingrg/dwr/call/plaincall/AjaxCheckService.setItemNumber.dwr HTTP/1.1" 200 78
222.69.130.28 - - [20/Jul/2020:09:07:32 +0800] "POST /xingrg/dwr/call/plaincall/AjaxCheckService.setItemNumber.dwr HTTP/1.1" 200 78
222.69.130.28 - - [20/Jul/2020:09:07:32 +0800] "POST /xingrg/dwr/call/plaincall/AjaxCheckService.setItemNumber.dwr HTTP/1.1" 200 78
116.233.74.240 - - [20/Jul/2020:09:07:33 +0800] "GET /xingrg/javascript/print/LodopFuncs.js HTTP/1.1" 304 -
116.233.74.240 - - [20/Jul/2020:09:07:33 +0800] "GET /xingrg/kc/buy/cgsh_order_list.html HTTP/1.1" 200 43578
116.233.74.240 - - [20/Jul/2020:09:07:33 +0800] "GET /xingrg/javascript/easyui/themes/icons/import_new.png HTTP/1.1" 304 -
222.69.130.28 - - [20/Jul/2020:09:07:33 +0800] "POST /xingrg/dwr/call/plaincall/AjaxCheckService.setItemNumber.dwr HTTP/1.1" 200 78
116.233.74.240 - - [20/Jul/2020:09:07:33 +0800] "POST /xingrg/kc/buy/cgsh_list_operate.html HTTP/1.1" 200 876
222.69.130.28 - - [20/Jul/2020:09:07:33 +0800] "GET /xingrg/all/function/internal_message.html?_=1595207252650&CODE_STATE=getMsg HTTP/1.1" 200 27
180.157.251.101 - - [20/Jul/2020:09:07:33 +0800] "GET /xingrg/kc/buy/cgsh_order_list.html HTTP/1.1" 200 43584
222.69.130.28 - - [20/Jul/2020:09:07:34 +0800] "POST /xingrg/dwr/call/plaincall/AjaxCheckService.setItemNumber.dwr HTTP/1.1" 200 78
180.157.251.101 - - [20/Jul/2020:09:07:35 +0800] "POST /xingrg/kc/buy/cgsh_list_operate.html HTTP/1.1" 200 876
222.69.130.28 - - [20/Jul/2020:09:07:35 +0800] "POST /xingrg/dwr/call/plaincall/AjaxCheckService.setItemNumber.dwr HTTP/1.1" 200 78
116.230.146.118 - - [20/Jul/2020:09:07:36 +0800] "POST /xingrg/dwr/call/plaincall/AjaxCgthService.getMaterielByMap.dwr HTTP/1.1" 200 3556
222.69.130.28 - - [20/Jul/2020:09:07:37 +0800] "POST /xingrg/dwr/call/plaincall/AjaxCheckService.setItemNumber.dwr HTTP/1.1" 200 78
116.233.74.240 - - [20/Jul/2020:09:07:38 +0800] "GET /xingrg/index.html?sysBaseUrl=http%3A%2F%2F180.169.147.146%3A18081%2Fxingrg%2F&costTime=54×tamp=1595206741639 HTTP/1.1" 200 17173
116.233.74.240 - - [20/Jul/2020:09:07:38 +0800] "POST /xingrg/all/common/load_tree.html?tree=area_rest_tree_json&manage=1 HTTP/1.1" 200 342
116.233.74.240 - - [20/Jul/2020:09:07:38 +0800] "GET /xingrg/check_reg.html?_=1595207294576 HTTP/1.1" 200 22
116.233.74.240 - - [20/Jul/2020:09:07:38 +0800] "GET /xingrg/all/function/internal_message.html?_=1595207294576&CODE_STATE=count HTTP/1.1" 200 11
116.233.74.240 - - [20/Jul/2020:09:07:38 +0800] "POST /xingrg/load_menu.html HTTP/1.1" 200 5138
180.157.251.101 - - [20/Jul/2020:09:07:38 +0800] "GET /xingrg/kc/buy/cgsh_order_add.html HTTP/1.1" 200 59322
180.157.251.101 - - [20/Jul/2020:09:07:39 +0800] "POST /xingrg/kc/buy/cgsh_order_operate.html HTTP/1.1" 200 8245
180.157.251.101 - - [20/Jul/2020:09:07:39 +0800] "GET /xingrg/javascript/easyui/themes/default/validatebox.css HTTP/1.1" 404 1104
116.233.74.240 - - [20/Jul/2020:09:07:40 +0800] "GET /xingrg/kc/buy/buy_main.html HTTP/1.1" 200 12412
222.69.130.28 - - [20/Jul/2020:09:07:40 +0800] "POST /xingrg/dwr/call/plaincall/AjaxCheckService.setItemNumber.dwr HTTP/1.1" 200 78
116.230.146.118 - - [20/Jul/2020:09:07:40 +0800] "POST /xingrg/dwr/call/plaincall/AjaxCgthService.saveMaterielItem.dwr HTTP/1.1" 200 79
180.157.251.101 - - [20/Jul/2020:09:07:41 +0800] "GET /xingrg/all/function/internal_message.html?_=1595207261233&CODE_STATE=getMsg HTTP/1.1" 200 27
180.157.251.101 - - [20/Jul/2020:09:07:41 +0800] "GET /xingrg/javascript/auto/indicator.gif HTTP/1.1" 404 1066
116.233.74.240 - - [20/Jul/2020:09:07:41 +0800] "GET /xingrg/css/new_ie.css HTTP/1.1" 404 1036
222.69.130.28 - - [20/Jul/2020:09:07:41 +0800] "POST /xingrg/dwr/call/plaincall/AjaxCheckService.setItemNumber.dwr HTTP/1.1" 200 78
222.69.130.28 - - [20/Jul/2020:09:07:42 +0800] "POST /xingrg/dwr/call/plaincall/AjaxCheckService.setItemNumber.dwr HTTP/1.1" 200 78
116.233.74.240 - - [20/Jul/2020:09:07:42 +0800] "GET /xingrg/kc/buy/cgsh_order_list.html HTTP/1.1" 200 43578
222.69.130.28 - - [20/Jul/2020:09:07:42 +0800] "POST /xingrg/dwr/call/plaincall/AjaxCheckService.setItemNumber.dwr HTTP/1.1" 200 78
116.230.146.118 - - [20/Jul/2020:09:07:42 +0800] "POST /xingrg/dwr/call/plaincall/AjaxCgthService.saveOrder.dwr HTTP/1.1" 200 79
116.233.74.240 - - [20/Jul/2020:09:07:43 +0800] "POST /xingrg/kc/buy/cgsh_list_operate.html HTTP/1.1" 200 876
222.69.130.28 - - [20/Jul/2020:09:07:43 +0800] "POST /xingrg/dwr/call/plaincall/AjaxCheckService.setItemNumber.dwr HTTP/1.1" 200 78
222.69.130.28 - - [20/Jul/2020:09:07:44 +0800] "POST /xingrg/dwr/call/plaincall/AjaxCheckService.setItemNumber.dwr HTTP/1.1" 200 78
172.17.0.123 - - [20/Jul/2020:09:07:44 +0800] "GET /xingrg/all/function/internal_message.html?_=1595207205519&CODE_STATE=getMsg HTTP/1.1" 302 -
116.233.74.240 - - [20/Jul/2020:09:07:44 +0800] "GET /xingrg/kc/buy/cgsh_order_add.html HTTP/1.1" 200 59357
116.233.74.240 - - [20/Jul/2020:09:07:44 +0800] "GET /xingrg/words/20200719191801_words.js HTTP/1.1" 304 -
117.184.7.30 - - [20/Jul/2020:09:07:44 +0800] "GET /xingrg/all/function/internal_message.html?_=1595207264377&CODE_STATE=getMsg HTTP/1.1" 200 27
117.184.7.26 - - [20/Jul/2020:09:07:44 +0800] "GET /xingrg/check_reg.html?_=1595207264374 HTTP/1.1" 200 22
222.69.130.28 - - [20/Jul/2020:09:07:44 +0800] "POST /xingrg/dwr/call/plaincall/AjaxCheckService.setItemNumber.dwr HTTP/1.1" 200 78
116.233.74.240 - - [20/Jul/2020:09:07:44 +0800] "POST /xingrg/kc/buy/cgsh_order_operate.html HTTP/1.1" 200 8245
116.233.74.240 - - [20/Jul/2020:09:07:44 +0800] "GET /xingrg/all/common/auto_word.html?type=employee&rest_code=00109 HTTP/1.1" 200 255
116.233.74.240 - - [20/Jul/2020:09:07:44 +0800] "GET /xingrg/all/common/auto_word.html?type=employee&rest_code=00109 HTTP/1.1" 200 255
116.233.74.240 - - [20/Jul/2020:09:07:44 +0800] "GET /xingrg/javascript/easyui/themes/default/validatebox.css HTTP/1.1" 404 1104
222.69.130.28 - - [20/Jul/2020:09:07:45 +0800] "POST /xingrg/dwr/call/plaincall/AjaxCheckService.setItemNumber.dwr HTTP/1.1" 200 78
222.69.130.28 - - [20/Jul/2020:09:07:45 +0800] "POST /xingrg/dwr/call/plaincall/AjaxCheckService.setItemNumber.dwr HTTP/1.1" 200 78
222.69.130.28 - - [20/Jul/2020:09:07:46 +0800] "POST /xingrg/dwr/call/plaincall/AjaxCheckService.setItemNumber.dwr HTTP/1.1" 200 78
222.69.130.28 - - [20/Jul/2020:09:07:47 +0800] "POST /xingrg/dwr/call/plaincall/AjaxCheckService.setItemNumber.dwr HTTP/1.1" 200 78
222.69.130.28 - - [20/Jul/2020:09:07:47 +0800] "POST /xingrg/dwr/call/plaincall/AjaxCheckService.setItemNumber.dwr HTTP/1.1" 200 78
180.157.251.101 - - [20/Jul/2020:09:07:47 +0800] "GET /xingrg/kc/buy/cgsh_order_operate.html?command=get_materiel&rest_code=00148&code=00101034055&supplier_code=00100361&order_time=2020-07-20 HTTP/1.1" 200 404
