58.37.224.159 - - [20/Jul/2020:08:41:28 +0800] "GET /xingrg/all/function/internal_message.html?_=1595205689241&CODE_STATE=getMsg HTTP/1.1" 200 27
124.77.243.181 - - [20/Jul/2020:08:41:29 +0800] "POST /xingrg/dwr/call/plaincall/AjaxCheckService.setItemNumber.dwr HTTP/1.1" 200 77
180.157.251.101 - - [20/Jul/2020:08:41:29 +0800] "GET /xingrg/check_reg.html?_=1595205689831 HTTP/1.1" 200 22
180.157.251.101 - - [20/Jul/2020:08:41:30 +0800] "GET /xingrg/all/function/internal_message.html?_=1595205690502&CODE_STATE=getMsg HTTP/1.1" 200 27
124.77.243.181 - - [20/Jul/2020:08:41:30 +0800] "POST /xingrg/dwr/call/plaincall/AjaxCheckService.setItemNumber.dwr HTTP/1.1" 200 77
124.77.243.181 - - [20/Jul/2020:08:41:31 +0800] "POST /xingrg/dwr/call/plaincall/AjaxCheckService.setItemNumber.dwr HTTP/1.1" 200 77
222.69.130.28 - - [20/Jul/2020:08:41:32 +0800] "GET /xingrg/all/function/internal_message.html?_=1595205690833&CODE_STATE=getMsg HTTP/1.1" 200 27
117.184.7.30 - - [20/Jul/2020:08:41:33 +0800] "POST /xingrg/services/DataTransmitService HTTP/1.1" 200 524
117.184.7.30 - - [20/Jul/2020:08:41:33 +0800] "POST /xingrg/services/DataTransmitService HTTP/1.1" 200 501
117.184.7.30 - - [20/Jul/2020:08:41:33 +0800] "POST /xingrg/services/DataTransmitService HTTP/1.1" 200 501
117.184.7.30 - - [20/Jul/2020:08:41:34 +0800] "POST /xingrg/services/DataTransmitService HTTP/1.1" 200 501
117.184.7.30 - - [20/Jul/2020:08:41:35 +0800] "POST /xingrg/services/DataTransmitService HTTP/1.1" 200 501
117.184.7.30 - - [20/Jul/2020:08:41:35 +0800] "POST /xingrg/services/DataTransmitService HTTP/1.1" 200 501
117.184.7.30 - - [20/Jul/2020:08:41:35 +0800] "POST /xingrg/services/DataTransmitService HTTP/1.1" 200 501
117.184.7.30 - - [20/Jul/2020:08:41:36 +0800] "POST /xingrg/services/DataTransmitService HTTP/1.1" 200 501
222.69.130.28 - - [20/Jul/2020:08:41:36 +0800] "GET /xingrg/kc/buy/cgsh_order_operate.html?command=get_materiel&rest_code=00149&code=00101008069&supplier_code=00100005&order_time=2020-07-20 HTTP/1.1" 200 431
117.184.7.30 - - [20/Jul/2020:08:41:36 +0800] "POST /xingrg/services/DataTransmitService HTTP/1.1" 200 501
117.184.7.30 - - [20/Jul/2020:08:41:37 +0800] "POST /xingrg/services/DataTransmitService HTTP/1.1" 200 412
172.17.0.123 - - [20/Jul/2020:08:41:44 +0800] "GET /xingrg/check_reg.html?_=1595205645523 HTTP/1.1" 302 -
172.17.0.123 - - [20/Jul/2020:08:41:44 +0800] "GET /xingrg/all/function/internal_message.html?_=1595205645523&CODE_STATE=getMsg HTTP/1.1" 302 -
180.157.251.101 - - [20/Jul/2020:08:41:53 +0800] "POST /xingrg/dwr/call/plaincall/AjaxCheckService.setItemNumber.dwr HTTP/1.1" 200 76
180.157.251.101 - - [20/Jul/2020:08:41:54 +0800] "POST /xingrg/dwr/call/plaincall/AjaxCheckService.setItemNumber.dwr HTTP/1.1" 200 76
114.88.161.57 - - [20/Jul/2020:08:41:55 +0800] "GET /xingrg/check_reg.html?_=1595205736287 HTTP/1.1" 200 22
114.88.161.57 - - [20/Jul/2020:08:41:55 +0800] "GET /xingrg/all/function/internal_message.html?_=1595205736289&CODE_STATE=getMsg HTTP/1.1" 200 27
180.157.251.101 - - [20/Jul/2020:08:41:55 +0800] "POST /xingrg/dwr/call/plaincall/AjaxCheckService.setItemNumber.dwr HTTP/1.1" 200 76
180.157.251.101 - - [20/Jul/2020:08:41:56 +0800] "POST /xingrg/dwr/call/plaincall/AjaxCheckService.setItemNumber.dwr HTTP/1.1" 200 77
120.253.135.82 - - [20/Jul/2020:08:41:59 +0800] "GET /xingrg/all/function/internal_message.html?_=1595205473445&CODE_STATE=getMsg HTTP/1.1" 200 27
116.230.146.118 - - [20/Jul/2020:08:42:00 +0800] "GET /favicon.ico HTTP/1.1" 404 -
222.69.130.28 - - [20/Jul/2020:08:42:00 +0800] "GET /xingrg/kc/buy/cgsh_order_operate.html?command=get_materiel&rest_code=00149&code=00101008286&supplier_code=00100005&order_time=2020-07-20 HTTP/1.1" 200 427
117.131.5.26 - - [20/Jul/2020:08:42:03 +0800] "GET /xingrg/all/function/internal_message.html?_=1595206095957&CODE_STATE=getMsg HTTP/1.1" 200 27
180.157.251.101 - - [20/Jul/2020:08:42:06 +0800] "POST /xingrg/dwr/call/plaincall/AjaxCheckService.setItemNumber.dwr HTTP/1.1" 200 77
58.37.224.159 - - [20/Jul/2020:08:42:07 +0800] "GET /xingrg/all/function/internal_message.html?_=1595205393738&CODE_STATE=getMsg HTTP/1.1" 200 27
180.157.251.101 - - [20/Jul/2020:08:42:07 +0800] "POST /xingrg/dwr/call/plaincall/AjaxCheckService.setItemNumber.dwr HTTP/1.1" 200 77
180.157.251.101 - - [20/Jul/2020:08:42:09 +0800] "POST /xingrg/dwr/call/plaincall/AjaxCheckService.setItemNumber.dwr HTTP/1.1" 200 77
124.77.243.181 - - [20/Jul/2020:08:42:12 +0800] "POST /xingrg/dwr/call/plaincall/AjaxCheckService.setItemNumber.dwr HTTP/1.1" 200 77
180.157.251.101 - - [20/Jul/2020:08:42:14 +0800] "POST /xingrg/dwr/call/plaincall/AjaxCheckService.setItemNumber.dwr HTTP/1.1" 200 77
124.77.243.181 - - [20/Jul/2020:08:42:15 +0800] "GET /xingrg/kc/base/check_order_info.html?code=452020071900347 HTTP/1.1" 200 26440
124.77.243.181 - - [20/Jul/2020:08:42:15 +0800] "GET /xingrg/dwr/interface/AjaxCheckService.js HTTP/1.1" 200 14003
124.77.243.181 - - [20/Jul/2020:08:42:15 +0800] "GET /xingrg/dwr/interface/AjaxComOrderService.js HTTP/1.1" 200 18264
124.77.243.181 - - [20/Jul/2020:08:42:15 +0800] "GET /xingrg/dwr/engine.js HTTP/1.1" 200 43631
124.77.243.181 - - [20/Jul/2020:08:42:15 +0800] "POST /xingrg/dwr/call/plaincall/AjaxCheckService.loadOrderItems.dwr HTTP/1.1" 200 154285
180.157.251.101 - - [20/Jul/2020:08:42:16 +0800] "POST /xingrg/dwr/call/plaincall/AjaxCheckService.setItemNumber.dwr HTTP/1.1" 200 77
61.172.5.115 - - [20/Jul/2020:08:42:18 +0800] "GET /xingrg/all/function/internal_message.html?_=1595205735767&CODE_STATE=getMsg HTTP/1.1" 200 27
180.157.251.101 - - [20/Jul/2020:08:42:19 +0800] "POST /xingrg/dwr/call/plaincall/AjaxCheckService.setItemNumber.dwr HTTP/1.1" 200 77
180.157.251.101 - - [20/Jul/2020:08:42:20 +0800] "POST /xingrg/dwr/call/plaincall/AjaxCheckService.setItemNumber.dwr HTTP/1.1" 200 77
124.77.243.181 - - [20/Jul/2020:08:42:20 +0800] "POST /xingrg/dwr/call/plaincall/AjaxCheckService.setItemNumber.dwr HTTP/1.1" 200 76
180.157.251.101 - - [20/Jul/2020:08:42:20 +0800] "POST /xingrg/dwr/call/plaincall/AjaxCheckService.setItemNumber.dwr HTTP/1.1" 200 77
124.77.243.181 - - [20/Jul/2020:08:42:21 +0800] "GET /xingrg/all/function/internal_message.html?_=1595205742312&CODE_STATE=getMsg HTTP/1.1" 200 27
124.77.243.181 - - [20/Jul/2020:08:42:21 +0800] "POST /xingrg/dwr/call/plaincall/AjaxCheckService.setItemNumber.dwr HTTP/1.1" 200 76
180.157.251.101 - - [20/Jul/2020:08:42:22 +0800] "POST /xingrg/dwr/call/plaincall/AjaxCheckService.setItemNumber.dwr HTTP/1.1" 200 77
124.77.243.181 - - [20/Jul/2020:08:42:22 +0800] "POST /xingrg/dwr/call/plaincall/AjaxCheckService.setItemNumber.dwr HTTP/1.1" 200 76
180.157.251.101 - - [20/Jul/2020:08:42:23 +0800] "POST /xingrg/dwr/call/plaincall/AjaxCheckService.setItemNumber.dwr HTTP/1.1" 200 77
180.157.251.101 - - [20/Jul/2020:08:42:23 +0800] "POST /xingrg/dwr/call/plaincall/AjaxCheckService.setItemNumber.dwr HTTP/1.1" 200 77
124.77.243.181 - - [20/Jul/2020:08:42:23 +0800] "POST /xingrg/dwr/call/plaincall/AjaxCheckService.setItemNumber.dwr HTTP/1.1" 200 76
180.157.251.101 - - [20/Jul/2020:08:42:24 +0800] "POST /xingrg/dwr/call/plaincall/AjaxCheckService.setItemNumber.dwr HTTP/1.1" 200 77
124.77.243.181 - - [20/Jul/2020:08:42:24 +0800] "POST /xingrg/dwr/call/plaincall/AjaxCheckService.setItemNumber.dwr HTTP/1.1" 200 76
180.157.251.101 - - [20/Jul/2020:08:42:24 +0800] "POST /xingrg/dwr/call/plaincall/AjaxCheckService.setItemNumber.dwr HTTP/1.1" 200 77
180.157.251.101 - - [20/Jul/2020:08:42:24 +0800] "POST /xingrg/dwr/call/plaincall/AjaxCheckService.setItemNumber.dwr HTTP/1.1" 200 77
124.77.243.181 - - [20/Jul/2020:08:42:25 +0800] "POST /xingrg/dwr/call/plaincall/AjaxCheckService.setItemNumber.dwr HTTP/1.1" 200 76
180.157.251.101 - - [20/Jul/2020:08:42:25 +0800] "POST /xingrg/dwr/call/plaincall/AjaxCheckService.setItemNumber.dwr HTTP/1.1" 200 77
180.157.251.101 - - [20/Jul/2020:08:42:25 +0800] "POST /xingrg/dwr/call/plaincall/AjaxCheckService.setItemNumber.dwr HTTP/1.1" 200 77
124.77.243.181 - - [20/Jul/2020:08:42:26 +0800] "POST /xingrg/dwr/call/plaincall/AjaxCheckService.setItemNumber.dwr HTTP/1.1" 200 76
180.157.251.101 - - [20/Jul/2020:08:42:26 +0800] "POST /xingrg/dwr/call/plaincall/AjaxCheckService.setItemNumber.dwr HTTP/1.1" 200 77
180.157.251.101 - - [20/Jul/2020:08:42:26 +0800] "POST /xingrg/dwr/call/plaincall/AjaxCheckService.setItemNumber.dwr HTTP/1.1" 200 77
124.77.243.181 - - [20/Jul/2020:08:42:27 +0800] "POST /xingrg/dwr/call/plaincall/AjaxCheckService.setItemNumber.dwr HTTP/1.1" 200 76
180.157.251.101 - - [20/Jul/2020:08:42:27 +0800] "POST /xingrg/dwr/call/plaincall/AjaxCheckService.setItemNumber.dwr HTTP/1.1" 200 77
180.157.251.101 - - [20/Jul/2020:08:42:27 +0800] "POST /xingrg/dwr/call/plaincall/AjaxCheckService.setItemNumber.dwr HTTP/1.1" 200 77
120.253.135.82 - - [20/Jul/2020:08:42:28 +0800] "GET /xingrg/kc/pszx/mdps_order_list.html?orderType=0 HTTP/1.1" 200 21018
124.77.243.181 - - [20/Jul/2020:08:42:28 +0800] "POST /xingrg/dwr/call/plaincall/AjaxCheckService.setItemNumber.dwr HTTP/1.1" 200 76
58.37.224.159 - - [20/Jul/2020:08:42:28 +0800] "GET /xingrg/all/function/internal_message.html?_=1595205749241&CODE_STATE=getMsg HTTP/1.1" 200 27
58.37.224.159 - - [20/Jul/2020:08:42:28 +0800] "GET /xingrg/check_reg.html?_=1595205749240 HTTP/1.1" 200 22
120.253.135.82 - - [20/Jul/2020:08:42:28 +0800] "POST /xingrg/kc/pszx/mdps_list_operate.html HTTP/1.1" 200 5241
180.157.251.101 - - [20/Jul/2020:08:42:29 +0800] "POST /xingrg/dwr/call/plaincall/AjaxCheckService.setItemNumber.dwr HTTP/1.1" 200 77
124.77.243.181 - - [20/Jul/2020:08:42:29 +0800] "POST /xingrg/dwr/call/plaincall/AjaxCheckService.setItemNumber.dwr HTTP/1.1" 200 77
180.157.251.101 - - [20/Jul/2020:08:42:30 +0800] "POST /xingrg/dwr/call/plaincall/AjaxCheckService.setItemNumber.dwr HTTP/1.1" 200 77
124.77.243.181 - - [20/Jul/2020:08:42:30 +0800] "POST /xingrg/dwr/call/plaincall/AjaxCheckService.setItemNumber.dwr HTTP/1.1" 200 77
180.157.251.101 - - [20/Jul/2020:08:42:30 +0800] "GET /xingrg/all/function/internal_message.html?_=1595205750487&CODE_STATE=getMsg HTTP/1.1" 200 27
124.77.243.181 - - [20/Jul/2020:08:42:30 +0800] "POST /xingrg/dwr/call/plaincall/AjaxCheckService.setItemNumber.dwr HTTP/1.1" 200 77
180.157.251.101 - - [20/Jul/2020:08:42:31 +0800] "POST /xingrg/dwr/call/plaincall/AjaxCheckService.setItemNumber.dwr HTTP/1.1" 200 77
180.157.251.101 - - [20/Jul/2020:08:42:31 +0800] "POST /xingrg/dwr/call/plaincall/AjaxCheckService.setItemNumber.dwr HTTP/1.1" 200 77
124.77.243.181 - - [20/Jul/2020:08:42:32 +0800] "POST /xingrg/dwr/call/plaincall/AjaxCheckService.setItemNumber.dwr HTTP/1.1" 200 77
222.69.130.28 - - [20/Jul/2020:08:42:32 +0800] "GET /xingrg/all/function/internal_message.html?_=1595205750832&CODE_STATE=getMsg HTTP/1.1" 200 27
180.157.251.101 - - [20/Jul/2020:08:42:32 +0800] "POST /xingrg/dwr/call/plaincall/AjaxCheckService.setItemNumber.dwr HTTP/1.1" 200 77
124.77.243.181 - - [20/Jul/2020:08:42:32 +0800] "POST /xingrg/dwr/call/plaincall/AjaxCheckService.setItemNumber.dwr HTTP/1.1" 200 77
124.77.243.181 - - [20/Jul/2020:08:42:33 +0800] "POST /xingrg/dwr/call/plaincall/AjaxCheckService.setItemNumber.dwr HTTP/1.1" 200 77
180.157.251.101 - - [20/Jul/2020:08:42:33 +0800] "POST /xingrg/dwr/call/plaincall/AjaxCheckService.setItemNumber.dwr HTTP/1.1" 200 77
180.157.251.101 - - [20/Jul/2020:08:42:34 +0800] "POST /xingrg/dwr/call/plaincall/AjaxCheckService.setItemNumber.dwr HTTP/1.1" 200 77
180.157.251.101 - - [20/Jul/2020:08:42:35 +0800] "POST /xingrg/dwr/call/plaincall/AjaxCheckService.setItemNumber.dwr HTTP/1.1" 200 77
124.77.243.181 - - [20/Jul/2020:08:42:35 +0800] "POST /xingrg/dwr/call/plaincall/AjaxCheckService.setItemNumber.dwr HTTP/1.1" 200 77
180.157.251.101 - - [20/Jul/2020:08:42:36 +0800] "POST /xingrg/dwr/call/plaincall/AjaxCheckService.setItemNumber.dwr HTTP/1.1" 200 77
124.77.243.181 - - [20/Jul/2020:08:42:36 +0800] "POST /xingrg/dwr/call/plaincall/AjaxCheckService.setItemNumber.dwr HTTP/1.1" 200 77
180.157.251.101 - - [20/Jul/2020:08:42:36 +0800] "POST /xingrg/dwr/call/plaincall/AjaxCheckService.setItemNumber.dwr HTTP/1.1" 200 77
124.77.243.181 - - [20/Jul/2020:08:42:39 +0800] "POST /xingrg/dwr/call/plaincall/AjaxCheckService.setItemNumber.dwr HTTP/1.1" 200 77
124.77.243.181 - - [20/Jul/2020:08:42:41 +0800] "POST /xingrg/dwr/call/plaincall/AjaxCheckService.setItemNumber.dwr HTTP/1.1" 200 77
120.253.135.82 - - [20/Jul/2020:08:42:41 +0800] "GET /xingrg/javascript/auto/indicator.gif HTTP/1.1" 404 1066
116.230.146.118 - - [20/Jul/2020:08:42:42 +0800] "GET /xingrg/login.html HTTP/1.1" 200 7641
124.77.243.181 - - [20/Jul/2020:08:42:42 +0800] "POST /xingrg/dwr/call/plaincall/AjaxCheckService.setItemNumber.dwr HTTP/1.1" 200 77
124.77.243.181 - - [20/Jul/2020:08:42:43 +0800] "POST /xingrg/dwr/call/plaincall/AjaxCheckService.setItemNumber.dwr HTTP/1.1" 200 77
116.230.146.118 - - [20/Jul/2020:08:42:44 +0800] "GET /favicon.ico HTTP/1.1" 404 -
172.17.0.123 - - [20/Jul/2020:08:42:44 +0800] "GET /xingrg/all/function/internal_message.html?_=1595205705523&CODE_STATE=getMsg HTTP/1.1" 302 -
124.77.243.181 - - [20/Jul/2020:08:42:44 +0800] "POST /xingrg/dwr/call/plaincall/AjaxCheckService.setItemNumber.dwr HTTP/1.1" 200 77
124.77.243.181 - - [20/Jul/2020:08:42:45 +0800] "POST /xingrg/dwr/call/plaincall/AjaxCheckService.setItemNumber.dwr HTTP/1.1" 200 77
124.77.243.181 - - [20/Jul/2020:08:42:46 +0800] "POST /xingrg/dwr/call/plaincall/AjaxCheckService.setItemNumber.dwr HTTP/1.1" 200 77
124.77.243.181 - - [20/Jul/2020:08:42:46 +0800] "POST /xingrg/dwr/call/plaincall/AjaxCheckService.setItemNumber.dwr HTTP/1.1" 200 77
222.69.130.28 - - [20/Jul/2020:08:42:46 +0800] "GET /xingrg/kc/buy/cgsh_order_operate.html?command=get_materiel&rest_code=00149&code=00101008036&supplier_code=00100005&order_time=2020-07-20 HTTP/1.1" 200 408
124.77.243.181 - - [20/Jul/2020:08:42:47 +0800] "POST /xingrg/dwr/call/plaincall/AjaxCheckService.setItemNumber.dwr HTTP/1.1" 200 77
124.77.243.181 - - [20/Jul/2020:08:42:48 +0800] "POST /xingrg/dwr/call/plaincall/AjaxCheckService.setItemNumber.dwr HTTP/1.1" 200 77
124.77.243.181 - - [20/Jul/2020:08:42:49 +0800] "POST /xingrg/dwr/call/plaincall/AjaxCheckService.setItemNumber.dwr HTTP/1.1" 200 77
180.157.251.101 - - [20/Jul/2020:08:42:49 +0800] "POST /xingrg/dwr/call/plaincall/AjaxCheckService.setItemNumber.dwr HTTP/1.1" 200 77
124.77.243.181 - - [20/Jul/2020:08:42:50 +0800] "POST /xingrg/dwr/call/plaincall/AjaxCheckService.setItemNumber.dwr HTTP/1.1" 200 77
180.157.251.101 - - [20/Jul/2020:08:42:50 +0800] "POST /xingrg/dwr/call/plaincall/AjaxCheckService.setItemNumber.dwr HTTP/1.1" 200 77
124.77.243.181 - - [20/Jul/2020:08:42:50 +0800] "POST /xingrg/dwr/call/plaincall/AjaxCheckService.setItemNumber.dwr HTTP/1.1" 200 77
222.69.130.28 - - [20/Jul/2020:08:42:50 +0800] "POST /xingrg/kc/buy/cgsh_order_operate.html HTTP/1.1" 200 2065
124.77.243.181 - - [20/Jul/2020:08:42:51 +0800] "POST /xingrg/dwr/call/plaincall/AjaxCheckService.setItemNumber.dwr HTTP/1.1" 200 77
180.157.251.101 - - [20/Jul/2020:08:42:51 +0800] "POST /xingrg/dwr/call/plaincall/AjaxCheckService.setItemNumber.dwr HTTP/1.1" 200 77
116.230.146.118 - - [20/Jul/2020:08:42:52 +0800] "POST /xingrg/login.do HTTP/1.1" 302 -
116.230.146.118 - - [20/Jul/2020:08:42:52 +0800] "GET /xingrg/index.html?sysBaseUrl=http%3A%2F%2F180.169.147.146%3A18081%2Fxingrg%2F&costTime=40×tamp=1595205772306 HTTP/1.1" 200 17179
124.77.243.181 - - [20/Jul/2020:08:42:52 +0800] "POST /xingrg/dwr/call/plaincall/AjaxCheckService.setItemNumber.dwr HTTP/1.1" 200 77
116.230.146.118 - - [20/Jul/2020:08:42:53 +0800] "GET /favicon.ico HTTP/1.1" 404 -
124.77.243.181 - - [20/Jul/2020:08:42:53 +0800] "POST /xingrg/dwr/call/plaincall/AjaxCheckService.setItemNumber.dwr HTTP/1.1" 200 77
116.230.146.118 - - [20/Jul/2020:08:42:53 +0800] "POST /xingrg/all/common/load_tree.html?tree=area_rest_tree_json&manage=1 HTTP/1.1" 200 476
116.230.146.118 - - [20/Jul/2020:08:42:54 +0800] "GET /xingrg/all/function/internal_message.html?_=1595205771957&CODE_STATE=count HTTP/1.1" 200 11
116.230.146.118 - - [20/Jul/2020:08:42:54 +0800] "GET /xingrg/check_reg.html?_=1595205772003 HTTP/1.1" 200 22
116.230.146.118 - - [20/Jul/2020:08:42:54 +0800] "POST /xingrg/load_menu.html HTTP/1.1" 200 5138
124.77.243.181 - - [20/Jul/2020:08:42:54 +0800] "POST /xingrg/dwr/call/plaincall/AjaxCheckService.setItemNumber.dwr HTTP/1.1" 200 77
114.88.161.57 - - [20/Jul/2020:08:42:55 +0800] "GET /xingrg/all/function/internal_message.html?_=1595205796288&CODE_STATE=getMsg HTTP/1.1" 200 27
124.77.243.181 - - [20/Jul/2020:08:42:55 +0800] "POST /xingrg/dwr/call/plaincall/AjaxCheckService.setItemNumber.dwr HTTP/1.1" 200 77
116.230.146.118 - - [20/Jul/2020:08:42:56 +0800] "GET /xingrg/kc/base/base_main.html HTTP/1.1" 200 12142
124.77.243.181 - - [20/Jul/2020:08:42:57 +0800] "POST /xingrg/dwr/call/plaincall/AjaxCheckService.setItemNumber.dwr HTTP/1.1" 200 77
124.77.243.181 - - [20/Jul/2020:08:42:57 +0800] "POST /xingrg/dwr/call/plaincall/AjaxCheckService.setItemNumber.dwr HTTP/1.1" 200 77
116.230.146.118 - - [20/Jul/2020:08:42:58 +0800] "GET /xingrg/kc/base/check_order_list.html HTTP/1.1" 200 16380
124.77.243.181 - - [20/Jul/2020:08:42:58 +0800] "POST /xingrg/dwr/call/plaincall/AjaxCheckService.setItemNumber.dwr HTTP/1.1" 200 77
120.253.135.82 - - [20/Jul/2020:08:42:59 +0800] "GET /xingrg/check_reg.html?_=1595205533386 HTTP/1.1" 200 22
120.253.135.82 - - [20/Jul/2020:08:42:59 +0800] "GET /xingrg/all/function/internal_message.html?_=1595205533448&CODE_STATE=getMsg HTTP/1.1" 200 27
124.77.243.181 - - [20/Jul/2020:08:42:59 +0800] "POST /xingrg/dwr/call/plaincall/AjaxCheckService.setItemNumber.dwr HTTP/1.1" 200 77
120.253.135.82 - - [20/Jul/2020:08:42:59 +0800] "POST /xingrg/kc/pszx/mdps_list_operate.html HTTP/1.1" 200 2459
116.230.146.118 - - [20/Jul/2020:08:42:59 +0800] "POST /xingrg/kc/base/check_list_operate.html HTTP/1.1" 200 3504
222.69.130.28 - - [20/Jul/2020:08:43:00 +0800] "GET /xingrg/kc/buy/cgsh_order_operate.html?command=get_materiel&rest_code=00149&code=00101008131&supplier_code=00100005&order_time=2020-07-20 HTTP/1.1" 200 408
124.77.243.181 - - [20/Jul/2020:08:43:00 +0800] "POST /xingrg/dwr/call/plaincall/AjaxCheckService.setItemNumber.dwr HTTP/1.1" 200 77
124.77.243.181 - - [20/Jul/2020:08:43:01 +0800] "POST /xingrg/dwr/call/plaincall/AjaxCheckService.setItemNumber.dwr HTTP/1.1" 200 77
124.77.243.181 - - [20/Jul/2020:08:43:03 +0800] "POST /xingrg/dwr/call/plaincall/AjaxCheckService.setItemNumber.dwr HTTP/1.1" 200 77
116.230.146.118 - - [20/Jul/2020:08:43:03 +0800] "GET /xingrg/kc/base/check_order_info.html?code=452020071900402 HTTP/1.1" 200 26433
116.230.146.118 - - [20/Jul/2020:08:43:03 +0800] "GET /xingrg/dwr/interface/AjaxCheckService.js HTTP/1.1" 200 14003
116.230.146.118 - - [20/Jul/2020:08:43:03 +0800] "GET /xingrg/dwr/interface/AjaxComOrderService.js HTTP/1.1" 200 18264
116.230.146.118 - - [20/Jul/2020:08:43:03 +0800] "GET /xingrg/dwr/util.js HTTP/1.1" 304 -
116.230.146.118 - - [20/Jul/2020:08:43:03 +0800] "GET /xingrg/dwr/engine.js HTTP/1.1" 200 43631
117.131.5.26 - - [20/Jul/2020:08:43:03 +0800] "GET /xingrg/all/function/internal_message.html?_=1595206155955&CODE_STATE=getMsg HTTP/1.1" 200 27
120.253.135.82 - - [20/Jul/2020:08:43:03 +0800] "POST /xingrg/kc/pszx/mdps_list_operate.html HTTP/1.1" 200 202
116.230.146.118 - - [20/Jul/2020:08:43:04 +0800] "POST /xingrg/dwr/call/plaincall/AjaxCheckService.loadOrderItems.dwr HTTP/1.1" 200 44098
124.77.243.181 - - [20/Jul/2020:08:43:04 +0800] "POST /xingrg/dwr/call/plaincall/AjaxCheckService.setItemNumber.dwr HTTP/1.1" 200 77
124.77.243.181 - - [20/Jul/2020:08:43:05 +0800] "POST /xingrg/dwr/call/plaincall/AjaxCheckService.setItemNumber.dwr HTTP/1.1" 200 77
124.77.243.181 - - [20/Jul/2020:08:43:06 +0800] "POST /xingrg/dwr/call/plaincall/AjaxCheckService.setItemNumber.dwr HTTP/1.1" 200 77
120.253.135.82 - - [20/Jul/2020:08:43:06 +0800] "POST /xingrg/kc/pszx/mdps_list_operate.html HTTP/1.1" 200 601
116.230.146.118 - - [20/Jul/2020:08:43:07 +0800] "POST /xingrg/dwr/call/plaincall/AjaxCheckService.setItemNumber.dwr HTTP/1.1" 200 76
58.37.224.159 - - [20/Jul/2020:08:43:07 +0800] "GET /xingrg/all/function/internal_message.html?_=1595205453720&CODE_STATE=getMsg HTTP/1.1" 200 27
116.230.146.118 - - [20/Jul/2020:08:43:08 +0800] "POST /xingrg/dwr/call/plaincall/AjaxCheckService.setItemNumber.dwr HTTP/1.1" 200 76
116.230.146.118 - - [20/Jul/2020:08:43:08 +0800] "POST /xingrg/dwr/call/plaincall/AjaxCheckService.setItemNumber.dwr HTTP/1.1" 200 76
116.230.146.118 - - [20/Jul/2020:08:43:09 +0800] "POST /xingrg/dwr/call/plaincall/AjaxCheckService.setItemNumber.dwr HTTP/1.1" 200 76
116.230.146.118 - - [20/Jul/2020:08:43:10 +0800] "POST /xingrg/dwr/call/plaincall/AjaxCheckService.setItemNumber.dwr HTTP/1.1" 200 76
116.230.146.118 - - [20/Jul/2020:08:43:11 +0800] "POST /xingrg/dwr/call/plaincall/AjaxCheckService.setItemNumber.dwr HTTP/1.1" 200 76
116.230.146.118 - - [20/Jul/2020:08:43:11 +0800] "POST /xingrg/dwr/call/plaincall/AjaxCheckService.setItemNumber.dwr HTTP/1.1" 200 76
116.230.146.118 - - [20/Jul/2020:08:43:12 +0800] "POST /xingrg/dwr/call/plaincall/AjaxCheckService.setItemNumber.dwr HTTP/1.1" 200 76
116.230.146.118 - - [20/Jul/2020:08:43:12 +0800] "POST /xingrg/dwr/call/plaincall/AjaxCheckService.setItemNumber.dwr HTTP/1.1" 200 76
124.77.243.181 - - [20/Jul/2020:08:43:13 +0800] "POST /xingrg/dwr/call/plaincall/AjaxCheckService.setItemNumber.dwr HTTP/1.1" 200 77
116.230.146.118 - - [20/Jul/2020:08:43:13 +0800] "POST /xingrg/dwr/call/plaincall/AjaxCheckService.setItemNumber.dwr HTTP/1.1" 200 77
124.77.243.181 - - [20/Jul/2020:08:43:14 +0800] "POST /xingrg/dwr/call/plaincall/AjaxCheckService.setItemNumber.dwr HTTP/1.1" 200 77
116.230.146.118 - - [20/Jul/2020:08:43:14 +0800] "POST /xingrg/dwr/call/plaincall/AjaxCheckService.setItemNumber.dwr HTTP/1.1" 200 77
124.77.243.181 - - [20/Jul/2020:08:43:14 +0800] "POST /xingrg/dwr/call/plaincall/AjaxCheckService.setItemNumber.dwr HTTP/1.1" 200 77
116.230.146.118 - - [20/Jul/2020:08:43:15 +0800] "POST /xingrg/dwr/call/plaincall/AjaxCheckService.setItemNumber.dwr HTTP/1.1" 200 77
116.230.146.118 - - [20/Jul/2020:08:43:15 +0800] "POST /xingrg/dwr/call/plaincall/AjaxCheckService.setItemNumber.dwr HTTP/1.1" 200 77
116.230.146.118 - - [20/Jul/2020:08:43:15 +0800] "POST /xingrg/dwr/call/plaincall/AjaxCheckService.setItemNumber.dwr HTTP/1.1" 200 77
172.17.200.101 - - [20/Jul/2020:08:43:16 +0800] "GET /xingrg/login.html HTTP/1.1" 200 7636
116.230.146.118 - - [20/Jul/2020:08:43:16 +0800] "POST /xingrg/dwr/call/plaincall/AjaxCheckService.setItemNumber.dwr HTTP/1.1" 200 77
116.230.146.118 - - [20/Jul/2020:08:43:17 +0800] "POST /xingrg/dwr/call/plaincall/AjaxCheckService.setItemNumber.dwr HTTP/1.1" 200 77
116.230.146.118 - - [20/Jul/2020:08:43:17 +0800] "POST /xingrg/dwr/call/plaincall/AjaxCheckService.setItemNumber.dwr HTTP/1.1" 200 77
61.172.5.115 - - [20/Jul/2020:08:43:18 +0800] "GET /xingrg/all/function/internal_message.html?_=1595205795757&CODE_STATE=getMsg HTTP/1.1" 200 27
117.131.5.26 - - [20/Jul/2020:08:43:18 +0800] "GET /xingrg/check_reg.html?_=1595205797985 HTTP/1.1" 302 -
116.230.146.118 - - [20/Jul/2020:08:43:19 +0800] "POST /xingrg/dwr/call/plaincall/AjaxCheckService.setItemNumber.dwr HTTP/1.1" 200 77
116.230.146.118 - - [20/Jul/2020:08:43:20 +0800] "POST /xingrg/dwr/call/plaincall/AjaxCheckService.setItemNumber.dwr HTTP/1.1" 200 77
124.77.243.181 - - [20/Jul/2020:08:43:20 +0800] "POST /xingrg/dwr/call/plaincall/AjaxCheckService.setItemNumber.dwr HTTP/1.1" 200 77
116.230.146.118 - - [20/Jul/2020:08:43:20 +0800] "POST /xingrg/dwr/call/plaincall/AjaxCheckService.setItemNumber.dwr HTTP/1.1" 200 77
116.230.146.118 - - [20/Jul/2020:08:43:21 +0800] "POST /xingrg/dwr/call/plaincall/AjaxCheckService.setItemNumber.dwr HTTP/1.1" 200 77
124.77.243.181 - - [20/Jul/2020:08:43:21 +0800] "GET /xingrg/all/function/internal_message.html?_=1595205802548&CODE_STATE=getMsg HTTP/1.1" 200 27
116.230.146.118 - - [20/Jul/2020:08:43:21 +0800] "POST /xingrg/dwr/call/plaincall/AjaxCheckService.setItemNumber.dwr HTTP/1.1" 200 77
124.77.243.181 - - [20/Jul/2020:08:43:21 +0800] "POST /xingrg/dwr/call/plaincall/AjaxCheckService.setItemNumber.dwr HTTP/1.1" 200 77
116.230.146.118 - - [20/Jul/2020:08:43:21 +0800] "POST /xingrg/dwr/call/plaincall/AjaxCheckService.setItemNumber.dwr HTTP/1.1" 200 77
116.230.146.118 - - [20/Jul/2020:08:43:23 +0800] "POST /xingrg/dwr/call/plaincall/AjaxCheckService.setItemNumber.dwr HTTP/1.1" 200 77
116.230.146.118 - - [20/Jul/2020:08:43:23 +0800] "POST /xingrg/dwr/call/plaincall/AjaxCheckService.setItemNumber.dwr HTTP/1.1" 200 77
116.230.146.118 - - [20/Jul/2020:08:43:24 +0800] "POST /xingrg/dwr/call/plaincall/AjaxCheckService.setItemNumber.dwr HTTP/1.1" 200 77
116.230.146.118 - - [20/Jul/2020:08:43:24 +0800] "POST /xingrg/dwr/call/plaincall/AjaxCheckService.setItemNumber.dwr HTTP/1.1" 200 77
124.77.243.181 - - [20/Jul/2020:08:43:25 +0800] "POST /xingrg/dwr/call/plaincall/AjaxCheckService.setItemNumber.dwr HTTP/1.1" 200 77
222.69.130.28 - - [20/Jul/2020:08:43:25 +0800] "GET /xingrg/kc/buy/cgsh_order_operate.html?command=get_materiel&rest_code=00149&code=00101008296&supplier_code=00100005&order_time=2020-07-20 HTTP/1.1" 200 416
180.157.251.101 - - [20/Jul/2020:08:43:25 +0800] "POST /xingrg/dwr/call/plaincall/AjaxCheckService.setItemNumber.dwr HTTP/1.1" 200 77
116.230.146.118 - - [20/Jul/2020:08:43:26 +0800] "POST /xingrg/dwr/call/plaincall/AjaxCheckService.setItemNumber.dwr HTTP/1.1" 200 77
116.230.146.118 - - [20/Jul/2020:08:43:27 +0800] "POST /xingrg/dwr/call/plaincall/AjaxCheckService.setItemNumber.dwr HTTP/1.1" 200 77
180.157.251.101 - - [20/Jul/2020:08:43:27 +0800] "POST /xingrg/dwr/call/plaincall/AjaxCheckService.setItemNumber.dwr HTTP/1.1" 200 77
116.230.146.118 - - [20/Jul/2020:08:43:27 +0800] "POST /xingrg/dwr/call/plaincall/AjaxCheckService.setItemNumber.dwr HTTP/1.1" 200 77
58.37.224.159 - - [20/Jul/2020:08:43:28 +0800] "GET /xingrg/all/function/internal_message.html?_=1595205809239&CODE_STATE=getMsg HTTP/1.1" 200 27
116.230.146.118 - - [20/Jul/2020:08:43:29 +0800] "POST /xingrg/dwr/call/plaincall/AjaxCheckService.setItemNumber.dwr HTTP/1.1" 200 77
116.230.146.118 - - [20/Jul/2020:08:43:30 +0800] "POST /xingrg/dwr/call/plaincall/AjaxCheckService.setItemNumber.dwr HTTP/1.1" 200 77
180.157.251.101 - - [20/Jul/2020:08:43:30 +0800] "GET /xingrg/all/function/internal_message.html?_=1595205810466&CODE_STATE=getMsg HTTP/1.1" 200 27
101.227.139.171 - - [20/Jul/2020:08:43:30 +0800] "GET /xingrg/check_reg.html?_=1595205749240 HTTP/1.1" 302 -
116.230.146.118 - - [20/Jul/2020:08:43:31 +0800] "POST /xingrg/dwr/call/plaincall/AjaxCheckService.setItemNumber.dwr HTTP/1.1" 200 77
101.227.139.171 - - [20/Jul/2020:08:43:32 +0800] "GET /xingrg/login.html HTTP/1.1" 200 7641
222.69.130.28 - - [20/Jul/2020:08:43:32 +0800] "GET /xingrg/all/function/internal_message.html?_=1595205810911&CODE_STATE=getMsg HTTP/1.1" 200 27
116.230.146.118 - - [20/Jul/2020:08:43:32 +0800] "POST /xingrg/dwr/call/plaincall/AjaxCheckService.setItemNumber.dwr HTTP/1.1" 200 77
116.230.146.118 - - [20/Jul/2020:08:43:33 +0800] "POST /xingrg/dwr/call/plaincall/AjaxCheckService.setItemNumber.dwr HTTP/1.1" 200 77
116.230.146.118 - - [20/Jul/2020:08:43:33 +0800] "POST /xingrg/dwr/call/plaincall/AjaxCheckService.setItemNumber.dwr HTTP/1.1" 200 77
116.230.146.118 - - [20/Jul/2020:08:43:34 +0800] "POST /xingrg/dwr/call/plaincall/AjaxCheckService.setItemNumber.dwr HTTP/1.1" 200 77
116.230.146.118 - - [20/Jul/2020:08:43:35 +0800] "POST /xingrg/dwr/call/plaincall/AjaxCheckService.setItemNumber.dwr HTTP/1.1" 200 77
172.17.200.101 - - [20/Jul/2020:08:43:36 +0800] "GET /favicon.ico HTTP/1.1" 404 -
116.230.146.118 - - [20/Jul/2020:08:43:36 +0800] "POST /xingrg/dwr/call/plaincall/AjaxCheckService.setItemNumber.dwr HTTP/1.1" 200 77
116.230.146.118 - - [20/Jul/2020:08:43:37 +0800] "POST /xingrg/dwr/call/plaincall/AjaxCheckService.setItemNumber.dwr HTTP/1.1" 200 77
116.230.146.118 - - [20/Jul/2020:08:43:37 +0800] "POST /xingrg/dwr/call/plaincall/AjaxCheckService.setItemNumber.dwr HTTP/1.1" 200 77
116.230.146.118 - - [20/Jul/2020:08:43:39 +0800] "POST /xingrg/dwr/call/plaincall/AjaxCheckService.setItemNumber.dwr HTTP/1.1" 200 77
116.230.146.118 - - [20/Jul/2020:08:43:40 +0800] "POST /xingrg/dwr/call/plaincall/AjaxCheckService.setItemNumber.dwr HTTP/1.1" 200 77
116.230.146.118 - - [20/Jul/2020:08:43:40 +0800] "POST /xingrg/dwr/call/plaincall/AjaxCheckService.setItemNumber.dwr HTTP/1.1" 200 77
116.230.146.118 - - [20/Jul/2020:08:43:42 +0800] "POST /xingrg/dwr/call/plaincall/AjaxCheckService.setItemNumber.dwr HTTP/1.1" 200 77
61.172.5.115 - - [20/Jul/2020:08:43:43 +0800] "GET /xingrg/kc/buy/cgth_order_list.html HTTP/1.1" 200 42981
116.230.146.118 - - [20/Jul/2020:08:43:43 +0800] "POST /xingrg/dwr/call/plaincall/AjaxCheckService.setItemNumber.dwr HTTP/1.1" 200 77
172.17.0.123 - - [20/Jul/2020:08:43:44 +0800] "GET /xingrg/all/function/internal_message.html?_=1595205765509&CODE_STATE=getMsg HTTP/1.1" 302 -
116.230.146.118 - - [20/Jul/2020:08:43:44 +0800] "POST /xingrg/dwr/call/plaincall/AjaxCheckService.setItemNumber.dwr HTTP/1.1" 200 77
61.172.5.115 - - [20/Jul/2020:08:43:44 +0800] "POST /xingrg/kc/buy/cgth_list_operate.html HTTP/1.1" 200 1035
116.230.146.118 - - [20/Jul/2020:08:43:44 +0800] "POST /xingrg/dwr/call/plaincall/AjaxCheckService.setItemNumber.dwr HTTP/1.1" 200 77
116.230.146.118 - - [20/Jul/2020:08:43:46 +0800] "POST /xingrg/dwr/call/plaincall/AjaxCheckService.setItemNumber.dwr HTTP/1.1" 200 77
116.230.146.118 - - [20/Jul/2020:08:43:46 +0800] "POST /xingrg/dwr/call/plaincall/AjaxCheckService.setItemNumber.dwr HTTP/1.1" 200 77
116.230.146.118 - - [20/Jul/2020:08:43:47 +0800] "POST /xingrg/dwr/call/plaincall/AjaxCheckService.setItemNumber.dwr HTTP/1.1" 200 77
116.230.146.118 - - [20/Jul/2020:08:43:47 +0800] "POST /xingrg/dwr/call/plaincall/AjaxCheckService.setItemNumber.dwr HTTP/1.1" 200 77
116.230.146.118 - - [20/Jul/2020:08:43:48 +0800] "POST /xingrg/dwr/call/plaincall/AjaxCheckService.setItemNumber.dwr HTTP/1.1" 200 77
124.77.243.181 - - [20/Jul/2020:08:43:48 +0800] "POST /xingrg/dwr/call/plaincall/AjaxCheckService.setItemNumber.dwr HTTP/1.1" 200 77
116.230.146.118 - - [20/Jul/2020:08:43:48 +0800] "POST /xingrg/dwr/call/plaincall/AjaxCheckService.setItemNumber.dwr HTTP/1.1" 200 77
116.230.146.118 - - [20/Jul/2020:08:43:49 +0800] "POST /xingrg/dwr/call/plaincall/AjaxCheckService.setItemNumber.dwr HTTP/1.1" 200 77
116.230.146.118 - - [20/Jul/2020:08:43:49 +0800] "POST /xingrg/dwr/call/plaincall/AjaxCheckService.setItemNumber.dwr HTTP/1.1" 200 77
116.230.146.118 - - [20/Jul/2020:08:43:50 +0800] "POST /xingrg/dwr/call/plaincall/AjaxCheckService.setItemNumber.dwr HTTP/1.1" 200 77
116.230.146.118 - - [20/Jul/2020:08:43:51 +0800] "POST /xingrg/dwr/call/plaincall/AjaxCheckService.setItemNumber.dwr HTTP/1.1" 200 77
116.230.146.118 - - [20/Jul/2020:08:43:51 +0800] "POST /xingrg/dwr/call/plaincall/AjaxCheckService.setItemNumber.dwr HTTP/1.1" 200 77
116.230.146.118 - - [20/Jul/2020:08:43:51 +0800] "POST /xingrg/dwr/call/plaincall/AjaxCheckService.setItemNumber.dwr HTTP/1.1" 200 77
116.230.146.118 - - [20/Jul/2020:08:43:52 +0800] "POST /xingrg/dwr/call/plaincall/AjaxCheckService.setItemNumber.dwr HTTP/1.1" 200 77
116.230.146.118 - - [20/Jul/2020:08:43:52 +0800] "POST /xingrg/dwr/call/plaincall/AjaxCheckService.setItemNumber.dwr HTTP/1.1" 200 77
124.77.243.181 - - [20/Jul/2020:08:43:53 +0800] "POST /xingrg/dwr/call/plaincall/AjaxCheckService.setItemNumber.dwr HTTP/1.1" 200 77
116.230.146.118 - - [20/Jul/2020:08:43:53 +0800] "POST /xingrg/dwr/call/plaincall/AjaxCheckService.setItemNumber.dwr HTTP/1.1" 200 77
124.77.243.181 - - [20/Jul/2020:08:43:53 +0800] "POST /xingrg/dwr/call/plaincall/AjaxCheckService.setItemNumber.dwr HTTP/1.1" 200 77
116.230.146.118 - - [20/Jul/2020:08:43:54 +0800] "GET /xingrg/all/function/internal_message.html?_=1595205832022&CODE_STATE=getMsg HTTP/1.1" 200 27
116.230.146.118 - - [20/Jul/2020:08:43:54 +0800] "POST /xingrg/dwr/call/plaincall/AjaxCheckService.setItemNumber.dwr HTTP/1.1" 200 77
124.77.243.181 - - [20/Jul/2020:08:43:54 +0800] "POST /xingrg/dwr/call/plaincall/AjaxCheckService.setItemNumber.dwr HTTP/1.1" 200 77
114.88.161.57 - - [20/Jul/2020:08:43:55 +0800] "GET /xingrg/all/function/internal_message.html?_=1595205856287&CODE_STATE=getMsg HTTP/1.1" 200 27
116.230.146.118 - - [20/Jul/2020:08:43:55 +0800] "POST /xingrg/dwr/call/plaincall/AjaxCheckService.setItemNumber.dwr HTTP/1.1" 200 77
116.230.146.118 - - [20/Jul/2020:08:43:55 +0800] "POST /xingrg/dwr/call/plaincall/AjaxCheckService.setItemNumber.dwr HTTP/1.1" 200 77
124.77.243.181 - - [20/Jul/2020:08:43:55 +0800] "POST /xingrg/dwr/call/plaincall/AjaxCheckService.setItemNumber.dwr HTTP/1.1" 200 77
116.230.146.118 - - [20/Jul/2020:08:43:56 +0800] "POST /xingrg/dwr/call/plaincall/AjaxCheckService.setItemNumber.dwr HTTP/1.1" 200 77
124.77.243.181 - - [20/Jul/2020:08:43:56 +0800] "POST /xingrg/dwr/call/plaincall/AjaxCheckService.setItemNumber.dwr HTTP/1.1" 200 77
116.230.146.118 - - [20/Jul/2020:08:43:56 +0800] "POST /xingrg/dwr/call/plaincall/AjaxCheckService.setItemNumber.dwr HTTP/1.1" 200 77
116.230.146.118 - - [20/Jul/2020:08:43:57 +0800] "POST /xingrg/dwr/call/plaincall/AjaxCheckService.setItemNumber.dwr HTTP/1.1" 200 77
172.17.200.101 - - [20/Jul/2020:08:43:57 +0800] "POST /xingrg/login.do HTTP/1.1" 302 -
124.77.243.181 - - [20/Jul/2020:08:43:57 +0800] "POST /xingrg/dwr/call/plaincall/AjaxCheckService.setItemNumber.dwr HTTP/1.1" 200 77
172.17.200.101 - - [20/Jul/2020:08:43:58 +0800] "GET /xingrg/index.html?sysBaseUrl=http%3A%2F%2F172.17.0.8%3A18081%2Fxingrg%2F&costTime=41×tamp=1595205837723 HTTP/1.1" 200 17448
124.77.243.181 - - [20/Jul/2020:08:43:58 +0800] "POST /xingrg/dwr/call/plaincall/AjaxCheckService.setItemNumber.dwr HTTP/1.1" 200 77
120.253.135.82 - - [20/Jul/2020:08:43:59 +0800] "GET /xingrg/all/function/internal_message.html?_=1595205593461&CODE_STATE=getMsg HTTP/1.1" 200 27
124.77.243.181 - - [20/Jul/2020:08:43:59 +0800] "POST /xingrg/dwr/call/plaincall/AjaxCheckService.setItemNumber.dwr HTTP/1.1" 200 77
124.77.243.181 - - [20/Jul/2020:08:43:59 +0800] "POST /xingrg/dwr/call/plaincall/AjaxCheckService.setItemNumber.dwr HTTP/1.1" 200 77
124.77.243.181 - - [20/Jul/2020:08:44:01 +0800] "POST /xingrg/dwr/call/plaincall/AjaxCheckService.setItemNumber.dwr HTTP/1.1" 200 77
172.17.200.101 - - [20/Jul/2020:08:44:01 +0800] "GET /favicon.ico HTTP/1.1" 404 -
124.77.243.181 - - [20/Jul/2020:08:44:01 +0800] "POST /xingrg/dwr/call/plaincall/AjaxCheckService.setItemNumber.dwr HTTP/1.1" 200 77
124.77.243.181 - - [20/Jul/2020:08:44:03 +0800] "POST /xingrg/dwr/call/plaincall/AjaxCheckService.setItemNumber.dwr HTTP/1.1" 200 77
117.131.5.26 - - [20/Jul/2020:08:44:03 +0800] "GET /xingrg/all/function/internal_message.html?_=1595206215980&CODE_STATE=getMsg HTTP/1.1" 200 27
124.77.243.181 - - [20/Jul/2020:08:44:03 +0800] "POST /xingrg/dwr/call/plaincall/AjaxCheckService.setItemNumber.dwr HTTP/1.1" 200 77
124.77.243.181 - - [20/Jul/2020:08:44:04 +0800] "POST /xingrg/dwr/call/plaincall/AjaxCheckService.setItemNumber.dwr HTTP/1.1" 200 77
172.17.200.101 - - [20/Jul/2020:08:44:04 +0800] "POST /xingrg/all/common/load_tree.html?tree=area_rest_tree_json&manage=1 HTTP/1.1" 200 3088
172.17.200.101 - - [20/Jul/2020:08:44:05 +0800] "GET /xingrg/all/function/internal_message.html?_=1595205845702&CODE_STATE=count HTTP/1.1" 200 11
172.17.200.101 - - [20/Jul/2020:08:44:05 +0800] "GET /xingrg/check_reg.html?_=1595205845704 HTTP/1.1" 200 22
124.77.243.181 - - [20/Jul/2020:08:44:06 +0800] "POST /xingrg/dwr/call/plaincall/AjaxCheckService.setItemNumber.dwr HTTP/1.1" 200 77
172.17.200.101 - - [20/Jul/2020:08:44:07 +0800] "POST /xingrg/load_menu.html HTTP/1.1" 200 11529
124.77.243.181 - - [20/Jul/2020:08:44:07 +0800] "POST /xingrg/dwr/call/plaincall/AjaxCheckService.setItemNumber.dwr HTTP/1.1" 200 77
58.37.224.159 - - [20/Jul/2020:08:44:07 +0800] "GET /xingrg/all/function/internal_message.html?_=1595205513715&CODE_STATE=getMsg HTTP/1.1" 200 27
124.77.243.181 - - [20/Jul/2020:08:44:08 +0800] "POST /xingrg/dwr/call/plaincall/AjaxCheckService.setItemNumber.dwr HTTP/1.1" 200 77
124.77.243.181 - - [20/Jul/2020:08:44:09 +0800] "POST /xingrg/dwr/call/plaincall/AjaxCheckService.setItemNumber.dwr HTTP/1.1" 200 77
124.77.243.181 - - [20/Jul/2020:08:44:10 +0800] "POST /xingrg/dwr/call/plaincall/AjaxCheckService.setItemNumber.dwr HTTP/1.1" 200 77
124.77.243.181 - - [20/Jul/2020:08:44:11 +0800] "POST /xingrg/dwr/call/plaincall/AjaxCheckService.setItemNumber.dwr HTTP/1.1" 200 77
116.230.146.118 - - [20/Jul/2020:08:44:11 +0800] "POST /xingrg/dwr/call/plaincall/AjaxCheckService.saveOrder.dwr HTTP/1.1" 200 79
124.77.243.181 - - [20/Jul/2020:08:44:12 +0800] "POST /xingrg/dwr/call/plaincall/AjaxCheckService.setItemNumber.dwr HTTP/1.1" 200 77
124.77.243.181 - - [20/Jul/2020:08:44:13 +0800] "POST /xingrg/dwr/call/plaincall/AjaxCheckService.setItemNumber.dwr HTTP/1.1" 200 77
124.77.243.181 - - [20/Jul/2020:08:44:13 +0800] "POST /xingrg/dwr/call/plaincall/AjaxCheckService.setItemNumber.dwr HTTP/1.1" 200 77
222.69.130.28 - - [20/Jul/2020:08:44:14 +0800] "GET /xingrg/kc/buy/cgsh_order_operate.html?command=get_materiel&rest_code=00149&code=00101008098&supplier_code=00100005&order_time=2020-07-20 HTTP/1.1" 200 412
116.230.146.118 - - [20/Jul/2020:08:44:14 +0800] "POST /xingrg/dwr/call/plaincall/AjaxCheckService.loadOrderItems.dwr HTTP/1.1" 200 44110
180.157.251.101 - - [20/Jul/2020:08:44:15 +0800] "POST /xingrg/dwr/call/plaincall/AjaxCheckService.setItemNumber.dwr HTTP/1.1" 200 77
124.77.243.181 - - [20/Jul/2020:08:44:15 +0800] "POST /xingrg/dwr/call/plaincall/AjaxCheckService.setItemNumber.dwr HTTP/1.1" 200 77
124.77.243.181 - - [20/Jul/2020:08:44:15 +0800] "POST /xingrg/dwr/call/plaincall/AjaxCheckService.setItemNumber.dwr HTTP/1.1" 200 77
180.157.251.101 - - [20/Jul/2020:08:44:16 +0800] "POST /xingrg/dwr/call/plaincall/AjaxCheckService.setItemNumber.dwr HTTP/1.1" 200 77
61.172.5.115 - - [20/Jul/2020:08:44:16 +0800] "POST /xingrg/kc/buy/cgth_list_operate.html HTTP/1.1" 200 4305
124.77.243.181 - - [20/Jul/2020:08:44:16 +0800] "POST /xingrg/dwr/call/plaincall/AjaxCheckService.setItemNumber.dwr HTTP/1.1" 200 77
180.157.251.101 - - [20/Jul/2020:08:44:17 +0800] "POST /xingrg/dwr/call/plaincall/AjaxCheckService.setItemNumber.dwr HTTP/1.1" 200 77
124.77.243.181 - - [20/Jul/2020:08:44:18 +0800] "POST /xingrg/dwr/call/plaincall/AjaxCheckService.setItemNumber.dwr HTTP/1.1" 200 77
61.172.5.115 - - [20/Jul/2020:08:44:18 +0800] "GET /xingrg/all/function/internal_message.html?_=1595205855761&CODE_STATE=getMsg HTTP/1.1" 200 27
180.157.251.101 - - [20/Jul/2020:08:44:18 +0800] "POST /xingrg/dwr/call/plaincall/AjaxCheckService.setItemNumber.dwr HTTP/1.1" 200 77
124.77.243.181 - - [20/Jul/2020:08:44:18 +0800] "POST /xingrg/dwr/call/plaincall/AjaxCheckService.setItemNumber.dwr HTTP/1.1" 200 77
180.157.251.101 - - [20/Jul/2020:08:44:19 +0800] "POST /xingrg/dwr/call/plaincall/AjaxCheckService.setItemNumber.dwr HTTP/1.1" 200 77
180.157.251.101 - - [20/Jul/2020:08:44:20 +0800] "POST /xingrg/dwr/call/plaincall/AjaxCheckService.setItemNumber.dwr HTTP/1.1" 200 77
124.77.243.181 - - [20/Jul/2020:08:44:21 +0800] "GET /xingrg/all/function/internal_message.html?_=1595205862557&CODE_STATE=getMsg HTTP/1.1" 200 27
116.230.146.118 - - [20/Jul/2020:08:44:21 +0800] "POST /xingrg/dwr/call/plaincall/AjaxCheckService.checkOrder.dwr HTTP/1.1" 200 79
180.157.251.101 - - [20/Jul/2020:08:44:21 +0800] "POST /xingrg/dwr/call/plaincall/AjaxCheckService.setItemNumber.dwr HTTP/1.1" 200 77
124.77.243.181 - - [20/Jul/2020:08:44:21 +0800] "POST /xingrg/dwr/call/plaincall/AjaxCheckService.setItemNumber.dwr HTTP/1.1" 200 77
124.77.243.181 - - [20/Jul/2020:08:44:21 +0800] "POST /xingrg/dwr/call/plaincall/AjaxCheckService.setItemNumber.dwr HTTP/1.1" 200 77
124.77.243.181 - - [20/Jul/2020:08:44:22 +0800] "POST /xingrg/dwr/call/plaincall/AjaxCheckService.setItemNumber.dwr HTTP/1.1" 200 77
180.157.251.101 - - [20/Jul/2020:08:44:22 +0800] "POST /xingrg/dwr/call/plaincall/AjaxCheckService.setItemNumber.dwr HTTP/1.1" 200 77
116.230.146.118 - - [20/Jul/2020:08:44:22 +0800] "GET /xingrg/kc/base/check_order_info.html?code=452020071900402 HTTP/1.1" 200 22858
222.69.130.28 - - [20/Jul/2020:08:44:23 +0800] "GET /xingrg/kc/buy/cgsh_order_operate.html?command=get_materiel&rest_code=00149&code=00101008005&supplier_code=00100005&order_time=2020-07-20 HTTP/1.1" 200 412
116.230.146.118 - - [20/Jul/2020:08:44:23 +0800] "GET /xingrg/dwr/interface/AjaxComOrderService.js HTTP/1.1" 200 18264
116.230.146.118 - - [20/Jul/2020:08:44:23 +0800] "GET /xingrg/dwr/interface/AjaxCheckService.js HTTP/1.1" 200 14003
116.230.146.118 - - [20/Jul/2020:08:44:23 +0800] "GET /xingrg/dwr/engine.js HTTP/1.1" 200 43631
124.77.243.181 - - [20/Jul/2020:08:44:23 +0800] "POST /xingrg/dwr/call/plaincall/AjaxCheckService.setItemNumber.dwr HTTP/1.1" 200 77
116.230.146.118 - - [20/Jul/2020:08:44:23 +0800] "GET /xingrg/javascript/jquery_easy_ui/themes/icons/exam_new.png HTTP/1.1" 200 756
116.230.146.118 - - [20/Jul/2020:08:44:23 +0800] "POST /xingrg/dwr/call/plaincall/AjaxCheckService.loadOrderItems.dwr HTTP/1.1" 200 19522
124.77.243.181 - - [20/Jul/2020:08:44:24 +0800] "POST /xingrg/dwr/call/plaincall/AjaxCheckService.setItemNumber.dwr HTTP/1.1" 200 77
124.77.243.181 - - [20/Jul/2020:08:44:25 +0800] "POST /xingrg/dwr/call/plaincall/AjaxCheckService.setItemNumber.dwr HTTP/1.1" 200 77
124.77.243.181 - - [20/Jul/2020:08:44:26 +0800] "POST /xingrg/dwr/call/plaincall/AjaxCheckService.setItemNumber.dwr HTTP/1.1" 200 77
58.37.224.159 - - [20/Jul/2020:08:44:27 +0800] "GET /xingrg/check_reg.html?_=1595205533326 HTTP/1.1" 200 22
124.77.243.181 - - [20/Jul/2020:08:44:27 +0800] "POST /xingrg/dwr/call/plaincall/AjaxCheckService.setItemNumber.dwr HTTP/1.1" 200 77
124.77.243.181 - - [20/Jul/2020:08:44:28 +0800] "POST /xingrg/dwr/call/plaincall/AjaxCheckService.setItemNumber.dwr HTTP/1.1" 200 77
58.37.224.159 - - [20/Jul/2020:08:44:28 +0800] "GET /xingrg/all/function/internal_message.html?_=1595205869237&CODE_STATE=getMsg HTTP/1.1" 200 27
116.230.146.118 - - [20/Jul/2020:08:44:29 +0800] "GET /xingrg/kc/base/check_order_info.html?code=452020071900407 HTTP/1.1" 200 26433
124.77.243.181 - - [20/Jul/2020:08:44:29 +0800] "POST /xingrg/dwr/call/plaincall/AjaxCheckService.setItemNumber.dwr HTTP/1.1" 200 77
116.230.146.118 - - [20/Jul/2020:08:44:29 +0800] "GET /xingrg/dwr/interface/AjaxComOrderService.js HTTP/1.1" 200 18264
116.230.146.118 - - [20/Jul/2020:08:44:29 +0800] "GET /xingrg/dwr/interface/AjaxCheckService.js HTTP/1.1" 200 14003
116.230.146.118 - - [20/Jul/2020:08:44:29 +0800] "GET /xingrg/dwr/engine.js HTTP/1.1" 200 43631
116.230.146.118 - - [20/Jul/2020:08:44:29 +0800] "POST /xingrg/dwr/call/plaincall/AjaxCheckService.loadOrderItems.dwr HTTP/1.1" 200 73438
124.77.243.181 - - [20/Jul/2020:08:44:30 +0800] "POST /xingrg/dwr/call/plaincall/AjaxCheckService.setItemNumber.dwr HTTP/1.1" 200 77
180.157.251.101 - - [20/Jul/2020:08:44:30 +0800] "GET /xingrg/all/function/internal_message.html?_=1595205870452&CODE_STATE=getMsg HTTP/1.1" 200 27
124.77.243.181 - - [20/Jul/2020:08:44:31 +0800] "POST /xingrg/dwr/call/plaincall/AjaxCheckService.setItemNumber.dwr HTTP/1.1" 200 77
222.69.130.28 - - [20/Jul/2020:08:44:32 +0800] "GET /xingrg/check_reg.html?_=1595205870825 HTTP/1.1" 200 22
222.69.130.28 - - [20/Jul/2020:08:44:32 +0800] "GET /xingrg/all/function/internal_message.html?_=1595205870906&CODE_STATE=getMsg HTTP/1.1" 200 27
222.69.130.28 - - [20/Jul/2020:08:44:32 +0800] "GET /xingrg/kc/buy/cgsh_order_operate.html?command=get_materiel&rest_code=00149&code=00101008353&supplier_code=00100005&order_time=2020-07-20 HTTP/1.1" 200 428
124.77.243.181 - - [20/Jul/2020:08:44:32 +0800] "POST /xingrg/dwr/call/plaincall/AjaxCheckService.setItemNumber.dwr HTTP/1.1" 200 77
116.230.146.118 - - [20/Jul/2020:08:44:34 +0800] "POST /xingrg/dwr/call/plaincall/AjaxCheckService.setItemNumber.dwr HTTP/1.1" 200 76
120.253.135.82 - - [20/Jul/2020:08:44:34 +0800] "GET /xingrg/kc/pszx/mdth_order_list.html HTTP/1.1" 200 18442
124.77.243.181 - - [20/Jul/2020:08:44:34 +0800] "POST /xingrg/dwr/call/plaincall/AjaxCheckService.setItemNumber.dwr HTTP/1.1" 200 77
116.230.146.118 - - [20/Jul/2020:08:44:34 +0800] "POST /xingrg/dwr/call/plaincall/AjaxCheckService.setItemNumber.dwr HTTP/1.1" 200 76
120.253.135.82 - - [20/Jul/2020:08:44:34 +0800] "POST /xingrg/kc/pszx/mdth_order_new_list.html HTTP/1.1" 200 4657
116.230.146.118 - - [20/Jul/2020:08:44:36 +0800] "POST /xingrg/dwr/call/plaincall/AjaxCheckService.setItemNumber.dwr HTTP/1.1" 200 76
124.77.243.181 - - [20/Jul/2020:08:44:36 +0800] "POST /xingrg/dwr/call/plaincall/AjaxCheckService.setItemNumber.dwr HTTP/1.1" 200 77
116.230.146.118 - - [20/Jul/2020:08:44:36 +0800] "POST /xingrg/dwr/call/plaincall/AjaxCheckService.setItemNumber.dwr HTTP/1.1" 200 76
116.230.146.118 - - [20/Jul/2020:08:44:37 +0800] "POST /xingrg/dwr/call/plaincall/AjaxCheckService.setItemNumber.dwr HTTP/1.1" 200 76
124.77.243.181 - - [20/Jul/2020:08:44:37 +0800] "POST /xingrg/dwr/call/plaincall/AjaxCheckService.setItemNumber.dwr HTTP/1.1" 200 77
116.230.146.118 - - [20/Jul/2020:08:44:37 +0800] "POST /xingrg/dwr/call/plaincall/AjaxCheckService.setItemNumber.dwr HTTP/1.1" 200 76
116.230.146.118 - - [20/Jul/2020:08:44:37 +0800] "POST /xingrg/dwr/call/plaincall/AjaxCheckService.setItemNumber.dwr HTTP/1.1" 200 76
180.175.214.200 - - [20/Jul/2020:08:44:38 +0800] "GET /xingrg/login.html HTTP/1.1" 200 7641
116.230.146.118 - - [20/Jul/2020:08:44:38 +0800] "POST /xingrg/dwr/call/plaincall/AjaxCheckService.setItemNumber.dwr HTTP/1.1" 200 76
124.77.243.181 - - [20/Jul/2020:08:44:39 +0800] "POST /xingrg/dwr/call/plaincall/AjaxCheckService.setItemNumber.dwr HTTP/1.1" 200 77
180.175.214.200 - - [20/Jul/2020:08:44:39 +0800] "GET /favicon.ico HTTP/1.1" 404 -
116.230.146.118 - - [20/Jul/2020:08:44:39 +0800] "POST /xingrg/dwr/call/plaincall/AjaxCheckService.setItemNumber.dwr HTTP/1.1" 200 76
124.77.243.181 - - [20/Jul/2020:08:44:39 +0800] "POST /xingrg/dwr/call/plaincall/AjaxCheckService.setItemNumber.dwr HTTP/1.1" 200 77
116.230.146.118 - - [20/Jul/2020:08:44:40 +0800] "POST /xingrg/dwr/call/plaincall/AjaxCheckService.setItemNumber.dwr HTTP/1.1" 200 77
124.77.243.181 - - [20/Jul/2020:08:44:40 +0800] "POST /xingrg/dwr/call/plaincall/AjaxCheckService.setItemNumber.dwr HTTP/1.1" 200 77
222.69.130.28 - - [20/Jul/2020:08:44:40 +0800] "POST /xingrg/kc/buy/cgsh_order_operate.html HTTP/1.1" 200 2065
116.230.146.118 - - [20/Jul/2020:08:44:40 +0800] "POST /xingrg/dwr/call/plaincall/AjaxCheckService.setItemNumber.dwr HTTP/1.1" 200 77
124.77.243.181 - - [20/Jul/2020:08:44:41 +0800] "POST /xingrg/dwr/call/plaincall/AjaxCheckService.setItemNumber.dwr HTTP/1.1" 200 78
124.77.243.181 - - [20/Jul/2020:08:44:41 +0800] "POST /xingrg/dwr/call/plaincall/AjaxCheckService.setItemNumber.dwr HTTP/1.1" 200 78
180.175.214.200 - - [20/Jul/2020:08:44:42 +0800] "POST /xingrg/login.do HTTP/1.1" 302 -
180.175.214.200 - - [20/Jul/2020:08:44:42 +0800] "GET /xingrg/index.html?sysBaseUrl=http%3A%2F%2F180.169.147.146%3A18081%2Fxingrg%2F&costTime=40×tamp=1595205882587 HTTP/1.1" 200 17173
180.175.214.200 - - [20/Jul/2020:08:44:42 +0800] "GET /xingrg/css/form.css HTTP/1.1" 304 -
180.175.214.200 - - [20/Jul/2020:08:44:42 +0800] "GET /xingrg/javascript/jquery_easy_ui/themes/default/easyui.css HTTP/1.1" 304 -
180.175.214.200 - - [20/Jul/2020:08:44:42 +0800] "GET /xingrg/javascript/jquery_easy_ui/themes/icon.css HTTP/1.1" 304 -
180.175.214.200 - - [20/Jul/2020:08:44:42 +0800] "GET /xingrg/javascript/jquery-1.4.2.min.js HTTP/1.1" 304 -
180.175.214.200 - - [20/Jul/2020:08:44:42 +0800] "GET /xingrg/javascript/jquery_easy_ui/easyui-lang-zh_CN.js HTTP/1.1" 304 -
180.175.214.200 - - [20/Jul/2020:08:44:42 +0800] "GET /xingrg/javascript/jquery_easy_ui/jquery.easyui.min.js HTTP/1.1" 304 -
180.175.214.200 - - [20/Jul/2020:08:44:42 +0800] "GET /xingrg/javascript/jquery.utils.js HTTP/1.1" 304 -
180.175.214.200 - - [20/Jul/2020:08:44:42 +0800] "GET /xingrg/javascript/jquery.form.js HTTP/1.1" 304 -
180.175.214.200 - - [20/Jul/2020:08:44:42 +0800] "GET /xingrg/javascript/jquery.timers.js HTTP/1.1" 304 -
180.175.214.200 - - [20/Jul/2020:08:44:42 +0800] "GET /xingrg/images/blue/navBackgound.jpg HTTP/1.1" 304 -
180.175.214.200 - - [20/Jul/2020:08:44:42 +0800] "GET /xingrg/javascript/jquery_easy_ui/themes/icons/settle_new.png HTTP/1.1" 304 -
180.175.214.200 - - [20/Jul/2020:08:44:42 +0800] "POST /xingrg/all/common/load_tree.html?tree=area_rest_tree_json&manage=1 HTTP/1.1" 200 342
180.175.214.200 - - [20/Jul/2020:08:44:42 +0800] "GET /xingrg/images/blue/pingpu.png HTTP/1.1" 304 -
180.175.214.200 - - [20/Jul/2020:08:44:43 +0800] "GET /xingrg/javascript/jquery_easy_ui/themes/default/images/tabs_leftarrow.png HTTP/1.1" 304 -
180.175.214.200 - - [20/Jul/2020:08:44:43 +0800] "GET /xingrg/javascript/jquery_easy_ui/themes/default/images/tabs_rightarrow.png HTTP/1.1" 304 -
180.175.214.200 - - [20/Jul/2020:08:44:43 +0800] "GET /xingrg/javascript/jquery_easy_ui/themes/default/images/panel_tool_collapse.gif HTTP/1.1" 304 -
180.175.214.200 - - [20/Jul/2020:08:44:43 +0800] "GET /xingrg/all/function/internal_message.html?_=1595206089898&CODE_STATE=count HTTP/1.1" 200 11
180.175.214.200 - - [20/Jul/2020:08:44:43 +0800] "GET /xingrg/check_reg.html?_=1595206089899 HTTP/1.1" 200 22
116.230.146.118 - - [20/Jul/2020:08:44:43 +0800] "POST /xingrg/dwr/call/plaincall/AjaxCheckService.setItemNumber.dwr HTTP/1.1" 200 77
180.175.214.200 - - [20/Jul/2020:08:44:43 +0800] "POST /xingrg/load_menu.html HTTP/1.1" 200 5138
180.175.214.200 - - [20/Jul/2020:08:44:43 +0800] "GET /xingrg/javascript/jquery_easy_ui/themes/default/images/tree_arrows.gif HTTP/1.1" 304 -
180.175.214.200 - - [20/Jul/2020:08:44:43 +0800] "GET /favicon.ico HTTP/1.1" 404 -
180.175.214.200 - - [20/Jul/2020:08:44:43 +0800] "GET /xingrg/javascript/jquery_easy_ui/themes/default/images/tree_folder_open.gif HTTP/1.1" 304 -
