180.175.214.200 - - [20/Jul/2020:09:01:39 +0800] "POST /xingrg/kc/buy/cgsh_order_operate.html HTTP/1.1" 200 13868
180.157.251.101 - - [20/Jul/2020:09:01:40 +0800] "GET /xingrg/all/function/internal_message.html?_=1595206901086&CODE_STATE=getMsg HTTP/1.1" 200 27
180.157.251.101 - - [20/Jul/2020:09:01:42 +0800] "POST /xingrg/kc/mdqp/pssh_list_operate.html HTTP/1.1" 200 260
180.157.251.101 - - [20/Jul/2020:09:01:43 +0800] "GET /xingrg/kc/mdqp/pssh_order_info.html?code=312020071800448 HTTP/1.1" 200 17299
180.157.251.101 - - [20/Jul/2020:09:01:43 +0800] "GET /xingrg/javascript/jquery_tools/jquery-1.4.2.min.js HTTP/1.1" 404 1094
172.17.0.123 - - [20/Jul/2020:09:01:44 +0800] "GET /xingrg/all/function/internal_message.html?_=1595206845515&CODE_STATE=getMsg HTTP/1.1" 302 -
172.17.0.123 - - [20/Jul/2020:09:01:44 +0800] "GET /xingrg/check_reg.html?_=1595206845515 HTTP/1.1" 302 -
180.157.251.101 - - [20/Jul/2020:09:01:44 +0800] "POST /xingrg/kc/mdqp/pssh_order_operate.html HTTP/1.1" 200 531
180.157.251.101 - - [20/Jul/2020:09:01:44 +0800] "GET /xingrg/javascript/easyui/themes/default/validatebox.css HTTP/1.1" 404 1104
180.157.251.101 - - [20/Jul/2020:09:01:46 +0800] "POST /xingrg/all/common/load_combo.html?type=base&rest_code=00148 HTTP/1.1" 200 3142
180.175.214.200 - - [20/Jul/2020:09:01:47 +0800] "GET /xingrg/all/function/internal_message.html?_=1595207114310&CODE_STATE=getMsg HTTP/1.1" 200 27
114.89.80.44 - - [20/Jul/2020:09:01:47 +0800] "GET /xingrg/kc/buy/cgsh_order_list.html HTTP/1.1" 200 43584
114.89.80.44 - - [20/Jul/2020:09:01:48 +0800] "POST /xingrg/kc/buy/cgsh_list_operate.html HTTP/1.1" 200 876
114.89.80.44 - - [20/Jul/2020:09:01:49 +0800] "GET /xingrg/kc/buy/cgsh_order_add.html HTTP/1.1" 200 59240
114.89.80.44 - - [20/Jul/2020:09:01:49 +0800] "POST /xingrg/kc/buy/cgsh_order_operate.html HTTP/1.1" 200 8245
114.89.80.44 - - [20/Jul/2020:09:01:49 +0800] "GET /xingrg/all/common/auto_word.html?type=employee&rest_code=00150 HTTP/1.1" 200 205
114.89.80.44 - - [20/Jul/2020:09:01:49 +0800] "GET /xingrg/javascript/easyui/themes/default/validatebox.css HTTP/1.1" 404 1104
114.89.80.44 - - [20/Jul/2020:09:01:49 +0800] "GET /xingrg/all/common/auto_word.html?type=employee&rest_code=00150 HTTP/1.1" 200 205
180.157.251.101 - - [20/Jul/2020:09:01:52 +0800] "POST /xingrg/all/common/load_combo.html?type=employee HTTP/1.1" 200 271
180.157.251.101 - - [20/Jul/2020:09:01:54 +0800] "POST /xingrg/kc/mdqp/pssh_order_operate.html HTTP/1.1" 200 37
114.88.161.57 - - [20/Jul/2020:09:01:55 +0800] "GET /xingrg/check_reg.html?_=1595206936294 HTTP/1.1" 200 22
114.88.161.57 - - [20/Jul/2020:09:01:55 +0800] "GET /xingrg/all/function/internal_message.html?_=1595206936327&CODE_STATE=getMsg HTTP/1.1" 200 27
180.157.251.101 - - [20/Jul/2020:09:01:55 +0800] "POST /xingrg/kc/mdqp/pssh_order_operate.html HTTP/1.1" 200 12
116.230.146.118 - - [20/Jul/2020:09:01:55 +0800] "GET /xingrg/all/function/internal_message.html?_=1595206913676&CODE_STATE=getMsg HTTP/1.1" 200 27
180.175.214.200 - - [20/Jul/2020:09:01:58 +0800] "POST /xingrg/kc/buy/cgsh_order_operate.html HTTP/1.1" 200 37
180.157.251.101 - - [20/Jul/2020:09:02:02 +0800] "GET /xingrg/kc/mdqp/pssh_order_info.html?code=312020071800448 HTTP/1.1" 200 14390
180.157.251.101 - - [20/Jul/2020:09:02:02 +0800] "GET /xingrg/javascript/jquery_tools/jquery-1.4.2.min.js HTTP/1.1" 404 1094
180.157.251.101 - - [20/Jul/2020:09:02:02 +0800] "POST /xingrg/kc/mdqp/pssh_order_operate.html HTTP/1.1" 200 531
180.157.251.101 - - [20/Jul/2020:09:02:02 +0800] "GET /xingrg/javascript/easyui/themes/default/validatebox.css HTTP/1.1" 404 1104
117.131.5.26 - - [20/Jul/2020:09:02:03 +0800] "GET /xingrg/all/function/internal_message.html?_=1595207296015&CODE_STATE=getMsg HTTP/1.1" 200 27
180.157.251.101 - - [20/Jul/2020:09:02:04 +0800] "GET /xingrg/kc/print/load_data.html?order_code=312020071800448&kc_code=pssh&condition= HTTP/1.1" 200 653
172.17.200.101 - - [20/Jul/2020:09:02:05 +0800] "GET /xingrg/all/function/internal_message.html?_=1595206925711&CODE_STATE=getMsg HTTP/1.1" 200 27
180.175.214.200 - - [20/Jul/2020:09:02:05 +0800] "POST /xingrg/kc/buy/cgsh_order_operate.html HTTP/1.1" 200 13868
58.37.224.159 - - [20/Jul/2020:09:02:07 +0800] "GET /xingrg/all/function/internal_message.html?_=1595206593307&CODE_STATE=getMsg HTTP/1.1" 200 27
180.157.251.101 - - [20/Jul/2020:09:02:10 +0800] "POST /xingrg/kc/mdqp/pssh_list_operate.html HTTP/1.1" 200 1889
114.89.80.44 - - [20/Jul/2020:09:02:12 +0800] "GET /xingrg/javascript/auto/indicator.gif HTTP/1.1" 404 1066
180.157.251.101 - - [20/Jul/2020:09:02:13 +0800] "GET /xingrg/kc/mdqp/pssh_order_list.html HTTP/1.1" 200 17792
180.175.214.200 - - [20/Jul/2020:09:02:13 +0800] "GET /xingrg/kc/buy/cgsh_order_add.html HTTP/1.1" 200 59228
180.157.251.101 - - [20/Jul/2020:09:02:13 +0800] "POST /xingrg/kc/mdqp/pssh_list_operate.html HTTP/1.1" 200 5386
180.175.214.200 - - [20/Jul/2020:09:02:14 +0800] "POST /xingrg/kc/buy/cgsh_order_operate.html HTTP/1.1" 200 8245
180.175.214.200 - - [20/Jul/2020:09:02:14 +0800] "GET /xingrg/javascript/easyui/themes/default/validatebox.css HTTP/1.1" 404 1104
180.157.251.101 - - [20/Jul/2020:09:02:15 +0800] "POST /xingrg/kc/mdqp/pssh_list_operate.html HTTP/1.1" 200 352
180.175.214.200 - - [20/Jul/2020:09:02:15 +0800] "GET /xingrg/javascript/easyui/themes/default/tree.css HTTP/1.1" 404 1090
180.175.214.200 - - [20/Jul/2020:09:02:16 +0800] "POST /xingrg/all/common/load_tree.html?tree=supplier_tree_json&isDelete=1 HTTP/1.1" 200 49550
180.157.251.101 - - [20/Jul/2020:09:02:16 +0800] "POST /xingrg/kc/mdqp/pssh_list_operate.html HTTP/1.1" 200 260
116.233.74.240 - - [20/Jul/2020:09:02:17 +0800] "GET /xingrg/all/function/internal_message.html?_=1595206963906&CODE_STATE=getMsg HTTP/1.1" 200 27
61.172.5.115 - - [20/Jul/2020:09:02:18 +0800] "GET /xingrg/all/function/internal_message.html?_=1595206935791&CODE_STATE=getMsg HTTP/1.1" 200 27
114.89.80.44 - - [20/Jul/2020:09:02:19 +0800] "GET /xingrg/kc/buy/cgsh_order_operate.html?command=get_materiel&rest_code=00150&code=00101007061&supplier_code=00100002&order_time=2020-07-20 HTTP/1.1" 200 409
172.17.0.101 - - [20/Jul/2020:09:02:20 +0800] "GET /xingrg/all/function/internal_message.html?_=1595206942052&CODE_STATE=getMsg HTTP/1.1" 200 27
124.77.243.181 - - [20/Jul/2020:09:02:22 +0800] "GET /xingrg/all/function/internal_message.html?_=1595206943584&CODE_STATE=getMsg HTTP/1.1" 200 27
114.89.80.44 - - [20/Jul/2020:09:02:23 +0800] "GET /xingrg/all/function/internal_message.html?_=1595206941022&CODE_STATE=getMsg HTTP/1.1" 200 27
180.157.251.101 - - [20/Jul/2020:09:02:27 +0800] "POST /xingrg/kc/mdqp/pssh_list_operate.html HTTP/1.1" 200 358
58.37.224.159 - - [20/Jul/2020:09:02:28 +0800] "GET /xingrg/check_reg.html?_=1595206949295 HTTP/1.1" 200 22
58.37.224.159 - - [20/Jul/2020:09:02:28 +0800] "GET /xingrg/all/function/internal_message.html?_=1595206949296&CODE_STATE=getMsg HTTP/1.1" 200 27
61.129.6.203 - - [20/Jul/2020:09:02:28 +0800] "GET /xingrg/all/function/internal_message.html?_=1595206889296&CODE_STATE=getMsg HTTP/1.1" 302 -
180.175.214.200 - - [20/Jul/2020:09:02:28 +0800] "GET /xingrg/kc/buy/cgsh_order_operate.html?command=get_materiel&rest_code=00102&code=00101008331&supplier_code=00100008&order_time=2020-07-20 HTTP/1.1" 200 416
114.89.80.44 - - [20/Jul/2020:09:02:28 +0800] "GET /xingrg/kc/buy/cgsh_order_operate.html?command=get_materiel&rest_code=00150&code=00101007076&supplier_code=00100002&order_time=2020-07-20 HTTP/1.1" 200 408
114.88.161.57 - - [20/Jul/2020:09:02:29 +0800] "GET /xingrg/all/function/internal_message.html?_=1595206947988&CODE_STATE=getMsg HTTP/1.1" 200 27
61.129.6.203 - - [20/Jul/2020:09:02:29 +0800] "GET /xingrg/login.html HTTP/1.1" 200 7641
117.184.7.30 - - [20/Jul/2020:09:02:30 +0800] "GET /xingrg/login.html HTTP/1.1" 200 7641
180.157.251.101 - - [20/Jul/2020:09:02:31 +0800] "GET /xingrg/kc/mdqp/pssh_order_info.html?code=312020071800450 HTTP/1.1" 200 17250
180.157.251.101 - - [20/Jul/2020:09:02:31 +0800] "GET /xingrg/javascript/jquery_tools/jquery-1.4.2.min.js HTTP/1.1" 404 1094
180.157.251.101 - - [20/Jul/2020:09:02:32 +0800] "POST /xingrg/kc/mdqp/pssh_order_operate.html HTTP/1.1" 200 1037
180.157.251.101 - - [20/Jul/2020:09:02:32 +0800] "GET /xingrg/javascript/easyui/themes/default/validatebox.css HTTP/1.1" 404 1104
222.69.130.28 - - [20/Jul/2020:09:02:33 +0800] "GET /xingrg/all/function/internal_message.html?_=1595206952572&CODE_STATE=getMsg HTTP/1.1" 200 27
180.157.251.101 - - [20/Jul/2020:09:02:34 +0800] "POST /xingrg/all/common/load_combo.html?type=base&rest_code=00148 HTTP/1.1" 200 3142
117.184.7.30 - - [20/Jul/2020:09:02:36 +0800] "GET /favicon.ico HTTP/1.1" 404 -
180.157.251.101 - - [20/Jul/2020:09:02:37 +0800] "POST /xingrg/all/common/load_combo.html?type=employee HTTP/1.1" 200 271
114.89.80.44 - - [20/Jul/2020:09:02:40 +0800] "GET /xingrg/kc/buy/cgsh_order_operate.html?command=get_materiel&rest_code=00150&code=00101007077&supplier_code=00100002&order_time=2020-07-20 HTTP/1.1" 200 415
117.184.7.30 - - [20/Jul/2020:09:02:41 +0800] "POST /xingrg/login.do HTTP/1.1" 302 -
117.184.7.30 - - [20/Jul/2020:09:02:41 +0800] "GET /xingrg/index.html?sysBaseUrl=http%3A%2F%2F180.169.147.146%3A18081%2Fxingrg%2F&costTime=59×tamp=1595206961599 HTTP/1.1" 200 17173
117.184.7.30 - - [20/Jul/2020:09:02:43 +0800] "GET /favicon.ico HTTP/1.1" 404 -
172.17.0.123 - - [20/Jul/2020:09:02:44 +0800] "GET /xingrg/all/function/internal_message.html?_=1595206905505&CODE_STATE=getMsg HTTP/1.1" 302 -
117.184.7.30 - - [20/Jul/2020:09:02:44 +0800] "POST /xingrg/all/common/load_tree.html?tree=area_rest_tree_json&manage=1 HTTP/1.1" 200 470
117.184.7.30 - - [20/Jul/2020:09:02:44 +0800] "GET /xingrg/check_reg.html?_=1595206962124 HTTP/1.1" 200 22
117.184.7.30 - - [20/Jul/2020:09:02:44 +0800] "GET /xingrg/all/function/internal_message.html?_=1595206962115&CODE_STATE=count HTTP/1.1" 200 11
117.184.7.30 - - [20/Jul/2020:09:02:44 +0800] "POST /xingrg/load_menu.html HTTP/1.1" 200 5138
180.157.251.101 - - [20/Jul/2020:09:02:45 +0800] "GET /xingrg/javascript/jquery_tools/images/prev.gif HTTP/1.1" 404 1086
180.157.251.101 - - [20/Jul/2020:09:02:45 +0800] "GET /xingrg/javascript/jquery_tools/images/next.gif HTTP/1.1" 404 1086
116.230.146.118 - - [20/Jul/2020:09:02:46 +0800] "POST /xingrg/dwr/call/plaincall/AjaxComOrderService.getMaterielSearchList.dwr HTTP/1.1" 200 337
180.175.214.200 - - [20/Jul/2020:09:02:47 +0800] "GET /xingrg/all/function/internal_message.html?_=1595207174323&CODE_STATE=getMsg HTTP/1.1" 200 27
116.230.146.118 - - [20/Jul/2020:09:02:48 +0800] "POST /xingrg/dwr/call/plaincall/AjaxComOrderService.getMaterielSearchList.dwr HTTP/1.1" 200 337
180.157.251.101 - - [20/Jul/2020:09:02:52 +0800] "POST /xingrg/kc/mdqp/pssh_list_operate.html HTTP/1.1" 200 366
180.157.251.101 - - [20/Jul/2020:09:02:53 +0800] "GET /xingrg/kc/mdqp/pssh_order_info.html?code=312020071800464 HTTP/1.1" 200 17272
180.157.251.101 - - [20/Jul/2020:09:02:53 +0800] "GET /xingrg/javascript/jquery_tools/jquery-1.4.2.min.js HTTP/1.1" 404 1094
180.157.251.101 - - [20/Jul/2020:09:02:54 +0800] "POST /xingrg/kc/mdqp/pssh_order_operate.html HTTP/1.1" 200 1047
180.157.251.101 - - [20/Jul/2020:09:02:54 +0800] "GET /xingrg/javascript/easyui/themes/default/validatebox.css HTTP/1.1" 404 1104
116.230.146.118 - - [20/Jul/2020:09:02:54 +0800] "GET /xingrg/check_reg.html?_=1595206972247 HTTP/1.1" 200 22
114.88.161.57 - - [20/Jul/2020:09:02:55 +0800] "GET /xingrg/all/function/internal_message.html?_=1595206996296&CODE_STATE=getMsg HTTP/1.1" 200 27
116.230.146.118 - - [20/Jul/2020:09:02:55 +0800] "GET /xingrg/kc/base/check_order_list.html HTTP/1.1" 200 16380
116.230.146.118 - - [20/Jul/2020:09:02:55 +0800] "GET /xingrg/all/function/internal_message.html?_=1595206973705&CODE_STATE=getMsg HTTP/1.1" 200 27
116.230.146.118 - - [20/Jul/2020:09:02:56 +0800] "POST /xingrg/kc/base/check_list_operate.html HTTP/1.1" 200 1878
180.157.251.101 - - [20/Jul/2020:09:02:59 +0800] "POST /xingrg/all/common/load_combo.html?type=base&rest_code=00148 HTTP/1.1" 200 3142
117.184.7.30 - - [20/Jul/2020:09:02:59 +0800] "GET /xingrg/kc/buy/buy_main.html HTTP/1.1" 200 12412
117.184.7.30 - - [20/Jul/2020:09:02:59 +0800] "GET /xingrg/css/new_ie.css HTTP/1.1" 404 1036
117.184.7.30 - - [20/Jul/2020:09:03:01 +0800] "GET /xingrg/images/yd/bt.gif HTTP/1.1" 404 1040
116.230.146.118 - - [20/Jul/2020:09:03:01 +0800] "GET /xingrg/login.html HTTP/1.1" 200 7641
117.184.7.30 - - [20/Jul/2020:09:03:01 +0800] "GET /xingrg/kc/buy/cgsh_order_list.html HTTP/1.1" 200 43578
116.230.146.118 - - [20/Jul/2020:09:03:03 +0800] "GET /favicon.ico HTTP/1.1" 404 -
117.131.5.26 - - [20/Jul/2020:09:03:03 +0800] "GET /xingrg/all/function/internal_message.html?_=1595207356014&CODE_STATE=getMsg HTTP/1.1" 200 27
117.184.7.30 - - [20/Jul/2020:09:03:03 +0800] "POST /xingrg/kc/buy/cgsh_list_operate.html HTTP/1.1" 200 876
116.230.146.118 - - [20/Jul/2020:09:03:03 +0800] "POST /xingrg/login.do HTTP/1.1" 302 -
116.230.146.118 - - [20/Jul/2020:09:03:03 +0800] "GET /xingrg/index.html?sysBaseUrl=http%3A%2F%2F180.169.147.146%3A18081%2Fxingrg%2F&costTime=62×tamp=1595206983909 HTTP/1.1" 200 17179
116.230.146.118 - - [20/Jul/2020:09:03:05 +0800] "GET /favicon.ico HTTP/1.1" 404 -
116.230.146.118 - - [20/Jul/2020:09:03:05 +0800] "POST /xingrg/all/common/load_tree.html?tree=area_rest_tree_json&manage=1 HTTP/1.1" 200 476
172.17.200.101 - - [20/Jul/2020:09:03:05 +0800] "GET /xingrg/all/function/internal_message.html?_=1595206985717&CODE_STATE=getMsg HTTP/1.1" 200 27
116.230.146.118 - - [20/Jul/2020:09:03:05 +0800] "GET /xingrg/all/function/internal_message.html?_=1595206983742&CODE_STATE=count HTTP/1.1" 200 11
116.230.146.118 - - [20/Jul/2020:09:03:05 +0800] "GET /xingrg/check_reg.html?_=1595206983751 HTTP/1.1" 200 22
116.230.146.118 - - [20/Jul/2020:09:03:06 +0800] "POST /xingrg/load_menu.html HTTP/1.1" 200 5138
58.37.224.159 - - [20/Jul/2020:09:03:07 +0800] "GET /xingrg/all/function/internal_message.html?_=1595206653288&CODE_STATE=getMsg HTTP/1.1" 200 27
117.184.7.30 - - [20/Jul/2020:09:03:09 +0800] "GET /xingrg/kc/buy/cgsh_order_add.html HTTP/1.1" 200 59281
117.184.7.30 - - [20/Jul/2020:09:03:09 +0800] "GET /xingrg/words/20200719191801_words.js HTTP/1.1" 304 -
117.184.7.30 - - [20/Jul/2020:09:03:10 +0800] "GET /xingrg/all/common/auto_word.html?type=employee&rest_code=00108 HTTP/1.1" 200 197
117.184.7.26 - - [20/Jul/2020:09:03:10 +0800] "GET /xingrg/all/common/auto_word.html?type=employee&rest_code=00108 HTTP/1.1" 200 197
117.184.7.26 - - [20/Jul/2020:09:03:10 +0800] "GET /xingrg/javascript/easyui/themes/default/validatebox.css HTTP/1.1" 404 1104
117.184.7.30 - - [20/Jul/2020:09:03:10 +0800] "POST /xingrg/kc/buy/cgsh_order_operate.html HTTP/1.1" 200 8245
180.175.214.200 - - [20/Jul/2020:09:03:13 +0800] "GET /xingrg/kc/buy/cgsh_order_operate.html?command=get_materiel&rest_code=00102&code=00101008110&supplier_code=00100008&order_time=2020-07-20 HTTP/1.1" 200 408
116.230.146.118 - - [20/Jul/2020:09:03:15 +0800] "GET /xingrg/kc/buy/cgth_order_list.html HTTP/1.1" 200 42987
116.233.74.240 - - [20/Jul/2020:09:03:16 +0800] "GET /xingrg/all/function/internal_message.html?_=1595207023906&CODE_STATE=getMsg HTTP/1.1" 200 27
116.230.146.118 - - [20/Jul/2020:09:03:16 +0800] "POST /xingrg/kc/buy/cgth_list_operate.html HTTP/1.1" 200 1924
180.157.251.101 - - [20/Jul/2020:09:03:17 +0800] "POST /xingrg/all/common/load_combo.html?type=employee HTTP/1.1" 200 271
61.172.5.115 - - [20/Jul/2020:09:03:18 +0800] "GET /xingrg/all/function/internal_message.html?_=1595206995789&CODE_STATE=getMsg HTTP/1.1" 200 27
222.69.130.28 - - [20/Jul/2020:09:03:18 +0800] "GET /xingrg/kc/base/check_order_list.html HTTP/1.1" 200 16380
117.131.5.26 - - [20/Jul/2020:09:03:18 +0800] "GET /xingrg/check_reg.html?_=1595206998047 HTTP/1.1" 302 -
222.69.130.28 - - [20/Jul/2020:09:03:18 +0800] "POST /xingrg/kc/base/check_list_operate.html HTTP/1.1" 200 3522
116.230.146.118 - - [20/Jul/2020:09:03:19 +0800] "POST /xingrg/kc/buy/cgth_list_operate.html HTTP/1.1" 200 -
172.17.0.101 - - [20/Jul/2020:09:03:20 +0800] "GET /xingrg/all/function/internal_message.html?_=1595207002035&CODE_STATE=getMsg HTTP/1.1" 200 27
180.157.251.101 - - [20/Jul/2020:09:03:20 +0800] "POST /xingrg/kc/mdqp/pssh_order_operate.html HTTP/1.1" 200 37
180.157.251.101 - - [20/Jul/2020:09:03:21 +0800] "POST /xingrg/kc/mdqp/pssh_order_operate.html HTTP/1.1" 200 12
222.69.130.28 - - [20/Jul/2020:09:03:21 +0800] "GET /xingrg/kc/base/check_order_info.html?code=452020071900339 HTTP/1.1" 200 26475
222.69.130.28 - - [20/Jul/2020:09:03:21 +0800] "GET /xingrg/dwr/interface/AjaxCheckService.js HTTP/1.1" 200 14003
222.69.130.28 - - [20/Jul/2020:09:03:21 +0800] "GET /xingrg/dwr/interface/AjaxComOrderService.js HTTP/1.1" 200 18264
222.69.130.28 - - [20/Jul/2020:09:03:21 +0800] "GET /xingrg/dwr/engine.js HTTP/1.1" 200 43631
222.69.130.28 - - [20/Jul/2020:09:03:21 +0800] "POST /xingrg/dwr/call/plaincall/AjaxCheckService.loadOrderItems.dwr HTTP/1.1" 200 179632
180.157.251.101 - - [20/Jul/2020:09:03:21 +0800] "GET /xingrg/kc/mdqp/pssh_order_info.html?code=312020071800464 HTTP/1.1" 200 14392
180.157.251.101 - - [20/Jul/2020:09:03:22 +0800] "GET /xingrg/javascript/jquery_tools/jquery-1.4.2.min.js HTTP/1.1" 404 1094
180.157.251.101 - - [20/Jul/2020:09:03:22 +0800] "GET /xingrg/javascript/easyui/themes/default/validatebox.css HTTP/1.1" 404 1104
124.77.243.181 - - [20/Jul/2020:09:03:22 +0800] "GET /xingrg/all/function/internal_message.html?_=1595207003727&CODE_STATE=getMsg HTTP/1.1" 200 27
180.157.251.101 - - [20/Jul/2020:09:03:22 +0800] "POST /xingrg/kc/mdqp/pssh_order_operate.html HTTP/1.1" 200 1047
116.230.146.118 - - [20/Jul/2020:09:03:22 +0800] "POST /xingrg/kc/buy/cgth_list_operate.html HTTP/1.1" 200 4
114.89.80.44 - - [20/Jul/2020:09:03:23 +0800] "GET /xingrg/all/function/internal_message.html?_=1595207001006&CODE_STATE=getMsg HTTP/1.1" 200 27
116.230.146.118 - - [20/Jul/2020:09:03:23 +0800] "POST /xingrg/kc/buy/cgth_list_operate.html HTTP/1.1" 200 1035
180.157.251.101 - - [20/Jul/2020:09:03:24 +0800] "GET /xingrg/kc/print/load_data.html?order_code=312020071800464&kc_code=pssh&condition= HTTP/1.1" 200 855
116.230.146.118 - - [20/Jul/2020:09:03:24 +0800] "GET /xingrg/kc/buy/cgth_order_add.html HTTP/1.1" 200 61254
116.230.146.118 - - [20/Jul/2020:09:03:24 +0800] "GET /xingrg/dwr/interface/AjaxComOrderService.js HTTP/1.1" 200 18264
116.230.146.118 - - [20/Jul/2020:09:03:24 +0800] "GET /xingrg/dwr/interface/AjaxCgthService.js HTTP/1.1" 200 14519
116.230.146.118 - - [20/Jul/2020:09:03:25 +0800] "GET /xingrg/dwr/engine.js HTTP/1.1" 200 43631
116.230.146.118 - - [20/Jul/2020:09:03:26 +0800] "POST /xingrg/all/common/load_tree.html?tree=supplier_tree_json&isDelete=1 HTTP/1.1" 200 49550
180.175.214.200 - - [20/Jul/2020:09:03:27 +0800] "GET /xingrg/kc/buy/cgsh_order_operate.html?command=get_materiel&rest_code=00102&code=00101008090&supplier_code=00100008&order_time=2020-07-20 HTTP/1.1" 200 408
58.37.224.159 - - [20/Jul/2020:09:03:28 +0800] "GET /xingrg/all/function/internal_message.html?_=1595207009294&CODE_STATE=getMsg HTTP/1.1" 200 27
101.91.62.65 - - [20/Jul/2020:09:03:29 +0800] "GET /xingrg/check_reg.html?_=1595206949295 HTTP/1.1" 302 -
114.88.161.57 - - [20/Jul/2020:09:03:29 +0800] "GET /xingrg/all/function/internal_message.html?_=1595207008000&CODE_STATE=getMsg HTTP/1.1" 200 27
180.157.251.101 - - [20/Jul/2020:09:03:29 +0800] "POST /xingrg/kc/mdqp/pssh_list_operate.html HTTP/1.1" 200 1889
117.184.7.30 - - [20/Jul/2020:09:03:29 +0800] "GET /xingrg/javascript/auto/indicator.gif HTTP/1.1" 404 1066
117.184.7.30 - - [20/Jul/2020:09:03:30 +0800] "GET /xingrg/javascript/jquery_tools/images/prev.gif HTTP/1.1" 404 1086
117.184.7.26 - - [20/Jul/2020:09:03:30 +0800] "GET /xingrg/javascript/jquery_tools/images/next.gif HTTP/1.1" 404 1086
101.91.62.65 - - [20/Jul/2020:09:03:30 +0800] "GET /xingrg/login.html HTTP/1.1" 200 7641
180.157.251.101 - - [20/Jul/2020:09:03:30 +0800] "GET /xingrg/kc/mdqp/pssh_order_list.html HTTP/1.1" 200 17792
180.157.251.101 - - [20/Jul/2020:09:03:31 +0800] "POST /xingrg/kc/mdqp/pssh_list_operate.html HTTP/1.1" 200 5423
114.88.161.57 - - [20/Jul/2020:09:03:31 +0800] "GET /xingrg/kc/buy/cgsh_order_operate.html?command=get_materiel&rest_code=00111&code=00101009049&supplier_code=00100037&order_time=2020-07-20 HTTP/1.1" 200 416
180.157.251.101 - - [20/Jul/2020:09:03:32 +0800] "POST /xingrg/kc/mdqp/pssh_list_operate.html HTTP/1.1" 200 366
180.157.251.101 - - [20/Jul/2020:09:03:33 +0800] "POST /xingrg/kc/mdqp/pssh_list_operate.html HTTP/1.1" 200 352
222.69.130.28 - - [20/Jul/2020:09:03:33 +0800] "GET /xingrg/all/function/internal_message.html?_=1595207012555&CODE_STATE=getMsg HTTP/1.1" 200 27
114.88.161.57 - - [20/Jul/2020:09:03:35 +0800] "GET /xingrg/kc/buy/cgsh_order_list.html HTTP/1.1" 200 43578
180.157.251.101 - - [20/Jul/2020:09:03:36 +0800] "POST /xingrg/kc/mdqp/pssh_list_operate.html HTTP/1.1" 200 806
114.88.161.57 - - [20/Jul/2020:09:03:37 +0800] "POST /xingrg/kc/buy/cgsh_list_operate.html HTTP/1.1" 200 2042
180.157.251.101 - - [20/Jul/2020:09:03:37 +0800] "POST /xingrg/kc/mdqp/pssh_list_operate.html HTTP/1.1" 200 358
222.69.130.28 - - [20/Jul/2020:09:03:37 +0800] "POST /xingrg/dwr/call/plaincall/AjaxCheckService.setItemNumber.dwr HTTP/1.1" 200 76
222.69.130.28 - - [20/Jul/2020:09:03:38 +0800] "POST /xingrg/dwr/call/plaincall/AjaxCheckService.setItemNumber.dwr HTTP/1.1" 200 76
222.69.130.28 - - [20/Jul/2020:09:03:39 +0800] "POST /xingrg/dwr/call/plaincall/AjaxCheckService.setItemNumber.dwr HTTP/1.1" 200 76
180.157.251.101 - - [20/Jul/2020:09:03:39 +0800] "GET /xingrg/kc/mdqp/pssh_order_info.html?code=312020071500362 HTTP/1.1" 200 17283
180.157.251.101 - - [20/Jul/2020:09:03:39 +0800] "GET /xingrg/javascript/jquery_tools/jquery-1.4.2.min.js HTTP/1.1" 404 1094
180.175.214.200 - - [20/Jul/2020:09:03:39 +0800] "GET /xingrg/kc/buy/cgsh_order_operate.html?command=get_materiel&rest_code=00102&code=00101015044&supplier_code=00100008&order_time=2020-07-20 HTTP/1.1" 200 408
222.69.130.28 - - [20/Jul/2020:09:03:39 +0800] "POST /xingrg/dwr/call/plaincall/AjaxCheckService.setItemNumber.dwr HTTP/1.1" 200 76
116.230.146.118 - - [20/Jul/2020:09:03:39 +0800] "POST /xingrg/dwr/call/plaincall/AjaxCgthService.saveOrder.dwr HTTP/1.1" 200 78
180.157.251.101 - - [20/Jul/2020:09:03:40 +0800] "POST /xingrg/kc/mdqp/pssh_order_operate.html HTTP/1.1" 200 1046
180.157.251.101 - - [20/Jul/2020:09:03:40 +0800] "GET /xingrg/javascript/easyui/themes/default/validatebox.css HTTP/1.1" 404 1104
222.69.130.28 - - [20/Jul/2020:09:03:40 +0800] "POST /xingrg/dwr/call/plaincall/AjaxCheckService.setItemNumber.dwr HTTP/1.1" 200 76
180.157.251.101 - - [20/Jul/2020:09:03:40 +0800] "GET /xingrg/all/function/internal_message.html?_=1595207021122&CODE_STATE=getMsg HTTP/1.1" 200 27
222.69.130.28 - - [20/Jul/2020:09:03:41 +0800] "POST /xingrg/dwr/call/plaincall/AjaxCheckService.setItemNumber.dwr HTTP/1.1" 200 76
222.69.130.28 - - [20/Jul/2020:09:03:42 +0800] "POST /xingrg/dwr/call/plaincall/AjaxCheckService.setItemNumber.dwr HTTP/1.1" 200 76
222.69.130.28 - - [20/Jul/2020:09:03:42 +0800] "POST /xingrg/dwr/call/plaincall/AjaxCheckService.setItemNumber.dwr HTTP/1.1" 200 76
172.17.200.101 - - [20/Jul/2020:09:03:42 +0800] "GET /xingrg/kc/report/report_main.html HTTP/1.1" 200 9350
116.230.146.118 - - [20/Jul/2020:09:03:43 +0800] "POST /xingrg/dwr/call/plaincall/AjaxComOrderService.getMaterielSearchList.dwr HTTP/1.1" 200 203
222.69.130.28 - - [20/Jul/2020:09:03:43 +0800] "POST /xingrg/dwr/call/plaincall/AjaxCheckService.setItemNumber.dwr HTTP/1.1" 200 76
172.17.0.123 - - [20/Jul/2020:09:03:44 +0800] "GET /xingrg/all/function/internal_message.html?_=1595206965519&CODE_STATE=getMsg HTTP/1.1" 302 -
117.184.7.30 - - [20/Jul/2020:09:03:44 +0800] "GET /xingrg/all/function/internal_message.html?_=1595207022132&CODE_STATE=getMsg HTTP/1.1" 200 27
116.230.146.118 - - [20/Jul/2020:09:03:44 +0800] "POST /xingrg/dwr/call/plaincall/AjaxComOrderService.getMaterielSearchList.dwr HTTP/1.1" 200 2935
114.88.161.57 - - [20/Jul/2020:09:03:44 +0800] "GET /xingrg/kc/buy/cgsh_order_operate.html?command=get_materiel&rest_code=00111&code=00101009109&supplier_code=00100037&order_time=2020-07-20 HTTP/1.1" 200 399
222.69.130.28 - - [20/Jul/2020:09:03:45 +0800] "POST /xingrg/dwr/call/plaincall/AjaxCheckService.setItemNumber.dwr HTTP/1.1" 200 77
172.17.200.101 - - [20/Jul/2020:09:03:45 +0800] "GET /xingrg/all/report/report_query.html?fileName=kc/buy/gys_amount_base_rest.xml HTTP/1.1" 200 51589
172.17.200.101 - - [20/Jul/2020:09:03:45 +0800] "GET /xingrg/dwr/interface/AjaxReportQueryService.js HTTP/1.1" 200 13203
172.17.200.101 - - [20/Jul/2020:09:03:45 +0800] "GET /xingrg/dwr/engine.js HTTP/1.1" 200 43631
172.17.200.101 - - [20/Jul/2020:09:03:46 +0800] "POST /xingrg/all/common/load_tree.html?tree=area_rest_tree_json&manage=1 HTTP/1.1" 200 3088
172.17.200.101 - - [20/Jul/2020:09:03:46 +0800] "POST /xingrg/dwr/call/plaincall/AjaxReportQueryService.getFixDate.dwr HTTP/1.1" 200 111
172.17.200.101 - - [20/Jul/2020:09:03:46 +0800] "POST /xingrg/all/common/load_tree.html?tree=supplier_tree_json&manage=1 HTTP/1.1" 200 50282
116.230.146.118 - - [20/Jul/2020:09:03:47 +0800] "POST /xingrg/dwr/call/plaincall/AjaxComOrderService.getMaterielSearchList.dwr HTTP/1.1" 200 479
180.175.214.200 - - [20/Jul/2020:09:03:47 +0800] "GET /xingrg/all/function/internal_message.html?_=1595207234372&CODE_STATE=getMsg HTTP/1.1" 200 27
116.230.146.118 - - [20/Jul/2020:09:03:48 +0800] "POST /xingrg/dwr/call/plaincall/AjaxCgthService.getMaterielByMap.dwr HTTP/1.1" 200 3540
222.69.130.28 - - [20/Jul/2020:09:03:49 +0800] "POST /xingrg/dwr/call/plaincall/AjaxCheckService.setItemNumber.dwr HTTP/1.1" 200 77
180.175.214.200 - - [20/Jul/2020:09:03:49 +0800] "GET /xingrg/kc/buy/cgsh_order_operate.html?command=get_materiel&rest_code=00102&code=00101008114&supplier_code=00100008&order_time=2020-07-20 HTTP/1.1" 200 412
222.69.130.28 - - [20/Jul/2020:09:03:49 +0800] "POST /xingrg/dwr/call/plaincall/AjaxCheckService.setItemNumber.dwr HTTP/1.1" 200 77
222.69.130.28 - - [20/Jul/2020:09:03:50 +0800] "POST /xingrg/dwr/call/plaincall/AjaxCheckService.setItemNumber.dwr HTTP/1.1" 200 77
180.157.251.101 - - [20/Jul/2020:09:03:50 +0800] "POST /xingrg/all/common/load_combo.html?type=employee HTTP/1.1" 200 271
222.69.130.28 - - [20/Jul/2020:09:03:51 +0800] "POST /xingrg/dwr/call/plaincall/AjaxCheckService.setItemNumber.dwr HTTP/1.1" 200 77
222.69.130.28 - - [20/Jul/2020:09:03:52 +0800] "POST /xingrg/dwr/call/plaincall/AjaxCheckService.setItemNumber.dwr HTTP/1.1" 200 77
222.69.130.28 - - [20/Jul/2020:09:03:53 +0800] "POST /xingrg/dwr/call/plaincall/AjaxCheckService.setItemNumber.dwr HTTP/1.1" 200 77
222.69.130.28 - - [20/Jul/2020:09:03:53 +0800] "POST /xingrg/dwr/call/plaincall/AjaxCheckService.setItemNumber.dwr HTTP/1.1" 200 77
222.69.130.28 - - [20/Jul/2020:09:03:54 +0800] "POST /xingrg/dwr/call/plaincall/AjaxCheckService.setItemNumber.dwr HTTP/1.1" 200 77
222.69.130.28 - - [20/Jul/2020:09:03:54 +0800] "POST /xingrg/dwr/call/plaincall/AjaxCheckService.setItemNumber.dwr HTTP/1.1" 200 77
114.88.161.57 - - [20/Jul/2020:09:03:55 +0800] "GET /xingrg/all/function/internal_message.html?_=1595207056302&CODE_STATE=getMsg HTTP/1.1" 200 27
180.157.251.101 - - [20/Jul/2020:09:03:55 +0800] "POST /xingrg/all/common/load_combo.html?type=base&rest_code=00148 HTTP/1.1" 200 3142
222.69.130.28 - - [20/Jul/2020:09:03:55 +0800] "POST /xingrg/dwr/call/plaincall/AjaxCheckService.setItemNumber.dwr HTTP/1.1" 200 77
114.88.161.57 - - [20/Jul/2020:09:03:55 +0800] "GET /xingrg/kc/buy/cgsh_order_operate.html?command=get_materiel&rest_code=00111&code=00101009062&supplier_code=00100037&order_time=2020-07-20 HTTP/1.1" 200 432
222.69.130.28 - - [20/Jul/2020:09:03:56 +0800] "POST /xingrg/dwr/call/plaincall/AjaxCheckService.setItemNumber.dwr HTTP/1.1" 200 77
222.69.130.28 - - [20/Jul/2020:09:03:57 +0800] "POST /xingrg/dwr/call/plaincall/AjaxCheckService.setItemNumber.dwr HTTP/1.1" 200 77
222.69.130.28 - - [20/Jul/2020:09:03:57 +0800] "POST /xingrg/dwr/call/plaincall/AjaxCheckService.setItemNumber.dwr HTTP/1.1" 200 77
222.69.130.28 - - [20/Jul/2020:09:03:58 +0800] "POST /xingrg/dwr/call/plaincall/AjaxCheckService.setItemNumber.dwr HTTP/1.1" 200 77
222.69.130.28 - - [20/Jul/2020:09:03:58 +0800] "POST /xingrg/dwr/call/plaincall/AjaxCheckService.setItemNumber.dwr HTTP/1.1" 200 77
117.184.7.30 - - [20/Jul/2020:09:03:59 +0800] "GET /xingrg/kc/buy/cgsh_order_operate.html?command=get_materiel&rest_code=00108&code=00101007061&supplier_code=00100002&order_time=2020-07-20 HTTP/1.1" 200 409
222.69.130.28 - - [20/Jul/2020:09:03:59 +0800] "POST /xingrg/dwr/call/plaincall/AjaxCheckService.setItemNumber.dwr HTTP/1.1" 200 77
180.175.214.200 - - [20/Jul/2020:09:04:00 +0800] "GET /xingrg/kc/buy/cgsh_order_operate.html?command=get_materiel&rest_code=00102&code=00101015019&supplier_code=00100008&order_time=2020-07-20 HTTP/1.1" 200 413
222.69.130.28 - - [20/Jul/2020:09:04:00 +0800] "POST /xingrg/dwr/call/plaincall/AjaxCheckService.setItemNumber.dwr HTTP/1.1" 200 77
222.69.130.28 - - [20/Jul/2020:09:04:01 +0800] "POST /xingrg/dwr/call/plaincall/AjaxCheckService.setItemNumber.dwr HTTP/1.1" 200 77
222.69.130.28 - - [20/Jul/2020:09:04:02 +0800] "POST /xingrg/dwr/call/plaincall/AjaxCheckService.setItemNumber.dwr HTTP/1.1" 200 77
222.69.130.28 - - [20/Jul/2020:09:04:02 +0800] "POST /xingrg/dwr/call/plaincall/AjaxCheckService.setItemNumber.dwr HTTP/1.1" 200 77
222.69.130.28 - - [20/Jul/2020:09:04:03 +0800] "POST /xingrg/dwr/call/plaincall/AjaxCheckService.setItemNumber.dwr HTTP/1.1" 200 77
117.131.5.26 - - [20/Jul/2020:09:04:03 +0800] "GET /xingrg/all/function/internal_message.html?_=1595207416013&CODE_STATE=getMsg HTTP/1.1" 200 27
172.17.200.101 - - [20/Jul/2020:09:04:05 +0800] "GET /xingrg/all/function/internal_message.html?_=1595207045728&CODE_STATE=getMsg HTTP/1.1" 200 27
172.17.200.101 - - [20/Jul/2020:09:04:05 +0800] "GET /xingrg/check_reg.html?_=1595207045734 HTTP/1.1" 200 22
114.88.161.57 - - [20/Jul/2020:09:04:06 +0800] "GET /xingrg/kc/buy/cgsh_order_operate.html?command=get_materiel&rest_code=00111&code=00101016025&supplier_code=00100037&order_time=2020-07-20 HTTP/1.1" 200 427
58.37.224.159 - - [20/Jul/2020:09:04:07 +0800] "GET /xingrg/all/function/internal_message.html?_=1595206713274&CODE_STATE=getMsg HTTP/1.1" 200 27
222.69.130.28 - - [20/Jul/2020:09:04:07 +0800] "POST /xingrg/dwr/call/plaincall/AjaxCheckService.setItemNumber.dwr HTTP/1.1" 200 77
180.157.251.101 - - [20/Jul/2020:09:04:07 +0800] "POST /xingrg/kc/mdqp/pssh_order_operate.html HTTP/1.1" 200 37
180.175.214.200 - - [20/Jul/2020:09:04:08 +0800] "GET /xingrg/kc/buy/cgsh_order_operate.html?command=get_materiel&rest_code=00102&code=00101020152&supplier_code=00100008&order_time=2020-07-20 HTTP/1.1" 200 416
180.157.251.101 - - [20/Jul/2020:09:04:08 +0800] "POST /xingrg/kc/mdqp/pssh_order_operate.html HTTP/1.1" 200 12
180.157.251.101 - - [20/Jul/2020:09:04:08 +0800] "GET /xingrg/kc/mdqp/pssh_order_info.html?code=312020071500362 HTTP/1.1" 200 14392
180.157.251.101 - - [20/Jul/2020:09:04:08 +0800] "GET /xingrg/javascript/jquery_tools/jquery-1.4.2.min.js HTTP/1.1" 404 1094
222.69.130.28 - - [20/Jul/2020:09:04:08 +0800] "POST /xingrg/dwr/call/plaincall/AjaxCheckService.setItemNumber.dwr HTTP/1.1" 200 77
180.157.251.101 - - [20/Jul/2020:09:04:09 +0800] "GET /xingrg/javascript/easyui/themes/default/validatebox.css HTTP/1.1" 404 1104
180.157.251.101 - - [20/Jul/2020:09:04:09 +0800] "POST /xingrg/kc/mdqp/pssh_order_operate.html HTTP/1.1" 200 1064
114.88.161.57 - - [20/Jul/2020:09:04:10 +0800] "POST /xingrg/kc/buy/cgsh_list_operate.html HTTP/1.1" 200 9255
222.69.130.28 - - [20/Jul/2020:09:04:10 +0800] "POST /xingrg/dwr/call/plaincall/AjaxCheckService.setItemNumber.dwr HTTP/1.1" 200 77
116.230.146.118 - - [20/Jul/2020:09:04:10 +0800] "GET /xingrg/login.html HTTP/1.1" 200 7641
180.157.251.101 - - [20/Jul/2020:09:04:10 +0800] "GET /xingrg/kc/print/load_data.html?order_code=312020071500362&kc_code=pssh&condition= HTTP/1.1" 200 839
172.17.200.101 - - [20/Jul/2020:09:04:10 +0800] "POST /xingrg/dwr/call/plaincall/AjaxReportQueryService.getFixDate.dwr HTTP/1.1" 200 111
116.230.146.118 - - [20/Jul/2020:09:04:11 +0800] "GET /favicon.ico HTTP/1.1" 404 -
222.69.130.28 - - [20/Jul/2020:09:04:11 +0800] "POST /xingrg/dwr/call/plaincall/AjaxCheckService.setItemNumber.dwr HTTP/1.1" 200 77
222.69.130.28 - - [20/Jul/2020:09:04:11 +0800] "POST /xingrg/dwr/call/plaincall/AjaxCheckService.setItemNumber.dwr HTTP/1.1" 200 77
222.69.130.28 - - [20/Jul/2020:09:04:12 +0800] "POST /xingrg/dwr/call/plaincall/AjaxCheckService.setItemNumber.dwr HTTP/1.1" 200 77
222.69.130.28 - - [20/Jul/2020:09:04:13 +0800] "POST /xingrg/dwr/call/plaincall/AjaxCheckService.setItemNumber.dwr HTTP/1.1" 200 77
222.69.130.28 - - [20/Jul/2020:09:04:13 +0800] "POST /xingrg/dwr/call/plaincall/AjaxCheckService.setItemNumber.dwr HTTP/1.1" 200 77
116.233.74.240 - - [20/Jul/2020:09:04:13 +0800] "GET /xingrg/check_reg.html?_=1595207083890 HTTP/1.1" 200 22
116.233.74.240 - - [20/Jul/2020:09:04:13 +0800] "GET /xingrg/all/function/internal_message.html?_=1595207083906&CODE_STATE=getMsg HTTP/1.1" 200 27
222.69.130.28 - - [20/Jul/2020:09:04:14 +0800] "POST /xingrg/dwr/call/plaincall/AjaxCheckService.setItemNumber.dwr HTTP/1.1" 200 77
114.88.161.57 - - [20/Jul/2020:09:04:14 +0800] "GET /xingrg/kc/buy/cgsh_order_operate.html?command=get_materiel&rest_code=00111&code=00101007109&supplier_code=00100037&order_time=2020-07-20 HTTP/1.1" 200 408
116.230.146.118 - - [20/Jul/2020:09:04:15 +0800] "POST /xingrg/login.do HTTP/1.1" 302 -
116.230.146.118 - - [20/Jul/2020:09:04:15 +0800] "GET /xingrg/index.html?sysBaseUrl=http%3A%2F%2F180.169.147.146%3A18081%2Fxingrg%2F&costTime=52×tamp=1595207055808 HTTP/1.1" 200 17179
222.69.130.28 - - [20/Jul/2020:09:04:15 +0800] "POST /xingrg/dwr/call/plaincall/AjaxCheckService.setItemNumber.dwr HTTP/1.1" 200 77
180.157.251.101 - - [20/Jul/2020:09:04:15 +0800] "POST /xingrg/kc/mdqp/pssh_list_operate.html HTTP/1.1" 200 764
222.69.130.28 - - [20/Jul/2020:09:04:16 +0800] "POST /xingrg/dwr/call/plaincall/AjaxCheckService.setItemNumber.dwr HTTP/1.1" 200 77
116.230.146.118 - - [20/Jul/2020:09:04:16 +0800] "GET /favicon.ico HTTP/1.1" 404 -
116.230.146.118 - - [20/Jul/2020:09:04:16 +0800] "POST /xingrg/all/common/load_tree.html?tree=area_rest_tree_json&manage=1 HTTP/1.1" 200 476
116.230.146.118 - - [20/Jul/2020:09:04:16 +0800] "GET /xingrg/all/function/internal_message.html?_=1595207054769&CODE_STATE=count HTTP/1.1" 200 11
116.230.146.118 - - [20/Jul/2020:09:04:16 +0800] "GET /xingrg/check_reg.html?_=1595207054780 HTTP/1.1" 200 22
116.230.146.118 - - [20/Jul/2020:09:04:17 +0800] "POST /xingrg/load_menu.html HTTP/1.1" 200 5138
222.69.130.28 - - [20/Jul/2020:09:04:17 +0800] "POST /xingrg/dwr/call/plaincall/AjaxCheckService.setItemNumber.dwr HTTP/1.1" 200 77
180.157.251.101 - - [20/Jul/2020:09:04:17 +0800] "POST /xingrg/kc/mdqp/pssh_list_operate.html HTTP/1.1" 200 271
222.69.130.28 - - [20/Jul/2020:09:04:17 +0800] "POST /xingrg/dwr/call/plaincall/AjaxCheckService.setItemNumber.dwr HTTP/1.1" 200 77
61.172.5.115 - - [20/Jul/2020:09:04:18 +0800] "GET /xingrg/all/function/internal_message.html?_=1595207055783&CODE_STATE=getMsg HTTP/1.1" 200 27
222.69.130.28 - - [20/Jul/2020:09:04:18 +0800] "POST /xingrg/dwr/call/plaincall/AjaxCheckService.setItemNumber.dwr HTTP/1.1" 200 77
222.69.130.28 - - [20/Jul/2020:09:04:19 +0800] "POST /xingrg/dwr/call/plaincall/AjaxCheckService.setItemNumber.dwr HTTP/1.1" 200 77
222.69.130.28 - - [20/Jul/2020:09:04:19 +0800] "POST /xingrg/dwr/call/plaincall/AjaxCheckService.setItemNumber.dwr HTTP/1.1" 200 77
116.230.146.118 - - [20/Jul/2020:09:04:20 +0800] "GET /xingrg/kc/buy/cgth_order_list.html HTTP/1.1" 200 42987
172.17.0.101 - - [20/Jul/2020:09:04:20 +0800] "GET /xingrg/all/function/internal_message.html?_=1595207062005&CODE_STATE=getMsg HTTP/1.1" 200 27
116.230.146.118 - - [20/Jul/2020:09:04:20 +0800] "POST /xingrg/kc/buy/cgth_list_operate.html HTTP/1.1" 200 1924
180.157.251.101 - - [20/Jul/2020:09:04:22 +0800] "POST /xingrg/kc/mdqp/pssh_list_operate.html HTTP/1.1" 200 260
116.230.146.118 - - [20/Jul/2020:09:04:22 +0800] "POST /xingrg/kc/buy/cgth_list_operate.html HTTP/1.1" 200 -
124.77.243.181 - - [20/Jul/2020:09:04:22 +0800] "GET /xingrg/all/function/internal_message.html?_=1595207063734&CODE_STATE=getMsg HTTP/1.1" 200 27
180.157.251.101 - - [20/Jul/2020:09:04:23 +0800] "POST /xingrg/kc/mdqp/pssh_list_operate.html HTTP/1.1" 200 1889
114.89.80.44 - - [20/Jul/2020:09:04:23 +0800] "GET /xingrg/check_reg.html?_=1595207060999 HTTP/1.1" 200 22
114.89.80.44 - - [20/Jul/2020:09:04:23 +0800] "GET /xingrg/all/function/internal_message.html?_=1595207061011&CODE_STATE=getMsg HTTP/1.1" 200 27
222.69.130.28 - - [20/Jul/2020:09:04:23 +0800] "POST /xingrg/dwr/call/plaincall/AjaxCheckService.setItemNumber.dwr HTTP/1.1" 200 77
114.88.161.57 - - [20/Jul/2020:09:04:23 +0800] "GET /xingrg/kc/buy/cgsh_order_operate.html?command=get_materiel&rest_code=00111&code=00101004056&supplier_code=00100037&order_time=2020-07-20 HTTP/1.1" 200 418
172.17.200.101 - - [20/Jul/2020:09:04:24 +0800] "POST /xingrg/dwr/call/plaincall/AjaxReportQueryService.refreshCache.dwr HTTP/1.1" 200 78
222.69.130.28 - - [20/Jul/2020:09:04:24 +0800] "POST /xingrg/dwr/call/plaincall/AjaxCheckService.setItemNumber.dwr HTTP/1.1" 200 77
116.230.146.118 - - [20/Jul/2020:09:04:25 +0800] "POST /xingrg/kc/buy/cgth_list_operate.html HTTP/1.1" 200 4
172.17.200.101 - - [20/Jul/2020:09:04:25 +0800] "POST /xingrg/all/report/load_report_page.html HTTP/1.1" 200 46685
172.17.200.101 - - [20/Jul/2020:09:04:26 +0800] "GET /xingrg/servlets/image?cache=0.6776472045117988&image=px HTTP/1.1" 200 807
116.230.146.118 - - [20/Jul/2020:09:04:26 +0800] "POST /xingrg/kc/buy/cgth_list_operate.html HTTP/1.1" 200 1035
180.157.251.101 - - [20/Jul/2020:09:04:26 +0800] "POST /xingrg/kc/mdqp/pssh_list_operate.html HTTP/1.1" 200 5446
116.230.146.118 - - [20/Jul/2020:09:04:27 +0800] "GET /xingrg/kc/buy/cgth_order_add.html HTTP/1.1" 200 61254
116.230.146.118 - - [20/Jul/2020:09:04:27 +0800] "GET /xingrg/dwr/interface/AjaxComOrderService.js HTTP/1.1" 200 18264
116.230.146.118 - - [20/Jul/2020:09:04:27 +0800] "GET /xingrg/dwr/interface/AjaxCgthService.js HTTP/1.1" 200 14519
116.230.146.118 - - [20/Jul/2020:09:04:27 +0800] "GET /xingrg/dwr/engine.js HTTP/1.1" 200 43631
117.184.7.30 - - [20/Jul/2020:09:04:27 +0800] "GET /xingrg/kc/buy/cgsh_order_operate.html?command=get_materiel&rest_code=00108&code=00101007049&supplier_code=00100002&order_time=2020-07-20 HTTP/1.1" 200 409
58.37.224.159 - - [20/Jul/2020:09:04:27 +0800] "GET /xingrg/check_reg.html?_=1595206733384 HTTP/1.1" 200 22
116.230.146.118 - - [20/Jul/2020:09:04:28 +0800] "POST /xingrg/all/common/load_tree.html?tree=supplier_tree_json&isDelete=1 HTTP/1.1" 200 49550
58.37.224.159 - - [20/Jul/2020:09:04:28 +0800] "GET /xingrg/all/function/internal_message.html?_=1595207069292&CODE_STATE=getMsg HTTP/1.1" 200 27
180.157.251.101 - - [20/Jul/2020:09:04:28 +0800] "POST /xingrg/kc/mdqp/pssh_list_operate.html HTTP/1.1" 200 5580
114.88.161.57 - - [20/Jul/2020:09:04:29 +0800] "GET /xingrg/all/function/internal_message.html?_=1595207068027&CODE_STATE=getMsg HTTP/1.1" 200 27
180.175.214.200 - - [20/Jul/2020:09:04:29 +0800] "GET /xingrg/kc/buy/cgsh_order_operate.html?command=get_materiel&rest_code=00102&code=00101008261&supplier_code=00100008&order_time=2020-07-20 HTTP/1.1" 200 408
180.157.251.101 - - [20/Jul/2020:09:04:30 +0800] "POST /xingrg/kc/mdqp/pssh_list_operate.html HTTP/1.1" 200 5446
222.69.130.28 - - [20/Jul/2020:09:04:31 +0800] "POST /xingrg/dwr/call/plaincall/AjaxCheckService.setItemNumber.dwr HTTP/1.1" 200 77
222.69.130.28 - - [20/Jul/2020:09:04:32 +0800] "GET /xingrg/check_reg.html?_=1595207070853 HTTP/1.1" 200 22
222.69.130.28 - - [20/Jul/2020:09:04:32 +0800] "POST /xingrg/dwr/call/plaincall/AjaxCheckService.setItemNumber.dwr HTTP/1.1" 200 77
180.157.251.101 - - [20/Jul/2020:09:04:32 +0800] "POST /xingrg/kc/mdqp/pssh_list_operate.html HTTP/1.1" 200 271
114.88.161.57 - - [20/Jul/2020:09:04:32 +0800] "GET /xingrg/kc/buy/cgsh_order_operate.html?command=get_materiel&rest_code=00111&code=00101019435&supplier_code=00100037&order_time=2020-07-20 HTTP/1.1" 200 417
222.69.130.28 - - [20/Jul/2020:09:04:33 +0800] "POST /xingrg/dwr/call/plaincall/AjaxCheckService.setItemNumber.dwr HTTP/1.1" 200 77
222.69.130.28 - - [20/Jul/2020:09:04:33 +0800] "GET /xingrg/all/function/internal_message.html?_=1595207072539&CODE_STATE=getMsg HTTP/1.1" 200 27
222.69.130.28 - - [20/Jul/2020:09:04:33 +0800] "POST /xingrg/dwr/call/plaincall/AjaxCheckService.setItemNumber.dwr HTTP/1.1" 200 77
222.69.130.28 - - [20/Jul/2020:09:04:34 +0800] "POST /xingrg/dwr/call/plaincall/AjaxCheckService.setItemNumber.dwr HTTP/1.1" 200 77
222.69.130.28 - - [20/Jul/2020:09:04:34 +0800] "POST /xingrg/dwr/call/plaincall/AjaxCheckService.setItemNumber.dwr HTTP/1.1" 200 77
222.69.130.28 - - [20/Jul/2020:09:04:35 +0800] "POST /xingrg/dwr/call/plaincall/AjaxCheckService.setItemNumber.dwr HTTP/1.1" 200 77
180.157.251.101 - - [20/Jul/2020:09:04:36 +0800] "POST /xingrg/kc/mdqp/pssh_list_operate.html HTTP/1.1" 200 5615
222.69.130.28 - - [20/Jul/2020:09:04:36 +0800] "POST /xingrg/dwr/call/plaincall/AjaxCheckService.setItemNumber.dwr HTTP/1.1" 200 77
222.69.130.28 - - [20/Jul/2020:09:04:36 +0800] "POST /xingrg/dwr/call/plaincall/AjaxCheckService.setItemNumber.dwr HTTP/1.1" 200 77
101.91.62.89 - - [20/Jul/2020:09:04:37 +0800] "GET /xingrg/all/function/internal_message.html?_=1595207009294&CODE_STATE=getMsg HTTP/1.1" 302 -
222.69.130.28 - - [20/Jul/2020:09:04:37 +0800] "POST /xingrg/dwr/call/plaincall/AjaxCheckService.setItemNumber.dwr HTTP/1.1" 200 77
180.157.251.101 - - [20/Jul/2020:09:04:37 +0800] "POST /xingrg/kc/mdqp/pssh_list_operate.html HTTP/1.1" 200 259
222.69.130.28 - - [20/Jul/2020:09:04:38 +0800] "POST /xingrg/dwr/call/plaincall/AjaxCheckService.setItemNumber.dwr HTTP/1.1" 200 77
180.175.214.200 - - [20/Jul/2020:09:04:39 +0800] "GET /xingrg/kc/buy/cgsh_order_operate.html?command=get_materiel&rest_code=00102&code=00101008072&supplier_code=00100008&order_time=2020-07-20 HTTP/1.1" 200 408
222.69.130.28 - - [20/Jul/2020:09:04:39 +0800] "POST /xingrg/dwr/call/plaincall/AjaxCheckService.setItemNumber.dwr HTTP/1.1" 200 77
222.69.130.28 - - [20/Jul/2020:09:04:39 +0800] "POST /xingrg/dwr/call/plaincall/AjaxCheckService.setItemNumber.dwr HTTP/1.1" 200 77
180.157.251.101 - - [20/Jul/2020:09:04:40 +0800] "POST /xingrg/kc/mdqp/pssh_list_operate.html HTTP/1.1" 200 352
222.69.130.28 - - [20/Jul/2020:09:04:40 +0800] "POST /xingrg/dwr/call/plaincall/AjaxCheckService.setItemNumber.dwr HTTP/1.1" 200 77
101.91.62.89 - - [20/Jul/2020:09:04:40 +0800] "GET /xingrg/login.html HTTP/1.1" 200 7641
180.157.251.101 - - [20/Jul/2020:09:04:40 +0800] "GET /xingrg/all/function/internal_message.html?_=1595207081117&CODE_STATE=getMsg HTTP/1.1" 200 27
114.88.161.57 - - [20/Jul/2020:09:04:40 +0800] "GET /xingrg/kc/buy/cgsh_order_operate.html?command=get_materiel&rest_code=00111&code=00101011001&supplier_code=00100037&order_time=2020-07-20 HTTP/1.1" 200 423
222.69.130.28 - - [20/Jul/2020:09:04:41 +0800] "POST /xingrg/dwr/call/plaincall/AjaxCheckService.setItemNumber.dwr HTTP/1.1" 200 77
116.230.146.118 - - [20/Jul/2020:09:04:42 +0800] "POST /xingrg/dwr/call/plaincall/AjaxCgthService.saveOrder.dwr HTTP/1.1" 200 78
222.69.130.28 - - [20/Jul/2020:09:04:42 +0800] "POST /xingrg/dwr/call/plaincall/AjaxCheckService.setItemNumber.dwr HTTP/1.1" 200 77
222.69.130.28 - - [20/Jul/2020:09:04:42 +0800] "POST /xingrg/dwr/call/plaincall/AjaxCheckService.setItemNumber.dwr HTTP/1.1" 200 77
180.157.251.101 - - [20/Jul/2020:09:04:42 +0800] "POST /xingrg/kc/mdqp/pssh_list_operate.html HTTP/1.1" 200 352
222.69.130.28 - - [20/Jul/2020:09:04:43 +0800] "POST /xingrg/dwr/call/plaincall/AjaxCheckService.setItemNumber.dwr HTTP/1.1" 200 77
172.17.0.123 - - [20/Jul/2020:09:04:44 +0800] "GET /xingrg/all/function/internal_message.html?_=1595207025515&CODE_STATE=getMsg HTTP/1.1" 302 -
222.69.130.28 - - [20/Jul/2020:09:04:44 +0800] "POST /xingrg/dwr/call/plaincall/AjaxCheckService.setItemNumber.dwr HTTP/1.1" 200 77
117.184.7.30 - - [20/Jul/2020:09:04:44 +0800] "GET /xingrg/all/function/internal_message.html?_=1595207082135&CODE_STATE=getMsg HTTP/1.1" 200 27
222.69.130.28 - - [20/Jul/2020:09:04:44 +0800] "POST /xingrg/dwr/call/plaincall/AjaxCheckService.setItemNumber.dwr HTTP/1.1" 200 77
222.69.130.28 - - [20/Jul/2020:09:04:45 +0800] "POST /xingrg/dwr/call/plaincall/AjaxCheckService.setItemNumber.dwr HTTP/1.1" 200 77
180.157.251.101 - - [20/Jul/2020:09:04:45 +0800] "POST /xingrg/kc/mdqp/pssh_list_operate.html HTTP/1.1" 200 5617
116.230.146.118 - - [20/Jul/2020:09:04:46 +0800] "POST /xingrg/dwr/call/plaincall/AjaxComOrderService.getMaterielSearchList.dwr HTTP/1.1" 200 2935
222.69.130.28 - - [20/Jul/2020:09:04:46 +0800] "POST /xingrg/dwr/call/plaincall/AjaxCheckService.setItemNumber.dwr HTTP/1.1" 200 77
180.157.251.101 - - [20/Jul/2020:09:04:47 +0800] "POST /xingrg/kc/mdqp/pssh_list_operate.html HTTP/1.1" 200 754
222.69.130.28 - - [20/Jul/2020:09:04:47 +0800] "POST /xingrg/dwr/call/plaincall/AjaxCheckService.setItemNumber.dwr HTTP/1.1" 200 77
180.175.214.200 - - [20/Jul/2020:09:04:47 +0800] "GET /xingrg/check_reg.html?_=1595207293982 HTTP/1.1" 200 22
222.69.130.28 - - [20/Jul/2020:09:04:47 +0800] "POST /xingrg/dwr/call/plaincall/AjaxCheckService.setItemNumber.dwr HTTP/1.1" 200 77
180.175.214.200 - - [20/Jul/2020:09:04:47 +0800] "GET /xingrg/all/function/internal_message.html?_=1595207294381&CODE_STATE=getMsg HTTP/1.1" 200 27
222.69.130.28 - - [20/Jul/2020:09:04:48 +0800] "POST /xingrg/dwr/call/plaincall/AjaxCheckService.setItemNumber.dwr HTTP/1.1" 200 77
222.69.130.28 - - [20/Jul/2020:09:04:48 +0800] "POST /xingrg/dwr/call/plaincall/AjaxCheckService.setItemNumber.dwr HTTP/1.1" 200 77
116.230.146.118 - - [20/Jul/2020:09:04:49 +0800] "POST /xingrg/dwr/call/plaincall/AjaxComOrderService.getMaterielSearchList.dwr HTTP/1.1" 200 479
222.69.130.28 - - [20/Jul/2020:09:04:49 +0800] "POST /xingrg/dwr/call/plaincall/AjaxCheckService.setItemNumber.dwr HTTP/1.1" 200 77
180.157.251.101 - - [20/Jul/2020:09:04:50 +0800] "POST /xingrg/kc/mdqp/pssh_list_operate.html HTTP/1.1" 200 262
222.69.130.28 - - [20/Jul/2020:09:04:50 +0800] "POST /xingrg/dwr/call/plaincall/AjaxCheckService.setItemNumber.dwr HTTP/1.1" 200 77
114.88.161.57 - - [20/Jul/2020:09:04:50 +0800] "GET /xingrg/kc/buy/cgsh_order_operate.html?command=get_materiel&rest_code=00111&code=00101007043&supplier_code=00100037&order_time=2020-07-20 HTTP/1.1" 200 409
116.230.146.118 - - [20/Jul/2020:09:04:50 +0800] "POST /xingrg/dwr/call/plaincall/AjaxCgthService.getMaterielByMap.dwr HTTP/1.1" 200 3540
222.69.130.28 - - [20/Jul/2020:09:04:51 +0800] "POST /xingrg/dwr/call/plaincall/AjaxCheckService.setItemNumber.dwr HTTP/1.1" 200 77
222.69.130.28 - - [20/Jul/2020:09:04:51 +0800] "POST /xingrg/dwr/call/plaincall/AjaxCheckService.setItemNumber.dwr HTTP/1.1" 200 77
222.69.130.28 - - [20/Jul/2020:09:04:52 +0800] "POST /xingrg/dwr/call/plaincall/AjaxCheckService.setItemNumber.dwr HTTP/1.1" 200 77
222.69.130.28 - - [20/Jul/2020:09:04:52 +0800] "POST /xingrg/dwr/call/plaincall/AjaxCheckService.setItemNumber.dwr HTTP/1.1" 200 77
117.184.7.30 - - [20/Jul/2020:09:04:52 +0800] "GET /xingrg/kc/buy/cgsh_order_operate.html?command=get_materiel&rest_code=00108&code=00101007059&supplier_code=00100002&order_time=2020-07-20 HTTP/1.1" 200 409
116.230.146.118 - - [20/Jul/2020:09:04:53 +0800] "GET /xingrg/images/yd/bt.gif HTTP/1.1" 404 1040
180.157.251.101 - - [20/Jul/2020:09:04:53 +0800] "POST /xingrg/kc/mdqp/pssh_list_operate.html HTTP/1.1" 200 5629
222.69.130.28 - - [20/Jul/2020:09:04:53 +0800] "POST /xingrg/dwr/call/plaincall/AjaxCheckService.setItemNumber.dwr HTTP/1.1" 200 77
222.69.130.28 - - [20/Jul/2020:09:04:54 +0800] "POST /xingrg/dwr/call/plaincall/AjaxCheckService.setItemNumber.dwr HTTP/1.1" 200 77
222.69.130.28 - - [20/Jul/2020:09:04:54 +0800] "POST /xingrg/dwr/call/plaincall/AjaxCheckService.setItemNumber.dwr HTTP/1.1" 200 77
114.88.161.57 - - [20/Jul/2020:09:04:55 +0800] "GET /xingrg/all/function/internal_message.html?_=1595207116432&CODE_STATE=getMsg HTTP/1.1" 200 27
222.69.130.28 - - [20/Jul/2020:09:04:55 +0800] "POST /xingrg/dwr/call/plaincall/AjaxCheckService.setItemNumber.dwr HTTP/1.1" 200 77
222.69.130.28 - - [20/Jul/2020:09:04:56 +0800] "POST /xingrg/dwr/call/plaincall/AjaxCheckService.setItemNumber.dwr HTTP/1.1" 200 77
222.69.130.28 - - [20/Jul/2020:09:04:56 +0800] "POST /xingrg/dwr/call/plaincall/AjaxCheckService.setItemNumber.dwr HTTP/1.1" 200 77
222.69.130.28 - - [20/Jul/2020:09:04:57 +0800] "POST /xingrg/dwr/call/plaincall/AjaxCheckService.setItemNumber.dwr HTTP/1.1" 200 77
180.157.251.101 - - [20/Jul/2020:09:04:57 +0800] "POST /xingrg/kc/mdqp/pssh_list_operate.html HTTP/1.1" 200 272
222.69.130.28 - - [20/Jul/2020:09:04:57 +0800] "POST /xingrg/dwr/call/plaincall/AjaxCheckService.setItemNumber.dwr HTTP/1.1" 200 77
222.69.130.28 - - [20/Jul/2020:09:04:58 +0800] "POST /xingrg/dwr/call/plaincall/AjaxCheckService.setItemNumber.dwr HTTP/1.1" 200 77
222.69.130.28 - - [20/Jul/2020:09:04:59 +0800] "POST /xingrg/dwr/call/plaincall/AjaxCheckService.setItemNumber.dwr HTTP/1.1" 200 77
180.157.251.101 - - [20/Jul/2020:09:04:59 +0800] "POST /xingrg/kc/mdqp/pssh_list_operate.html HTTP/1.1" 200 783
180.175.214.200 - - [20/Jul/2020:09:05:00 +0800] "GET /xingrg/kc/buy/cgsh_order_operate.html?command=get_materiel&rest_code=00102&code=00101008017&supplier_code=00100008&order_time=2020-07-20 HTTP/1.1" 200 416
222.69.130.28 - - [20/Jul/2020:09:05:00 +0800] "POST /xingrg/dwr/call/plaincall/AjaxCheckService.setItemNumber.dwr HTTP/1.1" 200 77
116.230.146.118 - - [20/Jul/2020:09:05:00 +0800] "POST /xingrg/dwr/call/plaincall/AjaxComOrderService.getMaterielSearchList.dwr HTTP/1.1" 200 337
222.69.130.28 - - [20/Jul/2020:09:05:00 +0800] "POST /xingrg/dwr/call/plaincall/AjaxCheckService.setItemNumber.dwr HTTP/1.1" 200 77
