180.157.251.101 - - [20/Jul/2020:08:58:40 +0800] "GET /xingrg/all/function/internal_message.html?_=1595206721089&CODE_STATE=getMsg HTTP/1.1" 200 27
172.17.0.101 - - [20/Jul/2020:08:58:41 +0800] "POST /xingrg/dwr/call/plaincall/AjaxCheckService.setItemNumber.dwr HTTP/1.1" 200 78
172.17.0.101 - - [20/Jul/2020:08:58:42 +0800] "POST /xingrg/dwr/call/plaincall/AjaxCheckService.setItemNumber.dwr HTTP/1.1" 200 78
172.17.0.123 - - [20/Jul/2020:08:58:44 +0800] "GET /xingrg/all/function/internal_message.html?_=1595206665509&CODE_STATE=getMsg HTTP/1.1" 302 -
172.17.0.101 - - [20/Jul/2020:08:58:44 +0800] "POST /xingrg/dwr/call/plaincall/AjaxCheckService.setItemNumber.dwr HTTP/1.1" 200 78
114.88.161.57 - - [20/Jul/2020:08:58:45 +0800] "POST /xingrg/kc/buy/cgsh_order_operate.html HTTP/1.1" 200 37
172.17.0.101 - - [20/Jul/2020:08:58:45 +0800] "POST /xingrg/dwr/call/plaincall/AjaxCheckService.setItemNumber.dwr HTTP/1.1" 200 78
180.175.214.200 - - [20/Jul/2020:08:58:45 +0800] "GET /xingrg/kc/buy/cgsh_order_operate.html?command=get_materiel&rest_code=00102&code=00101008175&supplier_code=00100008&order_time=2020-07-20 HTTP/1.1" 200 412
61.172.5.115 - - [20/Jul/2020:08:58:45 +0800] "GET /xingrg/kc/buy/cgsh_order_operate.html?command=get_materiel&rest_code=00105&code=00101016104&supplier_code=00100013&order_time=2020-07-20 HTTP/1.1" 200 409
114.88.161.57 - - [20/Jul/2020:08:58:46 +0800] "POST /xingrg/kc/buy/cgsh_order_operate.html HTTP/1.1" 200 6862
172.17.0.101 - - [20/Jul/2020:08:58:46 +0800] "POST /xingrg/dwr/call/plaincall/AjaxCheckService.setItemNumber.dwr HTTP/1.1" 200 78
172.17.0.101 - - [20/Jul/2020:08:58:47 +0800] "POST /xingrg/dwr/call/plaincall/AjaxCheckService.setItemNumber.dwr HTTP/1.1" 200 78
114.88.161.57 - - [20/Jul/2020:08:58:47 +0800] "GET /xingrg/kc/print/load_config.html?kc_code=cgsh HTTP/1.1" 200 1845
114.88.161.57 - - [20/Jul/2020:08:58:47 +0800] "GET /xingrg/kc/print/load_data.html?order_code=212020072008232&kc_code=cgsh&condition= HTTP/1.1" 200 2334
180.175.214.200 - - [20/Jul/2020:08:58:47 +0800] "GET /xingrg/all/function/internal_message.html?_=1595206934213&CODE_STATE=getMsg HTTP/1.1" 200 27
172.17.0.101 - - [20/Jul/2020:08:58:49 +0800] "POST /xingrg/dwr/call/plaincall/AjaxCheckService.setItemNumber.dwr HTTP/1.1" 200 78
172.17.0.101 - - [20/Jul/2020:08:58:51 +0800] "POST /xingrg/dwr/call/plaincall/AjaxCheckService.setItemNumber.dwr HTTP/1.1" 200 78
172.17.0.101 - - [20/Jul/2020:08:58:52 +0800] "POST /xingrg/dwr/call/plaincall/AjaxCheckService.setItemNumber.dwr HTTP/1.1" 200 78
172.17.0.101 - - [20/Jul/2020:08:58:53 +0800] "POST /xingrg/dwr/call/plaincall/AjaxCheckService.setItemNumber.dwr HTTP/1.1" 200 78
172.17.0.101 - - [20/Jul/2020:08:58:54 +0800] "POST /xingrg/dwr/call/plaincall/AjaxCheckService.setItemNumber.dwr HTTP/1.1" 200 78
114.88.161.57 - - [20/Jul/2020:08:58:55 +0800] "GET /xingrg/all/function/internal_message.html?_=1595206756337&CODE_STATE=getMsg HTTP/1.1" 200 27
114.88.161.57 - - [20/Jul/2020:08:58:55 +0800] "GET /xingrg/kc/buy/cgsh_order_add.html HTTP/1.1" 200 59316
114.88.161.57 - - [20/Jul/2020:08:58:55 +0800] "POST /xingrg/kc/buy/cgsh_order_operate.html HTTP/1.1" 200 8245
172.17.0.101 - - [20/Jul/2020:08:58:55 +0800] "POST /xingrg/dwr/call/plaincall/AjaxCheckService.setItemNumber.dwr HTTP/1.1" 200 78
114.88.161.57 - - [20/Jul/2020:08:58:55 +0800] "GET /xingrg/javascript/easyui/themes/default/validatebox.css HTTP/1.1" 404 1104
116.230.146.118 - - [20/Jul/2020:08:58:55 +0800] "GET /xingrg/all/function/internal_message.html?_=1595206733737&CODE_STATE=getMsg HTTP/1.1" 200 27
114.88.161.57 - - [20/Jul/2020:08:58:55 +0800] "POST /xingrg/kc/buy/cgsh_order_operate.html HTTP/1.1" 200 2065
172.17.0.101 - - [20/Jul/2020:08:58:56 +0800] "POST /xingrg/dwr/call/plaincall/AjaxCheckService.setItemNumber.dwr HTTP/1.1" 200 78
172.17.0.101 - - [20/Jul/2020:08:58:56 +0800] "POST /xingrg/dwr/call/plaincall/AjaxCheckService.setItemNumber.dwr HTTP/1.1" 200 78
180.175.214.200 - - [20/Jul/2020:08:58:57 +0800] "GET /xingrg/kc/buy/cgsh_order_operate.html?command=get_materiel&rest_code=00102&code=00101008176&supplier_code=00100008&order_time=2020-07-20 HTTP/1.1" 200 413
172.17.0.101 - - [20/Jul/2020:08:58:57 +0800] "POST /xingrg/dwr/call/plaincall/AjaxCheckService.setItemNumber.dwr HTTP/1.1" 200 78
172.17.0.101 - - [20/Jul/2020:08:58:58 +0800] "POST /xingrg/dwr/call/plaincall/AjaxCheckService.setItemNumber.dwr HTTP/1.1" 200 78
172.17.0.101 - - [20/Jul/2020:08:58:59 +0800] "POST /xingrg/dwr/call/plaincall/AjaxCheckService.setItemNumber.dwr HTTP/1.1" 200 78
116.233.74.240 - - [20/Jul/2020:08:59:00 +0800] "GET /xingrg/login.html HTTP/1.1" 200 7641
116.233.74.240 - - [20/Jul/2020:08:59:00 +0800] "GET /favicon.ico HTTP/1.1" 404 -
172.17.0.101 - - [20/Jul/2020:08:59:00 +0800] "POST /xingrg/dwr/call/plaincall/AjaxCheckService.setItemNumber.dwr HTTP/1.1" 200 78
180.157.251.101 - - [20/Jul/2020:08:59:01 +0800] "GET /xingrg/kc/base/check_order_list.html HTTP/1.1" 200 16380
116.233.74.240 - - [20/Jul/2020:08:59:01 +0800] "POST /xingrg/login.do HTTP/1.1" 302 -
172.17.0.101 - - [20/Jul/2020:08:59:01 +0800] "POST /xingrg/dwr/call/plaincall/AjaxCheckService.setItemNumber.dwr HTTP/1.1" 200 78
116.233.74.240 - - [20/Jul/2020:08:59:01 +0800] "GET /xingrg/index.html?sysBaseUrl=http%3A%2F%2F180.169.147.146%3A18081%2Fxingrg%2F&costTime=54×tamp=1595206741639 HTTP/1.1" 200 17173
180.157.251.101 - - [20/Jul/2020:08:59:02 +0800] "POST /xingrg/kc/base/check_list_operate.html HTTP/1.1" 200 1902
172.17.0.101 - - [20/Jul/2020:08:59:02 +0800] "POST /xingrg/dwr/call/plaincall/AjaxCheckService.setItemNumber.dwr HTTP/1.1" 200 78
116.233.74.240 - - [20/Jul/2020:08:59:03 +0800] "POST /xingrg/all/common/load_tree.html?tree=area_rest_tree_json&manage=1 HTTP/1.1" 200 342
117.131.5.26 - - [20/Jul/2020:08:59:03 +0800] "GET /xingrg/all/function/internal_message.html?_=1595207115976&CODE_STATE=getMsg HTTP/1.1" 200 27
116.233.74.240 - - [20/Jul/2020:08:59:03 +0800] "GET /xingrg/all/function/internal_message.html?_=1595206765163&CODE_STATE=count HTTP/1.1" 200 11
116.233.74.240 - - [20/Jul/2020:08:59:03 +0800] "POST /xingrg/load_menu.html HTTP/1.1" 200 5138
116.233.74.240 - - [20/Jul/2020:08:59:03 +0800] "GET /xingrg/check_reg.html?_=1595206765163 HTTP/1.1" 200 22
180.157.251.101 - - [20/Jul/2020:08:59:04 +0800] "POST /xingrg/kc/base/check_list_operate.html HTTP/1.1" 200 1902
172.17.0.101 - - [20/Jul/2020:08:59:04 +0800] "POST /xingrg/dwr/call/plaincall/AjaxCheckService.setItemNumber.dwr HTTP/1.1" 200 78
180.175.214.200 - - [20/Jul/2020:08:59:04 +0800] "GET /xingrg/kc/buy/cgsh_order_operate.html?command=get_materiel&rest_code=00102&code=00101008344&supplier_code=00100008&order_time=2020-07-20 HTTP/1.1" 200 412
116.233.74.240 - - [20/Jul/2020:08:59:05 +0800] "GET /xingrg/kc/base/base_main.html HTTP/1.1" 200 12142
114.88.161.57 - - [20/Jul/2020:08:59:05 +0800] "GET /xingrg/kc/buy/cgsh_order_operate.html?command=get_materiel&rest_code=00111&code=00101008356&supplier_code=00100005&order_time=2020-07-20 HTTP/1.1" 200 408
172.17.0.101 - - [20/Jul/2020:08:59:05 +0800] "POST /xingrg/dwr/call/plaincall/AjaxCheckService.setItemNumber.dwr HTTP/1.1" 200 78
172.17.200.101 - - [20/Jul/2020:08:59:05 +0800] "GET /xingrg/check_reg.html?_=1595206745723 HTTP/1.1" 200 22
172.17.200.101 - - [20/Jul/2020:08:59:05 +0800] "GET /xingrg/all/function/internal_message.html?_=1595206745726&CODE_STATE=getMsg HTTP/1.1" 200 27
116.233.74.240 - - [20/Jul/2020:08:59:06 +0800] "GET /xingrg/kc/base/check_order_list.html HTTP/1.1" 200 16374
116.233.74.240 - - [20/Jul/2020:08:59:06 +0800] "POST /xingrg/kc/base/check_list_operate.html HTTP/1.1" 200 3480
172.17.0.101 - - [20/Jul/2020:08:59:06 +0800] "POST /xingrg/dwr/call/plaincall/AjaxCheckService.setItemNumber.dwr HTTP/1.1" 200 78
58.37.224.159 - - [20/Jul/2020:08:59:07 +0800] "GET /xingrg/all/function/internal_message.html?_=1595206413345&CODE_STATE=getMsg HTTP/1.1" 200 27
172.17.0.101 - - [20/Jul/2020:08:59:08 +0800] "POST /xingrg/dwr/call/plaincall/AjaxCheckService.setItemNumber.dwr HTTP/1.1" 200 78
172.17.0.101 - - [20/Jul/2020:08:59:08 +0800] "POST /xingrg/dwr/call/plaincall/AjaxCheckService.setItemNumber.dwr HTTP/1.1" 200 78
180.157.251.101 - - [20/Jul/2020:08:59:09 +0800] "GET /xingrg/kc/mdqp/pssh_order_list.html HTTP/1.1" 200 17792
180.157.251.101 - - [20/Jul/2020:08:59:09 +0800] "POST /xingrg/kc/mdqp/pssh_list_operate.html HTTP/1.1" 200 5258
172.17.0.101 - - [20/Jul/2020:08:59:09 +0800] "POST /xingrg/dwr/call/plaincall/AjaxCheckService.setItemNumber.dwr HTTP/1.1" 200 78
172.17.0.101 - - [20/Jul/2020:08:59:10 +0800] "POST /xingrg/dwr/call/plaincall/AjaxCheckService.setItemNumber.dwr HTTP/1.1" 200 78
180.157.251.101 - - [20/Jul/2020:08:59:10 +0800] "POST /xingrg/kc/mdqp/pssh_list_operate.html HTTP/1.1" 200 271
180.157.251.101 - - [20/Jul/2020:08:59:11 +0800] "GET /xingrg/kc/mdqp/pssh_order_info.html?code=312020071800446 HTTP/1.1" 200 17303
180.175.214.200 - - [20/Jul/2020:08:59:11 +0800] "GET /xingrg/kc/buy/cgsh_order_operate.html?command=get_materiel&rest_code=00102&code=00101008132&supplier_code=00100008&order_time=2020-07-20 HTTP/1.1" 200 408
180.157.251.101 - - [20/Jul/2020:08:59:11 +0800] "GET /xingrg/javascript/jquery_tools/jquery-1.4.2.min.js HTTP/1.1" 404 1094
180.157.251.101 - - [20/Jul/2020:08:59:11 +0800] "GET /xingrg/words/20200719191801_words.js HTTP/1.1" 200 751343
116.233.74.240 - - [20/Jul/2020:08:59:11 +0800] "GET /xingrg/kc/base/check_order_info.html?code=452020071200315 HTTP/1.1" 200 26526
116.233.74.240 - - [20/Jul/2020:08:59:11 +0800] "GET /xingrg/dwr/interface/AjaxComOrderService.js HTTP/1.1" 200 18264
116.233.74.240 - - [20/Jul/2020:08:59:11 +0800] "GET /xingrg/dwr/interface/AjaxCheckService.js HTTP/1.1" 200 14003
116.233.74.240 - - [20/Jul/2020:08:59:11 +0800] "GET /xingrg/dwr/util.js HTTP/1.1" 304 -
116.233.74.240 - - [20/Jul/2020:08:59:11 +0800] "GET /xingrg/dwr/engine.js HTTP/1.1" 200 43631
180.157.251.101 - - [20/Jul/2020:08:59:12 +0800] "POST /xingrg/kc/mdqp/pssh_order_operate.html HTTP/1.1" 200 549
180.157.251.101 - - [20/Jul/2020:08:59:12 +0800] "GET /xingrg/all/common/auto_word.html?type=base&rest_code=00148&rest_code=00148 HTTP/1.1" 200 1753
180.157.251.101 - - [20/Jul/2020:08:59:12 +0800] "GET /xingrg/all/common/auto_word.html?type=employee&rest_code=00148 HTTP/1.1" 200 147
180.157.251.101 - - [20/Jul/2020:08:59:12 +0800] "GET /xingrg/javascript/easyui/themes/default/validatebox.css HTTP/1.1" 404 1104
180.157.251.101 - - [20/Jul/2020:08:59:14 +0800] "POST /xingrg/all/common/load_combo.html?type=base&rest_code=00148 HTTP/1.1" 200 3142
61.172.5.115 - - [20/Jul/2020:08:59:15 +0800] "GET /xingrg/kc/buy/cgsh_order_operate.html?command=get_materiel&rest_code=00105&code=00101006129&supplier_code=00100013&order_time=2020-07-20 HTTP/1.1" 200 450
116.233.74.240 - - [20/Jul/2020:08:59:16 +0800] "GET /xingrg/index.html?sysBaseUrl=http%3A%2F%2F180.169.147.146%3A18081%2Fxingrg%2F&costTime=54×tamp=1595206741639 HTTP/1.1" 200 17173
116.233.74.240 - - [20/Jul/2020:08:59:17 +0800] "GET /xingrg/javascript/jquery_easy_ui/themes/default/easyui.css HTTP/1.1" 304 -
116.233.74.240 - - [20/Jul/2020:08:59:17 +0800] "GET /xingrg/javascript/jquery_easy_ui/themes/icon.css HTTP/1.1" 304 -
116.233.74.240 - - [20/Jul/2020:08:59:17 +0800] "GET /xingrg/css/form.css HTTP/1.1" 304 -
116.233.74.240 - - [20/Jul/2020:08:59:17 +0800] "GET /xingrg/javascript/jquery_easy_ui/jquery.easyui.min.js HTTP/1.1" 304 -
116.233.74.240 - - [20/Jul/2020:08:59:17 +0800] "GET /xingrg/javascript/jquery-1.4.2.min.js HTTP/1.1" 304 -
116.233.74.240 - - [20/Jul/2020:08:59:17 +0800] "GET /xingrg/javascript/jquery_easy_ui/easyui-lang-zh_CN.js HTTP/1.1" 304 -
116.233.74.240 - - [20/Jul/2020:08:59:17 +0800] "GET /xingrg/javascript/jquery.form.js HTTP/1.1" 304 -
116.233.74.240 - - [20/Jul/2020:08:59:17 +0800] "GET /xingrg/javascript/jquery.utils.js HTTP/1.1" 304 -
116.233.74.240 - - [20/Jul/2020:08:59:17 +0800] "GET /xingrg/javascript/jquery.timers.js HTTP/1.1" 304 -
116.233.74.240 - - [20/Jul/2020:08:59:17 +0800] "GET /xingrg/images/blue/jxLogo.png HTTP/1.1" 304 -
116.233.74.240 - - [20/Jul/2020:08:59:17 +0800] "GET /xingrg/images/blue/navBackgound.jpg HTTP/1.1" 304 -
116.233.74.240 - - [20/Jul/2020:08:59:17 +0800] "GET /xingrg/javascript/jquery_easy_ui/themes/icons/settle_new.png HTTP/1.1" 304 -
116.233.74.240 - - [20/Jul/2020:08:59:17 +0800] "POST /xingrg/all/common/load_tree.html?tree=area_rest_tree_json&manage=1 HTTP/1.1" 200 342
116.233.74.240 - - [20/Jul/2020:08:59:17 +0800] "GET /xingrg/images/blue/pingpu.png HTTP/1.1" 304 -
116.233.74.240 - - [20/Jul/2020:08:59:17 +0800] "GET /xingrg/javascript/jquery_easy_ui/themes/default/images/tabs_leftarrow.png HTTP/1.1" 304 -
116.233.74.240 - - [20/Jul/2020:08:59:17 +0800] "GET /xingrg/javascript/jquery_easy_ui/themes/default/images/tabs_rightarrow.png HTTP/1.1" 304 -
116.233.74.240 - - [20/Jul/2020:08:59:17 +0800] "GET /xingrg/javascript/jquery_easy_ui/themes/default/images/panel_tool_collapse.gif HTTP/1.1" 304 -
116.233.74.240 - - [20/Jul/2020:08:59:17 +0800] "GET /xingrg/all/function/internal_message.html?_=1595206779718&CODE_STATE=count HTTP/1.1" 200 11
116.233.74.240 - - [20/Jul/2020:08:59:17 +0800] "GET /xingrg/check_reg.html?_=1595206779718 HTTP/1.1" 200 22
116.233.74.240 - - [20/Jul/2020:08:59:17 +0800] "GET /xingrg/javascript/jquery_easy_ui/themes/default/images/tree_arrows.gif HTTP/1.1" 304 -
116.233.74.240 - - [20/Jul/2020:08:59:17 +0800] "POST /xingrg/load_menu.html HTTP/1.1" 200 5138
116.233.74.240 - - [20/Jul/2020:08:59:18 +0800] "GET /xingrg/javascript/jquery_easy_ui/themes/default/images/tree_folder_open.gif HTTP/1.1" 304 -
116.233.74.240 - - [20/Jul/2020:08:59:18 +0800] "GET /xingrg/javascript/jquery_easy_ui/themes/icons/search_new.png HTTP/1.1" 304 -
116.233.74.240 - - [20/Jul/2020:08:59:18 +0800] "GET /xingrg/javascript/jquery_easy_ui/themes/default/images/tree_folder.gif HTTP/1.1" 304 -
116.233.74.240 - - [20/Jul/2020:08:59:18 +0800] "GET /xingrg/javascript/jquery_easy_ui/themes/icons/storage_new.png HTTP/1.1" 304 -
116.233.74.240 - - [20/Jul/2020:08:59:18 +0800] "GET /xingrg/javascript/jquery_easy_ui/themes/icons/forms_new.png HTTP/1.1" 304 -
61.172.5.115 - - [20/Jul/2020:08:59:18 +0800] "GET /xingrg/all/function/internal_message.html?_=1595206755792&CODE_STATE=getMsg HTTP/1.1" 200 27
114.88.161.57 - - [20/Jul/2020:08:59:18 +0800] "GET /xingrg/kc/buy/cgsh_order_operate.html?command=get_materiel&rest_code=00111&code=00101008295&supplier_code=00100005&order_time=2020-07-20 HTTP/1.1" 200 412
180.157.251.101 - - [20/Jul/2020:08:59:20 +0800] "POST /xingrg/all/common/load_combo.html?type=employee HTTP/1.1" 200 271
172.17.0.101 - - [20/Jul/2020:08:59:20 +0800] "GET /xingrg/all/function/internal_message.html?_=1595206762091&CODE_STATE=getMsg HTTP/1.1" 200 27
116.233.74.240 - - [20/Jul/2020:08:59:21 +0800] "GET /xingrg/index.html?sysBaseUrl=http%3A%2F%2F180.169.147.146%3A18081%2Fxingrg%2F&costTime=54×tamp=1595206741639 HTTP/1.1" 200 17173
116.233.74.240 - - [20/Jul/2020:08:59:21 +0800] "GET /xingrg/javascript/jquery_easy_ui/themes/default/easyui.css HTTP/1.1" 304 -
116.233.74.240 - - [20/Jul/2020:08:59:21 +0800] "GET /xingrg/css/form.css HTTP/1.1" 304 -
116.233.74.240 - - [20/Jul/2020:08:59:21 +0800] "GET /xingrg/javascript/jquery_easy_ui/themes/icon.css HTTP/1.1" 304 -
116.233.74.240 - - [20/Jul/2020:08:59:21 +0800] "GET /xingrg/javascript/jquery-1.4.2.min.js HTTP/1.1" 304 -
116.233.74.240 - - [20/Jul/2020:08:59:21 +0800] "GET /xingrg/javascript/jquery_easy_ui/jquery.easyui.min.js HTTP/1.1" 304 -
116.233.74.240 - - [20/Jul/2020:08:59:21 +0800] "GET /xingrg/javascript/jquery.form.js HTTP/1.1" 304 -
116.233.74.240 - - [20/Jul/2020:08:59:21 +0800] "GET /xingrg/javascript/jquery_easy_ui/easyui-lang-zh_CN.js HTTP/1.1" 304 -
116.233.74.240 - - [20/Jul/2020:08:59:21 +0800] "GET /xingrg/javascript/jquery.utils.js HTTP/1.1" 304 -
116.233.74.240 - - [20/Jul/2020:08:59:21 +0800] "GET /xingrg/javascript/jquery.timers.js HTTP/1.1" 304 -
116.233.74.240 - - [20/Jul/2020:08:59:21 +0800] "GET /xingrg/images/blue/jxLogo.png HTTP/1.1" 304 -
116.233.74.240 - - [20/Jul/2020:08:59:21 +0800] "GET /xingrg/images/blue/navBackgound.jpg HTTP/1.1" 304 -
116.233.74.240 - - [20/Jul/2020:08:59:21 +0800] "GET /xingrg/javascript/jquery_easy_ui/themes/icons/settle_new.png HTTP/1.1" 304 -
116.233.74.240 - - [20/Jul/2020:08:59:21 +0800] "POST /xingrg/all/common/load_tree.html?tree=area_rest_tree_json&manage=1 HTTP/1.1" 200 342
116.233.74.240 - - [20/Jul/2020:08:59:21 +0800] "GET /xingrg/images/blue/pingpu.png HTTP/1.1" 304 -
116.233.74.240 - - [20/Jul/2020:08:59:21 +0800] "GET /xingrg/javascript/jquery_easy_ui/themes/default/images/tabs_leftarrow.png HTTP/1.1" 304 -
116.233.74.240 - - [20/Jul/2020:08:59:21 +0800] "GET /xingrg/javascript/jquery_easy_ui/themes/default/images/tabs_rightarrow.png HTTP/1.1" 304 -
116.233.74.240 - - [20/Jul/2020:08:59:21 +0800] "GET /xingrg/javascript/jquery_easy_ui/themes/default/images/panel_tool_collapse.gif HTTP/1.1" 304 -
116.233.74.240 - - [20/Jul/2020:08:59:21 +0800] "GET /xingrg/all/function/internal_message.html?_=1595206783890&CODE_STATE=count HTTP/1.1" 200 11
116.233.74.240 - - [20/Jul/2020:08:59:21 +0800] "GET /xingrg/check_reg.html?_=1595206783890 HTTP/1.1" 200 22
116.233.74.240 - - [20/Jul/2020:08:59:21 +0800] "GET /xingrg/javascript/jquery_easy_ui/themes/default/images/tree_arrows.gif HTTP/1.1" 304 -
116.233.74.240 - - [20/Jul/2020:08:59:21 +0800] "POST /xingrg/load_menu.html HTTP/1.1" 200 5138
116.233.74.240 - - [20/Jul/2020:08:59:22 +0800] "GET /xingrg/javascript/jquery_easy_ui/themes/icons/search_new.png HTTP/1.1" 304 -
116.233.74.240 - - [20/Jul/2020:08:59:22 +0800] "GET /xingrg/javascript/jquery_easy_ui/themes/default/images/tree_folder.gif HTTP/1.1" 304 -
116.233.74.240 - - [20/Jul/2020:08:59:22 +0800] "GET /xingrg/javascript/jquery_easy_ui/themes/icons/storage_new.png HTTP/1.1" 304 -
116.233.74.240 - - [20/Jul/2020:08:59:22 +0800] "GET /xingrg/javascript/jquery_easy_ui/themes/default/images/tree_folder_open.gif HTTP/1.1" 304 -
116.233.74.240 - - [20/Jul/2020:08:59:22 +0800] "GET /xingrg/javascript/jquery_easy_ui/themes/icons/forms_new.png HTTP/1.1" 304 -
116.233.74.240 - - [20/Jul/2020:08:59:22 +0800] "GET /xingrg/javascript/jquery_easy_ui/themes/default/images/tree_file.gif HTTP/1.1" 304 -
124.77.243.181 - - [20/Jul/2020:08:59:22 +0800] "GET /xingrg/all/function/internal_message.html?_=1595206763553&CODE_STATE=getMsg HTTP/1.1" 200 27
116.233.74.240 - - [20/Jul/2020:08:59:22 +0800] "GET /xingrg/kc/base/base_main.html HTTP/1.1" 200 12142
116.233.74.240 - - [20/Jul/2020:08:59:23 +0800] "GET /xingrg/javascript/jquery_easy_ui/themes/default/images/tabs_close.gif HTTP/1.1" 304 -
116.233.74.240 - - [20/Jul/2020:08:59:23 +0800] "GET /xingrg/css/blue.css HTTP/1.1" 304 -
116.233.74.240 - - [20/Jul/2020:08:59:23 +0800] "GET /xingrg/javascript/pic_change.js HTTP/1.1" 304 -
116.233.74.240 - - [20/Jul/2020:08:59:23 +0800] "GET /xingrg/javascript/myfunction.js HTTP/1.1" 304 -
116.233.74.240 - - [20/Jul/2020:08:59:23 +0800] "GET /xingrg/images/blue/button/wlsy.gif HTTP/1.1" 304 -
116.233.74.240 - - [20/Jul/2020:08:59:23 +0800] "GET /xingrg/images/blue/button/ckpd.gif HTTP/1.1" 304 -
116.233.74.240 - - [20/Jul/2020:08:59:23 +0800] "GET /xingrg/images/blue/button/kc.gif HTTP/1.1" 304 -
116.233.74.240 - - [20/Jul/2020:08:59:23 +0800] "GET /xingrg/images/blue/button/ckdb.gif HTTP/1.1" 304 -
116.233.74.240 - - [20/Jul/2020:08:59:23 +0800] "GET /xingrg/images/blue/button/yddb.gif HTTP/1.1" 304 -
116.233.74.240 - - [20/Jul/2020:08:59:23 +0800] "GET /xingrg/images/blue/bg_dotted.jpg HTTP/1.1" 304 -
116.233.74.240 - - [20/Jul/2020:08:59:23 +0800] "GET /xingrg/images/blue/pic_form2.gif HTTP/1.1" 304 -
116.233.74.240 - - [20/Jul/2020:08:59:23 +0800] "GET /xingrg/images/blue/button/top_left.jpg HTTP/1.1" 304 -
116.233.74.240 - - [20/Jul/2020:08:59:23 +0800] "GET /xingrg/images/blue/button/top_right.jpg HTTP/1.1" 304 -
116.233.74.240 - - [20/Jul/2020:08:59:23 +0800] "GET /xingrg/images/blue/button/down.jpg HTTP/1.1" 304 -
116.233.74.240 - - [20/Jul/2020:08:59:23 +0800] "GET /xingrg/images/blue/button/right_ah.jpg HTTP/1.1" 304 -
116.233.74.240 - - [20/Jul/2020:08:59:23 +0800] "GET /xingrg/images/blue/button/left_ah.jpg HTTP/1.1" 304 -
116.233.74.240 - - [20/Jul/2020:08:59:23 +0800] "GET /xingrg/images/blue/button/bottom_left.jpg HTTP/1.1" 304 -
114.89.80.44 - - [20/Jul/2020:08:59:23 +0800] "GET /xingrg/check_reg.html?_=1595206760967 HTTP/1.1" 200 22
116.233.74.240 - - [20/Jul/2020:08:59:23 +0800] "GET /xingrg/images/blue/button/bottom_right.jpg HTTP/1.1" 304 -
114.89.80.44 - - [20/Jul/2020:08:59:23 +0800] "GET /xingrg/all/function/internal_message.html?_=1595206760971&CODE_STATE=getMsg HTTP/1.1" 200 27
180.157.251.101 - - [20/Jul/2020:08:59:23 +0800] "POST /xingrg/kc/mdqp/pssh_order_operate.html HTTP/1.1" 200 37
180.157.251.101 - - [20/Jul/2020:08:59:24 +0800] "POST /xingrg/kc/mdqp/pssh_order_operate.html HTTP/1.1" 200 12
116.233.74.240 - - [20/Jul/2020:08:59:24 +0800] "GET /xingrg/kc/base/check_order_list.html HTTP/1.1" 200 16374
116.233.74.240 - - [20/Jul/2020:08:59:24 +0800] "GET /xingrg/css/base.css HTTP/1.1" 304 -
116.233.74.240 - - [20/Jul/2020:08:59:24 +0800] "GET /xingrg/css/site.css HTTP/1.1" 304 -
116.233.74.240 - - [20/Jul/2020:08:59:24 +0800] "GET /xingrg/javascript/jquery_tools/datebox.css HTTP/1.1" 304 -
116.233.74.240 - - [20/Jul/2020:08:59:24 +0800] "GET /xingrg/javascript/easyui/themes/default/easyui.css HTTP/1.1" 304 -
116.233.74.240 - - [20/Jul/2020:08:59:24 +0800] "GET /xingrg/javascript/easyui/themes/icon.css HTTP/1.1" 304 -
116.233.74.240 - - [20/Jul/2020:08:59:24 +0800] "GET /xingrg/javascript/auto/jquery.autocomplete.css HTTP/1.1" 304 -
116.233.74.240 - - [20/Jul/2020:08:59:24 +0800] "GET /xingrg/javascript/jquery_tools/fix.css HTTP/1.1" 304 -
116.233.74.240 - - [20/Jul/2020:08:59:24 +0800] "GET /xingrg/javascript/jquery_tools/table.css HTTP/1.1" 304 -
116.233.74.240 - - [20/Jul/2020:08:59:24 +0800] "GET /xingrg/javascript/jquery_tools/jquery.tools.min.js HTTP/1.1" 304 -
116.233.74.240 - - [20/Jul/2020:08:59:24 +0800] "GET /xingrg/javascript/jquery_tools/jquery.tools.extend.js HTTP/1.1" 304 -
116.233.74.240 - - [20/Jul/2020:08:59:24 +0800] "GET /xingrg/javascript/jquery_tools/jquery.tools.hotkey.js HTTP/1.1" 304 -
116.233.74.240 - - [20/Jul/2020:08:59:24 +0800] "GET /xingrg/javascript/jquery_tools/jquery.tools.table.js HTTP/1.1" 304 -
116.233.74.240 - - [20/Jul/2020:08:59:24 +0800] "GET /xingrg/javascript/jquery_tools/list_manager.js HTTP/1.1" 304 -
116.233.74.240 - - [20/Jul/2020:08:59:24 +0800] "GET /xingrg/javascript/auto/jquery.autocomplete.js HTTP/1.1" 304 -
116.233.74.240 - - [20/Jul/2020:08:59:24 +0800] "GET /xingrg/javascript/easyui/easyloader.js HTTP/1.1" 304 -
116.233.74.240 - - [20/Jul/2020:08:59:24 +0800] "GET /xingrg/javascript/jquery.cookie.js HTTP/1.1" 304 -
116.233.74.240 - - [20/Jul/2020:08:59:24 +0800] "GET /xingrg/javascript/easyui/themes/icons/edit_add_new.png HTTP/1.1" 304 -
116.233.74.240 - - [20/Jul/2020:08:59:24 +0800] "GET /xingrg/javascript/easyui/themes/icons/cance_new.png HTTP/1.1" 304 -
116.233.74.240 - - [20/Jul/2020:08:59:24 +0800] "GET /xingrg/javascript/easyui/themes/icons/check_new.png HTTP/1.1" 304 -
116.233.74.240 - - [20/Jul/2020:08:59:24 +0800] "GET /xingrg/javascript/easyui/themes/icons/field_new.png HTTP/1.1" 304 -
116.233.74.240 - - [20/Jul/2020:08:59:24 +0800] "GET /xingrg/javascript/easyui/plugins/jquery.parser.js HTTP/1.1" 304 -
116.233.74.240 - - [20/Jul/2020:08:59:24 +0800] "GET /xingrg/images/control/ajaxLoader.gif HTTP/1.1" 304 -
116.233.74.240 - - [20/Jul/2020:08:59:25 +0800] "POST /xingrg/kc/base/check_list_operate.html HTTP/1.1" 200 3480
180.157.251.101 - - [20/Jul/2020:08:59:25 +0800] "GET /xingrg/kc/mdqp/pssh_order_info.html?code=312020071800446 HTTP/1.1" 200 14388
114.88.161.57 - - [20/Jul/2020:08:59:25 +0800] "GET /xingrg/kc/buy/cgsh_order_operate.html?command=get_materiel&rest_code=00111&code=00101008353&supplier_code=00100005&order_time=2020-07-20 HTTP/1.1" 200 428
180.157.251.101 - - [20/Jul/2020:08:59:25 +0800] "GET /xingrg/javascript/jquery_tools/jquery-1.4.2.min.js HTTP/1.1" 404 1094
180.157.251.101 - - [20/Jul/2020:08:59:25 +0800] "POST /xingrg/kc/mdqp/pssh_order_operate.html HTTP/1.1" 200 549
180.157.251.101 - - [20/Jul/2020:08:59:25 +0800] "GET /xingrg/javascript/easyui/themes/default/validatebox.css HTTP/1.1" 404 1104
180.157.251.101 - - [20/Jul/2020:08:59:27 +0800] "GET /xingrg/kc/print/load_config.html?kc_code=pssh HTTP/1.1" 200 2290
180.157.251.101 - - [20/Jul/2020:08:59:27 +0800] "GET /xingrg/kc/print/load_data.html?order_code=312020071800446&kc_code=pssh&condition= HTTP/1.1" 200 681
58.37.224.159 - - [20/Jul/2020:08:59:27 +0800] "GET /xingrg/check_reg.html?_=1595206433346 HTTP/1.1" 200 22
114.88.161.57 - - [20/Jul/2020:08:59:27 +0800] "POST /xingrg/kc/buy/cgsh_order_operate.html HTTP/1.1" 200 2065
58.37.224.159 - - [20/Jul/2020:08:59:28 +0800] "GET /xingrg/all/function/internal_message.html?_=1595206769257&CODE_STATE=getMsg HTTP/1.1" 200 27
114.88.161.57 - - [20/Jul/2020:08:59:29 +0800] "GET /xingrg/all/function/internal_message.html?_=1595206767959&CODE_STATE=getMsg HTTP/1.1" 200 27
180.175.214.200 - - [20/Jul/2020:08:59:29 +0800] "GET /xingrg/kc/buy/cgsh_order_operate.html?command=get_materiel&rest_code=00102&code=00101008244&supplier_code=00100008&order_time=2020-07-20 HTTP/1.1" 200 428
222.69.130.28 - - [20/Jul/2020:08:59:32 +0800] "GET /xingrg/check_reg.html?_=1595206770852 HTTP/1.1" 200 22
180.157.251.101 - - [20/Jul/2020:08:59:33 +0800] "POST /xingrg/kc/mdqp/pssh_list_operate.html HTTP/1.1" 200 806
222.69.130.28 - - [20/Jul/2020:08:59:33 +0800] "GET /xingrg/all/function/internal_message.html?_=1595206772627&CODE_STATE=getMsg HTTP/1.1" 200 27
172.17.0.101 - - [20/Jul/2020:08:59:33 +0800] "POST /xingrg/dwr/call/plaincall/AjaxCheckService.setItemNumber.dwr HTTP/1.1" 200 78
222.69.130.28 - - [20/Jul/2020:08:59:34 +0800] "POST /xingrg/kc/buy/cgsh_order_operate.html HTTP/1.1" 200 37
180.157.251.101 - - [20/Jul/2020:08:59:34 +0800] "GET /xingrg/kc/mdqp/pssh_order_info.html?code=312020071800447 HTTP/1.1" 200 17303
180.157.251.101 - - [20/Jul/2020:08:59:34 +0800] "GET /xingrg/javascript/jquery_tools/jquery-1.4.2.min.js HTTP/1.1" 404 1094
172.17.0.101 - - [20/Jul/2020:08:59:35 +0800] "POST /xingrg/dwr/call/plaincall/AjaxCheckService.setItemNumber.dwr HTTP/1.1" 200 78
180.157.251.101 - - [20/Jul/2020:08:59:35 +0800] "POST /xingrg/kc/mdqp/pssh_order_operate.html HTTP/1.1" 200 8604
180.157.251.101 - - [20/Jul/2020:08:59:35 +0800] "GET /xingrg/javascript/easyui/themes/default/validatebox.css HTTP/1.1" 404 1104
172.17.0.101 - - [20/Jul/2020:08:59:36 +0800] "POST /xingrg/dwr/call/plaincall/AjaxCheckService.setItemNumber.dwr HTTP/1.1" 200 78
180.175.214.200 - - [20/Jul/2020:08:59:36 +0800] "GET /xingrg/kc/buy/cgsh_order_operate.html?command=get_materiel&rest_code=00102&code=00101008088&supplier_code=00100008&order_time=2020-07-20 HTTP/1.1" 200 408
222.69.130.28 - - [20/Jul/2020:08:59:36 +0800] "POST /xingrg/kc/buy/cgsh_order_operate.html HTTP/1.1" 200 12
114.88.161.57 - - [20/Jul/2020:08:59:37 +0800] "GET /xingrg/kc/buy/cgsh_order_operate.html?command=get_materiel&rest_code=00111&code=00101008306&supplier_code=00100005&order_time=2020-07-20 HTTP/1.1" 200 412
172.17.0.101 - - [20/Jul/2020:08:59:37 +0800] "POST /xingrg/dwr/call/plaincall/AjaxCheckService.setItemNumber.dwr HTTP/1.1" 200 78
172.17.0.101 - - [20/Jul/2020:08:59:38 +0800] "POST /xingrg/dwr/call/plaincall/AjaxCheckService.setItemNumber.dwr HTTP/1.1" 200 78
180.157.251.101 - - [20/Jul/2020:08:59:38 +0800] "POST /xingrg/all/common/load_combo.html?type=employee HTTP/1.1" 200 271
172.17.0.101 - - [20/Jul/2020:08:59:38 +0800] "POST /xingrg/dwr/call/plaincall/AjaxCheckService.setItemNumber.dwr HTTP/1.1" 200 78
172.17.0.101 - - [20/Jul/2020:08:59:39 +0800] "POST /xingrg/dwr/call/plaincall/AjaxCheckService.setItemNumber.dwr HTTP/1.1" 200 78
180.157.251.101 - - [20/Jul/2020:08:59:41 +0800] "POST /xingrg/kc/mdqp/pssh_order_operate.html HTTP/1.1" 200 37
222.69.130.28 - - [20/Jul/2020:08:59:41 +0800] "GET /xingrg/kc/buy/cgsh_order_info.html?code=212020072008233 HTTP/1.1" 200 54270
180.157.251.101 - - [20/Jul/2020:08:59:41 +0800] "POST /xingrg/kc/mdqp/pssh_order_operate.html HTTP/1.1" 200 12
222.69.130.28 - - [20/Jul/2020:08:59:41 +0800] "GET /xingrg/javascript/easyui/themes/default/validatebox.css HTTP/1.1" 404 1104
222.69.130.28 - - [20/Jul/2020:08:59:41 +0800] "POST /xingrg/kc/buy/cgsh_order_operate.html HTTP/1.1" 200 4166
180.157.251.101 - - [20/Jul/2020:08:59:42 +0800] "GET /xingrg/kc/mdqp/pssh_order_info.html?code=312020071800447 HTTP/1.1" 200 14392
180.157.251.101 - - [20/Jul/2020:08:59:42 +0800] "GET /xingrg/javascript/jquery_tools/jquery-1.4.2.min.js HTTP/1.1" 404 1094
114.88.161.57 - - [20/Jul/2020:08:59:42 +0800] "GET /xingrg/kc/buy/cgsh_order_operate.html?command=get_materiel&rest_code=00111&code=00101008350&supplier_code=00100005&order_time=2020-07-20 HTTP/1.1" 200 408
180.157.251.101 - - [20/Jul/2020:08:59:43 +0800] "GET /xingrg/javascript/easyui/themes/default/validatebox.css HTTP/1.1" 404 1104
180.157.251.101 - - [20/Jul/2020:08:59:43 +0800] "POST /xingrg/kc/mdqp/pssh_order_operate.html HTTP/1.1" 200 8604
180.175.214.200 - - [20/Jul/2020:08:59:43 +0800] "GET /xingrg/kc/buy/cgsh_order_operate.html?command=get_materiel&rest_code=00102&code=00101008224&supplier_code=00100008&order_time=2020-07-20 HTTP/1.1" 200 416
222.69.130.28 - - [20/Jul/2020:08:59:44 +0800] "GET /xingrg/kc/print/load_data.html?order_code=212020072008233&kc_code=cgsh&condition= HTTP/1.1" 200 2050
172.17.0.123 - - [20/Jul/2020:08:59:44 +0800] "GET /xingrg/all/function/internal_message.html?_=1595206725517&CODE_STATE=getMsg HTTP/1.1" 302 -
180.157.251.101 - - [20/Jul/2020:08:59:44 +0800] "GET /xingrg/kc/print/load_data.html?order_code=312020071800447&kc_code=pssh&condition= HTTP/1.1" 200 3576
172.17.0.101 - - [20/Jul/2020:08:59:45 +0800] "POST /xingrg/dwr/call/plaincall/AjaxCheckService.setItemNumber.dwr HTTP/1.1" 200 78
180.175.214.200 - - [20/Jul/2020:08:59:47 +0800] "GET /xingrg/check_reg.html?_=1595206993785 HTTP/1.1" 200 22
180.175.214.200 - - [20/Jul/2020:08:59:47 +0800] "GET /xingrg/all/function/internal_message.html?_=1595206994220&CODE_STATE=getMsg HTTP/1.1" 200 27
172.17.0.101 - - [20/Jul/2020:08:59:47 +0800] "POST /xingrg/dwr/call/plaincall/AjaxCheckService.setItemNumber.dwr HTTP/1.1" 200 78
180.175.214.200 - - [20/Jul/2020:08:59:50 +0800] "GET /xingrg/kc/buy/cgsh_order_operate.html?command=get_materiel&rest_code=00102&code=00101008003&supplier_code=00100008&order_time=2020-07-20 HTTP/1.1" 200 410
114.88.161.57 - - [20/Jul/2020:08:59:50 +0800] "GET /xingrg/kc/buy/cgsh_order_operate.html?command=get_materiel&rest_code=00111&code=00101020152&supplier_code=00100005&order_time=2020-07-20 HTTP/1.1" 200 416
172.17.0.101 - - [20/Jul/2020:08:59:50 +0800] "POST /xingrg/dwr/call/plaincall/AjaxCheckService.setItemNumber.dwr HTTP/1.1" 200 78
61.172.5.115 - - [20/Jul/2020:08:59:51 +0800] "GET /xingrg/kc/buy/cgsh_order_operate.html?command=get_materiel&rest_code=00105&code=00101010248&supplier_code=00100013&order_time=2020-07-20 HTTP/1.1" 200 430
172.17.0.101 - - [20/Jul/2020:08:59:52 +0800] "POST /xingrg/dwr/call/plaincall/AjaxCheckService.setItemNumber.dwr HTTP/1.1" 200 78
61.172.5.115 - - [20/Jul/2020:08:59:52 +0800] "POST /xingrg/all/common/load_select.html HTTP/1.1" 200 25
172.17.0.101 - - [20/Jul/2020:08:59:54 +0800] "POST /xingrg/dwr/call/plaincall/AjaxCheckService.setItemNumber.dwr HTTP/1.1" 200 78
114.88.161.57 - - [20/Jul/2020:08:59:55 +0800] "GET /xingrg/all/function/internal_message.html?_=1595206816372&CODE_STATE=getMsg HTTP/1.1" 200 27
180.157.251.101 - - [20/Jul/2020:08:59:55 +0800] "POST /xingrg/kc/mdqp/pssh_list_operate.html HTTP/1.1" 200 1889
172.17.0.101 - - [20/Jul/2020:08:59:55 +0800] "POST /xingrg/dwr/call/plaincall/AjaxCheckService.setItemNumber.dwr HTTP/1.1" 200 78
116.230.146.118 - - [20/Jul/2020:08:59:55 +0800] "GET /xingrg/all/function/internal_message.html?_=1595206793718&CODE_STATE=getMsg HTTP/1.1" 200 27
114.88.161.57 - - [20/Jul/2020:08:59:56 +0800] "GET /xingrg/kc/buy/cgsh_order_operate.html?command=get_materiel&rest_code=00111&code=00101008168&supplier_code=00100005&order_time=2020-07-20 HTTP/1.1" 200 413
172.17.0.101 - - [20/Jul/2020:08:59:56 +0800] "POST /xingrg/dwr/call/plaincall/AjaxCheckService.setItemNumber.dwr HTTP/1.1" 200 78
61.172.5.115 - - [20/Jul/2020:08:59:57 +0800] "GET /xingrg/kc/buy/cgsh_order_operate.html?command=get_materiel_price&rest_code=00105&code=00101010248&unit_code=00100043&supplier_code=00100013&order_time=2020-07-20 HTTP/1.1" 200 29
172.17.0.101 - - [20/Jul/2020:08:59:57 +0800] "POST /xingrg/dwr/call/plaincall/AjaxCheckService.setItemNumber.dwr HTTP/1.1" 200 78
114.88.161.57 - - [20/Jul/2020:08:59:58 +0800] "POST /xingrg/kc/buy/cgsh_order_operate.html HTTP/1.1" 200 2065
180.157.251.101 - - [20/Jul/2020:08:59:58 +0800] "GET /xingrg/kc/mdqp/pssh_order_list.html HTTP/1.1" 200 17792
172.17.0.101 - - [20/Jul/2020:08:59:58 +0800] "POST /xingrg/dwr/call/plaincall/AjaxCheckService.setItemNumber.dwr HTTP/1.1" 200 78
180.157.251.101 - - [20/Jul/2020:08:59:58 +0800] "POST /xingrg/kc/mdqp/pssh_list_operate.html HTTP/1.1" 200 5302
180.175.214.200 - - [20/Jul/2020:08:59:59 +0800] "GET /xingrg/kc/buy/cgsh_order_operate.html?command=get_materiel&rest_code=00102&code=00101008126&supplier_code=00100008&order_time=2020-07-20 HTTP/1.1" 200 414
172.17.0.101 - - [20/Jul/2020:09:00:01 +0800] "POST /xingrg/dwr/call/plaincall/AjaxCheckService.saveOrder.dwr HTTP/1.1" 200 80
114.88.161.57 - - [20/Jul/2020:09:00:01 +0800] "GET /xingrg/kc/buy/cgsh_order_operate.html?command=get_materiel&rest_code=00111&code=00101008430&supplier_code=00100005&order_time=2020-07-20 HTTP/1.1" 200 391
180.157.251.101 - - [20/Jul/2020:09:00:01 +0800] "POST /xingrg/kc/mdqp/pssh_list_operate.html HTTP/1.1" 200 358
172.17.0.101 - - [20/Jul/2020:09:00:02 +0800] "POST /xingrg/dwr/call/plaincall/AjaxCheckService.loadOrderItems.dwr HTTP/1.1" 200 235282
117.131.5.26 - - [20/Jul/2020:09:00:03 +0800] "GET /xingrg/check_reg.html?_=1595207176019 HTTP/1.1" 200 22
117.131.5.26 - - [20/Jul/2020:09:00:03 +0800] "GET /xingrg/all/function/internal_message.html?_=1595207176018&CODE_STATE=getMsg HTTP/1.1" 200 27
172.17.200.101 - - [20/Jul/2020:09:00:05 +0800] "GET /xingrg/all/function/internal_message.html?_=1595206805719&CODE_STATE=getMsg HTTP/1.1" 200 27
180.157.251.101 - - [20/Jul/2020:09:00:07 +0800] "GET /xingrg/kc/mdqp/pssh_order_info.html?code=312020071500362 HTTP/1.1" 200 17283
180.157.251.101 - - [20/Jul/2020:09:00:07 +0800] "GET /xingrg/javascript/jquery_tools/jquery-1.4.2.min.js HTTP/1.1" 404 1094
58.37.224.159 - - [20/Jul/2020:09:00:07 +0800] "GET /xingrg/all/function/internal_message.html?_=1595206473350&CODE_STATE=getMsg HTTP/1.1" 200 27
180.157.251.101 - - [20/Jul/2020:09:00:07 +0800] "POST /xingrg/kc/mdqp/pssh_order_operate.html HTTP/1.1" 200 1046
180.157.251.101 - - [20/Jul/2020:09:00:07 +0800] "GET /xingrg/javascript/easyui/themes/default/validatebox.css HTTP/1.1" 404 1104
180.175.214.200 - - [20/Jul/2020:09:00:07 +0800] "GET /xingrg/kc/buy/cgsh_order_operate.html?command=get_materiel&rest_code=00102&code=00101008209&supplier_code=00100008&order_time=2020-07-20 HTTP/1.1" 200 428
172.17.0.101 - - [20/Jul/2020:09:00:10 +0800] "GET /xingrg/kc/base/check_order_list.html?isBack=1 HTTP/1.1" 200 16360
172.17.0.101 - - [20/Jul/2020:09:00:11 +0800] "POST /xingrg/kc/base/check_list_operate.html HTTP/1.1" 200 2910
58.40.7.146 - - [20/Jul/2020:09:00:12 +0800] "GET /xingrg/check_reg.html?_=1595206812041 HTTP/1.1" 200 22
61.172.5.115 - - [20/Jul/2020:09:00:14 +0800] "GET /xingrg/kc/buy/cgsh_order_operate.html?command=get_materiel&rest_code=00105&code=00101006109&supplier_code=00100013&order_time=2020-07-20 HTTP/1.1" 200 409
124.77.243.181 - - [20/Jul/2020:09:00:15 +0800] "GET /xingrg/check_reg.html?_=1595206816957 HTTP/1.1" 200 22
180.175.214.200 - - [20/Jul/2020:09:00:16 +0800] "GET /xingrg/kc/buy/cgsh_order_operate.html?command=get_materiel&rest_code=00102&code=00101008356&supplier_code=00100008&order_time=2020-07-20 HTTP/1.1" 200 408
61.172.5.115 - - [20/Jul/2020:09:00:18 +0800] "GET /xingrg/all/function/internal_message.html?_=1595206815784&CODE_STATE=getMsg HTTP/1.1" 200 27
172.17.0.101 - - [20/Jul/2020:09:00:20 +0800] "GET /xingrg/all/function/internal_message.html?_=1595206822095&CODE_STATE=getMsg HTTP/1.1" 200 27
116.233.74.240 - - [20/Jul/2020:09:00:20 +0800] "GET /xingrg/all/function/internal_message.html?_=1595206843906&CODE_STATE=getMsg HTTP/1.1" 200 27
124.77.243.181 - - [20/Jul/2020:09:00:22 +0800] "GET /xingrg/all/function/internal_message.html?_=1595206823555&CODE_STATE=getMsg HTTP/1.1" 200 27
114.88.161.57 - - [20/Jul/2020:09:00:22 +0800] "GET /xingrg/kc/buy/cgsh_order_operate.html?command=get_materiel&rest_code=00111&code=00101008223&supplier_code=00100005&order_time=2020-07-20 HTTP/1.1" 200 412
172.17.0.101 - - [20/Jul/2020:09:00:23 +0800] "GET /xingrg/kc/buy/cgsh_order_list.html HTTP/1.1" 200 43564
114.89.80.44 - - [20/Jul/2020:09:00:23 +0800] "GET /xingrg/all/function/internal_message.html?_=1595206820982&CODE_STATE=getMsg HTTP/1.1" 200 27
172.17.0.101 - - [20/Jul/2020:09:00:23 +0800] "POST /xingrg/kc/buy/cgsh_list_operate.html HTTP/1.1" 200 876
116.230.146.118 - - [20/Jul/2020:09:00:25 +0800] "GET /xingrg/kc/buy/cgth_order_list.html HTTP/1.1" 200 42987
116.230.146.118 - - [20/Jul/2020:09:00:25 +0800] "POST /xingrg/kc/buy/cgth_list_operate.html HTTP/1.1" 200 1035
61.151.178.174 - - [20/Jul/2020:09:00:28 +0800] "GET /xingrg/all/function/internal_message.html?_=1595206769257&CODE_STATE=getMsg HTTP/1.1" 302 -
58.37.224.159 - - [20/Jul/2020:09:00:28 +0800] "GET /xingrg/all/function/internal_message.html?_=1595206829282&CODE_STATE=getMsg HTTP/1.1" 200 27
114.88.161.57 - - [20/Jul/2020:09:00:28 +0800] "GET /xingrg/kc/buy/cgsh_order_operate.html?command=get_materiel&rest_code=00111&code=00101008230&supplier_code=00100005&order_time=2020-07-20 HTTP/1.1" 200 408
180.157.251.101 - - [20/Jul/2020:09:00:28 +0800] "POST /xingrg/kc/mdqp/pssh_list_operate.html HTTP/1.1" 200 764
61.151.178.174 - - [20/Jul/2020:09:00:28 +0800] "GET /xingrg/login.html HTTP/1.1" 200 7641
114.88.161.57 - - [20/Jul/2020:09:00:29 +0800] "GET /xingrg/all/function/internal_message.html?_=1595206827960&CODE_STATE=getMsg HTTP/1.1" 200 27
116.230.146.118 - - [20/Jul/2020:09:00:30 +0800] "GET /xingrg/kc/buy/cgth_order_add.html HTTP/1.1" 200 61254
116.230.146.118 - - [20/Jul/2020:09:00:30 +0800] "GET /xingrg/dwr/interface/AjaxComOrderService.js HTTP/1.1" 200 18264
116.230.146.118 - - [20/Jul/2020:09:00:30 +0800] "GET /xingrg/dwr/interface/AjaxCgthService.js HTTP/1.1" 200 14519
116.230.146.118 - - [20/Jul/2020:09:00:30 +0800] "GET /xingrg/dwr/engine.js HTTP/1.1" 200 43631
116.230.146.118 - - [20/Jul/2020:09:00:32 +0800] "POST /xingrg/all/common/load_tree.html?tree=supplier_tree_json&isDelete=1 HTTP/1.1" 200 49550
116.230.146.118 - - [20/Jul/2020:09:00:32 +0800] "GET /xingrg/javascript/jquery_easy_ui/themes/default/images/calendar_prevmonth.gif HTTP/1.1" 200 66
116.230.146.118 - - [20/Jul/2020:09:00:32 +0800] "GET /xingrg/javascript/jquery_easy_ui/themes/default/images/validatebox_pointer.gif HTTP/1.1" 200 82
116.230.146.118 - - [20/Jul/2020:09:00:32 +0800] "GET /xingrg/javascript/jquery_easy_ui/themes/default/images/validatebox_warning.png HTTP/1.1" 200 921
116.230.146.118 - - [20/Jul/2020:09:00:32 +0800] "GET /xingrg/javascript/jquery_easy_ui/themes/default/images/calendar_nextmonth.gif HTTP/1.1" 200 64
116.230.146.118 - - [20/Jul/2020:09:00:32 +0800] "GET /xingrg/javascript/jquery_easy_ui/themes/default/images/calendar_prevyear.gif HTTP/1.1" 200 76
116.230.146.118 - - [20/Jul/2020:09:00:32 +0800] "GET /xingrg/javascript/jquery_easy_ui/themes/default/images/calendar_nextyear.gif HTTP/1.1" 200 75
222.69.130.28 - - [20/Jul/2020:09:00:33 +0800] "GET /xingrg/all/function/internal_message.html?_=1595206832602&CODE_STATE=getMsg HTTP/1.1" 200 27
114.88.161.57 - - [20/Jul/2020:09:00:36 +0800] "POST /xingrg/kc/buy/cgsh_order_operate.html HTTP/1.1" 200 2065
180.157.251.101 - - [20/Jul/2020:09:00:40 +0800] "GET /xingrg/all/function/internal_message.html?_=1595206841107&CODE_STATE=getMsg HTTP/1.1" 200 27
172.17.0.123 - - [20/Jul/2020:09:00:44 +0800] "GET /xingrg/all/function/internal_message.html?_=1595206785505&CODE_STATE=getMsg HTTP/1.1" 302 -
61.172.5.115 - - [20/Jul/2020:09:00:44 +0800] "GET /xingrg/kc/buy/cgsh_order_operate.html?command=get_materiel&rest_code=00105&code=00101006112&supplier_code=00100013&order_time=2020-07-20 HTTP/1.1" 200 409
180.157.251.101 - - [20/Jul/2020:09:00:45 +0800] "POST /xingrg/kc/mdqp/pssh_list_operate.html HTTP/1.1" 200 751
180.157.251.101 - - [20/Jul/2020:09:00:46 +0800] "GET /xingrg/kc/mdqp/pssh_order_info.html?code=312020071800445 HTTP/1.1" 200 17299
180.157.251.101 - - [20/Jul/2020:09:00:46 +0800] "GET /xingrg/javascript/jquery_tools/jquery-1.4.2.min.js HTTP/1.1" 404 1094
180.175.214.200 - - [20/Jul/2020:09:00:47 +0800] "GET /xingrg/kc/buy/cgsh_order_operate.html?command=get_materiel&rest_code=00102&code=00101008036&supplier_code=00100008&order_time=2020-07-20 HTTP/1.1" 200 408
180.157.251.101 - - [20/Jul/2020:09:00:47 +0800] "POST /xingrg/kc/mdqp/pssh_order_operate.html HTTP/1.1" 200 3668
180.157.251.101 - - [20/Jul/2020:09:00:47 +0800] "GET /xingrg/javascript/easyui/themes/default/validatebox.css HTTP/1.1" 404 1104
180.175.214.200 - - [20/Jul/2020:09:00:47 +0800] "GET /xingrg/all/function/internal_message.html?_=1595207054294&CODE_STATE=getMsg HTTP/1.1" 200 27
180.157.251.101 - - [20/Jul/2020:09:00:50 +0800] "POST /xingrg/all/common/load_combo.html?type=base&rest_code=00148 HTTP/1.1" 200 3142
116.230.146.118 - - [20/Jul/2020:09:00:50 +0800] "POST /xingrg/dwr/call/plaincall/AjaxCgthService.saveOrder.dwr HTTP/1.1" 200 78
180.157.251.101 - - [20/Jul/2020:09:00:52 +0800] "POST /xingrg/all/common/load_combo.html?type=employee HTTP/1.1" 200 271
124.77.243.181 - - [20/Jul/2020:09:00:54 +0800] "POST /xingrg/dwr/call/plaincall/AjaxCheckService.setItemNumber.dwr HTTP/1.1" 200 78
114.88.161.57 - - [20/Jul/2020:09:00:55 +0800] "GET /xingrg/all/function/internal_message.html?_=1595206876345&CODE_STATE=getMsg HTTP/1.1" 200 27
116.230.146.118 - - [20/Jul/2020:09:00:55 +0800] "GET /xingrg/all/function/internal_message.html?_=1595206853703&CODE_STATE=getMsg HTTP/1.1" 200 27
180.157.251.101 - - [20/Jul/2020:09:00:57 +0800] "POST /xingrg/kc/mdqp/pssh_order_operate.html HTTP/1.1" 200 37
180.157.251.101 - - [20/Jul/2020:09:00:58 +0800] "POST /xingrg/kc/mdqp/pssh_order_operate.html HTTP/1.1" 200 12
180.157.251.101 - - [20/Jul/2020:09:00:59 +0800] "GET /xingrg/kc/mdqp/pssh_order_info.html?code=312020071800445 HTTP/1.1" 200 14392
180.157.251.101 - - [20/Jul/2020:09:00:59 +0800] "GET /xingrg/javascript/jquery_tools/jquery-1.4.2.min.js HTTP/1.1" 404 1094
114.88.161.57 - - [20/Jul/2020:09:00:59 +0800] "GET /xingrg/kc/buy/cgsh_order_operate.html?command=get_materiel&rest_code=00111&code=00101008061&supplier_code=00100005&order_time=2020-07-20 HTTP/1.1" 200 422
180.157.251.101 - - [20/Jul/2020:09:01:00 +0800] "GET /xingrg/javascript/easyui/themes/default/validatebox.css HTTP/1.1" 404 1104
180.157.251.101 - - [20/Jul/2020:09:01:00 +0800] "POST /xingrg/kc/mdqp/pssh_order_operate.html HTTP/1.1" 200 3668
116.230.146.118 - - [20/Jul/2020:09:01:00 +0800] "GET /xingrg/images/yd/bt.gif HTTP/1.1" 404 1040
180.157.251.101 - - [20/Jul/2020:09:01:02 +0800] "GET /xingrg/kc/print/load_data.html?order_code=312020071800445&kc_code=pssh&condition= HTTP/1.1" 200 1733
117.131.5.26 - - [20/Jul/2020:09:01:03 +0800] "GET /xingrg/all/function/internal_message.html?_=1595207236016&CODE_STATE=getMsg HTTP/1.1" 200 27
172.17.200.101 - - [20/Jul/2020:09:01:05 +0800] "GET /xingrg/all/function/internal_message.html?_=1595206865717&CODE_STATE=getMsg HTTP/1.1" 200 27
116.230.146.118 - - [20/Jul/2020:09:01:06 +0800] "POST /xingrg/dwr/call/plaincall/AjaxComOrderService.getMaterielSearchList.dwr HTTP/1.1" 200 2935
180.175.214.200 - - [20/Jul/2020:09:01:06 +0800] "GET /xingrg/kc/buy/cgsh_order_operate.html?command=get_materiel&rest_code=00102&code=00101008291&supplier_code=00100008&order_time=2020-07-20 HTTP/1.1" 200 408
114.88.161.57 - - [20/Jul/2020:09:01:06 +0800] "GET /xingrg/kc/buy/cgsh_order_operate.html?command=get_materiel&rest_code=00111&code=00101008095&supplier_code=00100005&order_time=2020-07-20 HTTP/1.1" 200 412
58.37.224.159 - - [20/Jul/2020:09:01:07 +0800] "GET /xingrg/all/function/internal_message.html?_=1595206533329&CODE_STATE=getMsg HTTP/1.1" 200 27
114.88.161.57 - - [20/Jul/2020:09:01:09 +0800] "POST /xingrg/kc/buy/cgsh_order_operate.html HTTP/1.1" 200 2065
116.230.146.118 - - [20/Jul/2020:09:01:09 +0800] "POST /xingrg/dwr/call/plaincall/AjaxComOrderService.getMaterielSearchList.dwr HTTP/1.1" 200 479
180.157.251.101 - - [20/Jul/2020:09:01:10 +0800] "POST /xingrg/kc/mdqp/pssh_list_operate.html HTTP/1.1" 200 1889
58.40.7.146 - - [20/Jul/2020:09:01:10 +0800] "GET /xingrg/check_reg.html?_=1595206870336 HTTP/1.1" 200 22
180.157.251.101 - - [20/Jul/2020:09:01:11 +0800] "GET /xingrg/kc/mdqp/pssh_order_list.html HTTP/1.1" 200 17792
180.157.251.101 - - [20/Jul/2020:09:01:12 +0800] "POST /xingrg/kc/mdqp/pssh_list_operate.html HTTP/1.1" 200 5333
116.230.146.118 - - [20/Jul/2020:09:01:12 +0800] "POST /xingrg/dwr/call/plaincall/AjaxCgthService.getMaterielByMap.dwr HTTP/1.1" 200 3540
180.157.251.101 - - [20/Jul/2020:09:01:13 +0800] "POST /xingrg/kc/mdqp/pssh_list_operate.html HTTP/1.1" 200 764
180.175.214.200 - - [20/Jul/2020:09:01:14 +0800] "GET /xingrg/kc/buy/cgsh_order_operate.html?command=get_materiel&rest_code=00102&code=00101008188&supplier_code=00100008&order_time=2020-07-20 HTTP/1.1" 200 412
180.157.251.101 - - [20/Jul/2020:09:01:14 +0800] "GET /xingrg/kc/mdqp/pssh_order_info.html?code=312020071800449 HTTP/1.1" 200 17303
180.157.251.101 - - [20/Jul/2020:09:01:14 +0800] "GET /xingrg/javascript/jquery_tools/jquery-1.4.2.min.js HTTP/1.1" 404 1094
180.157.251.101 - - [20/Jul/2020:09:01:15 +0800] "POST /xingrg/kc/mdqp/pssh_order_operate.html HTTP/1.1" 200 3671
180.157.251.101 - - [20/Jul/2020:09:01:15 +0800] "GET /xingrg/javascript/easyui/themes/default/validatebox.css HTTP/1.1" 404 1104
61.172.5.115 - - [20/Jul/2020:09:01:18 +0800] "GET /xingrg/check_reg.html?_=1595206875790 HTTP/1.1" 200 22
61.172.5.115 - - [20/Jul/2020:09:01:18 +0800] "GET /xingrg/all/function/internal_message.html?_=1595206875794&CODE_STATE=getMsg HTTP/1.1" 200 27
180.157.251.101 - - [20/Jul/2020:09:01:18 +0800] "POST /xingrg/all/common/load_combo.html?type=employee HTTP/1.1" 200 271
116.233.74.240 - - [20/Jul/2020:09:01:19 +0800] "GET /xingrg/all/function/internal_message.html?_=1595206903906&CODE_STATE=getMsg HTTP/1.1" 200 27
172.17.0.101 - - [20/Jul/2020:09:01:20 +0800] "GET /xingrg/check_reg.html?_=1595206881664 HTTP/1.1" 200 22
172.17.0.101 - - [20/Jul/2020:09:01:20 +0800] "GET /xingrg/all/function/internal_message.html?_=1595206882070&CODE_STATE=getMsg HTTP/1.1" 200 27
180.157.251.101 - - [20/Jul/2020:09:01:21 +0800] "POST /xingrg/kc/mdqp/pssh_order_operate.html HTTP/1.1" 200 37
180.175.214.200 - - [20/Jul/2020:09:01:21 +0800] "GET /xingrg/kc/buy/cgsh_order_operate.html?command=get_materiel&rest_code=00102&code=00101008364&supplier_code=00100008&order_time=2020-07-20 HTTP/1.1" 200 413
180.157.251.101 - - [20/Jul/2020:09:01:21 +0800] "POST /xingrg/kc/mdqp/pssh_order_operate.html HTTP/1.1" 200 12
124.77.243.181 - - [20/Jul/2020:09:01:22 +0800] "GET /xingrg/all/function/internal_message.html?_=1595206883567&CODE_STATE=getMsg HTTP/1.1" 200 27
114.89.80.44 - - [20/Jul/2020:09:01:23 +0800] "GET /xingrg/all/function/internal_message.html?_=1595206880974&CODE_STATE=getMsg HTTP/1.1" 200 27
180.175.214.200 - - [20/Jul/2020:09:01:24 +0800] "POST /xingrg/kc/buy/cgsh_order_operate.html HTTP/1.1" 200 2065
180.157.251.101 - - [20/Jul/2020:09:01:27 +0800] "GET /xingrg/kc/mdqp/pssh_order_info.html?code=312020071800449 HTTP/1.1" 200 14392
180.157.251.101 - - [20/Jul/2020:09:01:27 +0800] "GET /xingrg/javascript/jquery_tools/jquery-1.4.2.min.js HTTP/1.1" 404 1094
58.37.224.159 - - [20/Jul/2020:09:01:28 +0800] "GET /xingrg/all/function/internal_message.html?_=1595206889296&CODE_STATE=getMsg HTTP/1.1" 200 27
180.157.251.101 - - [20/Jul/2020:09:01:28 +0800] "POST /xingrg/kc/mdqp/pssh_order_operate.html HTTP/1.1" 200 3671
180.157.251.101 - - [20/Jul/2020:09:01:28 +0800] "GET /xingrg/javascript/easyui/themes/default/validatebox.css HTTP/1.1" 404 1104
114.88.161.57 - - [20/Jul/2020:09:01:28 +0800] "GET /xingrg/check_reg.html?_=1595206887524 HTTP/1.1" 200 22
114.88.161.57 - - [20/Jul/2020:09:01:29 +0800] "GET /xingrg/all/function/internal_message.html?_=1595206887973&CODE_STATE=getMsg HTTP/1.1" 200 27
180.157.251.101 - - [20/Jul/2020:09:01:30 +0800] "GET /xingrg/check_reg.html?_=1595206890428 HTTP/1.1" 200 22
180.157.251.101 - - [20/Jul/2020:09:01:30 +0800] "GET /xingrg/kc/print/load_data.html?order_code=312020071800449&kc_code=pssh&condition= HTTP/1.1" 200 1725
114.88.161.57 - - [20/Jul/2020:09:01:31 +0800] "POST /xingrg/kc/buy/cgsh_order_operate.html HTTP/1.1" 200 37
180.175.214.200 - - [20/Jul/2020:09:01:31 +0800] "GET /xingrg/kc/buy/cgsh_order_operate.html?command=get_materiel&rest_code=00102&code=00101008225&supplier_code=00100008&order_time=2020-07-20 HTTP/1.1" 200 416
61.172.5.115 - - [20/Jul/2020:09:01:32 +0800] "GET /xingrg/kc/buy/cgsh_order_operate.html?command=get_materiel&rest_code=00105&code=00101006177&supplier_code=00100013&order_time=2020-07-20 HTTP/1.1" 200 409
114.88.161.57 - - [20/Jul/2020:09:01:33 +0800] "POST /xingrg/kc/buy/cgsh_order_operate.html HTTP/1.1" 200 41091
222.69.130.28 - - [20/Jul/2020:09:01:33 +0800] "GET /xingrg/all/function/internal_message.html?_=1595206892588&CODE_STATE=getMsg HTTP/1.1" 200 27
180.175.214.200 - - [20/Jul/2020:09:01:38 +0800] "POST /xingrg/kc/buy/cgsh_order_operate.html HTTP/1.1" 200 37
