116.230.146.118 - - [20/Jul/2020:08:53:25 +0800] "POST /xingrg/dwr/call/plaincall/AjaxCheckService.setItemNumber.dwr HTTP/1.1" 200 77
180.157.251.101 - - [20/Jul/2020:08:53:27 +0800] "POST /xingrg/dwr/call/plaincall/AjaxCheckService.setItemNumber.dwr HTTP/1.1" 200 78
172.17.0.101 - - [20/Jul/2020:08:53:27 +0800] "POST /xingrg/dwr/call/plaincall/AjaxCheckService.setItemNumber.dwr HTTP/1.1" 200 77
180.157.251.101 - - [20/Jul/2020:08:53:28 +0800] "POST /xingrg/dwr/call/plaincall/AjaxCheckService.setItemNumber.dwr HTTP/1.1" 200 78
58.37.224.159 - - [20/Jul/2020:08:53:28 +0800] "GET /xingrg/all/function/internal_message.html?_=1595206409264&CODE_STATE=getMsg HTTP/1.1" 200 27
114.88.161.57 - - [20/Jul/2020:08:53:28 +0800] "GET /xingrg/all/function/internal_message.html?_=1595206407545&CODE_STATE=getMsg HTTP/1.1" 200 27
180.157.251.101 - - [20/Jul/2020:08:53:29 +0800] "POST /xingrg/dwr/call/plaincall/AjaxCheckService.setItemNumber.dwr HTTP/1.1" 200 78
172.17.0.101 - - [20/Jul/2020:08:53:29 +0800] "POST /xingrg/dwr/call/plaincall/AjaxCheckService.setItemNumber.dwr HTTP/1.1" 200 77
116.230.146.118 - - [20/Jul/2020:08:53:29 +0800] "POST /xingrg/dwr/call/plaincall/AjaxCheckService.setItemNumber.dwr HTTP/1.1" 200 77
180.157.251.101 - - [20/Jul/2020:08:53:29 +0800] "POST /xingrg/dwr/call/plaincall/AjaxCheckService.setItemNumber.dwr HTTP/1.1" 200 78
172.17.0.101 - - [20/Jul/2020:08:53:30 +0800] "POST /xingrg/dwr/call/plaincall/AjaxCheckService.setItemNumber.dwr HTTP/1.1" 200 77
180.175.214.200 - - [20/Jul/2020:08:53:30 +0800] "GET /xingrg/kc/buy/cgsh_order_operate.html?command=get_materiel&rest_code=00102&code=00101008351&supplier_code=00100008&order_time=2020-07-20 HTTP/1.1" 200 408
180.157.251.101 - - [20/Jul/2020:08:53:30 +0800] "POST /xingrg/dwr/call/plaincall/AjaxCheckService.setItemNumber.dwr HTTP/1.1" 200 78
116.230.146.118 - - [20/Jul/2020:08:53:31 +0800] "POST /xingrg/dwr/call/plaincall/AjaxCheckService.setItemNumber.dwr HTTP/1.1" 200 77
172.17.0.101 - - [20/Jul/2020:08:53:31 +0800] "POST /xingrg/dwr/call/plaincall/AjaxCheckService.setItemNumber.dwr HTTP/1.1" 200 77
172.17.0.101 - - [20/Jul/2020:08:53:31 +0800] "POST /xingrg/dwr/call/plaincall/AjaxCheckService.setItemNumber.dwr HTTP/1.1" 200 77
180.157.251.101 - - [20/Jul/2020:08:53:32 +0800] "GET /xingrg/all/function/internal_message.html?_=1595206412239&CODE_STATE=getMsg HTTP/1.1" 200 27
116.230.146.118 - - [20/Jul/2020:08:53:32 +0800] "POST /xingrg/dwr/call/plaincall/AjaxCheckService.setItemNumber.dwr HTTP/1.1" 200 77
180.157.251.101 - - [20/Jul/2020:08:53:32 +0800] "POST /xingrg/dwr/call/plaincall/AjaxCheckService.setItemNumber.dwr HTTP/1.1" 200 78
180.157.251.101 - - [20/Jul/2020:08:53:33 +0800] "POST /xingrg/dwr/call/plaincall/AjaxCheckService.setItemNumber.dwr HTTP/1.1" 200 78
172.17.0.101 - - [20/Jul/2020:08:53:33 +0800] "POST /xingrg/dwr/call/plaincall/AjaxCheckService.setItemNumber.dwr HTTP/1.1" 200 77
101.91.60.11 - - [20/Jul/2020:08:53:33 +0800] "GET /xingrg/all/function/internal_message.html?_=1595206349267&CODE_STATE=getMsg HTTP/1.1" 302 -
180.157.251.101 - - [20/Jul/2020:08:53:33 +0800] "POST /xingrg/dwr/call/plaincall/AjaxCheckService.setItemNumber.dwr HTTP/1.1" 200 78
222.69.130.28 - - [20/Jul/2020:08:53:33 +0800] "GET /xingrg/all/function/internal_message.html?_=1595206412712&CODE_STATE=getMsg HTTP/1.1" 200 27
172.17.0.101 - - [20/Jul/2020:08:53:34 +0800] "POST /xingrg/dwr/call/plaincall/AjaxCheckService.setItemNumber.dwr HTTP/1.1" 200 77
180.157.251.101 - - [20/Jul/2020:08:53:34 +0800] "POST /xingrg/dwr/call/plaincall/AjaxCheckService.setItemNumber.dwr HTTP/1.1" 200 78
172.17.0.101 - - [20/Jul/2020:08:53:35 +0800] "POST /xingrg/dwr/call/plaincall/AjaxCheckService.setItemNumber.dwr HTTP/1.1" 200 77
222.69.130.28 - - [20/Jul/2020:08:53:35 +0800] "POST /xingrg/kc/buy/cgsh_order_operate.html HTTP/1.1" 200 37
172.17.0.101 - - [20/Jul/2020:08:53:36 +0800] "POST /xingrg/dwr/call/plaincall/AjaxCheckService.setItemNumber.dwr HTTP/1.1" 200 77
101.91.60.11 - - [20/Jul/2020:08:53:37 +0800] "GET /xingrg/login.html HTTP/1.1" 200 7641
180.157.251.101 - - [20/Jul/2020:08:53:37 +0800] "POST /xingrg/dwr/call/plaincall/AjaxCheckService.setItemNumber.dwr HTTP/1.1" 200 78
222.69.130.28 - - [20/Jul/2020:08:53:37 +0800] "POST /xingrg/kc/buy/cgsh_order_operate.html HTTP/1.1" 200 12
172.17.0.101 - - [20/Jul/2020:08:53:39 +0800] "POST /xingrg/dwr/call/plaincall/AjaxCheckService.setItemNumber.dwr HTTP/1.1" 200 77
172.17.0.101 - - [20/Jul/2020:08:53:40 +0800] "POST /xingrg/dwr/call/plaincall/AjaxCheckService.setItemNumber.dwr HTTP/1.1" 200 77
172.17.0.101 - - [20/Jul/2020:08:53:41 +0800] "POST /xingrg/dwr/call/plaincall/AjaxCheckService.setItemNumber.dwr HTTP/1.1" 200 77
116.230.146.118 - - [20/Jul/2020:08:53:41 +0800] "POST /xingrg/dwr/call/plaincall/AjaxCheckService.setItemNumber.dwr HTTP/1.1" 200 77
172.17.0.101 - - [20/Jul/2020:08:53:42 +0800] "POST /xingrg/dwr/call/plaincall/AjaxCheckService.setItemNumber.dwr HTTP/1.1" 200 77
116.230.146.118 - - [20/Jul/2020:08:53:43 +0800] "POST /xingrg/dwr/call/plaincall/AjaxCheckService.setItemNumber.dwr HTTP/1.1" 200 77
172.17.0.101 - - [20/Jul/2020:08:53:43 +0800] "POST /xingrg/dwr/call/plaincall/AjaxCheckService.setItemNumber.dwr HTTP/1.1" 200 77
172.17.0.123 - - [20/Jul/2020:08:53:44 +0800] "GET /xingrg/all/function/internal_message.html?_=1595206365519&CODE_STATE=getMsg HTTP/1.1" 302 -
180.175.214.200 - - [20/Jul/2020:08:53:44 +0800] "GET /xingrg/kc/buy/cgsh_order_operate.html?command=get_materiel&rest_code=00102&code=00101008096&supplier_code=00100008&order_time=2020-07-20 HTTP/1.1" 200 432
116.230.146.118 - - [20/Jul/2020:08:53:44 +0800] "POST /xingrg/dwr/call/plaincall/AjaxCheckService.setItemNumber.dwr HTTP/1.1" 200 77
116.230.146.118 - - [20/Jul/2020:08:53:44 +0800] "POST /xingrg/dwr/call/plaincall/AjaxCheckService.setItemNumber.dwr HTTP/1.1" 200 77
172.17.0.101 - - [20/Jul/2020:08:53:44 +0800] "POST /xingrg/dwr/call/plaincall/AjaxCheckService.setItemNumber.dwr HTTP/1.1" 200 77
172.17.0.101 - - [20/Jul/2020:08:53:45 +0800] "POST /xingrg/dwr/call/plaincall/AjaxCheckService.setItemNumber.dwr HTTP/1.1" 200 77
116.230.146.118 - - [20/Jul/2020:08:53:45 +0800] "POST /xingrg/dwr/call/plaincall/AjaxCheckService.setItemNumber.dwr HTTP/1.1" 200 77
116.230.146.118 - - [20/Jul/2020:08:53:46 +0800] "POST /xingrg/dwr/call/plaincall/AjaxCheckService.setItemNumber.dwr HTTP/1.1" 200 77
114.89.80.44 - - [20/Jul/2020:08:53:46 +0800] "GET /xingrg/kc/base/wldb_order_operate.html?command=get_materiel&rest_code=00151&base_code=0010645&code=00101029051 HTTP/1.1" 200 419
172.17.0.101 - - [20/Jul/2020:08:53:46 +0800] "POST /xingrg/dwr/call/plaincall/AjaxCheckService.setItemNumber.dwr HTTP/1.1" 200 77
116.230.146.118 - - [20/Jul/2020:08:53:46 +0800] "POST /xingrg/dwr/call/plaincall/AjaxCheckService.setItemNumber.dwr HTTP/1.1" 200 77
116.230.146.118 - - [20/Jul/2020:08:53:47 +0800] "POST /xingrg/dwr/call/plaincall/AjaxCheckService.setItemNumber.dwr HTTP/1.1" 200 77
180.175.214.200 - - [20/Jul/2020:08:53:47 +0800] "GET /xingrg/all/function/internal_message.html?_=1595206633909&CODE_STATE=getMsg HTTP/1.1" 200 27
172.17.0.101 - - [20/Jul/2020:08:53:47 +0800] "POST /xingrg/dwr/call/plaincall/AjaxCheckService.setItemNumber.dwr HTTP/1.1" 200 77
222.69.130.28 - - [20/Jul/2020:08:53:48 +0800] "GET /xingrg/kc/buy/cgsh_order_info.html?code=212020072008229 HTTP/1.1" 200 54272
222.69.130.28 - - [20/Jul/2020:08:53:48 +0800] "GET /xingrg/javascript/easyui/themes/default/validatebox.css HTTP/1.1" 404 1104
222.69.130.28 - - [20/Jul/2020:08:53:48 +0800] "POST /xingrg/kc/buy/cgsh_order_operate.html HTTP/1.1" 200 33154
116.230.146.118 - - [20/Jul/2020:08:53:49 +0800] "POST /xingrg/dwr/call/plaincall/AjaxCheckService.setItemNumber.dwr HTTP/1.1" 200 77
116.230.146.118 - - [20/Jul/2020:08:53:49 +0800] "POST /xingrg/dwr/call/plaincall/AjaxCheckService.setItemNumber.dwr HTTP/1.1" 200 77
172.17.0.101 - - [20/Jul/2020:08:53:50 +0800] "POST /xingrg/dwr/call/plaincall/AjaxCheckService.setItemNumber.dwr HTTP/1.1" 200 77
222.69.130.28 - - [20/Jul/2020:08:53:50 +0800] "GET /xingrg/kc/print/load_config.html?kc_code=cgsh HTTP/1.1" 200 1845
222.69.130.28 - - [20/Jul/2020:08:53:50 +0800] "GET /xingrg/kc/print/load_data.html?order_code=212020072008229&kc_code=cgsh&condition= HTTP/1.1" 200 13072
116.230.146.118 - - [20/Jul/2020:08:53:50 +0800] "POST /xingrg/dwr/call/plaincall/AjaxCheckService.setItemNumber.dwr HTTP/1.1" 200 77
172.17.0.101 - - [20/Jul/2020:08:53:51 +0800] "POST /xingrg/dwr/call/plaincall/AjaxCheckService.setItemNumber.dwr HTTP/1.1" 200 77
114.88.161.57 - - [20/Jul/2020:08:53:51 +0800] "GET /xingrg/javascript/jquery_easy_ui/themes/default/images/tabs_active.png HTTP/1.1" 304 -
116.230.146.118 - - [20/Jul/2020:08:53:52 +0800] "POST /xingrg/dwr/call/plaincall/AjaxCheckService.setItemNumber.dwr HTTP/1.1" 200 77
172.17.0.101 - - [20/Jul/2020:08:53:52 +0800] "POST /xingrg/dwr/call/plaincall/AjaxCheckService.setItemNumber.dwr HTTP/1.1" 200 77
114.88.161.57 - - [20/Jul/2020:08:53:53 +0800] "GET /xingrg/kc/buy/buy_main.html HTTP/1.1" 200 12412
114.88.161.57 - - [20/Jul/2020:08:53:53 +0800] "GET /xingrg/css/new_ie.css HTTP/1.1" 404 1036
116.230.146.118 - - [20/Jul/2020:08:53:53 +0800] "POST /xingrg/dwr/call/plaincall/AjaxCheckService.setItemNumber.dwr HTTP/1.1" 200 77
114.88.161.57 - - [20/Jul/2020:08:53:53 +0800] "GET /xingrg/javascript/jquery_ui/themes/humanity/humanity.css HTTP/1.1" 304 -
114.88.161.57 - - [20/Jul/2020:08:53:53 +0800] "GET /xingrg/javascript/jquery_ui/jquery-ui.min.js HTTP/1.1" 304 -
114.88.161.57 - - [20/Jul/2020:08:53:53 +0800] "GET /xingrg/images/blue/button/cgxqd.gif HTTP/1.1" 304 -
114.88.161.57 - - [20/Jul/2020:08:53:53 +0800] "GET /xingrg/images/blue/button/cgydd.gif HTTP/1.1" 304 -
114.88.161.57 - - [20/Jul/2020:08:53:53 +0800] "GET /xingrg/images/blue/button/kc.gif HTTP/1.1" 304 -
114.88.161.57 - - [20/Jul/2020:08:53:53 +0800] "GET /xingrg/images/blue/button/cgshd.gif HTTP/1.1" 304 -
114.88.161.57 - - [20/Jul/2020:08:53:53 +0800] "GET /xingrg/images/blue/button/ckthd.gif HTTP/1.1" 304 -
114.88.161.57 - - [20/Jul/2020:08:53:53 +0800] "GET /xingrg/images/blue/pic_form2.gif HTTP/1.1" 304 -
114.88.161.57 - - [20/Jul/2020:08:53:53 +0800] "GET /xingrg/images/blue/button/cgfkd.gif HTTP/1.1" 304 -
114.88.161.57 - - [20/Jul/2020:08:53:53 +0800] "GET /xingrg/javascript/jquery_ui/themes/humanity/images/ui-bg_inset-soft_100_f4f0ec_1x100.png HTTP/1.1" 304 -
114.88.161.57 - - [20/Jul/2020:08:53:53 +0800] "GET /xingrg/images/blue/bg_dotted.jpg HTTP/1.1" 304 -
114.88.161.57 - - [20/Jul/2020:08:53:53 +0800] "GET /xingrg/images/blue/button/right_ah.jpg HTTP/1.1" 304 -
114.88.161.57 - - [20/Jul/2020:08:53:53 +0800] "GET /xingrg/images/blue/button/down_ah.jpg HTTP/1.1" 304 -
172.17.0.101 - - [20/Jul/2020:08:53:53 +0800] "POST /xingrg/dwr/call/plaincall/AjaxCheckService.setItemNumber.dwr HTTP/1.1" 200 77
114.88.161.57 - - [20/Jul/2020:08:53:53 +0800] "GET /xingrg/javascript/jquery_ui/themes/humanity/images/ui-iconsnew.jpg HTTP/1.1" 304 -
114.88.161.57 - - [20/Jul/2020:08:53:53 +0800] "GET /xingrg/javascript/jquery_ui/themes/humanity/images/ui-icons_ffffff_256x240.png HTTP/1.1" 304 -
114.88.161.57 - - [20/Jul/2020:08:53:53 +0800] "GET /xingrg/javascript/jquery_ui/themes/humanity/images/ui-icons_c47a23_256x240.png HTTP/1.1" 304 -
114.88.161.57 - - [20/Jul/2020:08:53:53 +0800] "GET /xingrg/javascript/jquery_ui/themes/humanity/images/ui-bg_glass_70_ede4d4_1x400.png HTTP/1.1" 304 -
116.230.146.118 - - [20/Jul/2020:08:53:53 +0800] "POST /xingrg/dwr/call/plaincall/AjaxCheckService.setItemNumber.dwr HTTP/1.1" 200 77
114.88.161.57 - - [20/Jul/2020:08:53:53 +0800] "GET /xingrg/images/yd/bt.gif HTTP/1.1" 404 1040
172.17.0.101 - - [20/Jul/2020:08:53:54 +0800] "POST /xingrg/dwr/call/plaincall/AjaxCheckService.setItemNumber.dwr HTTP/1.1" 200 77
114.88.161.57 - - [20/Jul/2020:08:53:54 +0800] "GET /xingrg/kc/buy/cgsh_order_list.html HTTP/1.1" 200 43578
114.88.161.57 - - [20/Jul/2020:08:53:54 +0800] "GET /xingrg/javascript/easyui/themes/icons/edit_add_new.png HTTP/1.1" 304 -
114.88.161.57 - - [20/Jul/2020:08:53:54 +0800] "GET /xingrg/javascript/easyui/themes/icons/import_new.png HTTP/1.1" 304 -
180.175.214.200 - - [20/Jul/2020:08:53:54 +0800] "GET /xingrg/kc/buy/cgsh_order_operate.html?command=get_materiel&rest_code=00102&code=00101008283&supplier_code=00100008&order_time=2020-07-20 HTTP/1.1" 200 408
116.230.146.118 - - [20/Jul/2020:08:53:54 +0800] "POST /xingrg/dwr/call/plaincall/AjaxCheckService.setItemNumber.dwr HTTP/1.1" 200 77
172.17.0.101 - - [20/Jul/2020:08:53:54 +0800] "POST /xingrg/dwr/call/plaincall/AjaxCheckService.setItemNumber.dwr HTTP/1.1" 200 77
116.230.146.118 - - [20/Jul/2020:08:53:55 +0800] "GET /xingrg/all/function/internal_message.html?_=1595206432898&CODE_STATE=getMsg HTTP/1.1" 200 27
114.88.161.57 - - [20/Jul/2020:08:53:55 +0800] "GET /xingrg/all/function/internal_message.html?_=1595206456288&CODE_STATE=getMsg HTTP/1.1" 200 27
114.88.161.57 - - [20/Jul/2020:08:53:55 +0800] "POST /xingrg/kc/buy/cgsh_list_operate.html HTTP/1.1" 200 876
116.230.146.118 - - [20/Jul/2020:08:53:55 +0800] "POST /xingrg/dwr/call/plaincall/AjaxCheckService.setItemNumber.dwr HTTP/1.1" 200 77
172.17.0.101 - - [20/Jul/2020:08:53:56 +0800] "POST /xingrg/dwr/call/plaincall/AjaxCheckService.setItemNumber.dwr HTTP/1.1" 200 77
116.230.146.118 - - [20/Jul/2020:08:53:56 +0800] "POST /xingrg/dwr/call/plaincall/AjaxCheckService.setItemNumber.dwr HTTP/1.1" 200 77
172.17.0.101 - - [20/Jul/2020:08:53:56 +0800] "POST /xingrg/dwr/call/plaincall/AjaxCheckService.setItemNumber.dwr HTTP/1.1" 200 77
116.230.146.118 - - [20/Jul/2020:08:53:57 +0800] "POST /xingrg/dwr/call/plaincall/AjaxCheckService.setItemNumber.dwr HTTP/1.1" 200 77
116.230.146.118 - - [20/Jul/2020:08:53:58 +0800] "POST /xingrg/dwr/call/plaincall/AjaxCheckService.setItemNumber.dwr HTTP/1.1" 200 77
172.17.0.101 - - [20/Jul/2020:08:53:58 +0800] "POST /xingrg/dwr/call/plaincall/AjaxCheckService.setItemNumber.dwr HTTP/1.1" 200 77
116.230.146.118 - - [20/Jul/2020:08:53:58 +0800] "POST /xingrg/dwr/call/plaincall/AjaxCheckService.setItemNumber.dwr HTTP/1.1" 200 77
172.17.0.101 - - [20/Jul/2020:08:53:59 +0800] "POST /xingrg/dwr/call/plaincall/AjaxCheckService.setItemNumber.dwr HTTP/1.1" 200 77
120.253.135.82 - - [20/Jul/2020:08:53:59 +0800] "GET /xingrg/all/function/internal_message.html?_=1595206193629&CODE_STATE=getMsg HTTP/1.1" 200 27
116.230.146.118 - - [20/Jul/2020:08:53:59 +0800] "POST /xingrg/dwr/call/plaincall/AjaxCheckService.setItemNumber.dwr HTTP/1.1" 200 77
172.17.0.101 - - [20/Jul/2020:08:54:00 +0800] "POST /xingrg/dwr/call/plaincall/AjaxCheckService.setItemNumber.dwr HTTP/1.1" 200 77
116.230.146.118 - - [20/Jul/2020:08:54:00 +0800] "POST /xingrg/dwr/call/plaincall/AjaxCheckService.setItemNumber.dwr HTTP/1.1" 200 77
180.175.214.200 - - [20/Jul/2020:08:54:00 +0800] "GET /xingrg/kc/buy/cgsh_order_operate.html?command=get_materiel&rest_code=00102&code=00101008358&supplier_code=00100008&order_time=2020-07-20 HTTP/1.1" 200 412
172.17.0.101 - - [20/Jul/2020:08:54:01 +0800] "POST /xingrg/dwr/call/plaincall/AjaxCheckService.setItemNumber.dwr HTTP/1.1" 200 77
116.230.146.118 - - [20/Jul/2020:08:54:01 +0800] "POST /xingrg/dwr/call/plaincall/AjaxCheckService.setItemNumber.dwr HTTP/1.1" 200 77
116.230.146.118 - - [20/Jul/2020:08:54:01 +0800] "POST /xingrg/dwr/call/plaincall/AjaxCheckService.setItemNumber.dwr HTTP/1.1" 200 77
172.17.0.101 - - [20/Jul/2020:08:54:02 +0800] "POST /xingrg/dwr/call/plaincall/AjaxCheckService.setItemNumber.dwr HTTP/1.1" 200 77
116.230.146.118 - - [20/Jul/2020:08:54:02 +0800] "POST /xingrg/dwr/call/plaincall/AjaxCheckService.setItemNumber.dwr HTTP/1.1" 200 77
172.17.0.101 - - [20/Jul/2020:08:54:03 +0800] "POST /xingrg/dwr/call/plaincall/AjaxCheckService.setItemNumber.dwr HTTP/1.1" 200 77
117.131.5.26 - - [20/Jul/2020:08:54:03 +0800] "GET /xingrg/all/function/internal_message.html?_=1595206815982&CODE_STATE=getMsg HTTP/1.1" 200 27
116.230.146.118 - - [20/Jul/2020:08:54:04 +0800] "POST /xingrg/dwr/call/plaincall/AjaxCheckService.setItemNumber.dwr HTTP/1.1" 200 77
116.230.146.118 - - [20/Jul/2020:08:54:04 +0800] "POST /xingrg/dwr/call/plaincall/AjaxCheckService.setItemNumber.dwr HTTP/1.1" 200 77
116.230.146.118 - - [20/Jul/2020:08:54:05 +0800] "POST /xingrg/dwr/call/plaincall/AjaxCheckService.setItemNumber.dwr HTTP/1.1" 200 77
172.17.200.101 - - [20/Jul/2020:08:54:05 +0800] "GET /xingrg/check_reg.html?_=1595206445717 HTTP/1.1" 200 22
172.17.200.101 - - [20/Jul/2020:08:54:05 +0800] "GET /xingrg/all/function/internal_message.html?_=1595206445720&CODE_STATE=getMsg HTTP/1.1" 200 27
172.17.0.101 - - [20/Jul/2020:08:54:05 +0800] "POST /xingrg/dwr/call/plaincall/AjaxCheckService.setItemNumber.dwr HTTP/1.1" 200 77
116.230.146.118 - - [20/Jul/2020:08:54:06 +0800] "POST /xingrg/dwr/call/plaincall/AjaxCheckService.setItemNumber.dwr HTTP/1.1" 200 77
172.17.0.101 - - [20/Jul/2020:08:54:06 +0800] "POST /xingrg/dwr/call/plaincall/AjaxCheckService.setItemNumber.dwr HTTP/1.1" 200 77
116.230.146.118 - - [20/Jul/2020:08:54:07 +0800] "POST /xingrg/dwr/call/plaincall/AjaxCheckService.setItemNumber.dwr HTTP/1.1" 200 77
58.37.224.159 - - [20/Jul/2020:08:54:07 +0800] "GET /xingrg/all/function/internal_message.html?_=1595206113477&CODE_STATE=getMsg HTTP/1.1" 200 27
114.89.80.44 - - [20/Jul/2020:08:54:07 +0800] "GET /xingrg/all/function/internal_message.html?_=1595206445623&CODE_STATE=getMsg HTTP/1.1" 200 27
172.17.0.101 - - [20/Jul/2020:08:54:07 +0800] "POST /xingrg/dwr/call/plaincall/AjaxCheckService.setItemNumber.dwr HTTP/1.1" 200 77
116.230.146.118 - - [20/Jul/2020:08:54:08 +0800] "POST /xingrg/dwr/call/plaincall/AjaxCheckService.setItemNumber.dwr HTTP/1.1" 200 77
172.17.0.101 - - [20/Jul/2020:08:54:08 +0800] "POST /xingrg/dwr/call/plaincall/AjaxCheckService.setItemNumber.dwr HTTP/1.1" 200 77
116.230.146.118 - - [20/Jul/2020:08:54:09 +0800] "POST /xingrg/dwr/call/plaincall/AjaxCheckService.setItemNumber.dwr HTTP/1.1" 200 77
180.157.251.101 - - [20/Jul/2020:08:54:09 +0800] "POST /xingrg/dwr/call/plaincall/AjaxCheckService.setItemNumber.dwr HTTP/1.1" 200 78
180.175.214.200 - - [20/Jul/2020:08:54:09 +0800] "GET /xingrg/kc/buy/cgsh_order_operate.html?command=get_materiel&rest_code=00102&code=00101008163&supplier_code=00100008&order_time=2020-07-20 HTTP/1.1" 200 409
116.230.146.118 - - [20/Jul/2020:08:54:09 +0800] "POST /xingrg/dwr/call/plaincall/AjaxCheckService.setItemNumber.dwr HTTP/1.1" 200 77
172.17.0.101 - - [20/Jul/2020:08:54:10 +0800] "POST /xingrg/dwr/call/plaincall/AjaxCheckService.setItemNumber.dwr HTTP/1.1" 200 77
114.89.80.44 - - [20/Jul/2020:08:54:11 +0800] "POST /xingrg/dwr/call/plaincall/AjaxYddbService.deleteOrder.dwr HTTP/1.1" 200 78
114.89.80.44 - - [20/Jul/2020:08:54:12 +0800] "GET /xingrg/kc/base/yddb_order_list.html HTTP/1.1" 200 16865
114.89.80.44 - - [20/Jul/2020:08:54:12 +0800] "POST /xingrg/kc/base/yddb_list_operate.html HTTP/1.1" 200 583
116.230.146.118 - - [20/Jul/2020:08:54:12 +0800] "POST /xingrg/dwr/call/plaincall/AjaxCheckService.setItemNumber.dwr HTTP/1.1" 200 77
116.230.146.118 - - [20/Jul/2020:08:54:13 +0800] "POST /xingrg/dwr/call/plaincall/AjaxCheckService.setItemNumber.dwr HTTP/1.1" 200 77
116.230.146.118 - - [20/Jul/2020:08:54:14 +0800] "POST /xingrg/dwr/call/plaincall/AjaxCheckService.setItemNumber.dwr HTTP/1.1" 200 77
180.157.251.101 - - [20/Jul/2020:08:54:14 +0800] "POST /xingrg/dwr/call/plaincall/AjaxCheckService.setItemNumber.dwr HTTP/1.1" 200 78
114.89.80.44 - - [20/Jul/2020:08:54:14 +0800] "GET /xingrg/kc/base/yddb_order_list.html HTTP/1.1" 200 16865
114.89.80.44 - - [20/Jul/2020:08:54:14 +0800] "POST /xingrg/kc/base/yddb_list_operate.html HTTP/1.1" 200 583
116.230.146.118 - - [20/Jul/2020:08:54:14 +0800] "POST /xingrg/dwr/call/plaincall/AjaxCheckService.setItemNumber.dwr HTTP/1.1" 200 78
180.157.251.101 - - [20/Jul/2020:08:54:15 +0800] "POST /xingrg/dwr/call/plaincall/AjaxCheckService.setItemNumber.dwr HTTP/1.1" 200 78
172.17.0.101 - - [20/Jul/2020:08:54:15 +0800] "POST /xingrg/dwr/call/plaincall/AjaxCheckService.setItemNumber.dwr HTTP/1.1" 200 77
116.230.146.118 - - [20/Jul/2020:08:54:16 +0800] "POST /xingrg/dwr/call/plaincall/AjaxCheckService.setItemNumber.dwr HTTP/1.1" 200 78
172.17.0.101 - - [20/Jul/2020:08:54:16 +0800] "POST /xingrg/dwr/call/plaincall/AjaxCheckService.setItemNumber.dwr HTTP/1.1" 200 77
61.172.5.115 - - [20/Jul/2020:08:54:16 +0800] "GET /xingrg/kc/buy/cgsh_order_add.html HTTP/1.1" 200 59316
61.172.5.115 - - [20/Jul/2020:08:54:16 +0800] "POST /xingrg/kc/buy/cgsh_order_operate.html HTTP/1.1" 200 8245
61.172.5.115 - - [20/Jul/2020:08:54:16 +0800] "GET /xingrg/javascript/easyui/themes/default/validatebox.css HTTP/1.1" 404 1104
172.17.0.101 - - [20/Jul/2020:08:54:16 +0800] "POST /xingrg/dwr/call/plaincall/AjaxCheckService.setItemNumber.dwr HTTP/1.1" 200 77
116.230.146.118 - - [20/Jul/2020:08:54:17 +0800] "POST /xingrg/dwr/call/plaincall/AjaxCheckService.setItemNumber.dwr HTTP/1.1" 200 78
116.230.146.118 - - [20/Jul/2020:08:54:17 +0800] "POST /xingrg/dwr/call/plaincall/AjaxCheckService.setItemNumber.dwr HTTP/1.1" 200 78
180.157.251.101 - - [20/Jul/2020:08:54:17 +0800] "POST /xingrg/dwr/call/plaincall/AjaxCheckService.setItemNumber.dwr HTTP/1.1" 200 78
172.17.0.101 - - [20/Jul/2020:08:54:17 +0800] "POST /xingrg/dwr/call/plaincall/AjaxCheckService.setItemNumber.dwr HTTP/1.1" 200 77
61.172.5.115 - - [20/Jul/2020:08:54:18 +0800] "GET /xingrg/all/function/internal_message.html?_=1595206455778&CODE_STATE=getMsg HTTP/1.1" 200 27
180.157.251.101 - - [20/Jul/2020:08:54:19 +0800] "POST /xingrg/dwr/call/plaincall/AjaxCheckService.setItemNumber.dwr HTTP/1.1" 200 78
172.17.0.101 - - [20/Jul/2020:08:54:19 +0800] "POST /xingrg/dwr/call/plaincall/AjaxCheckService.setItemNumber.dwr HTTP/1.1" 200 77
116.230.146.118 - - [20/Jul/2020:08:54:19 +0800] "POST /xingrg/dwr/call/plaincall/AjaxCheckService.setItemNumber.dwr HTTP/1.1" 200 78
180.157.251.101 - - [20/Jul/2020:08:54:19 +0800] "POST /xingrg/dwr/call/plaincall/AjaxCheckService.setItemNumber.dwr HTTP/1.1" 200 78
172.17.0.101 - - [20/Jul/2020:08:54:20 +0800] "POST /xingrg/dwr/call/plaincall/AjaxCheckService.setItemNumber.dwr HTTP/1.1" 200 77
172.17.0.101 - - [20/Jul/2020:08:54:20 +0800] "GET /xingrg/all/function/internal_message.html?_=1595206462011&CODE_STATE=getMsg HTTP/1.1" 200 27
116.230.146.118 - - [20/Jul/2020:08:54:20 +0800] "POST /xingrg/dwr/call/plaincall/AjaxCheckService.setItemNumber.dwr HTTP/1.1" 200 78
180.157.251.101 - - [20/Jul/2020:08:54:20 +0800] "POST /xingrg/dwr/call/plaincall/AjaxCheckService.setItemNumber.dwr HTTP/1.1" 200 78
116.230.146.118 - - [20/Jul/2020:08:54:21 +0800] "POST /xingrg/dwr/call/plaincall/AjaxCheckService.setItemNumber.dwr HTTP/1.1" 200 78
172.17.0.101 - - [20/Jul/2020:08:54:21 +0800] "POST /xingrg/dwr/call/plaincall/AjaxCheckService.setItemNumber.dwr HTTP/1.1" 200 77
180.157.251.101 - - [20/Jul/2020:08:54:21 +0800] "POST /xingrg/dwr/call/plaincall/AjaxCheckService.setItemNumber.dwr HTTP/1.1" 200 78
116.230.146.118 - - [20/Jul/2020:08:54:22 +0800] "POST /xingrg/dwr/call/plaincall/AjaxCheckService.setItemNumber.dwr HTTP/1.1" 200 78
124.77.243.181 - - [20/Jul/2020:08:54:22 +0800] "GET /xingrg/all/function/internal_message.html?_=1595206463241&CODE_STATE=getMsg HTTP/1.1" 200 27
172.17.0.101 - - [20/Jul/2020:08:54:22 +0800] "POST /xingrg/dwr/call/plaincall/AjaxCheckService.setItemNumber.dwr HTTP/1.1" 200 77
114.89.80.44 - - [20/Jul/2020:08:54:22 +0800] "POST /xingrg/all/user/operate.html HTTP/1.1" 200 36
114.89.80.44 - - [20/Jul/2020:08:54:23 +0800] "GET /xingrg/index.html?sysBaseUrl=http%3A%2F%2F180.169.147.146%3A18081%2Fxingrg%2F&costTime=43×tamp=1595161777709 HTTP/1.1" 200 17179
114.89.80.44 - - [20/Jul/2020:08:54:23 +0800] "GET /xingrg/javascript/jquery_easy_ui/themes/default/easyui.css HTTP/1.1" 304 -
114.89.80.44 - - [20/Jul/2020:08:54:23 +0800] "GET /xingrg/javascript/jquery_easy_ui/themes/icon.css HTTP/1.1" 304 -
114.89.80.44 - - [20/Jul/2020:08:54:23 +0800] "GET /xingrg/css/form.css HTTP/1.1" 304 -
114.89.80.44 - - [20/Jul/2020:08:54:23 +0800] "GET /xingrg/javascript/jquery-1.4.2.min.js HTTP/1.1" 304 -
114.89.80.44 - - [20/Jul/2020:08:54:23 +0800] "GET /xingrg/javascript/jquery_easy_ui/jquery.easyui.min.js HTTP/1.1" 304 -
114.89.80.44 - - [20/Jul/2020:08:54:23 +0800] "GET /xingrg/javascript/jquery_easy_ui/easyui-lang-zh_CN.js HTTP/1.1" 304 -
114.89.80.44 - - [20/Jul/2020:08:54:23 +0800] "GET /xingrg/javascript/jquery.form.js HTTP/1.1" 304 -
114.89.80.44 - - [20/Jul/2020:08:54:23 +0800] "GET /xingrg/javascript/jquery.utils.js HTTP/1.1" 304 -
114.89.80.44 - - [20/Jul/2020:08:54:23 +0800] "GET /xingrg/javascript/jquery.timers.js HTTP/1.1" 304 -
114.89.80.44 - - [20/Jul/2020:08:54:23 +0800] "GET /xingrg/images/blue/jxLogo.png HTTP/1.1" 304 -
114.89.80.44 - - [20/Jul/2020:08:54:23 +0800] "GET /xingrg/javascript/jquery_easy_ui/themes/icons/settle_new.png HTTP/1.1" 304 -
114.89.80.44 - - [20/Jul/2020:08:54:23 +0800] "GET /xingrg/images/blue/navBackgound.jpg HTTP/1.1" 304 -
116.230.146.118 - - [20/Jul/2020:08:54:23 +0800] "POST /xingrg/dwr/call/plaincall/AjaxCheckService.setItemNumber.dwr HTTP/1.1" 200 78
114.89.80.44 - - [20/Jul/2020:08:54:23 +0800] "POST /xingrg/all/common/load_tree.html?tree=area_rest_tree_json&manage=1 HTTP/1.1" 200 476
114.89.80.44 - - [20/Jul/2020:08:54:23 +0800] "GET /xingrg/all/function/internal_message.html?_=1595206460940&CODE_STATE=count HTTP/1.1" 200 11
114.89.80.44 - - [20/Jul/2020:08:54:23 +0800] "GET /xingrg/check_reg.html?_=1595206460942 HTTP/1.1" 200 22
114.89.80.44 - - [20/Jul/2020:08:54:23 +0800] "GET /xingrg/javascript/jquery_easy_ui/themes/default/images/tabs_leftarrow.png HTTP/1.1" 304 -
114.89.80.44 - - [20/Jul/2020:08:54:23 +0800] "GET /xingrg/images/blue/pingpu.png HTTP/1.1" 304 -
114.89.80.44 - - [20/Jul/2020:08:54:23 +0800] "GET /xingrg/javascript/jquery_easy_ui/themes/default/images/tabs_rightarrow.png HTTP/1.1" 304 -
114.89.80.44 - - [20/Jul/2020:08:54:23 +0800] "GET /xingrg/javascript/jquery_easy_ui/themes/default/images/panel_tool_collapse.gif HTTP/1.1" 304 -
114.89.80.44 - - [20/Jul/2020:08:54:23 +0800] "POST /xingrg/load_menu.html HTTP/1.1" 200 5138
116.230.146.118 - - [20/Jul/2020:08:54:23 +0800] "POST /xingrg/dwr/call/plaincall/AjaxCheckService.setItemNumber.dwr HTTP/1.1" 200 78
172.17.0.101 - - [20/Jul/2020:08:54:23 +0800] "POST /xingrg/dwr/call/plaincall/AjaxCheckService.setItemNumber.dwr HTTP/1.1" 200 77
180.175.214.200 - - [20/Jul/2020:08:54:24 +0800] "GET /xingrg/kc/buy/cgsh_order_operate.html?command=get_materiel&rest_code=00102&code=00101008355&supplier_code=00100008&order_time=2020-07-20 HTTP/1.1" 200 408
116.230.146.118 - - [20/Jul/2020:08:54:24 +0800] "POST /xingrg/dwr/call/plaincall/AjaxCheckService.setItemNumber.dwr HTTP/1.1" 200 78
172.17.0.101 - - [20/Jul/2020:08:54:24 +0800] "POST /xingrg/dwr/call/plaincall/AjaxCheckService.setItemNumber.dwr HTTP/1.1" 200 77
116.230.146.118 - - [20/Jul/2020:08:54:25 +0800] "POST /xingrg/dwr/call/plaincall/AjaxCheckService.setItemNumber.dwr HTTP/1.1" 200 78
172.17.0.101 - - [20/Jul/2020:08:54:25 +0800] "POST /xingrg/dwr/call/plaincall/AjaxCheckService.setItemNumber.dwr HTTP/1.1" 200 77
116.230.146.118 - - [20/Jul/2020:08:54:26 +0800] "POST /xingrg/dwr/call/plaincall/AjaxCheckService.setItemNumber.dwr HTTP/1.1" 200 78
116.230.146.118 - - [20/Jul/2020:08:54:26 +0800] "POST /xingrg/dwr/call/plaincall/AjaxCheckService.setItemNumber.dwr HTTP/1.1" 200 78
116.230.146.118 - - [20/Jul/2020:08:54:27 +0800] "POST /xingrg/dwr/call/plaincall/AjaxCheckService.setItemNumber.dwr HTTP/1.1" 200 78
58.37.224.159 - - [20/Jul/2020:08:54:27 +0800] "GET /xingrg/check_reg.html?_=1595206133359 HTTP/1.1" 200 22
116.230.146.118 - - [20/Jul/2020:08:54:28 +0800] "POST /xingrg/dwr/call/plaincall/AjaxCheckService.setItemNumber.dwr HTTP/1.1" 200 78
180.157.251.101 - - [20/Jul/2020:08:54:28 +0800] "POST /xingrg/dwr/call/plaincall/AjaxCheckService.setItemNumber.dwr HTTP/1.1" 200 78
172.17.0.101 - - [20/Jul/2020:08:54:28 +0800] "POST /xingrg/dwr/call/plaincall/AjaxCheckService.setItemNumber.dwr HTTP/1.1" 200 77
58.37.224.159 - - [20/Jul/2020:08:54:28 +0800] "GET /xingrg/all/function/internal_message.html?_=1595206469262&CODE_STATE=getMsg HTTP/1.1" 200 27
114.88.161.57 - - [20/Jul/2020:08:54:28 +0800] "GET /xingrg/all/function/internal_message.html?_=1595206467552&CODE_STATE=getMsg HTTP/1.1" 200 27
116.230.146.118 - - [20/Jul/2020:08:54:28 +0800] "POST /xingrg/dwr/call/plaincall/AjaxCheckService.setItemNumber.dwr HTTP/1.1" 200 78
172.17.0.101 - - [20/Jul/2020:08:54:29 +0800] "POST /xingrg/dwr/call/plaincall/AjaxCheckService.setItemNumber.dwr HTTP/1.1" 200 77
116.230.146.118 - - [20/Jul/2020:08:54:29 +0800] "POST /xingrg/dwr/call/plaincall/AjaxCheckService.setItemNumber.dwr HTTP/1.1" 200 78
180.157.251.101 - - [20/Jul/2020:08:54:29 +0800] "POST /xingrg/dwr/call/plaincall/AjaxCheckService.setItemNumber.dwr HTTP/1.1" 200 78
116.230.146.118 - - [20/Jul/2020:08:54:30 +0800] "POST /xingrg/dwr/call/plaincall/AjaxCheckService.setItemNumber.dwr HTTP/1.1" 200 78
180.157.251.101 - - [20/Jul/2020:08:54:30 +0800] "POST /xingrg/dwr/call/plaincall/AjaxCheckService.setItemNumber.dwr HTTP/1.1" 200 78
116.230.146.118 - - [20/Jul/2020:08:54:31 +0800] "POST /xingrg/dwr/call/plaincall/AjaxCheckService.setItemNumber.dwr HTTP/1.1" 200 78
180.175.214.200 - - [20/Jul/2020:08:54:31 +0800] "GET /xingrg/kc/buy/cgsh_order_operate.html?command=get_materiel&rest_code=00102&code=00101009030&supplier_code=00100008&order_time=2020-07-20 HTTP/1.1" 200 412
180.157.251.101 - - [20/Jul/2020:08:54:31 +0800] "POST /xingrg/dwr/call/plaincall/AjaxCheckService.setItemNumber.dwr HTTP/1.1" 200 78
222.69.130.28 - - [20/Jul/2020:08:54:32 +0800] "GET /xingrg/check_reg.html?_=1595206470841 HTTP/1.1" 200 22
116.230.146.118 - - [20/Jul/2020:08:54:32 +0800] "POST /xingrg/dwr/call/plaincall/AjaxCheckService.setItemNumber.dwr HTTP/1.1" 200 78
180.157.251.101 - - [20/Jul/2020:08:54:32 +0800] "GET /xingrg/all/function/internal_message.html?_=1595206472771&CODE_STATE=getMsg HTTP/1.1" 200 27
180.157.251.101 - - [20/Jul/2020:08:54:32 +0800] "POST /xingrg/dwr/call/plaincall/AjaxCheckService.setItemNumber.dwr HTTP/1.1" 200 78
116.230.146.118 - - [20/Jul/2020:08:54:32 +0800] "POST /xingrg/dwr/call/plaincall/AjaxCheckService.setItemNumber.dwr HTTP/1.1" 200 78
172.17.0.101 - - [20/Jul/2020:08:54:33 +0800] "POST /xingrg/dwr/call/plaincall/AjaxCheckService.setItemNumber.dwr HTTP/1.1" 200 77
180.157.251.101 - - [20/Jul/2020:08:54:33 +0800] "POST /xingrg/dwr/call/plaincall/AjaxCheckService.setItemNumber.dwr HTTP/1.1" 200 78
116.230.146.118 - - [20/Jul/2020:08:54:33 +0800] "POST /xingrg/dwr/call/plaincall/AjaxCheckService.setItemNumber.dwr HTTP/1.1" 200 78
222.69.130.28 - - [20/Jul/2020:08:54:33 +0800] "GET /xingrg/all/function/internal_message.html?_=1595206472699&CODE_STATE=getMsg HTTP/1.1" 200 27
172.17.0.101 - - [20/Jul/2020:08:54:34 +0800] "POST /xingrg/dwr/call/plaincall/AjaxCheckService.setItemNumber.dwr HTTP/1.1" 200 77
172.17.0.101 - - [20/Jul/2020:08:54:36 +0800] "POST /xingrg/dwr/call/plaincall/AjaxCheckService.setItemNumber.dwr HTTP/1.1" 200 77
116.230.146.118 - - [20/Jul/2020:08:54:36 +0800] "POST /xingrg/dwr/call/plaincall/AjaxCheckService.setItemNumber.dwr HTTP/1.1" 200 78
116.230.146.118 - - [20/Jul/2020:08:54:37 +0800] "POST /xingrg/dwr/call/plaincall/AjaxCheckService.setItemNumber.dwr HTTP/1.1" 200 78
172.17.0.101 - - [20/Jul/2020:08:54:37 +0800] "POST /xingrg/dwr/call/plaincall/AjaxCheckService.setItemNumber.dwr HTTP/1.1" 200 77
116.230.146.118 - - [20/Jul/2020:08:54:37 +0800] "POST /xingrg/dwr/call/plaincall/AjaxCheckService.setItemNumber.dwr HTTP/1.1" 200 78
172.17.0.101 - - [20/Jul/2020:08:54:38 +0800] "POST /xingrg/dwr/call/plaincall/AjaxCheckService.setItemNumber.dwr HTTP/1.1" 200 77
116.230.146.118 - - [20/Jul/2020:08:54:38 +0800] "POST /xingrg/dwr/call/plaincall/AjaxCheckService.setItemNumber.dwr HTTP/1.1" 200 78
180.157.251.101 - - [20/Jul/2020:08:54:38 +0800] "POST /xingrg/dwr/call/plaincall/AjaxCheckService.setItemNumber.dwr HTTP/1.1" 200 78
172.17.0.101 - - [20/Jul/2020:08:54:39 +0800] "POST /xingrg/dwr/call/plaincall/AjaxCheckService.setItemNumber.dwr HTTP/1.1" 200 77
116.230.146.118 - - [20/Jul/2020:08:54:39 +0800] "POST /xingrg/dwr/call/plaincall/AjaxCheckService.setItemNumber.dwr HTTP/1.1" 200 78
116.230.146.118 - - [20/Jul/2020:08:54:40 +0800] "POST /xingrg/dwr/call/plaincall/AjaxCheckService.setItemNumber.dwr HTTP/1.1" 200 78
180.157.251.101 - - [20/Jul/2020:08:54:40 +0800] "POST /xingrg/dwr/call/plaincall/AjaxCheckService.setItemNumber.dwr HTTP/1.1" 200 78
116.230.146.118 - - [20/Jul/2020:08:54:41 +0800] "POST /xingrg/dwr/call/plaincall/AjaxCheckService.setItemNumber.dwr HTTP/1.1" 200 78
172.17.0.101 - - [20/Jul/2020:08:54:42 +0800] "POST /xingrg/dwr/call/plaincall/AjaxCheckService.setItemNumber.dwr HTTP/1.1" 200 77
116.230.146.118 - - [20/Jul/2020:08:54:42 +0800] "POST /xingrg/dwr/call/plaincall/AjaxCheckService.setItemNumber.dwr HTTP/1.1" 200 78
116.230.146.118 - - [20/Jul/2020:08:54:43 +0800] "POST /xingrg/dwr/call/plaincall/AjaxCheckService.setItemNumber.dwr HTTP/1.1" 200 78
180.157.251.101 - - [20/Jul/2020:08:54:43 +0800] "POST /xingrg/dwr/call/plaincall/AjaxCheckService.setItemNumber.dwr HTTP/1.1" 200 78
172.17.0.123 - - [20/Jul/2020:08:54:44 +0800] "GET /xingrg/all/function/internal_message.html?_=1595206425509&CODE_STATE=getMsg HTTP/1.1" 302 -
116.230.146.118 - - [20/Jul/2020:08:54:44 +0800] "POST /xingrg/dwr/call/plaincall/AjaxCheckService.setItemNumber.dwr HTTP/1.1" 200 78
180.157.251.101 - - [20/Jul/2020:08:54:44 +0800] "POST /xingrg/dwr/call/plaincall/AjaxCheckService.setItemNumber.dwr HTTP/1.1" 200 78
116.230.146.118 - - [20/Jul/2020:08:54:45 +0800] "POST /xingrg/dwr/call/plaincall/AjaxCheckService.setItemNumber.dwr HTTP/1.1" 200 78
180.157.251.101 - - [20/Jul/2020:08:54:45 +0800] "POST /xingrg/dwr/call/plaincall/AjaxCheckService.setItemNumber.dwr HTTP/1.1" 200 78
116.230.146.118 - - [20/Jul/2020:08:54:45 +0800] "POST /xingrg/dwr/call/plaincall/AjaxCheckService.setItemNumber.dwr HTTP/1.1" 200 78
116.230.146.118 - - [20/Jul/2020:08:54:46 +0800] "POST /xingrg/dwr/call/plaincall/AjaxCheckService.setItemNumber.dwr HTTP/1.1" 200 78
116.230.146.118 - - [20/Jul/2020:08:54:47 +0800] "POST /xingrg/dwr/call/plaincall/AjaxCheckService.setItemNumber.dwr HTTP/1.1" 200 78
180.175.214.200 - - [20/Jul/2020:08:54:47 +0800] "GET /xingrg/check_reg.html?_=1595206693785 HTTP/1.1" 200 22
180.175.214.200 - - [20/Jul/2020:08:54:47 +0800] "GET /xingrg/all/function/internal_message.html?_=1595206693919&CODE_STATE=getMsg HTTP/1.1" 200 27
172.17.0.101 - - [20/Jul/2020:08:54:47 +0800] "POST /xingrg/dwr/call/plaincall/AjaxCheckService.setItemNumber.dwr HTTP/1.1" 200 77
116.230.146.118 - - [20/Jul/2020:08:54:47 +0800] "POST /xingrg/dwr/call/plaincall/AjaxCheckService.setItemNumber.dwr HTTP/1.1" 200 78
180.157.251.101 - - [20/Jul/2020:08:54:48 +0800] "POST /xingrg/dwr/call/plaincall/AjaxCheckService.setItemNumber.dwr HTTP/1.1" 200 78
172.17.0.101 - - [20/Jul/2020:08:54:48 +0800] "POST /xingrg/dwr/call/plaincall/AjaxCheckService.setItemNumber.dwr HTTP/1.1" 200 78
172.17.0.101 - - [20/Jul/2020:08:54:49 +0800] "POST /xingrg/dwr/call/plaincall/AjaxCheckService.setItemNumber.dwr HTTP/1.1" 200 78
180.157.251.101 - - [20/Jul/2020:08:54:50 +0800] "POST /xingrg/dwr/call/plaincall/AjaxCheckService.setItemNumber.dwr HTTP/1.1" 200 78
172.17.0.101 - - [20/Jul/2020:08:54:50 +0800] "POST /xingrg/dwr/call/plaincall/AjaxCheckService.setItemNumber.dwr HTTP/1.1" 200 78
180.157.251.101 - - [20/Jul/2020:08:54:51 +0800] "POST /xingrg/dwr/call/plaincall/AjaxCheckService.setItemNumber.dwr HTTP/1.1" 200 78
172.17.0.101 - - [20/Jul/2020:08:54:51 +0800] "POST /xingrg/dwr/call/plaincall/AjaxCheckService.setItemNumber.dwr HTTP/1.1" 200 78
180.157.251.101 - - [20/Jul/2020:08:54:51 +0800] "POST /xingrg/dwr/call/plaincall/AjaxCheckService.setItemNumber.dwr HTTP/1.1" 200 78
172.17.0.101 - - [20/Jul/2020:08:54:52 +0800] "POST /xingrg/dwr/call/plaincall/AjaxCheckService.setItemNumber.dwr HTTP/1.1" 200 78
172.17.0.101 - - [20/Jul/2020:08:54:53 +0800] "POST /xingrg/dwr/call/plaincall/AjaxCheckService.setItemNumber.dwr HTTP/1.1" 200 78
116.230.146.118 - - [20/Jul/2020:08:54:54 +0800] "POST /xingrg/dwr/call/plaincall/AjaxCheckService.setItemNumber.dwr HTTP/1.1" 200 78
114.88.161.57 - - [20/Jul/2020:08:54:55 +0800] "GET /xingrg/all/function/internal_message.html?_=1595206516318&CODE_STATE=getMsg HTTP/1.1" 200 27
116.230.146.118 - - [20/Jul/2020:08:54:55 +0800] "GET /xingrg/all/function/internal_message.html?_=1595206493262&CODE_STATE=getMsg HTTP/1.1" 200 27
116.230.146.118 - - [20/Jul/2020:08:54:55 +0800] "POST /xingrg/dwr/call/plaincall/AjaxCheckService.setItemNumber.dwr HTTP/1.1" 200 78
116.230.146.118 - - [20/Jul/2020:08:54:56 +0800] "POST /xingrg/dwr/call/plaincall/AjaxCheckService.setItemNumber.dwr HTTP/1.1" 200 78
172.17.0.101 - - [20/Jul/2020:08:54:56 +0800] "POST /xingrg/dwr/call/plaincall/AjaxCheckService.setItemNumber.dwr HTTP/1.1" 200 78
114.88.161.57 - - [20/Jul/2020:08:54:56 +0800] "GET /xingrg/kc/buy/cgsh_order_operate.html?command=get_materiel&rest_code=00111&code=00101015070&supplier_code=00100005&order_time=2020-07-20 HTTP/1.1" 200 412
116.230.146.118 - - [20/Jul/2020:08:54:56 +0800] "POST /xingrg/dwr/call/plaincall/AjaxCheckService.setItemNumber.dwr HTTP/1.1" 200 78
61.172.5.115 - - [20/Jul/2020:08:54:57 +0800] "GET /xingrg/kc/buy/cgsh_order_operate.html?command=get_materiel&rest_code=00105&code=00101020153&supplier_code=00100034&order_time=2020-07-20 HTTP/1.1" 200 408
172.17.0.101 - - [20/Jul/2020:08:54:57 +0800] "POST /xingrg/dwr/call/plaincall/AjaxCheckService.setItemNumber.dwr HTTP/1.1" 200 78
116.230.146.118 - - [20/Jul/2020:08:54:58 +0800] "POST /xingrg/dwr/call/plaincall/AjaxCheckService.setItemNumber.dwr HTTP/1.1" 200 78
172.17.0.101 - - [20/Jul/2020:08:54:58 +0800] "POST /xingrg/dwr/call/plaincall/AjaxCheckService.setItemNumber.dwr HTTP/1.1" 200 78
180.175.214.200 - - [20/Jul/2020:08:54:58 +0800] "GET /xingrg/kc/buy/cgsh_order_operate.html?command=get_materiel&rest_code=00102&code=00101008357&supplier_code=00100008&order_time=2020-07-20 HTTP/1.1" 200 408
114.88.161.57 - - [20/Jul/2020:08:54:58 +0800] "POST /xingrg/kc/buy/cgsh_order_operate.html HTTP/1.1" 200 2065
116.230.146.118 - - [20/Jul/2020:08:54:59 +0800] "POST /xingrg/dwr/call/plaincall/AjaxCheckService.setItemNumber.dwr HTTP/1.1" 200 78
180.157.251.101 - - [20/Jul/2020:08:54:59 +0800] "POST /xingrg/dwr/call/plaincall/AjaxCheckService.setItemNumber.dwr HTTP/1.1" 200 78
120.253.135.82 - - [20/Jul/2020:08:54:59 +0800] "GET /xingrg/all/function/internal_message.html?_=1595206253643&CODE_STATE=getMsg HTTP/1.1" 200 27
116.230.146.118 - - [20/Jul/2020:08:54:59 +0800] "POST /xingrg/dwr/call/plaincall/AjaxCheckService.setItemNumber.dwr HTTP/1.1" 200 78
172.17.0.101 - - [20/Jul/2020:08:54:59 +0800] "POST /xingrg/dwr/call/plaincall/AjaxCheckService.setItemNumber.dwr HTTP/1.1" 200 78
172.17.0.101 - - [20/Jul/2020:08:55:01 +0800] "POST /xingrg/dwr/call/plaincall/AjaxCheckService.setItemNumber.dwr HTTP/1.1" 200 78
116.230.146.118 - - [20/Jul/2020:08:55:02 +0800] "POST /xingrg/dwr/call/plaincall/AjaxCheckService.setItemNumber.dwr HTTP/1.1" 200 78
172.17.0.101 - - [20/Jul/2020:08:55:02 +0800] "POST /xingrg/dwr/call/plaincall/AjaxCheckService.setItemNumber.dwr HTTP/1.1" 200 78
114.88.161.57 - - [20/Jul/2020:08:55:03 +0800] "GET /xingrg/kc/buy/cgsh_order_operate.html?command=get_materiel&rest_code=00111&code=00101008092&supplier_code=00100005&order_time=2020-07-20 HTTP/1.1" 200 412
172.17.0.101 - - [20/Jul/2020:08:55:03 +0800] "POST /xingrg/dwr/call/plaincall/AjaxCheckService.setItemNumber.dwr HTTP/1.1" 200 78
117.131.5.26 - - [20/Jul/2020:08:55:03 +0800] "GET /xingrg/all/function/internal_message.html?_=1595206875982&CODE_STATE=getMsg HTTP/1.1" 200 27
117.131.5.26 - - [20/Jul/2020:08:55:03 +0800] "GET /xingrg/check_reg.html?_=1595206875983 HTTP/1.1" 200 22
180.157.251.101 - - [20/Jul/2020:08:55:03 +0800] "POST /xingrg/dwr/call/plaincall/AjaxCheckService.setItemNumber.dwr HTTP/1.1" 200 78
172.17.0.101 - - [20/Jul/2020:08:55:04 +0800] "POST /xingrg/dwr/call/plaincall/AjaxCheckService.setItemNumber.dwr HTTP/1.1" 200 78
172.17.0.101 - - [20/Jul/2020:08:55:05 +0800] "POST /xingrg/dwr/call/plaincall/AjaxCheckService.setItemNumber.dwr HTTP/1.1" 200 78
172.17.200.101 - - [20/Jul/2020:08:55:05 +0800] "GET /xingrg/all/function/internal_message.html?_=1595206505723&CODE_STATE=getMsg HTTP/1.1" 200 27
180.175.214.200 - - [20/Jul/2020:08:55:05 +0800] "GET /xingrg/kc/buy/cgsh_order_operate.html?command=get_materiel&rest_code=00102&code=00101008230&supplier_code=00100008&order_time=2020-07-20 HTTP/1.1" 200 408
180.157.251.101 - - [20/Jul/2020:08:55:06 +0800] "POST /xingrg/dwr/call/plaincall/AjaxCheckService.setItemNumber.dwr HTTP/1.1" 200 78
172.17.0.101 - - [20/Jul/2020:08:55:06 +0800] "POST /xingrg/dwr/call/plaincall/AjaxCheckService.setItemNumber.dwr HTTP/1.1" 200 78
180.157.251.101 - - [20/Jul/2020:08:55:07 +0800] "POST /xingrg/dwr/call/plaincall/AjaxCheckService.setItemNumber.dwr HTTP/1.1" 200 78
58.37.224.159 - - [20/Jul/2020:08:55:07 +0800] "GET /xingrg/all/function/internal_message.html?_=1595206173457&CODE_STATE=getMsg HTTP/1.1" 200 27
116.230.146.118 - - [20/Jul/2020:08:55:07 +0800] "POST /xingrg/dwr/call/plaincall/AjaxCheckService.setItemNumber.dwr HTTP/1.1" 200 78
180.157.251.101 - - [20/Jul/2020:08:55:07 +0800] "POST /xingrg/dwr/call/plaincall/AjaxCheckService.setItemNumber.dwr HTTP/1.1" 200 78
116.230.146.118 - - [20/Jul/2020:08:55:08 +0800] "POST /xingrg/dwr/call/plaincall/AjaxCheckService.setItemNumber.dwr HTTP/1.1" 200 78
180.157.251.101 - - [20/Jul/2020:08:55:08 +0800] "POST /xingrg/dwr/call/plaincall/AjaxCheckService.setItemNumber.dwr HTTP/1.1" 200 78
114.88.161.57 - - [20/Jul/2020:08:55:09 +0800] "GET /xingrg/kc/buy/cgsh_order_operate.html?command=get_materiel&rest_code=00111&code=00101008213&supplier_code=00100005&order_time=2020-07-20 HTTP/1.1" 200 412
116.230.146.118 - - [20/Jul/2020:08:55:09 +0800] "POST /xingrg/dwr/call/plaincall/AjaxCheckService.setItemNumber.dwr HTTP/1.1" 200 78
180.157.251.101 - - [20/Jul/2020:08:55:09 +0800] "POST /xingrg/dwr/call/plaincall/AjaxCheckService.setItemNumber.dwr HTTP/1.1" 200 78
172.17.0.101 - - [20/Jul/2020:08:55:09 +0800] "POST /xingrg/dwr/call/plaincall/AjaxCheckService.setItemNumber.dwr HTTP/1.1" 200 78
116.230.146.118 - - [20/Jul/2020:08:55:10 +0800] "POST /xingrg/dwr/call/plaincall/AjaxCheckService.setItemNumber.dwr HTTP/1.1" 200 78
116.230.146.118 - - [20/Jul/2020:08:55:10 +0800] "POST /xingrg/dwr/call/plaincall/AjaxCheckService.setItemNumber.dwr HTTP/1.1" 200 78
116.230.146.118 - - [20/Jul/2020:08:55:11 +0800] "POST /xingrg/dwr/call/plaincall/AjaxCheckService.setItemNumber.dwr HTTP/1.1" 200 78
58.40.7.146 - - [20/Jul/2020:08:55:12 +0800] "GET /xingrg/check_reg.html?_=1595206512067 HTTP/1.1" 200 22
116.230.146.118 - - [20/Jul/2020:08:55:13 +0800] "POST /xingrg/dwr/call/plaincall/AjaxCheckService.setItemNumber.dwr HTTP/1.1" 200 78
172.17.0.101 - - [20/Jul/2020:08:55:13 +0800] "POST /xingrg/dwr/call/plaincall/AjaxCheckService.setItemNumber.dwr HTTP/1.1" 200 78
116.230.146.118 - - [20/Jul/2020:08:55:13 +0800] "POST /xingrg/dwr/call/plaincall/AjaxCheckService.setItemNumber.dwr HTTP/1.1" 200 78
180.175.214.200 - - [20/Jul/2020:08:55:14 +0800] "GET /xingrg/kc/buy/cgsh_order_operate.html?command=get_materiel&rest_code=00102&code=00101008069&supplier_code=00100008&order_time=2020-07-20 HTTP/1.1" 200 431
172.17.0.101 - - [20/Jul/2020:08:55:14 +0800] "POST /xingrg/dwr/call/plaincall/AjaxCheckService.setItemNumber.dwr HTTP/1.1" 200 78
116.230.146.118 - - [20/Jul/2020:08:55:15 +0800] "POST /xingrg/dwr/call/plaincall/AjaxCheckService.setItemNumber.dwr HTTP/1.1" 200 78
114.88.161.57 - - [20/Jul/2020:08:55:15 +0800] "GET /xingrg/kc/buy/cgsh_order_operate.html?command=get_materiel&rest_code=00111&code=00101008244&supplier_code=00100005&order_time=2020-07-20 HTTP/1.1" 200 430
172.17.0.101 - - [20/Jul/2020:08:55:15 +0800] "POST /xingrg/dwr/call/plaincall/AjaxCheckService.setItemNumber.dwr HTTP/1.1" 200 78
124.77.243.181 - - [20/Jul/2020:08:55:15 +0800] "GET /xingrg/check_reg.html?_=1595206516950 HTTP/1.1" 200 22
116.230.146.118 - - [20/Jul/2020:08:55:15 +0800] "POST /xingrg/dwr/call/plaincall/AjaxCheckService.setItemNumber.dwr HTTP/1.1" 200 78
116.230.146.118 - - [20/Jul/2020:08:55:17 +0800] "POST /xingrg/dwr/call/plaincall/AjaxCheckService.setItemNumber.dwr HTTP/1.1" 200 78
116.230.146.118 - - [20/Jul/2020:08:55:17 +0800] "POST /xingrg/dwr/call/plaincall/AjaxCheckService.setItemNumber.dwr HTTP/1.1" 200 78
61.172.5.115 - - [20/Jul/2020:08:55:18 +0800] "GET /xingrg/all/function/internal_message.html?_=1595206515780&CODE_STATE=getMsg HTTP/1.1" 200 27
116.230.146.118 - - [20/Jul/2020:08:55:18 +0800] "POST /xingrg/dwr/call/plaincall/AjaxCheckService.setItemNumber.dwr HTTP/1.1" 200 78
116.230.146.118 - - [20/Jul/2020:08:55:20 +0800] "POST /xingrg/dwr/call/plaincall/AjaxCheckService.setItemNumber.dwr HTTP/1.1" 200 78
180.157.251.101 - - [20/Jul/2020:08:55:20 +0800] "POST /xingrg/dwr/call/plaincall/AjaxCheckService.setItemNumber.dwr HTTP/1.1" 200 78
172.17.0.101 - - [20/Jul/2020:08:55:20 +0800] "GET /xingrg/all/function/internal_message.html?_=1595206522004&CODE_STATE=getMsg HTTP/1.1" 200 27
116.230.146.118 - - [20/Jul/2020:08:55:20 +0800] "POST /xingrg/dwr/call/plaincall/AjaxCheckService.setItemNumber.dwr HTTP/1.1" 200 78
116.230.146.118 - - [20/Jul/2020:08:55:21 +0800] "POST /xingrg/dwr/call/plaincall/AjaxCheckService.setItemNumber.dwr HTTP/1.1" 200 78
124.77.243.181 - - [20/Jul/2020:08:55:22 +0800] "GET /xingrg/all/function/internal_message.html?_=1595206523252&CODE_STATE=getMsg HTTP/1.1" 200 27
116.230.146.118 - - [20/Jul/2020:08:55:23 +0800] "POST /xingrg/dwr/call/plaincall/AjaxCheckService.setItemNumber.dwr HTTP/1.1" 200 78
114.89.80.44 - - [20/Jul/2020:08:55:23 +0800] "GET /xingrg/all/function/internal_message.html?_=1595206520965&CODE_STATE=getMsg HTTP/1.1" 200 27
180.175.214.200 - - [20/Jul/2020:08:55:23 +0800] "GET /xingrg/kc/buy/cgsh_order_operate.html?command=get_materiel&rest_code=00102&code=00101008286&supplier_code=00100008&order_time=2020-07-20 HTTP/1.1" 200 427
180.157.251.101 - - [20/Jul/2020:08:55:25 +0800] "POST /xingrg/dwr/call/plaincall/AjaxCheckService.checkOrder.dwr HTTP/1.1" 200 80
116.230.146.118 - - [20/Jul/2020:08:55:25 +0800] "POST /xingrg/dwr/call/plaincall/AjaxCheckService.setItemNumber.dwr HTTP/1.1" 200 78
116.230.146.118 - - [20/Jul/2020:08:55:25 +0800] "POST /xingrg/dwr/call/plaincall/AjaxCheckService.setItemNumber.dwr HTTP/1.1" 200 78
116.230.146.118 - - [20/Jul/2020:08:55:25 +0800] "POST /xingrg/dwr/call/plaincall/AjaxCheckService.setItemNumber.dwr HTTP/1.1" 200 78
116.230.146.118 - - [20/Jul/2020:08:55:25 +0800] "POST /xingrg/dwr/call/plaincall/AjaxCheckService.setItemNumber.dwr HTTP/1.1" 200 78
116.230.146.118 - - [20/Jul/2020:08:55:26 +0800] "POST /xingrg/dwr/call/plaincall/AjaxCheckService.setItemNumber.dwr HTTP/1.1" 200 78
114.88.161.57 - - [20/Jul/2020:08:55:26 +0800] "GET /xingrg/kc/buy/cgsh_order_operate.html?command=get_materiel&rest_code=00111&code=00101008101&supplier_code=00100005&order_time=2020-07-20 HTTP/1.1" 200 412
116.230.146.118 - - [20/Jul/2020:08:55:27 +0800] "POST /xingrg/dwr/call/plaincall/AjaxCheckService.setItemNumber.dwr HTTP/1.1" 200 78
172.17.0.101 - - [20/Jul/2020:08:55:27 +0800] "POST /xingrg/dwr/call/plaincall/AjaxCheckService.setItemNumber.dwr HTTP/1.1" 200 78
172.17.0.101 - - [20/Jul/2020:08:55:27 +0800] "POST /xingrg/dwr/call/plaincall/AjaxCheckService.setItemNumber.dwr HTTP/1.1" 200 78
116.230.146.118 - - [20/Jul/2020:08:55:28 +0800] "POST /xingrg/dwr/call/plaincall/AjaxCheckService.setItemNumber.dwr HTTP/1.1" 200 78
61.151.179.84 - - [20/Jul/2020:08:55:28 +0800] "GET /xingrg/all/function/internal_message.html?_=1595206469262&CODE_STATE=getMsg HTTP/1.1" 302 -
58.37.224.159 - - [20/Jul/2020:08:55:28 +0800] "GET /xingrg/all/function/internal_message.html?_=1595206529261&CODE_STATE=getMsg HTTP/1.1" 200 27
114.88.161.57 - - [20/Jul/2020:08:55:28 +0800] "GET /xingrg/all/function/internal_message.html?_=1595206527564&CODE_STATE=getMsg HTTP/1.1" 200 27
116.230.146.118 - - [20/Jul/2020:08:55:28 +0800] "POST /xingrg/dwr/call/plaincall/AjaxCheckService.setItemNumber.dwr HTTP/1.1" 200 78
61.151.179.84 - - [20/Jul/2020:08:55:28 +0800] "GET /xingrg/login.html HTTP/1.1" 200 7641
61.172.5.115 - - [20/Jul/2020:08:55:29 +0800] "GET /xingrg/kc/buy/cgsh_order_operate.html?command=get_materiel&rest_code=00105&code=00101016030&supplier_code=00100034&order_time=2020-07-20 HTTP/1.1" 200 414
172.17.0.101 - - [20/Jul/2020:08:55:29 +0800] "POST /xingrg/dwr/call/plaincall/AjaxCheckService.setItemNumber.dwr HTTP/1.1" 200 78
116.230.146.118 - - [20/Jul/2020:08:55:29 +0800] "POST /xingrg/dwr/call/plaincall/AjaxCheckService.setItemNumber.dwr HTTP/1.1" 200 78
180.175.214.200 - - [20/Jul/2020:08:55:30 +0800] "GET /xingrg/kc/buy/cgsh_order_operate.html?command=get_materiel&rest_code=00102&code=00101008131&supplier_code=00100008&order_time=2020-07-20 HTTP/1.1" 200 408
116.230.146.118 - - [20/Jul/2020:08:55:30 +0800] "POST /xingrg/dwr/call/plaincall/AjaxCheckService.setItemNumber.dwr HTTP/1.1" 200 78
116.230.146.118 - - [20/Jul/2020:08:55:31 +0800] "POST /xingrg/dwr/call/plaincall/AjaxCheckService.setItemNumber.dwr HTTP/1.1" 200 78
114.88.161.57 - - [20/Jul/2020:08:55:31 +0800] "GET /xingrg/kc/buy/cgsh_order_operate.html?command=get_materiel&rest_code=00111&code=00101008010&supplier_code=00100005&order_time=2020-07-20 HTTP/1.1" 200 412
116.230.146.118 - - [20/Jul/2020:08:55:32 +0800] "POST /xingrg/dwr/call/plaincall/AjaxCheckService.setItemNumber.dwr HTTP/1.1" 200 78
172.17.0.101 - - [20/Jul/2020:08:55:32 +0800] "POST /xingrg/dwr/call/plaincall/AjaxCheckService.setItemNumber.dwr HTTP/1.1" 200 78
114.88.161.57 - - [20/Jul/2020:08:55:33 +0800] "POST /xingrg/kc/buy/cgsh_order_operate.html HTTP/1.1" 200 2065
